117.185.32.26 - - [16/Jun/2021:11:08:57 +0800] "POST /xingrg/kc/base/wldb_order_operate.html HTTP/1.1" 200 4728
116.230.110.80 - - [16/Jun/2021:11:08:57 +0800] "GET /xingrg/all/function/internal_message.html?_=1623812903218&CODE_STATE=getMsg HTTP/1.1" 200 27
101.85.94.178 - - [16/Jun/2021:11:08:58 +0800] "GET /xingrg/all/function/internal_message.html?_=1623812387858&CODE_STATE=getMsg HTTP/1.1" 200 27
117.185.32.26 - - [16/Jun/2021:11:08:59 +0800] "GET /xingrg/all/function/internal_message.html?_=1623813465020&CODE_STATE=getMsg HTTP/1.1" 200 27
117.185.32.26 - - [16/Jun/2021:11:08:59 +0800] "GET /xingrg/kc/base/base_main.html HTTP/1.1" 200 12142
117.185.32.26 - - [16/Jun/2021:11:08:59 +0800] "GET /xingrg/check_reg.html?_=1623813465441 HTTP/1.1" 200 22
117.185.32.26 - - [16/Jun/2021:11:09:00 +0800] "GET /xingrg/kc/base/wldb_order_list.html HTTP/1.1" 200 19061
117.185.32.26 - - [16/Jun/2021:11:09:01 +0800] "POST /xingrg/kc/base/wldb_list_operate.html HTTP/1.1" 200 2952
117.185.32.26 - - [16/Jun/2021:11:09:03 +0800] "POST /xingrg/kc/base/wldb_list_operate.html HTTP/1.1" 200 615
117.185.32.26 - - [16/Jun/2021:11:09:03 +0800] "GET /xingrg/kc/base/wldb_order_info.html?code=422021061601763 HTTP/1.1" 200 30283
180.169.147.146 - - [16/Jun/2021:11:09:03 +0800] "GET /xingrg/all/function/internal_message.html?_=1623812943873&CODE_STATE=getMsg HTTP/1.1" 200 27
117.185.32.26 - - [16/Jun/2021:11:09:04 +0800] "GET /xingrg/javascript/easyui/themes/default/validatebox.css HTTP/1.1" 404 1104
117.185.32.26 - - [16/Jun/2021:11:09:04 +0800] "POST /xingrg/kc/base/wldb_order_operate.html HTTP/1.1" 200 4658
116.230.110.80 - - [16/Jun/2021:11:09:04 +0800] "GET /xingrg/kc/buy/cgsh_order_operate.html?command=get_materiel&rest_code=00155&code=00101004059&supplier_code=00100312&order_time=2021-06-16 HTTP/1.1" 200 415
61.165.42.208 - - [16/Jun/2021:11:09:05 +0800] "POST /xingrg/services/DataTransmitService HTTP/1.1" 200 524
61.165.42.208 - - [16/Jun/2021:11:09:05 +0800] "POST /xingrg/services/DataTransmitService HTTP/1.1" 200 501
114.86.187.76 - - [16/Jun/2021:11:09:09 +0800] "GET /xingrg/all/function/internal_message.html?_=1623812952154&CODE_STATE=getMsg HTTP/1.1" 200 27
180.169.147.146 - - [16/Jun/2021:11:09:13 +0800] "GET /xingrg/all/function/internal_message.html?_=1623812950481&CODE_STATE=getMsg HTTP/1.1" 200 27
222.69.128.91 - - [16/Jun/2021:11:09:13 +0800] "GET /xingrg/all/function/internal_message.html?_=1623812948040&CODE_STATE=getMsg HTTP/1.1" 200 27
117.185.32.26 - - [16/Jun/2021:11:09:17 +0800] "GET /xingrg/kc/base/wldb_order_operate.html?command=get_materiel&rest_code=00106&base_code=0010396&code=00101027001 HTTP/1.1" 200 469
116.230.110.80 - - [16/Jun/2021:11:09:17 +0800] "GET /xingrg/kc/buy/cgsh_order_operate.html?command=get_materiel&rest_code=00155&code=00101004071&supplier_code=00100312&order_time=2021-06-16 HTTP/1.1" 200 409
58.221.95.50 - - [16/Jun/2021:11:09:19 +0800] "GET /xingrg/check_reg.html?_=1623812955532 HTTP/1.1" 302 -
180.161.111.4 - - [16/Jun/2021:11:09:21 +0800] "GET /xingrg/all/function/internal_message.html?_=1623812957915&CODE_STATE=getMsg HTTP/1.1" 200 27
116.235.222.38 - - [16/Jun/2021:11:09:28 +0800] "GET /xingrg/all/function/internal_message.html?_=1623812961898&CODE_STATE=getMsg HTTP/1.1" 200 27
116.230.110.80 - - [16/Jun/2021:11:09:29 +0800] "GET /xingrg/kc/buy/cgsh_order_operate.html?command=get_materiel&rest_code=00155&code=00101005072&supplier_code=00100312&order_time=2021-06-16 HTTP/1.1" 200 405
61.165.42.208 - - [16/Jun/2021:11:09:31 +0800] "GET /xingrg/all/function/internal_message.html?_=1623812969346&CODE_STATE=getMsg HTTP/1.1" 200 27
116.224.253.72 - - [16/Jun/2021:11:09:34 +0800] "GET /xingrg/check_reg.html?_=1623812970520 HTTP/1.1" 200 22
116.224.253.72 - - [16/Jun/2021:11:09:34 +0800] "GET /xingrg/all/function/internal_message.html?_=1623812970523&CODE_STATE=getMsg HTTP/1.1" 200 27
116.224.253.72 - - [16/Jun/2021:11:09:35 +0800] "GET /xingrg/all/function/internal_message.html?_=1623812961586&CODE_STATE=getMsg HTTP/1.1" 200 27
117.185.32.26 - - [16/Jun/2021:11:09:36 +0800] "GET /xingrg/kc/base/wldb_order_operate.html?command=get_materiel&rest_code=00106&base_code=0010396&code=00101019183 HTTP/1.1" 200 435
114.86.225.49 - - [16/Jun/2021:11:09:37 +0800] "GET /xingrg/all/function/internal_message.html?_=1623812974980&CODE_STATE=getMsg HTTP/1.1" 200 27
180.169.147.146 - - [16/Jun/2021:11:09:39 +0800] "GET /xingrg/all/function/internal_message.html?_=1623812975559&CODE_STATE=getMsg HTTP/1.1" 200 27
114.86.187.76 - - [16/Jun/2021:11:09:41 +0800] "POST /xingrg/kc/buy/cgsh_order_operate.html HTTP/1.1" 200 37
114.86.187.76 - - [16/Jun/2021:11:09:42 +0800] "POST /xingrg/kc/buy/cgsh_order_operate.html HTTP/1.1" 200 3239
180.169.147.146 - - [16/Jun/2021:11:09:43 +0800] "GET /xingrg/check_reg.html?_=1623812979699 HTTP/1.1" 200 22
180.169.147.146 - - [16/Jun/2021:11:09:43 +0800] "GET /xingrg/all/function/internal_message.html?_=1623812979702&CODE_STATE=getMsg HTTP/1.1" 200 27
117.184.7.26 - - [16/Jun/2021:11:09:44 +0800] "GET /xingrg/all/function/internal_message.html?_=1623812975733&CODE_STATE=getMsg HTTP/1.1" 200 27
116.230.110.80 - - [16/Jun/2021:11:09:48 +0800] "POST /xingrg/kc/buy/cgsh_order_operate.html HTTP/1.1" 200 37
116.230.110.80 - - [16/Jun/2021:11:09:49 +0800] "POST /xingrg/kc/buy/cgsh_order_operate.html HTTP/1.1" 200 5042
116.230.117.165 - - [16/Jun/2021:11:09:49 +0800] "GET /xingrg/all/function/internal_message.html?_=1623812996400&CODE_STATE=getMsg HTTP/1.1" 200 27
116.230.110.80 - - [16/Jun/2021:11:09:50 +0800] "GET /xingrg/kc/print/load_data.html?order_code=212021061607381&kc_code=cgsh&condition= HTTP/1.1" 200 1594
117.185.32.26 - - [16/Jun/2021:11:09:50 +0800] "POST /xingrg/kc/base/wldb_order_operate.html HTTP/1.1" 200 37
117.185.32.26 - - [16/Jun/2021:11:09:50 +0800] "POST /xingrg/kc/base/wldb_order_operate.html HTTP/1.1" 200 6142
117.185.32.26 - - [16/Jun/2021:11:09:51 +0800] "GET /xingrg/kc/base/wldb_order_info.html?code=422021061601763 HTTP/1.1" 200 30284
117.185.32.26 - - [16/Jun/2021:11:09:51 +0800] "GET /xingrg/javascript/easyui/themes/default/validatebox.css HTTP/1.1" 404 1104
117.185.32.26 - - [16/Jun/2021:11:09:52 +0800] "POST /xingrg/kc/base/wldb_order_operate.html HTTP/1.1" 200 6142
180.169.147.146 - - [16/Jun/2021:11:09:55 +0800] "GET /xingrg/all/function/internal_message.html?_=1623812992598&CODE_STATE=getMsg HTTP/1.1" 200 27
114.86.187.76 - - [16/Jun/2021:11:09:56 +0800] "GET /xingrg/kc/buy/cgsh_order_add.html HTTP/1.1" 200 62466
114.86.187.76 - - [16/Jun/2021:11:09:56 +0800] "POST /xingrg/kc/buy/cgsh_order_operate.html HTTP/1.1" 200 8245
114.86.187.76 - - [16/Jun/2021:11:09:56 +0800] "GET /xingrg/javascript/easyui/themes/default/validatebox.css HTTP/1.1" 404 1104
116.230.110.80 - - [16/Jun/2021:11:09:57 +0800] "GET /xingrg/kc/buy/cgsh_order_add.html HTTP/1.1" 200 62434
116.230.110.80 - - [16/Jun/2021:11:09:57 +0800] "GET /xingrg/all/function/internal_message.html?_=1623812963228&CODE_STATE=getMsg HTTP/1.1" 200 27
116.230.110.80 - - [16/Jun/2021:11:09:57 +0800] "GET /xingrg/words/20210616105433_words.js HTTP/1.1" 304 -
116.230.110.80 - - [16/Jun/2021:11:09:57 +0800] "POST /xingrg/kc/buy/cgsh_order_operate.html HTTP/1.1" 200 8245
116.230.110.80 - - [16/Jun/2021:11:09:57 +0800] "GET /xingrg/javascript/easyui/themes/default/validatebox.css HTTP/1.1" 404 1104
101.85.94.178 - - [16/Jun/2021:11:09:58 +0800] "GET /xingrg/all/function/internal_message.html?_=1623812447860&CODE_STATE=getMsg HTTP/1.1" 200 27
114.86.187.76 - - [16/Jun/2021:11:09:58 +0800] "GET /xingrg/check_reg.html?_=1623813001153 HTTP/1.1" 200 22
117.185.32.26 - - [16/Jun/2021:11:09:59 +0800] "GET /xingrg/all/function/internal_message.html?_=1623813525008&CODE_STATE=getMsg HTTP/1.1" 200 27
180.169.147.146 - - [16/Jun/2021:11:10:03 +0800] "GET /xingrg/all/function/internal_message.html?_=1623813003859&CODE_STATE=getMsg HTTP/1.1" 200 27
116.230.110.80 - - [16/Jun/2021:11:10:04 +0800] "GET /xingrg/kc/buy/cgsh_order_operate.html?command=get_materiel&rest_code=00155&code=00101001167&supplier_code=00100314&order_time=2021-06-16 HTTP/1.1" 200 411
114.86.187.76 - - [16/Jun/2021:11:10:09 +0800] "GET /xingrg/all/function/internal_message.html?_=1623813012143&CODE_STATE=getMsg HTTP/1.1" 200 27
114.86.187.76 - - [16/Jun/2021:11:10:11 +0800] "GET /xingrg/kc/buy/cgsh_order_operate.html?command=get_materiel&rest_code=00148&code=00101009050&supplier_code=00100022&order_time=2021-06-16 HTTP/1.1" 200 408
180.169.147.146 - - [16/Jun/2021:11:10:13 +0800] "GET /xingrg/all/function/internal_message.html?_=1623813010483&CODE_STATE=getMsg HTTP/1.1" 200 27
180.169.147.146 - - [16/Jun/2021:11:10:13 +0800] "GET /xingrg/check_reg.html?_=1623813010485 HTTP/1.1" 200 22
222.69.128.91 - - [16/Jun/2021:11:10:13 +0800] "GET /xingrg/all/function/internal_message.html?_=1623813008033&CODE_STATE=getMsg HTTP/1.1" 200 27
116.230.110.80 - - [16/Jun/2021:11:10:13 +0800] "POST /xingrg/kc/buy/cgsh_order_operate.html HTTP/1.1" 200 37
116.230.110.80 - - [16/Jun/2021:11:10:15 +0800] "POST /xingrg/kc/buy/cgsh_order_operate.html HTTP/1.1" 200 2658
116.230.110.80 - - [16/Jun/2021:11:10:16 +0800] "GET /xingrg/kc/print/load_data.html?order_code=212021061607382&kc_code=cgsh&condition= HTTP/1.1" 200 681
180.161.111.4 - - [16/Jun/2021:11:10:21 +0800] "GET /xingrg/all/function/internal_message.html?_=1623813017928&CODE_STATE=getMsg HTTP/1.1" 200 27
117.185.32.26 - - [16/Jun/2021:11:10:23 +0800] "GET /xingrg/kc/base/wldb_order_add.html HTTP/1.1" 200 30269
114.86.187.76 - - [16/Jun/2021:11:10:23 +0800] "GET /xingrg/kc/buy/cgsh_order_operate.html?command=get_materiel&rest_code=00148&code=00101009011&supplier_code=00100022&order_time=2021-06-16 HTTP/1.1" 200 416
117.185.32.26 - - [16/Jun/2021:11:10:23 +0800] "POST /xingrg/kc/base/wldb_order_operate.html HTTP/1.1" 200 6806
117.185.32.26 - - [16/Jun/2021:11:10:23 +0800] "GET /xingrg/javascript/easyui/themes/default/validatebox.css HTTP/1.1" 404 1104
117.185.32.26 - - [16/Jun/2021:11:10:25 +0800] "POST /xingrg/all/common/load_combo.html?type=base HTTP/1.1" 200 3142
116.224.253.72 - - [16/Jun/2021:11:10:26 +0800] "GET /xingrg/check_reg.html?_=1623813013383 HTTP/1.1" 200 22
116.235.222.38 - - [16/Jun/2021:11:10:28 +0800] "GET /xingrg/all/function/internal_message.html?_=1623813021889&CODE_STATE=getMsg HTTP/1.1" 200 27
116.235.222.38 - - [16/Jun/2021:11:10:29 +0800] "GET /xingrg/check_reg.html?_=1623813022679 HTTP/1.1" 200 22
117.185.32.26 - - [16/Jun/2021:11:10:30 +0800] "POST /xingrg/all/common/load_combo.html?type=base HTTP/1.1" 200 3142
61.165.42.208 - - [16/Jun/2021:11:10:31 +0800] "GET /xingrg/all/function/internal_message.html?_=1623813029347&CODE_STATE=getMsg HTTP/1.1" 200 27
116.224.253.72 - - [16/Jun/2021:11:10:34 +0800] "GET /xingrg/all/function/internal_message.html?_=1623813030510&CODE_STATE=getMsg HTTP/1.1" 200 27
116.224.253.72 - - [16/Jun/2021:11:10:35 +0800] "GET /xingrg/all/function/internal_message.html?_=1623813021587&CODE_STATE=getMsg HTTP/1.1" 200 27
114.86.225.49 - - [16/Jun/2021:11:10:37 +0800] "GET /xingrg/all/function/internal_message.html?_=1623813034983&CODE_STATE=getMsg HTTP/1.1" 200 27
114.86.225.49 - - [16/Jun/2021:11:10:37 +0800] "GET /xingrg/check_reg.html?_=1623813034983 HTTP/1.1" 200 22
180.169.147.146 - - [16/Jun/2021:11:10:39 +0800] "GET /xingrg/all/function/internal_message.html?_=1623813035560&CODE_STATE=getMsg HTTP/1.1" 200 27
117.185.32.26 - - [16/Jun/2021:11:10:40 +0800] "GET /xingrg/kc/base/wldb_order_operate.html?command=get_materiel&rest_code=00106&base_code=0010397&code=00102002448 HTTP/1.1" 200 426
180.169.147.146 - - [16/Jun/2021:11:10:43 +0800] "GET /xingrg/all/function/internal_message.html?_=1623813039701&CODE_STATE=getMsg HTTP/1.1" 200 27
117.184.7.26 - - [16/Jun/2021:11:10:44 +0800] "GET /xingrg/all/function/internal_message.html?_=1623813035733&CODE_STATE=getMsg HTTP/1.1" 200 27
116.230.117.165 - - [16/Jun/2021:11:10:49 +0800] "GET /xingrg/all/function/internal_message.html?_=1623813056523&CODE_STATE=getMsg HTTP/1.1" 200 27
117.185.32.26 - - [16/Jun/2021:11:10:51 +0800] "GET /xingrg/kc/base/wldb_order_operate.html?command=get_materiel&rest_code=00106&base_code=0010397&code=00102002204 HTTP/1.1" 200 434
114.86.187.76 - - [16/Jun/2021:11:10:54 +0800] "POST /xingrg/kc/buy/cgsh_order_operate.html HTTP/1.1" 200 37
114.86.187.76 - - [16/Jun/2021:11:10:55 +0800] "POST /xingrg/kc/buy/cgsh_order_operate.html HTTP/1.1" 200 3246
180.169.147.146 - - [16/Jun/2021:11:10:55 +0800] "GET /xingrg/check_reg.html?_=1623813052612 HTTP/1.1" 200 22
180.169.147.146 - - [16/Jun/2021:11:10:55 +0800] "GET /xingrg/all/function/internal_message.html?_=1623813052609&CODE_STATE=getMsg HTTP/1.1" 200 27
116.230.110.80 - - [16/Jun/2021:11:10:57 +0800] "GET /xingrg/all/function/internal_message.html?_=1623813023219&CODE_STATE=getMsg HTTP/1.1" 200 27
101.85.94.178 - - [16/Jun/2021:11:10:58 +0800] "GET /xingrg/all/function/internal_message.html?_=1623812507860&CODE_STATE=getMsg HTTP/1.1" 200 27
117.185.32.26 - - [16/Jun/2021:11:10:59 +0800] "GET /xingrg/all/function/internal_message.html?_=1623813584992&CODE_STATE=getMsg HTTP/1.1" 200 27
180.169.147.146 - - [16/Jun/2021:11:11:03 +0800] "GET /xingrg/all/function/internal_message.html?_=1623813063870&CODE_STATE=getMsg HTTP/1.1" 200 27
117.185.32.26 - - [16/Jun/2021:11:11:05 +0800] "GET /xingrg/kc/base/wldb_order_operate.html?command=get_materiel&rest_code=00106&base_code=0010397&code=00102002304 HTTP/1.1" 200 449
114.86.187.76 - - [16/Jun/2021:11:11:07 +0800] "GET /xingrg/kc/buy/cgsh_order_add.html HTTP/1.1" 200 62466
114.86.187.76 - - [16/Jun/2021:11:11:07 +0800] "POST /xingrg/kc/buy/cgsh_order_operate.html HTTP/1.1" 200 8245
114.86.187.76 - - [16/Jun/2021:11:11:07 +0800] "GET /xingrg/javascript/easyui/themes/default/validatebox.css HTTP/1.1" 404 1104
114.86.187.76 - - [16/Jun/2021:11:11:09 +0800] "GET /xingrg/all/function/internal_message.html?_=1623813072127&CODE_STATE=getMsg HTTP/1.1" 200 27
120.253.135.82 - - [16/Jun/2021:11:11:10 +0800] "GET /xingrg/check_reg.html?_=1623812849629 HTTP/1.1" 200 22
117.185.32.26 - - [16/Jun/2021:11:11:12 +0800] "POST /xingrg/kc/base/wldb_order_operate.html HTTP/1.1" 200 37
117.185.32.26 - - [16/Jun/2021:11:11:12 +0800] "POST /xingrg/kc/base/wldb_order_operate.html HTTP/1.1" 200 3172
117.185.32.26 - - [16/Jun/2021:11:11:13 +0800] "GET /xingrg/kc/base/wldb_order_info.html?code=422021061601769 HTTP/1.1" 200 30283
180.169.147.146 - - [16/Jun/2021:11:11:13 +0800] "GET /xingrg/all/function/internal_message.html?_=1623813070489&CODE_STATE=getMsg HTTP/1.1" 200 27
222.69.128.91 - - [16/Jun/2021:11:11:13 +0800] "GET /xingrg/all/function/internal_message.html?_=1623813068020&CODE_STATE=getMsg HTTP/1.1" 200 27
117.185.32.26 - - [16/Jun/2021:11:11:13 +0800] "GET /xingrg/javascript/easyui/themes/default/validatebox.css HTTP/1.1" 404 1104
117.185.32.26 - - [16/Jun/2021:11:11:13 +0800] "POST /xingrg/kc/base/wldb_order_operate.html HTTP/1.1" 200 3172
58.37.225.51 - - [16/Jun/2021:11:11:15 +0800] "GET /xingrg/check_reg.html?_=1623813008357 HTTP/1.1" 302 -
117.185.32.26 - - [16/Jun/2021:11:11:16 +0800] "GET /xingrg/kc/base/wldb_order_add.html HTTP/1.1" 200 30269
117.185.32.26 - - [16/Jun/2021:11:11:16 +0800] "GET /xingrg/words/20210616105433_words.js HTTP/1.1" 304 -
117.185.32.26 - - [16/Jun/2021:11:11:16 +0800] "POST /xingrg/kc/base/wldb_order_operate.html HTTP/1.1" 200 6806
117.185.32.26 - - [16/Jun/2021:11:11:16 +0800] "GET /xingrg/javascript/easyui/themes/default/validatebox.css HTTP/1.1" 404 1104
180.161.111.4 - - [16/Jun/2021:11:11:18 +0800] "GET /xingrg/check_reg.html?_=1623813075663 HTTP/1.1" 200 22
117.185.32.26 - - [16/Jun/2021:11:11:20 +0800] "POST /xingrg/all/common/load_combo.html?type=base HTTP/1.1" 200 3142
180.161.111.4 - - [16/Jun/2021:11:11:21 +0800] "GET /xingrg/all/function/internal_message.html?_=1623813078222&CODE_STATE=getMsg HTTP/1.1" 200 27
117.185.32.26 - - [16/Jun/2021:11:11:24 +0800] "POST /xingrg/all/common/load_combo.html?type=base HTTP/1.1" 200 3142
116.235.222.38 - - [16/Jun/2021:11:11:29 +0800] "GET /xingrg/all/function/internal_message.html?_=1623813081888&CODE_STATE=getMsg HTTP/1.1" 200 27
61.165.42.208 - - [16/Jun/2021:11:11:31 +0800] "GET /xingrg/all/function/internal_message.html?_=1623813089347&CODE_STATE=getMsg HTTP/1.1" 200 27
116.224.253.72 - - [16/Jun/2021:11:11:34 +0800] "GET /xingrg/all/function/internal_message.html?_=1623813090527&CODE_STATE=getMsg HTTP/1.1" 200 27
116.224.253.72 - - [16/Jun/2021:11:11:35 +0800] "GET /xingrg/all/function/internal_message.html?_=1623813081601&CODE_STATE=getMsg HTTP/1.1" 200 27
114.86.225.49 - - [16/Jun/2021:11:11:37 +0800] "GET /xingrg/all/function/internal_message.html?_=1623813094982&CODE_STATE=getMsg HTTP/1.1" 200 27
180.169.147.146 - - [16/Jun/2021:11:11:39 +0800] "GET /xingrg/all/function/internal_message.html?_=1623813095556&CODE_STATE=getMsg HTTP/1.1" 200 27
180.169.147.146 - - [16/Jun/2021:11:11:43 +0800] "GET /xingrg/all/function/internal_message.html?_=1623813099701&CODE_STATE=getMsg HTTP/1.1" 200 27
117.184.7.26 - - [16/Jun/2021:11:11:44 +0800] "GET /xingrg/check_reg.html?_=1623813095733 HTTP/1.1" 200 22
117.184.7.26 - - [16/Jun/2021:11:11:44 +0800] "GET /xingrg/all/function/internal_message.html?_=1623813095736&CODE_STATE=getMsg HTTP/1.1" 200 27
116.230.117.165 - - [16/Jun/2021:11:11:50 +0800] "GET /xingrg/all/function/internal_message.html?_=1623813116537&CODE_STATE=getMsg HTTP/1.1" 200 27
180.169.147.146 - - [16/Jun/2021:11:11:51 +0800] "GET /xingrg/kc/base/yddb_order_list.html HTTP/1.1" 200 16673
180.169.147.146 - - [16/Jun/2021:11:11:52 +0800] "POST /xingrg/kc/base/yddb_list_operate.html HTTP/1.1" 200 636
180.169.147.146 - - [16/Jun/2021:11:11:54 +0800] "POST /xingrg/kc/base/yddb_list_operate.html HTTP/1.1" 200 4364
180.169.147.146 - - [16/Jun/2021:11:11:55 +0800] "POST /xingrg/kc/base/yddb_list_operate.html HTTP/1.1" 200 207
180.169.147.146 - - [16/Jun/2021:11:11:55 +0800] "GET /xingrg/all/function/internal_message.html?_=1623813112605&CODE_STATE=getMsg HTTP/1.1" 200 27
180.169.147.146 - - [16/Jun/2021:11:11:56 +0800] "GET /xingrg/kc/base/yddb_order_info.html?code=482021061400140 HTTP/1.1" 200 31435
180.169.147.146 - - [16/Jun/2021:11:11:56 +0800] "GET /xingrg/dwr/interface/AjaxYddbService.js HTTP/1.1" 200 13201
180.169.147.146 - - [16/Jun/2021:11:11:56 +0800] "GET /xingrg/dwr/interface/AjaxComOrderService.js HTTP/1.1" 200 18264
180.169.147.146 - - [16/Jun/2021:11:11:56 +0800] "GET /xingrg/dwr/util.js HTTP/1.1" 304 -
180.169.147.146 - - [16/Jun/2021:11:11:57 +0800] "GET /xingrg/dwr/engine.js HTTP/1.1" 200 43631
180.169.147.146 - - [16/Jun/2021:11:11:57 +0800] "POST /xingrg/dwr/call/plaincall/AjaxYddbService.loadMaterielItems.dwr HTTP/1.1" 200 435
116.230.110.80 - - [16/Jun/2021:11:11:57 +0800] "GET /xingrg/check_reg.html?_=1623813083222 HTTP/1.1" 200 22
116.230.110.80 - - [16/Jun/2021:11:11:57 +0800] "GET /xingrg/all/function/internal_message.html?_=1623813083225&CODE_STATE=getMsg HTTP/1.1" 200 27
117.185.32.26 - - [16/Jun/2021:11:11:58 +0800] "GET /xingrg/kc/base/wldb_order_operate.html?command=get_materiel&rest_code=00106&base_code=0010397&code=00102001084 HTTP/1.1" 200 432
101.85.94.178 - - [16/Jun/2021:11:11:58 +0800] "GET /xingrg/all/function/internal_message.html?_=1623812567863&CODE_STATE=getMsg HTTP/1.1" 200 27
101.85.94.178 - - [16/Jun/2021:11:11:58 +0800] "GET /xingrg/check_reg.html?_=1623812567861 HTTP/1.1" 200 22
117.185.32.26 - - [16/Jun/2021:11:11:59 +0800] "GET /xingrg/all/function/internal_message.html?_=1623813644967&CODE_STATE=getMsg HTTP/1.1" 200 27
180.169.147.146 - - [16/Jun/2021:11:12:02 +0800] "POST /xingrg/dwr/call/plaincall/AjaxYddbService.saveOrder.dwr HTTP/1.1" 200 78
117.185.32.26 - - [16/Jun/2021:11:12:03 +0800] "POST /xingrg/kc/base/wldb_order_operate.html HTTP/1.1" 200 37
180.169.147.146 - - [16/Jun/2021:11:12:03 +0800] "GET /xingrg/all/function/internal_message.html?_=1623813123879&CODE_STATE=getMsg HTTP/1.1" 200 27
117.185.32.26 - - [16/Jun/2021:11:12:04 +0800] "POST /xingrg/kc/base/wldb_order_operate.html HTTP/1.1" 200 3145
117.185.32.26 - - [16/Jun/2021:11:12:05 +0800] "GET /xingrg/kc/base/wldb_order_info.html?code=422021061601770 HTTP/1.1" 200 30283
117.185.32.26 - - [16/Jun/2021:11:12:05 +0800] "GET /xingrg/javascript/easyui/themes/default/validatebox.css HTTP/1.1" 404 1104
180.169.147.146 - - [16/Jun/2021:11:12:05 +0800] "GET /xingrg/kc/base/yddb_order_report.html?fileType=servlets/html&code=482021061400140&reportName=ck_order_report&subName=yddb HTTP/1.1" 302 -
180.169.147.146 - - [16/Jun/2021:11:12:05 +0800] "GET /xingrg/servlets/html?sysBaseUrl=http%3A%2F%2F180.169.147.146%3A18081%2Fxingrg%2F&costTime=87×tamp=1623813125364 HTTP/1.1" 200 14777
180.169.147.146 - - [16/Jun/2021:11:12:05 +0800] "GET /xingrg/servlets/image?image=px HTTP/1.1" 200 807
180.169.147.146 - - [16/Jun/2021:11:12:05 +0800] "GET /favicon.ico HTTP/1.1" 404 -
117.185.32.26 - - [16/Jun/2021:11:12:05 +0800] "POST /xingrg/kc/base/wldb_order_operate.html HTTP/1.1" 200 3145
117.185.32.26 - - [16/Jun/2021:11:12:08 +0800] "GET /xingrg/kc/base/wldb_order_add.html HTTP/1.1" 200 30269
117.185.32.26 - - [16/Jun/2021:11:12:08 +0800] "POST /xingrg/kc/base/wldb_order_operate.html HTTP/1.1" 200 6806
117.185.32.26 - - [16/Jun/2021:11:12:08 +0800] "GET /xingrg/javascript/easyui/themes/default/validatebox.css HTTP/1.1" 404 1104
114.86.187.76 - - [16/Jun/2021:11:12:09 +0800] "GET /xingrg/all/function/internal_message.html?_=1623813132099&CODE_STATE=getMsg HTTP/1.1" 200 27
114.86.187.76 - - [16/Jun/2021:11:12:10 +0800] "GET /xingrg/kc/buy/cgsh_order_operate.html?command=get_materiel&rest_code=00148&code=00101001007&supplier_code=00100036&order_time=2021-06-16 HTTP/1.1" 200 412
180.169.147.146 - - [16/Jun/2021:11:12:13 +0800] "GET /xingrg/all/function/internal_message.html?_=1623813130480&CODE_STATE=getMsg HTTP/1.1" 200 27
222.69.128.91 - - [16/Jun/2021:11:12:13 +0800] "GET /xingrg/all/function/internal_message.html?_=1623813128002&CODE_STATE=getMsg HTTP/1.1" 200 27
222.69.128.91 - - [16/Jun/2021:11:12:13 +0800] "GET /xingrg/check_reg.html?_=1623813128293 HTTP/1.1" 200 22
180.161.111.4 - - [16/Jun/2021:11:12:21 +0800] "GET /xingrg/all/function/internal_message.html?_=1623813138518&CODE_STATE=getMsg HTTP/1.1" 200 27
180.169.147.146 - - [16/Jun/2021:11:12:21 +0800] "POST /xingrg/dwr/call/plaincall/AjaxYddbService.objCheckOrder.dwr HTTP/1.1" 200 78
180.169.147.146 - - [16/Jun/2021:11:12:22 +0800] "GET /xingrg/kc/base/yddb_order_info.html?code=482021061400140 HTTP/1.1" 200 31556
180.169.147.146 - - [16/Jun/2021:11:12:22 +0800] "GET /xingrg/dwr/interface/AjaxComOrderService.js HTTP/1.1" 200 18264
180.169.147.146 - - [16/Jun/2021:11:12:22 +0800] "GET /xingrg/dwr/interface/AjaxYddbService.js HTTP/1.1" 200 13201
180.169.147.146 - - [16/Jun/2021:11:12:22 +0800] "GET /xingrg/dwr/engine.js HTTP/1.1" 200 43631
180.169.147.146 - - [16/Jun/2021:11:12:22 +0800] "POST /xingrg/dwr/call/plaincall/AjaxYddbService.loadMaterielItems.dwr HTTP/1.1" 200 435
117.185.32.26 - - [16/Jun/2021:11:12:23 +0800] "POST /xingrg/all/common/load_combo.html?type=base HTTP/1.1" 200 3142
116.230.117.165 - - [16/Jun/2021:11:12:25 +0800] "GET /xingrg/check_reg.html?_=1623813142053 HTTP/1.1" 302 -
180.169.147.146 - - [16/Jun/2021:11:12:25 +0800] "GET /xingrg/kc/base/yddb_order_list.html?isBack=1 HTTP/1.1" 200 16673
180.169.147.146 - - [16/Jun/2021:11:12:26 +0800] "POST /xingrg/kc/base/yddb_list_operate.html HTTP/1.1" 200 636
180.169.147.146 - - [16/Jun/2021:11:12:27 +0800] "GET /xingrg/kc/buy/cgsh_order_list.html HTTP/1.1" 200 46734
117.185.32.26 - - [16/Jun/2021:11:12:27 +0800] "POST /xingrg/all/common/load_combo.html?type=base HTTP/1.1" 200 3142
180.169.147.146 - - [16/Jun/2021:11:12:28 +0800] "POST /xingrg/kc/buy/cgsh_list_operate.html HTTP/1.1" 200 876
116.235.222.38 - - [16/Jun/2021:11:12:28 +0800] "GET /xingrg/all/function/internal_message.html?_=1623813141875&CODE_STATE=getMsg HTTP/1.1" 200 27
61.165.42.208 - - [16/Jun/2021:11:12:31 +0800] "GET /xingrg/all/function/internal_message.html?_=1623813149347&CODE_STATE=getMsg HTTP/1.1" 200 27
116.224.253.72 - - [16/Jun/2021:11:12:34 +0800] "GET /xingrg/all/function/internal_message.html?_=1623813150535&CODE_STATE=getMsg HTTP/1.1" 200 27
116.224.253.72 - - [16/Jun/2021:11:12:35 +0800] "GET /xingrg/all/function/internal_message.html?_=1623813141715&CODE_STATE=getMsg HTTP/1.1" 200 27
114.86.225.49 - - [16/Jun/2021:11:12:37 +0800] "GET /xingrg/all/function/internal_message.html?_=1623813154984&CODE_STATE=getMsg HTTP/1.1" 200 27
180.169.147.146 - - [16/Jun/2021:11:12:39 +0800] "GET /xingrg/all/function/internal_message.html?_=1623813155545&CODE_STATE=getMsg HTTP/1.1" 200 27
180.169.147.146 - - [16/Jun/2021:11:12:39 +0800] "GET /xingrg/check_reg.html?_=1623813155549 HTTP/1.1" 200 22
180.169.147.146 - - [16/Jun/2021:11:12:43 +0800] "GET /xingrg/all/function/internal_message.html?_=1623813159707&CODE_STATE=getMsg HTTP/1.1" 200 27
117.184.7.26 - - [16/Jun/2021:11:12:44 +0800] "GET /xingrg/all/function/internal_message.html?_=1623813155735&CODE_STATE=getMsg HTTP/1.1" 200 27
114.86.187.76 - - [16/Jun/2021:11:12:45 +0800] "POST /xingrg/kc/buy/cgsh_order_operate.html HTTP/1.1" 200 37
114.86.187.76 - - [16/Jun/2021:11:12:46 +0800] "POST /xingrg/kc/buy/cgsh_order_operate.html HTTP/1.1" 200 2660
117.185.32.26 - - [16/Jun/2021:11:12:48 +0800] "GET /xingrg/kc/base/wldb_order_operate.html?command=get_materiel&rest_code=00106&base_code=0010397&code=00102002315 HTTP/1.1" 200 447
116.230.117.165 - - [16/Jun/2021:11:12:50 +0800] "GET /xingrg/all/function/internal_message.html?_=1623813176721&CODE_STATE=getMsg HTTP/1.1" 200 27
114.86.187.76 - - [16/Jun/2021:11:12:54 +0800] "GET /xingrg/kc/buy/cgsh_order_add.html HTTP/1.1" 200 62466
114.86.187.76 - - [16/Jun/2021:11:12:54 +0800] "POST /xingrg/kc/buy/cgsh_order_operate.html HTTP/1.1" 200 8245
114.86.187.76 - - [16/Jun/2021:11:12:54 +0800] "GET /xingrg/javascript/easyui/themes/default/validatebox.css HTTP/1.1" 404 1104
180.169.147.146 - - [16/Jun/2021:11:12:55 +0800] "GET /xingrg/all/function/internal_message.html?_=1623813172603&CODE_STATE=getMsg HTTP/1.1" 200 27
116.230.110.80 - - [16/Jun/2021:11:12:57 +0800] "GET /xingrg/all/function/internal_message.html?_=1623813143228&CODE_STATE=getMsg HTTP/1.1" 200 27
101.85.94.178 - - [16/Jun/2021:11:12:58 +0800] "GET /xingrg/all/function/internal_message.html?_=1623812627857&CODE_STATE=getMsg HTTP/1.1" 200 27
117.185.32.26 - - [16/Jun/2021:11:12:59 +0800] "GET /xingrg/all/function/internal_message.html?_=1623813704951&CODE_STATE=getMsg HTTP/1.1" 200 27
180.169.147.146 - - [16/Jun/2021:11:13:03 +0800] "GET /xingrg/all/function/internal_message.html?_=1623813183871&CODE_STATE=getMsg HTTP/1.1" 200 27
180.169.147.146 - - [16/Jun/2021:11:13:03 +0800] "GET /xingrg/check_reg.html?_=1623813183875 HTTP/1.1" 200 22
114.86.187.76 - - [16/Jun/2021:11:13:09 +0800] "GET /xingrg/all/function/internal_message.html?_=1623813192084&CODE_STATE=getMsg HTTP/1.1" 200 27
180.169.147.146 - - [16/Jun/2021:11:13:13 +0800] "GET /xingrg/all/function/internal_message.html?_=1623813190484&CODE_STATE=getMsg HTTP/1.1" 200 27
222.69.128.91 - - [16/Jun/2021:11:13:13 +0800] "GET /xingrg/all/function/internal_message.html?_=1623813187977&CODE_STATE=getMsg HTTP/1.1" 200 27
114.86.187.76 - - [16/Jun/2021:11:13:13 +0800] "GET /xingrg/kc/buy/cgsh_order_operate.html?command=get_materiel&rest_code=00148&code=00101006130&supplier_code=00100010&order_time=2021-06-16 HTTP/1.1" 200 427
180.161.111.4 - - [16/Jun/2021:11:13:21 +0800] "GET /xingrg/all/function/internal_message.html?_=1623813198829&CODE_STATE=getMsg HTTP/1.1" 200 27
116.235.222.38 - - [16/Jun/2021:11:13:28 +0800] "GET /xingrg/all/function/internal_message.html?_=1623813201861&CODE_STATE=getMsg HTTP/1.1" 200 27
61.165.42.208 - - [16/Jun/2021:11:13:31 +0800] "GET /xingrg/all/function/internal_message.html?_=1623813209347&CODE_STATE=getMsg HTTP/1.1" 200 27
61.165.42.208 - - [16/Jun/2021:11:13:31 +0800] "GET /xingrg/check_reg.html?_=1623813209350 HTTP/1.1" 200 22
116.224.253.72 - - [16/Jun/2021:11:13:34 +0800] "GET /xingrg/all/function/internal_message.html?_=1623813210539&CODE_STATE=getMsg HTTP/1.1" 200 27
116.224.253.72 - - [16/Jun/2021:11:13:35 +0800] "GET /xingrg/all/function/internal_message.html?_=1623813201722&CODE_STATE=getMsg HTTP/1.1" 200 27
114.86.225.49 - - [16/Jun/2021:11:13:37 +0800] "GET /xingrg/all/function/internal_message.html?_=1623813214986&CODE_STATE=getMsg HTTP/1.1" 200 27
180.169.147.146 - - [16/Jun/2021:11:13:39 +0800] "GET /xingrg/all/function/internal_message.html?_=1623813215543&CODE_STATE=getMsg HTTP/1.1" 200 27
114.86.187.76 - - [16/Jun/2021:11:13:40 +0800] "GET /xingrg/kc/buy/cgsh_order_operate.html?command=get_materiel&rest_code=00148&code=00101006055&supplier_code=00100010&order_time=2021-06-16 HTTP/1.1" 200 409
180.169.147.146 - - [16/Jun/2021:11:13:43 +0800] "GET /xingrg/all/function/internal_message.html?_=1623813219707&CODE_STATE=getMsg HTTP/1.1" 200 27
117.184.7.26 - - [16/Jun/2021:11:13:44 +0800] "GET /xingrg/all/function/internal_message.html?_=1623813215734&CODE_STATE=getMsg HTTP/1.1" 200 27
116.230.117.165 - - [16/Jun/2021:11:13:45 +0800] "GET /xingrg/check_reg.html?_=1623813231876 HTTP/1.1" 200 22
116.230.117.165 - - [16/Jun/2021:11:13:50 +0800] "GET /xingrg/all/function/internal_message.html?_=1623813236735&CODE_STATE=getMsg HTTP/1.1" 200 27
114.86.187.76 - - [16/Jun/2021:11:13:51 +0800] "GET /xingrg/kc/buy/cgsh_order_operate.html?command=get_materiel&rest_code=00148&code=00101006109&supplier_code=00100010&order_time=2021-06-16 HTTP/1.1" 200 409
180.161.111.4 - - [16/Jun/2021:11:13:51 +0800] "GET /xingrg/check_reg.html?_=1623813192814 HTTP/1.1" 200 22
117.185.32.26 - - [16/Jun/2021:11:13:54 +0800] "GET /xingrg/kc/base/wldb_order_operate.html?command=get_materiel&rest_code=00106&base_code=0010397&code=00102002562 HTTP/1.1" 200 447
180.169.147.146 - - [16/Jun/2021:11:13:55 +0800] "GET /xingrg/all/function/internal_message.html?_=1623813232613&CODE_STATE=getMsg HTTP/1.1" 200 27
116.230.110.80 - - [16/Jun/2021:11:13:57 +0800] "GET /xingrg/all/function/internal_message.html?_=1623813203225&CODE_STATE=getMsg HTTP/1.1" 200 27
101.85.94.178 - - [16/Jun/2021:11:13:58 +0800] "GET /xingrg/all/function/internal_message.html?_=1623812687860&CODE_STATE=getMsg HTTP/1.1" 200 27
117.185.32.26 - - [16/Jun/2021:11:13:59 +0800] "GET /xingrg/all/function/internal_message.html?_=1623813764932&CODE_STATE=getMsg HTTP/1.1" 200 27
114.86.187.76 - - [16/Jun/2021:11:13:59 +0800] "GET /xingrg/kc/buy/cgsh_order_operate.html?command=get_materiel&rest_code=00148&code=00101006065&supplier_code=00100010&order_time=2021-06-16 HTTP/1.1" 200 409
117.185.32.26 - - [16/Jun/2021:11:13:59 +0800] "GET /xingrg/check_reg.html?_=1623813765432 HTTP/1.1" 200 22
180.169.147.146 - - [16/Jun/2021:11:14:03 +0800] "GET /xingrg/all/function/internal_message.html?_=1623813243875&CODE_STATE=getMsg HTTP/1.1" 200 27
114.86.187.76 - - [16/Jun/2021:11:14:09 +0800] "GET /xingrg/all/function/internal_message.html?_=1623813252065&CODE_STATE=getMsg HTTP/1.1" 200 27
180.169.147.146 - - [16/Jun/2021:11:14:13 +0800] "GET /xingrg/all/function/internal_message.html?_=1623813250477&CODE_STATE=getMsg HTTP/1.1" 200 27
222.69.128.91 - - [16/Jun/2021:11:14:13 +0800] "GET /xingrg/all/function/internal_message.html?_=1623813247962&CODE_STATE=getMsg HTTP/1.1" 200 27
114.86.187.76 - - [16/Jun/2021:11:14:15 +0800] "POST /xingrg/kc/buy/cgsh_order_operate.html HTTP/1.1" 200 37
114.86.187.76 - - [16/Jun/2021:11:14:16 +0800] "POST /xingrg/kc/buy/cgsh_order_operate.html HTTP/1.1" 200 4436
58.221.95.50 - - [16/Jun/2021:11:14:19 +0800] "GET /xingrg/check_reg.html?_=1623813255559 HTTP/1.1" 302 -
180.161.111.4 - - [16/Jun/2021:11:14:21 +0800] "GET /xingrg/all/function/internal_message.html?_=1623813258840&CODE_STATE=getMsg HTTP/1.1" 200 27
116.235.222.38 - - [16/Jun/2021:11:14:28 +0800] "GET /xingrg/all/function/internal_message.html?_=1623813261847&CODE_STATE=getMsg HTTP/1.1" 200 27
61.165.42.208 - - [16/Jun/2021:11:14:31 +0800] "GET /xingrg/all/function/internal_message.html?_=1623813269349&CODE_STATE=getMsg HTTP/1.1" 200 27
116.224.253.72 - - [16/Jun/2021:11:14:34 +0800] "GET /xingrg/all/function/internal_message.html?_=1623813270540&CODE_STATE=getMsg HTTP/1.1" 200 27
116.224.253.72 - - [16/Jun/2021:11:14:34 +0800] "GET /xingrg/check_reg.html?_=1623813270543 HTTP/1.1" 200 22
116.224.253.72 - - [16/Jun/2021:11:14:35 +0800] "GET /xingrg/all/function/internal_message.html?_=1623813261837&CODE_STATE=getMsg HTTP/1.1" 200 27
114.86.225.49 - - [16/Jun/2021:11:14:37 +0800] "GET /xingrg/all/function/internal_message.html?_=1623813274991&CODE_STATE=getMsg HTTP/1.1" 200 27
180.169.147.146 - - [16/Jun/2021:11:14:39 +0800] "GET /xingrg/all/function/internal_message.html?_=1623813275559&CODE_STATE=getMsg HTTP/1.1" 200 27
180.169.147.146 - - [16/Jun/2021:11:14:43 +0800] "GET /xingrg/all/function/internal_message.html?_=1623813279707&CODE_STATE=getMsg HTTP/1.1" 200 27
117.184.7.26 - - [16/Jun/2021:11:14:44 +0800] "GET /xingrg/all/function/internal_message.html?_=1623813275734&CODE_STATE=getMsg HTTP/1.1" 200 27
114.86.187.76 - - [16/Jun/2021:11:14:49 +0800] "GET /xingrg/kc/buy/cgsh_order_add.html HTTP/1.1" 200 62466
114.86.187.76 - - [16/Jun/2021:11:14:49 +0800] "POST /xingrg/kc/buy/cgsh_order_operate.html HTTP/1.1" 200 8245
114.86.187.76 - - [16/Jun/2021:11:14:49 +0800] "GET /xingrg/javascript/easyui/themes/default/validatebox.css HTTP/1.1" 404 1104
116.230.117.165 - - [16/Jun/2021:11:14:50 +0800] "GET /xingrg/all/function/internal_message.html?_=1623813296748&CODE_STATE=getMsg HTTP/1.1" 200 27
180.169.147.146 - - [16/Jun/2021:11:14:55 +0800] "GET /xingrg/all/function/internal_message.html?_=1623813292615&CODE_STATE=getMsg HTTP/1.1" 200 27
116.230.110.80 - - [16/Jun/2021:11:14:57 +0800] "GET /xingrg/all/function/internal_message.html?_=1623813263217&CODE_STATE=getMsg HTTP/1.1" 200 27
101.85.94.178 - - [16/Jun/2021:11:14:58 +0800] "GET /xingrg/all/function/internal_message.html?_=1623812747862&CODE_STATE=getMsg HTTP/1.1" 200 27
114.86.187.76 - - [16/Jun/2021:11:14:58 +0800] "GET /xingrg/check_reg.html?_=1623813301156 HTTP/1.1" 200 22
117.185.32.26 - - [16/Jun/2021:11:14:59 +0800] "GET /xingrg/all/function/internal_message.html?_=1623813824916&CODE_STATE=getMsg HTTP/1.1" 200 27
180.169.147.146 - - [16/Jun/2021:11:15:03 +0800] "GET /xingrg/all/function/internal_message.html?_=1623813303882&CODE_STATE=getMsg HTTP/1.1" 200 27
114.86.187.76 - - [16/Jun/2021:11:15:09 +0800] "GET /xingrg/all/function/internal_message.html?_=1623813312048&CODE_STATE=getMsg HTTP/1.1" 200 27
180.169.147.146 - - [16/Jun/2021:11:15:13 +0800] "GET /xingrg/all/function/internal_message.html?_=1623813310482&CODE_STATE=getMsg HTTP/1.1" 200 27
222.69.128.91 - - [16/Jun/2021:11:15:13 +0800] "GET /xingrg/all/function/internal_message.html?_=1623813307947&CODE_STATE=getMsg HTTP/1.1" 200 27
180.169.147.146 - - [16/Jun/2021:11:15:13 +0800] "GET /xingrg/check_reg.html?_=1623813310486 HTTP/1.1" 200 22
180.161.111.4 - - [16/Jun/2021:11:15:21 +0800] "GET /xingrg/all/function/internal_message.html?_=1623813318854&CODE_STATE=getMsg HTTP/1.1" 200 27
116.224.253.72 - - [16/Jun/2021:11:15:26 +0800] "GET /xingrg/check_reg.html?_=1623813313389 HTTP/1.1" 200 22
116.235.222.38 - - [16/Jun/2021:11:15:28 +0800] "GET /xingrg/all/function/internal_message.html?_=1623813321833&CODE_STATE=getMsg HTTP/1.1" 200 27
116.235.222.38 - - [16/Jun/2021:11:15:29 +0800] "GET /xingrg/check_reg.html?_=1623813322681 HTTP/1.1" 200 22
61.165.42.208 - - [16/Jun/2021:11:15:31 +0800] "GET /xingrg/all/function/internal_message.html?_=1623813329350&CODE_STATE=getMsg HTTP/1.1" 200 27
116.230.110.80 - - [16/Jun/2021:11:15:31 +0800] "GET /xingrg/kc/buy/cgsh_order_list.html HTTP/1.1" 200 46734
116.224.253.72 - - [16/Jun/2021:11:15:34 +0800] "GET /xingrg/all/function/internal_message.html?_=1623813330555&CODE_STATE=getMsg HTTP/1.1" 200 27
116.224.253.72 - - [16/Jun/2021:11:15:35 +0800] "GET /xingrg/all/function/internal_message.html?_=1623813321843&CODE_STATE=getMsg HTTP/1.1" 200 27
114.86.225.49 - - [16/Jun/2021:11:15:38 +0800] "GET /xingrg/all/function/internal_message.html?_=1623813334994&CODE_STATE=getMsg HTTP/1.1" 200 27
114.86.225.49 - - [16/Jun/2021:11:15:38 +0800] "GET /xingrg/check_reg.html?_=1623813334995 HTTP/1.1" 200 22
180.169.147.146 - - [16/Jun/2021:11:15:39 +0800] "GET /xingrg/all/function/internal_message.html?_=1623813335562&CODE_STATE=getMsg HTTP/1.1" 200 27
117.184.7.26 - - [16/Jun/2021:11:15:44 +0800] "GET /xingrg/all/function/internal_message.html?_=1623813335744&CODE_STATE=getMsg HTTP/1.1" 200 27
117.185.32.26 - - [16/Jun/2021:11:15:50 +0800] "POST /xingrg/kc/base/wldb_order_operate.html HTTP/1.1" 200 37
116.230.117.165 - - [16/Jun/2021:11:15:50 +0800] "GET /xingrg/all/function/internal_message.html?_=1623813356900&CODE_STATE=getMsg HTTP/1.1" 200 27
117.185.32.26 - - [16/Jun/2021:11:15:50 +0800] "POST /xingrg/kc/base/wldb_order_operate.html HTTP/1.1" 200 4638
116.230.110.80 - - [16/Jun/2021:11:15:51 +0800] "POST /xingrg/kc/buy/cgsh_list_operate.html HTTP/1.1" 200 5155
117.185.32.26 - - [16/Jun/2021:11:15:51 +0800] "GET /xingrg/kc/base/wldb_order_info.html?code=422021061601771 HTTP/1.1" 200 30284
117.185.32.26 - - [16/Jun/2021:11:15:51 +0800] "GET /xingrg/words/20210616105433_words.js HTTP/1.1" 304 -
117.185.32.26 - - [16/Jun/2021:11:15:51 +0800] "GET /xingrg/javascript/easyui/themes/default/validatebox.css HTTP/1.1" 404 1104
117.185.32.26 - - [16/Jun/2021:11:15:52 +0800] "POST /xingrg/kc/base/wldb_order_operate.html HTTP/1.1" 200 4638
180.169.147.146 - - [16/Jun/2021:11:15:55 +0800] "GET /xingrg/check_reg.html?_=1623813352611 HTTP/1.1" 200 22
180.169.147.146 - - [16/Jun/2021:11:15:55 +0800] "GET /xingrg/all/function/internal_message.html?_=1623813352612&CODE_STATE=getMsg HTTP/1.1" 200 27
116.230.110.80 - - [16/Jun/2021:11:15:57 +0800] "GET /xingrg/all/function/internal_message.html?_=1623813323214&CODE_STATE=getMsg HTTP/1.1" 200 27
101.85.94.178 - - [16/Jun/2021:11:15:58 +0800] "GET /xingrg/all/function/internal_message.html?_=1623812807863&CODE_STATE=getMsg HTTP/1.1" 200 27
117.185.32.26 - - [16/Jun/2021:11:15:59 +0800] "GET /xingrg/all/function/internal_message.html?_=1623813884906&CODE_STATE=getMsg HTTP/1.1" 200 27
180.169.147.146 - - [16/Jun/2021:11:16:03 +0800] "GET /xingrg/all/function/internal_message.html?_=1623813363883&CODE_STATE=getMsg HTTP/1.1" 200 27
114.86.187.76 - - [16/Jun/2021:11:16:09 +0800] "GET /xingrg/all/function/internal_message.html?_=1623813372027&CODE_STATE=getMsg HTTP/1.1" 200 27
120.253.135.82 - - [16/Jun/2021:11:16:10 +0800] "GET /xingrg/check_reg.html?_=1623813149813 HTTP/1.1" 200 22
116.230.110.80 - - [16/Jun/2021:11:16:11 +0800] "POST /xingrg/kc/buy/cgsh_list_operate.html HTTP/1.1" 200 8259
180.169.147.146 - - [16/Jun/2021:11:16:13 +0800] "GET /xingrg/all/function/internal_message.html?_=1623813370475&CODE_STATE=getMsg HTTP/1.1" 200 27
222.69.128.91 - - [16/Jun/2021:11:16:13 +0800] "GET /xingrg/all/function/internal_message.html?_=1623813367949&CODE_STATE=getMsg HTTP/1.1" 200 27
58.37.225.51 - - [16/Jun/2021:11:16:15 +0800] "GET /xingrg/check_reg.html?_=1623813308359 HTTP/1.1" 302 -
116.230.110.80 - - [16/Jun/2021:11:16:16 +0800] "POST /xingrg/kc/buy/cgsh_list_operate.html HTTP/1.1" 200 207
116.230.110.80 - - [16/Jun/2021:11:16:17 +0800] "GET /xingrg/kc/buy/cgsh_order_info.html?code=212021061607378 HTTP/1.1" 200 62443
116.230.110.80 - - [16/Jun/2021:11:16:17 +0800] "GET /xingrg/words/20210616105433_words.js HTTP/1.1" 304 -
116.230.110.80 - - [16/Jun/2021:11:16:17 +0800] "GET /xingrg/javascript/easyui/themes/default/validatebox.css HTTP/1.1" 404 1104
180.161.111.4 - - [16/Jun/2021:11:16:18 +0800] "GET /xingrg/check_reg.html?_=1623813375669 HTTP/1.1" 200 22
116.230.110.80 - - [16/Jun/2021:11:16:18 +0800] "POST /xingrg/kc/buy/cgsh_order_operate.html HTTP/1.1" 200 2665
116.230.110.80 - - [16/Jun/2021:11:16:20 +0800] "GET /xingrg/kc/print/load_data.html?order_code=212021061607378&kc_code=cgsh&condition= HTTP/1.1" 200 687
180.161.111.4 - - [16/Jun/2021:11:16:21 +0800] "GET /xingrg/all/function/internal_message.html?_=1623813378867&CODE_STATE=getMsg HTTP/1.1" 200 27
116.235.222.38 - - [16/Jun/2021:11:16:28 +0800] "GET /xingrg/all/function/internal_message.html?_=1623813381811&CODE_STATE=getMsg HTTP/1.1" 200 27
61.165.42.208 - - [16/Jun/2021:11:16:31 +0800] "GET /xingrg/all/function/internal_message.html?_=1623813389349&CODE_STATE=getMsg HTTP/1.1" 200 27
116.224.253.72 - - [16/Jun/2021:11:16:34 +0800] "GET /xingrg/all/function/internal_message.html?_=1623813390563&CODE_STATE=getMsg HTTP/1.1" 200 27
116.224.253.72 - - [16/Jun/2021:11:16:35 +0800] "GET /xingrg/all/function/internal_message.html?_=1623813381856&CODE_STATE=getMsg HTTP/1.1" 200 27
117.185.32.26 - - [16/Jun/2021:11:16:37 +0800] "GET /xingrg/kc/base/base_main.html HTTP/1.1" 200 12142
114.86.225.49 - - [16/Jun/2021:11:16:37 +0800] "GET /xingrg/all/function/internal_message.html?_=1623813394993&CODE_STATE=getMsg HTTP/1.1" 200 27
117.185.32.26 - - [16/Jun/2021:11:16:39 +0800] "GET /xingrg/kc/base/wldb_order_list.html HTTP/1.1" 200 19061
117.185.32.26 - - [16/Jun/2021:11:16:39 +0800] "POST /xingrg/kc/base/wldb_list_operate.html HTTP/1.1" 200 4129
180.169.147.146 - - [16/Jun/2021:11:16:39 +0800] "GET /xingrg/all/function/internal_message.html?_=1623813395561&CODE_STATE=getMsg HTTP/1.1" 200 27
117.184.7.26 - - [16/Jun/2021:11:16:44 +0800] "GET /xingrg/check_reg.html?_=1623813395744 HTTP/1.1" 200 22
117.184.7.26 - - [16/Jun/2021:11:16:44 +0800] "GET /xingrg/all/function/internal_message.html?_=1623813395746&CODE_STATE=getMsg HTTP/1.1" 200 27
117.185.32.26 - - [16/Jun/2021:11:16:44 +0800] "GET /xingrg/kc/base/base_main.html HTTP/1.1" 200 12142
116.230.117.165 - - [16/Jun/2021:11:16:50 +0800] "GET /xingrg/all/function/internal_message.html?_=1623813416900&CODE_STATE=getMsg HTTP/1.1" 200 27
180.169.147.146 - - [16/Jun/2021:11:16:55 +0800] "GET /xingrg/all/function/internal_message.html?_=1623813412606&CODE_STATE=getMsg HTTP/1.1" 200 27
116.230.110.80 - - [16/Jun/2021:11:16:57 +0800] "GET /xingrg/all/function/internal_message.html?_=1623813383218&CODE_STATE=getMsg HTTP/1.1" 200 27
116.230.110.80 - - [16/Jun/2021:11:16:57 +0800] "GET /xingrg/check_reg.html?_=1623813383221 HTTP/1.1" 200 22
101.85.94.178 - - [16/Jun/2021:11:16:58 +0800] "GET /xingrg/all/function/internal_message.html?_=1623812867852&CODE_STATE=getMsg HTTP/1.1" 200 27
101.85.94.178 - - [16/Jun/2021:11:16:58 +0800] "GET /xingrg/check_reg.html?_=1623812867849 HTTP/1.1" 200 22
117.185.32.26 - - [16/Jun/2021:11:16:59 +0800] "GET /xingrg/all/function/internal_message.html?_=1623813944883&CODE_STATE=getMsg HTTP/1.1" 200 27
180.169.147.146 - - [16/Jun/2021:11:17:03 +0800] "GET /xingrg/all/function/internal_message.html?_=1623813423884&CODE_STATE=getMsg HTTP/1.1" 200 27
117.185.32.26 - - [16/Jun/2021:11:17:04 +0800] "POST /xingrg/services/DataTransmitService HTTP/1.1" 200 524
117.185.32.26 - - [16/Jun/2021:11:17:07 +0800] "POST /xingrg/services/DataTransmitService HTTP/1.1" 200 501
116.230.117.165 - - [16/Jun/2021:11:17:09 +0800] "POST /xingrg/kc/buy/cgsh_order_operate.html HTTP/1.1" 200 37
114.86.187.76 - - [16/Jun/2021:11:17:09 +0800] "GET /xingrg/all/function/internal_message.html?_=1623813432005&CODE_STATE=getMsg HTTP/1.1" 200 27
116.230.117.165 - - [16/Jun/2021:11:17:10 +0800] "POST /xingrg/kc/buy/cgsh_order_operate.html HTTP/1.1" 200 2662
222.69.128.91 - - [16/Jun/2021:11:17:13 +0800] "GET /xingrg/all/function/internal_message.html?_=1623813427934&CODE_STATE=getMsg HTTP/1.1" 200 27
180.169.147.146 - - [16/Jun/2021:11:17:13 +0800] "GET /xingrg/all/function/internal_message.html?_=1623813430482&CODE_STATE=getMsg HTTP/1.1" 200 27
222.69.128.91 - - [16/Jun/2021:11:17:13 +0800] "GET /xingrg/check_reg.html?_=1623813428311 HTTP/1.1" 200 22
180.161.111.4 - - [16/Jun/2021:11:17:21 +0800] "GET /xingrg/all/function/internal_message.html?_=1623813438882&CODE_STATE=getMsg HTTP/1.1" 200 27
116.230.117.165 - - [16/Jun/2021:11:17:25 +0800] "GET /xingrg/check_reg.html?_=1623813442027 HTTP/1.1" 302 -
116.235.222.38 - - [16/Jun/2021:11:17:28 +0800] "GET /xingrg/all/function/internal_message.html?_=1623813441796&CODE_STATE=getMsg HTTP/1.1" 200 27
116.230.117.165 - - [16/Jun/2021:11:17:28 +0800] "GET /xingrg/kc/buy/cgsh_order_add.html HTTP/1.1" 200 62472
116.230.117.165 - - [16/Jun/2021:11:17:29 +0800] "POST /xingrg/kc/buy/cgsh_order_operate.html HTTP/1.1" 200 8245
116.230.117.165 - - [16/Jun/2021:11:17:29 +0800] "GET /xingrg/javascript/easyui/themes/default/validatebox.css HTTP/1.1" 404 1104
61.165.42.208 - - [16/Jun/2021:11:17:31 +0800] "GET /xingrg/all/function/internal_message.html?_=1623813449350&CODE_STATE=getMsg HTTP/1.1" 200 27
116.224.253.72 - - [16/Jun/2021:11:17:34 +0800] "GET /xingrg/all/function/internal_message.html?_=1623813450569&CODE_STATE=getMsg HTTP/1.1" 200 27
116.224.253.72 - - [16/Jun/2021:11:17:35 +0800] "GET /xingrg/all/function/internal_message.html?_=1623813441969&CODE_STATE=getMsg HTTP/1.1" 200 27
114.86.225.49 - - [16/Jun/2021:11:17:37 +0800] "GET /xingrg/all/function/internal_message.html?_=1623813454995&CODE_STATE=getMsg HTTP/1.1" 200 27
180.169.147.146 - - [16/Jun/2021:11:17:39 +0800] "GET /xingrg/check_reg.html?_=1623813455554 HTTP/1.1" 200 22
180.169.147.146 - - [16/Jun/2021:11:17:39 +0800] "GET /xingrg/all/function/internal_message.html?_=1623813455558&CODE_STATE=getMsg HTTP/1.1" 200 27
117.184.7.26 - - [16/Jun/2021:11:17:44 +0800] "GET /xingrg/all/function/internal_message.html?_=1623813455746&CODE_STATE=getMsg HTTP/1.1" 200 27
116.230.117.165 - - [16/Jun/2021:11:17:46 +0800] "GET /xingrg/kc/buy/cgsh_order_operate.html?command=get_materiel&rest_code=00146&code=00101012041&supplier_code=00100266&order_time=2021-06-16 HTTP/1.1" 200 418
116.230.117.165 - - [16/Jun/2021:11:17:50 +0800] "GET /xingrg/all/function/internal_message.html?_=1623813476914&CODE_STATE=getMsg HTTP/1.1" 200 27
180.169.147.146 - - [16/Jun/2021:11:17:55 +0800] "GET /xingrg/all/function/internal_message.html?_=1623813472599&CODE_STATE=getMsg HTTP/1.1" 200 27
116.230.110.80 - - [16/Jun/2021:11:17:57 +0800] "GET /xingrg/all/function/internal_message.html?_=1623813443231&CODE_STATE=getMsg HTTP/1.1" 200 27
101.85.94.178 - - [16/Jun/2021:11:17:58 +0800] "GET /xingrg/all/function/internal_message.html?_=1623812927851&CODE_STATE=getMsg HTTP/1.1" 200 27
117.185.32.26 - - [16/Jun/2021:11:17:59 +0800] "GET /xingrg/all/function/internal_message.html?_=1623814004867&CODE_STATE=getMsg HTTP/1.1" 200 27
116.230.117.165 - - [16/Jun/2021:11:17:59 +0800] "POST /xingrg/kc/buy/cgsh_order_operate.html HTTP/1.1" 200 37
116.230.117.165 - - [16/Jun/2021:11:18:01 +0800] "POST /xingrg/kc/buy/cgsh_order_operate.html HTTP/1.1" 200 2663
116.230.117.165 - - [16/Jun/2021:11:18:03 +0800] "GET /xingrg/kc/print/load_data.html?order_code=212021061607386&kc_code=cgsh&condition= HTTP/1.1" 200 685
180.169.147.146 - - [16/Jun/2021:11:18:03 +0800] "GET /xingrg/check_reg.html?_=1623813483887 HTTP/1.1" 200 22
180.169.147.146 - - [16/Jun/2021:11:18:03 +0800] "GET /xingrg/all/function/internal_message.html?_=1623813483890&CODE_STATE=getMsg HTTP/1.1" 200 27
114.86.187.76 - - [16/Jun/2021:11:18:09 +0800] "GET /xingrg/all/function/internal_message.html?_=1623813491986&CODE_STATE=getMsg HTTP/1.1" 200 27
222.69.128.91 - - [16/Jun/2021:11:18:13 +0800] "GET /xingrg/all/function/internal_message.html?_=1623813487906&CODE_STATE=getMsg HTTP/1.1" 200 27
180.169.147.146 - - [16/Jun/2021:11:18:13 +0800] "GET /xingrg/all/function/internal_message.html?_=1623813490513&CODE_STATE=getMsg HTTP/1.1" 200 27
116.230.117.165 - - [16/Jun/2021:11:18:13 +0800] "GET /xingrg/kc/buy/cgsh_order_add.html HTTP/1.1" 200 62472
116.230.117.165 - - [16/Jun/2021:11:18:14 +0800] "POST /xingrg/kc/buy/cgsh_order_operate.html HTTP/1.1" 200 8245
116.230.117.165 - - [16/Jun/2021:11:18:14 +0800] "GET /xingrg/javascript/easyui/themes/default/validatebox.css HTTP/1.1" 404 1104
180.161.111.4 - - [16/Jun/2021:11:18:22 +0800] "GET /xingrg/all/function/internal_message.html?_=1623813498895&CODE_STATE=getMsg HTTP/1.1" 200 27
116.235.222.38 - - [16/Jun/2021:11:18:28 +0800] "GET /xingrg/all/function/internal_message.html?_=1623813501780&CODE_STATE=getMsg HTTP/1.1" 200 27
61.165.42.208 - - [16/Jun/2021:11:18:31 +0800] "GET /xingrg/check_reg.html?_=1623813509349 HTTP/1.1" 200 22
61.165.42.208 - - [16/Jun/2021:11:18:31 +0800] "GET /xingrg/all/function/internal_message.html?_=1623813509352&CODE_STATE=getMsg HTTP/1.1" 200 27
116.230.117.165 - - [16/Jun/2021:11:18:32 +0800] "GET /xingrg/kc/buy/cgsh_order_operate.html?command=get_materiel&rest_code=00146&code=00101012046&supplier_code=00100347&order_time=2021-06-16 HTTP/1.1" 200 417
116.224.253.72 - - [16/Jun/2021:11:18:34 +0800] "GET /xingrg/all/function/internal_message.html?_=1623813510555&CODE_STATE=getMsg HTTP/1.1" 200 27
116.224.253.72 - - [16/Jun/2021:11:18:35 +0800] "GET /xingrg/all/function/internal_message.html?_=1623813501977&CODE_STATE=getMsg HTTP/1.1" 200 27
114.86.225.49 - - [16/Jun/2021:11:18:37 +0800] "GET /xingrg/all/function/internal_message.html?_=1623813514998&CODE_STATE=getMsg HTTP/1.1" 200 27
180.169.147.146 - - [16/Jun/2021:11:18:39 +0800] "GET /xingrg/all/function/internal_message.html?_=1623813515545&CODE_STATE=getMsg HTTP/1.1" 200 27
117.184.7.26 - - [16/Jun/2021:11:18:44 +0800] "GET /xingrg/all/function/internal_message.html?_=1623813515746&CODE_STATE=getMsg HTTP/1.1" 200 27
116.230.117.165 - - [16/Jun/2021:11:18:45 +0800] "GET /xingrg/check_reg.html?_=1623813531873 HTTP/1.1" 200 22
116.230.117.165 - - [16/Jun/2021:11:18:50 +0800] "GET /xingrg/all/function/internal_message.html?_=1623813536928&CODE_STATE=getMsg HTTP/1.1" 200 27
116.230.117.165 - - [16/Jun/2021:11:18:50 +0800] "GET /xingrg/kc/buy/cgsh_order_operate.html?command=get_materiel&rest_code=00146&code=00101021027&supplier_code=00100347&order_time=2021-06-16 HTTP/1.1" 200 400
180.161.111.4 - - [16/Jun/2021:11:18:51 +0800] "GET /xingrg/check_reg.html?_=1623813492824 HTTP/1.1" 200 22
