117.184.7.26 - - [16/Jun/2021:10:18:44 +0800] "GET /xingrg/all/function/internal_message.html?_=1623809915649&CODE_STATE=getMsg HTTP/1.1" 200 27
116.230.117.165 - - [16/Jun/2021:10:18:53 +0800] "GET /xingrg/all/function/internal_message.html?_=1623809939622&CODE_STATE=getMsg HTTP/1.1" 200 27
180.169.147.146 - - [16/Jun/2021:10:18:55 +0800] "GET /xingrg/all/function/internal_message.html?_=1623809932612&CODE_STATE=getMsg HTTP/1.1" 200 27
117.185.32.26 - - [16/Jun/2021:10:18:59 +0800] "GET /xingrg/check_reg.html?_=1623810465319 HTTP/1.1" 200 22
117.185.32.26 - - [16/Jun/2021:10:18:59 +0800] "GET /xingrg/all/function/internal_message.html?_=1623810465321&CODE_STATE=getMsg HTTP/1.1" 200 27
116.235.222.38 - - [16/Jun/2021:10:19:03 +0800] "GET /xingrg/kc/buy/cgsh_order_operate.html?command=get_materiel&rest_code=00107&code=00101010342&supplier_code=00100329&order_time=2021-06-16 HTTP/1.1" 200 422
180.169.147.146 - - [16/Jun/2021:10:19:03 +0800] "GET /xingrg/all/function/internal_message.html?_=1623809943830&CODE_STATE=getMsg HTTP/1.1" 200 27
180.169.147.146 - - [16/Jun/2021:10:19:04 +0800] "POST /xingrg/kc/buy/cgsh_list_operate.html HTTP/1.1" 200 5323
116.224.253.72 - - [16/Jun/2021:10:19:05 +0800] "GET /xingrg/all/function/internal_message.html?_=1623809941311&CODE_STATE=getMsg HTTP/1.1" 200 27
116.224.253.72 - - [16/Jun/2021:10:19:05 +0800] "GET /xingrg/check_reg.html?_=1623809941312 HTTP/1.1" 200 22
180.169.147.146 - - [16/Jun/2021:10:19:13 +0800] "GET /xingrg/all/function/internal_message.html?_=1623809950479&CODE_STATE=getMsg HTTP/1.1" 200 27
222.69.128.91 - - [16/Jun/2021:10:19:13 +0800] "GET /xingrg/all/function/internal_message.html?_=1623809948141&CODE_STATE=getMsg HTTP/1.1" 200 27
58.221.95.50 - - [16/Jun/2021:10:19:18 +0800] "GET /xingrg/check_reg.html?_=1623809955492 HTTP/1.1" 302 -
116.235.222.38 - - [16/Jun/2021:10:19:24 +0800] "POST /xingrg/kc/buy/cgsh_order_operate.html HTTP/1.1" 200 37
101.85.94.178 - - [16/Jun/2021:10:19:24 +0800] "GET /xingrg/all/function/internal_message.html?_=1623809413373&CODE_STATE=getMsg HTTP/1.1" 200 27
116.235.222.38 - - [16/Jun/2021:10:19:25 +0800] "POST /xingrg/kc/buy/cgsh_order_operate.html HTTP/1.1" 200 2675
180.161.111.4 - - [16/Jun/2021:10:19:26 +0800] "GET /xingrg/check_reg.html?_=1623809927887 HTTP/1.1" 200 22
180.161.111.4 - - [16/Jun/2021:10:19:27 +0800] "GET /xingrg/all/function/internal_message.html?_=1623809928650&CODE_STATE=getMsg HTTP/1.1" 200 27
116.235.222.38 - - [16/Jun/2021:10:19:27 +0800] "GET /xingrg/kc/print/load_data.html?order_code=212021061607274&kc_code=cgsh&condition= HTTP/1.1" 200 694
116.235.222.38 - - [16/Jun/2021:10:19:30 +0800] "GET /xingrg/all/function/internal_message.html?_=1623809962875&CODE_STATE=getMsg HTTP/1.1" 200 27
180.169.147.146 - - [16/Jun/2021:10:19:30 +0800] "GET /xingrg/javascript/jquery_easy_ui/themes/default/images/tabs_active.png HTTP/1.1" 200 2894
61.165.42.208 - - [16/Jun/2021:10:19:31 +0800] "GET /xingrg/all/function/internal_message.html?_=1623809969276&CODE_STATE=getMsg HTTP/1.1" 200 27
116.235.222.38 - - [16/Jun/2021:10:19:31 +0800] "GET /xingrg/kc/buy/cgsh_order_add.html HTTP/1.1" 200 62554
116.235.222.38 - - [16/Jun/2021:10:19:33 +0800] "GET /xingrg/javascript/easyui/themes/default/validatebox.css HTTP/1.1" 404 1104
116.235.222.38 - - [16/Jun/2021:10:19:33 +0800] "POST /xingrg/kc/buy/cgsh_order_operate.html HTTP/1.1" 200 8245
116.235.222.38 - - [16/Jun/2021:10:19:34 +0800] "GET /xingrg/javascript/easyui/themes/default/tree.css HTTP/1.1" 404 1090
180.169.147.146 - - [16/Jun/2021:10:19:34 +0800] "GET /xingrg/all/report/report_query.html?fileName=kc/buy/gys_amount_base_rest.xml HTTP/1.1" 200 51664
116.235.222.38 - - [16/Jun/2021:10:19:34 +0800] "POST /xingrg/all/common/load_tree.html?tree=supplier_tree_json&isDelete=1 HTTP/1.1" 200 56029
180.169.147.146 - - [16/Jun/2021:10:19:34 +0800] "GET /xingrg/dwr/interface/AjaxReportQueryService.js HTTP/1.1" 200 13203
180.169.147.146 - - [16/Jun/2021:10:19:34 +0800] "GET /xingrg/dwr/engine.js HTTP/1.1" 200 43631
180.169.147.146 - - [16/Jun/2021:10:19:34 +0800] "POST /xingrg/dwr/call/plaincall/AjaxReportQueryService.getFixDate.dwr HTTP/1.1" 200 111
180.169.147.146 - - [16/Jun/2021:10:19:34 +0800] "POST /xingrg/all/common/load_tree.html?tree=area_rest_tree_json&manage=1 HTTP/1.1" 200 3466
180.169.147.146 - - [16/Jun/2021:10:19:34 +0800] "POST /xingrg/all/common/load_tree.html?tree=supplier_tree_json&manage=1 HTTP/1.1" 200 56999
114.86.225.49 - - [16/Jun/2021:10:19:37 +0800] "GET /xingrg/all/function/internal_message.html?_=1623809974868&CODE_STATE=getMsg HTTP/1.1" 200 27
180.169.147.146 - - [16/Jun/2021:10:19:38 +0800] "POST /xingrg/dwr/call/plaincall/AjaxReportQueryService.getFixDate.dwr HTTP/1.1" 200 111
180.169.147.146 - - [16/Jun/2021:10:19:39 +0800] "GET /xingrg/all/function/internal_message.html?_=1623809975546&CODE_STATE=getMsg HTTP/1.1" 200 27
180.169.147.146 - - [16/Jun/2021:10:19:41 +0800] "POST /xingrg/kc/buy/cgsh_list_operate.html HTTP/1.1" 200 4117
117.184.7.26 - - [16/Jun/2021:10:19:44 +0800] "GET /xingrg/all/function/internal_message.html?_=1623809975649&CODE_STATE=getMsg HTTP/1.1" 200 27
116.230.117.165 - - [16/Jun/2021:10:19:53 +0800] "GET /xingrg/all/function/internal_message.html?_=1623810000330&CODE_STATE=getMsg HTTP/1.1" 200 27
180.169.147.146 - - [16/Jun/2021:10:19:55 +0800] "GET /xingrg/all/function/internal_message.html?_=1623809992602&CODE_STATE=getMsg HTTP/1.1" 200 27
117.185.32.26 - - [16/Jun/2021:10:19:59 +0800] "GET /xingrg/all/function/internal_message.html?_=1623810525332&CODE_STATE=getMsg HTTP/1.1" 200 27
116.235.222.38 - - [16/Jun/2021:10:20:02 +0800] "GET /xingrg/kc/buy/cgsh_order_operate.html?command=get_materiel&rest_code=00107&code=00101001045&supplier_code=00100439&order_time=2021-06-16 HTTP/1.1" 200 423
180.169.147.146 - - [16/Jun/2021:10:20:03 +0800] "GET /xingrg/all/function/internal_message.html?_=1623810003823&CODE_STATE=getMsg HTTP/1.1" 200 27
116.224.253.72 - - [16/Jun/2021:10:20:05 +0800] "GET /xingrg/all/function/internal_message.html?_=1623810001312&CODE_STATE=getMsg HTTP/1.1" 200 27
180.169.147.146 - - [16/Jun/2021:10:20:13 +0800] "GET /xingrg/all/function/internal_message.html?_=1623810010483&CODE_STATE=getMsg HTTP/1.1" 200 27
180.169.147.146 - - [16/Jun/2021:10:20:13 +0800] "GET /xingrg/check_reg.html?_=1623810010486 HTTP/1.1" 200 22
222.69.128.91 - - [16/Jun/2021:10:20:13 +0800] "GET /xingrg/all/function/internal_message.html?_=1623810008125&CODE_STATE=getMsg HTTP/1.1" 200 27
116.235.222.38 - - [16/Jun/2021:10:20:14 +0800] "POST /xingrg/kc/buy/cgsh_order_operate.html HTTP/1.1" 200 37
116.235.222.38 - - [16/Jun/2021:10:20:16 +0800] "POST /xingrg/kc/buy/cgsh_order_operate.html HTTP/1.1" 200 2668
116.235.222.38 - - [16/Jun/2021:10:20:17 +0800] "GET /xingrg/kc/print/load_data.html?order_code=212021061607275&kc_code=cgsh&condition= HTTP/1.1" 200 690
116.235.222.38 - - [16/Jun/2021:10:20:24 +0800] "GET /xingrg/kc/buy/cgsh_order_add.html HTTP/1.1" 200 62554
101.85.94.178 - - [16/Jun/2021:10:20:24 +0800] "GET /xingrg/all/function/internal_message.html?_=1623809473372&CODE_STATE=getMsg HTTP/1.1" 200 27
116.235.222.38 - - [16/Jun/2021:10:20:24 +0800] "GET /xingrg/javascript/easyui/themes/default/validatebox.css HTTP/1.1" 404 1104
116.235.222.38 - - [16/Jun/2021:10:20:24 +0800] "POST /xingrg/kc/buy/cgsh_order_operate.html HTTP/1.1" 200 8245
116.235.222.38 - - [16/Jun/2021:10:20:26 +0800] "GET /xingrg/javascript/easyui/themes/default/tree.css HTTP/1.1" 404 1090
116.235.222.38 - - [16/Jun/2021:10:20:26 +0800] "POST /xingrg/all/common/load_tree.html?tree=supplier_tree_json&isDelete=1 HTTP/1.1" 200 56029
180.161.111.4 - - [16/Jun/2021:10:20:27 +0800] "GET /xingrg/all/function/internal_message.html?_=1623809988678&CODE_STATE=getMsg HTTP/1.1" 200 27
116.235.222.38 - - [16/Jun/2021:10:20:29 +0800] "GET /xingrg/check_reg.html?_=1623810022624 HTTP/1.1" 200 22
116.235.222.38 - - [16/Jun/2021:10:20:30 +0800] "GET /xingrg/all/function/internal_message.html?_=1623810022861&CODE_STATE=getMsg HTTP/1.1" 200 27
61.165.42.208 - - [16/Jun/2021:10:20:31 +0800] "GET /xingrg/all/function/internal_message.html?_=1623810029276&CODE_STATE=getMsg HTTP/1.1" 200 27
114.86.225.49 - - [16/Jun/2021:10:20:37 +0800] "GET /xingrg/all/function/internal_message.html?_=1623810034867&CODE_STATE=getMsg HTTP/1.1" 200 27
114.86.225.49 - - [16/Jun/2021:10:20:37 +0800] "GET /xingrg/check_reg.html?_=1623810034870 HTTP/1.1" 200 22
180.169.147.146 - - [16/Jun/2021:10:20:39 +0800] "GET /xingrg/all/function/internal_message.html?_=1623810035558&CODE_STATE=getMsg HTTP/1.1" 200 27
116.235.222.38 - - [16/Jun/2021:10:20:46 +0800] "GET /xingrg/kc/buy/cgsh_order_operate.html?command=get_materiel&rest_code=00107&code=00102002195&supplier_code=00100347&order_time=2021-06-16 HTTP/1.1" 200 413
117.184.7.26 - - [16/Jun/2021:10:20:48 +0800] "GET /xingrg/all/function/internal_message.html?_=1623810035650&CODE_STATE=getMsg HTTP/1.1" 200 27
116.230.117.165 - - [16/Jun/2021:10:20:53 +0800] "GET /xingrg/all/function/internal_message.html?_=1623810060336&CODE_STATE=getMsg HTTP/1.1" 200 27
180.169.147.146 - - [16/Jun/2021:10:20:55 +0800] "GET /xingrg/check_reg.html?_=1623810052619 HTTP/1.1" 200 22
180.169.147.146 - - [16/Jun/2021:10:20:55 +0800] "GET /xingrg/all/function/internal_message.html?_=1623810052618&CODE_STATE=getMsg HTTP/1.1" 200 27
117.185.32.26 - - [16/Jun/2021:10:20:59 +0800] "GET /xingrg/all/function/internal_message.html?_=1623810585333&CODE_STATE=getMsg HTTP/1.1" 200 27
180.169.147.146 - - [16/Jun/2021:10:21:03 +0800] "GET /xingrg/all/function/internal_message.html?_=1623810063823&CODE_STATE=getMsg HTTP/1.1" 200 27
116.224.253.72 - - [16/Jun/2021:10:21:05 +0800] "GET /xingrg/all/function/internal_message.html?_=1623810061314&CODE_STATE=getMsg HTTP/1.1" 200 27
180.169.147.146 - - [16/Jun/2021:10:21:13 +0800] "GET /xingrg/all/function/internal_message.html?_=1623810070495&CODE_STATE=getMsg HTTP/1.1" 200 27
222.69.128.91 - - [16/Jun/2021:10:21:13 +0800] "GET /xingrg/all/function/internal_message.html?_=1623810068134&CODE_STATE=getMsg HTTP/1.1" 200 27
116.235.222.38 - - [16/Jun/2021:10:21:13 +0800] "GET /xingrg/kc/buy/cgsh_order_operate.html?command=get_materiel&rest_code=00107&code=00101012046&supplier_code=00100347&order_time=2021-06-16 HTTP/1.1" 200 417
180.169.147.146 - - [16/Jun/2021:10:21:14 +0800] "POST /xingrg/dwr/call/plaincall/AjaxReportQueryService.refreshCache.dwr HTTP/1.1" 200 78
180.169.147.146 - - [16/Jun/2021:10:21:15 +0800] "POST /xingrg/all/report/load_report_page.html HTTP/1.1" 200 49888
180.169.147.146 - - [16/Jun/2021:10:21:15 +0800] "GET /xingrg/servlets/image?cache=0.1808738318756279&image=px HTTP/1.1" 200 807
180.169.147.146 - - [16/Jun/2021:10:21:18 +0800] "GET /xingrg/javascript/jquery_easy_ui/themes/default/images/button_plain_hover.png HTTP/1.1" 200 252
101.85.94.178 - - [16/Jun/2021:10:21:24 +0800] "GET /xingrg/all/function/internal_message.html?_=1623809533371&CODE_STATE=getMsg HTTP/1.1" 200 27
180.161.111.4 - - [16/Jun/2021:10:21:27 +0800] "GET /xingrg/all/function/internal_message.html?_=1623810048693&CODE_STATE=getMsg HTTP/1.1" 200 27
117.185.32.26 - - [16/Jun/2021:10:21:29 +0800] "GET /xingrg/kc/buy/cgsh_order_add.html HTTP/1.1" 200 62466
117.185.32.26 - - [16/Jun/2021:10:21:29 +0800] "POST /xingrg/kc/buy/cgsh_order_operate.html HTTP/1.1" 200 8245
117.185.32.26 - - [16/Jun/2021:10:21:29 +0800] "GET /xingrg/javascript/easyui/themes/default/validatebox.css HTTP/1.1" 404 1104
116.235.222.38 - - [16/Jun/2021:10:21:29 +0800] "GET /xingrg/all/function/internal_message.html?_=1623810082837&CODE_STATE=getMsg HTTP/1.1" 200 27
117.185.32.26 - - [16/Jun/2021:10:21:31 +0800] "GET /xingrg/javascript/easyui/themes/default/tree.css HTTP/1.1" 404 1090
61.165.42.208 - - [16/Jun/2021:10:21:31 +0800] "GET /xingrg/all/function/internal_message.html?_=1623810089278&CODE_STATE=getMsg HTTP/1.1" 200 27
117.185.32.26 - - [16/Jun/2021:10:21:31 +0800] "POST /xingrg/all/common/load_tree.html?tree=supplier_tree_json&isDelete=1 HTTP/1.1" 200 56029
114.86.225.49 - - [16/Jun/2021:10:21:37 +0800] "GET /xingrg/all/function/internal_message.html?_=1623810094869&CODE_STATE=getMsg HTTP/1.1" 200 27
116.235.222.38 - - [16/Jun/2021:10:21:39 +0800] "GET /xingrg/kc/buy/cgsh_order_operate.html?command=get_materiel&rest_code=00107&code=00101008604&supplier_code=00100347&order_time=2021-06-16 HTTP/1.1" 200 396
180.169.147.146 - - [16/Jun/2021:10:21:39 +0800] "GET /xingrg/all/function/internal_message.html?_=1623810095553&CODE_STATE=getMsg HTTP/1.1" 200 27
117.184.7.26 - - [16/Jun/2021:10:21:44 +0800] "GET /xingrg/check_reg.html?_=1623810095654 HTTP/1.1" 200 22
117.184.7.26 - - [16/Jun/2021:10:21:44 +0800] "GET /xingrg/all/function/internal_message.html?_=1623810095656&CODE_STATE=getMsg HTTP/1.1" 200 27
117.185.32.26 - - [16/Jun/2021:10:21:50 +0800] "GET /xingrg/kc/buy/cgsh_order_operate.html?command=get_materiel&rest_code=00106&code=00101003003&supplier_code=00100093&order_time=2021-06-16 HTTP/1.1" 200 414
116.230.117.165 - - [16/Jun/2021:10:21:53 +0800] "GET /xingrg/all/function/internal_message.html?_=1623810120349&CODE_STATE=getMsg HTTP/1.1" 200 27
180.169.147.146 - - [16/Jun/2021:10:21:55 +0800] "GET /xingrg/all/function/internal_message.html?_=1623810112615&CODE_STATE=getMsg HTTP/1.1" 200 27
116.235.222.38 - - [16/Jun/2021:10:21:58 +0800] "POST /xingrg/kc/buy/cgsh_order_operate.html HTTP/1.1" 200 37
117.185.32.26 - - [16/Jun/2021:10:21:59 +0800] "GET /xingrg/all/function/internal_message.html?_=1623810645333&CODE_STATE=getMsg HTTP/1.1" 200 27
116.235.222.38 - - [16/Jun/2021:10:22:00 +0800] "POST /xingrg/kc/buy/cgsh_order_operate.html HTTP/1.1" 200 3842
116.235.222.38 - - [16/Jun/2021:10:22:02 +0800] "GET /xingrg/kc/print/load_data.html?order_code=212021061607276&kc_code=cgsh&condition= HTTP/1.1" 200 1112
180.169.147.146 - - [16/Jun/2021:10:22:03 +0800] "GET /xingrg/all/function/internal_message.html?_=1623810123827&CODE_STATE=getMsg HTTP/1.1" 200 27
116.224.253.72 - - [16/Jun/2021:10:22:05 +0800] "GET /xingrg/all/function/internal_message.html?_=1623810121329&CODE_STATE=getMsg HTTP/1.1" 200 27
180.169.147.146 - - [16/Jun/2021:10:22:13 +0800] "GET /xingrg/all/function/internal_message.html?_=1623810130483&CODE_STATE=getMsg HTTP/1.1" 200 27
222.69.128.91 - - [16/Jun/2021:10:22:13 +0800] "GET /xingrg/check_reg.html?_=1623810128137 HTTP/1.1" 200 22
222.69.128.91 - - [16/Jun/2021:10:22:13 +0800] "GET /xingrg/all/function/internal_message.html?_=1623810128138&CODE_STATE=getMsg HTTP/1.1" 200 27
117.185.32.26 - - [16/Jun/2021:10:22:20 +0800] "POST /xingrg/kc/buy/cgsh_order_operate.html HTTP/1.1" 200 37
116.230.117.165 - - [16/Jun/2021:10:22:23 +0800] "GET /xingrg/check_reg.html?_=1623810150337 HTTP/1.1" 200 22
117.185.32.26 - - [16/Jun/2021:10:22:24 +0800] "POST /xingrg/kc/buy/cgsh_order_operate.html HTTP/1.1" 200 12
101.85.94.178 - - [16/Jun/2021:10:22:24 +0800] "GET /xingrg/all/function/internal_message.html?_=1623809593369&CODE_STATE=getMsg HTTP/1.1" 200 27
117.185.32.26 - - [16/Jun/2021:10:22:25 +0800] "GET /xingrg/kc/buy/cgsh_order_info.html?code=212021061607277 HTTP/1.1" 200 57370
116.230.117.165 - - [16/Jun/2021:10:22:25 +0800] "GET /xingrg/check_reg.html?_=1623810142224 HTTP/1.1" 302 -
117.185.32.26 - - [16/Jun/2021:10:22:25 +0800] "GET /xingrg/javascript/easyui/themes/default/validatebox.css HTTP/1.1" 404 1104
117.185.32.26 - - [16/Jun/2021:10:22:26 +0800] "POST /xingrg/kc/buy/cgsh_order_operate.html HTTP/1.1" 200 613
180.161.111.4 - - [16/Jun/2021:10:22:27 +0800] "GET /xingrg/all/function/internal_message.html?_=1623810108791&CODE_STATE=getMsg HTTP/1.1" 200 27
117.185.32.26 - - [16/Jun/2021:10:22:28 +0800] "GET /xingrg/kc/print/load_data.html?order_code=212021061607277&kc_code=cgsh&condition= HTTP/1.1" 200 753
116.235.222.38 - - [16/Jun/2021:10:22:29 +0800] "GET /xingrg/all/function/internal_message.html?_=1623810142815&CODE_STATE=getMsg HTTP/1.1" 200 27
61.165.42.208 - - [16/Jun/2021:10:22:31 +0800] "GET /xingrg/all/function/internal_message.html?_=1623810149278&CODE_STATE=getMsg HTTP/1.1" 200 27
114.86.225.49 - - [16/Jun/2021:10:22:37 +0800] "GET /xingrg/all/function/internal_message.html?_=1623810154871&CODE_STATE=getMsg HTTP/1.1" 200 27
117.185.32.26 - - [16/Jun/2021:10:22:38 +0800] "GET /xingrg/kc/buy/cgsh_order_add.html HTTP/1.1" 200 62466
117.185.32.26 - - [16/Jun/2021:10:22:39 +0800] "POST /xingrg/kc/buy/cgsh_order_operate.html HTTP/1.1" 200 8245
117.185.32.26 - - [16/Jun/2021:10:22:39 +0800] "GET /xingrg/javascript/easyui/themes/default/validatebox.css HTTP/1.1" 404 1104
180.169.147.146 - - [16/Jun/2021:10:22:39 +0800] "GET /xingrg/check_reg.html?_=1623810155547 HTTP/1.1" 200 22
180.169.147.146 - - [16/Jun/2021:10:22:39 +0800] "GET /xingrg/all/function/internal_message.html?_=1623810155551&CODE_STATE=getMsg HTTP/1.1" 200 27
117.185.32.26 - - [16/Jun/2021:10:22:41 +0800] "GET /xingrg/javascript/easyui/themes/default/tree.css HTTP/1.1" 404 1090
117.185.32.26 - - [16/Jun/2021:10:22:41 +0800] "POST /xingrg/all/common/load_tree.html?tree=supplier_tree_json&isDelete=1 HTTP/1.1" 200 56029
180.169.147.146 - - [16/Jun/2021:10:22:43 +0800] "POST /xingrg/kc/buy/cgsh_list_operate.html HTTP/1.1" 200 434
117.184.7.26 - - [16/Jun/2021:10:22:44 +0800] "GET /xingrg/all/function/internal_message.html?_=1623810155655&CODE_STATE=getMsg HTTP/1.1" 200 27
180.169.147.146 - - [16/Jun/2021:10:22:46 +0800] "GET /xingrg/kc/buy/cgsh_order_info.html?code=212021061507123 HTTP/1.1" 200 62467
180.169.147.146 - - [16/Jun/2021:10:22:46 +0800] "GET /xingrg/words/20210615091538_words.js HTTP/1.1" 200 821221
180.169.147.146 - - [16/Jun/2021:10:22:46 +0800] "GET /xingrg/javascript/easyui/themes/default/validatebox.css HTTP/1.1" 404 1104
180.169.147.146 - - [16/Jun/2021:10:22:46 +0800] "GET /xingrg/all/common/auto_word.html?type=employee&rest_code=00111 HTTP/1.1" 200 155
180.169.147.146 - - [16/Jun/2021:10:22:46 +0800] "GET /xingrg/all/common/auto_word.html?type=employee&rest_code=00111 HTTP/1.1" 200 155
180.169.147.146 - - [16/Jun/2021:10:22:47 +0800] "POST /xingrg/kc/buy/cgsh_order_operate.html HTTP/1.1" 200 4445
116.230.117.165 - - [16/Jun/2021:10:22:53 +0800] "GET /xingrg/all/function/internal_message.html?_=1623810180363&CODE_STATE=getMsg HTTP/1.1" 200 27
180.169.147.146 - - [16/Jun/2021:10:22:55 +0800] "GET /xingrg/all/function/internal_message.html?_=1623810172608&CODE_STATE=getMsg HTTP/1.1" 200 27
180.169.147.146 - - [16/Jun/2021:10:22:56 +0800] "GET /xingrg/javascript/auto/indicator.gif HTTP/1.1" 404 1066
117.185.32.26 - - [16/Jun/2021:10:22:57 +0800] "GET /xingrg/kc/buy/cgsh_order_operate.html?command=get_materiel&rest_code=00106&code=00101003053&supplier_code=00100091&order_time=2021-06-16 HTTP/1.1" 200 399
117.185.32.26 - - [16/Jun/2021:10:22:59 +0800] "GET /xingrg/all/function/internal_message.html?_=1623810705342&CODE_STATE=getMsg HTTP/1.1" 200 27
180.169.147.146 - - [16/Jun/2021:10:23:03 +0800] "GET /xingrg/check_reg.html?_=1623810183831 HTTP/1.1" 200 22
180.169.147.146 - - [16/Jun/2021:10:23:03 +0800] "GET /xingrg/all/function/internal_message.html?_=1623810183836&CODE_STATE=getMsg HTTP/1.1" 200 27
116.224.253.72 - - [16/Jun/2021:10:23:05 +0800] "GET /xingrg/all/function/internal_message.html?_=1623810181334&CODE_STATE=getMsg HTTP/1.1" 200 27
180.169.147.146 - - [16/Jun/2021:10:23:13 +0800] "GET /xingrg/all/function/internal_message.html?_=1623810190477&CODE_STATE=getMsg HTTP/1.1" 200 27
222.69.128.91 - - [16/Jun/2021:10:23:13 +0800] "GET /xingrg/all/function/internal_message.html?_=1623810188137&CODE_STATE=getMsg HTTP/1.1" 200 27
117.185.32.26 - - [16/Jun/2021:10:23:22 +0800] "POST /xingrg/kc/buy/cgsh_order_operate.html HTTP/1.1" 200 37
101.85.94.178 - - [16/Jun/2021:10:23:24 +0800] "GET /xingrg/check_reg.html?_=1623809653369 HTTP/1.1" 200 22
101.85.94.178 - - [16/Jun/2021:10:23:24 +0800] "GET /xingrg/all/function/internal_message.html?_=1623809653371&CODE_STATE=getMsg HTTP/1.1" 200 27
117.185.32.26 - - [16/Jun/2021:10:23:26 +0800] "POST /xingrg/kc/buy/cgsh_order_operate.html HTTP/1.1" 200 12
180.161.111.4 - - [16/Jun/2021:10:23:27 +0800] "GET /xingrg/all/function/internal_message.html?_=1623810168797&CODE_STATE=getMsg HTTP/1.1" 200 27
117.185.32.26 - - [16/Jun/2021:10:23:29 +0800] "GET /xingrg/kc/buy/cgsh_order_info.html?code=212021061607278 HTTP/1.1" 200 57372
117.185.32.26 - - [16/Jun/2021:10:23:29 +0800] "GET /xingrg/javascript/easyui/themes/default/validatebox.css HTTP/1.1" 404 1104
116.235.222.38 - - [16/Jun/2021:10:23:29 +0800] "GET /xingrg/all/function/internal_message.html?_=1623810202786&CODE_STATE=getMsg HTTP/1.1" 200 27
117.185.32.26 - - [16/Jun/2021:10:23:30 +0800] "POST /xingrg/kc/buy/cgsh_order_operate.html HTTP/1.1" 200 609
61.165.42.208 - - [16/Jun/2021:10:23:31 +0800] "GET /xingrg/check_reg.html?_=1623810209278 HTTP/1.1" 200 22
61.165.42.208 - - [16/Jun/2021:10:23:31 +0800] "GET /xingrg/all/function/internal_message.html?_=1623810209281&CODE_STATE=getMsg HTTP/1.1" 200 27
117.185.32.26 - - [16/Jun/2021:10:23:33 +0800] "GET /xingrg/kc/print/load_data.html?order_code=212021061607278&kc_code=cgsh&condition= HTTP/1.1" 200 765
114.86.225.49 - - [16/Jun/2021:10:23:37 +0800] "GET /xingrg/all/function/internal_message.html?_=1623810214874&CODE_STATE=getMsg HTTP/1.1" 200 27
180.169.147.146 - - [16/Jun/2021:10:23:39 +0800] "GET /xingrg/all/function/internal_message.html?_=1623810215541&CODE_STATE=getMsg HTTP/1.1" 200 27
117.185.32.26 - - [16/Jun/2021:10:23:42 +0800] "GET /xingrg/kc/buy/cgsh_order_add.html HTTP/1.1" 200 62466
117.185.32.26 - - [16/Jun/2021:10:23:42 +0800] "POST /xingrg/kc/buy/cgsh_order_operate.html HTTP/1.1" 200 8245
117.185.32.26 - - [16/Jun/2021:10:23:42 +0800] "GET /xingrg/javascript/easyui/themes/default/validatebox.css HTTP/1.1" 404 1104
117.184.7.26 - - [16/Jun/2021:10:23:44 +0800] "GET /xingrg/all/function/internal_message.html?_=1623810215656&CODE_STATE=getMsg HTTP/1.1" 200 27
117.185.32.26 - - [16/Jun/2021:10:23:44 +0800] "GET /xingrg/javascript/easyui/themes/default/tree.css HTTP/1.1" 404 1090
117.185.32.26 - - [16/Jun/2021:10:23:44 +0800] "POST /xingrg/all/common/load_tree.html?tree=supplier_tree_json&isDelete=1 HTTP/1.1" 200 56029
116.230.117.165 - - [16/Jun/2021:10:23:53 +0800] "GET /xingrg/all/function/internal_message.html?_=1623810240377&CODE_STATE=getMsg HTTP/1.1" 200 27
180.169.147.146 - - [16/Jun/2021:10:23:55 +0800] "GET /xingrg/all/function/internal_message.html?_=1623810232603&CODE_STATE=getMsg HTTP/1.1" 200 27
117.185.32.26 - - [16/Jun/2021:10:23:59 +0800] "GET /xingrg/check_reg.html?_=1623810765343 HTTP/1.1" 200 22
117.185.32.26 - - [16/Jun/2021:10:23:59 +0800] "GET /xingrg/all/function/internal_message.html?_=1623810765345&CODE_STATE=getMsg HTTP/1.1" 200 27
117.185.32.26 - - [16/Jun/2021:10:24:00 +0800] "GET /xingrg/kc/buy/cgsh_order_operate.html?command=get_materiel&rest_code=00106&code=00101001145&supplier_code=00100314&order_time=2021-06-16 HTTP/1.1" 200 415
114.86.187.76 - - [16/Jun/2021:10:24:01 +0800] "GET /favicon.ico HTTP/1.1" 404 -
180.169.147.146 - - [16/Jun/2021:10:24:03 +0800] "GET /xingrg/all/function/internal_message.html?_=1623810243829&CODE_STATE=getMsg HTTP/1.1" 200 27
116.224.253.72 - - [16/Jun/2021:10:24:05 +0800] "GET /xingrg/check_reg.html?_=1623810241341 HTTP/1.1" 200 22
116.224.253.72 - - [16/Jun/2021:10:24:05 +0800] "GET /xingrg/all/function/internal_message.html?_=1623810241342&CODE_STATE=getMsg HTTP/1.1" 200 27
180.161.111.4 - - [16/Jun/2021:10:24:07 +0800] "POST /xingrg/services/DataTransmitService HTTP/1.1" 200 524
180.161.111.4 - - [16/Jun/2021:10:24:07 +0800] "POST /xingrg/services/DataTransmitService HTTP/1.1" 200 2319
180.169.147.146 - - [16/Jun/2021:10:24:13 +0800] "GET /xingrg/all/function/internal_message.html?_=1623810250478&CODE_STATE=getMsg HTTP/1.1" 200 27
222.69.128.91 - - [16/Jun/2021:10:24:13 +0800] "GET /xingrg/all/function/internal_message.html?_=1623810248136&CODE_STATE=getMsg HTTP/1.1" 200 27
180.161.111.4 - - [16/Jun/2021:10:24:16 +0800] "POST /xingrg/services/DataTransmitService HTTP/1.1" 200 524
58.221.95.50 - - [16/Jun/2021:10:24:18 +0800] "GET /xingrg/check_reg.html?_=1623810255518 HTTP/1.1" 302 -
180.161.111.4 - - [16/Jun/2021:10:24:19 +0800] "POST /xingrg/services/DataTransmitService HTTP/1.1" 200 501
180.161.111.4 - - [16/Jun/2021:10:24:19 +0800] "POST /xingrg/services/DataTransmitService HTTP/1.1" 200 501
180.161.111.4 - - [16/Jun/2021:10:24:20 +0800] "POST /xingrg/services/DataTransmitService HTTP/1.1" 200 501
180.161.111.4 - - [16/Jun/2021:10:24:20 +0800] "POST /xingrg/services/DataTransmitService HTTP/1.1" 200 501
180.161.111.4 - - [16/Jun/2021:10:24:21 +0800] "POST /xingrg/services/DataTransmitService HTTP/1.1" 200 501
180.161.111.4 - - [16/Jun/2021:10:24:21 +0800] "POST /xingrg/services/DataTransmitService HTTP/1.1" 200 501
180.161.111.4 - - [16/Jun/2021:10:24:21 +0800] "POST /xingrg/services/DataTransmitService HTTP/1.1" 200 501
180.161.111.4 - - [16/Jun/2021:10:24:22 +0800] "POST /xingrg/services/DataTransmitService HTTP/1.1" 200 501
180.161.111.4 - - [16/Jun/2021:10:24:22 +0800] "POST /xingrg/services/DataTransmitService HTTP/1.1" 200 412
117.185.32.26 - - [16/Jun/2021:10:24:22 +0800] "POST /xingrg/kc/buy/cgsh_order_operate.html HTTP/1.1" 200 37
101.85.94.178 - - [16/Jun/2021:10:24:24 +0800] "GET /xingrg/all/function/internal_message.html?_=1623809713371&CODE_STATE=getMsg HTTP/1.1" 200 27
117.185.32.26 - - [16/Jun/2021:10:24:25 +0800] "POST /xingrg/kc/buy/cgsh_order_operate.html HTTP/1.1" 200 12
180.161.111.4 - - [16/Jun/2021:10:24:26 +0800] "GET /xingrg/check_reg.html?_=1623810227944 HTTP/1.1" 200 22
117.185.32.26 - - [16/Jun/2021:10:24:26 +0800] "GET /xingrg/kc/buy/cgsh_order_info.html?code=212021061607279 HTTP/1.1" 200 57370
117.185.32.26 - - [16/Jun/2021:10:24:27 +0800] "GET /xingrg/javascript/easyui/themes/default/validatebox.css HTTP/1.1" 404 1104
180.161.111.4 - - [16/Jun/2021:10:24:27 +0800] "GET /xingrg/all/function/internal_message.html?_=1623810228820&CODE_STATE=getMsg HTTP/1.1" 200 27
117.185.32.26 - - [16/Jun/2021:10:24:28 +0800] "POST /xingrg/kc/buy/cgsh_order_operate.html HTTP/1.1" 200 611
116.235.222.38 - - [16/Jun/2021:10:24:29 +0800] "GET /xingrg/all/function/internal_message.html?_=1623810262769&CODE_STATE=getMsg HTTP/1.1" 200 27
117.185.32.26 - - [16/Jun/2021:10:24:30 +0800] "GET /xingrg/kc/print/load_data.html?order_code=212021061607279&kc_code=cgsh&condition= HTTP/1.1" 200 694
180.161.111.4 - - [16/Jun/2021:10:24:30 +0800] "POST /xingrg/services/DataTransmitService HTTP/1.1" 200 524
180.161.111.4 - - [16/Jun/2021:10:24:30 +0800] "POST /xingrg/services/DataTransmitService HTTP/1.1" 200 501
61.165.42.208 - - [16/Jun/2021:10:24:31 +0800] "GET /xingrg/all/function/internal_message.html?_=1623810269280&CODE_STATE=getMsg HTTP/1.1" 200 27
180.161.111.4 - - [16/Jun/2021:10:24:31 +0800] "POST /xingrg/services/DataTransmitService HTTP/1.1" 200 524
180.161.111.4 - - [16/Jun/2021:10:24:31 +0800] "POST /xingrg/services/DataTransmitService HTTP/1.1" 200 524
180.161.111.4 - - [16/Jun/2021:10:24:31 +0800] "POST /xingrg/services/DataTransmitService HTTP/1.1" 200 524
180.161.111.4 - - [16/Jun/2021:10:24:31 +0800] "POST /xingrg/services/DataTransmitService HTTP/1.1" 200 524
180.161.111.4 - - [16/Jun/2021:10:24:32 +0800] "POST /xingrg/services/DataTransmitService HTTP/1.1" 200 524
180.161.111.4 - - [16/Jun/2021:10:24:32 +0800] "POST /xingrg/services/DataTransmitService HTTP/1.1" 200 524
180.161.111.4 - - [16/Jun/2021:10:24:32 +0800] "POST /xingrg/services/DataTransmitService HTTP/1.1" 200 524
180.161.111.4 - - [16/Jun/2021:10:24:34 +0800] "POST /xingrg/services/DataTransmitService HTTP/1.1" 200 524
114.86.225.49 - - [16/Jun/2021:10:24:37 +0800] "GET /xingrg/all/function/internal_message.html?_=1623810274879&CODE_STATE=getMsg HTTP/1.1" 200 27
180.169.147.146 - - [16/Jun/2021:10:24:39 +0800] "GET /xingrg/all/function/internal_message.html?_=1623810275552&CODE_STATE=getMsg HTTP/1.1" 200 27
117.185.32.26 - - [16/Jun/2021:10:24:42 +0800] "GET /xingrg/kc/buy/cgsh_order_add.html HTTP/1.1" 200 62466
117.185.32.26 - - [16/Jun/2021:10:24:42 +0800] "GET /xingrg/javascript/easyui/themes/default/validatebox.css HTTP/1.1" 404 1104
117.185.32.26 - - [16/Jun/2021:10:24:42 +0800] "POST /xingrg/kc/buy/cgsh_order_operate.html HTTP/1.1" 200 8245
117.184.7.26 - - [16/Jun/2021:10:24:44 +0800] "GET /xingrg/all/function/internal_message.html?_=1623810275655&CODE_STATE=getMsg HTTP/1.1" 200 27
117.185.32.26 - - [16/Jun/2021:10:24:44 +0800] "GET /xingrg/javascript/easyui/themes/default/tree.css HTTP/1.1" 404 1090
117.185.32.26 - - [16/Jun/2021:10:24:44 +0800] "POST /xingrg/all/common/load_tree.html?tree=supplier_tree_json&isDelete=1 HTTP/1.1" 200 56029
116.230.117.165 - - [16/Jun/2021:10:24:54 +0800] "GET /xingrg/all/function/internal_message.html?_=1623810301105&CODE_STATE=getMsg HTTP/1.1" 200 27
180.169.147.146 - - [16/Jun/2021:10:24:55 +0800] "GET /xingrg/all/function/internal_message.html?_=1623810292620&CODE_STATE=getMsg HTTP/1.1" 200 27
117.185.32.26 - - [16/Jun/2021:10:24:59 +0800] "GET /xingrg/all/function/internal_message.html?_=1623810825395&CODE_STATE=getMsg HTTP/1.1" 200 27
180.169.147.146 - - [16/Jun/2021:10:25:03 +0800] "GET /xingrg/all/function/internal_message.html?_=1623810303833&CODE_STATE=getMsg HTTP/1.1" 200 27
116.224.253.72 - - [16/Jun/2021:10:25:05 +0800] "GET /xingrg/all/function/internal_message.html?_=1623810301349&CODE_STATE=getMsg HTTP/1.1" 200 27
180.161.111.4 - - [16/Jun/2021:10:25:05 +0800] "POST /xingrg/services/DataTransmitService HTTP/1.1" 200 524
180.161.111.4 - - [16/Jun/2021:10:25:06 +0800] "POST /xingrg/services/DataTransmitService HTTP/1.1" 200 524
180.161.111.4 - - [16/Jun/2021:10:25:06 +0800] "POST /xingrg/services/DataTransmitService HTTP/1.1" 200 524
180.161.111.4 - - [16/Jun/2021:10:25:06 +0800] "POST /xingrg/services/DataTransmitService HTTP/1.1" 200 524
180.161.111.4 - - [16/Jun/2021:10:25:06 +0800] "POST /xingrg/services/DataTransmitService HTTP/1.1" 200 524
180.161.111.4 - - [16/Jun/2021:10:25:07 +0800] "POST /xingrg/services/DataTransmitService HTTP/1.1" 200 524
180.161.111.4 - - [16/Jun/2021:10:25:07 +0800] "POST /xingrg/services/DataTransmitService HTTP/1.1" 200 524
117.185.32.26 - - [16/Jun/2021:10:25:13 +0800] "GET /xingrg/kc/buy/cgsh_order_operate.html?command=get_materiel&rest_code=00106&code=00101010282&supplier_code=00100324&order_time=2021-06-16 HTTP/1.1" 200 415
180.169.147.146 - - [16/Jun/2021:10:25:13 +0800] "GET /xingrg/all/function/internal_message.html?_=1623810310479&CODE_STATE=getMsg HTTP/1.1" 200 27
180.169.147.146 - - [16/Jun/2021:10:25:13 +0800] "GET /xingrg/check_reg.html?_=1623810310483 HTTP/1.1" 200 22
222.69.128.91 - - [16/Jun/2021:10:25:13 +0800] "GET /xingrg/all/function/internal_message.html?_=1623810308145&CODE_STATE=getMsg HTTP/1.1" 200 27
101.85.94.178 - - [16/Jun/2021:10:25:24 +0800] "GET /xingrg/all/function/internal_message.html?_=1623809773374&CODE_STATE=getMsg HTTP/1.1" 200 27
180.161.111.4 - - [16/Jun/2021:10:25:27 +0800] "GET /xingrg/all/function/internal_message.html?_=1623810288828&CODE_STATE=getMsg HTTP/1.1" 200 27
116.235.222.38 - - [16/Jun/2021:10:25:29 +0800] "GET /xingrg/check_reg.html?_=1623810322599 HTTP/1.1" 200 22
116.235.222.38 - - [16/Jun/2021:10:25:29 +0800] "GET /xingrg/all/function/internal_message.html?_=1623810322748&CODE_STATE=getMsg HTTP/1.1" 200 27
61.165.42.208 - - [16/Jun/2021:10:25:31 +0800] "GET /xingrg/all/function/internal_message.html?_=1623810329280&CODE_STATE=getMsg HTTP/1.1" 200 27
114.86.225.49 - - [16/Jun/2021:10:25:37 +0800] "GET /xingrg/all/function/internal_message.html?_=1623810334878&CODE_STATE=getMsg HTTP/1.1" 200 27
114.86.225.49 - - [16/Jun/2021:10:25:37 +0800] "GET /xingrg/check_reg.html?_=1623810334881 HTTP/1.1" 200 22
180.169.147.146 - - [16/Jun/2021:10:25:39 +0800] "GET /xingrg/all/function/internal_message.html?_=1623810335553&CODE_STATE=getMsg HTTP/1.1" 200 27
117.185.32.26 - - [16/Jun/2021:10:25:40 +0800] "POST /xingrg/kc/buy/cgsh_order_operate.html HTTP/1.1" 200 37
117.184.7.26 - - [16/Jun/2021:10:25:44 +0800] "GET /xingrg/all/function/internal_message.html?_=1623810335655&CODE_STATE=getMsg HTTP/1.1" 200 27
117.185.32.26 - - [16/Jun/2021:10:25:44 +0800] "POST /xingrg/kc/buy/cgsh_order_operate.html HTTP/1.1" 200 12
117.185.32.26 - - [16/Jun/2021:10:25:46 +0800] "GET /xingrg/kc/buy/cgsh_order_info.html?code=212021061607280 HTTP/1.1" 200 57372
117.185.32.26 - - [16/Jun/2021:10:25:46 +0800] "GET /xingrg/javascript/easyui/themes/default/validatebox.css HTTP/1.1" 404 1104
117.185.32.26 - - [16/Jun/2021:10:25:47 +0800] "POST /xingrg/kc/buy/cgsh_order_operate.html HTTP/1.1" 200 607
117.185.32.26 - - [16/Jun/2021:10:25:50 +0800] "GET /xingrg/kc/print/load_data.html?order_code=212021061607280&kc_code=cgsh&condition= HTTP/1.1" 200 708
116.230.117.165 - - [16/Jun/2021:10:25:54 +0800] "GET /xingrg/all/function/internal_message.html?_=1623810361106&CODE_STATE=getMsg HTTP/1.1" 200 27
180.169.147.146 - - [16/Jun/2021:10:25:55 +0800] "GET /xingrg/check_reg.html?_=1623810352601 HTTP/1.1" 200 22
180.169.147.146 - - [16/Jun/2021:10:25:55 +0800] "GET /xingrg/all/function/internal_message.html?_=1623810352604&CODE_STATE=getMsg HTTP/1.1" 200 27
117.185.32.26 - - [16/Jun/2021:10:25:59 +0800] "GET /xingrg/all/function/internal_message.html?_=1623810885372&CODE_STATE=getMsg HTTP/1.1" 200 27
117.185.32.26 - - [16/Jun/2021:10:26:01 +0800] "GET /xingrg/kc/buy/cgsh_order_add.html HTTP/1.1" 200 62466
117.185.32.26 - - [16/Jun/2021:10:26:01 +0800] "POST /xingrg/kc/buy/cgsh_order_operate.html HTTP/1.1" 200 8245
117.185.32.26 - - [16/Jun/2021:10:26:01 +0800] "GET /xingrg/javascript/easyui/themes/default/validatebox.css HTTP/1.1" 404 1104
117.185.32.26 - - [16/Jun/2021:10:26:03 +0800] "GET /xingrg/javascript/easyui/themes/default/tree.css HTTP/1.1" 404 1090
117.185.32.26 - - [16/Jun/2021:10:26:03 +0800] "POST /xingrg/all/common/load_tree.html?tree=supplier_tree_json&isDelete=1 HTTP/1.1" 200 56029
180.169.147.146 - - [16/Jun/2021:10:26:03 +0800] "GET /xingrg/all/function/internal_message.html?_=1623810363828&CODE_STATE=getMsg HTTP/1.1" 200 27
116.224.253.72 - - [16/Jun/2021:10:26:05 +0800] "GET /xingrg/all/function/internal_message.html?_=1623810361348&CODE_STATE=getMsg HTTP/1.1" 200 27
180.169.147.146 - - [16/Jun/2021:10:26:13 +0800] "GET /xingrg/all/function/internal_message.html?_=1623810370476&CODE_STATE=getMsg HTTP/1.1" 200 27
222.69.128.91 - - [16/Jun/2021:10:26:13 +0800] "GET /xingrg/all/function/internal_message.html?_=1623810368149&CODE_STATE=getMsg HTTP/1.1" 200 27
101.85.94.178 - - [16/Jun/2021:10:26:24 +0800] "GET /xingrg/all/function/internal_message.html?_=1623809833373&CODE_STATE=getMsg HTTP/1.1" 200 27
117.185.32.26 - - [16/Jun/2021:10:26:26 +0800] "GET /xingrg/kc/buy/cgsh_order_operate.html?command=get_materiel&rest_code=00106&code=00101009034&supplier_code=00100335&order_time=2021-06-16 HTTP/1.1" 200 428
180.161.111.4 - - [16/Jun/2021:10:26:27 +0800] "GET /xingrg/all/function/internal_message.html?_=1623810348839&CODE_STATE=getMsg HTTP/1.1" 200 27
116.235.222.38 - - [16/Jun/2021:10:26:29 +0800] "GET /xingrg/all/function/internal_message.html?_=1623810382721&CODE_STATE=getMsg HTTP/1.1" 200 27
61.165.42.208 - - [16/Jun/2021:10:26:31 +0800] "GET /xingrg/all/function/internal_message.html?_=1623810389281&CODE_STATE=getMsg HTTP/1.1" 200 27
116.230.110.80 - - [16/Jun/2021:10:26:33 +0800] "GET /xingrg/login.html HTTP/1.1" 200 7641
116.230.110.80 - - [16/Jun/2021:10:26:34 +0800] "GET /favicon.ico HTTP/1.1" 404 -
114.86.225.49 - - [16/Jun/2021:10:26:37 +0800] "GET /xingrg/all/function/internal_message.html?_=1623810394880&CODE_STATE=getMsg HTTP/1.1" 200 27
180.169.147.146 - - [16/Jun/2021:10:26:39 +0800] "GET /xingrg/all/function/internal_message.html?_=1623810395550&CODE_STATE=getMsg HTTP/1.1" 200 27
117.184.7.26 - - [16/Jun/2021:10:26:44 +0800] "GET /xingrg/check_reg.html?_=1623810395664 HTTP/1.1" 200 22
117.184.7.26 - - [16/Jun/2021:10:26:44 +0800] "GET /xingrg/all/function/internal_message.html?_=1623810395682&CODE_STATE=getMsg HTTP/1.1" 200 27
117.185.32.26 - - [16/Jun/2021:10:26:46 +0800] "POST /xingrg/kc/buy/cgsh_order_operate.html HTTP/1.1" 200 37
117.185.32.26 - - [16/Jun/2021:10:26:55 +0800] "POST /xingrg/kc/buy/cgsh_order_operate.html HTTP/1.1" 200 12
116.230.117.165 - - [16/Jun/2021:10:26:55 +0800] "GET /xingrg/all/function/internal_message.html?_=1623810421768&CODE_STATE=getMsg HTTP/1.1" 200 27
180.169.147.146 - - [16/Jun/2021:10:26:55 +0800] "GET /xingrg/all/function/internal_message.html?_=1623810412607&CODE_STATE=getMsg HTTP/1.1" 200 27
117.185.32.26 - - [16/Jun/2021:10:26:56 +0800] "GET /xingrg/kc/buy/cgsh_order_info.html?code=212021061607281 HTTP/1.1" 200 57368
117.185.32.26 - - [16/Jun/2021:10:26:56 +0800] "GET /xingrg/javascript/easyui/themes/default/validatebox.css HTTP/1.1" 404 1104
116.230.110.80 - - [16/Jun/2021:10:26:56 +0800] "POST /xingrg/login.do HTTP/1.1" 302 -
116.230.110.80 - - [16/Jun/2021:10:26:56 +0800] "GET /xingrg/index.html?sysBaseUrl=http%3A%2F%2F180.169.147.146%3A18081%2Fxingrg%2F&costTime=40×tamp=1623810416783 HTTP/1.1" 200 17179
117.185.32.26 - - [16/Jun/2021:10:26:57 +0800] "POST /xingrg/kc/buy/cgsh_order_operate.html HTTP/1.1" 200 618
116.230.110.80 - - [16/Jun/2021:10:26:57 +0800] "GET /favicon.ico HTTP/1.1" 404 -
116.230.110.80 - - [16/Jun/2021:10:26:57 +0800] "POST /xingrg/all/common/load_tree.html?tree=area_rest_tree_json&manage=1 HTTP/1.1" 200 351
116.230.110.80 - - [16/Jun/2021:10:26:57 +0800] "GET /xingrg/all/function/internal_message.html?_=1623810383201&CODE_STATE=count HTTP/1.1" 200 11
116.230.110.80 - - [16/Jun/2021:10:26:57 +0800] "GET /xingrg/check_reg.html?_=1623810383203 HTTP/1.1" 200 22
116.230.110.80 - - [16/Jun/2021:10:26:57 +0800] "POST /xingrg/load_menu.html HTTP/1.1" 200 5138
117.184.7.26 - - [16/Jun/2021:10:26:57 +0800] "GET /favicon.ico HTTP/1.1" 404 -
117.185.32.26 - - [16/Jun/2021:10:26:59 +0800] "GET /xingrg/kc/print/load_data.html?order_code=212021061607281&kc_code=cgsh&condition= HTTP/1.1" 200 708
117.185.32.26 - - [16/Jun/2021:10:26:59 +0800] "GET /xingrg/all/function/internal_message.html?_=1623810945555&CODE_STATE=getMsg HTTP/1.1" 200 27
116.230.110.80 - - [16/Jun/2021:10:27:01 +0800] "GET /xingrg/kc/buy/cgsh_order_list.html HTTP/1.1" 200 46734
116.230.110.80 - - [16/Jun/2021:10:27:03 +0800] "POST /xingrg/kc/buy/cgsh_list_operate.html HTTP/1.1" 200 876
180.169.147.146 - - [16/Jun/2021:10:27:03 +0800] "GET /xingrg/all/function/internal_message.html?_=1623810423831&CODE_STATE=getMsg HTTP/1.1" 200 27
117.185.32.26 - - [16/Jun/2021:10:27:04 +0800] "GET /xingrg/kc/buy/cgsh_order_add.html HTTP/1.1" 200 62466
117.185.32.26 - - [16/Jun/2021:10:27:05 +0800] "POST /xingrg/kc/buy/cgsh_order_operate.html HTTP/1.1" 200 8245
117.185.32.26 - - [16/Jun/2021:10:27:05 +0800] "GET /xingrg/javascript/easyui/themes/default/validatebox.css HTTP/1.1" 404 1104
116.224.253.72 - - [16/Jun/2021:10:27:05 +0800] "GET /xingrg/all/function/internal_message.html?_=1623810421350&CODE_STATE=getMsg HTTP/1.1" 200 27
117.185.32.26 - - [16/Jun/2021:10:27:06 +0800] "GET /xingrg/javascript/easyui/themes/default/tree.css HTTP/1.1" 404 1090
117.185.32.26 - - [16/Jun/2021:10:27:06 +0800] "POST /xingrg/all/common/load_tree.html?tree=supplier_tree_json&isDelete=1 HTTP/1.1" 200 56029
116.230.110.80 - - [16/Jun/2021:10:27:11 +0800] "GET /xingrg/kc/buy/cgsh_order_add.html HTTP/1.1" 200 62434
116.230.110.80 - - [16/Jun/2021:10:27:11 +0800] "GET /xingrg/words/20210615091538_words.js HTTP/1.1" 304 -
116.230.110.80 - - [16/Jun/2021:10:27:11 +0800] "POST /xingrg/kc/buy/cgsh_order_operate.html HTTP/1.1" 200 8245
116.230.110.80 - - [16/Jun/2021:10:27:11 +0800] "GET /xingrg/all/common/auto_word.html?type=employee&rest_code=00155 HTTP/1.1" 200 205
116.230.110.80 - - [16/Jun/2021:10:27:11 +0800] "GET /xingrg/all/common/auto_word.html?type=employee&rest_code=00155 HTTP/1.1" 200 205
116.230.110.80 - - [16/Jun/2021:10:27:11 +0800] "GET /xingrg/javascript/easyui/themes/default/validatebox.css HTTP/1.1" 404 1104
114.86.225.49 - - [16/Jun/2021:10:27:13 +0800] "GET /favicon.ico HTTP/1.1" 404 -
180.169.147.146 - - [16/Jun/2021:10:27:13 +0800] "GET /xingrg/all/function/internal_message.html?_=1623810430513&CODE_STATE=getMsg HTTP/1.1" 200 27
222.69.128.91 - - [16/Jun/2021:10:27:13 +0800] "GET /xingrg/all/function/internal_message.html?_=1623810428149&CODE_STATE=getMsg HTTP/1.1" 200 27
222.69.128.91 - - [16/Jun/2021:10:27:13 +0800] "GET /xingrg/check_reg.html?_=1623810428150 HTTP/1.1" 200 22
101.85.94.178 - - [16/Jun/2021:10:27:24 +0800] "GET /xingrg/all/function/internal_message.html?_=1623809893374&CODE_STATE=getMsg HTTP/1.1" 200 27
116.230.117.165 - - [16/Jun/2021:10:27:24 +0800] "GET /xingrg/check_reg.html?_=1623810450945 HTTP/1.1" 200 22
116.230.117.165 - - [16/Jun/2021:10:27:25 +0800] "GET /xingrg/check_reg.html?_=1623810442206 HTTP/1.1" 302 -
117.185.32.26 - - [16/Jun/2021:10:27:25 +0800] "GET /xingrg/kc/buy/cgsh_order_operate.html?command=get_materiel&rest_code=00106&code=00101012049&supplier_code=00100338&order_time=2021-06-16 HTTP/1.1" 200 430
180.161.111.4 - - [16/Jun/2021:10:27:27 +0800] "GET /xingrg/all/function/internal_message.html?_=1623810408965&CODE_STATE=getMsg HTTP/1.1" 200 27
116.235.222.38 - - [16/Jun/2021:10:27:29 +0800] "GET /xingrg/all/function/internal_message.html?_=1623810442708&CODE_STATE=getMsg HTTP/1.1" 200 27
116.230.110.80 - - [16/Jun/2021:10:27:30 +0800] "GET /favicon.ico HTTP/1.1" 404 -
61.165.42.208 - - [16/Jun/2021:10:27:31 +0800] "GET /xingrg/all/function/internal_message.html?_=1623810449281&CODE_STATE=getMsg HTTP/1.1" 200 27
114.86.225.49 - - [16/Jun/2021:10:27:37 +0800] "GET /xingrg/all/function/internal_message.html?_=1623810454883&CODE_STATE=getMsg HTTP/1.1" 200 27
180.169.147.146 - - [16/Jun/2021:10:27:39 +0800] "GET /xingrg/check_reg.html?_=1623810455538 HTTP/1.1" 200 22
180.169.147.146 - - [16/Jun/2021:10:27:39 +0800] "GET /xingrg/all/function/internal_message.html?_=1623810455545&CODE_STATE=getMsg HTTP/1.1" 200 27
117.184.7.26 - - [16/Jun/2021:10:27:44 +0800] "GET /xingrg/all/function/internal_message.html?_=1623810455667&CODE_STATE=getMsg HTTP/1.1" 200 27
180.169.147.146 - - [16/Jun/2021:10:27:55 +0800] "GET /xingrg/all/function/internal_message.html?_=1623810472604&CODE_STATE=getMsg HTTP/1.1" 200 27
116.230.117.165 - - [16/Jun/2021:10:27:55 +0800] "GET /xingrg/all/function/internal_message.html?_=1623810482337&CODE_STATE=getMsg HTTP/1.1" 200 27
116.230.110.80 - - [16/Jun/2021:10:27:57 +0800] "GET /xingrg/all/function/internal_message.html?_=1623810443217&CODE_STATE=getMsg HTTP/1.1" 200 27
116.230.117.165 - - [16/Jun/2021:10:27:58 +0800] "GET /xingrg/kc/buy/cgsh_order_add.html HTTP/1.1" 200 62472
117.185.32.26 - - [16/Jun/2021:10:27:58 +0800] "GET /xingrg/kc/buy/cgsh_order_operate.html?command=get_materiel&rest_code=00106&code=00101008328&supplier_code=00100338&order_time=2021-06-16 HTTP/1.1" 200 410
117.185.32.26 - - [16/Jun/2021:10:27:59 +0800] "GET /xingrg/all/function/internal_message.html?_=1623811005534&CODE_STATE=getMsg HTTP/1.1" 200 27
116.230.117.165 - - [16/Jun/2021:10:28:00 +0800] "POST /xingrg/kc/buy/cgsh_order_operate.html HTTP/1.1" 200 8245
116.230.117.165 - - [16/Jun/2021:10:28:00 +0800] "GET /xingrg/javascript/easyui/themes/default/validatebox.css HTTP/1.1" 404 1104
180.169.147.146 - - [16/Jun/2021:10:28:03 +0800] "GET /xingrg/all/function/internal_message.html?_=1623810483833&CODE_STATE=getMsg HTTP/1.1" 200 27
180.169.147.146 - - [16/Jun/2021:10:28:03 +0800] "GET /xingrg/check_reg.html?_=1623810483838 HTTP/1.1" 200 22
116.224.253.72 - - [16/Jun/2021:10:28:05 +0800] "GET /xingrg/all/function/internal_message.html?_=1623810481349&CODE_STATE=getMsg HTTP/1.1" 200 27
180.169.147.146 - - [16/Jun/2021:10:28:13 +0800] "GET /xingrg/all/function/internal_message.html?_=1623810490494&CODE_STATE=getMsg HTTP/1.1" 200 27
222.69.128.91 - - [16/Jun/2021:10:28:13 +0800] "GET /xingrg/all/function/internal_message.html?_=1623810488148&CODE_STATE=getMsg HTTP/1.1" 200 27
117.185.32.26 - - [16/Jun/2021:10:28:17 +0800] "POST /xingrg/kc/buy/cgsh_order_operate.html HTTP/1.1" 200 37
117.185.32.26 - - [16/Jun/2021:10:28:20 +0800] "POST /xingrg/kc/buy/cgsh_order_operate.html HTTP/1.1" 200 12
117.185.32.26 - - [16/Jun/2021:10:28:21 +0800] "GET /xingrg/kc/buy/cgsh_order_info.html?code=212021061607282 HTTP/1.1" 200 57372
117.185.32.26 - - [16/Jun/2021:10:28:22 +0800] "GET /xingrg/javascript/easyui/themes/default/validatebox.css HTTP/1.1" 404 1104
117.185.32.26 - - [16/Jun/2021:10:28:22 +0800] "POST /xingrg/kc/buy/cgsh_order_operate.html HTTP/1.1" 200 1207
101.85.94.178 - - [16/Jun/2021:10:28:24 +0800] "GET /xingrg/check_reg.html?_=1623809953372 HTTP/1.1" 200 22
101.85.94.178 - - [16/Jun/2021:10:28:24 +0800] "GET /xingrg/all/function/internal_message.html?_=1623809953374&CODE_STATE=getMsg HTTP/1.1" 200 27
117.185.32.26 - - [16/Jun/2021:10:28:24 +0800] "GET /xingrg/kc/print/load_data.html?order_code=212021061607282&kc_code=cgsh&condition= HTTP/1.1" 200 937
116.235.222.38 - - [16/Jun/2021:10:28:29 +0800] "GET /xingrg/all/function/internal_message.html?_=1623810502687&CODE_STATE=getMsg HTTP/1.1" 200 27
117.185.32.26 - - [16/Jun/2021:10:28:30 +0800] "GET /xingrg/kc/buy/cgsh_order_add.html HTTP/1.1" 200 62466
117.185.32.26 - - [16/Jun/2021:10:28:31 +0800] "POST /xingrg/kc/buy/cgsh_order_operate.html HTTP/1.1" 200 8245
117.185.32.26 - - [16/Jun/2021:10:28:31 +0800] "GET /xingrg/javascript/easyui/themes/default/validatebox.css HTTP/1.1" 404 1104
61.165.42.208 - - [16/Jun/2021:10:28:31 +0800] "GET /xingrg/check_reg.html?_=1623810509281 HTTP/1.1" 200 22
61.165.42.208 - - [16/Jun/2021:10:28:31 +0800] "GET /xingrg/all/function/internal_message.html?_=1623810509284&CODE_STATE=getMsg HTTP/1.1" 200 27
117.185.32.26 - - [16/Jun/2021:10:28:32 +0800] "GET /xingrg/javascript/easyui/themes/default/tree.css HTTP/1.1" 404 1090
117.185.32.26 - - [16/Jun/2021:10:28:33 +0800] "POST /xingrg/all/common/load_tree.html?tree=supplier_tree_json&isDelete=1 HTTP/1.1" 200 56029
114.86.225.49 - - [16/Jun/2021:10:28:37 +0800] "GET /xingrg/all/function/internal_message.html?_=1623810514888&CODE_STATE=getMsg HTTP/1.1" 200 27
180.169.147.146 - - [16/Jun/2021:10:28:39 +0800] "GET /xingrg/all/function/internal_message.html?_=1623810515552&CODE_STATE=getMsg HTTP/1.1" 200 27
116.230.117.165 - - [16/Jun/2021:10:28:42 +0800] "GET /xingrg/login.html HTTP/1.1" 200 7641
116.230.117.165 - - [16/Jun/2021:10:28:42 +0800] "GET /xingrg/images/blue/login_bg.png HTTP/1.1" 304 -
116.230.117.165 - - [16/Jun/2021:10:28:42 +0800] "GET /xingrg/images/blue/jxLogo.png HTTP/1.1" 304 -
116.230.117.165 - - [16/Jun/2021:10:28:42 +0800] "GET /xingrg/images/blue/hj.png HTTP/1.1" 304 -
116.230.117.165 - - [16/Jun/2021:10:28:43 +0800] "GET /xingrg/images/blue/srbg.png HTTP/1.1" 304 -
116.230.117.165 - - [16/Jun/2021:10:28:43 +0800] "GET /favicon.ico HTTP/1.1" 404 -
117.184.7.26 - - [16/Jun/2021:10:28:44 +0800] "GET /xingrg/all/function/internal_message.html?_=1623810515667&CODE_STATE=getMsg HTTP/1.1" 200 27
116.230.117.165 - - [16/Jun/2021:10:28:44 +0800] "POST /xingrg/login.do HTTP/1.1" 302 -
116.230.117.165 - - [16/Jun/2021:10:28:44 +0800] "GET /xingrg/javascript/jquery_easy_ui/themes/default/easyui.css HTTP/1.1" 304 -
116.230.117.165 - - [16/Jun/2021:10:28:44 +0800] "GET /xingrg/javascript/jquery-1.4.2.min.js HTTP/1.1" 304 -
116.230.117.165 - - [16/Jun/2021:10:28:44 +0800] "GET /xingrg/css/form.css HTTP/1.1" 304 -
116.230.117.165 - - [16/Jun/2021:10:28:44 +0800] "GET /xingrg/javascript/jquery_easy_ui/jquery.easyui.min.js HTTP/1.1" 304 -
116.230.117.165 - - [16/Jun/2021:10:28:44 +0800] "GET /xingrg/javascript/jquery.form.js HTTP/1.1" 304 -
116.230.117.165 - - [16/Jun/2021:10:28:44 +0800] "GET /xingrg/javascript/jquery_easy_ui/easyui-lang-zh_CN.js HTTP/1.1" 304 -
116.230.117.165 - - [16/Jun/2021:10:28:44 +0800] "GET /xingrg/javascript/jquery.utils.js HTTP/1.1" 304 -
116.230.117.165 - - [16/Jun/2021:10:28:44 +0800] "GET /xingrg/javascript/jquery_easy_ui/themes/icon.css HTTP/1.1" 304 -
116.230.117.165 - - [16/Jun/2021:10:28:44 +0800] "GET /xingrg/javascript/jquery.timers.js HTTP/1.1" 304 -
116.230.117.165 - - [16/Jun/2021:10:28:44 +0800] "GET /favicon.ico HTTP/1.1" 404 -
116.230.117.165 - - [16/Jun/2021:10:28:44 +0800] "GET /xingrg/index.html?sysBaseUrl=http%3A%2F%2F180.169.147.146%3A18081%2Fxingrg%2F&costTime=42×tamp=1623810524912 HTTP/1.1" 200 17179
116.230.117.165 - - [16/Jun/2021:10:28:44 +0800] "GET /xingrg/images/blue/navBackgound.jpg HTTP/1.1" 304 -
116.230.117.165 - - [16/Jun/2021:10:28:45 +0800] "GET /xingrg/javascript/jquery_easy_ui/themes/icons/settle_new.png HTTP/1.1" 304 -
116.230.117.165 - - [16/Jun/2021:10:28:45 +0800] "GET /xingrg/images/blue/pingpu.png HTTP/1.1" 304 -
116.230.117.165 - - [16/Jun/2021:10:28:45 +0800] "POST /xingrg/all/common/load_tree.html?tree=area_rest_tree_json&manage=1 HTTP/1.1" 200 479
116.230.117.165 - - [16/Jun/2021:10:28:45 +0800] "GET /xingrg/javascript/jquery_easy_ui/themes/default/images/tabs_leftarrow.png HTTP/1.1" 304 -
116.230.117.165 - - [16/Jun/2021:10:28:45 +0800] "GET /xingrg/javascript/jquery_easy_ui/themes/default/images/tabs_rightarrow.png HTTP/1.1" 304 -
116.230.117.165 - - [16/Jun/2021:10:28:45 +0800] "GET /xingrg/javascript/jquery_easy_ui/themes/default/images/panel_tool_collapse.gif HTTP/1.1" 304 -
116.230.117.165 - - [16/Jun/2021:10:28:45 +0800] "GET /xingrg/all/function/internal_message.html?_=1623810531539&CODE_STATE=count HTTP/1.1" 200 11
116.230.117.165 - - [16/Jun/2021:10:28:45 +0800] "GET /xingrg/check_reg.html?_=1623810531539 HTTP/1.1" 200 22
116.230.117.165 - - [16/Jun/2021:10:28:45 +0800] "GET /xingrg/javascript/jquery_easy_ui/themes/default/images/tree_arrows.gif HTTP/1.1" 304 -
116.230.117.165 - - [16/Jun/2021:10:28:45 +0800] "POST /xingrg/load_menu.html HTTP/1.1" 200 5138
116.230.117.165 - - [16/Jun/2021:10:28:45 +0800] "GET /xingrg/javascript/jquery_easy_ui/themes/default/images/tree_folder_open.gif HTTP/1.1" 304 -
116.230.117.165 - - [16/Jun/2021:10:28:45 +0800] "GET /xingrg/javascript/jquery_easy_ui/themes/default/images/tree_folder.gif HTTP/1.1" 304 -
