180.161.111.4 - - [16/Jun/2021:09:52:03 +0800] "POST /xingrg/kc/buy/cgsh_list_operate.html HTTP/1.1" 200 876
180.161.111.4 - - [16/Jun/2021:09:52:03 +0800] "GET /xingrg/javascript/easyui/themes/default/images/button_plain_hover.png HTTP/1.1" 304 -
180.161.111.4 - - [16/Jun/2021:09:52:03 +0800] "GET /xingrg/javascript/easyui/themes/default/images/button_plain_hover.png HTTP/1.1" 304 -
180.161.111.4 - - [16/Jun/2021:09:52:04 +0800] "GET /xingrg/javascript/pic_change.js HTTP/1.1" 304 -
180.161.111.4 - - [16/Jun/2021:09:52:04 +0800] "GET /xingrg/javascript/jquery_tools/order_manager.js HTTP/1.1" 304 -
180.161.111.4 - - [16/Jun/2021:09:52:04 +0800] "GET /xingrg/javascript/convert.js HTTP/1.1" 304 -
180.161.111.4 - - [16/Jun/2021:09:52:04 +0800] "GET /xingrg/javascript/json2.js HTTP/1.1" 304 -
180.161.111.4 - - [16/Jun/2021:09:52:04 +0800] "GET /xingrg/javascript/print/kc_print.js HTTP/1.1" 304 -
180.161.111.4 - - [16/Jun/2021:09:52:04 +0800] "GET /xingrg/kc/buy/cgsh_order_add.html HTTP/1.1" 200 62425
180.161.111.4 - - [16/Jun/2021:09:52:04 +0800] "GET /xingrg/words/20210615091538_words.js HTTP/1.1" 304 -
180.161.111.4 - - [16/Jun/2021:09:52:04 +0800] "GET /xingrg/javascript/easyui/themes/icons/template_new.png HTTP/1.1" 304 -
180.161.111.4 - - [16/Jun/2021:09:52:04 +0800] "GET /xingrg/javascript/easyui/themes/icons/copy_new.png HTTP/1.1" 304 -
180.161.111.4 - - [16/Jun/2021:09:52:04 +0800] "GET /xingrg/javascript/easyui/themes/icons/ok.png HTTP/1.1" 304 -
180.161.111.4 - - [16/Jun/2021:09:52:04 +0800] "GET /xingrg/javascript/easyui/themes/default/images/menu_downarrow.png HTTP/1.1" 304 -
180.161.111.4 - - [16/Jun/2021:09:52:04 +0800] "GET /xingrg/javascript/easyui/themes/icons/print.png HTTP/1.1" 304 -
180.161.111.4 - - [16/Jun/2021:09:52:04 +0800] "GET /xingrg/javascript/easyui/themes/icons/cancel.png HTTP/1.1" 304 -
180.161.111.4 - - [16/Jun/2021:09:52:05 +0800] "POST /xingrg/kc/buy/cgsh_order_operate.html HTTP/1.1" 200 8245
116.224.253.72 - - [16/Jun/2021:09:52:05 +0800] "GET /xingrg/all/function/internal_message.html?_=1623808321178&CODE_STATE=getMsg HTTP/1.1" 200 27
180.161.111.4 - - [16/Jun/2021:09:52:05 +0800] "GET /xingrg/javascript/easyui/themes/icons/edit_remove.png HTTP/1.1" 304 -
180.161.111.4 - - [16/Jun/2021:09:52:05 +0800] "GET /xingrg/all/common/auto_word.html?type=employee&rest_code=00102 HTTP/1.1" 200 189
180.161.111.4 - - [16/Jun/2021:09:52:05 +0800] "GET /xingrg/all/common/auto_word.html?type=employee&rest_code=00102 HTTP/1.1" 200 189
180.161.111.4 - - [16/Jun/2021:09:52:05 +0800] "GET /xingrg/javascript/easyui/themes/default/validatebox.css HTTP/1.1" 404 1104
180.161.111.4 - - [16/Jun/2021:09:52:05 +0800] "GET /xingrg/javascript/easyui/plugins/jquery.validatebox.js HTTP/1.1" 304 -
180.161.111.4 - - [16/Jun/2021:09:52:05 +0800] "GET /xingrg/javascript/easyui/plugins/jquery.numberbox.js HTTP/1.1" 304 -
180.161.111.4 - - [16/Jun/2021:09:52:06 +0800] "GET /xingrg/javascript/easyui/plugins/jquery.draggable.js HTTP/1.1" 304 -
180.161.111.4 - - [16/Jun/2021:09:52:06 +0800] "GET /xingrg/css/images/panel_loading.gif HTTP/1.1" 304 -
180.161.111.4 - - [16/Jun/2021:09:52:07 +0800] "GET /xingrg/javascript/easyui/plugins/jquery.droppable.js HTTP/1.1" 304 -
180.161.111.4 - - [16/Jun/2021:09:52:07 +0800] "GET /xingrg/javascript/easyui/themes/default/tree.css HTTP/1.1" 404 1090
180.161.111.4 - - [16/Jun/2021:09:52:07 +0800] "GET /xingrg/javascript/easyui/plugins/jquery.tree.js HTTP/1.1" 304 -
180.161.111.4 - - [16/Jun/2021:09:52:07 +0800] "POST /xingrg/all/common/load_tree.html?tree=supplier_tree_json&isDelete=1 HTTP/1.1" 200 56029
180.161.111.4 - - [16/Jun/2021:09:52:09 +0800] "GET /xingrg/javascript/easyui/themes/default/images/tree_arrows.gif HTTP/1.1" 304 -
180.161.111.4 - - [16/Jun/2021:09:52:09 +0800] "GET /xingrg/javascript/easyui/themes/default/images/tree_folder_open.gif HTTP/1.1" 304 -
180.161.111.4 - - [16/Jun/2021:09:52:09 +0800] "GET /xingrg/javascript/easyui/themes/default/images/tree_folder.gif HTTP/1.1" 304 -
180.161.111.4 - - [16/Jun/2021:09:52:09 +0800] "GET /xingrg/javascript/easyui/themes/default/images/tree_file.gif HTTP/1.1" 304 -
117.185.32.26 - - [16/Jun/2021:09:52:11 +0800] "POST /xingrg/kc/buy/cgsh_order_operate.html HTTP/1.1" 200 37
116.230.117.165 - - [16/Jun/2021:09:52:12 +0800] "GET /xingrg/kc/buy/cgsh_order_operate.html?command=get_materiel&rest_code=00146&code=00101012025&supplier_code=00100033&order_time=2021-06-16 HTTP/1.1" 200 412
180.169.147.146 - - [16/Jun/2021:09:52:13 +0800] "GET /xingrg/all/function/internal_message.html?_=1623808330488&CODE_STATE=getMsg HTTP/1.1" 200 27
222.69.128.91 - - [16/Jun/2021:09:52:13 +0800] "GET /xingrg/all/function/internal_message.html?_=1623808328014&CODE_STATE=getMsg HTTP/1.1" 200 27
222.69.128.91 - - [16/Jun/2021:09:52:13 +0800] "GET /xingrg/check_reg.html?_=1623808328022 HTTP/1.1" 200 22
58.37.225.51 - - [16/Jun/2021:09:52:14 +0800] "GET /xingrg/check_reg.html?_=1623808266491 HTTP/1.1" 302 -
117.185.32.26 - - [16/Jun/2021:09:52:14 +0800] "POST /xingrg/kc/buy/cgsh_order_operate.html HTTP/1.1" 200 3258
116.230.117.165 - - [16/Jun/2021:09:52:21 +0800] "GET /xingrg/check_reg.html?_=1623808347803 HTTP/1.1" 200 22
180.161.111.4 - - [16/Jun/2021:09:52:21 +0800] "GET /xingrg/javascript/auto/indicator.gif HTTP/1.1" 404 1066
116.224.253.72 - - [16/Jun/2021:09:52:23 +0800] "GET /xingrg/all/function/internal_message.html?_=1623808329983&CODE_STATE=getMsg HTTP/1.1" 200 27
101.85.94.178 - - [16/Jun/2021:09:52:24 +0800] "GET /xingrg/all/function/internal_message.html?_=1623807793317&CODE_STATE=getMsg HTTP/1.1" 200 27
180.161.111.4 - - [16/Jun/2021:09:52:24 +0800] "GET /xingrg/kc/buy/cgsh_order_operate.html?command=get_materiel&rest_code=00102&code=00101011005&supplier_code=00100047&order_time=2021-06-16 HTTP/1.1" 200 428
116.230.117.165 - - [16/Jun/2021:09:52:25 +0800] "GET /xingrg/kc/buy/cgsh_order_operate.html?command=get_materiel&rest_code=00146&code=00101016025&supplier_code=00100033&order_time=2021-06-16 HTTP/1.1" 200 408
116.230.117.165 - - [16/Jun/2021:09:52:25 +0800] "GET /xingrg/check_reg.html?_=1623808342339 HTTP/1.1" 302 -
116.235.222.38 - - [16/Jun/2021:09:52:29 +0800] "GET /xingrg/all/function/internal_message.html?_=1623808342497&CODE_STATE=getMsg HTTP/1.1" 200 27
61.165.42.208 - - [16/Jun/2021:09:52:31 +0800] "GET /xingrg/all/function/internal_message.html?_=1623808349236&CODE_STATE=getMsg HTTP/1.1" 200 27
116.230.117.165 - - [16/Jun/2021:09:52:35 +0800] "GET /xingrg/kc/buy/cgsh_order_operate.html?command=get_materiel&rest_code=00146&code=00101012003&supplier_code=00100033&order_time=2021-06-16 HTTP/1.1" 200 412
114.86.225.49 - - [16/Jun/2021:09:52:37 +0800] "GET /xingrg/all/function/internal_message.html?_=1623808354804&CODE_STATE=getMsg HTTP/1.1" 200 27
180.161.111.4 - - [16/Jun/2021:09:52:45 +0800] "GET /xingrg/all/function/internal_message.html?_=1623808327018&CODE_STATE=getMsg HTTP/1.1" 200 27
116.230.117.165 - - [16/Jun/2021:09:52:47 +0800] "GET /xingrg/kc/buy/cgsh_order_operate.html?command=get_materiel&rest_code=00146&code=00101007109&supplier_code=00100033&order_time=2021-06-16 HTTP/1.1" 200 408
116.230.117.165 - - [16/Jun/2021:09:52:48 +0800] "GET /xingrg/all/function/internal_message.html?_=1623808374698&CODE_STATE=getMsg HTTP/1.1" 200 27
180.169.147.146 - - [16/Jun/2021:09:52:52 +0800] "GET /xingrg/all/function/internal_message.html?_=1623808369080&CODE_STATE=getMsg HTTP/1.1" 200 27
180.169.147.146 - - [16/Jun/2021:09:52:55 +0800] "GET /xingrg/all/function/internal_message.html?_=1623808372613&CODE_STATE=getMsg HTTP/1.1" 200 27
180.161.111.4 - - [16/Jun/2021:09:52:57 +0800] "POST /xingrg/kc/buy/cgsh_order_operate.html HTTP/1.1" 200 37
117.185.32.26 - - [16/Jun/2021:09:52:59 +0800] "GET /xingrg/all/function/internal_message.html?_=1623808905197&CODE_STATE=getMsg HTTP/1.1" 200 27
175.42.36.130 - - [16/Jun/2021:09:53:00 +0800] "GET /favicon.ico HTTP/1.1" 404 -
180.161.111.4 - - [16/Jun/2021:09:53:00 +0800] "POST /xingrg/kc/buy/cgsh_order_operate.html HTTP/1.1" 200 12
180.161.111.4 - - [16/Jun/2021:09:53:03 +0800] "GET /xingrg/kc/buy/cgsh_order_info.html?code=212021061607254 HTTP/1.1" 200 57325
180.161.111.4 - - [16/Jun/2021:09:53:03 +0800] "GET /xingrg/javascript/easyui/themes/default/validatebox.css HTTP/1.1" 404 1104
180.161.111.4 - - [16/Jun/2021:09:53:04 +0800] "POST /xingrg/kc/buy/cgsh_order_operate.html HTTP/1.1" 200 609
116.224.253.72 - - [16/Jun/2021:09:53:05 +0800] "GET /xingrg/all/function/internal_message.html?_=1623808381195&CODE_STATE=getMsg HTTP/1.1" 200 27
180.161.111.4 - - [16/Jun/2021:09:53:10 +0800] "GET /xingrg/kc/print/load_config.html?kc_code=cgsh HTTP/1.1" 200 1845
180.161.111.4 - - [16/Jun/2021:09:53:10 +0800] "GET /xingrg/kc/print/load_data.html?order_code=212021061607254&kc_code=cgsh&condition= HTTP/1.1" 200 741
180.169.147.146 - - [16/Jun/2021:09:53:13 +0800] "GET /xingrg/all/function/internal_message.html?_=1623808390478&CODE_STATE=getMsg HTTP/1.1" 200 27
222.69.128.91 - - [16/Jun/2021:09:53:13 +0800] "GET /xingrg/all/function/internal_message.html?_=1623808388019&CODE_STATE=getMsg HTTP/1.1" 200 27
116.224.253.72 - - [16/Jun/2021:09:53:23 +0800] "GET /xingrg/all/function/internal_message.html?_=1623808389996&CODE_STATE=getMsg HTTP/1.1" 200 27
101.85.94.178 - - [16/Jun/2021:09:53:24 +0800] "GET /xingrg/check_reg.html?_=1623807853316 HTTP/1.1" 200 22
101.85.94.178 - - [16/Jun/2021:09:53:24 +0800] "GET /xingrg/all/function/internal_message.html?_=1623807853319&CODE_STATE=getMsg HTTP/1.1" 200 27
116.235.222.38 - - [16/Jun/2021:09:53:29 +0800] "GET /xingrg/all/function/internal_message.html?_=1623808402499&CODE_STATE=getMsg HTTP/1.1" 200 27
61.165.42.208 - - [16/Jun/2021:09:53:31 +0800] "GET /xingrg/check_reg.html?_=1623808409222 HTTP/1.1" 200 22
61.165.42.208 - - [16/Jun/2021:09:53:31 +0800] "GET /xingrg/all/function/internal_message.html?_=1623808409225&CODE_STATE=getMsg HTTP/1.1" 200 27
114.86.225.49 - - [16/Jun/2021:09:53:37 +0800] "GET /xingrg/all/function/internal_message.html?_=1623808414806&CODE_STATE=getMsg HTTP/1.1" 200 27
180.161.111.4 - - [16/Jun/2021:09:53:45 +0800] "GET /xingrg/all/function/internal_message.html?_=1623808387032&CODE_STATE=getMsg HTTP/1.1" 200 27
116.230.117.165 - - [16/Jun/2021:09:53:49 +0800] "GET /xingrg/all/function/internal_message.html?_=1623808435365&CODE_STATE=getMsg HTTP/1.1" 200 27
180.169.147.146 - - [16/Jun/2021:09:53:52 +0800] "GET /xingrg/all/function/internal_message.html?_=1623808429077&CODE_STATE=getMsg HTTP/1.1" 200 27
180.169.147.146 - - [16/Jun/2021:09:53:55 +0800] "GET /xingrg/all/function/internal_message.html?_=1623808432605&CODE_STATE=getMsg HTTP/1.1" 200 27
117.185.32.26 - - [16/Jun/2021:09:53:59 +0800] "GET /xingrg/check_reg.html?_=1623808965198 HTTP/1.1" 200 22
117.185.32.26 - - [16/Jun/2021:09:53:59 +0800] "GET /xingrg/all/function/internal_message.html?_=1623808965200&CODE_STATE=getMsg HTTP/1.1" 200 27
116.224.253.72 - - [16/Jun/2021:09:54:05 +0800] "GET /xingrg/check_reg.html?_=1623808441193 HTTP/1.1" 200 22
116.224.253.72 - - [16/Jun/2021:09:54:05 +0800] "GET /xingrg/all/function/internal_message.html?_=1623808441200&CODE_STATE=getMsg HTTP/1.1" 200 27
180.169.147.146 - - [16/Jun/2021:09:54:13 +0800] "GET /xingrg/all/function/internal_message.html?_=1623808450484&CODE_STATE=getMsg HTTP/1.1" 200 27
222.69.128.91 - - [16/Jun/2021:09:54:13 +0800] "GET /xingrg/all/function/internal_message.html?_=1623808448018&CODE_STATE=getMsg HTTP/1.1" 200 27
180.161.111.4 - - [16/Jun/2021:09:54:18 +0800] "GET /xingrg/login.html HTTP/1.1" 200 7641
58.221.95.50 - - [16/Jun/2021:09:54:18 +0800] "GET /xingrg/check_reg.html?_=1623808455501 HTTP/1.1" 302 -
180.161.111.4 - - [16/Jun/2021:09:54:18 +0800] "GET /xingrg/images/blue/jxLogo.png HTTP/1.1" 304 -
180.161.111.4 - - [16/Jun/2021:09:54:19 +0800] "GET /xingrg/images/blue/login_bg.png HTTP/1.1" 304 -
180.161.111.4 - - [16/Jun/2021:09:54:19 +0800] "GET /xingrg/images/blue/hj.png HTTP/1.1" 304 -
180.161.111.4 - - [16/Jun/2021:09:54:19 +0800] "GET /xingrg/images/blue/srbg.png HTTP/1.1" 304 -
180.161.111.4 - - [16/Jun/2021:09:54:19 +0800] "GET /favicon.ico HTTP/1.1" 404 -
116.224.253.72 - - [16/Jun/2021:09:54:23 +0800] "GET /xingrg/all/function/internal_message.html?_=1623808450038&CODE_STATE=getMsg HTTP/1.1" 200 27
101.85.94.178 - - [16/Jun/2021:09:54:24 +0800] "GET /xingrg/all/function/internal_message.html?_=1623807913319&CODE_STATE=getMsg HTTP/1.1" 200 27
180.161.111.4 - - [16/Jun/2021:09:54:24 +0800] "POST /xingrg/login.do HTTP/1.1" 302 -
180.161.111.4 - - [16/Jun/2021:09:54:24 +0800] "GET /xingrg/index.html?sysBaseUrl=http%3A%2F%2F180.169.147.146%3A18081%2Fxingrg%2F&costTime=35×tamp=1623808464837 HTTP/1.1" 200 17173
180.161.111.4 - - [16/Jun/2021:09:54:24 +0800] "GET /xingrg/javascript/jquery_easy_ui/themes/default/easyui.css HTTP/1.1" 304 -
180.161.111.4 - - [16/Jun/2021:09:54:24 +0800] "GET /xingrg/javascript/jquery_easy_ui/themes/icon.css HTTP/1.1" 304 -
180.161.111.4 - - [16/Jun/2021:09:54:24 +0800] "GET /xingrg/css/form.css HTTP/1.1" 304 -
180.161.111.4 - - [16/Jun/2021:09:54:24 +0800] "GET /xingrg/javascript/jquery.form.js HTTP/1.1" 304 -
180.161.111.4 - - [16/Jun/2021:09:54:24 +0800] "GET /xingrg/javascript/jquery-1.4.2.min.js HTTP/1.1" 304 -
180.161.111.4 - - [16/Jun/2021:09:54:24 +0800] "GET /xingrg/javascript/jquery_easy_ui/easyui-lang-zh_CN.js HTTP/1.1" 304 -
180.161.111.4 - - [16/Jun/2021:09:54:24 +0800] "GET /xingrg/javascript/jquery.utils.js HTTP/1.1" 304 -
180.161.111.4 - - [16/Jun/2021:09:54:24 +0800] "GET /xingrg/javascript/jquery.timers.js HTTP/1.1" 304 -
180.161.111.4 - - [16/Jun/2021:09:54:24 +0800] "GET /xingrg/javascript/jquery_easy_ui/jquery.easyui.min.js HTTP/1.1" 304 -
180.161.111.4 - - [16/Jun/2021:09:54:25 +0800] "GET /xingrg/javascript/jquery_easy_ui/themes/icons/settle_new.png HTTP/1.1" 304 -
180.161.111.4 - - [16/Jun/2021:09:54:25 +0800] "GET /xingrg/images/blue/navBackgound.jpg HTTP/1.1" 304 -
180.161.111.4 - - [16/Jun/2021:09:54:25 +0800] "GET /xingrg/javascript/jquery_easy_ui/themes/default/images/tabs_leftarrow.png HTTP/1.1" 304 -
180.161.111.4 - - [16/Jun/2021:09:54:25 +0800] "GET /xingrg/images/blue/pingpu.png HTTP/1.1" 304 -
180.161.111.4 - - [16/Jun/2021:09:54:25 +0800] "POST /xingrg/all/common/load_tree.html?tree=area_rest_tree_json&manage=1 HTTP/1.1" 200 342
180.161.111.4 - - [16/Jun/2021:09:54:25 +0800] "GET /xingrg/javascript/jquery_easy_ui/themes/default/images/tabs_rightarrow.png HTTP/1.1" 304 -
180.161.111.4 - - [16/Jun/2021:09:54:25 +0800] "GET /xingrg/javascript/jquery_easy_ui/themes/default/images/panel_tool_collapse.gif HTTP/1.1" 304 -
180.161.111.4 - - [16/Jun/2021:09:54:25 +0800] "GET /xingrg/all/function/internal_message.html?_=1623808427574&CODE_STATE=count HTTP/1.1" 200 11
180.161.111.4 - - [16/Jun/2021:09:54:26 +0800] "GET /xingrg/check_reg.html?_=1623808427575 HTTP/1.1" 200 22
180.161.111.4 - - [16/Jun/2021:09:54:26 +0800] "POST /xingrg/load_menu.html HTTP/1.1" 200 5138
180.161.111.4 - - [16/Jun/2021:09:54:26 +0800] "GET /favicon.ico HTTP/1.1" 404 -
180.161.111.4 - - [16/Jun/2021:09:54:26 +0800] "GET /xingrg/javascript/jquery_easy_ui/themes/default/images/tree_arrows.gif HTTP/1.1" 304 -
180.161.111.4 - - [16/Jun/2021:09:54:26 +0800] "GET /xingrg/javascript/jquery_easy_ui/themes/default/images/tree_folder_open.gif HTTP/1.1" 304 -
180.161.111.4 - - [16/Jun/2021:09:54:26 +0800] "GET /xingrg/javascript/jquery_easy_ui/themes/default/images/tree_folder.gif HTTP/1.1" 304 -
180.161.111.4 - - [16/Jun/2021:09:54:26 +0800] "GET /xingrg/javascript/jquery_easy_ui/themes/icons/search_new.png HTTP/1.1" 304 -
180.161.111.4 - - [16/Jun/2021:09:54:26 +0800] "GET /xingrg/javascript/jquery_easy_ui/themes/icons/storage_new.png HTTP/1.1" 304 -
180.161.111.4 - - [16/Jun/2021:09:54:26 +0800] "GET /xingrg/javascript/jquery_easy_ui/themes/default/images/tree_file.gif HTTP/1.1" 304 -
180.161.111.4 - - [16/Jun/2021:09:54:26 +0800] "GET /xingrg/javascript/jquery_easy_ui/themes/icons/forms_new.png HTTP/1.1" 304 -
180.161.111.4 - - [16/Jun/2021:09:54:29 +0800] "GET /xingrg/javascript/jquery_easy_ui/themes/default/images/tabs_close.gif HTTP/1.1" 304 -
116.235.222.38 - - [16/Jun/2021:09:54:29 +0800] "GET /xingrg/all/function/internal_message.html?_=1623808462503&CODE_STATE=getMsg HTTP/1.1" 200 27
180.161.111.4 - - [16/Jun/2021:09:54:29 +0800] "GET /xingrg/kc/buy/cgsh_order_list.html HTTP/1.1" 200 46728
180.161.111.4 - - [16/Jun/2021:09:54:30 +0800] "GET /xingrg/css/site.css HTTP/1.1" 304 -
180.161.111.4 - - [16/Jun/2021:09:54:30 +0800] "GET /xingrg/css/base.css HTTP/1.1" 304 -
180.161.111.4 - - [16/Jun/2021:09:54:30 +0800] "GET /xingrg/javascript/jquery_tools/datebox.css HTTP/1.1" 304 -
180.161.111.4 - - [16/Jun/2021:09:54:30 +0800] "GET /xingrg/javascript/jquery_tools/fix.css HTTP/1.1" 304 -
180.161.111.4 - - [16/Jun/2021:09:54:30 +0800] "GET /xingrg/javascript/easyui/themes/default/easyui.css HTTP/1.1" 304 -
180.161.111.4 - - [16/Jun/2021:09:54:30 +0800] "GET /xingrg/javascript/auto/jquery.autocomplete.css HTTP/1.1" 304 -
180.161.111.4 - - [16/Jun/2021:09:54:30 +0800] "GET /xingrg/javascript/easyui/themes/icon.css HTTP/1.1" 304 -
180.161.111.4 - - [16/Jun/2021:09:54:30 +0800] "GET /xingrg/javascript/jquery_tools/table.css HTTP/1.1" 304 -
180.161.111.4 - - [16/Jun/2021:09:54:30 +0800] "GET /xingrg/javascript/jquery_tools/jquery.tools.min.js HTTP/1.1" 304 -
180.161.111.4 - - [16/Jun/2021:09:54:30 +0800] "GET /xingrg/javascript/jquery_tools/jquery.tools.extend.js HTTP/1.1" 304 -
180.161.111.4 - - [16/Jun/2021:09:54:30 +0800] "GET /xingrg/javascript/jquery_tools/jquery.tools.hotkey.js HTTP/1.1" 304 -
180.161.111.4 - - [16/Jun/2021:09:54:30 +0800] "GET /xingrg/javascript/jquery_tools/jquery.tools.table.js HTTP/1.1" 304 -
180.161.111.4 - - [16/Jun/2021:09:54:30 +0800] "GET /xingrg/javascript/jquery_tools/list_manager.js HTTP/1.1" 304 -
180.161.111.4 - - [16/Jun/2021:09:54:30 +0800] "GET /xingrg/javascript/easyui/easyloader.js HTTP/1.1" 304 -
180.161.111.4 - - [16/Jun/2021:09:54:30 +0800] "GET /xingrg/javascript/auto/jquery.autocomplete.js HTTP/1.1" 304 -
180.161.111.4 - - [16/Jun/2021:09:54:30 +0800] "GET /xingrg/javascript/print/LodopFuncs.js HTTP/1.1" 304 -
180.161.111.4 - - [16/Jun/2021:09:54:30 +0800] "GET /xingrg/javascript/jquery.cookie.js HTTP/1.1" 304 -
180.161.111.4 - - [16/Jun/2021:09:54:30 +0800] "GET /xingrg/javascript/easyui/themes/icons/edit_add_new.png HTTP/1.1" 304 -
180.161.111.4 - - [16/Jun/2021:09:54:30 +0800] "GET /xingrg/javascript/easyui/themes/icons/cance_new.png HTTP/1.1" 304 -
180.161.111.4 - - [16/Jun/2021:09:54:30 +0800] "GET /xingrg/javascript/easyui/themes/icons/check_new.png HTTP/1.1" 304 -
180.161.111.4 - - [16/Jun/2021:09:54:30 +0800] "GET /xingrg/javascript/easyui/themes/icons/field_new.png HTTP/1.1" 304 -
180.161.111.4 - - [16/Jun/2021:09:54:30 +0800] "GET /xingrg/javascript/easyui/themes/icons/import_new.png HTTP/1.1" 304 -
180.161.111.4 - - [16/Jun/2021:09:54:30 +0800] "GET /xingrg/javascript/easyui/plugins/jquery.parser.js HTTP/1.1" 304 -
180.161.111.4 - - [16/Jun/2021:09:54:30 +0800] "GET /xingrg/images/control/ajaxLoader.gif HTTP/1.1" 304 -
180.161.111.4 - - [16/Jun/2021:09:54:30 +0800] "GET /xingrg/javascript/jquery_easy_ui/themes/icons/area.png HTTP/1.1" 304 -
180.161.111.4 - - [16/Jun/2021:09:54:30 +0800] "GET /xingrg/javascript/jquery_easy_ui/themes/icons/rest.png HTTP/1.1" 304 -
180.161.111.4 - - [16/Jun/2021:09:54:31 +0800] "POST /xingrg/kc/buy/cgsh_list_operate.html HTTP/1.1" 200 876
61.165.42.208 - - [16/Jun/2021:09:54:31 +0800] "GET /xingrg/all/function/internal_message.html?_=1623808469225&CODE_STATE=getMsg HTTP/1.1" 200 27
180.161.111.4 - - [16/Jun/2021:09:54:37 +0800] "POST /xingrg/kc/buy/cgsh_list_operate.html HTTP/1.1" 200 5815
114.86.225.49 - - [16/Jun/2021:09:54:37 +0800] "GET /xingrg/all/function/internal_message.html?_=1623808474808&CODE_STATE=getMsg HTTP/1.1" 200 27
180.161.111.4 - - [16/Jun/2021:09:54:41 +0800] "POST /xingrg/kc/buy/cgsh_list_operate.html HTTP/1.1" 200 198
180.161.111.4 - - [16/Jun/2021:09:54:43 +0800] "GET /xingrg/javascript/pic_change.js HTTP/1.1" 304 -
180.161.111.4 - - [16/Jun/2021:09:54:43 +0800] "GET /xingrg/javascript/jquery_tools/order_manager.js HTTP/1.1" 304 -
180.161.111.4 - - [16/Jun/2021:09:54:43 +0800] "GET /xingrg/javascript/json2.js HTTP/1.1" 304 -
180.161.111.4 - - [16/Jun/2021:09:54:43 +0800] "GET /xingrg/javascript/print/kc_print.js HTTP/1.1" 304 -
180.161.111.4 - - [16/Jun/2021:09:54:43 +0800] "GET /xingrg/javascript/convert.js HTTP/1.1" 304 -
180.161.111.4 - - [16/Jun/2021:09:54:43 +0800] "GET /xingrg/kc/buy/cgsh_order_info.html?code=212021061607254 HTTP/1.1" 200 57325
180.161.111.4 - - [16/Jun/2021:09:54:43 +0800] "GET /xingrg/words/20210615091538_words.js HTTP/1.1" 304 -
180.161.111.4 - - [16/Jun/2021:09:54:43 +0800] "GET /xingrg/javascript/easyui/themes/icons/copy_new.png HTTP/1.1" 304 -
180.161.111.4 - - [16/Jun/2021:09:54:43 +0800] "GET /xingrg/javascript/easyui/themes/icons/print.png HTTP/1.1" 304 -
180.161.111.4 - - [16/Jun/2021:09:54:43 +0800] "GET /xingrg/javascript/easyui/themes/icons/cancel.png HTTP/1.1" 304 -
180.161.111.4 - - [16/Jun/2021:09:54:43 +0800] "GET /xingrg/javascript/easyui/themes/default/images/menu_downarrow.png HTTP/1.1" 304 -
180.161.111.4 - - [16/Jun/2021:09:54:43 +0800] "GET /xingrg/javascript/easyui/themes/default/validatebox.css HTTP/1.1" 404 1104
180.161.111.4 - - [16/Jun/2021:09:54:43 +0800] "GET /xingrg/javascript/easyui/plugins/jquery.validatebox.js HTTP/1.1" 304 -
180.161.111.4 - - [16/Jun/2021:09:54:43 +0800] "GET /xingrg/javascript/easyui/plugins/jquery.numberbox.js HTTP/1.1" 304 -
180.161.111.4 - - [16/Jun/2021:09:54:44 +0800] "POST /xingrg/kc/buy/cgsh_order_operate.html HTTP/1.1" 200 609
180.161.111.4 - - [16/Jun/2021:09:54:44 +0800] "GET /xingrg/javascript/easyui/themes/icons/edit_remove.png HTTP/1.1" 304 -
180.161.111.4 - - [16/Jun/2021:09:54:45 +0800] "GET /xingrg/javascript/easyui/themes/default/images/button_plain_hover.png HTTP/1.1" 304 -
180.161.111.4 - - [16/Jun/2021:09:54:46 +0800] "GET /xingrg/kc/print/load_config.html?kc_code=cgsh HTTP/1.1" 200 1845
180.161.111.4 - - [16/Jun/2021:09:54:46 +0800] "GET /xingrg/kc/print/load_data.html?order_code=212021061607254&kc_code=cgsh&condition= HTTP/1.1" 200 741
116.230.117.165 - - [16/Jun/2021:09:54:49 +0800] "GET /xingrg/all/function/internal_message.html?_=1623808495369&CODE_STATE=getMsg HTTP/1.1" 200 27
180.169.147.146 - - [16/Jun/2021:09:54:52 +0800] "GET /xingrg/all/function/internal_message.html?_=1623808489078&CODE_STATE=getMsg HTTP/1.1" 200 27
180.161.111.4 - - [16/Jun/2021:09:54:55 +0800] "GET /xingrg/kc/buy/cgsh_order_add.html HTTP/1.1" 200 62425
180.169.147.146 - - [16/Jun/2021:09:54:55 +0800] "GET /xingrg/all/function/internal_message.html?_=1623808492604&CODE_STATE=getMsg HTTP/1.1" 200 27
180.161.111.4 - - [16/Jun/2021:09:54:56 +0800] "GET /xingrg/javascript/easyui/themes/icons/template_new.png HTTP/1.1" 304 -
180.161.111.4 - - [16/Jun/2021:09:54:56 +0800] "GET /xingrg/javascript/easyui/themes/icons/ok.png HTTP/1.1" 304 -
180.161.111.4 - - [16/Jun/2021:09:54:56 +0800] "POST /xingrg/kc/buy/cgsh_order_operate.html HTTP/1.1" 200 8245
180.161.111.4 - - [16/Jun/2021:09:54:57 +0800] "GET /xingrg/all/common/auto_word.html?type=employee&rest_code=00102 HTTP/1.1" 200 189
180.161.111.4 - - [16/Jun/2021:09:54:57 +0800] "GET /xingrg/all/common/auto_word.html?type=employee&rest_code=00102 HTTP/1.1" 200 189
180.161.111.4 - - [16/Jun/2021:09:54:57 +0800] "GET /xingrg/javascript/easyui/themes/default/validatebox.css HTTP/1.1" 404 1104
180.161.111.4 - - [16/Jun/2021:09:54:58 +0800] "GET /xingrg/javascript/easyui/plugins/jquery.draggable.js HTTP/1.1" 304 -
180.161.111.4 - - [16/Jun/2021:09:54:58 +0800] "GET /xingrg/css/images/panel_loading.gif HTTP/1.1" 304 -
180.161.111.4 - - [16/Jun/2021:09:54:58 +0800] "GET /xingrg/javascript/easyui/plugins/jquery.droppable.js HTTP/1.1" 304 -
180.161.111.4 - - [16/Jun/2021:09:54:58 +0800] "GET /xingrg/javascript/easyui/themes/default/tree.css HTTP/1.1" 404 1090
180.161.111.4 - - [16/Jun/2021:09:54:58 +0800] "GET /xingrg/javascript/easyui/plugins/jquery.tree.js HTTP/1.1" 304 -
180.161.111.4 - - [16/Jun/2021:09:54:58 +0800] "POST /xingrg/all/common/load_tree.html?tree=supplier_tree_json&isDelete=1 HTTP/1.1" 200 56029
117.185.32.26 - - [16/Jun/2021:09:54:59 +0800] "GET /xingrg/all/function/internal_message.html?_=1623809025200&CODE_STATE=getMsg HTTP/1.1" 200 27
180.161.111.4 - - [16/Jun/2021:09:55:00 +0800] "GET /xingrg/javascript/easyui/themes/default/images/tree_arrows.gif HTTP/1.1" 304 -
180.161.111.4 - - [16/Jun/2021:09:55:00 +0800] "GET /xingrg/javascript/easyui/themes/default/images/tree_folder_open.gif HTTP/1.1" 304 -
180.161.111.4 - - [16/Jun/2021:09:55:00 +0800] "GET /xingrg/javascript/easyui/themes/default/images/tree_folder.gif HTTP/1.1" 304 -
180.161.111.4 - - [16/Jun/2021:09:55:00 +0800] "GET /xingrg/javascript/easyui/themes/default/images/tree_file.gif HTTP/1.1" 304 -
116.224.253.72 - - [16/Jun/2021:09:55:05 +0800] "GET /xingrg/all/function/internal_message.html?_=1623808501184&CODE_STATE=getMsg HTTP/1.1" 200 27
180.161.111.4 - - [16/Jun/2021:09:55:07 +0800] "GET /xingrg/javascript/auto/indicator.gif HTTP/1.1" 404 1066
180.169.147.146 - - [16/Jun/2021:09:55:13 +0800] "GET /xingrg/all/function/internal_message.html?_=1623808510488&CODE_STATE=getMsg HTTP/1.1" 200 27
180.169.147.146 - - [16/Jun/2021:09:55:13 +0800] "GET /xingrg/check_reg.html?_=1623808510505 HTTP/1.1" 200 22
222.69.128.91 - - [16/Jun/2021:09:55:13 +0800] "GET /xingrg/all/function/internal_message.html?_=1623808508032&CODE_STATE=getMsg HTTP/1.1" 200 27
180.161.111.4 - - [16/Jun/2021:09:55:14 +0800] "GET /xingrg/kc/buy/cgsh_order_operate.html?command=get_materiel&rest_code=00102&code=00101006019&supplier_code=00100096&order_time=2021-06-16 HTTP/1.1" 200 419
116.224.253.72 - - [16/Jun/2021:09:55:23 +0800] "GET /xingrg/all/function/internal_message.html?_=1623808510054&CODE_STATE=getMsg HTTP/1.1" 200 27
101.85.94.178 - - [16/Jun/2021:09:55:24 +0800] "GET /xingrg/all/function/internal_message.html?_=1623807973322&CODE_STATE=getMsg HTTP/1.1" 200 27
180.161.111.4 - - [16/Jun/2021:09:55:26 +0800] "GET /xingrg/all/function/internal_message.html?_=1623808487735&CODE_STATE=getMsg HTTP/1.1" 200 27
180.161.111.4 - - [16/Jun/2021:09:55:28 +0800] "GET /xingrg/kc/buy/cgsh_order_operate.html?command=get_materiel&rest_code=00102&code=00101006065&supplier_code=00100096&order_time=2021-06-16 HTTP/1.1" 200 409
116.235.222.38 - - [16/Jun/2021:09:55:29 +0800] "GET /xingrg/check_reg.html?_=1623808522513 HTTP/1.1" 200 22
116.235.222.38 - - [16/Jun/2021:09:55:29 +0800] "GET /xingrg/all/function/internal_message.html?_=1623808522516&CODE_STATE=getMsg HTTP/1.1" 200 27
61.165.42.208 - - [16/Jun/2021:09:55:31 +0800] "GET /xingrg/all/function/internal_message.html?_=1623808529226&CODE_STATE=getMsg HTTP/1.1" 200 27
114.86.225.49 - - [16/Jun/2021:09:55:37 +0800] "GET /xingrg/all/function/internal_message.html?_=1623808534811&CODE_STATE=getMsg HTTP/1.1" 200 27
114.86.225.49 - - [16/Jun/2021:09:55:37 +0800] "GET /xingrg/check_reg.html?_=1623808534812 HTTP/1.1" 200 22
180.161.111.4 - - [16/Jun/2021:09:55:37 +0800] "GET /xingrg/kc/buy/cgsh_order_operate.html?command=get_materiel&rest_code=00102&code=00101001010&supplier_code=00100096&order_time=2021-06-16 HTTP/1.1" 200 410
116.230.117.165 - - [16/Jun/2021:09:55:49 +0800] "GET /xingrg/all/function/internal_message.html?_=1623808556049&CODE_STATE=getMsg HTTP/1.1" 200 27
180.161.111.4 - - [16/Jun/2021:09:55:51 +0800] "GET /xingrg/kc/buy/cgsh_order_operate.html?command=get_materiel&rest_code=00102&code=00101006129&supplier_code=00100096&order_time=2021-06-16 HTTP/1.1" 200 431
180.169.147.146 - - [16/Jun/2021:09:55:52 +0800] "GET /xingrg/check_reg.html?_=1623808549069 HTTP/1.1" 200 22
180.169.147.146 - - [16/Jun/2021:09:55:52 +0800] "GET /xingrg/all/function/internal_message.html?_=1623808549070&CODE_STATE=getMsg HTTP/1.1" 200 27
180.169.147.146 - - [16/Jun/2021:09:55:55 +0800] "GET /xingrg/all/function/internal_message.html?_=1623808552598&CODE_STATE=getMsg HTTP/1.1" 200 27
180.169.147.146 - - [16/Jun/2021:09:55:55 +0800] "GET /xingrg/check_reg.html?_=1623808552599 HTTP/1.1" 200 22
117.185.32.26 - - [16/Jun/2021:09:55:59 +0800] "GET /xingrg/all/function/internal_message.html?_=1623809085200&CODE_STATE=getMsg HTTP/1.1" 200 27
116.224.253.72 - - [16/Jun/2021:09:56:05 +0800] "GET /xingrg/all/function/internal_message.html?_=1623808561201&CODE_STATE=getMsg HTTP/1.1" 200 27
180.161.111.4 - - [16/Jun/2021:09:56:09 +0800] "GET /xingrg/kc/buy/cgsh_order_operate.html?command=get_materiel&rest_code=00102&code=00101006109&supplier_code=00100096&order_time=2021-06-16 HTTP/1.1" 200 409
180.169.147.146 - - [16/Jun/2021:09:56:13 +0800] "GET /xingrg/all/function/internal_message.html?_=1623808570475&CODE_STATE=getMsg HTTP/1.1" 200 27
222.69.128.91 - - [16/Jun/2021:09:56:13 +0800] "GET /xingrg/all/function/internal_message.html?_=1623808568039&CODE_STATE=getMsg HTTP/1.1" 200 27
116.224.253.72 - - [16/Jun/2021:09:56:22 +0800] "GET /xingrg/check_reg.html?_=1623808569223 HTTP/1.1" 200 22
116.224.253.72 - - [16/Jun/2021:09:56:23 +0800] "GET /xingrg/all/function/internal_message.html?_=1623808570068&CODE_STATE=getMsg HTTP/1.1" 200 27
101.85.94.178 - - [16/Jun/2021:09:56:24 +0800] "GET /xingrg/all/function/internal_message.html?_=1623808033321&CODE_STATE=getMsg HTTP/1.1" 200 27
180.161.111.4 - - [16/Jun/2021:09:56:26 +0800] "GET /xingrg/all/function/internal_message.html?_=1623808547934&CODE_STATE=getMsg HTTP/1.1" 200 27
180.161.111.4 - - [16/Jun/2021:09:56:27 +0800] "POST /xingrg/kc/buy/cgsh_order_operate.html HTTP/1.1" 200 37
116.235.222.38 - - [16/Jun/2021:09:56:29 +0800] "GET /xingrg/all/function/internal_message.html?_=1623808582514&CODE_STATE=getMsg HTTP/1.1" 200 27
180.161.111.4 - - [16/Jun/2021:09:56:30 +0800] "POST /xingrg/kc/buy/cgsh_order_operate.html HTTP/1.1" 200 12
61.165.42.208 - - [16/Jun/2021:09:56:31 +0800] "GET /xingrg/all/function/internal_message.html?_=1623808589250&CODE_STATE=getMsg HTTP/1.1" 200 27
180.161.111.4 - - [16/Jun/2021:09:56:34 +0800] "GET /xingrg/kc/buy/cgsh_order_info.html?code=212021061607255 HTTP/1.1" 200 57315
180.161.111.4 - - [16/Jun/2021:09:56:35 +0800] "GET /xingrg/javascript/easyui/themes/default/validatebox.css HTTP/1.1" 404 1104
180.161.111.4 - - [16/Jun/2021:09:56:35 +0800] "POST /xingrg/kc/buy/cgsh_order_operate.html HTTP/1.1" 200 2992
114.86.225.49 - - [16/Jun/2021:09:56:37 +0800] "GET /xingrg/all/function/internal_message.html?_=1623808594814&CODE_STATE=getMsg HTTP/1.1" 200 27
222.69.128.91 - - [16/Jun/2021:09:56:45 +0800] "GET /favicon.ico HTTP/1.1" 404 -
116.230.117.165 - - [16/Jun/2021:09:56:49 +0800] "GET /xingrg/all/function/internal_message.html?_=1623808616063&CODE_STATE=getMsg HTTP/1.1" 200 27
180.169.147.146 - - [16/Jun/2021:09:56:52 +0800] "GET /xingrg/all/function/internal_message.html?_=1623808609079&CODE_STATE=getMsg HTTP/1.1" 200 27
180.169.147.146 - - [16/Jun/2021:09:56:55 +0800] "GET /xingrg/all/function/internal_message.html?_=1623808612613&CODE_STATE=getMsg HTTP/1.1" 200 27
117.185.32.26 - - [16/Jun/2021:09:56:59 +0800] "GET /xingrg/all/function/internal_message.html?_=1623809145227&CODE_STATE=getMsg HTTP/1.1" 200 27
180.161.111.4 - - [16/Jun/2021:09:57:04 +0800] "POST /xingrg/services/DataTransmitService HTTP/1.1" 200 524
116.224.253.72 - - [16/Jun/2021:09:57:05 +0800] "GET /xingrg/all/function/internal_message.html?_=1623808621204&CODE_STATE=getMsg HTTP/1.1" 200 27
180.161.111.4 - - [16/Jun/2021:09:57:06 +0800] "GET /xingrg/kc/print/load_data.html?order_code=212021061607255&kc_code=cgsh&condition= HTTP/1.1" 200 1581
180.169.147.146 - - [16/Jun/2021:09:57:13 +0800] "GET /xingrg/all/function/internal_message.html?_=1623808630480&CODE_STATE=getMsg HTTP/1.1" 200 27
222.69.128.91 - - [16/Jun/2021:09:57:13 +0800] "GET /xingrg/check_reg.html?_=1623808628038 HTTP/1.1" 200 22
222.69.128.91 - - [16/Jun/2021:09:57:13 +0800] "GET /xingrg/all/function/internal_message.html?_=1623808628039&CODE_STATE=getMsg HTTP/1.1" 200 27
58.37.225.51 - - [16/Jun/2021:09:57:14 +0800] "GET /xingrg/check_reg.html?_=1623808566461 HTTP/1.1" 302 -
116.230.117.165 - - [16/Jun/2021:09:57:22 +0800] "GET /xingrg/check_reg.html?_=1623808648436 HTTP/1.1" 200 22
116.224.253.72 - - [16/Jun/2021:09:57:23 +0800] "GET /xingrg/all/function/internal_message.html?_=1623808630082&CODE_STATE=getMsg HTTP/1.1" 200 27
101.85.94.178 - - [16/Jun/2021:09:57:24 +0800] "GET /xingrg/all/function/internal_message.html?_=1623808093323&CODE_STATE=getMsg HTTP/1.1" 200 27
116.230.117.165 - - [16/Jun/2021:09:57:25 +0800] "GET /xingrg/check_reg.html?_=1623808642320 HTTP/1.1" 302 -
180.161.111.4 - - [16/Jun/2021:09:57:26 +0800] "GET /xingrg/all/function/internal_message.html?_=1623808607944&CODE_STATE=getMsg HTTP/1.1" 200 27
116.235.222.38 - - [16/Jun/2021:09:57:29 +0800] "GET /xingrg/all/function/internal_message.html?_=1623808642515&CODE_STATE=getMsg HTTP/1.1" 200 27
61.165.42.208 - - [16/Jun/2021:09:57:31 +0800] "GET /xingrg/all/function/internal_message.html?_=1623808649248&CODE_STATE=getMsg HTTP/1.1" 200 27
114.86.225.49 - - [16/Jun/2021:09:57:37 +0800] "GET /xingrg/all/function/internal_message.html?_=1623808654815&CODE_STATE=getMsg HTTP/1.1" 200 27
180.161.111.4 - - [16/Jun/2021:09:57:43 +0800] "GET /xingrg/javascript/jquery_easy_ui/themes/default/images/tabs_active.png HTTP/1.1" 304 -
116.230.117.165 - - [16/Jun/2021:09:57:49 +0800] "GET /xingrg/all/function/internal_message.html?_=1623808676077&CODE_STATE=getMsg HTTP/1.1" 200 27
180.169.147.146 - - [16/Jun/2021:09:57:52 +0800] "GET /xingrg/all/function/internal_message.html?_=1623808669077&CODE_STATE=getMsg HTTP/1.1" 200 27
180.169.147.146 - - [16/Jun/2021:09:57:55 +0800] "GET /xingrg/all/function/internal_message.html?_=1623808672613&CODE_STATE=getMsg HTTP/1.1" 200 27
117.185.32.26 - - [16/Jun/2021:09:57:59 +0800] "GET /xingrg/all/function/internal_message.html?_=1623809205227&CODE_STATE=getMsg HTTP/1.1" 200 27
116.224.253.72 - - [16/Jun/2021:09:58:05 +0800] "GET /xingrg/all/function/internal_message.html?_=1623808681204&CODE_STATE=getMsg HTTP/1.1" 200 27
180.169.147.146 - - [16/Jun/2021:09:58:13 +0800] "GET /xingrg/all/function/internal_message.html?_=1623808690486&CODE_STATE=getMsg HTTP/1.1" 200 27
222.69.128.91 - - [16/Jun/2021:09:58:13 +0800] "GET /xingrg/all/function/internal_message.html?_=1623808688049&CODE_STATE=getMsg HTTP/1.1" 200 27
116.224.253.72 - - [16/Jun/2021:09:58:23 +0800] "GET /xingrg/all/function/internal_message.html?_=1623808690095&CODE_STATE=getMsg HTTP/1.1" 200 27
101.85.94.178 - - [16/Jun/2021:09:58:24 +0800] "GET /xingrg/check_reg.html?_=1623808153318 HTTP/1.1" 200 22
101.85.94.178 - - [16/Jun/2021:09:58:24 +0800] "GET /xingrg/all/function/internal_message.html?_=1623808153320&CODE_STATE=getMsg HTTP/1.1" 200 27
180.161.111.4 - - [16/Jun/2021:09:58:26 +0800] "GET /xingrg/all/function/internal_message.html?_=1623808667959&CODE_STATE=getMsg HTTP/1.1" 200 27
116.235.222.38 - - [16/Jun/2021:09:58:29 +0800] "GET /xingrg/all/function/internal_message.html?_=1623808702514&CODE_STATE=getMsg HTTP/1.1" 200 27
61.165.42.208 - - [16/Jun/2021:09:58:31 +0800] "GET /xingrg/check_reg.html?_=1623808709248 HTTP/1.1" 200 22
61.165.42.208 - - [16/Jun/2021:09:58:31 +0800] "GET /xingrg/all/function/internal_message.html?_=1623808709251&CODE_STATE=getMsg HTTP/1.1" 200 27
114.86.225.49 - - [16/Jun/2021:09:58:37 +0800] "GET /xingrg/all/function/internal_message.html?_=1623808714820&CODE_STATE=getMsg HTTP/1.1" 200 27
116.230.117.165 - - [16/Jun/2021:09:58:49 +0800] "GET /xingrg/all/function/internal_message.html?_=1623808736090&CODE_STATE=getMsg HTTP/1.1" 200 27
180.169.147.146 - - [16/Jun/2021:09:58:52 +0800] "GET /xingrg/all/function/internal_message.html?_=1623808729076&CODE_STATE=getMsg HTTP/1.1" 200 27
180.169.147.146 - - [16/Jun/2021:09:58:55 +0800] "GET /xingrg/all/function/internal_message.html?_=1623808732607&CODE_STATE=getMsg HTTP/1.1" 200 27
117.185.32.26 - - [16/Jun/2021:09:58:59 +0800] "GET /xingrg/check_reg.html?_=1623809265226 HTTP/1.1" 200 22
117.185.32.26 - - [16/Jun/2021:09:58:59 +0800] "GET /xingrg/all/function/internal_message.html?_=1623809265229&CODE_STATE=getMsg HTTP/1.1" 200 27
116.224.253.72 - - [16/Jun/2021:09:59:05 +0800] "GET /xingrg/all/function/internal_message.html?_=1623808741205&CODE_STATE=getMsg HTTP/1.1" 200 27
116.224.253.72 - - [16/Jun/2021:09:59:05 +0800] "GET /xingrg/check_reg.html?_=1623808741206 HTTP/1.1" 200 22
180.169.147.146 - - [16/Jun/2021:09:59:13 +0800] "GET /xingrg/all/function/internal_message.html?_=1623808750475&CODE_STATE=getMsg HTTP/1.1" 200 27
222.69.128.91 - - [16/Jun/2021:09:59:13 +0800] "GET /xingrg/all/function/internal_message.html?_=1623808748047&CODE_STATE=getMsg HTTP/1.1" 200 27
58.221.95.50 - - [16/Jun/2021:09:59:18 +0800] "GET /xingrg/check_reg.html?_=1623808755481 HTTP/1.1" 302 -
116.224.253.72 - - [16/Jun/2021:09:59:23 +0800] "GET /xingrg/all/function/internal_message.html?_=1623808750135&CODE_STATE=getMsg HTTP/1.1" 200 27
101.85.94.178 - - [16/Jun/2021:09:59:24 +0800] "GET /xingrg/all/function/internal_message.html?_=1623808213346&CODE_STATE=getMsg HTTP/1.1" 200 27
180.161.111.4 - - [16/Jun/2021:09:59:25 +0800] "GET /xingrg/check_reg.html?_=1623808727587 HTTP/1.1" 200 22
180.161.111.4 - - [16/Jun/2021:09:59:26 +0800] "GET /xingrg/all/function/internal_message.html?_=1623808727972&CODE_STATE=getMsg HTTP/1.1" 200 27
116.235.222.38 - - [16/Jun/2021:09:59:29 +0800] "GET /xingrg/all/function/internal_message.html?_=1623808762515&CODE_STATE=getMsg HTTP/1.1" 200 27
61.165.42.208 - - [16/Jun/2021:09:59:31 +0800] "GET /xingrg/all/function/internal_message.html?_=1623808769250&CODE_STATE=getMsg HTTP/1.1" 200 27
114.86.225.49 - - [16/Jun/2021:09:59:37 +0800] "GET /xingrg/all/function/internal_message.html?_=1623808774823&CODE_STATE=getMsg HTTP/1.1" 200 27
116.230.117.165 - - [16/Jun/2021:09:59:49 +0800] "GET /xingrg/all/function/internal_message.html?_=1623808796104&CODE_STATE=getMsg HTTP/1.1" 200 27
180.169.147.146 - - [16/Jun/2021:09:59:52 +0800] "GET /xingrg/all/function/internal_message.html?_=1623808789071&CODE_STATE=getMsg HTTP/1.1" 200 27
180.169.147.146 - - [16/Jun/2021:09:59:55 +0800] "GET /xingrg/all/function/internal_message.html?_=1623808792608&CODE_STATE=getMsg HTTP/1.1" 200 27
117.185.32.26 - - [16/Jun/2021:09:59:59 +0800] "GET /xingrg/all/function/internal_message.html?_=1623809325222&CODE_STATE=getMsg HTTP/1.1" 200 27
116.224.253.72 - - [16/Jun/2021:10:00:05 +0800] "GET /xingrg/all/function/internal_message.html?_=1623808801206&CODE_STATE=getMsg HTTP/1.1" 200 27
180.169.147.146 - - [16/Jun/2021:10:00:13 +0800] "GET /xingrg/all/function/internal_message.html?_=1623808810480&CODE_STATE=getMsg HTTP/1.1" 200 27
180.169.147.146 - - [16/Jun/2021:10:00:13 +0800] "GET /xingrg/check_reg.html?_=1623808810483 HTTP/1.1" 200 22
222.69.128.91 - - [16/Jun/2021:10:00:13 +0800] "GET /xingrg/all/function/internal_message.html?_=1623808808045&CODE_STATE=getMsg HTTP/1.1" 200 27
116.224.253.72 - - [16/Jun/2021:10:00:23 +0800] "GET /xingrg/all/function/internal_message.html?_=1623808810137&CODE_STATE=getMsg HTTP/1.1" 200 27
101.85.94.178 - - [16/Jun/2021:10:00:24 +0800] "GET /xingrg/all/function/internal_message.html?_=1623808273346&CODE_STATE=getMsg HTTP/1.1" 200 27
180.161.111.4 - - [16/Jun/2021:10:00:26 +0800] "GET /xingrg/all/function/internal_message.html?_=1623808787987&CODE_STATE=getMsg HTTP/1.1" 200 27
116.235.222.38 - - [16/Jun/2021:10:00:29 +0800] "GET /xingrg/all/function/internal_message.html?_=1623808822519&CODE_STATE=getMsg HTTP/1.1" 200 27
116.235.222.38 - - [16/Jun/2021:10:00:29 +0800] "GET /xingrg/check_reg.html?_=1623808822522 HTTP/1.1" 200 22
61.165.42.208 - - [16/Jun/2021:10:00:31 +0800] "GET /xingrg/all/function/internal_message.html?_=1623808829250&CODE_STATE=getMsg HTTP/1.1" 200 27
114.86.225.49 - - [16/Jun/2021:10:00:37 +0800] "GET /xingrg/all/function/internal_message.html?_=1623808834822&CODE_STATE=getMsg HTTP/1.1" 200 27
114.86.225.49 - - [16/Jun/2021:10:00:37 +0800] "GET /xingrg/check_reg.html?_=1623808834825 HTTP/1.1" 200 22
116.230.117.165 - - [16/Jun/2021:10:00:50 +0800] "GET /xingrg/all/function/internal_message.html?_=1623808856729&CODE_STATE=getMsg HTTP/1.1" 200 27
180.169.147.146 - - [16/Jun/2021:10:00:52 +0800] "GET /xingrg/check_reg.html?_=1623808849077 HTTP/1.1" 200 22
180.169.147.146 - - [16/Jun/2021:10:00:52 +0800] "GET /xingrg/all/function/internal_message.html?_=1623808849078&CODE_STATE=getMsg HTTP/1.1" 200 27
61.165.42.208 - - [16/Jun/2021:10:00:53 +0800] "GET /xingrg/kc/buy/cgsh_order_add.html HTTP/1.1" 200 62513
61.165.42.208 - - [16/Jun/2021:10:00:54 +0800] "POST /xingrg/kc/buy/cgsh_order_operate.html HTTP/1.1" 200 8245
61.165.42.208 - - [16/Jun/2021:10:00:54 +0800] "GET /xingrg/javascript/easyui/themes/default/validatebox.css HTTP/1.1" 404 1104
180.169.147.146 - - [16/Jun/2021:10:00:55 +0800] "GET /xingrg/check_reg.html?_=1623808852609 HTTP/1.1" 200 22
180.169.147.146 - - [16/Jun/2021:10:00:55 +0800] "GET /xingrg/all/function/internal_message.html?_=1623808852611&CODE_STATE=getMsg HTTP/1.1" 200 27
117.185.32.26 - - [16/Jun/2021:10:00:59 +0800] "GET /xingrg/all/function/internal_message.html?_=1623809385222&CODE_STATE=getMsg HTTP/1.1" 200 27
116.224.253.72 - - [16/Jun/2021:10:01:05 +0800] "GET /xingrg/all/function/internal_message.html?_=1623808861237&CODE_STATE=getMsg HTTP/1.1" 200 27
61.165.42.208 - - [16/Jun/2021:10:01:08 +0800] "GET /xingrg/kc/buy/cgsh_order_operate.html?command=get_materiel&rest_code=00105&code=00101001140&supplier_code=00100090&order_time=2021-06-16 HTTP/1.1" 200 415
180.169.147.146 - - [16/Jun/2021:10:01:13 +0800] "GET /xingrg/all/function/internal_message.html?_=1623808870486&CODE_STATE=getMsg HTTP/1.1" 200 27
222.69.128.91 - - [16/Jun/2021:10:01:13 +0800] "GET /xingrg/all/function/internal_message.html?_=1623808868044&CODE_STATE=getMsg HTTP/1.1" 200 27
116.224.253.72 - - [16/Jun/2021:10:01:22 +0800] "GET /xingrg/check_reg.html?_=1623808869267 HTTP/1.1" 200 22
61.165.42.208 - - [16/Jun/2021:10:01:23 +0800] "GET /xingrg/kc/buy/cgsh_order_operate.html?command=get_materiel&rest_code=00105&code=00101001169&supplier_code=00100090&order_time=2021-06-16 HTTP/1.1" 200 415
116.224.253.72 - - [16/Jun/2021:10:01:23 +0800] "GET /xingrg/all/function/internal_message.html?_=1623808870151&CODE_STATE=getMsg HTTP/1.1" 200 27
101.85.94.178 - - [16/Jun/2021:10:01:24 +0800] "GET /xingrg/all/function/internal_message.html?_=1623808333346&CODE_STATE=getMsg HTTP/1.1" 200 27
180.161.111.4 - - [16/Jun/2021:10:01:26 +0800] "GET /xingrg/all/function/internal_message.html?_=1623808847999&CODE_STATE=getMsg HTTP/1.1" 200 27
116.235.222.38 - - [16/Jun/2021:10:01:29 +0800] "GET /xingrg/all/function/internal_message.html?_=1623808882519&CODE_STATE=getMsg HTTP/1.1" 200 27
61.165.42.208 - - [16/Jun/2021:10:01:31 +0800] "GET /xingrg/all/function/internal_message.html?_=1623808889253&CODE_STATE=getMsg HTTP/1.1" 200 27
61.165.42.208 - - [16/Jun/2021:10:01:31 +0800] "POST /xingrg/kc/buy/cgsh_order_operate.html HTTP/1.1" 200 37
61.165.42.208 - - [16/Jun/2021:10:01:33 +0800] "POST /xingrg/kc/buy/cgsh_order_operate.html HTTP/1.1" 200 3258
61.165.42.208 - - [16/Jun/2021:10:01:34 +0800] "GET /xingrg/kc/print/load_data.html?order_code=212021061607256&kc_code=cgsh&condition= HTTP/1.1" 200 966
114.86.225.49 - - [16/Jun/2021:10:01:37 +0800] "GET /xingrg/all/function/internal_message.html?_=1623808894824&CODE_STATE=getMsg HTTP/1.1" 200 27
61.165.42.208 - - [16/Jun/2021:10:01:39 +0800] "GET /xingrg/kc/mdqp/qqps_order_list.html HTTP/1.1" 200 9222
61.165.42.208 - - [16/Jun/2021:10:01:39 +0800] "GET /xingrg/dwr/interface/AjaxReportQueryService.js HTTP/1.1" 200 13203
61.165.42.208 - - [16/Jun/2021:10:01:39 +0800] "GET /xingrg/javascript/ToolTips.js HTTP/1.1" 304 -
61.165.42.208 - - [16/Jun/2021:10:01:39 +0800] "GET /xingrg/javascript/Calendar.js HTTP/1.1" 304 -
61.165.42.208 - - [16/Jun/2021:10:01:39 +0800] "GET /xingrg/dwr/interface/AjaxQqpsService.js HTTP/1.1" 200 16326
61.165.42.208 - - [16/Jun/2021:10:01:39 +0800] "GET /xingrg/dwr/util.js HTTP/1.1" 200 35990
61.165.42.208 - - [16/Jun/2021:10:01:39 +0800] "GET /xingrg/dwr/engine.js HTTP/1.1" 200 43631
61.165.42.208 - - [16/Jun/2021:10:01:39 +0800] "GET /xingrg/javascript/jquery_easy_ui/themes/icons/edit_add_new.png HTTP/1.1" 304 -
61.165.42.208 - - [16/Jun/2021:10:01:39 +0800] "GET /xingrg/javascript/jquery_easy_ui/themes/icons/uncheck_new.png HTTP/1.1" 304 -
61.165.42.208 - - [16/Jun/2021:10:01:39 +0800] "GET /xingrg/javascript/jquery_easy_ui/themes/icons/check_new.png HTTP/1.1" 304 -
61.165.42.208 - - [16/Jun/2021:10:01:39 +0800] "GET /xingrg/javascript/jquery_easy_ui/themes/icons/cance_new.png HTTP/1.1" 304 -
61.165.42.208 - - [16/Jun/2021:10:01:43 +0800] "GET /xingrg/kc/mdqp/qqps_order_list.html?isQuery=1&timeSelect=1&orderTime=day&startTime=2021-06-15&endTime=2021-06-16&state=all&query=%C8%B7++%B6%A8 HTTP/1.1" 200 11407
61.165.42.208 - - [16/Jun/2021:10:01:43 +0800] "GET /xingrg/dwr/interface/AjaxQqpsService.js HTTP/1.1" 200 16326
61.165.42.208 - - [16/Jun/2021:10:01:43 +0800] "GET /xingrg/dwr/interface/AjaxReportQueryService.js HTTP/1.1" 200 13203
61.165.42.208 - - [16/Jun/2021:10:01:43 +0800] "GET /xingrg/dwr/engine.js HTTP/1.1" 200 43631
61.165.42.208 - - [16/Jun/2021:10:01:47 +0800] "GET /xingrg/kc/buy/cgsh_order_add.html HTTP/1.1" 200 62513
61.165.42.208 - - [16/Jun/2021:10:01:48 +0800] "GET /xingrg/javascript/easyui/themes/default/validatebox.css HTTP/1.1" 404 1104
61.165.42.208 - - [16/Jun/2021:10:01:48 +0800] "POST /xingrg/kc/buy/cgsh_order_operate.html HTTP/1.1" 200 8245
116.230.117.165 - - [16/Jun/2021:10:01:50 +0800] "GET /xingrg/all/function/internal_message.html?_=1623808916739&CODE_STATE=getMsg HTTP/1.1" 200 27
61.165.42.208 - - [16/Jun/2021:10:01:50 +0800] "GET /xingrg/javascript/auto/indicator.gif HTTP/1.1" 404 1066
180.169.147.146 - - [16/Jun/2021:10:01:52 +0800] "GET /xingrg/all/function/internal_message.html?_=1623808909071&CODE_STATE=getMsg HTTP/1.1" 200 27
180.169.147.146 - - [16/Jun/2021:10:01:55 +0800] "GET /xingrg/all/function/internal_message.html?_=1623808912612&CODE_STATE=getMsg HTTP/1.1" 200 27
61.165.42.208 - - [16/Jun/2021:10:01:58 +0800] "GET /xingrg/kc/buy/cgsh_order_operate.html?command=get_materiel&rest_code=00105&code=00101004038&supplier_code=00100312&order_time=2021-06-16 HTTP/1.1" 200 429
117.185.32.26 - - [16/Jun/2021:10:01:59 +0800] "GET /xingrg/all/function/internal_message.html?_=1623809445220&CODE_STATE=getMsg HTTP/1.1" 200 27
116.224.253.72 - - [16/Jun/2021:10:02:05 +0800] "GET /xingrg/all/function/internal_message.html?_=1623808921241&CODE_STATE=getMsg HTTP/1.1" 200 27
180.169.147.146 - - [16/Jun/2021:10:02:13 +0800] "GET /xingrg/all/function/internal_message.html?_=1623808930475&CODE_STATE=getMsg HTTP/1.1" 200 27
222.69.128.91 - - [16/Jun/2021:10:02:13 +0800] "GET /xingrg/all/function/internal_message.html?_=1623808928042&CODE_STATE=getMsg HTTP/1.1" 200 27
222.69.128.91 - - [16/Jun/2021:10:02:13 +0800] "GET /xingrg/check_reg.html?_=1623808928043 HTTP/1.1" 200 22
58.37.225.51 - - [16/Jun/2021:10:02:14 +0800] "GET /xingrg/check_reg.html?_=1623808866431 HTTP/1.1" 302 -
61.165.42.208 - - [16/Jun/2021:10:02:20 +0800] "GET /xingrg/kc/buy/cgsh_order_operate.html?command=get_materiel&rest_code=00105&code=00101001096&supplier_code=00100312&order_time=2021-06-16 HTTP/1.1" 200 413
116.230.117.165 - - [16/Jun/2021:10:02:22 +0800] "GET /xingrg/check_reg.html?_=1623808949105 HTTP/1.1" 200 22
116.224.253.72 - - [16/Jun/2021:10:02:23 +0800] "GET /xingrg/all/function/internal_message.html?_=1623808930164&CODE_STATE=getMsg HTTP/1.1" 200 27
101.85.94.178 - - [16/Jun/2021:10:02:24 +0800] "GET /xingrg/all/function/internal_message.html?_=1623808393346&CODE_STATE=getMsg HTTP/1.1" 200 27
116.230.117.165 - - [16/Jun/2021:10:02:25 +0800] "GET /xingrg/check_reg.html?_=1623808942297 HTTP/1.1" 302 -
180.161.111.4 - - [16/Jun/2021:10:02:26 +0800] "GET /xingrg/all/function/internal_message.html?_=1623808908013&CODE_STATE=getMsg HTTP/1.1" 200 27
61.165.42.208 - - [16/Jun/2021:10:02:28 +0800] "GET /xingrg/kc/buy/cgsh_order_operate.html?command=get_materiel&rest_code=00105&code=00101005072&supplier_code=00100312&order_time=2021-06-16 HTTP/1.1" 200 403
116.235.222.38 - - [16/Jun/2021:10:02:29 +0800] "GET /xingrg/all/function/internal_message.html?_=1623808942518&CODE_STATE=getMsg HTTP/1.1" 200 27
61.165.42.208 - - [16/Jun/2021:10:02:31 +0800] "GET /xingrg/all/function/internal_message.html?_=1623808949265&CODE_STATE=getMsg HTTP/1.1" 200 27
61.165.42.208 - - [16/Jun/2021:10:02:35 +0800] "GET /xingrg/kc/buy/cgsh_order_operate.html?command=get_materiel&rest_code=00105&code=00101004005&supplier_code=00100312&order_time=2021-06-16 HTTP/1.1" 200 410
114.86.225.49 - - [16/Jun/2021:10:02:37 +0800] "GET /xingrg/all/function/internal_message.html?_=1623808954826&CODE_STATE=getMsg HTTP/1.1" 200 27
116.230.117.165 - - [16/Jun/2021:10:02:50 +0800] "GET /xingrg/all/function/internal_message.html?_=1623808976753&CODE_STATE=getMsg HTTP/1.1" 200 27
180.169.147.146 - - [16/Jun/2021:10:02:52 +0800] "GET /xingrg/all/function/internal_message.html?_=1623808969086&CODE_STATE=getMsg HTTP/1.1" 200 27
180.169.147.146 - - [16/Jun/2021:10:02:55 +0800] "GET /xingrg/all/function/internal_message.html?_=1623808972608&CODE_STATE=getMsg HTTP/1.1" 200 27
61.165.42.208 - - [16/Jun/2021:10:02:59 +0800] "POST /xingrg/kc/buy/cgsh_order_operate.html HTTP/1.1" 200 37
117.185.32.26 - - [16/Jun/2021:10:02:59 +0800] "GET /xingrg/all/function/internal_message.html?_=1623809505253&CODE_STATE=getMsg HTTP/1.1" 200 27
61.165.42.208 - - [16/Jun/2021:10:03:00 +0800] "POST /xingrg/kc/buy/cgsh_order_operate.html HTTP/1.1" 200 5035
61.165.42.208 - - [16/Jun/2021:10:03:01 +0800] "GET /xingrg/kc/print/load_data.html?order_code=212021061607257&kc_code=cgsh&condition= HTTP/1.1" 200 1583
116.224.253.72 - - [16/Jun/2021:10:03:05 +0800] "GET /xingrg/all/function/internal_message.html?_=1623808981229&CODE_STATE=getMsg HTTP/1.1" 200 27
