120.253.135.82 - - [16/Jun/2021:07:33:26 +0800] "GET /xingrg/images/control/ajaxLoader.gif HTTP/1.1" 304 -
120.253.135.82 - - [16/Jun/2021:07:33:26 +0800] "GET /xingrg/javascript/easyui/plugins/jquery.draggable.js HTTP/1.1" 304 -
120.253.135.82 - - [16/Jun/2021:07:33:26 +0800] "GET /xingrg/javascript/easyui/plugins/jquery.droppable.js HTTP/1.1" 304 -
120.253.135.82 - - [16/Jun/2021:07:33:26 +0800] "GET /xingrg/all/common/auto_word.html?type=base&rest_code=00101 HTTP/1.1" 200 613
120.253.135.82 - - [16/Jun/2021:07:33:26 +0800] "GET /xingrg/javascript/easyui/themes/default/tree.css HTTP/1.1" 404 1090
120.253.135.82 - - [16/Jun/2021:07:33:26 +0800] "GET /xingrg/javascript/easyui/plugins/jquery.tree.js HTTP/1.1" 304 -
120.253.135.82 - - [16/Jun/2021:07:33:26 +0800] "POST /xingrg/all/common/load_tree.html?tree=materiel_sort_tree_json HTTP/1.1" 200 8666
120.253.135.82 - - [16/Jun/2021:07:33:26 +0800] "GET /xingrg/javascript/easyui/themes/sunny/images/tree_arrows.gif HTTP/1.1" 304 -
120.253.135.82 - - [16/Jun/2021:07:33:26 +0800] "GET /xingrg/javascript/easyui/themes/sunny/images/tree_file.gif HTTP/1.1" 304 -
120.253.135.82 - - [16/Jun/2021:07:33:26 +0800] "GET /xingrg/javascript/easyui/themes/sunny/images/tree_folder.gif HTTP/1.1" 304 -
120.253.135.82 - - [16/Jun/2021:07:33:26 +0800] "GET /xingrg/javascript/easyui/themes/sunny/images/tree_folder_open.gif HTTP/1.1" 304 -
120.253.135.82 - - [16/Jun/2021:07:33:27 +0800] "GET /xingrg/css/images/panel_loading.gif HTTP/1.1" 304 -
120.253.135.82 - - [16/Jun/2021:07:33:27 +0800] "POST /xingrg/all/common/load_combo.html?type=base HTTP/1.1" 200 1075
120.253.135.82 - - [16/Jun/2021:07:33:40 +0800] "POST /xingrg/kc/base/stock_operate.html HTTP/1.1" 200 1731
120.253.135.82 - - [16/Jun/2021:07:33:40 +0800] "GET /xingrg/javascript/jquery_tools/fix_table.js HTTP/1.1" 200 6528
120.253.135.82 - - [16/Jun/2021:07:33:46 +0800] "POST /xingrg/kc/base/stock_operate.html HTTP/1.1" 200 1755
180.169.147.146 - - [16/Jun/2021:07:33:51 +0800] "GET /xingrg/all/function/internal_message.html?_=1623800028681&CODE_STATE=getMsg HTTP/1.1" 200 27
180.169.147.146 - - [16/Jun/2021:07:33:51 +0800] "GET /xingrg/check_reg.html?_=1623800028682 HTTP/1.1" 200 22
116.224.253.72 - - [16/Jun/2021:07:33:53 +0800] "GET /xingrg/all/function/internal_message.html?_=1623800029803&CODE_STATE=getMsg HTTP/1.1" 200 27
222.70.177.90 - - [16/Jun/2021:07:34:19 +0800] "GET /xingrg/all/function/internal_message.html?_=1623800054528&CODE_STATE=getMsg HTTP/1.1" 200 27
120.253.135.82 - - [16/Jun/2021:07:34:22 +0800] "GET /xingrg/all/function/internal_message.html?_=1623799842188&CODE_STATE=getMsg HTTP/1.1" 200 27
116.230.117.165 - - [16/Jun/2021:07:34:22 +0800] "GET /xingrg/all/function/internal_message.html?_=1623800068972&CODE_STATE=getMsg HTTP/1.1" 200 27
180.169.147.146 - - [16/Jun/2021:07:34:51 +0800] "GET /xingrg/all/function/internal_message.html?_=1623800088669&CODE_STATE=getMsg HTTP/1.1" 200 27
116.224.253.72 - - [16/Jun/2021:07:34:53 +0800] "GET /xingrg/all/function/internal_message.html?_=1623800089811&CODE_STATE=getMsg HTTP/1.1" 200 27
114.84.0.231 - - [16/Jun/2021:07:35:16 +0800] "POST /xingrg/services/DataTransmitService HTTP/1.1" 200 524
114.84.0.231 - - [16/Jun/2021:07:35:16 +0800] "POST /xingrg/services/DataTransmitService HTTP/1.1" 200 501
222.70.177.90 - - [16/Jun/2021:07:35:19 +0800] "GET /xingrg/all/function/internal_message.html?_=1623800114513&CODE_STATE=getMsg HTTP/1.1" 200 27
120.253.135.82 - - [16/Jun/2021:07:35:22 +0800] "GET /xingrg/all/function/internal_message.html?_=1623799902202&CODE_STATE=getMsg HTTP/1.1" 200 27
116.230.117.165 - - [16/Jun/2021:07:35:23 +0800] "GET /xingrg/all/function/internal_message.html?_=1623800129484&CODE_STATE=getMsg HTTP/1.1" 200 27
180.169.147.146 - - [16/Jun/2021:07:35:51 +0800] "GET /xingrg/all/function/internal_message.html?_=1623800148687&CODE_STATE=getMsg HTTP/1.1" 200 27
116.224.253.72 - - [16/Jun/2021:07:35:53 +0800] "GET /xingrg/check_reg.html?_=1623800149810 HTTP/1.1" 200 22
116.224.253.72 - - [16/Jun/2021:07:35:53 +0800] "GET /xingrg/all/function/internal_message.html?_=1623800149812&CODE_STATE=getMsg HTTP/1.1" 200 27
222.70.177.90 - - [16/Jun/2021:07:36:19 +0800] "GET /xingrg/all/function/internal_message.html?_=1623800174498&CODE_STATE=getMsg HTTP/1.1" 200 27
120.253.135.82 - - [16/Jun/2021:07:36:22 +0800] "GET /xingrg/all/function/internal_message.html?_=1623799962217&CODE_STATE=getMsg HTTP/1.1" 200 27
116.230.117.165 - - [16/Jun/2021:07:36:23 +0800] "GET /xingrg/all/function/internal_message.html?_=1623800189497&CODE_STATE=getMsg HTTP/1.1" 200 27
180.169.147.146 - - [16/Jun/2021:07:36:51 +0800] "GET /xingrg/all/function/internal_message.html?_=1623800208681&CODE_STATE=getMsg HTTP/1.1" 200 27
116.224.253.72 - - [16/Jun/2021:07:36:53 +0800] "GET /xingrg/all/function/internal_message.html?_=1623800209822&CODE_STATE=getMsg HTTP/1.1" 200 27
222.70.177.90 - - [16/Jun/2021:07:37:19 +0800] "GET /xingrg/all/function/internal_message.html?_=1623800234483&CODE_STATE=getMsg HTTP/1.1" 200 27
116.230.117.165 - - [16/Jun/2021:07:37:20 +0800] "GET /xingrg/check_reg.html?_=1623800246550 HTTP/1.1" 200 22
120.253.135.82 - - [16/Jun/2021:07:37:22 +0800] "GET /xingrg/all/function/internal_message.html?_=1623800022229&CODE_STATE=getMsg HTTP/1.1" 200 27
116.230.117.165 - - [16/Jun/2021:07:37:23 +0800] "GET /xingrg/all/function/internal_message.html?_=1623800249511&CODE_STATE=getMsg HTTP/1.1" 200 27
116.230.117.165 - - [16/Jun/2021:07:37:25 +0800] "GET /xingrg/check_reg.html?_=1623800242860 HTTP/1.1" 302 -
222.70.177.90 - - [16/Jun/2021:07:37:35 +0800] "GET /xingrg/check_reg.html?_=1623800250460 HTTP/1.1" 200 22
180.169.147.146 - - [16/Jun/2021:07:37:51 +0800] "GET /xingrg/all/function/internal_message.html?_=1623800268677&CODE_STATE=getMsg HTTP/1.1" 200 27
116.224.253.72 - - [16/Jun/2021:07:37:53 +0800] "GET /xingrg/all/function/internal_message.html?_=1623800269821&CODE_STATE=getMsg HTTP/1.1" 200 27
120.253.135.82 - - [16/Jun/2021:07:38:05 +0800] "POST /xingrg/kc/base/stock_operate.html HTTP/1.1" 200 1473
222.70.177.90 - - [16/Jun/2021:07:38:19 +0800] "GET /xingrg/all/function/internal_message.html?_=1623800294453&CODE_STATE=getMsg HTTP/1.1" 200 27
120.253.135.82 - - [16/Jun/2021:07:38:22 +0800] "GET /xingrg/check_reg.html?_=1623800082184 HTTP/1.1" 200 22
120.253.135.82 - - [16/Jun/2021:07:38:22 +0800] "GET /xingrg/all/function/internal_message.html?_=1623800082242&CODE_STATE=getMsg HTTP/1.1" 200 27
116.230.117.165 - - [16/Jun/2021:07:38:23 +0800] "GET /xingrg/all/function/internal_message.html?_=1623800309524&CODE_STATE=getMsg HTTP/1.1" 200 27
120.253.135.82 - - [16/Jun/2021:07:38:38 +0800] "GET /xingrg/javascript/jquery_easy_ui/themes/icons/manage.png HTTP/1.1" 304 -
120.253.135.82 - - [16/Jun/2021:07:38:38 +0800] "GET /xingrg/javascript/jquery_easy_ui/themes/icons/area.png HTTP/1.1" 304 -
120.253.135.82 - - [16/Jun/2021:07:38:38 +0800] "GET /xingrg/javascript/easyui/themes/sunny/images/ui-bg_gloss-wave_70_ffdd57_500x100.png HTTP/1.1" 200 3830
180.169.147.146 - - [16/Jun/2021:07:38:51 +0800] "GET /xingrg/all/function/internal_message.html?_=1623800328687&CODE_STATE=getMsg HTTP/1.1" 200 27
180.169.147.146 - - [16/Jun/2021:07:38:51 +0800] "GET /xingrg/check_reg.html?_=1623800328689 HTTP/1.1" 200 22
116.224.253.72 - - [16/Jun/2021:07:38:53 +0800] "GET /xingrg/all/function/internal_message.html?_=1623800329829&CODE_STATE=getMsg HTTP/1.1" 200 27
120.253.135.82 - - [16/Jun/2021:07:38:59 +0800] "POST /xingrg/kc/base/stock_operate.html HTTP/1.1" 200 1482
222.70.177.90 - - [16/Jun/2021:07:39:19 +0800] "GET /xingrg/all/function/internal_message.html?_=1623800354465&CODE_STATE=getMsg HTTP/1.1" 200 27
120.253.135.82 - - [16/Jun/2021:07:39:22 +0800] "GET /xingrg/all/function/internal_message.html?_=1623800142256&CODE_STATE=getMsg HTTP/1.1" 200 27
116.230.117.165 - - [16/Jun/2021:07:39:23 +0800] "GET /xingrg/all/function/internal_message.html?_=1623800369539&CODE_STATE=getMsg HTTP/1.1" 200 27
180.169.147.146 - - [16/Jun/2021:07:39:51 +0800] "GET /xingrg/all/function/internal_message.html?_=1623800388685&CODE_STATE=getMsg HTTP/1.1" 200 27
116.224.253.72 - - [16/Jun/2021:07:39:53 +0800] "GET /xingrg/all/function/internal_message.html?_=1623800389836&CODE_STATE=getMsg HTTP/1.1" 200 27
222.70.177.90 - - [16/Jun/2021:07:40:19 +0800] "GET /xingrg/all/function/internal_message.html?_=1623800414450&CODE_STATE=getMsg HTTP/1.1" 200 27
120.253.135.82 - - [16/Jun/2021:07:40:22 +0800] "GET /xingrg/all/function/internal_message.html?_=1623800202270&CODE_STATE=getMsg HTTP/1.1" 200 27
116.230.117.165 - - [16/Jun/2021:07:40:24 +0800] "GET /xingrg/all/function/internal_message.html?_=1623800430074&CODE_STATE=getMsg HTTP/1.1" 200 27
180.169.147.146 - - [16/Jun/2021:07:40:51 +0800] "GET /xingrg/all/function/internal_message.html?_=1623800448683&CODE_STATE=getMsg HTTP/1.1" 200 27
116.224.253.72 - - [16/Jun/2021:07:40:53 +0800] "GET /xingrg/check_reg.html?_=1623800449841 HTTP/1.1" 200 22
116.224.253.72 - - [16/Jun/2021:07:40:53 +0800] "GET /xingrg/all/function/internal_message.html?_=1623800449843&CODE_STATE=getMsg HTTP/1.1" 200 27
222.70.177.90 - - [16/Jun/2021:07:41:19 +0800] "GET /xingrg/all/function/internal_message.html?_=1623800474434&CODE_STATE=getMsg HTTP/1.1" 200 27
120.253.135.82 - - [16/Jun/2021:07:41:22 +0800] "GET /xingrg/all/function/internal_message.html?_=1623800262284&CODE_STATE=getMsg HTTP/1.1" 200 27
116.230.117.165 - - [16/Jun/2021:07:41:24 +0800] "GET /xingrg/all/function/internal_message.html?_=1623800490080&CODE_STATE=getMsg HTTP/1.1" 200 27
180.169.147.146 - - [16/Jun/2021:07:41:51 +0800] "GET /xingrg/all/function/internal_message.html?_=1623800508671&CODE_STATE=getMsg HTTP/1.1" 200 27
116.224.253.72 - - [16/Jun/2021:07:41:53 +0800] "GET /xingrg/all/function/internal_message.html?_=1623800509849&CODE_STATE=getMsg HTTP/1.1" 200 27
101.93.222.235 - - [16/Jun/2021:07:41:53 +0800] "POST /xingrg/services/DataTransmitService HTTP/1.1" 200 524
101.93.222.235 - - [16/Jun/2021:07:41:54 +0800] "POST /xingrg/services/DataTransmitService HTTP/1.1" 200 501
222.70.177.90 - - [16/Jun/2021:07:42:19 +0800] "GET /xingrg/all/function/internal_message.html?_=1623800534417&CODE_STATE=getMsg HTTP/1.1" 200 27
116.230.117.165 - - [16/Jun/2021:07:42:21 +0800] "GET /xingrg/check_reg.html?_=1623800547050 HTTP/1.1" 200 22
120.253.135.82 - - [16/Jun/2021:07:42:22 +0800] "GET /xingrg/all/function/internal_message.html?_=1623800322297&CODE_STATE=getMsg HTTP/1.1" 200 27
116.230.117.165 - - [16/Jun/2021:07:42:24 +0800] "GET /xingrg/all/function/internal_message.html?_=1623800550478&CODE_STATE=getMsg HTTP/1.1" 200 27
116.230.117.165 - - [16/Jun/2021:07:42:25 +0800] "GET /xingrg/check_reg.html?_=1623800542850 HTTP/1.1" 302 -
222.70.177.90 - - [16/Jun/2021:07:42:35 +0800] "GET /xingrg/check_reg.html?_=1623800550471 HTTP/1.1" 200 22
180.169.147.146 - - [16/Jun/2021:07:42:51 +0800] "GET /xingrg/all/function/internal_message.html?_=1623800568682&CODE_STATE=getMsg HTTP/1.1" 200 27
116.224.253.72 - - [16/Jun/2021:07:42:53 +0800] "GET /xingrg/all/function/internal_message.html?_=1623800569853&CODE_STATE=getMsg HTTP/1.1" 200 27
120.253.135.82 - - [16/Jun/2021:07:43:03 +0800] "POST /xingrg/kc/base/stock_operate.html HTTP/1.1" 200 1472
222.70.177.90 - - [16/Jun/2021:07:43:19 +0800] "GET /xingrg/all/function/internal_message.html?_=1623800594401&CODE_STATE=getMsg HTTP/1.1" 200 27
120.253.135.82 - - [16/Jun/2021:07:43:22 +0800] "GET /xingrg/check_reg.html?_=1623800382192 HTTP/1.1" 200 22
120.253.135.82 - - [16/Jun/2021:07:43:22 +0800] "GET /xingrg/all/function/internal_message.html?_=1623800382310&CODE_STATE=getMsg HTTP/1.1" 200 27
120.253.135.82 - - [16/Jun/2021:07:43:23 +0800] "POST /xingrg/kc/base/stock_operate.html HTTP/1.1" 200 1469
116.230.117.165 - - [16/Jun/2021:07:43:24 +0800] "GET /xingrg/all/function/internal_message.html?_=1623800610482&CODE_STATE=getMsg HTTP/1.1" 200 27
120.253.135.82 - - [16/Jun/2021:07:43:44 +0800] "POST /xingrg/kc/base/stock_operate.html HTTP/1.1" 200 1733
180.169.147.146 - - [16/Jun/2021:07:43:51 +0800] "GET /xingrg/all/function/internal_message.html?_=1623800628680&CODE_STATE=getMsg HTTP/1.1" 200 27
180.169.147.146 - - [16/Jun/2021:07:43:51 +0800] "GET /xingrg/check_reg.html?_=1623800628682 HTTP/1.1" 200 22
116.224.253.72 - - [16/Jun/2021:07:43:53 +0800] "GET /xingrg/all/function/internal_message.html?_=1623800629857&CODE_STATE=getMsg HTTP/1.1" 200 27
120.253.135.82 - - [16/Jun/2021:07:43:55 +0800] "POST /xingrg/kc/base/stock_operate.html HTTP/1.1" 200 1472
222.70.177.90 - - [16/Jun/2021:07:44:19 +0800] "GET /xingrg/all/function/internal_message.html?_=1623800654385&CODE_STATE=getMsg HTTP/1.1" 200 27
120.253.135.82 - - [16/Jun/2021:07:44:22 +0800] "GET /xingrg/all/function/internal_message.html?_=1623800442324&CODE_STATE=getMsg HTTP/1.1" 200 27
116.230.117.165 - - [16/Jun/2021:07:44:24 +0800] "GET /xingrg/all/function/internal_message.html?_=1623800670985&CODE_STATE=getMsg HTTP/1.1" 200 27
180.169.147.146 - - [16/Jun/2021:07:44:51 +0800] "GET /xingrg/all/function/internal_message.html?_=1623800688679&CODE_STATE=getMsg HTTP/1.1" 200 27
116.224.253.72 - - [16/Jun/2021:07:44:53 +0800] "GET /xingrg/all/function/internal_message.html?_=1623800689859&CODE_STATE=getMsg HTTP/1.1" 200 27
222.70.177.90 - - [16/Jun/2021:07:45:19 +0800] "GET /xingrg/all/function/internal_message.html?_=1623800714371&CODE_STATE=getMsg HTTP/1.1" 200 27
120.253.135.82 - - [16/Jun/2021:07:45:22 +0800] "GET /xingrg/all/function/internal_message.html?_=1623800502337&CODE_STATE=getMsg HTTP/1.1" 200 27
116.230.117.165 - - [16/Jun/2021:07:45:24 +0800] "GET /xingrg/all/function/internal_message.html?_=1623800730992&CODE_STATE=getMsg HTTP/1.1" 200 27
180.169.147.146 - - [16/Jun/2021:07:45:51 +0800] "GET /xingrg/all/function/internal_message.html?_=1623800748696&CODE_STATE=getMsg HTTP/1.1" 200 27
116.224.253.72 - - [16/Jun/2021:07:45:53 +0800] "GET /xingrg/check_reg.html?_=1623800749865 HTTP/1.1" 200 22
116.224.253.72 - - [16/Jun/2021:07:45:53 +0800] "GET /xingrg/all/function/internal_message.html?_=1623800749869&CODE_STATE=getMsg HTTP/1.1" 200 27
222.70.177.90 - - [16/Jun/2021:07:46:18 +0800] "GET /xingrg/all/function/internal_message.html?_=1623800774356&CODE_STATE=getMsg HTTP/1.1" 200 27
120.253.135.82 - - [16/Jun/2021:07:46:22 +0800] "GET /xingrg/all/function/internal_message.html?_=1623800562355&CODE_STATE=getMsg HTTP/1.1" 200 27
116.230.117.165 - - [16/Jun/2021:07:46:25 +0800] "GET /xingrg/all/function/internal_message.html?_=1623800791499&CODE_STATE=getMsg HTTP/1.1" 200 27
180.169.147.146 - - [16/Jun/2021:07:46:51 +0800] "GET /xingrg/all/function/internal_message.html?_=1623800808688&CODE_STATE=getMsg HTTP/1.1" 200 27
116.224.253.72 - - [16/Jun/2021:07:46:53 +0800] "GET /xingrg/all/function/internal_message.html?_=1623800809870&CODE_STATE=getMsg HTTP/1.1" 200 27
222.70.177.90 - - [16/Jun/2021:07:47:18 +0800] "GET /xingrg/all/function/internal_message.html?_=1623800834341&CODE_STATE=getMsg HTTP/1.1" 200 27
116.230.117.165 - - [16/Jun/2021:07:47:21 +0800] "GET /xingrg/check_reg.html?_=1623800847066 HTTP/1.1" 200 22
120.253.135.82 - - [16/Jun/2021:07:47:22 +0800] "GET /xingrg/all/function/internal_message.html?_=1623800622364&CODE_STATE=getMsg HTTP/1.1" 200 27
116.230.117.165 - - [16/Jun/2021:07:47:25 +0800] "GET /xingrg/all/function/internal_message.html?_=1623800851503&CODE_STATE=getMsg HTTP/1.1" 200 27
116.230.117.165 - - [16/Jun/2021:07:47:25 +0800] "GET /xingrg/check_reg.html?_=1623800842825 HTTP/1.1" 302 -
222.70.177.90 - - [16/Jun/2021:07:47:35 +0800] "GET /xingrg/check_reg.html?_=1623800850444 HTTP/1.1" 200 22
120.253.135.82 - - [16/Jun/2021:07:47:41 +0800] "GET /xingrg/javascript/easyui/themes/sunny/images/ui-bg_gloss-wave_60_fece2f_500x100.png HTTP/1.1" 200 3512
120.253.135.82 - - [16/Jun/2021:07:47:45 +0800] "GET /xingrg/javascript/jquery_tools/table.css HTTP/1.1" 304 -
120.253.135.82 - - [16/Jun/2021:07:47:45 +0800] "GET /xingrg/javascript/jquery_tools/jquery.tools.table.js HTTP/1.1" 304 -
120.253.135.82 - - [16/Jun/2021:07:47:45 +0800] "GET /xingrg/javascript/easyui/themes/default/easyui.css HTTP/1.1" 304 -
120.253.135.82 - - [16/Jun/2021:07:47:45 +0800] "GET /xingrg/kc/buy/cgsh_order_list.html HTTP/1.1" 200 46728
120.253.135.82 - - [16/Jun/2021:07:47:46 +0800] "GET /xingrg/javascript/easyui/themes/icons/edit_add_new.png HTTP/1.1" 304 -
120.253.135.82 - - [16/Jun/2021:07:47:46 +0800] "GET /xingrg/javascript/easyui/themes/icons/check_new.png HTTP/1.1" 304 -
120.253.135.82 - - [16/Jun/2021:07:47:46 +0800] "GET /xingrg/javascript/easyui/themes/icons/cance_new.png HTTP/1.1" 304 -
120.253.135.82 - - [16/Jun/2021:07:47:46 +0800] "POST /xingrg/kc/buy/cgsh_list_operate.html HTTP/1.1" 200 876
120.253.135.82 - - [16/Jun/2021:07:47:48 +0800] "GET /xingrg/javascript/easyui/themes/default/images/button_plain_hover.png HTTP/1.1" 304 -
120.253.135.82 - - [16/Jun/2021:07:47:48 +0800] "GET /xingrg/javascript/easyui/themes/default/images/button_plain_hover.png HTTP/1.1" 304 -
120.253.135.82 - - [16/Jun/2021:07:47:48 +0800] "GET /xingrg/javascript/jquery_tools/order_manager.js HTTP/1.1" 304 -
120.253.135.82 - - [16/Jun/2021:07:47:48 +0800] "GET /xingrg/javascript/print/kc_print.js HTTP/1.1" 304 -
120.253.135.82 - - [16/Jun/2021:07:47:48 +0800] "GET /xingrg/kc/buy/cgsh_order_add.html HTTP/1.1" 200 61527
120.253.135.82 - - [16/Jun/2021:07:47:49 +0800] "GET /xingrg/words/20210615091538_words.js HTTP/1.1" 304 -
120.253.135.82 - - [16/Jun/2021:07:47:49 +0800] "GET /xingrg/javascript/easyui/themes/icons/copy_new.png HTTP/1.1" 304 -
120.253.135.82 - - [16/Jun/2021:07:47:49 +0800] "GET /xingrg/javascript/easyui/themes/icons/template_new.png HTTP/1.1" 200 3956
120.253.135.82 - - [16/Jun/2021:07:47:49 +0800] "GET /xingrg/javascript/easyui/themes/icons/ok.png HTTP/1.1" 304 -
120.253.135.82 - - [16/Jun/2021:07:47:49 +0800] "GET /xingrg/javascript/easyui/themes/icons/print.png HTTP/1.1" 304 -
120.253.135.82 - - [16/Jun/2021:07:47:49 +0800] "GET /xingrg/javascript/easyui/themes/default/images/menu_downarrow.png HTTP/1.1" 304 -
120.253.135.82 - - [16/Jun/2021:07:47:49 +0800] "GET /xingrg/javascript/easyui/themes/icons/cancel.png HTTP/1.1" 304 -
120.253.135.82 - - [16/Jun/2021:07:47:49 +0800] "POST /xingrg/kc/buy/cgsh_order_operate.html HTTP/1.1" 200 8245
120.253.135.82 - - [16/Jun/2021:07:47:49 +0800] "GET /xingrg/javascript/easyui/themes/icons/edit_remove.png HTTP/1.1" 304 -
120.253.135.82 - - [16/Jun/2021:07:47:49 +0800] "GET /xingrg/all/common/auto_word.html?type=employee&rest_code=00101 HTTP/1.1" 200 1077
120.253.135.82 - - [16/Jun/2021:07:47:49 +0800] "GET /xingrg/all/common/auto_word.html?type=employee&rest_code=00101 HTTP/1.1" 200 1077
120.253.135.82 - - [16/Jun/2021:07:47:49 +0800] "GET /xingrg/javascript/easyui/plugins/jquery.validatebox.js HTTP/1.1" 304 -
120.253.135.82 - - [16/Jun/2021:07:47:49 +0800] "GET /xingrg/javascript/easyui/themes/default/validatebox.css HTTP/1.1" 404 1104
120.253.135.82 - - [16/Jun/2021:07:47:49 +0800] "GET /xingrg/javascript/easyui/plugins/jquery.numberbox.js HTTP/1.1" 304 -
120.253.135.82 - - [16/Jun/2021:07:47:50 +0800] "GET /xingrg/javascript/auto/indicator.gif HTTP/1.1" 404 1066
180.169.147.146 - - [16/Jun/2021:07:47:51 +0800] "GET /xingrg/all/function/internal_message.html?_=1623800868679&CODE_STATE=getMsg HTTP/1.1" 200 27
116.224.253.72 - - [16/Jun/2021:07:47:53 +0800] "GET /xingrg/all/function/internal_message.html?_=1623800869870&CODE_STATE=getMsg HTTP/1.1" 200 27
120.253.135.82 - - [16/Jun/2021:07:47:58 +0800] "POST /xingrg/all/common/load_combo.html?type=employee HTTP/1.1" 200 1928
120.253.135.82 - - [16/Jun/2021:07:48:13 +0800] "GET /xingrg/kc/buy/cgsh_order_operate.html?command=get_materiel&rest_code=00101&code=00102002433&supplier_code=00100149&order_time=2021-06-16 HTTP/1.1" 200 436
120.253.135.82 - - [16/Jun/2021:07:48:14 +0800] "POST /xingrg/all/common/load_select.html HTTP/1.1" 200 25
120.253.135.82 - - [16/Jun/2021:07:48:17 +0800] "GET /xingrg/kc/buy/cgsh_order_operate.html?command=get_materiel_price&rest_code=00101&code=00102002433&unit_code=00100105&supplier_code=00100149&order_time=2021-06-16 HTTP/1.1" 200 31
222.70.177.90 - - [16/Jun/2021:07:48:18 +0800] "GET /xingrg/all/function/internal_message.html?_=1623800894315&CODE_STATE=getMsg HTTP/1.1" 200 27
120.253.135.82 - - [16/Jun/2021:07:48:22 +0800] "GET /xingrg/check_reg.html?_=1623800682190 HTTP/1.1" 200 22
120.253.135.82 - - [16/Jun/2021:07:48:22 +0800] "GET /xingrg/all/function/internal_message.html?_=1623800682377&CODE_STATE=getMsg HTTP/1.1" 200 27
116.230.117.165 - - [16/Jun/2021:07:48:25 +0800] "GET /xingrg/all/function/internal_message.html?_=1623800911517&CODE_STATE=getMsg HTTP/1.1" 200 27
120.253.135.82 - - [16/Jun/2021:07:48:38 +0800] "GET /xingrg/kc/buy/cgsh_order_operate.html?command=get_materiel&rest_code=00101&code=00102002275&supplier_code=00100149&order_time=2021-06-16 HTTP/1.1" 200 451
180.169.147.146 - - [16/Jun/2021:07:48:51 +0800] "GET /xingrg/all/function/internal_message.html?_=1623800928687&CODE_STATE=getMsg HTTP/1.1" 200 27
180.169.147.146 - - [16/Jun/2021:07:48:51 +0800] "GET /xingrg/check_reg.html?_=1623800928690 HTTP/1.1" 200 22
116.224.253.72 - - [16/Jun/2021:07:48:53 +0800] "GET /xingrg/all/function/internal_message.html?_=1623800929873&CODE_STATE=getMsg HTTP/1.1" 200 27
120.253.135.82 - - [16/Jun/2021:07:49:13 +0800] "POST /xingrg/kc/buy/cgsh_order_operate.html HTTP/1.1" 200 37
120.253.135.82 - - [16/Jun/2021:07:49:14 +0800] "POST /xingrg/kc/buy/cgsh_order_operate.html HTTP/1.1" 200 3299
222.70.177.90 - - [16/Jun/2021:07:49:18 +0800] "GET /xingrg/all/function/internal_message.html?_=1623800954299&CODE_STATE=getMsg HTTP/1.1" 200 27
120.253.135.82 - - [16/Jun/2021:07:49:22 +0800] "GET /xingrg/all/function/internal_message.html?_=1623800742392&CODE_STATE=getMsg HTTP/1.1" 200 27
116.230.117.165 - - [16/Jun/2021:07:49:25 +0800] "GET /xingrg/all/function/internal_message.html?_=1623800972042&CODE_STATE=getMsg HTTP/1.1" 200 27
120.253.135.82 - - [16/Jun/2021:07:49:35 +0800] "POST /xingrg/kc/buy/cgsh_order_operate.html HTTP/1.1" 200 37
120.253.135.82 - - [16/Jun/2021:07:49:36 +0800] "POST /xingrg/kc/buy/cgsh_order_operate.html HTTP/1.1" 200 3299
120.253.135.82 - - [16/Jun/2021:07:49:44 +0800] "GET /xingrg/kc/print/load_config.html?kc_code=cgsh HTTP/1.1" 200 1845
120.253.135.82 - - [16/Jun/2021:07:49:44 +0800] "GET /xingrg/kc/print/load_data.html?order_code=212021061607224&kc_code=cgsh&condition= HTTP/1.1" 200 1000
180.169.147.146 - - [16/Jun/2021:07:49:51 +0800] "GET /xingrg/all/function/internal_message.html?_=1623800988687&CODE_STATE=getMsg HTTP/1.1" 200 27
116.224.253.72 - - [16/Jun/2021:07:49:53 +0800] "GET /xingrg/all/function/internal_message.html?_=1623800989886&CODE_STATE=getMsg HTTP/1.1" 200 27
222.70.177.90 - - [16/Jun/2021:07:50:18 +0800] "GET /xingrg/all/function/internal_message.html?_=1623801014284&CODE_STATE=getMsg HTTP/1.1" 200 27
120.253.135.82 - - [16/Jun/2021:07:50:22 +0800] "GET /xingrg/all/function/internal_message.html?_=1623800802420&CODE_STATE=getMsg HTTP/1.1" 200 27
116.230.117.165 - - [16/Jun/2021:07:50:25 +0800] "GET /xingrg/all/function/internal_message.html?_=1623801032044&CODE_STATE=getMsg HTTP/1.1" 200 27
180.169.147.146 - - [16/Jun/2021:07:50:51 +0800] "GET /xingrg/all/function/internal_message.html?_=1623801048680&CODE_STATE=getMsg HTTP/1.1" 200 27
116.224.253.72 - - [16/Jun/2021:07:50:53 +0800] "GET /xingrg/check_reg.html?_=1623801049889 HTTP/1.1" 200 22
116.224.253.72 - - [16/Jun/2021:07:50:53 +0800] "GET /xingrg/all/function/internal_message.html?_=1623801049890&CODE_STATE=getMsg HTTP/1.1" 200 27
120.253.135.82 - - [16/Jun/2021:07:51:01 +0800] "POST /xingrg/kc/buy/cgsh_order_operate.html HTTP/1.1" 200 37
120.253.135.82 - - [16/Jun/2021:07:51:04 +0800] "POST /xingrg/kc/buy/cgsh_order_operate.html HTTP/1.1" 200 12
120.253.135.82 - - [16/Jun/2021:07:51:05 +0800] "GET /xingrg/kc/buy/cgsh_order_info.html?code=212021061607224 HTTP/1.1" 200 56423
120.253.135.82 - - [16/Jun/2021:07:51:06 +0800] "GET /xingrg/javascript/easyui/themes/default/validatebox.css HTTP/1.1" 404 1104
120.253.135.82 - - [16/Jun/2021:07:51:06 +0800] "POST /xingrg/kc/buy/cgsh_order_operate.html HTTP/1.1" 200 1249
222.70.177.90 - - [16/Jun/2021:07:51:18 +0800] "GET /xingrg/all/function/internal_message.html?_=1623801074269&CODE_STATE=getMsg HTTP/1.1" 200 27
120.253.135.82 - - [16/Jun/2021:07:51:19 +0800] "POST /xingrg/kc/buy/cgsh_list_operate.html HTTP/1.1" 200 876
120.253.135.82 - - [16/Jun/2021:07:51:19 +0800] "POST /xingrg/kc/buy/cgsh_list_operate.html HTTP/1.1" 200 876
120.253.135.82 - - [16/Jun/2021:07:51:20 +0800] "GET /xingrg/kc/buy/cgsh_order_add.html HTTP/1.1" 200 61527
120.253.135.82 - - [16/Jun/2021:07:51:20 +0800] "POST /xingrg/kc/buy/cgsh_order_operate.html HTTP/1.1" 200 8245
120.253.135.82 - - [16/Jun/2021:07:51:21 +0800] "GET /xingrg/javascript/easyui/themes/default/validatebox.css HTTP/1.1" 404 1104
120.253.135.82 - - [16/Jun/2021:07:51:22 +0800] "GET /xingrg/all/function/internal_message.html?_=1623800862435&CODE_STATE=getMsg HTTP/1.1" 200 27
116.230.117.165 - - [16/Jun/2021:07:51:26 +0800] "GET /xingrg/all/function/internal_message.html?_=1623801092555&CODE_STATE=getMsg HTTP/1.1" 200 27
120.253.135.82 - - [16/Jun/2021:07:51:28 +0800] "POST /xingrg/all/common/load_combo.html?type=employee HTTP/1.1" 200 1928
120.253.135.82 - - [16/Jun/2021:07:51:37 +0800] "GET /xingrg/kc/buy/cgsh_order_operate.html?command=get_materiel&rest_code=00101&code=00102002933&supplier_code=00100151&order_time=2021-06-16 HTTP/1.1" 200 396
180.169.147.146 - - [16/Jun/2021:07:51:51 +0800] "GET /xingrg/all/function/internal_message.html?_=1623801108699&CODE_STATE=getMsg HTTP/1.1" 200 27
116.224.253.72 - - [16/Jun/2021:07:51:53 +0800] "GET /xingrg/all/function/internal_message.html?_=1623801109894&CODE_STATE=getMsg HTTP/1.1" 200 27
120.253.135.82 - - [16/Jun/2021:07:52:07 +0800] "POST /xingrg/kc/buy/cgsh_order_operate.html HTTP/1.1" 200 37
120.253.135.82 - - [16/Jun/2021:07:52:09 +0800] "POST /xingrg/kc/buy/cgsh_order_operate.html HTTP/1.1" 200 2662
120.253.135.82 - - [16/Jun/2021:07:52:14 +0800] "GET /xingrg/kc/print/load_data.html?order_code=212021061607225&kc_code=cgsh&condition= HTTP/1.1" 200 649
222.70.177.90 - - [16/Jun/2021:07:52:18 +0800] "GET /xingrg/all/function/internal_message.html?_=1623801134254&CODE_STATE=getMsg HTTP/1.1" 200 27
116.230.117.165 - - [16/Jun/2021:07:52:21 +0800] "GET /xingrg/check_reg.html?_=1623801147065 HTTP/1.1" 200 22
120.253.135.82 - - [16/Jun/2021:07:52:22 +0800] "GET /xingrg/all/function/internal_message.html?_=1623800922448&CODE_STATE=getMsg HTTP/1.1" 200 27
116.230.117.165 - - [16/Jun/2021:07:52:25 +0800] "GET /xingrg/check_reg.html?_=1623801142798 HTTP/1.1" 302 -
116.230.117.165 - - [16/Jun/2021:07:52:26 +0800] "GET /xingrg/all/function/internal_message.html?_=1623801152570&CODE_STATE=getMsg HTTP/1.1" 200 27
222.70.177.90 - - [16/Jun/2021:07:52:35 +0800] "GET /xingrg/check_reg.html?_=1623801150418 HTTP/1.1" 200 22
180.169.147.146 - - [16/Jun/2021:07:52:51 +0800] "GET /xingrg/all/function/internal_message.html?_=1623801168680&CODE_STATE=getMsg HTTP/1.1" 200 27
116.224.253.72 - - [16/Jun/2021:07:52:53 +0800] "GET /xingrg/all/function/internal_message.html?_=1623801169893&CODE_STATE=getMsg HTTP/1.1" 200 27
222.70.177.90 - - [16/Jun/2021:07:53:18 +0800] "GET /xingrg/all/function/internal_message.html?_=1623801194225&CODE_STATE=getMsg HTTP/1.1" 200 27
120.253.135.82 - - [16/Jun/2021:07:53:22 +0800] "GET /xingrg/check_reg.html?_=1623800982226 HTTP/1.1" 200 22
120.253.135.82 - - [16/Jun/2021:07:53:22 +0800] "GET /xingrg/all/function/internal_message.html?_=1623800982462&CODE_STATE=getMsg HTTP/1.1" 200 27
116.230.117.165 - - [16/Jun/2021:07:53:26 +0800] "GET /xingrg/all/function/internal_message.html?_=1623801212583&CODE_STATE=getMsg HTTP/1.1" 200 27
114.86.225.49 - - [16/Jun/2021:07:53:33 +0800] "POST /xingrg/services/DataTransmitService HTTP/1.1" 200 524
180.169.147.146 - - [16/Jun/2021:07:53:51 +0800] "GET /xingrg/all/function/internal_message.html?_=1623801228692&CODE_STATE=getMsg HTTP/1.1" 200 27
180.169.147.146 - - [16/Jun/2021:07:53:51 +0800] "GET /xingrg/check_reg.html?_=1623801228693 HTTP/1.1" 200 22
116.224.253.72 - - [16/Jun/2021:07:53:53 +0800] "GET /xingrg/all/function/internal_message.html?_=1623801229892&CODE_STATE=getMsg HTTP/1.1" 200 27
120.253.135.82 - - [16/Jun/2021:07:54:07 +0800] "POST /xingrg/kc/buy/cgsh_order_operate.html HTTP/1.1" 200 37
120.253.135.82 - - [16/Jun/2021:07:54:10 +0800] "POST /xingrg/kc/buy/cgsh_order_operate.html HTTP/1.1" 200 12
120.253.135.82 - - [16/Jun/2021:07:54:12 +0800] "GET /xingrg/kc/buy/cgsh_order_info.html?code=212021061607225 HTTP/1.1" 200 56419
120.253.135.82 - - [16/Jun/2021:07:54:12 +0800] "GET /xingrg/javascript/easyui/themes/default/validatebox.css HTTP/1.1" 404 1104
120.253.135.82 - - [16/Jun/2021:07:54:13 +0800] "POST /xingrg/kc/buy/cgsh_order_operate.html HTTP/1.1" 200 612
120.253.135.82 - - [16/Jun/2021:07:54:16 +0800] "POST /xingrg/kc/buy/cgsh_list_operate.html HTTP/1.1" 200 876
222.70.177.90 - - [16/Jun/2021:07:54:18 +0800] "GET /xingrg/all/function/internal_message.html?_=1623801254237&CODE_STATE=getMsg HTTP/1.1" 200 27
120.253.135.82 - - [16/Jun/2021:07:54:21 +0800] "GET /xingrg/kc/buy/cgsh_order_list.html HTTP/1.1" 200 46728
120.253.135.82 - - [16/Jun/2021:07:54:22 +0800] "POST /xingrg/kc/buy/cgsh_list_operate.html HTTP/1.1" 200 876
120.253.135.82 - - [16/Jun/2021:07:54:22 +0800] "GET /xingrg/all/function/internal_message.html?_=1623801042475&CODE_STATE=getMsg HTTP/1.1" 200 27
120.253.135.82 - - [16/Jun/2021:07:54:26 +0800] "GET /xingrg/kc/pszx/mdqp_order_list.html?state=10 HTTP/1.1" 200 10213
120.253.135.82 - - [16/Jun/2021:07:54:26 +0800] "GET /xingrg/dwr/interface/AjaxQqpsService.js HTTP/1.1" 200 16326
120.253.135.82 - - [16/Jun/2021:07:54:26 +0800] "GET /xingrg/dwr/util.js HTTP/1.1" 304 -
120.253.135.82 - - [16/Jun/2021:07:54:26 +0800] "GET /xingrg/javascript/Calendar.js HTTP/1.1" 304 -
120.253.135.82 - - [16/Jun/2021:07:54:26 +0800] "GET /xingrg/dwr/interface/AjaxReportQueryService.js HTTP/1.1" 200 13203
120.253.135.82 - - [16/Jun/2021:07:54:26 +0800] "GET /xingrg/dwr/engine.js HTTP/1.1" 200 43631
120.253.135.82 - - [16/Jun/2021:07:54:26 +0800] "GET /xingrg/javascript/jquery_easy_ui/themes/icons/check_new.png HTTP/1.1" 304 -
120.253.135.82 - - [16/Jun/2021:07:54:26 +0800] "GET /xingrg/javascript/jquery_easy_ui/themes/icons/uncheck_new.png HTTP/1.1" 304 -
116.230.117.165 - - [16/Jun/2021:07:54:27 +0800] "GET /xingrg/all/function/internal_message.html?_=1623801273106&CODE_STATE=getMsg HTTP/1.1" 200 27
120.253.135.82 - - [16/Jun/2021:07:54:28 +0800] "GET /xingrg/kc/pszx/mdps_order_list.html?orderType=0 HTTP/1.1" 200 20920
120.253.135.82 - - [16/Jun/2021:07:54:28 +0800] "GET /xingrg/javascript/easyui/themes/icons/uncheck_new.png HTTP/1.1" 304 -
120.253.135.82 - - [16/Jun/2021:07:54:28 +0800] "POST /xingrg/kc/pszx/mdps_list_operate.html HTTP/1.1" 200 5411
120.253.135.82 - - [16/Jun/2021:07:54:32 +0800] "POST /xingrg/kc/pszx/mdps_list_operate.html HTTP/1.1" 200 205
120.253.135.82 - - [16/Jun/2021:07:54:34 +0800] "POST /xingrg/kc/pszx/mdps_list_operate.html HTTP/1.1" 200 205
120.253.135.82 - - [16/Jun/2021:07:54:43 +0800] "GET /xingrg/kc/pszx/mdps_order_info.html?code=312021060100029 HTTP/1.1" 200 23937
120.253.135.82 - - [16/Jun/2021:07:54:43 +0800] "GET /xingrg/javascript/easyui/themes/default/validatebox.css HTTP/1.1" 404 1104
120.253.135.82 - - [16/Jun/2021:07:54:43 +0800] "POST /xingrg/kc/pszx/mdps_order_operate.html HTTP/1.1" 200 2282
120.253.135.82 - - [16/Jun/2021:07:54:48 +0800] "GET /xingrg/kc/pszx/mdqp_order_list.html?state=10 HTTP/1.1" 200 10213
120.253.135.82 - - [16/Jun/2021:07:54:48 +0800] "GET /xingrg/dwr/interface/AjaxReportQueryService.js HTTP/1.1" 200 13203
120.253.135.82 - - [16/Jun/2021:07:54:48 +0800] "GET /xingrg/dwr/interface/AjaxQqpsService.js HTTP/1.1" 200 16326
120.253.135.82 - - [16/Jun/2021:07:54:48 +0800] "GET /xingrg/dwr/engine.js HTTP/1.1" 200 43631
180.169.147.146 - - [16/Jun/2021:07:54:51 +0800] "GET /xingrg/all/function/internal_message.html?_=1623801288694&CODE_STATE=getMsg HTTP/1.1" 200 27
116.224.253.72 - - [16/Jun/2021:07:54:53 +0800] "GET /xingrg/all/function/internal_message.html?_=1623801289909&CODE_STATE=getMsg HTTP/1.1" 200 27
222.70.177.90 - - [16/Jun/2021:07:55:18 +0800] "GET /xingrg/all/function/internal_message.html?_=1623801314221&CODE_STATE=getMsg HTTP/1.1" 200 27
120.253.135.82 - - [16/Jun/2021:07:55:22 +0800] "GET /xingrg/all/function/internal_message.html?_=1623801102511&CODE_STATE=getMsg HTTP/1.1" 200 27
116.230.117.165 - - [16/Jun/2021:07:55:27 +0800] "GET /xingrg/all/function/internal_message.html?_=1623801333109&CODE_STATE=getMsg HTTP/1.1" 200 27
180.169.147.146 - - [16/Jun/2021:07:55:51 +0800] "GET /xingrg/all/function/internal_message.html?_=1623801348693&CODE_STATE=getMsg HTTP/1.1" 200 27
116.224.253.72 - - [16/Jun/2021:07:55:53 +0800] "GET /xingrg/check_reg.html?_=1623801349912 HTTP/1.1" 200 22
116.224.253.72 - - [16/Jun/2021:07:55:53 +0800] "GET /xingrg/all/function/internal_message.html?_=1623801349915&CODE_STATE=getMsg HTTP/1.1" 200 27
222.70.177.90 - - [16/Jun/2021:07:56:18 +0800] "GET /xingrg/all/function/internal_message.html?_=1623801374206&CODE_STATE=getMsg HTTP/1.1" 200 27
120.253.135.82 - - [16/Jun/2021:07:56:22 +0800] "GET /xingrg/all/function/internal_message.html?_=1623801162518&CODE_STATE=getMsg HTTP/1.1" 200 27
116.230.117.165 - - [16/Jun/2021:07:56:27 +0800] "GET /xingrg/all/function/internal_message.html?_=1623801393670&CODE_STATE=getMsg HTTP/1.1" 200 27
180.169.147.146 - - [16/Jun/2021:07:56:51 +0800] "GET /xingrg/all/function/internal_message.html?_=1623801408687&CODE_STATE=getMsg HTTP/1.1" 200 27
116.224.253.72 - - [16/Jun/2021:07:56:53 +0800] "GET /xingrg/all/function/internal_message.html?_=1623801409916&CODE_STATE=getMsg HTTP/1.1" 200 27
222.70.177.90 - - [16/Jun/2021:07:57:18 +0800] "GET /xingrg/all/function/internal_message.html?_=1623801434191&CODE_STATE=getMsg HTTP/1.1" 200 27
116.230.117.165 - - [16/Jun/2021:07:57:20 +0800] "GET /xingrg/check_reg.html?_=1623801447068 HTTP/1.1" 200 22
120.253.135.82 - - [16/Jun/2021:07:57:23 +0800] "GET /xingrg/all/function/internal_message.html?_=1623801222566&CODE_STATE=getMsg HTTP/1.1" 200 27
116.230.117.165 - - [16/Jun/2021:07:57:25 +0800] "GET /xingrg/check_reg.html?_=1623801442787 HTTP/1.1" 302 -
116.230.117.165 - - [16/Jun/2021:07:57:27 +0800] "GET /xingrg/all/function/internal_message.html?_=1623801453682&CODE_STATE=getMsg HTTP/1.1" 200 27
222.70.177.90 - - [16/Jun/2021:07:57:35 +0800] "GET /xingrg/check_reg.html?_=1623801450423 HTTP/1.1" 200 22
180.169.147.146 - - [16/Jun/2021:07:57:51 +0800] "GET /xingrg/all/function/internal_message.html?_=1623801468707&CODE_STATE=getMsg HTTP/1.1" 200 27
116.224.253.72 - - [16/Jun/2021:07:57:53 +0800] "GET /xingrg/all/function/internal_message.html?_=1623801469922&CODE_STATE=getMsg HTTP/1.1" 200 27
222.70.177.90 - - [16/Jun/2021:07:58:18 +0800] "GET /xingrg/all/function/internal_message.html?_=1623801494167&CODE_STATE=getMsg HTTP/1.1" 200 27
120.253.135.82 - - [16/Jun/2021:07:58:22 +0800] "GET /xingrg/check_reg.html?_=1623801282222 HTTP/1.1" 200 22
120.253.135.82 - - [16/Jun/2021:07:58:23 +0800] "GET /xingrg/all/function/internal_message.html?_=1623801282600&CODE_STATE=getMsg HTTP/1.1" 200 27
116.230.117.165 - - [16/Jun/2021:07:58:27 +0800] "GET /xingrg/all/function/internal_message.html?_=1623801513697&CODE_STATE=getMsg HTTP/1.1" 200 27
180.169.147.146 - - [16/Jun/2021:07:58:51 +0800] "GET /xingrg/all/function/internal_message.html?_=1623801528699&CODE_STATE=getMsg HTTP/1.1" 200 27
180.169.147.146 - - [16/Jun/2021:07:58:51 +0800] "GET /xingrg/check_reg.html?_=1623801528701 HTTP/1.1" 200 22
116.224.253.72 - - [16/Jun/2021:07:58:53 +0800] "GET /xingrg/all/function/internal_message.html?_=1623801529920&CODE_STATE=getMsg HTTP/1.1" 200 27
222.70.177.90 - - [16/Jun/2021:07:59:18 +0800] "GET /xingrg/all/function/internal_message.html?_=1623801554152&CODE_STATE=getMsg HTTP/1.1" 200 27
120.253.135.82 - - [16/Jun/2021:07:59:23 +0800] "GET /xingrg/all/function/internal_message.html?_=1623801342606&CODE_STATE=getMsg HTTP/1.1" 200 27
116.230.117.165 - - [16/Jun/2021:07:59:28 +0800] "GET /xingrg/all/function/internal_message.html?_=1623801574246&CODE_STATE=getMsg HTTP/1.1" 200 27
180.169.147.146 - - [16/Jun/2021:07:59:51 +0800] "GET /xingrg/all/function/internal_message.html?_=1623801588706&CODE_STATE=getMsg HTTP/1.1" 200 27
116.224.253.72 - - [16/Jun/2021:07:59:53 +0800] "GET /xingrg/all/function/internal_message.html?_=1623801589930&CODE_STATE=getMsg HTTP/1.1" 200 27
222.70.177.90 - - [16/Jun/2021:08:00:18 +0800] "GET /xingrg/all/function/internal_message.html?_=1623801614137&CODE_STATE=getMsg HTTP/1.1" 200 27
120.253.135.82 - - [16/Jun/2021:08:00:23 +0800] "GET /xingrg/all/function/internal_message.html?_=1623801402619&CODE_STATE=getMsg HTTP/1.1" 200 27
116.230.117.165 - - [16/Jun/2021:08:00:28 +0800] "GET /xingrg/all/function/internal_message.html?_=1623801634255&CODE_STATE=getMsg HTTP/1.1" 200 27
180.169.147.146 - - [16/Jun/2021:08:00:51 +0800] "GET /xingrg/all/function/internal_message.html?_=1623801648715&CODE_STATE=getMsg HTTP/1.1" 200 27
116.224.253.72 - - [16/Jun/2021:08:00:53 +0800] "GET /xingrg/all/function/internal_message.html?_=1623801649935&CODE_STATE=getMsg HTTP/1.1" 200 27
116.224.253.72 - - [16/Jun/2021:08:00:53 +0800] "GET /xingrg/check_reg.html?_=1623801649937 HTTP/1.1" 200 22
222.70.177.90 - - [16/Jun/2021:08:01:18 +0800] "GET /xingrg/all/function/internal_message.html?_=1623801674121&CODE_STATE=getMsg HTTP/1.1" 200 27
120.253.135.82 - - [16/Jun/2021:08:01:23 +0800] "GET /xingrg/all/function/internal_message.html?_=1623801462665&CODE_STATE=getMsg HTTP/1.1" 200 27
116.230.117.165 - - [16/Jun/2021:08:01:28 +0800] "GET /xingrg/all/function/internal_message.html?_=1623801694783&CODE_STATE=getMsg HTTP/1.1" 200 27
180.169.147.146 - - [16/Jun/2021:08:01:51 +0800] "GET /xingrg/all/function/internal_message.html?_=1623801708708&CODE_STATE=getMsg HTTP/1.1" 200 27
116.224.253.72 - - [16/Jun/2021:08:01:53 +0800] "GET /xingrg/all/function/internal_message.html?_=1623801709942&CODE_STATE=getMsg HTTP/1.1" 200 27
222.70.177.90 - - [16/Jun/2021:08:02:18 +0800] "GET /xingrg/all/function/internal_message.html?_=1623801734106&CODE_STATE=getMsg HTTP/1.1" 200 27
116.230.117.165 - - [16/Jun/2021:08:02:21 +0800] "GET /xingrg/check_reg.html?_=1623801747075 HTTP/1.1" 200 22
120.253.135.82 - - [16/Jun/2021:08:02:23 +0800] "GET /xingrg/all/function/internal_message.html?_=1623801522678&CODE_STATE=getMsg HTTP/1.1" 200 27
116.230.117.165 - - [16/Jun/2021:08:02:25 +0800] "GET /xingrg/check_reg.html?_=1623801742761 HTTP/1.1" 302 -
116.230.117.165 - - [16/Jun/2021:08:02:28 +0800] "GET /xingrg/all/function/internal_message.html?_=1623801754796&CODE_STATE=getMsg HTTP/1.1" 200 27
222.70.177.90 - - [16/Jun/2021:08:02:35 +0800] "GET /xingrg/check_reg.html?_=1623801750394 HTTP/1.1" 200 22
180.169.147.146 - - [16/Jun/2021:08:02:51 +0800] "GET /xingrg/all/function/internal_message.html?_=1623801768715&CODE_STATE=getMsg HTTP/1.1" 200 27
116.224.253.72 - - [16/Jun/2021:08:02:53 +0800] "GET /xingrg/all/function/internal_message.html?_=1623801769933&CODE_STATE=getMsg HTTP/1.1" 200 27
117.185.32.26 - - [16/Jun/2021:08:03:10 +0800] "POST /xingrg/services/DataTransmitService HTTP/1.1" 200 524
222.70.177.90 - - [16/Jun/2021:08:03:18 +0800] "GET /xingrg/all/function/internal_message.html?_=1623801794077&CODE_STATE=getMsg HTTP/1.1" 200 27
120.253.135.82 - - [16/Jun/2021:08:03:22 +0800] "GET /xingrg/check_reg.html?_=1623801582252 HTTP/1.1" 200 22
120.253.135.82 - - [16/Jun/2021:08:03:23 +0800] "GET /xingrg/all/function/internal_message.html?_=1623801582691&CODE_STATE=getMsg HTTP/1.1" 200 27
116.230.117.165 - - [16/Jun/2021:08:03:28 +0800] "GET /xingrg/all/function/internal_message.html?_=1623801814809&CODE_STATE=getMsg HTTP/1.1" 200 27
180.169.147.146 - - [16/Jun/2021:08:03:51 +0800] "GET /xingrg/check_reg.html?_=1623801828709 HTTP/1.1" 200 22
180.169.147.146 - - [16/Jun/2021:08:03:51 +0800] "GET /xingrg/all/function/internal_message.html?_=1623801828711&CODE_STATE=getMsg HTTP/1.1" 200 27
116.224.253.72 - - [16/Jun/2021:08:03:53 +0800] "GET /xingrg/all/function/internal_message.html?_=1623801829946&CODE_STATE=getMsg HTTP/1.1" 200 27
222.70.177.90 - - [16/Jun/2021:08:04:18 +0800] "GET /xingrg/all/function/internal_message.html?_=1623801854061&CODE_STATE=getMsg HTTP/1.1" 200 27
120.253.135.82 - - [16/Jun/2021:08:04:23 +0800] "GET /xingrg/all/function/internal_message.html?_=1623801642704&CODE_STATE=getMsg HTTP/1.1" 200 27
116.230.117.165 - - [16/Jun/2021:08:04:29 +0800] "GET /xingrg/all/function/internal_message.html?_=1623801875334&CODE_STATE=getMsg HTTP/1.1" 200 27
180.169.147.146 - - [16/Jun/2021:08:04:51 +0800] "GET /xingrg/all/function/internal_message.html?_=1623801888723&CODE_STATE=getMsg HTTP/1.1" 200 27
116.224.253.72 - - [16/Jun/2021:08:04:53 +0800] "GET /xingrg/all/function/internal_message.html?_=1623801889946&CODE_STATE=getMsg HTTP/1.1" 200 27
222.70.177.90 - - [16/Jun/2021:08:05:18 +0800] "GET /xingrg/all/function/internal_message.html?_=1623801914046&CODE_STATE=getMsg HTTP/1.1" 200 27
120.253.135.82 - - [16/Jun/2021:08:05:23 +0800] "GET /xingrg/all/function/internal_message.html?_=1623801702718&CODE_STATE=getMsg HTTP/1.1" 200 27
116.230.117.165 - - [16/Jun/2021:08:05:29 +0800] "GET /xingrg/all/function/internal_message.html?_=1623801935336&CODE_STATE=getMsg HTTP/1.1" 200 27
180.169.147.146 - - [16/Jun/2021:08:05:51 +0800] "GET /xingrg/all/function/internal_message.html?_=1623801948719&CODE_STATE=getMsg HTTP/1.1" 200 27
116.224.253.72 - - [16/Jun/2021:08:05:53 +0800] "GET /xingrg/all/function/internal_message.html?_=1623801949946&CODE_STATE=getMsg HTTP/1.1" 200 27
116.224.253.72 - - [16/Jun/2021:08:05:53 +0800] "GET /xingrg/check_reg.html?_=1623801949948 HTTP/1.1" 200 22
222.70.177.90 - - [16/Jun/2021:08:06:18 +0800] "GET /xingrg/all/function/internal_message.html?_=1623801974031&CODE_STATE=getMsg HTTP/1.1" 200 27
120.253.135.82 - - [16/Jun/2021:08:06:23 +0800] "GET /xingrg/all/function/internal_message.html?_=1623801762761&CODE_STATE=getMsg HTTP/1.1" 200 27
116.230.117.165 - - [16/Jun/2021:08:06:29 +0800] "GET /xingrg/all/function/internal_message.html?_=1623801995865&CODE_STATE=getMsg HTTP/1.1" 200 27
180.169.147.146 - - [16/Jun/2021:08:06:51 +0800] "GET /xingrg/all/function/internal_message.html?_=1623802008710&CODE_STATE=getMsg HTTP/1.1" 200 27
116.224.253.72 - - [16/Jun/2021:08:06:53 +0800] "GET /xingrg/all/function/internal_message.html?_=1623802009961&CODE_STATE=getMsg HTTP/1.1" 200 27
222.70.177.90 - - [16/Jun/2021:08:07:18 +0800] "GET /xingrg/all/function/internal_message.html?_=1623802034016&CODE_STATE=getMsg HTTP/1.1" 200 27
116.230.117.165 - - [16/Jun/2021:08:07:20 +0800] "GET /xingrg/check_reg.html?_=1623802047079 HTTP/1.1" 200 22
120.253.135.82 - - [16/Jun/2021:08:07:23 +0800] "GET /xingrg/all/function/internal_message.html?_=1623801822777&CODE_STATE=getMsg HTTP/1.1" 200 27
116.230.117.165 - - [16/Jun/2021:08:07:25 +0800] "GET /xingrg/check_reg.html?_=1623802042745 HTTP/1.1" 302 -
116.230.117.165 - - [16/Jun/2021:08:07:29 +0800] "GET /xingrg/all/function/internal_message.html?_=1623802055878&CODE_STATE=getMsg HTTP/1.1" 200 27
222.70.177.90 - - [16/Jun/2021:08:07:35 +0800] "GET /xingrg/check_reg.html?_=1623802050367 HTTP/1.1" 200 22
180.169.147.146 - - [16/Jun/2021:08:07:51 +0800] "GET /xingrg/all/function/internal_message.html?_=1623802068722&CODE_STATE=getMsg HTTP/1.1" 200 27
116.224.253.72 - - [16/Jun/2021:08:07:53 +0800] "GET /xingrg/all/function/internal_message.html?_=1623802069980&CODE_STATE=getMsg HTTP/1.1" 200 27
222.70.177.90 - - [16/Jun/2021:08:08:18 +0800] "GET /xingrg/all/function/internal_message.html?_=1623802093987&CODE_STATE=getMsg HTTP/1.1" 200 27
120.253.135.82 - - [16/Jun/2021:08:08:22 +0800] "GET /xingrg/check_reg.html?_=1623801882294 HTTP/1.1" 200 22
120.253.135.82 - - [16/Jun/2021:08:08:23 +0800] "GET /xingrg/all/function/internal_message.html?_=1623801882790&CODE_STATE=getMsg HTTP/1.1" 200 27
116.230.117.165 - - [16/Jun/2021:08:08:29 +0800] "GET /xingrg/all/function/internal_message.html?_=1623802115891&CODE_STATE=getMsg HTTP/1.1" 200 27
180.169.147.146 - - [16/Jun/2021:08:08:51 +0800] "GET /xingrg/check_reg.html?_=1623802128724 HTTP/1.1" 200 22
180.169.147.146 - - [16/Jun/2021:08:08:51 +0800] "GET /xingrg/all/function/internal_message.html?_=1623802128725&CODE_STATE=getMsg HTTP/1.1" 200 27
116.224.253.72 - - [16/Jun/2021:08:08:53 +0800] "GET /xingrg/all/function/internal_message.html?_=1623802129970&CODE_STATE=getMsg HTTP/1.1" 200 27
222.70.177.90 - - [16/Jun/2021:08:09:18 +0800] "GET /xingrg/all/function/internal_message.html?_=1623802153999&CODE_STATE=getMsg HTTP/1.1" 200 27
120.253.135.82 - - [16/Jun/2021:08:09:23 +0800] "GET /xingrg/all/function/internal_message.html?_=1623801942804&CODE_STATE=getMsg HTTP/1.1" 200 27
116.230.117.165 - - [16/Jun/2021:08:09:30 +0800] "GET /xingrg/all/function/internal_message.html?_=1623802176426&CODE_STATE=getMsg HTTP/1.1" 200 27
180.169.147.146 - - [16/Jun/2021:08:09:51 +0800] "GET /xingrg/all/function/internal_message.html?_=1623802188716&CODE_STATE=getMsg HTTP/1.1" 200 27
116.224.253.72 - - [16/Jun/2021:08:09:53 +0800] "GET /xingrg/all/function/internal_message.html?_=1623802189975&CODE_STATE=getMsg HTTP/1.1" 200 27
222.70.177.90 - - [16/Jun/2021:08:10:18 +0800] "GET /xingrg/all/function/internal_message.html?_=1623802213984&CODE_STATE=getMsg HTTP/1.1" 200 27
120.253.135.82 - - [16/Jun/2021:08:10:23 +0800] "GET /xingrg/all/function/internal_message.html?_=1623802002817&CODE_STATE=getMsg HTTP/1.1" 200 27
116.230.117.165 - - [16/Jun/2021:08:10:30 +0800] "GET /xingrg/all/function/internal_message.html?_=1623802236433&CODE_STATE=getMsg HTTP/1.1" 200 27
180.169.147.146 - - [16/Jun/2021:08:10:51 +0800] "GET /xingrg/all/function/internal_message.html?_=1623802248734&CODE_STATE=getMsg HTTP/1.1" 200 27
116.224.253.72 - - [16/Jun/2021:08:10:53 +0800] "GET /xingrg/all/function/internal_message.html?_=1623802249993&CODE_STATE=getMsg HTTP/1.1" 200 27
116.224.253.72 - - [16/Jun/2021:08:10:53 +0800] "GET /xingrg/check_reg.html?_=1623802249996 HTTP/1.1" 200 22
222.70.177.90 - - [16/Jun/2021:08:11:18 +0800] "GET /xingrg/all/function/internal_message.html?_=1623802273970&CODE_STATE=getMsg HTTP/1.1" 200 27
120.253.135.82 - - [16/Jun/2021:08:11:23 +0800] "GET /xingrg/all/function/internal_message.html?_=1623802062867&CODE_STATE=getMsg HTTP/1.1" 200 27
116.230.117.165 - - [16/Jun/2021:08:11:30 +0800] "GET /xingrg/all/function/internal_message.html?_=1623802296938&CODE_STATE=getMsg HTTP/1.1" 200 27
180.169.147.146 - - [16/Jun/2021:08:11:51 +0800] "GET /xingrg/all/function/internal_message.html?_=1623802308733&CODE_STATE=getMsg HTTP/1.1" 200 27
116.224.253.72 - - [16/Jun/2021:08:11:53 +0800] "GET /xingrg/all/function/internal_message.html?_=1623802309983&CODE_STATE=getMsg HTTP/1.1" 200 27
222.70.177.90 - - [16/Jun/2021:08:12:18 +0800] "GET /xingrg/all/function/internal_message.html?_=1623802333954&CODE_STATE=getMsg HTTP/1.1" 200 27
116.230.117.165 - - [16/Jun/2021:08:12:20 +0800] "GET /xingrg/check_reg.html?_=1623802347084 HTTP/1.1" 200 22
120.253.135.82 - - [16/Jun/2021:08:12:23 +0800] "GET /xingrg/all/function/internal_message.html?_=1623802122876&CODE_STATE=getMsg HTTP/1.1" 200 27
116.230.117.165 - - [16/Jun/2021:08:12:25 +0800] "GET /xingrg/check_reg.html?_=1623802342740 HTTP/1.1" 302 -
116.230.117.165 - - [16/Jun/2021:08:12:30 +0800] "GET /xingrg/all/function/internal_message.html?_=1623802356944&CODE_STATE=getMsg HTTP/1.1" 200 27
222.70.177.90 - - [16/Jun/2021:08:12:35 +0800] "GET /xingrg/check_reg.html?_=1623802350367 HTTP/1.1" 200 22
180.169.147.146 - - [16/Jun/2021:08:12:51 +0800] "GET /xingrg/all/function/internal_message.html?_=1623802368730&CODE_STATE=getMsg HTTP/1.1" 200 27
116.224.253.72 - - [16/Jun/2021:08:12:53 +0800] "GET /xingrg/all/function/internal_message.html?_=1623802370004&CODE_STATE=getMsg HTTP/1.1" 200 27
120.253.135.82 - - [16/Jun/2021:08:13:10 +0800] "GET /xingrg/kc/pszx/mdps_order_list.html?orderType=0 HTTP/1.1" 200 20920
120.253.135.82 - - [16/Jun/2021:08:13:10 +0800] "POST /xingrg/kc/pszx/mdps_list_operate.html HTTP/1.1" 200 5411
222.70.177.90 - - [16/Jun/2021:08:13:18 +0800] "GET /xingrg/all/function/internal_message.html?_=1623802393937&CODE_STATE=getMsg HTTP/1.1" 200 27
120.253.135.82 - - [16/Jun/2021:08:13:20 +0800] "POST /xingrg/kc/pszx/mdps_list_operate.html HTTP/1.1" 200 3555
120.253.135.82 - - [16/Jun/2021:08:13:22 +0800] "GET /xingrg/check_reg.html?_=1623802182296 HTTP/1.1" 200 22
120.253.135.82 - - [16/Jun/2021:08:13:23 +0800] "POST /xingrg/kc/pszx/mdps_list_operate.html HTTP/1.1" 200 214
120.253.135.82 - - [16/Jun/2021:08:13:23 +0800] "GET /xingrg/all/function/internal_message.html?_=1623802182889&CODE_STATE=getMsg HTTP/1.1" 200 27
120.253.135.82 - - [16/Jun/2021:08:13:24 +0800] "GET /xingrg/kc/pszx/mdps_order_info.html?code=312021061500367 HTTP/1.1" 200 23931
120.253.135.82 - - [16/Jun/2021:08:13:24 +0800] "GET /xingrg/javascript/easyui/themes/default/validatebox.css HTTP/1.1" 404 1104
120.253.135.82 - - [16/Jun/2021:08:13:24 +0800] "POST /xingrg/kc/pszx/mdps_order_operate.html HTTP/1.1" 200 2291
116.230.117.165 - - [16/Jun/2021:08:13:30 +0800] "GET /xingrg/all/function/internal_message.html?_=1623802416957&CODE_STATE=getMsg HTTP/1.1" 200 27
180.169.147.146 - - [16/Jun/2021:08:13:51 +0800] "GET /xingrg/check_reg.html?_=1623802428732 HTTP/1.1" 200 22
180.169.147.146 - - [16/Jun/2021:08:13:51 +0800] "GET /xingrg/all/function/internal_message.html?_=1623802428734&CODE_STATE=getMsg HTTP/1.1" 200 27
116.224.253.72 - - [16/Jun/2021:08:13:53 +0800] "GET /xingrg/all/function/internal_message.html?_=1623802429988&CODE_STATE=getMsg HTTP/1.1" 200 27
222.70.177.90 - - [16/Jun/2021:08:14:18 +0800] "GET /xingrg/all/function/internal_message.html?_=1623802453923&CODE_STATE=getMsg HTTP/1.1" 200 27
