116.224.253.72 - - [16/Jun/2021:11:28:34 +0800] "GET /xingrg/all/function/internal_message.html?_=1623814110620&CODE_STATE=getMsg HTTP/1.1" 200 27
114.86.225.49 - - [16/Jun/2021:11:28:35 +0800] "GET /xingrg/kc/buy/cgsh_order_operate.html?command=get_materiel&rest_code=00109&code=00101001080&supplier_code=00100323&order_time=2021-06-16 HTTP/1.1" 200 421
116.224.253.72 - - [16/Jun/2021:11:28:35 +0800] "GET /xingrg/all/function/internal_message.html?_=1623814102488&CODE_STATE=getMsg HTTP/1.1" 200 27
114.86.225.49 - - [16/Jun/2021:11:28:37 +0800] "GET /xingrg/all/function/internal_message.html?_=1623814115022&CODE_STATE=getMsg HTTP/1.1" 200 27
180.169.147.146 - - [16/Jun/2021:11:28:39 +0800] "GET /xingrg/all/function/internal_message.html?_=1623814115558&CODE_STATE=getMsg HTTP/1.1" 200 27
222.69.128.91 - - [16/Jun/2021:11:28:42 +0800] "GET /xingrg/kc/buy/cgsh_order_operate.html?command=get_materiel&rest_code=00149&code=00101004069&supplier_code=00100323&order_time=2021-06-16 HTTP/1.1" 200 418
117.184.7.26 - - [16/Jun/2021:11:28:44 +0800] "GET /xingrg/all/function/internal_message.html?_=1623814115768&CODE_STATE=getMsg HTTP/1.1" 200 27
116.230.117.165 - - [16/Jun/2021:11:28:45 +0800] "GET /xingrg/check_reg.html?_=1623814132062 HTTP/1.1" 200 22
114.86.225.49 - - [16/Jun/2021:11:28:46 +0800] "GET /xingrg/kc/buy/cgsh_order_operate.html?command=get_materiel&rest_code=00109&code=00101018008&supplier_code=00100323&order_time=2021-06-16 HTTP/1.1" 200 413
222.69.128.91 - - [16/Jun/2021:11:28:48 +0800] "GET /xingrg/kc/buy/cgsh_order_operate.html?command=get_materiel&rest_code=00149&code=00101004019&supplier_code=00100323&order_time=2021-06-16 HTTP/1.1" 200 413
116.230.117.165 - - [16/Jun/2021:11:28:50 +0800] "GET /xingrg/all/function/internal_message.html?_=1623814137516&CODE_STATE=getMsg HTTP/1.1" 200 27
58.37.225.51 - - [16/Jun/2021:11:28:53 +0800] "GET /xingrg/kc/buy/cgsh_order_operate.html?command=get_materiel&rest_code=00141&code=00101005037&supplier_code=00100040&order_time=2021-06-16 HTTP/1.1" 200 409
180.169.147.146 - - [16/Jun/2021:11:28:55 +0800] "GET /xingrg/all/function/internal_message.html?_=1623814132612&CODE_STATE=getMsg HTTP/1.1" 200 27
116.230.110.80 - - [16/Jun/2021:11:28:57 +0800] "GET /xingrg/all/function/internal_message.html?_=1623814103212&CODE_STATE=getMsg HTTP/1.1" 200 27
101.85.94.178 - - [16/Jun/2021:11:28:58 +0800] "GET /xingrg/all/function/internal_message.html?_=1623813587874&CODE_STATE=getMsg HTTP/1.1" 200 27
114.86.225.49 - - [16/Jun/2021:11:28:59 +0800] "POST /xingrg/kc/buy/cgsh_order_operate.html HTTP/1.1" 200 37
117.185.32.26 - - [16/Jun/2021:11:28:59 +0800] "GET /xingrg/all/function/internal_message.html?_=1623814664749&CODE_STATE=getMsg HTTP/1.1" 200 27
117.185.32.26 - - [16/Jun/2021:11:28:59 +0800] "GET /xingrg/check_reg.html?_=1623814665438 HTTP/1.1" 200 22
222.69.128.91 - - [16/Jun/2021:11:29:00 +0800] "GET /xingrg/kc/buy/cgsh_order_operate.html?command=get_materiel&rest_code=00149&code=00101001035&supplier_code=00100323&order_time=2021-06-16 HTTP/1.1" 200 412
114.86.225.49 - - [16/Jun/2021:11:29:00 +0800] "POST /xingrg/kc/buy/cgsh_order_operate.html HTTP/1.1" 200 4443
114.86.187.76 - - [16/Jun/2021:11:29:01 +0800] "GET /xingrg/kc/buy/cgsh_order_operate.html?command=get_materiel&rest_code=00148&code=00101008115&supplier_code=00100007&order_time=2021-06-16 HTTP/1.1" 200 412
114.86.225.49 - - [16/Jun/2021:11:29:01 +0800] "GET /xingrg/kc/print/load_config.html?kc_code=cgsh HTTP/1.1" 200 1845
114.86.225.49 - - [16/Jun/2021:11:29:01 +0800] "GET /xingrg/kc/print/load_data.html?order_code=212021061607415&kc_code=cgsh&condition= HTTP/1.1" 200 1359
58.37.225.51 - - [16/Jun/2021:11:29:02 +0800] "GET /xingrg/kc/buy/cgsh_order_operate.html?command=get_materiel&rest_code=00141&code=00101005036&supplier_code=00100040&order_time=2021-06-16 HTTP/1.1" 200 409
180.169.147.146 - - [16/Jun/2021:11:29:03 +0800] "GET /xingrg/all/function/internal_message.html?_=1623814143890&CODE_STATE=getMsg HTTP/1.1" 200 27
114.86.225.49 - - [16/Jun/2021:11:29:04 +0800] "GET /xingrg/kc/buy/cgsh_order_add.html HTTP/1.1" 200 62507
114.86.225.49 - - [16/Jun/2021:11:29:04 +0800] "POST /xingrg/kc/buy/cgsh_order_operate.html HTTP/1.1" 200 8245
114.86.225.49 - - [16/Jun/2021:11:29:04 +0800] "GET /xingrg/all/common/auto_word.html?type=employee&rest_code=00109 HTTP/1.1" 200 255
114.86.225.49 - - [16/Jun/2021:11:29:04 +0800] "GET /xingrg/all/common/auto_word.html?type=employee&rest_code=00109 HTTP/1.1" 200 255
114.86.225.49 - - [16/Jun/2021:11:29:04 +0800] "GET /xingrg/javascript/easyui/themes/default/validatebox.css HTTP/1.1" 404 1104
114.86.187.76 - - [16/Jun/2021:11:29:08 +0800] "GET /xingrg/kc/buy/cgsh_order_operate.html?command=get_materiel&rest_code=00148&code=00101008330&supplier_code=00100007&order_time=2021-06-16 HTTP/1.1" 200 409
114.86.225.49 - - [16/Jun/2021:11:29:08 +0800] "GET /xingrg/javascript/jquery_tools/images/prev.gif HTTP/1.1" 404 1086
114.86.225.49 - - [16/Jun/2021:11:29:08 +0800] "GET /xingrg/javascript/jquery_tools/images/next.gif HTTP/1.1" 404 1086
58.37.225.51 - - [16/Jun/2021:11:29:08 +0800] "GET /xingrg/kc/buy/cgsh_order_operate.html?command=get_materiel&rest_code=00141&code=00101001010&supplier_code=00100040&order_time=2021-06-16 HTTP/1.1" 200 409
222.69.128.91 - - [16/Jun/2021:11:29:09 +0800] "GET /xingrg/kc/buy/cgsh_order_operate.html?command=get_materiel&rest_code=00149&code=00101002029&supplier_code=00100323&order_time=2021-06-16 HTTP/1.1" 200 414
114.86.187.76 - - [16/Jun/2021:11:29:09 +0800] "GET /xingrg/all/function/internal_message.html?_=1623814151770&CODE_STATE=getMsg HTTP/1.1" 200 27
222.69.128.91 - - [16/Jun/2021:11:29:13 +0800] "GET /xingrg/all/function/internal_message.html?_=1623814147891&CODE_STATE=getMsg HTTP/1.1" 200 27
180.169.147.146 - - [16/Jun/2021:11:29:13 +0800] "GET /xingrg/all/function/internal_message.html?_=1623814150485&CODE_STATE=getMsg HTTP/1.1" 200 27
114.86.187.76 - - [16/Jun/2021:11:29:15 +0800] "POST /xingrg/kc/buy/cgsh_order_operate.html HTTP/1.1" 200 37
114.86.225.49 - - [16/Jun/2021:11:29:15 +0800] "GET /xingrg/kc/buy/cgsh_order_operate.html?command=get_materiel&rest_code=00109&code=00101010534&supplier_code=00100322&order_time=2021-06-16 HTTP/1.1" 200 428
58.37.225.51 - - [16/Jun/2021:11:29:18 +0800] "POST /xingrg/kc/buy/cgsh_order_operate.html HTTP/1.1" 200 37
114.86.187.76 - - [16/Jun/2021:11:29:18 +0800] "POST /xingrg/kc/buy/cgsh_order_operate.html HTTP/1.1" 200 21565
222.69.128.91 - - [16/Jun/2021:11:29:19 +0800] "GET /xingrg/kc/buy/cgsh_order_operate.html?command=get_materiel&rest_code=00149&code=00101037239&supplier_code=00100323&order_time=2021-06-16 HTTP/1.1" 200 396
58.221.95.50 - - [16/Jun/2021:11:29:19 +0800] "GET /xingrg/check_reg.html?_=1623814155552 HTTP/1.1" 302 -
58.37.225.51 - - [16/Jun/2021:11:29:22 +0800] "POST /xingrg/kc/buy/cgsh_order_operate.html HTTP/1.1" 200 12
180.161.111.4 - - [16/Jun/2021:11:29:23 +0800] "GET /xingrg/all/function/internal_message.html?_=1623814160277&CODE_STATE=getMsg HTTP/1.1" 200 27
58.37.225.51 - - [16/Jun/2021:11:29:24 +0800] "GET /xingrg/kc/buy/cgsh_order_info.html?code=212021061607417 HTTP/1.1" 200 57374
58.37.225.51 - - [16/Jun/2021:11:29:24 +0800] "GET /xingrg/javascript/easyui/themes/default/validatebox.css HTTP/1.1" 404 1104
114.86.225.49 - - [16/Jun/2021:11:29:26 +0800] "POST /xingrg/kc/buy/cgsh_order_operate.html HTTP/1.1" 200 37
58.37.225.51 - - [16/Jun/2021:11:29:26 +0800] "POST /xingrg/kc/buy/cgsh_order_operate.html HTTP/1.1" 200 1780
114.86.225.49 - - [16/Jun/2021:11:29:27 +0800] "POST /xingrg/kc/buy/cgsh_order_operate.html HTTP/1.1" 200 2679
58.37.225.51 - - [16/Jun/2021:11:29:27 +0800] "GET /xingrg/kc/print/load_data.html?order_code=212021061607417&kc_code=cgsh&condition= HTTP/1.1" 200 1221
114.86.225.49 - - [16/Jun/2021:11:29:28 +0800] "GET /xingrg/kc/print/load_config.html?kc_code=cgsh HTTP/1.1" 200 1845
114.86.225.49 - - [16/Jun/2021:11:29:28 +0800] "GET /xingrg/kc/print/load_data.html?order_code=212021061607418&kc_code=cgsh&condition= HTTP/1.1" 200 667
116.235.222.38 - - [16/Jun/2021:11:29:28 +0800] "GET /xingrg/all/function/internal_message.html?_=1623814161607&CODE_STATE=getMsg HTTP/1.1" 200 27
58.37.225.51 - - [16/Jun/2021:11:29:30 +0800] "GET /xingrg/check_reg.html?_=1623814103282 HTTP/1.1" 200 22
58.37.225.51 - - [16/Jun/2021:11:29:30 +0800] "GET /xingrg/all/function/internal_message.html?_=1623814103283&CODE_STATE=getMsg HTTP/1.1" 200 27
222.69.128.91 - - [16/Jun/2021:11:29:30 +0800] "GET /xingrg/kc/buy/cgsh_order_operate.html?command=get_materiel&rest_code=00149&code=00101008127&supplier_code=00100323&order_time=2021-06-16 HTTP/1.1" 200 413
61.165.42.208 - - [16/Jun/2021:11:29:31 +0800] "GET /xingrg/all/function/internal_message.html?_=1623814169375&CODE_STATE=getMsg HTTP/1.1" 200 27
114.86.225.49 - - [16/Jun/2021:11:29:32 +0800] "GET /xingrg/kc/buy/cgsh_order_add.html HTTP/1.1" 200 62507
114.86.225.49 - - [16/Jun/2021:11:29:32 +0800] "POST /xingrg/kc/buy/cgsh_order_operate.html HTTP/1.1" 200 8245
114.86.225.49 - - [16/Jun/2021:11:29:32 +0800] "GET /xingrg/all/common/auto_word.html?type=employee&rest_code=00109 HTTP/1.1" 200 255
114.86.225.49 - - [16/Jun/2021:11:29:32 +0800] "GET /xingrg/all/common/auto_word.html?type=employee&rest_code=00109 HTTP/1.1" 200 255
114.86.225.49 - - [16/Jun/2021:11:29:32 +0800] "GET /xingrg/javascript/easyui/themes/default/validatebox.css HTTP/1.1" 404 1104
116.224.253.72 - - [16/Jun/2021:11:29:34 +0800] "GET /xingrg/check_reg.html?_=1623814170623 HTTP/1.1" 200 22
116.224.253.72 - - [16/Jun/2021:11:29:34 +0800] "GET /xingrg/all/function/internal_message.html?_=1623814170630&CODE_STATE=getMsg HTTP/1.1" 200 27
116.224.253.72 - - [16/Jun/2021:11:29:36 +0800] "GET /xingrg/all/function/internal_message.html?_=1623814162606&CODE_STATE=getMsg HTTP/1.1" 200 27
114.86.225.49 - - [16/Jun/2021:11:29:37 +0800] "GET /xingrg/all/function/internal_message.html?_=1623814175023&CODE_STATE=getMsg HTTP/1.1" 200 27
58.37.225.51 - - [16/Jun/2021:11:29:39 +0800] "GET /xingrg/kc/buy/cgsh_order_add.html HTTP/1.1" 200 62472
58.37.225.51 - - [16/Jun/2021:11:29:39 +0800] "GET /xingrg/javascript/easyui/themes/default/validatebox.css HTTP/1.1" 404 1104
58.37.225.51 - - [16/Jun/2021:11:29:39 +0800] "POST /xingrg/kc/buy/cgsh_order_operate.html HTTP/1.1" 200 8245
180.169.147.146 - - [16/Jun/2021:11:29:40 +0800] "GET /xingrg/all/function/internal_message.html?_=1623814175560&CODE_STATE=getMsg HTTP/1.1" 200 27
114.86.225.49 - - [16/Jun/2021:11:29:41 +0800] "GET /xingrg/kc/buy/cgsh_order_operate.html?command=get_materiel&rest_code=00109&code=00101015122&supplier_code=00100443&order_time=2021-06-16 HTTP/1.1" 200 407
180.169.147.146 - - [16/Jun/2021:11:29:43 +0800] "GET /xingrg/check_reg.html?_=1623814179780 HTTP/1.1" 200 22
117.184.7.26 - - [16/Jun/2021:11:29:44 +0800] "GET /xingrg/all/function/internal_message.html?_=1623814175767&CODE_STATE=getMsg HTTP/1.1" 200 27
222.69.128.91 - - [16/Jun/2021:11:29:44 +0800] "POST /xingrg/kc/buy/cgsh_order_operate.html HTTP/1.1" 200 37
116.230.110.80 - - [16/Jun/2021:11:29:48 +0800] "POST /xingrg/services/DataTransmitService HTTP/1.1" 200 524
116.230.117.165 - - [16/Jun/2021:11:29:50 +0800] "GET /xingrg/all/function/internal_message.html?_=1623814197530&CODE_STATE=getMsg HTTP/1.1" 200 27
114.86.225.49 - - [16/Jun/2021:11:29:51 +0800] "POST /xingrg/kc/buy/cgsh_order_operate.html HTTP/1.1" 200 37
222.69.128.91 - - [16/Jun/2021:11:29:52 +0800] "POST /xingrg/kc/buy/cgsh_order_operate.html HTTP/1.1" 200 12
114.86.225.49 - - [16/Jun/2021:11:29:53 +0800] "POST /xingrg/kc/buy/cgsh_order_operate.html HTTP/1.1" 200 2666
114.86.225.49 - - [16/Jun/2021:11:29:54 +0800] "GET /xingrg/kc/print/load_config.html?kc_code=cgsh HTTP/1.1" 200 1845
114.86.225.49 - - [16/Jun/2021:11:29:54 +0800] "GET /xingrg/kc/print/load_data.html?order_code=212021061607420&kc_code=cgsh&condition= HTTP/1.1" 200 673
180.169.147.146 - - [16/Jun/2021:11:29:55 +0800] "GET /xingrg/all/function/internal_message.html?_=1623814192613&CODE_STATE=getMsg HTTP/1.1" 200 27
116.230.110.80 - - [16/Jun/2021:11:29:57 +0800] "GET /xingrg/all/function/internal_message.html?_=1623814163222&CODE_STATE=getMsg HTTP/1.1" 200 27
114.86.225.49 - - [16/Jun/2021:11:29:58 +0800] "GET /xingrg/kc/buy/cgsh_order_add.html HTTP/1.1" 200 62507
114.86.225.49 - - [16/Jun/2021:11:29:58 +0800] "GET /xingrg/all/common/auto_word.html?type=employee&rest_code=00109 HTTP/1.1" 200 255
114.86.225.49 - - [16/Jun/2021:11:29:58 +0800] "POST /xingrg/kc/buy/cgsh_order_operate.html HTTP/1.1" 200 8245
114.86.225.49 - - [16/Jun/2021:11:29:58 +0800] "GET /xingrg/javascript/easyui/themes/default/validatebox.css HTTP/1.1" 404 1104
114.86.225.49 - - [16/Jun/2021:11:29:58 +0800] "GET /xingrg/all/common/auto_word.html?type=employee&rest_code=00109 HTTP/1.1" 200 255
58.37.225.51 - - [16/Jun/2021:11:29:58 +0800] "GET /xingrg/kc/buy/cgsh_order_operate.html?command=get_materiel&rest_code=00141&code=00101011005&supplier_code=00100036&order_time=2021-06-16 HTTP/1.1" 200 428
101.85.94.178 - - [16/Jun/2021:11:29:58 +0800] "GET /xingrg/all/function/internal_message.html?_=1623813647875&CODE_STATE=getMsg HTTP/1.1" 200 27
114.86.187.76 - - [16/Jun/2021:11:29:58 +0800] "GET /xingrg/check_reg.html?_=1623814201174 HTTP/1.1" 200 22
117.185.32.26 - - [16/Jun/2021:11:29:59 +0800] "GET /xingrg/all/function/internal_message.html?_=1623814724720&CODE_STATE=getMsg HTTP/1.1" 200 27
222.69.128.91 - - [16/Jun/2021:11:30:01 +0800] "GET /xingrg/kc/buy/cgsh_order_info.html?code=212021061607419 HTTP/1.1" 200 57430
222.69.128.91 - - [16/Jun/2021:11:30:01 +0800] "GET /xingrg/javascript/easyui/themes/default/validatebox.css HTTP/1.1" 404 1104
222.69.128.91 - - [16/Jun/2021:11:30:02 +0800] "POST /xingrg/kc/buy/cgsh_order_operate.html HTTP/1.1" 200 5342
180.169.147.146 - - [16/Jun/2021:11:30:03 +0800] "GET /xingrg/all/function/internal_message.html?_=1623814203891&CODE_STATE=getMsg HTTP/1.1" 200 27
222.69.128.91 - - [16/Jun/2021:11:30:07 +0800] "GET /xingrg/kc/print/load_data.html?order_code=212021061607419&kc_code=cgsh&condition= HTTP/1.1" 200 2517
114.86.225.49 - - [16/Jun/2021:11:30:08 +0800] "GET /xingrg/kc/buy/cgsh_order_operate.html?command=get_materiel&rest_code=00109&code=00101001037&supplier_code=00100090&order_time=2021-06-16 HTTP/1.1" 200 416
114.86.187.76 - - [16/Jun/2021:11:30:09 +0800] "GET /xingrg/all/function/internal_message.html?_=1623814211751&CODE_STATE=getMsg HTTP/1.1" 200 27
222.69.128.91 - - [16/Jun/2021:11:30:11 +0800] "GET /xingrg/kc/buy/cgsh_order_add.html HTTP/1.1" 200 62519
58.37.225.51 - - [16/Jun/2021:11:30:11 +0800] "GET /xingrg/kc/buy/cgsh_order_operate.html?command=get_materiel&rest_code=00141&code=00101012003&supplier_code=00100036&order_time=2021-06-16 HTTP/1.1" 200 412
222.69.128.91 - - [16/Jun/2021:11:30:11 +0800] "POST /xingrg/kc/buy/cgsh_order_operate.html HTTP/1.1" 200 8245
222.69.128.91 - - [16/Jun/2021:11:30:11 +0800] "GET /xingrg/javascript/easyui/themes/default/validatebox.css HTTP/1.1" 404 1104
222.69.128.91 - - [16/Jun/2021:11:30:12 +0800] "GET /xingrg/javascript/auto/indicator.gif HTTP/1.1" 404 1066
222.69.128.91 - - [16/Jun/2021:11:30:13 +0800] "GET /xingrg/all/function/internal_message.html?_=1623814207910&CODE_STATE=getMsg HTTP/1.1" 200 27
180.169.147.146 - - [16/Jun/2021:11:30:13 +0800] "GET /xingrg/check_reg.html?_=1623814210475 HTTP/1.1" 200 22
180.169.147.146 - - [16/Jun/2021:11:30:13 +0800] "GET /xingrg/all/function/internal_message.html?_=1623814210479&CODE_STATE=getMsg HTTP/1.1" 200 27
222.69.128.91 - - [16/Jun/2021:11:30:13 +0800] "GET /xingrg/javascript/jquery_tools/images/prev.gif HTTP/1.1" 404 1086
222.69.128.91 - - [16/Jun/2021:11:30:13 +0800] "GET /xingrg/javascript/jquery_tools/images/next.gif HTTP/1.1" 404 1086
114.86.225.49 - - [16/Jun/2021:11:30:17 +0800] "GET /xingrg/kc/buy/cgsh_order_operate.html?command=get_materiel&rest_code=00109&code=00101001049&supplier_code=00100090&order_time=2021-06-16 HTTP/1.1" 200 415
58.37.225.51 - - [16/Jun/2021:11:30:18 +0800] "GET /xingrg/kc/buy/cgsh_order_operate.html?command=get_materiel&rest_code=00141&code=00101016025&supplier_code=00100036&order_time=2021-06-16 HTTP/1.1" 200 408
180.161.111.4 - - [16/Jun/2021:11:30:23 +0800] "GET /xingrg/all/function/internal_message.html?_=1623814220591&CODE_STATE=getMsg HTTP/1.1" 200 27
114.86.225.49 - - [16/Jun/2021:11:30:25 +0800] "GET /xingrg/kc/buy/cgsh_order_operate.html?command=get_materiel&rest_code=00109&code=00101001264&supplier_code=00100090&order_time=2021-06-16 HTTP/1.1" 200 398
116.224.253.72 - - [16/Jun/2021:11:30:26 +0800] "GET /xingrg/check_reg.html?_=1623814213406 HTTP/1.1" 200 22
116.235.222.38 - - [16/Jun/2021:11:30:28 +0800] "GET /xingrg/all/function/internal_message.html?_=1623814221597&CODE_STATE=getMsg HTTP/1.1" 200 27
116.235.222.38 - - [16/Jun/2021:11:30:29 +0800] "GET /xingrg/check_reg.html?_=1623814222722 HTTP/1.1" 200 22
58.37.225.51 - - [16/Jun/2021:11:30:30 +0800] "GET /xingrg/all/function/internal_message.html?_=1623814163288&CODE_STATE=getMsg HTTP/1.1" 200 27
61.165.42.208 - - [16/Jun/2021:11:30:31 +0800] "GET /xingrg/all/function/internal_message.html?_=1623814229375&CODE_STATE=getMsg HTTP/1.1" 200 27
116.224.253.72 - - [16/Jun/2021:11:30:34 +0800] "GET /xingrg/all/function/internal_message.html?_=1623814230630&CODE_STATE=getMsg HTTP/1.1" 200 27
116.224.253.72 - - [16/Jun/2021:11:30:36 +0800] "GET /xingrg/all/function/internal_message.html?_=1623814222607&CODE_STATE=getMsg HTTP/1.1" 200 27
114.86.225.49 - - [16/Jun/2021:11:30:37 +0800] "GET /xingrg/check_reg.html?_=1623814235030 HTTP/1.1" 200 22
114.86.225.49 - - [16/Jun/2021:11:30:37 +0800] "GET /xingrg/all/function/internal_message.html?_=1623814235029&CODE_STATE=getMsg HTTP/1.1" 200 27
222.69.128.91 - - [16/Jun/2021:11:30:39 +0800] "GET /xingrg/kc/buy/cgsh_order_operate.html?command=get_materiel&rest_code=00149&code=00101001140&supplier_code=00100090&order_time=2021-06-16 HTTP/1.1" 200 415
180.169.147.146 - - [16/Jun/2021:11:30:39 +0800] "GET /xingrg/all/function/internal_message.html?_=1623814235557&CODE_STATE=getMsg HTTP/1.1" 200 27
180.169.147.146 - - [16/Jun/2021:11:30:41 +0800] "GET /xingrg/kc/buy/cgsh_order_add.html HTTP/1.1" 200 62434
180.169.147.146 - - [16/Jun/2021:11:30:41 +0800] "GET /xingrg/javascript/easyui/themes/default/validatebox.css HTTP/1.1" 404 1104
180.169.147.146 - - [16/Jun/2021:11:30:41 +0800] "POST /xingrg/kc/buy/cgsh_order_operate.html HTTP/1.1" 200 8245
114.86.225.49 - - [16/Jun/2021:11:30:41 +0800] "POST /xingrg/kc/buy/cgsh_order_operate.html HTTP/1.1" 200 37
114.86.225.49 - - [16/Jun/2021:11:30:43 +0800] "POST /xingrg/kc/buy/cgsh_order_operate.html HTTP/1.1" 200 3852
114.86.225.49 - - [16/Jun/2021:11:30:44 +0800] "GET /xingrg/kc/print/load_config.html?kc_code=cgsh HTTP/1.1" 200 1845
117.184.7.26 - - [16/Jun/2021:11:30:44 +0800] "GET /xingrg/all/function/internal_message.html?_=1623814235774&CODE_STATE=getMsg HTTP/1.1" 200 27
114.86.225.49 - - [16/Jun/2021:11:30:44 +0800] "GET /xingrg/kc/print/load_data.html?order_code=212021061607421&kc_code=cgsh&condition= HTTP/1.1" 200 1193
114.86.225.49 - - [16/Jun/2021:11:30:47 +0800] "GET /xingrg/kc/buy/cgsh_order_add.html HTTP/1.1" 200 62507
114.86.225.49 - - [16/Jun/2021:11:30:48 +0800] "GET /xingrg/all/common/auto_word.html?type=employee&rest_code=00109 HTTP/1.1" 200 255
114.86.225.49 - - [16/Jun/2021:11:30:48 +0800] "POST /xingrg/kc/buy/cgsh_order_operate.html HTTP/1.1" 200 8245
114.86.225.49 - - [16/Jun/2021:11:30:48 +0800] "GET /xingrg/javascript/easyui/themes/default/validatebox.css HTTP/1.1" 404 1104
114.86.225.49 - - [16/Jun/2021:11:30:48 +0800] "GET /xingrg/all/common/auto_word.html?type=employee&rest_code=00109 HTTP/1.1" 200 255
222.69.128.91 - - [16/Jun/2021:11:30:50 +0800] "GET /xingrg/kc/buy/cgsh_order_operate.html?command=get_materiel&rest_code=00149&code=00101001125&supplier_code=00100090&order_time=2021-06-16 HTTP/1.1" 200 415
116.230.117.165 - - [16/Jun/2021:11:30:51 +0800] "GET /xingrg/all/function/internal_message.html?_=1623814257705&CODE_STATE=getMsg HTTP/1.1" 200 27
58.37.225.51 - - [16/Jun/2021:11:30:53 +0800] "GET /xingrg/kc/buy/cgsh_order_operate.html?command=get_materiel&rest_code=00141&code=00101019368&supplier_code=00100036&order_time=2021-06-16 HTTP/1.1" 200 444
114.86.225.49 - - [16/Jun/2021:11:30:55 +0800] "GET /xingrg/kc/buy/cgsh_order_operate.html?command=get_materiel&rest_code=00109&code=00101006001&supplier_code=00100404&order_time=2021-06-16 HTTP/1.1" 200 428
180.169.147.146 - - [16/Jun/2021:11:30:55 +0800] "GET /xingrg/check_reg.html?_=1623814252613 HTTP/1.1" 200 22
180.169.147.146 - - [16/Jun/2021:11:30:55 +0800] "GET /xingrg/all/function/internal_message.html?_=1623814252617&CODE_STATE=getMsg HTTP/1.1" 200 27
116.230.110.80 - - [16/Jun/2021:11:30:57 +0800] "GET /xingrg/all/function/internal_message.html?_=1623814223227&CODE_STATE=getMsg HTTP/1.1" 200 27
101.85.94.178 - - [16/Jun/2021:11:30:58 +0800] "GET /xingrg/all/function/internal_message.html?_=1623813707881&CODE_STATE=getMsg HTTP/1.1" 200 27
117.185.32.26 - - [16/Jun/2021:11:30:59 +0800] "GET /xingrg/all/function/internal_message.html?_=1623814784703&CODE_STATE=getMsg HTTP/1.1" 200 27
180.169.147.146 - - [16/Jun/2021:11:31:03 +0800] "GET /xingrg/all/function/internal_message.html?_=1623814263891&CODE_STATE=getMsg HTTP/1.1" 200 27
222.69.128.91 - - [16/Jun/2021:11:31:04 +0800] "POST /xingrg/kc/buy/cgsh_order_operate.html HTTP/1.1" 200 37
114.86.225.49 - - [16/Jun/2021:11:31:09 +0800] "POST /xingrg/kc/buy/cgsh_order_operate.html HTTP/1.1" 200 37
114.86.187.76 - - [16/Jun/2021:11:31:09 +0800] "GET /xingrg/all/function/internal_message.html?_=1623814271734&CODE_STATE=getMsg HTTP/1.1" 200 27
120.253.135.82 - - [16/Jun/2021:11:31:10 +0800] "GET /xingrg/check_reg.html?_=1623814049822 HTTP/1.1" 200 22
114.86.225.49 - - [16/Jun/2021:11:31:10 +0800] "POST /xingrg/kc/buy/cgsh_order_operate.html HTTP/1.1" 200 2675
58.37.225.51 - - [16/Jun/2021:11:31:10 +0800] "GET /xingrg/kc/buy/cgsh_order_operate.html?command=get_materiel&rest_code=00141&code=00101020078&supplier_code=00100036&order_time=2021-06-16 HTTP/1.1" 200 431
222.69.128.91 - - [16/Jun/2021:11:31:11 +0800] "POST /xingrg/kc/buy/cgsh_order_operate.html HTTP/1.1" 200 12
114.86.225.49 - - [16/Jun/2021:11:31:12 +0800] "GET /xingrg/kc/print/load_config.html?kc_code=cgsh HTTP/1.1" 200 1845
114.86.225.49 - - [16/Jun/2021:11:31:12 +0800] "GET /xingrg/kc/print/load_data.html?order_code=212021061607423&kc_code=cgsh&condition= HTTP/1.1" 200 697
180.169.147.146 - - [16/Jun/2021:11:31:13 +0800] "GET /xingrg/all/function/internal_message.html?_=1623814270482&CODE_STATE=getMsg HTTP/1.1" 200 27
58.37.225.51 - - [16/Jun/2021:11:31:15 +0800] "GET /xingrg/check_reg.html?_=1623814208281 HTTP/1.1" 200 22
114.86.225.49 - - [16/Jun/2021:11:31:16 +0800] "GET /xingrg/kc/buy/cgsh_order_add.html HTTP/1.1" 200 62507
114.86.225.49 - - [16/Jun/2021:11:31:16 +0800] "POST /xingrg/kc/buy/cgsh_order_operate.html HTTP/1.1" 200 8245
114.86.225.49 - - [16/Jun/2021:11:31:16 +0800] "GET /xingrg/all/common/auto_word.html?type=employee&rest_code=00109 HTTP/1.1" 200 255
114.86.225.49 - - [16/Jun/2021:11:31:16 +0800] "GET /xingrg/all/common/auto_word.html?type=employee&rest_code=00109 HTTP/1.1" 200 255
114.86.225.49 - - [16/Jun/2021:11:31:16 +0800] "GET /xingrg/javascript/easyui/themes/default/validatebox.css HTTP/1.1" 404 1104
222.69.128.91 - - [16/Jun/2021:11:31:17 +0800] "GET /xingrg/kc/buy/cgsh_order_info.html?code=212021061607422 HTTP/1.1" 200 57431
222.69.128.91 - - [16/Jun/2021:11:31:17 +0800] "GET /xingrg/words/20210616105433_words.js HTTP/1.1" 304 -
222.69.128.91 - - [16/Jun/2021:11:31:17 +0800] "GET /xingrg/javascript/easyui/themes/default/validatebox.css HTTP/1.1" 404 1104
222.69.128.91 - - [16/Jun/2021:11:31:18 +0800] "POST /xingrg/kc/buy/cgsh_order_operate.html HTTP/1.1" 200 1208
180.161.111.4 - - [16/Jun/2021:11:31:19 +0800] "GET /xingrg/check_reg.html?_=1623814275987 HTTP/1.1" 200 22
222.69.128.91 - - [16/Jun/2021:11:31:21 +0800] "GET /xingrg/kc/print/load_data.html?order_code=212021061607422&kc_code=cgsh&condition= HTTP/1.1" 200 1006
114.86.225.49 - - [16/Jun/2021:11:31:23 +0800] "GET /xingrg/kc/buy/cgsh_order_operate.html?command=get_materiel&rest_code=00109&code=00101003006&supplier_code=00100092&order_time=2021-06-16 HTTP/1.1" 200 432
180.161.111.4 - - [16/Jun/2021:11:31:23 +0800] "GET /xingrg/all/function/internal_message.html?_=1623814280601&CODE_STATE=getMsg HTTP/1.1" 200 27
222.69.128.91 - - [16/Jun/2021:11:31:27 +0800] "GET /xingrg/kc/buy/cgsh_order_add.html HTTP/1.1" 200 62519
222.69.128.91 - - [16/Jun/2021:11:31:27 +0800] "POST /xingrg/kc/buy/cgsh_order_operate.html HTTP/1.1" 200 8245
222.69.128.91 - - [16/Jun/2021:11:31:27 +0800] "GET /xingrg/javascript/easyui/themes/default/validatebox.css HTTP/1.1" 404 1104
116.235.222.38 - - [16/Jun/2021:11:31:28 +0800] "GET /xingrg/all/function/internal_message.html?_=1623814281582&CODE_STATE=getMsg HTTP/1.1" 200 27
58.37.225.51 - - [16/Jun/2021:11:31:30 +0800] "GET /xingrg/all/function/internal_message.html?_=1623814223231&CODE_STATE=getMsg HTTP/1.1" 200 27
61.165.42.208 - - [16/Jun/2021:11:31:31 +0800] "GET /xingrg/all/function/internal_message.html?_=1623814289375&CODE_STATE=getMsg HTTP/1.1" 200 27
58.37.225.51 - - [16/Jun/2021:11:31:33 +0800] "GET /xingrg/kc/buy/cgsh_order_operate.html?command=get_materiel&rest_code=00141&code=00101016053&supplier_code=00100036&order_time=2021-06-16 HTTP/1.1" 200 408
116.224.253.72 - - [16/Jun/2021:11:31:34 +0800] "GET /xingrg/all/function/internal_message.html?_=1623814290617&CODE_STATE=getMsg HTTP/1.1" 200 27
180.169.147.146 - - [16/Jun/2021:11:31:35 +0800] "GET /xingrg/kc/buy/cgsh_order_operate.html?command=get_materiel&rest_code=00147&code=00101001010&supplier_code=00100454&order_time=2021-06-16 HTTP/1.1" 200 409
114.86.225.49 - - [16/Jun/2021:11:31:37 +0800] "POST /xingrg/kc/buy/cgsh_order_operate.html HTTP/1.1" 200 37
222.69.128.91 - - [16/Jun/2021:11:31:38 +0800] "GET /xingrg/kc/buy/cgsh_order_operate.html?command=get_materiel&rest_code=00149&code=00101014104&supplier_code=00100211&order_time=2021-06-16 HTTP/1.1" 200 401
116.224.253.72 - - [16/Jun/2021:11:31:39 +0800] "GET /xingrg/all/function/internal_message.html?_=1623814282622&CODE_STATE=getMsg HTTP/1.1" 200 27
180.169.147.146 - - [16/Jun/2021:11:31:39 +0800] "GET /xingrg/all/function/internal_message.html?_=1623814295546&CODE_STATE=getMsg HTTP/1.1" 200 27
114.86.225.49 - - [16/Jun/2021:11:31:40 +0800] "GET /xingrg/all/function/internal_message.html?_=1623814297373&CODE_STATE=getMsg HTTP/1.1" 200 27
114.86.225.49 - - [16/Jun/2021:11:31:41 +0800] "POST /xingrg/kc/buy/cgsh_order_operate.html HTTP/1.1" 200 2661
114.86.225.49 - - [16/Jun/2021:11:31:42 +0800] "GET /xingrg/kc/print/load_config.html?kc_code=cgsh HTTP/1.1" 200 1845
180.169.147.146 - - [16/Jun/2021:11:31:43 +0800] "POST /xingrg/kc/buy/cgsh_order_operate.html HTTP/1.1" 200 37
114.86.225.49 - - [16/Jun/2021:11:31:43 +0800] "GET /xingrg/kc/print/load_data.html?order_code=212021061607424&kc_code=cgsh&condition= HTTP/1.1" 200 720
58.37.225.51 - - [16/Jun/2021:11:31:44 +0800] "GET /xingrg/kc/buy/cgsh_order_operate.html?command=get_materiel&rest_code=00141&code=00101013011&supplier_code=00100036&order_time=2021-06-16 HTTP/1.1" 200 449
117.184.7.26 - - [16/Jun/2021:11:31:44 +0800] "GET /xingrg/check_reg.html?_=1623814295774 HTTP/1.1" 200 22
117.184.7.26 - - [16/Jun/2021:11:31:44 +0800] "GET /xingrg/all/function/internal_message.html?_=1623814295776&CODE_STATE=getMsg HTTP/1.1" 200 27
180.169.147.146 - - [16/Jun/2021:11:31:44 +0800] "POST /xingrg/kc/buy/cgsh_order_operate.html HTTP/1.1" 200 2654
180.169.147.146 - - [16/Jun/2021:11:31:45 +0800] "GET /xingrg/kc/print/load_data.html?order_code=212021061607425&kc_code=cgsh&condition= HTTP/1.1" 200 673
114.86.225.49 - - [16/Jun/2021:11:31:46 +0800] "GET /xingrg/kc/buy/cgsh_order_add.html HTTP/1.1" 200 62507
114.86.225.49 - - [16/Jun/2021:11:31:46 +0800] "GET /xingrg/words/20210616105433_words.js HTTP/1.1" 304 -
114.86.225.49 - - [16/Jun/2021:11:31:46 +0800] "POST /xingrg/kc/buy/cgsh_order_operate.html HTTP/1.1" 200 8245
114.86.225.49 - - [16/Jun/2021:11:31:46 +0800] "GET /xingrg/all/common/auto_word.html?type=employee&rest_code=00109 HTTP/1.1" 200 255
114.86.225.49 - - [16/Jun/2021:11:31:46 +0800] "GET /xingrg/all/common/auto_word.html?type=employee&rest_code=00109 HTTP/1.1" 200 255
114.86.225.49 - - [16/Jun/2021:11:31:46 +0800] "GET /xingrg/javascript/easyui/themes/default/validatebox.css HTTP/1.1" 404 1104
180.169.147.146 - - [16/Jun/2021:11:31:48 +0800] "GET /xingrg/kc/buy/cgsh_order_add.html HTTP/1.1" 200 62434
180.169.147.146 - - [16/Jun/2021:11:31:49 +0800] "GET /xingrg/javascript/easyui/themes/default/validatebox.css HTTP/1.1" 404 1104
180.169.147.146 - - [16/Jun/2021:11:31:49 +0800] "POST /xingrg/kc/buy/cgsh_order_operate.html HTTP/1.1" 200 8245
116.230.117.165 - - [16/Jun/2021:11:31:51 +0800] "GET /xingrg/all/function/internal_message.html?_=1623814317712&CODE_STATE=getMsg HTTP/1.1" 200 27
114.86.225.49 - - [16/Jun/2021:11:31:53 +0800] "GET /xingrg/kc/buy/cgsh_order_operate.html?command=get_materiel&rest_code=00109&code=00101002006&supplier_code=00100091&order_time=2021-06-16 HTTP/1.1" 200 414
180.169.147.146 - - [16/Jun/2021:11:31:55 +0800] "GET /xingrg/all/function/internal_message.html?_=1623814312610&CODE_STATE=getMsg HTTP/1.1" 200 27
58.37.225.51 - - [16/Jun/2021:11:31:57 +0800] "POST /xingrg/kc/buy/cgsh_order_operate.html HTTP/1.1" 200 37
116.230.110.80 - - [16/Jun/2021:11:31:57 +0800] "GET /xingrg/all/function/internal_message.html?_=1623814283213&CODE_STATE=getMsg HTTP/1.1" 200 27
116.230.110.80 - - [16/Jun/2021:11:31:57 +0800] "GET /xingrg/check_reg.html?_=1623814283218 HTTP/1.1" 200 22
101.85.94.178 - - [16/Jun/2021:11:31:58 +0800] "GET /xingrg/all/function/internal_message.html?_=1623813767886&CODE_STATE=getMsg HTTP/1.1" 200 27
101.85.94.178 - - [16/Jun/2021:11:31:58 +0800] "GET /xingrg/check_reg.html?_=1623813767883 HTTP/1.1" 200 22
117.185.32.26 - - [16/Jun/2021:11:31:59 +0800] "GET /xingrg/all/function/internal_message.html?_=1623814844675&CODE_STATE=getMsg HTTP/1.1" 200 27
58.37.225.51 - - [16/Jun/2021:11:31:59 +0800] "POST /xingrg/kc/buy/cgsh_order_operate.html HTTP/1.1" 200 12
58.37.225.51 - - [16/Jun/2021:11:32:00 +0800] "GET /xingrg/kc/buy/cgsh_order_info.html?code=212021061607426 HTTP/1.1" 200 57376
58.37.225.51 - - [16/Jun/2021:11:32:01 +0800] "GET /xingrg/javascript/easyui/themes/default/validatebox.css HTTP/1.1" 404 1104
58.37.225.51 - - [16/Jun/2021:11:32:01 +0800] "POST /xingrg/kc/buy/cgsh_order_operate.html HTTP/1.1" 200 5402
114.86.225.49 - - [16/Jun/2021:11:32:03 +0800] "POST /xingrg/kc/buy/cgsh_order_operate.html HTTP/1.1" 200 37
58.37.225.51 - - [16/Jun/2021:11:32:03 +0800] "GET /xingrg/kc/print/load_data.html?order_code=212021061607426&kc_code=cgsh&condition= HTTP/1.1" 200 2649
180.169.147.146 - - [16/Jun/2021:11:32:03 +0800] "GET /xingrg/all/function/internal_message.html?_=1623814323894&CODE_STATE=getMsg HTTP/1.1" 200 27
114.86.225.49 - - [16/Jun/2021:11:32:05 +0800] "POST /xingrg/kc/buy/cgsh_order_operate.html HTTP/1.1" 200 2661
114.86.225.49 - - [16/Jun/2021:11:32:07 +0800] "GET /xingrg/kc/print/load_config.html?kc_code=cgsh HTTP/1.1" 200 1845
180.169.147.146 - - [16/Jun/2021:11:32:07 +0800] "GET /xingrg/kc/buy/cgsh_order_operate.html?command=get_materiel&rest_code=00147&code=00101007016&supplier_code=00100004&order_time=2021-06-16 HTTP/1.1" 200 409
114.86.225.49 - - [16/Jun/2021:11:32:07 +0800] "GET /xingrg/kc/print/load_data.html?order_code=212021061607427&kc_code=cgsh&condition= HTTP/1.1" 200 731
114.86.187.76 - - [16/Jun/2021:11:32:09 +0800] "GET /xingrg/all/function/internal_message.html?_=1623814331707&CODE_STATE=getMsg HTTP/1.1" 200 27
114.86.225.49 - - [16/Jun/2021:11:32:10 +0800] "GET /xingrg/kc/buy/cgsh_order_add.html HTTP/1.1" 200 62507
114.86.225.49 - - [16/Jun/2021:11:32:10 +0800] "POST /xingrg/kc/buy/cgsh_order_operate.html HTTP/1.1" 200 8245
114.86.225.49 - - [16/Jun/2021:11:32:10 +0800] "GET /xingrg/javascript/easyui/themes/default/validatebox.css HTTP/1.1" 404 1104
114.86.225.49 - - [16/Jun/2021:11:32:10 +0800] "GET /xingrg/all/common/auto_word.html?type=employee&rest_code=00109 HTTP/1.1" 200 255
114.86.225.49 - - [16/Jun/2021:11:32:10 +0800] "GET /xingrg/all/common/auto_word.html?type=employee&rest_code=00109 HTTP/1.1" 200 255
58.37.225.51 - - [16/Jun/2021:11:32:12 +0800] "GET /xingrg/kc/buy/cgsh_order_add.html HTTP/1.1" 200 62472
58.37.225.51 - - [16/Jun/2021:11:32:13 +0800] "POST /xingrg/kc/buy/cgsh_order_operate.html HTTP/1.1" 200 8245
58.37.225.51 - - [16/Jun/2021:11:32:13 +0800] "GET /xingrg/javascript/easyui/themes/default/validatebox.css HTTP/1.1" 404 1104
222.69.128.91 - - [16/Jun/2021:11:32:13 +0800] "GET /xingrg/all/function/internal_message.html?_=1623814327866&CODE_STATE=getMsg HTTP/1.1" 200 27
180.169.147.146 - - [16/Jun/2021:11:32:13 +0800] "GET /xingrg/all/function/internal_message.html?_=1623814330491&CODE_STATE=getMsg HTTP/1.1" 200 27
222.69.128.91 - - [16/Jun/2021:11:32:13 +0800] "GET /xingrg/check_reg.html?_=1623814328391 HTTP/1.1" 200 22
180.161.111.4 - - [16/Jun/2021:11:32:23 +0800] "GET /xingrg/all/function/internal_message.html?_=1623814340613&CODE_STATE=getMsg HTTP/1.1" 200 27
114.86.225.49 - - [16/Jun/2021:11:32:23 +0800] "GET /xingrg/kc/buy/cgsh_order_operate.html?command=get_materiel&rest_code=00109&code=00101001115&supplier_code=00100089&order_time=2021-06-16 HTTP/1.1" 200 413
116.230.117.165 - - [16/Jun/2021:11:32:25 +0800] "GET /xingrg/check_reg.html?_=1623814341965 HTTP/1.1" 302 -
116.235.222.38 - - [16/Jun/2021:11:32:28 +0800] "GET /xingrg/all/function/internal_message.html?_=1623814341566&CODE_STATE=getMsg HTTP/1.1" 200 27
58.37.225.51 - - [16/Jun/2021:11:32:30 +0800] "GET /xingrg/all/function/internal_message.html?_=1623814283226&CODE_STATE=getMsg HTTP/1.1" 200 27
61.165.42.208 - - [16/Jun/2021:11:32:31 +0800] "GET /xingrg/all/function/internal_message.html?_=1623814349375&CODE_STATE=getMsg HTTP/1.1" 200 27
222.69.128.91 - - [16/Jun/2021:11:32:33 +0800] "POST /xingrg/kc/buy/cgsh_order_operate.html HTTP/1.1" 200 37
116.224.253.72 - - [16/Jun/2021:11:32:34 +0800] "GET /xingrg/all/function/internal_message.html?_=1623814350617&CODE_STATE=getMsg HTTP/1.1" 200 27
116.224.253.72 - - [16/Jun/2021:11:32:36 +0800] "GET /xingrg/all/function/internal_message.html?_=1623814342734&CODE_STATE=getMsg HTTP/1.1" 200 27
114.86.225.49 - - [16/Jun/2021:11:32:37 +0800] "GET /xingrg/all/function/internal_message.html?_=1623814355030&CODE_STATE=getMsg HTTP/1.1" 200 27
114.86.225.49 - - [16/Jun/2021:11:32:39 +0800] "POST /xingrg/kc/buy/cgsh_order_operate.html HTTP/1.1" 200 37
180.169.147.146 - - [16/Jun/2021:11:32:40 +0800] "GET /xingrg/all/function/internal_message.html?_=1623814355563&CODE_STATE=getMsg HTTP/1.1" 200 27
180.169.147.146 - - [16/Jun/2021:11:32:40 +0800] "GET /xingrg/check_reg.html?_=1623814355564 HTTP/1.1" 200 22
114.86.225.49 - - [16/Jun/2021:11:32:41 +0800] "POST /xingrg/kc/buy/cgsh_order_operate.html HTTP/1.1" 200 2659
180.169.147.146 - - [16/Jun/2021:11:32:41 +0800] "GET /xingrg/kc/buy/cgsh_order_operate.html?command=get_materiel&rest_code=00147&code=00101007092&supplier_code=00100004&order_time=2021-06-16 HTTP/1.1" 200 409
114.86.225.49 - - [16/Jun/2021:11:32:42 +0800] "GET /xingrg/kc/print/load_config.html?kc_code=cgsh HTTP/1.1" 200 1845
58.37.225.51 - - [16/Jun/2021:11:32:42 +0800] "GET /xingrg/kc/buy/cgsh_order_operate.html?command=get_materiel&rest_code=00141&code=00101006109&supplier_code=00100012&order_time=2021-06-16 HTTP/1.1" 200 409
114.86.225.49 - - [16/Jun/2021:11:32:42 +0800] "GET /xingrg/kc/print/load_data.html?order_code=212021061607429&kc_code=cgsh&condition= HTTP/1.1" 200 736
117.184.7.26 - - [16/Jun/2021:11:32:44 +0800] "GET /xingrg/all/function/internal_message.html?_=1623814355776&CODE_STATE=getMsg HTTP/1.1" 200 27
222.69.128.91 - - [16/Jun/2021:11:32:46 +0800] "POST /xingrg/kc/buy/cgsh_order_operate.html HTTP/1.1" 200 12
114.86.225.49 - - [16/Jun/2021:11:32:46 +0800] "GET /xingrg/kc/buy/cgsh_order_add.html HTTP/1.1" 200 62507
114.86.225.49 - - [16/Jun/2021:11:32:46 +0800] "POST /xingrg/kc/buy/cgsh_order_operate.html HTTP/1.1" 200 8245
114.86.225.49 - - [16/Jun/2021:11:32:46 +0800] "GET /xingrg/javascript/easyui/themes/default/validatebox.css HTTP/1.1" 404 1104
114.86.225.49 - - [16/Jun/2021:11:32:46 +0800] "GET /xingrg/all/common/auto_word.html?type=employee&rest_code=00109 HTTP/1.1" 200 255
114.86.225.49 - - [16/Jun/2021:11:32:46 +0800] "GET /xingrg/all/common/auto_word.html?type=employee&rest_code=00109 HTTP/1.1" 200 255
180.169.147.146 - - [16/Jun/2021:11:32:50 +0800] "GET /xingrg/kc/buy/cgsh_order_operate.html?command=get_materiel&rest_code=00147&code=00101007125&supplier_code=00100004&order_time=2021-06-16 HTTP/1.1" 200 406
116.230.117.165 - - [16/Jun/2021:11:32:51 +0800] "GET /xingrg/all/function/internal_message.html?_=1623814377879&CODE_STATE=getMsg HTTP/1.1" 200 27
114.86.225.49 - - [16/Jun/2021:11:32:52 +0800] "GET /xingrg/kc/buy/cgsh_order_operate.html?command=get_materiel&rest_code=00109&code=00101004011&supplier_code=00100088&order_time=2021-06-16 HTTP/1.1" 200 415
180.169.147.146 - - [16/Jun/2021:11:32:55 +0800] "GET /xingrg/all/function/internal_message.html?_=1623814372601&CODE_STATE=getMsg HTTP/1.1" 200 27
116.230.110.80 - - [16/Jun/2021:11:32:57 +0800] "GET /xingrg/all/function/internal_message.html?_=1623814343213&CODE_STATE=getMsg HTTP/1.1" 200 27
180.169.147.146 - - [16/Jun/2021:11:32:57 +0800] "GET /xingrg/kc/buy/cgsh_order_operate.html?command=get_materiel&rest_code=00147&code=00101007061&supplier_code=00100004&order_time=2021-06-16 HTTP/1.1" 200 409
101.85.94.178 - - [16/Jun/2021:11:32:58 +0800] "GET /xingrg/all/function/internal_message.html?_=1623813827870&CODE_STATE=getMsg HTTP/1.1" 200 27
117.185.32.26 - - [16/Jun/2021:11:32:59 +0800] "GET /xingrg/all/function/internal_message.html?_=1623814904675&CODE_STATE=getMsg HTTP/1.1" 200 27
114.86.225.49 - - [16/Jun/2021:11:33:00 +0800] "GET /xingrg/kc/buy/cgsh_order_operate.html?command=get_materiel&rest_code=00109&code=00101004065&supplier_code=00100088&order_time=2021-06-16 HTTP/1.1" 200 433
222.69.128.91 - - [16/Jun/2021:11:33:02 +0800] "GET /xingrg/kc/buy/cgsh_order_info.html?code=212021061607428 HTTP/1.1" 200 57424
222.69.128.91 - - [16/Jun/2021:11:33:02 +0800] "GET /xingrg/javascript/easyui/themes/default/validatebox.css HTTP/1.1" 404 1104
222.69.128.91 - - [16/Jun/2021:11:33:03 +0800] "POST /xingrg/kc/buy/cgsh_order_operate.html HTTP/1.1" 200 610
180.169.147.146 - - [16/Jun/2021:11:33:03 +0800] "GET /xingrg/check_reg.html?_=1623814383896 HTTP/1.1" 200 22
180.169.147.146 - - [16/Jun/2021:11:33:03 +0800] "GET /xingrg/all/function/internal_message.html?_=1623814383899&CODE_STATE=getMsg HTTP/1.1" 200 27
114.86.187.76 - - [16/Jun/2021:11:33:09 +0800] "GET /xingrg/all/function/internal_message.html?_=1623814391678&CODE_STATE=getMsg HTTP/1.1" 200 27
222.69.128.91 - - [16/Jun/2021:11:33:13 +0800] "GET /xingrg/all/function/internal_message.html?_=1623814387852&CODE_STATE=getMsg HTTP/1.1" 200 27
180.169.147.146 - - [16/Jun/2021:11:33:13 +0800] "GET /xingrg/all/function/internal_message.html?_=1623814390479&CODE_STATE=getMsg HTTP/1.1" 200 27
114.86.225.49 - - [16/Jun/2021:11:33:13 +0800] "POST /xingrg/kc/buy/cgsh_order_operate.html HTTP/1.1" 200 37
114.86.225.49 - - [16/Jun/2021:11:33:14 +0800] "POST /xingrg/kc/buy/cgsh_order_operate.html HTTP/1.1" 200 3255
114.86.225.49 - - [16/Jun/2021:11:33:15 +0800] "GET /xingrg/kc/print/load_config.html?kc_code=cgsh HTTP/1.1" 200 1845
114.86.225.49 - - [16/Jun/2021:11:33:16 +0800] "GET /xingrg/kc/print/load_data.html?order_code=212021061607430&kc_code=cgsh&condition= HTTP/1.1" 200 960
222.69.128.91 - - [16/Jun/2021:11:33:16 +0800] "GET /xingrg/kc/print/load_data.html?order_code=212021061607428&kc_code=cgsh&condition= HTTP/1.1" 200 700
114.86.225.49 - - [16/Jun/2021:11:33:19 +0800] "GET /xingrg/kc/buy/cgsh_order_add.html HTTP/1.1" 200 62507
114.86.225.49 - - [16/Jun/2021:11:33:20 +0800] "POST /xingrg/kc/buy/cgsh_order_operate.html HTTP/1.1" 200 8245
114.86.225.49 - - [16/Jun/2021:11:33:20 +0800] "GET /xingrg/javascript/easyui/themes/default/validatebox.css HTTP/1.1" 404 1104
114.86.225.49 - - [16/Jun/2021:11:33:20 +0800] "GET /xingrg/all/common/auto_word.html?type=employee&rest_code=00109 HTTP/1.1" 200 255
114.86.225.49 - - [16/Jun/2021:11:33:20 +0800] "GET /xingrg/all/common/auto_word.html?type=employee&rest_code=00109 HTTP/1.1" 200 255
114.86.225.49 - - [16/Jun/2021:11:33:20 +0800] "GET /xingrg/javascript/auto/indicator.gif HTTP/1.1" 404 1066
222.69.128.91 - - [16/Jun/2021:11:33:21 +0800] "GET /xingrg/kc/buy/cgsh_order_add.html HTTP/1.1" 200 62519
222.69.128.91 - - [16/Jun/2021:11:33:21 +0800] "POST /xingrg/kc/buy/cgsh_order_operate.html HTTP/1.1" 200 8245
222.69.128.91 - - [16/Jun/2021:11:33:21 +0800] "GET /xingrg/javascript/easyui/themes/default/validatebox.css HTTP/1.1" 404 1104
180.169.147.146 - - [16/Jun/2021:11:33:21 +0800] "GET /xingrg/kc/buy/cgsh_order_operate.html?command=get_materiel&rest_code=00147&code=00101007081&supplier_code=00100004&order_time=2021-06-16 HTTP/1.1" 200 413
180.161.111.4 - - [16/Jun/2021:11:33:23 +0800] "GET /xingrg/all/function/internal_message.html?_=1623814400924&CODE_STATE=getMsg HTTP/1.1" 200 27
114.86.225.49 - - [16/Jun/2021:11:33:26 +0800] "GET /xingrg/kc/buy/cgsh_order_operate.html?command=get_materiel&rest_code=00109&code=00101003025&supplier_code=00100093&order_time=2021-06-16 HTTP/1.1" 200 409
116.235.222.38 - - [16/Jun/2021:11:33:28 +0800] "GET /xingrg/all/function/internal_message.html?_=1623814401550&CODE_STATE=getMsg HTTP/1.1" 200 27
180.169.147.146 - - [16/Jun/2021:11:33:29 +0800] "POST /xingrg/kc/buy/cgsh_order_operate.html HTTP/1.1" 200 37
222.69.128.91 - - [16/Jun/2021:11:33:29 +0800] "GET /xingrg/kc/buy/cgsh_order_operate.html?command=get_materiel&rest_code=00149&code=00101002006&supplier_code=00100091&order_time=2021-06-16 HTTP/1.1" 200 414
58.37.225.51 - - [16/Jun/2021:11:33:30 +0800] "GET /xingrg/all/function/internal_message.html?_=1623814343197&CODE_STATE=getMsg HTTP/1.1" 200 27
180.169.147.146 - - [16/Jun/2021:11:33:31 +0800] "POST /xingrg/kc/buy/cgsh_order_operate.html HTTP/1.1" 200 5596
61.165.42.208 - - [16/Jun/2021:11:33:31 +0800] "GET /xingrg/check_reg.html?_=1623814409375 HTTP/1.1" 200 22
61.165.42.208 - - [16/Jun/2021:11:33:31 +0800] "GET /xingrg/all/function/internal_message.html?_=1623814409378&CODE_STATE=getMsg HTTP/1.1" 200 27
180.169.147.146 - - [16/Jun/2021:11:33:31 +0800] "GET /xingrg/kc/print/load_data.html?order_code=212021061607431&kc_code=cgsh&condition= HTTP/1.1" 200 1838
116.224.253.72 - - [16/Jun/2021:11:33:34 +0800] "GET /xingrg/all/function/internal_message.html?_=1623814410632&CODE_STATE=getMsg HTTP/1.1" 200 27
180.169.147.146 - - [16/Jun/2021:11:33:35 +0800] "GET /xingrg/kc/buy/cgsh_order_add.html HTTP/1.1" 200 62434
180.169.147.146 - - [16/Jun/2021:11:33:35 +0800] "POST /xingrg/kc/buy/cgsh_order_operate.html HTTP/1.1" 200 8245
180.169.147.146 - - [16/Jun/2021:11:33:35 +0800] "GET /xingrg/javascript/easyui/themes/default/validatebox.css HTTP/1.1" 404 1104
116.224.253.72 - - [16/Jun/2021:11:33:36 +0800] "GET /xingrg/all/function/internal_message.html?_=1623814402742&CODE_STATE=getMsg HTTP/1.1" 200 27
114.86.225.49 - - [16/Jun/2021:11:33:37 +0800] "GET /xingrg/all/function/internal_message.html?_=1623814415032&CODE_STATE=getMsg HTTP/1.1" 200 27
114.86.225.49 - - [16/Jun/2021:11:33:38 +0800] "POST /xingrg/kc/buy/cgsh_order_operate.html HTTP/1.1" 200 37
114.86.225.49 - - [16/Jun/2021:11:33:39 +0800] "POST /xingrg/kc/buy/cgsh_order_operate.html HTTP/1.1" 200 2653
180.169.147.146 - - [16/Jun/2021:11:33:40 +0800] "GET /xingrg/all/function/internal_message.html?_=1623814415563&CODE_STATE=getMsg HTTP/1.1" 200 27
114.86.225.49 - - [16/Jun/2021:11:33:40 +0800] "GET /xingrg/kc/print/load_config.html?kc_code=cgsh HTTP/1.1" 200 1845
114.86.225.49 - - [16/Jun/2021:11:33:40 +0800] "GET /xingrg/kc/print/load_data.html?order_code=212021061607432&kc_code=cgsh&condition= HTTP/1.1" 200 704
222.69.128.91 - - [16/Jun/2021:11:33:44 +0800] "GET /xingrg/kc/buy/cgsh_order_operate.html?command=get_materiel&rest_code=00149&code=00101003053&supplier_code=00100091&order_time=2021-06-16 HTTP/1.1" 200 399
117.184.7.26 - - [16/Jun/2021:11:33:44 +0800] "GET /xingrg/all/function/internal_message.html?_=1623814415776&CODE_STATE=getMsg HTTP/1.1" 200 27
114.86.225.49 - - [16/Jun/2021:11:33:44 +0800] "GET /xingrg/kc/buy/cgsh_order_add.html HTTP/1.1" 200 62507
114.86.225.49 - - [16/Jun/2021:11:33:44 +0800] "GET /xingrg/all/common/auto_word.html?type=employee&rest_code=00109 HTTP/1.1" 200 255
114.86.225.49 - - [16/Jun/2021:11:33:44 +0800] "POST /xingrg/kc/buy/cgsh_order_operate.html HTTP/1.1" 200 8245
114.86.225.49 - - [16/Jun/2021:11:33:44 +0800] "GET /xingrg/javascript/easyui/themes/default/validatebox.css HTTP/1.1" 404 1104
114.86.225.49 - - [16/Jun/2021:11:33:44 +0800] "GET /xingrg/all/common/auto_word.html?type=employee&rest_code=00109 HTTP/1.1" 200 255
116.230.117.165 - - [16/Jun/2021:11:33:45 +0800] "GET /xingrg/check_reg.html?_=1623814432061 HTTP/1.1" 200 22
180.169.147.146 - - [16/Jun/2021:11:33:46 +0800] "GET /xingrg/kc/buy/cgsh_order_operate.html?command=get_materiel&rest_code=00147&code=00101020019&supplier_code=00100242&order_time=2021-06-16 HTTP/1.1" 200 424
114.86.225.49 - - [16/Jun/2021:11:33:50 +0800] "GET /xingrg/kc/buy/cgsh_order_operate.html?command=get_materiel&rest_code=00109&code=00101010636&supplier_code=00100411&order_time=2021-06-16 HTTP/1.1" 200 400
116.230.117.165 - - [16/Jun/2021:11:33:51 +0800] "GET /xingrg/all/function/internal_message.html?_=1623814437879&CODE_STATE=getMsg HTTP/1.1" 200 27
180.169.147.146 - - [16/Jun/2021:11:33:55 +0800] "GET /xingrg/kc/buy/cgsh_order_operate.html?command=get_materiel&rest_code=00147&code=00101016025&supplier_code=00100242&order_time=2021-06-16 HTTP/1.1" 200 408
180.169.147.146 - - [16/Jun/2021:11:33:55 +0800] "GET /xingrg/all/function/internal_message.html?_=1623814432617&CODE_STATE=getMsg HTTP/1.1" 200 27
116.230.110.80 - - [16/Jun/2021:11:33:57 +0800] "GET /xingrg/all/function/internal_message.html?_=1623814403228&CODE_STATE=getMsg HTTP/1.1" 200 27
101.85.94.178 - - [16/Jun/2021:11:33:58 +0800] "GET /xingrg/all/function/internal_message.html?_=1623813887870&CODE_STATE=getMsg HTTP/1.1" 200 27
117.185.32.26 - - [16/Jun/2021:11:33:59 +0800] "GET /xingrg/all/function/internal_message.html?_=1623814964659&CODE_STATE=getMsg HTTP/1.1" 200 27
117.185.32.26 - - [16/Jun/2021:11:33:59 +0800] "GET /xingrg/check_reg.html?_=1623814965440 HTTP/1.1" 200 22
180.169.147.146 - - [16/Jun/2021:11:34:03 +0800] "GET /xingrg/all/function/internal_message.html?_=1623814443900&CODE_STATE=getMsg HTTP/1.1" 200 27
180.169.147.146 - - [16/Jun/2021:11:34:04 +0800] "GET /xingrg/kc/buy/cgsh_order_operate.html?command=get_materiel&rest_code=00147&code=00101008417&supplier_code=00100242&order_time=2021-06-16 HTTP/1.1" 200 414
114.86.187.76 - - [16/Jun/2021:11:34:09 +0800] "GET /xingrg/all/function/internal_message.html?_=1623814451661&CODE_STATE=getMsg HTTP/1.1" 200 27
222.69.128.91 - - [16/Jun/2021:11:34:11 +0800] "POST /xingrg/kc/buy/cgsh_order_operate.html HTTP/1.1" 200 37
180.169.147.146 - - [16/Jun/2021:11:34:12 +0800] "GET /xingrg/kc/buy/cgsh_order_operate.html?command=get_materiel&rest_code=00147&code=00101012010&supplier_code=00100242&order_time=2021-06-16 HTTP/1.1" 200 409
222.69.128.91 - - [16/Jun/2021:11:34:13 +0800] "GET /xingrg/all/function/internal_message.html?_=1623814447830&CODE_STATE=getMsg HTTP/1.1" 200 27
180.169.147.146 - - [16/Jun/2021:11:34:13 +0800] "GET /xingrg/all/function/internal_message.html?_=1623814450483&CODE_STATE=getMsg HTTP/1.1" 200 27
222.69.128.91 - - [16/Jun/2021:11:34:14 +0800] "POST /xingrg/kc/buy/cgsh_order_operate.html HTTP/1.1" 200 12
222.69.128.91 - - [16/Jun/2021:11:34:15 +0800] "GET /xingrg/kc/buy/cgsh_order_info.html?code=212021061607433 HTTP/1.1" 200 57431
222.69.128.91 - - [16/Jun/2021:11:34:15 +0800] "GET /xingrg/javascript/easyui/themes/default/validatebox.css HTTP/1.1" 404 1104
222.69.128.91 - - [16/Jun/2021:11:34:16 +0800] "POST /xingrg/kc/buy/cgsh_order_operate.html HTTP/1.1" 200 1206
114.86.225.49 - - [16/Jun/2021:11:34:17 +0800] "GET /xingrg/kc/buy/cgsh_order_operate.html?command=get_materiel&rest_code=00109&code=00101010637&supplier_code=00100411&order_time=2021-06-16 HTTP/1.1" 200 404
222.69.128.91 - - [16/Jun/2021:11:34:18 +0800] "GET /xingrg/kc/print/load_data.html?order_code=212021061607433&kc_code=cgsh&condition= HTTP/1.1" 200 1011
58.221.95.50 - - [16/Jun/2021:11:34:19 +0800] "GET /xingrg/check_reg.html?_=1623814455581 HTTP/1.1" 302 -
180.169.147.146 - - [16/Jun/2021:11:34:22 +0800] "GET /xingrg/kc/buy/cgsh_order_operate.html?command=get_materiel&rest_code=00147&code=00101008332&supplier_code=00100242&order_time=2021-06-16 HTTP/1.1" 200 412
180.161.111.4 - - [16/Jun/2021:11:34:24 +0800] "GET /xingrg/all/function/internal_message.html?_=1623814460936&CODE_STATE=getMsg HTTP/1.1" 200 27
222.69.128.91 - - [16/Jun/2021:11:34:24 +0800] "GET /xingrg/kc/buy/cgsh_order_add.html HTTP/1.1" 200 62519
222.69.128.91 - - [16/Jun/2021:11:34:25 +0800] "POST /xingrg/kc/buy/cgsh_order_operate.html HTTP/1.1" 200 8245
222.69.128.91 - - [16/Jun/2021:11:34:25 +0800] "GET /xingrg/javascript/easyui/themes/default/validatebox.css HTTP/1.1" 404 1104
114.86.225.49 - - [16/Jun/2021:11:34:27 +0800] "POST /xingrg/kc/buy/cgsh_order_operate.html HTTP/1.1" 200 37
116.235.222.38 - - [16/Jun/2021:11:34:28 +0800] "GET /xingrg/all/function/internal_message.html?_=1623814461536&CODE_STATE=getMsg HTTP/1.1" 200 27
114.86.225.49 - - [16/Jun/2021:11:34:29 +0800] "POST /xingrg/kc/buy/cgsh_order_operate.html HTTP/1.1" 200 3254
58.37.225.51 - - [16/Jun/2021:11:34:30 +0800] "GET /xingrg/all/function/internal_message.html?_=1623814403143&CODE_STATE=getMsg HTTP/1.1" 200 27
58.37.225.51 - - [16/Jun/2021:11:34:30 +0800] "GET /xingrg/check_reg.html?_=1623814403263 HTTP/1.1" 200 22
