180.169.147.146 - - [16/Jun/2021:09:31:02 +0800] "GET /xingrg/javascript/jquery_easy_ui/themes/default/images/menu_downarrow.png HTTP/1.1" 200 173
180.169.147.146 - - [16/Jun/2021:09:31:02 +0800] "GET /xingrg/javascript/jquery_easy_ui/themes/default/images/button_a_bg.gif HTTP/1.1" 200 1194
180.169.147.146 - - [16/Jun/2021:09:31:02 +0800] "GET /xingrg/javascript/jquery_easy_ui/themes/default/images/menu.gif HTTP/1.1" 200 834
180.169.147.146 - - [16/Jun/2021:09:31:02 +0800] "GET /xingrg/javascript/jquery_easy_ui/themes/icons/print.png HTTP/1.1" 200 1057
180.169.147.146 - - [16/Jun/2021:09:31:02 +0800] "GET /xingrg/javascript/jquery_easy_ui/themes/icons/pencil.png HTTP/1.1" 200 713
180.169.147.146 - - [16/Jun/2021:09:31:02 +0800] "GET /xingrg/javascript/jquery_easy_ui/themes/default/images/menu_rightarrow.png HTTP/1.1" 200 3617
180.169.147.146 - - [16/Jun/2021:09:31:02 +0800] "POST /xingrg/dwr/call/plaincall/AjaxReportQueryService.getFixDate.dwr HTTP/1.1" 200 111
180.169.147.146 - - [16/Jun/2021:09:31:02 +0800] "GET /xingrg/javascript/jquery_easy_ui/themes/default/images/combo_arrow_dot.gif HTTP/1.1" 200 79
180.169.147.146 - - [16/Jun/2021:09:31:02 +0800] "POST /xingrg/all/common/load_tree.html?tree=area_rest_tree_json&manage=1 HTTP/1.1" 200 3466
180.169.147.146 - - [16/Jun/2021:09:31:02 +0800] "GET /xingrg/javascript/jquery_easy_ui/themes/default/images/tree_checkbox_0.gif HTTP/1.1" 200 168
180.169.147.146 - - [16/Jun/2021:09:31:02 +0800] "GET /xingrg/javascript/jquery_easy_ui/themes/icons/rest.png HTTP/1.1" 200 695
180.169.147.146 - - [16/Jun/2021:09:31:02 +0800] "GET /xingrg/javascript/jquery_easy_ui/themes/icons/area.png HTTP/1.1" 200 262
180.169.147.146 - - [16/Jun/2021:09:31:02 +0800] "GET /xingrg/javascript/jquery_easy_ui/themes/icons/manage.png HTTP/1.1" 200 696
180.169.147.146 - - [16/Jun/2021:09:31:03 +0800] "POST /xingrg/all/common/load_tree.html?tree=supplier_tree_json&manage=1 HTTP/1.1" 200 56999
180.169.147.146 - - [16/Jun/2021:09:31:03 +0800] "POST /xingrg/dwr/call/plaincall/AjaxReportQueryService.refreshCache.dwr HTTP/1.1" 200 78
180.169.147.146 - - [16/Jun/2021:09:31:03 +0800] "POST /xingrg/all/report/load_report_page.html HTTP/1.1" 200 152897
180.169.147.146 - - [16/Jun/2021:09:31:03 +0800] "GET /xingrg/images/blue/button/back2.gif HTTP/1.1" 200 1339
180.169.147.146 - - [16/Jun/2021:09:31:03 +0800] "GET /xingrg/images/blue/button/back.gif HTTP/1.1" 200 1352
180.169.147.146 - - [16/Jun/2021:09:31:03 +0800] "GET /xingrg/servlets/image?cache=0.35047835002652183&image=px HTTP/1.1" 200 807
180.169.147.146 - - [16/Jun/2021:09:31:05 +0800] "POST /xingrg/dwr/call/plaincall/AjaxReportQueryService.getFixDate.dwr HTTP/1.1" 200 111
180.169.147.146 - - [16/Jun/2021:09:31:06 +0800] "POST /xingrg/all/report/load_report_page.html HTTP/1.1" 200 79163
180.169.147.146 - - [16/Jun/2021:09:31:06 +0800] "GET /xingrg/images/blue/button/advance.gif HTTP/1.1" 200 1354
180.169.147.146 - - [16/Jun/2021:09:31:06 +0800] "GET /xingrg/images/blue/button/advance2.gif HTTP/1.1" 200 1338
180.169.147.146 - - [16/Jun/2021:09:31:06 +0800] "GET /xingrg/servlets/image?cache=0.6277130815867376&image=px HTTP/1.1" 200 807
180.169.147.146 - - [16/Jun/2021:09:31:13 +0800] "GET /xingrg/all/function/internal_message.html?_=1623807070481&CODE_STATE=getMsg HTTP/1.1" 200 27
222.69.128.91 - - [16/Jun/2021:09:31:13 +0800] "GET /xingrg/all/function/internal_message.html?_=1623807067949&CODE_STATE=getMsg HTTP/1.1" 200 27
180.169.147.146 - - [16/Jun/2021:09:31:14 +0800] "GET /xingrg/javascript/jquery_easy_ui/themes/default/images/tree_checkbox_2.gif HTTP/1.1" 200 181
180.169.147.146 - - [16/Jun/2021:09:31:14 +0800] "GET /xingrg/javascript/jquery_easy_ui/themes/default/images/tree_checkbox_1.gif HTTP/1.1" 200 174
180.169.147.146 - - [16/Jun/2021:09:31:15 +0800] "POST /xingrg/dwr/call/plaincall/AjaxReportQueryService.refreshCache.dwr HTTP/1.1" 200 78
222.69.128.91 - - [16/Jun/2021:09:31:16 +0800] "POST /xingrg/kc/buy/cgsh_order_operate.html HTTP/1.1" 200 37
222.70.177.90 - - [16/Jun/2021:09:31:17 +0800] "GET /xingrg/all/function/internal_message.html?_=1623807072720&CODE_STATE=getMsg HTTP/1.1" 200 27
180.169.147.146 - - [16/Jun/2021:09:31:17 +0800] "POST /xingrg/all/report/load_report_page.html HTTP/1.1" 200 49752
180.169.147.146 - - [16/Jun/2021:09:31:17 +0800] "GET /xingrg/servlets/image?cache=0.3160780690651013&image=px HTTP/1.1" 200 807
222.69.128.91 - - [16/Jun/2021:09:31:20 +0800] "POST /xingrg/kc/buy/cgsh_order_operate.html HTTP/1.1" 200 12
116.224.253.72 - - [16/Jun/2021:09:31:22 +0800] "GET /xingrg/check_reg.html?_=1623807069081 HTTP/1.1" 200 22
116.224.253.72 - - [16/Jun/2021:09:31:22 +0800] "GET /xingrg/all/function/internal_message.html?_=1623807069603&CODE_STATE=getMsg HTTP/1.1" 200 27
222.69.128.91 - - [16/Jun/2021:09:31:24 +0800] "GET /xingrg/kc/buy/cgsh_order_info.html?code=212021061607245 HTTP/1.1" 200 57429
222.69.128.91 - - [16/Jun/2021:09:31:24 +0800] "GET /xingrg/javascript/easyui/themes/default/validatebox.css HTTP/1.1" 404 1104
222.69.128.91 - - [16/Jun/2021:09:31:25 +0800] "POST /xingrg/kc/buy/cgsh_order_operate.html HTTP/1.1" 200 2987
116.224.253.72 - - [16/Jun/2021:09:31:27 +0800] "GET /xingrg/all/function/internal_message.html?_=1623807083220&CODE_STATE=getMsg HTTP/1.1" 200 27
222.69.128.91 - - [16/Jun/2021:09:31:27 +0800] "GET /xingrg/kc/print/load_data.html?order_code=212021061607245&kc_code=cgsh&condition= HTTP/1.1" 200 1693
116.235.222.38 - - [16/Jun/2021:09:31:29 +0800] "GET /xingrg/all/function/internal_message.html?_=1623807082527&CODE_STATE=getMsg HTTP/1.1" 200 27
61.165.42.208 - - [16/Jun/2021:09:31:31 +0800] "GET /xingrg/all/function/internal_message.html?_=1623807089209&CODE_STATE=getMsg HTTP/1.1" 200 27
117.185.32.26 - - [16/Jun/2021:09:31:34 +0800] "GET /xingrg/kc/buy/cgsh_order_operate.html?command=get_materiel&rest_code=00106&code=00101006130&supplier_code=00100015&order_time=2021-06-16 HTTP/1.1" 200 429
114.86.225.49 - - [16/Jun/2021:09:31:38 +0800] "GET /xingrg/all/function/internal_message.html?_=1623807095299&CODE_STATE=getMsg HTTP/1.1" 200 27
116.230.117.165 - - [16/Jun/2021:09:31:44 +0800] "GET /xingrg/all/function/internal_message.html?_=1623807110529&CODE_STATE=getMsg HTTP/1.1" 200 27
222.69.128.91 - - [16/Jun/2021:09:31:45 +0800] "GET /xingrg/kc/mdqp/pssh_order_list.html HTTP/1.1" 200 17738
222.69.128.91 - - [16/Jun/2021:09:31:45 +0800] "POST /xingrg/kc/mdqp/pssh_list_operate.html HTTP/1.1" 200 5466
222.69.128.91 - - [16/Jun/2021:09:31:48 +0800] "GET /xingrg/kc/mdqp/psth_order_list1.html HTTP/1.1" 200 17840
222.69.128.91 - - [16/Jun/2021:09:31:48 +0800] "GET /xingrg/javascript/easyui/themes/icons/uncheck_new.png HTTP/1.1" 200 3197
222.69.128.91 - - [16/Jun/2021:09:31:48 +0800] "POST /xingrg/kc/mdqp/psth_list_operate.html HTTP/1.1" 200 749
222.69.128.91 - - [16/Jun/2021:09:31:51 +0800] "POST /xingrg/kc/mdqp/psth_list_operate.html HTTP/1.1" 200 2222
180.169.147.146 - - [16/Jun/2021:09:31:52 +0800] "GET /xingrg/all/function/internal_message.html?_=1623807109072&CODE_STATE=getMsg HTTP/1.1" 200 27
222.69.128.91 - - [16/Jun/2021:09:31:52 +0800] "POST /xingrg/kc/mdqp/psth_list_operate.html HTTP/1.1" 200 366
222.69.128.91 - - [16/Jun/2021:09:31:52 +0800] "GET /xingrg/kc/mdqp/psth_order_info1.html?code=322021061500010 HTTP/1.1" 200 22260
222.69.128.91 - - [16/Jun/2021:09:31:53 +0800] "GET /xingrg/javascript/jquery_tools/jquery-1.4.2.min.js HTTP/1.1" 404 1094
222.69.128.91 - - [16/Jun/2021:09:31:53 +0800] "POST /xingrg/kc/mdqp/psth_order_operate.html HTTP/1.1" 200 1422
222.69.128.91 - - [16/Jun/2021:09:31:53 +0800] "GET /xingrg/javascript/easyui/themes/default/validatebox.css HTTP/1.1" 404 1104
222.69.128.91 - - [16/Jun/2021:09:31:56 +0800] "GET /xingrg/kc/print/load_config.html?kc_code=psth HTTP/1.1" 200 2351
222.69.128.91 - - [16/Jun/2021:09:31:56 +0800] "GET /xingrg/kc/print/load_data.html?order_code=322021061500010&kc_code=psth&condition= HTTP/1.1" 200 950
117.185.32.26 - - [16/Jun/2021:09:31:58 +0800] "GET /xingrg/kc/buy/cgsh_order_operate.html?command=get_materiel&rest_code=00106&code=00101006112&supplier_code=00100015&order_time=2021-06-16 HTTP/1.1" 200 409
117.185.32.26 - - [16/Jun/2021:09:31:59 +0800] "GET /xingrg/all/function/internal_message.html?_=1623807645123&CODE_STATE=getMsg HTTP/1.1" 200 27
180.169.147.146 - - [16/Jun/2021:09:32:13 +0800] "GET /xingrg/all/function/internal_message.html?_=1623807130483&CODE_STATE=getMsg HTTP/1.1" 200 27
222.69.128.91 - - [16/Jun/2021:09:32:13 +0800] "GET /xingrg/check_reg.html?_=1623807127954 HTTP/1.1" 200 22
222.69.128.91 - - [16/Jun/2021:09:32:13 +0800] "GET /xingrg/all/function/internal_message.html?_=1623807127957&CODE_STATE=getMsg HTTP/1.1" 200 27
222.70.177.90 - - [16/Jun/2021:09:32:17 +0800] "GET /xingrg/all/function/internal_message.html?_=1623807132704&CODE_STATE=getMsg HTTP/1.1" 200 27
116.230.117.165 - - [16/Jun/2021:09:32:21 +0800] "GET /xingrg/check_reg.html?_=1623807147782 HTTP/1.1" 200 22
117.185.32.26 - - [16/Jun/2021:09:32:22 +0800] "GET /xingrg/kc/buy/cgsh_order_operate.html?command=get_materiel&rest_code=00106&code=00101006133&supplier_code=00100015&order_time=2021-06-16 HTTP/1.1" 200 415
116.224.253.72 - - [16/Jun/2021:09:32:22 +0800] "GET /xingrg/all/function/internal_message.html?_=1623807129616&CODE_STATE=getMsg HTTP/1.1" 200 27
116.230.117.165 - - [16/Jun/2021:09:32:25 +0800] "GET /xingrg/check_reg.html?_=1623807142413 HTTP/1.1" 302 -
116.224.253.72 - - [16/Jun/2021:09:32:27 +0800] "GET /xingrg/check_reg.html?_=1623807143225 HTTP/1.1" 200 22
116.224.253.72 - - [16/Jun/2021:09:32:27 +0800] "GET /xingrg/all/function/internal_message.html?_=1623807143228&CODE_STATE=getMsg HTTP/1.1" 200 27
116.235.222.38 - - [16/Jun/2021:09:32:29 +0800] "GET /xingrg/all/function/internal_message.html?_=1623807142501&CODE_STATE=getMsg HTTP/1.1" 200 27
61.165.42.208 - - [16/Jun/2021:09:32:31 +0800] "GET /xingrg/all/function/internal_message.html?_=1623807149209&CODE_STATE=getMsg HTTP/1.1" 200 27
222.70.177.90 - - [16/Jun/2021:09:32:34 +0800] "GET /xingrg/check_reg.html?_=1623807150101 HTTP/1.1" 200 22
114.86.225.49 - - [16/Jun/2021:09:32:37 +0800] "GET /xingrg/all/function/internal_message.html?_=1623807154761&CODE_STATE=getMsg HTTP/1.1" 200 27
114.86.225.49 - - [16/Jun/2021:09:32:38 +0800] "GET /xingrg/kc/buy/cgsh_order_operate.html?command=get_materiel&rest_code=00109&code=00101008049&supplier_code=00100005&order_time=2021-06-16 HTTP/1.1" 200 408
116.230.117.165 - - [16/Jun/2021:09:32:44 +0800] "GET /xingrg/all/function/internal_message.html?_=1623807170542&CODE_STATE=getMsg HTTP/1.1" 200 27
114.86.225.49 - - [16/Jun/2021:09:32:44 +0800] "GET /xingrg/kc/buy/cgsh_order_operate.html?command=get_materiel&rest_code=00109&code=00101008199&supplier_code=00100005&order_time=2021-06-16 HTTP/1.1" 200 408
114.86.225.49 - - [16/Jun/2021:09:32:51 +0800] "GET /xingrg/kc/buy/cgsh_order_operate.html?command=get_materiel&rest_code=00109&code=00101008358&supplier_code=00100005&order_time=2021-06-16 HTTP/1.1" 200 412
180.169.147.146 - - [16/Jun/2021:09:32:52 +0800] "GET /xingrg/all/function/internal_message.html?_=1623807169077&CODE_STATE=getMsg HTTP/1.1" 200 27
114.86.225.49 - - [16/Jun/2021:09:32:57 +0800] "GET /xingrg/kc/buy/cgsh_order_operate.html?command=get_materiel&rest_code=00109&code=00101008084&supplier_code=00100005&order_time=2021-06-16 HTTP/1.1" 200 412
117.185.32.26 - - [16/Jun/2021:09:32:59 +0800] "GET /xingrg/all/function/internal_message.html?_=1623807705106&CODE_STATE=getMsg HTTP/1.1" 200 27
114.86.225.49 - - [16/Jun/2021:09:33:02 +0800] "GET /xingrg/kc/buy/cgsh_order_operate.html?command=get_materiel&rest_code=00109&code=00101008087&supplier_code=00100005&order_time=2021-06-16 HTTP/1.1" 200 412
114.86.225.49 - - [16/Jun/2021:09:33:07 +0800] "GET /xingrg/kc/buy/cgsh_order_operate.html?command=get_materiel&rest_code=00109&code=00101008239&supplier_code=00100005&order_time=2021-06-16 HTTP/1.1" 200 416
114.86.225.49 - - [16/Jun/2021:09:33:12 +0800] "GET /xingrg/kc/buy/cgsh_order_operate.html?command=get_materiel&rest_code=00109&code=00101008149&supplier_code=00100005&order_time=2021-06-16 HTTP/1.1" 200 408
180.169.147.146 - - [16/Jun/2021:09:33:13 +0800] "GET /xingrg/all/function/internal_message.html?_=1623807190477&CODE_STATE=getMsg HTTP/1.1" 200 27
222.69.128.91 - - [16/Jun/2021:09:33:13 +0800] "GET /xingrg/all/function/internal_message.html?_=1623807187951&CODE_STATE=getMsg HTTP/1.1" 200 27
222.70.177.90 - - [16/Jun/2021:09:33:17 +0800] "GET /xingrg/all/function/internal_message.html?_=1623807192674&CODE_STATE=getMsg HTTP/1.1" 200 27
114.86.225.49 - - [16/Jun/2021:09:33:19 +0800] "GET /xingrg/kc/buy/cgsh_order_operate.html?command=get_materiel&rest_code=00109&code=00101008096&supplier_code=00100005&order_time=2021-06-16 HTTP/1.1" 200 412
116.224.253.72 - - [16/Jun/2021:09:33:23 +0800] "GET /xingrg/all/function/internal_message.html?_=1623807189630&CODE_STATE=getMsg HTTP/1.1" 200 27
114.86.225.49 - - [16/Jun/2021:09:33:24 +0800] "GET /xingrg/kc/buy/cgsh_order_operate.html?command=get_materiel&rest_code=00109&code=00101008064&supplier_code=00100005&order_time=2021-06-16 HTTP/1.1" 200 412
116.224.253.72 - - [16/Jun/2021:09:33:27 +0800] "GET /xingrg/all/function/internal_message.html?_=1623807203233&CODE_STATE=getMsg HTTP/1.1" 200 27
116.235.222.38 - - [16/Jun/2021:09:33:29 +0800] "GET /xingrg/all/function/internal_message.html?_=1623807202486&CODE_STATE=getMsg HTTP/1.1" 200 27
114.86.225.49 - - [16/Jun/2021:09:33:29 +0800] "GET /xingrg/kc/buy/cgsh_order_operate.html?command=get_materiel&rest_code=00109&code=00101008144&supplier_code=00100005&order_time=2021-06-16 HTTP/1.1" 200 412
61.165.42.208 - - [16/Jun/2021:09:33:31 +0800] "GET /xingrg/check_reg.html?_=1623807209195 HTTP/1.1" 200 22
61.165.42.208 - - [16/Jun/2021:09:33:31 +0800] "GET /xingrg/all/function/internal_message.html?_=1623807209198&CODE_STATE=getMsg HTTP/1.1" 200 27
180.169.147.146 - - [16/Jun/2021:09:33:32 +0800] "GET /xingrg/index.html?sysBaseUrl=http%3A%2F%2F180.169.147.146%3A18081%2Fxingrg%2F&costTime=42×tamp=1620889531824 HTTP/1.1" 200 17503
180.169.147.146 - - [16/Jun/2021:09:33:32 +0800] "POST /xingrg/all/common/load_tree.html?tree=area_rest_tree_json&manage=1 HTTP/1.1" 200 3466
180.169.147.146 - - [16/Jun/2021:09:33:32 +0800] "GET /xingrg/all/function/internal_message.html?_=1623807209698&CODE_STATE=count HTTP/1.1" 200 11
180.169.147.146 - - [16/Jun/2021:09:33:32 +0800] "GET /xingrg/check_reg.html?_=1623807209699 HTTP/1.1" 200 22
180.169.147.146 - - [16/Jun/2021:09:33:32 +0800] "POST /xingrg/load_menu.html HTTP/1.1" 200 11443
180.169.147.146 - - [16/Jun/2021:09:33:32 +0800] "GET /favicon.ico HTTP/1.1" 404 -
114.86.225.49 - - [16/Jun/2021:09:33:35 +0800] "GET /xingrg/kc/buy/cgsh_order_operate.html?command=get_materiel&rest_code=00109&code=00101008439&supplier_code=00100005&order_time=2021-06-16 HTTP/1.1" 200 399
114.86.225.49 - - [16/Jun/2021:09:33:37 +0800] "GET /xingrg/all/function/internal_message.html?_=1623807214762&CODE_STATE=getMsg HTTP/1.1" 200 27
116.230.117.165 - - [16/Jun/2021:09:33:44 +0800] "GET /xingrg/all/function/internal_message.html?_=1623807230556&CODE_STATE=getMsg HTTP/1.1" 200 27
180.169.147.146 - - [16/Jun/2021:09:33:52 +0800] "GET /xingrg/all/function/internal_message.html?_=1623807229087&CODE_STATE=getMsg HTTP/1.1" 200 27
116.224.253.72 - - [16/Jun/2021:09:33:57 +0800] "GET /xingrg/kc/buy/cgsh_order_list.html HTTP/1.1" 200 46734
116.224.253.72 - - [16/Jun/2021:09:33:58 +0800] "POST /xingrg/kc/buy/cgsh_list_operate.html HTTP/1.1" 200 876
117.185.32.26 - - [16/Jun/2021:09:33:59 +0800] "GET /xingrg/all/function/internal_message.html?_=1623807765089&CODE_STATE=getMsg HTTP/1.1" 200 27
117.185.32.26 - - [16/Jun/2021:09:33:59 +0800] "GET /xingrg/check_reg.html?_=1623807765088 HTTP/1.1" 200 22
117.185.32.26 - - [16/Jun/2021:09:34:00 +0800] "POST /xingrg/kc/buy/cgsh_order_operate.html HTTP/1.1" 200 37
114.86.225.49 - - [16/Jun/2021:09:34:02 +0800] "GET /xingrg/kc/buy/cgsh_order_operate.html?command=get_materiel&rest_code=00109&code=00101008357&supplier_code=00100005&order_time=2021-06-16 HTTP/1.1" 200 408
116.224.253.72 - - [16/Jun/2021:09:34:04 +0800] "POST /xingrg/all/user/operate.html HTTP/1.1" 200 36
116.224.253.72 - - [16/Jun/2021:09:34:04 +0800] "GET /xingrg/index.html?sysBaseUrl=http%3A%2F%2F180.169.147.146%3A18081%2Fxingrg%2F&costTime=38×tamp=1623806516949 HTTP/1.1" 200 17177
116.224.253.72 - - [16/Jun/2021:09:34:04 +0800] "GET /xingrg/javascript/jquery_easy_ui/themes/default/easyui.css HTTP/1.1" 304 -
116.224.253.72 - - [16/Jun/2021:09:34:04 +0800] "GET /xingrg/javascript/jquery_easy_ui/themes/icon.css HTTP/1.1" 304 -
116.224.253.72 - - [16/Jun/2021:09:34:04 +0800] "GET /xingrg/css/form.css HTTP/1.1" 304 -
116.224.253.72 - - [16/Jun/2021:09:34:04 +0800] "GET /xingrg/javascript/jquery-1.4.2.min.js HTTP/1.1" 304 -
116.224.253.72 - - [16/Jun/2021:09:34:04 +0800] "GET /xingrg/javascript/jquery_easy_ui/jquery.easyui.min.js HTTP/1.1" 304 -
116.224.253.72 - - [16/Jun/2021:09:34:04 +0800] "GET /xingrg/javascript/jquery_easy_ui/easyui-lang-zh_CN.js HTTP/1.1" 304 -
116.224.253.72 - - [16/Jun/2021:09:34:04 +0800] "GET /xingrg/javascript/jquery.form.js HTTP/1.1" 304 -
116.224.253.72 - - [16/Jun/2021:09:34:04 +0800] "GET /xingrg/javascript/jquery.utils.js HTTP/1.1" 304 -
116.224.253.72 - - [16/Jun/2021:09:34:04 +0800] "GET /xingrg/javascript/jquery.timers.js HTTP/1.1" 304 -
116.224.253.72 - - [16/Jun/2021:09:34:05 +0800] "GET /xingrg/images/blue/jxLogo.png HTTP/1.1" 304 -
116.224.253.72 - - [16/Jun/2021:09:34:05 +0800] "GET /xingrg/images/blue/navBackgound.jpg HTTP/1.1" 304 -
116.224.253.72 - - [16/Jun/2021:09:34:05 +0800] "GET /xingrg/javascript/jquery_easy_ui/themes/icons/settle_new.png HTTP/1.1" 304 -
116.224.253.72 - - [16/Jun/2021:09:34:05 +0800] "POST /xingrg/all/common/load_tree.html?tree=area_rest_tree_json&manage=1 HTTP/1.1" 200 476
116.224.253.72 - - [16/Jun/2021:09:34:05 +0800] "GET /xingrg/all/function/internal_message.html?_=1623807241093&CODE_STATE=count HTTP/1.1" 200 11
116.224.253.72 - - [16/Jun/2021:09:34:05 +0800] "GET /xingrg/check_reg.html?_=1623807241096 HTTP/1.1" 200 22
116.224.253.72 - - [16/Jun/2021:09:34:05 +0800] "GET /xingrg/javascript/jquery_easy_ui/themes/default/images/tabs_leftarrow.png HTTP/1.1" 304 -
116.224.253.72 - - [16/Jun/2021:09:34:05 +0800] "GET /xingrg/javascript/jquery_easy_ui/themes/default/images/panel_tool_collapse.gif HTTP/1.1" 304 -
116.224.253.72 - - [16/Jun/2021:09:34:05 +0800] "GET /xingrg/images/blue/pingpu.png HTTP/1.1" 304 -
116.224.253.72 - - [16/Jun/2021:09:34:05 +0800] "GET /xingrg/javascript/jquery_easy_ui/themes/default/images/tabs_rightarrow.png HTTP/1.1" 304 -
116.224.253.72 - - [16/Jun/2021:09:34:05 +0800] "POST /xingrg/load_menu.html HTTP/1.1" 200 5138
116.224.253.72 - - [16/Jun/2021:09:34:07 +0800] "GET /xingrg/kc/buy/cgsh_order_list.html HTTP/1.1" 200 46732
114.86.225.49 - - [16/Jun/2021:09:34:07 +0800] "GET /xingrg/kc/buy/cgsh_order_operate.html?command=get_materiel&rest_code=00109&code=00101008230&supplier_code=00100005&order_time=2021-06-16 HTTP/1.1" 200 408
116.224.253.72 - - [16/Jun/2021:09:34:07 +0800] "POST /xingrg/kc/buy/cgsh_list_operate.html HTTP/1.1" 200 876
114.86.225.49 - - [16/Jun/2021:09:34:11 +0800] "GET /xingrg/kc/buy/cgsh_order_operate.html?command=get_materiel&rest_code=00109&code=00101008069&supplier_code=00100005&order_time=2021-06-16 HTTP/1.1" 200 412
116.224.253.72 - - [16/Jun/2021:09:34:13 +0800] "GET /xingrg/javascript/jquery_tools/images/prev.gif HTTP/1.1" 404 1086
116.224.253.72 - - [16/Jun/2021:09:34:13 +0800] "GET /xingrg/javascript/jquery_tools/images/next.gif HTTP/1.1" 404 1086
180.169.147.146 - - [16/Jun/2021:09:34:13 +0800] "GET /xingrg/all/function/internal_message.html?_=1623807250485&CODE_STATE=getMsg HTTP/1.1" 200 27
222.69.128.91 - - [16/Jun/2021:09:34:13 +0800] "GET /xingrg/all/function/internal_message.html?_=1623807247956&CODE_STATE=getMsg HTTP/1.1" 200 27
222.70.177.90 - - [16/Jun/2021:09:34:17 +0800] "GET /xingrg/all/function/internal_message.html?_=1623807252659&CODE_STATE=getMsg HTTP/1.1" 200 27
116.224.253.72 - - [16/Jun/2021:09:34:18 +0800] "POST /xingrg/kc/buy/cgsh_list_operate.html HTTP/1.1" 200 2894
114.86.225.49 - - [16/Jun/2021:09:34:18 +0800] "GET /xingrg/kc/buy/cgsh_order_operate.html?command=get_materiel&rest_code=00109&code=00101008286&supplier_code=00100005&order_time=2021-06-16 HTTP/1.1" 200 408
58.221.95.50 - - [16/Jun/2021:09:34:18 +0800] "GET /xingrg/check_reg.html?_=1623807255482 HTTP/1.1" 302 -
116.224.253.72 - - [16/Jun/2021:09:34:23 +0800] "GET /xingrg/all/function/internal_message.html?_=1623807249675&CODE_STATE=getMsg HTTP/1.1" 200 27
114.86.225.49 - - [16/Jun/2021:09:34:24 +0800] "GET /xingrg/kc/buy/cgsh_order_operate.html?command=get_materiel&rest_code=00109&code=00101008318&supplier_code=00100005&order_time=2021-06-16 HTTP/1.1" 200 408
116.235.222.38 - - [16/Jun/2021:09:34:29 +0800] "GET /xingrg/all/function/internal_message.html?_=1623807262470&CODE_STATE=getMsg HTTP/1.1" 200 27
114.86.225.49 - - [16/Jun/2021:09:34:30 +0800] "GET /xingrg/kc/buy/cgsh_order_operate.html?command=get_materiel&rest_code=00109&code=00101008005&supplier_code=00100005&order_time=2021-06-16 HTTP/1.1" 200 412
117.185.32.26 - - [16/Jun/2021:09:34:30 +0800] "POST /xingrg/kc/buy/cgsh_order_operate.html HTTP/1.1" 200 5630
61.165.42.208 - - [16/Jun/2021:09:34:31 +0800] "GET /xingrg/all/function/internal_message.html?_=1623807269197&CODE_STATE=getMsg HTTP/1.1" 200 27
114.86.225.49 - - [16/Jun/2021:09:34:37 +0800] "GET /xingrg/kc/buy/cgsh_order_operate.html?command=get_materiel&rest_code=00109&code=00101008353&supplier_code=00100005&order_time=2021-06-16 HTTP/1.1" 200 408
114.86.225.49 - - [16/Jun/2021:09:34:37 +0800] "GET /xingrg/all/function/internal_message.html?_=1623807274764&CODE_STATE=getMsg HTTP/1.1" 200 27
114.86.225.49 - - [16/Jun/2021:09:34:39 +0800] "POST /xingrg/kc/buy/cgsh_order_operate.html HTTP/1.1" 200 2065
117.185.32.26 - - [16/Jun/2021:09:34:41 +0800] "POST /xingrg/kc/buy/cgsh_order_operate.html HTTP/1.1" 200 37
114.86.225.49 - - [16/Jun/2021:09:34:43 +0800] "GET /xingrg/kc/buy/cgsh_order_operate.html?command=get_materiel&rest_code=00109&code=00101008312&supplier_code=00100005&order_time=2021-06-16 HTTP/1.1" 200 412
116.230.117.165 - - [16/Jun/2021:09:34:44 +0800] "GET /xingrg/all/function/internal_message.html?_=1623807291216&CODE_STATE=getMsg HTTP/1.1" 200 27
180.169.147.146 - - [16/Jun/2021:09:34:52 +0800] "GET /xingrg/all/function/internal_message.html?_=1623807289089&CODE_STATE=getMsg HTTP/1.1" 200 27
114.86.225.49 - - [16/Jun/2021:09:34:52 +0800] "GET /xingrg/kc/buy/cgsh_order_operate.html?command=get_materiel&rest_code=00109&code=00101008196&supplier_code=00100005&order_time=2021-06-16 HTTP/1.1" 200 416
117.185.32.26 - - [16/Jun/2021:09:34:55 +0800] "POST /xingrg/kc/buy/cgsh_order_operate.html HTTP/1.1" 200 5630
117.185.32.26 - - [16/Jun/2021:09:34:57 +0800] "GET /xingrg/kc/buy/cgsh_order_add.html HTTP/1.1" 200 62466
117.185.32.26 - - [16/Jun/2021:09:34:57 +0800] "POST /xingrg/kc/buy/cgsh_order_operate.html HTTP/1.1" 200 8245
117.185.32.26 - - [16/Jun/2021:09:34:57 +0800] "GET /xingrg/javascript/easyui/themes/default/validatebox.css HTTP/1.1" 404 1104
114.86.225.49 - - [16/Jun/2021:09:34:57 +0800] "GET /xingrg/kc/buy/cgsh_order_operate.html?command=get_materiel&rest_code=00109&code=00101008197&supplier_code=00100005&order_time=2021-06-16 HTTP/1.1" 200 416
117.185.32.26 - - [16/Jun/2021:09:34:59 +0800] "GET /xingrg/all/function/internal_message.html?_=1623807825123&CODE_STATE=getMsg HTTP/1.1" 200 27
114.86.225.49 - - [16/Jun/2021:09:35:04 +0800] "GET /xingrg/kc/buy/cgsh_order_operate.html?command=get_materiel&rest_code=00109&code=00101008137&supplier_code=00100005&order_time=2021-06-16 HTTP/1.1" 200 408
116.224.253.72 - - [16/Jun/2021:09:35:05 +0800] "GET /xingrg/all/function/internal_message.html?_=1623807301107&CODE_STATE=getMsg HTTP/1.1" 200 27
114.86.225.49 - - [16/Jun/2021:09:35:09 +0800] "GET /xingrg/kc/buy/cgsh_order_operate.html?command=get_materiel&rest_code=00109&code=00101008244&supplier_code=00100005&order_time=2021-06-16 HTTP/1.1" 200 408
114.86.225.49 - - [16/Jun/2021:09:35:12 +0800] "POST /xingrg/kc/buy/cgsh_order_operate.html HTTP/1.1" 200 2065
180.169.147.146 - - [16/Jun/2021:09:35:13 +0800] "GET /xingrg/check_reg.html?_=1623807310476 HTTP/1.1" 200 22
180.169.147.146 - - [16/Jun/2021:09:35:13 +0800] "GET /xingrg/all/function/internal_message.html?_=1623807310480&CODE_STATE=getMsg HTTP/1.1" 200 27
222.69.128.91 - - [16/Jun/2021:09:35:13 +0800] "GET /xingrg/all/function/internal_message.html?_=1623807307963&CODE_STATE=getMsg HTTP/1.1" 200 27
114.86.225.49 - - [16/Jun/2021:09:35:15 +0800] "GET /xingrg/kc/buy/cgsh_order_operate.html?command=get_materiel&rest_code=00109&code=00101008356&supplier_code=00100005&order_time=2021-06-16 HTTP/1.1" 200 408
222.70.177.90 - - [16/Jun/2021:09:35:17 +0800] "GET /xingrg/all/function/internal_message.html?_=1623807312643&CODE_STATE=getMsg HTTP/1.1" 200 27
114.86.225.49 - - [16/Jun/2021:09:35:22 +0800] "GET /xingrg/kc/buy/cgsh_order_operate.html?command=get_materiel&rest_code=00109&code=00101008300&supplier_code=00100005&order_time=2021-06-16 HTTP/1.1" 200 412
116.224.253.72 - - [16/Jun/2021:09:35:23 +0800] "GET /xingrg/all/function/internal_message.html?_=1623807309688&CODE_STATE=getMsg HTTP/1.1" 200 27
116.235.222.38 - - [16/Jun/2021:09:35:29 +0800] "GET /xingrg/all/function/internal_message.html?_=1623807322453&CODE_STATE=getMsg HTTP/1.1" 200 27
116.235.222.38 - - [16/Jun/2021:09:35:29 +0800] "GET /xingrg/check_reg.html?_=1623807322503 HTTP/1.1" 200 22
61.165.42.208 - - [16/Jun/2021:09:35:31 +0800] "GET /xingrg/all/function/internal_message.html?_=1623807329197&CODE_STATE=getMsg HTTP/1.1" 200 27
114.86.225.49 - - [16/Jun/2021:09:35:37 +0800] "GET /xingrg/all/function/internal_message.html?_=1623807334770&CODE_STATE=getMsg HTTP/1.1" 200 27
114.86.225.49 - - [16/Jun/2021:09:35:37 +0800] "GET /xingrg/check_reg.html?_=1623807334773 HTTP/1.1" 200 22
116.235.222.38 - - [16/Jun/2021:09:35:43 +0800] "POST /xingrg/services/DataTransmitService HTTP/1.1" 200 524
116.235.222.38 - - [16/Jun/2021:09:35:44 +0800] "POST /xingrg/services/DataTransmitService HTTP/1.1" 200 501
116.235.222.38 - - [16/Jun/2021:09:35:44 +0800] "POST /xingrg/services/DataTransmitService HTTP/1.1" 200 501
116.230.117.165 - - [16/Jun/2021:09:35:44 +0800] "GET /xingrg/all/function/internal_message.html?_=1623807351223&CODE_STATE=getMsg HTTP/1.1" 200 27
116.235.222.38 - - [16/Jun/2021:09:35:45 +0800] "POST /xingrg/services/DataTransmitService HTTP/1.1" 200 501
116.235.222.38 - - [16/Jun/2021:09:35:45 +0800] "POST /xingrg/services/DataTransmitService HTTP/1.1" 200 501
116.235.222.38 - - [16/Jun/2021:09:35:46 +0800] "POST /xingrg/services/DataTransmitService HTTP/1.1" 200 501
116.235.222.38 - - [16/Jun/2021:09:35:46 +0800] "POST /xingrg/services/DataTransmitService HTTP/1.1" 200 501
116.235.222.38 - - [16/Jun/2021:09:35:48 +0800] "POST /xingrg/services/DataTransmitService HTTP/1.1" 200 501
116.235.222.38 - - [16/Jun/2021:09:35:49 +0800] "POST /xingrg/services/DataTransmitService HTTP/1.1" 200 501
116.235.222.38 - - [16/Jun/2021:09:35:50 +0800] "POST /xingrg/services/DataTransmitService HTTP/1.1" 200 412
180.169.147.146 - - [16/Jun/2021:09:35:52 +0800] "GET /xingrg/check_reg.html?_=1623807349076 HTTP/1.1" 200 22
180.169.147.146 - - [16/Jun/2021:09:35:52 +0800] "GET /xingrg/all/function/internal_message.html?_=1623807349078&CODE_STATE=getMsg HTTP/1.1" 200 27
180.169.147.146 - - [16/Jun/2021:09:35:55 +0800] "GET /xingrg/index.html?sysBaseUrl=http%3A%2F%2F180.169.147.146%3A18081%2Fxingrg%2F&costTime=39×tamp=1592034574635 HTTP/1.1" 200 17503
180.169.147.146 - - [16/Jun/2021:09:35:55 +0800] "POST /xingrg/all/common/load_tree.html?tree=area_rest_tree_json&manage=1 HTTP/1.1" 200 3466
180.169.147.146 - - [16/Jun/2021:09:35:55 +0800] "GET /xingrg/all/function/internal_message.html?_=1623807352588&CODE_STATE=count HTTP/1.1" 200 11
180.169.147.146 - - [16/Jun/2021:09:35:55 +0800] "GET /xingrg/check_reg.html?_=1623807352589 HTTP/1.1" 200 22
180.169.147.146 - - [16/Jun/2021:09:35:55 +0800] "GET /favicon.ico HTTP/1.1" 404 -
180.169.147.146 - - [16/Jun/2021:09:35:55 +0800] "POST /xingrg/load_menu.html HTTP/1.1" 200 11564
180.169.147.146 - - [16/Jun/2021:09:35:57 +0800] "POST /xingrg/load_menu.html HTTP/1.1" 200 10797
180.169.147.146 - - [16/Jun/2021:09:35:58 +0800] "GET /xingrg/all/report/report_query.html?fileName=dma/new_5.0/yingye/order_list.xml HTTP/1.1" 200 55281
180.169.147.146 - - [16/Jun/2021:09:35:58 +0800] "GET /xingrg/javascript/jquery_easy_ui/themes/default/images/tabs_close.gif HTTP/1.1" 200 829
180.169.147.146 - - [16/Jun/2021:09:35:58 +0800] "GET /xingrg/javascript/multi_select/jqueryMultiSelect.css HTTP/1.1" 200 951
180.169.147.146 - - [16/Jun/2021:09:35:58 +0800] "GET /xingrg/css/blue.css HTTP/1.1" 200 15949
180.169.147.146 - - [16/Jun/2021:09:35:58 +0800] "GET /xingrg/javascript/bigrid/fix.css HTTP/1.1" 200 1702
180.169.147.146 - - [16/Jun/2021:09:35:58 +0800] "GET /xingrg/javascript/calendar/timePicker.css HTTP/1.1" 200 523
180.169.147.146 - - [16/Jun/2021:09:35:58 +0800] "GET /xingrg/javascript/pic_change.js HTTP/1.1" 200 4739
180.169.147.146 - - [16/Jun/2021:09:35:58 +0800] "GET /xingrg/dwr/interface/AjaxReportQueryService.js HTTP/1.1" 200 13203
180.169.147.146 - - [16/Jun/2021:09:35:58 +0800] "GET /xingrg/javascript/myfunction.js HTTP/1.1" 200 24559
180.169.147.146 - - [16/Jun/2021:09:35:58 +0800] "GET /xingrg/javascript/jqueryMultiSelect.js HTTP/1.1" 200 11866
180.169.147.146 - - [16/Jun/2021:09:35:58 +0800] "GET /xingrg/dwr/engine.js HTTP/1.1" 200 43631
180.169.147.146 - - [16/Jun/2021:09:35:58 +0800] "GET /xingrg/javascript/Calendar.js HTTP/1.1" 200 31561
180.169.147.146 - - [16/Jun/2021:09:35:58 +0800] "GET /xingrg/javascript/calendar/jquery.timePicker.min.js HTTP/1.1" 200 2997
180.169.147.146 - - [16/Jun/2021:09:35:58 +0800] "GET /xingrg/images/control/loading.gif HTTP/1.1" 200 13463
180.169.147.146 - - [16/Jun/2021:09:35:58 +0800] "GET /xingrg/images/blue/button/back2over.gif HTTP/1.1" 200 1335
180.169.147.146 - - [16/Jun/2021:09:35:58 +0800] "GET /xingrg/images/blue/button/advanceover.gif HTTP/1.1" 200 1347
180.169.147.146 - - [16/Jun/2021:09:35:58 +0800] "GET /xingrg/images/blue/button/advance2over.gif HTTP/1.1" 200 1336
180.169.147.146 - - [16/Jun/2021:09:35:58 +0800] "GET /xingrg/javascript/bigrid/fix.js HTTP/1.1" 200 6439
180.169.147.146 - - [16/Jun/2021:09:35:58 +0800] "GET /xingrg/dwr/util.js HTTP/1.1" 200 35990
180.169.147.146 - - [16/Jun/2021:09:35:58 +0800] "GET /xingrg/images/blue/button/backover.gif HTTP/1.1" 200 1348
180.169.147.146 - - [16/Jun/2021:09:35:58 +0800] "GET /xingrg/javascript/jquery_easy_ui/themes/icons/help.png HTTP/1.1" 200 1187
180.169.147.146 - - [16/Jun/2021:09:35:58 +0800] "GET /xingrg/javascript/jquery_easy_ui/themes/default/images/menu_downarrow.png HTTP/1.1" 200 173
180.169.147.146 - - [16/Jun/2021:09:35:58 +0800] "POST /xingrg/dwr/call/plaincall/AjaxReportQueryService.getFixDate.dwr HTTP/1.1" 200 111
180.169.147.146 - - [16/Jun/2021:09:35:58 +0800] "GET /xingrg/javascript/jquery_easy_ui/themes/default/images/menu.gif HTTP/1.1" 200 834
180.169.147.146 - - [16/Jun/2021:09:35:58 +0800] "GET /xingrg/javascript/jquery_easy_ui/themes/icons/pencil.png HTTP/1.1" 200 713
180.169.147.146 - - [16/Jun/2021:09:35:58 +0800] "GET /xingrg/javascript/jquery_easy_ui/themes/icons/print.png HTTP/1.1" 200 1057
180.169.147.146 - - [16/Jun/2021:09:35:58 +0800] "GET /xingrg/javascript/jquery_easy_ui/themes/default/images/menu_rightarrow.png HTTP/1.1" 200 3617
180.169.147.146 - - [16/Jun/2021:09:35:58 +0800] "GET /xingrg/javascript/jquery_easy_ui/themes/default/images/combo_arrow_dot.gif HTTP/1.1" 200 79
180.169.147.146 - - [16/Jun/2021:09:35:58 +0800] "POST /xingrg/all/common/load_tree.html?tree=area_station_tree_json&manage=1 HTTP/1.1" 200 3358
180.169.147.146 - - [16/Jun/2021:09:35:58 +0800] "GET /xingrg/javascript/jquery_easy_ui/themes/default/images/tree_checkbox_0.gif HTTP/1.1" 200 168
180.169.147.146 - - [16/Jun/2021:09:35:58 +0800] "POST /xingrg/dwr/call/plaincall/AjaxReportQueryService.getInitString.dwr HTTP/1.1" 200 76
180.169.147.146 - - [16/Jun/2021:09:35:58 +0800] "GET /xingrg/javascript/multi_select/dropdown.gif HTTP/1.1" 200 61
117.185.32.26 - - [16/Jun/2021:09:35:59 +0800] "GET /xingrg/all/function/internal_message.html?_=1623807885121&CODE_STATE=getMsg HTTP/1.1" 200 27
180.169.147.146 - - [16/Jun/2021:09:36:00 +0800] "POST /xingrg/dwr/call/plaincall/AjaxReportQueryService.getFixDate.dwr HTTP/1.1" 200 111
180.169.147.146 - - [16/Jun/2021:09:36:03 +0800] "GET /xingrg/javascript/jquery_easy_ui/themes/default/images/tree_checkbox_1.gif HTTP/1.1" 200 174
180.169.147.146 - - [16/Jun/2021:09:36:03 +0800] "GET /xingrg/javascript/jquery_easy_ui/themes/default/images/tree_checkbox_2.gif HTTP/1.1" 200 181
180.169.147.146 - - [16/Jun/2021:09:36:03 +0800] "POST /xingrg/dwr/call/plaincall/AjaxReportQueryService.queryInitializeString.dwr HTTP/1.1" 200 76
116.224.253.72 - - [16/Jun/2021:09:36:05 +0800] "GET /xingrg/all/function/internal_message.html?_=1623807361107&CODE_STATE=getMsg HTTP/1.1" 200 27
180.169.147.146 - - [16/Jun/2021:09:36:05 +0800] "POST /xingrg/dwr/call/plaincall/AjaxReportQueryService.queryInitializeString.dwr HTTP/1.1" 200 227
180.169.147.146 - - [16/Jun/2021:09:36:06 +0800] "GET /xingrg/javascript/jquery_easy_ui/themes/default/images/button_plain_hover.png HTTP/1.1" 200 252
180.169.147.146 - - [16/Jun/2021:09:36:07 +0800] "POST /xingrg/dwr/call/plaincall/AjaxReportQueryService.refreshCache.dwr HTTP/1.1" 200 78
180.169.147.146 - - [16/Jun/2021:09:36:07 +0800] "POST /xingrg/all/report/load_report_page.html HTTP/1.1" 200 140932
180.169.147.146 - - [16/Jun/2021:09:36:07 +0800] "GET /xingrg/servlets/image?cache=0.8233905059636997&image=px HTTP/1.1" 200 807
180.169.147.146 - - [16/Jun/2021:09:36:13 +0800] "GET /xingrg/all/function/internal_message.html?_=1623807370483&CODE_STATE=getMsg HTTP/1.1" 200 27
222.69.128.91 - - [16/Jun/2021:09:36:13 +0800] "GET /xingrg/all/function/internal_message.html?_=1623807367963&CODE_STATE=getMsg HTTP/1.1" 200 27
222.70.177.90 - - [16/Jun/2021:09:36:17 +0800] "GET /xingrg/all/function/internal_message.html?_=1623807372628&CODE_STATE=getMsg HTTP/1.1" 200 27
116.224.253.72 - - [16/Jun/2021:09:36:22 +0800] "GET /xingrg/check_reg.html?_=1623807369105 HTTP/1.1" 200 22
116.224.253.72 - - [16/Jun/2021:09:36:23 +0800] "GET /xingrg/all/function/internal_message.html?_=1623807369702&CODE_STATE=getMsg HTTP/1.1" 200 27
116.235.222.38 - - [16/Jun/2021:09:36:29 +0800] "GET /xingrg/all/function/internal_message.html?_=1623807382455&CODE_STATE=getMsg HTTP/1.1" 200 27
61.165.42.208 - - [16/Jun/2021:09:36:31 +0800] "GET /xingrg/all/function/internal_message.html?_=1623807389198&CODE_STATE=getMsg HTTP/1.1" 200 27
114.86.225.49 - - [16/Jun/2021:09:36:37 +0800] "GET /xingrg/all/function/internal_message.html?_=1623807394771&CODE_STATE=getMsg HTTP/1.1" 200 27
114.86.225.49 - - [16/Jun/2021:09:36:41 +0800] "GET /xingrg/kc/buy/cgsh_order_operate.html?command=get_materiel&rest_code=00109&code=00101008415&supplier_code=00100005&order_time=2021-06-16 HTTP/1.1" 200 398
116.230.117.165 - - [16/Jun/2021:09:36:45 +0800] "GET /xingrg/all/function/internal_message.html?_=1623807411870&CODE_STATE=getMsg HTTP/1.1" 200 27
114.86.225.49 - - [16/Jun/2021:09:36:51 +0800] "GET /xingrg/kc/buy/cgsh_order_operate.html?command=get_materiel&rest_code=00109&code=00101008286&supplier_code=00100005&order_time=2021-06-16 HTTP/1.1" 200 408
180.169.147.146 - - [16/Jun/2021:09:36:52 +0800] "GET /xingrg/all/function/internal_message.html?_=1623807409073&CODE_STATE=getMsg HTTP/1.1" 200 27
180.169.147.146 - - [16/Jun/2021:09:36:55 +0800] "GET /xingrg/all/function/internal_message.html?_=1623807412610&CODE_STATE=getMsg HTTP/1.1" 200 27
117.185.32.26 - - [16/Jun/2021:09:36:59 +0800] "GET /xingrg/all/function/internal_message.html?_=1623807945114&CODE_STATE=getMsg HTTP/1.1" 200 27
114.86.225.49 - - [16/Jun/2021:09:37:00 +0800] "GET /xingrg/kc/buy/cgsh_order_operate.html?command=get_materiel&rest_code=00109&code=00101015002&supplier_code=00100005&order_time=2021-06-16 HTTP/1.1" 200 413
114.86.225.49 - - [16/Jun/2021:09:37:01 +0800] "POST /xingrg/kc/buy/cgsh_order_operate.html HTTP/1.1" 200 2065
116.224.253.72 - - [16/Jun/2021:09:37:05 +0800] "GET /xingrg/all/function/internal_message.html?_=1623807421107&CODE_STATE=getMsg HTTP/1.1" 200 27
114.86.225.49 - - [16/Jun/2021:09:37:06 +0800] "GET /xingrg/kc/buy/cgsh_order_operate.html?command=get_materiel&rest_code=00109&code=00101008323&supplier_code=00100005&order_time=2021-06-16 HTTP/1.1" 200 408
180.169.147.146 - - [16/Jun/2021:09:37:13 +0800] "GET /xingrg/all/function/internal_message.html?_=1623807430489&CODE_STATE=getMsg HTTP/1.1" 200 27
222.69.128.91 - - [16/Jun/2021:09:37:13 +0800] "GET /xingrg/check_reg.html?_=1623807427953 HTTP/1.1" 200 22
222.69.128.91 - - [16/Jun/2021:09:37:13 +0800] "GET /xingrg/all/function/internal_message.html?_=1623807427952&CODE_STATE=getMsg HTTP/1.1" 200 27
114.86.225.49 - - [16/Jun/2021:09:37:17 +0800] "GET /xingrg/kc/buy/cgsh_order_operate.html?command=get_materiel&rest_code=00109&code=00101008350&supplier_code=00100005&order_time=2021-06-16 HTTP/1.1" 200 408
222.70.177.90 - - [16/Jun/2021:09:37:17 +0800] "GET /xingrg/all/function/internal_message.html?_=1623807432612&CODE_STATE=getMsg HTTP/1.1" 200 27
116.230.117.165 - - [16/Jun/2021:09:37:21 +0800] "GET /xingrg/check_reg.html?_=1623807447789 HTTP/1.1" 200 22
116.224.253.72 - - [16/Jun/2021:09:37:23 +0800] "GET /xingrg/all/function/internal_message.html?_=1623807429716&CODE_STATE=getMsg HTTP/1.1" 200 27
116.230.117.165 - - [16/Jun/2021:09:37:25 +0800] "GET /xingrg/check_reg.html?_=1623807442402 HTTP/1.1" 302 -
114.86.225.49 - - [16/Jun/2021:09:37:27 +0800] "GET /xingrg/kc/buy/cgsh_order_operate.html?command=get_materiel&rest_code=00109&code=00101015060&supplier_code=00100005&order_time=2021-06-16 HTTP/1.1" 200 412
116.235.222.38 - - [16/Jun/2021:09:37:29 +0800] "GET /xingrg/all/function/internal_message.html?_=1623807442467&CODE_STATE=getMsg HTTP/1.1" 200 27
61.165.42.208 - - [16/Jun/2021:09:37:31 +0800] "GET /xingrg/all/function/internal_message.html?_=1623807449225&CODE_STATE=getMsg HTTP/1.1" 200 27
222.70.177.90 - - [16/Jun/2021:09:37:34 +0800] "GET /xingrg/check_reg.html?_=1623807450086 HTTP/1.1" 200 22
114.86.225.49 - - [16/Jun/2021:09:37:37 +0800] "GET /xingrg/all/function/internal_message.html?_=1623807454772&CODE_STATE=getMsg HTTP/1.1" 200 27
114.86.225.49 - - [16/Jun/2021:09:37:39 +0800] "GET /xingrg/kc/buy/cgsh_order_operate.html?command=get_materiel&rest_code=00109&code=00101008131&supplier_code=00100005&order_time=2021-06-16 HTTP/1.1" 200 408
116.230.117.165 - - [16/Jun/2021:09:37:45 +0800] "GET /xingrg/all/function/internal_message.html?_=1623807471874&CODE_STATE=getMsg HTTP/1.1" 200 27
114.86.225.49 - - [16/Jun/2021:09:37:46 +0800] "GET /xingrg/kc/buy/cgsh_order_operate.html?command=get_materiel&rest_code=00109&code=00101008353&supplier_code=00100005&order_time=2021-06-16 HTTP/1.1" 200 408
180.169.147.146 - - [16/Jun/2021:09:37:52 +0800] "GET /xingrg/all/function/internal_message.html?_=1623807469076&CODE_STATE=getMsg HTTP/1.1" 200 27
180.169.147.146 - - [16/Jun/2021:09:37:55 +0800] "GET /xingrg/all/function/internal_message.html?_=1623807472602&CODE_STATE=getMsg HTTP/1.1" 200 27
114.86.225.49 - - [16/Jun/2021:09:37:56 +0800] "POST /xingrg/kc/buy/cgsh_order_operate.html HTTP/1.1" 200 2065
117.185.32.26 - - [16/Jun/2021:09:37:59 +0800] "GET /xingrg/all/function/internal_message.html?_=1623808005113&CODE_STATE=getMsg HTTP/1.1" 200 27
114.86.225.49 - - [16/Jun/2021:09:38:00 +0800] "GET /xingrg/kc/buy/cgsh_order_operate.html?command=get_materiel&rest_code=00109&code=00101008298&supplier_code=00100005&order_time=2021-06-16 HTTP/1.1" 200 412
116.224.253.72 - - [16/Jun/2021:09:38:05 +0800] "GET /xingrg/all/function/internal_message.html?_=1623807481109&CODE_STATE=getMsg HTTP/1.1" 200 27
114.86.225.49 - - [16/Jun/2021:09:38:08 +0800] "GET /xingrg/kc/buy/cgsh_order_operate.html?command=get_materiel&rest_code=00109&code=00101015044&supplier_code=00100005&order_time=2021-06-16 HTTP/1.1" 200 409
180.169.147.146 - - [16/Jun/2021:09:38:13 +0800] "GET /xingrg/all/function/internal_message.html?_=1623807490479&CODE_STATE=getMsg HTTP/1.1" 200 27
222.69.128.91 - - [16/Jun/2021:09:38:13 +0800] "GET /xingrg/all/function/internal_message.html?_=1623807487965&CODE_STATE=getMsg HTTP/1.1" 200 27
222.70.177.90 - - [16/Jun/2021:09:38:17 +0800] "GET /xingrg/all/function/internal_message.html?_=1623807492583&CODE_STATE=getMsg HTTP/1.1" 200 27
114.86.225.49 - - [16/Jun/2021:09:38:18 +0800] "GET /xingrg/kc/buy/cgsh_order_operate.html?command=get_materiel&rest_code=00109&code=00101008236&supplier_code=00100005&order_time=2021-06-16 HTTP/1.1" 200 416
116.224.253.72 - - [16/Jun/2021:09:38:23 +0800] "GET /xingrg/all/function/internal_message.html?_=1623807489730&CODE_STATE=getMsg HTTP/1.1" 200 27
114.86.225.49 - - [16/Jun/2021:09:38:24 +0800] "GET /xingrg/kc/buy/cgsh_order_operate.html?command=get_materiel&rest_code=00109&code=00101008323&supplier_code=00100005&order_time=2021-06-16 HTTP/1.1" 200 408
116.235.222.38 - - [16/Jun/2021:09:38:29 +0800] "GET /xingrg/all/function/internal_message.html?_=1623807502469&CODE_STATE=getMsg HTTP/1.1" 200 27
61.165.42.208 - - [16/Jun/2021:09:38:31 +0800] "GET /xingrg/check_reg.html?_=1623807509225 HTTP/1.1" 200 22
61.165.42.208 - - [16/Jun/2021:09:38:31 +0800] "GET /xingrg/all/function/internal_message.html?_=1623807509228&CODE_STATE=getMsg HTTP/1.1" 200 27
114.86.225.49 - - [16/Jun/2021:09:38:37 +0800] "GET /xingrg/kc/buy/cgsh_order_operate.html?command=get_materiel&rest_code=00109&code=00101008350&supplier_code=00100005&order_time=2021-06-16 HTTP/1.1" 200 408
114.86.225.49 - - [16/Jun/2021:09:38:37 +0800] "GET /xingrg/all/function/internal_message.html?_=1623807514775&CODE_STATE=getMsg HTTP/1.1" 200 27
114.86.225.49 - - [16/Jun/2021:09:38:41 +0800] "POST /xingrg/kc/buy/cgsh_order_operate.html HTTP/1.1" 200 2065
116.230.117.165 - - [16/Jun/2021:09:38:45 +0800] "GET /xingrg/all/function/internal_message.html?_=1623807531888&CODE_STATE=getMsg HTTP/1.1" 200 27
114.86.225.49 - - [16/Jun/2021:09:38:48 +0800] "GET /xingrg/kc/buy/cgsh_order_operate.html?command=get_materiel&rest_code=00109&code=00101008357&supplier_code=00100005&order_time=2021-06-16 HTTP/1.1" 200 408
180.169.147.146 - - [16/Jun/2021:09:38:52 +0800] "GET /xingrg/all/function/internal_message.html?_=1623807529072&CODE_STATE=getMsg HTTP/1.1" 200 27
180.169.147.146 - - [16/Jun/2021:09:38:55 +0800] "GET /xingrg/all/function/internal_message.html?_=1623807532617&CODE_STATE=getMsg HTTP/1.1" 200 27
114.86.225.49 - - [16/Jun/2021:09:38:55 +0800] "GET /xingrg/kc/buy/cgsh_order_operate.html?command=get_materiel&rest_code=00109&code=00101008092&supplier_code=00100005&order_time=2021-06-16 HTTP/1.1" 200 412
117.185.32.26 - - [16/Jun/2021:09:38:59 +0800] "GET /xingrg/all/function/internal_message.html?_=1623808065118&CODE_STATE=getMsg HTTP/1.1" 200 27
117.185.32.26 - - [16/Jun/2021:09:38:59 +0800] "GET /xingrg/check_reg.html?_=1623808065120 HTTP/1.1" 200 22
114.86.225.49 - - [16/Jun/2021:09:39:01 +0800] "GET /xingrg/kc/buy/cgsh_order_operate.html?command=get_materiel&rest_code=00109&code=00101015012&supplier_code=00100005&order_time=2021-06-16 HTTP/1.1" 200 412
116.224.253.72 - - [16/Jun/2021:09:39:05 +0800] "GET /xingrg/check_reg.html?_=1623807541128 HTTP/1.1" 200 22
116.224.253.72 - - [16/Jun/2021:09:39:05 +0800] "GET /xingrg/all/function/internal_message.html?_=1623807541129&CODE_STATE=getMsg HTTP/1.1" 200 27
180.169.147.146 - - [16/Jun/2021:09:39:13 +0800] "GET /xingrg/all/function/internal_message.html?_=1623807550483&CODE_STATE=getMsg HTTP/1.1" 200 27
222.69.128.91 - - [16/Jun/2021:09:39:13 +0800] "GET /xingrg/all/function/internal_message.html?_=1623807547964&CODE_STATE=getMsg HTTP/1.1" 200 27
114.86.225.49 - - [16/Jun/2021:09:39:17 +0800] "GET /xingrg/kc/buy/cgsh_order_operate.html?command=get_materiel&rest_code=00109&code=00101008041&supplier_code=00100005&order_time=2021-06-16 HTTP/1.1" 200 408
222.70.177.90 - - [16/Jun/2021:09:39:17 +0800] "GET /xingrg/all/function/internal_message.html?_=1623807552595&CODE_STATE=getMsg HTTP/1.1" 200 27
58.221.95.50 - - [16/Jun/2021:09:39:18 +0800] "GET /xingrg/check_reg.html?_=1623807555462 HTTP/1.1" 302 -
116.224.253.72 - - [16/Jun/2021:09:39:23 +0800] "GET /xingrg/all/function/internal_message.html?_=1623807549765&CODE_STATE=getMsg HTTP/1.1" 200 27
116.235.222.38 - - [16/Jun/2021:09:39:29 +0800] "GET /xingrg/all/function/internal_message.html?_=1623807562472&CODE_STATE=getMsg HTTP/1.1" 200 27
61.165.42.208 - - [16/Jun/2021:09:39:31 +0800] "GET /xingrg/all/function/internal_message.html?_=1623807569228&CODE_STATE=getMsg HTTP/1.1" 200 27
114.86.225.49 - - [16/Jun/2021:09:39:37 +0800] "GET /xingrg/all/function/internal_message.html?_=1623807574781&CODE_STATE=getMsg HTTP/1.1" 200 27
114.86.225.49 - - [16/Jun/2021:09:39:45 +0800] "POST /xingrg/kc/buy/cgsh_order_operate.html HTTP/1.1" 200 37
116.230.117.165 - - [16/Jun/2021:09:39:46 +0800] "GET /xingrg/all/function/internal_message.html?_=1623807592533&CODE_STATE=getMsg HTTP/1.1" 200 27
114.86.225.49 - - [16/Jun/2021:09:39:47 +0800] "POST /xingrg/kc/buy/cgsh_order_operate.html HTTP/1.1" 200 27478
114.86.225.49 - - [16/Jun/2021:09:39:48 +0800] "GET /xingrg/kc/print/load_config.html?kc_code=cgsh HTTP/1.1" 200 1845
114.86.225.49 - - [16/Jun/2021:09:39:48 +0800] "GET /xingrg/kc/print/load_data.html?order_code=212021061607247&kc_code=cgsh&condition= HTTP/1.1" 200 10082
180.169.147.146 - - [16/Jun/2021:09:39:52 +0800] "GET /xingrg/all/function/internal_message.html?_=1623807589085&CODE_STATE=getMsg HTTP/1.1" 200 27
222.69.128.91 - - [16/Jun/2021:09:39:52 +0800] "POST /xingrg/kc/mdqp/pssh_list_operate.html HTTP/1.1" 200 814
114.86.225.49 - - [16/Jun/2021:09:39:53 +0800] "GET /xingrg/kc/buy/cgsh_order_add.html HTTP/1.1" 200 62507
114.86.225.49 - - [16/Jun/2021:09:39:54 +0800] "POST /xingrg/kc/buy/cgsh_order_operate.html HTTP/1.1" 200 8245
114.86.225.49 - - [16/Jun/2021:09:39:54 +0800] "GET /xingrg/all/common/auto_word.html?type=employee&rest_code=00109 HTTP/1.1" 200 255
114.86.225.49 - - [16/Jun/2021:09:39:54 +0800] "GET /xingrg/javascript/easyui/themes/default/validatebox.css HTTP/1.1" 404 1104
114.86.225.49 - - [16/Jun/2021:09:39:54 +0800] "GET /xingrg/all/common/auto_word.html?type=employee&rest_code=00109 HTTP/1.1" 200 255
180.169.147.146 - - [16/Jun/2021:09:39:55 +0800] "GET /xingrg/all/function/internal_message.html?_=1623807592612&CODE_STATE=getMsg HTTP/1.1" 200 27
117.185.32.26 - - [16/Jun/2021:09:39:59 +0800] "GET /xingrg/all/function/internal_message.html?_=1623808125114&CODE_STATE=getMsg HTTP/1.1" 200 27
114.86.225.49 - - [16/Jun/2021:09:40:01 +0800] "GET /xingrg/javascript/jquery_tools/images/prev.gif HTTP/1.1" 404 1086
114.86.225.49 - - [16/Jun/2021:09:40:01 +0800] "GET /xingrg/javascript/jquery_tools/images/next.gif HTTP/1.1" 404 1086
116.224.253.72 - - [16/Jun/2021:09:40:05 +0800] "GET /xingrg/all/function/internal_message.html?_=1623807601129&CODE_STATE=getMsg HTTP/1.1" 200 27
114.86.225.49 - - [16/Jun/2021:09:40:06 +0800] "GET /xingrg/kc/buy/cgsh_order_operate.html?command=get_materiel&rest_code=00109&code=00101001111&supplier_code=00100454&order_time=2021-06-16 HTTP/1.1" 200 411
180.169.147.146 - - [16/Jun/2021:09:40:13 +0800] "GET /xingrg/check_reg.html?_=1623807610492 HTTP/1.1" 200 22
180.169.147.146 - - [16/Jun/2021:09:40:13 +0800] "GET /xingrg/all/function/internal_message.html?_=1623807610496&CODE_STATE=getMsg HTTP/1.1" 200 27
222.69.128.91 - - [16/Jun/2021:09:40:13 +0800] "GET /xingrg/all/function/internal_message.html?_=1623807607973&CODE_STATE=getMsg HTTP/1.1" 200 27
222.70.177.90 - - [16/Jun/2021:09:40:17 +0800] "GET /xingrg/all/function/internal_message.html?_=1623807612579&CODE_STATE=getMsg HTTP/1.1" 200 27
116.224.253.72 - - [16/Jun/2021:09:40:23 +0800] "GET /xingrg/all/function/internal_message.html?_=1623807609772&CODE_STATE=getMsg HTTP/1.1" 200 27
114.86.225.49 - - [16/Jun/2021:09:40:23 +0800] "GET /xingrg/kc/buy/cgsh_order_operate.html?command=get_materiel&rest_code=00109&code=00101001032&supplier_code=00100454&order_time=2021-06-16 HTTP/1.1" 200 415
116.235.222.38 - - [16/Jun/2021:09:40:29 +0800] "GET /xingrg/all/function/internal_message.html?_=1623807622471&CODE_STATE=getMsg HTTP/1.1" 200 27
116.235.222.38 - - [16/Jun/2021:09:40:29 +0800] "GET /xingrg/check_reg.html?_=1623807622504 HTTP/1.1" 200 22
61.165.42.208 - - [16/Jun/2021:09:40:31 +0800] "GET /xingrg/all/function/internal_message.html?_=1623807629228&CODE_STATE=getMsg HTTP/1.1" 200 27
114.86.225.49 - - [16/Jun/2021:09:40:36 +0800] "GET /xingrg/kc/buy/cgsh_order_operate.html?command=get_materiel&rest_code=00109&code=00101001160&supplier_code=00100454&order_time=2021-06-16 HTTP/1.1" 200 408
114.86.225.49 - - [16/Jun/2021:09:40:37 +0800] "GET /xingrg/all/function/internal_message.html?_=1623807634778&CODE_STATE=getMsg HTTP/1.1" 200 27
114.86.225.49 - - [16/Jun/2021:09:40:37 +0800] "GET /xingrg/check_reg.html?_=1623807634783 HTTP/1.1" 200 22
116.230.117.165 - - [16/Jun/2021:09:40:46 +0800] "GET /xingrg/all/function/internal_message.html?_=1623807652538&CODE_STATE=getMsg HTTP/1.1" 200 27
180.169.147.146 - - [16/Jun/2021:09:40:52 +0800] "GET /xingrg/check_reg.html?_=1623807649080 HTTP/1.1" 200 22
180.169.147.146 - - [16/Jun/2021:09:40:52 +0800] "GET /xingrg/all/function/internal_message.html?_=1623807649081&CODE_STATE=getMsg HTTP/1.1" 200 27
180.169.147.146 - - [16/Jun/2021:09:40:55 +0800] "GET /xingrg/check_reg.html?_=1623807652602 HTTP/1.1" 200 22
180.169.147.146 - - [16/Jun/2021:09:40:55 +0800] "GET /xingrg/all/function/internal_message.html?_=1623807652604&CODE_STATE=getMsg HTTP/1.1" 200 27
114.86.225.49 - - [16/Jun/2021:09:40:59 +0800] "POST /xingrg/kc/buy/cgsh_order_operate.html HTTP/1.1" 200 37
