180.161.111.4 - - [16/Jun/2021:11:38:48 +0800] "POST /xingrg/dwr/call/plaincall/AjaxQqpsService.loadMaterielItems.dwr HTTP/1.1" 200 439
180.161.111.4 - - [16/Jun/2021:11:38:50 +0800] "GET /xingrg/kc/mdqp/qqps_order_list.html?isBack=1 HTTP/1.1" 302 -
180.161.111.4 - - [16/Jun/2021:11:38:50 +0800] "GET /xingrg/kc/mdqp/qqps_order_list.html?isQuery=1&timeSelect=1&orderTime=day&startTime=2021-06-14&endTime=2021-06-14&state=all&query=%C8%B7++%B6%A8 HTTP/1.1" 200 11387
180.161.111.4 - - [16/Jun/2021:11:38:50 +0800] "GET /xingrg/dwr/interface/AjaxQqpsService.js HTTP/1.1" 200 16326
180.161.111.4 - - [16/Jun/2021:11:38:50 +0800] "GET /xingrg/dwr/interface/AjaxReportQueryService.js HTTP/1.1" 200 13203
180.161.111.4 - - [16/Jun/2021:11:38:50 +0800] "GET /xingrg/dwr/engine.js HTTP/1.1" 200 43631
114.86.187.76 - - [16/Jun/2021:11:38:51 +0800] "POST /xingrg/kc/buy/cgsh_list_operate.html HTTP/1.1" 200 501
114.86.187.76 - - [16/Jun/2021:11:38:51 +0800] "GET /xingrg/kc/buy/cgsh_order_info.html?code=212021061607323 HTTP/1.1" 200 62479
116.230.117.165 - - [16/Jun/2021:11:38:51 +0800] "GET /xingrg/all/function/internal_message.html?_=1623814738244&CODE_STATE=getMsg HTTP/1.1" 200 27
114.86.187.76 - - [16/Jun/2021:11:38:51 +0800] "GET /xingrg/javascript/easyui/themes/default/validatebox.css HTTP/1.1" 404 1104
114.86.187.76 - - [16/Jun/2021:11:38:52 +0800] "POST /xingrg/kc/buy/cgsh_order_operate.html HTTP/1.1" 200 5043
114.86.187.76 - - [16/Jun/2021:11:38:53 +0800] "GET /xingrg/kc/print/load_data.html?order_code=212021061607323&kc_code=cgsh&condition= HTTP/1.1" 200 1587
117.185.32.26 - - [16/Jun/2021:11:38:53 +0800] "GET /xingrg/kc/buy/cgsh_order_operate.html?command=get_materiel&rest_code=00106&code=00101008005&supplier_code=00100007&order_time=2021-06-16 HTTP/1.1" 200 412
180.161.111.4 - - [16/Jun/2021:11:38:53 +0800] "GET /xingrg/kc/mdqp/qqps_order_info.html?code=302021061400280 HTTP/1.1" 200 26468
180.161.111.4 - - [16/Jun/2021:11:38:53 +0800] "GET /xingrg/dwr/interface/AjaxComOrderService.js HTTP/1.1" 200 18264
180.161.111.4 - - [16/Jun/2021:11:38:54 +0800] "GET /xingrg/dwr/interface/AjaxQqpsService.js HTTP/1.1" 200 16326
180.161.111.4 - - [16/Jun/2021:11:38:54 +0800] "GET /xingrg/dwr/engine.js HTTP/1.1" 200 43631
222.69.128.91 - - [16/Jun/2021:11:38:55 +0800] "GET /xingrg/kc/buy/cgsh_order_operate.html?command=get_materiel&rest_code=00149&code=00101020073&supplier_code=00100347&order_time=2021-06-16 HTTP/1.1" 200 415
180.161.111.4 - - [16/Jun/2021:11:38:55 +0800] "POST /xingrg/dwr/call/plaincall/AjaxQqpsService.loadMaterielItems.dwr HTTP/1.1" 200 6210
61.165.42.208 - - [16/Jun/2021:11:38:55 +0800] "GET /xingrg/all/report/report_query.html?isQuery=1&fileName=dma/new_5.0/menu/menu_hz.xml&queryString=(a.sale_day%2520between%252020210301%2520and%252020210616)%2520and%2520(a.tj_code%253D11)&queryText=%25E3%2580%2590%25E8%2590%25A5%25E4%25B8%259A%25E6%2597%25A5%25E6%259C%259F%253A2021-03-01%2520%25E8%2587%25B3%25202021-06-16%25E3%2580%2591%2520%25E5%25B9%25B6%25E4%25B8%2594%2520%25E3%2580%2590%25E7%25BB%259F%25E8%25AE%25A1%25E7%25B1%25BB%25E5%2588%25AB%2520%253D%2520%25E7%25B2%25BD%25E5%25AD%2590%25E3%2580%2591 HTTP/1.1" 200 54024
61.165.42.208 - - [16/Jun/2021:11:38:55 +0800] "GET /xingrg/dwr/engine.js HTTP/1.1" 200 43631
180.169.147.146 - - [16/Jun/2021:11:38:55 +0800] "GET /xingrg/all/function/internal_message.html?_=1623814732602&CODE_STATE=getMsg HTTP/1.1" 200 27
61.165.42.208 - - [16/Jun/2021:11:38:56 +0800] "GET /favicon.ico HTTP/1.1" 404 -
61.165.42.208 - - [16/Jun/2021:11:38:57 +0800] "POST /xingrg/all/report/load_report_page.html HTTP/1.1" 200 73308
61.165.42.208 - - [16/Jun/2021:11:38:57 +0800] "GET /xingrg/servlets/image?cache=0.9556242089671553&image=px HTTP/1.1" 200 807
116.230.110.80 - - [16/Jun/2021:11:38:57 +0800] "GET /xingrg/all/function/internal_message.html?_=1623814703210&CODE_STATE=getMsg HTTP/1.1" 200 27
114.86.187.76 - - [16/Jun/2021:11:38:58 +0800] "POST /xingrg/kc/buy/cgsh_list_operate.html HTTP/1.1" 200 202
101.85.94.178 - - [16/Jun/2021:11:38:58 +0800] "GET /xingrg/all/function/internal_message.html?_=1623814187911&CODE_STATE=getMsg HTTP/1.1" 200 27
114.86.187.76 - - [16/Jun/2021:11:38:58 +0800] "GET /xingrg/kc/buy/cgsh_order_info.html?code=212021061607328 HTTP/1.1" 200 62477
114.86.187.76 - - [16/Jun/2021:11:38:58 +0800] "GET /xingrg/javascript/easyui/themes/default/validatebox.css HTTP/1.1" 404 1104
117.185.32.26 - - [16/Jun/2021:11:38:59 +0800] "GET /xingrg/all/function/internal_message.html?_=1623815264583&CODE_STATE=getMsg HTTP/1.1" 200 27
114.86.187.76 - - [16/Jun/2021:11:38:59 +0800] "POST /xingrg/kc/buy/cgsh_order_operate.html HTTP/1.1" 200 2658
117.185.32.26 - - [16/Jun/2021:11:38:59 +0800] "GET /xingrg/check_reg.html?_=1623815265443 HTTP/1.1" 200 22
180.161.111.4 - - [16/Jun/2021:11:39:00 +0800] "GET /xingrg/kc/mdqp/qqps_order_list.html?isBack=1 HTTP/1.1" 302 -
180.161.111.4 - - [16/Jun/2021:11:39:00 +0800] "GET /xingrg/kc/mdqp/qqps_order_list.html?isQuery=1&timeSelect=1&orderTime=day&startTime=2021-06-14&endTime=2021-06-14&state=all&query=%C8%B7++%B6%A8 HTTP/1.1" 200 11387
180.161.111.4 - - [16/Jun/2021:11:39:00 +0800] "GET /xingrg/dwr/interface/AjaxQqpsService.js HTTP/1.1" 200 16326
180.161.111.4 - - [16/Jun/2021:11:39:00 +0800] "GET /xingrg/dwr/interface/AjaxReportQueryService.js HTTP/1.1" 200 13203
114.86.187.76 - - [16/Jun/2021:11:39:00 +0800] "GET /xingrg/kc/print/load_data.html?order_code=212021061607328&kc_code=cgsh&condition= HTTP/1.1" 200 677
180.161.111.4 - - [16/Jun/2021:11:39:00 +0800] "GET /xingrg/dwr/engine.js HTTP/1.1" 200 43631
180.161.111.4 - - [16/Jun/2021:11:39:02 +0800] "GET /xingrg/kc/mdqp/pssh_order_list.html HTTP/1.1" 200 17658
180.161.111.4 - - [16/Jun/2021:11:39:03 +0800] "POST /xingrg/kc/mdqp/pssh_list_operate.html HTTP/1.1" 200 5302
180.169.147.146 - - [16/Jun/2021:11:39:03 +0800] "GET /xingrg/all/function/internal_message.html?_=1623814743898&CODE_STATE=getMsg HTTP/1.1" 200 27
117.185.32.26 - - [16/Jun/2021:11:39:05 +0800] "GET /xingrg/kc/buy/cgsh_order_operate.html?command=get_materiel&rest_code=00106&code=00101008353&supplier_code=00100007&order_time=2021-06-16 HTTP/1.1" 200 408
114.86.225.49 - - [16/Jun/2021:11:39:06 +0800] "POST /xingrg/kc/buy/cgsh_list_operate.html HTTP/1.1" 200 5105
114.86.187.76 - - [16/Jun/2021:11:39:09 +0800] "GET /xingrg/all/function/internal_message.html?_=1623814751557&CODE_STATE=getMsg HTTP/1.1" 200 27
222.69.128.91 - - [16/Jun/2021:11:39:12 +0800] "POST /xingrg/kc/buy/cgsh_order_operate.html HTTP/1.1" 200 37
61.165.42.208 - - [16/Jun/2021:11:39:13 +0800] "GET /xingrg/all/function/internal_message.html?_=1623814749433&CODE_STATE=getMsg HTTP/1.1" 200 27
180.169.147.146 - - [16/Jun/2021:11:39:13 +0800] "GET /xingrg/all/function/internal_message.html?_=1623814750478&CODE_STATE=getMsg HTTP/1.1" 200 27
180.161.111.4 - - [16/Jun/2021:11:39:13 +0800] "GET /xingrg/check_reg.html?_=1623814714655 HTTP/1.1" 200 22
58.221.95.50 - - [16/Jun/2021:11:39:19 +0800] "GET /xingrg/check_reg.html?_=1623814755561 HTTP/1.1" 302 -
114.86.187.76 - - [16/Jun/2021:11:39:19 +0800] "POST /xingrg/kc/buy/cgsh_list_operate.html HTTP/1.1" 200 5052
117.185.32.26 - - [16/Jun/2021:11:39:19 +0800] "GET /xingrg/kc/buy/cgsh_order_operate.html?command=get_materiel&rest_code=00106&code=00101008125&supplier_code=00100007&order_time=2021-06-16 HTTP/1.1" 200 413
101.85.94.178 - - [16/Jun/2021:11:39:20 +0800] "GET /xingrg/kc/buy/cgsh_order_operate.html?command=get_materiel&rest_code=00142&code=00101012033&supplier_code=00100207&order_time=2021-06-16 HTTP/1.1" 200 426
114.86.187.76 - - [16/Jun/2021:11:39:21 +0800] "POST /xingrg/kc/buy/cgsh_list_operate.html HTTP/1.1" 200 199
114.86.187.76 - - [16/Jun/2021:11:39:22 +0800] "GET /xingrg/kc/buy/cgsh_order_info.html?code=212021061607330 HTTP/1.1" 200 62477
114.86.187.76 - - [16/Jun/2021:11:39:22 +0800] "GET /xingrg/javascript/easyui/themes/default/validatebox.css HTTP/1.1" 404 1104
114.86.187.76 - - [16/Jun/2021:11:39:23 +0800] "POST /xingrg/kc/buy/cgsh_order_operate.html HTTP/1.1" 200 2659
114.86.187.76 - - [16/Jun/2021:11:39:24 +0800] "GET /xingrg/kc/print/report_design.html?orderType=cgsh HTTP/1.1" 200 8625
114.86.187.76 - - [16/Jun/2021:11:39:24 +0800] "GET /xingrg/kc/print/design_operate.html?_=1623814766652&command=load_config&code=cgsh HTTP/1.1" 200 2747
114.86.187.76 - - [16/Jun/2021:11:39:24 +0800] "GET /favicon.ico HTTP/1.1" 404 -
180.161.111.4 - - [16/Jun/2021:11:39:24 +0800] "GET /xingrg/all/function/internal_message.html?_=1623814761599&CODE_STATE=getMsg HTTP/1.1" 200 27
222.69.128.91 - - [16/Jun/2021:11:39:24 +0800] "POST /xingrg/kc/buy/cgsh_order_operate.html HTTP/1.1" 200 12
114.86.187.76 - - [16/Jun/2021:11:39:26 +0800] "GET /xingrg/kc/print/load_data.html?order_code=212021061607330&kc_code=cgsh&condition= HTTP/1.1" 200 720
116.235.222.38 - - [16/Jun/2021:11:39:28 +0800] "GET /xingrg/all/function/internal_message.html?_=1623814761462&CODE_STATE=getMsg HTTP/1.1" 200 27
58.37.225.51 - - [16/Jun/2021:11:39:30 +0800] "GET /xingrg/all/function/internal_message.html?_=1623814703059&CODE_STATE=getMsg HTTP/1.1" 200 27
58.37.225.51 - - [16/Jun/2021:11:39:30 +0800] "GET /xingrg/check_reg.html?_=1623814703242 HTTP/1.1" 200 22
180.161.111.4 - - [16/Jun/2021:11:39:30 +0800] "POST /xingrg/kc/mdqp/pssh_list_operate.html HTTP/1.1" 200 350
180.161.111.4 - - [16/Jun/2021:11:39:31 +0800] "GET /xingrg/kc/mdqp/pssh_order_info.html?code=312021061500357 HTTP/1.1" 200 17297
180.161.111.4 - - [16/Jun/2021:11:39:31 +0800] "GET /xingrg/javascript/jquery_tools/jquery-1.4.2.min.js HTTP/1.1" 404 1094
61.165.42.208 - - [16/Jun/2021:11:39:31 +0800] "GET /xingrg/all/function/internal_message.html?_=1623814769383&CODE_STATE=getMsg HTTP/1.1" 200 27
180.161.111.4 - - [16/Jun/2021:11:39:31 +0800] "GET /xingrg/javascript/easyui/themes/icons/back_new.png HTTP/1.1" 200 3414
180.161.111.4 - - [16/Jun/2021:11:39:31 +0800] "POST /xingrg/kc/mdqp/pssh_order_operate.html HTTP/1.1" 200 1045
180.161.111.4 - - [16/Jun/2021:11:39:31 +0800] "GET /xingrg/all/common/auto_word.html?type=base&rest_code=00102&rest_code=00102 HTTP/1.1" 200 1711
114.86.187.76 - - [16/Jun/2021:11:39:31 +0800] "GET /xingrg/kc/buy/cgth_order_list.html HTTP/1.1" 200 46137
180.161.111.4 - - [16/Jun/2021:11:39:31 +0800] "GET /xingrg/javascript/easyui/themes/default/validatebox.css HTTP/1.1" 404 1104
114.86.187.76 - - [16/Jun/2021:11:39:32 +0800] "POST /xingrg/kc/buy/cgth_list_operate.html HTTP/1.1" 200 1035
222.69.128.91 - - [16/Jun/2021:11:39:32 +0800] "GET /xingrg/kc/buy/cgsh_order_info.html?code=212021061607442 HTTP/1.1" 200 57418
222.69.128.91 - - [16/Jun/2021:11:39:32 +0800] "GET /xingrg/words/20210616105433_words.js HTTP/1.1" 304 -
222.69.128.91 - - [16/Jun/2021:11:39:32 +0800] "GET /xingrg/javascript/easyui/themes/default/validatebox.css HTTP/1.1" 404 1104
114.86.187.76 - - [16/Jun/2021:11:39:33 +0800] "GET /xingrg/kc/buy/cgsh_order_list.html HTTP/1.1" 200 46734
222.69.128.91 - - [16/Jun/2021:11:39:33 +0800] "POST /xingrg/kc/buy/cgsh_order_operate.html HTTP/1.1" 200 2987
117.184.7.26 - - [16/Jun/2021:11:39:33 +0800] "GET /xingrg/kc/buy/cgsh_order_operate.html?command=get_materiel&rest_code=00108&code=00101008185&supplier_code=00100008&order_time=2021-06-16 HTTP/1.1" 200 408
117.185.32.26 - - [16/Jun/2021:11:39:34 +0800] "GET /xingrg/kc/buy/cgsh_order_operate.html?command=get_materiel&rest_code=00106&code=00101013144&supplier_code=00100007&order_time=2021-06-16 HTTP/1.1" 200 413
116.224.253.72 - - [16/Jun/2021:11:39:34 +0800] "GET /xingrg/all/function/internal_message.html?_=1623814770647&CODE_STATE=getMsg HTTP/1.1" 200 27
116.224.253.72 - - [16/Jun/2021:11:39:34 +0800] "GET /xingrg/check_reg.html?_=1623814770651 HTTP/1.1" 200 22
180.161.111.4 - - [16/Jun/2021:11:39:35 +0800] "POST /xingrg/all/common/load_combo.html?type=base&rest_code=00102 HTTP/1.1" 200 3060
222.69.128.91 - - [16/Jun/2021:11:39:36 +0800] "GET /xingrg/kc/print/load_data.html?order_code=212021061607442&kc_code=cgsh&condition= HTTP/1.1" 200 1614
114.86.225.49 - - [16/Jun/2021:11:39:37 +0800] "GET /xingrg/all/function/internal_message.html?_=1623814775045&CODE_STATE=getMsg HTTP/1.1" 200 27
180.161.111.4 - - [16/Jun/2021:11:39:39 +0800] "POST /xingrg/all/common/load_combo.html?type=employee HTTP/1.1" 200 353
180.169.147.146 - - [16/Jun/2021:11:39:39 +0800] "GET /xingrg/all/function/internal_message.html?_=1623814775549&CODE_STATE=getMsg HTTP/1.1" 200 27
117.184.7.26 - - [16/Jun/2021:11:39:40 +0800] "GET /xingrg/kc/buy/cgsh_order_operate.html?command=get_materiel&rest_code=00108&code=00101008354&supplier_code=00100008&order_time=2021-06-16 HTTP/1.1" 200 412
180.161.111.4 - - [16/Jun/2021:11:39:43 +0800] "POST /xingrg/kc/mdqp/pssh_order_operate.html HTTP/1.1" 200 37
180.169.147.146 - - [16/Jun/2021:11:39:43 +0800] "GET /xingrg/check_reg.html?_=1623814779821 HTTP/1.1" 200 22
117.184.7.26 - - [16/Jun/2021:11:39:44 +0800] "GET /xingrg/all/function/internal_message.html?_=1623814775783&CODE_STATE=getMsg HTTP/1.1" 200 27
180.161.111.4 - - [16/Jun/2021:11:39:44 +0800] "POST /xingrg/kc/mdqp/pssh_order_operate.html HTTP/1.1" 200 12
180.161.111.4 - - [16/Jun/2021:11:39:45 +0800] "GET /xingrg/kc/mdqp/pssh_order_info.html?code=312021061500357 HTTP/1.1" 200 14378
180.161.111.4 - - [16/Jun/2021:11:39:45 +0800] "GET /xingrg/javascript/jquery_tools/jquery-1.4.2.min.js HTTP/1.1" 404 1094
114.86.187.76 - - [16/Jun/2021:11:39:45 +0800] "POST /xingrg/kc/buy/cgsh_list_operate.html HTTP/1.1" 200 5052
101.85.94.178 - - [16/Jun/2021:11:39:46 +0800] "POST /xingrg/kc/buy/cgsh_order_operate.html HTTP/1.1" 200 37
180.161.111.4 - - [16/Jun/2021:11:39:46 +0800] "GET /xingrg/javascript/easyui/themes/icons/uncheck_new.png HTTP/1.1" 200 3197
180.161.111.4 - - [16/Jun/2021:11:39:46 +0800] "POST /xingrg/kc/mdqp/pssh_order_operate.html HTTP/1.1" 200 1045
180.161.111.4 - - [16/Jun/2021:11:39:46 +0800] "GET /xingrg/javascript/easyui/themes/default/validatebox.css HTTP/1.1" 404 1104
117.184.7.26 - - [16/Jun/2021:11:39:46 +0800] "GET /xingrg/kc/buy/cgsh_order_operate.html?command=get_materiel&rest_code=00108&code=00101008312&supplier_code=00100008&order_time=2021-06-16 HTTP/1.1" 200 412
101.85.94.178 - - [16/Jun/2021:11:39:47 +0800] "POST /xingrg/kc/buy/cgsh_order_operate.html HTTP/1.1" 200 4451
114.86.187.76 - - [16/Jun/2021:11:39:48 +0800] "POST /xingrg/kc/buy/cgsh_list_operate.html HTTP/1.1" 200 5052
116.230.117.165 - - [16/Jun/2021:11:39:51 +0800] "GET /xingrg/all/function/internal_message.html?_=1623814798257&CODE_STATE=getMsg HTTP/1.1" 200 27
114.86.187.76 - - [16/Jun/2021:11:39:51 +0800] "POST /xingrg/kc/buy/cgsh_list_operate.html HTTP/1.1" 200 202
114.86.187.76 - - [16/Jun/2021:11:39:52 +0800] "GET /xingrg/kc/buy/cgsh_order_info.html?code=212021061607331 HTTP/1.1" 200 62475
114.86.187.76 - - [16/Jun/2021:11:39:52 +0800] "GET /xingrg/javascript/easyui/themes/default/validatebox.css HTTP/1.1" 404 1104
180.161.111.4 - - [16/Jun/2021:11:39:52 +0800] "GET /xingrg/kc/print/load_config.html?kc_code=pssh HTTP/1.1" 200 2290
180.161.111.4 - - [16/Jun/2021:11:39:52 +0800] "GET /xingrg/kc/print/load_data.html?order_code=312021061500357&kc_code=pssh&condition= HTTP/1.1" 200 815
114.86.187.76 - - [16/Jun/2021:11:39:52 +0800] "POST /xingrg/kc/buy/cgsh_order_operate.html HTTP/1.1" 200 2659
117.184.7.26 - - [16/Jun/2021:11:39:54 +0800] "GET /xingrg/kc/buy/cgsh_order_operate.html?command=get_materiel&rest_code=00108&code=00101008010&supplier_code=00100008&order_time=2021-06-16 HTTP/1.1" 200 412
114.86.187.76 - - [16/Jun/2021:11:39:55 +0800] "GET /xingrg/kc/print/load_data.html?order_code=212021061607331&kc_code=cgsh&condition= HTTP/1.1" 200 673
117.185.32.26 - - [16/Jun/2021:11:39:55 +0800] "GET /xingrg/kc/buy/cgsh_order_operate.html?command=get_materiel&rest_code=00106&code=00101008027&supplier_code=00100007&order_time=2021-06-16 HTTP/1.1" 200 409
180.169.147.146 - - [16/Jun/2021:11:39:55 +0800] "GET /xingrg/all/function/internal_message.html?_=1623814792607&CODE_STATE=getMsg HTTP/1.1" 200 27
180.169.147.146 - - [16/Jun/2021:11:39:57 +0800] "GET /xingrg/kc/buy/cgsh_order_operate.html?command=get_materiel&rest_code=00147&code=00101008176&supplier_code=00100007&order_time=2021-06-16 HTTP/1.1" 200 413
116.230.110.80 - - [16/Jun/2021:11:39:57 +0800] "GET /xingrg/all/function/internal_message.html?_=1623814763221&CODE_STATE=getMsg HTTP/1.1" 200 27
101.85.94.178 - - [16/Jun/2021:11:39:58 +0800] "GET /xingrg/all/function/internal_message.html?_=1623814247928&CODE_STATE=getMsg HTTP/1.1" 200 27
114.86.187.76 - - [16/Jun/2021:11:39:58 +0800] "GET /xingrg/check_reg.html?_=1623814801227 HTTP/1.1" 200 22
117.185.32.26 - - [16/Jun/2021:11:39:59 +0800] "GET /xingrg/all/function/internal_message.html?_=1623815324547&CODE_STATE=getMsg HTTP/1.1" 200 27
114.86.187.76 - - [16/Jun/2021:11:40:02 +0800] "POST /xingrg/kc/buy/cgsh_list_operate.html HTTP/1.1" 200 357
114.86.187.76 - - [16/Jun/2021:11:40:02 +0800] "GET /xingrg/kc/buy/cgsh_order_info.html?code=212021061607336 HTTP/1.1" 200 62477
114.86.187.76 - - [16/Jun/2021:11:40:02 +0800] "GET /xingrg/javascript/easyui/themes/default/validatebox.css HTTP/1.1" 404 1104
114.86.187.76 - - [16/Jun/2021:11:40:03 +0800] "POST /xingrg/kc/buy/cgsh_order_operate.html HTTP/1.1" 200 3861
180.169.147.146 - - [16/Jun/2021:11:40:03 +0800] "GET /xingrg/all/function/internal_message.html?_=1623814803898&CODE_STATE=getMsg HTTP/1.1" 200 27
114.86.187.76 - - [16/Jun/2021:11:40:04 +0800] "GET /xingrg/kc/print/load_data.html?order_code=212021061607336&kc_code=cgsh&condition= HTTP/1.1" 200 1144
117.184.7.26 - - [16/Jun/2021:11:40:06 +0800] "GET /xingrg/kc/buy/cgsh_order_operate.html?command=get_materiel&rest_code=00108&code=00101008038&supplier_code=00100008&order_time=2021-06-16 HTTP/1.1" 200 412
180.169.147.146 - - [16/Jun/2021:11:40:07 +0800] "GET /xingrg/kc/buy/cgsh_order_operate.html?command=get_materiel&rest_code=00147&code=00101008132&supplier_code=00100007&order_time=2021-06-16 HTTP/1.1" 200 408
114.86.187.76 - - [16/Jun/2021:11:40:09 +0800] "GET /xingrg/all/function/internal_message.html?_=1623814811541&CODE_STATE=getMsg HTTP/1.1" 200 27
114.86.187.76 - - [16/Jun/2021:11:40:10 +0800] "GET /xingrg/kc/buy/cgsh_order_list.html HTTP/1.1" 200 46734
222.69.128.91 - - [16/Jun/2021:11:40:13 +0800] "GET /xingrg/all/function/internal_message.html?_=1623814807778&CODE_STATE=getMsg HTTP/1.1" 200 27
61.165.42.208 - - [16/Jun/2021:11:40:13 +0800] "GET /xingrg/all/function/internal_message.html?_=1623814809431&CODE_STATE=getMsg HTTP/1.1" 200 27
180.169.147.146 - - [16/Jun/2021:11:40:13 +0800] "GET /xingrg/all/function/internal_message.html?_=1623814810483&CODE_STATE=getMsg HTTP/1.1" 200 27
180.169.147.146 - - [16/Jun/2021:11:40:13 +0800] "GET /xingrg/check_reg.html?_=1623814810487 HTTP/1.1" 200 22
117.184.7.26 - - [16/Jun/2021:11:40:13 +0800] "GET /xingrg/kc/buy/cgsh_order_operate.html?command=get_materiel&rest_code=00108&code=00101008355&supplier_code=00100008&order_time=2021-06-16 HTTP/1.1" 200 408
180.169.147.146 - - [16/Jun/2021:11:40:15 +0800] "GET /xingrg/kc/buy/cgsh_order_operate.html?command=get_materiel&rest_code=00147&code=00101008028&supplier_code=00100007&order_time=2021-06-16 HTTP/1.1" 200 412
180.161.111.4 - - [16/Jun/2021:11:40:16 +0800] "GET /xingrg/kc/mdqp/pssh_order_list.html?isBack=1 HTTP/1.1" 200 17658
180.161.111.4 - - [16/Jun/2021:11:40:18 +0800] "POST /xingrg/kc/mdqp/pssh_list_operate.html HTTP/1.1" 200 5318
117.184.7.26 - - [16/Jun/2021:11:40:20 +0800] "GET /xingrg/kc/buy/cgsh_order_operate.html?command=get_materiel&rest_code=00108&code=00101008004&supplier_code=00100008&order_time=2021-06-16 HTTP/1.1" 200 416
114.86.187.76 - - [16/Jun/2021:11:40:22 +0800] "POST /xingrg/kc/buy/cgsh_list_operate.html HTTP/1.1" 200 5052
180.161.111.4 - - [16/Jun/2021:11:40:24 +0800] "POST /xingrg/kc/mdqp/pssh_list_operate.html HTTP/1.1" 200 257
180.161.111.4 - - [16/Jun/2021:11:40:24 +0800] "GET /xingrg/kc/mdqp/pssh_order_info.html?code=312021061400354 HTTP/1.1" 200 17293
180.161.111.4 - - [16/Jun/2021:11:40:24 +0800] "GET /xingrg/javascript/jquery_tools/jquery-1.4.2.min.js HTTP/1.1" 404 1094
180.161.111.4 - - [16/Jun/2021:11:40:24 +0800] "POST /xingrg/kc/mdqp/pssh_order_operate.html HTTP/1.1" 200 546
180.161.111.4 - - [16/Jun/2021:11:40:24 +0800] "GET /xingrg/all/function/internal_message.html?_=1623814821907&CODE_STATE=getMsg HTTP/1.1" 200 27
180.161.111.4 - - [16/Jun/2021:11:40:25 +0800] "GET /xingrg/javascript/easyui/themes/default/validatebox.css HTTP/1.1" 404 1104
114.86.187.76 - - [16/Jun/2021:11:40:25 +0800] "POST /xingrg/kc/buy/cgsh_list_operate.html HTTP/1.1" 200 5052
114.86.187.76 - - [16/Jun/2021:11:40:27 +0800] "POST /xingrg/kc/buy/cgsh_list_operate.html HTTP/1.1" 200 202
114.86.187.76 - - [16/Jun/2021:11:40:27 +0800] "GET /xingrg/kc/buy/cgsh_order_info.html?code=212021061607338 HTTP/1.1" 200 62475
180.161.111.4 - - [16/Jun/2021:11:40:27 +0800] "POST /xingrg/all/common/load_combo.html?type=employee HTTP/1.1" 200 353
114.86.187.76 - - [16/Jun/2021:11:40:28 +0800] "GET /xingrg/javascript/easyui/themes/default/validatebox.css HTTP/1.1" 404 1104
117.185.32.26 - - [16/Jun/2021:11:40:28 +0800] "GET /xingrg/kc/buy/cgsh_order_operate.html?command=get_materiel&rest_code=00106&code=00101008349&supplier_code=00100007&order_time=2021-06-16 HTTP/1.1" 200 412
116.235.222.38 - - [16/Jun/2021:11:40:28 +0800] "GET /xingrg/all/function/internal_message.html?_=1623814821447&CODE_STATE=getMsg HTTP/1.1" 200 27
114.86.187.76 - - [16/Jun/2021:11:40:28 +0800] "POST /xingrg/kc/buy/cgsh_order_operate.html HTTP/1.1" 200 2663
116.235.222.38 - - [16/Jun/2021:11:40:29 +0800] "GET /xingrg/check_reg.html?_=1623814822729 HTTP/1.1" 200 22
58.37.225.51 - - [16/Jun/2021:11:40:30 +0800] "GET /xingrg/all/function/internal_message.html?_=1623814763056&CODE_STATE=getMsg HTTP/1.1" 200 27
114.86.187.76 - - [16/Jun/2021:11:40:31 +0800] "GET /xingrg/kc/print/load_data.html?order_code=212021061607338&kc_code=cgsh&condition= HTTP/1.1" 200 722
61.165.42.208 - - [16/Jun/2021:11:40:31 +0800] "GET /xingrg/all/function/internal_message.html?_=1623814829376&CODE_STATE=getMsg HTTP/1.1" 200 27
180.161.111.4 - - [16/Jun/2021:11:40:32 +0800] "POST /xingrg/kc/mdqp/pssh_order_operate.html HTTP/1.1" 200 37
180.161.111.4 - - [16/Jun/2021:11:40:33 +0800] "POST /xingrg/kc/mdqp/pssh_order_operate.html HTTP/1.1" 200 12
117.184.7.26 - - [16/Jun/2021:11:40:34 +0800] "GET /xingrg/kc/buy/cgsh_order_operate.html?command=get_materiel&rest_code=00108&code=00101008264&supplier_code=00100008&order_time=2021-06-16 HTTP/1.1" 200 412
116.224.253.72 - - [16/Jun/2021:11:40:34 +0800] "GET /xingrg/all/function/internal_message.html?_=1623814830652&CODE_STATE=getMsg HTTP/1.1" 200 27
180.161.111.4 - - [16/Jun/2021:11:40:35 +0800] "GET /xingrg/kc/mdqp/pssh_order_info.html?code=312021061400354 HTTP/1.1" 200 14380
180.161.111.4 - - [16/Jun/2021:11:40:35 +0800] "GET /xingrg/javascript/jquery_tools/jquery-1.4.2.min.js HTTP/1.1" 404 1094
180.161.111.4 - - [16/Jun/2021:11:40:36 +0800] "POST /xingrg/kc/mdqp/pssh_order_operate.html HTTP/1.1" 200 546
180.161.111.4 - - [16/Jun/2021:11:40:36 +0800] "GET /xingrg/javascript/easyui/themes/default/validatebox.css HTTP/1.1" 404 1104
114.86.225.49 - - [16/Jun/2021:11:40:37 +0800] "GET /xingrg/all/function/internal_message.html?_=1623814835050&CODE_STATE=getMsg HTTP/1.1" 200 27
114.86.225.49 - - [16/Jun/2021:11:40:37 +0800] "GET /xingrg/check_reg.html?_=1623814835051 HTTP/1.1" 200 22
180.169.147.146 - - [16/Jun/2021:11:40:39 +0800] "GET /xingrg/all/function/internal_message.html?_=1623814835542&CODE_STATE=getMsg HTTP/1.1" 200 27
117.184.7.26 - - [16/Jun/2021:11:40:43 +0800] "GET /xingrg/kc/buy/cgsh_order_operate.html?command=get_materiel&rest_code=00108&code=00101008357&supplier_code=00100008&order_time=2021-06-16 HTTP/1.1" 200 408
117.184.7.26 - - [16/Jun/2021:11:40:44 +0800] "GET /xingrg/all/function/internal_message.html?_=1623814835795&CODE_STATE=getMsg HTTP/1.1" 200 27
101.85.94.178 - - [16/Jun/2021:11:40:44 +0800] "POST /xingrg/kc/buy/cgsh_order_operate.html HTTP/1.1" 200 37
101.85.94.178 - - [16/Jun/2021:11:40:46 +0800] "POST /xingrg/kc/buy/cgsh_order_operate.html HTTP/1.1" 200 4451
180.169.147.146 - - [16/Jun/2021:11:40:50 +0800] "GET /xingrg/kc/buy/cgsh_order_operate.html?command=get_materiel&rest_code=00147&code=00101008190&supplier_code=00100007&order_time=2021-06-16 HTTP/1.1" 200 412
116.230.117.165 - - [16/Jun/2021:11:40:51 +0800] "GET /xingrg/all/function/internal_message.html?_=1623814858423&CODE_STATE=getMsg HTTP/1.1" 200 27
114.86.187.76 - - [16/Jun/2021:11:40:52 +0800] "POST /xingrg/kc/buy/cgsh_list_operate.html HTTP/1.1" 200 4343
180.169.147.146 - - [16/Jun/2021:11:40:55 +0800] "GET /xingrg/check_reg.html?_=1623814852603 HTTP/1.1" 200 22
180.169.147.146 - - [16/Jun/2021:11:40:55 +0800] "GET /xingrg/all/function/internal_message.html?_=1623814852605&CODE_STATE=getMsg HTTP/1.1" 200 27
114.86.187.76 - - [16/Jun/2021:11:40:56 +0800] "POST /xingrg/kc/buy/cgsh_list_operate.html HTTP/1.1" 200 278
114.86.187.76 - - [16/Jun/2021:11:40:56 +0800] "GET /xingrg/kc/buy/cgsh_order_info.html?code=212021061607344 HTTP/1.1" 200 62479
114.86.187.76 - - [16/Jun/2021:11:40:57 +0800] "GET /xingrg/javascript/easyui/themes/default/validatebox.css HTTP/1.1" 404 1104
116.230.110.80 - - [16/Jun/2021:11:40:57 +0800] "GET /xingrg/all/function/internal_message.html?_=1623814823218&CODE_STATE=getMsg HTTP/1.1" 200 27
114.86.187.76 - - [16/Jun/2021:11:40:57 +0800] "POST /xingrg/kc/buy/cgsh_order_operate.html HTTP/1.1" 200 3252
101.85.94.178 - - [16/Jun/2021:11:40:58 +0800] "GET /xingrg/all/function/internal_message.html?_=1623814307914&CODE_STATE=getMsg HTTP/1.1" 200 27
114.86.187.76 - - [16/Jun/2021:11:40:58 +0800] "GET /xingrg/kc/print/load_data.html?order_code=212021061607344&kc_code=cgsh&condition= HTTP/1.1" 200 904
117.185.32.26 - - [16/Jun/2021:11:40:59 +0800] "GET /xingrg/all/function/internal_message.html?_=1623815384532&CODE_STATE=getMsg HTTP/1.1" 200 27
180.169.147.146 - - [16/Jun/2021:11:41:00 +0800] "GET /xingrg/kc/buy/cgsh_order_operate.html?command=get_materiel&rest_code=00147&code=00101008264&supplier_code=00100007&order_time=2021-06-16 HTTP/1.1" 200 412
180.169.147.146 - - [16/Jun/2021:11:41:03 +0800] "GET /xingrg/all/function/internal_message.html?_=1623814863901&CODE_STATE=getMsg HTTP/1.1" 200 27
114.86.187.76 - - [16/Jun/2021:11:41:09 +0800] "GET /xingrg/all/function/internal_message.html?_=1623814871523&CODE_STATE=getMsg HTTP/1.1" 200 27
180.169.147.146 - - [16/Jun/2021:11:41:09 +0800] "GET /xingrg/kc/buy/cgsh_order_operate.html?command=get_materiel&rest_code=00147&code=00101008356&supplier_code=00100007&order_time=2021-06-16 HTTP/1.1" 200 408
120.253.135.82 - - [16/Jun/2021:11:41:10 +0800] "GET /xingrg/check_reg.html?_=1623814649903 HTTP/1.1" 200 22
222.69.128.91 - - [16/Jun/2021:11:41:13 +0800] "GET /xingrg/all/function/internal_message.html?_=1623814867749&CODE_STATE=getMsg HTTP/1.1" 200 27
61.165.42.208 - - [16/Jun/2021:11:41:13 +0800] "GET /xingrg/all/function/internal_message.html?_=1623814869431&CODE_STATE=getMsg HTTP/1.1" 200 27
180.169.147.146 - - [16/Jun/2021:11:41:13 +0800] "GET /xingrg/all/function/internal_message.html?_=1623814870474&CODE_STATE=getMsg HTTP/1.1" 200 27
58.37.225.51 - - [16/Jun/2021:11:41:15 +0800] "GET /xingrg/check_reg.html?_=1623814808260 HTTP/1.1" 200 22
101.85.94.178 - - [16/Jun/2021:11:41:16 +0800] "GET /xingrg/kc/buy/cgsh_order_operate.html?command=get_materiel&rest_code=00142&code=00101009010&supplier_code=00100207&order_time=2021-06-16 HTTP/1.1" 200 414
180.169.147.146 - - [16/Jun/2021:11:41:16 +0800] "GET /xingrg/kc/buy/cgsh_order_operate.html?command=get_materiel&rest_code=00147&code=00101008036&supplier_code=00100007&order_time=2021-06-16 HTTP/1.1" 200 408
114.86.187.76 - - [16/Jun/2021:11:41:16 +0800] "POST /xingrg/kc/buy/cgsh_list_operate.html HTTP/1.1" 200 4343
117.185.32.26 - - [16/Jun/2021:11:41:16 +0800] "GET /xingrg/kc/buy/cgsh_order_operate.html?command=get_materiel&rest_code=00106&code=00101008244&supplier_code=00100007&order_time=2021-06-16 HTTP/1.1" 200 408
114.86.187.76 - - [16/Jun/2021:11:41:19 +0800] "POST /xingrg/kc/buy/cgsh_list_operate.html HTTP/1.1" 200 360
180.161.111.4 - - [16/Jun/2021:11:41:19 +0800] "GET /xingrg/check_reg.html?_=1623814875994 HTTP/1.1" 200 22
117.185.32.26 - - [16/Jun/2021:11:41:19 +0800] "POST /xingrg/kc/buy/cgsh_order_operate.html HTTP/1.1" 200 2065
114.86.187.76 - - [16/Jun/2021:11:41:19 +0800] "GET /xingrg/kc/buy/cgsh_order_info.html?code=212021061607355 HTTP/1.1" 200 62478
114.86.187.76 - - [16/Jun/2021:11:41:19 +0800] "GET /xingrg/javascript/easyui/themes/default/validatebox.css HTTP/1.1" 404 1104
114.86.187.76 - - [16/Jun/2021:11:41:20 +0800] "POST /xingrg/kc/buy/cgsh_order_operate.html HTTP/1.1" 200 3853
114.86.187.76 - - [16/Jun/2021:11:41:21 +0800] "GET /xingrg/kc/print/load_data.html?order_code=212021061607355&kc_code=cgsh&condition= HTTP/1.1" 200 1144
180.169.147.146 - - [16/Jun/2021:11:41:24 +0800] "GET /xingrg/kc/buy/cgsh_order_operate.html?command=get_materiel&rest_code=00147&code=00101008286&supplier_code=00100007&order_time=2021-06-16 HTTP/1.1" 200 408
180.161.111.4 - - [16/Jun/2021:11:41:24 +0800] "GET /xingrg/all/function/internal_message.html?_=1623814881922&CODE_STATE=getMsg HTTP/1.1" 200 27
116.235.222.38 - - [16/Jun/2021:11:41:28 +0800] "GET /xingrg/all/function/internal_message.html?_=1623814881423&CODE_STATE=getMsg HTTP/1.1" 200 27
58.37.225.51 - - [16/Jun/2021:11:41:30 +0800] "GET /xingrg/all/function/internal_message.html?_=1623814823053&CODE_STATE=getMsg HTTP/1.1" 200 27
117.185.32.26 - - [16/Jun/2021:11:41:30 +0800] "GET /xingrg/kc/buy/cgsh_order_operate.html?command=get_materiel&rest_code=00106&code=00101008354&supplier_code=00100007&order_time=2021-06-16 HTTP/1.1" 200 412
61.165.42.208 - - [16/Jun/2021:11:41:31 +0800] "GET /xingrg/all/function/internal_message.html?_=1623814889371&CODE_STATE=getMsg HTTP/1.1" 200 27
180.169.147.146 - - [16/Jun/2021:11:41:32 +0800] "GET /xingrg/kc/report/report_main.html HTTP/1.1" 200 9370
101.85.94.178 - - [16/Jun/2021:11:41:33 +0800] "GET /xingrg/kc/buy/cgsh_order_operate.html?command=get_materiel&rest_code=00142&code=00101009124&supplier_code=00100207&order_time=2021-06-16 HTTP/1.1" 200 402
117.184.7.26 - - [16/Jun/2021:11:41:34 +0800] "GET /xingrg/kc/buy/cgsh_order_operate.html?command=get_materiel&rest_code=00108&code=00101008286&supplier_code=00100008&order_time=2021-06-16 HTTP/1.1" 200 408
116.224.253.72 - - [16/Jun/2021:11:41:34 +0800] "GET /xingrg/all/function/internal_message.html?_=1623814890682&CODE_STATE=getMsg HTTP/1.1" 200 27
180.169.147.146 - - [16/Jun/2021:11:41:34 +0800] "GET /xingrg/all/report/report_query.html?fileName=kc/buy/gys_amount.xml&rh=99999 HTTP/1.1" 200 52006
180.169.147.146 - - [16/Jun/2021:11:41:35 +0800] "GET /xingrg/dwr/interface/AjaxReportQueryService.js HTTP/1.1" 200 13203
180.169.147.146 - - [16/Jun/2021:11:41:35 +0800] "GET /xingrg/dwr/engine.js HTTP/1.1" 200 43631
180.169.147.146 - - [16/Jun/2021:11:41:35 +0800] "POST /xingrg/dwr/call/plaincall/AjaxReportQueryService.getFixDate.dwr HTTP/1.1" 200 111
180.169.147.146 - - [16/Jun/2021:11:41:35 +0800] "POST /xingrg/all/common/load_tree.html?tree=supplier_tree_json&manage=1 HTTP/1.1" 200 56999
180.169.147.146 - - [16/Jun/2021:11:41:35 +0800] "POST /xingrg/all/common/load_tree.html?tree=materiel_sort_tree_json HTTP/1.1" 200 8666
180.169.147.146 - - [16/Jun/2021:11:41:36 +0800] "POST /xingrg/dwr/call/plaincall/AjaxReportQueryService.getInitString.dwr HTTP/1.1" 200 417
114.86.225.49 - - [16/Jun/2021:11:41:37 +0800] "GET /xingrg/all/function/internal_message.html?_=1623814895049&CODE_STATE=getMsg HTTP/1.1" 200 27
180.169.147.146 - - [16/Jun/2021:11:41:37 +0800] "GET /xingrg/all/report/report_query.html?fileName=kc/buy/gys_amount_base_rest.xml HTTP/1.1" 200 51664
180.169.147.146 - - [16/Jun/2021:11:41:37 +0800] "GET /xingrg/dwr/interface/AjaxReportQueryService.js HTTP/1.1" 200 13203
180.169.147.146 - - [16/Jun/2021:11:41:37 +0800] "GET /xingrg/dwr/engine.js HTTP/1.1" 200 43631
180.169.147.146 - - [16/Jun/2021:11:41:38 +0800] "POST /xingrg/dwr/call/plaincall/AjaxReportQueryService.getFixDate.dwr HTTP/1.1" 200 111
180.169.147.146 - - [16/Jun/2021:11:41:38 +0800] "POST /xingrg/all/common/load_tree.html?tree=area_rest_tree_json&manage=1 HTTP/1.1" 200 3466
180.169.147.146 - - [16/Jun/2021:11:41:38 +0800] "POST /xingrg/all/common/load_tree.html?tree=supplier_tree_json&manage=1 HTTP/1.1" 200 56999
114.86.187.76 - - [16/Jun/2021:11:41:39 +0800] "POST /xingrg/kc/buy/cgsh_list_operate.html HTTP/1.1" 200 4343
180.169.147.146 - - [16/Jun/2021:11:41:40 +0800] "GET /xingrg/all/function/internal_message.html?_=1623814895549&CODE_STATE=getMsg HTTP/1.1" 200 27
114.86.187.76 - - [16/Jun/2021:11:41:41 +0800] "POST /xingrg/kc/buy/cgsh_list_operate.html HTTP/1.1" 200 202
114.86.187.76 - - [16/Jun/2021:11:41:41 +0800] "GET /xingrg/kc/buy/cgsh_order_info.html?code=212021061607363 HTTP/1.1" 200 62475
114.86.187.76 - - [16/Jun/2021:11:41:41 +0800] "GET /xingrg/javascript/easyui/themes/default/validatebox.css HTTP/1.1" 404 1104
180.169.147.146 - - [16/Jun/2021:11:41:42 +0800] "POST /xingrg/dwr/call/plaincall/AjaxReportQueryService.getFixDate.dwr HTTP/1.1" 200 111
114.86.187.76 - - [16/Jun/2021:11:41:42 +0800] "POST /xingrg/kc/buy/cgsh_order_operate.html HTTP/1.1" 200 2661
114.86.187.76 - - [16/Jun/2021:11:41:43 +0800] "GET /xingrg/kc/print/load_data.html?order_code=212021061607363&kc_code=cgsh&condition= HTTP/1.1" 200 745
117.184.7.26 - - [16/Jun/2021:11:41:44 +0800] "GET /xingrg/kc/buy/cgsh_order_operate.html?command=get_materiel&rest_code=00108&code=00101008131&supplier_code=00100008&order_time=2021-06-16 HTTP/1.1" 200 408
117.184.7.26 - - [16/Jun/2021:11:41:44 +0800] "GET /xingrg/all/function/internal_message.html?_=1623814895786&CODE_STATE=getMsg HTTP/1.1" 200 27
117.184.7.26 - - [16/Jun/2021:11:41:44 +0800] "GET /xingrg/check_reg.html?_=1623814895788 HTTP/1.1" 200 22
180.169.147.146 - - [16/Jun/2021:11:41:50 +0800] "POST /xingrg/dwr/call/plaincall/AjaxReportQueryService.refreshCache.dwr HTTP/1.1" 200 78
116.230.117.165 - - [16/Jun/2021:11:41:51 +0800] "GET /xingrg/all/function/internal_message.html?_=1623814918426&CODE_STATE=getMsg HTTP/1.1" 200 27
180.169.147.146 - - [16/Jun/2021:11:41:53 +0800] "POST /xingrg/all/report/load_report_page.html HTTP/1.1" 200 308406
180.169.147.146 - - [16/Jun/2021:11:41:53 +0800] "GET /xingrg/images/blue/button/back2.gif HTTP/1.1" 200 1339
180.169.147.146 - - [16/Jun/2021:11:41:53 +0800] "GET /xingrg/images/blue/button/back.gif HTTP/1.1" 200 1352
180.169.147.146 - - [16/Jun/2021:11:41:53 +0800] "GET /xingrg/servlets/image?cache=0.25923791712739386&image=px HTTP/1.1" 200 807
117.184.7.26 - - [16/Jun/2021:11:41:55 +0800] "GET /xingrg/kc/buy/cgsh_order_operate.html?command=get_materiel&rest_code=00108&code=00101008318&supplier_code=00100008&order_time=2021-06-16 HTTP/1.1" 200 408
180.169.147.146 - - [16/Jun/2021:11:41:55 +0800] "GET /xingrg/all/function/internal_message.html?_=1623814912593&CODE_STATE=getMsg HTTP/1.1" 200 27
116.230.110.80 - - [16/Jun/2021:11:41:57 +0800] "GET /xingrg/all/function/internal_message.html?_=1623814883209&CODE_STATE=getMsg HTTP/1.1" 200 27
116.230.110.80 - - [16/Jun/2021:11:41:57 +0800] "GET /xingrg/check_reg.html?_=1623814883210 HTTP/1.1" 200 22
101.85.94.178 - - [16/Jun/2021:11:41:58 +0800] "GET /xingrg/check_reg.html?_=1623814367911 HTTP/1.1" 200 22
101.85.94.178 - - [16/Jun/2021:11:41:58 +0800] "GET /xingrg/all/function/internal_message.html?_=1623814367914&CODE_STATE=getMsg HTTP/1.1" 200 27
117.185.32.26 - - [16/Jun/2021:11:41:58 +0800] "GET /xingrg/all/function/internal_message.html?_=1623815444515&CODE_STATE=getMsg HTTP/1.1" 200 27
180.169.147.146 - - [16/Jun/2021:11:41:59 +0800] "POST /xingrg/all/report/report_print.html HTTP/1.1" 200 45621
114.86.187.76 - - [16/Jun/2021:11:42:01 +0800] "POST /xingrg/kc/buy/cgsh_list_operate.html HTTP/1.1" 200 4343
114.86.187.76 - - [16/Jun/2021:11:42:02 +0800] "POST /xingrg/kc/buy/cgsh_list_operate.html HTTP/1.1" 200 270
114.86.187.76 - - [16/Jun/2021:11:42:03 +0800] "GET /xingrg/kc/buy/cgsh_order_info.html?code=212021061607380 HTTP/1.1" 200 62475
114.86.187.76 - - [16/Jun/2021:11:42:03 +0800] "GET /xingrg/javascript/easyui/themes/default/validatebox.css HTTP/1.1" 404 1104
180.169.147.146 - - [16/Jun/2021:11:42:03 +0800] "GET /xingrg/all/function/internal_message.html?_=1623814923904&CODE_STATE=getMsg HTTP/1.1" 200 27
114.86.187.76 - - [16/Jun/2021:11:42:04 +0800] "POST /xingrg/kc/buy/cgsh_order_operate.html HTTP/1.1" 200 3239
114.86.187.76 - - [16/Jun/2021:11:42:04 +0800] "GET /xingrg/kc/print/load_data.html?order_code=212021061607380&kc_code=cgsh&condition= HTTP/1.1" 200 935
117.184.7.26 - - [16/Jun/2021:11:42:05 +0800] "GET /xingrg/kc/buy/cgsh_order_operate.html?command=get_materiel&rest_code=00108&code=00101008353&supplier_code=00100008&order_time=2021-06-16 HTTP/1.1" 200 408
114.86.187.76 - - [16/Jun/2021:11:42:09 +0800] "GET /xingrg/all/function/internal_message.html?_=1623814931505&CODE_STATE=getMsg HTTP/1.1" 200 27
117.185.32.26 - - [16/Jun/2021:11:42:10 +0800] "GET /xingrg/kc/buy/cgsh_order_operate.html?command=get_materiel&rest_code=00106&code=00101008182&supplier_code=00100007&order_time=2021-06-16 HTTP/1.1" 200 412
222.69.128.91 - - [16/Jun/2021:11:42:13 +0800] "GET /xingrg/all/function/internal_message.html?_=1623814927732&CODE_STATE=getMsg HTTP/1.1" 200 27
61.165.42.208 - - [16/Jun/2021:11:42:13 +0800] "GET /xingrg/all/function/internal_message.html?_=1623814929431&CODE_STATE=getMsg HTTP/1.1" 200 27
180.169.147.146 - - [16/Jun/2021:11:42:13 +0800] "GET /xingrg/all/function/internal_message.html?_=1623814930481&CODE_STATE=getMsg HTTP/1.1" 200 27
222.69.128.91 - - [16/Jun/2021:11:42:13 +0800] "GET /xingrg/check_reg.html?_=1623814928406 HTTP/1.1" 200 22
114.86.187.76 - - [16/Jun/2021:11:42:24 +0800] "POST /xingrg/kc/buy/cgsh_list_operate.html HTTP/1.1" 200 4343
180.161.111.4 - - [16/Jun/2021:11:42:24 +0800] "GET /xingrg/all/function/internal_message.html?_=1623814941935&CODE_STATE=getMsg HTTP/1.1" 200 27
116.230.117.165 - - [16/Jun/2021:11:42:25 +0800] "GET /xingrg/check_reg.html?_=1623814941914 HTTP/1.1" 302 -
114.86.187.76 - - [16/Jun/2021:11:42:25 +0800] "POST /xingrg/kc/buy/cgsh_list_operate.html HTTP/1.1" 200 275
114.86.187.76 - - [16/Jun/2021:11:42:25 +0800] "GET /xingrg/kc/buy/cgsh_order_info.html?code=212021061607383 HTTP/1.1" 200 62473
114.86.187.76 - - [16/Jun/2021:11:42:26 +0800] "GET /xingrg/javascript/easyui/themes/default/validatebox.css HTTP/1.1" 404 1104
114.86.187.76 - - [16/Jun/2021:11:42:26 +0800] "POST /xingrg/kc/buy/cgsh_order_operate.html HTTP/1.1" 200 3246
114.86.187.76 - - [16/Jun/2021:11:42:27 +0800] "GET /xingrg/kc/print/load_data.html?order_code=212021061607383&kc_code=cgsh&condition= HTTP/1.1" 200 930
116.235.222.38 - - [16/Jun/2021:11:42:28 +0800] "GET /xingrg/all/function/internal_message.html?_=1623814941407&CODE_STATE=getMsg HTTP/1.1" 200 27
58.37.225.51 - - [16/Jun/2021:11:42:30 +0800] "GET /xingrg/all/function/internal_message.html?_=1623814883052&CODE_STATE=getMsg HTTP/1.1" 200 27
61.165.42.208 - - [16/Jun/2021:11:42:31 +0800] "GET /xingrg/all/function/internal_message.html?_=1623814949371&CODE_STATE=getMsg HTTP/1.1" 200 27
117.184.7.26 - - [16/Jun/2021:11:42:32 +0800] "POST /xingrg/kc/buy/cgsh_order_operate.html HTTP/1.1" 200 37
117.185.32.26 - - [16/Jun/2021:11:42:32 +0800] "GET /xingrg/kc/buy/cgsh_order_operate.html?command=get_materiel&rest_code=00106&code=00101020161&supplier_code=00100007&order_time=2021-06-16 HTTP/1.1" 200 419
116.224.253.72 - - [16/Jun/2021:11:42:34 +0800] "GET /xingrg/all/function/internal_message.html?_=1623814950683&CODE_STATE=getMsg HTTP/1.1" 200 27
101.85.94.178 - - [16/Jun/2021:11:42:36 +0800] "GET /xingrg/kc/buy/cgsh_order_operate.html?command=get_materiel&rest_code=00142&code=00101002048&supplier_code=00100207&order_time=2021-06-16 HTTP/1.1" 200 401
117.185.32.26 - - [16/Jun/2021:11:42:36 +0800] "POST /xingrg/all/common/load_select.html HTTP/1.1" 200 12
117.184.7.26 - - [16/Jun/2021:11:42:36 +0800] "POST /xingrg/kc/buy/cgsh_order_operate.html HTTP/1.1" 200 10328
114.86.225.49 - - [16/Jun/2021:11:42:37 +0800] "GET /xingrg/all/function/internal_message.html?_=1623814955055&CODE_STATE=getMsg HTTP/1.1" 200 27
180.169.147.146 - - [16/Jun/2021:11:42:40 +0800] "GET /xingrg/all/function/internal_message.html?_=1623814955555&CODE_STATE=getMsg HTTP/1.1" 200 27
180.169.147.146 - - [16/Jun/2021:11:42:40 +0800] "GET /xingrg/check_reg.html?_=1623814955568 HTTP/1.1" 200 22
117.185.32.26 - - [16/Jun/2021:11:42:42 +0800] "GET /xingrg/kc/buy/cgsh_order_operate.html?command=get_materiel_price&rest_code=00106&code=00101020161&unit_code=00100020&supplier_code=00100007&order_time=2021-06-16 HTTP/1.1" 200 30
117.184.7.26 - - [16/Jun/2021:11:42:44 +0800] "GET /xingrg/all/function/internal_message.html?_=1623814955844&CODE_STATE=getMsg HTTP/1.1" 200 27
114.86.187.76 - - [16/Jun/2021:11:42:47 +0800] "POST /xingrg/kc/buy/cgsh_list_operate.html HTTP/1.1" 200 4343
114.86.187.76 - - [16/Jun/2021:11:42:48 +0800] "POST /xingrg/kc/buy/cgsh_list_operate.html HTTP/1.1" 200 201
114.86.187.76 - - [16/Jun/2021:11:42:49 +0800] "GET /xingrg/kc/buy/cgsh_order_info.html?code=212021061607384 HTTP/1.1" 200 62477
114.86.187.76 - - [16/Jun/2021:11:42:49 +0800] "GET /xingrg/javascript/easyui/themes/default/validatebox.css HTTP/1.1" 404 1104
180.169.147.146 - - [16/Jun/2021:11:42:50 +0800] "POST /xingrg/kc/buy/cgsh_order_operate.html HTTP/1.1" 200 37
114.86.187.76 - - [16/Jun/2021:11:42:50 +0800] "POST /xingrg/kc/buy/cgsh_order_operate.html HTTP/1.1" 200 2660
114.86.187.76 - - [16/Jun/2021:11:42:51 +0800] "GET /xingrg/kc/print/load_data.html?order_code=212021061607384&kc_code=cgsh&condition= HTTP/1.1" 200 747
117.184.7.26 - - [16/Jun/2021:11:42:51 +0800] "GET /xingrg/kc/buy/cgsh_order_operate.html?command=get_materiel&rest_code=00108&code=00101008331&supplier_code=00100008&order_time=2021-06-16 HTTP/1.1" 200 416
180.169.147.146 - - [16/Jun/2021:11:42:51 +0800] "POST /xingrg/kc/buy/cgsh_order_operate.html HTTP/1.1" 200 6774
116.230.117.165 - - [16/Jun/2021:11:42:51 +0800] "GET /xingrg/all/function/internal_message.html?_=1623814978587&CODE_STATE=getMsg HTTP/1.1" 200 27
180.169.147.146 - - [16/Jun/2021:11:42:55 +0800] "GET /xingrg/all/function/internal_message.html?_=1623814972609&CODE_STATE=getMsg HTTP/1.1" 200 27
116.230.110.80 - - [16/Jun/2021:11:42:57 +0800] "GET /xingrg/all/function/internal_message.html?_=1623814943223&CODE_STATE=getMsg HTTP/1.1" 200 27
101.85.94.178 - - [16/Jun/2021:11:42:58 +0800] "GET /xingrg/all/function/internal_message.html?_=1623814427906&CODE_STATE=getMsg HTTP/1.1" 200 27
117.184.7.26 - - [16/Jun/2021:11:42:58 +0800] "GET /xingrg/kc/buy/cgsh_order_operate.html?command=get_materiel&rest_code=00108&code=00101008358&supplier_code=00100008&order_time=2021-06-16 HTTP/1.1" 200 412
117.185.32.26 - - [16/Jun/2021:11:42:58 +0800] "GET /xingrg/all/function/internal_message.html?_=1623815504490&CODE_STATE=getMsg HTTP/1.1" 200 27
180.169.147.146 - - [16/Jun/2021:11:43:00 +0800] "GET /xingrg/kc/buy/cgsh_order_operate.html?command=get_materiel&rest_code=00147&code=00101008131&supplier_code=00100007&order_time=2021-06-16 HTTP/1.1" 200 408
180.169.147.146 - - [16/Jun/2021:11:43:03 +0800] "GET /xingrg/check_reg.html?_=1623814983907 HTTP/1.1" 200 22
180.169.147.146 - - [16/Jun/2021:11:43:03 +0800] "GET /xingrg/all/function/internal_message.html?_=1623814983910&CODE_STATE=getMsg HTTP/1.1" 200 27
117.184.7.26 - - [16/Jun/2021:11:43:06 +0800] "GET /xingrg/kc/buy/cgsh_order_operate.html?command=get_materiel&rest_code=00108&code=00101008003&supplier_code=00100008&order_time=2021-06-16 HTTP/1.1" 200 408
117.185.32.26 - - [16/Jun/2021:11:43:06 +0800] "GET /xingrg/kc/buy/cgsh_order_operate.html?command=get_materiel&rest_code=00106&code=00101020017&supplier_code=00100007&order_time=2021-06-16 HTTP/1.1" 200 417
180.169.147.146 - - [16/Jun/2021:11:43:08 +0800] "GET /xingrg/kc/buy/cgsh_order_operate.html?command=get_materiel&rest_code=00147&code=00101008296&supplier_code=00100007&order_time=2021-06-16 HTTP/1.1" 200 416
117.185.32.26 - - [16/Jun/2021:11:43:08 +0800] "POST /xingrg/all/common/load_select.html HTTP/1.1" 200 12
114.86.187.76 - - [16/Jun/2021:11:43:09 +0800] "GET /xingrg/all/function/internal_message.html?_=1623814991487&CODE_STATE=getMsg HTTP/1.1" 200 27
114.86.187.76 - - [16/Jun/2021:11:43:11 +0800] "POST /xingrg/kc/buy/cgsh_list_operate.html HTTP/1.1" 200 4343
222.69.128.91 - - [16/Jun/2021:11:43:13 +0800] "GET /xingrg/all/function/internal_message.html?_=1623814987705&CODE_STATE=getMsg HTTP/1.1" 200 27
61.165.42.208 - - [16/Jun/2021:11:43:13 +0800] "GET /xingrg/check_reg.html?_=1623814989431 HTTP/1.1" 200 22
61.165.42.208 - - [16/Jun/2021:11:43:13 +0800] "GET /xingrg/all/function/internal_message.html?_=1623814989435&CODE_STATE=getMsg HTTP/1.1" 200 27
180.169.147.146 - - [16/Jun/2021:11:43:13 +0800] "GET /xingrg/all/function/internal_message.html?_=1623814990485&CODE_STATE=getMsg HTTP/1.1" 200 27
117.184.7.26 - - [16/Jun/2021:11:43:13 +0800] "GET /xingrg/kc/buy/cgsh_order_operate.html?command=get_materiel&rest_code=00108&code=00101007143&supplier_code=00100008&order_time=2021-06-16 HTTP/1.1" 200 395
117.185.32.26 - - [16/Jun/2021:11:43:14 +0800] "GET /xingrg/kc/buy/cgsh_order_operate.html?command=get_materiel_price&rest_code=00106&code=00101020017&unit_code=00100020&supplier_code=00100007&order_time=2021-06-16 HTTP/1.1" 200 28
180.169.147.146 - - [16/Jun/2021:11:43:14 +0800] "GET /xingrg/kc/buy/cgsh_order_operate.html?command=get_materiel&rest_code=00147&code=00101008318&supplier_code=00100007&order_time=2021-06-16 HTTP/1.1" 200 408
180.161.111.4 - - [16/Jun/2021:11:43:25 +0800] "GET /xingrg/all/function/internal_message.html?_=1623815002243&CODE_STATE=getMsg HTTP/1.1" 200 27
117.184.7.26 - - [16/Jun/2021:11:43:25 +0800] "GET /xingrg/kc/buy/cgsh_order_operate.html?command=get_materiel&rest_code=00108&code=00101008126&supplier_code=00100008&order_time=2021-06-16 HTTP/1.1" 200 412
180.169.147.146 - - [16/Jun/2021:11:43:25 +0800] "POST /xingrg/kc/buy/cgsh_order_operate.html HTTP/1.1" 200 37
180.169.147.146 - - [16/Jun/2021:11:43:27 +0800] "POST /xingrg/kc/buy/cgsh_order_operate.html HTTP/1.1" 200 8561
116.235.222.38 - - [16/Jun/2021:11:43:28 +0800] "GET /xingrg/all/function/internal_message.html?_=1623815001390&CODE_STATE=getMsg HTTP/1.1" 200 27
58.37.225.51 - - [16/Jun/2021:11:43:30 +0800] "GET /xingrg/all/function/internal_message.html?_=1623814943055&CODE_STATE=getMsg HTTP/1.1" 200 27
61.165.42.208 - - [16/Jun/2021:11:43:31 +0800] "GET /xingrg/all/function/internal_message.html?_=1623815009371&CODE_STATE=getMsg HTTP/1.1" 200 27
61.165.42.208 - - [16/Jun/2021:11:43:31 +0800] "GET /xingrg/check_reg.html?_=1623815009374 HTTP/1.1" 200 22
117.184.7.26 - - [16/Jun/2021:11:43:31 +0800] "POST /xingrg/kc/buy/cgsh_order_operate.html HTTP/1.1" 200 2065
180.169.147.146 - - [16/Jun/2021:11:43:33 +0800] "GET /xingrg/kc/buy/cgsh_order_operate.html?command=get_materiel&rest_code=00147&code=00101008004&supplier_code=00100007&order_time=2021-06-16 HTTP/1.1" 200 416
116.224.253.72 - - [16/Jun/2021:11:43:34 +0800] "GET /xingrg/all/function/internal_message.html?_=1623815010688&CODE_STATE=getMsg HTTP/1.1" 200 27
114.86.187.76 - - [16/Jun/2021:11:43:35 +0800] "POST /xingrg/kc/buy/cgsh_list_operate.html HTTP/1.1" 200 428
117.184.7.26 - - [16/Jun/2021:11:43:35 +0800] "GET /xingrg/kc/buy/cgsh_order_operate.html?command=get_materiel&rest_code=00108&code=00101008361&supplier_code=00100008&order_time=2021-06-16 HTTP/1.1" 200 408
114.86.187.76 - - [16/Jun/2021:11:43:35 +0800] "GET /xingrg/kc/buy/cgsh_order_info.html?code=212021061607385 HTTP/1.1" 200 62475
114.86.187.76 - - [16/Jun/2021:11:43:36 +0800] "GET /xingrg/javascript/easyui/themes/default/validatebox.css HTTP/1.1" 404 1104
114.86.187.76 - - [16/Jun/2021:11:43:36 +0800] "POST /xingrg/kc/buy/cgsh_order_operate.html HTTP/1.1" 200 4436
114.86.187.76 - - [16/Jun/2021:11:43:37 +0800] "GET /xingrg/kc/print/load_data.html?order_code=212021061607385&kc_code=cgsh&condition= HTTP/1.1" 200 1409
114.86.225.49 - - [16/Jun/2021:11:43:37 +0800] "GET /xingrg/all/function/internal_message.html?_=1623815015054&CODE_STATE=getMsg HTTP/1.1" 200 27
117.185.32.26 - - [16/Jun/2021:11:43:39 +0800] "GET /xingrg/kc/buy/cgsh_order_operate.html?command=get_materiel&rest_code=00106&code=00101008246&supplier_code=00100007&order_time=2021-06-16 HTTP/1.1" 200 408
180.169.147.146 - - [16/Jun/2021:11:43:40 +0800] "GET /xingrg/all/function/internal_message.html?_=1623815015552&CODE_STATE=getMsg HTTP/1.1" 200 27
117.184.7.26 - - [16/Jun/2021:11:43:44 +0800] "GET /xingrg/all/function/internal_message.html?_=1623815015820&CODE_STATE=getMsg HTTP/1.1" 200 27
180.169.147.146 - - [16/Jun/2021:11:43:44 +0800] "GET /xingrg/kc/buy/cgsh_order_operate.html?command=get_materiel&rest_code=00147&code=00101008185&supplier_code=00100007&order_time=2021-06-16 HTTP/1.1" 200 408
116.230.117.165 - - [16/Jun/2021:11:43:45 +0800] "GET /xingrg/check_reg.html?_=1623815032074 HTTP/1.1" 200 22
117.184.7.26 - - [16/Jun/2021:11:43:46 +0800] "GET /xingrg/kc/buy/cgsh_order_operate.html?command=get_materiel&rest_code=00108&code=00101008024&supplier_code=00100008&order_time=2021-06-16 HTTP/1.1" 200 408
117.185.32.26 - - [16/Jun/2021:11:43:50 +0800] "POST /xingrg/kc/buy/cgsh_order_operate.html HTTP/1.1" 200 2065
116.230.117.165 - - [16/Jun/2021:11:43:51 +0800] "GET /xingrg/all/function/internal_message.html?_=1623815038593&CODE_STATE=getMsg HTTP/1.1" 200 27
180.169.147.146 - - [16/Jun/2021:11:43:55 +0800] "GET /xingrg/all/function/internal_message.html?_=1623815032605&CODE_STATE=getMsg HTTP/1.1" 200 27
114.86.187.76 - - [16/Jun/2021:11:43:56 +0800] "POST /xingrg/kc/buy/cgsh_list_operate.html HTTP/1.1" 200 4343
116.230.110.80 - - [16/Jun/2021:11:43:57 +0800] "GET /xingrg/all/function/internal_message.html?_=1623815003211&CODE_STATE=getMsg HTTP/1.1" 200 27
