116.230.117.165 - - [16/Jun/2021:10:28:45 +0800] "GET /xingrg/javascript/jquery_easy_ui/themes/icons/search_new.png HTTP/1.1" 304 -
116.230.117.165 - - [16/Jun/2021:10:28:45 +0800] "GET /xingrg/javascript/jquery_easy_ui/themes/icons/storage_new.png HTTP/1.1" 304 -
116.230.117.165 - - [16/Jun/2021:10:28:45 +0800] "GET /xingrg/javascript/jquery_easy_ui/themes/icons/forms_new.png HTTP/1.1" 304 -
116.230.117.165 - - [16/Jun/2021:10:28:45 +0800] "GET /xingrg/javascript/jquery_easy_ui/themes/default/images/tree_file.gif HTTP/1.1" 304 -
116.230.117.165 - - [16/Jun/2021:10:28:49 +0800] "GET /xingrg/javascript/jquery_easy_ui/themes/default/images/tabs_close.gif HTTP/1.1" 304 -
116.230.117.165 - - [16/Jun/2021:10:28:49 +0800] "GET /xingrg/css/base.css HTTP/1.1" 304 -
116.230.117.165 - - [16/Jun/2021:10:28:49 +0800] "GET /xingrg/css/site.css HTTP/1.1" 304 -
116.230.117.165 - - [16/Jun/2021:10:28:49 +0800] "GET /xingrg/javascript/easyui/themes/icon.css HTTP/1.1" 304 -
116.230.117.165 - - [16/Jun/2021:10:28:49 +0800] "GET /xingrg/javascript/jquery_tools/datebox.css HTTP/1.1" 304 -
116.230.117.165 - - [16/Jun/2021:10:28:49 +0800] "GET /xingrg/javascript/easyui/themes/default/easyui.css HTTP/1.1" 304 -
116.230.117.165 - - [16/Jun/2021:10:28:49 +0800] "GET /xingrg/javascript/jquery_tools/fix.css HTTP/1.1" 304 -
116.230.117.165 - - [16/Jun/2021:10:28:49 +0800] "GET /xingrg/javascript/auto/jquery.autocomplete.css HTTP/1.1" 304 -
116.230.117.165 - - [16/Jun/2021:10:28:49 +0800] "GET /xingrg/javascript/jquery_tools/table.css HTTP/1.1" 304 -
116.230.117.165 - - [16/Jun/2021:10:28:49 +0800] "GET /xingrg/javascript/jquery_tools/jquery.tools.min.js HTTP/1.1" 304 -
116.230.117.165 - - [16/Jun/2021:10:28:49 +0800] "GET /xingrg/javascript/jquery_tools/jquery.tools.extend.js HTTP/1.1" 304 -
116.230.117.165 - - [16/Jun/2021:10:28:49 +0800] "GET /xingrg/javascript/jquery_tools/list_manager.js HTTP/1.1" 304 -
116.230.117.165 - - [16/Jun/2021:10:28:49 +0800] "GET /xingrg/kc/buy/cgsh_order_list.html HTTP/1.1" 200 46734
116.230.117.165 - - [16/Jun/2021:10:28:49 +0800] "GET /xingrg/javascript/jquery_tools/jquery.tools.table.js HTTP/1.1" 304 -
116.230.117.165 - - [16/Jun/2021:10:28:49 +0800] "GET /xingrg/javascript/jquery_tools/jquery.tools.hotkey.js HTTP/1.1" 304 -
116.230.117.165 - - [16/Jun/2021:10:28:49 +0800] "GET /xingrg/javascript/auto/jquery.autocomplete.js HTTP/1.1" 304 -
116.230.117.165 - - [16/Jun/2021:10:28:49 +0800] "GET /xingrg/javascript/jquery.cookie.js HTTP/1.1" 304 -
116.230.117.165 - - [16/Jun/2021:10:28:49 +0800] "GET /xingrg/javascript/print/LodopFuncs.js HTTP/1.1" 304 -
116.230.117.165 - - [16/Jun/2021:10:28:49 +0800] "GET /xingrg/javascript/easyui/easyloader.js HTTP/1.1" 304 -
116.230.117.165 - - [16/Jun/2021:10:28:49 +0800] "GET /xingrg/javascript/easyui/themes/icons/edit_add_new.png HTTP/1.1" 304 -
116.230.117.165 - - [16/Jun/2021:10:28:49 +0800] "GET /xingrg/javascript/easyui/themes/icons/check_new.png HTTP/1.1" 304 -
116.230.117.165 - - [16/Jun/2021:10:28:49 +0800] "GET /xingrg/javascript/easyui/themes/icons/cance_new.png HTTP/1.1" 304 -
116.230.117.165 - - [16/Jun/2021:10:28:49 +0800] "GET /xingrg/javascript/jquery_easy_ui/themes/icons/area.png HTTP/1.1" 304 -
116.230.117.165 - - [16/Jun/2021:10:28:49 +0800] "GET /xingrg/javascript/jquery_easy_ui/themes/icons/rest.png HTTP/1.1" 304 -
116.230.117.165 - - [16/Jun/2021:10:28:49 +0800] "GET /xingrg/javascript/easyui/plugins/jquery.parser.js HTTP/1.1" 304 -
116.230.117.165 - - [16/Jun/2021:10:28:50 +0800] "GET /xingrg/images/control/ajaxLoader.gif HTTP/1.1" 304 -
114.86.225.49 - - [16/Jun/2021:10:28:50 +0800] "GET /favicon.ico HTTP/1.1" 404 -
116.230.117.165 - - [16/Jun/2021:10:28:54 +0800] "POST /xingrg/kc/buy/cgsh_list_operate.html HTTP/1.1" 200 2773
117.185.32.26 - - [16/Jun/2021:10:28:54 +0800] "GET /xingrg/kc/buy/cgsh_order_operate.html?command=get_materiel&rest_code=00106&code=00101010628&supplier_code=00100327&order_time=2021-06-16 HTTP/1.1" 200 412
180.169.147.146 - - [16/Jun/2021:10:28:55 +0800] "GET /xingrg/all/function/internal_message.html?_=1623810532597&CODE_STATE=getMsg HTTP/1.1" 200 27
116.230.110.80 - - [16/Jun/2021:10:28:57 +0800] "GET /xingrg/all/function/internal_message.html?_=1623810503218&CODE_STATE=getMsg HTTP/1.1" 200 27
116.230.117.165 - - [16/Jun/2021:10:28:58 +0800] "GET /xingrg/javascript/pic_change.js HTTP/1.1" 304 -
116.230.117.165 - - [16/Jun/2021:10:28:58 +0800] "GET /xingrg/javascript/convert.js HTTP/1.1" 304 -
116.230.117.165 - - [16/Jun/2021:10:28:58 +0800] "GET /xingrg/javascript/jquery_tools/order_manager.js HTTP/1.1" 304 -
116.230.117.165 - - [16/Jun/2021:10:28:58 +0800] "GET /xingrg/javascript/json2.js HTTP/1.1" 304 -
116.230.117.165 - - [16/Jun/2021:10:28:58 +0800] "GET /xingrg/javascript/print/kc_print.js HTTP/1.1" 304 -
116.230.117.165 - - [16/Jun/2021:10:28:58 +0800] "GET /xingrg/kc/buy/cgsh_order_add.html HTTP/1.1" 200 62472
116.230.117.165 - - [16/Jun/2021:10:28:58 +0800] "GET /xingrg/words/20210615091538_words.js HTTP/1.1" 304 -
116.230.117.165 - - [16/Jun/2021:10:28:58 +0800] "POST /xingrg/kc/buy/cgsh_order_operate.html HTTP/1.1" 200 8245
116.230.117.165 - - [16/Jun/2021:10:28:58 +0800] "GET /xingrg/all/common/auto_word.html?type=employee&rest_code=00146 HTTP/1.1" 200 101
116.230.117.165 - - [16/Jun/2021:10:28:58 +0800] "GET /xingrg/all/common/auto_word.html?type=employee&rest_code=00146 HTTP/1.1" 200 101
116.230.117.165 - - [16/Jun/2021:10:28:58 +0800] "GET /xingrg/javascript/easyui/themes/icons/edit_remove.png HTTP/1.1" 304 -
116.230.117.165 - - [16/Jun/2021:10:28:58 +0800] "GET /xingrg/javascript/easyui/themes/default/validatebox.css HTTP/1.1" 404 1104
116.230.117.165 - - [16/Jun/2021:10:28:58 +0800] "GET /xingrg/javascript/easyui/plugins/jquery.validatebox.js HTTP/1.1" 304 -
116.230.117.165 - - [16/Jun/2021:10:28:58 +0800] "GET /xingrg/javascript/easyui/plugins/jquery.numberbox.js HTTP/1.1" 304 -
117.185.32.26 - - [16/Jun/2021:10:28:59 +0800] "GET /xingrg/check_reg.html?_=1623811065366 HTTP/1.1" 200 22
117.185.32.26 - - [16/Jun/2021:10:28:59 +0800] "GET /xingrg/all/function/internal_message.html?_=1623811065522&CODE_STATE=getMsg HTTP/1.1" 200 27
116.230.117.165 - - [16/Jun/2021:10:29:03 +0800] "GET /xingrg/javascript/auto/indicator.gif HTTP/1.1" 404 1066
180.169.147.146 - - [16/Jun/2021:10:29:03 +0800] "GET /xingrg/all/function/internal_message.html?_=1623810543838&CODE_STATE=getMsg HTTP/1.1" 200 27
116.230.110.80 - - [16/Jun/2021:10:29:04 +0800] "GET /xingrg/javascript/auto/indicator.gif HTTP/1.1" 404 1066
116.230.117.165 - - [16/Jun/2021:10:29:05 +0800] "GET /xingrg/javascript/jquery_tools/images/prev.gif HTTP/1.1" 404 1086
116.230.117.165 - - [16/Jun/2021:10:29:05 +0800] "GET /xingrg/javascript/jquery_tools/images/next.gif HTTP/1.1" 404 1086
116.224.253.72 - - [16/Jun/2021:10:29:05 +0800] "GET /xingrg/all/function/internal_message.html?_=1623810541373&CODE_STATE=getMsg HTTP/1.1" 200 27
116.224.253.72 - - [16/Jun/2021:10:29:05 +0800] "GET /xingrg/check_reg.html?_=1623810541349 HTTP/1.1" 200 22
116.230.110.80 - - [16/Jun/2021:10:29:06 +0800] "GET /xingrg/javascript/jquery_tools/images/prev.gif HTTP/1.1" 404 1086
116.230.110.80 - - [16/Jun/2021:10:29:06 +0800] "GET /xingrg/javascript/jquery_tools/images/next.gif HTTP/1.1" 404 1086
117.185.32.26 - - [16/Jun/2021:10:29:06 +0800] "POST /xingrg/kc/buy/cgsh_order_operate.html HTTP/1.1" 200 37
117.185.32.26 - - [16/Jun/2021:10:29:09 +0800] "POST /xingrg/kc/buy/cgsh_order_operate.html HTTP/1.1" 200 12
117.185.32.26 - - [16/Jun/2021:10:29:10 +0800] "GET /xingrg/kc/buy/cgsh_order_info.html?code=212021061607283 HTTP/1.1" 200 57368
117.185.32.26 - - [16/Jun/2021:10:29:10 +0800] "GET /xingrg/javascript/easyui/themes/default/validatebox.css HTTP/1.1" 404 1104
117.185.32.26 - - [16/Jun/2021:10:29:10 +0800] "POST /xingrg/kc/buy/cgsh_order_operate.html HTTP/1.1" 200 621
116.230.117.165 - - [16/Jun/2021:10:29:12 +0800] "GET /xingrg/kc/buy/cgsh_order_operate.html?command=get_materiel&rest_code=00146&code=00101001032&supplier_code=00100041&order_time=2021-06-16 HTTP/1.1" 200 413
117.185.32.26 - - [16/Jun/2021:10:29:13 +0800] "GET /xingrg/kc/print/load_data.html?order_code=212021061607283&kc_code=cgsh&condition= HTTP/1.1" 200 704
180.169.147.146 - - [16/Jun/2021:10:29:13 +0800] "GET /xingrg/all/function/internal_message.html?_=1623810550478&CODE_STATE=getMsg HTTP/1.1" 200 27
222.69.128.91 - - [16/Jun/2021:10:29:13 +0800] "GET /xingrg/all/function/internal_message.html?_=1623810548158&CODE_STATE=getMsg HTTP/1.1" 200 27
116.230.110.80 - - [16/Jun/2021:10:29:15 +0800] "GET /xingrg/kc/buy/cgsh_order_operate.html?command=get_materiel&rest_code=00155&code=00101002006&supplier_code=00100199&order_time=2021-06-16 HTTP/1.1" 200 414
117.185.32.26 - - [16/Jun/2021:10:29:17 +0800] "GET /xingrg/kc/buy/cgsh_order_add.html HTTP/1.1" 200 62466
117.185.32.26 - - [16/Jun/2021:10:29:18 +0800] "POST /xingrg/kc/buy/cgsh_order_operate.html HTTP/1.1" 200 8245
117.185.32.26 - - [16/Jun/2021:10:29:18 +0800] "GET /xingrg/javascript/easyui/themes/default/validatebox.css HTTP/1.1" 404 1104
58.221.95.50 - - [16/Jun/2021:10:29:18 +0800] "GET /xingrg/check_reg.html?_=1623810555496 HTTP/1.1" 302 -
117.185.32.26 - - [16/Jun/2021:10:29:19 +0800] "GET /xingrg/javascript/easyui/themes/default/tree.css HTTP/1.1" 404 1090
117.185.32.26 - - [16/Jun/2021:10:29:19 +0800] "POST /xingrg/all/common/load_tree.html?tree=supplier_tree_json&isDelete=1 HTTP/1.1" 200 56029
116.230.110.80 - - [16/Jun/2021:10:29:22 +0800] "GET /xingrg/kc/buy/cgsh_order_operate.html?command=get_materiel&rest_code=00155&code=00101001075&supplier_code=00100199&order_time=2021-06-16 HTTP/1.1" 200 409
101.85.94.178 - - [16/Jun/2021:10:29:24 +0800] "GET /xingrg/all/function/internal_message.html?_=1623810013399&CODE_STATE=getMsg HTTP/1.1" 200 27
116.235.222.38 - - [16/Jun/2021:10:29:29 +0800] "GET /xingrg/all/function/internal_message.html?_=1623810562673&CODE_STATE=getMsg HTTP/1.1" 200 27
61.165.42.208 - - [16/Jun/2021:10:29:31 +0800] "GET /xingrg/all/function/internal_message.html?_=1623810569283&CODE_STATE=getMsg HTTP/1.1" 200 27
116.230.117.165 - - [16/Jun/2021:10:29:32 +0800] "GET /xingrg/kc/buy/cgsh_order_operate.html?command=get_materiel&rest_code=00146&code=00101010161&supplier_code=00100041&order_time=2021-06-16 HTTP/1.1" 200 429
116.230.110.80 - - [16/Jun/2021:10:29:33 +0800] "GET /xingrg/kc/buy/cgsh_order_operate.html?command=get_materiel&rest_code=00155&code=00101002041&supplier_code=00100199&order_time=2021-06-16 HTTP/1.1" 200 409
114.86.225.49 - - [16/Jun/2021:10:29:37 +0800] "GET /xingrg/all/function/internal_message.html?_=1623810574887&CODE_STATE=getMsg HTTP/1.1" 200 27
180.169.147.146 - - [16/Jun/2021:10:29:39 +0800] "GET /xingrg/all/function/internal_message.html?_=1623810575546&CODE_STATE=getMsg HTTP/1.1" 200 27
116.230.110.80 - - [16/Jun/2021:10:29:41 +0800] "GET /xingrg/kc/buy/cgsh_order_operate.html?command=get_materiel&rest_code=00155&code=00101002027&supplier_code=00100199&order_time=2021-06-16 HTTP/1.1" 200 413
117.185.32.26 - - [16/Jun/2021:10:29:41 +0800] "GET /xingrg/kc/buy/cgsh_order_operate.html?command=get_materiel&rest_code=00106&code=00101015122&supplier_code=00100443&order_time=2021-06-16 HTTP/1.1" 200 407
117.184.7.26 - - [16/Jun/2021:10:29:44 +0800] "GET /xingrg/all/function/internal_message.html?_=1623810575664&CODE_STATE=getMsg HTTP/1.1" 200 27
116.230.117.165 - - [16/Jun/2021:10:29:45 +0800] "GET /xingrg/all/function/internal_message.html?_=1623810591551&CODE_STATE=getMsg HTTP/1.1" 200 27
116.230.110.80 - - [16/Jun/2021:10:29:47 +0800] "POST /xingrg/kc/buy/cgsh_order_operate.html HTTP/1.1" 200 37
116.230.117.165 - - [16/Jun/2021:10:29:48 +0800] "GET /xingrg/kc/buy/cgsh_order_operate.html?command=get_materiel&rest_code=00146&code=00101001075&supplier_code=00100041&order_time=2021-06-16 HTTP/1.1" 200 409
116.230.110.80 - - [16/Jun/2021:10:29:48 +0800] "POST /xingrg/kc/buy/cgsh_order_operate.html HTTP/1.1" 200 4428
116.230.110.80 - - [16/Jun/2021:10:29:50 +0800] "GET /xingrg/kc/print/load_config.html?kc_code=cgsh HTTP/1.1" 200 1845
116.230.110.80 - - [16/Jun/2021:10:29:50 +0800] "GET /xingrg/kc/print/load_data.html?order_code=212021061607284&kc_code=cgsh&condition= HTTP/1.1" 200 1350
117.185.32.26 - - [16/Jun/2021:10:29:52 +0800] "POST /xingrg/kc/buy/cgsh_order_operate.html HTTP/1.1" 200 37
116.230.110.80 - - [16/Jun/2021:10:29:55 +0800] "GET /xingrg/kc/buy/cgsh_order_add.html HTTP/1.1" 200 62434
116.230.110.80 - - [16/Jun/2021:10:29:55 +0800] "POST /xingrg/kc/buy/cgsh_order_operate.html HTTP/1.1" 200 8245
116.230.110.80 - - [16/Jun/2021:10:29:55 +0800] "GET /xingrg/javascript/easyui/themes/default/validatebox.css HTTP/1.1" 404 1104
180.169.147.146 - - [16/Jun/2021:10:29:55 +0800] "GET /xingrg/all/function/internal_message.html?_=1623810592602&CODE_STATE=getMsg HTTP/1.1" 200 27
117.185.32.26 - - [16/Jun/2021:10:29:56 +0800] "POST /xingrg/kc/buy/cgsh_order_operate.html HTTP/1.1" 200 12
116.230.110.80 - - [16/Jun/2021:10:29:57 +0800] "GET /xingrg/all/function/internal_message.html?_=1623810563218&CODE_STATE=getMsg HTTP/1.1" 200 27
117.185.32.26 - - [16/Jun/2021:10:29:57 +0800] "GET /xingrg/kc/buy/cgsh_order_info.html?code=212021061607285 HTTP/1.1" 200 57370
117.185.32.26 - - [16/Jun/2021:10:29:58 +0800] "GET /xingrg/javascript/easyui/themes/default/validatebox.css HTTP/1.1" 404 1104
117.185.32.26 - - [16/Jun/2021:10:29:58 +0800] "POST /xingrg/kc/buy/cgsh_order_operate.html HTTP/1.1" 200 614
117.185.32.26 - - [16/Jun/2021:10:29:59 +0800] "GET /xingrg/all/function/internal_message.html?_=1623811125511&CODE_STATE=getMsg HTTP/1.1" 200 27
117.185.32.26 - - [16/Jun/2021:10:30:01 +0800] "GET /xingrg/kc/print/load_data.html?order_code=212021061607285&kc_code=cgsh&condition= HTTP/1.1" 200 705
116.230.117.165 - - [16/Jun/2021:10:30:02 +0800] "GET /xingrg/kc/buy/cgsh_order_operate.html?command=get_materiel&rest_code=00146&code=00101018007&supplier_code=00100041&order_time=2021-06-16 HTTP/1.1" 200 409
180.169.147.146 - - [16/Jun/2021:10:30:03 +0800] "GET /xingrg/all/function/internal_message.html?_=1623810603839&CODE_STATE=getMsg HTTP/1.1" 200 27
116.230.110.80 - - [16/Jun/2021:10:30:04 +0800] "GET /xingrg/kc/buy/cgsh_order_operate.html?command=get_materiel&rest_code=00155&code=00101006124&supplier_code=00100012&order_time=2021-06-16 HTTP/1.1" 200 409
116.224.253.72 - - [16/Jun/2021:10:30:05 +0800] "GET /xingrg/all/function/internal_message.html?_=1623810601359&CODE_STATE=getMsg HTTP/1.1" 200 27
117.185.32.26 - - [16/Jun/2021:10:30:05 +0800] "GET /xingrg/kc/buy/cgsh_order_add.html HTTP/1.1" 200 62466
117.185.32.26 - - [16/Jun/2021:10:30:05 +0800] "POST /xingrg/kc/buy/cgsh_order_operate.html HTTP/1.1" 200 8245
117.185.32.26 - - [16/Jun/2021:10:30:05 +0800] "GET /xingrg/javascript/easyui/themes/default/validatebox.css HTTP/1.1" 404 1104
117.185.32.26 - - [16/Jun/2021:10:30:06 +0800] "GET /xingrg/javascript/easyui/themes/default/tree.css HTTP/1.1" 404 1090
117.185.32.26 - - [16/Jun/2021:10:30:06 +0800] "POST /xingrg/all/common/load_tree.html?tree=supplier_tree_json&isDelete=1 HTTP/1.1" 200 56029
180.169.147.146 - - [16/Jun/2021:10:30:13 +0800] "GET /xingrg/check_reg.html?_=1623810610498 HTTP/1.1" 200 22
180.169.147.146 - - [16/Jun/2021:10:30:13 +0800] "GET /xingrg/all/function/internal_message.html?_=1623810610495&CODE_STATE=getMsg HTTP/1.1" 200 27
222.69.128.91 - - [16/Jun/2021:10:30:13 +0800] "GET /xingrg/all/function/internal_message.html?_=1623810608157&CODE_STATE=getMsg HTTP/1.1" 200 27
116.230.110.80 - - [16/Jun/2021:10:30:16 +0800] "GET /xingrg/kc/buy/cgsh_order_operate.html?command=get_materiel&rest_code=00155&code=00101006055&supplier_code=00100012&order_time=2021-06-16 HTTP/1.1" 200 409
101.85.94.178 - - [16/Jun/2021:10:30:24 +0800] "GET /xingrg/all/function/internal_message.html?_=1623810073398&CODE_STATE=getMsg HTTP/1.1" 200 27
116.230.117.165 - - [16/Jun/2021:10:30:27 +0800] "POST /xingrg/kc/buy/cgsh_order_operate.html HTTP/1.1" 200 37
116.235.222.38 - - [16/Jun/2021:10:30:29 +0800] "GET /xingrg/check_reg.html?_=1623810622580 HTTP/1.1" 200 22
116.235.222.38 - - [16/Jun/2021:10:30:29 +0800] "GET /xingrg/all/function/internal_message.html?_=1623810622652&CODE_STATE=getMsg HTTP/1.1" 200 27
116.230.117.165 - - [16/Jun/2021:10:30:31 +0800] "POST /xingrg/kc/buy/cgsh_order_operate.html HTTP/1.1" 200 4420
61.165.42.208 - - [16/Jun/2021:10:30:31 +0800] "GET /xingrg/all/function/internal_message.html?_=1623810629283&CODE_STATE=getMsg HTTP/1.1" 200 27
117.185.32.26 - - [16/Jun/2021:10:30:33 +0800] "GET /xingrg/kc/buy/cgsh_order_operate.html?command=get_materiel&rest_code=00106&code=00101008061&supplier_code=00100339&order_time=2021-06-16 HTTP/1.1" 200 423
116.230.117.165 - - [16/Jun/2021:10:30:33 +0800] "GET /xingrg/kc/print/load_config.html?kc_code=cgsh HTTP/1.1" 200 1845
116.230.117.165 - - [16/Jun/2021:10:30:35 +0800] "GET /xingrg/kc/print/load_data.html?order_code=212021061607286&kc_code=cgsh&condition= HTTP/1.1" 200 1352
114.86.225.49 - - [16/Jun/2021:10:30:37 +0800] "GET /xingrg/all/function/internal_message.html?_=1623810634889&CODE_STATE=getMsg HTTP/1.1" 200 27
114.86.225.49 - - [16/Jun/2021:10:30:37 +0800] "GET /xingrg/check_reg.html?_=1623810634890 HTTP/1.1" 200 22
116.230.110.80 - - [16/Jun/2021:10:30:38 +0800] "GET /xingrg/kc/buy/cgsh_order_operate.html?command=get_materiel&rest_code=00155&code=00101006065&supplier_code=00100012&order_time=2021-06-16 HTTP/1.1" 200 409
180.169.147.146 - - [16/Jun/2021:10:30:39 +0800] "GET /xingrg/all/function/internal_message.html?_=1623810635560&CODE_STATE=getMsg HTTP/1.1" 200 27
117.184.7.26 - - [16/Jun/2021:10:30:44 +0800] "GET /xingrg/all/function/internal_message.html?_=1623810635663&CODE_STATE=getMsg HTTP/1.1" 200 27
116.230.117.165 - - [16/Jun/2021:10:30:45 +0800] "GET /xingrg/all/function/internal_message.html?_=1623810651564&CODE_STATE=getMsg HTTP/1.1" 200 27
117.185.32.26 - - [16/Jun/2021:10:30:46 +0800] "POST /xingrg/kc/buy/cgsh_order_operate.html HTTP/1.1" 200 64
116.230.117.165 - - [16/Jun/2021:10:30:46 +0800] "GET /xingrg/kc/buy/cgsh_order_add.html HTTP/1.1" 200 62472
116.230.117.165 - - [16/Jun/2021:10:30:47 +0800] "GET /xingrg/javascript/easyui/themes/default/validatebox.css HTTP/1.1" 404 1104
116.230.117.165 - - [16/Jun/2021:10:30:47 +0800] "POST /xingrg/kc/buy/cgsh_order_operate.html HTTP/1.1" 200 8245
116.230.110.80 - - [16/Jun/2021:10:30:48 +0800] "POST /xingrg/kc/buy/cgsh_order_operate.html HTTP/1.1" 200 37
117.185.32.26 - - [16/Jun/2021:10:30:54 +0800] "POST /xingrg/kc/buy/cgsh_order_operate.html HTTP/1.1" 200 37
116.230.110.80 - - [16/Jun/2021:10:30:54 +0800] "POST /xingrg/kc/buy/cgsh_order_operate.html HTTP/1.1" 200 3826
180.169.147.146 - - [16/Jun/2021:10:30:55 +0800] "GET /xingrg/check_reg.html?_=1623810652622 HTTP/1.1" 200 22
180.169.147.146 - - [16/Jun/2021:10:30:55 +0800] "GET /xingrg/all/function/internal_message.html?_=1623810652625&CODE_STATE=getMsg HTTP/1.1" 200 27
116.230.110.80 - - [16/Jun/2021:10:30:56 +0800] "GET /xingrg/kc/print/load_data.html?order_code=212021061607288&kc_code=cgsh&condition= HTTP/1.1" 200 1208
116.230.110.80 - - [16/Jun/2021:10:30:57 +0800] "GET /xingrg/all/function/internal_message.html?_=1623810623242&CODE_STATE=getMsg HTTP/1.1" 200 27
117.185.32.26 - - [16/Jun/2021:10:30:59 +0800] "GET /xingrg/all/function/internal_message.html?_=1623811185482&CODE_STATE=getMsg HTTP/1.1" 200 27
116.230.110.80 - - [16/Jun/2021:10:31:00 +0800] "GET /xingrg/kc/buy/cgsh_order_add.html HTTP/1.1" 200 62434
116.230.110.80 - - [16/Jun/2021:10:31:00 +0800] "POST /xingrg/kc/buy/cgsh_order_operate.html HTTP/1.1" 200 8245
117.185.32.26 - - [16/Jun/2021:10:31:00 +0800] "POST /xingrg/kc/buy/cgsh_order_operate.html HTTP/1.1" 200 12
116.230.110.80 - - [16/Jun/2021:10:31:00 +0800] "GET /xingrg/javascript/easyui/themes/default/validatebox.css HTTP/1.1" 404 1104
117.185.32.26 - - [16/Jun/2021:10:31:01 +0800] "GET /xingrg/kc/buy/cgsh_order_info.html?code=212021061607289 HTTP/1.1" 200 57371
117.185.32.26 - - [16/Jun/2021:10:31:02 +0800] "GET /xingrg/javascript/easyui/themes/default/validatebox.css HTTP/1.1" 404 1104
117.185.32.26 - - [16/Jun/2021:10:31:02 +0800] "POST /xingrg/kc/buy/cgsh_order_operate.html HTTP/1.1" 200 616
180.169.147.146 - - [16/Jun/2021:10:31:03 +0800] "GET /xingrg/all/function/internal_message.html?_=1623810663841&CODE_STATE=getMsg HTTP/1.1" 200 27
117.185.32.26 - - [16/Jun/2021:10:31:05 +0800] "GET /xingrg/kc/print/load_data.html?order_code=212021061607289&kc_code=cgsh&condition= HTTP/1.1" 200 705
116.224.253.72 - - [16/Jun/2021:10:31:05 +0800] "GET /xingrg/all/function/internal_message.html?_=1623810661363&CODE_STATE=getMsg HTTP/1.1" 200 27
117.185.32.26 - - [16/Jun/2021:10:31:09 +0800] "GET /xingrg/kc/buy/cgsh_order_add.html HTTP/1.1" 200 62466
117.185.32.26 - - [16/Jun/2021:10:31:10 +0800] "POST /xingrg/kc/buy/cgsh_order_operate.html HTTP/1.1" 200 8245
116.230.110.80 - - [16/Jun/2021:10:31:10 +0800] "GET /xingrg/kc/buy/cgsh_order_operate.html?command=get_materiel&rest_code=00155&code=00101007061&supplier_code=00100002&order_time=2021-06-16 HTTP/1.1" 200 409
117.185.32.26 - - [16/Jun/2021:10:31:10 +0800] "GET /xingrg/javascript/easyui/themes/default/validatebox.css HTTP/1.1" 404 1104
180.161.111.4 - - [16/Jun/2021:10:31:11 +0800] "GET /xingrg/login.html HTTP/1.1" 200 7641
180.161.111.4 - - [16/Jun/2021:10:31:11 +0800] "GET /xingrg/images/blue/jxLogo.png HTTP/1.1" 304 -
180.161.111.4 - - [16/Jun/2021:10:31:11 +0800] "GET /xingrg/images/blue/login_bg.png HTTP/1.1" 304 -
180.161.111.4 - - [16/Jun/2021:10:31:11 +0800] "GET /xingrg/images/blue/hj.png HTTP/1.1" 304 -
117.185.32.26 - - [16/Jun/2021:10:31:11 +0800] "GET /xingrg/javascript/easyui/themes/default/tree.css HTTP/1.1" 404 1090
180.161.111.4 - - [16/Jun/2021:10:31:11 +0800] "GET /xingrg/images/blue/srbg.png HTTP/1.1" 304 -
117.185.32.26 - - [16/Jun/2021:10:31:11 +0800] "POST /xingrg/all/common/load_tree.html?tree=supplier_tree_json&isDelete=1 HTTP/1.1" 200 56029
180.161.111.4 - - [16/Jun/2021:10:31:12 +0800] "GET /favicon.ico HTTP/1.1" 404 -
180.169.147.146 - - [16/Jun/2021:10:31:13 +0800] "GET /xingrg/all/function/internal_message.html?_=1623810670488&CODE_STATE=getMsg HTTP/1.1" 200 27
222.69.128.91 - - [16/Jun/2021:10:31:13 +0800] "GET /xingrg/all/function/internal_message.html?_=1623810668155&CODE_STATE=getMsg HTTP/1.1" 200 27
116.230.117.165 - - [16/Jun/2021:10:31:15 +0800] "GET /xingrg/kc/buy/cgsh_order_operate.html?command=get_materiel&rest_code=00146&code=00101011005&supplier_code=00100049&order_time=2021-06-16 HTTP/1.1" 200 428
120.253.135.82 - - [16/Jun/2021:10:31:15 +0800] "GET /xingrg/check_reg.html?_=1623810449501 HTTP/1.1" 200 22
58.37.225.51 - - [16/Jun/2021:10:31:15 +0800] "GET /xingrg/check_reg.html?_=1623810608500 HTTP/1.1" 302 -
180.161.111.4 - - [16/Jun/2021:10:31:17 +0800] "POST /xingrg/login.do HTTP/1.1" 302 -
180.161.111.4 - - [16/Jun/2021:10:31:17 +0800] "GET /xingrg/javascript/jquery_easy_ui/themes/default/easyui.css HTTP/1.1" 304 -
180.161.111.4 - - [16/Jun/2021:10:31:17 +0800] "GET /xingrg/javascript/jquery_easy_ui/themes/icon.css HTTP/1.1" 304 -
180.161.111.4 - - [16/Jun/2021:10:31:17 +0800] "GET /xingrg/javascript/jquery_easy_ui/jquery.easyui.min.js HTTP/1.1" 304 -
180.161.111.4 - - [16/Jun/2021:10:31:17 +0800] "GET /xingrg/javascript/jquery-1.4.2.min.js HTTP/1.1" 304 -
180.161.111.4 - - [16/Jun/2021:10:31:17 +0800] "GET /xingrg/css/form.css HTTP/1.1" 304 -
180.161.111.4 - - [16/Jun/2021:10:31:17 +0800] "GET /xingrg/javascript/jquery.form.js HTTP/1.1" 304 -
180.161.111.4 - - [16/Jun/2021:10:31:17 +0800] "GET /xingrg/javascript/jquery_easy_ui/easyui-lang-zh_CN.js HTTP/1.1" 304 -
180.161.111.4 - - [16/Jun/2021:10:31:17 +0800] "GET /xingrg/javascript/jquery.timers.js HTTP/1.1" 304 -
180.161.111.4 - - [16/Jun/2021:10:31:17 +0800] "GET /xingrg/javascript/jquery.utils.js HTTP/1.1" 304 -
180.161.111.4 - - [16/Jun/2021:10:31:17 +0800] "GET /xingrg/index.html?sysBaseUrl=http%3A%2F%2F180.169.147.146%3A18081%2Fxingrg%2F&costTime=36×tamp=1623810677451 HTTP/1.1" 200 17173
180.161.111.4 - - [16/Jun/2021:10:31:17 +0800] "GET /favicon.ico HTTP/1.1" 404 -
180.161.111.4 - - [16/Jun/2021:10:31:17 +0800] "GET /xingrg/images/blue/navBackgound.jpg HTTP/1.1" 304 -
180.161.111.4 - - [16/Jun/2021:10:31:17 +0800] "GET /xingrg/javascript/jquery_easy_ui/themes/icons/settle_new.png HTTP/1.1" 304 -
180.161.111.4 - - [16/Jun/2021:10:31:17 +0800] "POST /xingrg/all/common/load_tree.html?tree=area_rest_tree_json&manage=1 HTTP/1.1" 200 342
180.161.111.4 - - [16/Jun/2021:10:31:17 +0800] "GET /xingrg/images/blue/pingpu.png HTTP/1.1" 304 -
180.161.111.4 - - [16/Jun/2021:10:31:17 +0800] "GET /xingrg/javascript/jquery_easy_ui/themes/default/images/tabs_rightarrow.png HTTP/1.1" 304 -
180.161.111.4 - - [16/Jun/2021:10:31:17 +0800] "GET /xingrg/javascript/jquery_easy_ui/themes/default/images/tabs_leftarrow.png HTTP/1.1" 304 -
180.161.111.4 - - [16/Jun/2021:10:31:17 +0800] "GET /xingrg/javascript/jquery_easy_ui/themes/default/images/panel_tool_collapse.gif HTTP/1.1" 304 -
180.161.111.4 - - [16/Jun/2021:10:31:17 +0800] "GET /xingrg/check_reg.html?_=1623810674741 HTTP/1.1" 200 22
180.161.111.4 - - [16/Jun/2021:10:31:17 +0800] "GET /xingrg/all/function/internal_message.html?_=1623810674738&CODE_STATE=count HTTP/1.1" 200 11
180.161.111.4 - - [16/Jun/2021:10:31:18 +0800] "GET /xingrg/javascript/jquery_easy_ui/themes/default/images/tree_arrows.gif HTTP/1.1" 304 -
180.161.111.4 - - [16/Jun/2021:10:31:18 +0800] "POST /xingrg/load_menu.html HTTP/1.1" 200 5138
180.161.111.4 - - [16/Jun/2021:10:31:18 +0800] "GET /xingrg/javascript/jquery_easy_ui/themes/default/images/tree_folder_open.gif HTTP/1.1" 304 -
180.161.111.4 - - [16/Jun/2021:10:31:18 +0800] "GET /xingrg/javascript/jquery_easy_ui/themes/icons/search_new.png HTTP/1.1" 304 -
180.161.111.4 - - [16/Jun/2021:10:31:18 +0800] "GET /xingrg/javascript/jquery_easy_ui/themes/default/images/tree_folder.gif HTTP/1.1" 304 -
180.161.111.4 - - [16/Jun/2021:10:31:18 +0800] "GET /xingrg/javascript/jquery_easy_ui/themes/icons/storage_new.png HTTP/1.1" 304 -
180.161.111.4 - - [16/Jun/2021:10:31:18 +0800] "GET /xingrg/javascript/jquery_easy_ui/themes/icons/forms_new.png HTTP/1.1" 304 -
180.161.111.4 - - [16/Jun/2021:10:31:18 +0800] "GET /xingrg/javascript/jquery_easy_ui/themes/default/images/tree_file.gif HTTP/1.1" 304 -
180.161.111.4 - - [16/Jun/2021:10:31:19 +0800] "GET /xingrg/javascript/jquery_easy_ui/themes/default/images/tabs_close.gif HTTP/1.1" 304 -
180.161.111.4 - - [16/Jun/2021:10:31:19 +0800] "GET /xingrg/kc/mdqp/pssh_order_list.html HTTP/1.1" 200 17658
180.161.111.4 - - [16/Jun/2021:10:31:19 +0800] "GET /xingrg/css/base.css HTTP/1.1" 304 -
180.161.111.4 - - [16/Jun/2021:10:31:19 +0800] "GET /xingrg/css/site.css HTTP/1.1" 304 -
180.161.111.4 - - [16/Jun/2021:10:31:19 +0800] "GET /xingrg/javascript/jquery_tools/datebox.css HTTP/1.1" 304 -
180.161.111.4 - - [16/Jun/2021:10:31:19 +0800] "GET /xingrg/javascript/easyui/themes/default/easyui.css HTTP/1.1" 304 -
180.161.111.4 - - [16/Jun/2021:10:31:19 +0800] "GET /xingrg/javascript/easyui/themes/icon.css HTTP/1.1" 304 -
180.161.111.4 - - [16/Jun/2021:10:31:19 +0800] "GET /xingrg/javascript/auto/jquery.autocomplete.css HTTP/1.1" 304 -
180.161.111.4 - - [16/Jun/2021:10:31:19 +0800] "GET /xingrg/javascript/jquery_tools/fix.css HTTP/1.1" 304 -
180.161.111.4 - - [16/Jun/2021:10:31:19 +0800] "GET /xingrg/javascript/jquery_tools/table.css HTTP/1.1" 304 -
180.161.111.4 - - [16/Jun/2021:10:31:19 +0800] "GET /xingrg/javascript/jquery_tools/jquery.tools.min.js HTTP/1.1" 304 -
180.161.111.4 - - [16/Jun/2021:10:31:19 +0800] "GET /xingrg/javascript/jquery_tools/jquery.tools.extend.js HTTP/1.1" 304 -
180.161.111.4 - - [16/Jun/2021:10:31:19 +0800] "GET /xingrg/javascript/jquery_tools/jquery.tools.hotkey.js HTTP/1.1" 304 -
180.161.111.4 - - [16/Jun/2021:10:31:19 +0800] "GET /xingrg/javascript/jquery_tools/jquery.tools.table.js HTTP/1.1" 304 -
180.161.111.4 - - [16/Jun/2021:10:31:19 +0800] "GET /xingrg/javascript/jquery_tools/list_manager.js HTTP/1.1" 304 -
180.161.111.4 - - [16/Jun/2021:10:31:19 +0800] "GET /xingrg/javascript/auto/jquery.autocomplete.js HTTP/1.1" 304 -
180.161.111.4 - - [16/Jun/2021:10:31:19 +0800] "GET /xingrg/javascript/easyui/easyloader.js HTTP/1.1" 304 -
180.161.111.4 - - [16/Jun/2021:10:31:19 +0800] "GET /xingrg/javascript/jquery.cookie.js HTTP/1.1" 304 -
116.230.110.80 - - [16/Jun/2021:10:31:19 +0800] "GET /xingrg/kc/buy/cgsh_order_operate.html?command=get_materiel&rest_code=00155&code=00101007091&supplier_code=00100002&order_time=2021-06-16 HTTP/1.1" 200 413
180.161.111.4 - - [16/Jun/2021:10:31:20 +0800] "GET /xingrg/javascript/easyui/themes/icons/field_new.png HTTP/1.1" 304 -
180.161.111.4 - - [16/Jun/2021:10:31:20 +0800] "GET /xingrg/javascript/easyui/plugins/jquery.parser.js HTTP/1.1" 304 -
180.161.111.4 - - [16/Jun/2021:10:31:20 +0800] "GET /xingrg/images/control/ajaxLoader.gif HTTP/1.1" 304 -
180.161.111.4 - - [16/Jun/2021:10:31:20 +0800] "POST /xingrg/kc/mdqp/pssh_list_operate.html HTTP/1.1" 200 5242
180.161.111.4 - - [16/Jun/2021:10:31:21 +0800] "POST /xingrg/kc/mdqp/pssh_list_operate.html HTTP/1.1" 200 544
180.161.111.4 - - [16/Jun/2021:10:31:22 +0800] "GET /xingrg/kc/mdqp/pssh_order_info.html?code=312021061100272 HTTP/1.1" 200 17244
180.161.111.4 - - [16/Jun/2021:10:31:22 +0800] "GET /xingrg/javascript/pic_change.js HTTP/1.1" 304 -
180.161.111.4 - - [16/Jun/2021:10:31:22 +0800] "GET /xingrg/javascript/jquery_tools/jquery-1.4.2.min.js HTTP/1.1" 404 1094
180.161.111.4 - - [16/Jun/2021:10:31:22 +0800] "GET /xingrg/javascript/jquery_tools/order_manager.js HTTP/1.1" 304 -
180.161.111.4 - - [16/Jun/2021:10:31:22 +0800] "GET /xingrg/javascript/convert.js HTTP/1.1" 304 -
180.161.111.4 - - [16/Jun/2021:10:31:22 +0800] "GET /xingrg/javascript/json2.js HTTP/1.1" 304 -
180.161.111.4 - - [16/Jun/2021:10:31:22 +0800] "GET /xingrg/javascript/print/kc_print.js HTTP/1.1" 304 -
180.161.111.4 - - [16/Jun/2021:10:31:22 +0800] "GET /xingrg/javascript/print/LodopFuncs.js HTTP/1.1" 304 -
180.161.111.4 - - [16/Jun/2021:10:31:22 +0800] "GET /xingrg/words/20210615091538_words.js HTTP/1.1" 304 -
180.161.111.4 - - [16/Jun/2021:10:31:23 +0800] "GET /xingrg/javascript/easyui/themes/icons/cance_new.png HTTP/1.1" 304 -
180.161.111.4 - - [16/Jun/2021:10:31:23 +0800] "GET /xingrg/javascript/easyui/themes/icons/ok.png HTTP/1.1" 304 -
180.161.111.4 - - [16/Jun/2021:10:31:23 +0800] "GET /xingrg/javascript/easyui/themes/icons/check_new.png HTTP/1.1" 304 -
180.161.111.4 - - [16/Jun/2021:10:31:23 +0800] "GET /xingrg/javascript/easyui/themes/icons/print.png HTTP/1.1" 304 -
180.161.111.4 - - [16/Jun/2021:10:31:23 +0800] "GET /xingrg/javascript/easyui/themes/default/images/menu_downarrow.png HTTP/1.1" 304 -
180.161.111.4 - - [16/Jun/2021:10:31:23 +0800] "GET /xingrg/javascript/easyui/themes/icons/back_new.png HTTP/1.1" 304 -
180.161.111.4 - - [16/Jun/2021:10:31:23 +0800] "GET /xingrg/javascript/jquery_easy_ui/themes/icons/area.png HTTP/1.1" 304 -
180.161.111.4 - - [16/Jun/2021:10:31:23 +0800] "GET /xingrg/javascript/jquery_easy_ui/themes/icons/rest.png HTTP/1.1" 304 -
180.161.111.4 - - [16/Jun/2021:10:31:23 +0800] "GET /xingrg/javascript/jquery_easy_ui/themes/default/images/tabs_active.png HTTP/1.1" 304 -
180.161.111.4 - - [16/Jun/2021:10:31:23 +0800] "POST /xingrg/kc/mdqp/pssh_order_operate.html HTTP/1.1" 200 2052
180.161.111.4 - - [16/Jun/2021:10:31:23 +0800] "GET /xingrg/all/common/auto_word.html?type=base&rest_code=00102&rest_code=00102 HTTP/1.1" 200 1711
180.161.111.4 - - [16/Jun/2021:10:31:23 +0800] "GET /xingrg/all/common/auto_word.html?type=employee&rest_code=00102 HTTP/1.1" 200 189
180.161.111.4 - - [16/Jun/2021:10:31:23 +0800] "GET /xingrg/javascript/easyui/themes/default/validatebox.css HTTP/1.1" 404 1104
180.161.111.4 - - [16/Jun/2021:10:31:23 +0800] "GET /xingrg/javascript/easyui/plugins/jquery.validatebox.js HTTP/1.1" 304 -
180.161.111.4 - - [16/Jun/2021:10:31:23 +0800] "GET /xingrg/javascript/easyui/plugins/jquery.numberbox.js HTTP/1.1" 304 -
101.85.94.178 - - [16/Jun/2021:10:31:24 +0800] "GET /xingrg/all/function/internal_message.html?_=1623810133397&CODE_STATE=getMsg HTTP/1.1" 200 27
180.161.111.4 - - [16/Jun/2021:10:31:24 +0800] "POST /xingrg/kc/mdqp/pssh_list_operate.html HTTP/1.1" 200 766
120.253.135.82 - - [16/Jun/2021:10:31:24 +0800] "GET /xingrg/dwr/interface/AjaxReportQueryService.js HTTP/1.1" 200 13203
120.253.135.82 - - [16/Jun/2021:10:31:24 +0800] "GET /xingrg/dwr/interface/AjaxQqpsService.js HTTP/1.1" 200 16326
116.230.110.80 - - [16/Jun/2021:10:31:24 +0800] "GET /xingrg/kc/buy/cgsh_order_operate.html?command=get_materiel&rest_code=00155&code=00101007072&supplier_code=00100002&order_time=2021-06-16 HTTP/1.1" 200 413
120.253.135.82 - - [16/Jun/2021:10:31:24 +0800] "GET /xingrg/dwr/engine.js HTTP/1.1" 200 43631
180.161.111.4 - - [16/Jun/2021:10:31:27 +0800] "POST /xingrg/kc/mdqp/pssh_list_operate.html HTTP/1.1" 200 757
180.161.111.4 - - [16/Jun/2021:10:31:28 +0800] "POST /xingrg/kc/mdqp/pssh_list_operate.html HTTP/1.1" 200 787
180.161.111.4 - - [16/Jun/2021:10:31:29 +0800] "POST /xingrg/kc/mdqp/pssh_list_operate.html HTTP/1.1" 200 350
116.235.222.38 - - [16/Jun/2021:10:31:29 +0800] "GET /xingrg/all/function/internal_message.html?_=1623810682636&CODE_STATE=getMsg HTTP/1.1" 200 27
180.161.111.4 - - [16/Jun/2021:10:31:29 +0800] "POST /xingrg/kc/mdqp/pssh_list_operate.html HTTP/1.1" 200 257
180.161.111.4 - - [16/Jun/2021:10:31:30 +0800] "POST /xingrg/kc/mdqp/pssh_list_operate.html HTTP/1.1" 200 639
61.165.42.208 - - [16/Jun/2021:10:31:31 +0800] "GET /xingrg/all/function/internal_message.html?_=1623810689283&CODE_STATE=getMsg HTTP/1.1" 200 27
116.230.110.80 - - [16/Jun/2021:10:31:31 +0800] "GET /xingrg/kc/buy/cgsh_order_operate.html?command=get_materiel&rest_code=00155&code=00101007077&supplier_code=00100002&order_time=2021-06-16 HTTP/1.1" 200 415
180.161.111.4 - - [16/Jun/2021:10:31:31 +0800] "GET /xingrg/kc/mdqp/pssh_order_info.html?code=312021061200320 HTTP/1.1" 200 17275
180.161.111.4 - - [16/Jun/2021:10:31:31 +0800] "GET /xingrg/javascript/jquery_tools/jquery-1.4.2.min.js HTTP/1.1" 404 1094
180.161.111.4 - - [16/Jun/2021:10:31:32 +0800] "POST /xingrg/kc/mdqp/pssh_order_operate.html HTTP/1.1" 200 2572
180.161.111.4 - - [16/Jun/2021:10:31:32 +0800] "GET /xingrg/javascript/easyui/themes/default/validatebox.css HTTP/1.1" 404 1104
180.161.111.4 - - [16/Jun/2021:10:31:35 +0800] "POST /xingrg/kc/mdqp/pssh_list_operate.html HTTP/1.1" 200 3504
114.86.225.49 - - [16/Jun/2021:10:31:37 +0800] "GET /xingrg/all/function/internal_message.html?_=1623810694892&CODE_STATE=getMsg HTTP/1.1" 200 27
180.161.111.4 - - [16/Jun/2021:10:31:38 +0800] "POST /xingrg/kc/mdqp/pssh_list_operate.html HTTP/1.1" 200 5242
180.161.111.4 - - [16/Jun/2021:10:31:39 +0800] "POST /xingrg/kc/mdqp/pssh_list_operate.html HTTP/1.1" 200 787
180.169.147.146 - - [16/Jun/2021:10:31:39 +0800] "GET /xingrg/all/function/internal_message.html?_=1623810695552&CODE_STATE=getMsg HTTP/1.1" 200 27
180.161.111.4 - - [16/Jun/2021:10:31:40 +0800] "POST /xingrg/kc/mdqp/pssh_list_operate.html HTTP/1.1" 200 757
116.230.117.165 - - [16/Jun/2021:10:31:41 +0800] "POST /xingrg/kc/buy/cgsh_order_operate.html HTTP/1.1" 200 37
180.161.111.4 - - [16/Jun/2021:10:31:41 +0800] "GET /xingrg/kc/mdqp/pssh_order_info.html?code=312021061600370 HTTP/1.1" 200 17275
180.161.111.4 - - [16/Jun/2021:10:31:41 +0800] "GET /xingrg/javascript/jquery_tools/jquery-1.4.2.min.js HTTP/1.1" 404 1094
180.161.111.4 - - [16/Jun/2021:10:31:42 +0800] "POST /xingrg/kc/mdqp/pssh_order_operate.html HTTP/1.1" 200 5801
180.161.111.4 - - [16/Jun/2021:10:31:42 +0800] "GET /xingrg/javascript/easyui/themes/default/validatebox.css HTTP/1.1" 404 1104
117.184.7.26 - - [16/Jun/2021:10:31:44 +0800] "GET /xingrg/all/function/internal_message.html?_=1623810695671&CODE_STATE=getMsg HTTP/1.1" 200 27
117.184.7.26 - - [16/Jun/2021:10:31:44 +0800] "GET /xingrg/check_reg.html?_=1623810695673 HTTP/1.1" 200 22
116.230.110.80 - - [16/Jun/2021:10:31:44 +0800] "POST /xingrg/kc/buy/cgsh_order_operate.html HTTP/1.1" 200 37
117.185.32.26 - - [16/Jun/2021:10:31:44 +0800] "GET /xingrg/kc/buy/cgsh_order_operate.html?command=get_materiel&rest_code=00106&code=00101007032&supplier_code=00100328&order_time=2021-06-16 HTTP/1.1" 200 413
116.230.117.165 - - [16/Jun/2021:10:31:44 +0800] "POST /xingrg/kc/buy/cgsh_order_operate.html HTTP/1.1" 200 2659
120.253.135.82 - - [16/Jun/2021:10:31:45 +0800] "GET /xingrg/kc/pszx/mdqp_order_list.html?state=10 HTTP/1.1" 200 10213
116.230.117.165 - - [16/Jun/2021:10:31:45 +0800] "GET /xingrg/all/function/internal_message.html?_=1623810711578&CODE_STATE=getMsg HTTP/1.1" 200 27
116.230.110.80 - - [16/Jun/2021:10:31:46 +0800] "POST /xingrg/kc/buy/cgsh_order_operate.html HTTP/1.1" 200 4432
120.253.135.82 - - [16/Jun/2021:10:31:46 +0800] "GET /xingrg/kc/pszx/mdps_order_list.html?orderType=0 HTTP/1.1" 200 20920
120.253.135.82 - - [16/Jun/2021:10:31:47 +0800] "POST /xingrg/kc/pszx/mdps_list_operate.html HTTP/1.1" 200 5411
116.230.117.165 - - [16/Jun/2021:10:31:47 +0800] "GET /xingrg/kc/print/load_data.html?order_code=212021061607290&kc_code=cgsh&condition= HTTP/1.1" 200 726
180.161.111.4 - - [16/Jun/2021:10:31:49 +0800] "POST /xingrg/kc/mdqp/pssh_list_operate.html HTTP/1.1" 200 5242
116.230.110.80 - - [16/Jun/2021:10:31:49 +0800] "GET /xingrg/kc/print/load_data.html?order_code=212021061607291&kc_code=cgsh&condition= HTTP/1.1" 200 1429
180.161.111.4 - - [16/Jun/2021:10:31:49 +0800] "POST /xingrg/kc/mdqp/pssh_list_operate.html HTTP/1.1" 200 766
180.161.111.4 - - [16/Jun/2021:10:31:51 +0800] "GET /xingrg/kc/mdqp/pssh_order_info.html?code=312021061400353 HTTP/1.1" 200 17273
180.161.111.4 - - [16/Jun/2021:10:31:51 +0800] "GET /xingrg/javascript/jquery_tools/jquery-1.4.2.min.js HTTP/1.1" 404 1094
180.161.111.4 - - [16/Jun/2021:10:31:51 +0800] "POST /xingrg/kc/mdqp/pssh_order_operate.html HTTP/1.1" 200 11727
180.161.111.4 - - [16/Jun/2021:10:31:51 +0800] "GET /xingrg/javascript/easyui/themes/default/validatebox.css HTTP/1.1" 404 1104
180.161.111.4 - - [16/Jun/2021:10:31:52 +0800] "POST /xingrg/kc/mdqp/pssh_list_operate.html HTTP/1.1" 200 5242
180.161.111.4 - - [16/Jun/2021:10:31:52 +0800] "POST /xingrg/kc/mdqp/pssh_list_operate.html HTTP/1.1" 200 257
180.161.111.4 - - [16/Jun/2021:10:31:53 +0800] "POST /xingrg/kc/mdqp/pssh_list_operate.html HTTP/1.1" 200 639
120.253.135.82 - - [16/Jun/2021:10:31:53 +0800] "POST /xingrg/kc/pszx/mdps_list_operate.html HTTP/1.1" 200 2054
180.161.111.4 - - [16/Jun/2021:10:31:53 +0800] "POST /xingrg/kc/mdqp/pssh_list_operate.html HTTP/1.1" 200 787
180.161.111.4 - - [16/Jun/2021:10:31:54 +0800] "POST /xingrg/kc/mdqp/pssh_list_operate.html HTTP/1.1" 200 350
120.253.135.82 - - [16/Jun/2021:10:31:54 +0800] "POST /xingrg/kc/pszx/mdps_list_operate.html HTTP/1.1" 200 292
120.253.135.82 - - [16/Jun/2021:10:31:55 +0800] "GET /xingrg/kc/pszx/mdps_order_info.html?code=312021061400352 HTTP/1.1" 200 23927
120.253.135.82 - - [16/Jun/2021:10:31:55 +0800] "POST /xingrg/kc/pszx/mdps_order_operate.html HTTP/1.1" 200 2791
180.169.147.146 - - [16/Jun/2021:10:31:55 +0800] "GET /xingrg/all/function/internal_message.html?_=1623810712621&CODE_STATE=getMsg HTTP/1.1" 200 27
120.253.135.82 - - [16/Jun/2021:10:31:55 +0800] "GET /xingrg/javascript/easyui/themes/default/validatebox.css HTTP/1.1" 404 1104
117.185.32.26 - - [16/Jun/2021:10:31:56 +0800] "POST /xingrg/kc/buy/cgsh_order_operate.html HTTP/1.1" 200 37
116.230.110.80 - - [16/Jun/2021:10:31:57 +0800] "GET /xingrg/check_reg.html?_=1623810683223 HTTP/1.1" 200 22
116.230.110.80 - - [16/Jun/2021:10:31:57 +0800] "GET /xingrg/all/function/internal_message.html?_=1623810683227&CODE_STATE=getMsg HTTP/1.1" 200 27
120.253.135.82 - - [16/Jun/2021:10:31:59 +0800] "POST /xingrg/kc/pszx/mdps_order_operate.html HTTP/1.1" 200 37
116.230.117.165 - - [16/Jun/2021:10:32:00 +0800] "GET /xingrg/kc/buy/cgsh_order_add.html HTTP/1.1" 200 62472
116.230.117.165 - - [16/Jun/2021:10:32:00 +0800] "POST /xingrg/kc/buy/cgsh_order_operate.html HTTP/1.1" 200 8245
116.230.117.165 - - [16/Jun/2021:10:32:00 +0800] "GET /xingrg/javascript/easyui/themes/default/validatebox.css HTTP/1.1" 404 1104
120.253.135.82 - - [16/Jun/2021:10:32:00 +0800] "POST /xingrg/kc/pszx/mdps_order_operate.html HTTP/1.1" 200 12
117.185.32.26 - - [16/Jun/2021:10:32:02 +0800] "POST /xingrg/kc/buy/cgsh_order_operate.html HTTP/1.1" 200 12
58.37.225.51 - - [16/Jun/2021:10:32:03 +0800] "POST /xingrg/services/DataTransmitService HTTP/1.1" 200 524
180.169.147.146 - - [16/Jun/2021:10:32:03 +0800] "GET /xingrg/all/function/internal_message.html?_=1623810723841&CODE_STATE=getMsg HTTP/1.1" 200 27
117.185.32.26 - - [16/Jun/2021:10:32:04 +0800] "GET /xingrg/kc/buy/cgsh_order_info.html?code=212021061607292 HTTP/1.1" 200 57372
117.185.32.26 - - [16/Jun/2021:10:32:04 +0800] "GET /xingrg/javascript/easyui/themes/default/validatebox.css HTTP/1.1" 404 1104
58.37.225.51 - - [16/Jun/2021:10:32:04 +0800] "POST /xingrg/services/DataTransmitService HTTP/1.1" 200 2243
117.185.32.26 - - [16/Jun/2021:10:32:04 +0800] "POST /xingrg/kc/buy/cgsh_order_operate.html HTTP/1.1" 200 607
58.37.225.51 - - [16/Jun/2021:10:32:05 +0800] "POST /xingrg/services/DataTransmitService HTTP/1.1" 200 167863
116.224.253.72 - - [16/Jun/2021:10:32:05 +0800] "GET /xingrg/all/function/internal_message.html?_=1623810721383&CODE_STATE=getMsg HTTP/1.1" 200 27
117.185.32.26 - - [16/Jun/2021:10:32:07 +0800] "GET /xingrg/kc/print/load_data.html?order_code=212021061607292&kc_code=cgsh&condition= HTTP/1.1" 200 699
120.253.135.82 - - [16/Jun/2021:10:32:08 +0800] "GET /xingrg/kc/pszx/mdps_order_info.html?code=312021061400352 HTTP/1.1" 200 19587
120.253.135.82 - - [16/Jun/2021:10:32:09 +0800] "GET /xingrg/javascript/easyui/themes/default/validatebox.css HTTP/1.1" 404 1104
120.253.135.82 - - [16/Jun/2021:10:32:09 +0800] "POST /xingrg/kc/pszx/mdps_order_operate.html HTTP/1.1" 200 1009
117.185.32.26 - - [16/Jun/2021:10:32:12 +0800] "GET /xingrg/kc/buy/cgsh_order_add.html HTTP/1.1" 200 62466
117.185.32.26 - - [16/Jun/2021:10:32:12 +0800] "POST /xingrg/kc/buy/cgsh_order_operate.html HTTP/1.1" 200 8245
117.185.32.26 - - [16/Jun/2021:10:32:12 +0800] "GET /xingrg/javascript/easyui/themes/default/validatebox.css HTTP/1.1" 404 1104
120.253.135.82 - - [16/Jun/2021:10:32:12 +0800] "POST /xingrg/kc/pszx/mdps_list_operate.html HTTP/1.1" 200 445
180.169.147.146 - - [16/Jun/2021:10:32:13 +0800] "GET /xingrg/all/function/internal_message.html?_=1623810730477&CODE_STATE=getMsg HTTP/1.1" 200 27
120.253.135.82 - - [16/Jun/2021:10:32:13 +0800] "GET /xingrg/kc/pszx/mdps_order_info.html?code=312021061500365 HTTP/1.1" 200 23929
222.69.128.91 - - [16/Jun/2021:10:32:13 +0800] "GET /xingrg/check_reg.html?_=1623810728165 HTTP/1.1" 200 22
222.69.128.91 - - [16/Jun/2021:10:32:13 +0800] "GET /xingrg/all/function/internal_message.html?_=1623810728163&CODE_STATE=getMsg HTTP/1.1" 200 27
120.253.135.82 - - [16/Jun/2021:10:32:13 +0800] "GET /xingrg/javascript/easyui/themes/default/validatebox.css HTTP/1.1" 404 1104
120.253.135.82 - - [16/Jun/2021:10:32:13 +0800] "POST /xingrg/kc/pszx/mdps_order_operate.html HTTP/1.1" 200 3778
117.185.32.26 - - [16/Jun/2021:10:32:14 +0800] "GET /xingrg/javascript/easyui/themes/default/tree.css HTTP/1.1" 404 1090
117.185.32.26 - - [16/Jun/2021:10:32:14 +0800] "POST /xingrg/all/common/load_tree.html?tree=supplier_tree_json&isDelete=1 HTTP/1.1" 200 56029
120.253.135.82 - - [16/Jun/2021:10:32:17 +0800] "POST /xingrg/kc/pszx/mdps_order_operate.html HTTP/1.1" 200 37
180.161.111.4 - - [16/Jun/2021:10:32:17 +0800] "GET /xingrg/all/function/internal_message.html?_=1623810734752&CODE_STATE=getMsg HTTP/1.1" 200 27
120.253.135.82 - - [16/Jun/2021:10:32:18 +0800] "POST /xingrg/kc/pszx/mdps_order_operate.html HTTP/1.1" 200 12
120.253.135.82 - - [16/Jun/2021:10:32:20 +0800] "GET /xingrg/kc/pszx/mdps_order_info.html?code=312021061500365 HTTP/1.1" 200 19589
120.253.135.82 - - [16/Jun/2021:10:32:21 +0800] "POST /xingrg/kc/pszx/mdps_order_operate.html HTTP/1.1" 200 1988
120.253.135.82 - - [16/Jun/2021:10:32:21 +0800] "GET /xingrg/javascript/easyui/themes/default/validatebox.css HTTP/1.1" 404 1104
116.230.117.165 - - [16/Jun/2021:10:32:22 +0800] "GET /xingrg/kc/buy/cgsh_order_operate.html?command=get_materiel&rest_code=00146&code=00101007081&supplier_code=00100002&order_time=2021-06-16 HTTP/1.1" 200 415
120.253.135.82 - - [16/Jun/2021:10:32:23 +0800] "POST /xingrg/kc/pszx/mdps_list_operate.html HTTP/1.1" 200 868
117.185.32.26 - - [16/Jun/2021:10:32:24 +0800] "POST /xingrg/services/DataTransmitService HTTP/1.1" 200 524
101.85.94.178 - - [16/Jun/2021:10:32:24 +0800] "GET /xingrg/all/function/internal_message.html?_=1623810193400&CODE_STATE=getMsg HTTP/1.1" 200 27
117.185.32.26 - - [16/Jun/2021:10:32:24 +0800] "POST /xingrg/services/DataTransmitService HTTP/1.1" 200 2507
116.230.117.165 - - [16/Jun/2021:10:32:25 +0800] "GET /xingrg/check_reg.html?_=1623810742188 HTTP/1.1" 302 -
117.185.32.26 - - [16/Jun/2021:10:32:25 +0800] "POST /xingrg/services/DataTransmitService HTTP/1.1" 200 147907
116.235.222.38 - - [16/Jun/2021:10:32:29 +0800] "GET /xingrg/all/function/internal_message.html?_=1623810742608&CODE_STATE=getMsg HTTP/1.1" 200 27
117.185.32.26 - - [16/Jun/2021:10:32:31 +0800] "GET /xingrg/kc/buy/cgsh_order_operate.html?command=get_materiel&rest_code=00106&code=00101005037&supplier_code=00100334&order_time=2021-06-16 HTTP/1.1" 200 409
61.165.42.208 - - [16/Jun/2021:10:32:31 +0800] "GET /xingrg/all/function/internal_message.html?_=1623810749311&CODE_STATE=getMsg HTTP/1.1" 200 27
114.86.225.49 - - [16/Jun/2021:10:32:37 +0800] "GET /xingrg/all/function/internal_message.html?_=1623810754897&CODE_STATE=getMsg HTTP/1.1" 200 27
120.253.135.82 - - [16/Jun/2021:10:32:38 +0800] "POST /xingrg/kc/pszx/mdps_list_operate.html HTTP/1.1" 200 3555
120.253.135.82 - - [16/Jun/2021:10:32:39 +0800] "POST /xingrg/kc/pszx/mdps_list_operate.html HTTP/1.1" 200 641
180.169.147.146 - - [16/Jun/2021:10:32:39 +0800] "GET /xingrg/check_reg.html?_=1623810755550 HTTP/1.1" 200 22
180.169.147.146 - - [16/Jun/2021:10:32:39 +0800] "GET /xingrg/all/function/internal_message.html?_=1623810755554&CODE_STATE=getMsg HTTP/1.1" 200 27
120.253.135.82 - - [16/Jun/2021:10:32:40 +0800] "GET /xingrg/kc/pszx/mdps_order_info.html?code=312021061400350 HTTP/1.1" 200 23929
120.253.135.82 - - [16/Jun/2021:10:32:41 +0800] "POST /xingrg/kc/pszx/mdps_order_operate.html HTTP/1.1" 200 18247
120.253.135.82 - - [16/Jun/2021:10:32:41 +0800] "GET /xingrg/javascript/easyui/themes/default/validatebox.css HTTP/1.1" 404 1104
101.93.222.235 - - [16/Jun/2021:10:32:42 +0800] "GET /favicon.ico HTTP/1.1" 404 -
117.185.32.26 - - [16/Jun/2021:10:32:44 +0800] "POST /xingrg/kc/buy/cgsh_order_operate.html HTTP/1.1" 200 37
116.230.117.165 - - [16/Jun/2021:10:32:45 +0800] "GET /xingrg/all/function/internal_message.html?_=1623810771591&CODE_STATE=getMsg HTTP/1.1" 200 27
117.184.7.26 - - [16/Jun/2021:10:32:46 +0800] "GET /xingrg/all/function/internal_message.html?_=1623810755675&CODE_STATE=getMsg HTTP/1.1" 200 27
180.169.147.146 - - [16/Jun/2021:10:32:48 +0800] "GET /favicon.ico HTTP/1.1" 404 -
120.253.135.82 - - [16/Jun/2021:10:32:48 +0800] "POST /xingrg/kc/pszx/mdps_order_operate.html HTTP/1.1" 200 37
117.185.32.26 - - [16/Jun/2021:10:32:49 +0800] "POST /xingrg/kc/buy/cgsh_order_operate.html HTTP/1.1" 200 12
120.253.135.82 - - [16/Jun/2021:10:32:50 +0800] "POST /xingrg/kc/pszx/mdps_order_operate.html HTTP/1.1" 200 12
117.185.32.26 - - [16/Jun/2021:10:32:50 +0800] "GET /xingrg/kc/buy/cgsh_order_info.html?code=212021061607293 HTTP/1.1" 200 57372
117.185.32.26 - - [16/Jun/2021:10:32:50 +0800] "GET /xingrg/javascript/easyui/themes/default/validatebox.css HTTP/1.1" 404 1104
117.185.32.26 - - [16/Jun/2021:10:32:51 +0800] "POST /xingrg/kc/buy/cgsh_order_operate.html HTTP/1.1" 200 603
117.185.32.26 - - [16/Jun/2021:10:32:53 +0800] "GET /xingrg/kc/print/load_data.html?order_code=212021061607293&kc_code=cgsh&condition= HTTP/1.1" 200 701
180.169.147.146 - - [16/Jun/2021:10:32:55 +0800] "GET /xingrg/all/function/internal_message.html?_=1623810772598&CODE_STATE=getMsg HTTP/1.1" 200 27
116.230.110.80 - - [16/Jun/2021:10:32:57 +0800] "GET /xingrg/all/function/internal_message.html?_=1623810743223&CODE_STATE=getMsg HTTP/1.1" 200 27
117.185.32.26 - - [16/Jun/2021:10:32:58 +0800] "GET /xingrg/kc/buy/cgsh_order_add.html HTTP/1.1" 200 62466
117.185.32.26 - - [16/Jun/2021:10:32:58 +0800] "POST /xingrg/kc/buy/cgsh_order_operate.html HTTP/1.1" 200 8245
117.185.32.26 - - [16/Jun/2021:10:32:58 +0800] "GET /xingrg/javascript/easyui/themes/default/validatebox.css HTTP/1.1" 404 1104
120.253.135.82 - - [16/Jun/2021:10:32:59 +0800] "GET /xingrg/kc/pszx/mdps_order_info.html?code=312021061400350 HTTP/1.1" 200 19589
117.185.32.26 - - [16/Jun/2021:10:32:59 +0800] "GET /xingrg/all/function/internal_message.html?_=1623811305500&CODE_STATE=getMsg HTTP/1.1" 200 27
120.253.135.82 - - [16/Jun/2021:10:32:59 +0800] "POST /xingrg/kc/pszx/mdps_order_operate.html HTTP/1.1" 200 16335
120.253.135.82 - - [16/Jun/2021:10:32:59 +0800] "GET /xingrg/javascript/easyui/themes/default/validatebox.css HTTP/1.1" 404 1104
117.185.32.26 - - [16/Jun/2021:10:33:00 +0800] "GET /xingrg/javascript/easyui/themes/default/tree.css HTTP/1.1" 404 1090
117.185.32.26 - - [16/Jun/2021:10:33:00 +0800] "POST /xingrg/all/common/load_tree.html?tree=supplier_tree_json&isDelete=1 HTTP/1.1" 200 56029
180.169.147.146 - - [16/Jun/2021:10:33:03 +0800] "GET /xingrg/check_reg.html?_=1623810783848 HTTP/1.1" 200 22
180.169.147.146 - - [16/Jun/2021:10:33:03 +0800] "GET /xingrg/all/function/internal_message.html?_=1623810783851&CODE_STATE=getMsg HTTP/1.1" 200 27
116.224.253.72 - - [16/Jun/2021:10:33:05 +0800] "GET /xingrg/all/function/internal_message.html?_=1623810781386&CODE_STATE=getMsg HTTP/1.1" 200 27
120.253.135.82 - - [16/Jun/2021:10:33:06 +0800] "POST /xingrg/kc/pszx/mdps_list_operate.html HTTP/1.1" 200 3185
180.161.111.4 - - [16/Jun/2021:10:33:07 +0800] "POST /xingrg/kc/mdqp/pssh_list_operate.html HTTP/1.1" 200 757
