117.185.32.26 - - [16/Jun/2021:09:40:59 +0800] "GET /xingrg/all/function/internal_message.html?_=1623808185151&CODE_STATE=getMsg HTTP/1.1" 200 27
114.86.225.49 - - [16/Jun/2021:09:41:01 +0800] "POST /xingrg/kc/buy/cgsh_order_operate.html HTTP/1.1" 200 3834
114.86.225.49 - - [16/Jun/2021:09:41:03 +0800] "GET /xingrg/kc/print/load_config.html?kc_code=cgsh HTTP/1.1" 200 1845
114.86.225.49 - - [16/Jun/2021:09:41:03 +0800] "GET /xingrg/kc/print/load_data.html?order_code=212021061607248&kc_code=cgsh&condition= HTTP/1.1" 200 1096
116.224.253.72 - - [16/Jun/2021:09:41:05 +0800] "GET /xingrg/all/function/internal_message.html?_=1623807661130&CODE_STATE=getMsg HTTP/1.1" 200 27
180.169.147.146 - - [16/Jun/2021:09:41:13 +0800] "GET /xingrg/all/function/internal_message.html?_=1623807670483&CODE_STATE=getMsg HTTP/1.1" 200 27
222.69.128.91 - - [16/Jun/2021:09:41:13 +0800] "GET /xingrg/all/function/internal_message.html?_=1623807667971&CODE_STATE=getMsg HTTP/1.1" 200 27
222.70.177.90 - - [16/Jun/2021:09:41:17 +0800] "GET /xingrg/all/function/internal_message.html?_=1623807672564&CODE_STATE=getMsg HTTP/1.1" 200 27
116.224.253.72 - - [16/Jun/2021:09:41:22 +0800] "GET /xingrg/check_reg.html?_=1623807669138 HTTP/1.1" 200 22
116.224.253.72 - - [16/Jun/2021:09:41:23 +0800] "GET /xingrg/all/function/internal_message.html?_=1623807669785&CODE_STATE=getMsg HTTP/1.1" 200 27
116.235.222.38 - - [16/Jun/2021:09:41:29 +0800] "GET /xingrg/all/function/internal_message.html?_=1623807682472&CODE_STATE=getMsg HTTP/1.1" 200 27
61.165.42.208 - - [16/Jun/2021:09:41:31 +0800] "GET /xingrg/all/function/internal_message.html?_=1623807689229&CODE_STATE=getMsg HTTP/1.1" 200 27
114.86.225.49 - - [16/Jun/2021:09:41:37 +0800] "GET /xingrg/all/function/internal_message.html?_=1623807694779&CODE_STATE=getMsg HTTP/1.1" 200 27
116.230.117.165 - - [16/Jun/2021:09:41:46 +0800] "GET /xingrg/all/function/internal_message.html?_=1623807713180&CODE_STATE=getMsg HTTP/1.1" 200 27
180.169.147.146 - - [16/Jun/2021:09:41:52 +0800] "GET /xingrg/all/function/internal_message.html?_=1623807709070&CODE_STATE=getMsg HTTP/1.1" 200 27
180.169.147.146 - - [16/Jun/2021:09:41:55 +0800] "GET /xingrg/all/function/internal_message.html?_=1623807712618&CODE_STATE=getMsg HTTP/1.1" 200 27
117.185.32.26 - - [16/Jun/2021:09:41:59 +0800] "GET /xingrg/all/function/internal_message.html?_=1623808245154&CODE_STATE=getMsg HTTP/1.1" 200 27
116.224.253.72 - - [16/Jun/2021:09:42:05 +0800] "GET /xingrg/all/function/internal_message.html?_=1623807721143&CODE_STATE=getMsg HTTP/1.1" 200 27
180.169.147.146 - - [16/Jun/2021:09:42:13 +0800] "GET /xingrg/all/function/internal_message.html?_=1623807730474&CODE_STATE=getMsg HTTP/1.1" 200 27
222.69.128.91 - - [16/Jun/2021:09:42:13 +0800] "GET /xingrg/check_reg.html?_=1623807727971 HTTP/1.1" 200 22
222.69.128.91 - - [16/Jun/2021:09:42:13 +0800] "GET /xingrg/all/function/internal_message.html?_=1623807727975&CODE_STATE=getMsg HTTP/1.1" 200 27
222.70.177.90 - - [16/Jun/2021:09:42:17 +0800] "GET /xingrg/all/function/internal_message.html?_=1623807732548&CODE_STATE=getMsg HTTP/1.1" 200 27
116.230.117.165 - - [16/Jun/2021:09:42:21 +0800] "GET /xingrg/check_reg.html?_=1623807747793 HTTP/1.1" 200 22
116.224.253.72 - - [16/Jun/2021:09:42:23 +0800] "GET /xingrg/all/function/internal_message.html?_=1623807729799&CODE_STATE=getMsg HTTP/1.1" 200 27
116.230.117.165 - - [16/Jun/2021:09:42:25 +0800] "GET /xingrg/check_reg.html?_=1623807742380 HTTP/1.1" 302 -
116.235.222.38 - - [16/Jun/2021:09:42:29 +0800] "GET /xingrg/all/function/internal_message.html?_=1623807742477&CODE_STATE=getMsg HTTP/1.1" 200 27
61.165.42.208 - - [16/Jun/2021:09:42:31 +0800] "GET /xingrg/all/function/internal_message.html?_=1623807749229&CODE_STATE=getMsg HTTP/1.1" 200 27
222.70.177.90 - - [16/Jun/2021:09:42:34 +0800] "GET /xingrg/check_reg.html?_=1623807750085 HTTP/1.1" 200 22
114.86.225.49 - - [16/Jun/2021:09:42:37 +0800] "GET /xingrg/all/function/internal_message.html?_=1623807754781&CODE_STATE=getMsg HTTP/1.1" 200 27
116.230.117.165 - - [16/Jun/2021:09:42:46 +0800] "GET /xingrg/all/function/internal_message.html?_=1623807773190&CODE_STATE=getMsg HTTP/1.1" 200 27
180.169.147.146 - - [16/Jun/2021:09:42:52 +0800] "GET /xingrg/all/function/internal_message.html?_=1623807769075&CODE_STATE=getMsg HTTP/1.1" 200 27
180.169.147.146 - - [16/Jun/2021:09:42:55 +0800] "GET /xingrg/all/function/internal_message.html?_=1623807772612&CODE_STATE=getMsg HTTP/1.1" 200 27
117.185.32.26 - - [16/Jun/2021:09:42:59 +0800] "GET /xingrg/all/function/internal_message.html?_=1623808305146&CODE_STATE=getMsg HTTP/1.1" 200 27
116.224.253.72 - - [16/Jun/2021:09:43:05 +0800] "GET /xingrg/all/function/internal_message.html?_=1623807781149&CODE_STATE=getMsg HTTP/1.1" 200 27
180.169.147.146 - - [16/Jun/2021:09:43:13 +0800] "GET /xingrg/all/function/internal_message.html?_=1623807790481&CODE_STATE=getMsg HTTP/1.1" 200 27
222.69.128.91 - - [16/Jun/2021:09:43:13 +0800] "GET /xingrg/all/function/internal_message.html?_=1623807787974&CODE_STATE=getMsg HTTP/1.1" 200 27
222.70.177.90 - - [16/Jun/2021:09:43:17 +0800] "GET /xingrg/all/function/internal_message.html?_=1623807792518&CODE_STATE=getMsg HTTP/1.1" 200 27
101.85.94.178 - - [16/Jun/2021:09:43:18 +0800] "GET /xingrg HTTP/1.1" 302 -
101.85.94.178 - - [16/Jun/2021:09:43:18 +0800] "GET /xingrg/ HTTP/1.1" 200 292
101.85.94.178 - - [16/Jun/2021:09:43:20 +0800] "GET /xingrg/index.html HTTP/1.1" 302 -
101.85.94.178 - - [16/Jun/2021:09:43:20 +0800] "GET /xingrg/login.html HTTP/1.1" 200 7641
101.85.94.178 - - [16/Jun/2021:09:43:20 +0800] "GET /favicon.ico HTTP/1.1" 404 -
101.85.94.178 - - [16/Jun/2021:09:43:20 +0800] "GET /xingrg/images/blue/jxLogo.png HTTP/1.1" 200 6156
101.85.94.178 - - [16/Jun/2021:09:43:21 +0800] "GET /xingrg/images/blue/hj.png HTTP/1.1" 200 1014
101.85.94.178 - - [16/Jun/2021:09:43:21 +0800] "GET /xingrg/images/blue/srbg.png HTTP/1.1" 200 138
101.85.94.178 - - [16/Jun/2021:09:43:21 +0800] "GET /xingrg/images/blue/login_bg.png HTTP/1.1" 200 22101
101.85.94.178 - - [16/Jun/2021:09:43:21 +0800] "GET /favicon.ico HTTP/1.1" 404 -
101.85.94.178 - - [16/Jun/2021:09:43:22 +0800] "POST /xingrg/login.do HTTP/1.1" 302 -
101.85.94.178 - - [16/Jun/2021:09:43:22 +0800] "GET /xingrg/javascript/jquery_easy_ui/themes/icon.css HTTP/1.1" 200 3949
101.85.94.178 - - [16/Jun/2021:09:43:22 +0800] "GET /xingrg/index.html?sysBaseUrl=http%3A%2F%2F180.169.147.146%3A18081%2Fxingrg%2F&costTime=40×tamp=1623807802846 HTTP/1.1" 200 17179
101.85.94.178 - - [16/Jun/2021:09:43:22 +0800] "GET /xingrg/javascript/jquery_easy_ui/jquery.easyui.min.js HTTP/1.1" 200 213662
101.85.94.178 - - [16/Jun/2021:09:43:22 +0800] "GET /xingrg/javascript/jquery-1.4.2.min.js HTTP/1.1" 200 72205
101.85.94.178 - - [16/Jun/2021:09:43:22 +0800] "GET /xingrg/css/form.css HTTP/1.1" 200 893
101.85.94.178 - - [16/Jun/2021:09:43:22 +0800] "GET /xingrg/javascript/jquery_easy_ui/easyui-lang-zh_CN.js HTTP/1.1" 200 1900
101.85.94.178 - - [16/Jun/2021:09:43:22 +0800] "GET /xingrg/javascript/jquery.timers.js HTTP/1.1" 200 3532
101.85.94.178 - - [16/Jun/2021:09:43:22 +0800] "GET /xingrg/javascript/jquery_easy_ui/themes/default/easyui.css HTTP/1.1" 200 26500
101.85.94.178 - - [16/Jun/2021:09:43:22 +0800] "GET /xingrg/javascript/jquery.utils.js HTTP/1.1" 200 11805
101.85.94.178 - - [16/Jun/2021:09:43:22 +0800] "GET /xingrg/javascript/jquery.form.js HTTP/1.1" 200 23110
101.85.94.178 - - [16/Jun/2021:09:43:23 +0800] "GET /favicon.ico HTTP/1.1" 404 -
116.224.253.72 - - [16/Jun/2021:09:43:23 +0800] "GET /xingrg/all/function/internal_message.html?_=1623807789812&CODE_STATE=getMsg HTTP/1.1" 200 27
101.85.94.178 - - [16/Jun/2021:09:43:24 +0800] "GET /xingrg/javascript/jquery_easy_ui/themes/icons/settle_new.png HTTP/1.1" 200 826
101.85.94.178 - - [16/Jun/2021:09:43:24 +0800] "GET /xingrg/images/blue/navBackgound.jpg HTTP/1.1" 200 12378
101.85.94.178 - - [16/Jun/2021:09:43:24 +0800] "POST /xingrg/all/common/load_tree.html?tree=area_rest_tree_json&manage=1 HTTP/1.1" 200 351
101.85.94.178 - - [16/Jun/2021:09:43:24 +0800] "GET /xingrg/all/function/internal_message.html?_=1623807253309&CODE_STATE=count HTTP/1.1" 200 11
101.85.94.178 - - [16/Jun/2021:09:43:24 +0800] "GET /xingrg/check_reg.html?_=1623807253310 HTTP/1.1" 200 22
101.85.94.178 - - [16/Jun/2021:09:43:24 +0800] "GET /xingrg/javascript/jquery_easy_ui/themes/default/images/tabs_leftarrow.png HTTP/1.1" 200 389
101.85.94.178 - - [16/Jun/2021:09:43:24 +0800] "GET /xingrg/images/blue/pingpu.png HTTP/1.1" 200 231
101.85.94.178 - - [16/Jun/2021:09:43:24 +0800] "GET /xingrg/javascript/jquery_easy_ui/themes/default/images/panel_tool_collapse.gif HTTP/1.1" 200 246
101.85.94.178 - - [16/Jun/2021:09:43:24 +0800] "GET /xingrg/javascript/jquery_easy_ui/themes/default/images/tabs_rightarrow.png HTTP/1.1" 200 395
101.85.94.178 - - [16/Jun/2021:09:43:24 +0800] "GET /xingrg/javascript/jquery_easy_ui/themes/default/images/tree_arrows.gif HTTP/1.1" 200 1043
101.85.94.178 - - [16/Jun/2021:09:43:24 +0800] "POST /xingrg/load_menu.html HTTP/1.1" 200 5138
101.85.94.178 - - [16/Jun/2021:09:43:24 +0800] "GET /xingrg/javascript/jquery_easy_ui/themes/icons/search_new.png HTTP/1.1" 200 586
101.85.94.178 - - [16/Jun/2021:09:43:24 +0800] "GET /xingrg/javascript/jquery_easy_ui/themes/icons/storage_new.png HTTP/1.1" 200 853
101.85.94.178 - - [16/Jun/2021:09:43:24 +0800] "GET /xingrg/javascript/jquery_easy_ui/themes/default/images/tree_folder_open.gif HTTP/1.1" 200 956
101.85.94.178 - - [16/Jun/2021:09:43:24 +0800] "GET /xingrg/javascript/jquery_easy_ui/themes/default/images/tree_folder.gif HTTP/1.1" 200 952
101.85.94.178 - - [16/Jun/2021:09:43:24 +0800] "GET /xingrg/javascript/jquery_easy_ui/themes/icons/forms_new.png HTTP/1.1" 200 350
101.85.94.178 - - [16/Jun/2021:09:43:24 +0800] "GET /xingrg/javascript/jquery_easy_ui/themes/default/images/tree_file.gif HTTP/1.1" 200 118
116.235.222.38 - - [16/Jun/2021:09:43:29 +0800] "GET /xingrg/all/function/internal_message.html?_=1623807802477&CODE_STATE=getMsg HTTP/1.1" 200 27
101.85.94.178 - - [16/Jun/2021:09:43:30 +0800] "GET /xingrg/javascript/jquery_easy_ui/themes/default/images/tabs_close.gif HTTP/1.1" 200 829
101.85.94.178 - - [16/Jun/2021:09:43:30 +0800] "GET /xingrg/javascript/jquery_tools/datebox.css HTTP/1.1" 200 2597
101.85.94.178 - - [16/Jun/2021:09:43:30 +0800] "GET /xingrg/javascript/easyui/themes/icon.css HTTP/1.1" 200 4483
101.85.94.178 - - [16/Jun/2021:09:43:30 +0800] "GET /xingrg/css/base.css HTTP/1.1" 200 2811
101.85.94.178 - - [16/Jun/2021:09:43:30 +0800] "GET /xingrg/javascript/jquery_tools/fix.css HTTP/1.1" 200 1702
101.85.94.178 - - [16/Jun/2021:09:43:30 +0800] "GET /xingrg/css/site.css HTTP/1.1" 200 7541
101.85.94.178 - - [16/Jun/2021:09:43:30 +0800] "GET /xingrg/javascript/auto/jquery.autocomplete.css HTTP/1.1" 200 587
101.85.94.178 - - [16/Jun/2021:09:43:30 +0800] "GET /xingrg/javascript/jquery_tools/table.css HTTP/1.1" 200 1032
101.85.94.178 - - [16/Jun/2021:09:43:30 +0800] "GET /xingrg/javascript/jquery_tools/jquery.tools.min.js HTTP/1.1" 200 138801
101.85.94.178 - - [16/Jun/2021:09:43:30 +0800] "GET /xingrg/kc/buy/cgsh_order_list.html HTTP/1.1" 200 46734
101.85.94.178 - - [16/Jun/2021:09:43:30 +0800] "GET /xingrg/javascript/jquery_tools/jquery.tools.hotkey.js HTTP/1.1" 200 3242
101.85.94.178 - - [16/Jun/2021:09:43:30 +0800] "GET /xingrg/javascript/jquery_tools/jquery.tools.table.js HTTP/1.1" 200 6994
101.85.94.178 - - [16/Jun/2021:09:43:30 +0800] "GET /xingrg/javascript/jquery_tools/list_manager.js HTTP/1.1" 200 3652
101.85.94.178 - - [16/Jun/2021:09:43:30 +0800] "GET /xingrg/javascript/jquery_tools/jquery.tools.extend.js HTTP/1.1" 200 15385
101.85.94.178 - - [16/Jun/2021:09:43:30 +0800] "GET /xingrg/javascript/jquery.cookie.js HTTP/1.1" 200 5513
101.85.94.178 - - [16/Jun/2021:09:43:30 +0800] "GET /xingrg/javascript/easyui/easyloader.js HTTP/1.1" 200 5975
101.85.94.178 - - [16/Jun/2021:09:43:30 +0800] "GET /xingrg/javascript/print/LodopFuncs.js HTTP/1.1" 200 5121
101.85.94.178 - - [16/Jun/2021:09:43:30 +0800] "GET /xingrg/javascript/auto/jquery.autocomplete.js HTTP/1.1" 200 21624
101.85.94.178 - - [16/Jun/2021:09:43:30 +0800] "GET /xingrg/javascript/easyui/themes/default/easyui.css HTTP/1.1" 200 30432
61.165.42.208 - - [16/Jun/2021:09:43:31 +0800] "GET /xingrg/check_reg.html?_=1623807809229 HTTP/1.1" 200 22
61.165.42.208 - - [16/Jun/2021:09:43:31 +0800] "GET /xingrg/all/function/internal_message.html?_=1623807809232&CODE_STATE=getMsg HTTP/1.1" 200 27
101.85.94.178 - - [16/Jun/2021:09:43:32 +0800] "GET /xingrg/javascript/easyui/themes/icons/edit_add_new.png HTTP/1.1" 200 2997
101.85.94.178 - - [16/Jun/2021:09:43:32 +0800] "GET /xingrg/javascript/easyui/themes/icons/cance_new.png HTTP/1.1" 200 3986
101.85.94.178 - - [16/Jun/2021:09:43:32 +0800] "GET /xingrg/javascript/easyui/themes/icons/field_new.png HTTP/1.1" 200 1097
101.85.94.178 - - [16/Jun/2021:09:43:32 +0800] "GET /xingrg/javascript/easyui/themes/icons/check_new.png HTTP/1.1" 200 3224
101.85.94.178 - - [16/Jun/2021:09:43:32 +0800] "GET /xingrg/javascript/easyui/themes/icons/import_new.png HTTP/1.1" 200 1247
101.85.94.178 - - [16/Jun/2021:09:43:33 +0800] "GET /xingrg/javascript/easyui/plugins/jquery.parser.js HTTP/1.1" 200 1142
101.85.94.178 - - [16/Jun/2021:09:43:33 +0800] "GET /xingrg/images/control/ajaxLoader.gif HTTP/1.1" 200 4659
101.85.94.178 - - [16/Jun/2021:09:43:33 +0800] "POST /xingrg/kc/buy/cgsh_list_operate.html HTTP/1.1" 200 876
101.85.94.178 - - [16/Jun/2021:09:43:34 +0800] "GET /xingrg/javascript/easyui/themes/default/images/button_plain_hover.png HTTP/1.1" 200 144
101.85.94.178 - - [16/Jun/2021:09:43:35 +0800] "GET /xingrg/javascript/pic_change.js HTTP/1.1" 200 4739
101.85.94.178 - - [16/Jun/2021:09:43:35 +0800] "GET /xingrg/javascript/convert.js HTTP/1.1" 200 1239
101.85.94.178 - - [16/Jun/2021:09:43:35 +0800] "GET /xingrg/javascript/json2.js HTTP/1.1" 200 11259
101.85.94.178 - - [16/Jun/2021:09:43:35 +0800] "GET /xingrg/javascript/jquery_tools/order_manager.js HTTP/1.1" 200 11183
101.85.94.178 - - [16/Jun/2021:09:43:35 +0800] "GET /xingrg/javascript/print/kc_print.js HTTP/1.1" 200 11415
101.85.94.178 - - [16/Jun/2021:09:43:35 +0800] "GET /xingrg/kc/buy/cgsh_order_add.html HTTP/1.1" 200 61585
101.85.94.178 - - [16/Jun/2021:09:43:35 +0800] "GET /xingrg/javascript/easyui/themes/icons/copy_new.png HTTP/1.1" 200 815
101.85.94.178 - - [16/Jun/2021:09:43:35 +0800] "GET /xingrg/javascript/easyui/themes/icons/ok.png HTTP/1.1" 200 883
101.85.94.178 - - [16/Jun/2021:09:43:35 +0800] "GET /xingrg/javascript/easyui/themes/icons/template_new.png HTTP/1.1" 200 3956
101.85.94.178 - - [16/Jun/2021:09:43:35 +0800] "GET /xingrg/javascript/easyui/themes/icons/print.png HTTP/1.1" 200 1057
101.85.94.178 - - [16/Jun/2021:09:43:35 +0800] "GET /xingrg/words/20210615091538_words.js HTTP/1.1" 200 821221
101.85.94.178 - - [16/Jun/2021:09:43:35 +0800] "GET /xingrg/javascript/easyui/themes/icons/cancel.png HTTP/1.1" 200 1133
101.85.94.178 - - [16/Jun/2021:09:43:35 +0800] "GET /xingrg/javascript/easyui/themes/default/images/menu_downarrow.png HTTP/1.1" 200 173
101.85.94.178 - - [16/Jun/2021:09:43:35 +0800] "POST /xingrg/kc/buy/cgsh_order_operate.html HTTP/1.1" 200 8245
101.85.94.178 - - [16/Jun/2021:09:43:35 +0800] "GET /xingrg/all/common/auto_word.html?type=employee&rest_code=00142 HTTP/1.1" 200 105
101.85.94.178 - - [16/Jun/2021:09:43:35 +0800] "GET /xingrg/all/common/auto_word.html?type=employee&rest_code=00142 HTTP/1.1" 200 105
101.85.94.178 - - [16/Jun/2021:09:43:35 +0800] "GET /xingrg/javascript/easyui/themes/default/validatebox.css HTTP/1.1" 404 1104
101.85.94.178 - - [16/Jun/2021:09:43:35 +0800] "GET /xingrg/javascript/easyui/plugins/jquery.validatebox.js HTTP/1.1" 200 6103
101.85.94.178 - - [16/Jun/2021:09:43:35 +0800] "GET /xingrg/javascript/easyui/plugins/jquery.numberbox.js HTTP/1.1" 200 5213
101.85.94.178 - - [16/Jun/2021:09:43:35 +0800] "GET /xingrg/javascript/easyui/themes/icons/edit_remove.png HTTP/1.1" 200 625
101.85.94.178 - - [16/Jun/2021:09:43:36 +0800] "GET /xingrg/javascript/auto/indicator.gif HTTP/1.1" 404 1066
114.86.225.49 - - [16/Jun/2021:09:43:37 +0800] "GET /xingrg/all/function/internal_message.html?_=1623807814787&CODE_STATE=getMsg HTTP/1.1" 200 27
116.230.117.165 - - [16/Jun/2021:09:43:46 +0800] "GET /xingrg/all/function/internal_message.html?_=1623807833204&CODE_STATE=getMsg HTTP/1.1" 200 27
101.85.94.178 - - [16/Jun/2021:09:43:51 +0800] "GET /xingrg/kc/buy/cgsh_order_operate.html?command=get_materiel&rest_code=00142&code=00101021030&supplier_code=00100207&order_time=2021-06-16 HTTP/1.1" 200 409
180.169.147.146 - - [16/Jun/2021:09:43:52 +0800] "GET /xingrg/all/function/internal_message.html?_=1623807829062&CODE_STATE=getMsg HTTP/1.1" 200 27
180.169.147.146 - - [16/Jun/2021:09:43:55 +0800] "GET /xingrg/all/function/internal_message.html?_=1623807832614&CODE_STATE=getMsg HTTP/1.1" 200 27
117.185.32.26 - - [16/Jun/2021:09:43:59 +0800] "GET /xingrg/all/function/internal_message.html?_=1623808365145&CODE_STATE=getMsg HTTP/1.1" 200 27
117.185.32.26 - - [16/Jun/2021:09:43:59 +0800] "GET /xingrg/check_reg.html?_=1623808365148 HTTP/1.1" 200 22
116.224.253.72 - - [16/Jun/2021:09:44:05 +0800] "GET /xingrg/check_reg.html?_=1623807841139 HTTP/1.1" 200 22
116.224.253.72 - - [16/Jun/2021:09:44:05 +0800] "GET /xingrg/all/function/internal_message.html?_=1623807841142&CODE_STATE=getMsg HTTP/1.1" 200 27
180.169.147.146 - - [16/Jun/2021:09:44:13 +0800] "GET /xingrg/all/function/internal_message.html?_=1623807850489&CODE_STATE=getMsg HTTP/1.1" 200 27
222.69.128.91 - - [16/Jun/2021:09:44:13 +0800] "GET /xingrg/all/function/internal_message.html?_=1623807847974&CODE_STATE=getMsg HTTP/1.1" 200 27
222.70.177.90 - - [16/Jun/2021:09:44:17 +0800] "GET /xingrg/all/function/internal_message.html?_=1623807852502&CODE_STATE=getMsg HTTP/1.1" 200 27
58.221.95.50 - - [16/Jun/2021:09:44:18 +0800] "GET /xingrg/check_reg.html?_=1623807855492 HTTP/1.1" 302 -
116.224.253.72 - - [16/Jun/2021:09:44:23 +0800] "GET /xingrg/all/function/internal_message.html?_=1623807849856&CODE_STATE=getMsg HTTP/1.1" 200 27
101.85.94.178 - - [16/Jun/2021:09:44:24 +0800] "GET /xingrg/all/function/internal_message.html?_=1623807313326&CODE_STATE=getMsg HTTP/1.1" 200 27
116.235.222.38 - - [16/Jun/2021:09:44:29 +0800] "GET /xingrg/all/function/internal_message.html?_=1623807862480&CODE_STATE=getMsg HTTP/1.1" 200 27
61.165.42.208 - - [16/Jun/2021:09:44:31 +0800] "GET /xingrg/all/function/internal_message.html?_=1623807869231&CODE_STATE=getMsg HTTP/1.1" 200 27
101.85.94.178 - - [16/Jun/2021:09:44:31 +0800] "POST /xingrg/kc/buy/cgsh_order_operate.html HTTP/1.1" 200 37
101.85.94.178 - - [16/Jun/2021:09:44:34 +0800] "POST /xingrg/kc/buy/cgsh_order_operate.html HTTP/1.1" 200 12
101.85.94.178 - - [16/Jun/2021:09:44:35 +0800] "GET /xingrg/kc/buy/cgsh_order_info.html?code=212021061607249 HTTP/1.1" 200 56487
101.85.94.178 - - [16/Jun/2021:09:44:35 +0800] "GET /xingrg/javascript/easyui/themes/default/validatebox.css HTTP/1.1" 404 1104
101.85.94.178 - - [16/Jun/2021:09:44:35 +0800] "POST /xingrg/kc/buy/cgsh_order_operate.html HTTP/1.1" 200 621
101.85.94.178 - - [16/Jun/2021:09:44:37 +0800] "GET /xingrg/kc/print/load_config.html?kc_code=cgsh HTTP/1.1" 200 1845
101.85.94.178 - - [16/Jun/2021:09:44:37 +0800] "GET /xingrg/kc/print/load_data.html?order_code=212021061607249&kc_code=cgsh&condition= HTTP/1.1" 200 733
114.86.225.49 - - [16/Jun/2021:09:44:37 +0800] "GET /xingrg/all/function/internal_message.html?_=1623807874786&CODE_STATE=getMsg HTTP/1.1" 200 27
101.85.94.178 - - [16/Jun/2021:09:44:42 +0800] "GET /xingrg/javascript/jquery_easy_ui/themes/default/images/tabs_active.png HTTP/1.1" 200 2894
116.230.117.165 - - [16/Jun/2021:09:44:47 +0800] "GET /xingrg/all/function/internal_message.html?_=1623807893842&CODE_STATE=getMsg HTTP/1.1" 200 27
180.169.147.146 - - [16/Jun/2021:09:44:52 +0800] "GET /xingrg/all/function/internal_message.html?_=1623807889077&CODE_STATE=getMsg HTTP/1.1" 200 27
180.169.147.146 - - [16/Jun/2021:09:44:55 +0800] "GET /xingrg/all/function/internal_message.html?_=1623807892617&CODE_STATE=getMsg HTTP/1.1" 200 27
117.185.32.26 - - [16/Jun/2021:09:44:59 +0800] "GET /xingrg/all/function/internal_message.html?_=1623808425146&CODE_STATE=getMsg HTTP/1.1" 200 27
116.224.253.72 - - [16/Jun/2021:09:45:05 +0800] "GET /xingrg/all/function/internal_message.html?_=1623807901152&CODE_STATE=getMsg HTTP/1.1" 200 27
180.169.147.146 - - [16/Jun/2021:09:45:13 +0800] "GET /xingrg/all/function/internal_message.html?_=1623807910478&CODE_STATE=getMsg HTTP/1.1" 200 27
180.169.147.146 - - [16/Jun/2021:09:45:13 +0800] "GET /xingrg/check_reg.html?_=1623807910481 HTTP/1.1" 200 22
222.69.128.91 - - [16/Jun/2021:09:45:13 +0800] "GET /xingrg/all/function/internal_message.html?_=1623807907993&CODE_STATE=getMsg HTTP/1.1" 200 27
222.70.177.90 - - [16/Jun/2021:09:45:17 +0800] "GET /xingrg/all/function/internal_message.html?_=1623807912486&CODE_STATE=getMsg HTTP/1.1" 200 27
116.224.253.72 - - [16/Jun/2021:09:45:23 +0800] "GET /xingrg/all/function/internal_message.html?_=1623807909871&CODE_STATE=getMsg HTTP/1.1" 200 27
101.85.94.178 - - [16/Jun/2021:09:45:24 +0800] "GET /xingrg/all/function/internal_message.html?_=1623807373314&CODE_STATE=getMsg HTTP/1.1" 200 27
116.235.222.38 - - [16/Jun/2021:09:45:29 +0800] "GET /xingrg/all/function/internal_message.html?_=1623807922483&CODE_STATE=getMsg HTTP/1.1" 200 27
116.235.222.38 - - [16/Jun/2021:09:45:29 +0800] "GET /xingrg/check_reg.html?_=1623807922485 HTTP/1.1" 200 22
61.165.42.208 - - [16/Jun/2021:09:45:31 +0800] "GET /xingrg/all/function/internal_message.html?_=1623807929231&CODE_STATE=getMsg HTTP/1.1" 200 27
114.86.225.49 - - [16/Jun/2021:09:45:37 +0800] "GET /xingrg/all/function/internal_message.html?_=1623807934788&CODE_STATE=getMsg HTTP/1.1" 200 27
114.86.225.49 - - [16/Jun/2021:09:45:37 +0800] "GET /xingrg/check_reg.html?_=1623807934792 HTTP/1.1" 200 22
116.230.117.165 - - [16/Jun/2021:09:45:47 +0800] "GET /xingrg/all/function/internal_message.html?_=1623807953855&CODE_STATE=getMsg HTTP/1.1" 200 27
180.169.147.146 - - [16/Jun/2021:09:45:52 +0800] "GET /xingrg/all/function/internal_message.html?_=1623807949077&CODE_STATE=getMsg HTTP/1.1" 200 27
180.169.147.146 - - [16/Jun/2021:09:45:52 +0800] "GET /xingrg/check_reg.html?_=1623807949078 HTTP/1.1" 200 22
180.169.147.146 - - [16/Jun/2021:09:45:55 +0800] "GET /xingrg/check_reg.html?_=1623807952610 HTTP/1.1" 200 22
180.169.147.146 - - [16/Jun/2021:09:45:55 +0800] "GET /xingrg/all/function/internal_message.html?_=1623807952612&CODE_STATE=getMsg HTTP/1.1" 200 27
117.185.32.26 - - [16/Jun/2021:09:45:59 +0800] "GET /xingrg/all/function/internal_message.html?_=1623808485145&CODE_STATE=getMsg HTTP/1.1" 200 27
116.224.253.72 - - [16/Jun/2021:09:46:05 +0800] "GET /xingrg/all/function/internal_message.html?_=1623807961160&CODE_STATE=getMsg HTTP/1.1" 200 27
180.169.147.146 - - [16/Jun/2021:09:46:13 +0800] "GET /xingrg/all/function/internal_message.html?_=1623807970484&CODE_STATE=getMsg HTTP/1.1" 200 27
222.69.128.91 - - [16/Jun/2021:09:46:13 +0800] "GET /xingrg/all/function/internal_message.html?_=1623807967997&CODE_STATE=getMsg HTTP/1.1" 200 27
222.70.177.90 - - [16/Jun/2021:09:46:17 +0800] "GET /xingrg/all/function/internal_message.html?_=1623807972471&CODE_STATE=getMsg HTTP/1.1" 200 27
116.224.253.72 - - [16/Jun/2021:09:46:22 +0800] "GET /xingrg/check_reg.html?_=1623807969168 HTTP/1.1" 200 22
116.224.253.72 - - [16/Jun/2021:09:46:23 +0800] "GET /xingrg/all/function/internal_message.html?_=1623807969884&CODE_STATE=getMsg HTTP/1.1" 200 27
101.85.94.178 - - [16/Jun/2021:09:46:24 +0800] "GET /xingrg/all/function/internal_message.html?_=1623807433312&CODE_STATE=getMsg HTTP/1.1" 200 27
116.235.222.38 - - [16/Jun/2021:09:46:29 +0800] "GET /xingrg/all/function/internal_message.html?_=1623807982487&CODE_STATE=getMsg HTTP/1.1" 200 27
61.165.42.208 - - [16/Jun/2021:09:46:31 +0800] "GET /xingrg/all/function/internal_message.html?_=1623807989231&CODE_STATE=getMsg HTTP/1.1" 200 27
114.86.225.49 - - [16/Jun/2021:09:46:37 +0800] "GET /xingrg/all/function/internal_message.html?_=1623807994790&CODE_STATE=getMsg HTTP/1.1" 200 27
116.230.117.165 - - [16/Jun/2021:09:46:48 +0800] "GET /xingrg/all/function/internal_message.html?_=1623808014521&CODE_STATE=getMsg HTTP/1.1" 200 27
180.169.147.146 - - [16/Jun/2021:09:46:52 +0800] "GET /xingrg/all/function/internal_message.html?_=1623808009069&CODE_STATE=getMsg HTTP/1.1" 200 27
180.169.147.146 - - [16/Jun/2021:09:46:55 +0800] "GET /xingrg/all/function/internal_message.html?_=1623808012611&CODE_STATE=getMsg HTTP/1.1" 200 27
117.185.32.26 - - [16/Jun/2021:09:46:59 +0800] "GET /xingrg/all/function/internal_message.html?_=1623808545172&CODE_STATE=getMsg HTTP/1.1" 200 27
116.224.253.72 - - [16/Jun/2021:09:47:05 +0800] "GET /xingrg/all/function/internal_message.html?_=1623808021161&CODE_STATE=getMsg HTTP/1.1" 200 27
116.230.117.165 - - [16/Jun/2021:09:47:07 +0800] "GET /xingrg/kc/buy/cgsh_order_list.html HTTP/1.1" 200 46734
116.230.117.165 - - [16/Jun/2021:09:47:07 +0800] "GET /xingrg/javascript/jquery_tools/list_manager.js HTTP/1.1" 304 -
116.230.117.165 - - [16/Jun/2021:09:47:09 +0800] "POST /xingrg/kc/buy/cgsh_list_operate.html HTTP/1.1" 200 1690
116.230.117.165 - - [16/Jun/2021:09:47:11 +0800] "GET /xingrg/kc/buy/cgsh_order_add.html HTTP/1.1" 200 62472
116.230.117.165 - - [16/Jun/2021:09:47:11 +0800] "POST /xingrg/kc/buy/cgsh_order_operate.html HTTP/1.1" 200 8245
116.230.117.165 - - [16/Jun/2021:09:47:11 +0800] "GET /xingrg/javascript/easyui/themes/default/validatebox.css HTTP/1.1" 404 1104
180.169.147.146 - - [16/Jun/2021:09:47:13 +0800] "GET /xingrg/all/function/internal_message.html?_=1623808030473&CODE_STATE=getMsg HTTP/1.1" 200 27
222.69.128.91 - - [16/Jun/2021:09:47:13 +0800] "GET /xingrg/check_reg.html?_=1623808027999 HTTP/1.1" 200 22
222.69.128.91 - - [16/Jun/2021:09:47:13 +0800] "GET /xingrg/all/function/internal_message.html?_=1623808028001&CODE_STATE=getMsg HTTP/1.1" 200 27
58.37.225.51 - - [16/Jun/2021:09:47:14 +0800] "GET /xingrg/check_reg.html?_=1623807966515 HTTP/1.1" 302 -
58.37.225.51 - - [16/Jun/2021:09:47:14 +0800] "GET /xingrg/login.html HTTP/1.1" 200 7641
222.70.177.90 - - [16/Jun/2021:09:47:17 +0800] "GET /xingrg/all/function/internal_message.html?_=1623808032458&CODE_STATE=getMsg HTTP/1.1" 200 27
116.230.117.165 - - [16/Jun/2021:09:47:21 +0800] "GET /xingrg/check_reg.html?_=1623808047798 HTTP/1.1" 200 22
116.224.253.72 - - [16/Jun/2021:09:47:23 +0800] "GET /xingrg/all/function/internal_message.html?_=1623808029899&CODE_STATE=getMsg HTTP/1.1" 200 27
101.85.94.178 - - [16/Jun/2021:09:47:24 +0800] "GET /xingrg/all/function/internal_message.html?_=1623807493327&CODE_STATE=getMsg HTTP/1.1" 200 27
116.230.117.165 - - [16/Jun/2021:09:47:25 +0800] "GET /xingrg/check_reg.html?_=1623808042354 HTTP/1.1" 302 -
116.235.222.38 - - [16/Jun/2021:09:47:29 +0800] "GET /xingrg/all/function/internal_message.html?_=1623808042489&CODE_STATE=getMsg HTTP/1.1" 200 27
61.165.42.208 - - [16/Jun/2021:09:47:31 +0800] "GET /xingrg/all/function/internal_message.html?_=1623808049231&CODE_STATE=getMsg HTTP/1.1" 200 27
222.70.177.90 - - [16/Jun/2021:09:47:34 +0800] "GET /xingrg/check_reg.html?_=1623808050057 HTTP/1.1" 200 22
116.230.117.165 - - [16/Jun/2021:09:47:35 +0800] "GET /xingrg/kc/buy/cgsh_order_operate.html?command=get_materiel&rest_code=00146&code=00101001069&supplier_code=00100199&order_time=2021-06-16 HTTP/1.1" 200 411
114.86.225.49 - - [16/Jun/2021:09:47:37 +0800] "GET /xingrg/all/function/internal_message.html?_=1623808054793&CODE_STATE=getMsg HTTP/1.1" 200 27
116.230.117.165 - - [16/Jun/2021:09:47:48 +0800] "GET /xingrg/all/function/internal_message.html?_=1623808074521&CODE_STATE=getMsg HTTP/1.1" 200 27
180.169.147.146 - - [16/Jun/2021:09:47:52 +0800] "GET /xingrg/all/function/internal_message.html?_=1623808069071&CODE_STATE=getMsg HTTP/1.1" 200 27
116.230.117.165 - - [16/Jun/2021:09:47:55 +0800] "POST /xingrg/kc/buy/cgsh_order_operate.html HTTP/1.1" 200 37
180.169.147.146 - - [16/Jun/2021:09:47:55 +0800] "GET /xingrg/all/function/internal_message.html?_=1623808072603&CODE_STATE=getMsg HTTP/1.1" 200 27
116.230.117.165 - - [16/Jun/2021:09:47:56 +0800] "POST /xingrg/kc/buy/cgsh_order_operate.html HTTP/1.1" 200 2659
116.230.117.165 - - [16/Jun/2021:09:47:59 +0800] "GET /xingrg/kc/print/load_data.html?order_code=212021061607250&kc_code=cgsh&condition= HTTP/1.1" 200 673
117.185.32.26 - - [16/Jun/2021:09:47:59 +0800] "GET /xingrg/all/function/internal_message.html?_=1623808605171&CODE_STATE=getMsg HTTP/1.1" 200 27
116.224.253.72 - - [16/Jun/2021:09:48:05 +0800] "GET /xingrg/all/function/internal_message.html?_=1623808081161&CODE_STATE=getMsg HTTP/1.1" 200 27
116.230.117.165 - - [16/Jun/2021:09:48:11 +0800] "GET /xingrg/kc/buy/cgsh_order_add.html HTTP/1.1" 200 62472
180.169.147.146 - - [16/Jun/2021:09:48:13 +0800] "GET /xingrg/all/function/internal_message.html?_=1623808090477&CODE_STATE=getMsg HTTP/1.1" 200 27
222.69.128.91 - - [16/Jun/2021:09:48:13 +0800] "GET /xingrg/all/function/internal_message.html?_=1623808088006&CODE_STATE=getMsg HTTP/1.1" 200 27
116.230.117.165 - - [16/Jun/2021:09:48:13 +0800] "POST /xingrg/kc/buy/cgsh_order_operate.html HTTP/1.1" 200 8245
116.230.117.165 - - [16/Jun/2021:09:48:13 +0800] "GET /xingrg/javascript/easyui/themes/default/validatebox.css HTTP/1.1" 404 1104
222.70.177.90 - - [16/Jun/2021:09:48:17 +0800] "GET /xingrg/all/function/internal_message.html?_=1623808092430&CODE_STATE=getMsg HTTP/1.1" 200 27
116.224.253.72 - - [16/Jun/2021:09:48:23 +0800] "GET /xingrg/all/function/internal_message.html?_=1623808089912&CODE_STATE=getMsg HTTP/1.1" 200 27
101.85.94.178 - - [16/Jun/2021:09:48:24 +0800] "GET /xingrg/check_reg.html?_=1623807553314 HTTP/1.1" 200 22
101.85.94.178 - - [16/Jun/2021:09:48:24 +0800] "GET /xingrg/all/function/internal_message.html?_=1623807553316&CODE_STATE=getMsg HTTP/1.1" 200 27
116.235.222.38 - - [16/Jun/2021:09:48:29 +0800] "GET /xingrg/all/function/internal_message.html?_=1623808102489&CODE_STATE=getMsg HTTP/1.1" 200 27
116.230.117.165 - - [16/Jun/2021:09:48:30 +0800] "GET /xingrg/kc/buy/cgsh_order_operate.html?command=get_materiel&rest_code=00146&code=00101006177&supplier_code=00100012&order_time=2021-06-16 HTTP/1.1" 200 409
61.165.42.208 - - [16/Jun/2021:09:48:31 +0800] "GET /xingrg/check_reg.html?_=1623808109232 HTTP/1.1" 200 22
61.165.42.208 - - [16/Jun/2021:09:48:31 +0800] "GET /xingrg/all/function/internal_message.html?_=1623808109235&CODE_STATE=getMsg HTTP/1.1" 200 27
114.86.225.49 - - [16/Jun/2021:09:48:37 +0800] "GET /xingrg/all/function/internal_message.html?_=1623808114795&CODE_STATE=getMsg HTTP/1.1" 200 27
116.230.117.165 - - [16/Jun/2021:09:48:48 +0800] "GET /xingrg/all/function/internal_message.html?_=1623808134534&CODE_STATE=getMsg HTTP/1.1" 200 27
180.169.147.146 - - [16/Jun/2021:09:48:52 +0800] "GET /xingrg/all/function/internal_message.html?_=1623808129083&CODE_STATE=getMsg HTTP/1.1" 200 27
180.169.147.146 - - [16/Jun/2021:09:48:55 +0800] "GET /xingrg/all/function/internal_message.html?_=1623808132609&CODE_STATE=getMsg HTTP/1.1" 200 27
116.230.117.165 - - [16/Jun/2021:09:48:57 +0800] "GET /xingrg/kc/buy/cgsh_order_operate.html?command=get_materiel&rest_code=00146&code=00101006174&supplier_code=00100012&order_time=2021-06-16 HTTP/1.1" 200 414
117.185.32.26 - - [16/Jun/2021:09:48:59 +0800] "GET /xingrg/check_reg.html?_=1623808665173 HTTP/1.1" 200 22
117.185.32.26 - - [16/Jun/2021:09:48:59 +0800] "GET /xingrg/all/function/internal_message.html?_=1623808665171&CODE_STATE=getMsg HTTP/1.1" 200 27
116.224.253.72 - - [16/Jun/2021:09:49:05 +0800] "GET /xingrg/check_reg.html?_=1623808141152 HTTP/1.1" 200 22
116.224.253.72 - - [16/Jun/2021:09:49:05 +0800] "GET /xingrg/all/function/internal_message.html?_=1623808141159&CODE_STATE=getMsg HTTP/1.1" 200 27
180.169.147.146 - - [16/Jun/2021:09:49:13 +0800] "GET /xingrg/all/function/internal_message.html?_=1623808150482&CODE_STATE=getMsg HTTP/1.1" 200 27
222.69.128.91 - - [16/Jun/2021:09:49:13 +0800] "GET /xingrg/all/function/internal_message.html?_=1623808148001&CODE_STATE=getMsg HTTP/1.1" 200 27
222.70.177.90 - - [16/Jun/2021:09:49:17 +0800] "GET /xingrg/all/function/internal_message.html?_=1623808152480&CODE_STATE=getMsg HTTP/1.1" 200 27
116.230.117.165 - - [16/Jun/2021:09:49:17 +0800] "GET /xingrg/kc/buy/cgsh_order_operate.html?command=get_materiel&rest_code=00146&code=00101006129&supplier_code=00100012&order_time=2021-06-16 HTTP/1.1" 200 431
58.221.95.50 - - [16/Jun/2021:09:49:18 +0800] "GET /xingrg/check_reg.html?_=1623808155473 HTTP/1.1" 302 -
116.224.253.72 - - [16/Jun/2021:09:49:23 +0800] "GET /xingrg/all/function/internal_message.html?_=1623808149952&CODE_STATE=getMsg HTTP/1.1" 200 27
101.85.94.178 - - [16/Jun/2021:09:49:24 +0800] "GET /xingrg/all/function/internal_message.html?_=1623807613315&CODE_STATE=getMsg HTTP/1.1" 200 27
116.235.222.38 - - [16/Jun/2021:09:49:29 +0800] "GET /xingrg/all/function/internal_message.html?_=1623808162487&CODE_STATE=getMsg HTTP/1.1" 200 27
61.165.42.208 - - [16/Jun/2021:09:49:31 +0800] "GET /xingrg/all/function/internal_message.html?_=1623808169234&CODE_STATE=getMsg HTTP/1.1" 200 27
114.86.225.49 - - [16/Jun/2021:09:49:37 +0800] "GET /xingrg/all/function/internal_message.html?_=1623808174797&CODE_STATE=getMsg HTTP/1.1" 200 27
116.230.117.165 - - [16/Jun/2021:09:49:48 +0800] "GET /xingrg/all/function/internal_message.html?_=1623808194548&CODE_STATE=getMsg HTTP/1.1" 200 27
180.169.147.146 - - [16/Jun/2021:09:49:52 +0800] "GET /xingrg/all/function/internal_message.html?_=1623808189083&CODE_STATE=getMsg HTTP/1.1" 200 27
180.169.147.146 - - [16/Jun/2021:09:49:55 +0800] "GET /xingrg/all/function/internal_message.html?_=1623808192607&CODE_STATE=getMsg HTTP/1.1" 200 27
117.185.32.26 - - [16/Jun/2021:09:49:59 +0800] "GET /xingrg/all/function/internal_message.html?_=1623808725168&CODE_STATE=getMsg HTTP/1.1" 200 27
116.224.253.72 - - [16/Jun/2021:09:50:05 +0800] "GET /xingrg/all/function/internal_message.html?_=1623808201177&CODE_STATE=getMsg HTTP/1.1" 200 27
116.230.117.165 - - [16/Jun/2021:09:50:09 +0800] "GET /xingrg/kc/buy/cgsh_order_operate.html?command=get_materiel&rest_code=00146&code=00101006109&supplier_code=00100012&order_time=2021-06-16 HTTP/1.1" 200 409
180.169.147.146 - - [16/Jun/2021:09:50:13 +0800] "GET /xingrg/check_reg.html?_=1623808210489 HTTP/1.1" 200 22
180.169.147.146 - - [16/Jun/2021:09:50:13 +0800] "GET /xingrg/all/function/internal_message.html?_=1623808210493&CODE_STATE=getMsg HTTP/1.1" 200 27
222.69.128.91 - - [16/Jun/2021:09:50:13 +0800] "GET /xingrg/all/function/internal_message.html?_=1623808208001&CODE_STATE=getMsg HTTP/1.1" 200 27
117.185.32.26 - - [16/Jun/2021:09:50:20 +0800] "GET /xingrg/kc/buy/buy_main.html HTTP/1.1" 200 12412
117.185.32.26 - - [16/Jun/2021:09:50:20 +0800] "GET /xingrg/css/new_ie.css HTTP/1.1" 404 1036
117.185.32.26 - - [16/Jun/2021:09:50:21 +0800] "GET /xingrg/images/yd/bt.gif HTTP/1.1" 404 1040
117.185.32.26 - - [16/Jun/2021:09:50:21 +0800] "GET /xingrg/kc/buy/cgsh_order_list.html HTTP/1.1" 200 46728
116.224.253.72 - - [16/Jun/2021:09:50:23 +0800] "GET /xingrg/all/function/internal_message.html?_=1623808209954&CODE_STATE=getMsg HTTP/1.1" 200 27
117.185.32.26 - - [16/Jun/2021:09:50:23 +0800] "POST /xingrg/kc/buy/cgsh_list_operate.html HTTP/1.1" 200 1690
116.230.117.165 - - [16/Jun/2021:09:50:23 +0800] "GET /xingrg/kc/buy/cgsh_order_operate.html?command=get_materiel&rest_code=00146&code=00101006111&supplier_code=00100012&order_time=2021-06-16 HTTP/1.1" 200 409
101.85.94.178 - - [16/Jun/2021:09:50:24 +0800] "GET /xingrg/all/function/internal_message.html?_=1623807673315&CODE_STATE=getMsg HTTP/1.1" 200 27
117.185.32.26 - - [16/Jun/2021:09:50:25 +0800] "GET /xingrg/kc/buy/cgsh_order_add.html HTTP/1.1" 200 62466
117.185.32.26 - - [16/Jun/2021:09:50:25 +0800] "POST /xingrg/kc/buy/cgsh_order_operate.html HTTP/1.1" 200 8245
117.185.32.26 - - [16/Jun/2021:09:50:25 +0800] "GET /xingrg/javascript/easyui/themes/default/validatebox.css HTTP/1.1" 404 1104
117.185.32.26 - - [16/Jun/2021:09:50:27 +0800] "GET /xingrg/javascript/easyui/themes/default/tree.css HTTP/1.1" 404 1090
117.185.32.26 - - [16/Jun/2021:09:50:27 +0800] "POST /xingrg/all/common/load_tree.html?tree=supplier_tree_json&isDelete=1 HTTP/1.1" 200 56029
116.235.222.38 - - [16/Jun/2021:09:50:29 +0800] "GET /xingrg/all/function/internal_message.html?_=1623808222492&CODE_STATE=getMsg HTTP/1.1" 200 27
116.235.222.38 - - [16/Jun/2021:09:50:29 +0800] "GET /xingrg/check_reg.html?_=1623808222495 HTTP/1.1" 200 22
61.165.42.208 - - [16/Jun/2021:09:50:31 +0800] "GET /xingrg/all/function/internal_message.html?_=1623808229235&CODE_STATE=getMsg HTTP/1.1" 200 27
114.86.225.49 - - [16/Jun/2021:09:50:37 +0800] "GET /xingrg/all/function/internal_message.html?_=1623808234802&CODE_STATE=getMsg HTTP/1.1" 200 27
114.86.225.49 - - [16/Jun/2021:09:50:37 +0800] "GET /xingrg/check_reg.html?_=1623808234802 HTTP/1.1" 200 22
116.230.117.165 - - [16/Jun/2021:09:50:41 +0800] "GET /xingrg/kc/buy/cgsh_order_operate.html?command=get_materiel&rest_code=00146&code=00101006055&supplier_code=00100012&order_time=2021-06-16 HTTP/1.1" 200 409
117.185.32.26 - - [16/Jun/2021:09:50:45 +0800] "GET /xingrg/kc/buy/cgsh_order_operate.html?command=get_materiel&rest_code=00106&code=00101009059&supplier_code=00100022&order_time=2021-06-16 HTTP/1.1" 200 409
116.230.117.165 - - [16/Jun/2021:09:50:48 +0800] "GET /xingrg/all/function/internal_message.html?_=1623808254680&CODE_STATE=getMsg HTTP/1.1" 200 27
180.169.147.146 - - [16/Jun/2021:09:50:52 +0800] "GET /xingrg/check_reg.html?_=1623808249072 HTTP/1.1" 200 22
180.169.147.146 - - [16/Jun/2021:09:50:52 +0800] "GET /xingrg/all/function/internal_message.html?_=1623808249074&CODE_STATE=getMsg HTTP/1.1" 200 27
180.169.147.146 - - [16/Jun/2021:09:50:55 +0800] "GET /xingrg/all/function/internal_message.html?_=1623808252605&CODE_STATE=getMsg HTTP/1.1" 200 27
180.169.147.146 - - [16/Jun/2021:09:50:55 +0800] "GET /xingrg/check_reg.html?_=1623808252606 HTTP/1.1" 200 22
117.185.32.26 - - [16/Jun/2021:09:50:59 +0800] "GET /xingrg/all/function/internal_message.html?_=1623808785186&CODE_STATE=getMsg HTTP/1.1" 200 27
116.230.117.165 - - [16/Jun/2021:09:51:01 +0800] "GET /xingrg/kc/buy/cgsh_order_operate.html?command=get_materiel&rest_code=00146&code=00101006065&supplier_code=00100012&order_time=2021-06-16 HTTP/1.1" 200 409
116.224.253.72 - - [16/Jun/2021:09:51:05 +0800] "GET /xingrg/all/function/internal_message.html?_=1623808261178&CODE_STATE=getMsg HTTP/1.1" 200 27
117.185.32.26 - - [16/Jun/2021:09:51:06 +0800] "GET /xingrg/kc/buy/cgsh_order_operate.html?command=get_materiel&rest_code=00106&code=00101009057&supplier_code=00100022&order_time=2021-06-16 HTTP/1.1" 200 410
180.169.147.146 - - [16/Jun/2021:09:51:13 +0800] "GET /xingrg/all/function/internal_message.html?_=1623808270482&CODE_STATE=getMsg HTTP/1.1" 200 27
222.69.128.91 - - [16/Jun/2021:09:51:13 +0800] "GET /xingrg/all/function/internal_message.html?_=1623808268014&CODE_STATE=getMsg HTTP/1.1" 200 27
117.185.32.26 - - [16/Jun/2021:09:51:15 +0800] "POST /xingrg/kc/buy/cgsh_order_operate.html HTTP/1.1" 200 37
117.185.32.26 - - [16/Jun/2021:09:51:16 +0800] "POST /xingrg/kc/buy/cgsh_order_operate.html HTTP/1.1" 200 3238
117.185.32.26 - - [16/Jun/2021:09:51:20 +0800] "GET /xingrg/kc/buy/cgsh_order_add.html HTTP/1.1" 200 62466
117.185.32.26 - - [16/Jun/2021:09:51:21 +0800] "POST /xingrg/kc/buy/cgsh_order_operate.html HTTP/1.1" 200 8245
117.185.32.26 - - [16/Jun/2021:09:51:21 +0800] "GET /xingrg/javascript/easyui/themes/default/validatebox.css HTTP/1.1" 404 1104
116.224.253.72 - - [16/Jun/2021:09:51:22 +0800] "GET /xingrg/check_reg.html?_=1623808269202 HTTP/1.1" 200 22
117.185.32.26 - - [16/Jun/2021:09:51:22 +0800] "GET /xingrg/javascript/easyui/themes/default/tree.css HTTP/1.1" 404 1090
117.185.32.26 - - [16/Jun/2021:09:51:23 +0800] "POST /xingrg/all/common/load_tree.html?tree=supplier_tree_json&isDelete=1 HTTP/1.1" 200 56029
116.224.253.72 - - [16/Jun/2021:09:51:23 +0800] "GET /xingrg/all/function/internal_message.html?_=1623808269968&CODE_STATE=getMsg HTTP/1.1" 200 27
101.85.94.178 - - [16/Jun/2021:09:51:24 +0800] "GET /xingrg/all/function/internal_message.html?_=1623807733317&CODE_STATE=getMsg HTTP/1.1" 200 27
116.235.222.38 - - [16/Jun/2021:09:51:29 +0800] "GET /xingrg/all/function/internal_message.html?_=1623808282497&CODE_STATE=getMsg HTTP/1.1" 200 27
116.230.117.165 - - [16/Jun/2021:09:51:30 +0800] "POST /xingrg/kc/buy/cgsh_order_operate.html HTTP/1.1" 200 37
61.165.42.208 - - [16/Jun/2021:09:51:31 +0800] "GET /xingrg/all/function/internal_message.html?_=1623808289236&CODE_STATE=getMsg HTTP/1.1" 200 27
116.230.117.165 - - [16/Jun/2021:09:51:32 +0800] "POST /xingrg/kc/buy/cgsh_order_operate.html HTTP/1.1" 200 6215
180.161.111.4 - - [16/Jun/2021:09:51:34 +0800] "GET /favicon.ico HTTP/1.1" 404 -
180.161.111.4 - - [16/Jun/2021:09:51:35 +0800] "GET /favicon.ico HTTP/1.1" 404 -
116.230.117.165 - - [16/Jun/2021:09:51:35 +0800] "GET /xingrg/kc/print/load_data.html?order_code=212021061607252&kc_code=cgsh&condition= HTTP/1.1" 200 2117
180.161.111.4 - - [16/Jun/2021:09:51:36 +0800] "GET /favicon.ico HTTP/1.1" 404 -
114.86.225.49 - - [16/Jun/2021:09:51:37 +0800] "GET /xingrg/all/function/internal_message.html?_=1623808294805&CODE_STATE=getMsg HTTP/1.1" 200 27
180.161.111.4 - - [16/Jun/2021:09:51:38 +0800] "GET /xingrg/login.html HTTP/1.1" 200 7641
180.161.111.4 - - [16/Jun/2021:09:51:38 +0800] "GET /xingrg/images/blue/jxLogo.png HTTP/1.1" 200 6156
180.161.111.4 - - [16/Jun/2021:09:51:38 +0800] "GET /xingrg/images/blue/login_bg.png HTTP/1.1" 200 22101
180.161.111.4 - - [16/Jun/2021:09:51:38 +0800] "GET /xingrg/images/blue/hj.png HTTP/1.1" 304 -
180.161.111.4 - - [16/Jun/2021:09:51:39 +0800] "GET /xingrg/images/blue/srbg.png HTTP/1.1" 304 -
117.185.32.26 - - [16/Jun/2021:09:51:39 +0800] "GET /xingrg/kc/buy/cgsh_order_operate.html?command=get_materiel&rest_code=00106&code=00101008146&supplier_code=00100009&order_time=2021-06-16 HTTP/1.1" 200 418
180.161.111.4 - - [16/Jun/2021:09:51:39 +0800] "GET /favicon.ico HTTP/1.1" 404 -
180.161.111.4 - - [16/Jun/2021:09:51:44 +0800] "POST /xingrg/login.do HTTP/1.1" 302 -
180.161.111.4 - - [16/Jun/2021:09:51:44 +0800] "GET /xingrg/javascript/jquery_easy_ui/themes/default/easyui.css HTTP/1.1" 304 -
180.161.111.4 - - [16/Jun/2021:09:51:44 +0800] "GET /xingrg/javascript/jquery_easy_ui/themes/icon.css HTTP/1.1" 304 -
180.161.111.4 - - [16/Jun/2021:09:51:44 +0800] "GET /xingrg/css/form.css HTTP/1.1" 304 -
180.161.111.4 - - [16/Jun/2021:09:51:44 +0800] "GET /xingrg/index.html?sysBaseUrl=http%3A%2F%2F180.169.147.146%3A18081%2Fxingrg%2F&costTime=42×tamp=1623808304018 HTTP/1.1" 200 17173
180.161.111.4 - - [16/Jun/2021:09:51:44 +0800] "GET /xingrg/javascript/jquery_easy_ui/jquery.easyui.min.js HTTP/1.1" 200 213662
180.161.111.4 - - [16/Jun/2021:09:51:44 +0800] "GET /xingrg/javascript/jquery_easy_ui/easyui-lang-zh_CN.js HTTP/1.1" 304 -
180.161.111.4 - - [16/Jun/2021:09:51:44 +0800] "GET /xingrg/javascript/jquery-1.4.2.min.js HTTP/1.1" 304 -
180.161.111.4 - - [16/Jun/2021:09:51:44 +0800] "GET /xingrg/javascript/jquery.utils.js HTTP/1.1" 304 -
180.161.111.4 - - [16/Jun/2021:09:51:44 +0800] "GET /xingrg/javascript/jquery.timers.js HTTP/1.1" 304 -
180.161.111.4 - - [16/Jun/2021:09:51:44 +0800] "GET /xingrg/javascript/jquery.form.js HTTP/1.1" 200 23110
180.161.111.4 - - [16/Jun/2021:09:51:44 +0800] "GET /favicon.ico HTTP/1.1" 404 -
180.161.111.4 - - [16/Jun/2021:09:51:44 +0800] "GET /xingrg/images/blue/navBackgound.jpg HTTP/1.1" 304 -
180.161.111.4 - - [16/Jun/2021:09:51:44 +0800] "GET /xingrg/javascript/jquery_easy_ui/themes/icons/settle_new.png HTTP/1.1" 304 -
180.161.111.4 - - [16/Jun/2021:09:51:45 +0800] "POST /xingrg/all/common/load_tree.html?tree=area_rest_tree_json&manage=1 HTTP/1.1" 200 342
180.161.111.4 - - [16/Jun/2021:09:51:45 +0800] "GET /xingrg/images/blue/pingpu.png HTTP/1.1" 304 -
180.161.111.4 - - [16/Jun/2021:09:51:45 +0800] "GET /xingrg/javascript/jquery_easy_ui/themes/default/images/tabs_leftarrow.png HTTP/1.1" 304 -
180.161.111.4 - - [16/Jun/2021:09:51:45 +0800] "GET /xingrg/javascript/jquery_easy_ui/themes/default/images/tabs_rightarrow.png HTTP/1.1" 304 -
180.161.111.4 - - [16/Jun/2021:09:51:45 +0800] "GET /xingrg/javascript/jquery_easy_ui/themes/default/images/panel_tool_collapse.gif HTTP/1.1" 304 -
180.161.111.4 - - [16/Jun/2021:09:51:45 +0800] "GET /xingrg/check_reg.html?_=1623808267012 HTTP/1.1" 200 22
180.161.111.4 - - [16/Jun/2021:09:51:45 +0800] "GET /xingrg/all/function/internal_message.html?_=1623808267011&CODE_STATE=count HTTP/1.1" 200 11
180.161.111.4 - - [16/Jun/2021:09:51:45 +0800] "POST /xingrg/load_menu.html HTTP/1.1" 200 5138
180.161.111.4 - - [16/Jun/2021:09:51:45 +0800] "GET /xingrg/javascript/jquery_easy_ui/themes/default/images/tree_arrows.gif HTTP/1.1" 304 -
180.161.111.4 - - [16/Jun/2021:09:51:46 +0800] "GET /xingrg/javascript/jquery_easy_ui/themes/default/images/tree_folder_open.gif HTTP/1.1" 304 -
180.161.111.4 - - [16/Jun/2021:09:51:46 +0800] "GET /xingrg/javascript/jquery_easy_ui/themes/default/images/tree_folder.gif HTTP/1.1" 304 -
180.161.111.4 - - [16/Jun/2021:09:51:46 +0800] "GET /xingrg/javascript/jquery_easy_ui/themes/icons/search_new.png HTTP/1.1" 304 -
180.161.111.4 - - [16/Jun/2021:09:51:46 +0800] "GET /xingrg/javascript/jquery_easy_ui/themes/icons/storage_new.png HTTP/1.1" 304 -
180.161.111.4 - - [16/Jun/2021:09:51:46 +0800] "GET /xingrg/javascript/jquery_easy_ui/themes/icons/forms_new.png HTTP/1.1" 304 -
180.161.111.4 - - [16/Jun/2021:09:51:46 +0800] "GET /xingrg/javascript/jquery_easy_ui/themes/default/images/tree_file.gif HTTP/1.1" 304 -
116.230.117.165 - - [16/Jun/2021:09:51:48 +0800] "GET /xingrg/all/function/internal_message.html?_=1623808314685&CODE_STATE=getMsg HTTP/1.1" 200 27
116.230.117.165 - - [16/Jun/2021:09:51:49 +0800] "GET /xingrg/kc/buy/cgsh_order_add.html HTTP/1.1" 200 62472
116.230.117.165 - - [16/Jun/2021:09:51:51 +0800] "POST /xingrg/kc/buy/cgsh_order_operate.html HTTP/1.1" 200 8245
116.230.117.165 - - [16/Jun/2021:09:51:51 +0800] "GET /xingrg/javascript/easyui/themes/default/validatebox.css HTTP/1.1" 404 1104
180.169.147.146 - - [16/Jun/2021:09:51:52 +0800] "GET /xingrg/all/function/internal_message.html?_=1623808309090&CODE_STATE=getMsg HTTP/1.1" 200 27
180.161.111.4 - - [16/Jun/2021:09:51:53 +0800] "GET /xingrg/javascript/jquery_easy_ui/themes/icons/area.png HTTP/1.1" 304 -
180.161.111.4 - - [16/Jun/2021:09:51:53 +0800] "GET /xingrg/javascript/jquery_easy_ui/themes/icons/rest.png HTTP/1.1" 304 -
180.169.147.146 - - [16/Jun/2021:09:51:55 +0800] "GET /xingrg/all/function/internal_message.html?_=1623808312601&CODE_STATE=getMsg HTTP/1.1" 200 27
117.185.32.26 - - [16/Jun/2021:09:51:59 +0800] "GET /xingrg/all/function/internal_message.html?_=1623808845199&CODE_STATE=getMsg HTTP/1.1" 200 27
180.161.111.4 - - [16/Jun/2021:09:52:00 +0800] "GET /xingrg/javascript/jquery_easy_ui/themes/default/images/tabs_close.gif HTTP/1.1" 304 -
180.161.111.4 - - [16/Jun/2021:09:52:00 +0800] "GET /xingrg/css/base.css HTTP/1.1" 304 -
180.161.111.4 - - [16/Jun/2021:09:52:00 +0800] "GET /xingrg/kc/buy/cgsh_order_list.html HTTP/1.1" 200 46728
180.161.111.4 - - [16/Jun/2021:09:52:00 +0800] "GET /xingrg/javascript/jquery_tools/datebox.css HTTP/1.1" 304 -
180.161.111.4 - - [16/Jun/2021:09:52:00 +0800] "GET /xingrg/css/site.css HTTP/1.1" 304 -
180.161.111.4 - - [16/Jun/2021:09:52:00 +0800] "GET /xingrg/javascript/easyui/themes/icon.css HTTP/1.1" 304 -
180.161.111.4 - - [16/Jun/2021:09:52:00 +0800] "GET /xingrg/javascript/easyui/themes/default/easyui.css HTTP/1.1" 304 -
180.161.111.4 - - [16/Jun/2021:09:52:00 +0800] "GET /xingrg/javascript/jquery_tools/table.css HTTP/1.1" 304 -
180.161.111.4 - - [16/Jun/2021:09:52:00 +0800] "GET /xingrg/javascript/jquery_tools/jquery.tools.min.js HTTP/1.1" 304 -
180.161.111.4 - - [16/Jun/2021:09:52:00 +0800] "GET /xingrg/javascript/jquery_tools/jquery.tools.extend.js HTTP/1.1" 304 -
180.161.111.4 - - [16/Jun/2021:09:52:00 +0800] "GET /xingrg/javascript/jquery_tools/jquery.tools.hotkey.js HTTP/1.1" 304 -
180.161.111.4 - - [16/Jun/2021:09:52:00 +0800] "GET /xingrg/javascript/jquery_tools/jquery.tools.table.js HTTP/1.1" 304 -
180.161.111.4 - - [16/Jun/2021:09:52:00 +0800] "GET /xingrg/javascript/jquery_tools/fix.css HTTP/1.1" 304 -
180.161.111.4 - - [16/Jun/2021:09:52:00 +0800] "GET /xingrg/javascript/jquery_tools/list_manager.js HTTP/1.1" 304 -
180.161.111.4 - - [16/Jun/2021:09:52:00 +0800] "GET /xingrg/javascript/auto/jquery.autocomplete.js HTTP/1.1" 304 -
180.161.111.4 - - [16/Jun/2021:09:52:00 +0800] "GET /xingrg/javascript/easyui/easyloader.js HTTP/1.1" 304 -
180.161.111.4 - - [16/Jun/2021:09:52:00 +0800] "GET /xingrg/javascript/jquery.cookie.js HTTP/1.1" 304 -
180.161.111.4 - - [16/Jun/2021:09:52:00 +0800] "GET /xingrg/javascript/print/LodopFuncs.js HTTP/1.1" 304 -
180.161.111.4 - - [16/Jun/2021:09:52:00 +0800] "GET /xingrg/javascript/auto/jquery.autocomplete.css HTTP/1.1" 304 -
117.185.32.26 - - [16/Jun/2021:09:52:00 +0800] "GET /xingrg/kc/buy/cgsh_order_operate.html?command=get_materiel&rest_code=00106&code=00101008147&supplier_code=00100009&order_time=2021-06-16 HTTP/1.1" 200 417
180.161.111.4 - - [16/Jun/2021:09:52:02 +0800] "GET /xingrg/javascript/easyui/themes/icons/edit_add_new.png HTTP/1.1" 304 -
180.161.111.4 - - [16/Jun/2021:09:52:02 +0800] "GET /xingrg/javascript/easyui/themes/icons/cance_new.png HTTP/1.1" 304 -
180.161.111.4 - - [16/Jun/2021:09:52:02 +0800] "GET /xingrg/javascript/easyui/themes/icons/check_new.png HTTP/1.1" 304 -
180.161.111.4 - - [16/Jun/2021:09:52:02 +0800] "GET /xingrg/javascript/easyui/themes/icons/field_new.png HTTP/1.1" 304 -
180.161.111.4 - - [16/Jun/2021:09:52:02 +0800] "GET /xingrg/javascript/easyui/themes/icons/import_new.png HTTP/1.1" 304 -
180.161.111.4 - - [16/Jun/2021:09:52:02 +0800] "GET /xingrg/javascript/easyui/plugins/jquery.parser.js HTTP/1.1" 304 -
180.161.111.4 - - [16/Jun/2021:09:52:02 +0800] "GET /xingrg/images/control/ajaxLoader.gif HTTP/1.1" 304 -
