116.224.253.72 - - [15/Jun/2021:09:24:44 +0800] "GET /xingrg/javascript/jquery_tools/list_manager.js HTTP/1.1" 304 -
116.224.253.72 - - [15/Jun/2021:09:24:44 +0800] "GET /xingrg/javascript/jquery_tools/jquery.tools.extend.js HTTP/1.1" 304 -
116.224.253.72 - - [15/Jun/2021:09:24:44 +0800] "GET /xingrg/javascript/jquery_tools/table.css HTTP/1.1" 304 -
116.224.253.72 - - [15/Jun/2021:09:24:44 +0800] "GET /xingrg/javascript/jquery_tools/jquery.tools.min.js HTTP/1.1" 304 -
116.224.253.72 - - [15/Jun/2021:09:24:44 +0800] "GET /xingrg/javascript/jquery.cookie.js HTTP/1.1" 304 -
116.224.253.72 - - [15/Jun/2021:09:24:44 +0800] "GET /xingrg/javascript/print/LodopFuncs.js HTTP/1.1" 304 -
116.224.253.72 - - [15/Jun/2021:09:24:44 +0800] "GET /xingrg/javascript/easyui/easyloader.js HTTP/1.1" 304 -
116.224.253.72 - - [15/Jun/2021:09:24:44 +0800] "GET /xingrg/kc/buy/cgsh_order_list.html HTTP/1.1" 200 46732
116.224.253.72 - - [15/Jun/2021:09:24:44 +0800] "GET /xingrg/javascript/auto/jquery.autocomplete.js HTTP/1.1" 200 21624
116.224.253.72 - - [15/Jun/2021:09:24:44 +0800] "GET /xingrg/javascript/easyui/themes/icons/edit_add_new.png HTTP/1.1" 304 -
116.224.253.72 - - [15/Jun/2021:09:24:44 +0800] "GET /xingrg/javascript/easyui/themes/icons/cance_new.png HTTP/1.1" 304 -
116.224.253.72 - - [15/Jun/2021:09:24:44 +0800] "GET /xingrg/javascript/easyui/themes/icons/check_new.png HTTP/1.1" 304 -
116.224.253.72 - - [15/Jun/2021:09:24:44 +0800] "GET /xingrg/javascript/easyui/themes/icons/field_new.png HTTP/1.1" 304 -
116.224.253.72 - - [15/Jun/2021:09:24:44 +0800] "GET /xingrg/javascript/easyui/themes/icons/import_new.png HTTP/1.1" 304 -
116.224.253.72 - - [15/Jun/2021:09:24:44 +0800] "GET /xingrg/javascript/easyui/plugins/jquery.parser.js HTTP/1.1" 304 -
116.224.253.72 - - [15/Jun/2021:09:24:45 +0800] "POST /xingrg/kc/buy/cgsh_list_operate.html HTTP/1.1" 200 876
180.169.147.146 - - [15/Jun/2021:09:24:45 +0800] "POST /xingrg/kc/buy/cgsh_list_operate.html HTTP/1.1" 200 1691
116.224.253.72 - - [15/Jun/2021:09:24:46 +0800] "GET /xingrg/javascript/easyui/themes/default/images/button_plain_hover.png HTTP/1.1" 304 -
116.224.253.72 - - [15/Jun/2021:09:24:46 +0800] "GET /xingrg/javascript/easyui/themes/default/images/button_plain_hover.png HTTP/1.1" 304 -
116.224.253.72 - - [15/Jun/2021:09:24:48 +0800] "GET /xingrg/javascript/pic_change.js HTTP/1.1" 304 -
116.224.253.72 - - [15/Jun/2021:09:24:48 +0800] "GET /xingrg/javascript/json2.js HTTP/1.1" 304 -
116.224.253.72 - - [15/Jun/2021:09:24:48 +0800] "GET /xingrg/javascript/jquery_tools/order_manager.js HTTP/1.1" 304 -
116.224.253.72 - - [15/Jun/2021:09:24:48 +0800] "GET /xingrg/javascript/convert.js HTTP/1.1" 304 -
116.224.253.72 - - [15/Jun/2021:09:24:48 +0800] "GET /xingrg/javascript/print/kc_print.js HTTP/1.1" 304 -
116.224.253.72 - - [15/Jun/2021:09:24:48 +0800] "GET /xingrg/kc/buy/cgsh_order_add.html HTTP/1.1" 200 62120
116.224.253.72 - - [15/Jun/2021:09:24:48 +0800] "GET /xingrg/javascript/auto/jquery.autocomplete.js HTTP/1.1" 200 21624
116.224.253.72 - - [15/Jun/2021:09:24:48 +0800] "GET /xingrg/words/20210615091538_words.js HTTP/1.1" 200 821221
116.224.253.72 - - [15/Jun/2021:09:24:48 +0800] "GET /xingrg/javascript/easyui/themes/icons/copy_new.png HTTP/1.1" 304 -
116.224.253.72 - - [15/Jun/2021:09:24:48 +0800] "GET /xingrg/javascript/easyui/themes/icons/template_new.png HTTP/1.1" 304 -
116.224.253.72 - - [15/Jun/2021:09:24:48 +0800] "GET /xingrg/javascript/easyui/themes/icons/ok.png HTTP/1.1" 304 -
116.224.253.72 - - [15/Jun/2021:09:24:48 +0800] "GET /xingrg/javascript/easyui/themes/icons/print.png HTTP/1.1" 304 -
116.224.253.72 - - [15/Jun/2021:09:24:48 +0800] "GET /xingrg/javascript/easyui/themes/icons/cancel.png HTTP/1.1" 304 -
116.224.253.72 - - [15/Jun/2021:09:24:48 +0800] "GET /xingrg/javascript/easyui/themes/default/images/menu_downarrow.png HTTP/1.1" 304 -
116.224.253.72 - - [15/Jun/2021:09:24:48 +0800] "POST /xingrg/kc/buy/cgsh_order_operate.html HTTP/1.1" 200 8245
116.224.253.72 - - [15/Jun/2021:09:24:49 +0800] "GET /xingrg/javascript/easyui/themes/icons/edit_remove.png HTTP/1.1" 304 -
116.224.253.72 - - [15/Jun/2021:09:24:49 +0800] "GET /xingrg/all/common/auto_word.html?type=employee&rest_code=00151 HTTP/1.1" 200 243
116.224.253.72 - - [15/Jun/2021:09:24:49 +0800] "GET /xingrg/all/common/auto_word.html?type=employee&rest_code=00151 HTTP/1.1" 200 243
116.224.253.72 - - [15/Jun/2021:09:24:49 +0800] "GET /xingrg/javascript/easyui/themes/default/validatebox.css HTTP/1.1" 404 1104
116.224.253.72 - - [15/Jun/2021:09:24:49 +0800] "GET /xingrg/javascript/easyui/plugins/jquery.validatebox.js HTTP/1.1" 304 -
116.224.253.72 - - [15/Jun/2021:09:24:49 +0800] "GET /xingrg/javascript/easyui/plugins/jquery.numberbox.js HTTP/1.1" 304 -
116.224.253.72 - - [15/Jun/2021:09:24:49 +0800] "GET /xingrg/javascript/jquery_easy_ui/themes/default/images/tabs_active.png HTTP/1.1" 304 -
116.230.117.165 - - [15/Jun/2021:09:24:51 +0800] "GET /xingrg/kc/buy/cgsh_order_operate.html?command=get_materiel&rest_code=00146&code=00101020152&supplier_code=00100005&order_time=2021-06-15 HTTP/1.1" 200 416
116.233.72.58 - - [15/Jun/2021:09:24:52 +0800] "GET /xingrg/all/function/internal_message.html?_=1623720290996&CODE_STATE=getMsg HTTP/1.1" 200 27
116.233.72.58 - - [15/Jun/2021:09:24:52 +0800] "GET /xingrg/check_reg.html?_=1623720290997 HTTP/1.1" 200 22
116.224.253.72 - - [15/Jun/2021:09:24:53 +0800] "POST /xingrg/kc/buy/cgsh_list_operate.html HTTP/1.1" 200 876
180.169.147.146 - - [15/Jun/2021:09:24:54 +0800] "POST /xingrg/kc/buy/cgsh_list_operate.html HTTP/1.1" 200 5286
116.230.117.165 - - [15/Jun/2021:09:24:58 +0800] "POST /xingrg/kc/buy/cgsh_order_operate.html HTTP/1.1" 200 2065
180.169.147.146 - - [15/Jun/2021:09:24:59 +0800] "POST /xingrg/kc/buy/cgsh_list_operate.html HTTP/1.1" 200 3368
180.169.147.146 - - [15/Jun/2021:09:25:05 +0800] "POST /xingrg/kc/buy/cgsh_list_operate.html HTTP/1.1" 200 1691
120.253.135.82 - - [15/Jun/2021:09:25:09 +0800] "GET /xingrg/all/function/internal_message.html?_=1623720329983&CODE_STATE=getMsg HTTP/1.1" 200 27
180.169.147.146 - - [15/Jun/2021:09:25:14 +0800] "POST /xingrg/all/user/operate.html HTTP/1.1" 200 36
180.169.147.146 - - [15/Jun/2021:09:25:14 +0800] "GET /xingrg/javascript/jquery_easy_ui/themes/default/easyui.css HTTP/1.1" 304 -
180.169.147.146 - - [15/Jun/2021:09:25:14 +0800] "GET /xingrg/javascript/jquery_easy_ui/themes/icon.css HTTP/1.1" 304 -
180.169.147.146 - - [15/Jun/2021:09:25:14 +0800] "GET /xingrg/css/form.css HTTP/1.1" 304 -
180.169.147.146 - - [15/Jun/2021:09:25:14 +0800] "GET /xingrg/javascript/jquery-1.4.2.min.js HTTP/1.1" 304 -
180.169.147.146 - - [15/Jun/2021:09:25:14 +0800] "GET /xingrg/javascript/jquery_easy_ui/jquery.easyui.min.js HTTP/1.1" 304 -
180.169.147.146 - - [15/Jun/2021:09:25:14 +0800] "GET /xingrg/index.html?sysBaseUrl=http%3A%2F%2F180.169.147.146%3A18081%2Fxingrg%2F&costTime=38×tamp=1623720266206 HTTP/1.1" 200 17503
180.169.147.146 - - [15/Jun/2021:09:25:14 +0800] "GET /xingrg/javascript/jquery_easy_ui/easyui-lang-zh_CN.js HTTP/1.1" 304 -
180.169.147.146 - - [15/Jun/2021:09:25:14 +0800] "GET /xingrg/javascript/jquery.form.js HTTP/1.1" 304 -
180.169.147.146 - - [15/Jun/2021:09:25:14 +0800] "GET /xingrg/javascript/jquery.utils.js HTTP/1.1" 304 -
180.169.147.146 - - [15/Jun/2021:09:25:14 +0800] "GET /xingrg/javascript/jquery.timers.js HTTP/1.1" 304 -
180.169.147.146 - - [15/Jun/2021:09:25:14 +0800] "GET /xingrg/images/blue/jxLogo.png HTTP/1.1" 304 -
180.169.147.146 - - [15/Jun/2021:09:25:14 +0800] "GET /xingrg/images/blue/navBackgound.jpg HTTP/1.1" 304 -
180.169.147.146 - - [15/Jun/2021:09:25:14 +0800] "GET /xingrg/javascript/jquery_easy_ui/themes/icons/settle_new.png HTTP/1.1" 304 -
180.169.147.146 - - [15/Jun/2021:09:25:14 +0800] "POST /xingrg/all/common/load_tree.html?tree=area_rest_tree_json&manage=1 HTTP/1.1" 200 3466
180.169.147.146 - - [15/Jun/2021:09:25:14 +0800] "GET /xingrg/all/function/internal_message.html?_=1623720311992&CODE_STATE=count HTTP/1.1" 200 11
180.169.147.146 - - [15/Jun/2021:09:25:14 +0800] "GET /xingrg/check_reg.html?_=1623720311994 HTTP/1.1" 200 22
180.169.147.146 - - [15/Jun/2021:09:25:14 +0800] "GET /xingrg/javascript/jquery_easy_ui/themes/default/images/tabs_rightarrow.png HTTP/1.1" 304 -
180.169.147.146 - - [15/Jun/2021:09:25:14 +0800] "GET /xingrg/javascript/jquery_easy_ui/themes/default/images/panel_tool_collapse.gif HTTP/1.1" 304 -
180.169.147.146 - - [15/Jun/2021:09:25:14 +0800] "GET /xingrg/javascript/jquery_easy_ui/themes/default/images/panel_tool_expand.gif HTTP/1.1" 304 -
180.169.147.146 - - [15/Jun/2021:09:25:14 +0800] "GET /xingrg/images/blue/pingpu.png HTTP/1.1" 304 -
180.169.147.146 - - [15/Jun/2021:09:25:14 +0800] "GET /xingrg/javascript/jquery_easy_ui/themes/default/images/tabs_leftarrow.png HTTP/1.1" 304 -
180.169.147.146 - - [15/Jun/2021:09:25:14 +0800] "POST /xingrg/load_menu.html HTTP/1.1" 200 9959
116.230.117.165 - - [15/Jun/2021:09:25:15 +0800] "GET /xingrg/all/function/internal_message.html?_=1623720318390&CODE_STATE=getMsg HTTP/1.1" 200 27
116.230.117.165 - - [15/Jun/2021:09:25:15 +0800] "GET /xingrg/kc/buy/cgsh_order_operate.html?command=get_materiel&rest_code=00146&code=00101008095&supplier_code=00100005&order_time=2021-06-15 HTTP/1.1" 200 412
180.169.147.146 - - [15/Jun/2021:09:25:16 +0800] "GET /xingrg/kc/buy/buy_main.html HTTP/1.1" 200 12412
180.169.147.146 - - [15/Jun/2021:09:25:16 +0800] "GET /xingrg/css/new_ie.css HTTP/1.1" 404 1036
180.169.147.146 - - [15/Jun/2021:09:25:16 +0800] "GET /xingrg/images/yd/bt.gif HTTP/1.1" 404 1040
180.169.147.146 - - [15/Jun/2021:09:25:16 +0800] "GET /xingrg/kc/buy/cgsh_order_list.html HTTP/1.1" 200 46983
180.169.147.146 - - [15/Jun/2021:09:25:17 +0800] "GET /xingrg/javascript/jquery_easy_ui/themes/default/images/tabs_active.png HTTP/1.1" 200 2894
180.169.147.146 - - [15/Jun/2021:09:25:17 +0800] "POST /xingrg/kc/buy/cgsh_list_operate.html HTTP/1.1" 200 876
222.70.177.90 - - [15/Jun/2021:09:25:20 +0800] "GET /xingrg/kc/buy/cgsh_order_operate.html?command=get_materiel&rest_code=00111&code=00101008024&supplier_code=00100005&order_time=2021-06-15 HTTP/1.1" 200 408
180.169.147.146 - - [15/Jun/2021:09:25:20 +0800] "GET /xingrg/javascript/jquery_tools/images/prev.gif HTTP/1.1" 404 1086
180.169.147.146 - - [15/Jun/2021:09:25:20 +0800] "GET /xingrg/javascript/jquery_tools/images/next.gif HTTP/1.1" 404 1086
180.169.147.146 - - [15/Jun/2021:09:25:20 +0800] "GET /xingrg/all/function/internal_message.html?_=1623720318290&CODE_STATE=getMsg HTTP/1.1" 200 27
222.70.177.90 - - [15/Jun/2021:09:25:23 +0800] "POST /xingrg/kc/buy/cgsh_order_operate.html HTTP/1.1" 200 2065
180.169.147.146 - - [15/Jun/2021:09:25:26 +0800] "POST /xingrg/kc/buy/cgsh_list_operate.html HTTP/1.1" 200 5411
222.70.177.90 - - [15/Jun/2021:09:25:28 +0800] "GET /xingrg/kc/buy/cgsh_order_operate.html?command=get_materiel&rest_code=00111&code=00101008196&supplier_code=00100005&order_time=2021-06-15 HTTP/1.1" 200 416
116.230.117.165 - - [15/Jun/2021:09:25:37 +0800] "GET /xingrg/kc/buy/cgsh_order_operate.html?command=get_materiel&rest_code=00146&code=00101015012&supplier_code=00100005&order_time=2021-06-15 HTTP/1.1" 200 413
222.70.177.90 - - [15/Jun/2021:09:25:37 +0800] "GET /xingrg/kc/buy/cgsh_order_operate.html?command=get_materiel&rest_code=00111&code=00101008357&supplier_code=00100005&order_time=2021-06-15 HTTP/1.1" 200 408
222.70.177.90 - - [15/Jun/2021:09:25:37 +0800] "GET /xingrg/all/function/internal_message.html?_=1623720334345&CODE_STATE=getMsg HTTP/1.1" 200 27
116.224.253.72 - - [15/Jun/2021:09:25:39 +0800] "GET /xingrg/all/function/internal_message.html?_=1623720335612&CODE_STATE=getMsg HTTP/1.1" 200 27
117.185.32.26 - - [15/Jun/2021:09:25:39 +0800] "GET /xingrg/all/function/internal_message.html?_=1623720867216&CODE_STATE=getMsg HTTP/1.1" 200 27
180.169.147.146 - - [15/Jun/2021:09:25:41 +0800] "GET /xingrg/javascript/easyui/themes/default/images/button_plain_hover.png HTTP/1.1" 200 144
116.224.253.72 - - [15/Jun/2021:09:25:41 +0800] "GET /xingrg/all/function/internal_message.html?_=1623720329804&CODE_STATE=getMsg HTTP/1.1" 200 27
116.235.222.38 - - [15/Jun/2021:09:25:41 +0800] "GET /xingrg/all/function/internal_message.html?_=1623720337891&CODE_STATE=getMsg HTTP/1.1" 200 27
222.69.130.90 - - [15/Jun/2021:09:25:42 +0800] "GET /xingrg/check_reg.html?_=1623720338914 HTTP/1.1" 200 22
222.69.130.90 - - [15/Jun/2021:09:25:43 +0800] "GET /xingrg/all/function/internal_message.html?_=1623720340460&CODE_STATE=getMsg HTTP/1.1" 200 27
180.169.147.146 - - [15/Jun/2021:09:25:45 +0800] "POST /xingrg/all/user/operate.html HTTP/1.1" 200 36
180.169.147.146 - - [15/Jun/2021:09:25:45 +0800] "GET /xingrg/index.html?sysBaseUrl=http%3A%2F%2F180.169.147.146%3A18081%2Fxingrg%2F&costTime=38×tamp=1623720266206 HTTP/1.1" 200 17509
180.169.147.146 - - [15/Jun/2021:09:25:45 +0800] "GET /xingrg/javascript/jquery_easy_ui/themes/default/easyui.css HTTP/1.1" 304 -
180.169.147.146 - - [15/Jun/2021:09:25:45 +0800] "GET /xingrg/javascript/jquery_easy_ui/themes/icon.css HTTP/1.1" 304 -
180.169.147.146 - - [15/Jun/2021:09:25:45 +0800] "GET /xingrg/css/form.css HTTP/1.1" 304 -
180.169.147.146 - - [15/Jun/2021:09:25:45 +0800] "GET /xingrg/javascript/jquery-1.4.2.min.js HTTP/1.1" 304 -
180.169.147.146 - - [15/Jun/2021:09:25:45 +0800] "GET /xingrg/javascript/jquery_easy_ui/jquery.easyui.min.js HTTP/1.1" 304 -
180.169.147.146 - - [15/Jun/2021:09:25:45 +0800] "GET /xingrg/javascript/jquery_easy_ui/easyui-lang-zh_CN.js HTTP/1.1" 304 -
180.169.147.146 - - [15/Jun/2021:09:25:45 +0800] "GET /xingrg/javascript/jquery.form.js HTTP/1.1" 304 -
180.169.147.146 - - [15/Jun/2021:09:25:45 +0800] "GET /xingrg/javascript/jquery.utils.js HTTP/1.1" 304 -
180.169.147.146 - - [15/Jun/2021:09:25:45 +0800] "GET /xingrg/javascript/jquery.timers.js HTTP/1.1" 304 -
180.169.147.146 - - [15/Jun/2021:09:25:45 +0800] "GET /xingrg/images/blue/jxLogo.png HTTP/1.1" 304 -
180.169.147.146 - - [15/Jun/2021:09:25:45 +0800] "GET /xingrg/images/blue/navBackgound.jpg HTTP/1.1" 304 -
180.169.147.146 - - [15/Jun/2021:09:25:45 +0800] "GET /xingrg/javascript/jquery_easy_ui/themes/icons/settle_new.png HTTP/1.1" 304 -
180.169.147.146 - - [15/Jun/2021:09:25:45 +0800] "POST /xingrg/all/common/load_tree.html?tree=area_rest_tree_json&manage=1 HTTP/1.1" 200 3466
180.169.147.146 - - [15/Jun/2021:09:25:45 +0800] "GET /xingrg/all/function/internal_message.html?_=1623720342930&CODE_STATE=count HTTP/1.1" 200 11
180.169.147.146 - - [15/Jun/2021:09:25:45 +0800] "GET /xingrg/check_reg.html?_=1623720342931 HTTP/1.1" 200 22
180.169.147.146 - - [15/Jun/2021:09:25:45 +0800] "GET /xingrg/javascript/jquery_easy_ui/themes/default/images/panel_tool_collapse.gif HTTP/1.1" 304 -
180.169.147.146 - - [15/Jun/2021:09:25:45 +0800] "GET /xingrg/images/blue/pingpu.png HTTP/1.1" 304 -
180.169.147.146 - - [15/Jun/2021:09:25:45 +0800] "GET /xingrg/javascript/jquery_easy_ui/themes/default/images/tabs_leftarrow.png HTTP/1.1" 304 -
180.169.147.146 - - [15/Jun/2021:09:25:45 +0800] "GET /xingrg/javascript/jquery_easy_ui/themes/default/images/tabs_rightarrow.png HTTP/1.1" 304 -
180.169.147.146 - - [15/Jun/2021:09:25:45 +0800] "GET /xingrg/javascript/jquery_easy_ui/themes/default/images/panel_tool_expand.gif HTTP/1.1" 304 -
180.169.147.146 - - [15/Jun/2021:09:25:45 +0800] "POST /xingrg/load_menu.html HTTP/1.1" 200 9959
222.70.177.90 - - [15/Jun/2021:09:25:47 +0800] "GET /xingrg/kc/buy/cgsh_order_operate.html?command=get_materiel&rest_code=00111&code=00101008286&supplier_code=00100005&order_time=2021-06-15 HTTP/1.1" 200 408
116.233.72.58 - - [15/Jun/2021:09:25:52 +0800] "GET /xingrg/all/function/internal_message.html?_=1623720350995&CODE_STATE=getMsg HTTP/1.1" 200 27
116.224.253.72 - - [15/Jun/2021:09:25:55 +0800] "POST /xingrg/kc/buy/cgsh_list_operate.html HTTP/1.1" 200 569
116.224.253.72 - - [15/Jun/2021:09:25:56 +0800] "GET /xingrg/kc/buy/cgsh_order_info.html?code=212021061506710 HTTP/1.1" 200 62411
116.224.253.72 - - [15/Jun/2021:09:25:56 +0800] "GET /xingrg/words/20210615091538_words.js HTTP/1.1" 304 -
116.224.253.72 - - [15/Jun/2021:09:25:56 +0800] "GET /xingrg/javascript/easyui/themes/default/validatebox.css HTTP/1.1" 404 1104
116.224.253.72 - - [15/Jun/2021:09:25:57 +0800] "POST /xingrg/kc/buy/cgsh_order_operate.html HTTP/1.1" 200 29261
116.235.222.38 - - [15/Jun/2021:09:25:57 +0800] "GET /xingrg/kc/buy/cgsh_order_add.html HTTP/1.1" 200 62554
120.253.135.82 - - [15/Jun/2021:09:25:57 +0800] "GET /xingrg/check_reg.html?_=1623720377903 HTTP/1.1" 200 22
116.235.222.38 - - [15/Jun/2021:09:25:58 +0800] "GET /xingrg/words/20210615091538_words.js HTTP/1.1" 200 821221
116.235.222.38 - - [15/Jun/2021:09:25:59 +0800] "GET /xingrg/javascript/easyui/themes/default/validatebox.css HTTP/1.1" 404 1104
116.235.222.38 - - [15/Jun/2021:09:25:59 +0800] "POST /xingrg/kc/buy/cgsh_order_operate.html HTTP/1.1" 200 8245
116.235.222.38 - - [15/Jun/2021:09:26:00 +0800] "GET /xingrg/javascript/easyui/themes/default/tree.css HTTP/1.1" 404 1090
116.235.222.38 - - [15/Jun/2021:09:26:00 +0800] "POST /xingrg/all/common/load_tree.html?tree=supplier_tree_json&isDelete=1 HTTP/1.1" 200 56029
120.253.135.82 - - [15/Jun/2021:09:26:09 +0800] "GET /xingrg/all/function/internal_message.html?_=1623720389994&CODE_STATE=getMsg HTTP/1.1" 200 27
116.230.117.165 - - [15/Jun/2021:09:26:11 +0800] "GET /xingrg/kc/buy/cgsh_order_operate.html?command=get_materiel&rest_code=00146&code=00101008323&supplier_code=00100005&order_time=2021-06-15 HTTP/1.1" 200 410
116.230.117.165 - - [15/Jun/2021:09:26:13 +0800] "GET /xingrg/check_reg.html?_=1623720376068 HTTP/1.1" 200 22
116.230.117.165 - - [15/Jun/2021:09:26:15 +0800] "GET /xingrg/all/function/internal_message.html?_=1623720378403&CODE_STATE=getMsg HTTP/1.1" 200 27
180.169.147.146 - - [15/Jun/2021:09:26:20 +0800] "GET /xingrg/all/function/internal_message.html?_=1623720378276&CODE_STATE=getMsg HTTP/1.1" 200 27
116.230.117.165 - - [15/Jun/2021:09:26:20 +0800] "POST /xingrg/kc/buy/cgsh_order_operate.html HTTP/1.1" 200 2065
116.235.222.38 - - [15/Jun/2021:09:26:25 +0800] "GET /xingrg/kc/buy/cgsh_order_operate.html?command=get_materiel&rest_code=00107&code=00101002007&supplier_code=00100199&order_time=2021-06-15 HTTP/1.1" 200 409
116.230.117.165 - - [15/Jun/2021:09:26:28 +0800] "GET /xingrg/kc/buy/cgsh_order_operate.html?command=get_materiel&rest_code=00146&code=00101008271&supplier_code=00100005&order_time=2021-06-15 HTTP/1.1" 200 408
116.233.72.58 - - [15/Jun/2021:09:26:30 +0800] "POST /xingrg/kc/buy/cgsh_list_operate.html HTTP/1.1" 200 3442
222.70.177.90 - - [15/Jun/2021:09:26:37 +0800] "GET /xingrg/all/function/internal_message.html?_=1623720394355&CODE_STATE=getMsg HTTP/1.1" 200 27
116.224.253.72 - - [15/Jun/2021:09:26:39 +0800] "GET /xingrg/check_reg.html?_=1623720395636 HTTP/1.1" 200 22
116.224.253.72 - - [15/Jun/2021:09:26:39 +0800] "GET /xingrg/all/function/internal_message.html?_=1623720395639&CODE_STATE=getMsg HTTP/1.1" 200 27
117.185.32.26 - - [15/Jun/2021:09:26:39 +0800] "GET /xingrg/all/function/internal_message.html?_=1623720927201&CODE_STATE=getMsg HTTP/1.1" 200 27
116.224.253.72 - - [15/Jun/2021:09:26:41 +0800] "GET /xingrg/all/function/internal_message.html?_=1623720389815&CODE_STATE=getMsg HTTP/1.1" 200 27
116.235.222.38 - - [15/Jun/2021:09:26:41 +0800] "GET /xingrg/check_reg.html?_=1623720397579 HTTP/1.1" 200 22
116.235.222.38 - - [15/Jun/2021:09:26:41 +0800] "GET /xingrg/all/function/internal_message.html?_=1623720397884&CODE_STATE=getMsg HTTP/1.1" 200 27
222.69.130.90 - - [15/Jun/2021:09:26:43 +0800] "GET /xingrg/all/function/internal_message.html?_=1623720400444&CODE_STATE=getMsg HTTP/1.1" 200 27
180.169.147.146 - - [15/Jun/2021:09:26:45 +0800] "GET /xingrg/all/function/internal_message.html?_=1623720402939&CODE_STATE=getMsg HTTP/1.1" 200 27
116.235.222.38 - - [15/Jun/2021:09:26:51 +0800] "GET /xingrg/kc/buy/cgsh_order_operate.html?command=get_materiel&rest_code=00107&code=00101002006&supplier_code=00100199&order_time=2021-06-15 HTTP/1.1" 200 414
116.233.72.58 - - [15/Jun/2021:09:26:52 +0800] "GET /xingrg/all/function/internal_message.html?_=1623720410998&CODE_STATE=getMsg HTTP/1.1" 200 27
116.224.253.72 - - [15/Jun/2021:09:26:54 +0800] "POST /xingrg/kc/buy/cgsh_order_operate.html HTTP/1.1" 200 37
116.224.253.72 - - [15/Jun/2021:09:26:56 +0800] "POST /xingrg/kc/buy/cgsh_order_operate.html HTTP/1.1" 200 28082
222.70.177.90 - - [15/Jun/2021:09:26:59 +0800] "GET /xingrg/kc/buy/cgsh_order_operate.html?command=get_materiel&rest_code=00111&code=00101008318&supplier_code=00100005&order_time=2021-06-15 HTTP/1.1" 200 408
116.233.72.58 - - [15/Jun/2021:09:27:04 +0800] "POST /xingrg/kc/buy/cgsh_list_operate.html HTTP/1.1" 200 564
116.235.222.38 - - [15/Jun/2021:09:27:06 +0800] "GET /xingrg/kc/buy/cgsh_order_operate.html?command=get_materiel&rest_code=00107&code=00101001138&supplier_code=00100199&order_time=2021-06-15 HTTP/1.1" 200 413
116.233.72.58 - - [15/Jun/2021:09:27:08 +0800] "GET /xingrg/kc/buy/cgsh_order_info.html?code=212021061506725 HTTP/1.1" 200 62516
116.233.72.58 - - [15/Jun/2021:09:27:08 +0800] "GET /xingrg/words/20210615091538_words.js HTTP/1.1" 304 -
116.233.72.58 - - [15/Jun/2021:09:27:08 +0800] "GET /xingrg/all/common/auto_word.html?type=employee&rest_code=00109 HTTP/1.1" 200 255
116.233.72.58 - - [15/Jun/2021:09:27:08 +0800] "GET /xingrg/javascript/easyui/themes/default/validatebox.css HTTP/1.1" 404 1104
116.233.72.58 - - [15/Jun/2021:09:27:08 +0800] "GET /xingrg/all/common/auto_word.html?type=employee&rest_code=00109 HTTP/1.1" 200 255
116.233.72.58 - - [15/Jun/2021:09:27:08 +0800] "POST /xingrg/kc/buy/cgsh_order_operate.html HTTP/1.1" 200 32821
120.253.135.82 - - [15/Jun/2021:09:27:09 +0800] "GET /xingrg/all/function/internal_message.html?_=1623720450007&CODE_STATE=getMsg HTTP/1.1" 200 27
116.233.72.58 - - [15/Jun/2021:09:27:10 +0800] "GET /xingrg/kc/print/load_config.html?kc_code=cgsh HTTP/1.1" 200 1845
116.233.72.58 - - [15/Jun/2021:09:27:10 +0800] "GET /xingrg/kc/print/load_data.html?order_code=212021061506725&kc_code=cgsh HTTP/1.1" 200 12110
116.230.117.165 - - [15/Jun/2021:09:27:15 +0800] "GET /xingrg/all/function/internal_message.html?_=1623720438469&CODE_STATE=getMsg HTTP/1.1" 200 27
116.224.253.72 - - [15/Jun/2021:09:27:20 +0800] "GET /xingrg/kc/buy/cgsh_order_list.html HTTP/1.1" 200 46734
180.169.147.146 - - [15/Jun/2021:09:27:20 +0800] "GET /xingrg/all/function/internal_message.html?_=1623720438273&CODE_STATE=getMsg HTTP/1.1" 200 27
116.224.253.72 - - [15/Jun/2021:09:27:22 +0800] "POST /xingrg/kc/buy/cgsh_list_operate.html HTTP/1.1" 200 2069
116.233.72.58 - - [15/Jun/2021:09:27:23 +0800] "POST /xingrg/kc/buy/cgsh_list_operate.html HTTP/1.1" 200 3442
116.224.253.72 - - [15/Jun/2021:09:27:24 +0800] "POST /xingrg/kc/buy/cgsh_list_operate.html HTTP/1.1" 200 569
116.235.222.38 - - [15/Jun/2021:09:27:24 +0800] "POST /xingrg/kc/buy/cgsh_order_operate.html HTTP/1.1" 200 37
222.70.177.90 - - [15/Jun/2021:09:27:25 +0800] "POST /xingrg/kc/buy/cgsh_order_operate.html HTTP/1.1" 200 2065
116.224.253.72 - - [15/Jun/2021:09:27:25 +0800] "GET /xingrg/kc/buy/cgsh_order_info.html?code=212021061506710 HTTP/1.1" 200 62411
116.224.253.72 - - [15/Jun/2021:09:27:25 +0800] "GET /xingrg/words/20210615091538_words.js HTTP/1.1" 304 -
116.224.253.72 - - [15/Jun/2021:09:27:25 +0800] "GET /xingrg/javascript/easyui/themes/default/validatebox.css HTTP/1.1" 404 1104
116.224.253.72 - - [15/Jun/2021:09:27:26 +0800] "POST /xingrg/kc/buy/cgsh_order_operate.html HTTP/1.1" 200 28082
116.235.222.38 - - [15/Jun/2021:09:27:27 +0800] "POST /xingrg/kc/buy/cgsh_order_operate.html HTTP/1.1" 200 3848
116.235.222.38 - - [15/Jun/2021:09:27:29 +0800] "GET /xingrg/kc/print/load_data.html?order_code=212021061506732&kc_code=cgsh&condition= HTTP/1.1" 200 1134
116.230.117.165 - - [15/Jun/2021:09:27:30 +0800] "GET /xingrg/check_reg.html?_=1623720447951 HTTP/1.1" 302 -
222.70.177.90 - - [15/Jun/2021:09:27:31 +0800] "GET /xingrg/kc/buy/cgsh_order_operate.html?command=get_materiel&rest_code=00111&code=00101008098&supplier_code=00100005&order_time=2021-06-15 HTTP/1.1" 200 412
116.235.222.38 - - [15/Jun/2021:09:27:34 +0800] "GET /xingrg/kc/buy/cgsh_order_add.html HTTP/1.1" 200 62554
116.235.222.38 - - [15/Jun/2021:09:27:34 +0800] "GET /xingrg/words/20210615091538_words.js HTTP/1.1" 304 -
116.235.222.38 - - [15/Jun/2021:09:27:35 +0800] "GET /xingrg/javascript/easyui/themes/default/validatebox.css HTTP/1.1" 404 1104
116.235.222.38 - - [15/Jun/2021:09:27:35 +0800] "POST /xingrg/kc/buy/cgsh_order_operate.html HTTP/1.1" 200 8245
116.235.222.38 - - [15/Jun/2021:09:27:36 +0800] "GET /xingrg/javascript/easyui/themes/default/tree.css HTTP/1.1" 404 1090
116.235.222.38 - - [15/Jun/2021:09:27:36 +0800] "POST /xingrg/all/common/load_tree.html?tree=supplier_tree_json&isDelete=1 HTTP/1.1" 200 56029
222.70.177.90 - - [15/Jun/2021:09:27:37 +0800] "GET /xingrg/all/function/internal_message.html?_=1623720454400&CODE_STATE=getMsg HTTP/1.1" 200 27
222.70.177.90 - - [15/Jun/2021:09:27:38 +0800] "GET /xingrg/check_reg.html?_=1623720454621 HTTP/1.1" 200 22
116.224.253.72 - - [15/Jun/2021:09:27:39 +0800] "GET /xingrg/all/function/internal_message.html?_=1623720455647&CODE_STATE=getMsg HTTP/1.1" 200 27
116.233.72.58 - - [15/Jun/2021:09:27:39 +0800] "POST /xingrg/kc/buy/cgsh_list_operate.html HTTP/1.1" 200 199
117.185.32.26 - - [15/Jun/2021:09:27:39 +0800] "GET /xingrg/all/function/internal_message.html?_=1623720987186&CODE_STATE=getMsg HTTP/1.1" 200 27
116.233.72.58 - - [15/Jun/2021:09:27:40 +0800] "POST /xingrg/kc/buy/cgsh_list_operate.html HTTP/1.1" 200 598
116.233.72.58 - - [15/Jun/2021:09:27:40 +0800] "GET /xingrg/kc/buy/cgsh_order_info.html?code=212021061506730 HTTP/1.1" 200 62516
116.233.72.58 - - [15/Jun/2021:09:27:41 +0800] "GET /xingrg/all/common/auto_word.html?type=employee&rest_code=00109 HTTP/1.1" 200 255
116.233.72.58 - - [15/Jun/2021:09:27:41 +0800] "GET /xingrg/javascript/easyui/themes/default/validatebox.css HTTP/1.1" 404 1104
116.233.72.58 - - [15/Jun/2021:09:27:41 +0800] "GET /xingrg/all/common/auto_word.html?type=employee&rest_code=00109 HTTP/1.1" 200 255
116.224.253.72 - - [15/Jun/2021:09:27:41 +0800] "GET /xingrg/all/function/internal_message.html?_=1623720449833&CODE_STATE=getMsg HTTP/1.1" 200 27
116.233.72.58 - - [15/Jun/2021:09:27:41 +0800] "POST /xingrg/kc/buy/cgsh_order_operate.html HTTP/1.1" 200 5655
116.235.222.38 - - [15/Jun/2021:09:27:41 +0800] "GET /xingrg/all/function/internal_message.html?_=1623720457850&CODE_STATE=getMsg HTTP/1.1" 200 27
116.233.72.58 - - [15/Jun/2021:09:27:42 +0800] "GET /xingrg/kc/print/load_config.html?kc_code=cgsh HTTP/1.1" 200 1845
116.233.72.58 - - [15/Jun/2021:09:27:42 +0800] "GET /xingrg/kc/print/load_data.html?order_code=212021061506730&kc_code=cgsh HTTP/1.1" 200 1923
180.161.111.4 - - [15/Jun/2021:09:27:42 +0800] "GET /xingrg/check_reg.html?_=1623720424913 HTTP/1.1" 200 22
222.69.130.90 - - [15/Jun/2021:09:27:43 +0800] "GET /xingrg/all/function/internal_message.html?_=1623720460443&CODE_STATE=getMsg HTTP/1.1" 200 27
180.161.111.4 - - [15/Jun/2021:09:27:44 +0800] "GET /xingrg/javascript/jquery_easy_ui/themes/default/images/tabs_close.gif HTTP/1.1" 200 829
180.161.111.4 - - [15/Jun/2021:09:27:44 +0800] "GET /xingrg/css/site.css HTTP/1.1" 304 -
180.161.111.4 - - [15/Jun/2021:09:27:44 +0800] "GET /xingrg/kc/buy/cgsh_order_list.html HTTP/1.1" 200 46728
180.161.111.4 - - [15/Jun/2021:09:27:44 +0800] "GET /xingrg/css/base.css HTTP/1.1" 304 -
180.161.111.4 - - [15/Jun/2021:09:27:44 +0800] "GET /xingrg/javascript/jquery_tools/datebox.css HTTP/1.1" 304 -
180.161.111.4 - - [15/Jun/2021:09:27:44 +0800] "GET /xingrg/javascript/easyui/themes/default/easyui.css HTTP/1.1" 304 -
180.161.111.4 - - [15/Jun/2021:09:27:44 +0800] "GET /xingrg/javascript/auto/jquery.autocomplete.css HTTP/1.1" 304 -
180.161.111.4 - - [15/Jun/2021:09:27:44 +0800] "GET /xingrg/javascript/easyui/themes/icon.css HTTP/1.1" 304 -
180.161.111.4 - - [15/Jun/2021:09:27:44 +0800] "GET /xingrg/javascript/jquery_tools/fix.css HTTP/1.1" 304 -
180.161.111.4 - - [15/Jun/2021:09:27:44 +0800] "GET /xingrg/javascript/jquery_tools/table.css HTTP/1.1" 304 -
180.161.111.4 - - [15/Jun/2021:09:27:44 +0800] "GET /xingrg/javascript/jquery_tools/jquery.tools.hotkey.js HTTP/1.1" 304 -
180.161.111.4 - - [15/Jun/2021:09:27:44 +0800] "GET /xingrg/javascript/jquery_tools/jquery.tools.extend.js HTTP/1.1" 304 -
180.161.111.4 - - [15/Jun/2021:09:27:44 +0800] "GET /xingrg/javascript/jquery_tools/jquery.tools.table.js HTTP/1.1" 304 -
180.161.111.4 - - [15/Jun/2021:09:27:44 +0800] "GET /xingrg/javascript/jquery_tools/jquery.tools.min.js HTTP/1.1" 304 -
180.161.111.4 - - [15/Jun/2021:09:27:44 +0800] "GET /xingrg/javascript/jquery_tools/list_manager.js HTTP/1.1" 304 -
180.161.111.4 - - [15/Jun/2021:09:27:44 +0800] "GET /xingrg/javascript/auto/jquery.autocomplete.js HTTP/1.1" 304 -
180.161.111.4 - - [15/Jun/2021:09:27:44 +0800] "GET /xingrg/javascript/easyui/easyloader.js HTTP/1.1" 304 -
180.161.111.4 - - [15/Jun/2021:09:27:44 +0800] "GET /xingrg/javascript/jquery.cookie.js HTTP/1.1" 304 -
180.161.111.4 - - [15/Jun/2021:09:27:44 +0800] "GET /xingrg/javascript/print/LodopFuncs.js HTTP/1.1" 304 -
180.161.111.4 - - [15/Jun/2021:09:27:45 +0800] "GET /xingrg/javascript/easyui/themes/icons/edit_add_new.png HTTP/1.1" 304 -
180.161.111.4 - - [15/Jun/2021:09:27:45 +0800] "GET /xingrg/javascript/easyui/themes/icons/cance_new.png HTTP/1.1" 200 3986
180.161.111.4 - - [15/Jun/2021:09:27:45 +0800] "GET /xingrg/javascript/easyui/themes/icons/check_new.png HTTP/1.1" 200 3224
180.161.111.4 - - [15/Jun/2021:09:27:45 +0800] "GET /xingrg/javascript/easyui/themes/icons/field_new.png HTTP/1.1" 304 -
180.161.111.4 - - [15/Jun/2021:09:27:45 +0800] "GET /xingrg/javascript/easyui/themes/icons/import_new.png HTTP/1.1" 304 -
180.161.111.4 - - [15/Jun/2021:09:27:45 +0800] "GET /xingrg/javascript/easyui/plugins/jquery.parser.js HTTP/1.1" 304 -
180.161.111.4 - - [15/Jun/2021:09:27:45 +0800] "GET /xingrg/images/control/ajaxLoader.gif HTTP/1.1" 304 -
180.169.147.146 - - [15/Jun/2021:09:27:45 +0800] "GET /xingrg/all/function/internal_message.html?_=1623720462961&CODE_STATE=getMsg HTTP/1.1" 200 27
116.230.117.165 - - [15/Jun/2021:09:27:46 +0800] "POST /xingrg/kc/buy/cgsh_order_operate.html HTTP/1.1" 200 37
180.161.111.4 - - [15/Jun/2021:09:27:46 +0800] "POST /xingrg/kc/buy/cgsh_list_operate.html HTTP/1.1" 200 876
180.161.111.4 - - [15/Jun/2021:09:27:46 +0800] "GET /xingrg/javascript/easyui/themes/default/images/button_plain_hover.png HTTP/1.1" 304 -
180.161.111.4 - - [15/Jun/2021:09:27:47 +0800] "GET /xingrg/javascript/pic_change.js HTTP/1.1" 304 -
180.161.111.4 - - [15/Jun/2021:09:27:47 +0800] "GET /xingrg/javascript/convert.js HTTP/1.1" 200 1239
180.161.111.4 - - [15/Jun/2021:09:27:47 +0800] "GET /xingrg/javascript/print/kc_print.js HTTP/1.1" 304 -
180.161.111.4 - - [15/Jun/2021:09:27:47 +0800] "GET /xingrg/kc/buy/cgsh_order_add.html HTTP/1.1" 200 62425
180.161.111.4 - - [15/Jun/2021:09:27:47 +0800] "GET /xingrg/javascript/json2.js HTTP/1.1" 200 11259
180.161.111.4 - - [15/Jun/2021:09:27:47 +0800] "GET /xingrg/javascript/jquery_tools/order_manager.js HTTP/1.1" 200 11183
180.161.111.4 - - [15/Jun/2021:09:27:48 +0800] "GET /xingrg/words/20210615091538_words.js HTTP/1.1" 200 821221
180.161.111.4 - - [15/Jun/2021:09:27:48 +0800] "GET /xingrg/javascript/easyui/themes/icons/copy_new.png HTTP/1.1" 200 815
180.161.111.4 - - [15/Jun/2021:09:27:48 +0800] "GET /xingrg/javascript/easyui/themes/icons/template_new.png HTTP/1.1" 200 3956
180.161.111.4 - - [15/Jun/2021:09:27:48 +0800] "GET /xingrg/javascript/easyui/themes/icons/ok.png HTTP/1.1" 200 883
180.161.111.4 - - [15/Jun/2021:09:27:48 +0800] "GET /xingrg/javascript/easyui/themes/default/images/menu_downarrow.png HTTP/1.1" 200 173
180.161.111.4 - - [15/Jun/2021:09:27:48 +0800] "GET /xingrg/javascript/easyui/themes/icons/print.png HTTP/1.1" 200 1057
180.161.111.4 - - [15/Jun/2021:09:27:48 +0800] "GET /xingrg/javascript/easyui/themes/icons/cancel.png HTTP/1.1" 200 1133
116.230.117.165 - - [15/Jun/2021:09:27:49 +0800] "POST /xingrg/kc/buy/cgsh_order_operate.html HTTP/1.1" 200 48764
180.161.111.4 - - [15/Jun/2021:09:27:49 +0800] "POST /xingrg/kc/buy/cgsh_order_operate.html HTTP/1.1" 200 8245
180.161.111.4 - - [15/Jun/2021:09:27:50 +0800] "GET /xingrg/javascript/easyui/themes/icons/edit_remove.png HTTP/1.1" 200 625
180.161.111.4 - - [15/Jun/2021:09:27:50 +0800] "GET /xingrg/all/common/auto_word.html?type=employee&rest_code=00102 HTTP/1.1" 200 189
180.161.111.4 - - [15/Jun/2021:09:27:50 +0800] "GET /xingrg/all/common/auto_word.html?type=employee&rest_code=00102 HTTP/1.1" 200 189
180.161.111.4 - - [15/Jun/2021:09:27:50 +0800] "GET /xingrg/javascript/easyui/themes/default/validatebox.css HTTP/1.1" 404 1104
180.161.111.4 - - [15/Jun/2021:09:27:50 +0800] "GET /xingrg/javascript/easyui/plugins/jquery.validatebox.js HTTP/1.1" 200 6103
180.161.111.4 - - [15/Jun/2021:09:27:50 +0800] "GET /xingrg/javascript/easyui/plugins/jquery.numberbox.js HTTP/1.1" 200 5213
180.161.111.4 - - [15/Jun/2021:09:27:50 +0800] "GET /xingrg/javascript/auto/indicator.gif HTTP/1.1" 404 1066
116.233.72.58 - - [15/Jun/2021:09:27:52 +0800] "GET /xingrg/all/function/internal_message.html?_=1623720471297&CODE_STATE=getMsg HTTP/1.1" 200 27
116.233.72.58 - - [15/Jun/2021:09:27:53 +0800] "POST /xingrg/kc/buy/cgsh_list_operate.html HTTP/1.1" 200 3442
222.70.177.90 - - [15/Jun/2021:09:27:54 +0800] "GET /xingrg/kc/buy/cgsh_order_operate.html?command=get_materiel&rest_code=00111&code=00101008101&supplier_code=00100005&order_time=2021-06-15 HTTP/1.1" 200 412
116.230.117.165 - - [15/Jun/2021:09:27:58 +0800] "GET /xingrg/kc/print/load_config.html?kc_code=cgsh HTTP/1.1" 200 1845
116.230.117.165 - - [15/Jun/2021:09:27:58 +0800] "GET /xingrg/kc/print/load_data.html?order_code=212021061506733&kc_code=cgsh&condition= HTTP/1.1" 200 18130
116.235.222.38 - - [15/Jun/2021:09:28:00 +0800] "GET /xingrg/kc/buy/cgsh_order_operate.html?command=get_materiel&rest_code=00107&code=00101016075&supplier_code=00100033&order_time=2021-06-15 HTTP/1.1" 200 445
180.161.111.4 - - [15/Jun/2021:09:28:06 +0800] "GET /xingrg/kc/buy/cgsh_order_operate.html?command=get_materiel&rest_code=00102&code=00101006133&supplier_code=00100096&order_time=2021-06-15 HTTP/1.1" 200 413
222.70.177.90 - - [15/Jun/2021:09:28:07 +0800] "GET /xingrg/kc/buy/cgsh_order_operate.html?command=get_materiel&rest_code=00111&code=00101008436&supplier_code=00100005&order_time=2021-06-15 HTTP/1.1" 200 398
120.253.135.82 - - [15/Jun/2021:09:28:09 +0800] "GET /xingrg/all/function/internal_message.html?_=1623720510025&CODE_STATE=getMsg HTTP/1.1" 200 27
116.235.222.38 - - [15/Jun/2021:09:28:11 +0800] "GET /xingrg/kc/buy/cgsh_order_operate.html?command=get_materiel&rest_code=00107&code=00101016081&supplier_code=00100033&order_time=2021-06-15 HTTP/1.1" 200 447
116.230.117.165 - - [15/Jun/2021:09:28:15 +0800] "GET /xingrg/all/function/internal_message.html?_=1623720498631&CODE_STATE=getMsg HTTP/1.1" 200 27
180.169.147.146 - - [15/Jun/2021:09:28:20 +0800] "GET /xingrg/check_reg.html?_=1623720498240 HTTP/1.1" 200 22
180.169.147.146 - - [15/Jun/2021:09:28:20 +0800] "GET /xingrg/all/function/internal_message.html?_=1623720498242&CODE_STATE=getMsg HTTP/1.1" 200 27
116.235.222.38 - - [15/Jun/2021:09:28:22 +0800] "GET /xingrg/kc/buy/cgsh_order_operate.html?command=get_materiel&rest_code=00107&code=00101012024&supplier_code=00100033&order_time=2021-06-15 HTTP/1.1" 200 408
222.70.177.90 - - [15/Jun/2021:09:28:23 +0800] "GET /xingrg/kc/buy/cgsh_order_operate.html?command=get_materiel&rest_code=00111&code=00101008125&supplier_code=00100005&order_time=2021-06-15 HTTP/1.1" 200 413
180.161.111.4 - - [15/Jun/2021:09:28:24 +0800] "GET /xingrg/kc/buy/cgsh_order_operate.html?command=get_materiel&rest_code=00102&code=00101007092&supplier_code=00100096&order_time=2021-06-15 HTTP/1.1" 200 411
222.70.177.90 - - [15/Jun/2021:09:28:28 +0800] "POST /xingrg/kc/buy/cgsh_order_operate.html HTTP/1.1" 200 2065
222.70.177.90 - - [15/Jun/2021:09:28:34 +0800] "GET /xingrg/kc/buy/cgsh_order_operate.html?command=get_materiel&rest_code=00111&code=00101008403&supplier_code=00100005&order_time=2021-06-15 HTTP/1.1" 200 412
180.161.111.4 - - [15/Jun/2021:09:28:35 +0800] "GET /xingrg/kc/buy/cgsh_order_operate.html?command=get_materiel&rest_code=00102&code=00101007085&supplier_code=00100096&order_time=2021-06-15 HTTP/1.1" 200 413
222.70.177.90 - - [15/Jun/2021:09:28:37 +0800] "GET /xingrg/all/function/internal_message.html?_=1623720514416&CODE_STATE=getMsg HTTP/1.1" 200 27
116.224.253.72 - - [15/Jun/2021:09:28:39 +0800] "GET /xingrg/all/function/internal_message.html?_=1623720515644&CODE_STATE=getMsg HTTP/1.1" 200 27
117.185.32.26 - - [15/Jun/2021:09:28:39 +0800] "GET /xingrg/all/function/internal_message.html?_=1623721047169&CODE_STATE=getMsg HTTP/1.1" 200 27
116.224.253.72 - - [15/Jun/2021:09:28:41 +0800] "GET /xingrg/all/function/internal_message.html?_=1623720509843&CODE_STATE=getMsg HTTP/1.1" 200 27
116.235.222.38 - - [15/Jun/2021:09:28:41 +0800] "GET /xingrg/all/function/internal_message.html?_=1623720517825&CODE_STATE=getMsg HTTP/1.1" 200 27
222.69.130.90 - - [15/Jun/2021:09:28:43 +0800] "GET /xingrg/all/function/internal_message.html?_=1623720520421&CODE_STATE=getMsg HTTP/1.1" 200 27
180.169.147.146 - - [15/Jun/2021:09:28:45 +0800] "GET /xingrg/all/function/internal_message.html?_=1623720522948&CODE_STATE=getMsg HTTP/1.1" 200 27
116.235.222.38 - - [15/Jun/2021:09:28:47 +0800] "GET /xingrg/kc/buy/cgsh_order_operate.html?command=get_materiel&rest_code=00107&code=00101019224&supplier_code=00100033&order_time=2021-06-15 HTTP/1.1" 200 408
222.70.177.90 - - [15/Jun/2021:09:28:49 +0800] "GET /xingrg/kc/buy/cgsh_order_operate.html?command=get_materiel&rest_code=00111&code=00101008350&supplier_code=00100005&order_time=2021-06-15 HTTP/1.1" 200 408
180.161.111.4 - - [15/Jun/2021:09:28:49 +0800] "GET /xingrg/kc/buy/cgsh_order_operate.html?command=get_materiel&rest_code=00102&code=00101006063&supplier_code=00100096&order_time=2021-06-15 HTTP/1.1" 200 413
116.233.72.58 - - [15/Jun/2021:09:28:52 +0800] "GET /xingrg/all/function/internal_message.html?_=1623720531300&CODE_STATE=getMsg HTTP/1.1" 200 27
180.161.111.4 - - [15/Jun/2021:09:29:01 +0800] "GET /xingrg/kc/buy/cgsh_order_operate.html?command=get_materiel&rest_code=00102&code=00101006065&supplier_code=00100096&order_time=2021-06-15 HTTP/1.1" 200 409
117.185.32.26 - - [15/Jun/2021:09:29:02 +0800] "GET /xingrg/check_reg.html?_=1623721070071 HTTP/1.1" 200 22
222.70.177.90 - - [15/Jun/2021:09:29:03 +0800] "GET /xingrg/kc/buy/cgsh_order_operate.html?command=get_materiel&rest_code=00111&code=00101008036&supplier_code=00100005&order_time=2021-06-15 HTTP/1.1" 200 408
116.224.253.72 - - [15/Jun/2021:09:29:06 +0800] "POST /xingrg/kc/buy/cgsh_order_operate.html HTTP/1.1" 200 37
116.235.222.38 - - [15/Jun/2021:09:29:07 +0800] "GET /xingrg/kc/buy/cgsh_order_operate.html?command=get_materiel&rest_code=00107&code=00101012029&supplier_code=00100033&order_time=2021-06-15 HTTP/1.1" 200 412
116.224.253.72 - - [15/Jun/2021:09:29:09 +0800] "POST /xingrg/kc/buy/cgsh_order_operate.html HTTP/1.1" 200 12
120.253.135.82 - - [15/Jun/2021:09:29:09 +0800] "GET /xingrg/all/function/internal_message.html?_=1623720570034&CODE_STATE=getMsg HTTP/1.1" 200 27
116.224.253.72 - - [15/Jun/2021:09:29:10 +0800] "GET /xingrg/kc/buy/cgsh_order_info.html?code=212021061506710 HTTP/1.1" 200 57304
116.224.253.72 - - [15/Jun/2021:09:29:10 +0800] "GET /xingrg/words/20210615091538_words.js HTTP/1.1" 304 -
116.224.253.72 - - [15/Jun/2021:09:29:10 +0800] "GET /xingrg/javascript/easyui/themes/default/validatebox.css HTTP/1.1" 404 1104
116.224.253.72 - - [15/Jun/2021:09:29:11 +0800] "POST /xingrg/kc/buy/cgsh_order_operate.html HTTP/1.1" 200 26027
116.224.253.72 - - [15/Jun/2021:09:29:12 +0800] "GET /xingrg/kc/print/load_data.html?order_code=212021061506710&kc_code=cgsh&condition= HTTP/1.1" 200 10383
116.230.117.165 - - [15/Jun/2021:09:29:15 +0800] "GET /xingrg/all/function/internal_message.html?_=1623720558791&CODE_STATE=getMsg HTTP/1.1" 200 27
116.224.253.72 - - [15/Jun/2021:09:29:19 +0800] "POST /xingrg/kc/buy/cgsh_list_operate.html HTTP/1.1" 200 1688
180.161.111.4 - - [15/Jun/2021:09:29:19 +0800] "GET /xingrg/kc/buy/cgsh_order_operate.html?command=get_materiel&rest_code=00102&code=00101006129&supplier_code=00100096&order_time=2021-06-15 HTTP/1.1" 200 431
180.169.147.146 - - [15/Jun/2021:09:29:20 +0800] "GET /xingrg/all/function/internal_message.html?_=1623720558241&CODE_STATE=getMsg HTTP/1.1" 200 27
116.224.253.72 - - [15/Jun/2021:09:29:21 +0800] "POST /xingrg/kc/buy/cgsh_list_operate.html HTTP/1.1" 200 574
116.224.253.72 - - [15/Jun/2021:09:29:24 +0800] "GET /xingrg/kc/buy/cgsh_order_info.html?code=212021061506718 HTTP/1.1" 200 62399
116.224.253.72 - - [15/Jun/2021:09:29:25 +0800] "GET /xingrg/javascript/easyui/themes/default/validatebox.css HTTP/1.1" 404 1104
116.224.253.72 - - [15/Jun/2021:09:29:25 +0800] "POST /xingrg/kc/buy/cgsh_order_operate.html HTTP/1.1" 200 7411
116.235.222.38 - - [15/Jun/2021:09:29:29 +0800] "GET /xingrg/kc/buy/cgsh_order_operate.html?command=get_materiel&rest_code=00107&code=00101016025&supplier_code=00100033&order_time=2021-06-15 HTTP/1.1" 200 408
222.70.177.90 - - [15/Jun/2021:09:29:37 +0800] "GET /xingrg/all/function/internal_message.html?_=1623720574386&CODE_STATE=getMsg HTTP/1.1" 200 27
116.224.253.72 - - [15/Jun/2021:09:29:39 +0800] "GET /xingrg/all/function/internal_message.html?_=1623720575645&CODE_STATE=getMsg HTTP/1.1" 200 27
117.185.32.26 - - [15/Jun/2021:09:29:39 +0800] "GET /xingrg/all/function/internal_message.html?_=1623721107154&CODE_STATE=getMsg HTTP/1.1" 200 27
116.224.253.72 - - [15/Jun/2021:09:29:41 +0800] "GET /xingrg/check_reg.html?_=1623720569797 HTTP/1.1" 200 22
116.224.253.72 - - [15/Jun/2021:09:29:41 +0800] "GET /xingrg/all/function/internal_message.html?_=1623720569856&CODE_STATE=getMsg HTTP/1.1" 200 27
116.235.222.38 - - [15/Jun/2021:09:29:41 +0800] "GET /xingrg/all/function/internal_message.html?_=1623720577805&CODE_STATE=getMsg HTTP/1.1" 200 27
222.69.130.90 - - [15/Jun/2021:09:29:43 +0800] "GET /xingrg/all/function/internal_message.html?_=1623720580405&CODE_STATE=getMsg HTTP/1.1" 200 27
116.224.253.72 - - [15/Jun/2021:09:29:45 +0800] "POST /xingrg/kc/buy/cgsh_order_operate.html HTTP/1.1" 200 37
180.169.147.146 - - [15/Jun/2021:09:29:45 +0800] "GET /xingrg/all/function/internal_message.html?_=1623720582946&CODE_STATE=getMsg HTTP/1.1" 200 27
116.224.253.72 - - [15/Jun/2021:09:29:47 +0800] "POST /xingrg/kc/buy/cgsh_order_operate.html HTTP/1.1" 200 12
116.224.253.72 - - [15/Jun/2021:09:29:48 +0800] "GET /xingrg/kc/buy/cgsh_order_info.html?code=212021061506718 HTTP/1.1" 200 57292
116.224.253.72 - - [15/Jun/2021:09:29:48 +0800] "GET /xingrg/javascript/easyui/themes/default/validatebox.css HTTP/1.1" 404 1104
116.224.253.72 - - [15/Jun/2021:09:29:49 +0800] "POST /xingrg/kc/buy/cgsh_order_operate.html HTTP/1.1" 200 5354
116.224.253.72 - - [15/Jun/2021:09:29:50 +0800] "GET /xingrg/kc/print/load_data.html?order_code=212021061506718&kc_code=cgsh&condition= HTTP/1.1" 200 2515
116.233.72.58 - - [15/Jun/2021:09:29:52 +0800] "GET /xingrg/all/function/internal_message.html?_=1623720591299&CODE_STATE=getMsg HTTP/1.1" 200 27
116.233.72.58 - - [15/Jun/2021:09:29:52 +0800] "GET /xingrg/check_reg.html?_=1623720591303 HTTP/1.1" 200 22
180.161.111.4 - - [15/Jun/2021:09:29:53 +0800] "GET /xingrg/kc/buy/cgsh_order_operate.html?command=get_materiel&rest_code=00102&code=00101006112&supplier_code=00100096&order_time=2021-06-15 HTTP/1.1" 200 411
116.235.222.38 - - [15/Jun/2021:09:29:54 +0800] "GET /xingrg/kc/buy/cgsh_order_operate.html?command=get_materiel&rest_code=00107&code=00101012044&supplier_code=00100033&order_time=2021-06-15 HTTP/1.1" 200 408
116.224.253.72 - - [15/Jun/2021:09:29:55 +0800] "POST /xingrg/kc/buy/cgsh_list_operate.html HTTP/1.1" 200 876
222.70.177.90 - - [15/Jun/2021:09:30:03 +0800] "GET /xingrg/kc/buy/cgsh_order_operate.html?command=get_materiel&rest_code=00111&code=00101008323&supplier_code=00100005&order_time=2021-06-15 HTTP/1.1" 200 408
180.161.111.4 - - [15/Jun/2021:09:30:07 +0800] "GET /xingrg/kc/buy/cgsh_order_operate.html?command=get_materiel&rest_code=00102&code=00101012038&supplier_code=00100096&order_time=2021-06-15 HTTP/1.1" 200 412
120.253.135.82 - - [15/Jun/2021:09:30:09 +0800] "GET /xingrg/all/function/internal_message.html?_=1623720630055&CODE_STATE=getMsg HTTP/1.1" 200 27
116.235.222.38 - - [15/Jun/2021:09:30:10 +0800] "GET /xingrg/kc/buy/cgsh_order_operate.html?command=get_materiel&rest_code=00107&code=00101012025&supplier_code=00100033&order_time=2021-06-15 HTTP/1.1" 200 412
116.230.117.165 - - [15/Jun/2021:09:30:15 +0800] "GET /xingrg/all/function/internal_message.html?_=1623720618801&CODE_STATE=getMsg HTTP/1.1" 200 27
180.169.147.146 - - [15/Jun/2021:09:30:19 +0800] "GET /xingrg/index.html?sysBaseUrl=http%3A%2F%2F180.169.147.146%3A18081%2Fxingrg%2F&costTime=39×tamp=1592034574635 HTTP/1.1" 302 -
180.169.147.146 - - [15/Jun/2021:09:30:19 +0800] "GET /xingrg/login.html HTTP/1.1" 200 7641
180.169.147.146 - - [15/Jun/2021:09:30:19 +0800] "GET /xingrg/images/blue/jxLogo.png HTTP/1.1" 200 6156
180.161.111.4 - - [15/Jun/2021:09:30:19 +0800] "GET /xingrg/kc/buy/cgsh_order_operate.html?command=get_materiel&rest_code=00102&code=00101016080&supplier_code=00100096&order_time=2021-06-15 HTTP/1.1" 200 408
180.169.147.146 - - [15/Jun/2021:09:30:19 +0800] "GET /xingrg/images/blue/hj.png HTTP/1.1" 200 1014
180.169.147.146 - - [15/Jun/2021:09:30:19 +0800] "GET /xingrg/images/blue/login_bg.png HTTP/1.1" 200 22101
180.169.147.146 - - [15/Jun/2021:09:30:19 +0800] "GET /xingrg/images/blue/srbg.png HTTP/1.1" 200 138
180.169.147.146 - - [15/Jun/2021:09:30:19 +0800] "GET /favicon.ico HTTP/1.1" 404 -
180.169.147.146 - - [15/Jun/2021:09:30:20 +0800] "GET /favicon.ico HTTP/1.1" 404 -
180.169.147.146 - - [15/Jun/2021:09:30:20 +0800] "GET /xingrg/all/function/internal_message.html?_=1623720618248&CODE_STATE=getMsg HTTP/1.1" 200 27
180.169.147.146 - - [15/Jun/2021:09:30:28 +0800] "POST /xingrg/login.do HTTP/1.1" 302 -
180.169.147.146 - - [15/Jun/2021:09:30:28 +0800] "GET /xingrg/index.html?sysBaseUrl=http%3A%2F%2F180.169.147.146%3A18081%2Fxingrg%2F&costTime=39×tamp=1623720628646 HTTP/1.1" 200 17503
180.169.147.146 - - [15/Jun/2021:09:30:28 +0800] "GET /xingrg/javascript/jquery_easy_ui/themes/icon.css HTTP/1.1" 200 3949
180.169.147.146 - - [15/Jun/2021:09:30:28 +0800] "GET /xingrg/css/form.css HTTP/1.1" 200 893
180.169.147.146 - - [15/Jun/2021:09:30:28 +0800] "GET /xingrg/javascript/jquery-1.4.2.min.js HTTP/1.1" 200 72205
180.169.147.146 - - [15/Jun/2021:09:30:28 +0800] "GET /xingrg/javascript/jquery_easy_ui/themes/default/easyui.css HTTP/1.1" 200 26500
180.169.147.146 - - [15/Jun/2021:09:30:28 +0800] "GET /xingrg/javascript/jquery_easy_ui/jquery.easyui.min.js HTTP/1.1" 200 213662
180.169.147.146 - - [15/Jun/2021:09:30:28 +0800] "GET /xingrg/javascript/jquery_easy_ui/easyui-lang-zh_CN.js HTTP/1.1" 200 1900
180.169.147.146 - - [15/Jun/2021:09:30:28 +0800] "GET /xingrg/javascript/jquery.timers.js HTTP/1.1" 200 3532
180.169.147.146 - - [15/Jun/2021:09:30:28 +0800] "GET /xingrg/javascript/jquery.form.js HTTP/1.1" 200 23110
180.169.147.146 - - [15/Jun/2021:09:30:28 +0800] "GET /xingrg/javascript/jquery.utils.js HTTP/1.1" 200 11805
180.169.147.146 - - [15/Jun/2021:09:30:28 +0800] "GET /favicon.ico HTTP/1.1" 404 -
180.169.147.146 - - [15/Jun/2021:09:30:28 +0800] "GET /xingrg/javascript/jquery_easy_ui/themes/icons/settle_new.png HTTP/1.1" 200 826
180.169.147.146 - - [15/Jun/2021:09:30:28 +0800] "GET /xingrg/images/blue/navBackgound.jpg HTTP/1.1" 200 12378
180.169.147.146 - - [15/Jun/2021:09:30:28 +0800] "POST /xingrg/all/common/load_tree.html?tree=area_rest_tree_json&manage=1 HTTP/1.1" 200 3466
180.169.147.146 - - [15/Jun/2021:09:30:28 +0800] "GET /xingrg/all/function/internal_message.html?_=1623720627404&CODE_STATE=count HTTP/1.1" 200 11
180.169.147.146 - - [15/Jun/2021:09:30:28 +0800] "GET /xingrg/check_reg.html?_=1623720627404 HTTP/1.1" 200 22
180.169.147.146 - - [15/Jun/2021:09:30:28 +0800] "GET /xingrg/images/blue/pingpu.png HTTP/1.1" 200 231
180.169.147.146 - - [15/Jun/2021:09:30:28 +0800] "GET /xingrg/javascript/jquery_easy_ui/themes/default/images/tabs_leftarrow.png HTTP/1.1" 200 389
180.169.147.146 - - [15/Jun/2021:09:30:28 +0800] "GET /xingrg/javascript/jquery_easy_ui/themes/default/images/tabs_rightarrow.png HTTP/1.1" 200 395
180.169.147.146 - - [15/Jun/2021:09:30:28 +0800] "GET /xingrg/javascript/jquery_easy_ui/themes/default/images/panel_tool_expand.gif HTTP/1.1" 200 247
180.169.147.146 - - [15/Jun/2021:09:30:28 +0800] "GET /xingrg/javascript/jquery_easy_ui/themes/default/images/panel_tool_collapse.gif HTTP/1.1" 200 246
180.169.147.146 - - [15/Jun/2021:09:30:28 +0800] "POST /xingrg/load_menu.html HTTP/1.1" 200 11443
180.169.147.146 - - [15/Jun/2021:09:30:29 +0800] "GET /xingrg/javascript/jquery_easy_ui/themes/default/images/tree_arrows.gif HTTP/1.1" 200 1043
180.169.147.146 - - [15/Jun/2021:09:30:29 +0800] "GET /xingrg/javascript/jquery_easy_ui/themes/default/images/tree_folder_open.gif HTTP/1.1" 200 956
180.169.147.146 - - [15/Jun/2021:09:30:29 +0800] "GET /xingrg/javascript/jquery_easy_ui/themes/icons/search_new.png HTTP/1.1" 200 586
180.169.147.146 - - [15/Jun/2021:09:30:29 +0800] "GET /xingrg/javascript/jquery_easy_ui/themes/icons/delivery_new.png HTTP/1.1" 200 700
180.169.147.146 - - [15/Jun/2021:09:30:29 +0800] "GET /xingrg/javascript/jquery_easy_ui/themes/icons/storage_new.png HTTP/1.1" 200 853
180.169.147.146 - - [15/Jun/2021:09:30:29 +0800] "GET /xingrg/javascript/jquery_easy_ui/themes/icons/checkout_new.png HTTP/1.1" 200 744
180.169.147.146 - - [15/Jun/2021:09:30:29 +0800] "GET /xingrg/javascript/jquery_easy_ui/themes/icons/forms_new.png HTTP/1.1" 200 350
180.169.147.146 - - [15/Jun/2021:09:30:29 +0800] "GET /xingrg/javascript/jquery_easy_ui/themes/icons/setting_new.png HTTP/1.1" 200 450
