180.169.147.146 - - [15/Jun/2021:10:19:29 +0800] "GET /xingrg/all/function/internal_message.html?_=1623723567315&CODE_STATE=getMsg HTTP/1.1" 200 27
116.230.110.80 - - [15/Jun/2021:10:19:30 +0800] "GET /xingrg/all/function/internal_message.html?_=1623723538651&CODE_STATE=getMsg HTTP/1.1" 200 27
117.185.32.26 - - [15/Jun/2021:10:19:36 +0800] "GET /xingrg/images/yd/bt.gif HTTP/1.1" 404 1040
222.70.177.90 - - [15/Jun/2021:10:19:37 +0800] "GET /xingrg/all/function/internal_message.html?_=1623723574424&CODE_STATE=getMsg HTTP/1.1" 200 27
117.185.32.26 - - [15/Jun/2021:10:19:38 +0800] "GET /xingrg/kc/buy/cgsh_order_list.html HTTP/1.1" 200 46728
117.185.32.26 - - [15/Jun/2021:10:19:39 +0800] "GET /xingrg/all/function/internal_message.html?_=1623724106479&CODE_STATE=getMsg HTTP/1.1" 200 27
116.224.253.72 - - [15/Jun/2021:10:19:39 +0800] "GET /xingrg/all/function/internal_message.html?_=1623723575885&CODE_STATE=getMsg HTTP/1.1" 200 27
117.184.7.26 - - [15/Jun/2021:10:19:39 +0800] "GET /xingrg/all/report/report_query.html?isQuery=1&fileName=kc/buy/wlcg_cate_hz.xml&queryString=(CONVERT(char(10)%252Ca.order_time%252C%2520120)%253E%253D'2021-06-01')%2520and%2520(CONVERT(char(10)%252Ca.order_time%252C%2520120)%253C%253D'2021-06-10')%2520and%2520(a.supplier_code%2520in%2520('00100404'))%2520and%2520(a.number%253E0%2520and%2520a.supplier_code%253D'00100404')&queryText=%25E3%2580%2590%25E9%2587%2587%25E8%25B4%25AD%25E6%2597%25A5%25E6%259C%259F%253A2021-06-01%2520%25E8%2587%25B3%25202021-06-10%25E3%2580%2591%2520%25E5%25B9%25B6%25E4%25B8%2594%2520%2520%25E3%2580%2590%25E4%25BE%259B%25E5%25BA%2594%25E5%2595%2586%2520%253D%2520%25E4%25B8%258A%25E6%25B5%25B7%25E7%25AB%25AF%25E6%2587%25BF%25E8%25B4%25B8%25E6%2598%2593%25E6%259C%2589%25E9%2599%2590%25E5%2585%25AC%25E5%258F%25B8%25E3%2580%2591%2520%25E5%25B9%25B6%25E4%25B8%2594%2520%25E3%2580%2590%25E4%25BE%259B%25E5%25BA%2594%25E5%2595%2586%253D%25E4%25B8%258A%25E6%25B5%25B7%25E7%25AB%25AF%25E6%2587%25BF%25E8%25B4%25B8%25E6%2598%2593%25E6%259C%2589%25E9%2599%2590%25E5%2585%25AC%25E5%258F%25B8%25E3%2580%2591 HTTP/1.1" 200 54504
117.184.7.26 - - [15/Jun/2021:10:19:39 +0800] "GET /xingrg/dwr/interface/AjaxReportQueryService.js HTTP/1.1" 200 13203
117.184.7.26 - - [15/Jun/2021:10:19:39 +0800] "GET /xingrg/dwr/engine.js HTTP/1.1" 200 43631
116.224.253.72 - - [15/Jun/2021:10:19:41 +0800] "GET /xingrg/check_reg.html?_=1623723569855 HTTP/1.1" 200 22
116.235.222.38 - - [15/Jun/2021:10:19:41 +0800] "GET /xingrg/all/function/internal_message.html?_=1623723577629&CODE_STATE=getMsg HTTP/1.1" 200 27
117.184.7.26 - - [15/Jun/2021:10:19:41 +0800] "POST /xingrg/all/report/load_report_page.html HTTP/1.1" 200 8714
117.184.7.26 - - [15/Jun/2021:10:19:41 +0800] "GET /xingrg/servlets/image?cache=0.4166120168737729&image=px HTTP/1.1" 200 807
116.224.253.72 - - [15/Jun/2021:10:19:42 +0800] "GET /xingrg/all/function/internal_message.html?_=1623723570535&CODE_STATE=getMsg HTTP/1.1" 200 27
117.185.32.26 - - [15/Jun/2021:10:19:42 +0800] "POST /xingrg/kc/buy/cgsh_list_operate.html HTTP/1.1" 200 2053
222.69.130.90 - - [15/Jun/2021:10:19:43 +0800] "GET /xingrg/all/function/internal_message.html?_=1623723579746&CODE_STATE=getMsg HTTP/1.1" 200 27
117.185.32.26 - - [15/Jun/2021:10:19:44 +0800] "GET /xingrg/kc/buy/cgsh_order_add.html HTTP/1.1" 200 62466
117.185.32.26 - - [15/Jun/2021:10:19:44 +0800] "GET /xingrg/words/20210615091538_words.js HTTP/1.1" 304 -
117.185.32.26 - - [15/Jun/2021:10:19:44 +0800] "GET /xingrg/javascript/easyui/themes/default/validatebox.css HTTP/1.1" 404 1104
117.185.32.26 - - [15/Jun/2021:10:19:44 +0800] "POST /xingrg/kc/buy/cgsh_order_operate.html HTTP/1.1" 200 8245
180.169.147.146 - - [15/Jun/2021:10:19:45 +0800] "GET /xingrg/all/function/internal_message.html?_=1623723582954&CODE_STATE=getMsg HTTP/1.1" 200 27
117.185.32.26 - - [15/Jun/2021:10:19:46 +0800] "GET /xingrg/javascript/easyui/themes/default/tree.css HTTP/1.1" 404 1090
117.185.32.26 - - [15/Jun/2021:10:19:46 +0800] "POST /xingrg/all/common/load_tree.html?tree=supplier_tree_json&isDelete=1 HTTP/1.1" 200 56029
117.184.7.26 - - [15/Jun/2021:10:19:48 +0800] "POST /xingrg/all/report/load_report_page.html HTTP/1.1" 200 13073
117.184.7.26 - - [15/Jun/2021:10:19:48 +0800] "GET /xingrg/servlets/image?cache=0.48295799516154936&image=px HTTP/1.1" 200 807
61.165.42.208 - - [15/Jun/2021:10:19:49 +0800] "POST /xingrg/kc/buy/cgsh_order_operate.html HTTP/1.1" 200 2065
61.165.42.208 - - [15/Jun/2021:10:19:51 +0800] "POST /xingrg/kc/buy/cgsh_order_operate.html HTTP/1.1" 200 2065
116.233.72.58 - - [15/Jun/2021:10:19:52 +0800] "GET /xingrg/all/function/internal_message.html?_=1623723591131&CODE_STATE=getMsg HTTP/1.1" 200 27
116.233.72.58 - - [15/Jun/2021:10:19:52 +0800] "GET /xingrg/check_reg.html?_=1623723591132 HTTP/1.1" 200 22
117.184.7.26 - - [15/Jun/2021:10:19:57 +0800] "POST /xingrg/all/report/report_print.html HTTP/1.1" 200 5632
117.184.7.26 - - [15/Jun/2021:10:20:02 +0800] "GET /xingrg/all/function/internal_message.html?_=1623723596258&CODE_STATE=getMsg HTTP/1.1" 200 27
117.185.32.26 - - [15/Jun/2021:10:20:04 +0800] "GET /xingrg/kc/buy/cgsh_order_operate.html?command=get_materiel&rest_code=00106&code=00101009050&supplier_code=00100022&order_time=2021-06-15 HTTP/1.1" 200 408
61.165.42.208 - - [15/Jun/2021:10:20:06 +0800] "GET /xingrg/kc/buy/cgsh_order_operate.html?command=get_materiel&rest_code=00105&code=00101008439&supplier_code=00100203&order_time=2021-06-15 HTTP/1.1" 200 399
101.85.94.178 - - [15/Jun/2021:10:20:07 +0800] "GET /xingrg/all/function/internal_message.html?_=1623723059444&CODE_STATE=getMsg HTTP/1.1" 200 27
116.230.117.165 - - [15/Jun/2021:10:20:10 +0800] "GET /xingrg/kc/buy/cgsh_order_operate.html?command=get_materiel&rest_code=00146&code=00101002027&supplier_code=00100199&order_time=2021-06-15 HTTP/1.1" 200 413
120.253.135.82 - - [15/Jun/2021:10:20:10 +0800] "GET /xingrg/all/function/internal_message.html?_=1623723630855&CODE_STATE=getMsg HTTP/1.1" 200 27
61.165.42.208 - - [15/Jun/2021:10:20:15 +0800] "GET /xingrg/kc/buy/cgsh_order_operate.html?command=get_materiel&rest_code=00105&code=00101008223&supplier_code=00100203&order_time=2021-06-15 HTTP/1.1" 200 412
116.230.117.165 - - [15/Jun/2021:10:20:19 +0800] "GET /xingrg/all/function/internal_message.html?_=1623723622225&CODE_STATE=getMsg HTTP/1.1" 200 27
61.165.42.208 - - [15/Jun/2021:10:20:20 +0800] "GET /xingrg/all/function/internal_message.html?_=1623723618669&CODE_STATE=getMsg HTTP/1.1" 200 27
117.185.32.26 - - [15/Jun/2021:10:20:23 +0800] "GET /xingrg/kc/buy/cgsh_order_operate.html?command=get_materiel&rest_code=00106&code=00101009011&supplier_code=00100022&order_time=2021-06-15 HTTP/1.1" 200 416
61.165.42.208 - - [15/Jun/2021:10:20:23 +0800] "GET /xingrg/kc/buy/cgsh_order_operate.html?command=get_materiel&rest_code=00105&code=00101008286&supplier_code=00100203&order_time=2021-06-15 HTTP/1.1" 200 408
180.169.147.146 - - [15/Jun/2021:10:20:28 +0800] "GET /xingrg/check_reg.html?_=1623723627410 HTTP/1.1" 200 22
180.169.147.146 - - [15/Jun/2021:10:20:28 +0800] "GET /xingrg/all/function/internal_message.html?_=1623723627413&CODE_STATE=getMsg HTTP/1.1" 200 27
180.169.147.146 - - [15/Jun/2021:10:20:29 +0800] "GET /xingrg/check_reg.html?_=1623723627314 HTTP/1.1" 200 22
180.169.147.146 - - [15/Jun/2021:10:20:29 +0800] "GET /xingrg/all/function/internal_message.html?_=1623723627317&CODE_STATE=getMsg HTTP/1.1" 200 27
116.230.110.80 - - [15/Jun/2021:10:20:30 +0800] "GET /xingrg/all/function/internal_message.html?_=1623723598657&CODE_STATE=getMsg HTTP/1.1" 200 27
116.230.110.80 - - [15/Jun/2021:10:20:30 +0800] "GET /xingrg/check_reg.html?_=1623723598659 HTTP/1.1" 200 22
116.235.222.38 - - [15/Jun/2021:10:20:32 +0800] "POST /xingrg/services/DataTransmitService HTTP/1.1" 200 524
61.165.42.208 - - [15/Jun/2021:10:20:35 +0800] "GET /xingrg/kc/buy/cgsh_order_operate.html?command=get_materiel&rest_code=00105&code=00101008105&supplier_code=00100203&order_time=2021-06-15 HTTP/1.1" 200 412
117.185.32.26 - - [15/Jun/2021:10:20:36 +0800] "GET /xingrg/kc/buy/cgsh_order_operate.html?command=get_materiel&rest_code=00106&code=00101009059&supplier_code=00100022&order_time=2021-06-15 HTTP/1.1" 200 409
222.70.177.90 - - [15/Jun/2021:10:20:37 +0800] "GET /xingrg/all/function/internal_message.html?_=1623723634424&CODE_STATE=getMsg HTTP/1.1" 200 27
117.185.32.26 - - [15/Jun/2021:10:20:39 +0800] "GET /xingrg/all/function/internal_message.html?_=1623724166473&CODE_STATE=getMsg HTTP/1.1" 200 27
116.224.253.72 - - [15/Jun/2021:10:20:39 +0800] "GET /xingrg/all/function/internal_message.html?_=1623723635896&CODE_STATE=getMsg HTTP/1.1" 200 27
116.230.117.165 - - [15/Jun/2021:10:20:39 +0800] "GET /xingrg/kc/buy/cgsh_order_operate.html?command=get_materiel&rest_code=00146&code=00101010078&supplier_code=00100199&order_time=2021-06-15 HTTP/1.1" 200 415
116.235.222.38 - - [15/Jun/2021:10:20:41 +0800] "GET /xingrg/all/function/internal_message.html?_=1623723637632&CODE_STATE=getMsg HTTP/1.1" 200 27
61.165.42.208 - - [15/Jun/2021:10:20:42 +0800] "GET /xingrg/kc/buy/cgsh_order_operate.html?command=get_materiel&rest_code=00105&code=00101008119&supplier_code=00100203&order_time=2021-06-15 HTTP/1.1" 200 412
116.224.253.72 - - [15/Jun/2021:10:20:42 +0800] "GET /xingrg/all/function/internal_message.html?_=1623723630550&CODE_STATE=getMsg HTTP/1.1" 200 27
180.169.147.146 - - [15/Jun/2021:10:20:45 +0800] "GET /xingrg/all/function/internal_message.html?_=1623723642958&CODE_STATE=getMsg HTTP/1.1" 200 27
180.169.147.146 - - [15/Jun/2021:10:20:45 +0800] "GET /xingrg/check_reg.html?_=1623723642962 HTTP/1.1" 200 22
116.233.72.58 - - [15/Jun/2021:10:20:52 +0800] "GET /xingrg/all/function/internal_message.html?_=1623723651134&CODE_STATE=getMsg HTTP/1.1" 200 27
116.230.117.165 - - [15/Jun/2021:10:20:56 +0800] "GET /xingrg/kc/buy/cgsh_order_operate.html?command=get_materiel&rest_code=00146&code=00101004038&supplier_code=00100199&order_time=2021-06-15 HTTP/1.1" 200 431
120.253.135.82 - - [15/Jun/2021:10:20:57 +0800] "GET /xingrg/check_reg.html?_=1623723677973 HTTP/1.1" 200 22
58.221.95.50 - - [15/Jun/2021:10:20:58 +0800] "GET /xingrg/check_reg.html?_=1623723657486 HTTP/1.1" 302 -
117.184.7.26 - - [15/Jun/2021:10:21:02 +0800] "GET /xingrg/check_reg.html?_=1623723656260 HTTP/1.1" 200 22
117.184.7.26 - - [15/Jun/2021:10:21:02 +0800] "GET /xingrg/all/function/internal_message.html?_=1623723656264&CODE_STATE=getMsg HTTP/1.1" 200 27
61.165.42.208 - - [15/Jun/2021:10:21:03 +0800] "GET /xingrg/kc/buy/cgsh_order_operate.html?command=get_materiel&rest_code=00105&code=00101008168&supplier_code=00100203&order_time=2021-06-15 HTTP/1.1" 200 413
117.185.32.26 - - [15/Jun/2021:10:21:04 +0800] "GET /xingrg/kc/buy/cgsh_order_operate.html?command=get_materiel&rest_code=00106&code=00101009003&supplier_code=00100022&order_time=2021-06-15 HTTP/1.1" 200 410
101.85.94.178 - - [15/Jun/2021:10:21:07 +0800] "GET /xingrg/all/function/internal_message.html?_=1623723119470&CODE_STATE=getMsg HTTP/1.1" 200 27
101.85.94.178 - - [15/Jun/2021:10:21:07 +0800] "GET /xingrg/check_reg.html?_=1623723119471 HTTP/1.1" 200 22
116.230.117.165 - - [15/Jun/2021:10:21:09 +0800] "POST /xingrg/kc/buy/cgsh_order_operate.html HTTP/1.1" 200 37
61.165.42.208 - - [15/Jun/2021:10:21:10 +0800] "GET /xingrg/kc/buy/cgsh_order_operate.html?command=get_materiel&rest_code=00105&code=00101008114&supplier_code=00100203&order_time=2021-06-15 HTTP/1.1" 200 412
116.230.117.165 - - [15/Jun/2021:10:21:10 +0800] "POST /xingrg/kc/buy/cgsh_order_operate.html HTTP/1.1" 200 3848
120.253.135.82 - - [15/Jun/2021:10:21:10 +0800] "GET /xingrg/all/function/internal_message.html?_=1623723690865&CODE_STATE=getMsg HTTP/1.1" 200 27
116.230.117.165 - - [15/Jun/2021:10:21:13 +0800] "GET /xingrg/kc/print/load_data.html?order_code=212021061506757&kc_code=cgsh&condition= HTTP/1.1" 200 1133
116.230.117.165 - - [15/Jun/2021:10:21:14 +0800] "GET /xingrg/check_reg.html?_=1623723677479 HTTP/1.1" 200 22
116.230.117.165 - - [15/Jun/2021:10:21:19 +0800] "GET /xingrg/all/function/internal_message.html?_=1623723682239&CODE_STATE=getMsg HTTP/1.1" 200 27
61.165.42.208 - - [15/Jun/2021:10:21:20 +0800] "GET /xingrg/check_reg.html?_=1623723678602 HTTP/1.1" 200 22
61.165.42.208 - - [15/Jun/2021:10:21:20 +0800] "GET /xingrg/all/function/internal_message.html?_=1623723678677&CODE_STATE=getMsg HTTP/1.1" 200 27
117.185.32.26 - - [15/Jun/2021:10:21:28 +0800] "GET /xingrg/kc/buy/cgsh_order_operate.html?command=get_materiel&rest_code=00106&code=00101009051&supplier_code=00100022&order_time=2021-06-15 HTTP/1.1" 200 410
180.169.147.146 - - [15/Jun/2021:10:21:28 +0800] "GET /xingrg/all/function/internal_message.html?_=1623723687418&CODE_STATE=getMsg HTTP/1.1" 200 27
61.165.42.208 - - [15/Jun/2021:10:21:29 +0800] "POST /xingrg/kc/buy/cgsh_order_operate.html HTTP/1.1" 200 2065
180.169.147.146 - - [15/Jun/2021:10:21:29 +0800] "GET /xingrg/all/function/internal_message.html?_=1623723687316&CODE_STATE=getMsg HTTP/1.1" 200 27
116.230.110.80 - - [15/Jun/2021:10:21:30 +0800] "GET /xingrg/all/function/internal_message.html?_=1623723658649&CODE_STATE=getMsg HTTP/1.1" 200 27
61.165.42.208 - - [15/Jun/2021:10:21:31 +0800] "POST /xingrg/kc/buy/cgsh_order_operate.html HTTP/1.1" 200 2065
116.230.117.165 - - [15/Jun/2021:10:21:32 +0800] "GET /xingrg/kc/buy/cgsh_order_add.html HTTP/1.1" 200 62472
116.230.117.165 - - [15/Jun/2021:10:21:33 +0800] "POST /xingrg/kc/buy/cgsh_order_operate.html HTTP/1.1" 200 8245
116.230.117.165 - - [15/Jun/2021:10:21:33 +0800] "GET /xingrg/javascript/easyui/themes/default/validatebox.css HTTP/1.1" 404 1104
222.70.177.90 - - [15/Jun/2021:10:21:37 +0800] "GET /xingrg/all/function/internal_message.html?_=1623723694424&CODE_STATE=getMsg HTTP/1.1" 200 27
117.185.32.26 - - [15/Jun/2021:10:21:39 +0800] "GET /xingrg/all/function/internal_message.html?_=1623724226451&CODE_STATE=getMsg HTTP/1.1" 200 27
116.224.253.72 - - [15/Jun/2021:10:21:39 +0800] "GET /xingrg/check_reg.html?_=1623723695899 HTTP/1.1" 200 22
116.224.253.72 - - [15/Jun/2021:10:21:39 +0800] "GET /xingrg/all/function/internal_message.html?_=1623723695902&CODE_STATE=getMsg HTTP/1.1" 200 27
116.235.222.38 - - [15/Jun/2021:10:21:41 +0800] "GET /xingrg/all/function/internal_message.html?_=1623723697634&CODE_STATE=getMsg HTTP/1.1" 200 27
116.235.222.38 - - [15/Jun/2021:10:21:41 +0800] "GET /xingrg/check_reg.html?_=1623723697636 HTTP/1.1" 200 22
116.224.253.72 - - [15/Jun/2021:10:21:42 +0800] "GET /xingrg/all/function/internal_message.html?_=1623723690563&CODE_STATE=getMsg HTTP/1.1" 200 27
61.165.42.208 - - [15/Jun/2021:10:21:42 +0800] "GET /xingrg/kc/buy/cgsh_order_operate.html?command=get_materiel&rest_code=00105&code=00101008036&supplier_code=00100203&order_time=2021-06-15 HTTP/1.1" 200 408
180.169.147.146 - - [15/Jun/2021:10:21:45 +0800] "GET /xingrg/all/function/internal_message.html?_=1623723702952&CODE_STATE=getMsg HTTP/1.1" 200 27
117.185.32.26 - - [15/Jun/2021:10:21:46 +0800] "POST /xingrg/kc/buy/cgsh_order_operate.html HTTP/1.1" 200 37
117.185.32.26 - - [15/Jun/2021:10:21:48 +0800] "POST /xingrg/kc/buy/cgsh_order_operate.html HTTP/1.1" 200 5608
117.185.32.26 - - [15/Jun/2021:10:21:52 +0800] "GET /xingrg/kc/buy/cgsh_order_add.html HTTP/1.1" 200 62466
116.233.72.58 - - [15/Jun/2021:10:21:52 +0800] "GET /xingrg/all/function/internal_message.html?_=1623723711133&CODE_STATE=getMsg HTTP/1.1" 200 27
117.185.32.26 - - [15/Jun/2021:10:21:52 +0800] "POST /xingrg/kc/buy/cgsh_order_operate.html HTTP/1.1" 200 8245
117.185.32.26 - - [15/Jun/2021:10:21:52 +0800] "GET /xingrg/javascript/easyui/themes/default/validatebox.css HTTP/1.1" 404 1104
117.185.32.26 - - [15/Jun/2021:10:21:54 +0800] "GET /xingrg/javascript/easyui/themes/default/tree.css HTTP/1.1" 404 1090
117.185.32.26 - - [15/Jun/2021:10:21:54 +0800] "POST /xingrg/all/common/load_tree.html?tree=supplier_tree_json&isDelete=1 HTTP/1.1" 200 56029
116.230.117.165 - - [15/Jun/2021:10:21:56 +0800] "GET /xingrg/kc/buy/cgsh_order_operate.html?command=get_materiel&rest_code=00146&code=00101011007&supplier_code=00100033&order_time=2021-06-15 HTTP/1.1" 200 414
117.184.7.26 - - [15/Jun/2021:10:22:02 +0800] "GET /xingrg/all/function/internal_message.html?_=1623723716248&CODE_STATE=getMsg HTTP/1.1" 200 27
101.85.94.178 - - [15/Jun/2021:10:22:07 +0800] "GET /xingrg/all/function/internal_message.html?_=1623723179469&CODE_STATE=getMsg HTTP/1.1" 200 27
120.253.135.82 - - [15/Jun/2021:10:22:10 +0800] "GET /xingrg/all/function/internal_message.html?_=1623723750880&CODE_STATE=getMsg HTTP/1.1" 200 27
61.165.42.208 - - [15/Jun/2021:10:22:11 +0800] "GET /xingrg/kc/buy/cgsh_order_operate.html?command=get_materiel&rest_code=00105&code=00101008248&supplier_code=00100203&order_time=2021-06-15 HTTP/1.1" 200 412
116.230.117.165 - - [15/Jun/2021:10:22:12 +0800] "GET /xingrg/kc/buy/cgsh_order_operate.html?command=get_materiel&rest_code=00146&code=00101016080&supplier_code=00100033&order_time=2021-06-15 HTTP/1.1" 200 408
116.230.117.165 - - [15/Jun/2021:10:22:19 +0800] "GET /xingrg/all/function/internal_message.html?_=1623723742253&CODE_STATE=getMsg HTTP/1.1" 200 27
117.185.32.26 - - [15/Jun/2021:10:22:19 +0800] "GET /xingrg/kc/buy/cgsh_order_operate.html?command=get_materiel&rest_code=00106&code=00101006124&supplier_code=00100015&order_time=2021-06-15 HTTP/1.1" 200 411
61.165.42.208 - - [15/Jun/2021:10:22:20 +0800] "GET /xingrg/all/function/internal_message.html?_=1623723738654&CODE_STATE=getMsg HTTP/1.1" 200 27
114.84.0.231 - - [15/Jun/2021:10:22:24 +0800] "GET /favicon.ico HTTP/1.1" 404 -
61.165.42.208 - - [15/Jun/2021:10:22:25 +0800] "GET /xingrg/kc/buy/cgsh_order_operate.html?command=get_materiel&rest_code=00105&code=00101008049&supplier_code=00100203&order_time=2021-06-15 HTTP/1.1" 200 408
180.169.147.146 - - [15/Jun/2021:10:22:28 +0800] "GET /xingrg/all/function/internal_message.html?_=1623723747406&CODE_STATE=getMsg HTTP/1.1" 200 27
180.169.147.146 - - [15/Jun/2021:10:22:29 +0800] "GET /xingrg/all/function/internal_message.html?_=1623723747306&CODE_STATE=getMsg HTTP/1.1" 200 27
116.230.110.80 - - [15/Jun/2021:10:22:30 +0800] "GET /xingrg/all/function/internal_message.html?_=1623723718660&CODE_STATE=getMsg HTTP/1.1" 200 27
116.230.117.165 - - [15/Jun/2021:10:22:30 +0800] "GET /xingrg/check_reg.html?_=1623723747721 HTTP/1.1" 302 -
116.230.117.165 - - [15/Jun/2021:10:22:31 +0800] "GET /xingrg/kc/buy/cgsh_order_operate.html?command=get_materiel&rest_code=00146&code=00101011001&supplier_code=00100033&order_time=2021-06-15 HTTP/1.1" 200 423
61.165.42.208 - - [15/Jun/2021:10:22:34 +0800] "GET /xingrg/kc/buy/cgsh_order_operate.html?command=get_materiel&rest_code=00105&code=00101008358&supplier_code=00100203&order_time=2021-06-15 HTTP/1.1" 200 412
222.70.177.90 - - [15/Jun/2021:10:22:37 +0800] "GET /xingrg/all/function/internal_message.html?_=1623723754424&CODE_STATE=getMsg HTTP/1.1" 200 27
222.70.177.90 - - [15/Jun/2021:10:22:37 +0800] "GET /xingrg/check_reg.html?_=1623723754458 HTTP/1.1" 200 22
117.185.32.26 - - [15/Jun/2021:10:22:39 +0800] "GET /xingrg/all/function/internal_message.html?_=1623724286433&CODE_STATE=getMsg HTTP/1.1" 200 27
116.224.253.72 - - [15/Jun/2021:10:22:39 +0800] "GET /xingrg/all/function/internal_message.html?_=1623723755887&CODE_STATE=getMsg HTTP/1.1" 200 27
116.235.222.38 - - [15/Jun/2021:10:22:41 +0800] "GET /xingrg/all/function/internal_message.html?_=1623723757634&CODE_STATE=getMsg HTTP/1.1" 200 27
116.224.253.72 - - [15/Jun/2021:10:22:42 +0800] "GET /xingrg/all/function/internal_message.html?_=1623723750579&CODE_STATE=getMsg HTTP/1.1" 200 27
61.165.42.208 - - [15/Jun/2021:10:22:42 +0800] "GET /xingrg/kc/buy/cgsh_order_operate.html?command=get_materiel&rest_code=00105&code=00101008333&supplier_code=00100203&order_time=2021-06-15 HTTP/1.1" 200 412
180.169.147.146 - - [15/Jun/2021:10:22:45 +0800] "GET /xingrg/all/function/internal_message.html?_=1623723762952&CODE_STATE=getMsg HTTP/1.1" 200 27
116.230.117.165 - - [15/Jun/2021:10:22:46 +0800] "GET /xingrg/kc/buy/cgsh_order_operate.html?command=get_materiel&rest_code=00146&code=00101016057&supplier_code=00100033&order_time=2021-06-15 HTTP/1.1" 200 408
61.165.42.208 - - [15/Jun/2021:10:22:50 +0800] "GET /xingrg/kc/buy/cgsh_order_operate.html?command=get_materiel&rest_code=00105&code=00101008126&supplier_code=00100203&order_time=2021-06-15 HTTP/1.1" 200 412
117.185.32.26 - - [15/Jun/2021:10:22:50 +0800] "GET /xingrg/kc/buy/cgsh_order_operate.html?command=get_materiel&rest_code=00106&code=00101006110&supplier_code=00100015&order_time=2021-06-15 HTTP/1.1" 200 409
116.233.72.58 - - [15/Jun/2021:10:22:52 +0800] "GET /xingrg/all/function/internal_message.html?_=1623723771135&CODE_STATE=getMsg HTTP/1.1" 200 27
61.165.42.208 - - [15/Jun/2021:10:22:55 +0800] "GET /xingrg/kc/buy/cgsh_order_operate.html?command=get_materiel&rest_code=00105&code=00101008361&supplier_code=00100203&order_time=2021-06-15 HTTP/1.1" 200 408
61.165.42.208 - - [15/Jun/2021:10:23:01 +0800] "GET /xingrg/kc/buy/cgsh_order_operate.html?command=get_materiel&rest_code=00105&code=00101008201&supplier_code=00100203&order_time=2021-06-15 HTTP/1.1" 200 412
117.184.7.26 - - [15/Jun/2021:10:23:02 +0800] "GET /xingrg/all/function/internal_message.html?_=1623723776249&CODE_STATE=getMsg HTTP/1.1" 200 27
116.230.117.165 - - [15/Jun/2021:10:23:03 +0800] "GET /xingrg/kc/buy/cgsh_order_operate.html?command=get_materiel&rest_code=00146&code=00101016025&supplier_code=00100033&order_time=2021-06-15 HTTP/1.1" 200 408
117.185.32.26 - - [15/Jun/2021:10:23:04 +0800] "GET /xingrg/kc/buy/cgsh_order_operate.html?command=get_materiel&rest_code=00106&code=00101006184&supplier_code=00100015&order_time=2021-06-15 HTTP/1.1" 200 409
101.85.94.178 - - [15/Jun/2021:10:23:07 +0800] "GET /xingrg/all/function/internal_message.html?_=1623723239467&CODE_STATE=getMsg HTTP/1.1" 200 27
61.165.42.208 - - [15/Jun/2021:10:23:09 +0800] "GET /xingrg/kc/buy/cgsh_order_operate.html?command=get_materiel&rest_code=00105&code=00101008059&supplier_code=00100203&order_time=2021-06-15 HTTP/1.1" 200 408
120.253.135.82 - - [15/Jun/2021:10:23:10 +0800] "GET /xingrg/all/function/internal_message.html?_=1623723810899&CODE_STATE=getMsg HTTP/1.1" 200 27
116.230.117.165 - - [15/Jun/2021:10:23:19 +0800] "GET /xingrg/all/function/internal_message.html?_=1623723802266&CODE_STATE=getMsg HTTP/1.1" 200 27
116.230.117.165 - - [15/Jun/2021:10:23:20 +0800] "GET /xingrg/kc/buy/cgsh_order_operate.html?command=get_materiel&rest_code=00146&code=00101012025&supplier_code=00100033&order_time=2021-06-15 HTTP/1.1" 200 412
61.165.42.208 - - [15/Jun/2021:10:23:20 +0800] "GET /xingrg/all/function/internal_message.html?_=1623723798627&CODE_STATE=getMsg HTTP/1.1" 200 27
61.165.42.208 - - [15/Jun/2021:10:23:22 +0800] "GET /xingrg/kc/buy/cgsh_order_operate.html?command=get_materiel&rest_code=00105&code=00101008353&supplier_code=00100203&order_time=2021-06-15 HTTP/1.1" 200 408
117.185.32.26 - - [15/Jun/2021:10:23:24 +0800] "GET /xingrg/kc/buy/cgsh_order_operate.html?command=get_materiel&rest_code=00106&code=00101006006&supplier_code=00100015&order_time=2021-06-15 HTTP/1.1" 200 409
180.169.147.146 - - [15/Jun/2021:10:23:28 +0800] "GET /xingrg/all/function/internal_message.html?_=1623723807411&CODE_STATE=getMsg HTTP/1.1" 200 27
180.169.147.146 - - [15/Jun/2021:10:23:29 +0800] "GET /xingrg/all/function/internal_message.html?_=1623723807313&CODE_STATE=getMsg HTTP/1.1" 200 27
116.230.110.80 - - [15/Jun/2021:10:23:30 +0800] "GET /xingrg/all/function/internal_message.html?_=1623723778660&CODE_STATE=getMsg HTTP/1.1" 200 27
61.165.42.208 - - [15/Jun/2021:10:23:36 +0800] "GET /xingrg/kc/buy/cgsh_order_operate.html?command=get_materiel&rest_code=00105&code=00101008166&supplier_code=00100203&order_time=2021-06-15 HTTP/1.1" 200 412
222.70.177.90 - - [15/Jun/2021:10:23:37 +0800] "GET /xingrg/all/function/internal_message.html?_=1623723814427&CODE_STATE=getMsg HTTP/1.1" 200 27
117.185.32.26 - - [15/Jun/2021:10:23:39 +0800] "GET /xingrg/all/function/internal_message.html?_=1623724346410&CODE_STATE=getMsg HTTP/1.1" 200 27
116.224.253.72 - - [15/Jun/2021:10:23:39 +0800] "GET /xingrg/all/function/internal_message.html?_=1623723815887&CODE_STATE=getMsg HTTP/1.1" 200 27
61.165.42.208 - - [15/Jun/2021:10:23:39 +0800] "POST /xingrg/kc/buy/cgsh_order_operate.html HTTP/1.1" 200 2065
116.230.117.165 - - [15/Jun/2021:10:23:40 +0800] "POST /xingrg/kc/buy/cgsh_order_operate.html HTTP/1.1" 200 37
116.235.222.38 - - [15/Jun/2021:10:23:41 +0800] "GET /xingrg/all/function/internal_message.html?_=1623723817626&CODE_STATE=getMsg HTTP/1.1" 200 27
116.230.117.165 - - [15/Jun/2021:10:23:41 +0800] "POST /xingrg/kc/buy/cgsh_order_operate.html HTTP/1.1" 200 5611
116.224.253.72 - - [15/Jun/2021:10:23:42 +0800] "GET /xingrg/all/function/internal_message.html?_=1623723810590&CODE_STATE=getMsg HTTP/1.1" 200 27
116.230.117.165 - - [15/Jun/2021:10:23:43 +0800] "GET /xingrg/kc/print/load_data.html?order_code=212021061506759&kc_code=cgsh&condition= HTTP/1.1" 200 1838
180.169.147.146 - - [15/Jun/2021:10:23:45 +0800] "GET /xingrg/all/function/internal_message.html?_=1623723822957&CODE_STATE=getMsg HTTP/1.1" 200 27
117.185.32.26 - - [15/Jun/2021:10:23:46 +0800] "GET /xingrg/kc/buy/cgsh_order_operate.html?command=get_materiel&rest_code=00106&code=00101006109&supplier_code=00100015&order_time=2021-06-15 HTTP/1.1" 200 409
61.165.42.208 - - [15/Jun/2021:10:23:47 +0800] "GET /xingrg/kc/buy/cgsh_order_operate.html?command=get_materiel&rest_code=00105&code=00101010136&supplier_code=00100203&order_time=2021-06-15 HTTP/1.1" 200 408
116.233.72.58 - - [15/Jun/2021:10:23:52 +0800] "GET /xingrg/all/function/internal_message.html?_=1623723831137&CODE_STATE=getMsg HTTP/1.1" 200 27
116.230.117.165 - - [15/Jun/2021:10:24:01 +0800] "GET /xingrg/kc/buy/cgsh_order_add.html HTTP/1.1" 200 62472
116.230.117.165 - - [15/Jun/2021:10:24:02 +0800] "POST /xingrg/kc/buy/cgsh_order_operate.html HTTP/1.1" 200 8245
116.230.117.165 - - [15/Jun/2021:10:24:02 +0800] "GET /xingrg/javascript/easyui/themes/default/validatebox.css HTTP/1.1" 404 1104
117.184.7.26 - - [15/Jun/2021:10:24:02 +0800] "GET /xingrg/all/function/internal_message.html?_=1623723836259&CODE_STATE=getMsg HTTP/1.1" 200 27
117.185.32.26 - - [15/Jun/2021:10:24:02 +0800] "GET /xingrg/check_reg.html?_=1623724370336 HTTP/1.1" 200 22
101.85.94.178 - - [15/Jun/2021:10:24:07 +0800] "GET /xingrg/all/function/internal_message.html?_=1623723299481&CODE_STATE=getMsg HTTP/1.1" 200 27
120.253.135.82 - - [15/Jun/2021:10:24:10 +0800] "GET /xingrg/all/function/internal_message.html?_=1623723870906&CODE_STATE=getMsg HTTP/1.1" 200 27
61.165.42.208 - - [15/Jun/2021:10:24:16 +0800] "POST /xingrg/kc/buy/cgsh_order_operate.html HTTP/1.1" 200 37
116.230.117.165 - - [15/Jun/2021:10:24:17 +0800] "GET /xingrg/kc/buy/cgsh_order_operate.html?command=get_materiel&rest_code=00146&code=00101001111&supplier_code=00100041&order_time=2021-06-15 HTTP/1.1" 200 409
61.165.42.208 - - [15/Jun/2021:10:24:18 +0800] "POST /xingrg/kc/buy/cgsh_order_operate.html HTTP/1.1" 200 44037
116.230.117.165 - - [15/Jun/2021:10:24:19 +0800] "GET /xingrg/all/function/internal_message.html?_=1623723862279&CODE_STATE=getMsg HTTP/1.1" 200 27
117.185.32.26 - - [15/Jun/2021:10:24:19 +0800] "GET /xingrg/kc/buy/cgsh_order_operate.html?command=get_materiel&rest_code=00106&code=00101006130&supplier_code=00100015&order_time=2021-06-15 HTTP/1.1" 200 429
61.165.42.208 - - [15/Jun/2021:10:24:20 +0800] "GET /xingrg/all/function/internal_message.html?_=1623723858748&CODE_STATE=getMsg HTTP/1.1" 200 27
180.161.111.4 - - [15/Jun/2021:10:24:26 +0800] "GET /xingrg/kc/buy/cgsh_order_operate.html?command=get_materiel&rest_code=00102&code=00101009011&supplier_code=00100424&order_time=2021-06-15 HTTP/1.1" 200 416
180.161.111.4 - - [15/Jun/2021:10:24:28 +0800] "GET /xingrg/check_reg.html?_=1623723830598 HTTP/1.1" 200 22
180.169.147.146 - - [15/Jun/2021:10:24:28 +0800] "GET /xingrg/all/function/internal_message.html?_=1623723867414&CODE_STATE=getMsg HTTP/1.1" 200 27
180.169.147.146 - - [15/Jun/2021:10:24:29 +0800] "GET /xingrg/all/function/internal_message.html?_=1623723867304&CODE_STATE=getMsg HTTP/1.1" 200 27
116.230.110.80 - - [15/Jun/2021:10:24:30 +0800] "GET /xingrg/all/function/internal_message.html?_=1623723838649&CODE_STATE=getMsg HTTP/1.1" 200 27
116.230.117.165 - - [15/Jun/2021:10:24:34 +0800] "GET /xingrg/kc/buy/cgsh_order_operate.html?command=get_materiel&rest_code=00146&code=00101010161&supplier_code=00100041&order_time=2021-06-15 HTTP/1.1" 200 429
180.161.111.4 - - [15/Jun/2021:10:24:35 +0800] "GET /xingrg/kc/buy/cgsh_order_operate.html?command=get_materiel&rest_code=00102&code=00101009016&supplier_code=00100424&order_time=2021-06-15 HTTP/1.1" 200 412
117.185.32.26 - - [15/Jun/2021:10:24:35 +0800] "GET /xingrg/kc/buy/cgsh_order_operate.html?command=get_materiel&rest_code=00106&code=00101006065&supplier_code=00100015&order_time=2021-06-15 HTTP/1.1" 200 409
222.70.177.90 - - [15/Jun/2021:10:24:37 +0800] "GET /xingrg/all/function/internal_message.html?_=1623723874453&CODE_STATE=getMsg HTTP/1.1" 200 27
117.185.32.26 - - [15/Jun/2021:10:24:39 +0800] "GET /xingrg/all/function/internal_message.html?_=1623724406461&CODE_STATE=getMsg HTTP/1.1" 200 27
116.224.253.72 - - [15/Jun/2021:10:24:39 +0800] "GET /xingrg/all/function/internal_message.html?_=1623723875901&CODE_STATE=getMsg HTTP/1.1" 200 27
116.235.222.38 - - [15/Jun/2021:10:24:41 +0800] "GET /xingrg/all/function/internal_message.html?_=1623723877634&CODE_STATE=getMsg HTTP/1.1" 200 27
116.224.253.72 - - [15/Jun/2021:10:24:41 +0800] "GET /xingrg/check_reg.html?_=1623723869863 HTTP/1.1" 200 22
116.224.253.72 - - [15/Jun/2021:10:24:42 +0800] "GET /xingrg/all/function/internal_message.html?_=1623723870604&CODE_STATE=getMsg HTTP/1.1" 200 27
180.169.147.146 - - [15/Jun/2021:10:24:45 +0800] "GET /xingrg/all/function/internal_message.html?_=1623723882948&CODE_STATE=getMsg HTTP/1.1" 200 27
180.161.111.4 - - [15/Jun/2021:10:24:46 +0800] "GET /xingrg/kc/buy/cgsh_order_operate.html?command=get_materiel&rest_code=00102&code=00101009013&supplier_code=00100424&order_time=2021-06-15 HTTP/1.1" 200 420
116.230.117.165 - - [15/Jun/2021:10:24:49 +0800] "GET /xingrg/kc/buy/cgsh_order_operate.html?command=get_materiel&rest_code=00146&code=00101018019&supplier_code=00100041&order_time=2021-06-15 HTTP/1.1" 200 421
116.233.72.58 - - [15/Jun/2021:10:24:52 +0800] "GET /xingrg/all/function/internal_message.html?_=1623723891144&CODE_STATE=getMsg HTTP/1.1" 200 27
116.233.72.58 - - [15/Jun/2021:10:24:52 +0800] "GET /xingrg/check_reg.html?_=1623723891145 HTTP/1.1" 200 22
117.184.7.26 - - [15/Jun/2021:10:25:02 +0800] "GET /xingrg/all/function/internal_message.html?_=1623723896260&CODE_STATE=getMsg HTTP/1.1" 200 27
180.161.111.4 - - [15/Jun/2021:10:25:05 +0800] "GET /xingrg/kc/buy/cgsh_order_operate.html?command=get_materiel&rest_code=00102&code=00101009112&supplier_code=00100424&order_time=2021-06-15 HTTP/1.1" 200 411
101.85.94.178 - - [15/Jun/2021:10:25:07 +0800] "GET /xingrg/all/function/internal_message.html?_=1623723359479&CODE_STATE=getMsg HTTP/1.1" 200 27
120.253.135.82 - - [15/Jun/2021:10:25:10 +0800] "GET /xingrg/all/function/internal_message.html?_=1623723930923&CODE_STATE=getMsg HTTP/1.1" 200 27
116.235.222.38 - - [15/Jun/2021:10:25:18 +0800] "GET /xingrg/kc/buy/cgsh_order_add.html HTTP/1.1" 200 62554
180.161.111.4 - - [15/Jun/2021:10:25:18 +0800] "GET /xingrg/kc/buy/cgsh_order_operate.html?command=get_materiel&rest_code=00102&code=00101009031&supplier_code=00100424&order_time=2021-06-15 HTTP/1.1" 200 408
116.230.117.165 - - [15/Jun/2021:10:25:19 +0800] "GET /xingrg/all/function/internal_message.html?_=1623723922294&CODE_STATE=getMsg HTTP/1.1" 200 27
116.235.222.38 - - [15/Jun/2021:10:25:19 +0800] "GET /xingrg/words/20210615091538_words.js HTTP/1.1" 304 -
116.235.222.38 - - [15/Jun/2021:10:25:19 +0800] "GET /xingrg/javascript/easyui/themes/default/validatebox.css HTTP/1.1" 404 1104
116.235.222.38 - - [15/Jun/2021:10:25:19 +0800] "POST /xingrg/kc/buy/cgsh_order_operate.html HTTP/1.1" 200 8245
61.165.42.208 - - [15/Jun/2021:10:25:20 +0800] "GET /xingrg/all/function/internal_message.html?_=1623723918584&CODE_STATE=getMsg HTTP/1.1" 200 27
116.235.222.38 - - [15/Jun/2021:10:25:20 +0800] "GET /xingrg/javascript/easyui/themes/default/tree.css HTTP/1.1" 404 1090
116.235.222.38 - - [15/Jun/2021:10:25:21 +0800] "POST /xingrg/all/common/load_tree.html?tree=supplier_tree_json&isDelete=1 HTTP/1.1" 200 56029
116.230.117.165 - - [15/Jun/2021:10:25:22 +0800] "GET /xingrg/kc/buy/cgsh_order_operate.html?command=get_materiel&rest_code=00146&code=00101005037&supplier_code=00100041&order_time=2021-06-15 HTTP/1.1" 200 409
180.169.147.146 - - [15/Jun/2021:10:25:28 +0800] "GET /xingrg/check_reg.html?_=1623723927419 HTTP/1.1" 200 22
180.169.147.146 - - [15/Jun/2021:10:25:28 +0800] "GET /xingrg/all/function/internal_message.html?_=1623723927422&CODE_STATE=getMsg HTTP/1.1" 200 27
180.169.147.146 - - [15/Jun/2021:10:25:29 +0800] "GET /xingrg/all/function/internal_message.html?_=1623723927316&CODE_STATE=getMsg HTTP/1.1" 200 27
180.169.147.146 - - [15/Jun/2021:10:25:29 +0800] "GET /xingrg/check_reg.html?_=1623723927317 HTTP/1.1" 200 22
116.230.110.80 - - [15/Jun/2021:10:25:30 +0800] "GET /xingrg/all/function/internal_message.html?_=1623723898656&CODE_STATE=getMsg HTTP/1.1" 200 27
116.230.110.80 - - [15/Jun/2021:10:25:30 +0800] "GET /xingrg/check_reg.html?_=1623723898657 HTTP/1.1" 200 22
222.70.177.90 - - [15/Jun/2021:10:25:38 +0800] "GET /xingrg/all/function/internal_message.html?_=1623723934465&CODE_STATE=getMsg HTTP/1.1" 200 27
116.230.117.165 - - [15/Jun/2021:10:25:38 +0800] "GET /xingrg/kc/buy/cgsh_order_operate.html?command=get_materiel&rest_code=00146&code=00101001075&supplier_code=00100041&order_time=2021-06-15 HTTP/1.1" 200 409
117.185.32.26 - - [15/Jun/2021:10:25:39 +0800] "GET /xingrg/all/function/internal_message.html?_=1623724466508&CODE_STATE=getMsg HTTP/1.1" 200 27
116.224.253.72 - - [15/Jun/2021:10:25:39 +0800] "GET /xingrg/all/function/internal_message.html?_=1623723935903&CODE_STATE=getMsg HTTP/1.1" 200 27
116.235.222.38 - - [15/Jun/2021:10:25:41 +0800] "GET /xingrg/all/function/internal_message.html?_=1623723937633&CODE_STATE=getMsg HTTP/1.1" 200 27
180.161.111.4 - - [15/Jun/2021:10:25:42 +0800] "GET /xingrg/kc/buy/cgsh_order_operate.html?command=get_materiel&rest_code=00102&code=00101009124&supplier_code=00100424&order_time=2021-06-15 HTTP/1.1" 200 402
116.224.253.72 - - [15/Jun/2021:10:25:42 +0800] "GET /xingrg/all/function/internal_message.html?_=1623723930618&CODE_STATE=getMsg HTTP/1.1" 200 27
180.169.147.146 - - [15/Jun/2021:10:25:45 +0800] "GET /xingrg/all/function/internal_message.html?_=1623723942954&CODE_STATE=getMsg HTTP/1.1" 200 27
180.169.147.146 - - [15/Jun/2021:10:25:45 +0800] "GET /xingrg/check_reg.html?_=1623723942961 HTTP/1.1" 200 22
117.185.32.26 - - [15/Jun/2021:10:25:48 +0800] "GET /xingrg/kc/buy/cgsh_order_operate.html?command=get_materiel&rest_code=00106&code=00101006111&supplier_code=00100015&order_time=2021-06-15 HTTP/1.1" 200 409
116.230.117.165 - - [15/Jun/2021:10:25:48 +0800] "GET /xingrg/kc/buy/cgsh_order_operate.html?command=get_materiel&rest_code=00146&code=00101010204&supplier_code=00100041&order_time=2021-06-15 HTTP/1.1" 200 410
116.235.222.38 - - [15/Jun/2021:10:25:49 +0800] "GET /xingrg/kc/buy/cgsh_order_operate.html?command=get_materiel&rest_code=00107&code=00101004040&supplier_code=00100041&order_time=2021-06-15 HTTP/1.1" 200 413
116.233.72.58 - - [15/Jun/2021:10:25:52 +0800] "GET /xingrg/all/function/internal_message.html?_=1623723951143&CODE_STATE=getMsg HTTP/1.1" 200 27
120.253.135.82 - - [15/Jun/2021:10:25:57 +0800] "GET /xingrg/check_reg.html?_=1623723977969 HTTP/1.1" 200 22
58.221.95.50 - - [15/Jun/2021:10:25:58 +0800] "GET /xingrg/check_reg.html?_=1623723957515 HTTP/1.1" 302 -
117.184.7.26 - - [15/Jun/2021:10:26:02 +0800] "GET /xingrg/check_reg.html?_=1623723956268 HTTP/1.1" 200 22
117.184.7.26 - - [15/Jun/2021:10:26:02 +0800] "GET /xingrg/all/function/internal_message.html?_=1623723956270&CODE_STATE=getMsg HTTP/1.1" 200 27
116.235.222.38 - - [15/Jun/2021:10:26:03 +0800] "GET /xingrg/kc/buy/cgsh_order_operate.html?command=get_materiel&rest_code=00107&code=00101005036&supplier_code=00100041&order_time=2021-06-15 HTTP/1.1" 200 409
101.85.94.178 - - [15/Jun/2021:10:26:07 +0800] "GET /xingrg/check_reg.html?_=1623723419478 HTTP/1.1" 200 22
101.85.94.178 - - [15/Jun/2021:10:26:07 +0800] "GET /xingrg/all/function/internal_message.html?_=1623723419479&CODE_STATE=getMsg HTTP/1.1" 200 27
116.230.117.165 - - [15/Jun/2021:10:26:09 +0800] "GET /xingrg/kc/buy/cgsh_order_operate.html?command=get_materiel&rest_code=00146&code=00101002022&supplier_code=00100041&order_time=2021-06-15 HTTP/1.1" 200 409
120.253.135.82 - - [15/Jun/2021:10:26:10 +0800] "GET /xingrg/all/function/internal_message.html?_=1623723990934&CODE_STATE=getMsg HTTP/1.1" 200 27
116.235.222.38 - - [15/Jun/2021:10:26:13 +0800] "GET /xingrg/kc/buy/cgsh_order_operate.html?command=get_materiel&rest_code=00107&code=00101010161&supplier_code=00100041&order_time=2021-06-15 HTTP/1.1" 200 429
116.230.117.165 - - [15/Jun/2021:10:26:14 +0800] "GET /xingrg/check_reg.html?_=1623723977510 HTTP/1.1" 200 22
117.185.32.26 - - [15/Jun/2021:10:26:16 +0800] "GET /xingrg/kc/buy/cgsh_order_operate.html?command=get_materiel&rest_code=00106&code=00101006112&supplier_code=00100015&order_time=2021-06-15 HTTP/1.1" 200 409
116.230.117.165 - - [15/Jun/2021:10:26:19 +0800] "GET /xingrg/all/function/internal_message.html?_=1623723982306&CODE_STATE=getMsg HTTP/1.1" 200 27
61.165.42.208 - - [15/Jun/2021:10:26:20 +0800] "GET /xingrg/check_reg.html?_=1623723978622 HTTP/1.1" 200 22
61.165.42.208 - - [15/Jun/2021:10:26:20 +0800] "GET /xingrg/all/function/internal_message.html?_=1623723978621&CODE_STATE=getMsg HTTP/1.1" 200 27
116.235.222.38 - - [15/Jun/2021:10:26:24 +0800] "POST /xingrg/kc/buy/cgsh_order_operate.html HTTP/1.1" 200 37
116.230.117.165 - - [15/Jun/2021:10:26:27 +0800] "POST /xingrg/kc/buy/cgsh_order_operate.html HTTP/1.1" 200 37
180.169.147.146 - - [15/Jun/2021:10:26:28 +0800] "GET /xingrg/all/function/internal_message.html?_=1623723987412&CODE_STATE=getMsg HTTP/1.1" 200 27
116.230.117.165 - - [15/Jun/2021:10:26:29 +0800] "POST /xingrg/kc/buy/cgsh_order_operate.html HTTP/1.1" 200 7389
116.235.222.38 - - [15/Jun/2021:10:26:29 +0800] "POST /xingrg/kc/buy/cgsh_order_operate.html HTTP/1.1" 200 3832
180.169.147.146 - - [15/Jun/2021:10:26:29 +0800] "GET /xingrg/all/function/internal_message.html?_=1623723987311&CODE_STATE=getMsg HTTP/1.1" 200 27
116.230.110.80 - - [15/Jun/2021:10:26:30 +0800] "GET /xingrg/all/function/internal_message.html?_=1623723958644&CODE_STATE=getMsg HTTP/1.1" 200 27
116.230.117.165 - - [15/Jun/2021:10:26:32 +0800] "GET /xingrg/kc/print/load_data.html?order_code=212021061506762&kc_code=cgsh&condition= HTTP/1.1" 200 2494
180.161.111.4 - - [15/Jun/2021:10:26:32 +0800] "GET /xingrg/kc/buy/cgsh_order_operate.html?command=get_materiel&rest_code=00102&code=00101009039&supplier_code=00100424&order_time=2021-06-15 HTTP/1.1" 200 408
222.70.177.90 - - [15/Jun/2021:10:26:37 +0800] "GET /xingrg/all/function/internal_message.html?_=1623723994460&CODE_STATE=getMsg HTTP/1.1" 200 27
117.185.32.26 - - [15/Jun/2021:10:26:39 +0800] "GET /xingrg/all/function/internal_message.html?_=1623724526492&CODE_STATE=getMsg HTTP/1.1" 200 27
116.224.253.72 - - [15/Jun/2021:10:26:39 +0800] "GET /xingrg/all/function/internal_message.html?_=1623723995912&CODE_STATE=getMsg HTTP/1.1" 200 27
116.224.253.72 - - [15/Jun/2021:10:26:39 +0800] "GET /xingrg/check_reg.html?_=1623723995920 HTTP/1.1" 200 22
180.161.111.4 - - [15/Jun/2021:10:26:40 +0800] "GET /xingrg/kc/buy/cgsh_order_operate.html?command=get_materiel&rest_code=00102&code=00101009109&supplier_code=00100424&order_time=2021-06-15 HTTP/1.1" 200 399
116.233.72.58 - - [15/Jun/2021:10:26:41 +0800] "GET /xingrg/kc/buy/cgsh_order_add.html HTTP/1.1" 200 62507
116.233.72.58 - - [15/Jun/2021:10:26:41 +0800] "GET /xingrg/words/20210615091538_words.js HTTP/1.1" 304 -
116.233.72.58 - - [15/Jun/2021:10:26:41 +0800] "POST /xingrg/kc/buy/cgsh_order_operate.html HTTP/1.1" 200 8245
116.233.72.58 - - [15/Jun/2021:10:26:41 +0800] "GET /xingrg/all/common/auto_word.html?type=employee&rest_code=00109 HTTP/1.1" 200 255
116.233.72.58 - - [15/Jun/2021:10:26:41 +0800] "GET /xingrg/javascript/easyui/themes/default/validatebox.css HTTP/1.1" 404 1104
116.233.72.58 - - [15/Jun/2021:10:26:41 +0800] "GET /xingrg/all/common/auto_word.html?type=employee&rest_code=00109 HTTP/1.1" 200 255
116.235.222.38 - - [15/Jun/2021:10:26:41 +0800] "GET /xingrg/all/function/internal_message.html?_=1623723997641&CODE_STATE=getMsg HTTP/1.1" 200 27
116.235.222.38 - - [15/Jun/2021:10:26:41 +0800] "GET /xingrg/check_reg.html?_=1623723997642 HTTP/1.1" 200 22
116.224.253.72 - - [15/Jun/2021:10:26:42 +0800] "GET /xingrg/all/function/internal_message.html?_=1623723990631&CODE_STATE=getMsg HTTP/1.1" 200 27
180.169.147.146 - - [15/Jun/2021:10:26:45 +0800] "GET /xingrg/all/function/internal_message.html?_=1623724002949&CODE_STATE=getMsg HTTP/1.1" 200 27
117.185.32.26 - - [15/Jun/2021:10:26:45 +0800] "GET /xingrg/kc/buy/cgsh_order_operate.html?command=get_materiel&rest_code=00106&code=00101006056&supplier_code=00100015&order_time=2021-06-15 HTTP/1.1" 200 413
116.233.72.58 - - [15/Jun/2021:10:26:47 +0800] "GET /xingrg/javascript/jquery_tools/images/next.gif HTTP/1.1" 404 1086
116.233.72.58 - - [15/Jun/2021:10:26:47 +0800] "GET /xingrg/javascript/jquery_tools/images/prev.gif HTTP/1.1" 404 1086
116.230.110.80 - - [15/Jun/2021:10:26:47 +0800] "GET /favicon.ico HTTP/1.1" 404 -
116.233.72.58 - - [15/Jun/2021:10:26:52 +0800] "GET /xingrg/kc/buy/cgsh_order_operate.html?command=get_materiel&rest_code=00109&code=00101001111&supplier_code=00100454&order_time=2021-06-15 HTTP/1.1" 200 409
116.233.72.58 - - [15/Jun/2021:10:26:52 +0800] "GET /xingrg/all/function/internal_message.html?_=1623724011145&CODE_STATE=getMsg HTTP/1.1" 200 27
116.230.117.165 - - [15/Jun/2021:10:26:55 +0800] "GET /xingrg/kc/buy/cgsh_order_add.html HTTP/1.1" 200 62472
116.230.117.165 - - [15/Jun/2021:10:26:56 +0800] "POST /xingrg/kc/buy/cgsh_order_operate.html HTTP/1.1" 200 8245
116.230.117.165 - - [15/Jun/2021:10:26:56 +0800] "GET /xingrg/javascript/easyui/themes/default/validatebox.css HTTP/1.1" 404 1104
180.161.111.4 - - [15/Jun/2021:10:26:59 +0800] "POST /xingrg/kc/buy/cgsh_order_operate.html HTTP/1.1" 200 37
117.185.32.26 - - [15/Jun/2021:10:27:02 +0800] "GET /xingrg/kc/buy/cgsh_order_operate.html?command=get_materiel&rest_code=00106&code=00101006131&supplier_code=00100015&order_time=2021-06-15 HTTP/1.1" 200 417
117.184.7.26 - - [15/Jun/2021:10:27:02 +0800] "GET /xingrg/all/function/internal_message.html?_=1623724016255&CODE_STATE=getMsg HTTP/1.1" 200 27
180.161.111.4 - - [15/Jun/2021:10:27:03 +0800] "POST /xingrg/kc/buy/cgsh_order_operate.html HTTP/1.1" 200 12
116.233.72.58 - - [15/Jun/2021:10:27:04 +0800] "GET /xingrg/kc/buy/cgsh_order_operate.html?command=get_materiel&rest_code=00109&code=00101005037&supplier_code=00100454&order_time=2021-06-15 HTTP/1.1" 200 409
101.85.94.178 - - [15/Jun/2021:10:27:07 +0800] "GET /xingrg/all/function/internal_message.html?_=1623723479478&CODE_STATE=getMsg HTTP/1.1" 200 27
120.253.135.82 - - [15/Jun/2021:10:27:10 +0800] "GET /xingrg/all/function/internal_message.html?_=1623724050947&CODE_STATE=getMsg HTTP/1.1" 200 27
180.161.111.4 - - [15/Jun/2021:10:27:15 +0800] "GET /xingrg/kc/buy/cgsh_order_info.html?code=212021061506763 HTTP/1.1" 200 57325
180.161.111.4 - - [15/Jun/2021:10:27:17 +0800] "GET /xingrg/javascript/easyui/themes/default/validatebox.css HTTP/1.1" 404 1104
116.230.117.165 - - [15/Jun/2021:10:27:19 +0800] "GET /xingrg/all/function/internal_message.html?_=1623724042320&CODE_STATE=getMsg HTTP/1.1" 200 27
61.165.42.208 - - [15/Jun/2021:10:27:20 +0800] "GET /xingrg/all/function/internal_message.html?_=1623724038622&CODE_STATE=getMsg HTTP/1.1" 200 27
180.161.111.4 - - [15/Jun/2021:10:27:23 +0800] "POST /xingrg/kc/buy/cgsh_order_operate.html HTTP/1.1" 200 15
116.233.72.58 - - [15/Jun/2021:10:27:28 +0800] "POST /xingrg/kc/buy/cgsh_order_operate.html HTTP/1.1" 200 37
117.185.32.26 - - [15/Jun/2021:10:27:28 +0800] "POST /xingrg/kc/buy/cgsh_order_operate.html HTTP/1.1" 200 88
180.169.147.146 - - [15/Jun/2021:10:27:28 +0800] "GET /xingrg/all/function/internal_message.html?_=1623724047416&CODE_STATE=getMsg HTTP/1.1" 200 27
116.230.117.165 - - [15/Jun/2021:10:27:29 +0800] "GET /xingrg/kc/buy/cgsh_order_operate.html?command=get_materiel&rest_code=00146&code=00101007076&supplier_code=00100002&order_time=2021-06-15 HTTP/1.1" 200 410
180.169.147.146 - - [15/Jun/2021:10:27:29 +0800] "GET /xingrg/all/function/internal_message.html?_=1623724047310&CODE_STATE=getMsg HTTP/1.1" 200 27
116.230.110.80 - - [15/Jun/2021:10:27:30 +0800] "GET /xingrg/all/function/internal_message.html?_=1623724018649&CODE_STATE=getMsg HTTP/1.1" 200 27
116.230.117.165 - - [15/Jun/2021:10:27:30 +0800] "GET /xingrg/check_reg.html?_=1623724047706 HTTP/1.1" 302 -
117.185.32.26 - - [15/Jun/2021:10:27:36 +0800] "POST /xingrg/kc/buy/cgsh_order_operate.html HTTP/1.1" 200 37
116.233.72.58 - - [15/Jun/2021:10:27:37 +0800] "POST /xingrg/kc/buy/cgsh_order_operate.html HTTP/1.1" 200 3244
116.233.72.58 - - [15/Jun/2021:10:27:38 +0800] "GET /xingrg/kc/print/load_config.html?kc_code=cgsh HTTP/1.1" 200 1845
116.224.253.72 - - [15/Jun/2021:10:27:39 +0800] "GET /xingrg/all/function/internal_message.html?_=1623724055920&CODE_STATE=getMsg HTTP/1.1" 200 27
222.70.177.90 - - [15/Jun/2021:10:27:40 +0800] "POST /xingrg/kc/buy/cgsh_order_operate.html HTTP/1.1" 200 37
116.233.72.58 - - [15/Jun/2021:10:27:40 +0800] "GET /xingrg/kc/print/load_data.html?order_code=212021061506764&kc_code=cgsh&condition= HTTP/1.1" 200 873
116.235.222.38 - - [15/Jun/2021:10:27:41 +0800] "GET /xingrg/all/function/internal_message.html?_=1623724057654&CODE_STATE=getMsg HTTP/1.1" 200 27
222.70.177.90 - - [15/Jun/2021:10:27:41 +0800] "POST /xingrg/kc/buy/cgsh_order_operate.html HTTP/1.1" 200 14490
116.224.253.72 - - [15/Jun/2021:10:27:42 +0800] "GET /xingrg/all/function/internal_message.html?_=1623724050647&CODE_STATE=getMsg HTTP/1.1" 200 27
180.169.147.146 - - [15/Jun/2021:10:27:45 +0800] "GET /xingrg/all/function/internal_message.html?_=1623724062945&CODE_STATE=getMsg HTTP/1.1" 200 27
116.235.222.38 - - [15/Jun/2021:10:27:46 +0800] "POST /xingrg/kc/buy/cgsh_order_operate.html HTTP/1.1" 200 37
180.161.111.4 - - [15/Jun/2021:10:27:47 +0800] "POST /xingrg/kc/buy/cgsh_list_operate.html HTTP/1.1" 200 5789
116.235.222.38 - - [15/Jun/2021:10:27:49 +0800] "POST /xingrg/kc/buy/cgsh_order_operate.html HTTP/1.1" 200 3832
180.161.111.4 - - [15/Jun/2021:10:27:50 +0800] "POST /xingrg/kc/buy/cgsh_list_operate.html HTTP/1.1" 200 589
116.235.222.38 - - [15/Jun/2021:10:27:51 +0800] "GET /xingrg/kc/print/load_data.html?order_code=212021061506761&kc_code=cgsh&condition= HTTP/1.1" 200 1128
180.161.111.4 - - [15/Jun/2021:10:27:52 +0800] "GET /xingrg/kc/buy/cgsh_order_info.html?code=212021061506763 HTTP/1.1" 200 57325
116.233.72.58 - - [15/Jun/2021:10:27:52 +0800] "GET /xingrg/all/function/internal_message.html?_=1623724071148&CODE_STATE=getMsg HTTP/1.1" 200 27
180.161.111.4 - - [15/Jun/2021:10:27:53 +0800] "GET /xingrg/javascript/easyui/themes/default/validatebox.css HTTP/1.1" 404 1104
117.185.32.26 - - [15/Jun/2021:10:27:53 +0800] "POST /xingrg/kc/buy/cgsh_order_operate.html HTTP/1.1" 200 9198
180.161.111.4 - - [15/Jun/2021:10:27:53 +0800] "POST /xingrg/kc/buy/cgsh_order_operate.html HTTP/1.1" 200 5352
116.235.222.38 - - [15/Jun/2021:10:27:55 +0800] "GET /xingrg/kc/buy/cgsh_order_add.html HTTP/1.1" 200 62554
116.235.222.38 - - [15/Jun/2021:10:27:56 +0800] "POST /xingrg/kc/buy/cgsh_order_operate.html HTTP/1.1" 200 8245
116.235.222.38 - - [15/Jun/2021:10:27:56 +0800] "GET /xingrg/javascript/easyui/themes/default/validatebox.css HTTP/1.1" 404 1104
116.230.117.165 - - [15/Jun/2021:10:27:57 +0800] "GET /xingrg/kc/buy/cgsh_order_operate.html?command=get_materiel&rest_code=00146&code=00101007081&supplier_code=00100002&order_time=2021-06-15 HTTP/1.1" 200 415
180.161.111.4 - - [15/Jun/2021:10:27:59 +0800] "GET /xingrg/kc/print/load_data.html?order_code=212021061506763&kc_code=cgsh&condition= HTTP/1.1" 200 2496
117.185.32.26 - - [15/Jun/2021:10:28:01 +0800] "POST /xingrg/kc/buy/cgsh_order_operate.html HTTP/1.1" 200 37
117.184.7.26 - - [15/Jun/2021:10:28:02 +0800] "GET /xingrg/all/function/internal_message.html?_=1623724076254&CODE_STATE=getMsg HTTP/1.1" 200 27
117.185.32.26 - - [15/Jun/2021:10:28:02 +0800] "POST /xingrg/kc/buy/cgsh_order_operate.html HTTP/1.1" 200 9198
117.185.32.26 - - [15/Jun/2021:10:28:05 +0800] "GET /xingrg/kc/buy/cgsh_order_add.html HTTP/1.1" 200 62466
117.185.32.26 - - [15/Jun/2021:10:28:05 +0800] "GET /xingrg/words/20210615091538_words.js HTTP/1.1" 304 -
117.185.32.26 - - [15/Jun/2021:10:28:05 +0800] "POST /xingrg/kc/buy/cgsh_order_operate.html HTTP/1.1" 200 8245
117.185.32.26 - - [15/Jun/2021:10:28:05 +0800] "GET /xingrg/javascript/easyui/themes/default/validatebox.css HTTP/1.1" 404 1104
101.85.94.178 - - [15/Jun/2021:10:28:07 +0800] "GET /xingrg/all/function/internal_message.html?_=1623723539476&CODE_STATE=getMsg HTTP/1.1" 200 27
120.253.135.82 - - [15/Jun/2021:10:28:10 +0800] "GET /xingrg/all/function/internal_message.html?_=1623724110965&CODE_STATE=getMsg HTTP/1.1" 200 27
116.230.117.165 - - [15/Jun/2021:10:28:13 +0800] "POST /xingrg/kc/buy/cgsh_order_operate.html HTTP/1.1" 200 37
116.230.117.165 - - [15/Jun/2021:10:28:15 +0800] "POST /xingrg/kc/buy/cgsh_order_operate.html HTTP/1.1" 200 3246
116.230.117.165 - - [15/Jun/2021:10:28:17 +0800] "GET /xingrg/kc/print/load_data.html?order_code=212021061506767&kc_code=cgsh&condition= HTTP/1.1" 200 970
116.235.222.38 - - [15/Jun/2021:10:28:18 +0800] "GET /xingrg/javascript/easyui/themes/default/tree.css HTTP/1.1" 404 1090
116.235.222.38 - - [15/Jun/2021:10:28:18 +0800] "POST /xingrg/all/common/load_tree.html?tree=supplier_tree_json&isDelete=1 HTTP/1.1" 200 56029
