222.70.177.90 - - [15/Jun/2021:09:05:58 +0800] "GET /xingrg/kc/buy/cgsh_order_operate.html?command=get_materiel&rest_code=00111&code=00101006111&supplier_code=00100012&order_time=2021-06-15 HTTP/1.1" 200 409
116.224.253.72 - - [15/Jun/2021:09:05:59 +0800] "POST /xingrg/kc/buy/cgsh_order_operate.html HTTP/1.1" 200 1222
116.224.253.72 - - [15/Jun/2021:09:06:00 +0800] "GET /xingrg/kc/print/load_data.html?order_code=212021061506719&kc_code=cgsh&condition= HTTP/1.1" 200 1005
180.169.147.146 - - [15/Jun/2021:09:06:01 +0800] "POST /xingrg/dwr/call/plaincall/AjaxReportQueryService.refreshCache.dwr HTTP/1.1" 200 78
180.169.147.146 - - [15/Jun/2021:09:06:01 +0800] "POST /xingrg/all/report/load_report_page.html HTTP/1.1" 200 66764
180.169.147.146 - - [15/Jun/2021:09:06:02 +0800] "GET /xingrg/servlets/image?cache=0.6280924927191516&image=px HTTP/1.1" 200 807
222.69.130.90 - - [15/Jun/2021:09:06:03 +0800] "POST /xingrg/services/DataTransmitService HTTP/1.1" 200 524
180.169.147.146 - - [15/Jun/2021:09:06:04 +0800] "POST /xingrg/all/report/report_print.html HTTP/1.1" 200 8724
222.69.130.90 - - [15/Jun/2021:09:06:04 +0800] "POST /xingrg/services/DataTransmitService HTTP/1.1" 200 1983
222.70.177.90 - - [15/Jun/2021:09:06:07 +0800] "GET /xingrg/kc/buy/cgsh_order_operate.html?command=get_materiel&rest_code=00111&code=00101006109&supplier_code=00100012&order_time=2021-06-15 HTTP/1.1" 200 409
222.69.130.90 - - [15/Jun/2021:09:06:08 +0800] "GET /xingrg/kc/buy/cgsh_order_operate.html?command=get_materiel&rest_code=00149&code=00101008028&supplier_code=00100005&order_time=2021-06-15 HTTP/1.1" 200 412
120.253.135.82 - - [15/Jun/2021:09:06:09 +0800] "GET /xingrg/all/function/internal_message.html?_=1623719189707&CODE_STATE=getMsg HTTP/1.1" 200 27
116.224.253.72 - - [15/Jun/2021:09:06:09 +0800] "GET /xingrg/all/function/internal_message.html?_=1623719166454&CODE_STATE=getMsg HTTP/1.1" 200 27
222.69.130.90 - - [15/Jun/2021:09:06:10 +0800] "POST /xingrg/services/DataTransmitService HTTP/1.1" 200 524
222.69.130.90 - - [15/Jun/2021:09:06:11 +0800] "POST /xingrg/services/DataTransmitService HTTP/1.1" 200 1983
116.224.253.72 - - [15/Jun/2021:09:06:12 +0800] "GET /xingrg/kc/buy/cgsh_order_add.html HTTP/1.1" 200 62108
116.224.253.72 - - [15/Jun/2021:09:06:12 +0800] "POST /xingrg/kc/buy/cgsh_order_operate.html HTTP/1.1" 200 8245
116.224.253.72 - - [15/Jun/2021:09:06:12 +0800] "GET /xingrg/javascript/easyui/themes/default/validatebox.css HTTP/1.1" 404 1104
116.230.117.165 - - [15/Jun/2021:09:06:13 +0800] "GET /xingrg/check_reg.html?_=1623719175980 HTTP/1.1" 200 22
116.230.117.165 - - [15/Jun/2021:09:06:14 +0800] "GET /xingrg/all/function/internal_message.html?_=1623719177850&CODE_STATE=getMsg HTTP/1.1" 200 27
222.70.177.90 - - [15/Jun/2021:09:06:18 +0800] "GET /xingrg/kc/buy/cgsh_order_operate.html?command=get_materiel&rest_code=00111&code=00101006055&supplier_code=00100012&order_time=2021-06-15 HTTP/1.1" 200 409
180.169.147.146 - - [15/Jun/2021:09:06:20 +0800] "GET /xingrg/all/function/internal_message.html?_=1623719178238&CODE_STATE=getMsg HTTP/1.1" 200 27
222.69.130.90 - - [15/Jun/2021:09:06:21 +0800] "GET /xingrg/kc/buy/cgsh_order_operate.html?command=get_materiel&rest_code=00149&code=00101008096&supplier_code=00100005&order_time=2021-06-15 HTTP/1.1" 200 412
222.69.130.90 - - [15/Jun/2021:09:06:24 +0800] "POST /xingrg/services/DataTransmitService HTTP/1.1" 200 524
116.224.253.72 - - [15/Jun/2021:09:06:27 +0800] "GET /xingrg/all/function/internal_message.html?_=1623719175700&CODE_STATE=getMsg HTTP/1.1" 200 27
222.70.177.90 - - [15/Jun/2021:09:06:28 +0800] "GET /xingrg/kc/buy/cgsh_order_operate.html?command=get_materiel&rest_code=00111&code=00101006056&supplier_code=00100012&order_time=2021-06-15 HTTP/1.1" 200 413
222.69.130.90 - - [15/Jun/2021:09:06:30 +0800] "GET /xingrg/kc/buy/cgsh_order_operate.html?command=get_materiel&rest_code=00149&code=00101008358&supplier_code=00100005&order_time=2021-06-15 HTTP/1.1" 200 412
180.161.111.4 - - [15/Jun/2021:09:06:31 +0800] "GET /xingrg/all/function/internal_message.html?_=1623719153753&CODE_STATE=getMsg HTTP/1.1" 200 27
116.235.222.38 - - [15/Jun/2021:09:06:36 +0800] "GET /xingrg/kc/buy/cgsh_order_operate.html?command=get_materiel&rest_code=00107&code=00101008350&supplier_code=00100006&order_time=2021-06-15 HTTP/1.1" 200 408
222.70.177.90 - - [15/Jun/2021:09:06:37 +0800] "GET /xingrg/all/function/internal_message.html?_=1623719194311&CODE_STATE=getMsg HTTP/1.1" 200 27
117.185.32.26 - - [15/Jun/2021:09:06:39 +0800] "GET /xingrg/all/function/internal_message.html?_=1623719727433&CODE_STATE=getMsg HTTP/1.1" 200 27
116.235.222.38 - - [15/Jun/2021:09:06:40 +0800] "POST /xingrg/kc/buy/cgsh_order_operate.html HTTP/1.1" 200 2065
116.235.222.38 - - [15/Jun/2021:09:06:41 +0800] "GET /xingrg/check_reg.html?_=1623719197555 HTTP/1.1" 200 22
116.235.222.38 - - [15/Jun/2021:09:06:41 +0800] "GET /xingrg/all/function/internal_message.html?_=1623719197750&CODE_STATE=getMsg HTTP/1.1" 200 27
222.69.130.90 - - [15/Jun/2021:09:06:42 +0800] "GET /xingrg/all/function/internal_message.html?_=1623719198844&CODE_STATE=getMsg HTTP/1.1" 200 27
116.224.253.72 - - [15/Jun/2021:09:06:46 +0800] "GET /xingrg/kc/buy/cgsh_order_operate.html?command=get_materiel&rest_code=00151&code=00101001075&supplier_code=00100096&order_time=2021-06-15 HTTP/1.1" 200 409
116.235.222.38 - - [15/Jun/2021:09:06:46 +0800] "GET /xingrg/kc/buy/cgsh_order_operate.html?command=get_materiel&rest_code=00107&code=00101008141&supplier_code=00100006&order_time=2021-06-15 HTTP/1.1" 200 412
222.69.130.90 - - [15/Jun/2021:09:06:48 +0800] "GET /xingrg/kc/buy/cgsh_order_operate.html?command=get_materiel&rest_code=00149&code=00101008163&supplier_code=00100005&order_time=2021-06-15 HTTP/1.1" 200 408
222.69.130.90 - - [15/Jun/2021:09:06:54 +0800] "POST /xingrg/kc/buy/cgsh_order_operate.html HTTP/1.1" 200 2065
222.70.177.90 - - [15/Jun/2021:09:06:56 +0800] "GET /xingrg/kc/buy/cgsh_order_operate.html?command=get_materiel&rest_code=00111&code=00101006065&supplier_code=00100012&order_time=2021-06-15 HTTP/1.1" 200 409
116.235.222.38 - - [15/Jun/2021:09:06:58 +0800] "POST /xingrg/kc/buy/cgsh_order_operate.html HTTP/1.1" 200 37
222.69.130.90 - - [15/Jun/2021:09:06:59 +0800] "GET /xingrg/kc/buy/cgsh_order_operate.html?command=get_materiel&rest_code=00149&code=00101008190&supplier_code=00100005&order_time=2021-06-15 HTTP/1.1" 200 412
116.224.253.72 - - [15/Jun/2021:09:07:01 +0800] "GET /xingrg/kc/buy/cgsh_order_operate.html?command=get_materiel&rest_code=00151&code=00101006062&supplier_code=00100096&order_time=2021-06-15 HTTP/1.1" 200 410
116.235.222.38 - - [15/Jun/2021:09:07:01 +0800] "POST /xingrg/kc/buy/cgsh_order_operate.html HTTP/1.1" 200 28692
222.69.130.90 - - [15/Jun/2021:09:07:06 +0800] "GET /xingrg/kc/buy/cgsh_order_operate.html?command=get_materiel&rest_code=00149&code=00101008064&supplier_code=00100005&order_time=2021-06-15 HTTP/1.1" 200 412
222.70.177.90 - - [15/Jun/2021:09:07:08 +0800] "GET /xingrg/kc/buy/cgsh_order_operate.html?command=get_materiel&rest_code=00111&code=00101006184&supplier_code=00100012&order_time=2021-06-15 HTTP/1.1" 200 408
120.253.135.82 - - [15/Jun/2021:09:07:09 +0800] "GET /xingrg/all/function/internal_message.html?_=1623719249720&CODE_STATE=getMsg HTTP/1.1" 200 27
116.224.253.72 - - [15/Jun/2021:09:07:09 +0800] "GET /xingrg/all/function/internal_message.html?_=1623719226449&CODE_STATE=getMsg HTTP/1.1" 200 27
116.235.222.38 - - [15/Jun/2021:09:07:14 +0800] "GET /xingrg/kc/buy/cgsh_order_operate.html?command=get_materiel&rest_code=00107&code=00101008126&supplier_code=00100006&order_time=2021-06-15 HTTP/1.1" 200 412
116.230.117.165 - - [15/Jun/2021:09:07:15 +0800] "GET /xingrg/all/function/internal_message.html?_=1623719237869&CODE_STATE=getMsg HTTP/1.1" 200 27
116.230.117.165 - - [15/Jun/2021:09:07:15 +0800] "GET /xingrg/kc/buy/cgsh_order_list.html HTTP/1.1" 200 46734
222.69.130.90 - - [15/Jun/2021:09:07:16 +0800] "GET /xingrg/kc/buy/cgsh_order_operate.html?command=get_materiel&rest_code=00149&code=00101008087&supplier_code=00100005&order_time=2021-06-15 HTTP/1.1" 200 412
116.230.117.165 - - [15/Jun/2021:09:07:16 +0800] "POST /xingrg/kc/buy/cgsh_list_operate.html HTTP/1.1" 200 876
116.230.117.165 - - [15/Jun/2021:09:07:18 +0800] "GET /xingrg/javascript/pic_change.js HTTP/1.1" 304 -
116.230.117.165 - - [15/Jun/2021:09:07:18 +0800] "GET /xingrg/javascript/json2.js HTTP/1.1" 304 -
116.230.117.165 - - [15/Jun/2021:09:07:18 +0800] "GET /xingrg/javascript/jquery_tools/order_manager.js HTTP/1.1" 304 -
116.230.117.165 - - [15/Jun/2021:09:07:18 +0800] "GET /xingrg/javascript/print/kc_print.js HTTP/1.1" 304 -
116.230.117.165 - - [15/Jun/2021:09:07:18 +0800] "GET /xingrg/javascript/convert.js HTTP/1.1" 304 -
116.230.117.165 - - [15/Jun/2021:09:07:18 +0800] "GET /xingrg/kc/buy/cgsh_order_add.html HTTP/1.1" 200 62472
116.230.117.165 - - [15/Jun/2021:09:07:18 +0800] "GET /xingrg/words/20210614101438_words.js HTTP/1.1" 304 -
116.230.117.165 - - [15/Jun/2021:09:07:18 +0800] "POST /xingrg/kc/buy/cgsh_order_operate.html HTTP/1.1" 200 8245
116.230.117.165 - - [15/Jun/2021:09:07:18 +0800] "GET /xingrg/all/common/auto_word.html?type=employee&rest_code=00146 HTTP/1.1" 200 101
116.230.117.165 - - [15/Jun/2021:09:07:18 +0800] "GET /xingrg/all/common/auto_word.html?type=employee&rest_code=00146 HTTP/1.1" 200 101
116.230.117.165 - - [15/Jun/2021:09:07:18 +0800] "GET /xingrg/javascript/easyui/themes/default/validatebox.css HTTP/1.1" 404 1104
116.230.117.165 - - [15/Jun/2021:09:07:18 +0800] "GET /xingrg/javascript/easyui/plugins/jquery.validatebox.js HTTP/1.1" 304 -
116.230.117.165 - - [15/Jun/2021:09:07:18 +0800] "GET /xingrg/javascript/easyui/plugins/jquery.numberbox.js HTTP/1.1" 304 -
222.70.177.90 - - [15/Jun/2021:09:07:19 +0800] "GET /xingrg/kc/buy/cgsh_order_operate.html?command=get_materiel&rest_code=00111&code=00101006178&supplier_code=00100012&order_time=2021-06-15 HTTP/1.1" 200 409
180.169.147.146 - - [15/Jun/2021:09:07:20 +0800] "GET /xingrg/all/function/internal_message.html?_=1623719238242&CODE_STATE=getMsg HTTP/1.1" 200 27
116.224.253.72 - - [15/Jun/2021:09:07:21 +0800] "POST /xingrg/kc/buy/cgsh_order_operate.html HTTP/1.1" 200 37
116.224.253.72 - - [15/Jun/2021:09:07:23 +0800] "POST /xingrg/kc/buy/cgsh_order_operate.html HTTP/1.1" 200 6269
116.235.222.38 - - [15/Jun/2021:09:07:24 +0800] "GET /xingrg/kc/buy/cgsh_order_operate.html?command=get_materiel&rest_code=00107&code=00101008087&supplier_code=00100006&order_time=2021-06-15 HTTP/1.1" 200 412
116.224.253.72 - - [15/Jun/2021:09:07:26 +0800] "GET /xingrg/kc/buy/cgsh_order_operate.html?command=get_materiel&rest_code=00151&code=00101006084&supplier_code=00100096&order_time=2021-06-15 HTTP/1.1" 200 415
116.224.253.72 - - [15/Jun/2021:09:07:27 +0800] "GET /xingrg/check_reg.html?_=1623719235487 HTTP/1.1" 200 22
116.224.253.72 - - [15/Jun/2021:09:07:27 +0800] "GET /xingrg/all/function/internal_message.html?_=1623719235704&CODE_STATE=getMsg HTTP/1.1" 200 27
116.230.117.165 - - [15/Jun/2021:09:07:30 +0800] "GET /xingrg/check_reg.html?_=1623719248023 HTTP/1.1" 302 -
180.161.111.4 - - [15/Jun/2021:09:07:31 +0800] "GET /xingrg/all/function/internal_message.html?_=1623719213768&CODE_STATE=getMsg HTTP/1.1" 200 27
222.70.177.90 - - [15/Jun/2021:09:07:32 +0800] "POST /xingrg/kc/buy/cgsh_order_operate.html HTTP/1.1" 200 37
222.70.177.90 - - [15/Jun/2021:09:07:33 +0800] "POST /xingrg/kc/buy/cgsh_order_operate.html HTTP/1.1" 200 7382
222.70.177.90 - - [15/Jun/2021:09:07:34 +0800] "GET /xingrg/kc/print/load_data.html?order_code=212021061506722&kc_code=cgsh&condition= HTTP/1.1" 200 2555
222.69.130.90 - - [15/Jun/2021:09:07:36 +0800] "GET /xingrg/kc/buy/cgsh_order_operate.html?command=get_materiel&rest_code=00149&code=00101008355&supplier_code=00100005&order_time=2021-06-15 HTTP/1.1" 200 408
222.70.177.90 - - [15/Jun/2021:09:07:38 +0800] "GET /xingrg/all/function/internal_message.html?_=1623719254664&CODE_STATE=getMsg HTTP/1.1" 200 27
222.70.177.90 - - [15/Jun/2021:09:07:38 +0800] "GET /xingrg/check_reg.html?_=1623719254669 HTTP/1.1" 200 22
116.224.253.72 - - [15/Jun/2021:09:07:38 +0800] "POST /xingrg/all/user/operate.html HTTP/1.1" 200 36
116.224.253.72 - - [15/Jun/2021:09:07:39 +0800] "GET /xingrg/javascript/jquery_easy_ui/themes/default/easyui.css HTTP/1.1" 304 -
116.224.253.72 - - [15/Jun/2021:09:07:39 +0800] "GET /xingrg/index.html?sysBaseUrl=http%3A%2F%2F180.169.147.146%3A18081%2Fxingrg%2F&costTime=42×tamp=1623717547502 HTTP/1.1" 200 17179
116.224.253.72 - - [15/Jun/2021:09:07:39 +0800] "GET /xingrg/javascript/jquery_easy_ui/themes/icon.css HTTP/1.1" 304 -
116.224.253.72 - - [15/Jun/2021:09:07:39 +0800] "GET /xingrg/css/form.css HTTP/1.1" 304 -
116.224.253.72 - - [15/Jun/2021:09:07:39 +0800] "GET /xingrg/javascript/jquery-1.4.2.min.js HTTP/1.1" 304 -
116.224.253.72 - - [15/Jun/2021:09:07:39 +0800] "GET /xingrg/javascript/jquery_easy_ui/jquery.easyui.min.js HTTP/1.1" 304 -
116.224.253.72 - - [15/Jun/2021:09:07:39 +0800] "GET /xingrg/javascript/jquery_easy_ui/easyui-lang-zh_CN.js HTTP/1.1" 304 -
116.224.253.72 - - [15/Jun/2021:09:07:39 +0800] "GET /xingrg/javascript/jquery.form.js HTTP/1.1" 304 -
116.224.253.72 - - [15/Jun/2021:09:07:39 +0800] "GET /xingrg/javascript/jquery.utils.js HTTP/1.1" 304 -
116.224.253.72 - - [15/Jun/2021:09:07:39 +0800] "GET /xingrg/javascript/jquery.timers.js HTTP/1.1" 304 -
116.224.253.72 - - [15/Jun/2021:09:07:39 +0800] "GET /xingrg/images/blue/navBackgound.jpg HTTP/1.1" 304 -
116.224.253.72 - - [15/Jun/2021:09:07:39 +0800] "GET /xingrg/images/blue/jxLogo.png HTTP/1.1" 304 -
116.224.253.72 - - [15/Jun/2021:09:07:39 +0800] "GET /xingrg/javascript/jquery_easy_ui/themes/icons/settle_new.png HTTP/1.1" 304 -
116.224.253.72 - - [15/Jun/2021:09:07:39 +0800] "POST /xingrg/all/common/load_tree.html?tree=area_rest_tree_json&manage=1 HTTP/1.1" 200 476
116.224.253.72 - - [15/Jun/2021:09:07:39 +0800] "GET /xingrg/images/blue/pingpu.png HTTP/1.1" 304 -
116.224.253.72 - - [15/Jun/2021:09:07:39 +0800] "GET /xingrg/javascript/jquery_easy_ui/themes/default/images/tabs_leftarrow.png HTTP/1.1" 304 -
116.224.253.72 - - [15/Jun/2021:09:07:39 +0800] "GET /xingrg/javascript/jquery_easy_ui/themes/default/images/tabs_rightarrow.png HTTP/1.1" 304 -
116.224.253.72 - - [15/Jun/2021:09:07:39 +0800] "GET /xingrg/javascript/jquery_easy_ui/themes/default/images/panel_tool_collapse.gif HTTP/1.1" 304 -
116.224.253.72 - - [15/Jun/2021:09:07:39 +0800] "GET /xingrg/check_reg.html?_=1623719247690 HTTP/1.1" 200 22
116.224.253.72 - - [15/Jun/2021:09:07:39 +0800] "GET /xingrg/all/function/internal_message.html?_=1623719247689&CODE_STATE=count HTTP/1.1" 200 11
116.224.253.72 - - [15/Jun/2021:09:07:39 +0800] "POST /xingrg/load_menu.html HTTP/1.1" 200 5138
117.185.32.26 - - [15/Jun/2021:09:07:39 +0800] "GET /xingrg/all/function/internal_message.html?_=1623719787418&CODE_STATE=getMsg HTTP/1.1" 200 27
116.235.222.38 - - [15/Jun/2021:09:07:41 +0800] "GET /xingrg/all/function/internal_message.html?_=1623719257728&CODE_STATE=getMsg HTTP/1.1" 200 27
222.69.130.90 - - [15/Jun/2021:09:07:42 +0800] "GET /xingrg/all/function/internal_message.html?_=1623719258854&CODE_STATE=getMsg HTTP/1.1" 200 27
116.224.253.72 - - [15/Jun/2021:09:07:43 +0800] "GET /xingrg/javascript/auto/jquery.autocomplete.js HTTP/1.1" 200 21624
116.224.253.72 - - [15/Jun/2021:09:07:43 +0800] "GET /xingrg/kc/buy/cgsh_order_list.html HTTP/1.1" 200 46734
116.224.253.72 - - [15/Jun/2021:09:07:45 +0800] "POST /xingrg/kc/buy/cgsh_list_operate.html HTTP/1.1" 200 2069
116.224.253.72 - - [15/Jun/2021:09:07:47 +0800] "POST /xingrg/kc/buy/cgsh_list_operate.html HTTP/1.1" 200 569
116.224.253.72 - - [15/Jun/2021:09:07:48 +0800] "GET /xingrg/kc/buy/cgsh_order_info.html?code=212021061506710 HTTP/1.1" 200 62411
116.224.253.72 - - [15/Jun/2021:09:07:48 +0800] "GET /xingrg/javascript/auto/jquery.autocomplete.js HTTP/1.1" 200 21624
116.224.253.72 - - [15/Jun/2021:09:07:48 +0800] "GET /xingrg/javascript/easyui/themes/default/validatebox.css HTTP/1.1" 404 1104
116.224.253.72 - - [15/Jun/2021:09:07:49 +0800] "POST /xingrg/kc/buy/cgsh_order_operate.html HTTP/1.1" 200 28081
222.69.130.90 - - [15/Jun/2021:09:07:51 +0800] "GET /xingrg/kc/buy/cgsh_order_operate.html?command=get_materiel&rest_code=00149&code=00101008144&supplier_code=00100005&order_time=2021-06-15 HTTP/1.1" 200 412
222.70.177.90 - - [15/Jun/2021:09:07:51 +0800] "GET /xingrg/kc/buy/cgsh_order_add.html HTTP/1.1" 200 62466
222.70.177.90 - - [15/Jun/2021:09:07:51 +0800] "POST /xingrg/kc/buy/cgsh_order_operate.html HTTP/1.1" 200 8245
222.70.177.90 - - [15/Jun/2021:09:07:51 +0800] "GET /xingrg/javascript/easyui/themes/default/validatebox.css HTTP/1.1" 404 1104
116.235.222.38 - - [15/Jun/2021:09:07:53 +0800] "GET /xingrg/kc/buy/cgsh_order_operate.html?command=get_materiel&rest_code=00107&code=00101008118&supplier_code=00100006&order_time=2021-06-15 HTTP/1.1" 200 418
222.69.130.90 - - [15/Jun/2021:09:07:56 +0800] "POST /xingrg/kc/buy/cgsh_order_operate.html HTTP/1.1" 200 2065
116.235.222.38 - - [15/Jun/2021:09:07:56 +0800] "POST /xingrg/kc/buy/cgsh_order_operate.html HTTP/1.1" 200 2065
116.224.253.72 - - [15/Jun/2021:09:07:59 +0800] "GET /xingrg/kc/buy/cgsh_order_operate.html?command=get_materiel&rest_code=00151&code=00101006013&supplier_code=00100096&order_time=2021-06-15 HTTP/1.1" 200 409
116.230.117.165 - - [15/Jun/2021:09:08:00 +0800] "GET /xingrg/javascript/auto/indicator.gif HTTP/1.1" 404 1066
222.69.130.90 - - [15/Jun/2021:09:08:02 +0800] "GET /xingrg/kc/buy/cgsh_order_operate.html?command=get_materiel&rest_code=00149&code=00101008264&supplier_code=00100005&order_time=2021-06-15 HTTP/1.1" 200 412
116.230.117.165 - - [15/Jun/2021:09:08:02 +0800] "GET /xingrg/javascript/jquery_tools/images/prev.gif HTTP/1.1" 404 1086
116.230.117.165 - - [15/Jun/2021:09:08:02 +0800] "GET /xingrg/javascript/jquery_tools/images/next.gif HTTP/1.1" 404 1086
116.235.222.38 - - [15/Jun/2021:09:08:04 +0800] "GET /xingrg/kc/buy/cgsh_order_operate.html?command=get_materiel&rest_code=00107&code=00101008169&supplier_code=00100006&order_time=2021-06-15 HTTP/1.1" 200 412
120.253.135.82 - - [15/Jun/2021:09:08:09 +0800] "GET /xingrg/all/function/internal_message.html?_=1623719309738&CODE_STATE=getMsg HTTP/1.1" 200 27
116.224.253.72 - - [15/Jun/2021:09:08:09 +0800] "GET /xingrg/all/function/internal_message.html?_=1623719286457&CODE_STATE=getMsg HTTP/1.1" 200 27
222.69.130.90 - - [15/Jun/2021:09:08:10 +0800] "GET /xingrg/kc/buy/cgsh_order_operate.html?command=get_materiel&rest_code=00149&code=00101008356&supplier_code=00100005&order_time=2021-06-15 HTTP/1.1" 200 408
222.70.177.90 - - [15/Jun/2021:09:08:13 +0800] "GET /xingrg/kc/buy/cgsh_order_operate.html?command=get_materiel&rest_code=00111&code=00101008096&supplier_code=00100005&order_time=2021-06-15 HTTP/1.1" 200 412
116.230.117.165 - - [15/Jun/2021:09:08:13 +0800] "GET /xingrg/kc/buy/cgsh_order_operate.html?command=get_materiel&rest_code=00146&code=00101008417&supplier_code=00100005&order_time=2021-06-15 HTTP/1.1" 200 394
116.230.117.165 - - [15/Jun/2021:09:08:15 +0800] "GET /xingrg/all/function/internal_message.html?_=1623719297878&CODE_STATE=getMsg HTTP/1.1" 200 27
116.235.222.38 - - [15/Jun/2021:09:08:19 +0800] "GET /xingrg/kc/buy/cgsh_order_operate.html?command=get_materiel&rest_code=00107&code=00101008213&supplier_code=00100006&order_time=2021-06-15 HTTP/1.1" 200 412
180.169.147.146 - - [15/Jun/2021:09:08:20 +0800] "GET /xingrg/check_reg.html?_=1623719298237 HTTP/1.1" 200 22
180.169.147.146 - - [15/Jun/2021:09:08:20 +0800] "GET /xingrg/all/function/internal_message.html?_=1623719298239&CODE_STATE=getMsg HTTP/1.1" 200 27
180.169.147.146 - - [15/Jun/2021:09:08:24 +0800] "GET /xingrg/system/info/materiel_manager.html HTTP/1.1" 200 19497
180.169.147.146 - - [15/Jun/2021:09:08:24 +0800] "GET /xingrg/css/xtree.css HTTP/1.1" 200 880
180.169.147.146 - - [15/Jun/2021:09:08:24 +0800] "GET /xingrg/javascript/jquery_ui/themes/base/base.css HTTP/1.1" 200 28568
180.169.147.146 - - [15/Jun/2021:09:08:24 +0800] "GET /xingrg/dwr/interface/AjaxBaseInfoService.js HTTP/1.1" 200 21363
180.169.147.146 - - [15/Jun/2021:09:08:24 +0800] "GET /xingrg/dwr/interface/AjaxComOrderService.js HTTP/1.1" 200 18264
180.169.147.146 - - [15/Jun/2021:09:08:24 +0800] "GET /xingrg/dwr/engine.js HTTP/1.1" 200 43631
180.169.147.146 - - [15/Jun/2021:09:08:24 +0800] "GET /xingrg/javascript/xtree.js HTTP/1.1" 200 26582
180.169.147.146 - - [15/Jun/2021:09:08:24 +0800] "GET /xingrg/images/xtree/openfoldericon.png HTTP/1.1" 200 232
180.169.147.146 - - [15/Jun/2021:09:08:24 +0800] "GET /xingrg/javascript/jquery_easy_ui/themes/icons/print_new.png HTTP/1.1" 200 3580
180.169.147.146 - - [15/Jun/2021:09:08:24 +0800] "GET /xingrg/javascript/jquery_easy_ui/themes/icons/import_new.png HTTP/1.1" 200 1247
180.169.147.146 - - [15/Jun/2021:09:08:24 +0800] "POST /xingrg/dwr/call/plaincall/AjaxBaseInfoService.getSubMaterielSorts.dwr HTTP/1.1" 200 219
180.169.147.146 - - [15/Jun/2021:09:08:24 +0800] "GET /xingrg/images/xtree/foldericon.png HTTP/1.1" 200 229
180.169.147.146 - - [15/Jun/2021:09:08:24 +0800] "GET /xingrg/images/xtree/Tplus.png HTTP/1.1" 200 222
180.169.147.146 - - [15/Jun/2021:09:08:24 +0800] "GET /xingrg/images/xtree/Lplus.png HTTP/1.1" 200 224
180.169.147.146 - - [15/Jun/2021:09:08:24 +0800] "POST /xingrg/dwr/call/plaincall/AjaxBaseInfoService.getMateriels.dwr HTTP/1.1" 200 2929
116.224.253.72 - - [15/Jun/2021:09:08:27 +0800] "POST /xingrg/kc/buy/cgsh_order_operate.html HTTP/1.1" 200 37
222.69.130.90 - - [15/Jun/2021:09:08:27 +0800] "GET /xingrg/kc/buy/cgsh_order_operate.html?command=get_materiel&rest_code=00149&code=00101008300&supplier_code=00100005&order_time=2021-06-15 HTTP/1.1" 200 412
222.69.130.90 - - [15/Jun/2021:09:08:27 +0800] "POST /xingrg/services/DataTransmitService HTTP/1.1" 200 501
222.69.130.90 - - [15/Jun/2021:09:08:28 +0800] "POST /xingrg/services/DataTransmitService HTTP/1.1" 200 501
180.169.147.146 - - [15/Jun/2021:09:08:29 +0800] "POST /xingrg/dwr/call/plaincall/AjaxBaseInfoService.searchMateriels.dwr HTTP/1.1" 200 519
116.224.253.72 - - [15/Jun/2021:09:08:29 +0800] "POST /xingrg/kc/buy/cgsh_order_operate.html HTTP/1.1" 200 12
116.224.253.72 - - [15/Jun/2021:09:08:30 +0800] "GET /xingrg/kc/buy/cgsh_order_info.html?code=212021061506723 HTTP/1.1" 200 57000
180.161.111.4 - - [15/Jun/2021:09:08:31 +0800] "GET /xingrg/all/function/internal_message.html?_=1623719273779&CODE_STATE=getMsg HTTP/1.1" 200 27
116.230.117.165 - - [15/Jun/2021:09:08:31 +0800] "GET /xingrg/kc/buy/cgsh_order_operate.html?command=get_materiel&rest_code=00146&code=00101008210&supplier_code=00100005&order_time=2021-06-15 HTTP/1.1" 200 408
116.224.253.72 - - [15/Jun/2021:09:08:31 +0800] "GET /xingrg/javascript/easyui/themes/default/validatebox.css HTTP/1.1" 404 1104
116.235.222.38 - - [15/Jun/2021:09:08:31 +0800] "GET /xingrg/kc/buy/cgsh_order_operate.html?command=get_materiel&rest_code=00107&code=00101008291&supplier_code=00100006&order_time=2021-06-15 HTTP/1.1" 200 408
116.224.253.72 - - [15/Jun/2021:09:08:31 +0800] "POST /xingrg/kc/buy/cgsh_order_operate.html HTTP/1.1" 200 3003
116.224.253.72 - - [15/Jun/2021:09:08:33 +0800] "GET /xingrg/kc/print/load_data.html?order_code=212021061506723&kc_code=cgsh&condition= HTTP/1.1" 200 1606
222.69.130.90 - - [15/Jun/2021:09:08:36 +0800] "GET /xingrg/kc/buy/cgsh_order_operate.html?command=get_materiel&rest_code=00149&code=00101008439&supplier_code=00100005&order_time=2021-06-15 HTTP/1.1" 200 399
222.70.177.90 - - [15/Jun/2021:09:08:38 +0800] "GET /xingrg/all/function/internal_message.html?_=1623719314638&CODE_STATE=getMsg HTTP/1.1" 200 27
116.224.253.72 - - [15/Jun/2021:09:08:39 +0800] "GET /xingrg/all/function/internal_message.html?_=1623719307700&CODE_STATE=getMsg HTTP/1.1" 200 27
117.185.32.26 - - [15/Jun/2021:09:08:39 +0800] "GET /xingrg/all/function/internal_message.html?_=1623719847401&CODE_STATE=getMsg HTTP/1.1" 200 27
222.69.130.90 - - [15/Jun/2021:09:08:40 +0800] "POST /xingrg/kc/buy/cgsh_order_operate.html HTTP/1.1" 200 2065
116.235.222.38 - - [15/Jun/2021:09:08:41 +0800] "GET /xingrg/all/function/internal_message.html?_=1623719317701&CODE_STATE=getMsg HTTP/1.1" 200 27
222.69.130.90 - - [15/Jun/2021:09:08:42 +0800] "GET /xingrg/all/function/internal_message.html?_=1623719319007&CODE_STATE=getMsg HTTP/1.1" 200 27
116.230.117.165 - - [15/Jun/2021:09:08:42 +0800] "GET /xingrg/kc/buy/cgsh_order_operate.html?command=get_materiel&rest_code=00146&code=00101008332&supplier_code=00100005&order_time=2021-06-15 HTTP/1.1" 200 412
222.69.130.90 - - [15/Jun/2021:09:08:44 +0800] "POST /xingrg/services/DataTransmitService HTTP/1.1" 200 501
222.69.130.90 - - [15/Jun/2021:09:08:45 +0800] "GET /xingrg/kc/buy/cgsh_order_operate.html?command=get_materiel&rest_code=00149&code=00101008137&supplier_code=00100005&order_time=2021-06-15 HTTP/1.1" 200 408
117.185.32.26 - - [15/Jun/2021:09:08:52 +0800] "GET /xingrg/kc/buy/buy_main.html HTTP/1.1" 200 12412
117.185.32.26 - - [15/Jun/2021:09:08:52 +0800] "GET /xingrg/css/new_ie.css HTTP/1.1" 404 1036
116.230.117.165 - - [15/Jun/2021:09:08:53 +0800] "GET /xingrg/kc/buy/cgsh_order_operate.html?command=get_materiel&rest_code=00146&code=00101008239&supplier_code=00100005&order_time=2021-06-15 HTTP/1.1" 200 416
58.221.95.50 - - [15/Jun/2021:09:08:53 +0800] "GET /xingrg/check_reg.html?_=1623719332518 HTTP/1.1" 302 -
222.69.130.90 - - [15/Jun/2021:09:09:01 +0800] "POST /xingrg/services/DataTransmitService HTTP/1.1" 200 501
117.185.32.26 - - [15/Jun/2021:09:09:02 +0800] "GET /xingrg/check_reg.html?_=1623719869990 HTTP/1.1" 200 22
222.69.130.90 - - [15/Jun/2021:09:09:04 +0800] "GET /xingrg/kc/buy/cgsh_order_operate.html?command=get_materiel&rest_code=00149&code=00101008059&supplier_code=00100005&order_time=2021-06-15 HTTP/1.1" 200 408
222.69.130.90 - - [15/Jun/2021:09:09:04 +0800] "POST /xingrg/services/DataTransmitService HTTP/1.1" 200 501
222.69.130.90 - - [15/Jun/2021:09:09:04 +0800] "POST /xingrg/services/DataTransmitService HTTP/1.1" 200 501
116.233.72.58 - - [15/Jun/2021:09:09:06 +0800] "GET /xingrg/login.html HTTP/1.1" 200 7641
116.233.72.58 - - [15/Jun/2021:09:09:06 +0800] "GET /xingrg/images/blue/jxLogo.png HTTP/1.1" 200 6156
116.233.72.58 - - [15/Jun/2021:09:09:06 +0800] "GET /xingrg/images/blue/hj.png HTTP/1.1" 200 1014
116.233.72.58 - - [15/Jun/2021:09:09:06 +0800] "GET /xingrg/images/blue/login_bg.png HTTP/1.1" 200 22101
116.233.72.58 - - [15/Jun/2021:09:09:06 +0800] "GET /xingrg/images/blue/srbg.png HTTP/1.1" 200 138
116.233.72.58 - - [15/Jun/2021:09:09:06 +0800] "GET /favicon.ico HTTP/1.1" 404 -
120.253.135.82 - - [15/Jun/2021:09:09:09 +0800] "GET /xingrg/all/function/internal_message.html?_=1623719369747&CODE_STATE=getMsg HTTP/1.1" 200 27
116.224.253.72 - - [15/Jun/2021:09:09:09 +0800] "GET /xingrg/all/function/internal_message.html?_=1623719346460&CODE_STATE=getMsg HTTP/1.1" 200 27
116.224.253.72 - - [15/Jun/2021:09:09:10 +0800] "GET /xingrg/javascript/auto/indicator.gif HTTP/1.1" 404 1066
222.69.130.90 - - [15/Jun/2021:09:09:11 +0800] "POST /xingrg/services/DataTransmitService HTTP/1.1" 200 501
222.69.130.90 - - [15/Jun/2021:09:09:12 +0800] "POST /xingrg/services/DataTransmitService HTTP/1.1" 200 501
222.69.130.90 - - [15/Jun/2021:09:09:13 +0800] "POST /xingrg/services/DataTransmitService HTTP/1.1" 200 501
222.69.130.90 - - [15/Jun/2021:09:09:14 +0800] "GET /xingrg/kc/buy/cgsh_order_operate.html?command=get_materiel&rest_code=00149&code=00101008223&supplier_code=00100005&order_time=2021-06-15 HTTP/1.1" 200 412
116.224.253.72 - - [15/Jun/2021:09:09:14 +0800] "GET /xingrg/kc/buy/cgsh_order_operate.html?command=get_materiel&rest_code=00150&code=00101008132&supplier_code=00100007&order_time=2021-06-15 HTTP/1.1" 200 408
116.230.117.165 - - [15/Jun/2021:09:09:15 +0800] "GET /xingrg/all/function/internal_message.html?_=1623719357891&CODE_STATE=getMsg HTTP/1.1" 200 27
222.69.130.90 - - [15/Jun/2021:09:09:15 +0800] "POST /xingrg/services/DataTransmitService HTTP/1.1" 200 412
116.235.222.38 - - [15/Jun/2021:09:09:17 +0800] "POST /xingrg/kc/buy/cgsh_order_operate.html HTTP/1.1" 200 2065
180.169.147.146 - - [15/Jun/2021:09:09:20 +0800] "GET /xingrg/all/function/internal_message.html?_=1623719358238&CODE_STATE=getMsg HTTP/1.1" 200 27
116.233.72.58 - - [15/Jun/2021:09:09:21 +0800] "POST /xingrg/login.do HTTP/1.1" 302 -
116.233.72.58 - - [15/Jun/2021:09:09:21 +0800] "GET /xingrg/index.html?sysBaseUrl=http%3A%2F%2F180.169.147.146%3A18081%2Fxingrg%2F&costTime=53×tamp=1623719361858 HTTP/1.1" 200 17173
116.233.72.58 - - [15/Jun/2021:09:09:21 +0800] "GET /xingrg/javascript/jquery_easy_ui/themes/icon.css HTTP/1.1" 200 3949
116.233.72.58 - - [15/Jun/2021:09:09:21 +0800] "GET /xingrg/css/form.css HTTP/1.1" 200 893
116.233.72.58 - - [15/Jun/2021:09:09:21 +0800] "GET /xingrg/javascript/jquery-1.4.2.min.js HTTP/1.1" 200 72205
116.233.72.58 - - [15/Jun/2021:09:09:21 +0800] "GET /xingrg/javascript/jquery_easy_ui/jquery.easyui.min.js HTTP/1.1" 200 213662
116.233.72.58 - - [15/Jun/2021:09:09:21 +0800] "GET /xingrg/javascript/jquery_easy_ui/easyui-lang-zh_CN.js HTTP/1.1" 200 1900
116.233.72.58 - - [15/Jun/2021:09:09:21 +0800] "GET /xingrg/javascript/jquery_easy_ui/themes/default/easyui.css HTTP/1.1" 200 26500
116.233.72.58 - - [15/Jun/2021:09:09:21 +0800] "GET /xingrg/javascript/jquery.form.js HTTP/1.1" 200 23110
116.233.72.58 - - [15/Jun/2021:09:09:21 +0800] "GET /xingrg/javascript/jquery.timers.js HTTP/1.1" 200 3532
116.233.72.58 - - [15/Jun/2021:09:09:21 +0800] "GET /xingrg/javascript/jquery.utils.js HTTP/1.1" 200 11805
116.233.72.58 - - [15/Jun/2021:09:09:21 +0800] "GET /xingrg/javascript/jquery_easy_ui/themes/icons/settle_new.png HTTP/1.1" 200 826
116.233.72.58 - - [15/Jun/2021:09:09:21 +0800] "GET /xingrg/images/blue/navBackgound.jpg HTTP/1.1" 200 12378
116.233.72.58 - - [15/Jun/2021:09:09:22 +0800] "GET /xingrg/images/blue/pingpu.png HTTP/1.1" 200 231
116.233.72.58 - - [15/Jun/2021:09:09:22 +0800] "GET /xingrg/javascript/jquery_easy_ui/themes/default/images/tabs_leftarrow.png HTTP/1.1" 200 389
116.233.72.58 - - [15/Jun/2021:09:09:22 +0800] "GET /xingrg/javascript/jquery_easy_ui/themes/default/images/tabs_rightarrow.png HTTP/1.1" 200 395
116.233.72.58 - - [15/Jun/2021:09:09:22 +0800] "GET /xingrg/javascript/jquery_easy_ui/themes/default/images/panel_tool_collapse.gif HTTP/1.1" 200 246
116.233.72.58 - - [15/Jun/2021:09:09:22 +0800] "POST /xingrg/all/common/load_tree.html?tree=area_rest_tree_json&manage=1 HTTP/1.1" 200 342
116.233.72.58 - - [15/Jun/2021:09:09:22 +0800] "GET /xingrg/all/function/internal_message.html?_=1623719360524&CODE_STATE=count HTTP/1.1" 200 11
116.233.72.58 - - [15/Jun/2021:09:09:22 +0800] "GET /xingrg/check_reg.html?_=1623719360524 HTTP/1.1" 200 22
116.233.72.58 - - [15/Jun/2021:09:09:22 +0800] "POST /xingrg/load_menu.html HTTP/1.1" 200 5138
116.233.72.58 - - [15/Jun/2021:09:09:22 +0800] "GET /xingrg/javascript/jquery_easy_ui/themes/default/images/tree_folder_open.gif HTTP/1.1" 200 956
116.233.72.58 - - [15/Jun/2021:09:09:22 +0800] "GET /xingrg/javascript/jquery_easy_ui/themes/default/images/tree_arrows.gif HTTP/1.1" 200 1043
116.233.72.58 - - [15/Jun/2021:09:09:22 +0800] "GET /xingrg/javascript/jquery_easy_ui/themes/icons/search_new.png HTTP/1.1" 200 586
116.233.72.58 - - [15/Jun/2021:09:09:22 +0800] "GET /xingrg/javascript/jquery_easy_ui/themes/default/images/tree_folder.gif HTTP/1.1" 200 952
116.233.72.58 - - [15/Jun/2021:09:09:22 +0800] "GET /xingrg/javascript/jquery_easy_ui/themes/icons/forms_new.png HTTP/1.1" 200 350
116.233.72.58 - - [15/Jun/2021:09:09:22 +0800] "GET /xingrg/javascript/jquery_easy_ui/themes/icons/storage_new.png HTTP/1.1" 200 853
116.233.72.58 - - [15/Jun/2021:09:09:23 +0800] "GET /xingrg/javascript/jquery_easy_ui/themes/default/images/tabs_close.gif HTTP/1.1" 200 829
116.233.72.58 - - [15/Jun/2021:09:09:23 +0800] "GET /xingrg/kc/base/base_main.html HTTP/1.1" 200 12142
116.233.72.58 - - [15/Jun/2021:09:09:23 +0800] "GET /xingrg/javascript/pic_change.js HTTP/1.1" 200 4739
116.233.72.58 - - [15/Jun/2021:09:09:23 +0800] "GET /xingrg/images/blue/button/wlsy.gif HTTP/1.1" 200 2536
116.233.72.58 - - [15/Jun/2021:09:09:23 +0800] "GET /xingrg/images/blue/button/ckpd.gif HTTP/1.1" 200 2051
116.233.72.58 - - [15/Jun/2021:09:09:23 +0800] "GET /xingrg/css/blue.css HTTP/1.1" 200 15949
116.233.72.58 - - [15/Jun/2021:09:09:23 +0800] "GET /xingrg/images/blue/button/kc.gif HTTP/1.1" 200 2160
116.233.72.58 - - [15/Jun/2021:09:09:23 +0800] "GET /xingrg/images/blue/button/ckdb.gif HTTP/1.1" 200 1950
116.233.72.58 - - [15/Jun/2021:09:09:23 +0800] "GET /xingrg/javascript/myfunction.js HTTP/1.1" 200 24559
116.233.72.58 - - [15/Jun/2021:09:09:23 +0800] "GET /xingrg/images/blue/button/yddb.gif HTTP/1.1" 200 2040
116.233.72.58 - - [15/Jun/2021:09:09:23 +0800] "GET /xingrg/images/blue/pic_form2.gif HTTP/1.1" 200 1853
116.233.72.58 - - [15/Jun/2021:09:09:23 +0800] "GET /xingrg/images/blue/button/bottom_left.jpg HTTP/1.1" 200 1524
116.233.72.58 - - [15/Jun/2021:09:09:23 +0800] "GET /xingrg/images/blue/button/down.jpg HTTP/1.1" 200 1560
116.233.72.58 - - [15/Jun/2021:09:09:23 +0800] "GET /xingrg/images/blue/button/right_ah.jpg HTTP/1.1" 200 1744
116.233.72.58 - - [15/Jun/2021:09:09:23 +0800] "GET /xingrg/images/blue/button/top_left.jpg HTTP/1.1" 200 1632
116.233.72.58 - - [15/Jun/2021:09:09:23 +0800] "GET /xingrg/images/blue/button/top_right.jpg HTTP/1.1" 200 1708
116.233.72.58 - - [15/Jun/2021:09:09:23 +0800] "GET /xingrg/images/blue/button/left_ah.jpg HTTP/1.1" 200 1643
116.233.72.58 - - [15/Jun/2021:09:09:23 +0800] "GET /xingrg/images/blue/bg_dotted.jpg HTTP/1.1" 200 319
116.233.72.58 - - [15/Jun/2021:09:09:23 +0800] "GET /xingrg/images/blue/button/bottom_right.jpg HTTP/1.1" 200 1436
116.233.72.58 - - [15/Jun/2021:09:09:25 +0800] "GET /xingrg/index.html?sysBaseUrl=http%3A%2F%2F180.169.147.146%3A18081%2Fxingrg%2F&costTime=53×tamp=1623719361858 HTTP/1.1" 200 17173
116.233.72.58 - - [15/Jun/2021:09:09:25 +0800] "GET /xingrg/javascript/jquery-1.4.2.min.js HTTP/1.1" 200 72205
116.233.72.58 - - [15/Jun/2021:09:09:25 +0800] "GET /xingrg/javascript/jquery_easy_ui/themes/icon.css HTTP/1.1" 200 3949
116.233.72.58 - - [15/Jun/2021:09:09:25 +0800] "GET /xingrg/css/form.css HTTP/1.1" 200 893
116.233.72.58 - - [15/Jun/2021:09:09:25 +0800] "GET /xingrg/javascript/jquery_easy_ui/easyui-lang-zh_CN.js HTTP/1.1" 200 1900
116.233.72.58 - - [15/Jun/2021:09:09:25 +0800] "GET /xingrg/javascript/jquery_easy_ui/jquery.easyui.min.js HTTP/1.1" 200 213662
116.233.72.58 - - [15/Jun/2021:09:09:25 +0800] "GET /xingrg/javascript/jquery.timers.js HTTP/1.1" 200 3532
116.233.72.58 - - [15/Jun/2021:09:09:25 +0800] "GET /xingrg/javascript/jquery_easy_ui/themes/default/easyui.css HTTP/1.1" 200 26500
116.233.72.58 - - [15/Jun/2021:09:09:25 +0800] "GET /xingrg/images/blue/jxLogo.png HTTP/1.1" 200 6156
116.233.72.58 - - [15/Jun/2021:09:09:25 +0800] "GET /xingrg/javascript/jquery.utils.js HTTP/1.1" 200 11805
116.233.72.58 - - [15/Jun/2021:09:09:25 +0800] "GET /xingrg/javascript/jquery.form.js HTTP/1.1" 200 23110
116.233.72.58 - - [15/Jun/2021:09:09:26 +0800] "POST /xingrg/all/common/load_tree.html?tree=area_rest_tree_json&manage=1 HTTP/1.1" 200 342
116.233.72.58 - - [15/Jun/2021:09:09:26 +0800] "GET /xingrg/all/function/internal_message.html?_=1623719364540&CODE_STATE=count HTTP/1.1" 200 11
116.233.72.58 - - [15/Jun/2021:09:09:26 +0800] "GET /xingrg/check_reg.html?_=1623719364540 HTTP/1.1" 200 22
116.233.72.58 - - [15/Jun/2021:09:09:26 +0800] "GET /xingrg/images/blue/pingpu.png HTTP/1.1" 200 231
116.233.72.58 - - [15/Jun/2021:09:09:26 +0800] "GET /xingrg/javascript/jquery_easy_ui/themes/icons/settle_new.png HTTP/1.1" 200 826
116.233.72.58 - - [15/Jun/2021:09:09:26 +0800] "GET /xingrg/javascript/jquery_easy_ui/themes/default/images/tabs_leftarrow.png HTTP/1.1" 200 389
116.233.72.58 - - [15/Jun/2021:09:09:26 +0800] "GET /xingrg/javascript/jquery_easy_ui/themes/default/images/tabs_rightarrow.png HTTP/1.1" 200 395
116.233.72.58 - - [15/Jun/2021:09:09:26 +0800] "GET /xingrg/javascript/jquery_easy_ui/themes/default/images/panel_tool_collapse.gif HTTP/1.1" 200 246
116.233.72.58 - - [15/Jun/2021:09:09:26 +0800] "GET /xingrg/images/blue/navBackgound.jpg HTTP/1.1" 200 12378
116.233.72.58 - - [15/Jun/2021:09:09:26 +0800] "GET /xingrg/javascript/jquery_easy_ui/themes/default/images/tree_arrows.gif HTTP/1.1" 200 1043
116.233.72.58 - - [15/Jun/2021:09:09:26 +0800] "GET /xingrg/javascript/jquery_easy_ui/themes/default/images/tree_folder_open.gif HTTP/1.1" 200 956
116.233.72.58 - - [15/Jun/2021:09:09:26 +0800] "GET /xingrg/javascript/jquery_easy_ui/themes/icons/area.png HTTP/1.1" 200 262
116.233.72.58 - - [15/Jun/2021:09:09:26 +0800] "GET /xingrg/javascript/jquery_easy_ui/themes/icons/rest.png HTTP/1.1" 200 695
116.233.72.58 - - [15/Jun/2021:09:09:26 +0800] "POST /xingrg/load_menu.html HTTP/1.1" 200 5138
116.233.72.58 - - [15/Jun/2021:09:09:26 +0800] "GET /xingrg/javascript/jquery_easy_ui/themes/default/images/tree_folder.gif HTTP/1.1" 200 952
116.233.72.58 - - [15/Jun/2021:09:09:26 +0800] "GET /xingrg/javascript/jquery_easy_ui/themes/icons/search_new.png HTTP/1.1" 200 586
116.233.72.58 - - [15/Jun/2021:09:09:26 +0800] "GET /xingrg/javascript/jquery_easy_ui/themes/icons/forms_new.png HTTP/1.1" 200 350
116.233.72.58 - - [15/Jun/2021:09:09:26 +0800] "GET /xingrg/javascript/jquery_easy_ui/themes/icons/storage_new.png HTTP/1.1" 200 853
116.233.72.58 - - [15/Jun/2021:09:09:26 +0800] "GET /xingrg/javascript/jquery_easy_ui/themes/default/images/tree_file.gif HTTP/1.1" 200 118
116.235.222.38 - - [15/Jun/2021:09:09:26 +0800] "GET /xingrg/kc/buy/cgsh_order_operate.html?command=get_materiel&rest_code=00107&code=00101009066&supplier_code=00100006&order_time=2021-06-15 HTTP/1.1" 200 416
116.224.253.72 - - [15/Jun/2021:09:09:26 +0800] "GET /xingrg/kc/buy/cgsh_order_operate.html?command=get_materiel&rest_code=00150&code=00101008300&supplier_code=00100007&order_time=2021-06-15 HTTP/1.1" 200 412
116.233.72.58 - - [15/Jun/2021:09:09:28 +0800] "GET /xingrg/index.html?sysBaseUrl=http%3A%2F%2F180.169.147.146%3A18081%2Fxingrg%2F&costTime=53×tamp=1623719361858 HTTP/1.1" 200 17173
116.233.72.58 - - [15/Jun/2021:09:09:28 +0800] "POST /xingrg/all/common/load_tree.html?tree=area_rest_tree_json&manage=1 HTTP/1.1" 200 342
116.233.72.58 - - [15/Jun/2021:09:09:28 +0800] "GET /xingrg/check_reg.html?_=1623719367048 HTTP/1.1" 200 22
116.233.72.58 - - [15/Jun/2021:09:09:28 +0800] "GET /xingrg/all/function/internal_message.html?_=1623719367048&CODE_STATE=count HTTP/1.1" 200 11
116.233.72.58 - - [15/Jun/2021:09:09:28 +0800] "POST /xingrg/load_menu.html HTTP/1.1" 200 5138
116.233.72.58 - - [15/Jun/2021:09:09:29 +0800] "GET /xingrg/kc/base/base_main.html HTTP/1.1" 200 12142
116.233.72.58 - - [15/Jun/2021:09:09:29 +0800] "GET /xingrg/javascript/jquery_easy_ui/themes/default/images/tabs_close.gif HTTP/1.1" 200 829
116.233.72.58 - - [15/Jun/2021:09:09:29 +0800] "GET /xingrg/javascript/pic_change.js HTTP/1.1" 200 4739
116.233.72.58 - - [15/Jun/2021:09:09:29 +0800] "GET /xingrg/css/blue.css HTTP/1.1" 200 15949
116.233.72.58 - - [15/Jun/2021:09:09:29 +0800] "GET /xingrg/images/blue/button/wlsy.gif HTTP/1.1" 200 2536
116.233.72.58 - - [15/Jun/2021:09:09:29 +0800] "GET /xingrg/images/blue/pic_form2.gif HTTP/1.1" 200 1853
116.233.72.58 - - [15/Jun/2021:09:09:29 +0800] "GET /xingrg/images/blue/button/kc.gif HTTP/1.1" 200 2160
116.233.72.58 - - [15/Jun/2021:09:09:29 +0800] "GET /xingrg/images/blue/button/ckdb.gif HTTP/1.1" 200 1950
116.233.72.58 - - [15/Jun/2021:09:09:29 +0800] "GET /xingrg/images/blue/button/yddb.gif HTTP/1.1" 200 2040
116.233.72.58 - - [15/Jun/2021:09:09:29 +0800] "GET /xingrg/images/blue/button/ckpd.gif HTTP/1.1" 200 2051
116.233.72.58 - - [15/Jun/2021:09:09:29 +0800] "GET /xingrg/javascript/myfunction.js HTTP/1.1" 200 24559
116.233.72.58 - - [15/Jun/2021:09:09:29 +0800] "GET /xingrg/images/blue/bg_dotted.jpg HTTP/1.1" 200 319
116.233.72.58 - - [15/Jun/2021:09:09:29 +0800] "GET /xingrg/images/blue/button/top_left.jpg HTTP/1.1" 200 1632
116.233.72.58 - - [15/Jun/2021:09:09:29 +0800] "GET /xingrg/images/blue/button/top_right.jpg HTTP/1.1" 200 1708
116.233.72.58 - - [15/Jun/2021:09:09:29 +0800] "GET /xingrg/images/blue/button/right_ah.jpg HTTP/1.1" 200 1744
116.233.72.58 - - [15/Jun/2021:09:09:29 +0800] "GET /xingrg/images/blue/button/down.jpg HTTP/1.1" 200 1560
116.233.72.58 - - [15/Jun/2021:09:09:29 +0800] "GET /xingrg/images/blue/button/bottom_right.jpg HTTP/1.1" 200 1436
116.233.72.58 - - [15/Jun/2021:09:09:29 +0800] "GET /xingrg/images/blue/button/left_ah.jpg HTTP/1.1" 200 1643
116.233.72.58 - - [15/Jun/2021:09:09:29 +0800] "GET /xingrg/images/blue/button/bottom_left.jpg HTTP/1.1" 200 1524
116.233.72.58 - - [15/Jun/2021:09:09:30 +0800] "GET /xingrg/css/site.css HTTP/1.1" 200 7541
116.233.72.58 - - [15/Jun/2021:09:09:30 +0800] "GET /xingrg/css/base.css HTTP/1.1" 200 2811
116.233.72.58 - - [15/Jun/2021:09:09:30 +0800] "GET /xingrg/javascript/jquery_tools/datebox.css HTTP/1.1" 200 2597
116.233.72.58 - - [15/Jun/2021:09:09:30 +0800] "GET /xingrg/javascript/easyui/themes/icon.css HTTP/1.1" 200 4483
116.233.72.58 - - [15/Jun/2021:09:09:30 +0800] "GET /xingrg/kc/base/yddb_order_list.html HTTP/1.1" 200 16666
116.233.72.58 - - [15/Jun/2021:09:09:30 +0800] "GET /xingrg/javascript/auto/jquery.autocomplete.css HTTP/1.1" 200 587
116.233.72.58 - - [15/Jun/2021:09:09:30 +0800] "GET /xingrg/javascript/jquery_tools/fix.css HTTP/1.1" 200 1702
116.233.72.58 - - [15/Jun/2021:09:09:30 +0800] "GET /xingrg/javascript/jquery_tools/jquery.tools.hotkey.js HTTP/1.1" 200 3242
116.233.72.58 - - [15/Jun/2021:09:09:30 +0800] "GET /xingrg/javascript/jquery_tools/table.css HTTP/1.1" 200 1032
116.233.72.58 - - [15/Jun/2021:09:09:30 +0800] "GET /xingrg/javascript/jquery_tools/jquery.tools.table.js HTTP/1.1" 200 6994
116.233.72.58 - - [15/Jun/2021:09:09:30 +0800] "GET /xingrg/javascript/jquery_tools/jquery.tools.min.js HTTP/1.1" 200 138801
116.233.72.58 - - [15/Jun/2021:09:09:30 +0800] "GET /xingrg/javascript/jquery_tools/list_manager.js HTTP/1.1" 200 3652
116.233.72.58 - - [15/Jun/2021:09:09:30 +0800] "GET /xingrg/javascript/easyui/themes/default/easyui.css HTTP/1.1" 200 30432
116.233.72.58 - - [15/Jun/2021:09:09:30 +0800] "GET /xingrg/javascript/easyui/easyloader.js HTTP/1.1" 200 5975
116.233.72.58 - - [15/Jun/2021:09:09:30 +0800] "GET /xingrg/javascript/jquery.cookie.js HTTP/1.1" 200 5513
116.233.72.58 - - [15/Jun/2021:09:09:30 +0800] "GET /xingrg/javascript/jquery_tools/jquery.tools.extend.js HTTP/1.1" 200 15385
116.233.72.58 - - [15/Jun/2021:09:09:30 +0800] "GET /xingrg/javascript/print/LodopFuncs.js HTTP/1.1" 200 5121
116.233.72.58 - - [15/Jun/2021:09:09:30 +0800] "GET /xingrg/javascript/auto/jquery.autocomplete.js HTTP/1.1" 200 21624
116.233.72.58 - - [15/Jun/2021:09:09:30 +0800] "GET /xingrg/javascript/easyui/themes/icons/edit_add_new.png HTTP/1.1" 200 2997
116.233.72.58 - - [15/Jun/2021:09:09:30 +0800] "GET /xingrg/javascript/easyui/themes/icons/import_new.png HTTP/1.1" 200 1247
116.233.72.58 - - [15/Jun/2021:09:09:30 +0800] "GET /xingrg/javascript/easyui/themes/icons/field_new.png HTTP/1.1" 200 1097
116.233.72.58 - - [15/Jun/2021:09:09:30 +0800] "GET /xingrg/javascript/easyui/plugins/jquery.parser.js HTTP/1.1" 200 1142
116.233.72.58 - - [15/Jun/2021:09:09:30 +0800] "GET /xingrg/images/control/ajaxLoader.gif HTTP/1.1" 200 4659
116.233.72.58 - - [15/Jun/2021:09:09:30 +0800] "POST /xingrg/kc/base/yddb_list_operate.html HTTP/1.1" 200 636
180.161.111.4 - - [15/Jun/2021:09:09:30 +0800] "GET /xingrg/check_reg.html?_=1623719333552 HTTP/1.1" 200 22
180.161.111.4 - - [15/Jun/2021:09:09:31 +0800] "GET /xingrg/all/function/internal_message.html?_=1623719333792&CODE_STATE=getMsg HTTP/1.1" 200 27
116.233.72.58 - - [15/Jun/2021:09:09:33 +0800] "POST /xingrg/kc/base/yddb_list_operate.html HTTP/1.1" 200 4276
116.233.72.58 - - [15/Jun/2021:09:09:34 +0800] "POST /xingrg/kc/base/yddb_list_operate.html HTTP/1.1" 200 622
222.69.130.90 - - [15/Jun/2021:09:09:34 +0800] "POST /xingrg/kc/buy/cgsh_order_operate.html HTTP/1.1" 200 37
116.233.72.58 - - [15/Jun/2021:09:09:36 +0800] "GET /xingrg/kc/base/base_main.html HTTP/1.1" 200 12142
116.224.253.72 - - [15/Jun/2021:09:09:37 +0800] "POST /xingrg/kc/buy/cgsh_order_operate.html HTTP/1.1" 200 37
222.70.177.90 - - [15/Jun/2021:09:09:38 +0800] "GET /xingrg/all/function/internal_message.html?_=1623719374613&CODE_STATE=getMsg HTTP/1.1" 200 27
116.230.117.165 - - [15/Jun/2021:09:09:38 +0800] "GET /xingrg/kc/buy/cgsh_order_operate.html?command=get_materiel&rest_code=00146&code=00101008017&supplier_code=00100005&order_time=2021-06-15 HTTP/1.1" 200 416
116.233.72.58 - - [15/Jun/2021:09:09:38 +0800] "GET /xingrg/kc/buy/buy_main.html HTTP/1.1" 200 12412
116.233.72.58 - - [15/Jun/2021:09:09:38 +0800] "GET /xingrg/css/new_ie.css HTTP/1.1" 404 1036
116.233.72.58 - - [15/Jun/2021:09:09:38 +0800] "GET /xingrg/javascript/ToolTips.js HTTP/1.1" 200 5615
116.233.72.58 - - [15/Jun/2021:09:09:38 +0800] "GET /xingrg/javascript/jquery_ui/jquery-ui.min.js HTTP/1.1" 200 186181
116.233.72.58 - - [15/Jun/2021:09:09:38 +0800] "GET /xingrg/images/blue/button/cgxqd.gif HTTP/1.1" 200 2619
116.233.72.58 - - [15/Jun/2021:09:09:38 +0800] "GET /xingrg/images/blue/button/cgydd.gif HTTP/1.1" 200 2712
116.233.72.58 - - [15/Jun/2021:09:09:38 +0800] "GET /xingrg/images/blue/button/cgshd.gif HTTP/1.1" 200 2618
116.233.72.58 - - [15/Jun/2021:09:09:38 +0800] "GET /xingrg/images/blue/button/cgfkd.gif HTTP/1.1" 200 2075
116.233.72.58 - - [15/Jun/2021:09:09:38 +0800] "GET /xingrg/javascript/jquery_ui/themes/humanity/humanity.css HTTP/1.1" 200 27801
116.233.72.58 - - [15/Jun/2021:09:09:38 +0800] "GET /xingrg/images/blue/button/ckthd.gif HTTP/1.1" 200 2045
116.233.72.58 - - [15/Jun/2021:09:09:38 +0800] "GET /xingrg/images/blue/button/down_ah.jpg HTTP/1.1" 200 1732
116.233.72.58 - - [15/Jun/2021:09:09:38 +0800] "GET /xingrg/javascript/jquery_ui/themes/humanity/images/ui-bg_inset-soft_100_f4f0ec_1x100.png HTTP/1.1" 200 141
116.233.72.58 - - [15/Jun/2021:09:09:38 +0800] "GET /xingrg/javascript/jquery_ui/themes/humanity/images/ui-icons_c47a23_256x240.png HTTP/1.1" 200 5355
116.233.72.58 - - [15/Jun/2021:09:09:38 +0800] "GET /xingrg/javascript/jquery_ui/themes/humanity/images/ui-iconsnew.jpg HTTP/1.1" 200 337
116.233.72.58 - - [15/Jun/2021:09:09:38 +0800] "GET /xingrg/javascript/jquery_ui/themes/humanity/images/ui-icons_ffffff_256x240.png HTTP/1.1" 200 4369
116.233.72.58 - - [15/Jun/2021:09:09:38 +0800] "GET /xingrg/javascript/jquery_ui/themes/humanity/images/ui-bg_glass_70_ede4d4_1x400.png HTTP/1.1" 200 161
116.233.72.58 - - [15/Jun/2021:09:09:38 +0800] "GET /xingrg/images/yd/bt.gif HTTP/1.1" 404 1040
116.233.72.58 - - [15/Jun/2021:09:09:39 +0800] "GET /xingrg/kc/buy/cgsh_order_list.html HTTP/1.1" 200 46728
116.233.72.58 - - [15/Jun/2021:09:09:39 +0800] "GET /xingrg/javascript/easyui/themes/icons/cance_new.png HTTP/1.1" 200 3986
116.233.72.58 - - [15/Jun/2021:09:09:39 +0800] "GET /xingrg/javascript/easyui/themes/icons/check_new.png HTTP/1.1" 200 3224
117.185.32.26 - - [15/Jun/2021:09:09:39 +0800] "GET /xingrg/all/function/internal_message.html?_=1623719907402&CODE_STATE=getMsg HTTP/1.1" 200 27
116.233.72.58 - - [15/Jun/2021:09:09:40 +0800] "POST /xingrg/kc/buy/cgsh_list_operate.html HTTP/1.1" 200 876
116.235.222.38 - - [15/Jun/2021:09:09:41 +0800] "GET /xingrg/all/function/internal_message.html?_=1623719377701&CODE_STATE=getMsg HTTP/1.1" 200 27
116.235.222.38 - - [15/Jun/2021:09:09:42 +0800] "GET /xingrg/kc/buy/cgsh_order_operate.html?command=get_materiel&rest_code=00107&code=00101009044&supplier_code=00100006&order_time=2021-06-15 HTTP/1.1" 200 412
116.233.72.58 - - [15/Jun/2021:09:09:43 +0800] "GET /xingrg/javascript/easyui/themes/default/images/button_plain_hover.png HTTP/1.1" 200 144
222.69.130.90 - - [15/Jun/2021:09:09:44 +0800] "GET /xingrg/all/function/internal_message.html?_=1623719380757&CODE_STATE=getMsg HTTP/1.1" 200 27
116.233.72.58 - - [15/Jun/2021:09:09:44 +0800] "GET /xingrg/kc/buy/cgsh_order_add.html HTTP/1.1" 200 62507
116.233.72.58 - - [15/Jun/2021:09:09:44 +0800] "GET /xingrg/javascript/convert.js HTTP/1.1" 200 1239
116.233.72.58 - - [15/Jun/2021:09:09:44 +0800] "GET /xingrg/javascript/jquery_tools/order_manager.js HTTP/1.1" 200 11183
116.233.72.58 - - [15/Jun/2021:09:09:44 +0800] "GET /xingrg/javascript/json2.js HTTP/1.1" 200 11259
116.233.72.58 - - [15/Jun/2021:09:09:44 +0800] "GET /xingrg/javascript/print/kc_print.js HTTP/1.1" 200 11415
116.233.72.58 - - [15/Jun/2021:09:09:44 +0800] "GET /xingrg/words/20210614101438_words.js HTTP/1.1" 200 821170
116.233.72.58 - - [15/Jun/2021:09:09:44 +0800] "GET /xingrg/javascript/easyui/themes/icons/copy_new.png HTTP/1.1" 200 815
116.233.72.58 - - [15/Jun/2021:09:09:44 +0800] "GET /xingrg/javascript/easyui/themes/icons/cancel.png HTTP/1.1" 200 1133
116.233.72.58 - - [15/Jun/2021:09:09:44 +0800] "GET /xingrg/javascript/easyui/themes/icons/ok.png HTTP/1.1" 200 883
116.233.72.58 - - [15/Jun/2021:09:09:44 +0800] "GET /xingrg/javascript/easyui/themes/default/images/menu_downarrow.png HTTP/1.1" 200 173
116.233.72.58 - - [15/Jun/2021:09:09:44 +0800] "GET /xingrg/javascript/easyui/themes/icons/print.png HTTP/1.1" 200 1057
116.233.72.58 - - [15/Jun/2021:09:09:44 +0800] "GET /xingrg/javascript/easyui/themes/icons/template_new.png HTTP/1.1" 200 3956
222.69.130.90 - - [15/Jun/2021:09:09:44 +0800] "POST /xingrg/kc/buy/cgsh_order_operate.html HTTP/1.1" 200 20989
116.233.72.58 - - [15/Jun/2021:09:09:44 +0800] "POST /xingrg/kc/buy/cgsh_order_operate.html HTTP/1.1" 200 8245
116.233.72.58 - - [15/Jun/2021:09:09:44 +0800] "GET /xingrg/javascript/easyui/themes/default/validatebox.css HTTP/1.1" 404 1104
116.233.72.58 - - [15/Jun/2021:09:09:44 +0800] "GET /xingrg/all/common/auto_word.html?type=employee&rest_code=00109 HTTP/1.1" 200 255
116.233.72.58 - - [15/Jun/2021:09:09:44 +0800] "GET /xingrg/javascript/easyui/plugins/jquery.validatebox.js HTTP/1.1" 200 6103
116.233.72.58 - - [15/Jun/2021:09:09:44 +0800] "GET /xingrg/all/common/auto_word.html?type=employee&rest_code=00109 HTTP/1.1" 200 255
