116.233.72.58 - - [15/Jun/2021:09:09:44 +0800] "GET /xingrg/javascript/easyui/themes/icons/edit_remove.png HTTP/1.1" 200 625
116.233.72.58 - - [15/Jun/2021:09:09:44 +0800] "GET /xingrg/javascript/easyui/plugins/jquery.numberbox.js HTTP/1.1" 200 5213
116.233.72.58 - - [15/Jun/2021:09:09:46 +0800] "GET /xingrg/javascript/auto/indicator.gif HTTP/1.1" 404 1066
116.230.117.165 - - [15/Jun/2021:09:09:47 +0800] "GET /xingrg/kc/buy/cgsh_order_operate.html?command=get_materiel&rest_code=00146&code=00101008087&supplier_code=00100005&order_time=2021-06-15 HTTP/1.1" 200 412
116.233.72.58 - - [15/Jun/2021:09:09:49 +0800] "GET /xingrg/javascript/jquery_tools/images/next.gif HTTP/1.1" 404 1086
116.233.72.58 - - [15/Jun/2021:09:09:49 +0800] "GET /xingrg/javascript/jquery_tools/images/prev.gif HTTP/1.1" 404 1086
116.233.72.58 - - [15/Jun/2021:09:09:52 +0800] "POST /xingrg/all/common/load_tree.html?tree=area_rest_tree_json&manage=1 HTTP/1.1" 200 342
116.233.72.58 - - [15/Jun/2021:09:09:52 +0800] "GET /xingrg/check_reg.html?_=1623719390957 HTTP/1.1" 200 22
116.233.72.58 - - [15/Jun/2021:09:09:52 +0800] "GET /xingrg/all/function/internal_message.html?_=1623719390957&CODE_STATE=count HTTP/1.1" 200 11
116.233.72.58 - - [15/Jun/2021:09:09:52 +0800] "POST /xingrg/load_menu.html HTTP/1.1" 200 5138
116.233.72.58 - - [15/Jun/2021:09:09:53 +0800] "GET /xingrg/kc/buy/buy_main.html HTTP/1.1" 200 12412
116.233.72.58 - - [15/Jun/2021:09:09:53 +0800] "GET /xingrg/css/new_ie.css HTTP/1.1" 404 1036
116.233.72.58 - - [15/Jun/2021:09:09:53 +0800] "GET /xingrg/javascript/ToolTips.js HTTP/1.1" 200 5615
116.233.72.58 - - [15/Jun/2021:09:09:53 +0800] "GET /xingrg/javascript/jquery_ui/jquery-ui.min.js HTTP/1.1" 200 186181
116.233.72.58 - - [15/Jun/2021:09:09:53 +0800] "GET /xingrg/images/blue/button/cgxqd.gif HTTP/1.1" 200 2619
116.233.72.58 - - [15/Jun/2021:09:09:53 +0800] "GET /xingrg/images/blue/button/cgydd.gif HTTP/1.1" 200 2712
116.233.72.58 - - [15/Jun/2021:09:09:53 +0800] "GET /xingrg/javascript/jquery_ui/themes/humanity/humanity.css HTTP/1.1" 200 27801
116.233.72.58 - - [15/Jun/2021:09:09:53 +0800] "GET /xingrg/images/blue/button/cgshd.gif HTTP/1.1" 200 2618
116.233.72.58 - - [15/Jun/2021:09:09:53 +0800] "GET /xingrg/images/blue/button/cgfkd.gif HTTP/1.1" 200 2075
116.233.72.58 - - [15/Jun/2021:09:09:53 +0800] "GET /xingrg/images/blue/button/ckthd.gif HTTP/1.1" 200 2045
116.233.72.58 - - [15/Jun/2021:09:09:53 +0800] "GET /xingrg/images/blue/button/down_ah.jpg HTTP/1.1" 200 1732
116.233.72.58 - - [15/Jun/2021:09:09:53 +0800] "GET /xingrg/javascript/jquery_ui/themes/humanity/images/ui-bg_inset-soft_100_f4f0ec_1x100.png HTTP/1.1" 200 141
116.233.72.58 - - [15/Jun/2021:09:09:53 +0800] "GET /xingrg/javascript/jquery_ui/themes/humanity/images/ui-icons_c47a23_256x240.png HTTP/1.1" 200 5355
116.233.72.58 - - [15/Jun/2021:09:09:54 +0800] "GET /xingrg/kc/buy/cgsh_order_list.html HTTP/1.1" 200 46728
116.233.72.58 - - [15/Jun/2021:09:09:54 +0800] "GET /xingrg/css/base.css HTTP/1.1" 200 2811
116.233.72.58 - - [15/Jun/2021:09:09:54 +0800] "GET /xingrg/css/site.css HTTP/1.1" 200 7541
116.233.72.58 - - [15/Jun/2021:09:09:54 +0800] "GET /xingrg/javascript/jquery_tools/datebox.css HTTP/1.1" 200 2597
116.233.72.58 - - [15/Jun/2021:09:09:54 +0800] "GET /xingrg/javascript/auto/jquery.autocomplete.css HTTP/1.1" 200 587
116.233.72.58 - - [15/Jun/2021:09:09:54 +0800] "GET /xingrg/javascript/easyui/themes/icon.css HTTP/1.1" 200 4483
116.233.72.58 - - [15/Jun/2021:09:09:54 +0800] "GET /xingrg/javascript/jquery_tools/fix.css HTTP/1.1" 200 1702
116.233.72.58 - - [15/Jun/2021:09:09:54 +0800] "GET /xingrg/javascript/jquery_tools/table.css HTTP/1.1" 200 1032
116.233.72.58 - - [15/Jun/2021:09:09:54 +0800] "GET /xingrg/javascript/jquery_tools/jquery.tools.min.js HTTP/1.1" 200 138801
116.233.72.58 - - [15/Jun/2021:09:09:54 +0800] "GET /xingrg/javascript/easyui/themes/default/easyui.css HTTP/1.1" 200 30432
116.233.72.58 - - [15/Jun/2021:09:09:54 +0800] "GET /xingrg/javascript/jquery_tools/jquery.tools.table.js HTTP/1.1" 200 6994
116.233.72.58 - - [15/Jun/2021:09:09:54 +0800] "GET /xingrg/javascript/jquery_tools/jquery.tools.hotkey.js HTTP/1.1" 200 3242
116.233.72.58 - - [15/Jun/2021:09:09:54 +0800] "GET /xingrg/javascript/jquery_tools/list_manager.js HTTP/1.1" 200 3652
116.233.72.58 - - [15/Jun/2021:09:09:54 +0800] "GET /xingrg/javascript/jquery_tools/jquery.tools.extend.js HTTP/1.1" 200 15385
116.233.72.58 - - [15/Jun/2021:09:09:54 +0800] "GET /xingrg/javascript/easyui/easyloader.js HTTP/1.1" 200 5975
116.233.72.58 - - [15/Jun/2021:09:09:54 +0800] "GET /xingrg/javascript/print/LodopFuncs.js HTTP/1.1" 200 5121
116.233.72.58 - - [15/Jun/2021:09:09:54 +0800] "GET /xingrg/javascript/jquery.cookie.js HTTP/1.1" 200 5513
116.233.72.58 - - [15/Jun/2021:09:09:54 +0800] "GET /xingrg/javascript/auto/jquery.autocomplete.js HTTP/1.1" 200 21624
116.233.72.58 - - [15/Jun/2021:09:09:54 +0800] "GET /xingrg/javascript/easyui/themes/icons/edit_add_new.png HTTP/1.1" 200 2997
116.233.72.58 - - [15/Jun/2021:09:09:54 +0800] "GET /xingrg/javascript/easyui/themes/icons/cance_new.png HTTP/1.1" 200 3986
116.233.72.58 - - [15/Jun/2021:09:09:54 +0800] "GET /xingrg/javascript/easyui/themes/icons/check_new.png HTTP/1.1" 200 3224
116.233.72.58 - - [15/Jun/2021:09:09:54 +0800] "GET /xingrg/javascript/easyui/themes/icons/field_new.png HTTP/1.1" 200 1097
116.233.72.58 - - [15/Jun/2021:09:09:54 +0800] "GET /xingrg/javascript/easyui/themes/icons/import_new.png HTTP/1.1" 200 1247
116.233.72.58 - - [15/Jun/2021:09:09:54 +0800] "GET /xingrg/javascript/easyui/plugins/jquery.parser.js HTTP/1.1" 200 1142
116.233.72.58 - - [15/Jun/2021:09:09:54 +0800] "GET /xingrg/images/control/ajaxLoader.gif HTTP/1.1" 200 4659
116.233.72.58 - - [15/Jun/2021:09:09:54 +0800] "POST /xingrg/kc/buy/cgsh_list_operate.html HTTP/1.1" 200 876
116.233.72.58 - - [15/Jun/2021:09:09:54 +0800] "GET /xingrg/javascript/easyui/themes/default/images/button_plain_hover.png HTTP/1.1" 200 144
116.233.72.58 - - [15/Jun/2021:09:09:55 +0800] "GET /xingrg/kc/buy/cgsh_order_add.html HTTP/1.1" 200 62507
116.233.72.58 - - [15/Jun/2021:09:09:55 +0800] "GET /xingrg/javascript/convert.js HTTP/1.1" 200 1239
116.233.72.58 - - [15/Jun/2021:09:09:55 +0800] "GET /xingrg/javascript/jquery_tools/order_manager.js HTTP/1.1" 200 11183
116.233.72.58 - - [15/Jun/2021:09:09:55 +0800] "GET /xingrg/words/20210614101438_words.js HTTP/1.1" 200 821170
116.233.72.58 - - [15/Jun/2021:09:09:55 +0800] "GET /xingrg/javascript/print/kc_print.js HTTP/1.1" 200 11415
116.233.72.58 - - [15/Jun/2021:09:09:55 +0800] "GET /xingrg/javascript/json2.js HTTP/1.1" 200 11259
116.233.72.58 - - [15/Jun/2021:09:09:55 +0800] "GET /xingrg/javascript/easyui/themes/icons/copy_new.png HTTP/1.1" 200 815
116.233.72.58 - - [15/Jun/2021:09:09:55 +0800] "GET /xingrg/javascript/easyui/themes/icons/print.png HTTP/1.1" 200 1057
116.233.72.58 - - [15/Jun/2021:09:09:55 +0800] "GET /xingrg/javascript/easyui/themes/icons/template_new.png HTTP/1.1" 200 3956
116.233.72.58 - - [15/Jun/2021:09:09:55 +0800] "GET /xingrg/javascript/easyui/themes/icons/ok.png HTTP/1.1" 200 883
116.233.72.58 - - [15/Jun/2021:09:09:55 +0800] "GET /xingrg/javascript/easyui/themes/default/images/menu_downarrow.png HTTP/1.1" 200 173
116.233.72.58 - - [15/Jun/2021:09:09:55 +0800] "GET /xingrg/javascript/easyui/themes/icons/cancel.png HTTP/1.1" 200 1133
116.233.72.58 - - [15/Jun/2021:09:09:55 +0800] "POST /xingrg/kc/buy/cgsh_order_operate.html HTTP/1.1" 200 8245
116.233.72.58 - - [15/Jun/2021:09:09:55 +0800] "GET /xingrg/all/common/auto_word.html?type=employee&rest_code=00109 HTTP/1.1" 200 255
116.233.72.58 - - [15/Jun/2021:09:09:55 +0800] "GET /xingrg/javascript/easyui/themes/default/validatebox.css HTTP/1.1" 404 1104
116.233.72.58 - - [15/Jun/2021:09:09:55 +0800] "GET /xingrg/javascript/easyui/plugins/jquery.validatebox.js HTTP/1.1" 200 6103
116.233.72.58 - - [15/Jun/2021:09:09:55 +0800] "GET /xingrg/javascript/easyui/themes/icons/edit_remove.png HTTP/1.1" 200 625
116.233.72.58 - - [15/Jun/2021:09:09:55 +0800] "GET /xingrg/all/common/auto_word.html?type=employee&rest_code=00109 HTTP/1.1" 200 255
116.233.72.58 - - [15/Jun/2021:09:09:55 +0800] "GET /xingrg/javascript/easyui/plugins/jquery.numberbox.js HTTP/1.1" 200 5213
116.233.72.58 - - [15/Jun/2021:09:09:58 +0800] "GET /xingrg/javascript/jquery_tools/images/prev.gif HTTP/1.1" 404 1086
116.233.72.58 - - [15/Jun/2021:09:09:58 +0800] "GET /xingrg/javascript/jquery_tools/images/next.gif HTTP/1.1" 404 1086
222.70.177.90 - - [15/Jun/2021:09:09:59 +0800] "GET /xingrg/kc/buy/cgsh_order_operate.html?command=get_materiel&rest_code=00111&code=00101008370&supplier_code=00100005&order_time=2021-06-15 HTTP/1.1" 200 412
180.169.147.146 - - [15/Jun/2021:09:09:59 +0800] "GET /xingrg/all/report/report_query.html?fileName=dma/new_5.0/menu/menu_hz_all.xml HTTP/1.1" 200 51795
180.169.147.146 - - [15/Jun/2021:09:09:59 +0800] "GET /xingrg/dwr/interface/AjaxReportQueryService.js HTTP/1.1" 200 13203
180.169.147.146 - - [15/Jun/2021:09:09:59 +0800] "GET /xingrg/dwr/engine.js HTTP/1.1" 200 43631
180.169.147.146 - - [15/Jun/2021:09:09:59 +0800] "POST /xingrg/dwr/call/plaincall/AjaxReportQueryService.getFixDate.dwr HTTP/1.1" 200 111
116.230.117.165 - - [15/Jun/2021:09:09:59 +0800] "GET /xingrg/kc/buy/cgsh_order_operate.html?command=get_materiel&rest_code=00146&code=00101008361&supplier_code=00100005&order_time=2021-06-15 HTTP/1.1" 200 408
180.169.147.146 - - [15/Jun/2021:09:09:59 +0800] "POST /xingrg/all/common/load_tree.html?tree=area_station_tree_json&manage=1 HTTP/1.1" 200 3358
116.235.222.38 - - [15/Jun/2021:09:10:00 +0800] "GET /xingrg/kc/buy/cgsh_order_operate.html?command=get_materiel&rest_code=00107&code=00101008092&supplier_code=00100006&order_time=2021-06-15 HTTP/1.1" 200 412
116.233.72.58 - - [15/Jun/2021:09:10:03 +0800] "GET /xingrg/kc/buy/cgsh_order_operate.html?command=get_materiel&rest_code=00109&code=00101008323&supplier_code=00100005&order_time=2021-06-15 HTTP/1.1" 200 408
116.233.72.58 - - [15/Jun/2021:09:10:03 +0800] "POST /xingrg/services/DataTransmitService HTTP/1.1" 200 524
116.233.72.58 - - [15/Jun/2021:09:10:04 +0800] "POST /xingrg/services/DataTransmitService HTTP/1.1" 200 501
116.233.72.58 - - [15/Jun/2021:09:10:06 +0800] "POST /xingrg/services/DataTransmitService HTTP/1.1" 200 524
222.70.177.90 - - [15/Jun/2021:09:10:07 +0800] "GET /xingrg/kc/buy/cgsh_order_operate.html?command=get_materiel&rest_code=00111&code=00101008126&supplier_code=00100005&order_time=2021-06-15 HTTP/1.1" 200 412
120.253.135.82 - - [15/Jun/2021:09:10:09 +0800] "GET /xingrg/all/function/internal_message.html?_=1623719429764&CODE_STATE=getMsg HTTP/1.1" 200 27
116.233.72.58 - - [15/Jun/2021:09:10:09 +0800] "GET /xingrg/kc/buy/cgsh_order_operate.html?command=get_materiel&rest_code=00109&code=00101008261&supplier_code=00100005&order_time=2021-06-15 HTTP/1.1" 200 408
116.224.253.72 - - [15/Jun/2021:09:10:09 +0800] "GET /xingrg/check_reg.html?_=1623719406471 HTTP/1.1" 200 22
116.224.253.72 - - [15/Jun/2021:09:10:09 +0800] "GET /xingrg/all/function/internal_message.html?_=1623719406480&CODE_STATE=getMsg HTTP/1.1" 200 27
116.230.117.165 - - [15/Jun/2021:09:10:10 +0800] "GET /xingrg/kc/buy/cgsh_order_operate.html?command=get_materiel&rest_code=00146&code=00101008355&supplier_code=00100005&order_time=2021-06-15 HTTP/1.1" 200 408
116.224.253.72 - - [15/Jun/2021:09:10:11 +0800] "GET /xingrg/kc/base/wldb_order_list.html HTTP/1.1" 200 19065
116.224.253.72 - - [15/Jun/2021:09:10:12 +0800] "POST /xingrg/kc/base/wldb_list_operate.html HTTP/1.1" 200 928
116.224.253.72 - - [15/Jun/2021:09:10:13 +0800] "GET /xingrg/kc/base/wldb_order_add.html HTTP/1.1" 200 30273
116.235.222.38 - - [15/Jun/2021:09:10:13 +0800] "GET /xingrg/kc/buy/cgsh_order_operate.html?command=get_materiel&rest_code=00107&code=00101015038&supplier_code=00100006&order_time=2021-06-15 HTTP/1.1" 200 419
116.224.253.72 - - [15/Jun/2021:09:10:13 +0800] "POST /xingrg/kc/base/wldb_order_operate.html HTTP/1.1" 200 6806
116.224.253.72 - - [15/Jun/2021:09:10:13 +0800] "GET /xingrg/all/common/auto_word.html?type=base&rest_code=00151 HTTP/1.1" 200 1315
116.224.253.72 - - [15/Jun/2021:09:10:13 +0800] "GET /xingrg/all/common/auto_word.html?type=base&rest_code=00151 HTTP/1.1" 200 1315
116.224.253.72 - - [15/Jun/2021:09:10:13 +0800] "GET /xingrg/javascript/easyui/themes/default/validatebox.css HTTP/1.1" 404 1104
116.233.72.58 - - [15/Jun/2021:09:10:13 +0800] "POST /xingrg/services/DataTransmitService HTTP/1.1" 200 501
116.233.72.58 - - [15/Jun/2021:09:10:13 +0800] "POST /xingrg/services/DataTransmitService HTTP/1.1" 200 501
116.233.72.58 - - [15/Jun/2021:09:10:14 +0800] "POST /xingrg/services/DataTransmitService HTTP/1.1" 200 501
116.230.117.165 - - [15/Jun/2021:09:10:15 +0800] "GET /xingrg/all/function/internal_message.html?_=1623719417904&CODE_STATE=getMsg HTTP/1.1" 200 27
116.233.72.58 - - [15/Jun/2021:09:10:15 +0800] "POST /xingrg/services/DataTransmitService HTTP/1.1" 200 501
116.233.72.58 - - [15/Jun/2021:09:10:15 +0800] "POST /xingrg/services/DataTransmitService HTTP/1.1" 200 501
116.233.72.58 - - [15/Jun/2021:09:10:15 +0800] "GET /xingrg/kc/buy/cgsh_order_operate.html?command=get_materiel&rest_code=00109&code=00101008210&supplier_code=00100005&order_time=2021-06-15 HTTP/1.1" 200 408
116.233.72.58 - - [15/Jun/2021:09:10:15 +0800] "POST /xingrg/services/DataTransmitService HTTP/1.1" 200 501
222.70.177.90 - - [15/Jun/2021:09:10:16 +0800] "GET /xingrg/kc/buy/cgsh_order_operate.html?command=get_materiel&rest_code=00111&code=00101008004&supplier_code=00100005&order_time=2021-06-15 HTTP/1.1" 200 416
222.69.130.90 - - [15/Jun/2021:09:10:17 +0800] "GET /favicon.ico HTTP/1.1" 404 -
116.233.72.58 - - [15/Jun/2021:09:10:17 +0800] "POST /xingrg/services/DataTransmitService HTTP/1.1" 200 501
116.233.72.58 - - [15/Jun/2021:09:10:18 +0800] "POST /xingrg/services/DataTransmitService HTTP/1.1" 200 501
116.233.72.58 - - [15/Jun/2021:09:10:19 +0800] "GET /xingrg/kc/buy/cgsh_order_operate.html?command=get_materiel&rest_code=00109&code=00101008331&supplier_code=00100005&order_time=2021-06-15 HTTP/1.1" 200 416
180.169.147.146 - - [15/Jun/2021:09:10:19 +0800] "POST /xingrg/dwr/call/plaincall/AjaxReportQueryService.refreshCache.dwr HTTP/1.1" 200 78
116.233.72.58 - - [15/Jun/2021:09:10:20 +0800] "POST /xingrg/services/DataTransmitService HTTP/1.1" 200 412
180.169.147.146 - - [15/Jun/2021:09:10:20 +0800] "POST /xingrg/all/report/load_report_page.html HTTP/1.1" 200 114622
180.169.147.146 - - [15/Jun/2021:09:10:20 +0800] "GET /xingrg/servlets/image?cache=0.7340001932712614&image=px HTTP/1.1" 200 807
116.230.117.165 - - [15/Jun/2021:09:10:20 +0800] "GET /xingrg/kc/buy/cgsh_order_operate.html?command=get_materiel&rest_code=00146&code=00101008115&supplier_code=00100005&order_time=2021-06-15 HTTP/1.1" 200 412
180.169.147.146 - - [15/Jun/2021:09:10:21 +0800] "GET /xingrg/all/function/internal_message.html?_=1623719418470&CODE_STATE=getMsg HTTP/1.1" 200 27
116.233.72.58 - - [15/Jun/2021:09:10:24 +0800] "GET /xingrg/kc/buy/cgsh_order_operate.html?command=get_materiel&rest_code=00109&code=00101008199&supplier_code=00100005&order_time=2021-06-15 HTTP/1.1" 200 408
222.70.177.90 - - [15/Jun/2021:09:10:26 +0800] "GET /xingrg/kc/buy/cgsh_order_operate.html?command=get_materiel&rest_code=00111&code=00101008372&supplier_code=00100005&order_time=2021-06-15 HTTP/1.1" 200 408
180.169.147.146 - - [15/Jun/2021:09:10:27 +0800] "POST /xingrg/all/report/load_report_page.html HTTP/1.1" 200 113386
180.169.147.146 - - [15/Jun/2021:09:10:27 +0800] "GET /xingrg/servlets/image?cache=0.7905948856045497&image=px HTTP/1.1" 200 807
180.169.147.146 - - [15/Jun/2021:09:10:29 +0800] "POST /xingrg/all/report/load_report_page.html HTTP/1.1" 200 114622
180.169.147.146 - - [15/Jun/2021:09:10:29 +0800] "GET /xingrg/servlets/image?cache=0.7702355411071293&image=px HTTP/1.1" 200 807
116.233.72.58 - - [15/Jun/2021:09:10:30 +0800] "GET /xingrg/kc/buy/cgsh_order_operate.html?command=get_materiel&rest_code=00109&code=00101008087&supplier_code=00100005&order_time=2021-06-15 HTTP/1.1" 200 412
180.161.111.4 - - [15/Jun/2021:09:10:31 +0800] "GET /xingrg/all/function/internal_message.html?_=1623719393805&CODE_STATE=getMsg HTTP/1.1" 200 27
116.235.222.38 - - [15/Jun/2021:09:10:31 +0800] "POST /xingrg/kc/buy/cgsh_order_operate.html HTTP/1.1" 200 2065
116.230.117.165 - - [15/Jun/2021:09:10:33 +0800] "GET /xingrg/kc/buy/cgsh_order_operate.html?command=get_materiel&rest_code=00146&code=00101008098&supplier_code=00100005&order_time=2021-06-15 HTTP/1.1" 200 412
116.224.253.72 - - [15/Jun/2021:09:10:36 +0800] "GET /xingrg/kc/base/wldb_order_list.html HTTP/1.1" 200 19065
116.224.253.72 - - [15/Jun/2021:09:10:36 +0800] "POST /xingrg/kc/base/wldb_list_operate.html HTTP/1.1" 200 928
116.224.253.72 - - [15/Jun/2021:09:10:37 +0800] "GET /xingrg/kc/base/wldb_order_add.html HTTP/1.1" 200 30273
116.224.253.72 - - [15/Jun/2021:09:10:37 +0800] "POST /xingrg/kc/base/wldb_order_operate.html HTTP/1.1" 200 6806
222.70.177.90 - - [15/Jun/2021:09:10:37 +0800] "GET /xingrg/all/function/internal_message.html?_=1623719434584&CODE_STATE=getMsg HTTP/1.1" 200 27
116.224.253.72 - - [15/Jun/2021:09:10:38 +0800] "GET /xingrg/javascript/easyui/themes/default/validatebox.css HTTP/1.1" 404 1104
117.185.32.26 - - [15/Jun/2021:09:10:39 +0800] "GET /xingrg/all/function/internal_message.html?_=1623719967386&CODE_STATE=getMsg HTTP/1.1" 200 27
222.70.177.90 - - [15/Jun/2021:09:10:40 +0800] "GET /xingrg/kc/buy/cgsh_order_operate.html?command=get_materiel&rest_code=00111&code=00101008059&supplier_code=00100005&order_time=2021-06-15 HTTP/1.1" 200 408
116.235.222.38 - - [15/Jun/2021:09:10:41 +0800] "GET /xingrg/all/function/internal_message.html?_=1623719437680&CODE_STATE=getMsg HTTP/1.1" 200 27
222.69.130.90 - - [15/Jun/2021:09:10:42 +0800] "GET /xingrg/check_reg.html?_=1623719438860 HTTP/1.1" 200 22
222.69.130.90 - - [15/Jun/2021:09:10:44 +0800] "GET /xingrg/all/function/internal_message.html?_=1623719440738&CODE_STATE=getMsg HTTP/1.1" 200 27
116.230.117.165 - - [15/Jun/2021:09:10:44 +0800] "GET /xingrg/kc/buy/cgsh_order_operate.html?command=get_materiel&rest_code=00146&code=00101008312&supplier_code=00100005&order_time=2021-06-15 HTTP/1.1" 200 412
116.224.253.72 - - [15/Jun/2021:09:10:45 +0800] "POST /xingrg/kc/buy/cgsh_order_operate.html HTTP/1.1" 200 29261
116.224.253.72 - - [15/Jun/2021:09:10:46 +0800] "GET /xingrg/kc/base/wldb_order_add.html HTTP/1.1" 200 30273
116.224.253.72 - - [15/Jun/2021:09:10:46 +0800] "POST /xingrg/kc/base/wldb_order_operate.html HTTP/1.1" 200 6806
116.224.253.72 - - [15/Jun/2021:09:10:46 +0800] "GET /xingrg/javascript/easyui/themes/default/validatebox.css HTTP/1.1" 404 1104
116.233.72.58 - - [15/Jun/2021:09:10:52 +0800] "GET /xingrg/all/function/internal_message.html?_=1623719451255&CODE_STATE=getMsg HTTP/1.1" 200 27
116.235.222.38 - - [15/Jun/2021:09:10:55 +0800] "GET /xingrg/kc/buy/cgsh_order_operate.html?command=get_materiel&rest_code=00107&code=00101008211&supplier_code=00100006&order_time=2021-06-15 HTTP/1.1" 200 412
116.230.117.165 - - [15/Jun/2021:09:10:57 +0800] "GET /xingrg/kc/buy/cgsh_order_operate.html?command=get_materiel&rest_code=00146&code=00101008091&supplier_code=00100005&order_time=2021-06-15 HTTP/1.1" 200 412
120.253.135.82 - - [15/Jun/2021:09:10:57 +0800] "GET /xingrg/check_reg.html?_=1623719477887 HTTP/1.1" 200 22
222.70.177.90 - - [15/Jun/2021:09:10:58 +0800] "GET /xingrg/kc/buy/cgsh_order_operate.html?command=get_materiel&rest_code=00111&code=00101008176&supplier_code=00100005&order_time=2021-06-15 HTTP/1.1" 200 413
116.224.253.72 - - [15/Jun/2021:09:10:58 +0800] "GET /xingrg/kc/base/wldb_order_operate.html?command=get_materiel&rest_code=00151&base_code=0010621&code=00102001183 HTTP/1.1" 200 418
116.224.253.72 - - [15/Jun/2021:09:11:03 +0800] "POST /xingrg/kc/base/wldb_order_operate.html HTTP/1.1" 200 37
116.224.253.72 - - [15/Jun/2021:09:11:07 +0800] "POST /xingrg/kc/base/wldb_order_operate.html HTTP/1.1" 200 12
116.224.253.72 - - [15/Jun/2021:09:11:07 +0800] "POST /xingrg/kc/base/wldb_order_operate.html HTTP/1.1" 200 2181
116.233.72.58 - - [15/Jun/2021:09:11:07 +0800] "GET /xingrg/kc/buy/cgsh_order_operate.html?command=get_materiel&rest_code=00109&code=00101008169&supplier_code=00100005&order_time=2021-06-15 HTTP/1.1" 200 412
120.253.135.82 - - [15/Jun/2021:09:11:09 +0800] "GET /xingrg/all/function/internal_message.html?_=1623719489775&CODE_STATE=getMsg HTTP/1.1" 200 27
116.224.253.72 - - [15/Jun/2021:09:11:11 +0800] "GET /xingrg/kc/base/wldb_order_info.html?code=422021061501656 HTTP/1.1" 200 26149
116.224.253.72 - - [15/Jun/2021:09:11:11 +0800] "GET /xingrg/javascript/easyui/themes/default/validatebox.css HTTP/1.1" 404 1104
116.224.253.72 - - [15/Jun/2021:09:11:11 +0800] "POST /xingrg/kc/base/wldb_order_operate.html HTTP/1.1" 200 476
116.230.117.165 - - [15/Jun/2021:09:11:13 +0800] "GET /xingrg/check_reg.html?_=1623719476046 HTTP/1.1" 200 22
222.70.177.90 - - [15/Jun/2021:09:11:14 +0800] "GET /xingrg/kc/buy/cgsh_order_operate.html?command=get_materiel&rest_code=00111&code=00101008219&supplier_code=00100005&order_time=2021-06-15 HTTP/1.1" 200 412
116.230.117.165 - - [15/Jun/2021:09:11:15 +0800] "GET /xingrg/all/function/internal_message.html?_=1623719477919&CODE_STATE=getMsg HTTP/1.1" 200 27
116.224.253.72 - - [15/Jun/2021:09:11:15 +0800] "POST /xingrg/all/user/operate.html HTTP/1.1" 200 36
116.224.253.72 - - [15/Jun/2021:09:11:15 +0800] "GET /xingrg/index.html?sysBaseUrl=http%3A%2F%2F180.169.147.146%3A18081%2Fxingrg%2F&costTime=39×tamp=1623632916695 HTTP/1.1" 200 17179
116.224.253.72 - - [15/Jun/2021:09:11:15 +0800] "GET /xingrg/javascript/jquery_easy_ui/themes/default/easyui.css HTTP/1.1" 304 -
116.224.253.72 - - [15/Jun/2021:09:11:15 +0800] "GET /xingrg/javascript/jquery_easy_ui/themes/icon.css HTTP/1.1" 304 -
116.224.253.72 - - [15/Jun/2021:09:11:15 +0800] "GET /xingrg/css/form.css HTTP/1.1" 304 -
116.224.253.72 - - [15/Jun/2021:09:11:15 +0800] "GET /xingrg/javascript/jquery-1.4.2.min.js HTTP/1.1" 304 -
116.224.253.72 - - [15/Jun/2021:09:11:16 +0800] "GET /xingrg/javascript/jquery_easy_ui/jquery.easyui.min.js HTTP/1.1" 304 -
116.224.253.72 - - [15/Jun/2021:09:11:16 +0800] "GET /xingrg/javascript/jquery_easy_ui/easyui-lang-zh_CN.js HTTP/1.1" 304 -
116.224.253.72 - - [15/Jun/2021:09:11:16 +0800] "GET /xingrg/javascript/jquery.form.js HTTP/1.1" 304 -
116.224.253.72 - - [15/Jun/2021:09:11:16 +0800] "GET /xingrg/javascript/jquery.utils.js HTTP/1.1" 304 -
116.224.253.72 - - [15/Jun/2021:09:11:16 +0800] "GET /xingrg/javascript/jquery.timers.js HTTP/1.1" 304 -
116.224.253.72 - - [15/Jun/2021:09:11:16 +0800] "GET /xingrg/images/blue/jxLogo.png HTTP/1.1" 304 -
116.224.253.72 - - [15/Jun/2021:09:11:16 +0800] "GET /xingrg/images/blue/navBackgound.jpg HTTP/1.1" 304 -
116.224.253.72 - - [15/Jun/2021:09:11:16 +0800] "GET /xingrg/javascript/jquery_easy_ui/themes/icons/settle_new.png HTTP/1.1" 304 -
116.224.253.72 - - [15/Jun/2021:09:11:16 +0800] "POST /xingrg/all/common/load_tree.html?tree=area_rest_tree_json&manage=1 HTTP/1.1" 200 476
116.224.253.72 - - [15/Jun/2021:09:11:16 +0800] "GET /xingrg/all/function/internal_message.html?_=1623719472851&CODE_STATE=count HTTP/1.1" 200 11
116.224.253.72 - - [15/Jun/2021:09:11:16 +0800] "GET /xingrg/check_reg.html?_=1623719472852 HTTP/1.1" 200 22
116.224.253.72 - - [15/Jun/2021:09:11:16 +0800] "GET /xingrg/javascript/jquery_easy_ui/themes/default/images/tabs_rightarrow.png HTTP/1.1" 304 -
116.224.253.72 - - [15/Jun/2021:09:11:16 +0800] "GET /xingrg/javascript/jquery_easy_ui/themes/default/images/panel_tool_collapse.gif HTTP/1.1" 304 -
116.224.253.72 - - [15/Jun/2021:09:11:16 +0800] "GET /xingrg/images/blue/pingpu.png HTTP/1.1" 304 -
116.224.253.72 - - [15/Jun/2021:09:11:16 +0800] "GET /xingrg/javascript/jquery_easy_ui/themes/default/images/tabs_leftarrow.png HTTP/1.1" 304 -
116.224.253.72 - - [15/Jun/2021:09:11:16 +0800] "POST /xingrg/load_menu.html HTTP/1.1" 200 5138
116.235.222.38 - - [15/Jun/2021:09:11:16 +0800] "GET /xingrg/kc/buy/cgsh_order_operate.html?command=get_materiel&rest_code=00107&code=00102002504&supplier_code=00100006&order_time=2021-06-15 HTTP/1.1" 200 419
116.224.253.72 - - [15/Jun/2021:09:11:18 +0800] "GET /xingrg/kc/base/wldb_order_list.html HTTP/1.1" 200 19067
116.224.253.72 - - [15/Jun/2021:09:11:19 +0800] "POST /xingrg/kc/base/wldb_list_operate.html HTTP/1.1" 200 928
116.224.253.72 - - [15/Jun/2021:09:11:20 +0800] "GET /xingrg/kc/base/wldb_order_add.html HTTP/1.1" 200 30275
116.224.253.72 - - [15/Jun/2021:09:11:20 +0800] "POST /xingrg/kc/base/wldb_order_operate.html HTTP/1.1" 200 6806
116.224.253.72 - - [15/Jun/2021:09:11:20 +0800] "GET /xingrg/all/common/auto_word.html?type=base&rest_code=00150 HTTP/1.1" 200 1653
116.224.253.72 - - [15/Jun/2021:09:11:20 +0800] "GET /xingrg/all/common/auto_word.html?type=base&rest_code=00150 HTTP/1.1" 200 1653
116.224.253.72 - - [15/Jun/2021:09:11:20 +0800] "GET /xingrg/javascript/easyui/themes/default/validatebox.css HTTP/1.1" 404 1104
180.169.147.146 - - [15/Jun/2021:09:11:21 +0800] "GET /xingrg/all/function/internal_message.html?_=1623719478459&CODE_STATE=getMsg HTTP/1.1" 200 27
116.224.253.72 - - [15/Jun/2021:09:11:22 +0800] "GET /xingrg/javascript/auto/indicator.gif HTTP/1.1" 404 1066
116.233.72.58 - - [15/Jun/2021:09:11:29 +0800] "GET /xingrg/javascript/auto/indicator.gif HTTP/1.1" 404 1066
116.224.253.72 - - [15/Jun/2021:09:11:29 +0800] "GET /xingrg/kc/base/wldb_order_operate.html?command=get_materiel&rest_code=00150&base_code=0010450&code=00101001170 HTTP/1.1" 200 435
116.233.72.58 - - [15/Jun/2021:09:11:29 +0800] "GET /xingrg/kc/buy/cgsh_order_operate.html?command=get_materiel&rest_code=00109&code=00101008213&supplier_code=00100005&order_time=2021-06-15 HTTP/1.1" 200 412
180.161.111.4 - - [15/Jun/2021:09:11:31 +0800] "GET /xingrg/all/function/internal_message.html?_=1623719453819&CODE_STATE=getMsg HTTP/1.1" 200 27
222.70.177.90 - - [15/Jun/2021:09:11:33 +0800] "GET /xingrg/kc/buy/cgsh_order_operate.html?command=get_materiel&rest_code=00111&code=00101008257&supplier_code=00100005&order_time=2021-06-15 HTTP/1.1" 200 416
116.224.253.72 - - [15/Jun/2021:09:11:35 +0800] "GET /xingrg/kc/base/wldb_order_operate.html?command=get_materiel&rest_code=00150&base_code=0010450&code=00101002038 HTTP/1.1" 200 436
116.233.72.58 - - [15/Jun/2021:09:11:36 +0800] "GET /xingrg/kc/buy/cgsh_order_operate.html?command=get_materiel&rest_code=00109&code=00101008256&supplier_code=00100005&order_time=2021-06-15 HTTP/1.1" 200 412
222.70.177.90 - - [15/Jun/2021:09:11:38 +0800] "GET /xingrg/all/function/internal_message.html?_=1623719494612&CODE_STATE=getMsg HTTP/1.1" 200 27
116.224.253.72 - - [15/Jun/2021:09:11:39 +0800] "GET /xingrg/all/function/internal_message.html?_=1623719487741&CODE_STATE=getMsg HTTP/1.1" 200 27
117.185.32.26 - - [15/Jun/2021:09:11:39 +0800] "GET /xingrg/all/function/internal_message.html?_=1623720027370&CODE_STATE=getMsg HTTP/1.1" 200 27
116.235.222.38 - - [15/Jun/2021:09:11:41 +0800] "GET /xingrg/check_reg.html?_=1623719497557 HTTP/1.1" 200 22
116.235.222.38 - - [15/Jun/2021:09:11:41 +0800] "GET /xingrg/all/function/internal_message.html?_=1623719497673&CODE_STATE=getMsg HTTP/1.1" 200 27
116.224.253.72 - - [15/Jun/2021:09:11:42 +0800] "GET /xingrg/kc/base/wldb_order_operate.html?command=get_materiel&rest_code=00150&base_code=0010450&code=00101003006 HTTP/1.1" 200 432
116.233.72.58 - - [15/Jun/2021:09:11:44 +0800] "GET /xingrg/kc/buy/cgsh_order_operate.html?command=get_materiel&rest_code=00109&code=00101008156&supplier_code=00100005&order_time=2021-06-15 HTTP/1.1" 200 415
222.69.130.90 - - [15/Jun/2021:09:11:44 +0800] "GET /xingrg/all/function/internal_message.html?_=1623719500723&CODE_STATE=getMsg HTTP/1.1" 200 27
116.230.117.165 - - [15/Jun/2021:09:11:46 +0800] "GET /xingrg/kc/buy/cgsh_order_operate.html?command=get_materiel&rest_code=00146&code=00101008010&supplier_code=00100005&order_time=2021-06-15 HTTP/1.1" 200 412
116.235.222.38 - - [15/Jun/2021:09:11:48 +0800] "GET /xingrg/kc/buy/cgsh_order_operate.html?command=get_materiel&rest_code=00107&code=00101008364&supplier_code=00100006&order_time=2021-06-15 HTTP/1.1" 200 413
222.70.177.90 - - [15/Jun/2021:09:11:49 +0800] "GET /xingrg/kc/buy/cgsh_order_operate.html?command=get_materiel&rest_code=00111&code=00101008244&supplier_code=00100005&order_time=2021-06-15 HTTP/1.1" 200 408
116.233.72.58 - - [15/Jun/2021:09:11:52 +0800] "GET /xingrg/kc/buy/cgsh_order_operate.html?command=get_materiel&rest_code=00109&code=00101008351&supplier_code=00100005&order_time=2021-06-15 HTTP/1.1" 200 408
116.233.72.58 - - [15/Jun/2021:09:11:52 +0800] "GET /xingrg/all/function/internal_message.html?_=1623719510961&CODE_STATE=getMsg HTTP/1.1" 200 27
222.70.177.90 - - [15/Jun/2021:09:12:01 +0800] "GET /xingrg/kc/buy/cgsh_order_operate.html?command=get_materiel&rest_code=00111&code=00101008290&supplier_code=00100005&order_time=2021-06-15 HTTP/1.1" 200 416
116.233.72.58 - - [15/Jun/2021:09:12:02 +0800] "GET /xingrg/kc/buy/cgsh_order_operate.html?command=get_materiel&rest_code=00109&code=00101008110&supplier_code=00100005&order_time=2021-06-15 HTTP/1.1" 200 408
116.230.117.165 - - [15/Jun/2021:09:12:02 +0800] "GET /xingrg/kc/buy/cgsh_order_operate.html?command=get_materiel&rest_code=00146&code=00101008019&supplier_code=00100005&order_time=2021-06-15 HTTP/1.1" 200 418
116.233.72.58 - - [15/Jun/2021:09:12:08 +0800] "GET /xingrg/kc/buy/cgsh_order_operate.html?command=get_materiel&rest_code=00109&code=00101008064&supplier_code=00100005&order_time=2021-06-15 HTTP/1.1" 200 412
120.253.135.82 - - [15/Jun/2021:09:12:09 +0800] "GET /xingrg/all/function/internal_message.html?_=1623719549788&CODE_STATE=getMsg HTTP/1.1" 200 27
222.70.177.90 - - [15/Jun/2021:09:12:13 +0800] "GET /xingrg/kc/buy/cgsh_order_operate.html?command=get_materiel&rest_code=00111&code=00101008205&supplier_code=00100005&order_time=2021-06-15 HTTP/1.1" 200 412
116.230.117.165 - - [15/Jun/2021:09:12:15 +0800] "GET /xingrg/all/function/internal_message.html?_=1623719537932&CODE_STATE=getMsg HTTP/1.1" 200 27
116.224.253.72 - - [15/Jun/2021:09:12:16 +0800] "GET /xingrg/all/function/internal_message.html?_=1623719532856&CODE_STATE=getMsg HTTP/1.1" 200 27
116.233.72.58 - - [15/Jun/2021:09:12:20 +0800] "GET /xingrg/kc/buy/cgsh_order_operate.html?command=get_materiel&rest_code=00109&code=00101008355&supplier_code=00100005&order_time=2021-06-15 HTTP/1.1" 200 408
116.230.117.165 - - [15/Jun/2021:09:12:20 +0800] "GET /xingrg/kc/buy/cgsh_order_operate.html?command=get_materiel&rest_code=00146&code=00101008350&supplier_code=00100005&order_time=2021-06-15 HTTP/1.1" 200 408
180.169.147.146 - - [15/Jun/2021:09:12:21 +0800] "GET /xingrg/all/function/internal_message.html?_=1623719538440&CODE_STATE=getMsg HTTP/1.1" 200 27
222.70.177.90 - - [15/Jun/2021:09:12:26 +0800] "GET /xingrg/kc/buy/cgsh_order_operate.html?command=get_materiel&rest_code=00111&code=00101006055&supplier_code=00100005&order_time=2021-06-15 HTTP/1.1" 200 409
116.233.72.58 - - [15/Jun/2021:09:12:27 +0800] "GET /xingrg/kc/buy/cgsh_order_operate.html?command=get_materiel&rest_code=00109&code=00101008144&supplier_code=00100005&order_time=2021-06-15 HTTP/1.1" 200 412
116.230.117.165 - - [15/Jun/2021:09:12:30 +0800] "GET /xingrg/check_reg.html?_=1623719547997 HTTP/1.1" 302 -
180.161.111.4 - - [15/Jun/2021:09:12:31 +0800] "GET /xingrg/all/function/internal_message.html?_=1623719513835&CODE_STATE=getMsg HTTP/1.1" 200 27
116.230.117.165 - - [15/Jun/2021:09:12:32 +0800] "GET /xingrg/kc/buy/cgsh_order_operate.html?command=get_materiel&rest_code=00146&code=00101008112&supplier_code=00100005&order_time=2021-06-15 HTTP/1.1" 200 412
222.70.177.90 - - [15/Jun/2021:09:12:32 +0800] "GET /xingrg/kc/buy/cgsh_order_operate.html?command=get_materiel&rest_code=00111&code=00101008131&supplier_code=00100005&order_time=2021-06-15 HTTP/1.1" 200 408
116.235.222.38 - - [15/Jun/2021:09:12:33 +0800] "GET /xingrg/kc/buy/cgsh_order_operate.html?command=get_materiel&rest_code=00107&code=00101008003&supplier_code=00100006&order_time=2021-06-15 HTTP/1.1" 200 408
116.233.72.58 - - [15/Jun/2021:09:12:35 +0800] "GET /xingrg/kc/buy/cgsh_order_operate.html?command=get_materiel&rest_code=00109&code=00101008357&supplier_code=00100005&order_time=2021-06-15 HTTP/1.1" 200 408
222.70.177.90 - - [15/Jun/2021:09:12:37 +0800] "GET /xingrg/all/function/internal_message.html?_=1623719554539&CODE_STATE=getMsg HTTP/1.1" 200 27
222.70.177.90 - - [15/Jun/2021:09:12:38 +0800] "GET /xingrg/check_reg.html?_=1623719554699 HTTP/1.1" 200 22
116.224.253.72 - - [15/Jun/2021:09:12:39 +0800] "GET /xingrg/check_reg.html?_=1623719547706 HTTP/1.1" 200 22
116.224.253.72 - - [15/Jun/2021:09:12:39 +0800] "GET /xingrg/all/function/internal_message.html?_=1623719547753&CODE_STATE=getMsg HTTP/1.1" 200 27
117.185.32.26 - - [15/Jun/2021:09:12:39 +0800] "GET /xingrg/all/function/internal_message.html?_=1623720087355&CODE_STATE=getMsg HTTP/1.1" 200 27
116.235.222.38 - - [15/Jun/2021:09:12:41 +0800] "POST /xingrg/kc/buy/cgsh_order_operate.html HTTP/1.1" 200 2065
116.235.222.38 - - [15/Jun/2021:09:12:41 +0800] "GET /xingrg/all/function/internal_message.html?_=1623719557636&CODE_STATE=getMsg HTTP/1.1" 200 27
116.233.72.58 - - [15/Jun/2021:09:12:43 +0800] "GET /xingrg/kc/buy/cgsh_order_operate.html?command=get_materiel&rest_code=00109&code=00101008131&supplier_code=00100005&order_time=2021-06-15 HTTP/1.1" 200 408
222.69.130.90 - - [15/Jun/2021:09:12:44 +0800] "GET /xingrg/all/function/internal_message.html?_=1623719560712&CODE_STATE=getMsg HTTP/1.1" 200 27
116.230.117.165 - - [15/Jun/2021:09:12:45 +0800] "GET /xingrg/kc/buy/cgsh_order_operate.html?command=get_materiel&rest_code=00146&code=00101008096&supplier_code=00100005&order_time=2021-06-15 HTTP/1.1" 200 412
116.233.72.58 - - [15/Jun/2021:09:12:52 +0800] "GET /xingrg/all/function/internal_message.html?_=1623719570967&CODE_STATE=getMsg HTTP/1.1" 200 27
116.233.72.58 - - [15/Jun/2021:09:12:53 +0800] "GET /xingrg/kc/buy/cgsh_order_operate.html?command=get_materiel&rest_code=00109&code=00101008286&supplier_code=00100005&order_time=2021-06-15 HTTP/1.1" 200 408
116.230.117.165 - - [15/Jun/2021:09:12:59 +0800] "GET /xingrg/kc/buy/cgsh_order_operate.html?command=get_materiel&rest_code=00146&code=00101008038&supplier_code=00100005&order_time=2021-06-15 HTTP/1.1" 200 412
116.233.72.58 - - [15/Jun/2021:09:13:02 +0800] "GET /xingrg/kc/buy/cgsh_order_operate.html?command=get_materiel&rest_code=00109&code=00101008005&supplier_code=00100005&order_time=2021-06-15 HTTP/1.1" 200 412
116.230.117.165 - - [15/Jun/2021:09:13:02 +0800] "POST /xingrg/kc/buy/cgsh_order_operate.html HTTP/1.1" 200 2065
116.233.72.58 - - [15/Jun/2021:09:13:04 +0800] "POST /xingrg/kc/buy/cgsh_order_operate.html HTTP/1.1" 200 2065
120.253.135.82 - - [15/Jun/2021:09:13:09 +0800] "GET /xingrg/all/function/internal_message.html?_=1623719609807&CODE_STATE=getMsg HTTP/1.1" 200 27
116.233.72.58 - - [15/Jun/2021:09:13:11 +0800] "GET /xingrg/kc/buy/cgsh_order_operate.html?command=get_materiel&rest_code=00109&code=00101008312&supplier_code=00100005&order_time=2021-06-15 HTTP/1.1" 200 412
116.230.117.165 - - [15/Jun/2021:09:13:13 +0800] "GET /xingrg/kc/buy/cgsh_order_operate.html?command=get_materiel&rest_code=00146&code=00101008358&supplier_code=00100005&order_time=2021-06-15 HTTP/1.1" 200 412
116.230.117.165 - - [15/Jun/2021:09:13:15 +0800] "GET /xingrg/all/function/internal_message.html?_=1623719598026&CODE_STATE=getMsg HTTP/1.1" 200 27
116.224.253.72 - - [15/Jun/2021:09:13:16 +0800] "GET /xingrg/all/function/internal_message.html?_=1623719592875&CODE_STATE=getMsg HTTP/1.1" 200 27
180.169.147.146 - - [15/Jun/2021:09:13:20 +0800] "GET /xingrg/check_reg.html?_=1623719598232 HTTP/1.1" 200 22
180.169.147.146 - - [15/Jun/2021:09:13:21 +0800] "GET /xingrg/all/function/internal_message.html?_=1623719598438&CODE_STATE=getMsg HTTP/1.1" 200 27
116.233.72.58 - - [15/Jun/2021:09:13:21 +0800] "GET /xingrg/kc/buy/cgsh_order_operate.html?command=get_materiel&rest_code=00109&code=00101008095&supplier_code=00100005&order_time=2021-06-15 HTTP/1.1" 200 412
116.235.222.38 - - [15/Jun/2021:09:13:25 +0800] "POST /xingrg/kc/buy/cgsh_order_operate.html HTTP/1.1" 200 37
116.224.253.72 - - [15/Jun/2021:09:13:27 +0800] "POST /xingrg/kc/base/wldb_order_operate.html HTTP/1.1" 200 37
116.233.72.58 - - [15/Jun/2021:09:13:28 +0800] "GET /xingrg/kc/buy/cgsh_order_operate.html?command=get_materiel&rest_code=00109&code=00101008196&supplier_code=00100005&order_time=2021-06-15 HTTP/1.1" 200 416
116.235.222.38 - - [15/Jun/2021:09:13:30 +0800] "POST /xingrg/kc/buy/cgsh_order_operate.html HTTP/1.1" 200 41732
180.161.111.4 - - [15/Jun/2021:09:13:31 +0800] "GET /xingrg/all/function/internal_message.html?_=1623719573846&CODE_STATE=getMsg HTTP/1.1" 200 27
116.224.253.72 - - [15/Jun/2021:09:13:31 +0800] "POST /xingrg/kc/base/wldb_order_operate.html HTTP/1.1" 200 12
116.224.253.72 - - [15/Jun/2021:09:13:31 +0800] "POST /xingrg/kc/base/wldb_order_operate.html HTTP/1.1" 200 3134
116.224.253.72 - - [15/Jun/2021:09:13:32 +0800] "GET /xingrg/kc/base/wldb_order_info.html?code=422021061501657 HTTP/1.1" 200 26154
116.224.253.72 - - [15/Jun/2021:09:13:32 +0800] "GET /xingrg/javascript/easyui/themes/default/validatebox.css HTTP/1.1" 404 1104
116.224.253.72 - - [15/Jun/2021:09:13:32 +0800] "POST /xingrg/kc/base/wldb_order_operate.html HTTP/1.1" 200 1406
116.233.72.58 - - [15/Jun/2021:09:13:34 +0800] "GET /xingrg/kc/buy/cgsh_order_operate.html?command=get_materiel&rest_code=00109&code=00101008197&supplier_code=00100005&order_time=2021-06-15 HTTP/1.1" 200 416
222.70.177.90 - - [15/Jun/2021:09:13:37 +0800] "GET /xingrg/all/function/internal_message.html?_=1623719614522&CODE_STATE=getMsg HTTP/1.1" 200 27
116.230.117.165 - - [15/Jun/2021:09:13:38 +0800] "GET /xingrg/kc/buy/cgsh_order_operate.html?command=get_materiel&rest_code=00146&code=00101008004&supplier_code=00100005&order_time=2021-06-15 HTTP/1.1" 200 416
116.224.253.72 - - [15/Jun/2021:09:13:39 +0800] "GET /xingrg/all/function/internal_message.html?_=1623719607767&CODE_STATE=getMsg HTTP/1.1" 200 27
117.185.32.26 - - [15/Jun/2021:09:13:39 +0800] "GET /xingrg/all/function/internal_message.html?_=1623720147340&CODE_STATE=getMsg HTTP/1.1" 200 27
116.235.222.38 - - [15/Jun/2021:09:13:41 +0800] "GET /xingrg/all/function/internal_message.html?_=1623719617611&CODE_STATE=getMsg HTTP/1.1" 200 27
116.224.253.72 - - [15/Jun/2021:09:13:42 +0800] "GET /xingrg/kc/base/wldb_order_list.html HTTP/1.1" 200 19067
116.224.253.72 - - [15/Jun/2021:09:13:43 +0800] "POST /xingrg/kc/base/wldb_list_operate.html HTTP/1.1" 200 928
116.233.72.58 - - [15/Jun/2021:09:13:44 +0800] "GET /xingrg/kc/buy/cgsh_order_operate.html?command=get_materiel&rest_code=00109&code=00101008085&supplier_code=00100005&order_time=2021-06-15 HTTP/1.1" 200 412
222.69.130.90 - - [15/Jun/2021:09:13:44 +0800] "GET /xingrg/all/function/internal_message.html?_=1623719620698&CODE_STATE=getMsg HTTP/1.1" 200 27
116.233.72.58 - - [15/Jun/2021:09:13:46 +0800] "POST /xingrg/kc/buy/cgsh_order_operate.html HTTP/1.1" 200 2065
116.233.72.58 - - [15/Jun/2021:09:13:51 +0800] "GET /xingrg/kc/buy/cgsh_order_operate.html?command=get_materiel&rest_code=00109&code=00101015012&supplier_code=00100005&order_time=2021-06-15 HTTP/1.1" 200 412
116.230.117.165 - - [15/Jun/2021:09:13:51 +0800] "GET /xingrg/kc/buy/cgsh_order_operate.html?command=get_materiel&rest_code=00146&code=00101008264&supplier_code=00100005&order_time=2021-06-15 HTTP/1.1" 200 412
116.233.72.58 - - [15/Jun/2021:09:13:52 +0800] "GET /xingrg/all/function/internal_message.html?_=1623719630966&CODE_STATE=getMsg HTTP/1.1" 200 27
58.221.95.50 - - [15/Jun/2021:09:13:53 +0800] "GET /xingrg/check_reg.html?_=1623719632545 HTTP/1.1" 302 -
116.233.72.58 - - [15/Jun/2021:09:14:01 +0800] "POST /xingrg/kc/buy/cgsh_order_operate.html HTTP/1.1" 200 37
117.185.32.26 - - [15/Jun/2021:09:14:02 +0800] "GET /xingrg/check_reg.html?_=1623720170013 HTTP/1.1" 200 22
116.233.72.58 - - [15/Jun/2021:09:14:04 +0800] "POST /xingrg/kc/buy/cgsh_order_operate.html HTTP/1.1" 200 16867
116.230.117.165 - - [15/Jun/2021:09:14:05 +0800] "GET /xingrg/kc/buy/cgsh_order_operate.html?command=get_materiel&rest_code=00146&code=00101008137&supplier_code=00100005&order_time=2021-06-15 HTTP/1.1" 200 408
120.253.135.82 - - [15/Jun/2021:09:14:09 +0800] "GET /xingrg/all/function/internal_message.html?_=1623719669814&CODE_STATE=getMsg HTTP/1.1" 200 27
116.230.117.165 - - [15/Jun/2021:09:14:09 +0800] "POST /xingrg/kc/buy/cgsh_order_operate.html HTTP/1.1" 200 2065
116.233.72.58 - - [15/Jun/2021:09:14:10 +0800] "GET /xingrg/kc/buy/cgsh_order_operate.html?command=get_materiel&rest_code=00109&code=00101008112&supplier_code=00100005&order_time=2021-06-15 HTTP/1.1" 200 412
116.230.117.165 - - [15/Jun/2021:09:14:15 +0800] "GET /xingrg/all/function/internal_message.html?_=1623719658038&CODE_STATE=getMsg HTTP/1.1" 200 27
116.224.253.72 - - [15/Jun/2021:09:14:16 +0800] "GET /xingrg/all/function/internal_message.html?_=1623719652878&CODE_STATE=getMsg HTTP/1.1" 200 27
180.169.147.146 - - [15/Jun/2021:09:14:17 +0800] "POST /xingrg/all/report/report_print.html HTTP/1.1" 200 148636
116.233.72.58 - - [15/Jun/2021:09:14:18 +0800] "GET /xingrg/kc/buy/cgsh_order_operate.html?command=get_materiel&rest_code=00109&code=00101008107&supplier_code=00100005&order_time=2021-06-15 HTTP/1.1" 200 412
116.230.117.165 - - [15/Jun/2021:09:14:18 +0800] "GET /xingrg/kc/buy/cgsh_order_operate.html?command=get_materiel&rest_code=00146&code=00101008360&supplier_code=00100005&order_time=2021-06-15 HTTP/1.1" 200 412
120.253.135.82 - - [15/Jun/2021:09:14:20 +0800] "GET /xingrg/login.html HTTP/1.1" 200 7641
120.253.135.82 - - [15/Jun/2021:09:14:20 +0800] "GET /xingrg/images/blue/jxLogo.png HTTP/1.1" 304 -
180.169.147.146 - - [15/Jun/2021:09:14:21 +0800] "GET /xingrg/all/function/internal_message.html?_=1623719658422&CODE_STATE=getMsg HTTP/1.1" 200 27
120.253.135.82 - - [15/Jun/2021:09:14:21 +0800] "GET /xingrg/images/blue/login_bg.png HTTP/1.1" 304 -
120.253.135.82 - - [15/Jun/2021:09:14:21 +0800] "GET /xingrg/images/blue/hj.png HTTP/1.1" 304 -
120.253.135.82 - - [15/Jun/2021:09:14:21 +0800] "GET /xingrg/images/blue/srbg.png HTTP/1.1" 304 -
120.253.135.82 - - [15/Jun/2021:09:14:21 +0800] "GET /favicon.ico HTTP/1.1" 404 -
120.253.135.82 - - [15/Jun/2021:09:14:23 +0800] "POST /xingrg/login.do HTTP/1.1" 302 -
120.253.135.82 - - [15/Jun/2021:09:14:23 +0800] "GET /xingrg/javascript/jquery_easy_ui/themes/default/easyui.css HTTP/1.1" 304 -
120.253.135.82 - - [15/Jun/2021:09:14:23 +0800] "GET /xingrg/javascript/jquery_easy_ui/themes/icon.css HTTP/1.1" 304 -
120.253.135.82 - - [15/Jun/2021:09:14:23 +0800] "GET /xingrg/index.html?sysBaseUrl=http%3A%2F%2F180.169.147.146%3A18081%2Fxingrg%2F&costTime=78×tamp=1623719663865 HTTP/1.1" 200 17173
120.253.135.82 - - [15/Jun/2021:09:14:23 +0800] "GET /xingrg/javascript/jquery-1.4.2.min.js HTTP/1.1" 304 -
120.253.135.82 - - [15/Jun/2021:09:14:23 +0800] "GET /xingrg/css/form.css HTTP/1.1" 304 -
120.253.135.82 - - [15/Jun/2021:09:14:23 +0800] "GET /xingrg/javascript/jquery.timers.js HTTP/1.1" 304 -
120.253.135.82 - - [15/Jun/2021:09:14:23 +0800] "GET /xingrg/javascript/jquery.utils.js HTTP/1.1" 304 -
120.253.135.82 - - [15/Jun/2021:09:14:23 +0800] "GET /xingrg/javascript/jquery_easy_ui/easyui-lang-zh_CN.js HTTP/1.1" 304 -
120.253.135.82 - - [15/Jun/2021:09:14:23 +0800] "GET /xingrg/javascript/jquery_easy_ui/jquery.easyui.min.js HTTP/1.1" 304 -
120.253.135.82 - - [15/Jun/2021:09:14:23 +0800] "GET /xingrg/javascript/jquery.form.js HTTP/1.1" 304 -
120.253.135.82 - - [15/Jun/2021:09:14:24 +0800] "GET /xingrg/javascript/jquery_easy_ui/themes/icons/settle_new.png HTTP/1.1" 304 -
120.253.135.82 - - [15/Jun/2021:09:14:24 +0800] "GET /xingrg/images/blue/navBackgound.jpg HTTP/1.1" 304 -
120.253.135.82 - - [15/Jun/2021:09:14:24 +0800] "GET /xingrg/javascript/jquery_easy_ui/themes/default/images/panel_tool_collapse.gif HTTP/1.1" 304 -
120.253.135.82 - - [15/Jun/2021:09:14:24 +0800] "GET /xingrg/javascript/jquery_easy_ui/themes/default/images/tabs_rightarrow.png HTTP/1.1" 304 -
120.253.135.82 - - [15/Jun/2021:09:14:24 +0800] "GET /xingrg/javascript/jquery_easy_ui/themes/default/images/tabs_leftarrow.png HTTP/1.1" 304 -
120.253.135.82 - - [15/Jun/2021:09:14:24 +0800] "GET /xingrg/images/blue/pingpu.png HTTP/1.1" 304 -
120.253.135.82 - - [15/Jun/2021:09:14:24 +0800] "POST /xingrg/all/common/load_tree.html?tree=area_rest_tree_json&manage=1 HTTP/1.1" 200 344
120.253.135.82 - - [15/Jun/2021:09:14:24 +0800] "GET /favicon.ico HTTP/1.1" 404 -
120.253.135.82 - - [15/Jun/2021:09:14:24 +0800] "GET /xingrg/all/function/internal_message.html?_=1623719444864&CODE_STATE=count HTTP/1.1" 200 11
120.253.135.82 - - [15/Jun/2021:09:14:24 +0800] "GET /xingrg/check_reg.html?_=1623719444865 HTTP/1.1" 200 22
120.253.135.82 - - [15/Jun/2021:09:14:24 +0800] "GET /xingrg/javascript/jquery_easy_ui/themes/default/images/tree_arrows.gif HTTP/1.1" 304 -
120.253.135.82 - - [15/Jun/2021:09:14:24 +0800] "POST /xingrg/load_menu.html HTTP/1.1" 200 6743
120.253.135.82 - - [15/Jun/2021:09:14:24 +0800] "GET /xingrg/javascript/jquery_easy_ui/themes/default/images/tree_folder_open.gif HTTP/1.1" 304 -
120.253.135.82 - - [15/Jun/2021:09:14:24 +0800] "GET /xingrg/javascript/jquery_easy_ui/themes/icons/forms_new.png HTTP/1.1" 304 -
120.253.135.82 - - [15/Jun/2021:09:14:24 +0800] "GET /xingrg/javascript/jquery_easy_ui/themes/default/images/tree_file.gif HTTP/1.1" 304 -
120.253.135.82 - - [15/Jun/2021:09:14:24 +0800] "GET /xingrg/javascript/jquery_easy_ui/themes/icons/storage_new.png HTTP/1.1" 304 -
120.253.135.82 - - [15/Jun/2021:09:14:24 +0800] "GET /xingrg/javascript/jquery_easy_ui/themes/icons/search_new.png HTTP/1.1" 304 -
120.253.135.82 - - [15/Jun/2021:09:14:24 +0800] "GET /xingrg/javascript/jquery_easy_ui/themes/icons/delivery_new.png HTTP/1.1" 304 -
120.253.135.82 - - [15/Jun/2021:09:14:24 +0800] "GET /xingrg/javascript/jquery_easy_ui/themes/default/images/tree_folder.gif HTTP/1.1" 304 -
116.233.72.58 - - [15/Jun/2021:09:14:25 +0800] "GET /xingrg/kc/buy/cgsh_order_operate.html?command=get_materiel&rest_code=00109&code=00101008010&supplier_code=00100005&order_time=2021-06-15 HTTP/1.1" 200 412
120.253.135.82 - - [15/Jun/2021:09:14:26 +0800] "GET /xingrg/javascript/jquery_easy_ui/themes/default/images/tabs_close.gif HTTP/1.1" 304 -
120.253.135.82 - - [15/Jun/2021:09:14:26 +0800] "GET /xingrg/kc/report/report_main.html HTTP/1.1" 200 9370
120.253.135.82 - - [15/Jun/2021:09:14:26 +0800] "GET /xingrg/javascript/pic_change.js HTTP/1.1" 304 -
120.253.135.82 - - [15/Jun/2021:09:14:26 +0800] "GET /xingrg/css/blue.css HTTP/1.1" 304 -
120.253.135.82 - - [15/Jun/2021:09:14:26 +0800] "GET /xingrg/javascript/myfunction.js HTTP/1.1" 304 -
120.253.135.82 - - [15/Jun/2021:09:14:26 +0800] "GET /xingrg/javascript/json2.js HTTP/1.1" 304 -
120.253.135.82 - - [15/Jun/2021:09:14:26 +0800] "GET /xingrg/javascript/jquery_ui/themes/humanity/humanity.css HTTP/1.1" 200 27801
120.253.135.82 - - [15/Jun/2021:09:14:26 +0800] "GET /xingrg/javascript/jquery_easy_ui/themes/icons/back_new.png HTTP/1.1" 304 -
120.253.135.82 - - [15/Jun/2021:09:14:27 +0800] "GET /xingrg/kc/base/kc_stocks.html HTTP/1.1" 200 16431
120.253.135.82 - - [15/Jun/2021:09:14:27 +0800] "GET /xingrg/css/base.css HTTP/1.1" 304 -
120.253.135.82 - - [15/Jun/2021:09:14:27 +0800] "GET /xingrg/css/site.css HTTP/1.1" 304 -
120.253.135.82 - - [15/Jun/2021:09:14:27 +0800] "GET /xingrg/javascript/jquery_tools/datebox.css HTTP/1.1" 304 -
120.253.135.82 - - [15/Jun/2021:09:14:27 +0800] "GET /xingrg/javascript/jquery_tools/list_manager.js HTTP/1.1" 304 -
120.253.135.82 - - [15/Jun/2021:09:14:27 +0800] "GET /xingrg/javascript/jquery_tools/jquery.tools.min.js HTTP/1.1" 304 -
120.253.135.82 - - [15/Jun/2021:09:14:27 +0800] "GET /xingrg/javascript/jquery_tools/jquery.tools.hotkey.js HTTP/1.1" 304 -
120.253.135.82 - - [15/Jun/2021:09:14:27 +0800] "GET /xingrg/javascript/easyui/easyloader.js HTTP/1.1" 304 -
120.253.135.82 - - [15/Jun/2021:09:14:27 +0800] "GET /xingrg/javascript/auto/jquery.autocomplete.js HTTP/1.1" 304 -
120.253.135.82 - - [15/Jun/2021:09:14:27 +0800] "GET /xingrg/javascript/auto/jquery.autocomplete.css HTTP/1.1" 304 -
120.253.135.82 - - [15/Jun/2021:09:14:27 +0800] "GET /xingrg/javascript/jquery_tools/fix.css HTTP/1.1" 304 -
120.253.135.82 - - [15/Jun/2021:09:14:27 +0800] "GET /xingrg/javascript/easyui/themes/icon.css HTTP/1.1" 304 -
120.253.135.82 - - [15/Jun/2021:09:14:27 +0800] "GET /xingrg/javascript/jquery_tools/jquery.tools.extend.js HTTP/1.1" 304 -
120.253.135.82 - - [15/Jun/2021:09:14:27 +0800] "GET /xingrg/javascript/jquery.cookie.js HTTP/1.1" 304 -
120.253.135.82 - - [15/Jun/2021:09:14:27 +0800] "GET /xingrg/javascript/convert.js HTTP/1.1" 304 -
120.253.135.82 - - [15/Jun/2021:09:14:27 +0800] "GET /xingrg/javascript/print/LodopFuncs.js HTTP/1.1" 304 -
120.253.135.82 - - [15/Jun/2021:09:14:27 +0800] "GET /xingrg/javascript/easyui/themes/sunny/easyui.css HTTP/1.1" 200 34304
120.253.135.82 - - [15/Jun/2021:09:14:28 +0800] "GET /xingrg/javascript/easyui/themes/icons/field_new.png HTTP/1.1" 304 -
120.253.135.82 - - [15/Jun/2021:09:14:28 +0800] "GET /xingrg/javascript/easyui/themes/icons/print_new.png HTTP/1.1" 200 3580
120.253.135.82 - - [15/Jun/2021:09:14:28 +0800] "GET /xingrg/javascript/easyui/themes/icons/filter_new.png HTTP/1.1" 200 795
120.253.135.82 - - [15/Jun/2021:09:14:28 +0800] "GET /xingrg/javascript/easyui/themes/icons/import_new.png HTTP/1.1" 304 -
120.253.135.82 - - [15/Jun/2021:09:14:28 +0800] "GET /xingrg/images/control/ajaxLoader.gif HTTP/1.1" 304 -
120.253.135.82 - - [15/Jun/2021:09:14:28 +0800] "GET /xingrg/javascript/easyui/themes/icons/refresh_new.png HTTP/1.1" 200 685
120.253.135.82 - - [15/Jun/2021:09:14:28 +0800] "GET /xingrg/javascript/jquery_easy_ui/themes/icons/area.png HTTP/1.1" 304 -
120.253.135.82 - - [15/Jun/2021:09:14:28 +0800] "GET /xingrg/javascript/jquery_easy_ui/themes/icons/manage.png HTTP/1.1" 304 -
