116.235.222.38 - - [15/Jun/2021:10:38:13 +0800] "GET /xingrg/kc/print/load_data.html?order_code=212021061506777&kc_code=cgsh&condition= HTTP/1.1" 200 1584
116.235.222.38 - - [15/Jun/2021:10:38:18 +0800] "GET /xingrg/kc/buy/cgsh_order_add.html HTTP/1.1" 200 62554
116.235.222.38 - - [15/Jun/2021:10:38:19 +0800] "GET /xingrg/javascript/easyui/themes/default/validatebox.css HTTP/1.1" 404 1104
116.235.222.38 - - [15/Jun/2021:10:38:19 +0800] "POST /xingrg/kc/buy/cgsh_order_operate.html HTTP/1.1" 200 8245
116.230.117.165 - - [15/Jun/2021:10:38:19 +0800] "GET /xingrg/all/function/internal_message.html?_=1623724702957&CODE_STATE=getMsg HTTP/1.1" 200 27
61.165.42.208 - - [15/Jun/2021:10:38:20 +0800] "GET /xingrg/all/function/internal_message.html?_=1623724698621&CODE_STATE=getMsg HTTP/1.1" 200 27
116.235.222.38 - - [15/Jun/2021:10:38:20 +0800] "GET /xingrg/javascript/easyui/themes/default/tree.css HTTP/1.1" 404 1090
116.235.222.38 - - [15/Jun/2021:10:38:20 +0800] "POST /xingrg/all/common/load_tree.html?tree=supplier_tree_json&isDelete=1 HTTP/1.1" 200 56029
116.230.117.165 - - [15/Jun/2021:10:38:27 +0800] "GET /xingrg/kc/buy/cgsh_order_add.html HTTP/1.1" 200 62472
116.230.117.165 - - [15/Jun/2021:10:38:28 +0800] "POST /xingrg/kc/buy/cgsh_order_operate.html HTTP/1.1" 200 8245
180.169.147.146 - - [15/Jun/2021:10:38:28 +0800] "GET /xingrg/all/function/internal_message.html?_=1623724707411&CODE_STATE=getMsg HTTP/1.1" 200 27
116.230.117.165 - - [15/Jun/2021:10:38:28 +0800] "GET /xingrg/javascript/easyui/themes/default/validatebox.css HTTP/1.1" 404 1104
180.169.147.146 - - [15/Jun/2021:10:38:29 +0800] "GET /xingrg/all/function/internal_message.html?_=1623724707314&CODE_STATE=getMsg HTTP/1.1" 200 27
116.230.110.80 - - [15/Jun/2021:10:38:30 +0800] "GET /xingrg/all/function/internal_message.html?_=1623724678661&CODE_STATE=getMsg HTTP/1.1" 200 27
222.70.177.90 - - [15/Jun/2021:10:38:31 +0800] "GET /xingrg/kc/report/report_main.html HTTP/1.1" 200 7345
222.70.177.90 - - [15/Jun/2021:10:38:33 +0800] "GET /xingrg/all/report/report_query.html?fileName=kc/buy/wlcg_cate_hz.xml HTTP/1.1" 200 53941
222.70.177.90 - - [15/Jun/2021:10:38:33 +0800] "GET /xingrg/dwr/interface/AjaxReportQueryService.js HTTP/1.1" 200 13203
222.70.177.90 - - [15/Jun/2021:10:38:33 +0800] "GET /xingrg/dwr/util.js HTTP/1.1" 304 -
222.70.177.90 - - [15/Jun/2021:10:38:33 +0800] "GET /xingrg/dwr/engine.js HTTP/1.1" 200 43631
222.70.177.90 - - [15/Jun/2021:10:38:34 +0800] "POST /xingrg/dwr/call/plaincall/AjaxReportQueryService.getFixDate.dwr HTTP/1.1" 200 111
222.70.177.90 - - [15/Jun/2021:10:38:34 +0800] "POST /xingrg/all/common/load_tree.html?tree=supplier_tree_json&manage=1 HTTP/1.1" 200 56999
222.70.177.90 - - [15/Jun/2021:10:38:34 +0800] "POST /xingrg/all/common/load_tree.html?tree=materiel_sort_tree_json HTTP/1.1" 200 8666
222.70.177.90 - - [15/Jun/2021:10:38:35 +0800] "POST /xingrg/all/common/load_tree.html?tree=base_tree_json HTTP/1.1" 200 3663
222.70.177.90 - - [15/Jun/2021:10:38:37 +0800] "GET /xingrg/all/function/internal_message.html?_=1623724714309&CODE_STATE=getMsg HTTP/1.1" 200 27
117.185.32.26 - - [15/Jun/2021:10:38:38 +0800] "GET /xingrg/all/function/internal_message.html?_=1623725246352&CODE_STATE=getMsg HTTP/1.1" 200 27
116.224.253.72 - - [15/Jun/2021:10:38:39 +0800] "GET /xingrg/all/function/internal_message.html?_=1623724715954&CODE_STATE=getMsg HTTP/1.1" 200 27
116.224.253.72 - - [15/Jun/2021:10:38:42 +0800] "GET /xingrg/all/function/internal_message.html?_=1623724710795&CODE_STATE=getMsg HTTP/1.1" 200 27
116.235.222.38 - - [15/Jun/2021:10:38:42 +0800] "GET /xingrg/all/function/internal_message.html?_=1623724718466&CODE_STATE=getMsg HTTP/1.1" 200 27
222.70.177.90 - - [15/Jun/2021:10:38:45 +0800] "GET /xingrg/all/report/report_query.html?fileName=kc/buy/wlcg_mx.xml HTTP/1.1" 200 51648
222.70.177.90 - - [15/Jun/2021:10:38:45 +0800] "GET /xingrg/dwr/interface/AjaxReportQueryService.js HTTP/1.1" 200 13203
222.70.177.90 - - [15/Jun/2021:10:38:45 +0800] "GET /xingrg/dwr/engine.js HTTP/1.1" 200 43631
180.169.147.146 - - [15/Jun/2021:10:38:45 +0800] "GET /xingrg/all/function/internal_message.html?_=1623724722953&CODE_STATE=getMsg HTTP/1.1" 200 27
222.70.177.90 - - [15/Jun/2021:10:38:46 +0800] "POST /xingrg/dwr/call/plaincall/AjaxReportQueryService.getFixDate.dwr HTTP/1.1" 200 111
222.70.177.90 - - [15/Jun/2021:10:38:46 +0800] "POST /xingrg/dwr/call/plaincall/AjaxReportQueryService.getInitString.dwr HTTP/1.1" 200 25487
222.70.177.90 - - [15/Jun/2021:10:38:46 +0800] "POST /xingrg/dwr/call/plaincall/AjaxReportQueryService.getInitString.dwr HTTP/1.1" 200 975
222.70.177.90 - - [15/Jun/2021:10:38:46 +0800] "POST /xingrg/dwr/call/plaincall/AjaxReportQueryService.getInitString.dwr HTTP/1.1" 200 125
116.230.117.165 - - [15/Jun/2021:10:38:49 +0800] "GET /xingrg/kc/buy/cgsh_order_operate.html?command=get_materiel&rest_code=00146&code=00101010079&supplier_code=00100336&order_time=2021-06-15 HTTP/1.1" 200 413
116.233.72.58 - - [15/Jun/2021:10:38:52 +0800] "GET /xingrg/all/function/internal_message.html?_=1623724731469&CODE_STATE=getMsg HTTP/1.1" 200 27
116.235.222.38 - - [15/Jun/2021:10:38:56 +0800] "GET /xingrg/kc/buy/cgsh_order_operate.html?command=get_materiel&rest_code=00107&code=00101010695&supplier_code=00100430&order_time=2021-06-15 HTTP/1.1" 200 394
116.230.117.165 - - [15/Jun/2021:10:38:59 +0800] "POST /xingrg/kc/buy/cgsh_order_operate.html HTTP/1.1" 200 37
222.70.177.90 - - [15/Jun/2021:10:39:00 +0800] "POST /xingrg/dwr/call/plaincall/AjaxReportQueryService.refreshCache.dwr HTTP/1.1" 200 78
116.230.117.165 - - [15/Jun/2021:10:39:00 +0800] "POST /xingrg/kc/buy/cgsh_order_operate.html HTTP/1.1" 200 2658
61.165.42.208 - - [15/Jun/2021:10:39:02 +0800] "POST /xingrg/kc/buy/cgsh_order_operate.html HTTP/1.1" 200 37
117.184.7.26 - - [15/Jun/2021:10:39:02 +0800] "GET /xingrg/all/function/internal_message.html?_=1623724736278&CODE_STATE=getMsg HTTP/1.1" 200 27
117.185.32.26 - - [15/Jun/2021:10:39:03 +0800] "GET /xingrg/check_reg.html?_=1623725270405 HTTP/1.1" 200 22
61.165.42.208 - - [15/Jun/2021:10:39:03 +0800] "POST /xingrg/kc/buy/cgsh_order_operate.html HTTP/1.1" 200 44639
222.70.177.90 - - [15/Jun/2021:10:39:03 +0800] "POST /xingrg/all/report/load_report_page.html HTTP/1.1" 200 48789
222.70.177.90 - - [15/Jun/2021:10:39:03 +0800] "GET /xingrg/servlets/image?cache=0.7147117774705554&image=px HTTP/1.1" 200 807
61.165.42.208 - - [15/Jun/2021:10:39:04 +0800] "GET /xingrg/kc/print/load_data.html?order_code=212021061506760&kc_code=cgsh&condition= HTTP/1.1" 200 16499
116.230.117.165 - - [15/Jun/2021:10:39:05 +0800] "GET /xingrg/kc/print/load_data.html?order_code=212021061506778&kc_code=cgsh&condition= HTTP/1.1" 200 674
120.253.135.82 - - [15/Jun/2021:10:39:10 +0800] "GET /xingrg/all/function/internal_message.html?_=1623724771111&CODE_STATE=getMsg HTTP/1.1" 200 27
180.169.147.146 - - [15/Jun/2021:10:39:12 +0800] "GET /xingrg/all/function/internal_message.html?_=1623724752942&CODE_STATE=getMsg HTTP/1.1" 200 27
222.70.177.90 - - [15/Jun/2021:10:39:14 +0800] "POST /xingrg/dwr/call/plaincall/AjaxReportQueryService.refreshCache.dwr HTTP/1.1" 200 78
222.70.177.90 - - [15/Jun/2021:10:39:16 +0800] "POST /xingrg/all/report/load_report_page.html HTTP/1.1" 200 133669
222.70.177.90 - - [15/Jun/2021:10:39:16 +0800] "GET /xingrg/servlets/image?cache=0.3736977064458633&image=px HTTP/1.1" 200 807
116.230.117.165 - - [15/Jun/2021:10:39:20 +0800] "GET /xingrg/all/function/internal_message.html?_=1623724763216&CODE_STATE=getMsg HTTP/1.1" 200 27
61.165.42.208 - - [15/Jun/2021:10:39:20 +0800] "GET /xingrg/all/function/internal_message.html?_=1623724758630&CODE_STATE=getMsg HTTP/1.1" 200 27
116.235.222.38 - - [15/Jun/2021:10:39:23 +0800] "GET /xingrg/kc/buy/cgsh_order_operate.html?command=get_materiel&rest_code=00107&code=00101004032&supplier_code=00100430&order_time=2021-06-15 HTTP/1.1" 200 408
180.169.147.146 - - [15/Jun/2021:10:39:28 +0800] "GET /xingrg/all/function/internal_message.html?_=1623724767415&CODE_STATE=getMsg HTTP/1.1" 200 27
180.161.111.4 - - [15/Jun/2021:10:39:29 +0800] "GET /xingrg/check_reg.html?_=1623724730988 HTTP/1.1" 200 22
180.169.147.146 - - [15/Jun/2021:10:39:29 +0800] "GET /xingrg/all/function/internal_message.html?_=1623724767315&CODE_STATE=getMsg HTTP/1.1" 200 27
116.230.110.80 - - [15/Jun/2021:10:39:30 +0800] "GET /xingrg/all/function/internal_message.html?_=1623724738648&CODE_STATE=getMsg HTTP/1.1" 200 27
222.70.177.90 - - [15/Jun/2021:10:39:37 +0800] "GET /xingrg/all/function/internal_message.html?_=1623724774283&CODE_STATE=getMsg HTTP/1.1" 200 27
61.165.42.208 - - [15/Jun/2021:10:39:38 +0800] "GET /xingrg/kc/buy/cgsh_order_add.html HTTP/1.1" 200 62513
61.165.42.208 - - [15/Jun/2021:10:39:38 +0800] "POST /xingrg/kc/buy/cgsh_order_operate.html HTTP/1.1" 200 8245
61.165.42.208 - - [15/Jun/2021:10:39:38 +0800] "GET /xingrg/javascript/easyui/themes/default/validatebox.css HTTP/1.1" 404 1104
117.185.32.26 - - [15/Jun/2021:10:39:38 +0800] "GET /xingrg/all/function/internal_message.html?_=1623725306350&CODE_STATE=getMsg HTTP/1.1" 200 27
116.224.253.72 - - [15/Jun/2021:10:39:39 +0800] "GET /xingrg/all/function/internal_message.html?_=1623724775953&CODE_STATE=getMsg HTTP/1.1" 200 27
116.224.253.72 - - [15/Jun/2021:10:39:41 +0800] "GET /xingrg/check_reg.html?_=1623724769878 HTTP/1.1" 200 22
116.235.222.38 - - [15/Jun/2021:10:39:42 +0800] "GET /xingrg/all/function/internal_message.html?_=1623724778436&CODE_STATE=getMsg HTTP/1.1" 200 27
116.224.253.72 - - [15/Jun/2021:10:39:42 +0800] "GET /xingrg/all/function/internal_message.html?_=1623724770808&CODE_STATE=getMsg HTTP/1.1" 200 27
180.169.147.146 - - [15/Jun/2021:10:39:45 +0800] "GET /xingrg/all/function/internal_message.html?_=1623724782947&CODE_STATE=getMsg HTTP/1.1" 200 27
116.235.222.38 - - [15/Jun/2021:10:39:46 +0800] "POST /xingrg/kc/buy/cgsh_order_operate.html HTTP/1.1" 200 37
222.70.177.90 - - [15/Jun/2021:10:39:50 +0800] "POST /xingrg/dwr/call/plaincall/AjaxReportQueryService.refreshCache.dwr HTTP/1.1" 200 78
61.165.42.208 - - [15/Jun/2021:10:39:51 +0800] "GET /xingrg/kc/buy/cgsh_order_operate.html?command=get_materiel&rest_code=00105&code=00101009001&supplier_code=00100024&order_time=2021-06-15 HTTP/1.1" 200 416
116.235.222.38 - - [15/Jun/2021:10:39:52 +0800] "POST /xingrg/kc/buy/cgsh_order_operate.html HTTP/1.1" 200 3253
116.233.72.58 - - [15/Jun/2021:10:39:52 +0800] "GET /xingrg/all/function/internal_message.html?_=1623724791472&CODE_STATE=getMsg HTTP/1.1" 200 27
116.233.72.58 - - [15/Jun/2021:10:39:52 +0800] "GET /xingrg/check_reg.html?_=1623724791473 HTTP/1.1" 200 22
116.235.222.38 - - [15/Jun/2021:10:39:53 +0800] "GET /xingrg/kc/print/load_data.html?order_code=212021061506779&kc_code=cgsh&condition= HTTP/1.1" 200 884
222.70.177.90 - - [15/Jun/2021:10:39:53 +0800] "POST /xingrg/all/report/load_report_page.html HTTP/1.1" 200 113806
222.70.177.90 - - [15/Jun/2021:10:39:53 +0800] "GET /xingrg/servlets/image?cache=0.8756770427706382&image=px HTTP/1.1" 200 807
116.235.222.38 - - [15/Jun/2021:10:39:57 +0800] "GET /xingrg/kc/buy/cgsh_order_add.html HTTP/1.1" 200 62554
116.235.222.38 - - [15/Jun/2021:10:39:58 +0800] "GET /xingrg/javascript/easyui/themes/default/validatebox.css HTTP/1.1" 404 1104
116.235.222.38 - - [15/Jun/2021:10:39:58 +0800] "POST /xingrg/kc/buy/cgsh_order_operate.html HTTP/1.1" 200 8245
116.235.222.38 - - [15/Jun/2021:10:39:59 +0800] "GET /xingrg/javascript/easyui/themes/default/tree.css HTTP/1.1" 404 1090
116.235.222.38 - - [15/Jun/2021:10:40:00 +0800] "POST /xingrg/all/common/load_tree.html?tree=supplier_tree_json&isDelete=1 HTTP/1.1" 200 56029
117.184.7.26 - - [15/Jun/2021:10:40:02 +0800] "GET /xingrg/all/function/internal_message.html?_=1623724796279&CODE_STATE=getMsg HTTP/1.1" 200 27
61.165.42.208 - - [15/Jun/2021:10:40:08 +0800] "GET /xingrg/kc/buy/cgsh_order_operate.html?command=get_materiel&rest_code=00105&code=00101009124&supplier_code=00100024&order_time=2021-06-15 HTTP/1.1" 200 402
120.253.135.82 - - [15/Jun/2021:10:40:10 +0800] "GET /xingrg/all/function/internal_message.html?_=1623724831128&CODE_STATE=getMsg HTTP/1.1" 200 27
180.169.147.146 - - [15/Jun/2021:10:40:12 +0800] "GET /xingrg/check_reg.html?_=1623724812944 HTTP/1.1" 200 22
180.169.147.146 - - [15/Jun/2021:10:40:12 +0800] "GET /xingrg/all/function/internal_message.html?_=1623724812948&CODE_STATE=getMsg HTTP/1.1" 200 27
61.165.42.208 - - [15/Jun/2021:10:40:14 +0800] "GET /xingrg/kc/buy/cgsh_order_operate.html?command=get_materiel&rest_code=00105&code=00101009011&supplier_code=00100024&order_time=2021-06-15 HTTP/1.1" 200 416
116.235.222.38 - - [15/Jun/2021:10:40:18 +0800] "GET /xingrg/kc/buy/cgsh_order_operate.html?command=get_materiel&rest_code=00107&code=00101010534&supplier_code=00100322&order_time=2021-06-15 HTTP/1.1" 200 428
116.230.117.165 - - [15/Jun/2021:10:40:20 +0800] "GET /xingrg/all/function/internal_message.html?_=1623724823230&CODE_STATE=getMsg HTTP/1.1" 200 27
61.165.42.208 - - [15/Jun/2021:10:40:20 +0800] "GET /xingrg/all/function/internal_message.html?_=1623724818635&CODE_STATE=getMsg HTTP/1.1" 200 27
116.235.222.38 - - [15/Jun/2021:10:40:26 +0800] "POST /xingrg/kc/buy/cgsh_order_operate.html HTTP/1.1" 200 37
180.169.147.146 - - [15/Jun/2021:10:40:28 +0800] "GET /xingrg/check_reg.html?_=1623724827419 HTTP/1.1" 200 22
180.169.147.146 - - [15/Jun/2021:10:40:28 +0800] "GET /xingrg/all/function/internal_message.html?_=1623724827422&CODE_STATE=getMsg HTTP/1.1" 200 27
116.235.222.38 - - [15/Jun/2021:10:40:29 +0800] "POST /xingrg/kc/buy/cgsh_order_operate.html HTTP/1.1" 200 2679
180.169.147.146 - - [15/Jun/2021:10:40:29 +0800] "GET /xingrg/all/function/internal_message.html?_=1623724827319&CODE_STATE=getMsg HTTP/1.1" 200 27
180.169.147.146 - - [15/Jun/2021:10:40:29 +0800] "GET /xingrg/check_reg.html?_=1623724827320 HTTP/1.1" 200 22
116.230.110.80 - - [15/Jun/2021:10:40:30 +0800] "GET /xingrg/all/function/internal_message.html?_=1623724798663&CODE_STATE=getMsg HTTP/1.1" 200 27
116.230.110.80 - - [15/Jun/2021:10:40:30 +0800] "GET /xingrg/check_reg.html?_=1623724798666 HTTP/1.1" 200 22
116.235.222.38 - - [15/Jun/2021:10:40:31 +0800] "GET /xingrg/kc/print/load_data.html?order_code=212021061506780&kc_code=cgsh&condition= HTTP/1.1" 200 682
61.165.42.208 - - [15/Jun/2021:10:40:35 +0800] "GET /xingrg/kc/buy/cgsh_order_operate.html?command=get_materiel&rest_code=00105&code=00101009059&supplier_code=00100024&order_time=2021-06-15 HTTP/1.1" 200 409
116.235.222.38 - - [15/Jun/2021:10:40:35 +0800] "GET /xingrg/kc/buy/cgsh_order_add.html HTTP/1.1" 200 62554
116.235.222.38 - - [15/Jun/2021:10:40:36 +0800] "GET /xingrg/words/20210615091538_words.js HTTP/1.1" 304 -
116.235.222.38 - - [15/Jun/2021:10:40:36 +0800] "GET /xingrg/javascript/easyui/themes/default/validatebox.css HTTP/1.1" 404 1104
116.235.222.38 - - [15/Jun/2021:10:40:36 +0800] "POST /xingrg/kc/buy/cgsh_order_operate.html HTTP/1.1" 200 8245
222.70.177.90 - - [15/Jun/2021:10:40:37 +0800] "GET /xingrg/all/function/internal_message.html?_=1623724834266&CODE_STATE=getMsg HTTP/1.1" 200 27
117.185.32.26 - - [15/Jun/2021:10:40:38 +0800] "GET /xingrg/all/function/internal_message.html?_=1623725366335&CODE_STATE=getMsg HTTP/1.1" 200 27
116.235.222.38 - - [15/Jun/2021:10:40:39 +0800] "GET /xingrg/javascript/easyui/themes/default/tree.css HTTP/1.1" 404 1090
116.224.253.72 - - [15/Jun/2021:10:40:39 +0800] "GET /xingrg/all/function/internal_message.html?_=1623724835978&CODE_STATE=getMsg HTTP/1.1" 200 27
116.235.222.38 - - [15/Jun/2021:10:40:39 +0800] "POST /xingrg/all/common/load_tree.html?tree=supplier_tree_json&isDelete=1 HTTP/1.1" 200 56029
116.224.253.72 - - [15/Jun/2021:10:40:42 +0800] "GET /xingrg/all/function/internal_message.html?_=1623724830821&CODE_STATE=getMsg HTTP/1.1" 200 27
116.235.222.38 - - [15/Jun/2021:10:40:42 +0800] "GET /xingrg/all/function/internal_message.html?_=1623724838775&CODE_STATE=getMsg HTTP/1.1" 200 27
180.169.147.146 - - [15/Jun/2021:10:40:45 +0800] "GET /xingrg/all/function/internal_message.html?_=1623724842942&CODE_STATE=getMsg HTTP/1.1" 200 27
180.169.147.146 - - [15/Jun/2021:10:40:45 +0800] "GET /xingrg/check_reg.html?_=1623724842949 HTTP/1.1" 200 22
116.233.72.58 - - [15/Jun/2021:10:40:52 +0800] "GET /xingrg/all/function/internal_message.html?_=1623724851474&CODE_STATE=getMsg HTTP/1.1" 200 27
120.253.135.82 - - [15/Jun/2021:10:40:57 +0800] "GET /xingrg/check_reg.html?_=1623724877994 HTTP/1.1" 200 22
58.221.95.50 - - [15/Jun/2021:10:40:58 +0800] "GET /xingrg/check_reg.html?_=1623724857499 HTTP/1.1" 302 -
117.184.7.26 - - [15/Jun/2021:10:41:02 +0800] "GET /xingrg/check_reg.html?_=1623724856279 HTTP/1.1" 200 22
117.184.7.26 - - [15/Jun/2021:10:41:02 +0800] "GET /xingrg/all/function/internal_message.html?_=1623724856281&CODE_STATE=getMsg HTTP/1.1" 200 27
117.185.32.26 - - [15/Jun/2021:10:41:06 +0800] "GET /xingrg/kc/buy/buy_main.html HTTP/1.1" 200 12412
117.185.32.26 - - [15/Jun/2021:10:41:06 +0800] "GET /xingrg/css/new_ie.css HTTP/1.1" 404 1036
116.235.222.38 - - [15/Jun/2021:10:41:08 +0800] "GET /xingrg/kc/buy/cgsh_order_operate.html?command=get_materiel&rest_code=00107&code=00101001051&supplier_code=00100094&order_time=2021-06-15 HTTP/1.1" 200 422
117.185.32.26 - - [15/Jun/2021:10:41:08 +0800] "GET /xingrg/images/yd/bt.gif HTTP/1.1" 404 1040
117.185.32.26 - - [15/Jun/2021:10:41:09 +0800] "GET /xingrg/kc/buy/cgsh_order_list.html HTTP/1.1" 200 46728
120.253.135.82 - - [15/Jun/2021:10:41:10 +0800] "GET /xingrg/all/function/internal_message.html?_=1623724891138&CODE_STATE=getMsg HTTP/1.1" 200 27
180.169.147.146 - - [15/Jun/2021:10:41:12 +0800] "GET /xingrg/all/function/internal_message.html?_=1623724872934&CODE_STATE=getMsg HTTP/1.1" 200 27
116.230.117.165 - - [15/Jun/2021:10:41:14 +0800] "GET /xingrg/check_reg.html?_=1623724877806 HTTP/1.1" 200 22
116.224.253.72 - - [15/Jun/2021:10:41:16 +0800] "POST /xingrg/all/user/operate.html HTTP/1.1" 200 36
116.224.253.72 - - [15/Jun/2021:10:41:17 +0800] "GET /xingrg/javascript/jquery_easy_ui/themes/default/easyui.css HTTP/1.1" 304 -
116.224.253.72 - - [15/Jun/2021:10:41:17 +0800] "GET /xingrg/javascript/jquery_easy_ui/themes/icon.css HTTP/1.1" 304 -
116.224.253.72 - - [15/Jun/2021:10:41:17 +0800] "GET /xingrg/css/form.css HTTP/1.1" 304 -
116.224.253.72 - - [15/Jun/2021:10:41:17 +0800] "GET /xingrg/javascript/jquery-1.4.2.min.js HTTP/1.1" 304 -
116.224.253.72 - - [15/Jun/2021:10:41:17 +0800] "GET /xingrg/javascript/jquery_easy_ui/jquery.easyui.min.js HTTP/1.1" 304 -
116.224.253.72 - - [15/Jun/2021:10:41:17 +0800] "GET /xingrg/javascript/jquery_easy_ui/easyui-lang-zh_CN.js HTTP/1.1" 304 -
116.224.253.72 - - [15/Jun/2021:10:41:17 +0800] "GET /xingrg/javascript/jquery.form.js HTTP/1.1" 304 -
116.224.253.72 - - [15/Jun/2021:10:41:17 +0800] "GET /xingrg/javascript/jquery.utils.js HTTP/1.1" 304 -
116.224.253.72 - - [15/Jun/2021:10:41:17 +0800] "GET /xingrg/javascript/jquery.timers.js HTTP/1.1" 304 -
116.224.253.72 - - [15/Jun/2021:10:41:17 +0800] "GET /xingrg/index.html?sysBaseUrl=http%3A%2F%2F180.169.147.146%3A18081%2Fxingrg%2F&costTime=39×tamp=1623632916695 HTTP/1.1" 200 17177
116.224.253.72 - - [15/Jun/2021:10:41:17 +0800] "GET /xingrg/images/blue/jxLogo.png HTTP/1.1" 304 -
116.224.253.72 - - [15/Jun/2021:10:41:17 +0800] "GET /xingrg/images/blue/navBackgound.jpg HTTP/1.1" 304 -
116.224.253.72 - - [15/Jun/2021:10:41:17 +0800] "GET /xingrg/javascript/jquery_easy_ui/themes/icons/settle_new.png HTTP/1.1" 304 -
116.224.253.72 - - [15/Jun/2021:10:41:17 +0800] "GET /xingrg/check_reg.html?_=1623724874090 HTTP/1.1" 200 22
116.224.253.72 - - [15/Jun/2021:10:41:17 +0800] "GET /xingrg/all/function/internal_message.html?_=1623724874089&CODE_STATE=count HTTP/1.1" 200 11
116.224.253.72 - - [15/Jun/2021:10:41:17 +0800] "GET /xingrg/javascript/jquery_easy_ui/themes/default/images/tabs_rightarrow.png HTTP/1.1" 304 -
116.224.253.72 - - [15/Jun/2021:10:41:17 +0800] "GET /xingrg/images/blue/pingpu.png HTTP/1.1" 304 -
116.224.253.72 - - [15/Jun/2021:10:41:17 +0800] "GET /xingrg/javascript/jquery_easy_ui/themes/default/images/panel_tool_collapse.gif HTTP/1.1" 304 -
116.224.253.72 - - [15/Jun/2021:10:41:17 +0800] "GET /xingrg/javascript/jquery_easy_ui/themes/default/images/tabs_leftarrow.png HTTP/1.1" 304 -
116.224.253.72 - - [15/Jun/2021:10:41:17 +0800] "POST /xingrg/all/common/load_tree.html?tree=area_rest_tree_json&manage=1 HTTP/1.1" 200 476
116.224.253.72 - - [15/Jun/2021:10:41:18 +0800] "POST /xingrg/load_menu.html HTTP/1.1" 200 5138
116.230.117.165 - - [15/Jun/2021:10:41:20 +0800] "GET /xingrg/all/function/internal_message.html?_=1623724883244&CODE_STATE=getMsg HTTP/1.1" 200 27
61.165.42.208 - - [15/Jun/2021:10:41:20 +0800] "GET /xingrg/all/function/internal_message.html?_=1623724878649&CODE_STATE=getMsg HTTP/1.1" 200 27
61.165.42.208 - - [15/Jun/2021:10:41:20 +0800] "GET /xingrg/check_reg.html?_=1623724878697 HTTP/1.1" 200 22
116.224.253.72 - - [15/Jun/2021:10:41:21 +0800] "GET /xingrg/kc/buy/cgsh_order_list.html HTTP/1.1" 200 46732
117.185.32.26 - - [15/Jun/2021:10:41:26 +0800] "GET /xingrg/kc/buy/buy_main.html HTTP/1.1" 200 12412
117.185.32.26 - - [15/Jun/2021:10:41:26 +0800] "GET /xingrg/css/new_ie.css HTTP/1.1" 404 1036
117.185.32.26 - - [15/Jun/2021:10:41:27 +0800] "GET /xingrg/images/yd/bt.gif HTTP/1.1" 404 1040
116.235.222.38 - - [15/Jun/2021:10:41:28 +0800] "POST /xingrg/kc/buy/cgsh_order_operate.html HTTP/1.1" 200 37
180.169.147.146 - - [15/Jun/2021:10:41:28 +0800] "GET /xingrg/all/function/internal_message.html?_=1623724887409&CODE_STATE=getMsg HTTP/1.1" 200 27
117.185.32.26 - - [15/Jun/2021:10:41:29 +0800] "GET /xingrg/kc/buy/cgsh_order_list.html HTTP/1.1" 200 46728
180.169.147.146 - - [15/Jun/2021:10:41:29 +0800] "GET /xingrg/all/function/internal_message.html?_=1623724887322&CODE_STATE=getMsg HTTP/1.1" 200 27
116.230.110.80 - - [15/Jun/2021:10:41:30 +0800] "GET /xingrg/all/function/internal_message.html?_=1623724858655&CODE_STATE=getMsg HTTP/1.1" 200 27
116.224.253.72 - - [15/Jun/2021:10:41:31 +0800] "POST /xingrg/kc/buy/cgsh_list_operate.html HTTP/1.1" 200 876
116.235.222.38 - - [15/Jun/2021:10:41:33 +0800] "POST /xingrg/kc/buy/cgsh_order_operate.html HTTP/1.1" 200 2670
61.165.42.208 - - [15/Jun/2021:10:41:33 +0800] "GET /xingrg/kc/buy/cgsh_order_operate.html?command=get_materiel&rest_code=00105&code=00101009007&supplier_code=00100024&order_time=2021-06-15 HTTP/1.1" 200 410
116.224.253.72 - - [15/Jun/2021:10:41:34 +0800] "GET /xingrg/words/20210615091538_words.js HTTP/1.1" 304 -
116.224.253.72 - - [15/Jun/2021:10:41:34 +0800] "GET /xingrg/kc/buy/cgsh_order_add.html HTTP/1.1" 200 62108
116.224.253.72 - - [15/Jun/2021:10:41:34 +0800] "GET /xingrg/javascript/easyui/themes/default/validatebox.css HTTP/1.1" 404 1104
116.224.253.72 - - [15/Jun/2021:10:41:34 +0800] "POST /xingrg/kc/buy/cgsh_order_operate.html HTTP/1.1" 200 8245
116.224.253.72 - - [15/Jun/2021:10:41:35 +0800] "GET /xingrg/javascript/auto/indicator.gif HTTP/1.1" 404 1066
116.235.222.38 - - [15/Jun/2021:10:41:36 +0800] "GET /xingrg/kc/print/load_data.html?order_code=212021061506781&kc_code=cgsh&condition= HTTP/1.1" 200 758
222.70.177.90 - - [15/Jun/2021:10:41:37 +0800] "GET /xingrg/all/function/internal_message.html?_=1623724894245&CODE_STATE=getMsg HTTP/1.1" 200 27
117.185.32.26 - - [15/Jun/2021:10:41:38 +0800] "GET /xingrg/all/function/internal_message.html?_=1623725426321&CODE_STATE=getMsg HTTP/1.1" 200 27
116.235.222.38 - - [15/Jun/2021:10:41:41 +0800] "GET /xingrg/check_reg.html?_=1623724897660 HTTP/1.1" 200 22
116.224.253.72 - - [15/Jun/2021:10:41:42 +0800] "GET /xingrg/all/function/internal_message.html?_=1623724890834&CODE_STATE=getMsg HTTP/1.1" 200 27
116.235.222.38 - - [15/Jun/2021:10:41:42 +0800] "GET /xingrg/all/function/internal_message.html?_=1623724898751&CODE_STATE=getMsg HTTP/1.1" 200 27
117.185.32.26 - - [15/Jun/2021:10:41:43 +0800] "POST /xingrg/kc/buy/cgsh_list_operate.html HTTP/1.1" 200 2774
180.169.147.146 - - [15/Jun/2021:10:41:45 +0800] "GET /xingrg/all/function/internal_message.html?_=1623724902936&CODE_STATE=getMsg HTTP/1.1" 200 27
116.235.222.38 - - [15/Jun/2021:10:41:46 +0800] "GET /xingrg/kc/buy/cgsh_order_add.html HTTP/1.1" 200 62554
116.235.222.38 - - [15/Jun/2021:10:41:47 +0800] "GET /xingrg/javascript/easyui/themes/default/validatebox.css HTTP/1.1" 404 1104
116.235.222.38 - - [15/Jun/2021:10:41:47 +0800] "POST /xingrg/kc/buy/cgsh_order_operate.html HTTP/1.1" 200 8245
116.235.222.38 - - [15/Jun/2021:10:41:48 +0800] "GET /xingrg/javascript/easyui/themes/default/tree.css HTTP/1.1" 404 1090
116.235.222.38 - - [15/Jun/2021:10:41:48 +0800] "POST /xingrg/all/common/load_tree.html?tree=supplier_tree_json&isDelete=1 HTTP/1.1" 200 56029
117.185.32.26 - - [15/Jun/2021:10:41:48 +0800] "POST /xingrg/kc/buy/cgsh_list_operate.html HTTP/1.1" 200 2774
117.185.32.26 - - [15/Jun/2021:10:41:50 +0800] "POST /xingrg/kc/buy/cgsh_list_operate.html HTTP/1.1" 200 2774
116.224.253.72 - - [15/Jun/2021:10:41:51 +0800] "GET /xingrg/kc/buy/cgsh_order_operate.html?command=get_materiel&rest_code=00151&code=00101012046&supplier_code=00100347&order_time=2021-06-15 HTTP/1.1" 200 417
116.233.72.58 - - [15/Jun/2021:10:41:52 +0800] "GET /xingrg/all/function/internal_message.html?_=1623724911476&CODE_STATE=getMsg HTTP/1.1" 200 27
114.86.187.76 - - [15/Jun/2021:10:41:59 +0800] "GET /xingrg/index.html?sysBaseUrl=http%3A%2F%2F180.169.147.146%3A18081%2Fxingrg%2F&costTime=44×tamp=1622098168715 HTTP/1.1" 302 -
114.86.187.76 - - [15/Jun/2021:10:41:59 +0800] "GET /xingrg/login.html HTTP/1.1" 200 7641
114.86.187.76 - - [15/Jun/2021:10:42:00 +0800] "GET /favicon.ico HTTP/1.1" 404 -
114.86.187.76 - - [15/Jun/2021:10:42:02 +0800] "POST /xingrg/login.do HTTP/1.1" 302 -
114.86.187.76 - - [15/Jun/2021:10:42:02 +0800] "GET /favicon.ico HTTP/1.1" 404 -
117.184.7.26 - - [15/Jun/2021:10:42:02 +0800] "GET /xingrg/all/function/internal_message.html?_=1623724916283&CODE_STATE=getMsg HTTP/1.1" 200 27
114.86.187.76 - - [15/Jun/2021:10:42:02 +0800] "GET /xingrg/index.html?sysBaseUrl=http%3A%2F%2F180.169.147.146%3A18081%2Fxingrg%2F&costTime=461×tamp=1623724922397 HTTP/1.1" 200 17179
114.86.187.76 - - [15/Jun/2021:10:42:02 +0800] "GET /xingrg/all/function/internal_message.html?_=1623724924068&CODE_STATE=count HTTP/1.1" 200 11
114.86.187.76 - - [15/Jun/2021:10:42:02 +0800] "GET /xingrg/check_reg.html?_=1623724924069 HTTP/1.1" 200 22
114.86.187.76 - - [15/Jun/2021:10:42:02 +0800] "POST /xingrg/all/common/load_tree.html?tree=area_rest_tree_json&manage=1 HTTP/1.1" 200 351
114.86.187.76 - - [15/Jun/2021:10:42:03 +0800] "POST /xingrg/load_menu.html HTTP/1.1" 200 5138
116.224.253.72 - - [15/Jun/2021:10:42:05 +0800] "POST /xingrg/kc/buy/cgsh_order_operate.html HTTP/1.1" 200 37
114.86.187.76 - - [15/Jun/2021:10:42:06 +0800] "GET /xingrg/kc/buy/cgsh_order_list.html HTTP/1.1" 200 46734
120.253.135.82 - - [15/Jun/2021:10:42:11 +0800] "GET /xingrg/all/function/internal_message.html?_=1623724951150&CODE_STATE=getMsg HTTP/1.1" 200 27
180.169.147.146 - - [15/Jun/2021:10:42:12 +0800] "GET /xingrg/all/function/internal_message.html?_=1623724932935&CODE_STATE=getMsg HTTP/1.1" 200 27
116.235.222.38 - - [15/Jun/2021:10:42:14 +0800] "GET /xingrg/kc/buy/cgsh_order_operate.html?command=get_materiel&rest_code=00107&code=00101002058&supplier_code=00100313&order_time=2021-06-15 HTTP/1.1" 200 396
116.224.253.72 - - [15/Jun/2021:10:42:17 +0800] "GET /xingrg/all/function/internal_message.html?_=1623724934104&CODE_STATE=getMsg HTTP/1.1" 200 27
116.224.253.72 - - [15/Jun/2021:10:42:17 +0800] "POST /xingrg/kc/buy/cgsh_order_operate.html HTTP/1.1" 200 12
117.185.32.26 - - [15/Jun/2021:10:42:18 +0800] "GET /xingrg/words/20210615091538_words.js HTTP/1.1" 304 -
117.185.32.26 - - [15/Jun/2021:10:42:18 +0800] "GET /xingrg/kc/buy/cgsh_order_add.html HTTP/1.1" 200 62466
117.185.32.26 - - [15/Jun/2021:10:42:18 +0800] "GET /xingrg/javascript/easyui/themes/default/validatebox.css HTTP/1.1" 404 1104
117.185.32.26 - - [15/Jun/2021:10:42:18 +0800] "POST /xingrg/kc/buy/cgsh_order_operate.html HTTP/1.1" 200 8245
116.230.117.165 - - [15/Jun/2021:10:42:20 +0800] "GET /xingrg/all/function/internal_message.html?_=1623724943258&CODE_STATE=getMsg HTTP/1.1" 200 27
116.224.253.72 - - [15/Jun/2021:10:42:20 +0800] "GET /xingrg/kc/buy/cgsh_order_info.html?code=212021061506782 HTTP/1.1" 200 57002
114.86.187.76 - - [15/Jun/2021:10:42:20 +0800] "POST /xingrg/kc/buy/cgsh_list_operate.html HTTP/1.1" 200 876
116.224.253.72 - - [15/Jun/2021:10:42:20 +0800] "GET /xingrg/javascript/easyui/themes/default/validatebox.css HTTP/1.1" 404 1104
61.165.42.208 - - [15/Jun/2021:10:42:20 +0800] "GET /xingrg/all/function/internal_message.html?_=1623724938686&CODE_STATE=getMsg HTTP/1.1" 200 27
116.224.253.72 - - [15/Jun/2021:10:42:22 +0800] "POST /xingrg/kc/buy/cgsh_order_operate.html HTTP/1.1" 200 619
117.185.32.26 - - [15/Jun/2021:10:42:26 +0800] "GET /xingrg/javascript/easyui/themes/default/tree.css HTTP/1.1" 404 1090
117.185.32.26 - - [15/Jun/2021:10:42:26 +0800] "POST /xingrg/all/common/load_tree.html?tree=supplier_tree_json&isDelete=1 HTTP/1.1" 200 56029
116.224.253.72 - - [15/Jun/2021:10:42:26 +0800] "GET /xingrg/kc/print/load_data.html?order_code=212021061506782&kc_code=cgsh&condition= HTTP/1.1" 200 701
114.86.187.76 - - [15/Jun/2021:10:42:28 +0800] "GET /xingrg/kc/buy/cgsh_order_add.html HTTP/1.1" 200 62466
114.86.187.76 - - [15/Jun/2021:10:42:28 +0800] "GET /xingrg/words/20210615091538_words.js HTTP/1.1" 200 821221
114.86.187.76 - - [15/Jun/2021:10:42:28 +0800] "GET /xingrg/javascript/easyui/themes/default/validatebox.css HTTP/1.1" 404 1104
114.86.187.76 - - [15/Jun/2021:10:42:28 +0800] "GET /xingrg/all/common/auto_word.html?type=employee&rest_code=00148 HTTP/1.1" 200 197
114.86.187.76 - - [15/Jun/2021:10:42:28 +0800] "GET /xingrg/all/common/auto_word.html?type=employee&rest_code=00148 HTTP/1.1" 200 197
114.86.187.76 - - [15/Jun/2021:10:42:28 +0800] "POST /xingrg/kc/buy/cgsh_order_operate.html HTTP/1.1" 200 8245
180.169.147.146 - - [15/Jun/2021:10:42:28 +0800] "GET /xingrg/all/function/internal_message.html?_=1623724947416&CODE_STATE=getMsg HTTP/1.1" 200 27
180.169.147.146 - - [15/Jun/2021:10:42:29 +0800] "GET /xingrg/all/function/internal_message.html?_=1623724947322&CODE_STATE=getMsg HTTP/1.1" 200 27
116.230.110.80 - - [15/Jun/2021:10:42:30 +0800] "GET /xingrg/all/function/internal_message.html?_=1623724918648&CODE_STATE=getMsg HTTP/1.1" 200 27
114.86.187.76 - - [15/Jun/2021:10:42:30 +0800] "GET /xingrg/javascript/auto/indicator.gif HTTP/1.1" 404 1066
116.230.117.165 - - [15/Jun/2021:10:42:30 +0800] "GET /xingrg/check_reg.html?_=1623724947641 HTTP/1.1" 302 -
114.86.187.76 - - [15/Jun/2021:10:42:30 +0800] "GET /xingrg/javascript/jquery_tools/images/prev.gif HTTP/1.1" 404 1086
114.86.187.76 - - [15/Jun/2021:10:42:30 +0800] "GET /xingrg/javascript/jquery_tools/images/next.gif HTTP/1.1" 404 1086
116.224.253.72 - - [15/Jun/2021:10:42:33 +0800] "GET /xingrg/kc/buy/cgsh_order_add.html HTTP/1.1" 200 62108
116.224.253.72 - - [15/Jun/2021:10:42:33 +0800] "POST /xingrg/kc/buy/cgsh_order_operate.html HTTP/1.1" 200 8245
116.224.253.72 - - [15/Jun/2021:10:42:33 +0800] "GET /xingrg/javascript/easyui/themes/default/validatebox.css HTTP/1.1" 404 1104
222.70.177.90 - - [15/Jun/2021:10:42:37 +0800] "GET /xingrg/all/function/internal_message.html?_=1623724954225&CODE_STATE=getMsg HTTP/1.1" 200 27
222.70.177.90 - - [15/Jun/2021:10:42:37 +0800] "GET /xingrg/check_reg.html?_=1623724954462 HTTP/1.1" 200 22
117.185.32.26 - - [15/Jun/2021:10:42:38 +0800] "GET /xingrg/all/function/internal_message.html?_=1623725486305&CODE_STATE=getMsg HTTP/1.1" 200 27
116.224.253.72 - - [15/Jun/2021:10:42:42 +0800] "GET /xingrg/all/function/internal_message.html?_=1623724950852&CODE_STATE=getMsg HTTP/1.1" 200 27
116.235.222.38 - - [15/Jun/2021:10:42:42 +0800] "GET /xingrg/all/function/internal_message.html?_=1623724958729&CODE_STATE=getMsg HTTP/1.1" 200 27
61.165.42.208 - - [15/Jun/2021:10:42:43 +0800] "GET /xingrg/kc/buy/cgsh_order_operate.html?command=get_materiel&rest_code=00105&code=00101009039&supplier_code=00100024&order_time=2021-06-15 HTTP/1.1" 200 408
114.86.187.76 - - [15/Jun/2021:10:42:45 +0800] "GET /xingrg/kc/buy/cgsh_order_operate.html?command=get_materiel&rest_code=00148&code=00101003004&supplier_code=00100347&order_time=2021-06-15 HTTP/1.1" 200 421
180.169.147.146 - - [15/Jun/2021:10:42:45 +0800] "GET /xingrg/all/function/internal_message.html?_=1623724962953&CODE_STATE=getMsg HTTP/1.1" 200 27
116.235.222.38 - - [15/Jun/2021:10:42:46 +0800] "GET /xingrg/kc/buy/cgsh_order_operate.html?command=get_materiel&rest_code=00107&code=00101001016&supplier_code=00100313&order_time=2021-06-15 HTTP/1.1" 200 415
116.233.72.58 - - [15/Jun/2021:10:42:52 +0800] "GET /xingrg/all/function/internal_message.html?_=1623724971482&CODE_STATE=getMsg HTTP/1.1" 200 27
117.185.32.26 - - [15/Jun/2021:10:42:54 +0800] "GET /xingrg/javascript/auto/indicator.gif HTTP/1.1" 404 1066
61.165.42.208 - - [15/Jun/2021:10:43:00 +0800] "POST /xingrg/kc/buy/cgsh_order_operate.html HTTP/1.1" 200 37
117.184.7.26 - - [15/Jun/2021:10:43:02 +0800] "GET /xingrg/all/function/internal_message.html?_=1623724976284&CODE_STATE=getMsg HTTP/1.1" 200 27
116.224.253.72 - - [15/Jun/2021:10:43:02 +0800] "GET /xingrg/kc/buy/cgsh_order_operate.html?command=get_materiel&rest_code=00151&code=00101004057&supplier_code=00100312&order_time=2021-06-15 HTTP/1.1" 200 429
114.86.187.76 - - [15/Jun/2021:10:43:02 +0800] "GET /xingrg/all/function/internal_message.html?_=1623724984072&CODE_STATE=getMsg HTTP/1.1" 200 27
61.165.42.208 - - [15/Jun/2021:10:43:05 +0800] "POST /xingrg/kc/buy/cgsh_order_operate.html HTTP/1.1" 200 8607
61.165.42.208 - - [15/Jun/2021:10:43:08 +0800] "GET /xingrg/kc/print/load_data.html?order_code=212021061506783&kc_code=cgsh&condition= HTTP/1.1" 200 2945
117.185.32.26 - - [15/Jun/2021:10:43:08 +0800] "GET /xingrg/kc/buy/cgsh_order_operate.html?command=get_materiel&rest_code=00106&code=00101001051&supplier_code=00100090&order_time=2021-06-15 HTTP/1.1" 200 422
116.235.222.38 - - [15/Jun/2021:10:43:09 +0800] "GET /xingrg/kc/buy/cgsh_order_operate.html?command=get_materiel&rest_code=00107&code=00101014083&supplier_code=00100313&order_time=2021-06-15 HTTP/1.1" 200 409
120.253.135.82 - - [15/Jun/2021:10:43:11 +0800] "GET /xingrg/all/function/internal_message.html?_=1623725011172&CODE_STATE=getMsg HTTP/1.1" 200 27
180.169.147.146 - - [15/Jun/2021:10:43:12 +0800] "GET /xingrg/all/function/internal_message.html?_=1623724992936&CODE_STATE=getMsg HTTP/1.1" 200 27
114.86.187.76 - - [15/Jun/2021:10:43:15 +0800] "GET /xingrg/kc/buy/cgsh_order_operate.html?command=get_materiel&rest_code=00148&code=00101012101&supplier_code=00100347&order_time=2021-06-15 HTTP/1.1" 200 404
116.224.253.72 - - [15/Jun/2021:10:43:16 +0800] "GET /xingrg/kc/buy/cgsh_order_operate.html?command=get_materiel&rest_code=00151&code=00101001096&supplier_code=00100312&order_time=2021-06-15 HTTP/1.1" 200 413
116.224.253.72 - - [15/Jun/2021:10:43:17 +0800] "GET /xingrg/all/function/internal_message.html?_=1623724994114&CODE_STATE=getMsg HTTP/1.1" 200 27
116.230.117.165 - - [15/Jun/2021:10:43:20 +0800] "GET /xingrg/all/function/internal_message.html?_=1623725003571&CODE_STATE=getMsg HTTP/1.1" 200 27
61.165.42.208 - - [15/Jun/2021:10:43:20 +0800] "GET /xingrg/all/function/internal_message.html?_=1623724998648&CODE_STATE=getMsg HTTP/1.1" 200 27
180.169.147.146 - - [15/Jun/2021:10:43:28 +0800] "GET /xingrg/all/function/internal_message.html?_=1623725007408&CODE_STATE=getMsg HTTP/1.1" 200 27
180.169.147.146 - - [15/Jun/2021:10:43:29 +0800] "GET /xingrg/all/function/internal_message.html?_=1623725007305&CODE_STATE=getMsg HTTP/1.1" 200 27
116.230.110.80 - - [15/Jun/2021:10:43:30 +0800] "GET /xingrg/all/function/internal_message.html?_=1623724978659&CODE_STATE=getMsg HTTP/1.1" 200 27
116.224.253.72 - - [15/Jun/2021:10:43:31 +0800] "POST /xingrg/kc/buy/cgsh_order_operate.html HTTP/1.1" 200 37
116.235.222.38 - - [15/Jun/2021:10:43:36 +0800] "GET /xingrg/kc/buy/cgsh_order_operate.html?command=get_materiel&rest_code=00107&code=00101005043&supplier_code=00100313&order_time=2021-06-15 HTTP/1.1" 200 417
117.185.32.26 - - [15/Jun/2021:10:43:36 +0800] "GET /xingrg/kc/buy/cgsh_order_operate.html?command=get_materiel&rest_code=00106&code=00101001093&supplier_code=00100090&order_time=2021-06-15 HTTP/1.1" 200 411
222.70.177.90 - - [15/Jun/2021:10:43:37 +0800] "GET /xingrg/all/function/internal_message.html?_=1623725014199&CODE_STATE=getMsg HTTP/1.1" 200 27
117.185.32.26 - - [15/Jun/2021:10:43:38 +0800] "GET /xingrg/all/function/internal_message.html?_=1623725546283&CODE_STATE=getMsg HTTP/1.1" 200 27
114.86.187.76 - - [15/Jun/2021:10:43:41 +0800] "GET /xingrg/kc/buy/cgsh_order_operate.html?command=get_materiel&rest_code=00148&code=00101010563&supplier_code=00100347&order_time=2021-06-15 HTTP/1.1" 200 398
116.224.253.72 - - [15/Jun/2021:10:43:42 +0800] "GET /xingrg/all/function/internal_message.html?_=1623725010861&CODE_STATE=getMsg HTTP/1.1" 200 27
116.235.222.38 - - [15/Jun/2021:10:43:42 +0800] "GET /xingrg/all/function/internal_message.html?_=1623725018710&CODE_STATE=getMsg HTTP/1.1" 200 27
116.224.253.72 - - [15/Jun/2021:10:43:43 +0800] "POST /xingrg/kc/buy/cgsh_order_operate.html HTTP/1.1" 200 12
116.224.253.72 - - [15/Jun/2021:10:43:45 +0800] "GET /xingrg/kc/buy/cgsh_order_info.html?code=212021061506784 HTTP/1.1" 200 57014
116.224.253.72 - - [15/Jun/2021:10:43:45 +0800] "GET /xingrg/javascript/easyui/themes/default/validatebox.css HTTP/1.1" 404 1104
180.169.147.146 - - [15/Jun/2021:10:43:45 +0800] "GET /xingrg/all/function/internal_message.html?_=1623725022943&CODE_STATE=getMsg HTTP/1.1" 200 27
116.224.253.72 - - [15/Jun/2021:10:43:47 +0800] "POST /xingrg/kc/buy/cgsh_order_operate.html HTTP/1.1" 200 1215
116.224.253.72 - - [15/Jun/2021:10:43:50 +0800] "GET /xingrg/kc/print/load_data.html?order_code=212021061506784&kc_code=cgsh&condition= HTTP/1.1" 200 950
116.233.72.58 - - [15/Jun/2021:10:43:52 +0800] "GET /xingrg/all/function/internal_message.html?_=1623725031481&CODE_STATE=getMsg HTTP/1.1" 200 27
116.224.253.72 - - [15/Jun/2021:10:43:56 +0800] "GET /xingrg/kc/buy/cgsh_order_add.html HTTP/1.1" 200 62108
116.224.253.72 - - [15/Jun/2021:10:43:56 +0800] "GET /xingrg/javascript/easyui/themes/default/validatebox.css HTTP/1.1" 404 1104
116.224.253.72 - - [15/Jun/2021:10:43:56 +0800] "POST /xingrg/kc/buy/cgsh_order_operate.html HTTP/1.1" 200 8245
114.86.187.76 - - [15/Jun/2021:10:44:01 +0800] "POST /xingrg/kc/buy/cgsh_order_operate.html HTTP/1.1" 200 37
117.184.7.26 - - [15/Jun/2021:10:44:02 +0800] "GET /xingrg/all/function/internal_message.html?_=1623725036284&CODE_STATE=getMsg HTTP/1.1" 200 27
114.86.187.76 - - [15/Jun/2021:10:44:02 +0800] "GET /xingrg/all/function/internal_message.html?_=1623725044084&CODE_STATE=getMsg HTTP/1.1" 200 27
117.185.32.26 - - [15/Jun/2021:10:44:03 +0800] "GET /xingrg/check_reg.html?_=1623725570423 HTTP/1.1" 200 22
116.235.222.38 - - [15/Jun/2021:10:44:05 +0800] "GET /xingrg/kc/buy/cgsh_order_operate.html?command=get_materiel&rest_code=00107&code=00101005066&supplier_code=00100313&order_time=2021-06-15 HTTP/1.1" 200 396
114.86.187.76 - - [15/Jun/2021:10:44:06 +0800] "POST /xingrg/kc/buy/cgsh_order_operate.html HTTP/1.1" 200 3860
116.224.253.72 - - [15/Jun/2021:10:44:09 +0800] "GET /xingrg/kc/buy/cgsh_order_operate.html?command=get_materiel&rest_code=00151&code=00101008147&supplier_code=00100440&order_time=2021-06-15 HTTP/1.1" 200 416
120.253.135.82 - - [15/Jun/2021:10:44:11 +0800] "GET /xingrg/all/function/internal_message.html?_=1623725071178&CODE_STATE=getMsg HTTP/1.1" 200 27
180.169.147.146 - - [15/Jun/2021:10:44:12 +0800] "GET /xingrg/all/function/internal_message.html?_=1623725052941&CODE_STATE=getMsg HTTP/1.1" 200 27
116.224.253.72 - - [15/Jun/2021:10:44:17 +0800] "GET /xingrg/all/function/internal_message.html?_=1623725054111&CODE_STATE=getMsg HTTP/1.1" 200 27
116.230.117.165 - - [15/Jun/2021:10:44:20 +0800] "GET /xingrg/all/function/internal_message.html?_=1623725063582&CODE_STATE=getMsg HTTP/1.1" 200 27
61.165.42.208 - - [15/Jun/2021:10:44:20 +0800] "GET /xingrg/all/function/internal_message.html?_=1623725058638&CODE_STATE=getMsg HTTP/1.1" 200 27
117.185.32.26 - - [15/Jun/2021:10:44:21 +0800] "POST /xingrg/kc/buy/cgsh_order_operate.html HTTP/1.1" 200 37
116.224.253.72 - - [15/Jun/2021:10:44:26 +0800] "GET /xingrg/kc/buy/cgsh_order_operate.html?command=get_materiel&rest_code=00151&code=00101008146&supplier_code=00100440&order_time=2021-06-15 HTTP/1.1" 200 416
180.169.147.146 - - [15/Jun/2021:10:44:28 +0800] "GET /xingrg/all/function/internal_message.html?_=1623725067415&CODE_STATE=getMsg HTTP/1.1" 200 27
180.161.111.4 - - [15/Jun/2021:10:44:29 +0800] "GET /xingrg/check_reg.html?_=1623725031351 HTTP/1.1" 200 22
180.169.147.146 - - [15/Jun/2021:10:44:29 +0800] "GET /xingrg/all/function/internal_message.html?_=1623725067315&CODE_STATE=getMsg HTTP/1.1" 200 27
116.230.110.80 - - [15/Jun/2021:10:44:30 +0800] "GET /xingrg/all/function/internal_message.html?_=1623725038656&CODE_STATE=getMsg HTTP/1.1" 200 27
222.70.177.90 - - [15/Jun/2021:10:44:37 +0800] "GET /xingrg/all/function/internal_message.html?_=1623725074172&CODE_STATE=getMsg HTTP/1.1" 200 27
116.224.253.72 - - [15/Jun/2021:10:44:38 +0800] "POST /xingrg/kc/buy/cgsh_order_operate.html HTTP/1.1" 200 37
117.185.32.26 - - [15/Jun/2021:10:44:38 +0800] "GET /xingrg/all/function/internal_message.html?_=1623725606259&CODE_STATE=getMsg HTTP/1.1" 200 27
116.224.253.72 - - [15/Jun/2021:10:44:41 +0800] "GET /xingrg/check_reg.html?_=1623725069880 HTTP/1.1" 200 22
116.235.222.38 - - [15/Jun/2021:10:44:42 +0800] "GET /xingrg/all/function/internal_message.html?_=1623725078683&CODE_STATE=getMsg HTTP/1.1" 200 27
116.224.253.72 - - [15/Jun/2021:10:44:42 +0800] "GET /xingrg/all/function/internal_message.html?_=1623725070875&CODE_STATE=getMsg HTTP/1.1" 200 27
180.169.147.146 - - [15/Jun/2021:10:44:45 +0800] "GET /xingrg/all/function/internal_message.html?_=1623725082947&CODE_STATE=getMsg HTTP/1.1" 200 27
116.235.222.38 - - [15/Jun/2021:10:44:48 +0800] "POST /xingrg/kc/buy/cgsh_order_operate.html HTTP/1.1" 200 37
117.185.32.26 - - [15/Jun/2021:10:44:48 +0800] "POST /xingrg/kc/buy/cgsh_order_operate.html HTTP/1.1" 200 12
116.233.72.58 - - [15/Jun/2021:10:44:52 +0800] "GET /xingrg/all/function/internal_message.html?_=1623725091487&CODE_STATE=getMsg HTTP/1.1" 200 27
116.233.72.58 - - [15/Jun/2021:10:44:52 +0800] "GET /xingrg/check_reg.html?_=1623725091488 HTTP/1.1" 200 22
116.235.222.38 - - [15/Jun/2021:10:44:56 +0800] "POST /xingrg/kc/buy/cgsh_order_operate.html HTTP/1.1" 200 5030
116.224.253.72 - - [15/Jun/2021:10:44:57 +0800] "POST /xingrg/kc/buy/cgsh_order_operate.html HTTP/1.1" 200 12
117.185.32.26 - - [15/Jun/2021:10:44:58 +0800] "GET /xingrg/kc/buy/cgsh_order_info.html?code=212021061506786 HTTP/1.1" 200 57372
117.185.32.26 - - [15/Jun/2021:10:44:58 +0800] "GET /xingrg/javascript/easyui/themes/default/validatebox.css HTTP/1.1" 404 1104
116.224.253.72 - - [15/Jun/2021:10:44:59 +0800] "GET /xingrg/kc/buy/cgsh_order_info.html?code=212021061506787 HTTP/1.1" 200 57014
116.224.253.72 - - [15/Jun/2021:10:45:00 +0800] "GET /xingrg/javascript/easyui/themes/default/validatebox.css HTTP/1.1" 404 1104
117.185.32.26 - - [15/Jun/2021:10:45:00 +0800] "POST /xingrg/kc/buy/cgsh_order_operate.html HTTP/1.1" 200 1216
116.235.222.38 - - [15/Jun/2021:10:45:01 +0800] "GET /xingrg/kc/print/load_data.html?order_code=212021061506788&kc_code=cgsh&condition= HTTP/1.1" 200 1585
116.224.253.72 - - [15/Jun/2021:10:45:02 +0800] "POST /xingrg/kc/buy/cgsh_order_operate.html HTTP/1.1" 200 1225
117.184.7.26 - - [15/Jun/2021:10:45:02 +0800] "GET /xingrg/all/function/internal_message.html?_=1623725096287&CODE_STATE=getMsg HTTP/1.1" 200 27
117.185.32.26 - - [15/Jun/2021:10:45:04 +0800] "GET /xingrg/kc/print/load_config.html?kc_code=cgsh HTTP/1.1" 200 1845
116.224.253.72 - - [15/Jun/2021:10:45:05 +0800] "GET /xingrg/kc/print/load_data.html?order_code=212021061506787&kc_code=cgsh&condition= HTTP/1.1" 200 962
117.185.32.26 - - [15/Jun/2021:10:45:05 +0800] "GET /xingrg/kc/print/load_data.html?order_code=212021061506786&kc_code=cgsh&condition= HTTP/1.1" 200 1013
120.253.135.82 - - [15/Jun/2021:10:45:11 +0800] "GET /xingrg/all/function/internal_message.html?_=1623725131195&CODE_STATE=getMsg HTTP/1.1" 200 27
116.224.253.72 - - [15/Jun/2021:10:45:11 +0800] "GET /xingrg/kc/buy/cgsh_order_add.html HTTP/1.1" 200 62108
116.224.253.72 - - [15/Jun/2021:10:45:11 +0800] "GET /xingrg/javascript/easyui/themes/default/validatebox.css HTTP/1.1" 404 1104
116.224.253.72 - - [15/Jun/2021:10:45:11 +0800] "POST /xingrg/kc/buy/cgsh_order_operate.html HTTP/1.1" 200 8245
180.169.147.146 - - [15/Jun/2021:10:45:12 +0800] "GET /xingrg/all/function/internal_message.html?_=1623725112943&CODE_STATE=getMsg HTTP/1.1" 200 27
180.169.147.146 - - [15/Jun/2021:10:45:12 +0800] "GET /xingrg/check_reg.html?_=1623725112947 HTTP/1.1" 200 22
116.235.222.38 - - [15/Jun/2021:10:45:13 +0800] "POST /xingrg/kc/buy/cgsh_order_operate.html HTTP/1.1" 200 37
116.224.253.72 - - [15/Jun/2021:10:45:17 +0800] "GET /xingrg/all/function/internal_message.html?_=1623725114111&CODE_STATE=getMsg HTTP/1.1" 200 27
116.235.222.38 - - [15/Jun/2021:10:45:18 +0800] "POST /xingrg/kc/buy/cgsh_order_operate.html HTTP/1.1" 200 5030
116.235.222.38 - - [15/Jun/2021:10:45:20 +0800] "GET /xingrg/kc/buy/cgsh_order_add.html HTTP/1.1" 200 62554
61.165.42.208 - - [15/Jun/2021:10:45:20 +0800] "GET /xingrg/all/function/internal_message.html?_=1623725118639&CODE_STATE=getMsg HTTP/1.1" 200 27
116.230.117.165 - - [15/Jun/2021:10:45:20 +0800] "GET /xingrg/all/function/internal_message.html?_=1623725123876&CODE_STATE=getMsg HTTP/1.1" 200 27
116.235.222.38 - - [15/Jun/2021:10:45:21 +0800] "GET /xingrg/javascript/easyui/themes/default/validatebox.css HTTP/1.1" 404 1104
116.235.222.38 - - [15/Jun/2021:10:45:21 +0800] "POST /xingrg/kc/buy/cgsh_order_operate.html HTTP/1.1" 200 8245
117.185.32.26 - - [15/Jun/2021:10:45:22 +0800] "GET /xingrg/login.html HTTP/1.1" 200 7641
116.224.253.72 - - [15/Jun/2021:10:45:22 +0800] "GET /xingrg/kc/buy/cgsh_order_operate.html?command=get_materiel&rest_code=00151&code=00101010172&supplier_code=00100337&order_time=2021-06-15 HTTP/1.1" 200 409
117.185.32.26 - - [15/Jun/2021:10:45:22 +0800] "GET /favicon.ico HTTP/1.1" 404 -
116.235.222.38 - - [15/Jun/2021:10:45:22 +0800] "GET /xingrg/javascript/easyui/themes/default/tree.css HTTP/1.1" 404 1090
116.235.222.38 - - [15/Jun/2021:10:45:23 +0800] "POST /xingrg/all/common/load_tree.html?tree=supplier_tree_json&isDelete=1 HTTP/1.1" 200 56029
117.185.32.26 - - [15/Jun/2021:10:45:24 +0800] "POST /xingrg/login.do HTTP/1.1" 302 -
117.185.32.26 - - [15/Jun/2021:10:45:24 +0800] "GET /favicon.ico HTTP/1.1" 404 -
117.185.32.26 - - [15/Jun/2021:10:45:24 +0800] "GET /xingrg/index.html?sysBaseUrl=http%3A%2F%2F180.169.147.146%3A18081%2Fxingrg%2F&costTime=460×tamp=1623725124329 HTTP/1.1" 200 17173
117.185.32.26 - - [15/Jun/2021:10:45:24 +0800] "GET /xingrg/all/function/internal_message.html?_=1623725652178&CODE_STATE=count HTTP/1.1" 200 11
117.185.32.26 - - [15/Jun/2021:10:45:24 +0800] "GET /xingrg/check_reg.html?_=1623725652181 HTTP/1.1" 200 22
117.185.32.26 - - [15/Jun/2021:10:45:24 +0800] "POST /xingrg/all/common/load_tree.html?tree=area_rest_tree_json&manage=1 HTTP/1.1" 200 342
117.185.32.26 - - [15/Jun/2021:10:45:25 +0800] "POST /xingrg/load_menu.html HTTP/1.1" 200 5138
117.185.32.26 - - [15/Jun/2021:10:45:27 +0800] "GET /xingrg/kc/buy/buy_main.html HTTP/1.1" 200 12412
117.185.32.26 - - [15/Jun/2021:10:45:27 +0800] "GET /xingrg/css/new_ie.css HTTP/1.1" 404 1036
117.185.32.26 - - [15/Jun/2021:10:45:28 +0800] "GET /xingrg/images/yd/bt.gif HTTP/1.1" 404 1040
180.169.147.146 - - [15/Jun/2021:10:45:28 +0800] "GET /xingrg/all/function/internal_message.html?_=1623725127421&CODE_STATE=getMsg HTTP/1.1" 200 27
180.169.147.146 - - [15/Jun/2021:10:45:28 +0800] "GET /xingrg/check_reg.html?_=1623725127424 HTTP/1.1" 200 22
180.169.147.146 - - [15/Jun/2021:10:45:29 +0800] "GET /xingrg/all/function/internal_message.html?_=1623725127308&CODE_STATE=getMsg HTTP/1.1" 200 27
180.169.147.146 - - [15/Jun/2021:10:45:29 +0800] "GET /xingrg/check_reg.html?_=1623725127310 HTTP/1.1" 200 22
116.230.110.80 - - [15/Jun/2021:10:45:30 +0800] "GET /xingrg/all/function/internal_message.html?_=1623725098658&CODE_STATE=getMsg HTTP/1.1" 200 27
116.230.110.80 - - [15/Jun/2021:10:45:30 +0800] "GET /xingrg/check_reg.html?_=1623725098661 HTTP/1.1" 200 22
117.185.32.26 - - [15/Jun/2021:10:45:34 +0800] "GET /xingrg/kc/buy/cgsh_order_list.html HTTP/1.1" 200 46728
222.70.177.90 - - [15/Jun/2021:10:45:37 +0800] "GET /xingrg/all/function/internal_message.html?_=1623725134152&CODE_STATE=getMsg HTTP/1.1" 200 27
116.235.222.38 - - [15/Jun/2021:10:45:42 +0800] "GET /xingrg/all/function/internal_message.html?_=1623725138678&CODE_STATE=getMsg HTTP/1.1" 200 27
116.224.253.72 - - [15/Jun/2021:10:45:42 +0800] "GET /xingrg/all/function/internal_message.html?_=1623725130889&CODE_STATE=getMsg HTTP/1.1" 200 27
114.86.187.76 - - [15/Jun/2021:10:45:45 +0800] "GET /xingrg/index.html?sysBaseUrl=http%3A%2F%2F180.169.147.146%3A18081%2Fxingrg%2F&costTime=44×tamp=1622098168715 HTTP/1.1" 302 -
114.86.187.76 - - [15/Jun/2021:10:45:45 +0800] "GET /xingrg/login.html HTTP/1.1" 200 7641
180.169.147.146 - - [15/Jun/2021:10:45:45 +0800] "GET /xingrg/all/function/internal_message.html?_=1623725142952&CODE_STATE=getMsg HTTP/1.1" 200 27
180.169.147.146 - - [15/Jun/2021:10:45:45 +0800] "GET /xingrg/check_reg.html?_=1623725142954 HTTP/1.1" 200 22
114.86.187.76 - - [15/Jun/2021:10:45:47 +0800] "GET /favicon.ico HTTP/1.1" 404 -
116.224.253.72 - - [15/Jun/2021:10:45:48 +0800] "POST /xingrg/kc/buy/cgsh_order_operate.html HTTP/1.1" 200 37
116.233.72.58 - - [15/Jun/2021:10:45:52 +0800] "GET /xingrg/all/function/internal_message.html?_=1623725151486&CODE_STATE=getMsg HTTP/1.1" 200 27
114.86.187.76 - - [15/Jun/2021:10:45:52 +0800] "POST /xingrg/login.do HTTP/1.1" 302 -
114.86.187.76 - - [15/Jun/2021:10:45:53 +0800] "GET /favicon.ico HTTP/1.1" 404 -
