120.253.135.82 - - [15/Jun/2021:11:34:02 +0800] "POST /xingrg/kc/pszx/mdth_order_new_list.html HTTP/1.1" 200 4655
117.185.32.26 - - [15/Jun/2021:11:34:02 +0800] "POST /xingrg/kc/buy/cgsh_order_operate.html HTTP/1.1" 200 6251
120.253.135.82 - - [15/Jun/2021:11:34:04 +0800] "POST /xingrg/kc/pszx/mdth_order_new_list.html HTTP/1.1" 200 202
117.185.32.26 - - [15/Jun/2021:11:34:05 +0800] "GET /xingrg/kc/buy/cgsh_order_add.html HTTP/1.1" 200 62466
117.185.32.26 - - [15/Jun/2021:11:34:05 +0800] "GET /xingrg/words/20210615091538_words.js HTTP/1.1" 304 -
117.185.32.26 - - [15/Jun/2021:11:34:05 +0800] "POST /xingrg/kc/buy/cgsh_order_operate.html HTTP/1.1" 200 8245
117.185.32.26 - - [15/Jun/2021:11:34:05 +0800] "GET /xingrg/javascript/easyui/themes/default/validatebox.css HTTP/1.1" 404 1104
61.165.42.208 - - [15/Jun/2021:11:34:06 +0800] "GET /xingrg/kc/base/wldb_order_add.html HTTP/1.1" 200 30269
61.165.42.208 - - [15/Jun/2021:11:34:06 +0800] "POST /xingrg/kc/base/wldb_order_operate.html HTTP/1.1" 200 6806
61.165.42.208 - - [15/Jun/2021:11:34:06 +0800] "GET /xingrg/javascript/easyui/themes/default/validatebox.css HTTP/1.1" 404 1104
61.165.42.208 - - [15/Jun/2021:11:34:07 +0800] "POST /xingrg/all/common/load_combo.html?type=base HTTP/1.1" 200 3236
222.69.130.90 - - [15/Jun/2021:11:34:07 +0800] "GET /xingrg/kc/buy/cgsh_order_add.html HTTP/1.1" 200 62519
114.86.187.76 - - [15/Jun/2021:11:34:07 +0800] "GET /xingrg/kc/buy/cgsh_order_operate.html?command=get_materiel&rest_code=00148&code=00101008323&supplier_code=00100007&order_time=2021-06-15 HTTP/1.1" 200 408
222.69.130.90 - - [15/Jun/2021:11:34:07 +0800] "POST /xingrg/kc/buy/cgsh_order_operate.html HTTP/1.1" 200 8245
222.69.130.90 - - [15/Jun/2021:11:34:07 +0800] "GET /xingrg/javascript/easyui/themes/default/validatebox.css HTTP/1.1" 404 1104
117.185.32.26 - - [15/Jun/2021:11:34:11 +0800] "GET /xingrg/javascript/easyui/themes/default/tree.css HTTP/1.1" 404 1090
117.185.32.26 - - [15/Jun/2021:11:34:11 +0800] "POST /xingrg/all/common/load_tree.html?tree=supplier_tree_json&isDelete=1 HTTP/1.1" 200 56029
120.253.135.82 - - [15/Jun/2021:11:34:11 +0800] "GET /xingrg/all/function/internal_message.html?_=1623728071857&CODE_STATE=getMsg HTTP/1.1" 200 27
116.230.110.80 - - [15/Jun/2021:11:34:15 +0800] "GET /xingrg/kc/buy/cgsh_order_list.html HTTP/1.1" 200 46734
116.230.110.80 - - [15/Jun/2021:11:34:15 +0800] "POST /xingrg/kc/mdqp/pssh_list_operate.html HTTP/1.1" 200 5471
120.253.135.82 - - [15/Jun/2021:11:34:16 +0800] "GET /xingrg/kc/pszx/mdth_order_info.html?code=322021061500009 HTTP/1.1" 200 22047
114.86.187.76 - - [15/Jun/2021:11:34:16 +0800] "GET /xingrg/kc/buy/cgsh_order_operate.html?command=get_materiel&rest_code=00148&code=00101008350&supplier_code=00100007&order_time=2021-06-15 HTTP/1.1" 200 408
120.253.135.82 - - [15/Jun/2021:11:34:16 +0800] "GET /xingrg/all/common/auto_word.html?type=employee&rest_code=00101 HTTP/1.1" 200 1077
120.253.135.82 - - [15/Jun/2021:11:34:16 +0800] "GET /xingrg/javascript/easyui/themes/default/validatebox.css HTTP/1.1" 404 1104
120.253.135.82 - - [15/Jun/2021:11:34:16 +0800] "POST /xingrg/kc/pszx/mdth_order_new_info.html HTTP/1.1" 200 270
120.253.135.82 - - [15/Jun/2021:11:34:18 +0800] "GET /xingrg/all/function/internal_message.html?_=1623727838657&CODE_STATE=getMsg HTTP/1.1" 200 27
222.69.130.90 - - [15/Jun/2021:11:34:19 +0800] "GET /xingrg/kc/buy/cgsh_order_operate.html?command=get_materiel&rest_code=00149&code=00101007111&supplier_code=00100326&order_time=2021-06-15 HTTP/1.1" 200 417
61.165.42.208 - - [15/Jun/2021:11:34:19 +0800] "GET /xingrg/all/function/internal_message.html?_=1623728057716&CODE_STATE=getMsg HTTP/1.1" 200 27
114.86.187.76 - - [15/Jun/2021:11:34:22 +0800] "GET /xingrg/kc/buy/cgsh_order_operate.html?command=get_materiel&rest_code=00148&code=00101008412&supplier_code=00100007&order_time=2021-06-15 HTTP/1.1" 200 399
120.253.135.82 - - [15/Jun/2021:11:34:23 +0800] "GET /xingrg/kc/pszx/mdqp_order_list.html?state=10 HTTP/1.1" 200 10213
120.253.135.82 - - [15/Jun/2021:11:34:23 +0800] "GET /xingrg/dwr/interface/AjaxQqpsService.js HTTP/1.1" 200 16326
120.253.135.82 - - [15/Jun/2021:11:34:23 +0800] "GET /xingrg/dwr/interface/AjaxReportQueryService.js HTTP/1.1" 200 13203
120.253.135.82 - - [15/Jun/2021:11:34:23 +0800] "GET /xingrg/dwr/engine.js HTTP/1.1" 200 43631
116.230.117.165 - - [15/Jun/2021:11:34:24 +0800] "GET /xingrg/all/function/internal_message.html?_=1623728066818&CODE_STATE=getMsg HTTP/1.1" 200 27
117.185.32.26 - - [15/Jun/2021:11:34:24 +0800] "GET /xingrg/all/function/internal_message.html?_=1623728592291&CODE_STATE=getMsg HTTP/1.1" 200 27
61.165.42.208 - - [15/Jun/2021:11:34:25 +0800] "GET /xingrg/kc/base/wldb_order_operate.html?command=get_materiel&rest_code=00105&base_code=0010508&code=00102002204 HTTP/1.1" 200 434
180.169.147.146 - - [15/Jun/2021:11:34:28 +0800] "GET /xingrg/all/function/internal_message.html?_=1623728067412&CODE_STATE=getMsg HTTP/1.1" 200 27
61.165.42.208 - - [15/Jun/2021:11:34:28 +0800] "POST /xingrg/kc/base/wldb_order_operate.html HTTP/1.1" 200 37
61.165.42.208 - - [15/Jun/2021:11:34:29 +0800] "POST /xingrg/kc/base/wldb_order_operate.html HTTP/1.1" 200 2694
117.185.32.26 - - [15/Jun/2021:11:34:29 +0800] "GET /xingrg/kc/buy/cgsh_order_operate.html?command=get_materiel&rest_code=00106&code=00101004060&supplier_code=00100313&order_time=2021-06-15 HTTP/1.1" 200 413
61.165.42.208 - - [15/Jun/2021:11:34:29 +0800] "GET /xingrg/kc/base/wldb_order_info.html?code=422021061501664 HTTP/1.1" 200 30282
180.169.147.146 - - [15/Jun/2021:11:34:30 +0800] "GET /xingrg/all/function/internal_message.html?_=1623728067309&CODE_STATE=getMsg HTTP/1.1" 200 27
116.230.110.80 - - [15/Jun/2021:11:34:30 +0800] "GET /xingrg/all/function/internal_message.html?_=1623728038375&CODE_STATE=getMsg HTTP/1.1" 200 27
180.161.111.4 - - [15/Jun/2021:11:34:30 +0800] "GET /xingrg/check_reg.html?_=1623728031974 HTTP/1.1" 200 22
61.165.42.208 - - [15/Jun/2021:11:34:30 +0800] "GET /xingrg/javascript/easyui/themes/default/validatebox.css HTTP/1.1" 404 1104
61.165.42.208 - - [15/Jun/2021:11:34:30 +0800] "POST /xingrg/kc/base/wldb_order_operate.html HTTP/1.1" 200 2694
222.69.130.90 - - [15/Jun/2021:11:34:32 +0800] "GET /xingrg/all/function/internal_message.html?_=1623728069689&CODE_STATE=getMsg HTTP/1.1" 200 27
222.69.130.90 - - [15/Jun/2021:11:34:33 +0800] "POST /xingrg/kc/buy/cgsh_order_operate.html HTTP/1.1" 200 37
180.169.147.146 - - [15/Jun/2021:11:34:35 +0800] "GET /xingrg/all/function/internal_message.html?_=1623728075553&CODE_STATE=getMsg HTTP/1.1" 200 27
222.70.177.90 - - [15/Jun/2021:11:34:36 +0800] "GET /xingrg/all/function/internal_message.html?_=1623728073386&CODE_STATE=getMsg HTTP/1.1" 200 27
222.69.130.90 - - [15/Jun/2021:11:34:38 +0800] "POST /xingrg/kc/buy/cgsh_order_operate.html HTTP/1.1" 200 12
114.86.187.76 - - [15/Jun/2021:11:34:39 +0800] "POST /xingrg/kc/buy/cgsh_order_operate.html HTTP/1.1" 200 2065
222.69.130.90 - - [15/Jun/2021:11:34:39 +0800] "GET /xingrg/kc/buy/cgsh_order_info.html?code=212021061506915 HTTP/1.1" 200 57431
222.69.130.90 - - [15/Jun/2021:11:34:39 +0800] "GET /xingrg/javascript/easyui/themes/default/validatebox.css HTTP/1.1" 404 1104
222.69.130.90 - - [15/Jun/2021:11:34:40 +0800] "POST /xingrg/kc/buy/cgsh_order_operate.html HTTP/1.1" 200 612
116.235.222.38 - - [15/Jun/2021:11:34:41 +0800] "GET /xingrg/all/function/internal_message.html?_=1623728077817&CODE_STATE=getMsg HTTP/1.1" 200 27
116.224.253.72 - - [15/Jun/2021:11:34:41 +0800] "GET /xingrg/check_reg.html?_=1623728069941 HTTP/1.1" 200 22
180.169.147.146 - - [15/Jun/2021:11:34:41 +0800] "POST /xingrg/kc/buy/cgsh_list_operate.html HTTP/1.1" 200 4
61.165.42.208 - - [15/Jun/2021:11:34:41 +0800] "GET /xingrg/kc/base/wldb_order_add.html HTTP/1.1" 200 30269
61.165.42.208 - - [15/Jun/2021:11:34:42 +0800] "POST /xingrg/kc/base/wldb_order_operate.html HTTP/1.1" 200 6806
61.165.42.208 - - [15/Jun/2021:11:34:42 +0800] "GET /xingrg/javascript/easyui/themes/default/validatebox.css HTTP/1.1" 404 1104
61.165.42.208 - - [15/Jun/2021:11:34:42 +0800] "POST /xingrg/all/common/load_combo.html?type=base HTTP/1.1" 200 3236
116.224.253.72 - - [15/Jun/2021:11:34:43 +0800] "GET /xingrg/all/function/internal_message.html?_=1623728071555&CODE_STATE=getMsg HTTP/1.1" 200 27
222.69.130.90 - - [15/Jun/2021:11:34:43 +0800] "GET /xingrg/kc/print/load_data.html?order_code=212021061506915&kc_code=cgsh&condition= HTTP/1.1" 200 719
180.169.147.146 - - [15/Jun/2021:11:34:45 +0800] "GET /xingrg/all/function/internal_message.html?_=1623728082954&CODE_STATE=getMsg HTTP/1.1" 200 27
116.230.110.80 - - [15/Jun/2021:11:34:46 +0800] "POST /xingrg/kc/buy/cgsh_list_operate.html HTTP/1.1" 200 5135
116.224.253.72 - - [15/Jun/2021:11:34:47 +0800] "GET /xingrg/all/function/internal_message.html?_=1623728084494&CODE_STATE=getMsg HTTP/1.1" 200 27
222.69.130.90 - - [15/Jun/2021:11:34:48 +0800] "GET /xingrg/kc/buy/cgsh_order_add.html HTTP/1.1" 200 62519
222.69.130.90 - - [15/Jun/2021:11:34:48 +0800] "POST /xingrg/kc/buy/cgsh_order_operate.html HTTP/1.1" 200 8245
222.69.130.90 - - [15/Jun/2021:11:34:48 +0800] "GET /xingrg/javascript/easyui/themes/default/validatebox.css HTTP/1.1" 404 1104
61.165.42.208 - - [15/Jun/2021:11:34:51 +0800] "GET /xingrg/kc/base/wldb_order_operate.html?command=get_materiel&rest_code=00105&base_code=0010508&code=00102002439 HTTP/1.1" 200 457
117.185.32.26 - - [15/Jun/2021:11:34:52 +0800] "GET /xingrg/kc/buy/cgsh_order_operate.html?command=get_materiel&rest_code=00106&code=00101002058&supplier_code=00100313&order_time=2021-06-15 HTTP/1.1" 200 396
116.233.72.58 - - [15/Jun/2021:11:34:52 +0800] "GET /xingrg/all/function/internal_message.html?_=1623728091607&CODE_STATE=getMsg HTTP/1.1" 200 27
116.233.72.58 - - [15/Jun/2021:11:34:52 +0800] "GET /xingrg/check_reg.html?_=1623728091608 HTTP/1.1" 200 22
114.86.187.76 - - [15/Jun/2021:11:34:52 +0800] "GET /xingrg/kc/buy/cgsh_order_operate.html?command=get_materiel&rest_code=00148&code=00101009112&supplier_code=00100007&order_time=2021-06-15 HTTP/1.1" 200 411
114.86.187.76 - - [15/Jun/2021:11:34:54 +0800] "GET /xingrg/all/function/internal_message.html?_=1623728095299&CODE_STATE=getMsg HTTP/1.1" 200 27
180.169.147.146 - - [15/Jun/2021:11:34:54 +0800] "POST /xingrg/kc/buy/cgsh_list_operate.html HTTP/1.1" 200 876
180.169.147.146 - - [15/Jun/2021:11:34:57 +0800] "GET /xingrg/kc/base/wldb_order_list.html HTTP/1.1" 200 19067
180.169.147.146 - - [15/Jun/2021:11:34:57 +0800] "POST /xingrg/kc/base/wldb_list_operate.html HTTP/1.1" 200 928
222.69.130.90 - - [15/Jun/2021:11:34:58 +0800] "GET /xingrg/kc/buy/cgsh_order_operate.html?command=get_materiel&rest_code=00149&code=00101012049&supplier_code=00100338&order_time=2021-06-15 HTTP/1.1" 200 431
61.165.42.208 - - [15/Jun/2021:11:34:58 +0800] "GET /xingrg/kc/base/wldb_order_operate.html?command=get_materiel&rest_code=00105&base_code=0010508&code=00102002082 HTTP/1.1" 200 439
180.169.147.146 - - [15/Jun/2021:11:34:59 +0800] "GET /xingrg/kc/buy/cgsh_order_list.html HTTP/1.1" 200 46734
180.169.147.146 - - [15/Jun/2021:11:34:59 +0800] "POST /xingrg/kc/buy/cgsh_list_operate.html HTTP/1.1" 200 876
58.40.7.146 - - [15/Jun/2021:11:35:00 +0800] "GET /xingrg/all/function/internal_message.html?_=1623728098062&CODE_STATE=getMsg HTTP/1.1" 200 27
114.84.0.231 - - [15/Jun/2021:11:35:02 +0800] "POST /xingrg/services/DataTransmitService HTTP/1.1" 200 524
114.84.0.231 - - [15/Jun/2021:11:35:02 +0800] "POST /xingrg/services/DataTransmitService HTTP/1.1" 200 501
61.165.42.208 - - [15/Jun/2021:11:35:06 +0800] "GET /xingrg/kc/base/wldb_order_operate.html?command=get_materiel&rest_code=00105&base_code=0010508&code=00102002851 HTTP/1.1" 200 432
222.69.130.90 - - [15/Jun/2021:11:35:07 +0800] "POST /xingrg/kc/buy/cgsh_order_operate.html HTTP/1.1" 200 37
101.85.94.178 - - [15/Jun/2021:11:35:07 +0800] "GET /xingrg/kc/buy/cgsh_order_operate.html?command=get_materiel&rest_code=00142&code=00101011001&supplier_code=00100311&order_time=2021-06-15 HTTP/1.1" 200 423
117.185.32.26 - - [15/Jun/2021:11:35:09 +0800] "GET /xingrg/kc/buy/cgsh_order_operate.html?command=get_materiel&rest_code=00106&code=00101001016&supplier_code=00100313&order_time=2021-06-15 HTTP/1.1" 200 413
114.86.187.76 - - [15/Jun/2021:11:35:09 +0800] "GET /xingrg/kc/buy/cgsh_order_operate.html?command=get_materiel&rest_code=00148&code=00101009016&supplier_code=00100007&order_time=2021-06-15 HTTP/1.1" 200 412
61.165.42.208 - - [15/Jun/2021:11:35:11 +0800] "POST /xingrg/kc/base/wldb_order_operate.html HTTP/1.1" 200 37
120.253.135.82 - - [15/Jun/2021:11:35:11 +0800] "GET /xingrg/all/function/internal_message.html?_=1623728131879&CODE_STATE=getMsg HTTP/1.1" 200 27
61.165.42.208 - - [15/Jun/2021:11:35:11 +0800] "POST /xingrg/kc/base/wldb_order_operate.html HTTP/1.1" 200 3185
101.85.94.178 - - [15/Jun/2021:11:35:17 +0800] "GET /xingrg/kc/buy/cgsh_order_operate.html?command=get_materiel&rest_code=00142&code=00101011005&supplier_code=00100311&order_time=2021-06-15 HTTP/1.1" 200 429
120.253.135.82 - - [15/Jun/2021:11:35:18 +0800] "GET /xingrg/check_reg.html?_=1623727898628 HTTP/1.1" 200 22
120.253.135.82 - - [15/Jun/2021:11:35:18 +0800] "GET /xingrg/all/function/internal_message.html?_=1623727898670&CODE_STATE=getMsg HTTP/1.1" 200 27
61.165.42.208 - - [15/Jun/2021:11:35:18 +0800] "GET /xingrg/kc/base/wldb_order_info.html?code=422021061501665 HTTP/1.1" 200 30283
222.69.130.90 - - [15/Jun/2021:11:35:18 +0800] "POST /xingrg/kc/buy/cgsh_order_operate.html HTTP/1.1" 200 12
114.86.187.76 - - [15/Jun/2021:11:35:18 +0800] "GET /xingrg/kc/buy/cgsh_order_operate.html?command=get_materiel&rest_code=00148&code=00101008248&supplier_code=00100007&order_time=2021-06-15 HTTP/1.1" 200 412
61.165.42.208 - - [15/Jun/2021:11:35:18 +0800] "GET /xingrg/javascript/easyui/themes/default/validatebox.css HTTP/1.1" 404 1104
61.165.42.208 - - [15/Jun/2021:11:35:19 +0800] "POST /xingrg/kc/base/wldb_order_operate.html HTTP/1.1" 200 3185
61.165.42.208 - - [15/Jun/2021:11:35:19 +0800] "GET /xingrg/all/function/internal_message.html?_=1623728117695&CODE_STATE=getMsg HTTP/1.1" 200 27
222.69.130.90 - - [15/Jun/2021:11:35:20 +0800] "GET /xingrg/kc/buy/cgsh_order_info.html?code=212021061506916 HTTP/1.1" 200 57431
222.69.130.90 - - [15/Jun/2021:11:35:20 +0800] "GET /xingrg/javascript/easyui/themes/default/validatebox.css HTTP/1.1" 404 1104
222.69.130.90 - - [15/Jun/2021:11:35:21 +0800] "POST /xingrg/kc/buy/cgsh_order_operate.html HTTP/1.1" 200 618
222.69.130.90 - - [15/Jun/2021:11:35:23 +0800] "GET /xingrg/kc/print/load_data.html?order_code=212021061506916&kc_code=cgsh&condition= HTTP/1.1" 200 721
116.230.117.165 - - [15/Jun/2021:11:35:24 +0800] "GET /xingrg/all/function/internal_message.html?_=1623728127269&CODE_STATE=getMsg HTTP/1.1" 200 27
117.185.32.26 - - [15/Jun/2021:11:35:24 +0800] "GET /xingrg/all/function/internal_message.html?_=1623728652271&CODE_STATE=getMsg HTTP/1.1" 200 27
117.185.32.26 - - [15/Jun/2021:11:35:25 +0800] "GET /xingrg/check_reg.html?_=1623728652415 HTTP/1.1" 200 22
180.169.147.146 - - [15/Jun/2021:11:35:28 +0800] "GET /xingrg/check_reg.html?_=1623728127415 HTTP/1.1" 200 22
180.169.147.146 - - [15/Jun/2021:11:35:28 +0800] "GET /xingrg/all/function/internal_message.html?_=1623728127420&CODE_STATE=getMsg HTTP/1.1" 200 27
114.86.187.76 - - [15/Jun/2021:11:35:29 +0800] "GET /xingrg/kc/buy/cgsh_order_operate.html?command=get_materiel&rest_code=00148&code=00101008072&supplier_code=00100007&order_time=2021-06-15 HTTP/1.1" 200 408
180.169.147.146 - - [15/Jun/2021:11:35:30 +0800] "GET /xingrg/all/function/internal_message.html?_=1623728127301&CODE_STATE=getMsg HTTP/1.1" 200 27
180.169.147.146 - - [15/Jun/2021:11:35:30 +0800] "GET /xingrg/check_reg.html?_=1623728127303 HTTP/1.1" 200 22
116.230.110.80 - - [15/Jun/2021:11:35:30 +0800] "GET /xingrg/all/function/internal_message.html?_=1623728098358&CODE_STATE=getMsg HTTP/1.1" 200 27
116.230.110.80 - - [15/Jun/2021:11:35:30 +0800] "GET /xingrg/check_reg.html?_=1623728098648 HTTP/1.1" 200 22
117.185.32.26 - - [15/Jun/2021:11:35:32 +0800] "GET /xingrg/kc/buy/cgsh_order_operate.html?command=get_materiel&rest_code=00106&code=00101008108&supplier_code=00100313&order_time=2021-06-15 HTTP/1.1" 200 412
222.69.130.90 - - [15/Jun/2021:11:35:32 +0800] "GET /xingrg/all/function/internal_message.html?_=1623728129704&CODE_STATE=getMsg HTTP/1.1" 200 27
180.169.147.146 - - [15/Jun/2021:11:35:35 +0800] "GET /xingrg/all/function/internal_message.html?_=1623728135554&CODE_STATE=getMsg HTTP/1.1" 200 27
222.70.177.90 - - [15/Jun/2021:11:35:36 +0800] "GET /xingrg/all/function/internal_message.html?_=1623728133371&CODE_STATE=getMsg HTTP/1.1" 200 27
114.86.187.76 - - [15/Jun/2021:11:35:38 +0800] "GET /xingrg/kc/buy/cgsh_order_operate.html?command=get_materiel&rest_code=00148&code=00101008351&supplier_code=00100007&order_time=2021-06-15 HTTP/1.1" 200 408
114.86.187.76 - - [15/Jun/2021:11:35:41 +0800] "POST /xingrg/kc/buy/cgsh_order_operate.html HTTP/1.1" 200 2065
116.235.222.38 - - [15/Jun/2021:11:35:41 +0800] "GET /xingrg/all/function/internal_message.html?_=1623728137800&CODE_STATE=getMsg HTTP/1.1" 200 27
117.185.32.26 - - [15/Jun/2021:11:35:41 +0800] "GET /xingrg/kc/buy/cgsh_order_operate.html?command=get_materiel&rest_code=00106&code=00102026001&supplier_code=00100313&order_time=2021-06-15 HTTP/1.1" 200 409
180.169.147.146 - - [15/Jun/2021:11:35:43 +0800] "GET /xingrg/check_reg.html?_=1623728139299 HTTP/1.1" 200 22
116.224.253.72 - - [15/Jun/2021:11:35:43 +0800] "GET /xingrg/all/function/internal_message.html?_=1623728131570&CODE_STATE=getMsg HTTP/1.1" 200 27
180.169.147.146 - - [15/Jun/2021:11:35:45 +0800] "GET /xingrg/check_reg.html?_=1623728142945 HTTP/1.1" 200 22
180.169.147.146 - - [15/Jun/2021:11:35:45 +0800] "GET /xingrg/all/function/internal_message.html?_=1623728142951&CODE_STATE=getMsg HTTP/1.1" 200 27
116.224.253.72 - - [15/Jun/2021:11:35:47 +0800] "GET /xingrg/all/function/internal_message.html?_=1623728144478&CODE_STATE=getMsg HTTP/1.1" 200 27
114.86.187.76 - - [15/Jun/2021:11:35:52 +0800] "GET /xingrg/kc/buy/cgsh_order_operate.html?command=get_materiel&rest_code=00148&code=00101020138&supplier_code=00100007&order_time=2021-06-15 HTTP/1.1" 200 426
116.233.72.58 - - [15/Jun/2021:11:35:52 +0800] "GET /xingrg/all/function/internal_message.html?_=1623728151610&CODE_STATE=getMsg HTTP/1.1" 200 27
114.86.187.76 - - [15/Jun/2021:11:35:53 +0800] "GET /xingrg/check_reg.html?_=1623728154845 HTTP/1.1" 200 22
114.86.187.76 - - [15/Jun/2021:11:35:54 +0800] "GET /xingrg/all/function/internal_message.html?_=1623728155299&CODE_STATE=getMsg HTTP/1.1" 200 27
222.69.130.90 - - [15/Jun/2021:11:35:57 +0800] "GET /xingrg/kc/buy/cgsh_order_add.html HTTP/1.1" 200 62519
222.69.130.90 - - [15/Jun/2021:11:35:57 +0800] "POST /xingrg/kc/buy/cgsh_order_operate.html HTTP/1.1" 200 8245
222.69.130.90 - - [15/Jun/2021:11:35:57 +0800] "GET /xingrg/javascript/easyui/themes/default/validatebox.css HTTP/1.1" 404 1104
120.253.135.82 - - [15/Jun/2021:11:35:57 +0800] "GET /xingrg/check_reg.html?_=1623728178050 HTTP/1.1" 200 22
117.185.32.26 - - [15/Jun/2021:11:35:58 +0800] "GET /xingrg/kc/buy/cgsh_order_operate.html?command=get_materiel&rest_code=00106&code=00101001168&supplier_code=00100313&order_time=2021-06-15 HTTP/1.1" 200 416
58.221.95.50 - - [15/Jun/2021:11:35:58 +0800] "GET /xingrg/check_reg.html?_=1623728157548 HTTP/1.1" 302 -
114.86.187.76 - - [15/Jun/2021:11:35:59 +0800] "GET /xingrg/kc/buy/cgsh_order_operate.html?command=get_materiel&rest_code=00148&code=00101008361&supplier_code=00100007&order_time=2021-06-15 HTTP/1.1" 200 408
58.40.7.146 - - [15/Jun/2021:11:36:00 +0800] "GET /xingrg/all/function/internal_message.html?_=1623728158058&CODE_STATE=getMsg HTTP/1.1" 200 27
116.233.72.58 - - [15/Jun/2021:11:36:01 +0800] "GET /xingrg/kc/buy/cgsh_order_add.html HTTP/1.1" 200 62507
116.233.72.58 - - [15/Jun/2021:11:36:01 +0800] "GET /xingrg/words/20210615091538_words.js HTTP/1.1" 304 -
116.233.72.58 - - [15/Jun/2021:11:36:01 +0800] "POST /xingrg/kc/buy/cgsh_order_operate.html HTTP/1.1" 200 8245
116.233.72.58 - - [15/Jun/2021:11:36:01 +0800] "GET /xingrg/all/common/auto_word.html?type=employee&rest_code=00109 HTTP/1.1" 200 255
116.233.72.58 - - [15/Jun/2021:11:36:01 +0800] "GET /xingrg/all/common/auto_word.html?type=employee&rest_code=00109 HTTP/1.1" 200 255
116.233.72.58 - - [15/Jun/2021:11:36:01 +0800] "GET /xingrg/javascript/easyui/themes/default/validatebox.css HTTP/1.1" 404 1104
116.233.72.58 - - [15/Jun/2021:11:36:03 +0800] "GET /xingrg/javascript/jquery_tools/images/prev.gif HTTP/1.1" 404 1086
116.233.72.58 - - [15/Jun/2021:11:36:03 +0800] "GET /xingrg/javascript/jquery_tools/images/next.gif HTTP/1.1" 404 1086
101.85.94.178 - - [15/Jun/2021:11:36:03 +0800] "POST /xingrg/kc/buy/cgsh_order_operate.html HTTP/1.1" 200 37
114.86.187.76 - - [15/Jun/2021:11:36:05 +0800] "GET /xingrg/kc/buy/cgsh_order_operate.html?command=get_materiel&rest_code=00148&code=00101008332&supplier_code=00100007&order_time=2021-06-15 HTTP/1.1" 200 412
101.85.94.178 - - [15/Jun/2021:11:36:06 +0800] "POST /xingrg/kc/buy/cgsh_order_operate.html HTTP/1.1" 200 12
61.165.42.208 - - [15/Jun/2021:11:36:07 +0800] "GET /xingrg/kc/mdqp/pssh_order_list.html HTTP/1.1" 200 17738
61.165.42.208 - - [15/Jun/2021:11:36:08 +0800] "POST /xingrg/kc/mdqp/pssh_list_operate.html HTTP/1.1" 200 5470
101.85.94.178 - - [15/Jun/2021:11:36:08 +0800] "GET /xingrg/kc/buy/cgsh_order_info.html?code=212021061506917 HTTP/1.1" 200 56491
101.85.94.178 - - [15/Jun/2021:11:36:08 +0800] "GET /xingrg/javascript/easyui/themes/default/validatebox.css HTTP/1.1" 404 1104
101.85.94.178 - - [15/Jun/2021:11:36:09 +0800] "POST /xingrg/kc/buy/cgsh_order_operate.html HTTP/1.1" 200 2389
120.253.135.82 - - [15/Jun/2021:11:36:11 +0800] "GET /xingrg/all/function/internal_message.html?_=1623728191885&CODE_STATE=getMsg HTTP/1.1" 200 27
222.69.130.90 - - [15/Jun/2021:11:36:12 +0800] "GET /xingrg/kc/buy/cgsh_order_operate.html?command=get_materiel&rest_code=00149&code=00101007144&supplier_code=00100322&order_time=2021-06-15 HTTP/1.1" 200 428
61.165.42.208 - - [15/Jun/2021:11:36:15 +0800] "GET /xingrg/kc/mdqp/qqps_order_list.html HTTP/1.1" 200 9222
61.165.42.208 - - [15/Jun/2021:11:36:15 +0800] "GET /xingrg/css/blue.css HTTP/1.1" 304 -
61.165.42.208 - - [15/Jun/2021:11:36:15 +0800] "GET /xingrg/javascript/Calendar.js HTTP/1.1" 304 -
61.165.42.208 - - [15/Jun/2021:11:36:15 +0800] "GET /xingrg/javascript/myfunction.js HTTP/1.1" 304 -
61.165.42.208 - - [15/Jun/2021:11:36:15 +0800] "GET /xingrg/javascript/ToolTips.js HTTP/1.1" 304 -
61.165.42.208 - - [15/Jun/2021:11:36:15 +0800] "GET /xingrg/dwr/interface/AjaxReportQueryService.js HTTP/1.1" 200 13203
61.165.42.208 - - [15/Jun/2021:11:36:15 +0800] "GET /xingrg/dwr/interface/AjaxQqpsService.js HTTP/1.1" 200 16326
61.165.42.208 - - [15/Jun/2021:11:36:15 +0800] "GET /xingrg/dwr/engine.js HTTP/1.1" 200 43631
61.165.42.208 - - [15/Jun/2021:11:36:15 +0800] "GET /xingrg/dwr/util.js HTTP/1.1" 200 35990
61.165.42.208 - - [15/Jun/2021:11:36:15 +0800] "GET /xingrg/javascript/jquery_easy_ui/themes/icons/edit_add_new.png HTTP/1.1" 304 -
61.165.42.208 - - [15/Jun/2021:11:36:15 +0800] "GET /xingrg/javascript/jquery_easy_ui/themes/icons/uncheck_new.png HTTP/1.1" 304 -
61.165.42.208 - - [15/Jun/2021:11:36:15 +0800] "GET /xingrg/javascript/jquery_easy_ui/themes/icons/cance_new.png HTTP/1.1" 304 -
61.165.42.208 - - [15/Jun/2021:11:36:15 +0800] "GET /xingrg/javascript/jquery_easy_ui/themes/icons/check_new.png HTTP/1.1" 304 -
116.230.117.165 - - [15/Jun/2021:11:36:16 +0800] "GET /xingrg/check_reg.html?_=1623728179326 HTTP/1.1" 200 22
61.165.42.208 - - [15/Jun/2021:11:36:16 +0800] "GET /xingrg/javascript/jquery_easy_ui/themes/default/images/button_plain_hover.png HTTP/1.1" 304 -
61.165.42.208 - - [15/Jun/2021:11:36:17 +0800] "GET /xingrg/kc/mdqp/qqps_order_add.html HTTP/1.1" 200 28236
61.165.42.208 - - [15/Jun/2021:11:36:17 +0800] "GET /xingrg/javascript/tools/jquery.qtip-1.0.0-rc3.min.js HTTP/1.1" 304 -
61.165.42.208 - - [15/Jun/2021:11:36:17 +0800] "GET /xingrg/javascript/Grid.js HTTP/1.1" 304 -
61.165.42.208 - - [15/Jun/2021:11:36:17 +0800] "GET /xingrg/javascript/AjaxInfoList.js HTTP/1.1" 304 -
61.165.42.208 - - [15/Jun/2021:11:36:17 +0800] "GET /xingrg/dwr/interface/AjaxComOrderService.js HTTP/1.1" 200 18264
61.165.42.208 - - [15/Jun/2021:11:36:17 +0800] "GET /xingrg/dwr/interface/AjaxQqpsService.js HTTP/1.1" 200 16326
61.165.42.208 - - [15/Jun/2021:11:36:17 +0800] "GET /xingrg/dwr/engine.js HTTP/1.1" 200 43631
101.85.94.178 - - [15/Jun/2021:11:36:17 +0800] "GET /xingrg/kc/print/load_data.html?order_code=212021061506917&kc_code=cgsh&condition= HTTP/1.1" 200 1398
61.165.42.208 - - [15/Jun/2021:11:36:17 +0800] "GET /xingrg/javascript/jquery_easy_ui/themes/icons/copy_new.png HTTP/1.1" 304 -
61.165.42.208 - - [15/Jun/2021:11:36:17 +0800] "GET /xingrg/javascript/jquery_easy_ui/themes/icons/template_new.png HTTP/1.1" 304 -
61.165.42.208 - - [15/Jun/2021:11:36:17 +0800] "GET /xingrg/javascript/jquery_easy_ui/themes/icons/ok.png HTTP/1.1" 304 -
61.165.42.208 - - [15/Jun/2021:11:36:17 +0800] "GET /xingrg/javascript/jquery_easy_ui/themes/icons/print.png HTTP/1.1" 304 -
61.165.42.208 - - [15/Jun/2021:11:36:17 +0800] "GET /xingrg/javascript/jquery_easy_ui/themes/default/images/menu_downarrow.png HTTP/1.1" 304 -
61.165.42.208 - - [15/Jun/2021:11:36:17 +0800] "GET /xingrg/javascript/jquery_easy_ui/themes/icons/back_new.png HTTP/1.1" 304 -
116.233.72.58 - - [15/Jun/2021:11:36:17 +0800] "GET /xingrg/kc/buy/cgsh_order_operate.html?command=get_materiel&rest_code=00109&code=00101005054&supplier_code=00100347&order_time=2021-06-14 HTTP/1.1" 200 412
61.165.42.208 - - [15/Jun/2021:11:36:17 +0800] "GET /xingrg/images/blue/button/kc_tab_edit.gif HTTP/1.1" 304 -
61.165.42.208 - - [15/Jun/2021:11:36:17 +0800] "GET /xingrg/images/blue/button/kc_tab_add.gif HTTP/1.1" 304 -
61.165.42.208 - - [15/Jun/2021:11:36:17 +0800] "GET /xingrg/images/blue/button/kc_tab_del.gif HTTP/1.1" 304 -
61.165.42.208 - - [15/Jun/2021:11:36:17 +0800] "GET /xingrg/images/blue/button/kc_tab_save.gif HTTP/1.1" 304 -
61.165.42.208 - - [15/Jun/2021:11:36:17 +0800] "GET /xingrg/javascript/jquery_easy_ui/themes/default/images/combo_arrow_dot.gif HTTP/1.1" 304 -
61.165.42.208 - - [15/Jun/2021:11:36:17 +0800] "GET /xingrg/images/blue/kc_tab_right.gif HTTP/1.1" 304 -
61.165.42.208 - - [15/Jun/2021:11:36:17 +0800] "GET /xingrg/images/blue/kc_tab_left.gif HTTP/1.1" 304 -
61.165.42.208 - - [15/Jun/2021:11:36:17 +0800] "GET /xingrg/images/blue/kc_tab_mid.gif HTTP/1.1" 304 -
61.165.42.208 - - [15/Jun/2021:11:36:17 +0800] "GET /xingrg/images/blue/kc_tab2_left.gif HTTP/1.1" 304 -
61.165.42.208 - - [15/Jun/2021:11:36:17 +0800] "GET /xingrg/images/blue/kc_tab2_right.gif HTTP/1.1" 304 -
120.253.135.82 - - [15/Jun/2021:11:36:18 +0800] "GET /xingrg/all/function/internal_message.html?_=1623727958684&CODE_STATE=getMsg HTTP/1.1" 200 27
117.185.32.26 - - [15/Jun/2021:11:36:19 +0800] "GET /xingrg/kc/buy/cgsh_order_operate.html?command=get_materiel&rest_code=00106&code=00101001135&supplier_code=00100313&order_time=2021-06-15 HTTP/1.1" 200 434
61.165.42.208 - - [15/Jun/2021:11:36:19 +0800] "GET /xingrg/all/function/internal_message.html?_=1623728177670&CODE_STATE=getMsg HTTP/1.1" 200 27
61.165.42.208 - - [15/Jun/2021:11:36:20 +0800] "GET /xingrg/check_reg.html?_=1623728178717 HTTP/1.1" 200 22
222.69.130.90 - - [15/Jun/2021:11:36:23 +0800] "POST /xingrg/kc/buy/cgsh_order_operate.html HTTP/1.1" 200 37
101.85.94.178 - - [15/Jun/2021:11:36:23 +0800] "GET /xingrg/kc/buy/cgsh_order_add.html HTTP/1.1" 200 61585
101.85.94.178 - - [15/Jun/2021:11:36:23 +0800] "GET /xingrg/javascript/easyui/themes/default/validatebox.css HTTP/1.1" 404 1104
101.85.94.178 - - [15/Jun/2021:11:36:23 +0800] "POST /xingrg/kc/buy/cgsh_order_operate.html HTTP/1.1" 200 8245
116.230.117.165 - - [15/Jun/2021:11:36:24 +0800] "GET /xingrg/all/function/internal_message.html?_=1623728187283&CODE_STATE=getMsg HTTP/1.1" 200 27
117.185.32.26 - - [15/Jun/2021:11:36:24 +0800] "GET /xingrg/all/function/internal_message.html?_=1623728712246&CODE_STATE=getMsg HTTP/1.1" 200 27
222.69.130.90 - - [15/Jun/2021:11:36:26 +0800] "POST /xingrg/kc/buy/cgsh_order_operate.html HTTP/1.1" 200 12
61.165.42.208 - - [15/Jun/2021:11:36:26 +0800] "GET /xingrg/images/blue/wait.gif HTTP/1.1" 304 -
61.165.42.208 - - [15/Jun/2021:11:36:26 +0800] "POST /xingrg/dwr/call/plaincall/AjaxQqpsService.saveOrder.dwr HTTP/1.1" 200 78
222.69.130.90 - - [15/Jun/2021:11:36:27 +0800] "GET /xingrg/kc/buy/cgsh_order_info.html?code=212021061506918 HTTP/1.1" 200 57420
222.69.130.90 - - [15/Jun/2021:11:36:27 +0800] "GET /xingrg/javascript/easyui/themes/default/validatebox.css HTTP/1.1" 404 1104
222.69.130.90 - - [15/Jun/2021:11:36:28 +0800] "POST /xingrg/kc/buy/cgsh_order_operate.html HTTP/1.1" 200 629
180.169.147.146 - - [15/Jun/2021:11:36:28 +0800] "GET /xingrg/all/function/internal_message.html?_=1623728187406&CODE_STATE=getMsg HTTP/1.1" 200 27
116.233.72.58 - - [15/Jun/2021:11:36:29 +0800] "GET /xingrg/kc/buy/cgsh_order_operate.html?command=get_materiel&rest_code=00109&code=00101021025&supplier_code=00100347&order_time=2021-06-14 HTTP/1.1" 200 404
222.69.130.90 - - [15/Jun/2021:11:36:29 +0800] "GET /xingrg/kc/print/load_data.html?order_code=212021061506918&kc_code=cgsh&condition= HTTP/1.1" 200 720
180.169.147.146 - - [15/Jun/2021:11:36:30 +0800] "GET /xingrg/all/function/internal_message.html?_=1623728187317&CODE_STATE=getMsg HTTP/1.1" 200 27
116.230.110.80 - - [15/Jun/2021:11:36:30 +0800] "GET /xingrg/all/function/internal_message.html?_=1623728158342&CODE_STATE=getMsg HTTP/1.1" 200 27
61.165.42.208 - - [15/Jun/2021:11:36:32 +0800] "POST /xingrg/dwr/call/plaincall/AjaxQqpsService.getMaterielByCode.dwr HTTP/1.1" 200 2770
222.69.130.90 - - [15/Jun/2021:11:36:32 +0800] "GET /xingrg/check_reg.html?_=1623728189706 HTTP/1.1" 200 22
222.69.130.90 - - [15/Jun/2021:11:36:32 +0800] "GET /xingrg/all/function/internal_message.html?_=1623728189707&CODE_STATE=getMsg HTTP/1.1" 200 27
180.169.147.146 - - [15/Jun/2021:11:36:35 +0800] "GET /xingrg/all/function/internal_message.html?_=1623728195554&CODE_STATE=getMsg HTTP/1.1" 200 27
222.70.177.90 - - [15/Jun/2021:11:36:36 +0800] "GET /xingrg/all/function/internal_message.html?_=1623728193357&CODE_STATE=getMsg HTTP/1.1" 200 27
222.69.130.90 - - [15/Jun/2021:11:36:37 +0800] "GET /xingrg/kc/buy/cgsh_order_add.html HTTP/1.1" 200 62519
222.69.130.90 - - [15/Jun/2021:11:36:37 +0800] "POST /xingrg/kc/buy/cgsh_order_operate.html HTTP/1.1" 200 8245
222.69.130.90 - - [15/Jun/2021:11:36:37 +0800] "GET /xingrg/javascript/easyui/themes/default/validatebox.css HTTP/1.1" 404 1104
116.233.72.58 - - [15/Jun/2021:11:36:37 +0800] "GET /xingrg/kc/buy/cgsh_order_operate.html?command=get_materiel&rest_code=00109&code=00101020225&supplier_code=00100347&order_time=2021-06-14 HTTP/1.1" 200 403
61.165.42.208 - - [15/Jun/2021:11:36:40 +0800] "POST /xingrg/dwr/call/plaincall/AjaxQqpsService.saveOrder.dwr HTTP/1.1" 200 78
61.165.42.208 - - [15/Jun/2021:11:36:40 +0800] "POST /xingrg/dwr/call/plaincall/AjaxQqpsService.saveMaterielItem.dwr HTTP/1.1" 200 78
101.85.94.178 - - [15/Jun/2021:11:36:40 +0800] "GET /xingrg/kc/buy/cgsh_order_operate.html?command=get_materiel&rest_code=00142&code=00101008126&supplier_code=00100161&order_time=2021-06-15 HTTP/1.1" 200 412
116.235.222.38 - - [15/Jun/2021:11:36:41 +0800] "GET /xingrg/check_reg.html?_=1623728197719 HTTP/1.1" 200 22
116.235.222.38 - - [15/Jun/2021:11:36:41 +0800] "GET /xingrg/all/function/internal_message.html?_=1623728197783&CODE_STATE=getMsg HTTP/1.1" 200 27
116.224.253.72 - - [15/Jun/2021:11:36:43 +0800] "GET /xingrg/all/function/internal_message.html?_=1623728191581&CODE_STATE=getMsg HTTP/1.1" 200 27
61.165.42.208 - - [15/Jun/2021:11:36:44 +0800] "POST /xingrg/dwr/call/plaincall/AjaxQqpsService.checkOrder.dwr HTTP/1.1" 200 78
180.169.147.146 - - [15/Jun/2021:11:36:45 +0800] "GET /xingrg/all/function/internal_message.html?_=1623728202957&CODE_STATE=getMsg HTTP/1.1" 200 27
116.233.72.58 - - [15/Jun/2021:11:36:46 +0800] "GET /xingrg/kc/buy/cgsh_order_operate.html?command=get_materiel&rest_code=00109&code=00101001008&supplier_code=00100347&order_time=2021-06-14 HTTP/1.1" 200 435
61.165.42.208 - - [15/Jun/2021:11:36:46 +0800] "GET /xingrg/kc/mdqp/qqps_order_info.html?code=302021061500292 HTTP/1.1" 200 26639
61.165.42.208 - - [15/Jun/2021:11:36:46 +0800] "GET /xingrg/dwr/interface/AjaxQqpsService.js HTTP/1.1" 200 16326
61.165.42.208 - - [15/Jun/2021:11:36:46 +0800] "GET /xingrg/dwr/interface/AjaxComOrderService.js HTTP/1.1" 200 18264
61.165.42.208 - - [15/Jun/2021:11:36:46 +0800] "GET /xingrg/dwr/engine.js HTTP/1.1" 200 43631
117.185.32.26 - - [15/Jun/2021:11:36:46 +0800] "GET /xingrg/kc/buy/cgsh_order_operate.html?command=get_materiel&rest_code=00106&code=00101001033&supplier_code=00100313&order_time=2021-06-15 HTTP/1.1" 200 417
61.165.42.208 - - [15/Jun/2021:11:36:47 +0800] "POST /xingrg/dwr/call/plaincall/AjaxQqpsService.loadMaterielItems.dwr HTTP/1.1" 200 439
116.224.253.72 - - [15/Jun/2021:11:36:47 +0800] "GET /xingrg/all/function/internal_message.html?_=1623728204464&CODE_STATE=getMsg HTTP/1.1" 200 27
101.85.94.178 - - [15/Jun/2021:11:36:49 +0800] "GET /xingrg/kc/buy/cgsh_order_operate.html?command=get_materiel&rest_code=00142&code=00101008108&supplier_code=00100161&order_time=2021-06-15 HTTP/1.1" 200 412
222.69.130.90 - - [15/Jun/2021:11:36:49 +0800] "GET /xingrg/kc/buy/cgsh_order_operate.html?command=get_materiel&rest_code=00149&code=00101005037&supplier_code=00100334&order_time=2021-06-15 HTTP/1.1" 200 409
61.165.42.208 - - [15/Jun/2021:11:36:50 +0800] "GET /xingrg/dwr/interface/AjaxQqpsService.js HTTP/1.1" 200 16326
61.165.42.208 - - [15/Jun/2021:11:36:50 +0800] "GET /xingrg/dwr/engine.js HTTP/1.1" 200 43631
61.165.42.208 - - [15/Jun/2021:11:36:50 +0800] "GET /xingrg/kc/mdqp/qqps_order_add.html HTTP/1.1" 200 28236
61.165.42.208 - - [15/Jun/2021:11:36:50 +0800] "GET /xingrg/dwr/interface/AjaxComOrderService.js HTTP/1.1" 200 18264
116.233.72.58 - - [15/Jun/2021:11:36:52 +0800] "GET /xingrg/all/function/internal_message.html?_=1623728211319&CODE_STATE=getMsg HTTP/1.1" 200 27
180.161.111.4 - - [15/Jun/2021:11:36:54 +0800] "GET /xingrg/login.html HTTP/1.1" 200 7641
114.86.187.76 - - [15/Jun/2021:11:36:54 +0800] "GET /xingrg/all/function/internal_message.html?_=1623728215272&CODE_STATE=getMsg HTTP/1.1" 200 27
116.233.72.58 - - [15/Jun/2021:11:36:55 +0800] "GET /xingrg/kc/buy/cgsh_order_operate.html?command=get_materiel&rest_code=00109&code=00101012046&supplier_code=00100347&order_time=2021-06-14 HTTP/1.1" 200 417
58.40.7.146 - - [15/Jun/2021:11:37:00 +0800] "GET /xingrg/all/function/internal_message.html?_=1623728218062&CODE_STATE=getMsg HTTP/1.1" 200 27
101.85.94.178 - - [15/Jun/2021:11:37:00 +0800] "GET /xingrg/kc/buy/cgsh_order_operate.html?command=get_materiel&rest_code=00142&code=00101008005&supplier_code=00100161&order_time=2021-06-15 HTTP/1.1" 200 412
180.161.111.4 - - [15/Jun/2021:11:37:01 +0800] "GET /favicon.ico HTTP/1.1" 404 -
61.165.42.208 - - [15/Jun/2021:11:37:01 +0800] "GET /favicon.ico HTTP/1.1" 404 -
116.233.72.58 - - [15/Jun/2021:11:37:02 +0800] "GET /xingrg/javascript/auto/indicator.gif HTTP/1.1" 404 1066
222.69.130.90 - - [15/Jun/2021:11:37:03 +0800] "POST /xingrg/kc/buy/cgsh_order_operate.html HTTP/1.1" 200 37
116.233.72.58 - - [15/Jun/2021:11:37:03 +0800] "GET /xingrg/kc/buy/cgsh_order_operate.html?command=get_materiel&rest_code=00109&code=00101008585&supplier_code=00100347&order_time=2021-06-14 HTTP/1.1" 200 394
61.165.42.208 - - [15/Jun/2021:11:37:04 +0800] "POST /xingrg/dwr/call/plaincall/AjaxQqpsService.saveOrder.dwr HTTP/1.1" 200 78
117.185.32.26 - - [15/Jun/2021:11:37:04 +0800] "GET /xingrg/kc/buy/cgsh_order_operate.html?command=get_materiel&rest_code=00106&code=00101001138&supplier_code=00100313&order_time=2021-06-15 HTTP/1.1" 200 413
180.161.111.4 - - [15/Jun/2021:11:37:06 +0800] "POST /xingrg/login.do HTTP/1.1" 302 -
180.161.111.4 - - [15/Jun/2021:11:37:06 +0800] "GET /xingrg/index.html?sysBaseUrl=http%3A%2F%2F180.169.147.146%3A18081%2Fxingrg%2F&costTime=36×tamp=1623728226499 HTTP/1.1" 200 17413
222.69.130.90 - - [15/Jun/2021:11:37:06 +0800] "POST /xingrg/kc/buy/cgsh_order_operate.html HTTP/1.1" 200 12
101.85.94.178 - - [15/Jun/2021:11:37:08 +0800] "GET /xingrg/kc/buy/cgsh_order_operate.html?command=get_materiel&rest_code=00142&code=00101008141&supplier_code=00100161&order_time=2021-06-15 HTTP/1.1" 200 412
180.161.111.4 - - [15/Jun/2021:11:37:08 +0800] "POST /xingrg/all/common/load_tree.html?tree=area_rest_tree_json&manage=1 HTTP/1.1" 200 342
180.161.111.4 - - [15/Jun/2021:11:37:08 +0800] "GET /xingrg/check_reg.html?_=1623728222821 HTTP/1.1" 200 22
180.161.111.4 - - [15/Jun/2021:11:37:08 +0800] "GET /xingrg/all/function/internal_message.html?_=1623728222820&CODE_STATE=count HTTP/1.1" 200 11
222.69.130.90 - - [15/Jun/2021:11:37:08 +0800] "GET /xingrg/kc/buy/cgsh_order_info.html?code=212021061506919 HTTP/1.1" 200 57431
61.165.42.208 - - [15/Jun/2021:11:37:08 +0800] "POST /xingrg/dwr/call/plaincall/AjaxQqpsService.getMaterielByCode.dwr HTTP/1.1" 200 2667
180.161.111.4 - - [15/Jun/2021:11:37:08 +0800] "GET /favicon.ico HTTP/1.1" 404 -
222.69.130.90 - - [15/Jun/2021:11:37:09 +0800] "GET /xingrg/javascript/easyui/themes/default/validatebox.css HTTP/1.1" 404 1104
116.233.72.58 - - [15/Jun/2021:11:37:09 +0800] "GET /xingrg/kc/buy/cgsh_order_operate.html?command=get_materiel&rest_code=00109&code=00101010200&supplier_code=00100347&order_time=2021-06-14 HTTP/1.1" 200 416
180.161.111.4 - - [15/Jun/2021:11:37:09 +0800] "GET /favicon.ico HTTP/1.1" 404 -
180.161.111.4 - - [15/Jun/2021:11:37:09 +0800] "POST /xingrg/load_menu.html HTTP/1.1" 200 9959
222.69.130.90 - - [15/Jun/2021:11:37:09 +0800] "POST /xingrg/kc/buy/cgsh_order_operate.html HTTP/1.1" 200 603
61.165.42.208 - - [15/Jun/2021:11:37:11 +0800] "POST /xingrg/dwr/call/plaincall/AjaxQqpsService.saveMaterielItem.dwr HTTP/1.1" 200 78
222.69.130.90 - - [15/Jun/2021:11:37:11 +0800] "GET /xingrg/kc/print/load_data.html?order_code=212021061506919&kc_code=cgsh&condition= HTTP/1.1" 200 713
120.253.135.82 - - [15/Jun/2021:11:37:11 +0800] "GET /xingrg/all/function/internal_message.html?_=1623728251898&CODE_STATE=getMsg HTTP/1.1" 200 27
180.161.111.4 - - [15/Jun/2021:11:37:12 +0800] "POST /xingrg/load_menu.html HTTP/1.1" 200 9242
180.161.111.4 - - [15/Jun/2021:11:37:14 +0800] "GET /xingrg/all/report/report_query.html?fileName=dma/new_5.0/yingye/order_list.xml HTTP/1.1" 200 55281
180.161.111.4 - - [15/Jun/2021:11:37:14 +0800] "GET /xingrg/dwr/interface/AjaxReportQueryService.js HTTP/1.1" 200 13203
180.161.111.4 - - [15/Jun/2021:11:37:14 +0800] "GET /xingrg/dwr/util.js HTTP/1.1" 304 -
180.161.111.4 - - [15/Jun/2021:11:37:14 +0800] "GET /xingrg/dwr/engine.js HTTP/1.1" 200 43631
180.161.111.4 - - [15/Jun/2021:11:37:15 +0800] "POST /xingrg/all/common/load_tree.html?tree=area_station_tree_json&manage=1 HTTP/1.1" 200 336
180.161.111.4 - - [15/Jun/2021:11:37:15 +0800] "POST /xingrg/dwr/call/plaincall/AjaxReportQueryService.getFixDate.dwr HTTP/1.1" 200 111
116.233.72.58 - - [15/Jun/2021:11:37:15 +0800] "GET /xingrg/kc/buy/cgsh_order_operate.html?command=get_materiel&rest_code=00109&code=00101020298&supplier_code=00100347&order_time=2021-06-14 HTTP/1.1" 200 397
180.161.111.4 - - [15/Jun/2021:11:37:15 +0800] "POST /xingrg/dwr/call/plaincall/AjaxReportQueryService.getInitString.dwr HTTP/1.1" 200 76
222.69.130.90 - - [15/Jun/2021:11:37:16 +0800] "GET /xingrg/kc/buy/cgsh_order_add.html HTTP/1.1" 200 62519
222.69.130.90 - - [15/Jun/2021:11:37:16 +0800] "POST /xingrg/kc/buy/cgsh_order_operate.html HTTP/1.1" 200 8245
222.69.130.90 - - [15/Jun/2021:11:37:16 +0800] "GET /xingrg/javascript/easyui/themes/default/validatebox.css HTTP/1.1" 404 1104
101.85.94.178 - - [15/Jun/2021:11:37:17 +0800] "GET /xingrg/kc/buy/cgsh_order_operate.html?command=get_materiel&rest_code=00142&code=00101008261&supplier_code=00100161&order_time=2021-06-15 HTTP/1.1" 200 408
180.161.111.4 - - [15/Jun/2021:11:37:18 +0800] "POST /xingrg/dwr/call/plaincall/AjaxReportQueryService.getFixDate.dwr HTTP/1.1" 200 111
120.253.135.82 - - [15/Jun/2021:11:37:18 +0800] "GET /xingrg/all/function/internal_message.html?_=1623728018698&CODE_STATE=getMsg HTTP/1.1" 200 27
114.86.187.76 - - [15/Jun/2021:11:37:18 +0800] "GET /xingrg/kc/buy/cgsh_order_operate.html?command=get_materiel&rest_code=00148&code=00101008144&supplier_code=00100007&order_time=2021-06-15 HTTP/1.1" 200 412
180.161.111.4 - - [15/Jun/2021:11:37:19 +0800] "POST /xingrg/dwr/call/plaincall/AjaxReportQueryService.refreshCache.dwr HTTP/1.1" 200 78
61.165.42.208 - - [15/Jun/2021:11:37:19 +0800] "GET /xingrg/all/function/internal_message.html?_=1623728237645&CODE_STATE=getMsg HTTP/1.1" 200 27
180.161.111.4 - - [15/Jun/2021:11:37:20 +0800] "POST /xingrg/all/report/load_report_page.html HTTP/1.1" 200 220631
180.161.111.4 - - [15/Jun/2021:11:37:20 +0800] "GET /xingrg/servlets/image?cache=0.9840961225181855&image=px HTTP/1.1" 200 807
114.86.187.76 - - [15/Jun/2021:11:37:21 +0800] "POST /xingrg/kc/buy/cgsh_order_operate.html HTTP/1.1" 200 2065
180.161.111.4 - - [15/Jun/2021:11:37:22 +0800] "POST /xingrg/all/report/load_report_page.html HTTP/1.1" 200 220846
180.161.111.4 - - [15/Jun/2021:11:37:22 +0800] "GET /xingrg/servlets/image?cache=0.6712540224719433&image=px HTTP/1.1" 200 807
117.185.32.26 - - [15/Jun/2021:11:37:23 +0800] "GET /xingrg/kc/buy/cgsh_order_operate.html?command=get_materiel&rest_code=00106&code=00101001096&supplier_code=00100313&order_time=2021-06-15 HTTP/1.1" 200 413
116.230.117.165 - - [15/Jun/2021:11:37:24 +0800] "GET /xingrg/all/function/internal_message.html?_=1623728247296&CODE_STATE=getMsg HTTP/1.1" 200 27
222.69.130.90 - - [15/Jun/2021:11:37:24 +0800] "GET /xingrg/kc/buy/cgsh_order_operate.html?command=get_materiel&rest_code=00149&code=00101007077&supplier_code=00100328&order_time=2021-06-15 HTTP/1.1" 200 415
101.85.94.178 - - [15/Jun/2021:11:37:24 +0800] "GET /xingrg/kc/buy/cgsh_order_operate.html?command=get_materiel&rest_code=00142&code=00101008268&supplier_code=00100161&order_time=2021-06-15 HTTP/1.1" 200 408
117.185.32.26 - - [15/Jun/2021:11:37:24 +0800] "GET /xingrg/all/function/internal_message.html?_=1623728772209&CODE_STATE=getMsg HTTP/1.1" 200 27
116.233.72.58 - - [15/Jun/2021:11:37:25 +0800] "GET /xingrg/kc/buy/cgsh_order_operate.html?command=get_materiel&rest_code=00109&code=00101023025&supplier_code=00100347&order_time=2021-06-14 HTTP/1.1" 200 396
61.165.42.208 - - [15/Jun/2021:11:37:25 +0800] "POST /xingrg/dwr/call/plaincall/AjaxQqpsService.getMaterielByCode.dwr HTTP/1.1" 200 2663
180.169.147.146 - - [15/Jun/2021:11:37:28 +0800] "GET /xingrg/all/function/internal_message.html?_=1623728247414&CODE_STATE=getMsg HTTP/1.1" 200 27
116.230.110.80 - - [15/Jun/2021:11:37:30 +0800] "GET /xingrg/all/function/internal_message.html?_=1623728218314&CODE_STATE=getMsg HTTP/1.1" 200 27
180.169.147.146 - - [15/Jun/2021:11:37:30 +0800] "GET /xingrg/all/function/internal_message.html?_=1623728247317&CODE_STATE=getMsg HTTP/1.1" 200 27
116.230.117.165 - - [15/Jun/2021:11:37:30 +0800] "GET /xingrg/check_reg.html?_=1623728247428 HTTP/1.1" 302 -
180.161.111.4 - - [15/Jun/2021:11:37:30 +0800] "POST /xingrg/all/report/report_print.html HTTP/1.1" 200 20509
222.69.130.90 - - [15/Jun/2021:11:37:32 +0800] "GET /xingrg/all/function/internal_message.html?_=1623728249714&CODE_STATE=getMsg HTTP/1.1" 200 27
101.85.94.178 - - [15/Jun/2021:11:37:33 +0800] "GET /xingrg/kc/buy/cgsh_order_operate.html?command=get_materiel&rest_code=00142&code=00101008370&supplier_code=00100161&order_time=2021-06-15 HTTP/1.1" 200 412
114.86.187.76 - - [15/Jun/2021:11:37:34 +0800] "GET /xingrg/kc/buy/cgsh_order_operate.html?command=get_materiel&rest_code=00148&code=00101008296&supplier_code=00100007&order_time=2021-06-15 HTTP/1.1" 200 416
61.165.42.208 - - [15/Jun/2021:11:37:34 +0800] "POST /xingrg/dwr/call/plaincall/AjaxQqpsService.getMaterielByCode.dwr HTTP/1.1" 200 2648
180.169.147.146 - - [15/Jun/2021:11:37:35 +0800] "GET /xingrg/all/function/internal_message.html?_=1623728255556&CODE_STATE=getMsg HTTP/1.1" 200 27
180.169.147.146 - - [15/Jun/2021:11:37:35 +0800] "GET /xingrg/check_reg.html?_=1623728255559 HTTP/1.1" 200 22
222.70.177.90 - - [15/Jun/2021:11:37:36 +0800] "GET /xingrg/all/function/internal_message.html?_=1623728253367&CODE_STATE=getMsg HTTP/1.1" 200 27
116.233.72.58 - - [15/Jun/2021:11:37:37 +0800] "POST /xingrg/kc/buy/cgsh_order_operate.html HTTP/1.1" 200 37
222.70.177.90 - - [15/Jun/2021:11:37:37 +0800] "GET /xingrg/check_reg.html?_=1623728254305 HTTP/1.1" 200 22
116.233.72.58 - - [15/Jun/2021:11:37:38 +0800] "POST /xingrg/kc/buy/cgsh_order_operate.html HTTP/1.1" 200 7411
116.233.72.58 - - [15/Jun/2021:11:37:39 +0800] "GET /xingrg/kc/print/load_config.html?kc_code=cgsh HTTP/1.1" 200 1845
116.233.72.58 - - [15/Jun/2021:11:37:39 +0800] "GET /xingrg/kc/print/load_data.html?order_code=212021061506920&kc_code=cgsh&condition= HTTP/1.1" 200 2476
61.165.42.208 - - [15/Jun/2021:11:37:40 +0800] "GET /xingrg/kc/base/wldb_order_list.html HTTP/1.1" 200 19061
61.165.42.208 - - [15/Jun/2021:11:37:40 +0800] "POST /xingrg/kc/base/wldb_list_operate.html HTTP/1.1" 200 2558
101.85.94.178 - - [15/Jun/2021:11:37:40 +0800] "GET /xingrg/kc/buy/cgsh_order_operate.html?command=get_materiel&rest_code=00142&code=00101008361&supplier_code=00100161&order_time=2021-06-15 HTTP/1.1" 200 408
116.235.222.38 - - [15/Jun/2021:11:37:41 +0800] "GET /xingrg/all/function/internal_message.html?_=1623728257764&CODE_STATE=getMsg HTTP/1.1" 200 27
117.185.32.26 - - [15/Jun/2021:11:37:41 +0800] "GET /xingrg/kc/buy/cgsh_order_operate.html?command=get_materiel&rest_code=00106&code=00101005066&supplier_code=00100313&order_time=2021-06-15 HTTP/1.1" 200 398
61.165.42.208 - - [15/Jun/2021:11:37:41 +0800] "GET /xingrg/kc/base/wldb_order_add.html HTTP/1.1" 200 30269
61.165.42.208 - - [15/Jun/2021:11:37:41 +0800] "POST /xingrg/kc/base/wldb_order_operate.html HTTP/1.1" 200 6806
61.165.42.208 - - [15/Jun/2021:11:37:41 +0800] "GET /xingrg/javascript/easyui/themes/default/validatebox.css HTTP/1.1" 404 1104
61.165.42.208 - - [15/Jun/2021:11:37:42 +0800] "POST /xingrg/all/common/load_combo.html?type=base HTTP/1.1" 200 3236
116.224.253.72 - - [15/Jun/2021:11:37:43 +0800] "GET /xingrg/all/function/internal_message.html?_=1623728251599&CODE_STATE=getMsg HTTP/1.1" 200 27
116.233.72.58 - - [15/Jun/2021:11:37:43 +0800] "GET /xingrg/kc/buy/cgsh_order_add.html HTTP/1.1" 200 62507
116.233.72.58 - - [15/Jun/2021:11:37:43 +0800] "POST /xingrg/kc/buy/cgsh_order_operate.html HTTP/1.1" 200 8245
116.233.72.58 - - [15/Jun/2021:11:37:43 +0800] "GET /xingrg/all/common/auto_word.html?type=employee&rest_code=00109 HTTP/1.1" 200 255
116.233.72.58 - - [15/Jun/2021:11:37:43 +0800] "GET /xingrg/all/common/auto_word.html?type=employee&rest_code=00109 HTTP/1.1" 200 255
116.233.72.58 - - [15/Jun/2021:11:37:43 +0800] "GET /xingrg/javascript/easyui/themes/default/validatebox.css HTTP/1.1" 404 1104
180.169.147.146 - - [15/Jun/2021:11:37:45 +0800] "GET /xingrg/all/function/internal_message.html?_=1623728262961&CODE_STATE=getMsg HTTP/1.1" 200 27
116.233.72.58 - - [15/Jun/2021:11:37:47 +0800] "GET /xingrg/javascript/jquery_tools/images/prev.gif HTTP/1.1" 404 1086
116.233.72.58 - - [15/Jun/2021:11:37:47 +0800] "GET /xingrg/javascript/jquery_tools/images/next.gif HTTP/1.1" 404 1086
116.224.253.72 - - [15/Jun/2021:11:37:47 +0800] "GET /xingrg/all/function/internal_message.html?_=1623728264449&CODE_STATE=getMsg HTTP/1.1" 200 27
61.165.42.208 - - [15/Jun/2021:11:37:48 +0800] "GET /xingrg/kc/base/wldb_order_operate.html?command=get_materiel&rest_code=00105&base_code=0010508&code=00102002356 HTTP/1.1" 200 445
114.86.187.76 - - [15/Jun/2021:11:37:48 +0800] "POST /xingrg/kc/buy/cgsh_order_operate.html HTTP/1.1" 200 37
222.69.130.90 - - [15/Jun/2021:11:37:48 +0800] "POST /xingrg/kc/buy/cgsh_order_operate.html HTTP/1.1" 200 88
101.85.94.178 - - [15/Jun/2021:11:37:49 +0800] "GET /xingrg/kc/buy/cgsh_order_operate.html?command=get_materiel&rest_code=00142&code=00101008355&supplier_code=00100161&order_time=2021-06-15 HTTP/1.1" 200 408
116.233.72.58 - - [15/Jun/2021:11:37:52 +0800] "GET /xingrg/kc/buy/cgsh_order_operate.html?command=get_materiel&rest_code=00109&code=00101018011&supplier_code=00100330&order_time=2021-06-15 HTTP/1.1" 200 415
114.86.187.76 - - [15/Jun/2021:11:37:52 +0800] "POST /xingrg/kc/buy/cgsh_order_operate.html HTTP/1.1" 200 35202
116.233.72.58 - - [15/Jun/2021:11:37:52 +0800] "GET /xingrg/all/function/internal_message.html?_=1623728271326&CODE_STATE=getMsg HTTP/1.1" 200 27
61.165.42.208 - - [15/Jun/2021:11:37:53 +0800] "GET /xingrg/kc/base/wldb_order_operate.html?command=get_materiel&rest_code=00105&base_code=0010508&code=00102002357 HTTP/1.1" 200 433
114.86.187.76 - - [15/Jun/2021:11:37:54 +0800] "GET /xingrg/all/function/internal_message.html?_=1623728275315&CODE_STATE=getMsg HTTP/1.1" 200 27
222.69.130.90 - - [15/Jun/2021:11:37:54 +0800] "POST /xingrg/kc/buy/cgsh_order_operate.html HTTP/1.1" 200 37
101.85.94.178 - - [15/Jun/2021:11:37:55 +0800] "GET /xingrg/kc/buy/cgsh_order_operate.html?command=get_materiel&rest_code=00142&code=00101008024&supplier_code=00100161&order_time=2021-06-15 HTTP/1.1" 200 408
222.69.130.90 - - [15/Jun/2021:11:37:58 +0800] "POST /xingrg/kc/buy/cgsh_order_operate.html HTTP/1.1" 200 12
114.86.187.76 - - [15/Jun/2021:11:37:59 +0800] "GET /xingrg/kc/buy/cgsh_order_operate.html?command=get_materiel&rest_code=00148&code=00101012019&supplier_code=00100007&order_time=2021-06-15 HTTP/1.1" 200 412
222.69.130.90 - - [15/Jun/2021:11:37:59 +0800] "GET /xingrg/kc/buy/cgsh_order_info.html?code=212021061506923 HTTP/1.1" 200 57431
61.165.42.208 - - [15/Jun/2021:11:37:59 +0800] "GET /xingrg/kc/mdqp/qqps_order_list.html HTTP/1.1" 200 10053
61.165.42.208 - - [15/Jun/2021:11:37:59 +0800] "GET /xingrg/dwr/interface/AjaxQqpsService.js HTTP/1.1" 200 16326
61.165.42.208 - - [15/Jun/2021:11:37:59 +0800] "GET /xingrg/dwr/interface/AjaxReportQueryService.js HTTP/1.1" 200 13203
