120.253.135.82 - - [12/Jun/2021:11:45:27 +0800] "POST /xingrg/kc/pszx/mdps_list_operate.html HTTP/1.1" 200 3556
116.230.117.165 - - [12/Jun/2021:11:45:27 +0800] "GET /xingrg/kc/buy/cgsh_order_add.html HTTP/1.1" 200 62523
116.230.117.165 - - [12/Jun/2021:11:45:27 +0800] "POST /xingrg/kc/buy/cgsh_order_operate.html HTTP/1.1" 200 8245
116.230.117.165 - - [12/Jun/2021:11:45:27 +0800] "GET /xingrg/javascript/easyui/themes/default/validatebox.css HTTP/1.1" 404 1104
61.165.42.208 - - [12/Jun/2021:11:45:28 +0800] "GET /xingrg/all/function/internal_message.html?_=1623469527867&CODE_STATE=getMsg HTTP/1.1" 200 27
61.165.42.208 - - [12/Jun/2021:11:45:28 +0800] "GET /xingrg/check_reg.html?_=1623469528042 HTTP/1.1" 200 22
117.184.7.30 - - [12/Jun/2021:11:45:30 +0800] "GET /xingrg/all/function/internal_message.html?_=1623469519515&CODE_STATE=getMsg HTTP/1.1" 200 27
61.165.42.208 - - [12/Jun/2021:11:45:31 +0800] "GET /xingrg/images/blue/wait.gif HTTP/1.1" 304 -
61.165.42.208 - - [12/Jun/2021:11:45:31 +0800] "POST /xingrg/dwr/call/plaincall/AjaxYddbService.getRestBases.dwr HTTP/1.1" 200 1046
116.233.75.206 - - [12/Jun/2021:11:45:31 +0800] "GET /xingrg/kc/buy/cgsh_order_operate.html?command=get_materiel&rest_code=00109&code=00101008355&supplier_code=00100005&order_time=2021-06-12 HTTP/1.1" 200 408
120.253.135.82 - - [12/Jun/2021:11:45:34 +0800] "POST /xingrg/kc/pszx/mdps_list_operate.html HTTP/1.1" 200 2054
61.165.42.208 - - [12/Jun/2021:11:45:34 +0800] "GET /xingrg/all/function/internal_message.html?_=1623469510201&CODE_STATE=getMsg HTTP/1.1" 200 27
116.224.253.72 - - [12/Jun/2021:11:45:35 +0800] "GET /xingrg/all/function/internal_message.html?_=1623469529022&CODE_STATE=getMsg HTTP/1.1" 200 27
120.253.135.82 - - [12/Jun/2021:11:45:35 +0800] "POST /xingrg/kc/pszx/mdps_list_operate.html HTTP/1.1" 200 205
117.185.32.26 - - [12/Jun/2021:11:45:38 +0800] "GET /xingrg/all/function/internal_message.html?_=1623470070838&CODE_STATE=getMsg HTTP/1.1" 200 27
116.233.75.206 - - [12/Jun/2021:11:45:38 +0800] "GET /xingrg/kc/buy/cgsh_order_operate.html?command=get_materiel&rest_code=00109&code=00101008144&supplier_code=00100005&order_time=2021-06-12 HTTP/1.1" 200 412
114.86.187.76 - - [12/Jun/2021:11:45:38 +0800] "GET /xingrg/kc/buy/cgsh_order_operate.html?command=get_materiel&rest_code=00148&code=00101010274&supplier_code=00100323&order_time=2021-06-12 HTTP/1.1" 200 433
116.235.222.38 - - [12/Jun/2021:11:45:38 +0800] "GET /xingrg/kc/buy/cgsh_order_operate.html?command=get_materiel&rest_code=00107&code=00101004030&supplier_code=00100312&order_time=2021-06-12 HTTP/1.1" 200 408
120.253.135.82 - - [12/Jun/2021:11:45:38 +0800] "GET /xingrg/all/function/internal_message.html?_=1623469321604&CODE_STATE=getMsg HTTP/1.1" 200 27
116.233.75.206 - - [12/Jun/2021:11:45:40 +0800] "POST /xingrg/kc/buy/cgsh_order_operate.html HTTP/1.1" 200 2065
180.169.147.146 - - [12/Jun/2021:11:45:40 +0800] "GET /xingrg/check_reg.html?_=1623469540444 HTTP/1.1" 302 -
180.169.147.146 - - [12/Jun/2021:11:45:40 +0800] "GET /xingrg/all/function/internal_message.html?_=1623469540448&CODE_STATE=getMsg HTTP/1.1" 302 -
116.230.117.165 - - [12/Jun/2021:11:45:42 +0800] "GET /xingrg/kc/buy/cgsh_order_operate.html?command=get_materiel&rest_code=00146&code=00101003053&supplier_code=00100091&order_time=2021-06-12 HTTP/1.1" 200 398
116.233.75.206 - - [12/Jun/2021:11:45:45 +0800] "GET /xingrg/kc/buy/cgsh_order_operate.html?command=get_materiel&rest_code=00109&code=00101008264&supplier_code=00100005&order_time=2021-06-12 HTTP/1.1" 200 412
114.83.223.149 - - [12/Jun/2021:11:45:46 +0800] "GET /xingrg/all/function/internal_message.html?_=1623469546740&CODE_STATE=getMsg HTTP/1.1" 200 27
61.165.42.208 - - [12/Jun/2021:11:45:47 +0800] "POST /xingrg/dwr/call/plaincall/AjaxYddbService.saveOrder.dwr HTTP/1.1" 200 78
114.86.187.76 - - [12/Jun/2021:11:45:51 +0800] "GET /xingrg/kc/buy/cgsh_order_operate.html?command=get_materiel&rest_code=00148&code=00101007039&supplier_code=00100323&order_time=2021-06-12 HTTP/1.1" 200 413
120.253.135.82 - - [12/Jun/2021:11:45:54 +0800] "GET /xingrg/all/function/internal_message.html?_=1623469580259&CODE_STATE=getMsg HTTP/1.1" 200 27
114.86.187.76 - - [12/Jun/2021:11:45:55 +0800] "GET /xingrg/check_reg.html?_=1623469565341 HTTP/1.1" 200 22
116.230.117.165 - - [12/Jun/2021:11:45:55 +0800] "POST /xingrg/kc/buy/cgsh_order_operate.html HTTP/1.1" 200 37
116.233.75.206 - - [12/Jun/2021:11:45:55 +0800] "GET /xingrg/all/function/internal_message.html?_=1623469555884&CODE_STATE=getMsg HTTP/1.1" 200 27
116.233.75.206 - - [12/Jun/2021:11:45:56 +0800] "GET /xingrg/kc/buy/cgsh_order_operate.html?command=get_materiel&rest_code=00109&code=00101008024&supplier_code=00100005&order_time=2021-06-12 HTTP/1.1" 200 408
116.235.222.38 - - [12/Jun/2021:11:45:56 +0800] "GET /xingrg/all/function/internal_message.html?_=1623469547358&CODE_STATE=getMsg HTTP/1.1" 200 27
116.230.117.165 - - [12/Jun/2021:11:45:57 +0800] "POST /xingrg/kc/buy/cgsh_order_operate.html HTTP/1.1" 200 2659
61.165.42.208 - - [12/Jun/2021:11:45:57 +0800] "POST /xingrg/dwr/call/plaincall/AjaxComOrderService.getMaterielSearchList.dwr HTTP/1.1" 200 15249
114.86.187.76 - - [12/Jun/2021:11:45:57 +0800] "GET /xingrg/all/function/internal_message.html?_=1623469567503&CODE_STATE=getMsg HTTP/1.1" 200 27
61.165.42.208 - - [12/Jun/2021:11:45:57 +0800] "POST /xingrg/dwr/call/plaincall/AjaxComOrderService.getMaterielSearchList.dwr HTTP/1.1" 200 15249
58.37.225.51 - - [12/Jun/2021:11:45:59 +0800] "GET /xingrg/all/function/internal_message.html?_=1623469497638&CODE_STATE=getMsg HTTP/1.1" 200 27
116.230.117.165 - - [12/Jun/2021:11:46:00 +0800] "GET /xingrg/kc/print/load_data.html?order_code=212021061205498&kc_code=cgsh&condition= HTTP/1.1" 200 748
117.184.7.30 - - [12/Jun/2021:11:46:01 +0800] "GET /xingrg/login.html HTTP/1.1" 200 7641
117.184.7.30 - - [12/Jun/2021:11:46:02 +0800] "GET /favicon.ico HTTP/1.1" 404 -
114.86.187.76 - - [12/Jun/2021:11:46:02 +0800] "GET /xingrg/kc/buy/cgsh_order_operate.html?command=get_materiel&rest_code=00148&code=00101006026&supplier_code=00100323&order_time=2021-06-12 HTTP/1.1" 200 409
61.165.42.208 - - [12/Jun/2021:11:46:04 +0800] "POST /xingrg/dwr/call/plaincall/AjaxComOrderService.getMaterielSearchList.dwr HTTP/1.1" 200 708
116.235.222.38 - - [12/Jun/2021:11:46:05 +0800] "GET /xingrg/kc/buy/cgsh_order_operate.html?command=get_materiel&rest_code=00107&code=00101004057&supplier_code=00100312&order_time=2021-06-12 HTTP/1.1" 200 409
116.233.75.206 - - [12/Jun/2021:11:46:05 +0800] "GET /xingrg/kc/buy/cgsh_order_operate.html?command=get_materiel&rest_code=00109&code=00101008360&supplier_code=00100005&order_time=2021-06-12 HTTP/1.1" 200 412
61.165.42.208 - - [12/Jun/2021:11:46:06 +0800] "POST /xingrg/dwr/call/plaincall/AjaxYddbService.getMaterielByMap.dwr HTTP/1.1" 200 2777
117.184.7.30 - - [12/Jun/2021:11:46:06 +0800] "POST /xingrg/login.do HTTP/1.1" 302 -
117.184.7.30 - - [12/Jun/2021:11:46:06 +0800] "GET /xingrg/index.html?sysBaseUrl=http%3A%2F%2F180.169.147.146%3A18081%2Fxingrg%2F&costTime=47×tamp=1623469566079 HTTP/1.1" 200 17179
117.184.7.30 - - [12/Jun/2021:11:46:06 +0800] "GET /favicon.ico HTTP/1.1" 404 -
117.184.7.30 - - [12/Jun/2021:11:46:06 +0800] "POST /xingrg/all/common/load_tree.html?tree=area_rest_tree_json&manage=1 HTTP/1.1" 200 470
117.184.7.30 - - [12/Jun/2021:11:46:06 +0800] "GET /xingrg/all/function/internal_message.html?_=1623469555863&CODE_STATE=count HTTP/1.1" 200 11
117.184.7.30 - - [12/Jun/2021:11:46:06 +0800] "GET /xingrg/check_reg.html?_=1623469555864 HTTP/1.1" 200 22
117.184.7.30 - - [12/Jun/2021:11:46:06 +0800] "POST /xingrg/load_menu.html HTTP/1.1" 200 5138
116.230.110.80 - - [12/Jun/2021:11:46:07 +0800] "GET /xingrg/all/function/internal_message.html?_=1623469544163&CODE_STATE=getMsg HTTP/1.1" 200 27
116.230.117.165 - - [12/Jun/2021:11:46:09 +0800] "GET /xingrg/all/function/internal_message.html?_=1623469590538&CODE_STATE=getMsg HTTP/1.1" 200 27
61.165.42.208 - - [12/Jun/2021:11:46:09 +0800] "POST /xingrg/dwr/call/plaincall/AjaxYddbService.saveMaterielItem.dwr HTTP/1.1" 200 78
61.165.42.208 - - [12/Jun/2021:11:46:10 +0800] "POST /xingrg/dwr/call/plaincall/AjaxComOrderService.getMaterielSearchList.dwr HTTP/1.1" 200 76
114.86.187.76 - - [12/Jun/2021:11:46:11 +0800] "GET /xingrg/kc/buy/cgsh_order_operate.html?command=get_materiel&rest_code=00148&code=00101012044&supplier_code=00100323&order_time=2021-06-12 HTTP/1.1" 200 408
116.230.117.165 - - [12/Jun/2021:11:46:12 +0800] "GET /xingrg/kc/buy/cgsh_order_add.html HTTP/1.1" 200 62523
61.165.42.208 - - [12/Jun/2021:11:46:12 +0800] "POST /xingrg/dwr/call/plaincall/AjaxComOrderService.getMaterielSearchList.dwr HTTP/1.1" 200 22350
116.230.117.165 - - [12/Jun/2021:11:46:12 +0800] "POST /xingrg/kc/buy/cgsh_order_operate.html HTTP/1.1" 200 8245
116.230.117.165 - - [12/Jun/2021:11:46:12 +0800] "GET /xingrg/javascript/easyui/themes/default/validatebox.css HTTP/1.1" 404 1104
61.165.42.208 - - [12/Jun/2021:11:46:12 +0800] "POST /xingrg/dwr/call/plaincall/AjaxComOrderService.getMaterielSearchList.dwr HTTP/1.1" 200 855
61.165.42.208 - - [12/Jun/2021:11:46:14 +0800] "POST /xingrg/dwr/call/plaincall/AjaxYddbService.getMaterielByMap.dwr HTTP/1.1" 200 2789
116.233.75.206 - - [12/Jun/2021:11:46:14 +0800] "GET /xingrg/kc/buy/cgsh_order_operate.html?command=get_materiel&rest_code=00109&code=00101008357&supplier_code=00100005&order_time=2021-06-12 HTTP/1.1" 200 408
222.70.177.90 - - [12/Jun/2021:11:46:17 +0800] "GET /xingrg/all/function/internal_message.html?_=1623469572114&CODE_STATE=getMsg HTTP/1.1" 200 27
61.165.42.208 - - [12/Jun/2021:11:46:17 +0800] "POST /xingrg/dwr/call/plaincall/AjaxYddbService.saveMaterielItem.dwr HTTP/1.1" 200 79
117.185.32.26 - - [12/Jun/2021:11:46:19 +0800] "POST /xingrg/kc/buy/cgsh_order_operate.html HTTP/1.1" 200 37
116.235.222.38 - - [12/Jun/2021:11:46:19 +0800] "GET /xingrg/kc/buy/cgsh_order_operate.html?command=get_materiel&rest_code=00107&code=00101004059&supplier_code=00100312&order_time=2021-06-12 HTTP/1.1" 200 415
61.165.42.208 - - [12/Jun/2021:11:46:21 +0800] "POST /xingrg/dwr/call/plaincall/AjaxComOrderService.getMaterielSearchList.dwr HTTP/1.1" 200 6821
61.165.42.208 - - [12/Jun/2021:11:46:21 +0800] "POST /xingrg/dwr/call/plaincall/AjaxComOrderService.getMaterielSearchList.dwr HTTP/1.1" 200 6821
61.165.42.208 - - [12/Jun/2021:11:46:22 +0800] "POST /xingrg/dwr/call/plaincall/AjaxComOrderService.getMaterielSearchList.dwr HTTP/1.1" 200 445
116.233.75.206 - - [12/Jun/2021:11:46:22 +0800] "GET /xingrg/kc/buy/cgsh_order_operate.html?command=get_materiel&rest_code=00109&code=00101008230&supplier_code=00100005&order_time=2021-06-12 HTTP/1.1" 200 408
116.233.75.206 - - [12/Jun/2021:11:46:24 +0800] "POST /xingrg/kc/buy/cgsh_order_operate.html HTTP/1.1" 200 2065
117.185.32.26 - - [12/Jun/2021:11:46:25 +0800] "POST /xingrg/kc/buy/cgsh_order_operate.html HTTP/1.1" 200 12
61.165.42.208 - - [12/Jun/2021:11:46:26 +0800] "POST /xingrg/dwr/call/plaincall/AjaxYddbService.getMaterielByMap.dwr HTTP/1.1" 200 2787
117.185.32.26 - - [12/Jun/2021:11:46:28 +0800] "GET /xingrg/kc/buy/cgsh_order_info.html?code=212021061205499 HTTP/1.1" 200 57428
61.165.42.208 - - [12/Jun/2021:11:46:28 +0800] "GET /xingrg/all/function/internal_message.html?_=1623469587846&CODE_STATE=getMsg HTTP/1.1" 200 27
117.185.32.26 - - [12/Jun/2021:11:46:28 +0800] "GET /xingrg/javascript/easyui/themes/default/validatebox.css HTTP/1.1" 404 1104
116.230.117.165 - - [12/Jun/2021:11:46:29 +0800] "GET /xingrg/kc/buy/cgsh_order_operate.html?command=get_materiel&rest_code=00146&code=00101004065&supplier_code=00100086&order_time=2021-06-12 HTTP/1.1" 200 436
117.185.32.26 - - [12/Jun/2021:11:46:29 +0800] "POST /xingrg/kc/buy/cgsh_order_operate.html HTTP/1.1" 200 6602
116.233.75.206 - - [12/Jun/2021:11:46:29 +0800] "GET /xingrg/kc/buy/cgsh_order_operate.html?command=get_materiel&rest_code=00109&code=00101008069&supplier_code=00100005&order_time=2021-06-12 HTTP/1.1" 200 412
116.235.222.38 - - [12/Jun/2021:11:46:29 +0800] "GET /xingrg/kc/buy/cgsh_order_operate.html?command=get_materiel&rest_code=00107&code=00101001136&supplier_code=00100312&order_time=2021-06-12 HTTP/1.1" 200 415
61.165.42.208 - - [12/Jun/2021:11:46:30 +0800] "POST /xingrg/dwr/call/plaincall/AjaxYddbService.saveMaterielItem.dwr HTTP/1.1" 200 79
61.165.42.208 - - [12/Jun/2021:11:46:31 +0800] "POST /xingrg/dwr/call/plaincall/AjaxComOrderService.getMaterielSearchList.dwr HTTP/1.1" 200 77
117.185.32.26 - - [12/Jun/2021:11:46:31 +0800] "GET /xingrg/kc/print/load_data.html?order_code=212021061205499&kc_code=cgsh&condition= HTTP/1.1" 200 3036
61.165.42.208 - - [12/Jun/2021:11:46:32 +0800] "POST /xingrg/dwr/call/plaincall/AjaxComOrderService.getMaterielSearchList.dwr HTTP/1.1" 200 5374
61.165.42.208 - - [12/Jun/2021:11:46:33 +0800] "POST /xingrg/dwr/call/plaincall/AjaxComOrderService.getMaterielSearchList.dwr HTTP/1.1" 200 5374
61.165.42.208 - - [12/Jun/2021:11:46:34 +0800] "GET /xingrg/all/function/internal_message.html?_=1623469570186&CODE_STATE=getMsg HTTP/1.1" 200 27
116.224.253.72 - - [12/Jun/2021:11:46:35 +0800] "GET /xingrg/all/function/internal_message.html?_=1623469589175&CODE_STATE=getMsg HTTP/1.1" 200 27
114.86.187.76 - - [12/Jun/2021:11:46:36 +0800] "POST /xingrg/kc/buy/cgsh_order_operate.html HTTP/1.1" 200 37
116.233.75.206 - - [12/Jun/2021:11:46:37 +0800] "GET /xingrg/kc/buy/cgsh_order_operate.html?command=get_materiel&rest_code=00109&code=00101008286&supplier_code=00100005&order_time=2021-06-12 HTTP/1.1" 200 408
61.165.42.208 - - [12/Jun/2021:11:46:37 +0800] "POST /xingrg/dwr/call/plaincall/AjaxComOrderService.getMaterielSearchList.dwr HTTP/1.1" 200 77
117.185.32.26 - - [12/Jun/2021:11:46:38 +0800] "GET /xingrg/all/function/internal_message.html?_=1623470130820&CODE_STATE=getMsg HTTP/1.1" 200 27
120.253.135.82 - - [12/Jun/2021:11:46:38 +0800] "GET /xingrg/all/function/internal_message.html?_=1623469381618&CODE_STATE=getMsg HTTP/1.1" 200 27
120.253.135.82 - - [12/Jun/2021:11:46:39 +0800] "POST /xingrg/kc/pszx/mdps_list_operate.html HTTP/1.1" 200 2054
120.253.135.82 - - [12/Jun/2021:11:46:39 +0800] "GET /xingrg/kc/buy/cgsh_order_list.html HTTP/1.1" 200 46779
180.169.147.146 - - [12/Jun/2021:11:46:40 +0800] "GET /xingrg/all/function/internal_message.html?_=1623469600435&CODE_STATE=getMsg HTTP/1.1" 302 -
120.253.135.82 - - [12/Jun/2021:11:46:41 +0800] "POST /xingrg/kc/buy/cgsh_list_operate.html HTTP/1.1" 200 1690
61.165.42.208 - - [12/Jun/2021:11:46:41 +0800] "GET /xingrg/images/yd/bt.gif HTTP/1.1" 404 1040
116.230.117.165 - - [12/Jun/2021:11:46:43 +0800] "POST /xingrg/kc/buy/cgsh_order_operate.html HTTP/1.1" 200 37
120.253.135.82 - - [12/Jun/2021:11:46:43 +0800] "POST /xingrg/kc/buy/cgsh_list_operate.html HTTP/1.1" 200 212
120.253.135.82 - - [12/Jun/2021:11:46:44 +0800] "GET /xingrg/kc/buy/cgsh_order_info.html?code=212021061205336 HTTP/1.1" 200 61587
120.253.135.82 - - [12/Jun/2021:11:46:45 +0800] "GET /xingrg/javascript/easyui/themes/default/validatebox.css HTTP/1.1" 404 1104
120.253.135.82 - - [12/Jun/2021:11:46:45 +0800] "POST /xingrg/kc/buy/cgsh_order_operate.html HTTP/1.1" 200 2678
116.230.117.165 - - [12/Jun/2021:11:46:45 +0800] "POST /xingrg/kc/buy/cgsh_order_operate.html HTTP/1.1" 200 2662
117.185.32.26 - - [12/Jun/2021:11:46:45 +0800] "GET /xingrg/kc/buy/cgsh_order_add.html HTTP/1.1" 200 62517
117.185.32.26 - - [12/Jun/2021:11:46:45 +0800] "POST /xingrg/kc/buy/cgsh_order_operate.html HTTP/1.1" 200 8245
117.185.32.26 - - [12/Jun/2021:11:46:46 +0800] "GET /xingrg/javascript/easyui/themes/default/validatebox.css HTTP/1.1" 404 1104
114.83.223.149 - - [12/Jun/2021:11:46:46 +0800] "GET /xingrg/all/function/internal_message.html?_=1623469606725&CODE_STATE=getMsg HTTP/1.1" 200 27
117.185.32.26 - - [12/Jun/2021:11:46:47 +0800] "GET /xingrg/javascript/easyui/themes/default/tree.css HTTP/1.1" 404 1090
117.185.32.26 - - [12/Jun/2021:11:46:47 +0800] "POST /xingrg/all/common/load_tree.html?tree=supplier_tree_json&isDelete=1 HTTP/1.1" 200 56142
116.230.117.165 - - [12/Jun/2021:11:46:49 +0800] "GET /xingrg/kc/print/load_data.html?order_code=212021061205501&kc_code=cgsh&condition= HTTP/1.1" 200 748
114.83.223.149 - - [12/Jun/2021:11:46:49 +0800] "GET /xingrg/check_reg.html?_=1623469608973 HTTP/1.1" 200 22
180.161.111.4 - - [12/Jun/2021:11:46:53 +0800] "GET /xingrg/check_reg.html?_=1623469577923 HTTP/1.1" 200 22
120.253.135.82 - - [12/Jun/2021:11:46:53 +0800] "GET /xingrg/check_reg.html?_=1623469639409 HTTP/1.1" 200 22
116.235.222.38 - - [12/Jun/2021:11:46:54 +0800] "POST /xingrg/kc/buy/cgsh_order_operate.html HTTP/1.1" 200 37
120.253.135.82 - - [12/Jun/2021:11:46:54 +0800] "GET /xingrg/all/function/internal_message.html?_=1623469640273&CODE_STATE=getMsg HTTP/1.1" 200 27
116.235.222.38 - - [12/Jun/2021:11:46:55 +0800] "POST /xingrg/kc/buy/cgsh_order_operate.html HTTP/1.1" 200 6224
116.233.75.206 - - [12/Jun/2021:11:46:55 +0800] "GET /xingrg/all/function/internal_message.html?_=1623469615889&CODE_STATE=getMsg HTTP/1.1" 200 27
116.235.222.38 - - [12/Jun/2021:11:46:56 +0800] "GET /xingrg/all/function/internal_message.html?_=1623469607338&CODE_STATE=getMsg HTTP/1.1" 200 27
114.86.187.76 - - [12/Jun/2021:11:46:56 +0800] "POST /xingrg/kc/buy/cgsh_order_operate.html HTTP/1.1" 200 6224
116.235.222.38 - - [12/Jun/2021:11:46:57 +0800] "GET /xingrg/kc/print/load_data.html?order_code=212021061205502&kc_code=cgsh&condition= HTTP/1.1" 200 2043
114.86.187.76 - - [12/Jun/2021:11:46:57 +0800] "GET /xingrg/all/function/internal_message.html?_=1623469627464&CODE_STATE=getMsg HTTP/1.1" 200 27
58.37.225.51 - - [12/Jun/2021:11:46:59 +0800] "GET /xingrg/all/function/internal_message.html?_=1623469557653&CODE_STATE=getMsg HTTP/1.1" 200 27
116.233.75.206 - - [12/Jun/2021:11:47:00 +0800] "GET /xingrg/kc/buy/cgsh_order_operate.html?command=get_materiel&rest_code=00109&code=00101008286&supplier_code=00100005&order_time=2021-06-12 HTTP/1.1" 200 408
116.230.117.165 - - [12/Jun/2021:11:47:02 +0800] "GET /xingrg/kc/buy/cgsh_order_add.html HTTP/1.1" 200 62523
116.230.117.165 - - [12/Jun/2021:11:47:02 +0800] "POST /xingrg/kc/buy/cgsh_order_operate.html HTTP/1.1" 200 8245
120.253.135.82 - - [12/Jun/2021:11:47:02 +0800] "GET /xingrg/kc/print/load_data.html?order_code=212021061205336&kc_code=cgsh&condition= HTTP/1.1" 200 683
116.230.117.165 - - [12/Jun/2021:11:47:02 +0800] "GET /xingrg/javascript/easyui/themes/default/validatebox.css HTTP/1.1" 404 1104
116.230.117.165 - - [12/Jun/2021:11:47:03 +0800] "GET /xingrg/check_reg.html?_=1623469645142 HTTP/1.1" 200 22
114.86.187.76 - - [12/Jun/2021:11:47:05 +0800] "GET /xingrg/kc/buy/cgsh_order_operate.html?command=get_materiel&rest_code=00148&code=00101012053&supplier_code=00100323&order_time=2021-06-12 HTTP/1.1" 200 412
61.165.42.208 - - [12/Jun/2021:11:47:05 +0800] "POST /xingrg/dwr/call/plaincall/AjaxComOrderService.getMaterielSearchList.dwr HTTP/1.1" 200 2923
116.235.222.38 - - [12/Jun/2021:11:47:06 +0800] "GET /xingrg/kc/buy/cgsh_order_add.html HTTP/1.1" 200 62605
117.184.7.30 - - [12/Jun/2021:11:47:06 +0800] "GET /xingrg/all/function/internal_message.html?_=1623469615890&CODE_STATE=getMsg HTTP/1.1" 200 27
116.235.222.38 - - [12/Jun/2021:11:47:07 +0800] "GET /xingrg/javascript/easyui/themes/default/validatebox.css HTTP/1.1" 404 1104
116.235.222.38 - - [12/Jun/2021:11:47:07 +0800] "POST /xingrg/kc/buy/cgsh_order_operate.html HTTP/1.1" 200 8245
116.230.110.80 - - [12/Jun/2021:11:47:07 +0800] "GET /xingrg/all/function/internal_message.html?_=1623469604133&CODE_STATE=getMsg HTTP/1.1" 200 27
116.230.117.165 - - [12/Jun/2021:11:47:09 +0800] "GET /xingrg/all/function/internal_message.html?_=1623469650552&CODE_STATE=getMsg HTTP/1.1" 200 27
116.233.75.206 - - [12/Jun/2021:11:47:10 +0800] "GET /xingrg/kc/buy/cgsh_order_operate.html?command=get_materiel&rest_code=00109&code=00101008318&supplier_code=00100005&order_time=2021-06-12 HTTP/1.1" 200 408
116.233.75.206 - - [12/Jun/2021:11:47:11 +0800] "POST /xingrg/kc/buy/cgsh_order_operate.html HTTP/1.1" 200 2065
116.235.222.38 - - [12/Jun/2021:11:47:12 +0800] "GET /xingrg/javascript/easyui/themes/default/tree.css HTTP/1.1" 404 1090
116.235.222.38 - - [12/Jun/2021:11:47:12 +0800] "POST /xingrg/all/common/load_tree.html?tree=supplier_tree_json&isDelete=1 HTTP/1.1" 200 56142
114.86.187.76 - - [12/Jun/2021:11:47:13 +0800] "GET /xingrg/kc/buy/cgsh_order_operate.html?command=get_materiel&rest_code=00148&code=00101012008&supplier_code=00100323&order_time=2021-06-12 HTTP/1.1" 200 412
61.165.42.208 - - [12/Jun/2021:11:47:16 +0800] "POST /xingrg/all/common/load_combo.html?type=base HTTP/1.1" 200 3236
116.233.75.206 - - [12/Jun/2021:11:47:16 +0800] "GET /xingrg/kc/buy/cgsh_order_operate.html?command=get_materiel&rest_code=00109&code=00101008352&supplier_code=00100005&order_time=2021-06-12 HTTP/1.1" 200 412
222.70.177.90 - - [12/Jun/2021:11:47:17 +0800] "GET /xingrg/check_reg.html?_=1623469632118 HTTP/1.1" 200 22
222.70.177.90 - - [12/Jun/2021:11:47:17 +0800] "GET /xingrg/all/function/internal_message.html?_=1623469632114&CODE_STATE=getMsg HTTP/1.1" 200 27
61.165.42.208 - - [12/Jun/2021:11:47:17 +0800] "POST /xingrg/dwr/call/plaincall/AjaxComOrderService.getMaterielSearchList.dwr HTTP/1.1" 200 283
116.230.117.165 - - [12/Jun/2021:11:47:18 +0800] "GET /xingrg/kc/buy/cgsh_order_operate.html?command=get_materiel&rest_code=00146&code=00101004034&supplier_code=00100085&order_time=2021-06-12 HTTP/1.1" 200 416
61.165.42.208 - - [12/Jun/2021:11:47:19 +0800] "POST /xingrg/dwr/call/plaincall/AjaxYddbService.getMaterielByMap.dwr HTTP/1.1" 200 2731
61.165.42.208 - - [12/Jun/2021:11:47:20 +0800] "GET /xingrg/javascript/jquery_easy_ui/themes/default/images/button_plain_hover.png HTTP/1.1" 304 -
114.86.187.76 - - [12/Jun/2021:11:47:23 +0800] "POST /xingrg/kc/buy/cgsh_order_operate.html HTTP/1.1" 200 37
116.224.253.72 - - [12/Jun/2021:11:47:24 +0800] "GET /xingrg/check_reg.html?_=1623469637724 HTTP/1.1" 200 22
61.165.42.208 - - [12/Jun/2021:11:47:24 +0800] "POST /xingrg/kc/base/wldb_order_operate.html HTTP/1.1" 200 37
61.165.42.208 - - [12/Jun/2021:11:47:24 +0800] "POST /xingrg/kc/base/wldb_order_operate.html HTTP/1.1" 200 2664
114.86.187.76 - - [12/Jun/2021:11:47:25 +0800] "POST /xingrg/kc/buy/cgsh_order_operate.html HTTP/1.1" 200 6224
61.165.42.208 - - [12/Jun/2021:11:47:25 +0800] "GET /xingrg/kc/base/wldb_order_info.html?code=422021061201292 HTTP/1.1" 200 30286
61.165.42.208 - - [12/Jun/2021:11:47:26 +0800] "POST /xingrg/dwr/call/plaincall/AjaxYddbService.saveMaterielItem.dwr HTTP/1.1" 200 79
61.165.42.208 - - [12/Jun/2021:11:47:26 +0800] "GET /xingrg/javascript/easyui/themes/default/validatebox.css HTTP/1.1" 404 1104
61.165.42.208 - - [12/Jun/2021:11:47:26 +0800] "POST /xingrg/kc/base/wldb_order_operate.html HTTP/1.1" 200 2664
61.165.42.208 - - [12/Jun/2021:11:47:26 +0800] "POST /xingrg/dwr/call/plaincall/AjaxComOrderService.getMaterielSearchList.dwr HTTP/1.1" 200 77
114.86.187.76 - - [12/Jun/2021:11:47:28 +0800] "GET /xingrg/kc/buy/cgsh_order_add.html HTTP/1.1" 200 62517
61.165.42.208 - - [12/Jun/2021:11:47:28 +0800] "GET /xingrg/all/function/internal_message.html?_=1623469647815&CODE_STATE=getMsg HTTP/1.1" 200 27
114.86.187.76 - - [12/Jun/2021:11:47:28 +0800] "POST /xingrg/kc/buy/cgsh_order_operate.html HTTP/1.1" 200 8245
114.86.187.76 - - [12/Jun/2021:11:47:28 +0800] "GET /xingrg/javascript/easyui/themes/default/validatebox.css HTTP/1.1" 404 1104
61.165.42.208 - - [12/Jun/2021:11:47:30 +0800] "POST /xingrg/dwr/call/plaincall/AjaxComOrderService.getMaterielSearchList.dwr HTTP/1.1" 200 507382
61.165.42.208 - - [12/Jun/2021:11:47:30 +0800] "POST /xingrg/dwr/call/plaincall/AjaxComOrderService.getMaterielSearchList.dwr HTTP/1.1" 200 1810
61.165.42.208 - - [12/Jun/2021:11:47:31 +0800] "POST /xingrg/dwr/call/plaincall/AjaxComOrderService.getMaterielSearchList.dwr HTTP/1.1" 200 1810
116.233.75.206 - - [12/Jun/2021:11:47:31 +0800] "GET /xingrg/kc/buy/cgsh_order_operate.html?command=get_materiel&rest_code=00109&code=00101008005&supplier_code=00100005&order_time=2021-06-12 HTTP/1.1" 200 412
61.165.42.208 - - [12/Jun/2021:11:47:32 +0800] "GET /xingrg/kc/base/wldb_order_add.html HTTP/1.1" 200 30269
61.165.42.208 - - [12/Jun/2021:11:47:32 +0800] "POST /xingrg/kc/base/wldb_order_operate.html HTTP/1.1" 200 6806
61.165.42.208 - - [12/Jun/2021:11:47:33 +0800] "GET /xingrg/javascript/easyui/themes/default/validatebox.css HTTP/1.1" 404 1104
61.165.42.208 - - [12/Jun/2021:11:47:34 +0800] "POST /xingrg/all/common/load_combo.html?type=base HTTP/1.1" 200 3236
61.165.42.208 - - [12/Jun/2021:11:47:34 +0800] "GET /xingrg/all/function/internal_message.html?_=1623469630180&CODE_STATE=getMsg HTTP/1.1" 200 27
61.165.42.208 - - [12/Jun/2021:11:47:34 +0800] "POST /xingrg/dwr/call/plaincall/AjaxComOrderService.getMaterielSearchList.dwr HTTP/1.1" 200 283
116.224.253.72 - - [12/Jun/2021:11:47:35 +0800] "GET /xingrg/all/function/internal_message.html?_=1623469649191&CODE_STATE=getMsg HTTP/1.1" 200 27
116.235.222.38 - - [12/Jun/2021:11:47:36 +0800] "GET /xingrg/kc/buy/cgsh_order_operate.html?command=get_materiel&rest_code=00107&code=00101010079&supplier_code=00100336&order_time=2021-06-12 HTTP/1.1" 200 413
61.165.42.208 - - [12/Jun/2021:11:47:36 +0800] "POST /xingrg/dwr/call/plaincall/AjaxYddbService.getMaterielByMap.dwr HTTP/1.1" 200 2733
61.165.42.208 - - [12/Jun/2021:11:47:37 +0800] "POST /xingrg/all/common/load_combo.html?type=base HTTP/1.1" 200 3236
114.86.187.76 - - [12/Jun/2021:11:47:37 +0800] "GET /xingrg/kc/buy/cgsh_order_operate.html?command=get_materiel&rest_code=00148&code=00101007085&supplier_code=00100328&order_time=2021-06-12 HTTP/1.1" 200 413
117.185.32.26 - - [12/Jun/2021:11:47:38 +0800] "GET /xingrg/all/function/internal_message.html?_=1623470190820&CODE_STATE=getMsg HTTP/1.1" 200 27
120.253.135.82 - - [12/Jun/2021:11:47:39 +0800] "GET /xingrg/all/function/internal_message.html?_=1623469441632&CODE_STATE=getMsg HTTP/1.1" 200 27
117.185.32.26 - - [12/Jun/2021:11:47:39 +0800] "GET /xingrg/kc/buy/cgsh_order_operate.html?command=get_materiel&rest_code=00106&code=00101001130&supplier_code=00100313&order_time=2021-06-12 HTTP/1.1" 200 413
180.169.147.146 - - [12/Jun/2021:11:47:40 +0800] "GET /xingrg/all/function/internal_message.html?_=1623469660438&CODE_STATE=getMsg HTTP/1.1" 302 -
116.230.117.165 - - [12/Jun/2021:11:47:41 +0800] "POST /xingrg/kc/buy/cgsh_order_operate.html HTTP/1.1" 200 37
116.233.75.206 - - [12/Jun/2021:11:47:42 +0800] "GET /xingrg/kc/buy/cgsh_order_operate.html?command=get_materiel&rest_code=00109&code=00101008271&supplier_code=00100005&order_time=2021-06-12 HTTP/1.1" 200 408
101.85.94.178 - - [12/Jun/2021:11:47:43 +0800] "GET /xingrg/check_reg.html?_=1623469117830 HTTP/1.1" 200 22
61.165.42.208 - - [12/Jun/2021:11:47:44 +0800] "POST /xingrg/dwr/call/plaincall/AjaxYddbService.saveMaterielItem.dwr HTTP/1.1" 200 79
116.230.117.165 - - [12/Jun/2021:11:47:44 +0800] "POST /xingrg/kc/buy/cgsh_order_operate.html HTTP/1.1" 200 2664
61.165.42.208 - - [12/Jun/2021:11:47:45 +0800] "GET /xingrg/images/yd/bt2.gif HTTP/1.1" 404 1042
120.253.135.82 - - [12/Jun/2021:11:47:45 +0800] "GET /xingrg/kc/report/report_main.html HTTP/1.1" 200 9370
120.253.135.82 - - [12/Jun/2021:11:47:46 +0800] "GET /xingrg/kc/base/kc_stocks.html HTTP/1.1" 200 16431
120.253.135.82 - - [12/Jun/2021:11:47:46 +0800] "GET /xingrg/javascript/easyui/themes/default/tree.css HTTP/1.1" 404 1090
120.253.135.82 - - [12/Jun/2021:11:47:46 +0800] "POST /xingrg/all/common/load_tree.html?tree=materiel_sort_tree_json HTTP/1.1" 200 8666
114.83.223.149 - - [12/Jun/2021:11:47:46 +0800] "GET /xingrg/all/function/internal_message.html?_=1623469666697&CODE_STATE=getMsg HTTP/1.1" 200 27
116.230.117.165 - - [12/Jun/2021:11:47:47 +0800] "GET /xingrg/kc/print/load_data.html?order_code=212021061205503&kc_code=cgsh&condition= HTTP/1.1" 200 741
120.253.135.82 - - [12/Jun/2021:11:47:48 +0800] "POST /xingrg/all/common/load_combo.html?type=base HTTP/1.1" 200 1075
116.233.75.206 - - [12/Jun/2021:11:47:49 +0800] "GET /xingrg/kc/buy/cgsh_order_operate.html?command=get_materiel&rest_code=00109&code=00101008353&supplier_code=00100005&order_time=2021-06-12 HTTP/1.1" 200 408
116.235.222.38 - - [12/Jun/2021:11:47:52 +0800] "POST /xingrg/kc/buy/cgsh_order_operate.html HTTP/1.1" 200 37
120.253.135.82 - - [12/Jun/2021:11:47:54 +0800] "GET /xingrg/all/function/internal_message.html?_=1623469700287&CODE_STATE=getMsg HTTP/1.1" 200 27
114.86.187.76 - - [12/Jun/2021:11:47:55 +0800] "GET /xingrg/kc/buy/cgsh_order_operate.html?command=get_materiel&rest_code=00148&code=00101007077&supplier_code=00100328&order_time=2021-06-12 HTTP/1.1" 200 415
116.233.75.206 - - [12/Jun/2021:11:47:55 +0800] "GET /xingrg/kc/buy/cgsh_order_operate.html?command=get_materiel&rest_code=00109&code=00101008312&supplier_code=00100005&order_time=2021-06-12 HTTP/1.1" 200 412
120.253.135.82 - - [12/Jun/2021:11:47:55 +0800] "POST /xingrg/kc/base/stock_operate.html HTTP/1.1" 200 1478
116.233.75.206 - - [12/Jun/2021:11:47:55 +0800] "GET /xingrg/all/function/internal_message.html?_=1623469675889&CODE_STATE=getMsg HTTP/1.1" 200 27
116.235.222.38 - - [12/Jun/2021:11:47:56 +0800] "POST /xingrg/kc/buy/cgsh_order_operate.html HTTP/1.1" 200 2657
116.235.222.38 - - [12/Jun/2021:11:47:56 +0800] "GET /xingrg/all/function/internal_message.html?_=1623469667320&CODE_STATE=getMsg HTTP/1.1" 200 27
116.235.222.38 - - [12/Jun/2021:11:47:56 +0800] "GET /xingrg/check_reg.html?_=1623469667432 HTTP/1.1" 200 22
114.86.187.76 - - [12/Jun/2021:11:47:57 +0800] "GET /xingrg/all/function/internal_message.html?_=1623469687440&CODE_STATE=getMsg HTTP/1.1" 200 27
116.235.222.38 - - [12/Jun/2021:11:47:57 +0800] "GET /xingrg/kc/print/load_data.html?order_code=212021061205504&kc_code=cgsh&condition= HTTP/1.1" 200 670
116.233.75.206 - - [12/Jun/2021:11:47:57 +0800] "POST /xingrg/kc/buy/cgsh_order_operate.html HTTP/1.1" 200 2065
120.253.135.82 - - [12/Jun/2021:11:47:58 +0800] "GET /xingrg/kc/base/stock_detail.html?m=00101017003 HTTP/1.1" 200 6353
120.253.135.82 - - [12/Jun/2021:11:47:58 +0800] "GET /xingrg/javascript/jquery_easy_ui/themes/default/images/button_a_bg.gif HTTP/1.1" 200 1194
120.253.135.82 - - [12/Jun/2021:11:47:58 +0800] "GET /xingrg/javascript/jquery_easy_ui/themes/icons/print.png HTTP/1.1" 200 1057
120.253.135.82 - - [12/Jun/2021:11:47:58 +0800] "GET /xingrg/javascript/jquery_easy_ui/themes/default/images/menu_downarrow.png HTTP/1.1" 200 173
120.253.135.82 - - [12/Jun/2021:11:47:58 +0800] "GET /xingrg/javascript/jquery_easy_ui/themes/icons/search.png HTTP/1.1" 200 813
120.253.135.82 - - [12/Jun/2021:11:47:58 +0800] "GET /xingrg/javascript/jquery_easy_ui/themes/default/images/button_span_bg.gif HTTP/1.1" 200 2061
120.253.135.82 - - [12/Jun/2021:11:47:58 +0800] "GET /xingrg/javascript/jquery_easy_ui/themes/default/images/menu.gif HTTP/1.1" 200 834
120.253.135.82 - - [12/Jun/2021:11:47:58 +0800] "GET /xingrg/javascript/jquery_easy_ui/themes/default/images/calendar_prevyear.gif HTTP/1.1" 200 76
120.253.135.82 - - [12/Jun/2021:11:47:58 +0800] "GET /xingrg/javascript/jquery_easy_ui/themes/default/images/calendar_nextmonth.gif HTTP/1.1" 200 64
120.253.135.82 - - [12/Jun/2021:11:47:58 +0800] "GET /xingrg/javascript/jquery_easy_ui/themes/default/images/calendar_nextyear.gif HTTP/1.1" 200 75
120.253.135.82 - - [12/Jun/2021:11:47:58 +0800] "GET /xingrg/javascript/jquery_easy_ui/themes/default/images/calendar_prevmonth.gif HTTP/1.1" 200 66
117.185.32.26 - - [12/Jun/2021:11:47:58 +0800] "GET /xingrg/kc/buy/cgsh_order_operate.html?command=get_materiel&rest_code=00106&code=00101001168&supplier_code=00100313&order_time=2021-06-12 HTTP/1.1" 200 414
61.165.42.208 - - [12/Jun/2021:11:47:58 +0800] "POST /xingrg/dwr/call/plaincall/AjaxYddbService.checkOrder.dwr HTTP/1.1" 200 79
58.37.225.51 - - [12/Jun/2021:11:47:59 +0800] "GET /xingrg/all/function/internal_message.html?_=1623469617652&CODE_STATE=getMsg HTTP/1.1" 200 27
116.230.117.165 - - [12/Jun/2021:11:47:59 +0800] "GET /xingrg/kc/buy/cgsh_order_add.html HTTP/1.1" 200 62523
116.230.117.165 - - [12/Jun/2021:11:47:59 +0800] "POST /xingrg/kc/buy/cgsh_order_operate.html HTTP/1.1" 200 8245
116.230.117.165 - - [12/Jun/2021:11:47:59 +0800] "GET /xingrg/javascript/easyui/themes/default/validatebox.css HTTP/1.1" 404 1104
120.253.135.82 - - [12/Jun/2021:11:47:59 +0800] "GET /xingrg/kc/base/stock_operate.html?_=1623469462522&command=get_report_file&start_day=20210601 HTTP/1.1" 200 53
120.253.135.82 - - [12/Jun/2021:11:47:59 +0800] "GET /xingrg/javascript/multi_select/jqueryMultiSelect.css HTTP/1.1" 200 951
120.253.135.82 - - [12/Jun/2021:11:47:59 +0800] "GET /xingrg/javascript/calendar/timePicker.css HTTP/1.1" 200 523
120.253.135.82 - - [12/Jun/2021:11:47:59 +0800] "GET /xingrg/dwr/util.js HTTP/1.1" 304 -
120.253.135.82 - - [12/Jun/2021:11:47:59 +0800] "GET /xingrg/javascript/bigrid/fix.css HTTP/1.1" 200 1702
61.165.42.208 - - [12/Jun/2021:11:47:59 +0800] "GET /xingrg/kc/base/yddb_order_info.html?code=482021061200111 HTTP/1.1" 200 29583
120.253.135.82 - - [12/Jun/2021:11:47:59 +0800] "GET /xingrg/all/report/report_query.html?isQuery=1&onlyBody=1&rh=2000&fileName=kc/base/kc_stock_detail_new.xml&queryString=(1=1)&queryText=&tableQueryString=init_table$sp1$$sp$crk_table$sp1$order_day%20between%2020210601%20and%2020210630&varString=start_day:20210601,materiel_code:00101017003,cost_id:3117,end_date:20210331 HTTP/1.1" 200 48701
120.253.135.82 - - [12/Jun/2021:11:47:59 +0800] "GET /xingrg/dwr/interface/AjaxReportQueryService.js HTTP/1.1" 200 13203
120.253.135.82 - - [12/Jun/2021:11:47:59 +0800] "GET /xingrg/javascript/bigrid/fix.js HTTP/1.1" 200 6439
120.253.135.82 - - [12/Jun/2021:11:47:59 +0800] "GET /xingrg/javascript/Calendar.js HTTP/1.1" 304 -
120.253.135.82 - - [12/Jun/2021:11:48:00 +0800] "GET /xingrg/javascript/calendar/jquery.timePicker.min.js HTTP/1.1" 200 2997
120.253.135.82 - - [12/Jun/2021:11:48:00 +0800] "GET /xingrg/javascript/jqueryMultiSelect.js HTTP/1.1" 200 11866
120.253.135.82 - - [12/Jun/2021:11:48:00 +0800] "GET /xingrg/dwr/engine.js HTTP/1.1" 200 43631
61.165.42.208 - - [12/Jun/2021:11:48:00 +0800] "GET /xingrg/dwr/interface/AjaxComOrderService.js HTTP/1.1" 200 18264
61.165.42.208 - - [12/Jun/2021:11:48:00 +0800] "GET /xingrg/dwr/interface/AjaxYddbService.js HTTP/1.1" 200 13201
61.165.42.208 - - [12/Jun/2021:11:48:00 +0800] "GET /xingrg/dwr/engine.js HTTP/1.1" 200 43631
120.253.135.82 - - [12/Jun/2021:11:48:00 +0800] "GET /xingrg/images/blue/button/back2over.gif HTTP/1.1" 200 1335
120.253.135.82 - - [12/Jun/2021:11:48:00 +0800] "GET /xingrg/images/blue/button/backover.gif HTTP/1.1" 200 1348
120.253.135.82 - - [12/Jun/2021:11:48:00 +0800] "GET /xingrg/images/blue/button/advance2over.gif HTTP/1.1" 200 1336
120.253.135.82 - - [12/Jun/2021:11:48:00 +0800] "GET /xingrg/javascript/jquery_easy_ui/themes/icons/help.png HTTP/1.1" 200 1187
120.253.135.82 - - [12/Jun/2021:11:48:00 +0800] "GET /xingrg/images/blue/button/advanceover.gif HTTP/1.1" 200 1347
120.253.135.82 - - [12/Jun/2021:11:48:00 +0800] "GET /xingrg/images/control/loading.gif HTTP/1.1" 200 13463
61.165.42.208 - - [12/Jun/2021:11:48:00 +0800] "POST /xingrg/dwr/call/plaincall/AjaxYddbService.loadMaterielItems.dwr HTTP/1.1" 200 1782
120.253.135.82 - - [12/Jun/2021:11:48:00 +0800] "POST /xingrg/all/report/load_report_page.html HTTP/1.1" 200 172089
120.253.135.82 - - [12/Jun/2021:11:48:00 +0800] "GET /xingrg/servlets/image?cache=0.6213917725632792&image=px HTTP/1.1" 200 807
222.70.177.90 - - [12/Jun/2021:11:48:01 +0800] "GET /xingrg/kc/buy/cgsh_order_add.html HTTP/1.1" 200 62517
222.70.177.90 - - [12/Jun/2021:11:48:01 +0800] "POST /xingrg/kc/buy/cgsh_order_operate.html HTTP/1.1" 200 8245
222.70.177.90 - - [12/Jun/2021:11:48:02 +0800] "GET /xingrg/javascript/easyui/themes/default/validatebox.css HTTP/1.1" 404 1104
61.165.42.208 - - [12/Jun/2021:11:48:02 +0800] "GET /xingrg/kc/base/yddb_order_report.html?fileType=servlets/rtf&code=482021061200111&reportName=ck_order_report&subName=yddb HTTP/1.1" 302 -
61.165.42.208 - - [12/Jun/2021:11:48:02 +0800] "GET /xingrg/servlets/rtf?sysBaseUrl=http%3A%2F%2F180.169.147.146%3A18081%2Fxingrg%2F&costTime=64×tamp=1623469682416 HTTP/1.1" 200 34076
116.233.75.206 - - [12/Jun/2021:11:48:02 +0800] "GET /xingrg/kc/buy/cgsh_order_operate.html?command=get_materiel&rest_code=00109&code=00101008095&supplier_code=00100005&order_time=2021-06-12 HTTP/1.1" 200 412
61.165.42.208 - - [12/Jun/2021:11:48:02 +0800] "GET /favicon.ico HTTP/1.1" 404 -
61.165.42.208 - - [12/Jun/2021:11:48:02 +0800] "GET /xingrg/kc/base/wldb_order_operate.html?command=get_materiel&rest_code=00105&base_code=0010507&code=00101019339 HTTP/1.1" 200 454
116.235.222.38 - - [12/Jun/2021:11:48:02 +0800] "GET /xingrg/kc/buy/cgsh_order_add.html HTTP/1.1" 200 62605
116.235.222.38 - - [12/Jun/2021:11:48:03 +0800] "POST /xingrg/kc/buy/cgsh_order_operate.html HTTP/1.1" 200 8245
116.235.222.38 - - [12/Jun/2021:11:48:03 +0800] "GET /xingrg/javascript/easyui/themes/default/validatebox.css HTTP/1.1" 404 1104
222.70.177.90 - - [12/Jun/2021:11:48:05 +0800] "GET /xingrg/javascript/auto/indicator.gif HTTP/1.1" 404 1066
116.235.222.38 - - [12/Jun/2021:11:48:05 +0800] "GET /xingrg/javascript/easyui/themes/default/tree.css HTTP/1.1" 404 1090
116.235.222.38 - - [12/Jun/2021:11:48:05 +0800] "POST /xingrg/all/common/load_tree.html?tree=supplier_tree_json&isDelete=1 HTTP/1.1" 200 56142
117.184.7.30 - - [12/Jun/2021:11:48:06 +0800] "GET /xingrg/all/function/internal_message.html?_=1623469675877&CODE_STATE=getMsg HTTP/1.1" 200 27
114.86.187.76 - - [12/Jun/2021:11:48:07 +0800] "POST /xingrg/kc/buy/cgsh_order_operate.html HTTP/1.1" 200 37
116.230.110.80 - - [12/Jun/2021:11:48:07 +0800] "GET /xingrg/all/function/internal_message.html?_=1623469664126&CODE_STATE=getMsg HTTP/1.1" 200 27
120.253.135.82 - - [12/Jun/2021:11:48:09 +0800] "GET /xingrg/kc/guide/show_order.html?code=212021060602860&type=21 HTTP/1.1" 302 -
120.253.135.82 - - [12/Jun/2021:11:48:09 +0800] "GET /xingrg/kc/buy/cgsh_order_info.html?code=212021060602860&sysBaseUrl=http%3A%2F%2F180.169.147.146%3A18081%2Fxingrg%2F&costTime=1×tamp=1623469689048 HTTP/1.1" 200 56480
116.230.117.165 - - [12/Jun/2021:11:48:09 +0800] "GET /xingrg/all/function/internal_message.html?_=1623469710565&CODE_STATE=getMsg HTTP/1.1" 200 27
120.253.135.82 - - [12/Jun/2021:11:48:09 +0800] "GET /favicon.ico HTTP/1.1" 404 -
120.253.135.82 - - [12/Jun/2021:11:48:09 +0800] "GET /xingrg/javascript/easyui/themes/default/validatebox.css HTTP/1.1" 404 1104
120.253.135.82 - - [12/Jun/2021:11:48:10 +0800] "POST /xingrg/kc/buy/cgsh_order_operate.html HTTP/1.1" 200 630
116.233.75.206 - - [12/Jun/2021:11:48:10 +0800] "GET /xingrg/kc/buy/cgsh_order_operate.html?command=get_materiel&rest_code=00109&code=00101008197&supplier_code=00100005&order_time=2021-06-12 HTTP/1.1" 200 416
114.86.187.76 - - [12/Jun/2021:11:48:12 +0800] "POST /xingrg/kc/buy/cgsh_order_operate.html HTTP/1.1" 200 3844
117.185.32.26 - - [12/Jun/2021:11:48:13 +0800] "GET /xingrg/kc/buy/cgsh_order_operate.html?command=get_materiel&rest_code=00106&code=00101001135&supplier_code=00100313&order_time=2021-06-12 HTTP/1.1" 200 415
222.70.177.90 - - [12/Jun/2021:11:48:17 +0800] "GET /xingrg/javascript/jquery_tools/images/next.gif HTTP/1.1" 404 1086
222.70.177.90 - - [12/Jun/2021:11:48:17 +0800] "GET /xingrg/javascript/jquery_tools/images/prev.gif HTTP/1.1" 404 1086
222.70.177.90 - - [12/Jun/2021:11:48:17 +0800] "GET /xingrg/all/function/internal_message.html?_=1623469692142&CODE_STATE=getMsg HTTP/1.1" 200 27
116.233.75.206 - - [12/Jun/2021:11:48:17 +0800] "GET /xingrg/kc/buy/cgsh_order_operate.html?command=get_materiel&rest_code=00109&code=00101008196&supplier_code=00100005&order_time=2021-06-12 HTTP/1.1" 200 416
61.165.42.208 - - [12/Jun/2021:11:48:18 +0800] "GET /xingrg/kc/base/wldb_order_operate.html?command=get_materiel&rest_code=00105&base_code=0010507&code=00101019249 HTTP/1.1" 200 470
116.230.117.165 - - [12/Jun/2021:11:48:20 +0800] "GET /xingrg/kc/buy/cgsh_order_operate.html?command=get_materiel&rest_code=00146&code=00101018023&supplier_code=00100430&order_time=2021-06-12 HTTP/1.1" 200 409
120.253.135.82 - - [12/Jun/2021:11:48:21 +0800] "GET /xingrg/kc/buy/cgsh_order_list.html HTTP/1.1" 200 46779
120.253.135.82 - - [12/Jun/2021:11:48:23 +0800] "POST /xingrg/kc/buy/cgsh_list_operate.html HTTP/1.1" 200 1690
222.70.177.90 - - [12/Jun/2021:11:48:25 +0800] "GET /xingrg/kc/buy/cgsh_order_operate.html?command=get_materiel&rest_code=00111&code=00101006111&supplier_code=00100012&order_time=2021-06-12 HTTP/1.1" 200 409
120.253.135.82 - - [12/Jun/2021:11:48:25 +0800] "POST /xingrg/kc/buy/cgsh_list_operate.html HTTP/1.1" 200 212
120.253.135.82 - - [12/Jun/2021:11:48:26 +0800] "GET /xingrg/kc/buy/cgsh_order_info.html?code=212021061205336 HTTP/1.1" 200 61587
120.253.135.82 - - [12/Jun/2021:11:48:26 +0800] "GET /xingrg/javascript/easyui/themes/default/validatebox.css HTTP/1.1" 404 1104
116.233.75.206 - - [12/Jun/2021:11:48:26 +0800] "POST /xingrg/services/DataTransmitService HTTP/1.1" 200 524
120.253.135.82 - - [12/Jun/2021:11:48:27 +0800] "POST /xingrg/kc/buy/cgsh_order_operate.html HTTP/1.1" 200 2678
117.185.32.26 - - [12/Jun/2021:11:48:27 +0800] "GET /xingrg/kc/buy/cgsh_order_operate.html?command=get_materiel&rest_code=00106&code=00101001096&supplier_code=00100313&order_time=2021-06-12 HTTP/1.1" 200 413
61.165.42.208 - - [12/Jun/2021:11:48:28 +0800] "GET /xingrg/all/function/internal_message.html?_=1623469707795&CODE_STATE=getMsg HTTP/1.1" 200 27
116.233.75.206 - - [12/Jun/2021:11:48:28 +0800] "POST /xingrg/services/DataTransmitService HTTP/1.1" 200 412
116.233.75.206 - - [12/Jun/2021:11:48:28 +0800] "GET /xingrg/kc/buy/cgsh_order_operate.html?command=get_materiel&rest_code=00109&code=00101015012&supplier_code=00100005&order_time=2021-06-12 HTTP/1.1" 200 412
114.86.187.76 - - [12/Jun/2021:11:48:30 +0800] "GET /xingrg/kc/buy/cgsh_order_add.html HTTP/1.1" 200 62517
114.86.187.76 - - [12/Jun/2021:11:48:30 +0800] "POST /xingrg/kc/buy/cgsh_order_operate.html HTTP/1.1" 200 8245
114.86.187.76 - - [12/Jun/2021:11:48:30 +0800] "GET /xingrg/javascript/easyui/themes/default/validatebox.css HTTP/1.1" 404 1104
61.165.42.208 - - [12/Jun/2021:11:48:34 +0800] "GET /xingrg/all/function/internal_message.html?_=1623469690161&CODE_STATE=getMsg HTTP/1.1" 200 27
61.165.42.208 - - [12/Jun/2021:11:48:35 +0800] "GET /xingrg/check_reg.html?_=1623469690405 HTTP/1.1" 200 22
116.224.253.72 - - [12/Jun/2021:11:48:35 +0800] "GET /xingrg/all/function/internal_message.html?_=1623469709203&CODE_STATE=getMsg HTTP/1.1" 200 27
61.165.42.208 - - [12/Jun/2021:11:48:35 +0800] "GET /xingrg/kc/base/yddb_order_list.html HTTP/1.1" 200 16666
61.165.42.208 - - [12/Jun/2021:11:48:35 +0800] "POST /xingrg/kc/base/yddb_list_operate.html HTTP/1.1" 200 636
117.185.32.26 - - [12/Jun/2021:11:48:38 +0800] "GET /xingrg/all/function/internal_message.html?_=1623470250794&CODE_STATE=getMsg HTTP/1.1" 200 27
120.253.135.82 - - [12/Jun/2021:11:48:38 +0800] "GET /xingrg/check_reg.html?_=1623469501411 HTTP/1.1" 200 22
117.185.32.26 - - [12/Jun/2021:11:48:38 +0800] "GET /xingrg/check_reg.html?_=1623470251561 HTTP/1.1" 200 22
120.253.135.82 - - [12/Jun/2021:11:48:39 +0800] "GET /xingrg/all/function/internal_message.html?_=1623469501645&CODE_STATE=getMsg HTTP/1.1" 200 27
61.165.42.208 - - [12/Jun/2021:11:48:40 +0800] "POST /xingrg/kc/base/yddb_list_operate.html HTTP/1.1" 200 3853
180.169.147.146 - - [12/Jun/2021:11:48:40 +0800] "GET /xingrg/all/function/internal_message.html?_=1623469720443&CODE_STATE=getMsg HTTP/1.1" 302 -
116.233.75.206 - - [12/Jun/2021:11:48:40 +0800] "GET /xingrg/kc/buy/cgsh_order_operate.html?command=get_materiel&rest_code=00109&code=00101008085&supplier_code=00100005&order_time=2021-06-12 HTTP/1.1" 200 412
114.86.187.76 - - [12/Jun/2021:11:48:40 +0800] "GET /xingrg/kc/buy/cgsh_order_operate.html?command=get_materiel&rest_code=00148&code=00101002007&supplier_code=00100442&order_time=2021-06-12 HTTP/1.1" 200 411
116.230.117.165 - - [12/Jun/2021:11:48:42 +0800] "GET /xingrg/kc/buy/cgsh_order_operate.html?command=get_materiel&rest_code=00146&code=00101001039&supplier_code=00100430&order_time=2021-06-12 HTTP/1.1" 200 424
116.233.75.206 - - [12/Jun/2021:11:48:43 +0800] "POST /xingrg/kc/buy/cgsh_order_operate.html HTTP/1.1" 200 2065
61.165.42.208 - - [12/Jun/2021:11:48:43 +0800] "POST /xingrg/kc/base/yddb_list_operate.html HTTP/1.1" 200 208
117.185.32.26 - - [12/Jun/2021:11:48:43 +0800] "GET /xingrg/kc/buy/cgsh_order_operate.html?command=get_materiel&rest_code=00106&code=00102026001&supplier_code=00100313&order_time=2021-06-12 HTTP/1.1" 200 410
114.83.223.149 - - [12/Jun/2021:11:48:46 +0800] "GET /xingrg/all/function/internal_message.html?_=1623469726675&CODE_STATE=getMsg HTTP/1.1" 200 27
116.233.75.206 - - [12/Jun/2021:11:48:50 +0800] "GET /xingrg/kc/buy/cgsh_order_operate.html?command=get_materiel&rest_code=00109&code=00101008173&supplier_code=00100005&order_time=2021-06-12 HTTP/1.1" 200 412
114.86.187.76 - - [12/Jun/2021:11:48:52 +0800] "GET /xingrg/kc/buy/cgsh_order_operate.html?command=get_materiel&rest_code=00148&code=00101002022&supplier_code=00100442&order_time=2021-06-12 HTTP/1.1" 200 410
120.253.135.82 - - [12/Jun/2021:11:48:54 +0800] "GET /xingrg/all/function/internal_message.html?_=1623469760300&CODE_STATE=getMsg HTTP/1.1" 200 27
116.233.75.206 - - [12/Jun/2021:11:48:56 +0800] "GET /xingrg/all/function/internal_message.html?_=1623469735892&CODE_STATE=getMsg HTTP/1.1" 200 27
116.233.75.206 - - [12/Jun/2021:11:48:56 +0800] "GET /xingrg/check_reg.html?_=1623469735893 HTTP/1.1" 200 22
116.235.222.38 - - [12/Jun/2021:11:48:56 +0800] "GET /xingrg/all/function/internal_message.html?_=1623469727326&CODE_STATE=getMsg HTTP/1.1" 200 27
117.185.32.26 - - [12/Jun/2021:11:48:57 +0800] "GET /xingrg/kc/buy/cgsh_order_operate.html?command=get_materiel&rest_code=00106&code=00101001016&supplier_code=00100313&order_time=2021-06-12 HTTP/1.1" 200 413
114.86.187.76 - - [12/Jun/2021:11:48:57 +0800] "GET /xingrg/all/function/internal_message.html?_=1623469747413&CODE_STATE=getMsg HTTP/1.1" 200 27
58.37.225.51 - - [12/Jun/2021:11:48:59 +0800] "GET /xingrg/all/function/internal_message.html?_=1623469677652&CODE_STATE=getMsg HTTP/1.1" 200 27
58.37.225.51 - - [12/Jun/2021:11:48:59 +0800] "GET /xingrg/check_reg.html?_=1623469677651 HTTP/1.1" 200 22
114.86.187.76 - - [12/Jun/2021:11:49:00 +0800] "POST /xingrg/kc/buy/cgsh_order_operate.html HTTP/1.1" 200 37
116.233.75.206 - - [12/Jun/2021:11:49:00 +0800] "GET /xingrg/kc/buy/cgsh_order_operate.html?command=get_materiel&rest_code=00109&code=00101015037&supplier_code=00100005&order_time=2021-06-12 HTTP/1.1" 200 412
116.230.117.165 - - [12/Jun/2021:11:49:04 +0800] "POST /xingrg/kc/buy/cgsh_order_operate.html HTTP/1.1" 200 37
114.86.187.76 - - [12/Jun/2021:11:49:04 +0800] "POST /xingrg/kc/buy/cgsh_order_operate.html HTTP/1.1" 200 3250
117.184.7.30 - - [12/Jun/2021:11:49:06 +0800] "GET /xingrg/all/function/internal_message.html?_=1623469735880&CODE_STATE=getMsg HTTP/1.1" 200 27
114.86.187.76 - - [12/Jun/2021:11:49:07 +0800] "GET /xingrg/kc/buy/cgsh_order_add.html HTTP/1.1" 200 62517
61.165.42.208 - - [12/Jun/2021:11:49:07 +0800] "GET /xingrg/kc/base/wldb_order_operate.html?command=get_materiel&rest_code=00105&base_code=0010507&code=00101019430 HTTP/1.1" 200 463
116.230.110.80 - - [12/Jun/2021:11:49:07 +0800] "GET /xingrg/all/function/internal_message.html?_=1623469724124&CODE_STATE=getMsg HTTP/1.1" 200 27
116.230.117.165 - - [12/Jun/2021:11:49:07 +0800] "POST /xingrg/kc/buy/cgsh_order_operate.html HTTP/1.1" 200 3263
114.86.187.76 - - [12/Jun/2021:11:49:07 +0800] "POST /xingrg/kc/buy/cgsh_order_operate.html HTTP/1.1" 200 8245
114.86.187.76 - - [12/Jun/2021:11:49:07 +0800] "GET /xingrg/javascript/easyui/themes/default/validatebox.css HTTP/1.1" 404 1104
116.230.117.165 - - [12/Jun/2021:11:49:09 +0800] "GET /xingrg/all/function/internal_message.html?_=1623469770578&CODE_STATE=getMsg HTTP/1.1" 200 27
116.230.117.165 - - [12/Jun/2021:11:49:11 +0800] "GET /xingrg/kc/print/load_data.html?order_code=212021061205507&kc_code=cgsh&condition= HTTP/1.1" 200 897
180.169.147.146 - - [12/Jun/2021:11:49:11 +0800] "GET /xingrg/check_reg.html?_=1623469750409 HTTP/1.1" 302 -
114.86.187.76 - - [12/Jun/2021:11:49:15 +0800] "GET /xingrg/kc/buy/cgsh_order_operate.html?command=get_materiel&rest_code=00148&code=00101020131&supplier_code=00100337&order_time=2021-06-12 HTTP/1.1" 200 416
180.169.147.146 - - [12/Jun/2021:11:49:17 +0800] "GET /xingrg/check_reg.html?_=1623469756599 HTTP/1.1" 302 -
222.70.177.90 - - [12/Jun/2021:11:49:17 +0800] "GET /xingrg/all/function/internal_message.html?_=1623469752139&CODE_STATE=getMsg HTTP/1.1" 200 27
116.230.117.165 - - [12/Jun/2021:11:49:21 +0800] "GET /xingrg/kc/buy/cgsh_order_add.html HTTP/1.1" 200 62523
116.230.117.165 - - [12/Jun/2021:11:49:22 +0800] "POST /xingrg/kc/buy/cgsh_order_operate.html HTTP/1.1" 200 8245
116.230.117.165 - - [12/Jun/2021:11:49:22 +0800] "GET /xingrg/javascript/easyui/themes/default/validatebox.css HTTP/1.1" 404 1104
117.185.32.26 - - [12/Jun/2021:11:49:22 +0800] "GET /xingrg/kc/buy/cgsh_order_operate.html?command=get_materiel&rest_code=00106&code=00101008108&supplier_code=00100313&order_time=2021-06-12 HTTP/1.1" 200 412
61.165.42.208 - - [12/Jun/2021:11:49:22 +0800] "GET /xingrg/kc/base/yddb_order_info.html?code=482021061200105 HTTP/1.1" 200 31561
61.165.42.208 - - [12/Jun/2021:11:49:22 +0800] "GET /xingrg/dwr/interface/AjaxComOrderService.js HTTP/1.1" 200 18264
61.165.42.208 - - [12/Jun/2021:11:49:22 +0800] "GET /xingrg/dwr/interface/AjaxYddbService.js HTTP/1.1" 200 13201
61.165.42.208 - - [12/Jun/2021:11:49:22 +0800] "GET /xingrg/dwr/engine.js HTTP/1.1" 200 43631
61.165.42.208 - - [12/Jun/2021:11:49:22 +0800] "POST /xingrg/dwr/call/plaincall/AjaxYddbService.loadMaterielItems.dwr HTTP/1.1" 200 403
61.165.42.208 - - [12/Jun/2021:11:49:24 +0800] "GET /xingrg/kc/base/wldb_order_operate.html?command=get_materiel&rest_code=00105&base_code=0010507&code=00101016028 HTTP/1.1" 200 431
