116.224.253.72 - - [12/Jun/2021:09:39:06 +0800] "GET /xingrg/javascript/auto/jquery.autocomplete.js HTTP/1.1" 200 21624
116.224.253.72 - - [12/Jun/2021:09:39:06 +0800] "GET /xingrg/javascript/easyui/themes/default/validatebox.css HTTP/1.1" 404 1104
116.224.253.72 - - [12/Jun/2021:09:39:06 +0800] "POST /xingrg/kc/buy/cgsh_order_operate.html HTTP/1.1" 200 3616
117.185.32.26 - - [12/Jun/2021:09:39:07 +0800] "POST /xingrg/kc/buy/cgsh_order_operate.html HTTP/1.1" 200 3256
116.224.253.72 - - [12/Jun/2021:09:39:08 +0800] "GET /xingrg/kc/print/load_data.html?order_code=212021061205277&kc_code=cgsh&condition= HTTP/1.1" 200 1935
180.161.111.4 - - [12/Jun/2021:09:39:09 +0800] "GET /xingrg/login.html HTTP/1.1" 200 7641
114.83.223.149 - - [12/Jun/2021:09:39:09 +0800] "POST /xingrg/dwr/call/plaincall/AjaxComOrderService.getMaterielSearchList.dwr HTTP/1.1" 200 8933
116.230.117.165 - - [12/Jun/2021:09:39:10 +0800] "POST /xingrg/services/DataTransmitService HTTP/1.1" 200 501
116.230.117.165 - - [12/Jun/2021:09:39:10 +0800] "POST /xingrg/services/DataTransmitService HTTP/1.1" 200 501
114.83.223.149 - - [12/Jun/2021:09:39:10 +0800] "POST /xingrg/dwr/call/plaincall/AjaxComOrderService.getMaterielSearchList.dwr HTTP/1.1" 200 957
116.230.117.165 - - [12/Jun/2021:09:39:11 +0800] "POST /xingrg/services/DataTransmitService HTTP/1.1" 200 501
222.70.177.90 - - [12/Jun/2021:09:39:11 +0800] "GET /xingrg/kc/buy/cgsh_order_operate.html?command=get_materiel&rest_code=00111&code=00101008045&supplier_code=00100005&order_time=2021-06-12 HTTP/1.1" 200 412
114.83.223.149 - - [12/Jun/2021:09:39:11 +0800] "POST /xingrg/dwr/call/plaincall/AjaxYddbService.getMaterielByMap.dwr HTTP/1.1" 200 2739
180.161.111.4 - - [12/Jun/2021:09:39:12 +0800] "GET /xingrg/images/blue/jxLogo.png HTTP/1.1" 200 6156
180.161.111.4 - - [12/Jun/2021:09:39:12 +0800] "GET /xingrg/images/blue/hj.png HTTP/1.1" 200 1014
180.161.111.4 - - [12/Jun/2021:09:39:12 +0800] "GET /xingrg/images/blue/login_bg.png HTTP/1.1" 200 22101
180.161.111.4 - - [12/Jun/2021:09:39:12 +0800] "GET /xingrg/images/blue/srbg.png HTTP/1.1" 200 138
116.230.117.165 - - [12/Jun/2021:09:39:13 +0800] "POST /xingrg/services/DataTransmitService HTTP/1.1" 200 501
116.230.117.165 - - [12/Jun/2021:09:39:13 +0800] "POST /xingrg/services/DataTransmitService HTTP/1.1" 200 501
114.83.223.149 - - [12/Jun/2021:09:39:13 +0800] "POST /xingrg/dwr/call/plaincall/AjaxYddbService.saveMaterielItem.dwr HTTP/1.1" 200 78
116.230.117.165 - - [12/Jun/2021:09:39:13 +0800] "POST /xingrg/services/DataTransmitService HTTP/1.1" 200 501
180.161.111.4 - - [12/Jun/2021:09:39:13 +0800] "GET /favicon.ico HTTP/1.1" 404 -
116.230.117.165 - - [12/Jun/2021:09:39:13 +0800] "POST /xingrg/services/DataTransmitService HTTP/1.1" 200 501
116.230.117.165 - - [12/Jun/2021:09:39:13 +0800] "POST /xingrg/services/DataTransmitService HTTP/1.1" 200 501
114.83.223.149 - - [12/Jun/2021:09:39:14 +0800] "POST /xingrg/dwr/call/plaincall/AjaxComOrderService.getMaterielSearchList.dwr HTTP/1.1" 200 76
116.230.117.165 - - [12/Jun/2021:09:39:14 +0800] "POST /xingrg/services/DataTransmitService HTTP/1.1" 200 501
117.185.32.26 - - [12/Jun/2021:09:39:14 +0800] "GET /xingrg/kc/buy/cgsh_order_add.html HTTP/1.1" 200 62517
116.230.117.165 - - [12/Jun/2021:09:39:14 +0800] "POST /xingrg/services/DataTransmitService HTTP/1.1" 200 412
117.185.32.26 - - [12/Jun/2021:09:39:14 +0800] "POST /xingrg/kc/buy/cgsh_order_operate.html HTTP/1.1" 200 8245
117.185.32.26 - - [12/Jun/2021:09:39:14 +0800] "GET /xingrg/javascript/easyui/themes/default/validatebox.css HTTP/1.1" 404 1104
117.185.32.26 - - [12/Jun/2021:09:39:16 +0800] "GET /xingrg/javascript/easyui/themes/default/tree.css HTTP/1.1" 404 1090
117.185.32.26 - - [12/Jun/2021:09:39:16 +0800] "POST /xingrg/all/common/load_tree.html?tree=supplier_tree_json&isDelete=1 HTTP/1.1" 200 56142
114.83.223.149 - - [12/Jun/2021:09:39:18 +0800] "GET /xingrg/kc/base/yddb_order_report.html?fileType=servlets/html&code=482021061200106&reportName=ck_order_report&subName=yddb HTTP/1.1" 302 -
114.83.223.149 - - [12/Jun/2021:09:39:18 +0800] "GET /xingrg/servlets/html?sysBaseUrl=http%3A%2F%2F180.169.147.146%3A18081%2Fxingrg%2F&costTime=87×tamp=1623461958246 HTTP/1.1" 200 14760
114.83.223.149 - - [12/Jun/2021:09:39:18 +0800] "GET /favicon.ico HTTP/1.1" 404 -
116.224.253.72 - - [12/Jun/2021:09:39:21 +0800] "GET /xingrg/all/function/internal_message.html?_=1623461959761&CODE_STATE=getMsg HTTP/1.1" 200 27
222.70.177.90 - - [12/Jun/2021:09:39:21 +0800] "GET /xingrg/kc/buy/cgsh_order_operate.html?command=get_materiel&rest_code=00111&code=00101008149&supplier_code=00100005&order_time=2021-06-12 HTTP/1.1" 200 408
116.224.253.72 - - [12/Jun/2021:09:39:26 +0800] "GET /xingrg/all/function/internal_message.html?_=1623461960098&CODE_STATE=getMsg HTTP/1.1" 200 27
222.70.177.90 - - [12/Jun/2021:09:39:29 +0800] "GET /xingrg/kc/buy/cgsh_order_operate.html?command=get_materiel&rest_code=00111&code=00101008186&supplier_code=00100005&order_time=2021-06-12 HTTP/1.1" 200 408
114.83.223.149 - - [12/Jun/2021:09:39:29 +0800] "POST /xingrg/dwr/call/plaincall/AjaxYddbService.checkOrder.dwr HTTP/1.1" 200 78
114.83.223.149 - - [12/Jun/2021:09:39:30 +0800] "GET /xingrg/kc/base/yddb_order_info.html?code=482021061200106 HTTP/1.1" 200 29583
114.83.223.149 - - [12/Jun/2021:09:39:30 +0800] "GET /xingrg/dwr/interface/AjaxComOrderService.js HTTP/1.1" 200 18264
114.83.223.149 - - [12/Jun/2021:09:39:30 +0800] "GET /xingrg/dwr/interface/AjaxYddbService.js HTTP/1.1" 200 13201
114.83.223.149 - - [12/Jun/2021:09:39:30 +0800] "GET /xingrg/dwr/engine.js HTTP/1.1" 200 43631
114.83.223.149 - - [12/Jun/2021:09:39:30 +0800] "POST /xingrg/dwr/call/plaincall/AjaxYddbService.loadMaterielItems.dwr HTTP/1.1" 200 403
114.83.223.149 - - [12/Jun/2021:09:39:32 +0800] "GET /xingrg/kc/base/yddb_order_list.html?isBack=1 HTTP/1.1" 200 16673
101.85.94.178 - - [12/Jun/2021:09:39:33 +0800] "GET /xingrg/all/function/internal_message.html?_=1623461431117&CODE_STATE=getMsg HTTP/1.1" 200 27
114.83.223.149 - - [12/Jun/2021:09:39:33 +0800] "POST /xingrg/kc/base/yddb_list_operate.html HTTP/1.1" 200 1334
61.165.42.208 - - [12/Jun/2021:09:39:34 +0800] "GET /xingrg/all/function/internal_message.html?_=1623461950337&CODE_STATE=getMsg HTTP/1.1" 200 27
114.83.223.149 - - [12/Jun/2021:09:39:35 +0800] "GET /xingrg/kc/base/yddb_order_add.html HTTP/1.1" 200 29829
114.83.223.149 - - [12/Jun/2021:09:39:35 +0800] "GET /xingrg/dwr/interface/AjaxComOrderService.js HTTP/1.1" 200 18264
114.83.223.149 - - [12/Jun/2021:09:39:35 +0800] "GET /xingrg/dwr/interface/AjaxYddbService.js HTTP/1.1" 200 13201
114.83.223.149 - - [12/Jun/2021:09:39:35 +0800] "GET /xingrg/dwr/engine.js HTTP/1.1" 200 43631
116.224.253.72 - - [12/Jun/2021:09:39:36 +0800] "POST /xingrg/kc/buy/cgsh_list_operate.html HTTP/1.1" 200 559
116.224.253.72 - - [12/Jun/2021:09:39:37 +0800] "GET /xingrg/kc/buy/cgsh_order_info.html?code=212021061205253 HTTP/1.1" 200 62180
116.224.253.72 - - [12/Jun/2021:09:39:37 +0800] "GET /xingrg/javascript/auto/jquery.autocomplete.js HTTP/1.1" 200 21624
116.224.253.72 - - [12/Jun/2021:09:39:37 +0800] "GET /xingrg/javascript/easyui/themes/default/validatebox.css HTTP/1.1" 404 1104
116.224.253.72 - - [12/Jun/2021:09:39:37 +0800] "POST /xingrg/kc/buy/cgsh_order_operate.html HTTP/1.1" 200 25388
117.185.32.26 - - [12/Jun/2021:09:39:38 +0800] "GET /xingrg/all/function/internal_message.html?_=1623462510961&CODE_STATE=getMsg HTTP/1.1" 200 27
222.70.177.90 - - [12/Jun/2021:09:39:39 +0800] "GET /xingrg/kc/buy/cgsh_order_operate.html?command=get_materiel&rest_code=00111&code=00101008110&supplier_code=00100005&order_time=2021-06-12 HTTP/1.1" 200 408
222.70.177.90 - - [12/Jun/2021:09:39:40 +0800] "POST /xingrg/kc/buy/cgsh_order_operate.html HTTP/1.1" 200 2065
117.185.32.26 - - [12/Jun/2021:09:39:41 +0800] "GET /xingrg/kc/buy/cgsh_order_operate.html?command=get_materiel&rest_code=00106&code=00101010161&supplier_code=00100032&order_time=2021-06-12 HTTP/1.1" 200 409
114.83.223.149 - - [12/Jun/2021:09:39:46 +0800] "POST /xingrg/dwr/call/plaincall/AjaxYddbService.getRestBases.dwr HTTP/1.1" 200 1007
222.70.177.90 - - [12/Jun/2021:09:39:48 +0800] "POST /xingrg/kc/buy/cgsh_order_operate.html HTTP/1.1" 200 37
114.83.223.149 - - [12/Jun/2021:09:39:48 +0800] "GET /xingrg/all/function/internal_message.html?_=1623461988492&CODE_STATE=getMsg HTTP/1.1" 200 27
114.83.223.149 - - [12/Jun/2021:09:39:50 +0800] "POST /xingrg/dwr/call/plaincall/AjaxYddbService.getRestBases.dwr HTTP/1.1" 200 1046
116.230.117.165 - - [12/Jun/2021:09:39:50 +0800] "GET /xingrg/check_reg.html?_=1623462011136 HTTP/1.1" 200 22
114.83.223.149 - - [12/Jun/2021:09:39:56 +0800] "POST /xingrg/dwr/call/plaincall/AjaxYddbService.saveOrder.dwr HTTP/1.1" 200 78
120.253.135.82 - - [12/Jun/2021:09:39:56 +0800] "GET /xingrg/check_reg.html?_=1623461779096 HTTP/1.1" 200 22
114.83.223.149 - - [12/Jun/2021:09:39:58 +0800] "POST /xingrg/dwr/call/plaincall/AjaxComOrderService.getMaterielSearchList.dwr HTTP/1.1" 200 8933
61.165.42.208 - - [12/Jun/2021:09:39:58 +0800] "GET /xingrg/all/function/internal_message.html?_=1623461998059&CODE_STATE=getMsg HTTP/1.1" 200 27
61.165.42.208 - - [12/Jun/2021:09:39:58 +0800] "GET /xingrg/check_reg.html?_=1623461998062 HTTP/1.1" 200 22
114.83.223.149 - - [12/Jun/2021:09:39:59 +0800] "POST /xingrg/dwr/call/plaincall/AjaxComOrderService.getMaterielSearchList.dwr HTTP/1.1" 200 957
114.83.223.149 - - [12/Jun/2021:09:40:00 +0800] "POST /xingrg/dwr/call/plaincall/AjaxYddbService.getMaterielByMap.dwr HTTP/1.1" 200 2739
114.83.223.149 - - [12/Jun/2021:09:40:01 +0800] "POST /xingrg/dwr/call/plaincall/AjaxYddbService.saveMaterielItem.dwr HTTP/1.1" 200 78
116.230.117.165 - - [12/Jun/2021:09:40:02 +0800] "GET /xingrg/all/function/internal_message.html?_=1623462023117&CODE_STATE=getMsg HTTP/1.1" 200 27
114.83.223.149 - - [12/Jun/2021:09:40:02 +0800] "POST /xingrg/dwr/call/plaincall/AjaxComOrderService.getMaterielSearchList.dwr HTTP/1.1" 200 76
117.185.32.26 - - [12/Jun/2021:09:40:02 +0800] "GET /xingrg/kc/buy/cgsh_order_operate.html?command=get_materiel&rest_code=00106&code=00101016053&supplier_code=00100032&order_time=2021-06-12 HTTP/1.1" 200 408
61.165.42.208 - - [12/Jun/2021:09:40:04 +0800] "POST /xingrg/kc/buy/cgsh_order_operate.html HTTP/1.1" 200 37
114.83.223.149 - - [12/Jun/2021:09:40:07 +0800] "GET /xingrg/kc/base/yddb_order_report.html?fileType=servlets/html&code=482021061200107&reportName=ck_order_report&subName=yddb HTTP/1.1" 302 -
114.83.223.149 - - [12/Jun/2021:09:40:07 +0800] "GET /xingrg/servlets/html?sysBaseUrl=http%3A%2F%2F180.169.147.146%3A18081%2Fxingrg%2F&costTime=87×tamp=1623462007020 HTTP/1.1" 200 14760
114.83.223.149 - - [12/Jun/2021:09:40:07 +0800] "GET /favicon.ico HTTP/1.1" 404 -
61.165.42.208 - - [12/Jun/2021:09:40:10 +0800] "POST /xingrg/kc/buy/cgsh_order_operate.html HTTP/1.1" 200 59984
117.185.32.26 - - [12/Jun/2021:09:40:12 +0800] "GET /xingrg/kc/buy/cgsh_order_operate.html?command=get_materiel&rest_code=00106&code=00101016017&supplier_code=00100032&order_time=2021-06-12 HTTP/1.1" 200 408
114.83.223.149 - - [12/Jun/2021:09:40:18 +0800] "POST /xingrg/dwr/call/plaincall/AjaxYddbService.checkOrder.dwr HTTP/1.1" 200 78
114.83.223.149 - - [12/Jun/2021:09:40:18 +0800] "GET /xingrg/kc/base/yddb_order_info.html?code=482021061200107 HTTP/1.1" 200 29583
114.83.223.149 - - [12/Jun/2021:09:40:18 +0800] "GET /xingrg/dwr/interface/AjaxComOrderService.js HTTP/1.1" 200 18264
114.83.223.149 - - [12/Jun/2021:09:40:18 +0800] "GET /xingrg/dwr/interface/AjaxYddbService.js HTTP/1.1" 200 13201
114.83.223.149 - - [12/Jun/2021:09:40:18 +0800] "GET /xingrg/dwr/engine.js HTTP/1.1" 200 43631
114.83.223.149 - - [12/Jun/2021:09:40:19 +0800] "POST /xingrg/dwr/call/plaincall/AjaxYddbService.loadMaterielItems.dwr HTTP/1.1" 200 403
116.224.253.72 - - [12/Jun/2021:09:40:21 +0800] "GET /xingrg/all/function/internal_message.html?_=1623462019775&CODE_STATE=getMsg HTTP/1.1" 200 27
180.161.111.4 - - [12/Jun/2021:09:40:25 +0800] "POST /xingrg/login.do HTTP/1.1" 302 -
116.224.253.72 - - [12/Jun/2021:09:40:26 +0800] "GET /xingrg/all/function/internal_message.html?_=1623462020111&CODE_STATE=getMsg HTTP/1.1" 200 27
180.161.111.4 - - [12/Jun/2021:09:40:26 +0800] "GET /xingrg/css/form.css HTTP/1.1" 200 893
180.161.111.4 - - [12/Jun/2021:09:40:26 +0800] "GET /xingrg/javascript/jquery_easy_ui/themes/icon.css HTTP/1.1" 200 3949
180.161.111.4 - - [12/Jun/2021:09:40:26 +0800] "GET /favicon.ico HTTP/1.1" 404 -
180.161.111.4 - - [12/Jun/2021:09:40:26 +0800] "GET /xingrg/index.html?sysBaseUrl=http%3A%2F%2F180.169.147.146%3A18081%2Fxingrg%2F&costTime=37×tamp=1623462025376 HTTP/1.1" 200 17173
180.161.111.4 - - [12/Jun/2021:09:40:26 +0800] "GET /xingrg/javascript/jquery.timers.js HTTP/1.1" 200 3532
180.161.111.4 - - [12/Jun/2021:09:40:26 +0800] "GET /xingrg/javascript/jquery_easy_ui/easyui-lang-zh_CN.js HTTP/1.1" 200 1900
180.161.111.4 - - [12/Jun/2021:09:40:26 +0800] "GET /xingrg/javascript/jquery-1.4.2.min.js HTTP/1.1" 200 72205
180.161.111.4 - - [12/Jun/2021:09:40:26 +0800] "GET /xingrg/javascript/jquery_easy_ui/jquery.easyui.min.js HTTP/1.1" 200 213662
180.161.111.4 - - [12/Jun/2021:09:40:28 +0800] "GET /xingrg/javascript/jquery_easy_ui/themes/default/easyui.css HTTP/1.1" 200 26500
116.224.253.72 - - [12/Jun/2021:09:40:29 +0800] "POST /xingrg/services/DataTransmitService HTTP/1.1" 200 524
180.161.111.4 - - [12/Jun/2021:09:40:30 +0800] "GET /xingrg/javascript/jquery.utils.js HTTP/1.1" 200 11805
180.161.111.4 - - [12/Jun/2021:09:40:30 +0800] "GET /xingrg/javascript/jquery.form.js HTTP/1.1" 200 23110
101.85.94.178 - - [12/Jun/2021:09:40:33 +0800] "GET /xingrg/all/function/internal_message.html?_=1623461491117&CODE_STATE=getMsg HTTP/1.1" 200 27
117.185.32.26 - - [12/Jun/2021:09:40:33 +0800] "GET /xingrg/kc/buy/cgsh_order_operate.html?command=get_materiel&rest_code=00106&code=00101001111&supplier_code=00100032&order_time=2021-06-12 HTTP/1.1" 200 411
180.161.111.4 - - [12/Jun/2021:09:40:33 +0800] "GET /xingrg/images/blue/jxLogo.png HTTP/1.1" 200 6156
180.161.111.4 - - [12/Jun/2021:09:40:34 +0800] "GET /xingrg/javascript/jquery_easy_ui/themes/icons/settle_new.png HTTP/1.1" 200 826
180.161.111.4 - - [12/Jun/2021:09:40:34 +0800] "POST /xingrg/all/common/load_tree.html?tree=area_rest_tree_json&manage=1 HTTP/1.1" 200 342
180.161.111.4 - - [12/Jun/2021:09:40:34 +0800] "GET /xingrg/images/blue/pingpu.png HTTP/1.1" 200 231
180.161.111.4 - - [12/Jun/2021:09:40:34 +0800] "GET /xingrg/javascript/jquery_easy_ui/themes/default/images/tabs_leftarrow.png HTTP/1.1" 200 389
180.161.111.4 - - [12/Jun/2021:09:40:34 +0800] "GET /xingrg/javascript/jquery_easy_ui/themes/default/images/tabs_rightarrow.png HTTP/1.1" 200 395
180.161.111.4 - - [12/Jun/2021:09:40:34 +0800] "GET /xingrg/javascript/jquery_easy_ui/themes/default/images/panel_tool_collapse.gif HTTP/1.1" 200 246
61.165.42.208 - - [12/Jun/2021:09:40:34 +0800] "GET /xingrg/all/function/internal_message.html?_=1623462010337&CODE_STATE=getMsg HTTP/1.1" 200 27
180.161.111.4 - - [12/Jun/2021:09:40:34 +0800] "GET /xingrg/javascript/jquery_easy_ui/themes/default/images/tree_arrows.gif HTTP/1.1" 200 1043
180.161.111.4 - - [12/Jun/2021:09:40:34 +0800] "GET /xingrg/check_reg.html?_=1623461999046 HTTP/1.1" 200 22
180.161.111.4 - - [12/Jun/2021:09:40:34 +0800] "GET /xingrg/all/function/internal_message.html?_=1623461999046&CODE_STATE=count HTTP/1.1" 200 11
180.161.111.4 - - [12/Jun/2021:09:40:35 +0800] "POST /xingrg/load_menu.html HTTP/1.1" 200 5138
180.161.111.4 - - [12/Jun/2021:09:40:35 +0800] "GET /xingrg/javascript/jquery_easy_ui/themes/default/images/tree_folder_open.gif HTTP/1.1" 200 956
180.161.111.4 - - [12/Jun/2021:09:40:35 +0800] "GET /xingrg/javascript/jquery_easy_ui/themes/default/images/tree_folder.gif HTTP/1.1" 200 952
180.161.111.4 - - [12/Jun/2021:09:40:35 +0800] "GET /xingrg/javascript/jquery_easy_ui/themes/icons/search_new.png HTTP/1.1" 200 586
180.161.111.4 - - [12/Jun/2021:09:40:35 +0800] "GET /xingrg/javascript/jquery_easy_ui/themes/icons/storage_new.png HTTP/1.1" 200 853
180.161.111.4 - - [12/Jun/2021:09:40:35 +0800] "GET /xingrg/javascript/jquery_easy_ui/themes/icons/forms_new.png HTTP/1.1" 200 350
180.161.111.4 - - [12/Jun/2021:09:40:35 +0800] "GET /xingrg/javascript/jquery_easy_ui/themes/default/images/tree_file.gif HTTP/1.1" 200 118
180.161.111.4 - - [12/Jun/2021:09:40:36 +0800] "GET /xingrg/images/blue/navBackgound.jpg HTTP/1.1" 200 12378
117.185.32.26 - - [12/Jun/2021:09:40:38 +0800] "GET /xingrg/all/function/internal_message.html?_=1623462570963&CODE_STATE=getMsg HTTP/1.1" 200 27
180.161.111.4 - - [12/Jun/2021:09:40:39 +0800] "GET /xingrg/javascript/jquery_easy_ui/themes/default/images/tabs_close.gif HTTP/1.1" 200 829
180.161.111.4 - - [12/Jun/2021:09:40:39 +0800] "GET /xingrg/css/site.css HTTP/1.1" 200 7541
180.161.111.4 - - [12/Jun/2021:09:40:39 +0800] "GET /xingrg/css/base.css HTTP/1.1" 200 2811
180.161.111.4 - - [12/Jun/2021:09:40:39 +0800] "GET /xingrg/javascript/jquery_tools/datebox.css HTTP/1.1" 200 2597
180.161.111.4 - - [12/Jun/2021:09:40:39 +0800] "GET /xingrg/javascript/easyui/themes/icon.css HTTP/1.1" 200 4483
180.161.111.4 - - [12/Jun/2021:09:40:39 +0800] "GET /xingrg/javascript/jquery_tools/fix.css HTTP/1.1" 200 1702
180.161.111.4 - - [12/Jun/2021:09:40:39 +0800] "GET /xingrg/javascript/jquery_tools/table.css HTTP/1.1" 200 1032
180.161.111.4 - - [12/Jun/2021:09:40:39 +0800] "GET /xingrg/javascript/jquery_tools/jquery.tools.min.js HTTP/1.1" 200 138801
180.161.111.4 - - [12/Jun/2021:09:40:39 +0800] "GET /xingrg/javascript/auto/jquery.autocomplete.css HTTP/1.1" 200 587
180.161.111.4 - - [12/Jun/2021:09:40:40 +0800] "GET /xingrg/javascript/jquery_tools/list_manager.js HTTP/1.1" 200 3652
180.161.111.4 - - [12/Jun/2021:09:40:40 +0800] "GET /xingrg/javascript/easyui/easyloader.js HTTP/1.1" 200 5975
180.161.111.4 - - [12/Jun/2021:09:40:40 +0800] "GET /xingrg/javascript/jquery.cookie.js HTTP/1.1" 200 5513
180.161.111.4 - - [12/Jun/2021:09:40:40 +0800] "GET /xingrg/javascript/jquery_tools/jquery.tools.hotkey.js HTTP/1.1" 200 3242
180.161.111.4 - - [12/Jun/2021:09:40:40 +0800] "GET /xingrg/javascript/print/LodopFuncs.js HTTP/1.1" 200 5121
180.161.111.4 - - [12/Jun/2021:09:40:40 +0800] "GET /xingrg/kc/buy/cgsh_order_list.html HTTP/1.1" 200 46779
180.161.111.4 - - [12/Jun/2021:09:40:40 +0800] "GET /xingrg/javascript/jquery_tools/jquery.tools.extend.js HTTP/1.1" 200 15385
180.161.111.4 - - [12/Jun/2021:09:40:40 +0800] "GET /xingrg/javascript/jquery_tools/jquery.tools.table.js HTTP/1.1" 200 6994
180.161.111.4 - - [12/Jun/2021:09:40:40 +0800] "GET /xingrg/javascript/auto/jquery.autocomplete.js HTTP/1.1" 200 21624
180.161.111.4 - - [12/Jun/2021:09:40:40 +0800] "GET /xingrg/javascript/easyui/themes/default/easyui.css HTTP/1.1" 200 30432
180.161.111.4 - - [12/Jun/2021:09:40:42 +0800] "GET /xingrg/javascript/easyui/themes/icons/check_new.png HTTP/1.1" 200 3224
180.161.111.4 - - [12/Jun/2021:09:40:42 +0800] "GET /xingrg/javascript/easyui/themes/icons/cance_new.png HTTP/1.1" 200 3986
180.161.111.4 - - [12/Jun/2021:09:40:42 +0800] "GET /xingrg/javascript/easyui/themes/icons/edit_add_new.png HTTP/1.1" 200 2997
180.161.111.4 - - [12/Jun/2021:09:40:42 +0800] "GET /xingrg/javascript/easyui/themes/icons/field_new.png HTTP/1.1" 200 1097
180.161.111.4 - - [12/Jun/2021:09:40:42 +0800] "GET /xingrg/javascript/easyui/themes/icons/import_new.png HTTP/1.1" 200 1247
180.161.111.4 - - [12/Jun/2021:09:40:43 +0800] "GET /xingrg/javascript/easyui/plugins/jquery.parser.js HTTP/1.1" 200 1142
180.161.111.4 - - [12/Jun/2021:09:40:43 +0800] "GET /xingrg/images/control/ajaxLoader.gif HTTP/1.1" 200 4659
180.161.111.4 - - [12/Jun/2021:09:40:43 +0800] "POST /xingrg/kc/buy/cgsh_list_operate.html HTTP/1.1" 200 876
180.161.111.4 - - [12/Jun/2021:09:40:45 +0800] "GET /xingrg/javascript/easyui/themes/default/images/button_plain_hover.png HTTP/1.1" 200 144
180.161.111.4 - - [12/Jun/2021:09:40:45 +0800] "GET /xingrg/javascript/easyui/themes/default/images/button_plain_hover.png HTTP/1.1" 200 144
180.161.111.4 - - [12/Jun/2021:09:40:45 +0800] "GET /xingrg/javascript/pic_change.js HTTP/1.1" 200 4739
180.161.111.4 - - [12/Jun/2021:09:40:45 +0800] "GET /xingrg/javascript/convert.js HTTP/1.1" 200 1239
180.161.111.4 - - [12/Jun/2021:09:40:45 +0800] "GET /xingrg/javascript/jquery_tools/order_manager.js HTTP/1.1" 200 11183
180.161.111.4 - - [12/Jun/2021:09:40:45 +0800] "GET /xingrg/javascript/json2.js HTTP/1.1" 200 11259
180.161.111.4 - - [12/Jun/2021:09:40:45 +0800] "GET /xingrg/javascript/print/kc_print.js HTTP/1.1" 200 11415
180.161.111.4 - - [12/Jun/2021:09:40:45 +0800] "GET /xingrg/kc/buy/cgsh_order_add.html HTTP/1.1" 200 62476
180.161.111.4 - - [12/Jun/2021:09:40:45 +0800] "GET /xingrg/words/20210608131730_words.js HTTP/1.1" 200 820610
180.161.111.4 - - [12/Jun/2021:09:40:45 +0800] "GET /xingrg/javascript/easyui/themes/icons/copy_new.png HTTP/1.1" 200 815
180.161.111.4 - - [12/Jun/2021:09:40:45 +0800] "GET /xingrg/javascript/easyui/themes/icons/template_new.png HTTP/1.1" 200 3956
180.161.111.4 - - [12/Jun/2021:09:40:45 +0800] "GET /xingrg/javascript/easyui/themes/icons/print.png HTTP/1.1" 200 1057
180.161.111.4 - - [12/Jun/2021:09:40:45 +0800] "GET /xingrg/javascript/easyui/themes/icons/ok.png HTTP/1.1" 200 883
180.161.111.4 - - [12/Jun/2021:09:40:45 +0800] "GET /xingrg/javascript/easyui/themes/default/images/menu_downarrow.png HTTP/1.1" 200 173
180.161.111.4 - - [12/Jun/2021:09:40:45 +0800] "GET /xingrg/javascript/easyui/themes/icons/cancel.png HTTP/1.1" 200 1133
114.83.223.149 - - [12/Jun/2021:09:40:48 +0800] "GET /xingrg/all/function/internal_message.html?_=1623462048473&CODE_STATE=getMsg HTTP/1.1" 200 27
180.161.111.4 - - [12/Jun/2021:09:40:50 +0800] "POST /xingrg/kc/buy/cgsh_order_operate.html HTTP/1.1" 200 8245
180.161.111.4 - - [12/Jun/2021:09:40:50 +0800] "GET /xingrg/javascript/easyui/themes/icons/edit_remove.png HTTP/1.1" 200 625
180.161.111.4 - - [12/Jun/2021:09:40:50 +0800] "GET /xingrg/all/common/auto_word.html?type=employee&rest_code=00102 HTTP/1.1" 200 189
180.161.111.4 - - [12/Jun/2021:09:40:50 +0800] "GET /xingrg/all/common/auto_word.html?type=employee&rest_code=00102 HTTP/1.1" 200 189
180.161.111.4 - - [12/Jun/2021:09:40:51 +0800] "GET /xingrg/javascript/easyui/themes/default/validatebox.css HTTP/1.1" 404 1104
180.161.111.4 - - [12/Jun/2021:09:40:51 +0800] "GET /xingrg/javascript/easyui/plugins/jquery.validatebox.js HTTP/1.1" 200 6103
180.161.111.4 - - [12/Jun/2021:09:40:51 +0800] "GET /xingrg/javascript/easyui/plugins/jquery.numberbox.js HTTP/1.1" 200 5213
180.161.111.4 - - [12/Jun/2021:09:40:51 +0800] "GET /xingrg/javascript/auto/indicator.gif HTTP/1.1" 404 1066
61.165.42.208 - - [12/Jun/2021:09:40:58 +0800] "GET /xingrg/all/function/internal_message.html?_=1623462058071&CODE_STATE=getMsg HTTP/1.1" 200 27
116.230.117.165 - - [12/Jun/2021:09:41:02 +0800] "GET /xingrg/all/function/internal_message.html?_=1623462083130&CODE_STATE=getMsg HTTP/1.1" 200 27
117.185.32.26 - - [12/Jun/2021:09:41:05 +0800] "GET /xingrg/kc/buy/cgsh_order_operate.html?command=get_materiel&rest_code=00106&code=00101016105&supplier_code=00100032&order_time=2021-06-12 HTTP/1.1" 200 409
180.161.111.4 - - [12/Jun/2021:09:41:12 +0800] "GET /xingrg/kc/buy/cgsh_order_operate.html?command=get_materiel&rest_code=00102&code=00101006019&supplier_code=00100096&order_time=2021-06-12 HTTP/1.1" 200 417
116.224.253.72 - - [12/Jun/2021:09:41:21 +0800] "GET /xingrg/all/function/internal_message.html?_=1623462079778&CODE_STATE=getMsg HTTP/1.1" 200 27
116.224.253.72 - - [12/Jun/2021:09:41:21 +0800] "GET /xingrg/check_reg.html?_=1623462079789 HTTP/1.1" 200 22
116.224.253.72 - - [12/Jun/2021:09:41:26 +0800] "GET /xingrg/all/function/internal_message.html?_=1623462080115&CODE_STATE=getMsg HTTP/1.1" 200 27
180.161.111.4 - - [12/Jun/2021:09:41:28 +0800] "GET /xingrg/kc/buy/cgsh_order_operate.html?command=get_materiel&rest_code=00102&code=00101006115&supplier_code=00100096&order_time=2021-06-12 HTTP/1.1" 200 410
101.85.94.178 - - [12/Jun/2021:09:41:33 +0800] "GET /xingrg/all/function/internal_message.html?_=1623461551115&CODE_STATE=getMsg HTTP/1.1" 200 27
180.161.111.4 - - [12/Jun/2021:09:41:34 +0800] "GET /xingrg/all/function/internal_message.html?_=1623462059054&CODE_STATE=getMsg HTTP/1.1" 200 27
61.165.42.208 - - [12/Jun/2021:09:41:34 +0800] "GET /xingrg/all/function/internal_message.html?_=1623462070338&CODE_STATE=getMsg HTTP/1.1" 200 27
117.185.32.26 - - [12/Jun/2021:09:41:38 +0800] "GET /xingrg/all/function/internal_message.html?_=1623462630970&CODE_STATE=getMsg HTTP/1.1" 200 27
60.190.131.170 - - [12/Jun/2021:09:41:44 +0800] "GET /favicon.ico HTTP/1.1" 404 -
60.190.131.170 - - [12/Jun/2021:09:41:44 +0800] "GET /favicon.ico HTTP/1.1" 404 -
60.190.131.170 - - [12/Jun/2021:09:41:45 +0800] "GET /favicon.ico HTTP/1.1" 404 -
60.190.131.170 - - [12/Jun/2021:09:41:45 +0800] "GET /favicon.ico HTTP/1.1" 404 -
60.190.131.170 - - [12/Jun/2021:09:41:46 +0800] "GET /favicon.ico HTTP/1.1" 404 -
60.190.131.170 - - [12/Jun/2021:09:41:47 +0800] "GET /favicon.ico HTTP/1.1" 404 -
60.190.131.170 - - [12/Jun/2021:09:41:47 +0800] "GET /favicon.ico HTTP/1.1" 404 -
60.190.131.170 - - [12/Jun/2021:09:41:48 +0800] "GET /favicon.ico HTTP/1.1" 404 -
114.83.223.149 - - [12/Jun/2021:09:41:48 +0800] "GET /xingrg/all/function/internal_message.html?_=1623462108447&CODE_STATE=getMsg HTTP/1.1" 200 27
60.190.131.170 - - [12/Jun/2021:09:41:48 +0800] "GET /favicon.ico HTTP/1.1" 404 -
114.83.223.149 - - [12/Jun/2021:09:41:49 +0800] "GET /xingrg/check_reg.html?_=1623462109030 HTTP/1.1" 200 22
60.190.131.170 - - [12/Jun/2021:09:41:49 +0800] "GET /favicon.ico HTTP/1.1" 404 -
60.190.131.170 - - [12/Jun/2021:09:41:50 +0800] "GET /favicon.ico HTTP/1.1" 404 -
60.190.131.170 - - [12/Jun/2021:09:41:50 +0800] "GET /favicon.ico HTTP/1.1" 404 -
60.190.131.170 - - [12/Jun/2021:09:41:51 +0800] "GET /favicon.ico HTTP/1.1" 404 -
60.190.131.170 - - [12/Jun/2021:09:41:51 +0800] "GET /favicon.ico HTTP/1.1" 404 -
60.190.131.170 - - [12/Jun/2021:09:41:52 +0800] "GET /favicon.ico HTTP/1.1" 404 -
60.190.131.170 - - [12/Jun/2021:09:41:53 +0800] "GET /favicon.ico HTTP/1.1" 404 -
60.190.131.170 - - [12/Jun/2021:09:41:53 +0800] "GET /favicon.ico HTTP/1.1" 404 -
60.190.131.170 - - [12/Jun/2021:09:41:54 +0800] "GET /favicon.ico HTTP/1.1" 404 -
60.190.131.170 - - [12/Jun/2021:09:41:54 +0800] "GET /favicon.ico HTTP/1.1" 404 -
60.190.131.170 - - [12/Jun/2021:09:41:55 +0800] "GET /favicon.ico HTTP/1.1" 404 -
60.190.131.170 - - [12/Jun/2021:09:41:56 +0800] "GET /favicon.ico HTTP/1.1" 404 -
60.190.131.170 - - [12/Jun/2021:09:41:56 +0800] "GET /favicon.ico HTTP/1.1" 404 -
60.190.131.170 - - [12/Jun/2021:09:41:57 +0800] "GET /favicon.ico HTTP/1.1" 404 -
60.190.131.170 - - [12/Jun/2021:09:41:57 +0800] "GET /favicon.ico HTTP/1.1" 404 -
60.190.131.170 - - [12/Jun/2021:09:41:58 +0800] "GET /favicon.ico HTTP/1.1" 404 -
61.165.42.208 - - [12/Jun/2021:09:41:58 +0800] "GET /xingrg/all/function/internal_message.html?_=1623462118071&CODE_STATE=getMsg HTTP/1.1" 200 27
60.190.131.170 - - [12/Jun/2021:09:41:59 +0800] "GET /favicon.ico HTTP/1.1" 404 -
60.190.131.170 - - [12/Jun/2021:09:41:59 +0800] "GET /favicon.ico HTTP/1.1" 404 -
60.190.131.170 - - [12/Jun/2021:09:42:00 +0800] "GET /favicon.ico HTTP/1.1" 404 -
60.190.131.170 - - [12/Jun/2021:09:42:00 +0800] "GET /favicon.ico HTTP/1.1" 404 -
60.190.131.170 - - [12/Jun/2021:09:42:01 +0800] "GET /favicon.ico HTTP/1.1" 404 -
60.190.131.170 - - [12/Jun/2021:09:42:02 +0800] "GET /favicon.ico HTTP/1.1" 404 -
116.230.117.165 - - [12/Jun/2021:09:42:02 +0800] "GET /xingrg/all/function/internal_message.html?_=1623462143310&CODE_STATE=getMsg HTTP/1.1" 200 27
60.190.131.170 - - [12/Jun/2021:09:42:02 +0800] "GET /favicon.ico HTTP/1.1" 404 -
60.190.131.170 - - [12/Jun/2021:09:42:03 +0800] "GET /favicon.ico HTTP/1.1" 404 -
60.190.131.170 - - [12/Jun/2021:09:42:03 +0800] "GET /favicon.ico HTTP/1.1" 404 -
60.190.131.170 - - [12/Jun/2021:09:42:04 +0800] "GET /favicon.ico HTTP/1.1" 404 -
60.190.131.170 - - [12/Jun/2021:09:42:05 +0800] "GET /favicon.ico HTTP/1.1" 404 -
60.190.131.170 - - [12/Jun/2021:09:42:05 +0800] "GET /favicon.ico HTTP/1.1" 404 -
60.190.131.170 - - [12/Jun/2021:09:42:06 +0800] "GET /favicon.ico HTTP/1.1" 404 -
60.190.131.170 - - [12/Jun/2021:09:42:06 +0800] "GET /favicon.ico HTTP/1.1" 404 -
60.190.131.170 - - [12/Jun/2021:09:42:07 +0800] "GET /favicon.ico HTTP/1.1" 404 -
60.190.131.170 - - [12/Jun/2021:09:42:08 +0800] "GET /favicon.ico HTTP/1.1" 404 -
60.190.131.170 - - [12/Jun/2021:09:42:08 +0800] "GET /favicon.ico HTTP/1.1" 404 -
60.190.131.170 - - [12/Jun/2021:09:42:09 +0800] "GET /favicon.ico HTTP/1.1" 404 -
60.190.131.170 - - [12/Jun/2021:09:42:09 +0800] "GET /favicon.ico HTTP/1.1" 404 -
58.221.95.50 - - [12/Jun/2021:09:42:17 +0800] "GET /xingrg/check_reg.html?_=1623462137519 HTTP/1.1" 302 -
116.224.253.72 - - [12/Jun/2021:09:42:21 +0800] "GET /xingrg/all/function/internal_message.html?_=1623462139788&CODE_STATE=getMsg HTTP/1.1" 200 27
116.224.253.72 - - [12/Jun/2021:09:42:26 +0800] "GET /xingrg/all/function/internal_message.html?_=1623462140129&CODE_STATE=getMsg HTTP/1.1" 200 27
101.85.94.178 - - [12/Jun/2021:09:42:33 +0800] "GET /xingrg/all/function/internal_message.html?_=1623461611130&CODE_STATE=getMsg HTTP/1.1" 200 27
180.161.111.4 - - [12/Jun/2021:09:42:34 +0800] "GET /xingrg/all/function/internal_message.html?_=1623462119071&CODE_STATE=getMsg HTTP/1.1" 200 27
61.165.42.208 - - [12/Jun/2021:09:42:34 +0800] "GET /xingrg/all/function/internal_message.html?_=1623462130338&CODE_STATE=getMsg HTTP/1.1" 200 27
117.185.32.26 - - [12/Jun/2021:09:42:38 +0800] "GET /xingrg/all/function/internal_message.html?_=1623462690960&CODE_STATE=getMsg HTTP/1.1" 200 27
114.83.223.149 - - [12/Jun/2021:09:42:48 +0800] "GET /xingrg/all/function/internal_message.html?_=1623462168421&CODE_STATE=getMsg HTTP/1.1" 200 27
116.224.253.72 - - [12/Jun/2021:09:42:50 +0800] "POST /xingrg/kc/buy/cgsh_order_operate.html HTTP/1.1" 200 37
116.224.253.72 - - [12/Jun/2021:09:42:53 +0800] "POST /xingrg/kc/buy/cgsh_order_operate.html HTTP/1.1" 200 12
116.224.253.72 - - [12/Jun/2021:09:42:56 +0800] "GET /xingrg/kc/buy/cgsh_order_info.html?code=212021061205253 HTTP/1.1" 200 57077
116.224.253.72 - - [12/Jun/2021:09:42:56 +0800] "GET /xingrg/javascript/auto/jquery.autocomplete.js HTTP/1.1" 200 21624
116.224.253.72 - - [12/Jun/2021:09:42:56 +0800] "GET /xingrg/javascript/easyui/themes/default/validatebox.css HTTP/1.1" 404 1104
116.224.253.72 - - [12/Jun/2021:09:42:56 +0800] "POST /xingrg/kc/buy/cgsh_order_operate.html HTTP/1.1" 200 23326
61.165.42.208 - - [12/Jun/2021:09:42:58 +0800] "GET /xingrg/all/function/internal_message.html?_=1623462178062&CODE_STATE=getMsg HTTP/1.1" 200 27
116.230.117.165 - - [12/Jun/2021:09:43:02 +0800] "GET /xingrg/all/function/internal_message.html?_=1623462203313&CODE_STATE=getMsg HTTP/1.1" 200 27
116.224.253.72 - - [12/Jun/2021:09:43:09 +0800] "GET /xingrg/kc/print/load_data.html?order_code=212021061205253&kc_code=cgsh&condition= HTTP/1.1" 200 9531
116.224.253.72 - - [12/Jun/2021:09:43:21 +0800] "GET /xingrg/all/function/internal_message.html?_=1623462199788&CODE_STATE=getMsg HTTP/1.1" 200 27
116.224.253.72 - - [12/Jun/2021:09:43:26 +0800] "GET /xingrg/check_reg.html?_=1623462200080 HTTP/1.1" 200 22
116.224.253.72 - - [12/Jun/2021:09:43:26 +0800] "GET /xingrg/all/function/internal_message.html?_=1623462200143&CODE_STATE=getMsg HTTP/1.1" 200 27
101.85.94.178 - - [12/Jun/2021:09:43:33 +0800] "GET /xingrg/all/function/internal_message.html?_=1623461671114&CODE_STATE=getMsg HTTP/1.1" 200 27
101.85.94.178 - - [12/Jun/2021:09:43:33 +0800] "GET /xingrg/check_reg.html?_=1623461671145 HTTP/1.1" 200 22
180.161.111.4 - - [12/Jun/2021:09:43:34 +0800] "GET /xingrg/all/function/internal_message.html?_=1623462179099&CODE_STATE=getMsg HTTP/1.1" 200 27
61.165.42.208 - - [12/Jun/2021:09:43:34 +0800] "GET /xingrg/check_reg.html?_=1623462190338 HTTP/1.1" 200 22
61.165.42.208 - - [12/Jun/2021:09:43:34 +0800] "GET /xingrg/all/function/internal_message.html?_=1623462190341&CODE_STATE=getMsg HTTP/1.1" 200 27
117.185.32.26 - - [12/Jun/2021:09:43:38 +0800] "GET /xingrg/check_reg.html?_=1623462750969 HTTP/1.1" 200 22
117.185.32.26 - - [12/Jun/2021:09:43:38 +0800] "GET /xingrg/all/function/internal_message.html?_=1623462750972&CODE_STATE=getMsg HTTP/1.1" 200 27
114.83.223.149 - - [12/Jun/2021:09:43:48 +0800] "GET /xingrg/all/function/internal_message.html?_=1623462228410&CODE_STATE=getMsg HTTP/1.1" 200 27
61.165.42.208 - - [12/Jun/2021:09:43:58 +0800] "GET /xingrg/all/function/internal_message.html?_=1623462238058&CODE_STATE=getMsg HTTP/1.1" 200 27
116.230.117.165 - - [12/Jun/2021:09:44:02 +0800] "GET /xingrg/all/function/internal_message.html?_=1623462263485&CODE_STATE=getMsg HTTP/1.1" 200 27
116.224.253.72 - - [12/Jun/2021:09:44:21 +0800] "GET /xingrg/all/function/internal_message.html?_=1623462259787&CODE_STATE=getMsg HTTP/1.1" 200 27
116.224.253.72 - - [12/Jun/2021:09:44:26 +0800] "GET /xingrg/all/function/internal_message.html?_=1623462260157&CODE_STATE=getMsg HTTP/1.1" 200 27
117.185.32.26 - - [12/Jun/2021:09:44:32 +0800] "POST /xingrg/kc/buy/cgsh_order_operate.html HTTP/1.1" 200 37
101.85.94.178 - - [12/Jun/2021:09:44:33 +0800] "GET /xingrg/all/function/internal_message.html?_=1623461731128&CODE_STATE=getMsg HTTP/1.1" 200 27
117.185.32.26 - - [12/Jun/2021:09:44:34 +0800] "POST /xingrg/kc/buy/cgsh_order_operate.html HTTP/1.1" 200 5004
180.161.111.4 - - [12/Jun/2021:09:44:34 +0800] "GET /xingrg/all/function/internal_message.html?_=1623462239127&CODE_STATE=getMsg HTTP/1.1" 200 27
61.165.42.208 - - [12/Jun/2021:09:44:34 +0800] "GET /xingrg/all/function/internal_message.html?_=1623462250341&CODE_STATE=getMsg HTTP/1.1" 200 27
117.185.32.26 - - [12/Jun/2021:09:44:38 +0800] "GET /xingrg/all/function/internal_message.html?_=1623462810984&CODE_STATE=getMsg HTTP/1.1" 200 27
114.83.223.149 - - [12/Jun/2021:09:44:48 +0800] "GET /xingrg/all/function/internal_message.html?_=1623462288395&CODE_STATE=getMsg HTTP/1.1" 200 27
116.230.117.165 - - [12/Jun/2021:09:44:50 +0800] "GET /xingrg/check_reg.html?_=1623462311141 HTTP/1.1" 200 22
117.185.32.26 - - [12/Jun/2021:09:44:53 +0800] "POST /xingrg/kc/buy/cgsh_order_operate.html HTTP/1.1" 200 37
120.253.135.82 - - [12/Jun/2021:09:44:56 +0800] "GET /xingrg/check_reg.html?_=1623462079104 HTTP/1.1" 200 22
117.185.32.26 - - [12/Jun/2021:09:44:57 +0800] "POST /xingrg/kc/buy/cgsh_order_operate.html HTTP/1.1" 200 5004
61.165.42.208 - - [12/Jun/2021:09:44:58 +0800] "GET /xingrg/all/function/internal_message.html?_=1623462298060&CODE_STATE=getMsg HTTP/1.1" 200 27
61.165.42.208 - - [12/Jun/2021:09:44:58 +0800] "GET /xingrg/check_reg.html?_=1623462298063 HTTP/1.1" 200 22
116.230.117.165 - - [12/Jun/2021:09:45:02 +0800] "GET /xingrg/all/function/internal_message.html?_=1623462323496&CODE_STATE=getMsg HTTP/1.1" 200 27
117.185.32.26 - - [12/Jun/2021:09:45:13 +0800] "POST /xingrg/kc/buy/cgsh_order_operate.html HTTP/1.1" 200 37
117.185.32.26 - - [12/Jun/2021:09:45:15 +0800] "POST /xingrg/kc/buy/cgsh_order_operate.html HTTP/1.1" 200 5004
117.185.32.26 - - [12/Jun/2021:09:45:17 +0800] "GET /xingrg/kc/buy/buy_main.html HTTP/1.1" 200 12412
117.185.32.26 - - [12/Jun/2021:09:45:17 +0800] "GET /xingrg/css/new_ie.css HTTP/1.1" 404 1036
117.185.32.26 - - [12/Jun/2021:09:45:19 +0800] "GET /xingrg/images/yd/bt.gif HTTP/1.1" 404 1040
117.185.32.26 - - [12/Jun/2021:09:45:19 +0800] "GET /xingrg/kc/buy/cgsh_order_list.html HTTP/1.1" 200 46779
116.224.253.72 - - [12/Jun/2021:09:45:21 +0800] "GET /xingrg/all/function/internal_message.html?_=1623462319789&CODE_STATE=getMsg HTTP/1.1" 200 27
117.185.32.26 - - [12/Jun/2021:09:45:22 +0800] "POST /xingrg/kc/buy/cgsh_list_operate.html HTTP/1.1" 200 2420
116.224.253.72 - - [12/Jun/2021:09:45:26 +0800] "GET /xingrg/all/function/internal_message.html?_=1623462320179&CODE_STATE=getMsg HTTP/1.1" 200 27
101.85.94.178 - - [12/Jun/2021:09:45:33 +0800] "GET /xingrg/all/function/internal_message.html?_=1623461791127&CODE_STATE=getMsg HTTP/1.1" 200 27
180.161.111.4 - - [12/Jun/2021:09:45:34 +0800] "GET /xingrg/check_reg.html?_=1623462299042 HTTP/1.1" 200 22
61.165.42.208 - - [12/Jun/2021:09:45:34 +0800] "GET /xingrg/all/function/internal_message.html?_=1623462310341&CODE_STATE=getMsg HTTP/1.1" 200 27
180.161.111.4 - - [12/Jun/2021:09:45:34 +0800] "GET /xingrg/all/function/internal_message.html?_=1623462299152&CODE_STATE=getMsg HTTP/1.1" 200 27
180.169.147.146 - - [12/Jun/2021:09:45:36 +0800] "GET /favicon.ico HTTP/1.1" 404 -
117.185.32.26 - - [12/Jun/2021:09:45:38 +0800] "GET /xingrg/all/function/internal_message.html?_=1623462870999&CODE_STATE=getMsg HTTP/1.1" 200 27
114.83.223.149 - - [12/Jun/2021:09:45:48 +0800] "GET /xingrg/all/function/internal_message.html?_=1623462348378&CODE_STATE=getMsg HTTP/1.1" 200 27
180.161.111.4 - - [12/Jun/2021:09:45:58 +0800] "GET /xingrg/kc/buy/cgsh_order_operate.html?command=get_materiel&rest_code=00102&code=00101001010&supplier_code=00100096&order_time=2021-06-12 HTTP/1.1" 200 409
61.165.42.208 - - [12/Jun/2021:09:45:58 +0800] "GET /xingrg/all/function/internal_message.html?_=1623462358149&CODE_STATE=getMsg HTTP/1.1" 200 27
116.230.117.165 - - [12/Jun/2021:09:46:02 +0800] "GET /xingrg/all/function/internal_message.html?_=1623462383510&CODE_STATE=getMsg HTTP/1.1" 200 27
180.161.111.4 - - [12/Jun/2021:09:46:10 +0800] "GET /xingrg/kc/buy/cgsh_order_operate.html?command=get_materiel&rest_code=00102&code=00101012029&supplier_code=00100096&order_time=2021-06-12 HTTP/1.1" 200 414
117.185.32.26 - - [12/Jun/2021:09:46:11 +0800] "GET /xingrg/kc/report/report_main.html HTTP/1.1" 200 7345
117.185.32.26 - - [12/Jun/2021:09:46:13 +0800] "GET /xingrg/all/report/report_query.html?fileName=kc/buy/gys_amount.xml&rh=99999 HTTP/1.1" 200 52006
117.185.32.26 - - [12/Jun/2021:09:46:13 +0800] "GET /xingrg/dwr/interface/AjaxReportQueryService.js HTTP/1.1" 200 13203
117.185.32.26 - - [12/Jun/2021:09:46:13 +0800] "GET /xingrg/dwr/util.js HTTP/1.1" 304 -
117.185.32.26 - - [12/Jun/2021:09:46:13 +0800] "GET /xingrg/dwr/engine.js HTTP/1.1" 200 43631
117.185.32.26 - - [12/Jun/2021:09:46:13 +0800] "POST /xingrg/dwr/call/plaincall/AjaxReportQueryService.getFixDate.dwr HTTP/1.1" 200 111
117.185.32.26 - - [12/Jun/2021:09:46:13 +0800] "POST /xingrg/all/common/load_tree.html?tree=supplier_tree_json&manage=1 HTTP/1.1" 200 56999
117.185.32.26 - - [12/Jun/2021:09:46:15 +0800] "POST /xingrg/all/common/load_tree.html?tree=materiel_sort_tree_json HTTP/1.1" 200 8666
117.185.32.26 - - [12/Jun/2021:09:46:15 +0800] "POST /xingrg/dwr/call/plaincall/AjaxReportQueryService.getInitString.dwr HTTP/1.1" 200 975
117.185.32.26 - - [12/Jun/2021:09:46:17 +0800] "POST /xingrg/dwr/call/plaincall/AjaxReportQueryService.getFixDate.dwr HTTP/1.1" 200 111
116.224.253.72 - - [12/Jun/2021:09:46:21 +0800] "GET /xingrg/check_reg.html?_=1623462379807 HTTP/1.1" 200 22
116.224.253.72 - - [12/Jun/2021:09:46:21 +0800] "GET /xingrg/all/function/internal_message.html?_=1623462379807&CODE_STATE=getMsg HTTP/1.1" 200 27
116.224.253.72 - - [12/Jun/2021:09:46:26 +0800] "GET /xingrg/all/function/internal_message.html?_=1623462380192&CODE_STATE=getMsg HTTP/1.1" 200 27
117.185.32.26 - - [12/Jun/2021:09:46:27 +0800] "POST /xingrg/dwr/call/plaincall/AjaxReportQueryService.refreshCache.dwr HTTP/1.1" 200 78
117.185.32.26 - - [12/Jun/2021:09:46:28 +0800] "POST /xingrg/all/report/load_report_page.html HTTP/1.1" 200 8936
117.185.32.26 - - [12/Jun/2021:09:46:28 +0800] "GET /xingrg/servlets/image?cache=0.4054439103759391&image=px HTTP/1.1" 200 807
101.85.94.178 - - [12/Jun/2021:09:46:33 +0800] "GET /xingrg/all/function/internal_message.html?_=1623461851126&CODE_STATE=getMsg HTTP/1.1" 200 27
61.165.42.208 - - [12/Jun/2021:09:46:34 +0800] "GET /xingrg/all/function/internal_message.html?_=1623462370341&CODE_STATE=getMsg HTTP/1.1" 200 27
180.161.111.4 - - [12/Jun/2021:09:46:34 +0800] "GET /xingrg/all/function/internal_message.html?_=1623462359258&CODE_STATE=getMsg HTTP/1.1" 200 27
117.185.32.26 - - [12/Jun/2021:09:46:38 +0800] "GET /xingrg/all/function/internal_message.html?_=1623462930990&CODE_STATE=getMsg HTTP/1.1" 200 27
180.161.111.4 - - [12/Jun/2021:09:46:38 +0800] "GET /xingrg/kc/buy/cgsh_order_operate.html?command=get_materiel&rest_code=00102&code=00101012030&supplier_code=00100096&order_time=2021-06-12 HTTP/1.1" 200 416
117.185.32.26 - - [12/Jun/2021:09:46:46 +0800] "GET /xingrg/kc/base/base_main.html HTTP/1.1" 200 12142
114.83.223.149 - - [12/Jun/2021:09:46:48 +0800] "GET /xingrg/all/function/internal_message.html?_=1623462408363&CODE_STATE=getMsg HTTP/1.1" 200 27
114.83.223.149 - - [12/Jun/2021:09:46:49 +0800] "GET /xingrg/check_reg.html?_=1623462409023 HTTP/1.1" 200 22
180.161.111.4 - - [12/Jun/2021:09:46:55 +0800] "GET /xingrg/kc/buy/cgsh_order_operate.html?command=get_materiel&rest_code=00102&code=00101006109&supplier_code=00100096&order_time=2021-06-12 HTTP/1.1" 200 409
61.165.42.208 - - [12/Jun/2021:09:46:58 +0800] "GET /xingrg/all/function/internal_message.html?_=1623462418117&CODE_STATE=getMsg HTTP/1.1" 200 27
116.230.117.165 - - [12/Jun/2021:09:47:02 +0800] "GET /xingrg/all/function/internal_message.html?_=1623462443682&CODE_STATE=getMsg HTTP/1.1" 200 27
117.185.32.26 - - [12/Jun/2021:09:47:13 +0800] "GET /xingrg/kc/base/wldb_order_list.html HTTP/1.1" 200 19061
117.185.32.26 - - [12/Jun/2021:09:47:14 +0800] "POST /xingrg/kc/base/wldb_list_operate.html HTTP/1.1" 200 928
180.161.111.4 - - [12/Jun/2021:09:47:14 +0800] "GET /xingrg/kc/buy/cgsh_order_operate.html?command=get_materiel&rest_code=00102&code=00101006129&supplier_code=00100096&order_time=2021-06-12 HTTP/1.1" 200 431
117.185.32.26 - - [12/Jun/2021:09:47:16 +0800] "GET /xingrg/kc/buy/buy_main.html HTTP/1.1" 200 12412
117.185.32.26 - - [12/Jun/2021:09:47:16 +0800] "GET /xingrg/css/new_ie.css HTTP/1.1" 404 1036
117.185.32.26 - - [12/Jun/2021:09:47:17 +0800] "GET /xingrg/images/yd/bt.gif HTTP/1.1" 404 1040
58.221.95.50 - - [12/Jun/2021:09:47:17 +0800] "GET /xingrg/check_reg.html?_=1623462437501 HTTP/1.1" 302 -
117.185.32.26 - - [12/Jun/2021:09:47:19 +0800] "GET /xingrg/kc/buy/cgsh_order_list.html HTTP/1.1" 200 46779
116.224.253.72 - - [12/Jun/2021:09:47:21 +0800] "GET /xingrg/all/function/internal_message.html?_=1623462439806&CODE_STATE=getMsg HTTP/1.1" 200 27
117.185.32.26 - - [12/Jun/2021:09:47:22 +0800] "POST /xingrg/kc/buy/cgsh_list_operate.html HTTP/1.1" 200 2420
116.224.253.72 - - [12/Jun/2021:09:47:26 +0800] "GET /xingrg/all/function/internal_message.html?_=1623462440196&CODE_STATE=getMsg HTTP/1.1" 200 27
180.161.111.4 - - [12/Jun/2021:09:47:27 +0800] "GET /xingrg/kc/buy/cgsh_order_operate.html?command=get_materiel&rest_code=00102&code=00101007001&supplier_code=00100096&order_time=2021-06-12 HTTP/1.1" 200 411
101.85.94.178 - - [12/Jun/2021:09:47:33 +0800] "GET /xingrg/all/function/internal_message.html?_=1623461911124&CODE_STATE=getMsg HTTP/1.1" 200 27
61.165.42.208 - - [12/Jun/2021:09:47:34 +0800] "GET /xingrg/all/function/internal_message.html?_=1623462430341&CODE_STATE=getMsg HTTP/1.1" 200 27
180.161.111.4 - - [12/Jun/2021:09:47:34 +0800] "GET /xingrg/all/function/internal_message.html?_=1623462419279&CODE_STATE=getMsg HTTP/1.1" 200 27
117.185.32.26 - - [12/Jun/2021:09:47:38 +0800] "GET /xingrg/all/function/internal_message.html?_=1623462990995&CODE_STATE=getMsg HTTP/1.1" 200 27
180.161.111.4 - - [12/Jun/2021:09:47:47 +0800] "GET /xingrg/kc/buy/cgsh_order_operate.html?command=get_materiel&rest_code=00102&code=00101006039&supplier_code=00100096&order_time=2021-06-12 HTTP/1.1" 200 413
114.83.223.149 - - [12/Jun/2021:09:47:48 +0800] "GET /xingrg/all/function/internal_message.html?_=1623462468345&CODE_STATE=getMsg HTTP/1.1" 200 27
61.165.42.208 - - [12/Jun/2021:09:47:58 +0800] "GET /xingrg/all/function/internal_message.html?_=1623462478106&CODE_STATE=getMsg HTTP/1.1" 200 27
180.161.111.4 - - [12/Jun/2021:09:48:01 +0800] "GET /xingrg/kc/buy/cgsh_order_operate.html?command=get_materiel&rest_code=00102&code=00101006110&supplier_code=00100096&order_time=2021-06-12 HTTP/1.1" 200 410
116.230.117.165 - - [12/Jun/2021:09:48:02 +0800] "GET /xingrg/all/function/internal_message.html?_=1623462503693&CODE_STATE=getMsg HTTP/1.1" 200 27
116.224.253.72 - - [12/Jun/2021:09:48:21 +0800] "GET /xingrg/all/function/internal_message.html?_=1623462499804&CODE_STATE=getMsg HTTP/1.1" 200 27
116.224.253.72 - - [12/Jun/2021:09:48:26 +0800] "GET /xingrg/check_reg.html?_=1623462500090 HTTP/1.1" 200 22
116.224.253.72 - - [12/Jun/2021:09:48:26 +0800] "GET /xingrg/all/function/internal_message.html?_=1623462500210&CODE_STATE=getMsg HTTP/1.1" 200 27
116.224.253.72 - - [12/Jun/2021:09:48:28 +0800] "POST /xingrg/all/user/operate.html HTTP/1.1" 200 36
116.224.253.72 - - [12/Jun/2021:09:48:28 +0800] "GET /xingrg/index.html?sysBaseUrl=http%3A%2F%2F180.169.147.146%3A18081%2Fxingrg%2F&costTime=42×tamp=1623456603499 HTTP/1.1" 200 17179
116.224.253.72 - - [12/Jun/2021:09:48:28 +0800] "GET /xingrg/javascript/jquery_easy_ui/themes/default/easyui.css HTTP/1.1" 304 -
116.224.253.72 - - [12/Jun/2021:09:48:28 +0800] "GET /xingrg/javascript/jquery_easy_ui/themes/icon.css HTTP/1.1" 304 -
116.224.253.72 - - [12/Jun/2021:09:48:28 +0800] "GET /xingrg/css/form.css HTTP/1.1" 304 -
116.224.253.72 - - [12/Jun/2021:09:48:28 +0800] "GET /xingrg/javascript/jquery-1.4.2.min.js HTTP/1.1" 304 -
116.224.253.72 - - [12/Jun/2021:09:48:28 +0800] "GET /xingrg/javascript/jquery_easy_ui/jquery.easyui.min.js HTTP/1.1" 304 -
116.224.253.72 - - [12/Jun/2021:09:48:28 +0800] "GET /xingrg/javascript/jquery_easy_ui/easyui-lang-zh_CN.js HTTP/1.1" 304 -
116.224.253.72 - - [12/Jun/2021:09:48:28 +0800] "GET /xingrg/javascript/jquery.form.js HTTP/1.1" 304 -
116.224.253.72 - - [12/Jun/2021:09:48:28 +0800] "GET /xingrg/javascript/jquery.utils.js HTTP/1.1" 304 -
116.224.253.72 - - [12/Jun/2021:09:48:28 +0800] "GET /xingrg/javascript/jquery.timers.js HTTP/1.1" 304 -
116.224.253.72 - - [12/Jun/2021:09:48:28 +0800] "GET /xingrg/images/blue/jxLogo.png HTTP/1.1" 304 -
116.224.253.72 - - [12/Jun/2021:09:48:28 +0800] "GET /xingrg/images/blue/navBackgound.jpg HTTP/1.1" 304 -
116.224.253.72 - - [12/Jun/2021:09:48:28 +0800] "GET /xingrg/javascript/jquery_easy_ui/themes/icons/settle_new.png HTTP/1.1" 304 -
116.224.253.72 - - [12/Jun/2021:09:48:28 +0800] "GET /xingrg/images/blue/pingpu.png HTTP/1.1" 304 -
116.224.253.72 - - [12/Jun/2021:09:48:28 +0800] "POST /xingrg/all/common/load_tree.html?tree=area_rest_tree_json&manage=1 HTTP/1.1" 200 476
116.224.253.72 - - [12/Jun/2021:09:48:28 +0800] "GET /xingrg/javascript/jquery_easy_ui/themes/default/images/tabs_leftarrow.png HTTP/1.1" 304 -
116.224.253.72 - - [12/Jun/2021:09:48:28 +0800] "GET /xingrg/javascript/jquery_easy_ui/themes/default/images/tabs_rightarrow.png HTTP/1.1" 304 -
116.224.253.72 - - [12/Jun/2021:09:48:28 +0800] "GET /xingrg/javascript/jquery_easy_ui/themes/default/images/panel_tool_collapse.gif HTTP/1.1" 304 -
116.224.253.72 - - [12/Jun/2021:09:48:28 +0800] "GET /xingrg/all/function/internal_message.html?_=1623462502271&CODE_STATE=count HTTP/1.1" 200 11
116.224.253.72 - - [12/Jun/2021:09:48:28 +0800] "GET /xingrg/check_reg.html?_=1623462502272 HTTP/1.1" 200 22
116.224.253.72 - - [12/Jun/2021:09:48:28 +0800] "POST /xingrg/load_menu.html HTTP/1.1" 200 5138
101.85.94.178 - - [12/Jun/2021:09:48:33 +0800] "GET /xingrg/check_reg.html?_=1623461971127 HTTP/1.1" 200 22
101.85.94.178 - - [12/Jun/2021:09:48:33 +0800] "GET /xingrg/all/function/internal_message.html?_=1623461971126&CODE_STATE=getMsg HTTP/1.1" 200 27
61.165.42.208 - - [12/Jun/2021:09:48:34 +0800] "GET /xingrg/check_reg.html?_=1623462490341 HTTP/1.1" 200 22
61.165.42.208 - - [12/Jun/2021:09:48:34 +0800] "GET /xingrg/all/function/internal_message.html?_=1623462490344&CODE_STATE=getMsg HTTP/1.1" 200 27
180.161.111.4 - - [12/Jun/2021:09:48:35 +0800] "GET /xingrg/all/function/internal_message.html?_=1623462479287&CODE_STATE=getMsg HTTP/1.1" 200 27
117.185.32.26 - - [12/Jun/2021:09:48:38 +0800] "GET /xingrg/all/function/internal_message.html?_=1623463050996&CODE_STATE=getMsg HTTP/1.1" 200 27
117.185.32.26 - - [12/Jun/2021:09:48:38 +0800] "GET /xingrg/check_reg.html?_=1623463050999 HTTP/1.1" 200 22
180.161.111.4 - - [12/Jun/2021:09:48:46 +0800] "POST /xingrg/kc/buy/cgsh_order_operate.html HTTP/1.1" 200 37
114.83.223.149 - - [12/Jun/2021:09:48:48 +0800] "GET /xingrg/all/function/internal_message.html?_=1623462528327&CODE_STATE=getMsg HTTP/1.1" 200 27
180.161.111.4 - - [12/Jun/2021:09:48:58 +0800] "POST /xingrg/kc/buy/cgsh_order_operate.html HTTP/1.1" 200 12
61.165.42.208 - - [12/Jun/2021:09:48:58 +0800] "GET /xingrg/all/function/internal_message.html?_=1623462538075&CODE_STATE=getMsg HTTP/1.1" 200 27
180.161.111.4 - - [12/Jun/2021:09:49:00 +0800] "GET /xingrg/kc/buy/cgsh_order_info.html?code=212021061205298 HTTP/1.1" 200 57366
180.161.111.4 - - [12/Jun/2021:09:49:00 +0800] "GET /xingrg/javascript/jquery_easy_ui/themes/icons/area.png HTTP/1.1" 200 262
180.161.111.4 - - [12/Jun/2021:09:49:00 +0800] "GET /xingrg/javascript/jquery_easy_ui/themes/icons/rest.png HTTP/1.1" 200 695
180.161.111.4 - - [12/Jun/2021:09:49:01 +0800] "GET /xingrg/javascript/easyui/themes/default/validatebox.css HTTP/1.1" 404 1104
180.161.111.4 - - [12/Jun/2021:09:49:02 +0800] "POST /xingrg/kc/buy/cgsh_order_operate.html HTTP/1.1" 200 6550
116.230.117.165 - - [12/Jun/2021:09:49:03 +0800] "GET /xingrg/all/function/internal_message.html?_=1623462563879&CODE_STATE=getMsg HTTP/1.1" 200 27
117.143.51.107 - - [12/Jun/2021:09:49:07 +0800] "GET /favicon.ico HTTP/1.1" 404 -
180.161.111.4 - - [12/Jun/2021:09:49:08 +0800] "GET /xingrg/kc/print/load_config.html?kc_code=cgsh HTTP/1.1" 200 1845
180.161.111.4 - - [12/Jun/2021:09:49:08 +0800] "GET /xingrg/kc/print/load_data.html?order_code=212021061205298&kc_code=cgsh&condition= HTTP/1.1" 200 2937
180.169.147.146 - - [12/Jun/2021:09:49:17 +0800] "GET /xingrg/check_reg.html?_=1623462556917 HTTP/1.1" 302 -
180.169.147.146 - - [12/Jun/2021:09:49:17 +0800] "GET /xingrg/login.html HTTP/1.1" 200 7641
