222.70.177.90 - - [12/Jun/2021:09:30:33 +0800] "GET /xingrg/kc/buy/cgsh_order_add.html HTTP/1.1" 200 62517
222.70.177.90 - - [12/Jun/2021:09:30:33 +0800] "POST /xingrg/kc/buy/cgsh_order_operate.html HTTP/1.1" 200 8245
222.70.177.90 - - [12/Jun/2021:09:30:33 +0800] "GET /xingrg/all/common/auto_word.html?type=employee&rest_code=00111 HTTP/1.1" 200 155
222.70.177.90 - - [12/Jun/2021:09:30:33 +0800] "GET /xingrg/all/common/auto_word.html?type=employee&rest_code=00111 HTTP/1.1" 200 155
222.70.177.90 - - [12/Jun/2021:09:30:33 +0800] "GET /xingrg/javascript/easyui/themes/default/validatebox.css HTTP/1.1" 404 1104
101.85.94.178 - - [12/Jun/2021:09:30:34 +0800] "GET /xingrg/kc/buy/cgsh_order_operate.html?command=get_materiel&rest_code=00142&code=00101008368&supplier_code=00100161&order_time=2021-06-12 HTTP/1.1" 200 408
61.165.42.208 - - [12/Jun/2021:09:30:34 +0800] "GET /xingrg/all/function/internal_message.html?_=1623461410304&CODE_STATE=getMsg HTTP/1.1" 200 27
222.70.177.90 - - [12/Jun/2021:09:30:38 +0800] "GET /xingrg/javascript/auto/indicator.gif HTTP/1.1" 404 1066
117.185.32.26 - - [12/Jun/2021:09:30:38 +0800] "GET /xingrg/all/function/internal_message.html?_=1623461970905&CODE_STATE=getMsg HTTP/1.1" 200 27
222.70.177.90 - - [12/Jun/2021:09:30:38 +0800] "GET /xingrg/javascript/jquery_tools/images/next.gif HTTP/1.1" 404 1086
222.70.177.90 - - [12/Jun/2021:09:30:38 +0800] "GET /xingrg/javascript/jquery_tools/images/prev.gif HTTP/1.1" 404 1086
101.85.94.178 - - [12/Jun/2021:09:30:42 +0800] "GET /xingrg/kc/buy/cgsh_order_operate.html?command=get_materiel&rest_code=00142&code=00101008141&supplier_code=00100161&order_time=2021-06-12 HTTP/1.1" 200 412
222.70.177.90 - - [12/Jun/2021:09:30:47 +0800] "GET /xingrg/kc/buy/cgsh_order_operate.html?command=get_materiel&rest_code=00111&code=00101007061&supplier_code=00100004&order_time=2021-06-12 HTTP/1.1" 200 409
114.83.223.149 - - [12/Jun/2021:09:30:48 +0800] "GET /xingrg/all/function/internal_message.html?_=1623461448615&CODE_STATE=getMsg HTTP/1.1" 200 27
101.85.94.178 - - [12/Jun/2021:09:30:49 +0800] "GET /xingrg/kc/buy/cgsh_order_operate.html?command=get_materiel&rest_code=00142&code=00101008059&supplier_code=00100161&order_time=2021-06-12 HTTP/1.1" 200 408
114.83.223.149 - - [12/Jun/2021:09:30:53 +0800] "GET /xingrg/kc/buy/cgsh_order_operate.html?command=get_materiel&rest_code=00149&code=00101012038&supplier_code=00100036&order_time=2021-06-12 HTTP/1.1" 200 412
101.85.94.178 - - [12/Jun/2021:09:30:57 +0800] "GET /xingrg/kc/buy/cgsh_order_operate.html?command=get_materiel&rest_code=00142&code=00101008370&supplier_code=00100161&order_time=2021-06-12 HTTP/1.1" 200 412
222.70.177.90 - - [12/Jun/2021:09:30:58 +0800] "GET /xingrg/all/function/internal_message.html?_=1623461453323&CODE_STATE=getMsg HTTP/1.1" 200 27
61.165.42.208 - - [12/Jun/2021:09:30:58 +0800] "GET /xingrg/all/function/internal_message.html?_=1623461458039&CODE_STATE=getMsg HTTP/1.1" 200 27
222.70.177.90 - - [12/Jun/2021:09:31:01 +0800] "GET /xingrg/kc/buy/cgsh_order_operate.html?command=get_materiel&rest_code=00111&code=00101007125&supplier_code=00100004&order_time=2021-06-12 HTTP/1.1" 200 406
116.230.117.165 - - [12/Jun/2021:09:31:01 +0800] "GET /xingrg/all/function/internal_message.html?_=1623461482480&CODE_STATE=getMsg HTTP/1.1" 200 27
101.85.94.178 - - [12/Jun/2021:09:31:04 +0800] "GET /xingrg/kc/buy/cgsh_order_operate.html?command=get_materiel&rest_code=00142&code=00101008361&supplier_code=00100161&order_time=2021-06-12 HTTP/1.1" 200 408
116.224.253.72 - - [12/Jun/2021:09:31:06 +0800] "GET /xingrg/all/function/internal_message.html?_=1623461459735&CODE_STATE=getMsg HTTP/1.1" 200 27
114.83.223.149 - - [12/Jun/2021:09:31:10 +0800] "GET /xingrg/kc/buy/cgsh_order_operate.html?command=get_materiel&rest_code=00149&code=00101010092&supplier_code=00100036&order_time=2021-06-12 HTTP/1.1" 200 449
101.85.94.178 - - [12/Jun/2021:09:31:13 +0800] "GET /xingrg/kc/buy/cgsh_order_operate.html?command=get_materiel&rest_code=00142&code=00101008371&supplier_code=00100161&order_time=2021-06-12 HTTP/1.1" 200 412
101.85.94.178 - - [12/Jun/2021:09:31:20 +0800] "GET /xingrg/kc/buy/cgsh_order_operate.html?command=get_materiel&rest_code=00142&code=00101008355&supplier_code=00100161&order_time=2021-06-12 HTTP/1.1" 200 408
116.224.253.72 - - [12/Jun/2021:09:31:21 +0800] "GET /xingrg/check_reg.html?_=1623461479724 HTTP/1.1" 200 22
116.224.253.72 - - [12/Jun/2021:09:31:21 +0800] "GET /xingrg/all/function/internal_message.html?_=1623461479726&CODE_STATE=getMsg HTTP/1.1" 200 27
114.83.223.149 - - [12/Jun/2021:09:31:26 +0800] "POST /xingrg/kc/buy/cgsh_order_operate.html HTTP/1.1" 200 37
101.85.94.178 - - [12/Jun/2021:09:31:28 +0800] "GET /xingrg/kc/buy/cgsh_order_operate.html?command=get_materiel&rest_code=00142&code=00101008024&supplier_code=00100161&order_time=2021-06-12 HTTP/1.1" 200 408
114.83.223.149 - - [12/Jun/2021:09:31:29 +0800] "POST /xingrg/kc/buy/cgsh_order_operate.html HTTP/1.1" 200 12
114.83.223.149 - - [12/Jun/2021:09:31:32 +0800] "GET /xingrg/kc/buy/cgsh_order_info.html?code=212021061205290 HTTP/1.1" 200 57480
114.83.223.149 - - [12/Jun/2021:09:31:32 +0800] "GET /xingrg/javascript/easyui/themes/default/validatebox.css HTTP/1.1" 404 1104
101.85.94.178 - - [12/Jun/2021:09:31:33 +0800] "GET /xingrg/all/function/internal_message.html?_=1623460951180&CODE_STATE=getMsg HTTP/1.1" 200 27
114.83.223.149 - - [12/Jun/2021:09:31:33 +0800] "POST /xingrg/kc/buy/cgsh_order_operate.html HTTP/1.1" 200 1214
61.165.42.208 - - [12/Jun/2021:09:31:34 +0800] "GET /xingrg/all/function/internal_message.html?_=1623461470304&CODE_STATE=getMsg HTTP/1.1" 200 27
116.224.253.72 - - [12/Jun/2021:09:31:35 +0800] "POST /xingrg/kc/buy/cgsh_list_operate.html HTTP/1.1" 200 2087
101.85.94.178 - - [12/Jun/2021:09:31:35 +0800] "GET /xingrg/kc/buy/cgsh_order_operate.html?command=get_materiel&rest_code=00142&code=00101008356&supplier_code=00100161&order_time=2021-06-12 HTTP/1.1" 200 408
114.83.223.149 - - [12/Jun/2021:09:31:35 +0800] "GET /xingrg/kc/print/load_data.html?order_code=212021061205290&kc_code=cgsh&condition= HTTP/1.1" 200 1030
116.224.253.72 - - [12/Jun/2021:09:31:37 +0800] "POST /xingrg/kc/buy/cgsh_list_operate.html HTTP/1.1" 200 576
117.185.32.26 - - [12/Jun/2021:09:31:38 +0800] "GET /xingrg/all/function/internal_message.html?_=1623462030934&CODE_STATE=getMsg HTTP/1.1" 200 27
116.224.253.72 - - [12/Jun/2021:09:31:39 +0800] "GET /xingrg/kc/buy/cgsh_order_info.html?code=212021061205250 HTTP/1.1" 200 62462
116.224.253.72 - - [12/Jun/2021:09:31:39 +0800] "GET /xingrg/javascript/auto/jquery.autocomplete.js HTTP/1.1" 200 21624
116.224.253.72 - - [12/Jun/2021:09:31:39 +0800] "GET /xingrg/javascript/easyui/themes/default/validatebox.css HTTP/1.1" 404 1104
116.224.253.72 - - [12/Jun/2021:09:31:39 +0800] "POST /xingrg/kc/buy/cgsh_order_operate.html HTTP/1.1" 200 7399
101.85.94.178 - - [12/Jun/2021:09:31:43 +0800] "GET /xingrg/kc/buy/cgsh_order_operate.html?command=get_materiel&rest_code=00142&code=00101008286&supplier_code=00100161&order_time=2021-06-12 HTTP/1.1" 200 408
116.224.253.72 - - [12/Jun/2021:09:31:44 +0800] "POST /xingrg/kc/buy/cgsh_order_operate.html HTTP/1.1" 200 37
114.83.223.149 - - [12/Jun/2021:09:31:48 +0800] "GET /xingrg/all/function/internal_message.html?_=1623461508579&CODE_STATE=getMsg HTTP/1.1" 200 27
116.224.253.72 - - [12/Jun/2021:09:31:49 +0800] "POST /xingrg/kc/buy/cgsh_order_operate.html HTTP/1.1" 200 12
114.83.223.149 - - [12/Jun/2021:09:31:49 +0800] "GET /xingrg/check_reg.html?_=1623461509037 HTTP/1.1" 200 22
116.224.253.72 - - [12/Jun/2021:09:31:50 +0800] "GET /xingrg/kc/buy/cgsh_order_info.html?code=212021061205250 HTTP/1.1" 200 57359
116.224.253.72 - - [12/Jun/2021:09:31:50 +0800] "GET /xingrg/javascript/auto/jquery.autocomplete.js HTTP/1.1" 200 21624
116.224.253.72 - - [12/Jun/2021:09:31:51 +0800] "GET /xingrg/javascript/easyui/themes/default/validatebox.css HTTP/1.1" 404 1104
116.224.253.72 - - [12/Jun/2021:09:31:51 +0800] "POST /xingrg/kc/buy/cgsh_order_operate.html HTTP/1.1" 200 5344
116.224.253.72 - - [12/Jun/2021:09:31:53 +0800] "GET /xingrg/kc/print/load_data.html?order_code=212021061205250&kc_code=cgsh&condition= HTTP/1.1" 200 2533
101.85.94.178 - - [12/Jun/2021:09:31:54 +0800] "GET /xingrg/kc/buy/cgsh_order_operate.html?command=get_materiel&rest_code=00142&code=00101008353&supplier_code=00100161&order_time=2021-06-12 HTTP/1.1" 200 408
222.70.177.90 - - [12/Jun/2021:09:31:58 +0800] "GET /xingrg/all/function/internal_message.html?_=1623461513316&CODE_STATE=getMsg HTTP/1.1" 200 27
61.165.42.208 - - [12/Jun/2021:09:31:58 +0800] "GET /xingrg/all/function/internal_message.html?_=1623461518039&CODE_STATE=getMsg HTTP/1.1" 200 27
116.230.117.165 - - [12/Jun/2021:09:32:01 +0800] "GET /xingrg/all/function/internal_message.html?_=1623461542493&CODE_STATE=getMsg HTTP/1.1" 200 27
101.85.94.178 - - [12/Jun/2021:09:32:03 +0800] "GET /xingrg/kc/buy/cgsh_order_operate.html?command=get_materiel&rest_code=00142&code=00101008351&supplier_code=00100161&order_time=2021-06-12 HTTP/1.1" 200 408
116.224.253.72 - - [12/Jun/2021:09:32:05 +0800] "POST /xingrg/kc/buy/cgsh_list_operate.html HTTP/1.1" 200 1708
116.224.253.72 - - [12/Jun/2021:09:32:06 +0800] "GET /xingrg/all/function/internal_message.html?_=1623461519783&CODE_STATE=getMsg HTTP/1.1" 200 27
116.224.253.72 - - [12/Jun/2021:09:32:06 +0800] "POST /xingrg/kc/buy/cgsh_list_operate.html HTTP/1.1" 200 564
116.224.253.72 - - [12/Jun/2021:09:32:07 +0800] "GET /xingrg/kc/buy/cgsh_order_info.html?code=212021061205249 HTTP/1.1" 200 62462
116.224.253.72 - - [12/Jun/2021:09:32:07 +0800] "GET /xingrg/javascript/auto/jquery.autocomplete.js HTTP/1.1" 200 21624
116.224.253.72 - - [12/Jun/2021:09:32:07 +0800] "GET /xingrg/javascript/easyui/themes/default/validatebox.css HTTP/1.1" 404 1104
116.224.253.72 - - [12/Jun/2021:09:32:07 +0800] "POST /xingrg/kc/buy/cgsh_order_operate.html HTTP/1.1" 200 31610
222.70.177.90 - - [12/Jun/2021:09:32:17 +0800] "GET /xingrg/kc/buy/cgsh_order_operate.html?command=get_materiel&rest_code=00111&code=00101007085&supplier_code=00100004&order_time=2021-06-12 HTTP/1.1" 200 413
58.221.95.50 - - [12/Jun/2021:09:32:17 +0800] "GET /xingrg/check_reg.html?_=1623461537514 HTTP/1.1" 302 -
101.85.94.178 - - [12/Jun/2021:09:32:19 +0800] "GET /xingrg/kc/buy/cgsh_order_operate.html?command=get_materiel&rest_code=00142&code=00101008264&supplier_code=00100161&order_time=2021-06-12 HTTP/1.1" 200 412
116.224.253.72 - - [12/Jun/2021:09:32:21 +0800] "GET /xingrg/all/function/internal_message.html?_=1623461539724&CODE_STATE=getMsg HTTP/1.1" 200 27
101.85.94.178 - - [12/Jun/2021:09:32:26 +0800] "GET /xingrg/kc/buy/cgsh_order_operate.html?command=get_materiel&rest_code=00142&code=00101008275&supplier_code=00100161&order_time=2021-06-12 HTTP/1.1" 200 417
222.70.177.90 - - [12/Jun/2021:09:32:28 +0800] "GET /xingrg/kc/buy/cgsh_order_operate.html?command=get_materiel&rest_code=00111&code=00101007076&supplier_code=00100004&order_time=2021-06-12 HTTP/1.1" 200 408
101.85.94.178 - - [12/Jun/2021:09:32:33 +0800] "GET /xingrg/all/function/internal_message.html?_=1623461011115&CODE_STATE=getMsg HTTP/1.1" 200 27
101.85.94.178 - - [12/Jun/2021:09:32:34 +0800] "GET /xingrg/kc/buy/cgsh_order_operate.html?command=get_materiel&rest_code=00142&code=00101008125&supplier_code=00100161&order_time=2021-06-12 HTTP/1.1" 200 413
61.165.42.208 - - [12/Jun/2021:09:32:34 +0800] "GET /xingrg/all/function/internal_message.html?_=1623461530304&CODE_STATE=getMsg HTTP/1.1" 200 27
117.185.32.26 - - [12/Jun/2021:09:32:38 +0800] "GET /xingrg/all/function/internal_message.html?_=1623462090934&CODE_STATE=getMsg HTTP/1.1" 200 27
117.143.51.107 - - [12/Jun/2021:09:32:45 +0800] "GET /favicon.ico HTTP/1.1" 404 -
117.143.51.107 - - [12/Jun/2021:09:32:45 +0800] "GET /favicon.ico HTTP/1.1" 404 -
114.83.223.149 - - [12/Jun/2021:09:32:48 +0800] "GET /xingrg/all/function/internal_message.html?_=1623461568555&CODE_STATE=getMsg HTTP/1.1" 200 27
222.70.177.90 - - [12/Jun/2021:09:32:53 +0800] "GET /xingrg/kc/buy/cgsh_order_operate.html?command=get_materiel&rest_code=00111&code=00101007077&supplier_code=00100004&order_time=2021-06-12 HTTP/1.1" 200 415
101.85.94.178 - - [12/Jun/2021:09:32:53 +0800] "GET /xingrg/kc/buy/cgsh_order_operate.html?command=get_materiel&rest_code=00142&code=00101008502&supplier_code=00100161&order_time=2021-06-12 HTTP/1.1" 200 398
222.70.177.90 - - [12/Jun/2021:09:32:58 +0800] "GET /xingrg/all/function/internal_message.html?_=1623461573364&CODE_STATE=getMsg HTTP/1.1" 200 27
61.165.42.208 - - [12/Jun/2021:09:32:58 +0800] "GET /xingrg/all/function/internal_message.html?_=1623461578039&CODE_STATE=getMsg HTTP/1.1" 200 27
116.230.117.165 - - [12/Jun/2021:09:33:01 +0800] "GET /xingrg/all/function/internal_message.html?_=1623461602506&CODE_STATE=getMsg HTTP/1.1" 200 27
116.224.253.72 - - [12/Jun/2021:09:33:05 +0800] "GET /xingrg/check_reg.html?_=1623461579323 HTTP/1.1" 200 22
116.224.253.72 - - [12/Jun/2021:09:33:06 +0800] "GET /xingrg/all/function/internal_message.html?_=1623461579789&CODE_STATE=getMsg HTTP/1.1" 200 27
101.85.94.178 - - [12/Jun/2021:09:33:08 +0800] "GET /xingrg/kc/buy/cgsh_order_operate.html?command=get_materiel&rest_code=00142&code=00101012065&supplier_code=00100161&order_time=2021-06-12 HTTP/1.1" 200 418
101.85.94.178 - - [12/Jun/2021:09:33:15 +0800] "GET /xingrg/kc/buy/cgsh_order_operate.html?command=get_materiel&rest_code=00142&code=00101012024&supplier_code=00100161&order_time=2021-06-12 HTTP/1.1" 200 408
101.85.94.178 - - [12/Jun/2021:09:33:17 +0800] "POST /xingrg/kc/buy/cgsh_order_operate.html HTTP/1.1" 200 2065
116.224.253.72 - - [12/Jun/2021:09:33:21 +0800] "GET /xingrg/all/function/internal_message.html?_=1623461599757&CODE_STATE=getMsg HTTP/1.1" 200 27
101.85.94.178 - - [12/Jun/2021:09:33:23 +0800] "GET /xingrg/kc/buy/cgsh_order_operate.html?command=get_materiel&rest_code=00142&code=00101012059&supplier_code=00100161&order_time=2021-06-12 HTTP/1.1" 200 412
222.70.177.90 - - [12/Jun/2021:09:33:26 +0800] "POST /xingrg/kc/buy/cgsh_order_operate.html HTTP/1.1" 200 37
101.85.94.178 - - [12/Jun/2021:09:33:33 +0800] "GET /xingrg/all/function/internal_message.html?_=1623461071198&CODE_STATE=getMsg HTTP/1.1" 200 27
101.85.94.178 - - [12/Jun/2021:09:33:33 +0800] "GET /xingrg/check_reg.html?_=1623461071199 HTTP/1.1" 200 22
222.70.177.90 - - [12/Jun/2021:09:33:33 +0800] "POST /xingrg/kc/buy/cgsh_order_operate.html HTTP/1.1" 200 5023
61.165.42.208 - - [12/Jun/2021:09:33:34 +0800] "GET /xingrg/all/function/internal_message.html?_=1623461590305&CODE_STATE=getMsg HTTP/1.1" 200 27
61.165.42.208 - - [12/Jun/2021:09:33:34 +0800] "GET /xingrg/check_reg.html?_=1623461590308 HTTP/1.1" 200 22
117.185.32.26 - - [12/Jun/2021:09:33:38 +0800] "GET /xingrg/check_reg.html?_=1623462150933 HTTP/1.1" 200 22
117.185.32.26 - - [12/Jun/2021:09:33:38 +0800] "GET /xingrg/all/function/internal_message.html?_=1623462150936&CODE_STATE=getMsg HTTP/1.1" 200 27
222.70.177.90 - - [12/Jun/2021:09:33:41 +0800] "GET /xingrg/kc/print/load_config.html?kc_code=cgsh HTTP/1.1" 200 1845
222.70.177.90 - - [12/Jun/2021:09:33:41 +0800] "GET /xingrg/kc/print/load_data.html?order_code=212021061205291&kc_code=cgsh&condition= HTTP/1.1" 200 1627
101.85.94.178 - - [12/Jun/2021:09:33:45 +0800] "POST /xingrg/kc/buy/cgsh_order_operate.html HTTP/1.1" 200 37
101.85.94.178 - - [12/Jun/2021:09:33:46 +0800] "POST /xingrg/kc/buy/cgsh_order_operate.html HTTP/1.1" 200 13868
114.83.223.149 - - [12/Jun/2021:09:33:48 +0800] "GET /xingrg/all/function/internal_message.html?_=1623461628543&CODE_STATE=getMsg HTTP/1.1" 200 27
222.70.177.90 - - [12/Jun/2021:09:33:50 +0800] "GET /xingrg/kc/buy/cgsh_order_add.html HTTP/1.1" 200 62517
222.70.177.90 - - [12/Jun/2021:09:33:50 +0800] "POST /xingrg/kc/buy/cgsh_order_operate.html HTTP/1.1" 200 8245
222.70.177.90 - - [12/Jun/2021:09:33:50 +0800] "GET /xingrg/javascript/easyui/themes/default/validatebox.css HTTP/1.1" 404 1104
101.85.94.178 - - [12/Jun/2021:09:33:51 +0800] "POST /xingrg/kc/buy/cgsh_order_operate.html HTTP/1.1" 200 37
101.85.94.178 - - [12/Jun/2021:09:33:52 +0800] "POST /xingrg/kc/buy/cgsh_order_operate.html HTTP/1.1" 200 13868
101.85.94.178 - - [12/Jun/2021:09:33:57 +0800] "POST /xingrg/kc/buy/cgsh_order_operate.html HTTP/1.1" 200 37
222.70.177.90 - - [12/Jun/2021:09:33:58 +0800] "GET /xingrg/all/function/internal_message.html?_=1623461633347&CODE_STATE=getMsg HTTP/1.1" 200 27
61.165.42.208 - - [12/Jun/2021:09:33:58 +0800] "GET /xingrg/all/function/internal_message.html?_=1623461638036&CODE_STATE=getMsg HTTP/1.1" 200 27
101.85.94.178 - - [12/Jun/2021:09:33:58 +0800] "POST /xingrg/kc/buy/cgsh_order_operate.html HTTP/1.1" 200 13868
222.70.177.90 - - [12/Jun/2021:09:33:59 +0800] "GET /xingrg/kc/buy/cgsh_order_operate.html?command=get_materiel&rest_code=00111&code=00101002027&supplier_code=00100199&order_time=2021-06-12 HTTP/1.1" 200 413
116.230.117.165 - - [12/Jun/2021:09:34:01 +0800] "GET /xingrg/all/function/internal_message.html?_=1623461662692&CODE_STATE=getMsg HTTP/1.1" 200 27
101.85.94.178 - - [12/Jun/2021:09:34:03 +0800] "POST /xingrg/kc/buy/cgsh_order_operate.html HTTP/1.1" 200 37
101.85.94.178 - - [12/Jun/2021:09:34:04 +0800] "POST /xingrg/kc/buy/cgsh_order_operate.html HTTP/1.1" 200 13868
101.85.94.178 - - [12/Jun/2021:09:34:05 +0800] "GET /xingrg/javascript/jquery_easy_ui/themes/default/images/tabs_active.png HTTP/1.1" 200 2894
116.224.253.72 - - [12/Jun/2021:09:34:06 +0800] "GET /xingrg/all/function/internal_message.html?_=1623461639802&CODE_STATE=getMsg HTTP/1.1" 200 27
101.85.94.178 - - [12/Jun/2021:09:34:09 +0800] "POST /xingrg/kc/buy/cgsh_list_operate.html HTTP/1.1" 200 1690
222.70.177.90 - - [12/Jun/2021:09:34:10 +0800] "GET /xingrg/kc/buy/cgsh_order_operate.html?command=get_materiel&rest_code=00111&code=00101002006&supplier_code=00100199&order_time=2021-06-12 HTTP/1.1" 200 414
101.85.94.178 - - [12/Jun/2021:09:34:12 +0800] "POST /xingrg/kc/buy/cgsh_list_operate.html HTTP/1.1" 200 1690
61.165.42.208 - - [12/Jun/2021:09:34:17 +0800] "POST /xingrg/kc/buy/cgsh_order_operate.html HTTP/1.1" 200 37
116.224.253.72 - - [12/Jun/2021:09:34:21 +0800] "GET /xingrg/all/function/internal_message.html?_=1623461659744&CODE_STATE=getMsg HTTP/1.1" 200 27
222.70.177.90 - - [12/Jun/2021:09:34:22 +0800] "POST /xingrg/kc/buy/cgsh_order_operate.html HTTP/1.1" 200 37
61.165.42.208 - - [12/Jun/2021:09:34:22 +0800] "POST /xingrg/kc/buy/cgsh_order_operate.html HTTP/1.1" 200 5628
222.70.177.90 - - [12/Jun/2021:09:34:24 +0800] "POST /xingrg/kc/buy/cgsh_order_operate.html HTTP/1.1" 200 3258
222.70.177.90 - - [12/Jun/2021:09:34:27 +0800] "GET /xingrg/kc/print/load_data.html?order_code=212021061205293&kc_code=cgsh&condition= HTTP/1.1" 200 908
222.70.177.90 - - [12/Jun/2021:09:34:32 +0800] "GET /xingrg/kc/buy/cgsh_order_add.html HTTP/1.1" 200 62517
222.70.177.90 - - [12/Jun/2021:09:34:32 +0800] "POST /xingrg/kc/buy/cgsh_order_operate.html HTTP/1.1" 200 8245
222.70.177.90 - - [12/Jun/2021:09:34:32 +0800] "GET /xingrg/javascript/easyui/themes/default/validatebox.css HTTP/1.1" 404 1104
101.85.94.178 - - [12/Jun/2021:09:34:33 +0800] "GET /xingrg/all/function/internal_message.html?_=1623461131195&CODE_STATE=getMsg HTTP/1.1" 200 27
61.165.42.208 - - [12/Jun/2021:09:34:34 +0800] "GET /xingrg/kc/print/load_data.html?order_code=212021061205283&kc_code=cgsh&condition= HTTP/1.1" 200 1814
61.165.42.208 - - [12/Jun/2021:09:34:34 +0800] "GET /xingrg/all/function/internal_message.html?_=1623461650307&CODE_STATE=getMsg HTTP/1.1" 200 27
117.185.32.26 - - [12/Jun/2021:09:34:38 +0800] "GET /xingrg/all/function/internal_message.html?_=1623462210919&CODE_STATE=getMsg HTTP/1.1" 200 27
222.70.177.90 - - [12/Jun/2021:09:34:44 +0800] "GET /xingrg/kc/buy/cgsh_order_operate.html?command=get_materiel&rest_code=00111&code=00101008132&supplier_code=00100005&order_time=2021-06-12 HTTP/1.1" 200 408
61.165.42.208 - - [12/Jun/2021:09:34:48 +0800] "GET /xingrg/kc/buy/cgsh_order_list.html HTTP/1.1" 200 46779
114.83.223.149 - - [12/Jun/2021:09:34:48 +0800] "GET /xingrg/all/function/internal_message.html?_=1623461688519&CODE_STATE=getMsg HTTP/1.1" 200 27
116.230.117.165 - - [12/Jun/2021:09:34:50 +0800] "GET /xingrg/check_reg.html?_=1623461710966 HTTP/1.1" 200 22
222.70.177.90 - - [12/Jun/2021:09:34:52 +0800] "GET /xingrg/kc/buy/cgsh_order_operate.html?command=get_materiel&rest_code=00111&code=00101008096&supplier_code=00100005&order_time=2021-06-12 HTTP/1.1" 200 412
61.165.42.208 - - [12/Jun/2021:09:34:53 +0800] "POST /xingrg/kc/buy/cgsh_list_operate.html HTTP/1.1" 200 3132
120.253.135.82 - - [12/Jun/2021:09:34:56 +0800] "GET /xingrg/check_reg.html?_=1623461479092 HTTP/1.1" 200 22
222.70.177.90 - - [12/Jun/2021:09:34:58 +0800] "GET /xingrg/check_reg.html?_=1623461693321 HTTP/1.1" 200 22
222.70.177.90 - - [12/Jun/2021:09:34:58 +0800] "GET /xingrg/all/function/internal_message.html?_=1623461693324&CODE_STATE=getMsg HTTP/1.1" 200 27
61.165.42.208 - - [12/Jun/2021:09:34:58 +0800] "GET /xingrg/all/function/internal_message.html?_=1623461698069&CODE_STATE=getMsg HTTP/1.1" 200 27
61.165.42.208 - - [12/Jun/2021:09:34:58 +0800] "GET /xingrg/check_reg.html?_=1623461698072 HTTP/1.1" 200 22
222.70.177.90 - - [12/Jun/2021:09:34:59 +0800] "GET /xingrg/kc/buy/cgsh_order_operate.html?command=get_materiel&rest_code=00111&code=00101008126&supplier_code=00100005&order_time=2021-06-12 HTTP/1.1" 200 412
61.165.42.208 - - [12/Jun/2021:09:35:01 +0800] "POST /xingrg/kc/buy/cgsh_list_operate.html HTTP/1.1" 200 565
116.230.117.165 - - [12/Jun/2021:09:35:01 +0800] "GET /xingrg/all/function/internal_message.html?_=1623461722705&CODE_STATE=getMsg HTTP/1.1" 200 27
61.165.42.208 - - [12/Jun/2021:09:35:02 +0800] "GET /xingrg/kc/buy/cgsh_order_info.html?code=212021061205276 HTTP/1.1" 200 62567
61.165.42.208 - - [12/Jun/2021:09:35:03 +0800] "GET /xingrg/javascript/easyui/themes/default/validatebox.css HTTP/1.1" 404 1104
61.165.42.208 - - [12/Jun/2021:09:35:03 +0800] "POST /xingrg/kc/buy/cgsh_order_operate.html HTTP/1.1" 200 59984
116.224.253.72 - - [12/Jun/2021:09:35:06 +0800] "GET /xingrg/all/function/internal_message.html?_=1623461699817&CODE_STATE=getMsg HTTP/1.1" 200 27
222.70.177.90 - - [12/Jun/2021:09:35:07 +0800] "GET /xingrg/kc/buy/cgsh_order_operate.html?command=get_materiel&rest_code=00111&code=00101008148&supplier_code=00100005&order_time=2021-06-12 HTTP/1.1" 200 416
222.70.177.90 - - [12/Jun/2021:09:35:16 +0800] "GET /xingrg/kc/buy/cgsh_order_operate.html?command=get_materiel&rest_code=00111&code=00101008004&supplier_code=00100005&order_time=2021-06-12 HTTP/1.1" 200 416
116.230.117.165 - - [12/Jun/2021:09:35:20 +0800] "GET /favicon.ico HTTP/1.1" 404 -
116.224.253.72 - - [12/Jun/2021:09:35:21 +0800] "GET /xingrg/all/function/internal_message.html?_=1623461719743&CODE_STATE=getMsg HTTP/1.1" 200 27
222.70.177.90 - - [12/Jun/2021:09:35:24 +0800] "GET /xingrg/kc/buy/cgsh_order_operate.html?command=get_materiel&rest_code=00111&code=00101008005&supplier_code=00100005&order_time=2021-06-12 HTTP/1.1" 200 412
101.85.94.178 - - [12/Jun/2021:09:35:33 +0800] "GET /xingrg/all/function/internal_message.html?_=1623461191116&CODE_STATE=getMsg HTTP/1.1" 200 27
61.165.42.208 - - [12/Jun/2021:09:35:34 +0800] "GET /xingrg/all/function/internal_message.html?_=1623461710307&CODE_STATE=getMsg HTTP/1.1" 200 27
222.70.177.90 - - [12/Jun/2021:09:35:35 +0800] "GET /xingrg/kc/buy/cgsh_order_operate.html?command=get_materiel&rest_code=00111&code=00101008213&supplier_code=00100005&order_time=2021-06-12 HTTP/1.1" 200 412
117.185.32.26 - - [12/Jun/2021:09:35:38 +0800] "GET /xingrg/all/function/internal_message.html?_=1623462270920&CODE_STATE=getMsg HTTP/1.1" 200 27
222.70.177.90 - - [12/Jun/2021:09:35:44 +0800] "GET /xingrg/kc/buy/cgsh_order_operate.html?command=get_materiel&rest_code=00111&code=00101008283&supplier_code=00100005&order_time=2021-06-12 HTTP/1.1" 200 408
114.83.223.149 - - [12/Jun/2021:09:35:48 +0800] "GET /xingrg/all/function/internal_message.html?_=1623461748494&CODE_STATE=getMsg HTTP/1.1" 200 27
222.70.177.90 - - [12/Jun/2021:09:35:54 +0800] "GET /xingrg/kc/buy/cgsh_order_operate.html?command=get_materiel&rest_code=00111&code=00101008072&supplier_code=00100005&order_time=2021-06-12 HTTP/1.1" 200 408
222.70.177.90 - - [12/Jun/2021:09:35:58 +0800] "GET /xingrg/all/function/internal_message.html?_=1623461753321&CODE_STATE=getMsg HTTP/1.1" 200 27
61.165.42.208 - - [12/Jun/2021:09:35:58 +0800] "GET /xingrg/all/function/internal_message.html?_=1623461758072&CODE_STATE=getMsg HTTP/1.1" 200 27
116.230.117.165 - - [12/Jun/2021:09:36:01 +0800] "GET /xingrg/all/function/internal_message.html?_=1623461782720&CODE_STATE=getMsg HTTP/1.1" 200 27
222.70.177.90 - - [12/Jun/2021:09:36:03 +0800] "GET /xingrg/kc/buy/cgsh_order_operate.html?command=get_materiel&rest_code=00111&code=00101008331&supplier_code=00100005&order_time=2021-06-12 HTTP/1.1" 200 416
116.224.253.72 - - [12/Jun/2021:09:36:06 +0800] "GET /xingrg/all/function/internal_message.html?_=1623461759884&CODE_STATE=getMsg HTTP/1.1" 200 27
222.70.177.90 - - [12/Jun/2021:09:36:10 +0800] "GET /xingrg/kc/buy/cgsh_order_operate.html?command=get_materiel&rest_code=00111&code=00101008321&supplier_code=00100005&order_time=2021-06-12 HTTP/1.1" 200 412
222.70.177.90 - - [12/Jun/2021:09:36:18 +0800] "GET /xingrg/kc/buy/cgsh_order_operate.html?command=get_materiel&rest_code=00111&code=00101008244&supplier_code=00100005&order_time=2021-06-12 HTTP/1.1" 200 408
116.224.253.72 - - [12/Jun/2021:09:36:21 +0800] "GET /xingrg/check_reg.html?_=1623461779788 HTTP/1.1" 200 22
116.224.253.72 - - [12/Jun/2021:09:36:21 +0800] "GET /xingrg/all/function/internal_message.html?_=1623461779759&CODE_STATE=getMsg HTTP/1.1" 200 27
222.70.177.90 - - [12/Jun/2021:09:36:30 +0800] "GET /xingrg/kc/buy/cgsh_order_operate.html?command=get_materiel&rest_code=00111&code=00101008067&supplier_code=00100005&order_time=2021-06-12 HTTP/1.1" 200 416
114.83.223.149 - - [12/Jun/2021:09:36:31 +0800] "GET /xingrg/kc/base/wlsy_order_list.html?syType=1 HTTP/1.1" 200 17187
114.83.223.149 - - [12/Jun/2021:09:36:32 +0800] "POST /xingrg/kc/base/wlsy_list_operate.html?syType=1 HTTP/1.1" 200 862
101.85.94.178 - - [12/Jun/2021:09:36:33 +0800] "GET /xingrg/all/function/internal_message.html?_=1623461251117&CODE_STATE=getMsg HTTP/1.1" 200 27
114.83.223.149 - - [12/Jun/2021:09:36:34 +0800] "GET /xingrg/kc/base/wlsy_order_add.html?syType=1 HTTP/1.1" 200 28480
114.83.223.149 - - [12/Jun/2021:09:36:34 +0800] "POST /xingrg/kc/base/wlsy_order_operate.html HTTP/1.1" 200 6806
114.83.223.149 - - [12/Jun/2021:09:36:34 +0800] "GET /xingrg/javascript/easyui/themes/default/validatebox.css HTTP/1.1" 404 1104
61.165.42.208 - - [12/Jun/2021:09:36:34 +0800] "GET /xingrg/all/function/internal_message.html?_=1623461770333&CODE_STATE=getMsg HTTP/1.1" 200 27
117.185.32.26 - - [12/Jun/2021:09:36:38 +0800] "GET /xingrg/all/function/internal_message.html?_=1623462330920&CODE_STATE=getMsg HTTP/1.1" 200 27
222.70.177.90 - - [12/Jun/2021:09:36:45 +0800] "GET /xingrg/kc/buy/cgsh_order_operate.html?command=get_materiel&rest_code=00111&code=00101008356&supplier_code=00100005&order_time=2021-06-12 HTTP/1.1" 200 408
114.83.223.149 - - [12/Jun/2021:09:36:48 +0800] "GET /xingrg/all/function/internal_message.html?_=1623461808548&CODE_STATE=getMsg HTTP/1.1" 200 27
114.83.223.149 - - [12/Jun/2021:09:36:49 +0800] "GET /xingrg/check_reg.html?_=1623461809033 HTTP/1.1" 200 22
114.83.223.149 - - [12/Jun/2021:09:36:50 +0800] "GET /xingrg/kc/base/wlsy_order_operate.html?command=get_materiel&rest_code=00149&base_code=0010401&code=00101010702 HTTP/1.1" 200 403
222.70.177.90 - - [12/Jun/2021:09:36:58 +0800] "GET /xingrg/all/function/internal_message.html?_=1623461813326&CODE_STATE=getMsg HTTP/1.1" 200 27
61.165.42.208 - - [12/Jun/2021:09:36:58 +0800] "GET /xingrg/all/function/internal_message.html?_=1623461818059&CODE_STATE=getMsg HTTP/1.1" 200 27
116.224.253.72 - - [12/Jun/2021:09:36:58 +0800] "POST /xingrg/kc/buy/cgsh_order_operate.html HTTP/1.1" 200 37
116.230.117.165 - - [12/Jun/2021:09:37:02 +0800] "GET /xingrg/all/function/internal_message.html?_=1623461842912&CODE_STATE=getMsg HTTP/1.1" 200 27
114.83.223.149 - - [12/Jun/2021:09:37:03 +0800] "GET /xingrg/kc/base/wlsy_order_report.html?fileType=servlets/html&code=×Ô¶¯Éú³É&reportName=ck_order_report&subName=wldb HTTP/1.1" 200 2374
114.83.223.149 - - [12/Jun/2021:09:37:03 +0800] "GET /xingrg/images/blue/pic_top.gif HTTP/1.1" 200 3656
114.83.223.149 - - [12/Jun/2021:09:37:03 +0800] "GET /xingrg/images/blue/pic_notice.jpg HTTP/1.1" 200 3583
114.83.223.149 - - [12/Jun/2021:09:37:03 +0800] "GET /xingrg/images/blue/error_buttom.gif HTTP/1.1" 200 1750
114.83.223.149 - - [12/Jun/2021:09:37:03 +0800] "GET /xingrg/images/blue/error_top.gif HTTP/1.1" 200 1790
114.83.223.149 - - [12/Jun/2021:09:37:03 +0800] "GET /xingrg/images/blue/error_mid.gif HTTP/1.1" 200 215
114.83.223.149 - - [12/Jun/2021:09:37:03 +0800] "GET /favicon.ico HTTP/1.1" 404 -
116.224.253.72 - - [12/Jun/2021:09:37:05 +0800] "POST /xingrg/kc/buy/cgsh_order_operate.html HTTP/1.1" 200 12
116.224.253.72 - - [12/Jun/2021:09:37:06 +0800] "GET /xingrg/kc/buy/cgsh_order_info.html?code=212021061205249 HTTP/1.1" 200 57359
116.224.253.72 - - [12/Jun/2021:09:37:06 +0800] "GET /xingrg/javascript/auto/jquery.autocomplete.js HTTP/1.1" 200 21624
116.224.253.72 - - [12/Jun/2021:09:37:07 +0800] "GET /xingrg/javascript/easyui/themes/default/validatebox.css HTTP/1.1" 404 1104
116.224.253.72 - - [12/Jun/2021:09:37:07 +0800] "POST /xingrg/kc/buy/cgsh_order_operate.html HTTP/1.1" 200 29558
116.224.253.72 - - [12/Jun/2021:09:37:07 +0800] "GET /xingrg/all/function/internal_message.html?_=1623461821581&CODE_STATE=getMsg HTTP/1.1" 200 27
116.224.253.72 - - [12/Jun/2021:09:37:09 +0800] "GET /xingrg/kc/print/load_data.html?order_code=212021061205249&kc_code=cgsh&condition= HTTP/1.1" 200 11715
114.83.223.149 - - [12/Jun/2021:09:37:10 +0800] "POST /xingrg/kc/base/wlsy_order_operate.html HTTP/1.1" 200 37
114.83.223.149 - - [12/Jun/2021:09:37:10 +0800] "POST /xingrg/kc/base/wlsy_order_operate.html HTTP/1.1" 200 12
114.83.223.149 - - [12/Jun/2021:09:37:10 +0800] "POST /xingrg/kc/base/wlsy_order_operate.html HTTP/1.1" 200 2166
114.83.223.149 - - [12/Jun/2021:09:37:12 +0800] "POST /xingrg/kc/base/wlsy_list_operate.html?syType=1 HTTP/1.1" 200 862
116.224.253.72 - - [12/Jun/2021:09:37:14 +0800] "GET /xingrg/kc/buy/cgsh_order_add.html HTTP/1.1" 200 62453
116.224.253.72 - - [12/Jun/2021:09:37:14 +0800] "GET /xingrg/javascript/auto/jquery.autocomplete.js HTTP/1.1" 200 21624
116.224.253.72 - - [12/Jun/2021:09:37:15 +0800] "POST /xingrg/kc/buy/cgsh_order_operate.html HTTP/1.1" 200 8245
116.224.253.72 - - [12/Jun/2021:09:37:15 +0800] "GET /xingrg/javascript/easyui/themes/default/validatebox.css HTTP/1.1" 404 1104
114.83.223.149 - - [12/Jun/2021:09:37:17 +0800] "POST /xingrg/kc/base/wlsy_list_operate.html?syType=1 HTTP/1.1" 200 5417
58.221.95.50 - - [12/Jun/2021:09:37:17 +0800] "GET /xingrg/check_reg.html?_=1623461837492 HTTP/1.1" 302 -
114.83.223.149 - - [12/Jun/2021:09:37:18 +0800] "POST /xingrg/kc/base/wlsy_list_operate.html?syType=1 HTTP/1.1" 200 208
114.83.223.149 - - [12/Jun/2021:09:37:18 +0800] "GET /xingrg/kc/base/wlsy_order_info.html?code=412021061200008 HTTP/1.1" 200 25114
114.83.223.149 - - [12/Jun/2021:09:37:19 +0800] "POST /xingrg/kc/base/wlsy_order_operate.html HTTP/1.1" 200 467
114.83.223.149 - - [12/Jun/2021:09:37:19 +0800] "GET /xingrg/javascript/easyui/themes/default/validatebox.css HTTP/1.1" 404 1104
114.83.223.149 - - [12/Jun/2021:09:37:20 +0800] "GET /xingrg/kc/base/wlsy_order_report.html?fileType=servlets/html&code=412021061200008&reportName=ck_order_report&subName=wldb HTTP/1.1" 302 -
114.83.223.149 - - [12/Jun/2021:09:37:20 +0800] "GET /xingrg/servlets/html?sysBaseUrl=http%3A%2F%2F180.169.147.146%3A18081%2Fxingrg%2F&costTime=82×tamp=1623461840955 HTTP/1.1" 200 14447
114.83.223.149 - - [12/Jun/2021:09:37:21 +0800] "GET /favicon.ico HTTP/1.1" 404 -
116.224.253.72 - - [12/Jun/2021:09:37:21 +0800] "GET /xingrg/all/function/internal_message.html?_=1623461839761&CODE_STATE=getMsg HTTP/1.1" 200 27
116.224.253.72 - - [12/Jun/2021:09:37:31 +0800] "GET /xingrg/kc/buy/cgsh_order_operate.html?command=get_materiel&rest_code=00150&code=00101015032&supplier_code=00100054&order_time=2021-06-12 HTTP/1.1" 200 419
101.85.94.178 - - [12/Jun/2021:09:37:33 +0800] "GET /xingrg/all/function/internal_message.html?_=1623461311118&CODE_STATE=getMsg HTTP/1.1" 200 27
61.165.42.208 - - [12/Jun/2021:09:37:34 +0800] "GET /xingrg/all/function/internal_message.html?_=1623461830333&CODE_STATE=getMsg HTTP/1.1" 200 27
114.83.223.149 - - [12/Jun/2021:09:37:37 +0800] "GET /xingrg/kc/base/yddb_order_list.html HTTP/1.1" 200 16673
114.83.223.149 - - [12/Jun/2021:09:37:38 +0800] "POST /xingrg/kc/base/yddb_list_operate.html HTTP/1.1" 200 1334
117.185.32.26 - - [12/Jun/2021:09:37:38 +0800] "GET /xingrg/all/function/internal_message.html?_=1623462390963&CODE_STATE=getMsg HTTP/1.1" 200 27
222.70.177.90 - - [12/Jun/2021:09:37:40 +0800] "GET /xingrg/kc/buy/cgsh_order_operate.html?command=get_materiel&rest_code=00111&code=00101008205&supplier_code=00100005&order_time=2021-06-12 HTTP/1.1" 200 412
114.83.223.149 - - [12/Jun/2021:09:37:42 +0800] "POST /xingrg/kc/base/yddb_list_operate.html HTTP/1.1" 200 1340
116.224.253.72 - - [12/Jun/2021:09:37:46 +0800] "GET /xingrg/kc/buy/cgsh_order_operate.html?command=get_materiel&rest_code=00150&code=00101015021&supplier_code=00100054&order_time=2021-06-12 HTTP/1.1" 200 408
222.70.177.90 - - [12/Jun/2021:09:37:47 +0800] "GET /xingrg/kc/buy/cgsh_order_operate.html?command=get_materiel&rest_code=00111&code=00101008069&supplier_code=00100005&order_time=2021-06-12 HTTP/1.1" 200 412
114.83.223.149 - - [12/Jun/2021:09:37:48 +0800] "GET /xingrg/all/function/internal_message.html?_=1623461868535&CODE_STATE=getMsg HTTP/1.1" 200 27
114.83.223.149 - - [12/Jun/2021:09:37:51 +0800] "GET /xingrg/kc/base/yddb_order_add.html HTTP/1.1" 200 29829
114.83.223.149 - - [12/Jun/2021:09:37:51 +0800] "GET /xingrg/dwr/interface/AjaxComOrderService.js HTTP/1.1" 200 18264
114.83.223.149 - - [12/Jun/2021:09:37:51 +0800] "GET /xingrg/javascript/AjaxInfoList.js HTTP/1.1" 200 3774
114.83.223.149 - - [12/Jun/2021:09:37:51 +0800] "GET /xingrg/javascript/Grid.js HTTP/1.1" 200 58908
114.83.223.149 - - [12/Jun/2021:09:37:51 +0800] "GET /xingrg/javascript/ToolTips.js HTTP/1.1" 200 5615
114.83.223.149 - - [12/Jun/2021:09:37:51 +0800] "GET /xingrg/dwr/interface/AjaxYddbService.js HTTP/1.1" 200 13201
114.83.223.149 - - [12/Jun/2021:09:37:51 +0800] "GET /xingrg/javascript/checkform.js HTTP/1.1" 200 18351
114.83.223.149 - - [12/Jun/2021:09:37:51 +0800] "GET /xingrg/dwr/engine.js HTTP/1.1" 200 43631
114.83.223.149 - - [12/Jun/2021:09:37:51 +0800] "GET /xingrg/javascript/jquery_easy_ui/themes/icons/edit_add_new.png HTTP/1.1" 200 2997
114.83.223.149 - - [12/Jun/2021:09:37:51 +0800] "GET /xingrg/javascript/jquery_easy_ui/themes/icons/check_new.png HTTP/1.1" 200 3224
114.83.223.149 - - [12/Jun/2021:09:37:51 +0800] "GET /xingrg/javascript/jquery_easy_ui/themes/icons/cance_new.png HTTP/1.1" 200 3986
114.83.223.149 - - [12/Jun/2021:09:37:51 +0800] "GET /xingrg/images/blue/button/kc_tab_add.gif HTTP/1.1" 200 375
114.83.223.149 - - [12/Jun/2021:09:37:51 +0800] "GET /xingrg/images/blue/button/kc_tab_edit.gif HTTP/1.1" 200 551
114.83.223.149 - - [12/Jun/2021:09:37:51 +0800] "GET /xingrg/images/blue/button/kc_tab_save.gif HTTP/1.1" 200 777
114.83.223.149 - - [12/Jun/2021:09:37:51 +0800] "GET /xingrg/images/blue/button/kc_tab_del.gif HTTP/1.1" 200 383
114.83.223.149 - - [12/Jun/2021:09:37:51 +0800] "GET /xingrg/images/blue/kc_tab_left.gif HTTP/1.1" 200 188
114.83.223.149 - - [12/Jun/2021:09:37:51 +0800] "GET /xingrg/images/blue/kc_tab_mid.gif HTTP/1.1" 200 44
114.83.223.149 - - [12/Jun/2021:09:37:51 +0800] "GET /xingrg/images/blue/kc_tab2_left.gif HTTP/1.1" 200 625
114.83.223.149 - - [12/Jun/2021:09:37:51 +0800] "GET /xingrg/images/blue/kc_tab_right.gif HTTP/1.1" 200 643
114.83.223.149 - - [12/Jun/2021:09:37:51 +0800] "GET /xingrg/images/blue/kc_tab2_right.gif HTTP/1.1" 200 192
116.224.253.72 - - [12/Jun/2021:09:37:53 +0800] "GET /xingrg/kc/buy/cgsh_order_operate.html?command=get_materiel&rest_code=00150&code=00101015026&supplier_code=00100054&order_time=2021-06-12 HTTP/1.1" 200 412
114.83.223.149 - - [12/Jun/2021:09:37:54 +0800] "GET /xingrg/images/blue/wait.gif HTTP/1.1" 200 1100
114.83.223.149 - - [12/Jun/2021:09:37:54 +0800] "POST /xingrg/dwr/call/plaincall/AjaxYddbService.getRestBases.dwr HTTP/1.1" 200 1046
222.70.177.90 - - [12/Jun/2021:09:37:56 +0800] "GET /xingrg/kc/buy/cgsh_order_operate.html?command=get_materiel&rest_code=00111&code=00101008286&supplier_code=00100005&order_time=2021-06-12 HTTP/1.1" 200 408
222.70.177.90 - - [12/Jun/2021:09:37:58 +0800] "GET /xingrg/all/function/internal_message.html?_=1623461873323&CODE_STATE=getMsg HTTP/1.1" 200 27
61.165.42.208 - - [12/Jun/2021:09:37:58 +0800] "GET /xingrg/all/function/internal_message.html?_=1623461878070&CODE_STATE=getMsg HTTP/1.1" 200 27
116.230.117.165 - - [12/Jun/2021:09:38:02 +0800] "GET /xingrg/all/function/internal_message.html?_=1623461902917&CODE_STATE=getMsg HTTP/1.1" 200 27
222.70.177.90 - - [12/Jun/2021:09:38:03 +0800] "GET /xingrg/kc/buy/cgsh_order_operate.html?command=get_materiel&rest_code=00111&code=00101008131&supplier_code=00100005&order_time=2021-06-12 HTTP/1.1" 200 408
116.224.253.72 - - [12/Jun/2021:09:38:05 +0800] "GET /xingrg/check_reg.html?_=1623461879465 HTTP/1.1" 200 22
117.185.32.26 - - [12/Jun/2021:09:38:05 +0800] "POST /xingrg/kc/buy/cgsh_order_operate.html HTTP/1.1" 200 37
117.185.32.26 - - [12/Jun/2021:09:38:07 +0800] "POST /xingrg/kc/buy/cgsh_order_operate.html HTTP/1.1" 200 4428
117.185.32.26 - - [12/Jun/2021:09:38:09 +0800] "GET /xingrg/kc/buy/cgsh_order_add.html HTTP/1.1" 200 62517
117.185.32.26 - - [12/Jun/2021:09:38:09 +0800] "GET /xingrg/javascript/easyui/themes/default/validatebox.css HTTP/1.1" 404 1104
117.185.32.26 - - [12/Jun/2021:09:38:09 +0800] "POST /xingrg/kc/buy/cgsh_order_operate.html HTTP/1.1" 200 8245
116.224.253.72 - - [12/Jun/2021:09:38:10 +0800] "POST /xingrg/kc/buy/cgsh_order_operate.html HTTP/1.1" 200 37
222.70.177.90 - - [12/Jun/2021:09:38:11 +0800] "GET /xingrg/kc/buy/cgsh_order_operate.html?command=get_materiel&rest_code=00111&code=00101008296&supplier_code=00100005&order_time=2021-06-12 HTTP/1.1" 200 416
117.185.32.26 - - [12/Jun/2021:09:38:11 +0800] "GET /xingrg/javascript/easyui/themes/default/tree.css HTTP/1.1" 404 1090
114.83.223.149 - - [12/Jun/2021:09:38:11 +0800] "POST /xingrg/dwr/call/plaincall/AjaxYddbService.saveOrder.dwr HTTP/1.1" 200 78
117.185.32.26 - - [12/Jun/2021:09:38:11 +0800] "POST /xingrg/all/common/load_tree.html?tree=supplier_tree_json&isDelete=1 HTTP/1.1" 200 56142
222.70.177.90 - - [12/Jun/2021:09:38:12 +0800] "POST /xingrg/kc/buy/cgsh_order_operate.html HTTP/1.1" 200 2065
114.83.223.149 - - [12/Jun/2021:09:38:13 +0800] "POST /xingrg/dwr/call/plaincall/AjaxComOrderService.getMaterielSearchList.dwr HTTP/1.1" 200 957
114.83.223.149 - - [12/Jun/2021:09:38:14 +0800] "POST /xingrg/dwr/call/plaincall/AjaxComOrderService.getMaterielSearchList.dwr HTTP/1.1" 200 957
116.224.253.72 - - [12/Jun/2021:09:38:14 +0800] "POST /xingrg/kc/buy/cgsh_order_operate.html HTTP/1.1" 200 12
116.224.253.72 - - [12/Jun/2021:09:38:15 +0800] "GET /xingrg/kc/buy/cgsh_order_info.html?code=212021061205294 HTTP/1.1" 200 57357
116.224.253.72 - - [12/Jun/2021:09:38:15 +0800] "GET /xingrg/javascript/auto/jquery.autocomplete.js HTTP/1.1" 200 21624
116.224.253.72 - - [12/Jun/2021:09:38:15 +0800] "GET /xingrg/javascript/easyui/themes/default/validatebox.css HTTP/1.1" 404 1104
116.224.253.72 - - [12/Jun/2021:09:38:16 +0800] "POST /xingrg/kc/buy/cgsh_order_operate.html HTTP/1.1" 200 1788
116.224.253.72 - - [12/Jun/2021:09:38:16 +0800] "GET /xingrg/all/function/internal_message.html?_=1623461890028&CODE_STATE=getMsg HTTP/1.1" 200 27
114.83.223.149 - - [12/Jun/2021:09:38:17 +0800] "POST /xingrg/dwr/call/plaincall/AjaxYddbService.getMaterielByMap.dwr HTTP/1.1" 200 2739
116.224.253.72 - - [12/Jun/2021:09:38:17 +0800] "GET /xingrg/kc/print/load_data.html?order_code=212021061205294&kc_code=cgsh&condition= HTTP/1.1" 200 1178
222.70.177.90 - - [12/Jun/2021:09:38:18 +0800] "GET /xingrg/kc/buy/cgsh_order_operate.html?command=get_materiel&rest_code=00111&code=00101008298&supplier_code=00100005&order_time=2021-06-12 HTTP/1.1" 200 412
114.83.223.149 - - [12/Jun/2021:09:38:21 +0800] "POST /xingrg/dwr/call/plaincall/AjaxYddbService.saveMaterielItem.dwr HTTP/1.1" 200 78
116.224.253.72 - - [12/Jun/2021:09:38:21 +0800] "GET /xingrg/all/function/internal_message.html?_=1623461899761&CODE_STATE=getMsg HTTP/1.1" 200 27
116.224.253.72 - - [12/Jun/2021:09:38:25 +0800] "POST /xingrg/all/user/operate.html HTTP/1.1" 200 36
222.70.177.90 - - [12/Jun/2021:09:38:25 +0800] "GET /xingrg/kc/buy/cgsh_order_operate.html?command=get_materiel&rest_code=00111&code=00101008415&supplier_code=00100005&order_time=2021-06-12 HTTP/1.1" 200 398
116.224.253.72 - - [12/Jun/2021:09:38:26 +0800] "GET /xingrg/javascript/jquery_easy_ui/themes/default/easyui.css HTTP/1.1" 304 -
116.224.253.72 - - [12/Jun/2021:09:38:26 +0800] "GET /xingrg/index.html?sysBaseUrl=http%3A%2F%2F180.169.147.146%3A18081%2Fxingrg%2F&costTime=42×tamp=1623456603499 HTTP/1.1" 200 17177
116.224.253.72 - - [12/Jun/2021:09:38:26 +0800] "GET /xingrg/javascript/jquery_easy_ui/themes/icon.css HTTP/1.1" 304 -
116.224.253.72 - - [12/Jun/2021:09:38:26 +0800] "GET /xingrg/css/form.css HTTP/1.1" 304 -
116.224.253.72 - - [12/Jun/2021:09:38:26 +0800] "GET /xingrg/javascript/jquery-1.4.2.min.js HTTP/1.1" 304 -
116.224.253.72 - - [12/Jun/2021:09:38:26 +0800] "GET /xingrg/javascript/jquery_easy_ui/jquery.easyui.min.js HTTP/1.1" 304 -
116.224.253.72 - - [12/Jun/2021:09:38:26 +0800] "GET /xingrg/javascript/jquery_easy_ui/easyui-lang-zh_CN.js HTTP/1.1" 304 -
116.224.253.72 - - [12/Jun/2021:09:38:26 +0800] "GET /xingrg/javascript/jquery.form.js HTTP/1.1" 304 -
116.224.253.72 - - [12/Jun/2021:09:38:26 +0800] "GET /xingrg/javascript/jquery.utils.js HTTP/1.1" 304 -
116.224.253.72 - - [12/Jun/2021:09:38:26 +0800] "GET /xingrg/javascript/jquery.timers.js HTTP/1.1" 304 -
116.224.253.72 - - [12/Jun/2021:09:38:26 +0800] "GET /xingrg/images/blue/jxLogo.png HTTP/1.1" 304 -
116.224.253.72 - - [12/Jun/2021:09:38:26 +0800] "GET /xingrg/images/blue/navBackgound.jpg HTTP/1.1" 304 -
116.224.253.72 - - [12/Jun/2021:09:38:26 +0800] "GET /xingrg/javascript/jquery_easy_ui/themes/icons/settle_new.png HTTP/1.1" 304 -
116.224.253.72 - - [12/Jun/2021:09:38:26 +0800] "POST /xingrg/all/common/load_tree.html?tree=area_rest_tree_json&manage=1 HTTP/1.1" 200 476
116.224.253.72 - - [12/Jun/2021:09:38:26 +0800] "GET /xingrg/images/blue/pingpu.png HTTP/1.1" 304 -
116.224.253.72 - - [12/Jun/2021:09:38:26 +0800] "GET /xingrg/javascript/jquery_easy_ui/themes/default/images/tabs_leftarrow.png HTTP/1.1" 304 -
116.224.253.72 - - [12/Jun/2021:09:38:26 +0800] "GET /xingrg/javascript/jquery_easy_ui/themes/default/images/tabs_rightarrow.png HTTP/1.1" 304 -
116.224.253.72 - - [12/Jun/2021:09:38:26 +0800] "GET /xingrg/javascript/jquery_easy_ui/themes/default/images/panel_tool_collapse.gif HTTP/1.1" 304 -
116.224.253.72 - - [12/Jun/2021:09:38:26 +0800] "GET /xingrg/all/function/internal_message.html?_=1623461900077&CODE_STATE=count HTTP/1.1" 200 11
116.224.253.72 - - [12/Jun/2021:09:38:26 +0800] "GET /xingrg/check_reg.html?_=1623461900078 HTTP/1.1" 200 22
116.224.253.72 - - [12/Jun/2021:09:38:26 +0800] "POST /xingrg/load_menu.html HTTP/1.1" 200 5138
114.83.223.149 - - [12/Jun/2021:09:38:26 +0800] "GET /xingrg/kc/base/yddb_order_report.html?fileType=servlets/html&code=482021061200105&reportName=ck_order_report&subName=yddb HTTP/1.1" 302 -
114.83.223.149 - - [12/Jun/2021:09:38:26 +0800] "GET /xingrg/servlets/html?sysBaseUrl=http%3A%2F%2F180.169.147.146%3A18081%2Fxingrg%2F&costTime=89×tamp=1623461906462 HTTP/1.1" 200 14760
114.83.223.149 - - [12/Jun/2021:09:38:26 +0800] "GET /favicon.ico HTTP/1.1" 404 -
117.185.32.26 - - [12/Jun/2021:09:38:31 +0800] "GET /xingrg/kc/buy/cgsh_order_operate.html?command=get_materiel&rest_code=00106&code=00101008146&supplier_code=00100009&order_time=2021-06-12 HTTP/1.1" 200 416
116.224.253.72 - - [12/Jun/2021:09:38:31 +0800] "GET /xingrg/kc/buy/cgsh_order_list.html HTTP/1.1" 200 46783
116.224.253.72 - - [12/Jun/2021:09:38:31 +0800] "GET /xingrg/javascript/auto/jquery.autocomplete.js HTTP/1.1" 200 21624
101.85.94.178 - - [12/Jun/2021:09:38:33 +0800] "GET /xingrg/check_reg.html?_=1623461371172 HTTP/1.1" 200 22
114.83.223.149 - - [12/Jun/2021:09:38:33 +0800] "GET /xingrg/images/yd/bt.gif HTTP/1.1" 404 1040
116.224.253.72 - - [12/Jun/2021:09:38:34 +0800] "POST /xingrg/kc/buy/cgsh_list_operate.html HTTP/1.1" 200 2084
61.165.42.208 - - [12/Jun/2021:09:38:34 +0800] "GET /xingrg/check_reg.html?_=1623461890333 HTTP/1.1" 200 22
61.165.42.208 - - [12/Jun/2021:09:38:34 +0800] "GET /xingrg/all/function/internal_message.html?_=1623461890336&CODE_STATE=getMsg HTTP/1.1" 200 27
101.85.94.178 - - [12/Jun/2021:09:38:36 +0800] "GET /xingrg/all/function/internal_message.html?_=1623461371124&CODE_STATE=getMsg HTTP/1.1" 200 27
117.185.32.26 - - [12/Jun/2021:09:38:38 +0800] "GET /xingrg/check_reg.html?_=1623462450952 HTTP/1.1" 200 22
117.185.32.26 - - [12/Jun/2021:09:38:38 +0800] "GET /xingrg/all/function/internal_message.html?_=1623462450955&CODE_STATE=getMsg HTTP/1.1" 200 27
222.70.177.90 - - [12/Jun/2021:09:38:38 +0800] "GET /xingrg/kc/buy/cgsh_order_operate.html?command=get_materiel&rest_code=00111&code=00101008010&supplier_code=00100005&order_time=2021-06-12 HTTP/1.1" 200 412
114.83.223.149 - - [12/Jun/2021:09:38:40 +0800] "POST /xingrg/dwr/call/plaincall/AjaxYddbService.checkOrder.dwr HTTP/1.1" 200 78
114.83.223.149 - - [12/Jun/2021:09:38:40 +0800] "GET /xingrg/kc/base/yddb_order_info.html?code=482021061200105 HTTP/1.1" 200 29583
114.83.223.149 - - [12/Jun/2021:09:38:40 +0800] "GET /xingrg/dwr/interface/AjaxComOrderService.js HTTP/1.1" 200 18264
114.83.223.149 - - [12/Jun/2021:09:38:40 +0800] "GET /xingrg/dwr/interface/AjaxYddbService.js HTTP/1.1" 200 13201
114.83.223.149 - - [12/Jun/2021:09:38:40 +0800] "GET /xingrg/dwr/engine.js HTTP/1.1" 200 43631
114.83.223.149 - - [12/Jun/2021:09:38:41 +0800] "POST /xingrg/dwr/call/plaincall/AjaxYddbService.loadMaterielItems.dwr HTTP/1.1" 200 403
222.70.177.90 - - [12/Jun/2021:09:38:46 +0800] "GET /xingrg/kc/buy/cgsh_order_operate.html?command=get_materiel&rest_code=00111&code=00101008306&supplier_code=00100005&order_time=2021-06-12 HTTP/1.1" 200 412
117.185.32.26 - - [12/Jun/2021:09:38:46 +0800] "GET /xingrg/kc/buy/cgsh_order_operate.html?command=get_materiel&rest_code=00106&code=00101008147&supplier_code=00100009&order_time=2021-06-12 HTTP/1.1" 200 418
114.83.223.149 - - [12/Jun/2021:09:38:48 +0800] "GET /xingrg/kc/base/yddb_order_add.html HTTP/1.1" 200 29829
114.83.223.149 - - [12/Jun/2021:09:38:48 +0800] "GET /xingrg/dwr/interface/AjaxComOrderService.js HTTP/1.1" 200 18264
114.83.223.149 - - [12/Jun/2021:09:38:48 +0800] "GET /xingrg/dwr/interface/AjaxYddbService.js HTTP/1.1" 200 13201
114.83.223.149 - - [12/Jun/2021:09:38:48 +0800] "GET /xingrg/dwr/engine.js HTTP/1.1" 200 43631
114.83.223.149 - - [12/Jun/2021:09:38:48 +0800] "GET /xingrg/all/function/internal_message.html?_=1623461928530&CODE_STATE=getMsg HTTP/1.1" 200 27
116.224.253.72 - - [12/Jun/2021:09:38:52 +0800] "POST /xingrg/kc/buy/cgsh_list_operate.html HTTP/1.1" 200 575
116.224.253.72 - - [12/Jun/2021:09:38:52 +0800] "GET /xingrg/kc/buy/cgsh_order_info.html?code=212021061205277 HTTP/1.1" 200 62178
116.224.253.72 - - [12/Jun/2021:09:38:52 +0800] "GET /xingrg/javascript/auto/jquery.autocomplete.js HTTP/1.1" 200 21624
116.224.253.72 - - [12/Jun/2021:09:38:53 +0800] "GET /xingrg/javascript/easyui/themes/default/validatebox.css HTTP/1.1" 404 1104
116.224.253.72 - - [12/Jun/2021:09:38:53 +0800] "POST /xingrg/kc/buy/cgsh_order_operate.html HTTP/1.1" 200 5668
114.83.223.149 - - [12/Jun/2021:09:38:54 +0800] "POST /xingrg/dwr/call/plaincall/AjaxYddbService.getRestBases.dwr HTTP/1.1" 200 1046
222.70.177.90 - - [12/Jun/2021:09:38:55 +0800] "GET /xingrg/kc/buy/cgsh_order_operate.html?command=get_materiel&rest_code=00111&code=00101008265&supplier_code=00100005&order_time=2021-06-12 HTTP/1.1" 200 408
117.185.32.26 - - [12/Jun/2021:09:38:57 +0800] "POST /xingrg/kc/buy/cgsh_order_operate.html HTTP/1.1" 200 37
222.70.177.90 - - [12/Jun/2021:09:38:57 +0800] "POST /xingrg/kc/buy/cgsh_order_operate.html HTTP/1.1" 200 2065
222.70.177.90 - - [12/Jun/2021:09:38:58 +0800] "GET /xingrg/all/function/internal_message.html?_=1623461933332&CODE_STATE=getMsg HTTP/1.1" 200 27
61.165.42.208 - - [12/Jun/2021:09:38:58 +0800] "GET /xingrg/all/function/internal_message.html?_=1623461938068&CODE_STATE=getMsg HTTP/1.1" 200 27
117.185.32.26 - - [12/Jun/2021:09:38:59 +0800] "POST /xingrg/kc/buy/cgsh_order_operate.html HTTP/1.1" 200 3256
180.161.111.4 - - [12/Jun/2021:09:39:02 +0800] "GET /favicon.ico HTTP/1.1" 404 -
116.230.117.165 - - [12/Jun/2021:09:39:02 +0800] "GET /xingrg/all/function/internal_message.html?_=1623461963105&CODE_STATE=getMsg HTTP/1.1" 200 27
116.224.253.72 - - [12/Jun/2021:09:39:02 +0800] "POST /xingrg/kc/buy/cgsh_order_operate.html HTTP/1.1" 200 37
222.70.177.90 - - [12/Jun/2021:09:39:02 +0800] "GET /xingrg/kc/buy/cgsh_order_operate.html?command=get_materiel&rest_code=00111&code=00101008201&supplier_code=00100005&order_time=2021-06-12 HTTP/1.1" 200 412
116.224.253.72 - - [12/Jun/2021:09:39:05 +0800] "POST /xingrg/kc/buy/cgsh_order_operate.html HTTP/1.1" 200 12
114.83.223.149 - - [12/Jun/2021:09:39:05 +0800] "POST /xingrg/dwr/call/plaincall/AjaxYddbService.saveOrder.dwr HTTP/1.1" 200 78
116.230.117.165 - - [12/Jun/2021:09:39:06 +0800] "POST /xingrg/services/DataTransmitService HTTP/1.1" 200 524
117.185.32.26 - - [12/Jun/2021:09:39:06 +0800] "POST /xingrg/kc/buy/cgsh_order_operate.html HTTP/1.1" 200 37
116.224.253.72 - - [12/Jun/2021:09:39:06 +0800] "GET /xingrg/kc/buy/cgsh_order_info.html?code=212021061205277 HTTP/1.1" 200 57075
