114.83.223.149 - - [12/Jun/2021:11:09:54 +0800] "POST /xingrg/dwr/call/plaincall/AjaxReportQueryService.getFixDate.dwr HTTP/1.1" 200 111
120.253.135.82 - - [12/Jun/2021:11:09:54 +0800] "GET /xingrg/all/function/internal_message.html?_=1623467419681&CODE_STATE=getMsg HTTP/1.1" 200 27
114.83.223.149 - - [12/Jun/2021:11:09:55 +0800] "GET /xingrg/kc/mdqp/qqps_order_list.html?isQuery=1&timeSelect=2&orderTime=month&startTime=2021-06-01&endTime=2021-06-30&state=all&query=%C8%B7++%B6%A8 HTTP/1.1" 200 15837
114.83.223.149 - - [12/Jun/2021:11:09:55 +0800] "GET /xingrg/dwr/interface/AjaxQqpsService.js HTTP/1.1" 200 16326
114.83.223.149 - - [12/Jun/2021:11:09:55 +0800] "GET /xingrg/dwr/interface/AjaxReportQueryService.js HTTP/1.1" 200 13203
114.83.223.149 - - [12/Jun/2021:11:09:55 +0800] "GET /xingrg/dwr/engine.js HTTP/1.1" 200 43631
116.235.222.38 - - [12/Jun/2021:11:09:57 +0800] "GET /xingrg/all/function/internal_message.html?_=1623467388071&CODE_STATE=getMsg HTTP/1.1" 200 27
114.83.223.149 - - [12/Jun/2021:11:09:58 +0800] "GET /xingrg/kc/mdqp/qqps_order_info.html?code=302021060700155 HTTP/1.1" 200 26644
114.83.223.149 - - [12/Jun/2021:11:09:58 +0800] "GET /xingrg/dwr/interface/AjaxComOrderService.js HTTP/1.1" 200 18264
114.83.223.149 - - [12/Jun/2021:11:09:58 +0800] "GET /xingrg/dwr/interface/AjaxQqpsService.js HTTP/1.1" 200 16326
114.83.223.149 - - [12/Jun/2021:11:09:58 +0800] "GET /xingrg/dwr/engine.js HTTP/1.1" 200 43631
114.83.223.149 - - [12/Jun/2021:11:09:58 +0800] "GET /xingrg/words/20210612095602_words.js HTTP/1.1" 304 -
61.165.42.208 - - [12/Jun/2021:11:09:58 +0800] "GET /xingrg/check_reg.html?_=1623467398153 HTTP/1.1" 200 22
61.165.42.208 - - [12/Jun/2021:11:09:58 +0800] "GET /xingrg/all/function/internal_message.html?_=1623467398156&CODE_STATE=getMsg HTTP/1.1" 200 27
114.83.223.149 - - [12/Jun/2021:11:09:58 +0800] "POST /xingrg/dwr/call/plaincall/AjaxQqpsService.loadMaterielItems.dwr HTTP/1.1" 200 702
58.37.225.51 - - [12/Jun/2021:11:09:59 +0800] "GET /xingrg/all/function/internal_message.html?_=1623467337589&CODE_STATE=getMsg HTTP/1.1" 200 27
117.185.32.26 - - [12/Jun/2021:11:09:59 +0800] "GET /xingrg/kc/buy/cgsh_order_operate.html?command=get_materiel&rest_code=00106&code=00101016100&supplier_code=00100329&order_time=2021-06-12 HTTP/1.1" 200 412
116.230.110.80 - - [12/Jun/2021:11:10:01 +0800] "POST /xingrg/login.do HTTP/1.1" 302 -
116.230.110.80 - - [12/Jun/2021:11:10:01 +0800] "GET /xingrg/index.html?sysBaseUrl=http%3A%2F%2F180.169.147.146%3A18081%2Fxingrg%2F&costTime=38×tamp=1623467401025 HTTP/1.1" 200 17179
114.83.223.149 - - [12/Jun/2021:11:10:01 +0800] "GET /xingrg/kc/mdqp/qqps_order_list.html?isBack=1 HTTP/1.1" 302 -
114.83.223.149 - - [12/Jun/2021:11:10:01 +0800] "GET /xingrg/kc/mdqp/qqps_order_list.html?isQuery=1&timeSelect=2&orderTime=month&startTime=2021-06-01&endTime=2021-06-30&state=all&query=%C8%B7++%B6%A8 HTTP/1.1" 200 15837
116.230.110.80 - - [12/Jun/2021:11:10:01 +0800] "GET /favicon.ico HTTP/1.1" 404 -
114.83.223.149 - - [12/Jun/2021:11:10:01 +0800] "GET /xingrg/dwr/interface/AjaxQqpsService.js HTTP/1.1" 200 16326
114.83.223.149 - - [12/Jun/2021:11:10:01 +0800] "GET /xingrg/dwr/interface/AjaxReportQueryService.js HTTP/1.1" 200 13203
114.83.223.149 - - [12/Jun/2021:11:10:01 +0800] "GET /xingrg/dwr/engine.js HTTP/1.1" 200 43631
116.230.110.80 - - [12/Jun/2021:11:10:01 +0800] "POST /xingrg/all/common/load_tree.html?tree=area_rest_tree_json&manage=1 HTTP/1.1" 200 351
116.230.110.80 - - [12/Jun/2021:11:10:01 +0800] "GET /xingrg/all/function/internal_message.html?_=1623467377836&CODE_STATE=count HTTP/1.1" 200 11
116.230.110.80 - - [12/Jun/2021:11:10:01 +0800] "GET /xingrg/check_reg.html?_=1623467377837 HTTP/1.1" 200 22
116.230.110.80 - - [12/Jun/2021:11:10:01 +0800] "POST /xingrg/load_menu.html HTTP/1.1" 200 5138
61.165.42.208 - - [12/Jun/2021:11:10:02 +0800] "POST /xingrg/kc/buy/cgsh_order_operate.html HTTP/1.1" 200 37
114.83.223.149 - - [12/Jun/2021:11:10:04 +0800] "GET /xingrg/kc/mdqp/qqps_order_info.html?code=302021060700156 HTTP/1.1" 200 26644
114.83.223.149 - - [12/Jun/2021:11:10:04 +0800] "GET /xingrg/dwr/interface/AjaxQqpsService.js HTTP/1.1" 200 16326
114.83.223.149 - - [12/Jun/2021:11:10:04 +0800] "GET /xingrg/dwr/interface/AjaxComOrderService.js HTTP/1.1" 200 18264
114.83.223.149 - - [12/Jun/2021:11:10:04 +0800] "GET /xingrg/dwr/engine.js HTTP/1.1" 200 43631
116.230.110.80 - - [12/Jun/2021:11:10:04 +0800] "GET /xingrg/kc/buy/cgsh_order_list.html HTTP/1.1" 200 46785
114.83.223.149 - - [12/Jun/2021:11:10:04 +0800] "POST /xingrg/dwr/call/plaincall/AjaxQqpsService.loadMaterielItems.dwr HTTP/1.1" 200 344
61.165.42.208 - - [12/Jun/2021:11:10:05 +0800] "POST /xingrg/kc/buy/cgsh_order_operate.html HTTP/1.1" 200 2670
114.83.223.149 - - [12/Jun/2021:11:10:06 +0800] "GET /xingrg/kc/mdqp/qqps_order_list.html?isBack=1 HTTP/1.1" 302 -
114.83.223.149 - - [12/Jun/2021:11:10:06 +0800] "GET /xingrg/kc/mdqp/qqps_order_list.html?isQuery=1&timeSelect=2&orderTime=month&startTime=2021-06-01&endTime=2021-06-30&state=all&query=%C8%B7++%B6%A8 HTTP/1.1" 200 15837
114.83.223.149 - - [12/Jun/2021:11:10:06 +0800] "GET /xingrg/dwr/interface/AjaxQqpsService.js HTTP/1.1" 200 16326
114.83.223.149 - - [12/Jun/2021:11:10:06 +0800] "GET /xingrg/dwr/interface/AjaxReportQueryService.js HTTP/1.1" 200 13203
114.83.223.149 - - [12/Jun/2021:11:10:06 +0800] "GET /xingrg/dwr/engine.js HTTP/1.1" 200 43631
61.165.42.208 - - [12/Jun/2021:11:10:07 +0800] "GET /xingrg/kc/print/load_data.html?order_code=212021061205391&kc_code=cgsh&condition= HTTP/1.1" 200 687
116.230.117.165 - - [12/Jun/2021:11:10:09 +0800] "GET /xingrg/all/function/internal_message.html?_=1623467430066&CODE_STATE=getMsg HTTP/1.1" 200 27
116.230.117.165 - - [12/Jun/2021:11:10:10 +0800] "GET /xingrg/kc/buy/cgsh_order_add.html HTTP/1.1" 200 62523
117.185.32.26 - - [12/Jun/2021:11:10:11 +0800] "GET /xingrg/kc/buy/cgsh_order_operate.html?command=get_materiel&rest_code=00106&code=00101010355&supplier_code=00100329&order_time=2021-06-12 HTTP/1.1" 200 426
116.230.117.165 - - [12/Jun/2021:11:10:11 +0800] "POST /xingrg/kc/buy/cgsh_order_operate.html HTTP/1.1" 200 8245
116.230.117.165 - - [12/Jun/2021:11:10:11 +0800] "GET /xingrg/javascript/easyui/themes/default/validatebox.css HTTP/1.1" 404 1104
114.83.223.149 - - [12/Jun/2021:11:10:12 +0800] "GET /xingrg/kc/mdqp/qqps_order_info.html?code=302021060700156 HTTP/1.1" 200 26644
114.83.223.149 - - [12/Jun/2021:11:10:12 +0800] "GET /xingrg/dwr/interface/AjaxComOrderService.js HTTP/1.1" 200 18264
114.83.223.149 - - [12/Jun/2021:11:10:12 +0800] "GET /xingrg/dwr/interface/AjaxQqpsService.js HTTP/1.1" 200 16326
114.83.223.149 - - [12/Jun/2021:11:10:12 +0800] "GET /xingrg/dwr/engine.js HTTP/1.1" 200 43631
114.83.223.149 - - [12/Jun/2021:11:10:12 +0800] "POST /xingrg/dwr/call/plaincall/AjaxQqpsService.loadMaterielItems.dwr HTTP/1.1" 200 344
61.165.42.208 - - [12/Jun/2021:11:10:12 +0800] "GET /xingrg/kc/buy/cgsh_order_add.html HTTP/1.1" 200 62564
61.165.42.208 - - [12/Jun/2021:11:10:12 +0800] "GET /xingrg/javascript/easyui/themes/default/validatebox.css HTTP/1.1" 404 1104
61.165.42.208 - - [12/Jun/2021:11:10:12 +0800] "POST /xingrg/kc/buy/cgsh_order_operate.html HTTP/1.1" 200 8245
114.83.223.149 - - [12/Jun/2021:11:10:14 +0800] "GET /xingrg/kc/mdqp/qqps_order_list.html?isBack=1 HTTP/1.1" 302 -
114.83.223.149 - - [12/Jun/2021:11:10:14 +0800] "GET /xingrg/kc/mdqp/qqps_order_list.html?isQuery=1&timeSelect=2&orderTime=month&startTime=2021-06-01&endTime=2021-06-30&state=all&query=%C8%B7++%B6%A8 HTTP/1.1" 200 15837
114.83.223.149 - - [12/Jun/2021:11:10:14 +0800] "GET /xingrg/dwr/interface/AjaxQqpsService.js HTTP/1.1" 200 16326
114.83.223.149 - - [12/Jun/2021:11:10:14 +0800] "GET /xingrg/dwr/interface/AjaxReportQueryService.js HTTP/1.1" 200 13203
114.83.223.149 - - [12/Jun/2021:11:10:14 +0800] "GET /xingrg/dwr/engine.js HTTP/1.1" 200 43631
222.70.177.90 - - [12/Jun/2021:11:10:17 +0800] "GET /xingrg/all/function/internal_message.html?_=1623467412045&CODE_STATE=getMsg HTTP/1.1" 200 27
114.83.223.149 - - [12/Jun/2021:11:10:18 +0800] "GET /xingrg/kc/mdqp/qqps_order_info.html?code=302021060700168 HTTP/1.1" 200 26644
114.83.223.149 - - [12/Jun/2021:11:10:18 +0800] "GET /xingrg/dwr/interface/AjaxComOrderService.js HTTP/1.1" 200 18264
114.83.223.149 - - [12/Jun/2021:11:10:18 +0800] "GET /xingrg/dwr/interface/AjaxQqpsService.js HTTP/1.1" 200 16326
114.83.223.149 - - [12/Jun/2021:11:10:18 +0800] "GET /xingrg/dwr/engine.js HTTP/1.1" 200 43631
114.83.223.149 - - [12/Jun/2021:11:10:18 +0800] "POST /xingrg/dwr/call/plaincall/AjaxQqpsService.loadMaterielItems.dwr HTTP/1.1" 200 324
116.230.110.80 - - [12/Jun/2021:11:10:19 +0800] "POST /xingrg/kc/buy/cgsh_list_operate.html HTTP/1.1" 200 5131
114.83.223.149 - - [12/Jun/2021:11:10:21 +0800] "GET /xingrg/kc/mdqp/qqps_order_list.html?isBack=1 HTTP/1.1" 302 -
114.83.223.149 - - [12/Jun/2021:11:10:21 +0800] "GET /xingrg/kc/mdqp/qqps_order_list.html?isQuery=1&timeSelect=2&orderTime=month&startTime=2021-06-01&endTime=2021-06-30&state=all&query=%C8%B7++%B6%A8 HTTP/1.1" 200 15837
114.83.223.149 - - [12/Jun/2021:11:10:21 +0800] "GET /xingrg/dwr/interface/AjaxQqpsService.js HTTP/1.1" 200 16326
114.83.223.149 - - [12/Jun/2021:11:10:21 +0800] "GET /xingrg/dwr/interface/AjaxReportQueryService.js HTTP/1.1" 200 13203
114.83.223.149 - - [12/Jun/2021:11:10:21 +0800] "GET /xingrg/dwr/engine.js HTTP/1.1" 200 43631
61.165.42.208 - - [12/Jun/2021:11:10:22 +0800] "GET /xingrg/kc/buy/cgsh_order_operate.html?command=get_materiel&rest_code=00105&code=00101010636&supplier_code=00100411&order_time=2021-06-12 HTTP/1.1" 200 400
116.230.110.80 - - [12/Jun/2021:11:10:22 +0800] "GET /xingrg/javascript/jquery_tools/images/prev.gif HTTP/1.1" 404 1086
116.230.110.80 - - [12/Jun/2021:11:10:22 +0800] "GET /xingrg/javascript/jquery_tools/images/next.gif HTTP/1.1" 404 1086
116.224.253.72 - - [12/Jun/2021:11:10:24 +0800] "GET /xingrg/all/function/internal_message.html?_=1623467418010&CODE_STATE=getMsg HTTP/1.1" 200 27
114.83.223.149 - - [12/Jun/2021:11:10:27 +0800] "GET /xingrg/kc/mdqp/qqps_order_info.html?code=302021061000203 HTTP/1.1" 200 26644
114.83.223.149 - - [12/Jun/2021:11:10:27 +0800] "GET /xingrg/dwr/interface/AjaxComOrderService.js HTTP/1.1" 200 18264
114.83.223.149 - - [12/Jun/2021:11:10:27 +0800] "GET /xingrg/dwr/interface/AjaxQqpsService.js HTTP/1.1" 200 16326
114.83.223.149 - - [12/Jun/2021:11:10:27 +0800] "GET /xingrg/dwr/engine.js HTTP/1.1" 200 43631
117.185.32.26 - - [12/Jun/2021:11:10:27 +0800] "GET /xingrg/kc/buy/cgsh_order_operate.html?command=get_materiel&rest_code=00106&code=00101010669&supplier_code=00100329&order_time=2021-06-12 HTTP/1.1" 200 410
114.83.223.149 - - [12/Jun/2021:11:10:27 +0800] "POST /xingrg/dwr/call/plaincall/AjaxQqpsService.loadMaterielItems.dwr HTTP/1.1" 200 625
61.165.42.208 - - [12/Jun/2021:11:10:29 +0800] "POST /xingrg/kc/buy/cgsh_order_operate.html HTTP/1.1" 200 37
114.83.223.149 - - [12/Jun/2021:11:10:29 +0800] "GET /xingrg/kc/mdqp/qqps_order_list.html?isBack=1 HTTP/1.1" 302 -
114.83.223.149 - - [12/Jun/2021:11:10:29 +0800] "GET /xingrg/kc/mdqp/qqps_order_list.html?isQuery=1&timeSelect=2&orderTime=month&startTime=2021-06-01&endTime=2021-06-30&state=all&query=%C8%B7++%B6%A8 HTTP/1.1" 200 15837
114.83.223.149 - - [12/Jun/2021:11:10:29 +0800] "GET /xingrg/dwr/interface/AjaxQqpsService.js HTTP/1.1" 200 16326
114.83.223.149 - - [12/Jun/2021:11:10:29 +0800] "GET /xingrg/dwr/interface/AjaxReportQueryService.js HTTP/1.1" 200 13203
114.83.223.149 - - [12/Jun/2021:11:10:29 +0800] "GET /xingrg/dwr/engine.js HTTP/1.1" 200 43631
116.230.110.80 - - [12/Jun/2021:11:10:30 +0800] "GET /xingrg/javascript/auto/indicator.gif HTTP/1.1" 404 1066
116.230.117.165 - - [12/Jun/2021:11:10:31 +0800] "GET /xingrg/kc/buy/cgsh_order_operate.html?command=get_materiel&rest_code=00146&code=00101012025&supplier_code=00100033&order_time=2021-06-12 HTTP/1.1" 200 412
114.83.223.149 - - [12/Jun/2021:11:10:31 +0800] "GET /xingrg/kc/mdqp/qqps_order_info.html?code=302021061000204 HTTP/1.1" 200 26644
114.83.223.149 - - [12/Jun/2021:11:10:31 +0800] "GET /xingrg/dwr/interface/AjaxComOrderService.js HTTP/1.1" 200 18264
114.83.223.149 - - [12/Jun/2021:11:10:31 +0800] "GET /xingrg/dwr/interface/AjaxQqpsService.js HTTP/1.1" 200 16326
114.83.223.149 - - [12/Jun/2021:11:10:31 +0800] "GET /xingrg/dwr/engine.js HTTP/1.1" 200 43631
61.165.42.208 - - [12/Jun/2021:11:10:31 +0800] "POST /xingrg/kc/buy/cgsh_order_operate.html HTTP/1.1" 200 2658
114.83.223.149 - - [12/Jun/2021:11:10:32 +0800] "POST /xingrg/dwr/call/plaincall/AjaxQqpsService.loadMaterielItems.dwr HTTP/1.1" 200 331
61.165.42.208 - - [12/Jun/2021:11:10:32 +0800] "GET /xingrg/kc/print/load_data.html?order_code=212021061205392&kc_code=cgsh&condition= HTTP/1.1" 200 668
114.83.223.149 - - [12/Jun/2021:11:10:34 +0800] "GET /xingrg/kc/mdqp/qqps_order_list.html?isBack=1 HTTP/1.1" 302 -
114.83.223.149 - - [12/Jun/2021:11:10:34 +0800] "GET /xingrg/kc/mdqp/qqps_order_list.html?isQuery=1&timeSelect=2&orderTime=month&startTime=2021-06-01&endTime=2021-06-30&state=all&query=%C8%B7++%B6%A8 HTTP/1.1" 200 15837
114.83.223.149 - - [12/Jun/2021:11:10:34 +0800] "GET /xingrg/dwr/interface/AjaxQqpsService.js HTTP/1.1" 200 16326
114.83.223.149 - - [12/Jun/2021:11:10:34 +0800] "GET /xingrg/dwr/interface/AjaxReportQueryService.js HTTP/1.1" 200 13203
114.83.223.149 - - [12/Jun/2021:11:10:34 +0800] "GET /xingrg/dwr/engine.js HTTP/1.1" 200 43631
61.165.42.208 - - [12/Jun/2021:11:10:35 +0800] "GET /xingrg/all/function/internal_message.html?_=1623467410383&CODE_STATE=getMsg HTTP/1.1" 200 27
61.165.42.208 - - [12/Jun/2021:11:10:36 +0800] "GET /xingrg/kc/buy/cgsh_order_add.html HTTP/1.1" 200 62564
114.83.223.149 - - [12/Jun/2021:11:10:36 +0800] "GET /xingrg/kc/mdqp/qqps_order_info.html?code=302021060700168 HTTP/1.1" 200 26644
61.165.42.208 - - [12/Jun/2021:11:10:36 +0800] "GET /xingrg/javascript/easyui/themes/default/validatebox.css HTTP/1.1" 404 1104
61.165.42.208 - - [12/Jun/2021:11:10:36 +0800] "POST /xingrg/kc/buy/cgsh_order_operate.html HTTP/1.1" 200 8245
114.83.223.149 - - [12/Jun/2021:11:10:36 +0800] "GET /xingrg/dwr/interface/AjaxComOrderService.js HTTP/1.1" 200 18264
114.83.223.149 - - [12/Jun/2021:11:10:36 +0800] "GET /xingrg/dwr/interface/AjaxQqpsService.js HTTP/1.1" 200 16326
114.83.223.149 - - [12/Jun/2021:11:10:36 +0800] "GET /xingrg/dwr/engine.js HTTP/1.1" 200 43631
114.83.223.149 - - [12/Jun/2021:11:10:37 +0800] "POST /xingrg/dwr/call/plaincall/AjaxQqpsService.loadMaterielItems.dwr HTTP/1.1" 200 324
117.185.32.26 - - [12/Jun/2021:11:10:38 +0800] "GET /xingrg/all/function/internal_message.html?_=1623467971327&CODE_STATE=getMsg HTTP/1.1" 200 27
114.83.223.149 - - [12/Jun/2021:11:10:38 +0800] "GET /xingrg/kc/mdqp/qqps_order_list.html?isBack=1 HTTP/1.1" 302 -
114.83.223.149 - - [12/Jun/2021:11:10:38 +0800] "GET /xingrg/kc/mdqp/qqps_order_list.html?isQuery=1&timeSelect=2&orderTime=month&startTime=2021-06-01&endTime=2021-06-30&state=all&query=%C8%B7++%B6%A8 HTTP/1.1" 200 15837
114.83.223.149 - - [12/Jun/2021:11:10:38 +0800] "GET /xingrg/dwr/interface/AjaxQqpsService.js HTTP/1.1" 200 16326
114.83.223.149 - - [12/Jun/2021:11:10:38 +0800] "GET /xingrg/dwr/interface/AjaxReportQueryService.js HTTP/1.1" 200 13203
114.83.223.149 - - [12/Jun/2021:11:10:38 +0800] "GET /xingrg/dwr/engine.js HTTP/1.1" 200 43631
116.230.110.80 - - [12/Jun/2021:11:10:39 +0800] "POST /xingrg/kc/buy/cgsh_list_operate.html HTTP/1.1" 200 3664
180.169.147.146 - - [12/Jun/2021:11:10:40 +0800] "GET /xingrg/check_reg.html?_=1623467440439 HTTP/1.1" 302 -
180.169.147.146 - - [12/Jun/2021:11:10:40 +0800] "GET /xingrg/all/function/internal_message.html?_=1623467440442&CODE_STATE=getMsg HTTP/1.1" 302 -
114.83.223.149 - - [12/Jun/2021:11:10:43 +0800] "GET /xingrg/kc/mdqp/qqps_order_info.html?code=302021061000211 HTTP/1.1" 200 26644
114.83.223.149 - - [12/Jun/2021:11:10:43 +0800] "GET /xingrg/dwr/interface/AjaxComOrderService.js HTTP/1.1" 200 18264
114.83.223.149 - - [12/Jun/2021:11:10:43 +0800] "GET /xingrg/dwr/interface/AjaxQqpsService.js HTTP/1.1" 200 16326
114.83.223.149 - - [12/Jun/2021:11:10:43 +0800] "GET /xingrg/dwr/engine.js HTTP/1.1" 200 43631
114.83.223.149 - - [12/Jun/2021:11:10:44 +0800] "POST /xingrg/dwr/call/plaincall/AjaxQqpsService.loadMaterielItems.dwr HTTP/1.1" 200 395
116.230.117.165 - - [12/Jun/2021:11:10:44 +0800] "GET /xingrg/kc/buy/cgsh_order_operate.html?command=get_materiel&rest_code=00146&code=00101016080&supplier_code=00100033&order_time=2021-06-12 HTTP/1.1" 200 408
114.83.223.149 - - [12/Jun/2021:11:10:46 +0800] "GET /xingrg/kc/mdqp/qqps_order_list.html?isBack=1 HTTP/1.1" 302 -
114.83.223.149 - - [12/Jun/2021:11:10:46 +0800] "GET /xingrg/kc/mdqp/qqps_order_list.html?isQuery=1&timeSelect=2&orderTime=month&startTime=2021-06-01&endTime=2021-06-30&state=all&query=%C8%B7++%B6%A8 HTTP/1.1" 200 15837
114.83.223.149 - - [12/Jun/2021:11:10:46 +0800] "GET /xingrg/dwr/interface/AjaxQqpsService.js HTTP/1.1" 200 16326
114.83.223.149 - - [12/Jun/2021:11:10:46 +0800] "GET /xingrg/dwr/interface/AjaxReportQueryService.js HTTP/1.1" 200 13203
114.83.223.149 - - [12/Jun/2021:11:10:46 +0800] "GET /xingrg/dwr/engine.js HTTP/1.1" 200 43631
61.165.42.208 - - [12/Jun/2021:11:10:46 +0800] "GET /xingrg/kc/buy/cgsh_order_operate.html?command=get_materiel&rest_code=00105&code=00101001168&supplier_code=00100313&order_time=2021-06-12 HTTP/1.1" 200 414
116.230.110.80 - - [12/Jun/2021:11:10:47 +0800] "POST /xingrg/kc/buy/cgsh_list_operate.html HTTP/1.1" 200 3664
114.83.223.149 - - [12/Jun/2021:11:10:47 +0800] "GET /xingrg/all/function/internal_message.html?_=1623467447075&CODE_STATE=getMsg HTTP/1.1" 200 27
116.230.110.80 - - [12/Jun/2021:11:10:53 +0800] "POST /xingrg/kc/buy/cgsh_list_operate.html HTTP/1.1" 200 199
120.253.135.82 - - [12/Jun/2021:11:10:54 +0800] "GET /xingrg/all/function/internal_message.html?_=1623467479690&CODE_STATE=getMsg HTTP/1.1" 200 27
116.230.110.80 - - [12/Jun/2021:11:10:56 +0800] "POST /xingrg/kc/buy/cgsh_list_operate.html HTTP/1.1" 200 199
116.235.222.38 - - [12/Jun/2021:11:10:57 +0800] "GET /xingrg/all/function/internal_message.html?_=1623467448019&CODE_STATE=getMsg HTTP/1.1" 200 27
61.165.42.208 - - [12/Jun/2021:11:10:58 +0800] "GET /xingrg/all/function/internal_message.html?_=1623467458131&CODE_STATE=getMsg HTTP/1.1" 200 27
58.37.225.51 - - [12/Jun/2021:11:10:59 +0800] "GET /xingrg/all/function/internal_message.html?_=1623467397589&CODE_STATE=getMsg HTTP/1.1" 200 27
61.165.42.208 - - [12/Jun/2021:11:11:00 +0800] "GET /xingrg/kc/buy/cgsh_order_operate.html?command=get_materiel&rest_code=00105&code=00101001135&supplier_code=00100313&order_time=2021-06-12 HTTP/1.1" 200 415
116.230.110.80 - - [12/Jun/2021:11:11:01 +0800] "GET /xingrg/all/function/internal_message.html?_=1623467437859&CODE_STATE=getMsg HTTP/1.1" 200 27
116.230.110.80 - - [12/Jun/2021:11:11:03 +0800] "POST /xingrg/kc/buy/cgsh_list_operate.html HTTP/1.1" 200 199
117.185.32.26 - - [12/Jun/2021:11:11:08 +0800] "POST /xingrg/kc/buy/cgsh_order_operate.html HTTP/1.1" 200 37
116.230.110.80 - - [12/Jun/2021:11:11:08 +0800] "POST /xingrg/kc/buy/cgsh_list_operate.html HTTP/1.1" 200 271
116.230.117.165 - - [12/Jun/2021:11:11:09 +0800] "GET /xingrg/all/function/internal_message.html?_=1623467490078&CODE_STATE=getMsg HTTP/1.1" 200 27
114.83.223.149 - - [12/Jun/2021:11:11:09 +0800] "GET /xingrg/kc/buy/cgsh_order_list.html HTTP/1.1" 200 46785
61.165.42.208 - - [12/Jun/2021:11:11:09 +0800] "GET /xingrg/kc/buy/cgsh_order_operate.html?command=get_materiel&rest_code=00105&code=00101001033&supplier_code=00100313&order_time=2021-06-12 HTTP/1.1" 200 419
114.83.223.149 - - [12/Jun/2021:11:11:10 +0800] "POST /xingrg/kc/buy/cgsh_list_operate.html HTTP/1.1" 200 876
114.83.223.149 - - [12/Jun/2021:11:11:11 +0800] "GET /xingrg/kc/buy/cgsh_order_add.html HTTP/1.1" 200 62570
114.83.223.149 - - [12/Jun/2021:11:11:11 +0800] "POST /xingrg/kc/buy/cgsh_order_operate.html HTTP/1.1" 200 8245
114.83.223.149 - - [12/Jun/2021:11:11:11 +0800] "GET /xingrg/javascript/easyui/themes/default/validatebox.css HTTP/1.1" 404 1104
116.230.117.165 - - [12/Jun/2021:11:11:13 +0800] "GET /xingrg/kc/buy/cgsh_order_operate.html?command=get_materiel&rest_code=00146&code=00101011001&supplier_code=00100033&order_time=2021-06-12 HTTP/1.1" 200 423
117.185.32.26 - - [12/Jun/2021:11:11:13 +0800] "POST /xingrg/kc/buy/cgsh_order_operate.html HTTP/1.1" 200 12
61.165.42.208 - - [12/Jun/2021:11:11:15 +0800] "GET /xingrg/kc/buy/cgsh_order_operate.html?command=get_materiel&rest_code=00105&code=00101001162&supplier_code=00100313&order_time=2021-06-12 HTTP/1.1" 200 415
117.185.32.26 - - [12/Jun/2021:11:11:16 +0800] "GET /xingrg/kc/buy/cgsh_order_info.html?code=212021061205393 HTTP/1.1" 200 57429
117.185.32.26 - - [12/Jun/2021:11:11:16 +0800] "GET /xingrg/javascript/easyui/themes/default/validatebox.css HTTP/1.1" 404 1104
117.185.32.26 - - [12/Jun/2021:11:11:17 +0800] "POST /xingrg/kc/buy/cgsh_order_operate.html HTTP/1.1" 200 2410
222.70.177.90 - - [12/Jun/2021:11:11:17 +0800] "GET /xingrg/all/function/internal_message.html?_=1623467472073&CODE_STATE=getMsg HTTP/1.1" 200 27
116.230.110.80 - - [12/Jun/2021:11:11:17 +0800] "POST /xingrg/kc/buy/cgsh_list_operate.html HTTP/1.1" 200 214
116.224.253.72 - - [12/Jun/2021:11:11:24 +0800] "GET /xingrg/all/function/internal_message.html?_=1623467478015&CODE_STATE=getMsg HTTP/1.1" 200 27
117.185.32.26 - - [12/Jun/2021:11:11:31 +0800] "GET /xingrg/kc/print/load_data.html?order_code=212021061205393&kc_code=cgsh&condition= HTTP/1.1" 200 1425
61.165.42.208 - - [12/Jun/2021:11:11:35 +0800] "GET /xingrg/all/function/internal_message.html?_=1623467470384&CODE_STATE=getMsg HTTP/1.1" 200 27
117.185.32.26 - - [12/Jun/2021:11:11:37 +0800] "GET /xingrg/kc/buy/cgsh_order_add.html HTTP/1.1" 200 62517
117.185.32.26 - - [12/Jun/2021:11:11:37 +0800] "POST /xingrg/kc/buy/cgsh_order_operate.html HTTP/1.1" 200 8245
117.185.32.26 - - [12/Jun/2021:11:11:37 +0800] "GET /xingrg/javascript/easyui/themes/default/validatebox.css HTTP/1.1" 404 1104
117.185.32.26 - - [12/Jun/2021:11:11:38 +0800] "GET /xingrg/all/function/internal_message.html?_=1623468031308&CODE_STATE=getMsg HTTP/1.1" 200 27
117.185.32.26 - - [12/Jun/2021:11:11:39 +0800] "GET /xingrg/javascript/easyui/themes/default/tree.css HTTP/1.1" 404 1090
117.185.32.26 - - [12/Jun/2021:11:11:39 +0800] "POST /xingrg/all/common/load_tree.html?tree=supplier_tree_json&isDelete=1 HTTP/1.1" 200 56142
180.169.147.146 - - [12/Jun/2021:11:11:40 +0800] "GET /xingrg/all/function/internal_message.html?_=1623467500429&CODE_STATE=getMsg HTTP/1.1" 302 -
116.230.117.165 - - [12/Jun/2021:11:11:42 +0800] "GET /xingrg/kc/buy/cgsh_order_operate.html?command=get_materiel&rest_code=00146&code=00101016025&supplier_code=00100033&order_time=2021-06-12 HTTP/1.1" 200 408
116.230.110.80 - - [12/Jun/2021:11:11:42 +0800] "POST /xingrg/kc/buy/cgsh_list_operate.html HTTP/1.1" 200 630
116.230.110.80 - - [12/Jun/2021:11:11:42 +0800] "GET /xingrg/kc/buy/cgsh_order_info.html?code=212021011607394 HTTP/1.1" 200 57389
116.230.110.80 - - [12/Jun/2021:11:11:42 +0800] "GET /xingrg/words/20210612095602_words.js HTTP/1.1" 304 -
116.230.110.80 - - [12/Jun/2021:11:11:43 +0800] "GET /xingrg/javascript/easyui/themes/default/validatebox.css HTTP/1.1" 404 1104
116.230.110.80 - - [12/Jun/2021:11:11:43 +0800] "POST /xingrg/kc/buy/cgsh_order_operate.html HTTP/1.1" 200 7880
61.165.42.208 - - [12/Jun/2021:11:11:44 +0800] "GET /xingrg/kc/buy/cgsh_order_operate.html?command=get_materiel&rest_code=00105&code=00101014083&supplier_code=00100313&order_time=2021-06-12 HTTP/1.1" 200 409
114.83.223.149 - - [12/Jun/2021:11:11:47 +0800] "GET /xingrg/all/function/internal_message.html?_=1623467507057&CODE_STATE=getMsg HTTP/1.1" 200 27
114.83.223.149 - - [12/Jun/2021:11:11:49 +0800] "GET /xingrg/check_reg.html?_=1623467508959 HTTP/1.1" 200 22
116.230.117.165 - - [12/Jun/2021:11:11:52 +0800] "GET /xingrg/kc/buy/cgsh_order_operate.html?command=get_materiel&rest_code=00146&code=00101012029&supplier_code=00100033&order_time=2021-06-12 HTTP/1.1" 200 412
120.253.135.82 - - [12/Jun/2021:11:11:53 +0800] "GET /xingrg/check_reg.html?_=1623467539344 HTTP/1.1" 200 22
120.253.135.82 - - [12/Jun/2021:11:11:54 +0800] "GET /xingrg/all/function/internal_message.html?_=1623467539704&CODE_STATE=getMsg HTTP/1.1" 200 27
116.235.222.38 - - [12/Jun/2021:11:11:57 +0800] "GET /xingrg/all/function/internal_message.html?_=1623467508001&CODE_STATE=getMsg HTTP/1.1" 200 27
117.185.32.26 - - [12/Jun/2021:11:11:58 +0800] "GET /xingrg/kc/buy/cgsh_order_operate.html?command=get_materiel&rest_code=00106&code=00101020225&supplier_code=00100347&order_time=2021-06-12 HTTP/1.1" 200 403
61.165.42.208 - - [12/Jun/2021:11:11:58 +0800] "GET /xingrg/all/function/internal_message.html?_=1623467518104&CODE_STATE=getMsg HTTP/1.1" 200 27
58.37.225.51 - - [12/Jun/2021:11:11:59 +0800] "GET /xingrg/all/function/internal_message.html?_=1623467457588&CODE_STATE=getMsg HTTP/1.1" 200 27
116.230.110.80 - - [12/Jun/2021:11:12:01 +0800] "GET /xingrg/all/function/internal_message.html?_=1623467497864&CODE_STATE=getMsg HTTP/1.1" 200 27
116.230.117.165 - - [12/Jun/2021:11:12:09 +0800] "GET /xingrg/all/function/internal_message.html?_=1623467550092&CODE_STATE=getMsg HTTP/1.1" 200 27
117.185.32.26 - - [12/Jun/2021:11:12:13 +0800] "POST /xingrg/kc/buy/cgsh_order_operate.html HTTP/1.1" 200 37
222.70.177.90 - - [12/Jun/2021:11:12:17 +0800] "GET /xingrg/all/function/internal_message.html?_=1623467532079&CODE_STATE=getMsg HTTP/1.1" 200 27
222.70.177.90 - - [12/Jun/2021:11:12:17 +0800] "GET /xingrg/check_reg.html?_=1623467532073 HTTP/1.1" 200 22
58.221.95.50 - - [12/Jun/2021:11:12:18 +0800] "GET /xingrg/check_reg.html?_=1623467537584 HTTP/1.1" 302 -
117.185.32.26 - - [12/Jun/2021:11:12:19 +0800] "POST /xingrg/kc/buy/cgsh_order_operate.html HTTP/1.1" 200 12
116.230.117.165 - - [12/Jun/2021:11:12:19 +0800] "GET /xingrg/kc/buy/cgsh_order_operate.html?command=get_materiel&rest_code=00146&code=00101007109&supplier_code=00100033&order_time=2021-06-12 HTTP/1.1" 200 408
117.185.32.26 - - [12/Jun/2021:11:12:19 +0800] "GET /xingrg/kc/buy/cgsh_order_info.html?code=212021061205394 HTTP/1.1" 200 57416
117.185.32.26 - - [12/Jun/2021:11:12:20 +0800] "GET /xingrg/javascript/easyui/themes/default/validatebox.css HTTP/1.1" 404 1104
117.185.32.26 - - [12/Jun/2021:11:12:20 +0800] "POST /xingrg/kc/buy/cgsh_order_operate.html HTTP/1.1" 200 612
117.185.32.26 - - [12/Jun/2021:11:12:23 +0800] "GET /xingrg/kc/print/load_data.html?order_code=212021061205394&kc_code=cgsh&condition= HTTP/1.1" 200 692
116.224.253.72 - - [12/Jun/2021:11:12:23 +0800] "GET /xingrg/check_reg.html?_=1623467537466 HTTP/1.1" 200 22
116.224.253.72 - - [12/Jun/2021:11:12:24 +0800] "GET /xingrg/all/function/internal_message.html?_=1623467538028&CODE_STATE=getMsg HTTP/1.1" 200 27
61.165.42.208 - - [12/Jun/2021:11:12:24 +0800] "GET /xingrg/kc/buy/cgsh_order_operate.html?command=get_materiel&rest_code=00105&code=00102026001&supplier_code=00100313&order_time=2021-06-12 HTTP/1.1" 200 408
117.185.32.26 - - [12/Jun/2021:11:12:30 +0800] "GET /xingrg/kc/buy/cgsh_order_add.html HTTP/1.1" 200 62517
117.185.32.26 - - [12/Jun/2021:11:12:30 +0800] "POST /xingrg/kc/buy/cgsh_order_operate.html HTTP/1.1" 200 8245
117.185.32.26 - - [12/Jun/2021:11:12:30 +0800] "GET /xingrg/javascript/easyui/themes/default/validatebox.css HTTP/1.1" 404 1104
116.230.117.165 - - [12/Jun/2021:11:12:31 +0800] "GET /xingrg/kc/buy/cgsh_order_operate.html?command=get_materiel&rest_code=00146&code=00101010136&supplier_code=00100033&order_time=2021-06-12 HTTP/1.1" 200 408
117.185.32.26 - - [12/Jun/2021:11:12:32 +0800] "GET /xingrg/javascript/easyui/themes/default/tree.css HTTP/1.1" 404 1090
117.185.32.26 - - [12/Jun/2021:11:12:32 +0800] "POST /xingrg/all/common/load_tree.html?tree=supplier_tree_json&isDelete=1 HTTP/1.1" 200 56142
61.165.42.208 - - [12/Jun/2021:11:12:35 +0800] "GET /xingrg/all/function/internal_message.html?_=1623467530384&CODE_STATE=getMsg HTTP/1.1" 200 27
117.185.32.26 - - [12/Jun/2021:11:12:38 +0800] "GET /xingrg/all/function/internal_message.html?_=1623468091283&CODE_STATE=getMsg HTTP/1.1" 200 27
180.169.147.146 - - [12/Jun/2021:11:12:40 +0800] "GET /xingrg/all/function/internal_message.html?_=1623467560434&CODE_STATE=getMsg HTTP/1.1" 302 -
101.85.94.178 - - [12/Jun/2021:11:12:40 +0800] "GET /xingrg/check_reg.html?_=1623467017963 HTTP/1.1" 200 22
114.83.223.149 - - [12/Jun/2021:11:12:47 +0800] "GET /xingrg/all/function/internal_message.html?_=1623467567050&CODE_STATE=getMsg HTTP/1.1" 200 27
180.161.111.4 - - [12/Jun/2021:11:12:48 +0800] "POST /xingrg/services/DataTransmitService HTTP/1.1" 200 524
180.161.111.4 - - [12/Jun/2021:11:12:49 +0800] "POST /xingrg/services/DataTransmitService HTTP/1.1" 200 501
61.165.42.208 - - [12/Jun/2021:11:12:49 +0800] "GET /xingrg/kc/buy/cgsh_order_operate.html?command=get_materiel&rest_code=00105&code=00101002058&supplier_code=00100313&order_time=2021-06-12 HTTP/1.1" 200 396
116.230.117.165 - - [12/Jun/2021:11:12:50 +0800] "GET /xingrg/kc/buy/cgsh_order_operate.html?command=get_materiel&rest_code=00146&code=00101010384&supplier_code=00100033&order_time=2021-06-12 HTTP/1.1" 200 394
117.185.32.26 - - [12/Jun/2021:11:12:53 +0800] "GET /xingrg/kc/buy/cgsh_order_operate.html?command=get_materiel&rest_code=00106&code=00101007173&supplier_code=00100343&order_time=2021-06-12 HTTP/1.1" 200 397
120.253.135.82 - - [12/Jun/2021:11:12:54 +0800] "GET /xingrg/all/function/internal_message.html?_=1623467599717&CODE_STATE=getMsg HTTP/1.1" 200 27
116.235.222.38 - - [12/Jun/2021:11:12:56 +0800] "GET /xingrg/check_reg.html?_=1623467567441 HTTP/1.1" 200 22
116.235.222.38 - - [12/Jun/2021:11:12:57 +0800] "GET /xingrg/all/function/internal_message.html?_=1623467567984&CODE_STATE=getMsg HTTP/1.1" 200 27
61.165.42.208 - - [12/Jun/2021:11:12:58 +0800] "GET /xingrg/all/function/internal_message.html?_=1623467578077&CODE_STATE=getMsg HTTP/1.1" 200 27
58.37.225.51 - - [12/Jun/2021:11:12:59 +0800] "GET /xingrg/all/function/internal_message.html?_=1623467517603&CODE_STATE=getMsg HTTP/1.1" 200 27
61.165.42.208 - - [12/Jun/2021:11:12:59 +0800] "GET /xingrg/kc/buy/cgsh_order_operate.html?command=get_materiel&rest_code=00105&code=00101001106&supplier_code=00100313&order_time=2021-06-12 HTTP/1.1" 200 417
116.230.110.80 - - [12/Jun/2021:11:13:01 +0800] "GET /xingrg/all/function/internal_message.html?_=1623467557859&CODE_STATE=getMsg HTTP/1.1" 200 27
116.230.117.165 - - [12/Jun/2021:11:13:09 +0800] "GET /xingrg/all/function/internal_message.html?_=1623467610105&CODE_STATE=getMsg HTTP/1.1" 200 27
222.70.177.90 - - [12/Jun/2021:11:13:17 +0800] "GET /xingrg/all/function/internal_message.html?_=1623467592064&CODE_STATE=getMsg HTTP/1.1" 200 27
117.185.32.26 - - [12/Jun/2021:11:13:18 +0800] "POST /xingrg/kc/buy/cgsh_order_operate.html HTTP/1.1" 200 37
116.230.117.165 - - [12/Jun/2021:11:13:19 +0800] "GET /xingrg/kc/buy/cgsh_order_operate.html?command=get_materiel&rest_code=00146&code=00101012024&supplier_code=00100033&order_time=2021-06-12 HTTP/1.1" 200 408
117.185.32.26 - - [12/Jun/2021:11:13:20 +0800] "POST /xingrg/kc/buy/cgsh_order_operate.html HTTP/1.1" 200 12
117.185.32.26 - - [12/Jun/2021:11:13:21 +0800] "GET /xingrg/kc/buy/cgsh_order_info.html?code=212021061205395 HTTP/1.1" 200 57429
117.185.32.26 - - [12/Jun/2021:11:13:21 +0800] "GET /xingrg/javascript/easyui/themes/default/validatebox.css HTTP/1.1" 404 1104
117.185.32.26 - - [12/Jun/2021:11:13:22 +0800] "POST /xingrg/kc/buy/cgsh_order_operate.html HTTP/1.1" 200 605
116.224.253.72 - - [12/Jun/2021:11:13:24 +0800] "GET /xingrg/all/function/internal_message.html?_=1623467598042&CODE_STATE=getMsg HTTP/1.1" 200 27
117.185.32.26 - - [12/Jun/2021:11:13:24 +0800] "GET /xingrg/kc/print/load_data.html?order_code=212021061205395&kc_code=cgsh&condition= HTTP/1.1" 200 703
61.165.42.208 - - [12/Jun/2021:11:13:28 +0800] "GET /xingrg/kc/buy/cgsh_order_operate.html?command=get_materiel&rest_code=00105&code=00101004023&supplier_code=00100313&order_time=2021-06-12 HTTP/1.1" 200 409
117.185.32.26 - - [12/Jun/2021:11:13:33 +0800] "GET /xingrg/kc/buy/cgsh_order_add.html HTTP/1.1" 200 62517
117.185.32.26 - - [12/Jun/2021:11:13:33 +0800] "POST /xingrg/kc/buy/cgsh_order_operate.html HTTP/1.1" 200 8245
117.185.32.26 - - [12/Jun/2021:11:13:33 +0800] "GET /xingrg/javascript/easyui/themes/default/validatebox.css HTTP/1.1" 404 1104
117.185.32.26 - - [12/Jun/2021:11:13:34 +0800] "GET /xingrg/javascript/easyui/themes/default/tree.css HTTP/1.1" 404 1090
61.165.42.208 - - [12/Jun/2021:11:13:35 +0800] "GET /xingrg/check_reg.html?_=1623467590410 HTTP/1.1" 200 22
61.165.42.208 - - [12/Jun/2021:11:13:35 +0800] "GET /xingrg/all/function/internal_message.html?_=1623467590412&CODE_STATE=getMsg HTTP/1.1" 200 27
117.185.32.26 - - [12/Jun/2021:11:13:35 +0800] "POST /xingrg/all/common/load_tree.html?tree=supplier_tree_json&isDelete=1 HTTP/1.1" 200 56142
116.230.110.80 - - [12/Jun/2021:11:13:36 +0800] "GET /xingrg/kc/report/report_main.html HTTP/1.1" 200 7345
116.230.110.80 - - [12/Jun/2021:11:13:37 +0800] "GET /xingrg/all/report/report_query.html?fileName=kc/buy/gys_amount.xml&rh=99999 HTTP/1.1" 200 52006
116.230.110.80 - - [12/Jun/2021:11:13:38 +0800] "GET /xingrg/dwr/interface/AjaxReportQueryService.js HTTP/1.1" 200 13203
116.230.110.80 - - [12/Jun/2021:11:13:38 +0800] "GET /xingrg/dwr/engine.js HTTP/1.1" 200 43631
116.230.110.80 - - [12/Jun/2021:11:13:38 +0800] "POST /xingrg/dwr/call/plaincall/AjaxReportQueryService.getFixDate.dwr HTTP/1.1" 200 111
116.230.110.80 - - [12/Jun/2021:11:13:38 +0800] "POST /xingrg/all/common/load_tree.html?tree=supplier_tree_json&manage=1 HTTP/1.1" 200 56999
117.185.32.26 - - [12/Jun/2021:11:13:38 +0800] "GET /xingrg/all/function/internal_message.html?_=1623468151260&CODE_STATE=getMsg HTTP/1.1" 200 27
117.185.32.26 - - [12/Jun/2021:11:13:38 +0800] "GET /xingrg/check_reg.html?_=1623468151404 HTTP/1.1" 200 22
116.230.110.80 - - [12/Jun/2021:11:13:39 +0800] "POST /xingrg/all/common/load_tree.html?tree=materiel_sort_tree_json HTTP/1.1" 200 8666
116.230.110.80 - - [12/Jun/2021:11:13:39 +0800] "POST /xingrg/dwr/call/plaincall/AjaxReportQueryService.getInitString.dwr HTTP/1.1" 200 954
180.169.147.146 - - [12/Jun/2021:11:13:40 +0800] "GET /xingrg/all/function/internal_message.html?_=1623467620437&CODE_STATE=getMsg HTTP/1.1" 302 -
61.165.42.208 - - [12/Jun/2021:11:13:46 +0800] "GET /xingrg/kc/buy/cgsh_order_operate.html?command=get_materiel&rest_code=00105&code=00101019055&supplier_code=00100313&order_time=2021-06-12 HTTP/1.1" 200 409
114.83.223.149 - - [12/Jun/2021:11:13:47 +0800] "GET /xingrg/all/function/internal_message.html?_=1623467627019&CODE_STATE=getMsg HTTP/1.1" 200 27
116.230.117.165 - - [12/Jun/2021:11:13:48 +0800] "GET /xingrg/kc/buy/cgsh_order_operate.html?command=get_materiel&rest_code=00146&code=00101011010&supplier_code=00100033&order_time=2021-06-12 HTTP/1.1" 200 418
117.185.32.26 - - [12/Jun/2021:11:13:50 +0800] "GET /xingrg/kc/buy/cgsh_order_operate.html?command=get_materiel&rest_code=00106&code=00101001145&supplier_code=00100314&order_time=2021-06-12 HTTP/1.1" 200 413
120.253.135.82 - - [12/Jun/2021:11:13:54 +0800] "GET /xingrg/all/function/internal_message.html?_=1623467659731&CODE_STATE=getMsg HTTP/1.1" 200 27
116.235.222.38 - - [12/Jun/2021:11:13:57 +0800] "GET /xingrg/all/function/internal_message.html?_=1623467627963&CODE_STATE=getMsg HTTP/1.1" 200 27
61.165.42.208 - - [12/Jun/2021:11:13:58 +0800] "GET /xingrg/all/function/internal_message.html?_=1623467638103&CODE_STATE=getMsg HTTP/1.1" 200 27
58.37.225.51 - - [12/Jun/2021:11:13:59 +0800] "GET /xingrg/check_reg.html?_=1623467577601 HTTP/1.1" 200 22
58.37.225.51 - - [12/Jun/2021:11:13:59 +0800] "GET /xingrg/all/function/internal_message.html?_=1623467577603&CODE_STATE=getMsg HTTP/1.1" 200 27
116.230.110.80 - - [12/Jun/2021:11:14:01 +0800] "POST /xingrg/dwr/call/plaincall/AjaxReportQueryService.refreshCache.dwr HTTP/1.1" 200 78
116.230.110.80 - - [12/Jun/2021:11:14:01 +0800] "GET /xingrg/all/function/internal_message.html?_=1623467617845&CODE_STATE=getMsg HTTP/1.1" 200 27
116.230.117.165 - - [12/Jun/2021:11:14:02 +0800] "POST /xingrg/kc/buy/cgsh_order_operate.html HTTP/1.1" 200 37
116.230.110.80 - - [12/Jun/2021:11:14:02 +0800] "POST /xingrg/all/report/load_report_page.html HTTP/1.1" 200 8932
116.230.110.80 - - [12/Jun/2021:11:14:02 +0800] "GET /xingrg/servlets/image?cache=0.2983899722841571&image=px HTTP/1.1" 200 807
116.230.117.165 - - [12/Jun/2021:11:14:04 +0800] "POST /xingrg/kc/buy/cgsh_order_operate.html HTTP/1.1" 200 8597
116.230.110.80 - - [12/Jun/2021:11:14:04 +0800] "GET /xingrg/all/report/report_query.html?isQuery=1&fileName=kc/buy/wlcg_cate_hz.xml&queryString=(CONVERT(char(10)%252Ca.order_time%252C%2520120)%253E%253D'2021-01-01')%2520and%2520(CONVERT(char(10)%252Ca.order_time%252C%2520120)%253C%253D'2021-04-30')%2520and%2520(a.supplier_code%2520in%2520('00100073'))%2520and%2520(a.number%253E0%2520and%2520a.supplier_code%253D'00100073')&queryText=%25E3%2580%2590%25E9%2587%2587%25E8%25B4%25AD%25E6%2597%25A5%25E6%259C%259F%253A2021-01-01%2520%25E8%2587%25B3%25202021-04-30%25E3%2580%2591%2520%25E5%25B9%25B6%25E4%25B8%2594%2520%2520%25E3%2580%2590%25E4%25BE%259B%25E5%25BA%2594%25E5%2595%2586%2520%253D%2520%25E7%25BA%25A2%25E8%259C%2598%25E8%259B%259B%25EF%25BC%2588%25E5%2591%25A8%25E8%25BE%2589%25E8%258B%25B1%25EF%25BC%2589%25E3%2580%2591%2520%25E5%25B9%25B6%25E4%25B8%2594%2520%25E3%2580%2590%25E4%25BE%259B%25E5%25BA%2594%25E5%2595%2586%253D%25E7%25BA%25A2%25E8%259C%2598%25E8%259B%259B%25EF%25BC%2588%25E5%2591%25A8%25E8%25BE%2589%25E8%258B%25B1%25EF%25BC%2589%25E3%2580%2591 HTTP/1.1" 200 54488
116.230.110.80 - - [12/Jun/2021:11:14:04 +0800] "GET /xingrg/dwr/interface/AjaxReportQueryService.js HTTP/1.1" 200 13203
116.230.110.80 - - [12/Jun/2021:11:14:04 +0800] "GET /xingrg/dwr/engine.js HTTP/1.1" 200 43631
116.230.110.80 - - [12/Jun/2021:11:14:05 +0800] "POST /xingrg/all/report/load_report_page.html HTTP/1.1" 200 8714
116.230.110.80 - - [12/Jun/2021:11:14:05 +0800] "GET /xingrg/servlets/image?cache=0.4505819196093944&image=px HTTP/1.1" 200 807
117.185.32.26 - - [12/Jun/2021:11:14:06 +0800] "POST /xingrg/kc/buy/cgsh_order_operate.html HTTP/1.1" 200 37
116.230.110.80 - - [12/Jun/2021:11:14:07 +0800] "POST /xingrg/all/report/load_report_page.html HTTP/1.1" 200 57028
116.230.110.80 - - [12/Jun/2021:11:14:07 +0800] "GET /xingrg/servlets/image?cache=0.2084152774605943&image=px HTTP/1.1" 200 807
116.230.117.165 - - [12/Jun/2021:11:14:07 +0800] "GET /xingrg/kc/print/load_data.html?order_code=212021061205396&kc_code=cgsh&condition= HTTP/1.1" 200 2968
116.230.117.165 - - [12/Jun/2021:11:14:09 +0800] "GET /xingrg/all/function/internal_message.html?_=1623467670118&CODE_STATE=getMsg HTTP/1.1" 200 27
117.185.32.26 - - [12/Jun/2021:11:14:09 +0800] "POST /xingrg/kc/buy/cgsh_order_operate.html HTTP/1.1" 200 12
116.230.110.80 - - [12/Jun/2021:11:14:09 +0800] "POST /xingrg/all/report/report_print.html HTTP/1.1" 302 -
116.230.110.80 - - [12/Jun/2021:11:14:09 +0800] "GET /xingrg/servlets/html?sysBaseUrl=http%3A%2F%2F180.169.147.146%3A18081%2Fxingrg%2F&costTime=568×tamp=1623467649519 HTTP/1.1" 200 55557
116.230.110.80 - - [12/Jun/2021:11:14:09 +0800] "GET /xingrg/servlets/image?image=px HTTP/1.1" 200 807
116.230.110.80 - - [12/Jun/2021:11:14:09 +0800] "GET /favicon.ico HTTP/1.1" 404 -
117.185.32.26 - - [12/Jun/2021:11:14:10 +0800] "GET /xingrg/kc/buy/cgsh_order_info.html?code=212021061205397 HTTP/1.1" 200 57427
117.185.32.26 - - [12/Jun/2021:11:14:10 +0800] "GET /xingrg/javascript/easyui/themes/default/validatebox.css HTTP/1.1" 404 1104
117.185.32.26 - - [12/Jun/2021:11:14:10 +0800] "POST /xingrg/kc/buy/cgsh_order_operate.html HTTP/1.1" 200 612
180.169.147.146 - - [12/Jun/2021:11:14:11 +0800] "GET /xingrg/check_reg.html?_=1623467650513 HTTP/1.1" 302 -
117.185.32.26 - - [12/Jun/2021:11:14:12 +0800] "GET /xingrg/kc/print/load_data.html?order_code=212021061205397&kc_code=cgsh&condition= HTTP/1.1" 200 705
61.165.42.208 - - [12/Jun/2021:11:14:14 +0800] "POST /xingrg/kc/buy/cgsh_order_operate.html HTTP/1.1" 200 37
61.165.42.208 - - [12/Jun/2021:11:14:16 +0800] "POST /xingrg/kc/buy/cgsh_order_operate.html HTTP/1.1" 200 9199
222.70.177.90 - - [12/Jun/2021:11:14:17 +0800] "GET /xingrg/all/function/internal_message.html?_=1623467652065&CODE_STATE=getMsg HTTP/1.1" 200 27
180.169.147.146 - - [12/Jun/2021:11:14:17 +0800] "GET /xingrg/check_reg.html?_=1623467656694 HTTP/1.1" 302 -
61.165.42.208 - - [12/Jun/2021:11:14:20 +0800] "GET /xingrg/kc/print/load_data.html?order_code=212021061205398&kc_code=cgsh&condition= HTTP/1.1" 200 3155
116.224.253.72 - - [12/Jun/2021:11:14:24 +0800] "GET /xingrg/all/function/internal_message.html?_=1623467658056&CODE_STATE=getMsg HTTP/1.1" 200 27
117.185.32.26 - - [12/Jun/2021:11:14:24 +0800] "GET /xingrg/kc/buy/cgsh_order_add.html HTTP/1.1" 200 62517
117.185.32.26 - - [12/Jun/2021:11:14:24 +0800] "POST /xingrg/kc/buy/cgsh_order_operate.html HTTP/1.1" 200 8245
117.185.32.26 - - [12/Jun/2021:11:14:24 +0800] "GET /xingrg/javascript/easyui/themes/default/validatebox.css HTTP/1.1" 404 1104
117.185.32.26 - - [12/Jun/2021:11:14:26 +0800] "GET /xingrg/javascript/easyui/themes/default/tree.css HTTP/1.1" 404 1090
117.185.32.26 - - [12/Jun/2021:11:14:26 +0800] "POST /xingrg/all/common/load_tree.html?tree=supplier_tree_json&isDelete=1 HTTP/1.1" 200 56142
116.230.110.80 - - [12/Jun/2021:11:14:34 +0800] "GET /xingrg/kc/buy/cgsh_order_list.html HTTP/1.1" 200 46785
61.165.42.208 - - [12/Jun/2021:11:14:35 +0800] "GET /xingrg/all/function/internal_message.html?_=1623467650412&CODE_STATE=getMsg HTTP/1.1" 200 27
116.235.222.38 - - [12/Jun/2021:11:14:37 +0800] "POST /xingrg/kc/buy/cgsh_order_operate.html HTTP/1.1" 200 37
116.230.117.165 - - [12/Jun/2021:11:14:38 +0800] "GET /xingrg/kc/buy/cgsh_order_add.html HTTP/1.1" 200 62523
61.165.42.208 - - [12/Jun/2021:11:14:38 +0800] "GET /xingrg/kc/buy/cgsh_order_add.html HTTP/1.1" 200 62564
117.185.32.26 - - [12/Jun/2021:11:14:38 +0800] "GET /xingrg/all/function/internal_message.html?_=1623468211236&CODE_STATE=getMsg HTTP/1.1" 200 27
61.165.42.208 - - [12/Jun/2021:11:14:38 +0800] "GET /xingrg/javascript/easyui/themes/default/validatebox.css HTTP/1.1" 404 1104
61.165.42.208 - - [12/Jun/2021:11:14:38 +0800] "POST /xingrg/kc/buy/cgsh_order_operate.html HTTP/1.1" 200 8245
116.230.117.165 - - [12/Jun/2021:11:14:39 +0800] "POST /xingrg/kc/buy/cgsh_order_operate.html HTTP/1.1" 200 8245
116.230.117.165 - - [12/Jun/2021:11:14:39 +0800] "GET /xingrg/javascript/easyui/themes/default/validatebox.css HTTP/1.1" 404 1104
116.235.222.38 - - [12/Jun/2021:11:14:39 +0800] "POST /xingrg/kc/buy/cgsh_order_operate.html HTTP/1.1" 200 52892
180.169.147.146 - - [12/Jun/2021:11:14:40 +0800] "GET /xingrg/all/function/internal_message.html?_=1623467680442&CODE_STATE=getMsg HTTP/1.1" 302 -
116.235.222.38 - - [12/Jun/2021:11:14:41 +0800] "GET /xingrg/kc/print/load_data.html?order_code=212021061205341&kc_code=cgsh&condition= HTTP/1.1" 200 19634
117.185.32.26 - - [12/Jun/2021:11:14:44 +0800] "GET /xingrg/kc/buy/cgsh_order_operate.html?command=get_materiel&rest_code=00106&code=00101007032&supplier_code=00100328&order_time=2021-06-12 HTTP/1.1" 200 413
114.83.223.149 - - [12/Jun/2021:11:14:47 +0800] "GET /xingrg/all/function/internal_message.html?_=1623467687000&CODE_STATE=getMsg HTTP/1.1" 200 27
116.230.110.80 - - [12/Jun/2021:11:14:50 +0800] "POST /xingrg/kc/buy/cgsh_list_operate.html HTTP/1.1" 200 7492
116.230.117.165 - - [12/Jun/2021:11:14:50 +0800] "GET /xingrg/check_reg.html?_=1623467711508 HTTP/1.1" 200 22
61.165.42.208 - - [12/Jun/2021:11:14:54 +0800] "GET /xingrg/kc/buy/cgsh_order_operate.html?command=get_materiel&rest_code=00105&code=00102002167&supplier_code=00100347&order_time=2021-06-12 HTTP/1.1" 200 409
120.253.135.82 - - [12/Jun/2021:11:14:54 +0800] "GET /xingrg/all/function/internal_message.html?_=1623467719753&CODE_STATE=getMsg HTTP/1.1" 200 27
116.235.222.38 - - [12/Jun/2021:11:14:57 +0800] "GET /xingrg/all/function/internal_message.html?_=1623467687960&CODE_STATE=getMsg HTTP/1.1" 200 27
61.165.42.208 - - [12/Jun/2021:11:14:58 +0800] "GET /xingrg/all/function/internal_message.html?_=1623467698084&CODE_STATE=getMsg HTTP/1.1" 200 27
61.165.42.208 - - [12/Jun/2021:11:14:58 +0800] "GET /xingrg/check_reg.html?_=1623467698257 HTTP/1.1" 200 22
58.37.225.51 - - [12/Jun/2021:11:14:59 +0800] "GET /xingrg/all/function/internal_message.html?_=1623467637600&CODE_STATE=getMsg HTTP/1.1" 200 27
116.230.110.80 - - [12/Jun/2021:11:15:01 +0800] "GET /xingrg/check_reg.html?_=1623467677856 HTTP/1.1" 200 22
116.230.110.80 - - [12/Jun/2021:11:15:01 +0800] "GET /xingrg/all/function/internal_message.html?_=1623467677860&CODE_STATE=getMsg HTTP/1.1" 200 27
101.85.94.178 - - [12/Jun/2021:11:15:02 +0800] "POST /xingrg/kc/base/stock_operate.html HTTP/1.1" 200 4071
61.165.42.208 - - [12/Jun/2021:11:15:02 +0800] "GET /xingrg/kc/buy/cgsh_order_operate.html?command=get_materiel&rest_code=00105&code=00102002326&supplier_code=00100347&order_time=2021-06-12 HTTP/1.1" 200 412
116.230.117.165 - - [12/Jun/2021:11:15:04 +0800] "GET /xingrg/kc/buy/cgsh_order_operate.html?command=get_materiel&rest_code=00146&code=00101006130&supplier_code=00100012&order_time=2021-06-12 HTTP/1.1" 200 427
116.230.117.165 - - [12/Jun/2021:11:15:09 +0800] "GET /xingrg/all/function/internal_message.html?_=1623467730132&CODE_STATE=getMsg HTTP/1.1" 200 27
61.165.42.208 - - [12/Jun/2021:11:15:13 +0800] "GET /xingrg/kc/buy/cgsh_order_operate.html?command=get_materiel&rest_code=00105&code=00101006266&supplier_code=00100347&order_time=2021-06-12 HTTP/1.1" 200 407
222.70.177.90 - - [12/Jun/2021:11:15:17 +0800] "GET /xingrg/all/function/internal_message.html?_=1623467712066&CODE_STATE=getMsg HTTP/1.1" 200 27
101.85.94.178 - - [12/Jun/2021:11:15:17 +0800] "POST /xingrg/kc/base/stock_operate.html HTTP/1.1" 200 3466
117.185.32.26 - - [12/Jun/2021:11:15:20 +0800] "POST /xingrg/kc/buy/cgsh_order_operate.html HTTP/1.1" 200 37
116.230.117.165 - - [12/Jun/2021:11:15:21 +0800] "GET /xingrg/kc/buy/cgsh_order_operate.html?command=get_materiel&rest_code=00146&code=00101006177&supplier_code=00100012&order_time=2021-06-12 HTTP/1.1" 200 409
116.224.253.72 - - [12/Jun/2021:11:15:24 +0800] "GET /xingrg/all/function/internal_message.html?_=1623467718175&CODE_STATE=getMsg HTTP/1.1" 200 27
117.185.32.26 - - [12/Jun/2021:11:15:26 +0800] "POST /xingrg/kc/buy/cgsh_order_operate.html HTTP/1.1" 200 12
117.185.32.26 - - [12/Jun/2021:11:15:27 +0800] "GET /xingrg/kc/buy/cgsh_order_info.html?code=212021061205399 HTTP/1.1" 200 57429
117.185.32.26 - - [12/Jun/2021:11:15:27 +0800] "GET /xingrg/javascript/easyui/themes/default/validatebox.css HTTP/1.1" 404 1104
117.185.32.26 - - [12/Jun/2021:11:15:28 +0800] "POST /xingrg/kc/buy/cgsh_order_operate.html HTTP/1.1" 200 1200
117.185.32.26 - - [12/Jun/2021:11:15:30 +0800] "GET /xingrg/kc/print/load_data.html?order_code=212021061205399&kc_code=cgsh&condition= HTTP/1.1" 200 931
61.165.42.208 - - [12/Jun/2021:11:15:35 +0800] "GET /xingrg/all/function/internal_message.html?_=1623467710412&CODE_STATE=getMsg HTTP/1.1" 200 27
180.169.147.146 - - [12/Jun/2021:11:15:36 +0800] "GET /favicon.ico HTTP/1.1" 404 -
116.230.117.165 - - [12/Jun/2021:11:15:36 +0800] "GET /xingrg/kc/buy/cgsh_order_operate.html?command=get_materiel&rest_code=00146&code=00101006109&supplier_code=00100012&order_time=2021-06-12 HTTP/1.1" 200 409
117.185.32.26 - - [12/Jun/2021:11:15:38 +0800] "GET /xingrg/all/function/internal_message.html?_=1623468271227&CODE_STATE=getMsg HTTP/1.1" 200 27
180.169.147.146 - - [12/Jun/2021:11:15:40 +0800] "GET /xingrg/check_reg.html?_=1623467740432 HTTP/1.1" 302 -
180.169.147.146 - - [12/Jun/2021:11:15:40 +0800] "GET /xingrg/all/function/internal_message.html?_=1623467740440&CODE_STATE=getMsg HTTP/1.1" 302 -
117.185.32.26 - - [12/Jun/2021:11:15:40 +0800] "GET /xingrg/kc/buy/cgsh_order_add.html HTTP/1.1" 200 62517
117.185.32.26 - - [12/Jun/2021:11:15:41 +0800] "POST /xingrg/kc/buy/cgsh_order_operate.html HTTP/1.1" 200 8245
117.185.32.26 - - [12/Jun/2021:11:15:41 +0800] "GET /xingrg/javascript/easyui/themes/default/validatebox.css HTTP/1.1" 404 1104
117.185.32.26 - - [12/Jun/2021:11:15:42 +0800] "GET /xingrg/javascript/easyui/themes/default/tree.css HTTP/1.1" 404 1090
117.185.32.26 - - [12/Jun/2021:11:15:42 +0800] "POST /xingrg/all/common/load_tree.html?tree=supplier_tree_json&isDelete=1 HTTP/1.1" 200 56142
61.165.42.208 - - [12/Jun/2021:11:15:44 +0800] "GET /xingrg/kc/buy/cgsh_order_operate.html?command=get_materiel&rest_code=00105&code=00101012106&supplier_code=00100347&order_time=2021-06-12 HTTP/1.1" 200 396
114.83.223.149 - - [12/Jun/2021:11:15:47 +0800] "GET /xingrg/all/function/internal_message.html?_=1623467746977&CODE_STATE=getMsg HTTP/1.1" 200 27
120.253.135.82 - - [12/Jun/2021:11:15:54 +0800] "GET /xingrg/all/function/internal_message.html?_=1623467779758&CODE_STATE=getMsg HTTP/1.1" 200 27
116.235.222.38 - - [12/Jun/2021:11:15:57 +0800] "GET /xingrg/all/function/internal_message.html?_=1623467747942&CODE_STATE=getMsg HTTP/1.1" 200 27
61.165.42.208 - - [12/Jun/2021:11:15:58 +0800] "GET /xingrg/all/function/internal_message.html?_=1623467758056&CODE_STATE=getMsg HTTP/1.1" 200 27
58.37.225.51 - - [12/Jun/2021:11:15:59 +0800] "GET /xingrg/all/function/internal_message.html?_=1623467697600&CODE_STATE=getMsg HTTP/1.1" 200 27
116.230.117.165 - - [12/Jun/2021:11:16:00 +0800] "GET /xingrg/kc/buy/cgsh_order_operate.html?command=get_materiel&rest_code=00146&code=00101006111&supplier_code=00100012&order_time=2021-06-12 HTTP/1.1" 200 409
116.230.110.80 - - [12/Jun/2021:11:16:01 +0800] "GET /xingrg/all/function/internal_message.html?_=1623467737854&CODE_STATE=getMsg HTTP/1.1" 200 27
116.230.110.80 - - [12/Jun/2021:11:16:02 +0800] "POST /xingrg/kc/buy/cgsh_list_operate.html HTTP/1.1" 200 569
116.230.110.80 - - [12/Jun/2021:11:16:03 +0800] "GET /xingrg/kc/buy/cgsh_order_info.html?code=212021061205304 HTTP/1.1" 200 62494
116.230.110.80 - - [12/Jun/2021:11:16:03 +0800] "GET /xingrg/javascript/easyui/themes/default/validatebox.css HTTP/1.1" 404 1104
