222.70.177.90 - - [12/Jun/2021:10:01:42 +0800] "POST /xingrg/kc/buy/cgsh_order_operate.html HTTP/1.1" 200 2065
114.83.223.149 - - [12/Jun/2021:10:01:48 +0800] "GET /xingrg/all/function/internal_message.html?_=1623463308115&CODE_STATE=getMsg HTTP/1.1" 200 27
114.83.223.149 - - [12/Jun/2021:10:01:49 +0800] "GET /xingrg/check_reg.html?_=1623463309025 HTTP/1.1" 200 22
222.70.177.90 - - [12/Jun/2021:10:01:58 +0800] "GET /xingrg/all/function/internal_message.html?_=1623463313359&CODE_STATE=getMsg HTTP/1.1" 200 27
61.165.42.208 - - [12/Jun/2021:10:01:58 +0800] "GET /xingrg/all/function/internal_message.html?_=1623463318081&CODE_STATE=getMsg HTTP/1.1" 200 27
116.230.117.165 - - [12/Jun/2021:10:02:04 +0800] "GET /xingrg/all/function/internal_message.html?_=1623463344917&CODE_STATE=getMsg HTTP/1.1" 200 27
222.70.177.90 - - [12/Jun/2021:10:02:08 +0800] "GET /xingrg/kc/buy/cgsh_order_operate.html?command=get_materiel&rest_code=00111&code=00101008264&supplier_code=00100005&order_time=2021-06-12 HTTP/1.1" 200 412
116.230.110.80 - - [12/Jun/2021:10:02:12 +0800] "GET /xingrg/kc/buy/cgsh_order_operate.html?command=get_materiel&rest_code=00155&code=00101007061&supplier_code=00100002&order_time=2021-06-12 HTTP/1.1" 200 409
116.224.253.72 - - [12/Jun/2021:10:02:13 +0800] "GET /xingrg/check_reg.html?_=1623463326922 HTTP/1.1" 200 22
222.70.177.90 - - [12/Jun/2021:10:02:17 +0800] "GET /xingrg/kc/buy/cgsh_order_operate.html?command=get_materiel&rest_code=00111&code=00101009030&supplier_code=00100005&order_time=2021-06-12 HTTP/1.1" 200 412
58.221.95.50 - - [12/Jun/2021:10:02:17 +0800] "GET /xingrg/check_reg.html?_=1623463337534 HTTP/1.1" 302 -
117.143.51.107 - - [12/Jun/2021:10:02:19 +0800] "GET /xingrg/all/function/internal_message.html?_=1623463192408&CODE_STATE=getMsg HTTP/1.1" 200 27
116.230.110.80 - - [12/Jun/2021:10:02:20 +0800] "GET /xingrg/kc/buy/cgsh_order_operate.html?command=get_materiel&rest_code=00155&code=00101007091&supplier_code=00100002&order_time=2021-06-12 HTTP/1.1" 200 413
116.230.110.80 - - [12/Jun/2021:10:02:24 +0800] "GET /xingrg/all/function/internal_message.html?_=1623463321569&CODE_STATE=getMsg HTTP/1.1" 200 27
116.230.110.80 - - [12/Jun/2021:10:02:25 +0800] "GET /xingrg/kc/buy/cgsh_order_operate.html?command=get_materiel&rest_code=00155&code=00101007125&supplier_code=00100002&order_time=2021-06-12 HTTP/1.1" 200 406
101.85.94.178 - - [12/Jun/2021:10:02:33 +0800] "GET /xingrg/all/function/internal_message.html?_=1623462811154&CODE_STATE=getMsg HTTP/1.1" 200 27
116.230.110.80 - - [12/Jun/2021:10:02:33 +0800] "GET /xingrg/kc/buy/cgsh_order_operate.html?command=get_materiel&rest_code=00155&code=00101007072&supplier_code=00100002&order_time=2021-06-12 HTTP/1.1" 200 413
61.165.42.208 - - [12/Jun/2021:10:02:34 +0800] "GET /xingrg/all/function/internal_message.html?_=1623463330337&CODE_STATE=getMsg HTTP/1.1" 200 27
222.70.177.90 - - [12/Jun/2021:10:02:35 +0800] "POST /xingrg/kc/buy/cgsh_order_operate.html HTTP/1.1" 200 2065
180.161.111.4 - - [12/Jun/2021:10:02:36 +0800] "GET /xingrg/all/function/internal_message.html?_=1623463320629&CODE_STATE=getMsg HTTP/1.1" 200 27
116.224.253.72 - - [12/Jun/2021:10:02:37 +0800] "GET /xingrg/all/function/internal_message.html?_=1623463351212&CODE_STATE=getMsg HTTP/1.1" 200 27
117.185.32.26 - - [12/Jun/2021:10:02:38 +0800] "GET /xingrg/all/function/internal_message.html?_=1623463891061&CODE_STATE=getMsg HTTP/1.1" 200 27
116.230.110.80 - - [12/Jun/2021:10:02:38 +0800] "GET /xingrg/kc/buy/cgsh_order_operate.html?command=get_materiel&rest_code=00155&code=00101007077&supplier_code=00100002&order_time=2021-06-12 HTTP/1.1" 200 415
222.70.177.90 - - [12/Jun/2021:10:02:42 +0800] "GET /xingrg/kc/buy/cgsh_order_operate.html?command=get_materiel&rest_code=00111&code=00101008137&supplier_code=00100005&order_time=2021-06-12 HTTP/1.1" 200 408
114.83.223.149 - - [12/Jun/2021:10:02:48 +0800] "GET /xingrg/all/function/internal_message.html?_=1623463368088&CODE_STATE=getMsg HTTP/1.1" 200 27
116.230.110.80 - - [12/Jun/2021:10:02:50 +0800] "POST /xingrg/kc/buy/cgsh_order_operate.html HTTP/1.1" 200 37
116.230.110.80 - - [12/Jun/2021:10:02:53 +0800] "POST /xingrg/kc/buy/cgsh_order_operate.html HTTP/1.1" 200 5607
116.230.110.80 - - [12/Jun/2021:10:02:54 +0800] "GET /xingrg/kc/print/load_data.html?order_code=212021061205304&kc_code=cgsh&condition= HTTP/1.1" 200 1866
222.70.177.90 - - [12/Jun/2021:10:02:58 +0800] "GET /xingrg/all/function/internal_message.html?_=1623463373343&CODE_STATE=getMsg HTTP/1.1" 200 27
61.165.42.208 - - [12/Jun/2021:10:02:58 +0800] "GET /xingrg/all/function/internal_message.html?_=1623463378082&CODE_STATE=getMsg HTTP/1.1" 200 27
116.230.110.80 - - [12/Jun/2021:10:03:02 +0800] "GET /xingrg/kc/buy/cgsh_order_add.html HTTP/1.1" 200 62485
116.230.110.80 - - [12/Jun/2021:10:03:02 +0800] "GET /xingrg/words/20210612095602_words.js HTTP/1.1" 304 -
116.230.110.80 - - [12/Jun/2021:10:03:02 +0800] "POST /xingrg/kc/buy/cgsh_order_operate.html HTTP/1.1" 200 8245
116.230.110.80 - - [12/Jun/2021:10:03:02 +0800] "GET /xingrg/javascript/easyui/themes/default/validatebox.css HTTP/1.1" 404 1104
116.230.117.165 - - [12/Jun/2021:10:03:04 +0800] "GET /xingrg/all/function/internal_message.html?_=1623463404927&CODE_STATE=getMsg HTTP/1.1" 200 27
117.143.51.107 - - [12/Jun/2021:10:03:04 +0800] "GET /favicon.ico HTTP/1.1" 404 -
116.230.110.80 - - [12/Jun/2021:10:03:12 +0800] "GET /xingrg/kc/buy/cgsh_order_operate.html?command=get_materiel&rest_code=00155&code=00101006113&supplier_code=00100012&order_time=2021-06-12 HTTP/1.1" 200 413
117.143.51.107 - - [12/Jun/2021:10:03:19 +0800] "GET /xingrg/all/function/internal_message.html?_=1623463252394&CODE_STATE=getMsg HTTP/1.1" 200 27
222.70.177.90 - - [12/Jun/2021:10:03:22 +0800] "GET /xingrg/kc/buy/cgsh_order_operate.html?command=get_materiel&rest_code=00111&code=00101008360&supplier_code=00100005&order_time=2021-06-12 HTTP/1.1" 200 412
116.230.110.80 - - [12/Jun/2021:10:03:24 +0800] "GET /xingrg/kc/buy/cgsh_order_operate.html?command=get_materiel&rest_code=00155&code=00101006124&supplier_code=00100012&order_time=2021-06-12 HTTP/1.1" 200 409
116.230.110.80 - - [12/Jun/2021:10:03:24 +0800] "GET /xingrg/all/function/internal_message.html?_=1623463381583&CODE_STATE=getMsg HTTP/1.1" 200 27
101.85.94.178 - - [12/Jun/2021:10:03:33 +0800] "GET /xingrg/check_reg.html?_=1623462871153 HTTP/1.1" 200 22
101.85.94.178 - - [12/Jun/2021:10:03:33 +0800] "GET /xingrg/all/function/internal_message.html?_=1623462871152&CODE_STATE=getMsg HTTP/1.1" 200 27
116.230.110.80 - - [12/Jun/2021:10:03:33 +0800] "GET /xingrg/kc/buy/cgsh_order_operate.html?command=get_materiel&rest_code=00155&code=00101006065&supplier_code=00100012&order_time=2021-06-12 HTTP/1.1" 200 409
61.165.42.208 - - [12/Jun/2021:10:03:34 +0800] "GET /xingrg/check_reg.html?_=1623463390338 HTTP/1.1" 200 22
61.165.42.208 - - [12/Jun/2021:10:03:34 +0800] "GET /xingrg/all/function/internal_message.html?_=1623463390341&CODE_STATE=getMsg HTTP/1.1" 200 27
116.224.253.72 - - [12/Jun/2021:10:03:37 +0800] "GET /xingrg/all/function/internal_message.html?_=1623463411225&CODE_STATE=getMsg HTTP/1.1" 200 27
180.161.111.4 - - [12/Jun/2021:10:03:37 +0800] "GET /xingrg/all/function/internal_message.html?_=1623463381636&CODE_STATE=getMsg HTTP/1.1" 200 27
117.185.32.26 - - [12/Jun/2021:10:03:38 +0800] "GET /xingrg/check_reg.html?_=1623463951059 HTTP/1.1" 200 22
117.185.32.26 - - [12/Jun/2021:10:03:38 +0800] "GET /xingrg/all/function/internal_message.html?_=1623463951060&CODE_STATE=getMsg HTTP/1.1" 200 27
116.230.110.80 - - [12/Jun/2021:10:03:43 +0800] "GET /xingrg/kc/buy/cgsh_order_operate.html?command=get_materiel&rest_code=00155&code=00101006055&supplier_code=00100012&order_time=2021-06-12 HTTP/1.1" 200 409
114.83.223.149 - - [12/Jun/2021:10:03:48 +0800] "GET /xingrg/all/function/internal_message.html?_=1623463428077&CODE_STATE=getMsg HTTP/1.1" 200 27
116.230.110.80 - - [12/Jun/2021:10:03:50 +0800] "GET /xingrg/kc/buy/cgsh_order_operate.html?command=get_materiel&rest_code=00155&code=00101006111&supplier_code=00100012&order_time=2021-06-12 HTTP/1.1" 200 409
222.70.177.90 - - [12/Jun/2021:10:03:58 +0800] "GET /xingrg/all/function/internal_message.html?_=1623463433315&CODE_STATE=getMsg HTTP/1.1" 200 27
61.165.42.208 - - [12/Jun/2021:10:03:58 +0800] "GET /xingrg/all/function/internal_message.html?_=1623463438083&CODE_STATE=getMsg HTTP/1.1" 200 27
116.230.110.80 - - [12/Jun/2021:10:03:59 +0800] "POST /xingrg/kc/buy/cgsh_order_operate.html HTTP/1.1" 200 37
116.230.110.80 - - [12/Jun/2021:10:04:00 +0800] "POST /xingrg/kc/buy/cgsh_order_operate.html HTTP/1.1" 200 5010
116.230.110.80 - - [12/Jun/2021:10:04:01 +0800] "GET /xingrg/kc/print/load_data.html?order_code=212021061205305&kc_code=cgsh&condition= HTTP/1.1" 200 1657
116.230.117.165 - - [12/Jun/2021:10:04:04 +0800] "GET /xingrg/all/function/internal_message.html?_=1623463465111&CODE_STATE=getMsg HTTP/1.1" 200 27
116.230.110.80 - - [12/Jun/2021:10:04:06 +0800] "GET /xingrg/kc/buy/cgsh_order_add.html HTTP/1.1" 200 62485
116.230.110.80 - - [12/Jun/2021:10:04:06 +0800] "GET /xingrg/words/20210612095602_words.js HTTP/1.1" 304 -
116.230.110.80 - - [12/Jun/2021:10:04:06 +0800] "POST /xingrg/kc/buy/cgsh_order_operate.html HTTP/1.1" 200 8245
116.230.110.80 - - [12/Jun/2021:10:04:06 +0800] "GET /xingrg/javascript/easyui/themes/default/validatebox.css HTTP/1.1" 404 1104
116.230.110.80 - - [12/Jun/2021:10:04:13 +0800] "GET /xingrg/kc/buy/cgsh_order_operate.html?command=get_materiel&rest_code=00155&code=00101008155&supplier_code=00100005&order_time=2021-06-12 HTTP/1.1" 200 408
180.169.147.146 - - [12/Jun/2021:10:04:17 +0800] "GET /xingrg/check_reg.html?_=1623463456851 HTTP/1.1" 302 -
117.143.51.107 - - [12/Jun/2021:10:04:18 +0800] "GET /xingrg/check_reg.html?_=1623463311983 HTTP/1.1" 200 22
117.143.51.107 - - [12/Jun/2021:10:04:19 +0800] "GET /xingrg/all/function/internal_message.html?_=1623463312373&CODE_STATE=getMsg HTTP/1.1" 200 27
222.70.177.90 - - [12/Jun/2021:10:04:19 +0800] "GET /xingrg/kc/buy/cgsh_order_operate.html?command=get_materiel&rest_code=00111&code=00101008270&supplier_code=00100005&order_time=2021-06-12 HTTP/1.1" 200 412
116.230.110.80 - - [12/Jun/2021:10:04:19 +0800] "GET /xingrg/kc/buy/cgsh_order_operate.html?command=get_materiel&rest_code=00155&code=00101008358&supplier_code=00100005&order_time=2021-06-12 HTTP/1.1" 200 412
116.230.110.80 - - [12/Jun/2021:10:04:24 +0800] "GET /xingrg/kc/buy/cgsh_order_operate.html?command=get_materiel&rest_code=00155&code=00101008290&supplier_code=00100005&order_time=2021-06-12 HTTP/1.1" 200 416
116.230.110.80 - - [12/Jun/2021:10:04:24 +0800] "GET /xingrg/check_reg.html?_=1623463441565 HTTP/1.1" 200 22
116.230.110.80 - - [12/Jun/2021:10:04:24 +0800] "GET /xingrg/all/function/internal_message.html?_=1623463441569&CODE_STATE=getMsg HTTP/1.1" 200 27
116.230.110.80 - - [12/Jun/2021:10:04:29 +0800] "GET /xingrg/kc/buy/cgsh_order_operate.html?command=get_materiel&rest_code=00155&code=00101008003&supplier_code=00100005&order_time=2021-06-12 HTTP/1.1" 200 408
101.85.94.178 - - [12/Jun/2021:10:04:33 +0800] "GET /xingrg/all/function/internal_message.html?_=1623462931151&CODE_STATE=getMsg HTTP/1.1" 200 27
61.165.42.208 - - [12/Jun/2021:10:04:34 +0800] "GET /xingrg/all/function/internal_message.html?_=1623463450341&CODE_STATE=getMsg HTTP/1.1" 200 27
116.224.253.72 - - [12/Jun/2021:10:04:37 +0800] "GET /xingrg/all/function/internal_message.html?_=1623463471253&CODE_STATE=getMsg HTTP/1.1" 200 27
180.161.111.4 - - [12/Jun/2021:10:04:37 +0800] "GET /xingrg/all/function/internal_message.html?_=1623463441656&CODE_STATE=getMsg HTTP/1.1" 200 27
117.185.32.26 - - [12/Jun/2021:10:04:38 +0800] "GET /xingrg/all/function/internal_message.html?_=1623464011087&CODE_STATE=getMsg HTTP/1.1" 200 27
222.70.177.90 - - [12/Jun/2021:10:04:40 +0800] "GET /xingrg/kc/buy/cgsh_order_operate.html?command=get_materiel&rest_code=00111&code=00101008196&supplier_code=00100005&order_time=2021-06-12 HTTP/1.1" 200 416
116.230.110.80 - - [12/Jun/2021:10:04:43 +0800] "GET /xingrg/kc/buy/cgsh_order_operate.html?command=get_materiel&rest_code=00155&code=00101008087&supplier_code=00100005&order_time=2021-06-12 HTTP/1.1" 200 412
114.83.223.149 - - [12/Jun/2021:10:04:48 +0800] "GET /xingrg/all/function/internal_message.html?_=1623463488060&CODE_STATE=getMsg HTTP/1.1" 200 27
222.70.177.90 - - [12/Jun/2021:10:04:48 +0800] "GET /xingrg/kc/buy/cgsh_order_operate.html?command=get_materiel&rest_code=00111&code=00101008197&supplier_code=00100005&order_time=2021-06-12 HTTP/1.1" 200 416
116.230.110.80 - - [12/Jun/2021:10:04:49 +0800] "GET /xingrg/kc/buy/cgsh_order_operate.html?command=get_materiel&rest_code=00155&code=00101008357&supplier_code=00100005&order_time=2021-06-12 HTTP/1.1" 200 408
116.230.117.165 - - [12/Jun/2021:10:04:50 +0800] "GET /xingrg/check_reg.html?_=1623463511166 HTTP/1.1" 200 22
222.70.177.90 - - [12/Jun/2021:10:04:54 +0800] "POST /xingrg/kc/buy/cgsh_order_operate.html HTTP/1.1" 200 2065
116.230.110.80 - - [12/Jun/2021:10:04:56 +0800] "GET /xingrg/kc/buy/cgsh_order_operate.html?command=get_materiel&rest_code=00155&code=00101008176&supplier_code=00100005&order_time=2021-06-12 HTTP/1.1" 200 413
222.70.177.90 - - [12/Jun/2021:10:04:58 +0800] "GET /xingrg/all/function/internal_message.html?_=1623463493291&CODE_STATE=getMsg HTTP/1.1" 200 27
222.70.177.90 - - [12/Jun/2021:10:04:58 +0800] "GET /xingrg/check_reg.html?_=1623463493372 HTTP/1.1" 200 22
61.165.42.208 - - [12/Jun/2021:10:04:58 +0800] "GET /xingrg/check_reg.html?_=1623463498083 HTTP/1.1" 200 22
61.165.42.208 - - [12/Jun/2021:10:04:58 +0800] "GET /xingrg/all/function/internal_message.html?_=1623463498086&CODE_STATE=getMsg HTTP/1.1" 200 27
222.70.177.90 - - [12/Jun/2021:10:05:00 +0800] "GET /xingrg/kc/buy/cgsh_order_operate.html?command=get_materiel&rest_code=00111&code=00101008357&supplier_code=00100005&order_time=2021-06-12 HTTP/1.1" 200 408
116.230.110.80 - - [12/Jun/2021:10:05:03 +0800] "GET /xingrg/kc/buy/cgsh_order_operate.html?command=get_materiel&rest_code=00155&code=00101008256&supplier_code=00100005&order_time=2021-06-12 HTTP/1.1" 200 412
116.230.117.165 - - [12/Jun/2021:10:05:04 +0800] "GET /xingrg/all/function/internal_message.html?_=1623463525126&CODE_STATE=getMsg HTTP/1.1" 200 27
116.230.110.80 - - [12/Jun/2021:10:05:09 +0800] "GET /xingrg/kc/buy/cgsh_order_operate.html?command=get_materiel&rest_code=00155&code=00101008265&supplier_code=00100005&order_time=2021-06-12 HTTP/1.1" 200 408
116.230.110.80 - - [12/Jun/2021:10:05:14 +0800] "GET /xingrg/kc/buy/cgsh_order_operate.html?command=get_materiel&rest_code=00155&code=00101008080&supplier_code=00100005&order_time=2021-06-12 HTTP/1.1" 200 416
117.143.51.107 - - [12/Jun/2021:10:05:19 +0800] "GET /xingrg/all/function/internal_message.html?_=1623463372342&CODE_STATE=getMsg HTTP/1.1" 200 27
116.230.110.80 - - [12/Jun/2021:10:05:21 +0800] "GET /xingrg/kc/buy/cgsh_order_operate.html?command=get_materiel&rest_code=00155&code=00101008331&supplier_code=00100005&order_time=2021-06-12 HTTP/1.1" 200 416
116.230.110.80 - - [12/Jun/2021:10:05:24 +0800] "GET /xingrg/all/function/internal_message.html?_=1623463501565&CODE_STATE=getMsg HTTP/1.1" 200 27
116.230.110.80 - - [12/Jun/2021:10:05:28 +0800] "GET /xingrg/kc/buy/cgsh_order_operate.html?command=get_materiel&rest_code=00155&code=00101008149&supplier_code=00100005&order_time=2021-06-12 HTTP/1.1" 200 408
101.85.94.178 - - [12/Jun/2021:10:05:33 +0800] "GET /xingrg/all/function/internal_message.html?_=1623462991149&CODE_STATE=getMsg HTTP/1.1" 200 27
116.230.110.80 - - [12/Jun/2021:10:05:34 +0800] "GET /xingrg/kc/buy/cgsh_order_operate.html?command=get_materiel&rest_code=00155&code=00101008185&supplier_code=00100005&order_time=2021-06-12 HTTP/1.1" 200 408
61.165.42.208 - - [12/Jun/2021:10:05:34 +0800] "GET /xingrg/all/function/internal_message.html?_=1623463510341&CODE_STATE=getMsg HTTP/1.1" 200 27
180.161.111.4 - - [12/Jun/2021:10:05:36 +0800] "GET /xingrg/check_reg.html?_=1623463500398 HTTP/1.1" 200 22
180.161.111.4 - - [12/Jun/2021:10:05:37 +0800] "GET /xingrg/all/function/internal_message.html?_=1623463501667&CODE_STATE=getMsg HTTP/1.1" 200 27
116.224.253.72 - - [12/Jun/2021:10:05:37 +0800] "GET /xingrg/all/function/internal_message.html?_=1623463531267&CODE_STATE=getMsg HTTP/1.1" 200 27
117.185.32.26 - - [12/Jun/2021:10:05:38 +0800] "GET /xingrg/all/function/internal_message.html?_=1623464071086&CODE_STATE=getMsg HTTP/1.1" 200 27
116.230.110.80 - - [12/Jun/2021:10:05:41 +0800] "GET /xingrg/kc/buy/cgsh_order_operate.html?command=get_materiel&rest_code=00155&code=00101008354&supplier_code=00100005&order_time=2021-06-12 HTTP/1.1" 200 412
114.83.223.149 - - [12/Jun/2021:10:05:48 +0800] "GET /xingrg/all/function/internal_message.html?_=1623463548033&CODE_STATE=getMsg HTTP/1.1" 200 27
116.230.110.80 - - [12/Jun/2021:10:05:49 +0800] "GET /xingrg/kc/buy/cgsh_order_operate.html?command=get_materiel&rest_code=00155&code=00101008198&supplier_code=00100005&order_time=2021-06-12 HTTP/1.1" 200 413
222.70.177.90 - - [12/Jun/2021:10:05:54 +0800] "GET /xingrg/kc/buy/cgsh_order_operate.html?command=get_materiel&rest_code=00111&code=00101008318&supplier_code=00100005&order_time=2021-06-12 HTTP/1.1" 200 408
116.230.110.80 - - [12/Jun/2021:10:05:55 +0800] "GET /xingrg/kc/buy/cgsh_order_operate.html?command=get_materiel&rest_code=00155&code=00101008096&supplier_code=00100005&order_time=2021-06-12 HTTP/1.1" 200 412
222.70.177.90 - - [12/Jun/2021:10:05:57 +0800] "POST /xingrg/kc/buy/cgsh_order_operate.html HTTP/1.1" 200 2065
222.70.177.90 - - [12/Jun/2021:10:05:58 +0800] "GET /xingrg/all/function/internal_message.html?_=1623463553264&CODE_STATE=getMsg HTTP/1.1" 200 27
61.165.42.208 - - [12/Jun/2021:10:05:58 +0800] "GET /xingrg/all/function/internal_message.html?_=1623463558086&CODE_STATE=getMsg HTTP/1.1" 200 27
222.70.177.90 - - [12/Jun/2021:10:06:02 +0800] "GET /xingrg/kc/buy/cgsh_order_operate.html?command=get_materiel&rest_code=00111&code=00101008352&supplier_code=00100005&order_time=2021-06-12 HTTP/1.1" 200 412
116.230.110.80 - - [12/Jun/2021:10:06:02 +0800] "GET /xingrg/kc/buy/cgsh_order_operate.html?command=get_materiel&rest_code=00155&code=00101008173&supplier_code=00100005&order_time=2021-06-12 HTTP/1.1" 200 412
116.230.117.165 - - [12/Jun/2021:10:06:04 +0800] "GET /xingrg/all/function/internal_message.html?_=1623463585140&CODE_STATE=getMsg HTTP/1.1" 200 27
116.230.110.80 - - [12/Jun/2021:10:06:08 +0800] "GET /xingrg/kc/buy/cgsh_order_operate.html?command=get_materiel&rest_code=00155&code=00101008163&supplier_code=00100005&order_time=2021-06-12 HTTP/1.1" 200 410
117.185.32.26 - - [12/Jun/2021:10:06:10 +0800] "GET /xingrg/kc/buy/cgsh_order_add.html HTTP/1.1" 200 62517
117.185.32.26 - - [12/Jun/2021:10:06:10 +0800] "GET /xingrg/words/20210612095602_words.js HTTP/1.1" 200 820687
117.185.32.26 - - [12/Jun/2021:10:06:11 +0800] "POST /xingrg/kc/buy/cgsh_order_operate.html HTTP/1.1" 200 8245
117.185.32.26 - - [12/Jun/2021:10:06:11 +0800] "GET /xingrg/javascript/easyui/themes/default/validatebox.css HTTP/1.1" 404 1104
222.70.177.90 - - [12/Jun/2021:10:06:13 +0800] "GET /xingrg/kc/buy/cgsh_order_operate.html?command=get_materiel&rest_code=00111&code=00101008271&supplier_code=00100005&order_time=2021-06-12 HTTP/1.1" 200 409
117.185.32.26 - - [12/Jun/2021:10:06:13 +0800] "GET /xingrg/javascript/easyui/themes/default/tree.css HTTP/1.1" 404 1090
117.185.32.26 - - [12/Jun/2021:10:06:13 +0800] "POST /xingrg/all/common/load_tree.html?tree=supplier_tree_json&isDelete=1 HTTP/1.1" 200 56142
116.230.110.80 - - [12/Jun/2021:10:06:16 +0800] "GET /xingrg/kc/buy/cgsh_order_operate.html?command=get_materiel&rest_code=00155&code=00101008361&supplier_code=00100005&order_time=2021-06-12 HTTP/1.1" 200 408
116.230.110.80 - - [12/Jun/2021:10:06:17 +0800] "POST /xingrg/kc/buy/cgsh_order_operate.html HTTP/1.1" 200 2065
117.143.51.107 - - [12/Jun/2021:10:06:19 +0800] "GET /xingrg/all/function/internal_message.html?_=1623463432319&CODE_STATE=getMsg HTTP/1.1" 200 27
116.230.110.80 - - [12/Jun/2021:10:06:21 +0800] "GET /xingrg/kc/buy/cgsh_order_operate.html?command=get_materiel&rest_code=00155&code=00101008144&supplier_code=00100005&order_time=2021-06-12 HTTP/1.1" 200 412
116.230.110.80 - - [12/Jun/2021:10:06:24 +0800] "GET /xingrg/all/function/internal_message.html?_=1623463561575&CODE_STATE=getMsg HTTP/1.1" 200 27
117.185.32.26 - - [12/Jun/2021:10:06:25 +0800] "GET /xingrg/javascript/auto/indicator.gif HTTP/1.1" 404 1066
222.70.177.90 - - [12/Jun/2021:10:06:26 +0800] "GET /xingrg/kc/buy/cgsh_order_operate.html?command=get_materiel&rest_code=00111&code=00101008353&supplier_code=00100005&order_time=2021-06-12 HTTP/1.1" 200 408
116.230.110.80 - - [12/Jun/2021:10:06:26 +0800] "GET /xingrg/kc/buy/cgsh_order_operate.html?command=get_materiel&rest_code=00155&code=00101008264&supplier_code=00100005&order_time=2021-06-12 HTTP/1.1" 200 412
117.185.32.26 - - [12/Jun/2021:10:06:31 +0800] "GET /xingrg/kc/buy/cgsh_order_operate.html?command=get_materiel&rest_code=00106&code=00101028011&supplier_code=00100017&order_time=2021-06-12 HTTP/1.1" 200 452
101.85.94.178 - - [12/Jun/2021:10:06:33 +0800] "GET /xingrg/all/function/internal_message.html?_=1623463051147&CODE_STATE=getMsg HTTP/1.1" 200 27
116.230.110.80 - - [12/Jun/2021:10:06:33 +0800] "GET /xingrg/kc/buy/cgsh_order_operate.html?command=get_materiel&rest_code=00155&code=00101008101&supplier_code=00100005&order_time=2021-06-12 HTTP/1.1" 200 412
61.165.42.208 - - [12/Jun/2021:10:06:34 +0800] "GET /xingrg/all/function/internal_message.html?_=1623463570342&CODE_STATE=getMsg HTTP/1.1" 200 27
180.161.111.4 - - [12/Jun/2021:10:06:37 +0800] "GET /xingrg/all/function/internal_message.html?_=1623463561691&CODE_STATE=getMsg HTTP/1.1" 200 27
116.224.253.72 - - [12/Jun/2021:10:06:37 +0800] "GET /xingrg/all/function/internal_message.html?_=1623463591295&CODE_STATE=getMsg HTTP/1.1" 200 27
117.185.32.26 - - [12/Jun/2021:10:06:38 +0800] "GET /xingrg/all/function/internal_message.html?_=1623464131083&CODE_STATE=getMsg HTTP/1.1" 200 27
116.230.110.80 - - [12/Jun/2021:10:06:39 +0800] "GET /xingrg/kc/buy/cgsh_order_operate.html?command=get_materiel&rest_code=00155&code=00101008033&supplier_code=00100005&order_time=2021-06-12 HTTP/1.1" 200 408
114.83.223.149 - - [12/Jun/2021:10:06:48 +0800] "GET /xingrg/all/function/internal_message.html?_=1623463608017&CODE_STATE=getMsg HTTP/1.1" 200 27
114.83.223.149 - - [12/Jun/2021:10:06:49 +0800] "GET /xingrg/check_reg.html?_=1623463609001 HTTP/1.1" 200 22
116.230.110.80 - - [12/Jun/2021:10:06:50 +0800] "GET /xingrg/kc/buy/cgsh_order_operate.html?command=get_materiel&rest_code=00155&code=00101008277&supplier_code=00100005&order_time=2021-06-12 HTTP/1.1" 200 412
116.230.110.80 - - [12/Jun/2021:10:06:52 +0800] "POST /xingrg/kc/buy/cgsh_order_operate.html HTTP/1.1" 200 2065
116.230.110.80 - - [12/Jun/2021:10:06:56 +0800] "GET /xingrg/kc/buy/cgsh_order_operate.html?command=get_materiel&rest_code=00155&code=00101008360&supplier_code=00100005&order_time=2021-06-12 HTTP/1.1" 200 412
116.230.117.165 - - [12/Jun/2021:10:06:57 +0800] "GET /favicon.ico HTTP/1.1" 404 -
222.70.177.90 - - [12/Jun/2021:10:06:58 +0800] "GET /xingrg/all/function/internal_message.html?_=1623463613238&CODE_STATE=getMsg HTTP/1.1" 200 27
61.165.42.208 - - [12/Jun/2021:10:06:58 +0800] "GET /xingrg/all/function/internal_message.html?_=1623463618086&CODE_STATE=getMsg HTTP/1.1" 200 27
117.185.32.26 - - [12/Jun/2021:10:06:59 +0800] "GET /xingrg/kc/buy/cgsh_order_operate.html?command=get_materiel&rest_code=00106&code=00101028042&supplier_code=00100017&order_time=2021-06-12 HTTP/1.1" 200 432
222.70.177.90 - - [12/Jun/2021:10:07:01 +0800] "GET /xingrg/kc/buy/cgsh_order_operate.html?command=get_materiel&rest_code=00111&code=00101008312&supplier_code=00100005&order_time=2021-06-12 HTTP/1.1" 200 412
116.230.110.80 - - [12/Jun/2021:10:07:02 +0800] "GET /xingrg/kc/buy/cgsh_order_operate.html?command=get_materiel&rest_code=00155&code=00101008196&supplier_code=00100005&order_time=2021-06-12 HTTP/1.1" 200 416
222.70.177.90 - - [12/Jun/2021:10:07:03 +0800] "POST /xingrg/kc/buy/cgsh_order_operate.html HTTP/1.1" 200 2065
116.230.117.165 - - [12/Jun/2021:10:07:04 +0800] "GET /xingrg/all/function/internal_message.html?_=1623463645343&CODE_STATE=getMsg HTTP/1.1" 200 27
116.230.110.80 - - [12/Jun/2021:10:07:09 +0800] "GET /xingrg/kc/buy/cgsh_order_operate.html?command=get_materiel&rest_code=00155&code=00101008136&supplier_code=00100005&order_time=2021-06-12 HTTP/1.1" 200 413
222.70.177.90 - - [12/Jun/2021:10:07:10 +0800] "GET /xingrg/kc/buy/cgsh_order_operate.html?command=get_materiel&rest_code=00111&code=00101008173&supplier_code=00100005&order_time=2021-06-12 HTTP/1.1" 200 412
116.224.253.72 - - [12/Jun/2021:10:07:13 +0800] "GET /xingrg/check_reg.html?_=1623463626930 HTTP/1.1" 200 22
116.230.110.80 - - [12/Jun/2021:10:07:15 +0800] "GET /xingrg/kc/buy/cgsh_order_operate.html?command=get_materiel&rest_code=00155&code=00101008197&supplier_code=00100005&order_time=2021-06-12 HTTP/1.1" 200 416
117.185.32.26 - - [12/Jun/2021:10:07:17 +0800] "GET /xingrg/kc/buy/cgsh_order_operate.html?command=get_materiel&rest_code=00106&code=00101029017&supplier_code=00100017&order_time=2021-06-12 HTTP/1.1" 200 447
58.221.95.50 - - [12/Jun/2021:10:07:17 +0800] "GET /xingrg/check_reg.html?_=1623463637514 HTTP/1.1" 302 -
117.143.51.107 - - [12/Jun/2021:10:07:19 +0800] "GET /xingrg/all/function/internal_message.html?_=1623463492289&CODE_STATE=getMsg HTTP/1.1" 200 27
222.70.177.90 - - [12/Jun/2021:10:07:21 +0800] "GET /xingrg/kc/buy/cgsh_order_operate.html?command=get_materiel&rest_code=00111&code=00101008109&supplier_code=00100005&order_time=2021-06-12 HTTP/1.1" 200 413
116.230.110.80 - - [12/Jun/2021:10:07:23 +0800] "GET /xingrg/kc/buy/cgsh_order_operate.html?command=get_materiel&rest_code=00155&code=00101008478&supplier_code=00100005&order_time=2021-06-12 HTTP/1.1" 200 399
116.230.110.80 - - [12/Jun/2021:10:07:24 +0800] "GET /xingrg/all/function/internal_message.html?_=1623463621566&CODE_STATE=getMsg HTTP/1.1" 200 27
116.230.110.80 - - [12/Jun/2021:10:07:28 +0800] "POST /xingrg/kc/buy/cgsh_order_operate.html HTTP/1.1" 200 2065
222.70.177.90 - - [12/Jun/2021:10:07:29 +0800] "GET /xingrg/kc/buy/cgsh_order_operate.html?command=get_materiel&rest_code=00111&code=00101008436&supplier_code=00100005&order_time=2021-06-12 HTTP/1.1" 200 398
116.230.110.80 - - [12/Jun/2021:10:07:32 +0800] "GET /xingrg/kc/buy/cgsh_order_operate.html?command=get_materiel&rest_code=00155&code=00101008131&supplier_code=00100005&order_time=2021-06-12 HTTP/1.1" 200 408
101.85.94.178 - - [12/Jun/2021:10:07:33 +0800] "GET /xingrg/all/function/internal_message.html?_=1623463111147&CODE_STATE=getMsg HTTP/1.1" 200 27
61.165.42.208 - - [12/Jun/2021:10:07:34 +0800] "GET /xingrg/all/function/internal_message.html?_=1623463630342&CODE_STATE=getMsg HTTP/1.1" 200 27
116.224.253.72 - - [12/Jun/2021:10:07:37 +0800] "GET /xingrg/all/function/internal_message.html?_=1623463651311&CODE_STATE=getMsg HTTP/1.1" 200 27
117.185.32.26 - - [12/Jun/2021:10:07:38 +0800] "GET /xingrg/all/function/internal_message.html?_=1623464191091&CODE_STATE=getMsg HTTP/1.1" 200 27
117.185.32.26 - - [12/Jun/2021:10:07:39 +0800] "POST /xingrg/kc/buy/cgsh_order_operate.html HTTP/1.1" 200 37
116.230.110.80 - - [12/Jun/2021:10:07:39 +0800] "GET /xingrg/kc/buy/cgsh_order_operate.html?command=get_materiel&rest_code=00155&code=00101008108&supplier_code=00100005&order_time=2021-06-12 HTTP/1.1" 200 412
180.161.111.4 - - [12/Jun/2021:10:07:40 +0800] "GET /xingrg/all/function/internal_message.html?_=1623463621695&CODE_STATE=getMsg HTTP/1.1" 200 27
222.70.177.90 - - [12/Jun/2021:10:07:40 +0800] "GET /xingrg/kc/buy/cgsh_order_operate.html?command=get_materiel&rest_code=00111&code=00101008101&supplier_code=00100005&order_time=2021-06-12 HTTP/1.1" 200 412
117.185.32.26 - - [12/Jun/2021:10:07:41 +0800] "POST /xingrg/kc/buy/cgsh_order_operate.html HTTP/1.1" 200 3940
116.230.110.80 - - [12/Jun/2021:10:07:47 +0800] "GET /xingrg/kc/buy/cgsh_order_operate.html?command=get_materiel&rest_code=00155&code=00101008318&supplier_code=00100005&order_time=2021-06-12 HTTP/1.1" 200 410
114.83.223.149 - - [12/Jun/2021:10:07:48 +0800] "GET /xingrg/all/function/internal_message.html?_=1623463668002&CODE_STATE=getMsg HTTP/1.1" 200 27
117.185.32.26 - - [12/Jun/2021:10:07:48 +0800] "POST /xingrg/kc/buy/cgsh_order_operate.html HTTP/1.1" 200 37
117.185.32.26 - - [12/Jun/2021:10:07:50 +0800] "POST /xingrg/kc/buy/cgsh_order_operate.html HTTP/1.1" 200 3940
222.70.177.90 - - [12/Jun/2021:10:07:51 +0800] "POST /xingrg/kc/buy/cgsh_order_operate.html HTTP/1.1" 200 2065
116.230.110.80 - - [12/Jun/2021:10:07:55 +0800] "GET /xingrg/kc/buy/cgsh_order_operate.html?command=get_materiel&rest_code=00155&code=00101008352&supplier_code=00100005&order_time=2021-06-12 HTTP/1.1" 200 412
222.70.177.90 - - [12/Jun/2021:10:07:58 +0800] "GET /xingrg/all/function/internal_message.html?_=1623463673226&CODE_STATE=getMsg HTTP/1.1" 200 27
61.165.42.208 - - [12/Jun/2021:10:07:58 +0800] "GET /xingrg/all/function/internal_message.html?_=1623463678086&CODE_STATE=getMsg HTTP/1.1" 200 27
117.185.32.26 - - [12/Jun/2021:10:08:00 +0800] "GET /xingrg/kc/buy/buy_main.html HTTP/1.1" 200 12412
117.185.32.26 - - [12/Jun/2021:10:08:00 +0800] "GET /xingrg/css/new_ie.css HTTP/1.1" 404 1036
117.185.32.26 - - [12/Jun/2021:10:08:01 +0800] "GET /xingrg/images/yd/bt.gif HTTP/1.1" 404 1040
117.185.32.26 - - [12/Jun/2021:10:08:02 +0800] "GET /xingrg/kc/buy/cgsh_order_list.html HTTP/1.1" 200 46779
116.230.110.80 - - [12/Jun/2021:10:08:02 +0800] "GET /xingrg/kc/buy/cgsh_order_operate.html?command=get_materiel&rest_code=00155&code=00101008371&supplier_code=00100005&order_time=2021-06-12 HTTP/1.1" 200 412
117.185.32.26 - - [12/Jun/2021:10:08:03 +0800] "POST /xingrg/kc/buy/cgsh_list_operate.html HTTP/1.1" 200 2779
116.230.117.165 - - [12/Jun/2021:10:08:04 +0800] "GET /xingrg/all/function/internal_message.html?_=1623463705353&CODE_STATE=getMsg HTTP/1.1" 200 27
222.70.177.90 - - [12/Jun/2021:10:08:04 +0800] "GET /xingrg/kc/buy/cgsh_order_operate.html?command=get_materiel&rest_code=00111&code=00101008166&supplier_code=00100005&order_time=2021-06-12 HTTP/1.1" 200 412
116.230.110.80 - - [12/Jun/2021:10:08:06 +0800] "POST /xingrg/kc/buy/cgsh_order_operate.html HTTP/1.1" 200 2065
117.185.32.26 - - [12/Jun/2021:10:08:06 +0800] "POST /xingrg/kc/buy/cgsh_list_operate.html HTTP/1.1" 200 2779
101.93.222.235 - - [12/Jun/2021:10:08:07 +0800] "GET /favicon.ico HTTP/1.1" 404 -
116.230.110.80 - - [12/Jun/2021:10:08:11 +0800] "GET /xingrg/kc/buy/cgsh_order_operate.html?command=get_materiel&rest_code=00155&code=00101008005&supplier_code=00100005&order_time=2021-06-12 HTTP/1.1" 200 412
222.70.177.90 - - [12/Jun/2021:10:08:16 +0800] "GET /xingrg/kc/buy/cgsh_order_operate.html?command=get_materiel&rest_code=00111&code=00101020138&supplier_code=00100005&order_time=2021-06-12 HTTP/1.1" 200 426
116.230.110.80 - - [12/Jun/2021:10:08:17 +0800] "GET /xingrg/kc/buy/cgsh_order_operate.html?command=get_materiel&rest_code=00155&code=00101013148&supplier_code=00100005&order_time=2021-06-12 HTTP/1.1" 200 408
117.143.51.107 - - [12/Jun/2021:10:08:19 +0800] "GET /xingrg/all/function/internal_message.html?_=1623463552262&CODE_STATE=getMsg HTTP/1.1" 200 27
116.230.110.80 - - [12/Jun/2021:10:08:23 +0800] "GET /xingrg/kc/buy/cgsh_order_operate.html?command=get_materiel&rest_code=00155&code=00101008353&supplier_code=00100005&order_time=2021-06-12 HTTP/1.1" 200 408
116.230.110.80 - - [12/Jun/2021:10:08:24 +0800] "GET /xingrg/all/function/internal_message.html?_=1623463681594&CODE_STATE=getMsg HTTP/1.1" 200 27
116.230.110.80 - - [12/Jun/2021:10:08:30 +0800] "GET /xingrg/kc/buy/cgsh_order_operate.html?command=get_materiel&rest_code=00155&code=00101008095&supplier_code=00100005&order_time=2021-06-12 HTTP/1.1" 200 412
101.85.94.178 - - [12/Jun/2021:10:08:33 +0800] "GET /xingrg/all/function/internal_message.html?_=1623463171145&CODE_STATE=getMsg HTTP/1.1" 200 27
101.85.94.178 - - [12/Jun/2021:10:08:33 +0800] "GET /xingrg/check_reg.html?_=1623463171146 HTTP/1.1" 200 22
61.165.42.208 - - [12/Jun/2021:10:08:34 +0800] "GET /xingrg/check_reg.html?_=1623463690342 HTTP/1.1" 200 22
61.165.42.208 - - [12/Jun/2021:10:08:34 +0800] "GET /xingrg/all/function/internal_message.html?_=1623463690345&CODE_STATE=getMsg HTTP/1.1" 200 27
116.224.253.72 - - [12/Jun/2021:10:08:37 +0800] "GET /xingrg/all/function/internal_message.html?_=1623463711324&CODE_STATE=getMsg HTTP/1.1" 200 27
117.185.32.26 - - [12/Jun/2021:10:08:38 +0800] "GET /xingrg/all/function/internal_message.html?_=1623464251105&CODE_STATE=getMsg HTTP/1.1" 200 27
117.185.32.26 - - [12/Jun/2021:10:08:38 +0800] "GET /xingrg/check_reg.html?_=1623464251108 HTTP/1.1" 200 22
180.161.111.4 - - [12/Jun/2021:10:08:38 +0800] "GET /xingrg/all/function/internal_message.html?_=1623463682222&CODE_STATE=getMsg HTTP/1.1" 200 27
116.230.110.80 - - [12/Jun/2021:10:08:39 +0800] "GET /xingrg/kc/buy/cgsh_order_operate.html?command=get_materiel&rest_code=00155&code=00101008110&supplier_code=00100005&order_time=2021-06-12 HTTP/1.1" 200 408
222.70.177.90 - - [12/Jun/2021:10:08:44 +0800] "GET /xingrg/kc/buy/cgsh_order_operate.html?command=get_materiel&rest_code=00111&code=00101015006&supplier_code=00100005&order_time=2021-06-12 HTTP/1.1" 200 413
116.230.110.80 - - [12/Jun/2021:10:08:47 +0800] "GET /xingrg/kc/buy/cgsh_order_operate.html?command=get_materiel&rest_code=00155&code=00101008283&supplier_code=00100005&order_time=2021-06-12 HTTP/1.1" 200 408
114.83.223.149 - - [12/Jun/2021:10:08:48 +0800] "GET /xingrg/all/function/internal_message.html?_=1623463727998&CODE_STATE=getMsg HTTP/1.1" 200 27
116.230.110.80 - - [12/Jun/2021:10:08:52 +0800] "POST /xingrg/kc/buy/cgsh_order_operate.html HTTP/1.1" 200 2065
116.230.110.80 - - [12/Jun/2021:10:08:57 +0800] "GET /xingrg/kc/buy/cgsh_order_operate.html?command=get_materiel&rest_code=00155&code=00101008036&supplier_code=00100005&order_time=2021-06-12 HTTP/1.1" 200 408
222.70.177.90 - - [12/Jun/2021:10:08:57 +0800] "GET /xingrg/kc/buy/cgsh_order_operate.html?command=get_materiel&rest_code=00111&code=00101008036&supplier_code=00100005&order_time=2021-06-12 HTTP/1.1" 200 408
222.70.177.90 - - [12/Jun/2021:10:08:58 +0800] "GET /xingrg/all/function/internal_message.html?_=1623463733209&CODE_STATE=getMsg HTTP/1.1" 200 27
61.165.42.208 - - [12/Jun/2021:10:08:58 +0800] "GET /xingrg/all/function/internal_message.html?_=1623463738085&CODE_STATE=getMsg HTTP/1.1" 200 27
222.70.177.90 - - [12/Jun/2021:10:09:03 +0800] "POST /xingrg/kc/buy/cgsh_order_operate.html HTTP/1.1" 200 2065
116.230.117.165 - - [12/Jun/2021:10:09:04 +0800] "GET /xingrg/all/function/internal_message.html?_=1623463765537&CODE_STATE=getMsg HTTP/1.1" 200 27
116.230.110.80 - - [12/Jun/2021:10:09:05 +0800] "GET /xingrg/kc/buy/cgsh_order_operate.html?command=get_materiel&rest_code=00155&code=00101008350&supplier_code=00100005&order_time=2021-06-12 HTTP/1.1" 200 408
114.83.223.149 - - [12/Jun/2021:10:09:11 +0800] "GET /xingrg/kc/buy/cgsh_order_list.html HTTP/1.1" 200 46785
114.83.223.149 - - [12/Jun/2021:10:09:12 +0800] "POST /xingrg/kc/buy/cgsh_list_operate.html HTTP/1.1" 200 876
114.83.223.149 - - [12/Jun/2021:10:09:12 +0800] "GET /xingrg/kc/buy/cgsh_order_add.html HTTP/1.1" 200 62570
114.83.223.149 - - [12/Jun/2021:10:09:13 +0800] "GET /xingrg/words/20210612095602_words.js HTTP/1.1" 304 -
114.83.223.149 - - [12/Jun/2021:10:09:13 +0800] "POST /xingrg/kc/buy/cgsh_order_operate.html HTTP/1.1" 200 8245
114.83.223.149 - - [12/Jun/2021:10:09:13 +0800] "GET /xingrg/javascript/easyui/themes/default/validatebox.css HTTP/1.1" 404 1104
222.70.177.90 - - [12/Jun/2021:10:09:14 +0800] "GET /xingrg/kc/buy/cgsh_order_operate.html?command=get_materiel&rest_code=00111&code=00101008350&supplier_code=00100005&order_time=2021-06-12 HTTP/1.1" 200 408
116.230.110.80 - - [12/Jun/2021:10:09:16 +0800] "GET /xingrg/kc/buy/cgsh_order_operate.html?command=get_materiel&rest_code=00155&code=00101008312&supplier_code=00100005&order_time=2021-06-12 HTTP/1.1" 200 412
180.169.147.146 - - [12/Jun/2021:10:09:17 +0800] "GET /xingrg/check_reg.html?_=1623463756838 HTTP/1.1" 302 -
117.143.51.107 - - [12/Jun/2021:10:09:18 +0800] "GET /xingrg/check_reg.html?_=1623463611985 HTTP/1.1" 200 22
117.143.51.107 - - [12/Jun/2021:10:09:19 +0800] "GET /xingrg/all/function/internal_message.html?_=1623463612239&CODE_STATE=getMsg HTTP/1.1" 200 27
116.230.110.80 - - [12/Jun/2021:10:09:24 +0800] "GET /xingrg/kc/buy/cgsh_order_operate.html?command=get_materiel&rest_code=00155&code=00101008186&supplier_code=00100005&order_time=2021-06-12 HTTP/1.1" 200 408
116.230.110.80 - - [12/Jun/2021:10:09:25 +0800] "GET /xingrg/check_reg.html?_=1623463741625 HTTP/1.1" 200 22
116.230.110.80 - - [12/Jun/2021:10:09:25 +0800] "GET /xingrg/all/function/internal_message.html?_=1623463741626&CODE_STATE=getMsg HTTP/1.1" 200 27
222.70.177.90 - - [12/Jun/2021:10:09:25 +0800] "GET /xingrg/kc/buy/cgsh_order_operate.html?command=get_materiel&rest_code=00111&code=00101008168&supplier_code=00100005&order_time=2021-06-12 HTTP/1.1" 200 413
114.83.223.149 - - [12/Jun/2021:10:09:30 +0800] "GET /xingrg/kc/buy/cgsh_order_operate.html?command=get_materiel&rest_code=00149&code=00101009109&supplier_code=00100201&order_time=2021-06-12 HTTP/1.1" 200 399
116.230.110.80 - - [12/Jun/2021:10:09:32 +0800] "GET /xingrg/kc/buy/cgsh_order_operate.html?command=get_materiel&rest_code=00155&code=00101008313&supplier_code=00100005&order_time=2021-06-12 HTTP/1.1" 200 412
222.70.177.90 - - [12/Jun/2021:10:09:32 +0800] "GET /xingrg/kc/buy/cgsh_order_operate.html?command=get_materiel&rest_code=00111&code=00101013165&supplier_code=00100005&order_time=2021-06-12 HTTP/1.1" 200 409
101.85.94.178 - - [12/Jun/2021:10:09:33 +0800] "GET /xingrg/all/function/internal_message.html?_=1623463231171&CODE_STATE=getMsg HTTP/1.1" 200 27
116.230.110.80 - - [12/Jun/2021:10:09:34 +0800] "POST /xingrg/kc/buy/cgsh_order_operate.html HTTP/1.1" 200 2065
61.165.42.208 - - [12/Jun/2021:10:09:34 +0800] "GET /xingrg/all/function/internal_message.html?_=1623463750356&CODE_STATE=getMsg HTTP/1.1" 200 27
116.224.253.72 - - [12/Jun/2021:10:09:37 +0800] "GET /xingrg/all/function/internal_message.html?_=1623463771350&CODE_STATE=getMsg HTTP/1.1" 200 27
117.185.32.26 - - [12/Jun/2021:10:09:38 +0800] "GET /xingrg/all/function/internal_message.html?_=1623464311092&CODE_STATE=getMsg HTTP/1.1" 200 27
180.161.111.4 - - [12/Jun/2021:10:09:38 +0800] "GET /xingrg/all/function/internal_message.html?_=1623463742238&CODE_STATE=getMsg HTTP/1.1" 200 27
114.83.223.149 - - [12/Jun/2021:10:09:41 +0800] "GET /xingrg/kc/buy/cgsh_order_operate.html?command=get_materiel&rest_code=00149&code=00101009062&supplier_code=00100201&order_time=2021-06-12 HTTP/1.1" 200 412
116.230.110.80 - - [12/Jun/2021:10:09:47 +0800] "GET /xingrg/kc/buy/cgsh_order_operate.html?command=get_materiel&rest_code=00155&code=00101008356&supplier_code=00100005&order_time=2021-06-12 HTTP/1.1" 200 408
114.83.223.149 - - [12/Jun/2021:10:09:48 +0800] "GET /xingrg/all/function/internal_message.html?_=1623463788009&CODE_STATE=getMsg HTTP/1.1" 200 27
114.83.223.149 - - [12/Jun/2021:10:09:48 +0800] "GET /xingrg/kc/buy/cgsh_order_operate.html?command=get_materiel&rest_code=00149&code=00101009010&supplier_code=00100201&order_time=2021-06-12 HTTP/1.1" 200 412
116.230.117.165 - - [12/Jun/2021:10:09:50 +0800] "GET /xingrg/check_reg.html?_=1623463811174 HTTP/1.1" 200 22
222.70.177.90 - - [12/Jun/2021:10:09:50 +0800] "GET /xingrg/kc/buy/cgsh_order_operate.html?command=get_materiel&rest_code=00111&code=00101008313&supplier_code=00100005&order_time=2021-06-12 HTTP/1.1" 200 412
222.70.177.90 - - [12/Jun/2021:10:09:52 +0800] "POST /xingrg/kc/buy/cgsh_order_operate.html HTTP/1.1" 200 2065
222.70.177.90 - - [12/Jun/2021:10:09:58 +0800] "GET /xingrg/all/function/internal_message.html?_=1623463793182&CODE_STATE=getMsg HTTP/1.1" 200 27
222.70.177.90 - - [12/Jun/2021:10:09:58 +0800] "GET /xingrg/check_reg.html?_=1623463793355 HTTP/1.1" 200 22
61.165.42.208 - - [12/Jun/2021:10:09:58 +0800] "GET /xingrg/check_reg.html?_=1623463798083 HTTP/1.1" 200 22
61.165.42.208 - - [12/Jun/2021:10:09:58 +0800] "GET /xingrg/all/function/internal_message.html?_=1623463798086&CODE_STATE=getMsg HTTP/1.1" 200 27
114.83.223.149 - - [12/Jun/2021:10:09:59 +0800] "GET /xingrg/kc/buy/cgsh_order_operate.html?command=get_materiel&rest_code=00149&code=00101009011&supplier_code=00100201&order_time=2021-06-12 HTTP/1.1" 200 416
116.230.117.165 - - [12/Jun/2021:10:10:04 +0800] "GET /xingrg/all/function/internal_message.html?_=1623463825552&CODE_STATE=getMsg HTTP/1.1" 200 27
116.230.110.80 - - [12/Jun/2021:10:10:07 +0800] "POST /xingrg/kc/buy/cgsh_order_operate.html HTTP/1.1" 200 37
222.70.177.90 - - [12/Jun/2021:10:10:08 +0800] "GET /xingrg/kc/buy/cgsh_order_operate.html?command=get_materiel&rest_code=00111&code=00101008223&supplier_code=00100005&order_time=2021-06-12 HTTP/1.1" 200 414
114.83.223.149 - - [12/Jun/2021:10:10:08 +0800] "GET /xingrg/kc/buy/cgsh_order_operate.html?command=get_materiel&rest_code=00149&code=00101009059&supplier_code=00100201&order_time=2021-06-12 HTTP/1.1" 200 409
116.230.110.80 - - [12/Jun/2021:10:10:09 +0800] "POST /xingrg/kc/buy/cgsh_order_operate.html HTTP/1.1" 200 30438
116.230.110.80 - - [12/Jun/2021:10:10:11 +0800] "GET /xingrg/kc/print/load_data.html?order_code=212021061205307&kc_code=cgsh&condition= HTTP/1.1" 200 11222
117.143.51.107 - - [12/Jun/2021:10:10:19 +0800] "GET /xingrg/all/function/internal_message.html?_=1623463672224&CODE_STATE=getMsg HTTP/1.1" 200 27
116.230.110.80 - - [12/Jun/2021:10:10:25 +0800] "GET /xingrg/all/function/internal_message.html?_=1623463801608&CODE_STATE=getMsg HTTP/1.1" 200 27
61.165.42.208 - - [12/Jun/2021:10:10:34 +0800] "GET /xingrg/all/function/internal_message.html?_=1623463810355&CODE_STATE=getMsg HTTP/1.1" 200 27
180.161.111.4 - - [12/Jun/2021:10:10:37 +0800] "GET /xingrg/check_reg.html?_=1623463801012 HTTP/1.1" 200 22
114.83.223.149 - - [12/Jun/2021:10:10:37 +0800] "GET /xingrg/kc/buy/cgsh_order_operate.html?command=get_materiel&rest_code=00149&code=00101009016&supplier_code=00100201&order_time=2021-06-12 HTTP/1.1" 200 412
116.224.253.72 - - [12/Jun/2021:10:10:37 +0800] "GET /xingrg/all/function/internal_message.html?_=1623463831366&CODE_STATE=getMsg HTTP/1.1" 200 27
180.161.111.4 - - [12/Jun/2021:10:10:38 +0800] "GET /xingrg/all/function/internal_message.html?_=1623463802266&CODE_STATE=getMsg HTTP/1.1" 200 27
117.185.32.26 - - [12/Jun/2021:10:10:38 +0800] "GET /xingrg/all/function/internal_message.html?_=1623464371092&CODE_STATE=getMsg HTTP/1.1" 200 27
222.70.177.90 - - [12/Jun/2021:10:10:41 +0800] "GET /xingrg/kc/buy/cgsh_order_operate.html?command=get_materiel&rest_code=00111&code=00101008165&supplier_code=00100005&order_time=2021-06-12 HTTP/1.1" 200 416
114.83.223.149 - - [12/Jun/2021:10:10:45 +0800] "GET /xingrg/kc/buy/cgsh_order_operate.html?command=get_materiel&rest_code=00149&code=00101009039&supplier_code=00100201&order_time=2021-06-12 HTTP/1.1" 200 408
114.83.223.149 - - [12/Jun/2021:10:10:48 +0800] "GET /xingrg/all/function/internal_message.html?_=1623463847952&CODE_STATE=getMsg HTTP/1.1" 200 27
114.83.223.149 - - [12/Jun/2021:10:10:53 +0800] "GET /xingrg/kc/buy/cgsh_order_operate.html?command=get_materiel&rest_code=00149&code=00101009007&supplier_code=00100201&order_time=2021-06-12 HTTP/1.1" 200 408
222.70.177.90 - - [12/Jun/2021:10:10:58 +0800] "GET /xingrg/all/function/internal_message.html?_=1623463853168&CODE_STATE=getMsg HTTP/1.1" 200 27
61.165.42.208 - - [12/Jun/2021:10:10:58 +0800] "GET /xingrg/all/function/internal_message.html?_=1623463858086&CODE_STATE=getMsg HTTP/1.1" 200 27
116.230.117.165 - - [12/Jun/2021:10:11:04 +0800] "GET /xingrg/all/function/internal_message.html?_=1623463885565&CODE_STATE=getMsg HTTP/1.1" 200 27
114.83.223.149 - - [12/Jun/2021:10:11:10 +0800] "GET /xingrg/kc/buy/cgsh_order_operate.html?command=get_materiel&rest_code=00149&code=00101009013&supplier_code=00100201&order_time=2021-06-12 HTTP/1.1" 200 420
222.70.177.90 - - [12/Jun/2021:10:11:16 +0800] "GET /xingrg/kc/buy/cgsh_order_operate.html?command=get_materiel&rest_code=00111&code=00101013127&supplier_code=00100005&order_time=2021-06-12 HTTP/1.1" 200 420
117.143.51.107 - - [12/Jun/2021:10:11:19 +0800] "GET /xingrg/all/function/internal_message.html?_=1623463732196&CODE_STATE=getMsg HTTP/1.1" 200 27
116.230.110.80 - - [12/Jun/2021:10:11:24 +0800] "GET /xingrg/all/function/internal_message.html?_=1623463861593&CODE_STATE=getMsg HTTP/1.1" 200 27
222.70.177.90 - - [12/Jun/2021:10:11:27 +0800] "GET /xingrg/kc/buy/cgsh_order_operate.html?command=get_materiel&rest_code=00111&code=00101008114&supplier_code=00100005&order_time=2021-06-12 HTTP/1.1" 200 412
222.70.177.90 - - [12/Jun/2021:10:11:29 +0800] "POST /xingrg/kc/buy/cgsh_order_operate.html HTTP/1.1" 200 2065
222.70.177.90 - - [12/Jun/2021:10:11:34 +0800] "GET /xingrg/kc/buy/cgsh_order_operate.html?command=get_materiel&rest_code=00111&code=00101008095&supplier_code=00100005&order_time=2021-06-12 HTTP/1.1" 200 412
61.165.42.208 - - [12/Jun/2021:10:11:34 +0800] "GET /xingrg/all/function/internal_message.html?_=1623463870356&CODE_STATE=getMsg HTTP/1.1" 200 27
116.224.253.72 - - [12/Jun/2021:10:11:37 +0800] "GET /xingrg/all/function/internal_message.html?_=1623463891394&CODE_STATE=getMsg HTTP/1.1" 200 27
117.185.32.26 - - [12/Jun/2021:10:11:38 +0800] "GET /xingrg/all/function/internal_message.html?_=1623464431093&CODE_STATE=getMsg HTTP/1.1" 200 27
180.161.111.4 - - [12/Jun/2021:10:11:38 +0800] "GET /xingrg/all/function/internal_message.html?_=1623463862280&CODE_STATE=getMsg HTTP/1.1" 200 27
114.83.223.149 - - [12/Jun/2021:10:11:48 +0800] "GET /xingrg/all/function/internal_message.html?_=1623463907930&CODE_STATE=getMsg HTTP/1.1" 200 27
114.83.223.149 - - [12/Jun/2021:10:11:49 +0800] "GET /xingrg/check_reg.html?_=1623463909010 HTTP/1.1" 200 22
117.143.51.107 - - [12/Jun/2021:10:11:50 +0800] "POST /xingrg/load_menu.html HTTP/1.1" 200 10797
117.143.51.107 - - [12/Jun/2021:10:11:52 +0800] "GET /xingrg/all/report/report_query.html?fileName=dma/new_5.0/menu/menu_category_hz.xml HTTP/1.1" 200 53064
117.143.51.107 - - [12/Jun/2021:10:11:52 +0800] "GET /xingrg/dwr/interface/AjaxReportQueryService.js HTTP/1.1" 200 13203
117.143.51.107 - - [12/Jun/2021:10:11:52 +0800] "GET /xingrg/dwr/engine.js HTTP/1.1" 200 43631
117.143.51.107 - - [12/Jun/2021:10:11:53 +0800] "POST /xingrg/dwr/call/plaincall/AjaxReportQueryService.getFixDate.dwr HTTP/1.1" 200 111
117.143.51.107 - - [12/Jun/2021:10:11:53 +0800] "POST /xingrg/all/common/load_tree.html?tree=area_station_tree_json&manage=1 HTTP/1.1" 200 3358
117.143.51.107 - - [12/Jun/2021:10:11:56 +0800] "GET /xingrg/all/report/report_query.html?fileName=dma/new_5.0/menu/menu_stca_hz.xml HTTP/1.1" 200 51418
117.143.51.107 - - [12/Jun/2021:10:11:56 +0800] "GET /xingrg/dwr/interface/AjaxReportQueryService.js HTTP/1.1" 200 13203
117.143.51.107 - - [12/Jun/2021:10:11:56 +0800] "GET /xingrg/dwr/engine.js HTTP/1.1" 200 43631
117.143.51.107 - - [12/Jun/2021:10:11:56 +0800] "POST /xingrg/dwr/call/plaincall/AjaxReportQueryService.getFixDate.dwr HTTP/1.1" 200 111
117.143.51.107 - - [12/Jun/2021:10:11:57 +0800] "POST /xingrg/all/common/load_tree.html?tree=area_station_tree_json&manage=1 HTTP/1.1" 200 3358
61.165.42.208 - - [12/Jun/2021:10:11:58 +0800] "GET /xingrg/all/function/internal_message.html?_=1623463918086&CODE_STATE=getMsg HTTP/1.1" 200 27
222.70.177.90 - - [12/Jun/2021:10:12:01 +0800] "POST /xingrg/kc/buy/cgsh_order_operate.html HTTP/1.1" 200 37
117.143.51.107 - - [12/Jun/2021:10:12:03 +0800] "GET /xingrg/all/report/report_query.html?fileName=dma/new_5.0/menu/menu_hz_all.xml HTTP/1.1" 200 51795
222.70.177.90 - - [12/Jun/2021:10:12:03 +0800] "POST /xingrg/kc/buy/cgsh_order_operate.html HTTP/1.1" 200 46435
117.143.51.107 - - [12/Jun/2021:10:12:03 +0800] "GET /xingrg/dwr/interface/AjaxReportQueryService.js HTTP/1.1" 200 13203
117.143.51.107 - - [12/Jun/2021:10:12:03 +0800] "GET /xingrg/dwr/engine.js HTTP/1.1" 200 43631
117.143.51.107 - - [12/Jun/2021:10:12:04 +0800] "POST /xingrg/dwr/call/plaincall/AjaxReportQueryService.getFixDate.dwr HTTP/1.1" 200 111
117.143.51.107 - - [12/Jun/2021:10:12:04 +0800] "POST /xingrg/all/common/load_tree.html?tree=area_station_tree_json&manage=1 HTTP/1.1" 200 3358
116.230.117.165 - - [12/Jun/2021:10:12:04 +0800] "GET /xingrg/all/function/internal_message.html?_=1623463945774&CODE_STATE=getMsg HTTP/1.1" 200 27
222.70.177.90 - - [12/Jun/2021:10:12:11 +0800] "GET /xingrg/login.html HTTP/1.1" 200 7641
222.70.177.90 - - [12/Jun/2021:10:12:11 +0800] "GET /favicon.ico HTTP/1.1" 404 -
116.224.253.72 - - [12/Jun/2021:10:12:13 +0800] "GET /xingrg/check_reg.html?_=1623463926934 HTTP/1.1" 200 22
222.70.177.90 - - [12/Jun/2021:10:12:16 +0800] "POST /xingrg/login.do HTTP/1.1" 302 -
222.70.177.90 - - [12/Jun/2021:10:12:16 +0800] "GET /xingrg/index.html?sysBaseUrl=http%3A%2F%2F180.169.147.146%3A18081%2Fxingrg%2F&costTime=38×tamp=1623463936851 HTTP/1.1" 200 17173
222.70.177.90 - - [12/Jun/2021:10:12:16 +0800] "GET /favicon.ico HTTP/1.1" 404 -
222.70.177.90 - - [12/Jun/2021:10:12:17 +0800] "POST /xingrg/all/common/load_tree.html?tree=area_rest_tree_json&manage=1 HTTP/1.1" 200 342
222.70.177.90 - - [12/Jun/2021:10:12:17 +0800] "GET /xingrg/all/function/internal_message.html?_=1623463931957&CODE_STATE=count HTTP/1.1" 200 11
222.70.177.90 - - [12/Jun/2021:10:12:17 +0800] "GET /xingrg/check_reg.html?_=1623463931957 HTTP/1.1" 200 22
222.70.177.90 - - [12/Jun/2021:10:12:17 +0800] "POST /xingrg/load_menu.html HTTP/1.1" 200 5138
58.221.95.50 - - [12/Jun/2021:10:12:18 +0800] "GET /xingrg/check_reg.html?_=1623463937540 HTTP/1.1" 302 -
222.70.177.90 - - [12/Jun/2021:10:12:18 +0800] "GET /xingrg/kc/buy/buy_main.html HTTP/1.1" 200 12412
222.70.177.90 - - [12/Jun/2021:10:12:18 +0800] "GET /xingrg/css/new_ie.css HTTP/1.1" 404 1036
222.70.177.90 - - [12/Jun/2021:10:12:18 +0800] "GET /xingrg/images/yd/bt.gif HTTP/1.1" 404 1040
