61.165.42.208 - - [12/Jun/2021:10:43:58 +0800] "GET /xingrg/all/function/internal_message.html?_=1623465838154&CODE_STATE=getMsg HTTP/1.1" 200 27
116.224.253.72 - - [12/Jun/2021:10:43:59 +0800] "GET /xingrg/kc/buy/cgsh_order_info.html?code=212021061205327 HTTP/1.1" 200 57083
116.224.253.72 - - [12/Jun/2021:10:43:59 +0800] "GET /xingrg/javascript/auto/jquery.autocomplete.js HTTP/1.1" 200 21624
116.224.253.72 - - [12/Jun/2021:10:44:00 +0800] "GET /xingrg/javascript/easyui/themes/default/validatebox.css HTTP/1.1" 404 1104
116.224.253.72 - - [12/Jun/2021:10:44:00 +0800] "POST /xingrg/kc/buy/cgsh_order_operate.html HTTP/1.1" 200 3658
116.224.253.72 - - [12/Jun/2021:10:44:02 +0800] "GET /xingrg/kc/print/load_data.html?order_code=212021061205327&kc_code=cgsh&condition= HTTP/1.1" 200 1952
116.230.110.80 - - [12/Jun/2021:10:44:03 +0800] "GET /xingrg/kc/buy/cgsh_order_operate.html?command=get_materiel&rest_code=00155&code=00101001170&supplier_code=00100313&order_time=2021-06-12 HTTP/1.1" 200 415
116.224.253.72 - - [12/Jun/2021:10:44:04 +0800] "GET /xingrg/all/function/internal_message.html?_=1623465838163&CODE_STATE=getMsg HTTP/1.1" 200 27
116.230.117.165 - - [12/Jun/2021:10:44:07 +0800] "GET /xingrg/all/function/internal_message.html?_=1623465868354&CODE_STATE=getMsg HTTP/1.1" 200 27
61.165.42.208 - - [12/Jun/2021:10:44:08 +0800] "GET /xingrg/kc/buy/cgsh_order_operate.html?command=get_materiel&rest_code=00105&code=00101018011&supplier_code=00100330&order_time=2021-06-12 HTTP/1.1" 200 415
180.169.147.146 - - [12/Jun/2021:10:44:11 +0800] "GET /xingrg/check_reg.html?_=1623465850605 HTTP/1.1" 302 -
116.230.110.80 - - [12/Jun/2021:10:44:13 +0800] "GET /xingrg/kc/buy/cgsh_order_operate.html?command=get_materiel&rest_code=00155&code=00101001135&supplier_code=00100313&order_time=2021-06-12 HTTP/1.1" 200 415
222.70.177.90 - - [12/Jun/2021:10:44:17 +0800] "GET /xingrg/all/function/internal_message.html?_=1623465852019&CODE_STATE=getMsg HTTP/1.1" 200 27
180.169.147.146 - - [12/Jun/2021:10:44:17 +0800] "GET /xingrg/check_reg.html?_=1623465856763 HTTP/1.1" 302 -
61.165.42.208 - - [12/Jun/2021:10:44:21 +0800] "POST /xingrg/kc/buy/cgsh_order_operate.html HTTP/1.1" 200 37
61.165.42.208 - - [12/Jun/2021:10:44:23 +0800] "POST /xingrg/kc/buy/cgsh_order_operate.html HTTP/1.1" 200 3256
116.230.110.80 - - [12/Jun/2021:10:44:25 +0800] "GET /xingrg/all/function/internal_message.html?_=1623465841586&CODE_STATE=getMsg HTTP/1.1" 200 27
116.230.110.80 - - [12/Jun/2021:10:44:25 +0800] "GET /xingrg/check_reg.html?_=1623465841588 HTTP/1.1" 200 22
61.165.42.208 - - [12/Jun/2021:10:44:25 +0800] "GET /xingrg/kc/print/load_data.html?order_code=212021061205328&kc_code=cgsh&condition= HTTP/1.1" 200 907
61.165.42.208 - - [12/Jun/2021:10:44:28 +0800] "GET /xingrg/kc/buy/cgsh_order_add.html HTTP/1.1" 200 62564
61.165.42.208 - - [12/Jun/2021:10:44:29 +0800] "GET /xingrg/javascript/easyui/themes/default/validatebox.css HTTP/1.1" 404 1104
61.165.42.208 - - [12/Jun/2021:10:44:29 +0800] "POST /xingrg/kc/buy/cgsh_order_operate.html HTTP/1.1" 200 8245
61.165.42.208 - - [12/Jun/2021:10:44:32 +0800] "GET /xingrg/javascript/jquery_tools/images/next.gif HTTP/1.1" 404 1086
61.165.42.208 - - [12/Jun/2021:10:44:32 +0800] "GET /xingrg/javascript/jquery_tools/images/prev.gif HTTP/1.1" 404 1086
116.224.253.72 - - [12/Jun/2021:10:44:33 +0800] "GET /xingrg/kc/buy/cgsh_order_add.html HTTP/1.1" 200 62171
116.224.253.72 - - [12/Jun/2021:10:44:33 +0800] "GET /xingrg/javascript/auto/jquery.autocomplete.js HTTP/1.1" 200 21624
116.224.253.72 - - [12/Jun/2021:10:44:33 +0800] "POST /xingrg/kc/buy/cgsh_order_operate.html HTTP/1.1" 200 8245
116.224.253.72 - - [12/Jun/2021:10:44:33 +0800] "GET /xingrg/javascript/easyui/themes/default/validatebox.css HTTP/1.1" 404 1104
61.165.42.208 - - [12/Jun/2021:10:44:34 +0800] "GET /xingrg/all/function/internal_message.html?_=1623465850380&CODE_STATE=getMsg HTTP/1.1" 200 27
117.185.32.26 - - [12/Jun/2021:10:44:38 +0800] "GET /xingrg/all/function/internal_message.html?_=1623466411249&CODE_STATE=getMsg HTTP/1.1" 200 27
180.169.147.146 - - [12/Jun/2021:10:44:40 +0800] "GET /xingrg/all/function/internal_message.html?_=1623465880434&CODE_STATE=getMsg HTTP/1.1" 302 -
61.165.42.208 - - [12/Jun/2021:10:44:41 +0800] "GET /xingrg/kc/buy/cgsh_order_operate.html?command=get_materiel&rest_code=00105&code=00101001167&supplier_code=00100314&order_time=2021-06-12 HTTP/1.1" 200 409
116.224.253.72 - - [12/Jun/2021:10:44:44 +0800] "GET /xingrg/kc/buy/cgsh_order_operate.html?command=get_materiel&rest_code=00151&code=00101010594&supplier_code=00100329&order_time=2021-06-12 HTTP/1.1" 200 414
116.230.110.80 - - [12/Jun/2021:10:44:45 +0800] "GET /xingrg/kc/buy/cgsh_order_operate.html?command=get_materiel&rest_code=00155&code=00101001106&supplier_code=00100313&order_time=2021-06-12 HTTP/1.1" 200 417
114.83.223.149 - - [12/Jun/2021:10:44:47 +0800] "GET /xingrg/all/function/internal_message.html?_=1623465887516&CODE_STATE=getMsg HTTP/1.1" 200 27
116.230.117.165 - - [12/Jun/2021:10:44:50 +0800] "GET /xingrg/check_reg.html?_=1623465911216 HTTP/1.1" 200 22
116.230.110.80 - - [12/Jun/2021:10:44:52 +0800] "GET /xingrg/kc/buy/cgsh_order_operate.html?command=get_materiel&rest_code=00155&code=00102026001&supplier_code=00100313&order_time=2021-06-12 HTTP/1.1" 200 409
61.165.42.208 - - [12/Jun/2021:10:44:55 +0800] "POST /xingrg/kc/buy/cgsh_order_operate.html HTTP/1.1" 200 37
116.235.222.38 - - [12/Jun/2021:10:44:55 +0800] "GET /xingrg/all/function/internal_message.html?_=1623465886795&CODE_STATE=getMsg HTTP/1.1" 200 27
116.235.222.38 - - [12/Jun/2021:10:44:56 +0800] "GET /xingrg/kc/buy/cgsh_order_operate.html?command=get_materiel&rest_code=00107&code=00101008211&supplier_code=00100006&order_time=2021-06-12 HTTP/1.1" 200 412
61.165.42.208 - - [12/Jun/2021:10:44:56 +0800] "POST /xingrg/kc/buy/cgsh_order_operate.html HTTP/1.1" 200 2658
116.224.253.72 - - [12/Jun/2021:10:44:57 +0800] "GET /xingrg/kc/buy/cgsh_order_operate.html?command=get_materiel&rest_code=00151&code=00101020077&supplier_code=00100329&order_time=2021-06-12 HTTP/1.1" 200 413
61.165.42.208 - - [12/Jun/2021:10:44:57 +0800] "GET /xingrg/kc/print/load_data.html?order_code=212021061205329&kc_code=cgsh&condition= HTTP/1.1" 200 669
61.165.42.208 - - [12/Jun/2021:10:44:58 +0800] "GET /xingrg/check_reg.html?_=1623465898165 HTTP/1.1" 200 22
61.165.42.208 - - [12/Jun/2021:10:44:58 +0800] "GET /xingrg/all/function/internal_message.html?_=1623465898167&CODE_STATE=getMsg HTTP/1.1" 200 27
61.165.42.208 - - [12/Jun/2021:10:45:00 +0800] "GET /xingrg/kc/buy/cgsh_order_add.html HTTP/1.1" 200 62564
61.165.42.208 - - [12/Jun/2021:10:45:00 +0800] "GET /xingrg/javascript/easyui/themes/default/validatebox.css HTTP/1.1" 404 1104
61.165.42.208 - - [12/Jun/2021:10:45:00 +0800] "POST /xingrg/kc/buy/cgsh_order_operate.html HTTP/1.1" 200 8245
116.230.110.80 - - [12/Jun/2021:10:45:02 +0800] "GET /xingrg/kc/buy/cgsh_order_operate.html?command=get_materiel&rest_code=00155&code=00101001016&supplier_code=00100313&order_time=2021-06-12 HTTP/1.1" 200 413
116.224.253.72 - - [12/Jun/2021:10:45:04 +0800] "GET /xingrg/check_reg.html?_=1623465898119 HTTP/1.1" 200 22
116.224.253.72 - - [12/Jun/2021:10:45:04 +0800] "GET /xingrg/all/function/internal_message.html?_=1623465898177&CODE_STATE=getMsg HTTP/1.1" 200 27
116.230.117.165 - - [12/Jun/2021:10:45:07 +0800] "GET /xingrg/all/function/internal_message.html?_=1623465928368&CODE_STATE=getMsg HTTP/1.1" 200 27
116.230.110.80 - - [12/Jun/2021:10:45:16 +0800] "POST /xingrg/kc/buy/cgsh_order_operate.html HTTP/1.1" 200 37
222.70.177.90 - - [12/Jun/2021:10:45:17 +0800] "GET /xingrg/all/function/internal_message.html?_=1623465912017&CODE_STATE=getMsg HTTP/1.1" 200 27
61.165.42.208 - - [12/Jun/2021:10:45:17 +0800] "GET /xingrg/kc/buy/cgsh_order_operate.html?command=get_materiel&rest_code=00105&code=00101010691&supplier_code=00100327&order_time=2021-06-12 HTTP/1.1" 200 397
116.230.110.80 - - [12/Jun/2021:10:45:17 +0800] "POST /xingrg/kc/buy/cgsh_order_operate.html HTTP/1.1" 200 6228
116.230.110.80 - - [12/Jun/2021:10:45:18 +0800] "GET /xingrg/kc/print/load_data.html?order_code=212021061205330&kc_code=cgsh&condition= HTTP/1.1" 200 2054
116.224.253.72 - - [12/Jun/2021:10:45:19 +0800] "GET /xingrg/kc/buy/cgsh_order_operate.html?command=get_materiel&rest_code=00151&code=00101020317&supplier_code=00100329&order_time=2021-06-12 HTTP/1.1" 200 424
116.230.110.80 - - [12/Jun/2021:10:45:23 +0800] "GET /xingrg/kc/buy/cgsh_order_add.html HTTP/1.1" 200 62485
116.230.110.80 - - [12/Jun/2021:10:45:23 +0800] "POST /xingrg/kc/buy/cgsh_order_operate.html HTTP/1.1" 200 8245
116.230.110.80 - - [12/Jun/2021:10:45:23 +0800] "GET /xingrg/javascript/easyui/themes/default/validatebox.css HTTP/1.1" 404 1104
116.230.110.80 - - [12/Jun/2021:10:45:25 +0800] "GET /xingrg/all/function/internal_message.html?_=1623465901620&CODE_STATE=getMsg HTTP/1.1" 200 27
61.165.42.208 - - [12/Jun/2021:10:45:27 +0800] "GET /xingrg/kc/buy/cgsh_order_operate.html?command=get_materiel&rest_code=00105&code=00101001141&supplier_code=00100327&order_time=2021-06-12 HTTP/1.1" 200 413
116.224.253.72 - - [12/Jun/2021:10:45:32 +0800] "POST /xingrg/kc/buy/cgsh_order_operate.html HTTP/1.1" 200 37
61.165.42.208 - - [12/Jun/2021:10:45:34 +0800] "GET /xingrg/kc/buy/cgsh_order_operate.html?command=get_materiel&rest_code=00105&code=00101008394&supplier_code=00100327&order_time=2021-06-12 HTTP/1.1" 200 413
61.165.42.208 - - [12/Jun/2021:10:45:34 +0800] "GET /xingrg/all/function/internal_message.html?_=1623465910381&CODE_STATE=getMsg HTTP/1.1" 200 27
116.224.253.72 - - [12/Jun/2021:10:45:36 +0800] "POST /xingrg/kc/buy/cgsh_order_operate.html HTTP/1.1" 200 12
116.224.253.72 - - [12/Jun/2021:10:45:37 +0800] "GET /xingrg/kc/buy/cgsh_order_info.html?code=212021061205331 HTTP/1.1" 200 57081
116.224.253.72 - - [12/Jun/2021:10:45:37 +0800] "GET /xingrg/javascript/auto/jquery.autocomplete.js HTTP/1.1" 200 21624
116.224.253.72 - - [12/Jun/2021:10:45:37 +0800] "GET /xingrg/javascript/easyui/themes/default/validatebox.css HTTP/1.1" 404 1104
116.224.253.72 - - [12/Jun/2021:10:45:38 +0800] "POST /xingrg/kc/buy/cgsh_order_operate.html HTTP/1.1" 200 1834
117.185.32.26 - - [12/Jun/2021:10:45:38 +0800] "GET /xingrg/all/function/internal_message.html?_=1623466471245&CODE_STATE=getMsg HTTP/1.1" 200 27
116.224.253.72 - - [12/Jun/2021:10:45:39 +0800] "GET /xingrg/kc/print/load_data.html?order_code=212021061205331&kc_code=cgsh&condition= HTTP/1.1" 200 1235
180.169.147.146 - - [12/Jun/2021:10:45:40 +0800] "GET /xingrg/all/function/internal_message.html?_=1623465940439&CODE_STATE=getMsg HTTP/1.1" 302 -
180.169.147.146 - - [12/Jun/2021:10:45:40 +0800] "GET /xingrg/check_reg.html?_=1623465940442 HTTP/1.1" 302 -
61.165.42.208 - - [12/Jun/2021:10:45:43 +0800] "GET /xingrg/kc/buy/cgsh_order_operate.html?command=get_materiel&rest_code=00105&code=00101010569&supplier_code=00100327&order_time=2021-06-12 HTTP/1.1" 200 397
116.224.253.72 - - [12/Jun/2021:10:45:44 +0800] "GET /xingrg/kc/buy/cgsh_order_add.html HTTP/1.1" 200 62171
116.224.253.72 - - [12/Jun/2021:10:45:44 +0800] "GET /xingrg/javascript/auto/jquery.autocomplete.js HTTP/1.1" 200 21624
116.224.253.72 - - [12/Jun/2021:10:45:44 +0800] "POST /xingrg/kc/buy/cgsh_order_operate.html HTTP/1.1" 200 8245
116.224.253.72 - - [12/Jun/2021:10:45:44 +0800] "GET /xingrg/javascript/easyui/themes/default/validatebox.css HTTP/1.1" 404 1104
114.83.223.149 - - [12/Jun/2021:10:45:47 +0800] "GET /xingrg/all/function/internal_message.html?_=1623465947501&CODE_STATE=getMsg HTTP/1.1" 200 27
61.165.42.208 - - [12/Jun/2021:10:45:50 +0800] "GET /xingrg/kc/buy/cgsh_order_operate.html?command=get_materiel&rest_code=00105&code=00101010628&supplier_code=00100327&order_time=2021-06-12 HTTP/1.1" 200 412
116.224.253.72 - - [12/Jun/2021:10:45:53 +0800] "GET /xingrg/kc/buy/cgsh_order_operate.html?command=get_materiel&rest_code=00151&code=00101012049&supplier_code=00100338&order_time=2021-06-12 HTTP/1.1" 200 432
116.235.222.38 - - [12/Jun/2021:10:45:55 +0800] "GET /xingrg/all/function/internal_message.html?_=1623465946772&CODE_STATE=getMsg HTTP/1.1" 200 27
116.224.253.72 - - [12/Jun/2021:10:45:56 +0800] "POST /xingrg/all/common/load_select.html HTTP/1.1" 200 25
61.165.42.208 - - [12/Jun/2021:10:45:58 +0800] "GET /xingrg/all/function/internal_message.html?_=1623465958146&CODE_STATE=getMsg HTTP/1.1" 200 27
61.165.42.208 - - [12/Jun/2021:10:45:58 +0800] "POST /xingrg/kc/buy/cgsh_order_operate.html HTTP/1.1" 200 37
116.224.253.72 - - [12/Jun/2021:10:45:59 +0800] "GET /xingrg/kc/buy/cgsh_order_operate.html?command=get_materiel_price&rest_code=00151&code=00101012049&unit_code=00100086&supplier_code=00100338&order_time=2021-06-12 HTTP/1.1" 200 31
61.165.42.208 - - [12/Jun/2021:10:46:00 +0800] "POST /xingrg/kc/buy/cgsh_order_operate.html HTTP/1.1" 200 5039
61.165.42.208 - - [12/Jun/2021:10:46:01 +0800] "GET /xingrg/kc/print/load_data.html?order_code=212021061205332&kc_code=cgsh&condition= HTTP/1.1" 200 1587
116.224.253.72 - - [12/Jun/2021:10:46:04 +0800] "GET /xingrg/all/function/internal_message.html?_=1623465958191&CODE_STATE=getMsg HTTP/1.1" 200 27
61.165.42.208 - - [12/Jun/2021:10:46:05 +0800] "GET /xingrg/kc/buy/cgsh_order_add.html HTTP/1.1" 200 62564
61.165.42.208 - - [12/Jun/2021:10:46:06 +0800] "POST /xingrg/kc/buy/cgsh_order_operate.html HTTP/1.1" 200 8245
61.165.42.208 - - [12/Jun/2021:10:46:06 +0800] "GET /xingrg/javascript/easyui/themes/default/validatebox.css HTTP/1.1" 404 1104
116.230.117.165 - - [12/Jun/2021:10:46:07 +0800] "GET /xingrg/all/function/internal_message.html?_=1623465988381&CODE_STATE=getMsg HTTP/1.1" 200 27
116.224.253.72 - - [12/Jun/2021:10:46:15 +0800] "POST /xingrg/kc/buy/cgsh_order_operate.html HTTP/1.1" 200 37
61.165.42.208 - - [12/Jun/2021:10:46:16 +0800] "GET /xingrg/kc/buy/cgsh_order_operate.html?command=get_materiel&rest_code=00105&code=00101006164&supplier_code=00100326&order_time=2021-06-12 HTTP/1.1" 200 415
222.70.177.90 - - [12/Jun/2021:10:46:17 +0800] "GET /xingrg/all/function/internal_message.html?_=1623465972015&CODE_STATE=getMsg HTTP/1.1" 200 27
116.224.253.72 - - [12/Jun/2021:10:46:20 +0800] "POST /xingrg/kc/buy/cgsh_order_operate.html HTTP/1.1" 200 12
116.224.253.72 - - [12/Jun/2021:10:46:21 +0800] "GET /xingrg/kc/buy/cgsh_order_info.html?code=212021061205333 HTTP/1.1" 200 57081
116.224.253.72 - - [12/Jun/2021:10:46:21 +0800] "GET /xingrg/javascript/auto/jquery.autocomplete.js HTTP/1.1" 200 21624
116.224.253.72 - - [12/Jun/2021:10:46:21 +0800] "GET /xingrg/javascript/easyui/themes/default/validatebox.css HTTP/1.1" 404 1104
116.224.253.72 - - [12/Jun/2021:10:46:22 +0800] "POST /xingrg/kc/buy/cgsh_order_operate.html HTTP/1.1" 200 629
116.224.253.72 - - [12/Jun/2021:10:46:24 +0800] "GET /xingrg/kc/print/load_data.html?order_code=212021061205333&kc_code=cgsh&condition= HTTP/1.1" 200 757
116.230.110.80 - - [12/Jun/2021:10:46:25 +0800] "GET /xingrg/all/function/internal_message.html?_=1623465961604&CODE_STATE=getMsg HTTP/1.1" 200 27
61.165.42.208 - - [12/Jun/2021:10:46:33 +0800] "GET /xingrg/kc/buy/cgsh_order_operate.html?command=get_materiel&rest_code=00105&code=00101020248&supplier_code=00100326&order_time=2021-06-12 HTTP/1.1" 200 403
116.224.253.72 - - [12/Jun/2021:10:46:34 +0800] "GET /xingrg/kc/buy/cgsh_order_add.html HTTP/1.1" 200 62171
116.224.253.72 - - [12/Jun/2021:10:46:34 +0800] "GET /xingrg/javascript/auto/jquery.autocomplete.js HTTP/1.1" 200 21624
61.165.42.208 - - [12/Jun/2021:10:46:34 +0800] "GET /xingrg/all/function/internal_message.html?_=1623465970381&CODE_STATE=getMsg HTTP/1.1" 200 27
116.224.253.72 - - [12/Jun/2021:10:46:35 +0800] "POST /xingrg/kc/buy/cgsh_order_operate.html HTTP/1.1" 200 8245
116.224.253.72 - - [12/Jun/2021:10:46:35 +0800] "GET /xingrg/javascript/easyui/themes/default/validatebox.css HTTP/1.1" 404 1104
117.185.32.26 - - [12/Jun/2021:10:46:38 +0800] "GET /xingrg/all/function/internal_message.html?_=1623466531272&CODE_STATE=getMsg HTTP/1.1" 200 27
180.169.147.146 - - [12/Jun/2021:10:46:40 +0800] "GET /xingrg/all/function/internal_message.html?_=1623466000429&CODE_STATE=getMsg HTTP/1.1" 302 -
61.165.42.208 - - [12/Jun/2021:10:46:45 +0800] "GET /xingrg/kc/buy/cgsh_order_operate.html?command=get_materiel&rest_code=00105&code=00101010567&supplier_code=00100326&order_time=2021-06-12 HTTP/1.1" 200 399
114.83.223.149 - - [12/Jun/2021:10:46:47 +0800] "GET /xingrg/all/function/internal_message.html?_=1623466007485&CODE_STATE=getMsg HTTP/1.1" 200 27
114.83.223.149 - - [12/Jun/2021:10:46:49 +0800] "GET /xingrg/check_reg.html?_=1623466008982 HTTP/1.1" 200 22
120.253.135.82 - - [12/Jun/2021:10:46:49 +0800] "GET /xingrg/index.html?sysBaseUrl=http%3A%2F%2F180.169.147.146%3A18081%2Fxingrg%2F&costTime=34×tamp=1585631483848 HTTP/1.1" 302 -
120.253.135.82 - - [12/Jun/2021:10:46:49 +0800] "GET /xingrg/login.html HTTP/1.1" 200 7641
120.253.135.82 - - [12/Jun/2021:10:46:50 +0800] "GET /xingrg/images/blue/jxLogo.png HTTP/1.1" 304 -
120.253.135.82 - - [12/Jun/2021:10:46:50 +0800] "GET /xingrg/images/blue/login_bg.png HTTP/1.1" 304 -
120.253.135.82 - - [12/Jun/2021:10:46:50 +0800] "GET /xingrg/images/blue/hj.png HTTP/1.1" 304 -
120.253.135.82 - - [12/Jun/2021:10:46:50 +0800] "GET /xingrg/images/blue/srbg.png HTTP/1.1" 200 138
120.253.135.82 - - [12/Jun/2021:10:46:50 +0800] "GET /favicon.ico HTTP/1.1" 404 -
61.165.42.208 - - [12/Jun/2021:10:46:51 +0800] "GET /xingrg/kc/buy/cgsh_order_operate.html?command=get_materiel&rest_code=00105&code=00101010501&supplier_code=00100326&order_time=2021-06-12 HTTP/1.1" 200 396
120.253.135.82 - - [12/Jun/2021:10:46:52 +0800] "POST /xingrg/login.do HTTP/1.1" 302 -
120.253.135.82 - - [12/Jun/2021:10:46:53 +0800] "GET /xingrg/javascript/jquery_easy_ui/themes/default/easyui.css HTTP/1.1" 304 -
120.253.135.82 - - [12/Jun/2021:10:46:53 +0800] "GET /xingrg/index.html?sysBaseUrl=http%3A%2F%2F180.169.147.146%3A18081%2Fxingrg%2F&costTime=38×tamp=1623466012976 HTTP/1.1" 200 17173
120.253.135.82 - - [12/Jun/2021:10:46:53 +0800] "GET /xingrg/javascript/jquery_easy_ui/themes/icon.css HTTP/1.1" 304 -
120.253.135.82 - - [12/Jun/2021:10:46:53 +0800] "GET /xingrg/css/form.css HTTP/1.1" 304 -
120.253.135.82 - - [12/Jun/2021:10:46:53 +0800] "GET /xingrg/javascript/jquery-1.4.2.min.js HTTP/1.1" 304 -
120.253.135.82 - - [12/Jun/2021:10:46:53 +0800] "GET /xingrg/javascript/jquery_easy_ui/jquery.easyui.min.js HTTP/1.1" 200 213662
120.253.135.82 - - [12/Jun/2021:10:46:53 +0800] "GET /xingrg/javascript/jquery_easy_ui/easyui-lang-zh_CN.js HTTP/1.1" 304 -
120.253.135.82 - - [12/Jun/2021:10:46:53 +0800] "GET /xingrg/javascript/jquery.form.js HTTP/1.1" 200 23110
120.253.135.82 - - [12/Jun/2021:10:46:53 +0800] "GET /xingrg/javascript/jquery.timers.js HTTP/1.1" 200 3532
120.253.135.82 - - [12/Jun/2021:10:46:53 +0800] "GET /xingrg/javascript/jquery.utils.js HTTP/1.1" 200 11805
120.253.135.82 - - [12/Jun/2021:10:46:53 +0800] "GET /xingrg/images/blue/navBackgound.jpg HTTP/1.1" 304 -
120.253.135.82 - - [12/Jun/2021:10:46:53 +0800] "GET /xingrg/javascript/jquery_easy_ui/themes/icons/settle_new.png HTTP/1.1" 304 -
120.253.135.82 - - [12/Jun/2021:10:46:53 +0800] "POST /xingrg/all/common/load_tree.html?tree=area_rest_tree_json&manage=1 HTTP/1.1" 200 344
120.253.135.82 - - [12/Jun/2021:10:46:53 +0800] "GET /xingrg/images/blue/pingpu.png HTTP/1.1" 304 -
120.253.135.82 - - [12/Jun/2021:10:46:53 +0800] "GET /xingrg/javascript/jquery_easy_ui/themes/default/images/tabs_leftarrow.png HTTP/1.1" 304 -
120.253.135.82 - - [12/Jun/2021:10:46:53 +0800] "GET /xingrg/javascript/jquery_easy_ui/themes/default/images/tabs_rightarrow.png HTTP/1.1" 304 -
120.253.135.82 - - [12/Jun/2021:10:46:53 +0800] "GET /xingrg/javascript/jquery_easy_ui/themes/default/images/panel_tool_collapse.gif HTTP/1.1" 304 -
120.253.135.82 - - [12/Jun/2021:10:46:53 +0800] "GET /xingrg/all/function/internal_message.html?_=1623466039278&CODE_STATE=count HTTP/1.1" 200 11
120.253.135.82 - - [12/Jun/2021:10:46:53 +0800] "GET /xingrg/check_reg.html?_=1623466039280 HTTP/1.1" 200 22
120.253.135.82 - - [12/Jun/2021:10:46:53 +0800] "GET /favicon.ico HTTP/1.1" 404 -
120.253.135.82 - - [12/Jun/2021:10:46:53 +0800] "POST /xingrg/load_menu.html HTTP/1.1" 200 6743
120.253.135.82 - - [12/Jun/2021:10:46:53 +0800] "GET /xingrg/javascript/jquery_easy_ui/themes/default/images/tree_arrows.gif HTTP/1.1" 304 -
120.253.135.82 - - [12/Jun/2021:10:46:53 +0800] "GET /xingrg/javascript/jquery_easy_ui/themes/default/images/tree_folder_open.gif HTTP/1.1" 304 -
120.253.135.82 - - [12/Jun/2021:10:46:53 +0800] "GET /xingrg/javascript/jquery_easy_ui/themes/icons/search_new.png HTTP/1.1" 304 -
120.253.135.82 - - [12/Jun/2021:10:46:53 +0800] "GET /xingrg/javascript/jquery_easy_ui/themes/icons/delivery_new.png HTTP/1.1" 304 -
120.253.135.82 - - [12/Jun/2021:10:46:53 +0800] "GET /xingrg/javascript/jquery_easy_ui/themes/icons/storage_new.png HTTP/1.1" 304 -
120.253.135.82 - - [12/Jun/2021:10:46:53 +0800] "GET /xingrg/javascript/jquery_easy_ui/themes/icons/forms_new.png HTTP/1.1" 304 -
120.253.135.82 - - [12/Jun/2021:10:46:53 +0800] "GET /xingrg/javascript/jquery_easy_ui/themes/default/images/tree_file.gif HTTP/1.1" 304 -
120.253.135.82 - - [12/Jun/2021:10:46:53 +0800] "GET /xingrg/javascript/jquery_easy_ui/themes/default/images/tree_folder.gif HTTP/1.1" 304 -
116.235.222.38 - - [12/Jun/2021:10:46:55 +0800] "GET /xingrg/all/function/internal_message.html?_=1623466006752&CODE_STATE=getMsg HTTP/1.1" 200 27
61.165.42.208 - - [12/Jun/2021:10:46:58 +0800] "GET /xingrg/kc/buy/cgsh_order_operate.html?command=get_materiel&rest_code=00105&code=00101007111&supplier_code=00100326&order_time=2021-06-12 HTTP/1.1" 200 417
120.253.135.82 - - [12/Jun/2021:10:46:58 +0800] "GET /xingrg/javascript/jquery_easy_ui/themes/default/images/tabs_close.gif HTTP/1.1" 304 -
120.253.135.82 - - [12/Jun/2021:10:46:58 +0800] "GET /xingrg/css/base.css HTTP/1.1" 304 -
120.253.135.82 - - [12/Jun/2021:10:46:58 +0800] "GET /xingrg/css/site.css HTTP/1.1" 304 -
120.253.135.82 - - [12/Jun/2021:10:46:58 +0800] "GET /xingrg/kc/buy/cgsh_order_list.html HTTP/1.1" 200 46779
120.253.135.82 - - [12/Jun/2021:10:46:58 +0800] "GET /xingrg/javascript/jquery_tools/datebox.css HTTP/1.1" 304 -
120.253.135.82 - - [12/Jun/2021:10:46:58 +0800] "GET /xingrg/javascript/easyui/themes/default/easyui.css HTTP/1.1" 304 -
120.253.135.82 - - [12/Jun/2021:10:46:58 +0800] "GET /xingrg/javascript/easyui/themes/icon.css HTTP/1.1" 304 -
120.253.135.82 - - [12/Jun/2021:10:46:58 +0800] "GET /xingrg/javascript/auto/jquery.autocomplete.css HTTP/1.1" 304 -
120.253.135.82 - - [12/Jun/2021:10:46:58 +0800] "GET /xingrg/javascript/jquery_tools/fix.css HTTP/1.1" 304 -
120.253.135.82 - - [12/Jun/2021:10:46:58 +0800] "GET /xingrg/javascript/jquery_tools/table.css HTTP/1.1" 304 -
120.253.135.82 - - [12/Jun/2021:10:46:58 +0800] "GET /xingrg/javascript/jquery_tools/jquery.tools.extend.js HTTP/1.1" 304 -
120.253.135.82 - - [12/Jun/2021:10:46:58 +0800] "GET /xingrg/javascript/jquery_tools/jquery.tools.hotkey.js HTTP/1.1" 304 -
120.253.135.82 - - [12/Jun/2021:10:46:58 +0800] "GET /xingrg/javascript/jquery_tools/jquery.tools.min.js HTTP/1.1" 304 -
120.253.135.82 - - [12/Jun/2021:10:46:58 +0800] "GET /xingrg/javascript/jquery_tools/jquery.tools.table.js HTTP/1.1" 304 -
120.253.135.82 - - [12/Jun/2021:10:46:58 +0800] "GET /xingrg/javascript/jquery_tools/list_manager.js HTTP/1.1" 304 -
120.253.135.82 - - [12/Jun/2021:10:46:58 +0800] "GET /xingrg/javascript/jquery.cookie.js HTTP/1.1" 304 -
120.253.135.82 - - [12/Jun/2021:10:46:58 +0800] "GET /xingrg/javascript/print/LodopFuncs.js HTTP/1.1" 304 -
120.253.135.82 - - [12/Jun/2021:10:46:58 +0800] "GET /xingrg/javascript/auto/jquery.autocomplete.js HTTP/1.1" 304 -
120.253.135.82 - - [12/Jun/2021:10:46:58 +0800] "GET /xingrg/javascript/easyui/easyloader.js HTTP/1.1" 304 -
61.165.42.208 - - [12/Jun/2021:10:46:58 +0800] "GET /xingrg/all/function/internal_message.html?_=1623466018132&CODE_STATE=getMsg HTTP/1.1" 200 27
120.253.135.82 - - [12/Jun/2021:10:46:58 +0800] "GET /xingrg/javascript/jquery.utils.js HTTP/1.1" 200 11805
120.253.135.82 - - [12/Jun/2021:10:46:58 +0800] "GET /xingrg/javascript/easyui/themes/icons/edit_add_new.png HTTP/1.1" 304 -
120.253.135.82 - - [12/Jun/2021:10:46:58 +0800] "GET /xingrg/javascript/easyui/themes/icons/cance_new.png HTTP/1.1" 304 -
120.253.135.82 - - [12/Jun/2021:10:46:58 +0800] "GET /xingrg/javascript/easyui/themes/icons/check_new.png HTTP/1.1" 304 -
120.253.135.82 - - [12/Jun/2021:10:46:58 +0800] "GET /xingrg/javascript/easyui/themes/icons/field_new.png HTTP/1.1" 304 -
120.253.135.82 - - [12/Jun/2021:10:46:58 +0800] "GET /xingrg/javascript/easyui/themes/icons/import_new.png HTTP/1.1" 304 -
120.253.135.82 - - [12/Jun/2021:10:46:59 +0800] "GET /xingrg/javascript/easyui/plugins/jquery.parser.js HTTP/1.1" 304 -
120.253.135.82 - - [12/Jun/2021:10:46:59 +0800] "GET /xingrg/images/control/ajaxLoader.gif HTTP/1.1" 304 -
120.253.135.82 - - [12/Jun/2021:10:46:59 +0800] "POST /xingrg/kc/buy/cgsh_list_operate.html HTTP/1.1" 200 876
120.253.135.82 - - [12/Jun/2021:10:47:01 +0800] "GET /xingrg/javascript/easyui/themes/default/images/button_plain_hover.png HTTP/1.1" 304 -
120.253.135.82 - - [12/Jun/2021:10:47:01 +0800] "GET /xingrg/javascript/easyui/themes/default/images/button_plain_hover.png HTTP/1.1" 304 -
120.253.135.82 - - [12/Jun/2021:10:47:01 +0800] "GET /xingrg/javascript/easyui/themes/default/images/button_plain_hover.png HTTP/1.1" 304 -
120.253.135.82 - - [12/Jun/2021:10:47:01 +0800] "GET /xingrg/javascript/pic_change.js HTTP/1.1" 304 -
120.253.135.82 - - [12/Jun/2021:10:47:01 +0800] "GET /xingrg/kc/buy/cgsh_order_add.html HTTP/1.1" 200 61578
120.253.135.82 - - [12/Jun/2021:10:47:01 +0800] "GET /xingrg/javascript/jquery_tools/order_manager.js HTTP/1.1" 304 -
120.253.135.82 - - [12/Jun/2021:10:47:01 +0800] "GET /xingrg/javascript/convert.js HTTP/1.1" 304 -
120.253.135.82 - - [12/Jun/2021:10:47:01 +0800] "GET /xingrg/javascript/json2.js HTTP/1.1" 304 -
120.253.135.82 - - [12/Jun/2021:10:47:01 +0800] "GET /xingrg/javascript/print/kc_print.js HTTP/1.1" 304 -
120.253.135.82 - - [12/Jun/2021:10:47:01 +0800] "GET /xingrg/javascript/jquery.utils.js HTTP/1.1" 200 11805
120.253.135.82 - - [12/Jun/2021:10:47:02 +0800] "GET /xingrg/words/20210612095602_words.js HTTP/1.1" 200 820687
120.253.135.82 - - [12/Jun/2021:10:47:02 +0800] "GET /xingrg/javascript/easyui/themes/icons/copy_new.png HTTP/1.1" 304 -
120.253.135.82 - - [12/Jun/2021:10:47:02 +0800] "GET /xingrg/javascript/easyui/themes/icons/template_new.png HTTP/1.1" 304 -
120.253.135.82 - - [12/Jun/2021:10:47:02 +0800] "GET /xingrg/javascript/easyui/themes/icons/print.png HTTP/1.1" 304 -
120.253.135.82 - - [12/Jun/2021:10:47:02 +0800] "GET /xingrg/javascript/easyui/themes/icons/ok.png HTTP/1.1" 304 -
120.253.135.82 - - [12/Jun/2021:10:47:02 +0800] "GET /xingrg/javascript/easyui/themes/default/images/menu_downarrow.png HTTP/1.1" 304 -
120.253.135.82 - - [12/Jun/2021:10:47:02 +0800] "GET /xingrg/javascript/easyui/themes/icons/cancel.png HTTP/1.1" 304 -
120.253.135.82 - - [12/Jun/2021:10:47:02 +0800] "GET /xingrg/all/common/auto_word.html?type=employee&rest_code=00101 HTTP/1.1" 200 1077
120.253.135.82 - - [12/Jun/2021:10:47:02 +0800] "GET /xingrg/all/common/auto_word.html?type=employee&rest_code=00101 HTTP/1.1" 200 1077
120.253.135.82 - - [12/Jun/2021:10:47:02 +0800] "GET /xingrg/javascript/easyui/themes/default/validatebox.css HTTP/1.1" 404 1104
120.253.135.82 - - [12/Jun/2021:10:47:02 +0800] "GET /xingrg/javascript/easyui/plugins/jquery.validatebox.js HTTP/1.1" 304 -
120.253.135.82 - - [12/Jun/2021:10:47:02 +0800] "GET /xingrg/javascript/easyui/plugins/jquery.numberbox.js HTTP/1.1" 304 -
120.253.135.82 - - [12/Jun/2021:10:47:02 +0800] "POST /xingrg/kc/buy/cgsh_order_operate.html HTTP/1.1" 200 8245
120.253.135.82 - - [12/Jun/2021:10:47:02 +0800] "GET /xingrg/javascript/easyui/themes/icons/edit_remove.png HTTP/1.1" 304 -
120.253.135.82 - - [12/Jun/2021:10:47:04 +0800] "GET /xingrg/javascript/auto/indicator.gif HTTP/1.1" 404 1066
116.224.253.72 - - [12/Jun/2021:10:47:04 +0800] "GET /xingrg/all/function/internal_message.html?_=1623466018204&CODE_STATE=getMsg HTTP/1.1" 200 27
61.165.42.208 - - [12/Jun/2021:10:47:05 +0800] "POST /xingrg/kc/buy/cgsh_order_operate.html HTTP/1.1" 200 37
116.224.253.72 - - [12/Jun/2021:10:47:06 +0800] "GET /xingrg/kc/buy/cgsh_order_operate.html?command=get_materiel&rest_code=00151&code=00101008146&supplier_code=00100440&order_time=2021-06-12 HTTP/1.1" 200 416
61.165.42.208 - - [12/Jun/2021:10:47:07 +0800] "POST /xingrg/kc/buy/cgsh_order_operate.html HTTP/1.1" 200 5036
116.230.117.165 - - [12/Jun/2021:10:47:07 +0800] "GET /xingrg/all/function/internal_message.html?_=1623466048550&CODE_STATE=getMsg HTTP/1.1" 200 27
61.165.42.208 - - [12/Jun/2021:10:47:08 +0800] "GET /xingrg/kc/print/load_data.html?order_code=212021061205334&kc_code=cgsh&condition= HTTP/1.1" 200 1593
61.165.42.208 - - [12/Jun/2021:10:47:08 +0800] "GET /xingrg/javascript/jquery_easy_ui/themes/icons/rest.png HTTP/1.1" 304 -
61.165.42.208 - - [12/Jun/2021:10:47:08 +0800] "GET /xingrg/javascript/jquery_easy_ui/themes/icons/manage.png HTTP/1.1" 304 -
61.165.42.208 - - [12/Jun/2021:10:47:08 +0800] "GET /xingrg/javascript/jquery_easy_ui/themes/icons/area.png HTTP/1.1" 304 -
61.165.42.208 - - [12/Jun/2021:10:47:11 +0800] "GET /xingrg/kc/buy/cgsh_order_add.html HTTP/1.1" 200 62564
61.165.42.208 - - [12/Jun/2021:10:47:11 +0800] "GET /xingrg/javascript/easyui/themes/default/validatebox.css HTTP/1.1" 404 1104
61.165.42.208 - - [12/Jun/2021:10:47:11 +0800] "POST /xingrg/kc/buy/cgsh_order_operate.html HTTP/1.1" 200 8245
116.224.253.72 - - [12/Jun/2021:10:47:15 +0800] "POST /xingrg/kc/buy/cgsh_order_operate.html HTTP/1.1" 200 37
222.70.177.90 - - [12/Jun/2021:10:47:17 +0800] "GET /xingrg/check_reg.html?_=1623466032015 HTTP/1.1" 200 22
222.70.177.90 - - [12/Jun/2021:10:47:17 +0800] "GET /xingrg/all/function/internal_message.html?_=1623466032014&CODE_STATE=getMsg HTTP/1.1" 200 27
58.221.95.50 - - [12/Jun/2021:10:47:17 +0800] "GET /xingrg/check_reg.html?_=1623466037524 HTTP/1.1" 302 -
116.224.253.72 - - [12/Jun/2021:10:47:18 +0800] "POST /xingrg/kc/buy/cgsh_order_operate.html HTTP/1.1" 200 12
116.235.222.38 - - [12/Jun/2021:10:47:18 +0800] "GET /xingrg/kc/buy/cgsh_order_operate.html?command=get_materiel&rest_code=00107&code=00101008032&supplier_code=00100006&order_time=2021-06-12 HTTP/1.1" 200 408
116.224.253.72 - - [12/Jun/2021:10:47:19 +0800] "GET /xingrg/kc/buy/cgsh_order_info.html?code=212021061205335 HTTP/1.1" 200 57081
116.224.253.72 - - [12/Jun/2021:10:47:19 +0800] "GET /xingrg/javascript/auto/jquery.autocomplete.js HTTP/1.1" 200 21624
116.224.253.72 - - [12/Jun/2021:10:47:19 +0800] "GET /xingrg/javascript/easyui/themes/default/validatebox.css HTTP/1.1" 404 1104
116.224.253.72 - - [12/Jun/2021:10:47:20 +0800] "POST /xingrg/kc/buy/cgsh_order_operate.html HTTP/1.1" 200 620
61.165.42.208 - - [12/Jun/2021:10:47:20 +0800] "GET /xingrg/kc/buy/cgsh_order_operate.html?command=get_materiel&rest_code=00105&code=00101001264&supplier_code=00100090&order_time=2021-06-12 HTTP/1.1" 200 398
120.253.135.82 - - [12/Jun/2021:10:47:21 +0800] "GET /xingrg/css/images/panel_loading.gif HTTP/1.1" 304 -
120.253.135.82 - - [12/Jun/2021:10:47:21 +0800] "POST /xingrg/all/common/load_combo.html?type=employee HTTP/1.1" 200 1928
116.224.253.72 - - [12/Jun/2021:10:47:22 +0800] "GET /xingrg/kc/print/load_data.html?order_code=212021061205335&kc_code=cgsh&condition= HTTP/1.1" 200 748
116.230.110.80 - - [12/Jun/2021:10:47:25 +0800] "GET /xingrg/all/function/internal_message.html?_=1623466021592&CODE_STATE=getMsg HTTP/1.1" 200 27
116.224.253.72 - - [12/Jun/2021:10:47:30 +0800] "GET /xingrg/kc/buy/cgsh_order_add.html HTTP/1.1" 200 62171
116.224.253.72 - - [12/Jun/2021:10:47:30 +0800] "GET /xingrg/javascript/auto/jquery.autocomplete.js HTTP/1.1" 200 21624
116.224.253.72 - - [12/Jun/2021:10:47:30 +0800] "POST /xingrg/kc/buy/cgsh_order_operate.html HTTP/1.1" 200 8245
116.224.253.72 - - [12/Jun/2021:10:47:30 +0800] "GET /xingrg/javascript/easyui/themes/default/validatebox.css HTTP/1.1" 404 1104
120.253.135.82 - - [12/Jun/2021:10:47:33 +0800] "GET /xingrg/kc/buy/cgsh_order_operate.html?command=get_materiel&rest_code=00101&code=00101017003&supplier_code=00100459&order_time=2021-06-12 HTTP/1.1" 200 446
61.165.42.208 - - [12/Jun/2021:10:47:34 +0800] "GET /xingrg/kc/buy/cgsh_order_operate.html?command=get_materiel&rest_code=00105&code=00101001037&supplier_code=00100090&order_time=2021-06-12 HTTP/1.1" 200 416
61.165.42.208 - - [12/Jun/2021:10:47:34 +0800] "GET /xingrg/all/function/internal_message.html?_=1623466030380&CODE_STATE=getMsg HTTP/1.1" 200 27
116.235.222.38 - - [12/Jun/2021:10:47:35 +0800] "GET /xingrg/kc/buy/cgsh_order_operate.html?command=get_materiel&rest_code=00107&code=00101008212&supplier_code=00100006&order_time=2021-06-12 HTTP/1.1" 200 412
117.185.32.26 - - [12/Jun/2021:10:47:38 +0800] "GET /xingrg/all/function/internal_message.html?_=1623466591272&CODE_STATE=getMsg HTTP/1.1" 200 27
180.169.147.146 - - [12/Jun/2021:10:47:40 +0800] "GET /xingrg/all/function/internal_message.html?_=1623466060433&CODE_STATE=getMsg HTTP/1.1" 302 -
61.165.42.208 - - [12/Jun/2021:10:47:40 +0800] "GET /xingrg/kc/buy/cgsh_order_operate.html?command=get_materiel&rest_code=00105&code=00101001040&supplier_code=00100090&order_time=2021-06-12 HTTP/1.1" 200 415
116.224.253.72 - - [12/Jun/2021:10:47:41 +0800] "GET /xingrg/kc/buy/cgsh_order_operate.html?command=get_materiel&rest_code=00151&code=00101008147&supplier_code=00100440&order_time=2021-06-12 HTTP/1.1" 200 416
116.235.222.38 - - [12/Jun/2021:10:47:45 +0800] "GET /xingrg/kc/buy/cgsh_order_operate.html?command=get_materiel&rest_code=00107&code=00101009024&supplier_code=00100006&order_time=2021-06-12 HTTP/1.1" 200 404
114.83.223.149 - - [12/Jun/2021:10:47:47 +0800] "GET /xingrg/all/function/internal_message.html?_=1623466067469&CODE_STATE=getMsg HTTP/1.1" 200 27
120.253.135.82 - - [12/Jun/2021:10:47:53 +0800] "GET /xingrg/all/function/internal_message.html?_=1623466099286&CODE_STATE=getMsg HTTP/1.1" 200 27
120.253.135.82 - - [12/Jun/2021:10:47:53 +0800] "POST /xingrg/kc/buy/cgsh_order_operate.html HTTP/1.1" 200 37
120.253.135.82 - - [12/Jun/2021:10:47:55 +0800] "POST /xingrg/kc/buy/cgsh_order_operate.html HTTP/1.1" 200 2678
61.165.42.208 - - [12/Jun/2021:10:47:56 +0800] "GET /xingrg/kc/buy/cgsh_order_operate.html?command=get_materiel&rest_code=00105&code=00101001049&supplier_code=00100090&order_time=2021-06-12 HTTP/1.1" 200 413
116.235.222.38 - - [12/Jun/2021:10:47:56 +0800] "GET /xingrg/check_reg.html?_=1623466067416 HTTP/1.1" 200 22
116.235.222.38 - - [12/Jun/2021:10:47:56 +0800] "GET /xingrg/all/function/internal_message.html?_=1623466067432&CODE_STATE=getMsg HTTP/1.1" 200 27
116.224.253.72 - - [12/Jun/2021:10:47:58 +0800] "POST /xingrg/kc/buy/cgsh_order_operate.html HTTP/1.1" 200 37
61.165.42.208 - - [12/Jun/2021:10:47:58 +0800] "GET /xingrg/all/function/internal_message.html?_=1623466078133&CODE_STATE=getMsg HTTP/1.1" 200 27
116.224.253.72 - - [12/Jun/2021:10:48:01 +0800] "POST /xingrg/kc/buy/cgsh_order_operate.html HTTP/1.1" 200 12
116.224.253.72 - - [12/Jun/2021:10:48:02 +0800] "GET /xingrg/kc/buy/cgsh_order_info.html?code=212021061205337 HTTP/1.1" 200 57081
116.224.253.72 - - [12/Jun/2021:10:48:02 +0800] "GET /xingrg/javascript/auto/jquery.autocomplete.js HTTP/1.1" 200 21624
116.224.253.72 - - [12/Jun/2021:10:48:02 +0800] "GET /xingrg/javascript/easyui/themes/default/validatebox.css HTTP/1.1" 404 1104
116.224.253.72 - - [12/Jun/2021:10:48:03 +0800] "POST /xingrg/kc/buy/cgsh_order_operate.html HTTP/1.1" 200 1225
116.224.253.72 - - [12/Jun/2021:10:48:04 +0800] "GET /xingrg/kc/print/load_data.html?order_code=212021061205337&kc_code=cgsh&condition= HTTP/1.1" 200 986
116.224.253.72 - - [12/Jun/2021:10:48:04 +0800] "GET /xingrg/all/function/internal_message.html?_=1623466078320&CODE_STATE=getMsg HTTP/1.1" 200 27
116.230.117.165 - - [12/Jun/2021:10:48:07 +0800] "GET /xingrg/all/function/internal_message.html?_=1623466108565&CODE_STATE=getMsg HTTP/1.1" 200 27
61.165.42.208 - - [12/Jun/2021:10:48:09 +0800] "GET /xingrg/kc/buy/cgsh_order_operate.html?command=get_materiel&rest_code=00105&code=00101001140&supplier_code=00100090&order_time=2021-06-12 HTTP/1.1" 200 415
116.224.253.72 - - [12/Jun/2021:10:48:09 +0800] "GET /xingrg/javascript/auto/jquery.autocomplete.js HTTP/1.1" 200 21624
116.224.253.72 - - [12/Jun/2021:10:48:09 +0800] "GET /xingrg/kc/buy/cgsh_order_add.html HTTP/1.1" 200 62171
116.224.253.72 - - [12/Jun/2021:10:48:10 +0800] "POST /xingrg/kc/buy/cgsh_order_operate.html HTTP/1.1" 200 8245
116.224.253.72 - - [12/Jun/2021:10:48:10 +0800] "GET /xingrg/javascript/easyui/themes/default/validatebox.css HTTP/1.1" 404 1104
222.70.177.90 - - [12/Jun/2021:10:48:17 +0800] "GET /xingrg/all/function/internal_message.html?_=1623466092012&CODE_STATE=getMsg HTTP/1.1" 200 27
116.235.222.38 - - [12/Jun/2021:10:48:17 +0800] "POST /xingrg/kc/buy/cgsh_order_operate.html HTTP/1.1" 200 75
116.224.253.72 - - [12/Jun/2021:10:48:20 +0800] "GET /xingrg/kc/buy/cgsh_order_operate.html?command=get_materiel&rest_code=00151&code=00101016079&supplier_code=00100337&order_time=2021-06-12 HTTP/1.1" 200 413
61.165.42.208 - - [12/Jun/2021:10:48:23 +0800] "GET /xingrg/kc/buy/cgsh_order_operate.html?command=get_materiel&rest_code=00105&code=00101001125&supplier_code=00100090&order_time=2021-06-12 HTTP/1.1" 200 415
116.230.110.80 - - [12/Jun/2021:10:48:25 +0800] "GET /xingrg/all/function/internal_message.html?_=1623466081577&CODE_STATE=getMsg HTTP/1.1" 200 27
116.235.222.38 - - [12/Jun/2021:10:48:31 +0800] "POST /xingrg/kc/buy/cgsh_order_operate.html HTTP/1.1" 200 64
116.224.253.72 - - [12/Jun/2021:10:48:33 +0800] "POST /xingrg/kc/buy/cgsh_order_operate.html HTTP/1.1" 200 37
61.165.42.208 - - [12/Jun/2021:10:48:34 +0800] "GET /xingrg/all/function/internal_message.html?_=1623466090381&CODE_STATE=getMsg HTTP/1.1" 200 27
61.165.42.208 - - [12/Jun/2021:10:48:34 +0800] "GET /xingrg/check_reg.html?_=1623466090384 HTTP/1.1" 200 22
61.165.42.208 - - [12/Jun/2021:10:48:37 +0800] "GET /xingrg/kc/buy/cgsh_order_operate.html?command=get_materiel&rest_code=00105&code=00101001169&supplier_code=00100090&order_time=2021-06-12 HTTP/1.1" 200 415
116.224.253.72 - - [12/Jun/2021:10:48:37 +0800] "POST /xingrg/kc/buy/cgsh_order_operate.html HTTP/1.1" 200 12
117.185.32.26 - - [12/Jun/2021:10:48:38 +0800] "GET /xingrg/all/function/internal_message.html?_=1623466651285&CODE_STATE=getMsg HTTP/1.1" 200 27
117.185.32.26 - - [12/Jun/2021:10:48:38 +0800] "GET /xingrg/check_reg.html?_=1623466651286 HTTP/1.1" 200 22
116.224.253.72 - - [12/Jun/2021:10:48:38 +0800] "GET /xingrg/kc/buy/cgsh_order_info.html?code=212021061205339 HTTP/1.1" 200 57079
116.224.253.72 - - [12/Jun/2021:10:48:38 +0800] "GET /xingrg/javascript/auto/jquery.autocomplete.js HTTP/1.1" 200 21624
116.224.253.72 - - [12/Jun/2021:10:48:39 +0800] "GET /xingrg/javascript/easyui/themes/default/validatebox.css HTTP/1.1" 404 1104
180.169.147.146 - - [12/Jun/2021:10:48:40 +0800] "GET /xingrg/all/function/internal_message.html?_=1623466120439&CODE_STATE=getMsg HTTP/1.1" 302 -
116.235.222.38 - - [12/Jun/2021:10:48:41 +0800] "POST /xingrg/kc/buy/cgsh_order_operate.html HTTP/1.1" 200 37
116.224.253.72 - - [12/Jun/2021:10:48:41 +0800] "POST /xingrg/kc/buy/cgsh_order_operate.html HTTP/1.1" 200 615
116.235.222.38 - - [12/Jun/2021:10:48:42 +0800] "POST /xingrg/kc/buy/cgsh_order_operate.html HTTP/1.1" 200 2650
116.224.253.72 - - [12/Jun/2021:10:48:43 +0800] "GET /xingrg/kc/print/load_data.html?order_code=212021061205339&kc_code=cgsh&condition= HTTP/1.1" 200 736
114.83.223.149 - - [12/Jun/2021:10:48:47 +0800] "GET /xingrg/all/function/internal_message.html?_=1623466127457&CODE_STATE=getMsg HTTP/1.1" 200 27
61.165.42.208 - - [12/Jun/2021:10:48:48 +0800] "POST /xingrg/kc/buy/cgsh_order_operate.html HTTP/1.1" 200 37
61.165.42.208 - - [12/Jun/2021:10:48:50 +0800] "POST /xingrg/kc/buy/cgsh_order_operate.html HTTP/1.1" 200 6239
61.165.42.208 - - [12/Jun/2021:10:48:51 +0800] "GET /xingrg/kc/print/load_data.html?order_code=212021061205342&kc_code=cgsh&condition= HTTP/1.1" 200 2113
120.253.135.82 - - [12/Jun/2021:10:48:53 +0800] "GET /xingrg/all/function/internal_message.html?_=1623466159310&CODE_STATE=getMsg HTTP/1.1" 200 27
116.235.222.38 - - [12/Jun/2021:10:48:56 +0800] "GET /xingrg/all/function/internal_message.html?_=1623466127401&CODE_STATE=getMsg HTTP/1.1" 200 27
116.224.253.72 - - [12/Jun/2021:10:48:57 +0800] "GET /xingrg/kc/buy/cgsh_order_add.html HTTP/1.1" 200 62171
116.224.253.72 - - [12/Jun/2021:10:48:57 +0800] "GET /xingrg/javascript/auto/jquery.autocomplete.js HTTP/1.1" 200 21624
116.224.253.72 - - [12/Jun/2021:10:48:57 +0800] "POST /xingrg/kc/buy/cgsh_order_operate.html HTTP/1.1" 200 8245
116.224.253.72 - - [12/Jun/2021:10:48:57 +0800] "GET /xingrg/javascript/easyui/themes/default/validatebox.css HTTP/1.1" 404 1104
61.165.42.208 - - [12/Jun/2021:10:48:58 +0800] "GET /xingrg/all/function/internal_message.html?_=1623466138142&CODE_STATE=getMsg HTTP/1.1" 200 27
61.165.42.208 - - [12/Jun/2021:10:48:59 +0800] "GET /xingrg/kc/buy/cgsh_order_add.html HTTP/1.1" 200 62564
61.165.42.208 - - [12/Jun/2021:10:49:00 +0800] "GET /xingrg/javascript/easyui/themes/default/validatebox.css HTTP/1.1" 404 1104
61.165.42.208 - - [12/Jun/2021:10:49:00 +0800] "POST /xingrg/kc/buy/cgsh_order_operate.html HTTP/1.1" 200 8245
116.224.253.72 - - [12/Jun/2021:10:49:04 +0800] "GET /xingrg/all/function/internal_message.html?_=1623466138325&CODE_STATE=getMsg HTTP/1.1" 200 27
116.224.253.72 - - [12/Jun/2021:10:49:05 +0800] "GET /xingrg/kc/buy/cgsh_order_operate.html?command=get_materiel&rest_code=00151&code=00101010079&supplier_code=00100336&order_time=2021-06-12 HTTP/1.1" 200 413
116.235.222.38 - - [12/Jun/2021:10:49:06 +0800] "GET /xingrg/kc/buy/cgsh_order_operate.html?command=get_materiel&rest_code=00107&code=00101008149&supplier_code=00100006&order_time=2021-06-12 HTTP/1.1" 200 408
116.230.117.165 - - [12/Jun/2021:10:49:07 +0800] "GET /xingrg/all/function/internal_message.html?_=1623466168752&CODE_STATE=getMsg HTTP/1.1" 200 27
180.169.147.146 - - [12/Jun/2021:10:49:11 +0800] "GET /xingrg/check_reg.html?_=1623466150597 HTTP/1.1" 302 -
116.224.253.72 - - [12/Jun/2021:10:49:14 +0800] "POST /xingrg/kc/buy/cgsh_order_operate.html HTTP/1.1" 200 37
61.165.42.208 - - [12/Jun/2021:10:49:14 +0800] "GET /xingrg/kc/buy/cgsh_order_operate.html?command=get_materiel&rest_code=00105&code=00101004090&supplier_code=00100312&order_time=2021-06-12 HTTP/1.1" 200 391
116.235.222.38 - - [12/Jun/2021:10:49:16 +0800] "GET /xingrg/kc/buy/cgsh_order_operate.html?command=get_materiel&rest_code=00107&code=00101008354&supplier_code=00100006&order_time=2021-06-12 HTTP/1.1" 200 412
222.70.177.90 - - [12/Jun/2021:10:49:17 +0800] "GET /xingrg/all/function/internal_message.html?_=1623466152011&CODE_STATE=getMsg HTTP/1.1" 200 27
180.169.147.146 - - [12/Jun/2021:10:49:17 +0800] "GET /xingrg/check_reg.html?_=1623466156759 HTTP/1.1" 302 -
116.224.253.72 - - [12/Jun/2021:10:49:18 +0800] "POST /xingrg/kc/buy/cgsh_order_operate.html HTTP/1.1" 200 12
116.224.253.72 - - [12/Jun/2021:10:49:19 +0800] "GET /xingrg/kc/buy/cgsh_order_info.html?code=212021061205343 HTTP/1.1" 200 57077
116.224.253.72 - - [12/Jun/2021:10:49:19 +0800] "GET /xingrg/javascript/auto/jquery.autocomplete.js HTTP/1.1" 200 21624
116.224.253.72 - - [12/Jun/2021:10:49:19 +0800] "GET /xingrg/javascript/easyui/themes/default/validatebox.css HTTP/1.1" 404 1104
116.224.253.72 - - [12/Jun/2021:10:49:19 +0800] "POST /xingrg/kc/buy/cgsh_order_operate.html HTTP/1.1" 200 618
116.224.253.72 - - [12/Jun/2021:10:49:21 +0800] "GET /xingrg/kc/print/load_data.html?order_code=212021061205343&kc_code=cgsh&condition= HTTP/1.1" 200 735
116.230.110.80 - - [12/Jun/2021:10:49:25 +0800] "GET /xingrg/all/function/internal_message.html?_=1623466141572&CODE_STATE=getMsg HTTP/1.1" 200 27
116.230.110.80 - - [12/Jun/2021:10:49:25 +0800] "GET /xingrg/check_reg.html?_=1623466141575 HTTP/1.1" 200 22
61.165.42.208 - - [12/Jun/2021:10:49:25 +0800] "GET /xingrg/kc/buy/cgsh_order_operate.html?command=get_materiel&rest_code=00105&code=00101004046&supplier_code=00100312&order_time=2021-06-12 HTTP/1.1" 200 417
116.235.222.38 - - [12/Jun/2021:10:49:26 +0800] "GET /xingrg/kc/buy/cgsh_order_operate.html?command=get_materiel&rest_code=00107&code=00101008125&supplier_code=00100006&order_time=2021-06-12 HTTP/1.1" 200 413
116.224.253.72 - - [12/Jun/2021:10:49:27 +0800] "GET /xingrg/kc/buy/cgsh_order_add.html HTTP/1.1" 200 62171
116.224.253.72 - - [12/Jun/2021:10:49:27 +0800] "GET /xingrg/javascript/auto/jquery.autocomplete.js HTTP/1.1" 200 21624
116.224.253.72 - - [12/Jun/2021:10:49:28 +0800] "POST /xingrg/kc/buy/cgsh_order_operate.html HTTP/1.1" 200 8245
116.224.253.72 - - [12/Jun/2021:10:49:28 +0800] "GET /xingrg/javascript/easyui/themes/default/validatebox.css HTTP/1.1" 404 1104
116.235.222.38 - - [12/Jun/2021:10:49:29 +0800] "POST /xingrg/kc/buy/cgsh_order_operate.html HTTP/1.1" 200 2065
61.165.42.208 - - [12/Jun/2021:10:49:31 +0800] "GET /xingrg/kc/buy/cgsh_order_operate.html?command=get_materiel&rest_code=00105&code=00101004038&supplier_code=00100312&order_time=2021-06-12 HTTP/1.1" 200 409
61.165.42.208 - - [12/Jun/2021:10:49:34 +0800] "GET /xingrg/all/function/internal_message.html?_=1623466150384&CODE_STATE=getMsg HTTP/1.1" 200 27
116.224.253.72 - - [12/Jun/2021:10:49:35 +0800] "GET /xingrg/kc/buy/cgsh_order_operate.html?command=get_materiel&rest_code=00151&code=00101012046&supplier_code=00100347&order_time=2021-06-12 HTTP/1.1" 200 417
116.235.222.38 - - [12/Jun/2021:10:49:37 +0800] "GET /xingrg/kc/buy/cgsh_order_operate.html?command=get_materiel&rest_code=00107&code=00101008351&supplier_code=00100006&order_time=2021-06-12 HTTP/1.1" 200 408
117.185.32.26 - - [12/Jun/2021:10:49:38 +0800] "GET /xingrg/all/function/internal_message.html?_=1623466711283&CODE_STATE=getMsg HTTP/1.1" 200 27
180.169.147.146 - - [12/Jun/2021:10:49:40 +0800] "GET /xingrg/all/function/internal_message.html?_=1623466180444&CODE_STATE=getMsg HTTP/1.1" 302 -
61.165.42.208 - - [12/Jun/2021:10:49:42 +0800] "GET /xingrg/kc/buy/cgsh_order_operate.html?command=get_materiel&rest_code=00105&code=00101004067&supplier_code=00100312&order_time=2021-06-12 HTTP/1.1" 200 413
116.224.253.72 - - [12/Jun/2021:10:49:45 +0800] "POST /xingrg/kc/buy/cgsh_order_operate.html HTTP/1.1" 200 37
116.235.222.38 - - [12/Jun/2021:10:49:47 +0800] "GET /xingrg/kc/buy/cgsh_order_operate.html?command=get_materiel&rest_code=00107&code=00101008298&supplier_code=00100006&order_time=2021-06-12 HTTP/1.1" 200 412
114.83.223.149 - - [12/Jun/2021:10:49:47 +0800] "GET /xingrg/all/function/internal_message.html?_=1623466187428&CODE_STATE=getMsg HTTP/1.1" 200 27
116.224.253.72 - - [12/Jun/2021:10:49:48 +0800] "POST /xingrg/kc/buy/cgsh_order_operate.html HTTP/1.1" 200 12
116.224.253.72 - - [12/Jun/2021:10:49:49 +0800] "GET /xingrg/kc/buy/cgsh_order_info.html?code=212021061205344 HTTP/1.1" 200 57069
116.224.253.72 - - [12/Jun/2021:10:49:49 +0800] "GET /xingrg/javascript/auto/jquery.autocomplete.js HTTP/1.1" 200 21624
61.165.42.208 - - [12/Jun/2021:10:49:49 +0800] "GET /xingrg/kc/buy/cgsh_order_operate.html?command=get_materiel&rest_code=00105&code=00101004027&supplier_code=00100312&order_time=2021-06-12 HTTP/1.1" 200 409
116.224.253.72 - - [12/Jun/2021:10:49:50 +0800] "GET /xingrg/javascript/easyui/themes/default/validatebox.css HTTP/1.1" 404 1104
116.230.117.165 - - [12/Jun/2021:10:49:50 +0800] "GET /xingrg/check_reg.html?_=1623466211215 HTTP/1.1" 200 22
116.224.253.72 - - [12/Jun/2021:10:49:50 +0800] "POST /xingrg/kc/buy/cgsh_order_operate.html HTTP/1.1" 200 619
116.224.253.72 - - [12/Jun/2021:10:49:51 +0800] "GET /xingrg/kc/print/load_data.html?order_code=212021061205344&kc_code=cgsh&condition= HTTP/1.1" 200 725
120.253.135.82 - - [12/Jun/2021:10:49:53 +0800] "GET /xingrg/all/function/internal_message.html?_=1623466219329&CODE_STATE=getMsg HTTP/1.1" 200 27
116.230.110.80 - - [12/Jun/2021:10:49:54 +0800] "GET /xingrg/kc/buy/cgsh_order_operate.html?command=get_materiel&rest_code=00155&code=00101004084&supplier_code=00100312&order_time=2021-06-12 HTTP/1.1" 200 419
116.235.222.38 - - [12/Jun/2021:10:49:56 +0800] "GET /xingrg/all/function/internal_message.html?_=1623466187382&CODE_STATE=getMsg HTTP/1.1" 200 27
61.165.42.208 - - [12/Jun/2021:10:49:58 +0800] "GET /xingrg/all/function/internal_message.html?_=1623466198168&CODE_STATE=getMsg HTTP/1.1" 200 27
61.165.42.208 - - [12/Jun/2021:10:49:58 +0800] "GET /xingrg/check_reg.html?_=1623466198169 HTTP/1.1" 200 22
61.165.42.208 - - [12/Jun/2021:10:50:01 +0800] "GET /xingrg/kc/buy/cgsh_order_operate.html?command=get_materiel&rest_code=00105&code=00101004071&supplier_code=00100312&order_time=2021-06-12 HTTP/1.1" 200 409
116.224.253.72 - - [12/Jun/2021:10:50:04 +0800] "GET /xingrg/check_reg.html?_=1623466198129 HTTP/1.1" 200 22
116.224.253.72 - - [12/Jun/2021:10:50:04 +0800] "GET /xingrg/all/function/internal_message.html?_=1623466198338&CODE_STATE=getMsg HTTP/1.1" 200 27
116.230.110.80 - - [12/Jun/2021:10:50:06 +0800] "GET /xingrg/kc/buy/cgsh_order_operate.html?command=get_materiel&rest_code=00155&code=00101004106&supplier_code=00100312&order_time=2021-06-12 HTTP/1.1" 200 400
116.235.222.38 - - [12/Jun/2021:10:50:06 +0800] "GET /xingrg/kc/buy/cgsh_order_operate.html?command=get_materiel&rest_code=00107&code=00101008119&supplier_code=00100006&order_time=2021-06-12 HTTP/1.1" 200 412
116.230.117.165 - - [12/Jun/2021:10:50:07 +0800] "GET /xingrg/all/function/internal_message.html?_=1623466228763&CODE_STATE=getMsg HTTP/1.1" 200 27
61.165.42.208 - - [12/Jun/2021:10:50:09 +0800] "GET /xingrg/kc/buy/cgsh_order_operate.html?command=get_materiel&rest_code=00105&code=00101004049&supplier_code=00100312&order_time=2021-06-12 HTTP/1.1" 200 415
116.235.222.38 - - [12/Jun/2021:10:50:14 +0800] "GET /xingrg/kc/buy/cgsh_order_operate.html?command=get_materiel&rest_code=00107&code=00101008096&supplier_code=00100006&order_time=2021-06-12 HTTP/1.1" 200 412
