117.185.32.26 - - [11/Jun/2021:09:02:58 +0800] "GET /xingrg/images/yd/bt.gif HTTP/1.1" 404 1040
117.185.32.26 - - [11/Jun/2021:09:03:00 +0800] "GET /xingrg/kc/buy/cgsh_order_list.html HTTP/1.1" 200 46716
117.185.32.26 - - [11/Jun/2021:09:03:02 +0800] "POST /xingrg/kc/buy/cgsh_list_operate.html HTTP/1.1" 200 876
116.230.117.165 - - [11/Jun/2021:09:03:03 +0800] "GET /xingrg/kc/buy/cgsh_order_operate.html?command=get_materiel&rest_code=00146&code=00101008049&supplier_code=00100005&order_time=2021-06-11 HTTP/1.1" 200 408
117.185.32.26 - - [11/Jun/2021:09:03:05 +0800] "GET /xingrg/kc/buy/cgsh_order_add.html HTTP/1.1" 200 62454
117.185.32.26 - - [11/Jun/2021:09:03:05 +0800] "GET /xingrg/words/20210608131730_words.js HTTP/1.1" 304 -
117.185.32.26 - - [11/Jun/2021:09:03:05 +0800] "GET /xingrg/javascript/easyui/themes/default/validatebox.css HTTP/1.1" 404 1104
117.185.32.26 - - [11/Jun/2021:09:03:05 +0800] "POST /xingrg/kc/buy/cgsh_order_operate.html HTTP/1.1" 200 8245
117.185.32.26 - - [11/Jun/2021:09:03:05 +0800] "GET /xingrg/all/common/auto_word.html?type=employee&rest_code=00106 HTTP/1.1" 200 205
117.185.32.26 - - [11/Jun/2021:09:03:05 +0800] "GET /xingrg/all/common/auto_word.html?type=employee&rest_code=00106 HTTP/1.1" 200 205
116.235.222.38 - - [11/Jun/2021:09:03:10 +0800] "GET /xingrg/kc/buy/cgsh_order_operate.html?command=get_materiel&rest_code=00107&code=00101008344&supplier_code=00100006&order_time=2021-06-11 HTTP/1.1" 200 412
117.185.32.26 - - [11/Jun/2021:09:03:11 +0800] "GET /xingrg/javascript/easyui/themes/default/tree.css HTTP/1.1" 404 1090
117.185.32.26 - - [11/Jun/2021:09:03:11 +0800] "POST /xingrg/all/common/load_tree.html?tree=supplier_tree_json&isDelete=1 HTTP/1.1" 200 56016
116.230.117.165 - - [11/Jun/2021:09:03:14 +0800] "GET /xingrg/kc/buy/cgsh_order_operate.html?command=get_materiel&rest_code=00146&code=00101008502&supplier_code=00100005&order_time=2021-06-11 HTTP/1.1" 200 398
116.224.253.72 - - [11/Jun/2021:09:03:15 +0800] "GET /xingrg/check_reg.html?_=1623373394528 HTTP/1.1" 200 22
116.224.253.72 - - [11/Jun/2021:09:03:15 +0800] "GET /xingrg/all/function/internal_message.html?_=1623373394530&CODE_STATE=getMsg HTTP/1.1" 200 27
116.230.114.112 - - [11/Jun/2021:09:03:18 +0800] "GET /xingrg/all/function/internal_message.html?_=1623373413295&CODE_STATE=getMsg HTTP/1.1" 302 -
61.165.42.208 - - [11/Jun/2021:09:03:24 +0800] "GET /xingrg/all/function/internal_message.html?_=1623373405977&CODE_STATE=getMsg HTTP/1.1" 200 27
116.235.222.38 - - [11/Jun/2021:09:03:30 +0800] "POST /xingrg/kc/buy/cgsh_order_operate.html HTTP/1.1" 200 37
116.230.117.165 - - [11/Jun/2021:09:03:31 +0800] "GET /xingrg/kc/buy/cgsh_order_operate.html?command=get_materiel&rest_code=00146&code=00101008290&supplier_code=00100005&order_time=2021-06-11 HTTP/1.1" 200 416
117.185.32.26 - - [11/Jun/2021:09:03:35 +0800] "GET /xingrg/javascript/auto/indicator.gif HTTP/1.1" 404 1066
116.230.117.165 - - [11/Jun/2021:09:03:37 +0800] "GET /xingrg/check_reg.html?_=1623373435397 HTTP/1.1" 200 22
117.185.32.26 - - [11/Jun/2021:09:03:38 +0800] "GET /xingrg/kc/buy/cgsh_order_operate.html?command=get_materiel&rest_code=00106&code=00101007125&supplier_code=00100002&order_time=2021-06-11 HTTP/1.1" 200 406
116.230.117.165 - - [11/Jun/2021:09:03:40 +0800] "GET /xingrg/kc/buy/cgsh_order_operate.html?command=get_materiel&rest_code=00146&code=00101008087&supplier_code=00100005&order_time=2021-06-11 HTTP/1.1" 200 412
180.169.147.146 - - [11/Jun/2021:09:03:41 +0800] "GET /xingrg/all/function/internal_message.html?_=1623373422633&CODE_STATE=getMsg HTTP/1.1" 200 27
117.131.5.26 - - [11/Jun/2021:09:03:43 +0800] "GET /xingrg/all/function/internal_message.html?_=1623373516407&CODE_STATE=getMsg HTTP/1.1" 200 27
116.235.222.38 - - [11/Jun/2021:09:03:43 +0800] "GET /xingrg/all/function/internal_message.html?_=1623373416635&CODE_STATE=getMsg HTTP/1.1" 200 27
116.230.117.165 - - [11/Jun/2021:09:03:44 +0800] "GET /xingrg/all/function/internal_message.html?_=1623373441490&CODE_STATE=getMsg HTTP/1.1" 200 27
116.235.222.38 - - [11/Jun/2021:09:03:44 +0800] "POST /xingrg/kc/buy/cgsh_order_operate.html HTTP/1.1" 200 38730
180.169.147.146 - - [11/Jun/2021:09:03:47 +0800] "GET /xingrg/check_reg.html?_=1623373422189 HTTP/1.1" 200 22
180.169.147.146 - - [11/Jun/2021:09:03:47 +0800] "GET /xingrg/all/function/internal_message.html?_=1623373422200&CODE_STATE=getMsg HTTP/1.1" 200 27
116.230.117.165 - - [11/Jun/2021:09:03:49 +0800] "GET /xingrg/kc/buy/cgsh_order_operate.html?command=get_materiel&rest_code=00146&code=00101008372&supplier_code=00100005&order_time=2021-06-11 HTTP/1.1" 200 408
116.235.222.38 - - [11/Jun/2021:09:03:51 +0800] "POST /xingrg/kc/buy/cgsh_order_operate.html HTTP/1.1" 200 37
116.224.253.72 - - [11/Jun/2021:09:03:51 +0800] "GET /xingrg/all/function/internal_message.html?_=1623373427196&CODE_STATE=getMsg HTTP/1.1" 200 27
116.235.222.38 - - [11/Jun/2021:09:03:52 +0800] "POST /xingrg/kc/buy/cgsh_order_operate.html HTTP/1.1" 200 38730
116.235.222.38 - - [11/Jun/2021:09:03:54 +0800] "GET /xingrg/kc/print/load_config.html?kc_code=cgsh HTTP/1.1" 200 1845
116.235.222.38 - - [11/Jun/2021:09:03:55 +0800] "GET /xingrg/kc/print/load_data.html?order_code=212021061104758&kc_code=cgsh&condition= HTTP/1.1" 200 14308
117.185.32.26 - - [11/Jun/2021:09:03:55 +0800] "GET /xingrg/all/function/internal_message.html?_=1623373970179&CODE_STATE=getMsg HTTP/1.1" 200 27
116.230.117.165 - - [11/Jun/2021:09:03:59 +0800] "GET /xingrg/kc/buy/cgsh_order_operate.html?command=get_materiel&rest_code=00146&code=00101008355&supplier_code=00100005&order_time=2021-06-11 HTTP/1.1" 200 408
117.185.32.26 - - [11/Jun/2021:09:04:03 +0800] "GET /xingrg/kc/buy/cgsh_order_operate.html?command=get_materiel&rest_code=00106&code=00101007081&supplier_code=00100002&order_time=2021-06-11 HTTP/1.1" 200 415
116.230.114.112 - - [11/Jun/2021:09:04:06 +0800] "GET /xingrg/check_reg.html?_=1623373461729 HTTP/1.1" 302 -
116.235.222.38 - - [11/Jun/2021:09:04:14 +0800] "GET /xingrg/kc/buy/cgsh_order_add.html HTTP/1.1" 200 62542
116.224.253.72 - - [11/Jun/2021:09:04:15 +0800] "GET /xingrg/all/function/internal_message.html?_=1623373454535&CODE_STATE=getMsg HTTP/1.1" 200 27
116.230.117.165 - - [11/Jun/2021:09:04:15 +0800] "GET /xingrg/kc/buy/cgsh_order_operate.html?command=get_materiel&rest_code=00146&code=00101008321&supplier_code=00100005&order_time=2021-06-11 HTTP/1.1" 200 412
116.235.222.38 - - [11/Jun/2021:09:04:15 +0800] "GET /xingrg/javascript/easyui/themes/default/validatebox.css HTTP/1.1" 404 1104
116.235.222.38 - - [11/Jun/2021:09:04:15 +0800] "POST /xingrg/kc/buy/cgsh_order_operate.html HTTP/1.1" 200 8245
116.235.222.38 - - [11/Jun/2021:09:04:17 +0800] "GET /xingrg/javascript/easyui/themes/default/tree.css HTTP/1.1" 404 1090
116.235.222.38 - - [11/Jun/2021:09:04:18 +0800] "POST /xingrg/all/common/load_tree.html?tree=supplier_tree_json&isDelete=1 HTTP/1.1" 200 56016
116.230.114.112 - - [11/Jun/2021:09:04:18 +0800] "GET /xingrg/all/function/internal_message.html?_=1623373473300&CODE_STATE=getMsg HTTP/1.1" 302 -
117.185.32.26 - - [11/Jun/2021:09:04:19 +0800] "GET /xingrg/kc/buy/cgsh_order_operate.html?command=get_materiel&rest_code=00106&code=00101007049&supplier_code=00100002&order_time=2021-06-11 HTTP/1.1" 200 411
61.165.42.208 - - [11/Jun/2021:09:04:24 +0800] "GET /xingrg/check_reg.html?_=1623373465979 HTTP/1.1" 200 22
61.165.42.208 - - [11/Jun/2021:09:04:24 +0800] "GET /xingrg/all/function/internal_message.html?_=1623373465977&CODE_STATE=getMsg HTTP/1.1" 200 27
116.230.117.165 - - [11/Jun/2021:09:04:26 +0800] "GET /xingrg/kc/buy/cgsh_order_operate.html?command=get_materiel&rest_code=00146&code=00101008270&supplier_code=00100005&order_time=2021-06-11 HTTP/1.1" 200 412
116.235.222.38 - - [11/Jun/2021:09:04:33 +0800] "GET /xingrg/kc/buy/cgsh_order_operate.html?command=get_materiel&rest_code=00107&code=00101012024&supplier_code=00100033&order_time=2021-06-11 HTTP/1.1" 200 408
117.185.32.26 - - [11/Jun/2021:09:04:34 +0800] "GET /xingrg/kc/buy/cgsh_order_operate.html?command=get_materiel&rest_code=00106&code=00101007077&supplier_code=00100002&order_time=2021-06-11 HTTP/1.1" 200 417
116.230.117.165 - - [11/Jun/2021:09:04:35 +0800] "GET /xingrg/kc/buy/cgsh_order_operate.html?command=get_materiel&rest_code=00146&code=00101008261&supplier_code=00100005&order_time=2021-06-11 HTTP/1.1" 200 408
180.169.147.146 - - [11/Jun/2021:09:04:41 +0800] "GET /xingrg/check_reg.html?_=1623373482641 HTTP/1.1" 200 22
180.169.147.146 - - [11/Jun/2021:09:04:41 +0800] "GET /xingrg/all/function/internal_message.html?_=1623373482648&CODE_STATE=getMsg HTTP/1.1" 200 27
117.131.5.26 - - [11/Jun/2021:09:04:43 +0800] "GET /xingrg/all/function/internal_message.html?_=1623373576405&CODE_STATE=getMsg HTTP/1.1" 200 27
116.235.222.38 - - [11/Jun/2021:09:04:43 +0800] "GET /xingrg/all/function/internal_message.html?_=1623373476618&CODE_STATE=getMsg HTTP/1.1" 200 27
116.230.117.165 - - [11/Jun/2021:09:04:44 +0800] "GET /xingrg/all/function/internal_message.html?_=1623373501503&CODE_STATE=getMsg HTTP/1.1" 200 27
116.230.117.165 - - [11/Jun/2021:09:04:44 +0800] "GET /xingrg/kc/buy/cgsh_order_operate.html?command=get_materiel&rest_code=00146&code=00101008247&supplier_code=00100005&order_time=2021-06-11 HTTP/1.1" 200 412
116.235.222.38 - - [11/Jun/2021:09:04:46 +0800] "GET /xingrg/kc/buy/cgsh_order_operate.html?command=get_materiel&rest_code=00107&code=00101012030&supplier_code=00100033&order_time=2021-06-11 HTTP/1.1" 200 416
180.169.147.146 - - [11/Jun/2021:09:04:47 +0800] "GET /xingrg/all/function/internal_message.html?_=1623373482729&CODE_STATE=getMsg HTTP/1.1" 200 27
116.224.253.72 - - [11/Jun/2021:09:04:51 +0800] "GET /xingrg/all/function/internal_message.html?_=1623373487218&CODE_STATE=getMsg HTTP/1.1" 200 27
117.185.32.26 - - [11/Jun/2021:09:04:54 +0800] "POST /xingrg/kc/buy/cgsh_order_operate.html HTTP/1.1" 200 37
117.185.32.26 - - [11/Jun/2021:09:04:56 +0800] "GET /xingrg/all/function/internal_message.html?_=1623374030777&CODE_STATE=getMsg HTTP/1.1" 200 27
117.185.32.26 - - [11/Jun/2021:09:04:56 +0800] "POST /xingrg/kc/buy/cgsh_order_operate.html HTTP/1.1" 200 4430
116.230.117.165 - - [11/Jun/2021:09:04:58 +0800] "GET /xingrg/kc/buy/cgsh_order_operate.html?command=get_materiel&rest_code=00146&code=00101008248&supplier_code=00100005&order_time=2021-06-11 HTTP/1.1" 200 412
116.235.222.38 - - [11/Jun/2021:09:04:59 +0800] "GET /xingrg/kc/buy/cgsh_order_operate.html?command=get_materiel&rest_code=00107&code=00101012061&supplier_code=00100033&order_time=2021-06-11 HTTP/1.1" 200 412
117.185.32.26 - - [11/Jun/2021:09:05:03 +0800] "GET /xingrg/kc/buy/buy_main.html HTTP/1.1" 200 12412
117.185.32.26 - - [11/Jun/2021:09:05:03 +0800] "GET /xingrg/css/new_ie.css HTTP/1.1" 404 1036
117.185.32.26 - - [11/Jun/2021:09:05:04 +0800] "GET /xingrg/images/yd/bt.gif HTTP/1.1" 404 1040
117.185.32.26 - - [11/Jun/2021:09:05:05 +0800] "GET /xingrg/kc/buy/cgsh_order_list.html HTTP/1.1" 200 46716
117.185.32.26 - - [11/Jun/2021:09:05:08 +0800] "POST /xingrg/kc/buy/cgsh_list_operate.html HTTP/1.1" 200 1688
116.230.117.165 - - [11/Jun/2021:09:05:08 +0800] "GET /xingrg/kc/buy/cgsh_order_operate.html?command=get_materiel&rest_code=00146&code=00101008176&supplier_code=00100005&order_time=2021-06-11 HTTP/1.1" 200 413
116.235.222.38 - - [11/Jun/2021:09:05:10 +0800] "GET /xingrg/kc/buy/cgsh_order_operate.html?command=get_materiel&rest_code=00107&code=00101010136&supplier_code=00100033&order_time=2021-06-11 HTTP/1.1" 200 408
116.224.253.72 - - [11/Jun/2021:09:05:15 +0800] "GET /xingrg/all/function/internal_message.html?_=1623373514547&CODE_STATE=getMsg HTTP/1.1" 200 27
116.230.114.112 - - [11/Jun/2021:09:05:18 +0800] "GET /xingrg/all/function/internal_message.html?_=1623373533321&CODE_STATE=getMsg HTTP/1.1" 302 -
116.235.222.38 - - [11/Jun/2021:09:05:19 +0800] "GET /xingrg/kc/buy/cgsh_order_operate.html?command=get_materiel&rest_code=00107&code=00101016010&supplier_code=00100033&order_time=2021-06-11 HTTP/1.1" 200 408
116.230.117.165 - - [11/Jun/2021:09:05:24 +0800] "GET /xingrg/kc/buy/cgsh_order_operate.html?command=get_materiel&rest_code=00146&code=00101008351&supplier_code=00100005&order_time=2021-06-11 HTTP/1.1" 200 408
61.165.42.208 - - [11/Jun/2021:09:05:24 +0800] "GET /xingrg/all/function/internal_message.html?_=1623373525978&CODE_STATE=getMsg HTTP/1.1" 200 27
116.235.222.38 - - [11/Jun/2021:09:05:29 +0800] "GET /xingrg/kc/buy/cgsh_order_operate.html?command=get_materiel&rest_code=00107&code=00101016080&supplier_code=00100033&order_time=2021-06-11 HTTP/1.1" 200 408
116.230.117.165 - - [11/Jun/2021:09:05:40 +0800] "GET /xingrg/kc/buy/cgsh_order_operate.html?command=get_materiel&rest_code=00146&code=00101008003&supplier_code=00100005&order_time=2021-06-11 HTTP/1.1" 200 408
116.224.253.72 - - [11/Jun/2021:09:05:41 +0800] "GET /xingrg/check_reg.html?_=1623373537242 HTTP/1.1" 200 22
180.169.147.146 - - [11/Jun/2021:09:05:41 +0800] "GET /xingrg/all/function/internal_message.html?_=1623373542634&CODE_STATE=getMsg HTTP/1.1" 200 27
116.235.222.38 - - [11/Jun/2021:09:05:42 +0800] "GET /xingrg/kc/buy/cgsh_order_operate.html?command=get_materiel&rest_code=00107&code=00101010248&supplier_code=00100033&order_time=2021-06-11 HTTP/1.1" 200 430
117.131.5.26 - - [11/Jun/2021:09:05:43 +0800] "GET /xingrg/check_reg.html?_=1623373636403 HTTP/1.1" 200 22
124.79.241.247 - - [11/Jun/2021:09:05:43 +0800] "GET /xingrg/all/function/internal_message.html?_=1623373636404&CODE_STATE=getMsg HTTP/1.1" 200 27
116.235.222.38 - - [11/Jun/2021:09:05:43 +0800] "GET /xingrg/all/function/internal_message.html?_=1623373536604&CODE_STATE=getMsg HTTP/1.1" 200 27
116.230.117.165 - - [11/Jun/2021:09:05:44 +0800] "GET /xingrg/all/function/internal_message.html?_=1623373561556&CODE_STATE=getMsg HTTP/1.1" 200 27
180.169.147.146 - - [11/Jun/2021:09:05:47 +0800] "GET /xingrg/all/function/internal_message.html?_=1623373542197&CODE_STATE=getMsg HTTP/1.1" 200 27
116.235.222.38 - - [11/Jun/2021:09:05:51 +0800] "GET /xingrg/kc/buy/cgsh_order_operate.html?command=get_materiel&rest_code=00107&code=00101016025&supplier_code=00100033&order_time=2021-06-11 HTTP/1.1" 200 408
116.224.253.72 - - [11/Jun/2021:09:05:51 +0800] "GET /xingrg/all/function/internal_message.html?_=1623373547224&CODE_STATE=getMsg HTTP/1.1" 200 27
117.185.32.26 - - [11/Jun/2021:09:05:56 +0800] "GET /xingrg/all/function/internal_message.html?_=1623374090757&CODE_STATE=getMsg HTTP/1.1" 200 27
116.232.54.115 - - [11/Jun/2021:09:05:56 +0800] "GET /favicon.ico HTTP/1.1" 404 -
116.230.117.165 - - [11/Jun/2021:09:06:03 +0800] "POST /xingrg/kc/buy/cgsh_order_operate.html HTTP/1.1" 200 37
116.230.117.165 - - [11/Jun/2021:09:06:04 +0800] "POST /xingrg/kc/buy/cgsh_order_operate.html HTTP/1.1" 200 10962
116.235.222.38 - - [11/Jun/2021:09:06:06 +0800] "GET /xingrg/kc/buy/cgsh_order_operate.html?command=get_materiel&rest_code=00107&code=00101019224&supplier_code=00100033&order_time=2021-06-11 HTTP/1.1" 200 408
116.224.253.72 - - [11/Jun/2021:09:06:15 +0800] "GET /xingrg/all/function/internal_message.html?_=1623373574546&CODE_STATE=getMsg HTTP/1.1" 200 27
116.230.114.112 - - [11/Jun/2021:09:06:18 +0800] "GET /xingrg/all/function/internal_message.html?_=1623373593327&CODE_STATE=getMsg HTTP/1.1" 302 -
116.235.222.38 - - [11/Jun/2021:09:06:20 +0800] "POST /xingrg/kc/buy/cgsh_order_operate.html HTTP/1.1" 200 37
116.235.222.38 - - [11/Jun/2021:09:06:21 +0800] "POST /xingrg/kc/buy/cgsh_order_operate.html HTTP/1.1" 200 7393
116.235.222.38 - - [11/Jun/2021:09:06:24 +0800] "GET /xingrg/kc/print/load_data.html?order_code=212021061104761&kc_code=cgsh&condition= HTTP/1.1" 200 2513
61.165.42.208 - - [11/Jun/2021:09:06:24 +0800] "GET /xingrg/all/function/internal_message.html?_=1623373585978&CODE_STATE=getMsg HTTP/1.1" 200 27
116.235.222.38 - - [11/Jun/2021:09:06:30 +0800] "GET /xingrg/kc/buy/cgsh_order_add.html HTTP/1.1" 200 62542
116.235.222.38 - - [11/Jun/2021:09:06:31 +0800] "POST /xingrg/kc/buy/cgsh_order_operate.html HTTP/1.1" 200 8245
116.235.222.38 - - [11/Jun/2021:09:06:31 +0800] "GET /xingrg/javascript/easyui/themes/default/validatebox.css HTTP/1.1" 404 1104
116.235.222.38 - - [11/Jun/2021:09:06:38 +0800] "GET /xingrg/javascript/easyui/themes/default/tree.css HTTP/1.1" 404 1090
116.235.222.38 - - [11/Jun/2021:09:06:39 +0800] "POST /xingrg/all/common/load_tree.html?tree=supplier_tree_json&isDelete=1 HTTP/1.1" 200 56016
180.169.147.146 - - [11/Jun/2021:09:06:41 +0800] "GET /xingrg/all/function/internal_message.html?_=1623373602640&CODE_STATE=getMsg HTTP/1.1" 200 27
180.169.147.146 - - [11/Jun/2021:09:06:42 +0800] "GET /xingrg/index.html?sysBaseUrl=http%3A%2F%2F180.169.147.146%3A18081%2Fxingrg%2F&costTime=39×tamp=1592034574635 HTTP/1.1" 200 17509
180.169.147.146 - - [11/Jun/2021:09:06:42 +0800] "GET /xingrg/javascript/jquery-1.4.2.min.js HTTP/1.1" 200 72205
180.169.147.146 - - [11/Jun/2021:09:06:42 +0800] "GET /xingrg/javascript/jquery_easy_ui/themes/default/easyui.css HTTP/1.1" 200 26500
180.169.147.146 - - [11/Jun/2021:09:06:42 +0800] "GET /xingrg/css/form.css HTTP/1.1" 200 893
180.169.147.146 - - [11/Jun/2021:09:06:42 +0800] "GET /xingrg/javascript/jquery_easy_ui/themes/icon.css HTTP/1.1" 200 3949
180.169.147.146 - - [11/Jun/2021:09:06:42 +0800] "GET /xingrg/javascript/jquery_easy_ui/easyui-lang-zh_CN.js HTTP/1.1" 200 1900
180.169.147.146 - - [11/Jun/2021:09:06:42 +0800] "GET /xingrg/javascript/jquery.form.js HTTP/1.1" 200 23110
180.169.147.146 - - [11/Jun/2021:09:06:42 +0800] "GET /xingrg/javascript/jquery_easy_ui/jquery.easyui.min.js HTTP/1.1" 200 213662
180.169.147.146 - - [11/Jun/2021:09:06:42 +0800] "GET /xingrg/javascript/jquery.timers.js HTTP/1.1" 200 3532
180.169.147.146 - - [11/Jun/2021:09:06:42 +0800] "GET /xingrg/images/blue/jxLogo.png HTTP/1.1" 200 6156
180.169.147.146 - - [11/Jun/2021:09:06:42 +0800] "GET /xingrg/javascript/jquery.utils.js HTTP/1.1" 200 11805
180.169.147.146 - - [11/Jun/2021:09:06:42 +0800] "GET /favicon.ico HTTP/1.1" 404 -
180.169.147.146 - - [11/Jun/2021:09:06:42 +0800] "GET /xingrg/images/blue/navBackgound.jpg HTTP/1.1" 200 12378
180.169.147.146 - - [11/Jun/2021:09:06:42 +0800] "GET /xingrg/javascript/jquery_easy_ui/themes/icons/settle_new.png HTTP/1.1" 200 826
180.169.147.146 - - [11/Jun/2021:09:06:42 +0800] "GET /xingrg/all/function/internal_message.html?_=1623373602768&CODE_STATE=count HTTP/1.1" 200 11
180.169.147.146 - - [11/Jun/2021:09:06:42 +0800] "GET /xingrg/check_reg.html?_=1623373602769 HTTP/1.1" 200 22
180.169.147.146 - - [11/Jun/2021:09:06:42 +0800] "GET /xingrg/images/blue/pingpu.png HTTP/1.1" 200 231
180.169.147.146 - - [11/Jun/2021:09:06:42 +0800] "GET /xingrg/javascript/jquery_easy_ui/themes/default/images/tabs_leftarrow.png HTTP/1.1" 200 389
180.169.147.146 - - [11/Jun/2021:09:06:42 +0800] "GET /xingrg/javascript/jquery_easy_ui/themes/default/images/tabs_rightarrow.png HTTP/1.1" 200 395
180.169.147.146 - - [11/Jun/2021:09:06:42 +0800] "GET /xingrg/javascript/jquery_easy_ui/themes/default/images/panel_tool_expand.gif HTTP/1.1" 200 247
180.169.147.146 - - [11/Jun/2021:09:06:42 +0800] "GET /xingrg/javascript/jquery_easy_ui/themes/default/images/panel_tool_collapse.gif HTTP/1.1" 200 246
180.169.147.146 - - [11/Jun/2021:09:06:43 +0800] "POST /xingrg/all/common/load_tree.html?tree=area_rest_tree_json&manage=1 HTTP/1.1" 200 3466
180.169.147.146 - - [11/Jun/2021:09:06:43 +0800] "POST /xingrg/load_menu.html HTTP/1.1" 200 9959
180.169.147.146 - - [11/Jun/2021:09:06:43 +0800] "GET /xingrg/javascript/jquery_easy_ui/themes/default/images/tree_folder_open.gif HTTP/1.1" 200 956
180.169.147.146 - - [11/Jun/2021:09:06:43 +0800] "GET /xingrg/javascript/jquery_easy_ui/themes/default/images/tree_arrows.gif HTTP/1.1" 200 1043
180.169.147.146 - - [11/Jun/2021:09:06:43 +0800] "GET /xingrg/javascript/jquery_easy_ui/themes/icons/search_new.png HTTP/1.1" 200 586
180.169.147.146 - - [11/Jun/2021:09:06:43 +0800] "GET /xingrg/javascript/jquery_easy_ui/themes/icons/storage_new.png HTTP/1.1" 200 853
180.169.147.146 - - [11/Jun/2021:09:06:43 +0800] "GET /xingrg/javascript/jquery_easy_ui/themes/icons/checkout_new.png HTTP/1.1" 200 744
180.169.147.146 - - [11/Jun/2021:09:06:43 +0800] "GET /xingrg/javascript/jquery_easy_ui/themes/default/images/tree_folder.gif HTTP/1.1" 200 952
180.169.147.146 - - [11/Jun/2021:09:06:43 +0800] "GET /xingrg/javascript/jquery_easy_ui/themes/icons/setting_new.png HTTP/1.1" 200 450
180.169.147.146 - - [11/Jun/2021:09:06:43 +0800] "GET /xingrg/javascript/jquery_easy_ui/themes/icons/forms_new.png HTTP/1.1" 200 350
180.169.147.146 - - [11/Jun/2021:09:06:43 +0800] "GET /xingrg/javascript/jquery_easy_ui/themes/icons/systemset_new.png HTTP/1.1" 200 606
180.169.147.146 - - [11/Jun/2021:09:06:43 +0800] "GET /xingrg/javascript/jquery_easy_ui/themes/default/images/tree_file.gif HTTP/1.1" 200 118
117.131.5.26 - - [11/Jun/2021:09:06:43 +0800] "GET /xingrg/all/function/internal_message.html?_=1623373696401&CODE_STATE=getMsg HTTP/1.1" 200 27
180.169.147.146 - - [11/Jun/2021:09:06:44 +0800] "GET /xingrg/javascript/jquery_easy_ui/themes/icons/area.png HTTP/1.1" 200 262
180.169.147.146 - - [11/Jun/2021:09:06:44 +0800] "GET /xingrg/javascript/jquery_easy_ui/themes/icons/rest.png HTTP/1.1" 200 695
180.169.147.146 - - [11/Jun/2021:09:06:44 +0800] "GET /xingrg/javascript/jquery_easy_ui/themes/icons/manage.png HTTP/1.1" 200 696
180.169.147.146 - - [11/Jun/2021:09:06:44 +0800] "GET /xingrg/javascript/jquery_easy_ui/themes/default/images/button_a_bg.gif HTTP/1.1" 200 1194
180.169.147.146 - - [11/Jun/2021:09:06:44 +0800] "GET /xingrg/javascript/jquery_easy_ui/themes/default/images/button_span_bg.gif HTTP/1.1" 200 2061
180.169.147.146 - - [11/Jun/2021:09:06:44 +0800] "GET /xingrg/javascript/jquery_easy_ui/themes/icons/ok.png HTTP/1.1" 200 883
180.169.147.146 - - [11/Jun/2021:09:06:44 +0800] "GET /xingrg/javascript/jquery_easy_ui/themes/default/images/panel_title.png HTTP/1.1" 200 266
180.169.147.146 - - [11/Jun/2021:09:06:44 +0800] "GET /xingrg/javascript/jquery_easy_ui/themes/default/images/panel_tools.gif HTTP/1.1" 200 737
116.235.222.38 - - [11/Jun/2021:09:06:44 +0800] "GET /xingrg/all/function/internal_message.html?_=1623373596586&CODE_STATE=getMsg HTTP/1.1" 200 27
116.230.117.165 - - [11/Jun/2021:09:06:44 +0800] "GET /xingrg/all/function/internal_message.html?_=1623373621563&CODE_STATE=getMsg HTTP/1.1" 200 27
180.169.147.146 - - [11/Jun/2021:09:06:47 +0800] "GET /xingrg/all/function/internal_message.html?_=1623373602227&CODE_STATE=getMsg HTTP/1.1" 200 27
180.169.147.146 - - [11/Jun/2021:09:06:49 +0800] "GET /xingrg/images/control/ajaxLoader.gif HTTP/1.1" 200 4659
180.169.147.146 - - [11/Jun/2021:09:06:49 +0800] "POST /xingrg/all/user/operate.html HTTP/1.1" 200 36
180.169.147.146 - - [11/Jun/2021:09:06:49 +0800] "GET /xingrg/index.html?sysBaseUrl=http%3A%2F%2F180.169.147.146%3A18081%2Fxingrg%2F&costTime=39×tamp=1592034574635 HTTP/1.1" 200 17507
180.169.147.146 - - [11/Jun/2021:09:06:49 +0800] "GET /xingrg/javascript/jquery_easy_ui/themes/default/easyui.css HTTP/1.1" 304 -
180.169.147.146 - - [11/Jun/2021:09:06:49 +0800] "GET /xingrg/javascript/jquery_easy_ui/themes/icon.css HTTP/1.1" 304 -
180.169.147.146 - - [11/Jun/2021:09:06:49 +0800] "GET /xingrg/css/form.css HTTP/1.1" 304 -
180.169.147.146 - - [11/Jun/2021:09:06:49 +0800] "GET /xingrg/javascript/jquery-1.4.2.min.js HTTP/1.1" 304 -
180.169.147.146 - - [11/Jun/2021:09:06:49 +0800] "GET /xingrg/javascript/jquery_easy_ui/jquery.easyui.min.js HTTP/1.1" 304 -
180.169.147.146 - - [11/Jun/2021:09:06:49 +0800] "GET /xingrg/javascript/jquery_easy_ui/easyui-lang-zh_CN.js HTTP/1.1" 304 -
180.169.147.146 - - [11/Jun/2021:09:06:49 +0800] "GET /xingrg/javascript/jquery.form.js HTTP/1.1" 304 -
180.169.147.146 - - [11/Jun/2021:09:06:49 +0800] "GET /xingrg/javascript/jquery.utils.js HTTP/1.1" 304 -
180.169.147.146 - - [11/Jun/2021:09:06:49 +0800] "GET /xingrg/javascript/jquery.timers.js HTTP/1.1" 304 -
180.169.147.146 - - [11/Jun/2021:09:06:49 +0800] "GET /xingrg/images/blue/jxLogo.png HTTP/1.1" 304 -
180.169.147.146 - - [11/Jun/2021:09:06:49 +0800] "GET /xingrg/javascript/jquery_easy_ui/themes/icons/settle_new.png HTTP/1.1" 304 -
180.169.147.146 - - [11/Jun/2021:09:06:49 +0800] "GET /xingrg/images/blue/navBackgound.jpg HTTP/1.1" 304 -
180.169.147.146 - - [11/Jun/2021:09:06:49 +0800] "GET /xingrg/check_reg.html?_=1623373609629 HTTP/1.1" 200 22
180.169.147.146 - - [11/Jun/2021:09:06:49 +0800] "GET /xingrg/all/function/internal_message.html?_=1623373609628&CODE_STATE=count HTTP/1.1" 200 11
180.169.147.146 - - [11/Jun/2021:09:06:49 +0800] "GET /xingrg/javascript/jquery_easy_ui/themes/default/images/panel_tool_collapse.gif HTTP/1.1" 304 -
180.169.147.146 - - [11/Jun/2021:09:06:49 +0800] "GET /xingrg/javascript/jquery_easy_ui/themes/default/images/tabs_leftarrow.png HTTP/1.1" 304 -
180.169.147.146 - - [11/Jun/2021:09:06:49 +0800] "GET /xingrg/javascript/jquery_easy_ui/themes/default/images/tabs_rightarrow.png HTTP/1.1" 304 -
180.169.147.146 - - [11/Jun/2021:09:06:49 +0800] "GET /xingrg/javascript/jquery_easy_ui/themes/default/images/panel_tool_expand.gif HTTP/1.1" 304 -
180.169.147.146 - - [11/Jun/2021:09:06:49 +0800] "GET /xingrg/images/blue/pingpu.png HTTP/1.1" 304 -
180.169.147.146 - - [11/Jun/2021:09:06:49 +0800] "POST /xingrg/all/common/load_tree.html?tree=area_rest_tree_json&manage=1 HTTP/1.1" 200 3466
180.169.147.146 - - [11/Jun/2021:09:06:49 +0800] "POST /xingrg/load_menu.html HTTP/1.1" 200 9959
180.169.147.146 - - [11/Jun/2021:09:06:51 +0800] "GET /xingrg/javascript/jquery_easy_ui/themes/default/images/tabs_close.gif HTTP/1.1" 200 829
180.169.147.146 - - [11/Jun/2021:09:06:51 +0800] "GET /xingrg/kc/report/report_main.html HTTP/1.1" 200 7345
180.169.147.146 - - [11/Jun/2021:09:06:51 +0800] "GET /xingrg/css/blue.css HTTP/1.1" 200 15949
180.169.147.146 - - [11/Jun/2021:09:06:51 +0800] "GET /xingrg/javascript/pic_change.js HTTP/1.1" 200 4739
180.169.147.146 - - [11/Jun/2021:09:06:51 +0800] "GET /xingrg/javascript/myfunction.js HTTP/1.1" 200 24559
180.169.147.146 - - [11/Jun/2021:09:06:51 +0800] "GET /xingrg/javascript/jquery_ui/themes/humanity/humanity.css HTTP/1.1" 200 27801
180.169.147.146 - - [11/Jun/2021:09:06:51 +0800] "GET /xingrg/javascript/json2.js HTTP/1.1" 200 11259
180.169.147.146 - - [11/Jun/2021:09:06:51 +0800] "GET /xingrg/javascript/jquery_easy_ui/themes/icons/back_new.png HTTP/1.1" 200 3414
116.224.253.72 - - [11/Jun/2021:09:06:51 +0800] "GET /xingrg/all/function/internal_message.html?_=1623373607236&CODE_STATE=getMsg HTTP/1.1" 200 27
117.185.32.26 - - [11/Jun/2021:09:06:56 +0800] "GET /xingrg/all/function/internal_message.html?_=1623374150742&CODE_STATE=getMsg HTTP/1.1" 200 27
180.169.147.146 - - [11/Jun/2021:09:06:58 +0800] "GET /xingrg/kc/base/crk_hz.html HTTP/1.1" 200 11247
180.169.147.146 - - [11/Jun/2021:09:06:58 +0800] "GET /xingrg/javascript/step/step.css HTTP/1.1" 200 999
180.169.147.146 - - [11/Jun/2021:09:06:58 +0800] "GET /xingrg/css/table.css HTTP/1.1" 200 3684
180.169.147.146 - - [11/Jun/2021:09:06:58 +0800] "POST /xingrg/kc/cost/cost_operate.html?command=get_base_tree HTTP/1.1" 200 786
180.169.147.146 - - [11/Jun/2021:09:06:58 +0800] "POST /xingrg/all/common/load_tree.html?tree=materiel_sort_tree_json HTTP/1.1" 200 8666
180.169.147.146 - - [11/Jun/2021:09:06:58 +0800] "GET /xingrg/javascript/jquery_easy_ui/themes/icons/search.png HTTP/1.1" 200 813
180.169.147.146 - - [11/Jun/2021:09:06:58 +0800] "GET /xingrg/javascript/jquery_easy_ui/themes/default/images/menu_downarrow.png HTTP/1.1" 200 173
180.169.147.146 - - [11/Jun/2021:09:06:58 +0800] "GET /xingrg/javascript/jquery_easy_ui/themes/icons/print.png HTTP/1.1" 200 1057
180.169.147.146 - - [11/Jun/2021:09:06:58 +0800] "GET /xingrg/javascript/jquery_easy_ui/themes/default/images/menu.gif HTTP/1.1" 200 834
180.169.147.146 - - [11/Jun/2021:09:06:58 +0800] "GET /xingrg/javascript/jquery_easy_ui/themes/default/images/combo_arrow_dot.gif HTTP/1.1" 200 79
180.169.147.146 - - [11/Jun/2021:09:06:58 +0800] "GET /xingrg/javascript/jquery_easy_ui/themes/default/images/calendar_prevmonth.gif HTTP/1.1" 200 66
180.169.147.146 - - [11/Jun/2021:09:06:58 +0800] "GET /xingrg/javascript/jquery_easy_ui/themes/default/images/calendar_nextmonth.gif HTTP/1.1" 200 64
180.169.147.146 - - [11/Jun/2021:09:06:58 +0800] "GET /xingrg/javascript/jquery_easy_ui/themes/default/images/calendar_prevyear.gif HTTP/1.1" 200 76
180.169.147.146 - - [11/Jun/2021:09:06:58 +0800] "GET /xingrg/javascript/jquery_easy_ui/themes/default/images/calendar_nextyear.gif HTTP/1.1" 200 75
180.169.147.146 - - [11/Jun/2021:09:06:58 +0800] "GET /xingrg/javascript/jquery_easy_ui/themes/default/images/tree_checkbox_0.gif HTTP/1.1" 200 168
180.169.147.146 - - [11/Jun/2021:09:06:58 +0800] "GET /xingrg/check_reg.html?_=1623373618770 HTTP/1.1" 200 22
180.169.147.146 - - [11/Jun/2021:09:06:59 +0800] "GET /xingrg/kc/report/report_main.html HTTP/1.1" 200 7345
180.169.147.146 - - [11/Jun/2021:09:07:01 +0800] "GET /xingrg/all/report/report_query.html?fileName=kc/buy/gys_amount.xml&rh=99999 HTTP/1.1" 200 52006
180.169.147.146 - - [11/Jun/2021:09:07:01 +0800] "GET /xingrg/javascript/multi_select/jqueryMultiSelect.css HTTP/1.1" 200 951
180.169.147.146 - - [11/Jun/2021:09:07:01 +0800] "GET /xingrg/javascript/calendar/timePicker.css HTTP/1.1" 200 523
180.169.147.146 - - [11/Jun/2021:09:07:01 +0800] "GET /xingrg/javascript/bigrid/fix.css HTTP/1.1" 200 1702
180.169.147.146 - - [11/Jun/2021:09:07:01 +0800] "GET /xingrg/dwr/interface/AjaxReportQueryService.js HTTP/1.1" 200 13203
180.169.147.146 - - [11/Jun/2021:09:07:01 +0800] "GET /xingrg/javascript/calendar/jquery.timePicker.min.js HTTP/1.1" 200 2997
180.169.147.146 - - [11/Jun/2021:09:07:01 +0800] "GET /xingrg/javascript/bigrid/fix.js HTTP/1.1" 200 6439
180.169.147.146 - - [11/Jun/2021:09:07:01 +0800] "GET /xingrg/javascript/jqueryMultiSelect.js HTTP/1.1" 200 11866
180.169.147.146 - - [11/Jun/2021:09:07:01 +0800] "GET /xingrg/dwr/util.js HTTP/1.1" 200 35990
180.169.147.146 - - [11/Jun/2021:09:07:01 +0800] "GET /xingrg/javascript/Calendar.js HTTP/1.1" 200 31561
180.169.147.146 - - [11/Jun/2021:09:07:01 +0800] "GET /xingrg/dwr/engine.js HTTP/1.1" 200 43631
180.169.147.146 - - [11/Jun/2021:09:07:02 +0800] "GET /xingrg/images/control/loading.gif HTTP/1.1" 200 13463
180.169.147.146 - - [11/Jun/2021:09:07:02 +0800] "GET /xingrg/images/blue/button/advanceover.gif HTTP/1.1" 200 1347
180.169.147.146 - - [11/Jun/2021:09:07:02 +0800] "GET /xingrg/images/blue/button/advance2over.gif HTTP/1.1" 200 1336
180.169.147.146 - - [11/Jun/2021:09:07:02 +0800] "GET /xingrg/images/blue/button/back2over.gif HTTP/1.1" 200 1335
180.169.147.146 - - [11/Jun/2021:09:07:02 +0800] "GET /xingrg/images/blue/button/backover.gif HTTP/1.1" 200 1348
180.169.147.146 - - [11/Jun/2021:09:07:02 +0800] "POST /xingrg/dwr/call/plaincall/AjaxReportQueryService.getFixDate.dwr HTTP/1.1" 200 111
180.169.147.146 - - [11/Jun/2021:09:07:02 +0800] "GET /xingrg/javascript/jquery_easy_ui/themes/icons/help.png HTTP/1.1" 200 1187
180.169.147.146 - - [11/Jun/2021:09:07:02 +0800] "GET /xingrg/javascript/jquery_easy_ui/themes/icons/pencil.png HTTP/1.1" 200 713
180.169.147.146 - - [11/Jun/2021:09:07:02 +0800] "GET /xingrg/javascript/jquery_easy_ui/themes/default/images/menu_rightarrow.png HTTP/1.1" 200 3617
180.169.147.146 - - [11/Jun/2021:09:07:02 +0800] "POST /xingrg/dwr/call/plaincall/AjaxReportQueryService.getInitString.dwr HTTP/1.1" 200 372
180.169.147.146 - - [11/Jun/2021:09:07:02 +0800] "POST /xingrg/all/common/load_tree.html?tree=materiel_sort_tree_json HTTP/1.1" 200 8666
180.169.147.146 - - [11/Jun/2021:09:07:02 +0800] "GET /xingrg/javascript/multi_select/dropdown.gif HTTP/1.1" 200 61
180.169.147.146 - - [11/Jun/2021:09:07:02 +0800] "POST /xingrg/all/common/load_tree.html?tree=supplier_tree_json&manage=1 HTTP/1.1" 200 56873
180.169.147.146 - - [11/Jun/2021:09:07:06 +0800] "POST /xingrg/dwr/call/plaincall/AjaxReportQueryService.getFixDate.dwr HTTP/1.1" 200 111
180.169.147.146 - - [11/Jun/2021:09:07:06 +0800] "GET /xingrg/javascript/multi_select/dropdown_hover.gif HTTP/1.1" 200 61
180.169.147.146 - - [11/Jun/2021:09:07:07 +0800] "POST /xingrg/dwr/call/plaincall/AjaxReportQueryService.refreshCache.dwr HTTP/1.1" 200 78
180.169.147.146 - - [11/Jun/2021:09:07:08 +0800] "POST /xingrg/dwr/call/plaincall/AjaxReportQueryService.refreshCache.dwr HTTP/1.1" 200 78
180.169.147.146 - - [11/Jun/2021:09:07:10 +0800] "POST /xingrg/all/report/load_report_page.html HTTP/1.1" 200 23033
180.169.147.146 - - [11/Jun/2021:09:07:10 +0800] "GET /xingrg/servlets/image?cache=0.43812382023094276&image=px HTTP/1.1" 200 807
180.169.147.146 - - [11/Jun/2021:09:07:10 +0800] "POST /xingrg/all/report/load_report_page.html HTTP/1.1" 200 23019
180.169.147.146 - - [11/Jun/2021:09:07:10 +0800] "GET /xingrg/servlets/image?cache=0.8723516282747612&image=px HTTP/1.1" 200 807
116.224.253.72 - - [11/Jun/2021:09:07:15 +0800] "GET /xingrg/all/function/internal_message.html?_=1623373634543&CODE_STATE=getMsg HTTP/1.1" 200 27
116.230.114.112 - - [11/Jun/2021:09:07:18 +0800] "GET /xingrg/all/function/internal_message.html?_=1623373653349&CODE_STATE=getMsg HTTP/1.1" 302 -
61.165.42.208 - - [11/Jun/2021:09:07:24 +0800] "GET /xingrg/all/function/internal_message.html?_=1623373645978&CODE_STATE=getMsg HTTP/1.1" 200 27
180.169.147.146 - - [11/Jun/2021:09:07:41 +0800] "GET /xingrg/all/function/internal_message.html?_=1623373662629&CODE_STATE=getMsg HTTP/1.1" 200 27
116.235.222.38 - - [11/Jun/2021:09:07:43 +0800] "GET /xingrg/check_reg.html?_=1623373656269 HTTP/1.1" 200 22
117.131.5.26 - - [11/Jun/2021:09:07:43 +0800] "GET /xingrg/all/function/internal_message.html?_=1623373756400&CODE_STATE=getMsg HTTP/1.1" 200 27
116.235.222.38 - - [11/Jun/2021:09:07:43 +0800] "GET /xingrg/all/function/internal_message.html?_=1623373656569&CODE_STATE=getMsg HTTP/1.1" 200 27
116.230.117.165 - - [11/Jun/2021:09:07:44 +0800] "GET /xingrg/all/function/internal_message.html?_=1623373681576&CODE_STATE=getMsg HTTP/1.1" 200 27
180.169.147.146 - - [11/Jun/2021:09:07:47 +0800] "GET /xingrg/all/function/internal_message.html?_=1623373662225&CODE_STATE=getMsg HTTP/1.1" 200 27
180.169.147.146 - - [11/Jun/2021:09:07:49 +0800] "GET /xingrg/all/function/internal_message.html?_=1623373669648&CODE_STATE=getMsg HTTP/1.1" 200 27
116.224.253.72 - - [11/Jun/2021:09:07:51 +0800] "GET /xingrg/all/function/internal_message.html?_=1623373667258&CODE_STATE=getMsg HTTP/1.1" 200 27
117.185.32.26 - - [11/Jun/2021:09:07:55 +0800] "GET /xingrg/check_reg.html?_=1623374210197 HTTP/1.1" 200 22
117.185.32.26 - - [11/Jun/2021:09:07:56 +0800] "GET /xingrg/all/function/internal_message.html?_=1623374210715&CODE_STATE=getMsg HTTP/1.1" 200 27
116.224.253.72 - - [11/Jun/2021:09:08:15 +0800] "GET /xingrg/all/function/internal_message.html?_=1623373694548&CODE_STATE=getMsg HTTP/1.1" 200 27
116.224.253.72 - - [11/Jun/2021:09:08:15 +0800] "GET /xingrg/check_reg.html?_=1623373694552 HTTP/1.1" 200 22
116.230.114.112 - - [11/Jun/2021:09:08:18 +0800] "GET /xingrg/all/function/internal_message.html?_=1623373713354&CODE_STATE=getMsg HTTP/1.1" 302 -
61.165.42.208 - - [11/Jun/2021:09:08:24 +0800] "GET /xingrg/all/function/internal_message.html?_=1623373705979&CODE_STATE=getMsg HTTP/1.1" 200 27
116.230.117.165 - - [11/Jun/2021:09:08:38 +0800] "GET /xingrg/check_reg.html?_=1623373735617 HTTP/1.1" 200 22
180.169.147.146 - - [11/Jun/2021:09:08:41 +0800] "GET /xingrg/all/function/internal_message.html?_=1623373722634&CODE_STATE=getMsg HTTP/1.1" 200 27
117.131.5.26 - - [11/Jun/2021:09:08:43 +0800] "GET /xingrg/all/function/internal_message.html?_=1623373816398&CODE_STATE=getMsg HTTP/1.1" 200 27
116.235.222.38 - - [11/Jun/2021:09:08:43 +0800] "GET /xingrg/all/function/internal_message.html?_=1623373716542&CODE_STATE=getMsg HTTP/1.1" 200 27
116.230.117.165 - - [11/Jun/2021:09:08:44 +0800] "GET /xingrg/all/function/internal_message.html?_=1623373741589&CODE_STATE=getMsg HTTP/1.1" 200 27
180.169.147.146 - - [11/Jun/2021:09:08:47 +0800] "GET /xingrg/check_reg.html?_=1623373722223 HTTP/1.1" 200 22
180.169.147.146 - - [11/Jun/2021:09:08:47 +0800] "GET /xingrg/all/function/internal_message.html?_=1623373722224&CODE_STATE=getMsg HTTP/1.1" 200 27
116.235.222.38 - - [11/Jun/2021:09:08:47 +0800] "GET /xingrg/kc/buy/cgsh_order_operate.html?command=get_materiel&rest_code=00107&code=00101007078&supplier_code=00100002&order_time=2021-06-11 HTTP/1.1" 200 415
180.169.147.146 - - [11/Jun/2021:09:08:49 +0800] "GET /xingrg/all/function/internal_message.html?_=1623373729650&CODE_STATE=getMsg HTTP/1.1" 200 27
116.224.253.72 - - [11/Jun/2021:09:08:51 +0800] "GET /xingrg/all/function/internal_message.html?_=1623373727265&CODE_STATE=getMsg HTTP/1.1" 200 27
117.185.32.26 - - [11/Jun/2021:09:08:56 +0800] "GET /xingrg/all/function/internal_message.html?_=1623374270700&CODE_STATE=getMsg HTTP/1.1" 200 27
116.230.114.112 - - [11/Jun/2021:09:09:06 +0800] "GET /xingrg/check_reg.html?_=1623373761739 HTTP/1.1" 302 -
116.224.253.72 - - [11/Jun/2021:09:09:15 +0800] "GET /xingrg/all/function/internal_message.html?_=1623373754565&CODE_STATE=getMsg HTTP/1.1" 200 27
116.230.114.112 - - [11/Jun/2021:09:09:18 +0800] "GET /xingrg/all/function/internal_message.html?_=1623373773376&CODE_STATE=getMsg HTTP/1.1" 302 -
61.165.42.208 - - [11/Jun/2021:09:09:19 +0800] "GET /xingrg/kc/buy/cgsh_order_add.html HTTP/1.1" 200 62501
61.165.42.208 - - [11/Jun/2021:09:09:19 +0800] "GET /xingrg/javascript/easyui/themes/default/validatebox.css HTTP/1.1" 404 1104
61.165.42.208 - - [11/Jun/2021:09:09:19 +0800] "POST /xingrg/kc/buy/cgsh_order_operate.html HTTP/1.1" 200 8245
116.235.222.38 - - [11/Jun/2021:09:09:21 +0800] "GET /xingrg/kc/buy/cgsh_order_operate.html?command=get_materiel&rest_code=00107&code=00101007048&supplier_code=00100002&order_time=2021-06-11 HTTP/1.1" 200 408
61.165.42.208 - - [11/Jun/2021:09:09:24 +0800] "GET /xingrg/check_reg.html?_=1623373765979 HTTP/1.1" 200 22
61.165.42.208 - - [11/Jun/2021:09:09:24 +0800] "GET /xingrg/all/function/internal_message.html?_=1623373765980&CODE_STATE=getMsg HTTP/1.1" 200 27
61.165.42.208 - - [11/Jun/2021:09:09:31 +0800] "GET /xingrg/kc/buy/cgsh_order_operate.html?command=get_materiel&rest_code=00105&code=00101016100&supplier_code=00100034&order_time=2021-06-11 HTTP/1.1" 200 412
180.169.147.146 - - [11/Jun/2021:09:09:32 +0800] "GET /xingrg/javascript/jquery_easy_ui/themes/default/images/tabs_active.png HTTP/1.1" 200 2894
180.169.147.146 - - [11/Jun/2021:09:09:40 +0800] "POST /xingrg/all/user/operate.html HTTP/1.1" 200 36
180.169.147.146 - - [11/Jun/2021:09:09:40 +0800] "GET /xingrg/index.html?sysBaseUrl=http%3A%2F%2F180.169.147.146%3A18081%2Fxingrg%2F&costTime=39×tamp=1592034574635 HTTP/1.1" 200 17509
180.169.147.146 - - [11/Jun/2021:09:09:40 +0800] "GET /xingrg/javascript/jquery_easy_ui/themes/default/easyui.css HTTP/1.1" 304 -
180.169.147.146 - - [11/Jun/2021:09:09:40 +0800] "GET /xingrg/javascript/jquery_easy_ui/themes/icon.css HTTP/1.1" 304 -
180.169.147.146 - - [11/Jun/2021:09:09:40 +0800] "GET /xingrg/css/form.css HTTP/1.1" 304 -
180.169.147.146 - - [11/Jun/2021:09:09:40 +0800] "GET /xingrg/javascript/jquery-1.4.2.min.js HTTP/1.1" 304 -
180.169.147.146 - - [11/Jun/2021:09:09:40 +0800] "GET /xingrg/javascript/jquery_easy_ui/jquery.easyui.min.js HTTP/1.1" 304 -
180.169.147.146 - - [11/Jun/2021:09:09:40 +0800] "GET /xingrg/javascript/jquery_easy_ui/easyui-lang-zh_CN.js HTTP/1.1" 304 -
180.169.147.146 - - [11/Jun/2021:09:09:40 +0800] "GET /xingrg/javascript/jquery.form.js HTTP/1.1" 304 -
180.169.147.146 - - [11/Jun/2021:09:09:40 +0800] "GET /xingrg/javascript/jquery.utils.js HTTP/1.1" 304 -
180.169.147.146 - - [11/Jun/2021:09:09:40 +0800] "GET /xingrg/javascript/jquery.timers.js HTTP/1.1" 304 -
180.169.147.146 - - [11/Jun/2021:09:09:40 +0800] "GET /xingrg/images/blue/jxLogo.png HTTP/1.1" 304 -
180.169.147.146 - - [11/Jun/2021:09:09:40 +0800] "GET /xingrg/javascript/jquery_easy_ui/themes/icons/settle_new.png HTTP/1.1" 304 -
180.169.147.146 - - [11/Jun/2021:09:09:40 +0800] "GET /xingrg/images/blue/navBackgound.jpg HTTP/1.1" 304 -
180.169.147.146 - - [11/Jun/2021:09:09:40 +0800] "GET /xingrg/all/function/internal_message.html?_=1623373780730&CODE_STATE=count HTTP/1.1" 200 11
180.169.147.146 - - [11/Jun/2021:09:09:40 +0800] "GET /xingrg/check_reg.html?_=1623373780730 HTTP/1.1" 200 22
180.169.147.146 - - [11/Jun/2021:09:09:40 +0800] "GET /xingrg/images/blue/pingpu.png HTTP/1.1" 304 -
180.169.147.146 - - [11/Jun/2021:09:09:40 +0800] "GET /xingrg/javascript/jquery_easy_ui/themes/default/images/tabs_leftarrow.png HTTP/1.1" 304 -
180.169.147.146 - - [11/Jun/2021:09:09:40 +0800] "GET /xingrg/javascript/jquery_easy_ui/themes/default/images/tabs_rightarrow.png HTTP/1.1" 304 -
180.169.147.146 - - [11/Jun/2021:09:09:40 +0800] "GET /xingrg/javascript/jquery_easy_ui/themes/default/images/panel_tool_expand.gif HTTP/1.1" 304 -
180.169.147.146 - - [11/Jun/2021:09:09:40 +0800] "GET /xingrg/javascript/jquery_easy_ui/themes/default/images/panel_tool_collapse.gif HTTP/1.1" 304 -
180.169.147.146 - - [11/Jun/2021:09:09:41 +0800] "POST /xingrg/all/common/load_tree.html?tree=area_rest_tree_json&manage=1 HTTP/1.1" 200 3466
180.169.147.146 - - [11/Jun/2021:09:09:41 +0800] "POST /xingrg/load_menu.html HTTP/1.1" 200 9959
180.169.147.146 - - [11/Jun/2021:09:09:41 +0800] "GET /xingrg/all/function/internal_message.html?_=1623373782640&CODE_STATE=getMsg HTTP/1.1" 200 27
180.169.147.146 - - [11/Jun/2021:09:09:41 +0800] "GET /xingrg/check_reg.html?_=1623373782643 HTTP/1.1" 200 22
180.169.147.146 - - [11/Jun/2021:09:09:41 +0800] "GET /xingrg/kc/report/report_main.html HTTP/1.1" 200 7345
180.169.147.146 - - [11/Jun/2021:09:09:43 +0800] "GET /xingrg/all/report/report_query.html?fileName=kc/buy/gys_amount.xml&rh=99999 HTTP/1.1" 200 52006
180.169.147.146 - - [11/Jun/2021:09:09:43 +0800] "GET /xingrg/dwr/interface/AjaxReportQueryService.js HTTP/1.1" 200 13203
180.169.147.146 - - [11/Jun/2021:09:09:43 +0800] "GET /xingrg/dwr/engine.js HTTP/1.1" 200 43631
180.169.147.146 - - [11/Jun/2021:09:09:43 +0800] "POST /xingrg/dwr/call/plaincall/AjaxReportQueryService.getFixDate.dwr HTTP/1.1" 200 111
117.131.5.26 - - [11/Jun/2021:09:09:43 +0800] "GET /xingrg/all/function/internal_message.html?_=1623373876397&CODE_STATE=getMsg HTTP/1.1" 200 27
116.235.222.38 - - [11/Jun/2021:09:09:43 +0800] "GET /xingrg/all/function/internal_message.html?_=1623373776516&CODE_STATE=getMsg HTTP/1.1" 200 27
180.169.147.146 - - [11/Jun/2021:09:09:44 +0800] "POST /xingrg/dwr/call/plaincall/AjaxReportQueryService.getInitString.dwr HTTP/1.1" 200 1401
180.169.147.146 - - [11/Jun/2021:09:09:44 +0800] "POST /xingrg/all/common/load_tree.html?tree=materiel_sort_tree_json HTTP/1.1" 200 8666
116.230.117.165 - - [11/Jun/2021:09:09:44 +0800] "GET /xingrg/all/function/internal_message.html?_=1623373801603&CODE_STATE=getMsg HTTP/1.1" 200 27
180.169.147.146 - - [11/Jun/2021:09:09:44 +0800] "POST /xingrg/all/common/load_tree.html?tree=supplier_tree_json&manage=1 HTTP/1.1" 200 56873
180.169.147.146 - - [11/Jun/2021:09:09:45 +0800] "POST /xingrg/dwr/call/plaincall/AjaxReportQueryService.getFixDate.dwr HTTP/1.1" 200 111
180.169.147.146 - - [11/Jun/2021:09:09:46 +0800] "GET /xingrg/javascript/jquery_easy_ui/themes/default/images/button_plain_hover.png HTTP/1.1" 200 252
180.169.147.146 - - [11/Jun/2021:09:09:47 +0800] "GET /xingrg/all/function/internal_message.html?_=1623373782222&CODE_STATE=getMsg HTTP/1.1" 200 27
180.169.147.146 - - [11/Jun/2021:09:09:47 +0800] "POST /xingrg/dwr/call/plaincall/AjaxReportQueryService.refreshCache.dwr HTTP/1.1" 200 78
180.169.147.146 - - [11/Jun/2021:09:09:50 +0800] "POST /xingrg/all/report/load_report_page.html HTTP/1.1" 200 158730
180.169.147.146 - - [11/Jun/2021:09:09:50 +0800] "GET /xingrg/servlets/image?cache=0.8144531210908872&image=px HTTP/1.1" 200 807
116.224.253.72 - - [11/Jun/2021:09:09:51 +0800] "GET /xingrg/all/function/internal_message.html?_=1623373787286&CODE_STATE=getMsg HTTP/1.1" 200 27
116.235.222.38 - - [11/Jun/2021:09:09:52 +0800] "GET /xingrg/kc/buy/cgsh_order_operate.html?command=get_materiel&rest_code=00107&code=00101007023&supplier_code=00100002&order_time=2021-06-11 HTTP/1.1" 200 409
117.185.32.26 - - [11/Jun/2021:09:09:56 +0800] "GET /xingrg/all/function/internal_message.html?_=1623374330685&CODE_STATE=getMsg HTTP/1.1" 200 27
116.235.222.38 - - [11/Jun/2021:09:10:03 +0800] "GET /xingrg/kc/buy/cgsh_order_operate.html?command=get_materiel&rest_code=00107&code=00101007075&supplier_code=00100002&order_time=2021-06-11 HTTP/1.1" 200 408
61.165.42.208 - - [11/Jun/2021:09:10:06 +0800] "GET /xingrg/kc/buy/cgsh_order_operate.html?command=get_materiel&rest_code=00105&code=00101016030&supplier_code=00100034&order_time=2021-06-11 HTTP/1.1" 200 412
180.169.147.146 - - [11/Jun/2021:09:10:06 +0800] "POST /xingrg/all/report/load_report_page.html HTTP/1.1" 200 158802
180.169.147.146 - - [11/Jun/2021:09:10:06 +0800] "GET /xingrg/servlets/image?cache=0.47552462850052446&image=px HTTP/1.1" 200 807
180.169.147.146 - - [11/Jun/2021:09:10:10 +0800] "GET /xingrg/all/report/report_query.html?isQuery=1&fileName=kc/buy/wlcg_cate_hz.xml&queryString=(CONVERT(char(10)%252Ca.order_time%252C%2520120)%253E%253D'2021-05-01')%2520and%2520(CONVERT(char(10)%252Ca.order_time%252C%2520120)%253C%253D'2021-05-31')%2520and%2520(a.supplier_code%253D'00100085')&queryText=%25E3%2580%2590%25E9%2587%2587%25E8%25B4%25AD%25E6%2597%25A5%25E6%259C%259F%253A2021-05-01%2520%25E8%2587%25B3%25202021-05-31%25E3%2580%2591%2520%25E5%25B9%25B6%25E4%25B8%2594%2520%25E3%2580%2590%25E4%25BE%259B%25E5%25BA%2594%25E5%2595%2586%253D%25E5%25B0%258F%25E6%259D%258E%25E8%259A%258C%25EF%25BC%2588%25E6%259D%258E%25E6%2598%258E%25E6%2597%25BA%25EF%25BC%2589%25E3%2580%2591 HTTP/1.1" 200 54363
180.169.147.146 - - [11/Jun/2021:09:10:10 +0800] "GET /xingrg/dwr/interface/AjaxReportQueryService.js HTTP/1.1" 200 13203
180.169.147.146 - - [11/Jun/2021:09:10:10 +0800] "GET /xingrg/dwr/engine.js HTTP/1.1" 200 43631
180.169.147.146 - - [11/Jun/2021:09:10:12 +0800] "POST /xingrg/all/report/load_report_page.html HTTP/1.1" 200 8714
180.169.147.146 - - [11/Jun/2021:09:10:12 +0800] "GET /xingrg/servlets/image?cache=0.2994251738815069&image=px HTTP/1.1" 200 807
180.169.147.146 - - [11/Jun/2021:09:10:15 +0800] "POST /xingrg/all/report/load_report_page.html HTTP/1.1" 200 13056
180.169.147.146 - - [11/Jun/2021:09:10:15 +0800] "GET /xingrg/servlets/image?cache=0.19954382716208796&image=px HTTP/1.1" 200 807
116.224.253.72 - - [11/Jun/2021:09:10:15 +0800] "GET /xingrg/all/function/internal_message.html?_=1623373814570&CODE_STATE=getMsg HTTP/1.1" 200 27
116.230.114.112 - - [11/Jun/2021:09:10:18 +0800] "GET /xingrg/all/function/internal_message.html?_=1623373833381&CODE_STATE=getMsg HTTP/1.1" 302 -
180.169.147.146 - - [11/Jun/2021:09:10:19 +0800] "POST /xingrg/all/report/report_print.html HTTP/1.1" 302 -
180.169.147.146 - - [11/Jun/2021:09:10:19 +0800] "GET /xingrg/servlets/html?sysBaseUrl=http%3A%2F%2F180.169.147.146%3A18081%2Fxingrg%2F&costTime=927×tamp=1623373819244 HTTP/1.1" 200 14710
180.169.147.146 - - [11/Jun/2021:09:10:19 +0800] "GET /xingrg/servlets/image?image=px HTTP/1.1" 200 807
180.169.147.146 - - [11/Jun/2021:09:10:19 +0800] "GET /favicon.ico HTTP/1.1" 404 -
61.165.42.208 - - [11/Jun/2021:09:10:19 +0800] "GET /xingrg/kc/buy/cgsh_order_operate.html?command=get_materiel&rest_code=00105&code=00101012029&supplier_code=00100034&order_time=2021-06-11 HTTP/1.1" 200 412
61.165.42.208 - - [11/Jun/2021:09:10:24 +0800] "GET /xingrg/all/function/internal_message.html?_=1623373825990&CODE_STATE=getMsg HTTP/1.1" 200 27
116.235.222.38 - - [11/Jun/2021:09:10:31 +0800] "GET /xingrg/kc/buy/cgsh_order_operate.html?command=get_materiel&rest_code=00107&code=00101007071&supplier_code=00100002&order_time=2021-06-11 HTTP/1.1" 200 417
180.169.147.146 - - [11/Jun/2021:09:10:33 +0800] "GET /xingrg/all/report/report_query.html?isQuery=1&fileName=kc/buy/wlcg_cate_hz.xml&queryString=(CONVERT(char(10)%252Ca.order_time%252C%2520120)%253E%253D'2021-05-01')%2520and%2520(CONVERT(char(10)%252Ca.order_time%252C%2520120)%253C%253D'2021-05-31')%2520and%2520(a.supplier_code%253D'00100086')&queryText=%25E3%2580%2590%25E9%2587%2587%25E8%25B4%25AD%25E6%2597%25A5%25E6%259C%259F%253A2021-05-01%2520%25E8%2587%25B3%25202021-05-31%25E3%2580%2591%2520%25E5%25B9%25B6%25E4%25B8%2594%2520%25E3%2580%2590%25E4%25BE%259B%25E5%25BA%2594%25E5%2595%2586%253D%25E9%2591%25AB%25E4%25BC%259F%25E9%25B2%258D%25E9%25B1%25BC%25EF%25BC%2588%25E9%2599%2588%25E5%25BD%25A9%25E6%2581%258B%25EF%25BC%2589%25E3%2580%2591 HTTP/1.1" 200 54367
180.169.147.146 - - [11/Jun/2021:09:10:33 +0800] "GET /xingrg/dwr/interface/AjaxReportQueryService.js HTTP/1.1" 200 13203
180.169.147.146 - - [11/Jun/2021:09:10:33 +0800] "GET /xingrg/dwr/engine.js HTTP/1.1" 200 43631
180.169.147.146 - - [11/Jun/2021:09:10:35 +0800] "POST /xingrg/all/report/load_report_page.html HTTP/1.1" 200 8713
180.169.147.146 - - [11/Jun/2021:09:10:35 +0800] "GET /xingrg/servlets/image?cache=0.2408200338422114&image=px HTTP/1.1" 200 807
180.169.147.146 - - [11/Jun/2021:09:10:38 +0800] "POST /xingrg/all/report/load_report_page.html HTTP/1.1" 200 16429
180.169.147.146 - - [11/Jun/2021:09:10:38 +0800] "GET /xingrg/servlets/image?cache=0.23012645183058267&image=px HTTP/1.1" 200 807
61.165.42.208 - - [11/Jun/2021:09:10:39 +0800] "GET /xingrg/kc/buy/cgsh_order_operate.html?command=get_materiel&rest_code=00105&code=00101016025&supplier_code=00100034&order_time=2021-06-11 HTTP/1.1" 200 408
180.169.147.146 - - [11/Jun/2021:09:10:40 +0800] "GET /xingrg/all/function/internal_message.html?_=1623373840759&CODE_STATE=getMsg HTTP/1.1" 200 27
116.224.253.72 - - [11/Jun/2021:09:10:41 +0800] "GET /xingrg/check_reg.html?_=1623373837247 HTTP/1.1" 200 22
180.169.147.146 - - [11/Jun/2021:09:10:41 +0800] "GET /xingrg/all/function/internal_message.html?_=1623373842630&CODE_STATE=getMsg HTTP/1.1" 200 27
117.131.5.26 - - [11/Jun/2021:09:10:43 +0800] "GET /xingrg/all/function/internal_message.html?_=1623373936395&CODE_STATE=getMsg HTTP/1.1" 200 27
