116.224.253.72 - - [11/Jun/2021:09:31:07 +0800] "GET /xingrg/javascript/jquery.form.js HTTP/1.1" 304 -
116.224.253.72 - - [11/Jun/2021:09:31:07 +0800] "GET /xingrg/javascript/jquery.utils.js HTTP/1.1" 304 -
116.224.253.72 - - [11/Jun/2021:09:31:07 +0800] "GET /xingrg/javascript/jquery.timers.js HTTP/1.1" 304 -
116.224.253.72 - - [11/Jun/2021:09:31:07 +0800] "GET /xingrg/images/blue/jxLogo.png HTTP/1.1" 304 -
116.224.253.72 - - [11/Jun/2021:09:31:07 +0800] "GET /xingrg/javascript/jquery_easy_ui/themes/icons/settle_new.png HTTP/1.1" 304 -
116.224.253.72 - - [11/Jun/2021:09:31:07 +0800] "GET /xingrg/images/blue/navBackgound.jpg HTTP/1.1" 304 -
116.224.253.72 - - [11/Jun/2021:09:31:07 +0800] "GET /xingrg/all/function/internal_message.html?_=1623375066730&CODE_STATE=count HTTP/1.1" 200 11
116.224.253.72 - - [11/Jun/2021:09:31:07 +0800] "GET /xingrg/check_reg.html?_=1623375066730 HTTP/1.1" 200 22
116.224.253.72 - - [11/Jun/2021:09:31:07 +0800] "GET /xingrg/javascript/jquery_easy_ui/themes/default/images/tabs_leftarrow.png HTTP/1.1" 304 -
116.224.253.72 - - [11/Jun/2021:09:31:07 +0800] "GET /xingrg/images/blue/pingpu.png HTTP/1.1" 304 -
116.224.253.72 - - [11/Jun/2021:09:31:07 +0800] "GET /xingrg/javascript/jquery_easy_ui/themes/default/images/tabs_rightarrow.png HTTP/1.1" 304 -
116.224.253.72 - - [11/Jun/2021:09:31:07 +0800] "GET /xingrg/javascript/jquery_easy_ui/themes/default/images/panel_tool_collapse.gif HTTP/1.1" 304 -
116.224.253.72 - - [11/Jun/2021:09:31:07 +0800] "POST /xingrg/all/common/load_tree.html?tree=area_rest_tree_json&manage=1 HTTP/1.1" 200 476
116.224.253.72 - - [11/Jun/2021:09:31:07 +0800] "POST /xingrg/load_menu.html HTTP/1.1" 200 5138
116.224.253.72 - - [11/Jun/2021:09:31:10 +0800] "GET /xingrg/kc/buy/cgsh_order_list.html HTTP/1.1" 200 46722
116.230.117.165 - - [11/Jun/2021:09:31:11 +0800] "GET /xingrg/kc/buy/cgsh_order_operate.html?command=get_materiel&rest_code=00146&code=00101002027&supplier_code=00100199&order_time=2021-06-11 HTTP/1.1" 200 415
116.224.253.72 - - [11/Jun/2021:09:31:12 +0800] "POST /xingrg/kc/buy/cgsh_list_operate.html HTTP/1.1" 200 1691
116.224.253.72 - - [11/Jun/2021:09:31:14 +0800] "POST /xingrg/kc/buy/cgsh_list_operate.html HTTP/1.1" 200 567
116.224.253.72 - - [11/Jun/2021:09:31:15 +0800] "GET /xingrg/kc/buy/cgsh_order_info.html?code=212021061104769 HTTP/1.1" 200 62387
116.224.253.72 - - [11/Jun/2021:09:31:16 +0800] "GET /xingrg/javascript/easyui/themes/default/validatebox.css HTTP/1.1" 404 1104
116.224.253.72 - - [11/Jun/2021:09:31:16 +0800] "GET /xingrg/all/common/auto_word.html?type=employee&rest_code=00150 HTTP/1.1" 200 205
116.224.253.72 - - [11/Jun/2021:09:31:16 +0800] "GET /xingrg/all/common/auto_word.html?type=employee&rest_code=00150 HTTP/1.1" 200 205
116.224.253.72 - - [11/Jun/2021:09:31:16 +0800] "POST /xingrg/kc/buy/cgsh_order_operate.html HTTP/1.1" 200 25100
116.230.114.112 - - [11/Jun/2021:09:31:18 +0800] "GET /xingrg/all/function/internal_message.html?_=1623375093675&CODE_STATE=getMsg HTTP/1.1" 302 -
116.224.253.72 - - [11/Jun/2021:09:31:21 +0800] "GET /xingrg/javascript/auto/indicator.gif HTTP/1.1" 404 1066
116.230.117.165 - - [11/Jun/2021:09:31:22 +0800] "GET /xingrg/kc/buy/cgsh_order_operate.html?command=get_materiel&rest_code=00146&code=00101004030&supplier_code=00100199&order_time=2021-06-11 HTTP/1.1" 200 408
61.165.42.208 - - [11/Jun/2021:09:31:24 +0800] "GET /xingrg/all/function/internal_message.html?_=1623375085637&CODE_STATE=getMsg HTTP/1.1" 200 27
101.85.94.178 - - [11/Jun/2021:09:31:24 +0800] "GET /xingrg/all/function/internal_message.html?_=1623374544126&CODE_STATE=getMsg HTTP/1.1" 200 27
116.224.253.72 - - [11/Jun/2021:09:31:24 +0800] "GET /xingrg/kc/buy/cgsh_order_operate.html?command=get_materiel&rest_code=00150&code=00101008114&supplier_code=00100007&order_time=2021-06-11 HTTP/1.1" 200 412
116.224.253.72 - - [11/Jun/2021:09:31:33 +0800] "GET /xingrg/kc/buy/cgsh_order_operate.html?command=get_materiel&rest_code=00150&code=00101008354&supplier_code=00100007&order_time=2021-06-11 HTTP/1.1" 200 412
116.232.54.115 - - [11/Jun/2021:09:31:35 +0800] "GET /xingrg/all/function/internal_message.html?_=1623375095737&CODE_STATE=getMsg HTTP/1.1" 200 27
116.232.54.115 - - [11/Jun/2021:09:31:35 +0800] "GET /xingrg/check_reg.html?_=1623375095741 HTTP/1.1" 200 22
58.40.7.146 - - [11/Jun/2021:09:31:35 +0800] "GET /xingrg/all/function/internal_message.html?_=1623375095924&CODE_STATE=getMsg HTTP/1.1" 200 27
116.230.117.165 - - [11/Jun/2021:09:31:37 +0800] "GET /xingrg/kc/buy/cgsh_order_operate.html?command=get_materiel&rest_code=00146&code=00101004038&supplier_code=00100199&order_time=2021-06-11 HTTP/1.1" 200 429
180.169.147.146 - - [11/Jun/2021:09:31:41 +0800] "GET /xingrg/all/function/internal_message.html?_=1623375102641&CODE_STATE=getMsg HTTP/1.1" 200 27
116.224.253.72 - - [11/Jun/2021:09:31:42 +0800] "GET /xingrg/kc/buy/cgsh_order_operate.html?command=get_materiel&rest_code=00150&code=00101008095&supplier_code=00100007&order_time=2021-06-11 HTTP/1.1" 200 412
116.235.222.38 - - [11/Jun/2021:09:31:43 +0800] "GET /xingrg/all/function/internal_message.html?_=1623375096327&CODE_STATE=getMsg HTTP/1.1" 200 27
117.131.5.26 - - [11/Jun/2021:09:31:43 +0800] "GET /xingrg/all/function/internal_message.html?_=1623375196422&CODE_STATE=getMsg HTTP/1.1" 200 27
116.230.117.165 - - [11/Jun/2021:09:31:45 +0800] "GET /xingrg/all/function/internal_message.html?_=1623375122494&CODE_STATE=getMsg HTTP/1.1" 200 27
180.169.147.146 - - [11/Jun/2021:09:31:47 +0800] "GET /xingrg/all/function/internal_message.html?_=1623375102310&CODE_STATE=getMsg HTTP/1.1" 200 27
116.224.253.72 - - [11/Jun/2021:09:31:47 +0800] "GET /xingrg/kc/buy/cgsh_order_operate.html?command=get_materiel&rest_code=00150&code=00101008110&supplier_code=00100007&order_time=2021-06-11 HTTP/1.1" 200 408
116.230.117.165 - - [11/Jun/2021:09:31:48 +0800] "GET /xingrg/kc/buy/cgsh_order_operate.html?command=get_materiel&rest_code=00146&code=00101001099&supplier_code=00100199&order_time=2021-06-11 HTTP/1.1" 200 409
116.224.253.72 - - [11/Jun/2021:09:31:52 +0800] "GET /xingrg/all/function/internal_message.html?_=1623375107576&CODE_STATE=getMsg HTTP/1.1" 200 27
116.224.253.72 - - [11/Jun/2021:09:31:52 +0800] "GET /xingrg/kc/buy/cgsh_order_operate.html?command=get_materiel&rest_code=00150&code=00101008360&supplier_code=00100007&order_time=2021-06-11 HTTP/1.1" 200 412
116.224.253.72 - - [11/Jun/2021:09:31:54 +0800] "POST /xingrg/kc/buy/cgsh_order_operate.html HTTP/1.1" 200 2065
117.185.32.26 - - [11/Jun/2021:09:31:55 +0800] "GET /xingrg/all/function/internal_message.html?_=1623375650367&CODE_STATE=getMsg HTTP/1.1" 200 27
116.230.117.165 - - [11/Jun/2021:09:32:00 +0800] "GET /xingrg/kc/buy/cgsh_order_operate.html?command=get_materiel&rest_code=00146&code=00101005032&supplier_code=00100199&order_time=2021-06-11 HTTP/1.1" 200 411
116.224.253.72 - - [11/Jun/2021:09:32:03 +0800] "GET /xingrg/kc/buy/cgsh_order_operate.html?command=get_materiel&rest_code=00150&code=00101008312&supplier_code=00100007&order_time=2021-06-11 HTTP/1.1" 200 412
116.224.253.72 - - [11/Jun/2021:09:32:07 +0800] "GET /xingrg/all/function/internal_message.html?_=1623375126855&CODE_STATE=getMsg HTTP/1.1" 200 27
116.224.253.72 - - [11/Jun/2021:09:32:09 +0800] "GET /xingrg/kc/buy/cgsh_order_operate.html?command=get_materiel&rest_code=00150&code=00101008061&supplier_code=00100007&order_time=2021-06-11 HTTP/1.1" 200 422
116.224.253.72 - - [11/Jun/2021:09:32:16 +0800] "GET /xingrg/kc/buy/cgsh_order_operate.html?command=get_materiel&rest_code=00150&code=00101008168&supplier_code=00100007&order_time=2021-06-11 HTTP/1.1" 200 413
116.232.54.115 - - [11/Jun/2021:09:32:18 +0800] "GET /xingrg/kc/buy/cgsh_order_operate.html?command=get_materiel&rest_code=00109&code=00101008362&supplier_code=00100005&order_time=2021-06-11 HTTP/1.1" 200 408
116.230.114.112 - - [11/Jun/2021:09:32:18 +0800] "GET /xingrg/all/function/internal_message.html?_=1623375153680&CODE_STATE=getMsg HTTP/1.1" 302 -
116.224.253.72 - - [11/Jun/2021:09:32:21 +0800] "GET /xingrg/kc/buy/cgsh_order_operate.html?command=get_materiel&rest_code=00150&code=00101008234&supplier_code=00100007&order_time=2021-06-11 HTTP/1.1" 200 408
61.165.42.208 - - [11/Jun/2021:09:32:24 +0800] "GET /xingrg/all/function/internal_message.html?_=1623375145609&CODE_STATE=getMsg HTTP/1.1" 200 27
101.85.94.178 - - [11/Jun/2021:09:32:24 +0800] "GET /xingrg/check_reg.html?_=1623374604126 HTTP/1.1" 200 22
101.85.94.178 - - [11/Jun/2021:09:32:24 +0800] "GET /xingrg/all/function/internal_message.html?_=1623374604129&CODE_STATE=getMsg HTTP/1.1" 200 27
116.232.54.115 - - [11/Jun/2021:09:32:24 +0800] "GET /xingrg/kc/buy/cgsh_order_operate.html?command=get_materiel&rest_code=00109&code=00101008360&supplier_code=00100005&order_time=2021-06-11 HTTP/1.1" 200 412
101.85.94.178 - - [11/Jun/2021:09:32:31 +0800] "GET /xingrg/javascript/jquery_easy_ui/themes/default/images/button_plain_hover.png HTTP/1.1" 200 252
116.224.253.72 - - [11/Jun/2021:09:32:34 +0800] "POST /xingrg/kc/buy/cgsh_order_operate.html HTTP/1.1" 200 37
116.232.54.115 - - [11/Jun/2021:09:32:35 +0800] "GET /xingrg/all/function/internal_message.html?_=1623375155739&CODE_STATE=getMsg HTTP/1.1" 200 27
58.40.7.146 - - [11/Jun/2021:09:32:35 +0800] "GET /xingrg/check_reg.html?_=1623375155912 HTTP/1.1" 200 22
58.40.7.146 - - [11/Jun/2021:09:32:35 +0800] "GET /xingrg/all/function/internal_message.html?_=1623375155913&CODE_STATE=getMsg HTTP/1.1" 200 27
116.224.253.72 - - [11/Jun/2021:09:32:36 +0800] "POST /xingrg/kc/buy/cgsh_order_operate.html HTTP/1.1" 200 30423
116.232.54.115 - - [11/Jun/2021:09:32:39 +0800] "GET /xingrg/kc/buy/cgsh_order_operate.html?command=get_materiel&rest_code=00109&code=00101008357&supplier_code=00100005&order_time=2021-06-11 HTTP/1.1" 200 23
116.224.253.72 - - [11/Jun/2021:09:32:39 +0800] "GET /xingrg/kc/buy/cgsh_order_add.html HTTP/1.1" 200 62378
116.224.253.72 - - [11/Jun/2021:09:32:40 +0800] "POST /xingrg/kc/buy/cgsh_order_operate.html HTTP/1.1" 200 8245
116.224.253.72 - - [11/Jun/2021:09:32:40 +0800] "GET /xingrg/javascript/easyui/themes/default/validatebox.css HTTP/1.1" 404 1104
180.169.147.146 - - [11/Jun/2021:09:32:41 +0800] "GET /xingrg/all/function/internal_message.html?_=1623375162629&CODE_STATE=getMsg HTTP/1.1" 200 27
116.235.222.38 - - [11/Jun/2021:09:32:43 +0800] "GET /xingrg/check_reg.html?_=1623375156321 HTTP/1.1" 200 22
116.235.222.38 - - [11/Jun/2021:09:32:43 +0800] "GET /xingrg/all/function/internal_message.html?_=1623375156324&CODE_STATE=getMsg HTTP/1.1" 200 27
117.131.5.26 - - [11/Jun/2021:09:32:43 +0800] "GET /xingrg/all/function/internal_message.html?_=1623375256420&CODE_STATE=getMsg HTTP/1.1" 200 27
116.230.117.165 - - [11/Jun/2021:09:32:45 +0800] "GET /xingrg/all/function/internal_message.html?_=1623375182508&CODE_STATE=getMsg HTTP/1.1" 200 27
180.169.147.146 - - [11/Jun/2021:09:32:47 +0800] "GET /xingrg/all/function/internal_message.html?_=1623375162334&CODE_STATE=getMsg HTTP/1.1" 200 27
116.232.54.115 - - [11/Jun/2021:09:32:49 +0800] "GET /xingrg/kc/buy/cgsh_order_operate.html?command=get_materiel&rest_code=00109&code=00101008357&supplier_code=00100005&order_time=2021-06-11 HTTP/1.1" 200 408
116.224.253.72 - - [11/Jun/2021:09:32:52 +0800] "GET /xingrg/all/function/internal_message.html?_=1623375167598&CODE_STATE=getMsg HTTP/1.1" 200 27
116.224.253.72 - - [11/Jun/2021:09:32:52 +0800] "GET /xingrg/kc/buy/cgsh_order_operate.html?command=get_materiel&rest_code=00150&code=00101009001&supplier_code=00100424&order_time=2021-06-11 HTTP/1.1" 200 416
117.185.32.26 - - [11/Jun/2021:09:32:55 +0800] "GET /xingrg/check_reg.html?_=1623375710306 HTTP/1.1" 200 22
117.185.32.26 - - [11/Jun/2021:09:32:55 +0800] "GET /xingrg/all/function/internal_message.html?_=1623375710340&CODE_STATE=getMsg HTTP/1.1" 200 27
116.232.54.115 - - [11/Jun/2021:09:32:56 +0800] "GET /xingrg/kc/buy/cgsh_order_operate.html?command=get_materiel&rest_code=00109&code=00101008069&supplier_code=00100005&order_time=2021-06-11 HTTP/1.1" 200 412
180.169.147.146 - - [11/Jun/2021:09:32:57 +0800] "GET /xingrg/login.html HTTP/1.1" 200 7641
180.169.147.146 - - [11/Jun/2021:09:32:57 +0800] "GET /xingrg/images/blue/jxLogo.png HTTP/1.1" 200 6156
180.169.147.146 - - [11/Jun/2021:09:32:57 +0800] "GET /xingrg/images/blue/hj.png HTTP/1.1" 200 1014
180.169.147.146 - - [11/Jun/2021:09:32:57 +0800] "GET /xingrg/images/blue/login_bg.png HTTP/1.1" 200 22101
180.169.147.146 - - [11/Jun/2021:09:32:57 +0800] "GET /xingrg/images/blue/srbg.png HTTP/1.1" 200 138
180.169.147.146 - - [11/Jun/2021:09:32:57 +0800] "GET /favicon.ico HTTP/1.1" 404 -
116.232.54.115 - - [11/Jun/2021:09:32:58 +0800] "POST /xingrg/kc/buy/cgsh_order_operate.html HTTP/1.1" 200 2065
116.224.253.72 - - [11/Jun/2021:09:33:01 +0800] "GET /xingrg/kc/buy/cgsh_order_operate.html?command=get_materiel&rest_code=00150&code=00101009124&supplier_code=00100424&order_time=2021-06-11 HTTP/1.1" 200 402
116.232.54.115 - - [11/Jun/2021:09:33:04 +0800] "GET /xingrg/kc/buy/cgsh_order_operate.html?command=get_materiel&rest_code=00109&code=00101008286&supplier_code=00100005&order_time=2021-06-11 HTTP/1.1" 200 408
180.169.147.146 - - [11/Jun/2021:09:33:05 +0800] "POST /xingrg/login.do HTTP/1.1" 302 -
180.169.147.146 - - [11/Jun/2021:09:33:05 +0800] "GET /xingrg/index.html?sysBaseUrl=http%3A%2F%2F180.169.147.146%3A18081%2Fxingrg%2F&costTime=1123×tamp=1623375185387 HTTP/1.1" 200 17503
180.169.147.146 - - [11/Jun/2021:09:33:05 +0800] "GET /xingrg/javascript/jquery_easy_ui/themes/icon.css HTTP/1.1" 200 3949
180.169.147.146 - - [11/Jun/2021:09:33:05 +0800] "GET /xingrg/javascript/jquery_easy_ui/themes/default/easyui.css HTTP/1.1" 200 26500
180.169.147.146 - - [11/Jun/2021:09:33:05 +0800] "GET /xingrg/css/form.css HTTP/1.1" 200 893
180.169.147.146 - - [11/Jun/2021:09:33:05 +0800] "GET /xingrg/javascript/jquery-1.4.2.min.js HTTP/1.1" 200 72205
180.169.147.146 - - [11/Jun/2021:09:33:05 +0800] "GET /xingrg/javascript/jquery_easy_ui/jquery.easyui.min.js HTTP/1.1" 200 213662
180.169.147.146 - - [11/Jun/2021:09:33:05 +0800] "GET /xingrg/javascript/jquery_easy_ui/easyui-lang-zh_CN.js HTTP/1.1" 200 1900
180.169.147.146 - - [11/Jun/2021:09:33:05 +0800] "GET /xingrg/javascript/jquery.timers.js HTTP/1.1" 200 3532
180.169.147.146 - - [11/Jun/2021:09:33:05 +0800] "GET /xingrg/javascript/jquery.form.js HTTP/1.1" 200 23110
180.169.147.146 - - [11/Jun/2021:09:33:05 +0800] "GET /xingrg/javascript/jquery.utils.js HTTP/1.1" 200 11805
180.169.147.146 - - [11/Jun/2021:09:33:05 +0800] "GET /favicon.ico HTTP/1.1" 404 -
180.169.147.146 - - [11/Jun/2021:09:33:05 +0800] "GET /xingrg/javascript/jquery_easy_ui/themes/icons/settle_new.png HTTP/1.1" 200 826
180.169.147.146 - - [11/Jun/2021:09:33:05 +0800] "GET /xingrg/images/blue/navBackgound.jpg HTTP/1.1" 200 12378
180.169.147.146 - - [11/Jun/2021:09:33:05 +0800] "GET /xingrg/all/function/internal_message.html?_=1623375185933&CODE_STATE=count HTTP/1.1" 200 11
180.169.147.146 - - [11/Jun/2021:09:33:05 +0800] "GET /xingrg/check_reg.html?_=1623375185935 HTTP/1.1" 200 22
180.169.147.146 - - [11/Jun/2021:09:33:05 +0800] "GET /xingrg/images/blue/pingpu.png HTTP/1.1" 200 231
180.169.147.146 - - [11/Jun/2021:09:33:05 +0800] "GET /xingrg/javascript/jquery_easy_ui/themes/default/images/tabs_leftarrow.png HTTP/1.1" 200 389
180.169.147.146 - - [11/Jun/2021:09:33:05 +0800] "GET /xingrg/javascript/jquery_easy_ui/themes/default/images/tabs_rightarrow.png HTTP/1.1" 200 395
180.169.147.146 - - [11/Jun/2021:09:33:05 +0800] "GET /xingrg/javascript/jquery_easy_ui/themes/default/images/panel_tool_expand.gif HTTP/1.1" 200 247
180.169.147.146 - - [11/Jun/2021:09:33:05 +0800] "GET /xingrg/javascript/jquery_easy_ui/themes/default/images/panel_tool_collapse.gif HTTP/1.1" 200 246
180.169.147.146 - - [11/Jun/2021:09:33:05 +0800] "POST /xingrg/all/common/load_tree.html?tree=area_rest_tree_json&manage=1 HTTP/1.1" 200 3466
180.169.147.146 - - [11/Jun/2021:09:33:05 +0800] "POST /xingrg/load_menu.html HTTP/1.1" 200 11443
180.169.147.146 - - [11/Jun/2021:09:33:06 +0800] "GET /xingrg/javascript/jquery_easy_ui/themes/default/images/tree_arrows.gif HTTP/1.1" 200 1043
180.169.147.146 - - [11/Jun/2021:09:33:06 +0800] "GET /xingrg/javascript/jquery_easy_ui/themes/default/images/tree_folder_open.gif HTTP/1.1" 200 956
180.169.147.146 - - [11/Jun/2021:09:33:06 +0800] "GET /xingrg/javascript/jquery_easy_ui/themes/icons/search_new.png HTTP/1.1" 200 586
180.169.147.146 - - [11/Jun/2021:09:33:06 +0800] "GET /xingrg/javascript/jquery_easy_ui/themes/icons/delivery_new.png HTTP/1.1" 200 700
180.169.147.146 - - [11/Jun/2021:09:33:06 +0800] "GET /xingrg/javascript/jquery_easy_ui/themes/icons/storage_new.png HTTP/1.1" 200 853
180.169.147.146 - - [11/Jun/2021:09:33:06 +0800] "GET /xingrg/javascript/jquery_easy_ui/themes/icons/checkout_new.png HTTP/1.1" 200 744
180.169.147.146 - - [11/Jun/2021:09:33:06 +0800] "GET /xingrg/javascript/jquery_easy_ui/themes/icons/forms_new.png HTTP/1.1" 200 350
180.169.147.146 - - [11/Jun/2021:09:33:06 +0800] "GET /xingrg/javascript/jquery_easy_ui/themes/icons/setting_new.png HTTP/1.1" 200 450
180.169.147.146 - - [11/Jun/2021:09:33:06 +0800] "GET /xingrg/javascript/jquery_easy_ui/themes/icons/systemset_new.png HTTP/1.1" 200 606
180.169.147.146 - - [11/Jun/2021:09:33:06 +0800] "GET /xingrg/javascript/jquery_easy_ui/themes/default/images/tree_file.gif HTTP/1.1" 200 118
180.169.147.146 - - [11/Jun/2021:09:33:06 +0800] "GET /xingrg/javascript/jquery_easy_ui/themes/default/images/tree_folder.gif HTTP/1.1" 200 952
180.169.147.146 - - [11/Jun/2021:09:33:06 +0800] "GET /xingrg/javascript/jquery_easy_ui/themes/icons/area.png HTTP/1.1" 200 262
180.169.147.146 - - [11/Jun/2021:09:33:06 +0800] "GET /xingrg/javascript/jquery_easy_ui/themes/icons/manage.png HTTP/1.1" 200 696
180.169.147.146 - - [11/Jun/2021:09:33:06 +0800] "GET /xingrg/javascript/jquery_easy_ui/themes/icons/rest.png HTTP/1.1" 200 695
180.169.147.146 - - [11/Jun/2021:09:33:06 +0800] "GET /xingrg/javascript/jquery_easy_ui/themes/default/images/button_a_bg.gif HTTP/1.1" 200 1194
180.169.147.146 - - [11/Jun/2021:09:33:06 +0800] "GET /xingrg/javascript/jquery_easy_ui/themes/default/images/button_span_bg.gif HTTP/1.1" 200 2061
180.169.147.146 - - [11/Jun/2021:09:33:06 +0800] "GET /xingrg/javascript/jquery_easy_ui/themes/icons/ok.png HTTP/1.1" 200 883
180.169.147.146 - - [11/Jun/2021:09:33:06 +0800] "GET /xingrg/javascript/jquery_easy_ui/themes/default/images/panel_title.png HTTP/1.1" 200 266
180.169.147.146 - - [11/Jun/2021:09:33:06 +0800] "GET /xingrg/javascript/jquery_easy_ui/themes/default/images/panel_tools.gif HTTP/1.1" 200 737
116.224.253.72 - - [11/Jun/2021:09:33:07 +0800] "GET /xingrg/all/function/internal_message.html?_=1623375186841&CODE_STATE=getMsg HTTP/1.1" 200 27
116.224.253.72 - - [11/Jun/2021:09:33:08 +0800] "GET /xingrg/kc/buy/cgsh_order_operate.html?command=get_materiel&rest_code=00150&code=00101009016&supplier_code=00100424&order_time=2021-06-11 HTTP/1.1" 200 412
180.169.147.146 - - [11/Jun/2021:09:33:10 +0800] "GET /xingrg/images/control/ajaxLoader.gif HTTP/1.1" 200 4659
180.169.147.146 - - [11/Jun/2021:09:33:11 +0800] "POST /xingrg/all/user/operate.html HTTP/1.1" 200 36
180.169.147.146 - - [11/Jun/2021:09:33:11 +0800] "GET /xingrg/index.html?sysBaseUrl=http%3A%2F%2F180.169.147.146%3A18081%2Fxingrg%2F&costTime=1123×tamp=1623375185387 HTTP/1.1" 200 17503
180.169.147.146 - - [11/Jun/2021:09:33:11 +0800] "GET /xingrg/javascript/jquery_easy_ui/themes/default/easyui.css HTTP/1.1" 304 -
180.169.147.146 - - [11/Jun/2021:09:33:11 +0800] "GET /xingrg/javascript/jquery_easy_ui/themes/icon.css HTTP/1.1" 304 -
180.169.147.146 - - [11/Jun/2021:09:33:11 +0800] "GET /xingrg/css/form.css HTTP/1.1" 304 -
180.169.147.146 - - [11/Jun/2021:09:33:11 +0800] "GET /xingrg/javascript/jquery-1.4.2.min.js HTTP/1.1" 304 -
180.169.147.146 - - [11/Jun/2021:09:33:11 +0800] "GET /xingrg/javascript/jquery_easy_ui/jquery.easyui.min.js HTTP/1.1" 304 -
180.169.147.146 - - [11/Jun/2021:09:33:11 +0800] "GET /xingrg/javascript/jquery_easy_ui/easyui-lang-zh_CN.js HTTP/1.1" 304 -
180.169.147.146 - - [11/Jun/2021:09:33:11 +0800] "GET /xingrg/javascript/jquery.form.js HTTP/1.1" 304 -
180.169.147.146 - - [11/Jun/2021:09:33:11 +0800] "GET /xingrg/javascript/jquery.utils.js HTTP/1.1" 304 -
180.169.147.146 - - [11/Jun/2021:09:33:11 +0800] "GET /xingrg/javascript/jquery.timers.js HTTP/1.1" 304 -
180.169.147.146 - - [11/Jun/2021:09:33:11 +0800] "GET /xingrg/images/blue/jxLogo.png HTTP/1.1" 304 -
180.169.147.146 - - [11/Jun/2021:09:33:11 +0800] "GET /xingrg/images/blue/navBackgound.jpg HTTP/1.1" 304 -
180.169.147.146 - - [11/Jun/2021:09:33:11 +0800] "GET /xingrg/javascript/jquery_easy_ui/themes/icons/settle_new.png HTTP/1.1" 304 -
180.169.147.146 - - [11/Jun/2021:09:33:11 +0800] "GET /xingrg/all/function/internal_message.html?_=1623375191600&CODE_STATE=count HTTP/1.1" 200 11
180.169.147.146 - - [11/Jun/2021:09:33:11 +0800] "GET /xingrg/check_reg.html?_=1623375191602 HTTP/1.1" 200 22
180.169.147.146 - - [11/Jun/2021:09:33:11 +0800] "GET /xingrg/javascript/jquery_easy_ui/themes/default/images/tabs_leftarrow.png HTTP/1.1" 304 -
180.169.147.146 - - [11/Jun/2021:09:33:11 +0800] "GET /xingrg/javascript/jquery_easy_ui/themes/default/images/panel_tool_expand.gif HTTP/1.1" 304 -
180.169.147.146 - - [11/Jun/2021:09:33:11 +0800] "GET /xingrg/javascript/jquery_easy_ui/themes/default/images/panel_tool_collapse.gif HTTP/1.1" 304 -
180.169.147.146 - - [11/Jun/2021:09:33:11 +0800] "GET /xingrg/javascript/jquery_easy_ui/themes/default/images/tabs_rightarrow.png HTTP/1.1" 304 -
180.169.147.146 - - [11/Jun/2021:09:33:11 +0800] "GET /xingrg/images/blue/pingpu.png HTTP/1.1" 304 -
180.169.147.146 - - [11/Jun/2021:09:33:11 +0800] "POST /xingrg/all/common/load_tree.html?tree=area_rest_tree_json&manage=1 HTTP/1.1" 200 3466
180.169.147.146 - - [11/Jun/2021:09:33:11 +0800] "POST /xingrg/load_menu.html HTTP/1.1" 200 9959
116.232.54.115 - - [11/Jun/2021:09:33:12 +0800] "GET /xingrg/kc/buy/cgsh_order_operate.html?command=get_materiel&rest_code=00109&code=00101008036&supplier_code=00100005&order_time=2021-06-11 HTTP/1.1" 200 408
180.169.147.146 - - [11/Jun/2021:09:33:12 +0800] "GET /xingrg/kc/buy/buy_main.html HTTP/1.1" 200 12412
180.169.147.146 - - [11/Jun/2021:09:33:12 +0800] "GET /xingrg/javascript/jquery_easy_ui/themes/default/images/tabs_close.gif HTTP/1.1" 200 829
180.169.147.146 - - [11/Jun/2021:09:33:12 +0800] "GET /xingrg/css/new_ie.css HTTP/1.1" 404 1036
180.169.147.146 - - [11/Jun/2021:09:33:12 +0800] "GET /xingrg/css/blue.css HTTP/1.1" 200 15949
180.169.147.146 - - [11/Jun/2021:09:33:12 +0800] "GET /xingrg/javascript/pic_change.js HTTP/1.1" 200 4739
180.169.147.146 - - [11/Jun/2021:09:33:12 +0800] "GET /xingrg/javascript/jquery_ui/themes/humanity/humanity.css HTTP/1.1" 200 27801
180.169.147.146 - - [11/Jun/2021:09:33:12 +0800] "GET /xingrg/javascript/ToolTips.js HTTP/1.1" 200 5615
180.169.147.146 - - [11/Jun/2021:09:33:12 +0800] "GET /xingrg/javascript/myfunction.js HTTP/1.1" 200 24559
180.169.147.146 - - [11/Jun/2021:09:33:12 +0800] "GET /xingrg/javascript/jquery_ui/jquery-ui.min.js HTTP/1.1" 200 186181
180.169.147.146 - - [11/Jun/2021:09:33:12 +0800] "GET /xingrg/images/blue/button/cgxqd.gif HTTP/1.1" 200 2619
180.169.147.146 - - [11/Jun/2021:09:33:12 +0800] "GET /xingrg/images/blue/button/cgydd.gif HTTP/1.1" 200 2712
180.169.147.146 - - [11/Jun/2021:09:33:12 +0800] "GET /xingrg/images/blue/button/cgshd.gif HTTP/1.1" 200 2618
180.169.147.146 - - [11/Jun/2021:09:33:12 +0800] "GET /xingrg/images/blue/button/cgfkd.gif HTTP/1.1" 200 2075
180.169.147.146 - - [11/Jun/2021:09:33:12 +0800] "GET /xingrg/images/blue/button/kc.gif HTTP/1.1" 200 2160
180.169.147.146 - - [11/Jun/2021:09:33:12 +0800] "GET /xingrg/images/blue/button/ckthd.gif HTTP/1.1" 200 2045
180.169.147.146 - - [11/Jun/2021:09:33:12 +0800] "GET /xingrg/images/blue/pic_form2.gif HTTP/1.1" 200 1853
180.169.147.146 - - [11/Jun/2021:09:33:12 +0800] "GET /xingrg/images/blue/button/down_ah.jpg HTTP/1.1" 200 1732
180.169.147.146 - - [11/Jun/2021:09:33:12 +0800] "GET /xingrg/images/blue/button/right_ah.jpg HTTP/1.1" 200 1744
180.169.147.146 - - [11/Jun/2021:09:33:12 +0800] "GET /xingrg/javascript/jquery_ui/themes/humanity/images/ui-bg_inset-soft_100_f4f0ec_1x100.png HTTP/1.1" 200 141
180.169.147.146 - - [11/Jun/2021:09:33:12 +0800] "GET /xingrg/images/blue/bg_dotted.jpg HTTP/1.1" 200 319
180.169.147.146 - - [11/Jun/2021:09:33:12 +0800] "GET /xingrg/javascript/jquery_ui/themes/humanity/images/ui-bg_glass_70_ede4d4_1x400.png HTTP/1.1" 200 161
180.169.147.146 - - [11/Jun/2021:09:33:12 +0800] "GET /xingrg/javascript/jquery_ui/themes/humanity/images/ui-iconsnew.jpg HTTP/1.1" 200 337
180.169.147.146 - - [11/Jun/2021:09:33:12 +0800] "GET /xingrg/javascript/jquery_ui/themes/humanity/images/ui-icons_ffffff_256x240.png HTTP/1.1" 200 4369
180.169.147.146 - - [11/Jun/2021:09:33:12 +0800] "GET /xingrg/javascript/jquery_ui/themes/humanity/images/ui-icons_c47a23_256x240.png HTTP/1.1" 200 5355
180.169.147.146 - - [11/Jun/2021:09:33:13 +0800] "GET /xingrg/images/yd/bt.gif HTTP/1.1" 404 1040
116.224.253.72 - - [11/Jun/2021:09:33:15 +0800] "GET /xingrg/kc/buy/cgsh_order_operate.html?command=get_materiel&rest_code=00150&code=00101009062&supplier_code=00100424&order_time=2021-06-11 HTTP/1.1" 200 412
180.169.147.146 - - [11/Jun/2021:09:33:15 +0800] "GET /xingrg/kc/buy/cgsh_order_list.html HTTP/1.1" 200 46971
180.169.147.146 - - [11/Jun/2021:09:33:15 +0800] "GET /xingrg/css/base.css HTTP/1.1" 200 2811
180.169.147.146 - - [11/Jun/2021:09:33:15 +0800] "GET /xingrg/css/site.css HTTP/1.1" 200 7541
180.169.147.146 - - [11/Jun/2021:09:33:15 +0800] "GET /xingrg/javascript/jquery_tools/datebox.css HTTP/1.1" 200 2597
180.169.147.146 - - [11/Jun/2021:09:33:15 +0800] "GET /xingrg/javascript/easyui/themes/icon.css HTTP/1.1" 200 4483
180.169.147.146 - - [11/Jun/2021:09:33:15 +0800] "GET /xingrg/javascript/auto/jquery.autocomplete.css HTTP/1.1" 200 587
180.169.147.146 - - [11/Jun/2021:09:33:15 +0800] "GET /xingrg/javascript/easyui/themes/default/easyui.css HTTP/1.1" 200 30432
180.169.147.146 - - [11/Jun/2021:09:33:15 +0800] "GET /xingrg/javascript/jquery_tools/fix.css HTTP/1.1" 200 1702
180.169.147.146 - - [11/Jun/2021:09:33:15 +0800] "GET /xingrg/javascript/jquery_tools/table.css HTTP/1.1" 200 1032
180.169.147.146 - - [11/Jun/2021:09:33:15 +0800] "GET /xingrg/javascript/jquery_tools/jquery.tools.min.js HTTP/1.1" 200 138801
180.169.147.146 - - [11/Jun/2021:09:33:15 +0800] "GET /xingrg/javascript/jquery_tools/jquery.tools.hotkey.js HTTP/1.1" 200 3242
180.169.147.146 - - [11/Jun/2021:09:33:15 +0800] "GET /xingrg/javascript/jquery_tools/jquery.tools.extend.js HTTP/1.1" 200 15385
180.169.147.146 - - [11/Jun/2021:09:33:15 +0800] "GET /xingrg/javascript/jquery_tools/jquery.tools.table.js HTTP/1.1" 200 6994
180.169.147.146 - - [11/Jun/2021:09:33:15 +0800] "GET /xingrg/javascript/jquery_tools/list_manager.js HTTP/1.1" 200 3652
180.169.147.146 - - [11/Jun/2021:09:33:15 +0800] "GET /xingrg/javascript/easyui/easyloader.js HTTP/1.1" 200 5975
180.169.147.146 - - [11/Jun/2021:09:33:15 +0800] "GET /xingrg/javascript/auto/jquery.autocomplete.js HTTP/1.1" 200 21624
180.169.147.146 - - [11/Jun/2021:09:33:15 +0800] "GET /xingrg/javascript/jquery.cookie.js HTTP/1.1" 200 5513
180.169.147.146 - - [11/Jun/2021:09:33:15 +0800] "GET /xingrg/javascript/print/LodopFuncs.js HTTP/1.1" 200 5121
180.169.147.146 - - [11/Jun/2021:09:33:16 +0800] "GET /xingrg/javascript/easyui/themes/icons/check_new.png HTTP/1.1" 200 3224
180.169.147.146 - - [11/Jun/2021:09:33:16 +0800] "GET /xingrg/javascript/easyui/themes/icons/cance_new.png HTTP/1.1" 200 3986
180.169.147.146 - - [11/Jun/2021:09:33:16 +0800] "GET /xingrg/javascript/easyui/themes/icons/edit_add_new.png HTTP/1.1" 200 2997
180.169.147.146 - - [11/Jun/2021:09:33:16 +0800] "GET /xingrg/javascript/easyui/themes/icons/uncheck_new.png HTTP/1.1" 200 3197
180.169.147.146 - - [11/Jun/2021:09:33:16 +0800] "GET /xingrg/javascript/easyui/themes/icons/field_new.png HTTP/1.1" 200 1097
180.169.147.146 - - [11/Jun/2021:09:33:16 +0800] "GET /xingrg/javascript/easyui/themes/icons/import_new.png HTTP/1.1" 200 1247
180.169.147.146 - - [11/Jun/2021:09:33:16 +0800] "GET /xingrg/javascript/easyui/plugins/jquery.parser.js HTTP/1.1" 200 1142
180.169.147.146 - - [11/Jun/2021:09:33:18 +0800] "POST /xingrg/kc/buy/cgsh_list_operate.html HTTP/1.1" 200 876
116.230.114.112 - - [11/Jun/2021:09:33:18 +0800] "GET /xingrg/all/function/internal_message.html?_=1623375213704&CODE_STATE=getMsg HTTP/1.1" 302 -
116.232.54.115 - - [11/Jun/2021:09:33:18 +0800] "GET /xingrg/kc/buy/cgsh_order_operate.html?command=get_materiel&rest_code=00109&code=00101008318&supplier_code=00100005&order_time=2021-06-11 HTTP/1.1" 200 408
180.169.147.146 - - [11/Jun/2021:09:33:20 +0800] "GET /xingrg/javascript/jquery_tools/images/next.gif HTTP/1.1" 404 1086
180.169.147.146 - - [11/Jun/2021:09:33:20 +0800] "GET /xingrg/javascript/jquery_tools/images/prev.gif HTTP/1.1" 404 1086
61.165.42.208 - - [11/Jun/2021:09:33:23 +0800] "GET /xingrg/all/function/internal_message.html?_=1623375205584&CODE_STATE=getMsg HTTP/1.1" 200 27
101.85.94.178 - - [11/Jun/2021:09:33:24 +0800] "GET /xingrg/all/function/internal_message.html?_=1623374664115&CODE_STATE=getMsg HTTP/1.1" 200 27
116.232.54.115 - - [11/Jun/2021:09:33:24 +0800] "GET /xingrg/kc/buy/cgsh_order_operate.html?command=get_materiel&rest_code=00109&code=00101008352&supplier_code=00100005&order_time=2021-06-11 HTTP/1.1" 200 412
116.224.253.72 - - [11/Jun/2021:09:33:24 +0800] "GET /xingrg/kc/buy/cgsh_order_operate.html?command=get_materiel&rest_code=00150&code=00101009007&supplier_code=00100424&order_time=2021-06-11 HTTP/1.1" 200 408
101.93.222.235 - - [11/Jun/2021:09:33:26 +0800] "POST /xingrg/services/DataTransmitService HTTP/1.1" 200 524
180.169.147.146 - - [11/Jun/2021:09:33:27 +0800] "POST /xingrg/kc/buy/cgsh_list_operate.html HTTP/1.1" 200 5248
101.93.222.235 - - [11/Jun/2021:09:33:30 +0800] "POST /xingrg/services/DataTransmitService HTTP/1.1" 200 501
101.93.222.235 - - [11/Jun/2021:09:33:31 +0800] "POST /xingrg/services/DataTransmitService HTTP/1.1" 200 501
116.224.253.72 - - [11/Jun/2021:09:33:32 +0800] "GET /xingrg/kc/buy/cgsh_order_operate.html?command=get_materiel&rest_code=00150&code=00101009011&supplier_code=00100424&order_time=2021-06-11 HTTP/1.1" 200 416
116.232.54.115 - - [11/Jun/2021:09:33:35 +0800] "GET /xingrg/all/function/internal_message.html?_=1623375215747&CODE_STATE=getMsg HTTP/1.1" 200 27
116.230.117.165 - - [11/Jun/2021:09:33:35 +0800] "POST /xingrg/kc/buy/cgsh_order_operate.html HTTP/1.1" 200 37
58.40.7.146 - - [11/Jun/2021:09:33:35 +0800] "GET /xingrg/all/function/internal_message.html?_=1623375215917&CODE_STATE=getMsg HTTP/1.1" 200 27
116.232.54.115 - - [11/Jun/2021:09:33:36 +0800] "GET /xingrg/kc/buy/cgsh_order_operate.html?command=get_materiel&rest_code=00109&code=00101008098&supplier_code=00100005&order_time=2021-06-11 HTTP/1.1" 200 412
180.169.147.146 - - [11/Jun/2021:09:33:37 +0800] "POST /xingrg/kc/buy/cgsh_list_operate.html HTTP/1.1" 200 5339
116.230.117.165 - - [11/Jun/2021:09:33:39 +0800] "POST /xingrg/kc/buy/cgsh_order_operate.html HTTP/1.1" 200 5609
116.232.54.115 - - [11/Jun/2021:09:33:39 +0800] "POST /xingrg/kc/buy/cgsh_order_operate.html HTTP/1.1" 200 2065
180.169.147.146 - - [11/Jun/2021:09:33:41 +0800] "GET /xingrg/all/function/internal_message.html?_=1623375222635&CODE_STATE=getMsg HTTP/1.1" 200 27
116.235.222.38 - - [11/Jun/2021:09:33:43 +0800] "GET /xingrg/all/function/internal_message.html?_=1623375216320&CODE_STATE=getMsg HTTP/1.1" 200 27
117.131.5.26 - - [11/Jun/2021:09:33:43 +0800] "GET /xingrg/all/function/internal_message.html?_=1623375316435&CODE_STATE=getMsg HTTP/1.1" 200 27
116.232.54.115 - - [11/Jun/2021:09:33:43 +0800] "GET /xingrg/kc/buy/cgsh_order_operate.html?command=get_materiel&rest_code=00109&code=00101008005&supplier_code=00100005&order_time=2021-06-11 HTTP/1.1" 200 412
116.230.117.165 - - [11/Jun/2021:09:33:45 +0800] "GET /xingrg/check_reg.html?_=1623375242522 HTTP/1.1" 200 22
116.230.117.165 - - [11/Jun/2021:09:33:45 +0800] "GET /xingrg/all/function/internal_message.html?_=1623375242526&CODE_STATE=getMsg HTTP/1.1" 200 27
116.224.253.72 - - [11/Jun/2021:09:33:47 +0800] "GET /xingrg/kc/buy/cgsh_order_operate.html?command=get_materiel&rest_code=00150&code=00101009015&supplier_code=00100424&order_time=2021-06-11 HTTP/1.1" 200 416
180.169.147.146 - - [11/Jun/2021:09:33:47 +0800] "GET /xingrg/check_reg.html?_=1623375222382 HTTP/1.1" 200 22
180.169.147.146 - - [11/Jun/2021:09:33:47 +0800] "GET /xingrg/all/function/internal_message.html?_=1623375222333&CODE_STATE=getMsg HTTP/1.1" 200 27
101.93.222.235 - - [11/Jun/2021:09:33:48 +0800] "POST /xingrg/services/DataTransmitService HTTP/1.1" 200 501
116.232.54.115 - - [11/Jun/2021:09:33:49 +0800] "GET /xingrg/kc/buy/cgsh_order_operate.html?command=get_materiel&rest_code=00109&code=00101008353&supplier_code=00100005&order_time=2021-06-11 HTTP/1.1" 200 408
180.169.147.146 - - [11/Jun/2021:09:33:50 +0800] "POST /xingrg/kc/buy/cgsh_list_operate.html HTTP/1.1" 200 5268
116.224.253.72 - - [11/Jun/2021:09:33:52 +0800] "GET /xingrg/all/function/internal_message.html?_=1623375227604&CODE_STATE=getMsg HTTP/1.1" 200 27
116.224.253.72 - - [11/Jun/2021:09:33:54 +0800] "POST /xingrg/kc/buy/cgsh_order_operate.html HTTP/1.1" 200 37
180.169.147.146 - - [11/Jun/2021:09:33:55 +0800] "GET /favicon.ico HTTP/1.1" 404 -
117.185.32.26 - - [11/Jun/2021:09:33:55 +0800] "GET /xingrg/all/function/internal_message.html?_=1623375770325&CODE_STATE=getMsg HTTP/1.1" 200 27
180.169.147.146 - - [11/Jun/2021:09:33:56 +0800] "GET /favicon.ico HTTP/1.1" 404 -
116.224.253.72 - - [11/Jun/2021:09:33:56 +0800] "POST /xingrg/kc/buy/cgsh_order_operate.html HTTP/1.1" 200 6215
180.169.147.146 - - [11/Jun/2021:09:33:56 +0800] "GET /favicon.ico HTTP/1.1" 404 -
180.169.147.146 - - [11/Jun/2021:09:33:58 +0800] "GET /xingrg/index.html?sysBaseUrl=http%3A%2F%2F180.169.147.146%3A18081%2Fxingrg%2F&costTime=39×tamp=1592034574635 HTTP/1.1" 302 -
180.169.147.146 - - [11/Jun/2021:09:33:58 +0800] "GET /xingrg/login.html HTTP/1.1" 200 7641
180.169.147.146 - - [11/Jun/2021:09:33:59 +0800] "GET /favicon.ico HTTP/1.1" 404 -
180.169.147.146 - - [11/Jun/2021:09:34:01 +0800] "POST /xingrg/kc/buy/cgsh_list_operate.html HTTP/1.1" 200 5248
180.169.147.146 - - [11/Jun/2021:09:34:03 +0800] "POST /xingrg/login.do HTTP/1.1" 302 -
180.169.147.146 - - [11/Jun/2021:09:34:03 +0800] "GET /xingrg/index.html?sysBaseUrl=http%3A%2F%2F180.169.147.146%3A18081%2Fxingrg%2F&costTime=2094×tamp=1623375243050 HTTP/1.1" 200 17503
180.169.147.146 - - [11/Jun/2021:09:34:03 +0800] "GET /favicon.ico HTTP/1.1" 404 -
180.169.147.146 - - [11/Jun/2021:09:34:03 +0800] "POST /xingrg/all/common/load_tree.html?tree=area_rest_tree_json&manage=1 HTTP/1.1" 200 3216
180.169.147.146 - - [11/Jun/2021:09:34:03 +0800] "GET /xingrg/all/function/internal_message.html?_=1623375246482&CODE_STATE=count HTTP/1.1" 200 11
180.169.147.146 - - [11/Jun/2021:09:34:03 +0800] "GET /xingrg/check_reg.html?_=1623375246483 HTTP/1.1" 200 22
180.169.147.146 - - [11/Jun/2021:09:34:04 +0800] "POST /xingrg/load_menu.html HTTP/1.1" 200 11564
116.230.114.112 - - [11/Jun/2021:09:34:06 +0800] "GET /xingrg/check_reg.html?_=1623375261757 HTTP/1.1" 302 -
180.169.147.146 - - [11/Jun/2021:09:34:07 +0800] "GET /xingrg/kc/report/report_main.html HTTP/1.1" 200 9370
101.93.222.235 - - [11/Jun/2021:09:34:07 +0800] "POST /xingrg/services/DataTransmitService HTTP/1.1" 200 501
116.224.253.72 - - [11/Jun/2021:09:34:07 +0800] "GET /xingrg/all/function/internal_message.html?_=1623375246821&CODE_STATE=getMsg HTTP/1.1" 200 27
101.93.222.235 - - [11/Jun/2021:09:34:08 +0800] "POST /xingrg/services/DataTransmitService HTTP/1.1" 200 501
180.169.147.146 - - [11/Jun/2021:09:34:09 +0800] "POST /xingrg/kc/buy/cgsh_list_operate.html HTTP/1.1" 200 876
101.93.222.235 - - [11/Jun/2021:09:34:10 +0800] "POST /xingrg/services/DataTransmitService HTTP/1.1" 200 501
101.93.222.235 - - [11/Jun/2021:09:34:10 +0800] "POST /xingrg/services/DataTransmitService HTTP/1.1" 200 501
180.169.147.146 - - [11/Jun/2021:09:34:11 +0800] "GET /xingrg/all/report/report_query.html?fileName=kc/buy/gys_amount_base_rest.xml HTTP/1.1" 200 51664
180.169.147.146 - - [11/Jun/2021:09:34:11 +0800] "GET /xingrg/dwr/util.js HTTP/1.1" 304 -
180.169.147.146 - - [11/Jun/2021:09:34:11 +0800] "GET /xingrg/dwr/interface/AjaxReportQueryService.js HTTP/1.1" 200 13203
180.169.147.146 - - [11/Jun/2021:09:34:11 +0800] "GET /xingrg/dwr/engine.js HTTP/1.1" 200 43631
180.169.147.146 - - [11/Jun/2021:09:34:11 +0800] "GET /xingrg/all/function/internal_message.html?_=1623375251607&CODE_STATE=getMsg HTTP/1.1" 200 27
180.169.147.146 - - [11/Jun/2021:09:34:11 +0800] "POST /xingrg/dwr/call/plaincall/AjaxReportQueryService.getFixDate.dwr HTTP/1.1" 200 111
180.169.147.146 - - [11/Jun/2021:09:34:11 +0800] "GET /xingrg/javascript/easyui/themes/default/images/button_plain_hover.png HTTP/1.1" 200 144
180.169.147.146 - - [11/Jun/2021:09:34:11 +0800] "POST /xingrg/all/common/load_tree.html?tree=area_rest_tree_json&manage=1 HTTP/1.1" 200 3216
180.169.147.146 - - [11/Jun/2021:09:34:12 +0800] "POST /xingrg/all/common/load_tree.html?tree=supplier_tree_json&manage=1 HTTP/1.1" 200 56873
116.224.253.72 - - [11/Jun/2021:09:34:13 +0800] "GET /xingrg/kc/buy/cgsh_order_add.html HTTP/1.1" 200 62378
116.224.253.72 - - [11/Jun/2021:09:34:13 +0800] "POST /xingrg/kc/buy/cgsh_order_operate.html HTTP/1.1" 200 8245
116.224.253.72 - - [11/Jun/2021:09:34:13 +0800] "GET /xingrg/javascript/easyui/themes/default/validatebox.css HTTP/1.1" 404 1104
101.93.222.235 - - [11/Jun/2021:09:34:14 +0800] "POST /xingrg/services/DataTransmitService HTTP/1.1" 200 501
180.169.147.146 - - [11/Jun/2021:09:34:14 +0800] "POST /xingrg/dwr/call/plaincall/AjaxReportQueryService.getFixDate.dwr HTTP/1.1" 200 111
101.93.222.235 - - [11/Jun/2021:09:34:15 +0800] "POST /xingrg/services/DataTransmitService HTTP/1.1" 200 501
101.93.222.235 - - [11/Jun/2021:09:34:16 +0800] "POST /xingrg/services/DataTransmitService HTTP/1.1" 200 501
101.93.222.235 - - [11/Jun/2021:09:34:17 +0800] "POST /xingrg/services/DataTransmitService HTTP/1.1" 200 412
116.230.114.112 - - [11/Jun/2021:09:34:18 +0800] "GET /xingrg/all/function/internal_message.html?_=1623375273707&CODE_STATE=getMsg HTTP/1.1" 302 -
58.221.95.50 - - [11/Jun/2021:09:34:22 +0800] "GET /xingrg/check_reg.html?_=1623375263573 HTTP/1.1" 302 -
61.165.42.208 - - [11/Jun/2021:09:34:23 +0800] "GET /xingrg/all/function/internal_message.html?_=1623375265564&CODE_STATE=getMsg HTTP/1.1" 200 27
101.85.94.178 - - [11/Jun/2021:09:34:24 +0800] "GET /xingrg/all/function/internal_message.html?_=1623374724115&CODE_STATE=getMsg HTTP/1.1" 200 27
61.165.42.208 - - [11/Jun/2021:09:34:24 +0800] "GET /xingrg/check_reg.html?_=1623375266003 HTTP/1.1" 200 22
116.224.253.72 - - [11/Jun/2021:09:34:29 +0800] "GET /xingrg/kc/buy/cgsh_order_operate.html?command=get_materiel&rest_code=00150&code=00101011005&supplier_code=00100047&order_time=2021-06-11 HTTP/1.1" 200 429
180.169.147.146 - - [11/Jun/2021:09:34:29 +0800] "POST /xingrg/dwr/call/plaincall/AjaxReportQueryService.refreshCache.dwr HTTP/1.1" 200 78
180.169.147.146 - - [11/Jun/2021:09:34:33 +0800] "POST /xingrg/all/report/load_report_page.html HTTP/1.1" 200 49767
180.169.147.146 - - [11/Jun/2021:09:34:33 +0800] "GET /xingrg/servlets/image?cache=0.5310510551749283&image=px HTTP/1.1" 200 807
116.232.54.115 - - [11/Jun/2021:09:34:35 +0800] "GET /xingrg/all/function/internal_message.html?_=1623375275744&CODE_STATE=getMsg HTTP/1.1" 200 27
58.40.7.146 - - [11/Jun/2021:09:34:35 +0800] "GET /xingrg/all/function/internal_message.html?_=1623375275921&CODE_STATE=getMsg HTTP/1.1" 200 27
116.224.253.72 - - [11/Jun/2021:09:34:39 +0800] "GET /xingrg/kc/buy/cgsh_order_operate.html?command=get_materiel&rest_code=00150&code=00101011003&supplier_code=00100047&order_time=2021-06-11 HTTP/1.1" 200 413
180.169.147.146 - - [11/Jun/2021:09:34:41 +0800] "GET /xingrg/check_reg.html?_=1623375282642 HTTP/1.1" 200 22
180.169.147.146 - - [11/Jun/2021:09:34:41 +0800] "GET /xingrg/all/function/internal_message.html?_=1623375282645&CODE_STATE=getMsg HTTP/1.1" 200 27
180.169.147.146 - - [11/Jun/2021:09:34:42 +0800] "POST /xingrg/all/report/report_print.html HTTP/1.1" 200 7168
116.230.117.165 - - [11/Jun/2021:09:34:43 +0800] "POST /xingrg/kc/buy/cgsh_order_operate.html HTTP/1.1" 200 37
116.235.222.38 - - [11/Jun/2021:09:34:43 +0800] "GET /xingrg/all/function/internal_message.html?_=1623375276327&CODE_STATE=getMsg HTTP/1.1" 200 27
117.131.5.26 - - [11/Jun/2021:09:34:43 +0800] "GET /xingrg/all/function/internal_message.html?_=1623375376433&CODE_STATE=getMsg HTTP/1.1" 200 27
116.230.117.165 - - [11/Jun/2021:09:34:45 +0800] "GET /xingrg/all/function/internal_message.html?_=1623375302536&CODE_STATE=getMsg HTTP/1.1" 200 27
116.230.117.165 - - [11/Jun/2021:09:34:45 +0800] "POST /xingrg/kc/buy/cgsh_order_operate.html HTTP/1.1" 200 5609
180.169.147.146 - - [11/Jun/2021:09:34:47 +0800] "GET /xingrg/all/function/internal_message.html?_=1623375282335&CODE_STATE=getMsg HTTP/1.1" 200 27
116.224.253.72 - - [11/Jun/2021:09:34:48 +0800] "POST /xingrg/kc/buy/cgsh_order_operate.html HTTP/1.1" 200 37
116.224.253.72 - - [11/Jun/2021:09:34:52 +0800] "GET /xingrg/all/function/internal_message.html?_=1623375287624&CODE_STATE=getMsg HTTP/1.1" 200 27
116.224.253.72 - - [11/Jun/2021:09:34:54 +0800] "POST /xingrg/kc/buy/cgsh_order_operate.html HTTP/1.1" 200 12
117.185.32.26 - - [11/Jun/2021:09:34:55 +0800] "GET /xingrg/all/function/internal_message.html?_=1623375830336&CODE_STATE=getMsg HTTP/1.1" 200 27
222.69.129.154 - - [11/Jun/2021:09:34:59 +0800] "POST /xingrg/services/DataTransmitService HTTP/1.1" 200 524
222.69.129.154 - - [11/Jun/2021:09:34:59 +0800] "POST /xingrg/services/DataTransmitService HTTP/1.1" 200 501
116.230.117.165 - - [11/Jun/2021:09:35:02 +0800] "GET /xingrg/kc/print/load_data.html?order_code=212021061104770&kc_code=cgsh&condition= HTTP/1.1" 200 1797
180.169.147.146 - - [11/Jun/2021:09:35:03 +0800] "GET /xingrg/all/function/internal_message.html?_=1623375306496&CODE_STATE=getMsg HTTP/1.1" 200 27
116.224.253.72 - - [11/Jun/2021:09:35:07 +0800] "GET /xingrg/all/function/internal_message.html?_=1623375306809&CODE_STATE=getMsg HTTP/1.1" 200 27
116.224.253.72 - - [11/Jun/2021:09:35:08 +0800] "GET /xingrg/kc/buy/cgsh_order_info.html?code=212021061104772 HTTP/1.1" 200 57280
116.224.253.72 - - [11/Jun/2021:09:35:08 +0800] "GET /xingrg/javascript/easyui/themes/default/validatebox.css HTTP/1.1" 404 1104
116.232.54.115 - - [11/Jun/2021:09:35:08 +0800] "GET /xingrg/kc/buy/cgsh_order_operate.html?command=get_materiel&rest_code=00109&code=00101008196&supplier_code=00100005&order_time=2021-06-11 HTTP/1.1" 200 416
116.224.253.72 - - [11/Jun/2021:09:35:09 +0800] "POST /xingrg/kc/buy/cgsh_order_operate.html HTTP/1.1" 200 1197
180.169.147.146 - - [11/Jun/2021:09:35:11 +0800] "GET /xingrg/all/function/internal_message.html?_=1623375311627&CODE_STATE=getMsg HTTP/1.1" 200 27
116.224.253.72 - - [11/Jun/2021:09:35:13 +0800] "GET /xingrg/kc/print/load_config.html?kc_code=cgsh HTTP/1.1" 200 1845
116.224.253.72 - - [11/Jun/2021:09:35:14 +0800] "GET /xingrg/kc/print/load_data.html?order_code=212021061104772&kc_code=cgsh&condition= HTTP/1.1" 200 980
116.232.54.115 - - [11/Jun/2021:09:35:15 +0800] "GET /xingrg/kc/buy/cgsh_order_operate.html?command=get_materiel&rest_code=00109&code=00101008197&supplier_code=00100005&order_time=2021-06-11 HTTP/1.1" 200 416
116.230.114.112 - - [11/Jun/2021:09:35:18 +0800] "GET /xingrg/all/function/internal_message.html?_=1623375333729&CODE_STATE=getMsg HTTP/1.1" 302 -
116.224.253.72 - - [11/Jun/2021:09:35:19 +0800] "GET /xingrg/kc/buy/cgsh_order_add.html HTTP/1.1" 200 62378
116.224.253.72 - - [11/Jun/2021:09:35:19 +0800] "POST /xingrg/kc/buy/cgsh_order_operate.html HTTP/1.1" 200 8245
116.224.253.72 - - [11/Jun/2021:09:35:19 +0800] "GET /xingrg/javascript/easyui/themes/default/validatebox.css HTTP/1.1" 404 1104
116.232.54.115 - - [11/Jun/2021:09:35:23 +0800] "GET /xingrg/kc/buy/cgsh_order_operate.html?command=get_materiel&rest_code=00109&code=00101008033&supplier_code=00100005&order_time=2021-06-11 HTTP/1.1" 200 408
61.165.42.208 - - [11/Jun/2021:09:35:23 +0800] "GET /xingrg/all/function/internal_message.html?_=1623375325545&CODE_STATE=getMsg HTTP/1.1" 200 27
101.85.94.178 - - [11/Jun/2021:09:35:24 +0800] "GET /xingrg/all/function/internal_message.html?_=1623374784119&CODE_STATE=getMsg HTTP/1.1" 200 27
116.232.54.115 - - [11/Jun/2021:09:35:25 +0800] "POST /xingrg/kc/buy/cgsh_order_operate.html HTTP/1.1" 200 2065
116.224.253.72 - - [11/Jun/2021:09:35:28 +0800] "GET /xingrg/kc/buy/cgsh_order_operate.html?command=get_materiel&rest_code=00150&code=00101016080&supplier_code=00100096&order_time=2021-06-11 HTTP/1.1" 200 408
116.232.54.115 - - [11/Jun/2021:09:35:35 +0800] "GET /xingrg/all/function/internal_message.html?_=1623375335746&CODE_STATE=getMsg HTTP/1.1" 200 27
58.40.7.146 - - [11/Jun/2021:09:35:35 +0800] "GET /xingrg/all/function/internal_message.html?_=1623375335924&CODE_STATE=getMsg HTTP/1.1" 200 27
116.224.253.72 - - [11/Jun/2021:09:35:38 +0800] "GET /xingrg/kc/buy/cgsh_order_operate.html?command=get_materiel&rest_code=00150&code=00101016010&supplier_code=00100096&order_time=2021-06-11 HTTP/1.1" 200 408
116.224.253.72 - - [11/Jun/2021:09:35:41 +0800] "GET /xingrg/check_reg.html?_=1623375337273 HTTP/1.1" 200 22
180.169.147.146 - - [11/Jun/2021:09:35:41 +0800] "GET /xingrg/all/function/internal_message.html?_=1623375342631&CODE_STATE=getMsg HTTP/1.1" 200 27
117.131.5.26 - - [11/Jun/2021:09:35:43 +0800] "GET /xingrg/check_reg.html?_=1623375436432 HTTP/1.1" 200 22
117.131.5.26 - - [11/Jun/2021:09:35:43 +0800] "GET /xingrg/all/function/internal_message.html?_=1623375436433&CODE_STATE=getMsg HTTP/1.1" 200 27
116.235.222.38 - - [11/Jun/2021:09:35:43 +0800] "GET /xingrg/all/function/internal_message.html?_=1623375336331&CODE_STATE=getMsg HTTP/1.1" 200 27
116.230.117.165 - - [11/Jun/2021:09:35:45 +0800] "GET /xingrg/all/function/internal_message.html?_=1623375362910&CODE_STATE=getMsg HTTP/1.1" 200 27
180.169.147.146 - - [11/Jun/2021:09:35:47 +0800] "GET /xingrg/all/function/internal_message.html?_=1623375342334&CODE_STATE=getMsg HTTP/1.1" 200 27
116.224.253.72 - - [11/Jun/2021:09:35:52 +0800] "GET /xingrg/all/function/internal_message.html?_=1623375347630&CODE_STATE=getMsg HTTP/1.1" 200 27
180.169.147.146 - - [11/Jun/2021:09:35:52 +0800] "POST /xingrg/all/user/operate.html HTTP/1.1" 200 36
180.169.147.146 - - [11/Jun/2021:09:35:53 +0800] "GET /xingrg/javascript/jquery_easy_ui/themes/default/easyui.css HTTP/1.1" 304 -
180.169.147.146 - - [11/Jun/2021:09:35:53 +0800] "GET /xingrg/javascript/jquery_easy_ui/themes/icon.css HTTP/1.1" 304 -
180.169.147.146 - - [11/Jun/2021:09:35:53 +0800] "GET /xingrg/css/form.css HTTP/1.1" 304 -
180.169.147.146 - - [11/Jun/2021:09:35:53 +0800] "GET /xingrg/javascript/jquery-1.4.2.min.js HTTP/1.1" 304 -
180.169.147.146 - - [11/Jun/2021:09:35:53 +0800] "GET /xingrg/index.html?sysBaseUrl=http%3A%2F%2F180.169.147.146%3A18081%2Fxingrg%2F&costTime=2094×tamp=1623375243050 HTTP/1.1" 200 17509
180.169.147.146 - - [11/Jun/2021:09:35:53 +0800] "GET /xingrg/javascript/jquery_easy_ui/jquery.easyui.min.js HTTP/1.1" 304 -
180.169.147.146 - - [11/Jun/2021:09:35:53 +0800] "GET /xingrg/javascript/jquery_easy_ui/easyui-lang-zh_CN.js HTTP/1.1" 304 -
180.169.147.146 - - [11/Jun/2021:09:35:53 +0800] "GET /xingrg/javascript/jquery.form.js HTTP/1.1" 304 -
180.169.147.146 - - [11/Jun/2021:09:35:53 +0800] "GET /xingrg/javascript/jquery.utils.js HTTP/1.1" 304 -
180.169.147.146 - - [11/Jun/2021:09:35:53 +0800] "GET /xingrg/javascript/jquery.timers.js HTTP/1.1" 304 -
180.169.147.146 - - [11/Jun/2021:09:35:53 +0800] "GET /xingrg/images/blue/jxLogo.png HTTP/1.1" 304 -
180.169.147.146 - - [11/Jun/2021:09:35:53 +0800] "GET /xingrg/images/blue/navBackgound.jpg HTTP/1.1" 304 -
180.169.147.146 - - [11/Jun/2021:09:35:53 +0800] "GET /xingrg/javascript/jquery_easy_ui/themes/icons/settle_new.png HTTP/1.1" 304 -
180.169.147.146 - - [11/Jun/2021:09:35:53 +0800] "GET /xingrg/all/function/internal_message.html?_=1623375356176&CODE_STATE=count HTTP/1.1" 200 11
180.169.147.146 - - [11/Jun/2021:09:35:53 +0800] "GET /xingrg/check_reg.html?_=1623375356176 HTTP/1.1" 200 22
180.169.147.146 - - [11/Jun/2021:09:35:53 +0800] "GET /xingrg/javascript/jquery_easy_ui/themes/default/images/panel_tool_expand.gif HTTP/1.1" 304 -
180.169.147.146 - - [11/Jun/2021:09:35:53 +0800] "GET /xingrg/images/blue/pingpu.png HTTP/1.1" 304 -
180.169.147.146 - - [11/Jun/2021:09:35:53 +0800] "GET /xingrg/javascript/jquery_easy_ui/themes/default/images/panel_tool_collapse.gif HTTP/1.1" 304 -
180.169.147.146 - - [11/Jun/2021:09:35:53 +0800] "GET /xingrg/javascript/jquery_easy_ui/themes/default/images/tabs_leftarrow.png HTTP/1.1" 304 -
180.169.147.146 - - [11/Jun/2021:09:35:53 +0800] "GET /xingrg/javascript/jquery_easy_ui/themes/default/images/tabs_rightarrow.png HTTP/1.1" 304 -
180.169.147.146 - - [11/Jun/2021:09:35:53 +0800] "POST /xingrg/all/common/load_tree.html?tree=area_rest_tree_json&manage=1 HTTP/1.1" 200 3216
180.169.147.146 - - [11/Jun/2021:09:35:53 +0800] "POST /xingrg/load_menu.html HTTP/1.1" 200 9959
117.185.32.26 - - [11/Jun/2021:09:35:55 +0800] "GET /xingrg/all/function/internal_message.html?_=1623375890335&CODE_STATE=getMsg HTTP/1.1" 200 27
180.169.147.146 - - [11/Jun/2021:09:35:56 +0800] "GET /xingrg/kc/buy/cgsh_order_list.html HTTP/1.1" 200 46977
116.224.253.72 - - [11/Jun/2021:09:36:07 +0800] "GET /xingrg/check_reg.html?_=1623375366759 HTTP/1.1" 200 22
116.224.253.72 - - [11/Jun/2021:09:36:07 +0800] "GET /xingrg/all/function/internal_message.html?_=1623375366795&CODE_STATE=getMsg HTTP/1.1" 200 27
180.169.147.146 - - [11/Jun/2021:09:36:11 +0800] "GET /xingrg/all/function/internal_message.html?_=1623375371621&CODE_STATE=getMsg HTTP/1.1" 200 27
