180.161.111.4 - - [11/Jun/2021:11:15:50 +0800] "POST /xingrg/kc/buy/cgsh_order_operate.html HTTP/1.1" 200 616
116.224.253.72 - - [11/Jun/2021:11:15:52 +0800] "GET /xingrg/kc/buy/cgsh_order_add.html HTTP/1.1" 200 62096
180.161.111.4 - - [11/Jun/2021:11:15:52 +0800] "GET /xingrg/kc/print/load_data.html?order_code=212021061104898&kc_code=cgsh&condition= HTTP/1.1" 200 711
116.224.253.72 - - [11/Jun/2021:11:15:52 +0800] "POST /xingrg/kc/buy/cgsh_order_operate.html HTTP/1.1" 200 8245
116.224.253.72 - - [11/Jun/2021:11:15:52 +0800] "GET /xingrg/javascript/easyui/themes/default/validatebox.css HTTP/1.1" 404 1104
116.224.253.72 - - [11/Jun/2021:11:15:53 +0800] "GET /xingrg/all/function/internal_message.html?_=1623381348990&CODE_STATE=getMsg HTTP/1.1" 200 27
180.169.147.146 - - [11/Jun/2021:11:15:53 +0800] "GET /xingrg/all/function/internal_message.html?_=1623381356602&CODE_STATE=getMsg HTTP/1.1" 200 27
180.169.147.146 - - [11/Jun/2021:11:15:53 +0800] "GET /xingrg/check_reg.html?_=1623381356607 HTTP/1.1" 200 22
116.230.110.80 - - [11/Jun/2021:11:15:56 +0800] "GET /xingrg/kc/buy/cgsh_order_operate.html?command=get_materiel&rest_code=00155&code=00101001125&supplier_code=00100090&order_time=2021-06-11 HTTP/1.1" 200 413
116.230.110.80 - - [11/Jun/2021:11:15:57 +0800] "GET /xingrg/check_reg.html?_=1623381336776 HTTP/1.1" 200 22
116.230.110.80 - - [11/Jun/2021:11:15:57 +0800] "GET /xingrg/all/function/internal_message.html?_=1623381336777&CODE_STATE=getMsg HTTP/1.1" 200 27
116.224.253.72 - - [11/Jun/2021:11:15:59 +0800] "GET /xingrg/check_reg.html?_=1623381358146 HTTP/1.1" 200 22
116.224.253.72 - - [11/Jun/2021:11:15:59 +0800] "GET /xingrg/all/function/internal_message.html?_=1623381358148&CODE_STATE=getMsg HTTP/1.1" 200 27
116.224.253.72 - - [11/Jun/2021:11:15:59 +0800] "GET /xingrg/kc/buy/cgsh_order_operate.html?command=get_materiel&rest_code=00151&code=00101010079&supplier_code=00100336&order_time=2021-06-11 HTTP/1.1" 200 413
180.161.111.4 - - [11/Jun/2021:11:16:04 +0800] "GET /xingrg/all/function/internal_message.html?_=1623381329323&CODE_STATE=getMsg HTTP/1.1" 200 27
116.224.253.72 - - [11/Jun/2021:11:16:06 +0800] "POST /xingrg/kc/buy/cgsh_order_operate.html HTTP/1.1" 200 37
116.230.110.80 - - [11/Jun/2021:11:16:08 +0800] "GET /xingrg/kc/buy/cgsh_order_operate.html?command=get_materiel&rest_code=00155&code=00101001093&supplier_code=00100090&order_time=2021-06-11 HTTP/1.1" 200 431
117.185.32.26 - - [11/Jun/2021:11:16:10 +0800] "GET /xingrg/check_reg.html?_=1623381904460 HTTP/1.1" 200 22
117.185.32.26 - - [11/Jun/2021:11:16:10 +0800] "GET /xingrg/all/function/internal_message.html?_=1623381904461&CODE_STATE=getMsg HTTP/1.1" 200 27
180.169.147.146 - - [11/Jun/2021:11:16:11 +0800] "GET /xingrg/all/function/internal_message.html?_=1623381371613&CODE_STATE=getMsg HTTP/1.1" 200 27
116.224.253.72 - - [11/Jun/2021:11:16:12 +0800] "POST /xingrg/kc/buy/cgsh_order_operate.html HTTP/1.1" 200 12
101.83.241.191 - - [11/Jun/2021:11:16:13 +0800] "GET /xingrg/all/function/internal_message.html?_=1623381374722&CODE_STATE=getMsg HTTP/1.1" 200 27
116.224.253.72 - - [11/Jun/2021:11:16:15 +0800] "GET /xingrg/kc/buy/cgsh_order_info.html?code=212021061104899 HTTP/1.1" 200 56998
116.224.253.72 - - [11/Jun/2021:11:16:15 +0800] "GET /xingrg/javascript/easyui/themes/default/validatebox.css HTTP/1.1" 404 1104
58.37.225.51 - - [11/Jun/2021:11:16:16 +0800] "POST /xingrg/services/DataTransmitService HTTP/1.1" 200 524
116.230.110.80 - - [11/Jun/2021:11:16:17 +0800] "POST /xingrg/kc/buy/cgsh_order_operate.html HTTP/1.1" 200 37
116.224.253.72 - - [11/Jun/2021:11:16:17 +0800] "POST /xingrg/kc/buy/cgsh_order_operate.html HTTP/1.1" 200 617
116.230.110.80 - - [11/Jun/2021:11:16:18 +0800] "POST /xingrg/kc/buy/cgsh_order_operate.html HTTP/1.1" 200 3253
116.230.114.112 - - [11/Jun/2021:11:16:20 +0800] "GET /xingrg/all/function/internal_message.html?_=1623381395093&CODE_STATE=getMsg HTTP/1.1" 302 -
116.224.253.72 - - [11/Jun/2021:11:16:20 +0800] "GET /xingrg/kc/print/load_data.html?order_code=212021061104899&kc_code=cgsh&condition= HTTP/1.1" 200 715
116.230.110.80 - - [11/Jun/2021:11:16:20 +0800] "GET /xingrg/kc/print/load_data.html?order_code=212021061104900&kc_code=cgsh&condition= HTTP/1.1" 200 975
61.165.42.208 - - [11/Jun/2021:11:16:22 +0800] "GET /xingrg/all/function/internal_message.html?_=1623381383603&CODE_STATE=getMsg HTTP/1.1" 200 27
180.161.111.4 - - [11/Jun/2021:11:16:29 +0800] "GET /xingrg/check_reg.html?_=1623381391996 HTTP/1.1" 200 22
58.40.7.146 - - [11/Jun/2021:11:16:35 +0800] "GET /xingrg/all/function/internal_message.html?_=1623381396003&CODE_STATE=getMsg HTTP/1.1" 200 27
116.230.117.165 - - [11/Jun/2021:11:16:36 +0800] "GET /xingrg/all/function/internal_message.html?_=1623381414707&CODE_STATE=getMsg HTTP/1.1" 200 27
117.184.7.26 - - [11/Jun/2021:11:16:37 +0800] "GET /xingrg/all/function/internal_message.html?_=1623381389153&CODE_STATE=getMsg HTTP/1.1" 200 27
180.169.147.146 - - [11/Jun/2021:11:16:37 +0800] "GET /xingrg/all/function/internal_message.html?_=1623381397492&CODE_STATE=getMsg HTTP/1.1" 200 27
116.232.54.115 - - [11/Jun/2021:11:16:42 +0800] "GET /xingrg/all/function/internal_message.html?_=1623381402643&CODE_STATE=getMsg HTTP/1.1" 200 27
116.235.222.38 - - [11/Jun/2021:11:16:43 +0800] "GET /xingrg/all/function/internal_message.html?_=1623381396665&CODE_STATE=getMsg HTTP/1.1" 200 27
124.79.241.247 - - [11/Jun/2021:11:16:43 +0800] "GET /xingrg/all/function/internal_message.html?_=1623381496542&CODE_STATE=getMsg HTTP/1.1" 200 27
116.224.253.72 - - [11/Jun/2021:11:16:44 +0800] "GET /xingrg/kc/buy/cgsh_order_add.html HTTP/1.1" 200 62096
116.224.253.72 - - [11/Jun/2021:11:16:45 +0800] "POST /xingrg/kc/buy/cgsh_order_operate.html HTTP/1.1" 200 8245
116.224.253.72 - - [11/Jun/2021:11:16:45 +0800] "GET /xingrg/javascript/easyui/themes/default/validatebox.css HTTP/1.1" 404 1104
180.161.111.4 - - [11/Jun/2021:11:16:46 +0800] "GET /xingrg/all/function/internal_message.html?_=1623381409246&CODE_STATE=getMsg HTTP/1.1" 200 27
180.169.147.146 - - [11/Jun/2021:11:16:49 +0800] "GET /xingrg/all/function/internal_message.html?_=1623381408728&CODE_STATE=getMsg HTTP/1.1" 200 27
120.253.135.82 - - [11/Jun/2021:11:16:49 +0800] "GET /xingrg/all/function/internal_message.html?_=1623381192623&CODE_STATE=getMsg HTTP/1.1" 200 27
180.169.147.146 - - [11/Jun/2021:11:16:53 +0800] "GET /xingrg/all/function/internal_message.html?_=1623381416609&CODE_STATE=getMsg HTTP/1.1" 200 27
116.224.253.72 - - [11/Jun/2021:11:16:56 +0800] "GET /xingrg/all/function/internal_message.html?_=1623381409002&CODE_STATE=getMsg HTTP/1.1" 200 27
116.230.110.80 - - [11/Jun/2021:11:16:57 +0800] "GET /xingrg/all/function/internal_message.html?_=1623381396776&CODE_STATE=getMsg HTTP/1.1" 200 27
116.224.253.72 - - [11/Jun/2021:11:16:59 +0800] "GET /xingrg/all/function/internal_message.html?_=1623381418142&CODE_STATE=getMsg HTTP/1.1" 200 27
58.37.225.51 - - [11/Jun/2021:11:17:01 +0800] "POST /xingrg/services/DataTransmitService HTTP/1.1" 200 501
116.232.54.115 - - [11/Jun/2021:11:17:01 +0800] "GET /xingrg/kc/report/report_main.html HTTP/1.1" 200 7345
116.232.54.115 - - [11/Jun/2021:11:17:03 +0800] "GET /xingrg/index.html?sysBaseUrl=http%3A%2F%2F180.169.147.146%3A18081%2Fxingrg%2F&costTime=2037×tamp=1623374195305 HTTP/1.1" 200 17173
116.232.54.115 - - [11/Jun/2021:11:17:03 +0800] "GET /xingrg/javascript/jquery_easy_ui/themes/icon.css HTTP/1.1" 200 3949
116.232.54.115 - - [11/Jun/2021:11:17:03 +0800] "GET /xingrg/javascript/jquery-1.4.2.min.js HTTP/1.1" 200 72205
116.232.54.115 - - [11/Jun/2021:11:17:03 +0800] "GET /xingrg/css/form.css HTTP/1.1" 200 893
116.232.54.115 - - [11/Jun/2021:11:17:03 +0800] "GET /xingrg/javascript/jquery_easy_ui/jquery.easyui.min.js HTTP/1.1" 200 213662
116.232.54.115 - - [11/Jun/2021:11:17:03 +0800] "GET /xingrg/javascript/jquery_easy_ui/easyui-lang-zh_CN.js HTTP/1.1" 200 1900
116.232.54.115 - - [11/Jun/2021:11:17:03 +0800] "GET /xingrg/javascript/jquery.timers.js HTTP/1.1" 200 3532
116.232.54.115 - - [11/Jun/2021:11:17:03 +0800] "GET /xingrg/images/blue/jxLogo.png HTTP/1.1" 200 6156
116.232.54.115 - - [11/Jun/2021:11:17:03 +0800] "GET /xingrg/javascript/jquery_easy_ui/themes/default/easyui.css HTTP/1.1" 200 26500
116.232.54.115 - - [11/Jun/2021:11:17:03 +0800] "GET /xingrg/javascript/jquery.utils.js HTTP/1.1" 200 11805
116.232.54.115 - - [11/Jun/2021:11:17:03 +0800] "GET /xingrg/javascript/jquery.form.js HTTP/1.1" 200 23110
116.232.54.115 - - [11/Jun/2021:11:17:03 +0800] "GET /xingrg/check_reg.html?_=1623381424060 HTTP/1.1" 200 22
116.232.54.115 - - [11/Jun/2021:11:17:03 +0800] "GET /xingrg/all/function/internal_message.html?_=1623381424060&CODE_STATE=count HTTP/1.1" 200 11
116.232.54.115 - - [11/Jun/2021:11:17:03 +0800] "GET /xingrg/javascript/jquery_easy_ui/themes/icons/settle_new.png HTTP/1.1" 200 826
116.232.54.115 - - [11/Jun/2021:11:17:03 +0800] "GET /xingrg/javascript/jquery_easy_ui/themes/default/images/tabs_rightarrow.png HTTP/1.1" 200 395
116.232.54.115 - - [11/Jun/2021:11:17:03 +0800] "GET /xingrg/images/blue/pingpu.png HTTP/1.1" 200 231
116.232.54.115 - - [11/Jun/2021:11:17:03 +0800] "GET /xingrg/javascript/jquery_easy_ui/themes/default/images/tabs_leftarrow.png HTTP/1.1" 200 389
116.232.54.115 - - [11/Jun/2021:11:17:03 +0800] "GET /xingrg/javascript/jquery_easy_ui/themes/default/images/panel_tool_collapse.gif HTTP/1.1" 200 246
116.232.54.115 - - [11/Jun/2021:11:17:03 +0800] "GET /xingrg/images/blue/navBackgound.jpg HTTP/1.1" 200 12378
116.232.54.115 - - [11/Jun/2021:11:17:03 +0800] "POST /xingrg/all/common/load_tree.html?tree=area_rest_tree_json&manage=1 HTTP/1.1" 200 342
116.232.54.115 - - [11/Jun/2021:11:17:03 +0800] "GET /xingrg/javascript/jquery_easy_ui/themes/default/images/tree_arrows.gif HTTP/1.1" 200 1043
116.232.54.115 - - [11/Jun/2021:11:17:03 +0800] "GET /xingrg/javascript/jquery_easy_ui/themes/default/images/tree_folder_open.gif HTTP/1.1" 200 956
116.232.54.115 - - [11/Jun/2021:11:17:03 +0800] "GET /xingrg/javascript/jquery_easy_ui/themes/icons/area.png HTTP/1.1" 200 262
116.232.54.115 - - [11/Jun/2021:11:17:03 +0800] "GET /xingrg/javascript/jquery_easy_ui/themes/icons/rest.png HTTP/1.1" 200 695
116.232.54.115 - - [11/Jun/2021:11:17:03 +0800] "POST /xingrg/load_menu.html HTTP/1.1" 200 5138
116.232.54.115 - - [11/Jun/2021:11:17:03 +0800] "GET /xingrg/javascript/jquery_easy_ui/themes/icons/search_new.png HTTP/1.1" 200 586
116.232.54.115 - - [11/Jun/2021:11:17:03 +0800] "GET /xingrg/javascript/jquery_easy_ui/themes/default/images/tree_folder.gif HTTP/1.1" 200 952
116.232.54.115 - - [11/Jun/2021:11:17:03 +0800] "GET /xingrg/javascript/jquery_easy_ui/themes/icons/storage_new.png HTTP/1.1" 200 853
116.232.54.115 - - [11/Jun/2021:11:17:03 +0800] "GET /xingrg/javascript/jquery_easy_ui/themes/icons/forms_new.png HTTP/1.1" 200 350
116.232.54.115 - - [11/Jun/2021:11:17:03 +0800] "GET /xingrg/javascript/jquery_easy_ui/themes/default/images/tree_file.gif HTTP/1.1" 200 118
180.161.111.4 - - [11/Jun/2021:11:17:04 +0800] "GET /xingrg/all/function/internal_message.html?_=1623381389324&CODE_STATE=getMsg HTTP/1.1" 200 27
116.232.54.115 - - [11/Jun/2021:11:17:06 +0800] "GET /xingrg/index.html?sysBaseUrl=http%3A%2F%2F180.169.147.146%3A18081%2Fxingrg%2F&costTime=2037×tamp=1623374195305 HTTP/1.1" 200 17173
116.232.54.115 - - [11/Jun/2021:11:17:06 +0800] "GET /xingrg/check_reg.html?_=1623381426820 HTTP/1.1" 200 22
116.232.54.115 - - [11/Jun/2021:11:17:06 +0800] "GET /xingrg/all/function/internal_message.html?_=1623381426819&CODE_STATE=count HTTP/1.1" 200 11
116.232.54.115 - - [11/Jun/2021:11:17:06 +0800] "POST /xingrg/all/common/load_tree.html?tree=area_rest_tree_json&manage=1 HTTP/1.1" 200 342
116.232.54.115 - - [11/Jun/2021:11:17:06 +0800] "POST /xingrg/load_menu.html HTTP/1.1" 200 5138
116.232.54.115 - - [11/Jun/2021:11:17:07 +0800] "GET /xingrg/javascript/jquery_easy_ui/themes/default/images/tabs_close.gif HTTP/1.1" 200 829
116.232.54.115 - - [11/Jun/2021:11:17:07 +0800] "GET /xingrg/kc/report/report_main.html HTTP/1.1" 200 7345
116.232.54.115 - - [11/Jun/2021:11:17:07 +0800] "GET /xingrg/javascript/pic_change.js HTTP/1.1" 200 4739
116.232.54.115 - - [11/Jun/2021:11:17:07 +0800] "GET /xingrg/css/blue.css HTTP/1.1" 200 15949
116.232.54.115 - - [11/Jun/2021:11:17:07 +0800] "GET /xingrg/javascript/jquery_ui/themes/humanity/humanity.css HTTP/1.1" 200 27801
116.232.54.115 - - [11/Jun/2021:11:17:07 +0800] "GET /xingrg/javascript/json2.js HTTP/1.1" 200 11259
116.232.54.115 - - [11/Jun/2021:11:17:07 +0800] "GET /xingrg/javascript/myfunction.js HTTP/1.1" 200 24559
116.232.54.115 - - [11/Jun/2021:11:17:07 +0800] "GET /xingrg/javascript/jquery_easy_ui/themes/icons/back_new.png HTTP/1.1" 200 3414
117.185.32.26 - - [11/Jun/2021:11:17:10 +0800] "GET /xingrg/all/function/internal_message.html?_=1623381964459&CODE_STATE=getMsg HTTP/1.1" 200 27
116.224.253.72 - - [11/Jun/2021:11:17:10 +0800] "GET /xingrg/kc/buy/cgsh_order_operate.html?command=get_materiel&rest_code=00151&code=00101001138&supplier_code=00100312&order_time=2021-06-11 HTTP/1.1" 200 433
116.232.54.115 - - [11/Jun/2021:11:17:10 +0800] "GET /xingrg/kc/base/kc_stocks.html HTTP/1.1" 200 16431
116.232.54.115 - - [11/Jun/2021:11:17:10 +0800] "GET /xingrg/css/base.css HTTP/1.1" 200 2811
116.232.54.115 - - [11/Jun/2021:11:17:10 +0800] "GET /xingrg/css/site.css HTTP/1.1" 200 7541
116.232.54.115 - - [11/Jun/2021:11:17:10 +0800] "GET /xingrg/javascript/jquery_tools/datebox.css HTTP/1.1" 200 2597
116.232.54.115 - - [11/Jun/2021:11:17:10 +0800] "GET /xingrg/javascript/easyui/themes/icon.css HTTP/1.1" 200 4483
116.232.54.115 - - [11/Jun/2021:11:17:10 +0800] "GET /xingrg/javascript/auto/jquery.autocomplete.css HTTP/1.1" 200 587
116.232.54.115 - - [11/Jun/2021:11:17:10 +0800] "GET /xingrg/javascript/jquery_tools/fix.css HTTP/1.1" 200 1702
116.232.54.115 - - [11/Jun/2021:11:17:10 +0800] "GET /xingrg/javascript/jquery_tools/jquery.tools.min.js HTTP/1.1" 200 138801
116.232.54.115 - - [11/Jun/2021:11:17:10 +0800] "GET /xingrg/javascript/jquery_tools/jquery.tools.hotkey.js HTTP/1.1" 200 3242
116.232.54.115 - - [11/Jun/2021:11:17:10 +0800] "GET /xingrg/javascript/jquery_tools/list_manager.js HTTP/1.1" 200 3652
116.232.54.115 - - [11/Jun/2021:11:17:10 +0800] "GET /xingrg/javascript/jquery_tools/jquery.tools.extend.js HTTP/1.1" 200 15385
116.232.54.115 - - [11/Jun/2021:11:17:10 +0800] "GET /xingrg/javascript/easyui/themes/sunny/easyui.css HTTP/1.1" 200 34304
116.232.54.115 - - [11/Jun/2021:11:17:10 +0800] "GET /xingrg/javascript/convert.js HTTP/1.1" 200 1239
116.232.54.115 - - [11/Jun/2021:11:17:10 +0800] "GET /xingrg/javascript/easyui/easyloader.js HTTP/1.1" 200 5975
116.232.54.115 - - [11/Jun/2021:11:17:10 +0800] "GET /xingrg/javascript/jquery.cookie.js HTTP/1.1" 200 5513
116.232.54.115 - - [11/Jun/2021:11:17:10 +0800] "GET /xingrg/javascript/print/LodopFuncs.js HTTP/1.1" 200 5121
116.232.54.115 - - [11/Jun/2021:11:17:10 +0800] "GET /xingrg/javascript/auto/jquery.autocomplete.js HTTP/1.1" 200 21624
116.232.54.115 - - [11/Jun/2021:11:17:10 +0800] "GET /xingrg/javascript/easyui/themes/icons/field_new.png HTTP/1.1" 200 1097
116.232.54.115 - - [11/Jun/2021:11:17:10 +0800] "GET /xingrg/javascript/easyui/themes/icons/filter_new.png HTTP/1.1" 200 795
116.232.54.115 - - [11/Jun/2021:11:17:10 +0800] "GET /xingrg/javascript/easyui/themes/icons/print_new.png HTTP/1.1" 200 3580
116.232.54.115 - - [11/Jun/2021:11:17:10 +0800] "GET /xingrg/javascript/easyui/themes/icons/refresh_new.png HTTP/1.1" 200 685
116.232.54.115 - - [11/Jun/2021:11:17:10 +0800] "GET /xingrg/javascript/easyui/themes/icons/import_new.png HTTP/1.1" 200 1247
116.232.54.115 - - [11/Jun/2021:11:17:10 +0800] "GET /xingrg/javascript/easyui/plugins/jquery.parser.js HTTP/1.1" 200 1142
116.232.54.115 - - [11/Jun/2021:11:17:10 +0800] "GET /xingrg/images/control/ajaxLoader.gif HTTP/1.1" 200 4659
116.232.54.115 - - [11/Jun/2021:11:17:10 +0800] "GET /xingrg/javascript/easyui/plugins/jquery.draggable.js HTTP/1.1" 200 6121
116.232.54.115 - - [11/Jun/2021:11:17:10 +0800] "GET /xingrg/javascript/easyui/plugins/jquery.droppable.js HTTP/1.1" 200 1167
116.232.54.115 - - [11/Jun/2021:11:17:10 +0800] "GET /xingrg/javascript/easyui/themes/default/tree.css HTTP/1.1" 404 1090
116.232.54.115 - - [11/Jun/2021:11:17:10 +0800] "GET /xingrg/javascript/easyui/plugins/jquery.tree.js HTTP/1.1" 200 20874
116.232.54.115 - - [11/Jun/2021:11:17:10 +0800] "GET /xingrg/all/common/auto_word.html?type=base&rest_code=00109 HTTP/1.1" 200 1811
116.232.54.115 - - [11/Jun/2021:11:17:10 +0800] "POST /xingrg/all/common/load_tree.html?tree=materiel_sort_tree_json HTTP/1.1" 200 8666
116.232.54.115 - - [11/Jun/2021:11:17:10 +0800] "GET /xingrg/javascript/easyui/themes/sunny/images/tree_folder_open.gif HTTP/1.1" 200 956
116.232.54.115 - - [11/Jun/2021:11:17:10 +0800] "GET /xingrg/javascript/easyui/themes/sunny/images/tree_arrows.gif HTTP/1.1" 200 617
116.232.54.115 - - [11/Jun/2021:11:17:10 +0800] "GET /xingrg/javascript/easyui/themes/sunny/images/tree_folder.gif HTTP/1.1" 200 952
116.232.54.115 - - [11/Jun/2021:11:17:10 +0800] "GET /xingrg/javascript/easyui/themes/sunny/images/tree_file.gif HTTP/1.1" 200 118
180.169.147.146 - - [11/Jun/2021:11:17:11 +0800] "GET /xingrg/all/function/internal_message.html?_=1623381431625&CODE_STATE=getMsg HTTP/1.1" 200 27
101.83.241.191 - - [11/Jun/2021:11:17:13 +0800] "GET /xingrg/all/function/internal_message.html?_=1623381434720&CODE_STATE=getMsg HTTP/1.1" 200 27
116.230.114.112 - - [11/Jun/2021:11:17:20 +0800] "GET /xingrg/all/function/internal_message.html?_=1623381455117&CODE_STATE=getMsg HTTP/1.1" 302 -
116.232.54.115 - - [11/Jun/2021:11:17:20 +0800] "POST /xingrg/kc/base/stock_operate.html HTTP/1.1" 200 3761
116.232.54.115 - - [11/Jun/2021:11:17:20 +0800] "GET /xingrg/javascript/jquery_tools/fix_table.js HTTP/1.1" 200 6528
61.165.42.208 - - [11/Jun/2021:11:17:21 +0800] "GET /xingrg/all/function/internal_message.html?_=1623381443573&CODE_STATE=getMsg HTTP/1.1" 200 27
101.85.94.178 - - [11/Jun/2021:11:17:24 +0800] "GET /xingrg/check_reg.html?_=1623380904482 HTTP/1.1" 200 22
116.232.54.115 - - [11/Jun/2021:11:17:27 +0800] "POST /xingrg/kc/base/stock_operate.html HTTP/1.1" 200 2090
116.235.222.38 - - [11/Jun/2021:11:17:29 +0800] "POST /xingrg/kc/buy/cgsh_order_operate.html HTTP/1.1" 200 37
116.235.222.38 - - [11/Jun/2021:11:17:30 +0800] "POST /xingrg/kc/buy/cgsh_order_operate.html HTTP/1.1" 200 5799
116.232.54.115 - - [11/Jun/2021:11:17:31 +0800] "POST /xingrg/kc/base/stock_operate.html HTTP/1.1" 200 3761
116.235.222.38 - - [11/Jun/2021:11:17:31 +0800] "GET /xingrg/kc/base/base_main.html HTTP/1.1" 200 12142
116.235.222.38 - - [11/Jun/2021:11:17:34 +0800] "GET /xingrg/kc/base/wldb_order_list.html HTTP/1.1" 200 19067
116.235.222.38 - - [11/Jun/2021:11:17:35 +0800] "POST /xingrg/kc/base/wldb_list_operate.html HTTP/1.1" 200 928
58.40.7.146 - - [11/Jun/2021:11:17:36 +0800] "GET /xingrg/check_reg.html?_=1623381456005 HTTP/1.1" 200 22
58.40.7.146 - - [11/Jun/2021:11:17:36 +0800] "GET /xingrg/all/function/internal_message.html?_=1623381456007&CODE_STATE=getMsg HTTP/1.1" 200 27
116.230.117.165 - - [11/Jun/2021:11:17:36 +0800] "GET /xingrg/all/function/internal_message.html?_=1623381474714&CODE_STATE=getMsg HTTP/1.1" 200 27
116.235.222.38 - - [11/Jun/2021:11:17:37 +0800] "GET /xingrg/kc/base/wldb_order_add.html HTTP/1.1" 200 30271
117.184.7.26 - - [11/Jun/2021:11:17:37 +0800] "GET /xingrg/all/function/internal_message.html?_=1623381449136&CODE_STATE=getMsg HTTP/1.1" 200 27
180.169.147.146 - - [11/Jun/2021:11:17:37 +0800] "GET /xingrg/all/function/internal_message.html?_=1623381457506&CODE_STATE=getMsg HTTP/1.1" 200 27
116.235.222.38 - - [11/Jun/2021:11:17:37 +0800] "POST /xingrg/kc/base/wldb_order_operate.html HTTP/1.1" 200 6806
116.235.222.38 - - [11/Jun/2021:11:17:37 +0800] "GET /xingrg/all/common/auto_word.html?type=base&rest_code=00107 HTTP/1.1" 200 1861
116.235.222.38 - - [11/Jun/2021:11:17:37 +0800] "GET /xingrg/all/common/auto_word.html?type=base&rest_code=00107 HTTP/1.1" 200 1861
116.235.222.38 - - [11/Jun/2021:11:17:37 +0800] "GET /xingrg/javascript/easyui/themes/default/validatebox.css HTTP/1.1" 404 1104
116.235.222.38 - - [11/Jun/2021:11:17:38 +0800] "POST /xingrg/all/common/load_combo.html?type=base HTTP/1.1" 200 3324
116.232.54.115 - - [11/Jun/2021:11:17:42 +0800] "GET /xingrg/kc/base/base_main.html HTTP/1.1" 200 12142
116.232.54.115 - - [11/Jun/2021:11:17:42 +0800] "GET /xingrg/images/blue/button/ckpd.gif HTTP/1.1" 200 2051
116.232.54.115 - - [11/Jun/2021:11:17:42 +0800] "GET /xingrg/images/blue/button/ckdb.gif HTTP/1.1" 200 1950
116.232.54.115 - - [11/Jun/2021:11:17:42 +0800] "GET /xingrg/images/blue/button/wlsy.gif HTTP/1.1" 200 2536
116.232.54.115 - - [11/Jun/2021:11:17:42 +0800] "GET /xingrg/images/blue/button/kc.gif HTTP/1.1" 200 2160
116.232.54.115 - - [11/Jun/2021:11:17:42 +0800] "GET /xingrg/images/blue/pic_form2.gif HTTP/1.1" 200 1853
116.232.54.115 - - [11/Jun/2021:11:17:42 +0800] "GET /xingrg/images/blue/button/yddb.gif HTTP/1.1" 200 2040
116.232.54.115 - - [11/Jun/2021:11:17:42 +0800] "GET /xingrg/images/blue/bg_dotted.jpg HTTP/1.1" 200 319
116.232.54.115 - - [11/Jun/2021:11:17:42 +0800] "GET /xingrg/images/blue/button/top_left.jpg HTTP/1.1" 200 1632
116.232.54.115 - - [11/Jun/2021:11:17:42 +0800] "GET /xingrg/images/blue/button/top_right.jpg HTTP/1.1" 200 1708
116.232.54.115 - - [11/Jun/2021:11:17:42 +0800] "GET /xingrg/images/blue/button/down.jpg HTTP/1.1" 200 1560
116.232.54.115 - - [11/Jun/2021:11:17:42 +0800] "GET /xingrg/images/blue/button/right_ah.jpg HTTP/1.1" 200 1744
116.232.54.115 - - [11/Jun/2021:11:17:42 +0800] "GET /xingrg/images/blue/button/left_ah.jpg HTTP/1.1" 200 1643
116.232.54.115 - - [11/Jun/2021:11:17:42 +0800] "GET /xingrg/images/blue/button/bottom_left.jpg HTTP/1.1" 200 1524
116.232.54.115 - - [11/Jun/2021:11:17:42 +0800] "GET /xingrg/images/blue/button/bottom_right.jpg HTTP/1.1" 200 1436
116.232.54.115 - - [11/Jun/2021:11:17:42 +0800] "GET /xingrg/javascript/jquery_tools/table.css HTTP/1.1" 200 1032
116.232.54.115 - - [11/Jun/2021:11:17:42 +0800] "GET /xingrg/kc/base/wldb_order_list.html HTTP/1.1" 200 19061
116.232.54.115 - - [11/Jun/2021:11:17:42 +0800] "GET /xingrg/javascript/jquery_tools/jquery.tools.table.js HTTP/1.1" 200 6994
116.232.54.115 - - [11/Jun/2021:11:17:42 +0800] "GET /xingrg/javascript/easyui/themes/default/easyui.css HTTP/1.1" 200 30432
116.232.54.115 - - [11/Jun/2021:11:17:42 +0800] "GET /xingrg/javascript/easyui/themes/icons/edit_add_new.png HTTP/1.1" 200 2997
116.232.54.115 - - [11/Jun/2021:11:17:42 +0800] "GET /xingrg/javascript/easyui/themes/icons/check_new.png HTTP/1.1" 200 3224
116.232.54.115 - - [11/Jun/2021:11:17:42 +0800] "GET /xingrg/javascript/easyui/themes/icons/cance_new.png HTTP/1.1" 200 3986
116.232.54.115 - - [11/Jun/2021:11:17:43 +0800] "POST /xingrg/kc/base/wldb_list_operate.html HTTP/1.1" 200 928
116.235.222.38 - - [11/Jun/2021:11:17:43 +0800] "GET /xingrg/all/function/internal_message.html?_=1623381456667&CODE_STATE=getMsg HTTP/1.1" 200 27
124.79.241.247 - - [11/Jun/2021:11:17:43 +0800] "GET /xingrg/all/function/internal_message.html?_=1623381556541&CODE_STATE=getMsg HTTP/1.1" 200 27
116.235.222.38 - - [11/Jun/2021:11:17:44 +0800] "GET /xingrg/check_reg.html?_=1623381456927 HTTP/1.1" 200 22
116.232.54.115 - - [11/Jun/2021:11:17:44 +0800] "GET /xingrg/javascript/easyui/themes/default/images/button_plain_hover.png HTTP/1.1" 200 144
116.232.54.115 - - [11/Jun/2021:11:17:45 +0800] "GET /xingrg/kc/base/wldb_order_add.html HTTP/1.1" 200 30265
116.232.54.115 - - [11/Jun/2021:11:17:45 +0800] "GET /xingrg/javascript/jquery_tools/order_manager.js HTTP/1.1" 200 11183
116.232.54.115 - - [11/Jun/2021:11:17:45 +0800] "GET /xingrg/javascript/print/kc_print.js HTTP/1.1" 200 11415
116.232.54.115 - - [11/Jun/2021:11:17:45 +0800] "GET /xingrg/words/20210608131730_words.js HTTP/1.1" 200 820610
116.232.54.115 - - [11/Jun/2021:11:17:45 +0800] "GET /xingrg/javascript/easyui/themes/default/images/menu_downarrow.png HTTP/1.1" 200 173
116.232.54.115 - - [11/Jun/2021:11:17:45 +0800] "GET /xingrg/javascript/easyui/themes/icons/print.png HTTP/1.1" 200 1057
116.232.54.115 - - [11/Jun/2021:11:17:45 +0800] "GET /xingrg/javascript/easyui/themes/icons/ok.png HTTP/1.1" 200 883
116.232.54.115 - - [11/Jun/2021:11:17:45 +0800] "GET /xingrg/javascript/easyui/themes/icons/cancel.png HTTP/1.1" 200 1133
116.232.54.115 - - [11/Jun/2021:11:17:45 +0800] "GET /xingrg/javascript/easyui/themes/icons/template_new.png HTTP/1.1" 200 3956
116.232.54.115 - - [11/Jun/2021:11:17:45 +0800] "GET /xingrg/javascript/easyui/themes/default/validatebox.css HTTP/1.1" 404 1104
116.232.54.115 - - [11/Jun/2021:11:17:45 +0800] "GET /xingrg/javascript/easyui/plugins/jquery.validatebox.js HTTP/1.1" 200 6103
116.232.54.115 - - [11/Jun/2021:11:17:45 +0800] "POST /xingrg/kc/base/wldb_order_operate.html HTTP/1.1" 200 6806
116.232.54.115 - - [11/Jun/2021:11:17:45 +0800] "GET /xingrg/javascript/easyui/plugins/jquery.numberbox.js HTTP/1.1" 200 5213
116.232.54.115 - - [11/Jun/2021:11:17:45 +0800] "GET /xingrg/javascript/easyui/themes/icons/edit_remove.png HTTP/1.1" 200 625
180.161.111.4 - - [11/Jun/2021:11:17:46 +0800] "GET /xingrg/all/function/internal_message.html?_=1623381469260&CODE_STATE=getMsg HTTP/1.1" 200 27
116.232.54.115 - - [11/Jun/2021:11:17:48 +0800] "GET /xingrg/javascript/auto/indicator.gif HTTP/1.1" 404 1066
116.224.253.72 - - [11/Jun/2021:11:17:48 +0800] "GET /xingrg/kc/buy/cgsh_order_operate.html?command=get_materiel&rest_code=00151&code=00101001096&supplier_code=00100312&order_time=2021-06-11 HTTP/1.1" 200 433
180.169.147.146 - - [11/Jun/2021:11:17:49 +0800] "GET /xingrg/all/function/internal_message.html?_=1623381468734&CODE_STATE=getMsg HTTP/1.1" 200 27
120.253.135.82 - - [11/Jun/2021:11:17:49 +0800] "GET /xingrg/all/function/internal_message.html?_=1623381252675&CODE_STATE=getMsg HTTP/1.1" 200 27
120.253.135.82 - - [11/Jun/2021:11:17:49 +0800] "GET /xingrg/kc/buy/cgth_order_list.html?isBack=1 HTTP/1.1" 200 46119
120.253.135.82 - - [11/Jun/2021:11:17:51 +0800] "POST /xingrg/kc/buy/cgth_list_operate.html HTTP/1.1" 200 1035
116.224.253.72 - - [11/Jun/2021:11:17:53 +0800] "GET /xingrg/all/function/internal_message.html?_=1623381469025&CODE_STATE=getMsg HTTP/1.1" 200 27
180.169.147.146 - - [11/Jun/2021:11:17:53 +0800] "GET /xingrg/all/function/internal_message.html?_=1623381476620&CODE_STATE=getMsg HTTP/1.1" 200 27
116.232.54.115 - - [11/Jun/2021:11:17:54 +0800] "GET /xingrg/kc/base/wldb_order_operate.html?command=get_materiel&rest_code=00109&base_code=&code=00101020299 HTTP/1.1" 200 421
117.184.7.26 - - [11/Jun/2021:11:17:56 +0800] "GET /xingrg/kc/buy/buy_main.html HTTP/1.1" 200 12412
117.184.7.26 - - [11/Jun/2021:11:17:56 +0800] "GET /xingrg/css/new_ie.css HTTP/1.1" 404 1036
117.184.7.26 - - [11/Jun/2021:11:17:56 +0800] "GET /xingrg/images/yd/bt.gif HTTP/1.1" 404 1040
116.230.110.80 - - [11/Jun/2021:11:17:57 +0800] "GET /xingrg/all/function/internal_message.html?_=1623381456779&CODE_STATE=getMsg HTTP/1.1" 200 27
117.184.7.26 - - [11/Jun/2021:11:17:57 +0800] "GET /xingrg/kc/buy/cgsh_order_list.html HTTP/1.1" 200 46716
116.224.253.72 - - [11/Jun/2021:11:17:59 +0800] "GET /xingrg/all/function/internal_message.html?_=1623381478155&CODE_STATE=getMsg HTTP/1.1" 200 27
117.184.7.26 - - [11/Jun/2021:11:18:00 +0800] "POST /xingrg/kc/buy/cgsh_list_operate.html HTTP/1.1" 200 876
116.232.54.115 - - [11/Jun/2021:11:18:03 +0800] "GET /xingrg/kc/base/wldb_order_operate.html?command=get_materiel&rest_code=00109&base_code=&code=00101021021 HTTP/1.1" 200 419
180.161.111.4 - - [11/Jun/2021:11:18:04 +0800] "GET /xingrg/check_reg.html?_=1623381449054 HTTP/1.1" 200 22
180.161.111.4 - - [11/Jun/2021:11:18:04 +0800] "GET /xingrg/all/function/internal_message.html?_=1623381449339&CODE_STATE=getMsg HTTP/1.1" 200 27
117.184.7.26 - - [11/Jun/2021:11:18:05 +0800] "GET /xingrg/check_reg.html?_=1623381477394 HTTP/1.1" 200 22
116.232.54.115 - - [11/Jun/2021:11:18:06 +0800] "GET /xingrg/all/function/internal_message.html?_=1623381486824&CODE_STATE=getMsg HTTP/1.1" 200 27
117.185.32.26 - - [11/Jun/2021:11:18:10 +0800] "GET /xingrg/all/function/internal_message.html?_=1623382024458&CODE_STATE=getMsg HTTP/1.1" 200 27
180.169.147.146 - - [11/Jun/2021:11:18:11 +0800] "GET /xingrg/all/function/internal_message.html?_=1623381491622&CODE_STATE=getMsg HTTP/1.1" 200 27
180.169.147.146 - - [11/Jun/2021:11:18:11 +0800] "GET /xingrg/check_reg.html?_=1623381491624 HTTP/1.1" 200 22
117.184.7.26 - - [11/Jun/2021:11:18:11 +0800] "POST /xingrg/kc/buy/cgsh_list_operate.html HTTP/1.1" 200 5734
101.83.241.191 - - [11/Jun/2021:11:18:13 +0800] "GET /xingrg/all/function/internal_message.html?_=1623381494690&CODE_STATE=getMsg HTTP/1.1" 200 27
117.184.7.26 - - [11/Jun/2021:11:18:13 +0800] "POST /xingrg/kc/buy/cgsh_list_operate.html HTTP/1.1" 200 579
117.184.7.26 - - [11/Jun/2021:11:18:14 +0800] "GET /xingrg/kc/buy/cgsh_order_info.html?code=212021061004587 HTTP/1.1" 200 57354
58.37.225.51 - - [11/Jun/2021:11:18:15 +0800] "GET /xingrg/check_reg.html?_=1623381434407 HTTP/1.1" 302 -
117.184.7.26 - - [11/Jun/2021:11:18:15 +0800] "GET /xingrg/javascript/easyui/themes/default/validatebox.css HTTP/1.1" 404 1104
117.184.7.26 - - [11/Jun/2021:11:18:16 +0800] "POST /xingrg/kc/buy/cgsh_order_operate.html HTTP/1.1" 200 4162
116.230.114.112 - - [11/Jun/2021:11:18:20 +0800] "GET /xingrg/all/function/internal_message.html?_=1623381515122&CODE_STATE=getMsg HTTP/1.1" 302 -
61.165.42.208 - - [11/Jun/2021:11:18:21 +0800] "GET /xingrg/all/function/internal_message.html?_=1623381503554&CODE_STATE=getMsg HTTP/1.1" 200 27
117.184.7.26 - - [11/Jun/2021:11:18:23 +0800] "POST /xingrg/kc/buy/cgsh_order_operate.html HTTP/1.1" 200 12
116.232.54.115 - - [11/Jun/2021:11:18:25 +0800] "GET /xingrg/javascript/jquery_easy_ui/themes/default/images/tabs_active.png HTTP/1.1" 200 2894
117.185.32.26 - - [11/Jun/2021:11:18:25 +0800] "GET /xingrg/kc/buy/cgsh_order_add.html HTTP/1.1" 200 62454
117.184.7.26 - - [11/Jun/2021:11:18:25 +0800] "GET /xingrg/kc/buy/cgsh_order_info.html?code=212021061004587 HTTP/1.1" 200 62463
117.185.32.26 - - [11/Jun/2021:11:18:25 +0800] "POST /xingrg/kc/buy/cgsh_order_operate.html HTTP/1.1" 200 8245
117.185.32.26 - - [11/Jun/2021:11:18:25 +0800] "GET /xingrg/javascript/easyui/themes/default/validatebox.css HTTP/1.1" 404 1104
117.184.7.26 - - [11/Jun/2021:11:18:26 +0800] "GET /xingrg/javascript/easyui/themes/default/validatebox.css HTTP/1.1" 404 1104
117.184.7.26 - - [11/Jun/2021:11:18:26 +0800] "POST /xingrg/kc/buy/cgsh_order_operate.html HTTP/1.1" 200 6215
116.232.54.115 - - [11/Jun/2021:11:18:28 +0800] "GET /xingrg/javascript/easyui/themes/sunny/images/ui-bg_gloss-wave_60_fece2f_500x100.png HTTP/1.1" 200 3512
117.185.32.26 - - [11/Jun/2021:11:18:28 +0800] "GET /xingrg/javascript/easyui/themes/default/tree.css HTTP/1.1" 404 1090
117.185.32.26 - - [11/Jun/2021:11:18:29 +0800] "POST /xingrg/all/common/load_tree.html?tree=supplier_tree_json&isDelete=1 HTTP/1.1" 200 56016
117.184.7.26 - - [11/Jun/2021:11:18:34 +0800] "POST /xingrg/kc/buy/cgsh_order_operate.html HTTP/1.1" 200 37
58.40.7.146 - - [11/Jun/2021:11:18:35 +0800] "GET /xingrg/all/function/internal_message.html?_=1623381515992&CODE_STATE=getMsg HTTP/1.1" 200 27
117.184.7.26 - - [11/Jun/2021:11:18:37 +0800] "GET /xingrg/all/function/internal_message.html?_=1623381509115&CODE_STATE=getMsg HTTP/1.1" 200 27
116.230.117.165 - - [11/Jun/2021:11:18:37 +0800] "GET /xingrg/all/function/internal_message.html?_=1623381535138&CODE_STATE=getMsg HTTP/1.1" 200 27
180.169.147.146 - - [11/Jun/2021:11:18:37 +0800] "GET /xingrg/check_reg.html?_=1623381517503 HTTP/1.1" 200 22
180.169.147.146 - - [11/Jun/2021:11:18:37 +0800] "GET /xingrg/all/function/internal_message.html?_=1623381517505&CODE_STATE=getMsg HTTP/1.1" 200 27
117.184.7.26 - - [11/Jun/2021:11:18:41 +0800] "POST /xingrg/kc/buy/cgsh_order_operate.html HTTP/1.1" 200 12
116.232.54.115 - - [11/Jun/2021:11:18:42 +0800] "POST /xingrg/kc/base/stock_operate.html HTTP/1.1" 200 1458
124.79.241.247 - - [11/Jun/2021:11:18:43 +0800] "GET /xingrg/all/function/internal_message.html?_=1623381616538&CODE_STATE=getMsg HTTP/1.1" 200 27
116.235.222.38 - - [11/Jun/2021:11:18:43 +0800] "GET /xingrg/all/function/internal_message.html?_=1623381516639&CODE_STATE=getMsg HTTP/1.1" 200 27
117.184.7.26 - - [11/Jun/2021:11:18:44 +0800] "GET /xingrg/kc/buy/cgsh_order_info.html?code=212021061004587 HTTP/1.1" 200 57354
117.184.7.26 - - [11/Jun/2021:11:18:44 +0800] "GET /xingrg/javascript/easyui/themes/default/validatebox.css HTTP/1.1" 404 1104
116.232.54.115 - - [11/Jun/2021:11:18:45 +0800] "GET /xingrg/kc/base/stock_detail.html?m=00101021021 HTTP/1.1" 200 7323
116.232.54.115 - - [11/Jun/2021:11:18:45 +0800] "GET /xingrg/javascript/jquery_easy_ui/themes/default/images/button_span_bg.gif HTTP/1.1" 200 2061
116.232.54.115 - - [11/Jun/2021:11:18:45 +0800] "GET /xingrg/javascript/jquery_easy_ui/themes/default/images/button_a_bg.gif HTTP/1.1" 200 1194
116.232.54.115 - - [11/Jun/2021:11:18:45 +0800] "GET /xingrg/javascript/jquery_easy_ui/themes/default/images/menu_downarrow.png HTTP/1.1" 200 173
116.232.54.115 - - [11/Jun/2021:11:18:45 +0800] "GET /xingrg/javascript/jquery_easy_ui/themes/icons/print.png HTTP/1.1" 200 1057
116.232.54.115 - - [11/Jun/2021:11:18:45 +0800] "GET /xingrg/javascript/jquery_easy_ui/themes/default/images/menu.gif HTTP/1.1" 200 834
116.232.54.115 - - [11/Jun/2021:11:18:45 +0800] "GET /xingrg/javascript/jquery_easy_ui/themes/icons/search.png HTTP/1.1" 200 813
116.232.54.115 - - [11/Jun/2021:11:18:45 +0800] "GET /xingrg/javascript/jquery_easy_ui/themes/default/images/calendar_prevmonth.gif HTTP/1.1" 200 66
116.232.54.115 - - [11/Jun/2021:11:18:45 +0800] "GET /xingrg/javascript/jquery_easy_ui/themes/default/images/calendar_nextmonth.gif HTTP/1.1" 200 64
116.232.54.115 - - [11/Jun/2021:11:18:45 +0800] "GET /xingrg/javascript/jquery_easy_ui/themes/default/images/calendar_prevyear.gif HTTP/1.1" 200 76
116.232.54.115 - - [11/Jun/2021:11:18:45 +0800] "GET /xingrg/javascript/jquery_easy_ui/themes/default/images/calendar_nextyear.gif HTTP/1.1" 200 75
116.224.253.72 - - [11/Jun/2021:11:18:46 +0800] "POST /xingrg/kc/buy/cgsh_order_operate.html HTTP/1.1" 200 37
117.184.7.26 - - [11/Jun/2021:11:18:46 +0800] "POST /xingrg/kc/buy/cgsh_order_operate.html HTTP/1.1" 200 4162
180.161.111.4 - - [11/Jun/2021:11:18:46 +0800] "GET /xingrg/all/function/internal_message.html?_=1623381529484&CODE_STATE=getMsg HTTP/1.1" 200 27
116.232.54.115 - - [11/Jun/2021:11:18:47 +0800] "GET /xingrg/kc/base/stock_operate.html?_=1623381527678&command=get_report_file&start_day=20210601 HTTP/1.1" 200 53
116.232.54.115 - - [11/Jun/2021:11:18:47 +0800] "GET /xingrg/javascript/multi_select/jqueryMultiSelect.css HTTP/1.1" 200 951
116.232.54.115 - - [11/Jun/2021:11:18:47 +0800] "GET /xingrg/all/report/report_query.html?isQuery=1&onlyBody=1&rh=2000&fileName=kc/base/kc_stock_detail_new.xml&queryString=(1=1)&queryText=&tableQueryString=init_table$sp1$$sp$crk_table$sp1$order_day%20between%2020210601%20and%2020210630&varString=start_day:20210601,materiel_code:00101021021,cost_id:3171,end_date:20210531 HTTP/1.1" 200 48701
116.232.54.115 - - [11/Jun/2021:11:18:47 +0800] "GET /xingrg/javascript/calendar/timePicker.css HTTP/1.1" 200 523
116.232.54.115 - - [11/Jun/2021:11:18:47 +0800] "GET /xingrg/javascript/bigrid/fix.css HTTP/1.1" 200 1702
116.232.54.115 - - [11/Jun/2021:11:18:47 +0800] "GET /xingrg/dwr/interface/AjaxReportQueryService.js HTTP/1.1" 200 13203
116.232.54.115 - - [11/Jun/2021:11:18:47 +0800] "GET /xingrg/javascript/calendar/jquery.timePicker.min.js HTTP/1.1" 200 2997
116.232.54.115 - - [11/Jun/2021:11:18:47 +0800] "GET /xingrg/javascript/bigrid/fix.js HTTP/1.1" 200 6439
116.232.54.115 - - [11/Jun/2021:11:18:47 +0800] "GET /xingrg/javascript/jqueryMultiSelect.js HTTP/1.1" 200 11866
116.232.54.115 - - [11/Jun/2021:11:18:47 +0800] "GET /xingrg/dwr/util.js HTTP/1.1" 200 35990
116.232.54.115 - - [11/Jun/2021:11:18:47 +0800] "GET /xingrg/dwr/engine.js HTTP/1.1" 200 43631
116.232.54.115 - - [11/Jun/2021:11:18:47 +0800] "GET /xingrg/javascript/Calendar.js HTTP/1.1" 200 31561
116.232.54.115 - - [11/Jun/2021:11:18:47 +0800] "GET /xingrg/images/blue/button/advance2over.gif HTTP/1.1" 200 1336
116.232.54.115 - - [11/Jun/2021:11:18:47 +0800] "GET /xingrg/images/blue/button/advanceover.gif HTTP/1.1" 200 1347
116.232.54.115 - - [11/Jun/2021:11:18:47 +0800] "GET /xingrg/images/blue/button/back2over.gif HTTP/1.1" 200 1335
116.232.54.115 - - [11/Jun/2021:11:18:47 +0800] "GET /xingrg/images/blue/button/backover.gif HTTP/1.1" 200 1348
116.232.54.115 - - [11/Jun/2021:11:18:47 +0800] "GET /xingrg/images/control/loading.gif HTTP/1.1" 200 13463
116.232.54.115 - - [11/Jun/2021:11:18:47 +0800] "GET /xingrg/javascript/jquery_easy_ui/themes/icons/help.png HTTP/1.1" 200 1187
180.169.147.146 - - [11/Jun/2021:11:18:48 +0800] "GET /xingrg/check_reg.html?_=1623381522737 HTTP/1.1" 200 22
116.230.117.165 - - [11/Jun/2021:11:18:48 +0800] "GET /xingrg/check_reg.html?_=1623381546011 HTTP/1.1" 200 22
180.169.147.146 - - [11/Jun/2021:11:18:49 +0800] "GET /xingrg/check_reg.html?_=1623381528735 HTTP/1.1" 200 22
180.169.147.146 - - [11/Jun/2021:11:18:49 +0800] "GET /xingrg/all/function/internal_message.html?_=1623381528726&CODE_STATE=getMsg HTTP/1.1" 200 27
120.253.135.82 - - [11/Jun/2021:11:18:49 +0800] "GET /xingrg/all/function/internal_message.html?_=1623381312681&CODE_STATE=getMsg HTTP/1.1" 200 27
116.232.54.115 - - [11/Jun/2021:11:18:49 +0800] "POST /xingrg/all/report/load_report_page.html HTTP/1.1" 200 20232
116.232.54.115 - - [11/Jun/2021:11:18:49 +0800] "GET /xingrg/servlets/image?cache=0.9837026443516101&image=px HTTP/1.1" 200 807
116.224.253.72 - - [11/Jun/2021:11:18:53 +0800] "POST /xingrg/kc/buy/cgsh_order_operate.html HTTP/1.1" 200 12
116.224.253.72 - - [11/Jun/2021:11:18:53 +0800] "GET /xingrg/all/function/internal_message.html?_=1623381529030&CODE_STATE=getMsg HTTP/1.1" 200 27
180.169.147.146 - - [11/Jun/2021:11:18:53 +0800] "GET /xingrg/all/function/internal_message.html?_=1623381536623&CODE_STATE=getMsg HTTP/1.1" 200 27
116.232.54.115 - - [11/Jun/2021:11:18:55 +0800] "GET /xingrg/kc/base/stock_operate.html?_=1623381535743&command=get_report_file&start_day=20210501 HTTP/1.1" 200 53
116.232.54.115 - - [11/Jun/2021:11:18:55 +0800] "GET /xingrg/all/report/report_query.html?isQuery=1&onlyBody=1&rh=2000&fileName=kc/base/kc_stock_detail_new.xml&queryString=(1=1)&queryText=&tableQueryString=init_table$sp1$$sp$crk_table$sp1$order_day%20between%2020210501%20and%2020210630&varString=start_day:20210501,materiel_code:00101021021,cost_id:3149,end_date:20210430 HTTP/1.1" 200 48701
116.232.54.115 - - [11/Jun/2021:11:18:55 +0800] "GET /xingrg/dwr/interface/AjaxReportQueryService.js HTTP/1.1" 200 13203
116.232.54.115 - - [11/Jun/2021:11:18:55 +0800] "GET /xingrg/dwr/engine.js HTTP/1.1" 200 43631
116.224.253.72 - - [11/Jun/2021:11:18:55 +0800] "GET /xingrg/kc/buy/cgsh_order_info.html?code=212021061104901 HTTP/1.1" 200 57002
116.224.253.72 - - [11/Jun/2021:11:18:56 +0800] "GET /xingrg/javascript/easyui/themes/default/validatebox.css HTTP/1.1" 404 1104
116.224.253.72 - - [11/Jun/2021:11:18:57 +0800] "POST /xingrg/kc/buy/cgsh_order_operate.html HTTP/1.1" 200 1219
116.230.110.80 - - [11/Jun/2021:11:18:57 +0800] "GET /xingrg/all/function/internal_message.html?_=1623381516794&CODE_STATE=getMsg HTTP/1.1" 200 27
116.232.54.115 - - [11/Jun/2021:11:18:57 +0800] "POST /xingrg/all/report/load_report_page.html HTTP/1.1" 200 44674
116.232.54.115 - - [11/Jun/2021:11:18:57 +0800] "GET /xingrg/servlets/image?cache=0.8002166876462953&image=px HTTP/1.1" 200 807
116.224.253.72 - - [11/Jun/2021:11:18:59 +0800] "GET /xingrg/all/function/internal_message.html?_=1623381538160&CODE_STATE=getMsg HTTP/1.1" 200 27
116.224.253.72 - - [11/Jun/2021:11:18:59 +0800] "GET /xingrg/kc/print/load_data.html?order_code=212021061104901&kc_code=cgsh&condition= HTTP/1.1" 200 950
180.161.111.4 - - [11/Jun/2021:11:19:04 +0800] "GET /xingrg/all/function/internal_message.html?_=1623381509353&CODE_STATE=getMsg HTTP/1.1" 200 27
116.235.222.38 - - [11/Jun/2021:11:19:06 +0800] "POST /xingrg/all/common/load_combo.html?type=base HTTP/1.1" 200 3324
116.232.54.115 - - [11/Jun/2021:11:19:06 +0800] "GET /xingrg/all/function/internal_message.html?_=1623381546826&CODE_STATE=getMsg HTTP/1.1" 200 27
116.230.114.112 - - [11/Jun/2021:11:19:06 +0800] "GET /xingrg/check_reg.html?_=1623381561898 HTTP/1.1" 302 -
117.185.32.26 - - [11/Jun/2021:11:19:08 +0800] "GET /xingrg/kc/buy/cgsh_order_operate.html?command=get_materiel&rest_code=00106&code=00101012101&supplier_code=00100347&order_time=2021-06-11 HTTP/1.1" 200 404
116.224.253.72 - - [11/Jun/2021:11:19:09 +0800] "GET /xingrg/kc/mdqp/pssh_order_list.html HTTP/1.1" 200 17325
116.224.253.72 - - [11/Jun/2021:11:19:09 +0800] "POST /xingrg/kc/mdqp/pssh_list_operate.html HTTP/1.1" 200 5369
117.185.32.26 - - [11/Jun/2021:11:19:10 +0800] "GET /xingrg/all/function/internal_message.html?_=1623382084476&CODE_STATE=getMsg HTTP/1.1" 200 27
180.169.147.146 - - [11/Jun/2021:11:19:11 +0800] "GET /xingrg/all/function/internal_message.html?_=1623381551615&CODE_STATE=getMsg HTTP/1.1" 200 27
101.83.241.191 - - [11/Jun/2021:11:19:13 +0800] "GET /xingrg/all/function/internal_message.html?_=1623381554661&CODE_STATE=getMsg HTTP/1.1" 200 27
120.253.135.82 - - [11/Jun/2021:11:19:14 +0800] "GET /xingrg/check_reg.html?_=1623381337564 HTTP/1.1" 200 22
101.83.241.191 - - [11/Jun/2021:11:19:15 +0800] "GET /xingrg/check_reg.html?_=1623381556756 HTTP/1.1" 200 22
116.224.253.72 - - [11/Jun/2021:11:19:18 +0800] "POST /xingrg/kc/mdqp/pssh_list_operate.html HTTP/1.1" 200 265
116.230.114.112 - - [11/Jun/2021:11:19:20 +0800] "GET /xingrg/all/function/internal_message.html?_=1623381575142&CODE_STATE=getMsg HTTP/1.1" 302 -
116.224.253.72 - - [11/Jun/2021:11:19:20 +0800] "GET /xingrg/kc/mdqp/pssh_order_info.html?code=312021061100298 HTTP/1.1" 200 17270
116.224.253.72 - - [11/Jun/2021:11:19:20 +0800] "GET /xingrg/javascript/jquery_tools/jquery-1.4.2.min.js HTTP/1.1" 404 1094
116.224.253.72 - - [11/Jun/2021:11:19:21 +0800] "GET /xingrg/javascript/easyui/themes/default/validatebox.css HTTP/1.1" 404 1104
116.224.253.72 - - [11/Jun/2021:11:19:21 +0800] "GET /xingrg/all/common/auto_word.html?type=base&rest_code=00151&rest_code=00151 HTTP/1.1" 200 1315
116.224.253.72 - - [11/Jun/2021:11:19:21 +0800] "POST /xingrg/kc/mdqp/pssh_order_operate.html HTTP/1.1" 200 540
61.165.42.208 - - [11/Jun/2021:11:19:21 +0800] "GET /xingrg/all/function/internal_message.html?_=1623381563532&CODE_STATE=getMsg HTTP/1.1" 200 27
58.221.95.50 - - [11/Jun/2021:11:19:22 +0800] "GET /xingrg/check_reg.html?_=1623381563648 HTTP/1.1" 302 -
116.224.253.72 - - [11/Jun/2021:11:19:24 +0800] "POST /xingrg/all/common/load_combo.html?type=employee HTTP/1.1" 200 444
61.165.42.208 - - [11/Jun/2021:11:19:24 +0800] "GET /xingrg/check_reg.html?_=1623381566061 HTTP/1.1" 200 22
117.185.32.26 - - [11/Jun/2021:11:19:25 +0800] "GET /xingrg/kc/buy/cgsh_order_operate.html?command=get_materiel&rest_code=00106&code=00101012046&supplier_code=00100347&order_time=2021-06-11 HTTP/1.1" 200 417
116.224.253.72 - - [11/Jun/2021:11:19:27 +0800] "POST /xingrg/kc/mdqp/pssh_order_operate.html HTTP/1.1" 200 37
116.224.253.72 - - [11/Jun/2021:11:19:31 +0800] "POST /xingrg/kc/mdqp/pssh_order_operate.html HTTP/1.1" 200 12
116.224.253.72 - - [11/Jun/2021:11:19:33 +0800] "GET /xingrg/kc/mdqp/pssh_order_info.html?code=312021061100298 HTTP/1.1" 200 14388
116.224.253.72 - - [11/Jun/2021:11:19:34 +0800] "GET /xingrg/javascript/jquery_tools/jquery-1.4.2.min.js HTTP/1.1" 404 1094
116.224.253.72 - - [11/Jun/2021:11:19:34 +0800] "GET /xingrg/javascript/easyui/themes/default/validatebox.css HTTP/1.1" 404 1104
116.224.253.72 - - [11/Jun/2021:11:19:34 +0800] "POST /xingrg/kc/mdqp/pssh_order_operate.html HTTP/1.1" 200 540
58.40.7.146 - - [11/Jun/2021:11:19:35 +0800] "GET /xingrg/all/function/internal_message.html?_=1623381575996&CODE_STATE=getMsg HTTP/1.1" 200 27
117.184.7.26 - - [11/Jun/2021:11:19:37 +0800] "GET /xingrg/all/function/internal_message.html?_=1623381569098&CODE_STATE=getMsg HTTP/1.1" 200 27
116.230.117.165 - - [11/Jun/2021:11:19:37 +0800] "GET /xingrg/all/function/internal_message.html?_=1623381595147&CODE_STATE=getMsg HTTP/1.1" 200 27
180.169.147.146 - - [11/Jun/2021:11:19:37 +0800] "GET /xingrg/all/function/internal_message.html?_=1623381577500&CODE_STATE=getMsg HTTP/1.1" 200 27
116.224.253.72 - - [11/Jun/2021:11:19:37 +0800] "GET /xingrg/kc/print/load_config.html?kc_code=pssh HTTP/1.1" 200 2290
116.224.253.72 - - [11/Jun/2021:11:19:38 +0800] "GET /xingrg/kc/print/load_data.html?order_code=312021061100298&kc_code=pssh&condition= HTTP/1.1" 200 674
116.235.222.38 - - [11/Jun/2021:11:19:43 +0800] "GET /xingrg/all/function/internal_message.html?_=1623381576619&CODE_STATE=getMsg HTTP/1.1" 200 27
116.224.253.72 - - [11/Jun/2021:11:19:43 +0800] "GET /xingrg/kc/mdqp/pssh_order_list.html?isBack=1 HTTP/1.1" 200 17325
124.79.241.247 - - [11/Jun/2021:11:19:43 +0800] "GET /xingrg/all/function/internal_message.html?_=1623381676537&CODE_STATE=getMsg HTTP/1.1" 200 27
116.224.253.72 - - [11/Jun/2021:11:19:44 +0800] "POST /xingrg/kc/mdqp/pssh_list_operate.html HTTP/1.1" 200 5403
116.224.253.72 - - [11/Jun/2021:11:19:45 +0800] "POST /xingrg/kc/mdqp/pssh_list_operate.html HTTP/1.1" 200 368
180.161.111.4 - - [11/Jun/2021:11:19:46 +0800] "GET /xingrg/all/function/internal_message.html?_=1623381589489&CODE_STATE=getMsg HTTP/1.1" 200 27
116.224.253.72 - - [11/Jun/2021:11:19:47 +0800] "GET /xingrg/kc/mdqp/pssh_order_info.html?code=312021061000252 HTTP/1.1" 200 17303
116.224.253.72 - - [11/Jun/2021:11:19:47 +0800] "GET /xingrg/javascript/jquery_tools/jquery-1.4.2.min.js HTTP/1.1" 404 1094
116.224.253.72 - - [11/Jun/2021:11:19:48 +0800] "GET /xingrg/javascript/easyui/themes/default/validatebox.css HTTP/1.1" 404 1104
116.224.253.72 - - [11/Jun/2021:11:19:48 +0800] "POST /xingrg/kc/mdqp/pssh_order_operate.html HTTP/1.1" 200 1063
116.224.253.72 - - [11/Jun/2021:11:19:48 +0800] "POST /xingrg/all/common/load_combo.html?type=employee HTTP/1.1" 200 444
180.169.147.146 - - [11/Jun/2021:11:19:49 +0800] "GET /xingrg/all/function/internal_message.html?_=1623381588736&CODE_STATE=getMsg HTTP/1.1" 200 27
120.253.135.82 - - [11/Jun/2021:11:19:49 +0800] "GET /xingrg/all/function/internal_message.html?_=1623381372695&CODE_STATE=getMsg HTTP/1.1" 200 27
116.224.253.72 - - [11/Jun/2021:11:19:53 +0800] "POST /xingrg/kc/mdqp/pssh_order_operate.html HTTP/1.1" 200 37
116.224.253.72 - - [11/Jun/2021:11:19:53 +0800] "GET /xingrg/all/function/internal_message.html?_=1623381589052&CODE_STATE=getMsg HTTP/1.1" 200 27
180.169.147.146 - - [11/Jun/2021:11:19:53 +0800] "GET /xingrg/all/function/internal_message.html?_=1623381596625&CODE_STATE=getMsg HTTP/1.1" 200 27
116.224.253.72 - - [11/Jun/2021:11:19:56 +0800] "POST /xingrg/kc/mdqp/pssh_order_operate.html HTTP/1.1" 200 12
116.230.110.80 - - [11/Jun/2021:11:19:57 +0800] "GET /xingrg/all/function/internal_message.html?_=1623381576783&CODE_STATE=getMsg HTTP/1.1" 200 27
116.224.253.72 - - [11/Jun/2021:11:19:58 +0800] "GET /xingrg/kc/mdqp/pssh_order_info.html?code=312021061000252 HTTP/1.1" 200 14392
116.224.253.72 - - [11/Jun/2021:11:19:58 +0800] "GET /xingrg/javascript/jquery_tools/jquery-1.4.2.min.js HTTP/1.1" 404 1094
116.224.253.72 - - [11/Jun/2021:11:19:58 +0800] "GET /xingrg/javascript/easyui/themes/default/validatebox.css HTTP/1.1" 404 1104
116.224.253.72 - - [11/Jun/2021:11:19:58 +0800] "POST /xingrg/kc/mdqp/pssh_order_operate.html HTTP/1.1" 200 1063
116.224.253.72 - - [11/Jun/2021:11:19:59 +0800] "GET /xingrg/all/function/internal_message.html?_=1623381598154&CODE_STATE=getMsg HTTP/1.1" 200 27
116.224.253.72 - - [11/Jun/2021:11:20:00 +0800] "GET /xingrg/kc/print/load_data.html?order_code=312021061000252&kc_code=pssh&condition= HTTP/1.1" 200 863
117.185.32.26 - - [11/Jun/2021:11:20:03 +0800] "GET /xingrg/kc/buy/cgsh_order_operate.html?command=get_materiel&rest_code=00106&code=00101010200&supplier_code=00100347&order_time=2021-06-11 HTTP/1.1" 200 416
180.161.111.4 - - [11/Jun/2021:11:20:04 +0800] "GET /xingrg/all/function/internal_message.html?_=1623381569367&CODE_STATE=getMsg HTTP/1.1" 200 27
116.224.253.72 - - [11/Jun/2021:11:20:05 +0800] "GET /xingrg/kc/mdqp/pssh_order_list.html?isBack=1 HTTP/1.1" 200 17325
116.224.253.72 - - [11/Jun/2021:11:20:06 +0800] "POST /xingrg/kc/mdqp/pssh_list_operate.html HTTP/1.1" 200 5428
116.232.54.115 - - [11/Jun/2021:11:20:06 +0800] "GET /xingrg/all/function/internal_message.html?_=1623381606835&CODE_STATE=getMsg HTTP/1.1" 200 27
116.224.253.72 - - [11/Jun/2021:11:20:07 +0800] "POST /xingrg/kc/mdqp/pssh_list_operate.html HTTP/1.1" 200 482
116.224.253.72 - - [11/Jun/2021:11:20:09 +0800] "POST /xingrg/kc/mdqp/pssh_list_operate.html HTTP/1.1" 200 1578
116.224.253.72 - - [11/Jun/2021:11:20:09 +0800] "GET /xingrg/kc/mdqp/pssh_order_info.html?code=312021061000265 HTTP/1.1" 200 17297
116.224.253.72 - - [11/Jun/2021:11:20:09 +0800] "GET /xingrg/javascript/jquery_tools/jquery-1.4.2.min.js HTTP/1.1" 404 1094
116.224.253.72 - - [11/Jun/2021:11:20:09 +0800] "GET /xingrg/javascript/easyui/themes/default/validatebox.css HTTP/1.1" 404 1104
116.224.253.72 - - [11/Jun/2021:11:20:09 +0800] "POST /xingrg/kc/mdqp/pssh_order_operate.html HTTP/1.1" 200 1602
117.185.32.26 - - [11/Jun/2021:11:20:10 +0800] "GET /xingrg/all/function/internal_message.html?_=1623382144472&CODE_STATE=getMsg HTTP/1.1" 200 27
180.169.147.146 - - [11/Jun/2021:11:20:11 +0800] "GET /xingrg/all/function/internal_message.html?_=1623381611605&CODE_STATE=getMsg HTTP/1.1" 200 27
116.224.253.72 - - [11/Jun/2021:11:20:11 +0800] "POST /xingrg/all/common/load_combo.html?type=employee HTTP/1.1" 200 444
101.83.241.191 - - [11/Jun/2021:11:20:13 +0800] "GET /xingrg/all/function/internal_message.html?_=1623381614636&CODE_STATE=getMsg HTTP/1.1" 200 27
116.224.253.72 - - [11/Jun/2021:11:20:17 +0800] "POST /xingrg/kc/mdqp/pssh_order_operate.html HTTP/1.1" 200 37
