116.232.54.115 - - [11/Jun/2021:09:16:35 +0800] "GET /xingrg/javascript/jquery_easy_ui/themes/default/images/panel_tool_collapse.gif HTTP/1.1" 200 246
116.232.54.115 - - [11/Jun/2021:09:16:35 +0800] "GET /xingrg/check_reg.html?_=1623374195707 HTTP/1.1" 200 22
116.232.54.115 - - [11/Jun/2021:09:16:35 +0800] "GET /xingrg/all/function/internal_message.html?_=1623374195707&CODE_STATE=count HTTP/1.1" 200 11
116.232.54.115 - - [11/Jun/2021:09:16:35 +0800] "POST /xingrg/all/common/load_tree.html?tree=area_rest_tree_json&manage=1 HTTP/1.1" 200 342
116.232.54.115 - - [11/Jun/2021:09:16:35 +0800] "POST /xingrg/load_menu.html HTTP/1.1" 200 5138
116.232.54.115 - - [11/Jun/2021:09:16:35 +0800] "GET /xingrg/javascript/jquery_easy_ui/themes/default/images/tree_arrows.gif HTTP/1.1" 200 1043
116.232.54.115 - - [11/Jun/2021:09:16:35 +0800] "GET /xingrg/javascript/jquery_easy_ui/themes/default/images/tree_folder_open.gif HTTP/1.1" 200 956
116.232.54.115 - - [11/Jun/2021:09:16:35 +0800] "GET /xingrg/javascript/jquery_easy_ui/themes/icons/storage_new.png HTTP/1.1" 200 853
116.232.54.115 - - [11/Jun/2021:09:16:35 +0800] "GET /xingrg/javascript/jquery_easy_ui/themes/default/images/tree_folder.gif HTTP/1.1" 200 952
116.232.54.115 - - [11/Jun/2021:09:16:35 +0800] "GET /xingrg/javascript/jquery_easy_ui/themes/icons/search_new.png HTTP/1.1" 200 586
116.232.54.115 - - [11/Jun/2021:09:16:35 +0800] "GET /xingrg/javascript/jquery_easy_ui/themes/icons/forms_new.png HTTP/1.1" 200 350
180.169.147.146 - - [11/Jun/2021:09:16:36 +0800] "POST /xingrg/all/report/report_print.html HTTP/1.1" 302 -
180.169.147.146 - - [11/Jun/2021:09:16:36 +0800] "GET /xingrg/servlets/html?sysBaseUrl=http%3A%2F%2F180.169.147.146%3A18081%2Fxingrg%2F&costTime=910×tamp=1623374196733 HTTP/1.1" 200 14649
180.169.147.146 - - [11/Jun/2021:09:16:36 +0800] "GET /xingrg/servlets/image?image=px HTTP/1.1" 200 807
180.169.147.146 - - [11/Jun/2021:09:16:36 +0800] "GET /favicon.ico HTTP/1.1" 404 -
116.232.54.115 - - [11/Jun/2021:09:16:37 +0800] "GET /xingrg/javascript/jquery_easy_ui/themes/default/images/tabs_close.gif HTTP/1.1" 200 829
116.232.54.115 - - [11/Jun/2021:09:16:37 +0800] "GET /xingrg/kc/buy/buy_main.html HTTP/1.1" 200 12412
116.232.54.115 - - [11/Jun/2021:09:16:37 +0800] "GET /xingrg/css/new_ie.css HTTP/1.1" 404 1036
116.232.54.115 - - [11/Jun/2021:09:16:37 +0800] "GET /xingrg/javascript/ToolTips.js HTTP/1.1" 200 5615
116.232.54.115 - - [11/Jun/2021:09:16:37 +0800] "GET /xingrg/javascript/pic_change.js HTTP/1.1" 200 4739
116.232.54.115 - - [11/Jun/2021:09:16:37 +0800] "GET /xingrg/javascript/jquery_ui/jquery-ui.min.js HTTP/1.1" 200 186181
116.232.54.115 - - [11/Jun/2021:09:16:37 +0800] "GET /xingrg/images/blue/button/cgxqd.gif HTTP/1.1" 200 2619
116.232.54.115 - - [11/Jun/2021:09:16:37 +0800] "GET /xingrg/images/blue/button/cgydd.gif HTTP/1.1" 200 2712
116.232.54.115 - - [11/Jun/2021:09:16:37 +0800] "GET /xingrg/css/blue.css HTTP/1.1" 200 15949
116.232.54.115 - - [11/Jun/2021:09:16:37 +0800] "GET /xingrg/javascript/myfunction.js HTTP/1.1" 200 24559
116.232.54.115 - - [11/Jun/2021:09:16:37 +0800] "GET /xingrg/javascript/jquery_ui/themes/humanity/humanity.css HTTP/1.1" 200 27801
116.232.54.115 - - [11/Jun/2021:09:16:37 +0800] "GET /xingrg/images/blue/button/cgshd.gif HTTP/1.1" 200 2618
116.232.54.115 - - [11/Jun/2021:09:16:37 +0800] "GET /xingrg/images/blue/button/cgfkd.gif HTTP/1.1" 200 2075
116.232.54.115 - - [11/Jun/2021:09:16:37 +0800] "GET /xingrg/images/blue/button/kc.gif HTTP/1.1" 200 2160
116.232.54.115 - - [11/Jun/2021:09:16:37 +0800] "GET /xingrg/images/blue/button/ckthd.gif HTTP/1.1" 200 2045
116.232.54.115 - - [11/Jun/2021:09:16:37 +0800] "GET /xingrg/images/blue/pic_form2.gif HTTP/1.1" 200 1853
116.232.54.115 - - [11/Jun/2021:09:16:37 +0800] "GET /xingrg/images/blue/button/right_ah.jpg HTTP/1.1" 200 1744
116.232.54.115 - - [11/Jun/2021:09:16:37 +0800] "GET /xingrg/images/blue/bg_dotted.jpg HTTP/1.1" 200 319
116.232.54.115 - - [11/Jun/2021:09:16:37 +0800] "GET /xingrg/images/blue/button/down_ah.jpg HTTP/1.1" 200 1732
116.232.54.115 - - [11/Jun/2021:09:16:37 +0800] "GET /xingrg/javascript/jquery_ui/themes/humanity/images/ui-bg_inset-soft_100_f4f0ec_1x100.png HTTP/1.1" 200 141
116.232.54.115 - - [11/Jun/2021:09:16:37 +0800] "GET /xingrg/javascript/jquery_ui/themes/humanity/images/ui-icons_c47a23_256x240.png HTTP/1.1" 200 5355
116.230.117.165 - - [11/Jun/2021:09:16:38 +0800] "GET /xingrg/kc/buy/cgsh_order_operate.html?command=get_materiel&rest_code=00146&code=00101008558&supplier_code=00100005&order_time=2021-06-11 HTTP/1.1" 200 395
116.232.54.115 - - [11/Jun/2021:09:16:38 +0800] "GET /xingrg/css/base.css HTTP/1.1" 200 2811
116.232.54.115 - - [11/Jun/2021:09:16:38 +0800] "GET /xingrg/css/site.css HTTP/1.1" 200 7541
116.232.54.115 - - [11/Jun/2021:09:16:38 +0800] "GET /xingrg/javascript/jquery_tools/datebox.css HTTP/1.1" 200 2597
116.232.54.115 - - [11/Jun/2021:09:16:38 +0800] "GET /xingrg/javascript/easyui/themes/icon.css HTTP/1.1" 200 4483
116.232.54.115 - - [11/Jun/2021:09:16:38 +0800] "GET /xingrg/kc/buy/cgsh_order_list.html HTTP/1.1" 200 46716
116.232.54.115 - - [11/Jun/2021:09:16:38 +0800] "GET /xingrg/javascript/auto/jquery.autocomplete.css HTTP/1.1" 200 587
116.232.54.115 - - [11/Jun/2021:09:16:38 +0800] "GET /xingrg/javascript/jquery_tools/fix.css HTTP/1.1" 200 1702
116.232.54.115 - - [11/Jun/2021:09:16:38 +0800] "GET /xingrg/javascript/jquery_tools/table.css HTTP/1.1" 200 1032
116.232.54.115 - - [11/Jun/2021:09:16:38 +0800] "GET /xingrg/javascript/jquery_tools/jquery.tools.min.js HTTP/1.1" 200 138801
116.232.54.115 - - [11/Jun/2021:09:16:38 +0800] "GET /xingrg/javascript/easyui/themes/default/easyui.css HTTP/1.1" 200 30432
116.232.54.115 - - [11/Jun/2021:09:16:38 +0800] "GET /xingrg/javascript/jquery_tools/jquery.tools.hotkey.js HTTP/1.1" 200 3242
116.232.54.115 - - [11/Jun/2021:09:16:38 +0800] "GET /xingrg/javascript/jquery_tools/jquery.tools.table.js HTTP/1.1" 200 6994
116.232.54.115 - - [11/Jun/2021:09:16:38 +0800] "GET /xingrg/javascript/jquery_tools/list_manager.js HTTP/1.1" 200 3652
116.232.54.115 - - [11/Jun/2021:09:16:38 +0800] "GET /xingrg/javascript/jquery_tools/jquery.tools.extend.js HTTP/1.1" 200 15385
116.232.54.115 - - [11/Jun/2021:09:16:38 +0800] "GET /xingrg/javascript/easyui/easyloader.js HTTP/1.1" 200 5975
116.232.54.115 - - [11/Jun/2021:09:16:38 +0800] "GET /xingrg/javascript/jquery.cookie.js HTTP/1.1" 200 5513
116.232.54.115 - - [11/Jun/2021:09:16:38 +0800] "GET /xingrg/javascript/print/LodopFuncs.js HTTP/1.1" 200 5121
116.232.54.115 - - [11/Jun/2021:09:16:38 +0800] "GET /xingrg/javascript/auto/jquery.autocomplete.js HTTP/1.1" 200 21624
116.232.54.115 - - [11/Jun/2021:09:16:38 +0800] "GET /xingrg/javascript/easyui/themes/icons/edit_add_new.png HTTP/1.1" 200 2997
116.232.54.115 - - [11/Jun/2021:09:16:38 +0800] "GET /xingrg/javascript/easyui/themes/icons/check_new.png HTTP/1.1" 200 3224
116.232.54.115 - - [11/Jun/2021:09:16:38 +0800] "GET /xingrg/javascript/easyui/themes/icons/field_new.png HTTP/1.1" 200 1097
116.232.54.115 - - [11/Jun/2021:09:16:38 +0800] "GET /xingrg/javascript/easyui/themes/icons/import_new.png HTTP/1.1" 200 1247
116.232.54.115 - - [11/Jun/2021:09:16:38 +0800] "GET /xingrg/javascript/easyui/themes/icons/cance_new.png HTTP/1.1" 200 3986
116.232.54.115 - - [11/Jun/2021:09:16:38 +0800] "GET /xingrg/javascript/easyui/plugins/jquery.parser.js HTTP/1.1" 200 1142
116.232.54.115 - - [11/Jun/2021:09:16:38 +0800] "GET /xingrg/images/control/ajaxLoader.gif HTTP/1.1" 200 4659
116.232.54.115 - - [11/Jun/2021:09:16:40 +0800] "POST /xingrg/kc/buy/cgsh_list_operate.html HTTP/1.1" 200 876
180.169.147.146 - - [11/Jun/2021:09:16:40 +0800] "GET /xingrg/all/function/internal_message.html?_=1623374200776&CODE_STATE=getMsg HTTP/1.1" 200 27
116.230.117.165 - - [11/Jun/2021:09:16:41 +0800] "POST /xingrg/kc/buy/cgsh_order_operate.html HTTP/1.1" 200 2065
180.169.147.146 - - [11/Jun/2021:09:16:41 +0800] "GET /xingrg/all/function/internal_message.html?_=1623374202627&CODE_STATE=getMsg HTTP/1.1" 200 27
116.232.54.115 - - [11/Jun/2021:09:16:43 +0800] "GET /xingrg/javascript/easyui/themes/default/images/button_plain_hover.png HTTP/1.1" 200 144
117.131.5.26 - - [11/Jun/2021:09:16:43 +0800] "GET /xingrg/all/function/internal_message.html?_=1623374296428&CODE_STATE=getMsg HTTP/1.1" 200 27
116.235.222.38 - - [11/Jun/2021:09:16:43 +0800] "GET /xingrg/all/function/internal_message.html?_=1623374196520&CODE_STATE=getMsg HTTP/1.1" 200 27
116.232.54.115 - - [11/Jun/2021:09:16:45 +0800] "GET /xingrg/javascript/convert.js HTTP/1.1" 200 1239
116.232.54.115 - - [11/Jun/2021:09:16:45 +0800] "GET /xingrg/javascript/print/kc_print.js HTTP/1.1" 200 11415
116.232.54.115 - - [11/Jun/2021:09:16:45 +0800] "GET /xingrg/javascript/json2.js HTTP/1.1" 200 11259
116.232.54.115 - - [11/Jun/2021:09:16:45 +0800] "GET /xingrg/javascript/jquery_tools/order_manager.js HTTP/1.1" 200 11183
116.232.54.115 - - [11/Jun/2021:09:16:45 +0800] "GET /xingrg/kc/buy/cgsh_order_add.html HTTP/1.1" 200 62495
116.232.54.115 - - [11/Jun/2021:09:16:45 +0800] "GET /xingrg/words/20210608131730_words.js HTTP/1.1" 200 820610
116.232.54.115 - - [11/Jun/2021:09:16:45 +0800] "GET /xingrg/javascript/easyui/themes/icons/copy_new.png HTTP/1.1" 200 815
116.232.54.115 - - [11/Jun/2021:09:16:45 +0800] "GET /xingrg/javascript/easyui/themes/icons/template_new.png HTTP/1.1" 200 3956
116.232.54.115 - - [11/Jun/2021:09:16:45 +0800] "GET /xingrg/javascript/easyui/themes/icons/ok.png HTTP/1.1" 200 883
116.232.54.115 - - [11/Jun/2021:09:16:45 +0800] "GET /xingrg/javascript/easyui/themes/default/images/menu_downarrow.png HTTP/1.1" 200 173
116.232.54.115 - - [11/Jun/2021:09:16:45 +0800] "GET /xingrg/javascript/easyui/themes/icons/print.png HTTP/1.1" 200 1057
116.232.54.115 - - [11/Jun/2021:09:16:45 +0800] "GET /xingrg/javascript/easyui/themes/icons/cancel.png HTTP/1.1" 200 1133
116.232.54.115 - - [11/Jun/2021:09:16:45 +0800] "POST /xingrg/kc/buy/cgsh_order_operate.html HTTP/1.1" 200 8245
116.232.54.115 - - [11/Jun/2021:09:16:45 +0800] "GET /xingrg/javascript/easyui/themes/default/validatebox.css HTTP/1.1" 404 1104
116.232.54.115 - - [11/Jun/2021:09:16:45 +0800] "GET /xingrg/javascript/easyui/plugins/jquery.validatebox.js HTTP/1.1" 200 6103
116.232.54.115 - - [11/Jun/2021:09:16:45 +0800] "GET /xingrg/javascript/easyui/themes/icons/edit_remove.png HTTP/1.1" 200 625
116.232.54.115 - - [11/Jun/2021:09:16:45 +0800] "GET /xingrg/javascript/easyui/plugins/jquery.numberbox.js HTTP/1.1" 200 5213
116.232.54.115 - - [11/Jun/2021:09:16:45 +0800] "GET /xingrg/all/common/auto_word.html?type=employee&rest_code=00109 HTTP/1.1" 200 255
116.232.54.115 - - [11/Jun/2021:09:16:45 +0800] "GET /xingrg/all/common/auto_word.html?type=employee&rest_code=00109 HTTP/1.1" 200 255
180.169.147.146 - - [11/Jun/2021:09:16:47 +0800] "GET /xingrg/all/function/internal_message.html?_=1623374202239&CODE_STATE=getMsg HTTP/1.1" 200 27
116.232.54.115 - - [11/Jun/2021:09:16:49 +0800] "GET /xingrg/javascript/jquery_tools/images/prev.gif HTTP/1.1" 404 1086
116.232.54.115 - - [11/Jun/2021:09:16:49 +0800] "GET /xingrg/javascript/jquery_tools/images/next.gif HTTP/1.1" 404 1086
116.230.117.165 - - [11/Jun/2021:09:16:49 +0800] "POST /xingrg/kc/buy/cgsh_order_operate.html HTTP/1.1" 200 37
116.230.117.165 - - [11/Jun/2021:09:16:51 +0800] "POST /xingrg/kc/buy/cgsh_order_operate.html HTTP/1.1" 200 25128
116.224.253.72 - - [11/Jun/2021:09:16:51 +0800] "GET /xingrg/all/function/internal_message.html?_=1623374207373&CODE_STATE=getMsg HTTP/1.1" 200 27
180.169.147.146 - - [11/Jun/2021:09:16:53 +0800] "POST /xingrg/dwr/call/plaincall/AjaxReportQueryService.refreshCache.dwr HTTP/1.1" 200 78
180.169.147.146 - - [11/Jun/2021:09:16:54 +0800] "POST /xingrg/dwr/call/plaincall/AjaxReportQueryService.refreshCache.dwr HTTP/1.1" 200 78
117.185.32.26 - - [11/Jun/2021:09:16:56 +0800] "GET /xingrg/all/function/internal_message.html?_=1623374750614&CODE_STATE=getMsg HTTP/1.1" 200 27
180.169.147.146 - - [11/Jun/2021:09:16:57 +0800] "POST /xingrg/all/report/load_report_page.html HTTP/1.1" 200 137831
180.169.147.146 - - [11/Jun/2021:09:16:57 +0800] "POST /xingrg/all/report/load_report_page.html HTTP/1.1" 200 137894
180.169.147.146 - - [11/Jun/2021:09:16:57 +0800] "GET /xingrg/servlets/image?cache=0.9538436073445273&image=px HTTP/1.1" 200 807
180.169.147.146 - - [11/Jun/2021:09:16:57 +0800] "GET /xingrg/servlets/image?cache=0.11741734986157404&image=px HTTP/1.1" 200 807
180.169.147.146 - - [11/Jun/2021:09:16:58 +0800] "GET /xingrg/check_reg.html?_=1623374218743 HTTP/1.1" 200 22
116.230.117.165 - - [11/Jun/2021:09:16:59 +0800] "POST /xingrg/services/DataTransmitService HTTP/1.1" 200 524
116.230.117.165 - - [11/Jun/2021:09:17:00 +0800] "POST /xingrg/services/DataTransmitService HTTP/1.1" 200 2171
180.161.111.4 - - [11/Jun/2021:09:17:00 +0800] "GET /favicon.ico HTTP/1.1" 404 -
116.230.117.165 - - [11/Jun/2021:09:17:01 +0800] "POST /xingrg/services/DataTransmitService HTTP/1.1" 200 157003
180.169.147.146 - - [11/Jun/2021:09:17:01 +0800] "GET /xingrg/all/report/report_query.html?isQuery=1&fileName=kc/buy/wlcg_cate_hz.xml&queryString=(CONVERT(char(10)%252Ca.order_time%252C%2520120)%253E%253D'2021-05-21')%2520and%2520(CONVERT(char(10)%252Ca.order_time%252C%2520120)%253C%253D'2021-05-31')%2520and%2520(a.supplier_code%253D'00100404')&queryText=%25E3%2580%2590%25E9%2587%2587%25E8%25B4%25AD%25E6%2597%25A5%25E6%259C%259F%253A2021-05-21%2520%25E8%2587%25B3%25202021-05-31%25E3%2580%2591%2520%25E5%25B9%25B6%25E4%25B8%2594%2520%25E3%2580%2590%25E4%25BE%259B%25E5%25BA%2594%25E5%2595%2586%253D%25E4%25B8%258A%25E6%25B5%25B7%25E7%25AB%25AF%25E6%2587%25BF%25E8%25B4%25B8%25E6%2598%2593%25E6%259C%2589%25E9%2599%2590%25E5%2585%25AC%25E5%258F%25B8%25E3%2580%2591 HTTP/1.1" 200 54371
116.232.54.115 - - [11/Jun/2021:09:17:02 +0800] "GET /xingrg/kc/buy/cgsh_order_operate.html?command=get_materiel&rest_code=00109&code=00101008323&supplier_code=00100005&order_time=2021-06-11 HTTP/1.1" 200 408
180.169.147.146 - - [11/Jun/2021:09:17:02 +0800] "GET /xingrg/dwr/interface/AjaxReportQueryService.js HTTP/1.1" 200 13203
180.169.147.146 - - [11/Jun/2021:09:17:02 +0800] "GET /xingrg/dwr/engine.js HTTP/1.1" 200 43631
180.161.111.4 - - [11/Jun/2021:09:17:04 +0800] "GET /favicon.ico HTTP/1.1" 404 -
180.169.147.146 - - [11/Jun/2021:09:17:04 +0800] "POST /xingrg/all/report/load_report_page.html HTTP/1.1" 200 8714
180.169.147.146 - - [11/Jun/2021:09:17:04 +0800] "GET /xingrg/servlets/image?cache=0.7132642620548787&image=px HTTP/1.1" 200 807
180.161.111.4 - - [11/Jun/2021:09:17:05 +0800] "GET /favicon.ico HTTP/1.1" 404 -
180.169.147.146 - - [11/Jun/2021:09:17:06 +0800] "POST /xingrg/all/report/load_report_page.html HTTP/1.1" 200 13074
180.169.147.146 - - [11/Jun/2021:09:17:06 +0800] "GET /xingrg/servlets/image?cache=0.16149081907108764&image=px HTTP/1.1" 200 807
116.232.54.115 - - [11/Jun/2021:09:17:08 +0800] "GET /xingrg/kc/buy/cgsh_order_operate.html?command=get_materiel&rest_code=00109&code=00101008176&supplier_code=00100005&order_time=2021-06-11 HTTP/1.1" 200 413
180.169.147.146 - - [11/Jun/2021:09:17:12 +0800] "POST /xingrg/all/report/report_print.html HTTP/1.1" 302 -
180.169.147.146 - - [11/Jun/2021:09:17:12 +0800] "GET /xingrg/servlets/html?sysBaseUrl=http%3A%2F%2F180.169.147.146%3A18081%2Fxingrg%2F&costTime=890×tamp=1623374232553 HTTP/1.1" 200 14726
180.169.147.146 - - [11/Jun/2021:09:17:12 +0800] "GET /xingrg/servlets/image?image=px HTTP/1.1" 200 807
180.169.147.146 - - [11/Jun/2021:09:17:12 +0800] "GET /favicon.ico HTTP/1.1" 404 -
116.224.253.72 - - [11/Jun/2021:09:17:15 +0800] "GET /xingrg/all/function/internal_message.html?_=1623374234590&CODE_STATE=getMsg HTTP/1.1" 200 27
116.230.114.112 - - [11/Jun/2021:09:17:18 +0800] "GET /xingrg/all/function/internal_message.html?_=1623374253485&CODE_STATE=getMsg HTTP/1.1" 302 -
61.165.42.208 - - [11/Jun/2021:09:17:24 +0800] "GET /xingrg/all/function/internal_message.html?_=1623374245922&CODE_STATE=getMsg HTTP/1.1" 200 27
61.165.42.208 - - [11/Jun/2021:09:17:31 +0800] "GET /xingrg/kc/buy/cgsh_order_operate.html?command=get_materiel&rest_code=00105&code=00101009059&supplier_code=00100012&order_time=2021-06-11 HTTP/1.1" 200 409
116.232.54.115 - - [11/Jun/2021:09:17:35 +0800] "GET /xingrg/all/function/internal_message.html?_=1623374255712&CODE_STATE=getMsg HTTP/1.1" 200 27
180.169.147.146 - - [11/Jun/2021:09:17:40 +0800] "GET /xingrg/all/function/internal_message.html?_=1623374260759&CODE_STATE=getMsg HTTP/1.1" 200 27
180.169.147.146 - - [11/Jun/2021:09:17:41 +0800] "GET /xingrg/all/function/internal_message.html?_=1623374262632&CODE_STATE=getMsg HTTP/1.1" 200 27
116.235.222.38 - - [11/Jun/2021:09:17:43 +0800] "GET /xingrg/check_reg.html?_=1623374256284 HTTP/1.1" 200 22
117.131.5.26 - - [11/Jun/2021:09:17:43 +0800] "GET /xingrg/all/function/internal_message.html?_=1623374356427&CODE_STATE=getMsg HTTP/1.1" 200 27
116.235.222.38 - - [11/Jun/2021:09:17:43 +0800] "GET /xingrg/all/function/internal_message.html?_=1623374256506&CODE_STATE=getMsg HTTP/1.1" 200 27
116.230.117.165 - - [11/Jun/2021:09:17:44 +0800] "GET /xingrg/all/function/internal_message.html?_=1623374281711&CODE_STATE=getMsg HTTP/1.1" 200 27
180.169.147.146 - - [11/Jun/2021:09:17:47 +0800] "GET /xingrg/all/function/internal_message.html?_=1623374262237&CODE_STATE=getMsg HTTP/1.1" 200 27
116.224.253.72 - - [11/Jun/2021:09:17:51 +0800] "GET /xingrg/all/function/internal_message.html?_=1623374267393&CODE_STATE=getMsg HTTP/1.1" 200 27
61.165.42.208 - - [11/Jun/2021:09:17:53 +0800] "GET /xingrg/kc/buy/cgsh_order_operate.html?command=get_materiel&rest_code=00105&code=00101009007&supplier_code=00100024&order_time=2021-06-11 HTTP/1.1" 200 410
117.185.32.26 - - [11/Jun/2021:09:17:55 +0800] "GET /xingrg/check_reg.html?_=1623374810254 HTTP/1.1" 200 22
117.185.32.26 - - [11/Jun/2021:09:17:56 +0800] "GET /xingrg/all/function/internal_message.html?_=1623374810584&CODE_STATE=getMsg HTTP/1.1" 200 27
117.185.32.26 - - [11/Jun/2021:09:18:04 +0800] "GET /xingrg/kc/buy/cgsh_order_add.html HTTP/1.1" 200 62454
117.185.32.26 - - [11/Jun/2021:09:18:04 +0800] "POST /xingrg/kc/buy/cgsh_order_operate.html HTTP/1.1" 200 8245
117.185.32.26 - - [11/Jun/2021:09:18:04 +0800] "GET /xingrg/javascript/easyui/themes/default/validatebox.css HTTP/1.1" 404 1104
61.165.42.208 - - [11/Jun/2021:09:18:10 +0800] "GET /xingrg/kc/buy/cgsh_order_operate.html?command=get_materiel&rest_code=00105&code=00101009011&supplier_code=00100024&order_time=2021-06-11 HTTP/1.1" 200 416
117.185.32.26 - - [11/Jun/2021:09:18:10 +0800] "GET /xingrg/javascript/easyui/themes/default/tree.css HTTP/1.1" 404 1090
117.185.32.26 - - [11/Jun/2021:09:18:11 +0800] "POST /xingrg/all/common/load_tree.html?tree=supplier_tree_json&isDelete=1 HTTP/1.1" 200 56016
116.224.253.72 - - [11/Jun/2021:09:18:15 +0800] "GET /xingrg/check_reg.html?_=1623374294600 HTTP/1.1" 200 22
116.224.253.72 - - [11/Jun/2021:09:18:15 +0800] "GET /xingrg/all/function/internal_message.html?_=1623374294607&CODE_STATE=getMsg HTTP/1.1" 200 27
116.230.114.112 - - [11/Jun/2021:09:18:18 +0800] "GET /xingrg/all/function/internal_message.html?_=1623374313490&CODE_STATE=getMsg HTTP/1.1" 302 -
61.165.42.208 - - [11/Jun/2021:09:18:22 +0800] "GET /xingrg/kc/buy/cgsh_order_operate.html?command=get_materiel&rest_code=00105&code=00101009016&supplier_code=00100024&order_time=2021-06-11 HTTP/1.1" 200 412
61.165.42.208 - - [11/Jun/2021:09:18:24 +0800] "GET /xingrg/all/function/internal_message.html?_=1623374305961&CODE_STATE=getMsg HTTP/1.1" 200 27
116.235.222.38 - - [11/Jun/2021:09:18:27 +0800] "GET /xingrg/kc/base/base_main.html HTTP/1.1" 200 12142
116.235.222.38 - - [11/Jun/2021:09:18:30 +0800] "GET /xingrg/kc/base/yddb_order_list.html HTTP/1.1" 200 16673
61.165.42.208 - - [11/Jun/2021:09:18:31 +0800] "GET /xingrg/kc/buy/cgsh_order_operate.html?command=get_materiel&rest_code=00105&code=00101009013&supplier_code=00100024&order_time=2021-06-11 HTTP/1.1" 200 420
116.235.222.38 - - [11/Jun/2021:09:18:31 +0800] "POST /xingrg/kc/base/yddb_list_operate.html HTTP/1.1" 200 1330
116.235.222.38 - - [11/Jun/2021:09:18:33 +0800] "POST /xingrg/kc/base/yddb_list_operate.html HTTP/1.1" 200 -
116.235.222.38 - - [11/Jun/2021:09:18:34 +0800] "POST /xingrg/kc/base/yddb_list_operate.html HTTP/1.1" 200 -
116.232.54.115 - - [11/Jun/2021:09:18:35 +0800] "GET /xingrg/all/function/internal_message.html?_=1623374315711&CODE_STATE=getMsg HTTP/1.1" 200 27
116.235.222.38 - - [11/Jun/2021:09:18:35 +0800] "GET /xingrg/kc/base/yddb_order_info.html?code=482021061000094 HTTP/1.1" 200 30399
116.235.222.38 - - [11/Jun/2021:09:18:35 +0800] "GET /xingrg/dwr/interface/AjaxComOrderService.js HTTP/1.1" 200 18264
116.235.222.38 - - [11/Jun/2021:09:18:35 +0800] "GET /xingrg/dwr/interface/AjaxYddbService.js HTTP/1.1" 200 13201
116.235.222.38 - - [11/Jun/2021:09:18:35 +0800] "GET /xingrg/dwr/util.js HTTP/1.1" 304 -
116.235.222.38 - - [11/Jun/2021:09:18:35 +0800] "GET /xingrg/dwr/engine.js HTTP/1.1" 200 43631
116.235.222.38 - - [11/Jun/2021:09:18:37 +0800] "POST /xingrg/dwr/call/plaincall/AjaxYddbService.loadMaterielItems.dwr HTTP/1.1" 200 76
116.230.117.165 - - [11/Jun/2021:09:18:38 +0800] "GET /xingrg/check_reg.html?_=1623374335626 HTTP/1.1" 200 22
117.185.32.26 - - [11/Jun/2021:09:18:40 +0800] "GET /xingrg/kc/buy/cgsh_order_operate.html?command=get_materiel&rest_code=00106&code=00101006113&supplier_code=00100015&order_time=2021-06-11 HTTP/1.1" 200 413
180.169.147.146 - - [11/Jun/2021:09:18:40 +0800] "GET /xingrg/all/function/internal_message.html?_=1623374320757&CODE_STATE=getMsg HTTP/1.1" 200 27
116.235.222.38 - - [11/Jun/2021:09:18:41 +0800] "GET /xingrg/kc/base/yddb_order_list.html?isBack=1 HTTP/1.1" 200 16673
180.169.147.146 - - [11/Jun/2021:09:18:41 +0800] "GET /xingrg/all/function/internal_message.html?_=1623374322636&CODE_STATE=getMsg HTTP/1.1" 200 27
116.235.222.38 - - [11/Jun/2021:09:18:42 +0800] "POST /xingrg/kc/base/yddb_list_operate.html HTTP/1.1" 200 1330
117.131.5.26 - - [11/Jun/2021:09:18:43 +0800] "GET /xingrg/all/function/internal_message.html?_=1623374416426&CODE_STATE=getMsg HTTP/1.1" 200 27
116.235.222.38 - - [11/Jun/2021:09:18:43 +0800] "GET /xingrg/all/function/internal_message.html?_=1623374316500&CODE_STATE=getMsg HTTP/1.1" 200 27
116.230.117.165 - - [11/Jun/2021:09:18:44 +0800] "GET /xingrg/all/function/internal_message.html?_=1623374341726&CODE_STATE=getMsg HTTP/1.1" 200 27
116.235.222.38 - - [11/Jun/2021:09:18:46 +0800] "POST /xingrg/kc/base/yddb_list_operate.html HTTP/1.1" 200 -
180.169.147.146 - - [11/Jun/2021:09:18:47 +0800] "GET /xingrg/all/function/internal_message.html?_=1623374322251&CODE_STATE=getMsg HTTP/1.1" 200 27
180.169.147.146 - - [11/Jun/2021:09:18:47 +0800] "GET /xingrg/check_reg.html?_=1623374322252 HTTP/1.1" 200 22
61.165.42.208 - - [11/Jun/2021:09:18:48 +0800] "GET /xingrg/kc/buy/cgsh_order_operate.html?command=get_materiel&rest_code=00105&code=00101009124&supplier_code=00100024&order_time=2021-06-11 HTTP/1.1" 200 402
116.235.222.38 - - [11/Jun/2021:09:18:48 +0800] "POST /xingrg/kc/base/yddb_list_operate.html HTTP/1.1" 200 -
116.235.222.38 - - [11/Jun/2021:09:18:49 +0800] "GET /xingrg/kc/base/yddb_order_info.html?code=482021061000094 HTTP/1.1" 200 30399
116.235.222.38 - - [11/Jun/2021:09:18:49 +0800] "GET /xingrg/dwr/interface/AjaxComOrderService.js HTTP/1.1" 200 18264
116.235.222.38 - - [11/Jun/2021:09:18:49 +0800] "GET /xingrg/dwr/interface/AjaxYddbService.js HTTP/1.1" 200 13201
116.235.222.38 - - [11/Jun/2021:09:18:49 +0800] "GET /xingrg/dwr/engine.js HTTP/1.1" 200 43631
116.235.222.38 - - [11/Jun/2021:09:18:50 +0800] "POST /xingrg/dwr/call/plaincall/AjaxYddbService.loadMaterielItems.dwr HTTP/1.1" 200 76
116.224.253.72 - - [11/Jun/2021:09:18:51 +0800] "GET /xingrg/all/function/internal_message.html?_=1623374327399&CODE_STATE=getMsg HTTP/1.1" 200 27
117.185.32.26 - - [11/Jun/2021:09:18:55 +0800] "GET /xingrg/all/function/internal_message.html?_=1623374870561&CODE_STATE=getMsg HTTP/1.1" 200 27
117.185.32.26 - - [11/Jun/2021:09:19:00 +0800] "GET /xingrg/kc/buy/cgsh_order_operate.html?command=get_materiel&rest_code=00106&code=00101006144&supplier_code=00100015&order_time=2021-06-11 HTTP/1.1" 200 409
116.230.114.112 - - [11/Jun/2021:09:19:06 +0800] "GET /xingrg/check_reg.html?_=1623374361750 HTTP/1.1" 302 -
117.185.32.26 - - [11/Jun/2021:09:19:10 +0800] "GET /xingrg/kc/buy/cgsh_order_operate.html?command=get_materiel&rest_code=00106&code=00101006065&supplier_code=00100015&order_time=2021-06-11 HTTP/1.1" 200 409
116.235.222.38 - - [11/Jun/2021:09:19:11 +0800] "GET /xingrg/kc/base/yddb_order_list.html?isBack=1 HTTP/1.1" 200 16673
116.235.222.38 - - [11/Jun/2021:09:19:12 +0800] "POST /xingrg/kc/base/yddb_list_operate.html HTTP/1.1" 200 1330
116.224.253.72 - - [11/Jun/2021:09:19:15 +0800] "GET /xingrg/all/function/internal_message.html?_=1623374354604&CODE_STATE=getMsg HTTP/1.1" 200 27
116.235.222.38 - - [11/Jun/2021:09:19:15 +0800] "POST /xingrg/kc/base/yddb_list_operate.html HTTP/1.1" 200 4365
116.230.114.112 - - [11/Jun/2021:09:19:18 +0800] "GET /xingrg/all/function/internal_message.html?_=1623374373511&CODE_STATE=getMsg HTTP/1.1" 302 -
61.165.42.208 - - [11/Jun/2021:09:19:24 +0800] "GET /xingrg/all/function/internal_message.html?_=1623374365941&CODE_STATE=getMsg HTTP/1.1" 200 27
61.165.42.208 - - [11/Jun/2021:09:19:24 +0800] "GET /xingrg/check_reg.html?_=1623374365990 HTTP/1.1" 200 22
117.185.32.26 - - [11/Jun/2021:09:19:30 +0800] "GET /xingrg/kc/buy/cgsh_order_operate.html?command=get_materiel&rest_code=00106&code=00101016104&supplier_code=00100015&order_time=2021-06-11 HTTP/1.1" 200 408
116.232.54.115 - - [11/Jun/2021:09:19:35 +0800] "GET /xingrg/all/function/internal_message.html?_=1623374375713&CODE_STATE=getMsg HTTP/1.1" 200 27
180.169.147.146 - - [11/Jun/2021:09:19:40 +0800] "GET /xingrg/all/function/internal_message.html?_=1623374380747&CODE_STATE=getMsg HTTP/1.1" 200 27
180.169.147.146 - - [11/Jun/2021:09:19:40 +0800] "GET /xingrg/check_reg.html?_=1623374380763 HTTP/1.1" 200 22
180.169.147.146 - - [11/Jun/2021:09:19:41 +0800] "GET /xingrg/check_reg.html?_=1623374382641 HTTP/1.1" 200 22
180.169.147.146 - - [11/Jun/2021:09:19:41 +0800] "GET /xingrg/all/function/internal_message.html?_=1623374382644&CODE_STATE=getMsg HTTP/1.1" 200 27
117.131.5.26 - - [11/Jun/2021:09:19:43 +0800] "GET /xingrg/all/function/internal_message.html?_=1623374476423&CODE_STATE=getMsg HTTP/1.1" 200 27
116.235.222.38 - - [11/Jun/2021:09:19:43 +0800] "GET /xingrg/all/function/internal_message.html?_=1623374376489&CODE_STATE=getMsg HTTP/1.1" 200 27
116.230.117.165 - - [11/Jun/2021:09:19:44 +0800] "GET /xingrg/all/function/internal_message.html?_=1623374401739&CODE_STATE=getMsg HTTP/1.1" 200 27
180.169.147.146 - - [11/Jun/2021:09:19:47 +0800] "GET /xingrg/all/function/internal_message.html?_=1623374382279&CODE_STATE=getMsg HTTP/1.1" 200 27
117.185.32.26 - - [11/Jun/2021:09:19:48 +0800] "GET /xingrg/kc/buy/cgsh_order_operate.html?command=get_materiel&rest_code=00106&code=00101006006&supplier_code=00100015&order_time=2021-06-11 HTTP/1.1" 200 411
116.224.253.72 - - [11/Jun/2021:09:19:52 +0800] "GET /xingrg/all/function/internal_message.html?_=1623374387420&CODE_STATE=getMsg HTTP/1.1" 200 27
117.185.32.26 - - [11/Jun/2021:09:19:55 +0800] "GET /xingrg/all/function/internal_message.html?_=1623374930540&CODE_STATE=getMsg HTTP/1.1" 200 27
116.224.253.72 - - [11/Jun/2021:09:20:15 +0800] "GET /xingrg/all/function/internal_message.html?_=1623374414599&CODE_STATE=getMsg HTTP/1.1" 200 27
116.230.114.112 - - [11/Jun/2021:09:20:18 +0800] "GET /xingrg/all/function/internal_message.html?_=1623374433517&CODE_STATE=getMsg HTTP/1.1" 302 -
116.230.117.165 - - [11/Jun/2021:09:20:20 +0800] "GET /xingrg/kc/buy/cgsh_order_operate.html?command=get_materiel&rest_code=00146&code=00101008313&supplier_code=00100005&order_time=2021-06-11 HTTP/1.1" 200 412
61.165.42.208 - - [11/Jun/2021:09:20:24 +0800] "GET /xingrg/all/function/internal_message.html?_=1623374425916&CODE_STATE=getMsg HTTP/1.1" 200 27
117.185.32.26 - - [11/Jun/2021:09:20:27 +0800] "GET /xingrg/kc/buy/cgsh_order_operate.html?command=get_materiel&rest_code=00106&code=00101006130&supplier_code=00100015&order_time=2021-06-11 HTTP/1.1" 200 429
116.232.54.115 - - [11/Jun/2021:09:20:35 +0800] "GET /xingrg/all/function/internal_message.html?_=1623374435717&CODE_STATE=getMsg HTTP/1.1" 200 27
180.169.147.146 - - [11/Jun/2021:09:20:40 +0800] "GET /xingrg/all/function/internal_message.html?_=1623374440739&CODE_STATE=getMsg HTTP/1.1" 200 27
116.224.253.72 - - [11/Jun/2021:09:20:41 +0800] "GET /xingrg/check_reg.html?_=1623374437261 HTTP/1.1" 200 22
180.169.147.146 - - [11/Jun/2021:09:20:41 +0800] "GET /xingrg/all/function/internal_message.html?_=1623374442632&CODE_STATE=getMsg HTTP/1.1" 200 27
180.161.111.4 - - [11/Jun/2021:09:20:42 +0800] "POST /xingrg/services/DataTransmitService HTTP/1.1" 200 524
117.131.5.26 - - [11/Jun/2021:09:20:43 +0800] "GET /xingrg/all/function/internal_message.html?_=1623374536422&CODE_STATE=getMsg HTTP/1.1" 200 27
117.131.5.26 - - [11/Jun/2021:09:20:43 +0800] "GET /xingrg/check_reg.html?_=1623374536423 HTTP/1.1" 200 22
116.235.222.38 - - [11/Jun/2021:09:20:43 +0800] "GET /xingrg/all/function/internal_message.html?_=1623374436475&CODE_STATE=getMsg HTTP/1.1" 200 27
116.230.117.165 - - [11/Jun/2021:09:20:44 +0800] "GET /xingrg/all/function/internal_message.html?_=1623374461752&CODE_STATE=getMsg HTTP/1.1" 200 27
180.161.111.4 - - [11/Jun/2021:09:20:47 +0800] "POST /xingrg/services/DataTransmitService HTTP/1.1" 200 501
180.169.147.146 - - [11/Jun/2021:09:20:47 +0800] "GET /xingrg/all/function/internal_message.html?_=1623374442276&CODE_STATE=getMsg HTTP/1.1" 200 27
180.161.111.4 - - [11/Jun/2021:09:20:47 +0800] "POST /xingrg/services/DataTransmitService HTTP/1.1" 200 501
116.232.54.115 - - [11/Jun/2021:09:20:50 +0800] "GET /xingrg/kc/buy/cgsh_order_operate.html?command=get_materiel&rest_code=00109&code=00101008210&supplier_code=00100005&order_time=2021-06-11 HTTP/1.1" 200 408
116.224.253.72 - - [11/Jun/2021:09:20:52 +0800] "GET /xingrg/all/function/internal_message.html?_=1623374447428&CODE_STATE=getMsg HTTP/1.1" 200 27
117.185.32.26 - - [11/Jun/2021:09:20:55 +0800] "GET /xingrg/all/function/internal_message.html?_=1623374990519&CODE_STATE=getMsg HTTP/1.1" 200 27
180.161.111.4 - - [11/Jun/2021:09:20:56 +0800] "POST /xingrg/services/DataTransmitService HTTP/1.1" 200 501
116.232.54.115 - - [11/Jun/2021:09:20:56 +0800] "GET /xingrg/kc/buy/cgsh_order_operate.html?command=get_materiel&rest_code=00109&code=00101008199&supplier_code=00100005&order_time=2021-06-11 HTTP/1.1" 200 408
117.185.32.26 - - [11/Jun/2021:09:20:57 +0800] "GET /xingrg/kc/buy/cgsh_order_operate.html?command=get_materiel&rest_code=00106&code=00101006111&supplier_code=00100015&order_time=2021-06-11 HTTP/1.1" 200 409
180.161.111.4 - - [11/Jun/2021:09:21:04 +0800] "POST /xingrg/services/DataTransmitService HTTP/1.1" 200 501
180.161.111.4 - - [11/Jun/2021:09:21:05 +0800] "POST /xingrg/services/DataTransmitService HTTP/1.1" 200 501
180.161.111.4 - - [11/Jun/2021:09:21:05 +0800] "POST /xingrg/services/DataTransmitService HTTP/1.1" 200 501
116.230.117.165 - - [11/Jun/2021:09:21:06 +0800] "GET /xingrg/kc/buy/cgsh_order_operate.html?command=get_materiel&rest_code=00146&code=00101008096&supplier_code=00100005&order_time=2021-06-11 HTTP/1.1" 200 412
180.161.111.4 - - [11/Jun/2021:09:21:08 +0800] "POST /xingrg/services/DataTransmitService HTTP/1.1" 200 501
180.161.111.4 - - [11/Jun/2021:09:21:09 +0800] "POST /xingrg/services/DataTransmitService HTTP/1.1" 200 501
180.161.111.4 - - [11/Jun/2021:09:21:10 +0800] "POST /xingrg/services/DataTransmitService HTTP/1.1" 200 501
180.161.111.4 - - [11/Jun/2021:09:21:11 +0800] "POST /xingrg/services/DataTransmitService HTTP/1.1" 200 412
116.230.117.165 - - [11/Jun/2021:09:21:14 +0800] "GET /xingrg/kc/buy/cgsh_order_operate.html?command=get_materiel&rest_code=00146&code=00101008038&supplier_code=00100005&order_time=2021-06-11 HTTP/1.1" 200 412
116.224.253.72 - - [11/Jun/2021:09:21:15 +0800] "GET /xingrg/all/function/internal_message.html?_=1623374474619&CODE_STATE=getMsg HTTP/1.1" 200 27
116.230.117.165 - - [11/Jun/2021:09:21:17 +0800] "POST /xingrg/kc/buy/cgsh_order_operate.html HTTP/1.1" 200 2065
116.230.114.112 - - [11/Jun/2021:09:21:18 +0800] "GET /xingrg/all/function/internal_message.html?_=1623374493541&CODE_STATE=getMsg HTTP/1.1" 302 -
61.165.42.208 - - [11/Jun/2021:09:21:24 +0800] "GET /xingrg/all/function/internal_message.html?_=1623374485893&CODE_STATE=getMsg HTTP/1.1" 200 27
116.232.54.115 - - [11/Jun/2021:09:21:35 +0800] "GET /xingrg/all/function/internal_message.html?_=1623374495717&CODE_STATE=getMsg HTTP/1.1" 200 27
116.232.54.115 - - [11/Jun/2021:09:21:35 +0800] "GET /xingrg/check_reg.html?_=1623374495721 HTTP/1.1" 200 22
180.169.147.146 - - [11/Jun/2021:09:21:41 +0800] "GET /xingrg/all/function/internal_message.html?_=1623374502635&CODE_STATE=getMsg HTTP/1.1" 200 27
117.131.5.26 - - [11/Jun/2021:09:21:43 +0800] "GET /xingrg/all/function/internal_message.html?_=1623374596420&CODE_STATE=getMsg HTTP/1.1" 200 27
116.235.222.38 - - [11/Jun/2021:09:21:43 +0800] "GET /xingrg/all/function/internal_message.html?_=1623374496467&CODE_STATE=getMsg HTTP/1.1" 200 27
116.230.117.165 - - [11/Jun/2021:09:21:44 +0800] "GET /xingrg/all/function/internal_message.html?_=1623374522031&CODE_STATE=getMsg HTTP/1.1" 200 27
117.185.32.26 - - [11/Jun/2021:09:21:45 +0800] "GET /xingrg/kc/buy/cgsh_order_operate.html?command=get_materiel&rest_code=00106&code=00101006174&supplier_code=00100015&order_time=2021-06-11 HTTP/1.1" 200 414
180.169.147.146 - - [11/Jun/2021:09:21:47 +0800] "GET /xingrg/all/function/internal_message.html?_=1623374502274&CODE_STATE=getMsg HTTP/1.1" 200 27
116.224.253.72 - - [11/Jun/2021:09:21:52 +0800] "GET /xingrg/all/function/internal_message.html?_=1623374507440&CODE_STATE=getMsg HTTP/1.1" 200 27
117.185.32.26 - - [11/Jun/2021:09:21:55 +0800] "GET /xingrg/all/function/internal_message.html?_=1623375050516&CODE_STATE=getMsg HTTP/1.1" 200 27
117.185.32.26 - - [11/Jun/2021:09:22:09 +0800] "GET /xingrg/kc/buy/cgsh_order_operate.html?command=get_materiel&rest_code=00106&code=00101006062&supplier_code=00100015&order_time=2021-06-11 HTTP/1.1" 200 409
116.224.253.72 - - [11/Jun/2021:09:22:15 +0800] "GET /xingrg/all/function/internal_message.html?_=1623374534622&CODE_STATE=getMsg HTTP/1.1" 200 27
116.230.114.112 - - [11/Jun/2021:09:22:18 +0800] "GET /xingrg/all/function/internal_message.html?_=1623374553544&CODE_STATE=getMsg HTTP/1.1" 302 -
61.165.42.208 - - [11/Jun/2021:09:22:24 +0800] "GET /xingrg/all/function/internal_message.html?_=1623374545864&CODE_STATE=getMsg HTTP/1.1" 200 27
58.40.7.146 - - [11/Jun/2021:09:22:30 +0800] "GET /xingrg/login.html HTTP/1.1" 200 7641
58.40.7.146 - - [11/Jun/2021:09:22:30 +0800] "GET /xingrg/images/blue/jxLogo.png HTTP/1.1" 200 6156
58.40.7.146 - - [11/Jun/2021:09:22:30 +0800] "GET /xingrg/images/blue/hj.png HTTP/1.1" 200 1014
58.40.7.146 - - [11/Jun/2021:09:22:30 +0800] "GET /xingrg/images/blue/login_bg.png HTTP/1.1" 200 22101
58.40.7.146 - - [11/Jun/2021:09:22:30 +0800] "GET /xingrg/images/blue/srbg.png HTTP/1.1" 200 138
58.40.7.146 - - [11/Jun/2021:09:22:35 +0800] "POST /xingrg/login.do HTTP/1.1" 302 -
58.40.7.146 - - [11/Jun/2021:09:22:35 +0800] "GET /xingrg/index.html?sysBaseUrl=http%3A%2F%2F180.169.147.146%3A18081%2Fxingrg%2F&costTime=1106×tamp=1623374555397 HTTP/1.1" 200 17507
58.40.7.146 - - [11/Jun/2021:09:22:35 +0800] "GET /xingrg/javascript/jquery_easy_ui/themes/icon.css HTTP/1.1" 200 3949
58.40.7.146 - - [11/Jun/2021:09:22:35 +0800] "GET /xingrg/css/form.css HTTP/1.1" 200 893
58.40.7.146 - - [11/Jun/2021:09:22:35 +0800] "GET /xingrg/javascript/jquery-1.4.2.min.js HTTP/1.1" 200 72205
58.40.7.146 - - [11/Jun/2021:09:22:35 +0800] "GET /xingrg/javascript/jquery_easy_ui/jquery.easyui.min.js HTTP/1.1" 200 213662
58.40.7.146 - - [11/Jun/2021:09:22:35 +0800] "GET /xingrg/javascript/jquery_easy_ui/easyui-lang-zh_CN.js HTTP/1.1" 200 1900
58.40.7.146 - - [11/Jun/2021:09:22:35 +0800] "GET /xingrg/javascript/jquery.form.js HTTP/1.1" 200 23110
58.40.7.146 - - [11/Jun/2021:09:22:35 +0800] "GET /xingrg/javascript/jquery.timers.js HTTP/1.1" 200 3532
58.40.7.146 - - [11/Jun/2021:09:22:35 +0800] "GET /xingrg/javascript/jquery_easy_ui/themes/default/easyui.css HTTP/1.1" 200 26500
58.40.7.146 - - [11/Jun/2021:09:22:35 +0800] "GET /xingrg/javascript/jquery.utils.js HTTP/1.1" 200 11805
116.232.54.115 - - [11/Jun/2021:09:22:35 +0800] "GET /xingrg/all/function/internal_message.html?_=1623374555719&CODE_STATE=getMsg HTTP/1.1" 200 27
58.40.7.146 - - [11/Jun/2021:09:22:35 +0800] "GET /xingrg/javascript/jquery_easy_ui/themes/icons/settle_new.png HTTP/1.1" 200 826
58.40.7.146 - - [11/Jun/2021:09:22:35 +0800] "GET /xingrg/images/blue/navBackgound.jpg HTTP/1.1" 200 12378
58.40.7.146 - - [11/Jun/2021:09:22:35 +0800] "POST /xingrg/all/common/load_tree.html?tree=area_rest_tree_json&manage=1 HTTP/1.1" 200 348
58.40.7.146 - - [11/Jun/2021:09:22:35 +0800] "GET /xingrg/check_reg.html?_=1623374555903 HTTP/1.1" 200 22
58.40.7.146 - - [11/Jun/2021:09:22:35 +0800] "GET /xingrg/javascript/jquery_easy_ui/themes/default/images/tabs_leftarrow.png HTTP/1.1" 200 389
58.40.7.146 - - [11/Jun/2021:09:22:35 +0800] "GET /xingrg/images/blue/pingpu.png HTTP/1.1" 200 231
58.40.7.146 - - [11/Jun/2021:09:22:35 +0800] "GET /xingrg/javascript/jquery_easy_ui/themes/default/images/tabs_rightarrow.png HTTP/1.1" 200 395
58.40.7.146 - - [11/Jun/2021:09:22:35 +0800] "GET /xingrg/javascript/jquery_easy_ui/themes/default/images/panel_tool_expand.gif HTTP/1.1" 200 247
58.40.7.146 - - [11/Jun/2021:09:22:35 +0800] "GET /xingrg/javascript/jquery_easy_ui/themes/default/images/panel_tool_collapse.gif HTTP/1.1" 200 246
58.40.7.146 - - [11/Jun/2021:09:22:35 +0800] "GET /xingrg/all/function/internal_message.html?_=1623374555901&CODE_STATE=count HTTP/1.1" 200 11
58.40.7.146 - - [11/Jun/2021:09:22:37 +0800] "POST /xingrg/load_menu.html HTTP/1.1" 200 9959
58.40.7.146 - - [11/Jun/2021:09:22:37 +0800] "GET /xingrg/javascript/jquery_easy_ui/themes/default/images/tree_arrows.gif HTTP/1.1" 200 1043
58.40.7.146 - - [11/Jun/2021:09:22:37 +0800] "GET /xingrg/javascript/jquery_easy_ui/themes/default/images/tree_folder_open.gif HTTP/1.1" 200 956
58.40.7.146 - - [11/Jun/2021:09:22:37 +0800] "GET /xingrg/javascript/jquery_easy_ui/themes/icons/search_new.png HTTP/1.1" 200 586
58.40.7.146 - - [11/Jun/2021:09:22:37 +0800] "GET /xingrg/javascript/jquery_easy_ui/themes/default/images/tree_folder.gif HTTP/1.1" 200 952
58.40.7.146 - - [11/Jun/2021:09:22:37 +0800] "GET /xingrg/javascript/jquery_easy_ui/themes/icons/storage_new.png HTTP/1.1" 200 853
58.40.7.146 - - [11/Jun/2021:09:22:37 +0800] "GET /xingrg/javascript/jquery_easy_ui/themes/icons/checkout_new.png HTTP/1.1" 200 744
58.40.7.146 - - [11/Jun/2021:09:22:37 +0800] "GET /xingrg/javascript/jquery_easy_ui/themes/icons/forms_new.png HTTP/1.1" 200 350
58.40.7.146 - - [11/Jun/2021:09:22:37 +0800] "GET /xingrg/javascript/jquery_easy_ui/themes/icons/setting_new.png HTTP/1.1" 200 450
58.40.7.146 - - [11/Jun/2021:09:22:37 +0800] "GET /xingrg/javascript/jquery_easy_ui/themes/icons/systemset_new.png HTTP/1.1" 200 606
58.40.7.146 - - [11/Jun/2021:09:22:37 +0800] "GET /xingrg/javascript/jquery_easy_ui/themes/default/images/tree_file.gif HTTP/1.1" 200 118
116.230.117.165 - - [11/Jun/2021:09:22:39 +0800] "POST /xingrg/kc/buy/cgsh_order_operate.html HTTP/1.1" 200 37
58.40.7.146 - - [11/Jun/2021:09:22:41 +0800] "GET /xingrg/javascript/jquery_easy_ui/themes/default/images/tabs_close.gif HTTP/1.1" 200 829
117.185.32.26 - - [11/Jun/2021:09:22:41 +0800] "POST /xingrg/kc/buy/cgsh_order_operate.html HTTP/1.1" 200 64
58.40.7.146 - - [11/Jun/2021:09:22:41 +0800] "GET /xingrg/kc/report/report_main.html HTTP/1.1" 200 7345
58.40.7.146 - - [11/Jun/2021:09:22:41 +0800] "GET /xingrg/javascript/pic_change.js HTTP/1.1" 200 4739
58.40.7.146 - - [11/Jun/2021:09:22:41 +0800] "GET /xingrg/css/blue.css HTTP/1.1" 200 15949
58.40.7.146 - - [11/Jun/2021:09:22:41 +0800] "GET /xingrg/javascript/json2.js HTTP/1.1" 200 11259
58.40.7.146 - - [11/Jun/2021:09:22:41 +0800] "GET /xingrg/javascript/jquery_ui/themes/humanity/humanity.css HTTP/1.1" 200 27801
58.40.7.146 - - [11/Jun/2021:09:22:41 +0800] "GET /xingrg/javascript/myfunction.js HTTP/1.1" 200 24559
58.40.7.146 - - [11/Jun/2021:09:22:41 +0800] "GET /xingrg/javascript/jquery_easy_ui/themes/icons/back_new.png HTTP/1.1" 200 3414
180.169.147.146 - - [11/Jun/2021:09:22:41 +0800] "GET /xingrg/all/function/internal_message.html?_=1623374562641&CODE_STATE=getMsg HTTP/1.1" 200 27
116.230.117.165 - - [11/Jun/2021:09:22:43 +0800] "POST /xingrg/kc/buy/cgsh_order_operate.html HTTP/1.1" 200 27487
58.40.7.146 - - [11/Jun/2021:09:22:43 +0800] "GET /xingrg/all/report/report_query.html?fileName=kc/buy/gys_amount.xml&rh=99999 HTTP/1.1" 200 52006
58.40.7.146 - - [11/Jun/2021:09:22:43 +0800] "GET /xingrg/javascript/multi_select/jqueryMultiSelect.css HTTP/1.1" 200 951
58.40.7.146 - - [11/Jun/2021:09:22:43 +0800] "GET /xingrg/javascript/calendar/timePicker.css HTTP/1.1" 200 523
58.40.7.146 - - [11/Jun/2021:09:22:43 +0800] "GET /xingrg/javascript/bigrid/fix.css HTTP/1.1" 200 1702
58.40.7.146 - - [11/Jun/2021:09:22:43 +0800] "GET /xingrg/dwr/interface/AjaxReportQueryService.js HTTP/1.1" 200 13203
58.40.7.146 - - [11/Jun/2021:09:22:43 +0800] "GET /xingrg/dwr/util.js HTTP/1.1" 200 35990
58.40.7.146 - - [11/Jun/2021:09:22:43 +0800] "GET /xingrg/javascript/calendar/jquery.timePicker.min.js HTTP/1.1" 200 2997
58.40.7.146 - - [11/Jun/2021:09:22:43 +0800] "GET /xingrg/javascript/bigrid/fix.js HTTP/1.1" 200 6439
58.40.7.146 - - [11/Jun/2021:09:22:43 +0800] "GET /xingrg/dwr/engine.js HTTP/1.1" 200 43631
58.40.7.146 - - [11/Jun/2021:09:22:43 +0800] "GET /xingrg/javascript/jqueryMultiSelect.js HTTP/1.1" 200 11866
58.40.7.146 - - [11/Jun/2021:09:22:43 +0800] "GET /xingrg/javascript/Calendar.js HTTP/1.1" 200 31561
58.40.7.146 - - [11/Jun/2021:09:22:43 +0800] "GET /xingrg/images/blue/button/advanceover.gif HTTP/1.1" 200 1347
58.40.7.146 - - [11/Jun/2021:09:22:43 +0800] "GET /xingrg/images/blue/button/advance2over.gif HTTP/1.1" 200 1336
58.40.7.146 - - [11/Jun/2021:09:22:43 +0800] "GET /xingrg/images/blue/button/back2over.gif HTTP/1.1" 200 1335
58.40.7.146 - - [11/Jun/2021:09:22:43 +0800] "GET /xingrg/images/blue/button/backover.gif HTTP/1.1" 200 1348
58.40.7.146 - - [11/Jun/2021:09:22:43 +0800] "GET /xingrg/images/control/loading.gif HTTP/1.1" 200 13463
116.235.222.38 - - [11/Jun/2021:09:22:43 +0800] "GET /xingrg/check_reg.html?_=1623374556301 HTTP/1.1" 200 22
58.40.7.146 - - [11/Jun/2021:09:22:43 +0800] "GET /xingrg/javascript/jquery_easy_ui/themes/icons/help.png HTTP/1.1" 200 1187
117.131.5.26 - - [11/Jun/2021:09:22:43 +0800] "GET /xingrg/all/function/internal_message.html?_=1623374656435&CODE_STATE=getMsg HTTP/1.1" 200 27
58.40.7.146 - - [11/Jun/2021:09:22:43 +0800] "GET /xingrg/javascript/jquery_easy_ui/themes/default/images/menu_downarrow.png HTTP/1.1" 200 173
58.40.7.146 - - [11/Jun/2021:09:22:43 +0800] "GET /xingrg/javascript/jquery_easy_ui/themes/default/images/button_a_bg.gif HTTP/1.1" 200 1194
58.40.7.146 - - [11/Jun/2021:09:22:43 +0800] "GET /xingrg/javascript/jquery_easy_ui/themes/default/images/menu.gif HTTP/1.1" 200 834
58.40.7.146 - - [11/Jun/2021:09:22:43 +0800] "GET /xingrg/javascript/jquery_easy_ui/themes/icons/print.png HTTP/1.1" 200 1057
58.40.7.146 - - [11/Jun/2021:09:22:43 +0800] "GET /xingrg/javascript/jquery_easy_ui/themes/icons/pencil.png HTTP/1.1" 200 713
58.40.7.146 - - [11/Jun/2021:09:22:43 +0800] "GET /xingrg/javascript/jquery_easy_ui/themes/default/images/menu_rightarrow.png HTTP/1.1" 200 3617
58.40.7.146 - - [11/Jun/2021:09:22:43 +0800] "POST /xingrg/dwr/call/plaincall/AjaxReportQueryService.getFixDate.dwr HTTP/1.1" 200 111
116.235.222.38 - - [11/Jun/2021:09:22:43 +0800] "GET /xingrg/all/function/internal_message.html?_=1623374556443&CODE_STATE=getMsg HTTP/1.1" 200 27
58.40.7.146 - - [11/Jun/2021:09:22:43 +0800] "GET /xingrg/javascript/jquery_easy_ui/themes/default/images/combo_arrow_dot.gif HTTP/1.1" 200 79
58.40.7.146 - - [11/Jun/2021:09:22:44 +0800] "POST /xingrg/dwr/call/plaincall/AjaxReportQueryService.getInitString.dwr HTTP/1.1" 200 792
58.40.7.146 - - [11/Jun/2021:09:22:44 +0800] "POST /xingrg/all/common/load_tree.html?tree=materiel_sort_tree_json HTTP/1.1" 200 8666
58.40.7.146 - - [11/Jun/2021:09:22:44 +0800] "GET /xingrg/javascript/multi_select/dropdown.gif HTTP/1.1" 200 61
58.40.7.146 - - [11/Jun/2021:09:22:44 +0800] "POST /xingrg/all/common/load_tree.html?tree=supplier_tree_json&manage=1 HTTP/1.1" 200 56873
116.230.117.165 - - [11/Jun/2021:09:22:44 +0800] "GET /xingrg/all/function/internal_message.html?_=1623374582044&CODE_STATE=getMsg HTTP/1.1" 200 27
58.40.7.146 - - [11/Jun/2021:09:22:44 +0800] "GET /xingrg/javascript/jquery_easy_ui/themes/default/images/tree_checkbox_0.gif HTTP/1.1" 200 168
58.40.7.146 - - [11/Jun/2021:09:22:45 +0800] "POST /xingrg/dwr/call/plaincall/AjaxReportQueryService.getFixDate.dwr HTTP/1.1" 200 111
58.40.7.146 - - [11/Jun/2021:09:22:46 +0800] "GET /xingrg/javascript/jquery_easy_ui/themes/default/images/button_plain_hover.png HTTP/1.1" 200 252
180.169.147.146 - - [11/Jun/2021:09:22:47 +0800] "GET /xingrg/all/function/internal_message.html?_=1623374562273&CODE_STATE=getMsg HTTP/1.1" 200 27
58.40.7.146 - - [11/Jun/2021:09:22:47 +0800] "POST /xingrg/dwr/call/plaincall/AjaxReportQueryService.refreshCache.dwr HTTP/1.1" 200 78
117.185.32.26 - - [11/Jun/2021:09:22:50 +0800] "POST /xingrg/kc/buy/cgsh_order_operate.html HTTP/1.1" 200 37
58.40.7.146 - - [11/Jun/2021:09:22:51 +0800] "POST /xingrg/all/report/load_report_page.html HTTP/1.1" 200 97785
58.40.7.146 - - [11/Jun/2021:09:22:51 +0800] "GET /xingrg/servlets/image?cache=0.1952608985067329&image=px HTTP/1.1" 200 807
116.224.253.72 - - [11/Jun/2021:09:22:52 +0800] "GET /xingrg/all/function/internal_message.html?_=1623374567463&CODE_STATE=getMsg HTTP/1.1" 200 27
116.230.117.165 - - [11/Jun/2021:09:22:52 +0800] "GET /xingrg/kc/buy/cgsh_order_operate.html?command=get_materiel&rest_code=00146&code=00101008358&supplier_code=00100005&order_time=2021-06-11 HTTP/1.1" 200 412
117.185.32.26 - - [11/Jun/2021:09:22:52 +0800] "POST /xingrg/kc/buy/cgsh_order_operate.html HTTP/1.1" 200 6810
117.185.32.26 - - [11/Jun/2021:09:22:55 +0800] "GET /xingrg/check_reg.html?_=1623375110251 HTTP/1.1" 200 22
117.185.32.26 - - [11/Jun/2021:09:22:55 +0800] "GET /xingrg/all/function/internal_message.html?_=1623375110488&CODE_STATE=getMsg HTTP/1.1" 200 27
61.165.42.208 - - [11/Jun/2021:09:22:59 +0800] "POST /xingrg/kc/buy/cgsh_order_operate.html HTTP/1.1" 200 37
61.165.42.208 - - [11/Jun/2021:09:23:04 +0800] "POST /xingrg/kc/buy/cgsh_order_operate.html HTTP/1.1" 200 10397
116.230.117.165 - - [11/Jun/2021:09:23:08 +0800] "POST /xingrg/services/DataTransmitService HTTP/1.1" 200 524
61.165.42.208 - - [11/Jun/2021:09:23:08 +0800] "GET /xingrg/kc/print/load_data.html?order_code=212021061104767&kc_code=cgsh&condition= HTTP/1.1" 200 3631
116.230.117.165 - - [11/Jun/2021:09:23:09 +0800] "POST /xingrg/services/DataTransmitService HTTP/1.1" 200 2171
58.40.7.146 - - [11/Jun/2021:09:23:10 +0800] "POST /xingrg/dwr/call/plaincall/AjaxReportQueryService.refreshCache.dwr HTTP/1.1" 200 78
58.40.7.146 - - [11/Jun/2021:09:23:13 +0800] "POST /xingrg/all/report/load_report_page.html HTTP/1.1" 200 100191
58.40.7.146 - - [11/Jun/2021:09:23:13 +0800] "GET /xingrg/servlets/image?cache=0.10134184012564218&image=px HTTP/1.1" 200 807
116.224.253.72 - - [11/Jun/2021:09:23:15 +0800] "GET /xingrg/check_reg.html?_=1623374594612 HTTP/1.1" 200 22
116.224.253.72 - - [11/Jun/2021:09:23:15 +0800] "GET /xingrg/all/function/internal_message.html?_=1623374594627&CODE_STATE=getMsg HTTP/1.1" 200 27
117.185.32.26 - - [11/Jun/2021:09:23:16 +0800] "POST /xingrg/kc/buy/cgsh_order_operate.html HTTP/1.1" 200 37
117.185.32.26 - - [11/Jun/2021:09:23:17 +0800] "POST /xingrg/kc/buy/cgsh_order_operate.html HTTP/1.1" 200 6810
116.230.117.165 - - [11/Jun/2021:09:23:18 +0800] "GET /xingrg/kc/buy/cgsh_order_operate.html?command=get_materiel&rest_code=00146&code=00101008004&supplier_code=00100005&order_time=2021-06-11 HTTP/1.1" 200 416
116.230.114.112 - - [11/Jun/2021:09:23:18 +0800] "GET /xingrg/all/function/internal_message.html?_=1623374613567&CODE_STATE=getMsg HTTP/1.1" 302 -
61.165.42.208 - - [11/Jun/2021:09:23:20 +0800] "GET /xingrg/kc/buy/cgsh_order_add.html HTTP/1.1" 200 62501
61.165.42.208 - - [11/Jun/2021:09:23:20 +0800] "POST /xingrg/kc/buy/cgsh_order_operate.html HTTP/1.1" 200 8245
61.165.42.208 - - [11/Jun/2021:09:23:20 +0800] "GET /xingrg/javascript/easyui/themes/default/validatebox.css HTTP/1.1" 404 1104
117.185.32.26 - - [11/Jun/2021:09:23:22 +0800] "GET /xingrg/kc/buy/buy_main.html HTTP/1.1" 200 12412
117.185.32.26 - - [11/Jun/2021:09:23:22 +0800] "GET /xingrg/css/new_ie.css HTTP/1.1" 404 1036
117.185.32.26 - - [11/Jun/2021:09:23:23 +0800] "GET /xingrg/images/yd/bt.gif HTTP/1.1" 404 1040
61.165.42.208 - - [11/Jun/2021:09:23:24 +0800] "GET /xingrg/all/function/internal_message.html?_=1623374605866&CODE_STATE=getMsg HTTP/1.1" 200 27
117.185.32.26 - - [11/Jun/2021:09:23:25 +0800] "GET /xingrg/kc/buy/cgsh_order_list.html HTTP/1.1" 200 46716
116.230.117.165 - - [11/Jun/2021:09:23:28 +0800] "POST /xingrg/kc/buy/cgsh_order_operate.html HTTP/1.1" 200 2065
117.185.32.26 - - [11/Jun/2021:09:23:28 +0800] "POST /xingrg/kc/buy/cgsh_list_operate.html HTTP/1.1" 200 2051
116.232.54.115 - - [11/Jun/2021:09:23:35 +0800] "GET /xingrg/all/function/internal_message.html?_=1623374615721&CODE_STATE=getMsg HTTP/1.1" 200 27
58.40.7.146 - - [11/Jun/2021:09:23:35 +0800] "GET /xingrg/all/function/internal_message.html?_=1623374615907&CODE_STATE=getMsg HTTP/1.1" 200 27
116.230.117.165 - - [11/Jun/2021:09:23:38 +0800] "GET /xingrg/check_reg.html?_=1623374635632 HTTP/1.1" 200 22
