116.224.253.72 - - [11/Jun/2021:09:36:15 +0800] "GET /xingrg/kc/buy/cgsh_order_operate.html?command=get_materiel&rest_code=00150&code=00101012033&supplier_code=00100096&order_time=2021-06-11 HTTP/1.1" 200 428
116.230.114.112 - - [11/Jun/2021:09:36:18 +0800] "GET /xingrg/all/function/internal_message.html?_=1623375393734&CODE_STATE=getMsg HTTP/1.1" 302 -
61.165.42.208 - - [11/Jun/2021:09:36:23 +0800] "GET /xingrg/all/function/internal_message.html?_=1623375385517&CODE_STATE=getMsg HTTP/1.1" 200 27
101.85.94.178 - - [11/Jun/2021:09:36:24 +0800] "GET /xingrg/all/function/internal_message.html?_=1623374844120&CODE_STATE=getMsg HTTP/1.1" 200 27
116.224.253.72 - - [11/Jun/2021:09:36:26 +0800] "GET /xingrg/kc/buy/cgsh_order_operate.html?command=get_materiel&rest_code=00150&code=00101001084&supplier_code=00100096&order_time=2021-06-11 HTTP/1.1" 200 413
116.232.54.115 - - [11/Jun/2021:09:36:35 +0800] "GET /xingrg/all/function/internal_message.html?_=1623375395748&CODE_STATE=getMsg HTTP/1.1" 200 27
116.232.54.115 - - [11/Jun/2021:09:36:35 +0800] "GET /xingrg/check_reg.html?_=1623375395750 HTTP/1.1" 200 22
180.169.147.146 - - [11/Jun/2021:09:36:35 +0800] "POST /xingrg/kc/buy/cgsh_list_operate.html HTTP/1.1" 200 5215
58.40.7.146 - - [11/Jun/2021:09:36:35 +0800] "GET /xingrg/all/function/internal_message.html?_=1623375395928&CODE_STATE=getMsg HTTP/1.1" 200 27
180.169.147.146 - - [11/Jun/2021:09:36:41 +0800] "GET /xingrg/all/function/internal_message.html?_=1623375402636&CODE_STATE=getMsg HTTP/1.1" 200 27
116.235.222.38 - - [11/Jun/2021:09:36:43 +0800] "GET /xingrg/all/function/internal_message.html?_=1623375396346&CODE_STATE=getMsg HTTP/1.1" 200 27
117.131.5.26 - - [11/Jun/2021:09:36:43 +0800] "GET /xingrg/all/function/internal_message.html?_=1623375496432&CODE_STATE=getMsg HTTP/1.1" 200 27
116.230.117.165 - - [11/Jun/2021:09:36:45 +0800] "GET /xingrg/all/function/internal_message.html?_=1623375422922&CODE_STATE=getMsg HTTP/1.1" 200 27
180.169.147.146 - - [11/Jun/2021:09:36:47 +0800] "GET /xingrg/all/function/internal_message.html?_=1623375402333&CODE_STATE=getMsg HTTP/1.1" 200 27
116.224.253.72 - - [11/Jun/2021:09:36:52 +0800] "GET /xingrg/all/function/internal_message.html?_=1623375407645&CODE_STATE=getMsg HTTP/1.1" 200 27
180.169.147.146 - - [11/Jun/2021:09:36:53 +0800] "GET /xingrg/all/function/internal_message.html?_=1623375416186&CODE_STATE=getMsg HTTP/1.1" 200 27
116.235.222.38 - - [11/Jun/2021:09:36:54 +0800] "POST /xingrg/services/DataTransmitService HTTP/1.1" 200 524
116.235.222.38 - - [11/Jun/2021:09:36:55 +0800] "POST /xingrg/services/DataTransmitService HTTP/1.1" 200 2235
117.185.32.26 - - [11/Jun/2021:09:36:55 +0800] "GET /xingrg/all/function/internal_message.html?_=1623375950333&CODE_STATE=getMsg HTTP/1.1" 200 27
116.235.222.38 - - [11/Jun/2021:09:36:56 +0800] "POST /xingrg/services/DataTransmitService HTTP/1.1" 200 148187
180.161.111.4 - - [11/Jun/2021:09:36:58 +0800] "GET /favicon.ico HTTP/1.1" 404 -
180.161.111.4 - - [11/Jun/2021:09:36:59 +0800] "GET /favicon.ico HTTP/1.1" 404 -
180.161.111.4 - - [11/Jun/2021:09:36:59 +0800] "GET /favicon.ico HTTP/1.1" 404 -
180.161.111.4 - - [11/Jun/2021:09:37:02 +0800] "GET /xingrg/login.html HTTP/1.1" 200 7641
180.161.111.4 - - [11/Jun/2021:09:37:03 +0800] "GET /xingrg/images/blue/jxLogo.png HTTP/1.1" 304 -
180.161.111.4 - - [11/Jun/2021:09:37:04 +0800] "GET /xingrg/images/blue/login_bg.png HTTP/1.1" 304 -
180.161.111.4 - - [11/Jun/2021:09:37:04 +0800] "GET /xingrg/images/blue/srbg.png HTTP/1.1" 304 -
180.161.111.4 - - [11/Jun/2021:09:37:04 +0800] "GET /xingrg/images/blue/hj.png HTTP/1.1" 304 -
180.161.111.4 - - [11/Jun/2021:09:37:05 +0800] "GET /favicon.ico HTTP/1.1" 404 -
116.224.253.72 - - [11/Jun/2021:09:37:07 +0800] "GET /xingrg/all/function/internal_message.html?_=1623375426770&CODE_STATE=getMsg HTTP/1.1" 200 27
180.169.147.146 - - [11/Jun/2021:09:37:11 +0800] "GET /xingrg/all/function/internal_message.html?_=1623375431608&CODE_STATE=getMsg HTTP/1.1" 200 27
116.230.114.112 - - [11/Jun/2021:09:37:18 +0800] "GET /xingrg/all/function/internal_message.html?_=1623375453757&CODE_STATE=getMsg HTTP/1.1" 302 -
180.161.111.4 - - [11/Jun/2021:09:37:22 +0800] "POST /xingrg/login.do HTTP/1.1" 302 -
180.161.111.4 - - [11/Jun/2021:09:37:22 +0800] "GET /xingrg/javascript/jquery_easy_ui/themes/icon.css HTTP/1.1" 304 -
180.161.111.4 - - [11/Jun/2021:09:37:22 +0800] "GET /xingrg/javascript/jquery_easy_ui/themes/default/easyui.css HTTP/1.1" 304 -
180.161.111.4 - - [11/Jun/2021:09:37:22 +0800] "GET /xingrg/css/form.css HTTP/1.1" 304 -
180.161.111.4 - - [11/Jun/2021:09:37:22 +0800] "GET /xingrg/index.html?sysBaseUrl=http%3A%2F%2F180.169.147.146%3A18081%2Fxingrg%2F&costTime=1103×tamp=1623375442153 HTTP/1.1" 200 17173
180.161.111.4 - - [11/Jun/2021:09:37:22 +0800] "GET /xingrg/javascript/jquery-1.4.2.min.js HTTP/1.1" 304 -
180.161.111.4 - - [11/Jun/2021:09:37:22 +0800] "GET /xingrg/javascript/jquery_easy_ui/jquery.easyui.min.js HTTP/1.1" 200 213662
180.161.111.4 - - [11/Jun/2021:09:37:22 +0800] "GET /xingrg/javascript/jquery_easy_ui/easyui-lang-zh_CN.js HTTP/1.1" 304 -
180.161.111.4 - - [11/Jun/2021:09:37:22 +0800] "GET /xingrg/javascript/jquery.utils.js HTTP/1.1" 304 -
180.161.111.4 - - [11/Jun/2021:09:37:22 +0800] "GET /xingrg/javascript/jquery.timers.js HTTP/1.1" 304 -
180.161.111.4 - - [11/Jun/2021:09:37:22 +0800] "GET /xingrg/javascript/jquery.form.js HTTP/1.1" 200 23110
180.161.111.4 - - [11/Jun/2021:09:37:23 +0800] "GET /xingrg/images/blue/navBackgound.jpg HTTP/1.1" 304 -
180.161.111.4 - - [11/Jun/2021:09:37:23 +0800] "GET /xingrg/javascript/jquery_easy_ui/themes/icons/settle_new.png HTTP/1.1" 304 -
180.161.111.4 - - [11/Jun/2021:09:37:23 +0800] "GET /favicon.ico HTTP/1.1" 404 -
61.165.42.208 - - [11/Jun/2021:09:37:23 +0800] "GET /xingrg/all/function/internal_message.html?_=1623375445485&CODE_STATE=getMsg HTTP/1.1" 200 27
180.161.111.4 - - [11/Jun/2021:09:37:23 +0800] "GET /xingrg/images/blue/pingpu.png HTTP/1.1" 304 -
180.161.111.4 - - [11/Jun/2021:09:37:23 +0800] "GET /xingrg/javascript/jquery_easy_ui/themes/default/images/tabs_leftarrow.png HTTP/1.1" 304 -
180.161.111.4 - - [11/Jun/2021:09:37:23 +0800] "GET /xingrg/javascript/jquery_easy_ui/themes/default/images/tabs_rightarrow.png HTTP/1.1" 304 -
180.161.111.4 - - [11/Jun/2021:09:37:23 +0800] "GET /xingrg/javascript/jquery_easy_ui/themes/default/images/panel_tool_collapse.gif HTTP/1.1" 304 -
180.161.111.4 - - [11/Jun/2021:09:37:24 +0800] "POST /xingrg/all/common/load_tree.html?tree=area_rest_tree_json&manage=1 HTTP/1.1" 200 342
101.85.94.178 - - [11/Jun/2021:09:37:24 +0800] "GET /xingrg/all/function/internal_message.html?_=1623374904121&CODE_STATE=getMsg HTTP/1.1" 200 27
101.85.94.178 - - [11/Jun/2021:09:37:24 +0800] "GET /xingrg/check_reg.html?_=1623374904124 HTTP/1.1" 200 22
180.161.111.4 - - [11/Jun/2021:09:37:24 +0800] "GET /xingrg/all/function/internal_message.html?_=1623375409336&CODE_STATE=count HTTP/1.1" 200 11
180.161.111.4 - - [11/Jun/2021:09:37:24 +0800] "GET /xingrg/check_reg.html?_=1623375409341 HTTP/1.1" 200 22
180.161.111.4 - - [11/Jun/2021:09:37:24 +0800] "GET /xingrg/javascript/jquery_easy_ui/themes/default/images/tree_arrows.gif HTTP/1.1" 304 -
180.161.111.4 - - [11/Jun/2021:09:37:25 +0800] "POST /xingrg/load_menu.html HTTP/1.1" 200 5138
180.161.111.4 - - [11/Jun/2021:09:37:25 +0800] "GET /xingrg/javascript/jquery_easy_ui/themes/default/images/tree_folder_open.gif HTTP/1.1" 304 -
180.161.111.4 - - [11/Jun/2021:09:37:25 +0800] "GET /xingrg/javascript/jquery_easy_ui/themes/icons/search_new.png HTTP/1.1" 304 -
180.161.111.4 - - [11/Jun/2021:09:37:25 +0800] "GET /xingrg/javascript/jquery_easy_ui/themes/default/images/tree_folder.gif HTTP/1.1" 304 -
180.161.111.4 - - [11/Jun/2021:09:37:25 +0800] "GET /xingrg/javascript/jquery_easy_ui/themes/icons/storage_new.png HTTP/1.1" 304 -
180.161.111.4 - - [11/Jun/2021:09:37:25 +0800] "GET /xingrg/javascript/jquery_easy_ui/themes/icons/forms_new.png HTTP/1.1" 304 -
180.161.111.4 - - [11/Jun/2021:09:37:25 +0800] "GET /xingrg/javascript/jquery_easy_ui/themes/default/images/tree_file.gif HTTP/1.1" 304 -
116.224.253.72 - - [11/Jun/2021:09:37:28 +0800] "GET /xingrg/kc/buy/cgsh_order_operate.html?command=get_materiel&rest_code=00150&code=00101006130&supplier_code=00100096&order_time=2021-06-11 HTTP/1.1" 200 427
180.161.111.4 - - [11/Jun/2021:09:37:34 +0800] "GET /xingrg/javascript/jquery_easy_ui/themes/icons/area.png HTTP/1.1" 304 -
180.161.111.4 - - [11/Jun/2021:09:37:34 +0800] "GET /xingrg/javascript/jquery_easy_ui/themes/icons/rest.png HTTP/1.1" 304 -
180.161.111.4 - - [11/Jun/2021:09:37:34 +0800] "GET /xingrg/javascript/jquery_easy_ui/themes/default/images/tabs_close.gif HTTP/1.1" 304 -
180.161.111.4 - - [11/Jun/2021:09:37:35 +0800] "GET /xingrg/javascript/jquery_tools/datebox.css HTTP/1.1" 304 -
180.161.111.4 - - [11/Jun/2021:09:37:35 +0800] "GET /xingrg/css/base.css HTTP/1.1" 304 -
180.161.111.4 - - [11/Jun/2021:09:37:35 +0800] "GET /xingrg/css/site.css HTTP/1.1" 304 -
180.161.111.4 - - [11/Jun/2021:09:37:35 +0800] "GET /xingrg/kc/buy/cgsh_order_list.html HTTP/1.1" 200 46716
180.161.111.4 - - [11/Jun/2021:09:37:35 +0800] "GET /xingrg/javascript/easyui/themes/icon.css HTTP/1.1" 304 -
180.161.111.4 - - [11/Jun/2021:09:37:35 +0800] "GET /xingrg/javascript/jquery_tools/jquery.tools.extend.js HTTP/1.1" 304 -
180.161.111.4 - - [11/Jun/2021:09:37:35 +0800] "GET /xingrg/javascript/jquery_tools/jquery.tools.min.js HTTP/1.1" 304 -
180.161.111.4 - - [11/Jun/2021:09:37:35 +0800] "GET /xingrg/javascript/easyui/themes/default/easyui.css HTTP/1.1" 304 -
180.161.111.4 - - [11/Jun/2021:09:37:35 +0800] "GET /xingrg/javascript/auto/jquery.autocomplete.css HTTP/1.1" 304 -
180.161.111.4 - - [11/Jun/2021:09:37:35 +0800] "GET /xingrg/javascript/jquery_tools/table.css HTTP/1.1" 304 -
180.161.111.4 - - [11/Jun/2021:09:37:35 +0800] "GET /xingrg/javascript/jquery_tools/fix.css HTTP/1.1" 304 -
180.161.111.4 - - [11/Jun/2021:09:37:35 +0800] "GET /xingrg/javascript/jquery_tools/jquery.tools.hotkey.js HTTP/1.1" 304 -
180.161.111.4 - - [11/Jun/2021:09:37:35 +0800] "GET /xingrg/javascript/jquery_tools/jquery.tools.table.js HTTP/1.1" 304 -
180.161.111.4 - - [11/Jun/2021:09:37:35 +0800] "GET /xingrg/javascript/auto/jquery.autocomplete.js HTTP/1.1" 304 -
180.161.111.4 - - [11/Jun/2021:09:37:35 +0800] "GET /xingrg/javascript/jquery_tools/list_manager.js HTTP/1.1" 304 -
180.161.111.4 - - [11/Jun/2021:09:37:35 +0800] "GET /xingrg/javascript/easyui/easyloader.js HTTP/1.1" 304 -
180.161.111.4 - - [11/Jun/2021:09:37:35 +0800] "GET /xingrg/javascript/jquery.cookie.js HTTP/1.1" 304 -
180.161.111.4 - - [11/Jun/2021:09:37:35 +0800] "GET /xingrg/javascript/print/LodopFuncs.js HTTP/1.1" 304 -
116.232.54.115 - - [11/Jun/2021:09:37:35 +0800] "GET /xingrg/all/function/internal_message.html?_=1623375455750&CODE_STATE=getMsg HTTP/1.1" 200 27
58.40.7.146 - - [11/Jun/2021:09:37:35 +0800] "GET /xingrg/check_reg.html?_=1623375455916 HTTP/1.1" 200 22
58.40.7.146 - - [11/Jun/2021:09:37:35 +0800] "GET /xingrg/all/function/internal_message.html?_=1623375455917&CODE_STATE=getMsg HTTP/1.1" 200 27
180.161.111.4 - - [11/Jun/2021:09:37:36 +0800] "GET /xingrg/javascript/easyui/themes/icons/edit_add_new.png HTTP/1.1" 304 -
180.161.111.4 - - [11/Jun/2021:09:37:36 +0800] "GET /xingrg/javascript/easyui/themes/icons/check_new.png HTTP/1.1" 304 -
180.161.111.4 - - [11/Jun/2021:09:37:36 +0800] "GET /xingrg/javascript/easyui/themes/icons/field_new.png HTTP/1.1" 304 -
180.161.111.4 - - [11/Jun/2021:09:37:36 +0800] "GET /xingrg/javascript/easyui/themes/icons/import_new.png HTTP/1.1" 304 -
180.161.111.4 - - [11/Jun/2021:09:37:36 +0800] "GET /xingrg/javascript/easyui/themes/icons/cance_new.png HTTP/1.1" 304 -
180.161.111.4 - - [11/Jun/2021:09:37:36 +0800] "GET /xingrg/javascript/easyui/plugins/jquery.parser.js HTTP/1.1" 304 -
180.161.111.4 - - [11/Jun/2021:09:37:36 +0800] "GET /xingrg/images/control/ajaxLoader.gif HTTP/1.1" 304 -
116.224.253.72 - - [11/Jun/2021:09:37:37 +0800] "GET /xingrg/kc/buy/cgsh_order_operate.html?command=get_materiel&rest_code=00150&code=00101006065&supplier_code=00100096&order_time=2021-06-11 HTTP/1.1" 200 409
180.161.111.4 - - [11/Jun/2021:09:37:38 +0800] "POST /xingrg/kc/buy/cgsh_list_operate.html HTTP/1.1" 200 876
180.161.111.4 - - [11/Jun/2021:09:37:39 +0800] "GET /xingrg/javascript/easyui/themes/default/images/button_plain_hover.png HTTP/1.1" 304 -
180.161.111.4 - - [11/Jun/2021:09:37:40 +0800] "GET /xingrg/javascript/pic_change.js HTTP/1.1" 304 -
180.161.111.4 - - [11/Jun/2021:09:37:40 +0800] "GET /xingrg/javascript/jquery_tools/order_manager.js HTTP/1.1" 304 -
180.161.111.4 - - [11/Jun/2021:09:37:40 +0800] "GET /xingrg/javascript/convert.js HTTP/1.1" 304 -
180.161.111.4 - - [11/Jun/2021:09:37:40 +0800] "GET /xingrg/javascript/json2.js HTTP/1.1" 304 -
180.161.111.4 - - [11/Jun/2021:09:37:40 +0800] "GET /xingrg/javascript/print/kc_print.js HTTP/1.1" 304 -
180.161.111.4 - - [11/Jun/2021:09:37:40 +0800] "GET /xingrg/kc/buy/cgsh_order_add.html HTTP/1.1" 200 62413
180.161.111.4 - - [11/Jun/2021:09:37:40 +0800] "GET /xingrg/words/20210608131730_words.js HTTP/1.1" 304 -
180.161.111.4 - - [11/Jun/2021:09:37:41 +0800] "GET /xingrg/javascript/easyui/themes/icons/copy_new.png HTTP/1.1" 304 -
180.161.111.4 - - [11/Jun/2021:09:37:41 +0800] "GET /xingrg/javascript/easyui/themes/icons/template_new.png HTTP/1.1" 304 -
180.161.111.4 - - [11/Jun/2021:09:37:41 +0800] "GET /xingrg/javascript/easyui/themes/icons/ok.png HTTP/1.1" 304 -
180.161.111.4 - - [11/Jun/2021:09:37:41 +0800] "GET /xingrg/javascript/easyui/themes/icons/print.png HTTP/1.1" 304 -
180.161.111.4 - - [11/Jun/2021:09:37:41 +0800] "GET /xingrg/javascript/easyui/themes/default/images/menu_downarrow.png HTTP/1.1" 304 -
180.161.111.4 - - [11/Jun/2021:09:37:41 +0800] "GET /xingrg/javascript/easyui/themes/icons/cancel.png HTTP/1.1" 304 -
180.161.111.4 - - [11/Jun/2021:09:37:41 +0800] "POST /xingrg/kc/buy/cgsh_order_operate.html HTTP/1.1" 200 8245
180.161.111.4 - - [11/Jun/2021:09:37:41 +0800] "GET /xingrg/javascript/easyui/themes/icons/edit_remove.png HTTP/1.1" 304 -
180.169.147.146 - - [11/Jun/2021:09:37:41 +0800] "GET /xingrg/all/function/internal_message.html?_=1623375462626&CODE_STATE=getMsg HTTP/1.1" 200 27
180.161.111.4 - - [11/Jun/2021:09:37:41 +0800] "GET /xingrg/all/common/auto_word.html?type=employee&rest_code=00102 HTTP/1.1" 200 189
180.161.111.4 - - [11/Jun/2021:09:37:42 +0800] "GET /xingrg/all/common/auto_word.html?type=employee&rest_code=00102 HTTP/1.1" 200 189
180.161.111.4 - - [11/Jun/2021:09:37:42 +0800] "GET /xingrg/javascript/easyui/themes/default/validatebox.css HTTP/1.1" 404 1104
180.161.111.4 - - [11/Jun/2021:09:37:42 +0800] "GET /xingrg/javascript/easyui/plugins/jquery.validatebox.js HTTP/1.1" 304 -
180.161.111.4 - - [11/Jun/2021:09:37:42 +0800] "GET /xingrg/javascript/easyui/plugins/jquery.numberbox.js HTTP/1.1" 304 -
180.161.111.4 - - [11/Jun/2021:09:37:43 +0800] "GET /xingrg/javascript/auto/indicator.gif HTTP/1.1" 404 1066
116.235.222.38 - - [11/Jun/2021:09:37:43 +0800] "GET /xingrg/check_reg.html?_=1623375456353 HTTP/1.1" 200 22
116.235.222.38 - - [11/Jun/2021:09:37:43 +0800] "GET /xingrg/all/function/internal_message.html?_=1623375456355&CODE_STATE=getMsg HTTP/1.1" 200 27
117.131.5.26 - - [11/Jun/2021:09:37:43 +0800] "GET /xingrg/all/function/internal_message.html?_=1623375556430&CODE_STATE=getMsg HTTP/1.1" 200 27
116.230.117.165 - - [11/Jun/2021:09:37:45 +0800] "GET /xingrg/all/function/internal_message.html?_=1623375483292&CODE_STATE=getMsg HTTP/1.1" 200 27
180.169.147.146 - - [11/Jun/2021:09:37:47 +0800] "GET /xingrg/all/function/internal_message.html?_=1623375462332&CODE_STATE=getMsg HTTP/1.1" 200 27
116.224.253.72 - - [11/Jun/2021:09:37:52 +0800] "GET /xingrg/all/function/internal_message.html?_=1623375467666&CODE_STATE=getMsg HTTP/1.1" 200 27
180.169.147.146 - - [11/Jun/2021:09:37:53 +0800] "GET /xingrg/all/function/internal_message.html?_=1623375476189&CODE_STATE=getMsg HTTP/1.1" 200 27
116.232.54.115 - - [11/Jun/2021:09:37:53 +0800] "POST /xingrg/kc/buy/cgsh_order_operate.html HTTP/1.1" 200 37
116.224.253.72 - - [11/Jun/2021:09:37:54 +0800] "GET /xingrg/kc/buy/cgsh_order_operate.html?command=get_materiel&rest_code=00150&code=00101006184&supplier_code=00100096&order_time=2021-06-11 HTTP/1.1" 200 408
180.161.111.4 - - [11/Jun/2021:09:37:54 +0800] "GET /xingrg/kc/buy/cgsh_order_operate.html?command=get_materiel&rest_code=00102&code=00101006063&supplier_code=00100096&order_time=2021-06-11 HTTP/1.1" 200 413
116.232.54.115 - - [11/Jun/2021:09:37:55 +0800] "POST /xingrg/kc/buy/cgsh_order_operate.html HTTP/1.1" 200 22151
117.185.32.26 - - [11/Jun/2021:09:37:55 +0800] "GET /xingrg/all/function/internal_message.html?_=1623376010332&CODE_STATE=getMsg HTTP/1.1" 200 27
117.185.32.26 - - [11/Jun/2021:09:37:55 +0800] "GET /xingrg/check_reg.html?_=1623376010334 HTTP/1.1" 200 22
116.232.54.115 - - [11/Jun/2021:09:37:56 +0800] "GET /xingrg/kc/buy/buy_main.html HTTP/1.1" 200 12412
116.232.54.115 - - [11/Jun/2021:09:37:56 +0800] "GET /xingrg/css/new_ie.css HTTP/1.1" 404 1036
116.232.54.115 - - [11/Jun/2021:09:37:58 +0800] "GET /xingrg/kc/buy/cgsh_order_list.html HTTP/1.1" 200 46716
116.232.54.115 - - [11/Jun/2021:09:37:59 +0800] "GET /xingrg/kc/report/report_main.html HTTP/1.1" 200 7345
116.232.54.115 - - [11/Jun/2021:09:37:59 +0800] "GET /xingrg/javascript/jquery_easy_ui/themes/icons/back_new.png HTTP/1.1" 200 3414
116.232.54.115 - - [11/Jun/2021:09:38:00 +0800] "POST /xingrg/kc/buy/cgsh_list_operate.html HTTP/1.1" 200 1682
116.232.54.115 - - [11/Jun/2021:09:38:03 +0800] "GET /xingrg/all/report/report_query.html?fileName=kc/buy/gys_amount.xml&rh=99999 HTTP/1.1" 200 52006
116.232.54.115 - - [11/Jun/2021:09:38:03 +0800] "GET /xingrg/javascript/multi_select/jqueryMultiSelect.css HTTP/1.1" 200 951
116.232.54.115 - - [11/Jun/2021:09:38:03 +0800] "GET /xingrg/javascript/calendar/timePicker.css HTTP/1.1" 200 523
116.232.54.115 - - [11/Jun/2021:09:38:03 +0800] "GET /xingrg/javascript/bigrid/fix.css HTTP/1.1" 200 1702
116.232.54.115 - - [11/Jun/2021:09:38:03 +0800] "GET /xingrg/javascript/calendar/jquery.timePicker.min.js HTTP/1.1" 200 2997
116.232.54.115 - - [11/Jun/2021:09:38:03 +0800] "GET /xingrg/dwr/interface/AjaxReportQueryService.js HTTP/1.1" 200 13203
116.232.54.115 - - [11/Jun/2021:09:38:03 +0800] "GET /xingrg/dwr/util.js HTTP/1.1" 200 35990
116.232.54.115 - - [11/Jun/2021:09:38:03 +0800] "GET /xingrg/javascript/bigrid/fix.js HTTP/1.1" 200 6439
116.232.54.115 - - [11/Jun/2021:09:38:03 +0800] "GET /xingrg/javascript/Calendar.js HTTP/1.1" 200 31561
116.232.54.115 - - [11/Jun/2021:09:38:03 +0800] "GET /xingrg/javascript/jqueryMultiSelect.js HTTP/1.1" 200 11866
116.232.54.115 - - [11/Jun/2021:09:38:03 +0800] "GET /xingrg/images/blue/button/advanceover.gif HTTP/1.1" 200 1347
116.232.54.115 - - [11/Jun/2021:09:38:03 +0800] "GET /xingrg/images/control/loading.gif HTTP/1.1" 200 13463
116.232.54.115 - - [11/Jun/2021:09:38:03 +0800] "GET /xingrg/images/blue/button/advance2over.gif HTTP/1.1" 200 1336
116.232.54.115 - - [11/Jun/2021:09:38:03 +0800] "GET /xingrg/images/blue/button/back2over.gif HTTP/1.1" 200 1335
116.232.54.115 - - [11/Jun/2021:09:38:03 +0800] "GET /xingrg/dwr/engine.js HTTP/1.1" 200 43631
116.232.54.115 - - [11/Jun/2021:09:38:03 +0800] "GET /xingrg/images/blue/button/backover.gif HTTP/1.1" 200 1348
116.232.54.115 - - [11/Jun/2021:09:38:03 +0800] "GET /xingrg/javascript/jquery_easy_ui/themes/icons/help.png HTTP/1.1" 200 1187
116.232.54.115 - - [11/Jun/2021:09:38:03 +0800] "GET /xingrg/javascript/jquery_easy_ui/themes/default/images/menu_downarrow.png HTTP/1.1" 200 173
116.232.54.115 - - [11/Jun/2021:09:38:03 +0800] "GET /xingrg/javascript/jquery_easy_ui/themes/default/images/menu.gif HTTP/1.1" 200 834
116.232.54.115 - - [11/Jun/2021:09:38:03 +0800] "GET /xingrg/javascript/jquery_easy_ui/themes/icons/pencil.png HTTP/1.1" 200 713
116.232.54.115 - - [11/Jun/2021:09:38:03 +0800] "GET /xingrg/javascript/jquery_easy_ui/themes/icons/print.png HTTP/1.1" 200 1057
116.232.54.115 - - [11/Jun/2021:09:38:03 +0800] "GET /xingrg/javascript/jquery_easy_ui/themes/default/images/menu_rightarrow.png HTTP/1.1" 200 3617
116.232.54.115 - - [11/Jun/2021:09:38:04 +0800] "GET /xingrg/javascript/jquery_easy_ui/themes/default/images/combo_arrow_dot.gif HTTP/1.1" 200 79
116.232.54.115 - - [11/Jun/2021:09:38:05 +0800] "POST /xingrg/all/common/load_tree.html?tree=supplier_tree_json&manage=1 HTTP/1.1" 200 56873
116.232.54.115 - - [11/Jun/2021:09:38:05 +0800] "POST /xingrg/all/common/load_tree.html?tree=materiel_sort_tree_json HTTP/1.1" 200 8666
116.224.253.72 - - [11/Jun/2021:09:38:05 +0800] "GET /xingrg/kc/buy/cgsh_order_operate.html?command=get_materiel&rest_code=00150&code=00101006055&supplier_code=00100096&order_time=2021-06-11 HTTP/1.1" 200 411
116.224.253.72 - - [11/Jun/2021:09:38:07 +0800] "GET /xingrg/all/function/internal_message.html?_=1623375486764&CODE_STATE=getMsg HTTP/1.1" 200 27
180.161.111.4 - - [11/Jun/2021:09:38:09 +0800] "GET /xingrg/kc/buy/cgsh_order_operate.html?command=get_materiel&rest_code=00102&code=00101006065&supplier_code=00100096&order_time=2021-06-11 HTTP/1.1" 200 411
116.232.54.115 - - [11/Jun/2021:09:38:09 +0800] "GET /xingrg/index.html?sysBaseUrl=http%3A%2F%2F180.169.147.146%3A18081%2Fxingrg%2F&costTime=2037×tamp=1623374195305 HTTP/1.1" 200 17173
116.232.54.115 - - [11/Jun/2021:09:38:09 +0800] "GET /xingrg/javascript/jquery_easy_ui/themes/icon.css HTTP/1.1" 200 3949
116.232.54.115 - - [11/Jun/2021:09:38:09 +0800] "GET /xingrg/javascript/jquery-1.4.2.min.js HTTP/1.1" 200 72205
116.232.54.115 - - [11/Jun/2021:09:38:09 +0800] "GET /xingrg/css/form.css HTTP/1.1" 200 893
116.232.54.115 - - [11/Jun/2021:09:38:09 +0800] "GET /xingrg/javascript/jquery_easy_ui/jquery.easyui.min.js HTTP/1.1" 200 213662
116.232.54.115 - - [11/Jun/2021:09:38:09 +0800] "GET /xingrg/javascript/jquery_easy_ui/easyui-lang-zh_CN.js HTTP/1.1" 200 1900
116.232.54.115 - - [11/Jun/2021:09:38:09 +0800] "GET /xingrg/javascript/jquery_easy_ui/themes/default/easyui.css HTTP/1.1" 200 26500
116.232.54.115 - - [11/Jun/2021:09:38:09 +0800] "GET /xingrg/javascript/jquery.timers.js HTTP/1.1" 200 3532
116.232.54.115 - - [11/Jun/2021:09:38:09 +0800] "GET /xingrg/images/blue/jxLogo.png HTTP/1.1" 200 6156
116.232.54.115 - - [11/Jun/2021:09:38:09 +0800] "GET /xingrg/javascript/jquery.utils.js HTTP/1.1" 200 11805
116.232.54.115 - - [11/Jun/2021:09:38:09 +0800] "GET /xingrg/javascript/jquery.form.js HTTP/1.1" 200 23110
116.232.54.115 - - [11/Jun/2021:09:38:10 +0800] "GET /xingrg/all/function/internal_message.html?_=1623375490245&CODE_STATE=count HTTP/1.1" 200 11
116.232.54.115 - - [11/Jun/2021:09:38:10 +0800] "GET /xingrg/check_reg.html?_=1623375490246 HTTP/1.1" 200 22
116.232.54.115 - - [11/Jun/2021:09:38:10 +0800] "GET /xingrg/javascript/jquery_easy_ui/themes/icons/settle_new.png HTTP/1.1" 200 826
116.232.54.115 - - [11/Jun/2021:09:38:10 +0800] "GET /xingrg/images/blue/pingpu.png HTTP/1.1" 200 231
116.232.54.115 - - [11/Jun/2021:09:38:10 +0800] "GET /xingrg/javascript/jquery_easy_ui/themes/default/images/tabs_leftarrow.png HTTP/1.1" 200 389
116.232.54.115 - - [11/Jun/2021:09:38:10 +0800] "GET /xingrg/javascript/jquery_easy_ui/themes/default/images/panel_tool_collapse.gif HTTP/1.1" 200 246
116.232.54.115 - - [11/Jun/2021:09:38:10 +0800] "GET /xingrg/javascript/jquery_easy_ui/themes/default/images/tabs_rightarrow.png HTTP/1.1" 200 395
116.232.54.115 - - [11/Jun/2021:09:38:10 +0800] "GET /xingrg/images/blue/navBackgound.jpg HTTP/1.1" 200 12378
116.232.54.115 - - [11/Jun/2021:09:38:10 +0800] "POST /xingrg/all/common/load_tree.html?tree=area_rest_tree_json&manage=1 HTTP/1.1" 200 342
116.232.54.115 - - [11/Jun/2021:09:38:10 +0800] "GET /xingrg/javascript/jquery_easy_ui/themes/default/images/tree_arrows.gif HTTP/1.1" 200 1043
116.232.54.115 - - [11/Jun/2021:09:38:10 +0800] "GET /xingrg/javascript/jquery_easy_ui/themes/icons/area.png HTTP/1.1" 200 262
116.232.54.115 - - [11/Jun/2021:09:38:10 +0800] "GET /xingrg/javascript/jquery_easy_ui/themes/default/images/tree_folder_open.gif HTTP/1.1" 200 956
116.232.54.115 - - [11/Jun/2021:09:38:10 +0800] "GET /xingrg/javascript/jquery_easy_ui/themes/icons/rest.png HTTP/1.1" 200 695
116.232.54.115 - - [11/Jun/2021:09:38:10 +0800] "POST /xingrg/load_menu.html HTTP/1.1" 200 5138
116.232.54.115 - - [11/Jun/2021:09:38:10 +0800] "GET /xingrg/javascript/jquery_easy_ui/themes/icons/search_new.png HTTP/1.1" 200 586
116.232.54.115 - - [11/Jun/2021:09:38:10 +0800] "GET /xingrg/javascript/jquery_easy_ui/themes/default/images/tree_folder.gif HTTP/1.1" 200 952
116.232.54.115 - - [11/Jun/2021:09:38:10 +0800] "GET /xingrg/javascript/jquery_easy_ui/themes/icons/storage_new.png HTTP/1.1" 200 853
116.232.54.115 - - [11/Jun/2021:09:38:10 +0800] "GET /xingrg/javascript/jquery_easy_ui/themes/icons/forms_new.png HTTP/1.1" 200 350
116.232.54.115 - - [11/Jun/2021:09:38:10 +0800] "GET /xingrg/javascript/jquery_easy_ui/themes/default/images/tree_file.gif HTTP/1.1" 200 118
180.169.147.146 - - [11/Jun/2021:09:38:11 +0800] "GET /xingrg/check_reg.html?_=1623375491618 HTTP/1.1" 200 22
180.169.147.146 - - [11/Jun/2021:09:38:11 +0800] "GET /xingrg/all/function/internal_message.html?_=1623375491622&CODE_STATE=getMsg HTTP/1.1" 200 27
116.232.54.115 - - [11/Jun/2021:09:38:12 +0800] "GET /xingrg/index.html?sysBaseUrl=http%3A%2F%2F180.169.147.146%3A18081%2Fxingrg%2F&costTime=2037×tamp=1623374195305 HTTP/1.1" 200 17173
116.232.54.115 - - [11/Jun/2021:09:38:12 +0800] "GET /xingrg/check_reg.html?_=1623375493030 HTTP/1.1" 200 22
116.232.54.115 - - [11/Jun/2021:09:38:12 +0800] "GET /xingrg/all/function/internal_message.html?_=1623375493030&CODE_STATE=count HTTP/1.1" 200 11
116.232.54.115 - - [11/Jun/2021:09:38:12 +0800] "POST /xingrg/all/common/load_tree.html?tree=area_rest_tree_json&manage=1 HTTP/1.1" 200 342
116.232.54.115 - - [11/Jun/2021:09:38:12 +0800] "POST /xingrg/load_menu.html HTTP/1.1" 200 5138
116.232.54.115 - - [11/Jun/2021:09:38:14 +0800] "GET /xingrg/javascript/jquery_easy_ui/themes/default/images/tabs_close.gif HTTP/1.1" 200 829
116.232.54.115 - - [11/Jun/2021:09:38:14 +0800] "GET /xingrg/kc/report/report_main.html HTTP/1.1" 200 7345
116.232.54.115 - - [11/Jun/2021:09:38:14 +0800] "GET /xingrg/javascript/pic_change.js HTTP/1.1" 200 4739
116.232.54.115 - - [11/Jun/2021:09:38:14 +0800] "GET /xingrg/css/blue.css HTTP/1.1" 200 15949
116.232.54.115 - - [11/Jun/2021:09:38:14 +0800] "GET /xingrg/javascript/jquery_ui/themes/humanity/humanity.css HTTP/1.1" 200 27801
116.232.54.115 - - [11/Jun/2021:09:38:14 +0800] "GET /xingrg/javascript/json2.js HTTP/1.1" 200 11259
116.232.54.115 - - [11/Jun/2021:09:38:14 +0800] "GET /xingrg/javascript/myfunction.js HTTP/1.1" 200 24559
116.232.54.115 - - [11/Jun/2021:09:38:14 +0800] "GET /xingrg/javascript/jquery_easy_ui/themes/icons/back_new.png HTTP/1.1" 200 3414
116.232.54.115 - - [11/Jun/2021:09:38:15 +0800] "GET /xingrg/all/report/report_query.html?fileName=kc/buy/gys_amount.xml&rh=99999 HTTP/1.1" 200 52006
116.232.54.115 - - [11/Jun/2021:09:38:15 +0800] "GET /xingrg/javascript/multi_select/jqueryMultiSelect.css HTTP/1.1" 200 951
116.232.54.115 - - [11/Jun/2021:09:38:15 +0800] "GET /xingrg/javascript/calendar/timePicker.css HTTP/1.1" 200 523
116.232.54.115 - - [11/Jun/2021:09:38:15 +0800] "GET /xingrg/javascript/bigrid/fix.css HTTP/1.1" 200 1702
116.232.54.115 - - [11/Jun/2021:09:38:15 +0800] "GET /xingrg/dwr/interface/AjaxReportQueryService.js HTTP/1.1" 200 13203
116.232.54.115 - - [11/Jun/2021:09:38:15 +0800] "GET /xingrg/javascript/calendar/jquery.timePicker.min.js HTTP/1.1" 200 2997
116.232.54.115 - - [11/Jun/2021:09:38:15 +0800] "GET /xingrg/javascript/jqueryMultiSelect.js HTTP/1.1" 200 11866
116.232.54.115 - - [11/Jun/2021:09:38:15 +0800] "GET /xingrg/javascript/bigrid/fix.js HTTP/1.1" 200 6439
116.232.54.115 - - [11/Jun/2021:09:38:15 +0800] "GET /xingrg/dwr/util.js HTTP/1.1" 200 35990
116.232.54.115 - - [11/Jun/2021:09:38:15 +0800] "GET /xingrg/javascript/Calendar.js HTTP/1.1" 200 31561
116.232.54.115 - - [11/Jun/2021:09:38:15 +0800] "GET /xingrg/dwr/engine.js HTTP/1.1" 200 43631
116.232.54.115 - - [11/Jun/2021:09:38:15 +0800] "GET /xingrg/images/blue/button/advanceover.gif HTTP/1.1" 200 1347
116.232.54.115 - - [11/Jun/2021:09:38:15 +0800] "GET /xingrg/images/blue/button/advance2over.gif HTTP/1.1" 200 1336
116.232.54.115 - - [11/Jun/2021:09:38:15 +0800] "GET /xingrg/images/blue/button/back2over.gif HTTP/1.1" 200 1335
116.232.54.115 - - [11/Jun/2021:09:38:15 +0800] "GET /xingrg/images/blue/button/backover.gif HTTP/1.1" 200 1348
116.232.54.115 - - [11/Jun/2021:09:38:15 +0800] "GET /xingrg/images/control/loading.gif HTTP/1.1" 200 13463
116.232.54.115 - - [11/Jun/2021:09:38:15 +0800] "GET /xingrg/javascript/jquery_easy_ui/themes/icons/help.png HTTP/1.1" 200 1187
116.232.54.115 - - [11/Jun/2021:09:38:15 +0800] "GET /xingrg/javascript/jquery_easy_ui/themes/default/images/menu_downarrow.png HTTP/1.1" 200 173
116.232.54.115 - - [11/Jun/2021:09:38:15 +0800] "GET /xingrg/javascript/jquery_easy_ui/themes/default/images/button_a_bg.gif HTTP/1.1" 200 1194
116.232.54.115 - - [11/Jun/2021:09:38:15 +0800] "GET /xingrg/javascript/jquery_easy_ui/themes/default/images/menu.gif HTTP/1.1" 200 834
116.232.54.115 - - [11/Jun/2021:09:38:15 +0800] "GET /xingrg/javascript/jquery_easy_ui/themes/icons/print.png HTTP/1.1" 200 1057
116.232.54.115 - - [11/Jun/2021:09:38:15 +0800] "GET /xingrg/javascript/jquery_easy_ui/themes/default/images/menu_rightarrow.png HTTP/1.1" 200 3617
116.232.54.115 - - [11/Jun/2021:09:38:15 +0800] "GET /xingrg/javascript/jquery_easy_ui/themes/icons/pencil.png HTTP/1.1" 200 713
116.232.54.115 - - [11/Jun/2021:09:38:15 +0800] "POST /xingrg/dwr/call/plaincall/AjaxReportQueryService.getFixDate.dwr HTTP/1.1" 200 111
116.232.54.115 - - [11/Jun/2021:09:38:15 +0800] "GET /xingrg/javascript/jquery_easy_ui/themes/default/images/combo_arrow_dot.gif HTTP/1.1" 200 79
116.232.54.115 - - [11/Jun/2021:09:38:16 +0800] "POST /xingrg/dwr/call/plaincall/AjaxReportQueryService.getInitString.dwr HTTP/1.1" 200 1014
116.232.54.115 - - [11/Jun/2021:09:38:16 +0800] "GET /xingrg/javascript/multi_select/dropdown.gif HTTP/1.1" 200 61
116.232.54.115 - - [11/Jun/2021:09:38:16 +0800] "POST /xingrg/all/common/load_tree.html?tree=supplier_tree_json&manage=1 HTTP/1.1" 200 56873
116.232.54.115 - - [11/Jun/2021:09:38:16 +0800] "POST /xingrg/all/common/load_tree.html?tree=materiel_sort_tree_json HTTP/1.1" 200 8666
116.232.54.115 - - [11/Jun/2021:09:38:16 +0800] "GET /xingrg/javascript/jquery_easy_ui/themes/default/images/tree_checkbox_0.gif HTTP/1.1" 200 168
116.224.253.72 - - [11/Jun/2021:09:38:17 +0800] "GET /xingrg/kc/buy/cgsh_order_operate.html?command=get_materiel&rest_code=00150&code=00101006109&supplier_code=00100096&order_time=2021-06-11 HTTP/1.1" 200 409
116.232.54.115 - - [11/Jun/2021:09:38:18 +0800] "POST /xingrg/dwr/call/plaincall/AjaxReportQueryService.getFixDate.dwr HTTP/1.1" 200 111
116.230.114.112 - - [11/Jun/2021:09:38:18 +0800] "GET /xingrg/all/function/internal_message.html?_=1623375513762&CODE_STATE=getMsg HTTP/1.1" 302 -
116.232.54.115 - - [11/Jun/2021:09:38:19 +0800] "POST /xingrg/dwr/call/plaincall/AjaxReportQueryService.refreshCache.dwr HTTP/1.1" 200 78
180.161.111.4 - - [11/Jun/2021:09:38:22 +0800] "GET /xingrg/kc/buy/cgsh_order_operate.html?command=get_materiel&rest_code=00102&code=00101006055&supplier_code=00100096&order_time=2021-06-11 HTTP/1.1" 200 409
116.232.54.115 - - [11/Jun/2021:09:38:22 +0800] "POST /xingrg/all/report/load_report_page.html HTTP/1.1" 200 158812
116.232.54.115 - - [11/Jun/2021:09:38:22 +0800] "GET /xingrg/servlets/image?cache=0.3906823845549976&image=px HTTP/1.1" 200 807
61.165.42.208 - - [11/Jun/2021:09:38:23 +0800] "GET /xingrg/all/function/internal_message.html?_=1623375505458&CODE_STATE=getMsg HTTP/1.1" 200 27
101.85.94.178 - - [11/Jun/2021:09:38:24 +0800] "GET /xingrg/all/function/internal_message.html?_=1623374964122&CODE_STATE=getMsg HTTP/1.1" 200 27
180.161.111.4 - - [11/Jun/2021:09:38:24 +0800] "GET /xingrg/all/function/internal_message.html?_=1623375469353&CODE_STATE=getMsg HTTP/1.1" 200 27
116.224.253.72 - - [11/Jun/2021:09:38:25 +0800] "GET /xingrg/kc/buy/cgsh_order_operate.html?command=get_materiel&rest_code=00150&code=00101006013&supplier_code=00100096&order_time=2021-06-11 HTTP/1.1" 200 411
116.235.222.38 - - [11/Jun/2021:09:38:31 +0800] "POST /xingrg/services/DataTransmitService HTTP/1.1" 200 524
58.40.7.146 - - [11/Jun/2021:09:38:35 +0800] "GET /xingrg/all/function/internal_message.html?_=1623375515921&CODE_STATE=getMsg HTTP/1.1" 200 27
116.224.253.72 - - [11/Jun/2021:09:38:36 +0800] "GET /xingrg/kc/buy/cgsh_order_operate.html?command=get_materiel&rest_code=00150&code=00101007061&supplier_code=00100096&order_time=2021-06-11 HTTP/1.1" 200 409
180.161.111.4 - - [11/Jun/2021:09:38:37 +0800] "GET /xingrg/kc/buy/cgsh_order_operate.html?command=get_materiel&rest_code=00102&code=00101007061&supplier_code=00100096&order_time=2021-06-11 HTTP/1.1" 200 409
116.232.54.115 - - [11/Jun/2021:09:38:41 +0800] "GET /xingrg/javascript/multi_select/dropdown_hover.gif HTTP/1.1" 200 61
180.169.147.146 - - [11/Jun/2021:09:38:41 +0800] "GET /xingrg/all/function/internal_message.html?_=1623375522632&CODE_STATE=getMsg HTTP/1.1" 200 27
116.232.54.115 - - [11/Jun/2021:09:38:42 +0800] "POST /xingrg/dwr/call/plaincall/AjaxReportQueryService.refreshCache.dwr HTTP/1.1" 200 78
116.235.222.38 - - [11/Jun/2021:09:38:43 +0800] "GET /xingrg/all/function/internal_message.html?_=1623375516341&CODE_STATE=getMsg HTTP/1.1" 200 27
117.131.5.26 - - [11/Jun/2021:09:38:43 +0800] "GET /xingrg/all/function/internal_message.html?_=1623375616428&CODE_STATE=getMsg HTTP/1.1" 200 27
116.230.117.165 - - [11/Jun/2021:09:38:45 +0800] "GET /xingrg/check_reg.html?_=1623375542528 HTTP/1.1" 200 22
116.232.54.115 - - [11/Jun/2021:09:38:45 +0800] "POST /xingrg/all/report/load_report_page.html HTTP/1.1" 200 156385
116.232.54.115 - - [11/Jun/2021:09:38:45 +0800] "GET /xingrg/servlets/image?cache=0.141214795061252&image=px HTTP/1.1" 200 807
116.230.117.165 - - [11/Jun/2021:09:38:46 +0800] "GET /xingrg/all/function/internal_message.html?_=1623375543630&CODE_STATE=getMsg HTTP/1.1" 200 27
180.161.111.4 - - [11/Jun/2021:09:38:46 +0800] "GET /xingrg/kc/buy/cgsh_order_operate.html?command=get_materiel&rest_code=00102&code=00101007081&supplier_code=00100096&order_time=2021-06-11 HTTP/1.1" 200 415
180.169.147.146 - - [11/Jun/2021:09:38:47 +0800] "GET /xingrg/all/function/internal_message.html?_=1623375522331&CODE_STATE=getMsg HTTP/1.1" 200 27
180.169.147.146 - - [11/Jun/2021:09:38:47 +0800] "GET /xingrg/check_reg.html?_=1623375522362 HTTP/1.1" 200 22
116.224.253.72 - - [11/Jun/2021:09:38:49 +0800] "GET /xingrg/kc/buy/cgsh_order_operate.html?command=get_materiel&rest_code=00150&code=00101007049&supplier_code=00100096&order_time=2021-06-11 HTTP/1.1" 200 409
116.224.253.72 - - [11/Jun/2021:09:38:52 +0800] "GET /xingrg/all/function/internal_message.html?_=1623375527671&CODE_STATE=getMsg HTTP/1.1" 200 27
180.169.147.146 - - [11/Jun/2021:09:38:53 +0800] "GET /xingrg/all/function/internal_message.html?_=1623375536190&CODE_STATE=getMsg HTTP/1.1" 200 27
117.185.32.26 - - [11/Jun/2021:09:38:55 +0800] "GET /xingrg/all/function/internal_message.html?_=1623376070332&CODE_STATE=getMsg HTTP/1.1" 200 27
101.83.241.191 - - [11/Jun/2021:09:38:56 +0800] "GET /xingrg/login.html HTTP/1.1" 200 7641
101.83.241.191 - - [11/Jun/2021:09:38:57 +0800] "GET /favicon.ico HTTP/1.1" 404 -
116.224.253.72 - - [11/Jun/2021:09:38:58 +0800] "GET /xingrg/kc/buy/cgsh_order_operate.html?command=get_materiel&rest_code=00150&code=00101007071&supplier_code=00100096&order_time=2021-06-11 HTTP/1.1" 200 417
180.161.111.4 - - [11/Jun/2021:09:38:59 +0800] "GET /xingrg/kc/buy/cgsh_order_operate.html?command=get_materiel&rest_code=00102&code=00101007049&supplier_code=00100096&order_time=2021-06-11 HTTP/1.1" 200 409
116.230.114.112 - - [11/Jun/2021:09:39:06 +0800] "GET /xingrg/check_reg.html?_=1623375561772 HTTP/1.1" 302 -
116.224.253.72 - - [11/Jun/2021:09:39:07 +0800] "GET /xingrg/all/function/internal_message.html?_=1623375546782&CODE_STATE=getMsg HTTP/1.1" 200 27
180.169.147.146 - - [11/Jun/2021:09:39:11 +0800] "GET /xingrg/all/function/internal_message.html?_=1623375551615&CODE_STATE=getMsg HTTP/1.1" 200 27
180.161.111.4 - - [11/Jun/2021:09:39:11 +0800] "GET /xingrg/kc/buy/cgsh_order_operate.html?command=get_materiel&rest_code=00102&code=00101006129&supplier_code=00100096&order_time=2021-06-11 HTTP/1.1" 200 433
116.232.54.115 - - [11/Jun/2021:09:39:12 +0800] "GET /xingrg/all/function/internal_message.html?_=1623375553046&CODE_STATE=getMsg HTTP/1.1" 200 27
116.224.253.72 - - [11/Jun/2021:09:39:14 +0800] "GET /xingrg/kc/buy/cgsh_order_operate.html?command=get_materiel&rest_code=00150&code=00101007059&supplier_code=00100096&order_time=2021-06-11 HTTP/1.1" 200 409
101.83.241.191 - - [11/Jun/2021:09:39:14 +0800] "POST /xingrg/login.do HTTP/1.1" 302 -
101.83.241.191 - - [11/Jun/2021:09:39:14 +0800] "GET /xingrg/index.html?sysBaseUrl=http%3A%2F%2F180.169.147.146%3A18081%2Fxingrg%2F&costTime=1614×tamp=1623375554609 HTTP/1.1" 200 17179
101.83.241.191 - - [11/Jun/2021:09:39:14 +0800] "GET /favicon.ico HTTP/1.1" 404 -
101.83.241.191 - - [11/Jun/2021:09:39:15 +0800] "GET /xingrg/check_reg.html?_=1623375556580 HTTP/1.1" 200 22
101.83.241.191 - - [11/Jun/2021:09:39:15 +0800] "GET /xingrg/all/function/internal_message.html?_=1623375556578&CODE_STATE=count HTTP/1.1" 200 11
101.83.241.191 - - [11/Jun/2021:09:39:15 +0800] "POST /xingrg/all/common/load_tree.html?tree=area_rest_tree_json&manage=1 HTTP/1.1" 200 351
101.83.241.191 - - [11/Jun/2021:09:39:15 +0800] "POST /xingrg/load_menu.html HTTP/1.1" 200 5138
116.230.114.112 - - [11/Jun/2021:09:39:18 +0800] "GET /xingrg/all/function/internal_message.html?_=1623375573783&CODE_STATE=getMsg HTTP/1.1" 302 -
116.235.222.38 - - [11/Jun/2021:09:39:19 +0800] "POST /xingrg/services/DataTransmitService HTTP/1.1" 200 501
101.83.241.191 - - [11/Jun/2021:09:39:20 +0800] "GET /xingrg/kc/buy/cgsh_order_list.html HTTP/1.1" 200 46722
58.221.95.50 - - [11/Jun/2021:09:39:22 +0800] "GET /xingrg/check_reg.html?_=1623375563553 HTTP/1.1" 302 -
101.83.241.191 - - [11/Jun/2021:09:39:22 +0800] "POST /xingrg/kc/buy/cgsh_list_operate.html HTTP/1.1" 200 876
61.165.42.208 - - [11/Jun/2021:09:39:23 +0800] "GET /xingrg/all/function/internal_message.html?_=1623375565431&CODE_STATE=getMsg HTTP/1.1" 200 27
101.85.94.178 - - [11/Jun/2021:09:39:24 +0800] "GET /xingrg/all/function/internal_message.html?_=1623375024123&CODE_STATE=getMsg HTTP/1.1" 200 27
180.161.111.4 - - [11/Jun/2021:09:39:24 +0800] "GET /xingrg/all/function/internal_message.html?_=1623375529367&CODE_STATE=getMsg HTTP/1.1" 200 27
61.165.42.208 - - [11/Jun/2021:09:39:24 +0800] "GET /xingrg/check_reg.html?_=1623375565995 HTTP/1.1" 200 22
101.83.241.191 - - [11/Jun/2021:09:39:25 +0800] "GET /xingrg/kc/buy/cgsh_order_add.html HTTP/1.1" 200 61576
101.83.241.191 - - [11/Jun/2021:09:39:25 +0800] "GET /xingrg/words/20210608131730_words.js HTTP/1.1" 304 -
180.161.111.4 - - [11/Jun/2021:09:39:25 +0800] "GET /xingrg/kc/buy/cgsh_order_operate.html?command=get_materiel&rest_code=00102&code=00101006112&supplier_code=00100096&order_time=2021-06-11 HTTP/1.1" 200 411
101.83.241.191 - - [11/Jun/2021:09:39:25 +0800] "POST /xingrg/kc/buy/cgsh_order_operate.html HTTP/1.1" 200 8245
101.83.241.191 - - [11/Jun/2021:09:39:25 +0800] "GET /xingrg/javascript/easyui/themes/default/validatebox.css HTTP/1.1" 404 1104
101.83.241.191 - - [11/Jun/2021:09:39:25 +0800] "GET /xingrg/all/common/auto_word.html?type=employee&rest_code=00154 HTTP/1.1" 200 101
101.83.241.191 - - [11/Jun/2021:09:39:25 +0800] "GET /xingrg/all/common/auto_word.html?type=employee&rest_code=00154 HTTP/1.1" 200 101
101.83.241.191 - - [11/Jun/2021:09:39:29 +0800] "GET /xingrg/javascript/auto/indicator.gif HTTP/1.1" 404 1066
116.224.253.72 - - [11/Jun/2021:09:39:29 +0800] "GET /xingrg/kc/buy/cgsh_order_operate.html?command=get_materiel&rest_code=00150&code=00101007077&supplier_code=00100096&order_time=2021-06-11 HTTP/1.1" 200 415
116.232.54.115 - - [11/Jun/2021:09:39:33 +0800] "GET /xingrg/kc/buy/buy_main.html HTTP/1.1" 200 12412
116.232.54.115 - - [11/Jun/2021:09:39:33 +0800] "GET /xingrg/css/new_ie.css HTTP/1.1" 404 1036
116.232.54.115 - - [11/Jun/2021:09:39:33 +0800] "GET /xingrg/javascript/ToolTips.js HTTP/1.1" 200 5615
116.232.54.115 - - [11/Jun/2021:09:39:33 +0800] "GET /xingrg/javascript/jquery_ui/jquery-ui.min.js HTTP/1.1" 200 186181
116.232.54.115 - - [11/Jun/2021:09:39:33 +0800] "GET /xingrg/images/blue/button/cgxqd.gif HTTP/1.1" 200 2619
116.232.54.115 - - [11/Jun/2021:09:39:33 +0800] "GET /xingrg/images/blue/button/cgfkd.gif HTTP/1.1" 200 2075
116.232.54.115 - - [11/Jun/2021:09:39:33 +0800] "GET /xingrg/images/blue/button/kc.gif HTTP/1.1" 200 2160
116.232.54.115 - - [11/Jun/2021:09:39:33 +0800] "GET /xingrg/images/blue/button/cgshd.gif HTTP/1.1" 200 2618
116.232.54.115 - - [11/Jun/2021:09:39:33 +0800] "GET /xingrg/images/blue/button/cgydd.gif HTTP/1.1" 200 2712
116.232.54.115 - - [11/Jun/2021:09:39:33 +0800] "GET /xingrg/images/blue/button/ckthd.gif HTTP/1.1" 200 2045
116.232.54.115 - - [11/Jun/2021:09:39:33 +0800] "GET /xingrg/images/blue/pic_form2.gif HTTP/1.1" 200 1853
116.232.54.115 - - [11/Jun/2021:09:39:33 +0800] "GET /xingrg/images/blue/bg_dotted.jpg HTTP/1.1" 200 319
116.232.54.115 - - [11/Jun/2021:09:39:33 +0800] "GET /xingrg/images/blue/button/right_ah.jpg HTTP/1.1" 200 1744
116.232.54.115 - - [11/Jun/2021:09:39:33 +0800] "GET /xingrg/javascript/jquery_ui/themes/humanity/images/ui-bg_inset-soft_100_f4f0ec_1x100.png HTTP/1.1" 200 141
116.232.54.115 - - [11/Jun/2021:09:39:33 +0800] "GET /xingrg/images/blue/button/down_ah.jpg HTTP/1.1" 200 1732
116.232.54.115 - - [11/Jun/2021:09:39:33 +0800] "GET /xingrg/javascript/jquery_ui/themes/humanity/images/ui-iconsnew.jpg HTTP/1.1" 200 337
116.232.54.115 - - [11/Jun/2021:09:39:33 +0800] "GET /xingrg/javascript/jquery_ui/themes/humanity/images/ui-icons_ffffff_256x240.png HTTP/1.1" 200 4369
116.232.54.115 - - [11/Jun/2021:09:39:33 +0800] "GET /xingrg/javascript/jquery_ui/themes/humanity/images/ui-icons_c47a23_256x240.png HTTP/1.1" 200 5355
116.232.54.115 - - [11/Jun/2021:09:39:33 +0800] "GET /xingrg/javascript/jquery_ui/themes/humanity/images/ui-bg_glass_70_ede4d4_1x400.png HTTP/1.1" 200 161
116.232.54.115 - - [11/Jun/2021:09:39:33 +0800] "GET /xingrg/images/yd/bt.gif HTTP/1.1" 404 1040
116.232.54.115 - - [11/Jun/2021:09:39:34 +0800] "GET /xingrg/kc/buy/cgsh_order_list.html HTTP/1.1" 200 46716
116.232.54.115 - - [11/Jun/2021:09:39:34 +0800] "GET /xingrg/css/base.css HTTP/1.1" 200 2811
116.232.54.115 - - [11/Jun/2021:09:39:34 +0800] "GET /xingrg/css/site.css HTTP/1.1" 200 7541
116.232.54.115 - - [11/Jun/2021:09:39:34 +0800] "GET /xingrg/javascript/jquery_tools/datebox.css HTTP/1.1" 200 2597
116.232.54.115 - - [11/Jun/2021:09:39:34 +0800] "GET /xingrg/javascript/easyui/themes/icon.css HTTP/1.1" 200 4483
116.232.54.115 - - [11/Jun/2021:09:39:34 +0800] "GET /xingrg/javascript/auto/jquery.autocomplete.css HTTP/1.1" 200 587
116.232.54.115 - - [11/Jun/2021:09:39:34 +0800] "GET /xingrg/javascript/jquery_tools/fix.css HTTP/1.1" 200 1702
116.232.54.115 - - [11/Jun/2021:09:39:34 +0800] "GET /xingrg/javascript/jquery_tools/table.css HTTP/1.1" 200 1032
116.232.54.115 - - [11/Jun/2021:09:39:34 +0800] "GET /xingrg/javascript/jquery_tools/jquery.tools.min.js HTTP/1.1" 200 138801
116.232.54.115 - - [11/Jun/2021:09:39:34 +0800] "GET /xingrg/javascript/easyui/themes/default/easyui.css HTTP/1.1" 200 30432
116.232.54.115 - - [11/Jun/2021:09:39:34 +0800] "GET /xingrg/javascript/jquery_tools/jquery.tools.hotkey.js HTTP/1.1" 200 3242
116.232.54.115 - - [11/Jun/2021:09:39:35 +0800] "GET /xingrg/javascript/jquery_tools/jquery.tools.extend.js HTTP/1.1" 200 15385
116.232.54.115 - - [11/Jun/2021:09:39:35 +0800] "GET /xingrg/javascript/jquery_tools/jquery.tools.table.js HTTP/1.1" 200 6994
116.232.54.115 - - [11/Jun/2021:09:39:35 +0800] "GET /xingrg/javascript/jquery_tools/list_manager.js HTTP/1.1" 200 3652
116.232.54.115 - - [11/Jun/2021:09:39:35 +0800] "GET /xingrg/javascript/easyui/easyloader.js HTTP/1.1" 200 5975
116.232.54.115 - - [11/Jun/2021:09:39:35 +0800] "GET /xingrg/javascript/jquery.cookie.js HTTP/1.1" 200 5513
116.232.54.115 - - [11/Jun/2021:09:39:35 +0800] "GET /xingrg/javascript/print/LodopFuncs.js HTTP/1.1" 200 5121
116.232.54.115 - - [11/Jun/2021:09:39:35 +0800] "GET /xingrg/javascript/auto/jquery.autocomplete.js HTTP/1.1" 200 21624
116.232.54.115 - - [11/Jun/2021:09:39:35 +0800] "GET /xingrg/javascript/easyui/themes/icons/edit_add_new.png HTTP/1.1" 200 2997
116.232.54.115 - - [11/Jun/2021:09:39:35 +0800] "GET /xingrg/javascript/easyui/themes/icons/import_new.png HTTP/1.1" 200 1247
116.232.54.115 - - [11/Jun/2021:09:39:35 +0800] "GET /xingrg/javascript/easyui/themes/icons/check_new.png HTTP/1.1" 200 3224
116.232.54.115 - - [11/Jun/2021:09:39:35 +0800] "GET /xingrg/javascript/easyui/themes/icons/cance_new.png HTTP/1.1" 200 3986
116.232.54.115 - - [11/Jun/2021:09:39:35 +0800] "GET /xingrg/javascript/easyui/themes/icons/field_new.png HTTP/1.1" 200 1097
116.232.54.115 - - [11/Jun/2021:09:39:35 +0800] "GET /xingrg/javascript/easyui/plugins/jquery.parser.js HTTP/1.1" 200 1142
116.232.54.115 - - [11/Jun/2021:09:39:35 +0800] "GET /xingrg/images/control/ajaxLoader.gif HTTP/1.1" 200 4659
58.40.7.146 - - [11/Jun/2021:09:39:35 +0800] "GET /xingrg/all/function/internal_message.html?_=1623375575923&CODE_STATE=getMsg HTTP/1.1" 200 27
116.232.54.115 - - [11/Jun/2021:09:39:37 +0800] "POST /xingrg/kc/buy/cgsh_list_operate.html HTTP/1.1" 200 1682
116.232.54.115 - - [11/Jun/2021:09:39:39 +0800] "POST /xingrg/kc/buy/cgsh_list_operate.html HTTP/1.1" 200 563
180.169.147.146 - - [11/Jun/2021:09:39:41 +0800] "GET /xingrg/all/function/internal_message.html?_=1623375582638&CODE_STATE=getMsg HTTP/1.1" 200 27
180.169.147.146 - - [11/Jun/2021:09:39:41 +0800] "GET /xingrg/check_reg.html?_=1623375582642 HTTP/1.1" 200 22
116.232.54.115 - - [11/Jun/2021:09:39:42 +0800] "GET /xingrg/check_reg.html?_=1623375582444 HTTP/1.1" 200 22
116.232.54.115 - - [11/Jun/2021:09:39:42 +0800] "GET /xingrg/all/function/internal_message.html?_=1623375582443&CODE_STATE=count HTTP/1.1" 200 11
116.232.54.115 - - [11/Jun/2021:09:39:42 +0800] "POST /xingrg/all/common/load_tree.html?tree=area_rest_tree_json&manage=1 HTTP/1.1" 200 342
116.232.54.115 - - [11/Jun/2021:09:39:42 +0800] "POST /xingrg/load_menu.html HTTP/1.1" 200 5138
116.235.222.38 - - [11/Jun/2021:09:39:43 +0800] "GET /xingrg/all/function/internal_message.html?_=1623375576377&CODE_STATE=getMsg HTTP/1.1" 200 27
117.131.5.26 - - [11/Jun/2021:09:39:43 +0800] "GET /xingrg/all/function/internal_message.html?_=1623375676427&CODE_STATE=getMsg HTTP/1.1" 200 27
116.232.54.115 - - [11/Jun/2021:09:39:44 +0800] "GET /xingrg/kc/buy/buy_main.html HTTP/1.1" 200 12412
116.232.54.115 - - [11/Jun/2021:09:39:44 +0800] "GET /xingrg/css/new_ie.css HTTP/1.1" 404 1036
116.232.54.115 - - [11/Jun/2021:09:39:45 +0800] "GET /xingrg/kc/buy/cgsh_order_list.html HTTP/1.1" 200 46716
116.230.117.165 - - [11/Jun/2021:09:39:46 +0800] "GET /xingrg/all/function/internal_message.html?_=1623375603632&CODE_STATE=getMsg HTTP/1.1" 200 27
180.169.147.146 - - [11/Jun/2021:09:39:47 +0800] "GET /xingrg/all/function/internal_message.html?_=1623375582354&CODE_STATE=getMsg HTTP/1.1" 200 27
116.232.54.115 - - [11/Jun/2021:09:39:48 +0800] "POST /xingrg/kc/buy/cgsh_list_operate.html HTTP/1.1" 200 1682
116.232.54.115 - - [11/Jun/2021:09:39:51 +0800] "POST /xingrg/kc/buy/cgsh_list_operate.html HTTP/1.1" 200 563
116.224.253.72 - - [11/Jun/2021:09:39:52 +0800] "GET /xingrg/all/function/internal_message.html?_=1623375587692&CODE_STATE=getMsg HTTP/1.1" 200 27
116.232.54.115 - - [11/Jun/2021:09:39:52 +0800] "GET /xingrg/kc/buy/cgsh_order_info.html?code=212021061104773 HTTP/1.1" 200 62504
116.232.54.115 - - [11/Jun/2021:09:39:52 +0800] "GET /xingrg/javascript/easyui/themes/default/validatebox.css HTTP/1.1" 404 1104
116.232.54.115 - - [11/Jun/2021:09:39:52 +0800] "GET /xingrg/all/common/auto_word.html?type=employee&rest_code=00109 HTTP/1.1" 200 255
116.232.54.115 - - [11/Jun/2021:09:39:52 +0800] "GET /xingrg/all/common/auto_word.html?type=employee&rest_code=00109 HTTP/1.1" 200 255
116.232.54.115 - - [11/Jun/2021:09:39:53 +0800] "POST /xingrg/kc/buy/cgsh_order_operate.html HTTP/1.1" 200 22151
180.169.147.146 - - [11/Jun/2021:09:39:53 +0800] "GET /xingrg/all/function/internal_message.html?_=1623375596200&CODE_STATE=getMsg HTTP/1.1" 200 27
117.185.32.26 - - [11/Jun/2021:09:39:55 +0800] "GET /xingrg/all/function/internal_message.html?_=1623376130332&CODE_STATE=getMsg HTTP/1.1" 200 27
180.161.111.4 - - [11/Jun/2021:09:40:05 +0800] "GET /xingrg/kc/buy/cgsh_order_operate.html?command=get_materiel&rest_code=00102&code=00101006039&supplier_code=00100096&order_time=2021-06-11 HTTP/1.1" 200 415
116.224.253.72 - - [11/Jun/2021:09:40:07 +0800] "GET /xingrg/all/function/internal_message.html?_=1623375606778&CODE_STATE=getMsg HTTP/1.1" 200 27
180.169.147.146 - - [11/Jun/2021:09:40:11 +0800] "GET /xingrg/all/function/internal_message.html?_=1623375611609&CODE_STATE=getMsg HTTP/1.1" 200 27
101.83.241.191 - - [11/Jun/2021:09:40:15 +0800] "GET /xingrg/all/function/internal_message.html?_=1623375616596&CODE_STATE=getMsg HTTP/1.1" 200 27
101.83.241.191 - - [11/Jun/2021:09:40:16 +0800] "GET /xingrg/kc/buy/cgsh_order_operate.html?command=get_materiel&rest_code=00154&code=00101006183&supplier_code=00100176&order_time=2021-06-11 HTTP/1.1" 200 409
116.230.114.112 - - [11/Jun/2021:09:40:18 +0800] "GET /xingrg/all/function/internal_message.html?_=1623375633789&CODE_STATE=getMsg HTTP/1.1" 302 -
180.161.111.4 - - [11/Jun/2021:09:40:20 +0800] "GET /xingrg/kc/buy/cgsh_order_operate.html?command=get_materiel&rest_code=00102&code=00101016080&supplier_code=00100096&order_time=2021-06-11 HTTP/1.1" 200 408
