180.169.147.146 - - [11/Jun/2021:11:10:53 +0800] "GET /xingrg/check_reg.html?_=1623381056593 HTTP/1.1" 200 22
180.161.111.4 - - [11/Jun/2021:11:10:55 +0800] "GET /xingrg/kc/buy/cgsh_order_add.html HTTP/1.1" 200 62419
180.161.111.4 - - [11/Jun/2021:11:10:55 +0800] "POST /xingrg/kc/buy/cgsh_order_operate.html HTTP/1.1" 200 8245
180.161.111.4 - - [11/Jun/2021:11:10:56 +0800] "GET /xingrg/javascript/easyui/themes/default/validatebox.css HTTP/1.1" 404 1104
116.230.110.80 - - [11/Jun/2021:11:10:57 +0800] "GET /xingrg/check_reg.html?_=1623381036772 HTTP/1.1" 200 22
116.230.110.80 - - [11/Jun/2021:11:10:57 +0800] "GET /xingrg/all/function/internal_message.html?_=1623381036778&CODE_STATE=getMsg HTTP/1.1" 200 27
116.224.253.72 - - [11/Jun/2021:11:10:58 +0800] "GET /xingrg/all/function/internal_message.html?_=1623381058105&CODE_STATE=getMsg HTTP/1.1" 200 27
116.224.253.72 - - [11/Jun/2021:11:10:58 +0800] "GET /xingrg/check_reg.html?_=1623381058109 HTTP/1.1" 200 22
116.230.110.80 - - [11/Jun/2021:11:11:00 +0800] "POST /xingrg/kc/buy/cgsh_order_operate.html HTTP/1.1" 200 37
116.230.110.80 - - [11/Jun/2021:11:11:01 +0800] "POST /xingrg/kc/buy/cgsh_order_operate.html HTTP/1.1" 200 2661
116.230.110.80 - - [11/Jun/2021:11:11:02 +0800] "GET /xingrg/kc/print/load_data.html?order_code=212021061104880&kc_code=cgsh&condition= HTTP/1.1" 200 736
180.161.111.4 - - [11/Jun/2021:11:11:04 +0800] "GET /xingrg/all/function/internal_message.html?_=1623381029163&CODE_STATE=getMsg HTTP/1.1" 200 27
180.161.111.4 - - [11/Jun/2021:11:11:08 +0800] "GET /xingrg/kc/buy/cgsh_order_operate.html?command=get_materiel&rest_code=00102&code=00101019746&supplier_code=00100337&order_time=2021-06-11 HTTP/1.1" 200 395
116.230.110.80 - - [11/Jun/2021:11:11:08 +0800] "GET /xingrg/kc/buy/cgsh_order_add.html HTTP/1.1" 200 62422
116.230.110.80 - - [11/Jun/2021:11:11:09 +0800] "POST /xingrg/kc/buy/cgsh_order_operate.html HTTP/1.1" 200 8245
116.230.110.80 - - [11/Jun/2021:11:11:09 +0800] "GET /xingrg/javascript/easyui/themes/default/validatebox.css HTTP/1.1" 404 1104
117.185.32.26 - - [11/Jun/2021:11:11:10 +0800] "GET /xingrg/check_reg.html?_=1623381604426 HTTP/1.1" 200 22
117.185.32.26 - - [11/Jun/2021:11:11:10 +0800] "GET /xingrg/all/function/internal_message.html?_=1623381604507&CODE_STATE=getMsg HTTP/1.1" 200 27
180.169.147.146 - - [11/Jun/2021:11:11:11 +0800] "GET /xingrg/all/function/internal_message.html?_=1623381071627&CODE_STATE=getMsg HTTP/1.1" 200 27
101.83.241.191 - - [11/Jun/2021:11:11:13 +0800] "GET /xingrg/all/function/internal_message.html?_=1623381074864&CODE_STATE=getMsg HTTP/1.1" 200 27
180.161.111.4 - - [11/Jun/2021:11:11:16 +0800] "POST /xingrg/kc/buy/cgsh_order_operate.html HTTP/1.1" 200 37
116.230.114.112 - - [11/Jun/2021:11:11:20 +0800] "GET /xingrg/all/function/internal_message.html?_=1623381095034&CODE_STATE=getMsg HTTP/1.1" 302 -
116.230.110.80 - - [11/Jun/2021:11:11:20 +0800] "GET /xingrg/kc/buy/cgsh_order_operate.html?command=get_materiel&rest_code=00155&code=00101002035&supplier_code=00100088&order_time=2021-06-11 HTTP/1.1" 200 416
61.165.42.208 - - [11/Jun/2021:11:11:22 +0800] "GET /xingrg/all/function/internal_message.html?_=1623381083733&CODE_STATE=getMsg HTTP/1.1" 200 27
180.161.111.4 - - [11/Jun/2021:11:11:23 +0800] "POST /xingrg/kc/buy/cgsh_order_operate.html HTTP/1.1" 200 12
180.161.111.4 - - [11/Jun/2021:11:11:25 +0800] "GET /xingrg/kc/buy/cgsh_order_info.html?code=212021061104881 HTTP/1.1" 200 57323
180.161.111.4 - - [11/Jun/2021:11:11:26 +0800] "GET /xingrg/javascript/easyui/themes/default/validatebox.css HTTP/1.1" 404 1104
180.161.111.4 - - [11/Jun/2021:11:11:27 +0800] "POST /xingrg/kc/buy/cgsh_order_operate.html HTTP/1.1" 200 602
180.161.111.4 - - [11/Jun/2021:11:11:28 +0800] "GET /xingrg/kc/print/load_data.html?order_code=212021061104881&kc_code=cgsh&condition= HTTP/1.1" 200 690
180.161.111.4 - - [11/Jun/2021:11:11:29 +0800] "GET /xingrg/check_reg.html?_=1623381091998 HTTP/1.1" 200 22
180.161.111.4 - - [11/Jun/2021:11:11:32 +0800] "GET /xingrg/kc/buy/cgsh_order_add.html HTTP/1.1" 200 62419
180.161.111.4 - - [11/Jun/2021:11:11:33 +0800] "POST /xingrg/kc/buy/cgsh_order_operate.html HTTP/1.1" 200 8245
180.161.111.4 - - [11/Jun/2021:11:11:34 +0800] "GET /xingrg/javascript/easyui/themes/default/validatebox.css HTTP/1.1" 404 1104
116.230.110.80 - - [11/Jun/2021:11:11:35 +0800] "POST /xingrg/kc/buy/cgsh_order_operate.html HTTP/1.1" 200 37
58.40.7.146 - - [11/Jun/2021:11:11:35 +0800] "GET /xingrg/all/function/internal_message.html?_=1623381096001&CODE_STATE=getMsg HTTP/1.1" 200 27
116.230.117.165 - - [11/Jun/2021:11:11:36 +0800] "GET /xingrg/all/function/internal_message.html?_=1623381113865&CODE_STATE=getMsg HTTP/1.1" 200 27
116.230.110.80 - - [11/Jun/2021:11:11:36 +0800] "POST /xingrg/kc/buy/cgsh_order_operate.html HTTP/1.1" 200 2663
117.184.7.26 - - [11/Jun/2021:11:11:37 +0800] "GET /xingrg/all/function/internal_message.html?_=1623381089245&CODE_STATE=getMsg HTTP/1.1" 200 27
180.169.147.146 - - [11/Jun/2021:11:11:37 +0800] "GET /xingrg/all/function/internal_message.html?_=1623381097496&CODE_STATE=getMsg HTTP/1.1" 200 27
116.230.110.80 - - [11/Jun/2021:11:11:37 +0800] "GET /xingrg/kc/print/load_data.html?order_code=212021061104882&kc_code=cgsh&condition= HTTP/1.1" 200 757
180.161.111.4 - - [11/Jun/2021:11:11:40 +0800] "GET /xingrg/kc/buy/cgsh_order_operate.html?command=get_materiel&rest_code=00102&code=00101001127&supplier_code=00100442&order_time=2021-06-11 HTTP/1.1" 200 430
116.232.54.115 - - [11/Jun/2021:11:11:42 +0800] "GET /xingrg/all/function/internal_message.html?_=1623381102632&CODE_STATE=getMsg HTTP/1.1" 200 27
124.79.241.247 - - [11/Jun/2021:11:11:43 +0800] "GET /xingrg/all/function/internal_message.html?_=1623381196534&CODE_STATE=getMsg HTTP/1.1" 200 27
116.235.222.38 - - [11/Jun/2021:11:11:43 +0800] "GET /xingrg/all/function/internal_message.html?_=1623381096747&CODE_STATE=getMsg HTTP/1.1" 200 27
180.161.111.4 - - [11/Jun/2021:11:11:44 +0800] "GET /xingrg/all/function/internal_message.html?_=1623381107629&CODE_STATE=getMsg HTTP/1.1" 200 27
180.169.147.146 - - [11/Jun/2021:11:11:47 +0800] "GET /xingrg/all/function/internal_message.html?_=1623381102726&CODE_STATE=getMsg HTTP/1.1" 200 27
120.253.135.82 - - [11/Jun/2021:11:11:48 +0800] "GET /xingrg/kc/pszx/mdth_order_info.html?code=322021061100008 HTTP/1.1" 200 20101
180.161.111.4 - - [11/Jun/2021:11:11:48 +0800] "POST /xingrg/kc/buy/cgsh_order_operate.html HTTP/1.1" 200 37
120.253.135.82 - - [11/Jun/2021:11:11:49 +0800] "GET /xingrg/javascript/easyui/themes/icons/uncheck_new.png HTTP/1.1" 200 3197
180.169.147.146 - - [11/Jun/2021:11:11:49 +0800] "GET /xingrg/all/function/internal_message.html?_=1623381108711&CODE_STATE=getMsg HTTP/1.1" 200 27
120.253.135.82 - - [11/Jun/2021:11:11:49 +0800] "GET /xingrg/all/function/internal_message.html?_=1623380892564&CODE_STATE=getMsg HTTP/1.1" 200 27
120.253.135.82 - - [11/Jun/2021:11:11:49 +0800] "GET /xingrg/javascript/easyui/themes/default/validatebox.css HTTP/1.1" 404 1104
120.253.135.82 - - [11/Jun/2021:11:11:49 +0800] "POST /xingrg/kc/pszx/mdth_order_new_info.html HTTP/1.1" 200 280
116.224.253.72 - - [11/Jun/2021:11:11:53 +0800] "GET /xingrg/all/function/internal_message.html?_=1623381108935&CODE_STATE=getMsg HTTP/1.1" 200 27
180.169.147.146 - - [11/Jun/2021:11:11:53 +0800] "GET /xingrg/all/function/internal_message.html?_=1623381116597&CODE_STATE=getMsg HTTP/1.1" 200 27
180.161.111.4 - - [11/Jun/2021:11:11:54 +0800] "POST /xingrg/kc/buy/cgsh_order_operate.html HTTP/1.1" 200 12
120.253.135.82 - - [11/Jun/2021:11:11:56 +0800] "GET /xingrg/kc/pszx/mdth_order_info.html?code=322021061100008 HTTP/1.1" 200 20101
180.161.111.4 - - [11/Jun/2021:11:11:56 +0800] "GET /xingrg/kc/buy/cgsh_order_info.html?code=212021061104883 HTTP/1.1" 200 57323
120.253.135.82 - - [11/Jun/2021:11:11:56 +0800] "GET /xingrg/javascript/easyui/themes/default/validatebox.css HTTP/1.1" 404 1104
120.253.135.82 - - [11/Jun/2021:11:11:56 +0800] "POST /xingrg/kc/pszx/mdth_order_new_info.html HTTP/1.1" 200 280
180.161.111.4 - - [11/Jun/2021:11:11:57 +0800] "GET /xingrg/javascript/easyui/themes/default/validatebox.css HTTP/1.1" 404 1104
116.230.110.80 - - [11/Jun/2021:11:11:57 +0800] "GET /xingrg/all/function/internal_message.html?_=1623381096771&CODE_STATE=getMsg HTTP/1.1" 200 27
180.161.111.4 - - [11/Jun/2021:11:11:57 +0800] "POST /xingrg/kc/buy/cgsh_order_operate.html HTTP/1.1" 200 625
116.224.253.72 - - [11/Jun/2021:11:11:58 +0800] "GET /xingrg/all/function/internal_message.html?_=1623381118116&CODE_STATE=getMsg HTTP/1.1" 200 27
120.253.135.82 - - [11/Jun/2021:11:12:00 +0800] "POST /xingrg/kc/pszx/mdth_order_new_list.html HTTP/1.1" 200 4653
180.161.111.4 - - [11/Jun/2021:11:12:01 +0800] "GET /xingrg/kc/print/load_data.html?order_code=212021061104883&kc_code=cgsh&condition= HTTP/1.1" 200 718
180.161.111.4 - - [11/Jun/2021:11:12:04 +0800] "GET /xingrg/all/function/internal_message.html?_=1623381089180&CODE_STATE=getMsg HTTP/1.1" 200 27
180.161.111.4 - - [11/Jun/2021:11:12:04 +0800] "GET /xingrg/kc/buy/cgsh_order_add.html HTTP/1.1" 200 62419
180.161.111.4 - - [11/Jun/2021:11:12:05 +0800] "POST /xingrg/kc/buy/cgsh_order_operate.html HTTP/1.1" 200 8245
180.161.111.4 - - [11/Jun/2021:11:12:05 +0800] "GET /xingrg/javascript/easyui/themes/default/validatebox.css HTTP/1.1" 404 1104
120.253.135.82 - - [11/Jun/2021:11:12:06 +0800] "GET /xingrg/kc/buy/cgth_order_list.html HTTP/1.1" 200 46119
120.253.135.82 - - [11/Jun/2021:11:12:06 +0800] "GET /xingrg/javascript/easyui/themes/icons/edit_add_new.png HTTP/1.1" 200 2997
120.253.135.82 - - [11/Jun/2021:11:12:06 +0800] "GET /xingrg/javascript/easyui/themes/icons/field_new.png HTTP/1.1" 200 1097
120.253.135.82 - - [11/Jun/2021:11:12:06 +0800] "GET /xingrg/javascript/easyui/themes/icons/cance_new.png HTTP/1.1" 200 3986
120.253.135.82 - - [11/Jun/2021:11:12:07 +0800] "POST /xingrg/kc/buy/cgth_list_operate.html HTTP/1.1" 200 1035
117.185.32.26 - - [11/Jun/2021:11:12:10 +0800] "GET /xingrg/all/function/internal_message.html?_=1623381664492&CODE_STATE=getMsg HTTP/1.1" 200 27
120.253.135.82 - - [11/Jun/2021:11:12:10 +0800] "GET /xingrg/javascript/jquery-1.4.2.min.js HTTP/1.1" 200 72205
120.253.135.82 - - [11/Jun/2021:11:12:10 +0800] "GET /xingrg/javascript/jquery_easy_ui/themes/icon.css HTTP/1.1" 200 3949
120.253.135.82 - - [11/Jun/2021:11:12:10 +0800] "GET /xingrg/css/blue.css HTTP/1.1" 200 15949
120.253.135.82 - - [11/Jun/2021:11:12:10 +0800] "GET /xingrg/javascript/jquery_easy_ui/jquery.easyui.min.js HTTP/1.1" 200 213662
120.253.135.82 - - [11/Jun/2021:11:12:10 +0800] "GET /xingrg/javascript/jquery_easy_ui/easyui-lang-zh_CN.js HTTP/1.1" 200 1900
120.253.135.82 - - [11/Jun/2021:11:12:10 +0800] "GET /xingrg/dwr/interface/AjaxCgthService.js HTTP/1.1" 200 14519
120.253.135.82 - - [11/Jun/2021:11:12:10 +0800] "GET /xingrg/kc/buy/cgth_order_add.html HTTP/1.1" 200 64044
120.253.135.82 - - [11/Jun/2021:11:12:10 +0800] "GET /xingrg/javascript/Calendar.js HTTP/1.1" 200 31561
120.253.135.82 - - [11/Jun/2021:11:12:10 +0800] "GET /xingrg/javascript/AjaxInfoList.js HTTP/1.1" 200 3774
120.253.135.82 - - [11/Jun/2021:11:12:10 +0800] "GET /xingrg/javascript/Grid.js HTTP/1.1" 200 58908
120.253.135.82 - - [11/Jun/2021:11:12:10 +0800] "GET /xingrg/dwr/util.js HTTP/1.1" 200 35990
120.253.135.82 - - [11/Jun/2021:11:12:10 +0800] "GET /xingrg/dwr/interface/AjaxComOrderService.js HTTP/1.1" 200 18264
120.253.135.82 - - [11/Jun/2021:11:12:10 +0800] "GET /xingrg/javascript/ToolTips.js HTTP/1.1" 200 5615
120.253.135.82 - - [11/Jun/2021:11:12:10 +0800] "GET /xingrg/javascript/tools/jquery.qtip-1.0.0-rc3.min.js HTTP/1.1" 200 38404
120.253.135.82 - - [11/Jun/2021:11:12:10 +0800] "GET /xingrg/javascript/myfunction.js HTTP/1.1" 200 24559
120.253.135.82 - - [11/Jun/2021:11:12:10 +0800] "GET /xingrg/dwr/engine.js HTTP/1.1" 200 43631
120.253.135.82 - - [11/Jun/2021:11:12:10 +0800] "GET /xingrg/javascript/jquery_easy_ui/themes/default/easyui.css HTTP/1.1" 200 26500
120.253.135.82 - - [11/Jun/2021:11:12:10 +0800] "GET /xingrg/javascript/jquery_easy_ui/themes/icons/edit_add_new.png HTTP/1.1" 200 2997
120.253.135.82 - - [11/Jun/2021:11:12:10 +0800] "GET /xingrg/javascript/jquery_easy_ui/themes/icons/cance_new.png HTTP/1.1" 200 3986
120.253.135.82 - - [11/Jun/2021:11:12:10 +0800] "GET /xingrg/javascript/jquery_easy_ui/themes/icons/ok.png HTTP/1.1" 200 883
120.253.135.82 - - [11/Jun/2021:11:12:10 +0800] "GET /xingrg/javascript/jquery_easy_ui/themes/icons/print.png HTTP/1.1" 200 1057
120.253.135.82 - - [11/Jun/2021:11:12:10 +0800] "GET /xingrg/javascript/jquery_easy_ui/themes/default/images/menu_downarrow.png HTTP/1.1" 200 173
120.253.135.82 - - [11/Jun/2021:11:12:10 +0800] "GET /xingrg/javascript/jquery_easy_ui/themes/icons/check_new.png HTTP/1.1" 200 3224
120.253.135.82 - - [11/Jun/2021:11:12:10 +0800] "GET /xingrg/javascript/jquery_easy_ui/themes/icons/settle_new.png HTTP/1.1" 200 826
120.253.135.82 - - [11/Jun/2021:11:12:10 +0800] "GET /xingrg/javascript/jquery_easy_ui/themes/icons/back_new.png HTTP/1.1" 200 3414
120.253.135.82 - - [11/Jun/2021:11:12:10 +0800] "GET /xingrg/javascript/jquery_easy_ui/themes/default/images/combo_arrow_dot.gif HTTP/1.1" 200 79
120.253.135.82 - - [11/Jun/2021:11:12:10 +0800] "GET /xingrg/javascript/jquery_easy_ui/themes/default/images/validatebox_warning.png HTTP/1.1" 200 921
120.253.135.82 - - [11/Jun/2021:11:12:10 +0800] "GET /xingrg/javascript/jquery_easy_ui/themes/default/images/validatebox_pointer.gif HTTP/1.1" 200 82
120.253.135.82 - - [11/Jun/2021:11:12:10 +0800] "GET /xingrg/javascript/jquery_easy_ui/themes/default/images/calendar_prevmonth.gif HTTP/1.1" 200 66
120.253.135.82 - - [11/Jun/2021:11:12:10 +0800] "GET /xingrg/javascript/jquery_easy_ui/themes/default/images/calendar_prevyear.gif HTTP/1.1" 200 76
120.253.135.82 - - [11/Jun/2021:11:12:10 +0800] "GET /xingrg/javascript/jquery_easy_ui/themes/default/images/calendar_nextmonth.gif HTTP/1.1" 200 64
120.253.135.82 - - [11/Jun/2021:11:12:10 +0800] "GET /xingrg/javascript/jquery_easy_ui/themes/default/images/calendar_nextyear.gif HTTP/1.1" 200 75
120.253.135.82 - - [11/Jun/2021:11:12:10 +0800] "GET /xingrg/images/blue/kc_tab2_left.gif HTTP/1.1" 200 625
120.253.135.82 - - [11/Jun/2021:11:12:10 +0800] "GET /xingrg/images/blue/kc_tab_right.gif HTTP/1.1" 200 643
120.253.135.82 - - [11/Jun/2021:11:12:10 +0800] "GET /xingrg/images/blue/kc_tab_mid.gif HTTP/1.1" 200 44
120.253.135.82 - - [11/Jun/2021:11:12:10 +0800] "GET /xingrg/images/blue/kc_tab_left.gif HTTP/1.1" 200 188
120.253.135.82 - - [11/Jun/2021:11:12:10 +0800] "GET /xingrg/images/blue/button/kc_tab_add.gif HTTP/1.1" 200 375
120.253.135.82 - - [11/Jun/2021:11:12:10 +0800] "GET /xingrg/images/blue/kc_tab2_right.gif HTTP/1.1" 200 192
120.253.135.82 - - [11/Jun/2021:11:12:10 +0800] "GET /xingrg/images/blue/button/kc_tab_edit.gif HTTP/1.1" 200 551
120.253.135.82 - - [11/Jun/2021:11:12:10 +0800] "GET /xingrg/images/blue/button/kc_tab_del.gif HTTP/1.1" 200 383
120.253.135.82 - - [11/Jun/2021:11:12:10 +0800] "GET /xingrg/images/blue/button/kc_tab_save.gif HTTP/1.1" 200 777
180.169.147.146 - - [11/Jun/2021:11:12:11 +0800] "GET /xingrg/all/function/internal_message.html?_=1623381131610&CODE_STATE=getMsg HTTP/1.1" 200 27
120.253.135.82 - - [11/Jun/2021:11:12:11 +0800] "POST /xingrg/all/common/load_tree.html?tree=supplier_tree_json&isDelete=1 HTTP/1.1" 200 56016
180.161.111.4 - - [11/Jun/2021:11:12:12 +0800] "GET /xingrg/kc/buy/cgsh_order_operate.html?command=get_materiel&rest_code=00102&code=00101010656&supplier_code=00100211&order_time=2021-06-11 HTTP/1.1" 200 402
101.83.241.191 - - [11/Jun/2021:11:12:13 +0800] "GET /xingrg/all/function/internal_message.html?_=1623381134835&CODE_STATE=getMsg HTTP/1.1" 200 27
116.230.114.112 - - [11/Jun/2021:11:12:20 +0800] "GET /xingrg/all/function/internal_message.html?_=1623381155039&CODE_STATE=getMsg HTTP/1.1" 302 -
180.161.111.4 - - [11/Jun/2021:11:12:22 +0800] "POST /xingrg/kc/buy/cgsh_order_operate.html HTTP/1.1" 200 37
61.165.42.208 - - [11/Jun/2021:11:12:22 +0800] "GET /xingrg/all/function/internal_message.html?_=1623381143713&CODE_STATE=getMsg HTTP/1.1" 200 27
101.85.94.178 - - [11/Jun/2021:11:12:24 +0800] "GET /xingrg/check_reg.html?_=1623380604507 HTTP/1.1" 200 22
180.161.111.4 - - [11/Jun/2021:11:12:27 +0800] "POST /xingrg/kc/buy/cgsh_order_operate.html HTTP/1.1" 200 12
180.161.111.4 - - [11/Jun/2021:11:12:29 +0800] "GET /xingrg/kc/buy/cgsh_order_info.html?code=212021061104884 HTTP/1.1" 200 57319
180.161.111.4 - - [11/Jun/2021:11:12:30 +0800] "GET /xingrg/javascript/easyui/themes/default/validatebox.css HTTP/1.1" 404 1104
180.161.111.4 - - [11/Jun/2021:11:12:30 +0800] "POST /xingrg/kc/buy/cgsh_order_operate.html HTTP/1.1" 200 612
180.161.111.4 - - [11/Jun/2021:11:12:32 +0800] "GET /xingrg/kc/print/load_data.html?order_code=212021061104884&kc_code=cgsh&condition= HTTP/1.1" 200 686
58.40.7.146 - - [11/Jun/2021:11:12:35 +0800] "GET /xingrg/all/function/internal_message.html?_=1623381155989&CODE_STATE=getMsg HTTP/1.1" 200 27
58.40.7.146 - - [11/Jun/2021:11:12:35 +0800] "GET /xingrg/check_reg.html?_=1623381155991 HTTP/1.1" 200 22
180.161.111.4 - - [11/Jun/2021:11:12:36 +0800] "GET /xingrg/kc/buy/cgsh_order_add.html HTTP/1.1" 200 62419
116.230.117.165 - - [11/Jun/2021:11:12:36 +0800] "GET /xingrg/all/function/internal_message.html?_=1623381173866&CODE_STATE=getMsg HTTP/1.1" 200 27
180.161.111.4 - - [11/Jun/2021:11:12:36 +0800] "POST /xingrg/kc/buy/cgsh_order_operate.html HTTP/1.1" 200 8245
180.161.111.4 - - [11/Jun/2021:11:12:37 +0800] "GET /xingrg/javascript/easyui/themes/default/validatebox.css HTTP/1.1" 404 1104
117.184.7.26 - - [11/Jun/2021:11:12:37 +0800] "GET /xingrg/all/function/internal_message.html?_=1623381149230&CODE_STATE=getMsg HTTP/1.1" 200 27
180.169.147.146 - - [11/Jun/2021:11:12:37 +0800] "GET /xingrg/all/function/internal_message.html?_=1623381157496&CODE_STATE=getMsg HTTP/1.1" 200 27
116.232.54.115 - - [11/Jun/2021:11:12:42 +0800] "GET /xingrg/all/function/internal_message.html?_=1623381162635&CODE_STATE=getMsg HTTP/1.1" 200 27
124.79.241.247 - - [11/Jun/2021:11:12:43 +0800] "GET /xingrg/all/function/internal_message.html?_=1623381256532&CODE_STATE=getMsg HTTP/1.1" 200 27
116.235.222.38 - - [11/Jun/2021:11:12:43 +0800] "GET /xingrg/all/function/internal_message.html?_=1623381156753&CODE_STATE=getMsg HTTP/1.1" 200 27
116.235.222.38 - - [11/Jun/2021:11:12:44 +0800] "GET /xingrg/check_reg.html?_=1623381156921 HTTP/1.1" 200 22
180.161.111.4 - - [11/Jun/2021:11:12:44 +0800] "GET /xingrg/all/function/internal_message.html?_=1623381167631&CODE_STATE=getMsg HTTP/1.1" 200 27
180.161.111.4 - - [11/Jun/2021:11:12:46 +0800] "GET /xingrg/kc/buy/cgsh_order_operate.html?command=get_materiel&rest_code=00102&code=00101007144&supplier_code=00100322&order_time=2021-06-11 HTTP/1.1" 200 428
180.169.147.146 - - [11/Jun/2021:11:12:47 +0800] "GET /xingrg/all/function/internal_message.html?_=1623381162719&CODE_STATE=getMsg HTTP/1.1" 200 27
180.169.147.146 - - [11/Jun/2021:11:12:49 +0800] "GET /xingrg/all/function/internal_message.html?_=1623381168704&CODE_STATE=getMsg HTTP/1.1" 200 27
120.253.135.82 - - [11/Jun/2021:11:12:49 +0800] "GET /xingrg/all/function/internal_message.html?_=1623380952568&CODE_STATE=getMsg HTTP/1.1" 200 27
116.224.253.72 - - [11/Jun/2021:11:12:49 +0800] "GET /xingrg/kc/buy/cgsh_order_operate.html?command=get_materiel&rest_code=00151&code=00101010164&supplier_code=00100325&order_time=2021-06-11 HTTP/1.1" 200 409
116.224.253.72 - - [11/Jun/2021:11:12:53 +0800] "GET /xingrg/all/function/internal_message.html?_=1623381168957&CODE_STATE=getMsg HTTP/1.1" 200 27
180.169.147.146 - - [11/Jun/2021:11:12:53 +0800] "GET /xingrg/all/function/internal_message.html?_=1623381176599&CODE_STATE=getMsg HTTP/1.1" 200 27
180.161.111.4 - - [11/Jun/2021:11:12:54 +0800] "POST /xingrg/kc/buy/cgsh_order_operate.html HTTP/1.1" 200 37
116.230.110.80 - - [11/Jun/2021:11:12:57 +0800] "GET /xingrg/all/function/internal_message.html?_=1623381156770&CODE_STATE=getMsg HTTP/1.1" 200 27
116.224.253.72 - - [11/Jun/2021:11:12:58 +0800] "GET /xingrg/kc/buy/cgsh_order_operate.html?command=get_materiel&rest_code=00151&code=00101001249&supplier_code=00100325&order_time=2021-06-11 HTTP/1.1" 200 424
116.224.253.72 - - [11/Jun/2021:11:12:59 +0800] "GET /xingrg/all/function/internal_message.html?_=1623381178129&CODE_STATE=getMsg HTTP/1.1" 200 27
180.161.111.4 - - [11/Jun/2021:11:13:00 +0800] "POST /xingrg/kc/buy/cgsh_order_operate.html HTTP/1.1" 200 12
180.161.111.4 - - [11/Jun/2021:11:13:02 +0800] "GET /xingrg/kc/buy/cgsh_order_info.html?code=212021061104885 HTTP/1.1" 200 57315
180.161.111.4 - - [11/Jun/2021:11:13:02 +0800] "GET /xingrg/javascript/easyui/themes/default/validatebox.css HTTP/1.1" 404 1104
180.161.111.4 - - [11/Jun/2021:11:13:03 +0800] "POST /xingrg/kc/buy/cgsh_order_operate.html HTTP/1.1" 200 629
180.161.111.4 - - [11/Jun/2021:11:13:04 +0800] "GET /xingrg/check_reg.html?_=1623381149007 HTTP/1.1" 200 22
180.161.111.4 - - [11/Jun/2021:11:13:04 +0800] "GET /xingrg/all/function/internal_message.html?_=1623381149192&CODE_STATE=getMsg HTTP/1.1" 200 27
180.161.111.4 - - [11/Jun/2021:11:13:04 +0800] "GET /xingrg/kc/print/report_design.html?orderType=cgsh HTTP/1.1" 200 8625
180.161.111.4 - - [11/Jun/2021:11:13:04 +0800] "GET /xingrg/css/design.css HTTP/1.1" 200 2477
180.161.111.4 - - [11/Jun/2021:11:13:04 +0800] "GET /xingrg/javascript/easyui/jquery.easyui.min.js HTTP/1.1" 200 272531
180.161.111.4 - - [11/Jun/2021:11:13:04 +0800] "GET /xingrg/javascript/print/report.js HTTP/1.1" 200 10993
180.161.111.4 - - [11/Jun/2021:11:13:04 +0800] "GET /xingrg/javascript/easyui/themes/sunny/easyui.css HTTP/1.1" 200 34304
180.161.111.4 - - [11/Jun/2021:11:13:04 +0800] "GET /xingrg/javascript/print/report.helper.js HTTP/1.1" 200 7208
180.161.111.4 - - [11/Jun/2021:11:13:04 +0800] "GET /xingrg/javascript/easyui/themes/sunny/images/ui-bg_highlight-soft_100_feeebd_1x100.png HTTP/1.1" 200 108
180.161.111.4 - - [11/Jun/2021:11:13:04 +0800] "GET /xingrg/javascript/easyui/themes/sunny/images/ui-bg_gloss-wave_45_817865_500x100.png HTTP/1.1" 200 3971
180.161.111.4 - - [11/Jun/2021:11:13:04 +0800] "GET /xingrg/javascript/easyui/themes/sunny/images/ui-icons_fadc7a_256x240.png HTTP/1.1" 200 4369
180.161.111.4 - - [11/Jun/2021:11:13:04 +0800] "GET /xingrg/javascript/easyui/themes/sunny/images/blank.gif HTTP/1.1" 200 43
180.161.111.4 - - [11/Jun/2021:11:13:04 +0800] "GET /xingrg/javascript/easyui/themes/sunny/images/ui-icons_bd7b00_256x240.png HTTP/1.1" 200 4369
180.161.111.4 - - [11/Jun/2021:11:13:04 +0800] "GET /xingrg/javascript/easyui/themes/sunny/images/ui-bg_gloss-wave_70_ffdd57_500x100.png HTTP/1.1" 200 3830
180.161.111.4 - - [11/Jun/2021:11:13:04 +0800] "GET /favicon.ico HTTP/1.1" 404 -
180.161.111.4 - - [11/Jun/2021:11:13:04 +0800] "GET /xingrg/kc/print/design_operate.html?_=1623381187481&command=load_config&code=cgsh HTTP/1.1" 200 2747
180.161.111.4 - - [11/Jun/2021:11:13:04 +0800] "GET /xingrg/css/images/background.png HTTP/1.1" 200 137
117.184.7.26 - - [11/Jun/2021:11:13:05 +0800] "GET /xingrg/check_reg.html?_=1623381177398 HTTP/1.1" 200 22
116.224.253.72 - - [11/Jun/2021:11:13:05 +0800] "POST /xingrg/kc/buy/cgsh_order_operate.html HTTP/1.1" 200 37
180.161.111.4 - - [11/Jun/2021:11:13:07 +0800] "GET /xingrg/kc/print/load_data.html?order_code=212021061104885&kc_code=cgsh&condition= HTTP/1.1" 200 711
116.230.110.80 - - [11/Jun/2021:11:13:09 +0800] "GET /xingrg/kc/buy/cgsh_order_add.html HTTP/1.1" 200 62422
116.230.110.80 - - [11/Jun/2021:11:13:09 +0800] "POST /xingrg/kc/buy/cgsh_order_operate.html HTTP/1.1" 200 8245
116.230.110.80 - - [11/Jun/2021:11:13:09 +0800] "GET /xingrg/javascript/easyui/themes/default/validatebox.css HTTP/1.1" 404 1104
117.185.32.26 - - [11/Jun/2021:11:13:10 +0800] "GET /xingrg/all/function/internal_message.html?_=1623381724463&CODE_STATE=getMsg HTTP/1.1" 200 27
180.161.111.4 - - [11/Jun/2021:11:13:11 +0800] "GET /xingrg/kc/buy/cgsh_order_add.html HTTP/1.1" 200 62419
180.169.147.146 - - [11/Jun/2021:11:13:11 +0800] "GET /xingrg/all/function/internal_message.html?_=1623381191627&CODE_STATE=getMsg HTTP/1.1" 200 27
180.169.147.146 - - [11/Jun/2021:11:13:11 +0800] "GET /xingrg/check_reg.html?_=1623381191631 HTTP/1.1" 200 22
180.161.111.4 - - [11/Jun/2021:11:13:12 +0800] "POST /xingrg/kc/buy/cgsh_order_operate.html HTTP/1.1" 200 8245
180.161.111.4 - - [11/Jun/2021:11:13:12 +0800] "GET /xingrg/javascript/easyui/themes/default/validatebox.css HTTP/1.1" 404 1104
101.83.241.191 - - [11/Jun/2021:11:13:13 +0800] "GET /xingrg/all/function/internal_message.html?_=1623381194804&CODE_STATE=getMsg HTTP/1.1" 200 27
116.224.253.72 - - [11/Jun/2021:11:13:14 +0800] "POST /xingrg/kc/buy/cgsh_order_operate.html HTTP/1.1" 200 12
58.37.225.51 - - [11/Jun/2021:11:13:15 +0800] "GET /xingrg/check_reg.html?_=1623381134435 HTTP/1.1" 302 -
116.224.253.72 - - [11/Jun/2021:11:13:16 +0800] "GET /xingrg/kc/buy/cgsh_order_info.html?code=212021061104886 HTTP/1.1" 200 57002
116.230.110.80 - - [11/Jun/2021:11:13:16 +0800] "GET /xingrg/kc/buy/cgsh_order_operate.html?command=get_materiel&rest_code=00155&code=00101001051&supplier_code=00100094&order_time=2021-06-11 HTTP/1.1" 200 422
116.224.253.72 - - [11/Jun/2021:11:13:16 +0800] "GET /xingrg/javascript/easyui/themes/default/validatebox.css HTTP/1.1" 404 1104
116.224.253.72 - - [11/Jun/2021:11:13:17 +0800] "POST /xingrg/kc/buy/cgsh_order_operate.html HTTP/1.1" 200 1239
180.161.111.4 - - [11/Jun/2021:11:13:17 +0800] "GET /xingrg/kc/buy/cgsh_order_operate.html?command=get_materiel&rest_code=00102&code=00101008171&supplier_code=00100327&order_time=2021-06-11 HTTP/1.1" 200 421
116.224.253.72 - - [11/Jun/2021:11:13:18 +0800] "GET /xingrg/kc/print/load_data.html?order_code=212021061104886&kc_code=cgsh&condition= HTTP/1.1" 200 970
116.230.114.112 - - [11/Jun/2021:11:13:20 +0800] "GET /xingrg/all/function/internal_message.html?_=1623381215065&CODE_STATE=getMsg HTTP/1.1" 302 -
61.165.42.208 - - [11/Jun/2021:11:13:22 +0800] "GET /xingrg/all/function/internal_message.html?_=1623381203686&CODE_STATE=getMsg HTTP/1.1" 200 27
116.224.253.72 - - [11/Jun/2021:11:13:24 +0800] "GET /xingrg/kc/buy/cgsh_order_add.html HTTP/1.1" 200 62096
116.224.253.72 - - [11/Jun/2021:11:13:25 +0800] "POST /xingrg/kc/buy/cgsh_order_operate.html HTTP/1.1" 200 8245
116.224.253.72 - - [11/Jun/2021:11:13:25 +0800] "GET /xingrg/javascript/easyui/themes/default/validatebox.css HTTP/1.1" 404 1104
180.161.111.4 - - [11/Jun/2021:11:13:26 +0800] "POST /xingrg/kc/buy/cgsh_order_operate.html HTTP/1.1" 200 37
116.230.110.80 - - [11/Jun/2021:11:13:31 +0800] "POST /xingrg/kc/buy/cgsh_order_operate.html HTTP/1.1" 200 88
116.224.253.72 - - [11/Jun/2021:11:13:33 +0800] "GET /xingrg/kc/buy/cgsh_order_operate.html?command=get_materiel&rest_code=00151&code=00101010633&supplier_code=00100266&order_time=2021-06-11 HTTP/1.1" 200 396
180.161.111.4 - - [11/Jun/2021:11:13:35 +0800] "POST /xingrg/kc/buy/cgsh_order_operate.html HTTP/1.1" 200 12
58.40.7.146 - - [11/Jun/2021:11:13:35 +0800] "GET /xingrg/all/function/internal_message.html?_=1623381215993&CODE_STATE=getMsg HTTP/1.1" 200 27
116.230.117.165 - - [11/Jun/2021:11:13:36 +0800] "GET /xingrg/all/function/internal_message.html?_=1623381234277&CODE_STATE=getMsg HTTP/1.1" 200 27
117.184.7.26 - - [11/Jun/2021:11:13:37 +0800] "GET /xingrg/all/function/internal_message.html?_=1623381209211&CODE_STATE=getMsg HTTP/1.1" 200 27
180.169.147.146 - - [11/Jun/2021:11:13:37 +0800] "GET /xingrg/all/function/internal_message.html?_=1623381217498&CODE_STATE=getMsg HTTP/1.1" 200 27
180.169.147.146 - - [11/Jun/2021:11:13:37 +0800] "GET /xingrg/check_reg.html?_=1623381217497 HTTP/1.1" 200 22
180.161.111.4 - - [11/Jun/2021:11:13:37 +0800] "GET /xingrg/kc/buy/cgsh_order_info.html?code=212021061104887 HTTP/1.1" 200 57321
180.161.111.4 - - [11/Jun/2021:11:13:38 +0800] "GET /xingrg/javascript/easyui/themes/default/validatebox.css HTTP/1.1" 404 1104
180.161.111.4 - - [11/Jun/2021:11:13:39 +0800] "POST /xingrg/kc/buy/cgsh_order_operate.html HTTP/1.1" 200 614
116.230.110.80 - - [11/Jun/2021:11:13:41 +0800] "POST /xingrg/kc/buy/cgsh_order_operate.html HTTP/1.1" 200 37
180.161.111.4 - - [11/Jun/2021:11:13:41 +0800] "GET /xingrg/kc/print/load_data.html?order_code=212021061104887&kc_code=cgsh&condition= HTTP/1.1" 200 699
116.230.110.80 - - [11/Jun/2021:11:13:42 +0800] "POST /xingrg/kc/buy/cgsh_order_operate.html HTTP/1.1" 200 2669
116.232.54.115 - - [11/Jun/2021:11:13:42 +0800] "GET /xingrg/all/function/internal_message.html?_=1623381222637&CODE_STATE=getMsg HTTP/1.1" 200 27
116.230.110.80 - - [11/Jun/2021:11:13:43 +0800] "GET /xingrg/kc/print/load_data.html?order_code=212021061104889&kc_code=cgsh&condition= HTTP/1.1" 200 762
124.79.241.247 - - [11/Jun/2021:11:13:43 +0800] "GET /xingrg/all/function/internal_message.html?_=1623381316547&CODE_STATE=getMsg HTTP/1.1" 200 27
116.235.222.38 - - [11/Jun/2021:11:13:43 +0800] "GET /xingrg/all/function/internal_message.html?_=1623381216725&CODE_STATE=getMsg HTTP/1.1" 200 27
180.161.111.4 - - [11/Jun/2021:11:13:44 +0800] "GET /xingrg/all/function/internal_message.html?_=1623381227644&CODE_STATE=getMsg HTTP/1.1" 200 27
180.161.111.4 - - [11/Jun/2021:11:13:45 +0800] "GET /xingrg/kc/buy/cgsh_order_add.html HTTP/1.1" 200 62419
180.161.111.4 - - [11/Jun/2021:11:13:46 +0800] "POST /xingrg/kc/buy/cgsh_order_operate.html HTTP/1.1" 200 8245
180.161.111.4 - - [11/Jun/2021:11:13:46 +0800] "GET /xingrg/javascript/easyui/themes/default/validatebox.css HTTP/1.1" 404 1104
180.169.147.146 - - [11/Jun/2021:11:13:47 +0800] "GET /xingrg/check_reg.html?_=1623381222745 HTTP/1.1" 200 22
180.169.147.146 - - [11/Jun/2021:11:13:47 +0800] "GET /xingrg/all/function/internal_message.html?_=1623381222747&CODE_STATE=getMsg HTTP/1.1" 200 27
116.224.253.72 - - [11/Jun/2021:11:13:48 +0800] "GET /xingrg/kc/buy/cgsh_order_operate.html?command=get_materiel&rest_code=00151&code=00101008113&supplier_code=00100266&order_time=2021-06-11 HTTP/1.1" 200 413
116.230.117.165 - - [11/Jun/2021:11:13:48 +0800] "GET /xingrg/check_reg.html?_=1623381246001 HTTP/1.1" 200 22
180.169.147.146 - - [11/Jun/2021:11:13:49 +0800] "GET /xingrg/all/function/internal_message.html?_=1623381228731&CODE_STATE=getMsg HTTP/1.1" 200 27
180.169.147.146 - - [11/Jun/2021:11:13:49 +0800] "GET /xingrg/check_reg.html?_=1623381228740 HTTP/1.1" 200 22
120.253.135.82 - - [11/Jun/2021:11:13:49 +0800] "GET /xingrg/all/function/internal_message.html?_=1623381012581&CODE_STATE=getMsg HTTP/1.1" 200 27
116.230.110.80 - - [11/Jun/2021:11:13:50 +0800] "GET /xingrg/kc/buy/cgsh_order_add.html HTTP/1.1" 200 62422
116.230.110.80 - - [11/Jun/2021:11:13:50 +0800] "POST /xingrg/kc/buy/cgsh_order_operate.html HTTP/1.1" 200 8245
116.230.110.80 - - [11/Jun/2021:11:13:50 +0800] "GET /xingrg/javascript/easyui/themes/default/validatebox.css HTTP/1.1" 404 1104
116.224.253.72 - - [11/Jun/2021:11:13:53 +0800] "GET /xingrg/all/function/internal_message.html?_=1623381228963&CODE_STATE=getMsg HTTP/1.1" 200 27
180.169.147.146 - - [11/Jun/2021:11:13:53 +0800] "GET /xingrg/all/function/internal_message.html?_=1623381236599&CODE_STATE=getMsg HTTP/1.1" 200 27
116.224.253.72 - - [11/Jun/2021:11:13:55 +0800] "GET /xingrg/kc/buy/cgsh_order_operate.html?command=get_materiel&rest_code=00151&code=00101010403&supplier_code=00100266&order_time=2021-06-11 HTTP/1.1" 200 405
180.161.111.4 - - [11/Jun/2021:11:13:55 +0800] "GET /xingrg/kc/buy/cgsh_order_operate.html?command=get_materiel&rest_code=00102&code=00101012045&supplier_code=00100326&order_time=2021-06-11 HTTP/1.1" 200 409
116.230.110.80 - - [11/Jun/2021:11:13:56 +0800] "GET /xingrg/kc/buy/cgsh_order_operate.html?command=get_materiel&rest_code=00155&code=00101002006&supplier_code=00100091&order_time=2021-06-11 HTTP/1.1" 200 414
116.230.110.80 - - [11/Jun/2021:11:13:57 +0800] "GET /xingrg/all/function/internal_message.html?_=1623381216771&CODE_STATE=getMsg HTTP/1.1" 200 27
116.224.253.72 - - [11/Jun/2021:11:13:59 +0800] "GET /xingrg/all/function/internal_message.html?_=1623381238133&CODE_STATE=getMsg HTTP/1.1" 200 27
116.224.253.72 - - [11/Jun/2021:11:14:03 +0800] "GET /xingrg/kc/buy/cgsh_order_operate.html?command=get_materiel&rest_code=00151&code=00101010415&supplier_code=00100266&order_time=2021-06-11 HTTP/1.1" 200 420
180.161.111.4 - - [11/Jun/2021:11:14:04 +0800] "GET /xingrg/all/function/internal_message.html?_=1623381209207&CODE_STATE=getMsg HTTP/1.1" 200 27
116.230.114.112 - - [11/Jun/2021:11:14:06 +0800] "GET /xingrg/check_reg.html?_=1623381261883 HTTP/1.1" 302 -
180.161.111.4 - - [11/Jun/2021:11:14:08 +0800] "POST /xingrg/kc/buy/cgsh_order_operate.html HTTP/1.1" 200 37
117.185.32.26 - - [11/Jun/2021:11:14:10 +0800] "GET /xingrg/all/function/internal_message.html?_=1623381784448&CODE_STATE=getMsg HTTP/1.1" 200 27
180.169.147.146 - - [11/Jun/2021:11:14:11 +0800] "GET /xingrg/all/function/internal_message.html?_=1623381251619&CODE_STATE=getMsg HTTP/1.1" 200 27
101.83.241.191 - - [11/Jun/2021:11:14:13 +0800] "GET /xingrg/all/function/internal_message.html?_=1623381254775&CODE_STATE=getMsg HTTP/1.1" 200 27
116.230.110.80 - - [11/Jun/2021:11:14:13 +0800] "POST /xingrg/kc/buy/cgsh_order_operate.html HTTP/1.1" 200 88
116.224.253.72 - - [11/Jun/2021:11:14:13 +0800] "GET /xingrg/kc/buy/cgsh_order_operate.html?command=get_materiel&rest_code=00151&code=00101001213&supplier_code=00100266&order_time=2021-06-11 HTTP/1.1" 200 424
120.253.135.82 - - [11/Jun/2021:11:14:14 +0800] "GET /xingrg/check_reg.html?_=1623381037560 HTTP/1.1" 200 22
101.83.241.191 - - [11/Jun/2021:11:14:15 +0800] "GET /xingrg/check_reg.html?_=1623381256731 HTTP/1.1" 200 22
180.169.147.146 - - [11/Jun/2021:11:14:18 +0800] "GET /favicon.ico HTTP/1.1" 404 -
172.20.0.100 - - [11/Jun/2021:11:14:18 +0800] "GET /favicon.ico HTTP/1.1" 404 -
116.230.110.80 - - [11/Jun/2021:11:14:18 +0800] "POST /xingrg/kc/buy/cgsh_order_operate.html HTTP/1.1" 200 37
180.161.111.4 - - [11/Jun/2021:11:14:19 +0800] "POST /xingrg/kc/buy/cgsh_order_operate.html HTTP/1.1" 200 12
116.230.110.80 - - [11/Jun/2021:11:14:20 +0800] "POST /xingrg/kc/buy/cgsh_order_operate.html HTTP/1.1" 200 2661
116.230.114.112 - - [11/Jun/2021:11:14:20 +0800] "GET /xingrg/all/function/internal_message.html?_=1623381275066&CODE_STATE=getMsg HTTP/1.1" 302 -
61.165.42.208 - - [11/Jun/2021:11:14:22 +0800] "GET /xingrg/all/function/internal_message.html?_=1623381263656&CODE_STATE=getMsg HTTP/1.1" 200 27
116.230.110.80 - - [11/Jun/2021:11:14:22 +0800] "GET /xingrg/kc/print/load_data.html?order_code=212021061104892&kc_code=cgsh&condition= HTTP/1.1" 200 749
180.161.111.4 - - [11/Jun/2021:11:14:22 +0800] "GET /xingrg/kc/buy/cgsh_order_info.html?code=212021061104890 HTTP/1.1" 200 57325
58.221.95.50 - - [11/Jun/2021:11:14:22 +0800] "GET /xingrg/check_reg.html?_=1623381263664 HTTP/1.1" 302 -
180.161.111.4 - - [11/Jun/2021:11:14:22 +0800] "GET /xingrg/javascript/easyui/themes/default/validatebox.css HTTP/1.1" 404 1104
180.161.111.4 - - [11/Jun/2021:11:14:23 +0800] "POST /xingrg/kc/buy/cgsh_order_operate.html HTTP/1.1" 200 604
61.165.42.208 - - [11/Jun/2021:11:14:24 +0800] "GET /xingrg/check_reg.html?_=1623381266062 HTTP/1.1" 200 22
180.161.111.4 - - [11/Jun/2021:11:14:24 +0800] "GET /xingrg/kc/print/load_data.html?order_code=212021061104890&kc_code=cgsh&condition= HTTP/1.1" 200 705
180.161.111.4 - - [11/Jun/2021:11:14:28 +0800] "GET /xingrg/kc/buy/cgsh_order_add.html HTTP/1.1" 200 62419
180.161.111.4 - - [11/Jun/2021:11:14:29 +0800] "POST /xingrg/kc/buy/cgsh_order_operate.html HTTP/1.1" 200 8245
116.230.110.80 - - [11/Jun/2021:11:14:29 +0800] "GET /xingrg/kc/buy/cgsh_order_add.html HTTP/1.1" 200 62422
180.161.111.4 - - [11/Jun/2021:11:14:29 +0800] "GET /xingrg/javascript/easyui/themes/default/validatebox.css HTTP/1.1" 404 1104
116.230.110.80 - - [11/Jun/2021:11:14:29 +0800] "POST /xingrg/kc/buy/cgsh_order_operate.html HTTP/1.1" 200 8245
116.230.110.80 - - [11/Jun/2021:11:14:29 +0800] "GET /xingrg/javascript/easyui/themes/default/validatebox.css HTTP/1.1" 404 1104
180.161.111.4 - - [11/Jun/2021:11:14:35 +0800] "GET /xingrg/kc/buy/cgsh_order_operate.html?command=get_materiel&rest_code=00102&code=00101007032&supplier_code=00100328&order_time=2021-06-11 HTTP/1.1" 200 413
58.40.7.146 - - [11/Jun/2021:11:14:35 +0800] "GET /xingrg/all/function/internal_message.html?_=1623381275995&CODE_STATE=getMsg HTTP/1.1" 200 27
116.230.117.165 - - [11/Jun/2021:11:14:36 +0800] "GET /xingrg/all/function/internal_message.html?_=1623381294284&CODE_STATE=getMsg HTTP/1.1" 200 27
117.184.7.26 - - [11/Jun/2021:11:14:37 +0800] "GET /xingrg/all/function/internal_message.html?_=1623381269181&CODE_STATE=getMsg HTTP/1.1" 200 27
180.169.147.146 - - [11/Jun/2021:11:14:37 +0800] "GET /xingrg/all/function/internal_message.html?_=1623381277499&CODE_STATE=getMsg HTTP/1.1" 200 27
180.161.111.4 - - [11/Jun/2021:11:14:41 +0800] "GET /xingrg/kc/buy/cgsh_order_operate.html?command=get_materiel&rest_code=00102&code=00101007085&supplier_code=00100328&order_time=2021-06-11 HTTP/1.1" 200 413
116.232.54.115 - - [11/Jun/2021:11:14:42 +0800] "GET /xingrg/all/function/internal_message.html?_=1623381282641&CODE_STATE=getMsg HTTP/1.1" 200 27
116.232.54.115 - - [11/Jun/2021:11:14:42 +0800] "GET /xingrg/check_reg.html?_=1623381282642 HTTP/1.1" 200 22
116.235.222.38 - - [11/Jun/2021:11:14:43 +0800] "GET /xingrg/all/function/internal_message.html?_=1623381276707&CODE_STATE=getMsg HTTP/1.1" 200 27
124.79.241.247 - - [11/Jun/2021:11:14:43 +0800] "GET /xingrg/all/function/internal_message.html?_=1623381376545&CODE_STATE=getMsg HTTP/1.1" 200 27
180.161.111.4 - - [11/Jun/2021:11:14:45 +0800] "GET /xingrg/all/function/internal_message.html?_=1623381287680&CODE_STATE=getMsg HTTP/1.1" 200 27
116.224.253.72 - - [11/Jun/2021:11:14:45 +0800] "POST /xingrg/kc/buy/cgsh_order_operate.html HTTP/1.1" 200 37
116.230.110.80 - - [11/Jun/2021:11:14:46 +0800] "GET /xingrg/kc/buy/cgsh_order_operate.html?command=get_materiel&rest_code=00155&code=00101002002&supplier_code=00100087&order_time=2021-06-11 HTTP/1.1" 200 418
180.161.111.4 - - [11/Jun/2021:11:14:47 +0800] "GET /xingrg/kc/buy/cgsh_order_operate.html?command=get_materiel&rest_code=00102&code=00101007077&supplier_code=00100328&order_time=2021-06-11 HTTP/1.1" 200 415
180.169.147.146 - - [11/Jun/2021:11:14:47 +0800] "GET /xingrg/all/function/internal_message.html?_=1623381282746&CODE_STATE=getMsg HTTP/1.1" 200 27
180.169.147.146 - - [11/Jun/2021:11:14:49 +0800] "GET /xingrg/all/function/internal_message.html?_=1623381288730&CODE_STATE=getMsg HTTP/1.1" 200 27
120.253.135.82 - - [11/Jun/2021:11:14:49 +0800] "GET /xingrg/all/function/internal_message.html?_=1623381072604&CODE_STATE=getMsg HTTP/1.1" 200 27
120.253.135.82 - - [11/Jun/2021:11:14:50 +0800] "GET /xingrg/images/blue/wait.gif HTTP/1.1" 200 1100
120.253.135.82 - - [11/Jun/2021:11:14:52 +0800] "POST /xingrg/dwr/call/plaincall/AjaxCgthService.saveOrder.dwr HTTP/1.1" 200 78
120.253.135.82 - - [11/Jun/2021:11:14:53 +0800] "GET /xingrg/images/yd/bt.gif HTTP/1.1" 404 1040
116.224.253.72 - - [11/Jun/2021:11:14:53 +0800] "POST /xingrg/kc/buy/cgsh_order_operate.html HTTP/1.1" 200 12
116.224.253.72 - - [11/Jun/2021:11:14:53 +0800] "GET /xingrg/all/function/internal_message.html?_=1623381288984&CODE_STATE=getMsg HTTP/1.1" 200 27
180.169.147.146 - - [11/Jun/2021:11:14:53 +0800] "GET /xingrg/all/function/internal_message.html?_=1623381296599&CODE_STATE=getMsg HTTP/1.1" 200 27
120.253.135.82 - - [11/Jun/2021:11:14:56 +0800] "POST /xingrg/dwr/call/plaincall/AjaxComOrderService.getMaterielSearchList.dwr HTTP/1.1" 200 22448
116.224.253.72 - - [11/Jun/2021:11:14:56 +0800] "GET /xingrg/kc/buy/cgsh_order_info.html?code=212021061104893 HTTP/1.1" 200 57004
116.224.253.72 - - [11/Jun/2021:11:14:57 +0800] "GET /xingrg/javascript/easyui/themes/default/validatebox.css HTTP/1.1" 404 1104
116.230.110.80 - - [11/Jun/2021:11:14:57 +0800] "GET /xingrg/all/function/internal_message.html?_=1623381276791&CODE_STATE=getMsg HTTP/1.1" 200 27
120.253.135.82 - - [11/Jun/2021:11:14:57 +0800] "POST /xingrg/dwr/call/plaincall/AjaxComOrderService.getMaterielSearchList.dwr HTTP/1.1" 200 1595
120.253.135.82 - - [11/Jun/2021:11:14:58 +0800] "POST /xingrg/dwr/call/plaincall/AjaxComOrderService.getMaterielSearchList.dwr HTTP/1.1" 200 282
116.224.253.72 - - [11/Jun/2021:11:14:59 +0800] "GET /xingrg/all/function/internal_message.html?_=1623381298134&CODE_STATE=getMsg HTTP/1.1" 200 27
180.161.111.4 - - [11/Jun/2021:11:14:59 +0800] "POST /xingrg/kc/buy/cgsh_order_operate.html HTTP/1.1" 200 37
116.224.253.72 - - [11/Jun/2021:11:14:59 +0800] "POST /xingrg/kc/buy/cgsh_order_operate.html HTTP/1.1" 200 3020
116.224.253.72 - - [11/Jun/2021:11:15:01 +0800] "GET /xingrg/kc/print/load_data.html?order_code=212021061104893&kc_code=cgsh&condition= HTTP/1.1" 200 1656
120.253.135.82 - - [11/Jun/2021:11:15:02 +0800] "POST /xingrg/dwr/call/plaincall/AjaxCgthService.getMaterielByMap.dwr HTTP/1.1" 200 1550
180.161.111.4 - - [11/Jun/2021:11:15:04 +0800] "GET /xingrg/all/function/internal_message.html?_=1623381269221&CODE_STATE=getMsg HTTP/1.1" 200 27
116.230.110.80 - - [11/Jun/2021:11:15:04 +0800] "POST /xingrg/kc/buy/cgsh_order_operate.html HTTP/1.1" 200 37
116.230.110.80 - - [11/Jun/2021:11:15:06 +0800] "POST /xingrg/kc/buy/cgsh_order_operate.html HTTP/1.1" 200 2666
120.253.135.82 - - [11/Jun/2021:11:15:08 +0800] "POST /xingrg/dwr/call/plaincall/AjaxCgthService.saveMaterielItem.dwr HTTP/1.1" 200 78
116.230.110.80 - - [11/Jun/2021:11:15:08 +0800] "GET /xingrg/kc/print/load_data.html?order_code=212021061104895&kc_code=cgsh&condition= HTTP/1.1" 200 743
116.224.253.72 - - [11/Jun/2021:11:15:09 +0800] "GET /xingrg/kc/buy/cgsh_order_add.html HTTP/1.1" 200 62096
116.224.253.72 - - [11/Jun/2021:11:15:09 +0800] "POST /xingrg/kc/buy/cgsh_order_operate.html HTTP/1.1" 200 8245
116.224.253.72 - - [11/Jun/2021:11:15:09 +0800] "GET /xingrg/javascript/easyui/themes/default/validatebox.css HTTP/1.1" 404 1104
120.253.135.82 - - [11/Jun/2021:11:15:09 +0800] "GET /xingrg/javascript/jquery_easy_ui/themes/default/images/button_plain_hover.png HTTP/1.1" 200 252
117.185.32.26 - - [11/Jun/2021:11:15:10 +0800] "GET /xingrg/all/function/internal_message.html?_=1623381844433&CODE_STATE=getMsg HTTP/1.1" 200 27
120.253.135.82 - - [11/Jun/2021:11:15:10 +0800] "GET /xingrg/images/yd/bt2.gif HTTP/1.1" 404 1042
180.161.111.4 - - [11/Jun/2021:11:15:10 +0800] "POST /xingrg/kc/buy/cgsh_order_operate.html HTTP/1.1" 200 12
180.169.147.146 - - [11/Jun/2021:11:15:11 +0800] "GET /xingrg/all/function/internal_message.html?_=1623381311619&CODE_STATE=getMsg HTTP/1.1" 200 27
180.161.111.4 - - [11/Jun/2021:11:15:13 +0800] "GET /xingrg/kc/buy/cgsh_order_info.html?code=212021061104894 HTTP/1.1" 200 57325
101.83.241.191 - - [11/Jun/2021:11:15:13 +0800] "GET /xingrg/all/function/internal_message.html?_=1623381314751&CODE_STATE=getMsg HTTP/1.1" 200 27
180.161.111.4 - - [11/Jun/2021:11:15:14 +0800] "GET /xingrg/javascript/easyui/themes/default/validatebox.css HTTP/1.1" 404 1104
180.161.111.4 - - [11/Jun/2021:11:15:14 +0800] "POST /xingrg/kc/buy/cgsh_order_operate.html HTTP/1.1" 200 1794
116.230.110.80 - - [11/Jun/2021:11:15:15 +0800] "GET /xingrg/kc/buy/cgsh_order_add.html HTTP/1.1" 200 62422
116.230.110.80 - - [11/Jun/2021:11:15:15 +0800] "POST /xingrg/kc/buy/cgsh_order_operate.html HTTP/1.1" 200 8245
116.230.110.80 - - [11/Jun/2021:11:15:15 +0800] "GET /xingrg/javascript/easyui/themes/default/validatebox.css HTTP/1.1" 404 1104
120.253.135.82 - - [11/Jun/2021:11:15:16 +0800] "GET /xingrg/javascript/jquery_easy_ui/themes/default/images/button_plain_hover.png HTTP/1.1" 200 252
180.161.111.4 - - [11/Jun/2021:11:15:17 +0800] "GET /xingrg/kc/print/load_data.html?order_code=212021061104894&kc_code=cgsh&condition= HTTP/1.1" 200 1158
120.253.135.82 - - [11/Jun/2021:11:15:18 +0800] "POST /xingrg/dwr/call/plaincall/AjaxCgthService.saveOrder.dwr HTTP/1.1" 200 78
116.224.253.72 - - [11/Jun/2021:11:15:18 +0800] "GET /xingrg/kc/buy/cgsh_order_operate.html?command=get_materiel&rest_code=00151&code=00101002027&supplier_code=00100442&order_time=2021-06-11 HTTP/1.1" 200 413
116.230.114.112 - - [11/Jun/2021:11:15:20 +0800] "GET /xingrg/all/function/internal_message.html?_=1623381335089&CODE_STATE=getMsg HTTP/1.1" 302 -
180.161.111.4 - - [11/Jun/2021:11:15:21 +0800] "GET /xingrg/kc/buy/cgsh_order_add.html HTTP/1.1" 200 62419
61.165.42.208 - - [11/Jun/2021:11:15:22 +0800] "GET /xingrg/all/function/internal_message.html?_=1623381323627&CODE_STATE=getMsg HTTP/1.1" 200 27
120.253.135.82 - - [11/Jun/2021:11:15:22 +0800] "GET /xingrg/kc/print/load_config.html?_=1623381105835&kc_code=cgth HTTP/1.1" 200 2458
180.161.111.4 - - [11/Jun/2021:11:15:22 +0800] "POST /xingrg/kc/buy/cgsh_order_operate.html HTTP/1.1" 200 8245
116.230.110.80 - - [11/Jun/2021:11:15:22 +0800] "GET /xingrg/kc/buy/cgsh_order_operate.html?command=get_materiel&rest_code=00155&code=00101003003&supplier_code=00100093&order_time=2021-06-11 HTTP/1.1" 200 437
120.253.135.82 - - [11/Jun/2021:11:15:22 +0800] "GET /xingrg/kc/print/load_data.html?_=1623381105907&order_code=232021061100007&kc_code=cgth&condition= HTTP/1.1" 200 546
180.161.111.4 - - [11/Jun/2021:11:15:22 +0800] "GET /xingrg/javascript/easyui/themes/default/validatebox.css HTTP/1.1" 404 1104
116.224.253.72 - - [11/Jun/2021:11:15:26 +0800] "POST /xingrg/kc/buy/cgsh_order_operate.html HTTP/1.1" 200 37
180.161.111.4 - - [11/Jun/2021:11:15:29 +0800] "GET /xingrg/kc/buy/cgsh_order_operate.html?command=get_materiel&rest_code=00102&code=00101015122&supplier_code=00100443&order_time=2021-06-11 HTTP/1.1" 200 407
116.230.110.80 - - [11/Jun/2021:11:15:33 +0800] "POST /xingrg/kc/buy/cgsh_order_operate.html HTTP/1.1" 200 37
116.224.253.72 - - [11/Jun/2021:11:15:34 +0800] "POST /xingrg/kc/buy/cgsh_order_operate.html HTTP/1.1" 200 12
116.230.110.80 - - [11/Jun/2021:11:15:35 +0800] "POST /xingrg/kc/buy/cgsh_order_operate.html HTTP/1.1" 200 2665
58.40.7.146 - - [11/Jun/2021:11:15:35 +0800] "GET /xingrg/all/function/internal_message.html?_=1623381335998&CODE_STATE=getMsg HTTP/1.1" 200 27
116.230.117.165 - - [11/Jun/2021:11:15:36 +0800] "GET /xingrg/all/function/internal_message.html?_=1623381354297&CODE_STATE=getMsg HTTP/1.1" 200 27
117.184.7.26 - - [11/Jun/2021:11:15:37 +0800] "GET /xingrg/all/function/internal_message.html?_=1623381329167&CODE_STATE=getMsg HTTP/1.1" 200 27
180.161.111.4 - - [11/Jun/2021:11:15:37 +0800] "POST /xingrg/kc/buy/cgsh_order_operate.html HTTP/1.1" 200 37
180.169.147.146 - - [11/Jun/2021:11:15:37 +0800] "GET /xingrg/all/function/internal_message.html?_=1623381337500&CODE_STATE=getMsg HTTP/1.1" 200 27
116.230.110.80 - - [11/Jun/2021:11:15:37 +0800] "GET /xingrg/kc/print/load_data.html?order_code=212021061104897&kc_code=cgsh&condition= HTTP/1.1" 200 742
120.253.135.82 - - [11/Jun/2021:11:15:39 +0800] "POST /xingrg/dwr/call/plaincall/AjaxCgthService.checkOrder.dwr HTTP/1.1" 200 78
116.224.253.72 - - [11/Jun/2021:11:15:41 +0800] "GET /xingrg/kc/buy/cgsh_order_info.html?code=212021061104896 HTTP/1.1" 200 57000
116.224.253.72 - - [11/Jun/2021:11:15:42 +0800] "GET /xingrg/check_reg.html?_=1623381337389 HTTP/1.1" 200 22
116.232.54.115 - - [11/Jun/2021:11:15:42 +0800] "GET /xingrg/all/function/internal_message.html?_=1623381342643&CODE_STATE=getMsg HTTP/1.1" 200 27
116.224.253.72 - - [11/Jun/2021:11:15:42 +0800] "GET /xingrg/javascript/easyui/themes/default/validatebox.css HTTP/1.1" 404 1104
116.224.253.72 - - [11/Jun/2021:11:15:43 +0800] "POST /xingrg/kc/buy/cgsh_order_operate.html HTTP/1.1" 200 615
116.235.222.38 - - [11/Jun/2021:11:15:43 +0800] "GET /xingrg/all/function/internal_message.html?_=1623381336688&CODE_STATE=getMsg HTTP/1.1" 200 27
124.79.241.247 - - [11/Jun/2021:11:15:43 +0800] "GET /xingrg/check_reg.html?_=1623381436544 HTTP/1.1" 200 22
124.79.241.247 - - [11/Jun/2021:11:15:43 +0800] "GET /xingrg/all/function/internal_message.html?_=1623381436545&CODE_STATE=getMsg HTTP/1.1" 200 27
180.161.111.4 - - [11/Jun/2021:11:15:44 +0800] "POST /xingrg/kc/buy/cgsh_order_operate.html HTTP/1.1" 200 12
116.224.253.72 - - [11/Jun/2021:11:15:46 +0800] "GET /xingrg/kc/print/load_data.html?order_code=212021061104896&kc_code=cgsh&condition= HTTP/1.1" 200 709
180.161.111.4 - - [11/Jun/2021:11:15:46 +0800] "GET /xingrg/all/function/internal_message.html?_=1623381349216&CODE_STATE=getMsg HTTP/1.1" 200 27
120.253.135.82 - - [11/Jun/2021:11:15:46 +0800] "GET /xingrg/kc/buy/cgth_order_info.html?code=232021061100007&part=buyck HTTP/1.1" 200 61944
120.253.135.82 - - [11/Jun/2021:11:15:46 +0800] "GET /xingrg/dwr/interface/AjaxCgthService.js HTTP/1.1" 200 14519
120.253.135.82 - - [11/Jun/2021:11:15:46 +0800] "GET /xingrg/dwr/engine.js HTTP/1.1" 200 43631
120.253.135.82 - - [11/Jun/2021:11:15:46 +0800] "GET /xingrg/dwr/interface/AjaxComOrderService.js HTTP/1.1" 200 18264
116.230.110.80 - - [11/Jun/2021:11:15:47 +0800] "GET /xingrg/kc/buy/cgsh_order_add.html HTTP/1.1" 200 8212
180.169.147.146 - - [11/Jun/2021:11:15:49 +0800] "GET /xingrg/all/function/internal_message.html?_=1623381348736&CODE_STATE=getMsg HTTP/1.1" 200 27
120.253.135.82 - - [11/Jun/2021:11:15:49 +0800] "GET /xingrg/all/function/internal_message.html?_=1623381132609&CODE_STATE=getMsg HTTP/1.1" 200 27
120.253.135.82 - - [11/Jun/2021:11:15:49 +0800] "POST /xingrg/all/common/load_tree.html?tree=supplier_tree_json&isDelete=1 HTTP/1.1" 200 56016
116.230.110.80 - - [11/Jun/2021:11:15:49 +0800] "GET /xingrg/kc/buy/cgsh_order_add.html HTTP/1.1" 200 62422
180.161.111.4 - - [11/Jun/2021:11:15:49 +0800] "GET /xingrg/kc/buy/cgsh_order_info.html?code=212021061104898 HTTP/1.1" 200 57323
116.230.110.80 - - [11/Jun/2021:11:15:49 +0800] "POST /xingrg/kc/buy/cgsh_order_operate.html HTTP/1.1" 200 8245
116.230.110.80 - - [11/Jun/2021:11:15:49 +0800] "GET /xingrg/javascript/easyui/themes/default/validatebox.css HTTP/1.1" 404 1104
120.253.135.82 - - [11/Jun/2021:11:15:49 +0800] "POST /xingrg/dwr/call/plaincall/AjaxCgthService.loadMaterielItems.dwr HTTP/1.1" 200 696
180.161.111.4 - - [11/Jun/2021:11:15:50 +0800] "GET /xingrg/javascript/easyui/themes/default/validatebox.css HTTP/1.1" 404 1104
