116.230.117.165 - - [11/Jun/2021:10:21:51 +0800] "GET /xingrg/all/function/internal_message.html?_=1623378128975&CODE_STATE=getMsg HTTP/1.1" 200 27
116.224.253.72 - - [11/Jun/2021:10:21:52 +0800] "GET /xingrg/all/function/internal_message.html?_=1623378108255&CODE_STATE=getMsg HTTP/1.1" 200 27
180.169.147.146 - - [11/Jun/2021:10:21:53 +0800] "GET /xingrg/all/function/internal_message.html?_=1623378116380&CODE_STATE=getMsg HTTP/1.1" 200 27
117.185.32.26 - - [11/Jun/2021:10:21:56 +0800] "GET /xingrg/all/function/internal_message.html?_=1623378650532&CODE_STATE=getMsg HTTP/1.1" 200 27
61.165.42.208 - - [11/Jun/2021:10:21:57 +0800] "GET /xingrg/kc/buy/cgsh_order_operate.html?command=get_materiel&rest_code=00105&code=00101003053&supplier_code=00100091&order_time=2021-06-11 HTTP/1.1" 200 398
116.232.54.115 - - [11/Jun/2021:10:21:59 +0800] "GET /favicon.ico HTTP/1.1" 404 -
61.165.42.208 - - [11/Jun/2021:10:22:10 +0800] "POST /xingrg/kc/buy/cgsh_order_operate.html HTTP/1.1" 200 37
180.169.147.146 - - [11/Jun/2021:10:22:11 +0800] "GET /xingrg/all/function/internal_message.html?_=1623378131616&CODE_STATE=getMsg HTTP/1.1" 200 27
61.165.42.208 - - [11/Jun/2021:10:22:12 +0800] "POST /xingrg/kc/buy/cgsh_order_operate.html HTTP/1.1" 200 3853
61.165.42.208 - - [11/Jun/2021:10:22:14 +0800] "GET /xingrg/kc/print/load_data.html?order_code=212021061104835&kc_code=cgsh&condition= HTTP/1.1" 200 1201
101.83.241.191 - - [11/Jun/2021:10:22:14 +0800] "GET /xingrg/all/function/internal_message.html?_=1623378136074&CODE_STATE=getMsg HTTP/1.1" 200 27
61.165.42.208 - - [11/Jun/2021:10:22:17 +0800] "GET /xingrg/kc/buy/cgsh_order_add.html HTTP/1.1" 200 62501
120.253.135.82 - - [11/Jun/2021:10:22:18 +0800] "GET /xingrg/all/function/internal_message.html?_=1623377920766&CODE_STATE=getMsg HTTP/1.1" 200 27
61.165.42.208 - - [11/Jun/2021:10:22:18 +0800] "GET /xingrg/javascript/easyui/themes/default/validatebox.css HTTP/1.1" 404 1104
61.165.42.208 - - [11/Jun/2021:10:22:18 +0800] "POST /xingrg/kc/buy/cgsh_order_operate.html HTTP/1.1" 200 8245
116.230.114.112 - - [11/Jun/2021:10:22:19 +0800] "GET /xingrg/all/function/internal_message.html?_=1623378154359&CODE_STATE=getMsg HTTP/1.1" 302 -
61.165.42.208 - - [11/Jun/2021:10:22:23 +0800] "GET /xingrg/all/function/internal_message.html?_=1623378144888&CODE_STATE=getMsg HTTP/1.1" 200 27
61.165.42.208 - - [11/Jun/2021:10:22:26 +0800] "GET /xingrg/kc/buy/cgsh_order_operate.html?command=get_materiel&rest_code=00105&code=00101004011&supplier_code=00100086&order_time=2021-06-11 HTTP/1.1" 200 413
180.161.111.4 - - [11/Jun/2021:10:22:34 +0800] "GET /xingrg/javascript/jquery_easy_ui/themes/default/images/tabs_active.png HTTP/1.1" 304 -
116.224.253.72 - - [11/Jun/2021:10:22:35 +0800] "GET /xingrg/all/function/internal_message.html?_=1623378154525&CODE_STATE=getMsg HTTP/1.1" 200 27
58.40.7.146 - - [11/Jun/2021:10:22:35 +0800] "GET /xingrg/all/function/internal_message.html?_=1623378155956&CODE_STATE=getMsg HTTP/1.1" 200 27
58.40.7.146 - - [11/Jun/2021:10:22:35 +0800] "GET /xingrg/check_reg.html?_=1623378155958 HTTP/1.1" 200 22
61.165.42.208 - - [11/Jun/2021:10:22:36 +0800] "GET /xingrg/kc/buy/cgsh_order_operate.html?command=get_materiel&rest_code=00105&code=00101004065&supplier_code=00100086&order_time=2021-06-11 HTTP/1.1" 200 434
116.232.54.115 - - [11/Jun/2021:10:22:42 +0800] "GET /xingrg/all/function/internal_message.html?_=1623378162531&CODE_STATE=getMsg HTTP/1.1" 200 27
117.131.5.26 - - [11/Jun/2021:10:22:43 +0800] "GET /xingrg/all/function/internal_message.html?_=1623378256489&CODE_STATE=getMsg HTTP/1.1" 200 27
116.235.222.38 - - [11/Jun/2021:10:22:43 +0800] "GET /xingrg/all/function/internal_message.html?_=1623378156640&CODE_STATE=getMsg HTTP/1.1" 200 27
116.235.222.38 - - [11/Jun/2021:10:22:44 +0800] "GET /xingrg/check_reg.html?_=1623378156643 HTTP/1.1" 200 22
180.169.147.146 - - [11/Jun/2021:10:22:47 +0800] "GET /xingrg/all/function/internal_message.html?_=1623378162527&CODE_STATE=getMsg HTTP/1.1" 200 27
61.165.42.208 - - [11/Jun/2021:10:22:48 +0800] "POST /xingrg/kc/buy/cgsh_order_operate.html HTTP/1.1" 200 37
61.165.42.208 - - [11/Jun/2021:10:22:49 +0800] "POST /xingrg/kc/buy/cgsh_order_operate.html HTTP/1.1" 200 3255
116.230.117.165 - - [11/Jun/2021:10:22:51 +0800] "GET /xingrg/all/function/internal_message.html?_=1623378188990&CODE_STATE=getMsg HTTP/1.1" 200 27
61.165.42.208 - - [11/Jun/2021:10:22:51 +0800] "GET /xingrg/kc/print/load_data.html?order_code=212021061104836&kc_code=cgsh&condition= HTTP/1.1" 200 964
116.224.253.72 - - [11/Jun/2021:10:22:52 +0800] "GET /xingrg/all/function/internal_message.html?_=1623378168270&CODE_STATE=getMsg HTTP/1.1" 200 27
180.169.147.146 - - [11/Jun/2021:10:22:53 +0800] "GET /xingrg/all/function/internal_message.html?_=1623378176381&CODE_STATE=getMsg HTTP/1.1" 200 27
61.165.42.208 - - [11/Jun/2021:10:22:55 +0800] "GET /xingrg/kc/buy/cgsh_order_add.html HTTP/1.1" 200 62501
117.185.32.26 - - [11/Jun/2021:10:22:56 +0800] "GET /xingrg/check_reg.html?_=1623378710549 HTTP/1.1" 200 22
117.185.32.26 - - [11/Jun/2021:10:22:56 +0800] "GET /xingrg/all/function/internal_message.html?_=1623378710547&CODE_STATE=getMsg HTTP/1.1" 200 27
61.165.42.208 - - [11/Jun/2021:10:22:56 +0800] "GET /xingrg/javascript/easyui/themes/default/validatebox.css HTTP/1.1" 404 1104
61.165.42.208 - - [11/Jun/2021:10:22:56 +0800] "POST /xingrg/kc/buy/cgsh_order_operate.html HTTP/1.1" 200 8245
61.165.42.208 - - [11/Jun/2021:10:23:05 +0800] "GET /xingrg/kc/buy/cgsh_order_operate.html?command=get_materiel&rest_code=00105&code=00101001115&supplier_code=00100089&order_time=2021-06-11 HTTP/1.1" 200 415
180.169.147.146 - - [11/Jun/2021:10:23:11 +0800] "GET /xingrg/all/function/internal_message.html?_=1623378191622&CODE_STATE=getMsg HTTP/1.1" 200 27
180.169.147.146 - - [11/Jun/2021:10:23:11 +0800] "GET /xingrg/check_reg.html?_=1623378191628 HTTP/1.1" 200 22
101.83.241.191 - - [11/Jun/2021:10:23:14 +0800] "GET /xingrg/all/function/internal_message.html?_=1623378196047&CODE_STATE=getMsg HTTP/1.1" 200 27
120.253.135.82 - - [11/Jun/2021:10:23:18 +0800] "GET /xingrg/all/function/internal_message.html?_=1623377980795&CODE_STATE=getMsg HTTP/1.1" 200 27
61.165.42.208 - - [11/Jun/2021:10:23:18 +0800] "POST /xingrg/kc/buy/cgsh_order_operate.html HTTP/1.1" 200 37
116.230.114.112 - - [11/Jun/2021:10:23:19 +0800] "GET /xingrg/all/function/internal_message.html?_=1623378214382&CODE_STATE=getMsg HTTP/1.1" 302 -
61.165.42.208 - - [11/Jun/2021:10:23:20 +0800] "POST /xingrg/kc/buy/cgsh_order_operate.html HTTP/1.1" 200 2659
61.165.42.208 - - [11/Jun/2021:10:23:21 +0800] "GET /xingrg/kc/print/load_data.html?order_code=212021061104837&kc_code=cgsh&condition= HTTP/1.1" 200 742
61.165.42.208 - - [11/Jun/2021:10:23:23 +0800] "GET /xingrg/all/function/internal_message.html?_=1623378204869&CODE_STATE=getMsg HTTP/1.1" 200 27
61.165.42.208 - - [11/Jun/2021:10:23:25 +0800] "GET /xingrg/kc/buy/cgsh_order_add.html HTTP/1.1" 200 62501
61.165.42.208 - - [11/Jun/2021:10:23:25 +0800] "GET /xingrg/javascript/easyui/themes/default/validatebox.css HTTP/1.1" 404 1104
61.165.42.208 - - [11/Jun/2021:10:23:25 +0800] "POST /xingrg/kc/buy/cgsh_order_operate.html HTTP/1.1" 200 8245
180.169.147.146 - - [11/Jun/2021:10:23:29 +0800] "GET /xingrg/kc/info/info_main.html HTTP/1.1" 200 6010
180.169.147.146 - - [11/Jun/2021:10:23:33 +0800] "GET /xingrg/system/supplier/kcSupplier.html?isKc=1 HTTP/1.1" 200 10949
180.169.147.146 - - [11/Jun/2021:10:23:33 +0800] "POST /xingrg/all/common/load_tree.html?tree=area_tree_json HTTP/1.1" 200 206
180.169.147.146 - - [11/Jun/2021:10:23:33 +0800] "POST /xingrg/all/common/load_tree.html?tree=supplier_sort_tree_json HTTP/1.1" 200 2513
180.169.147.146 - - [11/Jun/2021:10:23:33 +0800] "POST /xingrg/all/common/load_tree.html?tree=area_tree_json HTTP/1.1" 200 206
180.169.147.146 - - [11/Jun/2021:10:23:33 +0800] "POST /xingrg/all/common/load_tree.html?tree=supplier_sort_tree_json HTTP/1.1" 200 2513
116.224.253.72 - - [11/Jun/2021:10:23:35 +0800] "GET /xingrg/all/function/internal_message.html?_=1623378214520&CODE_STATE=getMsg HTTP/1.1" 200 27
58.40.7.146 - - [11/Jun/2021:10:23:35 +0800] "GET /xingrg/all/function/internal_message.html?_=1623378215960&CODE_STATE=getMsg HTTP/1.1" 200 27
180.169.147.146 - - [11/Jun/2021:10:23:36 +0800] "GET /xingrg/kc/info/info_main.html HTTP/1.1" 200 6010
61.165.42.208 - - [11/Jun/2021:10:23:36 +0800] "GET /xingrg/kc/buy/cgsh_order_operate.html?command=get_materiel&rest_code=00105&code=00101007032&supplier_code=00100328&order_time=2021-06-11 HTTP/1.1" 200 413
180.169.147.146 - - [11/Jun/2021:10:23:37 +0800] "GET /xingrg/system/info/materiel_manager.html HTTP/1.1" 200 19497
180.169.147.146 - - [11/Jun/2021:10:23:37 +0800] "GET /xingrg/dwr/interface/AjaxBaseInfoService.js HTTP/1.1" 200 21363
180.169.147.146 - - [11/Jun/2021:10:23:37 +0800] "GET /xingrg/dwr/interface/AjaxComOrderService.js HTTP/1.1" 200 18264
180.169.147.146 - - [11/Jun/2021:10:23:37 +0800] "GET /xingrg/dwr/engine.js HTTP/1.1" 200 43631
180.169.147.146 - - [11/Jun/2021:10:23:38 +0800] "POST /xingrg/dwr/call/plaincall/AjaxBaseInfoService.getSubMaterielSorts.dwr HTTP/1.1" 200 219
180.169.147.146 - - [11/Jun/2021:10:23:38 +0800] "POST /xingrg/dwr/call/plaincall/AjaxBaseInfoService.getMateriels.dwr HTTP/1.1" 200 2929
116.232.54.115 - - [11/Jun/2021:10:23:42 +0800] "GET /xingrg/all/function/internal_message.html?_=1623378222536&CODE_STATE=getMsg HTTP/1.1" 200 27
180.169.147.146 - - [11/Jun/2021:10:23:42 +0800] "POST /xingrg/dwr/call/plaincall/AjaxBaseInfoService.searchMateriels.dwr HTTP/1.1" 200 666
117.131.5.26 - - [11/Jun/2021:10:23:43 +0800] "GET /xingrg/all/function/internal_message.html?_=1623378316488&CODE_STATE=getMsg HTTP/1.1" 200 27
116.235.222.38 - - [11/Jun/2021:10:23:43 +0800] "GET /xingrg/all/function/internal_message.html?_=1623378216640&CODE_STATE=getMsg HTTP/1.1" 200 27
180.169.147.146 - - [11/Jun/2021:10:23:46 +0800] "GET /xingrg/system/info/materiel_info.html?code=02002040 HTTP/1.1" 200 34688
180.169.147.146 - - [11/Jun/2021:10:23:46 +0800] "GET /xingrg/dwr/interface/AjaxGetFirstChart.js HTTP/1.1" 200 631
180.169.147.146 - - [11/Jun/2021:10:23:46 +0800] "GET /xingrg/dwr/engine.js HTTP/1.1" 200 43631
180.169.147.146 - - [11/Jun/2021:10:23:46 +0800] "GET /favicon.ico HTTP/1.1" 404 -
180.169.147.146 - - [11/Jun/2021:10:23:46 +0800] "POST /xingrg/all/common/load_tree.html?tree=area_rest_tree_json HTTP/1.1" 200 3466
61.165.42.208 - - [11/Jun/2021:10:23:46 +0800] "POST /xingrg/kc/buy/cgsh_order_operate.html HTTP/1.1" 200 37
180.169.147.146 - - [11/Jun/2021:10:23:47 +0800] "POST /xingrg/dwr/call/plaincall/AjaxBaseInfoService.getMaterielInfo.dwr HTTP/1.1" 200 591
180.169.147.146 - - [11/Jun/2021:10:23:47 +0800] "POST /xingrg/all/common/load_tree.html?tree=area_rest_tree_json&defaultRests=undefined HTTP/1.1" 200 3466
180.169.147.146 - - [11/Jun/2021:10:23:47 +0800] "GET /xingrg/all/function/internal_message.html?_=1623378222525&CODE_STATE=getMsg HTTP/1.1" 200 27
180.169.147.146 - - [11/Jun/2021:10:23:47 +0800] "GET /xingrg/check_reg.html?_=1623378222526 HTTP/1.1" 200 22
61.165.42.208 - - [11/Jun/2021:10:23:48 +0800] "POST /xingrg/kc/buy/cgsh_order_operate.html HTTP/1.1" 200 2658
116.230.117.165 - - [11/Jun/2021:10:23:48 +0800] "GET /xingrg/check_reg.html?_=1623378245961 HTTP/1.1" 200 22
61.165.42.208 - - [11/Jun/2021:10:23:49 +0800] "GET /xingrg/kc/print/load_data.html?order_code=212021061104838&kc_code=cgsh&condition= HTTP/1.1" 200 677
116.230.117.165 - - [11/Jun/2021:10:23:51 +0800] "GET /xingrg/all/function/internal_message.html?_=1623378249276&CODE_STATE=getMsg HTTP/1.1" 200 27
117.184.7.30 - - [11/Jun/2021:10:23:52 +0800] "GET /favicon.ico HTTP/1.1" 404 -
116.224.253.72 - - [11/Jun/2021:10:23:52 +0800] "GET /xingrg/all/function/internal_message.html?_=1623378228283&CODE_STATE=getMsg HTTP/1.1" 200 27
61.165.42.208 - - [11/Jun/2021:10:23:53 +0800] "GET /xingrg/kc/buy/cgsh_order_add.html HTTP/1.1" 200 62501
61.165.42.208 - - [11/Jun/2021:10:23:53 +0800] "POST /xingrg/kc/buy/cgsh_order_operate.html HTTP/1.1" 200 8245
61.165.42.208 - - [11/Jun/2021:10:23:53 +0800] "GET /xingrg/javascript/easyui/themes/default/validatebox.css HTTP/1.1" 404 1104
180.169.147.146 - - [11/Jun/2021:10:23:53 +0800] "GET /xingrg/all/function/internal_message.html?_=1623378236384&CODE_STATE=getMsg HTTP/1.1" 200 27
116.230.110.80 - - [11/Jun/2021:10:23:54 +0800] "GET /favicon.ico HTTP/1.1" 404 -
117.185.32.26 - - [11/Jun/2021:10:23:56 +0800] "GET /xingrg/all/function/internal_message.html?_=1623378770534&CODE_STATE=getMsg HTTP/1.1" 200 27
61.165.42.208 - - [11/Jun/2021:10:24:02 +0800] "GET /xingrg/kc/buy/cgsh_order_operate.html?command=get_materiel&rest_code=00105&code=00101008061&supplier_code=00100339&order_time=2021-06-11 HTTP/1.1" 200 423
116.230.114.112 - - [11/Jun/2021:10:24:06 +0800] "GET /xingrg/check_reg.html?_=1623378261835 HTTP/1.1" 302 -
180.169.147.146 - - [11/Jun/2021:10:24:11 +0800] "GET /xingrg/all/function/internal_message.html?_=1623378251619&CODE_STATE=getMsg HTTP/1.1" 200 27
61.165.42.208 - - [11/Jun/2021:10:24:11 +0800] "POST /xingrg/kc/buy/cgsh_order_operate.html HTTP/1.1" 200 37
61.165.42.208 - - [11/Jun/2021:10:24:13 +0800] "POST /xingrg/kc/buy/cgsh_order_operate.html HTTP/1.1" 200 2666
101.83.241.191 - - [11/Jun/2021:10:24:14 +0800] "GET /xingrg/all/function/internal_message.html?_=1623378256032&CODE_STATE=getMsg HTTP/1.1" 200 27
61.165.42.208 - - [11/Jun/2021:10:24:14 +0800] "GET /xingrg/kc/print/load_data.html?order_code=212021061104839&kc_code=cgsh&condition= HTTP/1.1" 200 676
101.83.241.191 - - [11/Jun/2021:10:24:15 +0800] "GET /xingrg/check_reg.html?_=1623378256645 HTTP/1.1" 200 22
120.253.135.82 - - [11/Jun/2021:10:24:18 +0800] "GET /xingrg/all/function/internal_message.html?_=1623378040810&CODE_STATE=getMsg HTTP/1.1" 200 27
61.165.42.208 - - [11/Jun/2021:10:24:18 +0800] "GET /xingrg/kc/buy/cgsh_order_add.html HTTP/1.1" 200 62501
61.165.42.208 - - [11/Jun/2021:10:24:19 +0800] "GET /xingrg/javascript/easyui/themes/default/validatebox.css HTTP/1.1" 404 1104
61.165.42.208 - - [11/Jun/2021:10:24:19 +0800] "POST /xingrg/kc/buy/cgsh_order_operate.html HTTP/1.1" 200 8245
116.230.114.112 - - [11/Jun/2021:10:24:19 +0800] "GET /xingrg/all/function/internal_message.html?_=1623378274387&CODE_STATE=getMsg HTTP/1.1" 302 -
61.165.42.208 - - [11/Jun/2021:10:24:23 +0800] "GET /xingrg/all/function/internal_message.html?_=1623378264846&CODE_STATE=getMsg HTTP/1.1" 200 27
58.221.95.50 - - [11/Jun/2021:10:24:23 +0800] "GET /xingrg/check_reg.html?_=1623378263607 HTTP/1.1" 302 -
61.165.42.208 - - [11/Jun/2021:10:24:24 +0800] "GET /xingrg/check_reg.html?_=1623378266069 HTTP/1.1" 200 22
61.165.42.208 - - [11/Jun/2021:10:24:30 +0800] "GET /xingrg/kc/buy/cgsh_order_operate.html?command=get_materiel&rest_code=00105&code=00101008328&supplier_code=00100338&order_time=2021-06-11 HTTP/1.1" 200 410
116.224.253.72 - - [11/Jun/2021:10:24:35 +0800] "GET /xingrg/all/function/internal_message.html?_=1623378274504&CODE_STATE=getMsg HTTP/1.1" 200 27
116.224.253.72 - - [11/Jun/2021:10:24:35 +0800] "GET /xingrg/check_reg.html?_=1623378274820 HTTP/1.1" 200 22
58.40.7.146 - - [11/Jun/2021:10:24:35 +0800] "GET /xingrg/all/function/internal_message.html?_=1623378275963&CODE_STATE=getMsg HTTP/1.1" 200 27
61.165.42.208 - - [11/Jun/2021:10:24:41 +0800] "POST /xingrg/kc/buy/cgsh_order_operate.html HTTP/1.1" 200 37
116.232.54.115 - - [11/Jun/2021:10:24:42 +0800] "GET /xingrg/all/function/internal_message.html?_=1623378282536&CODE_STATE=getMsg HTTP/1.1" 200 27
116.232.54.115 - - [11/Jun/2021:10:24:42 +0800] "GET /xingrg/check_reg.html?_=1623378282539 HTTP/1.1" 200 22
117.131.5.26 - - [11/Jun/2021:10:24:43 +0800] "GET /xingrg/all/function/internal_message.html?_=1623378376485&CODE_STATE=getMsg HTTP/1.1" 200 27
61.165.42.208 - - [11/Jun/2021:10:24:43 +0800] "POST /xingrg/kc/buy/cgsh_order_operate.html HTTP/1.1" 200 2655
116.235.222.38 - - [11/Jun/2021:10:24:43 +0800] "GET /xingrg/all/function/internal_message.html?_=1623378276668&CODE_STATE=getMsg HTTP/1.1" 200 27
61.165.42.208 - - [11/Jun/2021:10:24:45 +0800] "GET /xingrg/kc/print/load_data.html?order_code=212021061104840&kc_code=cgsh&condition= HTTP/1.1" 200 672
180.169.147.146 - - [11/Jun/2021:10:24:47 +0800] "GET /xingrg/all/function/internal_message.html?_=1623378282525&CODE_STATE=getMsg HTTP/1.1" 200 27
61.165.42.208 - - [11/Jun/2021:10:24:49 +0800] "GET /xingrg/kc/buy/cgsh_order_add.html HTTP/1.1" 200 62501
61.165.42.208 - - [11/Jun/2021:10:24:49 +0800] "GET /xingrg/javascript/easyui/themes/default/validatebox.css HTTP/1.1" 404 1104
61.165.42.208 - - [11/Jun/2021:10:24:49 +0800] "POST /xingrg/kc/buy/cgsh_order_operate.html HTTP/1.1" 200 8245
116.230.117.165 - - [11/Jun/2021:10:24:51 +0800] "GET /xingrg/all/function/internal_message.html?_=1623378309283&CODE_STATE=getMsg HTTP/1.1" 200 27
116.224.253.72 - - [11/Jun/2021:10:24:52 +0800] "GET /xingrg/all/function/internal_message.html?_=1623378288304&CODE_STATE=getMsg HTTP/1.1" 200 27
180.169.147.146 - - [11/Jun/2021:10:24:53 +0800] "GET /xingrg/all/function/internal_message.html?_=1623378296386&CODE_STATE=getMsg HTTP/1.1" 200 27
117.185.32.26 - - [11/Jun/2021:10:24:56 +0800] "GET /xingrg/all/function/internal_message.html?_=1623378830562&CODE_STATE=getMsg HTTP/1.1" 200 27
180.161.111.4 - - [11/Jun/2021:10:24:57 +0800] "GET /xingrg/check_reg.html?_=1623378262457 HTTP/1.1" 200 22
61.165.42.208 - - [11/Jun/2021:10:25:01 +0800] "GET /xingrg/kc/buy/cgsh_order_operate.html?command=get_materiel&rest_code=00105&code=00101010534&supplier_code=00100322&order_time=2021-06-11 HTTP/1.1" 200 428
180.169.147.146 - - [11/Jun/2021:10:25:11 +0800] "GET /xingrg/all/function/internal_message.html?_=1623378311631&CODE_STATE=getMsg HTTP/1.1" 200 27
61.165.42.208 - - [11/Jun/2021:10:25:14 +0800] "POST /xingrg/kc/buy/cgsh_order_operate.html HTTP/1.1" 200 37
101.83.241.191 - - [11/Jun/2021:10:25:14 +0800] "GET /xingrg/all/function/internal_message.html?_=1623378316008&CODE_STATE=getMsg HTTP/1.1" 200 27
61.165.42.208 - - [11/Jun/2021:10:25:16 +0800] "POST /xingrg/kc/buy/cgsh_order_operate.html HTTP/1.1" 200 2679
120.253.135.82 - - [11/Jun/2021:10:25:17 +0800] "GET /xingrg/check_reg.html?_=1623378100406 HTTP/1.1" 200 22
120.253.135.82 - - [11/Jun/2021:10:25:18 +0800] "GET /xingrg/all/function/internal_message.html?_=1623378100824&CODE_STATE=getMsg HTTP/1.1" 200 27
61.165.42.208 - - [11/Jun/2021:10:25:18 +0800] "GET /xingrg/kc/print/load_data.html?order_code=212021061104841&kc_code=cgsh&condition= HTTP/1.1" 200 682
116.230.114.112 - - [11/Jun/2021:10:25:19 +0800] "GET /xingrg/all/function/internal_message.html?_=1623378334409&CODE_STATE=getMsg HTTP/1.1" 302 -
61.165.42.208 - - [11/Jun/2021:10:25:23 +0800] "GET /xingrg/all/function/internal_message.html?_=1623378324824&CODE_STATE=getMsg HTTP/1.1" 200 27
61.165.42.208 - - [11/Jun/2021:10:25:23 +0800] "GET /xingrg/kc/buy/cgsh_order_add.html HTTP/1.1" 200 62501
61.165.42.208 - - [11/Jun/2021:10:25:24 +0800] "POST /xingrg/kc/buy/cgsh_order_operate.html HTTP/1.1" 200 8245
61.165.42.208 - - [11/Jun/2021:10:25:24 +0800] "GET /xingrg/javascript/easyui/themes/default/validatebox.css HTTP/1.1" 404 1104
116.230.110.80 - - [11/Jun/2021:10:25:25 +0800] "GET /xingrg/login.html HTTP/1.1" 200 7641
116.230.110.80 - - [11/Jun/2021:10:25:26 +0800] "GET /favicon.ico HTTP/1.1" 404 -
116.224.253.72 - - [11/Jun/2021:10:25:35 +0800] "GET /xingrg/all/function/internal_message.html?_=1623378334475&CODE_STATE=getMsg HTTP/1.1" 200 27
58.40.7.146 - - [11/Jun/2021:10:25:35 +0800] "GET /xingrg/all/function/internal_message.html?_=1623378335967&CODE_STATE=getMsg HTTP/1.1" 200 27
116.224.253.72 - - [11/Jun/2021:10:25:41 +0800] "GET /xingrg/check_reg.html?_=1623378337329 HTTP/1.1" 200 22
116.232.54.115 - - [11/Jun/2021:10:25:42 +0800] "GET /xingrg/all/function/internal_message.html?_=1623378342538&CODE_STATE=getMsg HTTP/1.1" 200 27
117.131.5.26 - - [11/Jun/2021:10:25:43 +0800] "GET /xingrg/check_reg.html?_=1623378436485 HTTP/1.1" 200 22
117.131.5.26 - - [11/Jun/2021:10:25:43 +0800] "GET /xingrg/all/function/internal_message.html?_=1623378436484&CODE_STATE=getMsg HTTP/1.1" 200 27
116.235.222.38 - - [11/Jun/2021:10:25:43 +0800] "GET /xingrg/all/function/internal_message.html?_=1623378336669&CODE_STATE=getMsg HTTP/1.1" 200 27
180.169.147.146 - - [11/Jun/2021:10:25:47 +0800] "GET /xingrg/all/function/internal_message.html?_=1623378342524&CODE_STATE=getMsg HTTP/1.1" 200 27
116.230.117.165 - - [11/Jun/2021:10:25:52 +0800] "GET /xingrg/all/function/internal_message.html?_=1623378369733&CODE_STATE=getMsg HTTP/1.1" 200 27
116.224.253.72 - - [11/Jun/2021:10:25:52 +0800] "GET /xingrg/all/function/internal_message.html?_=1623378348310&CODE_STATE=getMsg HTTP/1.1" 200 27
180.169.147.146 - - [11/Jun/2021:10:25:53 +0800] "GET /xingrg/all/function/internal_message.html?_=1623378356393&CODE_STATE=getMsg HTTP/1.1" 200 27
180.169.147.146 - - [11/Jun/2021:10:25:53 +0800] "GET /xingrg/check_reg.html?_=1623378356397 HTTP/1.1" 200 22
117.185.32.26 - - [11/Jun/2021:10:25:56 +0800] "GET /xingrg/all/function/internal_message.html?_=1623378890562&CODE_STATE=getMsg HTTP/1.1" 200 27
116.230.110.80 - - [11/Jun/2021:10:25:56 +0800] "POST /xingrg/login.do HTTP/1.1" 302 -
116.230.110.80 - - [11/Jun/2021:10:25:56 +0800] "GET /xingrg/index.html?sysBaseUrl=http%3A%2F%2F180.169.147.146%3A18081%2Fxingrg%2F&costTime=1105×tamp=1623378356799 HTTP/1.1" 200 17179
116.230.110.80 - - [11/Jun/2021:10:25:57 +0800] "GET /favicon.ico HTTP/1.1" 404 -
116.230.110.80 - - [11/Jun/2021:10:25:57 +0800] "POST /xingrg/all/common/load_tree.html?tree=area_rest_tree_json&manage=1 HTTP/1.1" 200 351
116.230.110.80 - - [11/Jun/2021:10:25:57 +0800] "GET /xingrg/all/function/internal_message.html?_=1623378336759&CODE_STATE=count HTTP/1.1" 200 11
116.230.110.80 - - [11/Jun/2021:10:25:57 +0800] "GET /xingrg/check_reg.html?_=1623378336764 HTTP/1.1" 200 22
116.230.110.80 - - [11/Jun/2021:10:25:57 +0800] "POST /xingrg/load_menu.html HTTP/1.1" 200 5138
116.230.110.80 - - [11/Jun/2021:10:26:06 +0800] "GET /xingrg/index.html?sysBaseUrl=http%3A%2F%2F180.169.147.146%3A18081%2Fxingrg%2F&costTime=1277×tamp=1606817596806 HTTP/1.1" 200 17179
116.230.110.80 - - [11/Jun/2021:10:26:07 +0800] "GET /favicon.ico HTTP/1.1" 404 -
116.230.110.80 - - [11/Jun/2021:10:26:07 +0800] "GET /xingrg/all/function/internal_message.html?_=1623378347007&CODE_STATE=count HTTP/1.1" 200 11
116.230.110.80 - - [11/Jun/2021:10:26:07 +0800] "GET /xingrg/check_reg.html?_=1623378347007 HTTP/1.1" 200 22
116.230.110.80 - - [11/Jun/2021:10:26:07 +0800] "POST /xingrg/all/common/load_tree.html?tree=area_rest_tree_json&manage=1 HTTP/1.1" 200 351
116.230.110.80 - - [11/Jun/2021:10:26:07 +0800] "POST /xingrg/load_menu.html HTTP/1.1" 200 5138
180.169.147.146 - - [11/Jun/2021:10:26:11 +0800] "GET /xingrg/all/function/internal_message.html?_=1623378371607&CODE_STATE=getMsg HTTP/1.1" 200 27
101.83.241.191 - - [11/Jun/2021:10:26:14 +0800] "GET /xingrg/all/function/internal_message.html?_=1623378375978&CODE_STATE=getMsg HTTP/1.1" 200 27
120.253.135.82 - - [11/Jun/2021:10:26:18 +0800] "GET /xingrg/all/function/internal_message.html?_=1623378160837&CODE_STATE=getMsg HTTP/1.1" 200 27
116.230.114.112 - - [11/Jun/2021:10:26:19 +0800] "GET /xingrg/all/function/internal_message.html?_=1623378394414&CODE_STATE=getMsg HTTP/1.1" 302 -
61.165.42.208 - - [11/Jun/2021:10:26:23 +0800] "GET /xingrg/all/function/internal_message.html?_=1623378384793&CODE_STATE=getMsg HTTP/1.1" 200 27
116.224.253.72 - - [11/Jun/2021:10:26:35 +0800] "GET /xingrg/all/function/internal_message.html?_=1623378394474&CODE_STATE=getMsg HTTP/1.1" 200 27
58.40.7.146 - - [11/Jun/2021:10:26:35 +0800] "GET /xingrg/all/function/internal_message.html?_=1623378395954&CODE_STATE=getMsg HTTP/1.1" 200 27
116.232.54.115 - - [11/Jun/2021:10:26:42 +0800] "GET /xingrg/all/function/internal_message.html?_=1623378402540&CODE_STATE=getMsg HTTP/1.1" 200 27
117.131.5.26 - - [11/Jun/2021:10:26:43 +0800] "GET /xingrg/all/function/internal_message.html?_=1623378496482&CODE_STATE=getMsg HTTP/1.1" 200 27
116.235.222.38 - - [11/Jun/2021:10:26:43 +0800] "GET /xingrg/all/function/internal_message.html?_=1623378396674&CODE_STATE=getMsg HTTP/1.1" 200 27
180.169.147.146 - - [11/Jun/2021:10:26:47 +0800] "GET /xingrg/all/function/internal_message.html?_=1623378402537&CODE_STATE=getMsg HTTP/1.1" 200 27
116.235.222.38 - - [11/Jun/2021:10:26:48 +0800] "GET /xingrg/kc/buy/buy_main.html HTTP/1.1" 200 12412
116.235.222.38 - - [11/Jun/2021:10:26:48 +0800] "GET /xingrg/css/new_ie.css HTTP/1.1" 404 1036
116.235.222.38 - - [11/Jun/2021:10:26:49 +0800] "GET /xingrg/images/yd/bt.gif HTTP/1.1" 404 1040
116.235.222.38 - - [11/Jun/2021:10:26:50 +0800] "GET /xingrg/kc/buy/cgsh_order_list.html HTTP/1.1" 200 46722
116.230.117.165 - - [11/Jun/2021:10:26:52 +0800] "GET /xingrg/all/function/internal_message.html?_=1623378429747&CODE_STATE=getMsg HTTP/1.1" 200 27
116.224.253.72 - - [11/Jun/2021:10:26:52 +0800] "GET /xingrg/all/function/internal_message.html?_=1623378408323&CODE_STATE=getMsg HTTP/1.1" 200 27
180.169.147.146 - - [11/Jun/2021:10:26:53 +0800] "GET /xingrg/all/function/internal_message.html?_=1623378416397&CODE_STATE=getMsg HTTP/1.1" 200 27
117.185.32.26 - - [11/Jun/2021:10:26:56 +0800] "GET /xingrg/all/function/internal_message.html?_=1623378950562&CODE_STATE=getMsg HTTP/1.1" 200 27
116.230.110.80 - - [11/Jun/2021:10:26:57 +0800] "GET /xingrg/all/function/internal_message.html?_=1623378396788&CODE_STATE=getMsg HTTP/1.1" 200 27
61.165.42.208 - - [11/Jun/2021:10:26:58 +0800] "GET /xingrg/kc/buy/cgsh_order_operate.html?command=get_materiel&rest_code=00105&code=00101007057&supplier_code=00100323&order_time=2021-06-11 HTTP/1.1" 200 413
116.235.222.38 - - [11/Jun/2021:10:27:02 +0800] "POST /xingrg/kc/buy/cgsh_list_operate.html HTTP/1.1" 200 5126
180.161.111.4 - - [11/Jun/2021:10:27:08 +0800] "GET /xingrg/login.html HTTP/1.1" 200 7641
180.161.111.4 - - [11/Jun/2021:10:27:08 +0800] "GET /xingrg/images/blue/jxLogo.png HTTP/1.1" 304 -
180.161.111.4 - - [11/Jun/2021:10:27:08 +0800] "GET /xingrg/images/blue/login_bg.png HTTP/1.1" 304 -
180.161.111.4 - - [11/Jun/2021:10:27:08 +0800] "GET /xingrg/images/blue/hj.png HTTP/1.1" 304 -
180.161.111.4 - - [11/Jun/2021:10:27:08 +0800] "GET /xingrg/images/blue/srbg.png HTTP/1.1" 304 -
180.161.111.4 - - [11/Jun/2021:10:27:08 +0800] "GET /favicon.ico HTTP/1.1" 404 -
61.165.42.208 - - [11/Jun/2021:10:27:10 +0800] "GET /xingrg/kc/buy/cgsh_order_operate.html?command=get_materiel&rest_code=00105&code=00101016075&supplier_code=00100323&order_time=2021-06-11 HTTP/1.1" 200 444
180.169.147.146 - - [11/Jun/2021:10:27:11 +0800] "GET /xingrg/all/function/internal_message.html?_=1623378431616&CODE_STATE=getMsg HTTP/1.1" 200 27
180.161.111.4 - - [11/Jun/2021:10:27:11 +0800] "POST /xingrg/login.do HTTP/1.1" 302 -
180.161.111.4 - - [11/Jun/2021:10:27:12 +0800] "GET /xingrg/javascript/jquery_easy_ui/themes/default/easyui.css HTTP/1.1" 304 -
180.161.111.4 - - [11/Jun/2021:10:27:12 +0800] "GET /xingrg/index.html?sysBaseUrl=http%3A%2F%2F180.169.147.146%3A18081%2Fxingrg%2F&costTime=1396×tamp=1623378431900 HTTP/1.1" 200 17173
180.161.111.4 - - [11/Jun/2021:10:27:12 +0800] "GET /xingrg/javascript/jquery_easy_ui/themes/icon.css HTTP/1.1" 304 -
180.161.111.4 - - [11/Jun/2021:10:27:12 +0800] "GET /xingrg/css/form.css HTTP/1.1" 304 -
180.161.111.4 - - [11/Jun/2021:10:27:12 +0800] "GET /xingrg/javascript/jquery-1.4.2.min.js HTTP/1.1" 304 -
180.161.111.4 - - [11/Jun/2021:10:27:12 +0800] "GET /xingrg/javascript/jquery_easy_ui/jquery.easyui.min.js HTTP/1.1" 304 -
180.161.111.4 - - [11/Jun/2021:10:27:12 +0800] "GET /xingrg/javascript/jquery.form.js HTTP/1.1" 304 -
180.161.111.4 - - [11/Jun/2021:10:27:12 +0800] "GET /xingrg/javascript/jquery_easy_ui/easyui-lang-zh_CN.js HTTP/1.1" 304 -
180.161.111.4 - - [11/Jun/2021:10:27:12 +0800] "GET /xingrg/javascript/jquery.utils.js HTTP/1.1" 304 -
180.161.111.4 - - [11/Jun/2021:10:27:12 +0800] "GET /xingrg/javascript/jquery.timers.js HTTP/1.1" 304 -
180.161.111.4 - - [11/Jun/2021:10:27:12 +0800] "GET /favicon.ico HTTP/1.1" 404 -
180.161.111.4 - - [11/Jun/2021:10:27:12 +0800] "GET /xingrg/images/blue/navBackgound.jpg HTTP/1.1" 304 -
180.161.111.4 - - [11/Jun/2021:10:27:12 +0800] "GET /xingrg/javascript/jquery_easy_ui/themes/icons/settle_new.png HTTP/1.1" 304 -
116.235.222.38 - - [11/Jun/2021:10:27:12 +0800] "POST /xingrg/kc/buy/cgsh_list_operate.html HTTP/1.1" 200 5126
180.161.111.4 - - [11/Jun/2021:10:27:12 +0800] "GET /xingrg/images/blue/pingpu.png HTTP/1.1" 304 -
180.161.111.4 - - [11/Jun/2021:10:27:12 +0800] "GET /xingrg/javascript/jquery_easy_ui/themes/default/images/tabs_leftarrow.png HTTP/1.1" 304 -
180.161.111.4 - - [11/Jun/2021:10:27:12 +0800] "GET /xingrg/javascript/jquery_easy_ui/themes/default/images/tabs_rightarrow.png HTTP/1.1" 304 -
180.161.111.4 - - [11/Jun/2021:10:27:12 +0800] "GET /xingrg/javascript/jquery_easy_ui/themes/default/images/panel_tool_collapse.gif HTTP/1.1" 304 -
180.161.111.4 - - [11/Jun/2021:10:27:12 +0800] "POST /xingrg/all/common/load_tree.html?tree=area_rest_tree_json&manage=1 HTTP/1.1" 200 342
180.161.111.4 - - [11/Jun/2021:10:27:12 +0800] "GET /xingrg/all/function/internal_message.html?_=1623378435338&CODE_STATE=count HTTP/1.1" 200 11
180.161.111.4 - - [11/Jun/2021:10:27:12 +0800] "GET /xingrg/check_reg.html?_=1623378435340 HTTP/1.1" 200 22
180.161.111.4 - - [11/Jun/2021:10:27:12 +0800] "GET /xingrg/javascript/jquery_easy_ui/themes/default/images/tree_arrows.gif HTTP/1.1" 304 -
180.161.111.4 - - [11/Jun/2021:10:27:12 +0800] "POST /xingrg/load_menu.html HTTP/1.1" 200 5138
180.161.111.4 - - [11/Jun/2021:10:27:13 +0800] "GET /xingrg/javascript/jquery_easy_ui/themes/default/images/tree_folder_open.gif HTTP/1.1" 304 -
180.161.111.4 - - [11/Jun/2021:10:27:13 +0800] "GET /xingrg/javascript/jquery_easy_ui/themes/icons/search_new.png HTTP/1.1" 304 -
180.161.111.4 - - [11/Jun/2021:10:27:13 +0800] "GET /xingrg/javascript/jquery_easy_ui/themes/default/images/tree_folder.gif HTTP/1.1" 304 -
180.161.111.4 - - [11/Jun/2021:10:27:13 +0800] "GET /xingrg/javascript/jquery_easy_ui/themes/icons/storage_new.png HTTP/1.1" 304 -
180.161.111.4 - - [11/Jun/2021:10:27:13 +0800] "GET /xingrg/javascript/jquery_easy_ui/themes/icons/forms_new.png HTTP/1.1" 304 -
180.161.111.4 - - [11/Jun/2021:10:27:13 +0800] "GET /xingrg/javascript/jquery_easy_ui/themes/default/images/tree_file.gif HTTP/1.1" 304 -
101.83.241.191 - - [11/Jun/2021:10:27:14 +0800] "GET /xingrg/all/function/internal_message.html?_=1623378435949&CODE_STATE=getMsg HTTP/1.1" 200 27
120.253.135.82 - - [11/Jun/2021:10:27:18 +0800] "GET /xingrg/all/function/internal_message.html?_=1623378220851&CODE_STATE=getMsg HTTP/1.1" 200 27
61.165.42.208 - - [11/Jun/2021:10:27:18 +0800] "GET /xingrg/kc/buy/cgsh_order_operate.html?command=get_materiel&rest_code=00105&code=00101016081&supplier_code=00100323&order_time=2021-06-11 HTTP/1.1" 200 467
116.230.114.112 - - [11/Jun/2021:10:27:19 +0800] "GET /xingrg/all/function/internal_message.html?_=1623378454437&CODE_STATE=getMsg HTTP/1.1" 302 -
116.235.222.38 - - [11/Jun/2021:10:27:21 +0800] "POST /xingrg/kc/buy/cgsh_list_operate.html HTTP/1.1" 200 203
61.165.42.208 - - [11/Jun/2021:10:27:23 +0800] "GET /xingrg/all/function/internal_message.html?_=1623378444769&CODE_STATE=getMsg HTTP/1.1" 200 27
116.235.222.38 - - [11/Jun/2021:10:27:23 +0800] "GET /xingrg/kc/buy/cgsh_order_info.html?code=212021061104780 HTTP/1.1" 200 62555
116.235.222.38 - - [11/Jun/2021:10:27:24 +0800] "GET /xingrg/javascript/easyui/themes/default/validatebox.css HTTP/1.1" 404 1104
116.235.222.38 - - [11/Jun/2021:10:27:25 +0800] "POST /xingrg/kc/buy/cgsh_order_operate.html HTTP/1.1" 200 2660
180.161.111.4 - - [11/Jun/2021:10:27:27 +0800] "GET /xingrg/javascript/jquery_easy_ui/themes/default/images/tabs_close.gif HTTP/1.1" 304 -
180.161.111.4 - - [11/Jun/2021:10:27:27 +0800] "GET /xingrg/kc/mdqp/qqps_order_list.html HTTP/1.1" 200 9222
180.161.111.4 - - [11/Jun/2021:10:27:27 +0800] "GET /xingrg/css/blue.css HTTP/1.1" 304 -
180.161.111.4 - - [11/Jun/2021:10:27:27 +0800] "GET /xingrg/javascript/pic_change.js HTTP/1.1" 304 -
180.161.111.4 - - [11/Jun/2021:10:27:27 +0800] "GET /xingrg/dwr/interface/AjaxReportQueryService.js HTTP/1.1" 200 13203
180.161.111.4 - - [11/Jun/2021:10:27:27 +0800] "GET /xingrg/dwr/interface/AjaxQqpsService.js HTTP/1.1" 200 16326
180.161.111.4 - - [11/Jun/2021:10:27:27 +0800] "GET /xingrg/dwr/engine.js HTTP/1.1" 200 43631
180.161.111.4 - - [11/Jun/2021:10:27:27 +0800] "GET /xingrg/dwr/util.js HTTP/1.1" 304 -
180.161.111.4 - - [11/Jun/2021:10:27:27 +0800] "GET /xingrg/javascript/Calendar.js HTTP/1.1" 304 -
180.161.111.4 - - [11/Jun/2021:10:27:27 +0800] "GET /xingrg/javascript/myfunction.js HTTP/1.1" 304 -
180.161.111.4 - - [11/Jun/2021:10:27:27 +0800] "GET /xingrg/javascript/ToolTips.js HTTP/1.1" 304 -
180.161.111.4 - - [11/Jun/2021:10:27:27 +0800] "GET /xingrg/javascript/jquery_easy_ui/themes/icons/edit_add_new.png HTTP/1.1" 304 -
180.161.111.4 - - [11/Jun/2021:10:27:27 +0800] "GET /xingrg/javascript/jquery_easy_ui/themes/icons/check_new.png HTTP/1.1" 304 -
180.161.111.4 - - [11/Jun/2021:10:27:27 +0800] "GET /xingrg/javascript/jquery_easy_ui/themes/icons/uncheck_new.png HTTP/1.1" 304 -
180.161.111.4 - - [11/Jun/2021:10:27:27 +0800] "GET /xingrg/javascript/jquery_easy_ui/themes/icons/cance_new.png HTTP/1.1" 304 -
180.161.111.4 - - [11/Jun/2021:10:27:29 +0800] "GET /xingrg/kc/mdqp/pssh_order_list.html HTTP/1.1" 200 17658
180.161.111.4 - - [11/Jun/2021:10:27:29 +0800] "GET /xingrg/css/base.css HTTP/1.1" 304 -
180.161.111.4 - - [11/Jun/2021:10:27:29 +0800] "GET /xingrg/css/site.css HTTP/1.1" 304 -
180.161.111.4 - - [11/Jun/2021:10:27:29 +0800] "GET /xingrg/javascript/jquery_tools/datebox.css HTTP/1.1" 304 -
180.161.111.4 - - [11/Jun/2021:10:27:29 +0800] "GET /xingrg/javascript/easyui/themes/default/easyui.css HTTP/1.1" 304 -
180.161.111.4 - - [11/Jun/2021:10:27:29 +0800] "GET /xingrg/javascript/easyui/themes/icon.css HTTP/1.1" 304 -
180.161.111.4 - - [11/Jun/2021:10:27:29 +0800] "GET /xingrg/javascript/auto/jquery.autocomplete.css HTTP/1.1" 304 -
180.161.111.4 - - [11/Jun/2021:10:27:29 +0800] "GET /xingrg/javascript/jquery_tools/fix.css HTTP/1.1" 304 -
180.161.111.4 - - [11/Jun/2021:10:27:29 +0800] "GET /xingrg/javascript/jquery_tools/table.css HTTP/1.1" 304 -
180.161.111.4 - - [11/Jun/2021:10:27:29 +0800] "GET /xingrg/javascript/jquery_tools/jquery.tools.min.js HTTP/1.1" 304 -
180.161.111.4 - - [11/Jun/2021:10:27:29 +0800] "GET /xingrg/javascript/jquery_tools/jquery.tools.extend.js HTTP/1.1" 304 -
180.161.111.4 - - [11/Jun/2021:10:27:29 +0800] "GET /xingrg/javascript/jquery_tools/jquery.tools.hotkey.js HTTP/1.1" 304 -
180.161.111.4 - - [11/Jun/2021:10:27:29 +0800] "GET /xingrg/javascript/jquery_tools/list_manager.js HTTP/1.1" 304 -
180.161.111.4 - - [11/Jun/2021:10:27:29 +0800] "GET /xingrg/javascript/jquery_tools/jquery.tools.table.js HTTP/1.1" 304 -
180.161.111.4 - - [11/Jun/2021:10:27:29 +0800] "GET /xingrg/javascript/easyui/easyloader.js HTTP/1.1" 304 -
180.161.111.4 - - [11/Jun/2021:10:27:29 +0800] "GET /xingrg/javascript/auto/jquery.autocomplete.js HTTP/1.1" 304 -
180.161.111.4 - - [11/Jun/2021:10:27:29 +0800] "GET /xingrg/javascript/jquery.cookie.js HTTP/1.1" 304 -
180.161.111.4 - - [11/Jun/2021:10:27:29 +0800] "GET /xingrg/javascript/easyui/themes/icons/field_new.png HTTP/1.1" 304 -
180.161.111.4 - - [11/Jun/2021:10:27:29 +0800] "GET /xingrg/javascript/easyui/plugins/jquery.parser.js HTTP/1.1" 304 -
180.161.111.4 - - [11/Jun/2021:10:27:29 +0800] "GET /xingrg/images/control/ajaxLoader.gif HTTP/1.1" 304 -
180.161.111.4 - - [11/Jun/2021:10:27:30 +0800] "POST /xingrg/kc/mdqp/pssh_list_operate.html HTTP/1.1" 200 5288
61.165.42.208 - - [11/Jun/2021:10:27:31 +0800] "GET /xingrg/kc/buy/cgsh_order_operate.html?command=get_materiel&rest_code=00105&code=00101010063&supplier_code=00100323&order_time=2021-06-11 HTTP/1.1" 200 409
180.161.111.4 - - [11/Jun/2021:10:27:31 +0800] "POST /xingrg/kc/mdqp/pssh_list_operate.html HTTP/1.1" 200 787
180.161.111.4 - - [11/Jun/2021:10:27:33 +0800] "GET /xingrg/javascript/jquery_easy_ui/themes/default/images/tabs_active.png HTTP/1.1" 304 -
180.161.111.4 - - [11/Jun/2021:10:27:33 +0800] "GET /xingrg/kc/mdqp/pssh_order_info.html?code=312021061100268 HTTP/1.1" 200 17275
180.161.111.4 - - [11/Jun/2021:10:27:33 +0800] "GET /xingrg/javascript/jquery_tools/jquery-1.4.2.min.js HTTP/1.1" 404 1094
180.161.111.4 - - [11/Jun/2021:10:27:33 +0800] "GET /xingrg/javascript/jquery_tools/order_manager.js HTTP/1.1" 304 -
180.161.111.4 - - [11/Jun/2021:10:27:33 +0800] "GET /xingrg/javascript/convert.js HTTP/1.1" 304 -
180.161.111.4 - - [11/Jun/2021:10:27:33 +0800] "GET /xingrg/javascript/json2.js HTTP/1.1" 304 -
180.161.111.4 - - [11/Jun/2021:10:27:33 +0800] "GET /xingrg/javascript/print/kc_print.js HTTP/1.1" 304 -
180.161.111.4 - - [11/Jun/2021:10:27:33 +0800] "GET /xingrg/javascript/print/LodopFuncs.js HTTP/1.1" 304 -
180.161.111.4 - - [11/Jun/2021:10:27:33 +0800] "GET /xingrg/words/20210608131730_words.js HTTP/1.1" 304 -
180.161.111.4 - - [11/Jun/2021:10:27:34 +0800] "GET /xingrg/javascript/easyui/themes/icons/cance_new.png HTTP/1.1" 304 -
180.161.111.4 - - [11/Jun/2021:10:27:34 +0800] "GET /xingrg/javascript/easyui/themes/icons/ok.png HTTP/1.1" 304 -
180.161.111.4 - - [11/Jun/2021:10:27:34 +0800] "GET /xingrg/javascript/easyui/themes/icons/check_new.png HTTP/1.1" 304 -
180.161.111.4 - - [11/Jun/2021:10:27:34 +0800] "GET /xingrg/javascript/easyui/themes/icons/print.png HTTP/1.1" 304 -
180.161.111.4 - - [11/Jun/2021:10:27:34 +0800] "GET /xingrg/javascript/easyui/themes/default/images/menu_downarrow.png HTTP/1.1" 304 -
180.161.111.4 - - [11/Jun/2021:10:27:34 +0800] "GET /xingrg/javascript/easyui/themes/icons/back_new.png HTTP/1.1" 304 -
180.161.111.4 - - [11/Jun/2021:10:27:34 +0800] "GET /xingrg/javascript/jquery_easy_ui/themes/icons/area.png HTTP/1.1" 304 -
180.161.111.4 - - [11/Jun/2021:10:27:34 +0800] "GET /xingrg/javascript/jquery_easy_ui/themes/icons/rest.png HTTP/1.1" 304 -
180.161.111.4 - - [11/Jun/2021:10:27:34 +0800] "GET /xingrg/javascript/easyui/themes/default/validatebox.css HTTP/1.1" 404 1104
180.161.111.4 - - [11/Jun/2021:10:27:34 +0800] "GET /xingrg/javascript/easyui/plugins/jquery.validatebox.js HTTP/1.1" 304 -
180.161.111.4 - - [11/Jun/2021:10:27:34 +0800] "GET /xingrg/javascript/easyui/plugins/jquery.numberbox.js HTTP/1.1" 304 -
180.161.111.4 - - [11/Jun/2021:10:27:35 +0800] "POST /xingrg/kc/mdqp/pssh_order_operate.html HTTP/1.1" 200 6336
180.161.111.4 - - [11/Jun/2021:10:27:35 +0800] "GET /xingrg/all/common/auto_word.html?type=base&rest_code=00102&rest_code=00102 HTTP/1.1" 200 1711
180.161.111.4 - - [11/Jun/2021:10:27:35 +0800] "GET /xingrg/all/common/auto_word.html?type=employee&rest_code=00102 HTTP/1.1" 200 189
116.224.253.72 - - [11/Jun/2021:10:27:35 +0800] "GET /xingrg/all/function/internal_message.html?_=1623378454460&CODE_STATE=getMsg HTTP/1.1" 200 27
58.40.7.146 - - [11/Jun/2021:10:27:35 +0800] "GET /xingrg/all/function/internal_message.html?_=1623378455957&CODE_STATE=getMsg HTTP/1.1" 200 27
58.40.7.146 - - [11/Jun/2021:10:27:35 +0800] "GET /xingrg/check_reg.html?_=1623378455959 HTTP/1.1" 200 22
180.161.111.4 - - [11/Jun/2021:10:27:36 +0800] "POST /xingrg/kc/mdqp/pssh_list_operate.html HTTP/1.1" 200 259
116.235.222.38 - - [11/Jun/2021:10:27:36 +0800] "POST /xingrg/kc/buy/cgsh_order_operate.html HTTP/1.1" 200 12
180.161.111.4 - - [11/Jun/2021:10:27:37 +0800] "POST /xingrg/kc/mdqp/pssh_list_operate.html HTTP/1.1" 200 757
180.161.111.4 - - [11/Jun/2021:10:27:38 +0800] "POST /xingrg/kc/mdqp/pssh_list_operate.html HTTP/1.1" 200 808
61.165.42.208 - - [11/Jun/2021:10:27:39 +0800] "GET /xingrg/kc/buy/cgsh_order_operate.html?command=get_materiel&rest_code=00105&code=00101020113&supplier_code=00100323&order_time=2021-06-11 HTTP/1.1" 200 409
180.161.111.4 - - [11/Jun/2021:10:27:39 +0800] "POST /xingrg/kc/mdqp/pssh_list_operate.html HTTP/1.1" 200 640
116.232.54.115 - - [11/Jun/2021:10:27:42 +0800] "GET /xingrg/all/function/internal_message.html?_=1623378462542&CODE_STATE=getMsg HTTP/1.1" 200 27
180.161.111.4 - - [11/Jun/2021:10:27:42 +0800] "GET /xingrg/kc/mdqp/pssh_order_info.html?code=312021061100272 HTTP/1.1" 200 17244
180.161.111.4 - - [11/Jun/2021:10:27:42 +0800] "GET /xingrg/javascript/jquery_tools/jquery-1.4.2.min.js HTTP/1.1" 404 1094
180.161.111.4 - - [11/Jun/2021:10:27:43 +0800] "GET /xingrg/javascript/easyui/themes/default/validatebox.css HTTP/1.1" 404 1104
180.161.111.4 - - [11/Jun/2021:10:27:43 +0800] "POST /xingrg/kc/mdqp/pssh_order_operate.html HTTP/1.1" 200 2563
117.131.5.26 - - [11/Jun/2021:10:27:43 +0800] "GET /xingrg/all/function/internal_message.html?_=1623378556481&CODE_STATE=getMsg HTTP/1.1" 200 27
180.161.111.4 - - [11/Jun/2021:10:27:46 +0800] "POST /xingrg/kc/mdqp/pssh_list_operate.html HTTP/1.1" 200 2858
180.169.147.146 - - [11/Jun/2021:10:27:47 +0800] "GET /xingrg/all/function/internal_message.html?_=1623378462536&CODE_STATE=getMsg HTTP/1.1" 200 27
61.165.42.208 - - [11/Jun/2021:10:27:48 +0800] "GET /xingrg/kc/buy/cgsh_order_operate.html?command=get_materiel&rest_code=00105&code=00101008187&supplier_code=00100323&order_time=2021-06-11 HTTP/1.1" 200 413
180.161.111.4 - - [11/Jun/2021:10:27:48 +0800] "GET /xingrg/kc/buy/cgsh_order_list.html HTTP/1.1" 200 46716
180.161.111.4 - - [11/Jun/2021:10:27:48 +0800] "GET /xingrg/javascript/easyui/themes/icons/edit_add_new.png HTTP/1.1" 304 -
180.161.111.4 - - [11/Jun/2021:10:27:48 +0800] "GET /xingrg/javascript/easyui/themes/icons/import_new.png HTTP/1.1" 304 -
180.161.111.4 - - [11/Jun/2021:10:27:51 +0800] "POST /xingrg/kc/buy/cgsh_list_operate.html HTTP/1.1" 200 876
180.161.111.4 - - [11/Jun/2021:10:27:52 +0800] "GET /xingrg/kc/mdqp/qqps_order_list.html HTTP/1.1" 200 9222
180.161.111.4 - - [11/Jun/2021:10:27:52 +0800] "GET /xingrg/dwr/interface/AjaxQqpsService.js HTTP/1.1" 200 16326
180.161.111.4 - - [11/Jun/2021:10:27:52 +0800] "GET /xingrg/dwr/interface/AjaxReportQueryService.js HTTP/1.1" 200 13203
180.161.111.4 - - [11/Jun/2021:10:27:52 +0800] "GET /xingrg/dwr/engine.js HTTP/1.1" 200 43631
116.230.117.165 - - [11/Jun/2021:10:27:52 +0800] "GET /xingrg/all/function/internal_message.html?_=1623378490195&CODE_STATE=getMsg HTTP/1.1" 200 27
180.161.111.4 - - [11/Jun/2021:10:27:52 +0800] "GET /xingrg/kc/mdqp/pssh_order_list.html HTTP/1.1" 200 17658
116.224.253.72 - - [11/Jun/2021:10:27:53 +0800] "GET /xingrg/all/function/internal_message.html?_=1623378468345&CODE_STATE=getMsg HTTP/1.1" 200 27
180.161.111.4 - - [11/Jun/2021:10:27:53 +0800] "POST /xingrg/kc/mdqp/pssh_list_operate.html HTTP/1.1" 200 5288
180.169.147.146 - - [11/Jun/2021:10:27:53 +0800] "GET /xingrg/all/function/internal_message.html?_=1623378476397&CODE_STATE=getMsg HTTP/1.1" 200 27
117.185.32.26 - - [11/Jun/2021:10:27:56 +0800] "GET /xingrg/all/function/internal_message.html?_=1623379010562&CODE_STATE=getMsg HTTP/1.1" 200 27
117.185.32.26 - - [11/Jun/2021:10:27:56 +0800] "GET /xingrg/check_reg.html?_=1623379010564 HTTP/1.1" 200 22
116.230.110.80 - - [11/Jun/2021:10:27:57 +0800] "GET /xingrg/all/function/internal_message.html?_=1623378456777&CODE_STATE=getMsg HTTP/1.1" 200 27
61.165.42.208 - - [11/Jun/2021:10:28:00 +0800] "GET /xingrg/kc/buy/cgsh_order_operate.html?command=get_materiel&rest_code=00105&code=00101008127&supplier_code=00100323&order_time=2021-06-11 HTTP/1.1" 200 413
61.165.42.208 - - [11/Jun/2021:10:28:07 +0800] "GET /xingrg/kc/buy/cgsh_order_operate.html?command=get_materiel&rest_code=00105&code=00101007038&supplier_code=00100323&order_time=2021-06-11 HTTP/1.1" 200 441
61.165.42.208 - - [11/Jun/2021:10:28:08 +0800] "POST /xingrg/all/common/load_select.html HTTP/1.1" 200 25
180.169.147.146 - - [11/Jun/2021:10:28:11 +0800] "GET /xingrg/all/function/internal_message.html?_=1623378491622&CODE_STATE=getMsg HTTP/1.1" 200 27
180.169.147.146 - - [11/Jun/2021:10:28:11 +0800] "GET /xingrg/check_reg.html?_=1623378491627 HTTP/1.1" 200 22
180.161.111.4 - - [11/Jun/2021:10:28:12 +0800] "GET /xingrg/all/function/internal_message.html?_=1623378495350&CODE_STATE=getMsg HTTP/1.1" 200 27
61.165.42.208 - - [11/Jun/2021:10:28:13 +0800] "GET /xingrg/kc/buy/cgsh_order_operate.html?command=get_materiel_price&rest_code=00105&code=00101007038&unit_code=00100025&supplier_code=00100323&order_time=2021-06-11 HTTP/1.1" 200 29
101.83.241.191 - - [11/Jun/2021:10:28:14 +0800] "GET /xingrg/all/function/internal_message.html?_=1623378495934&CODE_STATE=getMsg HTTP/1.1" 200 27
120.253.135.82 - - [11/Jun/2021:10:28:18 +0800] "GET /xingrg/all/function/internal_message.html?_=1623378280884&CODE_STATE=getMsg HTTP/1.1" 200 27
116.230.114.112 - - [11/Jun/2021:10:28:19 +0800] "GET /xingrg/all/function/internal_message.html?_=1623378514441&CODE_STATE=getMsg HTTP/1.1" 302 -
61.165.42.208 - - [11/Jun/2021:10:28:23 +0800] "GET /xingrg/all/function/internal_message.html?_=1623378504750&CODE_STATE=getMsg HTTP/1.1" 200 27
116.224.253.72 - - [11/Jun/2021:10:28:35 +0800] "GET /xingrg/all/function/internal_message.html?_=1623378514444&CODE_STATE=getMsg HTTP/1.1" 200 27
58.40.7.146 - - [11/Jun/2021:10:28:35 +0800] "GET /xingrg/all/function/internal_message.html?_=1623378515962&CODE_STATE=getMsg HTTP/1.1" 200 27
116.232.54.115 - - [11/Jun/2021:10:28:42 +0800] "GET /xingrg/all/function/internal_message.html?_=1623378522544&CODE_STATE=getMsg HTTP/1.1" 200 27
117.131.5.26 - - [11/Jun/2021:10:28:43 +0800] "GET /xingrg/all/function/internal_message.html?_=1623378616495&CODE_STATE=getMsg HTTP/1.1" 200 27
180.169.147.146 - - [11/Jun/2021:10:28:47 +0800] "GET /xingrg/check_reg.html?_=1623378522564 HTTP/1.1" 200 22
180.169.147.146 - - [11/Jun/2021:10:28:47 +0800] "GET /xingrg/all/function/internal_message.html?_=1623378522565&CODE_STATE=getMsg HTTP/1.1" 200 27
116.230.117.165 - - [11/Jun/2021:10:28:48 +0800] "GET /xingrg/check_reg.html?_=1623378545954 HTTP/1.1" 200 22
116.230.117.165 - - [11/Jun/2021:10:28:52 +0800] "GET /xingrg/all/function/internal_message.html?_=1623378550196&CODE_STATE=getMsg HTTP/1.1" 200 27
116.224.253.72 - - [11/Jun/2021:10:28:53 +0800] "GET /xingrg/all/function/internal_message.html?_=1623378528351&CODE_STATE=getMsg HTTP/1.1" 200 27
180.169.147.146 - - [11/Jun/2021:10:28:53 +0800] "GET /xingrg/all/function/internal_message.html?_=1623378536399&CODE_STATE=getMsg HTTP/1.1" 200 27
61.165.42.208 - - [11/Jun/2021:10:28:56 +0800] "POST /xingrg/kc/buy/cgsh_order_operate.html HTTP/1.1" 200 37
117.185.32.26 - - [11/Jun/2021:10:28:56 +0800] "GET /xingrg/all/function/internal_message.html?_=1623379070564&CODE_STATE=getMsg HTTP/1.1" 200 27
116.230.110.80 - - [11/Jun/2021:10:28:57 +0800] "GET /xingrg/all/function/internal_message.html?_=1623378516784&CODE_STATE=getMsg HTTP/1.1" 200 27
61.165.42.208 - - [11/Jun/2021:10:28:58 +0800] "POST /xingrg/kc/buy/cgsh_order_operate.html HTTP/1.1" 200 6232
61.165.42.208 - - [11/Jun/2021:10:29:00 +0800] "GET /xingrg/kc/print/load_data.html?order_code=212021061104842&kc_code=cgsh&condition= HTTP/1.1" 200 2044
61.165.42.208 - - [11/Jun/2021:10:29:04 +0800] "GET /xingrg/kc/buy/cgsh_order_add.html HTTP/1.1" 200 62501
61.165.42.208 - - [11/Jun/2021:10:29:04 +0800] "POST /xingrg/kc/buy/cgsh_order_operate.html HTTP/1.1" 200 8245
61.165.42.208 - - [11/Jun/2021:10:29:05 +0800] "GET /xingrg/javascript/easyui/themes/default/validatebox.css HTTP/1.1" 404 1104
116.230.114.112 - - [11/Jun/2021:10:29:06 +0800] "GET /xingrg/check_reg.html?_=1623378561843 HTTP/1.1" 302 -
116.232.54.115 - - [11/Jun/2021:10:29:08 +0800] "GET /favicon.ico HTTP/1.1" 404 -
180.169.147.146 - - [11/Jun/2021:10:29:11 +0800] "GET /xingrg/all/function/internal_message.html?_=1623378551619&CODE_STATE=getMsg HTTP/1.1" 200 27
180.161.111.4 - - [11/Jun/2021:10:29:12 +0800] "GET /xingrg/all/function/internal_message.html?_=1623378555363&CODE_STATE=getMsg HTTP/1.1" 200 27
61.165.42.208 - - [11/Jun/2021:10:29:13 +0800] "GET /xingrg/kc/buy/cgsh_order_operate.html?command=get_materiel&rest_code=00105&code=00102002167&supplier_code=00100347&order_time=2021-06-11 HTTP/1.1" 200 409
101.83.241.191 - - [11/Jun/2021:10:29:14 +0800] "GET /xingrg/all/function/internal_message.html?_=1623378555906&CODE_STATE=getMsg HTTP/1.1" 200 27
101.83.241.191 - - [11/Jun/2021:10:29:15 +0800] "GET /xingrg/check_reg.html?_=1623378556670 HTTP/1.1" 200 22
120.253.135.82 - - [11/Jun/2021:10:29:18 +0800] "GET /xingrg/all/function/internal_message.html?_=1623378340957&CODE_STATE=getMsg HTTP/1.1" 200 27
116.230.114.112 - - [11/Jun/2021:10:29:19 +0800] "GET /xingrg/all/function/internal_message.html?_=1623378574468&CODE_STATE=getMsg HTTP/1.1" 302 -
58.221.95.50 - - [11/Jun/2021:10:29:22 +0800] "GET /xingrg/check_reg.html?_=1623378563592 HTTP/1.1" 302 -
61.165.42.208 - - [11/Jun/2021:10:29:23 +0800] "GET /xingrg/all/function/internal_message.html?_=1623378564731&CODE_STATE=getMsg HTTP/1.1" 200 27
180.161.111.4 - - [11/Jun/2021:10:29:23 +0800] "POST /xingrg/kc/mdqp/pssh_list_operate.html HTTP/1.1" 200 269
61.165.42.208 - - [11/Jun/2021:10:29:24 +0800] "GET /xingrg/check_reg.html?_=1623378566080 HTTP/1.1" 200 22
61.165.42.208 - - [11/Jun/2021:10:29:31 +0800] "GET /xingrg/kc/buy/cgsh_order_operate.html?command=get_materiel&rest_code=00105&code=00101023025&supplier_code=00100347&order_time=2021-06-11 HTTP/1.1" 200 396
116.224.253.72 - - [11/Jun/2021:10:29:35 +0800] "GET /xingrg/all/function/internal_message.html?_=1623378574442&CODE_STATE=getMsg HTTP/1.1" 200 27
116.224.253.72 - - [11/Jun/2021:10:29:35 +0800] "GET /xingrg/check_reg.html?_=1623378574853 HTTP/1.1" 200 22
58.40.7.146 - - [11/Jun/2021:10:29:35 +0800] "GET /xingrg/all/function/internal_message.html?_=1623378575965&CODE_STATE=getMsg HTTP/1.1" 200 27
61.165.42.208 - - [11/Jun/2021:10:29:41 +0800] "POST /xingrg/kc/buy/cgsh_order_operate.html HTTP/1.1" 200 37
116.232.54.115 - - [11/Jun/2021:10:29:42 +0800] "GET /xingrg/all/function/internal_message.html?_=1623378582546&CODE_STATE=getMsg HTTP/1.1" 200 27
116.232.54.115 - - [11/Jun/2021:10:29:42 +0800] "GET /xingrg/check_reg.html?_=1623378582546 HTTP/1.1" 200 22
