61.165.42.208 - - [11/Jun/2021:09:40:23 +0800] "GET /xingrg/all/function/internal_message.html?_=1623375625404&CODE_STATE=getMsg HTTP/1.1" 200 27
101.85.94.178 - - [11/Jun/2021:09:40:24 +0800] "GET /xingrg/all/function/internal_message.html?_=1623375084126&CODE_STATE=getMsg HTTP/1.1" 200 27
180.161.111.4 - - [11/Jun/2021:09:40:24 +0800] "GET /xingrg/all/function/internal_message.html?_=1623375589434&CODE_STATE=getMsg HTTP/1.1" 200 27
117.185.32.26 - - [11/Jun/2021:09:40:27 +0800] "POST /xingrg/kc/buy/cgsh_list_operate.html HTTP/1.1" 200 2051
117.185.32.26 - - [11/Jun/2021:09:40:28 +0800] "GET /xingrg/kc/buy/buy_main.html HTTP/1.1" 200 12412
117.185.32.26 - - [11/Jun/2021:09:40:28 +0800] "GET /xingrg/css/new_ie.css HTTP/1.1" 404 1036
58.40.7.146 - - [11/Jun/2021:09:40:35 +0800] "GET /xingrg/all/function/internal_message.html?_=1623375635927&CODE_STATE=getMsg HTTP/1.1" 200 27
101.83.241.191 - - [11/Jun/2021:09:40:36 +0800] "POST /xingrg/kc/buy/cgsh_order_operate.html HTTP/1.1" 200 37
180.161.111.4 - - [11/Jun/2021:09:40:37 +0800] "GET /xingrg/kc/buy/cgsh_order_operate.html?command=get_materiel&rest_code=00102&code=00101016105&supplier_code=00100096&order_time=2021-06-11 HTTP/1.1" 200 411
101.83.241.191 - - [11/Jun/2021:09:40:41 +0800] "POST /xingrg/kc/buy/cgsh_order_operate.html HTTP/1.1" 200 12
116.224.253.72 - - [11/Jun/2021:09:40:41 +0800] "GET /xingrg/check_reg.html?_=1623375637282 HTTP/1.1" 200 22
180.169.147.146 - - [11/Jun/2021:09:40:41 +0800] "GET /xingrg/all/function/internal_message.html?_=1623375642643&CODE_STATE=getMsg HTTP/1.1" 200 27
116.232.54.115 - - [11/Jun/2021:09:40:42 +0800] "GET /xingrg/all/function/internal_message.html?_=1623375642448&CODE_STATE=getMsg HTTP/1.1" 200 27
116.235.222.38 - - [11/Jun/2021:09:40:43 +0800] "GET /xingrg/all/function/internal_message.html?_=1623375636366&CODE_STATE=getMsg HTTP/1.1" 200 27
117.131.5.26 - - [11/Jun/2021:09:40:43 +0800] "GET /xingrg/check_reg.html?_=1623375736452 HTTP/1.1" 200 22
117.131.5.26 - - [11/Jun/2021:09:40:43 +0800] "GET /xingrg/all/function/internal_message.html?_=1623375736452&CODE_STATE=getMsg HTTP/1.1" 200 27
101.83.241.191 - - [11/Jun/2021:09:40:44 +0800] "GET /xingrg/kc/buy/cgsh_order_info.html?code=212021061104774 HTTP/1.1" 200 56481
101.83.241.191 - - [11/Jun/2021:09:40:44 +0800] "GET /xingrg/javascript/easyui/themes/default/validatebox.css HTTP/1.1" 404 1104
101.83.241.191 - - [11/Jun/2021:09:40:45 +0800] "POST /xingrg/kc/buy/cgsh_order_operate.html HTTP/1.1" 200 604
116.230.117.165 - - [11/Jun/2021:09:40:46 +0800] "GET /xingrg/all/function/internal_message.html?_=1623375663647&CODE_STATE=getMsg HTTP/1.1" 200 27
101.83.241.191 - - [11/Jun/2021:09:40:47 +0800] "GET /xingrg/kc/print/load_config.html?kc_code=cgsh HTTP/1.1" 200 1845
180.169.147.146 - - [11/Jun/2021:09:40:47 +0800] "GET /xingrg/all/function/internal_message.html?_=1623375642353&CODE_STATE=getMsg HTTP/1.1" 200 27
101.83.241.191 - - [11/Jun/2021:09:40:47 +0800] "GET /xingrg/kc/print/load_data.html?order_code=212021061104774&kc_code=cgsh&condition= HTTP/1.1" 200 713
116.224.253.72 - - [11/Jun/2021:09:40:52 +0800] "GET /xingrg/all/function/internal_message.html?_=1623375647699&CODE_STATE=getMsg HTTP/1.1" 200 27
180.169.147.146 - - [11/Jun/2021:09:40:53 +0800] "GET /xingrg/check_reg.html?_=1623375656201 HTTP/1.1" 200 22
180.169.147.146 - - [11/Jun/2021:09:40:53 +0800] "GET /xingrg/all/function/internal_message.html?_=1623375656204&CODE_STATE=getMsg HTTP/1.1" 200 27
117.185.32.26 - - [11/Jun/2021:09:40:55 +0800] "GET /xingrg/all/function/internal_message.html?_=1623376190366&CODE_STATE=getMsg HTTP/1.1" 200 27
116.224.253.72 - - [11/Jun/2021:09:41:07 +0800] "GET /xingrg/all/function/internal_message.html?_=1623375666777&CODE_STATE=getMsg HTTP/1.1" 200 27
116.224.253.72 - - [11/Jun/2021:09:41:07 +0800] "GET /xingrg/check_reg.html?_=1623375666781 HTTP/1.1" 200 22
180.169.147.146 - - [11/Jun/2021:09:41:11 +0800] "GET /xingrg/all/function/internal_message.html?_=1623375671623&CODE_STATE=getMsg HTTP/1.1" 200 27
101.83.241.191 - - [11/Jun/2021:09:41:15 +0800] "GET /xingrg/all/function/internal_message.html?_=1623375676605&CODE_STATE=getMsg HTTP/1.1" 200 27
101.83.241.191 - - [11/Jun/2021:09:41:17 +0800] "GET /xingrg/kc/buy/cgsh_order_add.html HTTP/1.1" 200 61576
101.83.241.191 - - [11/Jun/2021:09:41:17 +0800] "GET /xingrg/javascript/easyui/themes/default/validatebox.css HTTP/1.1" 404 1104
101.83.241.191 - - [11/Jun/2021:09:41:17 +0800] "POST /xingrg/kc/buy/cgsh_order_operate.html HTTP/1.1" 200 8245
116.230.114.112 - - [11/Jun/2021:09:41:18 +0800] "GET /xingrg/all/function/internal_message.html?_=1623375693812&CODE_STATE=getMsg HTTP/1.1" 302 -
180.169.147.146 - - [11/Jun/2021:09:41:21 +0800] "GET /xingrg/kc/mdqp/qqps_order_add.html HTTP/1.1" 200 27917
180.169.147.146 - - [11/Jun/2021:09:41:21 +0800] "GET /xingrg/dwr/interface/AjaxComOrderService.js HTTP/1.1" 200 18264
180.169.147.146 - - [11/Jun/2021:09:41:21 +0800] "GET /xingrg/dwr/engine.js HTTP/1.1" 200 43631
180.169.147.146 - - [11/Jun/2021:09:41:21 +0800] "GET /xingrg/dwr/util.js HTTP/1.1" 304 -
180.169.147.146 - - [11/Jun/2021:09:41:21 +0800] "GET /xingrg/dwr/interface/AjaxQqpsService.js HTTP/1.1" 200 16326
180.169.147.146 - - [11/Jun/2021:09:41:22 +0800] "GET /xingrg/words/20210608131730_words.js HTTP/1.1" 304 -
61.165.42.208 - - [11/Jun/2021:09:41:23 +0800] "GET /xingrg/all/function/internal_message.html?_=1623375685387&CODE_STATE=getMsg HTTP/1.1" 200 27
101.85.94.178 - - [11/Jun/2021:09:41:24 +0800] "GET /xingrg/all/function/internal_message.html?_=1623375144127&CODE_STATE=getMsg HTTP/1.1" 200 27
180.161.111.4 - - [11/Jun/2021:09:41:24 +0800] "GET /xingrg/all/function/internal_message.html?_=1623375649439&CODE_STATE=getMsg HTTP/1.1" 200 27
116.224.253.72 - - [11/Jun/2021:09:41:31 +0800] "GET /xingrg/kc/buy/cgsh_order_operate.html?command=get_materiel&rest_code=00150&code=00101007023&supplier_code=00100096&order_time=2021-06-11 HTTP/1.1" 200 411
180.169.147.146 - - [11/Jun/2021:09:41:32 +0800] "POST /xingrg/dwr/call/plaincall/AjaxQqpsService.saveOrder.dwr HTTP/1.1" 200 78
101.83.241.191 - - [11/Jun/2021:09:41:33 +0800] "GET /xingrg/kc/buy/cgsh_order_operate.html?command=get_materiel&rest_code=00154&code=00101006201&supplier_code=00100176&order_time=2021-06-11 HTTP/1.1" 200 405
58.40.7.146 - - [11/Jun/2021:09:41:35 +0800] "GET /xingrg/all/function/internal_message.html?_=1623375695931&CODE_STATE=getMsg HTTP/1.1" 200 27
180.169.147.146 - - [11/Jun/2021:09:41:41 +0800] "GET /xingrg/all/function/internal_message.html?_=1623375702632&CODE_STATE=getMsg HTTP/1.1" 200 27
116.232.54.115 - - [11/Jun/2021:09:41:42 +0800] "GET /xingrg/all/function/internal_message.html?_=1623375702447&CODE_STATE=getMsg HTTP/1.1" 200 27
116.235.222.38 - - [11/Jun/2021:09:41:43 +0800] "GET /xingrg/all/function/internal_message.html?_=1623375696374&CODE_STATE=getMsg HTTP/1.1" 200 27
117.131.5.26 - - [11/Jun/2021:09:41:43 +0800] "GET /xingrg/all/function/internal_message.html?_=1623375796450&CODE_STATE=getMsg HTTP/1.1" 200 27
116.230.117.165 - - [11/Jun/2021:09:41:46 +0800] "GET /xingrg/all/function/internal_message.html?_=1623375724082&CODE_STATE=getMsg HTTP/1.1" 200 27
180.169.147.146 - - [11/Jun/2021:09:41:47 +0800] "GET /xingrg/all/function/internal_message.html?_=1623375702358&CODE_STATE=getMsg HTTP/1.1" 200 27
180.169.147.146 - - [11/Jun/2021:09:41:47 +0800] "POST /xingrg/dwr/call/plaincall/AjaxQqpsService.getMaterielByCode.dwr HTTP/1.1" 200 2781
180.169.147.146 - - [11/Jun/2021:09:41:50 +0800] "POST /xingrg/dwr/call/plaincall/AjaxQqpsService.saveMaterielItem.dwr HTTP/1.1" 200 78
116.224.253.72 - - [11/Jun/2021:09:41:52 +0800] "GET /xingrg/all/function/internal_message.html?_=1623375707713&CODE_STATE=getMsg HTTP/1.1" 200 27
180.169.147.146 - - [11/Jun/2021:09:41:53 +0800] "GET /xingrg/all/function/internal_message.html?_=1623375716206&CODE_STATE=getMsg HTTP/1.1" 200 27
180.169.147.146 - - [11/Jun/2021:09:41:55 +0800] "POST /xingrg/dwr/call/plaincall/AjaxQqpsService.getMaterielByCode.dwr HTTP/1.1" 200 2778
117.185.32.26 - - [11/Jun/2021:09:41:55 +0800] "GET /xingrg/all/function/internal_message.html?_=1623376250352&CODE_STATE=getMsg HTTP/1.1" 200 27
116.235.222.38 - - [11/Jun/2021:09:41:57 +0800] "POST /xingrg/kc/base/yddb_list_operate.html HTTP/1.1" 200 215
180.169.147.146 - - [11/Jun/2021:09:41:58 +0800] "POST /xingrg/dwr/call/plaincall/AjaxQqpsService.saveMaterielItem.dwr HTTP/1.1" 200 78
101.83.241.191 - - [11/Jun/2021:09:42:01 +0800] "POST /xingrg/kc/buy/cgsh_order_operate.html HTTP/1.1" 200 37
180.169.147.146 - - [11/Jun/2021:09:42:03 +0800] "POST /xingrg/dwr/call/plaincall/AjaxQqpsService.getMaterielByCode.dwr HTTP/1.1" 200 2738
116.224.253.72 - - [11/Jun/2021:09:42:03 +0800] "GET /xingrg/kc/buy/cgsh_order_operate.html?command=get_materiel&rest_code=00150&code=00101006124&supplier_code=00100096&order_time=2021-06-11 HTTP/1.1" 200 409
116.235.222.38 - - [11/Jun/2021:09:42:05 +0800] "POST /xingrg/kc/base/yddb_list_operate.html HTTP/1.1" 200 530
101.83.241.191 - - [11/Jun/2021:09:42:07 +0800] "POST /xingrg/kc/buy/cgsh_order_operate.html HTTP/1.1" 200 12
116.224.253.72 - - [11/Jun/2021:09:42:07 +0800] "GET /xingrg/all/function/internal_message.html?_=1623375726794&CODE_STATE=getMsg HTTP/1.1" 200 27
101.83.241.191 - - [11/Jun/2021:09:42:09 +0800] "GET /xingrg/kc/buy/cgsh_order_info.html?code=212021061104775 HTTP/1.1" 200 56481
101.83.241.191 - - [11/Jun/2021:09:42:09 +0800] "GET /xingrg/javascript/easyui/themes/default/validatebox.css HTTP/1.1" 404 1104
101.83.241.191 - - [11/Jun/2021:09:42:10 +0800] "POST /xingrg/kc/buy/cgsh_order_operate.html HTTP/1.1" 200 1189
180.169.147.146 - - [11/Jun/2021:09:42:11 +0800] "GET /xingrg/all/function/internal_message.html?_=1623375731627&CODE_STATE=getMsg HTTP/1.1" 200 27
101.83.241.191 - - [11/Jun/2021:09:42:13 +0800] "GET /xingrg/kc/print/load_data.html?order_code=212021061104775&kc_code=cgsh&condition= HTTP/1.1" 200 937
180.161.111.4 - - [11/Jun/2021:09:42:13 +0800] "GET /xingrg/kc/buy/cgsh_order_operate.html?command=get_materiel&rest_code=00102&code=00101012026&supplier_code=00100096&order_time=2021-06-11 HTTP/1.1" 200 410
116.235.222.38 - - [11/Jun/2021:09:42:13 +0800] "POST /xingrg/kc/base/yddb_list_operate.html HTTP/1.1" 200 -
180.169.147.146 - - [11/Jun/2021:09:42:14 +0800] "POST /xingrg/dwr/call/plaincall/AjaxQqpsService.saveMaterielItem.dwr HTTP/1.1" 200 78
101.83.241.191 - - [11/Jun/2021:09:42:15 +0800] "GET /xingrg/all/function/internal_message.html?_=1623375736608&CODE_STATE=getMsg HTTP/1.1" 200 27
116.224.253.72 - - [11/Jun/2021:09:42:16 +0800] "POST /xingrg/kc/buy/cgsh_order_operate.html HTTP/1.1" 200 2065
116.235.222.38 - - [11/Jun/2021:09:42:16 +0800] "GET /xingrg/kc/buy/buy_main.html HTTP/1.1" 200 12412
116.235.222.38 - - [11/Jun/2021:09:42:16 +0800] "GET /xingrg/css/new_ie.css HTTP/1.1" 404 1036
116.235.222.38 - - [11/Jun/2021:09:42:16 +0800] "GET /xingrg/images/yd/bt.gif HTTP/1.1" 404 1040
180.169.147.146 - - [11/Jun/2021:09:42:17 +0800] "POST /xingrg/dwr/call/plaincall/AjaxQqpsService.getMaterielByCode.dwr HTTP/1.1" 200 2780
116.235.222.38 - - [11/Jun/2021:09:42:18 +0800] "GET /xingrg/kc/buy/cgsh_order_list.html HTTP/1.1" 200 46722
116.230.114.112 - - [11/Jun/2021:09:42:18 +0800] "GET /xingrg/all/function/internal_message.html?_=1623375753816&CODE_STATE=getMsg HTTP/1.1" 302 -
180.169.147.146 - - [11/Jun/2021:09:42:20 +0800] "POST /xingrg/dwr/call/plaincall/AjaxQqpsService.saveMaterielItem.dwr HTTP/1.1" 200 78
116.224.253.72 - - [11/Jun/2021:09:42:22 +0800] "GET /xingrg/kc/buy/cgsh_order_operate.html?command=get_materiel&rest_code=00150&code=00101006178&supplier_code=00100096&order_time=2021-06-11 HTTP/1.1" 200 411
116.235.222.38 - - [11/Jun/2021:09:42:23 +0800] "POST /xingrg/kc/buy/cgsh_list_operate.html HTTP/1.1" 200 2741
61.165.42.208 - - [11/Jun/2021:09:42:23 +0800] "GET /xingrg/all/function/internal_message.html?_=1623375745358&CODE_STATE=getMsg HTTP/1.1" 200 27
180.161.111.4 - - [11/Jun/2021:09:42:24 +0800] "GET /xingrg/check_reg.html?_=1623375709347 HTTP/1.1" 200 22
101.85.94.178 - - [11/Jun/2021:09:42:24 +0800] "GET /xingrg/check_reg.html?_=1623375204127 HTTP/1.1" 200 22
101.85.94.178 - - [11/Jun/2021:09:42:24 +0800] "GET /xingrg/all/function/internal_message.html?_=1623375204130&CODE_STATE=getMsg HTTP/1.1" 200 27
180.161.111.4 - - [11/Jun/2021:09:42:24 +0800] "GET /xingrg/all/function/internal_message.html?_=1623375709573&CODE_STATE=getMsg HTTP/1.1" 200 27
180.169.147.146 - - [11/Jun/2021:09:42:27 +0800] "POST /xingrg/dwr/call/plaincall/AjaxQqpsService.getMaterielByCode.dwr HTTP/1.1" 200 2740
116.235.222.38 - - [11/Jun/2021:09:42:28 +0800] "GET /xingrg/kc/buy/cgsh_order_add.html HTTP/1.1" 200 62542
116.235.222.38 - - [11/Jun/2021:09:42:29 +0800] "GET /xingrg/javascript/easyui/themes/default/validatebox.css HTTP/1.1" 404 1104
116.235.222.38 - - [11/Jun/2021:09:42:29 +0800] "POST /xingrg/kc/buy/cgsh_order_operate.html HTTP/1.1" 200 8245
116.235.222.38 - - [11/Jun/2021:09:42:30 +0800] "GET /xingrg/javascript/easyui/themes/default/tree.css HTTP/1.1" 404 1090
116.235.222.38 - - [11/Jun/2021:09:42:31 +0800] "POST /xingrg/all/common/load_tree.html?tree=supplier_tree_json&isDelete=1 HTTP/1.1" 200 56016
180.169.147.146 - - [11/Jun/2021:09:42:31 +0800] "POST /xingrg/dwr/call/plaincall/AjaxQqpsService.saveMaterielItem.dwr HTTP/1.1" 200 79
180.161.111.4 - - [11/Jun/2021:09:42:35 +0800] "GET /xingrg/kc/buy/cgsh_order_operate.html?command=get_materiel&rest_code=00102&code=00101001010&supplier_code=00100096&order_time=2021-06-11 HTTP/1.1" 200 410
58.40.7.146 - - [11/Jun/2021:09:42:35 +0800] "GET /xingrg/check_reg.html?_=1623375755934 HTTP/1.1" 200 22
58.40.7.146 - - [11/Jun/2021:09:42:35 +0800] "GET /xingrg/all/function/internal_message.html?_=1623375755936&CODE_STATE=getMsg HTTP/1.1" 200 27
101.83.241.191 - - [11/Jun/2021:09:42:37 +0800] "GET /xingrg/kc/buy/cgsh_order_add.html HTTP/1.1" 200 61576
101.83.241.191 - - [11/Jun/2021:09:42:37 +0800] "POST /xingrg/kc/buy/cgsh_order_operate.html HTTP/1.1" 200 8245
101.83.241.191 - - [11/Jun/2021:09:42:37 +0800] "GET /xingrg/javascript/easyui/themes/default/validatebox.css HTTP/1.1" 404 1104
180.169.147.146 - - [11/Jun/2021:09:42:41 +0800] "GET /xingrg/all/function/internal_message.html?_=1623375762642&CODE_STATE=getMsg HTTP/1.1" 200 27
180.169.147.146 - - [11/Jun/2021:09:42:42 +0800] "POST /xingrg/dwr/call/plaincall/AjaxQqpsService.getMaterielByCode.dwr HTTP/1.1" 200 2785
116.232.54.115 - - [11/Jun/2021:09:42:42 +0800] "GET /xingrg/all/function/internal_message.html?_=1623375762449&CODE_STATE=getMsg HTTP/1.1" 200 27
117.131.5.26 - - [11/Jun/2021:09:42:43 +0800] "GET /xingrg/all/function/internal_message.html?_=1623375856448&CODE_STATE=getMsg HTTP/1.1" 200 27
116.235.222.38 - - [11/Jun/2021:09:42:43 +0800] "GET /xingrg/all/function/internal_message.html?_=1623375756495&CODE_STATE=getMsg HTTP/1.1" 200 27
116.235.222.38 - - [11/Jun/2021:09:42:43 +0800] "GET /xingrg/check_reg.html?_=1623375756515 HTTP/1.1" 200 22
116.230.117.165 - - [11/Jun/2021:09:42:46 +0800] "GET /xingrg/all/function/internal_message.html?_=1623375784094&CODE_STATE=getMsg HTTP/1.1" 200 27
180.169.147.146 - - [11/Jun/2021:09:42:47 +0800] "GET /xingrg/all/function/internal_message.html?_=1623375762359&CODE_STATE=getMsg HTTP/1.1" 200 27
180.169.147.146 - - [11/Jun/2021:09:42:48 +0800] "POST /xingrg/dwr/call/plaincall/AjaxQqpsService.saveMaterielItem.dwr HTTP/1.1" 200 79
116.224.253.72 - - [11/Jun/2021:09:42:52 +0800] "GET /xingrg/all/function/internal_message.html?_=1623375767734&CODE_STATE=getMsg HTTP/1.1" 200 27
180.169.147.146 - - [11/Jun/2021:09:42:53 +0800] "GET /xingrg/all/function/internal_message.html?_=1623375776206&CODE_STATE=getMsg HTTP/1.1" 200 27
116.235.222.38 - - [11/Jun/2021:09:42:55 +0800] "GET /xingrg/kc/buy/cgsh_order_operate.html?command=get_materiel&rest_code=00107&code=00101010628&supplier_code=00100327&order_time=2021-06-11 HTTP/1.1" 200 412
117.185.32.26 - - [11/Jun/2021:09:42:55 +0800] "GET /xingrg/all/function/internal_message.html?_=1623376310352&CODE_STATE=getMsg HTTP/1.1" 200 27
117.185.32.26 - - [11/Jun/2021:09:42:55 +0800] "GET /xingrg/check_reg.html?_=1623376310355 HTTP/1.1" 200 22
116.224.253.72 - - [11/Jun/2021:09:43:07 +0800] "GET /xingrg/all/function/internal_message.html?_=1623375786787&CODE_STATE=getMsg HTTP/1.1" 200 27
101.83.241.191 - - [11/Jun/2021:09:43:09 +0800] "POST /xingrg/kc/buy/cgsh_order_operate.html HTTP/1.1" 200 37
116.224.253.72 - - [11/Jun/2021:09:43:10 +0800] "GET /xingrg/kc/buy/cgsh_order_operate.html?command=get_materiel&rest_code=00150&code=00101007069&supplier_code=00100096&order_time=2021-06-11 HTTP/1.1" 200 413
180.169.147.146 - - [11/Jun/2021:09:43:11 +0800] "GET /xingrg/check_reg.html?_=1623375791627 HTTP/1.1" 200 22
180.169.147.146 - - [11/Jun/2021:09:43:11 +0800] "GET /xingrg/all/function/internal_message.html?_=1623375791632&CODE_STATE=getMsg HTTP/1.1" 200 27
116.235.222.38 - - [11/Jun/2021:09:43:11 +0800] "POST /xingrg/kc/buy/cgsh_order_operate.html HTTP/1.1" 200 64
101.83.241.191 - - [11/Jun/2021:09:43:15 +0800] "GET /xingrg/all/function/internal_message.html?_=1623375796592&CODE_STATE=getMsg HTTP/1.1" 200 27
116.235.222.38 - - [11/Jun/2021:09:43:17 +0800] "POST /xingrg/kc/buy/cgsh_order_operate.html HTTP/1.1" 200 37
101.83.241.191 - - [11/Jun/2021:09:43:17 +0800] "POST /xingrg/kc/buy/cgsh_order_operate.html HTTP/1.1" 200 12
116.230.114.112 - - [11/Jun/2021:09:43:19 +0800] "GET /xingrg/all/function/internal_message.html?_=1623375813839&CODE_STATE=getMsg HTTP/1.1" 302 -
116.235.222.38 - - [11/Jun/2021:09:43:19 +0800] "POST /xingrg/kc/buy/cgsh_order_operate.html HTTP/1.1" 200 2671
101.83.241.191 - - [11/Jun/2021:09:43:19 +0800] "GET /xingrg/kc/buy/cgsh_order_info.html?code=212021061104777 HTTP/1.1" 200 56481
101.83.241.191 - - [11/Jun/2021:09:43:19 +0800] "GET /xingrg/javascript/easyui/themes/default/validatebox.css HTTP/1.1" 404 1104
101.83.241.191 - - [11/Jun/2021:09:43:20 +0800] "POST /xingrg/kc/buy/cgsh_order_operate.html HTTP/1.1" 200 600
116.235.222.38 - - [11/Jun/2021:09:43:21 +0800] "GET /xingrg/kc/print/load_data.html?order_code=212021061104778&kc_code=cgsh&condition= HTTP/1.1" 200 675
101.83.241.191 - - [11/Jun/2021:09:43:22 +0800] "GET /xingrg/kc/print/load_data.html?order_code=212021061104777&kc_code=cgsh&condition= HTTP/1.1" 200 715
61.165.42.208 - - [11/Jun/2021:09:43:23 +0800] "GET /xingrg/all/function/internal_message.html?_=1623375805329&CODE_STATE=getMsg HTTP/1.1" 200 27
101.85.94.178 - - [11/Jun/2021:09:43:24 +0800] "GET /xingrg/all/function/internal_message.html?_=1623375264113&CODE_STATE=getMsg HTTP/1.1" 200 27
180.161.111.4 - - [11/Jun/2021:09:43:24 +0800] "GET /xingrg/all/function/internal_message.html?_=1623375769614&CODE_STATE=getMsg HTTP/1.1" 200 27
116.224.253.72 - - [11/Jun/2021:09:43:25 +0800] "GET /xingrg/kc/buy/cgsh_order_operate.html?command=get_materiel&rest_code=00150&code=00101006007&supplier_code=00100096&order_time=2021-06-11 HTTP/1.1" 200 419
116.235.222.38 - - [11/Jun/2021:09:43:26 +0800] "GET /xingrg/kc/buy/cgsh_order_add.html HTTP/1.1" 200 62542
116.235.222.38 - - [11/Jun/2021:09:43:27 +0800] "GET /xingrg/javascript/easyui/themes/default/validatebox.css HTTP/1.1" 404 1104
116.235.222.38 - - [11/Jun/2021:09:43:27 +0800] "POST /xingrg/kc/buy/cgsh_order_operate.html HTTP/1.1" 200 8245
116.235.222.38 - - [11/Jun/2021:09:43:28 +0800] "GET /xingrg/javascript/easyui/themes/default/tree.css HTTP/1.1" 404 1090
116.235.222.38 - - [11/Jun/2021:09:43:28 +0800] "POST /xingrg/all/common/load_tree.html?tree=supplier_tree_json&isDelete=1 HTTP/1.1" 200 56016
58.40.7.146 - - [11/Jun/2021:09:43:35 +0800] "GET /xingrg/all/function/internal_message.html?_=1623375815925&CODE_STATE=getMsg HTTP/1.1" 200 27
180.161.111.4 - - [11/Jun/2021:09:43:39 +0800] "POST /xingrg/kc/buy/cgsh_order_operate.html HTTP/1.1" 200 37
116.232.54.115 - - [11/Jun/2021:09:43:40 +0800] "POST /xingrg/kc/buy/cgsh_order_operate.html HTTP/1.1" 200 37
180.169.147.146 - - [11/Jun/2021:09:43:41 +0800] "GET /xingrg/all/function/internal_message.html?_=1623375822635&CODE_STATE=getMsg HTTP/1.1" 200 27
180.169.147.146 - - [11/Jun/2021:09:43:42 +0800] "POST /xingrg/dwr/call/plaincall/AjaxQqpsService.checkOrder.dwr HTTP/1.1" 200 79
180.169.147.146 - - [11/Jun/2021:09:43:43 +0800] "GET /xingrg/kc/mdqp/qqps_order_info.html?code=302021061100235 HTTP/1.1" 200 26320
180.169.147.146 - - [11/Jun/2021:09:43:43 +0800] "GET /xingrg/dwr/interface/AjaxComOrderService.js HTTP/1.1" 200 18264
180.169.147.146 - - [11/Jun/2021:09:43:43 +0800] "GET /xingrg/dwr/interface/AjaxQqpsService.js HTTP/1.1" 200 16326
180.169.147.146 - - [11/Jun/2021:09:43:43 +0800] "GET /xingrg/dwr/engine.js HTTP/1.1" 200 43631
117.131.5.26 - - [11/Jun/2021:09:43:43 +0800] "GET /xingrg/all/function/internal_message.html?_=1623375916446&CODE_STATE=getMsg HTTP/1.1" 200 27
116.235.222.38 - - [11/Jun/2021:09:43:44 +0800] "GET /xingrg/all/function/internal_message.html?_=1623375816472&CODE_STATE=getMsg HTTP/1.1" 200 27
180.169.147.146 - - [11/Jun/2021:09:43:44 +0800] "POST /xingrg/dwr/call/plaincall/AjaxQqpsService.loadMaterielItems.dwr HTTP/1.1" 200 1967
116.235.222.38 - - [11/Jun/2021:09:43:44 +0800] "GET /xingrg/kc/buy/cgsh_order_operate.html?command=get_materiel&rest_code=00107&code=00101006164&supplier_code=00100326&order_time=2021-06-11 HTTP/1.1" 200 415
116.230.117.165 - - [11/Jun/2021:09:43:45 +0800] "GET /xingrg/check_reg.html?_=1623375842538 HTTP/1.1" 200 22
180.169.147.146 - - [11/Jun/2021:09:43:45 +0800] "GET /xingrg/kc/mdqp/qqps_order_list.html?isBack=1 HTTP/1.1" 200 9677
180.169.147.146 - - [11/Jun/2021:09:43:45 +0800] "GET /xingrg/dwr/interface/AjaxReportQueryService.js HTTP/1.1" 200 13203
180.169.147.146 - - [11/Jun/2021:09:43:45 +0800] "GET /xingrg/dwr/interface/AjaxQqpsService.js HTTP/1.1" 200 16326
180.169.147.146 - - [11/Jun/2021:09:43:45 +0800] "GET /xingrg/dwr/engine.js HTTP/1.1" 200 43631
116.230.117.165 - - [11/Jun/2021:09:43:47 +0800] "GET /xingrg/all/function/internal_message.html?_=1623375844468&CODE_STATE=getMsg HTTP/1.1" 200 27
180.169.147.146 - - [11/Jun/2021:09:43:47 +0800] "GET /xingrg/all/function/internal_message.html?_=1623375822369&CODE_STATE=getMsg HTTP/1.1" 200 27
180.169.147.146 - - [11/Jun/2021:09:43:47 +0800] "GET /xingrg/check_reg.html?_=1623375822386 HTTP/1.1" 200 22
101.83.241.191 - - [11/Jun/2021:09:43:49 +0800] "GET /xingrg/kc/buy/cgsh_order_add.html HTTP/1.1" 200 61576
101.83.241.191 - - [11/Jun/2021:09:43:49 +0800] "POST /xingrg/kc/buy/cgsh_order_operate.html HTTP/1.1" 200 8245
101.83.241.191 - - [11/Jun/2021:09:43:50 +0800] "GET /xingrg/javascript/easyui/themes/default/validatebox.css HTTP/1.1" 404 1104
116.224.253.72 - - [11/Jun/2021:09:43:52 +0800] "GET /xingrg/all/function/internal_message.html?_=1623375827739&CODE_STATE=getMsg HTTP/1.1" 200 27
116.235.222.38 - - [11/Jun/2021:09:43:52 +0800] "POST /xingrg/kc/buy/cgsh_order_operate.html HTTP/1.1" 200 37
180.169.147.146 - - [11/Jun/2021:09:43:53 +0800] "GET /xingrg/all/function/internal_message.html?_=1623375836205&CODE_STATE=getMsg HTTP/1.1" 200 27
116.232.54.115 - - [11/Jun/2021:09:43:53 +0800] "GET /xingrg/all/function/internal_message.html?_=1623375834017&CODE_STATE=getMsg HTTP/1.1" 200 27
116.232.54.115 - - [11/Jun/2021:09:43:54 +0800] "POST /xingrg/kc/buy/cgsh_order_operate.html HTTP/1.1" 200 22151
116.235.222.38 - - [11/Jun/2021:09:43:54 +0800] "POST /xingrg/kc/buy/cgsh_order_operate.html HTTP/1.1" 200 2660
180.161.111.4 - - [11/Jun/2021:09:43:54 +0800] "POST /xingrg/kc/buy/cgsh_order_operate.html HTTP/1.1" 200 12
117.185.32.26 - - [11/Jun/2021:09:43:55 +0800] "GET /xingrg/all/function/internal_message.html?_=1623376370354&CODE_STATE=getMsg HTTP/1.1" 200 27
116.235.222.38 - - [11/Jun/2021:09:43:57 +0800] "GET /xingrg/kc/print/load_data.html?order_code=212021061104780&kc_code=cgsh&condition= HTTP/1.1" 200 679
180.161.111.4 - - [11/Jun/2021:09:43:58 +0800] "GET /xingrg/kc/buy/cgsh_order_info.html?code=212021061104779 HTTP/1.1" 200 57303
58.37.225.51 - - [11/Jun/2021:09:43:59 +0800] "GET /xingrg/check_reg.html?_=1623375778491 HTTP/1.1" 302 -
58.37.225.51 - - [11/Jun/2021:09:43:59 +0800] "GET /xingrg/login.html HTTP/1.1" 200 7641
180.161.111.4 - - [11/Jun/2021:09:43:59 +0800] "GET /xingrg/javascript/easyui/themes/default/validatebox.css HTTP/1.1" 404 1104
180.161.111.4 - - [11/Jun/2021:09:44:00 +0800] "POST /xingrg/kc/buy/cgsh_order_operate.html HTTP/1.1" 200 8321
116.235.222.38 - - [11/Jun/2021:09:44:01 +0800] "GET /xingrg/kc/buy/cgsh_order_add.html HTTP/1.1" 200 62542
180.161.111.4 - - [11/Jun/2021:09:44:02 +0800] "GET /xingrg/kc/print/load_config.html?kc_code=cgsh HTTP/1.1" 200 1845
116.235.222.38 - - [11/Jun/2021:09:44:02 +0800] "GET /xingrg/javascript/easyui/themes/default/validatebox.css HTTP/1.1" 404 1104
116.235.222.38 - - [11/Jun/2021:09:44:02 +0800] "POST /xingrg/kc/buy/cgsh_order_operate.html HTTP/1.1" 200 8245
180.161.111.4 - - [11/Jun/2021:09:44:03 +0800] "GET /xingrg/kc/print/load_data.html?order_code=212021061104779&kc_code=cgsh&condition= HTTP/1.1" 200 3582
116.235.222.38 - - [11/Jun/2021:09:44:03 +0800] "GET /xingrg/javascript/easyui/themes/default/tree.css HTTP/1.1" 404 1090
116.235.222.38 - - [11/Jun/2021:09:44:04 +0800] "POST /xingrg/all/common/load_tree.html?tree=supplier_tree_json&isDelete=1 HTTP/1.1" 200 56016
116.230.114.112 - - [11/Jun/2021:09:44:06 +0800] "GET /xingrg/check_reg.html?_=1623375861768 HTTP/1.1" 302 -
116.224.253.72 - - [11/Jun/2021:09:44:07 +0800] "GET /xingrg/all/function/internal_message.html?_=1623375846805&CODE_STATE=getMsg HTTP/1.1" 200 27
180.169.147.146 - - [11/Jun/2021:09:44:11 +0800] "GET /xingrg/all/function/internal_message.html?_=1623375851617&CODE_STATE=getMsg HTTP/1.1" 200 27
101.83.241.191 - - [11/Jun/2021:09:44:15 +0800] "GET /xingrg/check_reg.html?_=1623375856587 HTTP/1.1" 200 22
101.83.241.191 - - [11/Jun/2021:09:44:15 +0800] "GET /xingrg/all/function/internal_message.html?_=1623375856590&CODE_STATE=getMsg HTTP/1.1" 200 27
116.230.114.112 - - [11/Jun/2021:09:44:19 +0800] "GET /xingrg/all/function/internal_message.html?_=1623375873843&CODE_STATE=getMsg HTTP/1.1" 302 -
116.235.222.38 - - [11/Jun/2021:09:44:20 +0800] "GET /xingrg/kc/buy/cgsh_order_operate.html?command=get_materiel&rest_code=00107&code=00101001140&supplier_code=00100090&order_time=2021-06-11 HTTP/1.1" 200 415
58.221.95.50 - - [11/Jun/2021:09:44:22 +0800] "GET /xingrg/check_reg.html?_=1623375863581 HTTP/1.1" 302 -
61.165.42.208 - - [11/Jun/2021:09:44:23 +0800] "GET /xingrg/all/function/internal_message.html?_=1623375865299&CODE_STATE=getMsg HTTP/1.1" 200 27
101.85.94.178 - - [11/Jun/2021:09:44:24 +0800] "GET /xingrg/all/function/internal_message.html?_=1623375324116&CODE_STATE=getMsg HTTP/1.1" 200 27
61.165.42.208 - - [11/Jun/2021:09:44:24 +0800] "GET /xingrg/check_reg.html?_=1623375866004 HTTP/1.1" 200 22
180.161.111.4 - - [11/Jun/2021:09:44:24 +0800] "GET /xingrg/all/function/internal_message.html?_=1623375829620&CODE_STATE=getMsg HTTP/1.1" 200 27
101.83.241.191 - - [11/Jun/2021:09:44:32 +0800] "POST /xingrg/kc/buy/cgsh_order_operate.html HTTP/1.1" 200 37
58.40.7.146 - - [11/Jun/2021:09:44:35 +0800] "GET /xingrg/all/function/internal_message.html?_=1623375875927&CODE_STATE=getMsg HTTP/1.1" 200 27
101.83.241.191 - - [11/Jun/2021:09:44:37 +0800] "POST /xingrg/kc/buy/cgsh_order_operate.html HTTP/1.1" 200 12
116.224.253.72 - - [11/Jun/2021:09:44:39 +0800] "POST /xingrg/kc/buy/cgsh_order_operate.html HTTP/1.1" 200 2065
101.83.241.191 - - [11/Jun/2021:09:44:39 +0800] "GET /xingrg/kc/buy/cgsh_order_info.html?code=212021061104781 HTTP/1.1" 200 56481
101.83.241.191 - - [11/Jun/2021:09:44:40 +0800] "GET /xingrg/javascript/easyui/themes/default/validatebox.css HTTP/1.1" 404 1104
101.83.241.191 - - [11/Jun/2021:09:44:40 +0800] "POST /xingrg/kc/buy/cgsh_order_operate.html HTTP/1.1" 200 600
180.169.147.146 - - [11/Jun/2021:09:44:41 +0800] "GET /xingrg/all/function/internal_message.html?_=1623375882642&CODE_STATE=getMsg HTTP/1.1" 200 27
180.169.147.146 - - [11/Jun/2021:09:44:41 +0800] "GET /xingrg/check_reg.html?_=1623375882646 HTTP/1.1" 200 22
116.232.54.115 - - [11/Jun/2021:09:44:42 +0800] "GET /xingrg/all/function/internal_message.html?_=1623375882455&CODE_STATE=getMsg HTTP/1.1" 200 27
116.232.54.115 - - [11/Jun/2021:09:44:42 +0800] "GET /xingrg/check_reg.html?_=1623375882457 HTTP/1.1" 200 22
101.83.241.191 - - [11/Jun/2021:09:44:42 +0800] "GET /xingrg/kc/print/load_data.html?order_code=212021061104781&kc_code=cgsh&condition= HTTP/1.1" 200 715
117.131.5.26 - - [11/Jun/2021:09:44:43 +0800] "GET /xingrg/all/function/internal_message.html?_=1623375976460&CODE_STATE=getMsg HTTP/1.1" 200 27
116.235.222.38 - - [11/Jun/2021:09:44:43 +0800] "GET /xingrg/all/function/internal_message.html?_=1623375876450&CODE_STATE=getMsg HTTP/1.1" 200 27
116.224.253.72 - - [11/Jun/2021:09:44:45 +0800] "GET /xingrg/kc/buy/cgsh_order_operate.html?command=get_materiel&rest_code=00150&code=00101001075&supplier_code=00100096&order_time=2021-06-11 HTTP/1.1" 200 411
116.235.222.38 - - [11/Jun/2021:09:44:46 +0800] "GET /xingrg/kc/buy/cgsh_order_operate.html?command=get_materiel&rest_code=00107&code=00101001180&supplier_code=00100090&order_time=2021-06-11 HTTP/1.1" 200 419
116.230.117.165 - - [11/Jun/2021:09:44:47 +0800] "GET /xingrg/all/function/internal_message.html?_=1623375904887&CODE_STATE=getMsg HTTP/1.1" 200 27
180.169.147.146 - - [11/Jun/2021:09:44:47 +0800] "GET /xingrg/all/function/internal_message.html?_=1623375882367&CODE_STATE=getMsg HTTP/1.1" 200 27
116.224.253.72 - - [11/Jun/2021:09:44:52 +0800] "GET /xingrg/all/function/internal_message.html?_=1623375887760&CODE_STATE=getMsg HTTP/1.1" 200 27
180.169.147.146 - - [11/Jun/2021:09:44:53 +0800] "GET /xingrg/all/function/internal_message.html?_=1623375896214&CODE_STATE=getMsg HTTP/1.1" 200 27
117.185.32.26 - - [11/Jun/2021:09:44:55 +0800] "GET /xingrg/all/function/internal_message.html?_=1623376430355&CODE_STATE=getMsg HTTP/1.1" 200 27
116.235.222.38 - - [11/Jun/2021:09:44:58 +0800] "GET /xingrg/kc/buy/cgsh_order_operate.html?command=get_materiel&rest_code=00107&code=00101001125&supplier_code=00100090&order_time=2021-06-11 HTTP/1.1" 200 415
116.224.253.72 - - [11/Jun/2021:09:45:07 +0800] "GET /xingrg/all/function/internal_message.html?_=1623375906802&CODE_STATE=getMsg HTTP/1.1" 200 27
180.169.147.146 - - [11/Jun/2021:09:45:11 +0800] "GET /xingrg/all/function/internal_message.html?_=1623375911614&CODE_STATE=getMsg HTTP/1.1" 200 27
101.83.241.191 - - [11/Jun/2021:09:45:12 +0800] "GET /xingrg/kc/buy/cgsh_order_add.html HTTP/1.1" 200 61576
101.83.241.191 - - [11/Jun/2021:09:45:12 +0800] "POST /xingrg/kc/buy/cgsh_order_operate.html HTTP/1.1" 200 8245
101.83.241.191 - - [11/Jun/2021:09:45:12 +0800] "GET /xingrg/javascript/easyui/themes/default/validatebox.css HTTP/1.1" 404 1104
116.235.222.38 - - [11/Jun/2021:09:45:14 +0800] "GET /xingrg/kc/buy/cgsh_order_operate.html?command=get_materiel&rest_code=00107&code=00101001044&supplier_code=00100090&order_time=2021-06-11 HTTP/1.1" 200 430
101.83.241.191 - - [11/Jun/2021:09:45:15 +0800] "GET /xingrg/all/function/internal_message.html?_=1623375916598&CODE_STATE=getMsg HTTP/1.1" 200 27
116.230.114.112 - - [11/Jun/2021:09:45:19 +0800] "GET /xingrg/all/function/internal_message.html?_=1623375933867&CODE_STATE=getMsg HTTP/1.1" 302 -
61.165.42.208 - - [11/Jun/2021:09:45:23 +0800] "GET /xingrg/all/function/internal_message.html?_=1623375925277&CODE_STATE=getMsg HTTP/1.1" 200 27
101.85.94.178 - - [11/Jun/2021:09:45:24 +0800] "GET /xingrg/all/function/internal_message.html?_=1623375384116&CODE_STATE=getMsg HTTP/1.1" 200 27
180.161.111.4 - - [11/Jun/2021:09:45:24 +0800] "GET /xingrg/all/function/internal_message.html?_=1623375889791&CODE_STATE=getMsg HTTP/1.1" 200 27
116.235.222.38 - - [11/Jun/2021:09:45:26 +0800] "GET /xingrg/kc/buy/cgsh_order_operate.html?command=get_materiel&rest_code=00107&code=00101001093&supplier_code=00100090&order_time=2021-06-11 HTTP/1.1" 200 431
116.224.253.72 - - [11/Jun/2021:09:45:35 +0800] "POST /xingrg/kc/buy/cgsh_order_operate.html HTTP/1.1" 200 37
58.40.7.146 - - [11/Jun/2021:09:45:35 +0800] "GET /xingrg/all/function/internal_message.html?_=1623375935930&CODE_STATE=getMsg HTTP/1.1" 200 27
116.232.54.115 - - [11/Jun/2021:09:45:39 +0800] "POST /xingrg/kc/buy/cgsh_order_operate.html HTTP/1.1" 200 223
180.169.147.146 - - [11/Jun/2021:09:45:41 +0800] "GET /xingrg/all/function/internal_message.html?_=1623375942632&CODE_STATE=getMsg HTTP/1.1" 200 27
116.224.253.72 - - [11/Jun/2021:09:45:41 +0800] "GET /xingrg/check_reg.html?_=1623375937283 HTTP/1.1" 200 22
116.232.54.115 - - [11/Jun/2021:09:45:43 +0800] "GET /xingrg/all/function/internal_message.html?_=1623375943388&CODE_STATE=getMsg HTTP/1.1" 200 27
117.131.5.26 - - [11/Jun/2021:09:45:43 +0800] "GET /xingrg/check_reg.html?_=1623376036458 HTTP/1.1" 200 22
117.131.5.26 - - [11/Jun/2021:09:45:43 +0800] "GET /xingrg/all/function/internal_message.html?_=1623376036459&CODE_STATE=getMsg HTTP/1.1" 200 27
116.235.222.38 - - [11/Jun/2021:09:45:43 +0800] "GET /xingrg/all/function/internal_message.html?_=1623375936432&CODE_STATE=getMsg HTTP/1.1" 200 27
101.83.241.191 - - [11/Jun/2021:09:45:46 +0800] "POST /xingrg/kc/buy/cgsh_order_operate.html HTTP/1.1" 200 37
116.230.117.165 - - [11/Jun/2021:09:45:47 +0800] "GET /xingrg/all/function/internal_message.html?_=1623375964900&CODE_STATE=getMsg HTTP/1.1" 200 27
180.169.147.146 - - [11/Jun/2021:09:45:47 +0800] "GET /xingrg/all/function/internal_message.html?_=1623375942365&CODE_STATE=getMsg HTTP/1.1" 200 27
116.232.54.115 - - [11/Jun/2021:09:45:47 +0800] "POST /xingrg/kc/buy/cgsh_order_operate.html HTTP/1.1" 200 37
116.232.54.115 - - [11/Jun/2021:09:45:50 +0800] "POST /xingrg/kc/buy/cgsh_order_operate.html HTTP/1.1" 200 22151
116.235.222.38 - - [11/Jun/2021:09:45:51 +0800] "POST /xingrg/kc/buy/cgsh_order_operate.html HTTP/1.1" 200 88
116.224.253.72 - - [11/Jun/2021:09:45:52 +0800] "GET /xingrg/all/function/internal_message.html?_=1623375947767&CODE_STATE=getMsg HTTP/1.1" 200 27
180.169.147.146 - - [11/Jun/2021:09:45:53 +0800] "GET /xingrg/all/function/internal_message.html?_=1623375956234&CODE_STATE=getMsg HTTP/1.1" 200 27
180.169.147.146 - - [11/Jun/2021:09:45:53 +0800] "GET /xingrg/check_reg.html?_=1623375956238 HTTP/1.1" 200 22
117.185.32.26 - - [11/Jun/2021:09:45:55 +0800] "GET /xingrg/all/function/internal_message.html?_=1623376490380&CODE_STATE=getMsg HTTP/1.1" 200 27
116.224.253.72 - - [11/Jun/2021:09:45:57 +0800] "POST /xingrg/kc/buy/cgsh_order_operate.html HTTP/1.1" 200 12
116.235.222.38 - - [11/Jun/2021:09:45:59 +0800] "POST /xingrg/kc/buy/cgsh_order_operate.html HTTP/1.1" 200 37
101.83.241.191 - - [11/Jun/2021:09:46:00 +0800] "POST /xingrg/kc/buy/cgsh_order_operate.html HTTP/1.1" 200 12
116.235.222.38 - - [11/Jun/2021:09:46:01 +0800] "POST /xingrg/kc/buy/cgsh_order_operate.html HTTP/1.1" 200 4445
101.83.241.191 - - [11/Jun/2021:09:46:03 +0800] "GET /xingrg/kc/buy/cgsh_order_info.html?code=212021061104783 HTTP/1.1" 200 56481
116.235.222.38 - - [11/Jun/2021:09:46:04 +0800] "GET /xingrg/kc/print/load_data.html?order_code=212021061104785&kc_code=cgsh&condition= HTTP/1.1" 200 1428
116.224.253.72 - - [11/Jun/2021:09:46:04 +0800] "GET /xingrg/kc/buy/cgsh_order_info.html?code=212021061104782 HTTP/1.1" 200 57270
116.224.253.72 - - [11/Jun/2021:09:46:05 +0800] "GET /xingrg/javascript/easyui/themes/default/validatebox.css HTTP/1.1" 404 1104
116.224.253.72 - - [11/Jun/2021:09:46:05 +0800] "POST /xingrg/kc/buy/cgsh_order_operate.html HTTP/1.1" 200 15429
116.232.54.115 - - [11/Jun/2021:09:46:06 +0800] "POST /xingrg/kc/buy/cgsh_order_operate.html HTTP/1.1" 200 37
116.224.253.72 - - [11/Jun/2021:09:46:07 +0800] "GET /xingrg/check_reg.html?_=1623375966810 HTTP/1.1" 200 22
116.224.253.72 - - [11/Jun/2021:09:46:07 +0800] "GET /xingrg/all/function/internal_message.html?_=1623375966813&CODE_STATE=getMsg HTTP/1.1" 200 27
116.235.222.38 - - [11/Jun/2021:09:46:09 +0800] "GET /xingrg/kc/buy/cgsh_order_add.html HTTP/1.1" 200 62542
116.235.222.38 - - [11/Jun/2021:09:46:09 +0800] "GET /xingrg/javascript/easyui/themes/default/validatebox.css HTTP/1.1" 404 1104
116.235.222.38 - - [11/Jun/2021:09:46:09 +0800] "POST /xingrg/kc/buy/cgsh_order_operate.html HTTP/1.1" 200 8245
101.83.241.191 - - [11/Jun/2021:09:46:10 +0800] "GET /xingrg/javascript/easyui/themes/default/validatebox.css HTTP/1.1" 404 1104
101.83.241.191 - - [11/Jun/2021:09:46:10 +0800] "POST /xingrg/kc/buy/cgsh_order_operate.html HTTP/1.1" 200 600
180.169.147.146 - - [11/Jun/2021:09:46:11 +0800] "GET /xingrg/all/function/internal_message.html?_=1623375971608&CODE_STATE=getMsg HTTP/1.1" 200 27
116.235.222.38 - - [11/Jun/2021:09:46:12 +0800] "GET /xingrg/javascript/easyui/themes/default/tree.css HTTP/1.1" 404 1090
116.232.54.115 - - [11/Jun/2021:09:46:13 +0800] "POST /xingrg/kc/buy/cgsh_order_operate.html HTTP/1.1" 200 22151
116.235.222.38 - - [11/Jun/2021:09:46:13 +0800] "POST /xingrg/all/common/load_tree.html?tree=supplier_tree_json&isDelete=1 HTTP/1.1" 200 56016
116.224.253.72 - - [11/Jun/2021:09:46:14 +0800] "GET /xingrg/kc/print/load_data.html?order_code=212021061104782&kc_code=cgsh&condition= HTTP/1.1" 200 6278
101.83.241.191 - - [11/Jun/2021:09:46:15 +0800] "GET /xingrg/all/function/internal_message.html?_=1623375976598&CODE_STATE=getMsg HTTP/1.1" 200 27
101.83.241.191 - - [11/Jun/2021:09:46:18 +0800] "GET /xingrg/kc/print/load_data.html?order_code=212021061104783&kc_code=cgsh&condition= HTTP/1.1" 200 715
116.230.114.112 - - [11/Jun/2021:09:46:19 +0800] "GET /xingrg/all/function/internal_message.html?_=1623375993870&CODE_STATE=getMsg HTTP/1.1" 302 -
61.165.42.208 - - [11/Jun/2021:09:46:23 +0800] "GET /xingrg/all/function/internal_message.html?_=1623375985256&CODE_STATE=getMsg HTTP/1.1" 200 27
101.85.94.178 - - [11/Jun/2021:09:46:24 +0800] "GET /xingrg/all/function/internal_message.html?_=1623375444114&CODE_STATE=getMsg HTTP/1.1" 200 27
180.161.111.4 - - [11/Jun/2021:09:46:24 +0800] "GET /xingrg/all/function/internal_message.html?_=1623375949804&CODE_STATE=getMsg HTTP/1.1" 200 27
58.40.7.146 - - [11/Jun/2021:09:46:35 +0800] "GET /xingrg/all/function/internal_message.html?_=1623375995934&CODE_STATE=getMsg HTTP/1.1" 200 27
116.235.222.38 - - [11/Jun/2021:09:46:36 +0800] "GET /xingrg/kc/buy/cgsh_order_operate.html?command=get_materiel&rest_code=00107&code=00101004090&supplier_code=00100312&order_time=2021-06-11 HTTP/1.1" 200 391
180.169.147.146 - - [11/Jun/2021:09:46:41 +0800] "GET /xingrg/all/function/internal_message.html?_=1623376002636&CODE_STATE=getMsg HTTP/1.1" 200 27
116.232.54.115 - - [11/Jun/2021:09:46:42 +0800] "GET /xingrg/all/function/internal_message.html?_=1623376002457&CODE_STATE=getMsg HTTP/1.1" 200 27
116.235.222.38 - - [11/Jun/2021:09:46:43 +0800] "GET /xingrg/all/function/internal_message.html?_=1623375996424&CODE_STATE=getMsg HTTP/1.1" 200 27
117.131.5.26 - - [11/Jun/2021:09:46:43 +0800] "GET /xingrg/all/function/internal_message.html?_=1623376096457&CODE_STATE=getMsg HTTP/1.1" 200 27
101.83.241.191 - - [11/Jun/2021:09:46:46 +0800] "GET /xingrg/kc/buy/cgsh_order_add.html HTTP/1.1" 200 61576
101.83.241.191 - - [11/Jun/2021:09:46:47 +0800] "POST /xingrg/kc/buy/cgsh_order_operate.html HTTP/1.1" 200 8245
101.83.241.191 - - [11/Jun/2021:09:46:47 +0800] "GET /xingrg/javascript/easyui/themes/default/validatebox.css HTTP/1.1" 404 1104
180.169.147.146 - - [11/Jun/2021:09:46:47 +0800] "GET /xingrg/all/function/internal_message.html?_=1623376002380&CODE_STATE=getMsg HTTP/1.1" 200 27
116.230.117.165 - - [11/Jun/2021:09:46:47 +0800] "GET /xingrg/all/function/internal_message.html?_=1623376025343&CODE_STATE=getMsg HTTP/1.1" 200 27
116.235.222.38 - - [11/Jun/2021:09:46:51 +0800] "GET /xingrg/kc/buy/cgsh_order_operate.html?command=get_materiel&rest_code=00107&code=00101004038&supplier_code=00100312&order_time=2021-06-11 HTTP/1.1" 200 429
116.224.253.72 - - [11/Jun/2021:09:46:52 +0800] "GET /xingrg/all/function/internal_message.html?_=1623376007781&CODE_STATE=getMsg HTTP/1.1" 200 27
180.169.147.146 - - [11/Jun/2021:09:46:53 +0800] "GET /xingrg/all/function/internal_message.html?_=1623376016224&CODE_STATE=getMsg HTTP/1.1" 200 27
117.185.32.26 - - [11/Jun/2021:09:46:55 +0800] "GET /xingrg/all/function/internal_message.html?_=1623376550380&CODE_STATE=getMsg HTTP/1.1" 200 27
222.69.129.154 - - [11/Jun/2021:09:47:00 +0800] "POST /xingrg/services/DataTransmitService HTTP/1.1" 200 524
116.235.222.38 - - [11/Jun/2021:09:47:05 +0800] "GET /xingrg/kc/buy/cgsh_order_operate.html?command=get_materiel&rest_code=00107&code=00101004027&supplier_code=00100312&order_time=2021-06-11 HTTP/1.1" 200 409
116.224.253.72 - - [11/Jun/2021:09:47:07 +0800] "GET /xingrg/all/function/internal_message.html?_=1623376026821&CODE_STATE=getMsg HTTP/1.1" 200 27
180.169.147.146 - - [11/Jun/2021:09:47:11 +0800] "GET /xingrg/all/function/internal_message.html?_=1623376031624&CODE_STATE=getMsg HTTP/1.1" 200 27
116.235.222.38 - - [11/Jun/2021:09:47:13 +0800] "GET /xingrg/kc/buy/cgsh_order_operate.html?command=get_materiel&rest_code=00107&code=00101004020&supplier_code=00100312&order_time=2021-06-11 HTTP/1.1" 200 409
101.83.241.191 - - [11/Jun/2021:09:47:15 +0800] "GET /xingrg/all/function/internal_message.html?_=1623376036599&CODE_STATE=getMsg HTTP/1.1" 200 27
116.230.114.112 - - [11/Jun/2021:09:47:19 +0800] "GET /xingrg/all/function/internal_message.html?_=1623376053893&CODE_STATE=getMsg HTTP/1.1" 302 -
116.235.222.38 - - [11/Jun/2021:09:47:20 +0800] "GET /xingrg/kc/buy/cgsh_order_operate.html?command=get_materiel&rest_code=00107&code=00101004057&supplier_code=00100312&order_time=2021-06-11 HTTP/1.1" 200 409
61.165.42.208 - - [11/Jun/2021:09:47:23 +0800] "GET /xingrg/all/function/internal_message.html?_=1623376045228&CODE_STATE=getMsg HTTP/1.1" 200 27
101.85.94.178 - - [11/Jun/2021:09:47:24 +0800] "GET /xingrg/all/function/internal_message.html?_=1623375504114&CODE_STATE=getMsg HTTP/1.1" 200 27
101.85.94.178 - - [11/Jun/2021:09:47:24 +0800] "GET /xingrg/check_reg.html?_=1623375504118 HTTP/1.1" 200 22
180.161.111.4 - - [11/Jun/2021:09:47:24 +0800] "GET /xingrg/check_reg.html?_=1623376009401 HTTP/1.1" 200 22
180.161.111.4 - - [11/Jun/2021:09:47:25 +0800] "GET /xingrg/all/function/internal_message.html?_=1623376010036&CODE_STATE=getMsg HTTP/1.1" 200 27
116.235.222.38 - - [11/Jun/2021:09:47:32 +0800] "GET /xingrg/kc/buy/cgsh_order_operate.html?command=get_materiel&rest_code=00107&code=00101001138&supplier_code=00100312&order_time=2021-06-11 HTTP/1.1" 200 433
58.40.7.146 - - [11/Jun/2021:09:47:35 +0800] "GET /xingrg/all/function/internal_message.html?_=1623376055936&CODE_STATE=getMsg HTTP/1.1" 200 27
58.40.7.146 - - [11/Jun/2021:09:47:35 +0800] "GET /xingrg/check_reg.html?_=1623376055938 HTTP/1.1" 200 22
101.83.241.191 - - [11/Jun/2021:09:47:38 +0800] "GET /xingrg/kc/buy/cgsh_order_operate.html?command=get_materiel&rest_code=00154&code=00101006122&supplier_code=00100176&order_time=2021-06-11 HTTP/1.1" 200 429
180.169.147.146 - - [11/Jun/2021:09:47:41 +0800] "GET /xingrg/all/function/internal_message.html?_=1623376062628&CODE_STATE=getMsg HTTP/1.1" 200 27
116.232.54.115 - - [11/Jun/2021:09:47:42 +0800] "GET /xingrg/all/function/internal_message.html?_=1623376062460&CODE_STATE=getMsg HTTP/1.1" 200 27
117.131.5.26 - - [11/Jun/2021:09:47:43 +0800] "GET /xingrg/all/function/internal_message.html?_=1623376156455&CODE_STATE=getMsg HTTP/1.1" 200 27
116.235.222.38 - - [11/Jun/2021:09:47:43 +0800] "GET /xingrg/all/function/internal_message.html?_=1623376056406&CODE_STATE=getMsg HTTP/1.1" 200 27
116.235.222.38 - - [11/Jun/2021:09:47:43 +0800] "GET /xingrg/check_reg.html?_=1623376056520 HTTP/1.1" 200 22
116.235.222.38 - - [11/Jun/2021:09:47:44 +0800] "GET /xingrg/kc/buy/cgsh_order_operate.html?command=get_materiel&rest_code=00107&code=00101005022&supplier_code=00100312&order_time=2021-06-11 HTTP/1.1" 200 419
180.169.147.146 - - [11/Jun/2021:09:47:47 +0800] "GET /xingrg/all/function/internal_message.html?_=1623376062379&CODE_STATE=getMsg HTTP/1.1" 200 27
116.230.117.165 - - [11/Jun/2021:09:47:47 +0800] "GET /xingrg/all/function/internal_message.html?_=1623376085349&CODE_STATE=getMsg HTTP/1.1" 200 27
101.83.241.191 - - [11/Jun/2021:09:47:50 +0800] "POST /xingrg/kc/buy/cgsh_order_operate.html HTTP/1.1" 200 37
116.224.253.72 - - [11/Jun/2021:09:47:52 +0800] "GET /xingrg/all/function/internal_message.html?_=1623376067799&CODE_STATE=getMsg HTTP/1.1" 200 27
180.169.147.146 - - [11/Jun/2021:09:47:53 +0800] "GET /xingrg/all/function/internal_message.html?_=1623376076234&CODE_STATE=getMsg HTTP/1.1" 200 27
117.185.32.26 - - [11/Jun/2021:09:47:55 +0800] "GET /xingrg/all/function/internal_message.html?_=1623376610389&CODE_STATE=getMsg HTTP/1.1" 200 27
117.185.32.26 - - [11/Jun/2021:09:47:55 +0800] "GET /xingrg/check_reg.html?_=1623376610391 HTTP/1.1" 200 22
101.83.241.191 - - [11/Jun/2021:09:47:55 +0800] "POST /xingrg/kc/buy/cgsh_order_operate.html HTTP/1.1" 200 12
116.235.222.38 - - [11/Jun/2021:09:48:00 +0800] "POST /xingrg/kc/buy/cgsh_order_operate.html HTTP/1.1" 200 37
101.83.241.191 - - [11/Jun/2021:09:48:01 +0800] "GET /xingrg/kc/buy/cgsh_order_info.html?code=212021061104786 HTTP/1.1" 200 56481
101.83.241.191 - - [11/Jun/2021:09:48:01 +0800] "GET /xingrg/javascript/easyui/themes/default/validatebox.css HTTP/1.1" 404 1104
101.83.241.191 - - [11/Jun/2021:09:48:02 +0800] "POST /xingrg/kc/buy/cgsh_order_operate.html HTTP/1.1" 200 1188
116.235.222.38 - - [11/Jun/2021:09:48:02 +0800] "POST /xingrg/kc/buy/cgsh_order_operate.html HTTP/1.1" 200 6213
116.235.222.38 - - [11/Jun/2021:09:48:04 +0800] "GET /xingrg/kc/print/load_data.html?order_code=212021061104787&kc_code=cgsh&condition= HTTP/1.1" 200 2032
101.83.241.191 - - [11/Jun/2021:09:48:05 +0800] "GET /xingrg/kc/print/load_data.html?order_code=212021061104786&kc_code=cgsh&condition= HTTP/1.1" 200 936
116.224.253.72 - - [11/Jun/2021:09:48:07 +0800] "GET /xingrg/all/function/internal_message.html?_=1623376086813&CODE_STATE=getMsg HTTP/1.1" 200 27
116.224.253.72 - - [11/Jun/2021:09:48:07 +0800] "GET /xingrg/kc/buy/cgsh_order_list.html HTTP/1.1" 200 46722
116.235.222.38 - - [11/Jun/2021:09:48:10 +0800] "GET /xingrg/kc/buy/cgsh_order_add.html HTTP/1.1" 200 62542
116.235.222.38 - - [11/Jun/2021:09:48:10 +0800] "POST /xingrg/kc/buy/cgsh_order_operate.html HTTP/1.1" 200 8245
116.235.222.38 - - [11/Jun/2021:09:48:10 +0800] "GET /xingrg/javascript/easyui/themes/default/validatebox.css HTTP/1.1" 404 1104
116.224.253.72 - - [11/Jun/2021:09:48:11 +0800] "POST /xingrg/kc/buy/cgsh_list_operate.html HTTP/1.1" 200 2052
180.169.147.146 - - [11/Jun/2021:09:48:11 +0800] "GET /xingrg/all/function/internal_message.html?_=1623376091629&CODE_STATE=getMsg HTTP/1.1" 200 27
180.169.147.146 - - [11/Jun/2021:09:48:11 +0800] "GET /xingrg/check_reg.html?_=1623376091632 HTTP/1.1" 200 22
116.235.222.38 - - [11/Jun/2021:09:48:12 +0800] "GET /xingrg/javascript/easyui/themes/default/tree.css HTTP/1.1" 404 1090
116.235.222.38 - - [11/Jun/2021:09:48:13 +0800] "POST /xingrg/all/common/load_tree.html?tree=supplier_tree_json&isDelete=1 HTTP/1.1" 200 56016
101.83.241.191 - - [11/Jun/2021:09:48:15 +0800] "GET /xingrg/all/function/internal_message.html?_=1623376096612&CODE_STATE=getMsg HTTP/1.1" 200 27
116.230.114.112 - - [11/Jun/2021:09:48:19 +0800] "GET /xingrg/all/function/internal_message.html?_=1623376113898&CODE_STATE=getMsg HTTP/1.1" 302 -
116.224.253.72 - - [11/Jun/2021:09:48:22 +0800] "POST /xingrg/kc/buy/cgsh_list_operate.html HTTP/1.1" 200 577
61.165.42.208 - - [11/Jun/2021:09:48:23 +0800] "GET /xingrg/all/function/internal_message.html?_=1623376105196&CODE_STATE=getMsg HTTP/1.1" 200 27
101.85.94.178 - - [11/Jun/2021:09:48:24 +0800] "GET /xingrg/all/function/internal_message.html?_=1623375564121&CODE_STATE=getMsg HTTP/1.1" 200 27
180.161.111.4 - - [11/Jun/2021:09:48:25 +0800] "GET /xingrg/all/function/internal_message.html?_=1623376070236&CODE_STATE=getMsg HTTP/1.1" 200 27
101.83.241.191 - - [11/Jun/2021:09:48:29 +0800] "GET /xingrg/kc/buy/cgsh_order_add.html HTTP/1.1" 200 61576
101.83.241.191 - - [11/Jun/2021:09:48:30 +0800] "POST /xingrg/kc/buy/cgsh_order_operate.html HTTP/1.1" 200 8245
101.83.241.191 - - [11/Jun/2021:09:48:30 +0800] "GET /xingrg/javascript/easyui/themes/default/validatebox.css HTTP/1.1" 404 1104
116.235.222.38 - - [11/Jun/2021:09:48:32 +0800] "GET /xingrg/kc/buy/cgsh_order_operate.html?command=get_materiel&rest_code=00107&code=00101010108&supplier_code=00100336&order_time=2021-06-11 HTTP/1.1" 200 421
58.40.7.146 - - [11/Jun/2021:09:48:35 +0800] "GET /xingrg/all/function/internal_message.html?_=1623376115924&CODE_STATE=getMsg HTTP/1.1" 200 27
116.235.222.38 - - [11/Jun/2021:09:48:40 +0800] "POST /xingrg/kc/buy/cgsh_order_operate.html HTTP/1.1" 200 37
180.169.147.146 - - [11/Jun/2021:09:48:41 +0800] "GET /xingrg/all/function/internal_message.html?_=1623376122642&CODE_STATE=getMsg HTTP/1.1" 200 27
116.235.222.38 - - [11/Jun/2021:09:48:42 +0800] "POST /xingrg/kc/buy/cgsh_order_operate.html HTTP/1.1" 200 2665
116.232.54.115 - - [11/Jun/2021:09:48:42 +0800] "GET /xingrg/all/function/internal_message.html?_=1623376122463&CODE_STATE=getMsg HTTP/1.1" 200 27
116.235.222.38 - - [11/Jun/2021:09:48:43 +0800] "GET /xingrg/all/function/internal_message.html?_=1623376116425&CODE_STATE=getMsg HTTP/1.1" 200 27
117.131.5.26 - - [11/Jun/2021:09:48:43 +0800] "GET /xingrg/all/function/internal_message.html?_=1623376216453&CODE_STATE=getMsg HTTP/1.1" 200 27
116.235.222.38 - - [11/Jun/2021:09:48:43 +0800] "GET /xingrg/kc/print/load_data.html?order_code=212021061104788&kc_code=cgsh&condition= HTTP/1.1" 200 678
116.230.117.165 - - [11/Jun/2021:09:48:45 +0800] "GET /xingrg/check_reg.html?_=1623376142973 HTTP/1.1" 200 22
180.169.147.146 - - [11/Jun/2021:09:48:47 +0800] "GET /xingrg/all/function/internal_message.html?_=1623376122379&CODE_STATE=getMsg HTTP/1.1" 200 27
180.169.147.146 - - [11/Jun/2021:09:48:47 +0800] "GET /xingrg/check_reg.html?_=1623376122380 HTTP/1.1" 200 22
116.230.117.165 - - [11/Jun/2021:09:48:47 +0800] "GET /xingrg/all/function/internal_message.html?_=1623376145362&CODE_STATE=getMsg HTTP/1.1" 200 27
