180.161.111.4 - - [08/Jun/2021:09:49:03 +0800] "POST /xingrg/dwr/call/plaincall/AjaxYddbService.loadMaterielItems.dwr HTTP/1.1" 200 389
116.235.222.38 - - [08/Jun/2021:09:49:07 +0800] "GET /xingrg/all/function/internal_message.html?_=1623116946609&CODE_STATE=getMsg HTTP/1.1" 200 27
116.235.222.38 - - [08/Jun/2021:09:49:07 +0800] "GET /xingrg/check_reg.html?_=1623116946614 HTTP/1.1" 200 22
180.161.111.4 - - [08/Jun/2021:09:49:12 +0800] "GET /xingrg/check_reg.html?_=1623116916774 HTTP/1.1" 200 22
114.86.187.76 - - [08/Jun/2021:09:49:15 +0800] "GET /xingrg/all/function/internal_message.html?_=1623116961789&CODE_STATE=getMsg HTTP/1.1" 200 27
61.165.42.208 - - [08/Jun/2021:09:49:20 +0800] "GET /xingrg/all/function/internal_message.html?_=1623116962474&CODE_STATE=getMsg HTTP/1.1" 200 27
116.224.253.72 - - [08/Jun/2021:09:49:24 +0800] "POST /xingrg/kc/buy/cgsh_order_operate.html HTTP/1.1" 200 37
116.224.253.72 - - [08/Jun/2021:09:49:30 +0800] "POST /xingrg/kc/buy/cgsh_order_operate.html HTTP/1.1" 200 12
117.184.7.26 - - [08/Jun/2021:09:49:32 +0800] "POST /xingrg/services/DataTransmitService HTTP/1.1" 200 524
116.224.253.72 - - [08/Jun/2021:09:49:32 +0800] "GET /xingrg/kc/buy/cgsh_order_info.html?code=212021060803450 HTTP/1.1" 200 56977
116.224.253.72 - - [08/Jun/2021:09:49:32 +0800] "GET /xingrg/javascript/easyui/themes/default/validatebox.css HTTP/1.1" 404 1104
116.224.253.72 - - [08/Jun/2021:09:49:33 +0800] "POST /xingrg/kc/buy/cgsh_order_operate.html HTTP/1.1" 200 1340
116.224.253.72 - - [08/Jun/2021:09:49:33 +0800] "GET /xingrg/all/function/internal_message.html?_=1623116974912&CODE_STATE=getMsg HTTP/1.1" 200 27
116.224.253.72 - - [08/Jun/2021:09:49:34 +0800] "GET /xingrg/kc/print/load_config.html?kc_code=cgsh HTTP/1.1" 200 1845
116.230.117.165 - - [08/Jun/2021:09:49:34 +0800] "GET /xingrg/all/function/internal_message.html?_=1623116982054&CODE_STATE=getMsg HTTP/1.1" 200 27
116.224.253.72 - - [08/Jun/2021:09:49:35 +0800] "GET /xingrg/kc/print/load_data.html?order_code=212021060803450&kc_code=cgsh&condition= HTTP/1.1" 200 1104
116.230.110.80 - - [08/Jun/2021:09:49:42 +0800] "GET /xingrg/all/function/internal_message.html?_=1623116970326&CODE_STATE=getMsg HTTP/1.1" 200 27
116.224.253.72 - - [08/Jun/2021:09:49:43 +0800] "GET /xingrg/kc/buy/cgsh_order_add.html HTTP/1.1" 200 62067
116.224.253.72 - - [08/Jun/2021:09:49:43 +0800] "POST /xingrg/kc/buy/cgsh_order_operate.html HTTP/1.1" 200 8245
116.224.253.72 - - [08/Jun/2021:09:49:43 +0800] "GET /xingrg/javascript/easyui/themes/default/validatebox.css HTTP/1.1" 404 1104
116.224.253.72 - - [08/Jun/2021:09:49:45 +0800] "GET /xingrg/check_reg.html?_=1623116985825 HTTP/1.1" 200 22
116.224.253.72 - - [08/Jun/2021:09:49:45 +0800] "GET /xingrg/all/function/internal_message.html?_=1623116985903&CODE_STATE=getMsg HTTP/1.1" 200 27
114.86.225.21 - - [08/Jun/2021:09:49:46 +0800] "GET /xingrg/all/function/internal_message.html?_=1623116988140&CODE_STATE=getMsg HTTP/1.1" 200 27
114.86.225.21 - - [08/Jun/2021:09:49:46 +0800] "GET /xingrg/check_reg.html?_=1623116988141 HTTP/1.1" 200 22
180.169.147.146 - - [08/Jun/2021:09:49:49 +0800] "GET /xingrg/all/function/internal_message.html?_=1623116991576&CODE_STATE=getMsg HTTP/1.1" 200 27
116.224.253.72 - - [08/Jun/2021:09:49:52 +0800] "GET /xingrg/kc/buy/cgsh_order_operate.html?command=get_materiel&rest_code=00151&code=00102011141&supplier_code=00100302&order_time=2021-06-08 HTTP/1.1" 200 404
58.40.7.146 - - [08/Jun/2021:09:49:53 +0800] "GET /xingrg/all/function/internal_message.html?_=1623116995153&CODE_STATE=getMsg HTTP/1.1" 200 27
120.253.135.82 - - [08/Jun/2021:09:49:56 +0800] "GET /xingrg/check_reg.html?_=1623116781605 HTTP/1.1" 200 22
120.253.135.82 - - [08/Jun/2021:09:49:57 +0800] "GET /xingrg/all/function/internal_message.html?_=1623116782485&CODE_STATE=getMsg HTTP/1.1" 200 27
222.69.129.148 - - [08/Jun/2021:09:50:03 +0800] "GET /xingrg/check_reg.html?_=1623117004116 HTTP/1.1" 200 22
222.69.129.148 - - [08/Jun/2021:09:50:03 +0800] "GET /xingrg/all/function/internal_message.html?_=1623117004116&CODE_STATE=getMsg HTTP/1.1" 200 27
116.235.222.38 - - [08/Jun/2021:09:50:07 +0800] "GET /xingrg/all/function/internal_message.html?_=1623117006597&CODE_STATE=getMsg HTTP/1.1" 200 27
114.86.187.76 - - [08/Jun/2021:09:50:15 +0800] "GET /xingrg/all/function/internal_message.html?_=1623117021787&CODE_STATE=getMsg HTTP/1.1" 200 27
61.165.42.208 - - [08/Jun/2021:09:50:20 +0800] "GET /xingrg/all/function/internal_message.html?_=1623117022474&CODE_STATE=getMsg HTTP/1.1" 200 27
116.224.253.72 - - [08/Jun/2021:09:50:33 +0800] "GET /xingrg/all/function/internal_message.html?_=1623117034919&CODE_STATE=getMsg HTTP/1.1" 200 27
116.230.117.165 - - [08/Jun/2021:09:50:34 +0800] "GET /xingrg/all/function/internal_message.html?_=1623117042293&CODE_STATE=getMsg HTTP/1.1" 200 27
116.230.110.80 - - [08/Jun/2021:09:50:42 +0800] "GET /xingrg/all/function/internal_message.html?_=1623117030333&CODE_STATE=getMsg HTTP/1.1" 200 27
116.224.253.72 - - [08/Jun/2021:09:50:45 +0800] "GET /xingrg/all/function/internal_message.html?_=1623117045943&CODE_STATE=getMsg HTTP/1.1" 200 27
114.86.225.21 - - [08/Jun/2021:09:50:46 +0800] "GET /xingrg/all/function/internal_message.html?_=1623117048142&CODE_STATE=getMsg HTTP/1.1" 200 27
180.169.147.146 - - [08/Jun/2021:09:50:49 +0800] "GET /xingrg/all/function/internal_message.html?_=1623117051585&CODE_STATE=getMsg HTTP/1.1" 200 27
58.40.7.146 - - [08/Jun/2021:09:50:53 +0800] "GET /xingrg/all/function/internal_message.html?_=1623117055156&CODE_STATE=getMsg HTTP/1.1" 200 27
58.40.7.146 - - [08/Jun/2021:09:50:53 +0800] "GET /xingrg/check_reg.html?_=1623117055157 HTTP/1.1" 200 22
120.253.135.82 - - [08/Jun/2021:09:50:57 +0800] "GET /xingrg/all/function/internal_message.html?_=1623116842498&CODE_STATE=getMsg HTTP/1.1" 200 27
222.69.129.148 - - [08/Jun/2021:09:51:03 +0800] "GET /xingrg/all/function/internal_message.html?_=1623117064123&CODE_STATE=getMsg HTTP/1.1" 200 27
116.235.222.38 - - [08/Jun/2021:09:51:07 +0800] "GET /xingrg/all/function/internal_message.html?_=1623117066603&CODE_STATE=getMsg HTTP/1.1" 200 27
116.224.253.72 - - [08/Jun/2021:09:51:12 +0800] "GET /xingrg/kc/buy/cgsh_order_operate.html?command=get_materiel&rest_code=00151&code=00102008135&supplier_code=00100302&order_time=2021-06-08 HTTP/1.1" 200 395
114.86.187.76 - - [08/Jun/2021:09:51:15 +0800] "GET /xingrg/all/function/internal_message.html?_=1623117081785&CODE_STATE=getMsg HTTP/1.1" 200 27
61.165.42.208 - - [08/Jun/2021:09:51:20 +0800] "GET /xingrg/all/function/internal_message.html?_=1623117082474&CODE_STATE=getMsg HTTP/1.1" 200 27
116.224.253.72 - - [08/Jun/2021:09:51:28 +0800] "POST /xingrg/kc/buy/cgsh_order_operate.html HTTP/1.1" 200 37
116.224.253.72 - - [08/Jun/2021:09:51:30 +0800] "POST /xingrg/kc/buy/cgsh_order_operate.html HTTP/1.1" 200 3256
116.224.253.72 - - [08/Jun/2021:09:51:33 +0800] "GET /xingrg/check_reg.html?_=1623117094924 HTTP/1.1" 200 22
116.224.253.72 - - [08/Jun/2021:09:51:33 +0800] "GET /xingrg/all/function/internal_message.html?_=1623117094926&CODE_STATE=getMsg HTTP/1.1" 200 27
116.230.117.165 - - [08/Jun/2021:09:51:34 +0800] "GET /xingrg/all/function/internal_message.html?_=1623117102300&CODE_STATE=getMsg HTTP/1.1" 200 27
116.224.253.72 - - [08/Jun/2021:09:51:41 +0800] "POST /xingrg/all/user/operate.html HTTP/1.1" 200 36
116.224.253.72 - - [08/Jun/2021:09:51:42 +0800] "GET /xingrg/index.html?sysBaseUrl=http%3A%2F%2F180.169.147.146%3A18081%2Fxingrg%2F&costTime=2272×tamp=1623040031997 HTTP/1.1" 200 17177
116.224.253.72 - - [08/Jun/2021:09:51:42 +0800] "GET /xingrg/javascript/jquery_easy_ui/themes/default/easyui.css HTTP/1.1" 304 -
116.224.253.72 - - [08/Jun/2021:09:51:42 +0800] "GET /xingrg/javascript/jquery_easy_ui/themes/icon.css HTTP/1.1" 304 -
116.224.253.72 - - [08/Jun/2021:09:51:42 +0800] "GET /xingrg/css/form.css HTTP/1.1" 304 -
116.224.253.72 - - [08/Jun/2021:09:51:42 +0800] "GET /xingrg/javascript/jquery-1.4.2.min.js HTTP/1.1" 304 -
116.224.253.72 - - [08/Jun/2021:09:51:42 +0800] "GET /xingrg/javascript/jquery_easy_ui/jquery.easyui.min.js HTTP/1.1" 304 -
116.224.253.72 - - [08/Jun/2021:09:51:42 +0800] "GET /xingrg/javascript/jquery_easy_ui/easyui-lang-zh_CN.js HTTP/1.1" 304 -
116.224.253.72 - - [08/Jun/2021:09:51:42 +0800] "GET /xingrg/javascript/jquery.form.js HTTP/1.1" 304 -
116.224.253.72 - - [08/Jun/2021:09:51:42 +0800] "GET /xingrg/javascript/jquery.utils.js HTTP/1.1" 304 -
116.224.253.72 - - [08/Jun/2021:09:51:42 +0800] "GET /xingrg/javascript/jquery.timers.js HTTP/1.1" 304 -
116.224.253.72 - - [08/Jun/2021:09:51:42 +0800] "GET /xingrg/images/blue/jxLogo.png HTTP/1.1" 304 -
116.224.253.72 - - [08/Jun/2021:09:51:42 +0800] "GET /xingrg/images/blue/navBackgound.jpg HTTP/1.1" 304 -
116.224.253.72 - - [08/Jun/2021:09:51:42 +0800] "GET /xingrg/javascript/jquery_easy_ui/themes/icons/settle_new.png HTTP/1.1" 304 -
116.224.253.72 - - [08/Jun/2021:09:51:42 +0800] "GET /xingrg/all/function/internal_message.html?_=1623117103539&CODE_STATE=count HTTP/1.1" 200 11
116.224.253.72 - - [08/Jun/2021:09:51:42 +0800] "GET /xingrg/check_reg.html?_=1623117103540 HTTP/1.1" 200 22
116.224.253.72 - - [08/Jun/2021:09:51:42 +0800] "GET /xingrg/images/blue/pingpu.png HTTP/1.1" 304 -
116.224.253.72 - - [08/Jun/2021:09:51:42 +0800] "GET /xingrg/javascript/jquery_easy_ui/themes/default/images/panel_tool_collapse.gif HTTP/1.1" 304 -
116.224.253.72 - - [08/Jun/2021:09:51:42 +0800] "GET /xingrg/javascript/jquery_easy_ui/themes/default/images/tabs_leftarrow.png HTTP/1.1" 304 -
116.224.253.72 - - [08/Jun/2021:09:51:42 +0800] "GET /xingrg/javascript/jquery_easy_ui/themes/default/images/tabs_rightarrow.png HTTP/1.1" 304 -
116.224.253.72 - - [08/Jun/2021:09:51:42 +0800] "POST /xingrg/all/common/load_tree.html?tree=area_rest_tree_json&manage=1 HTTP/1.1" 200 476
116.224.253.72 - - [08/Jun/2021:09:51:42 +0800] "POST /xingrg/load_menu.html HTTP/1.1" 200 5138
116.230.110.80 - - [08/Jun/2021:09:51:42 +0800] "GET /xingrg/all/function/internal_message.html?_=1623117090331&CODE_STATE=getMsg HTTP/1.1" 200 27
116.230.110.80 - - [08/Jun/2021:09:51:42 +0800] "GET /xingrg/check_reg.html?_=1623117090337 HTTP/1.1" 200 22
116.224.253.72 - - [08/Jun/2021:09:51:45 +0800] "GET /xingrg/all/function/internal_message.html?_=1623117105947&CODE_STATE=getMsg HTTP/1.1" 200 27
114.86.225.21 - - [08/Jun/2021:09:51:46 +0800] "GET /xingrg/all/function/internal_message.html?_=1623117108146&CODE_STATE=getMsg HTTP/1.1" 200 27
180.169.147.146 - - [08/Jun/2021:09:51:49 +0800] "GET /xingrg/all/function/internal_message.html?_=1623117111595&CODE_STATE=getMsg HTTP/1.1" 200 27
180.169.147.146 - - [08/Jun/2021:09:51:49 +0800] "GET /xingrg/check_reg.html?_=1623117111597 HTTP/1.1" 200 22
58.40.7.146 - - [08/Jun/2021:09:51:53 +0800] "GET /xingrg/all/function/internal_message.html?_=1623117115157&CODE_STATE=getMsg HTTP/1.1" 200 27
116.224.253.72 - - [08/Jun/2021:09:51:53 +0800] "GET /xingrg/kc/buy/cgsh_order_list.html HTTP/1.1" 200 46679
116.224.253.72 - - [08/Jun/2021:09:51:56 +0800] "POST /xingrg/kc/buy/cgsh_list_operate.html HTTP/1.1" 200 1712
120.253.135.82 - - [08/Jun/2021:09:51:57 +0800] "GET /xingrg/all/function/internal_message.html?_=1623116902512&CODE_STATE=getMsg HTTP/1.1" 200 27
116.224.253.72 - - [08/Jun/2021:09:51:59 +0800] "GET /xingrg/kc/buy/cgsh_order_add.html HTTP/1.1" 200 62055
116.224.253.72 - - [08/Jun/2021:09:51:59 +0800] "POST /xingrg/kc/buy/cgsh_order_operate.html HTTP/1.1" 200 8245
116.224.253.72 - - [08/Jun/2021:09:51:59 +0800] "GET /xingrg/javascript/easyui/themes/default/validatebox.css HTTP/1.1" 404 1104
222.69.129.148 - - [08/Jun/2021:09:52:03 +0800] "GET /xingrg/all/function/internal_message.html?_=1623117124125&CODE_STATE=getMsg HTTP/1.1" 200 27
116.235.222.38 - - [08/Jun/2021:09:52:07 +0800] "GET /xingrg/all/function/internal_message.html?_=1623117126615&CODE_STATE=getMsg HTTP/1.1" 200 27
116.224.253.72 - - [08/Jun/2021:09:52:13 +0800] "GET /xingrg/javascript/auto/indicator.gif HTTP/1.1" 404 1066
114.86.187.76 - - [08/Jun/2021:09:52:15 +0800] "GET /xingrg/all/function/internal_message.html?_=1623117141784&CODE_STATE=getMsg HTTP/1.1" 200 27
61.165.42.208 - - [08/Jun/2021:09:52:20 +0800] "GET /xingrg/all/function/internal_message.html?_=1623117142475&CODE_STATE=getMsg HTTP/1.1" 200 27
116.230.117.165 - - [08/Jun/2021:09:52:35 +0800] "GET /xingrg/all/function/internal_message.html?_=1623117162504&CODE_STATE=getMsg HTTP/1.1" 200 27
180.169.147.146 - - [08/Jun/2021:09:52:38 +0800] "GET /xingrg/check_reg.html?_=1623117162867 HTTP/1.1" 302 -
116.224.253.72 - - [08/Jun/2021:09:52:42 +0800] "GET /xingrg/all/function/internal_message.html?_=1623117163550&CODE_STATE=getMsg HTTP/1.1" 200 27
116.230.110.80 - - [08/Jun/2021:09:52:42 +0800] "GET /xingrg/all/function/internal_message.html?_=1623117150325&CODE_STATE=getMsg HTTP/1.1" 200 27
116.224.253.72 - - [08/Jun/2021:09:52:45 +0800] "GET /xingrg/all/function/internal_message.html?_=1623117165960&CODE_STATE=getMsg HTTP/1.1" 200 27
114.86.225.21 - - [08/Jun/2021:09:52:46 +0800] "GET /xingrg/all/function/internal_message.html?_=1623117168147&CODE_STATE=getMsg HTTP/1.1" 200 27
180.169.147.146 - - [08/Jun/2021:09:52:49 +0800] "GET /xingrg/all/function/internal_message.html?_=1623117171594&CODE_STATE=getMsg HTTP/1.1" 200 27
58.40.7.146 - - [08/Jun/2021:09:52:53 +0800] "GET /xingrg/all/function/internal_message.html?_=1623117175160&CODE_STATE=getMsg HTTP/1.1" 200 27
116.230.117.165 - - [08/Jun/2021:09:52:55 +0800] "GET /xingrg/check_reg.html?_=1623117183361 HTTP/1.1" 200 22
117.184.7.26 - - [08/Jun/2021:09:53:00 +0800] "GET /xingrg/check_reg.html?_=1623117178789 HTTP/1.1" 200 22
222.69.129.148 - - [08/Jun/2021:09:53:03 +0800] "GET /xingrg/all/function/internal_message.html?_=1623117184124&CODE_STATE=getMsg HTTP/1.1" 200 27
116.235.222.38 - - [08/Jun/2021:09:53:07 +0800] "GET /xingrg/all/function/internal_message.html?_=1623117186613&CODE_STATE=getMsg HTTP/1.1" 200 27
116.224.253.72 - - [08/Jun/2021:09:53:12 +0800] "GET /xingrg/kc/buy/cgsh_order_operate.html?command=get_materiel&rest_code=00151&code=00102002425&supplier_code=00100097&order_time=2021-06-08 HTTP/1.1" 200 420
180.169.147.146 - - [08/Jun/2021:09:53:14 +0800] "GET /xingrg/check_reg.html?_=1623117199372 HTTP/1.1" 302 -
114.86.187.76 - - [08/Jun/2021:09:53:15 +0800] "GET /xingrg/all/function/internal_message.html?_=1623117201782&CODE_STATE=getMsg HTTP/1.1" 200 27
114.86.187.76 - - [08/Jun/2021:09:53:15 +0800] "GET /xingrg/check_reg.html?_=1623117201782 HTTP/1.1" 200 22
61.165.42.208 - - [08/Jun/2021:09:53:20 +0800] "GET /xingrg/check_reg.html?_=1623117202474 HTTP/1.1" 200 22
61.165.42.208 - - [08/Jun/2021:09:53:20 +0800] "GET /xingrg/all/function/internal_message.html?_=1623117202503&CODE_STATE=getMsg HTTP/1.1" 200 27
58.37.225.51 - - [08/Jun/2021:09:53:25 +0800] "GET /xingrg/check_reg.html?_=1623117148433 HTTP/1.1" 302 -
61.165.42.208 - - [08/Jun/2021:09:53:31 +0800] "GET /xingrg/kc/mdqp/pssh_order_list.html HTTP/1.1" 200 17697
61.165.42.208 - - [08/Jun/2021:09:53:31 +0800] "POST /xingrg/kc/mdqp/pssh_list_operate.html HTTP/1.1" 200 5316
61.165.42.208 - - [08/Jun/2021:09:53:33 +0800] "POST /xingrg/kc/mdqp/pssh_list_operate.html HTTP/1.1" 200 286
61.165.42.208 - - [08/Jun/2021:09:53:34 +0800] "GET /xingrg/kc/mdqp/pssh_order_info.html?code=312021060600166 HTTP/1.1" 200 17293
61.165.42.208 - - [08/Jun/2021:09:53:34 +0800] "GET /xingrg/javascript/jquery_tools/jquery-1.4.2.min.js HTTP/1.1" 404 1094
61.165.42.208 - - [08/Jun/2021:09:53:34 +0800] "GET /xingrg/javascript/easyui/themes/icons/back_new.png HTTP/1.1" 304 -
61.165.42.208 - - [08/Jun/2021:09:53:34 +0800] "GET /xingrg/javascript/easyui/themes/default/validatebox.css HTTP/1.1" 404 1104
61.165.42.208 - - [08/Jun/2021:09:53:34 +0800] "GET /xingrg/all/common/auto_word.html?type=base&rest_code=00105&rest_code=00105 HTTP/1.1" 200 1811
61.165.42.208 - - [08/Jun/2021:09:53:34 +0800] "POST /xingrg/kc/mdqp/pssh_order_operate.html HTTP/1.1" 200 565
116.230.117.165 - - [08/Jun/2021:09:53:35 +0800] "GET /xingrg/all/function/internal_message.html?_=1623117222515&CODE_STATE=getMsg HTTP/1.1" 200 27
61.165.42.208 - - [08/Jun/2021:09:53:35 +0800] "GET /xingrg/javascript/jquery_tools/images/next.gif HTTP/1.1" 404 1086
61.165.42.208 - - [08/Jun/2021:09:53:35 +0800] "GET /xingrg/javascript/jquery_tools/images/prev.gif HTTP/1.1" 404 1086
61.165.42.208 - - [08/Jun/2021:09:53:38 +0800] "GET /xingrg/css/images/panel_loading.gif HTTP/1.1" 304 -
61.165.42.208 - - [08/Jun/2021:09:53:38 +0800] "POST /xingrg/all/common/load_combo.html?type=employee HTTP/1.1" 200 356
61.165.42.208 - - [08/Jun/2021:09:53:42 +0800] "POST /xingrg/kc/mdqp/pssh_order_operate.html HTTP/1.1" 200 37
116.224.253.72 - - [08/Jun/2021:09:53:42 +0800] "GET /xingrg/all/function/internal_message.html?_=1623117223551&CODE_STATE=getMsg HTTP/1.1" 200 27
116.230.110.80 - - [08/Jun/2021:09:53:42 +0800] "GET /xingrg/all/function/internal_message.html?_=1623117210344&CODE_STATE=getMsg HTTP/1.1" 200 27
61.165.42.208 - - [08/Jun/2021:09:53:43 +0800] "POST /xingrg/kc/mdqp/pssh_order_operate.html HTTP/1.1" 200 565
116.224.253.72 - - [08/Jun/2021:09:53:45 +0800] "GET /xingrg/all/function/internal_message.html?_=1623117226000&CODE_STATE=getMsg HTTP/1.1" 200 27
116.224.253.72 - - [08/Jun/2021:09:53:46 +0800] "GET /xingrg/kc/buy/cgsh_order_operate.html?command=get_materiel&rest_code=00151&code=00102002422&supplier_code=00100097&order_time=2021-06-08 HTTP/1.1" 200 440
114.86.225.21 - - [08/Jun/2021:09:53:46 +0800] "GET /xingrg/all/function/internal_message.html?_=1623117228151&CODE_STATE=getMsg HTTP/1.1" 200 27
61.165.42.208 - - [08/Jun/2021:09:53:46 +0800] "POST /xingrg/kc/mdqp/pssh_order_operate.html HTTP/1.1" 200 37
61.165.42.208 - - [08/Jun/2021:09:53:49 +0800] "POST /xingrg/kc/mdqp/pssh_order_operate.html HTTP/1.1" 200 12
180.169.147.146 - - [08/Jun/2021:09:53:49 +0800] "GET /xingrg/all/function/internal_message.html?_=1623117231614&CODE_STATE=getMsg HTTP/1.1" 200 27
61.165.42.208 - - [08/Jun/2021:09:53:50 +0800] "GET /xingrg/kc/mdqp/pssh_order_info.html?code=312021060600166 HTTP/1.1" 200 14382
61.165.42.208 - - [08/Jun/2021:09:53:50 +0800] "GET /xingrg/javascript/jquery_tools/jquery-1.4.2.min.js HTTP/1.1" 404 1094
61.165.42.208 - - [08/Jun/2021:09:53:51 +0800] "GET /xingrg/javascript/easyui/themes/icons/uncheck_new.png HTTP/1.1" 304 -
61.165.42.208 - - [08/Jun/2021:09:53:51 +0800] "GET /xingrg/javascript/easyui/themes/default/validatebox.css HTTP/1.1" 404 1104
61.165.42.208 - - [08/Jun/2021:09:53:51 +0800] "POST /xingrg/kc/mdqp/pssh_order_operate.html HTTP/1.1" 200 565
61.165.42.208 - - [08/Jun/2021:09:53:51 +0800] "GET /xingrg/kc/print/load_config.html?kc_code=pssh HTTP/1.1" 200 2290
61.165.42.208 - - [08/Jun/2021:09:53:52 +0800] "GET /xingrg/kc/print/load_data.html?order_code=312021060600166&kc_code=pssh&condition= HTTP/1.1" 200 697
58.40.7.146 - - [08/Jun/2021:09:53:53 +0800] "GET /xingrg/all/function/internal_message.html?_=1623117235162&CODE_STATE=getMsg HTTP/1.1" 200 27
222.69.129.148 - - [08/Jun/2021:09:54:03 +0800] "GET /xingrg/all/function/internal_message.html?_=1623117244123&CODE_STATE=getMsg HTTP/1.1" 200 27
116.235.222.38 - - [08/Jun/2021:09:54:07 +0800] "GET /xingrg/all/function/internal_message.html?_=1623117246613&CODE_STATE=getMsg HTTP/1.1" 200 27
116.235.222.38 - - [08/Jun/2021:09:54:07 +0800] "GET /xingrg/check_reg.html?_=1623117246620 HTTP/1.1" 200 22
180.161.111.4 - - [08/Jun/2021:09:54:12 +0800] "GET /xingrg/check_reg.html?_=1623117216785 HTTP/1.1" 200 22
114.86.187.76 - - [08/Jun/2021:09:54:15 +0800] "GET /xingrg/all/function/internal_message.html?_=1623117261780&CODE_STATE=getMsg HTTP/1.1" 200 27
61.165.42.208 - - [08/Jun/2021:09:54:20 +0800] "GET /xingrg/all/function/internal_message.html?_=1623117262489&CODE_STATE=getMsg HTTP/1.1" 200 27
116.230.117.165 - - [08/Jun/2021:09:54:35 +0800] "GET /xingrg/all/function/internal_message.html?_=1623117282528&CODE_STATE=getMsg HTTP/1.1" 200 27
116.224.253.72 - - [08/Jun/2021:09:54:42 +0800] "GET /xingrg/all/function/internal_message.html?_=1623117283559&CODE_STATE=getMsg HTTP/1.1" 200 27
116.230.110.80 - - [08/Jun/2021:09:54:42 +0800] "GET /xingrg/all/function/internal_message.html?_=1623117270335&CODE_STATE=getMsg HTTP/1.1" 200 27
61.165.42.208 - - [08/Jun/2021:09:54:42 +0800] "POST /xingrg/kc/mdqp/pssh_list_operate.html HTTP/1.1" 200 1582
116.224.253.72 - - [08/Jun/2021:09:54:45 +0800] "GET /xingrg/check_reg.html?_=1623117285836 HTTP/1.1" 200 22
116.224.253.72 - - [08/Jun/2021:09:54:45 +0800] "GET /xingrg/all/function/internal_message.html?_=1623117286027&CODE_STATE=getMsg HTTP/1.1" 200 27
114.86.225.21 - - [08/Jun/2021:09:54:46 +0800] "GET /xingrg/all/function/internal_message.html?_=1623117288154&CODE_STATE=getMsg HTTP/1.1" 200 27
114.86.225.21 - - [08/Jun/2021:09:54:46 +0800] "GET /xingrg/check_reg.html?_=1623117288155 HTTP/1.1" 200 22
61.165.42.208 - - [08/Jun/2021:09:54:47 +0800] "GET /xingrg/kc/mdqp/pssh_order_list.html HTTP/1.1" 200 17697
61.165.42.208 - - [08/Jun/2021:09:54:47 +0800] "POST /xingrg/kc/mdqp/pssh_list_operate.html HTTP/1.1" 200 5341
180.169.147.146 - - [08/Jun/2021:09:54:49 +0800] "GET /xingrg/all/function/internal_message.html?_=1623117291619&CODE_STATE=getMsg HTTP/1.1" 200 27
61.165.42.208 - - [08/Jun/2021:09:54:51 +0800] "POST /xingrg/kc/mdqp/pssh_list_operate.html HTTP/1.1" 200 359
61.165.42.208 - - [08/Jun/2021:09:54:52 +0800] "GET /xingrg/kc/mdqp/pssh_order_info.html?code=312021060600165 HTTP/1.1" 200 17295
61.165.42.208 - - [08/Jun/2021:09:54:52 +0800] "GET /xingrg/javascript/jquery_tools/jquery-1.4.2.min.js HTTP/1.1" 404 1094
61.165.42.208 - - [08/Jun/2021:09:54:52 +0800] "GET /xingrg/javascript/easyui/themes/default/validatebox.css HTTP/1.1" 404 1104
61.165.42.208 - - [08/Jun/2021:09:54:52 +0800] "POST /xingrg/kc/mdqp/pssh_order_operate.html HTTP/1.1" 200 1047
58.40.7.146 - - [08/Jun/2021:09:54:53 +0800] "GET /xingrg/all/function/internal_message.html?_=1623117295164&CODE_STATE=getMsg HTTP/1.1" 200 27
61.165.42.208 - - [08/Jun/2021:09:54:53 +0800] "POST /xingrg/all/common/load_combo.html?type=employee HTTP/1.1" 200 356
61.165.42.208 - - [08/Jun/2021:09:55:00 +0800] "POST /xingrg/kc/mdqp/pssh_order_operate.html HTTP/1.1" 200 37
61.165.42.208 - - [08/Jun/2021:09:55:01 +0800] "POST /xingrg/kc/mdqp/pssh_order_operate.html HTTP/1.1" 200 1047
222.69.129.148 - - [08/Jun/2021:09:55:03 +0800] "GET /xingrg/all/function/internal_message.html?_=1623117304121&CODE_STATE=getMsg HTTP/1.1" 200 27
222.69.129.148 - - [08/Jun/2021:09:55:03 +0800] "GET /xingrg/check_reg.html?_=1623117304122 HTTP/1.1" 200 22
61.165.42.208 - - [08/Jun/2021:09:55:04 +0800] "POST /xingrg/kc/mdqp/pssh_order_operate.html HTTP/1.1" 200 37
116.235.222.38 - - [08/Jun/2021:09:55:07 +0800] "GET /xingrg/all/function/internal_message.html?_=1623117306611&CODE_STATE=getMsg HTTP/1.1" 200 27
61.165.42.208 - - [08/Jun/2021:09:55:07 +0800] "POST /xingrg/kc/mdqp/pssh_order_operate.html HTTP/1.1" 200 12
61.165.42.208 - - [08/Jun/2021:09:55:09 +0800] "GET /xingrg/kc/mdqp/pssh_order_info.html?code=312021060600165 HTTP/1.1" 200 14384
61.165.42.208 - - [08/Jun/2021:09:55:09 +0800] "GET /xingrg/javascript/jquery_tools/jquery-1.4.2.min.js HTTP/1.1" 404 1094
61.165.42.208 - - [08/Jun/2021:09:55:09 +0800] "GET /xingrg/javascript/easyui/themes/default/validatebox.css HTTP/1.1" 404 1104
61.165.42.208 - - [08/Jun/2021:09:55:09 +0800] "POST /xingrg/kc/mdqp/pssh_order_operate.html HTTP/1.1" 200 1047
61.165.42.208 - - [08/Jun/2021:09:55:11 +0800] "GET /xingrg/kc/print/load_data.html?order_code=312021060600165&kc_code=pssh&condition= HTTP/1.1" 200 820
114.86.187.76 - - [08/Jun/2021:09:55:15 +0800] "GET /xingrg/all/function/internal_message.html?_=1623117321778&CODE_STATE=getMsg HTTP/1.1" 200 27
61.165.42.208 - - [08/Jun/2021:09:55:19 +0800] "GET /xingrg/kc/mdqp/pssh_order_list.html HTTP/1.1" 200 17697
61.165.42.208 - - [08/Jun/2021:09:55:20 +0800] "POST /xingrg/kc/mdqp/pssh_list_operate.html HTTP/1.1" 200 5366
61.165.42.208 - - [08/Jun/2021:09:55:20 +0800] "GET /xingrg/all/function/internal_message.html?_=1623117322503&CODE_STATE=getMsg HTTP/1.1" 200 27
61.165.42.208 - - [08/Jun/2021:09:55:21 +0800] "POST /xingrg/kc/mdqp/pssh_list_operate.html HTTP/1.1" 200 1582
61.165.42.208 - - [08/Jun/2021:09:55:22 +0800] "GET /xingrg/kc/mdqp/pssh_order_list.html HTTP/1.1" 200 17697
61.165.42.208 - - [08/Jun/2021:09:55:22 +0800] "POST /xingrg/kc/mdqp/pssh_list_operate.html HTTP/1.1" 200 5366
61.165.42.208 - - [08/Jun/2021:09:55:25 +0800] "POST /xingrg/kc/mdqp/pssh_list_operate.html HTTP/1.1" 200 770
61.165.42.208 - - [08/Jun/2021:09:55:27 +0800] "GET /xingrg/kc/mdqp/pssh_order_info.html?code=312021060600163 HTTP/1.1" 200 17297
61.165.42.208 - - [08/Jun/2021:09:55:27 +0800] "GET /xingrg/javascript/jquery_tools/jquery-1.4.2.min.js HTTP/1.1" 404 1094
61.165.42.208 - - [08/Jun/2021:09:55:27 +0800] "GET /xingrg/javascript/easyui/themes/default/validatebox.css HTTP/1.1" 404 1104
61.165.42.208 - - [08/Jun/2021:09:55:27 +0800] "POST /xingrg/kc/mdqp/pssh_order_operate.html HTTP/1.1" 200 4216
61.165.42.208 - - [08/Jun/2021:09:55:32 +0800] "POST /xingrg/all/common/load_combo.html?type=employee HTTP/1.1" 200 356
116.230.117.165 - - [08/Jun/2021:09:55:35 +0800] "GET /xingrg/all/function/internal_message.html?_=1623117342752&CODE_STATE=getMsg HTTP/1.1" 200 27
61.165.42.208 - - [08/Jun/2021:09:55:39 +0800] "POST /xingrg/kc/mdqp/pssh_order_operate.html HTTP/1.1" 200 37
61.165.42.208 - - [08/Jun/2021:09:55:41 +0800] "POST /xingrg/kc/mdqp/pssh_order_operate.html HTTP/1.1" 200 4216
116.224.253.72 - - [08/Jun/2021:09:55:42 +0800] "GET /xingrg/all/function/internal_message.html?_=1623117343579&CODE_STATE=getMsg HTTP/1.1" 200 27
116.230.110.80 - - [08/Jun/2021:09:55:42 +0800] "GET /xingrg/all/function/internal_message.html?_=1623117330333&CODE_STATE=getMsg HTTP/1.1" 200 27
116.224.253.72 - - [08/Jun/2021:09:55:45 +0800] "GET /xingrg/all/function/internal_message.html?_=1623117346033&CODE_STATE=getMsg HTTP/1.1" 200 27
61.165.42.208 - - [08/Jun/2021:09:55:45 +0800] "POST /xingrg/kc/mdqp/pssh_order_operate.html HTTP/1.1" 200 37
114.86.225.21 - - [08/Jun/2021:09:55:46 +0800] "GET /xingrg/all/function/internal_message.html?_=1623117348156&CODE_STATE=getMsg HTTP/1.1" 200 27
120.253.135.82 - - [08/Jun/2021:09:55:46 +0800] "POST /xingrg/kc/pszx/mdps_list_operate.html HTTP/1.1" 200 3178
120.253.135.82 - - [08/Jun/2021:09:55:46 +0800] "POST /xingrg/kc/pszx/mdps_list_operate.html HTTP/1.1" 200 3178
120.253.135.82 - - [08/Jun/2021:09:55:47 +0800] "GET /xingrg/kc/report/report_main.html HTTP/1.1" 200 9370
116.224.253.72 - - [08/Jun/2021:09:55:49 +0800] "GET /xingrg/kc/buy/cgsh_order_operate.html?command=get_materiel&rest_code=00151&code=00102032039&supplier_code=00100097&order_time=2021-06-08 HTTP/1.1" 200 400
120.253.135.82 - - [08/Jun/2021:09:55:49 +0800] "GET /xingrg/kc/base/kc_stocks.html HTTP/1.1" 200 16431
120.253.135.82 - - [08/Jun/2021:09:55:49 +0800] "GET /xingrg/javascript/easyui/themes/default/tree.css HTTP/1.1" 404 1090
180.169.147.146 - - [08/Jun/2021:09:55:49 +0800] "GET /xingrg/all/function/internal_message.html?_=1623117351618&CODE_STATE=getMsg HTTP/1.1" 200 27
120.253.135.82 - - [08/Jun/2021:09:55:49 +0800] "POST /xingrg/all/common/load_tree.html?tree=materiel_sort_tree_json HTTP/1.1" 200 8666
61.165.42.208 - - [08/Jun/2021:09:55:50 +0800] "POST /xingrg/kc/mdqp/pssh_order_operate.html HTTP/1.1" 200 12
120.253.135.82 - - [08/Jun/2021:09:55:50 +0800] "POST /xingrg/all/common/load_combo.html?type=base HTTP/1.1" 200 1075
58.40.7.146 - - [08/Jun/2021:09:55:53 +0800] "GET /xingrg/check_reg.html?_=1623117355166 HTTP/1.1" 200 22
58.40.7.146 - - [08/Jun/2021:09:55:53 +0800] "GET /xingrg/all/function/internal_message.html?_=1623117355167&CODE_STATE=getMsg HTTP/1.1" 200 27
61.165.42.208 - - [08/Jun/2021:09:55:55 +0800] "GET /xingrg/kc/mdqp/pssh_order_info.html?code=312021060600163 HTTP/1.1" 200 14386
61.165.42.208 - - [08/Jun/2021:09:55:55 +0800] "GET /xingrg/javascript/jquery_tools/jquery-1.4.2.min.js HTTP/1.1" 404 1094
61.165.42.208 - - [08/Jun/2021:09:55:56 +0800] "GET /xingrg/javascript/easyui/themes/default/validatebox.css HTTP/1.1" 404 1104
61.165.42.208 - - [08/Jun/2021:09:55:56 +0800] "POST /xingrg/kc/mdqp/pssh_order_operate.html HTTP/1.1" 200 4216
61.165.42.208 - - [08/Jun/2021:09:55:58 +0800] "GET /xingrg/kc/print/load_data.html?order_code=312021060600163&kc_code=pssh&condition= HTTP/1.1" 200 1931
120.253.135.82 - - [08/Jun/2021:09:55:59 +0800] "POST /xingrg/kc/base/stock_operate.html HTTP/1.1" 200 1706
120.253.135.82 - - [08/Jun/2021:09:55:59 +0800] "GET /xingrg/javascript/jquery_tools/fix_table.js HTTP/1.1" 304 -
222.69.129.148 - - [08/Jun/2021:09:56:03 +0800] "GET /xingrg/all/function/internal_message.html?_=1623117364134&CODE_STATE=getMsg HTTP/1.1" 200 27
116.235.222.38 - - [08/Jun/2021:09:56:07 +0800] "GET /xingrg/all/function/internal_message.html?_=1623117366613&CODE_STATE=getMsg HTTP/1.1" 200 27
114.86.187.76 - - [08/Jun/2021:09:56:15 +0800] "GET /xingrg/all/function/internal_message.html?_=1623117381776&CODE_STATE=getMsg HTTP/1.1" 200 27
61.165.42.208 - - [08/Jun/2021:09:56:20 +0800] "GET /xingrg/all/function/internal_message.html?_=1623117382504&CODE_STATE=getMsg HTTP/1.1" 200 27
116.230.117.165 - - [08/Jun/2021:09:56:35 +0800] "GET /xingrg/all/function/internal_message.html?_=1623117402759&CODE_STATE=getMsg HTTP/1.1" 200 27
116.224.253.72 - - [08/Jun/2021:09:56:41 +0800] "POST /xingrg/kc/buy/cgsh_order_operate.html HTTP/1.1" 200 37
116.224.253.72 - - [08/Jun/2021:09:56:42 +0800] "GET /xingrg/check_reg.html?_=1623117403576 HTTP/1.1" 200 22
116.224.253.72 - - [08/Jun/2021:09:56:42 +0800] "GET /xingrg/all/function/internal_message.html?_=1623117403578&CODE_STATE=getMsg HTTP/1.1" 200 27
116.230.110.80 - - [08/Jun/2021:09:56:42 +0800] "GET /xingrg/all/function/internal_message.html?_=1623117390322&CODE_STATE=getMsg HTTP/1.1" 200 27
116.230.110.80 - - [08/Jun/2021:09:56:42 +0800] "GET /xingrg/check_reg.html?_=1623117390333 HTTP/1.1" 200 22
116.224.253.72 - - [08/Jun/2021:09:56:45 +0800] "GET /xingrg/all/function/internal_message.html?_=1623117406045&CODE_STATE=getMsg HTTP/1.1" 200 27
114.86.225.21 - - [08/Jun/2021:09:56:46 +0800] "GET /xingrg/all/function/internal_message.html?_=1623117408155&CODE_STATE=getMsg HTTP/1.1" 200 27
116.224.253.72 - - [08/Jun/2021:09:56:47 +0800] "POST /xingrg/kc/buy/cgsh_order_operate.html HTTP/1.1" 200 12
116.224.253.72 - - [08/Jun/2021:09:56:49 +0800] "GET /xingrg/kc/buy/cgsh_order_info.html?code=212021060803452 HTTP/1.1" 200 56949
116.224.253.72 - - [08/Jun/2021:09:56:49 +0800] "GET /xingrg/javascript/easyui/themes/default/validatebox.css HTTP/1.1" 404 1104
180.169.147.146 - - [08/Jun/2021:09:56:49 +0800] "GET /xingrg/check_reg.html?_=1623117411613 HTTP/1.1" 200 22
180.169.147.146 - - [08/Jun/2021:09:56:49 +0800] "GET /xingrg/all/function/internal_message.html?_=1623117411613&CODE_STATE=getMsg HTTP/1.1" 200 27
116.224.253.72 - - [08/Jun/2021:09:56:50 +0800] "POST /xingrg/kc/buy/cgsh_order_operate.html HTTP/1.1" 200 1837
116.224.253.72 - - [08/Jun/2021:09:56:51 +0800] "GET /xingrg/kc/print/load_data.html?order_code=212021060803452&kc_code=cgsh&condition= HTTP/1.1" 200 1179
58.40.7.146 - - [08/Jun/2021:09:56:53 +0800] "GET /xingrg/all/function/internal_message.html?_=1623117415170&CODE_STATE=getMsg HTTP/1.1" 200 27
222.69.129.148 - - [08/Jun/2021:09:57:03 +0800] "GET /xingrg/all/function/internal_message.html?_=1623117424133&CODE_STATE=getMsg HTTP/1.1" 200 27
116.235.222.38 - - [08/Jun/2021:09:57:07 +0800] "GET /xingrg/all/function/internal_message.html?_=1623117426612&CODE_STATE=getMsg HTTP/1.1" 200 27
114.86.187.76 - - [08/Jun/2021:09:57:15 +0800] "GET /xingrg/all/function/internal_message.html?_=1623117441775&CODE_STATE=getMsg HTTP/1.1" 200 27
61.165.42.208 - - [08/Jun/2021:09:57:20 +0800] "GET /xingrg/all/function/internal_message.html?_=1623117442492&CODE_STATE=getMsg HTTP/1.1" 200 27
116.230.117.165 - - [08/Jun/2021:09:57:35 +0800] "GET /xingrg/all/function/internal_message.html?_=1623117462962&CODE_STATE=getMsg HTTP/1.1" 200 27
180.169.147.146 - - [08/Jun/2021:09:57:38 +0800] "GET /xingrg/check_reg.html?_=1623117462890 HTTP/1.1" 302 -
116.224.253.72 - - [08/Jun/2021:09:57:42 +0800] "GET /xingrg/all/function/internal_message.html?_=1623117463574&CODE_STATE=getMsg HTTP/1.1" 200 27
116.230.110.80 - - [08/Jun/2021:09:57:42 +0800] "GET /xingrg/all/function/internal_message.html?_=1623117450334&CODE_STATE=getMsg HTTP/1.1" 200 27
116.224.253.72 - - [08/Jun/2021:09:57:45 +0800] "GET /xingrg/all/function/internal_message.html?_=1623117466086&CODE_STATE=getMsg HTTP/1.1" 200 27
114.86.225.21 - - [08/Jun/2021:09:57:46 +0800] "GET /xingrg/all/function/internal_message.html?_=1623117468157&CODE_STATE=getMsg HTTP/1.1" 200 27
180.169.147.146 - - [08/Jun/2021:09:57:49 +0800] "GET /xingrg/all/function/internal_message.html?_=1623117471588&CODE_STATE=getMsg HTTP/1.1" 200 27
58.40.7.146 - - [08/Jun/2021:09:57:53 +0800] "GET /xingrg/all/function/internal_message.html?_=1623117475157&CODE_STATE=getMsg HTTP/1.1" 200 27
116.230.117.165 - - [08/Jun/2021:09:57:55 +0800] "GET /xingrg/check_reg.html?_=1623117483366 HTTP/1.1" 200 22
117.184.7.26 - - [08/Jun/2021:09:58:00 +0800] "GET /xingrg/check_reg.html?_=1623117478769 HTTP/1.1" 200 22
222.69.129.148 - - [08/Jun/2021:09:58:03 +0800] "GET /xingrg/all/function/internal_message.html?_=1623117484148&CODE_STATE=getMsg HTTP/1.1" 200 27
116.235.222.38 - - [08/Jun/2021:09:58:07 +0800] "GET /xingrg/all/function/internal_message.html?_=1623117486612&CODE_STATE=getMsg HTTP/1.1" 200 27
180.169.147.146 - - [08/Jun/2021:09:58:14 +0800] "GET /xingrg/check_reg.html?_=1623117499395 HTTP/1.1" 302 -
114.86.187.76 - - [08/Jun/2021:09:58:15 +0800] "GET /xingrg/check_reg.html?_=1623117501791 HTTP/1.1" 200 22
114.86.187.76 - - [08/Jun/2021:09:58:15 +0800] "GET /xingrg/all/function/internal_message.html?_=1623117501790&CODE_STATE=getMsg HTTP/1.1" 200 27
61.165.42.208 - - [08/Jun/2021:09:58:20 +0800] "GET /xingrg/all/function/internal_message.html?_=1623117502493&CODE_STATE=getMsg HTTP/1.1" 200 27
61.165.42.208 - - [08/Jun/2021:09:58:20 +0800] "GET /xingrg/check_reg.html?_=1623117502496 HTTP/1.1" 200 22
114.86.225.21 - - [08/Jun/2021:09:58:21 +0800] "POST /xingrg/kc/buy/cgsh_order_operate.html HTTP/1.1" 200 37
58.37.225.51 - - [08/Jun/2021:09:58:25 +0800] "GET /xingrg/check_reg.html?_=1623117448438 HTTP/1.1" 302 -
114.86.225.21 - - [08/Jun/2021:09:58:25 +0800] "POST /xingrg/kc/buy/cgsh_order_operate.html HTTP/1.1" 200 9785
116.230.117.165 - - [08/Jun/2021:09:58:35 +0800] "GET /xingrg/all/function/internal_message.html?_=1623117522972&CODE_STATE=getMsg HTTP/1.1" 200 27
116.224.253.72 - - [08/Jun/2021:09:58:42 +0800] "GET /xingrg/all/function/internal_message.html?_=1623117523577&CODE_STATE=getMsg HTTP/1.1" 200 27
116.230.110.80 - - [08/Jun/2021:09:58:42 +0800] "GET /xingrg/all/function/internal_message.html?_=1623117510332&CODE_STATE=getMsg HTTP/1.1" 200 27
114.86.225.21 - - [08/Jun/2021:09:58:46 +0800] "GET /xingrg/all/function/internal_message.html?_=1623117528159&CODE_STATE=getMsg HTTP/1.1" 200 27
180.169.147.146 - - [08/Jun/2021:09:58:49 +0800] "GET /xingrg/all/function/internal_message.html?_=1623117531581&CODE_STATE=getMsg HTTP/1.1" 200 27
58.40.7.146 - - [08/Jun/2021:09:58:53 +0800] "GET /xingrg/all/function/internal_message.html?_=1623117535159&CODE_STATE=getMsg HTTP/1.1" 200 27
222.69.129.148 - - [08/Jun/2021:09:59:03 +0800] "GET /xingrg/all/function/internal_message.html?_=1623117544145&CODE_STATE=getMsg HTTP/1.1" 200 27
116.224.253.72 - - [08/Jun/2021:09:59:03 +0800] "POST /xingrg/kc/buy/cgsh_order_operate.html HTTP/1.1" 200 37
116.235.222.38 - - [08/Jun/2021:09:59:07 +0800] "GET /xingrg/all/function/internal_message.html?_=1623117546612&CODE_STATE=getMsg HTTP/1.1" 200 27
116.235.222.38 - - [08/Jun/2021:09:59:07 +0800] "GET /xingrg/check_reg.html?_=1623117546617 HTTP/1.1" 200 22
116.224.253.72 - - [08/Jun/2021:09:59:09 +0800] "POST /xingrg/kc/buy/cgsh_order_operate.html HTTP/1.1" 200 12
116.224.253.72 - - [08/Jun/2021:09:59:12 +0800] "GET /xingrg/all/function/internal_message.html?_=1623117552718&CODE_STATE=getMsg HTTP/1.1" 200 27
116.224.253.72 - - [08/Jun/2021:09:59:12 +0800] "GET /xingrg/kc/buy/cgsh_order_info.html?code=212021060803451 HTTP/1.1" 200 56977
116.224.253.72 - - [08/Jun/2021:09:59:12 +0800] "GET /xingrg/javascript/easyui/themes/default/validatebox.css HTTP/1.1" 404 1104
180.161.111.4 - - [08/Jun/2021:09:59:13 +0800] "GET /xingrg/check_reg.html?_=1623117516789 HTTP/1.1" 200 22
116.224.253.72 - - [08/Jun/2021:09:59:13 +0800] "POST /xingrg/kc/buy/cgsh_order_operate.html HTTP/1.1" 200 1210
180.161.111.4 - - [08/Jun/2021:09:59:13 +0800] "GET /xingrg/kc/buy/cgsh_order_list.html HTTP/1.1" 200 46675
180.161.111.4 - - [08/Jun/2021:09:59:15 +0800] "POST /xingrg/kc/buy/cgsh_list_operate.html HTTP/1.1" 200 876
114.86.187.76 - - [08/Jun/2021:09:59:15 +0800] "GET /xingrg/all/function/internal_message.html?_=1623117561789&CODE_STATE=getMsg HTTP/1.1" 200 27
116.224.253.72 - - [08/Jun/2021:09:59:17 +0800] "GET /xingrg/kc/print/load_data.html?order_code=212021060803451&kc_code=cgsh&condition= HTTP/1.1" 200 963
180.161.111.4 - - [08/Jun/2021:09:59:18 +0800] "GET /xingrg/kc/buy/cgsh_order_add.html HTTP/1.1" 200 62372
180.161.111.4 - - [08/Jun/2021:09:59:18 +0800] "POST /xingrg/kc/buy/cgsh_order_operate.html HTTP/1.1" 200 8245
180.161.111.4 - - [08/Jun/2021:09:59:19 +0800] "GET /xingrg/javascript/easyui/themes/default/validatebox.css HTTP/1.1" 404 1104
180.161.111.4 - - [08/Jun/2021:09:59:20 +0800] "GET /xingrg/javascript/easyui/themes/default/tree.css HTTP/1.1" 404 1090
61.165.42.208 - - [08/Jun/2021:09:59:20 +0800] "GET /xingrg/all/function/internal_message.html?_=1623117562496&CODE_STATE=getMsg HTTP/1.1" 200 27
180.161.111.4 - - [08/Jun/2021:09:59:21 +0800] "POST /xingrg/all/common/load_tree.html?tree=supplier_tree_json&isDelete=1 HTTP/1.1" 200 56016
116.230.117.165 - - [08/Jun/2021:09:59:35 +0800] "GET /xingrg/all/function/internal_message.html?_=1623117582987&CODE_STATE=getMsg HTTP/1.1" 200 27
180.161.111.4 - - [08/Jun/2021:09:59:35 +0800] "GET /xingrg/kc/buy/cgsh_order_operate.html?command=get_materiel&rest_code=00102&code=00101011005&supplier_code=00100047&order_time=2021-06-08 HTTP/1.1" 200 428
116.224.253.72 - - [08/Jun/2021:09:59:42 +0800] "GET /xingrg/all/function/internal_message.html?_=1623117583586&CODE_STATE=getMsg HTTP/1.1" 200 27
116.230.110.80 - - [08/Jun/2021:09:59:42 +0800] "GET /xingrg/all/function/internal_message.html?_=1623117570322&CODE_STATE=getMsg HTTP/1.1" 200 27
116.224.253.72 - - [08/Jun/2021:09:59:44 +0800] "GET /xingrg/javascript/jquery_easy_ui/themes/default/images/tabs_active.png HTTP/1.1" 304 -
116.224.253.72 - - [08/Jun/2021:09:59:45 +0800] "GET /xingrg/check_reg.html?_=1623117585837 HTTP/1.1" 200 22
114.86.225.21 - - [08/Jun/2021:09:59:46 +0800] "GET /xingrg/all/function/internal_message.html?_=1623117588162&CODE_STATE=getMsg HTTP/1.1" 200 27
114.86.225.21 - - [08/Jun/2021:09:59:46 +0800] "GET /xingrg/check_reg.html?_=1623117588163 HTTP/1.1" 200 22
180.161.111.4 - - [08/Jun/2021:09:59:48 +0800] "GET /xingrg/kc/buy/cgsh_order_operate.html?command=get_materiel&rest_code=00102&code=00101011002&supplier_code=00100047&order_time=2021-06-08 HTTP/1.1" 200 427
180.169.147.146 - - [08/Jun/2021:09:59:49 +0800] "GET /xingrg/all/function/internal_message.html?_=1623117591591&CODE_STATE=getMsg HTTP/1.1" 200 27
58.40.7.146 - - [08/Jun/2021:09:59:53 +0800] "GET /xingrg/all/function/internal_message.html?_=1623117595161&CODE_STATE=getMsg HTTP/1.1" 200 27
180.161.111.4 - - [08/Jun/2021:09:59:58 +0800] "POST /xingrg/kc/buy/cgsh_order_operate.html HTTP/1.1" 200 37
222.69.129.148 - - [08/Jun/2021:10:00:03 +0800] "GET /xingrg/all/function/internal_message.html?_=1623117604160&CODE_STATE=getMsg HTTP/1.1" 200 27
222.69.129.148 - - [08/Jun/2021:10:00:03 +0800] "GET /xingrg/check_reg.html?_=1623117604159 HTTP/1.1" 200 22
116.235.222.38 - - [08/Jun/2021:10:00:07 +0800] "GET /xingrg/all/function/internal_message.html?_=1623117606615&CODE_STATE=getMsg HTTP/1.1" 200 27
116.230.117.165 - - [08/Jun/2021:10:00:10 +0800] "GET /favicon.ico HTTP/1.1" 404 -
116.224.253.72 - - [08/Jun/2021:10:00:12 +0800] "GET /xingrg/all/function/internal_message.html?_=1623117612760&CODE_STATE=getMsg HTTP/1.1" 200 27
120.253.135.82 - - [08/Jun/2021:10:00:13 +0800] "GET /xingrg/check_reg.html?_=1623117398519 HTTP/1.1" 200 22
114.86.187.76 - - [08/Jun/2021:10:00:15 +0800] "GET /xingrg/all/function/internal_message.html?_=1623117621815&CODE_STATE=getMsg HTTP/1.1" 200 27
61.165.42.208 - - [08/Jun/2021:10:00:20 +0800] "GET /xingrg/all/function/internal_message.html?_=1623117622497&CODE_STATE=getMsg HTTP/1.1" 200 27
180.161.111.4 - - [08/Jun/2021:10:00:28 +0800] "POST /xingrg/kc/buy/cgsh_order_operate.html HTTP/1.1" 200 12
180.161.111.4 - - [08/Jun/2021:10:00:31 +0800] "GET /xingrg/kc/buy/cgsh_order_info.html?code=212021060803453 HTTP/1.1" 200 57272
180.161.111.4 - - [08/Jun/2021:10:00:32 +0800] "GET /xingrg/javascript/easyui/themes/default/validatebox.css HTTP/1.1" 404 1104
180.161.111.4 - - [08/Jun/2021:10:00:32 +0800] "POST /xingrg/kc/buy/cgsh_order_operate.html HTTP/1.1" 200 1214
180.161.111.4 - - [08/Jun/2021:10:00:35 +0800] "GET /xingrg/kc/print/load_data.html?order_code=212021060803453&kc_code=cgsh&condition= HTTP/1.1" 200 979
116.230.117.165 - - [08/Jun/2021:10:00:35 +0800] "GET /xingrg/all/function/internal_message.html?_=1623117643190&CODE_STATE=getMsg HTTP/1.1" 200 27
116.224.253.72 - - [08/Jun/2021:10:00:42 +0800] "GET /xingrg/all/function/internal_message.html?_=1623117643586&CODE_STATE=getMsg HTTP/1.1" 200 27
116.230.110.80 - - [08/Jun/2021:10:00:42 +0800] "GET /xingrg/all/function/internal_message.html?_=1623117630336&CODE_STATE=getMsg HTTP/1.1" 200 27
114.86.225.21 - - [08/Jun/2021:10:00:46 +0800] "GET /xingrg/all/function/internal_message.html?_=1623117648163&CODE_STATE=getMsg HTTP/1.1" 200 27
180.169.147.146 - - [08/Jun/2021:10:00:49 +0800] "GET /xingrg/all/function/internal_message.html?_=1623117651584&CODE_STATE=getMsg HTTP/1.1" 200 27
58.40.7.146 - - [08/Jun/2021:10:00:53 +0800] "GET /xingrg/all/function/internal_message.html?_=1623117655163&CODE_STATE=getMsg HTTP/1.1" 200 27
58.40.7.146 - - [08/Jun/2021:10:00:53 +0800] "GET /xingrg/check_reg.html?_=1623117655165 HTTP/1.1" 200 22
222.69.129.148 - - [08/Jun/2021:10:01:03 +0800] "GET /xingrg/all/function/internal_message.html?_=1623117664164&CODE_STATE=getMsg HTTP/1.1" 200 27
116.235.222.38 - - [08/Jun/2021:10:01:07 +0800] "GET /xingrg/all/function/internal_message.html?_=1623117666617&CODE_STATE=getMsg HTTP/1.1" 200 27
116.224.253.72 - - [08/Jun/2021:10:01:12 +0800] "GET /xingrg/all/function/internal_message.html?_=1623117672761&CODE_STATE=getMsg HTTP/1.1" 200 27
114.86.187.76 - - [08/Jun/2021:10:01:15 +0800] "GET /xingrg/all/function/internal_message.html?_=1623117681812&CODE_STATE=getMsg HTTP/1.1" 200 27
61.165.42.208 - - [08/Jun/2021:10:01:20 +0800] "GET /xingrg/all/function/internal_message.html?_=1623117682498&CODE_STATE=getMsg HTTP/1.1" 200 27
116.230.117.165 - - [08/Jun/2021:10:01:35 +0800] "GET /xingrg/all/function/internal_message.html?_=1623117703201&CODE_STATE=getMsg HTTP/1.1" 200 27
116.224.253.72 - - [08/Jun/2021:10:01:42 +0800] "GET /xingrg/check_reg.html?_=1623117703593 HTTP/1.1" 200 22
116.224.253.72 - - [08/Jun/2021:10:01:42 +0800] "GET /xingrg/all/function/internal_message.html?_=1623117703601&CODE_STATE=getMsg HTTP/1.1" 200 27
116.230.110.80 - - [08/Jun/2021:10:01:42 +0800] "GET /xingrg/check_reg.html?_=1623117690326 HTTP/1.1" 200 22
116.230.110.80 - - [08/Jun/2021:10:01:42 +0800] "GET /xingrg/all/function/internal_message.html?_=1623117690329&CODE_STATE=getMsg HTTP/1.1" 200 27
114.86.225.21 - - [08/Jun/2021:10:01:46 +0800] "GET /xingrg/all/function/internal_message.html?_=1623117708168&CODE_STATE=getMsg HTTP/1.1" 200 27
180.169.147.146 - - [08/Jun/2021:10:01:49 +0800] "GET /xingrg/all/function/internal_message.html?_=1623117711591&CODE_STATE=getMsg HTTP/1.1" 200 27
180.169.147.146 - - [08/Jun/2021:10:01:49 +0800] "GET /xingrg/check_reg.html?_=1623117711593 HTTP/1.1" 200 22
58.40.7.146 - - [08/Jun/2021:10:01:53 +0800] "GET /xingrg/all/function/internal_message.html?_=1623117715164&CODE_STATE=getMsg HTTP/1.1" 200 27
222.69.129.148 - - [08/Jun/2021:10:02:03 +0800] "GET /xingrg/all/function/internal_message.html?_=1623117724164&CODE_STATE=getMsg HTTP/1.1" 200 27
116.235.222.38 - - [08/Jun/2021:10:02:07 +0800] "GET /xingrg/all/function/internal_message.html?_=1623117726624&CODE_STATE=getMsg HTTP/1.1" 200 27
116.224.253.72 - - [08/Jun/2021:10:02:12 +0800] "GET /xingrg/all/function/internal_message.html?_=1623117732804&CODE_STATE=getMsg HTTP/1.1" 200 27
114.86.187.76 - - [08/Jun/2021:10:02:15 +0800] "GET /xingrg/all/function/internal_message.html?_=1623117741809&CODE_STATE=getMsg HTTP/1.1" 200 27
61.165.42.208 - - [08/Jun/2021:10:02:20 +0800] "GET /xingrg/all/function/internal_message.html?_=1623117742497&CODE_STATE=getMsg HTTP/1.1" 200 27
116.230.117.165 - - [08/Jun/2021:10:02:35 +0800] "GET /xingrg/all/function/internal_message.html?_=1623117763418&CODE_STATE=getMsg HTTP/1.1" 200 27
180.169.147.146 - - [08/Jun/2021:10:02:38 +0800] "GET /xingrg/check_reg.html?_=1623117762926 HTTP/1.1" 302 -
116.224.253.72 - - [08/Jun/2021:10:02:42 +0800] "GET /xingrg/all/function/internal_message.html?_=1623117763601&CODE_STATE=getMsg HTTP/1.1" 200 27
116.230.110.80 - - [08/Jun/2021:10:02:42 +0800] "GET /xingrg/all/function/internal_message.html?_=1623117750347&CODE_STATE=getMsg HTTP/1.1" 200 27
114.86.225.21 - - [08/Jun/2021:10:02:46 +0800] "GET /xingrg/all/function/internal_message.html?_=1623117768167&CODE_STATE=getMsg HTTP/1.1" 200 27
180.169.147.146 - - [08/Jun/2021:10:02:49 +0800] "GET /xingrg/all/function/internal_message.html?_=1623117771593&CODE_STATE=getMsg HTTP/1.1" 200 27
58.40.7.146 - - [08/Jun/2021:10:02:53 +0800] "GET /xingrg/all/function/internal_message.html?_=1623117775166&CODE_STATE=getMsg HTTP/1.1" 200 27
116.230.117.165 - - [08/Jun/2021:10:02:55 +0800] "GET /xingrg/check_reg.html?_=1623117783370 HTTP/1.1" 200 22
117.184.7.26 - - [08/Jun/2021:10:03:00 +0800] "GET /xingrg/check_reg.html?_=1623117778758 HTTP/1.1" 200 22
222.69.129.148 - - [08/Jun/2021:10:03:03 +0800] "GET /xingrg/all/function/internal_message.html?_=1623117784167&CODE_STATE=getMsg HTTP/1.1" 200 27
116.235.222.38 - - [08/Jun/2021:10:03:07 +0800] "GET /xingrg/all/function/internal_message.html?_=1623117786625&CODE_STATE=getMsg HTTP/1.1" 200 27
116.224.253.72 - - [08/Jun/2021:10:03:12 +0800] "GET /xingrg/all/function/internal_message.html?_=1623117792821&CODE_STATE=getMsg HTTP/1.1" 200 27
180.169.147.146 - - [08/Jun/2021:10:03:14 +0800] "GET /xingrg/check_reg.html?_=1623117799421 HTTP/1.1" 302 -
114.86.187.76 - - [08/Jun/2021:10:03:15 +0800] "GET /xingrg/all/function/internal_message.html?_=1623117801808&CODE_STATE=getMsg HTTP/1.1" 200 27
114.86.187.76 - - [08/Jun/2021:10:03:15 +0800] "GET /xingrg/check_reg.html?_=1623117801809 HTTP/1.1" 200 22
61.165.42.208 - - [08/Jun/2021:10:03:20 +0800] "GET /xingrg/check_reg.html?_=1623117802493 HTTP/1.1" 200 22
61.165.42.208 - - [08/Jun/2021:10:03:20 +0800] "GET /xingrg/all/function/internal_message.html?_=1623117802494&CODE_STATE=getMsg HTTP/1.1" 200 27
58.37.225.51 - - [08/Jun/2021:10:03:25 +0800] "GET /xingrg/check_reg.html?_=1623117748414 HTTP/1.1" 302 -
116.230.117.165 - - [08/Jun/2021:10:03:35 +0800] "GET /xingrg/all/function/internal_message.html?_=1623117823430&CODE_STATE=getMsg HTTP/1.1" 200 27
116.224.253.72 - - [08/Jun/2021:10:03:42 +0800] "GET /xingrg/all/function/internal_message.html?_=1623117823605&CODE_STATE=getMsg HTTP/1.1" 200 27
116.230.110.80 - - [08/Jun/2021:10:03:42 +0800] "GET /xingrg/all/function/internal_message.html?_=1623117810335&CODE_STATE=getMsg HTTP/1.1" 200 27
114.86.225.21 - - [08/Jun/2021:10:03:46 +0800] "GET /xingrg/all/function/internal_message.html?_=1623117828169&CODE_STATE=getMsg HTTP/1.1" 200 27
180.169.147.146 - - [08/Jun/2021:10:03:49 +0800] "GET /xingrg/all/function/internal_message.html?_=1623117831596&CODE_STATE=getMsg HTTP/1.1" 200 27
58.40.7.146 - - [08/Jun/2021:10:03:53 +0800] "GET /xingrg/all/function/internal_message.html?_=1623117835169&CODE_STATE=getMsg HTTP/1.1" 200 27
222.69.129.148 - - [08/Jun/2021:10:04:03 +0800] "GET /xingrg/all/function/internal_message.html?_=1623117844169&CODE_STATE=getMsg HTTP/1.1" 200 27
116.235.222.38 - - [08/Jun/2021:10:04:07 +0800] "GET /xingrg/all/function/internal_message.html?_=1623117846622&CODE_STATE=getMsg HTTP/1.1" 200 27
116.235.222.38 - - [08/Jun/2021:10:04:07 +0800] "GET /xingrg/check_reg.html?_=1623117846625 HTTP/1.1" 200 22
116.224.253.72 - - [08/Jun/2021:10:04:12 +0800] "GET /xingrg/all/function/internal_message.html?_=1623117852861&CODE_STATE=getMsg HTTP/1.1" 200 27
180.161.111.4 - - [08/Jun/2021:10:04:12 +0800] "GET /xingrg/check_reg.html?_=1623117816791 HTTP/1.1" 200 22
114.86.187.76 - - [08/Jun/2021:10:04:15 +0800] "GET /xingrg/all/function/internal_message.html?_=1623117861808&CODE_STATE=getMsg HTTP/1.1" 200 27
61.165.42.208 - - [08/Jun/2021:10:04:20 +0800] "GET /xingrg/all/function/internal_message.html?_=1623117862491&CODE_STATE=getMsg HTTP/1.1" 200 27
116.230.117.165 - - [08/Jun/2021:10:04:36 +0800] "GET /xingrg/all/function/internal_message.html?_=1623117883444&CODE_STATE=getMsg HTTP/1.1" 200 27
116.224.253.72 - - [08/Jun/2021:10:04:42 +0800] "GET /xingrg/all/function/internal_message.html?_=1623117883606&CODE_STATE=getMsg HTTP/1.1" 200 27
116.230.110.80 - - [08/Jun/2021:10:04:42 +0800] "GET /xingrg/all/function/internal_message.html?_=1623117870337&CODE_STATE=getMsg HTTP/1.1" 200 27
116.224.253.72 - - [08/Jun/2021:10:04:45 +0800] "GET /xingrg/check_reg.html?_=1623117885843 HTTP/1.1" 200 22
114.86.225.21 - - [08/Jun/2021:10:04:46 +0800] "GET /xingrg/all/function/internal_message.html?_=1623117888171&CODE_STATE=getMsg HTTP/1.1" 200 27
114.86.225.21 - - [08/Jun/2021:10:04:46 +0800] "GET /xingrg/check_reg.html?_=1623117888174 HTTP/1.1" 200 22
