114.86.225.21 - - [08/Jun/2021:11:17:29 +0800] "GET /xingrg/kc/buy/cgsh_order_operate.html?command=get_materiel&rest_code=00109&code=00101015066&supplier_code=00100450&order_time=2021-06-08 HTTP/1.1" 200 413
117.185.32.26 - - [08/Jun/2021:11:17:29 +0800] "GET /xingrg/kc/buy/cgsh_order_operate.html?command=get_materiel&rest_code=00106&code=00101008355&supplier_code=00100007&order_time=2021-06-08 HTTP/1.1" 200 408
58.40.7.146 - - [08/Jun/2021:11:17:30 +0800] "POST /xingrg/all/report/load_report_page.html HTTP/1.1" 200 184850
180.169.147.146 - - [08/Jun/2021:11:17:30 +0800] "GET /xingrg/all/function/internal_message.html?_=1623122252541&CODE_STATE=getMsg HTTP/1.1" 200 27
58.40.7.146 - - [08/Jun/2021:11:17:30 +0800] "GET /xingrg/servlets/image?cache=0.3119705231338401&image=px HTTP/1.1" 200 807
58.40.7.146 - - [08/Jun/2021:11:17:36 +0800] "POST /xingrg/all/report/report_print.html HTTP/1.1" 302 -
58.40.7.146 - - [08/Jun/2021:11:17:36 +0800] "GET /xingrg/servlets/image?image=px HTTP/1.1" 200 807
58.40.7.146 - - [08/Jun/2021:11:17:36 +0800] "GET /xingrg/servlets/html?sysBaseUrl=http%3A%2F%2F180.169.147.146%3A18081%2Fxingrg%2F&costTime=964×tamp=1623122256421 HTTP/1.1" 200 176179
58.40.7.146 - - [08/Jun/2021:11:17:36 +0800] "GET /favicon.ico HTTP/1.1" 404 -
117.185.32.26 - - [08/Jun/2021:11:17:37 +0800] "GET /xingrg/kc/buy/cgsh_order_operate.html?command=get_materiel&rest_code=00106&code=00101008004&supplier_code=00100007&order_time=2021-06-08 HTTP/1.1" 200 416
114.86.225.21 - - [08/Jun/2021:11:17:37 +0800] "GET /xingrg/kc/buy/cgsh_order_operate.html?command=get_materiel&rest_code=00109&code=00101015112&supplier_code=00100450&order_time=2021-06-08 HTTP/1.1" 200 403
180.169.147.146 - - [08/Jun/2021:11:17:38 +0800] "GET /xingrg/check_reg.html?_=1623122263338 HTTP/1.1" 302 -
116.235.222.38 - - [08/Jun/2021:11:17:39 +0800] "GET /xingrg/kc/buy/cgsh_order_add.html HTTP/1.1" 200 62501
116.235.222.38 - - [08/Jun/2021:11:17:39 +0800] "GET /xingrg/words/20210608110513_words.js HTTP/1.1" 304 -
116.235.222.38 - - [08/Jun/2021:11:17:40 +0800] "GET /xingrg/javascript/easyui/themes/default/validatebox.css HTTP/1.1" 404 1104
116.235.222.38 - - [08/Jun/2021:11:17:40 +0800] "POST /xingrg/kc/buy/cgsh_order_operate.html HTTP/1.1" 200 8245
116.235.222.38 - - [08/Jun/2021:11:17:41 +0800] "GET /xingrg/javascript/easyui/themes/default/tree.css HTTP/1.1" 404 1090
61.165.42.208 - - [08/Jun/2021:11:17:41 +0800] "GET /xingrg/kc/base/wldb_order_operate.html?command=get_materiel&rest_code=00105&base_code=0010508&code=00102002197 HTTP/1.1" 200 444
116.235.222.38 - - [08/Jun/2021:11:17:42 +0800] "POST /xingrg/all/common/load_tree.html?tree=supplier_tree_json&isDelete=1 HTTP/1.1" 200 56016
116.230.117.165 - - [08/Jun/2021:11:17:42 +0800] "GET /xingrg/all/function/internal_message.html?_=1623122269819&CODE_STATE=getMsg HTTP/1.1" 200 27
116.230.110.80 - - [08/Jun/2021:11:17:43 +0800] "GET /xingrg/all/function/internal_message.html?_=1623122250453&CODE_STATE=getMsg HTTP/1.1" 200 27
183.192.164.71 - - [08/Jun/2021:11:17:43 +0800] "GET /xingrg/kc/buy/cgsh_order_operate.html?command=get_materiel&rest_code=00106&code=00101008149&supplier_code=00100007&order_time=2021-06-08 HTTP/1.1" 302 -
117.185.32.26 - - [08/Jun/2021:11:17:43 +0800] "GET /xingrg/kc/buy/cgsh_order_operate.html?command=get_materiel&rest_code=00106&code=00101008067&supplier_code=00100007&order_time=2021-06-08 HTTP/1.1" 200 416
183.192.164.71 - - [08/Jun/2021:11:17:43 +0800] "GET /xingrg/login.html HTTP/1.1" 200 7641
114.86.225.21 - - [08/Jun/2021:11:17:44 +0800] "GET /xingrg/kc/buy/cgsh_order_operate.html?command=get_materiel&rest_code=00109&code=00101008593&supplier_code=00100450&order_time=2021-06-08 HTTP/1.1" 200 404
114.86.225.21 - - [08/Jun/2021:11:17:46 +0800] "GET /xingrg/all/function/internal_message.html?_=1623122268323&CODE_STATE=getMsg HTTP/1.1" 200 27
117.185.32.26 - - [08/Jun/2021:11:17:50 +0800] "GET /xingrg/kc/buy/cgsh_order_operate.html?command=get_materiel&rest_code=00106&code=00101008209&supplier_code=00100007&order_time=2021-06-08 HTTP/1.1" 200 408
114.86.225.21 - - [08/Jun/2021:11:17:51 +0800] "GET /xingrg/kc/buy/cgsh_order_operate.html?command=get_materiel&rest_code=00109&code=00101015052&supplier_code=00100450&order_time=2021-06-08 HTTP/1.1" 200 413
58.40.7.146 - - [08/Jun/2021:11:17:53 +0800] "GET /xingrg/all/function/internal_message.html?_=1623122275215&CODE_STATE=getMsg HTTP/1.1" 200 27
117.185.32.26 - - [08/Jun/2021:11:17:53 +0800] "GET /xingrg/all/function/internal_message.html?_=1623122807956&CODE_STATE=getMsg HTTP/1.1" 200 27
117.185.32.26 - - [08/Jun/2021:11:17:54 +0800] "GET /xingrg/check_reg.html?_=1623122808832 HTTP/1.1" 200 22
61.165.42.208 - - [08/Jun/2021:11:17:55 +0800] "GET /xingrg/kc/base/wldb_order_operate.html?command=get_materiel&rest_code=00105&base_code=0010508&code=00102002256 HTTP/1.1" 200 443
58.40.7.146 - - [08/Jun/2021:11:17:55 +0800] "POST /xingrg/dwr/call/plaincall/AjaxReportQueryService.refreshCache.dwr HTTP/1.1" 200 78
180.169.147.146 - - [08/Jun/2021:11:17:56 +0800] "POST /xingrg/kc/buy/cgsh_list_operate.html HTTP/1.1" 200 5134
116.230.117.165 - - [08/Jun/2021:11:17:56 +0800] "GET /xingrg/check_reg.html?_=1623122283842 HTTP/1.1" 200 22
61.165.42.208 - - [08/Jun/2021:11:17:56 +0800] "POST /xingrg/all/common/load_select.html HTTP/1.1" 200 12
58.40.7.146 - - [08/Jun/2021:11:17:57 +0800] "POST /xingrg/all/report/load_report_page.html HTTP/1.1" 200 184710
58.40.7.146 - - [08/Jun/2021:11:17:57 +0800] "GET /xingrg/servlets/image?cache=0.7564400737917252&image=px HTTP/1.1" 200 807
61.165.42.208 - - [08/Jun/2021:11:17:59 +0800] "GET /xingrg/kc/base/wldb_order_operate.html?command=get_materiel_price&rest_code=00105&base_code=0010508&code=00102002256&unit_code=00100020 HTTP/1.1" 200 36
117.184.7.26 - - [08/Jun/2021:11:18:00 +0800] "GET /xingrg/check_reg.html?_=1623122278522 HTTP/1.1" 200 22
58.40.7.146 - - [08/Jun/2021:11:18:02 +0800] "POST /xingrg/all/report/report_print.html HTTP/1.1" 302 -
58.40.7.146 - - [08/Jun/2021:11:18:02 +0800] "GET /xingrg/servlets/image?image=px HTTP/1.1" 200 807
58.40.7.146 - - [08/Jun/2021:11:18:02 +0800] "GET /xingrg/servlets/html?sysBaseUrl=http%3A%2F%2F180.169.147.146%3A18081%2Fxingrg%2F&costTime=1098×tamp=1623122282654 HTTP/1.1" 200 175933
58.40.7.146 - - [08/Jun/2021:11:18:02 +0800] "GET /favicon.ico HTTP/1.1" 404 -
114.86.225.21 - - [08/Jun/2021:11:18:02 +0800] "POST /xingrg/kc/buy/cgsh_order_operate.html HTTP/1.1" 200 37
116.235.222.38 - - [08/Jun/2021:11:18:02 +0800] "GET /xingrg/kc/buy/cgsh_order_operate.html?command=get_materiel&rest_code=00107&code=00102002982&supplier_code=00100151&order_time=2021-06-08 HTTP/1.1" 200 395
222.69.129.148 - - [08/Jun/2021:11:18:03 +0800] "GET /xingrg/all/function/internal_message.html?_=1623122284455&CODE_STATE=getMsg HTTP/1.1" 200 27
172.20.0.100 - - [08/Jun/2021:11:18:04 +0800] "GET /xingrg/check_reg.html?_=1623122286155 HTTP/1.1" 200 22
172.20.0.100 - - [08/Jun/2021:11:18:04 +0800] "GET /xingrg/all/function/internal_message.html?_=1623122286157&CODE_STATE=getMsg HTTP/1.1" 200 27
114.86.225.21 - - [08/Jun/2021:11:18:05 +0800] "POST /xingrg/kc/buy/cgsh_order_operate.html HTTP/1.1" 200 5622
114.86.225.21 - - [08/Jun/2021:11:18:06 +0800] "GET /xingrg/kc/print/load_config.html?kc_code=cgsh HTTP/1.1" 200 1845
222.70.177.90 - - [08/Jun/2021:11:18:06 +0800] "GET /xingrg/all/function/internal_message.html?_=1623122286710&CODE_STATE=getMsg HTTP/1.1" 200 27
114.86.225.21 - - [08/Jun/2021:11:18:07 +0800] "GET /xingrg/kc/print/load_data.html?order_code=212021060803575&kc_code=cgsh&condition= HTTP/1.1" 200 1807
116.235.222.38 - - [08/Jun/2021:11:18:07 +0800] "GET /xingrg/all/function/internal_message.html?_=1623122287145&CODE_STATE=getMsg HTTP/1.1" 200 27
61.165.42.208 - - [08/Jun/2021:11:18:10 +0800] "POST /xingrg/kc/base/wldb_order_operate.html HTTP/1.1" 200 37
116.224.253.72 - - [08/Jun/2021:11:18:10 +0800] "GET /xingrg/all/function/internal_message.html?_=1623122291682&CODE_STATE=getMsg HTTP/1.1" 200 27
61.165.42.208 - - [08/Jun/2021:11:18:11 +0800] "POST /xingrg/kc/base/wldb_order_operate.html HTTP/1.1" 200 3171
120.204.17.72 - - [08/Jun/2021:11:18:11 +0800] "GET /xingrg/kc/buy/cgsh_order_operate.html?command=get_materiel&rest_code=00106&code=00101008038&supplier_code=00100007&order_time=2021-06-08 HTTP/1.1" 302 -
120.204.17.72 - - [08/Jun/2021:11:18:11 +0800] "GET /xingrg/login.html HTTP/1.1" 200 7641
61.165.42.208 - - [08/Jun/2021:11:18:13 +0800] "GET /xingrg/kc/base/wldb_order_info.html?code=422021060800855 HTTP/1.1" 200 30244
117.185.32.26 - - [08/Jun/2021:11:18:13 +0800] "GET /xingrg/all/function/internal_message.html?_=1623122289294&CODE_STATE=getMsg HTTP/1.1" 200 27
61.165.42.208 - - [08/Jun/2021:11:18:13 +0800] "GET /xingrg/javascript/easyui/themes/default/validatebox.css HTTP/1.1" 404 1104
120.204.17.70 - - [08/Jun/2021:11:18:13 +0800] "GET /xingrg/all/function/internal_message.html?_=1623122229316&CODE_STATE=getMsg HTTP/1.1" 302 -
116.224.253.72 - - [08/Jun/2021:11:18:14 +0800] "GET /xingrg/all/function/internal_message.html?_=1623122294479&CODE_STATE=getMsg HTTP/1.1" 200 27
61.165.42.208 - - [08/Jun/2021:11:18:14 +0800] "POST /xingrg/kc/base/wldb_order_operate.html HTTP/1.1" 200 3171
180.169.147.146 - - [08/Jun/2021:11:18:14 +0800] "GET /xingrg/check_reg.html?_=1623122299752 HTTP/1.1" 302 -
120.204.17.70 - - [08/Jun/2021:11:18:15 +0800] "GET /xingrg/login.html HTTP/1.1" 200 7641
114.86.187.76 - - [08/Jun/2021:11:18:15 +0800] "GET /xingrg/check_reg.html?_=1623122301911 HTTP/1.1" 200 22
114.86.187.76 - - [08/Jun/2021:11:18:15 +0800] "GET /xingrg/all/function/internal_message.html?_=1623122301911&CODE_STATE=getMsg HTTP/1.1" 200 27
114.86.225.21 - - [08/Jun/2021:11:18:15 +0800] "GET /xingrg/kc/buy/cgsh_order_add.html HTTP/1.1" 200 62454
114.86.225.21 - - [08/Jun/2021:11:18:15 +0800] "GET /xingrg/words/20210608110513_words.js HTTP/1.1" 304 -
114.86.225.21 - - [08/Jun/2021:11:18:16 +0800] "POST /xingrg/kc/buy/cgsh_order_operate.html HTTP/1.1" 200 8245
114.86.225.21 - - [08/Jun/2021:11:18:16 +0800] "GET /xingrg/javascript/easyui/themes/default/validatebox.css HTTP/1.1" 404 1104
114.86.225.21 - - [08/Jun/2021:11:18:16 +0800] "GET /xingrg/all/common/auto_word.html?type=employee&rest_code=00109 HTTP/1.1" 200 205
114.86.225.21 - - [08/Jun/2021:11:18:16 +0800] "GET /xingrg/all/common/auto_word.html?type=employee&rest_code=00109 HTTP/1.1" 200 205
117.185.32.26 - - [08/Jun/2021:11:18:17 +0800] "POST /xingrg/kc/buy/cgsh_order_operate.html HTTP/1.1" 200 37
61.165.42.208 - - [08/Jun/2021:11:18:19 +0800] "GET /xingrg/all/function/internal_message.html?_=1623122301834&CODE_STATE=getMsg HTTP/1.1" 200 27
58.40.7.146 - - [08/Jun/2021:11:18:20 +0800] "POST /xingrg/dwr/call/plaincall/AjaxReportQueryService.refreshCache.dwr HTTP/1.1" 200 78
61.165.42.208 - - [08/Jun/2021:11:18:20 +0800] "GET /xingrg/check_reg.html?_=1623122302466 HTTP/1.1" 200 22
58.40.7.146 - - [08/Jun/2021:11:18:21 +0800] "GET /xingrg/all/function/internal_message.html?_=1623122303238&CODE_STATE=getMsg HTTP/1.1" 200 27
58.40.7.146 - - [08/Jun/2021:11:18:21 +0800] "POST /xingrg/all/report/load_report_page.html HTTP/1.1" 200 166073
58.40.7.146 - - [08/Jun/2021:11:18:22 +0800] "GET /xingrg/servlets/image?cache=0.9848761342297543&image=px HTTP/1.1" 200 807
180.169.147.146 - - [08/Jun/2021:11:18:22 +0800] "GET /xingrg/all/function/internal_message.html?_=1623122305351&CODE_STATE=getMsg HTTP/1.1" 302 -
180.161.111.4 - - [08/Jun/2021:11:18:23 +0800] "POST /xingrg/services/DataTransmitService HTTP/1.1" 200 524
180.161.111.4 - - [08/Jun/2021:11:18:24 +0800] "POST /xingrg/services/DataTransmitService HTTP/1.1" 200 501
180.169.147.146 - - [08/Jun/2021:11:18:25 +0800] "GET /xingrg/all/function/internal_message.html?_=1623122305810&CODE_STATE=getMsg HTTP/1.1" 200 27
120.204.17.70 - - [08/Jun/2021:11:18:26 +0800] "GET /xingrg/kc/buy/cgsh_order_operate.html?command=get_materiel&rest_code=00106&code=00101008355&supplier_code=00100007&order_time=2021-06-08 HTTP/1.1" 302 -
58.40.7.146 - - [08/Jun/2021:11:18:26 +0800] "POST /xingrg/all/report/report_print.html HTTP/1.1" 302 -
58.40.7.146 - - [08/Jun/2021:11:18:26 +0800] "GET /xingrg/servlets/image?image=px HTTP/1.1" 200 807
58.40.7.146 - - [08/Jun/2021:11:18:26 +0800] "GET /xingrg/servlets/html?sysBaseUrl=http%3A%2F%2F180.169.147.146%3A18081%2Fxingrg%2F&costTime=965×tamp=1623122306687 HTTP/1.1" 200 149455
58.40.7.146 - - [08/Jun/2021:11:18:26 +0800] "GET /favicon.ico HTTP/1.1" 404 -
120.204.17.70 - - [08/Jun/2021:11:18:26 +0800] "GET /xingrg/login.html HTTP/1.1" 200 7641
116.235.222.38 - - [08/Jun/2021:11:18:26 +0800] "POST /xingrg/kc/buy/cgsh_order_operate.html HTTP/1.1" 200 37
180.169.147.146 - - [08/Jun/2021:11:18:30 +0800] "GET /xingrg/all/function/internal_message.html?_=1623122312550&CODE_STATE=getMsg HTTP/1.1" 200 27
117.185.32.26 - - [08/Jun/2021:11:18:31 +0800] "POST /xingrg/kc/buy/cgsh_order_operate.html HTTP/1.1" 200 7364
183.192.164.214 - - [08/Jun/2021:11:18:33 +0800] "GET /xingrg/kc/buy/cgsh_order_operate.html?command=get_materiel&rest_code=00106&code=00101008004&supplier_code=00100007&order_time=2021-06-08 HTTP/1.1" 302 -
183.192.164.214 - - [08/Jun/2021:11:18:34 +0800] "GET /xingrg/login.html HTTP/1.1" 200 7641
116.230.117.165 - - [08/Jun/2021:11:18:42 +0800] "GET /xingrg/all/function/internal_message.html?_=1623122329831&CODE_STATE=getMsg HTTP/1.1" 200 27
116.230.110.80 - - [08/Jun/2021:11:18:43 +0800] "GET /xingrg/all/function/internal_message.html?_=1623122310461&CODE_STATE=getMsg HTTP/1.1" 200 27
58.40.7.146 - - [08/Jun/2021:11:18:43 +0800] "POST /xingrg/dwr/call/plaincall/AjaxReportQueryService.refreshCache.dwr HTTP/1.1" 200 79
58.40.7.146 - - [08/Jun/2021:11:18:45 +0800] "POST /xingrg/all/report/load_report_page.html HTTP/1.1" 200 196765
58.40.7.146 - - [08/Jun/2021:11:18:45 +0800] "GET /xingrg/servlets/image?cache=0.335241345368518&image=px HTTP/1.1" 200 807
114.86.225.21 - - [08/Jun/2021:11:18:46 +0800] "GET /xingrg/all/function/internal_message.html?_=1623122328325&CODE_STATE=getMsg HTTP/1.1" 200 27
120.204.17.68 - - [08/Jun/2021:11:18:48 +0800] "GET /xingrg/kc/buy/cgsh_order_operate.html?command=get_materiel&rest_code=00106&code=00101008209&supplier_code=00100007&order_time=2021-06-08 HTTP/1.1" 302 -
120.204.17.68 - - [08/Jun/2021:11:18:48 +0800] "GET /xingrg/login.html HTTP/1.1" 200 7641
58.40.7.146 - - [08/Jun/2021:11:18:50 +0800] "POST /xingrg/all/report/report_print.html HTTP/1.1" 302 -
58.40.7.146 - - [08/Jun/2021:11:18:50 +0800] "GET /xingrg/servlets/image?image=px HTTP/1.1" 200 807
58.40.7.146 - - [08/Jun/2021:11:18:51 +0800] "GET /favicon.ico HTTP/1.1" 404 -
58.40.7.146 - - [08/Jun/2021:11:18:51 +0800] "GET /xingrg/servlets/html?sysBaseUrl=http%3A%2F%2F180.169.147.146%3A18081%2Fxingrg%2F&costTime=988×tamp=1623122330937 HTTP/1.1" 200 198295
117.185.32.26 - - [08/Jun/2021:11:18:53 +0800] "GET /xingrg/all/function/internal_message.html?_=1623122867941&CODE_STATE=getMsg HTTP/1.1" 200 27
58.40.7.146 - - [08/Jun/2021:11:18:53 +0800] "GET /xingrg/all/function/internal_message.html?_=1623122335217&CODE_STATE=getMsg HTTP/1.1" 200 27
222.69.129.148 - - [08/Jun/2021:11:19:03 +0800] "GET /xingrg/all/function/internal_message.html?_=1623122344464&CODE_STATE=getMsg HTTP/1.1" 200 27
172.20.0.100 - - [08/Jun/2021:11:19:04 +0800] "GET /xingrg/all/function/internal_message.html?_=1623122346160&CODE_STATE=getMsg HTTP/1.1" 200 27
222.70.177.90 - - [08/Jun/2021:11:19:06 +0800] "GET /xingrg/all/function/internal_message.html?_=1623122346708&CODE_STATE=getMsg HTTP/1.1" 200 27
222.70.177.90 - - [08/Jun/2021:11:19:09 +0800] "GET /xingrg/check_reg.html?_=1623122338468 HTTP/1.1" 200 22
116.224.253.72 - - [08/Jun/2021:11:19:10 +0800] "GET /xingrg/all/function/internal_message.html?_=1623122351684&CODE_STATE=getMsg HTTP/1.1" 200 27
58.40.7.146 - - [08/Jun/2021:11:19:12 +0800] "POST /xingrg/dwr/call/plaincall/AjaxReportQueryService.refreshCache.dwr HTTP/1.1" 200 79
183.192.164.214 - - [08/Jun/2021:11:19:13 +0800] "GET /xingrg/all/function/internal_message.html?_=1623122289294&CODE_STATE=getMsg HTTP/1.1" 302 -
117.185.32.26 - - [08/Jun/2021:11:19:13 +0800] "GET /xingrg/all/function/internal_message.html?_=1623122349350&CODE_STATE=getMsg HTTP/1.1" 200 27
183.192.164.214 - - [08/Jun/2021:11:19:13 +0800] "GET /xingrg/login.html HTTP/1.1" 200 7641
116.224.253.72 - - [08/Jun/2021:11:19:14 +0800] "GET /xingrg/all/function/internal_message.html?_=1623122354516&CODE_STATE=getMsg HTTP/1.1" 200 27
58.40.7.146 - - [08/Jun/2021:11:19:14 +0800] "POST /xingrg/all/report/load_report_page.html HTTP/1.1" 200 153656
58.40.7.146 - - [08/Jun/2021:11:19:14 +0800] "GET /xingrg/servlets/image?cache=0.9139284595800107&image=px HTTP/1.1" 200 807
114.86.187.76 - - [08/Jun/2021:11:19:15 +0800] "GET /xingrg/all/function/internal_message.html?_=1623122361903&CODE_STATE=getMsg HTTP/1.1" 200 27
61.165.42.208 - - [08/Jun/2021:11:19:19 +0800] "GET /xingrg/all/function/internal_message.html?_=1623122361799&CODE_STATE=getMsg HTTP/1.1" 200 27
58.40.7.146 - - [08/Jun/2021:11:19:20 +0800] "POST /xingrg/all/report/report_print.html HTTP/1.1" 302 -
58.40.7.146 - - [08/Jun/2021:11:19:21 +0800] "GET /xingrg/servlets/image?image=px HTTP/1.1" 200 807
58.40.7.146 - - [08/Jun/2021:11:19:21 +0800] "GET /xingrg/servlets/html?sysBaseUrl=http%3A%2F%2F180.169.147.146%3A18081%2Fxingrg%2F&costTime=1331×tamp=1623122360967 HTTP/1.1" 200 138389
58.40.7.146 - - [08/Jun/2021:11:19:21 +0800] "GET /favicon.ico HTTP/1.1" 404 -
58.40.7.146 - - [08/Jun/2021:11:19:21 +0800] "GET /xingrg/all/function/internal_message.html?_=1623122363231&CODE_STATE=getMsg HTTP/1.1" 200 27
180.169.147.146 - - [08/Jun/2021:11:19:22 +0800] "GET /xingrg/all/function/internal_message.html?_=1623122365323&CODE_STATE=getMsg HTTP/1.1" 302 -
180.169.147.146 - - [08/Jun/2021:11:19:25 +0800] "GET /xingrg/all/function/internal_message.html?_=1623122365795&CODE_STATE=getMsg HTTP/1.1" 200 27
116.235.222.38 - - [08/Jun/2021:11:19:26 +0800] "POST /xingrg/kc/buy/cgsh_order_operate.html HTTP/1.1" 200 12
180.169.147.146 - - [08/Jun/2021:11:19:26 +0800] "GET /xingrg/kc/buy/cgsh_order_add.html HTTP/1.1" 200 62381
180.169.147.146 - - [08/Jun/2021:11:19:26 +0800] "GET /xingrg/words/20210608110513_words.js HTTP/1.1" 304 -
180.169.147.146 - - [08/Jun/2021:11:19:26 +0800] "POST /xingrg/kc/buy/cgsh_order_operate.html HTTP/1.1" 200 8245
180.169.147.146 - - [08/Jun/2021:11:19:26 +0800] "GET /xingrg/all/common/auto_word.html?type=employee&rest_code=00147 HTTP/1.1" 200 101
180.169.147.146 - - [08/Jun/2021:11:19:26 +0800] "GET /xingrg/javascript/easyui/themes/default/validatebox.css HTTP/1.1" 404 1104
180.169.147.146 - - [08/Jun/2021:11:19:26 +0800] "GET /xingrg/all/common/auto_word.html?type=employee&rest_code=00147 HTTP/1.1" 200 101
116.235.222.38 - - [08/Jun/2021:11:19:29 +0800] "GET /xingrg/kc/buy/cgsh_order_info.html?code=212021060803577 HTTP/1.1" 200 57391
116.235.222.38 - - [08/Jun/2021:11:19:29 +0800] "GET /xingrg/words/20210608110513_words.js HTTP/1.1" 304 -
116.235.222.38 - - [08/Jun/2021:11:19:29 +0800] "GET /xingrg/javascript/easyui/themes/default/validatebox.css HTTP/1.1" 404 1104
180.169.147.146 - - [08/Jun/2021:11:19:30 +0800] "GET /xingrg/all/function/internal_message.html?_=1623122372539&CODE_STATE=getMsg HTTP/1.1" 200 27
116.235.222.38 - - [08/Jun/2021:11:19:30 +0800] "POST /xingrg/kc/buy/cgsh_order_operate.html HTTP/1.1" 200 604
116.235.222.38 - - [08/Jun/2021:11:19:32 +0800] "GET /xingrg/kc/print/load_data.html?order_code=212021060803577&kc_code=cgsh&condition= HTTP/1.1" 200 678
180.169.147.146 - - [08/Jun/2021:11:19:33 +0800] "GET /favicon.ico HTTP/1.1" 404 -
116.230.117.165 - - [08/Jun/2021:11:19:42 +0800] "GET /xingrg/all/function/internal_message.html?_=1623122389846&CODE_STATE=getMsg HTTP/1.1" 200 27
116.230.110.80 - - [08/Jun/2021:11:19:43 +0800] "GET /xingrg/all/function/internal_message.html?_=1623122370461&CODE_STATE=getMsg HTTP/1.1" 200 27
116.224.253.72 - - [08/Jun/2021:11:19:45 +0800] "GET /xingrg/check_reg.html?_=1623122385932 HTTP/1.1" 200 22
114.86.225.21 - - [08/Jun/2021:11:19:46 +0800] "GET /xingrg/all/function/internal_message.html?_=1623122388326&CODE_STATE=getMsg HTTP/1.1" 200 27
114.86.225.21 - - [08/Jun/2021:11:19:46 +0800] "GET /xingrg/check_reg.html?_=1623122388328 HTTP/1.1" 200 22
114.86.187.76 - - [08/Jun/2021:11:19:49 +0800] "GET /xingrg/javascript/auto/indicator.gif HTTP/1.1" 404 1066
114.86.187.76 - - [08/Jun/2021:11:19:50 +0800] "GET /xingrg/javascript/jquery_tools/images/prev.gif HTTP/1.1" 404 1086
114.86.187.76 - - [08/Jun/2021:11:19:50 +0800] "GET /xingrg/javascript/jquery_tools/images/next.gif HTTP/1.1" 404 1086
117.185.32.26 - - [08/Jun/2021:11:19:53 +0800] "GET /xingrg/all/function/internal_message.html?_=1623122927934&CODE_STATE=getMsg HTTP/1.1" 200 27
58.40.7.146 - - [08/Jun/2021:11:19:53 +0800] "GET /xingrg/all/function/internal_message.html?_=1623122395218&CODE_STATE=getMsg HTTP/1.1" 200 27
114.86.187.76 - - [08/Jun/2021:11:20:00 +0800] "GET /xingrg/kc/buy/cgsh_order_operate.html?command=get_materiel&rest_code=00148&code=00101018011&supplier_code=00100330&order_time=2021-06-08 HTTP/1.1" 200 413
222.69.129.148 - - [08/Jun/2021:11:20:03 +0800] "GET /xingrg/check_reg.html?_=1623122404451 HTTP/1.1" 200 22
222.69.129.148 - - [08/Jun/2021:11:20:03 +0800] "GET /xingrg/all/function/internal_message.html?_=1623122404457&CODE_STATE=getMsg HTTP/1.1" 200 27
172.20.0.100 - - [08/Jun/2021:11:20:04 +0800] "GET /xingrg/all/function/internal_message.html?_=1623122406147&CODE_STATE=getMsg HTTP/1.1" 200 27
222.70.177.90 - - [08/Jun/2021:11:20:06 +0800] "GET /xingrg/all/function/internal_message.html?_=1623122406714&CODE_STATE=getMsg HTTP/1.1" 200 27
116.235.222.38 - - [08/Jun/2021:11:20:07 +0800] "GET /xingrg/all/function/internal_message.html?_=1623122407158&CODE_STATE=getMsg HTTP/1.1" 200 27
116.224.253.72 - - [08/Jun/2021:11:20:10 +0800] "GET /xingrg/all/function/internal_message.html?_=1623122411683&CODE_STATE=getMsg HTTP/1.1" 200 27
117.185.32.26 - - [08/Jun/2021:11:20:13 +0800] "GET /xingrg/all/function/internal_message.html?_=1623122409311&CODE_STATE=getMsg HTTP/1.1" 200 27
117.185.32.26 - - [08/Jun/2021:11:20:13 +0800] "GET /xingrg/check_reg.html?_=1623122409315 HTTP/1.1" 200 22
114.86.187.76 - - [08/Jun/2021:11:20:13 +0800] "GET /xingrg/kc/buy/cgsh_order_operate.html?command=get_materiel&rest_code=00148&code=00102016460&supplier_code=00100330&order_time=2021-06-08 HTTP/1.1" 200 408
116.224.253.72 - - [08/Jun/2021:11:20:14 +0800] "GET /xingrg/all/function/internal_message.html?_=1623122414521&CODE_STATE=getMsg HTTP/1.1" 200 27
114.86.187.76 - - [08/Jun/2021:11:20:15 +0800] "GET /xingrg/all/function/internal_message.html?_=1623122421916&CODE_STATE=getMsg HTTP/1.1" 200 27
180.169.147.146 - - [08/Jun/2021:11:20:16 +0800] "GET /xingrg/javascript/auto/indicator.gif HTTP/1.1" 404 1066
180.169.147.146 - - [08/Jun/2021:11:20:16 +0800] "GET /xingrg/javascript/jquery_tools/images/prev.gif HTTP/1.1" 404 1086
180.169.147.146 - - [08/Jun/2021:11:20:16 +0800] "GET /xingrg/javascript/jquery_tools/images/next.gif HTTP/1.1" 404 1086
61.165.42.208 - - [08/Jun/2021:11:20:19 +0800] "GET /xingrg/all/function/internal_message.html?_=1623122421773&CODE_STATE=getMsg HTTP/1.1" 200 27
117.185.32.26 - - [08/Jun/2021:11:20:20 +0800] "POST /xingrg/services/DataTransmitService HTTP/1.1" 200 524
58.40.7.146 - - [08/Jun/2021:11:20:21 +0800] "GET /xingrg/check_reg.html?_=1623122423229 HTTP/1.1" 200 22
58.40.7.146 - - [08/Jun/2021:11:20:21 +0800] "GET /xingrg/all/function/internal_message.html?_=1623122423232&CODE_STATE=getMsg HTTP/1.1" 200 27
117.185.32.26 - - [08/Jun/2021:11:20:21 +0800] "POST /xingrg/services/DataTransmitService HTTP/1.1" 200 412
180.169.147.146 - - [08/Jun/2021:11:20:22 +0800] "GET /xingrg/all/function/internal_message.html?_=1623122425340&CODE_STATE=getMsg HTTP/1.1" 302 -
180.169.147.146 - - [08/Jun/2021:11:20:25 +0800] "GET /xingrg/all/function/internal_message.html?_=1623122425793&CODE_STATE=getMsg HTTP/1.1" 200 27
58.221.95.50 - - [08/Jun/2021:11:20:27 +0800] "GET /xingrg/check_reg.html?_=1623122431723 HTTP/1.1" 302 -
180.169.147.146 - - [08/Jun/2021:11:20:30 +0800] "GET /xingrg/all/function/internal_message.html?_=1623122432544&CODE_STATE=getMsg HTTP/1.1" 200 27
114.86.187.76 - - [08/Jun/2021:11:20:32 +0800] "GET /xingrg/kc/buy/cgsh_order_operate.html?command=get_materiel&rest_code=00148&code=00101006067&supplier_code=00100330&order_time=2021-06-08 HTTP/1.1" 200 409
180.169.147.146 - - [08/Jun/2021:11:20:33 +0800] "GET /xingrg/kc/buy/cgsh_order_operate.html?command=get_materiel&rest_code=00147&code=00101002034&supplier_code=00100091&order_time=2021-06-08 HTTP/1.1" 200 409
116.230.117.165 - - [08/Jun/2021:11:20:42 +0800] "GET /xingrg/all/function/internal_message.html?_=1623122450088&CODE_STATE=getMsg HTTP/1.1" 200 27
116.230.110.80 - - [08/Jun/2021:11:20:43 +0800] "GET /xingrg/check_reg.html?_=1623122430453 HTTP/1.1" 200 22
116.230.110.80 - - [08/Jun/2021:11:20:43 +0800] "GET /xingrg/all/function/internal_message.html?_=1623122430454&CODE_STATE=getMsg HTTP/1.1" 200 27
114.86.225.21 - - [08/Jun/2021:11:20:46 +0800] "GET /xingrg/all/function/internal_message.html?_=1623122448328&CODE_STATE=getMsg HTTP/1.1" 200 27
117.185.32.26 - - [08/Jun/2021:11:20:53 +0800] "GET /xingrg/all/function/internal_message.html?_=1623122987908&CODE_STATE=getMsg HTTP/1.1" 200 27
58.40.7.146 - - [08/Jun/2021:11:20:53 +0800] "GET /xingrg/all/function/internal_message.html?_=1623122455221&CODE_STATE=getMsg HTTP/1.1" 200 27
58.40.7.146 - - [08/Jun/2021:11:20:53 +0800] "GET /xingrg/check_reg.html?_=1623122455222 HTTP/1.1" 200 22
180.169.147.146 - - [08/Jun/2021:11:20:55 +0800] "POST /xingrg/kc/buy/cgsh_order_operate.html HTTP/1.1" 200 37
180.169.147.146 - - [08/Jun/2021:11:20:57 +0800] "POST /xingrg/kc/buy/cgsh_order_operate.html HTTP/1.1" 200 2659
180.169.147.146 - - [08/Jun/2021:11:20:58 +0800] "GET /xingrg/kc/print/load_config.html?kc_code=cgsh HTTP/1.1" 200 1845
117.185.32.26 - - [08/Jun/2021:11:20:58 +0800] "GET /xingrg/kc/buy/cgsh_order_operate.html?command=get_materiel&rest_code=00106&code=00101008439&supplier_code=00100007&order_time=2021-06-08 HTTP/1.1" 200 399
180.169.147.146 - - [08/Jun/2021:11:20:58 +0800] "GET /xingrg/kc/print/load_data.html?order_code=212021060803578&kc_code=cgsh&condition= HTTP/1.1" 200 745
180.169.147.146 - - [08/Jun/2021:11:21:03 +0800] "GET /xingrg/kc/buy/cgsh_order_add.html HTTP/1.1" 200 62381
222.69.129.148 - - [08/Jun/2021:11:21:03 +0800] "GET /xingrg/all/function/internal_message.html?_=1623122464446&CODE_STATE=getMsg HTTP/1.1" 200 27
180.169.147.146 - - [08/Jun/2021:11:21:03 +0800] "POST /xingrg/kc/buy/cgsh_order_operate.html HTTP/1.1" 200 8245
180.169.147.146 - - [08/Jun/2021:11:21:03 +0800] "GET /xingrg/javascript/easyui/themes/default/validatebox.css HTTP/1.1" 404 1104
117.185.32.26 - - [08/Jun/2021:11:21:06 +0800] "GET /xingrg/kc/buy/cgsh_order_operate.html?command=get_materiel&rest_code=00106&code=00101008069&supplier_code=00100007&order_time=2021-06-08 HTTP/1.1" 200 412
222.70.177.90 - - [08/Jun/2021:11:21:06 +0800] "GET /xingrg/check_reg.html?_=1623122466739 HTTP/1.1" 200 22
222.70.177.90 - - [08/Jun/2021:11:21:06 +0800] "GET /xingrg/all/function/internal_message.html?_=1623122466741&CODE_STATE=getMsg HTTP/1.1" 200 27
180.169.147.146 - - [08/Jun/2021:11:21:06 +0800] "GET /xingrg/kc/base/wldb_order_list.html HTTP/1.1" 200 19026
180.169.147.146 - - [08/Jun/2021:11:21:07 +0800] "POST /xingrg/kc/base/wldb_list_operate.html HTTP/1.1" 200 928
116.235.222.38 - - [08/Jun/2021:11:21:07 +0800] "GET /xingrg/all/function/internal_message.html?_=1623122467130&CODE_STATE=getMsg HTTP/1.1" 200 27
180.169.147.146 - - [08/Jun/2021:11:21:08 +0800] "GET /xingrg/kc/base/wldb_order_add.html HTTP/1.1" 200 30234
180.169.147.146 - - [08/Jun/2021:11:21:08 +0800] "POST /xingrg/kc/base/wldb_order_operate.html HTTP/1.1" 200 6806
180.169.147.146 - - [08/Jun/2021:11:21:08 +0800] "GET /xingrg/all/common/auto_word.html?type=base&rest_code=00147 HTTP/1.1" 200 1707
180.169.147.146 - - [08/Jun/2021:11:21:08 +0800] "GET /xingrg/javascript/easyui/themes/default/validatebox.css HTTP/1.1" 404 1104
180.169.147.146 - - [08/Jun/2021:11:21:08 +0800] "GET /xingrg/all/common/auto_word.html?type=base&rest_code=00147 HTTP/1.1" 200 1707
114.86.187.76 - - [08/Jun/2021:11:21:09 +0800] "POST /xingrg/kc/buy/cgsh_order_operate.html HTTP/1.1" 200 37
180.169.147.146 - - [08/Jun/2021:11:21:10 +0800] "POST /xingrg/all/common/load_combo.html?type=base HTTP/1.1" 200 3057
116.224.253.72 - - [08/Jun/2021:11:21:10 +0800] "GET /xingrg/check_reg.html?_=1623122471679 HTTP/1.1" 200 22
116.224.253.72 - - [08/Jun/2021:11:21:10 +0800] "GET /xingrg/all/function/internal_message.html?_=1623122471682&CODE_STATE=getMsg HTTP/1.1" 200 27
114.86.187.76 - - [08/Jun/2021:11:21:11 +0800] "POST /xingrg/kc/buy/cgsh_order_operate.html HTTP/1.1" 200 3246
180.169.147.146 - - [08/Jun/2021:11:21:12 +0800] "POST /xingrg/all/common/load_combo.html?type=base HTTP/1.1" 200 3057
120.204.17.70 - - [08/Jun/2021:11:21:13 +0800] "GET /xingrg/all/function/internal_message.html?_=1623122409311&CODE_STATE=getMsg HTTP/1.1" 302 -
120.204.17.70 - - [08/Jun/2021:11:21:13 +0800] "GET /xingrg/check_reg.html?_=1623122409315 HTTP/1.1" 302 -
117.185.32.26 - - [08/Jun/2021:11:21:13 +0800] "GET /xingrg/all/function/internal_message.html?_=1623122469361&CODE_STATE=getMsg HTTP/1.1" 200 27
120.204.17.70 - - [08/Jun/2021:11:21:13 +0800] "GET /xingrg/login.html HTTP/1.1" 200 7641
120.204.17.70 - - [08/Jun/2021:11:21:13 +0800] "GET /xingrg/login.html HTTP/1.1" 200 7641
116.224.253.72 - - [08/Jun/2021:11:21:14 +0800] "GET /xingrg/all/function/internal_message.html?_=1623122474533&CODE_STATE=getMsg HTTP/1.1" 200 27
117.185.32.26 - - [08/Jun/2021:11:21:14 +0800] "GET /xingrg/kc/buy/cgsh_order_operate.html?command=get_materiel&rest_code=00106&code=00101008286&supplier_code=00100007&order_time=2021-06-08 HTTP/1.1" 200 408
114.86.187.76 - - [08/Jun/2021:11:21:14 +0800] "GET /xingrg/kc/buy/cgsh_order_add.html HTTP/1.1" 200 62413
114.86.187.76 - - [08/Jun/2021:11:21:14 +0800] "POST /xingrg/kc/buy/cgsh_order_operate.html HTTP/1.1" 200 8245
114.86.187.76 - - [08/Jun/2021:11:21:14 +0800] "GET /xingrg/javascript/easyui/themes/default/validatebox.css HTTP/1.1" 404 1104
114.86.187.76 - - [08/Jun/2021:11:21:15 +0800] "GET /xingrg/all/function/internal_message.html?_=1623122481932&CODE_STATE=getMsg HTTP/1.1" 200 27
61.165.42.208 - - [08/Jun/2021:11:21:19 +0800] "GET /xingrg/all/function/internal_message.html?_=1623122481746&CODE_STATE=getMsg HTTP/1.1" 200 27
180.169.147.146 - - [08/Jun/2021:11:21:20 +0800] "GET /xingrg/kc/base/wldb_order_operate.html?command=get_materiel&rest_code=00147&base_code=0010287&code=00102002025 HTTP/1.1" 200 452
58.40.7.146 - - [08/Jun/2021:11:21:21 +0800] "GET /xingrg/all/function/internal_message.html?_=1623122483235&CODE_STATE=getMsg HTTP/1.1" 200 27
180.169.147.146 - - [08/Jun/2021:11:21:22 +0800] "GET /xingrg/check_reg.html?_=1623122485339 HTTP/1.1" 302 -
180.169.147.146 - - [08/Jun/2021:11:21:22 +0800] "GET /xingrg/all/function/internal_message.html?_=1623122485343&CODE_STATE=getMsg HTTP/1.1" 302 -
117.185.32.26 - - [08/Jun/2021:11:21:23 +0800] "GET /xingrg/kc/buy/cgsh_order_operate.html?command=get_materiel&rest_code=00106&code=00101008036&supplier_code=00100007&order_time=2021-06-08 HTTP/1.1" 200 408
180.169.147.146 - - [08/Jun/2021:11:21:23 +0800] "POST /xingrg/all/common/load_select.html HTTP/1.1" 200 25
180.169.147.146 - - [08/Jun/2021:11:21:25 +0800] "GET /xingrg/all/function/internal_message.html?_=1623122485812&CODE_STATE=getMsg HTTP/1.1" 200 27
117.185.32.26 - - [08/Jun/2021:11:21:25 +0800] "POST /xingrg/kc/buy/cgsh_order_operate.html HTTP/1.1" 200 2065
180.169.147.146 - - [08/Jun/2021:11:21:27 +0800] "GET /xingrg/kc/base/wldb_order_operate.html?command=get_materiel_price&rest_code=00147&base_code=0010287&code=00102002025&unit_code=00100351 HTTP/1.1" 200 33
180.169.147.146 - - [08/Jun/2021:11:21:30 +0800] "GET /xingrg/all/function/internal_message.html?_=1623122492533&CODE_STATE=getMsg HTTP/1.1" 200 27
180.169.147.146 - - [08/Jun/2021:11:21:30 +0800] "GET /xingrg/check_reg.html?_=1623122492533 HTTP/1.1" 200 22
117.185.32.26 - - [08/Jun/2021:11:21:31 +0800] "GET /xingrg/kc/buy/cgsh_order_operate.html?command=get_materiel&rest_code=00106&code=00101008131&supplier_code=00100007&order_time=2021-06-08 HTTP/1.1" 200 408
180.169.147.146 - - [08/Jun/2021:11:21:37 +0800] "GET /xingrg/kc/base/wldb_order_operate.html?command=get_materiel&rest_code=00147&base_code=0010287&code=00102002321 HTTP/1.1" 200 447
117.185.32.26 - - [08/Jun/2021:11:21:40 +0800] "GET /xingrg/kc/buy/cgsh_order_operate.html?command=get_materiel&rest_code=00106&code=00101008318&supplier_code=00100007&order_time=2021-06-08 HTTP/1.1" 200 408
116.230.117.165 - - [08/Jun/2021:11:21:42 +0800] "GET /xingrg/all/function/internal_message.html?_=1623122510091&CODE_STATE=getMsg HTTP/1.1" 200 27
116.230.110.80 - - [08/Jun/2021:11:21:43 +0800] "GET /xingrg/all/function/internal_message.html?_=1623122490464&CODE_STATE=getMsg HTTP/1.1" 200 27
180.169.147.146 - - [08/Jun/2021:11:21:44 +0800] "GET /xingrg/kc/base/wldb_order_operate.html?command=get_materiel&rest_code=00147&base_code=0010287&code=00102002204 HTTP/1.1" 200 433
114.86.225.21 - - [08/Jun/2021:11:21:46 +0800] "GET /xingrg/all/function/internal_message.html?_=1623122508330&CODE_STATE=getMsg HTTP/1.1" 200 27
117.185.32.26 - - [08/Jun/2021:11:21:48 +0800] "GET /xingrg/kc/buy/cgsh_order_operate.html?command=get_materiel&rest_code=00106&code=00101008005&supplier_code=00100007&order_time=2021-06-08 HTTP/1.1" 200 412
180.169.147.146 - - [08/Jun/2021:11:21:51 +0800] "GET /xingrg/kc/base/wldb_order_operate.html?command=get_materiel&rest_code=00147&base_code=0010287&code=00102002315 HTTP/1.1" 200 446
117.185.32.26 - - [08/Jun/2021:11:21:53 +0800] "GET /xingrg/all/function/internal_message.html?_=1623123047891&CODE_STATE=getMsg HTTP/1.1" 200 27
58.40.7.146 - - [08/Jun/2021:11:21:53 +0800] "GET /xingrg/all/function/internal_message.html?_=1623122515223&CODE_STATE=getMsg HTTP/1.1" 200 27
117.185.32.26 - - [08/Jun/2021:11:21:59 +0800] "GET /xingrg/kc/buy/cgsh_order_operate.html?command=get_materiel&rest_code=00106&code=00101008114&supplier_code=00100007&order_time=2021-06-08 HTTP/1.1" 200 412
183.192.164.97 - - [08/Jun/2021:11:22:03 +0800] "GET /xingrg/kc/buy/cgsh_order_operate.html?command=get_materiel&rest_code=00106&code=00101008069&supplier_code=00100007&order_time=2021-06-08 HTTP/1.1" 302 -
180.169.147.146 - - [08/Jun/2021:11:22:03 +0800] "GET /xingrg/kc/base/wldb_order_operate.html?command=get_materiel&rest_code=00147&base_code=0010287&code=00102002679 HTTP/1.1" 200 442
183.192.164.97 - - [08/Jun/2021:11:22:04 +0800] "GET /xingrg/login.html HTTP/1.1" 200 7641
222.70.177.90 - - [08/Jun/2021:11:22:06 +0800] "GET /xingrg/all/function/internal_message.html?_=1623122526739&CODE_STATE=getMsg HTTP/1.1" 200 27
116.235.222.38 - - [08/Jun/2021:11:22:07 +0800] "GET /xingrg/all/function/internal_message.html?_=1623122527111&CODE_STATE=getMsg HTTP/1.1" 200 27
180.161.111.4 - - [08/Jun/2021:11:22:07 +0800] "GET /xingrg/check_reg.html?_=1623122491590 HTTP/1.1" 200 22
222.69.129.148 - - [08/Jun/2021:11:22:07 +0800] "GET /xingrg/all/function/internal_message.html?_=1623122524470&CODE_STATE=getMsg HTTP/1.1" 200 27
117.185.32.26 - - [08/Jun/2021:11:22:08 +0800] "GET /xingrg/kc/buy/cgsh_order_operate.html?command=get_materiel&rest_code=00106&code=00101015038&supplier_code=00100007&order_time=2021-06-08 HTTP/1.1" 200 419
114.86.187.76 - - [08/Jun/2021:11:22:10 +0800] "GET /xingrg/kc/buy/cgsh_order_operate.html?command=get_materiel&rest_code=00148&code=00101008402&supplier_code=00100327&order_time=2021-06-08 HTTP/1.1" 200 410
116.224.253.72 - - [08/Jun/2021:11:22:10 +0800] "GET /xingrg/all/function/internal_message.html?_=1623122531699&CODE_STATE=getMsg HTTP/1.1" 200 27
180.169.147.146 - - [08/Jun/2021:11:22:11 +0800] "GET /xingrg/kc/base/wldb_order_operate.html?command=get_materiel&rest_code=00147&base_code=0010287&code=00102002010 HTTP/1.1" 200 435
117.185.32.26 - - [08/Jun/2021:11:22:11 +0800] "POST /xingrg/kc/buy/cgsh_order_operate.html HTTP/1.1" 200 2065
117.185.32.26 - - [08/Jun/2021:11:22:13 +0800] "GET /xingrg/all/function/internal_message.html?_=1623122529344&CODE_STATE=getMsg HTTP/1.1" 200 27
116.224.253.72 - - [08/Jun/2021:11:22:14 +0800] "GET /xingrg/all/function/internal_message.html?_=1623122534575&CODE_STATE=getMsg HTTP/1.1" 200 27
180.169.147.146 - - [08/Jun/2021:11:22:14 +0800] "GET /xingrg/kc/base/wldb_order_operate.html?command=get_materiel&rest_code=00147&base_code=0010287&code=00102002022 HTTP/1.1" 200 458
114.86.187.76 - - [08/Jun/2021:11:22:15 +0800] "GET /xingrg/all/function/internal_message.html?_=1623122541931&CODE_STATE=getMsg HTTP/1.1" 200 27
117.185.32.26 - - [08/Jun/2021:11:22:16 +0800] "GET /xingrg/kc/buy/cgsh_order_operate.html?command=get_materiel&rest_code=00106&code=00101008265&supplier_code=00100007&order_time=2021-06-08 HTTP/1.1" 200 409
180.161.111.4 - - [08/Jun/2021:11:22:19 +0800] "GET /xingrg/kc/base/wldb_order_list.html HTTP/1.1" 200 19020
183.192.164.71 - - [08/Jun/2021:11:22:19 +0800] "GET /xingrg/kc/buy/cgsh_order_operate.html?command=get_materiel&rest_code=00106&code=00101008036&supplier_code=00100007&order_time=2021-06-08 HTTP/1.1" 302 -
183.192.164.71 - - [08/Jun/2021:11:22:19 +0800] "GET /xingrg/login.html HTTP/1.1" 200 7641
61.165.42.208 - - [08/Jun/2021:11:22:19 +0800] "GET /xingrg/all/function/internal_message.html?_=1623122541726&CODE_STATE=getMsg HTTP/1.1" 200 27
180.169.147.146 - - [08/Jun/2021:11:22:20 +0800] "POST /xingrg/kc/base/wldb_order_operate.html HTTP/1.1" 200 37
180.161.111.4 - - [08/Jun/2021:11:22:21 +0800] "POST /xingrg/kc/base/wldb_list_operate.html HTTP/1.1" 200 928
58.40.7.146 - - [08/Jun/2021:11:22:21 +0800] "GET /xingrg/all/function/internal_message.html?_=1623122543238&CODE_STATE=getMsg HTTP/1.1" 200 27
180.169.147.146 - - [08/Jun/2021:11:22:21 +0800] "POST /xingrg/kc/base/wldb_order_operate.html HTTP/1.1" 200 4667
180.169.147.146 - - [08/Jun/2021:11:22:22 +0800] "GET /xingrg/all/function/internal_message.html?_=1623122545339&CODE_STATE=getMsg HTTP/1.1" 302 -
180.161.111.4 - - [08/Jun/2021:11:22:22 +0800] "GET /xingrg/kc/base/wldb_order_add.html HTTP/1.1" 200 30224
180.161.111.4 - - [08/Jun/2021:11:22:22 +0800] "GET /xingrg/words/20210608110513_words.js HTTP/1.1" 200 820490
180.169.147.146 - - [08/Jun/2021:11:22:26 +0800] "GET /xingrg/kc/base/wldb_order_info.html?code=422021060800856 HTTP/1.1" 200 30249
180.169.147.146 - - [08/Jun/2021:11:22:27 +0800] "GET /xingrg/javascript/easyui/themes/default/validatebox.css HTTP/1.1" 404 1104
180.169.147.146 - - [08/Jun/2021:11:22:27 +0800] "POST /xingrg/kc/base/wldb_order_operate.html HTTP/1.1" 200 4667
180.161.111.4 - - [08/Jun/2021:11:22:27 +0800] "POST /xingrg/kc/base/wldb_order_operate.html HTTP/1.1" 200 6806
180.161.111.4 - - [08/Jun/2021:11:22:28 +0800] "GET /xingrg/all/common/auto_word.html?type=base&rest_code=00102 HTTP/1.1" 200 1711
180.161.111.4 - - [08/Jun/2021:11:22:28 +0800] "GET /xingrg/all/common/auto_word.html?type=base&rest_code=00102 HTTP/1.1" 200 1711
180.161.111.4 - - [08/Jun/2021:11:22:28 +0800] "GET /xingrg/javascript/easyui/themes/default/validatebox.css HTTP/1.1" 404 1104
117.185.32.26 - - [08/Jun/2021:11:22:29 +0800] "POST /xingrg/kc/buy/cgsh_order_operate.html HTTP/1.1" 200 37
180.161.111.4 - - [08/Jun/2021:11:22:30 +0800] "POST /xingrg/all/common/load_combo.html?type=base HTTP/1.1" 200 3060
180.169.147.146 - - [08/Jun/2021:11:22:30 +0800] "GET /xingrg/all/function/internal_message.html?_=1623122552539&CODE_STATE=getMsg HTTP/1.1" 200 27
180.169.147.146 - - [08/Jun/2021:11:22:32 +0800] "POST /xingrg/kc/base/wldb_order_operate.html HTTP/1.1" 200 37
180.161.111.4 - - [08/Jun/2021:11:22:32 +0800] "POST /xingrg/all/common/load_combo.html?type=base HTTP/1.1" 200 3060
180.169.147.146 - - [08/Jun/2021:11:22:32 +0800] "POST /xingrg/kc/base/wldb_order_operate.html HTTP/1.1" 200 4667
117.185.32.26 - - [08/Jun/2021:11:22:36 +0800] "POST /xingrg/kc/buy/cgsh_order_operate.html HTTP/1.1" 200 13284
180.169.147.146 - - [08/Jun/2021:11:22:38 +0800] "GET /xingrg/check_reg.html?_=1623122563372 HTTP/1.1" 302 -
180.161.111.4 - - [08/Jun/2021:11:22:39 +0800] "GET /xingrg/kc/base/wldb_order_operate.html?command=get_materiel&rest_code=00102&base_code=0010476&code=00101016029 HTTP/1.1" 200 462
180.169.147.146 - - [08/Jun/2021:11:22:39 +0800] "POST /xingrg/kc/base/wldb_order_operate.html HTTP/1.1" 200 12
116.230.117.165 - - [08/Jun/2021:11:22:42 +0800] "GET /xingrg/all/function/internal_message.html?_=1623122570335&CODE_STATE=getMsg HTTP/1.1" 200 27
180.169.147.146 - - [08/Jun/2021:11:22:42 +0800] "GET /xingrg/kc/base/wldb_order_info.html?code=422021060800856 HTTP/1.1" 200 26113
116.230.110.80 - - [08/Jun/2021:11:22:43 +0800] "GET /xingrg/all/function/internal_message.html?_=1623122550460&CODE_STATE=getMsg HTTP/1.1" 200 27
180.169.147.146 - - [08/Jun/2021:11:22:43 +0800] "GET /xingrg/javascript/easyui/themes/default/validatebox.css HTTP/1.1" 404 1104
180.169.147.146 - - [08/Jun/2021:11:22:43 +0800] "POST /xingrg/kc/base/wldb_order_operate.html HTTP/1.1" 200 2907
114.86.225.21 - - [08/Jun/2021:11:22:46 +0800] "GET /xingrg/all/function/internal_message.html?_=1623122568332&CODE_STATE=getMsg HTTP/1.1" 200 27
114.86.187.76 - - [08/Jun/2021:11:22:46 +0800] "GET /xingrg/kc/buy/cgsh_order_operate.html?command=get_materiel&rest_code=00148&code=00101008171&supplier_code=00100327&order_time=2021-06-08 HTTP/1.1" 200 421
183.192.164.97 - - [08/Jun/2021:11:22:46 +0800] "GET /xingrg/kc/buy/cgsh_order_operate.html?command=get_materiel&rest_code=00106&code=00101008005&supplier_code=00100007&order_time=2021-06-08 HTTP/1.1" 302 -
183.192.164.97 - - [08/Jun/2021:11:22:47 +0800] "GET /xingrg/login.html HTTP/1.1" 200 7641
117.185.32.26 - - [08/Jun/2021:11:22:53 +0800] "GET /xingrg/all/function/internal_message.html?_=1623123107901&CODE_STATE=getMsg HTTP/1.1" 200 27
58.40.7.146 - - [08/Jun/2021:11:22:53 +0800] "GET /xingrg/all/function/internal_message.html?_=1623122575226&CODE_STATE=getMsg HTTP/1.1" 200 27
117.185.32.26 - - [08/Jun/2021:11:22:54 +0800] "GET /xingrg/check_reg.html?_=1623123108870 HTTP/1.1" 200 22
114.86.187.76 - - [08/Jun/2021:11:22:55 +0800] "GET /xingrg/kc/buy/cgsh_order_operate.html?command=get_materiel&rest_code=00148&code=00101010691&supplier_code=00100327&order_time=2021-06-08 HTTP/1.1" 200 397
183.192.164.97 - - [08/Jun/2021:11:22:56 +0800] "GET /xingrg/kc/buy/cgsh_order_operate.html?command=get_materiel&rest_code=00106&code=00101008114&supplier_code=00100007&order_time=2021-06-08 HTTP/1.1" 302 -
116.230.117.165 - - [08/Jun/2021:11:22:56 +0800] "GET /xingrg/check_reg.html?_=1623122583853 HTTP/1.1" 200 22
183.192.164.97 - - [08/Jun/2021:11:22:57 +0800] "GET /xingrg/login.html HTTP/1.1" 200 7641
117.184.7.26 - - [08/Jun/2021:11:23:00 +0800] "GET /xingrg/check_reg.html?_=1623122578509 HTTP/1.1" 200 22
117.185.32.26 - - [08/Jun/2021:11:23:01 +0800] "GET /xingrg/kc/buy/cgsh_order_operate.html?command=get_materiel&rest_code=00106&code=00101008219&supplier_code=00100007&order_time=2021-06-08 HTTP/1.1" 200 412
114.86.187.76 - - [08/Jun/2021:11:23:03 +0800] "GET /xingrg/kc/buy/cgsh_order_operate.html?command=get_materiel&rest_code=00148&code=00101010530&supplier_code=00100327&order_time=2021-06-08 HTTP/1.1" 200 395
222.69.129.148 - - [08/Jun/2021:11:23:03 +0800] "GET /xingrg/all/function/internal_message.html?_=1623122584457&CODE_STATE=getMsg HTTP/1.1" 200 27
222.70.177.90 - - [08/Jun/2021:11:23:06 +0800] "GET /xingrg/all/function/internal_message.html?_=1623122586739&CODE_STATE=getMsg HTTP/1.1" 200 27
222.70.177.90 - - [08/Jun/2021:11:23:07 +0800] "GET /xingrg/kc/buy/cgsh_order_operate.html?command=get_materiel&rest_code=00111&code=00101008069&supplier_code=00100037&order_time=2021-06-08 HTTP/1.1" 200 412
116.235.222.38 - - [08/Jun/2021:11:23:07 +0800] "GET /xingrg/all/function/internal_message.html?_=1623122587097&CODE_STATE=getMsg HTTP/1.1" 200 27
117.185.32.26 - - [08/Jun/2021:11:23:09 +0800] "GET /xingrg/kc/buy/cgsh_order_operate.html?command=get_materiel&rest_code=00106&code=00101008132&supplier_code=00100007&order_time=2021-06-08 HTTP/1.1" 200 408
116.224.253.72 - - [08/Jun/2021:11:23:10 +0800] "GET /xingrg/all/function/internal_message.html?_=1623122591701&CODE_STATE=getMsg HTTP/1.1" 200 27
183.192.164.71 - - [08/Jun/2021:11:23:13 +0800] "GET /xingrg/all/function/internal_message.html?_=1623122529344&CODE_STATE=getMsg HTTP/1.1" 302 -
117.185.32.26 - - [08/Jun/2021:11:23:13 +0800] "GET /xingrg/all/function/internal_message.html?_=1623122589353&CODE_STATE=getMsg HTTP/1.1" 200 27
183.192.164.71 - - [08/Jun/2021:11:23:13 +0800] "GET /xingrg/login.html HTTP/1.1" 200 7641
116.224.253.72 - - [08/Jun/2021:11:23:14 +0800] "GET /xingrg/all/function/internal_message.html?_=1623122594576&CODE_STATE=getMsg HTTP/1.1" 200 27
180.169.147.146 - - [08/Jun/2021:11:23:14 +0800] "GET /xingrg/check_reg.html?_=1623122599767 HTTP/1.1" 302 -
114.86.187.76 - - [08/Jun/2021:11:23:15 +0800] "GET /xingrg/all/function/internal_message.html?_=1623122601926&CODE_STATE=getMsg HTTP/1.1" 200 27
114.86.187.76 - - [08/Jun/2021:11:23:15 +0800] "GET /xingrg/check_reg.html?_=1623122601928 HTTP/1.1" 200 22
61.165.42.208 - - [08/Jun/2021:11:23:19 +0800] "GET /xingrg/all/function/internal_message.html?_=1623122601699&CODE_STATE=getMsg HTTP/1.1" 200 27
61.165.42.208 - - [08/Jun/2021:11:23:20 +0800] "GET /xingrg/check_reg.html?_=1623122602446 HTTP/1.1" 200 22
222.70.177.90 - - [08/Jun/2021:11:23:21 +0800] "GET /xingrg/kc/buy/cgsh_order_operate.html?command=get_materiel&rest_code=00111&code=00101008353&supplier_code=00100037&order_time=2021-06-08 HTTP/1.1" 200 408
58.40.7.146 - - [08/Jun/2021:11:23:21 +0800] "GET /xingrg/all/function/internal_message.html?_=1623122603226&CODE_STATE=getMsg HTTP/1.1" 200 27
117.185.32.26 - - [08/Jun/2021:11:23:21 +0800] "GET /xingrg/kc/buy/cgsh_order_operate.html?command=get_materiel&rest_code=00106&code=00101008027&supplier_code=00100007&order_time=2021-06-08 HTTP/1.1" 200 409
180.169.147.146 - - [08/Jun/2021:11:23:22 +0800] "GET /xingrg/all/function/internal_message.html?_=1623122605337&CODE_STATE=getMsg HTTP/1.1" 302 -
114.86.187.76 - - [08/Jun/2021:11:23:23 +0800] "GET /xingrg/kc/buy/cgsh_order_operate.html?command=get_materiel&rest_code=00148&code=00101010569&supplier_code=00100327&order_time=2021-06-08 HTTP/1.1" 200 397
180.169.147.146 - - [08/Jun/2021:11:23:25 +0800] "GET /xingrg/all/function/internal_message.html?_=1623122605833&CODE_STATE=getMsg HTTP/1.1" 200 27
180.169.147.146 - - [08/Jun/2021:11:23:30 +0800] "GET /xingrg/all/function/internal_message.html?_=1623122612544&CODE_STATE=getMsg HTTP/1.1" 200 27
117.185.32.26 - - [08/Jun/2021:11:23:35 +0800] "GET /xingrg/kc/buy/cgsh_order_operate.html?command=get_materiel&rest_code=00106&code=00101008185&supplier_code=00100007&order_time=2021-06-08 HTTP/1.1" 200 408
114.86.187.76 - - [08/Jun/2021:11:23:37 +0800] "GET /xingrg/kc/buy/cgsh_order_operate.html?command=get_materiel&rest_code=00148&code=00101010628&supplier_code=00100327&order_time=2021-06-08 HTTP/1.1" 200 412
117.185.32.26 - - [08/Jun/2021:11:23:39 +0800] "POST /xingrg/kc/buy/cgsh_order_operate.html HTTP/1.1" 200 2065
222.70.177.90 - - [08/Jun/2021:11:23:41 +0800] "GET /xingrg/kc/buy/cgsh_order_operate.html?command=get_materiel&rest_code=00111&code=00101002027&supplier_code=00100037&order_time=2021-06-08 HTTP/1.1" 200 414
116.230.117.165 - - [08/Jun/2021:11:23:42 +0800] "GET /xingrg/all/function/internal_message.html?_=1623122630337&CODE_STATE=getMsg HTTP/1.1" 200 27
116.230.110.80 - - [08/Jun/2021:11:23:43 +0800] "GET /xingrg/all/function/internal_message.html?_=1623122610448&CODE_STATE=getMsg HTTP/1.1" 200 27
114.86.225.21 - - [08/Jun/2021:11:23:46 +0800] "GET /xingrg/all/function/internal_message.html?_=1623122628337&CODE_STATE=getMsg HTTP/1.1" 200 27
114.86.187.76 - - [08/Jun/2021:11:23:47 +0800] "POST /xingrg/kc/buy/cgsh_order_operate.html HTTP/1.1" 200 37
114.86.187.76 - - [08/Jun/2021:11:23:48 +0800] "POST /xingrg/kc/buy/cgsh_order_operate.html HTTP/1.1" 200 5634
117.185.32.26 - - [08/Jun/2021:11:23:53 +0800] "GET /xingrg/all/function/internal_message.html?_=1623123167873&CODE_STATE=getMsg HTTP/1.1" 200 27
58.40.7.146 - - [08/Jun/2021:11:23:53 +0800] "GET /xingrg/all/function/internal_message.html?_=1623122635243&CODE_STATE=getMsg HTTP/1.1" 200 27
180.161.111.4 - - [08/Jun/2021:11:23:53 +0800] "GET /xingrg/kc/base/wldb_order_operate.html?command=get_materiel&rest_code=00102&base_code=0010476&code=00101019131 HTTP/1.1" 200 454
117.185.32.26 - - [08/Jun/2021:11:23:56 +0800] "GET /xingrg/kc/buy/cgsh_order_operate.html?command=get_materiel&rest_code=00106&code=00101008224&supplier_code=00100007&order_time=2021-06-08 HTTP/1.1" 200 416
222.70.177.90 - - [08/Jun/2021:11:23:57 +0800] "GET /xingrg/check_reg.html?_=1623122638444 HTTP/1.1" 200 22
183.192.164.97 - - [08/Jun/2021:11:23:59 +0800] "GET /xingrg/kc/buy/cgsh_order_operate.html?command=get_materiel&rest_code=00106&code=00101008219&supplier_code=00100007&order_time=2021-06-08 HTTP/1.1" 302 -
183.192.164.97 - - [08/Jun/2021:11:23:59 +0800] "GET /xingrg/login.html HTTP/1.1" 200 7641
180.161.111.4 - - [08/Jun/2021:11:24:00 +0800] "GET /xingrg/kc/base/wldb_order_operate.html?command=get_materiel&rest_code=00102&base_code=0010476&code=00101019405 HTTP/1.1" 200 468
222.69.129.148 - - [08/Jun/2021:11:24:03 +0800] "GET /xingrg/all/function/internal_message.html?_=1623122644464&CODE_STATE=getMsg HTTP/1.1" 200 27
180.161.111.4 - - [08/Jun/2021:11:24:05 +0800] "GET /xingrg/kc/base/wldb_order_operate.html?command=get_materiel&rest_code=00102&base_code=0010476&code=00101019400 HTTP/1.1" 200 450
222.70.177.90 - - [08/Jun/2021:11:24:06 +0800] "GET /xingrg/all/function/internal_message.html?_=1623122646743&CODE_STATE=getMsg HTTP/1.1" 200 27
116.235.222.38 - - [08/Jun/2021:11:24:07 +0800] "GET /xingrg/check_reg.html?_=1623122646752 HTTP/1.1" 200 22
