114.86.225.21 - - [08/Jun/2021:10:56:34 +0800] "GET /xingrg/kc/buy/cgsh_order_operate.html?command=get_materiel&rest_code=00109&code=00101008354&supplier_code=00100005&order_time=2021-06-08 HTTP/1.1" 200 412
117.185.32.26 - - [08/Jun/2021:10:56:36 +0800] "GET /xingrg/kc/base/wldb_order_operate.html?command=get_materiel&rest_code=00106&base_code=0010396&code=00101019184 HTTP/1.1" 200 444
116.235.222.38 - - [08/Jun/2021:10:56:38 +0800] "POST /xingrg/kc/buy/cgsh_order_operate.html HTTP/1.1" 200 37
116.230.117.165 - - [08/Jun/2021:10:56:40 +0800] "GET /xingrg/all/function/internal_message.html?_=1623121008395&CODE_STATE=getMsg HTTP/1.1" 200 27
114.86.225.21 - - [08/Jun/2021:10:56:41 +0800] "GET /xingrg/kc/buy/cgsh_order_operate.html?command=get_materiel&rest_code=00109&code=00101008313&supplier_code=00100005&order_time=2021-06-08 HTTP/1.1" 200 412
114.86.225.21 - - [08/Jun/2021:10:56:42 +0800] "POST /xingrg/kc/buy/cgsh_order_operate.html HTTP/1.1" 200 2065
116.230.110.80 - - [08/Jun/2021:10:56:43 +0800] "GET /xingrg/all/function/internal_message.html?_=1623120990461&CODE_STATE=getMsg HTTP/1.1" 200 27
116.235.222.38 - - [08/Jun/2021:10:56:45 +0800] "POST /xingrg/kc/buy/cgsh_order_operate.html HTTP/1.1" 200 3850
58.37.225.51 - - [08/Jun/2021:10:56:45 +0800] "GET /xingrg/all/function/internal_message.html?_=1623120948908&CODE_STATE=getMsg HTTP/1.1" 200 27
114.86.225.21 - - [08/Jun/2021:10:56:46 +0800] "GET /xingrg/all/function/internal_message.html?_=1623121008279&CODE_STATE=getMsg HTTP/1.1" 200 27
116.235.222.38 - - [08/Jun/2021:10:56:47 +0800] "GET /xingrg/kc/print/load_data.html?order_code=212021060803538&kc_code=cgsh&condition= HTTP/1.1" 200 1176
114.86.225.21 - - [08/Jun/2021:10:56:47 +0800] "GET /xingrg/kc/buy/cgsh_order_operate.html?command=get_materiel&rest_code=00109&code=00101008038&supplier_code=00100005&order_time=2021-06-08 HTTP/1.1" 200 412
117.185.32.26 - - [08/Jun/2021:10:56:47 +0800] "GET /xingrg/kc/base/wldb_order_operate.html?command=get_materiel&rest_code=00106&base_code=0010396&code=00101019400 HTTP/1.1" 200 450
58.40.7.146 - - [08/Jun/2021:10:56:53 +0800] "GET /xingrg/all/function/internal_message.html?_=1623121015211&CODE_STATE=getMsg HTTP/1.1" 200 27
117.185.32.26 - - [08/Jun/2021:10:56:53 +0800] "GET /xingrg/all/function/internal_message.html?_=1623121548240&CODE_STATE=getMsg HTTP/1.1" 200 27
114.86.225.21 - - [08/Jun/2021:10:57:00 +0800] "GET /xingrg/kc/buy/cgsh_order_operate.html?command=get_materiel&rest_code=00109&code=00101008137&supplier_code=00100005&order_time=2021-06-08 HTTP/1.1" 200 408
222.69.129.148 - - [08/Jun/2021:10:57:03 +0800] "GET /xingrg/all/function/internal_message.html?_=1623121024360&CODE_STATE=getMsg HTTP/1.1" 200 27
116.235.222.38 - - [08/Jun/2021:10:57:05 +0800] "GET /xingrg/kc/buy/cgsh_order_add.html HTTP/1.1" 200 62501
116.235.222.38 - - [08/Jun/2021:10:57:06 +0800] "GET /xingrg/javascript/easyui/themes/default/validatebox.css HTTP/1.1" 404 1104
116.235.222.38 - - [08/Jun/2021:10:57:06 +0800] "POST /xingrg/kc/buy/cgsh_order_operate.html HTTP/1.1" 200 8245
222.70.177.90 - - [08/Jun/2021:10:57:06 +0800] "GET /xingrg/all/function/internal_message.html?_=1623121026698&CODE_STATE=getMsg HTTP/1.1" 200 27
116.235.222.38 - - [08/Jun/2021:10:57:07 +0800] "GET /xingrg/javascript/easyui/themes/default/tree.css HTTP/1.1" 404 1090
116.235.222.38 - - [08/Jun/2021:10:57:07 +0800] "GET /xingrg/all/function/internal_message.html?_=1623121026954&CODE_STATE=getMsg HTTP/1.1" 200 27
114.86.225.21 - - [08/Jun/2021:10:57:08 +0800] "GET /xingrg/kc/buy/cgsh_order_operate.html?command=get_materiel&rest_code=00109&code=00101008270&supplier_code=00100005&order_time=2021-06-08 HTTP/1.1" 200 412
116.235.222.38 - - [08/Jun/2021:10:57:08 +0800] "POST /xingrg/all/common/load_tree.html?tree=supplier_tree_json&isDelete=1 HTTP/1.1" 200 56016
116.224.253.72 - - [08/Jun/2021:10:57:10 +0800] "GET /xingrg/all/function/internal_message.html?_=1623121031589&CODE_STATE=getMsg HTTP/1.1" 200 27
180.169.147.146 - - [08/Jun/2021:10:57:10 +0800] "GET /xingrg/all/function/internal_message.html?_=1623121031073&CODE_STATE=getMsg HTTP/1.1" 200 27
117.185.32.26 - - [08/Jun/2021:10:57:13 +0800] "GET /xingrg/all/function/internal_message.html?_=1623121029268&CODE_STATE=getMsg HTTP/1.1" 200 27
120.204.17.68 - - [08/Jun/2021:10:57:13 +0800] "GET /xingrg/all/function/internal_message.html?_=1623120969270&CODE_STATE=getMsg HTTP/1.1" 302 -
120.204.17.68 - - [08/Jun/2021:10:57:13 +0800] "GET /xingrg/login.html HTTP/1.1" 200 7641
116.224.253.72 - - [08/Jun/2021:10:57:13 +0800] "GET /xingrg/all/function/internal_message.html?_=1623121034047&CODE_STATE=getMsg HTTP/1.1" 200 27
114.86.225.21 - - [08/Jun/2021:10:57:15 +0800] "GET /xingrg/kc/buy/cgsh_order_operate.html?command=get_materiel&rest_code=00109&code=00101008352&supplier_code=00100005&order_time=2021-06-08 HTTP/1.1" 200 412
114.86.187.76 - - [08/Jun/2021:10:57:15 +0800] "GET /xingrg/all/function/internal_message.html?_=1623121041890&CODE_STATE=getMsg HTTP/1.1" 200 27
61.165.42.208 - - [08/Jun/2021:10:57:20 +0800] "GET /xingrg/all/function/internal_message.html?_=1623121042231&CODE_STATE=getMsg HTTP/1.1" 200 27
114.86.225.21 - - [08/Jun/2021:10:57:22 +0800] "GET /xingrg/kc/buy/cgsh_order_operate.html?command=get_materiel&rest_code=00109&code=00101008353&supplier_code=00100005&order_time=2021-06-08 HTTP/1.1" 200 408
180.169.147.146 - - [08/Jun/2021:10:57:22 +0800] "GET /xingrg/all/function/internal_message.html?_=1623121045329&CODE_STATE=getMsg HTTP/1.1" 302 -
114.86.225.21 - - [08/Jun/2021:10:57:23 +0800] "POST /xingrg/kc/buy/cgsh_order_operate.html HTTP/1.1" 200 2065
116.235.222.38 - - [08/Jun/2021:10:57:24 +0800] "GET /xingrg/kc/buy/cgsh_order_operate.html?command=get_materiel&rest_code=00107&code=00101010691&supplier_code=00100327&order_time=2021-06-08 HTTP/1.1" 200 397
114.86.225.21 - - [08/Jun/2021:10:57:28 +0800] "GET /xingrg/kc/buy/cgsh_order_operate.html?command=get_materiel&rest_code=00109&code=00101008306&supplier_code=00100005&order_time=2021-06-08 HTTP/1.1" 200 412
180.169.147.146 - - [08/Jun/2021:10:57:30 +0800] "GET /xingrg/all/function/internal_message.html?_=1623121051192&CODE_STATE=getMsg HTTP/1.1" 200 27
117.185.32.26 - - [08/Jun/2021:10:57:35 +0800] "GET /xingrg/kc/base/wldb_order_operate.html?command=get_materiel&rest_code=00106&base_code=0010396&code=00101019359 HTTP/1.1" 200 447
116.235.222.38 - - [08/Jun/2021:10:57:35 +0800] "POST /xingrg/kc/buy/cgsh_order_operate.html HTTP/1.1" 200 37
114.86.225.21 - - [08/Jun/2021:10:57:36 +0800] "GET /xingrg/kc/buy/cgsh_order_operate.html?command=get_materiel&rest_code=00109&code=00101008415&supplier_code=00100005&order_time=2021-06-08 HTTP/1.1" 200 398
116.235.222.38 - - [08/Jun/2021:10:57:37 +0800] "POST /xingrg/kc/buy/cgsh_order_operate.html HTTP/1.1" 200 2655
180.169.147.146 - - [08/Jun/2021:10:57:38 +0800] "GET /xingrg/check_reg.html?_=1623121063257 HTTP/1.1" 302 -
116.235.222.38 - - [08/Jun/2021:10:57:38 +0800] "GET /xingrg/kc/print/load_data.html?order_code=212021060803539&kc_code=cgsh&condition= HTTP/1.1" 200 665
116.230.117.165 - - [08/Jun/2021:10:57:41 +0800] "GET /xingrg/all/function/internal_message.html?_=1623121068602&CODE_STATE=getMsg HTTP/1.1" 200 27
114.86.225.21 - - [08/Jun/2021:10:57:42 +0800] "GET /xingrg/kc/buy/cgsh_order_operate.html?command=get_materiel&rest_code=00109&code=00101008225&supplier_code=00100005&order_time=2021-06-08 HTTP/1.1" 200 416
116.230.110.80 - - [08/Jun/2021:10:57:43 +0800] "GET /xingrg/all/function/internal_message.html?_=1623121050462&CODE_STATE=getMsg HTTP/1.1" 200 27
58.37.225.51 - - [08/Jun/2021:10:57:45 +0800] "GET /xingrg/all/function/internal_message.html?_=1623121008893&CODE_STATE=getMsg HTTP/1.1" 200 27
114.86.225.21 - - [08/Jun/2021:10:57:46 +0800] "GET /xingrg/all/function/internal_message.html?_=1623121068288&CODE_STATE=getMsg HTTP/1.1" 200 27
117.185.32.26 - - [08/Jun/2021:10:57:46 +0800] "GET /xingrg/kc/base/wldb_order_operate.html?command=get_materiel&rest_code=00106&base_code=0010396&code=00101019095 HTTP/1.1" 200 452
116.235.222.38 - - [08/Jun/2021:10:57:47 +0800] "GET /xingrg/kc/buy/cgsh_order_add.html HTTP/1.1" 200 62501
116.235.222.38 - - [08/Jun/2021:10:57:47 +0800] "GET /xingrg/javascript/easyui/themes/default/validatebox.css HTTP/1.1" 404 1104
116.235.222.38 - - [08/Jun/2021:10:57:47 +0800] "POST /xingrg/kc/buy/cgsh_order_operate.html HTTP/1.1" 200 8245
116.235.222.38 - - [08/Jun/2021:10:57:49 +0800] "GET /xingrg/javascript/easyui/themes/default/tree.css HTTP/1.1" 404 1090
116.235.222.38 - - [08/Jun/2021:10:57:49 +0800] "POST /xingrg/all/common/load_tree.html?tree=supplier_tree_json&isDelete=1 HTTP/1.1" 200 56016
58.40.7.146 - - [08/Jun/2021:10:57:53 +0800] "GET /xingrg/all/function/internal_message.html?_=1623121075215&CODE_STATE=getMsg HTTP/1.1" 200 27
117.185.32.26 - - [08/Jun/2021:10:57:53 +0800] "GET /xingrg/all/function/internal_message.html?_=1623121608243&CODE_STATE=getMsg HTTP/1.1" 200 27
117.185.32.26 - - [08/Jun/2021:10:57:54 +0800] "GET /xingrg/check_reg.html?_=1623121608744 HTTP/1.1" 200 22
116.230.117.165 - - [08/Jun/2021:10:57:55 +0800] "GET /xingrg/check_reg.html?_=1623121083434 HTTP/1.1" 200 22
117.184.7.26 - - [08/Jun/2021:10:58:00 +0800] "GET /xingrg/check_reg.html?_=1623121078608 HTTP/1.1" 200 22
114.86.225.21 - - [08/Jun/2021:10:58:02 +0800] "GET /favicon.ico HTTP/1.1" 404 -
222.69.129.148 - - [08/Jun/2021:10:58:03 +0800] "GET /xingrg/all/function/internal_message.html?_=1623121084363&CODE_STATE=getMsg HTTP/1.1" 200 27
117.185.32.26 - - [08/Jun/2021:10:58:05 +0800] "POST /xingrg/kc/base/wldb_order_operate.html HTTP/1.1" 200 37
117.185.32.26 - - [08/Jun/2021:10:58:06 +0800] "POST /xingrg/kc/base/wldb_order_operate.html HTTP/1.1" 200 5699
222.70.177.90 - - [08/Jun/2021:10:58:06 +0800] "GET /xingrg/all/function/internal_message.html?_=1623121086699&CODE_STATE=getMsg HTTP/1.1" 200 27
117.185.32.26 - - [08/Jun/2021:10:58:06 +0800] "GET /xingrg/kc/base/wldb_order_info.html?code=422021060800851 HTTP/1.1" 200 30243
117.185.32.26 - - [08/Jun/2021:10:58:06 +0800] "GET /xingrg/words/20210608103201_words.js HTTP/1.1" 304 -
117.185.32.26 - - [08/Jun/2021:10:58:07 +0800] "GET /xingrg/javascript/easyui/themes/default/validatebox.css HTTP/1.1" 404 1104
116.235.222.38 - - [08/Jun/2021:10:58:07 +0800] "GET /xingrg/all/function/internal_message.html?_=1623121086932&CODE_STATE=getMsg HTTP/1.1" 200 27
117.185.32.26 - - [08/Jun/2021:10:58:07 +0800] "POST /xingrg/kc/base/wldb_order_operate.html HTTP/1.1" 200 5699
116.235.222.38 - - [08/Jun/2021:10:58:07 +0800] "GET /xingrg/kc/buy/cgsh_order_operate.html?command=get_materiel&rest_code=00107&code=00101001051&supplier_code=00100090&order_time=2021-06-08 HTTP/1.1" 200 422
116.224.253.72 - - [08/Jun/2021:10:58:10 +0800] "GET /xingrg/all/function/internal_message.html?_=1623121091594&CODE_STATE=getMsg HTTP/1.1" 200 27
180.169.147.146 - - [08/Jun/2021:10:58:10 +0800] "GET /xingrg/all/function/internal_message.html?_=1623121091072&CODE_STATE=getMsg HTTP/1.1" 200 27
180.169.147.146 - - [08/Jun/2021:10:58:10 +0800] "GET /xingrg/check_reg.html?_=1623121091073 HTTP/1.1" 200 22
117.185.32.26 - - [08/Jun/2021:10:58:13 +0800] "GET /xingrg/all/function/internal_message.html?_=1623121089262&CODE_STATE=getMsg HTTP/1.1" 200 27
116.224.253.72 - - [08/Jun/2021:10:58:13 +0800] "GET /xingrg/all/function/internal_message.html?_=1623121094050&CODE_STATE=getMsg HTTP/1.1" 200 27
180.169.147.146 - - [08/Jun/2021:10:58:14 +0800] "GET /xingrg/check_reg.html?_=1623121099654 HTTP/1.1" 302 -
114.86.187.76 - - [08/Jun/2021:10:58:15 +0800] "GET /xingrg/check_reg.html?_=1623121101889 HTTP/1.1" 200 22
114.86.187.76 - - [08/Jun/2021:10:58:15 +0800] "GET /xingrg/all/function/internal_message.html?_=1623121101888&CODE_STATE=getMsg HTTP/1.1" 200 27
61.165.42.208 - - [08/Jun/2021:10:58:20 +0800] "GET /xingrg/all/function/internal_message.html?_=1623121102199&CODE_STATE=getMsg HTTP/1.1" 200 27
61.165.42.208 - - [08/Jun/2021:10:58:20 +0800] "GET /xingrg/check_reg.html?_=1623121102528 HTTP/1.1" 200 22
180.169.147.146 - - [08/Jun/2021:10:58:22 +0800] "GET /xingrg/all/function/internal_message.html?_=1623121105331&CODE_STATE=getMsg HTTP/1.1" 302 -
116.235.222.38 - - [08/Jun/2021:10:58:24 +0800] "POST /xingrg/kc/buy/cgsh_order_operate.html HTTP/1.1" 200 37
114.86.225.21 - - [08/Jun/2021:10:58:25 +0800] "GET /xingrg/kc/buy/cgsh_order_operate.html?command=get_materiel&rest_code=00109&code=00101008125&supplier_code=00100005&order_time=2021-06-08 HTTP/1.1" 200 413
117.185.32.26 - - [08/Jun/2021:10:58:25 +0800] "GET /xingrg/kc/base/base_main.html HTTP/1.1" 200 12142
116.235.222.38 - - [08/Jun/2021:10:58:26 +0800] "POST /xingrg/kc/buy/cgsh_order_operate.html HTTP/1.1" 200 2673
117.185.32.26 - - [08/Jun/2021:10:58:27 +0800] "GET /xingrg/kc/base/wldb_order_list.html HTTP/1.1" 200 19020
117.185.32.26 - - [08/Jun/2021:10:58:28 +0800] "POST /xingrg/kc/base/wldb_list_operate.html HTTP/1.1" 200 2165
116.235.222.38 - - [08/Jun/2021:10:58:28 +0800] "GET /xingrg/kc/print/load_data.html?order_code=212021060803540&kc_code=cgsh&condition= HTTP/1.1" 200 757
120.253.135.82 - - [08/Jun/2021:10:58:29 +0800] "GET /xingrg/check_reg.html?_=1623120893999 HTTP/1.1" 200 22
180.169.147.146 - - [08/Jun/2021:10:58:30 +0800] "GET /xingrg/all/function/internal_message.html?_=1623121111187&CODE_STATE=getMsg HTTP/1.1" 200 27
116.235.222.38 - - [08/Jun/2021:10:58:32 +0800] "GET /xingrg/kc/buy/cgsh_order_add.html HTTP/1.1" 200 62501
116.235.222.38 - - [08/Jun/2021:10:58:33 +0800] "GET /xingrg/words/20210608103201_words.js HTTP/1.1" 304 -
116.235.222.38 - - [08/Jun/2021:10:58:33 +0800] "GET /xingrg/javascript/easyui/themes/default/validatebox.css HTTP/1.1" 404 1104
116.235.222.38 - - [08/Jun/2021:10:58:33 +0800] "POST /xingrg/kc/buy/cgsh_order_operate.html HTTP/1.1" 200 8245
116.235.222.38 - - [08/Jun/2021:10:58:34 +0800] "GET /xingrg/javascript/easyui/themes/default/tree.css HTTP/1.1" 404 1090
116.235.222.38 - - [08/Jun/2021:10:58:35 +0800] "POST /xingrg/all/common/load_tree.html?tree=supplier_tree_json&isDelete=1 HTTP/1.1" 200 56016
117.185.32.26 - - [08/Jun/2021:10:58:38 +0800] "GET /xingrg/kc/base/base_main.html HTTP/1.1" 200 12142
117.185.32.26 - - [08/Jun/2021:10:58:40 +0800] "GET /xingrg/kc/base/wldb_order_list.html HTTP/1.1" 200 19020
117.185.32.26 - - [08/Jun/2021:10:58:40 +0800] "POST /xingrg/kc/base/wldb_list_operate.html HTTP/1.1" 200 2165
116.230.117.165 - - [08/Jun/2021:10:58:41 +0800] "GET /xingrg/all/function/internal_message.html?_=1623121128609&CODE_STATE=getMsg HTTP/1.1" 200 27
116.230.110.80 - - [08/Jun/2021:10:58:43 +0800] "GET /xingrg/all/function/internal_message.html?_=1623121110465&CODE_STATE=getMsg HTTP/1.1" 200 27
117.185.32.26 - - [08/Jun/2021:10:58:44 +0800] "GET /xingrg/kc/base/base_main.html HTTP/1.1" 200 12142
58.37.225.51 - - [08/Jun/2021:10:58:45 +0800] "GET /xingrg/all/function/internal_message.html?_=1623121068907&CODE_STATE=getMsg HTTP/1.1" 200 27
114.86.225.21 - - [08/Jun/2021:10:58:46 +0800] "GET /xingrg/all/function/internal_message.html?_=1623121128284&CODE_STATE=getMsg HTTP/1.1" 200 27
117.185.32.26 - - [08/Jun/2021:10:58:47 +0800] "GET /xingrg/kc/base/wldb_order_list.html HTTP/1.1" 200 19020
117.185.32.26 - - [08/Jun/2021:10:58:47 +0800] "POST /xingrg/kc/base/wldb_list_operate.html HTTP/1.1" 200 2165
116.235.222.38 - - [08/Jun/2021:10:58:52 +0800] "GET /xingrg/kc/buy/cgsh_order_operate.html?command=get_materiel&rest_code=00107&code=00101004020&supplier_code=00100312&order_time=2021-06-08 HTTP/1.1" 200 409
58.40.7.146 - - [08/Jun/2021:10:58:53 +0800] "GET /xingrg/all/function/internal_message.html?_=1623121135216&CODE_STATE=getMsg HTTP/1.1" 200 27
117.185.32.26 - - [08/Jun/2021:10:58:53 +0800] "GET /xingrg/all/function/internal_message.html?_=1623121668233&CODE_STATE=getMsg HTTP/1.1" 200 27
222.70.177.90 - - [08/Jun/2021:10:58:57 +0800] "GET /xingrg/check_reg.html?_=1623121138531 HTTP/1.1" 200 22
222.69.129.148 - - [08/Jun/2021:10:59:03 +0800] "GET /xingrg/all/function/internal_message.html?_=1623121144369&CODE_STATE=getMsg HTTP/1.1" 200 27
222.70.177.90 - - [08/Jun/2021:10:59:06 +0800] "GET /xingrg/all/function/internal_message.html?_=1623121146703&CODE_STATE=getMsg HTTP/1.1" 200 27
116.235.222.38 - - [08/Jun/2021:10:59:07 +0800] "GET /xingrg/check_reg.html?_=1623121146717 HTTP/1.1" 200 22
116.235.222.38 - - [08/Jun/2021:10:59:07 +0800] "GET /xingrg/all/function/internal_message.html?_=1623121146961&CODE_STATE=getMsg HTTP/1.1" 200 27
116.224.253.72 - - [08/Jun/2021:10:59:10 +0800] "GET /xingrg/all/function/internal_message.html?_=1623121151595&CODE_STATE=getMsg HTTP/1.1" 200 27
116.235.222.38 - - [08/Jun/2021:10:59:10 +0800] "GET /xingrg/kc/buy/cgsh_order_operate.html?command=get_materiel&rest_code=00107&code=00101001029&supplier_code=00100312&order_time=2021-06-08 HTTP/1.1" 200 413
180.169.147.146 - - [08/Jun/2021:10:59:10 +0800] "GET /xingrg/all/function/internal_message.html?_=1623121151087&CODE_STATE=getMsg HTTP/1.1" 200 27
120.204.17.72 - - [08/Jun/2021:10:59:13 +0800] "GET /xingrg/all/function/internal_message.html?_=1623121089262&CODE_STATE=getMsg HTTP/1.1" 302 -
117.185.32.26 - - [08/Jun/2021:10:59:13 +0800] "GET /xingrg/all/function/internal_message.html?_=1623121149264&CODE_STATE=getMsg HTTP/1.1" 200 27
120.204.17.72 - - [08/Jun/2021:10:59:13 +0800] "GET /xingrg/login.html HTTP/1.1" 200 7641
116.224.253.72 - - [08/Jun/2021:10:59:13 +0800] "GET /xingrg/all/function/internal_message.html?_=1623121154090&CODE_STATE=getMsg HTTP/1.1" 200 27
114.86.187.76 - - [08/Jun/2021:10:59:15 +0800] "GET /xingrg/all/function/internal_message.html?_=1623121161886&CODE_STATE=getMsg HTTP/1.1" 200 27
61.165.42.208 - - [08/Jun/2021:10:59:20 +0800] "GET /xingrg/all/function/internal_message.html?_=1623121162174&CODE_STATE=getMsg HTTP/1.1" 200 27
180.169.147.146 - - [08/Jun/2021:10:59:22 +0800] "GET /xingrg/all/function/internal_message.html?_=1623121165340&CODE_STATE=getMsg HTTP/1.1" 302 -
116.235.222.38 - - [08/Jun/2021:10:59:23 +0800] "GET /xingrg/kc/buy/cgsh_order_operate.html?command=get_materiel&rest_code=00107&code=00101005022&supplier_code=00100312&order_time=2021-06-08 HTTP/1.1" 200 417
180.169.147.146 - - [08/Jun/2021:10:59:30 +0800] "GET /xingrg/all/function/internal_message.html?_=1623121171188&CODE_STATE=getMsg HTTP/1.1" 200 27
116.235.222.38 - - [08/Jun/2021:10:59:35 +0800] "GET /xingrg/kc/buy/cgsh_order_operate.html?command=get_materiel&rest_code=00107&code=00101001138&supplier_code=00100312&order_time=2021-06-08 HTTP/1.1" 200 433
116.230.117.165 - - [08/Jun/2021:10:59:41 +0800] "GET /xingrg/all/function/internal_message.html?_=1623121188622&CODE_STATE=getMsg HTTP/1.1" 200 27
114.86.225.21 - - [08/Jun/2021:10:59:41 +0800] "GET /xingrg/kc/buy/cgsh_order_operate.html?command=get_materiel&rest_code=00109&code=00101008125&supplier_code=00100005&order_time=2021-06-08 HTTP/1.1" 200 413
116.230.110.80 - - [08/Jun/2021:10:59:43 +0800] "GET /xingrg/all/function/internal_message.html?_=1623121170455&CODE_STATE=getMsg HTTP/1.1" 200 27
114.86.225.21 - - [08/Jun/2021:10:59:44 +0800] "POST /xingrg/kc/buy/cgsh_order_operate.html HTTP/1.1" 200 2065
116.224.253.72 - - [08/Jun/2021:10:59:45 +0800] "GET /xingrg/check_reg.html?_=1623121185907 HTTP/1.1" 200 22
58.37.225.51 - - [08/Jun/2021:10:59:45 +0800] "GET /xingrg/check_reg.html?_=1623121128905 HTTP/1.1" 200 22
58.37.225.51 - - [08/Jun/2021:10:59:45 +0800] "GET /xingrg/all/function/internal_message.html?_=1623121128907&CODE_STATE=getMsg HTTP/1.1" 200 27
114.86.225.21 - - [08/Jun/2021:10:59:46 +0800] "GET /xingrg/all/function/internal_message.html?_=1623121188285&CODE_STATE=getMsg HTTP/1.1" 200 27
114.86.225.21 - - [08/Jun/2021:10:59:46 +0800] "GET /xingrg/check_reg.html?_=1623121188287 HTTP/1.1" 200 22
116.235.222.38 - - [08/Jun/2021:10:59:47 +0800] "POST /xingrg/kc/buy/cgsh_order_operate.html HTTP/1.1" 200 37
116.235.222.38 - - [08/Jun/2021:10:59:49 +0800] "POST /xingrg/kc/buy/cgsh_order_operate.html HTTP/1.1" 200 4440
114.86.225.21 - - [08/Jun/2021:10:59:49 +0800] "GET /xingrg/kc/buy/cgsh_order_operate.html?command=get_materiel&rest_code=00109&code=00101008114&supplier_code=00100005&order_time=2021-06-08 HTTP/1.1" 200 412
116.235.222.38 - - [08/Jun/2021:10:59:51 +0800] "GET /xingrg/kc/print/load_data.html?order_code=212021060803541&kc_code=cgsh&condition= HTTP/1.1" 200 1352
58.40.7.146 - - [08/Jun/2021:10:59:53 +0800] "GET /xingrg/all/function/internal_message.html?_=1623121195223&CODE_STATE=getMsg HTTP/1.1" 200 27
117.185.32.26 - - [08/Jun/2021:10:59:53 +0800] "GET /xingrg/all/function/internal_message.html?_=1623121728212&CODE_STATE=getMsg HTTP/1.1" 200 27
116.235.222.38 - - [08/Jun/2021:10:59:56 +0800] "GET /xingrg/kc/buy/cgsh_order_add.html HTTP/1.1" 200 62501
114.86.225.21 - - [08/Jun/2021:10:59:57 +0800] "GET /xingrg/kc/buy/cgsh_order_operate.html?command=get_materiel&rest_code=00109&code=00101008350&supplier_code=00100005&order_time=2021-06-08 HTTP/1.1" 200 408
116.235.222.38 - - [08/Jun/2021:10:59:57 +0800] "POST /xingrg/kc/buy/cgsh_order_operate.html HTTP/1.1" 200 8245
116.235.222.38 - - [08/Jun/2021:10:59:57 +0800] "GET /xingrg/javascript/easyui/themes/default/validatebox.css HTTP/1.1" 404 1104
116.235.222.38 - - [08/Jun/2021:10:59:59 +0800] "GET /xingrg/javascript/easyui/themes/default/tree.css HTTP/1.1" 404 1090
116.235.222.38 - - [08/Jun/2021:10:59:59 +0800] "POST /xingrg/all/common/load_tree.html?tree=supplier_tree_json&isDelete=1 HTTP/1.1" 200 56016
222.69.129.148 - - [08/Jun/2021:11:00:03 +0800] "GET /xingrg/all/function/internal_message.html?_=1623121204367&CODE_STATE=getMsg HTTP/1.1" 200 27
222.69.129.148 - - [08/Jun/2021:11:00:03 +0800] "GET /xingrg/check_reg.html?_=1623121204367 HTTP/1.1" 200 22
222.70.177.90 - - [08/Jun/2021:11:00:06 +0800] "GET /xingrg/all/function/internal_message.html?_=1623121206696&CODE_STATE=getMsg HTTP/1.1" 200 27
116.235.222.38 - - [08/Jun/2021:11:00:07 +0800] "GET /xingrg/all/function/internal_message.html?_=1623121206931&CODE_STATE=getMsg HTTP/1.1" 200 27
116.224.253.72 - - [08/Jun/2021:11:00:10 +0800] "GET /xingrg/all/function/internal_message.html?_=1623121211581&CODE_STATE=getMsg HTTP/1.1" 200 27
180.169.147.146 - - [08/Jun/2021:11:00:10 +0800] "GET /xingrg/all/function/internal_message.html?_=1623121211114&CODE_STATE=getMsg HTTP/1.1" 200 27
117.185.32.26 - - [08/Jun/2021:11:00:13 +0800] "GET /xingrg/check_reg.html?_=1623121209264 HTTP/1.1" 200 22
117.185.32.26 - - [08/Jun/2021:11:00:13 +0800] "GET /xingrg/all/function/internal_message.html?_=1623121209262&CODE_STATE=getMsg HTTP/1.1" 200 27
116.224.253.72 - - [08/Jun/2021:11:00:13 +0800] "GET /xingrg/all/function/internal_message.html?_=1623121214092&CODE_STATE=getMsg HTTP/1.1" 200 27
222.70.177.90 - - [08/Jun/2021:11:00:14 +0800] "POST /xingrg/kc/buy/cgsh_order_operate.html HTTP/1.1" 200 37
114.86.225.21 - - [08/Jun/2021:11:00:14 +0800] "GET /xingrg/kc/buy/cgsh_order_operate.html?command=get_materiel&rest_code=00109&code=00101008092&supplier_code=00100005&order_time=2021-06-08 HTTP/1.1" 200 412
114.86.187.76 - - [08/Jun/2021:11:00:15 +0800] "GET /xingrg/all/function/internal_message.html?_=1623121221884&CODE_STATE=getMsg HTTP/1.1" 200 27
120.204.17.72 - - [08/Jun/2021:11:00:16 +0800] "GET /xingrg/all/function/internal_message.html?_=1623121149264&CODE_STATE=getMsg HTTP/1.1" 302 -
222.70.177.90 - - [08/Jun/2021:11:00:16 +0800] "POST /xingrg/kc/buy/cgsh_order_operate.html HTTP/1.1" 200 26330
120.204.17.72 - - [08/Jun/2021:11:00:18 +0800] "GET /xingrg/login.html HTTP/1.1" 200 7641
222.70.177.90 - - [08/Jun/2021:11:00:18 +0800] "GET /xingrg/kc/print/load_data.html?order_code=212021060803542&kc_code=cgsh&condition= HTTP/1.1" 200 9673
116.235.222.38 - - [08/Jun/2021:11:00:19 +0800] "GET /xingrg/kc/buy/cgsh_order_operate.html?command=get_materiel&rest_code=00107&code=00101004011&supplier_code=00100086&order_time=2021-06-08 HTTP/1.1" 200 413
114.86.187.76 - - [08/Jun/2021:11:00:19 +0800] "GET /xingrg/index.html?sysBaseUrl=http%3A%2F%2F180.169.147.146%3A18081%2Fxingrg%2F&costTime=34×tamp=1585624833755 HTTP/1.1" 302 -
114.86.187.76 - - [08/Jun/2021:11:00:19 +0800] "GET /xingrg/login.html HTTP/1.1" 200 7641
114.86.187.76 - - [08/Jun/2021:11:00:19 +0800] "GET /xingrg/images/blue/jxLogo.png HTTP/1.1" 200 6156
61.165.42.208 - - [08/Jun/2021:11:00:20 +0800] "GET /xingrg/all/function/internal_message.html?_=1623121222154&CODE_STATE=getMsg HTTP/1.1" 200 27
180.169.147.146 - - [08/Jun/2021:11:00:22 +0800] "GET /xingrg/all/function/internal_message.html?_=1623121225341&CODE_STATE=getMsg HTTP/1.1" 302 -
114.86.225.21 - - [08/Jun/2021:11:00:23 +0800] "GET /xingrg/kc/buy/cgsh_order_operate.html?command=get_materiel&rest_code=00109&code=00101008041&supplier_code=00100005&order_time=2021-06-08 HTTP/1.1" 200 408
58.221.95.50 - - [08/Jun/2021:11:00:27 +0800] "GET /xingrg/check_reg.html?_=1623121231718 HTTP/1.1" 302 -
116.235.222.38 - - [08/Jun/2021:11:00:30 +0800] "POST /xingrg/kc/buy/cgsh_order_operate.html HTTP/1.1" 200 37
180.169.147.146 - - [08/Jun/2021:11:00:30 +0800] "GET /xingrg/all/function/internal_message.html?_=1623121231192&CODE_STATE=getMsg HTTP/1.1" 200 27
114.86.225.21 - - [08/Jun/2021:11:00:31 +0800] "GET /xingrg/kc/buy/cgsh_order_operate.html?command=get_materiel&rest_code=00109&code=00101008356&supplier_code=00100005&order_time=2021-06-08 HTTP/1.1" 200 408
116.235.222.38 - - [08/Jun/2021:11:00:32 +0800] "POST /xingrg/kc/buy/cgsh_order_operate.html HTTP/1.1" 200 2660
116.235.222.38 - - [08/Jun/2021:11:00:34 +0800] "GET /xingrg/kc/print/load_data.html?order_code=212021060803543&kc_code=cgsh&condition= HTTP/1.1" 200 739
114.86.225.21 - - [08/Jun/2021:11:00:38 +0800] "POST /xingrg/kc/buy/cgsh_order_operate.html HTTP/1.1" 200 2065
116.230.117.165 - - [08/Jun/2021:11:00:41 +0800] "GET /xingrg/all/function/internal_message.html?_=1623121248825&CODE_STATE=getMsg HTTP/1.1" 200 27
114.86.225.21 - - [08/Jun/2021:11:00:42 +0800] "GET /xingrg/kc/buy/cgsh_order_operate.html?command=get_materiel&rest_code=00109&code=00101008323&supplier_code=00100005&order_time=2021-06-08 HTTP/1.1" 200 408
116.230.110.80 - - [08/Jun/2021:11:00:43 +0800] "GET /xingrg/all/function/internal_message.html?_=1623121230473&CODE_STATE=getMsg HTTP/1.1" 200 27
116.230.110.80 - - [08/Jun/2021:11:00:43 +0800] "GET /xingrg/check_reg.html?_=1623121230475 HTTP/1.1" 200 22
58.37.225.51 - - [08/Jun/2021:11:00:45 +0800] "GET /xingrg/all/function/internal_message.html?_=1623121188906&CODE_STATE=getMsg HTTP/1.1" 200 27
114.86.225.21 - - [08/Jun/2021:11:00:46 +0800] "GET /xingrg/all/function/internal_message.html?_=1623121248287&CODE_STATE=getMsg HTTP/1.1" 200 27
58.40.7.146 - - [08/Jun/2021:11:00:53 +0800] "GET /xingrg/check_reg.html?_=1623121255208 HTTP/1.1" 200 22
58.40.7.146 - - [08/Jun/2021:11:00:53 +0800] "GET /xingrg/all/function/internal_message.html?_=1623121255210&CODE_STATE=getMsg HTTP/1.1" 200 27
117.185.32.26 - - [08/Jun/2021:11:00:53 +0800] "GET /xingrg/all/function/internal_message.html?_=1623121788195&CODE_STATE=getMsg HTTP/1.1" 200 27
116.235.222.38 - - [08/Jun/2021:11:00:57 +0800] "GET /xingrg/kc/buy/cgsh_order_add.html HTTP/1.1" 200 62501
116.235.222.38 - - [08/Jun/2021:11:00:58 +0800] "GET /xingrg/javascript/easyui/themes/default/validatebox.css HTTP/1.1" 404 1104
116.235.222.38 - - [08/Jun/2021:11:00:58 +0800] "POST /xingrg/kc/buy/cgsh_order_operate.html HTTP/1.1" 200 8245
116.235.222.38 - - [08/Jun/2021:11:00:59 +0800] "GET /xingrg/javascript/easyui/themes/default/tree.css HTTP/1.1" 404 1090
116.235.222.38 - - [08/Jun/2021:11:00:59 +0800] "POST /xingrg/all/common/load_tree.html?tree=supplier_tree_json&isDelete=1 HTTP/1.1" 200 56016
114.86.225.21 - - [08/Jun/2021:11:01:01 +0800] "POST /xingrg/kc/buy/cgsh_order_operate.html HTTP/1.1" 200 37
222.69.129.148 - - [08/Jun/2021:11:01:03 +0800] "GET /xingrg/all/function/internal_message.html?_=1623121264370&CODE_STATE=getMsg HTTP/1.1" 200 27
114.86.225.21 - - [08/Jun/2021:11:01:03 +0800] "POST /xingrg/kc/buy/cgsh_order_operate.html HTTP/1.1" 200 30455
114.86.225.21 - - [08/Jun/2021:11:01:06 +0800] "GET /xingrg/kc/print/load_config.html?kc_code=cgsh HTTP/1.1" 200 1845
222.70.177.90 - - [08/Jun/2021:11:01:06 +0800] "GET /xingrg/check_reg.html?_=1623121266698 HTTP/1.1" 200 22
222.70.177.90 - - [08/Jun/2021:11:01:06 +0800] "GET /xingrg/all/function/internal_message.html?_=1623121266700&CODE_STATE=getMsg HTTP/1.1" 200 27
114.86.225.21 - - [08/Jun/2021:11:01:06 +0800] "GET /xingrg/kc/print/load_data.html?order_code=212021060803445&kc_code=cgsh&condition= HTTP/1.1" 200 11216
116.235.222.38 - - [08/Jun/2021:11:01:07 +0800] "GET /xingrg/all/function/internal_message.html?_=1623121266913&CODE_STATE=getMsg HTTP/1.1" 200 27
116.224.253.72 - - [08/Jun/2021:11:01:10 +0800] "GET /xingrg/check_reg.html?_=1623121271599 HTTP/1.1" 200 22
116.224.253.72 - - [08/Jun/2021:11:01:10 +0800] "GET /xingrg/all/function/internal_message.html?_=1623121271596&CODE_STATE=getMsg HTTP/1.1" 200 27
180.169.147.146 - - [08/Jun/2021:11:01:10 +0800] "GET /xingrg/all/function/internal_message.html?_=1623121271112&CODE_STATE=getMsg HTTP/1.1" 200 27
117.185.32.26 - - [08/Jun/2021:11:01:13 +0800] "GET /xingrg/all/function/internal_message.html?_=1623121269262&CODE_STATE=getMsg HTTP/1.1" 200 27
120.204.17.68 - - [08/Jun/2021:11:01:13 +0800] "GET /xingrg/all/function/internal_message.html?_=1623121209262&CODE_STATE=getMsg HTTP/1.1" 302 -
120.204.17.68 - - [08/Jun/2021:11:01:13 +0800] "GET /xingrg/login.html HTTP/1.1" 200 7641
116.224.253.72 - - [08/Jun/2021:11:01:13 +0800] "GET /xingrg/all/function/internal_message.html?_=1623121274107&CODE_STATE=getMsg HTTP/1.1" 200 27
114.86.225.21 - - [08/Jun/2021:11:01:14 +0800] "GET /xingrg/kc/buy/cgsh_order_add.html HTTP/1.1" 200 62454
114.86.225.21 - - [08/Jun/2021:11:01:14 +0800] "GET /xingrg/words/20210608103201_words.js HTTP/1.1" 200 820379
114.86.225.21 - - [08/Jun/2021:11:01:15 +0800] "POST /xingrg/kc/buy/cgsh_order_operate.html HTTP/1.1" 200 8245
114.86.225.21 - - [08/Jun/2021:11:01:15 +0800] "GET /xingrg/javascript/easyui/themes/default/validatebox.css HTTP/1.1" 404 1104
114.86.225.21 - - [08/Jun/2021:11:01:15 +0800] "GET /xingrg/all/common/auto_word.html?type=employee&rest_code=00109 HTTP/1.1" 200 205
114.86.225.21 - - [08/Jun/2021:11:01:15 +0800] "GET /xingrg/all/common/auto_word.html?type=employee&rest_code=00109 HTTP/1.1" 200 205
114.86.187.76 - - [08/Jun/2021:11:01:15 +0800] "GET /xingrg/all/function/internal_message.html?_=1623121281881&CODE_STATE=getMsg HTTP/1.1" 200 27
114.86.225.21 - - [08/Jun/2021:11:01:18 +0800] "GET /xingrg/javascript/jquery_tools/images/prev.gif HTTP/1.1" 404 1086
114.86.225.21 - - [08/Jun/2021:11:01:18 +0800] "GET /xingrg/javascript/jquery_tools/images/next.gif HTTP/1.1" 404 1086
61.165.42.208 - - [08/Jun/2021:11:01:20 +0800] "GET /xingrg/all/function/internal_message.html?_=1623121282136&CODE_STATE=getMsg HTTP/1.1" 200 27
180.169.147.146 - - [08/Jun/2021:11:01:22 +0800] "GET /xingrg/check_reg.html?_=1623121285332 HTTP/1.1" 302 -
180.169.147.146 - - [08/Jun/2021:11:01:22 +0800] "GET /xingrg/all/function/internal_message.html?_=1623121285337&CODE_STATE=getMsg HTTP/1.1" 302 -
116.235.222.38 - - [08/Jun/2021:11:01:23 +0800] "GET /xingrg/kc/buy/cgsh_order_operate.html?command=get_materiel&rest_code=00107&code=00101003053&supplier_code=00100091&order_time=2021-06-08 HTTP/1.1" 200 398
114.86.225.21 - - [08/Jun/2021:11:01:24 +0800] "GET /xingrg/kc/buy/cgsh_order_operate.html?command=get_materiel&rest_code=00109&code=00101011001&supplier_code=00100046&order_time=2021-06-08 HTTP/1.1" 200 423
180.169.147.146 - - [08/Jun/2021:11:01:30 +0800] "GET /xingrg/check_reg.html?_=1623121291198 HTTP/1.1" 200 22
180.169.147.146 - - [08/Jun/2021:11:01:30 +0800] "GET /xingrg/all/function/internal_message.html?_=1623121291203&CODE_STATE=getMsg HTTP/1.1" 200 27
114.86.225.21 - - [08/Jun/2021:11:01:31 +0800] "GET /xingrg/kc/buy/cgsh_order_operate.html?command=get_materiel&rest_code=00109&code=00101011003&supplier_code=00100046&order_time=2021-06-08 HTTP/1.1" 200 413
116.230.117.165 - - [08/Jun/2021:11:01:41 +0800] "GET /xingrg/all/function/internal_message.html?_=1623121308836&CODE_STATE=getMsg HTTP/1.1" 200 27
116.235.222.38 - - [08/Jun/2021:11:01:42 +0800] "POST /xingrg/kc/buy/cgsh_order_operate.html HTTP/1.1" 200 37
116.230.110.80 - - [08/Jun/2021:11:01:43 +0800] "GET /xingrg/all/function/internal_message.html?_=1623121290450&CODE_STATE=getMsg HTTP/1.1" 200 27
116.235.222.38 - - [08/Jun/2021:11:01:44 +0800] "POST /xingrg/kc/buy/cgsh_order_operate.html HTTP/1.1" 200 2659
58.37.225.51 - - [08/Jun/2021:11:01:45 +0800] "GET /xingrg/all/function/internal_message.html?_=1623121248932&CODE_STATE=getMsg HTTP/1.1" 200 27
116.235.222.38 - - [08/Jun/2021:11:01:46 +0800] "GET /xingrg/kc/print/load_data.html?order_code=212021060803544&kc_code=cgsh&condition= HTTP/1.1" 200 739
114.86.225.21 - - [08/Jun/2021:11:01:46 +0800] "GET /xingrg/all/function/internal_message.html?_=1623121308290&CODE_STATE=getMsg HTTP/1.1" 200 27
116.235.222.38 - - [08/Jun/2021:11:01:50 +0800] "GET /xingrg/kc/buy/cgsh_order_add.html HTTP/1.1" 200 62501
116.235.222.38 - - [08/Jun/2021:11:01:50 +0800] "GET /xingrg/words/20210608103201_words.js HTTP/1.1" 304 -
116.235.222.38 - - [08/Jun/2021:11:01:51 +0800] "GET /xingrg/javascript/easyui/themes/default/validatebox.css HTTP/1.1" 404 1104
116.235.222.38 - - [08/Jun/2021:11:01:51 +0800] "POST /xingrg/kc/buy/cgsh_order_operate.html HTTP/1.1" 200 8245
116.235.222.38 - - [08/Jun/2021:11:01:52 +0800] "GET /xingrg/javascript/easyui/themes/default/tree.css HTTP/1.1" 404 1090
116.235.222.38 - - [08/Jun/2021:11:01:52 +0800] "POST /xingrg/all/common/load_tree.html?tree=supplier_tree_json&isDelete=1 HTTP/1.1" 200 56016
58.40.7.146 - - [08/Jun/2021:11:01:53 +0800] "GET /xingrg/all/function/internal_message.html?_=1623121315211&CODE_STATE=getMsg HTTP/1.1" 200 27
117.185.32.26 - - [08/Jun/2021:11:01:53 +0800] "GET /xingrg/all/function/internal_message.html?_=1623121848179&CODE_STATE=getMsg HTTP/1.1" 200 27
114.86.225.21 - - [08/Jun/2021:11:02:00 +0800] "POST /xingrg/kc/buy/cgsh_order_operate.html HTTP/1.1" 200 37
114.86.225.21 - - [08/Jun/2021:11:02:01 +0800] "POST /xingrg/kc/buy/cgsh_order_operate.html HTTP/1.1" 200 3257
222.69.129.148 - - [08/Jun/2021:11:02:03 +0800] "GET /xingrg/all/function/internal_message.html?_=1623121324370&CODE_STATE=getMsg HTTP/1.1" 200 27
114.86.225.21 - - [08/Jun/2021:11:02:06 +0800] "GET /xingrg/kc/print/load_config.html?kc_code=cgsh HTTP/1.1" 200 1845
222.70.177.90 - - [08/Jun/2021:11:02:06 +0800] "GET /xingrg/all/function/internal_message.html?_=1623121326702&CODE_STATE=getMsg HTTP/1.1" 200 27
114.86.225.21 - - [08/Jun/2021:11:02:06 +0800] "GET /xingrg/kc/print/load_data.html?order_code=212021060803545&kc_code=cgsh&condition= HTTP/1.1" 200 904
116.235.222.38 - - [08/Jun/2021:11:02:07 +0800] "GET /xingrg/all/function/internal_message.html?_=1623121326896&CODE_STATE=getMsg HTTP/1.1" 200 27
180.161.111.4 - - [08/Jun/2021:11:02:07 +0800] "GET /xingrg/check_reg.html?_=1623121291528 HTTP/1.1" 200 22
116.224.253.72 - - [08/Jun/2021:11:02:10 +0800] "GET /xingrg/all/function/internal_message.html?_=1623121331604&CODE_STATE=getMsg HTTP/1.1" 200 27
180.169.147.146 - - [08/Jun/2021:11:02:10 +0800] "GET /xingrg/all/function/internal_message.html?_=1623121331110&CODE_STATE=getMsg HTTP/1.1" 200 27
114.86.225.21 - - [08/Jun/2021:11:02:11 +0800] "GET /xingrg/kc/buy/cgsh_order_add.html HTTP/1.1" 200 62454
114.86.225.21 - - [08/Jun/2021:11:02:11 +0800] "POST /xingrg/kc/buy/cgsh_order_operate.html HTTP/1.1" 200 8245
114.86.225.21 - - [08/Jun/2021:11:02:11 +0800] "GET /xingrg/javascript/easyui/themes/default/validatebox.css HTTP/1.1" 404 1104
114.86.225.21 - - [08/Jun/2021:11:02:11 +0800] "GET /xingrg/all/common/auto_word.html?type=employee&rest_code=00109 HTTP/1.1" 200 205
114.86.225.21 - - [08/Jun/2021:11:02:11 +0800] "GET /xingrg/all/common/auto_word.html?type=employee&rest_code=00109 HTTP/1.1" 200 205
116.235.222.38 - - [08/Jun/2021:11:02:11 +0800] "GET /xingrg/kc/buy/cgsh_order_operate.html?command=get_materiel&rest_code=00107&code=00101001044&supplier_code=00100319&order_time=2021-06-08 HTTP/1.1" 200 409
114.86.225.21 - - [08/Jun/2021:11:02:13 +0800] "GET /xingrg/javascript/jquery_tools/images/prev.gif HTTP/1.1" 404 1086
114.86.225.21 - - [08/Jun/2021:11:02:13 +0800] "GET /xingrg/javascript/jquery_tools/images/next.gif HTTP/1.1" 404 1086
117.185.32.26 - - [08/Jun/2021:11:02:13 +0800] "GET /xingrg/all/function/internal_message.html?_=1623121329262&CODE_STATE=getMsg HTTP/1.1" 200 27
120.204.17.72 - - [08/Jun/2021:11:02:13 +0800] "GET /xingrg/all/function/internal_message.html?_=1623121269262&CODE_STATE=getMsg HTTP/1.1" 302 -
116.224.253.72 - - [08/Jun/2021:11:02:13 +0800] "GET /xingrg/all/function/internal_message.html?_=1623121334146&CODE_STATE=getMsg HTTP/1.1" 200 27
120.204.17.72 - - [08/Jun/2021:11:02:14 +0800] "GET /xingrg/login.html HTTP/1.1" 200 7641
114.86.187.76 - - [08/Jun/2021:11:02:15 +0800] "GET /xingrg/all/function/internal_message.html?_=1623121341880&CODE_STATE=getMsg HTTP/1.1" 200 27
114.86.225.21 - - [08/Jun/2021:11:02:19 +0800] "GET /xingrg/kc/buy/cgsh_order_operate.html?command=get_materiel&rest_code=00109&code=00101001111&supplier_code=00100454&order_time=2021-06-08 HTTP/1.1" 200 411
61.165.42.208 - - [08/Jun/2021:11:02:20 +0800] "GET /xingrg/all/function/internal_message.html?_=1623121342108&CODE_STATE=getMsg HTTP/1.1" 200 27
180.169.147.146 - - [08/Jun/2021:11:02:22 +0800] "GET /xingrg/all/function/internal_message.html?_=1623121345338&CODE_STATE=getMsg HTTP/1.1" 302 -
61.165.42.208 - - [08/Jun/2021:11:02:24 +0800] "GET /xingrg/kc/base/wldb_order_list.html HTTP/1.1" 200 19020
61.165.42.208 - - [08/Jun/2021:11:02:25 +0800] "POST /xingrg/kc/base/wldb_list_operate.html HTTP/1.1" 200 928
180.169.147.146 - - [08/Jun/2021:11:02:30 +0800] "GET /xingrg/all/function/internal_message.html?_=1623121351189&CODE_STATE=getMsg HTTP/1.1" 200 27
116.235.222.38 - - [08/Jun/2021:11:02:33 +0800] "POST /xingrg/kc/buy/cgsh_order_operate.html HTTP/1.1" 200 37
116.235.222.38 - - [08/Jun/2021:11:02:36 +0800] "POST /xingrg/kc/buy/cgsh_order_operate.html HTTP/1.1" 200 2658
61.165.42.208 - - [08/Jun/2021:11:02:36 +0800] "GET /xingrg/javascript/easyui/plugins/jquery.draggable.js HTTP/1.1" 304 -
61.165.42.208 - - [08/Jun/2021:11:02:36 +0800] "GET /xingrg/javascript/easyui/plugins/jquery.droppable.js HTTP/1.1" 304 -
61.165.42.208 - - [08/Jun/2021:11:02:36 +0800] "GET /xingrg/javascript/easyui/themes/default/tree.css HTTP/1.1" 404 1090
61.165.42.208 - - [08/Jun/2021:11:02:36 +0800] "GET /xingrg/javascript/easyui/plugins/jquery.tree.js HTTP/1.1" 304 -
180.169.147.146 - - [08/Jun/2021:11:02:38 +0800] "GET /xingrg/check_reg.html?_=1623121363274 HTTP/1.1" 302 -
114.86.225.21 - - [08/Jun/2021:11:02:39 +0800] "POST /xingrg/kc/buy/cgsh_order_operate.html HTTP/1.1" 200 88
61.165.42.208 - - [08/Jun/2021:11:02:39 +0800] "POST /xingrg/all/common/load_tree.html?tree=rest_base_tree_json HTTP/1.1" 200 75489
116.235.222.38 - - [08/Jun/2021:11:02:39 +0800] "GET /xingrg/kc/print/load_data.html?order_code=212021060803546&kc_code=cgsh&condition= HTTP/1.1" 200 675
61.165.42.208 - - [08/Jun/2021:11:02:40 +0800] "GET /xingrg/javascript/easyui/themes/default/images/tree_arrows.gif HTTP/1.1" 304 -
61.165.42.208 - - [08/Jun/2021:11:02:40 +0800] "GET /xingrg/javascript/easyui/themes/default/images/tree_checkbox_0.gif HTTP/1.1" 304 -
61.165.42.208 - - [08/Jun/2021:11:02:40 +0800] "GET /xingrg/javascript/easyui/themes/icons/rest.png HTTP/1.1" 304 -
61.165.42.208 - - [08/Jun/2021:11:02:40 +0800] "GET /xingrg/javascript/easyui/themes/default/images/tree_folder_open.gif HTTP/1.1" 304 -
61.165.42.208 - - [08/Jun/2021:11:02:40 +0800] "GET /xingrg/javascript/easyui/themes/default/images/tree_file.gif HTTP/1.1" 304 -
61.165.42.208 - - [08/Jun/2021:11:02:40 +0800] "GET /xingrg/javascript/easyui/themes/icons/areas.png HTTP/1.1" 304 -
116.230.117.165 - - [08/Jun/2021:11:02:41 +0800] "GET /xingrg/all/function/internal_message.html?_=1623121369060&CODE_STATE=getMsg HTTP/1.1" 200 27
116.230.110.80 - - [08/Jun/2021:11:02:43 +0800] "GET /xingrg/all/function/internal_message.html?_=1623121350463&CODE_STATE=getMsg HTTP/1.1" 200 27
116.235.222.38 - - [08/Jun/2021:11:02:44 +0800] "GET /xingrg/kc/buy/cgsh_order_add.html HTTP/1.1" 200 62501
116.235.222.38 - - [08/Jun/2021:11:02:45 +0800] "POST /xingrg/kc/buy/cgsh_order_operate.html HTTP/1.1" 200 8245
116.235.222.38 - - [08/Jun/2021:11:02:45 +0800] "GET /xingrg/javascript/easyui/themes/default/validatebox.css HTTP/1.1" 404 1104
58.37.225.51 - - [08/Jun/2021:11:02:45 +0800] "GET /xingrg/all/function/internal_message.html?_=1623121308931&CODE_STATE=getMsg HTTP/1.1" 200 27
116.235.222.38 - - [08/Jun/2021:11:02:46 +0800] "GET /xingrg/javascript/easyui/themes/default/tree.css HTTP/1.1" 404 1090
114.86.225.21 - - [08/Jun/2021:11:02:46 +0800] "GET /xingrg/all/function/internal_message.html?_=1623121368867&CODE_STATE=getMsg HTTP/1.1" 200 27
116.235.222.38 - - [08/Jun/2021:11:02:47 +0800] "POST /xingrg/all/common/load_tree.html?tree=supplier_tree_json&isDelete=1 HTTP/1.1" 200 56016
114.86.225.21 - - [08/Jun/2021:11:02:49 +0800] "POST /xingrg/kc/buy/cgsh_order_operate.html HTTP/1.1" 200 37
61.165.42.208 - - [08/Jun/2021:11:02:50 +0800] "GET /xingrg/javascript/easyui/themes/default/images/tree_checkbox_1.gif HTTP/1.1" 304 -
61.165.42.208 - - [08/Jun/2021:11:02:50 +0800] "GET /xingrg/javascript/easyui/themes/default/images/tree_checkbox_2.gif HTTP/1.1" 304 -
61.165.42.208 - - [08/Jun/2021:11:02:52 +0800] "POST /xingrg/all/common/load_tree.html?tree=rest_base_tree_json HTTP/1.1" 200 75489
58.40.7.146 - - [08/Jun/2021:11:02:53 +0800] "GET /xingrg/all/function/internal_message.html?_=1623121375214&CODE_STATE=getMsg HTTP/1.1" 200 27
117.185.32.26 - - [08/Jun/2021:11:02:53 +0800] "GET /xingrg/all/function/internal_message.html?_=1623121908156&CODE_STATE=getMsg HTTP/1.1" 200 27
117.185.32.26 - - [08/Jun/2021:11:02:54 +0800] "GET /xingrg/check_reg.html?_=1623121908768 HTTP/1.1" 200 22
116.230.117.165 - - [08/Jun/2021:11:02:55 +0800] "GET /xingrg/check_reg.html?_=1623121383436 HTTP/1.1" 200 22
117.184.7.26 - - [08/Jun/2021:11:03:00 +0800] "GET /xingrg/check_reg.html?_=1623121378578 HTTP/1.1" 200 22
222.69.129.148 - - [08/Jun/2021:11:03:03 +0800] "GET /xingrg/all/function/internal_message.html?_=1623121384369&CODE_STATE=getMsg HTTP/1.1" 200 27
222.70.177.90 - - [08/Jun/2021:11:03:06 +0800] "GET /xingrg/all/function/internal_message.html?_=1623121386705&CODE_STATE=getMsg HTTP/1.1" 200 27
116.235.222.38 - - [08/Jun/2021:11:03:07 +0800] "GET /xingrg/all/function/internal_message.html?_=1623121386880&CODE_STATE=getMsg HTTP/1.1" 200 27
61.165.42.208 - - [08/Jun/2021:11:03:07 +0800] "POST /xingrg/kc/base/wldb_list_operate.html HTTP/1.1" 200 3829
61.165.42.208 - - [08/Jun/2021:11:03:09 +0800] "POST /xingrg/kc/base/wldb_list_operate.html HTTP/1.1" 200 200
116.224.253.72 - - [08/Jun/2021:11:03:10 +0800] "GET /xingrg/all/function/internal_message.html?_=1623121391610&CODE_STATE=getMsg HTTP/1.1" 200 27
61.165.42.208 - - [08/Jun/2021:11:03:10 +0800] "POST /xingrg/kc/base/wldb_list_operate.html HTTP/1.1" 200 200
180.169.147.146 - - [08/Jun/2021:11:03:10 +0800] "GET /xingrg/check_reg.html?_=1623121391120 HTTP/1.1" 200 22
180.169.147.146 - - [08/Jun/2021:11:03:10 +0800] "GET /xingrg/all/function/internal_message.html?_=1623121391122&CODE_STATE=getMsg HTTP/1.1" 200 27
61.165.42.208 - - [08/Jun/2021:11:03:12 +0800] "POST /xingrg/kc/base/wldb_list_operate.html HTTP/1.1" 200 600
116.235.222.38 - - [08/Jun/2021:11:03:12 +0800] "GET /xingrg/kc/buy/cgsh_order_operate.html?command=get_materiel&rest_code=00107&code=00101001127&supplier_code=00100442&order_time=2021-06-08 HTTP/1.1" 200 431
120.204.17.68 - - [08/Jun/2021:11:03:13 +0800] "GET /xingrg/all/function/internal_message.html?_=1623121329262&CODE_STATE=getMsg HTTP/1.1" 302 -
117.185.32.26 - - [08/Jun/2021:11:03:13 +0800] "GET /xingrg/all/function/internal_message.html?_=1623121389261&CODE_STATE=getMsg HTTP/1.1" 200 27
120.204.17.68 - - [08/Jun/2021:11:03:13 +0800] "GET /xingrg/login.html HTTP/1.1" 200 7641
116.224.253.72 - - [08/Jun/2021:11:03:13 +0800] "GET /xingrg/all/function/internal_message.html?_=1623121394149&CODE_STATE=getMsg HTTP/1.1" 200 27
61.165.42.208 - - [08/Jun/2021:11:03:14 +0800] "GET /xingrg/kc/base/wldb_order_info.html?code=422021060500509 HTTP/1.1" 200 26107
180.169.147.146 - - [08/Jun/2021:11:03:14 +0800] "GET /xingrg/check_reg.html?_=1623121399680 HTTP/1.1" 302 -
61.165.42.208 - - [08/Jun/2021:11:03:15 +0800] "GET /xingrg/javascript/easyui/themes/default/validatebox.css HTTP/1.1" 404 1104
61.165.42.208 - - [08/Jun/2021:11:03:15 +0800] "POST /xingrg/kc/base/wldb_order_operate.html HTTP/1.1" 200 3310
114.86.187.76 - - [08/Jun/2021:11:03:15 +0800] "GET /xingrg/all/function/internal_message.html?_=1623121401878&CODE_STATE=getMsg HTTP/1.1" 200 27
114.86.187.76 - - [08/Jun/2021:11:03:15 +0800] "GET /xingrg/check_reg.html?_=1623121401878 HTTP/1.1" 200 22
61.165.42.208 - - [08/Jun/2021:11:03:20 +0800] "GET /xingrg/all/function/internal_message.html?_=1623121402174&CODE_STATE=getMsg HTTP/1.1" 200 27
61.165.42.208 - - [08/Jun/2021:11:03:20 +0800] "GET /xingrg/check_reg.html?_=1623121402526 HTTP/1.1" 200 22
61.165.42.208 - - [08/Jun/2021:11:03:21 +0800] "POST /xingrg/kc/base/wldb_list_operate.html HTTP/1.1" 200 292
180.169.147.146 - - [08/Jun/2021:11:03:22 +0800] "GET /xingrg/all/function/internal_message.html?_=1623121405326&CODE_STATE=getMsg HTTP/1.1" 302 -
116.235.222.38 - - [08/Jun/2021:11:03:26 +0800] "GET /xingrg/kc/buy/cgsh_order_operate.html?command=get_materiel&rest_code=00107&code=00101001052&supplier_code=00100442&order_time=2021-06-08 HTTP/1.1" 200 411
120.253.135.82 - - [08/Jun/2021:11:03:29 +0800] "GET /xingrg/check_reg.html?_=1623121194052 HTTP/1.1" 200 22
180.169.147.146 - - [08/Jun/2021:11:03:30 +0800] "GET /xingrg/all/function/internal_message.html?_=1623121411185&CODE_STATE=getMsg HTTP/1.1" 200 27
116.230.117.165 - - [08/Jun/2021:11:03:41 +0800] "GET /xingrg/all/function/internal_message.html?_=1623121429066&CODE_STATE=getMsg HTTP/1.1" 200 27
116.230.110.80 - - [08/Jun/2021:11:03:43 +0800] "GET /xingrg/all/function/internal_message.html?_=1623121410457&CODE_STATE=getMsg HTTP/1.1" 200 27
116.235.222.38 - - [08/Jun/2021:11:03:45 +0800] "GET /xingrg/kc/buy/cgsh_order_operate.html?command=get_materiel&rest_code=00107&code=00101001002&supplier_code=00100442&order_time=2021-06-08 HTTP/1.1" 200 413
58.37.225.51 - - [08/Jun/2021:11:03:45 +0800] "GET /xingrg/all/function/internal_message.html?_=1623121368930&CODE_STATE=getMsg HTTP/1.1" 200 27
61.165.42.208 - - [08/Jun/2021:11:03:45 +0800] "POST /xingrg/kc/base/wldb_list_operate.html HTTP/1.1" 200 368
61.165.42.208 - - [08/Jun/2021:11:03:49 +0800] "POST /xingrg/kc/base/wldb_list_operate.html HTTP/1.1" 200 449
61.165.42.208 - - [08/Jun/2021:11:03:52 +0800] "GET /xingrg/kc/base/wldb_order_info.html?code=422021060700763 HTTP/1.1" 200 26107
61.165.42.208 - - [08/Jun/2021:11:03:52 +0800] "GET /xingrg/javascript/easyui/themes/default/validatebox.css HTTP/1.1" 404 1104
61.165.42.208 - - [08/Jun/2021:11:03:53 +0800] "POST /xingrg/kc/base/wldb_order_operate.html HTTP/1.1" 200 1915
58.40.7.146 - - [08/Jun/2021:11:03:53 +0800] "GET /xingrg/all/function/internal_message.html?_=1623121435215&CODE_STATE=getMsg HTTP/1.1" 200 27
117.185.32.26 - - [08/Jun/2021:11:03:53 +0800] "GET /xingrg/all/function/internal_message.html?_=1623121968128&CODE_STATE=getMsg HTTP/1.1" 200 27
172.20.0.100 - - [08/Jun/2021:11:03:54 +0800] "GET /favicon.ico HTTP/1.1" 404 -
180.169.147.146 - - [08/Jun/2021:11:03:54 +0800] "GET /favicon.ico HTTP/1.1" 404 -
116.235.222.38 - - [08/Jun/2021:11:03:56 +0800] "POST /xingrg/kc/buy/cgsh_order_operate.html HTTP/1.1" 200 37
116.235.222.38 - - [08/Jun/2021:11:03:57 +0800] "POST /xingrg/kc/buy/cgsh_order_operate.html HTTP/1.1" 200 3863
172.20.0.100 - - [08/Jun/2021:11:04:01 +0800] "GET /xingrg/login.html HTTP/1.1" 200 7636
172.20.0.100 - - [08/Jun/2021:11:04:01 +0800] "GET /xingrg/images/blue/jxLogo.png HTTP/1.1" 200 6156
172.20.0.100 - - [08/Jun/2021:11:04:02 +0800] "GET /xingrg/images/blue/login_bg.png HTTP/1.1" 200 22101
172.20.0.100 - - [08/Jun/2021:11:04:02 +0800] "GET /xingrg/images/blue/hj.png HTTP/1.1" 200 1014
172.20.0.100 - - [08/Jun/2021:11:04:02 +0800] "GET /xingrg/images/blue/srbg.png HTTP/1.1" 200 138
172.20.0.100 - - [08/Jun/2021:11:04:02 +0800] "GET /favicon.ico HTTP/1.1" 404 -
222.69.129.148 - - [08/Jun/2021:11:04:03 +0800] "GET /xingrg/all/function/internal_message.html?_=1623121444385&CODE_STATE=getMsg HTTP/1.1" 200 27
172.20.0.100 - - [08/Jun/2021:11:04:04 +0800] "POST /xingrg/login.do HTTP/1.1" 302 -
172.20.0.100 - - [08/Jun/2021:11:04:04 +0800] "GET /xingrg/index.html?sysBaseUrl=http%3A%2F%2F172.20.0.8%3A18081%2Fxingrg%2F&costTime=1124×tamp=1623121444420 HTTP/1.1" 200 17448
172.20.0.100 - - [08/Jun/2021:11:04:04 +0800] "GET /xingrg/javascript/jquery_easy_ui/themes/icon.css HTTP/1.1" 200 3949
172.20.0.100 - - [08/Jun/2021:11:04:04 +0800] "GET /xingrg/javascript/jquery_easy_ui/themes/default/easyui.css HTTP/1.1" 200 26500
172.20.0.100 - - [08/Jun/2021:11:04:04 +0800] "GET /xingrg/css/form.css HTTP/1.1" 200 893
172.20.0.100 - - [08/Jun/2021:11:04:04 +0800] "GET /xingrg/javascript/jquery-1.4.2.min.js HTTP/1.1" 200 72205
172.20.0.100 - - [08/Jun/2021:11:04:04 +0800] "GET /xingrg/javascript/jquery_easy_ui/jquery.easyui.min.js HTTP/1.1" 200 213662
172.20.0.100 - - [08/Jun/2021:11:04:04 +0800] "GET /xingrg/javascript/jquery_easy_ui/easyui-lang-zh_CN.js HTTP/1.1" 200 1900
172.20.0.100 - - [08/Jun/2021:11:04:04 +0800] "GET /xingrg/javascript/jquery.form.js HTTP/1.1" 200 23110
172.20.0.100 - - [08/Jun/2021:11:04:04 +0800] "GET /xingrg/javascript/jquery.utils.js HTTP/1.1" 200 11805
172.20.0.100 - - [08/Jun/2021:11:04:04 +0800] "GET /xingrg/javascript/jquery.timers.js HTTP/1.1" 200 3532
172.20.0.100 - - [08/Jun/2021:11:04:04 +0800] "GET /favicon.ico HTTP/1.1" 404 -
172.20.0.100 - - [08/Jun/2021:11:04:04 +0800] "GET /xingrg/javascript/jquery_easy_ui/themes/icons/settle_new.png HTTP/1.1" 200 826
