180.169.147.146 - - [08/Jun/2021:11:07:43 +0800] "GET /xingrg/kc/buy/cgsh_order_operate.html?command=get_materiel&rest_code=00147&code=00101007144&supplier_code=00100322&order_time=2021-06-08 HTTP/1.1" 200 428
58.37.225.51 - - [08/Jun/2021:11:07:45 +0800] "GET /xingrg/all/function/internal_message.html?_=1623121608925&CODE_STATE=getMsg HTTP/1.1" 200 27
114.86.225.21 - - [08/Jun/2021:11:07:46 +0800] "GET /xingrg/all/function/internal_message.html?_=1623121668304&CODE_STATE=getMsg HTTP/1.1" 200 27
172.20.0.100 - - [08/Jun/2021:11:07:46 +0800] "POST /xingrg/kc/base/yddb_list_operate.html HTTP/1.1" 200 1606
172.20.0.100 - - [08/Jun/2021:11:07:47 +0800] "POST /xingrg/kc/base/yddb_list_operate.html HTTP/1.1" 200 529
172.20.0.100 - - [08/Jun/2021:11:07:49 +0800] "GET /xingrg/kc/base/yddb_order_info.html?code=482021060400029 HTTP/1.1" 200 31742
172.20.0.100 - - [08/Jun/2021:11:07:49 +0800] "GET /xingrg/dwr/interface/AjaxComOrderService.js HTTP/1.1" 200 18264
172.20.0.100 - - [08/Jun/2021:11:07:49 +0800] "GET /xingrg/dwr/interface/AjaxYddbService.js HTTP/1.1" 200 13201
172.20.0.100 - - [08/Jun/2021:11:07:49 +0800] "GET /xingrg/dwr/engine.js HTTP/1.1" 200 43631
172.20.0.100 - - [08/Jun/2021:11:07:49 +0800] "GET /xingrg/javascript/AjaxInfoList.js HTTP/1.1" 200 3774
172.20.0.100 - - [08/Jun/2021:11:07:49 +0800] "GET /xingrg/javascript/jquery_easy_ui/themes/icons/uncheck_new.png HTTP/1.1" 200 3197
172.20.0.100 - - [08/Jun/2021:11:07:49 +0800] "GET /xingrg/javascript/jquery_easy_ui/themes/icons/print.png HTTP/1.1" 200 1057
172.20.0.100 - - [08/Jun/2021:11:07:49 +0800] "GET /xingrg/javascript/jquery_easy_ui/themes/default/images/menu_downarrow.png HTTP/1.1" 200 173
172.20.0.100 - - [08/Jun/2021:11:07:49 +0800] "GET /xingrg/javascript/jquery_easy_ui/themes/icons/edit_add_new.png HTTP/1.1" 200 2997
172.20.0.100 - - [08/Jun/2021:11:07:49 +0800] "GET /xingrg/images/blue/kc_tab_mid.gif HTTP/1.1" 200 44
172.20.0.100 - - [08/Jun/2021:11:07:49 +0800] "GET /xingrg/images/blue/kc_tab_left.gif HTTP/1.1" 200 188
172.20.0.100 - - [08/Jun/2021:11:07:49 +0800] "GET /xingrg/images/blue/kc_tab_right.gif HTTP/1.1" 200 643
172.20.0.100 - - [08/Jun/2021:11:07:50 +0800] "GET /xingrg/javascript/jquery_easy_ui/themes/default/images/button_plain_hover.png HTTP/1.1" 200 252
172.20.0.100 - - [08/Jun/2021:11:07:50 +0800] "POST /xingrg/dwr/call/plaincall/AjaxYddbService.loadMaterielItems.dwr HTTP/1.1" 200 1837
58.40.7.146 - - [08/Jun/2021:11:07:53 +0800] "GET /xingrg/all/function/internal_message.html?_=1623121675213&CODE_STATE=getMsg HTTP/1.1" 200 27
117.185.32.26 - - [08/Jun/2021:11:07:53 +0800] "GET /xingrg/all/function/internal_message.html?_=1623122208075&CODE_STATE=getMsg HTTP/1.1" 200 27
61.165.42.208 - - [08/Jun/2021:11:07:53 +0800] "GET /xingrg/kc/base/wldb_order_operate.html?command=get_materiel&rest_code=00105&base_code=0010508&code=00102002511 HTTP/1.1" 200 434
172.20.0.100 - - [08/Jun/2021:11:07:54 +0800] "POST /xingrg/dwr/call/plaincall/AjaxYddbService.objUncheckOrder.dwr HTTP/1.1" 200 78
117.185.32.26 - - [08/Jun/2021:11:07:54 +0800] "GET /xingrg/check_reg.html?_=1623122208779 HTTP/1.1" 200 22
116.230.117.165 - - [08/Jun/2021:11:07:56 +0800] "GET /xingrg/check_reg.html?_=1623121683642 HTTP/1.1" 200 22
116.230.117.165 - - [08/Jun/2021:11:07:56 +0800] "POST /xingrg/kc/buy/cgsh_order_operate.html HTTP/1.1" 200 37
114.86.225.21 - - [08/Jun/2021:11:07:57 +0800] "GET /xingrg/kc/buy/cgsh_order_operate.html?command=get_materiel&rest_code=00109&code=00101012026&supplier_code=00100035&order_time=2021-06-08 HTTP/1.1" 200 408
116.230.117.165 - - [08/Jun/2021:11:07:58 +0800] "POST /xingrg/kc/buy/cgsh_order_operate.html HTTP/1.1" 200 5030
117.184.7.26 - - [08/Jun/2021:11:08:00 +0800] "GET /xingrg/check_reg.html?_=1623121678569 HTTP/1.1" 200 22
180.169.147.146 - - [08/Jun/2021:11:08:02 +0800] "POST /xingrg/kc/buy/cgsh_order_operate.html HTTP/1.1" 200 88
116.230.117.165 - - [08/Jun/2021:11:08:03 +0800] "GET /xingrg/kc/print/load_data.html?order_code=212021060803557&kc_code=cgsh&condition= HTTP/1.1" 200 1671
222.69.129.148 - - [08/Jun/2021:11:08:03 +0800] "GET /xingrg/all/function/internal_message.html?_=1623121684401&CODE_STATE=getMsg HTTP/1.1" 200 27
172.20.0.100 - - [08/Jun/2021:11:08:03 +0800] "GET /xingrg/kc/base/yddb_order_info.html?code=482021060400029 HTTP/1.1" 200 31635
172.20.0.100 - - [08/Jun/2021:11:08:03 +0800] "GET /xingrg/dwr/interface/AjaxComOrderService.js HTTP/1.1" 200 18264
172.20.0.100 - - [08/Jun/2021:11:08:03 +0800] "GET /xingrg/dwr/interface/AjaxYddbService.js HTTP/1.1" 200 13201
172.20.0.100 - - [08/Jun/2021:11:08:03 +0800] "GET /xingrg/dwr/engine.js HTTP/1.1" 200 43631
172.20.0.100 - - [08/Jun/2021:11:08:03 +0800] "POST /xingrg/all/user/operate.html HTTP/1.1" 200 36
172.20.0.100 - - [08/Jun/2021:11:08:03 +0800] "GET /xingrg/javascript/jquery_easy_ui/themes/icons/check_new.png HTTP/1.1" 200 3224
61.165.42.208 - - [08/Jun/2021:11:08:03 +0800] "POST /xingrg/kc/base/wldb_order_operate.html HTTP/1.1" 200 37
172.20.0.100 - - [08/Jun/2021:11:08:04 +0800] "POST /xingrg/dwr/call/plaincall/AjaxYddbService.loadMaterielItems.dwr HTTP/1.1" 200 1837
172.20.0.100 - - [08/Jun/2021:11:08:04 +0800] "GET /xingrg/index.html?sysBaseUrl=http%3A%2F%2F172.20.0.8%3A18081%2Fxingrg%2F&costTime=1124×tamp=1623121444420 HTTP/1.1" 200 17454
172.20.0.100 - - [08/Jun/2021:11:08:04 +0800] "GET /xingrg/javascript/jquery_easy_ui/themes/default/easyui.css HTTP/1.1" 304 -
172.20.0.100 - - [08/Jun/2021:11:08:04 +0800] "GET /xingrg/javascript/jquery_easy_ui/themes/icon.css HTTP/1.1" 304 -
172.20.0.100 - - [08/Jun/2021:11:08:04 +0800] "GET /xingrg/css/form.css HTTP/1.1" 304 -
172.20.0.100 - - [08/Jun/2021:11:08:04 +0800] "GET /xingrg/javascript/jquery-1.4.2.min.js HTTP/1.1" 304 -
172.20.0.100 - - [08/Jun/2021:11:08:04 +0800] "GET /xingrg/javascript/jquery_easy_ui/jquery.easyui.min.js HTTP/1.1" 304 -
172.20.0.100 - - [08/Jun/2021:11:08:04 +0800] "GET /xingrg/javascript/jquery_easy_ui/easyui-lang-zh_CN.js HTTP/1.1" 304 -
172.20.0.100 - - [08/Jun/2021:11:08:04 +0800] "GET /xingrg/javascript/jquery.form.js HTTP/1.1" 304 -
172.20.0.100 - - [08/Jun/2021:11:08:04 +0800] "GET /xingrg/javascript/jquery.utils.js HTTP/1.1" 304 -
172.20.0.100 - - [08/Jun/2021:11:08:04 +0800] "GET /xingrg/javascript/jquery.timers.js HTTP/1.1" 304 -
172.20.0.100 - - [08/Jun/2021:11:08:04 +0800] "GET /xingrg/images/blue/jxLogo.png HTTP/1.1" 304 -
172.20.0.100 - - [08/Jun/2021:11:08:04 +0800] "GET /xingrg/images/blue/navBackgound.jpg HTTP/1.1" 304 -
172.20.0.100 - - [08/Jun/2021:11:08:04 +0800] "GET /xingrg/javascript/jquery_easy_ui/themes/icons/settle_new.png HTTP/1.1" 304 -
172.20.0.100 - - [08/Jun/2021:11:08:04 +0800] "GET /xingrg/all/function/internal_message.html?_=1623121686142&CODE_STATE=count HTTP/1.1" 200 11
172.20.0.100 - - [08/Jun/2021:11:08:04 +0800] "GET /xingrg/check_reg.html?_=1623121686144 HTTP/1.1" 200 22
172.20.0.100 - - [08/Jun/2021:11:08:04 +0800] "GET /xingrg/javascript/jquery_easy_ui/themes/default/images/tabs_leftarrow.png HTTP/1.1" 304 -
172.20.0.100 - - [08/Jun/2021:11:08:04 +0800] "GET /xingrg/javascript/jquery_easy_ui/themes/default/images/panel_tool_expand.gif HTTP/1.1" 304 -
172.20.0.100 - - [08/Jun/2021:11:08:04 +0800] "GET /xingrg/javascript/jquery_easy_ui/themes/default/images/tabs_rightarrow.png HTTP/1.1" 304 -
172.20.0.100 - - [08/Jun/2021:11:08:04 +0800] "GET /xingrg/images/blue/pingpu.png HTTP/1.1" 304 -
172.20.0.100 - - [08/Jun/2021:11:08:04 +0800] "GET /xingrg/javascript/jquery_easy_ui/themes/default/images/panel_tool_collapse.gif HTTP/1.1" 304 -
61.165.42.208 - - [08/Jun/2021:11:08:04 +0800] "POST /xingrg/kc/base/wldb_order_operate.html HTTP/1.1" 200 2670
172.20.0.100 - - [08/Jun/2021:11:08:04 +0800] "POST /xingrg/all/common/load_tree.html?tree=area_rest_tree_json&manage=1 HTTP/1.1" 200 3466
172.20.0.100 - - [08/Jun/2021:11:08:05 +0800] "POST /xingrg/load_menu.html HTTP/1.1" 200 9924
61.165.42.208 - - [08/Jun/2021:11:08:05 +0800] "GET /xingrg/kc/base/wldb_order_info.html?code=422021060800853 HTTP/1.1" 200 30242
61.165.42.208 - - [08/Jun/2021:11:08:05 +0800] "GET /xingrg/javascript/easyui/themes/default/validatebox.css HTTP/1.1" 404 1104
61.165.42.208 - - [08/Jun/2021:11:08:06 +0800] "POST /xingrg/kc/base/wldb_order_operate.html HTTP/1.1" 200 2670
222.70.177.90 - - [08/Jun/2021:11:08:06 +0800] "GET /xingrg/all/function/internal_message.html?_=1623121686718&CODE_STATE=getMsg HTTP/1.1" 200 27
116.235.222.38 - - [08/Jun/2021:11:08:07 +0800] "GET /xingrg/all/function/internal_message.html?_=1623121687194&CODE_STATE=getMsg HTTP/1.1" 200 27
61.165.42.208 - - [08/Jun/2021:11:08:09 +0800] "GET /xingrg/kc/base/wldb_order_add.html HTTP/1.1" 200 30228
180.169.147.146 - - [08/Jun/2021:11:08:09 +0800] "POST /xingrg/kc/buy/cgsh_order_operate.html HTTP/1.1" 200 37
116.235.222.38 - - [08/Jun/2021:11:08:09 +0800] "GET /xingrg/kc/buy/cgsh_order_operate.html?command=get_materiel&rest_code=00107&code=00101001142&supplier_code=00100313&order_time=2021-06-08 HTTP/1.1" 200 413
61.165.42.208 - - [08/Jun/2021:11:08:09 +0800] "GET /xingrg/javascript/easyui/themes/default/validatebox.css HTTP/1.1" 404 1104
61.165.42.208 - - [08/Jun/2021:11:08:09 +0800] "POST /xingrg/kc/base/wldb_order_operate.html HTTP/1.1" 200 6806
116.224.253.72 - - [08/Jun/2021:11:08:10 +0800] "GET /xingrg/all/function/internal_message.html?_=1623121691632&CODE_STATE=getMsg HTTP/1.1" 200 27
172.20.0.100 - - [08/Jun/2021:11:08:10 +0800] "GET /xingrg/kc/buy/cgsh_order_list.html HTTP/1.1" 200 46916
180.169.147.146 - - [08/Jun/2021:11:08:10 +0800] "GET /xingrg/all/function/internal_message.html?_=1623121691139&CODE_STATE=getMsg HTTP/1.1" 200 27
180.169.147.146 - - [08/Jun/2021:11:08:10 +0800] "GET /xingrg/check_reg.html?_=1623121691139 HTTP/1.1" 200 22
172.20.0.100 - - [08/Jun/2021:11:08:11 +0800] "GET /xingrg/javascript/easyui/themes/icons/uncheck_new.png HTTP/1.1" 200 3197
172.20.0.100 - - [08/Jun/2021:11:08:11 +0800] "GET /xingrg/javascript/easyui/themes/icons/cance_new.png HTTP/1.1" 200 3986
172.20.0.100 - - [08/Jun/2021:11:08:11 +0800] "GET /xingrg/javascript/easyui/themes/icons/check_new.png HTTP/1.1" 200 3224
114.86.225.21 - - [08/Jun/2021:11:08:12 +0800] "POST /xingrg/kc/buy/cgsh_order_operate.html HTTP/1.1" 200 37
180.169.147.146 - - [08/Jun/2021:11:08:12 +0800] "POST /xingrg/kc/buy/cgsh_order_operate.html HTTP/1.1" 200 2679
61.165.42.208 - - [08/Jun/2021:11:08:12 +0800] "POST /xingrg/all/common/load_combo.html?type=base HTTP/1.1" 200 3236
183.192.164.71 - - [08/Jun/2021:11:08:13 +0800] "GET /xingrg/all/function/internal_message.html?_=1623121629283&CODE_STATE=getMsg HTTP/1.1" 302 -
117.185.32.26 - - [08/Jun/2021:11:08:13 +0800] "GET /xingrg/all/function/internal_message.html?_=1623121689281&CODE_STATE=getMsg HTTP/1.1" 200 27
183.192.164.71 - - [08/Jun/2021:11:08:13 +0800] "GET /xingrg/login.html HTTP/1.1" 200 7641
172.20.0.100 - - [08/Jun/2021:11:08:13 +0800] "POST /xingrg/kc/buy/cgsh_list_operate.html HTTP/1.1" 200 876
116.224.253.72 - - [08/Jun/2021:11:08:13 +0800] "GET /xingrg/all/function/internal_message.html?_=1623121694249&CODE_STATE=getMsg HTTP/1.1" 200 27
180.169.147.146 - - [08/Jun/2021:11:08:13 +0800] "GET /xingrg/kc/print/load_data.html?order_code=212021060803559&kc_code=cgsh&condition= HTTP/1.1" 200 691
180.169.147.146 - - [08/Jun/2021:11:08:14 +0800] "GET /xingrg/check_reg.html?_=1623121699704 HTTP/1.1" 302 -
114.86.187.76 - - [08/Jun/2021:11:08:15 +0800] "GET /xingrg/check_reg.html?_=1623121701905 HTTP/1.1" 200 22
114.86.187.76 - - [08/Jun/2021:11:08:15 +0800] "GET /xingrg/all/function/internal_message.html?_=1623121701906&CODE_STATE=getMsg HTTP/1.1" 200 27
172.20.0.100 - - [08/Jun/2021:11:08:17 +0800] "GET /xingrg/javascript/jquery_tools/images/next.gif HTTP/1.1" 404 1086
172.20.0.100 - - [08/Jun/2021:11:08:17 +0800] "GET /xingrg/javascript/jquery_tools/images/prev.gif HTTP/1.1" 404 1086
180.169.147.146 - - [08/Jun/2021:11:08:18 +0800] "GET /xingrg/kc/buy/cgsh_order_add.html HTTP/1.1" 200 62381
180.169.147.146 - - [08/Jun/2021:11:08:18 +0800] "GET /xingrg/javascript/easyui/themes/default/validatebox.css HTTP/1.1" 404 1104
180.169.147.146 - - [08/Jun/2021:11:08:18 +0800] "POST /xingrg/kc/buy/cgsh_order_operate.html HTTP/1.1" 200 8245
61.165.42.208 - - [08/Jun/2021:11:08:20 +0800] "GET /xingrg/all/function/internal_message.html?_=1623121702070&CODE_STATE=getMsg HTTP/1.1" 200 27
61.165.42.208 - - [08/Jun/2021:11:08:20 +0800] "GET /xingrg/check_reg.html?_=1623121702504 HTTP/1.1" 200 22
180.169.147.146 - - [08/Jun/2021:11:08:22 +0800] "GET /xingrg/all/function/internal_message.html?_=1623121705327&CODE_STATE=getMsg HTTP/1.1" 302 -
116.230.117.165 - - [08/Jun/2021:11:08:22 +0800] "GET /xingrg/kc/buy/cgsh_order_add.html HTTP/1.1" 200 62419
114.86.225.21 - - [08/Jun/2021:11:08:22 +0800] "POST /xingrg/kc/buy/cgsh_order_operate.html HTTP/1.1" 200 5010
116.230.117.165 - - [08/Jun/2021:11:08:23 +0800] "GET /xingrg/javascript/easyui/themes/default/validatebox.css HTTP/1.1" 404 1104
116.230.117.165 - - [08/Jun/2021:11:08:23 +0800] "POST /xingrg/kc/buy/cgsh_order_operate.html HTTP/1.1" 200 8245
114.86.225.21 - - [08/Jun/2021:11:08:24 +0800] "GET /xingrg/kc/print/load_config.html?kc_code=cgsh HTTP/1.1" 200 1845
114.86.225.21 - - [08/Jun/2021:11:08:25 +0800] "GET /xingrg/kc/print/load_data.html?order_code=212021060803560&kc_code=cgsh&condition= HTTP/1.1" 200 1561
172.20.0.100 - - [08/Jun/2021:11:08:26 +0800] "GET /xingrg/javascript/auto/indicator.gif HTTP/1.1" 404 1066
116.235.222.38 - - [08/Jun/2021:11:08:26 +0800] "GET /xingrg/kc/buy/cgsh_order_operate.html?command=get_materiel&rest_code=00107&code=00101014083&supplier_code=00100313&order_time=2021-06-08 HTTP/1.1" 200 409
180.169.147.146 - - [08/Jun/2021:11:08:28 +0800] "GET /xingrg/kc/buy/cgsh_order_operate.html?command=get_materiel&rest_code=00147&code=00101010108&supplier_code=00100336&order_time=2021-06-08 HTTP/1.1" 200 421
120.253.135.82 - - [08/Jun/2021:11:08:29 +0800] "GET /xingrg/check_reg.html?_=1623121494062 HTTP/1.1" 200 22
180.169.147.146 - - [08/Jun/2021:11:08:30 +0800] "GET /xingrg/all/function/internal_message.html?_=1623121711168&CODE_STATE=getMsg HTTP/1.1" 200 27
180.169.147.146 - - [08/Jun/2021:11:08:36 +0800] "POST /xingrg/kc/buy/cgsh_order_operate.html HTTP/1.1" 200 37
180.169.147.146 - - [08/Jun/2021:11:08:37 +0800] "POST /xingrg/kc/buy/cgsh_order_operate.html HTTP/1.1" 200 2665
172.20.0.100 - - [08/Jun/2021:11:08:39 +0800] "POST /xingrg/kc/buy/cgsh_list_operate.html HTTP/1.1" 200 5859
222.70.177.90 - - [08/Jun/2021:11:08:39 +0800] "GET /xingrg/kc/buy/cgsh_order_operate.html?command=get_materiel&rest_code=00111&code=00101016030&supplier_code=00100037&order_time=2021-06-08 HTTP/1.1" 200 412
116.230.117.165 - - [08/Jun/2021:11:08:39 +0800] "GET /xingrg/kc/buy/cgsh_order_operate.html?command=get_materiel&rest_code=00146&code=00101010161&supplier_code=00100041&order_time=2021-06-08 HTTP/1.1" 200 409
180.169.147.146 - - [08/Jun/2021:11:08:40 +0800] "GET /xingrg/kc/print/load_data.html?order_code=212021060803561&kc_code=cgsh&condition= HTTP/1.1" 200 687
116.230.117.165 - - [08/Jun/2021:11:08:41 +0800] "GET /xingrg/all/function/internal_message.html?_=1623121729259&CODE_STATE=getMsg HTTP/1.1" 200 27
116.230.110.80 - - [08/Jun/2021:11:08:43 +0800] "GET /xingrg/all/function/internal_message.html?_=1623121710449&CODE_STATE=getMsg HTTP/1.1" 200 27
180.169.147.146 - - [08/Jun/2021:11:08:44 +0800] "GET /xingrg/kc/buy/cgsh_order_add.html HTTP/1.1" 200 62381
180.169.147.146 - - [08/Jun/2021:11:08:44 +0800] "POST /xingrg/kc/buy/cgsh_order_operate.html HTTP/1.1" 200 8245
180.169.147.146 - - [08/Jun/2021:11:08:44 +0800] "GET /xingrg/javascript/easyui/themes/default/validatebox.css HTTP/1.1" 404 1104
58.37.225.51 - - [08/Jun/2021:11:08:45 +0800] "GET /xingrg/all/function/internal_message.html?_=1623121668924&CODE_STATE=getMsg HTTP/1.1" 200 27
114.86.225.21 - - [08/Jun/2021:11:08:46 +0800] "GET /xingrg/all/function/internal_message.html?_=1623121728310&CODE_STATE=getMsg HTTP/1.1" 200 27
172.20.0.100 - - [08/Jun/2021:11:08:46 +0800] "POST /xingrg/kc/buy/cgsh_list_operate.html HTTP/1.1" 200 5445
116.235.222.38 - - [08/Jun/2021:11:08:49 +0800] "GET /xingrg/kc/buy/cgsh_order_operate.html?command=get_materiel&rest_code=00107&code=00101005043&supplier_code=00100313&order_time=2021-06-08 HTTP/1.1" 200 417
61.165.42.208 - - [08/Jun/2021:11:08:49 +0800] "GET /xingrg/kc/base/wldb_order_operate.html?command=get_materiel&rest_code=00105&base_code=0010508&code=00102002484 HTTP/1.1" 200 456
222.70.177.90 - - [08/Jun/2021:11:08:50 +0800] "GET /xingrg/kc/buy/cgsh_order_operate.html?command=get_materiel&rest_code=00111&code=00101007109&supplier_code=00100037&order_time=2021-06-08 HTTP/1.1" 200 408
58.40.7.146 - - [08/Jun/2021:11:08:53 +0800] "GET /xingrg/all/function/internal_message.html?_=1623121735215&CODE_STATE=getMsg HTTP/1.1" 200 27
172.20.0.100 - - [08/Jun/2021:11:08:53 +0800] "POST /xingrg/kc/buy/cgsh_list_operate.html HTTP/1.1" 200 9298
117.185.32.26 - - [08/Jun/2021:11:08:53 +0800] "GET /xingrg/all/function/internal_message.html?_=1623122268061&CODE_STATE=getMsg HTTP/1.1" 200 27
180.169.147.146 - - [08/Jun/2021:11:08:56 +0800] "GET /xingrg/kc/buy/cgsh_order_operate.html?command=get_materiel&rest_code=00147&code=00101004003&supplier_code=00100323&order_time=2021-06-08 HTTP/1.1" 200 410
222.70.177.90 - - [08/Jun/2021:11:08:57 +0800] "GET /xingrg/check_reg.html?_=1623121738492 HTTP/1.1" 200 22
61.165.42.208 - - [08/Jun/2021:11:08:58 +0800] "GET /xingrg/kc/base/wldb_order_operate.html?command=get_materiel&rest_code=00105&base_code=0010508&code=00102002439 HTTP/1.1" 200 458
222.70.177.90 - - [08/Jun/2021:11:08:59 +0800] "GET /xingrg/kc/buy/cgsh_order_operate.html?command=get_materiel&rest_code=00111&code=00101016080&supplier_code=00100037&order_time=2021-06-08 HTTP/1.1" 200 408
222.69.129.148 - - [08/Jun/2021:11:09:03 +0800] "GET /xingrg/all/function/internal_message.html?_=1623121744418&CODE_STATE=getMsg HTTP/1.1" 200 27
172.20.0.100 - - [08/Jun/2021:11:09:04 +0800] "GET /xingrg/all/function/internal_message.html?_=1623121746147&CODE_STATE=getMsg HTTP/1.1" 200 27
61.165.42.208 - - [08/Jun/2021:11:09:05 +0800] "GET /xingrg/kc/base/wldb_order_operate.html?command=get_materiel&rest_code=00105&base_code=0010508&code=00102002275 HTTP/1.1" 200 451
116.230.117.165 - - [08/Jun/2021:11:09:06 +0800] "GET /xingrg/kc/buy/cgsh_order_operate.html?command=get_materiel&rest_code=00146&code=00101018019&supplier_code=00100041&order_time=2021-06-08 HTTP/1.1" 200 421
222.70.177.90 - - [08/Jun/2021:11:09:06 +0800] "GET /xingrg/all/function/internal_message.html?_=1623121746810&CODE_STATE=getMsg HTTP/1.1" 200 27
172.20.0.100 - - [08/Jun/2021:11:09:06 +0800] "POST /xingrg/kc/buy/cgsh_list_operate.html HTTP/1.1" 200 876
116.235.222.38 - - [08/Jun/2021:11:09:07 +0800] "GET /xingrg/check_reg.html?_=1623121746749 HTTP/1.1" 200 22
116.235.222.38 - - [08/Jun/2021:11:09:07 +0800] "GET /xingrg/all/function/internal_message.html?_=1623121747186&CODE_STATE=getMsg HTTP/1.1" 200 27
114.86.225.21 - - [08/Jun/2021:11:09:09 +0800] "GET /xingrg/kc/buy/cgsh_order_add.html HTTP/1.1" 200 62454
114.86.225.21 - - [08/Jun/2021:11:09:09 +0800] "GET /xingrg/words/20210608110513_words.js HTTP/1.1" 304 -
114.86.225.21 - - [08/Jun/2021:11:09:09 +0800] "POST /xingrg/kc/buy/cgsh_order_operate.html HTTP/1.1" 200 8245
114.86.225.21 - - [08/Jun/2021:11:09:09 +0800] "GET /xingrg/javascript/easyui/themes/default/validatebox.css HTTP/1.1" 404 1104
114.86.225.21 - - [08/Jun/2021:11:09:09 +0800] "GET /xingrg/all/common/auto_word.html?type=employee&rest_code=00109 HTTP/1.1" 200 205
114.86.225.21 - - [08/Jun/2021:11:09:09 +0800] "GET /xingrg/all/common/auto_word.html?type=employee&rest_code=00109 HTTP/1.1" 200 205
116.224.253.72 - - [08/Jun/2021:11:09:10 +0800] "GET /xingrg/all/function/internal_message.html?_=1623121751646&CODE_STATE=getMsg HTTP/1.1" 200 27
180.169.147.146 - - [08/Jun/2021:11:09:10 +0800] "GET /xingrg/all/function/internal_message.html?_=1623121751158&CODE_STATE=getMsg HTTP/1.1" 200 27
180.169.147.146 - - [08/Jun/2021:11:09:11 +0800] "GET /xingrg/kc/buy/cgsh_order_operate.html?command=get_materiel&rest_code=00147&code=00101001079&supplier_code=00100323&order_time=2021-06-08 HTTP/1.1" 200 413
114.86.225.21 - - [08/Jun/2021:11:09:11 +0800] "GET /xingrg/javascript/jquery_tools/images/prev.gif HTTP/1.1" 404 1086
114.86.225.21 - - [08/Jun/2021:11:09:11 +0800] "GET /xingrg/javascript/jquery_tools/images/next.gif HTTP/1.1" 404 1086
61.165.42.208 - - [08/Jun/2021:11:09:12 +0800] "GET /xingrg/kc/base/wldb_order_operate.html?command=get_materiel&rest_code=00105&base_code=0010508&code=00102002026 HTTP/1.1" 200 434
172.20.0.100 - - [08/Jun/2021:11:09:12 +0800] "POST /xingrg/kc/buy/cgsh_list_operate.html HTTP/1.1" 200 1712
222.70.177.90 - - [08/Jun/2021:11:09:12 +0800] "GET /xingrg/kc/buy/cgsh_order_operate.html?command=get_materiel&rest_code=00111&code=00101011001&supplier_code=00100037&order_time=2021-06-08 HTTP/1.1" 200 423
117.185.32.26 - - [08/Jun/2021:11:09:13 +0800] "GET /xingrg/all/function/internal_message.html?_=1623121749295&CODE_STATE=getMsg HTTP/1.1" 200 27
120.204.17.68 - - [08/Jun/2021:11:09:13 +0800] "GET /xingrg/all/function/internal_message.html?_=1623121689281&CODE_STATE=getMsg HTTP/1.1" 302 -
120.204.17.68 - - [08/Jun/2021:11:09:13 +0800] "GET /xingrg/login.html HTTP/1.1" 200 7641
116.224.253.72 - - [08/Jun/2021:11:09:13 +0800] "GET /xingrg/all/function/internal_message.html?_=1623121754282&CODE_STATE=getMsg HTTP/1.1" 200 27
172.20.0.100 - - [08/Jun/2021:11:09:14 +0800] "POST /xingrg/kc/buy/cgsh_list_operate.html HTTP/1.1" 200 304
172.20.0.100 - - [08/Jun/2021:11:09:14 +0800] "GET /xingrg/javascript/easyui/themes/default/images/button_plain_hover.png HTTP/1.1" 200 144
114.86.187.76 - - [08/Jun/2021:11:09:15 +0800] "GET /xingrg/all/function/internal_message.html?_=1623121761909&CODE_STATE=getMsg HTTP/1.1" 200 27
114.86.225.21 - - [08/Jun/2021:11:09:16 +0800] "GET /xingrg/kc/buy/cgsh_order_operate.html?command=get_materiel&rest_code=00109&code=00101007081&supplier_code=00100004&order_time=2021-06-08 HTTP/1.1" 200 413
116.230.117.165 - - [08/Jun/2021:11:09:16 +0800] "GET /xingrg/kc/buy/cgsh_order_operate.html?command=get_materiel&rest_code=00146&code=00101001032&supplier_code=00100041&order_time=2021-06-08 HTTP/1.1" 200 413
172.20.0.100 - - [08/Jun/2021:11:09:18 +0800] "POST /xingrg/kc/buy/cgsh_list_operate.html HTTP/1.1" 200 4
61.165.42.208 - - [08/Jun/2021:11:09:20 +0800] "GET /xingrg/all/function/internal_message.html?_=1623121762028&CODE_STATE=getMsg HTTP/1.1" 200 27
180.169.147.146 - - [08/Jun/2021:11:09:22 +0800] "GET /xingrg/all/function/internal_message.html?_=1623121765341&CODE_STATE=getMsg HTTP/1.1" 302 -
61.165.42.208 - - [08/Jun/2021:11:09:22 +0800] "GET /xingrg/kc/base/wldb_order_operate.html?command=get_materiel&rest_code=00105&base_code=0010508&code=00102002082 HTTP/1.1" 200 440
222.70.177.90 - - [08/Jun/2021:11:09:24 +0800] "GET /xingrg/kc/buy/cgsh_order_operate.html?command=get_materiel&rest_code=00111&code=00101012025&supplier_code=00100037&order_time=2021-06-08 HTTP/1.1" 200 412
114.86.225.21 - - [08/Jun/2021:11:09:24 +0800] "GET /xingrg/kc/buy/cgsh_order_operate.html?command=get_materiel&rest_code=00109&code=00101007059&supplier_code=00100004&order_time=2021-06-08 HTTP/1.1" 200 409
116.235.222.38 - - [08/Jun/2021:11:09:26 +0800] "GET /xingrg/kc/buy/cgsh_order_operate.html?command=get_materiel&rest_code=00107&code=00101008195&supplier_code=00100313&order_time=2021-06-08 HTTP/1.1" 200 424
61.165.42.208 - - [08/Jun/2021:11:09:29 +0800] "POST /xingrg/kc/base/wldb_order_operate.html HTTP/1.1" 200 37
172.20.0.100 - - [08/Jun/2021:11:09:29 +0800] "POST /xingrg/kc/buy/cgsh_list_operate.html HTTP/1.1" 200 1687
61.165.42.208 - - [08/Jun/2021:11:09:30 +0800] "POST /xingrg/kc/base/wldb_order_operate.html HTTP/1.1" 200 4161
180.169.147.146 - - [08/Jun/2021:11:09:30 +0800] "GET /xingrg/all/function/internal_message.html?_=1623121771186&CODE_STATE=getMsg HTTP/1.1" 200 27
61.165.42.208 - - [08/Jun/2021:11:09:30 +0800] "GET /xingrg/kc/base/wldb_order_info.html?code=422021060800854 HTTP/1.1" 200 30243
61.165.42.208 - - [08/Jun/2021:11:09:31 +0800] "GET /xingrg/javascript/easyui/themes/default/validatebox.css HTTP/1.1" 404 1104
61.165.42.208 - - [08/Jun/2021:11:09:31 +0800] "POST /xingrg/kc/base/wldb_order_operate.html HTTP/1.1" 200 4161
114.86.225.21 - - [08/Jun/2021:11:09:33 +0800] "POST /xingrg/kc/buy/cgsh_order_operate.html HTTP/1.1" 200 37
222.70.177.90 - - [08/Jun/2021:11:09:34 +0800] "GET /xingrg/kc/buy/cgsh_order_operate.html?command=get_materiel&rest_code=00111&code=00101004089&supplier_code=00100037&order_time=2021-06-08 HTTP/1.1" 200 391
116.230.117.165 - - [08/Jun/2021:11:09:41 +0800] "GET /xingrg/all/function/internal_message.html?_=1623121789273&CODE_STATE=getMsg HTTP/1.1" 200 27
116.230.110.80 - - [08/Jun/2021:11:09:43 +0800] "GET /xingrg/all/function/internal_message.html?_=1623121770459&CODE_STATE=getMsg HTTP/1.1" 200 27
222.70.177.90 - - [08/Jun/2021:11:09:43 +0800] "GET /xingrg/kc/buy/cgsh_order_operate.html?command=get_materiel&rest_code=00111&code=00101016025&supplier_code=00100037&order_time=2021-06-08 HTTP/1.1" 200 408
116.224.253.72 - - [08/Jun/2021:11:09:45 +0800] "GET /xingrg/check_reg.html?_=1623121785920 HTTP/1.1" 200 22
58.37.225.51 - - [08/Jun/2021:11:09:45 +0800] "GET /xingrg/all/function/internal_message.html?_=1623121728924&CODE_STATE=getMsg HTTP/1.1" 200 27
58.37.225.51 - - [08/Jun/2021:11:09:45 +0800] "GET /xingrg/check_reg.html?_=1623121728925 HTTP/1.1" 200 22
58.40.7.146 - - [08/Jun/2021:11:09:53 +0800] "GET /xingrg/all/function/internal_message.html?_=1623121795217&CODE_STATE=getMsg HTTP/1.1" 200 27
117.185.32.26 - - [08/Jun/2021:11:09:53 +0800] "GET /xingrg/all/function/internal_message.html?_=1623122328045&CODE_STATE=getMsg HTTP/1.1" 200 27
222.70.177.90 - - [08/Jun/2021:11:10:00 +0800] "GET /xingrg/kc/buy/cgsh_order_operate.html?command=get_materiel&rest_code=00111&code=00101008418&supplier_code=00100037&order_time=2021-06-08 HTTP/1.1" 200 399
114.86.225.21 - - [08/Jun/2021:11:10:02 +0800] "GET /xingrg/check_reg.html?_=1623121804663 HTTP/1.1" 200 22
114.86.225.21 - - [08/Jun/2021:11:10:02 +0800] "GET /xingrg/all/function/internal_message.html?_=1623121804662&CODE_STATE=getMsg HTTP/1.1" 200 27
114.86.225.21 - - [08/Jun/2021:11:10:03 +0800] "POST /xingrg/kc/buy/cgsh_order_operate.html HTTP/1.1" 200 3245
222.69.129.148 - - [08/Jun/2021:11:10:03 +0800] "GET /xingrg/all/function/internal_message.html?_=1623121804417&CODE_STATE=getMsg HTTP/1.1" 200 27
222.69.129.148 - - [08/Jun/2021:11:10:03 +0800] "GET /xingrg/check_reg.html?_=1623121804418 HTTP/1.1" 200 22
114.86.225.21 - - [08/Jun/2021:11:10:04 +0800] "GET /xingrg/kc/print/load_config.html?kc_code=cgsh HTTP/1.1" 200 1845
172.20.0.100 - - [08/Jun/2021:11:10:04 +0800] "GET /xingrg/all/function/internal_message.html?_=1623121806146&CODE_STATE=getMsg HTTP/1.1" 200 27
114.86.225.21 - - [08/Jun/2021:11:10:04 +0800] "GET /xingrg/kc/print/load_data.html?order_code=212021060803562&kc_code=cgsh&condition= HTTP/1.1" 200 938
222.70.177.90 - - [08/Jun/2021:11:10:06 +0800] "GET /xingrg/all/function/internal_message.html?_=1623121806712&CODE_STATE=getMsg HTTP/1.1" 200 27
116.235.222.38 - - [08/Jun/2021:11:10:07 +0800] "GET /xingrg/all/function/internal_message.html?_=1623121807316&CODE_STATE=getMsg HTTP/1.1" 200 27
114.86.225.21 - - [08/Jun/2021:11:10:08 +0800] "GET /xingrg/kc/buy/cgsh_order_add.html HTTP/1.1" 200 62454
114.86.225.21 - - [08/Jun/2021:11:10:08 +0800] "GET /xingrg/words/20210608110513_words.js HTTP/1.1" 304 -
114.86.225.21 - - [08/Jun/2021:11:10:08 +0800] "POST /xingrg/kc/buy/cgsh_order_operate.html HTTP/1.1" 200 8245
114.86.225.21 - - [08/Jun/2021:11:10:08 +0800] "GET /xingrg/javascript/easyui/themes/default/validatebox.css HTTP/1.1" 404 1104
114.86.225.21 - - [08/Jun/2021:11:10:08 +0800] "GET /xingrg/all/common/auto_word.html?type=employee&rest_code=00109 HTTP/1.1" 200 205
114.86.225.21 - - [08/Jun/2021:11:10:08 +0800] "GET /xingrg/all/common/auto_word.html?type=employee&rest_code=00109 HTTP/1.1" 200 205
116.224.253.72 - - [08/Jun/2021:11:10:10 +0800] "GET /xingrg/all/function/internal_message.html?_=1623121811651&CODE_STATE=getMsg HTTP/1.1" 200 27
180.169.147.146 - - [08/Jun/2021:11:10:10 +0800] "GET /xingrg/all/function/internal_message.html?_=1623121811139&CODE_STATE=getMsg HTTP/1.1" 200 27
222.70.177.90 - - [08/Jun/2021:11:10:11 +0800] "GET /xingrg/kc/buy/cgsh_order_operate.html?command=get_materiel&rest_code=00111&code=00101009013&supplier_code=00100037&order_time=2021-06-08 HTTP/1.1" 200 421
114.86.225.21 - - [08/Jun/2021:11:10:12 +0800] "GET /xingrg/javascript/jquery_tools/images/prev.gif HTTP/1.1" 404 1086
114.86.225.21 - - [08/Jun/2021:11:10:12 +0800] "GET /xingrg/javascript/jquery_tools/images/next.gif HTTP/1.1" 404 1086
183.192.164.97 - - [08/Jun/2021:11:10:13 +0800] "GET /xingrg/all/function/internal_message.html?_=1623121749295&CODE_STATE=getMsg HTTP/1.1" 302 -
117.185.32.26 - - [08/Jun/2021:11:10:13 +0800] "GET /xingrg/all/function/internal_message.html?_=1623121809294&CODE_STATE=getMsg HTTP/1.1" 200 27
117.185.32.26 - - [08/Jun/2021:11:10:13 +0800] "GET /xingrg/check_reg.html?_=1623121809293 HTTP/1.1" 200 22
183.192.164.97 - - [08/Jun/2021:11:10:13 +0800] "GET /xingrg/login.html HTTP/1.1" 200 7641
116.224.253.72 - - [08/Jun/2021:11:10:13 +0800] "GET /xingrg/all/function/internal_message.html?_=1623121814290&CODE_STATE=getMsg HTTP/1.1" 200 27
114.86.187.76 - - [08/Jun/2021:11:10:15 +0800] "GET /xingrg/all/function/internal_message.html?_=1623121821902&CODE_STATE=getMsg HTTP/1.1" 200 27
61.165.42.208 - - [08/Jun/2021:11:10:20 +0800] "GET /xingrg/all/function/internal_message.html?_=1623121822017&CODE_STATE=getMsg HTTP/1.1" 200 27
180.169.147.146 - - [08/Jun/2021:11:10:22 +0800] "GET /xingrg/all/function/internal_message.html?_=1623121825332&CODE_STATE=getMsg HTTP/1.1" 302 -
116.235.222.38 - - [08/Jun/2021:11:10:22 +0800] "POST /xingrg/kc/buy/cgsh_order_operate.html HTTP/1.1" 200 37
116.235.222.38 - - [08/Jun/2021:11:10:24 +0800] "POST /xingrg/kc/buy/cgsh_order_operate.html HTTP/1.1" 200 6228
58.221.95.50 - - [08/Jun/2021:11:10:27 +0800] "GET /xingrg/check_reg.html?_=1623121831713 HTTP/1.1" 302 -
116.235.222.38 - - [08/Jun/2021:11:10:27 +0800] "GET /xingrg/kc/print/load_data.html?order_code=212021060803563&kc_code=cgsh&condition= HTTP/1.1" 200 2041
180.169.147.146 - - [08/Jun/2021:11:10:30 +0800] "GET /xingrg/all/function/internal_message.html?_=1623121831184&CODE_STATE=getMsg HTTP/1.1" 200 27
222.70.177.90 - - [08/Jun/2021:11:10:30 +0800] "GET /xingrg/kc/buy/cgsh_order_operate.html?command=get_materiel&rest_code=00111&code=00101009112&supplier_code=00100037&order_time=2021-06-08 HTTP/1.1" 200 411
116.235.222.38 - - [08/Jun/2021:11:10:32 +0800] "GET /xingrg/kc/buy/cgsh_order_add.html HTTP/1.1" 200 62501
114.86.225.21 - - [08/Jun/2021:11:10:32 +0800] "GET /xingrg/kc/buy/cgsh_order_operate.html?command=get_materiel&rest_code=00109&code=00101006129&supplier_code=00100015&order_time=2021-06-08 HTTP/1.1" 200 431
116.235.222.38 - - [08/Jun/2021:11:10:33 +0800] "GET /xingrg/words/20210608110513_words.js HTTP/1.1" 304 -
116.235.222.38 - - [08/Jun/2021:11:10:33 +0800] "GET /xingrg/javascript/easyui/themes/default/validatebox.css HTTP/1.1" 404 1104
116.235.222.38 - - [08/Jun/2021:11:10:33 +0800] "POST /xingrg/kc/buy/cgsh_order_operate.html HTTP/1.1" 200 8245
116.235.222.38 - - [08/Jun/2021:11:10:34 +0800] "GET /xingrg/javascript/easyui/themes/default/tree.css HTTP/1.1" 404 1090
116.235.222.38 - - [08/Jun/2021:11:10:35 +0800] "POST /xingrg/all/common/load_tree.html?tree=supplier_tree_json&isDelete=1 HTTP/1.1" 200 56016
180.169.147.146 - - [08/Jun/2021:11:10:36 +0800] "GET /xingrg/kc/buy/cgsh_order_operate.html?command=get_materiel&rest_code=00147&code=00101007043&supplier_code=00100323&order_time=2021-06-08 HTTP/1.1" 200 408
114.86.225.21 - - [08/Jun/2021:11:10:39 +0800] "GET /xingrg/kc/buy/cgsh_order_operate.html?command=get_materiel&rest_code=00109&code=00101006109&supplier_code=00100015&order_time=2021-06-08 HTTP/1.1" 200 409
222.70.177.90 - - [08/Jun/2021:11:10:40 +0800] "GET /xingrg/kc/buy/cgsh_order_operate.html?command=get_materiel&rest_code=00111&code=00101008092&supplier_code=00100037&order_time=2021-06-08 HTTP/1.1" 200 412
116.230.117.165 - - [08/Jun/2021:11:10:41 +0800] "GET /xingrg/all/function/internal_message.html?_=1623121849286&CODE_STATE=getMsg HTTP/1.1" 200 27
116.230.110.80 - - [08/Jun/2021:11:10:43 +0800] "GET /xingrg/all/function/internal_message.html?_=1623121830448&CODE_STATE=getMsg HTTP/1.1" 200 27
116.230.110.80 - - [08/Jun/2021:11:10:43 +0800] "GET /xingrg/check_reg.html?_=1623121830453 HTTP/1.1" 200 22
58.37.225.51 - - [08/Jun/2021:11:10:45 +0800] "GET /xingrg/all/function/internal_message.html?_=1623121788924&CODE_STATE=getMsg HTTP/1.1" 200 27
114.86.225.21 - - [08/Jun/2021:11:10:46 +0800] "GET /xingrg/all/function/internal_message.html?_=1623121848308&CODE_STATE=getMsg HTTP/1.1" 200 27
180.169.147.146 - - [08/Jun/2021:11:10:52 +0800] "GET /xingrg/kc/buy/cgsh_order_operate.html?command=get_materiel&rest_code=00147&code=00101010179&supplier_code=00100323&order_time=2021-06-08 HTTP/1.1" 200 413
114.86.225.21 - - [08/Jun/2021:11:10:52 +0800] "GET /xingrg/kc/buy/cgsh_order_operate.html?command=get_materiel&rest_code=00109&code=00101006055&supplier_code=00100015&order_time=2021-06-08 HTTP/1.1" 200 409
222.70.177.90 - - [08/Jun/2021:11:10:53 +0800] "GET /xingrg/kc/buy/cgsh_order_operate.html?command=get_materiel&rest_code=00111&code=00101015026&supplier_code=00100037&order_time=2021-06-08 HTTP/1.1" 200 412
58.40.7.146 - - [08/Jun/2021:11:10:53 +0800] "GET /xingrg/all/function/internal_message.html?_=1623121855220&CODE_STATE=getMsg HTTP/1.1" 200 27
58.40.7.146 - - [08/Jun/2021:11:10:53 +0800] "GET /xingrg/check_reg.html?_=1623121855222 HTTP/1.1" 200 22
117.185.32.26 - - [08/Jun/2021:11:10:53 +0800] "GET /xingrg/all/function/internal_message.html?_=1623122388055&CODE_STATE=getMsg HTTP/1.1" 200 27
116.235.222.38 - - [08/Jun/2021:11:11:01 +0800] "GET /xingrg/kc/buy/cgsh_order_operate.html?command=get_materiel&rest_code=00107&code=00102002195&supplier_code=00100347&order_time=2021-06-08 HTTP/1.1" 200 413
222.69.129.148 - - [08/Jun/2021:11:11:03 +0800] "GET /xingrg/all/function/internal_message.html?_=1623121864417&CODE_STATE=getMsg HTTP/1.1" 200 27
172.20.0.100 - - [08/Jun/2021:11:11:04 +0800] "GET /xingrg/all/function/internal_message.html?_=1623121866147&CODE_STATE=getMsg HTTP/1.1" 200 27
114.86.225.21 - - [08/Jun/2021:11:11:06 +0800] "GET /xingrg/kc/buy/cgsh_order_operate.html?command=get_materiel&rest_code=00109&code=00101006180&supplier_code=00100015&order_time=2021-06-08 HTTP/1.1" 200 423
116.235.222.38 - - [08/Jun/2021:11:11:07 +0800] "GET /xingrg/all/function/internal_message.html?_=1623121867294&CODE_STATE=getMsg HTTP/1.1" 200 27
180.169.147.146 - - [08/Jun/2021:11:11:09 +0800] "POST /xingrg/kc/buy/cgsh_order_operate.html HTTP/1.1" 200 37
222.70.177.90 - - [08/Jun/2021:11:11:09 +0800] "GET /xingrg/check_reg.html?_=1623121866716 HTTP/1.1" 200 22
222.70.177.90 - - [08/Jun/2021:11:11:09 +0800] "GET /xingrg/all/function/internal_message.html?_=1623121866711&CODE_STATE=getMsg HTTP/1.1" 200 27
222.70.177.90 - - [08/Jun/2021:11:11:10 +0800] "GET /xingrg/kc/buy/cgsh_order_operate.html?command=get_materiel&rest_code=00111&code=00101010540&supplier_code=00100037&order_time=2021-06-08 HTTP/1.1" 200 399
116.224.253.72 - - [08/Jun/2021:11:11:10 +0800] "GET /xingrg/check_reg.html?_=1623121871639 HTTP/1.1" 200 22
116.224.253.72 - - [08/Jun/2021:11:11:10 +0800] "GET /xingrg/all/function/internal_message.html?_=1623121871642&CODE_STATE=getMsg HTTP/1.1" 200 27
180.169.147.146 - - [08/Jun/2021:11:11:10 +0800] "POST /xingrg/kc/buy/cgsh_order_operate.html HTTP/1.1" 200 4428
180.169.147.146 - - [08/Jun/2021:11:11:10 +0800] "GET /xingrg/all/function/internal_message.html?_=1623121871136&CODE_STATE=getMsg HTTP/1.1" 200 27
114.86.225.21 - - [08/Jun/2021:11:11:12 +0800] "GET /xingrg/kc/buy/cgsh_order_operate.html?command=get_materiel&rest_code=00109&code=00101006144&supplier_code=00100015&order_time=2021-06-08 HTTP/1.1" 200 409
117.185.32.26 - - [08/Jun/2021:11:11:13 +0800] "GET /xingrg/all/function/internal_message.html?_=1623121869293&CODE_STATE=getMsg HTTP/1.1" 200 27
120.204.17.72 - - [08/Jun/2021:11:11:13 +0800] "GET /xingrg/check_reg.html?_=1623121809293 HTTP/1.1" 302 -
120.204.17.72 - - [08/Jun/2021:11:11:13 +0800] "GET /xingrg/login.html HTTP/1.1" 200 7641
116.224.253.72 - - [08/Jun/2021:11:11:13 +0800] "GET /xingrg/all/function/internal_message.html?_=1623121874304&CODE_STATE=getMsg HTTP/1.1" 200 27
116.235.222.38 - - [08/Jun/2021:11:11:14 +0800] "GET /xingrg/kc/buy/cgsh_order_operate.html?command=get_materiel&rest_code=00107&code=00102002360&supplier_code=00100347&order_time=2021-06-08 HTTP/1.1" 200 413
114.86.187.76 - - [08/Jun/2021:11:11:15 +0800] "GET /xingrg/all/function/internal_message.html?_=1623121881906&CODE_STATE=getMsg HTTP/1.1" 200 27
180.169.147.146 - - [08/Jun/2021:11:11:18 +0800] "POST /xingrg/kc/buy/cgsh_order_operate.html HTTP/1.1" 200 37
114.86.225.21 - - [08/Jun/2021:11:11:19 +0800] "GET /xingrg/kc/buy/cgsh_order_operate.html?command=get_materiel&rest_code=00109&code=00101006057&supplier_code=00100015&order_time=2021-06-08 HTTP/1.1" 200 413
180.169.147.146 - - [08/Jun/2021:11:11:19 +0800] "POST /xingrg/kc/buy/cgsh_order_operate.html HTTP/1.1" 200 4430
61.165.42.208 - - [08/Jun/2021:11:11:20 +0800] "GET /xingrg/all/function/internal_message.html?_=1623121881973&CODE_STATE=getMsg HTTP/1.1" 200 27
180.169.147.146 - - [08/Jun/2021:11:11:21 +0800] "GET /xingrg/kc/print/load_data.html?order_code=212021060803564&kc_code=cgsh&condition= HTTP/1.1" 200 1357
180.169.147.146 - - [08/Jun/2021:11:11:22 +0800] "GET /xingrg/all/function/internal_message.html?_=1623121885332&CODE_STATE=getMsg HTTP/1.1" 302 -
180.169.147.146 - - [08/Jun/2021:11:11:22 +0800] "GET /xingrg/check_reg.html?_=1623121885338 HTTP/1.1" 302 -
180.169.147.146 - - [08/Jun/2021:11:11:24 +0800] "GET /xingrg/kc/buy/cgsh_order_add.html HTTP/1.1" 200 62381
180.169.147.146 - - [08/Jun/2021:11:11:25 +0800] "GET /xingrg/javascript/easyui/themes/default/validatebox.css HTTP/1.1" 404 1104
180.169.147.146 - - [08/Jun/2021:11:11:25 +0800] "POST /xingrg/kc/buy/cgsh_order_operate.html HTTP/1.1" 200 8245
114.86.225.21 - - [08/Jun/2021:11:11:29 +0800] "POST /xingrg/kc/buy/cgsh_order_operate.html HTTP/1.1" 200 37
180.169.147.146 - - [08/Jun/2021:11:11:30 +0800] "GET /xingrg/all/function/internal_message.html?_=1623121891183&CODE_STATE=getMsg HTTP/1.1" 200 27
180.169.147.146 - - [08/Jun/2021:11:11:30 +0800] "GET /xingrg/check_reg.html?_=1623121891185 HTTP/1.1" 200 22
180.169.147.146 - - [08/Jun/2021:11:11:32 +0800] "GET /xingrg/kc/buy/cgsh_order_operate.html?command=get_materiel&rest_code=00147&code=00101007085&supplier_code=00100328&order_time=2021-06-08 HTTP/1.1" 200 413
116.235.222.38 - - [08/Jun/2021:11:11:32 +0800] "GET /xingrg/kc/buy/cgsh_order_operate.html?command=get_materiel&rest_code=00107&code=00101001008&supplier_code=00100347&order_time=2021-06-08 HTTP/1.1" 200 415
114.86.225.21 - - [08/Jun/2021:11:11:34 +0800] "POST /xingrg/kc/buy/cgsh_order_operate.html HTTP/1.1" 200 5639
120.253.135.82 - - [08/Jun/2021:11:11:41 +0800] "POST /xingrg/kc/pszx/mdps_list_operate.html HTTP/1.1" 200 5226
116.230.117.165 - - [08/Jun/2021:11:11:41 +0800] "GET /xingrg/all/function/internal_message.html?_=1623121909530&CODE_STATE=getMsg HTTP/1.1" 200 27
116.230.110.80 - - [08/Jun/2021:11:11:43 +0800] "GET /xingrg/all/function/internal_message.html?_=1623121890469&CODE_STATE=getMsg HTTP/1.1" 200 27
120.253.135.82 - - [08/Jun/2021:11:11:44 +0800] "POST /xingrg/kc/pszx/mdps_list_operate.html HTTP/1.1" 200 635
180.169.147.146 - - [08/Jun/2021:11:11:44 +0800] "GET /xingrg/kc/buy/cgsh_order_operate.html?command=get_materiel&rest_code=00147&code=00101007077&supplier_code=00100328&order_time=2021-06-08 HTTP/1.1" 200 415
58.37.225.51 - - [08/Jun/2021:11:11:45 +0800] "GET /xingrg/all/function/internal_message.html?_=1623121848923&CODE_STATE=getMsg HTTP/1.1" 200 27
120.253.135.82 - - [08/Jun/2021:11:11:45 +0800] "GET /xingrg/kc/pszx/mdps_order_info.html?code=312021060700200 HTTP/1.1" 200 23931
120.253.135.82 - - [08/Jun/2021:11:11:46 +0800] "GET /xingrg/words/20210608110513_words.js HTTP/1.1" 200 820490
114.86.225.21 - - [08/Jun/2021:11:11:46 +0800] "GET /xingrg/all/function/internal_message.html?_=1623121908310&CODE_STATE=getMsg HTTP/1.1" 200 27
120.253.135.82 - - [08/Jun/2021:11:11:46 +0800] "GET /xingrg/javascript/easyui/themes/default/validatebox.css HTTP/1.1" 404 1104
120.253.135.82 - - [08/Jun/2021:11:11:47 +0800] "POST /xingrg/kc/pszx/mdps_order_operate.html HTTP/1.1" 200 16629
180.169.147.146 - - [08/Jun/2021:11:11:51 +0800] "POST /xingrg/kc/buy/cgsh_order_operate.html HTTP/1.1" 200 37
116.235.222.38 - - [08/Jun/2021:11:11:52 +0800] "GET /xingrg/kc/buy/cgsh_order_operate.html?command=get_materiel&rest_code=00107&code=00101020303&supplier_code=00100347&order_time=2021-06-08 HTTP/1.1" 200 416
58.40.7.146 - - [08/Jun/2021:11:11:53 +0800] "GET /xingrg/all/function/internal_message.html?_=1623121915224&CODE_STATE=getMsg HTTP/1.1" 200 27
117.185.32.26 - - [08/Jun/2021:11:11:53 +0800] "GET /xingrg/all/function/internal_message.html?_=1623122448038&CODE_STATE=getMsg HTTP/1.1" 200 27
180.169.147.146 - - [08/Jun/2021:11:11:53 +0800] "POST /xingrg/kc/buy/cgsh_order_operate.html HTTP/1.1" 200 3252
180.169.147.146 - - [08/Jun/2021:11:11:54 +0800] "GET /xingrg/kc/print/load_data.html?order_code=212021060803566&kc_code=cgsh&condition= HTTP/1.1" 200 913
120.253.135.82 - - [08/Jun/2021:11:11:57 +0800] "POST /xingrg/kc/pszx/mdps_order_operate.html HTTP/1.1" 200 37
180.169.147.146 - - [08/Jun/2021:11:11:59 +0800] "GET /xingrg/kc/buy/cgsh_order_add.html HTTP/1.1" 200 62381
180.169.147.146 - - [08/Jun/2021:11:11:59 +0800] "GET /xingrg/javascript/easyui/themes/default/validatebox.css HTTP/1.1" 404 1104
180.169.147.146 - - [08/Jun/2021:11:11:59 +0800] "POST /xingrg/kc/buy/cgsh_order_operate.html HTTP/1.1" 200 8245
222.69.129.148 - - [08/Jun/2021:11:12:03 +0800] "GET /xingrg/all/function/internal_message.html?_=1623121924404&CODE_STATE=getMsg HTTP/1.1" 200 27
120.253.135.82 - - [08/Jun/2021:11:12:03 +0800] "POST /xingrg/kc/pszx/mdps_order_operate.html HTTP/1.1" 200 12
172.20.0.100 - - [08/Jun/2021:11:12:04 +0800] "GET /xingrg/all/function/internal_message.html?_=1623121926149&CODE_STATE=getMsg HTTP/1.1" 200 27
222.70.177.90 - - [08/Jun/2021:11:12:06 +0800] "GET /xingrg/all/function/internal_message.html?_=1623121926721&CODE_STATE=getMsg HTTP/1.1" 200 27
180.161.111.4 - - [08/Jun/2021:11:12:07 +0800] "GET /xingrg/check_reg.html?_=1623121891553 HTTP/1.1" 200 22
116.235.222.38 - - [08/Jun/2021:11:12:07 +0800] "GET /xingrg/all/function/internal_message.html?_=1623121927265&CODE_STATE=getMsg HTTP/1.1" 200 27
180.169.147.146 - - [08/Jun/2021:11:12:08 +0800] "GET /xingrg/kc/buy/cgsh_order_operate.html?command=get_materiel&rest_code=00147&code=00101004038&supplier_code=00100312&order_time=2021-06-08 HTTP/1.1" 200 429
116.224.253.72 - - [08/Jun/2021:11:12:10 +0800] "GET /xingrg/all/function/internal_message.html?_=1623121931653&CODE_STATE=getMsg HTTP/1.1" 200 27
180.169.147.146 - - [08/Jun/2021:11:12:10 +0800] "GET /xingrg/all/function/internal_message.html?_=1623121931168&CODE_STATE=getMsg HTTP/1.1" 200 27
120.253.135.82 - - [08/Jun/2021:11:12:11 +0800] "GET /xingrg/kc/pszx/mdps_order_info.html?code=312021060700200 HTTP/1.1" 200 19591
120.253.135.82 - - [08/Jun/2021:11:12:12 +0800] "GET /xingrg/javascript/easyui/themes/default/validatebox.css HTTP/1.1" 404 1104
120.253.135.82 - - [08/Jun/2021:11:12:12 +0800] "POST /xingrg/kc/pszx/mdps_order_operate.html HTTP/1.1" 200 14730
117.185.32.26 - - [08/Jun/2021:11:12:13 +0800] "GET /xingrg/all/function/internal_message.html?_=1623121929291&CODE_STATE=getMsg HTTP/1.1" 200 27
183.192.164.71 - - [08/Jun/2021:11:12:13 +0800] "GET /xingrg/all/function/internal_message.html?_=1623121869293&CODE_STATE=getMsg HTTP/1.1" 302 -
183.192.164.71 - - [08/Jun/2021:11:12:13 +0800] "GET /xingrg/login.html HTTP/1.1" 200 7641
116.224.253.72 - - [08/Jun/2021:11:12:13 +0800] "GET /xingrg/all/function/internal_message.html?_=1623121934346&CODE_STATE=getMsg HTTP/1.1" 200 27
114.86.187.76 - - [08/Jun/2021:11:12:15 +0800] "GET /xingrg/all/function/internal_message.html?_=1623121941908&CODE_STATE=getMsg HTTP/1.1" 200 27
120.253.135.82 - - [08/Jun/2021:11:12:15 +0800] "POST /xingrg/kc/pszx/mdps_list_operate.html HTTP/1.1" 200 5036
180.169.147.146 - - [08/Jun/2021:11:12:17 +0800] "GET /xingrg/kc/buy/cgsh_order_operate.html?command=get_materiel&rest_code=00147&code=00101004059&supplier_code=00100312&order_time=2021-06-08 HTTP/1.1" 200 415
120.253.135.82 - - [08/Jun/2021:11:12:18 +0800] "POST /xingrg/kc/pszx/mdps_list_operate.html HTTP/1.1" 200 606
120.253.135.82 - - [08/Jun/2021:11:12:19 +0800] "GET /xingrg/kc/pszx/mdps_order_info.html?code=312021060700202 HTTP/1.1" 200 23931
61.165.42.208 - - [08/Jun/2021:11:12:20 +0800] "GET /xingrg/all/function/internal_message.html?_=1623121941947&CODE_STATE=getMsg HTTP/1.1" 200 27
120.253.135.82 - - [08/Jun/2021:11:12:20 +0800] "GET /xingrg/javascript/easyui/themes/default/validatebox.css HTTP/1.1" 404 1104
120.253.135.82 - - [08/Jun/2021:11:12:20 +0800] "POST /xingrg/kc/pszx/mdps_order_operate.html HTTP/1.1" 200 5778
180.169.147.146 - - [08/Jun/2021:11:12:22 +0800] "GET /xingrg/all/function/internal_message.html?_=1623121945341&CODE_STATE=getMsg HTTP/1.1" 302 -
120.253.135.82 - - [08/Jun/2021:11:12:25 +0800] "POST /xingrg/kc/pszx/mdps_order_operate.html HTTP/1.1" 200 37
120.253.135.82 - - [08/Jun/2021:11:12:29 +0800] "POST /xingrg/kc/pszx/mdps_order_operate.html HTTP/1.1" 200 12
180.169.147.146 - - [08/Jun/2021:11:12:30 +0800] "GET /xingrg/all/function/internal_message.html?_=1623121951181&CODE_STATE=getMsg HTTP/1.1" 200 27
180.169.147.146 - - [08/Jun/2021:11:12:33 +0800] "GET /xingrg/kc/buy/cgsh_order_operate.html?command=get_materiel&rest_code=00147&code=00101001016&supplier_code=00100312&order_time=2021-06-08 HTTP/1.1" 200 432
120.253.135.82 - - [08/Jun/2021:11:12:37 +0800] "GET /xingrg/kc/pszx/mdps_order_info.html?code=312021060700202 HTTP/1.1" 200 19591
120.253.135.82 - - [08/Jun/2021:11:12:38 +0800] "GET /xingrg/javascript/easyui/themes/default/validatebox.css HTTP/1.1" 404 1104
180.169.147.146 - - [08/Jun/2021:11:12:38 +0800] "GET /xingrg/check_reg.html?_=1623121963319 HTTP/1.1" 302 -
120.253.135.82 - - [08/Jun/2021:11:12:38 +0800] "POST /xingrg/kc/pszx/mdps_order_operate.html HTTP/1.1" 200 3966
120.253.135.82 - - [08/Jun/2021:11:12:39 +0800] "POST /xingrg/kc/pszx/mdps_list_operate.html HTTP/1.1" 200 4662
114.86.225.21 - - [08/Jun/2021:11:12:40 +0800] "GET /xingrg/kc/print/load_config.html?kc_code=cgsh HTTP/1.1" 200 1845
114.86.225.21 - - [08/Jun/2021:11:12:40 +0800] "GET /xingrg/kc/print/load_data.html?order_code=212021060803565&kc_code=cgsh&condition= HTTP/1.1" 200 1904
116.230.117.165 - - [08/Jun/2021:11:12:42 +0800] "GET /xingrg/all/function/internal_message.html?_=1623121969531&CODE_STATE=getMsg HTTP/1.1" 200 27
116.230.110.80 - - [08/Jun/2021:11:12:43 +0800] "GET /xingrg/all/function/internal_message.html?_=1623121950463&CODE_STATE=getMsg HTTP/1.1" 200 27
58.37.225.51 - - [08/Jun/2021:11:12:45 +0800] "GET /xingrg/all/function/internal_message.html?_=1623121908921&CODE_STATE=getMsg HTTP/1.1" 200 27
180.169.147.146 - - [08/Jun/2021:11:12:45 +0800] "POST /xingrg/kc/buy/cgsh_order_operate.html HTTP/1.1" 200 37
114.86.225.21 - - [08/Jun/2021:11:12:46 +0800] "GET /xingrg/all/function/internal_message.html?_=1623121968314&CODE_STATE=getMsg HTTP/1.1" 200 27
180.169.147.146 - - [08/Jun/2021:11:12:47 +0800] "POST /xingrg/kc/buy/cgsh_order_operate.html HTTP/1.1" 200 3845
120.253.135.82 - - [08/Jun/2021:11:12:51 +0800] "POST /xingrg/kc/pszx/mdps_list_operate.html HTTP/1.1" 200 358
58.40.7.146 - - [08/Jun/2021:11:12:53 +0800] "GET /xingrg/all/function/internal_message.html?_=1623121975211&CODE_STATE=getMsg HTTP/1.1" 200 27
120.253.135.82 - - [08/Jun/2021:11:12:53 +0800] "GET /xingrg/kc/pszx/mdps_order_info.html?code=312021060700203 HTTP/1.1" 200 23931
117.185.32.26 - - [08/Jun/2021:11:12:53 +0800] "GET /xingrg/all/function/internal_message.html?_=1623122508022&CODE_STATE=getMsg HTTP/1.1" 200 27
120.253.135.82 - - [08/Jun/2021:11:12:53 +0800] "GET /xingrg/javascript/easyui/themes/default/validatebox.css HTTP/1.1" 404 1104
117.185.32.26 - - [08/Jun/2021:11:12:54 +0800] "GET /xingrg/check_reg.html?_=1623122508822 HTTP/1.1" 200 22
120.253.135.82 - - [08/Jun/2021:11:12:54 +0800] "POST /xingrg/kc/pszx/mdps_order_operate.html HTTP/1.1" 200 3279
116.230.117.165 - - [08/Jun/2021:11:12:56 +0800] "GET /xingrg/check_reg.html?_=1623121983846 HTTP/1.1" 200 22
180.169.147.146 - - [08/Jun/2021:11:12:56 +0800] "POST /xingrg/kc/buy/cgsh_order_operate.html HTTP/1.1" 200 37
180.169.147.146 - - [08/Jun/2021:11:12:57 +0800] "POST /xingrg/kc/buy/cgsh_order_operate.html HTTP/1.1" 200 3845
120.253.135.82 - - [08/Jun/2021:11:12:59 +0800] "POST /xingrg/kc/pszx/mdps_order_operate.html HTTP/1.1" 200 37
180.169.147.146 - - [08/Jun/2021:11:13:00 +0800] "GET /xingrg/kc/print/load_data.html?order_code=212021060803567&kc_code=cgsh&condition= HTTP/1.1" 200 1137
117.184.7.26 - - [08/Jun/2021:11:13:00 +0800] "GET /xingrg/check_reg.html?_=1623121978551 HTTP/1.1" 200 22
222.69.129.148 - - [08/Jun/2021:11:13:03 +0800] "GET /xingrg/all/function/internal_message.html?_=1623121984419&CODE_STATE=getMsg HTTP/1.1" 200 27
120.253.135.82 - - [08/Jun/2021:11:13:04 +0800] "POST /xingrg/kc/pszx/mdps_order_operate.html HTTP/1.1" 200 12
180.169.147.146 - - [08/Jun/2021:11:13:04 +0800] "GET /xingrg/kc/buy/cgsh_order_add.html HTTP/1.1" 200 62381
180.169.147.146 - - [08/Jun/2021:11:13:04 +0800] "POST /xingrg/kc/buy/cgsh_order_operate.html HTTP/1.1" 200 8245
180.169.147.146 - - [08/Jun/2021:11:13:04 +0800] "GET /xingrg/javascript/easyui/themes/default/validatebox.css HTTP/1.1" 404 1104
