120.253.135.82 - - [08/Jun/2021:06:58:13 +0800] "GET /xingrg/kc/pszx/mdps_order_info.html?code=312021060800241 HTTP/1.1" 200 23935
120.253.135.82 - - [08/Jun/2021:06:58:13 +0800] "GET /xingrg/javascript/easyui/themes/default/validatebox.css HTTP/1.1" 404 1104
180.169.147.146 - - [08/Jun/2021:06:58:14 +0800] "GET /xingrg/check_reg.html?_=1623106698398 HTTP/1.1" 302 -
120.253.135.82 - - [08/Jun/2021:06:58:14 +0800] "POST /xingrg/kc/pszx/mdps_order_operate.html HTTP/1.1" 200 5709
120.253.135.82 - - [08/Jun/2021:06:58:15 +0800] "POST /xingrg/all/common/load_combo.html?type=base HTTP/1.1" 200 1075
120.253.135.82 - - [08/Jun/2021:06:58:21 +0800] "POST /xingrg/kc/pszx/mdps_order_operate.html HTTP/1.1" 200 37
116.224.253.72 - - [08/Jun/2021:06:58:22 +0800] "GET /xingrg/all/function/internal_message.html?_=1623106703186&CODE_STATE=getMsg HTTP/1.1" 200 27
120.253.135.82 - - [08/Jun/2021:06:58:22 +0800] "GET /xingrg/kc/pszx/mdps_order_info.html?code=312021060800241 HTTP/1.1" 200 23935
120.253.135.82 - - [08/Jun/2021:06:58:23 +0800] "GET /xingrg/javascript/easyui/themes/default/validatebox.css HTTP/1.1" 404 1104
120.253.135.82 - - [08/Jun/2021:06:58:24 +0800] "POST /xingrg/kc/pszx/mdps_order_operate.html HTTP/1.1" 200 5770
116.230.117.165 - - [08/Jun/2021:06:58:26 +0800] "GET /xingrg/all/function/internal_message.html?_=1623106713647&CODE_STATE=getMsg HTTP/1.1" 200 27
116.224.253.72 - - [08/Jun/2021:06:58:30 +0800] "GET /xingrg/all/function/internal_message.html?_=1623106710944&CODE_STATE=getMsg HTTP/1.1" 200 27
120.253.135.82 - - [08/Jun/2021:06:58:33 +0800] "GET /xingrg/check_reg.html?_=1623106498804 HTTP/1.1" 200 22
120.253.135.82 - - [08/Jun/2021:06:58:37 +0800] "GET /xingrg/kc/pszx/mdps_order_operate.html?command=get_materiel&pszx_code=00101&rest_code=00155&base_code=0010250&code=00102002182 HTTP/1.1" 200 420
120.253.135.82 - - [08/Jun/2021:06:58:42 +0800] "GET /xingrg/all/function/internal_message.html?_=1623106507446&CODE_STATE=getMsg HTTP/1.1" 200 27
120.253.135.82 - - [08/Jun/2021:06:58:46 +0800] "POST /xingrg/kc/pszx/mdps_order_operate.html HTTP/1.1" 200 37
120.253.135.82 - - [08/Jun/2021:06:58:48 +0800] "GET /xingrg/kc/pszx/mdps_order_info.html?code=312021060800241 HTTP/1.1" 200 23935
120.253.135.82 - - [08/Jun/2021:06:58:49 +0800] "GET /xingrg/javascript/easyui/themes/default/validatebox.css HTTP/1.1" 404 1104
120.253.135.82 - - [08/Jun/2021:06:58:49 +0800] "POST /xingrg/kc/pszx/mdps_order_operate.html HTTP/1.1" 200 5765
120.253.135.82 - - [08/Jun/2021:06:58:51 +0800] "POST /xingrg/kc/pszx/mdps_list_operate.html HTTP/1.1" 200 2838
58.40.7.146 - - [08/Jun/2021:06:58:53 +0800] "GET /xingrg/all/function/internal_message.html?_=1623106735097&CODE_STATE=getMsg HTTP/1.1" 200 27
120.253.135.82 - - [08/Jun/2021:06:58:53 +0800] "POST /xingrg/kc/pszx/mdps_list_operate.html HTTP/1.1" 200 602
120.253.135.82 - - [08/Jun/2021:06:58:55 +0800] "POST /xingrg/kc/pszx/mdps_list_operate.html HTTP/1.1" 200 600
120.253.135.82 - - [08/Jun/2021:06:58:56 +0800] "POST /xingrg/kc/pszx/mdps_list_operate.html HTTP/1.1" 200 353
120.253.135.82 - - [08/Jun/2021:06:58:57 +0800] "POST /xingrg/kc/pszx/mdps_list_operate.html HTTP/1.1" 200 441
116.224.253.72 - - [08/Jun/2021:06:59:22 +0800] "GET /xingrg/all/function/internal_message.html?_=1623106763185&CODE_STATE=getMsg HTTP/1.1" 200 27
116.230.117.165 - - [08/Jun/2021:06:59:26 +0800] "GET /xingrg/all/function/internal_message.html?_=1623106773661&CODE_STATE=getMsg HTTP/1.1" 200 27
116.224.253.72 - - [08/Jun/2021:06:59:30 +0800] "GET /xingrg/all/function/internal_message.html?_=1623106770989&CODE_STATE=getMsg HTTP/1.1" 200 27
120.253.135.82 - - [08/Jun/2021:06:59:42 +0800] "GET /xingrg/all/function/internal_message.html?_=1623106567461&CODE_STATE=getMsg HTTP/1.1" 200 27
120.253.135.82 - - [08/Jun/2021:06:59:43 +0800] "GET /xingrg/kc/report/report_main.html HTTP/1.1" 200 9370
120.253.135.82 - - [08/Jun/2021:06:59:43 +0800] "GET /xingrg/javascript/jquery_ui/themes/humanity/humanity.css HTTP/1.1" 200 27801
120.253.135.82 - - [08/Jun/2021:06:59:45 +0800] "GET /xingrg/kc/base/kc_stocks.html HTTP/1.1" 200 16431
120.253.135.82 - - [08/Jun/2021:06:59:45 +0800] "GET /xingrg/javascript/easyui/themes/sunny/easyui.css HTTP/1.1" 200 34304
120.253.135.82 - - [08/Jun/2021:06:59:45 +0800] "GET /xingrg/javascript/easyui/themes/icons/print_new.png HTTP/1.1" 200 3580
120.253.135.82 - - [08/Jun/2021:06:59:45 +0800] "GET /xingrg/javascript/easyui/themes/icons/filter_new.png HTTP/1.1" 200 795
120.253.135.82 - - [08/Jun/2021:06:59:45 +0800] "GET /xingrg/javascript/easyui/themes/icons/refresh_new.png HTTP/1.1" 200 685
120.253.135.82 - - [08/Jun/2021:06:59:45 +0800] "GET /xingrg/javascript/easyui/plugins/jquery.draggable.js HTTP/1.1" 200 6121
120.253.135.82 - - [08/Jun/2021:06:59:45 +0800] "GET /xingrg/javascript/easyui/plugins/jquery.droppable.js HTTP/1.1" 200 1167
120.253.135.82 - - [08/Jun/2021:06:59:45 +0800] "GET /xingrg/javascript/easyui/themes/default/tree.css HTTP/1.1" 404 1090
120.253.135.82 - - [08/Jun/2021:06:59:45 +0800] "GET /xingrg/javascript/easyui/plugins/jquery.tree.js HTTP/1.1" 200 20874
120.253.135.82 - - [08/Jun/2021:06:59:45 +0800] "POST /xingrg/all/common/load_tree.html?tree=materiel_sort_tree_json HTTP/1.1" 200 8666
120.253.135.82 - - [08/Jun/2021:06:59:45 +0800] "GET /xingrg/javascript/easyui/themes/sunny/images/tree_arrows.gif HTTP/1.1" 200 617
120.253.135.82 - - [08/Jun/2021:06:59:45 +0800] "GET /xingrg/javascript/easyui/themes/sunny/images/tree_folder_open.gif HTTP/1.1" 200 956
120.253.135.82 - - [08/Jun/2021:06:59:45 +0800] "GET /xingrg/javascript/easyui/themes/sunny/images/tree_folder.gif HTTP/1.1" 200 952
120.253.135.82 - - [08/Jun/2021:06:59:45 +0800] "GET /xingrg/javascript/easyui/themes/sunny/images/tree_file.gif HTTP/1.1" 200 118
120.253.135.82 - - [08/Jun/2021:06:59:46 +0800] "POST /xingrg/all/common/load_combo.html?type=base HTTP/1.1" 200 1075
58.40.7.146 - - [08/Jun/2021:06:59:53 +0800] "GET /xingrg/all/function/internal_message.html?_=1623106795099&CODE_STATE=getMsg HTTP/1.1" 200 27
120.253.135.82 - - [08/Jun/2021:06:59:56 +0800] "POST /xingrg/kc/base/stock_operate.html HTTP/1.1" 200 1457
120.253.135.82 - - [08/Jun/2021:06:59:56 +0800] "GET /xingrg/javascript/jquery_tools/fix_table.js HTTP/1.1" 200 6528
116.224.253.72 - - [08/Jun/2021:07:00:22 +0800] "GET /xingrg/all/function/internal_message.html?_=1623106823184&CODE_STATE=getMsg HTTP/1.1" 200 27
120.253.135.82 - - [08/Jun/2021:07:00:29 +0800] "POST /xingrg/kc/base/stock_operate.html HTTP/1.1" 200 1717
116.224.253.72 - - [08/Jun/2021:07:00:30 +0800] "GET /xingrg/all/function/internal_message.html?_=1623106831003&CODE_STATE=getMsg HTTP/1.1" 200 27
120.253.135.82 - - [08/Jun/2021:07:00:42 +0800] "GET /xingrg/all/function/internal_message.html?_=1623106627474&CODE_STATE=getMsg HTTP/1.1" 200 27
116.230.117.165 - - [08/Jun/2021:07:00:47 +0800] "GET /xingrg/all/function/internal_message.html?_=1623106833747&CODE_STATE=getMsg HTTP/1.1" 200 27
58.40.7.146 - - [08/Jun/2021:07:00:53 +0800] "GET /xingrg/check_reg.html?_=1623106855103 HTTP/1.1" 200 22
58.40.7.146 - - [08/Jun/2021:07:00:53 +0800] "GET /xingrg/all/function/internal_message.html?_=1623106855104&CODE_STATE=getMsg HTTP/1.1" 200 27
116.224.253.72 - - [08/Jun/2021:07:01:22 +0800] "GET /xingrg/all/function/internal_message.html?_=1623106883202&CODE_STATE=getMsg HTTP/1.1" 200 27
116.230.117.165 - - [08/Jun/2021:07:01:26 +0800] "GET /xingrg/all/function/internal_message.html?_=1623106893751&CODE_STATE=getMsg HTTP/1.1" 200 27
116.224.253.72 - - [08/Jun/2021:07:01:30 +0800] "GET /xingrg/all/function/internal_message.html?_=1623106891046&CODE_STATE=getMsg HTTP/1.1" 200 27
120.253.135.82 - - [08/Jun/2021:07:01:42 +0800] "GET /xingrg/all/function/internal_message.html?_=1623106687488&CODE_STATE=getMsg HTTP/1.1" 200 27
58.40.7.146 - - [08/Jun/2021:07:01:53 +0800] "GET /xingrg/all/function/internal_message.html?_=1623106915088&CODE_STATE=getMsg HTTP/1.1" 200 27
116.224.253.72 - - [08/Jun/2021:07:02:11 +0800] "GET /xingrg/check_reg.html?_=1623106932365 HTTP/1.1" 200 22
116.224.253.72 - - [08/Jun/2021:07:02:22 +0800] "GET /xingrg/all/function/internal_message.html?_=1623106943203&CODE_STATE=getMsg HTTP/1.1" 200 27
116.224.253.72 - - [08/Jun/2021:07:02:22 +0800] "GET /xingrg/check_reg.html?_=1623106943205 HTTP/1.1" 200 22
116.230.117.165 - - [08/Jun/2021:07:02:26 +0800] "GET /xingrg/all/function/internal_message.html?_=1623106953840&CODE_STATE=getMsg HTTP/1.1" 200 27
116.224.253.72 - - [08/Jun/2021:07:02:30 +0800] "GET /xingrg/all/function/internal_message.html?_=1623106951046&CODE_STATE=getMsg HTTP/1.1" 200 27
180.169.147.146 - - [08/Jun/2021:07:02:37 +0800] "GET /xingrg/check_reg.html?_=1623106961950 HTTP/1.1" 302 -
120.253.135.82 - - [08/Jun/2021:07:02:42 +0800] "GET /xingrg/all/function/internal_message.html?_=1623106747716&CODE_STATE=getMsg HTTP/1.1" 200 27
58.40.7.146 - - [08/Jun/2021:07:02:53 +0800] "GET /xingrg/all/function/internal_message.html?_=1623106975090&CODE_STATE=getMsg HTTP/1.1" 200 27
116.230.117.165 - - [08/Jun/2021:07:02:56 +0800] "GET /xingrg/check_reg.html?_=1623106983139 HTTP/1.1" 200 22
117.184.7.30 - - [08/Jun/2021:07:03:00 +0800] "GET /xingrg/check_reg.html?_=1623106979283 HTTP/1.1" 200 22
180.169.147.146 - - [08/Jun/2021:07:03:14 +0800] "GET /xingrg/check_reg.html?_=1623106998432 HTTP/1.1" 302 -
116.224.253.72 - - [08/Jun/2021:07:03:22 +0800] "GET /xingrg/all/function/internal_message.html?_=1623107003206&CODE_STATE=getMsg HTTP/1.1" 200 27
116.230.117.165 - - [08/Jun/2021:07:03:26 +0800] "GET /xingrg/all/function/internal_message.html?_=1623107013840&CODE_STATE=getMsg HTTP/1.1" 200 27
116.224.253.72 - - [08/Jun/2021:07:03:30 +0800] "GET /xingrg/all/function/internal_message.html?_=1623107011060&CODE_STATE=getMsg HTTP/1.1" 200 27
120.253.135.82 - - [08/Jun/2021:07:03:33 +0800] "GET /xingrg/check_reg.html?_=1623106798810 HTTP/1.1" 200 22
120.253.135.82 - - [08/Jun/2021:07:03:42 +0800] "GET /xingrg/all/function/internal_message.html?_=1623106807718&CODE_STATE=getMsg HTTP/1.1" 200 27
58.40.7.146 - - [08/Jun/2021:07:03:53 +0800] "GET /xingrg/all/function/internal_message.html?_=1623107035093&CODE_STATE=getMsg HTTP/1.1" 200 27
120.253.135.82 - - [08/Jun/2021:07:03:56 +0800] "POST /xingrg/kc/base/stock_operate.html HTTP/1.1" 200 1740
116.224.253.72 - - [08/Jun/2021:07:04:22 +0800] "GET /xingrg/all/function/internal_message.html?_=1623107063209&CODE_STATE=getMsg HTTP/1.1" 200 27
116.230.117.165 - - [08/Jun/2021:07:04:26 +0800] "GET /xingrg/all/function/internal_message.html?_=1623107073855&CODE_STATE=getMsg HTTP/1.1" 200 27
116.224.253.72 - - [08/Jun/2021:07:04:30 +0800] "GET /xingrg/all/function/internal_message.html?_=1623107071097&CODE_STATE=getMsg HTTP/1.1" 200 27
120.253.135.82 - - [08/Jun/2021:07:04:42 +0800] "GET /xingrg/all/function/internal_message.html?_=1623106867731&CODE_STATE=getMsg HTTP/1.1" 200 27
58.40.7.146 - - [08/Jun/2021:07:04:53 +0800] "GET /xingrg/all/function/internal_message.html?_=1623107095095&CODE_STATE=getMsg HTTP/1.1" 200 27
116.224.253.72 - - [08/Jun/2021:07:05:22 +0800] "GET /xingrg/all/function/internal_message.html?_=1623107123212&CODE_STATE=getMsg HTTP/1.1" 200 27
116.230.117.165 - - [08/Jun/2021:07:05:26 +0800] "GET /xingrg/all/function/internal_message.html?_=1623107133960&CODE_STATE=getMsg HTTP/1.1" 200 27
116.224.253.72 - - [08/Jun/2021:07:05:30 +0800] "GET /xingrg/all/function/internal_message.html?_=1623107131102&CODE_STATE=getMsg HTTP/1.1" 200 27
120.253.135.82 - - [08/Jun/2021:07:05:37 +0800] "POST /xingrg/kc/base/stock_operate.html HTTP/1.1" 200 1730
120.253.135.82 - - [08/Jun/2021:07:05:42 +0800] "GET /xingrg/all/function/internal_message.html?_=1623106927744&CODE_STATE=getMsg HTTP/1.1" 200 27
120.253.135.82 - - [08/Jun/2021:07:05:50 +0800] "POST /xingrg/kc/base/stock_operate.html HTTP/1.1" 200 1468
58.40.7.146 - - [08/Jun/2021:07:05:53 +0800] "GET /xingrg/all/function/internal_message.html?_=1623107155098&CODE_STATE=getMsg HTTP/1.1" 200 27
58.40.7.146 - - [08/Jun/2021:07:05:53 +0800] "GET /xingrg/check_reg.html?_=1623107155099 HTTP/1.1" 200 22
116.224.253.72 - - [08/Jun/2021:07:06:22 +0800] "GET /xingrg/all/function/internal_message.html?_=1623107183234&CODE_STATE=getMsg HTTP/1.1" 200 27
116.230.117.165 - - [08/Jun/2021:07:06:26 +0800] "GET /xingrg/all/function/internal_message.html?_=1623107193975&CODE_STATE=getMsg HTTP/1.1" 200 27
116.224.253.72 - - [08/Jun/2021:07:06:30 +0800] "GET /xingrg/all/function/internal_message.html?_=1623107191144&CODE_STATE=getMsg HTTP/1.1" 200 27
120.253.135.82 - - [08/Jun/2021:07:06:40 +0800] "POST /xingrg/kc/base/stock_operate.html HTTP/1.1" 200 1735
120.253.135.82 - - [08/Jun/2021:07:06:42 +0800] "GET /xingrg/all/function/internal_message.html?_=1623106987759&CODE_STATE=getMsg HTTP/1.1" 200 27
58.40.7.146 - - [08/Jun/2021:07:06:53 +0800] "GET /xingrg/all/function/internal_message.html?_=1623107215100&CODE_STATE=getMsg HTTP/1.1" 200 27
116.224.253.72 - - [08/Jun/2021:07:07:11 +0800] "GET /xingrg/check_reg.html?_=1623107232364 HTTP/1.1" 200 22
116.224.253.72 - - [08/Jun/2021:07:07:22 +0800] "GET /xingrg/all/function/internal_message.html?_=1623107243235&CODE_STATE=getMsg HTTP/1.1" 200 27
116.224.253.72 - - [08/Jun/2021:07:07:22 +0800] "GET /xingrg/check_reg.html?_=1623107243232 HTTP/1.1" 200 22
116.230.117.165 - - [08/Jun/2021:07:07:27 +0800] "GET /xingrg/all/function/internal_message.html?_=1623107254058&CODE_STATE=getMsg HTTP/1.1" 200 27
116.224.253.72 - - [08/Jun/2021:07:07:30 +0800] "GET /xingrg/all/function/internal_message.html?_=1623107251145&CODE_STATE=getMsg HTTP/1.1" 200 27
180.169.147.146 - - [08/Jun/2021:07:07:37 +0800] "GET /xingrg/check_reg.html?_=1623107261972 HTTP/1.1" 302 -
120.253.135.82 - - [08/Jun/2021:07:07:42 +0800] "GET /xingrg/all/function/internal_message.html?_=1623107047772&CODE_STATE=getMsg HTTP/1.1" 200 27
120.253.135.82 - - [08/Jun/2021:07:07:46 +0800] "POST /xingrg/kc/base/stock_operate.html HTTP/1.1" 200 1482
58.40.7.146 - - [08/Jun/2021:07:07:53 +0800] "GET /xingrg/all/function/internal_message.html?_=1623107275105&CODE_STATE=getMsg HTTP/1.1" 200 27
116.230.117.165 - - [08/Jun/2021:07:07:56 +0800] "GET /xingrg/check_reg.html?_=1623107283146 HTTP/1.1" 200 22
117.184.7.30 - - [08/Jun/2021:07:08:00 +0800] "GET /xingrg/check_reg.html?_=1623107279272 HTTP/1.1" 200 22
180.169.147.146 - - [08/Jun/2021:07:08:14 +0800] "GET /xingrg/check_reg.html?_=1623107298459 HTTP/1.1" 302 -
120.253.135.82 - - [08/Jun/2021:07:08:15 +0800] "POST /xingrg/kc/base/stock_operate.html HTTP/1.1" 200 1755
116.224.253.72 - - [08/Jun/2021:07:08:22 +0800] "GET /xingrg/all/function/internal_message.html?_=1623107303240&CODE_STATE=getMsg HTTP/1.1" 200 27
116.230.117.165 - - [08/Jun/2021:07:08:27 +0800] "GET /xingrg/all/function/internal_message.html?_=1623107314065&CODE_STATE=getMsg HTTP/1.1" 200 27
120.253.135.82 - - [08/Jun/2021:07:08:29 +0800] "POST /xingrg/kc/base/stock_operate.html HTTP/1.1" 200 1493
116.224.253.72 - - [08/Jun/2021:07:08:30 +0800] "GET /xingrg/all/function/internal_message.html?_=1623107311158&CODE_STATE=getMsg HTTP/1.1" 200 27
120.253.135.82 - - [08/Jun/2021:07:08:33 +0800] "GET /xingrg/check_reg.html?_=1623107098878 HTTP/1.1" 200 22
120.253.135.82 - - [08/Jun/2021:07:08:42 +0800] "GET /xingrg/all/function/internal_message.html?_=1623107107786&CODE_STATE=getMsg HTTP/1.1" 200 27
58.40.7.146 - - [08/Jun/2021:07:08:53 +0800] "GET /xingrg/all/function/internal_message.html?_=1623107335092&CODE_STATE=getMsg HTTP/1.1" 200 27
116.224.253.72 - - [08/Jun/2021:07:09:22 +0800] "GET /xingrg/all/function/internal_message.html?_=1623107363224&CODE_STATE=getMsg HTTP/1.1" 200 27
120.253.135.82 - - [08/Jun/2021:07:09:22 +0800] "POST /xingrg/kc/base/stock_operate.html HTTP/1.1" 200 1472
116.230.117.165 - - [08/Jun/2021:07:09:27 +0800] "GET /xingrg/all/function/internal_message.html?_=1623107374078&CODE_STATE=getMsg HTTP/1.1" 200 27
116.224.253.72 - - [08/Jun/2021:07:09:30 +0800] "GET /xingrg/all/function/internal_message.html?_=1623107371207&CODE_STATE=getMsg HTTP/1.1" 200 27
120.253.135.82 - - [08/Jun/2021:07:09:33 +0800] "POST /xingrg/kc/base/stock_operate.html HTTP/1.1" 200 1481
120.253.135.82 - - [08/Jun/2021:07:09:42 +0800] "GET /xingrg/all/function/internal_message.html?_=1623107167800&CODE_STATE=getMsg HTTP/1.1" 200 27
120.253.135.82 - - [08/Jun/2021:07:09:46 +0800] "POST /xingrg/kc/base/stock_operate.html HTTP/1.1" 200 1491
58.40.7.146 - - [08/Jun/2021:07:09:53 +0800] "GET /xingrg/all/function/internal_message.html?_=1623107395094&CODE_STATE=getMsg HTTP/1.1" 200 27
120.253.135.82 - - [08/Jun/2021:07:09:55 +0800] "POST /xingrg/kc/base/stock_operate.html HTTP/1.1" 200 1489
120.253.135.82 - - [08/Jun/2021:07:10:17 +0800] "POST /xingrg/kc/base/stock_operate.html HTTP/1.1" 200 1468
116.224.253.72 - - [08/Jun/2021:07:10:22 +0800] "GET /xingrg/all/function/internal_message.html?_=1623107423223&CODE_STATE=getMsg HTTP/1.1" 200 27
116.230.117.165 - - [08/Jun/2021:07:10:27 +0800] "GET /xingrg/all/function/internal_message.html?_=1623107434180&CODE_STATE=getMsg HTTP/1.1" 200 27
116.224.253.72 - - [08/Jun/2021:07:10:30 +0800] "GET /xingrg/all/function/internal_message.html?_=1623107431217&CODE_STATE=getMsg HTTP/1.1" 200 27
120.253.135.82 - - [08/Jun/2021:07:10:42 +0800] "GET /xingrg/all/function/internal_message.html?_=1623107227813&CODE_STATE=getMsg HTTP/1.1" 200 27
58.40.7.146 - - [08/Jun/2021:07:10:53 +0800] "GET /xingrg/all/function/internal_message.html?_=1623107455096&CODE_STATE=getMsg HTTP/1.1" 200 27
58.40.7.146 - - [08/Jun/2021:07:10:53 +0800] "GET /xingrg/check_reg.html?_=1623107455097 HTTP/1.1" 200 22
120.253.135.82 - - [08/Jun/2021:07:11:07 +0800] "POST /xingrg/kc/base/stock_operate.html HTTP/1.1" 200 1467
116.224.253.72 - - [08/Jun/2021:07:11:22 +0800] "GET /xingrg/all/function/internal_message.html?_=1623107483250&CODE_STATE=getMsg HTTP/1.1" 200 27
116.230.117.165 - - [08/Jun/2021:07:11:27 +0800] "GET /xingrg/all/function/internal_message.html?_=1623107494184&CODE_STATE=getMsg HTTP/1.1" 200 27
116.224.253.72 - - [08/Jun/2021:07:11:30 +0800] "GET /xingrg/all/function/internal_message.html?_=1623107491267&CODE_STATE=getMsg HTTP/1.1" 200 27
120.253.135.82 - - [08/Jun/2021:07:11:42 +0800] "GET /xingrg/all/function/internal_message.html?_=1623107287827&CODE_STATE=getMsg HTTP/1.1" 200 27
120.253.135.82 - - [08/Jun/2021:07:11:50 +0800] "POST /xingrg/kc/base/stock_operate.html HTTP/1.1" 200 1748
58.40.7.146 - - [08/Jun/2021:07:11:53 +0800] "GET /xingrg/all/function/internal_message.html?_=1623107515098&CODE_STATE=getMsg HTTP/1.1" 200 27
116.224.253.72 - - [08/Jun/2021:07:12:11 +0800] "GET /xingrg/check_reg.html?_=1623107532369 HTTP/1.1" 200 22
116.224.253.72 - - [08/Jun/2021:07:12:22 +0800] "GET /xingrg/check_reg.html?_=1623107543252 HTTP/1.1" 200 22
116.224.253.72 - - [08/Jun/2021:07:12:22 +0800] "GET /xingrg/all/function/internal_message.html?_=1623107543249&CODE_STATE=getMsg HTTP/1.1" 200 27
116.230.117.165 - - [08/Jun/2021:07:12:27 +0800] "GET /xingrg/all/function/internal_message.html?_=1623107554292&CODE_STATE=getMsg HTTP/1.1" 200 27
116.224.253.72 - - [08/Jun/2021:07:12:30 +0800] "GET /xingrg/all/function/internal_message.html?_=1623107551275&CODE_STATE=getMsg HTTP/1.1" 200 27
180.169.147.146 - - [08/Jun/2021:07:12:37 +0800] "GET /xingrg/check_reg.html?_=1623107562005 HTTP/1.1" 302 -
120.253.135.82 - - [08/Jun/2021:07:12:42 +0800] "POST /xingrg/kc/base/stock_operate.html HTTP/1.1" 200 1480
120.253.135.82 - - [08/Jun/2021:07:12:42 +0800] "GET /xingrg/all/function/internal_message.html?_=1623107347839&CODE_STATE=getMsg HTTP/1.1" 200 27
58.40.7.146 - - [08/Jun/2021:07:12:53 +0800] "GET /xingrg/all/function/internal_message.html?_=1623107575100&CODE_STATE=getMsg HTTP/1.1" 200 27
116.230.117.165 - - [08/Jun/2021:07:12:56 +0800] "GET /xingrg/check_reg.html?_=1623107583151 HTTP/1.1" 200 22
117.184.7.30 - - [08/Jun/2021:07:13:00 +0800] "GET /xingrg/check_reg.html?_=1623107579249 HTTP/1.1" 200 22
180.169.147.146 - - [08/Jun/2021:07:13:14 +0800] "GET /xingrg/check_reg.html?_=1623107598480 HTTP/1.1" 302 -
120.253.135.82 - - [08/Jun/2021:07:13:19 +0800] "POST /xingrg/kc/base/stock_operate.html HTTP/1.1" 200 1489
116.224.253.72 - - [08/Jun/2021:07:13:22 +0800] "GET /xingrg/all/function/internal_message.html?_=1623107603258&CODE_STATE=getMsg HTTP/1.1" 200 27
116.230.117.165 - - [08/Jun/2021:07:13:27 +0800] "GET /xingrg/all/function/internal_message.html?_=1623107614305&CODE_STATE=getMsg HTTP/1.1" 200 27
116.224.253.72 - - [08/Jun/2021:07:13:30 +0800] "GET /xingrg/all/function/internal_message.html?_=1623107611290&CODE_STATE=getMsg HTTP/1.1" 200 27
120.253.135.82 - - [08/Jun/2021:07:13:33 +0800] "GET /xingrg/check_reg.html?_=1623107398887 HTTP/1.1" 200 22
120.253.135.82 - - [08/Jun/2021:07:13:42 +0800] "GET /xingrg/all/function/internal_message.html?_=1623107407854&CODE_STATE=getMsg HTTP/1.1" 200 27
58.40.7.146 - - [08/Jun/2021:07:13:53 +0800] "GET /xingrg/all/function/internal_message.html?_=1623107635103&CODE_STATE=getMsg HTTP/1.1" 200 27
116.224.253.72 - - [08/Jun/2021:07:14:22 +0800] "GET /xingrg/all/function/internal_message.html?_=1623107663263&CODE_STATE=getMsg HTTP/1.1" 200 27
116.230.117.165 - - [08/Jun/2021:07:14:27 +0800] "GET /xingrg/all/function/internal_message.html?_=1623107674318&CODE_STATE=getMsg HTTP/1.1" 200 27
116.224.253.72 - - [08/Jun/2021:07:14:30 +0800] "GET /xingrg/all/function/internal_message.html?_=1623107671337&CODE_STATE=getMsg HTTP/1.1" 200 27
120.253.135.82 - - [08/Jun/2021:07:14:42 +0800] "GET /xingrg/all/function/internal_message.html?_=1623107467867&CODE_STATE=getMsg HTTP/1.1" 200 27
58.40.7.146 - - [08/Jun/2021:07:14:53 +0800] "GET /xingrg/all/function/internal_message.html?_=1623107695103&CODE_STATE=getMsg HTTP/1.1" 200 27
116.224.253.72 - - [08/Jun/2021:07:15:22 +0800] "GET /xingrg/all/function/internal_message.html?_=1623107723263&CODE_STATE=getMsg HTTP/1.1" 200 27
116.230.117.165 - - [08/Jun/2021:07:15:27 +0800] "GET /xingrg/all/function/internal_message.html?_=1623107734421&CODE_STATE=getMsg HTTP/1.1" 200 27
116.224.253.72 - - [08/Jun/2021:07:15:30 +0800] "GET /xingrg/all/function/internal_message.html?_=1623107731347&CODE_STATE=getMsg HTTP/1.1" 200 27
120.253.135.82 - - [08/Jun/2021:07:15:43 +0800] "GET /xingrg/all/function/internal_message.html?_=1623107528131&CODE_STATE=getMsg HTTP/1.1" 200 27
58.40.7.146 - - [08/Jun/2021:07:15:53 +0800] "GET /xingrg/check_reg.html?_=1623107755105 HTTP/1.1" 200 22
58.40.7.146 - - [08/Jun/2021:07:15:53 +0800] "GET /xingrg/all/function/internal_message.html?_=1623107755107&CODE_STATE=getMsg HTTP/1.1" 200 27
116.224.253.72 - - [08/Jun/2021:07:16:22 +0800] "GET /xingrg/all/function/internal_message.html?_=1623107783272&CODE_STATE=getMsg HTTP/1.1" 200 27
116.230.117.165 - - [08/Jun/2021:07:16:27 +0800] "GET /xingrg/all/function/internal_message.html?_=1623107794423&CODE_STATE=getMsg HTTP/1.1" 200 27
116.224.253.72 - - [08/Jun/2021:07:16:30 +0800] "GET /xingrg/all/function/internal_message.html?_=1623107791396&CODE_STATE=getMsg HTTP/1.1" 200 27
120.253.135.82 - - [08/Jun/2021:07:16:43 +0800] "GET /xingrg/all/function/internal_message.html?_=1623107588144&CODE_STATE=getMsg HTTP/1.1" 200 27
58.40.7.146 - - [08/Jun/2021:07:16:53 +0800] "GET /xingrg/all/function/internal_message.html?_=1623107815095&CODE_STATE=getMsg HTTP/1.1" 200 27
116.224.253.72 - - [08/Jun/2021:07:17:11 +0800] "GET /xingrg/check_reg.html?_=1623107832378 HTTP/1.1" 200 22
116.224.253.72 - - [08/Jun/2021:07:17:22 +0800] "GET /xingrg/check_reg.html?_=1623107843270 HTTP/1.1" 200 22
116.224.253.72 - - [08/Jun/2021:07:17:22 +0800] "GET /xingrg/all/function/internal_message.html?_=1623107843272&CODE_STATE=getMsg HTTP/1.1" 200 27
116.230.117.165 - - [08/Jun/2021:07:17:27 +0800] "GET /xingrg/all/function/internal_message.html?_=1623107854531&CODE_STATE=getMsg HTTP/1.1" 200 27
116.224.253.72 - - [08/Jun/2021:07:17:30 +0800] "GET /xingrg/all/function/internal_message.html?_=1623107851406&CODE_STATE=getMsg HTTP/1.1" 200 27
180.169.147.146 - - [08/Jun/2021:07:17:37 +0800] "GET /xingrg/check_reg.html?_=1623107862025 HTTP/1.1" 302 -
120.253.135.82 - - [08/Jun/2021:07:17:43 +0800] "GET /xingrg/all/function/internal_message.html?_=1623107648381&CODE_STATE=getMsg HTTP/1.1" 200 27
58.40.7.146 - - [08/Jun/2021:07:17:53 +0800] "GET /xingrg/all/function/internal_message.html?_=1623107875096&CODE_STATE=getMsg HTTP/1.1" 200 27
116.230.117.165 - - [08/Jun/2021:07:17:56 +0800] "GET /xingrg/check_reg.html?_=1623107883156 HTTP/1.1" 200 22
117.184.7.30 - - [08/Jun/2021:07:18:00 +0800] "GET /xingrg/check_reg.html?_=1623107879227 HTTP/1.1" 200 22
180.169.147.146 - - [08/Jun/2021:07:18:14 +0800] "GET /xingrg/check_reg.html?_=1623107898507 HTTP/1.1" 302 -
116.224.253.72 - - [08/Jun/2021:07:18:22 +0800] "GET /xingrg/all/function/internal_message.html?_=1623107903270&CODE_STATE=getMsg HTTP/1.1" 200 27
116.230.117.165 - - [08/Jun/2021:07:18:27 +0800] "GET /xingrg/all/function/internal_message.html?_=1623107914543&CODE_STATE=getMsg HTTP/1.1" 200 27
116.224.253.72 - - [08/Jun/2021:07:18:30 +0800] "GET /xingrg/all/function/internal_message.html?_=1623107911420&CODE_STATE=getMsg HTTP/1.1" 200 27
120.253.135.82 - - [08/Jun/2021:07:18:33 +0800] "GET /xingrg/check_reg.html?_=1623107698889 HTTP/1.1" 200 22
120.253.135.82 - - [08/Jun/2021:07:18:43 +0800] "GET /xingrg/all/function/internal_message.html?_=1623107708390&CODE_STATE=getMsg HTTP/1.1" 200 27
58.40.7.146 - - [08/Jun/2021:07:18:53 +0800] "GET /xingrg/all/function/internal_message.html?_=1623107935097&CODE_STATE=getMsg HTTP/1.1" 200 27
116.235.222.38 - - [08/Jun/2021:07:19:17 +0800] "POST /xingrg/services/DataTransmitService HTTP/1.1" 200 524
116.235.222.38 - - [08/Jun/2021:07:19:17 +0800] "POST /xingrg/services/DataTransmitService HTTP/1.1" 200 501
116.224.253.72 - - [08/Jun/2021:07:19:22 +0800] "GET /xingrg/all/function/internal_message.html?_=1623107963283&CODE_STATE=getMsg HTTP/1.1" 200 27
116.230.117.165 - - [08/Jun/2021:07:19:27 +0800] "GET /xingrg/all/function/internal_message.html?_=1623107974557&CODE_STATE=getMsg HTTP/1.1" 200 27
116.224.253.72 - - [08/Jun/2021:07:19:30 +0800] "GET /xingrg/all/function/internal_message.html?_=1623107971464&CODE_STATE=getMsg HTTP/1.1" 200 27
120.253.135.82 - - [08/Jun/2021:07:19:43 +0800] "GET /xingrg/all/function/internal_message.html?_=1623107768403&CODE_STATE=getMsg HTTP/1.1" 200 27
58.40.7.146 - - [08/Jun/2021:07:19:53 +0800] "GET /xingrg/all/function/internal_message.html?_=1623107995100&CODE_STATE=getMsg HTTP/1.1" 200 27
116.224.253.72 - - [08/Jun/2021:07:20:22 +0800] "GET /xingrg/all/function/internal_message.html?_=1623108023299&CODE_STATE=getMsg HTTP/1.1" 200 27
116.230.117.165 - - [08/Jun/2021:07:20:27 +0800] "GET /xingrg/all/function/internal_message.html?_=1623108034664&CODE_STATE=getMsg HTTP/1.1" 200 27
116.224.253.72 - - [08/Jun/2021:07:20:30 +0800] "GET /xingrg/all/function/internal_message.html?_=1623108031477&CODE_STATE=getMsg HTTP/1.1" 200 27
120.253.135.82 - - [08/Jun/2021:07:20:43 +0800] "GET /xingrg/all/function/internal_message.html?_=1623107828632&CODE_STATE=getMsg HTTP/1.1" 200 27
58.40.7.146 - - [08/Jun/2021:07:20:53 +0800] "GET /xingrg/all/function/internal_message.html?_=1623108055103&CODE_STATE=getMsg HTTP/1.1" 200 27
58.40.7.146 - - [08/Jun/2021:07:20:53 +0800] "GET /xingrg/check_reg.html?_=1623108055103 HTTP/1.1" 200 22
116.224.253.72 - - [08/Jun/2021:07:21:22 +0800] "GET /xingrg/all/function/internal_message.html?_=1623108083305&CODE_STATE=getMsg HTTP/1.1" 200 27
116.230.117.165 - - [08/Jun/2021:07:21:27 +0800] "GET /xingrg/all/function/internal_message.html?_=1623108094678&CODE_STATE=getMsg HTTP/1.1" 200 27
116.224.253.72 - - [08/Jun/2021:07:21:30 +0800] "GET /xingrg/all/function/internal_message.html?_=1623108091524&CODE_STATE=getMsg HTTP/1.1" 200 27
120.253.135.82 - - [08/Jun/2021:07:21:43 +0800] "GET /xingrg/all/function/internal_message.html?_=1623107888632&CODE_STATE=getMsg HTTP/1.1" 200 27
58.40.7.146 - - [08/Jun/2021:07:21:53 +0800] "GET /xingrg/all/function/internal_message.html?_=1623108115104&CODE_STATE=getMsg HTTP/1.1" 200 27
116.224.253.72 - - [08/Jun/2021:07:22:11 +0800] "GET /xingrg/check_reg.html?_=1623108132385 HTTP/1.1" 200 22
116.224.253.72 - - [08/Jun/2021:07:22:22 +0800] "GET /xingrg/check_reg.html?_=1623108143295 HTTP/1.1" 200 22
116.224.253.72 - - [08/Jun/2021:07:22:22 +0800] "GET /xingrg/all/function/internal_message.html?_=1623108143298&CODE_STATE=getMsg HTTP/1.1" 200 27
120.253.135.82 - - [08/Jun/2021:07:22:25 +0800] "GET /xingrg/javascript/easyui/themes/sunny/images/ui-bg_gloss-wave_60_fece2f_500x100.png HTTP/1.1" 200 3512
116.230.117.165 - - [08/Jun/2021:07:22:27 +0800] "GET /xingrg/all/function/internal_message.html?_=1623108154777&CODE_STATE=getMsg HTTP/1.1" 200 27
116.224.253.72 - - [08/Jun/2021:07:22:30 +0800] "GET /xingrg/all/function/internal_message.html?_=1623108151537&CODE_STATE=getMsg HTTP/1.1" 200 27
120.253.135.82 - - [08/Jun/2021:07:22:31 +0800] "GET /xingrg/kc/buy/cgth_order_list.html HTTP/1.1" 200 46078
120.253.135.82 - - [08/Jun/2021:07:22:33 +0800] "POST /xingrg/kc/buy/cgth_list_operate.html HTTP/1.1" 200 2376
180.169.147.146 - - [08/Jun/2021:07:22:37 +0800] "GET /xingrg/check_reg.html?_=1623108162047 HTTP/1.1" 302 -
120.253.135.82 - - [08/Jun/2021:07:22:43 +0800] "GET /xingrg/all/function/internal_message.html?_=1623107948853&CODE_STATE=getMsg HTTP/1.1" 200 27
58.40.7.146 - - [08/Jun/2021:07:22:53 +0800] "GET /xingrg/all/function/internal_message.html?_=1623108175110&CODE_STATE=getMsg HTTP/1.1" 200 27
116.230.117.165 - - [08/Jun/2021:07:22:56 +0800] "GET /xingrg/check_reg.html?_=1623108183164 HTTP/1.1" 200 22
117.184.7.30 - - [08/Jun/2021:07:23:00 +0800] "GET /xingrg/check_reg.html?_=1623108179232 HTTP/1.1" 200 22
120.253.135.82 - - [08/Jun/2021:07:23:11 +0800] "POST /xingrg/kc/buy/cgth_list_operate.html HTTP/1.1" 200 202
120.253.135.82 - - [08/Jun/2021:07:23:13 +0800] "GET /xingrg/kc/buy/cgth_order_info.html?code=232021060700002 HTTP/1.1" 200 64181
120.253.135.82 - - [08/Jun/2021:07:23:13 +0800] "GET /xingrg/dwr/interface/AjaxComOrderService.js HTTP/1.1" 200 18264
120.253.135.82 - - [08/Jun/2021:07:23:13 +0800] "GET /xingrg/dwr/interface/AjaxCgthService.js HTTP/1.1" 200 14519
120.253.135.82 - - [08/Jun/2021:07:23:13 +0800] "GET /xingrg/dwr/engine.js HTTP/1.1" 200 43631
120.253.135.82 - - [08/Jun/2021:07:23:13 +0800] "GET /xingrg/javascript/jquery_easy_ui/themes/icons/edit_add_new.png HTTP/1.1" 200 2997
120.253.135.82 - - [08/Jun/2021:07:23:13 +0800] "GET /xingrg/javascript/jquery_easy_ui/themes/icons/cance_new.png HTTP/1.1" 200 3986
120.253.135.82 - - [08/Jun/2021:07:23:13 +0800] "GET /xingrg/javascript/jquery_easy_ui/themes/icons/ok.png HTTP/1.1" 200 883
120.253.135.82 - - [08/Jun/2021:07:23:13 +0800] "GET /xingrg/images/blue/button/kc_tab_add.gif HTTP/1.1" 200 375
120.253.135.82 - - [08/Jun/2021:07:23:13 +0800] "GET /xingrg/images/blue/button/kc_tab_del.gif HTTP/1.1" 200 383
180.169.147.146 - - [08/Jun/2021:07:23:14 +0800] "GET /xingrg/check_reg.html?_=1623108198531 HTTP/1.1" 302 -
120.253.135.82 - - [08/Jun/2021:07:23:14 +0800] "POST /xingrg/all/common/load_tree.html?tree=supplier_tree_json&isDelete=1 HTTP/1.1" 200 56016
120.253.135.82 - - [08/Jun/2021:07:23:15 +0800] "POST /xingrg/dwr/call/plaincall/AjaxCgthService.loadMaterielItems.dwr HTTP/1.1" 200 804
116.224.253.72 - - [08/Jun/2021:07:23:22 +0800] "GET /xingrg/all/function/internal_message.html?_=1623108203297&CODE_STATE=getMsg HTTP/1.1" 200 27
116.230.117.165 - - [08/Jun/2021:07:23:27 +0800] "GET /xingrg/all/function/internal_message.html?_=1623108214784&CODE_STATE=getMsg HTTP/1.1" 200 27
120.253.135.82 - - [08/Jun/2021:07:23:28 +0800] "POST /xingrg/dwr/call/plaincall/AjaxCgthService.checkOrder.dwr HTTP/1.1" 200 78
116.224.253.72 - - [08/Jun/2021:07:23:30 +0800] "GET /xingrg/all/function/internal_message.html?_=1623108211550&CODE_STATE=getMsg HTTP/1.1" 200 27
120.253.135.82 - - [08/Jun/2021:07:23:31 +0800] "GET /xingrg/dwr/interface/AjaxComOrderService.js HTTP/1.1" 200 18264
120.253.135.82 - - [08/Jun/2021:07:23:31 +0800] "GET /xingrg/dwr/interface/AjaxCgthService.js HTTP/1.1" 200 14519
120.253.135.82 - - [08/Jun/2021:07:23:31 +0800] "GET /xingrg/kc/buy/cgth_order_info.html?code=232021060700002&part=buyck HTTP/1.1" 200 61928
120.253.135.82 - - [08/Jun/2021:07:23:31 +0800] "GET /xingrg/dwr/engine.js HTTP/1.1" 200 43631
120.253.135.82 - - [08/Jun/2021:07:23:33 +0800] "GET /xingrg/check_reg.html?_=1623107998899 HTTP/1.1" 200 22
120.253.135.82 - - [08/Jun/2021:07:23:34 +0800] "POST /xingrg/all/common/load_tree.html?tree=supplier_tree_json&isDelete=1 HTTP/1.1" 200 56016
120.253.135.82 - - [08/Jun/2021:07:23:35 +0800] "POST /xingrg/dwr/call/plaincall/AjaxCgthService.loadMaterielItems.dwr HTTP/1.1" 200 716
120.253.135.82 - - [08/Jun/2021:07:23:43 +0800] "GET /xingrg/all/function/internal_message.html?_=1623108008863&CODE_STATE=getMsg HTTP/1.1" 200 27
58.40.7.146 - - [08/Jun/2021:07:23:53 +0800] "GET /xingrg/all/function/internal_message.html?_=1623108235096&CODE_STATE=getMsg HTTP/1.1" 200 27
116.224.253.72 - - [08/Jun/2021:07:24:22 +0800] "GET /xingrg/all/function/internal_message.html?_=1623108263311&CODE_STATE=getMsg HTTP/1.1" 200 27
116.230.117.165 - - [08/Jun/2021:07:24:27 +0800] "GET /xingrg/all/function/internal_message.html?_=1623108274797&CODE_STATE=getMsg HTTP/1.1" 200 27
116.224.253.72 - - [08/Jun/2021:07:24:30 +0800] "GET /xingrg/all/function/internal_message.html?_=1623108271599&CODE_STATE=getMsg HTTP/1.1" 200 27
120.253.135.82 - - [08/Jun/2021:07:24:36 +0800] "GET /xingrg/kc/buy/cgth_order_list.html?isBack=1 HTTP/1.1" 200 46078
120.253.135.82 - - [08/Jun/2021:07:24:38 +0800] "POST /xingrg/kc/buy/cgth_list_operate.html HTTP/1.1" 200 1945
120.253.135.82 - - [08/Jun/2021:07:24:40 +0800] "POST /xingrg/kc/buy/cgth_list_operate.html HTTP/1.1" 200 277
120.253.135.82 - - [08/Jun/2021:07:24:42 +0800] "GET /xingrg/kc/buy/cgth_order_info.html?code=232021060700003 HTTP/1.1" 200 64197
120.253.135.82 - - [08/Jun/2021:07:24:42 +0800] "GET /xingrg/dwr/interface/AjaxCgthService.js HTTP/1.1" 200 14519
120.253.135.82 - - [08/Jun/2021:07:24:42 +0800] "GET /xingrg/dwr/engine.js HTTP/1.1" 200 43631
120.253.135.82 - - [08/Jun/2021:07:24:43 +0800] "GET /xingrg/dwr/interface/AjaxComOrderService.js HTTP/1.1" 200 18264
120.253.135.82 - - [08/Jun/2021:07:24:44 +0800] "GET /xingrg/all/function/internal_message.html?_=1623108069098&CODE_STATE=getMsg HTTP/1.1" 200 27
120.253.135.82 - - [08/Jun/2021:07:24:44 +0800] "POST /xingrg/all/common/load_tree.html?tree=supplier_tree_json&isDelete=1 HTTP/1.1" 200 56016
120.253.135.82 - - [08/Jun/2021:07:24:45 +0800] "POST /xingrg/dwr/call/plaincall/AjaxCgthService.loadMaterielItems.dwr HTTP/1.1" 200 1479
120.253.135.82 - - [08/Jun/2021:07:24:49 +0800] "GET /xingrg/images/yd/bt.gif HTTP/1.1" 404 1040
58.40.7.146 - - [08/Jun/2021:07:24:53 +0800] "GET /xingrg/all/function/internal_message.html?_=1623108295098&CODE_STATE=getMsg HTTP/1.1" 200 27
120.253.135.82 - - [08/Jun/2021:07:25:01 +0800] "POST /xingrg/dwr/call/plaincall/AjaxCgthService.checkOrder.dwr HTTP/1.1" 200 78
120.253.135.82 - - [08/Jun/2021:07:25:06 +0800] "GET /xingrg/dwr/interface/AjaxComOrderService.js HTTP/1.1" 200 18264
120.253.135.82 - - [08/Jun/2021:07:25:06 +0800] "GET /xingrg/kc/buy/cgth_order_info.html?code=232021060700003&part=buyck HTTP/1.1" 200 61944
120.253.135.82 - - [08/Jun/2021:07:25:06 +0800] "GET /xingrg/dwr/interface/AjaxCgthService.js HTTP/1.1" 200 14519
120.253.135.82 - - [08/Jun/2021:07:25:06 +0800] "GET /xingrg/dwr/engine.js HTTP/1.1" 200 43631
120.253.135.82 - - [08/Jun/2021:07:25:09 +0800] "POST /xingrg/all/common/load_tree.html?tree=supplier_tree_json&isDelete=1 HTTP/1.1" 200 56016
120.253.135.82 - - [08/Jun/2021:07:25:09 +0800] "POST /xingrg/dwr/call/plaincall/AjaxCgthService.loadMaterielItems.dwr HTTP/1.1" 200 1305
116.224.253.72 - - [08/Jun/2021:07:25:22 +0800] "GET /xingrg/all/function/internal_message.html?_=1623108323295&CODE_STATE=getMsg HTTP/1.1" 200 27
116.230.117.165 - - [08/Jun/2021:07:25:27 +0800] "GET /xingrg/all/function/internal_message.html?_=1623108334898&CODE_STATE=getMsg HTTP/1.1" 200 27
116.224.253.72 - - [08/Jun/2021:07:25:30 +0800] "GET /xingrg/all/function/internal_message.html?_=1623108331609&CODE_STATE=getMsg HTTP/1.1" 200 27
120.253.135.82 - - [08/Jun/2021:07:25:44 +0800] "GET /xingrg/all/function/internal_message.html?_=1623108129109&CODE_STATE=getMsg HTTP/1.1" 200 27
58.40.7.146 - - [08/Jun/2021:07:25:53 +0800] "GET /xingrg/all/function/internal_message.html?_=1623108355099&CODE_STATE=getMsg HTTP/1.1" 200 27
58.40.7.146 - - [08/Jun/2021:07:25:53 +0800] "GET /xingrg/check_reg.html?_=1623108355101 HTTP/1.1" 200 22
116.224.253.72 - - [08/Jun/2021:07:26:22 +0800] "GET /xingrg/all/function/internal_message.html?_=1623108383311&CODE_STATE=getMsg HTTP/1.1" 200 27
116.230.117.165 - - [08/Jun/2021:07:26:25 +0800] "GET /xingrg/kc/mdqp/pssh_order_list.html HTTP/1.1" 200 17653
116.230.117.165 - - [08/Jun/2021:07:26:25 +0800] "GET /xingrg/javascript/jquery_tools/jquery.tools.extend.js HTTP/1.1" 304 -
116.230.117.165 - - [08/Jun/2021:07:26:25 +0800] "GET /xingrg/css/site.css HTTP/1.1" 304 -
116.230.117.165 - - [08/Jun/2021:07:26:25 +0800] "GET /xingrg/javascript/easyui/themes/default/easyui.css HTTP/1.1" 304 -
116.230.117.165 - - [08/Jun/2021:07:26:25 +0800] "GET /xingrg/css/base.css HTTP/1.1" 304 -
116.230.117.165 - - [08/Jun/2021:07:26:25 +0800] "GET /xingrg/javascript/jquery_tools/datebox.css HTTP/1.1" 304 -
116.230.117.165 - - [08/Jun/2021:07:26:25 +0800] "GET /xingrg/javascript/easyui/themes/icon.css HTTP/1.1" 304 -
116.230.117.165 - - [08/Jun/2021:07:26:25 +0800] "GET /xingrg/javascript/auto/jquery.autocomplete.css HTTP/1.1" 304 -
116.230.117.165 - - [08/Jun/2021:07:26:25 +0800] "GET /xingrg/javascript/jquery_tools/jquery.tools.min.js HTTP/1.1" 304 -
116.230.117.165 - - [08/Jun/2021:07:26:25 +0800] "GET /xingrg/javascript/jquery_tools/table.css HTTP/1.1" 304 -
116.230.117.165 - - [08/Jun/2021:07:26:25 +0800] "GET /xingrg/javascript/jquery_tools/fix.css HTTP/1.1" 304 -
116.230.117.165 - - [08/Jun/2021:07:26:25 +0800] "GET /xingrg/javascript/jquery_tools/jquery.tools.table.js HTTP/1.1" 304 -
116.230.117.165 - - [08/Jun/2021:07:26:25 +0800] "GET /xingrg/javascript/jquery_tools/jquery.tools.hotkey.js HTTP/1.1" 304 -
116.230.117.165 - - [08/Jun/2021:07:26:25 +0800] "GET /xingrg/javascript/jquery_tools/list_manager.js HTTP/1.1" 304 -
116.230.117.165 - - [08/Jun/2021:07:26:25 +0800] "GET /xingrg/javascript/auto/jquery.autocomplete.js HTTP/1.1" 304 -
116.230.117.165 - - [08/Jun/2021:07:26:25 +0800] "GET /xingrg/javascript/jquery.utils.js HTTP/1.1" 304 -
116.230.117.165 - - [08/Jun/2021:07:26:25 +0800] "GET /xingrg/javascript/jquery.cookie.js HTTP/1.1" 304 -
116.230.117.165 - - [08/Jun/2021:07:26:25 +0800] "GET /xingrg/javascript/easyui/easyloader.js HTTP/1.1" 304 -
116.230.117.165 - - [08/Jun/2021:07:26:25 +0800] "GET /xingrg/javascript/easyui/plugins/jquery.parser.js HTTP/1.1" 304 -
116.230.117.165 - - [08/Jun/2021:07:26:25 +0800] "POST /xingrg/kc/mdqp/pssh_list_operate.html HTTP/1.1" 200 5346
116.230.117.165 - - [08/Jun/2021:07:26:27 +0800] "GET /xingrg/all/function/internal_message.html?_=1623108394901&CODE_STATE=getMsg HTTP/1.1" 200 27
116.230.117.165 - - [08/Jun/2021:07:26:29 +0800] "POST /xingrg/kc/mdqp/pssh_list_operate.html HTTP/1.1" 200 763
116.230.117.165 - - [08/Jun/2021:07:26:30 +0800] "GET /xingrg/kc/mdqp/pssh_order_info.html?code=312021060500144 HTTP/1.1" 200 17272
116.230.117.165 - - [08/Jun/2021:07:26:30 +0800] "GET /xingrg/javascript/pic_change.js HTTP/1.1" 304 -
116.230.117.165 - - [08/Jun/2021:07:26:30 +0800] "GET /xingrg/javascript/jquery_tools/jquery-1.4.2.min.js HTTP/1.1" 404 1094
116.230.117.165 - - [08/Jun/2021:07:26:30 +0800] "GET /xingrg/javascript/jquery_tools/order_manager.js HTTP/1.1" 304 -
116.230.117.165 - - [08/Jun/2021:07:26:30 +0800] "GET /xingrg/javascript/convert.js HTTP/1.1" 304 -
116.230.117.165 - - [08/Jun/2021:07:26:30 +0800] "GET /xingrg/javascript/json2.js HTTP/1.1" 304 -
116.230.117.165 - - [08/Jun/2021:07:26:30 +0800] "GET /xingrg/javascript/print/kc_print.js HTTP/1.1" 304 -
116.230.117.165 - - [08/Jun/2021:07:26:30 +0800] "GET /xingrg/words/20210607131451_words.js HTTP/1.1" 304 -
116.230.117.165 - - [08/Jun/2021:07:26:30 +0800] "GET /xingrg/javascript/print/LodopFuncs.js HTTP/1.1" 304 -
116.230.117.165 - - [08/Jun/2021:07:26:30 +0800] "GET /xingrg/javascript/easyui/themes/icons/back_new.png HTTP/1.1" 304 -
116.230.117.165 - - [08/Jun/2021:07:26:30 +0800] "GET /xingrg/javascript/easyui/themes/default/validatebox.css HTTP/1.1" 404 1104
116.230.117.165 - - [08/Jun/2021:07:26:30 +0800] "GET /xingrg/javascript/easyui/plugins/jquery.validatebox.js HTTP/1.1" 304 -
116.230.117.165 - - [08/Jun/2021:07:26:30 +0800] "GET /xingrg/javascript/easyui/plugins/jquery.numberbox.js HTTP/1.1" 304 -
116.230.117.165 - - [08/Jun/2021:07:26:30 +0800] "GET /xingrg/all/common/auto_word.html?type=employee&rest_code=00146 HTTP/1.1" 200 101
116.230.117.165 - - [08/Jun/2021:07:26:30 +0800] "GET /xingrg/all/common/auto_word.html?type=base&rest_code=00146&rest_code=00146 HTTP/1.1" 200 1753
116.230.117.165 - - [08/Jun/2021:07:26:30 +0800] "POST /xingrg/kc/mdqp/pssh_order_operate.html HTTP/1.1" 200 7711
116.224.253.72 - - [08/Jun/2021:07:26:30 +0800] "GET /xingrg/all/function/internal_message.html?_=1623108391656&CODE_STATE=getMsg HTTP/1.1" 200 27
120.253.135.82 - - [08/Jun/2021:07:26:32 +0800] "GET /xingrg/kc/buy/cgth_order_list.html?isBack=1 HTTP/1.1" 200 46078
120.253.135.82 - - [08/Jun/2021:07:26:34 +0800] "POST /xingrg/kc/buy/cgth_list_operate.html HTTP/1.1" 200 1035
120.253.135.82 - - [08/Jun/2021:07:26:36 +0800] "GET /xingrg/kc/buy/cgsh_order_list.html HTTP/1.1" 200 46675
120.253.135.82 - - [08/Jun/2021:07:26:38 +0800] "POST /xingrg/kc/buy/cgsh_list_operate.html HTTP/1.1" 200 876
120.253.135.82 - - [08/Jun/2021:07:26:44 +0800] "GET /xingrg/all/function/internal_message.html?_=1623108189123&CODE_STATE=getMsg HTTP/1.1" 200 27
116.230.117.165 - - [08/Jun/2021:07:26:46 +0800] "POST /xingrg/all/common/load_combo.html?type=employee HTTP/1.1" 200 186
58.40.7.146 - - [08/Jun/2021:07:26:53 +0800] "GET /xingrg/all/function/internal_message.html?_=1623108415102&CODE_STATE=getMsg HTTP/1.1" 200 27
116.230.117.165 - - [08/Jun/2021:07:26:56 +0800] "POST /xingrg/kc/mdqp/pssh_order_operate.html HTTP/1.1" 200 37
120.253.135.82 - - [08/Jun/2021:07:27:00 +0800] "POST /xingrg/kc/buy/cgsh_list_operate.html HTTP/1.1" 200 876
116.230.117.165 - - [08/Jun/2021:07:27:03 +0800] "POST /xingrg/kc/mdqp/pssh_order_operate.html HTTP/1.1" 200 12
120.253.135.82 - - [08/Jun/2021:07:27:03 +0800] "GET /xingrg/kc/buy/cgsh_order_add.html HTTP/1.1" 200 61473
120.253.135.82 - - [08/Jun/2021:07:27:03 +0800] "GET /xingrg/javascript/easyui/themes/icons/template_new.png HTTP/1.1" 200 3956
120.253.135.82 - - [08/Jun/2021:07:27:03 +0800] "POST /xingrg/kc/buy/cgsh_order_operate.html HTTP/1.1" 200 8245
120.253.135.82 - - [08/Jun/2021:07:27:03 +0800] "GET /xingrg/all/common/auto_word.html?type=employee&rest_code=00101 HTTP/1.1" 200 1077
120.253.135.82 - - [08/Jun/2021:07:27:03 +0800] "GET /xingrg/javascript/easyui/themes/default/validatebox.css HTTP/1.1" 404 1104
120.253.135.82 - - [08/Jun/2021:07:27:03 +0800] "GET /xingrg/all/common/auto_word.html?type=employee&rest_code=00101 HTTP/1.1" 200 1077
116.230.117.165 - - [08/Jun/2021:07:27:05 +0800] "GET /xingrg/kc/mdqp/pssh_order_info.html?code=312021060500144 HTTP/1.1" 200 14388
116.230.117.165 - - [08/Jun/2021:07:27:05 +0800] "GET /xingrg/javascript/jquery_tools/jquery-1.4.2.min.js HTTP/1.1" 404 1094
116.230.117.165 - - [08/Jun/2021:07:27:05 +0800] "GET /xingrg/javascript/easyui/themes/icons/uncheck_new.png HTTP/1.1" 304 -
116.230.117.165 - - [08/Jun/2021:07:27:05 +0800] "GET /xingrg/javascript/easyui/themes/default/validatebox.css HTTP/1.1" 404 1104
116.230.117.165 - - [08/Jun/2021:07:27:06 +0800] "POST /xingrg/kc/mdqp/pssh_order_operate.html HTTP/1.1" 200 7711
116.230.117.165 - - [08/Jun/2021:07:27:07 +0800] "GET /xingrg/kc/print/load_config.html?kc_code=pssh HTTP/1.1" 200 2290
116.230.117.165 - - [08/Jun/2021:07:27:08 +0800] "GET /xingrg/kc/print/load_data.html?order_code=312021060500144&kc_code=pssh&condition= HTTP/1.1" 200 3026
116.224.253.72 - - [08/Jun/2021:07:27:11 +0800] "GET /xingrg/check_reg.html?_=1623108432389 HTTP/1.1" 200 22
120.253.135.82 - - [08/Jun/2021:07:27:14 +0800] "POST /xingrg/all/common/load_combo.html?type=employee HTTP/1.1" 200 1928
116.224.253.72 - - [08/Jun/2021:07:27:22 +0800] "GET /xingrg/check_reg.html?_=1623108443325 HTTP/1.1" 200 22
116.224.253.72 - - [08/Jun/2021:07:27:22 +0800] "GET /xingrg/all/function/internal_message.html?_=1623108443327&CODE_STATE=getMsg HTTP/1.1" 200 27
116.230.117.165 - - [08/Jun/2021:07:27:27 +0800] "GET /xingrg/all/function/internal_message.html?_=1623108454915&CODE_STATE=getMsg HTTP/1.1" 200 27
116.224.253.72 - - [08/Jun/2021:07:27:30 +0800] "GET /xingrg/all/function/internal_message.html?_=1623108451666&CODE_STATE=getMsg HTTP/1.1" 200 27
120.253.135.82 - - [08/Jun/2021:07:27:32 +0800] "GET /xingrg/kc/buy/cgsh_order_operate.html?command=get_materiel&rest_code=00101&code=00101014096&supplier_code=00100215&order_time=2021-06-08 HTTP/1.1" 200 404
180.169.147.146 - - [08/Jun/2021:07:27:37 +0800] "GET /xingrg/check_reg.html?_=1623108462084 HTTP/1.1" 302 -
120.253.135.82 - - [08/Jun/2021:07:27:44 +0800] "GET /xingrg/all/function/internal_message.html?_=1623108249136&CODE_STATE=getMsg HTTP/1.1" 200 27
58.40.7.146 - - [08/Jun/2021:07:27:53 +0800] "GET /xingrg/all/function/internal_message.html?_=1623108475103&CODE_STATE=getMsg HTTP/1.1" 200 27
116.230.117.165 - - [08/Jun/2021:07:27:56 +0800] "GET /xingrg/check_reg.html?_=1623108483167 HTTP/1.1" 200 22
117.184.7.30 - - [08/Jun/2021:07:28:00 +0800] "GET /xingrg/check_reg.html?_=1623108479209 HTTP/1.1" 200 22
120.253.135.82 - - [08/Jun/2021:07:28:09 +0800] "GET /xingrg/kc/buy/cgsh_order_operate.html?command=get_materiel&rest_code=00101&code=00101014015&supplier_code=00100215&order_time=2021-06-08 HTTP/1.1" 200 440
180.169.147.146 - - [08/Jun/2021:07:28:14 +0800] "GET /xingrg/check_reg.html?_=1623108498547 HTTP/1.1" 302 -
116.224.253.72 - - [08/Jun/2021:07:28:22 +0800] "GET /xingrg/all/function/internal_message.html?_=1623108503327&CODE_STATE=getMsg HTTP/1.1" 200 27
120.253.135.82 - - [08/Jun/2021:07:28:27 +0800] "POST /xingrg/kc/buy/cgsh_order_operate.html HTTP/1.1" 200 37
116.230.117.165 - - [08/Jun/2021:07:28:27 +0800] "GET /xingrg/all/function/internal_message.html?_=1623108515008&CODE_STATE=getMsg HTTP/1.1" 200 27
120.253.135.82 - - [08/Jun/2021:07:28:28 +0800] "POST /xingrg/kc/buy/cgsh_order_operate.html HTTP/1.1" 200 3274
116.224.253.72 - - [08/Jun/2021:07:28:30 +0800] "GET /xingrg/all/function/internal_message.html?_=1623108511681&CODE_STATE=getMsg HTTP/1.1" 200 27
120.253.135.82 - - [08/Jun/2021:07:28:33 +0800] "POST /xingrg/kc/buy/cgsh_list_operate.html HTTP/1.1" 200 1695
120.253.135.82 - - [08/Jun/2021:07:28:33 +0800] "GET /xingrg/check_reg.html?_=1623108298900 HTTP/1.1" 200 22
120.253.135.82 - - [08/Jun/2021:07:28:38 +0800] "GET /xingrg/kc/pszx/mdps_order_list.html?orderType=0 HTTP/1.1" 200 20879
120.253.135.82 - - [08/Jun/2021:07:28:39 +0800] "POST /xingrg/kc/pszx/mdps_list_operate.html HTTP/1.1" 200 5477
120.253.135.82 - - [08/Jun/2021:07:28:44 +0800] "GET /xingrg/all/function/internal_message.html?_=1623108309149&CODE_STATE=getMsg HTTP/1.1" 200 27
120.253.135.82 - - [08/Jun/2021:07:28:49 +0800] "POST /xingrg/kc/pszx/mdps_list_operate.html HTTP/1.1" 200 2437
120.253.135.82 - - [08/Jun/2021:07:28:51 +0800] "POST /xingrg/kc/pszx/mdps_list_operate.html HTTP/1.1" 200 205
58.40.7.146 - - [08/Jun/2021:07:28:53 +0800] "GET /xingrg/all/function/internal_message.html?_=1623108535105&CODE_STATE=getMsg HTTP/1.1" 200 27
120.253.135.82 - - [08/Jun/2021:07:28:55 +0800] "GET /xingrg/kc/buy/cgsh_order_list.html HTTP/1.1" 200 46675
120.253.135.82 - - [08/Jun/2021:07:28:58 +0800] "POST /xingrg/kc/buy/cgsh_list_operate.html HTTP/1.1" 200 1695
120.253.135.82 - - [08/Jun/2021:07:29:00 +0800] "POST /xingrg/kc/buy/cgsh_list_operate.html HTTP/1.1" 200 284
120.253.135.82 - - [08/Jun/2021:07:29:03 +0800] "GET /xingrg/kc/buy/cgsh_order_info.html?code=212021060803415 HTTP/1.1" 200 61484
120.253.135.82 - - [08/Jun/2021:07:29:03 +0800] "GET /xingrg/javascript/easyui/themes/default/validatebox.css HTTP/1.1" 404 1104
120.253.135.82 - - [08/Jun/2021:07:29:04 +0800] "POST /xingrg/kc/buy/cgsh_order_operate.html HTTP/1.1" 200 3274
120.253.135.82 - - [08/Jun/2021:07:29:07 +0800] "GET /xingrg/kc/print/load_config.html?kc_code=cgsh HTTP/1.1" 200 1845
120.253.135.82 - - [08/Jun/2021:07:29:07 +0800] "GET /xingrg/kc/print/load_data.html?order_code=212021060803415&kc_code=cgsh&condition= HTTP/1.1" 200 922
116.224.253.72 - - [08/Jun/2021:07:29:22 +0800] "GET /xingrg/all/function/internal_message.html?_=1623108563331&CODE_STATE=getMsg HTTP/1.1" 200 27
116.230.117.165 - - [08/Jun/2021:07:29:27 +0800] "GET /xingrg/all/function/internal_message.html?_=1623108575021&CODE_STATE=getMsg HTTP/1.1" 200 27
116.224.253.72 - - [08/Jun/2021:07:29:30 +0800] "GET /xingrg/all/function/internal_message.html?_=1623108571727&CODE_STATE=getMsg HTTP/1.1" 200 27
120.253.135.82 - - [08/Jun/2021:07:29:44 +0800] "GET /xingrg/all/function/internal_message.html?_=1623108369163&CODE_STATE=getMsg HTTP/1.1" 200 27
58.40.7.146 - - [08/Jun/2021:07:29:53 +0800] "GET /xingrg/all/function/internal_message.html?_=1623108595108&CODE_STATE=getMsg HTTP/1.1" 200 27
120.253.135.82 - - [08/Jun/2021:07:29:56 +0800] "POST /xingrg/kc/buy/cgsh_order_operate.html HTTP/1.1" 200 37
120.253.135.82 - - [08/Jun/2021:07:30:02 +0800] "POST /xingrg/kc/buy/cgsh_order_operate.html HTTP/1.1" 200 12
120.253.135.82 - - [08/Jun/2021:07:30:04 +0800] "GET /xingrg/kc/buy/cgsh_order_info.html?code=212021060803415 HTTP/1.1" 200 56378
120.253.135.82 - - [08/Jun/2021:07:30:05 +0800] "GET /xingrg/javascript/easyui/themes/default/validatebox.css HTTP/1.1" 404 1104
