58.40.7.146 - - [08/Jun/2021:09:01:53 +0800] "GET /xingrg/all/function/internal_message.html?_=1623114115144&CODE_STATE=getMsg HTTP/1.1" 200 27
222.70.177.90 - - [08/Jun/2021:09:01:53 +0800] "GET /xingrg/kc/buy/buy_main.html HTTP/1.1" 200 12412
222.70.177.90 - - [08/Jun/2021:09:01:53 +0800] "GET /xingrg/css/new_ie.css HTTP/1.1" 404 1036
222.70.177.90 - - [08/Jun/2021:09:01:53 +0800] "GET /xingrg/images/yd/bt.gif HTTP/1.1" 404 1040
222.70.177.90 - - [08/Jun/2021:09:01:55 +0800] "GET /xingrg/kc/buy/cgsh_order_list.html HTTP/1.1" 200 46675
120.253.135.82 - - [08/Jun/2021:09:01:56 +0800] "GET /xingrg/all/function/internal_message.html?_=1623113901567&CODE_STATE=getMsg HTTP/1.1" 200 27
61.165.42.208 - - [08/Jun/2021:09:01:57 +0800] "GET /xingrg/kc/buy/cgsh_order_operate.html?command=get_materiel&rest_code=00105&code=00101008004&supplier_code=00100203&order_time=2021-06-08 HTTP/1.1" 200 416
222.69.129.148 - - [08/Jun/2021:09:02:03 +0800] "GET /xingrg/all/function/internal_message.html?_=1623114123943&CODE_STATE=getMsg HTTP/1.1" 200 27
116.230.110.80 - - [08/Jun/2021:09:02:07 +0800] "GET /xingrg/all/function/internal_message.html?_=1623114114697&CODE_STATE=getMsg HTTP/1.1" 200 27
116.235.222.38 - - [08/Jun/2021:09:02:07 +0800] "GET /xingrg/all/function/internal_message.html?_=1623114126536&CODE_STATE=getMsg HTTP/1.1" 200 27
61.165.42.208 - - [08/Jun/2021:09:02:08 +0800] "GET /xingrg/kc/buy/cgsh_order_operate.html?command=get_materiel&rest_code=00105&code=00101008219&supplier_code=00100203&order_time=2021-06-08 HTTP/1.1" 200 412
116.224.253.72 - - [08/Jun/2021:09:02:11 +0800] "GET /xingrg/check_reg.html?_=1623114132498 HTTP/1.1" 200 22
222.69.129.148 - - [08/Jun/2021:09:02:14 +0800] "GET /xingrg/kc/buy/cgsh_order_add.html HTTP/1.1" 200 62466
222.69.129.148 - - [08/Jun/2021:09:02:14 +0800] "POST /xingrg/kc/buy/cgsh_order_operate.html HTTP/1.1" 200 8245
222.69.129.148 - - [08/Jun/2021:09:02:14 +0800] "GET /xingrg/javascript/easyui/themes/default/validatebox.css HTTP/1.1" 404 1104
61.165.42.208 - - [08/Jun/2021:09:02:20 +0800] "GET /xingrg/all/function/internal_message.html?_=1623114142428&CODE_STATE=getMsg HTTP/1.1" 200 27
180.161.111.4 - - [08/Jun/2021:09:02:21 +0800] "GET /xingrg/all/function/internal_message.html?_=1623114104902&CODE_STATE=getMsg HTTP/1.1" 200 27
61.165.42.208 - - [08/Jun/2021:09:02:22 +0800] "GET /xingrg/kc/buy/cgsh_order_operate.html?command=get_materiel&rest_code=00105&code=00101015061&supplier_code=00100203&order_time=2021-06-08 HTTP/1.1" 200 412
222.70.177.90 - - [08/Jun/2021:09:02:24 +0800] "POST /xingrg/kc/buy/cgsh_list_operate.html HTTP/1.1" 200 5214
180.169.147.146 - - [08/Jun/2021:09:02:26 +0800] "GET /xingrg/all/function/internal_message.html?_=1623114148235&CODE_STATE=getMsg HTTP/1.1" 200 27
116.224.253.72 - - [08/Jun/2021:09:02:31 +0800] "POST /xingrg/kc/buy/cgsh_order_operate.html HTTP/1.1" 200 37
116.230.117.165 - - [08/Jun/2021:09:02:32 +0800] "GET /xingrg/all/function/internal_message.html?_=1623114159486&CODE_STATE=getMsg HTTP/1.1" 200 27
116.224.253.72 - - [08/Jun/2021:09:02:33 +0800] "POST /xingrg/kc/buy/cgsh_order_operate.html HTTP/1.1" 200 15654
116.224.253.72 - - [08/Jun/2021:09:02:33 +0800] "GET /xingrg/all/function/internal_message.html?_=1623114154002&CODE_STATE=getMsg HTTP/1.1" 200 27
61.165.42.208 - - [08/Jun/2021:09:02:37 +0800] "GET /xingrg/kc/buy/cgsh_order_operate.html?command=get_materiel&rest_code=00105&code=00101015032&supplier_code=00100203&order_time=2021-06-08 HTTP/1.1" 200 418
180.169.147.146 - - [08/Jun/2021:09:02:38 +0800] "GET /xingrg/check_reg.html?_=1623114162587 HTTP/1.1" 302 -
222.70.177.90 - - [08/Jun/2021:09:02:46 +0800] "GET /xingrg/all/function/internal_message.html?_=1623114166497&CODE_STATE=getMsg HTTP/1.1" 200 27
61.165.42.208 - - [08/Jun/2021:09:02:46 +0800] "GET /xingrg/kc/buy/cgsh_order_operate.html?command=get_materiel&rest_code=00105&code=00101015062&supplier_code=00100203&order_time=2021-06-08 HTTP/1.1" 200 412
116.224.253.72 - - [08/Jun/2021:09:02:46 +0800] "GET /xingrg/all/function/internal_message.html?_=1623114167862&CODE_STATE=getMsg HTTP/1.1" 200 27
222.69.129.148 - - [08/Jun/2021:09:02:50 +0800] "GET /xingrg/kc/buy/cgsh_order_operate.html?command=get_materiel&rest_code=00149&code=00101008176&supplier_code=00100005&order_time=2021-06-08 HTTP/1.1" 200 413
58.40.7.146 - - [08/Jun/2021:09:02:53 +0800] "GET /xingrg/all/function/internal_message.html?_=1623114175148&CODE_STATE=getMsg HTTP/1.1" 200 27
116.230.117.165 - - [08/Jun/2021:09:02:55 +0800] "GET /xingrg/check_reg.html?_=1623114183272 HTTP/1.1" 200 22
120.253.135.82 - - [08/Jun/2021:09:02:56 +0800] "GET /xingrg/all/function/internal_message.html?_=1623113961587&CODE_STATE=getMsg HTTP/1.1" 200 27
61.165.42.208 - - [08/Jun/2021:09:02:58 +0800] "GET /xingrg/kc/buy/cgsh_order_operate.html?command=get_materiel&rest_code=00105&code=00101008041&supplier_code=00100203&order_time=2021-06-08 HTTP/1.1" 200 408
117.184.7.26 - - [08/Jun/2021:09:03:00 +0800] "GET /xingrg/check_reg.html?_=1623114178942 HTTP/1.1" 200 22
222.69.129.148 - - [08/Jun/2021:09:03:03 +0800] "GET /xingrg/all/function/internal_message.html?_=1623114183948&CODE_STATE=getMsg HTTP/1.1" 200 27
116.230.110.80 - - [08/Jun/2021:09:03:07 +0800] "GET /xingrg/all/function/internal_message.html?_=1623114174697&CODE_STATE=getMsg HTTP/1.1" 200 27
116.235.222.38 - - [08/Jun/2021:09:03:07 +0800] "GET /xingrg/all/function/internal_message.html?_=1623114186538&CODE_STATE=getMsg HTTP/1.1" 200 27
222.69.129.148 - - [08/Jun/2021:09:03:08 +0800] "GET /xingrg/kc/buy/cgsh_order_operate.html?command=get_materiel&rest_code=00149&code=00101008349&supplier_code=00100005&order_time=2021-06-08 HTTP/1.1" 200 412
116.224.253.72 - - [08/Jun/2021:09:03:08 +0800] "GET /xingrg/kc/buy/cgsh_order_add.html HTTP/1.1" 200 62337
116.224.253.72 - - [08/Jun/2021:09:03:09 +0800] "POST /xingrg/kc/buy/cgsh_order_operate.html HTTP/1.1" 200 8245
116.224.253.72 - - [08/Jun/2021:09:03:09 +0800] "GET /xingrg/javascript/easyui/themes/default/validatebox.css HTTP/1.1" 404 1104
116.224.253.72 - - [08/Jun/2021:09:03:10 +0800] "GET /xingrg/javascript/auto/indicator.gif HTTP/1.1" 404 1066
180.169.147.146 - - [08/Jun/2021:09:03:14 +0800] "GET /xingrg/check_reg.html?_=1623114199101 HTTP/1.1" 302 -
116.224.253.72 - - [08/Jun/2021:09:03:18 +0800] "GET /xingrg/kc/buy/cgsh_order_operate.html?command=get_materiel&rest_code=00150&code=00101009001&supplier_code=00100424&order_time=2021-06-08 HTTP/1.1" 200 416
61.165.42.208 - - [08/Jun/2021:09:03:18 +0800] "GET /xingrg/kc/buy/cgsh_order_operate.html?command=get_materiel&rest_code=00105&code=00101015059&supplier_code=00100203&order_time=2021-06-08 HTTP/1.1" 200 412
61.165.42.208 - - [08/Jun/2021:09:03:20 +0800] "GET /xingrg/check_reg.html?_=1623114202419 HTTP/1.1" 200 22
61.165.42.208 - - [08/Jun/2021:09:03:20 +0800] "GET /xingrg/all/function/internal_message.html?_=1623114202421&CODE_STATE=getMsg HTTP/1.1" 200 27
180.161.111.4 - - [08/Jun/2021:09:03:22 +0800] "GET /xingrg/all/function/internal_message.html?_=1623114164919&CODE_STATE=getMsg HTTP/1.1" 200 27
222.69.129.148 - - [08/Jun/2021:09:03:25 +0800] "GET /xingrg/kc/buy/cgsh_order_operate.html?command=get_materiel&rest_code=00149&code=00101008350&supplier_code=00100005&order_time=2021-06-08 HTTP/1.1" 200 408
180.169.147.146 - - [08/Jun/2021:09:03:26 +0800] "GET /xingrg/all/function/internal_message.html?_=1623114208231&CODE_STATE=getMsg HTTP/1.1" 200 27
222.70.177.90 - - [08/Jun/2021:09:03:26 +0800] "POST /xingrg/kc/buy/cgsh_list_operate.html HTTP/1.1" 200 5314
116.224.253.72 - - [08/Jun/2021:09:03:26 +0800] "GET /xingrg/kc/buy/cgsh_order_operate.html?command=get_materiel&rest_code=00150&code=00101009124&supplier_code=00100424&order_time=2021-06-08 HTTP/1.1" 200 402
116.230.110.80 - - [08/Jun/2021:09:03:29 +0800] "GET /xingrg/kc/buy/cgsh_order_add.html HTTP/1.1" 200 62381
116.230.110.80 - - [08/Jun/2021:09:03:30 +0800] "POST /xingrg/kc/buy/cgsh_order_operate.html HTTP/1.1" 200 8245
116.230.110.80 - - [08/Jun/2021:09:03:30 +0800] "GET /xingrg/javascript/easyui/themes/default/validatebox.css HTTP/1.1" 404 1104
61.165.42.208 - - [08/Jun/2021:09:03:30 +0800] "GET /xingrg/kc/buy/cgsh_order_operate.html?command=get_materiel&rest_code=00105&code=00101008350&supplier_code=00100203&order_time=2021-06-08 HTTP/1.1" 200 408
116.230.117.165 - - [08/Jun/2021:09:03:32 +0800] "GET /xingrg/all/function/internal_message.html?_=1623114219496&CODE_STATE=getMsg HTTP/1.1" 200 27
116.224.253.72 - - [08/Jun/2021:09:03:33 +0800] "GET /xingrg/all/function/internal_message.html?_=1623114214016&CODE_STATE=getMsg HTTP/1.1" 200 27
116.224.253.72 - - [08/Jun/2021:09:03:34 +0800] "GET /xingrg/kc/buy/cgsh_order_operate.html?command=get_materiel&rest_code=00150&code=00101009066&supplier_code=00100424&order_time=2021-06-08 HTTP/1.1" 200 416
116.230.110.80 - - [08/Jun/2021:09:03:38 +0800] "GET /xingrg/kc/buy/cgsh_order_operate.html?command=get_materiel&rest_code=00155&code=00101008331&supplier_code=00100005&order_time=2021-06-08 HTTP/1.1" 200 416
222.69.129.148 - - [08/Jun/2021:09:03:39 +0800] "GET /xingrg/kc/buy/cgsh_order_operate.html?command=get_materiel&rest_code=00149&code=00101008185&supplier_code=00100005&order_time=2021-06-08 HTTP/1.1" 200 408
116.224.253.72 - - [08/Jun/2021:09:03:40 +0800] "GET /xingrg/kc/buy/cgsh_order_operate.html?command=get_materiel&rest_code=00150&code=00101009039&supplier_code=00100424&order_time=2021-06-08 HTTP/1.1" 200 408
58.221.95.50 - - [08/Jun/2021:09:03:41 +0800] "GET /xingrg/check_reg.html?_=1623114225550 HTTP/1.1" 302 -
61.165.42.208 - - [08/Jun/2021:09:03:42 +0800] "GET /xingrg/kc/buy/cgsh_order_operate.html?command=get_materiel&rest_code=00105&code=00101008313&supplier_code=00100203&order_time=2021-06-08 HTTP/1.1" 200 412
61.165.42.208 - - [08/Jun/2021:09:03:44 +0800] "POST /xingrg/kc/buy/cgsh_order_operate.html HTTP/1.1" 200 2065
61.165.42.208 - - [08/Jun/2021:09:03:45 +0800] "POST /xingrg/kc/buy/cgsh_order_operate.html HTTP/1.1" 200 2065
222.70.177.90 - - [08/Jun/2021:09:03:46 +0800] "GET /xingrg/all/function/internal_message.html?_=1623114226502&CODE_STATE=getMsg HTTP/1.1" 200 27
116.224.253.72 - - [08/Jun/2021:09:03:46 +0800] "GET /xingrg/all/function/internal_message.html?_=1623114227871&CODE_STATE=getMsg HTTP/1.1" 200 27
116.224.253.72 - - [08/Jun/2021:09:03:48 +0800] "GET /xingrg/kc/buy/cgsh_order_operate.html?command=get_materiel&rest_code=00150&code=00101009059&supplier_code=00100424&order_time=2021-06-08 HTTP/1.1" 200 409
222.69.129.148 - - [08/Jun/2021:09:03:50 +0800] "GET /xingrg/kc/buy/cgsh_order_operate.html?command=get_materiel&rest_code=00149&code=00101008038&supplier_code=00100005&order_time=2021-06-08 HTTP/1.1" 200 412
58.40.7.146 - - [08/Jun/2021:09:03:53 +0800] "GET /xingrg/all/function/internal_message.html?_=1623114235135&CODE_STATE=getMsg HTTP/1.1" 200 27
61.165.42.208 - - [08/Jun/2021:09:03:54 +0800] "GET /xingrg/kc/buy/cgsh_order_operate.html?command=get_materiel&rest_code=00105&code=00101008186&supplier_code=00100203&order_time=2021-06-08 HTTP/1.1" 200 408
120.253.135.82 - - [08/Jun/2021:09:03:56 +0800] "GET /xingrg/all/function/internal_message.html?_=1623114021594&CODE_STATE=getMsg HTTP/1.1" 200 27
222.69.129.148 - - [08/Jun/2021:09:04:00 +0800] "GET /xingrg/kc/buy/cgsh_order_operate.html?command=get_materiel&rest_code=00149&code=00101008358&supplier_code=00100005&order_time=2021-06-08 HTTP/1.1" 200 412
116.224.253.72 - - [08/Jun/2021:09:04:00 +0800] "GET /xingrg/kc/buy/cgsh_order_operate.html?command=get_materiel&rest_code=00150&code=00101009007&supplier_code=00100424&order_time=2021-06-08 HTTP/1.1" 200 408
116.230.110.80 - - [08/Jun/2021:09:04:01 +0800] "GET /xingrg/kc/buy/cgsh_order_operate.html?command=get_materiel&rest_code=00155&code=00101008246&supplier_code=00100005&order_time=2021-06-08 HTTP/1.1" 200 408
222.69.129.148 - - [08/Jun/2021:09:04:03 +0800] "GET /xingrg/all/function/internal_message.html?_=1623114243947&CODE_STATE=getMsg HTTP/1.1" 200 27
116.230.110.80 - - [08/Jun/2021:09:04:07 +0800] "GET /xingrg/all/function/internal_message.html?_=1623114234699&CODE_STATE=getMsg HTTP/1.1" 200 27
116.235.222.38 - - [08/Jun/2021:09:04:07 +0800] "GET /xingrg/all/function/internal_message.html?_=1623114246541&CODE_STATE=getMsg HTTP/1.1" 200 27
116.235.222.38 - - [08/Jun/2021:09:04:07 +0800] "GET /xingrg/check_reg.html?_=1623114246549 HTTP/1.1" 200 22
222.69.129.148 - - [08/Jun/2021:09:04:11 +0800] "GET /xingrg/kc/buy/cgsh_order_operate.html?command=get_materiel&rest_code=00149&code=00101008064&supplier_code=00100005&order_time=2021-06-08 HTTP/1.1" 200 412
116.224.253.72 - - [08/Jun/2021:09:04:12 +0800] "GET /xingrg/kc/buy/cgsh_order_operate.html?command=get_materiel&rest_code=00150&code=00101009011&supplier_code=00100424&order_time=2021-06-08 HTTP/1.1" 200 416
116.230.110.80 - - [08/Jun/2021:09:04:12 +0800] "GET /xingrg/kc/buy/cgsh_order_operate.html?command=get_materiel&rest_code=00155&code=00101008008&supplier_code=00100005&order_time=2021-06-08 HTTP/1.1" 200 412
61.165.42.208 - - [08/Jun/2021:09:04:17 +0800] "GET /xingrg/kc/buy/cgsh_order_operate.html?command=get_materiel&rest_code=00105&code=00101008284&supplier_code=00100203&order_time=2021-06-08 HTTP/1.1" 200 412
61.165.42.208 - - [08/Jun/2021:09:04:20 +0800] "GET /xingrg/all/function/internal_message.html?_=1623114262506&CODE_STATE=getMsg HTTP/1.1" 200 27
180.161.111.4 - - [08/Jun/2021:09:04:21 +0800] "GET /xingrg/all/function/internal_message.html?_=1623114225067&CODE_STATE=getMsg HTTP/1.1" 200 27
222.69.129.148 - - [08/Jun/2021:09:04:23 +0800] "GET /xingrg/kc/buy/cgsh_order_operate.html?command=get_materiel&rest_code=00149&code=00101008361&supplier_code=00100005&order_time=2021-06-08 HTTP/1.1" 200 408
180.169.147.146 - - [08/Jun/2021:09:04:26 +0800] "GET /xingrg/all/function/internal_message.html?_=1623114268244&CODE_STATE=getMsg HTTP/1.1" 200 27
61.165.42.208 - - [08/Jun/2021:09:04:26 +0800] "GET /xingrg/kc/buy/cgsh_order_operate.html?command=get_materiel&rest_code=00105&code=00101008114&supplier_code=00100203&order_time=2021-06-08 HTTP/1.1" 200 412
116.230.117.165 - - [08/Jun/2021:09:04:32 +0800] "GET /xingrg/all/function/internal_message.html?_=1623114279509&CODE_STATE=getMsg HTTP/1.1" 200 27
116.224.253.72 - - [08/Jun/2021:09:04:33 +0800] "GET /xingrg/all/function/internal_message.html?_=1623114274061&CODE_STATE=getMsg HTTP/1.1" 200 27
61.165.42.208 - - [08/Jun/2021:09:04:33 +0800] "GET /xingrg/kc/buy/cgsh_order_operate.html?command=get_materiel&rest_code=00105&code=00101008312&supplier_code=00100203&order_time=2021-06-08 HTTP/1.1" 200 412
222.69.129.148 - - [08/Jun/2021:09:04:34 +0800] "GET /xingrg/kc/buy/cgsh_order_operate.html?command=get_materiel&rest_code=00149&code=00101008355&supplier_code=00100005&order_time=2021-06-08 HTTP/1.1" 200 408
116.230.110.80 - - [08/Jun/2021:09:04:44 +0800] "GET /xingrg/kc/base/yddb_order_list.html HTTP/1.1" 200 16631
116.230.110.80 - - [08/Jun/2021:09:04:45 +0800] "POST /xingrg/kc/base/yddb_list_operate.html HTTP/1.1" 200 636
222.70.177.90 - - [08/Jun/2021:09:04:46 +0800] "GET /xingrg/all/function/internal_message.html?_=1623114286503&CODE_STATE=getMsg HTTP/1.1" 200 27
116.224.253.72 - - [08/Jun/2021:09:04:46 +0800] "GET /xingrg/all/function/internal_message.html?_=1623114287865&CODE_STATE=getMsg HTTP/1.1" 200 27
61.165.42.208 - - [08/Jun/2021:09:04:48 +0800] "GET /xingrg/kc/buy/cgsh_order_operate.html?command=get_materiel&rest_code=00105&code=00101015006&supplier_code=00100203&order_time=2021-06-08 HTTP/1.1" 200 413
116.230.110.80 - - [08/Jun/2021:09:04:48 +0800] "POST /xingrg/kc/base/yddb_list_operate.html HTTP/1.1" 200 4246
222.69.129.148 - - [08/Jun/2021:09:04:49 +0800] "GET /xingrg/kc/buy/cgsh_order_operate.html?command=get_materiel&rest_code=00149&code=00101008144&supplier_code=00100005&order_time=2021-06-08 HTTP/1.1" 200 412
58.40.7.146 - - [08/Jun/2021:09:04:53 +0800] "GET /xingrg/all/function/internal_message.html?_=1623114295137&CODE_STATE=getMsg HTTP/1.1" 200 27
120.253.135.82 - - [08/Jun/2021:09:04:56 +0800] "GET /xingrg/check_reg.html?_=1623114081472 HTTP/1.1" 200 22
120.253.135.82 - - [08/Jun/2021:09:04:56 +0800] "GET /xingrg/all/function/internal_message.html?_=1623114081654&CODE_STATE=getMsg HTTP/1.1" 200 27
222.70.177.90 - - [08/Jun/2021:09:04:57 +0800] "POST /xingrg/kc/buy/cgsh_list_operate.html HTTP/1.1" 200 416
222.70.177.90 - - [08/Jun/2021:09:04:59 +0800] "GET /xingrg/kc/buy/cgsh_order_info.html?code=212021060703265 HTTP/1.1" 200 62422
222.70.177.90 - - [08/Jun/2021:09:04:59 +0800] "GET /xingrg/words/20210607131451_words.js HTTP/1.1" 304 -
222.70.177.90 - - [08/Jun/2021:09:04:59 +0800] "GET /xingrg/javascript/easyui/themes/default/validatebox.css HTTP/1.1" 404 1104
222.70.177.90 - - [08/Jun/2021:09:04:59 +0800] "GET /xingrg/all/common/auto_word.html?type=employee&rest_code=00111 HTTP/1.1" 200 155
222.70.177.90 - - [08/Jun/2021:09:04:59 +0800] "GET /xingrg/all/common/auto_word.html?type=employee&rest_code=00111 HTTP/1.1" 200 155
222.70.177.90 - - [08/Jun/2021:09:05:00 +0800] "POST /xingrg/kc/buy/cgsh_order_operate.html HTTP/1.1" 200 4418
222.69.129.148 - - [08/Jun/2021:09:05:03 +0800] "GET /xingrg/check_reg.html?_=1623114303944 HTTP/1.1" 200 22
222.69.129.148 - - [08/Jun/2021:09:05:03 +0800] "GET /xingrg/all/function/internal_message.html?_=1623114303948&CODE_STATE=getMsg HTTP/1.1" 200 27
61.165.42.208 - - [08/Jun/2021:09:05:05 +0800] "GET /xingrg/kc/buy/cgsh_order_operate.html?command=get_materiel&rest_code=00105&code=00101008248&supplier_code=00100203&order_time=2021-06-08 HTTP/1.1" 200 412
116.230.110.80 - - [08/Jun/2021:09:05:07 +0800] "GET /xingrg/all/function/internal_message.html?_=1623114294698&CODE_STATE=getMsg HTTP/1.1" 200 27
116.235.222.38 - - [08/Jun/2021:09:05:07 +0800] "GET /xingrg/all/function/internal_message.html?_=1623114306532&CODE_STATE=getMsg HTTP/1.1" 200 27
222.69.129.148 - - [08/Jun/2021:09:05:10 +0800] "GET /xingrg/kc/buy/cgsh_order_operate.html?command=get_materiel&rest_code=00149&code=00101008372&supplier_code=00100005&order_time=2021-06-08 HTTP/1.1" 200 408
222.70.177.90 - - [08/Jun/2021:09:05:12 +0800] "GET /xingrg/javascript/auto/indicator.gif HTTP/1.1" 404 1066
61.165.42.208 - - [08/Jun/2021:09:05:13 +0800] "GET /xingrg/kc/buy/cgsh_order_operate.html?command=get_materiel&rest_code=00105&code=00101008331&supplier_code=00100203&order_time=2021-06-08 HTTP/1.1" 200 416
61.165.42.208 - - [08/Jun/2021:09:05:17 +0800] "POST /xingrg/kc/buy/cgsh_order_operate.html HTTP/1.1" 200 2065
61.165.42.208 - - [08/Jun/2021:09:05:20 +0800] "GET /xingrg/all/function/internal_message.html?_=1623114322419&CODE_STATE=getMsg HTTP/1.1" 200 27
180.161.111.4 - - [08/Jun/2021:09:05:21 +0800] "GET /xingrg/all/function/internal_message.html?_=1623114285105&CODE_STATE=getMsg HTTP/1.1" 200 27
222.70.177.90 - - [08/Jun/2021:09:05:26 +0800] "POST /xingrg/kc/buy/cgsh_order_operate.html HTTP/1.1" 200 37
180.169.147.146 - - [08/Jun/2021:09:05:26 +0800] "GET /xingrg/check_reg.html?_=1623114328242 HTTP/1.1" 200 22
180.169.147.146 - - [08/Jun/2021:09:05:26 +0800] "GET /xingrg/all/function/internal_message.html?_=1623114328243&CODE_STATE=getMsg HTTP/1.1" 200 27
61.165.42.208 - - [08/Jun/2021:09:05:27 +0800] "GET /xingrg/kc/buy/cgsh_order_operate.html?command=get_materiel&rest_code=00105&code=00101008049&supplier_code=00100203&order_time=2021-06-08 HTTP/1.1" 200 408
222.69.129.148 - - [08/Jun/2021:09:05:27 +0800] "GET /xingrg/kc/buy/cgsh_order_operate.html?command=get_materiel&rest_code=00149&code=00101008264&supplier_code=00100005&order_time=2021-06-08 HTTP/1.1" 200 412
222.70.177.90 - - [08/Jun/2021:09:05:32 +0800] "POST /xingrg/kc/buy/cgsh_order_operate.html HTTP/1.1" 200 4418
116.230.117.165 - - [08/Jun/2021:09:05:32 +0800] "GET /xingrg/all/function/internal_message.html?_=1623114339605&CODE_STATE=getMsg HTTP/1.1" 200 27
116.224.253.72 - - [08/Jun/2021:09:05:33 +0800] "GET /xingrg/all/function/internal_message.html?_=1623114334074&CODE_STATE=getMsg HTTP/1.1" 200 27
222.69.129.148 - - [08/Jun/2021:09:05:39 +0800] "GET /xingrg/kc/buy/cgsh_order_operate.html?command=get_materiel&rest_code=00149&code=00101008356&supplier_code=00100005&order_time=2021-06-08 HTTP/1.1" 200 408
222.70.177.90 - - [08/Jun/2021:09:05:46 +0800] "GET /xingrg/all/function/internal_message.html?_=1623114346509&CODE_STATE=getMsg HTTP/1.1" 200 27
222.69.129.148 - - [08/Jun/2021:09:05:46 +0800] "GET /xingrg/kc/buy/cgsh_order_operate.html?command=get_materiel&rest_code=00149&code=00101008286&supplier_code=00100005&order_time=2021-06-08 HTTP/1.1" 200 408
116.224.253.72 - - [08/Jun/2021:09:05:46 +0800] "GET /xingrg/check_reg.html?_=1623114347873 HTTP/1.1" 200 22
116.224.253.72 - - [08/Jun/2021:09:05:46 +0800] "GET /xingrg/all/function/internal_message.html?_=1623114347875&CODE_STATE=getMsg HTTP/1.1" 200 27
58.40.7.146 - - [08/Jun/2021:09:05:53 +0800] "GET /xingrg/all/function/internal_message.html?_=1623114355141&CODE_STATE=getMsg HTTP/1.1" 200 27
58.40.7.146 - - [08/Jun/2021:09:05:53 +0800] "GET /xingrg/check_reg.html?_=1623114355144 HTTP/1.1" 200 22
61.165.42.208 - - [08/Jun/2021:09:05:54 +0800] "GET /xingrg/kc/buy/cgsh_order_operate.html?command=get_materiel&rest_code=00105&code=00101008087&supplier_code=00100203&order_time=2021-06-08 HTTP/1.1" 200 412
120.253.135.82 - - [08/Jun/2021:09:05:56 +0800] "GET /xingrg/all/function/internal_message.html?_=1623114141668&CODE_STATE=getMsg HTTP/1.1" 200 27
116.230.110.80 - - [08/Jun/2021:09:06:00 +0800] "GET /xingrg/kc/buy/cgsh_order_list.html HTTP/1.1" 200 46681
222.69.129.148 - - [08/Jun/2021:09:06:03 +0800] "GET /xingrg/all/function/internal_message.html?_=1623114363949&CODE_STATE=getMsg HTTP/1.1" 200 27
116.235.222.38 - - [08/Jun/2021:09:06:07 +0800] "GET /xingrg/all/function/internal_message.html?_=1623114366531&CODE_STATE=getMsg HTTP/1.1" 200 27
116.230.110.80 - - [08/Jun/2021:09:06:07 +0800] "GET /xingrg/all/function/internal_message.html?_=1623114354698&CODE_STATE=getMsg HTTP/1.1" 200 27
116.230.110.80 - - [08/Jun/2021:09:06:07 +0800] "GET /xingrg/check_reg.html?_=1623114354709 HTTP/1.1" 200 22
222.69.129.148 - - [08/Jun/2021:09:06:07 +0800] "POST /xingrg/kc/buy/cgsh_order_operate.html HTTP/1.1" 200 37
116.224.253.72 - - [08/Jun/2021:09:06:09 +0800] "GET /xingrg/kc/buy/cgsh_order_operate.html?command=get_materiel&rest_code=00150&code=00101009015&supplier_code=00100424&order_time=2021-06-08 HTTP/1.1" 200 416
61.165.42.208 - - [08/Jun/2021:09:06:10 +0800] "GET /xingrg/kc/buy/cgsh_order_operate.html?command=get_materiel&rest_code=00105&code=00101008059&supplier_code=00100203&order_time=2021-06-08 HTTP/1.1" 200 408
222.69.129.148 - - [08/Jun/2021:09:06:10 +0800] "POST /xingrg/kc/buy/cgsh_order_operate.html HTTP/1.1" 200 10338
61.165.42.208 - - [08/Jun/2021:09:06:19 +0800] "GET /xingrg/kc/buy/cgsh_order_operate.html?command=get_materiel&rest_code=00105&code=00101010136&supplier_code=00100203&order_time=2021-06-08 HTTP/1.1" 200 408
180.161.111.4 - - [08/Jun/2021:09:06:19 +0800] "GET /xingrg/check_reg.html?_=1623114342834 HTTP/1.1" 200 22
61.165.42.208 - - [08/Jun/2021:09:06:20 +0800] "GET /xingrg/all/function/internal_message.html?_=1623114382419&CODE_STATE=getMsg HTTP/1.1" 200 27
180.161.111.4 - - [08/Jun/2021:09:06:21 +0800] "GET /xingrg/all/function/internal_message.html?_=1623114345114&CODE_STATE=getMsg HTTP/1.1" 200 27
180.169.147.146 - - [08/Jun/2021:09:06:26 +0800] "GET /xingrg/all/function/internal_message.html?_=1623114388256&CODE_STATE=getMsg HTTP/1.1" 200 27
116.224.253.72 - - [08/Jun/2021:09:06:26 +0800] "POST /xingrg/kc/buy/cgsh_order_operate.html HTTP/1.1" 200 37
116.224.253.72 - - [08/Jun/2021:09:06:28 +0800] "POST /xingrg/kc/buy/cgsh_order_operate.html HTTP/1.1" 200 6801
116.230.110.80 - - [08/Jun/2021:09:06:32 +0800] "GET /xingrg/login.html HTTP/1.1" 200 7641
116.230.117.165 - - [08/Jun/2021:09:06:32 +0800] "GET /xingrg/all/function/internal_message.html?_=1623114399614&CODE_STATE=getMsg HTTP/1.1" 200 27
116.230.110.80 - - [08/Jun/2021:09:06:32 +0800] "GET /favicon.ico HTTP/1.1" 404 -
116.224.253.72 - - [08/Jun/2021:09:06:33 +0800] "GET /xingrg/all/function/internal_message.html?_=1623114394113&CODE_STATE=getMsg HTTP/1.1" 200 27
116.224.253.72 - - [08/Jun/2021:09:06:33 +0800] "GET /xingrg/kc/buy/cgsh_order_list.html HTTP/1.1" 200 46681
116.230.110.80 - - [08/Jun/2021:09:06:42 +0800] "POST /xingrg/login.do HTTP/1.1" 302 -
116.230.110.80 - - [08/Jun/2021:09:06:42 +0800] "GET /xingrg/index.html?sysBaseUrl=http%3A%2F%2F180.169.147.146%3A18081%2Fxingrg%2F&costTime=1739×tamp=1623114402356 HTTP/1.1" 200 17179
116.230.110.80 - - [08/Jun/2021:09:06:42 +0800] "GET /favicon.ico HTTP/1.1" 404 -
116.230.110.80 - - [08/Jun/2021:09:06:42 +0800] "GET /xingrg/all/function/internal_message.html?_=1623114390313&CODE_STATE=count HTTP/1.1" 200 11
116.230.110.80 - - [08/Jun/2021:09:06:42 +0800] "GET /xingrg/check_reg.html?_=1623114390314 HTTP/1.1" 200 22
116.230.110.80 - - [08/Jun/2021:09:06:42 +0800] "POST /xingrg/all/common/load_tree.html?tree=area_rest_tree_json&manage=1 HTTP/1.1" 200 351
116.230.110.80 - - [08/Jun/2021:09:06:42 +0800] "POST /xingrg/load_menu.html HTTP/1.1" 200 5138
116.230.110.80 - - [08/Jun/2021:09:06:45 +0800] "GET /xingrg/kc/buy/cgsh_order_list.html HTTP/1.1" 200 46681
222.70.177.90 - - [08/Jun/2021:09:06:46 +0800] "GET /xingrg/all/function/internal_message.html?_=1623114406516&CODE_STATE=getMsg HTTP/1.1" 200 27
222.70.177.90 - - [08/Jun/2021:09:06:46 +0800] "GET /xingrg/check_reg.html?_=1623114406512 HTTP/1.1" 200 22
116.224.253.72 - - [08/Jun/2021:09:06:46 +0800] "GET /xingrg/all/function/internal_message.html?_=1623114407889&CODE_STATE=getMsg HTTP/1.1" 200 27
58.40.7.146 - - [08/Jun/2021:09:06:53 +0800] "GET /xingrg/all/function/internal_message.html?_=1623114415145&CODE_STATE=getMsg HTTP/1.1" 200 27
120.253.135.82 - - [08/Jun/2021:09:06:56 +0800] "GET /xingrg/all/function/internal_message.html?_=1623114201682&CODE_STATE=getMsg HTTP/1.1" 200 27
222.70.177.90 - - [08/Jun/2021:09:07:00 +0800] "POST /xingrg/kc/buy/cgsh_list_operate.html HTTP/1.1" 200 4
116.230.110.80 - - [08/Jun/2021:09:07:01 +0800] "POST /xingrg/kc/buy/cgsh_list_operate.html HTTP/1.1" 200 2772
116.224.253.72 - - [08/Jun/2021:09:07:01 +0800] "POST /xingrg/kc/buy/cgsh_list_operate.html HTTP/1.1" 200 2051
222.69.129.148 - - [08/Jun/2021:09:07:03 +0800] "GET /xingrg/all/function/internal_message.html?_=1623114423948&CODE_STATE=getMsg HTTP/1.1" 200 27
116.230.110.80 - - [08/Jun/2021:09:07:05 +0800] "POST /xingrg/kc/buy/cgsh_list_operate.html HTTP/1.1" 200 2772
116.235.222.38 - - [08/Jun/2021:09:07:07 +0800] "GET /xingrg/all/function/internal_message.html?_=1623114426531&CODE_STATE=getMsg HTTP/1.1" 200 27
116.224.253.72 - - [08/Jun/2021:09:07:11 +0800] "GET /xingrg/check_reg.html?_=1623114432496 HTTP/1.1" 200 22
116.230.117.165 - - [08/Jun/2021:09:07:14 +0800] "GET /xingrg/kc/buy/cgsh_order_list.html HTTP/1.1" 200 46681
116.230.110.80 - - [08/Jun/2021:09:07:15 +0800] "POST /xingrg/kc/buy/cgsh_list_operate.html HTTP/1.1" 200 2772
116.230.117.165 - - [08/Jun/2021:09:07:16 +0800] "POST /xingrg/kc/buy/cgsh_list_operate.html HTTP/1.1" 200 876
116.230.110.80 - - [08/Jun/2021:09:07:17 +0800] "GET /xingrg/kc/buy/cgsh_order_add.html HTTP/1.1" 200 62381
116.230.110.80 - - [08/Jun/2021:09:07:17 +0800] "POST /xingrg/kc/buy/cgsh_order_operate.html HTTP/1.1" 200 8245
116.230.110.80 - - [08/Jun/2021:09:07:17 +0800] "GET /xingrg/javascript/easyui/themes/default/validatebox.css HTTP/1.1" 404 1104
116.230.110.80 - - [08/Jun/2021:09:07:17 +0800] "GET /xingrg/all/common/auto_word.html?type=employee&rest_code=00155 HTTP/1.1" 200 205
116.230.110.80 - - [08/Jun/2021:09:07:17 +0800] "GET /xingrg/all/common/auto_word.html?type=employee&rest_code=00155 HTTP/1.1" 200 205
222.70.177.90 - - [08/Jun/2021:09:07:18 +0800] "POST /xingrg/kc/buy/cgsh_list_operate.html HTTP/1.1" 200 5154
116.230.110.80 - - [08/Jun/2021:09:07:19 +0800] "GET /xingrg/javascript/auto/indicator.gif HTTP/1.1" 404 1066
116.230.117.165 - - [08/Jun/2021:09:07:19 +0800] "GET /xingrg/kc/buy/cgsh_order_add.html HTTP/1.1" 200 62419
116.230.117.165 - - [08/Jun/2021:09:07:19 +0800] "POST /xingrg/kc/buy/cgsh_order_operate.html HTTP/1.1" 200 8245
116.230.117.165 - - [08/Jun/2021:09:07:20 +0800] "GET /xingrg/javascript/easyui/themes/default/validatebox.css HTTP/1.1" 404 1104
116.230.110.80 - - [08/Jun/2021:09:07:20 +0800] "GET /xingrg/javascript/jquery_tools/images/prev.gif HTTP/1.1" 404 1086
116.230.110.80 - - [08/Jun/2021:09:07:20 +0800] "GET /xingrg/javascript/jquery_tools/images/next.gif HTTP/1.1" 404 1086
61.165.42.208 - - [08/Jun/2021:09:07:20 +0800] "GET /xingrg/all/function/internal_message.html?_=1623114442420&CODE_STATE=getMsg HTTP/1.1" 200 27
180.161.111.4 - - [08/Jun/2021:09:07:22 +0800] "GET /xingrg/all/function/internal_message.html?_=1623114405132&CODE_STATE=getMsg HTTP/1.1" 200 27
180.169.147.146 - - [08/Jun/2021:09:07:26 +0800] "GET /xingrg/all/function/internal_message.html?_=1623114448257&CODE_STATE=getMsg HTTP/1.1" 200 27
116.230.110.80 - - [08/Jun/2021:09:07:27 +0800] "GET /xingrg/kc/buy/cgsh_order_operate.html?command=get_materiel&rest_code=00155&code=00101008331&supplier_code=00100005&order_time=2021-06-08 HTTP/1.1" 200 416
116.230.117.165 - - [08/Jun/2021:09:07:32 +0800] "GET /xingrg/all/function/internal_message.html?_=1623114459627&CODE_STATE=getMsg HTTP/1.1" 200 27
116.224.253.72 - - [08/Jun/2021:09:07:33 +0800] "GET /xingrg/all/function/internal_message.html?_=1623114454117&CODE_STATE=getMsg HTTP/1.1" 200 27
180.169.147.146 - - [08/Jun/2021:09:07:38 +0800] "GET /xingrg/check_reg.html?_=1623114462632 HTTP/1.1" 302 -
116.230.110.80 - - [08/Jun/2021:09:07:42 +0800] "GET /xingrg/all/function/internal_message.html?_=1623114450332&CODE_STATE=getMsg HTTP/1.1" 200 27
222.70.177.90 - - [08/Jun/2021:09:07:46 +0800] "GET /xingrg/all/function/internal_message.html?_=1623114466515&CODE_STATE=getMsg HTTP/1.1" 200 27
116.224.253.72 - - [08/Jun/2021:09:07:46 +0800] "GET /xingrg/all/function/internal_message.html?_=1623114467884&CODE_STATE=getMsg HTTP/1.1" 200 27
58.40.7.146 - - [08/Jun/2021:09:07:53 +0800] "GET /xingrg/all/function/internal_message.html?_=1623114475147&CODE_STATE=getMsg HTTP/1.1" 200 27
116.230.117.165 - - [08/Jun/2021:09:07:55 +0800] "GET /xingrg/kc/buy/cgsh_order_operate.html?command=get_materiel&rest_code=00146&code=00101008261&supplier_code=00100005&order_time=2021-06-08 HTTP/1.1" 200 408
116.230.117.165 - - [08/Jun/2021:09:07:56 +0800] "GET /xingrg/check_reg.html?_=1623114483310 HTTP/1.1" 200 22
120.253.135.82 - - [08/Jun/2021:09:07:56 +0800] "GET /xingrg/all/function/internal_message.html?_=1623114261701&CODE_STATE=getMsg HTTP/1.1" 200 27
117.184.7.26 - - [08/Jun/2021:09:08:00 +0800] "GET /xingrg/check_reg.html?_=1623114478918 HTTP/1.1" 200 22
116.230.110.80 - - [08/Jun/2021:09:08:02 +0800] "GET /xingrg/kc/buy/cgsh_order_operate.html?command=get_materiel&rest_code=00155&code=00101008246&supplier_code=00100005&order_time=2021-06-08 HTTP/1.1" 200 408
222.69.129.148 - - [08/Jun/2021:09:08:03 +0800] "GET /xingrg/all/function/internal_message.html?_=1623114483946&CODE_STATE=getMsg HTTP/1.1" 200 27
116.235.222.38 - - [08/Jun/2021:09:08:07 +0800] "GET /xingrg/all/function/internal_message.html?_=1623114486532&CODE_STATE=getMsg HTTP/1.1" 200 27
116.230.117.165 - - [08/Jun/2021:09:08:10 +0800] "GET /xingrg/kc/buy/cgsh_order_operate.html?command=get_materiel&rest_code=00146&code=00101008072&supplier_code=00100005&order_time=2021-06-08 HTTP/1.1" 200 408
116.230.110.80 - - [08/Jun/2021:09:08:11 +0800] "GET /xingrg/kc/buy/cgsh_order_operate.html?command=get_materiel&rest_code=00155&code=00101008477&supplier_code=00100005&order_time=2021-06-08 HTTP/1.1" 200 408
180.169.147.146 - - [08/Jun/2021:09:08:14 +0800] "GET /xingrg/check_reg.html?_=1623114499131 HTTP/1.1" 302 -
116.230.110.80 - - [08/Jun/2021:09:08:17 +0800] "GET /xingrg/kc/buy/cgsh_order_operate.html?command=get_materiel&rest_code=00155&code=00101008003&supplier_code=00100005&order_time=2021-06-08 HTTP/1.1" 200 408
61.165.42.208 - - [08/Jun/2021:09:08:20 +0800] "GET /xingrg/check_reg.html?_=1623114502423 HTTP/1.1" 200 22
61.165.42.208 - - [08/Jun/2021:09:08:20 +0800] "GET /xingrg/all/function/internal_message.html?_=1623114502425&CODE_STATE=getMsg HTTP/1.1" 200 27
180.161.111.4 - - [08/Jun/2021:09:08:21 +0800] "GET /xingrg/all/function/internal_message.html?_=1623114465139&CODE_STATE=getMsg HTTP/1.1" 200 27
116.230.117.165 - - [08/Jun/2021:09:08:23 +0800] "GET /xingrg/kc/buy/cgsh_order_operate.html?command=get_materiel&rest_code=00146&code=00101008331&supplier_code=00100005&order_time=2021-06-08 HTTP/1.1" 200 416
116.230.110.80 - - [08/Jun/2021:09:08:24 +0800] "GET /xingrg/kc/buy/cgsh_order_operate.html?command=get_materiel&rest_code=00155&code=00101008355&supplier_code=00100005&order_time=2021-06-08 HTTP/1.1" 200 408
180.169.147.146 - - [08/Jun/2021:09:08:26 +0800] "GET /xingrg/all/function/internal_message.html?_=1623114508255&CODE_STATE=getMsg HTTP/1.1" 200 27
222.70.177.90 - - [08/Jun/2021:09:08:26 +0800] "POST /xingrg/kc/buy/cgsh_list_operate.html HTTP/1.1" 200 4
116.230.110.80 - - [08/Jun/2021:09:08:30 +0800] "GET /xingrg/kc/buy/cgsh_order_operate.html?command=get_materiel&rest_code=00155&code=00101008321&supplier_code=00100005&order_time=2021-06-08 HTTP/1.1" 200 412
116.224.253.72 - - [08/Jun/2021:09:08:31 +0800] "POST /xingrg/kc/buy/cgsh_list_operate.html HTTP/1.1" 200 2051
116.230.117.165 - - [08/Jun/2021:09:08:32 +0800] "GET /xingrg/all/function/internal_message.html?_=1623114519642&CODE_STATE=getMsg HTTP/1.1" 200 27
116.224.253.72 - - [08/Jun/2021:09:08:33 +0800] "GET /xingrg/all/function/internal_message.html?_=1623114514130&CODE_STATE=getMsg HTTP/1.1" 200 27
222.70.177.90 - - [08/Jun/2021:09:08:34 +0800] "POST /xingrg/kc/buy/cgsh_list_operate.html HTTP/1.1" 200 1687
116.224.253.72 - - [08/Jun/2021:09:08:34 +0800] "GET /xingrg/kc/buy/cgsh_order_add.html HTTP/1.1" 200 62337
116.224.253.72 - - [08/Jun/2021:09:08:34 +0800] "POST /xingrg/kc/buy/cgsh_order_operate.html HTTP/1.1" 200 8245
116.224.253.72 - - [08/Jun/2021:09:08:34 +0800] "GET /xingrg/javascript/easyui/themes/default/validatebox.css HTTP/1.1" 404 1104
116.230.117.165 - - [08/Jun/2021:09:08:35 +0800] "GET /xingrg/kc/buy/cgsh_order_operate.html?command=get_materiel&rest_code=00146&code=00101008290&supplier_code=00100005&order_time=2021-06-08 HTTP/1.1" 200 416
116.230.110.80 - - [08/Jun/2021:09:08:37 +0800] "GET /xingrg/kc/buy/cgsh_order_operate.html?command=get_materiel&rest_code=00155&code=00101008270&supplier_code=00100005&order_time=2021-06-08 HTTP/1.1" 200 412
58.221.95.50 - - [08/Jun/2021:09:08:41 +0800] "GET /xingrg/check_reg.html?_=1623114525527 HTTP/1.1" 302 -
116.230.110.80 - - [08/Jun/2021:09:08:41 +0800] "GET /xingrg/kc/buy/cgsh_order_operate.html?command=get_materiel&rest_code=00155&code=00101008298&supplier_code=00100005&order_time=2021-06-08 HTTP/1.1" 200 412
116.230.110.80 - - [08/Jun/2021:09:08:42 +0800] "GET /xingrg/all/function/internal_message.html?_=1623114510371&CODE_STATE=getMsg HTTP/1.1" 200 27
116.224.253.72 - - [08/Jun/2021:09:08:45 +0800] "GET /xingrg/kc/buy/cgsh_order_operate.html?command=get_materiel&rest_code=00150&code=00101006124&supplier_code=00100096&order_time=2021-06-08 HTTP/1.1" 200 411
116.230.117.165 - - [08/Jun/2021:09:08:45 +0800] "GET /xingrg/kc/buy/cgsh_order_operate.html?command=get_materiel&rest_code=00146&code=00101008087&supplier_code=00100005&order_time=2021-06-08 HTTP/1.1" 200 412
222.70.177.90 - - [08/Jun/2021:09:08:46 +0800] "GET /xingrg/all/function/internal_message.html?_=1623114526509&CODE_STATE=getMsg HTTP/1.1" 200 27
116.224.253.72 - - [08/Jun/2021:09:08:46 +0800] "GET /xingrg/all/function/internal_message.html?_=1623114527886&CODE_STATE=getMsg HTTP/1.1" 200 27
222.70.177.90 - - [08/Jun/2021:09:08:48 +0800] "POST /xingrg/kc/buy/cgsh_list_operate.html HTTP/1.1" 200 4
116.230.110.80 - - [08/Jun/2021:09:08:48 +0800] "GET /xingrg/kc/buy/cgsh_order_operate.html?command=get_materiel&rest_code=00155&code=00101008256&supplier_code=00100005&order_time=2021-06-08 HTTP/1.1" 200 412
222.70.177.90 - - [08/Jun/2021:09:08:51 +0800] "POST /xingrg/kc/buy/cgsh_list_operate.html HTTP/1.1" 200 876
58.40.7.146 - - [08/Jun/2021:09:08:53 +0800] "GET /xingrg/all/function/internal_message.html?_=1623114535149&CODE_STATE=getMsg HTTP/1.1" 200 27
120.253.135.82 - - [08/Jun/2021:09:08:56 +0800] "GET /xingrg/all/function/internal_message.html?_=1623114321709&CODE_STATE=getMsg HTTP/1.1" 200 27
222.70.177.90 - - [08/Jun/2021:09:08:57 +0800] "GET /xingrg/kc/base/wldb_order_list.html HTTP/1.1" 200 19020
116.230.110.80 - - [08/Jun/2021:09:08:58 +0800] "GET /xingrg/kc/buy/cgsh_order_operate.html?command=get_materiel&rest_code=00155&code=00101008132&supplier_code=00100005&order_time=2021-06-08 HTTP/1.1" 200 408
222.70.177.90 - - [08/Jun/2021:09:08:58 +0800] "POST /xingrg/kc/base/wldb_list_operate.html HTTP/1.1" 200 4524
116.230.117.165 - - [08/Jun/2021:09:08:59 +0800] "GET /xingrg/kc/buy/cgsh_order_operate.html?command=get_materiel&rest_code=00146&code=00101008355&supplier_code=00100005&order_time=2021-06-08 HTTP/1.1" 200 408
116.224.253.72 - - [08/Jun/2021:09:08:59 +0800] "GET /xingrg/kc/buy/cgsh_order_operate.html?command=get_materiel&rest_code=00150&code=00101006109&supplier_code=00100096&order_time=2021-06-08 HTTP/1.1" 200 411
222.69.129.148 - - [08/Jun/2021:09:09:03 +0800] "GET /xingrg/all/function/internal_message.html?_=1623114543960&CODE_STATE=getMsg HTTP/1.1" 200 27
116.230.110.80 - - [08/Jun/2021:09:09:05 +0800] "GET /xingrg/kc/buy/cgsh_order_operate.html?command=get_materiel&rest_code=00155&code=00101008155&supplier_code=00100005&order_time=2021-06-08 HTTP/1.1" 200 408
116.235.222.38 - - [08/Jun/2021:09:09:07 +0800] "GET /xingrg/all/function/internal_message.html?_=1623114546539&CODE_STATE=getMsg HTTP/1.1" 200 27
116.235.222.38 - - [08/Jun/2021:09:09:07 +0800] "GET /xingrg/check_reg.html?_=1623114546542 HTTP/1.1" 200 22
116.224.253.72 - - [08/Jun/2021:09:09:09 +0800] "GET /xingrg/kc/buy/cgsh_order_operate.html?command=get_materiel&rest_code=00150&code=00101006111&supplier_code=00100096&order_time=2021-06-08 HTTP/1.1" 200 411
61.165.42.208 - - [08/Jun/2021:09:09:20 +0800] "GET /xingrg/all/function/internal_message.html?_=1623114562532&CODE_STATE=getMsg HTTP/1.1" 200 27
180.161.111.4 - - [08/Jun/2021:09:09:21 +0800] "GET /xingrg/all/function/internal_message.html?_=1623114525261&CODE_STATE=getMsg HTTP/1.1" 200 27
61.165.42.208 - - [08/Jun/2021:09:09:25 +0800] "POST /xingrg/kc/buy/cgsh_order_operate.html HTTP/1.1" 200 37
116.230.117.165 - - [08/Jun/2021:09:09:25 +0800] "GET /xingrg/kc/buy/cgsh_order_operate.html?command=get_materiel&rest_code=00146&code=00101008067&supplier_code=00100005&order_time=2021-06-08 HTTP/1.1" 200 416
116.230.110.80 - - [08/Jun/2021:09:09:26 +0800] "GET /xingrg/kc/buy/cgsh_order_operate.html?command=get_materiel&rest_code=00155&code=00101008080&supplier_code=00100005&order_time=2021-06-08 HTTP/1.1" 200 416
180.169.147.146 - - [08/Jun/2021:09:09:26 +0800] "GET /xingrg/all/function/internal_message.html?_=1623114568257&CODE_STATE=getMsg HTTP/1.1" 200 27
116.224.253.72 - - [08/Jun/2021:09:09:26 +0800] "GET /xingrg/kc/buy/cgsh_order_operate.html?command=get_materiel&rest_code=00150&code=00101006079&supplier_code=00100096&order_time=2021-06-08 HTTP/1.1" 200 408
61.165.42.208 - - [08/Jun/2021:09:09:28 +0800] "POST /xingrg/kc/buy/cgsh_order_operate.html HTTP/1.1" 200 32199
61.165.42.208 - - [08/Jun/2021:09:09:29 +0800] "GET /xingrg/kc/print/load_config.html?kc_code=cgsh HTTP/1.1" 200 1845
61.165.42.208 - - [08/Jun/2021:09:09:30 +0800] "GET /xingrg/kc/print/load_data.html?order_code=212021060803432&kc_code=cgsh&condition= HTTP/1.1" 200 11788
116.230.117.165 - - [08/Jun/2021:09:09:32 +0800] "GET /xingrg/all/function/internal_message.html?_=1623114579655&CODE_STATE=getMsg HTTP/1.1" 200 27
116.224.253.72 - - [08/Jun/2021:09:09:33 +0800] "GET /xingrg/all/function/internal_message.html?_=1623114574178&CODE_STATE=getMsg HTTP/1.1" 200 27
116.230.110.80 - - [08/Jun/2021:09:09:35 +0800] "GET /xingrg/kc/buy/cgsh_order_operate.html?command=get_materiel&rest_code=00155&code=00101008411&supplier_code=00100005&order_time=2021-06-08 HTTP/1.1" 200 399
116.230.117.165 - - [08/Jun/2021:09:09:41 +0800] "GET /xingrg/kc/buy/cgsh_order_operate.html?command=get_materiel&rest_code=00146&code=00101008321&supplier_code=00100005&order_time=2021-06-08 HTTP/1.1" 200 412
116.230.110.80 - - [08/Jun/2021:09:09:42 +0800] "GET /xingrg/all/function/internal_message.html?_=1623114570368&CODE_STATE=getMsg HTTP/1.1" 200 27
116.224.253.72 - - [08/Jun/2021:09:09:45 +0800] "GET /xingrg/kc/buy/cgsh_order_operate.html?command=get_materiel&rest_code=00150&code=00101007125&supplier_code=00100096&order_time=2021-06-08 HTTP/1.1" 200 406
222.70.177.90 - - [08/Jun/2021:09:09:46 +0800] "GET /xingrg/all/function/internal_message.html?_=1623114586528&CODE_STATE=getMsg HTTP/1.1" 200 27
116.224.253.72 - - [08/Jun/2021:09:09:46 +0800] "GET /xingrg/all/function/internal_message.html?_=1623114587961&CODE_STATE=getMsg HTTP/1.1" 200 27
116.230.110.80 - - [08/Jun/2021:09:09:47 +0800] "GET /xingrg/kc/buy/cgsh_order_operate.html?command=get_materiel&rest_code=00155&code=00101008185&supplier_code=00100005&order_time=2021-06-08 HTTP/1.1" 200 408
116.230.117.165 - - [08/Jun/2021:09:09:53 +0800] "GET /xingrg/kc/buy/cgsh_order_operate.html?command=get_materiel&rest_code=00146&code=00101008115&supplier_code=00100005&order_time=2021-06-08 HTTP/1.1" 200 412
58.40.7.146 - - [08/Jun/2021:09:09:53 +0800] "GET /xingrg/all/function/internal_message.html?_=1623114595138&CODE_STATE=getMsg HTTP/1.1" 200 27
120.253.135.82 - - [08/Jun/2021:09:09:56 +0800] "GET /xingrg/check_reg.html?_=1623114381486 HTTP/1.1" 200 22
120.253.135.82 - - [08/Jun/2021:09:09:56 +0800] "GET /xingrg/all/function/internal_message.html?_=1623114381722&CODE_STATE=getMsg HTTP/1.1" 200 27
116.224.253.72 - - [08/Jun/2021:09:09:57 +0800] "GET /xingrg/kc/buy/cgsh_order_operate.html?command=get_materiel&rest_code=00150&code=00101007077&supplier_code=00100096&order_time=2021-06-08 HTTP/1.1" 200 415
222.69.129.148 - - [08/Jun/2021:09:10:03 +0800] "GET /xingrg/check_reg.html?_=1623114603967 HTTP/1.1" 200 22
222.69.129.148 - - [08/Jun/2021:09:10:03 +0800] "GET /xingrg/all/function/internal_message.html?_=1623114603970&CODE_STATE=getMsg HTTP/1.1" 200 27
116.230.117.165 - - [08/Jun/2021:09:10:03 +0800] "GET /xingrg/kc/buy/cgsh_order_operate.html?command=get_materiel&rest_code=00146&code=00101008270&supplier_code=00100005&order_time=2021-06-08 HTTP/1.1" 200 412
222.70.177.90 - - [08/Jun/2021:09:10:03 +0800] "POST /xingrg/kc/base/wldb_list_operate.html HTTP/1.1" 200 4
116.235.222.38 - - [08/Jun/2021:09:10:07 +0800] "GET /xingrg/all/function/internal_message.html?_=1623114606539&CODE_STATE=getMsg HTTP/1.1" 200 27
116.230.110.80 - - [08/Jun/2021:09:10:10 +0800] "GET /xingrg/kc/buy/cgsh_order_operate.html?command=get_materiel&rest_code=00155&code=00101008125&supplier_code=00100005&order_time=2021-06-08 HTTP/1.1" 200 413
116.230.110.80 - - [08/Jun/2021:09:10:17 +0800] "GET /xingrg/kc/buy/cgsh_order_operate.html?command=get_materiel&rest_code=00155&code=00101008028&supplier_code=00100005&order_time=2021-06-08 HTTP/1.1" 200 412
222.70.177.90 - - [08/Jun/2021:09:10:20 +0800] "POST /xingrg/kc/base/wldb_list_operate.html HTTP/1.1" 200 928
61.165.42.208 - - [08/Jun/2021:09:10:20 +0800] "GET /xingrg/all/function/internal_message.html?_=1623114622437&CODE_STATE=getMsg HTTP/1.1" 200 27
180.161.111.4 - - [08/Jun/2021:09:10:22 +0800] "GET /xingrg/all/function/internal_message.html?_=1623114585281&CODE_STATE=getMsg HTTP/1.1" 200 27
116.230.110.80 - - [08/Jun/2021:09:10:26 +0800] "GET /xingrg/kc/buy/cgsh_order_operate.html?command=get_materiel&rest_code=00155&code=00101008173&supplier_code=00100005&order_time=2021-06-08 HTTP/1.1" 200 412
180.169.147.146 - - [08/Jun/2021:09:10:26 +0800] "GET /xingrg/check_reg.html?_=1623114628279 HTTP/1.1" 200 22
180.169.147.146 - - [08/Jun/2021:09:10:26 +0800] "GET /xingrg/all/function/internal_message.html?_=1623114628276&CODE_STATE=getMsg HTTP/1.1" 200 27
116.230.117.165 - - [08/Jun/2021:09:10:32 +0800] "GET /xingrg/all/function/internal_message.html?_=1623114639669&CODE_STATE=getMsg HTTP/1.1" 200 27
116.224.253.72 - - [08/Jun/2021:09:10:33 +0800] "GET /xingrg/all/function/internal_message.html?_=1623114634189&CODE_STATE=getMsg HTTP/1.1" 200 27
116.224.253.72 - - [08/Jun/2021:09:10:35 +0800] "POST /xingrg/kc/buy/cgsh_order_operate.html HTTP/1.1" 200 37
116.230.110.80 - - [08/Jun/2021:09:10:36 +0800] "GET /xingrg/kc/buy/cgsh_order_operate.html?command=get_materiel&rest_code=00155&code=00101008096&supplier_code=00100005&order_time=2021-06-08 HTTP/1.1" 200 412
116.230.117.165 - - [08/Jun/2021:09:10:37 +0800] "GET /xingrg/kc/buy/cgsh_order_operate.html?command=get_materiel&rest_code=00146&code=00101008257&supplier_code=00100005&order_time=2021-06-08 HTTP/1.1" 200 416
116.230.110.80 - - [08/Jun/2021:09:10:42 +0800] "GET /xingrg/all/function/internal_message.html?_=1623114630375&CODE_STATE=getMsg HTTP/1.1" 200 27
116.224.253.72 - - [08/Jun/2021:09:10:44 +0800] "POST /xingrg/kc/buy/cgsh_order_operate.html HTTP/1.1" 200 12
116.230.110.80 - - [08/Jun/2021:09:10:45 +0800] "GET /xingrg/kc/buy/cgsh_order_operate.html?command=get_materiel&rest_code=00155&code=00101008358&supplier_code=00100005&order_time=2021-06-08 HTTP/1.1" 200 412
222.70.177.90 - - [08/Jun/2021:09:10:46 +0800] "GET /xingrg/all/function/internal_message.html?_=1623114646513&CODE_STATE=getMsg HTTP/1.1" 200 27
116.230.110.80 - - [08/Jun/2021:09:10:47 +0800] "POST /xingrg/kc/buy/cgsh_order_operate.html HTTP/1.1" 200 2065
116.230.110.80 - - [08/Jun/2021:09:10:50 +0800] "GET /xingrg/kc/buy/cgsh_order_operate.html?command=get_materiel&rest_code=00155&code=00101008264&supplier_code=00100005&order_time=2021-06-08 HTTP/1.1" 200 412
116.230.117.165 - - [08/Jun/2021:09:10:50 +0800] "GET /xingrg/kc/buy/cgsh_order_operate.html?command=get_materiel&rest_code=00146&code=00101008244&supplier_code=00100005&order_time=2021-06-08 HTTP/1.1" 200 408
58.40.7.146 - - [08/Jun/2021:09:10:53 +0800] "GET /xingrg/all/function/internal_message.html?_=1623114655140&CODE_STATE=getMsg HTTP/1.1" 200 27
58.40.7.146 - - [08/Jun/2021:09:10:53 +0800] "GET /xingrg/check_reg.html?_=1623114655143 HTTP/1.1" 200 22
120.253.135.82 - - [08/Jun/2021:09:10:56 +0800] "GET /xingrg/all/function/internal_message.html?_=1623114441736&CODE_STATE=getMsg HTTP/1.1" 200 27
116.230.110.80 - - [08/Jun/2021:09:10:58 +0800] "GET /xingrg/kc/buy/cgsh_order_operate.html?command=get_materiel&rest_code=00155&code=00101008024&supplier_code=00100005&order_time=2021-06-08 HTTP/1.1" 200 408
116.224.253.72 - - [08/Jun/2021:09:10:59 +0800] "GET /xingrg/kc/buy/cgsh_order_info.html?code=212021060803433 HTTP/1.1" 200 57229
116.224.253.72 - - [08/Jun/2021:09:11:00 +0800] "GET /xingrg/javascript/easyui/themes/default/validatebox.css HTTP/1.1" 404 1104
116.230.117.165 - - [08/Jun/2021:09:11:00 +0800] "GET /xingrg/kc/buy/cgsh_order_operate.html?command=get_materiel&rest_code=00146&code=00101008354&supplier_code=00100005&order_time=2021-06-08 HTTP/1.1" 200 412
116.224.253.72 - - [08/Jun/2021:09:11:00 +0800] "POST /xingrg/kc/buy/cgsh_order_operate.html HTTP/1.1" 200 3556
222.69.129.148 - - [08/Jun/2021:09:11:03 +0800] "GET /xingrg/all/function/internal_message.html?_=1623114663985&CODE_STATE=getMsg HTTP/1.1" 200 27
116.224.253.72 - - [08/Jun/2021:09:11:04 +0800] "GET /xingrg/kc/print/load_data.html?order_code=212021060803433&kc_code=cgsh&condition= HTTP/1.1" 200 1795
116.230.110.80 - - [08/Jun/2021:09:11:04 +0800] "GET /xingrg/kc/buy/cgsh_order_operate.html?command=get_materiel&rest_code=00155&code=00101008362&supplier_code=00100005&order_time=2021-06-08 HTTP/1.1" 200 408
116.235.222.38 - - [08/Jun/2021:09:11:07 +0800] "GET /xingrg/all/function/internal_message.html?_=1623114666539&CODE_STATE=getMsg HTTP/1.1" 200 27
61.165.42.208 - - [08/Jun/2021:09:11:10 +0800] "GET /xingrg/kc/buy/cgsh_order_add.html HTTP/1.1" 200 62460
61.165.42.208 - - [08/Jun/2021:09:11:10 +0800] "GET /xingrg/javascript/easyui/themes/default/validatebox.css HTTP/1.1" 404 1104
61.165.42.208 - - [08/Jun/2021:09:11:10 +0800] "POST /xingrg/kc/buy/cgsh_order_operate.html HTTP/1.1" 200 8245
116.230.110.80 - - [08/Jun/2021:09:11:10 +0800] "GET /xingrg/kc/buy/cgsh_order_operate.html?command=get_materiel&rest_code=00155&code=00101008360&supplier_code=00100005&order_time=2021-06-08 HTTP/1.1" 200 412
116.224.253.72 - - [08/Jun/2021:09:11:16 +0800] "GET /xingrg/kc/base/yddb_order_list.html HTTP/1.1" 200 16631
116.224.253.72 - - [08/Jun/2021:09:11:17 +0800] "POST /xingrg/kc/base/yddb_list_operate.html HTTP/1.1" 200 636
116.224.253.72 - - [08/Jun/2021:09:11:18 +0800] "GET /xingrg/kc/base/yddb_order_add.html HTTP/1.1" 200 29829
116.224.253.72 - - [08/Jun/2021:09:11:18 +0800] "GET /xingrg/dwr/interface/AjaxComOrderService.js HTTP/1.1" 200 18264
116.224.253.72 - - [08/Jun/2021:09:11:18 +0800] "GET /xingrg/dwr/interface/AjaxYddbService.js HTTP/1.1" 200 13201
116.224.253.72 - - [08/Jun/2021:09:11:18 +0800] "GET /xingrg/dwr/util.js HTTP/1.1" 304 -
116.224.253.72 - - [08/Jun/2021:09:11:18 +0800] "GET /xingrg/dwr/engine.js HTTP/1.1" 200 43631
116.230.110.80 - - [08/Jun/2021:09:11:18 +0800] "GET /xingrg/kc/buy/cgsh_order_operate.html?command=get_materiel&rest_code=00155&code=00101008196&supplier_code=00100005&order_time=2021-06-08 HTTP/1.1" 200 416
180.161.111.4 - - [08/Jun/2021:09:11:19 +0800] "GET /xingrg/check_reg.html?_=1623114642996 HTTP/1.1" 200 22
61.165.42.208 - - [08/Jun/2021:09:11:20 +0800] "GET /xingrg/all/function/internal_message.html?_=1623114682466&CODE_STATE=getMsg HTTP/1.1" 200 27
116.230.110.80 - - [08/Jun/2021:09:11:20 +0800] "POST /xingrg/kc/buy/cgsh_order_operate.html HTTP/1.1" 200 2065
116.224.253.72 - - [08/Jun/2021:09:11:21 +0800] "POST /xingrg/dwr/call/plaincall/AjaxYddbService.getRestBases.dwr HTTP/1.1" 200 1514
180.161.111.4 - - [08/Jun/2021:09:11:21 +0800] "GET /xingrg/all/function/internal_message.html?_=1623114645291&CODE_STATE=getMsg HTTP/1.1" 200 27
