114.86.225.21 - - [08/Jun/2021:10:38:46 +0800] "GET /xingrg/all/function/internal_message.html?_=1623119928241&CODE_STATE=getMsg HTTP/1.1" 200 27
180.161.111.4 - - [08/Jun/2021:10:38:49 +0800] "GET /xingrg/all/function/internal_message.html?_=1623119933474&CODE_STATE=getMsg HTTP/1.1" 200 27
222.70.177.90 - - [08/Jun/2021:10:38:50 +0800] "GET /xingrg/kc/buy/cgsh_order_operate.html?command=get_materiel&rest_code=00111&code=00101008351&supplier_code=00100005&order_time=2021-06-08 HTTP/1.1" 200 408
116.230.110.80 - - [08/Jun/2021:10:38:51 +0800] "GET /xingrg/kc/buy/cgsh_order_operate.html?command=get_materiel&rest_code=00155&code=00101008583&supplier_code=00100323&order_time=2021-06-08 HTTP/1.1" 200 403
222.70.177.90 - - [08/Jun/2021:10:38:52 +0800] "POST /xingrg/kc/buy/cgsh_order_operate.html HTTP/1.1" 200 2065
58.40.7.146 - - [08/Jun/2021:10:38:53 +0800] "GET /xingrg/all/function/internal_message.html?_=1623119935205&CODE_STATE=getMsg HTTP/1.1" 200 27
117.185.32.26 - - [08/Jun/2021:10:38:53 +0800] "GET /xingrg/all/function/internal_message.html?_=1623120468554&CODE_STATE=getMsg HTTP/1.1" 200 27
61.165.42.208 - - [08/Jun/2021:10:38:56 +0800] "POST /xingrg/kc/buy/cgsh_order_operate.html HTTP/1.1" 200 37
222.70.177.90 - - [08/Jun/2021:10:38:57 +0800] "GET /xingrg/check_reg.html?_=1623119938585 HTTP/1.1" 200 22
116.230.110.80 - - [08/Jun/2021:10:38:58 +0800] "POST /xingrg/kc/buy/cgsh_order_operate.html HTTP/1.1" 200 37
61.165.42.208 - - [08/Jun/2021:10:38:59 +0800] "POST /xingrg/kc/buy/cgsh_order_operate.html HTTP/1.1" 200 2662
116.230.110.80 - - [08/Jun/2021:10:39:00 +0800] "POST /xingrg/kc/buy/cgsh_order_operate.html HTTP/1.1" 200 2662
222.70.177.90 - - [08/Jun/2021:10:39:00 +0800] "GET /xingrg/kc/buy/cgsh_order_operate.html?command=get_materiel&rest_code=00111&code=00101008148&supplier_code=00100005&order_time=2021-06-08 HTTP/1.1" 200 416
61.165.42.208 - - [08/Jun/2021:10:39:01 +0800] "GET /xingrg/kc/print/load_data.html?order_code=212021060803509&kc_code=cgsh&condition= HTTP/1.1" 200 750
116.230.110.80 - - [08/Jun/2021:10:39:01 +0800] "GET /xingrg/kc/print/load_data.html?order_code=212021060803510&kc_code=cgsh&condition= HTTP/1.1" 200 683
117.185.32.26 - - [08/Jun/2021:10:39:02 +0800] "GET /xingrg/kc/buy/cgsh_order_operate.html?command=get_materiel&rest_code=00106&code=00101010166&supplier_code=00100323&order_time=2021-06-08 HTTP/1.1" 200 417
222.69.129.148 - - [08/Jun/2021:10:39:03 +0800] "GET /xingrg/all/function/internal_message.html?_=1623119944294&CODE_STATE=getMsg HTTP/1.1" 200 27
61.165.42.208 - - [08/Jun/2021:10:39:05 +0800] "GET /xingrg/kc/buy/cgsh_order_add.html HTTP/1.1" 200 62460
61.165.42.208 - - [08/Jun/2021:10:39:05 +0800] "GET /xingrg/javascript/easyui/themes/default/validatebox.css HTTP/1.1" 404 1104
61.165.42.208 - - [08/Jun/2021:10:39:05 +0800] "POST /xingrg/kc/buy/cgsh_order_operate.html HTTP/1.1" 200 8245
222.70.177.90 - - [08/Jun/2021:10:39:06 +0800] "GET /xingrg/all/function/internal_message.html?_=1623119946643&CODE_STATE=getMsg HTTP/1.1" 200 27
116.230.110.80 - - [08/Jun/2021:10:39:06 +0800] "GET /xingrg/kc/buy/cgsh_order_add.html HTTP/1.1" 200 62381
116.230.110.80 - - [08/Jun/2021:10:39:06 +0800] "POST /xingrg/kc/buy/cgsh_order_operate.html HTTP/1.1" 200 8245
116.230.110.80 - - [08/Jun/2021:10:39:06 +0800] "GET /xingrg/javascript/easyui/themes/default/validatebox.css HTTP/1.1" 404 1104
116.235.222.38 - - [08/Jun/2021:10:39:07 +0800] "GET /xingrg/check_reg.html?_=1623119946682 HTTP/1.1" 200 22
116.235.222.38 - - [08/Jun/2021:10:39:07 +0800] "GET /xingrg/all/function/internal_message.html?_=1623119946685&CODE_STATE=getMsg HTTP/1.1" 200 27
180.161.111.4 - - [08/Jun/2021:10:39:09 +0800] "GET /xingrg/javascript/auto/indicator.gif HTTP/1.1" 404 1066
180.169.147.146 - - [08/Jun/2021:10:39:09 +0800] "GET /xingrg/all/function/internal_message.html?_=1623119951684&CODE_STATE=getMsg HTTP/1.1" 302 -
180.169.147.146 - - [08/Jun/2021:10:39:10 +0800] "GET /xingrg/all/function/internal_message.html?_=1623119951008&CODE_STATE=getMsg HTTP/1.1" 200 27
180.161.111.4 - - [08/Jun/2021:10:39:11 +0800] "GET /xingrg/javascript/jquery_tools/images/prev.gif HTTP/1.1" 404 1086
180.161.111.4 - - [08/Jun/2021:10:39:11 +0800] "GET /xingrg/javascript/jquery_tools/images/next.gif HTTP/1.1" 404 1086
117.185.32.26 - - [08/Jun/2021:10:39:13 +0800] "GET /xingrg/all/function/internal_message.html?_=1623119949233&CODE_STATE=getMsg HTTP/1.1" 200 27
116.224.253.72 - - [08/Jun/2021:10:39:13 +0800] "GET /xingrg/all/function/internal_message.html?_=1623119953646&CODE_STATE=getMsg HTTP/1.1" 200 27
120.204.17.72 - - [08/Jun/2021:10:39:13 +0800] "GET /xingrg/all/function/internal_message.html?_=1623119889234&CODE_STATE=getMsg HTTP/1.1" 302 -
120.204.17.72 - - [08/Jun/2021:10:39:13 +0800] "GET /xingrg/login.html HTTP/1.1" 200 7641
114.86.187.76 - - [08/Jun/2021:10:39:15 +0800] "GET /xingrg/all/function/internal_message.html?_=1623119961857&CODE_STATE=getMsg HTTP/1.1" 200 27
61.165.42.208 - - [08/Jun/2021:10:39:17 +0800] "GET /xingrg/kc/buy/cgsh_order_operate.html?command=get_materiel&rest_code=00105&code=00101001060&supplier_code=00100442&order_time=2021-06-08 HTTP/1.1" 200 421
180.161.111.4 - - [08/Jun/2021:10:39:17 +0800] "GET /xingrg/kc/buy/cgsh_order_operate.html?command=get_materiel&rest_code=00102&code=00101008256&supplier_code=00100008&order_time=2021-06-08 HTTP/1.1" 200 412
117.185.32.26 - - [08/Jun/2021:10:39:18 +0800] "GET /xingrg/kc/buy/cgsh_order_operate.html?command=get_materiel&rest_code=00106&code=00101001213&supplier_code=00100323&order_time=2021-06-08 HTTP/1.1" 200 424
116.230.110.80 - - [08/Jun/2021:10:39:18 +0800] "GET /xingrg/kc/buy/cgsh_order_operate.html?command=get_materiel&rest_code=00155&code=00101010108&supplier_code=00100336&order_time=2021-06-08 HTTP/1.1" 200 421
61.165.42.208 - - [08/Jun/2021:10:39:20 +0800] "GET /xingrg/all/function/internal_message.html?_=1623119962606&CODE_STATE=getMsg HTTP/1.1" 200 27
116.224.253.72 - - [08/Jun/2021:10:39:21 +0800] "POST /xingrg/kc/buy/cgsh_order_operate.html HTTP/1.1" 200 37
180.169.147.146 - - [08/Jun/2021:10:39:22 +0800] "GET /xingrg/all/function/internal_message.html?_=1623119965343&CODE_STATE=getMsg HTTP/1.1" 200 27
222.70.177.90 - - [08/Jun/2021:10:39:23 +0800] "GET /xingrg/kc/buy/cgsh_order_operate.html?command=get_materiel&rest_code=00111&code=00101008264&supplier_code=00100005&order_time=2021-06-08 HTTP/1.1" 200 412
116.230.110.80 - - [08/Jun/2021:10:39:26 +0800] "POST /xingrg/kc/buy/cgsh_order_operate.html HTTP/1.1" 200 37
116.224.253.72 - - [08/Jun/2021:10:39:28 +0800] "POST /xingrg/kc/buy/cgsh_order_operate.html HTTP/1.1" 200 12
116.230.110.80 - - [08/Jun/2021:10:39:28 +0800] "POST /xingrg/kc/buy/cgsh_order_operate.html HTTP/1.1" 200 2665
116.230.110.80 - - [08/Jun/2021:10:39:30 +0800] "GET /xingrg/kc/print/load_data.html?order_code=212021060803512&kc_code=cgsh&condition= HTTP/1.1" 200 687
180.169.147.146 - - [08/Jun/2021:10:39:30 +0800] "GET /xingrg/all/function/internal_message.html?_=1623119971178&CODE_STATE=getMsg HTTP/1.1" 200 27
116.224.253.72 - - [08/Jun/2021:10:39:30 +0800] "GET /xingrg/kc/buy/cgsh_order_info.html?code=212021060803511 HTTP/1.1" 200 56961
116.224.253.72 - - [08/Jun/2021:10:39:31 +0800] "GET /xingrg/words/20210608103201_words.js HTTP/1.1" 304 -
116.224.253.72 - - [08/Jun/2021:10:39:31 +0800] "GET /xingrg/javascript/easyui/themes/default/validatebox.css HTTP/1.1" 404 1104
116.224.253.72 - - [08/Jun/2021:10:39:32 +0800] "POST /xingrg/kc/buy/cgsh_order_operate.html HTTP/1.1" 200 616
116.224.253.72 - - [08/Jun/2021:10:39:34 +0800] "GET /xingrg/kc/print/load_data.html?order_code=212021060803511&kc_code=cgsh&condition= HTTP/1.1" 200 714
222.70.177.90 - - [08/Jun/2021:10:39:34 +0800] "GET /xingrg/kc/buy/cgsh_order_operate.html?command=get_materiel&rest_code=00111&code=00101009030&supplier_code=00100005&order_time=2021-06-08 HTTP/1.1" 200 412
116.230.110.80 - - [08/Jun/2021:10:39:35 +0800] "GET /xingrg/kc/buy/cgsh_order_add.html HTTP/1.1" 200 62381
61.165.42.208 - - [08/Jun/2021:10:39:35 +0800] "GET /xingrg/kc/buy/cgsh_order_operate.html?command=get_materiel&rest_code=00105&code=00101002007&supplier_code=00100442&order_time=2021-06-08 HTTP/1.1" 200 409
116.230.110.80 - - [08/Jun/2021:10:39:35 +0800] "GET /xingrg/words/20210608103201_words.js HTTP/1.1" 304 -
116.230.110.80 - - [08/Jun/2021:10:39:35 +0800] "POST /xingrg/kc/buy/cgsh_order_operate.html HTTP/1.1" 200 8245
116.230.110.80 - - [08/Jun/2021:10:39:35 +0800] "GET /xingrg/javascript/easyui/themes/default/validatebox.css HTTP/1.1" 404 1104
116.230.117.165 - - [08/Jun/2021:10:39:39 +0800] "GET /xingrg/all/function/internal_message.html?_=1623119986774&CODE_STATE=getMsg HTTP/1.1" 200 27
116.224.253.72 - - [08/Jun/2021:10:39:40 +0800] "GET /xingrg/kc/buy/cgsh_order_add.html HTTP/1.1" 200 62055
116.224.253.72 - - [08/Jun/2021:10:39:40 +0800] "POST /xingrg/kc/buy/cgsh_order_operate.html HTTP/1.1" 200 8245
116.224.253.72 - - [08/Jun/2021:10:39:40 +0800] "GET /xingrg/javascript/easyui/themes/default/validatebox.css HTTP/1.1" 404 1104
58.37.225.51 - - [08/Jun/2021:10:39:42 +0800] "GET /xingrg/kc/base/base_main.html HTTP/1.1" 302 -
58.37.225.51 - - [08/Jun/2021:10:39:42 +0800] "GET /xingrg/login.html HTTP/1.1" 200 7641
58.37.225.51 - - [08/Jun/2021:10:39:42 +0800] "GET /xingrg/login.html HTTP/1.1" 200 7641
116.224.253.72 - - [08/Jun/2021:10:39:42 +0800] "GET /xingrg/all/function/internal_message.html?_=1623119983652&CODE_STATE=getMsg HTTP/1.1" 200 27
117.185.32.26 - - [08/Jun/2021:10:39:42 +0800] "GET /xingrg/kc/buy/cgsh_order_operate.html?command=get_materiel&rest_code=00106&code=00101010314&supplier_code=00100323&order_time=2021-06-08 HTTP/1.1" 200 413
58.37.225.51 - - [08/Jun/2021:10:39:42 +0800] "GET /favicon.ico HTTP/1.1" 404 -
116.230.110.80 - - [08/Jun/2021:10:39:43 +0800] "GET /xingrg/all/function/internal_message.html?_=1623119970460&CODE_STATE=getMsg HTTP/1.1" 200 27
222.70.177.90 - - [08/Jun/2021:10:39:43 +0800] "GET /xingrg/kc/buy/cgsh_order_operate.html?command=get_materiel&rest_code=00111&code=00101008137&supplier_code=00100005&order_time=2021-06-08 HTTP/1.1" 200 408
116.230.110.80 - - [08/Jun/2021:10:39:43 +0800] "GET /xingrg/kc/buy/cgsh_order_operate.html?command=get_materiel&rest_code=00155&code=00101010696&supplier_code=00100326&order_time=2021-06-08 HTTP/1.1" 200 398
58.37.225.51 - - [08/Jun/2021:10:39:45 +0800] "POST /xingrg/login.do HTTP/1.1" 302 -
222.70.177.90 - - [08/Jun/2021:10:39:45 +0800] "POST /xingrg/kc/buy/cgsh_order_operate.html HTTP/1.1" 200 2065
58.37.225.51 - - [08/Jun/2021:10:39:45 +0800] "GET /xingrg/index.html?sysBaseUrl=http%3A%2F%2F180.169.147.146%3A18081%2Fxingrg%2F&costTime=1211×tamp=1623119985121 HTTP/1.1" 200 17179
116.224.253.72 - - [08/Jun/2021:10:39:45 +0800] "GET /xingrg/check_reg.html?_=1623119985890 HTTP/1.1" 200 22
58.37.225.51 - - [08/Jun/2021:10:39:45 +0800] "GET /favicon.ico HTTP/1.1" 404 -
58.37.225.51 - - [08/Jun/2021:10:39:45 +0800] "GET /xingrg/check_reg.html?_=1623119928891 HTTP/1.1" 200 22
58.37.225.51 - - [08/Jun/2021:10:39:45 +0800] "GET /xingrg/all/function/internal_message.html?_=1623119928891&CODE_STATE=count HTTP/1.1" 200 11
58.37.225.51 - - [08/Jun/2021:10:39:45 +0800] "POST /xingrg/all/common/load_tree.html?tree=area_rest_tree_json&manage=1 HTTP/1.1" 200 351
58.37.225.51 - - [08/Jun/2021:10:39:45 +0800] "POST /xingrg/load_menu.html HTTP/1.1" 200 5138
114.86.225.21 - - [08/Jun/2021:10:39:46 +0800] "GET /xingrg/all/function/internal_message.html?_=1623119988247&CODE_STATE=getMsg HTTP/1.1" 200 27
114.86.225.21 - - [08/Jun/2021:10:39:46 +0800] "GET /xingrg/check_reg.html?_=1623119988248 HTTP/1.1" 200 22
58.37.225.51 - - [08/Jun/2021:10:39:46 +0800] "GET /xingrg/kc/base/base_main.html HTTP/1.1" 200 12142
116.224.253.72 - - [08/Jun/2021:10:39:47 +0800] "GET /xingrg/kc/buy/cgsh_order_list.html HTTP/1.1" 200 46679
61.165.42.208 - - [08/Jun/2021:10:39:48 +0800] "GET /xingrg/kc/buy/cgsh_order_operate.html?command=get_materiel&rest_code=00105&code=00101001002&supplier_code=00100442&order_time=2021-06-08 HTTP/1.1" 200 413
124.79.241.247 - - [08/Jun/2021:10:39:49 +0800] "POST /xingrg/services/DataTransmitService HTTP/1.1" 200 524
180.161.111.4 - - [08/Jun/2021:10:39:49 +0800] "GET /xingrg/all/function/internal_message.html?_=1623119993485&CODE_STATE=getMsg HTTP/1.1" 200 27
124.79.241.247 - - [08/Jun/2021:10:39:49 +0800] "POST /xingrg/services/DataTransmitService HTTP/1.1" 200 2235
124.79.241.247 - - [08/Jun/2021:10:39:50 +0800] "POST /xingrg/services/DataTransmitService HTTP/1.1" 200 132051
116.230.110.80 - - [08/Jun/2021:10:39:50 +0800] "POST /xingrg/kc/buy/cgsh_order_operate.html HTTP/1.1" 200 37
58.37.225.51 - - [08/Jun/2021:10:39:51 +0800] "GET /xingrg/kc/base/wldb_order_list.html HTTP/1.1" 200 19026
116.230.110.80 - - [08/Jun/2021:10:39:52 +0800] "POST /xingrg/kc/buy/cgsh_order_operate.html HTTP/1.1" 200 2655
58.37.225.51 - - [08/Jun/2021:10:39:52 +0800] "POST /xingrg/kc/base/wldb_list_operate.html HTTP/1.1" 200 928
116.224.253.72 - - [08/Jun/2021:10:39:52 +0800] "POST /xingrg/kc/buy/cgsh_list_operate.html HTTP/1.1" 200 1697
58.40.7.146 - - [08/Jun/2021:10:39:53 +0800] "GET /xingrg/all/function/internal_message.html?_=1623119995207&CODE_STATE=getMsg HTTP/1.1" 200 27
117.185.32.26 - - [08/Jun/2021:10:39:53 +0800] "GET /xingrg/kc/buy/cgsh_order_operate.html?command=get_materiel&rest_code=00106&code=00101007038&supplier_code=00100323&order_time=2021-06-08 HTTP/1.1" 200 441
117.185.32.26 - - [08/Jun/2021:10:39:53 +0800] "GET /xingrg/all/function/internal_message.html?_=1623120528554&CODE_STATE=getMsg HTTP/1.1" 200 27
116.230.110.80 - - [08/Jun/2021:10:39:54 +0800] "GET /xingrg/kc/print/load_data.html?order_code=212021060803513&kc_code=cgsh&condition= HTTP/1.1" 200 679
58.37.225.51 - - [08/Jun/2021:10:39:54 +0800] "GET /xingrg/kc/base/wldb_order_add.html HTTP/1.1" 200 30234
58.37.225.51 - - [08/Jun/2021:10:39:54 +0800] "GET /xingrg/words/20210608103201_words.js HTTP/1.1" 200 820379
58.37.225.51 - - [08/Jun/2021:10:39:54 +0800] "POST /xingrg/kc/base/wldb_order_operate.html HTTP/1.1" 200 6806
58.37.225.51 - - [08/Jun/2021:10:39:54 +0800] "GET /xingrg/all/common/auto_word.html?type=base&rest_code=00141 HTTP/1.1" 200 1753
58.37.225.51 - - [08/Jun/2021:10:39:54 +0800] "GET /xingrg/javascript/easyui/themes/default/validatebox.css HTTP/1.1" 404 1104
58.37.225.51 - - [08/Jun/2021:10:39:54 +0800] "GET /xingrg/all/common/auto_word.html?type=base&rest_code=00141 HTTP/1.1" 200 1753
58.37.225.51 - - [08/Jun/2021:10:39:56 +0800] "GET /xingrg/javascript/auto/indicator.gif HTTP/1.1" 404 1066
61.165.42.208 - - [08/Jun/2021:10:39:56 +0800] "POST /xingrg/kc/buy/cgsh_order_operate.html HTTP/1.1" 200 37
116.224.253.72 - - [08/Jun/2021:10:39:56 +0800] "POST /xingrg/kc/buy/cgsh_list_operate.html HTTP/1.1" 200 285
61.165.42.208 - - [08/Jun/2021:10:39:57 +0800] "POST /xingrg/kc/buy/cgsh_order_operate.html HTTP/1.1" 200 3853
116.224.253.72 - - [08/Jun/2021:10:39:59 +0800] "GET /xingrg/kc/buy/cgsh_order_info.html?code=212021060803478 HTTP/1.1" 200 62070
116.224.253.72 - - [08/Jun/2021:10:39:59 +0800] "GET /xingrg/javascript/easyui/themes/default/validatebox.css HTTP/1.1" 404 1104
116.230.110.80 - - [08/Jun/2021:10:39:59 +0800] "GET /xingrg/kc/buy/cgsh_order_add.html HTTP/1.1" 200 62381
61.165.42.208 - - [08/Jun/2021:10:39:59 +0800] "GET /xingrg/kc/print/load_data.html?order_code=212021060803514&kc_code=cgsh&condition= HTTP/1.1" 200 1131
116.230.110.80 - - [08/Jun/2021:10:39:59 +0800] "POST /xingrg/kc/buy/cgsh_order_operate.html HTTP/1.1" 200 8245
116.230.110.80 - - [08/Jun/2021:10:39:59 +0800] "GET /xingrg/javascript/easyui/themes/default/validatebox.css HTTP/1.1" 404 1104
116.224.253.72 - - [08/Jun/2021:10:40:00 +0800] "POST /xingrg/kc/buy/cgsh_order_operate.html HTTP/1.1" 200 3285
58.37.225.51 - - [08/Jun/2021:10:40:02 +0800] "GET /xingrg/javascript/jquery_tools/images/prev.gif HTTP/1.1" 404 1086
58.37.225.51 - - [08/Jun/2021:10:40:02 +0800] "GET /xingrg/javascript/jquery_tools/images/next.gif HTTP/1.1" 404 1086
222.69.129.148 - - [08/Jun/2021:10:40:03 +0800] "GET /xingrg/all/function/internal_message.html?_=1623120004293&CODE_STATE=getMsg HTTP/1.1" 200 27
222.69.129.148 - - [08/Jun/2021:10:40:03 +0800] "GET /xingrg/check_reg.html?_=1623120004295 HTTP/1.1" 200 22
61.165.42.208 - - [08/Jun/2021:10:40:04 +0800] "GET /xingrg/kc/buy/cgsh_order_add.html HTTP/1.1" 200 62460
61.165.42.208 - - [08/Jun/2021:10:40:04 +0800] "GET /xingrg/javascript/easyui/themes/default/validatebox.css HTTP/1.1" 404 1104
61.165.42.208 - - [08/Jun/2021:10:40:04 +0800] "POST /xingrg/kc/buy/cgsh_order_operate.html HTTP/1.1" 200 8245
116.224.253.72 - - [08/Jun/2021:10:40:06 +0800] "GET /xingrg/kc/buy/cgsh_order_operate.html?command=get_materiel&rest_code=00151&code=00101010703&supplier_code=00100266&order_time=2021-06-08 HTTP/1.1" 200 402
116.230.110.80 - - [08/Jun/2021:10:40:06 +0800] "GET /xingrg/kc/buy/cgsh_order_operate.html?command=get_materiel&rest_code=00155&code=00101008553&supplier_code=00100327&order_time=2021-06-08 HTTP/1.1" 200 392
222.70.177.90 - - [08/Jun/2021:10:40:06 +0800] "GET /xingrg/all/function/internal_message.html?_=1623120006640&CODE_STATE=getMsg HTTP/1.1" 200 27
116.235.222.38 - - [08/Jun/2021:10:40:07 +0800] "GET /xingrg/all/function/internal_message.html?_=1623120006682&CODE_STATE=getMsg HTTP/1.1" 200 27
58.37.225.51 - - [08/Jun/2021:10:40:08 +0800] "GET /xingrg/kc/base/wldb_order_operate.html?command=get_materiel&rest_code=00141&base_code=0010381&code=00101003003 HTTP/1.1" 200 437
180.169.147.146 - - [08/Jun/2021:10:40:09 +0800] "GET /xingrg/all/function/internal_message.html?_=1623120011574&CODE_STATE=getMsg HTTP/1.1" 302 -
180.169.147.146 - - [08/Jun/2021:10:40:10 +0800] "GET /xingrg/all/function/internal_message.html?_=1623120011019&CODE_STATE=getMsg HTTP/1.1" 200 27
116.230.110.80 - - [08/Jun/2021:10:40:13 +0800] "POST /xingrg/kc/buy/cgsh_order_operate.html HTTP/1.1" 200 37
117.185.32.26 - - [08/Jun/2021:10:40:13 +0800] "GET /xingrg/all/function/internal_message.html?_=1623120009232&CODE_STATE=getMsg HTTP/1.1" 200 27
117.185.32.26 - - [08/Jun/2021:10:40:13 +0800] "GET /xingrg/check_reg.html?_=1623120009235 HTTP/1.1" 200 22
116.224.253.72 - - [08/Jun/2021:10:40:13 +0800] "GET /xingrg/all/function/internal_message.html?_=1623120013650&CODE_STATE=getMsg HTTP/1.1" 200 27
116.230.110.80 - - [08/Jun/2021:10:40:14 +0800] "POST /xingrg/kc/buy/cgsh_order_operate.html HTTP/1.1" 200 2651
114.86.187.76 - - [08/Jun/2021:10:40:15 +0800] "GET /xingrg/all/function/internal_message.html?_=1623120021856&CODE_STATE=getMsg HTTP/1.1" 200 27
116.230.110.80 - - [08/Jun/2021:10:40:15 +0800] "GET /xingrg/kc/print/load_data.html?order_code=212021060803515&kc_code=cgsh&condition= HTTP/1.1" 200 670
61.165.42.208 - - [08/Jun/2021:10:40:19 +0800] "GET /xingrg/kc/buy/cgsh_order_operate.html?command=get_materiel&rest_code=00105&code=00101010522&supplier_code=00100337&order_time=2021-06-08 HTTP/1.1" 200 408
61.165.42.208 - - [08/Jun/2021:10:40:20 +0800] "GET /xingrg/all/function/internal_message.html?_=1623120022586&CODE_STATE=getMsg HTTP/1.1" 200 27
116.230.110.80 - - [08/Jun/2021:10:40:20 +0800] "GET /xingrg/kc/buy/cgsh_order_add.html HTTP/1.1" 200 62381
116.230.110.80 - - [08/Jun/2021:10:40:20 +0800] "GET /xingrg/words/20210608103201_words.js HTTP/1.1" 304 -
116.230.110.80 - - [08/Jun/2021:10:40:21 +0800] "POST /xingrg/kc/buy/cgsh_order_operate.html HTTP/1.1" 200 8245
116.230.110.80 - - [08/Jun/2021:10:40:21 +0800] "GET /xingrg/javascript/easyui/themes/default/validatebox.css HTTP/1.1" 404 1104
180.169.147.146 - - [08/Jun/2021:10:40:22 +0800] "GET /xingrg/all/function/internal_message.html?_=1623120025344&CODE_STATE=getMsg HTTP/1.1" 200 27
117.185.32.26 - - [08/Jun/2021:10:40:24 +0800] "POST /xingrg/kc/buy/cgsh_order_operate.html HTTP/1.1" 200 37
124.79.241.247 - - [08/Jun/2021:10:40:24 +0800] "POST /xingrg/services/DataTransmitService HTTP/1.1" 200 524
58.37.225.51 - - [08/Jun/2021:10:40:24 +0800] "POST /xingrg/kc/base/wldb_order_operate.html HTTP/1.1" 200 37
58.37.225.51 - - [08/Jun/2021:10:40:25 +0800] "POST /xingrg/kc/base/wldb_order_operate.html HTTP/1.1" 200 2187
116.230.110.80 - - [08/Jun/2021:10:40:27 +0800] "GET /xingrg/kc/buy/cgsh_order_operate.html?command=get_materiel&rest_code=00155&code=00101001168&supplier_code=00100313&order_time=2021-06-08 HTTP/1.1" 200 414
180.169.147.146 - - [08/Jun/2021:10:40:30 +0800] "GET /xingrg/all/function/internal_message.html?_=1623120031190&CODE_STATE=getMsg HTTP/1.1" 200 27
58.37.225.51 - - [08/Jun/2021:10:40:32 +0800] "POST /xingrg/kc/base/wldb_order_operate.html HTTP/1.1" 200 12
58.37.225.51 - - [08/Jun/2021:10:40:36 +0800] "GET /xingrg/kc/base/wldb_order_info.html?code=422021060800849 HTTP/1.1" 200 26110
58.37.225.51 - - [08/Jun/2021:10:40:36 +0800] "GET /xingrg/javascript/easyui/themes/default/validatebox.css HTTP/1.1" 404 1104
58.37.225.51 - - [08/Jun/2021:10:40:36 +0800] "POST /xingrg/kc/base/wldb_order_operate.html HTTP/1.1" 200 480
61.165.42.208 - - [08/Jun/2021:10:40:37 +0800] "POST /xingrg/kc/buy/cgsh_order_operate.html HTTP/1.1" 200 37
116.230.117.165 - - [08/Jun/2021:10:40:39 +0800] "GET /xingrg/all/function/internal_message.html?_=1623120046985&CODE_STATE=getMsg HTTP/1.1" 200 27
116.224.253.72 - - [08/Jun/2021:10:40:40 +0800] "POST /xingrg/kc/buy/cgsh_order_operate.html HTTP/1.1" 200 37
61.165.42.208 - - [08/Jun/2021:10:40:40 +0800] "POST /xingrg/kc/buy/cgsh_order_operate.html HTTP/1.1" 200 2660
116.230.110.80 - - [08/Jun/2021:10:40:40 +0800] "GET /xingrg/kc/buy/cgsh_order_operate.html?command=get_materiel&rest_code=00155&code=00101001170&supplier_code=00100313&order_time=2021-06-08 HTTP/1.1" 200 415
58.37.225.51 - - [08/Jun/2021:10:40:41 +0800] "GET /xingrg/kc/print/load_config.html?kc_code=wldb HTTP/1.1" 200 2173
116.224.253.72 - - [08/Jun/2021:10:40:42 +0800] "GET /xingrg/all/function/internal_message.html?_=1623120043624&CODE_STATE=getMsg HTTP/1.1" 200 27
61.165.42.208 - - [08/Jun/2021:10:40:42 +0800] "GET /xingrg/kc/print/load_data.html?order_code=212021060803517&kc_code=cgsh&condition= HTTP/1.1" 200 672
58.37.225.51 - - [08/Jun/2021:10:40:42 +0800] "GET /xingrg/kc/print/load_data.html?order_code=422021060800849&kc_code=wldb&condition= HTTP/1.1" 200 588
116.230.110.80 - - [08/Jun/2021:10:40:43 +0800] "GET /xingrg/check_reg.html?_=1623120030455 HTTP/1.1" 200 22
116.230.110.80 - - [08/Jun/2021:10:40:43 +0800] "GET /xingrg/all/function/internal_message.html?_=1623120030459&CODE_STATE=getMsg HTTP/1.1" 200 27
117.185.32.26 - - [08/Jun/2021:10:40:44 +0800] "POST /xingrg/kc/buy/cgsh_order_operate.html HTTP/1.1" 200 12
58.37.225.51 - - [08/Jun/2021:10:40:45 +0800] "GET /xingrg/all/function/internal_message.html?_=1623119988894&CODE_STATE=getMsg HTTP/1.1" 200 27
114.86.225.21 - - [08/Jun/2021:10:40:46 +0800] "GET /xingrg/all/function/internal_message.html?_=1623120048246&CODE_STATE=getMsg HTTP/1.1" 200 27
180.161.111.4 - - [08/Jun/2021:10:40:47 +0800] "GET /xingrg/kc/buy/cgsh_order_operate.html?command=get_materiel&rest_code=00102&code=00101008350&supplier_code=00100008&order_time=2021-06-08 HTTP/1.1" 200 408
61.165.42.208 - - [08/Jun/2021:10:40:48 +0800] "GET /xingrg/kc/buy/cgsh_order_add.html HTTP/1.1" 200 62460
61.165.42.208 - - [08/Jun/2021:10:40:49 +0800] "POST /xingrg/kc/buy/cgsh_order_operate.html HTTP/1.1" 200 8245
61.165.42.208 - - [08/Jun/2021:10:40:49 +0800] "GET /xingrg/javascript/easyui/themes/default/validatebox.css HTTP/1.1" 404 1104
180.161.111.4 - - [08/Jun/2021:10:40:49 +0800] "GET /xingrg/check_reg.html?_=1623120053268 HTTP/1.1" 200 22
180.161.111.4 - - [08/Jun/2021:10:40:49 +0800] "GET /xingrg/all/function/internal_message.html?_=1623120053498&CODE_STATE=getMsg HTTP/1.1" 200 27
116.224.253.72 - - [08/Jun/2021:10:40:50 +0800] "POST /xingrg/kc/buy/cgsh_order_operate.html HTTP/1.1" 200 12
117.185.32.26 - - [08/Jun/2021:10:40:51 +0800] "GET /xingrg/kc/buy/cgsh_order_info.html?code=212021060803516 HTTP/1.1" 200 57318
117.185.32.26 - - [08/Jun/2021:10:40:51 +0800] "GET /xingrg/words/20210608103201_words.js HTTP/1.1" 304 -
117.185.32.26 - - [08/Jun/2021:10:40:51 +0800] "GET /xingrg/javascript/easyui/themes/default/validatebox.css HTTP/1.1" 404 1104
117.185.32.26 - - [08/Jun/2021:10:40:52 +0800] "POST /xingrg/kc/buy/cgsh_order_operate.html HTTP/1.1" 200 3582
58.40.7.146 - - [08/Jun/2021:10:40:53 +0800] "GET /xingrg/all/function/internal_message.html?_=1623120055210&CODE_STATE=getMsg HTTP/1.1" 200 27
58.40.7.146 - - [08/Jun/2021:10:40:53 +0800] "GET /xingrg/check_reg.html?_=1623120055211 HTTP/1.1" 200 22
180.161.111.4 - - [08/Jun/2021:10:40:53 +0800] "GET /xingrg/kc/buy/cgsh_order_operate.html?command=get_materiel&rest_code=00102&code=00101008149&supplier_code=00100008&order_time=2021-06-08 HTTP/1.1" 200 408
117.185.32.26 - - [08/Jun/2021:10:40:53 +0800] "GET /xingrg/all/function/internal_message.html?_=1623120588539&CODE_STATE=getMsg HTTP/1.1" 200 27
116.230.110.80 - - [08/Jun/2021:10:40:56 +0800] "GET /xingrg/kc/buy/cgsh_order_operate.html?command=get_materiel&rest_code=00155&code=00101001096&supplier_code=00100313&order_time=2021-06-08 HTTP/1.1" 200 413
117.185.32.26 - - [08/Jun/2021:10:40:57 +0800] "GET /xingrg/kc/print/load_data.html?order_code=212021060803516&kc_code=cgsh&condition= HTTP/1.1" 200 1860
116.224.253.72 - - [08/Jun/2021:10:40:57 +0800] "GET /xingrg/kc/buy/cgsh_order_info.html?code=212021060803478 HTTP/1.1" 200 56963
116.224.253.72 - - [08/Jun/2021:10:40:57 +0800] "GET /xingrg/words/20210608103201_words.js HTTP/1.1" 304 -
116.224.253.72 - - [08/Jun/2021:10:40:57 +0800] "GET /xingrg/javascript/easyui/themes/default/validatebox.css HTTP/1.1" 404 1104
116.224.253.72 - - [08/Jun/2021:10:40:58 +0800] "POST /xingrg/kc/buy/cgsh_order_operate.html HTTP/1.1" 200 1844
116.224.253.72 - - [08/Jun/2021:10:41:00 +0800] "GET /xingrg/kc/print/load_data.html?order_code=212021060803478&kc_code=cgsh&condition= HTTP/1.1" 200 1205
180.161.111.4 - - [08/Jun/2021:10:41:00 +0800] "GET /xingrg/kc/buy/cgsh_order_operate.html?command=get_materiel&rest_code=00102&code=00101008038&supplier_code=00100008&order_time=2021-06-08 HTTP/1.1" 200 412
117.131.5.26 - - [08/Jun/2021:10:41:01 +0800] "POST /xingrg/services/DataTransmitService HTTP/1.1" 401 565
222.70.177.90 - - [08/Jun/2021:10:41:01 +0800] "GET /xingrg/kc/buy/cgsh_order_operate.html?command=get_materiel&rest_code=00111&code=00101008196&supplier_code=00100005&order_time=2021-06-08 HTTP/1.1" 200 416
117.131.5.26 - - [08/Jun/2021:10:41:01 +0800] "POST /xingrg/services/DataTransmitService HTTP/1.1" 200 478
117.131.5.26 - - [08/Jun/2021:10:41:01 +0800] "POST /xingrg/services/DataTransmitService HTTP/1.1" 200 1320
117.131.5.26 - - [08/Jun/2021:10:41:02 +0800] "POST /xingrg/services/DataTransmitService HTTP/1.1" 200 478
117.131.5.26 - - [08/Jun/2021:10:41:02 +0800] "POST /xingrg/services/DataTransmitService HTTP/1.1" 200 1320
116.230.110.80 - - [08/Jun/2021:10:41:02 +0800] "GET /xingrg/kc/buy/cgsh_order_operate.html?command=get_materiel&rest_code=00155&code=00102026001&supplier_code=00100313&order_time=2021-06-08 HTTP/1.1" 200 409
222.69.129.148 - - [08/Jun/2021:10:41:03 +0800] "GET /xingrg/all/function/internal_message.html?_=1623120064310&CODE_STATE=getMsg HTTP/1.1" 200 27
117.185.32.26 - - [08/Jun/2021:10:41:04 +0800] "GET /xingrg/kc/buy/cgsh_order_add.html HTTP/1.1" 200 62413
61.165.42.208 - - [08/Jun/2021:10:41:05 +0800] "GET /xingrg/kc/buy/cgsh_order_operate.html?command=get_materiel&rest_code=00105&code=00101006185&supplier_code=00100323&order_time=2021-06-08 HTTP/1.1" 200 419
117.185.32.26 - - [08/Jun/2021:10:41:05 +0800] "POST /xingrg/kc/buy/cgsh_order_operate.html HTTP/1.1" 200 8245
117.185.32.26 - - [08/Jun/2021:10:41:05 +0800] "GET /xingrg/javascript/easyui/themes/default/validatebox.css HTTP/1.1" 404 1104
180.161.111.4 - - [08/Jun/2021:10:41:06 +0800] "GET /xingrg/kc/buy/cgsh_order_operate.html?command=get_materiel&rest_code=00102&code=00101008358&supplier_code=00100008&order_time=2021-06-08 HTTP/1.1" 200 412
222.70.177.90 - - [08/Jun/2021:10:41:06 +0800] "GET /xingrg/check_reg.html?_=1623120066650 HTTP/1.1" 200 22
222.70.177.90 - - [08/Jun/2021:10:41:06 +0800] "GET /xingrg/all/function/internal_message.html?_=1623120066678&CODE_STATE=getMsg HTTP/1.1" 200 27
117.185.32.26 - - [08/Jun/2021:10:41:06 +0800] "GET /xingrg/javascript/easyui/themes/default/tree.css HTTP/1.1" 404 1090
116.235.222.38 - - [08/Jun/2021:10:41:07 +0800] "GET /xingrg/all/function/internal_message.html?_=1623120066690&CODE_STATE=getMsg HTTP/1.1" 200 27
117.185.32.26 - - [08/Jun/2021:10:41:07 +0800] "POST /xingrg/all/common/load_tree.html?tree=supplier_tree_json&isDelete=1 HTTP/1.1" 200 56016
180.169.147.146 - - [08/Jun/2021:10:41:09 +0800] "GET /xingrg/all/function/internal_message.html?_=1623120071592&CODE_STATE=getMsg HTTP/1.1" 302 -
116.224.253.72 - - [08/Jun/2021:10:41:09 +0800] "POST /xingrg/all/user/operate.html HTTP/1.1" 200 36
116.224.253.72 - - [08/Jun/2021:10:41:10 +0800] "GET /xingrg/index.html?sysBaseUrl=http%3A%2F%2F180.169.147.146%3A18081%2Fxingrg%2F&costTime=2272×tamp=1623040031997 HTTP/1.1" 200 17179
116.224.253.72 - - [08/Jun/2021:10:41:10 +0800] "GET /xingrg/javascript/jquery_easy_ui/themes/default/easyui.css HTTP/1.1" 304 -
116.224.253.72 - - [08/Jun/2021:10:41:10 +0800] "GET /xingrg/javascript/jquery_easy_ui/themes/icon.css HTTP/1.1" 304 -
116.224.253.72 - - [08/Jun/2021:10:41:10 +0800] "GET /xingrg/css/form.css HTTP/1.1" 304 -
116.224.253.72 - - [08/Jun/2021:10:41:10 +0800] "GET /xingrg/javascript/jquery-1.4.2.min.js HTTP/1.1" 304 -
116.224.253.72 - - [08/Jun/2021:10:41:10 +0800] "GET /xingrg/javascript/jquery_easy_ui/jquery.easyui.min.js HTTP/1.1" 304 -
116.224.253.72 - - [08/Jun/2021:10:41:10 +0800] "GET /xingrg/javascript/jquery_easy_ui/easyui-lang-zh_CN.js HTTP/1.1" 304 -
116.224.253.72 - - [08/Jun/2021:10:41:10 +0800] "GET /xingrg/javascript/jquery.form.js HTTP/1.1" 304 -
116.224.253.72 - - [08/Jun/2021:10:41:10 +0800] "GET /xingrg/javascript/jquery.utils.js HTTP/1.1" 304 -
116.224.253.72 - - [08/Jun/2021:10:41:10 +0800] "GET /xingrg/javascript/jquery.timers.js HTTP/1.1" 304 -
116.224.253.72 - - [08/Jun/2021:10:41:10 +0800] "GET /xingrg/images/blue/jxLogo.png HTTP/1.1" 304 -
116.224.253.72 - - [08/Jun/2021:10:41:10 +0800] "GET /xingrg/images/blue/navBackgound.jpg HTTP/1.1" 304 -
116.224.253.72 - - [08/Jun/2021:10:41:10 +0800] "GET /xingrg/javascript/jquery_easy_ui/themes/icons/settle_new.png HTTP/1.1" 304 -
116.224.253.72 - - [08/Jun/2021:10:41:10 +0800] "GET /xingrg/all/function/internal_message.html?_=1623120071501&CODE_STATE=count HTTP/1.1" 200 11
116.224.253.72 - - [08/Jun/2021:10:41:10 +0800] "GET /xingrg/check_reg.html?_=1623120071501 HTTP/1.1" 200 22
116.224.253.72 - - [08/Jun/2021:10:41:10 +0800] "GET /xingrg/images/blue/pingpu.png HTTP/1.1" 304 -
116.224.253.72 - - [08/Jun/2021:10:41:10 +0800] "GET /xingrg/javascript/jquery_easy_ui/themes/default/images/tabs_leftarrow.png HTTP/1.1" 304 -
116.224.253.72 - - [08/Jun/2021:10:41:10 +0800] "GET /xingrg/javascript/jquery_easy_ui/themes/default/images/tabs_rightarrow.png HTTP/1.1" 304 -
116.224.253.72 - - [08/Jun/2021:10:41:10 +0800] "GET /xingrg/javascript/jquery_easy_ui/themes/default/images/panel_tool_collapse.gif HTTP/1.1" 304 -
116.224.253.72 - - [08/Jun/2021:10:41:10 +0800] "POST /xingrg/all/common/load_tree.html?tree=area_rest_tree_json&manage=1 HTTP/1.1" 200 476
116.224.253.72 - - [08/Jun/2021:10:41:10 +0800] "POST /xingrg/load_menu.html HTTP/1.1" 200 5138
180.169.147.146 - - [08/Jun/2021:10:41:10 +0800] "GET /xingrg/all/function/internal_message.html?_=1623120071020&CODE_STATE=getMsg HTTP/1.1" 200 27
180.161.111.4 - - [08/Jun/2021:10:41:11 +0800] "GET /xingrg/kc/buy/cgsh_order_operate.html?command=get_materiel&rest_code=00102&code=00101008361&supplier_code=00100008&order_time=2021-06-08 HTTP/1.1" 200 408
116.230.110.80 - - [08/Jun/2021:10:41:11 +0800] "GET /xingrg/kc/buy/cgsh_order_operate.html?command=get_materiel&rest_code=00155&code=00101001016&supplier_code=00100313&order_time=2021-06-08 HTTP/1.1" 200 433
222.70.177.90 - - [08/Jun/2021:10:41:12 +0800] "GET /xingrg/kc/buy/cgsh_order_operate.html?command=get_materiel&rest_code=00111&code=00101008286&supplier_code=00100005&order_time=2021-06-08 HTTP/1.1" 200 408
117.185.32.26 - - [08/Jun/2021:10:41:13 +0800] "GET /xingrg/all/function/internal_message.html?_=1623120069239&CODE_STATE=getMsg HTTP/1.1" 200 27
116.224.253.72 - - [08/Jun/2021:10:41:13 +0800] "GET /xingrg/all/function/internal_message.html?_=1623120073662&CODE_STATE=getMsg HTTP/1.1" 200 27
120.204.17.72 - - [08/Jun/2021:10:41:13 +0800] "GET /xingrg/check_reg.html?_=1623120009235 HTTP/1.1" 302 -
116.224.253.72 - - [08/Jun/2021:10:41:13 +0800] "GET /xingrg/kc/buy/cgsh_order_list.html HTTP/1.1" 200 46681
120.204.17.72 - - [08/Jun/2021:10:41:13 +0800] "GET /xingrg/login.html HTTP/1.1" 200 7641
116.224.253.72 - - [08/Jun/2021:10:41:15 +0800] "POST /xingrg/kc/buy/cgsh_list_operate.html HTTP/1.1" 200 876
114.86.187.76 - - [08/Jun/2021:10:41:15 +0800] "GET /xingrg/all/function/internal_message.html?_=1623120081853&CODE_STATE=getMsg HTTP/1.1" 200 27
116.224.253.72 - - [08/Jun/2021:10:41:17 +0800] "GET /xingrg/kc/buy/cgsh_order_add.html HTTP/1.1" 200 62337
116.224.253.72 - - [08/Jun/2021:10:41:17 +0800] "POST /xingrg/kc/buy/cgsh_order_operate.html HTTP/1.1" 200 8245
116.224.253.72 - - [08/Jun/2021:10:41:17 +0800] "GET /xingrg/javascript/easyui/themes/default/validatebox.css HTTP/1.1" 404 1104
180.161.111.4 - - [08/Jun/2021:10:41:19 +0800] "GET /xingrg/kc/buy/cgsh_order_operate.html?command=get_materiel&rest_code=00102&code=00101008355&supplier_code=00100008&order_time=2021-06-08 HTTP/1.1" 200 408
61.165.42.208 - - [08/Jun/2021:10:41:20 +0800] "GET /xingrg/all/function/internal_message.html?_=1623120082557&CODE_STATE=getMsg HTTP/1.1" 200 27
117.131.5.26 - - [08/Jun/2021:10:41:21 +0800] "POST /xingrg/services/DataTransmitService HTTP/1.1" 200 524
124.79.241.247 - - [08/Jun/2021:10:41:21 +0800] "POST /xingrg/services/DataTransmitService HTTP/1.1" 200 496
180.169.147.146 - - [08/Jun/2021:10:41:22 +0800] "GET /xingrg/check_reg.html?_=1623120085341 HTTP/1.1" 200 22
180.169.147.146 - - [08/Jun/2021:10:41:22 +0800] "GET /xingrg/all/function/internal_message.html?_=1623120085345&CODE_STATE=getMsg HTTP/1.1" 200 27
117.131.5.26 - - [08/Jun/2021:10:41:23 +0800] "POST /xingrg/services/DataTransmitService HTTP/1.1" 200 2235
117.131.5.26 - - [08/Jun/2021:10:41:23 +0800] "POST /xingrg/services/DataTransmitService HTTP/1.1" 200 45454
117.131.5.26 - - [08/Jun/2021:10:41:23 +0800] "POST /xingrg/services/DataTransmitService HTTP/1.1" 200 19237
180.161.111.4 - - [08/Jun/2021:10:41:25 +0800] "POST /xingrg/kc/buy/cgsh_order_operate.html HTTP/1.1" 200 37
61.165.42.208 - - [08/Jun/2021:10:41:26 +0800] "GET /xingrg/kc/buy/cgsh_order_operate.html?command=get_materiel&rest_code=00105&code=00101010315&supplier_code=00100323&order_time=2021-06-08 HTTP/1.1" 200 420
180.161.111.4 - - [08/Jun/2021:10:41:27 +0800] "POST /xingrg/kc/buy/cgsh_order_operate.html HTTP/1.1" 200 6182
117.131.5.26 - - [08/Jun/2021:10:41:28 +0800] "POST /xingrg/services/DataTransmitService HTTP/1.1" 200 524
180.161.111.4 - - [08/Jun/2021:10:41:30 +0800] "GET /xingrg/kc/buy/cgsh_order_add.html HTTP/1.1" 200 62378
180.169.147.146 - - [08/Jun/2021:10:41:30 +0800] "GET /xingrg/all/function/internal_message.html?_=1623120091179&CODE_STATE=getMsg HTTP/1.1" 200 27
180.169.147.146 - - [08/Jun/2021:10:41:30 +0800] "GET /xingrg/check_reg.html?_=1623120091185 HTTP/1.1" 200 22
180.161.111.4 - - [08/Jun/2021:10:41:30 +0800] "POST /xingrg/kc/buy/cgsh_order_operate.html HTTP/1.1" 200 8245
180.161.111.4 - - [08/Jun/2021:10:41:30 +0800] "GET /xingrg/javascript/easyui/themes/default/validatebox.css HTTP/1.1" 404 1104
116.230.110.80 - - [08/Jun/2021:10:41:32 +0800] "POST /xingrg/kc/buy/cgsh_order_operate.html HTTP/1.1" 200 37
117.185.32.26 - - [08/Jun/2021:10:41:33 +0800] "GET /xingrg/kc/buy/cgsh_order_operate.html?command=get_materiel&rest_code=00106&code=00101004060&supplier_code=00100313&order_time=2021-06-08 HTTP/1.1" 200 413
222.70.177.90 - - [08/Jun/2021:10:41:33 +0800] "GET /xingrg/kc/buy/cgsh_order_operate.html?command=get_materiel&rest_code=00111&code=00101008109&supplier_code=00100005&order_time=2021-06-08 HTTP/1.1" 200 413
116.230.110.80 - - [08/Jun/2021:10:41:33 +0800] "POST /xingrg/kc/buy/cgsh_order_operate.html HTTP/1.1" 200 5629
116.230.110.80 - - [08/Jun/2021:10:41:34 +0800] "GET /xingrg/kc/print/load_data.html?order_code=212021060803519&kc_code=cgsh&condition= HTTP/1.1" 200 1823
222.70.177.90 - - [08/Jun/2021:10:41:36 +0800] "POST /xingrg/kc/buy/cgsh_order_operate.html HTTP/1.1" 200 2065
116.230.117.165 - - [08/Jun/2021:10:41:39 +0800] "GET /xingrg/all/function/internal_message.html?_=1623120106989&CODE_STATE=getMsg HTTP/1.1" 200 27
116.230.110.80 - - [08/Jun/2021:10:41:40 +0800] "GET /xingrg/kc/buy/cgsh_order_add.html HTTP/1.1" 200 62381
116.230.110.80 - - [08/Jun/2021:10:41:41 +0800] "GET /xingrg/words/20210608103201_words.js HTTP/1.1" 304 -
116.230.110.80 - - [08/Jun/2021:10:41:41 +0800] "POST /xingrg/kc/buy/cgsh_order_operate.html HTTP/1.1" 200 8245
116.230.110.80 - - [08/Jun/2021:10:41:41 +0800] "GET /xingrg/javascript/easyui/themes/default/validatebox.css HTTP/1.1" 404 1104
116.230.110.80 - - [08/Jun/2021:10:41:43 +0800] "GET /xingrg/all/function/internal_message.html?_=1623120090458&CODE_STATE=getMsg HTTP/1.1" 200 27
222.70.177.90 - - [08/Jun/2021:10:41:43 +0800] "GET /xingrg/kc/buy/cgsh_order_operate.html?command=get_materiel&rest_code=00111&code=00101008101&supplier_code=00100005&order_time=2021-06-08 HTTP/1.1" 200 414
58.37.225.51 - - [08/Jun/2021:10:41:45 +0800] "GET /xingrg/all/function/internal_message.html?_=1623120048895&CODE_STATE=getMsg HTTP/1.1" 200 27
116.230.110.80 - - [08/Jun/2021:10:41:46 +0800] "POST /xingrg/all/common/load_combo.html?type=employee HTTP/1.1" 200 365
114.86.225.21 - - [08/Jun/2021:10:41:46 +0800] "GET /xingrg/all/function/internal_message.html?_=1623120108248&CODE_STATE=getMsg HTTP/1.1" 200 27
180.161.111.4 - - [08/Jun/2021:10:41:46 +0800] "GET /xingrg/kc/buy/cgsh_order_operate.html?command=get_materiel&rest_code=00102&code=00101008132&supplier_code=00100008&order_time=2021-06-08 HTTP/1.1" 200 408
180.161.111.4 - - [08/Jun/2021:10:41:49 +0800] "GET /xingrg/all/function/internal_message.html?_=1623120113561&CODE_STATE=getMsg HTTP/1.1" 200 27
180.161.111.4 - - [08/Jun/2021:10:41:52 +0800] "GET /xingrg/kc/buy/cgsh_order_operate.html?command=get_materiel&rest_code=00102&code=00101008244&supplier_code=00100008&order_time=2021-06-08 HTTP/1.1" 200 408
58.40.7.146 - - [08/Jun/2021:10:41:53 +0800] "GET /xingrg/all/function/internal_message.html?_=1623120115214&CODE_STATE=getMsg HTTP/1.1" 200 27
116.230.110.80 - - [08/Jun/2021:10:41:53 +0800] "GET /xingrg/kc/buy/cgsh_order_operate.html?command=get_materiel&rest_code=00155&code=00101001045&supplier_code=00100439&order_time=2021-06-08 HTTP/1.1" 200 421
117.185.32.26 - - [08/Jun/2021:10:41:53 +0800] "GET /xingrg/all/function/internal_message.html?_=1623120648521&CODE_STATE=getMsg HTTP/1.1" 200 27
117.185.32.26 - - [08/Jun/2021:10:41:54 +0800] "GET /xingrg/kc/buy/cgsh_order_operate.html?command=get_materiel&rest_code=00106&code=00101001016&supplier_code=00100313&order_time=2021-06-08 HTTP/1.1" 200 434
180.161.111.4 - - [08/Jun/2021:10:41:58 +0800] "GET /xingrg/kc/buy/cgsh_order_operate.html?command=get_materiel&rest_code=00102&code=00101008186&supplier_code=00100008&order_time=2021-06-08 HTTP/1.1" 200 408
61.165.42.208 - - [08/Jun/2021:10:42:00 +0800] "GET /xingrg/kc/buy/cgsh_order_operate.html?command=get_materiel&rest_code=00105&code=00101006259&supplier_code=00100323&order_time=2021-06-08 HTTP/1.1" 200 394
180.161.111.4 - - [08/Jun/2021:10:42:02 +0800] "GET /xingrg/kc/buy/cgsh_order_operate.html?command=get_materiel&rest_code=00102&code=00101008224&supplier_code=00100008&order_time=2021-06-08 HTTP/1.1" 200 416
222.69.129.148 - - [08/Jun/2021:10:42:03 +0800] "GET /xingrg/all/function/internal_message.html?_=1623120124304&CODE_STATE=getMsg HTTP/1.1" 200 27
116.230.110.80 - - [08/Jun/2021:10:42:05 +0800] "POST /xingrg/kc/buy/cgsh_order_operate.html HTTP/1.1" 200 37
117.131.5.26 - - [08/Jun/2021:10:42:05 +0800] "POST /xingrg/services/DataTransmitService HTTP/1.1" 200 501
116.230.110.80 - - [08/Jun/2021:10:42:06 +0800] "POST /xingrg/kc/buy/cgsh_order_operate.html HTTP/1.1" 200 2668
61.165.42.208 - - [08/Jun/2021:10:42:06 +0800] "GET /xingrg/kc/buy/cgsh_order_operate.html?command=get_materiel&rest_code=00105&code=00101006159&supplier_code=00100323&order_time=2021-06-08 HTTP/1.1" 200 417
222.70.177.90 - - [08/Jun/2021:10:42:06 +0800] "GET /xingrg/all/function/internal_message.html?_=1623120126672&CODE_STATE=getMsg HTTP/1.1" 200 27
116.235.222.38 - - [08/Jun/2021:10:42:07 +0800] "GET /xingrg/all/function/internal_message.html?_=1623120126687&CODE_STATE=getMsg HTTP/1.1" 200 27
116.230.110.80 - - [08/Jun/2021:10:42:07 +0800] "GET /xingrg/kc/print/load_data.html?order_code=212021060803520&kc_code=cgsh&condition= HTTP/1.1" 200 699
180.169.147.146 - - [08/Jun/2021:10:42:09 +0800] "GET /xingrg/all/function/internal_message.html?_=1623120131579&CODE_STATE=getMsg HTTP/1.1" 302 -
116.224.253.72 - - [08/Jun/2021:10:42:10 +0800] "GET /xingrg/all/function/internal_message.html?_=1623120131519&CODE_STATE=getMsg HTTP/1.1" 200 27
180.169.147.146 - - [08/Jun/2021:10:42:10 +0800] "GET /xingrg/all/function/internal_message.html?_=1623120131018&CODE_STATE=getMsg HTTP/1.1" 200 27
117.185.32.26 - - [08/Jun/2021:10:42:12 +0800] "GET /xingrg/kc/buy/cgsh_order_operate.html?command=get_materiel&rest_code=00106&code=00101002058&supplier_code=00100313&order_time=2021-06-08 HTTP/1.1" 200 396
183.192.164.97 - - [08/Jun/2021:10:42:13 +0800] "GET /xingrg/all/function/internal_message.html?_=1623120069239&CODE_STATE=getMsg HTTP/1.1" 302 -
117.185.32.26 - - [08/Jun/2021:10:42:13 +0800] "GET /xingrg/all/function/internal_message.html?_=1623120129240&CODE_STATE=getMsg HTTP/1.1" 200 27
116.224.253.72 - - [08/Jun/2021:10:42:13 +0800] "GET /xingrg/all/function/internal_message.html?_=1623120133700&CODE_STATE=getMsg HTTP/1.1" 200 27
183.192.164.97 - - [08/Jun/2021:10:42:13 +0800] "GET /xingrg/login.html HTTP/1.1" 200 7641
116.230.110.80 - - [08/Jun/2021:10:42:14 +0800] "GET /xingrg/kc/buy/cgsh_order_add.html HTTP/1.1" 200 62381
222.70.177.90 - - [08/Jun/2021:10:42:14 +0800] "GET /xingrg/kc/buy/cgsh_order_operate.html?command=get_materiel&rest_code=00111&code=00101008350&supplier_code=00100005&order_time=2021-06-08 HTTP/1.1" 200 408
116.230.110.80 - - [08/Jun/2021:10:42:14 +0800] "POST /xingrg/kc/buy/cgsh_order_operate.html HTTP/1.1" 200 8245
116.230.110.80 - - [08/Jun/2021:10:42:14 +0800] "GET /xingrg/javascript/easyui/themes/default/validatebox.css HTTP/1.1" 404 1104
180.161.111.4 - - [08/Jun/2021:10:42:15 +0800] "GET /xingrg/kc/buy/cgsh_order_operate.html?command=get_materiel&rest_code=00102&code=00101008004&supplier_code=00100008&order_time=2021-06-08 HTTP/1.1" 200 416
114.86.187.76 - - [08/Jun/2021:10:42:15 +0800] "GET /xingrg/all/function/internal_message.html?_=1623120141851&CODE_STATE=getMsg HTTP/1.1" 200 27
61.165.42.208 - - [08/Jun/2021:10:42:20 +0800] "GET /xingrg/all/function/internal_message.html?_=1623120142530&CODE_STATE=getMsg HTTP/1.1" 200 27
180.161.111.4 - - [08/Jun/2021:10:42:21 +0800] "GET /xingrg/kc/buy/cgsh_order_operate.html?command=get_materiel&rest_code=00102&code=00101008356&supplier_code=00100008&order_time=2021-06-08 HTTP/1.1" 200 408
180.169.147.146 - - [08/Jun/2021:10:42:22 +0800] "GET /xingrg/all/function/internal_message.html?_=1623120145348&CODE_STATE=getMsg HTTP/1.1" 200 27
116.224.253.72 - - [08/Jun/2021:10:42:22 +0800] "GET /xingrg/javascript/auto/indicator.gif HTTP/1.1" 404 1066
116.230.110.80 - - [08/Jun/2021:10:42:26 +0800] "GET /xingrg/kc/buy/cgsh_order_operate.html?command=get_materiel&rest_code=00155&code=00101004071&supplier_code=00100312&order_time=2021-06-08 HTTP/1.1" 200 411
222.70.177.90 - - [08/Jun/2021:10:42:28 +0800] "GET /xingrg/kc/buy/cgsh_order_operate.html?command=get_materiel&rest_code=00111&code=00101008036&supplier_code=00100005&order_time=2021-06-08 HTTP/1.1" 200 408
180.161.111.4 - - [08/Jun/2021:10:42:28 +0800] "GET /xingrg/kc/buy/cgsh_order_operate.html?command=get_materiel&rest_code=00102&code=00101008069&supplier_code=00100008&order_time=2021-06-08 HTTP/1.1" 200 412
180.169.147.146 - - [08/Jun/2021:10:42:30 +0800] "GET /xingrg/all/function/internal_message.html?_=1623120151192&CODE_STATE=getMsg HTTP/1.1" 200 27
222.70.177.90 - - [08/Jun/2021:10:42:30 +0800] "POST /xingrg/kc/buy/cgsh_order_operate.html HTTP/1.1" 200 2065
116.224.253.72 - - [08/Jun/2021:10:42:32 +0800] "GET /xingrg/kc/buy/cgsh_order_operate.html?command=get_materiel&rest_code=00150&code=00101001039&supplier_code=00100325&order_time=2021-06-08 HTTP/1.1" 200 423
116.230.110.80 - - [08/Jun/2021:10:42:34 +0800] "GET /xingrg/kc/buy/cgsh_order_operate.html?command=get_materiel&rest_code=00155&code=00101005015&supplier_code=00100312&order_time=2021-06-08 HTTP/1.1" 200 409
180.161.111.4 - - [08/Jun/2021:10:42:34 +0800] "GET /xingrg/kc/buy/cgsh_order_operate.html?command=get_materiel&rest_code=00102&code=00101008286&supplier_code=00100008&order_time=2021-06-08 HTTP/1.1" 200 408
180.169.147.146 - - [08/Jun/2021:10:42:38 +0800] "GET /xingrg/check_reg.html?_=1623120163157 HTTP/1.1" 302 -
116.230.117.165 - - [08/Jun/2021:10:42:39 +0800] "GET /xingrg/all/function/internal_message.html?_=1623120167201&CODE_STATE=getMsg HTTP/1.1" 200 27
116.230.110.80 - - [08/Jun/2021:10:42:40 +0800] "POST /xingrg/kc/buy/cgsh_order_operate.html HTTP/1.1" 200 37
61.165.42.208 - - [08/Jun/2021:10:42:41 +0800] "GET /xingrg/kc/buy/cgsh_order_operate.html?command=get_materiel&rest_code=00105&code=00101010426&supplier_code=00100323&order_time=2021-06-08 HTTP/1.1" 200 403
180.161.111.4 - - [08/Jun/2021:10:42:41 +0800] "GET /xingrg/kc/buy/cgsh_order_operate.html?command=get_materiel&rest_code=00102&code=00101008353&supplier_code=00100008&order_time=2021-06-08 HTTP/1.1" 200 408
116.230.110.80 - - [08/Jun/2021:10:42:42 +0800] "POST /xingrg/kc/buy/cgsh_order_operate.html HTTP/1.1" 200 3248
116.230.110.80 - - [08/Jun/2021:10:42:43 +0800] "GET /xingrg/all/function/internal_message.html?_=1623120150442&CODE_STATE=getMsg HTTP/1.1" 200 27
116.230.110.80 - - [08/Jun/2021:10:42:43 +0800] "GET /xingrg/kc/print/load_data.html?order_code=212021060803521&kc_code=cgsh&condition= HTTP/1.1" 200 907
58.37.225.51 - - [08/Jun/2021:10:42:45 +0800] "GET /xingrg/all/function/internal_message.html?_=1623120108893&CODE_STATE=getMsg HTTP/1.1" 200 27
114.86.225.21 - - [08/Jun/2021:10:42:46 +0800] "GET /xingrg/all/function/internal_message.html?_=1623120168253&CODE_STATE=getMsg HTTP/1.1" 200 27
116.224.253.72 - - [08/Jun/2021:10:42:46 +0800] "POST /xingrg/kc/buy/cgsh_order_operate.html HTTP/1.1" 200 37
180.161.111.4 - - [08/Jun/2021:10:42:47 +0800] "GET /xingrg/kc/buy/cgsh_order_operate.html?command=get_materiel&rest_code=00102&code=00101008213&supplier_code=00100008&order_time=2021-06-08 HTTP/1.1" 200 412
117.185.32.26 - - [08/Jun/2021:10:42:49 +0800] "GET /xingrg/kc/buy/cgsh_order_operate.html?command=get_materiel&rest_code=00106&code=00101001142&supplier_code=00100313&order_time=2021-06-08 HTTP/1.1" 200 413
180.161.111.4 - - [08/Jun/2021:10:42:49 +0800] "GET /xingrg/all/function/internal_message.html?_=1623120173575&CODE_STATE=getMsg HTTP/1.1" 200 27
61.165.42.208 - - [08/Jun/2021:10:42:50 +0800] "GET /xingrg/kc/buy/cgsh_order_operate.html?command=get_materiel&rest_code=00105&code=00101006158&supplier_code=00100323&order_time=2021-06-08 HTTP/1.1" 200 436
58.40.7.146 - - [08/Jun/2021:10:42:53 +0800] "GET /xingrg/all/function/internal_message.html?_=1623120175200&CODE_STATE=getMsg HTTP/1.1" 200 27
117.185.32.26 - - [08/Jun/2021:10:42:53 +0800] "GET /xingrg/all/function/internal_message.html?_=1623120708500&CODE_STATE=getMsg HTTP/1.1" 200 27
117.185.32.26 - - [08/Jun/2021:10:42:54 +0800] "GET /xingrg/check_reg.html?_=1623120708676 HTTP/1.1" 200 22
180.161.111.4 - - [08/Jun/2021:10:42:55 +0800] "POST /xingrg/kc/buy/cgsh_order_operate.html HTTP/1.1" 200 37
116.230.117.165 - - [08/Jun/2021:10:42:55 +0800] "GET /xingrg/check_reg.html?_=1623120183418 HTTP/1.1" 200 22
116.224.253.72 - - [08/Jun/2021:10:42:55 +0800] "POST /xingrg/kc/buy/cgsh_order_operate.html HTTP/1.1" 200 12
180.161.111.4 - - [08/Jun/2021:10:42:58 +0800] "POST /xingrg/kc/buy/cgsh_order_operate.html HTTP/1.1" 200 8560
116.224.253.72 - - [08/Jun/2021:10:42:58 +0800] "GET /xingrg/kc/buy/cgsh_order_info.html?code=212021060803522 HTTP/1.1" 200 57243
116.224.253.72 - - [08/Jun/2021:10:42:58 +0800] "GET /xingrg/words/20210608103201_words.js HTTP/1.1" 304 -
116.224.253.72 - - [08/Jun/2021:10:42:59 +0800] "GET /xingrg/javascript/easyui/themes/default/validatebox.css HTTP/1.1" 404 1104
117.184.7.26 - - [08/Jun/2021:10:43:00 +0800] "GET /xingrg/check_reg.html?_=1623120178629 HTTP/1.1" 200 22
116.224.253.72 - - [08/Jun/2021:10:43:02 +0800] "POST /xingrg/kc/buy/cgsh_order_operate.html HTTP/1.1" 200 15
222.69.129.148 - - [08/Jun/2021:10:43:03 +0800] "GET /xingrg/all/function/internal_message.html?_=1623120184311&CODE_STATE=getMsg HTTP/1.1" 200 27
116.224.253.72 - - [08/Jun/2021:10:43:04 +0800] "GET /favicon.ico HTTP/1.1" 404 -
222.70.177.90 - - [08/Jun/2021:10:43:06 +0800] "GET /xingrg/all/function/internal_message.html?_=1623120186720&CODE_STATE=getMsg HTTP/1.1" 200 27
116.235.222.38 - - [08/Jun/2021:10:43:07 +0800] "GET /xingrg/all/function/internal_message.html?_=1623120186686&CODE_STATE=getMsg HTTP/1.1" 200 27
117.185.32.26 - - [08/Jun/2021:10:43:07 +0800] "POST /xingrg/kc/buy/cgsh_order_operate.html HTTP/1.1" 200 37
180.169.147.146 - - [08/Jun/2021:10:43:09 +0800] "GET /xingrg/check_reg.html?_=1623120191572 HTTP/1.1" 302 -
180.169.147.146 - - [08/Jun/2021:10:43:09 +0800] "GET /xingrg/all/function/internal_message.html?_=1623120191573&CODE_STATE=getMsg HTTP/1.1" 302 -
117.185.32.26 - - [08/Jun/2021:10:43:09 +0800] "POST /xingrg/kc/buy/cgsh_order_operate.html HTTP/1.1" 200 4434
