117.184.7.26 - - [07/Jun/2021:10:49:06 +0800] "GET /xingrg/all/function/internal_message.html?_=1623034147566&CODE_STATE=getMsg HTTP/1.1" 200 27
124.79.241.247 - - [07/Jun/2021:10:49:07 +0800] "GET /xingrg/all/function/internal_message.html?_=1623034243092&CODE_STATE=getMsg HTTP/1.1" 200 27
117.131.5.26 - - [07/Jun/2021:10:49:07 +0800] "GET /xingrg/check_reg.html?_=1623034243094 HTTP/1.1" 200 22
117.185.32.26 - - [07/Jun/2021:10:49:08 +0800] "GET /xingrg/kc/buy/cgsh_order_operate.html?command=get_materiel&rest_code=00106&code=00101008244&supplier_code=00100007&order_time=2021-06-07 HTTP/1.1" 200 408
61.165.42.208 - - [07/Jun/2021:10:49:13 +0800] "POST /xingrg/kc/buy/cgsh_order_operate.html HTTP/1.1" 200 37
61.165.42.208 - - [07/Jun/2021:10:49:14 +0800] "POST /xingrg/kc/buy/cgsh_order_operate.html HTTP/1.1" 200 5048
61.165.42.208 - - [07/Jun/2021:10:49:16 +0800] "GET /xingrg/kc/print/load_data.html?order_code=212021060703097&kc_code=cgsh&condition= HTTP/1.1" 200 1650
120.253.135.82 - - [07/Jun/2021:10:49:19 +0800] "GET /xingrg/check_reg.html?_=1623033945468 HTTP/1.1" 200 22
117.185.32.26 - - [07/Jun/2021:10:49:19 +0800] "GET /xingrg/kc/buy/cgsh_order_add.html HTTP/1.1" 200 62413
117.185.32.26 - - [07/Jun/2021:10:49:19 +0800] "POST /xingrg/kc/buy/cgsh_order_operate.html HTTP/1.1" 200 8245
117.185.32.26 - - [07/Jun/2021:10:49:20 +0800] "GET /xingrg/javascript/easyui/themes/default/validatebox.css HTTP/1.1" 404 1104
180.169.147.146 - - [07/Jun/2021:10:49:20 +0800] "GET /xingrg/all/function/internal_message.html?_=1623034162400&CODE_STATE=getMsg HTTP/1.1" 200 27
120.253.135.82 - - [07/Jun/2021:10:49:21 +0800] "GET /xingrg/all/function/internal_message.html?_=1623034195813&CODE_STATE=getMsg HTTP/1.1" 302 -
117.185.32.26 - - [07/Jun/2021:10:49:22 +0800] "GET /xingrg/javascript/easyui/themes/default/tree.css HTTP/1.1" 404 1090
117.185.32.26 - - [07/Jun/2021:10:49:23 +0800] "POST /xingrg/all/common/load_tree.html?tree=supplier_tree_json&isDelete=1 HTTP/1.1" 200 56016
61.165.42.208 - - [07/Jun/2021:10:49:24 +0800] "GET /xingrg/kc/base/wldb_order_operate.html?command=get_materiel&rest_code=00105&base_code=0010507&code=00101019374 HTTP/1.1" 200 452
222.69.128.222 - - [07/Jun/2021:10:49:24 +0800] "GET /xingrg/all/function/internal_message.html?_=1623034167073&CODE_STATE=getMsg HTTP/1.1" 200 27
101.83.241.191 - - [07/Jun/2021:10:49:25 +0800] "GET /xingrg/all/function/internal_message.html?_=1623034168125&CODE_STATE=getMsg HTTP/1.1" 200 27
180.161.111.4 - - [07/Jun/2021:10:49:25 +0800] "GET /xingrg/check_reg.html?_=1623034170007 HTTP/1.1" 200 22
180.161.111.4 - - [07/Jun/2021:10:49:25 +0800] "GET /xingrg/all/function/internal_message.html?_=1623034170069&CODE_STATE=getMsg HTTP/1.1" 200 27
117.185.32.26 - - [07/Jun/2021:10:49:26 +0800] "POST /xingrg/kc/buy/cgsh_order_operate.html HTTP/1.1" 200 2065
116.230.117.165 - - [07/Jun/2021:10:49:27 +0800] "GET /xingrg/all/function/internal_message.html?_=1623034172013&CODE_STATE=getMsg HTTP/1.1" 200 27
114.86.187.76 - - [07/Jun/2021:10:49:28 +0800] "GET /xingrg/kc/buy/cgsh_order_operate.html?command=get_materiel&rest_code=00148&code=00101004065&supplier_code=00100086&order_time=2021-06-07 HTTP/1.1" 200 413
117.185.32.26 - - [07/Jun/2021:10:49:29 +0800] "GET /xingrg/all/function/internal_message.html?_=1623034705734&CODE_STATE=getMsg HTTP/1.1" 200 27
117.185.32.26 - - [07/Jun/2021:10:49:29 +0800] "GET /xingrg/check_reg.html?_=1623034705986 HTTP/1.1" 200 22
117.185.32.26 - - [07/Jun/2021:10:49:30 +0800] "GET /xingrg/kc/buy/cgsh_order_operate.html?command=get_materiel&rest_code=00106&code=00101008224&supplier_code=00100007&order_time=2021-06-07 HTTP/1.1" 200 416
114.86.187.76 - - [07/Jun/2021:10:49:32 +0800] "GET /xingrg/all/function/internal_message.html?_=1623034175781&CODE_STATE=getMsg HTTP/1.1" 200 27
116.224.253.72 - - [07/Jun/2021:10:49:34 +0800] "POST /xingrg/dwr/call/plaincall/AjaxYddbService.saveMaterielItem.dwr HTTP/1.1" 200 78
116.235.222.38 - - [07/Jun/2021:10:49:35 +0800] "GET /xingrg/all/function/internal_message.html?_=1623034178165&CODE_STATE=getMsg HTTP/1.1" 200 27
120.253.135.82 - - [07/Jun/2021:10:49:35 +0800] "GET /xingrg/kc/pszx/mdqp_order_list.html?state=10 HTTP/1.1" 200 12267
120.253.135.82 - - [07/Jun/2021:10:49:36 +0800] "GET /xingrg/dwr/interface/AjaxReportQueryService.js HTTP/1.1" 200 13203
120.253.135.82 - - [07/Jun/2021:10:49:36 +0800] "GET /xingrg/dwr/interface/AjaxQqpsService.js HTTP/1.1" 200 16326
120.253.135.82 - - [07/Jun/2021:10:49:36 +0800] "GET /xingrg/dwr/engine.js HTTP/1.1" 200 43631
116.224.253.72 - - [07/Jun/2021:10:49:36 +0800] "GET /xingrg/check_reg.html?_=1623034178576 HTTP/1.1" 200 22
116.224.253.72 - - [07/Jun/2021:10:49:37 +0800] "GET /xingrg/all/function/internal_message.html?_=1623034179528&CODE_STATE=getMsg HTTP/1.1" 200 27
116.224.253.72 - - [07/Jun/2021:10:49:37 +0800] "POST /xingrg/dwr/call/plaincall/AjaxComOrderService.getMaterielSearchList.dwr HTTP/1.1" 200 435454
101.85.94.178 - - [07/Jun/2021:10:49:38 +0800] "GET /xingrg/all/function/internal_message.html?_=1623033645652&CODE_STATE=getMsg HTTP/1.1" 200 27
116.224.253.72 - - [07/Jun/2021:10:49:38 +0800] "POST /xingrg/dwr/call/plaincall/AjaxComOrderService.getMaterielSearchList.dwr HTTP/1.1" 200 6820
61.165.42.208 - - [07/Jun/2021:10:49:38 +0800] "GET /xingrg/all/function/internal_message.html?_=1623034159151&CODE_STATE=getMsg HTTP/1.1" 200 27
116.224.253.72 - - [07/Jun/2021:10:49:38 +0800] "POST /xingrg/dwr/call/plaincall/AjaxComOrderService.getMaterielSearchList.dwr HTTP/1.1" 200 444
61.165.42.208 - - [07/Jun/2021:10:49:41 +0800] "POST /xingrg/kc/base/wldb_order_operate.html HTTP/1.1" 200 37
120.253.135.82 - - [07/Jun/2021:10:49:41 +0800] "GET /xingrg/kc/pszx/mdqp_order_info.html?code=302021060700155 HTTP/1.1" 200 13350
120.253.135.82 - - [07/Jun/2021:10:49:41 +0800] "GET /xingrg/dwr/interface/AjaxComOrderService.js HTTP/1.1" 200 18264
120.253.135.82 - - [07/Jun/2021:10:49:41 +0800] "GET /xingrg/dwr/interface/AjaxQqpsService.js HTTP/1.1" 200 16326
120.253.135.82 - - [07/Jun/2021:10:49:41 +0800] "GET /xingrg/dwr/engine.js HTTP/1.1" 200 43631
116.224.253.72 - - [07/Jun/2021:10:49:41 +0800] "POST /xingrg/dwr/call/plaincall/AjaxYddbService.getMaterielByMap.dwr HTTP/1.1" 200 3723
61.165.42.208 - - [07/Jun/2021:10:49:41 +0800] "POST /xingrg/kc/base/wldb_order_operate.html HTTP/1.1" 200 2206
120.253.135.82 - - [07/Jun/2021:10:49:42 +0800] "POST /xingrg/dwr/call/plaincall/AjaxQqpsService.loadMaterielItems.dwr HTTP/1.1" 200 702
58.221.95.50 - - [07/Jun/2021:10:49:42 +0800] "GET /xingrg/kc/base/base_main.html HTTP/1.1" 200 12142
183.192.95.179 - - [07/Jun/2021:10:49:42 +0800] "GET /xingrg/all/function/internal_message.html?_=1623034190887&CODE_STATE=getMsg HTTP/1.1" 302 -
61.165.42.208 - - [07/Jun/2021:10:49:42 +0800] "GET /xingrg/kc/base/wldb_order_info.html?code=422021060700755 HTTP/1.1" 200 30240
180.169.147.146 - - [07/Jun/2021:10:49:42 +0800] "GET /xingrg/all/function/internal_message.html?_=1623034185205&CODE_STATE=getMsg HTTP/1.1" 200 27
61.165.42.208 - - [07/Jun/2021:10:49:43 +0800] "GET /xingrg/javascript/easyui/themes/default/validatebox.css HTTP/1.1" 404 1104
61.165.42.208 - - [07/Jun/2021:10:49:43 +0800] "POST /xingrg/kc/base/wldb_order_operate.html HTTP/1.1" 200 2206
58.221.95.50 - - [07/Jun/2021:10:49:43 +0800] "GET /xingrg/kc/base/check_order_list.html HTTP/1.1" 200 16143
58.221.95.50 - - [07/Jun/2021:10:49:43 +0800] "POST /xingrg/kc/base/check_list_operate.html HTTP/1.1" 200 1905
117.185.32.26 - - [07/Jun/2021:10:49:45 +0800] "GET /xingrg/kc/buy/cgsh_order_operate.html?command=get_materiel&rest_code=00106&code=00101012046&supplier_code=00100347&order_time=2021-06-07 HTTP/1.1" 200 417
120.253.135.82 - - [07/Jun/2021:10:49:45 +0800] "GET /xingrg/kc/pszx/mdqp_order_list.html?isBack=1 HTTP/1.1" 302 -
120.253.135.82 - - [07/Jun/2021:10:49:45 +0800] "GET /xingrg/images/yd/bt.gif HTTP/1.1" 404 1040
120.253.135.82 - - [07/Jun/2021:10:49:45 +0800] "GET /xingrg/images/yd/bt2.gif HTTP/1.1" 404 1042
114.86.230.197 - - [07/Jun/2021:10:49:45 +0800] "GET /xingrg/all/function/internal_message.html?_=1623034190142&CODE_STATE=getMsg HTTP/1.1" 200 27
120.253.135.82 - - [07/Jun/2021:10:49:46 +0800] "GET /xingrg/kc/pszx/mdqp_order_list.html?state=10 HTTP/1.1" 200 12267
120.253.135.82 - - [07/Jun/2021:10:49:46 +0800] "GET /xingrg/dwr/interface/AjaxReportQueryService.js HTTP/1.1" 200 13203
120.253.135.82 - - [07/Jun/2021:10:49:46 +0800] "GET /xingrg/dwr/interface/AjaxQqpsService.js HTTP/1.1" 200 16326
120.253.135.82 - - [07/Jun/2021:10:49:46 +0800] "GET /xingrg/dwr/engine.js HTTP/1.1" 200 43631
58.221.95.50 - - [07/Jun/2021:10:49:46 +0800] "GET /xingrg/kc/base/check_order_add.html HTTP/1.1" 200 25264
58.221.95.50 - - [07/Jun/2021:10:49:46 +0800] "GET /xingrg/dwr/interface/AjaxComOrderService.js HTTP/1.1" 200 18264
58.221.95.50 - - [07/Jun/2021:10:49:46 +0800] "GET /xingrg/dwr/interface/AjaxCheckService.js HTTP/1.1" 200 14003
58.221.95.50 - - [07/Jun/2021:10:49:47 +0800] "GET /xingrg/dwr/engine.js HTTP/1.1" 200 43631
116.224.253.72 - - [07/Jun/2021:10:49:47 +0800] "POST /xingrg/dwr/call/plaincall/AjaxYddbService.saveMaterielItem.dwr HTTP/1.1" 200 79
114.86.187.76 - - [07/Jun/2021:10:49:48 +0800] "POST /xingrg/kc/buy/cgsh_order_operate.html HTTP/1.1" 200 37
222.70.177.128 - - [07/Jun/2021:10:49:48 +0800] "GET /xingrg/all/function/internal_message.html?_=1623034189653&CODE_STATE=getMsg HTTP/1.1" 200 27
120.253.135.82 - - [07/Jun/2021:10:49:49 +0800] "GET /xingrg/kc/pszx/mdqp_order_info.html?code=302021060700156 HTTP/1.1" 200 13350
120.253.135.82 - - [07/Jun/2021:10:49:49 +0800] "GET /xingrg/dwr/interface/AjaxComOrderService.js HTTP/1.1" 200 18264
120.253.135.82 - - [07/Jun/2021:10:49:49 +0800] "GET /xingrg/dwr/interface/AjaxQqpsService.js HTTP/1.1" 200 16326
120.253.135.82 - - [07/Jun/2021:10:49:49 +0800] "GET /xingrg/dwr/engine.js HTTP/1.1" 200 43631
114.86.187.76 - - [07/Jun/2021:10:49:49 +0800] "POST /xingrg/kc/buy/cgsh_order_operate.html HTTP/1.1" 200 2660
116.224.253.72 - - [07/Jun/2021:10:49:50 +0800] "POST /xingrg/dwr/call/plaincall/AjaxComOrderService.getMaterielSearchList.dwr HTTP/1.1" 200 478193
116.224.253.72 - - [07/Jun/2021:10:49:50 +0800] "POST /xingrg/dwr/call/plaincall/AjaxComOrderService.getMaterielSearchList.dwr HTTP/1.1" 200 1237
120.253.135.82 - - [07/Jun/2021:10:49:50 +0800] "POST /xingrg/dwr/call/plaincall/AjaxQqpsService.loadMaterielItems.dwr HTTP/1.1" 200 344
116.224.253.72 - - [07/Jun/2021:10:49:51 +0800] "POST /xingrg/dwr/call/plaincall/AjaxComOrderService.getMaterielSearchList.dwr HTTP/1.1" 200 1237
114.86.187.76 - - [07/Jun/2021:10:49:52 +0800] "GET /xingrg/kc/buy/cgsh_order_add.html HTTP/1.1" 200 62419
116.224.253.72 - - [07/Jun/2021:10:49:52 +0800] "POST /xingrg/dwr/call/plaincall/AjaxYddbService.getMaterielByMap.dwr HTTP/1.1" 200 3723
114.86.187.76 - - [07/Jun/2021:10:49:53 +0800] "POST /xingrg/kc/buy/cgsh_order_operate.html HTTP/1.1" 200 8245
114.86.187.76 - - [07/Jun/2021:10:49:53 +0800] "GET /xingrg/javascript/easyui/themes/default/validatebox.css HTTP/1.1" 404 1104
117.185.32.26 - - [07/Jun/2021:10:49:53 +0800] "GET /xingrg/kc/buy/cgsh_order_operate.html?command=get_materiel&rest_code=00106&code=00101008300&supplier_code=00100007&order_time=2021-06-07 HTTP/1.1" 200 412
116.224.253.72 - - [07/Jun/2021:10:49:53 +0800] "GET /xingrg/images/yd/bt.gif HTTP/1.1" 404 1040
116.224.253.72 - - [07/Jun/2021:10:49:53 +0800] "GET /xingrg/all/function/internal_message.html?_=1623034195219&CODE_STATE=getMsg HTTP/1.1" 200 27
120.253.135.82 - - [07/Jun/2021:10:49:55 +0800] "GET /xingrg/kc/pszx/mdqp_order_list.html?isBack=1 HTTP/1.1" 302 -
58.221.95.50 - - [07/Jun/2021:10:49:55 +0800] "GET /xingrg/all/function/internal_message.html?_=1623034199446&CODE_STATE=getMsg HTTP/1.1" 200 27
120.253.135.82 - - [07/Jun/2021:10:49:56 +0800] "GET /xingrg/kc/pszx/mdqp_order_list.html?state=10 HTTP/1.1" 200 12267
120.253.135.82 - - [07/Jun/2021:10:49:56 +0800] "GET /xingrg/dwr/interface/AjaxReportQueryService.js HTTP/1.1" 200 13203
120.253.135.82 - - [07/Jun/2021:10:49:56 +0800] "GET /xingrg/dwr/interface/AjaxQqpsService.js HTTP/1.1" 200 16326
120.253.135.82 - - [07/Jun/2021:10:49:56 +0800] "GET /xingrg/dwr/engine.js HTTP/1.1" 200 43631
180.169.147.146 - - [07/Jun/2021:10:49:56 +0800] "GET /xingrg/all/function/internal_message.html?_=1623034197988&CODE_STATE=getMsg HTTP/1.1" 200 27
58.221.95.50 - - [07/Jun/2021:10:49:58 +0800] "POST /xingrg/dwr/call/plaincall/AjaxCheckService.saveOrder.dwr HTTP/1.1" 200 78
116.224.253.72 - - [07/Jun/2021:10:49:58 +0800] "POST /xingrg/dwr/call/plaincall/AjaxYddbService.saveMaterielItem.dwr HTTP/1.1" 200 79
58.221.95.50 - - [07/Jun/2021:10:50:00 +0800] "POST /xingrg/dwr/call/plaincall/AjaxCheckService.loadOrderItems.dwr HTTP/1.1" 200 363
61.165.42.208 - - [07/Jun/2021:10:50:00 +0800] "POST /xingrg/kc/base/wldb_order_operate.html HTTP/1.1" 200 37
116.224.253.72 - - [07/Jun/2021:10:50:01 +0800] "POST /xingrg/dwr/call/plaincall/AjaxComOrderService.getMaterielSearchList.dwr HTTP/1.1" 200 313797
61.165.42.208 - - [07/Jun/2021:10:50:01 +0800] "POST /xingrg/kc/base/wldb_order_operate.html HTTP/1.1" 200 2206
116.224.253.72 - - [07/Jun/2021:10:50:01 +0800] "POST /xingrg/dwr/call/plaincall/AjaxComOrderService.getMaterielSearchList.dwr HTTP/1.1" 200 709
116.230.110.80 - - [07/Jun/2021:10:50:01 +0800] "GET /xingrg/all/function/internal_message.html?_=1623034191881&CODE_STATE=getMsg HTTP/1.1" 200 27
61.165.42.208 - - [07/Jun/2021:10:50:01 +0800] "GET /xingrg/all/function/internal_message.html?_=1623034205934&CODE_STATE=getMsg HTTP/1.1" 200 27
120.253.135.82 - - [07/Jun/2021:10:50:02 +0800] "GET /xingrg/all/function/internal_message.html?_=1623033988132&CODE_STATE=getMsg HTTP/1.1" 200 27
61.165.42.208 - - [07/Jun/2021:10:50:02 +0800] "GET /xingrg/kc/buy/cgsh_order_add.html HTTP/1.1" 200 62460
117.185.32.26 - - [07/Jun/2021:10:50:02 +0800] "GET /xingrg/all/function/internal_message.html?_=1623034200343&CODE_STATE=getMsg HTTP/1.1" 200 27
61.165.42.208 - - [07/Jun/2021:10:50:03 +0800] "GET /xingrg/javascript/easyui/themes/default/validatebox.css HTTP/1.1" 404 1104
61.165.42.208 - - [07/Jun/2021:10:50:03 +0800] "POST /xingrg/kc/buy/cgsh_order_operate.html HTTP/1.1" 200 8245
117.185.32.26 - - [07/Jun/2021:10:50:03 +0800] "GET /xingrg/check_reg.html?_=1623034200825 HTTP/1.1" 200 22
116.224.253.72 - - [07/Jun/2021:10:50:03 +0800] "POST /xingrg/dwr/call/plaincall/AjaxYddbService.getMaterielByMap.dwr HTTP/1.1" 200 3714
58.221.95.50 - - [07/Jun/2021:10:50:05 +0800] "POST /xingrg/dwr/call/plaincall/AjaxCheckService.importOrderItems.dwr HTTP/1.1" 200 78
61.165.42.208 - - [07/Jun/2021:10:50:05 +0800] "GET /xingrg/kc/base/wldb_order_info.html?code=422021060700755 HTTP/1.1" 200 30240
61.165.42.208 - - [07/Jun/2021:10:50:06 +0800] "GET /xingrg/javascript/easyui/themes/default/validatebox.css HTTP/1.1" 404 1104
61.165.42.208 - - [07/Jun/2021:10:50:06 +0800] "POST /xingrg/kc/base/wldb_order_operate.html HTTP/1.1" 200 2206
120.204.17.70 - - [07/Jun/2021:10:50:06 +0800] "GET /xingrg/kc/buy/cgsh_order_operate.html?command=get_materiel&rest_code=00106&code=00101008244&supplier_code=00100007&order_time=2021-06-07 HTTP/1.1" 302 -
117.184.7.26 - - [07/Jun/2021:10:50:06 +0800] "GET /xingrg/all/function/internal_message.html?_=1623034207569&CODE_STATE=getMsg HTTP/1.1" 200 27
58.221.95.50 - - [07/Jun/2021:10:50:06 +0800] "POST /xingrg/dwr/call/plaincall/AjaxCheckService.loadOrderItems.dwr HTTP/1.1" 200 14488
120.204.17.70 - - [07/Jun/2021:10:50:07 +0800] "GET /xingrg/login.html HTTP/1.1" 200 7641
117.131.5.26 - - [07/Jun/2021:10:50:07 +0800] "GET /xingrg/all/function/internal_message.html?_=1623034303104&CODE_STATE=getMsg HTTP/1.1" 200 27
117.185.32.26 - - [07/Jun/2021:10:50:09 +0800] "GET /xingrg/kc/buy/cgsh_order_operate.html?command=get_materiel&rest_code=00106&code=00101008295&supplier_code=00100007&order_time=2021-06-07 HTTP/1.1" 200 412
61.165.42.208 - - [07/Jun/2021:10:50:12 +0800] "GET /xingrg/kc/buy/cgsh_order_operate.html?command=get_materiel&rest_code=00105&code=00101003003&supplier_code=00100093&order_time=2021-06-07 HTTP/1.1" 200 415
116.224.253.72 - - [07/Jun/2021:10:50:12 +0800] "POST /xingrg/dwr/call/plaincall/AjaxYddbService.saveMaterielItem.dwr HTTP/1.1" 200 79
116.224.253.72 - - [07/Jun/2021:10:50:15 +0800] "POST /xingrg/dwr/call/plaincall/AjaxComOrderService.getMaterielSearchList.dwr HTTP/1.1" 200 22351
116.224.253.72 - - [07/Jun/2021:10:50:16 +0800] "POST /xingrg/dwr/call/plaincall/AjaxComOrderService.getMaterielSearchList.dwr HTTP/1.1" 200 856
116.224.253.72 - - [07/Jun/2021:10:50:18 +0800] "POST /xingrg/dwr/call/plaincall/AjaxYddbService.getMaterielByMap.dwr HTTP/1.1" 200 3725
180.169.147.146 - - [07/Jun/2021:10:50:20 +0800] "GET /xingrg/check_reg.html?_=1623034222402 HTTP/1.1" 200 22
180.169.147.146 - - [07/Jun/2021:10:50:20 +0800] "GET /xingrg/all/function/internal_message.html?_=1623034222405&CODE_STATE=getMsg HTTP/1.1" 200 27
117.185.32.26 - - [07/Jun/2021:10:50:20 +0800] "POST /xingrg/kc/buy/cgsh_order_operate.html HTTP/1.1" 200 37
120.253.135.82 - - [07/Jun/2021:10:50:21 +0800] "GET /xingrg/all/function/internal_message.html?_=1623034255819&CODE_STATE=getMsg HTTP/1.1" 302 -
117.185.32.26 - - [07/Jun/2021:10:50:22 +0800] "GET /xingrg/kc/buy/cgsh_order_operate.html?command=get_materiel&rest_code=00106&code=00101008245&supplier_code=00100007&order_time=2021-06-07 HTTP/1.1" 200 409
222.69.128.222 - - [07/Jun/2021:10:50:24 +0800] "GET /xingrg/all/function/internal_message.html?_=1623034227060&CODE_STATE=getMsg HTTP/1.1" 200 27
101.83.241.191 - - [07/Jun/2021:10:50:25 +0800] "GET /xingrg/all/function/internal_message.html?_=1623034228095&CODE_STATE=getMsg HTTP/1.1" 200 27
180.161.111.4 - - [07/Jun/2021:10:50:25 +0800] "GET /xingrg/all/function/internal_message.html?_=1623034230083&CODE_STATE=getMsg HTTP/1.1" 200 27
116.224.253.72 - - [07/Jun/2021:10:50:26 +0800] "POST /xingrg/dwr/call/plaincall/AjaxYddbService.saveMaterielItem.dwr HTTP/1.1" 200 79
116.230.117.165 - - [07/Jun/2021:10:50:27 +0800] "GET /xingrg/all/function/internal_message.html?_=1623034232026&CODE_STATE=getMsg HTTP/1.1" 200 27
116.224.253.72 - - [07/Jun/2021:10:50:28 +0800] "POST /xingrg/dwr/call/plaincall/AjaxComOrderService.getMaterielSearchList.dwr HTTP/1.1" 200 33869
117.185.32.26 - - [07/Jun/2021:10:50:29 +0800] "GET /xingrg/all/function/internal_message.html?_=1623034765705&CODE_STATE=getMsg HTTP/1.1" 200 27
116.224.253.72 - - [07/Jun/2021:10:50:29 +0800] "POST /xingrg/dwr/call/plaincall/AjaxComOrderService.getMaterielSearchList.dwr HTTP/1.1" 200 1237
183.192.164.214 - - [07/Jun/2021:10:50:29 +0800] "GET /xingrg/kc/buy/cgsh_order_operate.html?command=get_materiel&rest_code=00106&code=00101008224&supplier_code=00100007&order_time=2021-06-07 HTTP/1.1" 302 -
61.165.42.208 - - [07/Jun/2021:10:50:29 +0800] "POST /xingrg/kc/buy/cgsh_order_operate.html HTTP/1.1" 200 37
183.192.164.214 - - [07/Jun/2021:10:50:30 +0800] "GET /xingrg/login.html HTTP/1.1" 200 7641
61.165.42.208 - - [07/Jun/2021:10:50:32 +0800] "POST /xingrg/kc/buy/cgsh_order_operate.html HTTP/1.1" 200 2663
117.185.32.26 - - [07/Jun/2021:10:50:33 +0800] "POST /xingrg/kc/buy/cgsh_order_operate.html HTTP/1.1" 200 12
116.224.253.72 - - [07/Jun/2021:10:50:33 +0800] "POST /xingrg/dwr/call/plaincall/AjaxYddbService.getMaterielByMap.dwr HTTP/1.1" 200 3667
117.185.32.26 - - [07/Jun/2021:10:50:33 +0800] "POST /xingrg/kc/buy/cgsh_order_operate.html HTTP/1.1" 200 2065
114.86.187.76 - - [07/Jun/2021:10:50:34 +0800] "GET /xingrg/all/function/internal_message.html?_=1623034237731&CODE_STATE=getMsg HTTP/1.1" 200 27
61.165.42.208 - - [07/Jun/2021:10:50:34 +0800] "GET /xingrg/kc/print/load_data.html?order_code=212021060703100&kc_code=cgsh&condition= HTTP/1.1" 200 721
116.235.222.38 - - [07/Jun/2021:10:50:35 +0800] "GET /xingrg/all/function/internal_message.html?_=1623034238148&CODE_STATE=getMsg HTTP/1.1" 200 27
117.185.32.26 - - [07/Jun/2021:10:50:35 +0800] "GET /xingrg/kc/buy/cgsh_order_info.html?code=212021060703099 HTTP/1.1" 200 57307
117.185.32.26 - - [07/Jun/2021:10:50:36 +0800] "GET /xingrg/javascript/easyui/themes/default/validatebox.css HTTP/1.1" 404 1104
117.185.32.26 - - [07/Jun/2021:10:50:36 +0800] "POST /xingrg/kc/buy/cgsh_order_operate.html HTTP/1.1" 200 1205
116.224.253.72 - - [07/Jun/2021:10:50:37 +0800] "GET /xingrg/all/function/internal_message.html?_=1623034239541&CODE_STATE=getMsg HTTP/1.1" 200 27
101.85.94.178 - - [07/Jun/2021:10:50:38 +0800] "GET /xingrg/all/function/internal_message.html?_=1623033705652&CODE_STATE=getMsg HTTP/1.1" 200 27
61.165.42.208 - - [07/Jun/2021:10:50:38 +0800] "GET /xingrg/all/function/internal_message.html?_=1623034219158&CODE_STATE=getMsg HTTP/1.1" 200 27
61.165.42.208 - - [07/Jun/2021:10:50:39 +0800] "GET /xingrg/kc/buy/cgsh_order_add.html HTTP/1.1" 200 62460
61.165.42.208 - - [07/Jun/2021:10:50:39 +0800] "POST /xingrg/kc/buy/cgsh_order_operate.html HTTP/1.1" 200 8245
61.165.42.208 - - [07/Jun/2021:10:50:39 +0800] "GET /xingrg/javascript/easyui/themes/default/validatebox.css HTTP/1.1" 404 1104
117.185.32.26 - - [07/Jun/2021:10:50:40 +0800] "GET /xingrg/kc/print/load_data.html?order_code=212021060703099&kc_code=cgsh&condition= HTTP/1.1" 200 911
116.224.253.72 - - [07/Jun/2021:10:50:41 +0800] "POST /xingrg/dwr/call/plaincall/AjaxYddbService.saveMaterielItem.dwr HTTP/1.1" 200 79
183.192.95.179 - - [07/Jun/2021:10:50:42 +0800] "GET /xingrg/all/function/internal_message.html?_=1623034250857&CODE_STATE=getMsg HTTP/1.1" 302 -
180.169.147.146 - - [07/Jun/2021:10:50:42 +0800] "GET /xingrg/all/function/internal_message.html?_=1623034245205&CODE_STATE=getMsg HTTP/1.1" 200 27
180.169.147.146 - - [07/Jun/2021:10:50:42 +0800] "GET /xingrg/check_reg.html?_=1623034245208 HTTP/1.1" 200 22
114.86.230.197 - - [07/Jun/2021:10:50:45 +0800] "GET /xingrg/all/function/internal_message.html?_=1623034250143&CODE_STATE=getMsg HTTP/1.1" 200 27
114.86.230.197 - - [07/Jun/2021:10:50:45 +0800] "GET /xingrg/check_reg.html?_=1623034250144 HTTP/1.1" 200 22
116.224.253.72 - - [07/Jun/2021:10:50:47 +0800] "GET /xingrg/javascript/jquery_easy_ui/themes/default/images/button_plain_hover.png HTTP/1.1" 304 -
116.224.253.72 - - [07/Jun/2021:10:50:47 +0800] "GET /xingrg/javascript/jquery_easy_ui/themes/default/images/button_plain_hover.png HTTP/1.1" 304 -
222.70.177.128 - - [07/Jun/2021:10:50:48 +0800] "GET /xingrg/all/function/internal_message.html?_=1623034249653&CODE_STATE=getMsg HTTP/1.1" 200 27
117.185.32.26 - - [07/Jun/2021:10:50:48 +0800] "GET /xingrg/kc/buy/cgsh_order_add.html HTTP/1.1" 200 62413
117.185.32.26 - - [07/Jun/2021:10:50:49 +0800] "POST /xingrg/kc/buy/cgsh_order_operate.html HTTP/1.1" 200 8245
117.185.32.26 - - [07/Jun/2021:10:50:49 +0800] "GET /xingrg/kc/buy/cgsh_order_operate.html?command=get_materiel&rest_code=00106&code=00101008109&supplier_code=00100007&order_time=2021-06-07 HTTP/1.1" 200 413
117.185.32.26 - - [07/Jun/2021:10:50:49 +0800] "GET /xingrg/javascript/easyui/themes/default/validatebox.css HTTP/1.1" 404 1104
61.165.42.208 - - [07/Jun/2021:10:50:50 +0800] "GET /xingrg/kc/buy/cgsh_order_operate.html?command=get_materiel&rest_code=00105&code=00101010079&supplier_code=00100336&order_time=2021-06-07 HTTP/1.1" 200 413
117.185.32.26 - - [07/Jun/2021:10:50:50 +0800] "GET /xingrg/javascript/easyui/themes/default/tree.css HTTP/1.1" 404 1090
117.185.32.26 - - [07/Jun/2021:10:50:51 +0800] "POST /xingrg/all/common/load_tree.html?tree=supplier_tree_json&isDelete=1 HTTP/1.1" 200 56016
116.224.253.72 - - [07/Jun/2021:10:50:53 +0800] "GET /xingrg/all/function/internal_message.html?_=1623034255226&CODE_STATE=getMsg HTTP/1.1" 200 27
116.224.253.72 - - [07/Jun/2021:10:50:53 +0800] "GET /xingrg/check_reg.html?_=1623034255230 HTTP/1.1" 200 22
116.224.253.72 - - [07/Jun/2021:10:50:55 +0800] "POST /xingrg/dwr/call/plaincall/AjaxYddbService.checkOrder.dwr HTTP/1.1" 200 79
58.221.95.50 - - [07/Jun/2021:10:50:55 +0800] "GET /xingrg/all/function/internal_message.html?_=1623034259453&CODE_STATE=getMsg HTTP/1.1" 200 27
180.169.147.146 - - [07/Jun/2021:10:50:56 +0800] "GET /xingrg/all/function/internal_message.html?_=1623034258069&CODE_STATE=getMsg HTTP/1.1" 200 27
116.224.253.72 - - [07/Jun/2021:10:50:58 +0800] "GET /xingrg/kc/base/yddb_order_info.html?code=482021060700054 HTTP/1.1" 200 29467
116.224.253.72 - - [07/Jun/2021:10:50:58 +0800] "GET /xingrg/dwr/interface/AjaxYddbService.js HTTP/1.1" 200 13201
116.224.253.72 - - [07/Jun/2021:10:50:58 +0800] "GET /xingrg/dwr/interface/AjaxComOrderService.js HTTP/1.1" 200 18264
116.224.253.72 - - [07/Jun/2021:10:50:58 +0800] "GET /xingrg/dwr/engine.js HTTP/1.1" 200 43631
116.224.253.72 - - [07/Jun/2021:10:50:58 +0800] "POST /xingrg/dwr/call/plaincall/AjaxYddbService.loadMaterielItems.dwr HTTP/1.1" 200 2139
116.230.110.80 - - [07/Jun/2021:10:51:01 +0800] "GET /xingrg/all/function/internal_message.html?_=1623034251888&CODE_STATE=getMsg HTTP/1.1" 200 27
61.165.42.208 - - [07/Jun/2021:10:51:01 +0800] "GET /xingrg/all/function/internal_message.html?_=1623034265929&CODE_STATE=getMsg HTTP/1.1" 200 27
120.253.135.82 - - [07/Jun/2021:10:51:02 +0800] "GET /xingrg/all/function/internal_message.html?_=1623034048147&CODE_STATE=getMsg HTTP/1.1" 200 27
117.185.32.26 - - [07/Jun/2021:10:51:02 +0800] "POST /xingrg/kc/buy/cgsh_order_operate.html HTTP/1.1" 200 37
117.185.32.26 - - [07/Jun/2021:10:51:04 +0800] "POST /xingrg/kc/buy/cgsh_order_operate.html HTTP/1.1" 200 18002
120.204.17.68 - - [07/Jun/2021:10:51:05 +0800] "GET /xingrg/check_reg.html?_=1623034200825 HTTP/1.1" 302 -
120.204.17.68 - - [07/Jun/2021:10:51:06 +0800] "GET /xingrg/login.html HTTP/1.1" 200 7641
117.184.7.26 - - [07/Jun/2021:10:51:06 +0800] "GET /xingrg/all/function/internal_message.html?_=1623034267570&CODE_STATE=getMsg HTTP/1.1" 200 27
61.165.42.208 - - [07/Jun/2021:10:51:07 +0800] "POST /xingrg/kc/buy/cgsh_order_operate.html HTTP/1.1" 200 37
117.131.5.26 - - [07/Jun/2021:10:51:07 +0800] "GET /xingrg/all/function/internal_message.html?_=1623034363089&CODE_STATE=getMsg HTTP/1.1" 200 27
61.165.42.208 - - [07/Jun/2021:10:51:09 +0800] "POST /xingrg/kc/buy/cgsh_order_operate.html HTTP/1.1" 200 2657
116.224.253.72 - - [07/Jun/2021:10:51:09 +0800] "GET /xingrg/kc/buy/cgsh_order_operate.html?command=get_materiel&rest_code=00151&code=00101010380&supplier_code=00100325&order_time=2021-06-07 HTTP/1.1" 200 407
58.40.7.146 - - [07/Jun/2021:10:51:09 +0800] "POST /xingrg/services/DataTransmitService HTTP/1.1" 200 524
61.165.42.208 - - [07/Jun/2021:10:51:10 +0800] "GET /xingrg/kc/print/load_data.html?order_code=212021060703101&kc_code=cgsh&condition= HTTP/1.1" 200 670
117.185.32.26 - - [07/Jun/2021:10:51:12 +0800] "GET /xingrg/kc/buy/cgsh_order_operate.html?command=get_materiel&rest_code=00106&code=00101008114&supplier_code=00100007&order_time=2021-06-07 HTTP/1.1" 200 412
61.165.42.208 - - [07/Jun/2021:10:51:14 +0800] "GET /xingrg/kc/buy/cgsh_order_add.html HTTP/1.1" 200 62460
61.165.42.208 - - [07/Jun/2021:10:51:15 +0800] "POST /xingrg/kc/buy/cgsh_order_operate.html HTTP/1.1" 200 8245
61.165.42.208 - - [07/Jun/2021:10:51:15 +0800] "GET /xingrg/javascript/easyui/themes/default/validatebox.css HTTP/1.1" 404 1104
117.185.32.26 - - [07/Jun/2021:10:51:19 +0800] "GET /xingrg/kc/buy/cgsh_order_operate.html?command=get_materiel&rest_code=00106&code=00101008125&supplier_code=00100007&order_time=2021-06-07 HTTP/1.1" 200 413
180.169.147.146 - - [07/Jun/2021:10:51:20 +0800] "GET /xingrg/all/function/internal_message.html?_=1623034282393&CODE_STATE=getMsg HTTP/1.1" 200 27
183.192.164.97 - - [07/Jun/2021:10:51:20 +0800] "GET /xingrg/kc/buy/cgsh_order_operate.html?command=get_materiel&rest_code=00106&code=00101008245&supplier_code=00100007&order_time=2021-06-07 HTTP/1.1" 302 -
120.253.135.82 - - [07/Jun/2021:10:51:21 +0800] "GET /xingrg/all/function/internal_message.html?_=1623034315854&CODE_STATE=getMsg HTTP/1.1" 302 -
183.192.164.97 - - [07/Jun/2021:10:51:22 +0800] "GET /xingrg/login.html HTTP/1.1" 200 7641
61.165.42.208 - - [07/Jun/2021:10:51:24 +0800] "GET /xingrg/kc/buy/cgsh_order_operate.html?command=get_materiel&rest_code=00105&code=00101004038&supplier_code=00100312&order_time=2021-06-07 HTTP/1.1" 200 429
222.69.128.222 - - [07/Jun/2021:10:51:24 +0800] "GET /xingrg/all/function/internal_message.html?_=1623034287049&CODE_STATE=getMsg HTTP/1.1" 200 27
101.83.241.191 - - [07/Jun/2021:10:51:25 +0800] "GET /xingrg/all/function/internal_message.html?_=1623034288066&CODE_STATE=getMsg HTTP/1.1" 200 27
222.69.128.222 - - [07/Jun/2021:10:51:25 +0800] "GET /xingrg/check_reg.html?_=1623034287862 HTTP/1.1" 200 22
180.161.111.4 - - [07/Jun/2021:10:51:25 +0800] "GET /xingrg/all/function/internal_message.html?_=1623034290096&CODE_STATE=getMsg HTTP/1.1" 200 27
116.230.117.165 - - [07/Jun/2021:10:51:27 +0800] "GET /xingrg/all/function/internal_message.html?_=1623034292115&CODE_STATE=getMsg HTTP/1.1" 200 27
117.185.32.26 - - [07/Jun/2021:10:51:28 +0800] "GET /xingrg/kc/buy/cgsh_order_operate.html?command=get_materiel&rest_code=00106&code=00101008085&supplier_code=00100007&order_time=2021-06-07 HTTP/1.1" 200 412
117.185.32.26 - - [07/Jun/2021:10:51:29 +0800] "GET /xingrg/all/function/internal_message.html?_=1623034825687&CODE_STATE=getMsg HTTP/1.1" 200 27
114.86.187.76 - - [07/Jun/2021:10:51:34 +0800] "GET /xingrg/check_reg.html?_=1623034297477 HTTP/1.1" 200 22
114.86.187.76 - - [07/Jun/2021:10:51:34 +0800] "GET /xingrg/all/function/internal_message.html?_=1623034297715&CODE_STATE=getMsg HTTP/1.1" 200 27
116.224.253.72 - - [07/Jun/2021:10:51:34 +0800] "GET /xingrg/kc/base/yddb_order_report.html?fileType=servlets/html&code=482021060700054&reportName=ck_order_report&subName=yddb HTTP/1.1" 302 -
116.224.253.72 - - [07/Jun/2021:10:51:34 +0800] "GET /xingrg/servlets/html?sysBaseUrl=http%3A%2F%2F180.169.147.146%3A18081%2Fxingrg%2F&costTime=644×tamp=1623034294909 HTTP/1.1" 200 28546
116.224.253.72 - - [07/Jun/2021:10:51:34 +0800] "GET /xingrg/servlets/image?image=px HTTP/1.1" 200 807
116.224.253.72 - - [07/Jun/2021:10:51:35 +0800] "GET /favicon.ico HTTP/1.1" 404 -
116.235.222.38 - - [07/Jun/2021:10:51:35 +0800] "GET /xingrg/all/function/internal_message.html?_=1623034298131&CODE_STATE=getMsg HTTP/1.1" 200 27
117.185.32.26 - - [07/Jun/2021:10:51:36 +0800] "GET /xingrg/kc/buy/cgsh_order_operate.html?command=get_materiel&rest_code=00106&code=00101008168&supplier_code=00100007&order_time=2021-06-07 HTTP/1.1" 200 413
116.224.253.72 - - [07/Jun/2021:10:51:37 +0800] "GET /xingrg/all/function/internal_message.html?_=1623034299555&CODE_STATE=getMsg HTTP/1.1" 200 27
101.85.94.178 - - [07/Jun/2021:10:51:38 +0800] "GET /xingrg/all/function/internal_message.html?_=1623033765650&CODE_STATE=getMsg HTTP/1.1" 200 27
61.165.42.208 - - [07/Jun/2021:10:51:38 +0800] "GET /xingrg/all/function/internal_message.html?_=1623034279160&CODE_STATE=getMsg HTTP/1.1" 200 27
117.185.32.26 - - [07/Jun/2021:10:51:39 +0800] "POST /xingrg/kc/buy/cgsh_order_operate.html HTTP/1.1" 200 2065
183.192.95.179 - - [07/Jun/2021:10:51:42 +0800] "GET /xingrg/all/function/internal_message.html?_=1623034310827&CODE_STATE=getMsg HTTP/1.1" 302 -
180.169.147.146 - - [07/Jun/2021:10:51:42 +0800] "GET /xingrg/all/function/internal_message.html?_=1623034305213&CODE_STATE=getMsg HTTP/1.1" 200 27
183.192.95.179 - - [07/Jun/2021:10:51:45 +0800] "GET /xingrg/check_reg.html?_=1623034314450 HTTP/1.1" 302 -
114.86.230.197 - - [07/Jun/2021:10:51:45 +0800] "GET /xingrg/all/function/internal_message.html?_=1623034310146&CODE_STATE=getMsg HTTP/1.1" 200 27
222.70.177.128 - - [07/Jun/2021:10:51:48 +0800] "GET /xingrg/all/function/internal_message.html?_=1623034309653&CODE_STATE=getMsg HTTP/1.1" 200 27
120.204.17.70 - - [07/Jun/2021:10:51:48 +0800] "GET /xingrg/kc/buy/cgsh_order_operate.html?command=get_materiel&rest_code=00106&code=00101008109&supplier_code=00100007&order_time=2021-06-07 HTTP/1.1" 302 -
120.204.17.70 - - [07/Jun/2021:10:51:49 +0800] "GET /xingrg/login.html HTTP/1.1" 200 7641
117.185.32.26 - - [07/Jun/2021:10:51:49 +0800] "GET /xingrg/kc/buy/cgsh_order_operate.html?command=get_materiel&rest_code=00106&code=00101008041&supplier_code=00100007&order_time=2021-06-07 HTTP/1.1" 200 408
116.224.253.72 - - [07/Jun/2021:10:51:53 +0800] "GET /xingrg/all/function/internal_message.html?_=1623034315241&CODE_STATE=getMsg HTTP/1.1" 200 27
58.221.95.50 - - [07/Jun/2021:10:51:55 +0800] "GET /xingrg/all/function/internal_message.html?_=1623034319454&CODE_STATE=getMsg HTTP/1.1" 200 27
180.169.147.146 - - [07/Jun/2021:10:51:56 +0800] "GET /xingrg/all/function/internal_message.html?_=1623034317992&CODE_STATE=getMsg HTTP/1.1" 200 27
117.185.32.26 - - [07/Jun/2021:10:51:58 +0800] "GET /xingrg/kc/buy/cgsh_order_operate.html?command=get_materiel&rest_code=00106&code=00101008098&supplier_code=00100007&order_time=2021-06-07 HTTP/1.1" 200 412
117.185.32.26 - - [07/Jun/2021:10:51:59 +0800] "GET /xingrg/kc/buy/cgsh_order_operate.html?command=get_materiel&rest_code=00106&code=00101007032&supplier_code=00100328&order_time=2021-06-07 HTTP/1.1" 200 413
116.230.110.80 - - [07/Jun/2021:10:52:01 +0800] "GET /xingrg/all/function/internal_message.html?_=1623034311883&CODE_STATE=getMsg HTTP/1.1" 200 27
61.165.42.208 - - [07/Jun/2021:10:52:01 +0800] "GET /xingrg/all/function/internal_message.html?_=1623034325936&CODE_STATE=getMsg HTTP/1.1" 200 27
120.253.135.82 - - [07/Jun/2021:10:52:02 +0800] "GET /xingrg/all/function/internal_message.html?_=1623034108175&CODE_STATE=getMsg HTTP/1.1" 200 27
117.185.32.26 - - [07/Jun/2021:10:52:02 +0800] "GET /xingrg/all/function/internal_message.html?_=1623034320402&CODE_STATE=getMsg HTTP/1.1" 200 27
117.184.7.26 - - [07/Jun/2021:10:52:06 +0800] "GET /xingrg/all/function/internal_message.html?_=1623034327572&CODE_STATE=getMsg HTTP/1.1" 200 27
117.131.5.26 - - [07/Jun/2021:10:52:07 +0800] "GET /xingrg/all/function/internal_message.html?_=1623034423100&CODE_STATE=getMsg HTTP/1.1" 200 27
117.185.32.26 - - [07/Jun/2021:10:52:09 +0800] "POST /xingrg/kc/buy/cgsh_order_operate.html HTTP/1.1" 200 37
117.185.32.26 - - [07/Jun/2021:10:52:10 +0800] "POST /xingrg/kc/buy/cgsh_order_operate.html HTTP/1.1" 200 21545
120.204.17.70 - - [07/Jun/2021:10:52:10 +0800] "GET /xingrg/kc/buy/cgsh_order_operate.html?command=get_materiel&rest_code=00106&code=00101008114&supplier_code=00100007&order_time=2021-06-07 HTTP/1.1" 302 -
120.204.17.70 - - [07/Jun/2021:10:52:11 +0800] "GET /xingrg/login.html HTTP/1.1" 200 7641
114.86.187.76 - - [07/Jun/2021:10:52:19 +0800] "POST /xingrg/services/DataTransmitService HTTP/1.1" 200 524
180.169.147.146 - - [07/Jun/2021:10:52:20 +0800] "GET /xingrg/all/function/internal_message.html?_=1623034342382&CODE_STATE=getMsg HTTP/1.1" 200 27
120.253.135.82 - - [07/Jun/2021:10:52:21 +0800] "GET /xingrg/all/function/internal_message.html?_=1623034375862&CODE_STATE=getMsg HTTP/1.1" 302 -
117.185.32.26 - - [07/Jun/2021:10:52:21 +0800] "GET /xingrg/kc/buy/cgsh_order_operate.html?command=get_materiel&rest_code=00106&code=00101008351&supplier_code=00100007&order_time=2021-06-07 HTTP/1.1" 200 408
114.86.187.76 - - [07/Jun/2021:10:52:24 +0800] "POST /xingrg/services/DataTransmitService HTTP/1.1" 200 501
222.69.128.222 - - [07/Jun/2021:10:52:24 +0800] "GET /xingrg/all/function/internal_message.html?_=1623034347021&CODE_STATE=getMsg HTTP/1.1" 200 27
101.83.241.191 - - [07/Jun/2021:10:52:25 +0800] "GET /xingrg/all/function/internal_message.html?_=1623034348038&CODE_STATE=getMsg HTTP/1.1" 200 27
180.161.111.4 - - [07/Jun/2021:10:52:25 +0800] "GET /xingrg/all/function/internal_message.html?_=1623034350123&CODE_STATE=getMsg HTTP/1.1" 200 27
183.192.164.71 - - [07/Jun/2021:10:52:26 +0800] "GET /xingrg/kc/buy/cgsh_order_operate.html?command=get_materiel&rest_code=00106&code=00101008085&supplier_code=00100007&order_time=2021-06-07 HTTP/1.1" 302 -
183.192.164.71 - - [07/Jun/2021:10:52:26 +0800] "GET /xingrg/login.html HTTP/1.1" 200 7641
101.83.241.191 - - [07/Jun/2021:10:52:27 +0800] "GET /xingrg/check_reg.html?_=1623034349775 HTTP/1.1" 200 22
116.230.117.165 - - [07/Jun/2021:10:52:27 +0800] "GET /xingrg/all/function/internal_message.html?_=1623034352117&CODE_STATE=getMsg HTTP/1.1" 200 27
117.185.32.26 - - [07/Jun/2021:10:52:29 +0800] "GET /xingrg/all/function/internal_message.html?_=1623034885661&CODE_STATE=getMsg HTTP/1.1" 200 27
117.185.32.26 - - [07/Jun/2021:10:52:29 +0800] "POST /xingrg/kc/buy/cgsh_order_operate.html HTTP/1.1" 200 37
180.169.147.146 - - [07/Jun/2021:10:52:33 +0800] "GET /xingrg/check_reg.html?_=1623034359495 HTTP/1.1" 302 -
114.86.187.76 - - [07/Jun/2021:10:52:34 +0800] "GET /xingrg/all/function/internal_message.html?_=1623034357691&CODE_STATE=getMsg HTTP/1.1" 200 27
116.235.222.38 - - [07/Jun/2021:10:52:35 +0800] "GET /xingrg/all/function/internal_message.html?_=1623034358110&CODE_STATE=getMsg HTTP/1.1" 200 27
117.185.32.26 - - [07/Jun/2021:10:52:35 +0800] "POST /xingrg/kc/buy/cgsh_order_operate.html HTTP/1.1" 200 12
116.224.253.72 - - [07/Jun/2021:10:52:37 +0800] "GET /xingrg/all/function/internal_message.html?_=1623034359586&CODE_STATE=getMsg HTTP/1.1" 200 27
117.185.32.26 - - [07/Jun/2021:10:52:37 +0800] "GET /xingrg/kc/buy/cgsh_order_info.html?code=212021060703102 HTTP/1.1" 200 57319
117.185.32.26 - - [07/Jun/2021:10:52:37 +0800] "GET /xingrg/javascript/easyui/themes/default/validatebox.css HTTP/1.1" 404 1104
116.224.253.72 - - [07/Jun/2021:10:52:37 +0800] "GET /xingrg/javascript/jquery_easy_ui/themes/default/images/tabs_active.png HTTP/1.1" 304 -
101.85.94.178 - - [07/Jun/2021:10:52:38 +0800] "GET /xingrg/all/function/internal_message.html?_=1623033825649&CODE_STATE=getMsg HTTP/1.1" 200 27
117.185.32.26 - - [07/Jun/2021:10:52:38 +0800] "POST /xingrg/kc/buy/cgsh_order_operate.html HTTP/1.1" 200 607
61.165.42.208 - - [07/Jun/2021:10:52:38 +0800] "GET /xingrg/all/function/internal_message.html?_=1623034339161&CODE_STATE=getMsg HTTP/1.1" 200 27
116.224.253.72 - - [07/Jun/2021:10:52:39 +0800] "GET /xingrg/kc/buy/cgsh_order_list.html HTTP/1.1" 200 46681
120.253.135.82 - - [07/Jun/2021:10:52:39 +0800] "GET /xingrg/kc/pszx/mdps_order_list.html?orderType=0 HTTP/1.1" 200 20879
120.253.135.82 - - [07/Jun/2021:10:52:39 +0800] "POST /xingrg/kc/pszx/mdps_list_operate.html HTTP/1.1" 200 5406
116.224.253.72 - - [07/Jun/2021:10:52:40 +0800] "POST /xingrg/kc/buy/cgsh_list_operate.html HTTP/1.1" 200 876
117.185.32.26 - - [07/Jun/2021:10:52:41 +0800] "GET /xingrg/kc/print/load_data.html?order_code=212021060703102&kc_code=cgsh&condition= HTTP/1.1" 200 705
117.185.32.26 - - [07/Jun/2021:10:52:41 +0800] "GET /xingrg/kc/buy/cgsh_order_operate.html?command=get_materiel&rest_code=00106&code=00101008049&supplier_code=00100007&order_time=2021-06-07 HTTP/1.1" 200 408
183.192.95.179 - - [07/Jun/2021:10:52:42 +0800] "GET /xingrg/all/function/internal_message.html?_=1623034370800&CODE_STATE=getMsg HTTP/1.1" 302 -
180.169.147.146 - - [07/Jun/2021:10:52:42 +0800] "GET /xingrg/all/function/internal_message.html?_=1623034365214&CODE_STATE=getMsg HTTP/1.1" 200 27
120.253.135.82 - - [07/Jun/2021:10:52:45 +0800] "POST /xingrg/kc/pszx/mdps_list_operate.html HTTP/1.1" 200 3496
114.86.230.197 - - [07/Jun/2021:10:52:45 +0800] "GET /xingrg/all/function/internal_message.html?_=1623034370150&CODE_STATE=getMsg HTTP/1.1" 200 27
222.70.177.128 - - [07/Jun/2021:10:52:48 +0800] "GET /xingrg/all/function/internal_message.html?_=1623034369654&CODE_STATE=getMsg HTTP/1.1" 200 27
117.185.32.26 - - [07/Jun/2021:10:52:51 +0800] "GET /xingrg/kc/buy/cgsh_order_operate.html?command=get_materiel&rest_code=00106&code=00101008003&supplier_code=00100007&order_time=2021-06-07 HTTP/1.1" 200 408
61.165.42.208 - - [07/Jun/2021:10:52:51 +0800] "GET /xingrg/kc/buy/cgsh_order_operate.html?command=get_materiel&rest_code=00105&code=00101004067&supplier_code=00100312&order_time=2021-06-07 HTTP/1.1" 200 413
116.224.253.72 - - [07/Jun/2021:10:52:53 +0800] "GET /xingrg/all/function/internal_message.html?_=1623034375243&CODE_STATE=getMsg HTTP/1.1" 200 27
120.253.135.82 - - [07/Jun/2021:10:52:54 +0800] "GET /xingrg/kc/pszx/mdps_order_add.html HTTP/1.1" 200 28901
120.253.135.82 - - [07/Jun/2021:10:52:54 +0800] "POST /xingrg/kc/pszx/mdps_order_operate.html HTTP/1.1" 200 7126
120.253.135.82 - - [07/Jun/2021:10:52:54 +0800] "GET /xingrg/javascript/easyui/themes/default/validatebox.css HTTP/1.1" 404 1104
58.221.95.50 - - [07/Jun/2021:10:52:55 +0800] "GET /xingrg/all/function/internal_message.html?_=1623034379455&CODE_STATE=getMsg HTTP/1.1" 200 27
180.169.147.146 - - [07/Jun/2021:10:52:56 +0800] "GET /xingrg/all/function/internal_message.html?_=1623034377993&CODE_STATE=getMsg HTTP/1.1" 200 27
120.253.135.82 - - [07/Jun/2021:10:52:57 +0800] "GET /xingrg/check_reg.html?_=1623034412370 HTTP/1.1" 302 -
116.224.253.72 - - [07/Jun/2021:10:52:58 +0800] "GET /xingrg/kc/buy/cgsh_order_add.html HTTP/1.1" 200 62349
116.224.253.72 - - [07/Jun/2021:10:52:58 +0800] "POST /xingrg/kc/buy/cgsh_order_operate.html HTTP/1.1" 200 8245
116.224.253.72 - - [07/Jun/2021:10:52:58 +0800] "GET /xingrg/javascript/easyui/themes/default/validatebox.css HTTP/1.1" 404 1104
116.230.110.80 - - [07/Jun/2021:10:53:01 +0800] "GET /xingrg/check_reg.html?_=1623034371883 HTTP/1.1" 200 22
116.230.110.80 - - [07/Jun/2021:10:53:01 +0800] "GET /xingrg/all/function/internal_message.html?_=1623034371886&CODE_STATE=getMsg HTTP/1.1" 200 27
61.165.42.208 - - [07/Jun/2021:10:53:01 +0800] "GET /xingrg/all/function/internal_message.html?_=1623034385945&CODE_STATE=getMsg HTTP/1.1" 200 27
61.165.42.208 - - [07/Jun/2021:10:53:01 +0800] "GET /xingrg/check_reg.html?_=1623034385964 HTTP/1.1" 200 22
120.253.135.82 - - [07/Jun/2021:10:53:02 +0800] "GET /xingrg/all/function/internal_message.html?_=1623034168189&CODE_STATE=getMsg HTTP/1.1" 200 27
117.185.32.26 - - [07/Jun/2021:10:53:02 +0800] "GET /xingrg/all/function/internal_message.html?_=1623034380443&CODE_STATE=getMsg HTTP/1.1" 200 27
120.253.135.82 - - [07/Jun/2021:10:53:05 +0800] "GET /xingrg/css/images/panel_loading.gif HTTP/1.1" 304 -
120.253.135.82 - - [07/Jun/2021:10:53:05 +0800] "POST /xingrg/all/common/load_combo.html?type=base HTTP/1.1" 200 1075
117.184.7.26 - - [07/Jun/2021:10:53:06 +0800] "GET /xingrg/all/function/internal_message.html?_=1623034387572&CODE_STATE=getMsg HTTP/1.1" 200 27
117.184.7.26 - - [07/Jun/2021:10:53:06 +0800] "GET /xingrg/check_reg.html?_=1623034387575 HTTP/1.1" 200 22
117.131.5.26 - - [07/Jun/2021:10:53:07 +0800] "GET /xingrg/all/function/internal_message.html?_=1623034483085&CODE_STATE=getMsg HTTP/1.1" 200 27
117.185.32.26 - - [07/Jun/2021:10:53:08 +0800] "GET /xingrg/kc/buy/cgsh_order_operate.html?command=get_materiel&rest_code=00106&code=00101008141&supplier_code=00100007&order_time=2021-06-07 HTTP/1.1" 200 412
116.224.253.72 - - [07/Jun/2021:10:53:09 +0800] "GET /xingrg/kc/buy/cgsh_order_operate.html?command=get_materiel&rest_code=00150&code=00101010696&supplier_code=00100326&order_time=2021-06-07 HTTP/1.1" 200 398
180.169.147.146 - - [07/Jun/2021:10:53:09 +0800] "GET /xingrg/check_reg.html?_=1623034395790 HTTP/1.1" 302 -
117.185.32.26 - - [07/Jun/2021:10:53:12 +0800] "POST /xingrg/kc/buy/cgsh_order_operate.html HTTP/1.1" 200 2065
61.165.42.208 - - [07/Jun/2021:10:53:13 +0800] "GET /xingrg/kc/buy/cgsh_order_operate.html?command=get_materiel&rest_code=00105&code=00101004030&supplier_code=00100312&order_time=2021-06-07 HTTP/1.1" 200 408
120.253.135.82 - - [07/Jun/2021:10:53:14 +0800] "GET /xingrg/kc/pszx/mdps_order_operate.html?command=get_materiel&pszx_code=00101&rest_code=00150&base_code=0010246&code=00101029073 HTTP/1.1" 200 465
120.253.135.82 - - [07/Jun/2021:10:53:16 +0800] "POST /xingrg/all/common/load_select.html HTTP/1.1" 200 25
117.185.32.26 - - [07/Jun/2021:10:53:16 +0800] "GET /xingrg/kc/buy/cgsh_order_operate.html?command=get_materiel&rest_code=00106&code=00101008087&supplier_code=00100007&order_time=2021-06-07 HTTP/1.1" 200 412
120.253.135.82 - - [07/Jun/2021:10:53:18 +0800] "GET /xingrg/kc/pszx/mdps_order_operate.html?command=get_materiel_price&pszx_code=00101&rest_code=00150&base_code=0010246&code=00101029073&unit_code=00100179&order_time=2021-06-07 HTTP/1.1" 200 35
180.169.147.146 - - [07/Jun/2021:10:53:20 +0800] "GET /xingrg/all/function/internal_message.html?_=1623034402386&CODE_STATE=getMsg HTTP/1.1" 200 27
61.165.42.208 - - [07/Jun/2021:10:53:20 +0800] "GET /xingrg/kc/buy/cgsh_order_operate.html?command=get_materiel&rest_code=00105&code=00101005015&supplier_code=00100312&order_time=2021-06-07 HTTP/1.1" 200 409
120.253.135.82 - - [07/Jun/2021:10:53:21 +0800] "GET /xingrg/all/function/internal_message.html?_=1623034435896&CODE_STATE=getMsg HTTP/1.1" 302 -
222.69.128.222 - - [07/Jun/2021:10:53:24 +0800] "GET /xingrg/all/function/internal_message.html?_=1623034407004&CODE_STATE=getMsg HTTP/1.1" 200 27
101.83.241.191 - - [07/Jun/2021:10:53:25 +0800] "GET /xingrg/all/function/internal_message.html?_=1623034408038&CODE_STATE=getMsg HTTP/1.1" 200 27
117.185.32.26 - - [07/Jun/2021:10:53:25 +0800] "GET /xingrg/kc/buy/cgsh_order_operate.html?command=get_materiel&rest_code=00106&code=00101008067&supplier_code=00100007&order_time=2021-06-07 HTTP/1.1" 200 416
120.253.135.82 - - [07/Jun/2021:10:53:25 +0800] "POST /xingrg/kc/pszx/mdps_order_operate.html HTTP/1.1" 200 37
180.161.111.4 - - [07/Jun/2021:10:53:25 +0800] "GET /xingrg/all/function/internal_message.html?_=1623034410140&CODE_STATE=getMsg HTTP/1.1" 200 27
116.235.222.38 - - [07/Jun/2021:10:53:26 +0800] "GET /xingrg/check_reg.html?_=1623034409194 HTTP/1.1" 200 22
116.230.117.165 - - [07/Jun/2021:10:53:26 +0800] "GET /xingrg/check_reg.html?_=1623034410711 HTTP/1.1" 200 22
120.253.135.82 - - [07/Jun/2021:10:53:27 +0800] "GET /xingrg/kc/pszx/mdps_order_info.html?code=312021060700211 HTTP/1.1" 200 23931
116.230.117.165 - - [07/Jun/2021:10:53:27 +0800] "GET /xingrg/all/function/internal_message.html?_=1623034412130&CODE_STATE=getMsg HTTP/1.1" 200 27
120.253.135.82 - - [07/Jun/2021:10:53:28 +0800] "GET /xingrg/javascript/easyui/themes/default/validatebox.css HTTP/1.1" 404 1104
61.165.42.208 - - [07/Jun/2021:10:53:28 +0800] "GET /xingrg/kc/buy/cgsh_order_operate.html?command=get_materiel&rest_code=00105&code=00101001029&supplier_code=00100312&order_time=2021-06-07 HTTP/1.1" 200 415
120.253.135.82 - - [07/Jun/2021:10:53:28 +0800] "POST /xingrg/kc/pszx/mdps_order_operate.html HTTP/1.1" 200 2328
117.185.32.26 - - [07/Jun/2021:10:53:29 +0800] "GET /xingrg/all/function/internal_message.html?_=1623034945646&CODE_STATE=getMsg HTTP/1.1" 200 27
120.253.135.82 - - [07/Jun/2021:10:53:32 +0800] "GET /xingrg/kc/print/load_data.html?order_code=312021060700211&kc_code=mdps&condition= HTTP/1.1" 200 727
114.86.187.76 - - [07/Jun/2021:10:53:34 +0800] "GET /xingrg/all/function/internal_message.html?_=1623034417672&CODE_STATE=getMsg HTTP/1.1" 200 27
117.185.32.26 - - [07/Jun/2021:10:53:35 +0800] "GET /xingrg/kc/buy/cgsh_order_operate.html?command=get_materiel&rest_code=00106&code=00101008321&supplier_code=00100007&order_time=2021-06-07 HTTP/1.1" 200 412
116.235.222.38 - - [07/Jun/2021:10:53:35 +0800] "GET /xingrg/all/function/internal_message.html?_=1623034418095&CODE_STATE=getMsg HTTP/1.1" 200 27
116.224.253.72 - - [07/Jun/2021:10:53:37 +0800] "GET /xingrg/all/function/internal_message.html?_=1623034419599&CODE_STATE=getMsg HTTP/1.1" 200 27
116.224.253.72 - - [07/Jun/2021:10:53:37 +0800] "GET /xingrg/kc/buy/cgsh_order_operate.html?command=get_materiel&rest_code=00150&code=00101001125&supplier_code=00100090&order_time=2021-06-07 HTTP/1.1" 200 415
101.85.94.178 - - [07/Jun/2021:10:53:38 +0800] "GET /xingrg/all/function/internal_message.html?_=1623033885664&CODE_STATE=getMsg HTTP/1.1" 200 27
101.85.94.178 - - [07/Jun/2021:10:53:38 +0800] "GET /xingrg/check_reg.html?_=1623033885667 HTTP/1.1" 200 22
61.165.42.208 - - [07/Jun/2021:10:53:38 +0800] "GET /xingrg/check_reg.html?_=1623034399161 HTTP/1.1" 200 22
61.165.42.208 - - [07/Jun/2021:10:53:38 +0800] "GET /xingrg/all/function/internal_message.html?_=1623034399164&CODE_STATE=getMsg HTTP/1.1" 200 27
120.253.135.82 - - [07/Jun/2021:10:53:39 +0800] "POST /xingrg/kc/pszx/mdps_order_operate.html HTTP/1.1" 200 37
120.204.17.68 - - [07/Jun/2021:10:53:39 +0800] "GET /xingrg/kc/buy/cgsh_order_operate.html?command=get_materiel&rest_code=00106&code=00101008049&supplier_code=00100007&order_time=2021-06-07 HTTP/1.1" 302 -
120.204.17.68 - - [07/Jun/2021:10:53:39 +0800] "GET /xingrg/login.html HTTP/1.1" 200 7641
61.165.42.208 - - [07/Jun/2021:10:53:41 +0800] "GET /xingrg/kc/buy/cgsh_order_operate.html?command=get_materiel&rest_code=00105&code=00101005022&supplier_code=00100312&order_time=2021-06-07 HTTP/1.1" 200 417
183.192.95.179 - - [07/Jun/2021:10:53:41 +0800] "GET /xingrg/all/function/internal_message.html?_=1623034430784&CODE_STATE=getMsg HTTP/1.1" 302 -
180.169.147.146 - - [07/Jun/2021:10:53:42 +0800] "GET /xingrg/all/function/internal_message.html?_=1623034425215&CODE_STATE=getMsg HTTP/1.1" 200 27
120.253.135.82 - - [07/Jun/2021:10:53:43 +0800] "POST /xingrg/kc/pszx/mdps_order_operate.html HTTP/1.1" 200 12
117.185.32.26 - - [07/Jun/2021:10:53:44 +0800] "GET /xingrg/kc/buy/cgsh_order_operate.html?command=get_materiel&rest_code=00106&code=00101008059&supplier_code=00100007&order_time=2021-06-07 HTTP/1.1" 200 408
120.253.135.82 - - [07/Jun/2021:10:53:45 +0800] "GET /xingrg/kc/pszx/mdps_order_info.html?code=312021060700211 HTTP/1.1" 200 19591
120.253.135.82 - - [07/Jun/2021:10:53:45 +0800] "GET /xingrg/javascript/easyui/themes/default/validatebox.css HTTP/1.1" 404 1104
114.86.230.197 - - [07/Jun/2021:10:53:45 +0800] "GET /xingrg/all/function/internal_message.html?_=1623034430150&CODE_STATE=getMsg HTTP/1.1" 200 27
120.253.135.82 - - [07/Jun/2021:10:53:46 +0800] "POST /xingrg/kc/pszx/mdps_order_operate.html HTTP/1.1" 200 548
222.70.177.128 - - [07/Jun/2021:10:53:48 +0800] "GET /xingrg/check_reg.html?_=1623034429653 HTTP/1.1" 200 22
222.70.177.128 - - [07/Jun/2021:10:53:48 +0800] "GET /xingrg/all/function/internal_message.html?_=1623034429656&CODE_STATE=getMsg HTTP/1.1" 200 27
