101.85.94.178 - - [07/Jun/2021:10:01:31 +0800] "GET /xingrg/javascript/easyui/themes/default/validatebox.css HTTP/1.1" 404 1104
101.85.94.178 - - [07/Jun/2021:10:01:31 +0800] "POST /xingrg/kc/base/wldb_order_operate.html HTTP/1.1" 200 6806
114.86.187.76 - - [07/Jun/2021:10:01:33 +0800] "GET /xingrg/all/function/internal_message.html?_=1623031296615&CODE_STATE=getMsg HTTP/1.1" 200 27
114.86.187.76 - - [07/Jun/2021:10:01:34 +0800] "GET /xingrg/check_reg.html?_=1623031297412 HTTP/1.1" 200 22
116.235.222.38 - - [07/Jun/2021:10:01:36 +0800] "GET /xingrg/all/function/internal_message.html?_=1623031298832&CODE_STATE=getMsg HTTP/1.1" 200 27
116.224.253.72 - - [07/Jun/2021:10:01:36 +0800] "GET /xingrg/all/function/internal_message.html?_=1623031298767&CODE_STATE=getMsg HTTP/1.1" 200 27
101.85.94.178 - - [07/Jun/2021:10:01:38 +0800] "GET /xingrg/all/function/internal_message.html?_=1623030765611&CODE_STATE=getMsg HTTP/1.1" 200 27
183.192.95.179 - - [07/Jun/2021:10:01:43 +0800] "GET /xingrg/all/function/internal_message.html?_=1623031311908&CODE_STATE=getMsg HTTP/1.1" 302 -
116.230.117.165 - - [07/Jun/2021:10:01:43 +0800] "POST /xingrg/services/DataTransmitService HTTP/1.1" 200 524
180.169.147.146 - - [07/Jun/2021:10:01:43 +0800] "GET /xingrg/kc/mdqp/pssh_order_list.html?isBack=1 HTTP/1.1" 200 17615
116.230.117.165 - - [07/Jun/2021:10:01:44 +0800] "POST /xingrg/services/DataTransmitService HTTP/1.1" 200 2171
180.169.147.146 - - [07/Jun/2021:10:01:44 +0800] "POST /xingrg/kc/mdqp/pssh_list_operate.html HTTP/1.1" 200 5299
116.230.117.165 - - [07/Jun/2021:10:01:45 +0800] "POST /xingrg/services/DataTransmitService HTTP/1.1" 200 156995
183.192.95.179 - - [07/Jun/2021:10:01:45 +0800] "GET /xingrg/check_reg.html?_=1623031314439 HTTP/1.1" 302 -
114.86.230.197 - - [07/Jun/2021:10:01:45 +0800] "GET /xingrg/all/function/internal_message.html?_=1623031310043&CODE_STATE=getMsg HTTP/1.1" 200 27
101.85.94.178 - - [07/Jun/2021:10:01:46 +0800] "GET /xingrg/javascript/jquery_tools/images/prev.gif HTTP/1.1" 404 1086
101.85.94.178 - - [07/Jun/2021:10:01:46 +0800] "GET /xingrg/javascript/jquery_tools/images/next.gif HTTP/1.1" 404 1086
222.70.177.128 - - [07/Jun/2021:10:01:48 +0800] "GET /xingrg/all/function/internal_message.html?_=1623031309556&CODE_STATE=getMsg HTTP/1.1" 200 27
180.169.147.146 - - [07/Jun/2021:10:01:56 +0800] "GET /xingrg/all/function/internal_message.html?_=1623031317971&CODE_STATE=getMsg HTTP/1.1" 200 27
180.161.111.4 - - [07/Jun/2021:10:01:57 +0800] "GET /xingrg/all/function/internal_message.html?_=1623031281519&CODE_STATE=getMsg HTTP/1.1" 200 27
101.85.94.178 - - [07/Jun/2021:10:01:57 +0800] "GET /xingrg/kc/base/wldb_order_operate.html?command=get_materiel&rest_code=00142&base_code=0010169&code=00101016044 HTTP/1.1" 200 464
116.230.110.80 - - [07/Jun/2021:10:02:01 +0800] "GET /xingrg/all/function/internal_message.html?_=1623031311886&CODE_STATE=getMsg HTTP/1.1" 200 27
61.165.42.208 - - [07/Jun/2021:10:02:01 +0800] "GET /xingrg/all/function/internal_message.html?_=1623031325895&CODE_STATE=getMsg HTTP/1.1" 200 27
117.184.7.26 - - [07/Jun/2021:10:02:06 +0800] "GET /xingrg/all/function/internal_message.html?_=1623031327491&CODE_STATE=getMsg HTTP/1.1" 200 27
124.79.241.247 - - [07/Jun/2021:10:02:07 +0800] "GET /xingrg/all/function/internal_message.html?_=1623031423018&CODE_STATE=getMsg HTTP/1.1" 200 27
180.169.147.146 - - [07/Jun/2021:10:02:10 +0800] "GET /xingrg/all/function/internal_message.html?_=1623031333413&CODE_STATE=getMsg HTTP/1.1" 200 27
101.85.94.178 - - [07/Jun/2021:10:02:11 +0800] "GET /xingrg/kc/base/wldb_order_operate.html?command=get_materiel&rest_code=00142&base_code=0010169&code=00101022084 HTTP/1.1" 200 430
116.224.253.72 - - [07/Jun/2021:10:02:18 +0800] "GET /xingrg/all/function/internal_message.html?_=1623031340020&CODE_STATE=getMsg HTTP/1.1" 200 27
120.253.135.82 - - [07/Jun/2021:10:02:19 +0800] "GET /xingrg/all/function/internal_message.html?_=1623031125499&CODE_STATE=getMsg HTTP/1.1" 200 27
120.253.135.82 - - [07/Jun/2021:10:02:20 +0800] "GET /xingrg/all/function/internal_message.html?_=1623031374652&CODE_STATE=getMsg HTTP/1.1" 302 -
101.85.94.178 - - [07/Jun/2021:10:02:23 +0800] "GET /xingrg/kc/base/wldb_order_operate.html?command=get_materiel&rest_code=00142&base_code=0010169&code=00101022083 HTTP/1.1" 200 420
222.69.128.222 - - [07/Jun/2021:10:02:25 +0800] "GET /xingrg/all/function/internal_message.html?_=1623031347807&CODE_STATE=getMsg HTTP/1.1" 200 27
101.83.241.191 - - [07/Jun/2021:10:02:26 +0800] "GET /xingrg/all/function/internal_message.html?_=1623031349296&CODE_STATE=getMsg HTTP/1.1" 200 27
116.230.117.165 - - [07/Jun/2021:10:02:26 +0800] "GET /xingrg/all/function/internal_message.html?_=1623031350798&CODE_STATE=getMsg HTTP/1.1" 200 27
101.83.241.191 - - [07/Jun/2021:10:02:27 +0800] "GET /xingrg/check_reg.html?_=1623031349723 HTTP/1.1" 200 22
180.169.147.146 - - [07/Jun/2021:10:02:31 +0800] "GET /xingrg/check_reg.html?_=1623031353193 HTTP/1.1" 200 22
114.86.187.76 - - [07/Jun/2021:10:02:33 +0800] "GET /xingrg/all/function/internal_message.html?_=1623031356601&CODE_STATE=getMsg HTTP/1.1" 200 27
180.169.147.146 - - [07/Jun/2021:10:02:33 +0800] "GET /xingrg/check_reg.html?_=1623031359269 HTTP/1.1" 302 -
116.235.222.38 - - [07/Jun/2021:10:02:36 +0800] "GET /xingrg/all/function/internal_message.html?_=1623031358807&CODE_STATE=getMsg HTTP/1.1" 200 27
116.224.253.72 - - [07/Jun/2021:10:02:36 +0800] "GET /xingrg/all/function/internal_message.html?_=1623031358792&CODE_STATE=getMsg HTTP/1.1" 200 27
101.85.94.178 - - [07/Jun/2021:10:02:38 +0800] "GET /xingrg/all/function/internal_message.html?_=1623030825613&CODE_STATE=getMsg HTTP/1.1" 200 27
183.192.95.179 - - [07/Jun/2021:10:02:43 +0800] "GET /xingrg/all/function/internal_message.html?_=1623031371880&CODE_STATE=getMsg HTTP/1.1" 302 -
114.86.230.197 - - [07/Jun/2021:10:02:45 +0800] "GET /xingrg/all/function/internal_message.html?_=1623031370047&CODE_STATE=getMsg HTTP/1.1" 200 27
222.70.177.128 - - [07/Jun/2021:10:02:48 +0800] "GET /xingrg/all/function/internal_message.html?_=1623031369554&CODE_STATE=getMsg HTTP/1.1" 200 27
180.169.147.146 - - [07/Jun/2021:10:02:56 +0800] "GET /xingrg/all/function/internal_message.html?_=1623031377986&CODE_STATE=getMsg HTTP/1.1" 200 27
180.161.111.4 - - [07/Jun/2021:10:02:57 +0800] "GET /xingrg/all/function/internal_message.html?_=1623031341536&CODE_STATE=getMsg HTTP/1.1" 200 27
120.253.135.82 - - [07/Jun/2021:10:02:57 +0800] "GET /xingrg/check_reg.html?_=1623031412214 HTTP/1.1" 302 -
101.85.94.178 - - [07/Jun/2021:10:02:58 +0800] "POST /xingrg/kc/base/wldb_order_operate.html HTTP/1.1" 200 37
101.85.94.178 - - [07/Jun/2021:10:02:59 +0800] "POST /xingrg/kc/base/wldb_order_operate.html HTTP/1.1" 200 3162
101.85.94.178 - - [07/Jun/2021:10:03:01 +0800] "GET /xingrg/kc/base/wldb_order_info.html?code=422021060700750 HTTP/1.1" 200 30251
116.230.110.80 - - [07/Jun/2021:10:03:01 +0800] "GET /xingrg/check_reg.html?_=1623031371883 HTTP/1.1" 200 22
116.230.110.80 - - [07/Jun/2021:10:03:01 +0800] "GET /xingrg/all/function/internal_message.html?_=1623031371886&CODE_STATE=getMsg HTTP/1.1" 200 27
101.85.94.178 - - [07/Jun/2021:10:03:01 +0800] "GET /xingrg/javascript/easyui/themes/default/validatebox.css HTTP/1.1" 404 1104
61.165.42.208 - - [07/Jun/2021:10:03:01 +0800] "GET /xingrg/check_reg.html?_=1623031385889 HTTP/1.1" 200 22
61.165.42.208 - - [07/Jun/2021:10:03:01 +0800] "GET /xingrg/all/function/internal_message.html?_=1623031385892&CODE_STATE=getMsg HTTP/1.1" 200 27
101.85.94.178 - - [07/Jun/2021:10:03:02 +0800] "POST /xingrg/kc/base/wldb_order_operate.html HTTP/1.1" 200 3162
116.224.253.72 - - [07/Jun/2021:10:03:05 +0800] "POST /xingrg/kc/mdqp/pssh_order_operate.html HTTP/1.1" 200 37
117.184.7.26 - - [07/Jun/2021:10:03:06 +0800] "GET /xingrg/all/function/internal_message.html?_=1623031387491&CODE_STATE=getMsg HTTP/1.1" 200 27
117.184.7.26 - - [07/Jun/2021:10:03:06 +0800] "GET /xingrg/check_reg.html?_=1623031387494 HTTP/1.1" 200 22
124.79.241.247 - - [07/Jun/2021:10:03:07 +0800] "GET /xingrg/all/function/internal_message.html?_=1623031483032&CODE_STATE=getMsg HTTP/1.1" 200 27
116.224.253.72 - - [07/Jun/2021:10:03:09 +0800] "POST /xingrg/kc/mdqp/pssh_order_operate.html HTTP/1.1" 200 12
180.169.147.146 - - [07/Jun/2021:10:03:09 +0800] "GET /xingrg/check_reg.html?_=1623031395569 HTTP/1.1" 302 -
180.169.147.146 - - [07/Jun/2021:10:03:10 +0800] "GET /xingrg/all/function/internal_message.html?_=1623031393413&CODE_STATE=getMsg HTTP/1.1" 200 27
116.224.253.72 - - [07/Jun/2021:10:03:11 +0800] "GET /xingrg/kc/mdqp/pssh_order_info.html?code=312021060500145 HTTP/1.1" 200 14388
116.224.253.72 - - [07/Jun/2021:10:03:11 +0800] "GET /xingrg/javascript/jquery_tools/jquery-1.4.2.min.js HTTP/1.1" 404 1094
116.224.253.72 - - [07/Jun/2021:10:03:12 +0800] "GET /xingrg/javascript/easyui/themes/default/validatebox.css HTTP/1.1" 404 1104
116.224.253.72 - - [07/Jun/2021:10:03:12 +0800] "POST /xingrg/kc/mdqp/pssh_order_operate.html HTTP/1.1" 200 4110
116.224.253.72 - - [07/Jun/2021:10:03:13 +0800] "GET /xingrg/kc/print/load_config.html?kc_code=pssh HTTP/1.1" 200 2290
116.224.253.72 - - [07/Jun/2021:10:03:14 +0800] "GET /xingrg/kc/print/load_data.html?order_code=312021060500145&kc_code=pssh&condition= HTTP/1.1" 200 1838
116.224.253.72 - - [07/Jun/2021:10:03:18 +0800] "GET /xingrg/all/function/internal_message.html?_=1623031400017&CODE_STATE=getMsg HTTP/1.1" 200 27
120.253.135.82 - - [07/Jun/2021:10:03:19 +0800] "GET /xingrg/all/function/internal_message.html?_=1623031185511&CODE_STATE=getMsg HTTP/1.1" 200 27
120.253.135.82 - - [07/Jun/2021:10:03:20 +0800] "GET /xingrg/all/function/internal_message.html?_=1623031434686&CODE_STATE=getMsg HTTP/1.1" 302 -
116.224.253.72 - - [07/Jun/2021:10:03:22 +0800] "GET /xingrg/kc/base/wldb_order_list.html HTTP/1.1" 200 19026
116.224.253.72 - - [07/Jun/2021:10:03:23 +0800] "POST /xingrg/kc/base/wldb_list_operate.html HTTP/1.1" 200 928
116.224.253.72 - - [07/Jun/2021:10:03:25 +0800] "GET /xingrg/kc/base/wldb_order_add.html HTTP/1.1" 200 30234
116.224.253.72 - - [07/Jun/2021:10:03:25 +0800] "POST /xingrg/kc/base/wldb_order_operate.html HTTP/1.1" 200 6806
116.224.253.72 - - [07/Jun/2021:10:03:25 +0800] "GET /xingrg/all/common/auto_word.html?type=base&rest_code=00150 HTTP/1.1" 200 1653
116.224.253.72 - - [07/Jun/2021:10:03:25 +0800] "GET /xingrg/all/common/auto_word.html?type=base&rest_code=00150 HTTP/1.1" 200 1653
116.224.253.72 - - [07/Jun/2021:10:03:25 +0800] "GET /xingrg/javascript/easyui/themes/default/validatebox.css HTTP/1.1" 404 1104
222.69.128.222 - - [07/Jun/2021:10:03:25 +0800] "GET /xingrg/all/function/internal_message.html?_=1623031407793&CODE_STATE=getMsg HTTP/1.1" 200 27
116.230.117.165 - - [07/Jun/2021:10:03:26 +0800] "GET /xingrg/check_reg.html?_=1623031410214 HTTP/1.1" 200 22
116.235.222.38 - - [07/Jun/2021:10:03:26 +0800] "GET /xingrg/check_reg.html?_=1623031409125 HTTP/1.1" 200 22
101.83.241.191 - - [07/Jun/2021:10:03:26 +0800] "GET /xingrg/all/function/internal_message.html?_=1623031409272&CODE_STATE=getMsg HTTP/1.1" 200 27
116.230.117.165 - - [07/Jun/2021:10:03:26 +0800] "GET /xingrg/all/function/internal_message.html?_=1623031410810&CODE_STATE=getMsg HTTP/1.1" 200 27
180.169.147.146 - - [07/Jun/2021:10:03:32 +0800] "POST /xingrg/kc/mdqp/pssh_list_operate.html HTTP/1.1" 200 268
114.86.187.76 - - [07/Jun/2021:10:03:33 +0800] "GET /xingrg/all/function/internal_message.html?_=1623031416586&CODE_STATE=getMsg HTTP/1.1" 200 27
180.169.147.146 - - [07/Jun/2021:10:03:33 +0800] "POST /xingrg/kc/mdqp/pssh_list_operate.html HTTP/1.1" 200 748
116.224.253.72 - - [07/Jun/2021:10:03:34 +0800] "GET /xingrg/kc/base/wldb_order_operate.html?command=get_materiel&rest_code=00150&base_code=0010451&code=00102003261 HTTP/1.1" 200 433
180.169.147.146 - - [07/Jun/2021:10:03:35 +0800] "POST /xingrg/kc/mdqp/pssh_list_operate.html HTTP/1.1" 200 629
116.235.222.38 - - [07/Jun/2021:10:03:36 +0800] "GET /xingrg/all/function/internal_message.html?_=1623031418792&CODE_STATE=getMsg HTTP/1.1" 200 27
116.224.253.72 - - [07/Jun/2021:10:03:36 +0800] "GET /xingrg/all/function/internal_message.html?_=1623031418794&CODE_STATE=getMsg HTTP/1.1" 200 27
101.85.94.178 - - [07/Jun/2021:10:03:38 +0800] "GET /xingrg/all/function/internal_message.html?_=1623030885642&CODE_STATE=getMsg HTTP/1.1" 200 27
101.85.94.178 - - [07/Jun/2021:10:03:38 +0800] "GET /xingrg/check_reg.html?_=1623030885641 HTTP/1.1" 200 22
183.192.95.179 - - [07/Jun/2021:10:03:43 +0800] "GET /xingrg/all/function/internal_message.html?_=1623031431864&CODE_STATE=getMsg HTTP/1.1" 302 -
114.86.230.197 - - [07/Jun/2021:10:03:45 +0800] "GET /xingrg/all/function/internal_message.html?_=1623031430047&CODE_STATE=getMsg HTTP/1.1" 200 27
116.224.253.72 - - [07/Jun/2021:10:03:47 +0800] "POST /xingrg/kc/base/wldb_order_operate.html HTTP/1.1" 200 37
222.70.177.128 - - [07/Jun/2021:10:03:48 +0800] "GET /xingrg/all/function/internal_message.html?_=1623031429554&CODE_STATE=getMsg HTTP/1.1" 200 27
116.224.253.72 - - [07/Jun/2021:10:03:48 +0800] "POST /xingrg/kc/base/wldb_order_operate.html HTTP/1.1" 200 2182
222.70.177.128 - - [07/Jun/2021:10:03:51 +0800] "GET /xingrg/check_reg.html?_=1623031429553 HTTP/1.1" 200 22
116.224.253.72 - - [07/Jun/2021:10:03:53 +0800] "POST /xingrg/kc/base/wldb_order_operate.html HTTP/1.1" 200 12
116.224.253.72 - - [07/Jun/2021:10:03:54 +0800] "GET /xingrg/kc/base/wldb_order_info.html?code=422021060700751 HTTP/1.1" 200 26108
116.224.253.72 - - [07/Jun/2021:10:03:54 +0800] "GET /xingrg/javascript/easyui/themes/default/validatebox.css HTTP/1.1" 404 1104
116.224.253.72 - - [07/Jun/2021:10:03:54 +0800] "POST /xingrg/kc/base/wldb_order_operate.html HTTP/1.1" 200 477
116.224.253.72 - - [07/Jun/2021:10:03:56 +0800] "GET /xingrg/kc/print/load_config.html?kc_code=wldb HTTP/1.1" 200 2173
116.230.114.112 - - [07/Jun/2021:10:03:56 +0800] "GET /xingrg/check_reg.html?_=1623031440338 HTTP/1.1" 302 -
180.169.147.146 - - [07/Jun/2021:10:03:56 +0800] "GET /xingrg/check_reg.html?_=1623031437971 HTTP/1.1" 200 22
180.169.147.146 - - [07/Jun/2021:10:03:56 +0800] "GET /xingrg/all/function/internal_message.html?_=1623031437974&CODE_STATE=getMsg HTTP/1.1" 200 27
180.161.111.4 - - [07/Jun/2021:10:03:56 +0800] "GET /xingrg/check_reg.html?_=1623031401119 HTTP/1.1" 200 22
116.224.253.72 - - [07/Jun/2021:10:03:56 +0800] "GET /xingrg/kc/print/load_data.html?order_code=422021060700751&kc_code=wldb&condition= HTTP/1.1" 200 589
180.161.111.4 - - [07/Jun/2021:10:03:57 +0800] "GET /xingrg/all/function/internal_message.html?_=1623031401549&CODE_STATE=getMsg HTTP/1.1" 200 27
116.230.110.80 - - [07/Jun/2021:10:04:01 +0800] "GET /xingrg/all/function/internal_message.html?_=1623031431884&CODE_STATE=getMsg HTTP/1.1" 200 27
61.165.42.208 - - [07/Jun/2021:10:04:01 +0800] "GET /xingrg/all/function/internal_message.html?_=1623031445886&CODE_STATE=getMsg HTTP/1.1" 200 27
117.184.7.26 - - [07/Jun/2021:10:04:06 +0800] "GET /xingrg/all/function/internal_message.html?_=1623031447509&CODE_STATE=getMsg HTTP/1.1" 200 27
124.79.241.247 - - [07/Jun/2021:10:04:07 +0800] "GET /xingrg/check_reg.html?_=1623031543016 HTTP/1.1" 200 22
117.131.5.26 - - [07/Jun/2021:10:04:07 +0800] "GET /xingrg/all/function/internal_message.html?_=1623031543017&CODE_STATE=getMsg HTTP/1.1" 200 27
180.169.147.146 - - [07/Jun/2021:10:04:10 +0800] "GET /favicon.ico HTTP/1.1" 404 -
180.169.147.146 - - [07/Jun/2021:10:04:10 +0800] "GET /xingrg/all/function/internal_message.html?_=1623031453415&CODE_STATE=getMsg HTTP/1.1" 200 27
116.224.253.72 - - [07/Jun/2021:10:04:18 +0800] "GET /xingrg/all/function/internal_message.html?_=1623031460018&CODE_STATE=getMsg HTTP/1.1" 200 27
120.253.135.82 - - [07/Jun/2021:10:04:19 +0800] "GET /xingrg/check_reg.html?_=1623031245339 HTTP/1.1" 200 22
120.253.135.82 - - [07/Jun/2021:10:04:19 +0800] "GET /xingrg/all/function/internal_message.html?_=1623031245526&CODE_STATE=getMsg HTTP/1.1" 200 27
120.253.135.82 - - [07/Jun/2021:10:04:20 +0800] "GET /xingrg/all/function/internal_message.html?_=1623031494694&CODE_STATE=getMsg HTTP/1.1" 302 -
222.69.128.222 - - [07/Jun/2021:10:04:25 +0800] "GET /xingrg/all/function/internal_message.html?_=1623031467785&CODE_STATE=getMsg HTTP/1.1" 200 27
101.83.241.191 - - [07/Jun/2021:10:04:26 +0800] "GET /xingrg/all/function/internal_message.html?_=1623031469243&CODE_STATE=getMsg HTTP/1.1" 200 27
116.230.117.165 - - [07/Jun/2021:10:04:26 +0800] "GET /xingrg/all/function/internal_message.html?_=1623031470874&CODE_STATE=getMsg HTTP/1.1" 200 27
180.169.147.146 - - [07/Jun/2021:10:04:30 +0800] "POST /xingrg/kc/mdqp/pssh_list_operate.html HTTP/1.1" 200 264
114.86.187.76 - - [07/Jun/2021:10:04:33 +0800] "GET /xingrg/all/function/internal_message.html?_=1623031476569&CODE_STATE=getMsg HTTP/1.1" 200 27
116.235.222.38 - - [07/Jun/2021:10:04:36 +0800] "GET /xingrg/all/function/internal_message.html?_=1623031478774&CODE_STATE=getMsg HTTP/1.1" 200 27
116.224.253.72 - - [07/Jun/2021:10:04:36 +0800] "GET /xingrg/check_reg.html?_=1623031478416 HTTP/1.1" 200 22
116.224.253.72 - - [07/Jun/2021:10:04:36 +0800] "GET /xingrg/all/function/internal_message.html?_=1623031478807&CODE_STATE=getMsg HTTP/1.1" 200 27
101.85.94.178 - - [07/Jun/2021:10:04:38 +0800] "GET /xingrg/all/function/internal_message.html?_=1623030945625&CODE_STATE=getMsg HTTP/1.1" 200 27
183.192.95.179 - - [07/Jun/2021:10:04:43 +0800] "GET /xingrg/all/function/internal_message.html?_=1623031491834&CODE_STATE=getMsg HTTP/1.1" 302 -
114.86.230.197 - - [07/Jun/2021:10:04:45 +0800] "GET /xingrg/all/function/internal_message.html?_=1623031490049&CODE_STATE=getMsg HTTP/1.1" 200 27
222.70.177.128 - - [07/Jun/2021:10:04:48 +0800] "GET /xingrg/all/function/internal_message.html?_=1623031489580&CODE_STATE=getMsg HTTP/1.1" 200 27
180.169.147.146 - - [07/Jun/2021:10:04:56 +0800] "GET /xingrg/all/function/internal_message.html?_=1623031497959&CODE_STATE=getMsg HTTP/1.1" 200 27
222.69.128.222 - - [07/Jun/2021:10:04:57 +0800] "GET /xingrg/kc/buy/cgsh_order_add.html HTTP/1.1" 200 62466
180.161.111.4 - - [07/Jun/2021:10:04:57 +0800] "GET /xingrg/all/function/internal_message.html?_=1623031461563&CODE_STATE=getMsg HTTP/1.1" 200 27
222.69.128.222 - - [07/Jun/2021:10:04:57 +0800] "POST /xingrg/kc/buy/cgsh_order_operate.html HTTP/1.1" 200 8245
222.69.128.222 - - [07/Jun/2021:10:04:57 +0800] "GET /xingrg/javascript/easyui/themes/default/validatebox.css HTTP/1.1" 404 1104
116.230.110.80 - - [07/Jun/2021:10:05:01 +0800] "GET /xingrg/all/function/internal_message.html?_=1623031491874&CODE_STATE=getMsg HTTP/1.1" 200 27
61.165.42.208 - - [07/Jun/2021:10:05:01 +0800] "GET /xingrg/all/function/internal_message.html?_=1623031505887&CODE_STATE=getMsg HTTP/1.1" 200 27
117.184.7.26 - - [07/Jun/2021:10:05:06 +0800] "GET /xingrg/all/function/internal_message.html?_=1623031507495&CODE_STATE=getMsg HTTP/1.1" 200 27
124.79.241.247 - - [07/Jun/2021:10:05:07 +0800] "GET /xingrg/all/function/internal_message.html?_=1623031603050&CODE_STATE=getMsg HTTP/1.1" 200 27
180.169.147.146 - - [07/Jun/2021:10:05:10 +0800] "GET /xingrg/all/function/internal_message.html?_=1623031513416&CODE_STATE=getMsg HTTP/1.1" 200 27
116.224.253.72 - - [07/Jun/2021:10:05:18 +0800] "GET /xingrg/check_reg.html?_=1623031520023 HTTP/1.1" 200 22
116.224.253.72 - - [07/Jun/2021:10:05:18 +0800] "GET /xingrg/all/function/internal_message.html?_=1623031520026&CODE_STATE=getMsg HTTP/1.1" 200 27
120.253.135.82 - - [07/Jun/2021:10:05:19 +0800] "GET /xingrg/all/function/internal_message.html?_=1623031305539&CODE_STATE=getMsg HTTP/1.1" 200 27
120.253.135.82 - - [07/Jun/2021:10:05:20 +0800] "GET /xingrg/all/function/internal_message.html?_=1623031554731&CODE_STATE=getMsg HTTP/1.1" 302 -
222.69.128.222 - - [07/Jun/2021:10:05:22 +0800] "GET /xingrg/kc/buy/cgsh_order_operate.html?command=get_materiel&rest_code=00149&code=00101007083&supplier_code=00100205&order_time=2021-06-07 HTTP/1.1" 200 423
222.69.128.222 - - [07/Jun/2021:10:05:25 +0800] "GET /xingrg/all/function/internal_message.html?_=1623031527761&CODE_STATE=getMsg HTTP/1.1" 200 27
101.83.241.191 - - [07/Jun/2021:10:05:26 +0800] "GET /xingrg/all/function/internal_message.html?_=1623031529228&CODE_STATE=getMsg HTTP/1.1" 200 27
116.230.117.165 - - [07/Jun/2021:10:05:26 +0800] "GET /xingrg/all/function/internal_message.html?_=1623031530884&CODE_STATE=getMsg HTTP/1.1" 200 27
114.86.187.76 - - [07/Jun/2021:10:05:33 +0800] "GET /xingrg/all/function/internal_message.html?_=1623031536554&CODE_STATE=getMsg HTTP/1.1" 200 27
116.235.222.38 - - [07/Jun/2021:10:05:36 +0800] "GET /xingrg/all/function/internal_message.html?_=1623031538753&CODE_STATE=getMsg HTTP/1.1" 200 27
116.224.253.72 - - [07/Jun/2021:10:05:36 +0800] "GET /xingrg/all/function/internal_message.html?_=1623031538821&CODE_STATE=getMsg HTTP/1.1" 200 27
101.85.94.178 - - [07/Jun/2021:10:05:38 +0800] "GET /xingrg/all/function/internal_message.html?_=1623031005612&CODE_STATE=getMsg HTTP/1.1" 200 27
222.69.128.222 - - [07/Jun/2021:10:05:39 +0800] "GET /xingrg/kc/buy/cgsh_order_operate.html?command=get_materiel&rest_code=00149&code=00101007125&supplier_code=00100205&order_time=2021-06-07 HTTP/1.1" 200 408
183.192.95.179 - - [07/Jun/2021:10:05:43 +0800] "GET /xingrg/all/function/internal_message.html?_=1623031551804&CODE_STATE=getMsg HTTP/1.1" 302 -
114.86.230.197 - - [07/Jun/2021:10:05:45 +0800] "GET /xingrg/all/function/internal_message.html?_=1623031550052&CODE_STATE=getMsg HTTP/1.1" 200 27
114.86.230.197 - - [07/Jun/2021:10:05:45 +0800] "GET /xingrg/check_reg.html?_=1623031550053 HTTP/1.1" 200 22
222.70.177.128 - - [07/Jun/2021:10:05:48 +0800] "GET /xingrg/all/function/internal_message.html?_=1623031549578&CODE_STATE=getMsg HTTP/1.1" 200 27
180.169.147.146 - - [07/Jun/2021:10:05:56 +0800] "GET /xingrg/all/function/internal_message.html?_=1623031557959&CODE_STATE=getMsg HTTP/1.1" 200 27
222.69.128.222 - - [07/Jun/2021:10:05:57 +0800] "GET /xingrg/kc/buy/cgsh_order_operate.html?command=get_materiel&rest_code=00149&code=00101007049&supplier_code=00100205&order_time=2021-06-07 HTTP/1.1" 200 409
180.161.111.4 - - [07/Jun/2021:10:05:57 +0800] "GET /xingrg/all/function/internal_message.html?_=1623031521576&CODE_STATE=getMsg HTTP/1.1" 200 27
116.230.110.80 - - [07/Jun/2021:10:06:01 +0800] "GET /xingrg/all/function/internal_message.html?_=1623031551883&CODE_STATE=getMsg HTTP/1.1" 200 27
61.165.42.208 - - [07/Jun/2021:10:06:01 +0800] "GET /xingrg/all/function/internal_message.html?_=1623031565884&CODE_STATE=getMsg HTTP/1.1" 200 27
117.184.7.26 - - [07/Jun/2021:10:06:06 +0800] "GET /xingrg/all/function/internal_message.html?_=1623031567513&CODE_STATE=getMsg HTTP/1.1" 200 27
124.79.241.247 - - [07/Jun/2021:10:06:07 +0800] "GET /xingrg/all/function/internal_message.html?_=1623031663033&CODE_STATE=getMsg HTTP/1.1" 200 27
222.69.128.222 - - [07/Jun/2021:10:06:08 +0800] "GET /xingrg/kc/buy/cgsh_order_operate.html?command=get_materiel&rest_code=00149&code=00101007023&supplier_code=00100205&order_time=2021-06-07 HTTP/1.1" 200 409
180.169.147.146 - - [07/Jun/2021:10:06:10 +0800] "GET /xingrg/check_reg.html?_=1623031573419 HTTP/1.1" 200 22
180.169.147.146 - - [07/Jun/2021:10:06:10 +0800] "GET /xingrg/all/function/internal_message.html?_=1623031573422&CODE_STATE=getMsg HTTP/1.1" 200 27
180.169.147.146 - - [07/Jun/2021:10:06:17 +0800] "GET /xingrg/check_reg.html?_=1623031580064 HTTP/1.1" 302 -
116.224.253.72 - - [07/Jun/2021:10:06:18 +0800] "GET /xingrg/all/function/internal_message.html?_=1623031580026&CODE_STATE=getMsg HTTP/1.1" 200 27
120.253.135.82 - - [07/Jun/2021:10:06:19 +0800] "GET /xingrg/all/function/internal_message.html?_=1623031365553&CODE_STATE=getMsg HTTP/1.1" 200 27
120.253.135.82 - - [07/Jun/2021:10:06:20 +0800] "GET /xingrg/all/function/internal_message.html?_=1623031614737&CODE_STATE=getMsg HTTP/1.1" 302 -
222.69.128.222 - - [07/Jun/2021:10:06:25 +0800] "GET /xingrg/all/function/internal_message.html?_=1623031587740&CODE_STATE=getMsg HTTP/1.1" 200 27
222.69.128.222 - - [07/Jun/2021:10:06:25 +0800] "GET /xingrg/check_reg.html?_=1623031587902 HTTP/1.1" 200 22
222.69.128.222 - - [07/Jun/2021:10:06:26 +0800] "GET /xingrg/kc/buy/cgsh_order_operate.html?command=get_materiel&rest_code=00149&code=00101007061&supplier_code=00100205&order_time=2021-06-07 HTTP/1.1" 200 409
101.83.241.191 - - [07/Jun/2021:10:06:26 +0800] "GET /xingrg/all/function/internal_message.html?_=1623031589200&CODE_STATE=getMsg HTTP/1.1" 200 27
116.230.117.165 - - [07/Jun/2021:10:06:26 +0800] "GET /xingrg/all/function/internal_message.html?_=1623031590976&CODE_STATE=getMsg HTTP/1.1" 200 27
114.86.187.76 - - [07/Jun/2021:10:06:33 +0800] "GET /xingrg/all/function/internal_message.html?_=1623031596540&CODE_STATE=getMsg HTTP/1.1" 200 27
114.86.187.76 - - [07/Jun/2021:10:06:34 +0800] "GET /xingrg/check_reg.html?_=1623031597441 HTTP/1.1" 200 22
116.235.222.38 - - [07/Jun/2021:10:06:36 +0800] "GET /xingrg/all/function/internal_message.html?_=1623031598736&CODE_STATE=getMsg HTTP/1.1" 200 27
116.224.253.72 - - [07/Jun/2021:10:06:36 +0800] "GET /xingrg/all/function/internal_message.html?_=1623031598835&CODE_STATE=getMsg HTTP/1.1" 200 27
222.69.128.222 - - [07/Jun/2021:10:06:37 +0800] "GET /xingrg/kc/buy/cgsh_order_operate.html?command=get_materiel&rest_code=00149&code=00101007081&supplier_code=00100205&order_time=2021-06-07 HTTP/1.1" 200 415
101.85.94.178 - - [07/Jun/2021:10:06:38 +0800] "GET /xingrg/all/function/internal_message.html?_=1623031065598&CODE_STATE=getMsg HTTP/1.1" 200 27
183.192.95.179 - - [07/Jun/2021:10:06:43 +0800] "GET /xingrg/all/function/internal_message.html?_=1623031611789&CODE_STATE=getMsg HTTP/1.1" 302 -
222.69.128.222 - - [07/Jun/2021:10:06:44 +0800] "GET /xingrg/kc/buy/cgsh_order_operate.html?command=get_materiel&rest_code=00149&code=00101007082&supplier_code=00100205&order_time=2021-06-07 HTTP/1.1" 200 429
183.192.95.179 - - [07/Jun/2021:10:06:45 +0800] "GET /xingrg/check_reg.html?_=1623031614429 HTTP/1.1" 302 -
114.86.230.197 - - [07/Jun/2021:10:06:45 +0800] "GET /xingrg/all/function/internal_message.html?_=1623031610053&CODE_STATE=getMsg HTTP/1.1" 200 27
222.70.177.128 - - [07/Jun/2021:10:06:48 +0800] "GET /xingrg/all/function/internal_message.html?_=1623031609576&CODE_STATE=getMsg HTTP/1.1" 200 27
116.224.253.72 - - [07/Jun/2021:10:06:53 +0800] "GET /xingrg/kc/base/yddb_order_list.html HTTP/1.1" 200 16631
116.224.253.72 - - [07/Jun/2021:10:06:54 +0800] "POST /xingrg/kc/base/yddb_list_operate.html HTTP/1.1" 200 636
180.169.147.146 - - [07/Jun/2021:10:06:56 +0800] "GET /xingrg/all/function/internal_message.html?_=1623031617961&CODE_STATE=getMsg HTTP/1.1" 200 27
180.161.111.4 - - [07/Jun/2021:10:06:57 +0800] "GET /xingrg/all/function/internal_message.html?_=1623031581732&CODE_STATE=getMsg HTTP/1.1" 200 27
116.230.110.80 - - [07/Jun/2021:10:07:01 +0800] "GET /xingrg/all/function/internal_message.html?_=1623031611875&CODE_STATE=getMsg HTTP/1.1" 200 27
61.165.42.208 - - [07/Jun/2021:10:07:01 +0800] "GET /xingrg/all/function/internal_message.html?_=1623031625882&CODE_STATE=getMsg HTTP/1.1" 200 27
117.184.7.26 - - [07/Jun/2021:10:07:06 +0800] "GET /xingrg/all/function/internal_message.html?_=1623031627505&CODE_STATE=getMsg HTTP/1.1" 200 27
124.79.241.247 - - [07/Jun/2021:10:07:07 +0800] "GET /xingrg/all/function/internal_message.html?_=1623031723041&CODE_STATE=getMsg HTTP/1.1" 200 27
116.224.253.72 - - [07/Jun/2021:10:07:09 +0800] "GET /xingrg/kc/base/yddb_order_add.html HTTP/1.1" 200 29829
116.224.253.72 - - [07/Jun/2021:10:07:09 +0800] "GET /xingrg/dwr/interface/AjaxComOrderService.js HTTP/1.1" 200 18264
116.224.253.72 - - [07/Jun/2021:10:07:09 +0800] "GET /xingrg/dwr/interface/AjaxYddbService.js HTTP/1.1" 200 13201
116.224.253.72 - - [07/Jun/2021:10:07:09 +0800] "GET /xingrg/dwr/engine.js HTTP/1.1" 200 43631
180.169.147.146 - - [07/Jun/2021:10:07:10 +0800] "GET /xingrg/all/function/internal_message.html?_=1623031633422&CODE_STATE=getMsg HTTP/1.1" 200 27
116.224.253.72 - - [07/Jun/2021:10:07:13 +0800] "POST /xingrg/dwr/call/plaincall/AjaxYddbService.getRestBases.dwr HTTP/1.1" 200 1514
116.224.253.72 - - [07/Jun/2021:10:07:18 +0800] "GET /xingrg/all/function/internal_message.html?_=1623031640042&CODE_STATE=getMsg HTTP/1.1" 200 27
222.69.128.222 - - [07/Jun/2021:10:07:18 +0800] "GET /xingrg/kc/buy/cgsh_order_operate.html?command=get_materiel&rest_code=00149&code=00101007048&supplier_code=00100205&order_time=2021-06-07 HTTP/1.1" 200 408
120.253.135.82 - - [07/Jun/2021:10:07:19 +0800] "GET /xingrg/all/function/internal_message.html?_=1623031425567&CODE_STATE=getMsg HTTP/1.1" 200 27
120.253.135.82 - - [07/Jun/2021:10:07:20 +0800] "GET /xingrg/all/function/internal_message.html?_=1623031674775&CODE_STATE=getMsg HTTP/1.1" 302 -
116.224.253.72 - - [07/Jun/2021:10:07:23 +0800] "POST /xingrg/dwr/call/plaincall/AjaxYddbService.saveOrder.dwr HTTP/1.1" 200 78
222.69.128.222 - - [07/Jun/2021:10:07:25 +0800] "GET /xingrg/all/function/internal_message.html?_=1623031647714&CODE_STATE=getMsg HTTP/1.1" 200 27
101.83.241.191 - - [07/Jun/2021:10:07:26 +0800] "GET /xingrg/all/function/internal_message.html?_=1623031649172&CODE_STATE=getMsg HTTP/1.1" 200 27
116.230.117.165 - - [07/Jun/2021:10:07:26 +0800] "GET /xingrg/all/function/internal_message.html?_=1623031650989&CODE_STATE=getMsg HTTP/1.1" 200 27
101.83.241.191 - - [07/Jun/2021:10:07:27 +0800] "GET /xingrg/check_reg.html?_=1623031649723 HTTP/1.1" 200 22
180.169.147.146 - - [07/Jun/2021:10:07:31 +0800] "GET /xingrg/check_reg.html?_=1623031653169 HTTP/1.1" 200 22
114.86.187.76 - - [07/Jun/2021:10:07:33 +0800] "GET /xingrg/all/function/internal_message.html?_=1623031656536&CODE_STATE=getMsg HTTP/1.1" 200 27
180.169.147.146 - - [07/Jun/2021:10:07:33 +0800] "GET /xingrg/check_reg.html?_=1623031659289 HTTP/1.1" 302 -
222.69.128.222 - - [07/Jun/2021:10:07:34 +0800] "POST /xingrg/kc/buy/cgsh_order_operate.html HTTP/1.1" 200 37
180.161.111.4 - - [07/Jun/2021:10:07:34 +0800] "GET /xingrg/kc/buy/cgsh_order_add.html HTTP/1.1" 200 62372
180.161.111.4 - - [07/Jun/2021:10:07:35 +0800] "POST /xingrg/kc/buy/cgsh_order_operate.html HTTP/1.1" 200 8245
180.161.111.4 - - [07/Jun/2021:10:07:35 +0800] "GET /xingrg/javascript/easyui/themes/default/validatebox.css HTTP/1.1" 404 1104
116.235.222.38 - - [07/Jun/2021:10:07:36 +0800] "GET /xingrg/all/function/internal_message.html?_=1623031658720&CODE_STATE=getMsg HTTP/1.1" 200 27
116.224.253.72 - - [07/Jun/2021:10:07:36 +0800] "GET /xingrg/all/function/internal_message.html?_=1623031658861&CODE_STATE=getMsg HTTP/1.1" 200 27
101.93.222.235 - - [07/Jun/2021:10:07:36 +0800] "GET /favicon.ico HTTP/1.1" 404 -
101.85.94.178 - - [07/Jun/2021:10:07:38 +0800] "GET /xingrg/all/function/internal_message.html?_=1623031125598&CODE_STATE=getMsg HTTP/1.1" 200 27
222.69.128.222 - - [07/Jun/2021:10:07:40 +0800] "POST /xingrg/kc/buy/cgsh_order_operate.html HTTP/1.1" 200 12
183.192.95.179 - - [07/Jun/2021:10:07:42 +0800] "GET /xingrg/all/function/internal_message.html?_=1623031671768&CODE_STATE=getMsg HTTP/1.1" 302 -
222.69.128.222 - - [07/Jun/2021:10:07:44 +0800] "GET /xingrg/kc/buy/cgsh_order_info.html?code=212021060703041 HTTP/1.1" 200 57366
222.69.128.222 - - [07/Jun/2021:10:07:44 +0800] "GET /xingrg/javascript/easyui/themes/default/validatebox.css HTTP/1.1" 404 1104
222.69.128.222 - - [07/Jun/2021:10:07:44 +0800] "POST /xingrg/kc/buy/cgsh_order_operate.html HTTP/1.1" 200 4173
114.86.230.197 - - [07/Jun/2021:10:07:45 +0800] "GET /xingrg/all/function/internal_message.html?_=1623031670055&CODE_STATE=getMsg HTTP/1.1" 200 27
180.161.111.4 - - [07/Jun/2021:10:07:46 +0800] "GET /xingrg/javascript/easyui/themes/default/tree.css HTTP/1.1" 404 1090
180.161.111.4 - - [07/Jun/2021:10:07:47 +0800] "POST /xingrg/all/common/load_tree.html?tree=supplier_tree_json&isDelete=1 HTTP/1.1" 200 56016
222.70.177.128 - - [07/Jun/2021:10:07:48 +0800] "GET /xingrg/all/function/internal_message.html?_=1623031669574&CODE_STATE=getMsg HTTP/1.1" 200 27
222.69.128.222 - - [07/Jun/2021:10:07:51 +0800] "GET /xingrg/kc/print/load_data.html?order_code=212021060703041&kc_code=cgsh&condition= HTTP/1.1" 200 2060
180.169.147.146 - - [07/Jun/2021:10:07:56 +0800] "GET /xingrg/all/function/internal_message.html?_=1623031677960&CODE_STATE=getMsg HTTP/1.1" 200 27
180.161.111.4 - - [07/Jun/2021:10:07:57 +0800] "GET /xingrg/all/function/internal_message.html?_=1623031641751&CODE_STATE=getMsg HTTP/1.1" 200 27
120.253.135.82 - - [07/Jun/2021:10:07:57 +0800] "GET /xingrg/check_reg.html?_=1623031712223 HTTP/1.1" 302 -
222.69.128.222 - - [07/Jun/2021:10:08:00 +0800] "GET /xingrg/kc/buy/cgsh_order_add.html HTTP/1.1" 200 62466
222.69.128.222 - - [07/Jun/2021:10:08:01 +0800] "POST /xingrg/kc/buy/cgsh_order_operate.html HTTP/1.1" 200 8245
222.69.128.222 - - [07/Jun/2021:10:08:01 +0800] "GET /xingrg/javascript/easyui/themes/default/validatebox.css HTTP/1.1" 404 1104
116.230.110.80 - - [07/Jun/2021:10:08:01 +0800] "GET /xingrg/all/function/internal_message.html?_=1623031671888&CODE_STATE=getMsg HTTP/1.1" 200 27
116.230.110.80 - - [07/Jun/2021:10:08:01 +0800] "GET /xingrg/check_reg.html?_=1623031671889 HTTP/1.1" 200 22
61.165.42.208 - - [07/Jun/2021:10:08:01 +0800] "GET /xingrg/all/function/internal_message.html?_=1623031685890&CODE_STATE=getMsg HTTP/1.1" 200 27
61.165.42.208 - - [07/Jun/2021:10:08:01 +0800] "GET /xingrg/check_reg.html?_=1623031685892 HTTP/1.1" 200 22
116.224.253.72 - - [07/Jun/2021:10:08:04 +0800] "POST /xingrg/dwr/call/plaincall/AjaxComOrderService.getMaterielSearchList.dwr HTTP/1.1" 200 435454
116.224.253.72 - - [07/Jun/2021:10:08:04 +0800] "POST /xingrg/dwr/call/plaincall/AjaxComOrderService.getMaterielSearchList.dwr HTTP/1.1" 200 6820
116.224.253.72 - - [07/Jun/2021:10:08:05 +0800] "POST /xingrg/dwr/call/plaincall/AjaxComOrderService.getMaterielSearchList.dwr HTTP/1.1" 200 444
117.184.7.26 - - [07/Jun/2021:10:08:06 +0800] "GET /xingrg/check_reg.html?_=1623031687507 HTTP/1.1" 200 22
117.184.7.26 - - [07/Jun/2021:10:08:06 +0800] "GET /xingrg/all/function/internal_message.html?_=1623031687509&CODE_STATE=getMsg HTTP/1.1" 200 27
124.79.241.247 - - [07/Jun/2021:10:08:07 +0800] "GET /xingrg/all/function/internal_message.html?_=1623031783041&CODE_STATE=getMsg HTTP/1.1" 200 27
180.161.111.4 - - [07/Jun/2021:10:08:09 +0800] "GET /xingrg/kc/buy/cgsh_order_operate.html?command=get_materiel&rest_code=00102&code=00101009124&supplier_code=00100424&order_time=2021-06-07 HTTP/1.1" 200 402
180.169.147.146 - - [07/Jun/2021:10:08:09 +0800] "GET /xingrg/check_reg.html?_=1623031695592 HTTP/1.1" 302 -
180.169.147.146 - - [07/Jun/2021:10:08:10 +0800] "GET /xingrg/all/function/internal_message.html?_=1623031693420&CODE_STATE=getMsg HTTP/1.1" 200 27
116.224.253.72 - - [07/Jun/2021:10:08:11 +0800] "POST /xingrg/dwr/call/plaincall/AjaxYddbService.getMaterielByMap.dwr HTTP/1.1" 200 3722
116.224.253.72 - - [07/Jun/2021:10:08:18 +0800] "GET /xingrg/all/function/internal_message.html?_=1623031700039&CODE_STATE=getMsg HTTP/1.1" 200 27
120.253.135.82 - - [07/Jun/2021:10:08:19 +0800] "GET /xingrg/all/function/internal_message.html?_=1623031485580&CODE_STATE=getMsg HTTP/1.1" 200 27
120.253.135.82 - - [07/Jun/2021:10:08:20 +0800] "GET /xingrg/all/function/internal_message.html?_=1623031734779&CODE_STATE=getMsg HTTP/1.1" 302 -
116.224.253.72 - - [07/Jun/2021:10:08:21 +0800] "GET /xingrg/images/yd/bt.gif HTTP/1.1" 404 1040
116.224.253.72 - - [07/Jun/2021:10:08:23 +0800] "POST /xingrg/dwr/call/plaincall/AjaxYddbService.saveMaterielItem.dwr HTTP/1.1" 200 78
222.69.128.222 - - [07/Jun/2021:10:08:24 +0800] "GET /xingrg/kc/buy/cgsh_order_operate.html?command=get_materiel&rest_code=00149&code=00101009062&supplier_code=00100201&order_time=2021-06-07 HTTP/1.1" 200 412
180.161.111.4 - - [07/Jun/2021:10:08:24 +0800] "GET /xingrg/kc/buy/cgsh_order_operate.html?command=get_materiel&rest_code=00102&code=00101009011&supplier_code=00100424&order_time=2021-06-07 HTTP/1.1" 200 416
222.69.128.222 - - [07/Jun/2021:10:08:25 +0800] "GET /xingrg/all/function/internal_message.html?_=1623031707739&CODE_STATE=getMsg HTTP/1.1" 200 27
116.230.117.165 - - [07/Jun/2021:10:08:26 +0800] "GET /xingrg/check_reg.html?_=1623031710212 HTTP/1.1" 200 22
116.235.222.38 - - [07/Jun/2021:10:08:26 +0800] "GET /xingrg/check_reg.html?_=1623031709134 HTTP/1.1" 200 22
101.83.241.191 - - [07/Jun/2021:10:08:26 +0800] "GET /xingrg/all/function/internal_message.html?_=1623031709173&CODE_STATE=getMsg HTTP/1.1" 200 27
116.230.117.165 - - [07/Jun/2021:10:08:26 +0800] "GET /xingrg/all/function/internal_message.html?_=1623031711003&CODE_STATE=getMsg HTTP/1.1" 200 27
58.221.95.50 - - [07/Jun/2021:10:08:29 +0800] "GET /favicon.ico HTTP/1.1" 404 -
116.230.110.80 - - [07/Jun/2021:10:08:30 +0800] "GET /favicon.ico HTTP/1.1" 404 -
116.224.253.72 - - [07/Jun/2021:10:08:31 +0800] "POST /xingrg/dwr/call/plaincall/AjaxComOrderService.getMaterielSearchList.dwr HTTP/1.1" 200 435454
116.224.253.72 - - [07/Jun/2021:10:08:31 +0800] "POST /xingrg/dwr/call/plaincall/AjaxComOrderService.getMaterielSearchList.dwr HTTP/1.1" 200 444
180.161.111.4 - - [07/Jun/2021:10:08:32 +0800] "GET /xingrg/kc/buy/cgsh_order_operate.html?command=get_materiel&rest_code=00102&code=00101009007&supplier_code=00100424&order_time=2021-06-07 HTTP/1.1" 200 408
114.86.187.76 - - [07/Jun/2021:10:08:33 +0800] "GET /xingrg/all/function/internal_message.html?_=1623031716522&CODE_STATE=getMsg HTTP/1.1" 200 27
116.224.253.72 - - [07/Jun/2021:10:08:33 +0800] "POST /xingrg/dwr/call/plaincall/AjaxYddbService.getMaterielByMap.dwr HTTP/1.1" 200 3722
116.235.222.38 - - [07/Jun/2021:10:08:36 +0800] "GET /xingrg/all/function/internal_message.html?_=1623031718694&CODE_STATE=getMsg HTTP/1.1" 200 27
116.224.253.72 - - [07/Jun/2021:10:08:36 +0800] "GET /xingrg/all/function/internal_message.html?_=1623031718877&CODE_STATE=getMsg HTTP/1.1" 200 27
116.224.253.72 - - [07/Jun/2021:10:08:37 +0800] "POST /xingrg/dwr/call/plaincall/AjaxYddbService.saveMaterielItem.dwr HTTP/1.1" 200 79
101.85.94.178 - - [07/Jun/2021:10:08:38 +0800] "GET /xingrg/all/function/internal_message.html?_=1623031185597&CODE_STATE=getMsg HTTP/1.1" 200 27
101.85.94.178 - - [07/Jun/2021:10:08:38 +0800] "GET /xingrg/check_reg.html?_=1623031185600 HTTP/1.1" 200 22
180.161.111.4 - - [07/Jun/2021:10:08:39 +0800] "GET /xingrg/kc/buy/cgsh_order_operate.html?command=get_materiel&rest_code=00102&code=00101009109&supplier_code=00100424&order_time=2021-06-07 HTTP/1.1" 200 399
222.69.128.222 - - [07/Jun/2021:10:08:39 +0800] "GET /xingrg/kc/buy/cgsh_order_operate.html?command=get_materiel&rest_code=00149&code=00101009011&supplier_code=00100201&order_time=2021-06-07 HTTP/1.1" 200 416
183.192.95.179 - - [07/Jun/2021:10:08:42 +0800] "GET /xingrg/all/function/internal_message.html?_=1623031731753&CODE_STATE=getMsg HTTP/1.1" 302 -
114.86.230.197 - - [07/Jun/2021:10:08:45 +0800] "GET /xingrg/all/function/internal_message.html?_=1623031730059&CODE_STATE=getMsg HTTP/1.1" 200 27
180.161.111.4 - - [07/Jun/2021:10:08:45 +0800] "GET /xingrg/kc/buy/cgsh_order_operate.html?command=get_materiel&rest_code=00102&code=00101009062&supplier_code=00100424&order_time=2021-06-07 HTTP/1.1" 200 412
116.224.253.72 - - [07/Jun/2021:10:08:46 +0800] "POST /xingrg/dwr/call/plaincall/AjaxComOrderService.getMaterielSearchList.dwr HTTP/1.1" 200 313797
116.224.253.72 - - [07/Jun/2021:10:08:46 +0800] "POST /xingrg/dwr/call/plaincall/AjaxComOrderService.getMaterielSearchList.dwr HTTP/1.1" 200 709
222.70.177.128 - - [07/Jun/2021:10:08:48 +0800] "GET /xingrg/all/function/internal_message.html?_=1623031729572&CODE_STATE=getMsg HTTP/1.1" 200 27
222.70.177.128 - - [07/Jun/2021:10:08:48 +0800] "GET /xingrg/check_reg.html?_=1623031729573 HTTP/1.1" 200 22
116.224.253.72 - - [07/Jun/2021:10:08:49 +0800] "POST /xingrg/dwr/call/plaincall/AjaxYddbService.getMaterielByMap.dwr HTTP/1.1" 200 3714
58.221.95.50 - - [07/Jun/2021:10:08:51 +0800] "GET /xingrg/index.html?sysBaseUrl=http%3A%2F%2F180.169.147.146%3A18081%2Fxingrg%2F&costTime=43×tamp=1605075543692 HTTP/1.1" 302 -
58.221.95.50 - - [07/Jun/2021:10:08:51 +0800] "GET /xingrg/login.html HTTP/1.1" 200 7641
58.221.95.50 - - [07/Jun/2021:10:08:51 +0800] "GET /xingrg/images/blue/jxLogo.png HTTP/1.1" 200 6156
58.221.95.50 - - [07/Jun/2021:10:08:51 +0800] "GET /xingrg/images/blue/srbg.png HTTP/1.1" 200 138
58.221.95.50 - - [07/Jun/2021:10:08:51 +0800] "GET /favicon.ico HTTP/1.1" 404 -
222.69.128.222 - - [07/Jun/2021:10:08:51 +0800] "GET /xingrg/kc/buy/cgsh_order_operate.html?command=get_materiel&rest_code=00149&code=00101009059&supplier_code=00100201&order_time=2021-06-07 HTTP/1.1" 200 409
116.224.253.72 - - [07/Jun/2021:10:08:52 +0800] "GET /xingrg/images/yd/bt2.gif HTTP/1.1" 404 1042
116.224.253.72 - - [07/Jun/2021:10:08:54 +0800] "POST /xingrg/dwr/call/plaincall/AjaxYddbService.saveMaterielItem.dwr HTTP/1.1" 200 79
58.221.95.50 - - [07/Jun/2021:10:08:55 +0800] "POST /xingrg/login.do HTTP/1.1" 302 -
58.221.95.50 - - [07/Jun/2021:10:08:55 +0800] "GET /xingrg/index.html?sysBaseUrl=http%3A%2F%2F180.169.147.146%3A18081%2Fxingrg%2F&costTime=2119×tamp=1623031735419 HTTP/1.1" 200 17417
58.221.95.50 - - [07/Jun/2021:10:08:55 +0800] "GET /favicon.ico HTTP/1.1" 404 -
58.221.95.50 - - [07/Jun/2021:10:08:55 +0800] "GET /xingrg/javascript/jquery_easy_ui/themes/icons/settle_new.png HTTP/1.1" 200 826
58.221.95.50 - - [07/Jun/2021:10:08:55 +0800] "GET /xingrg/images/blue/pingpu.png HTTP/1.1" 200 231
58.221.95.50 - - [07/Jun/2021:10:08:55 +0800] "GET /xingrg/check_reg.html?_=1623031739254 HTTP/1.1" 200 22
58.221.95.50 - - [07/Jun/2021:10:08:55 +0800] "GET /xingrg/javascript/jquery_easy_ui/themes/default/images/tabs_leftarrow.png HTTP/1.1" 200 389
58.221.95.50 - - [07/Jun/2021:10:08:55 +0800] "GET /xingrg/javascript/jquery_easy_ui/themes/default/images/tabs_rightarrow.png HTTP/1.1" 200 395
58.221.95.50 - - [07/Jun/2021:10:08:55 +0800] "GET /xingrg/javascript/jquery_easy_ui/themes/default/images/panel_tool_collapse.gif HTTP/1.1" 200 246
58.221.95.50 - - [07/Jun/2021:10:08:55 +0800] "GET /xingrg/javascript/jquery_easy_ui/themes/default/images/panel_tool_expand.gif HTTP/1.1" 200 247
58.221.95.50 - - [07/Jun/2021:10:08:55 +0800] "POST /xingrg/all/common/load_tree.html?tree=area_rest_tree_json&manage=1 HTTP/1.1" 200 3466
58.221.95.50 - - [07/Jun/2021:10:08:55 +0800] "GET /xingrg/all/function/internal_message.html?_=1623031739254&CODE_STATE=count HTTP/1.1" 200 11
58.221.95.50 - - [07/Jun/2021:10:08:55 +0800] "POST /xingrg/load_menu.html HTTP/1.1" 200 9959
58.221.95.50 - - [07/Jun/2021:10:08:56 +0800] "GET /xingrg/javascript/jquery_easy_ui/themes/default/images/tree_folder_open.gif HTTP/1.1" 200 956
58.221.95.50 - - [07/Jun/2021:10:08:56 +0800] "GET /xingrg/javascript/jquery_easy_ui/themes/default/images/tree_arrows.gif HTTP/1.1" 200 1043
58.221.95.50 - - [07/Jun/2021:10:08:56 +0800] "GET /xingrg/javascript/jquery_easy_ui/themes/icons/search_new.png HTTP/1.1" 200 586
58.221.95.50 - - [07/Jun/2021:10:08:56 +0800] "GET /xingrg/javascript/jquery_easy_ui/themes/default/images/tree_folder.gif HTTP/1.1" 200 952
58.221.95.50 - - [07/Jun/2021:10:08:56 +0800] "GET /xingrg/javascript/jquery_easy_ui/themes/icons/storage_new.png HTTP/1.1" 200 853
58.221.95.50 - - [07/Jun/2021:10:08:56 +0800] "GET /xingrg/javascript/jquery_easy_ui/themes/icons/checkout_new.png HTTP/1.1" 200 744
58.221.95.50 - - [07/Jun/2021:10:08:56 +0800] "GET /xingrg/javascript/jquery_easy_ui/themes/icons/forms_new.png HTTP/1.1" 200 350
58.221.95.50 - - [07/Jun/2021:10:08:56 +0800] "GET /xingrg/javascript/jquery_easy_ui/themes/icons/setting_new.png HTTP/1.1" 200 450
58.221.95.50 - - [07/Jun/2021:10:08:56 +0800] "GET /xingrg/javascript/jquery_easy_ui/themes/icons/systemset_new.png HTTP/1.1" 200 606
58.221.95.50 - - [07/Jun/2021:10:08:56 +0800] "GET /xingrg/javascript/jquery_easy_ui/themes/default/images/tree_file.gif HTTP/1.1" 200 118
116.230.114.112 - - [07/Jun/2021:10:08:56 +0800] "GET /xingrg/check_reg.html?_=1623031740339 HTTP/1.1" 302 -
180.169.147.146 - - [07/Jun/2021:10:08:56 +0800] "GET /xingrg/check_reg.html?_=1623031737974 HTTP/1.1" 200 22
180.169.147.146 - - [07/Jun/2021:10:08:56 +0800] "GET /xingrg/all/function/internal_message.html?_=1623031737971&CODE_STATE=getMsg HTTP/1.1" 200 27
180.161.111.4 - - [07/Jun/2021:10:08:56 +0800] "GET /xingrg/check_reg.html?_=1623031701120 HTTP/1.1" 200 22
180.161.111.4 - - [07/Jun/2021:10:08:57 +0800] "GET /xingrg/all/function/internal_message.html?_=1623031701757&CODE_STATE=getMsg HTTP/1.1" 200 27
180.161.111.4 - - [07/Jun/2021:10:08:57 +0800] "GET /xingrg/kc/buy/cgsh_order_operate.html?command=get_materiel&rest_code=00102&code=00101009013&supplier_code=00100424&order_time=2021-06-07 HTTP/1.1" 200 420
58.221.95.50 - - [07/Jun/2021:10:08:59 +0800] "GET /xingrg/javascript/jquery_easy_ui/themes/default/images/tabs_close.gif HTTP/1.1" 200 829
58.221.95.50 - - [07/Jun/2021:10:08:59 +0800] "GET /xingrg/kc/base/wldb_order_list.html HTTP/1.1" 200 19024
58.221.95.50 - - [07/Jun/2021:10:09:00 +0800] "GET /xingrg/javascript/easyui/themes/icons/edit_add_new.png HTTP/1.1" 200 2997
58.221.95.50 - - [07/Jun/2021:10:09:00 +0800] "GET /xingrg/javascript/easyui/themes/icons/cance_new.png HTTP/1.1" 200 3986
58.221.95.50 - - [07/Jun/2021:10:09:00 +0800] "GET /xingrg/javascript/easyui/themes/icons/check_new.png HTTP/1.1" 200 3224
58.221.95.50 - - [07/Jun/2021:10:09:00 +0800] "GET /xingrg/javascript/easyui/themes/icons/field_new.png HTTP/1.1" 200 1097
58.221.95.50 - - [07/Jun/2021:10:09:00 +0800] "GET /xingrg/javascript/easyui/themes/icons/import_new.png HTTP/1.1" 200 1247
58.221.95.50 - - [07/Jun/2021:10:09:00 +0800] "GET /xingrg/images/control/ajaxLoader.gif HTTP/1.1" 200 4659
116.235.222.38 - - [07/Jun/2021:10:09:00 +0800] "GET /xingrg/kc/buy/cgsh_order_operate.html?command=get_materiel&rest_code=00107&code=00101002010&supplier_code=00100457&order_time=2021-06-07 HTTP/1.1" 200 415
58.221.95.50 - - [07/Jun/2021:10:09:00 +0800] "POST /xingrg/kc/base/wldb_list_operate.html HTTP/1.1" 200 4195
116.230.110.80 - - [07/Jun/2021:10:09:01 +0800] "GET /xingrg/all/function/internal_message.html?_=1623031731883&CODE_STATE=getMsg HTTP/1.1" 200 27
222.69.128.222 - - [07/Jun/2021:10:09:01 +0800] "GET /xingrg/kc/buy/cgsh_order_operate.html?command=get_materiel&rest_code=00149&code=00101009016&supplier_code=00100201&order_time=2021-06-07 HTTP/1.1" 200 412
61.165.42.208 - - [07/Jun/2021:10:09:01 +0800] "GET /xingrg/all/function/internal_message.html?_=1623031745885&CODE_STATE=getMsg HTTP/1.1" 200 27
116.224.253.72 - - [07/Jun/2021:10:09:05 +0800] "POST /xingrg/dwr/call/plaincall/AjaxComOrderService.getMaterielSearchList.dwr HTTP/1.1" 200 856
116.224.253.72 - - [07/Jun/2021:10:09:05 +0800] "POST /xingrg/dwr/call/plaincall/AjaxComOrderService.getMaterielSearchList.dwr HTTP/1.1" 200 856
117.184.7.26 - - [07/Jun/2021:10:09:06 +0800] "GET /xingrg/all/function/internal_message.html?_=1623031747505&CODE_STATE=getMsg HTTP/1.1" 200 27
124.79.241.247 - - [07/Jun/2021:10:09:07 +0800] "GET /xingrg/check_reg.html?_=1623031843051 HTTP/1.1" 200 22
117.131.5.26 - - [07/Jun/2021:10:09:07 +0800] "GET /xingrg/all/function/internal_message.html?_=1623031843048&CODE_STATE=getMsg HTTP/1.1" 200 27
116.224.253.72 - - [07/Jun/2021:10:09:10 +0800] "POST /xingrg/dwr/call/plaincall/AjaxYddbService.getMaterielByMap.dwr HTTP/1.1" 200 3725
180.169.147.146 - - [07/Jun/2021:10:09:10 +0800] "GET /xingrg/all/function/internal_message.html?_=1623031753422&CODE_STATE=getMsg HTTP/1.1" 200 27
116.235.222.38 - - [07/Jun/2021:10:09:13 +0800] "POST /xingrg/kc/buy/cgsh_order_operate.html HTTP/1.1" 200 37
116.224.253.72 - - [07/Jun/2021:10:09:14 +0800] "POST /xingrg/dwr/call/plaincall/AjaxYddbService.saveMaterielItem.dwr HTTP/1.1" 200 79
116.235.222.38 - - [07/Jun/2021:10:09:15 +0800] "POST /xingrg/kc/buy/cgsh_order_operate.html HTTP/1.1" 200 2662
116.224.253.72 - - [07/Jun/2021:10:09:18 +0800] "GET /xingrg/all/function/internal_message.html?_=1623031760049&CODE_STATE=getMsg HTTP/1.1" 200 27
180.161.111.4 - - [07/Jun/2021:10:09:19 +0800] "GET /xingrg/kc/buy/cgsh_order_operate.html?command=get_materiel&rest_code=00102&code=00101009051&supplier_code=00100424&order_time=2021-06-07 HTTP/1.1" 200 408
120.253.135.82 - - [07/Jun/2021:10:09:19 +0800] "GET /xingrg/check_reg.html?_=1623031545351 HTTP/1.1" 200 22
120.253.135.82 - - [07/Jun/2021:10:09:19 +0800] "GET /xingrg/all/function/internal_message.html?_=1623031545593&CODE_STATE=getMsg HTTP/1.1" 200 27
120.253.135.82 - - [07/Jun/2021:10:09:20 +0800] "GET /xingrg/all/function/internal_message.html?_=1623031794823&CODE_STATE=getMsg HTTP/1.1" 302 -
116.235.222.38 - - [07/Jun/2021:10:09:20 +0800] "GET /xingrg/kc/print/load_data.html?order_code=212021060703042&kc_code=cgsh&condition= HTTP/1.1" 200 675
222.69.128.222 - - [07/Jun/2021:10:09:25 +0800] "GET /xingrg/all/function/internal_message.html?_=1623031767722&CODE_STATE=getMsg HTTP/1.1" 200 27
116.235.222.38 - - [07/Jun/2021:10:09:26 +0800] "GET /xingrg/kc/buy/cgsh_order_add.html HTTP/1.1" 200 62501
101.83.241.191 - - [07/Jun/2021:10:09:26 +0800] "GET /xingrg/all/function/internal_message.html?_=1623031769144&CODE_STATE=getMsg HTTP/1.1" 200 27
116.230.117.165 - - [07/Jun/2021:10:09:26 +0800] "GET /xingrg/all/function/internal_message.html?_=1623031771017&CODE_STATE=getMsg HTTP/1.1" 200 27
116.235.222.38 - - [07/Jun/2021:10:09:28 +0800] "POST /xingrg/kc/buy/cgsh_order_operate.html HTTP/1.1" 200 8245
116.235.222.38 - - [07/Jun/2021:10:09:28 +0800] "GET /xingrg/javascript/easyui/themes/default/validatebox.css HTTP/1.1" 404 1104
58.221.95.50 - - [07/Jun/2021:10:09:30 +0800] "POST /xingrg/kc/base/wldb_list_operate.html HTTP/1.1" 200 652
116.235.222.38 - - [07/Jun/2021:10:09:31 +0800] "GET /xingrg/javascript/easyui/themes/default/tree.css HTTP/1.1" 404 1090
116.235.222.38 - - [07/Jun/2021:10:09:31 +0800] "POST /xingrg/all/common/load_tree.html?tree=supplier_tree_json&isDelete=1 HTTP/1.1" 200 56016
58.221.95.50 - - [07/Jun/2021:10:09:32 +0800] "GET /xingrg/kc/base/wldb_order_info.html?code=422021060500506 HTTP/1.1" 200 30251
58.221.95.50 - - [07/Jun/2021:10:09:33 +0800] "GET /xingrg/words/20210605161758_words.js HTTP/1.1" 304 -
