117.185.32.26 - - [07/Jun/2021:10:53:52 +0800] "GET /xingrg/kc/buy/cgsh_order_operate.html?command=get_materiel&rest_code=00106&code=00101008213&supplier_code=00100007&order_time=2021-06-07 HTTP/1.1" 200 412
116.224.253.72 - - [07/Jun/2021:10:53:53 +0800] "GET /xingrg/all/function/internal_message.html?_=1623034435246&CODE_STATE=getMsg HTTP/1.1" 200 27
61.165.42.208 - - [07/Jun/2021:10:53:54 +0800] "GET /xingrg/kc/buy/cgsh_order_operate.html?command=get_materiel&rest_code=00105&code=00101004027&supplier_code=00100312&order_time=2021-06-07 HTTP/1.1" 200 409
58.221.95.50 - - [07/Jun/2021:10:53:55 +0800] "GET /xingrg/check_reg.html?_=1623034439456 HTTP/1.1" 200 22
58.221.95.50 - - [07/Jun/2021:10:53:55 +0800] "GET /xingrg/all/function/internal_message.html?_=1623034439460&CODE_STATE=getMsg HTTP/1.1" 200 27
117.185.32.26 - - [07/Jun/2021:10:53:56 +0800] "POST /xingrg/kc/buy/cgsh_order_operate.html HTTP/1.1" 200 2065
116.230.114.112 - - [07/Jun/2021:10:53:56 +0800] "GET /xingrg/check_reg.html?_=1623034440389 HTTP/1.1" 302 -
180.169.147.146 - - [07/Jun/2021:10:53:56 +0800] "GET /xingrg/all/function/internal_message.html?_=1623034437993&CODE_STATE=getMsg HTTP/1.1" 200 27
180.169.147.146 - - [07/Jun/2021:10:53:56 +0800] "GET /xingrg/check_reg.html?_=1623034437997 HTTP/1.1" 200 22
116.224.253.72 - - [07/Jun/2021:10:53:58 +0800] "POST /xingrg/kc/buy/cgsh_order_operate.html HTTP/1.1" 200 37
116.230.110.80 - - [07/Jun/2021:10:54:01 +0800] "GET /xingrg/all/function/internal_message.html?_=1623034431882&CODE_STATE=getMsg HTTP/1.1" 200 27
61.165.42.208 - - [07/Jun/2021:10:54:01 +0800] "GET /xingrg/all/function/internal_message.html?_=1623034445939&CODE_STATE=getMsg HTTP/1.1" 200 27
120.253.135.82 - - [07/Jun/2021:10:54:02 +0800] "GET /xingrg/all/function/internal_message.html?_=1623034228201&CODE_STATE=getMsg HTTP/1.1" 200 27
117.185.32.26 - - [07/Jun/2021:10:54:02 +0800] "GET /xingrg/all/function/internal_message.html?_=1623034440354&CODE_STATE=getMsg HTTP/1.1" 200 27
61.165.42.208 - - [07/Jun/2021:10:54:03 +0800] "GET /xingrg/kc/buy/cgsh_order_operate.html?command=get_materiel&rest_code=00105&code=00101004013&supplier_code=00100312&order_time=2021-06-07 HTTP/1.1" 200 415
116.224.253.72 - - [07/Jun/2021:10:54:05 +0800] "POST /xingrg/kc/buy/cgsh_order_operate.html HTTP/1.1" 200 12
117.184.7.26 - - [07/Jun/2021:10:54:06 +0800] "GET /xingrg/all/function/internal_message.html?_=1623034447574&CODE_STATE=getMsg HTTP/1.1" 200 27
117.185.32.26 - - [07/Jun/2021:10:54:06 +0800] "GET /xingrg/kc/buy/cgsh_order_operate.html?command=get_materiel&rest_code=00106&code=00101008350&supplier_code=00100007&order_time=2021-06-07 HTTP/1.1" 200 408
116.224.253.72 - - [07/Jun/2021:10:54:07 +0800] "GET /xingrg/kc/buy/cgsh_order_info.html?code=212021060703103 HTTP/1.1" 200 57259
117.131.5.26 - - [07/Jun/2021:10:54:07 +0800] "GET /xingrg/all/function/internal_message.html?_=1623034543083&CODE_STATE=getMsg HTTP/1.1" 200 27
117.131.5.26 - - [07/Jun/2021:10:54:07 +0800] "GET /xingrg/check_reg.html?_=1623034543084 HTTP/1.1" 200 22
116.224.253.72 - - [07/Jun/2021:10:54:08 +0800] "GET /xingrg/javascript/easyui/themes/default/validatebox.css HTTP/1.1" 404 1104
116.224.253.72 - - [07/Jun/2021:10:54:08 +0800] "POST /xingrg/kc/buy/cgsh_order_operate.html HTTP/1.1" 200 612
116.224.253.72 - - [07/Jun/2021:10:54:10 +0800] "GET /xingrg/kc/print/load_data.html?order_code=212021060703103&kc_code=cgsh&condition= HTTP/1.1" 200 804
180.169.147.146 - - [07/Jun/2021:10:54:10 +0800] "GET /favicon.ico HTTP/1.1" 404 -
114.86.187.76 - - [07/Jun/2021:10:54:11 +0800] "GET /xingrg/kc/buy/cgsh_order_operate.html?command=get_materiel&rest_code=00148&code=00101008333&supplier_code=00100337&order_time=2021-06-07 HTTP/1.1" 200 412
61.165.42.208 - - [07/Jun/2021:10:54:12 +0800] "GET /xingrg/kc/buy/cgsh_order_operate.html?command=get_materiel&rest_code=00105&code=00101004090&supplier_code=00100312&order_time=2021-06-07 HTTP/1.1" 200 391
116.224.253.72 - - [07/Jun/2021:10:54:17 +0800] "GET /xingrg/kc/buy/cgsh_order_add.html HTTP/1.1" 200 62349
116.224.253.72 - - [07/Jun/2021:10:54:17 +0800] "POST /xingrg/kc/buy/cgsh_order_operate.html HTTP/1.1" 200 8245
116.224.253.72 - - [07/Jun/2021:10:54:18 +0800] "GET /xingrg/javascript/easyui/themes/default/validatebox.css HTTP/1.1" 404 1104
117.185.32.26 - - [07/Jun/2021:10:54:18 +0800] "GET /xingrg/kc/buy/cgsh_order_operate.html?command=get_materiel&rest_code=00106&code=00101008036&supplier_code=00100007&order_time=2021-06-07 HTTP/1.1" 200 408
120.253.135.82 - - [07/Jun/2021:10:54:19 +0800] "GET /xingrg/check_reg.html?_=1623034245477 HTTP/1.1" 200 22
180.169.147.146 - - [07/Jun/2021:10:54:20 +0800] "GET /xingrg/all/function/internal_message.html?_=1623034462399&CODE_STATE=getMsg HTTP/1.1" 200 27
120.253.135.82 - - [07/Jun/2021:10:54:21 +0800] "GET /xingrg/all/function/internal_message.html?_=1623034495905&CODE_STATE=getMsg HTTP/1.1" 302 -
222.69.128.222 - - [07/Jun/2021:10:54:24 +0800] "GET /xingrg/all/function/internal_message.html?_=1623034466997&CODE_STATE=getMsg HTTP/1.1" 200 27
101.83.241.191 - - [07/Jun/2021:10:54:25 +0800] "GET /xingrg/all/function/internal_message.html?_=1623034468009&CODE_STATE=getMsg HTTP/1.1" 200 27
180.161.111.4 - - [07/Jun/2021:10:54:25 +0800] "GET /xingrg/check_reg.html?_=1623034470028 HTTP/1.1" 200 22
180.161.111.4 - - [07/Jun/2021:10:54:25 +0800] "GET /xingrg/all/function/internal_message.html?_=1623034470153&CODE_STATE=getMsg HTTP/1.1" 200 27
116.224.253.72 - - [07/Jun/2021:10:54:26 +0800] "GET /xingrg/kc/buy/cgsh_order_operate.html?command=get_materiel&rest_code=00150&code=00101004038&supplier_code=00100312&order_time=2021-06-07 HTTP/1.1" 200 429
116.230.117.165 - - [07/Jun/2021:10:54:28 +0800] "GET /xingrg/all/function/internal_message.html?_=1623034472143&CODE_STATE=getMsg HTTP/1.1" 200 27
117.185.32.26 - - [07/Jun/2021:10:54:29 +0800] "GET /xingrg/all/function/internal_message.html?_=1623035005623&CODE_STATE=getMsg HTTP/1.1" 200 27
117.185.32.26 - - [07/Jun/2021:10:54:29 +0800] "GET /xingrg/check_reg.html?_=1623035005971 HTTP/1.1" 200 22
117.185.32.26 - - [07/Jun/2021:10:54:31 +0800] "POST /xingrg/kc/buy/cgsh_order_operate.html HTTP/1.1" 200 37
114.86.187.76 - - [07/Jun/2021:10:54:34 +0800] "GET /xingrg/all/function/internal_message.html?_=1623034477643&CODE_STATE=getMsg HTTP/1.1" 200 27
116.224.253.72 - - [07/Jun/2021:10:54:34 +0800] "GET /xingrg/kc/buy/cgsh_order_operate.html?command=get_materiel&rest_code=00150&code=00101001029&supplier_code=00100312&order_time=2021-06-07 HTTP/1.1" 200 415
116.235.222.38 - - [07/Jun/2021:10:54:35 +0800] "GET /xingrg/all/function/internal_message.html?_=1623034478068&CODE_STATE=getMsg HTTP/1.1" 200 27
117.185.32.26 - - [07/Jun/2021:10:54:35 +0800] "POST /xingrg/kc/buy/cgsh_order_operate.html HTTP/1.1" 200 28069
116.224.253.72 - - [07/Jun/2021:10:54:36 +0800] "GET /xingrg/check_reg.html?_=1623034478627 HTTP/1.1" 200 22
116.224.253.72 - - [07/Jun/2021:10:54:37 +0800] "GET /xingrg/all/function/internal_message.html?_=1623034479611&CODE_STATE=getMsg HTTP/1.1" 200 27
101.85.94.178 - - [07/Jun/2021:10:54:38 +0800] "GET /xingrg/all/function/internal_message.html?_=1623033945677&CODE_STATE=getMsg HTTP/1.1" 200 27
61.165.42.208 - - [07/Jun/2021:10:54:38 +0800] "GET /xingrg/kc/buy/cgsh_order_operate.html?command=get_materiel&rest_code=00105&code=00101001016&supplier_code=00100312&order_time=2021-06-07 HTTP/1.1" 200 434
61.165.42.208 - - [07/Jun/2021:10:54:38 +0800] "GET /xingrg/all/function/internal_message.html?_=1623034459164&CODE_STATE=getMsg HTTP/1.1" 200 27
183.192.95.179 - - [07/Jun/2021:10:54:41 +0800] "GET /xingrg/all/function/internal_message.html?_=1623034490765&CODE_STATE=getMsg HTTP/1.1" 302 -
180.169.147.146 - - [07/Jun/2021:10:54:42 +0800] "GET /xingrg/all/function/internal_message.html?_=1623034485219&CODE_STATE=getMsg HTTP/1.1" 200 27
116.224.253.72 - - [07/Jun/2021:10:54:42 +0800] "GET /xingrg/kc/buy/cgsh_order_operate.html?command=get_materiel&rest_code=00151&code=00101010366&supplier_code=00100325&order_time=2021-06-07 HTTP/1.1" 200 407
114.86.230.197 - - [07/Jun/2021:10:54:45 +0800] "GET /xingrg/all/function/internal_message.html?_=1623034490152&CODE_STATE=getMsg HTTP/1.1" 200 27
222.70.177.128 - - [07/Jun/2021:10:54:48 +0800] "GET /xingrg/all/function/internal_message.html?_=1623034489655&CODE_STATE=getMsg HTTP/1.1" 200 27
116.224.253.72 - - [07/Jun/2021:10:54:49 +0800] "POST /xingrg/kc/buy/cgsh_order_operate.html HTTP/1.1" 200 37
116.224.253.72 - - [07/Jun/2021:10:54:51 +0800] "GET /xingrg/kc/buy/cgsh_order_operate.html?command=get_materiel&rest_code=00151&code=00101010164&supplier_code=00100325&order_time=2021-06-07 HTTP/1.1" 200 409
116.224.253.72 - - [07/Jun/2021:10:54:53 +0800] "GET /xingrg/all/function/internal_message.html?_=1623034495269&CODE_STATE=getMsg HTTP/1.1" 200 27
116.224.253.72 - - [07/Jun/2021:10:54:54 +0800] "POST /xingrg/kc/buy/cgsh_order_operate.html HTTP/1.1" 200 12
58.221.95.50 - - [07/Jun/2021:10:54:55 +0800] "GET /xingrg/all/function/internal_message.html?_=1623034499444&CODE_STATE=getMsg HTTP/1.1" 200 27
180.169.147.146 - - [07/Jun/2021:10:54:56 +0800] "GET /xingrg/all/function/internal_message.html?_=1623034497997&CODE_STATE=getMsg HTTP/1.1" 200 27
116.224.253.72 - - [07/Jun/2021:10:54:56 +0800] "GET /xingrg/kc/buy/cgsh_order_info.html?code=212021060703104 HTTP/1.1" 200 57259
116.224.253.72 - - [07/Jun/2021:10:54:57 +0800] "GET /xingrg/javascript/easyui/themes/default/validatebox.css HTTP/1.1" 404 1104
116.224.253.72 - - [07/Jun/2021:10:54:57 +0800] "POST /xingrg/kc/buy/cgsh_order_operate.html HTTP/1.1" 200 1201
116.224.253.72 - - [07/Jun/2021:10:54:58 +0800] "GET /xingrg/kc/buy/cgsh_order_operate.html?command=get_materiel&rest_code=00151&code=00101001249&supplier_code=00100325&order_time=2021-06-07 HTTP/1.1" 200 424
61.165.42.208 - - [07/Jun/2021:10:54:58 +0800] "GET /xingrg/kc/buy/cgsh_order_operate.html?command=get_materiel&rest_code=00105&code=00101005074&supplier_code=00100312&order_time=2021-06-07 HTTP/1.1" 200 400
180.161.111.4 - - [07/Jun/2021:10:54:59 +0800] "GET /xingrg/javascript/auto/indicator.gif HTTP/1.1" 404 1066
116.224.253.72 - - [07/Jun/2021:10:54:59 +0800] "GET /xingrg/kc/print/load_data.html?order_code=212021060703104&kc_code=cgsh&condition= HTTP/1.1" 200 965
180.161.111.4 - - [07/Jun/2021:10:54:59 +0800] "GET /xingrg/javascript/jquery_tools/images/prev.gif HTTP/1.1" 404 1086
180.161.111.4 - - [07/Jun/2021:10:54:59 +0800] "GET /xingrg/javascript/jquery_tools/images/next.gif HTTP/1.1" 404 1086
116.230.110.80 - - [07/Jun/2021:10:55:01 +0800] "GET /xingrg/all/function/internal_message.html?_=1623034491874&CODE_STATE=getMsg HTTP/1.1" 200 27
61.165.42.208 - - [07/Jun/2021:10:55:01 +0800] "GET /xingrg/all/function/internal_message.html?_=1623034505964&CODE_STATE=getMsg HTTP/1.1" 200 27
120.253.135.82 - - [07/Jun/2021:10:55:02 +0800] "GET /xingrg/all/function/internal_message.html?_=1623034288216&CODE_STATE=getMsg HTTP/1.1" 200 27
120.204.17.70 - - [07/Jun/2021:10:55:02 +0800] "GET /xingrg/all/function/internal_message.html?_=1623034440354&CODE_STATE=getMsg HTTP/1.1" 302 -
117.185.32.26 - - [07/Jun/2021:10:55:02 +0800] "GET /xingrg/all/function/internal_message.html?_=1623034500323&CODE_STATE=getMsg HTTP/1.1" 200 27
120.204.17.70 - - [07/Jun/2021:10:55:02 +0800] "GET /xingrg/login.html HTTP/1.1" 200 7641
117.185.32.26 - - [07/Jun/2021:10:55:03 +0800] "GET /xingrg/check_reg.html?_=1623034500802 HTTP/1.1" 200 22
117.185.32.26 - - [07/Jun/2021:10:55:05 +0800] "GET /xingrg/kc/buy/cgsh_order_add.html HTTP/1.1" 200 62413
117.185.32.26 - - [07/Jun/2021:10:55:05 +0800] "POST /xingrg/kc/buy/cgsh_order_operate.html HTTP/1.1" 200 8245
117.185.32.26 - - [07/Jun/2021:10:55:05 +0800] "GET /xingrg/javascript/easyui/themes/default/validatebox.css HTTP/1.1" 404 1104
116.224.253.72 - - [07/Jun/2021:10:55:05 +0800] "GET /xingrg/kc/buy/cgsh_order_add.html HTTP/1.1" 200 62349
116.224.253.72 - - [07/Jun/2021:10:55:06 +0800] "POST /xingrg/kc/buy/cgsh_order_operate.html HTTP/1.1" 200 8245
116.224.253.72 - - [07/Jun/2021:10:55:06 +0800] "GET /xingrg/javascript/easyui/themes/default/validatebox.css HTTP/1.1" 404 1104
117.184.7.26 - - [07/Jun/2021:10:55:06 +0800] "GET /xingrg/all/function/internal_message.html?_=1623034507574&CODE_STATE=getMsg HTTP/1.1" 200 27
117.185.32.26 - - [07/Jun/2021:10:55:07 +0800] "GET /xingrg/javascript/easyui/themes/default/tree.css HTTP/1.1" 404 1090
117.131.5.26 - - [07/Jun/2021:10:55:07 +0800] "GET /xingrg/all/function/internal_message.html?_=1623034603082&CODE_STATE=getMsg HTTP/1.1" 200 27
116.224.253.72 - - [07/Jun/2021:10:55:08 +0800] "POST /xingrg/kc/buy/cgsh_order_operate.html HTTP/1.1" 200 37
117.185.32.26 - - [07/Jun/2021:10:55:08 +0800] "POST /xingrg/all/common/load_tree.html?tree=supplier_tree_json&isDelete=1 HTTP/1.1" 200 56016
180.161.111.4 - - [07/Jun/2021:10:55:09 +0800] "GET /xingrg/kc/buy/cgsh_order_operate.html?command=get_materiel&rest_code=00102&code=00101008155&supplier_code=00100008&order_time=2021-06-07 HTTP/1.1" 200 408
116.224.253.72 - - [07/Jun/2021:10:55:14 +0800] "POST /xingrg/kc/buy/cgsh_order_operate.html HTTP/1.1" 200 12
116.224.253.72 - - [07/Jun/2021:10:55:14 +0800] "GET /xingrg/kc/buy/cgsh_order_operate.html?command=get_materiel&rest_code=00150&code=00101001051&supplier_code=00100094&order_time=2021-06-07 HTTP/1.1" 200 422
180.161.111.4 - - [07/Jun/2021:10:55:15 +0800] "GET /xingrg/kc/buy/cgsh_order_operate.html?command=get_materiel&rest_code=00102&code=00101008350&supplier_code=00100008&order_time=2021-06-07 HTTP/1.1" 200 408
116.224.253.72 - - [07/Jun/2021:10:55:16 +0800] "GET /xingrg/kc/buy/cgsh_order_info.html?code=212021060703105 HTTP/1.1" 200 56961
120.204.17.72 - - [07/Jun/2021:10:55:16 +0800] "GET /xingrg/kc/buy/cgsh_order_operate.html?command=get_materiel&rest_code=00106&code=00101008036&supplier_code=00100007&order_time=2021-06-07 HTTP/1.1" 302 -
116.224.253.72 - - [07/Jun/2021:10:55:17 +0800] "GET /xingrg/javascript/easyui/themes/default/validatebox.css HTTP/1.1" 404 1104
116.224.253.72 - - [07/Jun/2021:10:55:17 +0800] "POST /xingrg/kc/buy/cgsh_order_operate.html HTTP/1.1" 200 2457
120.204.17.72 - - [07/Jun/2021:10:55:18 +0800] "GET /xingrg/login.html HTTP/1.1" 200 7641
116.224.253.72 - - [07/Jun/2021:10:55:19 +0800] "GET /xingrg/kc/print/load_data.html?order_code=212021060703105&kc_code=cgsh&condition= HTTP/1.1" 200 1470
180.169.147.146 - - [07/Jun/2021:10:55:20 +0800] "GET /xingrg/all/function/internal_message.html?_=1623034522396&CODE_STATE=getMsg HTTP/1.1" 200 27
180.169.147.146 - - [07/Jun/2021:10:55:20 +0800] "GET /xingrg/check_reg.html?_=1623034522397 HTTP/1.1" 200 22
120.253.135.82 - - [07/Jun/2021:10:55:21 +0800] "GET /xingrg/all/function/internal_message.html?_=1623034555950&CODE_STATE=getMsg HTTP/1.1" 302 -
180.161.111.4 - - [07/Jun/2021:10:55:24 +0800] "GET /xingrg/kc/buy/cgsh_order_operate.html?command=get_materiel&rest_code=00102&code=00101008149&supplier_code=00100008&order_time=2021-06-07 HTTP/1.1" 200 408
222.69.128.222 - - [07/Jun/2021:10:55:24 +0800] "GET /xingrg/all/function/internal_message.html?_=1623034526981&CODE_STATE=getMsg HTTP/1.1" 200 27
101.83.241.191 - - [07/Jun/2021:10:55:25 +0800] "GET /xingrg/all/function/internal_message.html?_=1623034527980&CODE_STATE=getMsg HTTP/1.1" 200 27
180.161.111.4 - - [07/Jun/2021:10:55:25 +0800] "GET /xingrg/all/function/internal_message.html?_=1623034530166&CODE_STATE=getMsg HTTP/1.1" 200 27
116.224.253.72 - - [07/Jun/2021:10:55:25 +0800] "GET /xingrg/kc/buy/cgsh_order_add.html HTTP/1.1" 200 62055
116.224.253.72 - - [07/Jun/2021:10:55:26 +0800] "POST /xingrg/kc/buy/cgsh_order_operate.html HTTP/1.1" 200 8245
116.224.253.72 - - [07/Jun/2021:10:55:26 +0800] "GET /xingrg/javascript/easyui/themes/default/validatebox.css HTTP/1.1" 404 1104
180.162.112.86 - - [07/Jun/2021:10:55:27 +0800] "GET /xingrg HTTP/1.1" 302 -
116.230.117.165 - - [07/Jun/2021:10:55:28 +0800] "GET /xingrg/all/function/internal_message.html?_=1623034532157&CODE_STATE=getMsg HTTP/1.1" 200 27
180.162.112.86 - - [07/Jun/2021:10:55:28 +0800] "GET /favicon.ico HTTP/1.1" 404 -
180.162.112.86 - - [07/Jun/2021:10:55:28 +0800] "GET /xingrg/index.html HTTP/1.1" 302 -
180.162.112.86 - - [07/Jun/2021:10:55:28 +0800] "GET /xingrg/login.html HTTP/1.1" 200 7641
117.185.32.26 - - [07/Jun/2021:10:55:29 +0800] "GET /xingrg/all/function/internal_message.html?_=1623035065613&CODE_STATE=getMsg HTTP/1.1" 200 27
180.162.112.86 - - [07/Jun/2021:10:55:32 +0800] "GET /favicon.ico HTTP/1.1" 404 -
180.161.111.4 - - [07/Jun/2021:10:55:33 +0800] "GET /xingrg/kc/buy/cgsh_order_operate.html?command=get_materiel&rest_code=00102&code=00101008028&supplier_code=00100008&order_time=2021-06-07 HTTP/1.1" 200 412
117.185.32.26 - - [07/Jun/2021:10:55:33 +0800] "GET /xingrg/kc/buy/cgsh_order_operate.html?command=get_materiel&rest_code=00106&code=00101010670&supplier_code=00100327&order_time=2021-06-07 HTTP/1.1" 200 396
114.86.187.76 - - [07/Jun/2021:10:55:34 +0800] "GET /xingrg/all/function/internal_message.html?_=1623034537622&CODE_STATE=getMsg HTTP/1.1" 200 27
116.235.222.38 - - [07/Jun/2021:10:55:35 +0800] "GET /xingrg/all/function/internal_message.html?_=1623034538042&CODE_STATE=getMsg HTTP/1.1" 200 27
116.224.253.72 - - [07/Jun/2021:10:55:36 +0800] "POST /xingrg/kc/buy/cgsh_order_operate.html HTTP/1.1" 200 37
116.224.253.72 - - [07/Jun/2021:10:55:37 +0800] "GET /xingrg/kc/buy/cgsh_order_operate.html?command=get_materiel&rest_code=00151&code=00101010497&supplier_code=00100266&order_time=2021-06-07 HTTP/1.1" 200 405
101.85.94.178 - - [07/Jun/2021:10:55:38 +0800] "GET /xingrg/all/function/internal_message.html?_=1623034005676&CODE_STATE=getMsg HTTP/1.1" 200 27
61.165.42.208 - - [07/Jun/2021:10:55:38 +0800] "GET /xingrg/all/function/internal_message.html?_=1623034519165&CODE_STATE=getMsg HTTP/1.1" 200 27
180.161.111.4 - - [07/Jun/2021:10:55:38 +0800] "GET /xingrg/kc/buy/cgsh_order_operate.html?command=get_materiel&rest_code=00102&code=00101008351&supplier_code=00100008&order_time=2021-06-07 HTTP/1.1" 200 408
183.192.95.179 - - [07/Jun/2021:10:55:41 +0800] "GET /xingrg/all/function/internal_message.html?_=1623034550738&CODE_STATE=getMsg HTTP/1.1" 302 -
180.169.147.146 - - [07/Jun/2021:10:55:42 +0800] "GET /xingrg/check_reg.html?_=1623034545205 HTTP/1.1" 200 22
180.169.147.146 - - [07/Jun/2021:10:55:42 +0800] "GET /xingrg/all/function/internal_message.html?_=1623034545208&CODE_STATE=getMsg HTTP/1.1" 200 27
180.161.111.4 - - [07/Jun/2021:10:55:44 +0800] "GET /xingrg/kc/buy/cgsh_order_operate.html?command=get_materiel&rest_code=00102&code=00101008110&supplier_code=00100008&order_time=2021-06-07 HTTP/1.1" 200 408
180.162.112.86 - - [07/Jun/2021:10:55:45 +0800] "GET /xingrg HTTP/1.1" 302 -
180.162.112.86 - - [07/Jun/2021:10:55:45 +0800] "GET /xingrg/index.html HTTP/1.1" 302 -
180.162.112.86 - - [07/Jun/2021:10:55:45 +0800] "GET /favicon.ico HTTP/1.1" 404 -
180.162.112.86 - - [07/Jun/2021:10:55:45 +0800] "GET /xingrg/login.html HTTP/1.1" 200 7641
120.253.135.82 - - [07/Jun/2021:10:55:45 +0800] "POST /xingrg/kc/pszx/mdps_list_operate.html HTTP/1.1" 200 3496
114.86.230.197 - - [07/Jun/2021:10:55:45 +0800] "GET /xingrg/all/function/internal_message.html?_=1623034550154&CODE_STATE=getMsg HTTP/1.1" 200 27
114.86.230.197 - - [07/Jun/2021:10:55:45 +0800] "GET /xingrg/check_reg.html?_=1623034550154 HTTP/1.1" 200 22
180.162.112.86 - - [07/Jun/2021:10:55:46 +0800] "GET /favicon.ico HTTP/1.1" 404 -
116.224.253.72 - - [07/Jun/2021:10:55:46 +0800] "GET /xingrg/kc/buy/cgsh_order_operate.html?command=get_materiel&rest_code=00151&code=00101010403&supplier_code=00100266&order_time=2021-06-07 HTTP/1.1" 200 405
222.70.177.128 - - [07/Jun/2021:10:55:48 +0800] "GET /xingrg/all/function/internal_message.html?_=1623034549655&CODE_STATE=getMsg HTTP/1.1" 200 27
117.185.32.26 - - [07/Jun/2021:10:55:48 +0800] "GET /xingrg/kc/buy/cgsh_order_operate.html?command=get_materiel&rest_code=00106&code=00101010569&supplier_code=00100327&order_time=2021-06-07 HTTP/1.1" 200 397
114.86.187.76 - - [07/Jun/2021:10:55:48 +0800] "GET /xingrg/kc/buy/cgsh_order_operate.html?command=get_materiel&rest_code=00148&code=00101010105&supplier_code=00100337&order_time=2021-06-07 HTTP/1.1" 200 418
180.161.111.4 - - [07/Jun/2021:10:55:51 +0800] "GET /xingrg/kc/buy/cgsh_order_operate.html?command=get_materiel&rest_code=00102&code=00101008358&supplier_code=00100008&order_time=2021-06-07 HTTP/1.1" 200 412
120.253.135.82 - - [07/Jun/2021:10:55:51 +0800] "POST /xingrg/kc/pszx/mdps_list_operate.html HTTP/1.1" 200 232
116.224.253.72 - - [07/Jun/2021:10:55:53 +0800] "POST /xingrg/kc/buy/cgsh_order_operate.html HTTP/1.1" 200 12
120.253.135.82 - - [07/Jun/2021:10:55:53 +0800] "GET /xingrg/kc/pszx/mdps_order_info.html?code=312021060600166 HTTP/1.1" 200 23925
116.224.253.72 - - [07/Jun/2021:10:55:53 +0800] "GET /xingrg/check_reg.html?_=1623034555296 HTTP/1.1" 200 22
116.224.253.72 - - [07/Jun/2021:10:55:53 +0800] "GET /xingrg/all/function/internal_message.html?_=1623034555300&CODE_STATE=getMsg HTTP/1.1" 200 27
120.253.135.82 - - [07/Jun/2021:10:55:53 +0800] "GET /xingrg/javascript/easyui/themes/default/validatebox.css HTTP/1.1" 404 1104
120.253.135.82 - - [07/Jun/2021:10:55:54 +0800] "POST /xingrg/kc/pszx/mdps_order_operate.html HTTP/1.1" 200 2330
116.224.253.72 - - [07/Jun/2021:10:55:54 +0800] "GET /xingrg/all/function/internal_message.html?_=1623034557035&CODE_STATE=getMsg HTTP/1.1" 200 27
116.224.253.72 - - [07/Jun/2021:10:55:55 +0800] "GET /xingrg/kc/buy/cgsh_order_info.html?code=212021060703106 HTTP/1.1" 200 57255
116.224.253.72 - - [07/Jun/2021:10:55:55 +0800] "GET /xingrg/javascript/easyui/themes/default/validatebox.css HTTP/1.1" 404 1104
58.221.95.50 - - [07/Jun/2021:10:55:55 +0800] "GET /xingrg/all/function/internal_message.html?_=1623034559474&CODE_STATE=getMsg HTTP/1.1" 200 27
116.224.253.72 - - [07/Jun/2021:10:55:56 +0800] "POST /xingrg/kc/buy/cgsh_order_operate.html HTTP/1.1" 200 619
180.169.147.146 - - [07/Jun/2021:10:55:56 +0800] "GET /xingrg/all/function/internal_message.html?_=1623034557997&CODE_STATE=getMsg HTTP/1.1" 200 27
120.253.135.82 - - [07/Jun/2021:10:55:58 +0800] "POST /xingrg/kc/pszx/mdps_order_operate.html HTTP/1.1" 200 37
117.185.32.26 - - [07/Jun/2021:10:55:59 +0800] "POST /xingrg/kc/buy/cgsh_order_operate.html HTTP/1.1" 200 37
116.224.253.72 - - [07/Jun/2021:10:55:59 +0800] "GET /xingrg/kc/buy/cgsh_order_operate.html?command=get_materiel&rest_code=00151&code=00101021014&supplier_code=00100266&order_time=2021-06-07 HTTP/1.1" 200 400
116.224.253.72 - - [07/Jun/2021:10:56:00 +0800] "GET /xingrg/kc/print/load_data.html?order_code=212021060703106&kc_code=cgsh&condition= HTTP/1.1" 200 815
180.161.111.4 - - [07/Jun/2021:10:56:01 +0800] "GET /xingrg/kc/buy/cgsh_order_operate.html?command=get_materiel&rest_code=00102&code=00101008163&supplier_code=00100008&order_time=2021-06-07 HTTP/1.1" 200 408
116.230.110.80 - - [07/Jun/2021:10:56:01 +0800] "GET /xingrg/all/function/internal_message.html?_=1623034551891&CODE_STATE=getMsg HTTP/1.1" 200 27
61.165.42.208 - - [07/Jun/2021:10:56:02 +0800] "GET /xingrg/all/function/internal_message.html?_=1623034565995&CODE_STATE=getMsg HTTP/1.1" 200 27
180.162.112.86 - - [07/Jun/2021:10:56:02 +0800] "POST /xingrg/login.do HTTP/1.1" 302 -
180.162.112.86 - - [07/Jun/2021:10:56:02 +0800] "GET /xingrg/index.html?sysBaseUrl=http%3A%2F%2F180.169.147.146%3A18081%2Fxingrg%2F&costTime=3229×tamp=1623034562185 HTTP/1.1" 200 17179
120.253.135.82 - - [07/Jun/2021:10:56:02 +0800] "GET /xingrg/all/function/internal_message.html?_=1623034348229&CODE_STATE=getMsg HTTP/1.1" 200 27
180.162.112.86 - - [07/Jun/2021:10:56:02 +0800] "GET /favicon.ico HTTP/1.1" 404 -
183.192.164.214 - - [07/Jun/2021:10:56:02 +0800] "GET /xingrg/check_reg.html?_=1623034500802 HTTP/1.1" 302 -
180.162.112.86 - - [07/Jun/2021:10:56:02 +0800] "GET /xingrg/all/function/internal_message.html?_=1623034261746&CODE_STATE=count HTTP/1.1" 200 11
180.162.112.86 - - [07/Jun/2021:10:56:02 +0800] "GET /xingrg/check_reg.html?_=1623034261747 HTTP/1.1" 200 22
117.185.32.26 - - [07/Jun/2021:10:56:02 +0800] "GET /xingrg/all/function/internal_message.html?_=1623034560293&CODE_STATE=getMsg HTTP/1.1" 200 27
180.162.112.86 - - [07/Jun/2021:10:56:03 +0800] "POST /xingrg/load_menu.html HTTP/1.1" 200 5138
180.162.112.86 - - [07/Jun/2021:10:56:03 +0800] "POST /xingrg/all/common/load_tree.html?tree=area_rest_tree_json&manage=1 HTTP/1.1" 200 351
183.192.164.214 - - [07/Jun/2021:10:56:03 +0800] "GET /xingrg/login.html HTTP/1.1" 200 7641
120.253.135.82 - - [07/Jun/2021:10:56:04 +0800] "POST /xingrg/kc/pszx/mdps_order_operate.html HTTP/1.1" 200 12
180.162.112.86 - - [07/Jun/2021:10:56:04 +0800] "GET /xingrg/kc/buy/buy_main.html HTTP/1.1" 200 12412
180.162.112.86 - - [07/Jun/2021:10:56:05 +0800] "GET /xingrg/css/new_ie.css HTTP/1.1" 404 1036
180.162.112.86 - - [07/Jun/2021:10:56:05 +0800] "GET /xingrg/images/yd/bt.gif HTTP/1.1" 404 1040
116.224.253.72 - - [07/Jun/2021:10:56:06 +0800] "GET /xingrg/kc/buy/cgsh_order_operate.html?command=get_materiel&rest_code=00151&code=00101037159&supplier_code=00100266&order_time=2021-06-07 HTTP/1.1" 200 406
117.184.7.26 - - [07/Jun/2021:10:56:06 +0800] "GET /xingrg/all/function/internal_message.html?_=1623034567576&CODE_STATE=getMsg HTTP/1.1" 200 27
180.162.112.86 - - [07/Jun/2021:10:56:07 +0800] "GET /xingrg/kc/buy/cgsh_order_list.html HTTP/1.1" 200 46681
116.224.253.72 - - [07/Jun/2021:10:56:07 +0800] "GET /xingrg/kc/buy/cgsh_order_add.html HTTP/1.1" 200 62349
117.131.5.26 - - [07/Jun/2021:10:56:07 +0800] "GET /xingrg/all/function/internal_message.html?_=1623034663092&CODE_STATE=getMsg HTTP/1.1" 200 27
116.224.253.72 - - [07/Jun/2021:10:56:08 +0800] "POST /xingrg/kc/buy/cgsh_order_operate.html HTTP/1.1" 200 8245
116.224.253.72 - - [07/Jun/2021:10:56:08 +0800] "GET /xingrg/javascript/easyui/themes/default/validatebox.css HTTP/1.1" 404 1104
120.253.135.82 - - [07/Jun/2021:10:56:08 +0800] "GET /xingrg/kc/pszx/mdps_order_info.html?code=312021060600166 HTTP/1.1" 200 19585
120.253.135.82 - - [07/Jun/2021:10:56:09 +0800] "GET /xingrg/javascript/easyui/themes/default/validatebox.css HTTP/1.1" 404 1104
120.253.135.82 - - [07/Jun/2021:10:56:09 +0800] "POST /xingrg/kc/pszx/mdps_order_operate.html HTTP/1.1" 200 550
117.185.32.26 - - [07/Jun/2021:10:56:10 +0800] "POST /xingrg/kc/buy/cgsh_order_operate.html HTTP/1.1" 200 12
120.253.135.82 - - [07/Jun/2021:10:56:11 +0800] "POST /xingrg/kc/pszx/mdps_list_operate.html HTTP/1.1" 200 3134
180.162.112.86 - - [07/Jun/2021:10:56:12 +0800] "POST /xingrg/kc/buy/cgsh_list_operate.html HTTP/1.1" 200 1696
117.185.32.26 - - [07/Jun/2021:10:56:13 +0800] "GET /xingrg/kc/buy/cgsh_order_info.html?code=212021060703107 HTTP/1.1" 200 57315
117.185.32.26 - - [07/Jun/2021:10:56:13 +0800] "GET /xingrg/javascript/easyui/themes/default/validatebox.css HTTP/1.1" 404 1104
120.253.135.82 - - [07/Jun/2021:10:56:13 +0800] "POST /xingrg/kc/pszx/mdps_list_operate.html HTTP/1.1" 200 285
117.185.32.26 - - [07/Jun/2021:10:56:14 +0800] "POST /xingrg/kc/buy/cgsh_order_operate.html HTTP/1.1" 200 1195
116.224.253.72 - - [07/Jun/2021:10:56:14 +0800] "GET /xingrg/kc/buy/cgsh_order_operate.html?command=get_materiel&rest_code=00151&code=00101007038&supplier_code=00100266&order_time=2021-06-07 HTTP/1.1" 200 443
120.253.135.82 - - [07/Jun/2021:10:56:15 +0800] "GET /xingrg/kc/pszx/mdps_order_info.html?code=312021060600165 HTTP/1.1" 200 23925
180.162.112.86 - - [07/Jun/2021:10:56:15 +0800] "POST /xingrg/kc/buy/cgsh_list_operate.html HTTP/1.1" 200 563
120.253.135.82 - - [07/Jun/2021:10:56:15 +0800] "GET /xingrg/javascript/easyui/themes/default/validatebox.css HTTP/1.1" 404 1104
116.224.253.72 - - [07/Jun/2021:10:56:16 +0800] "GET /xingrg/kc/buy/cgsh_order_operate.html?command=get_materiel&rest_code=00150&code=00101001145&supplier_code=00100314&order_time=2021-06-07 HTTP/1.1" 200 415
120.253.135.82 - - [07/Jun/2021:10:56:16 +0800] "POST /xingrg/kc/pszx/mdps_order_operate.html HTTP/1.1" 200 2773
117.185.32.26 - - [07/Jun/2021:10:56:18 +0800] "GET /xingrg/kc/print/load_data.html?order_code=212021060703107&kc_code=cgsh&condition= HTTP/1.1" 200 920
180.162.112.86 - - [07/Jun/2021:10:56:18 +0800] "GET /xingrg/kc/buy/cgsh_order_info.html?code=212021060200924 HTTP/1.1" 200 61500
180.162.112.86 - - [07/Jun/2021:10:56:18 +0800] "GET /xingrg/words/20210605161758_words.js HTTP/1.1" 304 -
180.162.112.86 - - [07/Jun/2021:10:56:18 +0800] "GET /xingrg/javascript/easyui/themes/default/validatebox.css HTTP/1.1" 404 1104
180.162.112.86 - - [07/Jun/2021:10:56:18 +0800] "GET /xingrg/all/common/auto_word.html?type=employee&rest_code=00143 HTTP/1.1" 200 55
180.162.112.86 - - [07/Jun/2021:10:56:18 +0800] "GET /xingrg/all/common/auto_word.html?type=employee&rest_code=00143 HTTP/1.1" 200 55
180.162.112.86 - - [07/Jun/2021:10:56:19 +0800] "POST /xingrg/kc/buy/cgsh_order_operate.html HTTP/1.1" 200 10375
120.253.135.82 - - [07/Jun/2021:10:56:19 +0800] "POST /xingrg/kc/pszx/mdps_order_operate.html HTTP/1.1" 200 37
180.169.147.146 - - [07/Jun/2021:10:56:20 +0800] "GET /xingrg/all/function/internal_message.html?_=1623034582392&CODE_STATE=getMsg HTTP/1.1" 200 27
120.253.135.82 - - [07/Jun/2021:10:56:21 +0800] "GET /xingrg/all/function/internal_message.html?_=1623034615963&CODE_STATE=getMsg HTTP/1.1" 302 -
180.161.111.4 - - [07/Jun/2021:10:56:22 +0800] "GET /xingrg/kc/buy/cgsh_order_operate.html?command=get_materiel&rest_code=00102&code=00101008264&supplier_code=00100008&order_time=2021-06-07 HTTP/1.1" 200 412
120.253.135.82 - - [07/Jun/2021:10:56:24 +0800] "POST /xingrg/kc/pszx/mdps_order_operate.html HTTP/1.1" 200 12
117.185.32.26 - - [07/Jun/2021:10:56:24 +0800] "GET /xingrg/kc/buy/cgsh_order_add.html HTTP/1.1" 200 62413
222.69.128.222 - - [07/Jun/2021:10:56:24 +0800] "GET /xingrg/all/function/internal_message.html?_=1623034586967&CODE_STATE=getMsg HTTP/1.1" 200 27
117.185.32.26 - - [07/Jun/2021:10:56:24 +0800] "POST /xingrg/kc/buy/cgsh_order_operate.html HTTP/1.1" 200 8245
117.185.32.26 - - [07/Jun/2021:10:56:24 +0800] "GET /xingrg/javascript/easyui/themes/default/validatebox.css HTTP/1.1" 404 1104
101.83.241.191 - - [07/Jun/2021:10:56:25 +0800] "GET /xingrg/all/function/internal_message.html?_=1623034587966&CODE_STATE=getMsg HTTP/1.1" 200 27
222.69.128.222 - - [07/Jun/2021:10:56:25 +0800] "GET /xingrg/check_reg.html?_=1623034587855 HTTP/1.1" 200 22
180.161.111.4 - - [07/Jun/2021:10:56:25 +0800] "GET /xingrg/all/function/internal_message.html?_=1623034590181&CODE_STATE=getMsg HTTP/1.1" 200 27
117.185.32.26 - - [07/Jun/2021:10:56:26 +0800] "GET /xingrg/javascript/easyui/themes/default/tree.css HTTP/1.1" 404 1090
117.185.32.26 - - [07/Jun/2021:10:56:27 +0800] "POST /xingrg/all/common/load_tree.html?tree=supplier_tree_json&isDelete=1 HTTP/1.1" 200 56016
120.253.135.82 - - [07/Jun/2021:10:56:28 +0800] "GET /xingrg/kc/pszx/mdps_order_info.html?code=312021060600165 HTTP/1.1" 200 19585
116.230.117.165 - - [07/Jun/2021:10:56:28 +0800] "GET /xingrg/all/function/internal_message.html?_=1623034592232&CODE_STATE=getMsg HTTP/1.1" 200 27
120.253.135.82 - - [07/Jun/2021:10:56:28 +0800] "GET /xingrg/javascript/easyui/themes/default/validatebox.css HTTP/1.1" 404 1104
120.253.135.82 - - [07/Jun/2021:10:56:28 +0800] "POST /xingrg/kc/pszx/mdps_order_operate.html HTTP/1.1" 200 990
117.185.32.26 - - [07/Jun/2021:10:56:29 +0800] "GET /xingrg/all/function/internal_message.html?_=1623035125601&CODE_STATE=getMsg HTTP/1.1" 200 27
116.224.253.72 - - [07/Jun/2021:10:56:29 +0800] "POST /xingrg/kc/buy/cgsh_order_operate.html HTTP/1.1" 200 37
120.253.135.82 - - [07/Jun/2021:10:56:30 +0800] "POST /xingrg/kc/pszx/mdps_list_operate.html HTTP/1.1" 200 2772
116.224.253.72 - - [07/Jun/2021:10:56:30 +0800] "GET /xingrg/kc/buy/cgsh_order_operate.html?command=get_materiel&rest_code=00151&code=00101001213&supplier_code=00100266&order_time=2021-06-07 HTTP/1.1" 200 424
180.161.111.4 - - [07/Jun/2021:10:56:30 +0800] "GET /xingrg/kc/buy/cgsh_order_operate.html?command=get_materiel&rest_code=00102&code=00101008024&supplier_code=00100008&order_time=2021-06-07 HTTP/1.1" 200 408
180.162.112.86 - - [07/Jun/2021:10:56:31 +0800] "GET /xingrg/javascript/auto/indicator.gif HTTP/1.1" 404 1066
114.86.187.76 - - [07/Jun/2021:10:56:33 +0800] "GET /xingrg/kc/buy/cgsh_order_operate.html?command=get_materiel&rest_code=00148&code=00101020131&supplier_code=00100337&order_time=2021-06-07 HTTP/1.1" 200 416
114.86.187.76 - - [07/Jun/2021:10:56:34 +0800] "GET /xingrg/check_reg.html?_=1623034597480 HTTP/1.1" 200 22
114.86.187.76 - - [07/Jun/2021:10:56:34 +0800] "GET /xingrg/all/function/internal_message.html?_=1623034597607&CODE_STATE=getMsg HTTP/1.1" 200 27
116.235.222.38 - - [07/Jun/2021:10:56:35 +0800] "GET /xingrg/all/function/internal_message.html?_=1623034598025&CODE_STATE=getMsg HTTP/1.1" 200 27
116.224.253.72 - - [07/Jun/2021:10:56:35 +0800] "POST /xingrg/kc/buy/cgsh_order_operate.html HTTP/1.1" 200 12
180.162.112.86 - - [07/Jun/2021:10:56:36 +0800] "GET /xingrg/kc/buy/cgsh_order_operate.html?command=get_materiel&rest_code=00143&code=00101009050&supplier_code=00100207&order_time=2021-06-02 HTTP/1.1" 200 410
180.161.111.4 - - [07/Jun/2021:10:56:37 +0800] "GET /xingrg/kc/buy/cgsh_order_operate.html?command=get_materiel&rest_code=00102&code=00101008356&supplier_code=00100008&order_time=2021-06-07 HTTP/1.1" 200 408
116.224.253.72 - - [07/Jun/2021:10:56:38 +0800] "GET /xingrg/kc/buy/cgsh_order_info.html?code=212021060703108 HTTP/1.1" 200 57257
101.85.94.178 - - [07/Jun/2021:10:56:38 +0800] "GET /xingrg/all/function/internal_message.html?_=1623034065675&CODE_STATE=getMsg HTTP/1.1" 200 27
116.224.253.72 - - [07/Jun/2021:10:56:38 +0800] "GET /xingrg/javascript/easyui/themes/default/validatebox.css HTTP/1.1" 404 1104
61.165.42.208 - - [07/Jun/2021:10:56:38 +0800] "GET /xingrg/all/function/internal_message.html?_=1623034579165&CODE_STATE=getMsg HTTP/1.1" 200 27
116.224.253.72 - - [07/Jun/2021:10:56:39 +0800] "POST /xingrg/kc/buy/cgsh_order_operate.html HTTP/1.1" 200 612
116.224.253.72 - - [07/Jun/2021:10:56:41 +0800] "GET /xingrg/kc/print/load_data.html?order_code=212021060703108&kc_code=cgsh&condition= HTTP/1.1" 200 735
120.253.135.82 - - [07/Jun/2021:10:56:41 +0800] "POST /xingrg/kc/pszx/mdps_list_operate.html HTTP/1.1" 200 597
183.192.95.179 - - [07/Jun/2021:10:56:41 +0800] "GET /xingrg/all/function/internal_message.html?_=1623034610708&CODE_STATE=getMsg HTTP/1.1" 302 -
180.169.147.146 - - [07/Jun/2021:10:56:42 +0800] "GET /xingrg/all/function/internal_message.html?_=1623034605212&CODE_STATE=getMsg HTTP/1.1" 200 27
120.253.135.82 - - [07/Jun/2021:10:56:43 +0800] "GET /xingrg/kc/pszx/mdps_order_info.html?code=312021060600162 HTTP/1.1" 200 23925
120.253.135.82 - - [07/Jun/2021:10:56:43 +0800] "GET /xingrg/javascript/easyui/themes/default/validatebox.css HTTP/1.1" 404 1104
120.253.135.82 - - [07/Jun/2021:10:56:44 +0800] "POST /xingrg/kc/pszx/mdps_order_operate.html HTTP/1.1" 200 5767
117.185.32.26 - - [07/Jun/2021:10:56:45 +0800] "GET /xingrg/kc/buy/cgsh_order_operate.html?command=get_materiel&rest_code=00106&code=00101005037&supplier_code=00100334&order_time=2021-06-07 HTTP/1.1" 200 409
183.192.95.179 - - [07/Jun/2021:10:56:45 +0800] "GET /xingrg/check_reg.html?_=1623034614454 HTTP/1.1" 302 -
114.86.230.197 - - [07/Jun/2021:10:56:45 +0800] "GET /xingrg/all/function/internal_message.html?_=1623034610156&CODE_STATE=getMsg HTTP/1.1" 200 27
116.224.253.72 - - [07/Jun/2021:10:56:46 +0800] "GET /xingrg/kc/buy/cgsh_order_operate.html?command=get_materiel&rest_code=00151&code=00101007051&supplier_code=00100266&order_time=2021-06-07 HTTP/1.1" 200 413
180.161.111.4 - - [07/Jun/2021:10:56:46 +0800] "GET /xingrg/kc/buy/cgsh_order_operate.html?command=get_materiel&rest_code=00102&code=00101008357&supplier_code=00100008&order_time=2021-06-07 HTTP/1.1" 200 408
116.224.253.72 - - [07/Jun/2021:10:56:46 +0800] "GET /xingrg/kc/buy/cgsh_order_add.html HTTP/1.1" 200 62349
116.224.253.72 - - [07/Jun/2021:10:56:47 +0800] "POST /xingrg/kc/buy/cgsh_order_operate.html HTTP/1.1" 200 8245
116.224.253.72 - - [07/Jun/2021:10:56:47 +0800] "GET /xingrg/javascript/easyui/themes/default/validatebox.css HTTP/1.1" 404 1104
222.70.177.128 - - [07/Jun/2021:10:56:48 +0800] "GET /xingrg/all/function/internal_message.html?_=1623034609654&CODE_STATE=getMsg HTTP/1.1" 200 27
120.253.135.82 - - [07/Jun/2021:10:56:49 +0800] "POST /xingrg/kc/pszx/mdps_order_operate.html HTTP/1.1" 200 37
114.86.187.76 - - [07/Jun/2021:10:56:50 +0800] "POST /xingrg/kc/buy/cgsh_order_operate.html HTTP/1.1" 200 37
114.86.187.76 - - [07/Jun/2021:10:56:51 +0800] "POST /xingrg/kc/buy/cgsh_order_operate.html HTTP/1.1" 200 3257
116.224.253.72 - - [07/Jun/2021:10:56:53 +0800] "GET /xingrg/all/function/internal_message.html?_=1623034615273&CODE_STATE=getMsg HTTP/1.1" 200 27
116.224.253.72 - - [07/Jun/2021:10:56:54 +0800] "GET /xingrg/all/function/internal_message.html?_=1623034617048&CODE_STATE=getMsg HTTP/1.1" 200 27
120.253.135.82 - - [07/Jun/2021:10:56:54 +0800] "POST /xingrg/kc/pszx/mdps_order_operate.html HTTP/1.1" 200 12
116.224.253.72 - - [07/Jun/2021:10:56:55 +0800] "GET /xingrg/kc/buy/cgsh_order_operate.html?command=get_materiel&rest_code=00150&code=00101003053&supplier_code=00100091&order_time=2021-06-07 HTTP/1.1" 200 396
58.221.95.50 - - [07/Jun/2021:10:56:55 +0800] "GET /xingrg/all/function/internal_message.html?_=1623034619475&CODE_STATE=getMsg HTTP/1.1" 200 27
180.169.147.146 - - [07/Jun/2021:10:56:56 +0800] "GET /xingrg/all/function/internal_message.html?_=1623034617998&CODE_STATE=getMsg HTTP/1.1" 200 27
114.86.187.76 - - [07/Jun/2021:10:56:57 +0800] "GET /xingrg/kc/buy/cgsh_order_add.html HTTP/1.1" 200 62419
120.253.135.82 - - [07/Jun/2021:10:56:57 +0800] "GET /xingrg/kc/pszx/mdps_order_info.html?code=312021060600162 HTTP/1.1" 200 19585
120.253.135.82 - - [07/Jun/2021:10:56:58 +0800] "GET /xingrg/javascript/easyui/themes/default/validatebox.css HTTP/1.1" 404 1104
114.86.187.76 - - [07/Jun/2021:10:56:58 +0800] "POST /xingrg/kc/buy/cgsh_order_operate.html HTTP/1.1" 200 8245
114.86.187.76 - - [07/Jun/2021:10:56:58 +0800] "GET /xingrg/javascript/easyui/themes/default/validatebox.css HTTP/1.1" 404 1104
120.253.135.82 - - [07/Jun/2021:10:56:58 +0800] "POST /xingrg/kc/pszx/mdps_order_operate.html HTTP/1.1" 200 3956
120.253.135.82 - - [07/Jun/2021:10:57:00 +0800] "POST /xingrg/kc/pszx/mdps_list_operate.html HTTP/1.1" 200 2409
116.230.110.80 - - [07/Jun/2021:10:57:01 +0800] "GET /xingrg/all/function/internal_message.html?_=1623034611885&CODE_STATE=getMsg HTTP/1.1" 200 27
61.165.42.208 - - [07/Jun/2021:10:57:01 +0800] "GET /xingrg/all/function/internal_message.html?_=1623034625933&CODE_STATE=getMsg HTTP/1.1" 200 27
120.253.135.82 - - [07/Jun/2021:10:57:02 +0800] "GET /xingrg/all/function/internal_message.html?_=1623034408244&CODE_STATE=getMsg HTTP/1.1" 200 27
120.204.17.73 - - [07/Jun/2021:10:57:02 +0800] "GET /xingrg/all/function/internal_message.html?_=1623034560293&CODE_STATE=getMsg HTTP/1.1" 302 -
117.185.32.26 - - [07/Jun/2021:10:57:02 +0800] "GET /xingrg/all/function/internal_message.html?_=1623034620271&CODE_STATE=getMsg HTTP/1.1" 200 27
180.162.112.86 - - [07/Jun/2021:10:57:02 +0800] "GET /xingrg/all/function/internal_message.html?_=1623034321762&CODE_STATE=getMsg HTTP/1.1" 200 27
120.204.17.73 - - [07/Jun/2021:10:57:03 +0800] "GET /xingrg/login.html HTTP/1.1" 200 7641
116.224.253.72 - - [07/Jun/2021:10:57:04 +0800] "POST /xingrg/kc/buy/cgsh_order_operate.html HTTP/1.1" 200 37
180.161.111.4 - - [07/Jun/2021:10:57:04 +0800] "GET /xingrg/kc/buy/cgsh_order_operate.html?command=get_materiel&rest_code=00102&code=00102009085&supplier_code=00100008&order_time=2021-06-07 HTTP/1.1" 200 432
117.185.32.26 - - [07/Jun/2021:10:57:06 +0800] "POST /xingrg/kc/buy/cgsh_order_operate.html HTTP/1.1" 200 37
117.184.7.26 - - [07/Jun/2021:10:57:06 +0800] "GET /xingrg/all/function/internal_message.html?_=1623034627577&CODE_STATE=getMsg HTTP/1.1" 200 27
117.131.5.26 - - [07/Jun/2021:10:57:07 +0800] "GET /xingrg/all/function/internal_message.html?_=1623034723104&CODE_STATE=getMsg HTTP/1.1" 200 27
180.161.111.4 - - [07/Jun/2021:10:57:08 +0800] "GET /xingrg/kc/buy/cgsh_order_operate.html?command=get_materiel&rest_code=00102&code=00101008069&supplier_code=00100008&order_time=2021-06-07 HTTP/1.1" 200 412
120.253.135.82 - - [07/Jun/2021:10:57:08 +0800] "POST /xingrg/kc/pszx/mdps_list_operate.html HTTP/1.1" 200 667
120.253.135.82 - - [07/Jun/2021:10:57:10 +0800] "GET /xingrg/kc/pszx/mdps_order_info.html?code=312021060600164 HTTP/1.1" 200 23925
120.253.135.82 - - [07/Jun/2021:10:57:11 +0800] "GET /xingrg/javascript/easyui/themes/default/validatebox.css HTTP/1.1" 404 1104
116.224.253.72 - - [07/Jun/2021:10:57:14 +0800] "POST /xingrg/kc/buy/cgsh_order_operate.html HTTP/1.1" 200 37
116.224.253.72 - - [07/Jun/2021:10:57:15 +0800] "POST /xingrg/kc/buy/cgsh_order_operate.html HTTP/1.1" 200 12
120.253.135.82 - - [07/Jun/2021:10:57:15 +0800] "POST /xingrg/kc/pszx/mdps_order_operate.html HTTP/1.1" 200 13529
180.161.111.4 - - [07/Jun/2021:10:57:15 +0800] "GET /xingrg/kc/buy/cgsh_order_operate.html?command=get_materiel&rest_code=00102&code=00101008286&supplier_code=00100008&order_time=2021-06-07 HTTP/1.1" 200 408
117.185.32.26 - - [07/Jun/2021:10:57:19 +0800] "POST /xingrg/kc/buy/cgsh_order_operate.html HTTP/1.1" 200 12
180.169.147.146 - - [07/Jun/2021:10:57:20 +0800] "GET /xingrg/all/function/internal_message.html?_=1623034642384&CODE_STATE=getMsg HTTP/1.1" 200 27
114.86.187.76 - - [07/Jun/2021:10:57:20 +0800] "GET /xingrg/kc/buy/cgsh_order_operate.html?command=get_materiel&rest_code=00148&code=00101010161&supplier_code=00100334&order_time=2021-06-07 HTTP/1.1" 200 409
120.253.135.82 - - [07/Jun/2021:10:57:21 +0800] "GET /xingrg/all/function/internal_message.html?_=1623034675998&CODE_STATE=getMsg HTTP/1.1" 302 -
180.162.112.86 - - [07/Jun/2021:10:57:21 +0800] "GET /xingrg/kc/buy/cgsh_order_operate.html?command=get_materiel&rest_code=00143&code=00101009006&supplier_code=00100207&order_time=2021-06-02 HTTP/1.1" 200 408
116.224.253.72 - - [07/Jun/2021:10:57:22 +0800] "POST /xingrg/kc/buy/cgsh_order_operate.html HTTP/1.1" 200 12
180.161.111.4 - - [07/Jun/2021:10:57:23 +0800] "GET /xingrg/kc/buy/cgsh_order_operate.html?command=get_materiel&rest_code=00102&code=00101008036&supplier_code=00100008&order_time=2021-06-07 HTTP/1.1" 200 408
116.224.253.72 - - [07/Jun/2021:10:57:24 +0800] "GET /xingrg/kc/buy/cgsh_order_info.html?code=212021060703110 HTTP/1.1" 200 56963
222.69.128.222 - - [07/Jun/2021:10:57:24 +0800] "GET /xingrg/all/function/internal_message.html?_=1623034646964&CODE_STATE=getMsg HTTP/1.1" 200 27
116.224.253.72 - - [07/Jun/2021:10:57:25 +0800] "GET /xingrg/javascript/easyui/themes/default/validatebox.css HTTP/1.1" 404 1104
117.185.32.26 - - [07/Jun/2021:10:57:25 +0800] "GET /xingrg/kc/buy/cgsh_order_info.html?code=212021060703111 HTTP/1.1" 200 57319
101.83.241.191 - - [07/Jun/2021:10:57:25 +0800] "GET /xingrg/all/function/internal_message.html?_=1623034647937&CODE_STATE=getMsg HTTP/1.1" 200 27
117.185.32.26 - - [07/Jun/2021:10:57:25 +0800] "GET /xingrg/javascript/easyui/themes/default/validatebox.css HTTP/1.1" 404 1104
116.224.253.72 - - [07/Jun/2021:10:57:25 +0800] "POST /xingrg/kc/buy/cgsh_order_operate.html HTTP/1.1" 200 4241
120.253.135.82 - - [07/Jun/2021:10:57:25 +0800] "POST /xingrg/kc/pszx/mdps_order_operate.html HTTP/1.1" 200 37
180.161.111.4 - - [07/Jun/2021:10:57:25 +0800] "GET /xingrg/all/function/internal_message.html?_=1623034650193&CODE_STATE=getMsg HTTP/1.1" 200 27
117.185.32.26 - - [07/Jun/2021:10:57:26 +0800] "POST /xingrg/kc/buy/cgsh_order_operate.html HTTP/1.1" 200 603
116.224.253.72 - - [07/Jun/2021:10:57:26 +0800] "GET /xingrg/kc/buy/cgsh_order_info.html?code=212021060703112 HTTP/1.1" 200 57259
116.224.253.72 - - [07/Jun/2021:10:57:26 +0800] "GET /xingrg/javascript/easyui/themes/default/validatebox.css HTTP/1.1" 404 1104
101.83.241.191 - - [07/Jun/2021:10:57:27 +0800] "GET /xingrg/check_reg.html?_=1623034649798 HTTP/1.1" 200 22
116.224.253.72 - - [07/Jun/2021:10:57:27 +0800] "POST /xingrg/kc/buy/cgsh_order_operate.html HTTP/1.1" 200 609
116.230.117.165 - - [07/Jun/2021:10:57:28 +0800] "GET /xingrg/all/function/internal_message.html?_=1623034652247&CODE_STATE=getMsg HTTP/1.1" 200 27
117.185.32.26 - - [07/Jun/2021:10:57:29 +0800] "GET /xingrg/all/function/internal_message.html?_=1623035185578&CODE_STATE=getMsg HTTP/1.1" 200 27
116.224.253.72 - - [07/Jun/2021:10:57:29 +0800] "GET /xingrg/kc/print/load_data.html?order_code=212021060703112&kc_code=cgsh&condition= HTTP/1.1" 200 798
117.185.32.26 - - [07/Jun/2021:10:57:30 +0800] "GET /xingrg/kc/print/load_data.html?order_code=212021060703111&kc_code=cgsh&condition= HTTP/1.1" 200 704
180.161.111.4 - - [07/Jun/2021:10:57:31 +0800] "GET /xingrg/kc/buy/cgsh_order_operate.html?command=get_materiel&rest_code=00102&code=00101008131&supplier_code=00100008&order_time=2021-06-07 HTTP/1.1" 200 408
120.253.135.82 - - [07/Jun/2021:10:57:32 +0800] "POST /xingrg/kc/pszx/mdps_order_operate.html HTTP/1.1" 200 12
180.169.147.146 - - [07/Jun/2021:10:57:33 +0800] "GET /xingrg/check_reg.html?_=1623034659517 HTTP/1.1" 302 -
114.86.187.76 - - [07/Jun/2021:10:57:34 +0800] "GET /xingrg/all/function/internal_message.html?_=1623034657584&CODE_STATE=getMsg HTTP/1.1" 200 27
116.235.222.38 - - [07/Jun/2021:10:57:35 +0800] "GET /xingrg/all/function/internal_message.html?_=1623034658010&CODE_STATE=getMsg HTTP/1.1" 200 27
180.162.112.86 - - [07/Jun/2021:10:57:37 +0800] "GET /xingrg/kc/buy/cgsh_order_operate.html?command=get_materiel&rest_code=00143&code=00101013175&supplier_code=00100207&order_time=2021-06-02 HTTP/1.1" 200 413
120.253.135.82 - - [07/Jun/2021:10:57:37 +0800] "GET /xingrg/kc/pszx/mdps_order_info.html?code=312021060600164 HTTP/1.1" 200 19585
117.185.32.26 - - [07/Jun/2021:10:57:37 +0800] "GET /xingrg/kc/buy/cgsh_order_add.html HTTP/1.1" 200 62413
180.161.111.4 - - [07/Jun/2021:10:57:37 +0800] "GET /xingrg/kc/buy/cgsh_order_operate.html?command=get_materiel&rest_code=00102&code=00101008278&supplier_code=00100008&order_time=2021-06-07 HTTP/1.1" 200 412
117.185.32.26 - - [07/Jun/2021:10:57:38 +0800] "POST /xingrg/kc/buy/cgsh_order_operate.html HTTP/1.1" 200 8245
117.185.32.26 - - [07/Jun/2021:10:57:38 +0800] "GET /xingrg/javascript/easyui/themes/default/validatebox.css HTTP/1.1" 404 1104
120.253.135.82 - - [07/Jun/2021:10:57:38 +0800] "GET /xingrg/javascript/easyui/themes/default/validatebox.css HTTP/1.1" 404 1104
101.85.94.178 - - [07/Jun/2021:10:57:38 +0800] "GET /xingrg/all/function/internal_message.html?_=1623034125675&CODE_STATE=getMsg HTTP/1.1" 200 27
120.253.135.82 - - [07/Jun/2021:10:57:38 +0800] "POST /xingrg/kc/pszx/mdps_order_operate.html HTTP/1.1" 200 11661
61.165.42.208 - - [07/Jun/2021:10:57:38 +0800] "GET /xingrg/all/function/internal_message.html?_=1623034639165&CODE_STATE=getMsg HTTP/1.1" 200 27
120.253.135.82 - - [07/Jun/2021:10:57:40 +0800] "POST /xingrg/kc/pszx/mdps_list_operate.html HTTP/1.1" 200 2046
117.185.32.26 - - [07/Jun/2021:10:57:40 +0800] "GET /xingrg/javascript/easyui/themes/default/tree.css HTTP/1.1" 404 1090
117.185.32.26 - - [07/Jun/2021:10:57:41 +0800] "POST /xingrg/all/common/load_tree.html?tree=supplier_tree_json&isDelete=1 HTTP/1.1" 200 56016
183.192.95.179 - - [07/Jun/2021:10:57:41 +0800] "GET /xingrg/all/function/internal_message.html?_=1623034670679&CODE_STATE=getMsg HTTP/1.1" 302 -
180.169.147.146 - - [07/Jun/2021:10:57:42 +0800] "GET /xingrg/all/function/internal_message.html?_=1623034665213&CODE_STATE=getMsg HTTP/1.1" 200 27
116.224.253.72 - - [07/Jun/2021:10:57:42 +0800] "GET /xingrg/kc/buy/cgsh_order_add.html HTTP/1.1" 200 62349
116.224.253.72 - - [07/Jun/2021:10:57:43 +0800] "POST /xingrg/kc/buy/cgsh_order_operate.html HTTP/1.1" 200 8245
116.224.253.72 - - [07/Jun/2021:10:57:43 +0800] "GET /xingrg/javascript/easyui/themes/default/validatebox.css HTTP/1.1" 404 1104
180.161.111.4 - - [07/Jun/2021:10:57:43 +0800] "GET /xingrg/kc/buy/cgsh_order_operate.html?command=get_materiel&rest_code=00102&code=00101008233&supplier_code=00100008&order_time=2021-06-07 HTTP/1.1" 200 408
114.86.187.76 - - [07/Jun/2021:10:57:45 +0800] "POST /xingrg/kc/buy/cgsh_order_operate.html HTTP/1.1" 200 37
114.86.230.197 - - [07/Jun/2021:10:57:45 +0800] "GET /xingrg/all/function/internal_message.html?_=1623034670160&CODE_STATE=getMsg HTTP/1.1" 200 27
222.70.177.128 - - [07/Jun/2021:10:57:48 +0800] "GET /xingrg/all/function/internal_message.html?_=1623034669655&CODE_STATE=getMsg HTTP/1.1" 200 27
180.161.111.4 - - [07/Jun/2021:10:57:49 +0800] "GET /xingrg/kc/buy/cgsh_order_operate.html?command=get_materiel&rest_code=00102&code=00101008352&supplier_code=00100008&order_time=2021-06-07 HTTP/1.1" 200 412
180.161.111.4 - - [07/Jun/2021:10:57:50 +0800] "POST /xingrg/kc/buy/cgsh_order_operate.html HTTP/1.1" 200 2065
114.86.187.76 - - [07/Jun/2021:10:57:51 +0800] "POST /xingrg/kc/buy/cgsh_order_operate.html HTTP/1.1" 200 2654
116.224.253.72 - - [07/Jun/2021:10:57:53 +0800] "GET /xingrg/all/function/internal_message.html?_=1623034675276&CODE_STATE=getMsg HTTP/1.1" 200 27
116.224.253.72 - - [07/Jun/2021:10:57:53 +0800] "GET /xingrg/kc/buy/cgsh_order_operate.html?command=get_materiel&rest_code=00150&code=00101006185&supplier_code=00100323&order_time=2021-06-07 HTTP/1.1" 200 419
114.86.187.76 - - [07/Jun/2021:10:57:54 +0800] "GET /xingrg/kc/buy/cgsh_order_add.html HTTP/1.1" 200 62419
116.224.253.72 - - [07/Jun/2021:10:57:54 +0800] "GET /xingrg/all/function/internal_message.html?_=1623034677061&CODE_STATE=getMsg HTTP/1.1" 200 27
120.253.135.82 - - [07/Jun/2021:10:57:54 +0800] "POST /xingrg/kc/pszx/mdps_list_operate.html HTTP/1.1" 200 616
114.86.187.76 - - [07/Jun/2021:10:57:55 +0800] "POST /xingrg/kc/buy/cgsh_order_operate.html HTTP/1.1" 200 8245
114.86.187.76 - - [07/Jun/2021:10:57:55 +0800] "GET /xingrg/javascript/easyui/themes/default/validatebox.css HTTP/1.1" 404 1104
58.221.95.50 - - [07/Jun/2021:10:57:55 +0800] "GET /xingrg/all/function/internal_message.html?_=1623034679475&CODE_STATE=getMsg HTTP/1.1" 200 27
