124.79.241.247 - - [07/Jun/2021:09:32:07 +0800] "GET /xingrg/all/function/internal_message.html?_=1623029622986&CODE_STATE=getMsg HTTP/1.1" 200 27
116.235.222.38 - - [07/Jun/2021:09:32:10 +0800] "POST /xingrg/kc/buy/cgsh_order_operate.html HTTP/1.1" 200 2065
180.169.147.146 - - [07/Jun/2021:09:32:10 +0800] "GET /xingrg/all/function/internal_message.html?_=1623029533406&CODE_STATE=getMsg HTTP/1.1" 200 27
116.224.253.72 - - [07/Jun/2021:09:32:16 +0800] "GET /xingrg/all/function/internal_message.html?_=1623029538168&CODE_STATE=getMsg HTTP/1.1" 200 27
116.224.253.72 - - [07/Jun/2021:09:32:16 +0800] "GET /xingrg/all/function/internal_message.html?_=1623029538872&CODE_STATE=getMsg HTTP/1.1" 200 27
120.253.135.82 - - [07/Jun/2021:09:32:19 +0800] "GET /xingrg/all/function/internal_message.html?_=1623029573854&CODE_STATE=getMsg HTTP/1.1" 302 -
116.230.117.165 - - [07/Jun/2021:09:32:22 +0800] "GET /xingrg/kc/buy/cgsh_order_operate.html?command=get_materiel&rest_code=00146&code=00101008028&supplier_code=00100005&order_time=2021-06-07 HTTP/1.1" 200 412
222.69.128.222 - - [07/Jun/2021:09:32:25 +0800] "GET /xingrg/all/function/internal_message.html?_=1623029547739&CODE_STATE=getMsg HTTP/1.1" 200 27
116.230.117.165 - - [07/Jun/2021:09:32:26 +0800] "GET /xingrg/all/function/internal_message.html?_=1623029549968&CODE_STATE=getMsg HTTP/1.1" 200 27
116.235.222.38 - - [07/Jun/2021:09:32:26 +0800] "GET /xingrg/all/function/internal_message.html?_=1623029549087&CODE_STATE=getMsg HTTP/1.1" 200 27
116.235.222.38 - - [07/Jun/2021:09:32:27 +0800] "GET /xingrg/kc/buy/cgsh_order_operate.html?command=get_materiel&rest_code=00107&code=00101009113&supplier_code=00100006&order_time=2021-06-07 HTTP/1.1" 200 398
180.169.147.146 - - [07/Jun/2021:09:32:33 +0800] "GET /xingrg/check_reg.html?_=1623029559139 HTTP/1.1" 302 -
114.86.187.76 - - [07/Jun/2021:09:32:33 +0800] "GET /xingrg/all/function/internal_message.html?_=1623029557103&CODE_STATE=getMsg HTTP/1.1" 200 27
116.230.110.80 - - [07/Jun/2021:09:32:35 +0800] "GET /xingrg/all/function/internal_message.html?_=1623029545406&CODE_STATE=getMsg HTTP/1.1" 200 27
101.85.94.178 - - [07/Jun/2021:09:32:38 +0800] "GET /xingrg/all/function/internal_message.html?_=1623029025548&CODE_STATE=getMsg HTTP/1.1" 200 27
116.230.117.165 - - [07/Jun/2021:09:32:38 +0800] "GET /xingrg/kc/buy/cgsh_order_operate.html?command=get_materiel&rest_code=00146&code=00101008351&supplier_code=00100005&order_time=2021-06-07 HTTP/1.1" 200 408
183.192.95.179 - - [07/Jun/2021:09:32:43 +0800] "GET /xingrg/all/function/internal_message.html?_=1623029572480&CODE_STATE=getMsg HTTP/1.1" 200 27
116.235.222.38 - - [07/Jun/2021:09:32:46 +0800] "GET /xingrg/kc/buy/cgsh_order_operate.html?command=get_materiel&rest_code=00107&code=00101008096&supplier_code=00100006&order_time=2021-06-07 HTTP/1.1" 200 412
222.70.177.128 - - [07/Jun/2021:09:32:47 +0800] "GET /xingrg/all/function/internal_message.html?_=1623029569500&CODE_STATE=getMsg HTTP/1.1" 200 27
116.230.117.165 - - [07/Jun/2021:09:32:50 +0800] "GET /xingrg/kc/buy/cgsh_order_operate.html?command=get_materiel&rest_code=00146&code=00101008096&supplier_code=00100005&order_time=2021-06-07 HTTP/1.1" 200 412
180.161.111.4 - - [07/Jun/2021:09:32:55 +0800] "GET /xingrg/all/function/internal_message.html?_=1623029540114&CODE_STATE=getMsg HTTP/1.1" 200 27
120.253.135.82 - - [07/Jun/2021:09:32:57 +0800] "GET /xingrg/check_reg.html?_=1623029612117 HTTP/1.1" 302 -
116.230.117.165 - - [07/Jun/2021:09:33:01 +0800] "GET /xingrg/kc/buy/cgsh_order_operate.html?command=get_materiel&rest_code=00146&code=00101008088&supplier_code=00100005&order_time=2021-06-07 HTTP/1.1" 200 408
61.165.42.208 - - [07/Jun/2021:09:33:01 +0800] "GET /xingrg/check_reg.html?_=1623029585869 HTTP/1.1" 200 22
61.165.42.208 - - [07/Jun/2021:09:33:01 +0800] "GET /xingrg/all/function/internal_message.html?_=1623029585873&CODE_STATE=getMsg HTTP/1.1" 200 27
58.37.225.51 - - [07/Jun/2021:09:33:06 +0800] "GET /xingrg/all/function/internal_message.html?_=1623029530800&CODE_STATE=getMsg HTTP/1.1" 200 27
124.79.241.247 - - [07/Jun/2021:09:33:07 +0800] "GET /xingrg/all/function/internal_message.html?_=1623029682985&CODE_STATE=getMsg HTTP/1.1" 200 27
116.235.222.38 - - [07/Jun/2021:09:33:09 +0800] "GET /xingrg/kc/buy/cgsh_order_operate.html?command=get_materiel&rest_code=00107&code=00101008356&supplier_code=00100006&order_time=2021-06-07 HTTP/1.1" 200 408
180.169.147.146 - - [07/Jun/2021:09:33:09 +0800] "GET /xingrg/check_reg.html?_=1623029595413 HTTP/1.1" 302 -
180.169.147.146 - - [07/Jun/2021:09:33:10 +0800] "GET /xingrg/all/function/internal_message.html?_=1623029593391&CODE_STATE=getMsg HTTP/1.1" 200 27
116.224.253.72 - - [07/Jun/2021:09:33:16 +0800] "GET /xingrg/all/function/internal_message.html?_=1623029598138&CODE_STATE=getMsg HTTP/1.1" 200 27
116.224.253.72 - - [07/Jun/2021:09:33:16 +0800] "GET /xingrg/all/function/internal_message.html?_=1623029598886&CODE_STATE=getMsg HTTP/1.1" 200 27
120.253.135.82 - - [07/Jun/2021:09:33:19 +0800] "GET /xingrg/all/function/internal_message.html?_=1623029633898&CODE_STATE=getMsg HTTP/1.1" 302 -
116.235.222.38 - - [07/Jun/2021:09:33:20 +0800] "GET /xingrg/kc/buy/cgsh_order_operate.html?command=get_materiel&rest_code=00107&code=00101008286&supplier_code=00100006&order_time=2021-06-07 HTTP/1.1" 200 408
222.69.128.222 - - [07/Jun/2021:09:33:25 +0800] "GET /xingrg/all/function/internal_message.html?_=1623029607752&CODE_STATE=getMsg HTTP/1.1" 200 27
116.230.117.165 - - [07/Jun/2021:09:33:25 +0800] "GET /xingrg/check_reg.html?_=1623029609924 HTTP/1.1" 200 22
116.230.117.165 - - [07/Jun/2021:09:33:26 +0800] "GET /xingrg/all/function/internal_message.html?_=1623029609983&CODE_STATE=getMsg HTTP/1.1" 200 27
116.235.222.38 - - [07/Jun/2021:09:33:26 +0800] "GET /xingrg/check_reg.html?_=1623029609157 HTTP/1.1" 200 22
116.235.222.38 - - [07/Jun/2021:09:33:26 +0800] "GET /xingrg/all/function/internal_message.html?_=1623029609175&CODE_STATE=getMsg HTTP/1.1" 200 27
116.230.117.165 - - [07/Jun/2021:09:33:27 +0800] "POST /xingrg/kc/buy/cgsh_order_operate.html HTTP/1.1" 200 37
116.230.117.165 - - [07/Jun/2021:09:33:29 +0800] "POST /xingrg/kc/buy/cgsh_order_operate.html HTTP/1.1" 200 13312
114.86.187.76 - - [07/Jun/2021:09:33:33 +0800] "GET /xingrg/all/function/internal_message.html?_=1623029617088&CODE_STATE=getMsg HTTP/1.1" 200 27
116.230.110.80 - - [07/Jun/2021:09:33:35 +0800] "GET /xingrg/all/function/internal_message.html?_=1623029605408&CODE_STATE=getMsg HTTP/1.1" 200 27
180.169.147.146 - - [07/Jun/2021:09:33:37 +0800] "GET /xingrg/index.html?sysBaseUrl=http%3A%2F%2F180.169.147.146%3A18081%2Fxingrg%2F&costTime=39×tamp=1592034574635 HTTP/1.1" 302 -
180.169.147.146 - - [07/Jun/2021:09:33:37 +0800] "GET /xingrg/login.html HTTP/1.1" 200 7641
101.85.94.178 - - [07/Jun/2021:09:33:38 +0800] "GET /xingrg/check_reg.html?_=1623029085550 HTTP/1.1" 200 22
101.85.94.178 - - [07/Jun/2021:09:33:38 +0800] "GET /xingrg/all/function/internal_message.html?_=1623029085553&CODE_STATE=getMsg HTTP/1.1" 200 27
180.169.147.146 - - [07/Jun/2021:09:33:38 +0800] "GET /favicon.ico HTTP/1.1" 404 -
180.169.147.146 - - [07/Jun/2021:09:33:39 +0800] "GET /favicon.ico HTTP/1.1" 404 -
222.69.128.222 - - [07/Jun/2021:09:33:41 +0800] "GET /xingrg/kc/buy/cgsh_order_operate.html?command=get_materiel&rest_code=00149&code=00101015006&supplier_code=00100005&order_time=2021-06-07 HTTP/1.1" 200 413
183.192.95.179 - - [07/Jun/2021:09:33:43 +0800] "GET /xingrg/all/function/internal_message.html?_=1623029632463&CODE_STATE=getMsg HTTP/1.1" 200 27
116.235.222.38 - - [07/Jun/2021:09:33:45 +0800] "GET /xingrg/kc/buy/cgsh_order_operate.html?command=get_materiel&rest_code=00107&code=00101015060&supplier_code=00100006&order_time=2021-06-07 HTTP/1.1" 200 412
180.169.147.146 - - [07/Jun/2021:09:33:47 +0800] "POST /xingrg/login.do HTTP/1.1" 302 -
180.169.147.146 - - [07/Jun/2021:09:33:47 +0800] "GET /xingrg/index.html?sysBaseUrl=http%3A%2F%2F180.169.147.146%3A18081%2Fxingrg%2F&costTime=1195×tamp=1623029627433 HTTP/1.1" 200 17503
180.169.147.146 - - [07/Jun/2021:09:33:47 +0800] "GET /favicon.ico HTTP/1.1" 404 -
222.70.177.128 - - [07/Jun/2021:09:33:47 +0800] "GET /xingrg/all/function/internal_message.html?_=1623029629503&CODE_STATE=getMsg HTTP/1.1" 200 27
180.169.147.146 - - [07/Jun/2021:09:33:48 +0800] "GET /xingrg/check_reg.html?_=1623029629608 HTTP/1.1" 200 22
222.70.177.128 - - [07/Jun/2021:09:33:48 +0800] "GET /xingrg/check_reg.html?_=1623029629501 HTTP/1.1" 200 22
180.169.147.146 - - [07/Jun/2021:09:33:48 +0800] "GET /xingrg/all/function/internal_message.html?_=1623029629578&CODE_STATE=count HTTP/1.1" 200 11
180.169.147.146 - - [07/Jun/2021:09:33:48 +0800] "POST /xingrg/all/common/load_tree.html?tree=area_rest_tree_json&manage=1 HTTP/1.1" 200 3466
180.169.147.146 - - [07/Jun/2021:09:33:48 +0800] "POST /xingrg/load_menu.html HTTP/1.1" 200 11443
116.235.222.38 - - [07/Jun/2021:09:33:49 +0800] "POST /xingrg/kc/buy/cgsh_order_operate.html HTTP/1.1" 200 2065
124.78.12.123 - - [07/Jun/2021:09:33:49 +0800] "GET /favicon.ico HTTP/1.1" 404 -
180.161.111.4 - - [07/Jun/2021:09:33:54 +0800] "GET /xingrg/check_reg.html?_=1623029599148 HTTP/1.1" 200 22
180.161.111.4 - - [07/Jun/2021:09:33:55 +0800] "GET /xingrg/all/function/internal_message.html?_=1623029600128&CODE_STATE=getMsg HTTP/1.1" 200 27
180.169.147.146 - - [07/Jun/2021:09:33:56 +0800] "POST /xingrg/all/user/operate.html HTTP/1.1" 200 36
180.169.147.146 - - [07/Jun/2021:09:33:56 +0800] "GET /xingrg/index.html?sysBaseUrl=http%3A%2F%2F180.169.147.146%3A18081%2Fxingrg%2F&costTime=1195×tamp=1623029627433 HTTP/1.1" 200 17509
180.169.147.146 - - [07/Jun/2021:09:33:56 +0800] "GET /xingrg/javascript/jquery_easy_ui/themes/default/easyui.css HTTP/1.1" 304 -
180.169.147.146 - - [07/Jun/2021:09:33:56 +0800] "GET /xingrg/javascript/jquery_easy_ui/themes/icon.css HTTP/1.1" 304 -
180.169.147.146 - - [07/Jun/2021:09:33:56 +0800] "GET /xingrg/css/form.css HTTP/1.1" 304 -
180.169.147.146 - - [07/Jun/2021:09:33:56 +0800] "GET /xingrg/javascript/jquery-1.4.2.min.js HTTP/1.1" 304 -
180.169.147.146 - - [07/Jun/2021:09:33:56 +0800] "GET /xingrg/javascript/jquery_easy_ui/jquery.easyui.min.js HTTP/1.1" 304 -
180.169.147.146 - - [07/Jun/2021:09:33:56 +0800] "GET /xingrg/javascript/jquery_easy_ui/easyui-lang-zh_CN.js HTTP/1.1" 304 -
180.169.147.146 - - [07/Jun/2021:09:33:56 +0800] "GET /xingrg/javascript/jquery.form.js HTTP/1.1" 304 -
180.169.147.146 - - [07/Jun/2021:09:33:56 +0800] "GET /xingrg/javascript/jquery.utils.js HTTP/1.1" 304 -
180.169.147.146 - - [07/Jun/2021:09:33:56 +0800] "GET /xingrg/javascript/jquery.timers.js HTTP/1.1" 304 -
180.169.147.146 - - [07/Jun/2021:09:33:56 +0800] "GET /xingrg/images/blue/jxLogo.png HTTP/1.1" 304 -
180.169.147.146 - - [07/Jun/2021:09:33:56 +0800] "GET /xingrg/javascript/jquery_easy_ui/themes/icons/settle_new.png HTTP/1.1" 304 -
180.169.147.146 - - [07/Jun/2021:09:33:56 +0800] "GET /xingrg/images/blue/navBackgound.jpg HTTP/1.1" 304 -
116.230.114.112 - - [07/Jun/2021:09:33:56 +0800] "GET /xingrg/check_reg.html?_=1623029640303 HTTP/1.1" 302 -
180.169.147.146 - - [07/Jun/2021:09:33:56 +0800] "GET /xingrg/all/function/internal_message.html?_=1623029637956&CODE_STATE=count HTTP/1.1" 200 11
180.169.147.146 - - [07/Jun/2021:09:33:56 +0800] "GET /xingrg/javascript/jquery_easy_ui/themes/default/images/panel_tool_expand.gif HTTP/1.1" 304 -
180.169.147.146 - - [07/Jun/2021:09:33:56 +0800] "GET /xingrg/javascript/jquery_easy_ui/themes/default/images/panel_tool_collapse.gif HTTP/1.1" 304 -
180.169.147.146 - - [07/Jun/2021:09:33:56 +0800] "GET /xingrg/javascript/jquery_easy_ui/themes/default/images/tabs_rightarrow.png HTTP/1.1" 304 -
180.169.147.146 - - [07/Jun/2021:09:33:56 +0800] "GET /xingrg/images/blue/pingpu.png HTTP/1.1" 304 -
180.169.147.146 - - [07/Jun/2021:09:33:56 +0800] "GET /xingrg/javascript/jquery_easy_ui/themes/default/images/tabs_leftarrow.png HTTP/1.1" 304 -
180.169.147.146 - - [07/Jun/2021:09:33:56 +0800] "GET /xingrg/check_reg.html?_=1623029637957 HTTP/1.1" 200 22
180.169.147.146 - - [07/Jun/2021:09:33:56 +0800] "POST /xingrg/all/common/load_tree.html?tree=area_rest_tree_json&manage=1 HTTP/1.1" 200 3466
180.169.147.146 - - [07/Jun/2021:09:33:56 +0800] "POST /xingrg/load_menu.html HTTP/1.1" 200 9959
116.235.222.38 - - [07/Jun/2021:09:33:58 +0800] "GET /xingrg/kc/buy/cgsh_order_operate.html?command=get_materiel&rest_code=00107&code=00101015038&supplier_code=00100006&order_time=2021-06-07 HTTP/1.1" 200 419
61.165.42.208 - - [07/Jun/2021:09:34:01 +0800] "GET /xingrg/all/function/internal_message.html?_=1623029645861&CODE_STATE=getMsg HTTP/1.1" 200 27
222.69.128.222 - - [07/Jun/2021:09:34:05 +0800] "GET /xingrg/kc/buy/cgsh_order_operate.html?command=get_materiel&rest_code=00149&code=00101008183&supplier_code=00100005&order_time=2021-06-07 HTTP/1.1" 200 413
58.37.225.51 - - [07/Jun/2021:09:34:06 +0800] "GET /xingrg/check_reg.html?_=1623029590789 HTTP/1.1" 200 22
58.37.225.51 - - [07/Jun/2021:09:34:06 +0800] "GET /xingrg/all/function/internal_message.html?_=1623029590791&CODE_STATE=getMsg HTTP/1.1" 200 27
124.79.241.247 - - [07/Jun/2021:09:34:07 +0800] "GET /xingrg/check_reg.html?_=1623029742995 HTTP/1.1" 200 22
124.79.241.247 - - [07/Jun/2021:09:34:07 +0800] "GET /xingrg/all/function/internal_message.html?_=1623029742994&CODE_STATE=getMsg HTTP/1.1" 200 27
180.169.147.146 - - [07/Jun/2021:09:34:10 +0800] "GET /favicon.ico HTTP/1.1" 404 -
180.169.147.146 - - [07/Jun/2021:09:34:10 +0800] "GET /xingrg/all/function/internal_message.html?_=1623029653393&CODE_STATE=getMsg HTTP/1.1" 200 27
116.235.222.38 - - [07/Jun/2021:09:34:11 +0800] "GET /xingrg/kc/buy/cgsh_order_operate.html?command=get_materiel&rest_code=00107&code=00101009007&supplier_code=00100006&order_time=2021-06-07 HTTP/1.1" 200 408
180.169.147.146 - - [07/Jun/2021:09:34:14 +0800] "GET /xingrg/kc/buy/cgsh_order_list.html HTTP/1.1" 200 46936
222.69.128.222 - - [07/Jun/2021:09:34:16 +0800] "GET /xingrg/kc/buy/cgsh_order_operate.html?command=get_materiel&rest_code=00149&code=00101008123&supplier_code=00100005&order_time=2021-06-07 HTTP/1.1" 200 412
116.224.253.72 - - [07/Jun/2021:09:34:16 +0800] "GET /xingrg/all/function/internal_message.html?_=1623029658124&CODE_STATE=getMsg HTTP/1.1" 200 27
116.224.253.72 - - [07/Jun/2021:09:34:16 +0800] "GET /xingrg/all/function/internal_message.html?_=1623029658945&CODE_STATE=getMsg HTTP/1.1" 200 27
180.169.147.146 - - [07/Jun/2021:09:34:16 +0800] "POST /xingrg/kc/buy/cgsh_list_operate.html HTTP/1.1" 200 876
120.253.135.82 - - [07/Jun/2021:09:34:19 +0800] "GET /xingrg/all/function/internal_message.html?_=1623029693913&CODE_STATE=getMsg HTTP/1.1" 302 -
116.224.253.72 - - [07/Jun/2021:09:34:20 +0800] "POST /xingrg/kc/buy/cgsh_list_operate.html HTTP/1.1" 200 876
116.224.253.72 - - [07/Jun/2021:09:34:22 +0800] "GET /xingrg/javascript/jquery_tools/images/prev.gif HTTP/1.1" 404 1086
116.224.253.72 - - [07/Jun/2021:09:34:22 +0800] "GET /xingrg/javascript/jquery_tools/images/next.gif HTTP/1.1" 404 1086
222.69.128.222 - - [07/Jun/2021:09:34:25 +0800] "GET /xingrg/all/function/internal_message.html?_=1623029667781&CODE_STATE=getMsg HTTP/1.1" 200 27
222.69.128.222 - - [07/Jun/2021:09:34:26 +0800] "GET /xingrg/kc/buy/cgsh_order_operate.html?command=get_materiel&rest_code=00149&code=00101008280&supplier_code=00100005&order_time=2021-06-07 HTTP/1.1" 200 417
116.230.117.165 - - [07/Jun/2021:09:34:26 +0800] "GET /xingrg/all/function/internal_message.html?_=1623029669996&CODE_STATE=getMsg HTTP/1.1" 200 27
180.169.147.146 - - [07/Jun/2021:09:34:26 +0800] "POST /xingrg/kc/buy/cgsh_list_operate.html HTTP/1.1" 200 5859
116.235.222.38 - - [07/Jun/2021:09:34:26 +0800] "GET /xingrg/all/function/internal_message.html?_=1623029669151&CODE_STATE=getMsg HTTP/1.1" 200 27
116.224.253.72 - - [07/Jun/2021:09:34:29 +0800] "GET /xingrg/javascript/auto/indicator.gif HTTP/1.1" 404 1066
180.169.147.146 - - [07/Jun/2021:09:34:29 +0800] "POST /xingrg/kc/buy/cgsh_list_operate.html HTTP/1.1" 200 569
116.235.222.38 - - [07/Jun/2021:09:34:32 +0800] "GET /xingrg/kc/buy/cgsh_order_operate.html?command=get_materiel&rest_code=00107&code=00101008083&supplier_code=00100006&order_time=2021-06-07 HTTP/1.1" 200 427
222.69.128.222 - - [07/Jun/2021:09:34:32 +0800] "POST /xingrg/kc/buy/cgsh_order_operate.html HTTP/1.1" 200 2065
116.224.253.72 - - [07/Jun/2021:09:34:33 +0800] "POST /xingrg/kc/buy/cgsh_list_operate.html HTTP/1.1" 200 876
114.86.187.76 - - [07/Jun/2021:09:34:33 +0800] "GET /xingrg/all/function/internal_message.html?_=1623029677074&CODE_STATE=getMsg HTTP/1.1" 200 27
180.169.147.146 - - [07/Jun/2021:09:34:34 +0800] "GET /xingrg/kc/buy/cgsh_order_info.html?code=212021060602982 HTTP/1.1" 200 56684
180.169.147.146 - - [07/Jun/2021:09:34:34 +0800] "GET /xingrg/words/20210605161758_words.js HTTP/1.1" 200 820202
180.169.147.146 - - [07/Jun/2021:09:34:34 +0800] "GET /xingrg/javascript/easyui/themes/default/validatebox.css HTTP/1.1" 404 1104
116.235.222.38 - - [07/Jun/2021:09:34:34 +0800] "POST /xingrg/all/common/load_select.html HTTP/1.1" 200 25
180.169.147.146 - - [07/Jun/2021:09:34:35 +0800] "POST /xingrg/kc/buy/cgsh_order_operate.html HTTP/1.1" 200 17772
116.230.110.80 - - [07/Jun/2021:09:34:35 +0800] "GET /xingrg/check_reg.html?_=1623029665413 HTTP/1.1" 200 22
116.230.110.80 - - [07/Jun/2021:09:34:35 +0800] "GET /xingrg/all/function/internal_message.html?_=1623029665411&CODE_STATE=getMsg HTTP/1.1" 200 27
116.224.253.72 - - [07/Jun/2021:09:34:35 +0800] "POST /xingrg/all/user/operate.html HTTP/1.1" 200 36
116.224.253.72 - - [07/Jun/2021:09:34:35 +0800] "GET /xingrg/index.html?sysBaseUrl=http%3A%2F%2F180.169.147.146%3A18081%2Fxingrg%2F&costTime=1408×tamp=1623027360057 HTTP/1.1" 200 17179
116.224.253.72 - - [07/Jun/2021:09:34:35 +0800] "GET /xingrg/javascript/jquery_easy_ui/themes/default/easyui.css HTTP/1.1" 304 -
116.224.253.72 - - [07/Jun/2021:09:34:35 +0800] "GET /xingrg/javascript/jquery_easy_ui/themes/icon.css HTTP/1.1" 304 -
116.224.253.72 - - [07/Jun/2021:09:34:35 +0800] "GET /xingrg/css/form.css HTTP/1.1" 304 -
116.224.253.72 - - [07/Jun/2021:09:34:35 +0800] "GET /xingrg/javascript/jquery-1.4.2.min.js HTTP/1.1" 304 -
116.224.253.72 - - [07/Jun/2021:09:34:35 +0800] "GET /xingrg/javascript/jquery_easy_ui/jquery.easyui.min.js HTTP/1.1" 304 -
116.224.253.72 - - [07/Jun/2021:09:34:35 +0800] "GET /xingrg/javascript/jquery_easy_ui/easyui-lang-zh_CN.js HTTP/1.1" 304 -
116.224.253.72 - - [07/Jun/2021:09:34:35 +0800] "GET /xingrg/javascript/jquery.form.js HTTP/1.1" 304 -
116.224.253.72 - - [07/Jun/2021:09:34:35 +0800] "GET /xingrg/javascript/jquery.utils.js HTTP/1.1" 304 -
116.224.253.72 - - [07/Jun/2021:09:34:35 +0800] "GET /xingrg/javascript/jquery.timers.js HTTP/1.1" 304 -
116.224.253.72 - - [07/Jun/2021:09:34:35 +0800] "GET /xingrg/images/blue/jxLogo.png HTTP/1.1" 304 -
116.224.253.72 - - [07/Jun/2021:09:34:35 +0800] "GET /xingrg/images/blue/navBackgound.jpg HTTP/1.1" 304 -
116.224.253.72 - - [07/Jun/2021:09:34:35 +0800] "GET /xingrg/javascript/jquery_easy_ui/themes/icons/settle_new.png HTTP/1.1" 304 -
116.224.253.72 - - [07/Jun/2021:09:34:35 +0800] "GET /xingrg/images/blue/pingpu.png HTTP/1.1" 304 -
116.224.253.72 - - [07/Jun/2021:09:34:35 +0800] "GET /xingrg/javascript/jquery_easy_ui/themes/default/images/tabs_leftarrow.png HTTP/1.1" 304 -
116.224.253.72 - - [07/Jun/2021:09:34:35 +0800] "GET /xingrg/javascript/jquery_easy_ui/themes/default/images/tabs_rightarrow.png HTTP/1.1" 304 -
116.224.253.72 - - [07/Jun/2021:09:34:36 +0800] "GET /xingrg/javascript/jquery_easy_ui/themes/default/images/panel_tool_collapse.gif HTTP/1.1" 304 -
116.224.253.72 - - [07/Jun/2021:09:34:36 +0800] "GET /xingrg/all/function/internal_message.html?_=1623029678338&CODE_STATE=count HTTP/1.1" 200 11
116.224.253.72 - - [07/Jun/2021:09:34:36 +0800] "GET /xingrg/check_reg.html?_=1623029678339 HTTP/1.1" 200 22
116.224.253.72 - - [07/Jun/2021:09:34:36 +0800] "POST /xingrg/all/common/load_tree.html?tree=area_rest_tree_json&manage=1 HTTP/1.1" 200 476
116.224.253.72 - - [07/Jun/2021:09:34:36 +0800] "POST /xingrg/load_menu.html HTTP/1.1" 200 5138
101.85.94.178 - - [07/Jun/2021:09:34:38 +0800] "GET /xingrg/all/function/internal_message.html?_=1623029145554&CODE_STATE=getMsg HTTP/1.1" 200 27
116.235.222.38 - - [07/Jun/2021:09:34:39 +0800] "GET /xingrg/kc/buy/cgsh_order_operate.html?command=get_materiel_price&rest_code=00107&code=00101008083&unit_code=00100026&supplier_code=00100006&order_time=2021-06-07 HTTP/1.1" 200 27
116.224.253.72 - - [07/Jun/2021:09:34:41 +0800] "POST /xingrg/kc/buy/cgsh_list_operate.html HTTP/1.1" 200 876
116.224.253.72 - - [07/Jun/2021:09:34:41 +0800] "GET /xingrg/kc/buy/cgsh_order_list.html HTTP/1.1" 200 46681
116.224.253.72 - - [07/Jun/2021:09:34:43 +0800] "POST /xingrg/kc/buy/cgsh_list_operate.html HTTP/1.1" 200 876
183.192.95.179 - - [07/Jun/2021:09:34:43 +0800] "GET /xingrg/all/function/internal_message.html?_=1623029692448&CODE_STATE=getMsg HTTP/1.1" 200 27
116.224.253.72 - - [07/Jun/2021:09:34:45 +0800] "GET /xingrg/kc/buy/cgsh_order_add.html HTTP/1.1" 200 62349
116.224.253.72 - - [07/Jun/2021:09:34:46 +0800] "POST /xingrg/kc/buy/cgsh_order_operate.html HTTP/1.1" 200 8245
116.224.253.72 - - [07/Jun/2021:09:34:46 +0800] "GET /xingrg/javascript/easyui/themes/default/validatebox.css HTTP/1.1" 404 1104
116.224.253.72 - - [07/Jun/2021:09:34:47 +0800] "GET /xingrg/javascript/auto/indicator.gif HTTP/1.1" 404 1066
222.70.177.128 - - [07/Jun/2021:09:34:47 +0800] "GET /xingrg/all/function/internal_message.html?_=1623029689502&CODE_STATE=getMsg HTTP/1.1" 200 27
180.169.147.146 - - [07/Jun/2021:09:34:48 +0800] "POST /xingrg/kc/buy/cgsh_order_operate.html HTTP/1.1" 200 12
116.224.253.72 - - [07/Jun/2021:09:34:48 +0800] "POST /xingrg/kc/buy/cgsh_list_operate.html HTTP/1.1" 200 1740
116.224.253.72 - - [07/Jun/2021:09:34:50 +0800] "POST /xingrg/kc/buy/cgsh_list_operate.html HTTP/1.1" 200 274
180.169.147.146 - - [07/Jun/2021:09:34:52 +0800] "GET /xingrg/kc/buy/cgsh_order_info.html?code=212021060602982 HTTP/1.1" 200 61534
180.169.147.146 - - [07/Jun/2021:09:34:52 +0800] "GET /xingrg/javascript/easyui/themes/default/validatebox.css HTTP/1.1" 404 1104
180.169.147.146 - - [07/Jun/2021:09:34:53 +0800] "GET /xingrg/all/common/auto_word.html?type=employee&rest_code=00154 HTTP/1.1" 200 101
180.169.147.146 - - [07/Jun/2021:09:34:53 +0800] "GET /xingrg/all/common/auto_word.html?type=employee&rest_code=00154 HTTP/1.1" 200 101
116.224.253.72 - - [07/Jun/2021:09:34:53 +0800] "GET /xingrg/kc/buy/cgsh_order_info.html?code=212021060501936 HTTP/1.1" 200 56975
180.169.147.146 - - [07/Jun/2021:09:34:53 +0800] "POST /xingrg/kc/buy/cgsh_order_operate.html HTTP/1.1" 200 19827
116.224.253.72 - - [07/Jun/2021:09:34:53 +0800] "GET /xingrg/javascript/easyui/themes/default/validatebox.css HTTP/1.1" 404 1104
116.224.253.72 - - [07/Jun/2021:09:34:54 +0800] "POST /xingrg/kc/buy/cgsh_order_operate.html HTTP/1.1" 200 1201
116.235.222.38 - - [07/Jun/2021:09:34:54 +0800] "GET /xingrg/kc/buy/cgsh_order_operate.html?command=get_materiel&rest_code=00107&code=00101008271&supplier_code=00100006&order_time=2021-06-07 HTTP/1.1" 200 408
180.161.111.4 - - [07/Jun/2021:09:34:55 +0800] "GET /xingrg/all/function/internal_message.html?_=1623029660143&CODE_STATE=getMsg HTTP/1.1" 200 27
180.169.147.146 - - [07/Jun/2021:09:34:56 +0800] "GET /xingrg/all/function/internal_message.html?_=1623029697976&CODE_STATE=getMsg HTTP/1.1" 200 27
116.224.253.72 - - [07/Jun/2021:09:34:57 +0800] "GET /xingrg/kc/buy/cgsh_order_operate.html?command=get_materiel&rest_code=00150&code=00101006038&supplier_code=00100342&order_time=2021-06-07 HTTP/1.1" 200 421
116.230.110.80 - - [07/Jun/2021:09:34:58 +0800] "GET /xingrg/kc/buy/cgsh_order_add.html HTTP/1.1" 200 62381
116.230.110.80 - - [07/Jun/2021:09:34:58 +0800] "POST /xingrg/kc/buy/cgsh_order_operate.html HTTP/1.1" 200 8245
116.230.110.80 - - [07/Jun/2021:09:34:58 +0800] "GET /xingrg/javascript/easyui/themes/default/validatebox.css HTTP/1.1" 404 1104
61.165.42.208 - - [07/Jun/2021:09:35:01 +0800] "GET /xingrg/all/function/internal_message.html?_=1623029705858&CODE_STATE=getMsg HTTP/1.1" 200 27
116.224.253.72 - - [07/Jun/2021:09:35:01 +0800] "POST /xingrg/kc/buy/cgsh_order_operate.html HTTP/1.1" 200 12
116.224.253.72 - - [07/Jun/2021:09:35:03 +0800] "GET /xingrg/kc/buy/cgsh_order_info.html?code=212021060501936 HTTP/1.1" 200 62078
116.224.253.72 - - [07/Jun/2021:09:35:04 +0800] "GET /xingrg/javascript/easyui/themes/default/validatebox.css HTTP/1.1" 404 1104
116.224.253.72 - - [07/Jun/2021:09:35:04 +0800] "POST /xingrg/kc/buy/cgsh_order_operate.html HTTP/1.1" 200 3251
116.230.110.80 - - [07/Jun/2021:09:35:05 +0800] "GET /xingrg/kc/buy/cgsh_order_operate.html?command=get_materiel&rest_code=00155&code=00101008155&supplier_code=00100005&order_time=2021-06-07 HTTP/1.1" 200 408
58.37.225.51 - - [07/Jun/2021:09:35:06 +0800] "GET /xingrg/all/function/internal_message.html?_=1623029650787&CODE_STATE=getMsg HTTP/1.1" 200 27
124.79.241.247 - - [07/Jun/2021:09:35:07 +0800] "GET /xingrg/all/function/internal_message.html?_=1623029802993&CODE_STATE=getMsg HTTP/1.1" 200 27
116.224.253.72 - - [07/Jun/2021:09:35:10 +0800] "POST /xingrg/kc/buy/cgsh_order_operate.html HTTP/1.1" 200 37
180.169.147.146 - - [07/Jun/2021:09:35:10 +0800] "GET /xingrg/all/function/internal_message.html?_=1623029713403&CODE_STATE=getMsg HTTP/1.1" 200 27
116.230.110.80 - - [07/Jun/2021:09:35:11 +0800] "GET /xingrg/kc/buy/cgsh_order_operate.html?command=get_materiel&rest_code=00155&code=00101008350&supplier_code=00100005&order_time=2021-06-07 HTTP/1.1" 200 408
116.224.253.72 - - [07/Jun/2021:09:35:14 +0800] "POST /xingrg/kc/buy/cgsh_order_operate.html HTTP/1.1" 200 37
116.235.222.38 - - [07/Jun/2021:09:35:15 +0800] "GET /xingrg/kc/buy/cgsh_order_operate.html?command=get_materiel&rest_code=00107&code=00101008352&supplier_code=00100006&order_time=2021-06-07 HTTP/1.1" 200 412
116.224.253.72 - - [07/Jun/2021:09:35:15 +0800] "POST /xingrg/kc/buy/cgsh_order_operate.html HTTP/1.1" 200 3248
116.224.253.72 - - [07/Jun/2021:09:35:16 +0800] "GET /xingrg/all/function/internal_message.html?_=1623029718114&CODE_STATE=getMsg HTTP/1.1" 200 27
116.230.110.80 - - [07/Jun/2021:09:35:16 +0800] "GET /xingrg/kc/buy/cgsh_order_operate.html?command=get_materiel&rest_code=00155&code=00101008358&supplier_code=00100005&order_time=2021-06-07 HTTP/1.1" 200 412
222.69.128.222 - - [07/Jun/2021:09:35:17 +0800] "GET /xingrg/kc/buy/cgsh_order_operate.html?command=get_materiel&rest_code=00149&code=00101008349&supplier_code=00100005&order_time=2021-06-07 HTTP/1.1" 200 412
116.224.253.72 - - [07/Jun/2021:09:35:18 +0800] "POST /xingrg/kc/buy/cgsh_order_operate.html HTTP/1.1" 200 12
116.235.222.38 - - [07/Jun/2021:09:35:19 +0800] "POST /xingrg/kc/buy/cgsh_order_operate.html HTTP/1.1" 200 2065
120.253.135.82 - - [07/Jun/2021:09:35:19 +0800] "GET /xingrg/all/function/internal_message.html?_=1623029753959&CODE_STATE=getMsg HTTP/1.1" 302 -
116.230.110.80 - - [07/Jun/2021:09:35:22 +0800] "GET /xingrg/kc/buy/cgsh_order_operate.html?command=get_materiel&rest_code=00155&code=00101008087&supplier_code=00100005&order_time=2021-06-07 HTTP/1.1" 200 412
222.69.128.222 - - [07/Jun/2021:09:35:25 +0800] "GET /xingrg/all/function/internal_message.html?_=1623029727778&CODE_STATE=getMsg HTTP/1.1" 200 27
116.230.117.165 - - [07/Jun/2021:09:35:26 +0800] "GET /xingrg/all/function/internal_message.html?_=1623029730009&CODE_STATE=getMsg HTTP/1.1" 200 27
116.235.222.38 - - [07/Jun/2021:09:35:26 +0800] "GET /xingrg/all/function/internal_message.html?_=1623029729124&CODE_STATE=getMsg HTTP/1.1" 200 27
116.235.222.38 - - [07/Jun/2021:09:35:26 +0800] "GET /xingrg/kc/buy/cgsh_order_operate.html?command=get_materiel&rest_code=00107&code=00101008350&supplier_code=00100006&order_time=2021-06-07 HTTP/1.1" 200 408
116.230.110.80 - - [07/Jun/2021:09:35:27 +0800] "GET /xingrg/kc/buy/cgsh_order_operate.html?command=get_materiel&rest_code=00155&code=00101008355&supplier_code=00100005&order_time=2021-06-07 HTTP/1.1" 200 408
116.224.253.72 - - [07/Jun/2021:09:35:28 +0800] "GET /xingrg/kc/buy/cgsh_order_info.html?code=212021060703022 HTTP/1.1" 200 57259
116.224.253.72 - - [07/Jun/2021:09:35:29 +0800] "GET /xingrg/javascript/easyui/themes/default/validatebox.css HTTP/1.1" 404 1104
116.224.253.72 - - [07/Jun/2021:09:35:29 +0800] "POST /xingrg/kc/buy/cgsh_order_operate.html HTTP/1.1" 200 617
116.224.253.72 - - [07/Jun/2021:09:35:31 +0800] "GET /xingrg/kc/print/load_data.html?order_code=212021060703022&kc_code=cgsh&condition= HTTP/1.1" 200 755
116.230.110.80 - - [07/Jun/2021:09:35:33 +0800] "GET /xingrg/kc/buy/cgsh_order_operate.html?command=get_materiel&rest_code=00155&code=00101008270&supplier_code=00100005&order_time=2021-06-07 HTTP/1.1" 200 412
114.86.187.76 - - [07/Jun/2021:09:35:33 +0800] "GET /xingrg/all/function/internal_message.html?_=1623029737059&CODE_STATE=getMsg HTTP/1.1" 200 27
116.230.110.80 - - [07/Jun/2021:09:35:35 +0800] "GET /xingrg/all/function/internal_message.html?_=1623029725410&CODE_STATE=getMsg HTTP/1.1" 200 27
116.224.253.72 - - [07/Jun/2021:09:35:36 +0800] "GET /xingrg/all/function/internal_message.html?_=1623029738351&CODE_STATE=getMsg HTTP/1.1" 200 27
116.224.253.72 - - [07/Jun/2021:09:35:37 +0800] "POST /xingrg/kc/buy/cgsh_order_operate.html HTTP/1.1" 200 37
101.85.94.178 - - [07/Jun/2021:09:35:38 +0800] "GET /xingrg/all/function/internal_message.html?_=1623029205539&CODE_STATE=getMsg HTTP/1.1" 200 27
116.230.110.80 - - [07/Jun/2021:09:35:39 +0800] "GET /xingrg/kc/buy/cgsh_order_operate.html?command=get_materiel&rest_code=00155&code=00101008238&supplier_code=00100005&order_time=2021-06-07 HTTP/1.1" 200 416
116.235.222.38 - - [07/Jun/2021:09:35:41 +0800] "GET /xingrg/kc/buy/cgsh_order_operate.html?command=get_materiel&rest_code=00107&code=00101008036&supplier_code=00100006&order_time=2021-06-07 HTTP/1.1" 200 408
183.192.95.179 - - [07/Jun/2021:09:35:43 +0800] "GET /xingrg/all/function/internal_message.html?_=1623029752432&CODE_STATE=getMsg HTTP/1.1" 200 27
116.224.253.72 - - [07/Jun/2021:09:35:43 +0800] "POST /xingrg/kc/buy/cgsh_order_operate.html HTTP/1.1" 200 12
116.224.253.72 - - [07/Jun/2021:09:35:45 +0800] "GET /xingrg/kc/buy/cgsh_order_info.html?code=212021060501936 HTTP/1.1" 200 56971
116.224.253.72 - - [07/Jun/2021:09:35:46 +0800] "GET /xingrg/javascript/easyui/themes/default/validatebox.css HTTP/1.1" 404 1104
116.224.253.72 - - [07/Jun/2021:09:35:46 +0800] "POST /xingrg/kc/buy/cgsh_order_operate.html HTTP/1.1" 200 1198
116.230.110.80 - - [07/Jun/2021:09:35:46 +0800] "GET /xingrg/kc/buy/cgsh_order_operate.html?command=get_materiel&rest_code=00155&code=00101008108&supplier_code=00100005&order_time=2021-06-07 HTTP/1.1" 200 412
222.70.177.128 - - [07/Jun/2021:09:35:47 +0800] "GET /xingrg/all/function/internal_message.html?_=1623029749530&CODE_STATE=getMsg HTTP/1.1" 200 27
116.230.110.80 - - [07/Jun/2021:09:35:53 +0800] "GET /xingrg/kc/buy/cgsh_order_operate.html?command=get_materiel&rest_code=00155&code=00101008353&supplier_code=00100005&order_time=2021-06-07 HTTP/1.1" 200 408
180.161.111.4 - - [07/Jun/2021:09:35:56 +0800] "GET /xingrg/all/function/internal_message.html?_=1623029720155&CODE_STATE=getMsg HTTP/1.1" 200 27
180.169.147.146 - - [07/Jun/2021:09:35:56 +0800] "GET /xingrg/all/function/internal_message.html?_=1623029757971&CODE_STATE=getMsg HTTP/1.1" 200 27
116.230.110.80 - - [07/Jun/2021:09:35:58 +0800] "GET /xingrg/kc/buy/cgsh_order_operate.html?command=get_materiel&rest_code=00155&code=00101008176&supplier_code=00100005&order_time=2021-06-07 HTTP/1.1" 200 413
61.165.42.208 - - [07/Jun/2021:09:36:01 +0800] "GET /xingrg/all/function/internal_message.html?_=1623029765866&CODE_STATE=getMsg HTTP/1.1" 200 27
116.230.110.80 - - [07/Jun/2021:09:36:04 +0800] "GET /xingrg/kc/buy/cgsh_order_operate.html?command=get_materiel&rest_code=00155&code=00101008265&supplier_code=00100005&order_time=2021-06-07 HTTP/1.1" 200 408
58.37.225.51 - - [07/Jun/2021:09:36:06 +0800] "GET /xingrg/all/function/internal_message.html?_=1623029710782&CODE_STATE=getMsg HTTP/1.1" 200 27
124.79.241.247 - - [07/Jun/2021:09:36:07 +0800] "GET /xingrg/all/function/internal_message.html?_=1623029863003&CODE_STATE=getMsg HTTP/1.1" 200 27
116.235.222.38 - - [07/Jun/2021:09:36:09 +0800] "GET /xingrg/kc/buy/cgsh_order_operate.html?command=get_materiel&rest_code=00107&code=00101008415&supplier_code=00100006&order_time=2021-06-07 HTTP/1.1" 200 400
180.169.147.146 - - [07/Jun/2021:09:36:10 +0800] "GET /xingrg/all/function/internal_message.html?_=1623029773405&CODE_STATE=getMsg HTTP/1.1" 200 27
180.169.147.146 - - [07/Jun/2021:09:36:10 +0800] "GET /xingrg/check_reg.html?_=1623029773408 HTTP/1.1" 200 22
116.224.253.72 - - [07/Jun/2021:09:36:16 +0800] "GET /xingrg/all/function/internal_message.html?_=1623029778095&CODE_STATE=getMsg HTTP/1.1" 200 27
116.224.253.72 - - [07/Jun/2021:09:36:16 +0800] "GET /xingrg/check_reg.html?_=1623029778334 HTTP/1.1" 200 22
180.169.147.146 - - [07/Jun/2021:09:36:17 +0800] "GET /xingrg/check_reg.html?_=1623029780135 HTTP/1.1" 302 -
120.253.135.82 - - [07/Jun/2021:09:36:19 +0800] "GET /xingrg/all/function/internal_message.html?_=1623029813971&CODE_STATE=getMsg HTTP/1.1" 302 -
116.230.110.80 - - [07/Jun/2021:09:36:19 +0800] "GET /xingrg/kc/buy/cgsh_order_operate.html?command=get_materiel&rest_code=00155&code=00101008198&supplier_code=00100005&order_time=2021-06-07 HTTP/1.1" 200 413
222.69.128.222 - - [07/Jun/2021:09:36:25 +0800] "GET /xingrg/check_reg.html?_=1623029787787 HTTP/1.1" 200 22
222.69.128.222 - - [07/Jun/2021:09:36:25 +0800] "GET /xingrg/all/function/internal_message.html?_=1623029787789&CODE_STATE=getMsg HTTP/1.1" 200 27
116.230.117.165 - - [07/Jun/2021:09:36:26 +0800] "GET /xingrg/all/function/internal_message.html?_=1623029790107&CODE_STATE=getMsg HTTP/1.1" 200 27
114.86.230.197 - - [07/Jun/2021:09:36:26 +0800] "GET /xingrg/check_reg.html?_=1623029790329 HTTP/1.1" 200 22
114.86.230.197 - - [07/Jun/2021:09:36:26 +0800] "GET /xingrg/all/function/internal_message.html?_=1623029790328&CODE_STATE=getMsg HTTP/1.1" 200 27
116.235.222.38 - - [07/Jun/2021:09:36:26 +0800] "GET /xingrg/all/function/internal_message.html?_=1623029789102&CODE_STATE=getMsg HTTP/1.1" 200 27
116.230.110.80 - - [07/Jun/2021:09:36:28 +0800] "GET /xingrg/kc/buy/cgsh_order_operate.html?command=get_materiel&rest_code=00155&code=00101008010&supplier_code=00100005&order_time=2021-06-07 HTTP/1.1" 200 412
114.86.230.197 - - [07/Jun/2021:09:36:28 +0800] "GET /xingrg/kc/buy/cgsh_order_add.html HTTP/1.1" 200 62454
114.86.230.197 - - [07/Jun/2021:09:36:29 +0800] "POST /xingrg/kc/buy/cgsh_order_operate.html HTTP/1.1" 200 8245
114.86.230.197 - - [07/Jun/2021:09:36:29 +0800] "GET /xingrg/javascript/easyui/themes/default/validatebox.css HTTP/1.1" 404 1104
114.86.230.197 - - [07/Jun/2021:09:36:29 +0800] "GET /xingrg/all/common/auto_word.html?type=employee&rest_code=00109 HTTP/1.1" 200 205
114.86.230.197 - - [07/Jun/2021:09:36:29 +0800] "GET /xingrg/all/common/auto_word.html?type=employee&rest_code=00109 HTTP/1.1" 200 205
114.86.230.197 - - [07/Jun/2021:09:36:32 +0800] "GET /xingrg/javascript/jquery_tools/images/next.gif HTTP/1.1" 404 1086
114.86.230.197 - - [07/Jun/2021:09:36:32 +0800] "GET /xingrg/javascript/jquery_tools/images/prev.gif HTTP/1.1" 404 1086
114.86.187.76 - - [07/Jun/2021:09:36:33 +0800] "GET /xingrg/all/function/internal_message.html?_=1623029797043&CODE_STATE=getMsg HTTP/1.1" 200 27
116.230.110.80 - - [07/Jun/2021:09:36:34 +0800] "GET /xingrg/kc/buy/cgsh_order_operate.html?command=get_materiel&rest_code=00155&code=00101008003&supplier_code=00100005&order_time=2021-06-07 HTTP/1.1" 200 408
114.86.187.76 - - [07/Jun/2021:09:36:34 +0800] "GET /xingrg/check_reg.html?_=1623029797388 HTTP/1.1" 200 22
116.230.110.80 - - [07/Jun/2021:09:36:35 +0800] "GET /xingrg/all/function/internal_message.html?_=1623029785408&CODE_STATE=getMsg HTTP/1.1" 200 27
116.224.253.72 - - [07/Jun/2021:09:36:36 +0800] "GET /xingrg/all/function/internal_message.html?_=1623029798380&CODE_STATE=getMsg HTTP/1.1" 200 27
101.85.94.178 - - [07/Jun/2021:09:36:38 +0800] "GET /xingrg/all/function/internal_message.html?_=1623029265539&CODE_STATE=getMsg HTTP/1.1" 200 27
116.230.110.80 - - [07/Jun/2021:09:36:40 +0800] "GET /xingrg/kc/buy/cgsh_order_operate.html?command=get_materiel&rest_code=00155&code=00101008264&supplier_code=00100005&order_time=2021-06-07 HTTP/1.1" 200 412
114.86.230.197 - - [07/Jun/2021:09:36:41 +0800] "GET /xingrg/kc/buy/cgsh_order_operate.html?command=get_materiel&rest_code=00109&code=00101011007&supplier_code=00100046&order_time=2021-06-07 HTTP/1.1" 200 414
183.192.95.179 - - [07/Jun/2021:09:36:43 +0800] "GET /xingrg/all/function/internal_message.html?_=1623029812416&CODE_STATE=getMsg HTTP/1.1" 200 27
183.192.95.179 - - [07/Jun/2021:09:36:45 +0800] "GET /xingrg/check_reg.html?_=1623029814416 HTTP/1.1" 200 22
116.235.222.38 - - [07/Jun/2021:09:36:45 +0800] "GET /xingrg/kc/buy/cgsh_order_operate.html?command=get_materiel&rest_code=00107&code=00101008115&supplier_code=00100006&order_time=2021-06-07 HTTP/1.1" 200 412
114.86.230.197 - - [07/Jun/2021:09:36:45 +0800] "GET /xingrg/all/function/internal_message.html?_=1623029809992&CODE_STATE=getMsg HTTP/1.1" 200 27
116.230.110.80 - - [07/Jun/2021:09:36:47 +0800] "GET /xingrg/kc/buy/cgsh_order_operate.html?command=get_materiel&rest_code=00155&code=00101008101&supplier_code=00100005&order_time=2021-06-07 HTTP/1.1" 200 412
222.70.177.128 - - [07/Jun/2021:09:36:47 +0800] "GET /xingrg/all/function/internal_message.html?_=1623029809531&CODE_STATE=getMsg HTTP/1.1" 200 27
116.230.110.80 - - [07/Jun/2021:09:36:52 +0800] "GET /xingrg/kc/buy/cgsh_order_operate.html?command=get_materiel&rest_code=00155&code=00101008024&supplier_code=00100005&order_time=2021-06-07 HTTP/1.1" 200 408
116.235.222.38 - - [07/Jun/2021:09:36:53 +0800] "POST /xingrg/kc/buy/cgsh_order_operate.html HTTP/1.1" 200 2065
180.161.111.4 - - [07/Jun/2021:09:36:55 +0800] "GET /xingrg/all/function/internal_message.html?_=1623029780273&CODE_STATE=getMsg HTTP/1.1" 200 27
114.86.230.197 - - [07/Jun/2021:09:36:56 +0800] "POST /xingrg/kc/buy/cgsh_order_operate.html HTTP/1.1" 200 37
180.169.147.146 - - [07/Jun/2021:09:36:56 +0800] "GET /xingrg/all/function/internal_message.html?_=1623029817971&CODE_STATE=getMsg HTTP/1.1" 200 27
116.230.110.80 - - [07/Jun/2021:09:36:57 +0800] "GET /xingrg/kc/buy/cgsh_order_operate.html?command=get_materiel&rest_code=00155&code=00101008356&supplier_code=00100005&order_time=2021-06-07 HTTP/1.1" 200 408
114.86.230.197 - - [07/Jun/2021:09:36:57 +0800] "POST /xingrg/kc/buy/cgsh_order_operate.html HTTP/1.1" 200 2658
116.235.222.38 - - [07/Jun/2021:09:37:00 +0800] "GET /xingrg/kc/buy/cgsh_order_operate.html?command=get_materiel&rest_code=00107&code=00101008003&supplier_code=00100006&order_time=2021-06-07 HTTP/1.1" 200 408
114.86.230.197 - - [07/Jun/2021:09:37:01 +0800] "GET /xingrg/kc/print/load_config.html?kc_code=cgsh HTTP/1.1" 200 1845
61.165.42.208 - - [07/Jun/2021:09:37:01 +0800] "GET /xingrg/all/function/internal_message.html?_=1623029825865&CODE_STATE=getMsg HTTP/1.1" 200 27
114.86.230.197 - - [07/Jun/2021:09:37:02 +0800] "GET /xingrg/kc/print/load_data.html?order_code=212021060703023&kc_code=cgsh&condition= HTTP/1.1" 200 672
116.230.110.80 - - [07/Jun/2021:09:37:05 +0800] "GET /xingrg/kc/buy/cgsh_order_operate.html?command=get_materiel&rest_code=00155&code=00101008205&supplier_code=00100005&order_time=2021-06-07 HTTP/1.1" 200 412
58.37.225.51 - - [07/Jun/2021:09:37:06 +0800] "GET /xingrg/all/function/internal_message.html?_=1623029770797&CODE_STATE=getMsg HTTP/1.1" 200 27
114.86.230.197 - - [07/Jun/2021:09:37:06 +0800] "GET /xingrg/kc/buy/cgsh_order_add.html HTTP/1.1" 200 62454
114.86.230.197 - - [07/Jun/2021:09:37:06 +0800] "POST /xingrg/kc/buy/cgsh_order_operate.html HTTP/1.1" 200 8245
114.86.230.197 - - [07/Jun/2021:09:37:06 +0800] "GET /xingrg/javascript/easyui/themes/default/validatebox.css HTTP/1.1" 404 1104
114.86.230.197 - - [07/Jun/2021:09:37:06 +0800] "GET /xingrg/all/common/auto_word.html?type=employee&rest_code=00109 HTTP/1.1" 200 205
114.86.230.197 - - [07/Jun/2021:09:37:06 +0800] "GET /xingrg/all/common/auto_word.html?type=employee&rest_code=00109 HTTP/1.1" 200 205
124.79.241.247 - - [07/Jun/2021:09:37:07 +0800] "GET /xingrg/all/function/internal_message.html?_=1623029923000&CODE_STATE=getMsg HTTP/1.1" 200 27
114.86.230.197 - - [07/Jun/2021:09:37:09 +0800] "GET /xingrg/javascript/jquery_tools/images/prev.gif HTTP/1.1" 404 1086
114.86.230.197 - - [07/Jun/2021:09:37:09 +0800] "GET /xingrg/javascript/jquery_tools/images/next.gif HTTP/1.1" 404 1086
180.169.147.146 - - [07/Jun/2021:09:37:10 +0800] "GET /xingrg/all/function/internal_message.html?_=1623029833403&CODE_STATE=getMsg HTTP/1.1" 200 27
116.224.253.72 - - [07/Jun/2021:09:37:16 +0800] "GET /xingrg/all/function/internal_message.html?_=1623029838078&CODE_STATE=getMsg HTTP/1.1" 200 27
116.235.222.38 - - [07/Jun/2021:09:37:16 +0800] "POST /xingrg/kc/buy/cgsh_order_operate.html HTTP/1.1" 200 37
101.85.94.178 - - [07/Jun/2021:09:37:17 +0800] "GET /xingrg/javascript/jquery_easy_ui/themes/default/images/tabs_close.gif HTTP/1.1" 200 829
101.83.241.191 - - [07/Jun/2021:09:37:17 +0800] "GET /xingrg/login.html HTTP/1.1" 200 7641
114.86.230.197 - - [07/Jun/2021:09:37:17 +0800] "GET /xingrg/kc/buy/cgsh_order_operate.html?command=get_materiel&rest_code=00109&code=00101001111&supplier_code=00100454&order_time=2021-06-07 HTTP/1.1" 200 411
116.230.110.80 - - [07/Jun/2021:09:37:17 +0800] "GET /xingrg/kc/buy/cgsh_order_operate.html?command=get_materiel&rest_code=00155&code=00101008137&supplier_code=00100005&order_time=2021-06-07 HTTP/1.1" 200 408
101.85.94.178 - - [07/Jun/2021:09:37:17 +0800] "GET /xingrg/css/base.css HTTP/1.1" 200 2811
101.85.94.178 - - [07/Jun/2021:09:37:17 +0800] "GET /xingrg/css/site.css HTTP/1.1" 200 7541
101.85.94.178 - - [07/Jun/2021:09:37:17 +0800] "GET /xingrg/javascript/jquery_tools/datebox.css HTTP/1.1" 200 2597
101.85.94.178 - - [07/Jun/2021:09:37:17 +0800] "GET /xingrg/javascript/easyui/themes/icon.css HTTP/1.1" 200 4483
101.85.94.178 - - [07/Jun/2021:09:37:17 +0800] "GET /xingrg/javascript/auto/jquery.autocomplete.css HTTP/1.1" 200 587
101.85.94.178 - - [07/Jun/2021:09:37:17 +0800] "GET /xingrg/javascript/jquery_tools/jquery.tools.extend.js HTTP/1.1" 200 15385
101.85.94.178 - - [07/Jun/2021:09:37:17 +0800] "GET /xingrg/javascript/jquery_tools/jquery.tools.hotkey.js HTTP/1.1" 200 3242
101.85.94.178 - - [07/Jun/2021:09:37:17 +0800] "GET /xingrg/javascript/jquery_tools/jquery.tools.table.js HTTP/1.1" 200 6994
101.85.94.178 - - [07/Jun/2021:09:37:17 +0800] "GET /xingrg/javascript/jquery_tools/list_manager.js HTTP/1.1" 200 3652
101.85.94.178 - - [07/Jun/2021:09:37:17 +0800] "GET /xingrg/javascript/auto/jquery.autocomplete.js HTTP/1.1" 200 21624
101.83.241.191 - - [07/Jun/2021:09:37:17 +0800] "GET /favicon.ico HTTP/1.1" 404 -
101.85.94.178 - - [07/Jun/2021:09:37:17 +0800] "GET /xingrg/javascript/easyui/easyloader.js HTTP/1.1" 200 5975
101.85.94.178 - - [07/Jun/2021:09:37:17 +0800] "GET /xingrg/javascript/jquery.cookie.js HTTP/1.1" 200 5513
101.85.94.178 - - [07/Jun/2021:09:37:17 +0800] "GET /xingrg/javascript/print/LodopFuncs.js HTTP/1.1" 200 5121
101.85.94.178 - - [07/Jun/2021:09:37:18 +0800] "GET /xingrg/kc/buy/cgsh_order_list.html HTTP/1.1" 200 46681
101.85.94.178 - - [07/Jun/2021:09:37:18 +0800] "GET /xingrg/javascript/easyui/themes/default/easyui.css HTTP/1.1" 200 30432
120.253.135.82 - - [07/Jun/2021:09:37:19 +0800] "GET /xingrg/all/function/internal_message.html?_=1623029874013&CODE_STATE=getMsg HTTP/1.1" 302 -
116.230.110.80 - - [07/Jun/2021:09:37:19 +0800] "POST /xingrg/kc/buy/cgsh_order_operate.html HTTP/1.1" 200 2065
101.85.94.178 - - [07/Jun/2021:09:37:20 +0800] "GET /xingrg/javascript/jquery_tools/table.css HTTP/1.1" 200 1032
101.85.94.178 - - [07/Jun/2021:09:37:20 +0800] "GET /xingrg/javascript/jquery_tools/jquery.tools.min.js HTTP/1.1" 200 138801
101.85.94.178 - - [07/Jun/2021:09:37:20 +0800] "GET /xingrg/javascript/jquery_tools/fix.css HTTP/1.1" 200 1702
101.85.94.178 - - [07/Jun/2021:09:37:21 +0800] "GET /xingrg/javascript/easyui/plugins/jquery.parser.js HTTP/1.1" 200 1142
101.85.94.178 - - [07/Jun/2021:09:37:21 +0800] "GET /xingrg/images/control/ajaxLoader.gif HTTP/1.1" 200 4659
101.85.94.178 - - [07/Jun/2021:09:37:21 +0800] "GET /xingrg/javascript/easyui/themes/icons/check_new.png HTTP/1.1" 200 3224
101.85.94.178 - - [07/Jun/2021:09:37:21 +0800] "GET /xingrg/javascript/easyui/themes/icons/field_new.png HTTP/1.1" 200 1097
101.85.94.178 - - [07/Jun/2021:09:37:21 +0800] "GET /xingrg/javascript/easyui/themes/icons/cance_new.png HTTP/1.1" 200 3986
101.85.94.178 - - [07/Jun/2021:09:37:21 +0800] "GET /xingrg/javascript/easyui/themes/icons/edit_add_new.png HTTP/1.1" 200 2997
101.85.94.178 - - [07/Jun/2021:09:37:21 +0800] "GET /xingrg/javascript/easyui/themes/icons/import_new.png HTTP/1.1" 200 1247
101.85.94.178 - - [07/Jun/2021:09:37:22 +0800] "POST /xingrg/kc/buy/cgsh_list_operate.html HTTP/1.1" 200 876
116.230.110.80 - - [07/Jun/2021:09:37:23 +0800] "GET /xingrg/kc/buy/cgsh_order_operate.html?command=get_materiel&rest_code=00155&code=00101008196&supplier_code=00100005&order_time=2021-06-07 HTTP/1.1" 200 416
222.69.128.222 - - [07/Jun/2021:09:37:26 +0800] "GET /xingrg/all/function/internal_message.html?_=1623029848062&CODE_STATE=getMsg HTTP/1.1" 200 27
101.83.241.191 - - [07/Jun/2021:09:37:26 +0800] "POST /xingrg/login.do HTTP/1.1" 302 -
116.230.117.165 - - [07/Jun/2021:09:37:26 +0800] "GET /xingrg/all/function/internal_message.html?_=1623029850114&CODE_STATE=getMsg HTTP/1.1" 200 27
101.83.241.191 - - [07/Jun/2021:09:37:26 +0800] "GET /xingrg/index.html?sysBaseUrl=http%3A%2F%2F180.169.147.146%3A18081%2Fxingrg%2F&costTime=1207×tamp=1623029846137 HTTP/1.1" 200 17179
114.86.230.197 - - [07/Jun/2021:09:37:26 +0800] "GET /xingrg/kc/buy/cgsh_order_operate.html?command=get_materiel&rest_code=00109&code=00101002027&supplier_code=00100454&order_time=2021-06-07 HTTP/1.1" 200 413
101.83.241.191 - - [07/Jun/2021:09:37:26 +0800] "GET /favicon.ico HTTP/1.1" 404 -
101.83.241.191 - - [07/Jun/2021:09:37:27 +0800] "GET /xingrg/all/function/internal_message.html?_=1623029849680&CODE_STATE=count HTTP/1.1" 200 11
101.83.241.191 - - [07/Jun/2021:09:37:27 +0800] "GET /xingrg/check_reg.html?_=1623029849693 HTTP/1.1" 200 22
101.83.241.191 - - [07/Jun/2021:09:37:27 +0800] "POST /xingrg/all/common/load_tree.html?tree=area_rest_tree_json&manage=1 HTTP/1.1" 200 351
101.83.241.191 - - [07/Jun/2021:09:37:27 +0800] "POST /xingrg/load_menu.html HTTP/1.1" 200 5138
222.69.128.222 - - [07/Jun/2021:09:37:30 +0800] "POST /xingrg/kc/buy/cgsh_order_operate.html HTTP/1.1" 200 37
101.83.241.191 - - [07/Jun/2021:09:37:31 +0800] "GET /xingrg/kc/buy/cgsh_order_list.html HTTP/1.1" 200 46681
116.230.110.80 - - [07/Jun/2021:09:37:31 +0800] "GET /xingrg/kc/buy/cgsh_order_operate.html?command=get_materiel&rest_code=00155&code=00101008197&supplier_code=00100005&order_time=2021-06-07 HTTP/1.1" 200 416
180.169.147.146 - - [07/Jun/2021:09:37:33 +0800] "GET /xingrg/check_reg.html?_=1623029859158 HTTP/1.1" 302 -
114.86.187.76 - - [07/Jun/2021:09:37:33 +0800] "GET /xingrg/all/function/internal_message.html?_=1623029857015&CODE_STATE=getMsg HTTP/1.1" 200 27
101.83.241.191 - - [07/Jun/2021:09:37:34 +0800] "POST /xingrg/kc/buy/cgsh_list_operate.html HTTP/1.1" 200 1675
116.230.110.80 - - [07/Jun/2021:09:37:35 +0800] "GET /xingrg/all/function/internal_message.html?_=1623029845411&CODE_STATE=getMsg HTTP/1.1" 200 27
116.224.253.72 - - [07/Jun/2021:09:37:36 +0800] "GET /xingrg/all/function/internal_message.html?_=1623029858394&CODE_STATE=getMsg HTTP/1.1" 200 27
101.83.241.191 - - [07/Jun/2021:09:37:36 +0800] "POST /xingrg/kc/buy/cgsh_list_operate.html HTTP/1.1" 200 569
116.235.222.38 - - [07/Jun/2021:09:37:36 +0800] "GET /xingrg/all/function/internal_message.html?_=1623029859312&CODE_STATE=getMsg HTTP/1.1" 200 27
116.230.110.80 - - [07/Jun/2021:09:37:37 +0800] "GET /xingrg/kc/buy/cgsh_order_operate.html?command=get_materiel&rest_code=00155&code=00101008131&supplier_code=00100005&order_time=2021-06-07 HTTP/1.1" 200 408
116.235.222.38 - - [07/Jun/2021:09:37:37 +0800] "POST /xingrg/kc/buy/cgsh_order_operate.html HTTP/1.1" 200 39893
101.85.94.178 - - [07/Jun/2021:09:37:38 +0800] "GET /xingrg/all/function/internal_message.html?_=1623029325565&CODE_STATE=getMsg HTTP/1.1" 200 27
101.83.241.191 - - [07/Jun/2021:09:37:39 +0800] "GET /xingrg/kc/buy/cgsh_order_info.html?code=212021060602982 HTTP/1.1" 200 61534
101.83.241.191 - - [07/Jun/2021:09:37:39 +0800] "GET /xingrg/words/20210605161758_words.js HTTP/1.1" 304 -
101.83.241.191 - - [07/Jun/2021:09:37:39 +0800] "GET /xingrg/javascript/easyui/themes/default/validatebox.css HTTP/1.1" 404 1104
101.83.241.191 - - [07/Jun/2021:09:37:40 +0800] "GET /xingrg/all/common/auto_word.html?type=employee&rest_code=00154 HTTP/1.1" 200 101
101.83.241.191 - - [07/Jun/2021:09:37:40 +0800] "GET /xingrg/all/common/auto_word.html?type=employee&rest_code=00154 HTTP/1.1" 200 101
101.83.241.191 - - [07/Jun/2021:09:37:40 +0800] "POST /xingrg/kc/buy/cgsh_order_operate.html HTTP/1.1" 200 19827
116.230.110.80 - - [07/Jun/2021:09:37:42 +0800] "GET /xingrg/kc/buy/cgsh_order_operate.html?command=get_materiel&rest_code=00155&code=00101008352&supplier_code=00100005&order_time=2021-06-07 HTTP/1.1" 200 412
116.224.253.72 - - [07/Jun/2021:09:37:43 +0800] "POST /xingrg/services/DataTransmitService HTTP/1.1" 200 524
183.192.95.179 - - [07/Jun/2021:09:37:43 +0800] "GET /xingrg/all/function/internal_message.html?_=1623029872389&CODE_STATE=getMsg HTTP/1.1" 200 27
114.86.230.197 - - [07/Jun/2021:09:37:45 +0800] "GET /xingrg/all/function/internal_message.html?_=1623029869995&CODE_STATE=getMsg HTTP/1.1" 200 27
222.70.177.128 - - [07/Jun/2021:09:37:47 +0800] "GET /xingrg/all/function/internal_message.html?_=1623029869531&CODE_STATE=getMsg HTTP/1.1" 200 27
114.86.230.197 - - [07/Jun/2021:09:37:49 +0800] "POST /xingrg/kc/buy/cgsh_order_operate.html HTTP/1.1" 200 37
