180.169.147.146 - - [05/Jun/2021:09:19:01 +0800] "GET /xingrg/all/function/internal_message.html?_=1622855939370&CODE_STATE=getMsg HTTP/1.1" 200 27
116.224.253.72 - - [05/Jun/2021:09:19:02 +0800] "GET /xingrg/all/function/internal_message.html?_=1622855948120&CODE_STATE=getMsg HTTP/1.1" 200 27
61.165.42.208 - - [05/Jun/2021:09:19:10 +0800] "GET /xingrg/kc/buy/cgsh_order_operate.html?command=get_materiel&rest_code=00105&code=00101006177&supplier_code=00100012&order_time=2021-06-05 HTTP/1.1" 200 409
222.69.131.252 - - [05/Jun/2021:09:19:15 +0800] "POST /xingrg/services/DataTransmitService HTTP/1.1" 200 501
61.165.42.208 - - [05/Jun/2021:09:19:18 +0800] "GET /xingrg/kc/buy/cgsh_order_operate.html?command=get_materiel&rest_code=00105&code=00101010248&supplier_code=00100012&order_time=2021-06-05 HTTP/1.1" 200 430
61.165.42.208 - - [05/Jun/2021:09:19:19 +0800] "POST /xingrg/all/common/load_select.html HTTP/1.1" 200 25
222.69.131.252 - - [05/Jun/2021:09:19:20 +0800] "POST /xingrg/services/DataTransmitService HTTP/1.1" 200 501
61.165.42.208 - - [05/Jun/2021:09:19:22 +0800] "GET /xingrg/kc/buy/cgsh_order_operate.html?command=get_materiel_price&rest_code=00105&code=00101010248&unit_code=00100043&supplier_code=00100012&order_time=2021-06-05 HTTP/1.1" 200 29
61.165.42.208 - - [05/Jun/2021:09:19:33 +0800] "GET /xingrg/kc/buy/cgsh_order_operate.html?command=get_materiel&rest_code=00105&code=00101006112&supplier_code=00100012&order_time=2021-06-05 HTTP/1.1" 200 409
116.224.253.72 - - [05/Jun/2021:09:19:34 +0800] "GET /xingrg/all/function/internal_message.html?_=1622855977028&CODE_STATE=getMsg HTTP/1.1" 200 27
222.69.131.252 - - [05/Jun/2021:09:19:37 +0800] "GET /xingrg/all/function/internal_message.html?_=1622855979974&CODE_STATE=getMsg HTTP/1.1" 200 27
116.230.110.80 - - [05/Jun/2021:09:19:37 +0800] "GET /xingrg/all/function/internal_message.html?_=1622855973395&CODE_STATE=getMsg HTTP/1.1" 200 27
120.253.135.82 - - [05/Jun/2021:09:19:43 +0800] "GET /xingrg/all/function/internal_message.html?_=1622855769609&CODE_STATE=getMsg HTTP/1.1" 200 27
116.230.117.165 - - [05/Jun/2021:09:19:46 +0800] "GET /favicon.ico HTTP/1.1" 404 -
114.86.187.76 - - [05/Jun/2021:09:19:50 +0800] "GET /xingrg/all/function/internal_message.html?_=1622856004685&CODE_STATE=getMsg HTTP/1.1" 200 27
114.86.187.76 - - [05/Jun/2021:09:19:50 +0800] "GET /xingrg/check_reg.html?_=1622856004955 HTTP/1.1" 200 22
222.70.177.128 - - [05/Jun/2021:09:19:53 +0800] "GET /xingrg/all/function/internal_message.html?_=1622855994691&CODE_STATE=getMsg HTTP/1.1" 200 27
114.86.187.76 - - [05/Jun/2021:09:19:53 +0800] "POST /xingrg/kc/base/wldb_list_operate.html HTTP/1.1" 200 4
114.86.187.76 - - [05/Jun/2021:09:19:55 +0800] "POST /xingrg/kc/base/wldb_list_operate.html HTTP/1.1" 200 5338
61.165.42.208 - - [05/Jun/2021:09:19:56 +0800] "GET /xingrg/all/function/internal_message.html?_=1622856000751&CODE_STATE=getMsg HTTP/1.1" 200 27
180.169.147.146 - - [05/Jun/2021:09:19:57 +0800] "GET /xingrg/all/function/internal_message.html?_=1622856001099&CODE_STATE=getMsg HTTP/1.1" 200 27
116.230.117.165 - - [05/Jun/2021:09:19:58 +0800] "GET /xingrg/all/function/internal_message.html?_=1622855999678&CODE_STATE=getMsg HTTP/1.1" 200 27
180.169.147.146 - - [05/Jun/2021:09:20:01 +0800] "GET /xingrg/all/function/internal_message.html?_=1622855999346&CODE_STATE=getMsg HTTP/1.1" 200 27
116.224.253.72 - - [05/Jun/2021:09:20:02 +0800] "GET /xingrg/all/function/internal_message.html?_=1622856008134&CODE_STATE=getMsg HTTP/1.1" 200 27
180.169.147.146 - - [05/Jun/2021:09:20:20 +0800] "GET /xingrg/check_reg.html?_=1622856018185 HTTP/1.1" 200 22
116.224.253.72 - - [05/Jun/2021:09:20:34 +0800] "GET /xingrg/all/function/internal_message.html?_=1622856037035&CODE_STATE=getMsg HTTP/1.1" 200 27
222.69.131.252 - - [05/Jun/2021:09:20:37 +0800] "GET /xingrg/all/function/internal_message.html?_=1622856039961&CODE_STATE=getMsg HTTP/1.1" 200 27
116.230.110.80 - - [05/Jun/2021:09:20:37 +0800] "GET /xingrg/all/function/internal_message.html?_=1622856033395&CODE_STATE=getMsg HTTP/1.1" 200 27
222.69.131.252 - - [05/Jun/2021:09:20:37 +0800] "GET /xingrg/check_reg.html?_=1622856040588 HTTP/1.1" 200 22
116.230.117.165 - - [05/Jun/2021:09:20:40 +0800] "GET /xingrg/check_reg.html?_=1622856042038 HTTP/1.1" 200 22
120.253.135.82 - - [05/Jun/2021:09:20:43 +0800] "GET /xingrg/all/function/internal_message.html?_=1622855829870&CODE_STATE=getMsg HTTP/1.1" 200 27
114.86.187.76 - - [05/Jun/2021:09:20:50 +0800] "GET /xingrg/all/function/internal_message.html?_=1622856064672&CODE_STATE=getMsg HTTP/1.1" 200 27
61.165.42.208 - - [05/Jun/2021:09:20:51 +0800] "GET /xingrg/check_reg.html?_=1622856055794 HTTP/1.1" 200 22
222.70.177.128 - - [05/Jun/2021:09:20:53 +0800] "GET /xingrg/all/function/internal_message.html?_=1622856054703&CODE_STATE=getMsg HTTP/1.1" 200 27
61.165.42.208 - - [05/Jun/2021:09:20:56 +0800] "GET /xingrg/all/function/internal_message.html?_=1622856060760&CODE_STATE=getMsg HTTP/1.1" 200 27
180.169.147.146 - - [05/Jun/2021:09:20:57 +0800] "GET /xingrg/all/function/internal_message.html?_=1622856061105&CODE_STATE=getMsg HTTP/1.1" 200 27
116.230.117.165 - - [05/Jun/2021:09:20:58 +0800] "GET /xingrg/all/function/internal_message.html?_=1622856059688&CODE_STATE=getMsg HTTP/1.1" 200 27
222.70.177.128 - - [05/Jun/2021:09:20:59 +0800] "GET /xingrg/kc/buy/cgsh_order_add.html HTTP/1.1" 200 62362
222.70.177.128 - - [05/Jun/2021:09:20:59 +0800] "POST /xingrg/kc/buy/cgsh_order_operate.html HTTP/1.1" 200 8245
222.70.177.128 - - [05/Jun/2021:09:20:59 +0800] "GET /xingrg/javascript/easyui/themes/default/validatebox.css HTTP/1.1" 404 1104
222.70.177.128 - - [05/Jun/2021:09:20:59 +0800] "GET /xingrg/all/common/auto_word.html?type=employee&rest_code=00111 HTTP/1.1" 200 155
222.70.177.128 - - [05/Jun/2021:09:20:59 +0800] "GET /xingrg/all/common/auto_word.html?type=employee&rest_code=00111 HTTP/1.1" 200 155
180.169.147.146 - - [05/Jun/2021:09:21:01 +0800] "GET /xingrg/all/function/internal_message.html?_=1622856059328&CODE_STATE=getMsg HTTP/1.1" 200 27
116.224.253.72 - - [05/Jun/2021:09:21:02 +0800] "GET /xingrg/all/function/internal_message.html?_=1622856068150&CODE_STATE=getMsg HTTP/1.1" 200 27
114.86.187.76 - - [05/Jun/2021:09:21:09 +0800] "POST /xingrg/kc/base/wldb_list_operate.html HTTP/1.1" 200 4
114.86.187.76 - - [05/Jun/2021:09:21:16 +0800] "POST /xingrg/kc/base/wldb_list_operate.html HTTP/1.1" 200 928
114.86.187.76 - - [05/Jun/2021:09:21:18 +0800] "GET /xingrg/kc/buy/cgsh_order_list.html HTTP/1.1" 200 46630
114.86.187.76 - - [05/Jun/2021:09:21:20 +0800] "POST /xingrg/kc/buy/cgsh_list_operate.html HTTP/1.1" 200 876
120.253.135.82 - - [05/Jun/2021:09:21:30 +0800] "GET /xingrg/check_reg.html?_=1622855877139 HTTP/1.1" 200 22
116.224.253.72 - - [05/Jun/2021:09:21:34 +0800] "GET /xingrg/all/function/internal_message.html?_=1622856097033&CODE_STATE=getMsg HTTP/1.1" 200 27
116.230.117.165 - - [05/Jun/2021:09:21:35 +0800] "GET /xingrg/kc/buy/cgsh_order_list.html HTTP/1.1" 200 46630
222.69.131.252 - - [05/Jun/2021:09:21:36 +0800] "POST /xingrg/services/DataTransmitService HTTP/1.1" 200 501
222.69.131.252 - - [05/Jun/2021:09:21:37 +0800] "GET /xingrg/all/function/internal_message.html?_=1622856099940&CODE_STATE=getMsg HTTP/1.1" 200 27
116.230.110.80 - - [05/Jun/2021:09:21:37 +0800] "GET /xingrg/all/function/internal_message.html?_=1622856093379&CODE_STATE=getMsg HTTP/1.1" 200 27
116.230.117.165 - - [05/Jun/2021:09:21:37 +0800] "POST /xingrg/kc/buy/cgsh_list_operate.html HTTP/1.1" 200 1688
116.230.117.165 - - [05/Jun/2021:09:21:41 +0800] "POST /xingrg/kc/buy/cgsh_list_operate.html HTTP/1.1" 200 568
120.253.135.82 - - [05/Jun/2021:09:21:43 +0800] "GET /xingrg/all/function/internal_message.html?_=1622855889870&CODE_STATE=getMsg HTTP/1.1" 200 27
116.230.117.165 - - [05/Jun/2021:09:21:49 +0800] "GET /xingrg/kc/buy/cgsh_order_info.html?code=212021060501925 HTTP/1.1" 200 62377
116.230.117.165 - - [05/Jun/2021:09:21:49 +0800] "GET /xingrg/javascript/easyui/themes/default/validatebox.css HTTP/1.1" 404 1104
114.86.187.76 - - [05/Jun/2021:09:21:50 +0800] "GET /xingrg/all/function/internal_message.html?_=1622856124652&CODE_STATE=getMsg HTTP/1.1" 200 27
116.230.117.165 - - [05/Jun/2021:09:21:50 +0800] "POST /xingrg/kc/buy/cgsh_order_operate.html HTTP/1.1" 200 5621
222.70.177.128 - - [05/Jun/2021:09:21:53 +0800] "GET /xingrg/check_reg.html?_=1622856114726 HTTP/1.1" 200 22
222.70.177.128 - - [05/Jun/2021:09:21:53 +0800] "GET /xingrg/all/function/internal_message.html?_=1622856114731&CODE_STATE=getMsg HTTP/1.1" 200 27
61.165.42.208 - - [05/Jun/2021:09:21:56 +0800] "GET /xingrg/all/function/internal_message.html?_=1622856120701&CODE_STATE=getMsg HTTP/1.1" 200 27
180.169.147.146 - - [05/Jun/2021:09:21:57 +0800] "GET /xingrg/check_reg.html?_=1622856121096 HTTP/1.1" 200 22
180.169.147.146 - - [05/Jun/2021:09:21:57 +0800] "GET /xingrg/all/function/internal_message.html?_=1622856121098&CODE_STATE=getMsg HTTP/1.1" 200 27
116.230.117.165 - - [05/Jun/2021:09:21:58 +0800] "GET /xingrg/all/function/internal_message.html?_=1622856119701&CODE_STATE=getMsg HTTP/1.1" 200 27
180.169.147.146 - - [05/Jun/2021:09:22:01 +0800] "GET /xingrg/all/function/internal_message.html?_=1622856119309&CODE_STATE=getMsg HTTP/1.1" 200 27
116.224.253.72 - - [05/Jun/2021:09:22:02 +0800] "GET /xingrg/all/function/internal_message.html?_=1622856128162&CODE_STATE=getMsg HTTP/1.1" 200 27
116.230.117.165 - - [05/Jun/2021:09:22:08 +0800] "GET /xingrg/kc/buy/cgsh_order_operate.html?command=get_materiel&rest_code=00146&code=00101008137&supplier_code=00100005&order_time=2021-06-05 HTTP/1.1" 200 408
180.169.147.146 - - [05/Jun/2021:09:22:25 +0800] "GET /xingrg/check_reg.html?_=1622856150443 HTTP/1.1" 302 -
116.230.117.165 - - [05/Jun/2021:09:22:26 +0800] "GET /xingrg/kc/buy/cgsh_order_operate.html?command=get_materiel&rest_code=00146&code=00101008270&supplier_code=00100005&order_time=2021-06-05 HTTP/1.1" 200 412
116.224.253.72 - - [05/Jun/2021:09:22:34 +0800] "GET /xingrg/all/function/internal_message.html?_=1622856157041&CODE_STATE=getMsg HTTP/1.1" 200 27
116.230.110.80 - - [05/Jun/2021:09:22:36 +0800] "GET /xingrg/check_reg.html?_=1622856152307 HTTP/1.1" 200 22
222.69.131.252 - - [05/Jun/2021:09:22:37 +0800] "GET /xingrg/all/function/internal_message.html?_=1622856159924&CODE_STATE=getMsg HTTP/1.1" 200 27
116.230.117.165 - - [05/Jun/2021:09:22:37 +0800] "GET /xingrg/kc/buy/cgsh_order_operate.html?command=get_materiel&rest_code=00146&code=00101008169&supplier_code=00100005&order_time=2021-06-05 HTTP/1.1" 200 412
116.230.110.80 - - [05/Jun/2021:09:22:37 +0800] "GET /xingrg/all/function/internal_message.html?_=1622856153356&CODE_STATE=getMsg HTTP/1.1" 200 27
120.253.135.82 - - [05/Jun/2021:09:22:43 +0800] "GET /xingrg/all/function/internal_message.html?_=1622855949883&CODE_STATE=getMsg HTTP/1.1" 200 27
116.230.114.112 - - [05/Jun/2021:09:22:44 +0800] "GET /xingrg/check_reg.html?_=1622856185857 HTTP/1.1" 302 -
116.230.117.165 - - [05/Jun/2021:09:22:48 +0800] "GET /xingrg/kc/buy/cgsh_order_operate.html?command=get_materiel&rest_code=00146&code=00101008005&supplier_code=00100005&order_time=2021-06-05 HTTP/1.1" 200 412
114.86.187.76 - - [05/Jun/2021:09:22:50 +0800] "GET /xingrg/all/function/internal_message.html?_=1622856184636&CODE_STATE=getMsg HTTP/1.1" 200 27
116.230.117.165 - - [05/Jun/2021:09:22:52 +0800] "POST /xingrg/kc/buy/cgsh_order_operate.html HTTP/1.1" 200 2065
222.70.177.128 - - [05/Jun/2021:09:22:53 +0800] "GET /xingrg/all/function/internal_message.html?_=1622856174726&CODE_STATE=getMsg HTTP/1.1" 200 27
61.165.42.208 - - [05/Jun/2021:09:22:56 +0800] "GET /xingrg/all/function/internal_message.html?_=1622856180705&CODE_STATE=getMsg HTTP/1.1" 200 27
180.169.147.146 - - [05/Jun/2021:09:22:57 +0800] "GET /xingrg/all/function/internal_message.html?_=1622856181114&CODE_STATE=getMsg HTTP/1.1" 200 27
116.230.117.165 - - [05/Jun/2021:09:22:58 +0800] "GET /xingrg/all/function/internal_message.html?_=1622856179716&CODE_STATE=getMsg HTTP/1.1" 200 27
222.69.131.252 - - [05/Jun/2021:09:22:59 +0800] "GET /xingrg/kc/buy/cgsh_order_add.html HTTP/1.1" 200 62415
222.69.131.252 - - [05/Jun/2021:09:22:59 +0800] "POST /xingrg/kc/buy/cgsh_order_operate.html HTTP/1.1" 200 8245
222.69.131.252 - - [05/Jun/2021:09:22:59 +0800] "GET /xingrg/javascript/easyui/themes/default/validatebox.css HTTP/1.1" 404 1104
61.165.42.208 - - [05/Jun/2021:09:22:59 +0800] "POST /xingrg/kc/buy/cgsh_order_operate.html HTTP/1.1" 200 37
116.230.117.165 - - [05/Jun/2021:09:23:00 +0800] "GET /xingrg/kc/buy/cgsh_order_operate.html?command=get_materiel&rest_code=00146&code=00101008175&supplier_code=00100005&order_time=2021-06-05 HTTP/1.1" 200 412
61.165.42.208 - - [05/Jun/2021:09:23:01 +0800] "POST /xingrg/kc/buy/cgsh_order_operate.html HTTP/1.1" 200 6220
180.169.147.146 - - [05/Jun/2021:09:23:01 +0800] "GET /xingrg/all/function/internal_message.html?_=1622856179286&CODE_STATE=getMsg HTTP/1.1" 200 27
116.224.253.72 - - [05/Jun/2021:09:23:02 +0800] "GET /xingrg/check_reg.html?_=1622856187931 HTTP/1.1" 200 22
116.224.253.72 - - [05/Jun/2021:09:23:02 +0800] "GET /xingrg/all/function/internal_message.html?_=1622856188175&CODE_STATE=getMsg HTTP/1.1" 200 27
180.169.147.146 - - [05/Jun/2021:09:23:03 +0800] "GET /xingrg/check_reg.html?_=1622856187943 HTTP/1.1" 302 -
222.69.131.252 - - [05/Jun/2021:09:23:05 +0800] "POST /xingrg/services/DataTransmitService HTTP/1.1" 200 501
61.165.42.208 - - [05/Jun/2021:09:23:09 +0800] "GET /xingrg/kc/print/load_data.html?order_code=212021060501927&kc_code=cgsh&condition= HTTP/1.1" 200 2119
222.69.131.252 - - [05/Jun/2021:09:23:10 +0800] "POST /xingrg/services/DataTransmitService HTTP/1.1" 200 501
222.69.131.252 - - [05/Jun/2021:09:23:11 +0800] "POST /xingrg/services/DataTransmitService HTTP/1.1" 200 501
222.69.131.252 - - [05/Jun/2021:09:23:11 +0800] "GET /xingrg/kc/buy/cgsh_order_operate.html?command=get_materiel&rest_code=00149&code=00101004033&supplier_code=00100083&order_time=2021-06-05 HTTP/1.1" 200 439
116.230.117.165 - - [05/Jun/2021:09:23:13 +0800] "GET /xingrg/kc/buy/cgsh_order_operate.html?command=get_materiel&rest_code=00146&code=00101008176&supplier_code=00100005&order_time=2021-06-05 HTTP/1.1" 200 413
116.230.117.165 - - [05/Jun/2021:09:23:22 +0800] "GET /xingrg/kc/buy/cgsh_order_operate.html?command=get_materiel&rest_code=00146&code=00101008219&supplier_code=00100005&order_time=2021-06-05 HTTP/1.1" 200 412
222.69.131.252 - - [05/Jun/2021:09:23:24 +0800] "GET /xingrg/kc/buy/cgsh_order_operate.html?command=get_materiel&rest_code=00149&code=00101004065&supplier_code=00100083&order_time=2021-06-05 HTTP/1.1" 200 435
116.224.253.72 - - [05/Jun/2021:09:23:34 +0800] "GET /xingrg/all/function/internal_message.html?_=1622856217049&CODE_STATE=getMsg HTTP/1.1" 200 27
116.224.253.72 - - [05/Jun/2021:09:23:34 +0800] "GET /xingrg/check_reg.html?_=1622856217056 HTTP/1.1" 200 22
222.69.131.252 - - [05/Jun/2021:09:23:37 +0800] "GET /xingrg/all/function/internal_message.html?_=1622856219912&CODE_STATE=getMsg HTTP/1.1" 200 27
116.230.117.165 - - [05/Jun/2021:09:23:37 +0800] "GET /xingrg/kc/buy/cgsh_order_operate.html?command=get_materiel&rest_code=00146&code=00101008132&supplier_code=00100005&order_time=2021-06-05 HTTP/1.1" 200 408
116.230.110.80 - - [05/Jun/2021:09:23:37 +0800] "GET /xingrg/all/function/internal_message.html?_=1622856213329&CODE_STATE=getMsg HTTP/1.1" 200 27
120.253.135.82 - - [05/Jun/2021:09:23:43 +0800] "GET /xingrg/all/function/internal_message.html?_=1622856010127&CODE_STATE=getMsg HTTP/1.1" 200 27
222.69.131.252 - - [05/Jun/2021:09:23:43 +0800] "POST /xingrg/services/DataTransmitService HTTP/1.1" 200 501
222.69.131.252 - - [05/Jun/2021:09:23:46 +0800] "GET /xingrg/kc/buy/cgsh_order_operate.html?command=get_materiel&rest_code=00149&code=00101004037&supplier_code=00100083&order_time=2021-06-05 HTTP/1.1" 200 408
116.230.117.165 - - [05/Jun/2021:09:23:47 +0800] "GET /xingrg/kc/buy/cgsh_order_operate.html?command=get_materiel&rest_code=00146&code=00101008027&supplier_code=00100005&order_time=2021-06-05 HTTP/1.1" 200 409
222.69.131.252 - - [05/Jun/2021:09:23:47 +0800] "POST /xingrg/services/DataTransmitService HTTP/1.1" 200 501
114.86.187.76 - - [05/Jun/2021:09:23:50 +0800] "GET /xingrg/all/function/internal_message.html?_=1622856244620&CODE_STATE=getMsg HTTP/1.1" 200 27
116.230.117.165 - - [05/Jun/2021:09:23:50 +0800] "POST /xingrg/kc/buy/cgsh_order_operate.html HTTP/1.1" 200 2065
222.69.131.252 - - [05/Jun/2021:09:23:50 +0800] "POST /xingrg/services/DataTransmitService HTTP/1.1" 200 501
222.69.131.252 - - [05/Jun/2021:09:23:52 +0800] "POST /xingrg/services/DataTransmitService HTTP/1.1" 200 412
61.165.42.208 - - [05/Jun/2021:09:23:52 +0800] "GET /xingrg/kc/buy/cgsh_order_add.html HTTP/1.1" 200 62409
61.165.42.208 - - [05/Jun/2021:09:23:53 +0800] "GET /xingrg/javascript/easyui/themes/default/validatebox.css HTTP/1.1" 404 1104
61.165.42.208 - - [05/Jun/2021:09:23:53 +0800] "POST /xingrg/kc/buy/cgsh_order_operate.html HTTP/1.1" 200 8245
222.70.177.128 - - [05/Jun/2021:09:23:53 +0800] "GET /xingrg/all/function/internal_message.html?_=1622856234718&CODE_STATE=getMsg HTTP/1.1" 200 27
61.165.42.208 - - [05/Jun/2021:09:23:56 +0800] "GET /xingrg/all/function/internal_message.html?_=1622856240645&CODE_STATE=getMsg HTTP/1.1" 200 27
180.169.147.146 - - [05/Jun/2021:09:23:57 +0800] "GET /xingrg/all/function/internal_message.html?_=1622856241109&CODE_STATE=getMsg HTTP/1.1" 200 27
116.230.117.165 - - [05/Jun/2021:09:23:58 +0800] "GET /xingrg/kc/buy/cgsh_order_operate.html?command=get_materiel&rest_code=00146&code=00101008244&supplier_code=00100005&order_time=2021-06-05 HTTP/1.1" 200 408
116.230.117.165 - - [05/Jun/2021:09:23:58 +0800] "GET /xingrg/all/function/internal_message.html?_=1622856239764&CODE_STATE=getMsg HTTP/1.1" 200 27
180.169.147.146 - - [05/Jun/2021:09:24:01 +0800] "GET /xingrg/all/function/internal_message.html?_=1622856239268&CODE_STATE=getMsg HTTP/1.1" 200 27
116.224.253.72 - - [05/Jun/2021:09:24:02 +0800] "GET /xingrg/all/function/internal_message.html?_=1622856248189&CODE_STATE=getMsg HTTP/1.1" 200 27
61.165.42.208 - - [05/Jun/2021:09:24:04 +0800] "GET /xingrg/kc/buy/cgsh_order_operate.html?command=get_materiel&rest_code=00105&code=00101002027&supplier_code=00100397&order_time=2021-06-05 HTTP/1.1" 200 413
222.69.131.252 - - [05/Jun/2021:09:24:05 +0800] "GET /xingrg/kc/buy/cgsh_order_operate.html?command=get_materiel&rest_code=00149&code=00101004071&supplier_code=00100083&order_time=2021-06-05 HTTP/1.1" 200 409
116.230.117.165 - - [05/Jun/2021:09:24:07 +0800] "GET /xingrg/kc/buy/cgsh_order_operate.html?command=get_materiel&rest_code=00146&code=00101008112&supplier_code=00100005&order_time=2021-06-05 HTTP/1.1" 200 412
61.165.42.208 - - [05/Jun/2021:09:24:13 +0800] "GET /xingrg/kc/buy/cgsh_order_operate.html?command=get_materiel&rest_code=00105&code=00101002022&supplier_code=00100397&order_time=2021-06-05 HTTP/1.1" 200 409
222.69.131.252 - - [05/Jun/2021:09:24:15 +0800] "GET /xingrg/kc/buy/cgsh_order_operate.html?command=get_materiel&rest_code=00149&code=00101004067&supplier_code=00100083&order_time=2021-06-05 HTTP/1.1" 200 415
116.230.117.165 - - [05/Jun/2021:09:24:17 +0800] "GET /xingrg/kc/buy/cgsh_order_operate.html?command=get_materiel&rest_code=00146&code=00101008354&supplier_code=00100005&order_time=2021-06-05 HTTP/1.1" 200 412
61.165.42.208 - - [05/Jun/2021:09:24:20 +0800] "GET /xingrg/kc/buy/cgsh_order_operate.html?command=get_materiel&rest_code=00105&code=00101001010&supplier_code=00100397&order_time=2021-06-05 HTTP/1.1" 200 409
116.230.117.165 - - [05/Jun/2021:09:24:28 +0800] "GET /xingrg/kc/buy/cgsh_order_operate.html?command=get_materiel&rest_code=00146&code=00101008186&supplier_code=00100005&order_time=2021-06-05 HTTP/1.1" 200 408
222.69.131.252 - - [05/Jun/2021:09:24:29 +0800] "GET /xingrg/kc/buy/cgsh_order_operate.html?command=get_materiel&rest_code=00149&code=00101004049&supplier_code=00100083&order_time=2021-06-05 HTTP/1.1" 200 430
116.224.253.72 - - [05/Jun/2021:09:24:34 +0800] "GET /xingrg/all/function/internal_message.html?_=1622856277053&CODE_STATE=getMsg HTTP/1.1" 200 27
222.69.131.252 - - [05/Jun/2021:09:24:37 +0800] "GET /xingrg/all/function/internal_message.html?_=1622856279894&CODE_STATE=getMsg HTTP/1.1" 200 27
116.230.110.80 - - [05/Jun/2021:09:24:37 +0800] "GET /xingrg/all/function/internal_message.html?_=1622856273323&CODE_STATE=getMsg HTTP/1.1" 200 27
116.230.117.165 - - [05/Jun/2021:09:24:38 +0800] "GET /xingrg/kc/buy/cgsh_order_operate.html?command=get_materiel&rest_code=00146&code=00101008096&supplier_code=00100005&order_time=2021-06-05 HTTP/1.1" 200 412
222.69.131.252 - - [05/Jun/2021:09:24:40 +0800] "GET /xingrg/kc/buy/cgsh_order_operate.html?command=get_materiel&rest_code=00149&code=00101004090&supplier_code=00100083&order_time=2021-06-05 HTTP/1.1" 200 391
116.230.117.165 - - [05/Jun/2021:09:24:41 +0800] "POST /xingrg/kc/buy/cgsh_order_operate.html HTTP/1.1" 200 2065
120.253.135.82 - - [05/Jun/2021:09:24:43 +0800] "GET /xingrg/all/function/internal_message.html?_=1622856070129&CODE_STATE=getMsg HTTP/1.1" 200 27
61.165.42.208 - - [05/Jun/2021:09:24:47 +0800] "POST /xingrg/kc/buy/cgsh_order_operate.html HTTP/1.1" 200 37
116.230.117.165 - - [05/Jun/2021:09:24:49 +0800] "GET /xingrg/kc/buy/cgsh_order_operate.html?command=get_materiel&rest_code=00146&code=00101008290&supplier_code=00100005&order_time=2021-06-05 HTTP/1.1" 200 416
114.86.187.76 - - [05/Jun/2021:09:24:50 +0800] "GET /xingrg/all/function/internal_message.html?_=1622856304604&CODE_STATE=getMsg HTTP/1.1" 200 27
114.86.187.76 - - [05/Jun/2021:09:24:50 +0800] "GET /xingrg/check_reg.html?_=1622856304933 HTTP/1.1" 200 22
222.70.177.128 - - [05/Jun/2021:09:24:53 +0800] "GET /xingrg/all/function/internal_message.html?_=1622856294724&CODE_STATE=getMsg HTTP/1.1" 200 27
222.69.131.252 - - [05/Jun/2021:09:24:53 +0800] "POST /xingrg/kc/buy/cgsh_order_operate.html HTTP/1.1" 200 37
61.165.42.208 - - [05/Jun/2021:09:24:55 +0800] "POST /xingrg/kc/buy/cgsh_order_operate.html HTTP/1.1" 200 4430
61.165.42.208 - - [05/Jun/2021:09:24:56 +0800] "GET /xingrg/all/function/internal_message.html?_=1622856300625&CODE_STATE=getMsg HTTP/1.1" 200 27
180.169.147.146 - - [05/Jun/2021:09:24:57 +0800] "GET /xingrg/all/function/internal_message.html?_=1622856301112&CODE_STATE=getMsg HTTP/1.1" 200 27
116.230.117.165 - - [05/Jun/2021:09:24:58 +0800] "GET /xingrg/all/function/internal_message.html?_=1622856299773&CODE_STATE=getMsg HTTP/1.1" 200 27
116.230.117.165 - - [05/Jun/2021:09:24:59 +0800] "GET /xingrg/kc/buy/cgsh_order_operate.html?command=get_materiel&rest_code=00146&code=00101008003&supplier_code=00100005&order_time=2021-06-05 HTTP/1.1" 200 408
222.69.131.252 - - [05/Jun/2021:09:25:01 +0800] "POST /xingrg/kc/buy/cgsh_order_operate.html HTTP/1.1" 200 12
180.169.147.146 - - [05/Jun/2021:09:25:01 +0800] "GET /xingrg/all/function/internal_message.html?_=1622856299275&CODE_STATE=getMsg HTTP/1.1" 200 27
61.165.42.208 - - [05/Jun/2021:09:25:02 +0800] "GET /xingrg/kc/print/load_data.html?order_code=212021060501928&kc_code=cgsh&condition= HTTP/1.1" 200 1339
116.224.253.72 - - [05/Jun/2021:09:25:02 +0800] "GET /xingrg/all/function/internal_message.html?_=1622856308202&CODE_STATE=getMsg HTTP/1.1" 200 27
222.69.131.252 - - [05/Jun/2021:09:25:03 +0800] "GET /xingrg/kc/buy/cgsh_order_info.html?code=212021060501929 HTTP/1.1" 200 57315
222.69.131.252 - - [05/Jun/2021:09:25:04 +0800] "GET /xingrg/javascript/easyui/themes/default/validatebox.css HTTP/1.1" 404 1104
222.69.131.252 - - [05/Jun/2021:09:25:04 +0800] "POST /xingrg/kc/buy/cgsh_order_operate.html HTTP/1.1" 200 4191
61.165.42.208 - - [05/Jun/2021:09:25:08 +0800] "GET /xingrg/kc/buy/cgsh_order_add.html HTTP/1.1" 200 62409
222.69.131.252 - - [05/Jun/2021:09:25:08 +0800] "GET /xingrg/kc/print/load_data.html?order_code=212021060501929&kc_code=cgsh&condition= HTTP/1.1" 200 2105
61.165.42.208 - - [05/Jun/2021:09:25:08 +0800] "POST /xingrg/kc/buy/cgsh_order_operate.html HTTP/1.1" 200 8245
61.165.42.208 - - [05/Jun/2021:09:25:08 +0800] "GET /xingrg/javascript/easyui/themes/default/validatebox.css HTTP/1.1" 404 1104
116.230.117.165 - - [05/Jun/2021:09:25:12 +0800] "GET /xingrg/kc/buy/cgsh_order_operate.html?command=get_materiel&rest_code=00146&code=00101008361&supplier_code=00100005&order_time=2021-06-05 HTTP/1.1" 200 408
222.69.131.252 - - [05/Jun/2021:09:25:17 +0800] "GET /xingrg/kc/buy/cgsh_order_add.html HTTP/1.1" 200 62415
222.69.131.252 - - [05/Jun/2021:09:25:17 +0800] "POST /xingrg/kc/buy/cgsh_order_operate.html HTTP/1.1" 200 8245
222.69.131.252 - - [05/Jun/2021:09:25:17 +0800] "GET /xingrg/javascript/easyui/themes/default/validatebox.css HTTP/1.1" 404 1104
61.165.42.208 - - [05/Jun/2021:09:25:19 +0800] "GET /xingrg/kc/buy/cgsh_order_operate.html?command=get_materiel&rest_code=00105&code=00101016122&supplier_code=00100203&order_time=2021-06-05 HTTP/1.1" 200 395
180.169.147.146 - - [05/Jun/2021:09:25:20 +0800] "GET /xingrg/check_reg.html?_=1622856318183 HTTP/1.1" 200 22
116.230.117.165 - - [05/Jun/2021:09:25:21 +0800] "GET /xingrg/kc/buy/cgsh_order_operate.html?command=get_materiel&rest_code=00146&code=00101008067&supplier_code=00100005&order_time=2021-06-05 HTTP/1.1" 200 418
116.224.253.72 - - [05/Jun/2021:09:25:34 +0800] "GET /xingrg/all/function/internal_message.html?_=1622856337051&CODE_STATE=getMsg HTTP/1.1" 200 27
116.230.117.165 - - [05/Jun/2021:09:25:34 +0800] "GET /xingrg/kc/buy/cgsh_order_operate.html?command=get_materiel&rest_code=00146&code=00101008264&supplier_code=00100005&order_time=2021-06-05 HTTP/1.1" 200 412
120.253.135.82 - - [05/Jun/2021:09:25:35 +0800] "POST /xingrg/kc/pszx/mdps_list_operate.html HTTP/1.1" 200 2060
61.165.42.208 - - [05/Jun/2021:09:25:36 +0800] "GET /xingrg/kc/buy/cgsh_order_operate.html?command=get_materiel&rest_code=00105&code=00101008256&supplier_code=00100203&order_time=2021-06-05 HTTP/1.1" 200 412
222.69.131.252 - - [05/Jun/2021:09:25:37 +0800] "GET /xingrg/all/function/internal_message.html?_=1622856339864&CODE_STATE=getMsg HTTP/1.1" 200 27
120.253.135.82 - - [05/Jun/2021:09:25:37 +0800] "POST /xingrg/kc/pszx/mdps_list_operate.html HTTP/1.1" 200 207
116.230.110.80 - - [05/Jun/2021:09:25:37 +0800] "GET /xingrg/all/function/internal_message.html?_=1622856333310&CODE_STATE=getMsg HTTP/1.1" 200 27
222.69.131.252 - - [05/Jun/2021:09:25:37 +0800] "GET /xingrg/check_reg.html?_=1622856340578 HTTP/1.1" 200 22
116.230.117.165 - - [05/Jun/2021:09:25:37 +0800] "POST /xingrg/kc/buy/cgsh_order_operate.html HTTP/1.1" 200 2065
116.230.117.165 - - [05/Jun/2021:09:25:40 +0800] "GET /xingrg/check_reg.html?_=1622856342104 HTTP/1.1" 200 22
120.253.135.82 - - [05/Jun/2021:09:25:41 +0800] "GET /xingrg/kc/report/report_main.html HTTP/1.1" 200 9370
120.253.135.82 - - [05/Jun/2021:09:25:41 +0800] "POST /xingrg/kc/pszx/mdps_list_operate.html HTTP/1.1" 200 2060
222.69.131.252 - - [05/Jun/2021:09:25:42 +0800] "GET /xingrg/kc/buy/cgsh_order_operate.html?command=get_materiel&rest_code=00149&code=00101002027&supplier_code=00100039&order_time=2021-06-05 HTTP/1.1" 200 415
61.165.42.208 - - [05/Jun/2021:09:25:42 +0800] "GET /xingrg/kc/buy/cgsh_order_operate.html?command=get_materiel&rest_code=00105&code=00101008045&supplier_code=00100203&order_time=2021-06-05 HTTP/1.1" 200 412
120.253.135.82 - - [05/Jun/2021:09:25:42 +0800] "GET /xingrg/kc/base/kc_stocks.html HTTP/1.1" 200 16431
120.253.135.82 - - [05/Jun/2021:09:25:42 +0800] "GET /xingrg/javascript/easyui/themes/default/tree.css HTTP/1.1" 404 1090
120.253.135.82 - - [05/Jun/2021:09:25:43 +0800] "POST /xingrg/all/common/load_tree.html?tree=materiel_sort_tree_json HTTP/1.1" 200 8666
120.253.135.82 - - [05/Jun/2021:09:25:43 +0800] "GET /xingrg/all/function/internal_message.html?_=1622856130174&CODE_STATE=getMsg HTTP/1.1" 200 27
120.253.135.82 - - [05/Jun/2021:09:25:44 +0800] "POST /xingrg/all/common/load_combo.html?type=base HTTP/1.1" 200 1075
116.230.117.165 - - [05/Jun/2021:09:25:45 +0800] "GET /xingrg/kc/buy/cgsh_order_operate.html?command=get_materiel&rest_code=00146&code=00101008024&supplier_code=00100005&order_time=2021-06-05 HTTP/1.1" 200 408
61.165.42.208 - - [05/Jun/2021:09:25:49 +0800] "GET /xingrg/kc/buy/cgsh_order_operate.html?command=get_materiel&rest_code=00105&code=00101008257&supplier_code=00100203&order_time=2021-06-05 HTTP/1.1" 200 416
114.86.187.76 - - [05/Jun/2021:09:25:50 +0800] "GET /xingrg/all/function/internal_message.html?_=1622856364589&CODE_STATE=getMsg HTTP/1.1" 200 27
61.165.42.208 - - [05/Jun/2021:09:25:51 +0800] "GET /xingrg/check_reg.html?_=1622856355800 HTTP/1.1" 200 22
222.70.177.128 - - [05/Jun/2021:09:25:53 +0800] "GET /xingrg/all/function/internal_message.html?_=1622856354721&CODE_STATE=getMsg HTTP/1.1" 200 27
120.253.135.82 - - [05/Jun/2021:09:25:54 +0800] "POST /xingrg/kc/base/stock_operate.html HTTP/1.1" 200 1716
222.69.131.252 - - [05/Jun/2021:09:25:55 +0800] "GET /xingrg/kc/buy/cgsh_order_operate.html?command=get_materiel&rest_code=00149&code=00101002022&supplier_code=00100039&order_time=2021-06-05 HTTP/1.1" 200 409
116.230.117.165 - - [05/Jun/2021:09:25:56 +0800] "GET /xingrg/kc/buy/cgsh_order_operate.html?command=get_materiel&rest_code=00146&code=00101008356&supplier_code=00100005&order_time=2021-06-05 HTTP/1.1" 200 408
61.165.42.208 - - [05/Jun/2021:09:25:56 +0800] "GET /xingrg/all/function/internal_message.html?_=1622856360596&CODE_STATE=getMsg HTTP/1.1" 200 27
180.169.147.146 - - [05/Jun/2021:09:25:57 +0800] "GET /xingrg/all/function/internal_message.html?_=1622856361102&CODE_STATE=getMsg HTTP/1.1" 200 27
116.230.117.165 - - [05/Jun/2021:09:25:58 +0800] "GET /xingrg/all/function/internal_message.html?_=1622856359787&CODE_STATE=getMsg HTTP/1.1" 200 27
61.165.42.208 - - [05/Jun/2021:09:25:59 +0800] "GET /xingrg/kc/buy/cgsh_order_operate.html?command=get_materiel&rest_code=00105&code=00101008350&supplier_code=00100203&order_time=2021-06-05 HTTP/1.1" 200 408
180.169.147.146 - - [05/Jun/2021:09:26:01 +0800] "GET /xingrg/all/function/internal_message.html?_=1622856359254&CODE_STATE=getMsg HTTP/1.1" 200 27
116.224.253.72 - - [05/Jun/2021:09:26:02 +0800] "GET /xingrg/all/function/internal_message.html?_=1622856368219&CODE_STATE=getMsg HTTP/1.1" 200 27
61.165.42.208 - - [05/Jun/2021:09:26:09 +0800] "GET /xingrg/kc/buy/cgsh_order_operate.html?command=get_materiel&rest_code=00105&code=00101008149&supplier_code=00100203&order_time=2021-06-05 HTTP/1.1" 200 408
222.69.131.252 - - [05/Jun/2021:09:26:10 +0800] "GET /xingrg/kc/buy/cgsh_order_operate.html?command=get_materiel&rest_code=00149&code=00101010161&supplier_code=00100039&order_time=2021-06-05 HTTP/1.1" 200 409
61.165.42.208 - - [05/Jun/2021:09:26:19 +0800] "GET /xingrg/kc/buy/cgsh_order_operate.html?command=get_materiel&rest_code=00105&code=00101008354&supplier_code=00100203&order_time=2021-06-05 HTTP/1.1" 200 412
116.230.117.165 - - [05/Jun/2021:09:26:22 +0800] "GET /xingrg/kc/buy/cgsh_order_operate.html?command=get_materiel&rest_code=00146&code=00101008205&supplier_code=00100005&order_time=2021-06-05 HTTP/1.1" 200 412
61.165.42.208 - - [05/Jun/2021:09:26:27 +0800] "GET /xingrg/kc/buy/cgsh_order_operate.html?command=get_materiel&rest_code=00105&code=00101008026&supplier_code=00100203&order_time=2021-06-05 HTTP/1.1" 200 409
120.253.135.82 - - [05/Jun/2021:09:26:30 +0800] "GET /xingrg/check_reg.html?_=1622856177153 HTTP/1.1" 200 22
222.69.131.252 - - [05/Jun/2021:09:26:31 +0800] "GET /xingrg/kc/buy/cgsh_order_operate.html?command=get_materiel&rest_code=00149&code=00101001075&supplier_code=00100039&order_time=2021-06-05 HTTP/1.1" 200 409
116.224.253.72 - - [05/Jun/2021:09:26:34 +0800] "GET /xingrg/all/function/internal_message.html?_=1622856397050&CODE_STATE=getMsg HTTP/1.1" 200 27
61.165.42.208 - - [05/Jun/2021:09:26:34 +0800] "GET /xingrg/kc/buy/cgsh_order_operate.html?command=get_materiel&rest_code=00105&code=00101008096&supplier_code=00100203&order_time=2021-06-05 HTTP/1.1" 200 412
116.230.117.165 - - [05/Jun/2021:09:26:34 +0800] "POST /xingrg/kc/buy/cgsh_order_operate.html HTTP/1.1" 200 2065
222.69.131.252 - - [05/Jun/2021:09:26:37 +0800] "GET /xingrg/all/function/internal_message.html?_=1622856399847&CODE_STATE=getMsg HTTP/1.1" 200 27
116.230.110.80 - - [05/Jun/2021:09:26:37 +0800] "GET /xingrg/all/function/internal_message.html?_=1622856393295&CODE_STATE=getMsg HTTP/1.1" 200 27
116.230.117.165 - - [05/Jun/2021:09:26:40 +0800] "GET /xingrg/kc/buy/cgsh_order_operate.html?command=get_materiel&rest_code=00146&code=00101008196&supplier_code=00100005&order_time=2021-06-05 HTTP/1.1" 200 416
61.165.42.208 - - [05/Jun/2021:09:26:42 +0800] "GET /xingrg/kc/buy/cgsh_order_operate.html?command=get_materiel&rest_code=00105&code=00101008038&supplier_code=00100203&order_time=2021-06-05 HTTP/1.1" 200 412
120.253.135.82 - - [05/Jun/2021:09:26:43 +0800] "GET /xingrg/all/function/internal_message.html?_=1622856190187&CODE_STATE=getMsg HTTP/1.1" 200 27
222.69.131.252 - - [05/Jun/2021:09:26:45 +0800] "GET /xingrg/kc/buy/cgsh_order_operate.html?command=get_materiel&rest_code=00149&code=00101001060&supplier_code=00100039&order_time=2021-06-05 HTTP/1.1" 200 421
114.86.187.76 - - [05/Jun/2021:09:26:50 +0800] "GET /xingrg/all/function/internal_message.html?_=1622856424573&CODE_STATE=getMsg HTTP/1.1" 200 27
222.70.177.128 - - [05/Jun/2021:09:26:53 +0800] "GET /xingrg/all/function/internal_message.html?_=1622856414713&CODE_STATE=getMsg HTTP/1.1" 200 27
222.70.177.128 - - [05/Jun/2021:09:26:53 +0800] "GET /xingrg/check_reg.html?_=1622856414716 HTTP/1.1" 200 22
116.230.117.165 - - [05/Jun/2021:09:26:53 +0800] "GET /xingrg/kc/buy/cgsh_order_operate.html?command=get_materiel&rest_code=00146&code=00101008357&supplier_code=00100005&order_time=2021-06-05 HTTP/1.1" 200 408
61.165.42.208 - - [05/Jun/2021:09:26:56 +0800] "GET /xingrg/all/function/internal_message.html?_=1622856420610&CODE_STATE=getMsg HTTP/1.1" 200 27
180.169.147.146 - - [05/Jun/2021:09:26:57 +0800] "GET /xingrg/check_reg.html?_=1622856421114 HTTP/1.1" 200 22
180.169.147.146 - - [05/Jun/2021:09:26:57 +0800] "GET /xingrg/all/function/internal_message.html?_=1622856421121&CODE_STATE=getMsg HTTP/1.1" 200 27
116.230.117.165 - - [05/Jun/2021:09:26:58 +0800] "GET /xingrg/all/function/internal_message.html?_=1622856419800&CODE_STATE=getMsg HTTP/1.1" 200 27
180.169.147.146 - - [05/Jun/2021:09:27:01 +0800] "GET /xingrg/all/function/internal_message.html?_=1622856419225&CODE_STATE=getMsg HTTP/1.1" 200 27
116.224.253.72 - - [05/Jun/2021:09:27:02 +0800] "GET /xingrg/all/function/internal_message.html?_=1622856428229&CODE_STATE=getMsg HTTP/1.1" 200 27
116.230.117.165 - - [05/Jun/2021:09:27:03 +0800] "GET /xingrg/kc/buy/cgsh_order_operate.html?command=get_materiel&rest_code=00146&code=00101008006&supplier_code=00100005&order_time=2021-06-05 HTTP/1.1" 200 416
116.230.117.165 - - [05/Jun/2021:09:27:13 +0800] "GET /xingrg/kc/buy/cgsh_order_operate.html?command=get_materiel&rest_code=00146&code=00101008131&supplier_code=00100005&order_time=2021-06-05 HTTP/1.1" 200 408
222.69.131.252 - - [05/Jun/2021:09:27:25 +0800] "POST /xingrg/kc/buy/cgsh_order_operate.html HTTP/1.1" 200 37
180.169.147.146 - - [05/Jun/2021:09:27:25 +0800] "GET /xingrg/check_reg.html?_=1622856450448 HTTP/1.1" 302 -
116.230.117.165 - - [05/Jun/2021:09:27:26 +0800] "GET /xingrg/kc/buy/cgsh_order_operate.html?command=get_materiel&rest_code=00146&code=00101008296&supplier_code=00100005&order_time=2021-06-05 HTTP/1.1" 200 416
116.230.117.165 - - [05/Jun/2021:09:27:30 +0800] "POST /xingrg/kc/buy/cgsh_order_operate.html HTTP/1.1" 200 2065
116.224.253.72 - - [05/Jun/2021:09:27:34 +0800] "GET /xingrg/all/function/internal_message.html?_=1622856457063&CODE_STATE=getMsg HTTP/1.1" 200 27
222.69.131.252 - - [05/Jun/2021:09:27:34 +0800] "POST /xingrg/kc/buy/cgsh_order_operate.html HTTP/1.1" 200 12
116.230.110.80 - - [05/Jun/2021:09:27:36 +0800] "GET /xingrg/check_reg.html?_=1622856452311 HTTP/1.1" 200 22
116.230.117.165 - - [05/Jun/2021:09:27:37 +0800] "GET /xingrg/kc/buy/cgsh_order_operate.html?command=get_materiel&rest_code=00146&code=00101008098&supplier_code=00100005&order_time=2021-06-05 HTTP/1.1" 200 412
116.230.110.80 - - [05/Jun/2021:09:27:37 +0800] "GET /xingrg/all/function/internal_message.html?_=1622856453282&CODE_STATE=getMsg HTTP/1.1" 200 27
61.165.42.208 - - [05/Jun/2021:09:27:39 +0800] "GET /xingrg/kc/buy/cgsh_order_operate.html?command=get_materiel&rest_code=00105&code=00101008088&supplier_code=00100203&order_time=2021-06-05 HTTP/1.1" 200 408
120.253.135.82 - - [05/Jun/2021:09:27:43 +0800] "GET /xingrg/all/function/internal_message.html?_=1622856250201&CODE_STATE=getMsg HTTP/1.1" 200 27
116.230.114.112 - - [05/Jun/2021:09:27:44 +0800] "GET /xingrg/check_reg.html?_=1622856485858 HTTP/1.1" 302 -
222.69.131.252 - - [05/Jun/2021:09:27:44 +0800] "GET /xingrg/kc/buy/cgsh_order_info.html?code=212021060501930 HTTP/1.1" 200 57317
222.69.131.252 - - [05/Jun/2021:09:27:44 +0800] "GET /xingrg/javascript/easyui/themes/default/validatebox.css HTTP/1.1" 404 1104
222.69.131.252 - - [05/Jun/2021:09:27:45 +0800] "POST /xingrg/kc/buy/cgsh_order_operate.html HTTP/1.1" 200 2984
116.230.117.165 - - [05/Jun/2021:09:27:47 +0800] "GET /xingrg/kc/buy/cgsh_order_operate.html?command=get_materiel&rest_code=00146&code=00101008353&supplier_code=00100005&order_time=2021-06-05 HTTP/1.1" 200 408
222.69.131.252 - - [05/Jun/2021:09:27:48 +0800] "GET /xingrg/kc/print/load_data.html?order_code=212021060501930&kc_code=cgsh&condition= HTTP/1.1" 200 1635
114.86.187.76 - - [05/Jun/2021:09:27:50 +0800] "GET /xingrg/all/function/internal_message.html?_=1622856484557&CODE_STATE=getMsg HTTP/1.1" 200 27
222.70.177.128 - - [05/Jun/2021:09:27:53 +0800] "GET /xingrg/all/function/internal_message.html?_=1622856474722&CODE_STATE=getMsg HTTP/1.1" 200 27
222.69.131.252 - - [05/Jun/2021:09:27:53 +0800] "GET /xingrg/kc/buy/cgsh_order_add.html HTTP/1.1" 200 62415
222.69.131.252 - - [05/Jun/2021:09:27:54 +0800] "POST /xingrg/kc/buy/cgsh_order_operate.html HTTP/1.1" 200 8245
222.69.131.252 - - [05/Jun/2021:09:27:54 +0800] "GET /xingrg/javascript/easyui/themes/default/validatebox.css HTTP/1.1" 404 1104
61.165.42.208 - - [05/Jun/2021:09:27:56 +0800] "GET /xingrg/all/function/internal_message.html?_=1622856480538&CODE_STATE=getMsg HTTP/1.1" 200 27
180.169.147.146 - - [05/Jun/2021:09:27:57 +0800] "GET /xingrg/all/function/internal_message.html?_=1622856481110&CODE_STATE=getMsg HTTP/1.1" 200 27
116.230.117.165 - - [05/Jun/2021:09:27:58 +0800] "GET /xingrg/all/function/internal_message.html?_=1622856479856&CODE_STATE=getMsg HTTP/1.1" 200 27
116.230.117.165 - - [05/Jun/2021:09:27:58 +0800] "GET /xingrg/kc/buy/cgsh_order_operate.html?command=get_materiel&rest_code=00146&code=00101008213&supplier_code=00100005&order_time=2021-06-05 HTTP/1.1" 200 412
180.169.147.146 - - [05/Jun/2021:09:28:01 +0800] "GET /xingrg/all/function/internal_message.html?_=1622856479192&CODE_STATE=getMsg HTTP/1.1" 200 27
116.224.253.72 - - [05/Jun/2021:09:28:02 +0800] "GET /xingrg/check_reg.html?_=1622856487936 HTTP/1.1" 200 22
116.224.253.72 - - [05/Jun/2021:09:28:02 +0800] "GET /xingrg/all/function/internal_message.html?_=1622856488243&CODE_STATE=getMsg HTTP/1.1" 200 27
180.169.147.146 - - [05/Jun/2021:09:28:03 +0800] "GET /xingrg/check_reg.html?_=1622856487963 HTTP/1.1" 302 -
116.230.117.165 - - [05/Jun/2021:09:28:08 +0800] "GET /xingrg/kc/buy/cgsh_order_operate.html?command=get_materiel&rest_code=00146&code=00101016122&supplier_code=00100005&order_time=2021-06-05 HTTP/1.1" 200 395
116.230.117.165 - - [05/Jun/2021:09:28:19 +0800] "GET /xingrg/kc/buy/cgsh_order_operate.html?command=get_materiel&rest_code=00146&code=00101008291&supplier_code=00100005&order_time=2021-06-05 HTTP/1.1" 200 408
116.230.117.165 - - [05/Jun/2021:09:28:34 +0800] "POST /xingrg/kc/buy/cgsh_order_operate.html HTTP/1.1" 200 2065
116.224.253.72 - - [05/Jun/2021:09:28:34 +0800] "GET /xingrg/check_reg.html?_=1622856517068 HTTP/1.1" 200 22
116.224.253.72 - - [05/Jun/2021:09:28:34 +0800] "GET /xingrg/all/function/internal_message.html?_=1622856517067&CODE_STATE=getMsg HTTP/1.1" 200 27
222.69.131.252 - - [05/Jun/2021:09:28:37 +0800] "GET /xingrg/all/function/internal_message.html?_=1622856519865&CODE_STATE=getMsg HTTP/1.1" 200 27
116.230.110.80 - - [05/Jun/2021:09:28:37 +0800] "GET /xingrg/all/function/internal_message.html?_=1622856513267&CODE_STATE=getMsg HTTP/1.1" 200 27
116.230.117.165 - - [05/Jun/2021:09:28:42 +0800] "GET /xingrg/kc/buy/cgsh_order_operate.html?command=get_materiel&rest_code=00146&code=00101012033&supplier_code=00100005&order_time=2021-06-05 HTTP/1.1" 200 426
120.253.135.82 - - [05/Jun/2021:09:28:43 +0800] "GET /xingrg/all/function/internal_message.html?_=1622856310456&CODE_STATE=getMsg HTTP/1.1" 200 27
114.86.187.76 - - [05/Jun/2021:09:28:50 +0800] "GET /xingrg/all/function/internal_message.html?_=1622856544541&CODE_STATE=getMsg HTTP/1.1" 200 27
116.230.117.165 - - [05/Jun/2021:09:28:53 +0800] "GET /xingrg/kc/buy/cgsh_order_operate.html?command=get_materiel&rest_code=00146&code=00101008243&supplier_code=00100005&order_time=2021-06-05 HTTP/1.1" 200 408
222.70.177.128 - - [05/Jun/2021:09:28:53 +0800] "GET /xingrg/all/function/internal_message.html?_=1622856534721&CODE_STATE=getMsg HTTP/1.1" 200 27
61.165.42.208 - - [05/Jun/2021:09:28:56 +0800] "GET /xingrg/all/function/internal_message.html?_=1622856540517&CODE_STATE=getMsg HTTP/1.1" 200 27
180.169.147.146 - - [05/Jun/2021:09:28:57 +0800] "GET /xingrg/all/function/internal_message.html?_=1622856541100&CODE_STATE=getMsg HTTP/1.1" 200 27
116.230.117.165 - - [05/Jun/2021:09:28:58 +0800] "GET /xingrg/all/function/internal_message.html?_=1622856539859&CODE_STATE=getMsg HTTP/1.1" 200 27
180.169.147.146 - - [05/Jun/2021:09:29:01 +0800] "GET /xingrg/all/function/internal_message.html?_=1622856539168&CODE_STATE=getMsg HTTP/1.1" 200 27
116.230.117.165 - - [05/Jun/2021:09:29:02 +0800] "GET /xingrg/kc/buy/cgsh_order_operate.html?command=get_materiel&rest_code=00146&code=00101008220&supplier_code=00100005&order_time=2021-06-05 HTTP/1.1" 200 412
116.224.253.72 - - [05/Jun/2021:09:29:02 +0800] "GET /xingrg/all/function/internal_message.html?_=1622856548257&CODE_STATE=getMsg HTTP/1.1" 200 27
116.230.117.165 - - [05/Jun/2021:09:29:17 +0800] "GET /xingrg/kc/buy/cgsh_order_operate.html?command=get_materiel&rest_code=00146&code=00101008225&supplier_code=00100005&order_time=2021-06-05 HTTP/1.1" 200 416
116.230.117.165 - - [05/Jun/2021:09:29:28 +0800] "GET /xingrg/kc/buy/cgsh_order_operate.html?command=get_materiel&rest_code=00146&code=00101013044&supplier_code=00100005&order_time=2021-06-05 HTTP/1.1" 200 428
116.230.117.165 - - [05/Jun/2021:09:29:31 +0800] "POST /xingrg/kc/buy/cgsh_order_operate.html HTTP/1.1" 200 2065
116.224.253.72 - - [05/Jun/2021:09:29:34 +0800] "GET /xingrg/all/function/internal_message.html?_=1622856577072&CODE_STATE=getMsg HTTP/1.1" 200 27
222.69.131.252 - - [05/Jun/2021:09:29:37 +0800] "GET /xingrg/all/function/internal_message.html?_=1622856579946&CODE_STATE=getMsg HTTP/1.1" 200 27
116.230.110.80 - - [05/Jun/2021:09:29:37 +0800] "GET /xingrg/all/function/internal_message.html?_=1622856573247&CODE_STATE=getMsg HTTP/1.1" 200 27
120.253.135.82 - - [05/Jun/2021:09:29:43 +0800] "GET /xingrg/all/function/internal_message.html?_=1622856370462&CODE_STATE=getMsg HTTP/1.1" 200 27
114.86.187.76 - - [05/Jun/2021:09:29:50 +0800] "GET /xingrg/all/function/internal_message.html?_=1622856604525&CODE_STATE=getMsg HTTP/1.1" 200 27
114.86.187.76 - - [05/Jun/2021:09:29:50 +0800] "GET /xingrg/check_reg.html?_=1622856604917 HTTP/1.1" 200 22
222.70.177.128 - - [05/Jun/2021:09:29:53 +0800] "GET /xingrg/all/function/internal_message.html?_=1622856594728&CODE_STATE=getMsg HTTP/1.1" 200 27
116.230.117.165 - - [05/Jun/2021:09:29:54 +0800] "POST /xingrg/kc/buy/cgsh_order_operate.html HTTP/1.1" 200 37
61.165.42.208 - - [05/Jun/2021:09:29:56 +0800] "GET /xingrg/all/function/internal_message.html?_=1622856600493&CODE_STATE=getMsg HTTP/1.1" 200 27
116.230.117.165 - - [05/Jun/2021:09:29:56 +0800] "POST /xingrg/kc/buy/cgsh_order_operate.html HTTP/1.1" 200 29302
180.169.147.146 - - [05/Jun/2021:09:29:57 +0800] "GET /xingrg/all/function/internal_message.html?_=1622856601105&CODE_STATE=getMsg HTTP/1.1" 200 27
116.230.117.165 - - [05/Jun/2021:09:29:58 +0800] "GET /xingrg/all/function/internal_message.html?_=1622856599873&CODE_STATE=getMsg HTTP/1.1" 200 27
180.169.147.146 - - [05/Jun/2021:09:30:01 +0800] "GET /xingrg/all/function/internal_message.html?_=1622856599143&CODE_STATE=getMsg HTTP/1.1" 200 27
116.224.253.72 - - [05/Jun/2021:09:30:02 +0800] "GET /xingrg/all/function/internal_message.html?_=1622856608269&CODE_STATE=getMsg HTTP/1.1" 200 27
116.230.117.165 - - [05/Jun/2021:09:30:13 +0800] "GET /xingrg/kc/buy/cgsh_order_operate.html?command=get_materiel&rest_code=00146&code=00101008091&supplier_code=00100005&order_time=2021-06-05 HTTP/1.1" 200 412
180.169.147.146 - - [05/Jun/2021:09:30:20 +0800] "GET /xingrg/check_reg.html?_=1622856618159 HTTP/1.1" 200 22
116.224.253.72 - - [05/Jun/2021:09:30:34 +0800] "GET /xingrg/all/function/internal_message.html?_=1622856637075&CODE_STATE=getMsg HTTP/1.1" 200 27
222.69.131.252 - - [05/Jun/2021:09:30:37 +0800] "GET /xingrg/all/function/internal_message.html?_=1622856639821&CODE_STATE=getMsg HTTP/1.1" 200 27
116.230.110.80 - - [05/Jun/2021:09:30:37 +0800] "GET /xingrg/all/function/internal_message.html?_=1622856633223&CODE_STATE=getMsg HTTP/1.1" 200 27
222.69.131.252 - - [05/Jun/2021:09:30:37 +0800] "GET /xingrg/check_reg.html?_=1622856640557 HTTP/1.1" 200 22
116.230.117.165 - - [05/Jun/2021:09:30:40 +0800] "GET /xingrg/check_reg.html?_=1622856642104 HTTP/1.1" 200 22
116.230.117.165 - - [05/Jun/2021:09:30:42 +0800] "GET /xingrg/kc/buy/cgsh_order_operate.html?command=get_materiel&rest_code=00146&code=00101008149&supplier_code=00100005&order_time=2021-06-05 HTTP/1.1" 200 408
120.253.135.82 - - [05/Jun/2021:09:30:44 +0800] "GET /xingrg/all/function/internal_message.html?_=1622856430699&CODE_STATE=getMsg HTTP/1.1" 200 27
116.230.117.165 - - [05/Jun/2021:09:30:45 +0800] "POST /xingrg/kc/buy/cgsh_order_operate.html HTTP/1.1" 200 2065
114.86.187.76 - - [05/Jun/2021:09:30:50 +0800] "GET /xingrg/all/function/internal_message.html?_=1622856664495&CODE_STATE=getMsg HTTP/1.1" 200 27
61.165.42.208 - - [05/Jun/2021:09:30:51 +0800] "GET /xingrg/check_reg.html?_=1622856655805 HTTP/1.1" 200 22
222.70.177.128 - - [05/Jun/2021:09:30:53 +0800] "GET /xingrg/all/function/internal_message.html?_=1622856654717&CODE_STATE=getMsg HTTP/1.1" 200 27
116.230.117.165 - - [05/Jun/2021:09:30:55 +0800] "GET /xingrg/kc/buy/cgsh_order_operate.html?command=get_materiel&rest_code=00146&code=00101008019&supplier_code=00100005&order_time=2021-06-05 HTTP/1.1" 200 418
61.165.42.208 - - [05/Jun/2021:09:30:56 +0800] "GET /xingrg/all/function/internal_message.html?_=1622856660465&CODE_STATE=getMsg HTTP/1.1" 200 27
180.169.147.146 - - [05/Jun/2021:09:30:57 +0800] "GET /xingrg/all/function/internal_message.html?_=1622856661121&CODE_STATE=getMsg HTTP/1.1" 200 27
116.230.117.165 - - [05/Jun/2021:09:30:58 +0800] "GET /xingrg/all/function/internal_message.html?_=1622856659887&CODE_STATE=getMsg HTTP/1.1" 200 27
180.169.147.146 - - [05/Jun/2021:09:31:01 +0800] "GET /xingrg/all/function/internal_message.html?_=1622856659120&CODE_STATE=getMsg HTTP/1.1" 200 27
116.224.253.72 - - [05/Jun/2021:09:31:02 +0800] "GET /xingrg/all/function/internal_message.html?_=1622856668288&CODE_STATE=getMsg HTTP/1.1" 200 27
61.165.42.208 - - [05/Jun/2021:09:31:24 +0800] "POST /xingrg/kc/buy/cgsh_order_operate.html HTTP/1.1" 200 37
61.165.42.208 - - [05/Jun/2021:09:31:25 +0800] "POST /xingrg/kc/buy/cgsh_order_operate.html HTTP/1.1" 200 8569
61.165.42.208 - - [05/Jun/2021:09:31:29 +0800] "GET /xingrg/kc/buy/cgsh_order_list.html HTTP/1.1" 200 46624
116.230.117.165 - - [05/Jun/2021:09:31:29 +0800] "GET /xingrg/kc/buy/cgsh_order_operate.html?command=get_materiel&rest_code=00146&code=00101008313&supplier_code=00100005&order_time=2021-06-05 HTTP/1.1" 200 412
120.253.135.82 - - [05/Jun/2021:09:31:30 +0800] "GET /xingrg/check_reg.html?_=1622856477151 HTTP/1.1" 200 22
116.224.253.72 - - [05/Jun/2021:09:31:34 +0800] "GET /xingrg/all/function/internal_message.html?_=1622856697080&CODE_STATE=getMsg HTTP/1.1" 200 27
61.165.42.208 - - [05/Jun/2021:09:31:35 +0800] "POST /xingrg/kc/buy/cgsh_list_operate.html HTTP/1.1" 200 3132
222.69.131.252 - - [05/Jun/2021:09:31:36 +0800] "GET /xingrg/all/function/internal_message.html?_=1622856699795&CODE_STATE=getMsg HTTP/1.1" 200 27
116.230.110.80 - - [05/Jun/2021:09:31:37 +0800] "GET /xingrg/all/function/internal_message.html?_=1622856693209&CODE_STATE=getMsg HTTP/1.1" 200 27
116.230.117.165 - - [05/Jun/2021:09:31:40 +0800] "GET /xingrg/kc/buy/cgsh_order_operate.html?command=get_materiel&rest_code=00146&code=00101008351&supplier_code=00100005&order_time=2021-06-05 HTTP/1.1" 200 408
116.230.117.165 - - [05/Jun/2021:09:31:43 +0800] "POST /xingrg/kc/buy/cgsh_order_operate.html HTTP/1.1" 200 2065
120.253.135.82 - - [05/Jun/2021:09:31:44 +0800] "GET /xingrg/all/function/internal_message.html?_=1622856490708&CODE_STATE=getMsg HTTP/1.1" 200 27
114.86.187.76 - - [05/Jun/2021:09:31:50 +0800] "GET /xingrg/all/function/internal_message.html?_=1622856724494&CODE_STATE=getMsg HTTP/1.1" 200 27
222.70.177.128 - - [05/Jun/2021:09:31:53 +0800] "GET /xingrg/check_reg.html?_=1622856714715 HTTP/1.1" 200 22
222.70.177.128 - - [05/Jun/2021:09:31:53 +0800] "GET /xingrg/all/function/internal_message.html?_=1622856714719&CODE_STATE=getMsg HTTP/1.1" 200 27
61.165.42.208 - - [05/Jun/2021:09:31:56 +0800] "GET /xingrg/all/function/internal_message.html?_=1622856720458&CODE_STATE=getMsg HTTP/1.1" 200 27
180.169.147.146 - - [05/Jun/2021:09:31:57 +0800] "GET /xingrg/check_reg.html?_=1622856721118 HTTP/1.1" 200 22
180.169.147.146 - - [05/Jun/2021:09:31:57 +0800] "GET /xingrg/all/function/internal_message.html?_=1622856721122&CODE_STATE=getMsg HTTP/1.1" 200 27
61.165.42.208 - - [05/Jun/2021:09:31:58 +0800] "POST /xingrg/kc/buy/cgsh_list_operate.html HTTP/1.1" 200 5413
