114.86.187.76 - - [05/Jun/2021:08:59:57 +0800] "GET /xingrg/words/20210604173909_words.js HTTP/1.1" 304 -
114.86.187.76 - - [05/Jun/2021:08:59:57 +0800] "POST /xingrg/kc/base/wldb_order_operate.html HTTP/1.1" 200 6806
114.86.187.76 - - [05/Jun/2021:08:59:57 +0800] "GET /xingrg/all/common/auto_word.html?type=base&rest_code=00148 HTTP/1.1" 200 1753
114.86.187.76 - - [05/Jun/2021:08:59:57 +0800] "GET /xingrg/javascript/easyui/themes/default/validatebox.css HTTP/1.1" 404 1104
114.86.187.76 - - [05/Jun/2021:08:59:57 +0800] "GET /xingrg/all/common/auto_word.html?type=base&rest_code=00148 HTTP/1.1" 200 1753
116.230.117.165 - - [05/Jun/2021:08:59:57 +0800] "GET /xingrg/all/function/internal_message.html?_=1622854799072&CODE_STATE=getMsg HTTP/1.1" 200 27
114.86.187.76 - - [05/Jun/2021:09:00:00 +0800] "GET /xingrg/javascript/auto/indicator.gif HTTP/1.1" 404 1066
114.86.187.76 - - [05/Jun/2021:09:00:01 +0800] "GET /xingrg/javascript/jquery_tools/images/next.gif HTTP/1.1" 404 1086
114.86.187.76 - - [05/Jun/2021:09:00:01 +0800] "GET /xingrg/javascript/jquery_tools/images/prev.gif HTTP/1.1" 404 1086
180.169.147.146 - - [05/Jun/2021:09:00:02 +0800] "GET /xingrg/all/function/internal_message.html?_=1622854799766&CODE_STATE=getMsg HTTP/1.1" 200 27
114.86.187.76 - - [05/Jun/2021:09:00:07 +0800] "GET /xingrg/kc/base/wldb_order_operate.html?command=get_materiel&rest_code=00148&base_code=0010002&code=00102002182 HTTP/1.1" 200 431
116.224.253.72 - - [05/Jun/2021:09:00:11 +0800] "GET /xingrg/check_reg.html?_=1622854816921 HTTP/1.1" 200 22
116.224.253.72 - - [05/Jun/2021:09:00:11 +0800] "GET /xingrg/all/function/internal_message.html?_=1622854817175&CODE_STATE=getMsg HTTP/1.1" 200 27
180.161.111.4 - - [05/Jun/2021:09:00:19 +0800] "GET /xingrg/all/function/internal_message.html?_=1622854784970&CODE_STATE=getMsg HTTP/1.1" 200 27
180.169.147.146 - - [05/Jun/2021:09:00:20 +0800] "GET /xingrg/check_reg.html?_=1622854818201 HTTP/1.1" 200 22
180.161.111.4 - - [05/Jun/2021:09:00:33 +0800] "POST /xingrg/kc/buy/cgsh_order_operate.html HTTP/1.1" 200 37
116.224.253.72 - - [05/Jun/2021:09:00:33 +0800] "GET /xingrg/all/function/internal_message.html?_=1622854836926&CODE_STATE=getMsg HTTP/1.1" 200 27
180.161.111.4 - - [05/Jun/2021:09:00:37 +0800] "POST /xingrg/kc/buy/cgsh_order_operate.html HTTP/1.1" 200 9804
222.69.131.252 - - [05/Jun/2021:09:00:37 +0800] "GET /xingrg/all/function/internal_message.html?_=1622854840257&CODE_STATE=getMsg HTTP/1.1" 200 27
222.69.131.252 - - [05/Jun/2021:09:00:37 +0800] "GET /xingrg/check_reg.html?_=1622854840621 HTTP/1.1" 200 22
116.230.110.80 - - [05/Jun/2021:09:00:37 +0800] "GET /xingrg/all/function/internal_message.html?_=1622854833647&CODE_STATE=getMsg HTTP/1.1" 200 27
116.230.117.165 - - [05/Jun/2021:09:00:40 +0800] "GET /xingrg/check_reg.html?_=1622854842007 HTTP/1.1" 200 22
120.253.135.82 - - [05/Jun/2021:09:00:41 +0800] "GET /xingrg/all/function/internal_message.html?_=1622854628306&CODE_STATE=getMsg HTTP/1.1" 200 27
180.161.111.4 - - [05/Jun/2021:09:00:42 +0800] "GET /xingrg/javascript/jquery_easy_ui/themes/default/images/tabs_active.png HTTP/1.1" 304 -
120.253.135.82 - - [05/Jun/2021:09:00:47 +0800] "GET /xingrg/kc/report/report_main.html HTTP/1.1" 200 9370
180.161.111.4 - - [05/Jun/2021:09:00:48 +0800] "POST /xingrg/kc/buy/cgsh_list_operate.html HTTP/1.1" 200 2004
120.253.135.82 - - [05/Jun/2021:09:00:48 +0800] "GET /xingrg/kc/base/kc_stocks.html HTTP/1.1" 200 16431
120.253.135.82 - - [05/Jun/2021:09:00:48 +0800] "GET /xingrg/javascript/easyui/themes/default/tree.css HTTP/1.1" 404 1090
120.253.135.82 - - [05/Jun/2021:09:00:48 +0800] "POST /xingrg/all/common/load_tree.html?tree=materiel_sort_tree_json HTTP/1.1" 200 8666
114.86.187.76 - - [05/Jun/2021:09:00:50 +0800] "GET /xingrg/all/function/internal_message.html?_=1622854864453&CODE_STATE=getMsg HTTP/1.1" 200 27
120.253.135.82 - - [05/Jun/2021:09:00:50 +0800] "POST /xingrg/all/common/load_combo.html?type=base HTTP/1.1" 200 1075
116.230.117.165 - - [05/Jun/2021:09:00:57 +0800] "GET /xingrg/all/function/internal_message.html?_=1622854859073&CODE_STATE=getMsg HTTP/1.1" 200 27
180.161.111.4 - - [05/Jun/2021:09:00:59 +0800] "POST /xingrg/kc/buy/cgsh_list_operate.html HTTP/1.1" 200 563
120.253.135.82 - - [05/Jun/2021:09:00:59 +0800] "POST /xingrg/kc/base/stock_operate.html HTTP/1.1" 200 1474
180.161.111.4 - - [05/Jun/2021:09:01:00 +0800] "GET /xingrg/kc/buy/cgsh_order_info.html?code=212021060501920 HTTP/1.1" 200 62320
180.161.111.4 - - [05/Jun/2021:09:01:01 +0800] "GET /xingrg/javascript/easyui/themes/default/validatebox.css HTTP/1.1" 404 1104
180.161.111.4 - - [05/Jun/2021:09:01:01 +0800] "POST /xingrg/kc/buy/cgsh_order_operate.html HTTP/1.1" 200 9794
180.169.147.146 - - [05/Jun/2021:09:01:02 +0800] "GET /xingrg/all/function/internal_message.html?_=1622854859738&CODE_STATE=getMsg HTTP/1.1" 200 27
114.86.187.76 - - [05/Jun/2021:09:01:02 +0800] "GET /xingrg/kc/base/wldb_order_operate.html?command=get_materiel&rest_code=00148&base_code=0010002&code=00102001153 HTTP/1.1" 200 447
114.86.187.76 - - [05/Jun/2021:09:01:07 +0800] "POST /xingrg/kc/base/wldb_order_operate.html HTTP/1.1" 200 37
114.86.187.76 - - [05/Jun/2021:09:01:08 +0800] "POST /xingrg/kc/base/wldb_order_operate.html HTTP/1.1" 200 2197
116.224.253.72 - - [05/Jun/2021:09:01:11 +0800] "GET /xingrg/all/function/internal_message.html?_=1622854877189&CODE_STATE=getMsg HTTP/1.1" 200 27
114.86.187.76 - - [05/Jun/2021:09:01:13 +0800] "GET /xingrg/kc/base/wldb_order_info.html?code=422021060500490 HTTP/1.1" 200 30242
114.86.187.76 - - [05/Jun/2021:09:01:14 +0800] "GET /xingrg/javascript/easyui/themes/default/validatebox.css HTTP/1.1" 404 1104
114.86.187.76 - - [05/Jun/2021:09:01:14 +0800] "POST /xingrg/kc/base/wldb_order_operate.html HTTP/1.1" 200 2197
180.169.147.146 - - [05/Jun/2021:09:01:18 +0800] "GET /favicon.ico HTTP/1.1" 404 -
180.161.111.4 - - [05/Jun/2021:09:01:19 +0800] "GET /xingrg/all/function/internal_message.html?_=1622854844984&CODE_STATE=getMsg HTTP/1.1" 200 27
114.86.187.76 - - [05/Jun/2021:09:01:26 +0800] "GET /xingrg/kc/base/wldb_order_add.html HTTP/1.1" 200 30230
114.86.187.76 - - [05/Jun/2021:09:01:26 +0800] "POST /xingrg/kc/base/wldb_order_operate.html HTTP/1.1" 200 6806
114.86.187.76 - - [05/Jun/2021:09:01:26 +0800] "GET /xingrg/javascript/easyui/themes/default/validatebox.css HTTP/1.1" 404 1104
120.253.135.82 - - [05/Jun/2021:09:01:30 +0800] "GET /xingrg/check_reg.html?_=1622854677120 HTTP/1.1" 200 22
116.224.253.72 - - [05/Jun/2021:09:01:33 +0800] "GET /xingrg/all/function/internal_message.html?_=1622854896939&CODE_STATE=getMsg HTTP/1.1" 200 27
180.161.111.4 - - [05/Jun/2021:09:01:34 +0800] "POST /xingrg/kc/buy/cgsh_order_operate.html HTTP/1.1" 200 37
180.161.111.4 - - [05/Jun/2021:09:01:35 +0800] "POST /xingrg/kc/buy/cgsh_order_operate.html HTTP/1.1" 200 9796
222.69.131.252 - - [05/Jun/2021:09:01:37 +0800] "GET /xingrg/all/function/internal_message.html?_=1622854900244&CODE_STATE=getMsg HTTP/1.1" 200 27
116.230.110.80 - - [05/Jun/2021:09:01:37 +0800] "GET /xingrg/all/function/internal_message.html?_=1622854893641&CODE_STATE=getMsg HTTP/1.1" 200 27
120.253.135.82 - - [05/Jun/2021:09:01:41 +0800] "GET /xingrg/all/function/internal_message.html?_=1622854688319&CODE_STATE=getMsg HTTP/1.1" 200 27
180.161.111.4 - - [05/Jun/2021:09:01:41 +0800] "POST /xingrg/kc/buy/cgsh_list_operate.html HTTP/1.1" 200 2004
222.70.177.128 - - [05/Jun/2021:09:01:42 +0800] "GET /xingrg/login.html HTTP/1.1" 200 7641
222.70.177.128 - - [05/Jun/2021:09:01:42 +0800] "GET /xingrg/login.html HTTP/1.1" 200 7641
222.70.177.128 - - [05/Jun/2021:09:01:42 +0800] "GET /favicon.ico HTTP/1.1" 404 -
222.70.177.128 - - [05/Jun/2021:09:01:42 +0800] "GET /favicon.ico HTTP/1.1" 404 -
180.161.111.4 - - [05/Jun/2021:09:01:45 +0800] "POST /xingrg/kc/buy/cgsh_list_operate.html HTTP/1.1" 200 588
180.161.111.4 - - [05/Jun/2021:09:01:49 +0800] "GET /xingrg/kc/buy/cgsh_order_info.html?code=212021060501923 HTTP/1.1" 200 62320
114.86.187.76 - - [05/Jun/2021:09:01:50 +0800] "GET /xingrg/all/function/internal_message.html?_=1622854924449&CODE_STATE=getMsg HTTP/1.1" 200 27
180.161.111.4 - - [05/Jun/2021:09:01:50 +0800] "GET /xingrg/javascript/easyui/themes/default/validatebox.css HTTP/1.1" 404 1104
180.161.111.4 - - [05/Jun/2021:09:01:50 +0800] "POST /xingrg/kc/buy/cgsh_order_operate.html HTTP/1.1" 200 9804
222.70.177.128 - - [05/Jun/2021:09:01:52 +0800] "POST /xingrg/login.do HTTP/1.1" 302 -
222.70.177.128 - - [05/Jun/2021:09:01:53 +0800] "GET /xingrg/index.html?sysBaseUrl=http%3A%2F%2F180.169.147.146%3A18081%2Fxingrg%2F&costTime=1108×tamp=1622854912976 HTTP/1.1" 200 17173
222.70.177.128 - - [05/Jun/2021:09:01:53 +0800] "GET /favicon.ico HTTP/1.1" 404 -
222.70.177.128 - - [05/Jun/2021:09:01:53 +0800] "GET /xingrg/check_reg.html?_=1622854914677 HTTP/1.1" 200 22
222.70.177.128 - - [05/Jun/2021:09:01:53 +0800] "GET /xingrg/all/function/internal_message.html?_=1622854914676&CODE_STATE=count HTTP/1.1" 200 11
222.70.177.128 - - [05/Jun/2021:09:01:53 +0800] "POST /xingrg/all/common/load_tree.html?tree=area_rest_tree_json&manage=1 HTTP/1.1" 200 342
222.70.177.128 - - [05/Jun/2021:09:01:53 +0800] "POST /xingrg/load_menu.html HTTP/1.1" 200 5138
114.86.187.76 - - [05/Jun/2021:09:01:53 +0800] "GET /xingrg/kc/base/wldb_order_operate.html?command=get_materiel&rest_code=00148&base_code=0010001&code=00101019142 HTTP/1.1" 200 449
116.230.117.165 - - [05/Jun/2021:09:01:57 +0800] "GET /xingrg/all/function/internal_message.html?_=1622854919087&CODE_STATE=getMsg HTTP/1.1" 200 27
222.70.177.128 - - [05/Jun/2021:09:02:00 +0800] "GET /xingrg/kc/buy/buy_main.html HTTP/1.1" 200 12412
222.70.177.128 - - [05/Jun/2021:09:02:00 +0800] "GET /xingrg/css/new_ie.css HTTP/1.1" 404 1036
222.70.177.128 - - [05/Jun/2021:09:02:00 +0800] "GET /xingrg/images/yd/bt.gif HTTP/1.1" 404 1040
114.86.187.76 - - [05/Jun/2021:09:02:00 +0800] "GET /xingrg/kc/base/wldb_order_operate.html?command=get_materiel&rest_code=00148&base_code=0010001&code=00101019015 HTTP/1.1" 200 437
222.70.177.128 - - [05/Jun/2021:09:02:01 +0800] "GET /xingrg/kc/buy/cgsh_order_list.html HTTP/1.1" 200 46624
222.70.177.128 - - [05/Jun/2021:09:02:03 +0800] "POST /xingrg/kc/buy/cgsh_list_operate.html HTTP/1.1" 200 876
180.169.147.146 - - [05/Jun/2021:09:02:06 +0800] "GET /xingrg/all/function/internal_message.html?_=1622854919717&CODE_STATE=getMsg HTTP/1.1" 200 27
114.86.187.76 - - [05/Jun/2021:09:02:07 +0800] "GET /xingrg/kc/base/wldb_order_operate.html?command=get_materiel&rest_code=00148&base_code=0010001&code=00101019283 HTTP/1.1" 200 450
116.224.253.72 - - [05/Jun/2021:09:02:11 +0800] "GET /xingrg/all/function/internal_message.html?_=1622854937202&CODE_STATE=getMsg HTTP/1.1" 200 27
114.86.187.76 - - [05/Jun/2021:09:02:11 +0800] "GET /xingrg/kc/base/wldb_order_operate.html?command=get_materiel&rest_code=00148&base_code=0010001&code=00101019425 HTTP/1.1" 200 458
180.161.111.4 - - [05/Jun/2021:09:02:12 +0800] "POST /xingrg/kc/buy/cgsh_order_operate.html HTTP/1.1" 200 37
180.161.111.4 - - [05/Jun/2021:09:02:14 +0800] "POST /xingrg/kc/buy/cgsh_order_operate.html HTTP/1.1" 200 9806
180.161.111.4 - - [05/Jun/2021:09:02:18 +0800] "GET /xingrg/check_reg.html?_=1622854904737 HTTP/1.1" 200 22
180.161.111.4 - - [05/Jun/2021:09:02:19 +0800] "GET /xingrg/all/function/internal_message.html?_=1622854904997&CODE_STATE=getMsg HTTP/1.1" 200 27
116.224.253.72 - - [05/Jun/2021:09:02:20 +0800] "POST /xingrg/kc/buy/cgsh_list_operate.html HTTP/1.1" 200 359
180.161.111.4 - - [05/Jun/2021:09:02:20 +0800] "POST /xingrg/kc/buy/cgsh_list_operate.html HTTP/1.1" 200 2004
116.224.253.72 - - [05/Jun/2021:09:02:21 +0800] "GET /xingrg/kc/buy/cgsh_order_info.html?code=212021060501922 HTTP/1.1" 200 62025
116.224.253.72 - - [05/Jun/2021:09:02:21 +0800] "GET /xingrg/javascript/easyui/themes/default/validatebox.css HTTP/1.1" 404 1104
116.224.253.72 - - [05/Jun/2021:09:02:22 +0800] "POST /xingrg/kc/buy/cgsh_order_operate.html HTTP/1.1" 200 3878
180.169.147.146 - - [05/Jun/2021:09:02:25 +0800] "GET /xingrg/check_reg.html?_=1622854950342 HTTP/1.1" 302 -
222.70.177.128 - - [05/Jun/2021:09:02:29 +0800] "GET /xingrg/javascript/jquery_tools/images/prev.gif HTTP/1.1" 404 1086
222.70.177.128 - - [05/Jun/2021:09:02:29 +0800] "GET /xingrg/javascript/jquery_tools/images/next.gif HTTP/1.1" 404 1086
116.224.253.72 - - [05/Jun/2021:09:02:30 +0800] "POST /xingrg/kc/buy/cgsh_order_operate.html HTTP/1.1" 200 37
180.161.111.4 - - [05/Jun/2021:09:02:32 +0800] "POST /xingrg/kc/buy/cgsh_list_operate.html HTTP/1.1" 200 563
116.224.253.72 - - [05/Jun/2021:09:02:33 +0800] "GET /xingrg/all/function/internal_message.html?_=1622854956938&CODE_STATE=getMsg HTTP/1.1" 200 27
116.224.253.72 - - [05/Jun/2021:09:02:36 +0800] "POST /xingrg/kc/buy/cgsh_order_operate.html HTTP/1.1" 200 12
116.230.110.80 - - [05/Jun/2021:09:02:36 +0800] "GET /xingrg/check_reg.html?_=1622854952310 HTTP/1.1" 200 22
222.69.131.252 - - [05/Jun/2021:09:02:37 +0800] "GET /xingrg/all/function/internal_message.html?_=1622854960231&CODE_STATE=getMsg HTTP/1.1" 200 27
116.230.110.80 - - [05/Jun/2021:09:02:37 +0800] "GET /xingrg/all/function/internal_message.html?_=1622854953638&CODE_STATE=getMsg HTTP/1.1" 200 27
116.224.253.72 - - [05/Jun/2021:09:02:39 +0800] "GET /xingrg/kc/buy/cgsh_order_info.html?code=212021060501922 HTTP/1.1" 200 56922
116.224.253.72 - - [05/Jun/2021:09:02:39 +0800] "GET /xingrg/javascript/easyui/themes/default/validatebox.css HTTP/1.1" 404 1104
116.224.253.72 - - [05/Jun/2021:09:02:40 +0800] "POST /xingrg/kc/buy/cgsh_order_operate.html HTTP/1.1" 200 1828
116.235.222.38 - - [05/Jun/2021:09:02:41 +0800] "POST /xingrg/services/DataTransmitService HTTP/1.1" 200 524
120.253.135.82 - - [05/Jun/2021:09:02:41 +0800] "GET /xingrg/all/function/internal_message.html?_=1622854748333&CODE_STATE=getMsg HTTP/1.1" 200 27
116.230.114.112 - - [05/Jun/2021:09:02:44 +0800] "GET /xingrg/check_reg.html?_=1622854985806 HTTP/1.1" 302 -
222.70.177.128 - - [05/Jun/2021:09:02:44 +0800] "GET /xingrg/javascript/easyui/themes/default/tree.css HTTP/1.1" 404 1090
222.70.177.128 - - [05/Jun/2021:09:02:45 +0800] "POST /xingrg/all/common/load_tree.html?tree=supplier_tree_json&manage=1 HTTP/1.1" 200 56760
116.224.253.72 - - [05/Jun/2021:09:02:47 +0800] "GET /xingrg/kc/print/load_data.html?order_code=212021060501922&kc_code=cgsh&condition= HTTP/1.1" 200 1265
114.86.187.76 - - [05/Jun/2021:09:02:50 +0800] "GET /xingrg/all/function/internal_message.html?_=1622854984449&CODE_STATE=getMsg HTTP/1.1" 200 27
222.70.177.128 - - [05/Jun/2021:09:02:53 +0800] "GET /xingrg/all/function/internal_message.html?_=1622854974693&CODE_STATE=getMsg HTTP/1.1" 200 27
116.230.117.165 - - [05/Jun/2021:09:02:57 +0800] "GET /xingrg/all/function/internal_message.html?_=1622854979140&CODE_STATE=getMsg HTTP/1.1" 200 27
222.70.177.128 - - [05/Jun/2021:09:02:58 +0800] "POST /xingrg/kc/buy/cgsh_list_operate.html HTTP/1.1" 200 1715
116.224.253.72 - - [05/Jun/2021:09:03:01 +0800] "POST /xingrg/all/user/operate.html HTTP/1.1" 200 36
116.224.253.72 - - [05/Jun/2021:09:03:01 +0800] "GET /xingrg/index.html?sysBaseUrl=http%3A%2F%2F180.169.147.146%3A18081%2Fxingrg%2F&costTime=1105×tamp=1622796020594 HTTP/1.1" 200 17179
116.224.253.72 - - [05/Jun/2021:09:03:01 +0800] "GET /xingrg/javascript/jquery_easy_ui/themes/default/easyui.css HTTP/1.1" 304 -
116.224.253.72 - - [05/Jun/2021:09:03:01 +0800] "GET /xingrg/javascript/jquery_easy_ui/themes/icon.css HTTP/1.1" 304 -
116.224.253.72 - - [05/Jun/2021:09:03:01 +0800] "GET /xingrg/css/form.css HTTP/1.1" 304 -
116.224.253.72 - - [05/Jun/2021:09:03:01 +0800] "GET /xingrg/javascript/jquery-1.4.2.min.js HTTP/1.1" 304 -
116.224.253.72 - - [05/Jun/2021:09:03:01 +0800] "GET /xingrg/javascript/jquery_easy_ui/jquery.easyui.min.js HTTP/1.1" 304 -
116.224.253.72 - - [05/Jun/2021:09:03:01 +0800] "GET /xingrg/javascript/jquery_easy_ui/easyui-lang-zh_CN.js HTTP/1.1" 304 -
116.224.253.72 - - [05/Jun/2021:09:03:01 +0800] "GET /xingrg/javascript/jquery.form.js HTTP/1.1" 304 -
116.224.253.72 - - [05/Jun/2021:09:03:02 +0800] "GET /xingrg/javascript/jquery.utils.js HTTP/1.1" 304 -
116.224.253.72 - - [05/Jun/2021:09:03:02 +0800] "GET /xingrg/javascript/jquery.timers.js HTTP/1.1" 304 -
116.224.253.72 - - [05/Jun/2021:09:03:02 +0800] "GET /xingrg/images/blue/jxLogo.png HTTP/1.1" 304 -
116.224.253.72 - - [05/Jun/2021:09:03:02 +0800] "GET /xingrg/images/blue/navBackgound.jpg HTTP/1.1" 304 -
116.224.253.72 - - [05/Jun/2021:09:03:02 +0800] "GET /xingrg/javascript/jquery_easy_ui/themes/icons/settle_new.png HTTP/1.1" 304 -
116.224.253.72 - - [05/Jun/2021:09:03:02 +0800] "GET /xingrg/images/blue/pingpu.png HTTP/1.1" 304 -
116.224.253.72 - - [05/Jun/2021:09:03:02 +0800] "GET /xingrg/javascript/jquery_easy_ui/themes/default/images/tabs_leftarrow.png HTTP/1.1" 304 -
116.224.253.72 - - [05/Jun/2021:09:03:02 +0800] "GET /xingrg/javascript/jquery_easy_ui/themes/default/images/tabs_rightarrow.png HTTP/1.1" 304 -
116.224.253.72 - - [05/Jun/2021:09:03:02 +0800] "GET /xingrg/javascript/jquery_easy_ui/themes/default/images/panel_tool_collapse.gif HTTP/1.1" 304 -
116.224.253.72 - - [05/Jun/2021:09:03:02 +0800] "GET /xingrg/all/function/internal_message.html?_=1622854987905&CODE_STATE=count HTTP/1.1" 200 11
116.224.253.72 - - [05/Jun/2021:09:03:02 +0800] "GET /xingrg/check_reg.html?_=1622854987906 HTTP/1.1" 200 22
180.169.147.146 - - [05/Jun/2021:09:03:02 +0800] "GET /xingrg/all/function/internal_message.html?_=1622854979691&CODE_STATE=getMsg HTTP/1.1" 200 27
116.224.253.72 - - [05/Jun/2021:09:03:02 +0800] "POST /xingrg/all/common/load_tree.html?tree=area_rest_tree_json&manage=1 HTTP/1.1" 200 476
116.224.253.72 - - [05/Jun/2021:09:03:02 +0800] "POST /xingrg/load_menu.html HTTP/1.1" 200 5138
180.169.147.146 - - [05/Jun/2021:09:03:03 +0800] "GET /xingrg/check_reg.html?_=1622854987869 HTTP/1.1" 302 -
116.224.253.72 - - [05/Jun/2021:09:03:06 +0800] "GET /xingrg/kc/buy/cgsh_order_list.html HTTP/1.1" 200 46630
116.224.253.72 - - [05/Jun/2021:09:03:09 +0800] "POST /xingrg/kc/buy/cgsh_list_operate.html HTTP/1.1" 200 2088
222.70.177.128 - - [05/Jun/2021:09:03:13 +0800] "POST /xingrg/kc/buy/cgsh_list_operate.html HTTP/1.1" 200 1715
180.161.111.4 - - [05/Jun/2021:09:03:19 +0800] "GET /xingrg/all/function/internal_message.html?_=1622854965288&CODE_STATE=getMsg HTTP/1.1" 200 27
114.86.187.76 - - [05/Jun/2021:09:03:30 +0800] "POST /xingrg/kc/base/wldb_order_operate.html HTTP/1.1" 200 37
114.86.187.76 - - [05/Jun/2021:09:03:30 +0800] "POST /xingrg/kc/base/wldb_order_operate.html HTTP/1.1" 200 3672
114.86.187.76 - - [05/Jun/2021:09:03:32 +0800] "GET /xingrg/kc/base/wldb_order_info.html?code=422021060500491 HTTP/1.1" 200 30245
114.86.187.76 - - [05/Jun/2021:09:03:32 +0800] "GET /xingrg/javascript/easyui/themes/default/validatebox.css HTTP/1.1" 404 1104
114.86.187.76 - - [05/Jun/2021:09:03:33 +0800] "POST /xingrg/kc/base/wldb_order_operate.html HTTP/1.1" 200 3672
116.224.253.72 - - [05/Jun/2021:09:03:33 +0800] "GET /xingrg/all/function/internal_message.html?_=1622855016938&CODE_STATE=getMsg HTTP/1.1" 200 27
116.224.253.72 - - [05/Jun/2021:09:03:33 +0800] "GET /xingrg/check_reg.html?_=1622855016954 HTTP/1.1" 200 22
114.86.187.76 - - [05/Jun/2021:09:03:35 +0800] "GET /xingrg/kc/base/wldb_order_add.html HTTP/1.1" 200 30230
114.86.187.76 - - [05/Jun/2021:09:03:35 +0800] "POST /xingrg/kc/base/wldb_order_operate.html HTTP/1.1" 200 6806
114.86.187.76 - - [05/Jun/2021:09:03:35 +0800] "GET /xingrg/javascript/easyui/themes/default/validatebox.css HTTP/1.1" 404 1104
222.69.131.252 - - [05/Jun/2021:09:03:37 +0800] "GET /xingrg/all/function/internal_message.html?_=1622855020220&CODE_STATE=getMsg HTTP/1.1" 200 27
116.230.110.80 - - [05/Jun/2021:09:03:37 +0800] "GET /xingrg/all/function/internal_message.html?_=1622855013637&CODE_STATE=getMsg HTTP/1.1" 200 27
101.93.222.235 - - [05/Jun/2021:09:03:40 +0800] "POST /xingrg/services/DataTransmitService HTTP/1.1" 200 524
101.93.222.235 - - [05/Jun/2021:09:03:41 +0800] "POST /xingrg/services/DataTransmitService HTTP/1.1" 200 501
120.253.135.82 - - [05/Jun/2021:09:03:42 +0800] "GET /xingrg/all/function/internal_message.html?_=1622854808558&CODE_STATE=getMsg HTTP/1.1" 200 27
114.86.187.76 - - [05/Jun/2021:09:03:47 +0800] "GET /xingrg/kc/base/wldb_order_operate.html?command=get_materiel&rest_code=00148&base_code=0010001&code=00101019133 HTTP/1.1" 200 466
114.86.187.76 - - [05/Jun/2021:09:03:50 +0800] "GET /xingrg/all/function/internal_message.html?_=1622855044490&CODE_STATE=getMsg HTTP/1.1" 200 27
114.86.187.76 - - [05/Jun/2021:09:03:52 +0800] "GET /xingrg/kc/base/wldb_order_operate.html?command=get_materiel&rest_code=00148&base_code=0010001&code=00101019637 HTTP/1.1" 200 434
222.70.177.128 - - [05/Jun/2021:09:03:53 +0800] "GET /xingrg/all/function/internal_message.html?_=1622855034686&CODE_STATE=getMsg HTTP/1.1" 200 27
114.86.187.76 - - [05/Jun/2021:09:03:57 +0800] "GET /xingrg/kc/base/wldb_order_operate.html?command=get_materiel&rest_code=00148&base_code=0010001&code=00101019185 HTTP/1.1" 200 455
116.230.117.165 - - [05/Jun/2021:09:03:57 +0800] "GET /xingrg/all/function/internal_message.html?_=1622855039145&CODE_STATE=getMsg HTTP/1.1" 200 27
114.86.187.76 - - [05/Jun/2021:09:04:01 +0800] "GET /xingrg/kc/base/wldb_order_operate.html?command=get_materiel&rest_code=00148&base_code=0010001&code=00101019111 HTTP/1.1" 200 454
116.224.253.72 - - [05/Jun/2021:09:04:02 +0800] "GET /xingrg/all/function/internal_message.html?_=1622855047916&CODE_STATE=getMsg HTTP/1.1" 200 27
180.169.147.146 - - [05/Jun/2021:09:04:02 +0800] "GET /xingrg/all/function/internal_message.html?_=1622855039672&CODE_STATE=getMsg HTTP/1.1" 200 27
114.86.187.76 - - [05/Jun/2021:09:04:07 +0800] "GET /xingrg/kc/base/wldb_order_operate.html?command=get_materiel&rest_code=00148&base_code=0010001&code=00101019222 HTTP/1.1" 200 454
180.161.111.4 - - [05/Jun/2021:09:04:08 +0800] "GET /xingrg/kc/buy/cgsh_order_info.html?code=212021060501920 HTTP/1.1" 200 62320
180.161.111.4 - - [05/Jun/2021:09:04:10 +0800] "GET /xingrg/javascript/easyui/themes/default/validatebox.css HTTP/1.1" 404 1104
180.161.111.4 - - [05/Jun/2021:09:04:11 +0800] "POST /xingrg/kc/buy/cgsh_order_operate.html HTTP/1.1" 200 9796
180.161.111.4 - - [05/Jun/2021:09:04:17 +0800] "POST /xingrg/kc/buy/cgsh_order_operate.html HTTP/1.1" 200 37
114.86.187.76 - - [05/Jun/2021:09:04:17 +0800] "GET /xingrg/kc/base/wldb_order_operate.html?command=get_materiel&rest_code=00148&base_code=0010001&code=00101016029 HTTP/1.1" 200 463
114.86.187.76 - - [05/Jun/2021:09:04:23 +0800] "GET /xingrg/kc/base/wldb_order_operate.html?command=get_materiel&rest_code=00148&base_code=0010001&code=00101016044 HTTP/1.1" 200 464
180.161.111.4 - - [05/Jun/2021:09:04:27 +0800] "POST /xingrg/kc/buy/cgsh_order_operate.html HTTP/1.1" 200 12
114.86.187.76 - - [05/Jun/2021:09:04:27 +0800] "GET /xingrg/kc/base/wldb_order_operate.html?command=get_materiel&rest_code=00148&base_code=0010001&code=00101016040 HTTP/1.1" 200 459
180.161.111.4 - - [05/Jun/2021:09:04:33 +0800] "GET /xingrg/all/function/internal_message.html?_=1622855039145&CODE_STATE=getMsg HTTP/1.1" 200 27
116.224.253.72 - - [05/Jun/2021:09:04:33 +0800] "GET /xingrg/all/function/internal_message.html?_=1622855076953&CODE_STATE=getMsg HTTP/1.1" 200 27
180.161.111.4 - - [05/Jun/2021:09:04:35 +0800] "GET /xingrg/kc/buy/cgsh_order_info.html?code=212021060501920 HTTP/1.1" 200 57211
114.86.187.76 - - [05/Jun/2021:09:04:35 +0800] "GET /xingrg/kc/base/wldb_order_operate.html?command=get_materiel&rest_code=00148&base_code=0010001&code=00101006054 HTTP/1.1" 200 437
180.161.111.4 - - [05/Jun/2021:09:04:36 +0800] "GET /xingrg/javascript/easyui/themes/default/validatebox.css HTTP/1.1" 404 1104
180.161.111.4 - - [05/Jun/2021:09:04:36 +0800] "POST /xingrg/kc/buy/cgsh_order_operate.html HTTP/1.1" 200 7721
222.69.131.252 - - [05/Jun/2021:09:04:37 +0800] "GET /xingrg/all/function/internal_message.html?_=1622855080201&CODE_STATE=getMsg HTTP/1.1" 200 27
116.230.110.80 - - [05/Jun/2021:09:04:37 +0800] "GET /xingrg/all/function/internal_message.html?_=1622855073633&CODE_STATE=getMsg HTTP/1.1" 200 27
120.253.135.82 - - [05/Jun/2021:09:04:42 +0800] "GET /xingrg/all/function/internal_message.html?_=1622854868564&CODE_STATE=getMsg HTTP/1.1" 200 27
114.86.187.76 - - [05/Jun/2021:09:04:48 +0800] "POST /xingrg/kc/base/wldb_order_operate.html HTTP/1.1" 200 37
114.86.187.76 - - [05/Jun/2021:09:04:49 +0800] "POST /xingrg/kc/base/wldb_order_operate.html HTTP/1.1" 200 6158
180.161.111.4 - - [05/Jun/2021:09:04:50 +0800] "GET /xingrg/kc/print/load_data.html?order_code=212021060501920&kc_code=cgsh&condition= HTTP/1.1" 200 3371
114.86.187.76 - - [05/Jun/2021:09:04:50 +0800] "GET /xingrg/all/function/internal_message.html?_=1622855105005&CODE_STATE=getMsg HTTP/1.1" 200 27
114.86.187.76 - - [05/Jun/2021:09:04:50 +0800] "GET /xingrg/check_reg.html?_=1622855105005 HTTP/1.1" 200 22
114.86.187.76 - - [05/Jun/2021:09:04:51 +0800] "GET /xingrg/kc/base/wldb_order_info.html?code=422021060500492 HTTP/1.1" 200 30245
114.86.187.76 - - [05/Jun/2021:09:04:51 +0800] "GET /xingrg/javascript/easyui/themes/default/validatebox.css HTTP/1.1" 404 1104
114.86.187.76 - - [05/Jun/2021:09:04:51 +0800] "POST /xingrg/kc/base/wldb_order_operate.html HTTP/1.1" 200 6158
222.70.177.128 - - [05/Jun/2021:09:04:53 +0800] "GET /xingrg/all/function/internal_message.html?_=1622855094687&CODE_STATE=getMsg HTTP/1.1" 200 27
116.230.117.165 - - [05/Jun/2021:09:04:57 +0800] "GET /xingrg/all/function/internal_message.html?_=1622855099205&CODE_STATE=getMsg HTTP/1.1" 200 27
114.86.187.76 - - [05/Jun/2021:09:04:58 +0800] "GET /xingrg/kc/base/wldb_order_add.html HTTP/1.1" 200 30230
114.86.187.76 - - [05/Jun/2021:09:04:58 +0800] "POST /xingrg/kc/base/wldb_order_operate.html HTTP/1.1" 200 6806
114.86.187.76 - - [05/Jun/2021:09:04:58 +0800] "GET /xingrg/javascript/easyui/themes/default/validatebox.css HTTP/1.1" 404 1104
114.86.187.76 - - [05/Jun/2021:09:04:59 +0800] "POST /xingrg/services/DataTransmitService HTTP/1.1" 200 524
114.86.187.76 - - [05/Jun/2021:09:05:00 +0800] "POST /xingrg/services/DataTransmitService HTTP/1.1" 200 2087
114.86.187.76 - - [05/Jun/2021:09:05:01 +0800] "POST /xingrg/services/DataTransmitService HTTP/1.1" 200 148299
116.224.253.72 - - [05/Jun/2021:09:05:02 +0800] "GET /xingrg/all/function/internal_message.html?_=1622855107930&CODE_STATE=getMsg HTTP/1.1" 200 27
180.169.147.146 - - [05/Jun/2021:09:05:02 +0800] "GET /xingrg/all/function/internal_message.html?_=1622855099683&CODE_STATE=getMsg HTTP/1.1" 200 27
222.70.177.128 - - [05/Jun/2021:09:05:16 +0800] "POST /xingrg/kc/buy/cgsh_list_operate.html HTTP/1.1" 200 1715
222.70.177.128 - - [05/Jun/2021:09:05:18 +0800] "POST /xingrg/kc/buy/cgsh_list_operate.html HTTP/1.1" 200 559
180.169.147.146 - - [05/Jun/2021:09:05:20 +0800] "GET /xingrg/check_reg.html?_=1622855118206 HTTP/1.1" 200 22
222.70.177.128 - - [05/Jun/2021:09:05:20 +0800] "GET /xingrg/kc/buy/cgsh_order_info.html?code=212021053114035 HTTP/1.1" 200 57264
222.70.177.128 - - [05/Jun/2021:09:05:20 +0800] "GET /xingrg/words/20210604173909_words.js HTTP/1.1" 304 -
222.70.177.128 - - [05/Jun/2021:09:05:20 +0800] "GET /xingrg/javascript/easyui/themes/default/validatebox.css HTTP/1.1" 404 1104
222.70.177.128 - - [05/Jun/2021:09:05:22 +0800] "POST /xingrg/kc/buy/cgsh_order_operate.html HTTP/1.1" 200 32521
180.161.111.4 - - [05/Jun/2021:09:05:23 +0800] "POST /xingrg/kc/buy/cgsh_list_operate.html HTTP/1.1" 200 1666
222.70.177.128 - - [05/Jun/2021:09:05:24 +0800] "GET /xingrg/kc/print/load_config.html?kc_code=cgsh HTTP/1.1" 200 1845
222.70.177.128 - - [05/Jun/2021:09:05:25 +0800] "GET /xingrg/kc/print/load_data.html?order_code=212021053114035&kc_code=cgsh&condition= HTTP/1.1" 200 12801
180.161.111.4 - - [05/Jun/2021:09:05:27 +0800] "POST /xingrg/kc/buy/cgsh_list_operate.html HTTP/1.1" 200 588
116.224.253.72 - - [05/Jun/2021:09:05:33 +0800] "GET /xingrg/all/function/internal_message.html?_=1622855136954&CODE_STATE=getMsg HTTP/1.1" 200 27
180.161.111.4 - - [05/Jun/2021:09:05:36 +0800] "GET /xingrg/kc/buy/cgsh_order_info.html?code=212021060501923 HTTP/1.1" 200 62320
180.161.111.4 - - [05/Jun/2021:09:05:36 +0800] "GET /xingrg/all/function/internal_message.html?_=1622855099161&CODE_STATE=getMsg HTTP/1.1" 200 27
180.161.111.4 - - [05/Jun/2021:09:05:36 +0800] "GET /xingrg/javascript/easyui/themes/default/validatebox.css HTTP/1.1" 404 1104
222.69.131.252 - - [05/Jun/2021:09:05:37 +0800] "GET /xingrg/all/function/internal_message.html?_=1622855140175&CODE_STATE=getMsg HTTP/1.1" 200 27
180.161.111.4 - - [05/Jun/2021:09:05:37 +0800] "POST /xingrg/kc/buy/cgsh_order_operate.html HTTP/1.1" 200 9806
222.69.131.252 - - [05/Jun/2021:09:05:37 +0800] "GET /xingrg/check_reg.html?_=1622855140599 HTTP/1.1" 200 22
116.230.110.80 - - [05/Jun/2021:09:05:37 +0800] "GET /xingrg/all/function/internal_message.html?_=1622855133617&CODE_STATE=getMsg HTTP/1.1" 200 27
116.230.117.165 - - [05/Jun/2021:09:05:40 +0800] "GET /xingrg/check_reg.html?_=1622855142020 HTTP/1.1" 200 22
120.253.135.82 - - [05/Jun/2021:09:05:42 +0800] "GET /xingrg/all/function/internal_message.html?_=1622854928781&CODE_STATE=getMsg HTTP/1.1" 200 27
114.86.187.76 - - [05/Jun/2021:09:05:48 +0800] "GET /xingrg/kc/base/wldb_order_operate.html?command=get_materiel&rest_code=00148&base_code=0010001&code=00101019391 HTTP/1.1" 200 471
180.161.111.4 - - [05/Jun/2021:09:05:50 +0800] "POST /xingrg/kc/buy/cgsh_order_operate.html HTTP/1.1" 200 37
114.86.187.76 - - [05/Jun/2021:09:05:50 +0800] "GET /xingrg/all/function/internal_message.html?_=1622855165001&CODE_STATE=getMsg HTTP/1.1" 200 27
114.86.187.76 - - [05/Jun/2021:09:05:52 +0800] "GET /xingrg/kc/base/wldb_order_operate.html?command=get_materiel&rest_code=00148&base_code=0010001&code=00101019492 HTTP/1.1" 200 458
222.70.177.128 - - [05/Jun/2021:09:05:53 +0800] "GET /xingrg/all/function/internal_message.html?_=1622855154696&CODE_STATE=getMsg HTTP/1.1" 200 27
116.230.117.165 - - [05/Jun/2021:09:05:57 +0800] "GET /xingrg/all/function/internal_message.html?_=1622855159219&CODE_STATE=getMsg HTTP/1.1" 200 27
114.86.187.76 - - [05/Jun/2021:09:05:57 +0800] "GET /xingrg/kc/base/wldb_order_operate.html?command=get_materiel&rest_code=00148&base_code=0010001&code=00101019390 HTTP/1.1" 200 456
180.161.111.4 - - [05/Jun/2021:09:05:59 +0800] "POST /xingrg/kc/buy/cgsh_order_operate.html HTTP/1.1" 200 12
180.169.147.146 - - [05/Jun/2021:09:06:02 +0800] "GET /xingrg/all/function/internal_message.html?_=1622855159654&CODE_STATE=getMsg HTTP/1.1" 200 27
116.224.253.72 - - [05/Jun/2021:09:06:02 +0800] "GET /xingrg/all/function/internal_message.html?_=1622855167947&CODE_STATE=getMsg HTTP/1.1" 200 27
114.86.187.76 - - [05/Jun/2021:09:06:02 +0800] "GET /xingrg/kc/base/wldb_order_operate.html?command=get_materiel&rest_code=00148&base_code=0010001&code=00101019529 HTTP/1.1" 200 475
180.161.111.4 - - [05/Jun/2021:09:06:07 +0800] "GET /xingrg/kc/buy/cgsh_order_info.html?code=212021060501923 HTTP/1.1" 200 57211
114.86.187.76 - - [05/Jun/2021:09:06:07 +0800] "GET /xingrg/kc/base/wldb_order_operate.html?command=get_materiel&rest_code=00148&base_code=0010001&code=00101019496 HTTP/1.1" 200 471
180.161.111.4 - - [05/Jun/2021:09:06:08 +0800] "GET /xingrg/javascript/easyui/themes/default/validatebox.css HTTP/1.1" 404 1104
180.161.111.4 - - [05/Jun/2021:09:06:08 +0800] "POST /xingrg/kc/buy/cgsh_order_operate.html HTTP/1.1" 200 7731
180.161.111.4 - - [05/Jun/2021:09:06:11 +0800] "GET /xingrg/kc/print/load_data.html?order_code=212021060501923&kc_code=cgsh&condition= HTTP/1.1" 200 3386
114.86.187.76 - - [05/Jun/2021:09:06:14 +0800] "POST /xingrg/kc/base/wldb_order_operate.html HTTP/1.1" 200 37
114.86.187.76 - - [05/Jun/2021:09:06:15 +0800] "POST /xingrg/kc/base/wldb_order_operate.html HTTP/1.1" 200 4222
114.86.187.76 - - [05/Jun/2021:09:06:15 +0800] "GET /xingrg/kc/base/wldb_order_info.html?code=422021060500493 HTTP/1.1" 200 30244
114.86.187.76 - - [05/Jun/2021:09:06:15 +0800] "GET /xingrg/javascript/easyui/themes/default/validatebox.css HTTP/1.1" 404 1104
114.86.187.76 - - [05/Jun/2021:09:06:16 +0800] "POST /xingrg/kc/base/wldb_order_operate.html HTTP/1.1" 200 4222
114.86.187.76 - - [05/Jun/2021:09:06:21 +0800] "GET /xingrg/kc/base/wldb_order_add.html HTTP/1.1" 200 30230
114.86.187.76 - - [05/Jun/2021:09:06:21 +0800] "POST /xingrg/kc/base/wldb_order_operate.html HTTP/1.1" 200 6806
114.86.187.76 - - [05/Jun/2021:09:06:21 +0800] "GET /xingrg/javascript/easyui/themes/default/validatebox.css HTTP/1.1" 404 1104
114.86.187.76 - - [05/Jun/2021:09:06:27 +0800] "GET /xingrg/kc/base/wldb_order_operate.html?command=get_materiel&rest_code=00148&base_code=0010001&code=00101019063 HTTP/1.1" 200 448
120.253.135.82 - - [05/Jun/2021:09:06:30 +0800] "GET /xingrg/check_reg.html?_=1622854977125 HTTP/1.1" 200 22
180.161.111.4 - - [05/Jun/2021:09:06:33 +0800] "GET /xingrg/all/function/internal_message.html?_=1622855159474&CODE_STATE=getMsg HTTP/1.1" 200 27
116.224.253.72 - - [05/Jun/2021:09:06:33 +0800] "GET /xingrg/all/function/internal_message.html?_=1622855196964&CODE_STATE=getMsg HTTP/1.1" 200 27
114.86.187.76 - - [05/Jun/2021:09:06:34 +0800] "POST /xingrg/kc/base/wldb_order_operate.html HTTP/1.1" 200 37
114.86.187.76 - - [05/Jun/2021:09:06:34 +0800] "POST /xingrg/kc/base/wldb_order_operate.html HTTP/1.1" 200 2204
114.86.187.76 - - [05/Jun/2021:09:06:36 +0800] "GET /xingrg/kc/base/wldb_order_info.html?code=422021060500494 HTTP/1.1" 200 30246
114.86.187.76 - - [05/Jun/2021:09:06:36 +0800] "GET /xingrg/javascript/easyui/themes/default/validatebox.css HTTP/1.1" 404 1104
114.86.187.76 - - [05/Jun/2021:09:06:37 +0800] "POST /xingrg/kc/base/wldb_order_operate.html HTTP/1.1" 200 2204
222.69.131.252 - - [05/Jun/2021:09:06:37 +0800] "GET /xingrg/all/function/internal_message.html?_=1622855200171&CODE_STATE=getMsg HTTP/1.1" 200 27
116.230.110.80 - - [05/Jun/2021:09:06:37 +0800] "GET /xingrg/all/function/internal_message.html?_=1622855193599&CODE_STATE=getMsg HTTP/1.1" 200 27
114.86.187.76 - - [05/Jun/2021:09:06:39 +0800] "GET /xingrg/kc/base/wldb_order_add.html HTTP/1.1" 200 30230
114.86.187.76 - - [05/Jun/2021:09:06:39 +0800] "POST /xingrg/kc/base/wldb_order_operate.html HTTP/1.1" 200 6806
114.86.187.76 - - [05/Jun/2021:09:06:39 +0800] "GET /xingrg/javascript/easyui/themes/default/validatebox.css HTTP/1.1" 404 1104
120.253.135.82 - - [05/Jun/2021:09:06:42 +0800] "GET /xingrg/all/function/internal_message.html?_=1622854988793&CODE_STATE=getMsg HTTP/1.1" 200 27
114.86.187.76 - - [05/Jun/2021:09:06:50 +0800] "GET /xingrg/all/function/internal_message.html?_=1622855224980&CODE_STATE=getMsg HTTP/1.1" 200 27
222.70.177.128 - - [05/Jun/2021:09:06:53 +0800] "GET /xingrg/all/function/internal_message.html?_=1622855214698&CODE_STATE=getMsg HTTP/1.1" 200 27
222.70.177.128 - - [05/Jun/2021:09:06:53 +0800] "GET /xingrg/check_reg.html?_=1622855214694 HTTP/1.1" 200 22
116.230.117.165 - - [05/Jun/2021:09:06:57 +0800] "GET /xingrg/all/function/internal_message.html?_=1622855219233&CODE_STATE=getMsg HTTP/1.1" 200 27
180.169.147.146 - - [05/Jun/2021:09:07:02 +0800] "GET /xingrg/all/function/internal_message.html?_=1622855219627&CODE_STATE=getMsg HTTP/1.1" 200 27
116.224.253.72 - - [05/Jun/2021:09:07:02 +0800] "GET /xingrg/all/function/internal_message.html?_=1622855227957&CODE_STATE=getMsg HTTP/1.1" 200 27
180.161.111.4 - - [05/Jun/2021:09:07:19 +0800] "GET /xingrg/check_reg.html?_=1622855204740 HTTP/1.1" 200 22
114.86.187.76 - - [05/Jun/2021:09:07:20 +0800] "POST /xingrg/kc/base/wldb_order_operate.html HTTP/1.1" 200 37
114.86.187.76 - - [05/Jun/2021:09:07:21 +0800] "POST /xingrg/kc/base/wldb_order_operate.html HTTP/1.1" 200 3191
180.161.111.4 - - [05/Jun/2021:09:07:22 +0800] "GET /favicon.ico HTTP/1.1" 404 -
114.86.187.76 - - [05/Jun/2021:09:07:22 +0800] "GET /xingrg/kc/base/wldb_order_info.html?code=422021060500495 HTTP/1.1" 200 30244
180.161.111.4 - - [05/Jun/2021:09:07:22 +0800] "GET /favicon.ico HTTP/1.1" 404 -
114.86.187.76 - - [05/Jun/2021:09:07:23 +0800] "GET /xingrg/javascript/easyui/themes/default/validatebox.css HTTP/1.1" 404 1104
180.161.111.4 - - [05/Jun/2021:09:07:23 +0800] "GET /favicon.ico HTTP/1.1" 404 -
114.86.187.76 - - [05/Jun/2021:09:07:23 +0800] "POST /xingrg/kc/base/wldb_order_operate.html HTTP/1.1" 200 3191
180.161.111.4 - - [05/Jun/2021:09:07:24 +0800] "GET /xingrg/login.html HTTP/1.1" 200 7641
114.86.187.76 - - [05/Jun/2021:09:07:25 +0800] "GET /xingrg/kc/base/wldb_order_add.html HTTP/1.1" 200 30230
114.86.187.76 - - [05/Jun/2021:09:07:25 +0800] "POST /xingrg/kc/base/wldb_order_operate.html HTTP/1.1" 200 6806
114.86.187.76 - - [05/Jun/2021:09:07:25 +0800] "GET /xingrg/javascript/easyui/themes/default/validatebox.css HTTP/1.1" 404 1104
180.169.147.146 - - [05/Jun/2021:09:07:25 +0800] "GET /xingrg/check_reg.html?_=1622855250364 HTTP/1.1" 302 -
180.161.111.4 - - [05/Jun/2021:09:07:29 +0800] "GET /favicon.ico HTTP/1.1" 404 -
114.86.187.76 - - [05/Jun/2021:09:07:31 +0800] "GET /xingrg/kc/base/wldb_order_operate.html?command=get_materiel&rest_code=00148&base_code=0010001&code=00101019079 HTTP/1.1" 200 465
116.224.253.72 - - [05/Jun/2021:09:07:33 +0800] "GET /xingrg/all/function/internal_message.html?_=1622855256967&CODE_STATE=getMsg HTTP/1.1" 200 27
116.230.110.80 - - [05/Jun/2021:09:07:36 +0800] "GET /xingrg/check_reg.html?_=1622855252308 HTTP/1.1" 200 22
222.69.131.252 - - [05/Jun/2021:09:07:37 +0800] "GET /xingrg/all/function/internal_message.html?_=1622855260156&CODE_STATE=getMsg HTTP/1.1" 200 27
116.230.110.80 - - [05/Jun/2021:09:07:37 +0800] "GET /xingrg/all/function/internal_message.html?_=1622855253576&CODE_STATE=getMsg HTTP/1.1" 200 27
114.86.187.76 - - [05/Jun/2021:09:07:41 +0800] "GET /xingrg/kc/base/wldb_order_operate.html?command=get_materiel&rest_code=00148&base_code=0010001&code=00101019249 HTTP/1.1" 200 470
120.253.135.82 - - [05/Jun/2021:09:07:42 +0800] "GET /xingrg/all/function/internal_message.html?_=1622855048806&CODE_STATE=getMsg HTTP/1.1" 200 27
116.230.114.112 - - [05/Jun/2021:09:07:44 +0800] "GET /xingrg/check_reg.html?_=1622855285826 HTTP/1.1" 302 -
114.86.187.76 - - [05/Jun/2021:09:07:46 +0800] "GET /xingrg/kc/base/wldb_order_operate.html?command=get_materiel&rest_code=00148&base_code=0010001&code=00101019339 HTTP/1.1" 200 455
114.86.187.76 - - [05/Jun/2021:09:07:50 +0800] "GET /xingrg/all/function/internal_message.html?_=1622855284963&CODE_STATE=getMsg HTTP/1.1" 200 27
222.70.177.128 - - [05/Jun/2021:09:07:53 +0800] "GET /xingrg/all/function/internal_message.html?_=1622855274697&CODE_STATE=getMsg HTTP/1.1" 200 27
114.86.187.76 - - [05/Jun/2021:09:07:55 +0800] "GET /xingrg/kc/base/wldb_order_operate.html?command=get_materiel&rest_code=00148&base_code=0010001&code=00101019405 HTTP/1.1" 200 468
116.230.117.165 - - [05/Jun/2021:09:07:57 +0800] "GET /xingrg/all/function/internal_message.html?_=1622855279295&CODE_STATE=getMsg HTTP/1.1" 200 27
180.169.147.146 - - [05/Jun/2021:09:07:58 +0800] "GET /favicon.ico HTTP/1.1" 404 -
114.86.187.76 - - [05/Jun/2021:09:08:01 +0800] "GET /xingrg/kc/base/wldb_order_operate.html?command=get_materiel&rest_code=00148&base_code=0010001&code=00101019236 HTTP/1.1" 200 452
180.169.147.146 - - [05/Jun/2021:09:08:02 +0800] "GET /xingrg/all/function/internal_message.html?_=1622855279606&CODE_STATE=getMsg HTTP/1.1" 200 27
116.224.253.72 - - [05/Jun/2021:09:08:02 +0800] "GET /xingrg/check_reg.html?_=1622855287915 HTTP/1.1" 200 22
116.224.253.72 - - [05/Jun/2021:09:08:02 +0800] "GET /xingrg/all/function/internal_message.html?_=1622855287970&CODE_STATE=getMsg HTTP/1.1" 200 27
180.169.147.146 - - [05/Jun/2021:09:08:03 +0800] "GET /xingrg/check_reg.html?_=1622855287889 HTTP/1.1" 302 -
114.86.187.76 - - [05/Jun/2021:09:08:10 +0800] "POST /xingrg/kc/base/wldb_order_operate.html HTTP/1.1" 200 37
114.86.187.76 - - [05/Jun/2021:09:08:10 +0800] "POST /xingrg/kc/base/wldb_order_operate.html HTTP/1.1" 200 5261
114.86.187.76 - - [05/Jun/2021:09:08:25 +0800] "GET /xingrg/kc/base/wldb_order_info.html?code=422021060500496 HTTP/1.1" 200 30245
114.86.187.76 - - [05/Jun/2021:09:08:26 +0800] "GET /xingrg/javascript/easyui/themes/default/validatebox.css HTTP/1.1" 404 1104
114.86.187.76 - - [05/Jun/2021:09:08:26 +0800] "POST /xingrg/kc/base/wldb_order_operate.html HTTP/1.1" 200 5261
116.224.253.72 - - [05/Jun/2021:09:08:33 +0800] "GET /xingrg/all/function/internal_message.html?_=1622855316966&CODE_STATE=getMsg HTTP/1.1" 200 27
116.224.253.72 - - [05/Jun/2021:09:08:33 +0800] "GET /xingrg/check_reg.html?_=1622855316968 HTTP/1.1" 200 22
222.69.131.252 - - [05/Jun/2021:09:08:37 +0800] "GET /xingrg/all/function/internal_message.html?_=1622855320130&CODE_STATE=getMsg HTTP/1.1" 200 27
116.230.110.80 - - [05/Jun/2021:09:08:37 +0800] "GET /xingrg/all/function/internal_message.html?_=1622855313572&CODE_STATE=getMsg HTTP/1.1" 200 27
120.253.135.82 - - [05/Jun/2021:09:08:42 +0800] "GET /xingrg/all/function/internal_message.html?_=1622855109026&CODE_STATE=getMsg HTTP/1.1" 200 27
222.70.177.128 - - [05/Jun/2021:09:08:45 +0800] "POST /xingrg/kc/buy/cgsh_list_operate.html HTTP/1.1" 200 1713
114.86.187.76 - - [05/Jun/2021:09:08:46 +0800] "GET /xingrg/kc/base/wldb_order_add.html HTTP/1.1" 200 30230
114.86.187.76 - - [05/Jun/2021:09:08:46 +0800] "POST /xingrg/kc/base/wldb_order_operate.html HTTP/1.1" 200 6806
114.86.187.76 - - [05/Jun/2021:09:08:46 +0800] "GET /xingrg/javascript/easyui/themes/default/validatebox.css HTTP/1.1" 404 1104
222.70.177.128 - - [05/Jun/2021:09:08:47 +0800] "POST /xingrg/kc/buy/cgsh_list_operate.html HTTP/1.1" 200 566
222.70.177.128 - - [05/Jun/2021:09:08:50 +0800] "GET /xingrg/kc/buy/cgsh_order_info.html?code=212021060100419 HTTP/1.1" 200 57264
222.70.177.128 - - [05/Jun/2021:09:08:50 +0800] "GET /xingrg/javascript/easyui/themes/default/validatebox.css HTTP/1.1" 404 1104
114.86.187.76 - - [05/Jun/2021:09:08:50 +0800] "GET /xingrg/all/function/internal_message.html?_=1622855344943&CODE_STATE=getMsg HTTP/1.1" 200 27
222.70.177.128 - - [05/Jun/2021:09:08:50 +0800] "POST /xingrg/kc/buy/cgsh_order_operate.html HTTP/1.1" 200 27815
222.70.177.128 - - [05/Jun/2021:09:08:52 +0800] "GET /xingrg/kc/print/load_data.html?order_code=212021060100419&kc_code=cgsh&condition= HTTP/1.1" 200 11036
222.70.177.128 - - [05/Jun/2021:09:08:53 +0800] "GET /xingrg/all/function/internal_message.html?_=1622855334904&CODE_STATE=getMsg HTTP/1.1" 200 27
114.86.187.76 - - [05/Jun/2021:09:08:57 +0800] "GET /xingrg/kc/base/wldb_order_operate.html?command=get_materiel&rest_code=00148&base_code=0010002&code=00102002367 HTTP/1.1" 200 429
116.230.117.165 - - [05/Jun/2021:09:08:57 +0800] "GET /xingrg/all/function/internal_message.html?_=1622855339307&CODE_STATE=getMsg HTTP/1.1" 200 27
180.169.147.146 - - [05/Jun/2021:09:09:02 +0800] "GET /xingrg/all/function/internal_message.html?_=1622855339576&CODE_STATE=getMsg HTTP/1.1" 200 27
116.224.253.72 - - [05/Jun/2021:09:09:02 +0800] "GET /xingrg/all/function/internal_message.html?_=1622855347984&CODE_STATE=getMsg HTTP/1.1" 200 27
114.86.187.76 - - [05/Jun/2021:09:09:03 +0800] "POST /xingrg/kc/base/wldb_order_operate.html HTTP/1.1" 200 37
114.86.187.76 - - [05/Jun/2021:09:09:03 +0800] "POST /xingrg/kc/base/wldb_order_operate.html HTTP/1.1" 200 2178
114.86.187.76 - - [05/Jun/2021:09:09:26 +0800] "GET /xingrg/kc/base/wldb_order_info.html?code=422021060500497 HTTP/1.1" 200 30242
114.86.187.76 - - [05/Jun/2021:09:09:27 +0800] "GET /xingrg/javascript/easyui/themes/default/validatebox.css HTTP/1.1" 404 1104
114.86.187.76 - - [05/Jun/2021:09:09:27 +0800] "POST /xingrg/kc/base/wldb_order_operate.html HTTP/1.1" 200 2178
114.86.187.76 - - [05/Jun/2021:09:09:31 +0800] "GET /xingrg/kc/base/wldb_order_add.html HTTP/1.1" 200 30230
114.86.187.76 - - [05/Jun/2021:09:09:32 +0800] "POST /xingrg/kc/base/wldb_order_operate.html HTTP/1.1" 200 6806
114.86.187.76 - - [05/Jun/2021:09:09:32 +0800] "GET /xingrg/javascript/easyui/themes/default/validatebox.css HTTP/1.1" 404 1104
116.224.253.72 - - [05/Jun/2021:09:09:33 +0800] "GET /xingrg/all/function/internal_message.html?_=1622855376975&CODE_STATE=getMsg HTTP/1.1" 200 27
222.69.131.252 - - [05/Jun/2021:09:09:37 +0800] "GET /xingrg/all/function/internal_message.html?_=1622855380117&CODE_STATE=getMsg HTTP/1.1" 200 27
116.230.110.80 - - [05/Jun/2021:09:09:37 +0800] "GET /xingrg/all/function/internal_message.html?_=1622855373557&CODE_STATE=getMsg HTTP/1.1" 200 27
120.253.135.82 - - [05/Jun/2021:09:09:42 +0800] "GET /xingrg/all/function/internal_message.html?_=1622855169036&CODE_STATE=getMsg HTTP/1.1" 200 27
114.86.187.76 - - [05/Jun/2021:09:09:42 +0800] "GET /xingrg/kc/base/wldb_order_operate.html?command=get_materiel&rest_code=00148&base_code=0010001&code=00101013056 HTTP/1.1" 200 445
114.86.187.76 - - [05/Jun/2021:09:09:50 +0800] "GET /xingrg/all/function/internal_message.html?_=1622855404930&CODE_STATE=getMsg HTTP/1.1" 200 27
114.86.187.76 - - [05/Jun/2021:09:09:50 +0800] "GET /xingrg/check_reg.html?_=1622855404996 HTTP/1.1" 200 22
222.70.177.128 - - [05/Jun/2021:09:09:53 +0800] "GET /xingrg/all/function/internal_message.html?_=1622855394876&CODE_STATE=getMsg HTTP/1.1" 200 27
116.230.117.165 - - [05/Jun/2021:09:09:57 +0800] "GET /xingrg/all/function/internal_message.html?_=1622855399375&CODE_STATE=getMsg HTTP/1.1" 200 27
114.86.187.76 - - [05/Jun/2021:09:09:58 +0800] "GET /xingrg/kc/base/wldb_order_operate.html?command=get_materiel&rest_code=00148&base_code=0010001&code=00101010256 HTTP/1.1" 200 430
180.169.147.146 - - [05/Jun/2021:09:10:02 +0800] "GET /xingrg/all/function/internal_message.html?_=1622855399553&CODE_STATE=getMsg HTTP/1.1" 200 27
116.224.253.72 - - [05/Jun/2021:09:10:02 +0800] "GET /xingrg/all/function/internal_message.html?_=1622855407999&CODE_STATE=getMsg HTTP/1.1" 200 27
114.86.187.76 - - [05/Jun/2021:09:10:02 +0800] "GET /xingrg/kc/base/wldb_order_operate.html?command=get_materiel&rest_code=00148&base_code=0010001&code=00101013221 HTTP/1.1" 200 434
114.86.187.76 - - [05/Jun/2021:09:10:07 +0800] "GET /xingrg/kc/base/wldb_order_operate.html?command=get_materiel&rest_code=00148&base_code=0010001&code=00101013169 HTTP/1.1" 200 436
114.86.187.76 - - [05/Jun/2021:09:10:12 +0800] "GET /xingrg/kc/base/wldb_order_operate.html?command=get_materiel&rest_code=00148&base_code=0010001&code=00101016134 HTTP/1.1" 200 410
180.169.147.146 - - [05/Jun/2021:09:10:20 +0800] "GET /xingrg/check_reg.html?_=1622855418184 HTTP/1.1" 200 22
114.86.187.76 - - [05/Jun/2021:09:10:21 +0800] "GET /xingrg/kc/base/wldb_order_operate.html?command=get_materiel&rest_code=00148&base_code=0010001&code=00101016090 HTTP/1.1" 200 429
114.86.187.76 - - [05/Jun/2021:09:10:25 +0800] "GET /xingrg/kc/base/wldb_order_operate.html?command=get_materiel&rest_code=00148&base_code=0010001&code=00101010057 HTTP/1.1" 200 440
116.224.253.72 - - [05/Jun/2021:09:10:33 +0800] "GET /xingrg/all/function/internal_message.html?_=1622855436973&CODE_STATE=getMsg HTTP/1.1" 200 27
222.69.131.252 - - [05/Jun/2021:09:10:37 +0800] "GET /xingrg/all/function/internal_message.html?_=1622855440097&CODE_STATE=getMsg HTTP/1.1" 200 27
222.69.131.252 - - [05/Jun/2021:09:10:37 +0800] "GET /xingrg/check_reg.html?_=1622855440598 HTTP/1.1" 200 22
116.230.110.80 - - [05/Jun/2021:09:10:37 +0800] "GET /xingrg/all/function/internal_message.html?_=1622855433532&CODE_STATE=getMsg HTTP/1.1" 200 27
116.230.117.165 - - [05/Jun/2021:09:10:40 +0800] "GET /xingrg/check_reg.html?_=1622855442019 HTTP/1.1" 200 22
61.165.42.208 - - [05/Jun/2021:09:10:41 +0800] "GET /xingrg/index.html?sysBaseUrl=http%3A%2F%2F180.169.147.146%3A18081%2Fxingrg%2F&costTime=36×tamp=1585223203754 HTTP/1.1" 302 -
61.165.42.208 - - [05/Jun/2021:09:10:41 +0800] "GET /xingrg/login.html HTTP/1.1" 200 7641
61.165.42.208 - - [05/Jun/2021:09:10:41 +0800] "GET /xingrg/images/blue/jxLogo.png HTTP/1.1" 304 -
61.165.42.208 - - [05/Jun/2021:09:10:41 +0800] "GET /xingrg/images/blue/login_bg.png HTTP/1.1" 304 -
61.165.42.208 - - [05/Jun/2021:09:10:41 +0800] "GET /xingrg/images/blue/hj.png HTTP/1.1" 304 -
61.165.42.208 - - [05/Jun/2021:09:10:41 +0800] "GET /favicon.ico HTTP/1.1" 404 -
61.165.42.208 - - [05/Jun/2021:09:10:41 +0800] "GET /xingrg/images/blue/srbg.png HTTP/1.1" 304 -
120.253.135.82 - - [05/Jun/2021:09:10:42 +0800] "GET /xingrg/all/function/internal_message.html?_=1622855229256&CODE_STATE=getMsg HTTP/1.1" 200 27
61.165.42.208 - - [05/Jun/2021:09:10:48 +0800] "POST /xingrg/login.do HTTP/1.1" 200 2421
61.165.42.208 - - [05/Jun/2021:09:10:48 +0800] "GET /xingrg/css/blue.css HTTP/1.1" 304 -
61.165.42.208 - - [05/Jun/2021:09:10:48 +0800] "GET /xingrg/javascript/myfunction.js HTTP/1.1" 304 -
61.165.42.208 - - [05/Jun/2021:09:10:48 +0800] "GET /xingrg/images/blue/pic_top.gif HTTP/1.1" 304 -
61.165.42.208 - - [05/Jun/2021:09:10:48 +0800] "GET /xingrg/images/blue/pic_notice.jpg HTTP/1.1" 304 -
61.165.42.208 - - [05/Jun/2021:09:10:48 +0800] "GET /xingrg/images/blue/error_buttom.gif HTTP/1.1" 304 -
61.165.42.208 - - [05/Jun/2021:09:10:48 +0800] "GET /xingrg/images/blue/error_mid.gif HTTP/1.1" 304 -
61.165.42.208 - - [05/Jun/2021:09:10:48 +0800] "GET /xingrg/images/blue/error_top.gif HTTP/1.1" 304 -
61.165.42.208 - - [05/Jun/2021:09:10:48 +0800] "GET /favicon.ico HTTP/1.1" 404 -
61.165.42.208 - - [05/Jun/2021:09:10:49 +0800] "GET /xingrg/login.html HTTP/1.1" 200 7641
61.165.42.208 - - [05/Jun/2021:09:10:49 +0800] "GET /favicon.ico HTTP/1.1" 404 -
114.86.187.76 - - [05/Jun/2021:09:10:50 +0800] "GET /xingrg/all/function/internal_message.html?_=1622855464904&CODE_STATE=getMsg HTTP/1.1" 200 27
114.86.187.76 - - [05/Jun/2021:09:10:50 +0800] "GET /xingrg/kc/base/wldb_order_operate.html?command=get_materiel&rest_code=00148&base_code=0010001&code=00101008130 HTTP/1.1" 200 434
61.165.42.208 - - [05/Jun/2021:09:10:51 +0800] "POST /xingrg/login.do HTTP/1.1" 302 -
61.165.42.208 - - [05/Jun/2021:09:10:51 +0800] "GET /xingrg/css/form.css HTTP/1.1" 304 -
61.165.42.208 - - [05/Jun/2021:09:10:51 +0800] "GET /xingrg/javascript/jquery_easy_ui/themes/icon.css HTTP/1.1" 304 -
61.165.42.208 - - [05/Jun/2021:09:10:51 +0800] "GET /xingrg/javascript/jquery_easy_ui/themes/default/easyui.css HTTP/1.1" 304 -
