117.185.32.26 - - [05/Jun/2021:10:26:47 +0800] "GET /xingrg/check_reg.html?_=1622860007960 HTTP/1.1" 200 22
117.185.32.26 - - [05/Jun/2021:10:26:47 +0800] "GET /xingrg/all/function/internal_message.html?_=1622860007959&CODE_STATE=count HTTP/1.1" 200 11
117.185.32.26 - - [05/Jun/2021:10:26:47 +0800] "POST /xingrg/load_menu.html HTTP/1.1" 200 11564
114.86.187.76 - - [05/Jun/2021:10:26:50 +0800] "GET /xingrg/all/function/internal_message.html?_=1622860024618&CODE_STATE=getMsg HTTP/1.1" 200 27
117.185.32.26 - - [05/Jun/2021:10:26:50 +0800] "POST /xingrg/login.do HTTP/1.1" 302 -
117.185.32.26 - - [05/Jun/2021:10:26:50 +0800] "GET /xingrg/index.html?sysBaseUrl=http%3A%2F%2F180.169.147.146%3A18081%2Fxingrg%2F&costTime=1180×tamp=1622860010318 HTTP/1.1" 200 17173
61.165.42.208 - - [05/Jun/2021:10:26:50 +0800] "GET /xingrg/kc/buy/cgsh_order_operate.html?command=get_materiel&rest_code=00105&code=00101009016&supplier_code=00100024&order_time=2021-06-05 HTTP/1.1" 200 412
117.185.32.26 - - [05/Jun/2021:10:26:50 +0800] "GET /xingrg/check_reg.html?_=1622860546972 HTTP/1.1" 200 22
117.185.32.26 - - [05/Jun/2021:10:26:50 +0800] "GET /xingrg/all/function/internal_message.html?_=1622860546960&CODE_STATE=count HTTP/1.1" 200 11
117.185.32.26 - - [05/Jun/2021:10:26:50 +0800] "POST /xingrg/all/common/load_tree.html?tree=area_rest_tree_json&manage=1 HTTP/1.1" 200 342
117.185.32.26 - - [05/Jun/2021:10:26:51 +0800] "GET /favicon.ico HTTP/1.1" 404 -
117.185.32.26 - - [05/Jun/2021:10:26:51 +0800] "POST /xingrg/load_menu.html HTTP/1.1" 200 5138
222.70.177.128 - - [05/Jun/2021:10:26:53 +0800] "GET /xingrg/all/function/internal_message.html?_=1622860014824&CODE_STATE=getMsg HTTP/1.1" 200 27
222.70.177.128 - - [05/Jun/2021:10:26:53 +0800] "GET /xingrg/check_reg.html?_=1622860014820 HTTP/1.1" 200 22
61.165.42.208 - - [05/Jun/2021:10:26:53 +0800] "GET /xingrg/all/function/internal_message.html?_=1622859995721&CODE_STATE=getMsg HTTP/1.1" 200 27
117.185.32.26 - - [05/Jun/2021:10:26:54 +0800] "GET /xingrg/kc/buy/buy_main.html HTTP/1.1" 200 12412
117.185.32.26 - - [05/Jun/2021:10:26:54 +0800] "GET /xingrg/css/new_ie.css HTTP/1.1" 404 1036
61.165.42.208 - - [05/Jun/2021:10:26:55 +0800] "GET /xingrg/all/function/internal_message.html?_=1622860019245&CODE_STATE=getMsg HTTP/1.1" 200 27
117.185.32.26 - - [05/Jun/2021:10:26:55 +0800] "GET /xingrg/images/yd/bt.gif HTTP/1.1" 404 1040
117.185.32.26 - - [05/Jun/2021:10:26:57 +0800] "GET /xingrg/kc/buy/cgsh_order_list.html HTTP/1.1" 200 46675
116.233.77.11 - - [05/Jun/2021:10:26:57 +0800] "POST /xingrg/services/DataTransmitService HTTP/1.1" 200 524
116.224.253.72 - - [05/Jun/2021:10:26:58 +0800] "GET /xingrg/all/function/internal_message.html?_=1622860023850&CODE_STATE=getMsg HTTP/1.1" 200 27
61.165.42.208 - - [05/Jun/2021:10:26:58 +0800] "GET /xingrg/kc/buy/cgsh_order_operate.html?command=get_materiel&rest_code=00105&code=00101009013&supplier_code=00100024&order_time=2021-06-05 HTTP/1.1" 200 420
180.169.147.146 - - [05/Jun/2021:10:26:59 +0800] "GET /xingrg/all/function/internal_message.html?_=1622860023101&CODE_STATE=getMsg HTTP/1.1" 200 27
117.185.32.26 - - [05/Jun/2021:10:26:59 +0800] "POST /xingrg/kc/buy/cgsh_list_operate.html HTTP/1.1" 200 876
180.169.147.146 - - [05/Jun/2021:10:27:00 +0800] "GET /xingrg/all/function/internal_message.html?_=1622860017972&CODE_STATE=getMsg HTTP/1.1" 200 27
117.185.32.26 - - [05/Jun/2021:10:27:01 +0800] "GET /xingrg/kc/buy/cgsh_order_add.html HTTP/1.1" 200 62413
117.185.32.26 - - [05/Jun/2021:10:27:01 +0800] "GET /xingrg/words/20210605102642_words.js HTTP/1.1" 200 819866
117.185.32.26 - - [05/Jun/2021:10:27:02 +0800] "POST /xingrg/kc/buy/cgsh_order_operate.html HTTP/1.1" 200 8245
117.185.32.26 - - [05/Jun/2021:10:27:02 +0800] "GET /xingrg/javascript/easyui/themes/default/validatebox.css HTTP/1.1" 404 1104
117.185.32.26 - - [05/Jun/2021:10:27:02 +0800] "GET /xingrg/all/common/auto_word.html?type=employee&rest_code=00106 HTTP/1.1" 200 205
117.185.32.26 - - [05/Jun/2021:10:27:02 +0800] "GET /xingrg/all/common/auto_word.html?type=employee&rest_code=00106 HTTP/1.1" 200 205
116.230.117.165 - - [05/Jun/2021:10:27:02 +0800] "GET /xingrg/all/function/internal_message.html?_=1622860024454&CODE_STATE=getMsg HTTP/1.1" 200 27
117.185.32.26 - - [05/Jun/2021:10:27:03 +0800] "GET /xingrg/javascript/easyui/themes/default/tree.css HTTP/1.1" 404 1090
117.185.32.26 - - [05/Jun/2021:10:27:03 +0800] "POST /xingrg/all/user/operate.html HTTP/1.1" 200 36
117.185.32.26 - - [05/Jun/2021:10:27:04 +0800] "GET /xingrg/javascript/jquery_easy_ui/themes/default/easyui.css HTTP/1.1" 304 -
117.185.32.26 - - [05/Jun/2021:10:27:04 +0800] "GET /xingrg/javascript/jquery_easy_ui/themes/icon.css HTTP/1.1" 304 -
117.185.32.26 - - [05/Jun/2021:10:27:04 +0800] "GET /xingrg/index.html?sysBaseUrl=http%3A%2F%2F180.169.147.146%3A18081%2Fxingrg%2F&costTime=1673×tamp=1622860006471 HTTP/1.1" 200 17503
117.185.32.26 - - [05/Jun/2021:10:27:04 +0800] "GET /xingrg/css/form.css HTTP/1.1" 304 -
117.185.32.26 - - [05/Jun/2021:10:27:04 +0800] "GET /xingrg/javascript/jquery-1.4.2.min.js HTTP/1.1" 304 -
117.185.32.26 - - [05/Jun/2021:10:27:04 +0800] "POST /xingrg/all/common/load_tree.html?tree=supplier_tree_json&isDelete=1 HTTP/1.1" 200 56016
117.185.32.26 - - [05/Jun/2021:10:27:04 +0800] "GET /xingrg/javascript/jquery_easy_ui/jquery.easyui.min.js HTTP/1.1" 304 -
117.185.32.26 - - [05/Jun/2021:10:27:04 +0800] "GET /xingrg/javascript/jquery_easy_ui/easyui-lang-zh_CN.js HTTP/1.1" 304 -
117.185.32.26 - - [05/Jun/2021:10:27:04 +0800] "GET /xingrg/javascript/jquery.form.js HTTP/1.1" 304 -
117.185.32.26 - - [05/Jun/2021:10:27:04 +0800] "GET /xingrg/javascript/jquery.utils.js HTTP/1.1" 304 -
117.185.32.26 - - [05/Jun/2021:10:27:04 +0800] "GET /xingrg/javascript/jquery.timers.js HTTP/1.1" 304 -
117.185.32.26 - - [05/Jun/2021:10:27:04 +0800] "GET /xingrg/images/blue/jxLogo.png HTTP/1.1" 304 -
117.185.32.26 - - [05/Jun/2021:10:27:04 +0800] "GET /xingrg/javascript/jquery_easy_ui/themes/icons/settle_new.png HTTP/1.1" 304 -
117.185.32.26 - - [05/Jun/2021:10:27:04 +0800] "GET /xingrg/images/blue/navBackgound.jpg HTTP/1.1" 304 -
117.185.32.26 - - [05/Jun/2021:10:27:04 +0800] "GET /xingrg/all/function/internal_message.html?_=1622860025096&CODE_STATE=count HTTP/1.1" 200 11
117.185.32.26 - - [05/Jun/2021:10:27:04 +0800] "GET /xingrg/check_reg.html?_=1622860025097 HTTP/1.1" 200 22
117.185.32.26 - - [05/Jun/2021:10:27:04 +0800] "GET /xingrg/javascript/jquery_easy_ui/themes/default/images/panel_tool_expand.gif HTTP/1.1" 304 -
117.185.32.26 - - [05/Jun/2021:10:27:04 +0800] "GET /xingrg/javascript/jquery_easy_ui/themes/default/images/panel_tool_collapse.gif HTTP/1.1" 304 -
117.185.32.26 - - [05/Jun/2021:10:27:04 +0800] "GET /xingrg/javascript/jquery_easy_ui/themes/default/images/tabs_rightarrow.png HTTP/1.1" 304 -
117.185.32.26 - - [05/Jun/2021:10:27:04 +0800] "GET /xingrg/javascript/jquery_easy_ui/themes/default/images/tabs_leftarrow.png HTTP/1.1" 304 -
117.185.32.26 - - [05/Jun/2021:10:27:04 +0800] "GET /xingrg/images/blue/pingpu.png HTTP/1.1" 304 -
117.185.32.26 - - [05/Jun/2021:10:27:04 +0800] "POST /xingrg/all/common/load_tree.html?tree=area_rest_tree_json&manage=1 HTTP/1.1" 200 3216
117.185.32.26 - - [05/Jun/2021:10:27:05 +0800] "POST /xingrg/load_menu.html HTTP/1.1" 200 9959
222.69.131.252 - - [05/Jun/2021:10:27:07 +0800] "POST /xingrg/kc/buy/cgsh_order_operate.html HTTP/1.1" 200 37
222.69.131.252 - - [05/Jun/2021:10:27:16 +0800] "POST /xingrg/kc/buy/cgsh_order_operate.html HTTP/1.1" 200 12
117.185.32.26 - - [05/Jun/2021:10:27:16 +0800] "GET /xingrg/javascript/auto/indicator.gif HTTP/1.1" 404 1066
222.69.131.252 - - [05/Jun/2021:10:27:19 +0800] "GET /xingrg/kc/buy/cgsh_order_info.html?code=212021060501943 HTTP/1.1" 200 57370
222.69.131.252 - - [05/Jun/2021:10:27:19 +0800] "GET /xingrg/words/20210605102642_words.js HTTP/1.1" 200 819866
222.69.131.252 - - [05/Jun/2021:10:27:19 +0800] "GET /xingrg/javascript/easyui/themes/default/validatebox.css HTTP/1.1" 404 1104
180.161.111.4 - - [05/Jun/2021:10:27:20 +0800] "GET /xingrg/all/function/internal_message.html?_=1622860006064&CODE_STATE=getMsg HTTP/1.1" 200 27
222.69.131.252 - - [05/Jun/2021:10:27:20 +0800] "POST /xingrg/kc/buy/cgsh_order_operate.html HTTP/1.1" 200 604
117.185.32.26 - - [05/Jun/2021:10:27:22 +0800] "GET /xingrg/kc/buy/cgsh_order_operate.html?command=get_materiel&rest_code=00106&code=00101004065&supplier_code=00100086&order_time=2021-06-05 HTTP/1.1" 200 433
117.185.32.26 - - [05/Jun/2021:10:27:24 +0800] "GET /xingrg/kc/buy/buy_main.html HTTP/1.1" 200 12412
117.185.32.26 - - [05/Jun/2021:10:27:24 +0800] "GET /xingrg/css/new_ie.css HTTP/1.1" 404 1036
117.185.32.26 - - [05/Jun/2021:10:27:25 +0800] "GET /xingrg/images/yd/bt.gif HTTP/1.1" 404 1040
180.169.147.146 - - [05/Jun/2021:10:27:25 +0800] "GET /xingrg/check_reg.html?_=1622860050688 HTTP/1.1" 302 -
222.69.131.252 - - [05/Jun/2021:10:27:26 +0800] "GET /xingrg/kc/print/load_data.html?order_code=212021060501943&kc_code=cgsh&condition= HTTP/1.1" 200 772
117.185.32.26 - - [05/Jun/2021:10:27:27 +0800] "GET /xingrg/kc/buy/cgsh_order_list.html HTTP/1.1" 200 46930
117.185.32.26 - - [05/Jun/2021:10:27:30 +0800] "POST /xingrg/kc/buy/cgsh_list_operate.html HTTP/1.1" 200 876
61.165.42.208 - - [05/Jun/2021:10:27:32 +0800] "GET /xingrg/kc/buy/cgsh_order_operate.html?command=get_materiel&rest_code=00105&code=00101009007&supplier_code=00100024&order_time=2021-06-05 HTTP/1.1" 200 410
116.224.253.72 - - [05/Jun/2021:10:27:34 +0800] "GET /xingrg/all/function/internal_message.html?_=1622860057330&CODE_STATE=getMsg HTTP/1.1" 200 27
222.69.131.252 - - [05/Jun/2021:10:27:36 +0800] "GET /xingrg/all/function/internal_message.html?_=1622860058944&CODE_STATE=getMsg HTTP/1.1" 200 27
117.185.32.26 - - [05/Jun/2021:10:27:36 +0800] "POST /xingrg/kc/buy/cgsh_list_operate.html HTTP/1.1" 200 5962
116.230.110.80 - - [05/Jun/2021:10:27:36 +0800] "GET /xingrg/check_reg.html?_=1622860052318 HTTP/1.1" 200 22
116.230.110.80 - - [05/Jun/2021:10:27:36 +0800] "GET /xingrg/all/function/internal_message.html?_=1622860052328&CODE_STATE=getMsg HTTP/1.1" 200 27
117.185.32.26 - - [05/Jun/2021:10:27:38 +0800] "POST /xingrg/kc/buy/cgsh_order_operate.html HTTP/1.1" 200 37
58.40.7.146 - - [05/Jun/2021:10:27:43 +0800] "GET /xingrg/all/function/internal_message.html?_=1622860067275&CODE_STATE=getMsg HTTP/1.1" 200 27
116.230.114.112 - - [05/Jun/2021:10:27:44 +0800] "GET /xingrg/check_reg.html?_=1622860085988 HTTP/1.1" 302 -
58.221.95.50 - - [05/Jun/2021:10:27:44 +0800] "GET /xingrg/all/function/internal_message.html?_=1622860070466&CODE_STATE=getMsg HTTP/1.1" 200 27
101.85.94.178 - - [05/Jun/2021:10:27:44 +0800] "GET /xingrg/all/function/internal_message.html?_=1622859536926&CODE_STATE=getMsg HTTP/1.1" 200 27
183.192.164.97 - - [05/Jun/2021:10:27:47 +0800] "GET /xingrg/check_reg.html?_=1622860007960 HTTP/1.1" 302 -
180.161.111.4 - - [05/Jun/2021:10:27:47 +0800] "GET /xingrg/all/function/internal_message.html?_=1622860062810&CODE_STATE=getMsg HTTP/1.1" 200 27
180.161.111.4 - - [05/Jun/2021:10:27:47 +0800] "GET /xingrg/check_reg.html?_=1622860062811 HTTP/1.1" 200 22
116.230.117.165 - - [05/Jun/2021:10:27:47 +0800] "POST /xingrg/kc/buy/cgsh_order_operate.html HTTP/1.1" 200 37
183.192.164.97 - - [05/Jun/2021:10:27:47 +0800] "GET /xingrg/login.html HTTP/1.1" 200 7641
117.185.32.26 - - [05/Jun/2021:10:27:48 +0800] "POST /xingrg/kc/buy/cgsh_order_operate.html HTTP/1.1" 200 12
114.86.187.76 - - [05/Jun/2021:10:27:50 +0800] "GET /xingrg/all/function/internal_message.html?_=1622860084617&CODE_STATE=getMsg HTTP/1.1" 200 27
117.185.32.26 - - [05/Jun/2021:10:27:50 +0800] "GET /xingrg/all/function/internal_message.html?_=1622860606975&CODE_STATE=getMsg HTTP/1.1" 200 27
116.230.117.165 - - [05/Jun/2021:10:27:51 +0800] "POST /xingrg/kc/buy/cgsh_order_operate.html HTTP/1.1" 200 34622
117.185.32.26 - - [05/Jun/2021:10:27:51 +0800] "GET /xingrg/kc/buy/cgsh_order_info.html?code=212021060501944 HTTP/1.1" 200 57319
117.185.32.26 - - [05/Jun/2021:10:27:51 +0800] "GET /xingrg/javascript/easyui/themes/default/validatebox.css HTTP/1.1" 404 1104
117.185.32.26 - - [05/Jun/2021:10:27:52 +0800] "POST /xingrg/kc/buy/cgsh_order_operate.html HTTP/1.1" 200 610
222.70.177.128 - - [05/Jun/2021:10:27:53 +0800] "GET /xingrg/all/function/internal_message.html?_=1622860074828&CODE_STATE=getMsg HTTP/1.1" 200 27
61.165.42.208 - - [05/Jun/2021:10:27:53 +0800] "GET /xingrg/all/function/internal_message.html?_=1622860055722&CODE_STATE=getMsg HTTP/1.1" 200 27
116.230.117.165 - - [05/Jun/2021:10:27:54 +0800] "GET /xingrg/kc/buy/cgsh_order_list.html HTTP/1.1" 200 46681
61.165.42.208 - - [05/Jun/2021:10:27:55 +0800] "GET /xingrg/all/function/internal_message.html?_=1622860079272&CODE_STATE=getMsg HTTP/1.1" 200 27
116.224.253.72 - - [05/Jun/2021:10:27:58 +0800] "GET /xingrg/all/function/internal_message.html?_=1622860083863&CODE_STATE=getMsg HTTP/1.1" 200 27
116.230.117.165 - - [05/Jun/2021:10:27:58 +0800] "POST /xingrg/kc/buy/cgsh_list_operate.html HTTP/1.1" 200 1690
180.169.147.146 - - [05/Jun/2021:10:27:59 +0800] "GET /xingrg/all/function/internal_message.html?_=1622860083095&CODE_STATE=getMsg HTTP/1.1" 200 27
117.185.32.26 - - [05/Jun/2021:10:28:00 +0800] "GET /xingrg/kc/print/load_config.html?kc_code=cgsh HTTP/1.1" 200 1845
180.169.147.146 - - [05/Jun/2021:10:28:00 +0800] "GET /xingrg/all/function/internal_message.html?_=1622860077940&CODE_STATE=getMsg HTTP/1.1" 200 27
117.185.32.26 - - [05/Jun/2021:10:28:01 +0800] "GET /xingrg/kc/print/load_data.html?order_code=212021060501944&kc_code=cgsh&condition= HTTP/1.1" 200 765
116.233.77.11 - - [05/Jun/2021:10:28:01 +0800] "POST /xingrg/services/DataTransmitService HTTP/1.1" 200 524
116.230.117.165 - - [05/Jun/2021:10:28:02 +0800] "GET /xingrg/all/function/internal_message.html?_=1622860084467&CODE_STATE=getMsg HTTP/1.1" 200 27
180.169.147.146 - - [05/Jun/2021:10:28:03 +0800] "GET /xingrg/check_reg.html?_=1622860088177 HTTP/1.1" 302 -
117.185.32.26 - - [05/Jun/2021:10:28:04 +0800] "GET /xingrg/all/function/internal_message.html?_=1622860085106&CODE_STATE=getMsg HTTP/1.1" 200 27
117.185.32.26 - - [05/Jun/2021:10:28:10 +0800] "POST /xingrg/kc/buy/cgsh_list_operate.html HTTP/1.1" 200 362
117.185.32.26 - - [05/Jun/2021:10:28:12 +0800] "GET /xingrg/kc/buy/cgsh_order_add.html HTTP/1.1" 200 62413
117.185.32.26 - - [05/Jun/2021:10:28:12 +0800] "GET /xingrg/words/20210605102642_words.js HTTP/1.1" 304 -
117.185.32.26 - - [05/Jun/2021:10:28:12 +0800] "GET /xingrg/javascript/easyui/themes/default/validatebox.css HTTP/1.1" 404 1104
117.185.32.26 - - [05/Jun/2021:10:28:12 +0800] "POST /xingrg/kc/buy/cgsh_order_operate.html HTTP/1.1" 200 8245
117.185.32.26 - - [05/Jun/2021:10:28:13 +0800] "GET /xingrg/kc/buy/cgsh_order_info.html?code=212021060501940 HTTP/1.1" 200 57590
117.185.32.26 - - [05/Jun/2021:10:28:13 +0800] "GET /xingrg/words/20210605102642_words.js HTTP/1.1" 200 819866
117.185.32.26 - - [05/Jun/2021:10:28:13 +0800] "GET /xingrg/javascript/easyui/themes/default/validatebox.css HTTP/1.1" 404 1104
117.185.32.26 - - [05/Jun/2021:10:28:14 +0800] "GET /xingrg/javascript/easyui/themes/default/tree.css HTTP/1.1" 404 1090
117.185.32.26 - - [05/Jun/2021:10:28:14 +0800] "POST /xingrg/kc/buy/cgsh_order_operate.html HTTP/1.1" 200 1808
117.185.32.26 - - [05/Jun/2021:10:28:14 +0800] "POST /xingrg/all/common/load_tree.html?tree=supplier_tree_json&isDelete=1 HTTP/1.1" 200 56016
180.161.111.4 - - [05/Jun/2021:10:28:20 +0800] "GET /xingrg/all/function/internal_message.html?_=1622860066073&CODE_STATE=getMsg HTTP/1.1" 200 27
222.69.131.252 - - [05/Jun/2021:10:28:21 +0800] "GET /xingrg/kc/buy/cgsh_order_add.html HTTP/1.1" 200 62466
222.69.131.252 - - [05/Jun/2021:10:28:21 +0800] "GET /xingrg/words/20210605102642_words.js HTTP/1.1" 304 -
222.69.131.252 - - [05/Jun/2021:10:28:21 +0800] "POST /xingrg/kc/buy/cgsh_order_operate.html HTTP/1.1" 200 8245
222.69.131.252 - - [05/Jun/2021:10:28:21 +0800] "GET /xingrg/javascript/easyui/themes/default/validatebox.css HTTP/1.1" 404 1104
61.165.42.208 - - [05/Jun/2021:10:28:23 +0800] "POST /xingrg/kc/buy/cgsh_order_operate.html HTTP/1.1" 200 37
117.185.32.26 - - [05/Jun/2021:10:28:24 +0800] "POST /xingrg/kc/buy/cgsh_order_operate.html HTTP/1.1" 200 12
61.165.42.208 - - [05/Jun/2021:10:28:26 +0800] "POST /xingrg/kc/buy/cgsh_order_operate.html HTTP/1.1" 200 9820
116.230.117.165 - - [05/Jun/2021:10:28:26 +0800] "POST /xingrg/kc/buy/cgsh_list_operate.html HTTP/1.1" 200 5864
61.165.42.208 - - [05/Jun/2021:10:28:27 +0800] "GET /xingrg/kc/print/load_data.html?order_code=212021060501945&kc_code=cgsh&condition= HTTP/1.1" 200 3427
58.40.7.146 - - [05/Jun/2021:10:28:27 +0800] "GET /xingrg/login.html HTTP/1.1" 200 7641
58.40.7.146 - - [05/Jun/2021:10:28:28 +0800] "GET /favicon.ico HTTP/1.1" 404 -
117.185.32.26 - - [05/Jun/2021:10:28:31 +0800] "GET /xingrg/kc/buy/cgsh_order_operate.html?command=get_materiel&rest_code=00106&code=00101003035&supplier_code=00100092&order_time=2021-06-05 HTTP/1.1" 200 411
222.69.131.252 - - [05/Jun/2021:10:28:32 +0800] "GET /xingrg/kc/buy/cgsh_order_operate.html?command=get_materiel&rest_code=00149&code=00101006062&supplier_code=00100012&order_time=2021-06-05 HTTP/1.1" 200 409
58.40.7.146 - - [05/Jun/2021:10:28:33 +0800] "POST /xingrg/login.do HTTP/1.1" 302 -
58.40.7.146 - - [05/Jun/2021:10:28:33 +0800] "GET /xingrg/index.html?sysBaseUrl=http%3A%2F%2F180.169.147.146%3A18081%2Fxingrg%2F&costTime=1148×tamp=1622860113247 HTTP/1.1" 200 17173
58.40.7.146 - - [05/Jun/2021:10:28:33 +0800] "GET /xingrg/all/function/internal_message.html?_=1622860117333&CODE_STATE=count HTTP/1.1" 200 11
58.40.7.146 - - [05/Jun/2021:10:28:33 +0800] "GET /xingrg/check_reg.html?_=1622860117335 HTTP/1.1" 200 22
58.40.7.146 - - [05/Jun/2021:10:28:33 +0800] "GET /favicon.ico HTTP/1.1" 404 -
58.40.7.146 - - [05/Jun/2021:10:28:33 +0800] "POST /xingrg/all/common/load_tree.html?tree=area_rest_tree_json&manage=1 HTTP/1.1" 200 3466
58.40.7.146 - - [05/Jun/2021:10:28:33 +0800] "POST /xingrg/load_menu.html HTTP/1.1" 200 6743
116.224.253.72 - - [05/Jun/2021:10:28:34 +0800] "GET /xingrg/all/function/internal_message.html?_=1622860117345&CODE_STATE=getMsg HTTP/1.1" 200 27
116.224.253.72 - - [05/Jun/2021:10:28:34 +0800] "GET /xingrg/check_reg.html?_=1622860117348 HTTP/1.1" 200 22
117.185.32.26 - - [05/Jun/2021:10:28:35 +0800] "GET /xingrg/kc/buy/cgsh_order_info.html?code=212021060501940 HTTP/1.1" 200 62432
117.185.32.26 - - [05/Jun/2021:10:28:35 +0800] "GET /xingrg/javascript/easyui/themes/default/validatebox.css HTTP/1.1" 404 1104
58.40.7.146 - - [05/Jun/2021:10:28:35 +0800] "GET /xingrg/kc/buy/buy_main.html HTTP/1.1" 200 12341
58.40.7.146 - - [05/Jun/2021:10:28:35 +0800] "GET /xingrg/css/new_ie.css HTTP/1.1" 404 1036
117.185.32.26 - - [05/Jun/2021:10:28:35 +0800] "GET /xingrg/all/common/auto_word.html?type=employee&rest_code=00106 HTTP/1.1" 200 205
117.185.32.26 - - [05/Jun/2021:10:28:35 +0800] "GET /xingrg/all/common/auto_word.html?type=employee&rest_code=00106 HTTP/1.1" 200 205
222.69.131.252 - - [05/Jun/2021:10:28:36 +0800] "GET /xingrg/all/function/internal_message.html?_=1622860118919&CODE_STATE=getMsg HTTP/1.1" 200 27
117.185.32.26 - - [05/Jun/2021:10:28:36 +0800] "POST /xingrg/kc/buy/cgsh_order_operate.html HTTP/1.1" 200 3858
116.230.110.80 - - [05/Jun/2021:10:28:36 +0800] "GET /xingrg/all/function/internal_message.html?_=1622860112315&CODE_STATE=getMsg HTTP/1.1" 200 27
117.185.32.26 - - [05/Jun/2021:10:28:37 +0800] "GET /xingrg/javascript/easyui/themes/default/tree.css HTTP/1.1" 404 1090
117.185.32.26 - - [05/Jun/2021:10:28:37 +0800] "POST /xingrg/all/common/load_tree.html?tree=supplier_tree_json&isDelete=1 HTTP/1.1" 200 56016
116.233.77.11 - - [05/Jun/2021:10:28:38 +0800] "POST /xingrg/services/DataTransmitService HTTP/1.1" 401 565
116.233.77.11 - - [05/Jun/2021:10:28:38 +0800] "POST /xingrg/services/DataTransmitService HTTP/1.1" 200 478
116.233.77.11 - - [05/Jun/2021:10:28:38 +0800] "POST /xingrg/services/DataTransmitService HTTP/1.1" 200 1320
116.233.77.11 - - [05/Jun/2021:10:28:38 +0800] "POST /xingrg/services/DataTransmitService HTTP/1.1" 200 478
116.233.77.11 - - [05/Jun/2021:10:28:38 +0800] "POST /xingrg/services/DataTransmitService HTTP/1.1" 200 1320
116.233.77.11 - - [05/Jun/2021:10:28:38 +0800] "POST /xingrg/services/DataTransmitService HTTP/1.1" 200 524
116.230.117.165 - - [05/Jun/2021:10:28:39 +0800] "POST /xingrg/kc/buy/cgsh_list_operate.html HTTP/1.1" 200 5437
116.233.77.11 - - [05/Jun/2021:10:28:39 +0800] "POST /xingrg/services/DataTransmitService HTTP/1.1" 200 2491
116.233.77.11 - - [05/Jun/2021:10:28:40 +0800] "POST /xingrg/services/DataTransmitService HTTP/1.1" 200 2551
116.233.77.11 - - [05/Jun/2021:10:28:42 +0800] "POST /xingrg/services/DataTransmitService HTTP/1.1" 200 1451
58.40.7.146 - - [05/Jun/2021:10:28:43 +0800] "GET /xingrg/all/function/internal_message.html?_=1622860127287&CODE_STATE=getMsg HTTP/1.1" 200 27
116.233.77.11 - - [05/Jun/2021:10:28:43 +0800] "POST /xingrg/services/DataTransmitService HTTP/1.1" 200 144184
58.221.95.50 - - [05/Jun/2021:10:28:44 +0800] "GET /xingrg/all/function/internal_message.html?_=1622860130446&CODE_STATE=getMsg HTTP/1.1" 200 27
101.85.94.178 - - [05/Jun/2021:10:28:44 +0800] "GET /xingrg/all/function/internal_message.html?_=1622859596925&CODE_STATE=getMsg HTTP/1.1" 200 27
222.69.131.252 - - [05/Jun/2021:10:28:46 +0800] "GET /xingrg/kc/buy/cgsh_order_operate.html?command=get_materiel&rest_code=00149&code=00101006058&supplier_code=00100012&order_time=2021-06-05 HTTP/1.1" 200 413
58.40.7.146 - - [05/Jun/2021:10:28:47 +0800] "GET /xingrg/kc/buy/cgsh_order_list.html HTTP/1.1" 200 46675
58.40.7.146 - - [05/Jun/2021:10:28:47 +0800] "GET /xingrg/javascript/easyui/themes/default/easyui.css HTTP/1.1" 200 30432
58.40.7.146 - - [05/Jun/2021:10:28:47 +0800] "GET /xingrg/javascript/jquery_tools/table.css HTTP/1.1" 200 1032
58.40.7.146 - - [05/Jun/2021:10:28:47 +0800] "GET /xingrg/javascript/jquery_tools/jquery.tools.table.js HTTP/1.1" 200 6994
180.161.111.4 - - [05/Jun/2021:10:28:47 +0800] "GET /xingrg/all/function/internal_message.html?_=1622860122810&CODE_STATE=getMsg HTTP/1.1" 200 27
58.40.7.146 - - [05/Jun/2021:10:28:47 +0800] "GET /xingrg/javascript/easyui/themes/icons/cance_new.png HTTP/1.1" 200 3986
58.40.7.146 - - [05/Jun/2021:10:28:47 +0800] "GET /xingrg/javascript/easyui/themes/icons/check_new.png HTTP/1.1" 200 3224
58.40.7.146 - - [05/Jun/2021:10:28:47 +0800] "GET /xingrg/javascript/easyui/themes/icons/edit_add_new.png HTTP/1.1" 200 2997
117.185.32.26 - - [05/Jun/2021:10:28:49 +0800] "POST /xingrg/kc/buy/cgsh_order_operate.html HTTP/1.1" 200 37
58.40.7.146 - - [05/Jun/2021:10:28:50 +0800] "POST /xingrg/kc/buy/cgsh_list_operate.html HTTP/1.1" 200 876
114.86.187.76 - - [05/Jun/2021:10:28:50 +0800] "GET /xingrg/all/function/internal_message.html?_=1622860144616&CODE_STATE=getMsg HTTP/1.1" 200 27
117.185.32.26 - - [05/Jun/2021:10:28:50 +0800] "GET /xingrg/all/function/internal_message.html?_=1622860666986&CODE_STATE=getMsg HTTP/1.1" 200 27
222.70.177.128 - - [05/Jun/2021:10:28:53 +0800] "GET /xingrg/all/function/internal_message.html?_=1622860134823&CODE_STATE=getMsg HTTP/1.1" 200 27
61.165.42.208 - - [05/Jun/2021:10:28:53 +0800] "GET /xingrg/all/function/internal_message.html?_=1622860115750&CODE_STATE=getMsg HTTP/1.1" 200 27
61.165.42.208 - - [05/Jun/2021:10:28:55 +0800] "GET /xingrg/all/function/internal_message.html?_=1622860139205&CODE_STATE=getMsg HTTP/1.1" 200 27
117.185.32.26 - - [05/Jun/2021:10:28:58 +0800] "POST /xingrg/kc/buy/cgsh_order_operate.html HTTP/1.1" 200 12
116.224.253.72 - - [05/Jun/2021:10:28:58 +0800] "GET /xingrg/all/function/internal_message.html?_=1622860143893&CODE_STATE=getMsg HTTP/1.1" 200 27
222.69.131.252 - - [05/Jun/2021:10:28:58 +0800] "GET /xingrg/kc/buy/cgsh_order_operate.html?command=get_materiel&rest_code=00149&code=00101006057&supplier_code=00100012&order_time=2021-06-05 HTTP/1.1" 200 413
180.169.147.146 - - [05/Jun/2021:10:28:59 +0800] "GET /xingrg/all/function/internal_message.html?_=1622860143090&CODE_STATE=getMsg HTTP/1.1" 200 27
222.70.177.128 - - [05/Jun/2021:10:29:00 +0800] "POST /xingrg/kc/buy/cgsh_list_operate.html HTTP/1.1" 200 5416
180.169.147.146 - - [05/Jun/2021:10:29:00 +0800] "GET /xingrg/all/function/internal_message.html?_=1622860137918&CODE_STATE=getMsg HTTP/1.1" 200 27
58.40.7.146 - - [05/Jun/2021:10:29:01 +0800] "GET /xingrg/javascript/auto/indicator.gif HTTP/1.1" 404 1066
117.185.32.26 - - [05/Jun/2021:10:29:02 +0800] "GET /xingrg/kc/buy/cgsh_order_info.html?code=212021060501940 HTTP/1.1" 200 57584
116.230.117.165 - - [05/Jun/2021:10:29:02 +0800] "GET /xingrg/all/function/internal_message.html?_=1622860144480&CODE_STATE=getMsg HTTP/1.1" 200 27
117.185.32.26 - - [05/Jun/2021:10:29:03 +0800] "GET /xingrg/javascript/easyui/themes/default/validatebox.css HTTP/1.1" 404 1104
117.185.32.26 - - [05/Jun/2021:10:29:03 +0800] "POST /xingrg/kc/buy/cgsh_order_operate.html HTTP/1.1" 200 1808
117.185.32.26 - - [05/Jun/2021:10:29:04 +0800] "GET /xingrg/all/function/internal_message.html?_=1622860145112&CODE_STATE=getMsg HTTP/1.1" 200 27
117.185.32.26 - - [05/Jun/2021:10:29:05 +0800] "GET /xingrg/kc/buy/cgsh_order_operate.html?command=get_materiel&rest_code=00106&code=00101003006&supplier_code=00100092&order_time=2021-06-05 HTTP/1.1" 200 411
116.224.253.72 - - [05/Jun/2021:10:29:06 +0800] "GET /xingrg/check_reg.html?_=1622860151832 HTTP/1.1" 200 22
116.233.77.11 - - [05/Jun/2021:10:29:12 +0800] "POST /xingrg/services/DataTransmitService HTTP/1.1" 200 45454
116.233.77.11 - - [05/Jun/2021:10:29:13 +0800] "POST /xingrg/services/DataTransmitService HTTP/1.1" 200 19237
116.230.117.165 - - [05/Jun/2021:10:29:13 +0800] "POST /xingrg/kc/buy/cgsh_list_operate.html HTTP/1.1" 200 4666
117.185.32.26 - - [05/Jun/2021:10:29:15 +0800] "POST /xingrg/kc/buy/cgsh_order_operate.html HTTP/1.1" 200 12
117.185.32.26 - - [05/Jun/2021:10:29:17 +0800] "GET /xingrg/kc/buy/cgsh_order_info.html?code=212021060501940 HTTP/1.1" 200 62428
117.185.32.26 - - [05/Jun/2021:10:29:17 +0800] "GET /xingrg/javascript/easyui/themes/default/validatebox.css HTTP/1.1" 404 1104
117.185.32.26 - - [05/Jun/2021:10:29:18 +0800] "POST /xingrg/kc/buy/cgsh_order_operate.html HTTP/1.1" 200 3858
180.161.111.4 - - [05/Jun/2021:10:29:19 +0800] "GET /xingrg/check_reg.html?_=1622860125909 HTTP/1.1" 200 22
180.161.111.4 - - [05/Jun/2021:10:29:20 +0800] "GET /xingrg/all/function/internal_message.html?_=1622860126086&CODE_STATE=getMsg HTTP/1.1" 200 27
117.185.32.26 - - [05/Jun/2021:10:29:21 +0800] "GET /xingrg/login.html HTTP/1.1" 200 7641
117.185.32.26 - - [05/Jun/2021:10:29:22 +0800] "GET /favicon.ico HTTP/1.1" 404 -
117.185.32.26 - - [05/Jun/2021:10:29:22 +0800] "POST /xingrg/kc/buy/cgsh_order_operate.html HTTP/1.1" 200 37
116.233.77.11 - - [05/Jun/2021:10:29:25 +0800] "POST /xingrg/services/DataTransmitService HTTP/1.1" 200 524
116.233.77.11 - - [05/Jun/2021:10:29:27 +0800] "POST /xingrg/services/DataTransmitService HTTP/1.1" 200 501
117.185.32.26 - - [05/Jun/2021:10:29:29 +0800] "POST /xingrg/kc/buy/cgsh_order_operate.html HTTP/1.1" 200 12
222.70.177.128 - - [05/Jun/2021:10:29:31 +0800] "POST /xingrg/kc/buy/cgsh_list_operate.html HTTP/1.1" 200 5414
117.185.32.26 - - [05/Jun/2021:10:29:32 +0800] "GET /xingrg/kc/buy/cgsh_order_info.html?code=212021060501946 HTTP/1.1" 200 57317
117.185.32.26 - - [05/Jun/2021:10:29:32 +0800] "GET /xingrg/words/20210605102642_words.js HTTP/1.1" 304 -
117.185.32.26 - - [05/Jun/2021:10:29:32 +0800] "GET /xingrg/javascript/easyui/themes/default/validatebox.css HTTP/1.1" 404 1104
117.185.32.26 - - [05/Jun/2021:10:29:33 +0800] "POST /xingrg/login.do HTTP/1.1" 302 -
117.185.32.26 - - [05/Jun/2021:10:29:33 +0800] "GET /xingrg/index.html?sysBaseUrl=http%3A%2F%2F180.169.147.146%3A18081%2Fxingrg%2F&costTime=2652×tamp=1622860173159 HTTP/1.1" 200 17173
117.185.32.26 - - [05/Jun/2021:10:29:33 +0800] "GET /xingrg/all/function/internal_message.html?_=1622860173739&CODE_STATE=count HTTP/1.1" 200 11
117.185.32.26 - - [05/Jun/2021:10:29:33 +0800] "POST /xingrg/all/common/load_tree.html?tree=area_rest_tree_json&manage=1 HTTP/1.1" 200 342
117.185.32.26 - - [05/Jun/2021:10:29:33 +0800] "GET /xingrg/check_reg.html?_=1622860173740 HTTP/1.1" 200 22
117.185.32.26 - - [05/Jun/2021:10:29:33 +0800] "POST /xingrg/kc/buy/cgsh_order_operate.html HTTP/1.1" 200 1203
58.40.7.146 - - [05/Jun/2021:10:29:33 +0800] "GET /xingrg/all/function/internal_message.html?_=1622860177342&CODE_STATE=getMsg HTTP/1.1" 200 27
117.185.32.26 - - [05/Jun/2021:10:29:33 +0800] "POST /xingrg/load_menu.html HTTP/1.1" 200 5138
117.185.32.26 - - [05/Jun/2021:10:29:33 +0800] "GET /favicon.ico HTTP/1.1" 404 -
116.224.253.72 - - [05/Jun/2021:10:29:34 +0800] "GET /xingrg/all/function/internal_message.html?_=1622860177362&CODE_STATE=getMsg HTTP/1.1" 200 27
222.69.131.252 - - [05/Jun/2021:10:29:36 +0800] "GET /xingrg/all/function/internal_message.html?_=1622860178900&CODE_STATE=getMsg HTTP/1.1" 200 27
117.185.32.26 - - [05/Jun/2021:10:29:36 +0800] "GET /xingrg/kc/print/load_data.html?order_code=212021060501946&kc_code=cgsh&condition= HTTP/1.1" 200 981
116.230.110.80 - - [05/Jun/2021:10:29:36 +0800] "GET /xingrg/all/function/internal_message.html?_=1622860172307&CODE_STATE=getMsg HTTP/1.1" 200 27
117.185.32.26 - - [05/Jun/2021:10:29:43 +0800] "GET /xingrg/kc/buy/cgsh_order_add.html HTTP/1.1" 200 62413
117.185.32.26 - - [05/Jun/2021:10:29:43 +0800] "POST /xingrg/kc/buy/cgsh_order_operate.html HTTP/1.1" 200 8245
117.185.32.26 - - [05/Jun/2021:10:29:43 +0800] "GET /xingrg/javascript/easyui/themes/default/validatebox.css HTTP/1.1" 404 1104
58.40.7.146 - - [05/Jun/2021:10:29:43 +0800] "GET /xingrg/all/function/internal_message.html?_=1622860187283&CODE_STATE=getMsg HTTP/1.1" 200 27
58.221.95.50 - - [05/Jun/2021:10:29:44 +0800] "GET /xingrg/all/function/internal_message.html?_=1622860190417&CODE_STATE=getMsg HTTP/1.1" 200 27
101.85.94.178 - - [05/Jun/2021:10:29:44 +0800] "GET /xingrg/all/function/internal_message.html?_=1622859656922&CODE_STATE=getMsg HTTP/1.1" 200 27
222.69.131.252 - - [05/Jun/2021:10:29:44 +0800] "GET /xingrg/kc/buy/cgsh_order_operate.html?command=get_materiel&rest_code=00149&code=00101006113&supplier_code=00100012&order_time=2021-06-05 HTTP/1.1" 200 413
117.185.32.26 - - [05/Jun/2021:10:29:45 +0800] "GET /xingrg/javascript/easyui/themes/default/tree.css HTTP/1.1" 404 1090
117.185.32.26 - - [05/Jun/2021:10:29:46 +0800] "POST /xingrg/all/common/load_tree.html?tree=supplier_tree_json&isDelete=1 HTTP/1.1" 200 56016
180.161.111.4 - - [05/Jun/2021:10:29:47 +0800] "GET /xingrg/all/function/internal_message.html?_=1622860182808&CODE_STATE=getMsg HTTP/1.1" 200 27
114.86.187.76 - - [05/Jun/2021:10:29:50 +0800] "GET /xingrg/all/function/internal_message.html?_=1622860204615&CODE_STATE=getMsg HTTP/1.1" 200 27
114.86.187.76 - - [05/Jun/2021:10:29:50 +0800] "GET /xingrg/check_reg.html?_=1622860204819 HTTP/1.1" 200 22
117.185.32.26 - - [05/Jun/2021:10:29:50 +0800] "GET /xingrg/all/function/internal_message.html?_=1622860726987&CODE_STATE=getMsg HTTP/1.1" 200 27
222.70.177.128 - - [05/Jun/2021:10:29:53 +0800] "GET /xingrg/all/function/internal_message.html?_=1622860194823&CODE_STATE=getMsg HTTP/1.1" 200 27
61.165.42.208 - - [05/Jun/2021:10:29:53 +0800] "GET /xingrg/check_reg.html?_=1622860175748 HTTP/1.1" 200 22
61.165.42.208 - - [05/Jun/2021:10:29:53 +0800] "GET /xingrg/all/function/internal_message.html?_=1622860175751&CODE_STATE=getMsg HTTP/1.1" 200 27
61.165.42.208 - - [05/Jun/2021:10:29:55 +0800] "GET /xingrg/all/function/internal_message.html?_=1622860199173&CODE_STATE=getMsg HTTP/1.1" 200 27
116.224.253.72 - - [05/Jun/2021:10:29:58 +0800] "GET /xingrg/all/function/internal_message.html?_=1622860203905&CODE_STATE=getMsg HTTP/1.1" 200 27
180.169.147.146 - - [05/Jun/2021:10:29:59 +0800] "GET /xingrg/all/function/internal_message.html?_=1622860203097&CODE_STATE=getMsg HTTP/1.1" 200 27
180.169.147.146 - - [05/Jun/2021:10:30:00 +0800] "GET /xingrg/all/function/internal_message.html?_=1622860197897&CODE_STATE=getMsg HTTP/1.1" 200 27
117.185.32.26 - - [05/Jun/2021:10:30:00 +0800] "GET /xingrg/kc/buy/buy_main.html HTTP/1.1" 200 12412
117.185.32.26 - - [05/Jun/2021:10:30:00 +0800] "GET /xingrg/css/new_ie.css HTTP/1.1" 404 1036
116.230.117.165 - - [05/Jun/2021:10:30:01 +0800] "POST /xingrg/kc/buy/cgsh_list_operate.html HTTP/1.1" 200 5566
117.185.32.26 - - [05/Jun/2021:10:30:02 +0800] "GET /xingrg/kc/buy/cgsh_order_operate.html?command=get_materiel&rest_code=00106&code=00101004063&supplier_code=00100085&order_time=2021-06-05 HTTP/1.1" 200 429
116.230.117.165 - - [05/Jun/2021:10:30:02 +0800] "GET /xingrg/all/function/internal_message.html?_=1622860204495&CODE_STATE=getMsg HTTP/1.1" 200 27
183.192.164.97 - - [05/Jun/2021:10:30:04 +0800] "GET /xingrg/all/function/internal_message.html?_=1622860145112&CODE_STATE=getMsg HTTP/1.1" 302 -
183.192.164.97 - - [05/Jun/2021:10:30:04 +0800] "GET /xingrg/login.html HTTP/1.1" 200 7641
117.185.32.26 - - [05/Jun/2021:10:30:07 +0800] "GET /xingrg/images/yd/bt.gif HTTP/1.1" 404 1040
117.185.32.26 - - [05/Jun/2021:10:30:09 +0800] "GET /xingrg/kc/buy/cgsh_order_list.html HTTP/1.1" 200 46675
58.37.225.51 - - [05/Jun/2021:10:30:10 +0800] "POST /xingrg/services/DataTransmitService HTTP/1.1" 200 524
58.37.225.51 - - [05/Jun/2021:10:30:11 +0800] "POST /xingrg/services/DataTransmitService HTTP/1.1" 200 2247
222.69.131.252 - - [05/Jun/2021:10:30:12 +0800] "GET /xingrg/kc/buy/cgsh_order_operate.html?command=get_materiel&rest_code=00149&code=00101006128&supplier_code=00100012&order_time=2021-06-05 HTTP/1.1" 200 426
117.185.32.26 - - [05/Jun/2021:10:30:12 +0800] "POST /xingrg/kc/buy/cgsh_list_operate.html HTTP/1.1" 200 1697
58.37.225.51 - - [05/Jun/2021:10:30:12 +0800] "POST /xingrg/services/DataTransmitService HTTP/1.1" 200 167111
222.70.177.128 - - [05/Jun/2021:10:30:17 +0800] "POST /xingrg/kc/buy/cgsh_list_operate.html HTTP/1.1" 200 579
222.70.177.128 - - [05/Jun/2021:10:30:19 +0800] "GET /xingrg/kc/buy/cgsh_order_info.html?code=212021050803336 HTTP/1.1" 200 57313
222.70.177.128 - - [05/Jun/2021:10:30:19 +0800] "GET /xingrg/words/20210605102642_words.js HTTP/1.1" 200 819866
222.70.177.128 - - [05/Jun/2021:10:30:19 +0800] "GET /xingrg/javascript/easyui/themes/default/validatebox.css HTTP/1.1" 404 1104
180.161.111.4 - - [05/Jun/2021:10:30:20 +0800] "GET /xingrg/all/function/internal_message.html?_=1622860186099&CODE_STATE=getMsg HTTP/1.1" 200 27
180.169.147.146 - - [05/Jun/2021:10:30:20 +0800] "GET /xingrg/check_reg.html?_=1622860218109 HTTP/1.1" 200 22
222.70.177.128 - - [05/Jun/2021:10:30:21 +0800] "POST /xingrg/kc/buy/cgsh_order_operate.html HTTP/1.1" 200 4177
117.185.32.26 - - [05/Jun/2021:10:30:23 +0800] "POST /xingrg/kc/buy/cgsh_order_operate.html HTTP/1.1" 200 37
117.185.32.26 - - [05/Jun/2021:10:30:23 +0800] "POST /xingrg/kc/buy/cgsh_list_operate.html HTTP/1.1" 200 362
117.185.32.26 - - [05/Jun/2021:10:30:26 +0800] "GET /xingrg/kc/buy/cgsh_order_info.html?code=212021060501940 HTTP/1.1" 200 62428
117.185.32.26 - - [05/Jun/2021:10:30:26 +0800] "GET /xingrg/words/20210605102642_words.js HTTP/1.1" 304 -
117.185.32.26 - - [05/Jun/2021:10:30:26 +0800] "GET /xingrg/javascript/easyui/themes/default/validatebox.css HTTP/1.1" 404 1104
117.185.32.26 - - [05/Jun/2021:10:30:27 +0800] "GET /xingrg/all/common/auto_word.html?type=employee&rest_code=00106 HTTP/1.1" 200 205
117.185.32.26 - - [05/Jun/2021:10:30:27 +0800] "GET /xingrg/all/common/auto_word.html?type=employee&rest_code=00106 HTTP/1.1" 200 205
117.185.32.26 - - [05/Jun/2021:10:30:27 +0800] "POST /xingrg/kc/buy/cgsh_order_operate.html HTTP/1.1" 200 3858
58.221.95.50 - - [05/Jun/2021:10:30:27 +0800] "GET /xingrg/check_reg.html?_=1622860234039 HTTP/1.1" 200 22
117.185.32.26 - - [05/Jun/2021:10:30:31 +0800] "POST /xingrg/kc/buy/cgsh_order_operate.html HTTP/1.1" 200 12
117.185.32.26 - - [05/Jun/2021:10:30:33 +0800] "GET /xingrg/all/function/internal_message.html?_=1622860233755&CODE_STATE=getMsg HTTP/1.1" 200 27
58.40.7.146 - - [05/Jun/2021:10:30:33 +0800] "GET /xingrg/all/function/internal_message.html?_=1622860237353&CODE_STATE=getMsg HTTP/1.1" 200 27
117.185.32.26 - - [05/Jun/2021:10:30:33 +0800] "GET /xingrg/kc/buy/cgsh_order_info.html?code=212021060501947 HTTP/1.1" 200 57317
117.185.32.26 - - [05/Jun/2021:10:30:34 +0800] "GET /xingrg/javascript/easyui/themes/default/validatebox.css HTTP/1.1" 404 1104
116.224.253.72 - - [05/Jun/2021:10:30:34 +0800] "GET /xingrg/all/function/internal_message.html?_=1622860237362&CODE_STATE=getMsg HTTP/1.1" 200 27
117.185.32.26 - - [05/Jun/2021:10:30:34 +0800] "POST /xingrg/kc/buy/cgsh_order_operate.html HTTP/1.1" 200 612
117.185.32.26 - - [05/Jun/2021:10:30:35 +0800] "POST /xingrg/kc/buy/cgsh_order_operate.html HTTP/1.1" 200 37
222.69.131.252 - - [05/Jun/2021:10:30:35 +0800] "GET /xingrg/all/function/internal_message.html?_=1622860238870&CODE_STATE=getMsg HTTP/1.1" 200 27
116.230.110.80 - - [05/Jun/2021:10:30:36 +0800] "GET /xingrg/all/function/internal_message.html?_=1622860232319&CODE_STATE=getMsg HTTP/1.1" 200 27
222.69.131.252 - - [05/Jun/2021:10:30:37 +0800] "GET /xingrg/check_reg.html?_=1622860240499 HTTP/1.1" 200 22
117.185.32.26 - - [05/Jun/2021:10:30:38 +0800] "GET /xingrg/kc/print/load_data.html?order_code=212021060501947&kc_code=cgsh&condition= HTTP/1.1" 200 764
222.69.131.252 - - [05/Jun/2021:10:30:39 +0800] "GET /xingrg/kc/buy/cgsh_order_operate.html?command=get_materiel&rest_code=00149&code=00101006108&supplier_code=00100012&order_time=2021-06-05 HTTP/1.1" 200 421
116.230.117.165 - - [05/Jun/2021:10:30:40 +0800] "GET /xingrg/check_reg.html?_=1622860242357 HTTP/1.1" 200 22
117.185.32.26 - - [05/Jun/2021:10:30:43 +0800] "POST /xingrg/kc/buy/cgsh_order_operate.html HTTP/1.1" 200 12
58.40.7.146 - - [05/Jun/2021:10:30:43 +0800] "GET /xingrg/check_reg.html?_=1622860247278 HTTP/1.1" 200 22
58.40.7.146 - - [05/Jun/2021:10:30:43 +0800] "GET /xingrg/all/function/internal_message.html?_=1622860247280&CODE_STATE=getMsg HTTP/1.1" 200 27
58.221.95.50 - - [05/Jun/2021:10:30:44 +0800] "GET /xingrg/all/function/internal_message.html?_=1622860250389&CODE_STATE=getMsg HTTP/1.1" 200 27
101.85.94.178 - - [05/Jun/2021:10:30:44 +0800] "GET /xingrg/all/function/internal_message.html?_=1622859716947&CODE_STATE=getMsg HTTP/1.1" 200 27
116.230.117.165 - - [05/Jun/2021:10:30:46 +0800] "POST /xingrg/kc/buy/cgsh_list_operate.html HTTP/1.1" 200 5437
180.161.111.4 - - [05/Jun/2021:10:30:47 +0800] "GET /xingrg/all/function/internal_message.html?_=1622860242807&CODE_STATE=getMsg HTTP/1.1" 200 27
117.185.32.26 - - [05/Jun/2021:10:30:49 +0800] "GET /xingrg/kc/buy/cgsh_order_add.html HTTP/1.1" 200 62413
117.185.32.26 - - [05/Jun/2021:10:30:49 +0800] "GET /xingrg/words/20210605102642_words.js HTTP/1.1" 304 -
222.70.177.128 - - [05/Jun/2021:10:30:49 +0800] "POST /xingrg/kc/buy/cgsh_list_operate.html HTTP/1.1" 200 5414
117.185.32.26 - - [05/Jun/2021:10:30:49 +0800] "POST /xingrg/kc/buy/cgsh_order_operate.html HTTP/1.1" 200 8245
117.185.32.26 - - [05/Jun/2021:10:30:49 +0800] "GET /xingrg/javascript/easyui/themes/default/validatebox.css HTTP/1.1" 404 1104
114.86.187.76 - - [05/Jun/2021:10:30:50 +0800] "GET /xingrg/all/function/internal_message.html?_=1622860264614&CODE_STATE=getMsg HTTP/1.1" 200 27
117.185.32.26 - - [05/Jun/2021:10:30:50 +0800] "GET /xingrg/all/function/internal_message.html?_=1622860786992&CODE_STATE=getMsg HTTP/1.1" 200 27
117.185.32.26 - - [05/Jun/2021:10:30:51 +0800] "GET /xingrg/javascript/easyui/themes/default/tree.css HTTP/1.1" 404 1090
61.165.42.208 - - [05/Jun/2021:10:30:51 +0800] "GET /xingrg/check_reg.html?_=1622860255871 HTTP/1.1" 200 22
117.185.32.26 - - [05/Jun/2021:10:30:52 +0800] "POST /xingrg/all/common/load_tree.html?tree=supplier_tree_json&isDelete=1 HTTP/1.1" 200 56016
222.70.177.128 - - [05/Jun/2021:10:30:53 +0800] "GET /xingrg/all/function/internal_message.html?_=1622860254840&CODE_STATE=getMsg HTTP/1.1" 200 27
61.165.42.208 - - [05/Jun/2021:10:30:53 +0800] "GET /xingrg/all/function/internal_message.html?_=1622860235750&CODE_STATE=getMsg HTTP/1.1" 200 27
61.165.42.208 - - [05/Jun/2021:10:30:55 +0800] "GET /xingrg/all/function/internal_message.html?_=1622860259144&CODE_STATE=getMsg HTTP/1.1" 200 27
116.224.253.72 - - [05/Jun/2021:10:30:58 +0800] "GET /xingrg/all/function/internal_message.html?_=1622860263919&CODE_STATE=getMsg HTTP/1.1" 200 27
222.70.177.128 - - [05/Jun/2021:10:30:59 +0800] "POST /xingrg/kc/buy/cgsh_list_operate.html HTTP/1.1" 200 5542
180.169.147.146 - - [05/Jun/2021:10:30:59 +0800] "GET /xingrg/all/function/internal_message.html?_=1622860263096&CODE_STATE=getMsg HTTP/1.1" 200 27
180.169.147.146 - - [05/Jun/2021:10:30:59 +0800] "GET /xingrg/check_reg.html?_=1622860263101 HTTP/1.1" 200 22
180.169.147.146 - - [05/Jun/2021:10:31:00 +0800] "GET /xingrg/all/function/internal_message.html?_=1622860257891&CODE_STATE=getMsg HTTP/1.1" 200 27
117.185.32.26 - - [05/Jun/2021:10:31:03 +0800] "GET /xingrg/kc/buy/cgsh_order_info.html?code=212021060501940 HTTP/1.1" 200 57323
116.230.117.165 - - [05/Jun/2021:10:31:03 +0800] "GET /xingrg/all/function/internal_message.html?_=1622860264660&CODE_STATE=getMsg HTTP/1.1" 200 27
117.185.32.26 - - [05/Jun/2021:10:31:03 +0800] "GET /xingrg/javascript/easyui/themes/default/validatebox.css HTTP/1.1" 404 1104
117.185.32.26 - - [05/Jun/2021:10:31:03 +0800] "POST /xingrg/kc/buy/cgsh_order_operate.html HTTP/1.1" 200 1808
117.185.32.26 - - [05/Jun/2021:10:31:05 +0800] "GET /xingrg/kc/print/load_config.html?kc_code=cgsh HTTP/1.1" 200 1845
117.185.32.26 - - [05/Jun/2021:10:31:05 +0800] "GET /xingrg/kc/print/load_data.html?order_code=212021060501940&kc_code=cgsh&condition= HTTP/1.1" 200 1224
117.185.32.26 - - [05/Jun/2021:10:31:07 +0800] "GET /xingrg/kc/buy/cgsh_order_operate.html?command=get_materiel&rest_code=00106&code=00101002006&supplier_code=00100091&order_time=2021-06-05 HTTP/1.1" 200 414
117.185.32.26 - - [05/Jun/2021:10:31:12 +0800] "GET /xingrg/kc/buy/cgsh_order_add.html HTTP/1.1" 200 62419
117.185.32.26 - - [05/Jun/2021:10:31:12 +0800] "GET /xingrg/javascript/easyui/themes/default/validatebox.css HTTP/1.1" 404 1104
117.185.32.26 - - [05/Jun/2021:10:31:12 +0800] "POST /xingrg/kc/buy/cgsh_order_operate.html HTTP/1.1" 200 8245
117.185.32.26 - - [05/Jun/2021:10:31:14 +0800] "GET /xingrg/javascript/easyui/themes/default/tree.css HTTP/1.1" 404 1090
117.185.32.26 - - [05/Jun/2021:10:31:14 +0800] "POST /xingrg/all/common/load_tree.html?tree=supplier_tree_json&isDelete=1 HTTP/1.1" 200 56016
180.169.147.146 - - [05/Jun/2021:10:31:18 +0800] "GET /favicon.ico HTTP/1.1" 404 -
180.161.111.4 - - [05/Jun/2021:10:31:20 +0800] "GET /xingrg/all/function/internal_message.html?_=1622860246116&CODE_STATE=getMsg HTTP/1.1" 200 27
222.70.177.128 - - [05/Jun/2021:10:31:23 +0800] "POST /xingrg/kc/buy/cgsh_list_operate.html HTTP/1.1" 200 5416
117.185.32.26 - - [05/Jun/2021:10:31:25 +0800] "GET /xingrg/kc/buy/cgsh_order_operate.html?command=get_materiel&rest_code=00106&code=00101010309&supplier_code=00100091&order_time=2021-06-05 HTTP/1.1" 200 423
117.185.32.26 - - [05/Jun/2021:10:31:30 +0800] "GET /xingrg/javascript/auto/indicator.gif HTTP/1.1" 404 1066
117.185.32.26 - - [05/Jun/2021:10:31:33 +0800] "GET /xingrg/all/function/internal_message.html?_=1622860293744&CODE_STATE=getMsg HTTP/1.1" 200 27
58.40.7.146 - - [05/Jun/2021:10:31:33 +0800] "GET /xingrg/all/function/internal_message.html?_=1622860297350&CODE_STATE=getMsg HTTP/1.1" 200 27
116.224.253.72 - - [05/Jun/2021:10:31:34 +0800] "GET /xingrg/all/function/internal_message.html?_=1622860297362&CODE_STATE=getMsg HTTP/1.1" 200 27
117.185.32.26 - - [05/Jun/2021:10:31:35 +0800] "GET /xingrg/kc/buy/cgsh_order_operate.html?command=get_materiel&rest_code=00106&code=00101008147&supplier_code=00100009&order_time=2021-06-05 HTTP/1.1" 200 418
222.69.131.252 - - [05/Jun/2021:10:31:35 +0800] "GET /xingrg/all/function/internal_message.html?_=1622860298875&CODE_STATE=getMsg HTTP/1.1" 200 27
116.230.110.80 - - [05/Jun/2021:10:31:36 +0800] "GET /xingrg/all/function/internal_message.html?_=1622860292305&CODE_STATE=getMsg HTTP/1.1" 200 27
58.40.7.146 - - [05/Jun/2021:10:31:43 +0800] "GET /xingrg/all/function/internal_message.html?_=1622860307266&CODE_STATE=getMsg HTTP/1.1" 200 27
58.221.95.50 - - [05/Jun/2021:10:31:44 +0800] "GET /xingrg/all/function/internal_message.html?_=1622860310363&CODE_STATE=getMsg HTTP/1.1" 200 27
101.85.94.178 - - [05/Jun/2021:10:31:44 +0800] "GET /xingrg/check_reg.html?_=1622859776945 HTTP/1.1" 200 22
101.85.94.178 - - [05/Jun/2021:10:31:44 +0800] "GET /xingrg/all/function/internal_message.html?_=1622859776944&CODE_STATE=getMsg HTTP/1.1" 200 27
222.69.131.252 - - [05/Jun/2021:10:31:45 +0800] "POST /xingrg/kc/buy/cgsh_order_operate.html HTTP/1.1" 200 37
180.161.111.4 - - [05/Jun/2021:10:31:47 +0800] "GET /xingrg/all/function/internal_message.html?_=1622860302807&CODE_STATE=getMsg HTTP/1.1" 200 27
114.86.187.76 - - [05/Jun/2021:10:31:50 +0800] "GET /xingrg/all/function/internal_message.html?_=1622860324614&CODE_STATE=getMsg HTTP/1.1" 200 27
117.185.32.26 - - [05/Jun/2021:10:31:50 +0800] "POST /xingrg/kc/buy/cgsh_order_operate.html HTTP/1.1" 200 37
117.185.32.26 - - [05/Jun/2021:10:31:50 +0800] "GET /xingrg/check_reg.html?_=1622860847002 HTTP/1.1" 200 22
117.185.32.26 - - [05/Jun/2021:10:31:50 +0800] "GET /xingrg/all/function/internal_message.html?_=1622860847004&CODE_STATE=getMsg HTTP/1.1" 200 27
222.70.177.128 - - [05/Jun/2021:10:31:53 +0800] "GET /xingrg/all/function/internal_message.html?_=1622860314842&CODE_STATE=getMsg HTTP/1.1" 200 27
222.70.177.128 - - [05/Jun/2021:10:31:53 +0800] "GET /xingrg/check_reg.html?_=1622860314838 HTTP/1.1" 200 22
61.165.42.208 - - [05/Jun/2021:10:31:53 +0800] "GET /xingrg/all/function/internal_message.html?_=1622860295745&CODE_STATE=getMsg HTTP/1.1" 200 27
61.165.42.208 - - [05/Jun/2021:10:31:55 +0800] "GET /xingrg/all/function/internal_message.html?_=1622860319117&CODE_STATE=getMsg HTTP/1.1" 200 27
222.69.131.252 - - [05/Jun/2021:10:31:57 +0800] "POST /xingrg/kc/buy/cgsh_order_operate.html HTTP/1.1" 200 12
116.224.253.72 - - [05/Jun/2021:10:31:58 +0800] "GET /xingrg/all/function/internal_message.html?_=1622860323951&CODE_STATE=getMsg HTTP/1.1" 200 27
180.169.147.146 - - [05/Jun/2021:10:31:59 +0800] "GET /xingrg/all/function/internal_message.html?_=1622860323101&CODE_STATE=getMsg HTTP/1.1" 200 27
180.169.147.146 - - [05/Jun/2021:10:32:00 +0800] "GET /xingrg/all/function/internal_message.html?_=1622860317863&CODE_STATE=getMsg HTTP/1.1" 200 27
117.185.32.26 - - [05/Jun/2021:10:32:00 +0800] "POST /xingrg/kc/buy/cgsh_order_operate.html HTTP/1.1" 200 12
116.230.117.165 - - [05/Jun/2021:10:32:03 +0800] "GET /xingrg/all/function/internal_message.html?_=1622860324661&CODE_STATE=getMsg HTTP/1.1" 200 27
117.185.32.26 - - [05/Jun/2021:10:32:04 +0800] "POST /xingrg/kc/buy/cgsh_order_operate.html HTTP/1.1" 200 37
117.185.32.26 - - [05/Jun/2021:10:32:04 +0800] "GET /xingrg/kc/buy/cgsh_order_info.html?code=212021060501949 HTTP/1.1" 200 57327
117.185.32.26 - - [05/Jun/2021:10:32:04 +0800] "GET /xingrg/javascript/easyui/themes/default/validatebox.css HTTP/1.1" 404 1104
117.185.32.26 - - [05/Jun/2021:10:32:06 +0800] "POST /xingrg/kc/buy/cgsh_order_operate.html HTTP/1.1" 200 611
117.185.32.26 - - [05/Jun/2021:10:32:08 +0800] "GET /xingrg/kc/print/load_data.html?order_code=212021060501949&kc_code=cgsh&condition= HTTP/1.1" 200 780
117.185.32.26 - - [05/Jun/2021:10:32:11 +0800] "POST /xingrg/kc/buy/cgsh_order_operate.html HTTP/1.1" 200 12
222.69.131.252 - - [05/Jun/2021:10:32:12 +0800] "GET /xingrg/kc/buy/cgsh_order_info.html?code=212021060501948 HTTP/1.1" 200 57368
222.69.131.252 - - [05/Jun/2021:10:32:12 +0800] "GET /xingrg/words/20210605102642_words.js HTTP/1.1" 304 -
222.69.131.252 - - [05/Jun/2021:10:32:12 +0800] "GET /xingrg/javascript/easyui/themes/default/validatebox.css HTTP/1.1" 404 1104
222.69.131.252 - - [05/Jun/2021:10:32:13 +0800] "POST /xingrg/kc/buy/cgsh_order_operate.html HTTP/1.1" 200 3593
117.185.32.26 - - [05/Jun/2021:10:32:13 +0800] "GET /xingrg/kc/buy/cgsh_order_info.html?code=212021060501950 HTTP/1.1" 200 57319
117.185.32.26 - - [05/Jun/2021:10:32:14 +0800] "GET /xingrg/words/20210605102642_words.js HTTP/1.1" 304 -
117.185.32.26 - - [05/Jun/2021:10:32:14 +0800] "GET /xingrg/javascript/easyui/themes/default/validatebox.css HTTP/1.1" 404 1104
117.185.32.26 - - [05/Jun/2021:10:32:15 +0800] "POST /xingrg/kc/buy/cgsh_order_operate.html HTTP/1.1" 200 1213
117.185.32.26 - - [05/Jun/2021:10:32:15 +0800] "GET /xingrg/kc/print/load_data.html?order_code=212021060501949&kc_code=cgsh HTTP/1.1" 200 780
117.185.32.26 - - [05/Jun/2021:10:32:18 +0800] "GET /xingrg/kc/print/load_data.html?order_code=212021060501950&kc_code=cgsh&condition= HTTP/1.1" 200 1004
222.69.131.252 - - [05/Jun/2021:10:32:18 +0800] "GET /xingrg/kc/print/load_data.html?order_code=212021060501948&kc_code=cgsh&condition= HTTP/1.1" 200 1954
180.161.111.4 - - [05/Jun/2021:10:32:20 +0800] "GET /xingrg/all/function/internal_message.html?_=1622860306187&CODE_STATE=getMsg HTTP/1.1" 200 27
117.185.32.26 - - [05/Jun/2021:10:32:25 +0800] "GET /xingrg/kc/buy/cgsh_order_add.html HTTP/1.1" 200 62413
117.185.32.26 - - [05/Jun/2021:10:32:25 +0800] "GET /xingrg/javascript/easyui/themes/default/validatebox.css HTTP/1.1" 404 1104
180.169.147.146 - - [05/Jun/2021:10:32:26 +0800] "GET /xingrg/check_reg.html?_=1622860350709 HTTP/1.1" 302 -
117.185.32.26 - - [05/Jun/2021:10:32:26 +0800] "POST /xingrg/kc/buy/cgsh_order_operate.html HTTP/1.1" 200 8245
117.185.32.26 - - [05/Jun/2021:10:32:28 +0800] "GET /xingrg/javascript/easyui/themes/default/tree.css HTTP/1.1" 404 1090
117.185.32.26 - - [05/Jun/2021:10:32:29 +0800] "POST /xingrg/all/common/load_tree.html?tree=supplier_tree_json&isDelete=1 HTTP/1.1" 200 56016
116.224.253.72 - - [05/Jun/2021:10:32:34 +0800] "GET /xingrg/all/function/internal_message.html?_=1622860357363&CODE_STATE=getMsg HTTP/1.1" 200 27
222.69.131.252 - - [05/Jun/2021:10:32:35 +0800] "GET /xingrg/all/function/internal_message.html?_=1622860358850&CODE_STATE=getMsg HTTP/1.1" 200 27
