61.165.42.208 - - [05/Jun/2021:10:21:55 +0800] "GET /xingrg/all/function/internal_message.html?_=1622859719235&CODE_STATE=getMsg HTTP/1.1" 200 27
180.169.147.146 - - [05/Jun/2021:10:21:56 +0800] "GET /xingrg/system/info/materiel_manager.html HTTP/1.1" 200 19497
180.169.147.146 - - [05/Jun/2021:10:21:56 +0800] "GET /xingrg/dwr/interface/AjaxBaseInfoService.js HTTP/1.1" 200 21363
180.169.147.146 - - [05/Jun/2021:10:21:56 +0800] "GET /xingrg/dwr/interface/AjaxComOrderService.js HTTP/1.1" 200 18264
180.169.147.146 - - [05/Jun/2021:10:21:56 +0800] "GET /xingrg/dwr/engine.js HTTP/1.1" 200 43631
180.169.147.146 - - [05/Jun/2021:10:21:56 +0800] "POST /xingrg/dwr/call/plaincall/AjaxBaseInfoService.getSubMaterielSorts.dwr HTTP/1.1" 200 219
180.169.147.146 - - [05/Jun/2021:10:21:57 +0800] "POST /xingrg/dwr/call/plaincall/AjaxBaseInfoService.getMateriels.dwr HTTP/1.1" 200 2929
116.224.253.72 - - [05/Jun/2021:10:21:58 +0800] "GET /xingrg/all/function/internal_message.html?_=1622859723763&CODE_STATE=getMsg HTTP/1.1" 200 27
116.224.253.72 - - [05/Jun/2021:10:21:58 +0800] "GET /xingrg/kc/mdqp/qqps_order_list.html?isBack=1 HTTP/1.1" 302 -
116.224.253.72 - - [05/Jun/2021:10:21:58 +0800] "GET /xingrg/kc/mdqp/qqps_order_list.html?isQuery=1&timeSelect=1&orderTime=day&startTime=2021-06-04&endTime=2021-06-05&state=all&query=%C8%B7++%B6%A8 HTTP/1.1" 200 11401
116.224.253.72 - - [05/Jun/2021:10:21:58 +0800] "GET /xingrg/dwr/interface/AjaxReportQueryService.js HTTP/1.1" 200 13203
116.224.253.72 - - [05/Jun/2021:10:21:58 +0800] "GET /xingrg/dwr/interface/AjaxQqpsService.js HTTP/1.1" 200 16326
116.224.253.72 - - [05/Jun/2021:10:21:58 +0800] "GET /xingrg/dwr/engine.js HTTP/1.1" 200 43631
180.169.147.146 - - [05/Jun/2021:10:21:59 +0800] "GET /xingrg/all/function/internal_message.html?_=1622859723107&CODE_STATE=getMsg HTTP/1.1" 200 27
180.169.147.146 - - [05/Jun/2021:10:22:00 +0800] "GET /xingrg/all/function/internal_message.html?_=1622859718068&CODE_STATE=getMsg HTTP/1.1" 200 27
116.230.117.165 - - [05/Jun/2021:10:22:02 +0800] "GET /xingrg/all/function/internal_message.html?_=1622859724043&CODE_STATE=getMsg HTTP/1.1" 200 27
116.224.253.72 - - [05/Jun/2021:10:22:02 +0800] "GET /xingrg/kc/mdqp/qqps_order_info.html?code=302021060400073 HTTP/1.1" 200 26409
116.224.253.72 - - [05/Jun/2021:10:22:02 +0800] "GET /xingrg/dwr/interface/AjaxQqpsService.js HTTP/1.1" 200 16326
116.224.253.72 - - [05/Jun/2021:10:22:02 +0800] "GET /xingrg/dwr/interface/AjaxComOrderService.js HTTP/1.1" 200 18264
116.224.253.72 - - [05/Jun/2021:10:22:02 +0800] "GET /xingrg/dwr/engine.js HTTP/1.1" 200 43631
116.224.253.72 - - [05/Jun/2021:10:22:04 +0800] "POST /xingrg/dwr/call/plaincall/AjaxQqpsService.loadMaterielItems.dwr HTTP/1.1" 200 12161
116.224.253.72 - - [05/Jun/2021:10:22:12 +0800] "GET /xingrg/kc/mdqp/qqps_order_list.html?isBack=1 HTTP/1.1" 302 -
116.224.253.72 - - [05/Jun/2021:10:22:12 +0800] "GET /xingrg/kc/mdqp/qqps_order_list.html?isQuery=1&timeSelect=1&orderTime=day&startTime=2021-06-04&endTime=2021-06-05&state=all&query=%C8%B7++%B6%A8 HTTP/1.1" 200 11401
116.224.253.72 - - [05/Jun/2021:10:22:12 +0800] "GET /xingrg/dwr/interface/AjaxQqpsService.js HTTP/1.1" 200 16326
116.224.253.72 - - [05/Jun/2021:10:22:12 +0800] "GET /xingrg/dwr/interface/AjaxReportQueryService.js HTTP/1.1" 200 13203
116.224.253.72 - - [05/Jun/2021:10:22:12 +0800] "GET /xingrg/dwr/engine.js HTTP/1.1" 200 43631
116.224.253.72 - - [05/Jun/2021:10:22:15 +0800] "GET /xingrg/kc/mdqp/qqps_order_info.html?code=302021060500095 HTTP/1.1" 200 28164
116.224.253.72 - - [05/Jun/2021:10:22:15 +0800] "GET /xingrg/dwr/interface/AjaxQqpsService.js HTTP/1.1" 200 16326
116.224.253.72 - - [05/Jun/2021:10:22:15 +0800] "GET /xingrg/dwr/interface/AjaxComOrderService.js HTTP/1.1" 200 18264
116.224.253.72 - - [05/Jun/2021:10:22:15 +0800] "GET /xingrg/dwr/engine.js HTTP/1.1" 200 43631
116.224.253.72 - - [05/Jun/2021:10:22:16 +0800] "POST /xingrg/dwr/call/plaincall/AjaxQqpsService.loadMaterielItems.dwr HTTP/1.1" 200 2450
180.169.147.146 - - [05/Jun/2021:10:22:16 +0800] "POST /xingrg/dwr/call/plaincall/AjaxBaseInfoService.getSubMaterielSorts.dwr HTTP/1.1" 200 3482
180.169.147.146 - - [05/Jun/2021:10:22:17 +0800] "POST /xingrg/dwr/call/plaincall/AjaxBaseInfoService.getMateriels.dwr HTTP/1.1" 200 3020
180.169.147.146 - - [05/Jun/2021:10:22:18 +0800] "POST /xingrg/dwr/call/plaincall/AjaxBaseInfoService.getMateriels.dwr HTTP/1.1" 200 3009
116.224.253.72 - - [05/Jun/2021:10:22:19 +0800] "POST /xingrg/dwr/call/plaincall/AjaxQqpsService.checkOrder.dwr HTTP/1.1" 200 78
180.161.111.4 - - [05/Jun/2021:10:22:19 +0800] "GET /xingrg/all/function/internal_message.html?_=1622859705902&CODE_STATE=getMsg HTTP/1.1" 200 27
116.224.253.72 - - [05/Jun/2021:10:22:21 +0800] "GET /xingrg/kc/mdqp/qqps_order_info.html?code=302021060500095 HTTP/1.1" 200 26409
116.224.253.72 - - [05/Jun/2021:10:22:21 +0800] "GET /xingrg/dwr/interface/AjaxQqpsService.js HTTP/1.1" 200 16326
116.224.253.72 - - [05/Jun/2021:10:22:21 +0800] "GET /xingrg/dwr/interface/AjaxComOrderService.js HTTP/1.1" 200 18264
116.224.253.72 - - [05/Jun/2021:10:22:21 +0800] "GET /xingrg/dwr/engine.js HTTP/1.1" 200 43631
180.169.147.146 - - [05/Jun/2021:10:22:22 +0800] "POST /xingrg/dwr/call/plaincall/AjaxBaseInfoService.searchMateriels.dwr HTTP/1.1" 200 696
116.224.253.72 - - [05/Jun/2021:10:22:22 +0800] "POST /xingrg/dwr/call/plaincall/AjaxQqpsService.loadMaterielItems.dwr HTTP/1.1" 200 2450
180.169.147.146 - - [05/Jun/2021:10:22:25 +0800] "GET /xingrg/check_reg.html?_=1622859750666 HTTP/1.1" 302 -
222.69.131.252 - - [05/Jun/2021:10:22:27 +0800] "GET /xingrg/kc/buy/cgsh_order_operate.html?command=get_materiel&rest_code=00149&code=00101009016&supplier_code=00100201&order_time=2021-06-05 HTTP/1.1" 200 412
180.169.147.146 - - [05/Jun/2021:10:22:31 +0800] "POST /xingrg/dwr/call/plaincall/AjaxBaseInfoService.getMateriels.dwr HTTP/1.1" 200 3009
180.169.147.146 - - [05/Jun/2021:10:22:32 +0800] "GET /xingrg/system/info/materiel_info.html?code=00102006&isAdd=1 HTTP/1.1" 200 34688
180.169.147.146 - - [05/Jun/2021:10:22:32 +0800] "GET /xingrg/dwr/engine.js HTTP/1.1" 200 43631
180.169.147.146 - - [05/Jun/2021:10:22:32 +0800] "GET /favicon.ico HTTP/1.1" 404 -
180.169.147.146 - - [05/Jun/2021:10:22:32 +0800] "POST /xingrg/all/common/load_tree.html?tree=area_rest_tree_json HTTP/1.1" 200 3466
180.169.147.146 - - [05/Jun/2021:10:22:32 +0800] "POST /xingrg/dwr/call/plaincall/AjaxBaseInfoService.getMaterielInfo.dwr HTTP/1.1" 200 217
180.169.147.146 - - [05/Jun/2021:10:22:33 +0800] "POST /xingrg/all/common/load_tree.html?tree=area_rest_tree_json&defaultRests=undefined HTTP/1.1" 200 3466
116.224.253.72 - - [05/Jun/2021:10:22:34 +0800] "GET /xingrg/all/function/internal_message.html?_=1622859757326&CODE_STATE=getMsg HTTP/1.1" 200 27
222.69.131.252 - - [05/Jun/2021:10:22:36 +0800] "GET /xingrg/all/function/internal_message.html?_=1622859759018&CODE_STATE=getMsg HTTP/1.1" 200 27
116.230.110.80 - - [05/Jun/2021:10:22:36 +0800] "GET /xingrg/check_reg.html?_=1622859752310 HTTP/1.1" 200 22
116.230.110.80 - - [05/Jun/2021:10:22:36 +0800] "GET /xingrg/all/function/internal_message.html?_=1622859752361&CODE_STATE=getMsg HTTP/1.1" 200 27
61.165.42.208 - - [05/Jun/2021:10:22:37 +0800] "POST /xingrg/kc/buy/cgsh_order_operate.html HTTP/1.1" 200 37
61.165.42.208 - - [05/Jun/2021:10:22:39 +0800] "POST /xingrg/kc/buy/cgsh_order_operate.html HTTP/1.1" 200 64717
58.40.7.146 - - [05/Jun/2021:10:22:43 +0800] "GET /xingrg/all/function/internal_message.html?_=1622859767270&CODE_STATE=getMsg HTTP/1.1" 200 27
116.230.114.112 - - [05/Jun/2021:10:22:44 +0800] "GET /xingrg/check_reg.html?_=1622859785983 HTTP/1.1" 302 -
58.221.95.50 - - [05/Jun/2021:10:22:44 +0800] "GET /xingrg/all/function/internal_message.html?_=1622859770562&CODE_STATE=getMsg HTTP/1.1" 200 27
101.85.94.178 - - [05/Jun/2021:10:22:44 +0800] "GET /xingrg/all/function/internal_message.html?_=1622859236930&CODE_STATE=getMsg HTTP/1.1" 200 27
180.169.147.146 - - [05/Jun/2021:10:22:47 +0800] "POST /xingrg/dwr/call/plaincall/AjaxGetFirstChart.getFirstChart.dwr HTTP/1.1" 200 83
180.161.111.4 - - [05/Jun/2021:10:22:47 +0800] "GET /xingrg/all/function/internal_message.html?_=1622859762814&CODE_STATE=getMsg HTTP/1.1" 200 27
180.161.111.4 - - [05/Jun/2021:10:22:47 +0800] "GET /xingrg/check_reg.html?_=1622859762815 HTTP/1.1" 200 22
114.86.187.76 - - [05/Jun/2021:10:22:50 +0800] "GET /xingrg/all/function/internal_message.html?_=1622859784590&CODE_STATE=getMsg HTTP/1.1" 200 27
180.169.147.146 - - [05/Jun/2021:10:22:51 +0800] "POST /xingrg/dwr/call/plaincall/AjaxBaseInfoService.changeUnitGroup.dwr HTTP/1.1" 200 243
180.169.147.146 - - [05/Jun/2021:10:22:53 +0800] "POST /xingrg/dwr/call/plaincall/AjaxBaseInfoService.changeUnitGroup.dwr HTTP/1.1" 200 243
222.70.177.128 - - [05/Jun/2021:10:22:53 +0800] "GET /xingrg/all/function/internal_message.html?_=1622859774813&CODE_STATE=getMsg HTTP/1.1" 200 27
61.165.42.208 - - [05/Jun/2021:10:22:53 +0800] "GET /xingrg/all/function/internal_message.html?_=1622859755716&CODE_STATE=getMsg HTTP/1.1" 200 27
61.165.42.208 - - [05/Jun/2021:10:22:55 +0800] "GET /xingrg/all/function/internal_message.html?_=1622859779254&CODE_STATE=getMsg HTTP/1.1" 200 27
116.224.253.72 - - [05/Jun/2021:10:22:58 +0800] "GET /xingrg/all/function/internal_message.html?_=1622859783780&CODE_STATE=getMsg HTTP/1.1" 200 27
180.169.147.146 - - [05/Jun/2021:10:22:58 +0800] "POST /xingrg/dwr/call/plaincall/AjaxBaseInfoService.saveMateriel.dwr HTTP/1.1" 200 109
180.169.147.146 - - [05/Jun/2021:10:22:59 +0800] "POST /xingrg/dwr/call/plaincall/AjaxBaseInfoService.getMateriels.dwr HTTP/1.1" 200 3009
180.169.147.146 - - [05/Jun/2021:10:22:59 +0800] "GET /xingrg/all/function/internal_message.html?_=1622859783087&CODE_STATE=getMsg HTTP/1.1" 200 27
180.169.147.146 - - [05/Jun/2021:10:23:00 +0800] "GET /xingrg/system/info/materiel_info.html?code=00102006&isAdd=1 HTTP/1.1" 200 34688
180.169.147.146 - - [05/Jun/2021:10:23:00 +0800] "GET /xingrg/dwr/interface/AjaxGetFirstChart.js HTTP/1.1" 200 631
180.169.147.146 - - [05/Jun/2021:10:23:00 +0800] "GET /xingrg/dwr/interface/AjaxBaseInfoService.js HTTP/1.1" 200 21363
180.169.147.146 - - [05/Jun/2021:10:23:00 +0800] "GET /xingrg/dwr/interface/AjaxComOrderService.js HTTP/1.1" 200 18264
180.169.147.146 - - [05/Jun/2021:10:23:00 +0800] "GET /xingrg/dwr/engine.js HTTP/1.1" 200 43631
180.169.147.146 - - [05/Jun/2021:10:23:00 +0800] "GET /xingrg/all/function/internal_message.html?_=1622859778047&CODE_STATE=getMsg HTTP/1.1" 200 27
180.169.147.146 - - [05/Jun/2021:10:23:00 +0800] "POST /xingrg/all/common/load_tree.html?tree=area_rest_tree_json HTTP/1.1" 200 3466
180.169.147.146 - - [05/Jun/2021:10:23:00 +0800] "POST /xingrg/dwr/call/plaincall/AjaxBaseInfoService.getMaterielInfo.dwr HTTP/1.1" 200 217
180.169.147.146 - - [05/Jun/2021:10:23:01 +0800] "POST /xingrg/all/common/load_tree.html?tree=area_rest_tree_json&defaultRests=undefined HTTP/1.1" 200 3466
116.230.117.165 - - [05/Jun/2021:10:23:02 +0800] "GET /xingrg/all/function/internal_message.html?_=1622859784221&CODE_STATE=getMsg HTTP/1.1" 200 27
180.169.147.146 - - [05/Jun/2021:10:23:03 +0800] "GET /xingrg/check_reg.html?_=1622859788150 HTTP/1.1" 302 -
61.165.42.208 - - [05/Jun/2021:10:23:05 +0800] "POST /xingrg/kc/buy/cgsh_order_operate.html HTTP/1.1" 200 37
61.165.42.208 - - [05/Jun/2021:10:23:07 +0800] "POST /xingrg/kc/buy/cgsh_order_operate.html HTTP/1.1" 200 64717
61.165.42.208 - - [05/Jun/2021:10:23:09 +0800] "GET /xingrg/kc/print/load_data.html?order_code=212021060501931&kc_code=cgsh&condition= HTTP/1.1" 200 24041
180.169.147.146 - - [05/Jun/2021:10:23:12 +0800] "POST /xingrg/dwr/call/plaincall/AjaxGetFirstChart.getFirstChart.dwr HTTP/1.1" 200 80
180.169.147.146 - - [05/Jun/2021:10:23:16 +0800] "POST /xingrg/dwr/call/plaincall/AjaxBaseInfoService.changeUnitGroup.dwr HTTP/1.1" 200 243
180.169.147.146 - - [05/Jun/2021:10:23:19 +0800] "POST /xingrg/dwr/call/plaincall/AjaxBaseInfoService.saveMateriel.dwr HTTP/1.1" 200 109
180.161.111.4 - - [05/Jun/2021:10:23:20 +0800] "GET /xingrg/all/function/internal_message.html?_=1622859765919&CODE_STATE=getMsg HTTP/1.1" 200 27
180.169.147.146 - - [05/Jun/2021:10:23:20 +0800] "POST /xingrg/dwr/call/plaincall/AjaxBaseInfoService.getMateriels.dwr HTTP/1.1" 200 3009
180.169.147.146 - - [05/Jun/2021:10:23:28 +0800] "GET /xingrg/system/info/materiel_info.html?code=00102006&isAdd=1 HTTP/1.1" 200 34688
180.169.147.146 - - [05/Jun/2021:10:23:28 +0800] "GET /xingrg/dwr/interface/AjaxGetFirstChart.js HTTP/1.1" 200 631
180.169.147.146 - - [05/Jun/2021:10:23:28 +0800] "GET /xingrg/dwr/interface/AjaxBaseInfoService.js HTTP/1.1" 200 21363
180.169.147.146 - - [05/Jun/2021:10:23:28 +0800] "GET /xingrg/dwr/interface/AjaxComOrderService.js HTTP/1.1" 200 18264
180.169.147.146 - - [05/Jun/2021:10:23:28 +0800] "GET /xingrg/dwr/engine.js HTTP/1.1" 200 43631
180.169.147.146 - - [05/Jun/2021:10:23:29 +0800] "POST /xingrg/all/common/load_tree.html?tree=area_rest_tree_json HTTP/1.1" 200 3466
180.169.147.146 - - [05/Jun/2021:10:23:29 +0800] "POST /xingrg/dwr/call/plaincall/AjaxBaseInfoService.getMaterielInfo.dwr HTTP/1.1" 200 217
180.169.147.146 - - [05/Jun/2021:10:23:29 +0800] "POST /xingrg/all/common/load_tree.html?tree=area_rest_tree_json&defaultRests=undefined HTTP/1.1" 200 3466
116.224.253.72 - - [05/Jun/2021:10:23:34 +0800] "GET /xingrg/check_reg.html?_=1622859817340 HTTP/1.1" 200 22
116.224.253.72 - - [05/Jun/2021:10:23:34 +0800] "GET /xingrg/all/function/internal_message.html?_=1622859817342&CODE_STATE=getMsg HTTP/1.1" 200 27
222.70.177.128 - - [05/Jun/2021:10:23:34 +0800] "GET /xingrg/kc/buy/buy_main.html HTTP/1.1" 200 12412
222.70.177.128 - - [05/Jun/2021:10:23:34 +0800] "GET /xingrg/css/new_ie.css HTTP/1.1" 404 1036
222.70.177.128 - - [05/Jun/2021:10:23:35 +0800] "GET /xingrg/images/yd/bt.gif HTTP/1.1" 404 1040
222.69.131.252 - - [05/Jun/2021:10:23:36 +0800] "GET /xingrg/all/function/internal_message.html?_=1622859819002&CODE_STATE=getMsg HTTP/1.1" 200 27
222.70.177.128 - - [05/Jun/2021:10:23:36 +0800] "GET /xingrg/kc/buy/cgsh_order_list.html HTTP/1.1" 200 46675
116.230.110.80 - - [05/Jun/2021:10:23:36 +0800] "GET /xingrg/all/function/internal_message.html?_=1622859812339&CODE_STATE=getMsg HTTP/1.1" 200 27
180.169.147.146 - - [05/Jun/2021:10:23:38 +0800] "POST /xingrg/dwr/call/plaincall/AjaxGetFirstChart.getFirstChart.dwr HTTP/1.1" 200 80
180.169.147.146 - - [05/Jun/2021:10:23:41 +0800] "POST /xingrg/dwr/call/plaincall/AjaxBaseInfoService.changeUnitGroup.dwr HTTP/1.1" 200 243
222.70.177.128 - - [05/Jun/2021:10:23:43 +0800] "POST /xingrg/kc/buy/cgsh_list_operate.html HTTP/1.1" 200 2773
58.40.7.146 - - [05/Jun/2021:10:23:43 +0800] "GET /xingrg/all/function/internal_message.html?_=1622859827287&CODE_STATE=getMsg HTTP/1.1" 200 27
58.221.95.50 - - [05/Jun/2021:10:23:44 +0800] "GET /xingrg/all/function/internal_message.html?_=1622859830534&CODE_STATE=getMsg HTTP/1.1" 200 27
101.85.94.178 - - [05/Jun/2021:10:23:44 +0800] "GET /xingrg/all/function/internal_message.html?_=1622859296928&CODE_STATE=getMsg HTTP/1.1" 200 27
180.169.147.146 - - [05/Jun/2021:10:23:44 +0800] "POST /xingrg/dwr/call/plaincall/AjaxBaseInfoService.saveMateriel.dwr HTTP/1.1" 200 109
180.169.147.146 - - [05/Jun/2021:10:23:45 +0800] "POST /xingrg/dwr/call/plaincall/AjaxBaseInfoService.getMateriels.dwr HTTP/1.1" 200 3009
180.169.147.146 - - [05/Jun/2021:10:23:46 +0800] "GET /xingrg/system/info/materiel_info.html?code=00102006&isAdd=1 HTTP/1.1" 200 34688
180.169.147.146 - - [05/Jun/2021:10:23:46 +0800] "GET /xingrg/dwr/interface/AjaxGetFirstChart.js HTTP/1.1" 200 631
180.169.147.146 - - [05/Jun/2021:10:23:46 +0800] "GET /xingrg/dwr/interface/AjaxBaseInfoService.js HTTP/1.1" 200 21363
180.169.147.146 - - [05/Jun/2021:10:23:46 +0800] "GET /xingrg/dwr/interface/AjaxComOrderService.js HTTP/1.1" 200 18264
180.169.147.146 - - [05/Jun/2021:10:23:46 +0800] "GET /xingrg/dwr/engine.js HTTP/1.1" 200 43631
180.169.147.146 - - [05/Jun/2021:10:23:47 +0800] "POST /xingrg/all/common/load_tree.html?tree=area_rest_tree_json HTTP/1.1" 200 3466
180.169.147.146 - - [05/Jun/2021:10:23:47 +0800] "POST /xingrg/dwr/call/plaincall/AjaxBaseInfoService.getMaterielInfo.dwr HTTP/1.1" 200 217
180.169.147.146 - - [05/Jun/2021:10:23:47 +0800] "POST /xingrg/all/common/load_tree.html?tree=area_rest_tree_json&defaultRests=undefined HTTP/1.1" 200 3466
180.161.111.4 - - [05/Jun/2021:10:23:47 +0800] "GET /xingrg/all/function/internal_message.html?_=1622859822798&CODE_STATE=getMsg HTTP/1.1" 200 27
114.86.187.76 - - [05/Jun/2021:10:23:50 +0800] "GET /xingrg/all/function/internal_message.html?_=1622859844590&CODE_STATE=getMsg HTTP/1.1" 200 27
222.70.177.128 - - [05/Jun/2021:10:23:53 +0800] "GET /xingrg/all/function/internal_message.html?_=1622859834834&CODE_STATE=getMsg HTTP/1.1" 200 27
61.165.42.208 - - [05/Jun/2021:10:23:53 +0800] "GET /xingrg/all/function/internal_message.html?_=1622859815718&CODE_STATE=getMsg HTTP/1.1" 200 27
61.165.42.208 - - [05/Jun/2021:10:23:55 +0800] "GET /xingrg/all/function/internal_message.html?_=1622859839214&CODE_STATE=getMsg HTTP/1.1" 200 27
180.169.147.146 - - [05/Jun/2021:10:23:56 +0800] "POST /xingrg/dwr/call/plaincall/AjaxGetFirstChart.getFirstChart.dwr HTTP/1.1" 200 81
116.224.253.72 - - [05/Jun/2021:10:23:58 +0800] "GET /xingrg/all/function/internal_message.html?_=1622859843793&CODE_STATE=getMsg HTTP/1.1" 200 27
180.169.147.146 - - [05/Jun/2021:10:23:59 +0800] "GET /xingrg/all/function/internal_message.html?_=1622859843093&CODE_STATE=getMsg HTTP/1.1" 200 27
180.169.147.146 - - [05/Jun/2021:10:23:59 +0800] "POST /xingrg/dwr/call/plaincall/AjaxBaseInfoService.changeUnitGroup.dwr HTTP/1.1" 200 243
58.37.225.51 - - [05/Jun/2021:10:24:00 +0800] "POST /xingrg/services/DataTransmitService HTTP/1.1" 200 524
222.70.177.128 - - [05/Jun/2021:10:24:00 +0800] "POST /xingrg/kc/buy/cgsh_list_operate.html HTTP/1.1" 200 5895
180.169.147.146 - - [05/Jun/2021:10:24:00 +0800] "GET /xingrg/all/function/internal_message.html?_=1622859838049&CODE_STATE=getMsg HTTP/1.1" 200 27
116.230.117.165 - - [05/Jun/2021:10:24:02 +0800] "GET /xingrg/all/function/internal_message.html?_=1622859844226&CODE_STATE=getMsg HTTP/1.1" 200 27
180.169.147.146 - - [05/Jun/2021:10:24:04 +0800] "POST /xingrg/dwr/call/plaincall/AjaxBaseInfoService.saveMateriel.dwr HTTP/1.1" 200 109
180.169.147.146 - - [05/Jun/2021:10:24:04 +0800] "POST /xingrg/dwr/call/plaincall/AjaxBaseInfoService.getMateriels.dwr HTTP/1.1" 200 3010
222.70.177.128 - - [05/Jun/2021:10:24:05 +0800] "GET /xingrg/javascript/easyui/themes/default/tree.css HTTP/1.1" 404 1090
58.37.225.51 - - [05/Jun/2021:10:24:06 +0800] "POST /xingrg/services/DataTransmitService HTTP/1.1" 200 501
116.224.253.72 - - [05/Jun/2021:10:24:06 +0800] "GET /xingrg/check_reg.html?_=1622859851831 HTTP/1.1" 200 22
222.70.177.128 - - [05/Jun/2021:10:24:06 +0800] "POST /xingrg/all/common/load_tree.html?tree=supplier_tree_json&manage=1 HTTP/1.1" 200 56873
180.169.147.146 - - [05/Jun/2021:10:24:06 +0800] "GET /xingrg/system/info/materiel_info.html?code=00102006&isAdd=1 HTTP/1.1" 200 34688
180.169.147.146 - - [05/Jun/2021:10:24:06 +0800] "GET /xingrg/dwr/interface/AjaxGetFirstChart.js HTTP/1.1" 200 631
180.169.147.146 - - [05/Jun/2021:10:24:06 +0800] "GET /xingrg/dwr/interface/AjaxBaseInfoService.js HTTP/1.1" 200 21363
180.169.147.146 - - [05/Jun/2021:10:24:06 +0800] "GET /xingrg/dwr/interface/AjaxComOrderService.js HTTP/1.1" 200 18264
180.169.147.146 - - [05/Jun/2021:10:24:06 +0800] "GET /xingrg/dwr/engine.js HTTP/1.1" 200 43631
180.169.147.146 - - [05/Jun/2021:10:24:06 +0800] "POST /xingrg/all/common/load_tree.html?tree=area_rest_tree_json HTTP/1.1" 200 3466
180.169.147.146 - - [05/Jun/2021:10:24:07 +0800] "POST /xingrg/dwr/call/plaincall/AjaxBaseInfoService.getMaterielInfo.dwr HTTP/1.1" 200 217
180.169.147.146 - - [05/Jun/2021:10:24:07 +0800] "POST /xingrg/all/common/load_tree.html?tree=area_rest_tree_json&defaultRests=undefined HTTP/1.1" 200 3466
58.37.225.51 - - [05/Jun/2021:10:24:07 +0800] "POST /xingrg/services/DataTransmitService HTTP/1.1" 200 501
114.86.187.76 - - [05/Jun/2021:10:24:08 +0800] "GET /favicon.ico HTTP/1.1" 404 -
117.185.32.26 - - [05/Jun/2021:10:24:10 +0800] "GET /xingrg/login.html HTTP/1.1" 200 7641
117.185.32.26 - - [05/Jun/2021:10:24:11 +0800] "GET /xingrg/login.html HTTP/1.1" 200 7641
117.185.32.26 - - [05/Jun/2021:10:24:11 +0800] "GET /xingrg/login.html HTTP/1.1" 200 7641
117.185.32.26 - - [05/Jun/2021:10:24:11 +0800] "GET /favicon.ico HTTP/1.1" 404 -
117.185.32.26 - - [05/Jun/2021:10:24:11 +0800] "GET /favicon.ico HTTP/1.1" 404 -
117.185.32.26 - - [05/Jun/2021:10:24:11 +0800] "GET /favicon.ico HTTP/1.1" 404 -
61.165.42.208 - - [05/Jun/2021:10:24:12 +0800] "GET /xingrg/kc/buy/cgsh_order_add.html HTTP/1.1" 200 62460
61.165.42.208 - - [05/Jun/2021:10:24:12 +0800] "GET /xingrg/words/20210605102404_words.js HTTP/1.1" 200 819563
61.165.42.208 - - [05/Jun/2021:10:24:13 +0800] "POST /xingrg/kc/buy/cgsh_order_operate.html HTTP/1.1" 200 8245
61.165.42.208 - - [05/Jun/2021:10:24:13 +0800] "GET /xingrg/javascript/easyui/themes/default/validatebox.css HTTP/1.1" 404 1104
222.70.177.128 - - [05/Jun/2021:10:24:18 +0800] "POST /xingrg/kc/buy/cgsh_list_operate.html HTTP/1.1" 200 5504
117.185.32.26 - - [05/Jun/2021:10:24:18 +0800] "POST /xingrg/login.do HTTP/1.1" 302 -
117.185.32.26 - - [05/Jun/2021:10:24:18 +0800] "GET /xingrg/index.html?sysBaseUrl=http%3A%2F%2F180.169.147.146%3A18081%2Fxingrg%2F&costTime=2085×tamp=1622859858698 HTTP/1.1" 200 17173
117.185.32.26 - - [05/Jun/2021:10:24:19 +0800] "GET /favicon.ico HTTP/1.1" 404 -
116.233.77.11 - - [05/Jun/2021:10:24:19 +0800] "GET /favicon.ico HTTP/1.1" 404 -
117.185.32.26 - - [05/Jun/2021:10:24:19 +0800] "GET /xingrg/all/function/internal_message.html?_=1622860395756&CODE_STATE=count HTTP/1.1" 200 11
117.185.32.26 - - [05/Jun/2021:10:24:19 +0800] "GET /xingrg/check_reg.html?_=1622860395758 HTTP/1.1" 200 22
117.185.32.26 - - [05/Jun/2021:10:24:19 +0800] "POST /xingrg/all/common/load_tree.html?tree=area_rest_tree_json&manage=1 HTTP/1.1" 200 342
117.185.32.26 - - [05/Jun/2021:10:24:19 +0800] "POST /xingrg/load_menu.html HTTP/1.1" 200 5138
180.161.111.4 - - [05/Jun/2021:10:24:19 +0800] "GET /xingrg/check_reg.html?_=1622859825862 HTTP/1.1" 200 22
180.161.111.4 - - [05/Jun/2021:10:24:20 +0800] "GET /xingrg/all/function/internal_message.html?_=1622859825972&CODE_STATE=getMsg HTTP/1.1" 200 27
180.169.147.146 - - [05/Jun/2021:10:24:20 +0800] "POST /xingrg/dwr/call/plaincall/AjaxGetFirstChart.getFirstChart.dwr HTTP/1.1" 200 81
117.185.32.26 - - [05/Jun/2021:10:24:22 +0800] "GET /xingrg/kc/buy/cgsh_order_info.html?code=212021060501940 HTTP/1.1" 200 57327
117.185.32.26 - - [05/Jun/2021:10:24:22 +0800] "GET /xingrg/words/20210605102404_words.js HTTP/1.1" 200 819563
117.185.32.26 - - [05/Jun/2021:10:24:23 +0800] "GET /xingrg/javascript/easyui/themes/default/validatebox.css HTTP/1.1" 404 1104
117.185.32.26 - - [05/Jun/2021:10:24:23 +0800] "POST /xingrg/kc/buy/cgsh_order_operate.html HTTP/1.1" 200 1808
180.169.147.146 - - [05/Jun/2021:10:24:24 +0800] "POST /xingrg/dwr/call/plaincall/AjaxBaseInfoService.getMateriels.dwr HTTP/1.1" 200 2965
117.185.32.26 - - [05/Jun/2021:10:24:26 +0800] "GET /xingrg/kc/buy/buy_main.html HTTP/1.1" 200 12412
117.185.32.26 - - [05/Jun/2021:10:24:26 +0800] "GET /xingrg/css/new_ie.css HTTP/1.1" 404 1036
180.169.147.146 - - [05/Jun/2021:10:24:27 +0800] "GET /xingrg/system/info/materiel_info.html?code=00102008&isAdd=1 HTTP/1.1" 200 34688
180.169.147.146 - - [05/Jun/2021:10:24:27 +0800] "GET /xingrg/dwr/engine.js HTTP/1.1" 200 43631
180.169.147.146 - - [05/Jun/2021:10:24:27 +0800] "GET /favicon.ico HTTP/1.1" 404 -
180.169.147.146 - - [05/Jun/2021:10:24:27 +0800] "POST /xingrg/all/common/load_tree.html?tree=area_rest_tree_json HTTP/1.1" 200 3466
180.169.147.146 - - [05/Jun/2021:10:24:27 +0800] "POST /xingrg/dwr/call/plaincall/AjaxBaseInfoService.getMaterielInfo.dwr HTTP/1.1" 200 222
180.169.147.146 - - [05/Jun/2021:10:24:28 +0800] "POST /xingrg/all/common/load_tree.html?tree=area_rest_tree_json&defaultRests=undefined HTTP/1.1" 200 3466
117.185.32.26 - - [05/Jun/2021:10:24:30 +0800] "GET /xingrg/images/yd/bt.gif HTTP/1.1" 404 1040
117.185.32.26 - - [05/Jun/2021:10:24:32 +0800] "GET /xingrg/kc/buy/cgsh_order_list.html HTTP/1.1" 200 46675
116.224.253.72 - - [05/Jun/2021:10:24:34 +0800] "GET /xingrg/all/function/internal_message.html?_=1622859877330&CODE_STATE=getMsg HTTP/1.1" 200 27
117.185.32.26 - - [05/Jun/2021:10:24:34 +0800] "POST /xingrg/kc/buy/cgsh_list_operate.html HTTP/1.1" 200 876
58.37.225.51 - - [05/Jun/2021:10:24:34 +0800] "POST /xingrg/services/DataTransmitService HTTP/1.1" 200 501
222.69.131.252 - - [05/Jun/2021:10:24:36 +0800] "GET /xingrg/all/function/internal_message.html?_=1622859878984&CODE_STATE=getMsg HTTP/1.1" 200 27
222.69.131.252 - - [05/Jun/2021:10:24:36 +0800] "GET /xingrg/kc/buy/cgsh_order_operate.html?command=get_materiel&rest_code=00149&code=00101009007&supplier_code=00100201&order_time=2021-06-05 HTTP/1.1" 200 408
116.230.110.80 - - [05/Jun/2021:10:24:36 +0800] "GET /xingrg/all/function/internal_message.html?_=1622859872320&CODE_STATE=getMsg HTTP/1.1" 200 27
117.185.32.26 - - [05/Jun/2021:10:24:37 +0800] "GET /xingrg/kc/buy/cgsh_order_add.html HTTP/1.1" 200 62413
117.185.32.26 - - [05/Jun/2021:10:24:37 +0800] "GET /xingrg/words/20210605102404_words.js HTTP/1.1" 200 819563
117.185.32.26 - - [05/Jun/2021:10:24:38 +0800] "GET /xingrg/javascript/easyui/themes/default/validatebox.css HTTP/1.1" 404 1104
117.185.32.26 - - [05/Jun/2021:10:24:38 +0800] "GET /xingrg/all/common/auto_word.html?type=employee&rest_code=00106 HTTP/1.1" 200 205
117.185.32.26 - - [05/Jun/2021:10:24:38 +0800] "GET /xingrg/all/common/auto_word.html?type=employee&rest_code=00106 HTTP/1.1" 200 205
117.185.32.26 - - [05/Jun/2021:10:24:38 +0800] "POST /xingrg/kc/buy/cgsh_order_operate.html HTTP/1.1" 200 8245
180.169.147.146 - - [05/Jun/2021:10:24:38 +0800] "POST /xingrg/dwr/call/plaincall/AjaxGetFirstChart.getFirstChart.dwr HTTP/1.1" 200 81
58.221.95.50 - - [05/Jun/2021:10:24:42 +0800] "GET /xingrg/kc/base/wldb_order_operate.html?command=get_materiel&rest_code=00152&base_code=0010647&code=00101029032 HTTP/1.1" 200 444
58.40.7.146 - - [05/Jun/2021:10:24:43 +0800] "GET /xingrg/all/function/internal_message.html?_=1622859887280&CODE_STATE=getMsg HTTP/1.1" 200 27
58.221.95.50 - - [05/Jun/2021:10:24:44 +0800] "GET /xingrg/all/function/internal_message.html?_=1622859890511&CODE_STATE=getMsg HTTP/1.1" 200 27
101.85.94.178 - - [05/Jun/2021:10:24:44 +0800] "GET /xingrg/all/function/internal_message.html?_=1622859356927&CODE_STATE=getMsg HTTP/1.1" 200 27
117.185.32.26 - - [05/Jun/2021:10:24:45 +0800] "GET /xingrg/javascript/easyui/themes/default/tree.css HTTP/1.1" 404 1090
117.185.32.26 - - [05/Jun/2021:10:24:46 +0800] "POST /xingrg/all/common/load_tree.html?tree=supplier_tree_json&isDelete=1 HTTP/1.1" 200 56016
180.161.111.4 - - [05/Jun/2021:10:24:47 +0800] "GET /xingrg/all/function/internal_message.html?_=1622859882812&CODE_STATE=getMsg HTTP/1.1" 200 27
114.86.187.76 - - [05/Jun/2021:10:24:50 +0800] "GET /xingrg/all/function/internal_message.html?_=1622859904590&CODE_STATE=getMsg HTTP/1.1" 200 27
114.86.187.76 - - [05/Jun/2021:10:24:50 +0800] "GET /xingrg/check_reg.html?_=1622859904811 HTTP/1.1" 200 22
222.70.177.128 - - [05/Jun/2021:10:24:53 +0800] "GET /xingrg/all/function/internal_message.html?_=1622859894825&CODE_STATE=getMsg HTTP/1.1" 200 27
61.165.42.208 - - [05/Jun/2021:10:24:53 +0800] "GET /xingrg/all/function/internal_message.html?_=1622859875721&CODE_STATE=getMsg HTTP/1.1" 200 27
61.165.42.208 - - [05/Jun/2021:10:24:53 +0800] "GET /xingrg/check_reg.html?_=1622859875724 HTTP/1.1" 200 22
61.165.42.208 - - [05/Jun/2021:10:24:55 +0800] "GET /xingrg/kc/buy/cgsh_order_operate.html?command=get_materiel&rest_code=00105&code=00101009001&supplier_code=00100024&order_time=2021-06-05 HTTP/1.1" 200 416
61.165.42.208 - - [05/Jun/2021:10:24:55 +0800] "GET /xingrg/all/function/internal_message.html?_=1622859899258&CODE_STATE=getMsg HTTP/1.1" 200 27
180.169.147.146 - - [05/Jun/2021:10:24:57 +0800] "POST /xingrg/dwr/call/plaincall/AjaxBaseInfoService.changeUnitGroup.dwr HTTP/1.1" 200 243
116.224.253.72 - - [05/Jun/2021:10:24:58 +0800] "GET /xingrg/all/function/internal_message.html?_=1622859903806&CODE_STATE=getMsg HTTP/1.1" 200 27
180.169.147.146 - - [05/Jun/2021:10:24:59 +0800] "GET /xingrg/all/function/internal_message.html?_=1622859903098&CODE_STATE=getMsg HTTP/1.1" 200 27
58.37.225.51 - - [05/Jun/2021:10:25:00 +0800] "POST /xingrg/services/DataTransmitService HTTP/1.1" 200 501
180.169.147.146 - - [05/Jun/2021:10:25:00 +0800] "GET /xingrg/all/function/internal_message.html?_=1622859898027&CODE_STATE=getMsg HTTP/1.1" 200 27
117.185.32.26 - - [05/Jun/2021:10:25:01 +0800] "GET /xingrg/kc/print/load_data.html?order_code=212021060501940&kc_code=cgsh&condition= HTTP/1.1" 200 1246
58.37.225.51 - - [05/Jun/2021:10:25:02 +0800] "POST /xingrg/services/DataTransmitService HTTP/1.1" 200 501
58.37.225.51 - - [05/Jun/2021:10:25:02 +0800] "POST /xingrg/services/DataTransmitService HTTP/1.1" 200 501
117.185.32.26 - - [05/Jun/2021:10:25:02 +0800] "GET /xingrg/javascript/auto/indicator.gif HTTP/1.1" 404 1066
116.230.117.165 - - [05/Jun/2021:10:25:02 +0800] "GET /xingrg/all/function/internal_message.html?_=1622859904432&CODE_STATE=getMsg HTTP/1.1" 200 27
58.37.225.51 - - [05/Jun/2021:10:25:04 +0800] "POST /xingrg/services/DataTransmitService HTTP/1.1" 200 501
180.169.147.146 - - [05/Jun/2021:10:25:07 +0800] "POST /xingrg/dwr/call/plaincall/AjaxBaseInfoService.saveMateriel.dwr HTTP/1.1" 200 109
180.169.147.146 - - [05/Jun/2021:10:25:08 +0800] "POST /xingrg/dwr/call/plaincall/AjaxBaseInfoService.getMateriels.dwr HTTP/1.1" 200 2965
61.165.42.208 - - [05/Jun/2021:10:25:08 +0800] "GET /xingrg/kc/buy/cgsh_order_operate.html?command=get_materiel&rest_code=00105&code=00101009124&supplier_code=00100024&order_time=2021-06-05 HTTP/1.1" 200 402
58.37.225.51 - - [05/Jun/2021:10:25:08 +0800] "POST /xingrg/services/DataTransmitService HTTP/1.1" 200 501
117.185.32.26 - - [05/Jun/2021:10:25:08 +0800] "GET /xingrg/check_reg.html?_=1622859909240 HTTP/1.1" 200 22
58.37.225.51 - - [05/Jun/2021:10:25:10 +0800] "POST /xingrg/services/DataTransmitService HTTP/1.1" 200 501
180.169.147.146 - - [05/Jun/2021:10:25:12 +0800] "GET /xingrg/system/info/materiel_info.html?code=00102008&isAdd=1 HTTP/1.1" 200 34688
180.169.147.146 - - [05/Jun/2021:10:25:12 +0800] "GET /xingrg/dwr/interface/AjaxGetFirstChart.js HTTP/1.1" 200 631
180.169.147.146 - - [05/Jun/2021:10:25:12 +0800] "GET /xingrg/dwr/interface/AjaxBaseInfoService.js HTTP/1.1" 200 21363
180.169.147.146 - - [05/Jun/2021:10:25:12 +0800] "GET /xingrg/dwr/interface/AjaxComOrderService.js HTTP/1.1" 200 18264
180.169.147.146 - - [05/Jun/2021:10:25:12 +0800] "GET /xingrg/dwr/engine.js HTTP/1.1" 200 43631
117.185.32.26 - - [05/Jun/2021:10:25:12 +0800] "GET /xingrg/kc/buy/cgsh_order_operate.html?command=get_materiel&rest_code=00106&code=00101001051&supplier_code=00100090&order_time=2021-06-05 HTTP/1.1" 200 422
180.169.147.146 - - [05/Jun/2021:10:25:12 +0800] "POST /xingrg/all/common/load_tree.html?tree=area_rest_tree_json HTTP/1.1" 200 3466
180.169.147.146 - - [05/Jun/2021:10:25:12 +0800] "POST /xingrg/dwr/call/plaincall/AjaxBaseInfoService.getMaterielInfo.dwr HTTP/1.1" 200 222
180.169.147.146 - - [05/Jun/2021:10:25:13 +0800] "POST /xingrg/all/common/load_tree.html?tree=area_rest_tree_json&defaultRests=undefined HTTP/1.1" 200 3466
58.37.225.51 - - [05/Jun/2021:10:25:13 +0800] "POST /xingrg/services/DataTransmitService HTTP/1.1" 200 412
58.221.95.50 - - [05/Jun/2021:10:25:14 +0800] "POST /xingrg/kc/base/wldb_order_operate.html HTTP/1.1" 200 37
58.221.95.50 - - [05/Jun/2021:10:25:15 +0800] "POST /xingrg/kc/base/wldb_order_operate.html HTTP/1.1" 200 9490
117.185.32.26 - - [05/Jun/2021:10:25:19 +0800] "GET /xingrg/all/function/internal_message.html?_=1622860455772&CODE_STATE=getMsg HTTP/1.1" 200 27
180.161.111.4 - - [05/Jun/2021:10:25:20 +0800] "GET /xingrg/all/function/internal_message.html?_=1622859885991&CODE_STATE=getMsg HTTP/1.1" 200 27
180.169.147.146 - - [05/Jun/2021:10:25:20 +0800] "GET /xingrg/check_reg.html?_=1622859918113 HTTP/1.1" 200 22
180.169.147.146 - - [05/Jun/2021:10:25:21 +0800] "POST /xingrg/dwr/call/plaincall/AjaxGetFirstChart.getFirstChart.dwr HTTP/1.1" 200 80
222.69.131.252 - - [05/Jun/2021:10:25:22 +0800] "POST /xingrg/kc/buy/cgsh_order_operate.html HTTP/1.1" 200 37
61.165.42.208 - - [05/Jun/2021:10:25:22 +0800] "GET /xingrg/kc/buy/cgsh_order_operate.html?command=get_materiel&rest_code=00105&code=00101009011&supplier_code=00100024&order_time=2021-06-05 HTTP/1.1" 200 416
180.169.147.146 - - [05/Jun/2021:10:25:23 +0800] "POST /xingrg/dwr/call/plaincall/AjaxBaseInfoService.changeUnitGroup.dwr HTTP/1.1" 200 243
222.69.131.252 - - [05/Jun/2021:10:25:23 +0800] "POST /xingrg/kc/buy/cgsh_order_operate.html HTTP/1.1" 200 7998
58.221.95.50 - - [05/Jun/2021:10:25:27 +0800] "GET /xingrg/check_reg.html?_=1622859934040 HTTP/1.1" 200 22
58.221.95.50 - - [05/Jun/2021:10:25:28 +0800] "GET /xingrg/kc/base/wldb_order_info.html?code=422021060500508 HTTP/1.1" 200 30251
58.221.95.50 - - [05/Jun/2021:10:25:28 +0800] "GET /xingrg/words/20210605102507_words.js HTTP/1.1" 200 819623
180.169.147.146 - - [05/Jun/2021:10:25:29 +0800] "POST /xingrg/dwr/call/plaincall/AjaxBaseInfoService.saveMateriel.dwr HTTP/1.1" 200 109
180.169.147.146 - - [05/Jun/2021:10:25:29 +0800] "POST /xingrg/dwr/call/plaincall/AjaxBaseInfoService.getMateriels.dwr HTTP/1.1" 200 2965
58.221.95.50 - - [05/Jun/2021:10:25:29 +0800] "GET /xingrg/javascript/easyui/themes/default/validatebox.css HTTP/1.1" 404 1104
58.221.95.50 - - [05/Jun/2021:10:25:30 +0800] "POST /xingrg/kc/base/wldb_order_operate.html HTTP/1.1" 200 9490
180.169.147.146 - - [05/Jun/2021:10:25:31 +0800] "GET /xingrg/system/info/materiel_info.html?code=00102008&isAdd=1 HTTP/1.1" 200 34688
180.169.147.146 - - [05/Jun/2021:10:25:31 +0800] "GET /xingrg/dwr/interface/AjaxBaseInfoService.js HTTP/1.1" 200 21363
180.169.147.146 - - [05/Jun/2021:10:25:31 +0800] "GET /xingrg/dwr/interface/AjaxGetFirstChart.js HTTP/1.1" 200 631
180.169.147.146 - - [05/Jun/2021:10:25:31 +0800] "GET /xingrg/dwr/interface/AjaxComOrderService.js HTTP/1.1" 200 18264
180.169.147.146 - - [05/Jun/2021:10:25:31 +0800] "GET /xingrg/dwr/engine.js HTTP/1.1" 200 43631
222.69.131.252 - - [05/Jun/2021:10:25:31 +0800] "POST /xingrg/kc/buy/cgsh_list_operate.html HTTP/1.1" 200 1691
180.169.147.146 - - [05/Jun/2021:10:25:31 +0800] "POST /xingrg/all/common/load_tree.html?tree=area_rest_tree_json HTTP/1.1" 200 3466
180.169.147.146 - - [05/Jun/2021:10:25:31 +0800] "POST /xingrg/dwr/call/plaincall/AjaxBaseInfoService.getMaterielInfo.dwr HTTP/1.1" 200 222
180.169.147.146 - - [05/Jun/2021:10:25:32 +0800] "POST /xingrg/all/common/load_tree.html?tree=area_rest_tree_json&defaultRests=undefined HTTP/1.1" 200 3466
61.165.42.208 - - [05/Jun/2021:10:25:32 +0800] "GET /xingrg/kc/buy/cgsh_order_operate.html?command=get_materiel&rest_code=00105&code=00101009062&supplier_code=00100024&order_time=2021-06-05 HTTP/1.1" 200 412
116.224.253.72 - - [05/Jun/2021:10:25:34 +0800] "GET /xingrg/all/function/internal_message.html?_=1622859937330&CODE_STATE=getMsg HTTP/1.1" 200 27
222.69.131.252 - - [05/Jun/2021:10:25:36 +0800] "GET /xingrg/all/function/internal_message.html?_=1622859938971&CODE_STATE=getMsg HTTP/1.1" 200 27
116.230.110.80 - - [05/Jun/2021:10:25:36 +0800] "GET /xingrg/all/function/internal_message.html?_=1622859932307&CODE_STATE=getMsg HTTP/1.1" 200 27
222.69.131.252 - - [05/Jun/2021:10:25:37 +0800] "GET /xingrg/kc/print/load_data.html?order_code=212021060501941&kc_code=cgsh&condition= HTTP/1.1" 200 2725
222.69.131.252 - - [05/Jun/2021:10:25:37 +0800] "GET /xingrg/check_reg.html?_=1622859940502 HTTP/1.1" 200 22
116.230.117.165 - - [05/Jun/2021:10:25:40 +0800] "GET /xingrg/check_reg.html?_=1622859942353 HTTP/1.1" 200 22
180.169.147.146 - - [05/Jun/2021:10:25:42 +0800] "POST /xingrg/dwr/call/plaincall/AjaxBaseInfoService.getMateriels.dwr HTTP/1.1" 200 3010
58.40.7.146 - - [05/Jun/2021:10:25:43 +0800] "GET /xingrg/check_reg.html?_=1622859947275 HTTP/1.1" 200 22
58.40.7.146 - - [05/Jun/2021:10:25:43 +0800] "GET /xingrg/all/function/internal_message.html?_=1622859947276&CODE_STATE=getMsg HTTP/1.1" 200 27
180.169.147.146 - - [05/Jun/2021:10:25:43 +0800] "GET /xingrg/system/info/materiel_info.html?code=00102006&isAdd=1 HTTP/1.1" 200 34688
180.169.147.146 - - [05/Jun/2021:10:25:43 +0800] "GET /xingrg/dwr/engine.js HTTP/1.1" 200 43631
180.169.147.146 - - [05/Jun/2021:10:25:43 +0800] "GET /favicon.ico HTTP/1.1" 404 -
58.221.95.50 - - [05/Jun/2021:10:25:44 +0800] "GET /xingrg/all/function/internal_message.html?_=1622859950512&CODE_STATE=getMsg HTTP/1.1" 200 27
180.169.147.146 - - [05/Jun/2021:10:25:44 +0800] "POST /xingrg/all/common/load_tree.html?tree=area_rest_tree_json HTTP/1.1" 200 3466
180.169.147.146 - - [05/Jun/2021:10:25:44 +0800] "POST /xingrg/dwr/call/plaincall/AjaxBaseInfoService.getMaterielInfo.dwr HTTP/1.1" 200 217
180.169.147.146 - - [05/Jun/2021:10:25:44 +0800] "POST /xingrg/all/common/load_tree.html?tree=area_rest_tree_json&defaultRests=undefined HTTP/1.1" 200 3466
101.85.94.178 - - [05/Jun/2021:10:25:44 +0800] "GET /xingrg/all/function/internal_message.html?_=1622859416925&CODE_STATE=getMsg HTTP/1.1" 200 27
222.69.131.252 - - [05/Jun/2021:10:25:45 +0800] "POST /xingrg/kc/buy/cgsh_list_operate.html HTTP/1.1" 200 1691
222.69.131.252 - - [05/Jun/2021:10:25:47 +0800] "POST /xingrg/kc/buy/cgsh_list_operate.html HTTP/1.1" 200 584
180.161.111.4 - - [05/Jun/2021:10:25:47 +0800] "GET /xingrg/all/function/internal_message.html?_=1622859942811&CODE_STATE=getMsg HTTP/1.1" 200 27
114.86.187.76 - - [05/Jun/2021:10:25:50 +0800] "GET /xingrg/all/function/internal_message.html?_=1622859964592&CODE_STATE=getMsg HTTP/1.1" 200 27
61.165.42.208 - - [05/Jun/2021:10:25:51 +0800] "GET /xingrg/check_reg.html?_=1622859955863 HTTP/1.1" 200 22
222.70.177.128 - - [05/Jun/2021:10:25:53 +0800] "GET /xingrg/all/function/internal_message.html?_=1622859954836&CODE_STATE=getMsg HTTP/1.1" 200 27
61.165.42.208 - - [05/Jun/2021:10:25:53 +0800] "GET /xingrg/all/function/internal_message.html?_=1622859935730&CODE_STATE=getMsg HTTP/1.1" 200 27
61.165.42.208 - - [05/Jun/2021:10:25:55 +0800] "GET /xingrg/all/function/internal_message.html?_=1622859959238&CODE_STATE=getMsg HTTP/1.1" 200 27
117.185.32.26 - - [05/Jun/2021:10:25:58 +0800] "POST /xingrg/kc/buy/cgsh_order_operate.html HTTP/1.1" 200 37
116.224.253.72 - - [05/Jun/2021:10:25:58 +0800] "GET /xingrg/all/function/internal_message.html?_=1622859963821&CODE_STATE=getMsg HTTP/1.1" 200 27
180.169.147.146 - - [05/Jun/2021:10:25:58 +0800] "POST /xingrg/dwr/call/plaincall/AjaxGetFirstChart.getFirstChart.dwr HTTP/1.1" 200 80
222.69.131.252 - - [05/Jun/2021:10:25:58 +0800] "POST /xingrg/kc/buy/cgsh_list_operate.html HTTP/1.1" 200 4
101.85.52.2 - - [05/Jun/2021:10:25:59 +0800] "GET /xingrg/login.html HTTP/1.1" 200 7641
180.169.147.146 - - [05/Jun/2021:10:25:59 +0800] "GET /xingrg/check_reg.html?_=1622859963099 HTTP/1.1" 200 22
180.169.147.146 - - [05/Jun/2021:10:25:59 +0800] "GET /xingrg/all/function/internal_message.html?_=1622859963101&CODE_STATE=getMsg HTTP/1.1" 200 27
101.85.52.2 - - [05/Jun/2021:10:26:00 +0800] "GET /favicon.ico HTTP/1.1" 404 -
180.169.147.146 - - [05/Jun/2021:10:26:00 +0800] "POST /xingrg/dwr/call/plaincall/AjaxBaseInfoService.changeUnitGroup.dwr HTTP/1.1" 200 243
180.169.147.146 - - [05/Jun/2021:10:26:00 +0800] "GET /xingrg/all/function/internal_message.html?_=1622859958001&CODE_STATE=getMsg HTTP/1.1" 200 27
116.230.117.165 - - [05/Jun/2021:10:26:02 +0800] "GET /xingrg/all/function/internal_message.html?_=1622859964439&CODE_STATE=getMsg HTTP/1.1" 200 27
180.169.147.146 - - [05/Jun/2021:10:26:04 +0800] "POST /xingrg/dwr/call/plaincall/AjaxBaseInfoService.saveMateriel.dwr HTTP/1.1" 200 109
180.169.147.146 - - [05/Jun/2021:10:26:04 +0800] "POST /xingrg/dwr/call/plaincall/AjaxBaseInfoService.getMateriels.dwr HTTP/1.1" 200 3010
58.221.95.50 - - [05/Jun/2021:10:26:04 +0800] "POST /xingrg/kc/base/wldb_order_operate.html HTTP/1.1" 200 37
180.169.147.146 - - [05/Jun/2021:10:26:05 +0800] "GET /xingrg/system/info/materiel_info.html?code=00102006&isAdd=1 HTTP/1.1" 200 34688
180.169.147.146 - - [05/Jun/2021:10:26:05 +0800] "GET /xingrg/dwr/interface/AjaxGetFirstChart.js HTTP/1.1" 200 631
180.169.147.146 - - [05/Jun/2021:10:26:05 +0800] "GET /xingrg/dwr/interface/AjaxBaseInfoService.js HTTP/1.1" 200 21363
180.169.147.146 - - [05/Jun/2021:10:26:05 +0800] "GET /xingrg/dwr/interface/AjaxComOrderService.js HTTP/1.1" 200 18264
180.169.147.146 - - [05/Jun/2021:10:26:05 +0800] "GET /xingrg/dwr/engine.js HTTP/1.1" 200 43631
180.169.147.146 - - [05/Jun/2021:10:26:06 +0800] "POST /xingrg/all/common/load_tree.html?tree=area_rest_tree_json HTTP/1.1" 200 3466
114.84.0.231 - - [05/Jun/2021:10:26:06 +0800] "GET /favicon.ico HTTP/1.1" 404 -
117.185.32.26 - - [05/Jun/2021:10:26:06 +0800] "POST /xingrg/kc/buy/cgsh_order_operate.html HTTP/1.1" 200 12
180.169.147.146 - - [05/Jun/2021:10:26:06 +0800] "POST /xingrg/dwr/call/plaincall/AjaxBaseInfoService.getMaterielInfo.dwr HTTP/1.1" 200 217
58.221.95.50 - - [05/Jun/2021:10:26:06 +0800] "POST /xingrg/kc/base/wldb_order_operate.html HTTP/1.1" 200 9490
180.169.147.146 - - [05/Jun/2021:10:26:06 +0800] "POST /xingrg/all/common/load_tree.html?tree=area_rest_tree_json&defaultRests=undefined HTTP/1.1" 200 3466
222.69.131.252 - - [05/Jun/2021:10:26:07 +0800] "POST /xingrg/kc/buy/cgsh_list_operate.html HTTP/1.1" 200 876
117.185.32.26 - - [05/Jun/2021:10:26:09 +0800] "GET /xingrg/kc/buy/cgsh_order_info.html?code=212021060501942 HTTP/1.1" 200 57319
117.185.32.26 - - [05/Jun/2021:10:26:09 +0800] "GET /xingrg/words/20210605102604_words.js HTTP/1.1" 200 819737
117.185.32.26 - - [05/Jun/2021:10:26:09 +0800] "GET /xingrg/javascript/easyui/themes/default/validatebox.css HTTP/1.1" 404 1104
117.185.32.26 - - [05/Jun/2021:10:26:10 +0800] "POST /xingrg/kc/buy/cgsh_order_operate.html HTTP/1.1" 200 623
117.185.32.26 - - [05/Jun/2021:10:26:13 +0800] "GET /xingrg/kc/print/load_config.html?kc_code=cgsh HTTP/1.1" 200 1845
117.185.32.26 - - [05/Jun/2021:10:26:14 +0800] "GET /xingrg/kc/print/load_data.html?order_code=212021060501942&kc_code=cgsh&condition= HTTP/1.1" 200 789
58.221.95.50 - - [05/Jun/2021:10:26:15 +0800] "GET /xingrg/kc/base/wldb_order_info.html?code=422021060500508 HTTP/1.1" 200 30251
58.221.95.50 - - [05/Jun/2021:10:26:15 +0800] "GET /xingrg/words/20210605102604_words.js HTTP/1.1" 200 819737
58.221.95.50 - - [05/Jun/2021:10:26:15 +0800] "GET /xingrg/javascript/easyui/themes/default/validatebox.css HTTP/1.1" 404 1104
58.221.95.50 - - [05/Jun/2021:10:26:16 +0800] "POST /xingrg/kc/base/wldb_order_operate.html HTTP/1.1" 200 9490
117.185.32.26 - - [05/Jun/2021:10:26:19 +0800] "GET /xingrg/all/function/internal_message.html?_=1622860515780&CODE_STATE=getMsg HTTP/1.1" 200 27
180.161.111.4 - - [05/Jun/2021:10:26:20 +0800] "GET /xingrg/all/function/internal_message.html?_=1622859946001&CODE_STATE=getMsg HTTP/1.1" 200 27
180.169.147.146 - - [05/Jun/2021:10:26:20 +0800] "POST /xingrg/dwr/call/plaincall/AjaxGetFirstChart.getFirstChart.dwr HTTP/1.1" 200 84
180.169.147.146 - - [05/Jun/2021:10:26:22 +0800] "POST /xingrg/dwr/call/plaincall/AjaxBaseInfoService.changeUnitGroup.dwr HTTP/1.1" 200 243
222.69.131.252 - - [05/Jun/2021:10:26:22 +0800] "GET /xingrg/kc/buy/cgsh_order_add.html HTTP/1.1" 200 62466
222.69.131.252 - - [05/Jun/2021:10:26:22 +0800] "GET /xingrg/words/20210605102604_words.js HTTP/1.1" 200 819737
222.69.131.252 - - [05/Jun/2021:10:26:22 +0800] "POST /xingrg/kc/buy/cgsh_order_operate.html HTTP/1.1" 200 8245
222.69.131.252 - - [05/Jun/2021:10:26:22 +0800] "GET /xingrg/javascript/easyui/themes/default/validatebox.css HTTP/1.1" 404 1104
61.165.42.208 - - [05/Jun/2021:10:26:22 +0800] "GET /xingrg/kc/buy/cgsh_order_operate.html?command=get_materiel&rest_code=00105&code=00101009059&supplier_code=00100024&order_time=2021-06-05 HTTP/1.1" 200 409
222.69.131.252 - - [05/Jun/2021:10:26:23 +0800] "POST /xingrg/kc/buy/cgsh_list_operate.html HTTP/1.1" 200 876
180.169.147.146 - - [05/Jun/2021:10:26:26 +0800] "POST /xingrg/dwr/call/plaincall/AjaxBaseInfoService.saveMateriel.dwr HTTP/1.1" 200 109
180.169.147.146 - - [05/Jun/2021:10:26:26 +0800] "POST /xingrg/dwr/call/plaincall/AjaxBaseInfoService.getMateriels.dwr HTTP/1.1" 200 3010
58.37.225.51 - - [05/Jun/2021:10:26:27 +0800] "POST /xingrg/services/DataTransmitService HTTP/1.1" 200 524
180.169.147.146 - - [05/Jun/2021:10:26:28 +0800] "GET /xingrg/system/info/materiel_info.html?code=00102006&isAdd=1 HTTP/1.1" 200 34688
180.169.147.146 - - [05/Jun/2021:10:26:28 +0800] "GET /xingrg/dwr/interface/AjaxGetFirstChart.js HTTP/1.1" 200 631
180.169.147.146 - - [05/Jun/2021:10:26:28 +0800] "GET /xingrg/dwr/interface/AjaxBaseInfoService.js HTTP/1.1" 200 21363
180.169.147.146 - - [05/Jun/2021:10:26:28 +0800] "GET /xingrg/dwr/interface/AjaxComOrderService.js HTTP/1.1" 200 18264
180.169.147.146 - - [05/Jun/2021:10:26:28 +0800] "GET /xingrg/dwr/engine.js HTTP/1.1" 200 43631
180.169.147.146 - - [05/Jun/2021:10:26:28 +0800] "POST /xingrg/all/common/load_tree.html?tree=area_rest_tree_json HTTP/1.1" 200 3466
180.169.147.146 - - [05/Jun/2021:10:26:29 +0800] "POST /xingrg/dwr/call/plaincall/AjaxBaseInfoService.getMaterielInfo.dwr HTTP/1.1" 200 217
180.169.147.146 - - [05/Jun/2021:10:26:29 +0800] "POST /xingrg/all/common/load_tree.html?tree=area_rest_tree_json&defaultRests=undefined HTTP/1.1" 200 3466
58.221.95.50 - - [05/Jun/2021:10:26:30 +0800] "POST /xingrg/kc/base/wldb_order_operate.html HTTP/1.1" 200 37
58.221.95.50 - - [05/Jun/2021:10:26:31 +0800] "POST /xingrg/kc/base/wldb_order_operate.html HTTP/1.1" 200 9983
116.224.253.72 - - [05/Jun/2021:10:26:34 +0800] "GET /xingrg/all/function/internal_message.html?_=1622859997331&CODE_STATE=getMsg HTTP/1.1" 200 27
222.69.131.252 - - [05/Jun/2021:10:26:36 +0800] "GET /xingrg/all/function/internal_message.html?_=1622859998964&CODE_STATE=getMsg HTTP/1.1" 200 27
116.230.110.80 - - [05/Jun/2021:10:26:36 +0800] "GET /xingrg/all/function/internal_message.html?_=1622859992320&CODE_STATE=getMsg HTTP/1.1" 200 27
180.169.147.146 - - [05/Jun/2021:10:26:37 +0800] "POST /xingrg/dwr/call/plaincall/AjaxGetFirstChart.getFirstChart.dwr HTTP/1.1" 200 81
117.185.32.26 - - [05/Jun/2021:10:26:37 +0800] "GET /xingrg/login.html HTTP/1.1" 200 7641
180.169.147.146 - - [05/Jun/2021:10:26:39 +0800] "POST /xingrg/dwr/call/plaincall/AjaxBaseInfoService.changeUnitGroup.dwr HTTP/1.1" 200 243
58.37.225.51 - - [05/Jun/2021:10:26:40 +0800] "POST /xingrg/services/DataTransmitService HTTP/1.1" 200 501
116.233.77.11 - - [05/Jun/2021:10:26:40 +0800] "POST /xingrg/services/DataTransmitService HTTP/1.1" 200 524
117.185.32.26 - - [05/Jun/2021:10:26:40 +0800] "GET /favicon.ico HTTP/1.1" 404 -
58.37.225.51 - - [05/Jun/2021:10:26:41 +0800] "POST /xingrg/services/DataTransmitService HTTP/1.1" 200 524
116.233.77.11 - - [05/Jun/2021:10:26:41 +0800] "POST /xingrg/services/DataTransmitService HTTP/1.1" 200 501
58.37.225.51 - - [05/Jun/2021:10:26:42 +0800] "POST /xingrg/services/DataTransmitService HTTP/1.1" 200 524
180.169.147.146 - - [05/Jun/2021:10:26:42 +0800] "POST /xingrg/dwr/call/plaincall/AjaxBaseInfoService.saveMateriel.dwr HTTP/1.1" 200 109
222.69.131.252 - - [05/Jun/2021:10:26:42 +0800] "GET /xingrg/kc/buy/cgsh_order_operate.html?command=get_materiel&rest_code=00149&code=00101012051&supplier_code=00100036&order_time=2021-06-05 HTTP/1.1" 200 408
58.37.225.51 - - [05/Jun/2021:10:26:42 +0800] "POST /xingrg/services/DataTransmitService HTTP/1.1" 200 524
180.169.147.146 - - [05/Jun/2021:10:26:42 +0800] "POST /xingrg/dwr/call/plaincall/AjaxBaseInfoService.getMateriels.dwr HTTP/1.1" 200 3010
58.40.7.146 - - [05/Jun/2021:10:26:43 +0800] "GET /xingrg/all/function/internal_message.html?_=1622860007277&CODE_STATE=getMsg HTTP/1.1" 200 27
58.221.95.50 - - [05/Jun/2021:10:26:44 +0800] "GET /xingrg/all/function/internal_message.html?_=1622860010492&CODE_STATE=getMsg HTTP/1.1" 200 27
101.85.94.178 - - [05/Jun/2021:10:26:44 +0800] "GET /xingrg/check_reg.html?_=1622859476927 HTTP/1.1" 200 22
101.85.94.178 - - [05/Jun/2021:10:26:44 +0800] "GET /xingrg/all/function/internal_message.html?_=1622859476923&CODE_STATE=getMsg HTTP/1.1" 200 27
58.221.95.50 - - [05/Jun/2021:10:26:44 +0800] "GET /xingrg/kc/base/wldb_order_info.html?code=422021060500508 HTTP/1.1" 200 30251
117.185.32.26 - - [05/Jun/2021:10:26:44 +0800] "POST /xingrg/login.do HTTP/1.1" 302 -
58.221.95.50 - - [05/Jun/2021:10:26:44 +0800] "GET /xingrg/words/20210605102642_words.js HTTP/1.1" 200 819866
117.185.32.26 - - [05/Jun/2021:10:26:45 +0800] "GET /xingrg/index.html?sysBaseUrl=http%3A%2F%2F180.169.147.146%3A18081%2Fxingrg%2F&costTime=1615×tamp=1622860004689 HTTP/1.1" 200 8212
58.221.95.50 - - [05/Jun/2021:10:26:45 +0800] "GET /xingrg/javascript/easyui/themes/default/validatebox.css HTTP/1.1" 404 1104
58.221.95.50 - - [05/Jun/2021:10:26:45 +0800] "POST /xingrg/kc/base/wldb_order_operate.html HTTP/1.1" 200 9983
180.169.147.146 - - [05/Jun/2021:10:26:46 +0800] "POST /xingrg/dwr/call/plaincall/AjaxBaseInfoService.getMateriels.dwr HTTP/1.1" 200 730
117.185.32.26 - - [05/Jun/2021:10:26:46 +0800] "POST /xingrg/login.do HTTP/1.1" 302 -
117.185.32.26 - - [05/Jun/2021:10:26:46 +0800] "GET /xingrg/index.html?sysBaseUrl=http%3A%2F%2F180.169.147.146%3A18081%2Fxingrg%2F&costTime=1673×tamp=1622860006471 HTTP/1.1" 200 17503
117.185.32.26 - - [05/Jun/2021:10:26:46 +0800] "GET /xingrg/login.html HTTP/1.1" 200 7641
117.185.32.26 - - [05/Jun/2021:10:26:47 +0800] "GET /favicon.ico HTTP/1.1" 404 -
117.185.32.26 - - [05/Jun/2021:10:26:47 +0800] "GET /favicon.ico HTTP/1.1" 404 -
117.185.32.26 - - [05/Jun/2021:10:26:47 +0800] "POST /xingrg/all/common/load_tree.html?tree=area_rest_tree_json&manage=1 HTTP/1.1" 200 3216
180.161.111.4 - - [05/Jun/2021:10:26:47 +0800] "GET /xingrg/all/function/internal_message.html?_=1622860002811&CODE_STATE=getMsg HTTP/1.1" 200 27
