116.224.253.72 - - [05/Jun/2021:08:36:50 +0800] "GET /xingrg/all/function/internal_message.html?_=1622853416286&CODE_STATE=getMsg HTTP/1.1" 200 27
116.230.117.165 - - [05/Jun/2021:08:36:56 +0800] "GET /xingrg/all/function/internal_message.html?_=1622853418295&CODE_STATE=getMsg HTTP/1.1" 200 27
120.253.135.82 - - [05/Jun/2021:08:36:58 +0800] "GET /xingrg/kc/pszx/jzcl_make.html HTTP/1.1" 200 11275
120.253.135.82 - - [05/Jun/2021:08:36:58 +0800] "GET /xingrg/dwr/interface/AjaxReportQueryService.js HTTP/1.1" 200 13203
120.253.135.82 - - [05/Jun/2021:08:36:58 +0800] "GET /xingrg/dwr/engine.js HTTP/1.1" 200 43631
120.253.135.82 - - [05/Jun/2021:08:36:58 +0800] "GET /xingrg/javascript/step/images/navBtn.gif HTTP/1.1" 200 361
222.69.131.252 - - [05/Jun/2021:08:36:58 +0800] "GET /xingrg/kc/buy/cgsh_order_operate.html?command=get_materiel&rest_code=00149&code=00101010237&supplier_code=00100005&order_time=2021-06-05 HTTP/1.1" 200 412
120.253.135.82 - - [05/Jun/2021:08:36:59 +0800] "POST /xingrg/kc/pszx/jzcl_make_operate.html HTTP/1.1" 200 10390
120.253.135.82 - - [05/Jun/2021:08:36:59 +0800] "POST /xingrg/kc/pszx/jzcl_make_operate.html HTTP/1.1" 200 10390
180.169.147.146 - - [05/Jun/2021:08:37:02 +0800] "GET /xingrg/all/function/internal_message.html?_=1622853420221&CODE_STATE=getMsg HTTP/1.1" 200 27
120.253.135.82 - - [05/Jun/2021:08:37:08 +0800] "GET /xingrg/kc/pszx/mdqp_order_list.html?state=10 HTTP/1.1" 200 10213
120.253.135.82 - - [05/Jun/2021:08:37:08 +0800] "GET /xingrg/dwr/interface/AjaxQqpsService.js HTTP/1.1" 200 16326
120.253.135.82 - - [05/Jun/2021:08:37:08 +0800] "GET /xingrg/dwr/interface/AjaxReportQueryService.js HTTP/1.1" 200 13203
120.253.135.82 - - [05/Jun/2021:08:37:08 +0800] "GET /xingrg/dwr/engine.js HTTP/1.1" 200 43631
180.169.147.146 - - [05/Jun/2021:08:37:25 +0800] "GET /xingrg/check_reg.html?_=1622853450205 HTTP/1.1" 302 -
120.253.135.82 - - [05/Jun/2021:08:37:29 +0800] "GET /xingrg/kc/pszx/mdqp_order_list.html?state=10 HTTP/1.1" 200 10213
120.253.135.82 - - [05/Jun/2021:08:37:29 +0800] "GET /xingrg/dwr/interface/AjaxReportQueryService.js HTTP/1.1" 200 13203
120.253.135.82 - - [05/Jun/2021:08:37:29 +0800] "GET /xingrg/dwr/interface/AjaxQqpsService.js HTTP/1.1" 200 16326
120.253.135.82 - - [05/Jun/2021:08:37:29 +0800] "GET /xingrg/dwr/engine.js HTTP/1.1" 200 43631
222.69.131.252 - - [05/Jun/2021:08:37:30 +0800] "GET /xingrg/kc/buy/cgsh_order_operate.html?command=get_materiel&rest_code=00149&code=00101008214&supplier_code=00100005&order_time=2021-06-05 HTTP/1.1" 200 409
116.224.253.72 - - [05/Jun/2021:08:37:33 +0800] "GET /xingrg/all/function/internal_message.html?_=1622853456827&CODE_STATE=getMsg HTTP/1.1" 200 27
116.230.110.80 - - [05/Jun/2021:08:37:36 +0800] "GET /xingrg/check_reg.html?_=1622853452317 HTTP/1.1" 200 22
116.230.110.80 - - [05/Jun/2021:08:37:36 +0800] "GET /xingrg/all/function/internal_message.html?_=1622853452321&CODE_STATE=getMsg HTTP/1.1" 200 27
222.69.131.252 - - [05/Jun/2021:08:37:37 +0800] "GET /xingrg/all/function/internal_message.html?_=1622853460576&CODE_STATE=getMsg HTTP/1.1" 200 27
120.253.135.82 - - [05/Jun/2021:08:37:39 +0800] "GET /xingrg/all/function/internal_message.html?_=1622853246557&CODE_STATE=getMsg HTTP/1.1" 200 27
116.230.114.112 - - [05/Jun/2021:08:37:44 +0800] "GET /xingrg/check_reg.html?_=1622853485745 HTTP/1.1" 302 -
116.224.253.72 - - [05/Jun/2021:08:37:50 +0800] "GET /xingrg/all/function/internal_message.html?_=1622853476445&CODE_STATE=getMsg HTTP/1.1" 200 27
116.230.117.165 - - [05/Jun/2021:08:37:57 +0800] "GET /xingrg/all/function/internal_message.html?_=1622853478352&CODE_STATE=getMsg HTTP/1.1" 200 27
180.169.147.146 - - [05/Jun/2021:08:38:02 +0800] "GET /xingrg/all/function/internal_message.html?_=1622853480199&CODE_STATE=getMsg HTTP/1.1" 200 27
180.169.147.146 - - [05/Jun/2021:08:38:03 +0800] "GET /xingrg/check_reg.html?_=1622853487752 HTTP/1.1" 302 -
222.69.131.252 - - [05/Jun/2021:08:38:11 +0800] "GET /xingrg/kc/buy/cgsh_order_operate.html?command=get_materiel&rest_code=00149&code=00101010136&supplier_code=00100005&order_time=2021-06-05 HTTP/1.1" 200 408
222.69.131.252 - - [05/Jun/2021:08:38:25 +0800] "GET /xingrg/kc/buy/cgsh_order_operate.html?command=get_materiel&rest_code=00149&code=00101010384&supplier_code=00100005&order_time=2021-06-05 HTTP/1.1" 200 394
117.184.7.30 - - [05/Jun/2021:08:38:31 +0800] "GET /favicon.ico HTTP/1.1" 404 -
116.224.253.72 - - [05/Jun/2021:08:38:33 +0800] "GET /xingrg/all/function/internal_message.html?_=1622853516841&CODE_STATE=getMsg HTTP/1.1" 200 27
116.224.253.72 - - [05/Jun/2021:08:38:33 +0800] "GET /xingrg/check_reg.html?_=1622853516843 HTTP/1.1" 200 22
117.184.7.30 - - [05/Jun/2021:08:38:35 +0800] "GET /xingrg/login.html HTTP/1.1" 200 7641
116.230.110.80 - - [05/Jun/2021:08:38:36 +0800] "GET /xingrg/all/function/internal_message.html?_=1622853512312&CODE_STATE=getMsg HTTP/1.1" 200 27
222.69.131.252 - - [05/Jun/2021:08:38:37 +0800] "GET /xingrg/all/function/internal_message.html?_=1622853520580&CODE_STATE=getMsg HTTP/1.1" 200 27
120.253.135.82 - - [05/Jun/2021:08:38:39 +0800] "GET /xingrg/all/function/internal_message.html?_=1622853306571&CODE_STATE=getMsg HTTP/1.1" 200 27
222.69.131.252 - - [05/Jun/2021:08:38:42 +0800] "POST /xingrg/kc/buy/cgsh_order_operate.html HTTP/1.1" 200 2065
117.184.7.30 - - [05/Jun/2021:08:38:44 +0800] "GET /favicon.ico HTTP/1.1" 404 -
116.224.253.72 - - [05/Jun/2021:08:38:50 +0800] "GET /xingrg/all/function/internal_message.html?_=1622853536454&CODE_STATE=getMsg HTTP/1.1" 200 27
222.69.131.252 - - [05/Jun/2021:08:38:53 +0800] "GET /xingrg/kc/buy/cgsh_order_operate.html?command=get_materiel&rest_code=00149&code=00101008312&supplier_code=00100005&order_time=2021-06-05 HTTP/1.1" 200 412
116.230.117.165 - - [05/Jun/2021:08:38:57 +0800] "GET /xingrg/all/function/internal_message.html?_=1622853538353&CODE_STATE=getMsg HTTP/1.1" 200 27
120.253.135.82 - - [05/Jun/2021:08:38:58 +0800] "GET /xingrg/kc/pszx/mdqp_order_list.html?state=10 HTTP/1.1" 200 10213
120.253.135.82 - - [05/Jun/2021:08:38:58 +0800] "GET /xingrg/dwr/interface/AjaxReportQueryService.js HTTP/1.1" 200 13203
120.253.135.82 - - [05/Jun/2021:08:38:58 +0800] "GET /xingrg/dwr/interface/AjaxQqpsService.js HTTP/1.1" 200 16326
120.253.135.82 - - [05/Jun/2021:08:38:58 +0800] "GET /xingrg/dwr/engine.js HTTP/1.1" 200 43631
180.169.147.146 - - [05/Jun/2021:08:39:02 +0800] "GET /xingrg/all/function/internal_message.html?_=1622853540205&CODE_STATE=getMsg HTTP/1.1" 200 27
120.253.135.82 - - [05/Jun/2021:08:39:06 +0800] "GET /xingrg/kc/pszx/mdqp_order_list.html?state=10 HTTP/1.1" 200 10213
120.253.135.82 - - [05/Jun/2021:08:39:06 +0800] "GET /xingrg/dwr/interface/AjaxReportQueryService.js HTTP/1.1" 200 13203
120.253.135.82 - - [05/Jun/2021:08:39:06 +0800] "GET /xingrg/dwr/interface/AjaxQqpsService.js HTTP/1.1" 200 16326
120.253.135.82 - - [05/Jun/2021:08:39:06 +0800] "GET /xingrg/dwr/engine.js HTTP/1.1" 200 43631
120.253.135.82 - - [05/Jun/2021:08:39:16 +0800] "GET /xingrg/kc/pszx/mdqp_order_list.html?state=10 HTTP/1.1" 200 10213
120.253.135.82 - - [05/Jun/2021:08:39:16 +0800] "GET /xingrg/dwr/interface/AjaxReportQueryService.js HTTP/1.1" 200 13203
120.253.135.82 - - [05/Jun/2021:08:39:16 +0800] "GET /xingrg/dwr/interface/AjaxQqpsService.js HTTP/1.1" 200 16326
120.253.135.82 - - [05/Jun/2021:08:39:16 +0800] "GET /xingrg/dwr/engine.js HTTP/1.1" 200 43631
222.69.131.252 - - [05/Jun/2021:08:39:24 +0800] "GET /xingrg/kc/buy/cgsh_order_operate.html?command=get_materiel&rest_code=00149&code=00101008010&supplier_code=00100005&order_time=2021-06-05 HTTP/1.1" 200 412
116.224.253.72 - - [05/Jun/2021:08:39:33 +0800] "GET /xingrg/all/function/internal_message.html?_=1622853576847&CODE_STATE=getMsg HTTP/1.1" 200 27
116.230.110.80 - - [05/Jun/2021:08:39:36 +0800] "GET /xingrg/all/function/internal_message.html?_=1622853572303&CODE_STATE=getMsg HTTP/1.1" 200 27
222.69.131.252 - - [05/Jun/2021:08:39:36 +0800] "GET /xingrg/kc/buy/cgsh_order_operate.html?command=get_materiel&rest_code=00149&code=00101008125&supplier_code=00100005&order_time=2021-06-05 HTTP/1.1" 200 413
222.69.131.252 - - [05/Jun/2021:08:39:37 +0800] "GET /xingrg/all/function/internal_message.html?_=1622853580593&CODE_STATE=getMsg HTTP/1.1" 200 27
120.253.135.82 - - [05/Jun/2021:08:39:40 +0800] "GET /xingrg/all/function/internal_message.html?_=1622853366585&CODE_STATE=getMsg HTTP/1.1" 200 27
222.69.131.252 - - [05/Jun/2021:08:39:49 +0800] "GET /xingrg/kc/buy/cgsh_order_operate.html?command=get_materiel&rest_code=00149&code=00101015024&supplier_code=00100005&order_time=2021-06-05 HTTP/1.1" 200 413
116.224.253.72 - - [05/Jun/2021:08:39:49 +0800] "GET /xingrg/check_reg.html?_=1622853595644 HTTP/1.1" 200 22
116.224.253.72 - - [05/Jun/2021:08:39:50 +0800] "GET /xingrg/all/function/internal_message.html?_=1622853596468&CODE_STATE=getMsg HTTP/1.1" 200 27
116.230.117.165 - - [05/Jun/2021:08:39:57 +0800] "GET /xingrg/all/function/internal_message.html?_=1622853598409&CODE_STATE=getMsg HTTP/1.1" 200 27
222.69.131.252 - - [05/Jun/2021:08:40:02 +0800] "GET /xingrg/kc/buy/cgsh_order_operate.html?command=get_materiel&rest_code=00149&code=00101013165&supplier_code=00100005&order_time=2021-06-05 HTTP/1.1" 200 409
180.169.147.146 - - [05/Jun/2021:08:40:02 +0800] "GET /xingrg/all/function/internal_message.html?_=1622853600176&CODE_STATE=getMsg HTTP/1.1" 200 27
222.69.131.252 - - [05/Jun/2021:08:40:07 +0800] "POST /xingrg/kc/buy/cgsh_order_operate.html HTTP/1.1" 200 2065
120.253.135.82 - - [05/Jun/2021:08:40:12 +0800] "GET /xingrg/kc/pszx/mdqp_order_list.html?state=10 HTTP/1.1" 200 10213
120.253.135.82 - - [05/Jun/2021:08:40:12 +0800] "GET /xingrg/dwr/interface/AjaxQqpsService.js HTTP/1.1" 200 16326
120.253.135.82 - - [05/Jun/2021:08:40:12 +0800] "GET /xingrg/dwr/interface/AjaxReportQueryService.js HTTP/1.1" 200 13203
120.253.135.82 - - [05/Jun/2021:08:40:12 +0800] "GET /xingrg/dwr/engine.js HTTP/1.1" 200 43631
222.69.131.252 - - [05/Jun/2021:08:40:13 +0800] "GET /xingrg/kc/buy/cgsh_order_operate.html?command=get_materiel&rest_code=00149&code=00101008114&supplier_code=00100005&order_time=2021-06-05 HTTP/1.1" 200 412
120.253.135.82 - - [05/Jun/2021:08:40:16 +0800] "GET /xingrg/kc/pszx/mdqp_order_list.html?state=10 HTTP/1.1" 200 10213
120.253.135.82 - - [05/Jun/2021:08:40:16 +0800] "GET /xingrg/dwr/interface/AjaxReportQueryService.js HTTP/1.1" 200 13203
120.253.135.82 - - [05/Jun/2021:08:40:16 +0800] "GET /xingrg/dwr/interface/AjaxQqpsService.js HTTP/1.1" 200 16326
120.253.135.82 - - [05/Jun/2021:08:40:16 +0800] "GET /xingrg/dwr/engine.js HTTP/1.1" 200 43631
180.169.147.146 - - [05/Jun/2021:08:40:20 +0800] "GET /xingrg/check_reg.html?_=1622853618205 HTTP/1.1" 200 22
120.253.135.82 - - [05/Jun/2021:08:40:28 +0800] "GET /xingrg/kc/pszx/mdqp_order_list.html?state=10 HTTP/1.1" 200 10213
120.253.135.82 - - [05/Jun/2021:08:40:28 +0800] "GET /xingrg/dwr/interface/AjaxReportQueryService.js HTTP/1.1" 200 13203
120.253.135.82 - - [05/Jun/2021:08:40:28 +0800] "GET /xingrg/dwr/interface/AjaxQqpsService.js HTTP/1.1" 200 16326
120.253.135.82 - - [05/Jun/2021:08:40:28 +0800] "GET /xingrg/dwr/engine.js HTTP/1.1" 200 43631
222.69.131.252 - - [05/Jun/2021:08:40:29 +0800] "POST /xingrg/kc/buy/cgsh_order_operate.html HTTP/1.1" 200 37
116.224.253.72 - - [05/Jun/2021:08:40:33 +0800] "GET /xingrg/all/function/internal_message.html?_=1622853636853&CODE_STATE=getMsg HTTP/1.1" 200 27
116.230.110.80 - - [05/Jun/2021:08:40:36 +0800] "GET /xingrg/all/function/internal_message.html?_=1622853632318&CODE_STATE=getMsg HTTP/1.1" 200 27
120.253.135.82 - - [05/Jun/2021:08:40:40 +0800] "GET /xingrg/all/function/internal_message.html?_=1622853426598&CODE_STATE=getMsg HTTP/1.1" 200 27
116.230.117.165 - - [05/Jun/2021:08:40:40 +0800] "GET /xingrg/check_reg.html?_=1622853641994 HTTP/1.1" 200 22
222.69.131.252 - - [05/Jun/2021:08:40:50 +0800] "POST /xingrg/kc/buy/cgsh_order_operate.html HTTP/1.1" 200 12
116.224.253.72 - - [05/Jun/2021:08:40:50 +0800] "GET /xingrg/all/function/internal_message.html?_=1622853656481&CODE_STATE=getMsg HTTP/1.1" 200 27
222.69.131.252 - - [05/Jun/2021:08:40:54 +0800] "GET /xingrg/kc/buy/cgsh_order_info.html?code=212021060501909 HTTP/1.1" 200 57317
222.69.131.252 - - [05/Jun/2021:08:40:54 +0800] "GET /xingrg/javascript/easyui/themes/default/validatebox.css HTTP/1.1" 404 1104
222.69.131.252 - - [05/Jun/2021:08:40:55 +0800] "POST /xingrg/kc/buy/cgsh_order_operate.html HTTP/1.1" 200 47938
116.230.117.165 - - [05/Jun/2021:08:40:57 +0800] "GET /xingrg/all/function/internal_message.html?_=1622853658411&CODE_STATE=getMsg HTTP/1.1" 200 27
222.69.131.252 - - [05/Jun/2021:08:40:58 +0800] "GET /xingrg/kc/print/load_data.html?order_code=212021060501909&kc_code=cgsh&condition= HTTP/1.1" 200 18653
180.169.147.146 - - [05/Jun/2021:08:41:02 +0800] "GET /xingrg/all/function/internal_message.html?_=1622853660160&CODE_STATE=getMsg HTTP/1.1" 200 27
222.69.131.252 - - [05/Jun/2021:08:41:11 +0800] "GET /xingrg/kc/buy/cgsh_order_add.html HTTP/1.1" 200 62415
116.224.253.72 - - [05/Jun/2021:08:41:11 +0800] "GET /xingrg/kc/buy/cgsh_order_add.html HTTP/1.1" 200 62298
222.69.131.252 - - [05/Jun/2021:08:41:11 +0800] "POST /xingrg/kc/buy/cgsh_order_operate.html HTTP/1.1" 200 8245
222.69.131.252 - - [05/Jun/2021:08:41:11 +0800] "GET /xingrg/javascript/easyui/themes/default/validatebox.css HTTP/1.1" 404 1104
116.224.253.72 - - [05/Jun/2021:08:41:11 +0800] "GET /xingrg/javascript/jquery_easy_ui/themes/icons/area.png HTTP/1.1" 304 -
116.224.253.72 - - [05/Jun/2021:08:41:11 +0800] "GET /xingrg/javascript/jquery_easy_ui/themes/icons/rest.png HTTP/1.1" 304 -
116.224.253.72 - - [05/Jun/2021:08:41:12 +0800] "POST /xingrg/kc/buy/cgsh_order_operate.html HTTP/1.1" 200 8245
116.224.253.72 - - [05/Jun/2021:08:41:12 +0800] "GET /xingrg/javascript/easyui/themes/default/validatebox.css HTTP/1.1" 404 1104
116.224.253.72 - - [05/Jun/2021:08:41:28 +0800] "GET /xingrg/kc/buy/cgsh_order_operate.html?command=get_materiel&rest_code=00150&code=00101012039&supplier_code=00100096&order_time=2021-06-05 HTTP/1.1" 200 408
120.253.135.82 - - [05/Jun/2021:08:41:30 +0800] "GET /xingrg/check_reg.html?_=1622853477095 HTTP/1.1" 200 22
116.224.253.72 - - [05/Jun/2021:08:41:33 +0800] "GET /xingrg/all/function/internal_message.html?_=1622853696839&CODE_STATE=getMsg HTTP/1.1" 200 27
116.230.110.80 - - [05/Jun/2021:08:41:36 +0800] "GET /xingrg/all/function/internal_message.html?_=1622853692318&CODE_STATE=getMsg HTTP/1.1" 200 27
222.69.131.252 - - [05/Jun/2021:08:41:37 +0800] "GET /xingrg/all/function/internal_message.html?_=1622853700602&CODE_STATE=getMsg HTTP/1.1" 200 27
116.224.253.72 - - [05/Jun/2021:08:41:39 +0800] "GET /xingrg/kc/buy/cgsh_order_operate.html?command=get_materiel&rest_code=00150&code=00101016025&supplier_code=00100096&order_time=2021-06-05 HTTP/1.1" 200 408
120.253.135.82 - - [05/Jun/2021:08:41:40 +0800] "GET /xingrg/all/function/internal_message.html?_=1622853486612&CODE_STATE=getMsg HTTP/1.1" 200 27
180.161.111.4 - - [05/Jun/2021:08:41:45 +0800] "GET /xingrg/login.html HTTP/1.1" 200 7641
180.161.111.4 - - [05/Jun/2021:08:41:45 +0800] "GET /xingrg/images/blue/jxLogo.png HTTP/1.1" 304 -
180.161.111.4 - - [05/Jun/2021:08:41:45 +0800] "GET /xingrg/images/blue/login_bg.png HTTP/1.1" 304 -
180.161.111.4 - - [05/Jun/2021:08:41:45 +0800] "GET /xingrg/images/blue/hj.png HTTP/1.1" 304 -
180.161.111.4 - - [05/Jun/2021:08:41:45 +0800] "GET /xingrg/images/blue/srbg.png HTTP/1.1" 304 -
180.161.111.4 - - [05/Jun/2021:08:41:46 +0800] "GET /favicon.ico HTTP/1.1" 404 -
116.224.253.72 - - [05/Jun/2021:08:41:47 +0800] "GET /xingrg/kc/buy/cgsh_order_operate.html?command=get_materiel&rest_code=00150&code=00101012003&supplier_code=00100096&order_time=2021-06-05 HTTP/1.1" 200 412
116.224.253.72 - - [05/Jun/2021:08:41:50 +0800] "GET /xingrg/all/function/internal_message.html?_=1622853716536&CODE_STATE=getMsg HTTP/1.1" 200 27
180.161.111.4 - - [05/Jun/2021:08:41:55 +0800] "GET /xingrg/login.html HTTP/1.1" 200 7641
180.161.111.4 - - [05/Jun/2021:08:41:55 +0800] "GET /xingrg/images/blue/jxLogo.png HTTP/1.1" 304 -
180.161.111.4 - - [05/Jun/2021:08:41:56 +0800] "GET /xingrg/images/blue/login_bg.png HTTP/1.1" 304 -
180.161.111.4 - - [05/Jun/2021:08:41:56 +0800] "GET /xingrg/images/blue/hj.png HTTP/1.1" 304 -
180.161.111.4 - - [05/Jun/2021:08:41:56 +0800] "GET /xingrg/images/blue/srbg.png HTTP/1.1" 304 -
180.161.111.4 - - [05/Jun/2021:08:41:56 +0800] "GET /favicon.ico HTTP/1.1" 404 -
116.230.117.165 - - [05/Jun/2021:08:41:57 +0800] "GET /xingrg/all/function/internal_message.html?_=1622853718425&CODE_STATE=getMsg HTTP/1.1" 200 27
116.224.253.72 - - [05/Jun/2021:08:41:57 +0800] "GET /xingrg/kc/buy/cgsh_order_operate.html?command=get_materiel&rest_code=00150&code=00101012025&supplier_code=00100096&order_time=2021-06-05 HTTP/1.1" 200 412
180.169.147.146 - - [05/Jun/2021:08:42:02 +0800] "GET /xingrg/all/function/internal_message.html?_=1622853720127&CODE_STATE=getMsg HTTP/1.1" 200 27
116.224.253.72 - - [05/Jun/2021:08:42:09 +0800] "GET /xingrg/kc/buy/cgsh_order_operate.html?command=get_materiel&rest_code=00150&code=00101001010&supplier_code=00100096&order_time=2021-06-05 HTTP/1.1" 200 411
180.161.111.4 - - [05/Jun/2021:08:42:18 +0800] "POST /xingrg/login.do HTTP/1.1" 302 -
180.161.111.4 - - [05/Jun/2021:08:42:18 +0800] "GET /xingrg/javascript/jquery_easy_ui/themes/default/easyui.css HTTP/1.1" 304 -
180.161.111.4 - - [05/Jun/2021:08:42:18 +0800] "GET /xingrg/index.html?sysBaseUrl=http%3A%2F%2F180.169.147.146%3A18081%2Fxingrg%2F&costTime=1105×tamp=1622853738248 HTTP/1.1" 200 17173
180.161.111.4 - - [05/Jun/2021:08:42:18 +0800] "GET /xingrg/javascript/jquery_easy_ui/themes/icon.css HTTP/1.1" 304 -
180.161.111.4 - - [05/Jun/2021:08:42:18 +0800] "GET /xingrg/css/form.css HTTP/1.1" 304 -
180.161.111.4 - - [05/Jun/2021:08:42:18 +0800] "GET /xingrg/javascript/jquery-1.4.2.min.js HTTP/1.1" 304 -
180.161.111.4 - - [05/Jun/2021:08:42:18 +0800] "GET /xingrg/javascript/jquery_easy_ui/jquery.easyui.min.js HTTP/1.1" 304 -
180.161.111.4 - - [05/Jun/2021:08:42:18 +0800] "GET /xingrg/javascript/jquery_easy_ui/easyui-lang-zh_CN.js HTTP/1.1" 304 -
180.161.111.4 - - [05/Jun/2021:08:42:18 +0800] "GET /xingrg/javascript/jquery.form.js HTTP/1.1" 304 -
180.161.111.4 - - [05/Jun/2021:08:42:18 +0800] "GET /xingrg/javascript/jquery.utils.js HTTP/1.1" 304 -
180.161.111.4 - - [05/Jun/2021:08:42:18 +0800] "GET /xingrg/javascript/jquery.timers.js HTTP/1.1" 304 -
180.161.111.4 - - [05/Jun/2021:08:42:18 +0800] "GET /xingrg/images/blue/navBackgound.jpg HTTP/1.1" 304 -
180.161.111.4 - - [05/Jun/2021:08:42:18 +0800] "GET /xingrg/javascript/jquery_easy_ui/themes/icons/settle_new.png HTTP/1.1" 304 -
180.161.111.4 - - [05/Jun/2021:08:42:18 +0800] "GET /xingrg/images/blue/pingpu.png HTTP/1.1" 304 -
180.161.111.4 - - [05/Jun/2021:08:42:18 +0800] "GET /xingrg/javascript/jquery_easy_ui/themes/default/images/tabs_leftarrow.png HTTP/1.1" 304 -
180.161.111.4 - - [05/Jun/2021:08:42:18 +0800] "GET /xingrg/javascript/jquery_easy_ui/themes/default/images/tabs_rightarrow.png HTTP/1.1" 304 -
180.161.111.4 - - [05/Jun/2021:08:42:18 +0800] "GET /xingrg/javascript/jquery_easy_ui/themes/default/images/panel_tool_collapse.gif HTTP/1.1" 304 -
180.161.111.4 - - [05/Jun/2021:08:42:18 +0800] "POST /xingrg/all/common/load_tree.html?tree=area_rest_tree_json&manage=1 HTTP/1.1" 200 342
180.161.111.4 - - [05/Jun/2021:08:42:18 +0800] "GET /xingrg/all/function/internal_message.html?_=1622853704722&CODE_STATE=count HTTP/1.1" 200 11
180.161.111.4 - - [05/Jun/2021:08:42:18 +0800] "GET /xingrg/check_reg.html?_=1622853704724 HTTP/1.1" 200 22
180.161.111.4 - - [05/Jun/2021:08:42:19 +0800] "POST /xingrg/load_menu.html HTTP/1.1" 200 5138
180.161.111.4 - - [05/Jun/2021:08:42:19 +0800] "GET /favicon.ico HTTP/1.1" 404 -
180.161.111.4 - - [05/Jun/2021:08:42:19 +0800] "GET /xingrg/javascript/jquery_easy_ui/themes/default/images/tree_arrows.gif HTTP/1.1" 304 -
180.161.111.4 - - [05/Jun/2021:08:42:19 +0800] "GET /xingrg/javascript/jquery_easy_ui/themes/default/images/tree_folder_open.gif HTTP/1.1" 304 -
180.161.111.4 - - [05/Jun/2021:08:42:19 +0800] "GET /xingrg/javascript/jquery_easy_ui/themes/icons/search_new.png HTTP/1.1" 304 -
180.161.111.4 - - [05/Jun/2021:08:42:19 +0800] "GET /xingrg/javascript/jquery_easy_ui/themes/default/images/tree_folder.gif HTTP/1.1" 304 -
180.161.111.4 - - [05/Jun/2021:08:42:19 +0800] "GET /xingrg/javascript/jquery_easy_ui/themes/icons/storage_new.png HTTP/1.1" 304 -
180.161.111.4 - - [05/Jun/2021:08:42:19 +0800] "GET /xingrg/javascript/jquery_easy_ui/themes/icons/forms_new.png HTTP/1.1" 304 -
180.161.111.4 - - [05/Jun/2021:08:42:19 +0800] "GET /xingrg/javascript/jquery_easy_ui/themes/default/images/tree_file.gif HTTP/1.1" 304 -
180.169.147.146 - - [05/Jun/2021:08:42:25 +0800] "GET /xingrg/check_reg.html?_=1622853750227 HTTP/1.1" 302 -
180.161.111.4 - - [05/Jun/2021:08:42:26 +0800] "GET /xingrg/javascript/jquery_easy_ui/themes/icons/area.png HTTP/1.1" 304 -
180.161.111.4 - - [05/Jun/2021:08:42:26 +0800] "GET /xingrg/javascript/jquery_easy_ui/themes/icons/rest.png HTTP/1.1" 304 -
180.161.111.4 - - [05/Jun/2021:08:42:32 +0800] "GET /xingrg/javascript/jquery_easy_ui/themes/default/images/tabs_close.gif HTTP/1.1" 304 -
180.161.111.4 - - [05/Jun/2021:08:42:33 +0800] "GET /xingrg/css/base.css HTTP/1.1" 304 -
180.161.111.4 - - [05/Jun/2021:08:42:33 +0800] "GET /xingrg/css/site.css HTTP/1.1" 304 -
180.161.111.4 - - [05/Jun/2021:08:42:33 +0800] "GET /xingrg/javascript/jquery_tools/jquery.tools.hotkey.js HTTP/1.1" 304 -
180.161.111.4 - - [05/Jun/2021:08:42:33 +0800] "GET /xingrg/javascript/jquery_tools/datebox.css HTTP/1.1" 304 -
180.161.111.4 - - [05/Jun/2021:08:42:33 +0800] "GET /xingrg/javascript/easyui/themes/icon.css HTTP/1.1" 304 -
180.161.111.4 - - [05/Jun/2021:08:42:33 +0800] "GET /xingrg/javascript/auto/jquery.autocomplete.css HTTP/1.1" 304 -
180.161.111.4 - - [05/Jun/2021:08:42:33 +0800] "GET /xingrg/javascript/jquery_tools/fix.css HTTP/1.1" 304 -
180.161.111.4 - - [05/Jun/2021:08:42:33 +0800] "GET /xingrg/javascript/jquery_tools/table.css HTTP/1.1" 304 -
180.161.111.4 - - [05/Jun/2021:08:42:33 +0800] "GET /xingrg/javascript/jquery_tools/jquery.tools.min.js HTTP/1.1" 304 -
180.161.111.4 - - [05/Jun/2021:08:42:33 +0800] "GET /xingrg/javascript/jquery_tools/jquery.tools.extend.js HTTP/1.1" 304 -
180.161.111.4 - - [05/Jun/2021:08:42:33 +0800] "GET /xingrg/javascript/jquery_tools/jquery.tools.table.js HTTP/1.1" 304 -
180.161.111.4 - - [05/Jun/2021:08:42:33 +0800] "GET /xingrg/javascript/jquery_tools/list_manager.js HTTP/1.1" 304 -
180.161.111.4 - - [05/Jun/2021:08:42:33 +0800] "GET /xingrg/javascript/easyui/easyloader.js HTTP/1.1" 304 -
180.161.111.4 - - [05/Jun/2021:08:42:33 +0800] "GET /xingrg/javascript/print/LodopFuncs.js HTTP/1.1" 304 -
180.161.111.4 - - [05/Jun/2021:08:42:33 +0800] "GET /xingrg/javascript/auto/jquery.autocomplete.js HTTP/1.1" 304 -
180.161.111.4 - - [05/Jun/2021:08:42:33 +0800] "GET /xingrg/javascript/jquery.cookie.js HTTP/1.1" 304 -
180.161.111.4 - - [05/Jun/2021:08:42:33 +0800] "GET /xingrg/javascript/easyui/themes/default/easyui.css HTTP/1.1" 304 -
180.161.111.4 - - [05/Jun/2021:08:42:33 +0800] "GET /xingrg/kc/buy/cgsh_order_list.html HTTP/1.1" 200 46624
180.161.111.4 - - [05/Jun/2021:08:42:33 +0800] "GET /xingrg/javascript/easyui/themes/icons/edit_add_new.png HTTP/1.1" 304 -
180.161.111.4 - - [05/Jun/2021:08:42:33 +0800] "GET /xingrg/javascript/easyui/themes/icons/cance_new.png HTTP/1.1" 304 -
180.161.111.4 - - [05/Jun/2021:08:42:33 +0800] "GET /xingrg/javascript/easyui/themes/icons/check_new.png HTTP/1.1" 304 -
180.161.111.4 - - [05/Jun/2021:08:42:33 +0800] "GET /xingrg/javascript/easyui/themes/icons/field_new.png HTTP/1.1" 304 -
180.161.111.4 - - [05/Jun/2021:08:42:33 +0800] "GET /xingrg/javascript/easyui/themes/icons/import_new.png HTTP/1.1" 304 -
180.161.111.4 - - [05/Jun/2021:08:42:33 +0800] "GET /xingrg/javascript/easyui/plugins/jquery.parser.js HTTP/1.1" 304 -
180.161.111.4 - - [05/Jun/2021:08:42:33 +0800] "GET /xingrg/images/control/ajaxLoader.gif HTTP/1.1" 304 -
116.224.253.72 - - [05/Jun/2021:08:42:33 +0800] "GET /xingrg/all/function/internal_message.html?_=1622853756837&CODE_STATE=getMsg HTTP/1.1" 200 27
180.161.111.4 - - [05/Jun/2021:08:42:35 +0800] "POST /xingrg/kc/buy/cgsh_list_operate.html HTTP/1.1" 200 876
180.161.111.4 - - [05/Jun/2021:08:42:36 +0800] "GET /xingrg/javascript/easyui/themes/default/images/button_plain_hover.png HTTP/1.1" 304 -
116.230.110.80 - - [05/Jun/2021:08:42:36 +0800] "GET /xingrg/check_reg.html?_=1622853752312 HTTP/1.1" 200 22
116.230.110.80 - - [05/Jun/2021:08:42:36 +0800] "GET /xingrg/all/function/internal_message.html?_=1622853752319&CODE_STATE=getMsg HTTP/1.1" 200 27
180.161.111.4 - - [05/Jun/2021:08:42:37 +0800] "GET /xingrg/javascript/pic_change.js HTTP/1.1" 304 -
180.161.111.4 - - [05/Jun/2021:08:42:37 +0800] "GET /xingrg/javascript/jquery_tools/order_manager.js HTTP/1.1" 304 -
180.161.111.4 - - [05/Jun/2021:08:42:37 +0800] "GET /xingrg/javascript/convert.js HTTP/1.1" 304 -
180.161.111.4 - - [05/Jun/2021:08:42:37 +0800] "GET /xingrg/javascript/json2.js HTTP/1.1" 304 -
180.161.111.4 - - [05/Jun/2021:08:42:37 +0800] "GET /xingrg/javascript/print/kc_print.js HTTP/1.1" 304 -
180.161.111.4 - - [05/Jun/2021:08:42:37 +0800] "GET /xingrg/javascript/easyui/themes/icons/copy_new.png HTTP/1.1" 304 -
180.161.111.4 - - [05/Jun/2021:08:42:37 +0800] "GET /xingrg/javascript/easyui/themes/icons/template_new.png HTTP/1.1" 304 -
180.161.111.4 - - [05/Jun/2021:08:42:37 +0800] "GET /xingrg/javascript/easyui/themes/icons/ok.png HTTP/1.1" 304 -
180.161.111.4 - - [05/Jun/2021:08:42:37 +0800] "GET /xingrg/javascript/easyui/themes/icons/print.png HTTP/1.1" 304 -
180.161.111.4 - - [05/Jun/2021:08:42:37 +0800] "GET /xingrg/javascript/easyui/themes/default/images/menu_downarrow.png HTTP/1.1" 304 -
180.161.111.4 - - [05/Jun/2021:08:42:37 +0800] "GET /xingrg/words/20210604173909_words.js HTTP/1.1" 304 -
180.161.111.4 - - [05/Jun/2021:08:42:37 +0800] "GET /xingrg/javascript/easyui/themes/icons/cancel.png HTTP/1.1" 304 -
180.161.111.4 - - [05/Jun/2021:08:42:37 +0800] "GET /xingrg/kc/buy/cgsh_order_add.html HTTP/1.1" 200 62321
222.69.131.252 - - [05/Jun/2021:08:42:37 +0800] "GET /xingrg/all/function/internal_message.html?_=1622853760671&CODE_STATE=getMsg HTTP/1.1" 200 27
180.161.111.4 - - [05/Jun/2021:08:42:38 +0800] "POST /xingrg/kc/buy/cgsh_order_operate.html HTTP/1.1" 200 8245
180.161.111.4 - - [05/Jun/2021:08:42:38 +0800] "GET /xingrg/javascript/easyui/themes/icons/edit_remove.png HTTP/1.1" 304 -
180.161.111.4 - - [05/Jun/2021:08:42:38 +0800] "GET /xingrg/all/common/auto_word.html?type=employee&rest_code=00102 HTTP/1.1" 200 189
180.161.111.4 - - [05/Jun/2021:08:42:38 +0800] "GET /xingrg/all/common/auto_word.html?type=employee&rest_code=00102 HTTP/1.1" 200 189
180.161.111.4 - - [05/Jun/2021:08:42:38 +0800] "GET /xingrg/javascript/easyui/themes/default/validatebox.css HTTP/1.1" 404 1104
180.161.111.4 - - [05/Jun/2021:08:42:38 +0800] "GET /xingrg/javascript/easyui/plugins/jquery.validatebox.js HTTP/1.1" 304 -
180.161.111.4 - - [05/Jun/2021:08:42:38 +0800] "GET /xingrg/javascript/easyui/plugins/jquery.numberbox.js HTTP/1.1" 304 -
120.253.135.82 - - [05/Jun/2021:08:42:40 +0800] "GET /xingrg/all/function/internal_message.html?_=1622853546626&CODE_STATE=getMsg HTTP/1.1" 200 27
116.224.253.72 - - [05/Jun/2021:08:42:42 +0800] "GET /xingrg/kc/buy/cgsh_order_operate.html?command=get_materiel&rest_code=00150&code=00101007081&supplier_code=00100096&order_time=2021-06-05 HTTP/1.1" 200 413
116.230.114.112 - - [05/Jun/2021:08:42:44 +0800] "GET /xingrg/check_reg.html?_=1622853785766 HTTP/1.1" 302 -
116.224.253.72 - - [05/Jun/2021:08:42:50 +0800] "GET /xingrg/all/function/internal_message.html?_=1622853776540&CODE_STATE=getMsg HTTP/1.1" 200 27
116.230.117.165 - - [05/Jun/2021:08:42:57 +0800] "GET /xingrg/all/function/internal_message.html?_=1622853778486&CODE_STATE=getMsg HTTP/1.1" 200 27
116.224.253.72 - - [05/Jun/2021:08:42:58 +0800] "GET /xingrg/kc/buy/cgsh_order_operate.html?command=get_materiel&rest_code=00150&code=00101007006&supplier_code=00100096&order_time=2021-06-05 HTTP/1.1" 200 414
180.169.147.146 - - [05/Jun/2021:08:43:02 +0800] "GET /xingrg/all/function/internal_message.html?_=1622853780096&CODE_STATE=getMsg HTTP/1.1" 200 27
180.169.147.146 - - [05/Jun/2021:08:43:03 +0800] "GET /xingrg/check_reg.html?_=1622853787782 HTTP/1.1" 302 -
180.161.111.4 - - [05/Jun/2021:08:43:07 +0800] "GET /xingrg/javascript/easyui/plugins/jquery.draggable.js HTTP/1.1" 304 -
180.161.111.4 - - [05/Jun/2021:08:43:07 +0800] "GET /xingrg/css/images/panel_loading.gif HTTP/1.1" 304 -
180.161.111.4 - - [05/Jun/2021:08:43:07 +0800] "GET /xingrg/javascript/easyui/plugins/jquery.droppable.js HTTP/1.1" 304 -
180.161.111.4 - - [05/Jun/2021:08:43:07 +0800] "GET /xingrg/javascript/easyui/themes/default/tree.css HTTP/1.1" 404 1090
180.161.111.4 - - [05/Jun/2021:08:43:07 +0800] "GET /xingrg/javascript/easyui/plugins/jquery.tree.js HTTP/1.1" 304 -
180.161.111.4 - - [05/Jun/2021:08:43:08 +0800] "POST /xingrg/all/common/load_tree.html?tree=supplier_tree_json&isDelete=1 HTTP/1.1" 200 55903
180.161.111.4 - - [05/Jun/2021:08:43:10 +0800] "GET /xingrg/javascript/easyui/themes/default/images/tree_arrows.gif HTTP/1.1" 304 -
180.161.111.4 - - [05/Jun/2021:08:43:10 +0800] "GET /xingrg/javascript/easyui/themes/default/images/tree_folder_open.gif HTTP/1.1" 304 -
180.161.111.4 - - [05/Jun/2021:08:43:10 +0800] "GET /xingrg/javascript/easyui/themes/default/images/tree_folder.gif HTTP/1.1" 304 -
180.161.111.4 - - [05/Jun/2021:08:43:10 +0800] "GET /xingrg/javascript/easyui/themes/default/images/tree_file.gif HTTP/1.1" 304 -
116.224.253.72 - - [05/Jun/2021:08:43:13 +0800] "GET /xingrg/kc/buy/cgsh_order_operate.html?command=get_materiel&rest_code=00150&code=00101007077&supplier_code=00100096&order_time=2021-06-05 HTTP/1.1" 200 415
180.161.111.4 - - [05/Jun/2021:08:43:18 +0800] "GET /xingrg/all/function/internal_message.html?_=1622853764728&CODE_STATE=getMsg HTTP/1.1" 200 27
180.161.111.4 - - [05/Jun/2021:08:43:26 +0800] "GET /xingrg/javascript/auto/indicator.gif HTTP/1.1" 404 1066
180.161.111.4 - - [05/Jun/2021:08:43:30 +0800] "GET /xingrg/system/info/materiel_import.html?isSelect=1&singleSelect=false HTTP/1.1" 200 5600
180.161.111.4 - - [05/Jun/2021:08:43:30 +0800] "GET /xingrg/css/xtree.css HTTP/1.1" 200 880
180.161.111.4 - - [05/Jun/2021:08:43:30 +0800] "GET /xingrg/css/blue.css HTTP/1.1" 304 -
180.161.111.4 - - [05/Jun/2021:08:43:30 +0800] "GET /xingrg/javascript/jquery_ui/themes/base/base.css HTTP/1.1" 200 28568
180.161.111.4 - - [05/Jun/2021:08:43:30 +0800] "GET /xingrg/javascript/jquery_easy_ui/themes/default/images/button_a_bg.gif HTTP/1.1" 200 1194
180.161.111.4 - - [05/Jun/2021:08:43:30 +0800] "GET /xingrg/javascript/jquery_easy_ui/themes/default/images/button_span_bg.gif HTTP/1.1" 200 2061
180.161.111.4 - - [05/Jun/2021:08:43:30 +0800] "GET /xingrg/javascript/jquery_easy_ui/themes/icons/check_new.png HTTP/1.1" 304 -
180.161.111.4 - - [05/Jun/2021:08:43:30 +0800] "GET /xingrg/javascript/jquery_easy_ui/themes/icons/search.png HTTP/1.1" 200 813
180.161.111.4 - - [05/Jun/2021:08:43:30 +0800] "GET /xingrg/javascript/jquery_easy_ui/themes/icons/edit_add.png HTTP/1.1" 200 1088
180.161.111.4 - - [05/Jun/2021:08:43:31 +0800] "GET /xingrg/javascript/jquery_easy_ui/themes/default/images/datagrid_header_bg.gif HTTP/1.1" 200 97
180.161.111.4 - - [05/Jun/2021:08:43:31 +0800] "GET /xingrg/javascript/jquery_easy_ui/themes/default/images/pagination_prev.gif HTTP/1.1" 200 879
180.161.111.4 - - [05/Jun/2021:08:43:31 +0800] "GET /xingrg/javascript/jquery_easy_ui/themes/default/images/pagination_first.gif HTTP/1.1" 200 925
180.161.111.4 - - [05/Jun/2021:08:43:31 +0800] "GET /xingrg/javascript/jquery_easy_ui/themes/default/images/pagination_next.gif HTTP/1.1" 200 875
180.161.111.4 - - [05/Jun/2021:08:43:31 +0800] "GET /xingrg/javascript/jquery_easy_ui/themes/default/images/pagination_last.gif HTTP/1.1" 200 923
180.161.111.4 - - [05/Jun/2021:08:43:31 +0800] "GET /xingrg/javascript/jquery_easy_ui/themes/default/images/pagination_load.png HTTP/1.1" 200 827
180.161.111.4 - - [05/Jun/2021:08:43:31 +0800] "GET /favicon.ico HTTP/1.1" 404 -
180.161.111.4 - - [05/Jun/2021:08:43:31 +0800] "POST /xingrg/all/common/load_tree.html?tree=materiel_sort_tree_json HTTP/1.1" 200 8666
116.224.253.72 - - [05/Jun/2021:08:43:33 +0800] "GET /xingrg/kc/buy/cgsh_order_operate.html?command=get_materiel&rest_code=00150&code=00101006229&supplier_code=00100096&order_time=2021-06-05 HTTP/1.1" 200 412
116.224.253.72 - - [05/Jun/2021:08:43:33 +0800] "GET /xingrg/all/function/internal_message.html?_=1622853816867&CODE_STATE=getMsg HTTP/1.1" 200 27
116.224.253.72 - - [05/Jun/2021:08:43:33 +0800] "GET /xingrg/check_reg.html?_=1622853816872 HTTP/1.1" 200 22
116.230.110.80 - - [05/Jun/2021:08:43:36 +0800] "GET /xingrg/all/function/internal_message.html?_=1622853812312&CODE_STATE=getMsg HTTP/1.1" 200 27
222.69.131.252 - - [05/Jun/2021:08:43:37 +0800] "GET /xingrg/all/function/internal_message.html?_=1622853820564&CODE_STATE=getMsg HTTP/1.1" 200 27
120.253.135.82 - - [05/Jun/2021:08:43:40 +0800] "GET /xingrg/all/function/internal_message.html?_=1622853606847&CODE_STATE=getMsg HTTP/1.1" 200 27
116.230.110.80 - - [05/Jun/2021:08:43:46 +0800] "GET /xingrg/kc/buy/cgsh_order_add.html HTTP/1.1" 200 62330
116.230.110.80 - - [05/Jun/2021:08:43:47 +0800] "GET /xingrg/javascript/easyui/themes/default/validatebox.css HTTP/1.1" 404 1104
116.230.110.80 - - [05/Jun/2021:08:43:47 +0800] "POST /xingrg/kc/buy/cgsh_order_operate.html HTTP/1.1" 200 8245
116.224.253.72 - - [05/Jun/2021:08:43:48 +0800] "GET /xingrg/kc/buy/cgsh_order_operate.html?command=get_materiel&rest_code=00150&code=00101006065&supplier_code=00100096&order_time=2021-06-05 HTTP/1.1" 200 411
180.161.111.4 - - [05/Jun/2021:08:43:49 +0800] "GET /xingrg/kc/buy/cgsh_order_operate.html?command=get_materiel&rest_code=00102&code=00101020196&supplier_code=00100097&order_time=2021-06-05 HTTP/1.1" 200 412
116.224.253.72 - - [05/Jun/2021:08:43:50 +0800] "GET /xingrg/all/function/internal_message.html?_=1622853836553&CODE_STATE=getMsg HTTP/1.1" 200 27
180.161.111.4 - - [05/Jun/2021:08:43:54 +0800] "POST /xingrg/all/common/load_select.html HTTP/1.1" 200 25
116.230.110.80 - - [05/Jun/2021:08:43:56 +0800] "GET /xingrg/kc/buy/cgsh_order_operate.html?command=get_materiel&rest_code=00155&code=00101004038&supplier_code=00100012&order_time=2021-06-05 HTTP/1.1" 200 409
116.224.253.72 - - [05/Jun/2021:08:43:56 +0800] "GET /xingrg/kc/buy/cgsh_order_operate.html?command=get_materiel&rest_code=00150&code=00101006184&supplier_code=00100096&order_time=2021-06-05 HTTP/1.1" 200 408
116.230.117.165 - - [05/Jun/2021:08:43:57 +0800] "GET /xingrg/all/function/internal_message.html?_=1622853838499&CODE_STATE=getMsg HTTP/1.1" 200 27
180.161.111.4 - - [05/Jun/2021:08:44:00 +0800] "GET /xingrg/kc/buy/cgsh_order_operate.html?command=get_materiel_price&rest_code=00102&code=00101020196&unit_code=00100431&supplier_code=00100097&order_time=2021-06-05 HTTP/1.1" 200 27
180.169.147.146 - - [05/Jun/2021:08:44:02 +0800] "GET /xingrg/all/function/internal_message.html?_=1622853840072&CODE_STATE=getMsg HTTP/1.1" 200 27
116.224.253.72 - - [05/Jun/2021:08:44:03 +0800] "GET /xingrg/kc/buy/cgsh_order_operate.html?command=get_materiel&rest_code=00150&code=00101006055&supplier_code=00100096&order_time=2021-06-05 HTTP/1.1" 200 411
116.230.110.80 - - [05/Jun/2021:08:44:07 +0800] "GET /xingrg/kc/buy/cgsh_order_operate.html?command=get_materiel&rest_code=00155&code=00101001044&supplier_code=00100012&order_time=2021-06-05 HTTP/1.1" 200 411
116.230.110.80 - - [05/Jun/2021:08:44:14 +0800] "GET /xingrg/kc/buy/cgsh_order_operate.html?command=get_materiel&rest_code=00155&code=00101002027&supplier_code=00100012&order_time=2021-06-05 HTTP/1.1" 200 413
116.224.253.72 - - [05/Jun/2021:08:44:14 +0800] "GET /xingrg/kc/buy/cgsh_order_operate.html?command=get_materiel&rest_code=00150&code=00101006109&supplier_code=00100096&order_time=2021-06-05 HTTP/1.1" 200 411
180.161.111.4 - - [05/Jun/2021:08:44:18 +0800] "GET /xingrg/all/function/internal_message.html?_=1622853824765&CODE_STATE=getMsg HTTP/1.1" 200 27
180.161.111.4 - - [05/Jun/2021:08:44:20 +0800] "GET /xingrg/kc/buy/cgsh_order_operate.html?command=get_materiel_price&rest_code=00102&code=00101020196&unit_code=00100430&supplier_code=00100097&order_time=2021-06-05 HTTP/1.1" 200 27
116.230.110.80 - - [05/Jun/2021:08:44:25 +0800] "GET /xingrg/kc/buy/cgsh_order_operate.html?command=get_materiel&rest_code=00155&code=00101002041&supplier_code=00100012&order_time=2021-06-05 HTTP/1.1" 200 409
116.224.253.72 - - [05/Jun/2021:08:44:29 +0800] "GET /xingrg/kc/buy/cgsh_order_operate.html?command=get_materiel&rest_code=00150&code=00101006112&supplier_code=00100096&order_time=2021-06-05 HTTP/1.1" 200 411
116.230.110.80 - - [05/Jun/2021:08:44:33 +0800] "GET /xingrg/kc/buy/cgsh_order_operate.html?command=get_materiel&rest_code=00155&code=00101001075&supplier_code=00100012&order_time=2021-06-05 HTTP/1.1" 200 409
116.224.253.72 - - [05/Jun/2021:08:44:33 +0800] "GET /xingrg/all/function/internal_message.html?_=1622853876858&CODE_STATE=getMsg HTTP/1.1" 200 27
116.230.110.80 - - [05/Jun/2021:08:44:36 +0800] "GET /xingrg/all/function/internal_message.html?_=1622853872301&CODE_STATE=getMsg HTTP/1.1" 200 27
222.69.131.252 - - [05/Jun/2021:08:44:37 +0800] "GET /xingrg/all/function/internal_message.html?_=1622853880553&CODE_STATE=getMsg HTTP/1.1" 200 27
120.253.135.82 - - [05/Jun/2021:08:44:40 +0800] "GET /xingrg/all/function/internal_message.html?_=1622853666856&CODE_STATE=getMsg HTTP/1.1" 200 27
116.230.110.80 - - [05/Jun/2021:08:44:41 +0800] "POST /xingrg/kc/buy/cgsh_order_operate.html HTTP/1.1" 200 37
116.230.110.80 - - [05/Jun/2021:08:44:43 +0800] "POST /xingrg/kc/buy/cgsh_order_operate.html HTTP/1.1" 200 5015
116.230.110.80 - - [05/Jun/2021:08:44:44 +0800] "GET /xingrg/kc/print/load_data.html?order_code=212021060501910&kc_code=cgsh&condition= HTTP/1.1" 200 1662
116.224.253.72 - - [05/Jun/2021:08:44:46 +0800] "GET /xingrg/kc/buy/cgsh_order_operate.html?command=get_materiel&rest_code=00150&code=00101007012&supplier_code=00100096&order_time=2021-06-05 HTTP/1.1" 200 410
116.224.253.72 - - [05/Jun/2021:08:44:49 +0800] "GET /xingrg/check_reg.html?_=1622853895651 HTTP/1.1" 200 22
116.224.253.72 - - [05/Jun/2021:08:44:50 +0800] "GET /xingrg/all/function/internal_message.html?_=1622853896566&CODE_STATE=getMsg HTTP/1.1" 200 27
116.230.117.165 - - [05/Jun/2021:08:44:57 +0800] "GET /xingrg/all/function/internal_message.html?_=1622853898559&CODE_STATE=getMsg HTTP/1.1" 200 27
116.224.253.72 - - [05/Jun/2021:08:44:58 +0800] "GET /xingrg/kc/buy/cgsh_order_operate.html?command=get_materiel&rest_code=00150&code=00101007061&supplier_code=00100096&order_time=2021-06-05 HTTP/1.1" 200 411
180.169.147.146 - - [05/Jun/2021:08:45:02 +0800] "GET /xingrg/all/function/internal_message.html?_=1622853900054&CODE_STATE=getMsg HTTP/1.1" 200 27
124.79.241.247 - - [05/Jun/2021:08:45:12 +0800] "POST /xingrg/services/DataTransmitService HTTP/1.1" 200 524
116.224.253.72 - - [05/Jun/2021:08:45:13 +0800] "GET /xingrg/kc/buy/cgsh_order_operate.html?command=get_materiel&rest_code=00150&code=00101007091&supplier_code=00100096&order_time=2021-06-05 HTTP/1.1" 200 415
124.79.241.247 - - [05/Jun/2021:08:45:13 +0800] "POST /xingrg/services/DataTransmitService HTTP/1.1" 200 501
124.79.241.247 - - [05/Jun/2021:08:45:13 +0800] "POST /xingrg/services/DataTransmitService HTTP/1.1" 200 501
116.233.77.11 - - [05/Jun/2021:08:45:14 +0800] "POST /xingrg/services/DataTransmitService HTTP/1.1" 200 524
124.79.241.247 - - [05/Jun/2021:08:45:14 +0800] "POST /xingrg/services/DataTransmitService HTTP/1.1" 200 412
180.161.111.4 - - [05/Jun/2021:08:45:18 +0800] "GET /xingrg/all/function/internal_message.html?_=1622853884769&CODE_STATE=getMsg HTTP/1.1" 200 27
180.169.147.146 - - [05/Jun/2021:08:45:20 +0800] "GET /xingrg/check_reg.html?_=1622853918214 HTTP/1.1" 200 22
222.69.131.252 - - [05/Jun/2021:08:45:20 +0800] "GET /xingrg/kc/buy/cgsh_order_operate.html?command=get_materiel&rest_code=00149&code=00101011003&supplier_code=00100051&order_time=2021-06-05 HTTP/1.1" 200 413
116.233.77.11 - - [05/Jun/2021:08:45:22 +0800] "POST /xingrg/services/DataTransmitService HTTP/1.1" 200 501
116.224.253.72 - - [05/Jun/2021:08:45:25 +0800] "GET /xingrg/kc/buy/cgsh_order_operate.html?command=get_materiel&rest_code=00150&code=00101007049&supplier_code=00100096&order_time=2021-06-05 HTTP/1.1" 200 409
116.224.253.72 - - [05/Jun/2021:08:45:33 +0800] "GET /xingrg/all/function/internal_message.html?_=1622853936862&CODE_STATE=getMsg HTTP/1.1" 200 27
222.69.131.252 - - [05/Jun/2021:08:45:34 +0800] "GET /xingrg/kc/buy/cgsh_order_operate.html?command=get_materiel&rest_code=00149&code=00101011001&supplier_code=00100051&order_time=2021-06-05 HTTP/1.1" 200 423
116.230.110.80 - - [05/Jun/2021:08:45:36 +0800] "GET /xingrg/all/function/internal_message.html?_=1622853932313&CODE_STATE=getMsg HTTP/1.1" 200 27
222.69.131.252 - - [05/Jun/2021:08:45:37 +0800] "GET /xingrg/all/function/internal_message.html?_=1622853940529&CODE_STATE=getMsg HTTP/1.1" 200 27
222.69.131.252 - - [05/Jun/2021:08:45:37 +0800] "GET /xingrg/check_reg.html?_=1622853940620 HTTP/1.1" 200 22
120.253.135.82 - - [05/Jun/2021:08:45:40 +0800] "GET /xingrg/all/function/internal_message.html?_=1622853726868&CODE_STATE=getMsg HTTP/1.1" 200 27
116.230.117.165 - - [05/Jun/2021:08:45:40 +0800] "GET /xingrg/check_reg.html?_=1622853941990 HTTP/1.1" 200 22
222.69.131.252 - - [05/Jun/2021:08:45:44 +0800] "GET /xingrg/kc/buy/cgsh_order_operate.html?command=get_materiel&rest_code=00149&code=00101011010&supplier_code=00100051&order_time=2021-06-05 HTTP/1.1" 200 418
116.224.253.72 - - [05/Jun/2021:08:45:50 +0800] "GET /xingrg/all/function/internal_message.html?_=1622853956581&CODE_STATE=getMsg HTTP/1.1" 200 27
180.161.111.4 - - [05/Jun/2021:08:45:54 +0800] "POST /xingrg/kc/buy/cgsh_order_operate.html HTTP/1.1" 200 37
180.161.111.4 - - [05/Jun/2021:08:45:56 +0800] "POST /xingrg/kc/buy/cgsh_order_operate.html HTTP/1.1" 200 2669
116.230.117.165 - - [05/Jun/2021:08:45:57 +0800] "GET /xingrg/all/function/internal_message.html?_=1622853958573&CODE_STATE=getMsg HTTP/1.1" 200 27
222.69.131.252 - - [05/Jun/2021:08:45:58 +0800] "GET /xingrg/kc/buy/cgsh_order_operate.html?command=get_materiel&rest_code=00149&code=00101011005&supplier_code=00100051&order_time=2021-06-05 HTTP/1.1" 200 428
116.224.253.72 - - [05/Jun/2021:08:46:00 +0800] "GET /xingrg/kc/buy/cgsh_order_operate.html?command=get_materiel&rest_code=00150&code=00101007125&supplier_code=00100096&order_time=2021-06-05 HTTP/1.1" 200 408
180.169.147.146 - - [05/Jun/2021:08:46:02 +0800] "GET /xingrg/all/function/internal_message.html?_=1622853960055&CODE_STATE=getMsg HTTP/1.1" 200 27
222.69.131.252 - - [05/Jun/2021:08:46:13 +0800] "GET /xingrg/javascript/jquery_easy_ui/themes/icons/rest.png HTTP/1.1" 200 695
222.69.131.252 - - [05/Jun/2021:08:46:13 +0800] "GET /xingrg/javascript/jquery_easy_ui/themes/icons/area.png HTTP/1.1" 200 262
222.69.131.252 - - [05/Jun/2021:08:46:18 +0800] "POST /xingrg/kc/buy/cgsh_order_operate.html HTTP/1.1" 200 37
180.161.111.4 - - [05/Jun/2021:08:46:19 +0800] "GET /xingrg/all/function/internal_message.html?_=1622853944786&CODE_STATE=getMsg HTTP/1.1" 200 27
222.69.131.252 - - [05/Jun/2021:08:46:26 +0800] "POST /xingrg/kc/buy/cgsh_order_operate.html HTTP/1.1" 200 12
120.253.135.82 - - [05/Jun/2021:08:46:30 +0800] "GET /xingrg/check_reg.html?_=1622853777110 HTTP/1.1" 200 22
222.69.131.252 - - [05/Jun/2021:08:46:31 +0800] "GET /xingrg/kc/buy/cgsh_order_info.html?code=212021060501912 HTTP/1.1" 200 57317
222.69.131.252 - - [05/Jun/2021:08:46:31 +0800] "GET /xingrg/javascript/easyui/themes/default/validatebox.css HTTP/1.1" 404 1104
116.224.253.72 - - [05/Jun/2021:08:46:33 +0800] "GET /xingrg/all/function/internal_message.html?_=1622853996867&CODE_STATE=getMsg HTTP/1.1" 200 27
116.224.253.72 - - [05/Jun/2021:08:46:36 +0800] "POST /xingrg/kc/buy/cgsh_order_operate.html HTTP/1.1" 200 37
222.69.131.252 - - [05/Jun/2021:08:46:36 +0800] "POST /xingrg/kc/buy/cgsh_order_operate.html HTTP/1.1" 200 2400
116.230.110.80 - - [05/Jun/2021:08:46:36 +0800] "GET /xingrg/all/function/internal_message.html?_=1622853992308&CODE_STATE=getMsg HTTP/1.1" 200 27
222.69.131.252 - - [05/Jun/2021:08:46:37 +0800] "GET /xingrg/all/function/internal_message.html?_=1622854000521&CODE_STATE=getMsg HTTP/1.1" 200 27
120.253.135.82 - - [05/Jun/2021:08:46:40 +0800] "GET /xingrg/all/function/internal_message.html?_=1622853786883&CODE_STATE=getMsg HTTP/1.1" 200 27
114.86.187.76 - - [05/Jun/2021:08:46:41 +0800] "POST /xingrg/services/DataTransmitService HTTP/1.1" 200 524
180.161.111.4 - - [05/Jun/2021:08:46:46 +0800] "POST /xingrg/kc/buy/cgsh_order_operate.html HTTP/1.1" 200 37
222.69.131.252 - - [05/Jun/2021:08:46:49 +0800] "GET /xingrg/kc/print/load_data.html?order_code=212021060501912&kc_code=cgsh&condition= HTTP/1.1" 200 1417
116.224.253.72 - - [05/Jun/2021:08:46:50 +0800] "GET /xingrg/all/function/internal_message.html?_=1622854016593&CODE_STATE=getMsg HTTP/1.1" 200 27
116.224.253.72 - - [05/Jun/2021:08:46:52 +0800] "POST /xingrg/kc/buy/cgsh_order_operate.html HTTP/1.1" 200 12
222.69.131.252 - - [05/Jun/2021:08:46:55 +0800] "GET /xingrg/kc/buy/cgsh_order_add.html HTTP/1.1" 200 62415
222.69.131.252 - - [05/Jun/2021:08:46:55 +0800] "POST /xingrg/kc/buy/cgsh_order_operate.html HTTP/1.1" 200 8245
222.69.131.252 - - [05/Jun/2021:08:46:55 +0800] "GET /xingrg/javascript/easyui/themes/default/validatebox.css HTTP/1.1" 404 1104
114.86.187.76 - - [05/Jun/2021:08:46:56 +0800] "POST /xingrg/services/DataTransmitService HTTP/1.1" 200 501
180.161.111.4 - - [05/Jun/2021:08:46:57 +0800] "POST /xingrg/kc/buy/cgsh_order_operate.html HTTP/1.1" 200 12
116.230.117.165 - - [05/Jun/2021:08:46:57 +0800] "GET /xingrg/all/function/internal_message.html?_=1622854018587&CODE_STATE=getMsg HTTP/1.1" 200 27
116.224.253.72 - - [05/Jun/2021:08:46:57 +0800] "GET /xingrg/kc/buy/cgsh_order_info.html?code=212021060501913 HTTP/1.1" 200 57194
114.86.187.76 - - [05/Jun/2021:08:46:58 +0800] "POST /xingrg/services/DataTransmitService HTTP/1.1" 200 524
116.224.253.72 - - [05/Jun/2021:08:46:58 +0800] "GET /xingrg/javascript/easyui/themes/default/validatebox.css HTTP/1.1" 404 1104
116.224.253.72 - - [05/Jun/2021:08:46:59 +0800] "POST /xingrg/kc/buy/cgsh_order_operate.html HTTP/1.1" 200 11278
116.224.253.72 - - [05/Jun/2021:08:47:00 +0800] "GET /xingrg/kc/print/load_config.html?kc_code=cgsh HTTP/1.1" 200 1845
116.224.253.72 - - [05/Jun/2021:08:47:01 +0800] "GET /xingrg/kc/print/load_data.html?order_code=212021060501913&kc_code=cgsh&condition= HTTP/1.1" 200 4737
180.169.147.146 - - [05/Jun/2021:08:47:02 +0800] "GET /xingrg/all/function/internal_message.html?_=1622854020034&CODE_STATE=getMsg HTTP/1.1" 200 27
180.161.111.4 - - [05/Jun/2021:08:47:04 +0800] "GET /xingrg/kc/buy/cgsh_order_info.html?code=212021060501911 HTTP/1.1" 200 57213
114.86.187.76 - - [05/Jun/2021:08:47:04 +0800] "POST /xingrg/services/DataTransmitService HTTP/1.1" 200 501
180.161.111.4 - - [05/Jun/2021:08:47:05 +0800] "GET /xingrg/javascript/easyui/themes/default/validatebox.css HTTP/1.1" 404 1104
180.161.111.4 - - [05/Jun/2021:08:47:05 +0800] "POST /xingrg/kc/buy/cgsh_order_operate.html HTTP/1.1" 200 619
114.86.187.76 - - [05/Jun/2021:08:47:05 +0800] "POST /xingrg/services/DataTransmitService HTTP/1.1" 200 524
180.161.111.4 - - [05/Jun/2021:08:47:09 +0800] "GET /xingrg/kc/print/load_config.html?kc_code=cgsh HTTP/1.1" 200 1845
180.161.111.4 - - [05/Jun/2021:08:47:10 +0800] "GET /xingrg/kc/print/load_data.html?order_code=212021060501911&kc_code=cgsh&condition= HTTP/1.1" 200 686
116.224.253.72 - - [05/Jun/2021:08:47:16 +0800] "GET /xingrg/kc/buy/cgsh_order_add.html HTTP/1.1" 200 62298
116.224.253.72 - - [05/Jun/2021:08:47:17 +0800] "POST /xingrg/kc/buy/cgsh_order_operate.html HTTP/1.1" 200 8245
116.224.253.72 - - [05/Jun/2021:08:47:17 +0800] "GET /xingrg/javascript/easyui/themes/default/validatebox.css HTTP/1.1" 404 1104
114.86.187.76 - - [05/Jun/2021:08:47:17 +0800] "POST /xingrg/services/DataTransmitService HTTP/1.1" 200 501
114.86.187.76 - - [05/Jun/2021:08:47:19 +0800] "POST /xingrg/services/DataTransmitService HTTP/1.1" 200 501
180.161.111.4 - - [05/Jun/2021:08:47:19 +0800] "GET /xingrg/check_reg.html?_=1622854004716 HTTP/1.1" 200 22
222.69.131.252 - - [05/Jun/2021:08:47:19 +0800] "GET /xingrg/kc/buy/cgsh_order_operate.html?command=get_materiel&rest_code=00149&code=00101007125&supplier_code=00100205&order_time=2021-06-05 HTTP/1.1" 200 408
180.161.111.4 - - [05/Jun/2021:08:47:19 +0800] "GET /xingrg/all/function/internal_message.html?_=1622854004796&CODE_STATE=getMsg HTTP/1.1" 200 27
180.169.147.146 - - [05/Jun/2021:08:47:25 +0800] "GET /xingrg/check_reg.html?_=1622854050265 HTTP/1.1" 302 -
116.224.253.72 - - [05/Jun/2021:08:47:27 +0800] "GET /xingrg/kc/buy/cgsh_order_operate.html?command=get_materiel&rest_code=00150&code=00101009001&supplier_code=00100424&order_time=2021-06-05 HTTP/1.1" 200 416
180.161.111.4 - - [05/Jun/2021:08:47:28 +0800] "GET /xingrg/kc/buy/cgsh_order_add.html HTTP/1.1" 200 62321
180.161.111.4 - - [05/Jun/2021:08:47:28 +0800] "POST /xingrg/kc/buy/cgsh_order_operate.html HTTP/1.1" 200 8245
180.161.111.4 - - [05/Jun/2021:08:47:29 +0800] "GET /xingrg/javascript/easyui/themes/default/validatebox.css HTTP/1.1" 404 1104
116.224.253.72 - - [05/Jun/2021:08:47:33 +0800] "GET /xingrg/all/function/internal_message.html?_=1622854056872&CODE_STATE=getMsg HTTP/1.1" 200 27
116.230.110.80 - - [05/Jun/2021:08:47:36 +0800] "GET /xingrg/all/function/internal_message.html?_=1622854052303&CODE_STATE=getMsg HTTP/1.1" 200 27
116.230.110.80 - - [05/Jun/2021:08:47:36 +0800] "GET /xingrg/check_reg.html?_=1622854052304 HTTP/1.1" 200 22
222.69.131.252 - - [05/Jun/2021:08:47:36 +0800] "GET /xingrg/kc/buy/cgsh_order_operate.html?command=get_materiel&rest_code=00149&code=00101007077&supplier_code=00100205&order_time=2021-06-05 HTTP/1.1" 200 415
