117.185.32.26 - - [05/Jun/2021:06:11:02 +0800] "GET /xingrg/all/function/internal_message.html?_=1622845199114&CODE_STATE=getMsg HTTP/1.1" 200 27
180.169.147.146 - - [05/Jun/2021:06:11:05 +0800] "GET /xingrg/all/function/internal_message.html?_=1622844663191&CODE_STATE=getMsg HTTP/1.1" 200 27
120.204.17.73 - - [05/Jun/2021:06:11:08 +0800] "GET /xingrg/check_reg.html?_=1622844608870 HTTP/1.1" 302 -
117.185.32.26 - - [05/Jun/2021:06:11:08 +0800] "GET /xingrg/all/function/internal_message.html?_=1622844668873&CODE_STATE=getMsg HTTP/1.1" 200 27
120.204.17.73 - - [05/Jun/2021:06:11:08 +0800] "GET /xingrg/login.html HTTP/1.1" 200 7641
116.224.253.72 - - [05/Jun/2021:06:11:14 +0800] "GET /xingrg/all/function/internal_message.html?_=1622844680870&CODE_STATE=getMsg HTTP/1.1" 200 27
120.253.135.82 - - [05/Jun/2021:06:11:26 +0800] "GET /xingrg/check_reg.html?_=1622844472796 HTTP/1.1" 200 22
120.253.135.82 - - [05/Jun/2021:06:11:28 +0800] "GET /xingrg/all/function/internal_message.html?_=1622844475635&CODE_STATE=getMsg HTTP/1.1" 200 27
116.224.253.72 - - [05/Jun/2021:06:11:33 +0800] "GET /xingrg/all/function/internal_message.html?_=1622844696139&CODE_STATE=getMsg HTTP/1.1" 200 27
116.230.117.165 - - [05/Jun/2021:06:11:53 +0800] "GET /xingrg/all/function/internal_message.html?_=1622844714001&CODE_STATE=getMsg HTTP/1.1" 200 27
117.185.32.26 - - [05/Jun/2021:06:12:02 +0800] "GET /xingrg/all/function/internal_message.html?_=1622845259118&CODE_STATE=getMsg HTTP/1.1" 200 27
180.169.147.146 - - [05/Jun/2021:06:12:05 +0800] "GET /xingrg/all/function/internal_message.html?_=1622844723171&CODE_STATE=getMsg HTTP/1.1" 200 27
120.253.135.82 - - [05/Jun/2021:06:12:07 +0800] "POST /xingrg/kc/pszx/mdps_order_operate.html HTTP/1.1" 200 37
120.204.17.73 - - [05/Jun/2021:06:12:08 +0800] "GET /xingrg/all/function/internal_message.html?_=1622844668873&CODE_STATE=getMsg HTTP/1.1" 302 -
117.185.32.26 - - [05/Jun/2021:06:12:08 +0800] "GET /xingrg/all/function/internal_message.html?_=1622844728859&CODE_STATE=getMsg HTTP/1.1" 200 27
120.204.17.73 - - [05/Jun/2021:06:12:08 +0800] "GET /xingrg/login.html HTTP/1.1" 200 7641
120.253.135.82 - - [05/Jun/2021:06:12:08 +0800] "GET /xingrg/kc/pszx/mdps_order_info.html?code=312021060500128 HTTP/1.1" 200 23925
120.253.135.82 - - [05/Jun/2021:06:12:09 +0800] "GET /xingrg/javascript/easyui/themes/default/validatebox.css HTTP/1.1" 404 1104
120.253.135.82 - - [05/Jun/2021:06:12:09 +0800] "POST /xingrg/kc/pszx/mdps_order_operate.html HTTP/1.1" 200 22178
116.224.253.72 - - [05/Jun/2021:06:12:14 +0800] "GET /xingrg/all/function/internal_message.html?_=1622844740891&CODE_STATE=getMsg HTTP/1.1" 200 27
120.253.135.82 - - [05/Jun/2021:06:12:20 +0800] "POST /xingrg/kc/pszx/mdps_list_operate.html HTTP/1.1" 200 205
180.169.147.146 - - [05/Jun/2021:06:12:25 +0800] "GET /xingrg/check_reg.html?_=1622844749506 HTTP/1.1" 302 -
120.253.135.82 - - [05/Jun/2021:06:12:26 +0800] "GET /xingrg/kc/pszx/mdps_order_info.html?code=312021060500129 HTTP/1.1" 200 23925
120.253.135.82 - - [05/Jun/2021:06:12:27 +0800] "GET /xingrg/javascript/easyui/themes/default/validatebox.css HTTP/1.1" 404 1104
120.253.135.82 - - [05/Jun/2021:06:12:27 +0800] "POST /xingrg/kc/pszx/mdps_order_operate.html HTTP/1.1" 200 2273
120.253.135.82 - - [05/Jun/2021:06:12:30 +0800] "POST /xingrg/kc/pszx/mdps_order_operate.html HTTP/1.1" 200 37
120.253.135.82 - - [05/Jun/2021:06:12:32 +0800] "GET /xingrg/kc/pszx/mdps_order_info.html?code=312021060500129 HTTP/1.1" 200 23925
120.253.135.82 - - [05/Jun/2021:06:12:32 +0800] "GET /xingrg/all/function/internal_message.html?_=1622844539202&CODE_STATE=getMsg HTTP/1.1" 200 27
120.253.135.82 - - [05/Jun/2021:06:12:32 +0800] "GET /xingrg/javascript/easyui/themes/default/validatebox.css HTTP/1.1" 404 1104
116.224.253.72 - - [05/Jun/2021:06:12:33 +0800] "GET /xingrg/all/function/internal_message.html?_=1622844756138&CODE_STATE=getMsg HTTP/1.1" 200 27
120.253.135.82 - - [05/Jun/2021:06:12:33 +0800] "POST /xingrg/kc/pszx/mdps_order_operate.html HTTP/1.1" 200 2281
116.230.114.112 - - [05/Jun/2021:06:12:44 +0800] "GET /xingrg/check_reg.html?_=1622844785519 HTTP/1.1" 302 -
116.230.117.165 - - [05/Jun/2021:06:12:53 +0800] "GET /xingrg/all/function/internal_message.html?_=1622844774045&CODE_STATE=getMsg HTTP/1.1" 200 27
117.185.32.26 - - [05/Jun/2021:06:13:02 +0800] "GET /xingrg/all/function/internal_message.html?_=1622845319107&CODE_STATE=getMsg HTTP/1.1" 200 27
180.169.147.146 - - [05/Jun/2021:06:13:03 +0800] "GET /xingrg/check_reg.html?_=1622844787225 HTTP/1.1" 302 -
116.224.253.72 - - [05/Jun/2021:06:13:05 +0800] "GET /xingrg/check_reg.html?_=1622844790999 HTTP/1.1" 200 22
180.169.147.146 - - [05/Jun/2021:06:13:05 +0800] "GET /xingrg/all/function/internal_message.html?_=1622844783144&CODE_STATE=getMsg HTTP/1.1" 200 27
117.185.32.26 - - [05/Jun/2021:06:13:08 +0800] "GET /xingrg/all/function/internal_message.html?_=1622844788886&CODE_STATE=getMsg HTTP/1.1" 200 27
120.253.135.82 - - [05/Jun/2021:06:13:14 +0800] "POST /xingrg/kc/pszx/mdps_list_operate.html HTTP/1.1" 200 3131
116.224.253.72 - - [05/Jun/2021:06:13:14 +0800] "GET /xingrg/all/function/internal_message.html?_=1622844800898&CODE_STATE=getMsg HTTP/1.1" 200 27
120.253.135.82 - - [05/Jun/2021:06:13:15 +0800] "POST /xingrg/kc/pszx/mdps_list_operate.html HTTP/1.1" 200 205
120.253.135.82 - - [05/Jun/2021:06:13:17 +0800] "POST /xingrg/kc/pszx/mdps_list_operate.html HTTP/1.1" 200 605
120.253.135.82 - - [05/Jun/2021:06:13:18 +0800] "POST /xingrg/kc/pszx/mdps_list_operate.html HTTP/1.1" 200 202
120.253.135.82 - - [05/Jun/2021:06:13:19 +0800] "POST /xingrg/kc/pszx/mdps_list_operate.html HTTP/1.1" 200 294
120.253.135.82 - - [05/Jun/2021:06:13:20 +0800] "POST /xingrg/kc/pszx/mdps_list_operate.html HTTP/1.1" 200 627
114.86.187.76 - - [05/Jun/2021:06:13:25 +0800] "POST /xingrg/services/DataTransmitService HTTP/1.1" 200 524
120.253.135.82 - - [05/Jun/2021:06:13:28 +0800] "GET /xingrg/kc/pszx/mdqp_order_list.html?state=10 HTTP/1.1" 200 13481
120.253.135.82 - - [05/Jun/2021:06:13:28 +0800] "GET /xingrg/dwr/interface/AjaxQqpsService.js HTTP/1.1" 200 16326
120.253.135.82 - - [05/Jun/2021:06:13:28 +0800] "GET /xingrg/dwr/interface/AjaxReportQueryService.js HTTP/1.1" 200 13203
120.253.135.82 - - [05/Jun/2021:06:13:28 +0800] "GET /xingrg/dwr/engine.js HTTP/1.1" 200 43631
120.253.135.82 - - [05/Jun/2021:06:13:28 +0800] "POST /xingrg/kc/pszx/mdps_list_operate.html HTTP/1.1" 200 3131
114.86.187.76 - - [05/Jun/2021:06:13:29 +0800] "POST /xingrg/services/DataTransmitService HTTP/1.1" 200 501
114.86.187.76 - - [05/Jun/2021:06:13:30 +0800] "POST /xingrg/services/DataTransmitService HTTP/1.1" 200 501
120.253.135.82 - - [05/Jun/2021:06:13:32 +0800] "GET /xingrg/all/function/internal_message.html?_=1622844599204&CODE_STATE=getMsg HTTP/1.1" 200 27
116.224.253.72 - - [05/Jun/2021:06:13:33 +0800] "GET /xingrg/all/function/internal_message.html?_=1622844816136&CODE_STATE=getMsg HTTP/1.1" 200 27
116.224.253.72 - - [05/Jun/2021:06:13:33 +0800] "GET /xingrg/check_reg.html?_=1622844816137 HTTP/1.1" 200 22
120.253.135.82 - - [05/Jun/2021:06:13:33 +0800] "GET /xingrg/kc/pszx/mdqp_order_info.html?code=302021060400086 HTTP/1.1" 200 13338
120.253.135.82 - - [05/Jun/2021:06:13:33 +0800] "GET /xingrg/dwr/interface/AjaxComOrderService.js HTTP/1.1" 200 18264
120.253.135.82 - - [05/Jun/2021:06:13:33 +0800] "GET /xingrg/dwr/interface/AjaxQqpsService.js HTTP/1.1" 200 16326
120.253.135.82 - - [05/Jun/2021:06:13:33 +0800] "GET /xingrg/dwr/engine.js HTTP/1.1" 200 43631
120.253.135.82 - - [05/Jun/2021:06:13:34 +0800] "POST /xingrg/dwr/call/plaincall/AjaxQqpsService.loadMaterielItems.dwr HTTP/1.1" 200 13389
120.253.135.82 - - [05/Jun/2021:06:13:41 +0800] "GET /xingrg/images/yd/bt.gif HTTP/1.1" 404 1040
120.253.135.82 - - [05/Jun/2021:06:13:41 +0800] "GET /xingrg/images/yd/bt2.gif HTTP/1.1" 404 1042
114.86.187.76 - - [05/Jun/2021:06:13:43 +0800] "POST /xingrg/services/DataTransmitService HTTP/1.1" 200 501
116.230.117.165 - - [05/Jun/2021:06:13:53 +0800] "GET /xingrg/all/function/internal_message.html?_=1622844834059&CODE_STATE=getMsg HTTP/1.1" 200 27
114.86.187.76 - - [05/Jun/2021:06:13:56 +0800] "POST /xingrg/services/DataTransmitService HTTP/1.1" 200 501
114.86.187.76 - - [05/Jun/2021:06:13:57 +0800] "POST /xingrg/services/DataTransmitService HTTP/1.1" 200 501
114.86.187.76 - - [05/Jun/2021:06:13:57 +0800] "POST /xingrg/services/DataTransmitService HTTP/1.1" 200 501
114.86.187.76 - - [05/Jun/2021:06:13:58 +0800] "POST /xingrg/services/DataTransmitService HTTP/1.1" 200 501
114.86.187.76 - - [05/Jun/2021:06:13:59 +0800] "POST /xingrg/services/DataTransmitService HTTP/1.1" 200 501
114.86.187.76 - - [05/Jun/2021:06:14:00 +0800] "POST /xingrg/services/DataTransmitService HTTP/1.1" 200 412
117.185.32.26 - - [05/Jun/2021:06:14:02 +0800] "GET /xingrg/all/function/internal_message.html?_=1622845379107&CODE_STATE=getMsg HTTP/1.1" 200 27
117.185.32.26 - - [05/Jun/2021:06:14:02 +0800] "GET /xingrg/check_reg.html?_=1622845379114 HTTP/1.1" 200 22
180.169.147.146 - - [05/Jun/2021:06:14:05 +0800] "GET /xingrg/all/function/internal_message.html?_=1622844843127&CODE_STATE=getMsg HTTP/1.1" 200 27
117.185.32.26 - - [05/Jun/2021:06:14:08 +0800] "GET /xingrg/all/function/internal_message.html?_=1622844848886&CODE_STATE=getMsg HTTP/1.1" 200 27
116.224.253.72 - - [05/Jun/2021:06:14:14 +0800] "GET /xingrg/all/function/internal_message.html?_=1622844860910&CODE_STATE=getMsg HTTP/1.1" 200 27
120.253.135.82 - - [05/Jun/2021:06:14:17 +0800] "GET /xingrg/kc/pszx/mdqp_order_list.html?isBack=1 HTTP/1.1" 302 -
120.253.135.82 - - [05/Jun/2021:06:14:17 +0800] "GET /xingrg/kc/pszx/mdqp_order_list.html?state=10 HTTP/1.1" 200 13481
120.253.135.82 - - [05/Jun/2021:06:14:17 +0800] "GET /xingrg/dwr/interface/AjaxQqpsService.js HTTP/1.1" 200 16326
120.253.135.82 - - [05/Jun/2021:06:14:17 +0800] "GET /xingrg/dwr/interface/AjaxReportQueryService.js HTTP/1.1" 200 13203
120.253.135.82 - - [05/Jun/2021:06:14:17 +0800] "GET /xingrg/dwr/engine.js HTTP/1.1" 200 43631
120.253.135.82 - - [05/Jun/2021:06:14:21 +0800] "GET /xingrg/kc/pszx/mdqp_order_info.html?code=302021060400087 HTTP/1.1" 200 13338
120.253.135.82 - - [05/Jun/2021:06:14:21 +0800] "GET /xingrg/dwr/interface/AjaxComOrderService.js HTTP/1.1" 200 18264
120.253.135.82 - - [05/Jun/2021:06:14:21 +0800] "GET /xingrg/dwr/interface/AjaxQqpsService.js HTTP/1.1" 200 16326
120.253.135.82 - - [05/Jun/2021:06:14:21 +0800] "GET /xingrg/dwr/engine.js HTTP/1.1" 200 43631
120.253.135.82 - - [05/Jun/2021:06:14:22 +0800] "POST /xingrg/dwr/call/plaincall/AjaxQqpsService.loadMaterielItems.dwr HTTP/1.1" 200 4655
120.253.135.82 - - [05/Jun/2021:06:14:32 +0800] "GET /xingrg/all/function/internal_message.html?_=1622844659217&CODE_STATE=getMsg HTTP/1.1" 200 27
116.224.253.72 - - [05/Jun/2021:06:14:33 +0800] "GET /xingrg/all/function/internal_message.html?_=1622844876150&CODE_STATE=getMsg HTTP/1.1" 200 27
120.253.135.82 - - [05/Jun/2021:06:14:33 +0800] "GET /xingrg/images/yd/bt.gif HTTP/1.1" 404 1040
120.253.135.82 - - [05/Jun/2021:06:14:33 +0800] "GET /xingrg/images/yd/bt2.gif HTTP/1.1" 404 1042
120.253.135.82 - - [05/Jun/2021:06:14:47 +0800] "GET /xingrg/kc/pszx/mdqp_order_list.html?isBack=1 HTTP/1.1" 302 -
120.253.135.82 - - [05/Jun/2021:06:14:48 +0800] "GET /xingrg/kc/pszx/mdqp_order_list.html?state=10 HTTP/1.1" 200 13481
120.253.135.82 - - [05/Jun/2021:06:14:48 +0800] "GET /xingrg/dwr/interface/AjaxReportQueryService.js HTTP/1.1" 200 13203
120.253.135.82 - - [05/Jun/2021:06:14:48 +0800] "GET /xingrg/dwr/interface/AjaxQqpsService.js HTTP/1.1" 200 16326
120.253.135.82 - - [05/Jun/2021:06:14:48 +0800] "GET /xingrg/dwr/engine.js HTTP/1.1" 200 43631
120.253.135.82 - - [05/Jun/2021:06:14:52 +0800] "GET /xingrg/kc/pszx/jzcl_ps.html HTTP/1.1" 200 7683
120.253.135.82 - - [05/Jun/2021:06:14:52 +0800] "POST /xingrg/all/common/load_tree.html?tree=area_rest_tree_json HTTP/1.1" 200 3466
120.253.135.82 - - [05/Jun/2021:06:14:52 +0800] "POST /xingrg/kc/pszx/jzcl_ps_operate.html HTTP/1.1" 200 3486
120.253.135.82 - - [05/Jun/2021:06:14:53 +0800] "POST /xingrg/kc/pszx/jzcl_ps_operate.html HTTP/1.1" 200 3486
116.230.117.165 - - [05/Jun/2021:06:14:53 +0800] "GET /xingrg/all/function/internal_message.html?_=1622844894105&CODE_STATE=getMsg HTTP/1.1" 200 27
117.185.32.26 - - [05/Jun/2021:06:15:02 +0800] "GET /xingrg/all/function/internal_message.html?_=1622845439140&CODE_STATE=getMsg HTTP/1.1" 200 27
180.169.147.146 - - [05/Jun/2021:06:15:05 +0800] "GET /xingrg/all/function/internal_message.html?_=1622844903103&CODE_STATE=getMsg HTTP/1.1" 200 27
117.185.32.26 - - [05/Jun/2021:06:15:08 +0800] "GET /xingrg/check_reg.html?_=1622844908889 HTTP/1.1" 200 22
117.185.32.26 - - [05/Jun/2021:06:15:08 +0800] "GET /xingrg/all/function/internal_message.html?_=1622844908887&CODE_STATE=getMsg HTTP/1.1" 200 27
116.224.253.72 - - [05/Jun/2021:06:15:14 +0800] "GET /xingrg/all/function/internal_message.html?_=1622844920933&CODE_STATE=getMsg HTTP/1.1" 200 27
180.169.147.146 - - [05/Jun/2021:06:15:20 +0800] "GET /xingrg/check_reg.html?_=1622844918298 HTTP/1.1" 200 22
120.253.135.82 - - [05/Jun/2021:06:15:26 +0800] "POST /xingrg/kc/pszx/jzcl_ps_operate.html HTTP/1.1" 200 4
120.253.135.82 - - [05/Jun/2021:06:15:29 +0800] "POST /xingrg/kc/pszx/jzcl_ps_operate.html HTTP/1.1" 200 2580
120.253.135.82 - - [05/Jun/2021:06:15:29 +0800] "GET /xingrg/kc/pszx/mdps_order_list.html HTTP/1.1" 200 20879
120.253.135.82 - - [05/Jun/2021:06:15:29 +0800] "POST /xingrg/kc/pszx/mdps_list_operate.html HTTP/1.1" 200 5190
120.253.135.82 - - [05/Jun/2021:06:15:32 +0800] "GET /xingrg/all/function/internal_message.html?_=1622844719231&CODE_STATE=getMsg HTTP/1.1" 200 27
116.224.253.72 - - [05/Jun/2021:06:15:33 +0800] "GET /xingrg/all/function/internal_message.html?_=1622844936150&CODE_STATE=getMsg HTTP/1.1" 200 27
116.230.117.165 - - [05/Jun/2021:06:15:40 +0800] "GET /xingrg/check_reg.html?_=1622844941825 HTTP/1.1" 200 22
120.253.135.82 - - [05/Jun/2021:06:15:49 +0800] "POST /xingrg/kc/pszx/mdps_list_operate.html HTTP/1.1" 200 2048
120.253.135.82 - - [05/Jun/2021:06:15:50 +0800] "POST /xingrg/kc/pszx/mdps_list_operate.html HTTP/1.1" 200 620
120.253.135.82 - - [05/Jun/2021:06:15:52 +0800] "GET /xingrg/kc/pszx/mdps_order_info.html?code=312021060500130 HTTP/1.1" 200 23925
120.253.135.82 - - [05/Jun/2021:06:15:52 +0800] "GET /xingrg/javascript/easyui/themes/default/validatebox.css HTTP/1.1" 404 1104
116.230.117.165 - - [05/Jun/2021:06:15:53 +0800] "GET /xingrg/all/function/internal_message.html?_=1622844954118&CODE_STATE=getMsg HTTP/1.1" 200 27
120.253.135.82 - - [05/Jun/2021:06:15:53 +0800] "POST /xingrg/kc/pszx/mdps_order_operate.html HTTP/1.1" 200 9680
120.253.135.82 - - [05/Jun/2021:06:15:54 +0800] "POST /xingrg/all/common/load_combo.html?type=base HTTP/1.1" 200 1075
120.253.135.82 - - [05/Jun/2021:06:15:59 +0800] "POST /xingrg/kc/pszx/mdps_order_operate.html HTTP/1.1" 200 37
120.253.135.82 - - [05/Jun/2021:06:16:00 +0800] "GET /xingrg/kc/pszx/mdps_order_info.html?code=312021060500130 HTTP/1.1" 200 23925
120.253.135.82 - - [05/Jun/2021:06:16:01 +0800] "GET /xingrg/javascript/easyui/themes/default/validatebox.css HTTP/1.1" 404 1104
120.253.135.82 - - [05/Jun/2021:06:16:02 +0800] "POST /xingrg/kc/pszx/mdps_order_operate.html HTTP/1.1" 200 9810
117.185.32.26 - - [05/Jun/2021:06:16:02 +0800] "GET /xingrg/all/function/internal_message.html?_=1622845499143&CODE_STATE=getMsg HTTP/1.1" 200 27
180.169.147.146 - - [05/Jun/2021:06:16:05 +0800] "GET /xingrg/all/function/internal_message.html?_=1622844963082&CODE_STATE=getMsg HTTP/1.1" 200 27
120.204.17.73 - - [05/Jun/2021:06:16:08 +0800] "GET /xingrg/all/function/internal_message.html?_=1622844908887&CODE_STATE=getMsg HTTP/1.1" 302 -
117.185.32.26 - - [05/Jun/2021:06:16:08 +0800] "GET /xingrg/all/function/internal_message.html?_=1622844968889&CODE_STATE=getMsg HTTP/1.1" 200 27
120.204.17.73 - - [05/Jun/2021:06:16:08 +0800] "GET /xingrg/login.html HTTP/1.1" 200 7641
116.224.253.72 - - [05/Jun/2021:06:16:14 +0800] "GET /xingrg/all/function/internal_message.html?_=1622844980938&CODE_STATE=getMsg HTTP/1.1" 200 27
120.253.135.82 - - [05/Jun/2021:06:16:26 +0800] "GET /xingrg/check_reg.html?_=1622844772882 HTTP/1.1" 200 22
120.253.135.82 - - [05/Jun/2021:06:16:32 +0800] "GET /xingrg/all/function/internal_message.html?_=1622844779245&CODE_STATE=getMsg HTTP/1.1" 200 27
116.224.253.72 - - [05/Jun/2021:06:16:33 +0800] "GET /xingrg/all/function/internal_message.html?_=1622844996151&CODE_STATE=getMsg HTTP/1.1" 200 27
116.230.117.165 - - [05/Jun/2021:06:16:53 +0800] "GET /xingrg/all/function/internal_message.html?_=1622845014130&CODE_STATE=getMsg HTTP/1.1" 200 27
117.185.32.26 - - [05/Jun/2021:06:17:02 +0800] "GET /xingrg/all/function/internal_message.html?_=1622845559144&CODE_STATE=getMsg HTTP/1.1" 200 27
120.253.135.82 - - [05/Jun/2021:06:17:04 +0800] "POST /xingrg/kc/pszx/mdps_order_operate.html HTTP/1.1" 200 37
180.169.147.146 - - [05/Jun/2021:06:17:05 +0800] "GET /xingrg/all/function/internal_message.html?_=1622845023059&CODE_STATE=getMsg HTTP/1.1" 200 27
120.253.135.82 - - [05/Jun/2021:06:17:06 +0800] "GET /xingrg/kc/pszx/mdps_order_info.html?code=312021060500130 HTTP/1.1" 200 23925
120.253.135.82 - - [05/Jun/2021:06:17:06 +0800] "GET /xingrg/javascript/easyui/themes/default/validatebox.css HTTP/1.1" 404 1104
120.253.135.82 - - [05/Jun/2021:06:17:07 +0800] "POST /xingrg/kc/pszx/mdps_order_operate.html HTTP/1.1" 200 9810
117.185.32.26 - - [05/Jun/2021:06:17:08 +0800] "GET /xingrg/all/function/internal_message.html?_=1622845028889&CODE_STATE=getMsg HTTP/1.1" 200 27
116.224.253.72 - - [05/Jun/2021:06:17:14 +0800] "GET /xingrg/all/function/internal_message.html?_=1622845040959&CODE_STATE=getMsg HTTP/1.1" 200 27
120.253.135.82 - - [05/Jun/2021:06:17:22 +0800] "GET /xingrg/kc/pszx/mdps_order_info.html?code=312021060500130 HTTP/1.1" 200 23925
120.253.135.82 - - [05/Jun/2021:06:17:22 +0800] "GET /xingrg/javascript/easyui/themes/default/validatebox.css HTTP/1.1" 404 1104
120.253.135.82 - - [05/Jun/2021:06:17:23 +0800] "POST /xingrg/kc/pszx/mdps_order_operate.html HTTP/1.1" 200 9810
120.253.135.82 - - [05/Jun/2021:06:17:26 +0800] "POST /xingrg/kc/pszx/mdps_list_operate.html HTTP/1.1" 200 2048
120.253.135.82 - - [05/Jun/2021:06:17:28 +0800] "POST /xingrg/kc/pszx/mdps_list_operate.html HTTP/1.1" 200 646
120.253.135.82 - - [05/Jun/2021:06:17:29 +0800] "GET /xingrg/kc/pszx/mdps_order_info.html?code=312021060500131 HTTP/1.1" 200 23925
120.253.135.82 - - [05/Jun/2021:06:17:30 +0800] "GET /xingrg/javascript/easyui/themes/default/validatebox.css HTTP/1.1" 404 1104
120.253.135.82 - - [05/Jun/2021:06:17:30 +0800] "POST /xingrg/kc/pszx/mdps_order_operate.html HTTP/1.1" 200 23352
120.253.135.82 - - [05/Jun/2021:06:17:32 +0800] "GET /xingrg/all/function/internal_message.html?_=1622844839333&CODE_STATE=getMsg HTTP/1.1" 200 27
116.224.253.72 - - [05/Jun/2021:06:17:33 +0800] "GET /xingrg/all/function/internal_message.html?_=1622845056164&CODE_STATE=getMsg HTTP/1.1" 200 27
120.253.135.82 - - [05/Jun/2021:06:17:33 +0800] "POST /xingrg/kc/pszx/mdps_order_operate.html HTTP/1.1" 200 37
120.253.135.82 - - [05/Jun/2021:06:17:34 +0800] "GET /xingrg/kc/pszx/mdps_order_info.html?code=312021060500131 HTTP/1.1" 200 23925
120.253.135.82 - - [05/Jun/2021:06:17:35 +0800] "GET /xingrg/javascript/easyui/themes/default/validatebox.css HTTP/1.1" 404 1104
120.253.135.82 - - [05/Jun/2021:06:17:35 +0800] "POST /xingrg/kc/pszx/mdps_order_operate.html HTTP/1.1" 200 23684
116.230.114.112 - - [05/Jun/2021:06:17:44 +0800] "GET /xingrg/check_reg.html?_=1622845085526 HTTP/1.1" 302 -
116.230.117.165 - - [05/Jun/2021:06:17:53 +0800] "GET /xingrg/all/function/internal_message.html?_=1622845074173&CODE_STATE=getMsg HTTP/1.1" 200 27
117.185.32.26 - - [05/Jun/2021:06:18:02 +0800] "GET /xingrg/all/function/internal_message.html?_=1622845619136&CODE_STATE=getMsg HTTP/1.1" 200 27
180.169.147.146 - - [05/Jun/2021:06:18:03 +0800] "GET /xingrg/check_reg.html?_=1622845087240 HTTP/1.1" 302 -
116.224.253.72 - - [05/Jun/2021:06:18:05 +0800] "GET /xingrg/check_reg.html?_=1622845090996 HTTP/1.1" 200 22
180.169.147.146 - - [05/Jun/2021:06:18:05 +0800] "GET /xingrg/all/function/internal_message.html?_=1622845083056&CODE_STATE=getMsg HTTP/1.1" 200 27
117.185.32.26 - - [05/Jun/2021:06:18:08 +0800] "GET /xingrg/all/function/internal_message.html?_=1622845088888&CODE_STATE=getMsg HTTP/1.1" 200 27
116.224.253.72 - - [05/Jun/2021:06:18:14 +0800] "GET /xingrg/all/function/internal_message.html?_=1622845100965&CODE_STATE=getMsg HTTP/1.1" 200 27
120.253.135.82 - - [05/Jun/2021:06:18:32 +0800] "GET /xingrg/all/function/internal_message.html?_=1622844899334&CODE_STATE=getMsg HTTP/1.1" 200 27
116.224.253.72 - - [05/Jun/2021:06:18:33 +0800] "GET /xingrg/check_reg.html?_=1622845116165 HTTP/1.1" 200 22
116.224.253.72 - - [05/Jun/2021:06:18:33 +0800] "GET /xingrg/all/function/internal_message.html?_=1622845116163&CODE_STATE=getMsg HTTP/1.1" 200 27
116.230.117.165 - - [05/Jun/2021:06:18:53 +0800] "GET /xingrg/all/function/internal_message.html?_=1622845134174&CODE_STATE=getMsg HTTP/1.1" 200 27
117.185.32.26 - - [05/Jun/2021:06:19:02 +0800] "GET /xingrg/all/function/internal_message.html?_=1622845679142&CODE_STATE=getMsg HTTP/1.1" 200 27
117.185.32.26 - - [05/Jun/2021:06:19:02 +0800] "GET /xingrg/check_reg.html?_=1622845679145 HTTP/1.1" 200 22
180.169.147.146 - - [05/Jun/2021:06:19:05 +0800] "GET /xingrg/all/function/internal_message.html?_=1622845143031&CODE_STATE=getMsg HTTP/1.1" 200 27
183.192.164.71 - - [05/Jun/2021:06:19:08 +0800] "GET /xingrg/all/function/internal_message.html?_=1622845088888&CODE_STATE=getMsg HTTP/1.1" 302 -
183.192.164.71 - - [05/Jun/2021:06:19:08 +0800] "GET /xingrg/login.html HTTP/1.1" 200 7641
117.185.32.26 - - [05/Jun/2021:06:19:08 +0800] "GET /xingrg/all/function/internal_message.html?_=1622845148890&CODE_STATE=getMsg HTTP/1.1" 200 27
116.224.253.72 - - [05/Jun/2021:06:19:14 +0800] "GET /xingrg/all/function/internal_message.html?_=1622845160979&CODE_STATE=getMsg HTTP/1.1" 200 27
120.253.135.82 - - [05/Jun/2021:06:19:32 +0800] "GET /xingrg/all/function/internal_message.html?_=1622844959348&CODE_STATE=getMsg HTTP/1.1" 200 27
116.224.253.72 - - [05/Jun/2021:06:19:33 +0800] "GET /xingrg/all/function/internal_message.html?_=1622845176163&CODE_STATE=getMsg HTTP/1.1" 200 27
116.235.222.38 - - [05/Jun/2021:06:19:42 +0800] "POST /xingrg/services/DataTransmitService HTTP/1.1" 200 524
116.230.117.165 - - [05/Jun/2021:06:19:53 +0800] "GET /xingrg/all/function/internal_message.html?_=1622845194238&CODE_STATE=getMsg HTTP/1.1" 200 27
117.185.32.26 - - [05/Jun/2021:06:20:02 +0800] "GET /xingrg/all/function/internal_message.html?_=1622845739129&CODE_STATE=getMsg HTTP/1.1" 200 27
180.169.147.146 - - [05/Jun/2021:06:20:05 +0800] "GET /xingrg/all/function/internal_message.html?_=1622845202999&CODE_STATE=getMsg HTTP/1.1" 200 27
117.185.32.26 - - [05/Jun/2021:06:20:08 +0800] "GET /xingrg/check_reg.html?_=1622845208889 HTTP/1.1" 200 22
117.185.32.26 - - [05/Jun/2021:06:20:08 +0800] "GET /xingrg/all/function/internal_message.html?_=1622845208893&CODE_STATE=getMsg HTTP/1.1" 200 27
116.224.253.72 - - [05/Jun/2021:06:20:15 +0800] "GET /xingrg/all/function/internal_message.html?_=1622845221001&CODE_STATE=getMsg HTTP/1.1" 200 27
180.169.147.146 - - [05/Jun/2021:06:20:20 +0800] "GET /xingrg/check_reg.html?_=1622845218294 HTTP/1.1" 200 22
116.235.222.38 - - [05/Jun/2021:06:20:20 +0800] "POST /xingrg/services/DataTransmitService HTTP/1.1" 200 501
120.253.135.82 - - [05/Jun/2021:06:20:32 +0800] "GET /xingrg/all/function/internal_message.html?_=1622845019519&CODE_STATE=getMsg HTTP/1.1" 200 27
116.224.253.72 - - [05/Jun/2021:06:20:33 +0800] "GET /xingrg/all/function/internal_message.html?_=1622845236163&CODE_STATE=getMsg HTTP/1.1" 200 27
116.230.117.165 - - [05/Jun/2021:06:20:40 +0800] "GET /xingrg/check_reg.html?_=1622845241830 HTTP/1.1" 200 22
120.253.135.82 - - [05/Jun/2021:06:20:52 +0800] "POST /xingrg/kc/pszx/mdps_order_operate.html HTTP/1.1" 200 37
116.230.117.165 - - [05/Jun/2021:06:20:53 +0800] "GET /xingrg/all/function/internal_message.html?_=1622845254248&CODE_STATE=getMsg HTTP/1.1" 200 27
120.253.135.82 - - [05/Jun/2021:06:20:53 +0800] "GET /xingrg/kc/pszx/mdps_order_info.html?code=312021060500131 HTTP/1.1" 200 23925
120.253.135.82 - - [05/Jun/2021:06:20:54 +0800] "GET /xingrg/javascript/easyui/themes/default/validatebox.css HTTP/1.1" 404 1104
120.253.135.82 - - [05/Jun/2021:06:20:54 +0800] "POST /xingrg/kc/pszx/mdps_order_operate.html HTTP/1.1" 200 23684
117.185.32.26 - - [05/Jun/2021:06:21:02 +0800] "GET /xingrg/all/function/internal_message.html?_=1622845799161&CODE_STATE=getMsg HTTP/1.1" 200 27
180.169.147.146 - - [05/Jun/2021:06:21:05 +0800] "GET /xingrg/all/function/internal_message.html?_=1622845262972&CODE_STATE=getMsg HTTP/1.1" 200 27
120.204.17.70 - - [05/Jun/2021:06:21:08 +0800] "GET /xingrg/all/function/internal_message.html?_=1622845208893&CODE_STATE=getMsg HTTP/1.1" 302 -
117.185.32.26 - - [05/Jun/2021:06:21:08 +0800] "GET /xingrg/all/function/internal_message.html?_=1622845268893&CODE_STATE=getMsg HTTP/1.1" 200 27
120.204.17.70 - - [05/Jun/2021:06:21:08 +0800] "GET /xingrg/login.html HTTP/1.1" 200 7641
116.224.253.72 - - [05/Jun/2021:06:21:15 +0800] "GET /xingrg/all/function/internal_message.html?_=1622845281006&CODE_STATE=getMsg HTTP/1.1" 200 27
120.253.135.82 - - [05/Jun/2021:06:21:26 +0800] "GET /xingrg/check_reg.html?_=1622845072983 HTTP/1.1" 200 22
120.253.135.82 - - [05/Jun/2021:06:21:32 +0800] "GET /xingrg/all/function/internal_message.html?_=1622845079531&CODE_STATE=getMsg HTTP/1.1" 200 27
116.224.253.72 - - [05/Jun/2021:06:21:33 +0800] "GET /xingrg/all/function/internal_message.html?_=1622845296161&CODE_STATE=getMsg HTTP/1.1" 200 27
116.230.117.165 - - [05/Jun/2021:06:21:53 +0800] "GET /xingrg/all/function/internal_message.html?_=1622845314262&CODE_STATE=getMsg HTTP/1.1" 200 27
117.185.32.26 - - [05/Jun/2021:06:22:02 +0800] "GET /xingrg/all/function/internal_message.html?_=1622845859162&CODE_STATE=getMsg HTTP/1.1" 200 27
180.169.147.146 - - [05/Jun/2021:06:22:05 +0800] "GET /xingrg/all/function/internal_message.html?_=1622845322954&CODE_STATE=getMsg HTTP/1.1" 200 27
117.185.32.26 - - [05/Jun/2021:06:22:08 +0800] "GET /xingrg/all/function/internal_message.html?_=1622845328893&CODE_STATE=getMsg HTTP/1.1" 200 27
58.37.225.51 - - [05/Jun/2021:06:22:14 +0800] "POST /xingrg/services/DataTransmitService HTTP/1.1" 200 524
116.224.253.72 - - [05/Jun/2021:06:22:15 +0800] "GET /xingrg/all/function/internal_message.html?_=1622845341027&CODE_STATE=getMsg HTTP/1.1" 200 27
180.169.147.146 - - [05/Jun/2021:06:22:25 +0800] "GET /xingrg/check_reg.html?_=1622845349558 HTTP/1.1" 302 -
120.253.135.82 - - [05/Jun/2021:06:22:31 +0800] "POST /xingrg/kc/pszx/mdps_order_operate.html HTTP/1.1" 200 37
120.253.135.82 - - [05/Jun/2021:06:22:32 +0800] "GET /xingrg/all/function/internal_message.html?_=1622845139545&CODE_STATE=getMsg HTTP/1.1" 200 27
116.224.253.72 - - [05/Jun/2021:06:22:33 +0800] "GET /xingrg/all/function/internal_message.html?_=1622845356182&CODE_STATE=getMsg HTTP/1.1" 200 27
120.253.135.82 - - [05/Jun/2021:06:22:33 +0800] "GET /xingrg/kc/pszx/mdps_order_info.html?code=312021060500131 HTTP/1.1" 200 23925
120.253.135.82 - - [05/Jun/2021:06:22:33 +0800] "GET /xingrg/javascript/easyui/themes/default/validatebox.css HTTP/1.1" 404 1104
120.253.135.82 - - [05/Jun/2021:06:22:34 +0800] "POST /xingrg/kc/pszx/mdps_order_operate.html HTTP/1.1" 200 23684
116.230.114.112 - - [05/Jun/2021:06:22:44 +0800] "GET /xingrg/check_reg.html?_=1622845385530 HTTP/1.1" 302 -
120.253.135.82 - - [05/Jun/2021:06:22:48 +0800] "POST /xingrg/kc/pszx/mdps_list_operate.html HTTP/1.1" 200 2048
116.230.117.165 - - [05/Jun/2021:06:22:53 +0800] "GET /xingrg/all/function/internal_message.html?_=1622845374319&CODE_STATE=getMsg HTTP/1.1" 200 27
58.37.225.51 - - [05/Jun/2021:06:22:57 +0800] "POST /xingrg/services/DataTransmitService HTTP/1.1" 200 501
120.253.135.82 - - [05/Jun/2021:06:22:58 +0800] "POST /xingrg/kc/pszx/mdps_list_operate.html HTTP/1.1" 200 2048
120.253.135.82 - - [05/Jun/2021:06:22:58 +0800] "GET /xingrg/kc/pszx/mdqp_order_list.html?state=10 HTTP/1.1" 200 12685
120.253.135.82 - - [05/Jun/2021:06:22:58 +0800] "GET /xingrg/dwr/engine.js HTTP/1.1" 200 43631
120.253.135.82 - - [05/Jun/2021:06:22:58 +0800] "GET /xingrg/dwr/interface/AjaxReportQueryService.js HTTP/1.1" 200 13203
120.253.135.82 - - [05/Jun/2021:06:22:58 +0800] "GET /xingrg/dwr/interface/AjaxQqpsService.js HTTP/1.1" 200 16326
117.185.32.26 - - [05/Jun/2021:06:23:02 +0800] "GET /xingrg/all/function/internal_message.html?_=1622845919195&CODE_STATE=getMsg HTTP/1.1" 200 27
180.169.147.146 - - [05/Jun/2021:06:23:03 +0800] "GET /xingrg/check_reg.html?_=1622845387262 HTTP/1.1" 302 -
120.253.135.82 - - [05/Jun/2021:06:23:04 +0800] "GET /xingrg/kc/pszx/jzcl_ps.html HTTP/1.1" 200 7683
120.253.135.82 - - [05/Jun/2021:06:23:04 +0800] "POST /xingrg/all/common/load_tree.html?tree=area_rest_tree_json HTTP/1.1" 200 3466
120.253.135.82 - - [05/Jun/2021:06:23:04 +0800] "POST /xingrg/kc/pszx/jzcl_ps_operate.html HTTP/1.1" 200 2580
116.224.253.72 - - [05/Jun/2021:06:23:05 +0800] "GET /xingrg/check_reg.html?_=1622845391002 HTTP/1.1" 200 22
120.253.135.82 - - [05/Jun/2021:06:23:05 +0800] "POST /xingrg/kc/pszx/jzcl_ps_operate.html HTTP/1.1" 200 2580
180.169.147.146 - - [05/Jun/2021:06:23:05 +0800] "GET /xingrg/all/function/internal_message.html?_=1622845382932&CODE_STATE=getMsg HTTP/1.1" 200 27
117.185.32.26 - - [05/Jun/2021:06:23:08 +0800] "GET /xingrg/all/function/internal_message.html?_=1622845388893&CODE_STATE=getMsg HTTP/1.1" 200 27
120.204.17.70 - - [05/Jun/2021:06:23:08 +0800] "GET /xingrg/all/function/internal_message.html?_=1622845328893&CODE_STATE=getMsg HTTP/1.1" 302 -
120.204.17.70 - - [05/Jun/2021:06:23:09 +0800] "GET /xingrg/login.html HTTP/1.1" 200 7641
116.224.253.72 - - [05/Jun/2021:06:23:15 +0800] "GET /xingrg/all/function/internal_message.html?_=1622845401034&CODE_STATE=getMsg HTTP/1.1" 200 27
120.253.135.82 - - [05/Jun/2021:06:23:32 +0800] "GET /xingrg/all/function/internal_message.html?_=1622845199670&CODE_STATE=getMsg HTTP/1.1" 200 27
116.224.253.72 - - [05/Jun/2021:06:23:33 +0800] "GET /xingrg/all/function/internal_message.html?_=1622845416182&CODE_STATE=getMsg HTTP/1.1" 200 27
116.224.253.72 - - [05/Jun/2021:06:23:33 +0800] "GET /xingrg/check_reg.html?_=1622845416184 HTTP/1.1" 200 22
120.253.135.82 - - [05/Jun/2021:06:23:48 +0800] "POST /xingrg/kc/pszx/jzcl_ps_operate.html HTTP/1.1" 200 4
120.253.135.82 - - [05/Jun/2021:06:23:51 +0800] "POST /xingrg/kc/pszx/jzcl_ps_operate.html HTTP/1.1" 200 21
120.253.135.82 - - [05/Jun/2021:06:23:51 +0800] "GET /xingrg/kc/pszx/mdps_order_list.html HTTP/1.1" 200 20879
120.253.135.82 - - [05/Jun/2021:06:23:52 +0800] "POST /xingrg/kc/pszx/mdps_list_operate.html HTTP/1.1" 200 5191
116.230.117.165 - - [05/Jun/2021:06:23:53 +0800] "GET /xingrg/all/function/internal_message.html?_=1622845434320&CODE_STATE=getMsg HTTP/1.1" 200 27
117.185.32.26 - - [05/Jun/2021:06:24:02 +0800] "GET /xingrg/check_reg.html?_=1622845979189 HTTP/1.1" 200 22
117.185.32.26 - - [05/Jun/2021:06:24:02 +0800] "GET /xingrg/all/function/internal_message.html?_=1622845979190&CODE_STATE=getMsg HTTP/1.1" 200 27
120.253.135.82 - - [05/Jun/2021:06:24:03 +0800] "POST /xingrg/kc/pszx/mdps_list_operate.html HTTP/1.1" 200 1689
120.253.135.82 - - [05/Jun/2021:06:24:05 +0800] "POST /xingrg/kc/pszx/mdps_list_operate.html HTTP/1.1" 200 298
180.169.147.146 - - [05/Jun/2021:06:24:05 +0800] "GET /xingrg/all/function/internal_message.html?_=1622845442928&CODE_STATE=getMsg HTTP/1.1" 200 27
120.253.135.82 - - [05/Jun/2021:06:24:06 +0800] "GET /xingrg/kc/pszx/mdps_order_info.html?code=312021060500137 HTTP/1.1" 200 23929
120.253.135.82 - - [05/Jun/2021:06:24:06 +0800] "GET /xingrg/javascript/easyui/themes/default/validatebox.css HTTP/1.1" 404 1104
120.253.135.82 - - [05/Jun/2021:06:24:07 +0800] "POST /xingrg/kc/pszx/mdps_order_operate.html HTTP/1.1" 200 2775
120.204.17.72 - - [05/Jun/2021:06:24:08 +0800] "GET /xingrg/all/function/internal_message.html?_=1622845388893&CODE_STATE=getMsg HTTP/1.1" 302 -
117.185.32.26 - - [05/Jun/2021:06:24:08 +0800] "GET /xingrg/all/function/internal_message.html?_=1622845448893&CODE_STATE=getMsg HTTP/1.1" 200 27
120.204.17.72 - - [05/Jun/2021:06:24:08 +0800] "GET /xingrg/login.html HTTP/1.1" 200 7641
120.253.135.82 - - [05/Jun/2021:06:24:13 +0800] "GET /xingrg/kc/pszx/mdps_order_operate.html?command=get_materiel&pszx_code=00101&rest_code=00151&base_code=0010246&code=00101019816 HTTP/1.1" 200 421
116.224.253.72 - - [05/Jun/2021:06:24:15 +0800] "GET /xingrg/all/function/internal_message.html?_=1622845461047&CODE_STATE=getMsg HTTP/1.1" 200 27
120.253.135.82 - - [05/Jun/2021:06:24:22 +0800] "POST /xingrg/kc/pszx/mdps_order_operate.html HTTP/1.1" 200 37
120.253.135.82 - - [05/Jun/2021:06:24:24 +0800] "GET /xingrg/kc/pszx/mdps_order_info.html?code=312021060500137 HTTP/1.1" 200 23929
120.253.135.82 - - [05/Jun/2021:06:24:24 +0800] "GET /xingrg/javascript/easyui/themes/default/validatebox.css HTTP/1.1" 404 1104
120.253.135.82 - - [05/Jun/2021:06:24:25 +0800] "POST /xingrg/kc/pszx/mdps_order_operate.html HTTP/1.1" 200 2791
120.253.135.82 - - [05/Jun/2021:06:24:32 +0800] "GET /xingrg/all/function/internal_message.html?_=1622845259681&CODE_STATE=getMsg HTTP/1.1" 200 27
116.224.253.72 - - [05/Jun/2021:06:24:33 +0800] "GET /xingrg/all/function/internal_message.html?_=1622845476191&CODE_STATE=getMsg HTTP/1.1" 200 27
116.230.117.165 - - [05/Jun/2021:06:24:53 +0800] "GET /xingrg/all/function/internal_message.html?_=1622845494385&CODE_STATE=getMsg HTTP/1.1" 200 27
117.185.32.26 - - [05/Jun/2021:06:25:02 +0800] "GET /xingrg/all/function/internal_message.html?_=1622846039174&CODE_STATE=getMsg HTTP/1.1" 200 27
180.169.147.146 - - [05/Jun/2021:06:25:05 +0800] "GET /xingrg/all/function/internal_message.html?_=1622845502899&CODE_STATE=getMsg HTTP/1.1" 200 27
117.185.32.26 - - [05/Jun/2021:06:25:08 +0800] "GET /xingrg/check_reg.html?_=1622845508893 HTTP/1.1" 200 22
117.185.32.26 - - [05/Jun/2021:06:25:08 +0800] "GET /xingrg/all/function/internal_message.html?_=1622845508896&CODE_STATE=getMsg HTTP/1.1" 200 27
120.253.135.82 - - [05/Jun/2021:06:25:09 +0800] "POST /xingrg/kc/pszx/mdps_order_operate.html HTTP/1.1" 200 37
120.253.135.82 - - [05/Jun/2021:06:25:11 +0800] "GET /xingrg/kc/pszx/mdps_order_info.html?code=312021060500137 HTTP/1.1" 200 23929
120.253.135.82 - - [05/Jun/2021:06:25:11 +0800] "GET /xingrg/javascript/easyui/themes/default/validatebox.css HTTP/1.1" 404 1104
120.253.135.82 - - [05/Jun/2021:06:25:12 +0800] "POST /xingrg/kc/pszx/mdps_order_operate.html HTTP/1.1" 200 2791
116.224.253.72 - - [05/Jun/2021:06:25:15 +0800] "GET /xingrg/all/function/internal_message.html?_=1622845521068&CODE_STATE=getMsg HTTP/1.1" 200 27
120.253.135.82 - - [05/Jun/2021:06:25:16 +0800] "GET /xingrg/kc/pszx/mdps_order_info.html?code=312021060500137 HTTP/1.1" 200 23929
120.253.135.82 - - [05/Jun/2021:06:25:17 +0800] "GET /xingrg/javascript/easyui/themes/default/validatebox.css HTTP/1.1" 404 1104
120.253.135.82 - - [05/Jun/2021:06:25:17 +0800] "POST /xingrg/kc/pszx/mdps_order_operate.html HTTP/1.1" 200 2791
180.169.147.146 - - [05/Jun/2021:06:25:20 +0800] "GET /xingrg/check_reg.html?_=1622845518294 HTTP/1.1" 200 22
120.253.135.82 - - [05/Jun/2021:06:25:30 +0800] "POST /xingrg/kc/pszx/mdps_list_operate.html HTTP/1.1" 200 1687
120.253.135.82 - - [05/Jun/2021:06:25:32 +0800] "POST /xingrg/kc/pszx/mdps_list_operate.html HTTP/1.1" 200 292
120.253.135.82 - - [05/Jun/2021:06:25:33 +0800] "GET /xingrg/all/function/internal_message.html?_=1622845319695&CODE_STATE=getMsg HTTP/1.1" 200 27
116.224.253.72 - - [05/Jun/2021:06:25:33 +0800] "GET /xingrg/all/function/internal_message.html?_=1622845536189&CODE_STATE=getMsg HTTP/1.1" 200 27
120.253.135.82 - - [05/Jun/2021:06:25:34 +0800] "GET /xingrg/kc/pszx/mdps_order_info.html?code=312021060500137 HTTP/1.1" 200 23929
120.253.135.82 - - [05/Jun/2021:06:25:34 +0800] "GET /xingrg/javascript/easyui/themes/default/validatebox.css HTTP/1.1" 404 1104
120.253.135.82 - - [05/Jun/2021:06:25:35 +0800] "POST /xingrg/kc/pszx/mdps_order_operate.html HTTP/1.1" 200 2791
120.253.135.82 - - [05/Jun/2021:06:25:40 +0800] "POST /xingrg/kc/pszx/mdps_list_operate.html HTTP/1.1" 200 1687
116.230.117.165 - - [05/Jun/2021:06:25:40 +0800] "GET /xingrg/check_reg.html?_=1622845541835 HTTP/1.1" 200 22
120.253.135.82 - - [05/Jun/2021:06:25:44 +0800] "POST /xingrg/kc/pszx/mdps_list_operate.html HTTP/1.1" 200 292
120.253.135.82 - - [05/Jun/2021:06:25:46 +0800] "GET /xingrg/kc/pszx/mdps_order_info.html?code=312021060500137 HTTP/1.1" 200 23929
120.253.135.82 - - [05/Jun/2021:06:25:46 +0800] "GET /xingrg/javascript/easyui/themes/default/validatebox.css HTTP/1.1" 404 1104
120.253.135.82 - - [05/Jun/2021:06:25:47 +0800] "POST /xingrg/kc/pszx/mdps_order_operate.html HTTP/1.1" 200 2791
120.253.135.82 - - [05/Jun/2021:06:25:52 +0800] "POST /xingrg/kc/pszx/mdps_list_operate.html HTTP/1.1" 200 1687
116.230.117.165 - - [05/Jun/2021:06:25:53 +0800] "GET /xingrg/all/function/internal_message.html?_=1622845554394&CODE_STATE=getMsg HTTP/1.1" 200 27
117.185.32.26 - - [05/Jun/2021:06:26:02 +0800] "GET /xingrg/all/function/internal_message.html?_=1622846099163&CODE_STATE=getMsg HTTP/1.1" 200 27
180.169.147.146 - - [05/Jun/2021:06:26:05 +0800] "GET /xingrg/all/function/internal_message.html?_=1622845562869&CODE_STATE=getMsg HTTP/1.1" 200 27
120.253.135.82 - - [05/Jun/2021:06:26:05 +0800] "POST /xingrg/kc/pszx/mdps_list_operate.html HTTP/1.1" 200 3925
120.253.135.82 - - [05/Jun/2021:06:26:07 +0800] "POST /xingrg/kc/pszx/mdps_list_operate.html HTTP/1.1" 200 279
183.192.164.97 - - [05/Jun/2021:06:26:08 +0800] "GET /xingrg/all/function/internal_message.html?_=1622845508896&CODE_STATE=getMsg HTTP/1.1" 302 -
117.185.32.26 - - [05/Jun/2021:06:26:08 +0800] "GET /xingrg/all/function/internal_message.html?_=1622845568895&CODE_STATE=getMsg HTTP/1.1" 200 27
183.192.164.97 - - [05/Jun/2021:06:26:08 +0800] "GET /xingrg/login.html HTTP/1.1" 200 7641
120.253.135.82 - - [05/Jun/2021:06:26:09 +0800] "POST /xingrg/kc/pszx/mdps_list_operate.html HTTP/1.1" 200 360
120.253.135.82 - - [05/Jun/2021:06:26:13 +0800] "GET /xingrg/kc/pszx/mdps_order_info.html?code=312021060500132 HTTP/1.1" 200 23931
120.253.135.82 - - [05/Jun/2021:06:26:13 +0800] "GET /xingrg/javascript/easyui/themes/default/validatebox.css HTTP/1.1" 404 1104
120.253.135.82 - - [05/Jun/2021:06:26:14 +0800] "POST /xingrg/kc/pszx/mdps_order_operate.html HTTP/1.1" 200 2760
116.224.253.72 - - [05/Jun/2021:06:26:15 +0800] "GET /xingrg/all/function/internal_message.html?_=1622845581074&CODE_STATE=getMsg HTTP/1.1" 200 27
120.253.135.82 - - [05/Jun/2021:06:26:19 +0800] "POST /xingrg/kc/pszx/mdps_order_operate.html HTTP/1.1" 200 37
120.253.135.82 - - [05/Jun/2021:06:26:21 +0800] "GET /xingrg/kc/pszx/mdps_order_info.html?code=312021060500132 HTTP/1.1" 200 23931
120.253.135.82 - - [05/Jun/2021:06:26:21 +0800] "GET /xingrg/javascript/easyui/themes/default/validatebox.css HTTP/1.1" 404 1104
120.253.135.82 - - [05/Jun/2021:06:26:22 +0800] "POST /xingrg/kc/pszx/mdps_order_operate.html HTTP/1.1" 200 2775
120.253.135.82 - - [05/Jun/2021:06:26:26 +0800] "GET /xingrg/check_reg.html?_=1622845372984 HTTP/1.1" 200 22
120.253.135.82 - - [05/Jun/2021:06:26:33 +0800] "GET /xingrg/all/function/internal_message.html?_=1622845379708&CODE_STATE=getMsg HTTP/1.1" 200 27
116.224.253.72 - - [05/Jun/2021:06:26:33 +0800] "GET /xingrg/all/function/internal_message.html?_=1622845596215&CODE_STATE=getMsg HTTP/1.1" 200 27
120.253.135.82 - - [05/Jun/2021:06:26:51 +0800] "POST /xingrg/kc/pszx/mdps_order_operate.html HTTP/1.1" 200 37
116.230.117.165 - - [05/Jun/2021:06:26:53 +0800] "GET /xingrg/all/function/internal_message.html?_=1622845614408&CODE_STATE=getMsg HTTP/1.1" 200 27
120.253.135.82 - - [05/Jun/2021:06:26:53 +0800] "GET /xingrg/kc/pszx/mdps_order_info.html?code=312021060500132 HTTP/1.1" 200 23931
120.253.135.82 - - [05/Jun/2021:06:26:54 +0800] "GET /xingrg/javascript/easyui/themes/default/validatebox.css HTTP/1.1" 404 1104
120.253.135.82 - - [05/Jun/2021:06:26:54 +0800] "POST /xingrg/kc/pszx/mdps_order_operate.html HTTP/1.1" 200 2775
120.253.135.82 - - [05/Jun/2021:06:26:55 +0800] "POST /xingrg/kc/pszx/mdps_list_operate.html HTTP/1.1" 200 3925
120.253.135.82 - - [05/Jun/2021:06:26:57 +0800] "POST /xingrg/kc/pszx/mdps_list_operate.html HTTP/1.1" 200 649
120.253.135.82 - - [05/Jun/2021:06:26:59 +0800] "GET /xingrg/kc/pszx/mdps_order_info.html?code=312021060500133 HTTP/1.1" 200 23931
120.253.135.82 - - [05/Jun/2021:06:26:59 +0800] "GET /xingrg/javascript/easyui/themes/default/validatebox.css HTTP/1.1" 404 1104
120.253.135.82 - - [05/Jun/2021:06:27:00 +0800] "POST /xingrg/kc/pszx/mdps_order_operate.html HTTP/1.1" 200 7252
120.253.135.82 - - [05/Jun/2021:06:27:02 +0800] "POST /xingrg/all/common/load_combo.html?type=base HTTP/1.1" 200 1075
117.185.32.26 - - [05/Jun/2021:06:27:02 +0800] "GET /xingrg/all/function/internal_message.html?_=1622846159188&CODE_STATE=getMsg HTTP/1.1" 200 27
180.169.147.146 - - [05/Jun/2021:06:27:05 +0800] "GET /xingrg/all/function/internal_message.html?_=1622845622841&CODE_STATE=getMsg HTTP/1.1" 200 27
120.253.135.82 - - [05/Jun/2021:06:27:07 +0800] "POST /xingrg/kc/pszx/mdps_order_operate.html HTTP/1.1" 200 37
120.204.17.72 - - [05/Jun/2021:06:27:08 +0800] "GET /xingrg/all/function/internal_message.html?_=1622845568895&CODE_STATE=getMsg HTTP/1.1" 302 -
117.185.32.26 - - [05/Jun/2021:06:27:08 +0800] "GET /xingrg/all/function/internal_message.html?_=1622845628895&CODE_STATE=getMsg HTTP/1.1" 200 27
120.204.17.72 - - [05/Jun/2021:06:27:08 +0800] "GET /xingrg/login.html HTTP/1.1" 200 7641
120.253.135.82 - - [05/Jun/2021:06:27:09 +0800] "GET /xingrg/kc/pszx/mdps_order_info.html?code=312021060500133 HTTP/1.1" 200 23931
120.253.135.82 - - [05/Jun/2021:06:27:09 +0800] "GET /xingrg/javascript/easyui/themes/default/validatebox.css HTTP/1.1" 404 1104
120.253.135.82 - - [05/Jun/2021:06:27:10 +0800] "POST /xingrg/kc/pszx/mdps_order_operate.html HTTP/1.1" 200 7347
116.224.253.72 - - [05/Jun/2021:06:27:15 +0800] "GET /xingrg/all/function/internal_message.html?_=1622845641095&CODE_STATE=getMsg HTTP/1.1" 200 27
180.169.147.146 - - [05/Jun/2021:06:27:25 +0800] "GET /xingrg/check_reg.html?_=1622845649594 HTTP/1.1" 302 -
120.253.135.82 - - [05/Jun/2021:06:27:33 +0800] "GET /xingrg/all/function/internal_message.html?_=1622845439721&CODE_STATE=getMsg HTTP/1.1" 200 27
116.224.253.72 - - [05/Jun/2021:06:27:33 +0800] "GET /xingrg/all/function/internal_message.html?_=1622845656214&CODE_STATE=getMsg HTTP/1.1" 200 27
120.253.135.82 - - [05/Jun/2021:06:27:39 +0800] "POST /xingrg/kc/pszx/mdps_order_operate.html HTTP/1.1" 200 37
120.253.135.82 - - [05/Jun/2021:06:27:41 +0800] "GET /xingrg/kc/pszx/mdps_order_info.html?code=312021060500133 HTTP/1.1" 200 23931
120.253.135.82 - - [05/Jun/2021:06:27:41 +0800] "GET /xingrg/javascript/easyui/themes/default/validatebox.css HTTP/1.1" 404 1104
120.253.135.82 - - [05/Jun/2021:06:27:42 +0800] "POST /xingrg/kc/pszx/mdps_order_operate.html HTTP/1.1" 200 7347
120.253.135.82 - - [05/Jun/2021:06:27:43 +0800] "POST /xingrg/kc/pszx/mdps_list_operate.html HTTP/1.1" 200 3925
116.230.114.112 - - [05/Jun/2021:06:27:44 +0800] "GET /xingrg/check_reg.html?_=1622845685539 HTTP/1.1" 302 -
120.253.135.82 - - [05/Jun/2021:06:27:52 +0800] "POST /xingrg/kc/pszx/mdps_list_operate.html HTTP/1.1" 200 279
116.230.117.165 - - [05/Jun/2021:06:27:53 +0800] "GET /xingrg/all/function/internal_message.html?_=1622845674469&CODE_STATE=getMsg HTTP/1.1" 200 27
120.253.135.82 - - [05/Jun/2021:06:27:54 +0800] "POST /xingrg/kc/pszx/mdps_list_operate.html HTTP/1.1" 200 632
117.185.32.26 - - [05/Jun/2021:06:28:02 +0800] "GET /xingrg/all/function/internal_message.html?_=1622846219186&CODE_STATE=getMsg HTTP/1.1" 200 27
120.253.135.82 - - [05/Jun/2021:06:28:02 +0800] "POST /xingrg/kc/pszx/mdps_list_operate.html HTTP/1.1" 200 868
180.169.147.146 - - [05/Jun/2021:06:28:03 +0800] "GET /xingrg/check_reg.html?_=1622845687280 HTTP/1.1" 302 -
116.224.253.72 - - [05/Jun/2021:06:28:05 +0800] "GET /xingrg/check_reg.html?_=1622845691010 HTTP/1.1" 200 22
180.169.147.146 - - [05/Jun/2021:06:28:05 +0800] "GET /xingrg/all/function/internal_message.html?_=1622845682810&CODE_STATE=getMsg HTTP/1.1" 200 27
117.185.32.26 - - [05/Jun/2021:06:28:08 +0800] "GET /xingrg/all/function/internal_message.html?_=1622845688895&CODE_STATE=getMsg HTTP/1.1" 200 27
120.253.135.82 - - [05/Jun/2021:06:28:11 +0800] "POST /xingrg/kc/pszx/mdps_list_operate.html HTTP/1.1" 200 3925
116.224.253.72 - - [05/Jun/2021:06:28:15 +0800] "GET /xingrg/all/function/internal_message.html?_=1622845701101&CODE_STATE=getMsg HTTP/1.1" 200 27
120.253.135.82 - - [05/Jun/2021:06:28:15 +0800] "POST /xingrg/kc/pszx/mdps_list_operate.html HTTP/1.1" 200 649
120.253.135.82 - - [05/Jun/2021:06:28:17 +0800] "GET /xingrg/kc/pszx/mdps_order_info.html?code=312021060500133 HTTP/1.1" 200 23931
120.253.135.82 - - [05/Jun/2021:06:28:17 +0800] "GET /xingrg/javascript/easyui/themes/default/validatebox.css HTTP/1.1" 404 1104
120.253.135.82 - - [05/Jun/2021:06:28:18 +0800] "POST /xingrg/kc/pszx/mdps_order_operate.html HTTP/1.1" 200 7347
120.253.135.82 - - [05/Jun/2021:06:28:33 +0800] "GET /xingrg/all/function/internal_message.html?_=1622845499735&CODE_STATE=getMsg HTTP/1.1" 200 27
116.224.253.72 - - [05/Jun/2021:06:28:33 +0800] "GET /xingrg/check_reg.html?_=1622845716222 HTTP/1.1" 200 22
116.224.253.72 - - [05/Jun/2021:06:28:33 +0800] "GET /xingrg/all/function/internal_message.html?_=1622845716228&CODE_STATE=getMsg HTTP/1.1" 200 27
120.253.135.82 - - [05/Jun/2021:06:28:41 +0800] "POST /xingrg/kc/pszx/mdps_list_operate.html HTTP/1.1" 200 3925
120.253.135.82 - - [05/Jun/2021:06:28:44 +0800] "GET /xingrg/kc/buy/buy_main.html HTTP/1.1" 200 12341
120.253.135.82 - - [05/Jun/2021:06:28:44 +0800] "GET /xingrg/css/new_ie.css HTTP/1.1" 404 1036
120.253.135.82 - - [05/Jun/2021:06:28:45 +0800] "POST /xingrg/kc/pszx/mdps_list_operate.html HTTP/1.1" 200 3925
120.253.135.82 - - [05/Jun/2021:06:28:45 +0800] "GET /xingrg/images/yd/bt.gif HTTP/1.1" 404 1040
120.253.135.82 - - [05/Jun/2021:06:28:47 +0800] "GET /xingrg/kc/buy/cgsh_order_list.html HTTP/1.1" 200 46624
120.253.135.82 - - [05/Jun/2021:06:28:50 +0800] "POST /xingrg/kc/buy/cgsh_list_operate.html HTTP/1.1" 200 1692
120.253.135.82 - - [05/Jun/2021:06:28:52 +0800] "GET /xingrg/kc/buy/cgsh_order_add.html HTTP/1.1" 200 61422
120.253.135.82 - - [05/Jun/2021:06:28:52 +0800] "POST /xingrg/kc/buy/cgsh_order_operate.html HTTP/1.1" 200 8245
120.253.135.82 - - [05/Jun/2021:06:28:52 +0800] "GET /xingrg/javascript/easyui/themes/default/validatebox.css HTTP/1.1" 404 1104
116.230.117.165 - - [05/Jun/2021:06:28:53 +0800] "GET /xingrg/all/function/internal_message.html?_=1622845734482&CODE_STATE=getMsg HTTP/1.1" 200 27
120.253.135.82 - - [05/Jun/2021:06:29:02 +0800] "GET /xingrg/kc/buy/cgsh_order_operate.html?command=get_materiel&rest_code=00101&code=00102002171&supplier_code=&order_time=2021-06-05 HTTP/1.1" 200 412
117.185.32.26 - - [05/Jun/2021:06:29:02 +0800] "GET /xingrg/all/function/internal_message.html?_=1622846279185&CODE_STATE=getMsg HTTP/1.1" 200 27
117.185.32.26 - - [05/Jun/2021:06:29:02 +0800] "GET /xingrg/check_reg.html?_=1622846279187 HTTP/1.1" 200 22
180.169.147.146 - - [05/Jun/2021:06:29:05 +0800] "GET /xingrg/all/function/internal_message.html?_=1622845742789&CODE_STATE=getMsg HTTP/1.1" 200 27
117.185.32.26 - - [05/Jun/2021:06:29:08 +0800] "GET /xingrg/all/function/internal_message.html?_=1622845748894&CODE_STATE=getMsg HTTP/1.1" 200 27
120.253.135.82 - - [05/Jun/2021:06:29:14 +0800] "GET /xingrg/kc/pszx/mdps_order_list.html?orderType=0 HTTP/1.1" 200 20879
116.224.253.72 - - [05/Jun/2021:06:29:15 +0800] "GET /xingrg/all/function/internal_message.html?_=1622845761114&CODE_STATE=getMsg HTTP/1.1" 200 27
120.253.135.82 - - [05/Jun/2021:06:29:15 +0800] "POST /xingrg/kc/pszx/mdps_list_operate.html HTTP/1.1" 200 5191
120.253.135.82 - - [05/Jun/2021:06:29:16 +0800] "POST /xingrg/kc/buy/cgsh_list_operate.html HTTP/1.1" 200 1692
120.253.135.82 - - [05/Jun/2021:06:29:25 +0800] "POST /xingrg/kc/pszx/mdps_list_operate.html HTTP/1.1" 200 3925
120.253.135.82 - - [05/Jun/2021:06:29:27 +0800] "POST /xingrg/kc/pszx/mdps_list_operate.html HTTP/1.1" 200 649
120.253.135.82 - - [05/Jun/2021:06:29:28 +0800] "GET /xingrg/kc/pszx/mdps_order_info.html?code=312021060500133 HTTP/1.1" 200 23931
120.253.135.82 - - [05/Jun/2021:06:29:28 +0800] "GET /xingrg/javascript/easyui/themes/default/validatebox.css HTTP/1.1" 404 1104
120.253.135.82 - - [05/Jun/2021:06:29:29 +0800] "POST /xingrg/kc/pszx/mdps_order_operate.html HTTP/1.1" 200 7347
120.253.135.82 - - [05/Jun/2021:06:29:33 +0800] "GET /xingrg/all/function/internal_message.html?_=1622845559749&CODE_STATE=getMsg HTTP/1.1" 200 27
116.224.253.72 - - [05/Jun/2021:06:29:33 +0800] "GET /xingrg/all/function/internal_message.html?_=1622845776226&CODE_STATE=getMsg HTTP/1.1" 200 27
120.253.135.82 - - [05/Jun/2021:06:29:41 +0800] "POST /xingrg/kc/pszx/mdps_order_operate.html HTTP/1.1" 200 37
120.253.135.82 - - [05/Jun/2021:06:29:43 +0800] "GET /xingrg/kc/pszx/mdps_order_info.html?code=312021060500133 HTTP/1.1" 200 23931
120.253.135.82 - - [05/Jun/2021:06:29:43 +0800] "GET /xingrg/javascript/easyui/themes/default/validatebox.css HTTP/1.1" 404 1104
120.253.135.82 - - [05/Jun/2021:06:29:44 +0800] "POST /xingrg/kc/pszx/mdps_order_operate.html HTTP/1.1" 200 7348
116.230.117.165 - - [05/Jun/2021:06:29:53 +0800] "GET /xingrg/all/function/internal_message.html?_=1622845794524&CODE_STATE=getMsg HTTP/1.1" 200 27
120.253.135.82 - - [05/Jun/2021:06:29:59 +0800] "GET /xingrg/kc/pszx/mdps_order_info.html?code=312021060500133 HTTP/1.1" 200 23931
120.253.135.82 - - [05/Jun/2021:06:30:00 +0800] "GET /xingrg/javascript/easyui/themes/default/validatebox.css HTTP/1.1" 404 1104
120.253.135.82 - - [05/Jun/2021:06:30:00 +0800] "POST /xingrg/kc/pszx/mdps_order_operate.html HTTP/1.1" 200 7348
