61.165.42.208 - - [05/Jun/2021:09:10:51 +0800] "GET /xingrg/index.html?sysBaseUrl=http%3A%2F%2F180.169.147.146%3A18081%2Fxingrg%2F&costTime=1221×tamp=1622855451435 HTTP/1.1" 200 17173
61.165.42.208 - - [05/Jun/2021:09:10:51 +0800] "GET /xingrg/javascript/jquery.utils.js HTTP/1.1" 304 -
61.165.42.208 - - [05/Jun/2021:09:10:51 +0800] "GET /xingrg/javascript/jquery.form.js HTTP/1.1" 304 -
61.165.42.208 - - [05/Jun/2021:09:10:51 +0800] "GET /xingrg/javascript/jquery_easy_ui/jquery.easyui.min.js HTTP/1.1" 304 -
61.165.42.208 - - [05/Jun/2021:09:10:51 +0800] "GET /xingrg/javascript/jquery-1.4.2.min.js HTTP/1.1" 304 -
61.165.42.208 - - [05/Jun/2021:09:10:51 +0800] "GET /xingrg/javascript/jquery.timers.js HTTP/1.1" 304 -
61.165.42.208 - - [05/Jun/2021:09:10:51 +0800] "GET /xingrg/javascript/jquery_easy_ui/easyui-lang-zh_CN.js HTTP/1.1" 304 -
61.165.42.208 - - [05/Jun/2021:09:10:51 +0800] "GET /xingrg/javascript/jquery_easy_ui/themes/icons/settle_new.png HTTP/1.1" 304 -
61.165.42.208 - - [05/Jun/2021:09:10:51 +0800] "GET /xingrg/images/blue/navBackgound.jpg HTTP/1.1" 304 -
61.165.42.208 - - [05/Jun/2021:09:10:51 +0800] "GET /favicon.ico HTTP/1.1" 404 -
61.165.42.208 - - [05/Jun/2021:09:10:51 +0800] "GET /xingrg/images/blue/pingpu.png HTTP/1.1" 304 -
61.165.42.208 - - [05/Jun/2021:09:10:51 +0800] "GET /xingrg/javascript/jquery_easy_ui/themes/default/images/tabs_leftarrow.png HTTP/1.1" 304 -
61.165.42.208 - - [05/Jun/2021:09:10:51 +0800] "GET /xingrg/check_reg.html?_=1622855455782 HTTP/1.1" 200 22
61.165.42.208 - - [05/Jun/2021:09:10:51 +0800] "GET /xingrg/all/function/internal_message.html?_=1622855455781&CODE_STATE=count HTTP/1.1" 200 11
61.165.42.208 - - [05/Jun/2021:09:10:51 +0800] "GET /xingrg/javascript/jquery_easy_ui/themes/default/images/panel_tool_collapse.gif HTTP/1.1" 304 -
61.165.42.208 - - [05/Jun/2021:09:10:51 +0800] "GET /xingrg/javascript/jquery_easy_ui/themes/default/images/tabs_rightarrow.png HTTP/1.1" 304 -
61.165.42.208 - - [05/Jun/2021:09:10:51 +0800] "POST /xingrg/all/common/load_tree.html?tree=area_rest_tree_json&manage=1 HTTP/1.1" 200 3466
61.165.42.208 - - [05/Jun/2021:09:10:51 +0800] "GET /xingrg/javascript/jquery_easy_ui/themes/default/images/tree_arrows.gif HTTP/1.1" 304 -
61.165.42.208 - - [05/Jun/2021:09:10:51 +0800] "POST /xingrg/load_menu.html HTTP/1.1" 200 5138
61.165.42.208 - - [05/Jun/2021:09:10:52 +0800] "GET /xingrg/javascript/jquery_easy_ui/themes/default/images/tree_folder_open.gif HTTP/1.1" 304 -
61.165.42.208 - - [05/Jun/2021:09:10:52 +0800] "GET /xingrg/javascript/jquery_easy_ui/themes/icons/search_new.png HTTP/1.1" 304 -
61.165.42.208 - - [05/Jun/2021:09:10:52 +0800] "GET /xingrg/javascript/jquery_easy_ui/themes/default/images/tree_folder.gif HTTP/1.1" 304 -
61.165.42.208 - - [05/Jun/2021:09:10:52 +0800] "GET /xingrg/javascript/jquery_easy_ui/themes/icons/storage_new.png HTTP/1.1" 304 -
61.165.42.208 - - [05/Jun/2021:09:10:52 +0800] "GET /xingrg/javascript/jquery_easy_ui/themes/icons/forms_new.png HTTP/1.1" 304 -
61.165.42.208 - - [05/Jun/2021:09:10:52 +0800] "GET /xingrg/javascript/jquery_easy_ui/themes/default/images/tree_file.gif HTTP/1.1" 304 -
222.70.177.128 - - [05/Jun/2021:09:10:53 +0800] "GET /xingrg/all/function/internal_message.html?_=1622855454849&CODE_STATE=getMsg HTTP/1.1" 200 27
116.230.117.165 - - [05/Jun/2021:09:10:57 +0800] "GET /xingrg/all/function/internal_message.html?_=1622855459380&CODE_STATE=getMsg HTTP/1.1" 200 27
180.169.147.146 - - [05/Jun/2021:09:11:02 +0800] "GET /xingrg/all/function/internal_message.html?_=1622855459523&CODE_STATE=getMsg HTTP/1.1" 200 27
116.224.253.72 - - [05/Jun/2021:09:11:02 +0800] "GET /xingrg/all/function/internal_message.html?_=1622855468014&CODE_STATE=getMsg HTTP/1.1" 200 27
114.86.187.76 - - [05/Jun/2021:09:11:03 +0800] "GET /xingrg/kc/base/wldb_order_operate.html?command=get_materiel&rest_code=00148&base_code=0010001&code=00101013088 HTTP/1.1" 200 456
180.169.147.146 - - [05/Jun/2021:09:11:18 +0800] "GET /favicon.ico HTTP/1.1" 404 -
114.86.187.76 - - [05/Jun/2021:09:11:23 +0800] "GET /xingrg/kc/base/wldb_order_operate.html?command=get_materiel&rest_code=00148&base_code=0010001&code=00101013151 HTTP/1.1" 200 433
120.253.135.82 - - [05/Jun/2021:09:11:30 +0800] "GET /xingrg/check_reg.html?_=1622855277129 HTTP/1.1" 200 22
114.86.187.76 - - [05/Jun/2021:09:11:31 +0800] "POST /xingrg/kc/base/wldb_order_operate.html HTTP/1.1" 200 37
114.86.187.76 - - [05/Jun/2021:09:11:31 +0800] "POST /xingrg/kc/base/wldb_order_operate.html HTTP/1.1" 200 5991
114.86.187.76 - - [05/Jun/2021:09:11:32 +0800] "GET /xingrg/kc/base/wldb_order_info.html?code=422021060500498 HTTP/1.1" 200 30247
114.86.187.76 - - [05/Jun/2021:09:11:32 +0800] "GET /xingrg/javascript/easyui/themes/default/validatebox.css HTTP/1.1" 404 1104
61.165.42.208 - - [05/Jun/2021:09:11:32 +0800] "GET /xingrg/javascript/jquery_easy_ui/themes/default/images/tabs_close.gif HTTP/1.1" 304 -
114.86.187.76 - - [05/Jun/2021:09:11:33 +0800] "POST /xingrg/kc/base/wldb_order_operate.html HTTP/1.1" 200 5991
61.165.42.208 - - [05/Jun/2021:09:11:33 +0800] "GET /xingrg/css/base.css HTTP/1.1" 304 -
61.165.42.208 - - [05/Jun/2021:09:11:33 +0800] "GET /xingrg/css/site.css HTTP/1.1" 304 -
61.165.42.208 - - [05/Jun/2021:09:11:33 +0800] "GET /xingrg/javascript/easyui/themes/default/easyui.css HTTP/1.1" 304 -
61.165.42.208 - - [05/Jun/2021:09:11:33 +0800] "GET /xingrg/javascript/jquery_tools/datebox.css HTTP/1.1" 304 -
61.165.42.208 - - [05/Jun/2021:09:11:33 +0800] "GET /xingrg/javascript/easyui/themes/icon.css HTTP/1.1" 304 -
61.165.42.208 - - [05/Jun/2021:09:11:33 +0800] "GET /xingrg/javascript/jquery_tools/fix.css HTTP/1.1" 304 -
61.165.42.208 - - [05/Jun/2021:09:11:33 +0800] "GET /xingrg/javascript/auto/jquery.autocomplete.css HTTP/1.1" 304 -
61.165.42.208 - - [05/Jun/2021:09:11:33 +0800] "GET /xingrg/javascript/jquery_tools/table.css HTTP/1.1" 304 -
61.165.42.208 - - [05/Jun/2021:09:11:33 +0800] "GET /xingrg/javascript/jquery_tools/jquery.tools.min.js HTTP/1.1" 304 -
61.165.42.208 - - [05/Jun/2021:09:11:33 +0800] "GET /xingrg/javascript/jquery_tools/jquery.tools.extend.js HTTP/1.1" 304 -
61.165.42.208 - - [05/Jun/2021:09:11:33 +0800] "GET /xingrg/javascript/jquery_tools/jquery.tools.hotkey.js HTTP/1.1" 304 -
61.165.42.208 - - [05/Jun/2021:09:11:33 +0800] "GET /xingrg/kc/buy/cgsh_order_list.html HTTP/1.1" 200 46624
61.165.42.208 - - [05/Jun/2021:09:11:33 +0800] "GET /xingrg/javascript/print/LodopFuncs.js HTTP/1.1" 304 -
61.165.42.208 - - [05/Jun/2021:09:11:33 +0800] "GET /xingrg/javascript/jquery_tools/jquery.tools.table.js HTTP/1.1" 304 -
61.165.42.208 - - [05/Jun/2021:09:11:33 +0800] "GET /xingrg/javascript/jquery_tools/list_manager.js HTTP/1.1" 304 -
61.165.42.208 - - [05/Jun/2021:09:11:33 +0800] "GET /xingrg/javascript/auto/jquery.autocomplete.js HTTP/1.1" 304 -
61.165.42.208 - - [05/Jun/2021:09:11:33 +0800] "GET /xingrg/javascript/easyui/easyloader.js HTTP/1.1" 304 -
61.165.42.208 - - [05/Jun/2021:09:11:33 +0800] "GET /xingrg/javascript/jquery.cookie.js HTTP/1.1" 304 -
61.165.42.208 - - [05/Jun/2021:09:11:33 +0800] "GET /xingrg/javascript/easyui/themes/icons/edit_add_new.png HTTP/1.1" 304 -
61.165.42.208 - - [05/Jun/2021:09:11:33 +0800] "GET /xingrg/javascript/easyui/themes/icons/cance_new.png HTTP/1.1" 304 -
61.165.42.208 - - [05/Jun/2021:09:11:33 +0800] "GET /xingrg/javascript/easyui/themes/icons/check_new.png HTTP/1.1" 304 -
61.165.42.208 - - [05/Jun/2021:09:11:33 +0800] "GET /xingrg/javascript/easyui/themes/icons/import_new.png HTTP/1.1" 304 -
61.165.42.208 - - [05/Jun/2021:09:11:33 +0800] "GET /xingrg/javascript/easyui/themes/icons/field_new.png HTTP/1.1" 304 -
61.165.42.208 - - [05/Jun/2021:09:11:33 +0800] "GET /xingrg/javascript/easyui/plugins/jquery.parser.js HTTP/1.1" 304 -
61.165.42.208 - - [05/Jun/2021:09:11:33 +0800] "GET /xingrg/images/control/ajaxLoader.gif HTTP/1.1" 304 -
116.224.253.72 - - [05/Jun/2021:09:11:33 +0800] "GET /xingrg/all/function/internal_message.html?_=1622855496989&CODE_STATE=getMsg HTTP/1.1" 200 27
61.165.42.208 - - [05/Jun/2021:09:11:35 +0800] "POST /xingrg/kc/buy/cgsh_list_operate.html HTTP/1.1" 200 876
61.165.42.208 - - [05/Jun/2021:09:11:35 +0800] "GET /xingrg/javascript/easyui/themes/default/images/button_plain_hover.png HTTP/1.1" 304 -
222.69.131.252 - - [05/Jun/2021:09:11:37 +0800] "GET /xingrg/all/function/internal_message.html?_=1622855500084&CODE_STATE=getMsg HTTP/1.1" 200 27
61.165.42.208 - - [05/Jun/2021:09:11:37 +0800] "GET /xingrg/javascript/pic_change.js HTTP/1.1" 304 -
61.165.42.208 - - [05/Jun/2021:09:11:37 +0800] "GET /xingrg/kc/buy/cgsh_order_add.html HTTP/1.1" 200 62409
61.165.42.208 - - [05/Jun/2021:09:11:37 +0800] "GET /xingrg/javascript/jquery_tools/order_manager.js HTTP/1.1" 304 -
61.165.42.208 - - [05/Jun/2021:09:11:37 +0800] "GET /xingrg/javascript/convert.js HTTP/1.1" 304 -
61.165.42.208 - - [05/Jun/2021:09:11:37 +0800] "GET /xingrg/javascript/json2.js HTTP/1.1" 304 -
61.165.42.208 - - [05/Jun/2021:09:11:37 +0800] "GET /xingrg/javascript/print/kc_print.js HTTP/1.1" 304 -
61.165.42.208 - - [05/Jun/2021:09:11:37 +0800] "GET /xingrg/words/20210604173909_words.js HTTP/1.1" 200 819327
61.165.42.208 - - [05/Jun/2021:09:11:37 +0800] "GET /xingrg/javascript/easyui/themes/icons/copy_new.png HTTP/1.1" 304 -
61.165.42.208 - - [05/Jun/2021:09:11:37 +0800] "GET /xingrg/javascript/easyui/themes/icons/template_new.png HTTP/1.1" 304 -
61.165.42.208 - - [05/Jun/2021:09:11:37 +0800] "GET /xingrg/javascript/easyui/themes/icons/print.png HTTP/1.1" 304 -
61.165.42.208 - - [05/Jun/2021:09:11:37 +0800] "GET /xingrg/javascript/easyui/themes/icons/ok.png HTTP/1.1" 304 -
61.165.42.208 - - [05/Jun/2021:09:11:37 +0800] "GET /xingrg/javascript/easyui/themes/default/images/menu_downarrow.png HTTP/1.1" 304 -
61.165.42.208 - - [05/Jun/2021:09:11:37 +0800] "GET /xingrg/javascript/easyui/themes/icons/cancel.png HTTP/1.1" 304 -
116.230.110.80 - - [05/Jun/2021:09:11:37 +0800] "GET /xingrg/all/function/internal_message.html?_=1622855493518&CODE_STATE=getMsg HTTP/1.1" 200 27
61.165.42.208 - - [05/Jun/2021:09:11:37 +0800] "GET /xingrg/javascript/easyui/themes/default/validatebox.css HTTP/1.1" 404 1104
61.165.42.208 - - [05/Jun/2021:09:11:37 +0800] "GET /xingrg/javascript/easyui/plugins/jquery.validatebox.js HTTP/1.1" 304 -
61.165.42.208 - - [05/Jun/2021:09:11:37 +0800] "GET /xingrg/javascript/easyui/themes/icons/edit_remove.png HTTP/1.1" 304 -
61.165.42.208 - - [05/Jun/2021:09:11:37 +0800] "GET /xingrg/javascript/easyui/plugins/jquery.numberbox.js HTTP/1.1" 304 -
61.165.42.208 - - [05/Jun/2021:09:11:38 +0800] "GET /xingrg/all/common/auto_word.html?type=employee&rest_code=00105 HTTP/1.1" 200 193
61.165.42.208 - - [05/Jun/2021:09:11:38 +0800] "GET /xingrg/all/common/auto_word.html?type=employee&rest_code=00105 HTTP/1.1" 200 193
61.165.42.208 - - [05/Jun/2021:09:11:38 +0800] "POST /xingrg/kc/buy/cgsh_order_operate.html HTTP/1.1" 200 8245
61.165.42.208 - - [05/Jun/2021:09:11:38 +0800] "GET /xingrg/javascript/auto/indicator.gif HTTP/1.1" 404 1066
120.253.135.82 - - [05/Jun/2021:09:11:42 +0800] "GET /xingrg/all/function/internal_message.html?_=1622855289266&CODE_STATE=getMsg HTTP/1.1" 200 27
114.86.187.76 - - [05/Jun/2021:09:11:50 +0800] "GET /xingrg/all/function/internal_message.html?_=1622855524881&CODE_STATE=getMsg HTTP/1.1" 200 27
61.165.42.208 - - [05/Jun/2021:09:11:51 +0800] "GET /xingrg/all/function/internal_message.html?_=1622855515816&CODE_STATE=getMsg HTTP/1.1" 200 27
114.86.187.76 - - [05/Jun/2021:09:11:52 +0800] "GET /xingrg/kc/base/wldb_order_operate.html?command=get_materiel&rest_code=00148&base_code=0010001&code=00101019161 HTTP/1.1" 200 432
222.70.177.128 - - [05/Jun/2021:09:11:53 +0800] "GET /xingrg/check_reg.html?_=1622855514692 HTTP/1.1" 200 22
222.70.177.128 - - [05/Jun/2021:09:11:53 +0800] "GET /xingrg/all/function/internal_message.html?_=1622855514819&CODE_STATE=getMsg HTTP/1.1" 200 27
180.169.147.146 - - [05/Jun/2021:09:11:54 +0800] "GET /xingrg/index.html?sysBaseUrl=http%3A%2F%2F180.169.147.146%3A18081%2Fxingrg%2F&costTime=39×tamp=1592034574635 HTTP/1.1" 302 -
180.169.147.146 - - [05/Jun/2021:09:11:54 +0800] "GET /xingrg/login.html HTTP/1.1" 200 7641
180.169.147.146 - - [05/Jun/2021:09:11:54 +0800] "GET /xingrg/images/blue/login_bg.png HTTP/1.1" 200 22101
180.169.147.146 - - [05/Jun/2021:09:11:54 +0800] "GET /favicon.ico HTTP/1.1" 404 -
180.169.147.146 - - [05/Jun/2021:09:11:54 +0800] "GET /xingrg/images/blue/hj.png HTTP/1.1" 200 1014
180.169.147.146 - - [05/Jun/2021:09:11:54 +0800] "GET /xingrg/images/blue/srbg.png HTTP/1.1" 200 138
180.169.147.146 - - [05/Jun/2021:09:11:54 +0800] "GET /favicon.ico HTTP/1.1" 404 -
180.169.147.146 - - [05/Jun/2021:09:11:57 +0800] "POST /xingrg/login.do HTTP/1.1" 302 -
180.169.147.146 - - [05/Jun/2021:09:11:57 +0800] "GET /xingrg/index.html?sysBaseUrl=http%3A%2F%2F180.169.147.146%3A18081%2Fxingrg%2F&costTime=1160×tamp=1622855517018 HTTP/1.1" 200 17503
180.169.147.146 - - [05/Jun/2021:09:11:57 +0800] "GET /favicon.ico HTTP/1.1" 404 -
180.169.147.146 - - [05/Jun/2021:09:11:57 +0800] "GET /xingrg/all/function/internal_message.html?_=1622855521082&CODE_STATE=count HTTP/1.1" 200 11
180.169.147.146 - - [05/Jun/2021:09:11:57 +0800] "GET /xingrg/check_reg.html?_=1622855521084 HTTP/1.1" 200 22
180.169.147.146 - - [05/Jun/2021:09:11:57 +0800] "POST /xingrg/all/common/load_tree.html?tree=area_rest_tree_json&manage=1 HTTP/1.1" 200 3466
180.169.147.146 - - [05/Jun/2021:09:11:57 +0800] "POST /xingrg/load_menu.html HTTP/1.1" 200 11564
180.169.147.146 - - [05/Jun/2021:09:11:57 +0800] "GET /xingrg/javascript/jquery_easy_ui/themes/icons/delivery_new.png HTTP/1.1" 200 700
116.230.117.165 - - [05/Jun/2021:09:11:58 +0800] "GET /xingrg/all/function/internal_message.html?_=1622855519395&CODE_STATE=getMsg HTTP/1.1" 200 27
180.169.147.146 - - [05/Jun/2021:09:11:58 +0800] "POST /xingrg/load_menu.html HTTP/1.1" 200 10797
114.86.187.76 - - [05/Jun/2021:09:11:59 +0800] "POST /xingrg/kc/base/wldb_order_operate.html HTTP/1.1" 200 37
180.169.147.146 - - [05/Jun/2021:09:11:59 +0800] "GET /xingrg/all/report/report_query.html?fileName=dma/new_5.0/yingye/order_list.xml HTTP/1.1" 200 55281
180.169.147.146 - - [05/Jun/2021:09:11:59 +0800] "GET /xingrg/dwr/interface/AjaxReportQueryService.js HTTP/1.1" 200 13203
180.169.147.146 - - [05/Jun/2021:09:11:59 +0800] "GET /xingrg/dwr/util.js HTTP/1.1" 304 -
180.169.147.146 - - [05/Jun/2021:09:11:59 +0800] "GET /xingrg/dwr/engine.js HTTP/1.1" 200 43631
114.86.187.76 - - [05/Jun/2021:09:11:59 +0800] "POST /xingrg/kc/base/wldb_order_operate.html HTTP/1.1" 200 6462
180.169.147.146 - - [05/Jun/2021:09:11:59 +0800] "POST /xingrg/dwr/call/plaincall/AjaxReportQueryService.getFixDate.dwr HTTP/1.1" 200 111
180.169.147.146 - - [05/Jun/2021:09:12:00 +0800] "POST /xingrg/all/common/load_tree.html?tree=area_station_tree_json&manage=1 HTTP/1.1" 200 3358
180.169.147.146 - - [05/Jun/2021:09:12:00 +0800] "POST /xingrg/dwr/call/plaincall/AjaxReportQueryService.getInitString.dwr HTTP/1.1" 200 76
180.169.147.146 - - [05/Jun/2021:09:12:00 +0800] "GET /xingrg/javascript/multi_select/dropdown.gif HTTP/1.1" 200 61
61.165.42.208 - - [05/Jun/2021:09:12:00 +0800] "GET /xingrg/kc/buy/cgsh_order_operate.html?command=get_materiel&rest_code=00105&code=00101016025&supplier_code=00100034&order_time=2021-06-05 HTTP/1.1" 200 408
114.86.187.76 - - [05/Jun/2021:09:12:00 +0800] "GET /xingrg/kc/base/wldb_order_info.html?code=422021060500498 HTTP/1.1" 200 30247
114.86.187.76 - - [05/Jun/2021:09:12:00 +0800] "GET /xingrg/javascript/easyui/themes/default/validatebox.css HTTP/1.1" 404 1104
114.86.187.76 - - [05/Jun/2021:09:12:01 +0800] "POST /xingrg/kc/base/wldb_order_operate.html HTTP/1.1" 200 6462
180.169.147.146 - - [05/Jun/2021:09:12:01 +0800] "POST /xingrg/dwr/call/plaincall/AjaxReportQueryService.getFixDate.dwr HTTP/1.1" 200 111
180.169.147.146 - - [05/Jun/2021:09:12:02 +0800] "GET /xingrg/all/function/internal_message.html?_=1622855519525&CODE_STATE=getMsg HTTP/1.1" 200 27
116.224.253.72 - - [05/Jun/2021:09:12:02 +0800] "GET /xingrg/all/function/internal_message.html?_=1622855528025&CODE_STATE=getMsg HTTP/1.1" 200 27
180.169.147.146 - - [05/Jun/2021:09:12:08 +0800] "POST /xingrg/dwr/call/plaincall/AjaxReportQueryService.queryInitializeString.dwr HTTP/1.1" 200 227
180.169.147.146 - - [05/Jun/2021:09:12:08 +0800] "GET /xingrg/javascript/multi_select/dropdown_hover.gif HTTP/1.1" 200 61
180.169.147.146 - - [05/Jun/2021:09:12:08 +0800] "POST /xingrg/dwr/call/plaincall/AjaxReportQueryService.refreshCache.dwr HTTP/1.1" 200 78
180.169.147.146 - - [05/Jun/2021:09:12:10 +0800] "POST /xingrg/all/report/load_report_page.html HTTP/1.1" 200 146965
180.169.147.146 - - [05/Jun/2021:09:12:10 +0800] "GET /xingrg/servlets/image?cache=0.6141012965036837&image=px HTTP/1.1" 200 807
116.230.117.165 - - [05/Jun/2021:09:12:15 +0800] "GET /xingrg/kc/buy/cgsh_order_list.html HTTP/1.1" 200 46630
114.86.187.76 - - [05/Jun/2021:09:12:16 +0800] "POST /xingrg/kc/base/wldb_order_operate.html HTTP/1.1" 200 37
114.86.187.76 - - [05/Jun/2021:09:12:17 +0800] "POST /xingrg/kc/base/wldb_order_operate.html HTTP/1.1" 200 6462
61.165.42.208 - - [05/Jun/2021:09:12:17 +0800] "GET /xingrg/kc/buy/cgsh_order_operate.html?command=get_materiel&rest_code=00105&code=00101012025&supplier_code=00100034&order_time=2021-06-05 HTTP/1.1" 200 412
116.230.117.165 - - [05/Jun/2021:09:12:17 +0800] "POST /xingrg/kc/buy/cgsh_list_operate.html HTTP/1.1" 200 876
114.86.187.76 - - [05/Jun/2021:09:12:18 +0800] "GET /xingrg/kc/base/wldb_order_info.html?code=422021060500498 HTTP/1.1" 200 30247
114.86.187.76 - - [05/Jun/2021:09:12:18 +0800] "GET /xingrg/javascript/easyui/themes/default/validatebox.css HTTP/1.1" 404 1104
114.86.187.76 - - [05/Jun/2021:09:12:18 +0800] "POST /xingrg/kc/base/wldb_order_operate.html HTTP/1.1" 200 6462
116.230.117.165 - - [05/Jun/2021:09:12:19 +0800] "GET /xingrg/kc/buy/cgsh_order_add.html HTTP/1.1" 200 62368
116.230.117.165 - - [05/Jun/2021:09:12:19 +0800] "POST /xingrg/kc/buy/cgsh_order_operate.html HTTP/1.1" 200 8245
116.230.117.165 - - [05/Jun/2021:09:12:19 +0800] "GET /xingrg/javascript/easyui/themes/default/validatebox.css HTTP/1.1" 404 1104
114.86.187.76 - - [05/Jun/2021:09:12:21 +0800] "GET /xingrg/kc/base/wldb_order_add.html HTTP/1.1" 200 30230
114.86.187.76 - - [05/Jun/2021:09:12:21 +0800] "POST /xingrg/kc/base/wldb_order_operate.html HTTP/1.1" 200 6806
114.86.187.76 - - [05/Jun/2021:09:12:21 +0800] "GET /xingrg/javascript/easyui/themes/default/validatebox.css HTTP/1.1" 404 1104
180.169.147.146 - - [05/Jun/2021:09:12:25 +0800] "GET /xingrg/check_reg.html?_=1622855550400 HTTP/1.1" 302 -
61.165.42.208 - - [05/Jun/2021:09:12:29 +0800] "GET /xingrg/kc/buy/cgsh_order_operate.html?command=get_materiel&rest_code=00105&code=00101016030&supplier_code=00100034&order_time=2021-06-05 HTTP/1.1" 200 412
116.224.253.72 - - [05/Jun/2021:09:12:33 +0800] "GET /xingrg/all/function/internal_message.html?_=1622855556988&CODE_STATE=getMsg HTTP/1.1" 200 27
116.230.110.80 - - [05/Jun/2021:09:12:36 +0800] "GET /xingrg/check_reg.html?_=1622855552309 HTTP/1.1" 200 22
61.165.42.208 - - [05/Jun/2021:09:12:36 +0800] "GET /xingrg/kc/buy/cgsh_order_operate.html?command=get_materiel&rest_code=00105&code=00101016071&supplier_code=00100034&order_time=2021-06-05 HTTP/1.1" 200 416
222.69.131.252 - - [05/Jun/2021:09:12:37 +0800] "GET /xingrg/all/function/internal_message.html?_=1622855560071&CODE_STATE=getMsg HTTP/1.1" 200 27
116.230.110.80 - - [05/Jun/2021:09:12:37 +0800] "GET /xingrg/all/function/internal_message.html?_=1622855553505&CODE_STATE=getMsg HTTP/1.1" 200 27
120.253.135.82 - - [05/Jun/2021:09:12:42 +0800] "GET /xingrg/all/function/internal_message.html?_=1622855349280&CODE_STATE=getMsg HTTP/1.1" 200 27
116.230.114.112 - - [05/Jun/2021:09:12:44 +0800] "GET /xingrg/check_reg.html?_=1622855585845 HTTP/1.1" 302 -
61.165.42.208 - - [05/Jun/2021:09:12:47 +0800] "GET /xingrg/kc/buy/cgsh_order_operate.html?command=get_materiel&rest_code=00105&code=00101012029&supplier_code=00100034&order_time=2021-06-05 HTTP/1.1" 200 414
114.86.187.76 - - [05/Jun/2021:09:12:50 +0800] "GET /xingrg/all/function/internal_message.html?_=1622855584855&CODE_STATE=getMsg HTTP/1.1" 200 27
116.235.222.38 - - [05/Jun/2021:09:12:50 +0800] "POST /xingrg/services/DataTransmitService HTTP/1.1" 200 524
116.235.222.38 - - [05/Jun/2021:09:12:50 +0800] "POST /xingrg/services/DataTransmitService HTTP/1.1" 200 497
61.165.42.208 - - [05/Jun/2021:09:12:51 +0800] "GET /xingrg/all/function/internal_message.html?_=1622855575789&CODE_STATE=getMsg HTTP/1.1" 200 27
222.70.177.128 - - [05/Jun/2021:09:12:53 +0800] "GET /xingrg/all/function/internal_message.html?_=1622855574803&CODE_STATE=getMsg HTTP/1.1" 200 27
116.235.222.38 - - [05/Jun/2021:09:12:53 +0800] "POST /xingrg/services/DataTransmitService HTTP/1.1" 200 524
116.235.222.38 - - [05/Jun/2021:09:12:56 +0800] "POST /xingrg/services/DataTransmitService HTTP/1.1" 200 501
116.235.222.38 - - [05/Jun/2021:09:12:57 +0800] "POST /xingrg/services/DataTransmitService HTTP/1.1" 200 501
180.169.147.146 - - [05/Jun/2021:09:12:57 +0800] "GET /xingrg/all/function/internal_message.html?_=1622855581104&CODE_STATE=getMsg HTTP/1.1" 200 27
116.230.117.165 - - [05/Jun/2021:09:12:58 +0800] "GET /xingrg/all/function/internal_message.html?_=1622855579407&CODE_STATE=getMsg HTTP/1.1" 200 27
120.253.135.82 - - [05/Jun/2021:09:12:59 +0800] "GET /xingrg/kc/pszx/mdps_order_list.html?orderType=0 HTTP/1.1" 200 20879
120.253.135.82 - - [05/Jun/2021:09:12:59 +0800] "POST /xingrg/kc/pszx/mdps_list_operate.html HTTP/1.1" 200 5191
180.169.147.146 - - [05/Jun/2021:09:13:02 +0800] "GET /xingrg/all/function/internal_message.html?_=1622855579499&CODE_STATE=getMsg HTTP/1.1" 200 27
116.224.253.72 - - [05/Jun/2021:09:13:02 +0800] "GET /xingrg/check_reg.html?_=1622855587916 HTTP/1.1" 200 22
116.224.253.72 - - [05/Jun/2021:09:13:02 +0800] "GET /xingrg/all/function/internal_message.html?_=1622855588038&CODE_STATE=getMsg HTTP/1.1" 200 27
120.253.135.82 - - [05/Jun/2021:09:13:02 +0800] "GET /xingrg/kc/pszx/mdps_order_add.html HTTP/1.1" 200 28901
120.253.135.82 - - [05/Jun/2021:09:13:02 +0800] "POST /xingrg/kc/pszx/mdps_order_operate.html HTTP/1.1" 200 7126
120.253.135.82 - - [05/Jun/2021:09:13:02 +0800] "GET /xingrg/javascript/easyui/themes/default/validatebox.css HTTP/1.1" 404 1104
180.169.147.146 - - [05/Jun/2021:09:13:03 +0800] "GET /xingrg/check_reg.html?_=1622855587899 HTTP/1.1" 302 -
61.165.42.208 - - [05/Jun/2021:09:13:04 +0800] "GET /xingrg/kc/buy/cgsh_order_operate.html?command=get_materiel&rest_code=00105&code=00101012039&supplier_code=00100034&order_time=2021-06-05 HTTP/1.1" 200 408
116.235.222.38 - - [05/Jun/2021:09:13:06 +0800] "POST /xingrg/services/DataTransmitService HTTP/1.1" 200 501
116.230.117.165 - - [05/Jun/2021:09:13:06 +0800] "GET /xingrg/kc/buy/cgsh_order_operate.html?command=get_materiel&rest_code=00146&code=00101008155&supplier_code=00100005&order_time=2021-06-05 HTTP/1.1" 200 408
120.253.135.82 - - [05/Jun/2021:09:13:15 +0800] "POST /xingrg/all/common/load_combo.html?type=base HTTP/1.1" 200 1075
116.235.222.38 - - [05/Jun/2021:09:13:16 +0800] "POST /xingrg/services/DataTransmitService HTTP/1.1" 200 501
116.235.222.38 - - [05/Jun/2021:09:13:16 +0800] "POST /xingrg/services/DataTransmitService HTTP/1.1" 200 501
116.235.222.38 - - [05/Jun/2021:09:13:16 +0800] "POST /xingrg/services/DataTransmitService HTTP/1.1" 200 501
116.235.222.38 - - [05/Jun/2021:09:13:19 +0800] "POST /xingrg/services/DataTransmitService HTTP/1.1" 200 501
116.235.222.38 - - [05/Jun/2021:09:13:20 +0800] "POST /xingrg/services/DataTransmitService HTTP/1.1" 200 501
116.235.222.38 - - [05/Jun/2021:09:13:22 +0800] "POST /xingrg/services/DataTransmitService HTTP/1.1" 200 501
116.230.117.165 - - [05/Jun/2021:09:13:23 +0800] "GET /xingrg/kc/buy/cgsh_order_operate.html?command=get_materiel&rest_code=00146&code=00101008049&supplier_code=00100005&order_time=2021-06-05 HTTP/1.1" 200 408
116.235.222.38 - - [05/Jun/2021:09:13:24 +0800] "POST /xingrg/services/DataTransmitService HTTP/1.1" 200 412
120.253.135.82 - - [05/Jun/2021:09:13:27 +0800] "GET /xingrg/kc/pszx/mdps_order_operate.html?command=get_materiel&pszx_code=00101&rest_code=00143&base_code=0010570&code=00101029025 HTTP/1.1" 200 465
120.253.135.82 - - [05/Jun/2021:09:13:28 +0800] "POST /xingrg/all/common/load_select.html HTTP/1.1" 200 25
120.253.135.82 - - [05/Jun/2021:09:13:30 +0800] "GET /xingrg/kc/pszx/mdps_order_operate.html?command=get_materiel_price&pszx_code=00101&rest_code=00143&base_code=0010570&code=00101029025&unit_code=00100159&order_time=2021-06-05 HTTP/1.1" 200 34
180.169.147.146 - - [05/Jun/2021:09:13:33 +0800] "POST /xingrg/dwr/call/plaincall/AjaxReportQueryService.refreshCache.dwr HTTP/1.1" 200 78
116.224.253.72 - - [05/Jun/2021:09:13:33 +0800] "GET /xingrg/check_reg.html?_=1622855616985 HTTP/1.1" 200 22
116.224.253.72 - - [05/Jun/2021:09:13:34 +0800] "GET /xingrg/all/function/internal_message.html?_=1622855616987&CODE_STATE=getMsg HTTP/1.1" 200 27
116.230.117.165 - - [05/Jun/2021:09:13:34 +0800] "GET /xingrg/kc/buy/cgsh_order_operate.html?command=get_materiel&rest_code=00146&code=00101008017&supplier_code=00100005&order_time=2021-06-05 HTTP/1.1" 200 416
180.169.147.146 - - [05/Jun/2021:09:13:35 +0800] "POST /xingrg/all/report/load_report_page.html HTTP/1.1" 200 208359
180.169.147.146 - - [05/Jun/2021:09:13:35 +0800] "GET /xingrg/images/blue/button/back2.gif HTTP/1.1" 200 1339
180.169.147.146 - - [05/Jun/2021:09:13:35 +0800] "GET /xingrg/images/blue/button/back.gif HTTP/1.1" 200 1352
180.169.147.146 - - [05/Jun/2021:09:13:35 +0800] "GET /xingrg/servlets/image?cache=0.8311738159180211&image=px HTTP/1.1" 200 807
180.169.147.146 - - [05/Jun/2021:09:13:36 +0800] "POST /xingrg/all/report/load_report_page.html HTTP/1.1" 200 41984
180.169.147.146 - - [05/Jun/2021:09:13:37 +0800] "GET /xingrg/images/blue/button/advance.gif HTTP/1.1" 200 1354
180.169.147.146 - - [05/Jun/2021:09:13:37 +0800] "GET /xingrg/images/blue/button/advance2.gif HTTP/1.1" 200 1338
180.169.147.146 - - [05/Jun/2021:09:13:37 +0800] "GET /xingrg/servlets/image?cache=0.061901970108469095&image=px HTTP/1.1" 200 807
222.69.131.252 - - [05/Jun/2021:09:13:37 +0800] "GET /xingrg/all/function/internal_message.html?_=1622855620057&CODE_STATE=getMsg HTTP/1.1" 200 27
120.253.135.82 - - [05/Jun/2021:09:13:37 +0800] "POST /xingrg/kc/pszx/mdps_order_operate.html HTTP/1.1" 200 37
116.230.110.80 - - [05/Jun/2021:09:13:37 +0800] "GET /xingrg/all/function/internal_message.html?_=1622855613481&CODE_STATE=getMsg HTTP/1.1" 200 27
120.253.135.82 - - [05/Jun/2021:09:13:39 +0800] "GET /xingrg/kc/pszx/mdps_order_info.html?code=312021060500139 HTTP/1.1" 200 23929
120.253.135.82 - - [05/Jun/2021:09:13:39 +0800] "GET /xingrg/javascript/easyui/themes/default/validatebox.css HTTP/1.1" 404 1104
120.253.135.82 - - [05/Jun/2021:09:13:40 +0800] "POST /xingrg/kc/pszx/mdps_order_operate.html HTTP/1.1" 200 2298
120.253.135.82 - - [05/Jun/2021:09:13:42 +0800] "GET /xingrg/all/function/internal_message.html?_=1622855409293&CODE_STATE=getMsg HTTP/1.1" 200 27
120.253.135.82 - - [05/Jun/2021:09:13:44 +0800] "GET /xingrg/kc/print/report_design.html?orderType=mdps HTTP/1.1" 200 8625
120.253.135.82 - - [05/Jun/2021:09:13:44 +0800] "GET /xingrg/css/design.css HTTP/1.1" 200 2477
120.253.135.82 - - [05/Jun/2021:09:13:44 +0800] "GET /xingrg/javascript/easyui/jquery.easyui.min.js HTTP/1.1" 200 272531
120.253.135.82 - - [05/Jun/2021:09:13:44 +0800] "GET /xingrg/javascript/print/report.helper.js HTTP/1.1" 200 7208
120.253.135.82 - - [05/Jun/2021:09:13:44 +0800] "GET /xingrg/javascript/print/report.js HTTP/1.1" 200 10993
120.253.135.82 - - [05/Jun/2021:09:13:44 +0800] "GET /xingrg/javascript/easyui/themes/sunny/images/ui-bg_highlight-soft_100_feeebd_1x100.png HTTP/1.1" 200 108
120.253.135.82 - - [05/Jun/2021:09:13:44 +0800] "GET /xingrg/javascript/easyui/themes/sunny/images/ui-bg_gloss-wave_45_817865_500x100.png HTTP/1.1" 200 3971
120.253.135.82 - - [05/Jun/2021:09:13:44 +0800] "GET /xingrg/javascript/easyui/themes/sunny/images/ui-icons_fadc7a_256x240.png HTTP/1.1" 200 4369
120.253.135.82 - - [05/Jun/2021:09:13:44 +0800] "GET /xingrg/javascript/easyui/themes/sunny/images/blank.gif HTTP/1.1" 200 43
120.253.135.82 - - [05/Jun/2021:09:13:44 +0800] "GET /xingrg/javascript/easyui/themes/sunny/images/ui-icons_bd7b00_256x240.png HTTP/1.1" 200 4369
120.253.135.82 - - [05/Jun/2021:09:13:44 +0800] "GET /xingrg/javascript/easyui/themes/sunny/images/ui-bg_gloss-wave_70_ffdd57_500x100.png HTTP/1.1" 200 3830
120.253.135.82 - - [05/Jun/2021:09:13:44 +0800] "GET /xingrg/kc/print/design_operate.html?_=1622855411363&command=load_config&code=mdps HTTP/1.1" 200 3255
120.253.135.82 - - [05/Jun/2021:09:13:44 +0800] "GET /xingrg/css/images/background.png HTTP/1.1" 200 137
116.230.117.165 - - [05/Jun/2021:09:13:45 +0800] "GET /xingrg/kc/buy/cgsh_order_operate.html?command=get_materiel&rest_code=00146&code=00101008141&supplier_code=00100005&order_time=2021-06-05 HTTP/1.1" 200 412
120.253.135.82 - - [05/Jun/2021:09:13:45 +0800] "GET /favicon.ico HTTP/1.1" 404 -
120.253.135.82 - - [05/Jun/2021:09:13:45 +0800] "GET /xingrg/kc/print/load_data.html?order_code=312021060500139&kc_code=mdps&condition= HTTP/1.1" 200 711
61.165.42.208 - - [05/Jun/2021:09:13:48 +0800] "POST /xingrg/kc/buy/cgsh_order_operate.html HTTP/1.1" 200 37
114.86.187.76 - - [05/Jun/2021:09:13:50 +0800] "GET /xingrg/all/function/internal_message.html?_=1622855644828&CODE_STATE=getMsg HTTP/1.1" 200 27
117.185.32.26 - - [05/Jun/2021:09:13:51 +0800] "POST /xingrg/services/DataTransmitService HTTP/1.1" 200 524
222.70.177.128 - - [05/Jun/2021:09:13:53 +0800] "GET /xingrg/all/function/internal_message.html?_=1622855634789&CODE_STATE=getMsg HTTP/1.1" 200 27
61.165.42.208 - - [05/Jun/2021:09:13:56 +0800] "GET /xingrg/all/function/internal_message.html?_=1622855640900&CODE_STATE=getMsg HTTP/1.1" 200 27
180.169.147.146 - - [05/Jun/2021:09:13:57 +0800] "GET /xingrg/all/function/internal_message.html?_=1622855641092&CODE_STATE=getMsg HTTP/1.1" 200 27
61.165.42.208 - - [05/Jun/2021:09:13:57 +0800] "POST /xingrg/kc/buy/cgsh_order_operate.html HTTP/1.1" 200 5608
116.230.117.165 - - [05/Jun/2021:09:13:57 +0800] "GET /xingrg/kc/buy/cgsh_order_operate.html?command=get_materiel&rest_code=00146&code=00101008355&supplier_code=00100005&order_time=2021-06-05 HTTP/1.1" 200 408
116.230.117.165 - - [05/Jun/2021:09:13:58 +0800] "GET /xingrg/all/function/internal_message.html?_=1622855639433&CODE_STATE=getMsg HTTP/1.1" 200 27
61.165.42.208 - - [05/Jun/2021:09:13:59 +0800] "GET /xingrg/kc/print/load_config.html?kc_code=cgsh HTTP/1.1" 200 1845
61.165.42.208 - - [05/Jun/2021:09:14:00 +0800] "GET /xingrg/kc/print/load_data.html?order_code=212021060501924&kc_code=cgsh&condition= HTTP/1.1" 200 1827
180.169.147.146 - - [05/Jun/2021:09:14:01 +0800] "GET /xingrg/all/function/internal_message.html?_=1622855639477&CODE_STATE=getMsg HTTP/1.1" 200 27
116.224.253.72 - - [05/Jun/2021:09:14:02 +0800] "GET /xingrg/all/function/internal_message.html?_=1622855648052&CODE_STATE=getMsg HTTP/1.1" 200 27
116.230.117.165 - - [05/Jun/2021:09:14:12 +0800] "GET /xingrg/kc/buy/cgsh_order_operate.html?command=get_materiel&rest_code=00146&code=00101008212&supplier_code=00100005&order_time=2021-06-05 HTTP/1.1" 200 412
180.161.111.4 - - [05/Jun/2021:09:14:19 +0800] "GET /favicon.ico HTTP/1.1" 404 -
180.161.111.4 - - [05/Jun/2021:09:14:19 +0800] "GET /favicon.ico HTTP/1.1" 404 -
180.161.111.4 - - [05/Jun/2021:09:14:20 +0800] "GET /favicon.ico HTTP/1.1" 404 -
116.230.117.165 - - [05/Jun/2021:09:14:22 +0800] "POST /xingrg/kc/buy/cgsh_order_operate.html HTTP/1.1" 200 37
116.230.117.165 - - [05/Jun/2021:09:14:27 +0800] "POST /xingrg/kc/buy/cgsh_order_operate.html HTTP/1.1" 200 5621
116.224.253.72 - - [05/Jun/2021:09:14:34 +0800] "GET /xingrg/all/function/internal_message.html?_=1622855677014&CODE_STATE=getMsg HTTP/1.1" 200 27
222.69.131.252 - - [05/Jun/2021:09:14:37 +0800] "GET /xingrg/all/function/internal_message.html?_=1622855680043&CODE_STATE=getMsg HTTP/1.1" 200 27
116.230.110.80 - - [05/Jun/2021:09:14:37 +0800] "GET /xingrg/all/function/internal_message.html?_=1622855673464&CODE_STATE=getMsg HTTP/1.1" 200 27
120.253.135.82 - - [05/Jun/2021:09:14:42 +0800] "GET /xingrg/all/function/internal_message.html?_=1622855469307&CODE_STATE=getMsg HTTP/1.1" 200 27
116.230.117.165 - - [05/Jun/2021:09:14:43 +0800] "POST /xingrg/kc/buy/cgsh_list_operate.html HTTP/1.1" 200 1688
114.86.187.76 - - [05/Jun/2021:09:14:50 +0800] "GET /xingrg/all/function/internal_message.html?_=1622855704799&CODE_STATE=getMsg HTTP/1.1" 200 27
114.86.187.76 - - [05/Jun/2021:09:14:50 +0800] "GET /xingrg/check_reg.html?_=1622855704972 HTTP/1.1" 200 22
222.70.177.128 - - [05/Jun/2021:09:14:53 +0800] "GET /xingrg/all/function/internal_message.html?_=1622855694759&CODE_STATE=getMsg HTTP/1.1" 200 27
61.165.42.208 - - [05/Jun/2021:09:14:56 +0800] "GET /xingrg/all/function/internal_message.html?_=1622855700878&CODE_STATE=getMsg HTTP/1.1" 200 27
180.169.147.146 - - [05/Jun/2021:09:14:57 +0800] "GET /xingrg/all/function/internal_message.html?_=1622855701098&CODE_STATE=getMsg HTTP/1.1" 200 27
116.230.117.165 - - [05/Jun/2021:09:14:58 +0800] "GET /xingrg/all/function/internal_message.html?_=1622855699436&CODE_STATE=getMsg HTTP/1.1" 200 27
180.169.147.146 - - [05/Jun/2021:09:15:01 +0800] "GET /xingrg/all/function/internal_message.html?_=1622855699448&CODE_STATE=getMsg HTTP/1.1" 200 27
116.224.253.72 - - [05/Jun/2021:09:15:02 +0800] "GET /xingrg/all/function/internal_message.html?_=1622855708066&CODE_STATE=getMsg HTTP/1.1" 200 27
114.86.187.76 - - [05/Jun/2021:09:15:05 +0800] "GET /xingrg/kc/base/wldb_order_operate.html?command=get_materiel&rest_code=00148&base_code=0010001&code=00101013172 HTTP/1.1" 200 430
116.230.117.165 - - [05/Jun/2021:09:15:07 +0800] "POST /xingrg/kc/buy/cgsh_list_operate.html HTTP/1.1" 200 5864
114.86.187.76 - - [05/Jun/2021:09:15:12 +0800] "GET /xingrg/kc/base/wldb_order_operate.html?command=get_materiel&rest_code=00148&base_code=0010001&code=00101010222 HTTP/1.1" 200 446
61.165.42.208 - - [05/Jun/2021:09:15:15 +0800] "GET /xingrg/kc/buy/cgsh_order_add.html HTTP/1.1" 200 62409
61.165.42.208 - - [05/Jun/2021:09:15:15 +0800] "POST /xingrg/kc/buy/cgsh_order_operate.html HTTP/1.1" 200 8245
61.165.42.208 - - [05/Jun/2021:09:15:15 +0800] "GET /xingrg/javascript/easyui/themes/default/validatebox.css HTTP/1.1" 404 1104
180.169.147.146 - - [05/Jun/2021:09:15:20 +0800] "GET /xingrg/check_reg.html?_=1622855718186 HTTP/1.1" 200 22
116.230.117.165 - - [05/Jun/2021:09:15:21 +0800] "POST /xingrg/kc/buy/cgsh_list_operate.html HTTP/1.1" 200 5522
114.86.187.76 - - [05/Jun/2021:09:15:22 +0800] "GET /xingrg/kc/base/wldb_order_operate.html?command=get_materiel&rest_code=00148&base_code=0010001&code=00101008598 HTTP/1.1" 200 436
61.165.42.208 - - [05/Jun/2021:09:15:29 +0800] "GET /xingrg/kc/buy/cgsh_order_operate.html?command=get_materiel&rest_code=00105&code=00101007061&supplier_code=00100002&order_time=2021-06-05 HTTP/1.1" 200 409
116.224.253.72 - - [05/Jun/2021:09:15:34 +0800] "GET /xingrg/all/function/internal_message.html?_=1622855737030&CODE_STATE=getMsg HTTP/1.1" 200 27
114.86.187.76 - - [05/Jun/2021:09:15:36 +0800] "GET /xingrg/kc/base/wldb_order_operate.html?command=get_materiel&rest_code=00148&base_code=0010001&code=00101019416 HTTP/1.1" 200 463
222.69.131.252 - - [05/Jun/2021:09:15:37 +0800] "GET /xingrg/all/function/internal_message.html?_=1622855740032&CODE_STATE=getMsg HTTP/1.1" 200 27
116.230.110.80 - - [05/Jun/2021:09:15:37 +0800] "GET /xingrg/all/function/internal_message.html?_=1622855733454&CODE_STATE=getMsg HTTP/1.1" 200 27
222.69.131.252 - - [05/Jun/2021:09:15:37 +0800] "GET /xingrg/check_reg.html?_=1622855740595 HTTP/1.1" 200 22
116.230.117.165 - - [05/Jun/2021:09:15:40 +0800] "GET /xingrg/check_reg.html?_=1622855742025 HTTP/1.1" 200 22
114.86.187.76 - - [05/Jun/2021:09:15:42 +0800] "POST /xingrg/kc/base/wldb_order_operate.html HTTP/1.1" 200 37
114.86.187.76 - - [05/Jun/2021:09:15:42 +0800] "POST /xingrg/kc/base/wldb_order_operate.html HTTP/1.1" 200 3636
120.253.135.82 - - [05/Jun/2021:09:15:42 +0800] "GET /xingrg/all/function/internal_message.html?_=1622855529320&CODE_STATE=getMsg HTTP/1.1" 200 27
114.86.187.76 - - [05/Jun/2021:09:15:43 +0800] "GET /xingrg/kc/base/wldb_order_info.html?code=422021060500499 HTTP/1.1" 200 30245
114.86.187.76 - - [05/Jun/2021:09:15:43 +0800] "GET /xingrg/javascript/easyui/themes/default/validatebox.css HTTP/1.1" 404 1104
114.86.187.76 - - [05/Jun/2021:09:15:43 +0800] "POST /xingrg/kc/base/wldb_order_operate.html HTTP/1.1" 200 3636
114.86.187.76 - - [05/Jun/2021:09:15:45 +0800] "GET /xingrg/kc/base/wldb_order_add.html HTTP/1.1" 200 30230
114.86.187.76 - - [05/Jun/2021:09:15:45 +0800] "POST /xingrg/kc/base/wldb_order_operate.html HTTP/1.1" 200 6806
114.86.187.76 - - [05/Jun/2021:09:15:45 +0800] "GET /xingrg/javascript/easyui/themes/default/validatebox.css HTTP/1.1" 404 1104
114.86.187.76 - - [05/Jun/2021:09:15:50 +0800] "GET /xingrg/all/function/internal_message.html?_=1622855764779&CODE_STATE=getMsg HTTP/1.1" 200 27
61.165.42.208 - - [05/Jun/2021:09:15:51 +0800] "GET /xingrg/check_reg.html?_=1622855755788 HTTP/1.1" 200 22
222.70.177.128 - - [05/Jun/2021:09:15:53 +0800] "GET /xingrg/all/function/internal_message.html?_=1622855754731&CODE_STATE=getMsg HTTP/1.1" 200 27
114.86.187.76 - - [05/Jun/2021:09:15:56 +0800] "GET /xingrg/kc/base/wldb_order_operate.html?command=get_materiel&rest_code=00148&base_code=0010001&code=00101029015 HTTP/1.1" 200 475
61.165.42.208 - - [05/Jun/2021:09:15:56 +0800] "GET /xingrg/all/function/internal_message.html?_=1622855760848&CODE_STATE=getMsg HTTP/1.1" 200 27
180.169.147.146 - - [05/Jun/2021:09:15:57 +0800] "GET /xingrg/all/function/internal_message.html?_=1622855761106&CODE_STATE=getMsg HTTP/1.1" 200 27
116.230.117.165 - - [05/Jun/2021:09:15:58 +0800] "GET /xingrg/all/function/internal_message.html?_=1622855759449&CODE_STATE=getMsg HTTP/1.1" 200 27
114.86.187.76 - - [05/Jun/2021:09:16:01 +0800] "GET /xingrg/kc/base/wldb_order_operate.html?command=get_materiel&rest_code=00148&base_code=0010001&code=00101019362 HTTP/1.1" 200 457
180.169.147.146 - - [05/Jun/2021:09:16:01 +0800] "GET /xingrg/all/function/internal_message.html?_=1622855759429&CODE_STATE=getMsg HTTP/1.1" 200 27
116.224.253.72 - - [05/Jun/2021:09:16:02 +0800] "GET /xingrg/all/function/internal_message.html?_=1622855768083&CODE_STATE=getMsg HTTP/1.1" 200 27
61.165.42.208 - - [05/Jun/2021:09:16:03 +0800] "GET /xingrg/kc/buy/cgsh_order_operate.html?command=get_materiel&rest_code=00105&code=00101007032&supplier_code=00100002&order_time=2021-06-05 HTTP/1.1" 200 413
114.86.187.76 - - [05/Jun/2021:09:16:06 +0800] "POST /xingrg/kc/base/wldb_order_operate.html HTTP/1.1" 200 37
114.86.187.76 - - [05/Jun/2021:09:16:06 +0800] "POST /xingrg/kc/base/wldb_order_operate.html HTTP/1.1" 200 2721
114.86.187.76 - - [05/Jun/2021:09:16:13 +0800] "GET /xingrg/kc/base/wldb_order_info.html?code=422021060500500 HTTP/1.1" 200 30244
114.86.187.76 - - [05/Jun/2021:09:16:13 +0800] "GET /xingrg/javascript/easyui/themes/default/validatebox.css HTTP/1.1" 404 1104
114.86.187.76 - - [05/Jun/2021:09:16:14 +0800] "POST /xingrg/kc/base/wldb_order_operate.html HTTP/1.1" 200 2721
114.86.187.76 - - [05/Jun/2021:09:16:16 +0800] "GET /xingrg/kc/base/wldb_order_add.html HTTP/1.1" 200 30230
114.86.187.76 - - [05/Jun/2021:09:16:16 +0800] "POST /xingrg/kc/base/wldb_order_operate.html HTTP/1.1" 200 6806
114.86.187.76 - - [05/Jun/2021:09:16:16 +0800] "GET /xingrg/javascript/easyui/themes/default/validatebox.css HTTP/1.1" 404 1104
61.165.42.208 - - [05/Jun/2021:09:16:16 +0800] "GET /xingrg/kc/buy/cgsh_order_operate.html?command=get_materiel&rest_code=00105&code=00101007081&supplier_code=00100002&order_time=2021-06-05 HTTP/1.1" 200 415
114.86.187.76 - - [05/Jun/2021:09:16:30 +0800] "GET /xingrg/kc/base/wldb_order_operate.html?command=get_materiel&rest_code=00148&base_code=0010001&code=00101013205 HTTP/1.1" 200 442
120.253.135.82 - - [05/Jun/2021:09:16:30 +0800] "GET /xingrg/check_reg.html?_=1622855577134 HTTP/1.1" 200 22
116.224.253.72 - - [05/Jun/2021:09:16:34 +0800] "GET /xingrg/all/function/internal_message.html?_=1622855797018&CODE_STATE=getMsg HTTP/1.1" 200 27
222.69.131.252 - - [05/Jun/2021:09:16:37 +0800] "GET /xingrg/all/function/internal_message.html?_=1622855800021&CODE_STATE=getMsg HTTP/1.1" 200 27
116.230.110.80 - - [05/Jun/2021:09:16:37 +0800] "GET /xingrg/all/function/internal_message.html?_=1622855793438&CODE_STATE=getMsg HTTP/1.1" 200 27
114.86.187.76 - - [05/Jun/2021:09:16:40 +0800] "GET /xingrg/kc/base/wldb_order_operate.html?command=get_materiel&rest_code=00148&base_code=0010001&code=00101016006 HTTP/1.1" 200 461
120.253.135.82 - - [05/Jun/2021:09:16:42 +0800] "GET /xingrg/all/function/internal_message.html?_=1622855589334&CODE_STATE=getMsg HTTP/1.1" 200 27
61.165.42.208 - - [05/Jun/2021:09:16:47 +0800] "POST /xingrg/kc/buy/cgsh_order_operate.html HTTP/1.1" 200 37
114.86.187.76 - - [05/Jun/2021:09:16:48 +0800] "GET /xingrg/kc/base/wldb_order_operate.html?command=get_materiel&rest_code=00148&base_code=0010001&code=00101020144 HTTP/1.1" 200 447
61.165.42.208 - - [05/Jun/2021:09:16:48 +0800] "POST /xingrg/kc/buy/cgsh_order_operate.html HTTP/1.1" 200 4429
61.165.42.208 - - [05/Jun/2021:09:16:49 +0800] "GET /xingrg/kc/print/load_data.html?order_code=212021060501926&kc_code=cgsh&condition= HTTP/1.1" 200 1419
114.86.187.76 - - [05/Jun/2021:09:16:50 +0800] "GET /xingrg/all/function/internal_message.html?_=1622855824807&CODE_STATE=getMsg HTTP/1.1" 200 27
222.70.177.128 - - [05/Jun/2021:09:16:53 +0800] "GET /xingrg/all/function/internal_message.html?_=1622855814704&CODE_STATE=getMsg HTTP/1.1" 200 27
222.70.177.128 - - [05/Jun/2021:09:16:53 +0800] "GET /xingrg/check_reg.html?_=1622855814701 HTTP/1.1" 200 22
114.86.187.76 - - [05/Jun/2021:09:16:54 +0800] "POST /xingrg/kc/base/wldb_order_operate.html HTTP/1.1" 200 37
114.86.187.76 - - [05/Jun/2021:09:16:55 +0800] "POST /xingrg/kc/base/wldb_order_operate.html HTTP/1.1" 200 3159
114.86.187.76 - - [05/Jun/2021:09:16:55 +0800] "GET /xingrg/kc/base/wldb_order_info.html?code=422021060500501 HTTP/1.1" 200 30244
114.86.187.76 - - [05/Jun/2021:09:16:55 +0800] "GET /xingrg/javascript/easyui/themes/default/validatebox.css HTTP/1.1" 404 1104
114.86.187.76 - - [05/Jun/2021:09:16:56 +0800] "POST /xingrg/kc/base/wldb_order_operate.html HTTP/1.1" 200 3159
61.165.42.208 - - [05/Jun/2021:09:16:56 +0800] "GET /xingrg/all/function/internal_message.html?_=1622855820827&CODE_STATE=getMsg HTTP/1.1" 200 27
180.169.147.146 - - [05/Jun/2021:09:16:57 +0800] "GET /xingrg/check_reg.html?_=1622855821099 HTTP/1.1" 200 22
180.169.147.146 - - [05/Jun/2021:09:16:57 +0800] "GET /xingrg/all/function/internal_message.html?_=1622855821101&CODE_STATE=getMsg HTTP/1.1" 200 27
61.165.42.208 - - [05/Jun/2021:09:16:57 +0800] "GET /xingrg/kc/buy/cgsh_order_add.html HTTP/1.1" 200 62409
61.165.42.208 - - [05/Jun/2021:09:16:57 +0800] "POST /xingrg/kc/buy/cgsh_order_operate.html HTTP/1.1" 200 8245
61.165.42.208 - - [05/Jun/2021:09:16:57 +0800] "GET /xingrg/javascript/easyui/themes/default/validatebox.css HTTP/1.1" 404 1104
116.230.117.165 - - [05/Jun/2021:09:16:58 +0800] "GET /xingrg/all/function/internal_message.html?_=1622855819463&CODE_STATE=getMsg HTTP/1.1" 200 27
114.86.187.76 - - [05/Jun/2021:09:16:58 +0800] "GET /xingrg/kc/base/wldb_order_add.html HTTP/1.1" 200 30230
114.86.187.76 - - [05/Jun/2021:09:16:59 +0800] "POST /xingrg/kc/base/wldb_order_operate.html HTTP/1.1" 200 6806
114.86.187.76 - - [05/Jun/2021:09:16:59 +0800] "GET /xingrg/javascript/easyui/themes/default/validatebox.css HTTP/1.1" 404 1104
180.169.147.146 - - [05/Jun/2021:09:17:01 +0800] "GET /xingrg/all/function/internal_message.html?_=1622855819400&CODE_STATE=getMsg HTTP/1.1" 200 27
116.224.253.72 - - [05/Jun/2021:09:17:02 +0800] "GET /xingrg/all/function/internal_message.html?_=1622855828093&CODE_STATE=getMsg HTTP/1.1" 200 27
114.86.187.76 - - [05/Jun/2021:09:17:17 +0800] "GET /xingrg/kc/base/wldb_order_operate.html?command=get_materiel&rest_code=00148&base_code=0010005&code=00101026179 HTTP/1.1" 200 450
114.86.187.76 - - [05/Jun/2021:09:17:23 +0800] "POST /xingrg/kc/base/wldb_order_operate.html HTTP/1.1" 200 37
114.86.187.76 - - [05/Jun/2021:09:17:23 +0800] "POST /xingrg/kc/base/wldb_order_operate.html HTTP/1.1" 200 2209
180.169.147.146 - - [05/Jun/2021:09:17:25 +0800] "GET /xingrg/check_reg.html?_=1622855850427 HTTP/1.1" 302 -
114.86.187.76 - - [05/Jun/2021:09:17:26 +0800] "GET /xingrg/kc/base/wldb_order_info.html?code=422021060500502 HTTP/1.1" 200 30240
114.86.187.76 - - [05/Jun/2021:09:17:26 +0800] "GET /xingrg/javascript/easyui/themes/default/validatebox.css HTTP/1.1" 404 1104
114.86.187.76 - - [05/Jun/2021:09:17:27 +0800] "POST /xingrg/kc/base/wldb_order_operate.html HTTP/1.1" 200 2209
116.224.253.72 - - [05/Jun/2021:09:17:34 +0800] "GET /xingrg/all/function/internal_message.html?_=1622855857016&CODE_STATE=getMsg HTTP/1.1" 200 27
116.230.110.80 - - [05/Jun/2021:09:17:36 +0800] "GET /xingrg/check_reg.html?_=1622855852306 HTTP/1.1" 200 22
222.69.131.252 - - [05/Jun/2021:09:17:37 +0800] "GET /xingrg/all/function/internal_message.html?_=1622855859999&CODE_STATE=getMsg HTTP/1.1" 200 27
116.230.110.80 - - [05/Jun/2021:09:17:37 +0800] "GET /xingrg/all/function/internal_message.html?_=1622855853419&CODE_STATE=getMsg HTTP/1.1" 200 27
114.86.187.76 - - [05/Jun/2021:09:17:39 +0800] "POST /xingrg/kc/base/wldb_list_operate.html HTTP/1.1" 200 5525
120.253.135.82 - - [05/Jun/2021:09:17:42 +0800] "GET /xingrg/all/function/internal_message.html?_=1622855649348&CODE_STATE=getMsg HTTP/1.1" 200 27
114.86.187.76 - - [05/Jun/2021:09:17:43 +0800] "POST /xingrg/kc/base/wldb_list_operate.html HTTP/1.1" 200 2757
116.230.114.112 - - [05/Jun/2021:09:17:44 +0800] "GET /xingrg/check_reg.html?_=1622855885847 HTTP/1.1" 302 -
114.86.187.76 - - [05/Jun/2021:09:17:50 +0800] "GET /xingrg/all/function/internal_message.html?_=1622855884733&CODE_STATE=getMsg HTTP/1.1" 200 27
222.70.177.128 - - [05/Jun/2021:09:17:53 +0800] "GET /xingrg/all/function/internal_message.html?_=1622855874704&CODE_STATE=getMsg HTTP/1.1" 200 27
61.165.42.208 - - [05/Jun/2021:09:17:56 +0800] "GET /xingrg/all/function/internal_message.html?_=1622855880829&CODE_STATE=getMsg HTTP/1.1" 200 27
180.169.147.146 - - [05/Jun/2021:09:17:57 +0800] "GET /xingrg/all/function/internal_message.html?_=1622855881114&CODE_STATE=getMsg HTTP/1.1" 200 27
116.230.117.165 - - [05/Jun/2021:09:17:58 +0800] "GET /xingrg/all/function/internal_message.html?_=1622855879572&CODE_STATE=getMsg HTTP/1.1" 200 27
222.69.131.252 - - [05/Jun/2021:09:17:58 +0800] "POST /xingrg/services/DataTransmitService HTTP/1.1" 200 524
222.69.131.252 - - [05/Jun/2021:09:17:59 +0800] "POST /xingrg/services/DataTransmitService HTTP/1.1" 200 1979
61.165.42.208 - - [05/Jun/2021:09:18:00 +0800] "GET /xingrg/kc/buy/cgsh_order_operate.html?command=get_materiel&rest_code=00105&code=00101006056&supplier_code=00100012&order_time=2021-06-05 HTTP/1.1" 200 413
180.169.147.146 - - [05/Jun/2021:09:18:01 +0800] "GET /xingrg/all/function/internal_message.html?_=1622855879399&CODE_STATE=getMsg HTTP/1.1" 200 27
116.224.253.72 - - [05/Jun/2021:09:18:02 +0800] "GET /xingrg/check_reg.html?_=1622855887927 HTTP/1.1" 200 22
116.224.253.72 - - [05/Jun/2021:09:18:02 +0800] "GET /xingrg/all/function/internal_message.html?_=1622855888107&CODE_STATE=getMsg HTTP/1.1" 200 27
180.169.147.146 - - [05/Jun/2021:09:18:03 +0800] "GET /xingrg/check_reg.html?_=1622855887908 HTTP/1.1" 302 -
222.69.131.252 - - [05/Jun/2021:09:18:06 +0800] "POST /xingrg/services/DataTransmitService HTTP/1.1" 200 524
222.69.131.252 - - [05/Jun/2021:09:18:07 +0800] "POST /xingrg/services/DataTransmitService HTTP/1.1" 200 1979
222.69.131.252 - - [05/Jun/2021:09:18:14 +0800] "POST /xingrg/services/DataTransmitService HTTP/1.1" 200 524
61.165.42.208 - - [05/Jun/2021:09:18:22 +0800] "GET /xingrg/kc/buy/cgsh_order_operate.html?command=get_materiel&rest_code=00105&code=00101006109&supplier_code=00100012&order_time=2021-06-05 HTTP/1.1" 200 409
116.224.253.72 - - [05/Jun/2021:09:18:34 +0800] "GET /xingrg/all/function/internal_message.html?_=1622855917027&CODE_STATE=getMsg HTTP/1.1" 200 27
116.224.253.72 - - [05/Jun/2021:09:18:34 +0800] "GET /xingrg/check_reg.html?_=1622855917028 HTTP/1.1" 200 22
222.69.131.252 - - [05/Jun/2021:09:18:37 +0800] "GET /xingrg/all/function/internal_message.html?_=1622855919986&CODE_STATE=getMsg HTTP/1.1" 200 27
116.230.110.80 - - [05/Jun/2021:09:18:37 +0800] "GET /xingrg/all/function/internal_message.html?_=1622855913397&CODE_STATE=getMsg HTTP/1.1" 200 27
61.165.42.208 - - [05/Jun/2021:09:18:38 +0800] "GET /xingrg/kc/buy/cgsh_order_operate.html?command=get_materiel&rest_code=00105&code=00101006087&supplier_code=00100012&order_time=2021-06-05 HTTP/1.1" 200 409
120.253.135.82 - - [05/Jun/2021:09:18:43 +0800] "GET /xingrg/all/function/internal_message.html?_=1622855709602&CODE_STATE=getMsg HTTP/1.1" 200 27
114.86.187.76 - - [05/Jun/2021:09:18:50 +0800] "GET /xingrg/all/function/internal_message.html?_=1622855944717&CODE_STATE=getMsg HTTP/1.1" 200 27
61.165.42.208 - - [05/Jun/2021:09:18:53 +0800] "GET /xingrg/kc/buy/cgsh_order_operate.html?command=get_materiel&rest_code=00105&code=00101006038&supplier_code=00100012&order_time=2021-06-05 HTTP/1.1" 200 421
222.70.177.128 - - [05/Jun/2021:09:18:53 +0800] "GET /xingrg/all/function/internal_message.html?_=1622855934705&CODE_STATE=getMsg HTTP/1.1" 200 27
61.165.42.208 - - [05/Jun/2021:09:18:56 +0800] "GET /xingrg/all/function/internal_message.html?_=1622855940776&CODE_STATE=getMsg HTTP/1.1" 200 27
180.169.147.146 - - [05/Jun/2021:09:18:57 +0800] "GET /xingrg/all/function/internal_message.html?_=1622855941108&CODE_STATE=getMsg HTTP/1.1" 200 27
116.230.117.165 - - [05/Jun/2021:09:18:58 +0800] "GET /xingrg/all/function/internal_message.html?_=1622855939582&CODE_STATE=getMsg HTTP/1.1" 200 27
