116.224.253.72 - - [05/Jun/2021:08:03:33 +0800] "GET /xingrg/check_reg.html?_=1622851416661 HTTP/1.1" 200 22
120.253.135.82 - - [05/Jun/2021:08:03:36 +0800] "GET /xingrg/all/function/internal_message.html?_=1622851203380&CODE_STATE=getMsg HTTP/1.1" 200 27
116.224.253.72 - - [05/Jun/2021:08:03:37 +0800] "GET /xingrg/kc/buy/cgsh_order_operate.html?command=get_materiel&rest_code=00151&code=00101008234&supplier_code=00100007&order_time=2021-06-05 HTTP/1.1" 200 408
116.224.253.72 - - [05/Jun/2021:08:03:44 +0800] "GET /xingrg/kc/buy/cgsh_order_operate.html?command=get_materiel&rest_code=00151&code=00101008318&supplier_code=00100007&order_time=2021-06-05 HTTP/1.1" 200 408
116.224.253.72 - - [05/Jun/2021:08:03:52 +0800] "GET /xingrg/kc/buy/cgsh_order_operate.html?command=get_materiel&rest_code=00151&code=00101008095&supplier_code=00100007&order_time=2021-06-05 HTTP/1.1" 200 412
116.230.117.165 - - [05/Jun/2021:08:03:56 +0800] "GET /xingrg/all/function/internal_message.html?_=1622851437378&CODE_STATE=getMsg HTTP/1.1" 200 27
116.224.253.72 - - [05/Jun/2021:08:03:58 +0800] "GET /xingrg/kc/buy/cgsh_order_operate.html?command=get_materiel&rest_code=00151&code=00101008221&supplier_code=00100007&order_time=2021-06-05 HTTP/1.1" 200 412
180.169.147.146 - - [05/Jun/2021:08:04:03 +0800] "GET /xingrg/all/function/internal_message.html?_=1622851440890&CODE_STATE=getMsg HTTP/1.1" 200 27
116.224.253.72 - - [05/Jun/2021:08:04:10 +0800] "GET /xingrg/kc/buy/cgsh_order_operate.html?command=get_materiel&rest_code=00151&code=00101008351&supplier_code=00100007&order_time=2021-06-05 HTTP/1.1" 200 408
116.224.253.72 - - [05/Jun/2021:08:04:16 +0800] "GET /xingrg/all/function/internal_message.html?_=1622851462421&CODE_STATE=getMsg HTTP/1.1" 200 27
116.224.253.72 - - [05/Jun/2021:08:04:17 +0800] "GET /xingrg/kc/buy/cgsh_order_operate.html?command=get_materiel&rest_code=00151&code=00101008264&supplier_code=00100007&order_time=2021-06-05 HTTP/1.1" 200 412
116.224.253.72 - - [05/Jun/2021:08:04:24 +0800] "GET /xingrg/kc/buy/cgsh_order_operate.html?command=get_materiel&rest_code=00151&code=00101008579&supplier_code=00100007&order_time=2021-06-05 HTTP/1.1" 200 394
116.224.253.72 - - [05/Jun/2021:08:04:33 +0800] "GET /xingrg/kc/buy/cgsh_order_operate.html?command=get_materiel&rest_code=00151&code=00101008271&supplier_code=00100007&order_time=2021-06-05 HTTP/1.1" 200 408
116.224.253.72 - - [05/Jun/2021:08:04:33 +0800] "GET /xingrg/all/function/internal_message.html?_=1622851476673&CODE_STATE=getMsg HTTP/1.1" 200 27
120.253.135.82 - - [05/Jun/2021:08:04:36 +0800] "GET /xingrg/all/function/internal_message.html?_=1622851263396&CODE_STATE=getMsg HTTP/1.1" 200 27
222.69.131.252 - - [05/Jun/2021:08:04:37 +0800] "GET /favicon.ico HTTP/1.1" 404 -
116.224.253.72 - - [05/Jun/2021:08:04:44 +0800] "GET /xingrg/kc/buy/cgsh_order_operate.html?command=get_materiel&rest_code=00151&code=00101008133&supplier_code=00100007&order_time=2021-06-05 HTTP/1.1" 200 408
116.224.253.72 - - [05/Jun/2021:08:04:52 +0800] "GET /xingrg/kc/buy/cgsh_order_operate.html?command=get_materiel&rest_code=00151&code=00101008357&supplier_code=00100007&order_time=2021-06-05 HTTP/1.1" 200 408
116.230.117.165 - - [05/Jun/2021:08:04:56 +0800] "GET /xingrg/all/function/internal_message.html?_=1622851497452&CODE_STATE=getMsg HTTP/1.1" 200 27
116.224.253.72 - - [05/Jun/2021:08:04:58 +0800] "GET /xingrg/kc/buy/cgsh_order_operate.html?command=get_materiel&rest_code=00151&code=00101008270&supplier_code=00100007&order_time=2021-06-05 HTTP/1.1" 200 412
180.169.147.146 - - [05/Jun/2021:08:05:03 +0800] "GET /xingrg/all/function/internal_message.html?_=1622851500865&CODE_STATE=getMsg HTTP/1.1" 200 27
116.224.253.72 - - [05/Jun/2021:08:05:06 +0800] "GET /xingrg/kc/buy/cgsh_order_operate.html?command=get_materiel&rest_code=00151&code=00101008300&supplier_code=00100007&order_time=2021-06-05 HTTP/1.1" 200 412
116.224.253.72 - - [05/Jun/2021:08:05:13 +0800] "GET /xingrg/kc/buy/cgsh_order_operate.html?command=get_materiel&rest_code=00151&code=00101008286&supplier_code=00100007&order_time=2021-06-05 HTTP/1.1" 200 408
116.224.253.72 - - [05/Jun/2021:08:05:16 +0800] "GET /xingrg/all/function/internal_message.html?_=1622851522435&CODE_STATE=getMsg HTTP/1.1" 200 27
180.169.147.146 - - [05/Jun/2021:08:05:20 +0800] "GET /xingrg/check_reg.html?_=1622851518213 HTTP/1.1" 200 22
116.224.253.72 - - [05/Jun/2021:08:05:27 +0800] "GET /xingrg/kc/buy/cgsh_order_operate.html?command=get_materiel&rest_code=00151&code=00101008049&supplier_code=00100007&order_time=2021-06-05 HTTP/1.1" 200 408
116.224.253.72 - - [05/Jun/2021:08:05:33 +0800] "GET /xingrg/kc/buy/cgsh_order_operate.html?command=get_materiel&rest_code=00151&code=00101008219&supplier_code=00100007&order_time=2021-06-05 HTTP/1.1" 200 412
116.224.253.72 - - [05/Jun/2021:08:05:33 +0800] "GET /xingrg/all/function/internal_message.html?_=1622851536677&CODE_STATE=getMsg HTTP/1.1" 200 27
222.69.131.252 - - [05/Jun/2021:08:05:33 +0800] "GET /xingrg/login.html?sysBaseUrl=http%3A%2F%2F180.169.147.146%3A18081%2Fxingrg%2F&costTime=31×tamp=1615347190560 HTTP/1.1" 200 7641
222.69.131.252 - - [05/Jun/2021:08:05:33 +0800] "GET /favicon.ico HTTP/1.1" 404 -
120.253.135.82 - - [05/Jun/2021:08:05:37 +0800] "GET /xingrg/all/function/internal_message.html?_=1622851323613&CODE_STATE=getMsg HTTP/1.1" 200 27
222.69.131.252 - - [05/Jun/2021:08:05:37 +0800] "POST /xingrg/login.do HTTP/1.1" 302 -
222.69.131.252 - - [05/Jun/2021:08:05:37 +0800] "GET /xingrg/index.html?sysBaseUrl=http%3A%2F%2F180.169.147.146%3A18081%2Fxingrg%2F&costTime=1111×tamp=1622851537298 HTTP/1.1" 200 17179
222.69.131.252 - - [05/Jun/2021:08:05:37 +0800] "GET /xingrg/javascript/jquery_easy_ui/easyui-lang-zh_CN.js HTTP/1.1" 200 1900
222.69.131.252 - - [05/Jun/2021:08:05:37 +0800] "GET /xingrg/javascript/jquery_easy_ui/themes/icon.css HTTP/1.1" 200 3949
222.69.131.252 - - [05/Jun/2021:08:05:37 +0800] "GET /xingrg/javascript/jquery-1.4.2.min.js HTTP/1.1" 200 72205
222.69.131.252 - - [05/Jun/2021:08:05:37 +0800] "GET /xingrg/css/form.css HTTP/1.1" 200 893
222.69.131.252 - - [05/Jun/2021:08:05:37 +0800] "GET /xingrg/javascript/jquery_easy_ui/jquery.easyui.min.js HTTP/1.1" 200 213662
222.69.131.252 - - [05/Jun/2021:08:05:37 +0800] "GET /xingrg/javascript/jquery.timers.js HTTP/1.1" 200 3532
222.69.131.252 - - [05/Jun/2021:08:05:37 +0800] "GET /xingrg/javascript/jquery_easy_ui/themes/default/easyui.css HTTP/1.1" 200 26500
222.69.131.252 - - [05/Jun/2021:08:05:37 +0800] "GET /xingrg/javascript/jquery.utils.js HTTP/1.1" 200 11805
222.69.131.252 - - [05/Jun/2021:08:05:37 +0800] "GET /xingrg/javascript/jquery.form.js HTTP/1.1" 200 23110
222.69.131.252 - - [05/Jun/2021:08:05:37 +0800] "GET /favicon.ico HTTP/1.1" 404 -
222.69.131.252 - - [05/Jun/2021:08:05:37 +0800] "GET /xingrg/javascript/jquery_easy_ui/themes/icons/settle_new.png HTTP/1.1" 200 826
222.69.131.252 - - [05/Jun/2021:08:05:37 +0800] "GET /xingrg/images/blue/navBackgound.jpg HTTP/1.1" 200 12378
222.69.131.252 - - [05/Jun/2021:08:05:37 +0800] "GET /xingrg/all/function/internal_message.html?_=1622851540467&CODE_STATE=count HTTP/1.1" 200 11
222.69.131.252 - - [05/Jun/2021:08:05:37 +0800] "GET /xingrg/check_reg.html?_=1622851540467 HTTP/1.1" 200 22
222.69.131.252 - - [05/Jun/2021:08:05:37 +0800] "GET /xingrg/images/blue/pingpu.png HTTP/1.1" 200 231
222.69.131.252 - - [05/Jun/2021:08:05:37 +0800] "GET /xingrg/javascript/jquery_easy_ui/themes/default/images/tabs_rightarrow.png HTTP/1.1" 200 395
222.69.131.252 - - [05/Jun/2021:08:05:37 +0800] "GET /xingrg/javascript/jquery_easy_ui/themes/default/images/panel_tool_collapse.gif HTTP/1.1" 200 246
222.69.131.252 - - [05/Jun/2021:08:05:37 +0800] "GET /xingrg/javascript/jquery_easy_ui/themes/default/images/tabs_leftarrow.png HTTP/1.1" 200 389
222.69.131.252 - - [05/Jun/2021:08:05:37 +0800] "POST /xingrg/all/common/load_tree.html?tree=area_rest_tree_json&manage=1 HTTP/1.1" 200 351
222.69.131.252 - - [05/Jun/2021:08:05:37 +0800] "POST /xingrg/load_menu.html HTTP/1.1" 200 5138
222.69.131.252 - - [05/Jun/2021:08:05:38 +0800] "GET /xingrg/javascript/jquery_easy_ui/themes/default/images/tree_arrows.gif HTTP/1.1" 200 1043
222.69.131.252 - - [05/Jun/2021:08:05:38 +0800] "GET /xingrg/javascript/jquery_easy_ui/themes/default/images/tree_folder_open.gif HTTP/1.1" 200 956
222.69.131.252 - - [05/Jun/2021:08:05:38 +0800] "GET /xingrg/javascript/jquery_easy_ui/themes/default/images/tree_folder.gif HTTP/1.1" 200 952
222.69.131.252 - - [05/Jun/2021:08:05:38 +0800] "GET /xingrg/javascript/jquery_easy_ui/themes/icons/search_new.png HTTP/1.1" 200 586
222.69.131.252 - - [05/Jun/2021:08:05:38 +0800] "GET /xingrg/javascript/jquery_easy_ui/themes/icons/storage_new.png HTTP/1.1" 200 853
222.69.131.252 - - [05/Jun/2021:08:05:38 +0800] "GET /xingrg/javascript/jquery_easy_ui/themes/icons/forms_new.png HTTP/1.1" 200 350
222.69.131.252 - - [05/Jun/2021:08:05:38 +0800] "GET /xingrg/javascript/jquery_easy_ui/themes/default/images/tree_file.gif HTTP/1.1" 200 118
116.230.117.165 - - [05/Jun/2021:08:05:40 +0800] "GET /xingrg/check_reg.html?_=1622851541948 HTTP/1.1" 200 22
116.224.253.72 - - [05/Jun/2021:08:05:41 +0800] "GET /xingrg/kc/buy/cgsh_order_operate.html?command=get_materiel&rest_code=00151&code=00101008361&supplier_code=00100007&order_time=2021-06-05 HTTP/1.1" 200 408
222.69.131.252 - - [05/Jun/2021:08:05:49 +0800] "GET /xingrg/javascript/jquery_easy_ui/themes/default/images/tabs_close.gif HTTP/1.1" 200 829
222.69.131.252 - - [05/Jun/2021:08:05:50 +0800] "GET /xingrg/css/base.css HTTP/1.1" 200 2811
222.69.131.252 - - [05/Jun/2021:08:05:50 +0800] "GET /xingrg/css/site.css HTTP/1.1" 200 7541
222.69.131.252 - - [05/Jun/2021:08:05:50 +0800] "GET /xingrg/kc/buy/cgsh_order_list.html HTTP/1.1" 200 46630
222.69.131.252 - - [05/Jun/2021:08:05:50 +0800] "GET /xingrg/javascript/jquery_tools/datebox.css HTTP/1.1" 200 2597
222.69.131.252 - - [05/Jun/2021:08:05:50 +0800] "GET /xingrg/javascript/easyui/themes/icon.css HTTP/1.1" 200 4483
222.69.131.252 - - [05/Jun/2021:08:05:50 +0800] "GET /xingrg/javascript/auto/jquery.autocomplete.css HTTP/1.1" 200 587
222.69.131.252 - - [05/Jun/2021:08:05:50 +0800] "GET /xingrg/javascript/jquery_tools/fix.css HTTP/1.1" 200 1702
222.69.131.252 - - [05/Jun/2021:08:05:50 +0800] "GET /xingrg/javascript/easyui/themes/default/easyui.css HTTP/1.1" 200 30432
222.69.131.252 - - [05/Jun/2021:08:05:50 +0800] "GET /xingrg/javascript/jquery_tools/table.css HTTP/1.1" 200 1032
222.69.131.252 - - [05/Jun/2021:08:05:50 +0800] "GET /xingrg/javascript/jquery_tools/jquery.tools.min.js HTTP/1.1" 200 138801
222.69.131.252 - - [05/Jun/2021:08:05:50 +0800] "GET /xingrg/javascript/jquery_tools/jquery.tools.hotkey.js HTTP/1.1" 200 3242
222.69.131.252 - - [05/Jun/2021:08:05:50 +0800] "GET /xingrg/javascript/jquery_tools/jquery.tools.table.js HTTP/1.1" 200 6994
222.69.131.252 - - [05/Jun/2021:08:05:50 +0800] "GET /xingrg/javascript/jquery_tools/list_manager.js HTTP/1.1" 200 3652
222.69.131.252 - - [05/Jun/2021:08:05:50 +0800] "GET /xingrg/javascript/easyui/easyloader.js HTTP/1.1" 200 5975
222.69.131.252 - - [05/Jun/2021:08:05:50 +0800] "GET /xingrg/javascript/jquery.cookie.js HTTP/1.1" 200 5513
222.69.131.252 - - [05/Jun/2021:08:05:50 +0800] "GET /xingrg/javascript/jquery_tools/jquery.tools.extend.js HTTP/1.1" 200 15385
222.69.131.252 - - [05/Jun/2021:08:05:50 +0800] "GET /xingrg/javascript/print/LodopFuncs.js HTTP/1.1" 200 5121
222.69.131.252 - - [05/Jun/2021:08:05:50 +0800] "GET /xingrg/javascript/auto/jquery.autocomplete.js HTTP/1.1" 200 21624
222.69.131.252 - - [05/Jun/2021:08:05:50 +0800] "GET /xingrg/javascript/easyui/themes/icons/edit_add_new.png HTTP/1.1" 200 2997
222.69.131.252 - - [05/Jun/2021:08:05:50 +0800] "GET /xingrg/javascript/easyui/themes/icons/cance_new.png HTTP/1.1" 200 3986
222.69.131.252 - - [05/Jun/2021:08:05:50 +0800] "GET /xingrg/javascript/easyui/themes/icons/check_new.png HTTP/1.1" 200 3224
222.69.131.252 - - [05/Jun/2021:08:05:50 +0800] "GET /xingrg/javascript/easyui/themes/icons/field_new.png HTTP/1.1" 200 1097
222.69.131.252 - - [05/Jun/2021:08:05:50 +0800] "GET /xingrg/javascript/easyui/themes/icons/import_new.png HTTP/1.1" 200 1247
222.69.131.252 - - [05/Jun/2021:08:05:50 +0800] "GET /xingrg/javascript/easyui/plugins/jquery.parser.js HTTP/1.1" 200 1142
222.69.131.252 - - [05/Jun/2021:08:05:50 +0800] "GET /xingrg/images/control/ajaxLoader.gif HTTP/1.1" 200 4659
116.224.253.72 - - [05/Jun/2021:08:05:55 +0800] "POST /xingrg/kc/buy/cgsh_order_operate.html HTTP/1.1" 200 37
116.230.117.165 - - [05/Jun/2021:08:05:56 +0800] "GET /xingrg/all/function/internal_message.html?_=1622851557453&CODE_STATE=getMsg HTTP/1.1" 200 27
222.69.131.252 - - [05/Jun/2021:08:05:56 +0800] "POST /xingrg/kc/buy/cgsh_list_operate.html HTTP/1.1" 200 876
116.224.253.72 - - [05/Jun/2021:08:05:58 +0800] "POST /xingrg/kc/buy/cgsh_order_operate.html HTTP/1.1" 200 14025
180.169.147.146 - - [05/Jun/2021:08:06:03 +0800] "GET /xingrg/all/function/internal_message.html?_=1622851560844&CODE_STATE=getMsg HTTP/1.1" 200 27
116.224.253.72 - - [05/Jun/2021:08:06:10 +0800] "GET /xingrg/kc/buy/cgsh_order_operate.html?command=get_materiel&rest_code=00151&code=00101008415&supplier_code=00100007&order_time=2021-06-05 HTTP/1.1" 200 398
116.224.253.72 - - [05/Jun/2021:08:06:16 +0800] "GET /xingrg/all/function/internal_message.html?_=1622851582447&CODE_STATE=getMsg HTTP/1.1" 200 27
116.224.253.72 - - [05/Jun/2021:08:06:18 +0800] "GET /xingrg/kc/buy/cgsh_order_operate.html?command=get_materiel&rest_code=00151&code=00101008088&supplier_code=00100007&order_time=2021-06-05 HTTP/1.1" 200 408
116.224.253.72 - - [05/Jun/2021:08:06:23 +0800] "GET /xingrg/kc/buy/cgsh_order_operate.html?command=get_materiel&rest_code=00151&code=00101016025&supplier_code=00100007&order_time=2021-06-05 HTTP/1.1" 200 408
120.253.135.82 - - [05/Jun/2021:08:06:30 +0800] "GET /xingrg/check_reg.html?_=1622851377057 HTTP/1.1" 200 22
116.224.253.72 - - [05/Jun/2021:08:06:31 +0800] "GET /xingrg/kc/buy/cgsh_order_operate.html?command=get_materiel&rest_code=00151&code=00101008362&supplier_code=00100007&order_time=2021-06-05 HTTP/1.1" 200 408
116.224.253.72 - - [05/Jun/2021:08:06:33 +0800] "GET /xingrg/all/function/internal_message.html?_=1622851596677&CODE_STATE=getMsg HTTP/1.1" 200 27
120.253.135.82 - - [05/Jun/2021:08:06:37 +0800] "GET /xingrg/all/function/internal_message.html?_=1622851383625&CODE_STATE=getMsg HTTP/1.1" 200 27
222.69.131.252 - - [05/Jun/2021:08:06:37 +0800] "GET /xingrg/all/function/internal_message.html?_=1622851600476&CODE_STATE=getMsg HTTP/1.1" 200 27
116.224.253.72 - - [05/Jun/2021:08:06:38 +0800] "GET /xingrg/kc/buy/cgsh_order_operate.html?command=get_materiel&rest_code=00151&code=00101008017&supplier_code=00100007&order_time=2021-06-05 HTTP/1.1" 200 416
116.224.253.72 - - [05/Jun/2021:08:06:46 +0800] "POST /xingrg/kc/buy/cgsh_order_operate.html HTTP/1.1" 200 37
116.224.253.72 - - [05/Jun/2021:08:06:48 +0800] "POST /xingrg/kc/buy/cgsh_order_operate.html HTTP/1.1" 200 17025
116.230.117.165 - - [05/Jun/2021:08:06:56 +0800] "GET /xingrg/all/function/internal_message.html?_=1622851617466&CODE_STATE=getMsg HTTP/1.1" 200 27
180.169.147.146 - - [05/Jun/2021:08:07:03 +0800] "GET /xingrg/all/function/internal_message.html?_=1622851620853&CODE_STATE=getMsg HTTP/1.1" 200 27
116.224.253.72 - - [05/Jun/2021:08:07:04 +0800] "GET /xingrg/kc/buy/cgsh_order_operate.html?command=get_materiel&rest_code=00151&code=00101008137&supplier_code=00100007&order_time=2021-06-05 HTTP/1.1" 200 408
116.224.253.72 - - [05/Jun/2021:08:07:12 +0800] "GET /xingrg/kc/buy/cgsh_order_operate.html?command=get_materiel&rest_code=00151&code=00101008096&supplier_code=00100007&order_time=2021-06-05 HTTP/1.1" 200 412
222.69.131.252 - - [05/Jun/2021:08:07:15 +0800] "GET /xingrg/javascript/jquery_easy_ui/themes/default/images/tabs_active.png HTTP/1.1" 200 2894
116.224.253.72 - - [05/Jun/2021:08:07:16 +0800] "GET /xingrg/all/function/internal_message.html?_=1622851642462&CODE_STATE=getMsg HTTP/1.1" 200 27
222.69.131.252 - - [05/Jun/2021:08:07:16 +0800] "GET /xingrg/javascript/easyui/themes/default/images/button_plain_hover.png HTTP/1.1" 200 144
222.69.131.252 - - [05/Jun/2021:08:07:17 +0800] "GET /xingrg/kc/buy/cgsh_order_add.html HTTP/1.1" 200 62415
222.69.131.252 - - [05/Jun/2021:08:07:17 +0800] "GET /xingrg/javascript/pic_change.js HTTP/1.1" 200 4739
222.69.131.252 - - [05/Jun/2021:08:07:17 +0800] "GET /xingrg/javascript/convert.js HTTP/1.1" 200 1239
222.69.131.252 - - [05/Jun/2021:08:07:17 +0800] "GET /xingrg/javascript/json2.js HTTP/1.1" 200 11259
222.69.131.252 - - [05/Jun/2021:08:07:17 +0800] "GET /xingrg/javascript/print/kc_print.js HTTP/1.1" 200 11415
222.69.131.252 - - [05/Jun/2021:08:07:17 +0800] "GET /xingrg/javascript/jquery_tools/order_manager.js HTTP/1.1" 200 11183
222.69.131.252 - - [05/Jun/2021:08:07:18 +0800] "GET /xingrg/words/20210604173909_words.js HTTP/1.1" 200 819327
222.69.131.252 - - [05/Jun/2021:08:07:18 +0800] "GET /xingrg/javascript/easyui/themes/icons/copy_new.png HTTP/1.1" 200 815
222.69.131.252 - - [05/Jun/2021:08:07:18 +0800] "GET /xingrg/javascript/easyui/themes/icons/ok.png HTTP/1.1" 200 883
222.69.131.252 - - [05/Jun/2021:08:07:18 +0800] "GET /xingrg/javascript/easyui/themes/default/images/menu_downarrow.png HTTP/1.1" 200 173
222.69.131.252 - - [05/Jun/2021:08:07:18 +0800] "GET /xingrg/javascript/easyui/themes/icons/template_new.png HTTP/1.1" 200 3956
222.69.131.252 - - [05/Jun/2021:08:07:18 +0800] "GET /xingrg/javascript/easyui/themes/icons/print.png HTTP/1.1" 200 1057
222.69.131.252 - - [05/Jun/2021:08:07:18 +0800] "GET /xingrg/javascript/easyui/themes/icons/cancel.png HTTP/1.1" 200 1133
222.69.131.252 - - [05/Jun/2021:08:07:18 +0800] "POST /xingrg/kc/buy/cgsh_order_operate.html HTTP/1.1" 200 8245
222.69.131.252 - - [05/Jun/2021:08:07:18 +0800] "GET /xingrg/javascript/easyui/themes/default/validatebox.css HTTP/1.1" 404 1104
222.69.131.252 - - [05/Jun/2021:08:07:18 +0800] "GET /xingrg/javascript/easyui/plugins/jquery.validatebox.js HTTP/1.1" 200 6103
222.69.131.252 - - [05/Jun/2021:08:07:18 +0800] "GET /xingrg/all/common/auto_word.html?type=employee&rest_code=00149 HTTP/1.1" 200 197
222.69.131.252 - - [05/Jun/2021:08:07:18 +0800] "GET /xingrg/javascript/easyui/themes/icons/edit_remove.png HTTP/1.1" 200 625
222.69.131.252 - - [05/Jun/2021:08:07:18 +0800] "GET /xingrg/javascript/easyui/plugins/jquery.numberbox.js HTTP/1.1" 200 5213
222.69.131.252 - - [05/Jun/2021:08:07:18 +0800] "GET /xingrg/all/common/auto_word.html?type=employee&rest_code=00149 HTTP/1.1" 200 197
116.224.253.72 - - [05/Jun/2021:08:07:21 +0800] "GET /xingrg/kc/buy/cgsh_order_operate.html?command=get_materiel&rest_code=00151&code=00101008131&supplier_code=00100007&order_time=2021-06-05 HTTP/1.1" 200 408
180.169.147.146 - - [05/Jun/2021:08:07:25 +0800] "GET /xingrg/check_reg.html?_=1622851650063 HTTP/1.1" 302 -
116.224.253.72 - - [05/Jun/2021:08:07:29 +0800] "GET /xingrg/kc/buy/cgsh_order_operate.html?command=get_materiel&rest_code=00151&code=00101008102&supplier_code=00100007&order_time=2021-06-05 HTTP/1.1" 200 413
116.224.253.72 - - [05/Jun/2021:08:07:33 +0800] "GET /xingrg/all/function/internal_message.html?_=1622851656684&CODE_STATE=getMsg HTTP/1.1" 200 27
116.224.253.72 - - [05/Jun/2021:08:07:35 +0800] "GET /xingrg/kc/buy/cgsh_order_operate.html?command=get_materiel&rest_code=00151&code=00101008069&supplier_code=00100007&order_time=2021-06-05 HTTP/1.1" 200 412
120.253.135.82 - - [05/Jun/2021:08:07:37 +0800] "GET /xingrg/all/function/internal_message.html?_=1622851443639&CODE_STATE=getMsg HTTP/1.1" 200 27
222.69.131.252 - - [05/Jun/2021:08:07:37 +0800] "GET /xingrg/all/function/internal_message.html?_=1622851660484&CODE_STATE=getMsg HTTP/1.1" 200 27
222.69.131.252 - - [05/Jun/2021:08:07:42 +0800] "GET /xingrg/javascript/auto/indicator.gif HTTP/1.1" 404 1066
116.224.253.72 - - [05/Jun/2021:08:07:43 +0800] "POST /xingrg/kc/buy/cgsh_order_operate.html HTTP/1.1" 200 37
116.230.114.112 - - [05/Jun/2021:08:07:44 +0800] "GET /xingrg/check_reg.html?_=1622851685692 HTTP/1.1" 302 -
222.69.131.252 - - [05/Jun/2021:08:07:44 +0800] "GET /xingrg/javascript/jquery_tools/images/prev.gif HTTP/1.1" 404 1086
222.69.131.252 - - [05/Jun/2021:08:07:44 +0800] "GET /xingrg/javascript/jquery_tools/images/next.gif HTTP/1.1" 404 1086
116.224.253.72 - - [05/Jun/2021:08:07:45 +0800] "POST /xingrg/kc/buy/cgsh_order_operate.html HTTP/1.1" 200 20017
116.224.253.72 - - [05/Jun/2021:08:07:51 +0800] "GET /xingrg/kc/buy/cgsh_order_operate.html?command=get_materiel&rest_code=00151&code=00101008033&supplier_code=00100007&order_time=2021-06-05 HTTP/1.1" 200 408
222.69.131.252 - - [05/Jun/2021:08:07:54 +0800] "GET /xingrg/kc/buy/cgsh_order_operate.html?command=get_materiel&rest_code=00149&code=00101028005&supplier_code=00100019&order_time=2021-06-05 HTTP/1.1" 200 435
116.230.117.165 - - [05/Jun/2021:08:07:56 +0800] "GET /xingrg/all/function/internal_message.html?_=1622851677517&CODE_STATE=getMsg HTTP/1.1" 200 27
116.224.253.72 - - [05/Jun/2021:08:07:59 +0800] "GET /xingrg/kc/buy/cgsh_order_operate.html?command=get_materiel&rest_code=00151&code=00101008136&supplier_code=00100007&order_time=2021-06-05 HTTP/1.1" 200 413
180.169.147.146 - - [05/Jun/2021:08:08:03 +0800] "GET /xingrg/check_reg.html?_=1622851687635 HTTP/1.1" 302 -
180.169.147.146 - - [05/Jun/2021:08:08:03 +0800] "GET /xingrg/all/function/internal_message.html?_=1622851680820&CODE_STATE=getMsg HTTP/1.1" 200 27
116.224.253.72 - - [05/Jun/2021:08:08:05 +0800] "GET /xingrg/check_reg.html?_=1622851691119 HTTP/1.1" 200 22
116.224.253.72 - - [05/Jun/2021:08:08:07 +0800] "GET /xingrg/kc/buy/cgsh_order_operate.html?command=get_materiel&rest_code=00151&code=00101008132&supplier_code=00100007&order_time=2021-06-05 HTTP/1.1" 200 408
116.224.253.72 - - [05/Jun/2021:08:08:14 +0800] "GET /xingrg/kc/buy/cgsh_order_operate.html?command=get_materiel&rest_code=00151&code=00101015038&supplier_code=00100007&order_time=2021-06-05 HTTP/1.1" 200 419
222.69.131.252 - - [05/Jun/2021:08:08:15 +0800] "GET /xingrg/kc/buy/cgsh_order_operate.html?command=get_materiel&rest_code=00149&code=00101028011&supplier_code=00100019&order_time=2021-06-05 HTTP/1.1" 200 477
116.224.253.72 - - [05/Jun/2021:08:08:16 +0800] "GET /xingrg/all/function/internal_message.html?_=1622851702475&CODE_STATE=getMsg HTTP/1.1" 200 27
116.224.253.72 - - [05/Jun/2021:08:08:24 +0800] "GET /xingrg/kc/buy/cgsh_order_operate.html?command=get_materiel&rest_code=00151&code=00101008244&supplier_code=00100007&order_time=2021-06-05 HTTP/1.1" 200 408
222.69.131.252 - - [05/Jun/2021:08:08:26 +0800] "GET /xingrg/kc/buy/cgsh_order_operate.html?command=get_materiel&rest_code=00149&code=00101029005&supplier_code=00100019&order_time=2021-06-05 HTTP/1.1" 200 436
116.224.253.72 - - [05/Jun/2021:08:08:33 +0800] "GET /xingrg/all/function/internal_message.html?_=1622851716683&CODE_STATE=getMsg HTTP/1.1" 200 27
116.224.253.72 - - [05/Jun/2021:08:08:33 +0800] "GET /xingrg/check_reg.html?_=1622851716688 HTTP/1.1" 200 22
120.253.135.82 - - [05/Jun/2021:08:08:37 +0800] "GET /xingrg/all/function/internal_message.html?_=1622851503887&CODE_STATE=getMsg HTTP/1.1" 200 27
222.69.131.252 - - [05/Jun/2021:08:08:37 +0800] "GET /xingrg/all/function/internal_message.html?_=1622851720479&CODE_STATE=getMsg HTTP/1.1" 200 27
116.224.253.72 - - [05/Jun/2021:08:08:38 +0800] "POST /xingrg/kc/buy/cgsh_order_operate.html HTTP/1.1" 200 37
116.224.253.72 - - [05/Jun/2021:08:08:40 +0800] "POST /xingrg/kc/buy/cgsh_order_operate.html HTTP/1.1" 200 23015
116.230.117.165 - - [05/Jun/2021:08:08:56 +0800] "GET /xingrg/all/function/internal_message.html?_=1622851737524&CODE_STATE=getMsg HTTP/1.1" 200 27
180.169.147.146 - - [05/Jun/2021:08:09:03 +0800] "GET /xingrg/all/function/internal_message.html?_=1622851740802&CODE_STATE=getMsg HTTP/1.1" 200 27
116.224.253.72 - - [05/Jun/2021:08:09:03 +0800] "GET /xingrg/kc/buy/cgsh_order_operate.html?command=get_materiel&rest_code=00151&code=00101015006&supplier_code=00100007&order_time=2021-06-05 HTTP/1.1" 200 413
222.69.131.252 - - [05/Jun/2021:08:09:09 +0800] "POST /xingrg/kc/buy/cgsh_order_operate.html HTTP/1.1" 200 37
222.69.131.252 - - [05/Jun/2021:08:09:15 +0800] "POST /xingrg/kc/buy/cgsh_order_operate.html HTTP/1.1" 200 12
116.224.253.72 - - [05/Jun/2021:08:09:16 +0800] "GET /xingrg/all/function/internal_message.html?_=1622851762489&CODE_STATE=getMsg HTTP/1.1" 200 27
222.69.131.252 - - [05/Jun/2021:08:09:18 +0800] "GET /xingrg/kc/buy/cgsh_order_info.html?code=212021060501906 HTTP/1.1" 200 57315
222.69.131.252 - - [05/Jun/2021:08:09:18 +0800] "GET /xingrg/javascript/easyui/themes/default/validatebox.css HTTP/1.1" 404 1104
222.69.131.252 - - [05/Jun/2021:08:09:19 +0800] "POST /xingrg/kc/buy/cgsh_order_operate.html HTTP/1.1" 200 1864
222.69.131.252 - - [05/Jun/2021:08:09:23 +0800] "GET /xingrg/kc/print/load_config.html?kc_code=cgsh HTTP/1.1" 200 1845
222.69.131.252 - - [05/Jun/2021:08:09:23 +0800] "GET /xingrg/kc/print/load_data.html?order_code=212021060501906&kc_code=cgsh&condition= HTTP/1.1" 200 1290
116.224.253.72 - - [05/Jun/2021:08:09:33 +0800] "GET /xingrg/all/function/internal_message.html?_=1622851776692&CODE_STATE=getMsg HTTP/1.1" 200 27
120.253.135.82 - - [05/Jun/2021:08:09:37 +0800] "GET /xingrg/all/function/internal_message.html?_=1622851563901&CODE_STATE=getMsg HTTP/1.1" 200 27
222.69.131.252 - - [05/Jun/2021:08:09:37 +0800] "GET /xingrg/all/function/internal_message.html?_=1622851780489&CODE_STATE=getMsg HTTP/1.1" 200 27
116.224.253.72 - - [05/Jun/2021:08:09:38 +0800] "POST /xingrg/kc/buy/cgsh_order_operate.html HTTP/1.1" 200 37
116.224.253.72 - - [05/Jun/2021:08:09:40 +0800] "POST /xingrg/kc/buy/cgsh_order_operate.html HTTP/1.1" 200 25975
116.224.253.72 - - [05/Jun/2021:08:09:45 +0800] "GET /xingrg/javascript/jquery_easy_ui/themes/default/images/button_a_bg.gif HTTP/1.1" 304 -
116.224.253.72 - - [05/Jun/2021:08:09:45 +0800] "GET /xingrg/javascript/jquery_easy_ui/themes/default/images/button_span_bg.gif HTTP/1.1" 304 -
116.224.253.72 - - [05/Jun/2021:08:09:45 +0800] "GET /xingrg/javascript/jquery_easy_ui/themes/icons/ok.png HTTP/1.1" 304 -
116.224.253.72 - - [05/Jun/2021:08:09:45 +0800] "GET /xingrg/javascript/jquery_easy_ui/themes/default/images/panel_tools.gif HTTP/1.1" 304 -
116.224.253.72 - - [05/Jun/2021:08:09:45 +0800] "GET /xingrg/javascript/jquery_easy_ui/themes/default/images/panel_title.png HTTP/1.1" 304 -
116.224.253.72 - - [05/Jun/2021:08:09:47 +0800] "POST /xingrg/all/user/operate.html HTTP/1.1" 200 36
116.224.253.72 - - [05/Jun/2021:08:09:49 +0800] "GET /xingrg/index.html?sysBaseUrl=http%3A%2F%2F180.169.147.146%3A18081%2Fxingrg%2F&costTime=1105×tamp=1622796020594 HTTP/1.1" 200 17179
116.224.253.72 - - [05/Jun/2021:08:09:49 +0800] "GET /xingrg/javascript/jquery_easy_ui/themes/default/easyui.css HTTP/1.1" 304 -
116.224.253.72 - - [05/Jun/2021:08:09:49 +0800] "GET /xingrg/javascript/jquery_easy_ui/themes/icon.css HTTP/1.1" 304 -
116.224.253.72 - - [05/Jun/2021:08:09:49 +0800] "GET /xingrg/css/form.css HTTP/1.1" 304 -
116.224.253.72 - - [05/Jun/2021:08:09:49 +0800] "GET /xingrg/javascript/jquery-1.4.2.min.js HTTP/1.1" 304 -
116.224.253.72 - - [05/Jun/2021:08:09:49 +0800] "GET /xingrg/javascript/jquery_easy_ui/jquery.easyui.min.js HTTP/1.1" 304 -
116.224.253.72 - - [05/Jun/2021:08:09:49 +0800] "GET /xingrg/javascript/jquery_easy_ui/easyui-lang-zh_CN.js HTTP/1.1" 304 -
116.224.253.72 - - [05/Jun/2021:08:09:49 +0800] "GET /xingrg/javascript/jquery.form.js HTTP/1.1" 304 -
116.224.253.72 - - [05/Jun/2021:08:09:49 +0800] "GET /xingrg/javascript/jquery.utils.js HTTP/1.1" 304 -
116.224.253.72 - - [05/Jun/2021:08:09:49 +0800] "GET /xingrg/javascript/jquery.timers.js HTTP/1.1" 304 -
116.224.253.72 - - [05/Jun/2021:08:09:49 +0800] "GET /xingrg/javascript/jquery_easy_ui/themes/icons/settle_new.png HTTP/1.1" 304 -
116.224.253.72 - - [05/Jun/2021:08:09:49 +0800] "GET /xingrg/images/blue/navBackgound.jpg HTTP/1.1" 304 -
116.224.253.72 - - [05/Jun/2021:08:09:49 +0800] "GET /xingrg/images/blue/jxLogo.png HTTP/1.1" 304 -
116.224.253.72 - - [05/Jun/2021:08:09:49 +0800] "GET /xingrg/images/blue/pingpu.png HTTP/1.1" 304 -
116.224.253.72 - - [05/Jun/2021:08:09:49 +0800] "GET /xingrg/javascript/jquery_easy_ui/themes/default/images/tabs_leftarrow.png HTTP/1.1" 304 -
116.224.253.72 - - [05/Jun/2021:08:09:49 +0800] "GET /xingrg/javascript/jquery_easy_ui/themes/default/images/tabs_rightarrow.png HTTP/1.1" 304 -
116.224.253.72 - - [05/Jun/2021:08:09:49 +0800] "GET /xingrg/javascript/jquery_easy_ui/themes/default/images/panel_tool_collapse.gif HTTP/1.1" 304 -
116.224.253.72 - - [05/Jun/2021:08:09:49 +0800] "GET /xingrg/all/function/internal_message.html?_=1622851795168&CODE_STATE=count HTTP/1.1" 200 11
116.224.253.72 - - [05/Jun/2021:08:09:49 +0800] "GET /xingrg/check_reg.html?_=1622851795170 HTTP/1.1" 200 22
116.224.253.72 - - [05/Jun/2021:08:09:49 +0800] "POST /xingrg/all/common/load_tree.html?tree=area_rest_tree_json&manage=1 HTTP/1.1" 200 476
116.224.253.72 - - [05/Jun/2021:08:09:49 +0800] "GET /xingrg/javascript/jquery_easy_ui/themes/default/images/tree_arrows.gif HTTP/1.1" 304 -
116.224.253.72 - - [05/Jun/2021:08:09:49 +0800] "POST /xingrg/load_menu.html HTTP/1.1" 200 5138
116.224.253.72 - - [05/Jun/2021:08:09:49 +0800] "GET /xingrg/javascript/jquery_easy_ui/themes/default/images/tree_folder_open.gif HTTP/1.1" 304 -
116.224.253.72 - - [05/Jun/2021:08:09:49 +0800] "GET /xingrg/javascript/jquery_easy_ui/themes/icons/search_new.png HTTP/1.1" 304 -
116.224.253.72 - - [05/Jun/2021:08:09:49 +0800] "GET /xingrg/javascript/jquery_easy_ui/themes/default/images/tree_folder.gif HTTP/1.1" 304 -
116.224.253.72 - - [05/Jun/2021:08:09:49 +0800] "GET /xingrg/javascript/jquery_easy_ui/themes/icons/storage_new.png HTTP/1.1" 304 -
116.224.253.72 - - [05/Jun/2021:08:09:49 +0800] "GET /xingrg/javascript/jquery_easy_ui/themes/icons/forms_new.png HTTP/1.1" 304 -
116.224.253.72 - - [05/Jun/2021:08:09:49 +0800] "GET /xingrg/javascript/jquery_easy_ui/themes/default/images/tree_file.gif HTTP/1.1" 304 -
116.230.117.165 - - [05/Jun/2021:08:09:56 +0800] "GET /xingrg/all/function/internal_message.html?_=1622851797578&CODE_STATE=getMsg HTTP/1.1" 200 27
180.169.147.146 - - [05/Jun/2021:08:10:03 +0800] "GET /xingrg/all/function/internal_message.html?_=1622851800780&CODE_STATE=getMsg HTTP/1.1" 200 27
180.169.147.146 - - [05/Jun/2021:08:10:20 +0800] "GET /xingrg/check_reg.html?_=1622851818210 HTTP/1.1" 200 22
116.224.253.72 - - [05/Jun/2021:08:10:23 +0800] "GET /xingrg/javascript/jquery_easy_ui/themes/default/images/tabs_close.gif HTTP/1.1" 304 -
116.224.253.72 - - [05/Jun/2021:08:10:23 +0800] "GET /xingrg/kc/buy/cgsh_order_list.html HTTP/1.1" 200 46630
116.224.253.72 - - [05/Jun/2021:08:10:23 +0800] "GET /xingrg/javascript/easyui/themes/icons/edit_add_new.png HTTP/1.1" 304 -
116.224.253.72 - - [05/Jun/2021:08:10:23 +0800] "GET /xingrg/javascript/easyui/themes/icons/import_new.png HTTP/1.1" 304 -
116.224.253.72 - - [05/Jun/2021:08:10:23 +0800] "GET /xingrg/javascript/easyui/themes/icons/field_new.png HTTP/1.1" 304 -
116.224.253.72 - - [05/Jun/2021:08:10:23 +0800] "GET /xingrg/images/control/ajaxLoader.gif HTTP/1.1" 304 -
116.224.253.72 - - [05/Jun/2021:08:10:25 +0800] "POST /xingrg/kc/buy/cgsh_list_operate.html HTTP/1.1" 200 876
116.224.253.72 - - [05/Jun/2021:08:10:27 +0800] "GET /xingrg/kc/buy/cgsh_order_add.html HTTP/1.1" 200 62298
116.224.253.72 - - [05/Jun/2021:08:10:27 +0800] "POST /xingrg/kc/buy/cgsh_order_operate.html HTTP/1.1" 200 8245
116.224.253.72 - - [05/Jun/2021:08:10:27 +0800] "GET /xingrg/javascript/easyui/themes/default/validatebox.css HTTP/1.1" 404 1104
116.224.253.72 - - [05/Jun/2021:08:10:27 +0800] "GET /xingrg/all/common/auto_word.html?type=employee&rest_code=00150 HTTP/1.1" 200 205
116.224.253.72 - - [05/Jun/2021:08:10:28 +0800] "GET /xingrg/all/common/auto_word.html?type=employee&rest_code=00150 HTTP/1.1" 200 205
116.224.253.72 - - [05/Jun/2021:08:10:29 +0800] "GET /xingrg/javascript/auto/indicator.gif HTTP/1.1" 404 1066
116.224.253.72 - - [05/Jun/2021:08:10:33 +0800] "GET /xingrg/all/function/internal_message.html?_=1622851836692&CODE_STATE=getMsg HTTP/1.1" 200 27
120.253.135.82 - - [05/Jun/2021:08:10:37 +0800] "GET /xingrg/all/function/internal_message.html?_=1622851624156&CODE_STATE=getMsg HTTP/1.1" 200 27
222.69.131.252 - - [05/Jun/2021:08:10:37 +0800] "GET /xingrg/check_reg.html?_=1622851840482 HTTP/1.1" 200 22
222.69.131.252 - - [05/Jun/2021:08:10:37 +0800] "GET /xingrg/all/function/internal_message.html?_=1622851840484&CODE_STATE=getMsg HTTP/1.1" 200 27
116.224.253.72 - - [05/Jun/2021:08:10:37 +0800] "GET /xingrg/kc/buy/cgsh_order_operate.html?command=get_materiel&rest_code=00150&code=00101013044&supplier_code=00100007&order_time=2021-06-05 HTTP/1.1" 200 428
116.230.117.165 - - [05/Jun/2021:08:10:40 +0800] "GET /xingrg/check_reg.html?_=1622851841958 HTTP/1.1" 200 22
116.224.253.72 - - [05/Jun/2021:08:10:46 +0800] "GET /xingrg/kc/buy/cgsh_order_operate.html?command=get_materiel&rest_code=00150&code=00101008091&supplier_code=00100007&order_time=2021-06-05 HTTP/1.1" 200 412
116.224.253.72 - - [05/Jun/2021:08:10:49 +0800] "GET /xingrg/all/function/internal_message.html?_=1622851855184&CODE_STATE=getMsg HTTP/1.1" 200 27
222.69.131.252 - - [05/Jun/2021:08:10:50 +0800] "GET /xingrg/kc/buy/cgsh_order_add.html HTTP/1.1" 200 62415
222.69.131.252 - - [05/Jun/2021:08:10:50 +0800] "POST /xingrg/kc/buy/cgsh_order_operate.html HTTP/1.1" 200 8245
222.69.131.252 - - [05/Jun/2021:08:10:50 +0800] "GET /xingrg/javascript/easyui/themes/default/validatebox.css HTTP/1.1" 404 1104
116.224.253.72 - - [05/Jun/2021:08:10:52 +0800] "GET /xingrg/kc/buy/cgsh_order_operate.html?command=get_materiel&rest_code=00150&code=00101008265&supplier_code=00100007&order_time=2021-06-05 HTTP/1.1" 200 409
116.230.117.165 - - [05/Jun/2021:08:10:56 +0800] "GET /xingrg/all/function/internal_message.html?_=1622851857582&CODE_STATE=getMsg HTTP/1.1" 200 27
116.224.253.72 - - [05/Jun/2021:08:10:59 +0800] "GET /xingrg/kc/buy/cgsh_order_operate.html?command=get_materiel&rest_code=00150&code=00101008132&supplier_code=00100007&order_time=2021-06-05 HTTP/1.1" 200 408
180.169.147.146 - - [05/Jun/2021:08:11:03 +0800] "GET /xingrg/all/function/internal_message.html?_=1622851860761&CODE_STATE=getMsg HTTP/1.1" 200 27
116.224.253.72 - - [05/Jun/2021:08:11:07 +0800] "GET /xingrg/kc/buy/cgsh_order_operate.html?command=get_materiel&rest_code=00150&code=00101008331&supplier_code=00100007&order_time=2021-06-05 HTTP/1.1" 200 416
116.224.253.72 - - [05/Jun/2021:08:11:14 +0800] "GET /xingrg/kc/buy/cgsh_order_operate.html?command=get_materiel&rest_code=00150&code=00101008350&supplier_code=00100007&order_time=2021-06-05 HTTP/1.1" 200 408
222.69.131.252 - - [05/Jun/2021:08:11:15 +0800] "GET /xingrg/kc/buy/cgsh_order_operate.html?command=get_materiel&rest_code=00149&code=00101008323&supplier_code=00100005&order_time=2021-06-05 HTTP/1.1" 200 408
116.224.253.72 - - [05/Jun/2021:08:11:23 +0800] "GET /xingrg/kc/buy/cgsh_order_operate.html?command=get_materiel&rest_code=00150&code=00101008149&supplier_code=00100007&order_time=2021-06-05 HTTP/1.1" 200 408
222.69.131.252 - - [05/Jun/2021:08:11:24 +0800] "GET /xingrg/kc/buy/cgsh_order_operate.html?command=get_materiel&rest_code=00149&code=00101008091&supplier_code=00100005&order_time=2021-06-05 HTTP/1.1" 200 412
116.224.253.72 - - [05/Jun/2021:08:11:28 +0800] "GET /xingrg/kc/buy/cgsh_order_operate.html?command=get_materiel&rest_code=00150&code=00101008185&supplier_code=00100007&order_time=2021-06-05 HTTP/1.1" 200 408
120.253.135.82 - - [05/Jun/2021:08:11:30 +0800] "GET /xingrg/check_reg.html?_=1622851677062 HTTP/1.1" 200 22
116.224.253.72 - - [05/Jun/2021:08:11:33 +0800] "GET /xingrg/all/function/internal_message.html?_=1622851896691&CODE_STATE=getMsg HTTP/1.1" 200 27
116.224.253.72 - - [05/Jun/2021:08:11:36 +0800] "GET /xingrg/kc/buy/cgsh_order_operate.html?command=get_materiel&rest_code=00150&code=00101008354&supplier_code=00100007&order_time=2021-06-05 HTTP/1.1" 200 412
120.253.135.82 - - [05/Jun/2021:08:11:37 +0800] "GET /xingrg/all/function/internal_message.html?_=1622851684161&CODE_STATE=getMsg HTTP/1.1" 200 27
222.69.131.252 - - [05/Jun/2021:08:11:37 +0800] "GET /xingrg/all/function/internal_message.html?_=1622851900496&CODE_STATE=getMsg HTTP/1.1" 200 27
116.224.253.72 - - [05/Jun/2021:08:11:49 +0800] "GET /xingrg/all/function/internal_message.html?_=1622851915199&CODE_STATE=getMsg HTTP/1.1" 200 27
116.224.253.72 - - [05/Jun/2021:08:11:50 +0800] "GET /xingrg/kc/buy/cgsh_order_operate.html?command=get_materiel&rest_code=00150&code=00101008207&supplier_code=00100007&order_time=2021-06-05 HTTP/1.1" 200 408
116.230.117.165 - - [05/Jun/2021:08:11:56 +0800] "GET /xingrg/all/function/internal_message.html?_=1622851917597&CODE_STATE=getMsg HTTP/1.1" 200 27
116.224.253.72 - - [05/Jun/2021:08:12:02 +0800] "GET /xingrg/kc/buy/cgsh_order_operate.html?command=get_materiel&rest_code=00150&code=00101008308&supplier_code=00100007&order_time=2021-06-05 HTTP/1.1" 200 420
180.169.147.146 - - [05/Jun/2021:08:12:03 +0800] "GET /xingrg/all/function/internal_message.html?_=1622851920740&CODE_STATE=getMsg HTTP/1.1" 200 27
116.224.253.72 - - [05/Jun/2021:08:12:12 +0800] "GET /xingrg/kc/buy/cgsh_order_operate.html?command=get_materiel&rest_code=00150&code=00101008358&supplier_code=00100007&order_time=2021-06-05 HTTP/1.1" 200 412
117.184.7.26 - - [05/Jun/2021:08:12:19 +0800] "POST /xingrg/services/DataTransmitService HTTP/1.1" 200 524
116.224.253.72 - - [05/Jun/2021:08:12:23 +0800] "GET /xingrg/kc/buy/cgsh_order_operate.html?command=get_materiel&rest_code=00150&code=00101008163&supplier_code=00100007&order_time=2021-06-05 HTTP/1.1" 200 408
117.184.7.26 - - [05/Jun/2021:08:12:24 +0800] "POST /xingrg/services/DataTransmitService HTTP/1.1" 200 501
180.169.147.146 - - [05/Jun/2021:08:12:25 +0800] "GET /xingrg/check_reg.html?_=1622851950075 HTTP/1.1" 302 -
116.224.253.72 - - [05/Jun/2021:08:12:31 +0800] "GET /xingrg/kc/buy/cgsh_order_operate.html?command=get_materiel&rest_code=00150&code=00101008224&supplier_code=00100007&order_time=2021-06-05 HTTP/1.1" 200 416
116.224.253.72 - - [05/Jun/2021:08:12:33 +0800] "GET /xingrg/all/function/internal_message.html?_=1622851956702&CODE_STATE=getMsg HTTP/1.1" 200 27
120.253.135.82 - - [05/Jun/2021:08:12:37 +0800] "GET /xingrg/all/function/internal_message.html?_=1622851744174&CODE_STATE=getMsg HTTP/1.1" 200 27
222.69.131.252 - - [05/Jun/2021:08:12:37 +0800] "GET /xingrg/all/function/internal_message.html?_=1622851960489&CODE_STATE=getMsg HTTP/1.1" 200 27
116.224.253.72 - - [05/Jun/2021:08:12:38 +0800] "GET /xingrg/kc/buy/cgsh_order_operate.html?command=get_materiel&rest_code=00150&code=00101008281&supplier_code=00100007&order_time=2021-06-05 HTTP/1.1" 200 412
116.230.114.112 - - [05/Jun/2021:08:12:44 +0800] "GET /xingrg/check_reg.html?_=1622851985705 HTTP/1.1" 302 -
116.224.253.72 - - [05/Jun/2021:08:12:45 +0800] "GET /xingrg/kc/buy/cgsh_order_operate.html?command=get_materiel&rest_code=00150&code=00101008370&supplier_code=00100007&order_time=2021-06-05 HTTP/1.1" 200 412
116.224.253.72 - - [05/Jun/2021:08:12:49 +0800] "GET /xingrg/all/function/internal_message.html?_=1622851975212&CODE_STATE=getMsg HTTP/1.1" 200 27
116.224.253.72 - - [05/Jun/2021:08:12:56 +0800] "GET /xingrg/kc/buy/cgsh_order_operate.html?command=get_materiel&rest_code=00150&code=00101008141&supplier_code=00100007&order_time=2021-06-05 HTTP/1.1" 200 412
116.230.117.165 - - [05/Jun/2021:08:12:56 +0800] "GET /xingrg/all/function/internal_message.html?_=1622851977650&CODE_STATE=getMsg HTTP/1.1" 200 27
180.169.147.146 - - [05/Jun/2021:08:13:03 +0800] "GET /xingrg/all/function/internal_message.html?_=1622851980716&CODE_STATE=getMsg HTTP/1.1" 200 27
180.169.147.146 - - [05/Jun/2021:08:13:03 +0800] "GET /xingrg/check_reg.html?_=1622851987657 HTTP/1.1" 302 -
116.224.253.72 - - [05/Jun/2021:08:13:04 +0800] "GET /xingrg/kc/buy/cgsh_order_operate.html?command=get_materiel&rest_code=00150&code=00101008087&supplier_code=00100007&order_time=2021-06-05 HTTP/1.1" 200 412
116.224.253.72 - - [05/Jun/2021:08:13:11 +0800] "GET /xingrg/kc/buy/cgsh_order_operate.html?command=get_materiel&rest_code=00150&code=00101008361&supplier_code=00100007&order_time=2021-06-05 HTTP/1.1" 200 408
222.69.131.252 - - [05/Jun/2021:08:13:16 +0800] "GET /xingrg/kc/buy/cgsh_order_operate.html?command=get_materiel&rest_code=00149&code=00101008302&supplier_code=00100005&order_time=2021-06-05 HTTP/1.1" 200 412
116.224.253.72 - - [05/Jun/2021:08:13:22 +0800] "GET /xingrg/kc/buy/cgsh_order_operate.html?command=get_materiel&rest_code=00150&code=00101008355&supplier_code=00100007&order_time=2021-06-05 HTTP/1.1" 200 408
116.224.253.72 - - [05/Jun/2021:08:13:31 +0800] "POST /xingrg/kc/buy/cgsh_order_operate.html HTTP/1.1" 200 37
222.69.131.252 - - [05/Jun/2021:08:13:31 +0800] "GET /xingrg/kc/buy/cgsh_order_operate.html?command=get_materiel&rest_code=00149&code=00101008330&supplier_code=00100005&order_time=2021-06-05 HTTP/1.1" 200 408
116.224.253.72 - - [05/Jun/2021:08:13:33 +0800] "GET /xingrg/all/function/internal_message.html?_=1622852016709&CODE_STATE=getMsg HTTP/1.1" 200 27
116.224.253.72 - - [05/Jun/2021:08:13:33 +0800] "GET /xingrg/check_reg.html?_=1622852016710 HTTP/1.1" 200 22
116.224.253.72 - - [05/Jun/2021:08:13:33 +0800] "POST /xingrg/kc/buy/cgsh_order_operate.html HTTP/1.1" 200 13924
222.69.131.252 - - [05/Jun/2021:08:13:37 +0800] "GET /xingrg/all/function/internal_message.html?_=1622852020504&CODE_STATE=getMsg HTTP/1.1" 200 27
120.253.135.82 - - [05/Jun/2021:08:13:37 +0800] "GET /xingrg/all/function/internal_message.html?_=1622851804389&CODE_STATE=getMsg HTTP/1.1" 200 27
116.224.253.72 - - [05/Jun/2021:08:13:44 +0800] "GET /xingrg/kc/buy/cgsh_order_operate.html?command=get_materiel&rest_code=00150&code=00101008144&supplier_code=00100007&order_time=2021-06-05 HTTP/1.1" 200 412
116.224.253.72 - - [05/Jun/2021:08:13:49 +0800] "GET /xingrg/all/function/internal_message.html?_=1622852035225&CODE_STATE=getMsg HTTP/1.1" 200 27
116.224.253.72 - - [05/Jun/2021:08:13:50 +0800] "GET /xingrg/kc/buy/cgsh_order_operate.html?command=get_materiel&rest_code=00150&code=00101008264&supplier_code=00100007&order_time=2021-06-05 HTTP/1.1" 200 412
222.69.131.252 - - [05/Jun/2021:08:13:55 +0800] "GET /xingrg/kc/buy/cgsh_order_operate.html?command=get_materiel&rest_code=00149&code=00101008219&supplier_code=00100005&order_time=2021-06-05 HTTP/1.1" 200 412
116.230.117.165 - - [05/Jun/2021:08:13:56 +0800] "GET /xingrg/all/function/internal_message.html?_=1622852037655&CODE_STATE=getMsg HTTP/1.1" 200 27
116.224.253.72 - - [05/Jun/2021:08:13:58 +0800] "GET /xingrg/kc/buy/cgsh_order_operate.html?command=get_materiel&rest_code=00150&code=00101008024&supplier_code=00100007&order_time=2021-06-05 HTTP/1.1" 200 408
180.169.147.146 - - [05/Jun/2021:08:14:03 +0800] "GET /xingrg/all/function/internal_message.html?_=1622852040721&CODE_STATE=getMsg HTTP/1.1" 200 27
116.224.253.72 - - [05/Jun/2021:08:14:05 +0800] "GET /xingrg/kc/buy/cgsh_order_operate.html?command=get_materiel&rest_code=00150&code=00101008115&supplier_code=00100007&order_time=2021-06-05 HTTP/1.1" 200 412
222.69.131.252 - - [05/Jun/2021:08:14:06 +0800] "GET /xingrg/kc/buy/cgsh_order_operate.html?command=get_materiel&rest_code=00149&code=00101008132&supplier_code=00100005&order_time=2021-06-05 HTTP/1.1" 200 408
116.224.253.72 - - [05/Jun/2021:08:14:17 +0800] "GET /xingrg/kc/buy/cgsh_order_operate.html?command=get_materiel&rest_code=00150&code=00101008300&supplier_code=00100007&order_time=2021-06-05 HTTP/1.1" 200 412
222.69.131.252 - - [05/Jun/2021:08:14:17 +0800] "GET /xingrg/kc/buy/cgsh_order_operate.html?command=get_materiel&rest_code=00149&code=00101008234&supplier_code=00100005&order_time=2021-06-05 HTTP/1.1" 200 408
116.224.253.72 - - [05/Jun/2021:08:14:28 +0800] "POST /xingrg/kc/buy/cgsh_order_operate.html HTTP/1.1" 200 37
116.224.253.72 - - [05/Jun/2021:08:14:29 +0800] "POST /xingrg/kc/buy/cgsh_order_operate.html HTTP/1.1" 200 16890
116.224.253.72 - - [05/Jun/2021:08:14:33 +0800] "GET /xingrg/all/function/internal_message.html?_=1622852076710&CODE_STATE=getMsg HTTP/1.1" 200 27
116.224.253.72 - - [05/Jun/2021:08:14:35 +0800] "GET /xingrg/kc/buy/cgsh_order_operate.html?command=get_materiel&rest_code=00150&code=00101008360&supplier_code=00100007&order_time=2021-06-05 HTTP/1.1" 200 412
222.69.131.252 - - [05/Jun/2021:08:14:37 +0800] "GET /xingrg/all/function/internal_message.html?_=1622852080508&CODE_STATE=getMsg HTTP/1.1" 200 27
120.253.135.82 - - [05/Jun/2021:08:14:37 +0800] "GET /xingrg/all/function/internal_message.html?_=1622851864404&CODE_STATE=getMsg HTTP/1.1" 200 27
116.224.253.72 - - [05/Jun/2021:08:14:42 +0800] "GET /xingrg/kc/buy/cgsh_order_operate.html?command=get_materiel&rest_code=00150&code=00101008136&supplier_code=00100007&order_time=2021-06-05 HTTP/1.1" 200 413
116.224.253.72 - - [05/Jun/2021:08:14:49 +0800] "GET /xingrg/check_reg.html?_=1622852095181 HTTP/1.1" 200 22
116.224.253.72 - - [05/Jun/2021:08:14:49 +0800] "GET /xingrg/all/function/internal_message.html?_=1622852095287&CODE_STATE=getMsg HTTP/1.1" 200 27
222.69.131.252 - - [05/Jun/2021:08:14:50 +0800] "GET /xingrg/kc/buy/cgsh_order_operate.html?command=get_materiel&rest_code=00149&code=00101008155&supplier_code=00100005&order_time=2021-06-05 HTTP/1.1" 200 408
116.224.253.72 - - [05/Jun/2021:08:14:51 +0800] "GET /xingrg/kc/buy/cgsh_order_operate.html?command=get_materiel&rest_code=00150&code=00101008357&supplier_code=00100007&order_time=2021-06-05 HTTP/1.1" 200 408
116.230.117.165 - - [05/Jun/2021:08:14:56 +0800] "GET /xingrg/all/function/internal_message.html?_=1622852097712&CODE_STATE=getMsg HTTP/1.1" 200 27
116.224.253.72 - - [05/Jun/2021:08:14:59 +0800] "GET /xingrg/kc/buy/cgsh_order_operate.html?command=get_materiel&rest_code=00150&code=00101008069&supplier_code=00100007&order_time=2021-06-05 HTTP/1.1" 200 412
180.169.147.146 - - [05/Jun/2021:08:15:03 +0800] "GET /xingrg/all/function/internal_message.html?_=1622852100689&CODE_STATE=getMsg HTTP/1.1" 200 27
116.224.253.72 - - [05/Jun/2021:08:15:07 +0800] "GET /xingrg/kc/buy/cgsh_order_operate.html?command=get_materiel&rest_code=00150&code=00101008286&supplier_code=00100007&order_time=2021-06-05 HTTP/1.1" 200 408
116.224.253.72 - - [05/Jun/2021:08:15:14 +0800] "POST /xingrg/kc/buy/cgsh_order_operate.html HTTP/1.1" 200 37
222.69.131.252 - - [05/Jun/2021:08:15:15 +0800] "GET /xingrg/kc/buy/cgsh_order_operate.html?command=get_materiel&rest_code=00149&code=00101008133&supplier_code=00100005&order_time=2021-06-05 HTTP/1.1" 200 408
116.224.253.72 - - [05/Jun/2021:08:15:16 +0800] "POST /xingrg/kc/buy/cgsh_order_operate.html HTTP/1.1" 200 19841
180.169.147.146 - - [05/Jun/2021:08:15:20 +0800] "GET /xingrg/check_reg.html?_=1622852118210 HTTP/1.1" 200 22
116.224.253.72 - - [05/Jun/2021:08:15:24 +0800] "GET /xingrg/kc/buy/cgsh_order_operate.html?command=get_materiel&rest_code=00150&code=00101008036&supplier_code=00100007&order_time=2021-06-05 HTTP/1.1" 200 408
116.224.253.72 - - [05/Jun/2021:08:15:31 +0800] "GET /xingrg/kc/buy/cgsh_order_operate.html?command=get_materiel&rest_code=00150&code=00101008296&supplier_code=00100007&order_time=2021-06-05 HTTP/1.1" 200 416
116.224.253.72 - - [05/Jun/2021:08:15:33 +0800] "GET /xingrg/all/function/internal_message.html?_=1622852136712&CODE_STATE=getMsg HTTP/1.1" 200 27
222.69.131.252 - - [05/Jun/2021:08:15:37 +0800] "GET /xingrg/check_reg.html?_=1622852140507 HTTP/1.1" 200 22
222.69.131.252 - - [05/Jun/2021:08:15:37 +0800] "GET /xingrg/all/function/internal_message.html?_=1622852140510&CODE_STATE=getMsg HTTP/1.1" 200 27
120.253.135.82 - - [05/Jun/2021:08:15:38 +0800] "GET /xingrg/all/function/internal_message.html?_=1622851924627&CODE_STATE=getMsg HTTP/1.1" 200 27
116.224.253.72 - - [05/Jun/2021:08:15:39 +0800] "GET /xingrg/kc/buy/cgsh_order_operate.html?command=get_materiel&rest_code=00150&code=00101008352&supplier_code=00100007&order_time=2021-06-05 HTTP/1.1" 200 412
222.69.131.252 - - [05/Jun/2021:08:15:39 +0800] "GET /xingrg/kc/buy/cgsh_order_operate.html?command=get_materiel&rest_code=00149&code=00101008350&supplier_code=00100005&order_time=2021-06-05 HTTP/1.1" 200 408
116.230.117.165 - - [05/Jun/2021:08:15:40 +0800] "GET /xingrg/check_reg.html?_=1622852141962 HTTP/1.1" 200 22
116.224.253.72 - - [05/Jun/2021:08:15:46 +0800] "GET /xingrg/kc/buy/cgsh_order_operate.html?command=get_materiel&rest_code=00150&code=00101008005&supplier_code=00100007&order_time=2021-06-05 HTTP/1.1" 200 412
116.224.253.72 - - [05/Jun/2021:08:15:49 +0800] "GET /xingrg/all/function/internal_message.html?_=1622852155439&CODE_STATE=getMsg HTTP/1.1" 200 27
116.224.253.72 - - [05/Jun/2021:08:15:53 +0800] "GET /xingrg/kc/buy/cgsh_order_operate.html?command=get_materiel&rest_code=00150&code=00101008271&supplier_code=00100007&order_time=2021-06-05 HTTP/1.1" 200 408
116.230.117.165 - - [05/Jun/2021:08:15:56 +0800] "GET /xingrg/all/function/internal_message.html?_=1622852157713&CODE_STATE=getMsg HTTP/1.1" 200 27
116.224.253.72 - - [05/Jun/2021:08:16:01 +0800] "POST /xingrg/kc/buy/cgsh_order_operate.html HTTP/1.1" 200 37
180.169.147.146 - - [05/Jun/2021:08:16:03 +0800] "GET /xingrg/all/function/internal_message.html?_=1622852160663&CODE_STATE=getMsg HTTP/1.1" 200 27
116.224.253.72 - - [05/Jun/2021:08:16:03 +0800] "POST /xingrg/kc/buy/cgsh_order_operate.html HTTP/1.1" 200 22799
116.224.253.72 - - [05/Jun/2021:08:16:13 +0800] "GET /xingrg/kc/buy/cgsh_order_operate.html?command=get_materiel&rest_code=00150&code=00101008353&supplier_code=00100007&order_time=2021-06-05 HTTP/1.1" 200 408
222.69.131.252 - - [05/Jun/2021:08:16:18 +0800] "GET /xingrg/kc/buy/cgsh_order_operate.html?command=get_materiel&rest_code=00149&code=00101008244&supplier_code=00100005&order_time=2021-06-05 HTTP/1.1" 200 408
116.224.253.72 - - [05/Jun/2021:08:16:20 +0800] "GET /xingrg/kc/buy/cgsh_order_operate.html?command=get_materiel&rest_code=00150&code=00101008312&supplier_code=00100007&order_time=2021-06-05 HTTP/1.1" 200 412
