117.185.32.26 - - [04/Jun/2021:10:36:14 +0800] "GET /xingrg/javascript/easyui/themes/default/validatebox.css HTTP/1.1" 404 1104
117.185.32.26 - - [04/Jun/2021:10:36:15 +0800] "POST /xingrg/kc/buy/cgsh_order_operate.html HTTP/1.1" 200 618
61.165.42.208 - - [04/Jun/2021:10:36:17 +0800] "GET /xingrg/kc/buy/cgsh_order_operate.html?command=get_materiel&rest_code=00105&code=00101005037&supplier_code=00100397&order_time=2021-06-04 HTTP/1.1" 200 409
180.161.111.4 - - [04/Jun/2021:10:36:19 +0800] "GET /xingrg/all/function/internal_message.html?_=1622774177977&CODE_STATE=getMsg HTTP/1.1" 200 27
172.20.0.100 - - [04/Jun/2021:10:36:19 +0800] "GET /xingrg/all/function/internal_message.html?_=1622774178198&CODE_STATE=getMsg HTTP/1.1" 200 27
117.185.32.26 - - [04/Jun/2021:10:36:19 +0800] "GET /xingrg/kc/print/load_data.html?order_code=212021060401466&kc_code=cgsh&condition= HTTP/1.1" 200 728
222.69.130.27 - - [04/Jun/2021:10:36:20 +0800] "GET /xingrg/all/function/internal_message.html?_=1622774179123&CODE_STATE=getMsg HTTP/1.1" 200 27
183.192.164.214 - - [04/Jun/2021:10:36:21 +0800] "GET /xingrg/all/function/internal_message.html?_=1622774118044&CODE_STATE=getMsg HTTP/1.1" 302 -
58.37.225.51 - - [04/Jun/2021:10:36:22 +0800] "GET /xingrg/all/function/internal_message.html?_=1622774125538&CODE_STATE=getMsg HTTP/1.1" 200 27
116.230.110.80 - - [04/Jun/2021:10:36:22 +0800] "POST /xingrg/services/DataTransmitService HTTP/1.1" 200 501
183.192.164.214 - - [04/Jun/2021:10:36:22 +0800] "GET /xingrg/login.html HTTP/1.1" 200 7641
180.169.147.146 - - [04/Jun/2021:10:36:25 +0800] "GET /xingrg/kc/base/crk_hz.html?_=1622774185032&command=get_cost_id&end_date=2021-05-31&start_date=2021-05-01 HTTP/1.1" 200 51
180.169.147.146 - - [04/Jun/2021:10:36:25 +0800] "GET /xingrg/all/report/report_query.html?isQuery=1&onlyBody=1&rh=99999&rw=1800&varString=start:20210501,cost_id:3154,mid:20210501&fileName=kc/base/crk_hz_type_by_base.xml&queryString=%20a.base_code%20in%20('0010538','0010539','0010540','0010541','0010542')%20&queryText=ÈÕÆÚ£º2021-05-01ÖÁ2021-05-31%20²Ö¿â£ºÊ³Æ·²Ö¿â,ÎïÁϲֿâ,Ñ౫³á¿â,ÏãÑÌ¿â,¾ÆË®¿â&tableQueryString=materiel_table$sp1$$sp$before_table$sp1$$sp$crk_table$sp1$order_day%20between%2020210501%20and%2020210531 HTTP/1.1" 200 49465
180.169.147.146 - - [04/Jun/2021:10:36:25 +0800] "GET /xingrg/dwr/interface/AjaxReportQueryService.js HTTP/1.1" 200 13203
180.169.147.146 - - [04/Jun/2021:10:36:25 +0800] "GET /xingrg/dwr/engine.js HTTP/1.1" 200 43631
117.185.32.26 - - [04/Jun/2021:10:36:26 +0800] "GET /xingrg/all/function/internal_message.html?_=1622774181829&CODE_STATE=getMsg HTTP/1.1" 200 27
180.169.147.146 - - [04/Jun/2021:10:36:30 +0800] "POST /xingrg/all/report/load_report_page.html HTTP/1.1" 200 191091
180.169.147.146 - - [04/Jun/2021:10:36:30 +0800] "GET /xingrg/servlets/image?cache=0.1841114439236341&image=px HTTP/1.1" 200 807
117.185.32.26 - - [04/Jun/2021:10:36:30 +0800] "GET /xingrg/kc/buy/cgsh_order_add.html HTTP/1.1" 200 62362
117.185.32.26 - - [04/Jun/2021:10:36:30 +0800] "POST /xingrg/kc/buy/cgsh_order_operate.html HTTP/1.1" 200 8245
117.185.32.26 - - [04/Jun/2021:10:36:30 +0800] "GET /xingrg/javascript/easyui/themes/default/validatebox.css HTTP/1.1" 404 1104
116.230.117.165 - - [04/Jun/2021:10:36:30 +0800] "GET /xingrg/all/function/internal_message.html?_=1622774206800&CODE_STATE=getMsg HTTP/1.1" 200 27
117.185.32.26 - - [04/Jun/2021:10:36:32 +0800] "GET /xingrg/javascript/easyui/themes/default/tree.css HTTP/1.1" 404 1090
117.185.32.26 - - [04/Jun/2021:10:36:34 +0800] "POST /xingrg/all/common/load_tree.html?tree=supplier_tree_json&isDelete=1 HTTP/1.1" 200 55903
222.70.177.128 - - [04/Jun/2021:10:36:34 +0800] "GET /xingrg/all/function/internal_message.html?_=1622774191000&CODE_STATE=getMsg HTTP/1.1" 200 27
222.70.177.128 - - [04/Jun/2021:10:36:34 +0800] "GET /xingrg/check_reg.html?_=1622774191001 HTTP/1.1" 200 22
61.165.42.208 - - [04/Jun/2021:10:36:36 +0800] "POST /xingrg/kc/buy/cgsh_order_operate.html HTTP/1.1" 200 37
61.165.42.208 - - [04/Jun/2021:10:36:38 +0800] "POST /xingrg/kc/buy/cgsh_order_operate.html HTTP/1.1" 200 4429
61.165.42.208 - - [04/Jun/2021:10:36:38 +0800] "GET /xingrg/all/function/internal_message.html?_=1622774198118&CODE_STATE=getMsg HTTP/1.1" 200 27
61.165.42.208 - - [04/Jun/2021:10:36:41 +0800] "GET /xingrg/kc/print/load_data.html?order_code=212021060401467&kc_code=cgsh&condition= HTTP/1.1" 200 1344
116.224.253.72 - - [04/Jun/2021:10:36:41 +0800] "GET /xingrg/all/function/internal_message.html?_=1622774203424&CODE_STATE=getMsg HTTP/1.1" 200 27
101.85.94.178 - - [04/Jun/2021:10:36:46 +0800] "GET /xingrg/check_reg.html?_=1622773674344 HTTP/1.1" 200 22
101.85.94.178 - - [04/Jun/2021:10:36:46 +0800] "GET /xingrg/all/function/internal_message.html?_=1622773674342&CODE_STATE=getMsg HTTP/1.1" 200 27
116.230.110.80 - - [04/Jun/2021:10:36:48 +0800] "POST /xingrg/services/DataTransmitService HTTP/1.1" 200 501
183.192.164.97 - - [04/Jun/2021:10:36:48 +0800] "GET /xingrg/kc/buy/cgsh_order_info.html?code=212021060401465 HTTP/1.1" 302 -
183.192.164.97 - - [04/Jun/2021:10:36:49 +0800] "GET /xingrg/login.html HTTP/1.1" 200 7641
117.185.32.26 - - [04/Jun/2021:10:36:50 +0800] "GET /xingrg/kc/buy/cgsh_order_add.html HTTP/1.1" 200 62368
180.169.147.146 - - [04/Jun/2021:10:36:50 +0800] "GET /xingrg/all/report/report_query.html?isQuery=1&fileName=kc/base/crk_detail_by_small.xml&rh=99999&queryString=&queryText=%25E3%2580%2590%25E4%25BB%2593%25E5%25BA%2593%25E5%2590%258D%25E7%25A7%25B0%253A%25E7%2589%25A9%25E6%2596%2599%25E4%25BB%2593%25E5%25BA%2593%25E3%2580%2591%25E3%2580%2590%25E4%25B8%259A%25E5%258A%25A1%25E7%25B1%25BB%25E5%259E%258B%25EF%25BC%259A%25E5%2586%2585%25E9%2583%25A8%25E8%25B0%2583%25E5%2587%25BA%25E3%2580%2591%2520%253F%253F%253F%253F%253F2021-05-01%253F%253F2021-05-31%2520%253F%253F%253F%253F%253F%253F%253F%253F%252C%253F%253F%253F%253F%253F%253F%252C%253F%253F%253F%253F%253F%252C%253F%253F%253F%253F%253F%252C%253F%253F%253F%253F%253F&tableQueryString=crk_table%2524sp1%2524order_day%2520between%252020210501%2520and%252020210531%2520and%2520(base_code%253D'0010539')%2520and%2520(src_order_type%2520in%2520(42))%2520and%2520(is_rk%2520in%2520(0)) HTTP/1.1" 200 53838
180.169.147.146 - - [04/Jun/2021:10:36:50 +0800] "GET /xingrg/dwr/interface/AjaxReportQueryService.js HTTP/1.1" 200 13203
180.169.147.146 - - [04/Jun/2021:10:36:50 +0800] "GET /xingrg/dwr/engine.js HTTP/1.1" 200 43631
117.185.32.26 - - [04/Jun/2021:10:36:50 +0800] "GET /xingrg/javascript/easyui/themes/default/validatebox.css HTTP/1.1" 404 1104
117.185.32.26 - - [04/Jun/2021:10:36:50 +0800] "POST /xingrg/kc/buy/cgsh_order_operate.html HTTP/1.1" 200 8245
180.169.147.146 - - [04/Jun/2021:10:36:51 +0800] "POST /xingrg/all/report/load_report_page.html HTTP/1.1" 200 41330
180.169.147.146 - - [04/Jun/2021:10:36:51 +0800] "GET /xingrg/servlets/image?cache=0.8228117196877426&image=px HTTP/1.1" 200 807
61.165.42.208 - - [04/Jun/2021:10:36:51 +0800] "GET /xingrg/kc/buy/cgsh_order_add.html HTTP/1.1" 200 62409
116.230.110.80 - - [04/Jun/2021:10:36:51 +0800] "POST /xingrg/services/DataTransmitService HTTP/1.1" 200 501
61.165.42.208 - - [04/Jun/2021:10:36:52 +0800] "POST /xingrg/kc/buy/cgsh_order_operate.html HTTP/1.1" 200 8245
116.230.110.80 - - [04/Jun/2021:10:36:52 +0800] "POST /xingrg/services/DataTransmitService HTTP/1.1" 200 501
61.165.42.208 - - [04/Jun/2021:10:36:52 +0800] "GET /xingrg/javascript/easyui/themes/default/validatebox.css HTTP/1.1" 404 1104
116.224.253.72 - - [04/Jun/2021:10:36:52 +0800] "GET /xingrg/all/function/internal_message.html?_=1622774210374&CODE_STATE=getMsg HTTP/1.1" 200 27
180.169.147.146 - - [04/Jun/2021:10:36:52 +0800] "GET /xingrg/all/function/internal_message.html?_=1622774212737&CODE_STATE=getMsg HTTP/1.1" 200 27
117.185.32.26 - - [04/Jun/2021:10:36:52 +0800] "GET /xingrg/kc/buy/cgsh_order_operate.html?command=get_materiel&rest_code=00106&code=00101001051&supplier_code=00100094&order_time=2021-06-04 HTTP/1.1" 200 422
117.185.32.26 - - [04/Jun/2021:10:36:52 +0800] "GET /xingrg/javascript/easyui/themes/default/tree.css HTTP/1.1" 404 1090
120.204.17.72 - - [04/Jun/2021:10:36:53 +0800] "GET /xingrg/kc/print/load_config.html?kc_code=cgsh HTTP/1.1" 302 -
117.185.32.26 - - [04/Jun/2021:10:36:53 +0800] "POST /xingrg/all/common/load_tree.html?tree=supplier_tree_json&isDelete=1 HTTP/1.1" 200 55903
120.204.17.72 - - [04/Jun/2021:10:36:53 +0800] "GET /xingrg/login.html HTTP/1.1" 200 7641
120.204.17.70 - - [04/Jun/2021:10:36:54 +0800] "GET /xingrg/kc/print/load_data.html?order_code=212021060401465&kc_code=cgsh&condition= HTTP/1.1" 302 -
116.235.222.38 - - [04/Jun/2021:10:36:54 +0800] "GET /xingrg/all/function/internal_message.html?_=1622774205519&CODE_STATE=getMsg HTTP/1.1" 200 27
120.204.17.70 - - [04/Jun/2021:10:36:55 +0800] "GET /xingrg/login.html HTTP/1.1" 200 7641
116.230.110.80 - - [04/Jun/2021:10:36:56 +0800] "POST /xingrg/services/DataTransmitService HTTP/1.1" 200 501
116.230.110.80 - - [04/Jun/2021:10:36:58 +0800] "POST /xingrg/services/DataTransmitService HTTP/1.1" 200 501
116.230.110.80 - - [04/Jun/2021:10:36:59 +0800] "POST /xingrg/services/DataTransmitService HTTP/1.1" 200 501
180.169.147.146 - - [04/Jun/2021:10:37:00 +0800] "GET /xingrg/all/function/internal_message.html?_=1622774219329&CODE_STATE=getMsg HTTP/1.1" 200 27
117.185.32.26 - - [04/Jun/2021:10:37:01 +0800] "GET /xingrg/all/function/internal_message.html?_=1622774753064&CODE_STATE=getMsg HTTP/1.1" 200 27
180.162.112.86 - - [04/Jun/2021:10:37:01 +0800] "GET /xingrg/all/function/internal_message.html?_=1622773919631&CODE_STATE=getMsg HTTP/1.1" 200 27
61.165.42.208 - - [04/Jun/2021:10:37:01 +0800] "GET /xingrg/all/function/internal_message.html?_=1622774199273&CODE_STATE=getMsg HTTP/1.1" 200 27
116.230.110.80 - - [04/Jun/2021:10:37:02 +0800] "POST /xingrg/services/DataTransmitService HTTP/1.1" 200 412
61.165.42.208 - - [04/Jun/2021:10:37:02 +0800] "GET /xingrg/kc/buy/cgsh_order_operate.html?command=get_materiel&rest_code=00105&code=00101012026&supplier_code=00100034&order_time=2021-06-04 HTTP/1.1" 200 408
180.169.147.146 - - [04/Jun/2021:10:37:03 +0800] "GET /xingrg/all/function/internal_message.html?_=1622774223420&CODE_STATE=getMsg HTTP/1.1" 302 -
120.204.17.72 - - [04/Jun/2021:10:37:05 +0800] "GET /xingrg/kc/print/load_data.html?order_code=212021060401465&kc_code=cgsh HTTP/1.1" 302 -
116.230.110.80 - - [04/Jun/2021:10:37:05 +0800] "GET /xingrg/all/function/internal_message.html?_=1622774218088&CODE_STATE=getMsg HTTP/1.1" 200 27
120.204.17.72 - - [04/Jun/2021:10:37:06 +0800] "GET /xingrg/login.html HTTP/1.1" 200 7641
117.185.32.26 - - [04/Jun/2021:10:37:06 +0800] "GET /xingrg/kc/buy/cgsh_order_operate.html?command=get_materiel&rest_code=00106&code=00101006113&supplier_code=00100015&order_time=2021-06-04 HTTP/1.1" 200 415
180.161.111.4 - - [04/Jun/2021:10:37:09 +0800] "GET /xingrg/all/function/internal_message.html?_=1622774189660&CODE_STATE=getMsg HTTP/1.1" 200 27
116.232.55.183 - - [04/Jun/2021:10:37:10 +0800] "GET /xingrg/all/function/internal_message.html?_=1622774228984&CODE_STATE=getMsg HTTP/1.1" 200 27
117.185.32.26 - - [04/Jun/2021:10:37:10 +0800] "POST /xingrg/kc/buy/cgsh_order_operate.html HTTP/1.1" 200 37
61.165.42.208 - - [04/Jun/2021:10:37:12 +0800] "GET /xingrg/kc/base/wldb_order_operate.html?command=get_materiel&rest_code=00105&base_code=0010507&code=00101019183 HTTP/1.1" 200 435
180.169.147.146 - - [04/Jun/2021:10:37:12 +0800] "GET /xingrg/all/report/report_query.html?isQuery=1&fileName=kc/base/crk_detail_by_small.xml&rh=99999&queryString=&queryText=%25E3%2580%2590%25E4%25BB%2593%25E5%25BA%2593%25E5%2590%258D%25E7%25A7%25B0%253A%25E7%2589%25A9%25E6%2596%2599%25E4%25BB%2593%25E5%25BA%2593%25E3%2580%2591%25E3%2580%2590%25E4%25B8%259A%25E5%258A%25A1%25E7%25B1%25BB%25E5%259E%258B%25EF%25BC%259A%25E8%25B0%2583%25E5%25BE%2580%25E5%25BC%2582%25E5%25BA%2597%25E3%2580%2591%2520%253F%253F%253F%253F%253F2021-05-01%253F%253F2021-05-31%2520%253F%253F%253F%253F%253F%253F%253F%253F%252C%253F%253F%253F%253F%253F%253F%252C%253F%253F%253F%253F%253F%252C%253F%253F%253F%253F%253F%252C%253F%253F%253F%253F%253F&tableQueryString=crk_table%2524sp1%2524order_day%2520between%252020210501%2520and%252020210531%2520and%2520(base_code%253D'0010539')%2520and%2520(src_order_type%2520in%2520(48))%2520and%2520(is_rk%2520in%2520(0)) HTTP/1.1" 200 53838
180.169.147.146 - - [04/Jun/2021:10:37:12 +0800] "GET /xingrg/dwr/interface/AjaxReportQueryService.js HTTP/1.1" 200 13203
180.169.147.146 - - [04/Jun/2021:10:37:12 +0800] "GET /xingrg/dwr/engine.js HTTP/1.1" 200 43631
180.169.147.146 - - [04/Jun/2021:10:37:13 +0800] "POST /xingrg/all/report/load_report_page.html HTTP/1.1" 200 13948
180.169.147.146 - - [04/Jun/2021:10:37:13 +0800] "GET /xingrg/servlets/image?cache=0.08612035948261487&image=px HTTP/1.1" 200 807
114.86.187.76 - - [04/Jun/2021:10:37:14 +0800] "GET /xingrg/all/function/internal_message.html?_=1622774241592&CODE_STATE=getMsg HTTP/1.1" 200 27
222.69.130.27 - - [04/Jun/2021:10:37:14 +0800] "POST /xingrg/kc/buy/cgsh_order_operate.html HTTP/1.1" 200 37
180.161.111.4 - - [04/Jun/2021:10:37:19 +0800] "GET /xingrg/all/function/internal_message.html?_=1622774238003&CODE_STATE=getMsg HTTP/1.1" 200 27
172.20.0.100 - - [04/Jun/2021:10:37:19 +0800] "GET /xingrg/all/function/internal_message.html?_=1622774238200&CODE_STATE=getMsg HTTP/1.1" 200 27
172.20.0.100 - - [04/Jun/2021:10:37:19 +0800] "GET /xingrg/check_reg.html?_=1622774238202 HTTP/1.1" 200 22
117.185.32.26 - - [04/Jun/2021:10:37:19 +0800] "GET /xingrg/kc/buy/cgsh_order_operate.html?command=get_materiel&rest_code=00106&code=00101006065&supplier_code=00100015&order_time=2021-06-04 HTTP/1.1" 200 409
117.185.32.26 - - [04/Jun/2021:10:37:20 +0800] "POST /xingrg/kc/buy/cgsh_order_operate.html HTTP/1.1" 200 12
58.37.225.51 - - [04/Jun/2021:10:37:21 +0800] "GET /xingrg/all/function/internal_message.html?_=1622774185516&CODE_STATE=getMsg HTTP/1.1" 200 27
117.185.32.26 - - [04/Jun/2021:10:37:22 +0800] "GET /xingrg/kc/buy/cgsh_order_info.html?code=212021060401468 HTTP/1.1" 200 57264
117.185.32.26 - - [04/Jun/2021:10:37:22 +0800] "GET /xingrg/javascript/easyui/themes/default/validatebox.css HTTP/1.1" 404 1104
117.185.32.26 - - [04/Jun/2021:10:37:23 +0800] "POST /xingrg/kc/buy/cgsh_order_operate.html HTTP/1.1" 200 621
180.169.147.146 - - [04/Jun/2021:10:37:24 +0800] "GET /xingrg/all/report/report_query.html?isQuery=1&fileName=kc/base/crk_detail_by_small.xml&rh=99999&queryString=&queryText=%25E3%2580%2590%25E4%25BB%2593%25E5%25BA%2593%25E5%2590%258D%25E7%25A7%25B0%253A%25E7%2589%25A9%25E6%2596%2599%25E4%25BB%2593%25E5%25BA%2593%25E3%2580%2591%25E3%2580%2590%25E4%25B8%259A%25E5%258A%25A1%25E7%25B1%25BB%25E5%259E%258B%25EF%25BC%259A%25E9%2587%2587%25E8%25B4%25AD%25E5%2585%25A5%25E5%25BA%2593%25E3%2580%2591%2520%253F%253F%253F%253F%253F2021-05-01%253F%253F2021-05-31%2520%253F%253F%253F%253F%253F%253F%253F%253F%252C%253F%253F%253F%253F%253F%253F%252C%253F%253F%253F%253F%253F%252C%253F%253F%253F%253F%253F%252C%253F%253F%253F%253F%253F&tableQueryString=crk_table%2524sp1%2524order_day%2520between%252020210501%2520and%252020210531%2520and%2520(base_code%253D'0010539')%2520and%2520(src_order_type%2520in%2520(21))%2520and%2520(is_rk%2520in%2520(1)) HTTP/1.1" 200 53838
180.169.147.146 - - [04/Jun/2021:10:37:24 +0800] "GET /xingrg/dwr/engine.js HTTP/1.1" 200 43631
180.169.147.146 - - [04/Jun/2021:10:37:24 +0800] "GET /xingrg/dwr/interface/AjaxReportQueryService.js HTTP/1.1" 200 13203
180.169.147.146 - - [04/Jun/2021:10:37:25 +0800] "POST /xingrg/all/report/load_report_page.html HTTP/1.1" 200 16138
180.169.147.146 - - [04/Jun/2021:10:37:25 +0800] "GET /xingrg/servlets/image?cache=0.33371833259955574&image=px HTTP/1.1" 200 807
117.185.32.26 - - [04/Jun/2021:10:37:26 +0800] "GET /xingrg/all/function/internal_message.html?_=1622774241843&CODE_STATE=getMsg HTTP/1.1" 200 27
183.192.164.97 - - [04/Jun/2021:10:37:26 +0800] "GET /xingrg/all/function/internal_message.html?_=1622774181829&CODE_STATE=getMsg HTTP/1.1" 302 -
117.185.32.26 - - [04/Jun/2021:10:37:26 +0800] "GET /xingrg/kc/print/load_data.html?order_code=212021060401468&kc_code=cgsh&condition= HTTP/1.1" 200 788
183.192.164.97 - - [04/Jun/2021:10:37:26 +0800] "GET /xingrg/login.html HTTP/1.1" 200 7641
180.169.147.146 - - [04/Jun/2021:10:37:27 +0800] "GET /xingrg/check_reg.html?_=1622774247709 HTTP/1.1" 302 -
116.230.117.165 - - [04/Jun/2021:10:37:28 +0800] "GET /xingrg/check_reg.html?_=1622774264920 HTTP/1.1" 200 22
116.230.117.165 - - [04/Jun/2021:10:37:30 +0800] "GET /xingrg/all/function/internal_message.html?_=1622774266811&CODE_STATE=getMsg HTTP/1.1" 200 27
61.165.42.208 - - [04/Jun/2021:10:37:31 +0800] "GET /xingrg/kc/buy/cgsh_order_operate.html?command=get_materiel&rest_code=00105&code=00101016071&supplier_code=00100034&order_time=2021-06-04 HTTP/1.1" 200 416
222.70.177.128 - - [04/Jun/2021:10:37:34 +0800] "GET /xingrg/all/function/internal_message.html?_=1622774251016&CODE_STATE=getMsg HTTP/1.1" 200 27
117.185.32.26 - - [04/Jun/2021:10:37:36 +0800] "GET /xingrg/kc/buy/cgsh_order_operate.html?command=get_materiel&rest_code=00106&code=00101006129&supplier_code=00100015&order_time=2021-06-04 HTTP/1.1" 200 431
61.165.42.208 - - [04/Jun/2021:10:37:39 +0800] "GET /xingrg/all/function/internal_message.html?_=1622774258290&CODE_STATE=getMsg HTTP/1.1" 200 27
58.37.225.51 - - [04/Jun/2021:10:37:40 +0800] "GET /xingrg/check_reg.html?_=1622774204089 HTTP/1.1" 200 22
61.165.42.208 - - [04/Jun/2021:10:37:40 +0800] "GET /xingrg/check_reg.html?_=1622774259733 HTTP/1.1" 200 22
180.169.147.146 - - [04/Jun/2021:10:37:41 +0800] "GET /xingrg/all/report/report_query.html?isQuery=1&fileName=kc/base/crk_detail_by_small.xml&rh=99999&queryString=&queryText=%25E3%2580%2590%25E4%25BB%2593%25E5%25BA%2593%25E5%2590%258D%25E7%25A7%25B0%253A%25E7%2589%25A9%25E6%2596%2599%25E4%25BB%2593%25E5%25BA%2593%25E3%2580%2591%25E3%2580%2590%25E4%25B8%259A%25E5%258A%25A1%25E7%25B1%25BB%25E5%259E%258B%25EF%25BC%259A%25E6%2580%25BB%25E9%2583%25A8%25E9%2585%258D%25E9%2580%2581%25E3%2580%2591%2520%253F%253F%253F%253F%253F2021-05-01%253F%253F2021-05-31%2520%253F%253F%253F%253F%253F%253F%253F%253F%252C%253F%253F%253F%253F%253F%253F%252C%253F%253F%253F%253F%253F%252C%253F%253F%253F%253F%253F%252C%253F%253F%253F%253F%253F&tableQueryString=crk_table%2524sp1%2524order_day%2520between%252020210501%2520and%252020210531%2520and%2520(base_code%253D'0010539')%2520and%2520(src_order_type%2520in%2520(31))%2520and%2520(is_rk%2520in%2520(1)) HTTP/1.1" 200 53838
116.224.253.72 - - [04/Jun/2021:10:37:41 +0800] "GET /xingrg/all/function/internal_message.html?_=1622774263438&CODE_STATE=getMsg HTTP/1.1" 200 27
180.169.147.146 - - [04/Jun/2021:10:37:41 +0800] "GET /xingrg/dwr/interface/AjaxReportQueryService.js HTTP/1.1" 200 13203
180.169.147.146 - - [04/Jun/2021:10:37:41 +0800] "GET /xingrg/dwr/engine.js HTTP/1.1" 200 43631
61.165.42.208 - - [04/Jun/2021:10:37:42 +0800] "GET /xingrg/kc/buy/cgsh_order_operate.html?command=get_materiel&rest_code=00105&code=00101016100&supplier_code=00100034&order_time=2021-06-04 HTTP/1.1" 200 412
180.169.147.146 - - [04/Jun/2021:10:37:42 +0800] "POST /xingrg/all/report/load_report_page.html HTTP/1.1" 200 28165
180.169.147.146 - - [04/Jun/2021:10:37:42 +0800] "GET /xingrg/servlets/image?cache=0.27399272913002914&image=px HTTP/1.1" 200 807
61.165.42.208 - - [04/Jun/2021:10:37:43 +0800] "GET /xingrg/kc/base/wldb_order_operate.html?command=get_materiel&rest_code=00105&base_code=0010507&code=00101019198 HTTP/1.1" 200 471
101.85.94.178 - - [04/Jun/2021:10:37:46 +0800] "GET /xingrg/all/function/internal_message.html?_=1622773734357&CODE_STATE=getMsg HTTP/1.1" 200 27
117.185.32.26 - - [04/Jun/2021:10:37:48 +0800] "GET /xingrg/kc/buy/cgsh_order_operate.html?command=get_materiel&rest_code=00106&code=00101006130&supplier_code=00100015&order_time=2021-06-04 HTTP/1.1" 200 429
116.230.114.112 - - [04/Jun/2021:10:37:50 +0800] "GET /xingrg/check_reg.html?_=1622774283849 HTTP/1.1" 302 -
61.165.42.208 - - [04/Jun/2021:10:37:51 +0800] "GET /xingrg/kc/buy/cgsh_order_operate.html?command=get_materiel&rest_code=00105&code=00101012029&supplier_code=00100034&order_time=2021-06-04 HTTP/1.1" 200 412
116.224.253.72 - - [04/Jun/2021:10:37:52 +0800] "GET /xingrg/all/function/internal_message.html?_=1622774270382&CODE_STATE=getMsg HTTP/1.1" 200 27
180.169.147.146 - - [04/Jun/2021:10:37:52 +0800] "GET /xingrg/all/function/internal_message.html?_=1622774272725&CODE_STATE=getMsg HTTP/1.1" 200 27
116.224.253.72 - - [04/Jun/2021:10:37:52 +0800] "GET /xingrg/check_reg.html?_=1622774270383 HTTP/1.1" 200 22
116.235.222.38 - - [04/Jun/2021:10:37:54 +0800] "GET /xingrg/all/function/internal_message.html?_=1622774265502&CODE_STATE=getMsg HTTP/1.1" 200 27
116.235.222.38 - - [04/Jun/2021:10:37:54 +0800] "GET /xingrg/check_reg.html?_=1622774265621 HTTP/1.1" 200 22
180.169.147.146 - - [04/Jun/2021:10:38:00 +0800] "GET /xingrg/all/function/internal_message.html?_=1622774279335&CODE_STATE=getMsg HTTP/1.1" 200 27
180.169.147.146 - - [04/Jun/2021:10:38:00 +0800] "GET /xingrg/check_reg.html?_=1622774279337 HTTP/1.1" 200 22
117.185.32.26 - - [04/Jun/2021:10:38:00 +0800] "GET /xingrg/all/function/internal_message.html?_=1622774813043&CODE_STATE=getMsg HTTP/1.1" 200 27
61.165.42.208 - - [04/Jun/2021:10:38:01 +0800] "GET /xingrg/kc/base/wldb_order_operate.html?command=get_materiel&rest_code=00105&base_code=0010507&code=00101019199 HTTP/1.1" 200 459
180.162.112.86 - - [04/Jun/2021:10:38:01 +0800] "GET /xingrg/check_reg.html?_=1622773979631 HTTP/1.1" 200 22
180.162.112.86 - - [04/Jun/2021:10:38:01 +0800] "GET /xingrg/all/function/internal_message.html?_=1622773979634&CODE_STATE=getMsg HTTP/1.1" 200 27
61.165.42.208 - - [04/Jun/2021:10:38:01 +0800] "GET /xingrg/all/function/internal_message.html?_=1622774259245&CODE_STATE=getMsg HTTP/1.1" 200 27
180.169.147.146 - - [04/Jun/2021:10:38:02 +0800] "GET /xingrg/all/report/report_query.html?isQuery=1&fileName=kc/base/crk_detail_by_small.xml&rh=99999&queryString=&queryText=%25E3%2580%2590%25E4%25BB%2593%25E5%25BA%2593%25E5%2590%258D%25E7%25A7%25B0%253A%25E7%2589%25A9%25E6%2596%2599%25E4%25BB%2593%25E5%25BA%2593%25E3%2580%2591%25E3%2580%2590%25E4%25B8%259A%25E5%258A%25A1%25E7%25B1%25BB%25E5%259E%258B%25EF%25BC%259A%25E8%25B0%2583%25E5%25BE%2580%25E5%25BC%2582%25E5%25BA%2597%25E3%2580%2591%2520%253F%253F%253F%253F%253F2021-05-01%253F%253F2021-05-31%2520%253F%253F%253F%253F%253F%253F%253F%253F%252C%253F%253F%253F%253F%253F%253F%252C%253F%253F%253F%253F%253F%252C%253F%253F%253F%253F%253F%252C%253F%253F%253F%253F%253F&tableQueryString=crk_table%2524sp1%2524order_day%2520between%252020210501%2520and%252020210531%2520and%2520(base_code%253D'0010539')%2520and%2520(src_order_type%2520in%2520(48))%2520and%2520(is_rk%2520in%2520(0)) HTTP/1.1" 200 53838
180.169.147.146 - - [04/Jun/2021:10:38:02 +0800] "GET /xingrg/dwr/interface/AjaxReportQueryService.js HTTP/1.1" 200 13203
180.169.147.146 - - [04/Jun/2021:10:38:02 +0800] "GET /xingrg/dwr/engine.js HTTP/1.1" 200 43631
180.169.147.146 - - [04/Jun/2021:10:38:03 +0800] "POST /xingrg/all/report/load_report_page.html HTTP/1.1" 200 13959
180.169.147.146 - - [04/Jun/2021:10:38:03 +0800] "GET /xingrg/servlets/image?cache=0.008322732537037858&image=px HTTP/1.1" 200 807
180.169.147.146 - - [04/Jun/2021:10:38:03 +0800] "GET /xingrg/all/function/internal_message.html?_=1622774283427&CODE_STATE=getMsg HTTP/1.1" 302 -
116.230.110.80 - - [04/Jun/2021:10:38:05 +0800] "GET /xingrg/all/function/internal_message.html?_=1622774278076&CODE_STATE=getMsg HTTP/1.1" 200 27
180.161.111.4 - - [04/Jun/2021:10:38:09 +0800] "GET /xingrg/all/function/internal_message.html?_=1622774249672&CODE_STATE=getMsg HTTP/1.1" 200 27
116.232.55.183 - - [04/Jun/2021:10:38:10 +0800] "GET /xingrg/all/function/internal_message.html?_=1622774288990&CODE_STATE=getMsg HTTP/1.1" 200 27
116.232.55.183 - - [04/Jun/2021:10:38:10 +0800] "GET /xingrg/check_reg.html?_=1622774288991 HTTP/1.1" 200 22
180.169.147.146 - - [04/Jun/2021:10:38:14 +0800] "GET /xingrg/all/report/report_query.html?isQuery=1&fileName=kc/base/crk_detail_by_small.xml&rh=99999&queryString=&queryText=%25E3%2580%2590%25E4%25BB%2593%25E5%25BA%2593%25E5%2590%258D%25E7%25A7%25B0%253A%25E7%2589%25A9%25E6%2596%2599%25E4%25BB%2593%25E5%25BA%2593%25E3%2580%2591%25E3%2580%2590%25E4%25B8%259A%25E5%258A%25A1%25E7%25B1%25BB%25E5%259E%258B%25EF%25BC%259A%25E5%2586%2585%25E9%2583%25A8%25E8%25B0%2583%25E5%2587%25BA%25E3%2580%2591%2520%253F%253F%253F%253F%253F2021-05-01%253F%253F2021-05-31%2520%253F%253F%253F%253F%253F%253F%253F%253F%252C%253F%253F%253F%253F%253F%253F%252C%253F%253F%253F%253F%253F%252C%253F%253F%253F%253F%253F%252C%253F%253F%253F%253F%253F&tableQueryString=crk_table%2524sp1%2524order_day%2520between%252020210501%2520and%252020210531%2520and%2520(base_code%253D'0010539')%2520and%2520(src_order_type%2520in%2520(42))%2520and%2520(is_rk%2520in%2520(0)) HTTP/1.1" 200 53838
114.86.187.76 - - [04/Jun/2021:10:38:14 +0800] "GET /xingrg/all/function/internal_message.html?_=1622774301598&CODE_STATE=getMsg HTTP/1.1" 200 27
180.169.147.146 - - [04/Jun/2021:10:38:14 +0800] "GET /xingrg/dwr/interface/AjaxReportQueryService.js HTTP/1.1" 200 13203
180.169.147.146 - - [04/Jun/2021:10:38:14 +0800] "GET /xingrg/dwr/engine.js HTTP/1.1" 200 43631
180.169.147.146 - - [04/Jun/2021:10:38:15 +0800] "POST /xingrg/all/report/load_report_page.html HTTP/1.1" 200 41330
180.169.147.146 - - [04/Jun/2021:10:38:15 +0800] "GET /xingrg/servlets/image?cache=0.8575478776866319&image=px HTTP/1.1" 200 807
61.165.42.208 - - [04/Jun/2021:10:38:16 +0800] "GET /xingrg/kc/base/wldb_order_operate.html?command=get_materiel&rest_code=00105&base_code=0010507&code=00101019142 HTTP/1.1" 200 448
120.204.17.72 - - [04/Jun/2021:10:38:17 +0800] "GET /xingrg/kc/buy/cgsh_order_operate.html?command=get_materiel&rest_code=00106&code=00101006065&supplier_code=00100015&order_time=2021-06-04 HTTP/1.1" 302 -
120.204.17.72 - - [04/Jun/2021:10:38:17 +0800] "GET /xingrg/login.html HTTP/1.1" 200 7641
61.165.42.208 - - [04/Jun/2021:10:38:18 +0800] "POST /xingrg/kc/buy/cgsh_order_operate.html HTTP/1.1" 200 37
180.161.111.4 - - [04/Jun/2021:10:38:18 +0800] "GET /xingrg/check_reg.html?_=1622774297681 HTTP/1.1" 200 22
180.161.111.4 - - [04/Jun/2021:10:38:19 +0800] "GET /xingrg/all/function/internal_message.html?_=1622774298031&CODE_STATE=getMsg HTTP/1.1" 200 27
172.20.0.100 - - [04/Jun/2021:10:38:19 +0800] "GET /xingrg/all/function/internal_message.html?_=1622774298190&CODE_STATE=getMsg HTTP/1.1" 200 27
61.165.42.208 - - [04/Jun/2021:10:38:19 +0800] "POST /xingrg/kc/buy/cgsh_order_operate.html HTTP/1.1" 200 4431
61.165.42.208 - - [04/Jun/2021:10:38:21 +0800] "GET /xingrg/kc/print/load_data.html?order_code=212021060401470&kc_code=cgsh&condition= HTTP/1.1" 200 1384
58.37.225.51 - - [04/Jun/2021:10:38:21 +0800] "GET /xingrg/all/function/internal_message.html?_=1622774245518&CODE_STATE=getMsg HTTP/1.1" 200 27
120.204.17.70 - - [04/Jun/2021:10:38:25 +0800] "GET /xingrg/all/function/internal_message.html?_=1622774241843&CODE_STATE=getMsg HTTP/1.1" 302 -
116.230.110.80 - - [04/Jun/2021:10:38:25 +0800] "POST /xingrg/services/DataTransmitService HTTP/1.1" 200 524
117.185.32.26 - - [04/Jun/2021:10:38:26 +0800] "GET /xingrg/all/function/internal_message.html?_=1622774301807&CODE_STATE=getMsg HTTP/1.1" 200 27
120.204.17.70 - - [04/Jun/2021:10:38:26 +0800] "GET /xingrg/login.html HTTP/1.1" 200 7641
61.165.42.208 - - [04/Jun/2021:10:38:30 +0800] "GET /xingrg/kc/base/wldb_order_operate.html?command=get_materiel&rest_code=00105&base_code=0010507&code=00101019015 HTTP/1.1" 200 437
116.230.117.165 - - [04/Jun/2021:10:38:30 +0800] "GET /xingrg/all/function/internal_message.html?_=1622774326826&CODE_STATE=getMsg HTTP/1.1" 200 27
180.169.147.146 - - [04/Jun/2021:10:38:31 +0800] "GET /xingrg/check_reg.html?_=1622774305011 HTTP/1.1" 200 22
116.230.110.80 - - [04/Jun/2021:10:38:33 +0800] "POST /xingrg/services/DataTransmitService HTTP/1.1" 200 501
222.70.177.128 - - [04/Jun/2021:10:38:34 +0800] "GET /xingrg/all/function/internal_message.html?_=1622774311026&CODE_STATE=getMsg HTTP/1.1" 200 27
61.165.42.208 - - [04/Jun/2021:10:38:38 +0800] "GET /xingrg/all/function/internal_message.html?_=1622774318073&CODE_STATE=getMsg HTTP/1.1" 200 27
117.185.32.26 - - [04/Jun/2021:10:38:39 +0800] "GET /xingrg/kc/buy/cgsh_order_add.html HTTP/1.1" 200 62362
117.185.32.26 - - [04/Jun/2021:10:38:40 +0800] "POST /xingrg/kc/buy/cgsh_order_operate.html HTTP/1.1" 200 8245
117.185.32.26 - - [04/Jun/2021:10:38:40 +0800] "GET /xingrg/javascript/easyui/themes/default/validatebox.css HTTP/1.1" 404 1104
116.224.253.72 - - [04/Jun/2021:10:38:41 +0800] "GET /xingrg/all/function/internal_message.html?_=1622774323475&CODE_STATE=getMsg HTTP/1.1" 200 27
116.230.110.80 - - [04/Jun/2021:10:38:45 +0800] "POST /xingrg/services/DataTransmitService HTTP/1.1" 200 524
117.185.32.26 - - [04/Jun/2021:10:38:45 +0800] "GET /xingrg/javascript/easyui/themes/default/tree.css HTTP/1.1" 404 1090
117.185.32.26 - - [04/Jun/2021:10:38:45 +0800] "POST /xingrg/all/common/load_tree.html?tree=supplier_tree_json&isDelete=1 HTTP/1.1" 200 55903
101.85.94.178 - - [04/Jun/2021:10:38:46 +0800] "GET /xingrg/all/function/internal_message.html?_=1622773794357&CODE_STATE=getMsg HTTP/1.1" 200 27
183.192.164.214 - - [04/Jun/2021:10:38:46 +0800] "GET /xingrg/kc/buy/cgsh_order_operate.html?command=get_materiel&rest_code=00106&code=00101006130&supplier_code=00100015&order_time=2021-06-04 HTTP/1.1" 302 -
183.192.164.214 - - [04/Jun/2021:10:38:47 +0800] "GET /xingrg/login.html HTTP/1.1" 200 7641
180.169.147.146 - - [04/Jun/2021:10:38:52 +0800] "GET /xingrg/all/function/internal_message.html?_=1622774332739&CODE_STATE=getMsg HTTP/1.1" 200 27
116.224.253.72 - - [04/Jun/2021:10:38:52 +0800] "GET /xingrg/all/function/internal_message.html?_=1622774330386&CODE_STATE=getMsg HTTP/1.1" 200 27
58.221.95.50 - - [04/Jun/2021:10:38:54 +0800] "GET /xingrg/check_reg.html?_=1622774334561 HTTP/1.1" 302 -
116.235.222.38 - - [04/Jun/2021:10:38:54 +0800] "GET /xingrg/all/function/internal_message.html?_=1622774325494&CODE_STATE=getMsg HTTP/1.1" 200 27
116.230.110.80 - - [04/Jun/2021:10:38:59 +0800] "POST /xingrg/services/DataTransmitService HTTP/1.1" 200 501
116.230.110.80 - - [04/Jun/2021:10:39:00 +0800] "POST /xingrg/services/DataTransmitService HTTP/1.1" 200 501
180.169.147.146 - - [04/Jun/2021:10:39:00 +0800] "GET /xingrg/all/function/internal_message.html?_=1622774339346&CODE_STATE=getMsg HTTP/1.1" 200 27
117.185.32.26 - - [04/Jun/2021:10:39:00 +0800] "GET /xingrg/all/function/internal_message.html?_=1622774873025&CODE_STATE=getMsg HTTP/1.1" 200 27
180.162.112.86 - - [04/Jun/2021:10:39:01 +0800] "GET /xingrg/all/function/internal_message.html?_=1622774039634&CODE_STATE=getMsg HTTP/1.1" 200 27
61.165.42.208 - - [04/Jun/2021:10:39:01 +0800] "GET /xingrg/all/function/internal_message.html?_=1622774319230&CODE_STATE=getMsg HTTP/1.1" 200 27
180.169.147.146 - - [04/Jun/2021:10:39:03 +0800] "GET /xingrg/all/function/internal_message.html?_=1622774343452&CODE_STATE=getMsg HTTP/1.1" 302 -
61.165.42.208 - - [04/Jun/2021:10:39:03 +0800] "GET /xingrg/kc/buy/cgsh_order_add.html HTTP/1.1" 200 62409
61.165.42.208 - - [04/Jun/2021:10:39:04 +0800] "POST /xingrg/kc/buy/cgsh_order_operate.html HTTP/1.1" 200 8245
61.165.42.208 - - [04/Jun/2021:10:39:04 +0800] "GET /xingrg/javascript/easyui/themes/default/validatebox.css HTTP/1.1" 404 1104
116.230.110.80 - - [04/Jun/2021:10:39:05 +0800] "GET /xingrg/all/function/internal_message.html?_=1622774338085&CODE_STATE=getMsg HTTP/1.1" 200 27
117.185.32.26 - - [04/Jun/2021:10:39:08 +0800] "GET /xingrg/kc/buy/cgsh_order_operate.html?command=get_materiel&rest_code=00106&code=00101012046&supplier_code=00100347&order_time=2021-06-04 HTTP/1.1" 200 417
180.161.111.4 - - [04/Jun/2021:10:39:10 +0800] "GET /xingrg/all/function/internal_message.html?_=1622774310092&CODE_STATE=getMsg HTTP/1.1" 200 27
116.232.55.183 - - [04/Jun/2021:10:39:10 +0800] "GET /xingrg/all/function/internal_message.html?_=1622774348989&CODE_STATE=getMsg HTTP/1.1" 200 27
114.86.187.76 - - [04/Jun/2021:10:39:14 +0800] "GET /xingrg/all/function/internal_message.html?_=1622774361595&CODE_STATE=getMsg HTTP/1.1" 200 27
117.185.32.26 - - [04/Jun/2021:10:39:16 +0800] "GET /xingrg/kc/buy/cgsh_order_operate.html?command=get_materiel&rest_code=00106&code=00101006006&supplier_code=00100015&order_time=2021-06-04 HTTP/1.1" 200 411
116.230.110.80 - - [04/Jun/2021:10:39:16 +0800] "POST /xingrg/services/DataTransmitService HTTP/1.1" 200 501
61.165.42.208 - - [04/Jun/2021:10:39:18 +0800] "GET /xingrg/kc/base/wldb_order_operate.html?command=get_materiel&rest_code=00105&base_code=0010507&code=00101019133 HTTP/1.1" 200 466
172.20.0.100 - - [04/Jun/2021:10:39:19 +0800] "GET /xingrg/all/function/internal_message.html?_=1622774358191&CODE_STATE=getMsg HTTP/1.1" 200 27
180.161.111.4 - - [04/Jun/2021:10:39:19 +0800] "GET /xingrg/all/function/internal_message.html?_=1622774358060&CODE_STATE=getMsg HTTP/1.1" 200 27
58.37.225.51 - - [04/Jun/2021:10:39:21 +0800] "GET /xingrg/all/function/internal_message.html?_=1622774305487&CODE_STATE=getMsg HTTP/1.1" 200 27
117.185.32.26 - - [04/Jun/2021:10:39:22 +0800] "GET /xingrg/check_reg.html?_=1622774358030 HTTP/1.1" 200 22
117.185.32.26 - - [04/Jun/2021:10:39:26 +0800] "GET /xingrg/all/function/internal_message.html?_=1622774361771&CODE_STATE=getMsg HTTP/1.1" 200 27
61.165.42.208 - - [04/Jun/2021:10:39:28 +0800] "GET /xingrg/kc/buy/cgsh_order_operate.html?command=get_materiel&rest_code=00105&code=00101006130&supplier_code=00100012&order_time=2021-06-04 HTTP/1.1" 200 427
116.230.117.165 - - [04/Jun/2021:10:39:30 +0800] "GET /xingrg/all/function/internal_message.html?_=1622774386840&CODE_STATE=getMsg HTTP/1.1" 200 27
117.185.32.26 - - [04/Jun/2021:10:39:32 +0800] "GET /xingrg/kc/buy/cgsh_order_operate.html?command=get_materiel&rest_code=00106&code=00101006174&supplier_code=00100015&order_time=2021-06-04 HTTP/1.1" 200 414
222.70.177.128 - - [04/Jun/2021:10:39:34 +0800] "GET /xingrg/all/function/internal_message.html?_=1622774371040&CODE_STATE=getMsg HTTP/1.1" 200 27
61.165.42.208 - - [04/Jun/2021:10:39:38 +0800] "GET /xingrg/all/function/internal_message.html?_=1622774378135&CODE_STATE=getMsg HTTP/1.1" 200 27
117.185.32.26 - - [04/Jun/2021:10:39:39 +0800] "GET /xingrg/kc/buy/cgsh_order_operate.html?command=get_materiel&rest_code=00106&code=00101006111&supplier_code=00100015&order_time=2021-06-04 HTTP/1.1" 200 409
116.230.110.80 - - [04/Jun/2021:10:39:39 +0800] "POST /xingrg/services/DataTransmitService HTTP/1.1" 200 501
116.230.110.80 - - [04/Jun/2021:10:39:41 +0800] "POST /xingrg/services/DataTransmitService HTTP/1.1" 200 501
116.224.253.72 - - [04/Jun/2021:10:39:41 +0800] "GET /xingrg/all/function/internal_message.html?_=1622774383482&CODE_STATE=getMsg HTTP/1.1" 200 27
116.230.110.80 - - [04/Jun/2021:10:39:42 +0800] "POST /xingrg/services/DataTransmitService HTTP/1.1" 200 501
61.165.42.208 - - [04/Jun/2021:10:39:43 +0800] "GET /xingrg/kc/buy/cgsh_order_operate.html?command=get_materiel&rest_code=00105&code=00101006038&supplier_code=00100012&order_time=2021-06-04 HTTP/1.1" 200 421
116.230.110.80 - - [04/Jun/2021:10:39:45 +0800] "POST /xingrg/services/DataTransmitService HTTP/1.1" 200 501
116.230.110.80 - - [04/Jun/2021:10:39:47 +0800] "POST /xingrg/services/DataTransmitService HTTP/1.1" 200 501
116.230.110.80 - - [04/Jun/2021:10:39:49 +0800] "POST /xingrg/services/DataTransmitService HTTP/1.1" 200 501
101.85.94.178 - - [04/Jun/2021:10:39:49 +0800] "GET /xingrg/all/function/internal_message.html?_=1622773854372&CODE_STATE=getMsg HTTP/1.1" 200 27
61.165.42.208 - - [04/Jun/2021:10:39:49 +0800] "GET /xingrg/kc/base/wldb_order_operate.html?command=get_materiel&rest_code=00105&base_code=0010507&code=00101019046 HTTP/1.1" 200 462
117.185.32.26 - - [04/Jun/2021:10:39:50 +0800] "GET /xingrg/kc/buy/cgsh_order_operate.html?command=get_materiel&rest_code=00106&code=00101006062&supplier_code=00100015&order_time=2021-06-04 HTTP/1.1" 200 411
116.230.110.80 - - [04/Jun/2021:10:39:50 +0800] "POST /xingrg/services/DataTransmitService HTTP/1.1" 200 412
116.224.253.72 - - [04/Jun/2021:10:39:52 +0800] "GET /xingrg/all/function/internal_message.html?_=1622774390388&CODE_STATE=getMsg HTTP/1.1" 200 27
180.169.147.146 - - [04/Jun/2021:10:39:52 +0800] "GET /xingrg/check_reg.html?_=1622774392726 HTTP/1.1" 200 22
180.169.147.146 - - [04/Jun/2021:10:39:52 +0800] "GET /xingrg/all/function/internal_message.html?_=1622774392731&CODE_STATE=getMsg HTTP/1.1" 200 27
116.230.110.80 - - [04/Jun/2021:10:39:54 +0800] "POST /xingrg/services/DataTransmitService HTTP/1.1" 200 524
116.235.222.38 - - [04/Jun/2021:10:39:54 +0800] "GET /xingrg/all/function/internal_message.html?_=1622774385478&CODE_STATE=getMsg HTTP/1.1" 200 27
117.185.32.26 - - [04/Jun/2021:10:39:54 +0800] "GET /xingrg/kc/buy/cgsh_order_operate.html?command=get_materiel&rest_code=00106&code=00101010348&supplier_code=00100347&order_time=2021-06-04 HTTP/1.1" 200 417
61.165.42.208 - - [04/Jun/2021:10:39:56 +0800] "GET /xingrg/kc/buy/cgsh_order_operate.html?command=get_materiel&rest_code=00105&code=00101006109&supplier_code=00100012&order_time=2021-06-04 HTTP/1.1" 200 409
117.185.32.26 - - [04/Jun/2021:10:40:00 +0800] "GET /xingrg/all/function/internal_message.html?_=1622774932992&CODE_STATE=getMsg HTTP/1.1" 200 27
180.169.147.146 - - [04/Jun/2021:10:40:00 +0800] "GET /xingrg/all/function/internal_message.html?_=1622774399347&CODE_STATE=getMsg HTTP/1.1" 200 27
116.230.110.80 - - [04/Jun/2021:10:40:00 +0800] "POST /xingrg/services/DataTransmitService HTTP/1.1" 200 501
180.162.112.86 - - [04/Jun/2021:10:40:01 +0800] "GET /xingrg/all/function/internal_message.html?_=1622774099634&CODE_STATE=getMsg HTTP/1.1" 200 27
61.165.42.208 - - [04/Jun/2021:10:40:01 +0800] "GET /xingrg/all/function/internal_message.html?_=1622774379211&CODE_STATE=getMsg HTTP/1.1" 200 27
61.165.42.208 - - [04/Jun/2021:10:40:01 +0800] "GET /xingrg/check_reg.html?_=1622774379293 HTTP/1.1" 200 22
61.165.42.208 - - [04/Jun/2021:10:40:02 +0800] "GET /xingrg/kc/buy/cgsh_order_operate.html?command=get_materiel&rest_code=00105&code=00101006177&supplier_code=00100012&order_time=2021-06-04 HTTP/1.1" 200 409
180.169.147.146 - - [04/Jun/2021:10:40:03 +0800] "GET /xingrg/all/function/internal_message.html?_=1622774403454&CODE_STATE=getMsg HTTP/1.1" 302 -
117.185.32.26 - - [04/Jun/2021:10:40:04 +0800] "GET /xingrg/kc/buy/cgsh_order_operate.html?command=get_materiel&rest_code=00106&code=00101006133&supplier_code=00100015&order_time=2021-06-04 HTTP/1.1" 200 415
61.165.42.208 - - [04/Jun/2021:10:40:05 +0800] "GET /xingrg/kc/base/wldb_order_operate.html?command=get_materiel&rest_code=00105&base_code=0010507&code=00101019438 HTTP/1.1" 200 447
116.230.110.80 - - [04/Jun/2021:10:40:05 +0800] "GET /xingrg/all/function/internal_message.html?_=1622774398071&CODE_STATE=getMsg HTTP/1.1" 200 27
61.165.42.208 - - [04/Jun/2021:10:40:09 +0800] "GET /xingrg/kc/buy/cgsh_order_operate.html?command=get_materiel&rest_code=00105&code=00101010248&supplier_code=00100012&order_time=2021-06-04 HTTP/1.1" 200 430
116.232.55.183 - - [04/Jun/2021:10:40:10 +0800] "GET /xingrg/all/function/internal_message.html?_=1622774408992&CODE_STATE=getMsg HTTP/1.1" 200 27
61.165.42.208 - - [04/Jun/2021:10:40:10 +0800] "POST /xingrg/all/common/load_select.html HTTP/1.1" 200 25
180.161.111.4 - - [04/Jun/2021:10:40:10 +0800] "GET /xingrg/all/function/internal_message.html?_=1622774370105&CODE_STATE=getMsg HTTP/1.1" 200 27
61.165.42.208 - - [04/Jun/2021:10:40:13 +0800] "GET /xingrg/kc/buy/cgsh_order_operate.html?command=get_materiel_price&rest_code=00105&code=00101010248&unit_code=00100043&supplier_code=00100012&order_time=2021-06-04 HTTP/1.1" 200 29
120.204.17.72 - - [04/Jun/2021:10:40:13 +0800] "GET /xingrg/kc/buy/cgsh_order_operate.html?command=get_materiel&rest_code=00106&code=00101006006&supplier_code=00100015&order_time=2021-06-04 HTTP/1.1" 302 -
114.86.187.76 - - [04/Jun/2021:10:40:14 +0800] "GET /xingrg/all/function/internal_message.html?_=1622774421594&CODE_STATE=getMsg HTTP/1.1" 200 27
114.86.187.76 - - [04/Jun/2021:10:40:14 +0800] "GET /xingrg/check_reg.html?_=1622774421593 HTTP/1.1" 200 22
117.185.32.26 - - [04/Jun/2021:10:40:15 +0800] "GET /xingrg/kc/buy/cgsh_order_operate.html?command=get_materiel&rest_code=00106&code=00101006056&supplier_code=00100015&order_time=2021-06-04 HTTP/1.1" 200 413
120.204.17.72 - - [04/Jun/2021:10:40:16 +0800] "GET /xingrg/login.html HTTP/1.1" 200 7641
180.161.111.4 - - [04/Jun/2021:10:40:19 +0800] "GET /xingrg/all/function/internal_message.html?_=1622774418079&CODE_STATE=getMsg HTTP/1.1" 200 27
117.185.32.26 - - [04/Jun/2021:10:40:20 +0800] "GET /xingrg/kc/buy/cgsh_order_operate.html?command=get_materiel&rest_code=00106&code=00101023025&supplier_code=00100347&order_time=2021-06-04 HTTP/1.1" 200 396
58.37.225.51 - - [04/Jun/2021:10:40:21 +0800] "GET /xingrg/all/function/internal_message.html?_=1622774365455&CODE_STATE=getMsg HTTP/1.1" 200 27
120.204.17.72 - - [04/Jun/2021:10:40:22 +0800] "GET /xingrg/check_reg.html?_=1622774358030 HTTP/1.1" 302 -
61.165.42.208 - - [04/Jun/2021:10:40:22 +0800] "GET /xingrg/kc/base/wldb_order_operate.html?command=get_materiel&rest_code=00105&base_code=0010507&code=00101019258 HTTP/1.1" 200 469
120.204.17.72 - - [04/Jun/2021:10:40:22 +0800] "GET /xingrg/login.html HTTP/1.1" 200 7641
117.185.32.26 - - [04/Jun/2021:10:40:23 +0800] "GET /xingrg/kc/buy/cgsh_order_operate.html?command=get_materiel&rest_code=00106&code=00101006131&supplier_code=00100015&order_time=2021-06-04 HTTP/1.1" 200 417
183.192.164.97 - - [04/Jun/2021:10:40:25 +0800] "GET /xingrg/all/function/internal_message.html?_=1622774361771&CODE_STATE=getMsg HTTP/1.1" 302 -
117.185.32.26 - - [04/Jun/2021:10:40:25 +0800] "GET /xingrg/all/function/internal_message.html?_=1622774421737&CODE_STATE=getMsg HTTP/1.1" 200 27
183.192.164.97 - - [04/Jun/2021:10:40:26 +0800] "GET /xingrg/login.html HTTP/1.1" 200 7641
180.169.147.146 - - [04/Jun/2021:10:40:27 +0800] "GET /xingrg/check_reg.html?_=1622774427855 HTTP/1.1" 302 -
61.165.42.208 - - [04/Jun/2021:10:40:28 +0800] "GET /xingrg/kc/buy/cgsh_order_operate.html?command=get_materiel&rest_code=00105&code=00101006120&supplier_code=00100012&order_time=2021-06-04 HTTP/1.1" 200 429
120.204.17.72 - - [04/Jun/2021:10:40:30 +0800] "GET /xingrg/kc/buy/cgsh_order_operate.html?command=get_materiel&rest_code=00106&code=00101006174&supplier_code=00100015&order_time=2021-06-04 HTTP/1.1" 302 -
116.230.117.165 - - [04/Jun/2021:10:40:30 +0800] "GET /xingrg/all/function/internal_message.html?_=1622774447055&CODE_STATE=getMsg HTTP/1.1" 200 27
120.204.17.72 - - [04/Jun/2021:10:40:31 +0800] "GET /xingrg/login.html HTTP/1.1" 200 7641
222.70.177.128 - - [04/Jun/2021:10:40:34 +0800] "GET /xingrg/all/function/internal_message.html?_=1622774431040&CODE_STATE=getMsg HTTP/1.1" 200 27
120.204.17.73 - - [04/Jun/2021:10:40:37 +0800] "GET /xingrg/kc/buy/cgsh_order_operate.html?command=get_materiel&rest_code=00106&code=00101006111&supplier_code=00100015&order_time=2021-06-04 HTTP/1.1" 302 -
120.204.17.73 - - [04/Jun/2021:10:40:38 +0800] "GET /xingrg/login.html HTTP/1.1" 200 7641
61.165.42.208 - - [04/Jun/2021:10:40:39 +0800] "GET /xingrg/all/function/internal_message.html?_=1622774438282&CODE_STATE=getMsg HTTP/1.1" 200 27
116.224.253.72 - - [04/Jun/2021:10:40:41 +0800] "GET /xingrg/check_reg.html?_=1622774442815 HTTP/1.1" 200 22
116.224.253.72 - - [04/Jun/2021:10:40:41 +0800] "GET /xingrg/all/function/internal_message.html?_=1622774443494&CODE_STATE=getMsg HTTP/1.1" 200 27
114.86.187.76 - - [04/Jun/2021:10:40:43 +0800] "GET /favicon.ico HTTP/1.1" 404 -
117.185.32.26 - - [04/Jun/2021:10:40:43 +0800] "POST /xingrg/kc/buy/cgsh_order_operate.html HTTP/1.1" 200 37
61.165.42.208 - - [04/Jun/2021:10:40:44 +0800] "GET /xingrg/kc/buy/cgsh_order_operate.html?command=get_materiel&rest_code=00105&code=00101006195&supplier_code=00100012&order_time=2021-06-04 HTTP/1.1" 200 409
61.165.42.208 - - [04/Jun/2021:10:40:45 +0800] "GET /xingrg/kc/base/wldb_order_operate.html?command=get_materiel&rest_code=00105&base_code=0010507&code=00101019391 HTTP/1.1" 200 471
101.85.94.178 - - [04/Jun/2021:10:40:46 +0800] "GET /xingrg/all/function/internal_message.html?_=1622773914369&CODE_STATE=getMsg HTTP/1.1" 200 27
180.169.147.146 - - [04/Jun/2021:10:40:52 +0800] "GET /xingrg/all/function/internal_message.html?_=1622774452732&CODE_STATE=getMsg HTTP/1.1" 200 27
116.224.253.72 - - [04/Jun/2021:10:40:52 +0800] "GET /xingrg/all/function/internal_message.html?_=1622774450392&CODE_STATE=getMsg HTTP/1.1" 200 27
117.185.32.26 - - [04/Jun/2021:10:40:52 +0800] "POST /xingrg/kc/buy/cgsh_order_operate.html HTTP/1.1" 200 12
180.169.147.146 - - [04/Jun/2021:10:40:54 +0800] "GET /xingrg/all/report/report_query.html?isQuery=1&fileName=kc/base/crk_detail_by_small.xml&rh=99999&queryString=&queryText=%25E3%2580%2590%25E4%25BB%2593%25E5%25BA%2593%25E5%2590%258D%25E7%25A7%25B0%253A%25E7%2589%25A9%25E6%2596%2599%25E4%25BB%2593%25E5%25BA%2593%25E3%2580%2591%25E3%2580%2590%25E4%25B8%259A%25E5%258A%25A1%25E7%25B1%25BB%25E5%259E%258B%25EF%25BC%259A%25E9%2587%2587%25E8%25B4%25AD%25E5%2585%25A5%25E5%25BA%2593%25E3%2580%2591%2520%253F%253F%253F%253F%253F2021-05-01%253F%253F2021-05-31%2520%253F%253F%253F%253F%253F%253F%253F%253F%252C%253F%253F%253F%253F%253F%253F%252C%253F%253F%253F%253F%253F%252C%253F%253F%253F%253F%253F%252C%253F%253F%253F%253F%253F&tableQueryString=crk_table%2524sp1%2524order_day%2520between%252020210501%2520and%252020210531%2520and%2520(base_code%253D'0010539')%2520and%2520(src_order_type%2520in%2520(21))%2520and%2520(is_rk%2520in%2520(1)) HTTP/1.1" 200 53838
116.235.222.38 - - [04/Jun/2021:10:40:54 +0800] "GET /xingrg/all/function/internal_message.html?_=1622774445455&CODE_STATE=getMsg HTTP/1.1" 200 27
180.169.147.146 - - [04/Jun/2021:10:40:54 +0800] "GET /xingrg/dwr/interface/AjaxReportQueryService.js HTTP/1.1" 200 13203
180.169.147.146 - - [04/Jun/2021:10:40:54 +0800] "GET /xingrg/dwr/engine.js HTTP/1.1" 200 43631
180.169.147.146 - - [04/Jun/2021:10:40:55 +0800] "POST /xingrg/all/report/load_report_page.html HTTP/1.1" 200 16126
180.169.147.146 - - [04/Jun/2021:10:40:55 +0800] "GET /xingrg/servlets/image?cache=0.6056046550837698&image=px HTTP/1.1" 200 807
117.185.32.26 - - [04/Jun/2021:10:40:56 +0800] "GET /xingrg/kc/buy/cgsh_order_info.html?code=212021060401471 HTTP/1.1" 200 57272
117.185.32.26 - - [04/Jun/2021:10:40:57 +0800] "GET /xingrg/javascript/easyui/themes/default/validatebox.css HTTP/1.1" 404 1104
117.185.32.26 - - [04/Jun/2021:10:40:57 +0800] "POST /xingrg/kc/buy/cgsh_order_operate.html HTTP/1.1" 200 5954
117.185.32.26 - - [04/Jun/2021:10:41:00 +0800] "GET /xingrg/all/function/internal_message.html?_=1622774992968&CODE_STATE=getMsg HTTP/1.1" 200 27
180.169.147.146 - - [04/Jun/2021:10:41:00 +0800] "GET /xingrg/all/function/internal_message.html?_=1622774459344&CODE_STATE=getMsg HTTP/1.1" 200 27
117.185.32.26 - - [04/Jun/2021:10:41:01 +0800] "GET /xingrg/check_reg.html?_=1622774993101 HTTP/1.1" 200 22
180.162.112.86 - - [04/Jun/2021:10:41:01 +0800] "GET /xingrg/all/function/internal_message.html?_=1622774159633&CODE_STATE=getMsg HTTP/1.1" 200 27
117.185.32.26 - - [04/Jun/2021:10:41:01 +0800] "GET /xingrg/kc/print/load_data.html?order_code=212021060401471&kc_code=cgsh&condition= HTTP/1.1" 200 2842
120.204.17.70 - - [04/Jun/2021:10:41:01 +0800] "GET /xingrg/kc/buy/cgsh_order_operate.html?command=get_materiel&rest_code=00106&code=00101006133&supplier_code=00100015&order_time=2021-06-04 HTTP/1.1" 302 -
120.204.17.70 - - [04/Jun/2021:10:41:01 +0800] "GET /xingrg/login.html HTTP/1.1" 200 7641
61.165.42.208 - - [04/Jun/2021:10:41:01 +0800] "GET /xingrg/all/function/internal_message.html?_=1622774439195&CODE_STATE=getMsg HTTP/1.1" 200 27
180.169.147.146 - - [04/Jun/2021:10:41:03 +0800] "GET /xingrg/all/function/internal_message.html?_=1622774463479&CODE_STATE=getMsg HTTP/1.1" 302 -
116.230.110.80 - - [04/Jun/2021:10:41:05 +0800] "GET /xingrg/all/function/internal_message.html?_=1622774458078&CODE_STATE=getMsg HTTP/1.1" 200 27
116.230.110.80 - - [04/Jun/2021:10:41:05 +0800] "GET /xingrg/check_reg.html?_=1622774458081 HTTP/1.1" 200 22
117.185.32.26 - - [04/Jun/2021:10:41:06 +0800] "GET /xingrg/kc/buy/cgsh_order_operate.html?command=get_materiel&rest_code=00106&code=00101005071&supplier_code=00100347&order_time=2021-06-04 HTTP/1.1" 200 400
180.161.111.4 - - [04/Jun/2021:10:41:08 +0800] "GET /xingrg/check_reg.html?_=1622774428047 HTTP/1.1" 200 22
117.185.32.26 - - [04/Jun/2021:10:41:09 +0800] "GET /xingrg/kc/print/load_data.html?order_code=212021060401471&kc_code=cgsh HTTP/1.1" 200 2842
116.232.55.183 - - [04/Jun/2021:10:41:10 +0800] "GET /xingrg/all/function/internal_message.html?_=1622774468994&CODE_STATE=getMsg HTTP/1.1" 200 27
180.161.111.4 - - [04/Jun/2021:10:41:11 +0800] "GET /xingrg/all/function/internal_message.html?_=1622774430696&CODE_STATE=getMsg HTTP/1.1" 200 27
180.169.147.146 - - [04/Jun/2021:10:41:12 +0800] "POST /xingrg/all/report/load_report_page.html HTTP/1.1" 200 32761
180.169.147.146 - - [04/Jun/2021:10:41:12 +0800] "GET /xingrg/servlets/image?cache=0.1616540230350083&image=px HTTP/1.1" 200 807
183.192.164.214 - - [04/Jun/2021:10:41:13 +0800] "GET /xingrg/kc/buy/cgsh_order_operate.html?command=get_materiel&rest_code=00106&code=00101006056&supplier_code=00100015&order_time=2021-06-04 HTTP/1.1" 302 -
114.86.187.76 - - [04/Jun/2021:10:41:14 +0800] "GET /xingrg/all/function/internal_message.html?_=1622774481593&CODE_STATE=getMsg HTTP/1.1" 200 27
183.192.164.214 - - [04/Jun/2021:10:41:14 +0800] "GET /xingrg/login.html HTTP/1.1" 200 7641
180.161.111.4 - - [04/Jun/2021:10:41:19 +0800] "GET /xingrg/all/function/internal_message.html?_=1622774478091&CODE_STATE=getMsg HTTP/1.1" 200 27
61.165.42.208 - - [04/Jun/2021:10:41:20 +0800] "GET /xingrg/kc/base/wldb_order_operate.html?command=get_materiel&rest_code=00105&base_code=0010507&code=00101019185 HTTP/1.1" 200 455
