180.162.112.86 - - [04/Jun/2021:10:28:01 +0800] "GET /xingrg/check_reg.html?_=1622773379601 HTTP/1.1" 200 22
180.162.112.86 - - [04/Jun/2021:10:28:01 +0800] "GET /xingrg/all/function/internal_message.html?_=1622773379603&CODE_STATE=getMsg HTTP/1.1" 200 27
61.165.42.208 - - [04/Jun/2021:10:28:01 +0800] "GET /xingrg/all/function/internal_message.html?_=1622773658815&CODE_STATE=getMsg HTTP/1.1" 200 27
180.169.147.146 - - [04/Jun/2021:10:28:03 +0800] "GET /xingrg/all/function/internal_message.html?_=1622773683214&CODE_STATE=getMsg HTTP/1.1" 302 -
117.185.32.26 - - [04/Jun/2021:10:28:04 +0800] "GET /xingrg/kc/buy/cgsh_order_operate.html?command=get_materiel&rest_code=00106&code=00101003033&supplier_code=00100092&order_time=2021-06-04 HTTP/1.1" 200 424
116.230.110.80 - - [04/Jun/2021:10:28:05 +0800] "GET /xingrg/all/function/internal_message.html?_=1622773678081&CODE_STATE=getMsg HTTP/1.1" 200 27
180.161.111.4 - - [04/Jun/2021:10:28:08 +0800] "GET /xingrg/all/function/internal_message.html?_=1622773649006&CODE_STATE=getMsg HTTP/1.1" 200 27
222.69.130.27 - - [04/Jun/2021:10:28:09 +0800] "GET /xingrg/kc/buy/cgsh_order_operate.html?command=get_materiel&rest_code=00149&code=00101004010&supplier_code=00100083&order_time=2021-06-04 HTTP/1.1" 200 409
116.232.55.183 - - [04/Jun/2021:10:28:10 +0800] "GET /xingrg/all/function/internal_message.html?_=1622773688965&CODE_STATE=getMsg HTTP/1.1" 200 27
116.232.55.183 - - [04/Jun/2021:10:28:10 +0800] "GET /xingrg/check_reg.html?_=1622773688965 HTTP/1.1" 200 22
114.86.187.76 - - [04/Jun/2021:10:28:14 +0800] "GET /xingrg/all/function/internal_message.html?_=1622773701570&CODE_STATE=getMsg HTTP/1.1" 200 27
222.69.130.27 - - [04/Jun/2021:10:28:16 +0800] "GET /xingrg/kc/buy/cgsh_order_operate.html?command=get_materiel&rest_code=00149&code=00101001115&supplier_code=00100083&order_time=2021-06-04 HTTP/1.1" 200 413
180.161.111.4 - - [04/Jun/2021:10:28:18 +0800] "GET /xingrg/check_reg.html?_=1622773697673 HTTP/1.1" 200 22
180.161.111.4 - - [04/Jun/2021:10:28:19 +0800] "GET /xingrg/all/function/internal_message.html?_=1622773697853&CODE_STATE=getMsg HTTP/1.1" 200 27
172.20.0.100 - - [04/Jun/2021:10:28:19 +0800] "GET /xingrg/all/function/internal_message.html?_=1622773698199&CODE_STATE=getMsg HTTP/1.1" 200 27
222.69.130.27 - - [04/Jun/2021:10:28:20 +0800] "GET /xingrg/check_reg.html?_=1622773699238 HTTP/1.1" 200 22
222.69.130.27 - - [04/Jun/2021:10:28:20 +0800] "GET /xingrg/all/function/internal_message.html?_=1622773699239&CODE_STATE=getMsg HTTP/1.1" 200 27
58.37.225.51 - - [04/Jun/2021:10:28:22 +0800] "GET /xingrg/all/function/internal_message.html?_=1622773645745&CODE_STATE=getMsg HTTP/1.1" 200 27
180.162.112.86 - - [04/Jun/2021:10:28:26 +0800] "GET /xingrg/kc/base/wldb_order_operate.html?command=get_materiel&rest_code=00143&base_code=0010216&code=00101019829 HTTP/1.1" 200 459
116.230.117.165 - - [04/Jun/2021:10:28:30 +0800] "GET /xingrg/all/function/internal_message.html?_=1622773726315&CODE_STATE=getMsg HTTP/1.1" 200 27
180.169.147.146 - - [04/Jun/2021:10:28:31 +0800] "GET /xingrg/check_reg.html?_=1622773705015 HTTP/1.1" 200 22
222.70.177.128 - - [04/Jun/2021:10:28:34 +0800] "GET /xingrg/all/function/internal_message.html?_=1622773711003&CODE_STATE=getMsg HTTP/1.1" 200 27
61.165.42.208 - - [04/Jun/2021:10:28:39 +0800] "GET /xingrg/all/function/internal_message.html?_=1622773718173&CODE_STATE=getMsg HTTP/1.1" 200 27
42.236.10.77 - - [04/Jun/2021:10:28:40 +0800] "GET /xingrg/login.html?costTime=85&sysBaseUrl=http://180.169.147.146:18081/xingrg/×tamp=1622528966690 HTTP/1.1" 200 7638
42.236.10.113 - - [04/Jun/2021:10:28:41 +0800] "GET /xingrg/login.html?costTime=49&sysBaseUrl=http://180.169.147.146:18081/xingrg/×tamp=1622712183048 HTTP/1.1" 200 7638
116.224.253.72 - - [04/Jun/2021:10:28:41 +0800] "GET /xingrg/all/function/internal_message.html?_=1622773723307&CODE_STATE=getMsg HTTP/1.1" 200 27
42.236.10.82 - - [04/Jun/2021:10:28:43 +0800] "GET /xingrg/index.html?costTime=2296&sysBaseUrl=http://180.169.147.146:18081/xingrg/×tamp=1622709723148 HTTP/1.1" 302 -
42.236.10.105 - - [04/Jun/2021:10:28:44 +0800] "GET /xingrg/index.html?costTime=1146&sysBaseUrl=http://180.169.147.146:18081/xingrg/×tamp=1622709323223 HTTP/1.1" 302 -
117.185.32.26 - - [04/Jun/2021:10:28:45 +0800] "POST /xingrg/kc/buy/cgsh_order_operate.html HTTP/1.1" 200 37
101.85.94.178 - - [04/Jun/2021:10:28:46 +0800] "GET /xingrg/all/function/internal_message.html?_=1622773194355&CODE_STATE=getMsg HTTP/1.1" 200 27
114.86.187.76 - - [04/Jun/2021:10:28:46 +0800] "POST /xingrg/services/DataTransmitService HTTP/1.1" 200 524
42.236.10.83 - - [04/Jun/2021:10:28:50 +0800] "GET /xingrg/index.html?costTime=5120&sysBaseUrl=http://180.169.147.146:18081/xingrg/×tamp=1622520931238 HTTP/1.1" 302 -
61.165.42.208 - - [04/Jun/2021:10:28:50 +0800] "POST /xingrg/kc/buy/cgsh_order_operate.html HTTP/1.1" 200 88
114.86.187.76 - - [04/Jun/2021:10:28:50 +0800] "POST /xingrg/services/DataTransmitService HTTP/1.1" 200 2087
42.236.10.77 - - [04/Jun/2021:10:28:51 +0800] "GET /xingrg/index.html?costTime=1894&sysBaseUrl=http://180.169.147.146:18081/xingrg/×tamp=1622514701587 HTTP/1.1" 302 -
114.86.187.76 - - [04/Jun/2021:10:28:52 +0800] "POST /xingrg/services/DataTransmitService HTTP/1.1" 200 147850
116.224.253.72 - - [04/Jun/2021:10:28:52 +0800] "GET /xingrg/all/function/internal_message.html?_=1622773730341&CODE_STATE=getMsg HTTP/1.1" 200 27
42.236.10.73 - - [04/Jun/2021:10:28:52 +0800] "GET /xingrg/login.html?costTime=49&sysBaseUrl=http://180.169.147.146:18081/xingrg/×tamp=1622712183048 HTTP/1.1" 200 7638
180.169.147.146 - - [04/Jun/2021:10:28:52 +0800] "GET /xingrg/all/function/internal_message.html?_=1622773732726&CODE_STATE=getMsg HTTP/1.1" 200 27
180.162.112.86 - - [04/Jun/2021:10:28:54 +0800] "GET /xingrg/kc/base/wldb_order_operate.html?command=get_materiel&rest_code=00143&base_code=0010216&code=00101013193 HTTP/1.1" 200 445
42.236.10.79 - - [04/Jun/2021:10:28:54 +0800] "GET /xingrg/index.html?costTime=3914&sysBaseUrl=http://180.169.147.146:18081/xingrg/×tamp=1622432898134 HTTP/1.1" 302 -
58.221.95.50 - - [04/Jun/2021:10:28:54 +0800] "GET /xingrg/check_reg.html?_=1622773734558 HTTP/1.1" 302 -
42.236.10.91 - - [04/Jun/2021:10:28:54 +0800] "GET /xingrg/index.html?costTime=56&sysBaseUrl=http://180.169.147.146:18081/xingrg/×tamp=1622423299859 HTTP/1.1" 302 -
116.235.222.38 - - [04/Jun/2021:10:28:54 +0800] "GET /xingrg/all/function/internal_message.html?_=1622773725679&CODE_STATE=getMsg HTTP/1.1" 200 27
180.169.147.146 - - [04/Jun/2021:10:29:00 +0800] "GET /xingrg/all/function/internal_message.html?_=1622773739340&CODE_STATE=getMsg HTTP/1.1" 200 27
117.185.32.26 - - [04/Jun/2021:10:29:00 +0800] "GET /xingrg/all/function/internal_message.html?_=1622774273052&CODE_STATE=getMsg HTTP/1.1" 200 27
180.162.112.86 - - [04/Jun/2021:10:29:01 +0800] "GET /xingrg/all/function/internal_message.html?_=1622773439606&CODE_STATE=getMsg HTTP/1.1" 200 27
42.236.10.76 - - [04/Jun/2021:10:29:02 +0800] "GET /xingrg/index.html?costTime=56&sysBaseUrl=http://180.169.147.146:18081/xingrg/×tamp=1622423299859 HTTP/1.1" 302 -
180.169.147.146 - - [04/Jun/2021:10:29:03 +0800] "GET /xingrg/all/function/internal_message.html?_=1622773743251&CODE_STATE=getMsg HTTP/1.1" 302 -
116.230.110.80 - - [04/Jun/2021:10:29:05 +0800] "GET /xingrg/all/function/internal_message.html?_=1622773738089&CODE_STATE=getMsg HTTP/1.1" 200 27
61.165.42.208 - - [04/Jun/2021:10:29:07 +0800] "POST /xingrg/kc/buy/cgsh_order_operate.html HTTP/1.1" 200 37
180.161.111.4 - - [04/Jun/2021:10:29:09 +0800] "GET /xingrg/all/function/internal_message.html?_=1622773709168&CODE_STATE=getMsg HTTP/1.1" 200 27
116.232.55.183 - - [04/Jun/2021:10:29:10 +0800] "GET /xingrg/all/function/internal_message.html?_=1622773748964&CODE_STATE=getMsg HTTP/1.1" 200 27
61.165.42.208 - - [04/Jun/2021:10:29:10 +0800] "POST /xingrg/kc/buy/cgsh_order_operate.html HTTP/1.1" 200 2654
222.69.130.27 - - [04/Jun/2021:10:29:13 +0800] "POST /xingrg/kc/buy/cgsh_order_operate.html HTTP/1.1" 200 88
180.162.112.86 - - [04/Jun/2021:10:29:13 +0800] "GET /xingrg/kc/base/wldb_order_operate.html?command=get_materiel&rest_code=00143&base_code=0010216&code=00101019447 HTTP/1.1" 200 458
117.185.32.26 - - [04/Jun/2021:10:29:13 +0800] "POST /xingrg/kc/buy/cgsh_order_operate.html HTTP/1.1" 200 12
61.165.42.208 - - [04/Jun/2021:10:29:14 +0800] "GET /xingrg/kc/print/load_data.html?order_code=212021060401456&kc_code=cgsh&condition= HTTP/1.1" 200 643
114.86.187.76 - - [04/Jun/2021:10:29:14 +0800] "GET /xingrg/all/function/internal_message.html?_=1622773761568&CODE_STATE=getMsg HTTP/1.1" 200 27
172.20.0.100 - - [04/Jun/2021:10:29:18 +0800] "GET /xingrg/javascript/jquery_easy_ui/themes/default/images/button_plain_hover.png HTTP/1.1" 200 252
180.161.111.4 - - [04/Jun/2021:10:29:19 +0800] "GET /xingrg/all/function/internal_message.html?_=1622773757866&CODE_STATE=getMsg HTTP/1.1" 200 27
172.20.0.100 - - [04/Jun/2021:10:29:19 +0800] "GET /xingrg/all/function/internal_message.html?_=1622773758193&CODE_STATE=getMsg HTTP/1.1" 200 27
222.69.130.27 - - [04/Jun/2021:10:29:19 +0800] "POST /xingrg/kc/buy/cgsh_order_operate.html HTTP/1.1" 200 37
58.37.225.51 - - [04/Jun/2021:10:29:22 +0800] "GET /xingrg/all/function/internal_message.html?_=1622773705717&CODE_STATE=getMsg HTTP/1.1" 200 27
222.69.130.27 - - [04/Jun/2021:10:29:25 +0800] "POST /xingrg/kc/buy/cgsh_order_operate.html HTTP/1.1" 200 12
180.162.112.86 - - [04/Jun/2021:10:29:27 +0800] "GET /xingrg/kc/base/wldb_order_operate.html?command=get_materiel&rest_code=00143&base_code=0010216&code=00101010092 HTTP/1.1" 200 450
222.69.130.27 - - [04/Jun/2021:10:29:29 +0800] "GET /xingrg/kc/buy/cgsh_order_info.html?code=212021060401458 HTTP/1.1" 200 57315
222.69.130.27 - - [04/Jun/2021:10:29:29 +0800] "GET /xingrg/javascript/easyui/themes/default/validatebox.css HTTP/1.1" 404 1104
222.69.130.27 - - [04/Jun/2021:10:29:30 +0800] "POST /xingrg/kc/buy/cgsh_order_operate.html HTTP/1.1" 200 2977
116.230.117.165 - - [04/Jun/2021:10:29:30 +0800] "GET /xingrg/all/function/internal_message.html?_=1622773786329&CODE_STATE=getMsg HTTP/1.1" 200 27
222.69.130.27 - - [04/Jun/2021:10:29:31 +0800] "GET /xingrg/kc/print/load_data.html?order_code=212021060401458&kc_code=cgsh&condition= HTTP/1.1" 200 1624
222.70.177.128 - - [04/Jun/2021:10:29:34 +0800] "GET /xingrg/all/function/internal_message.html?_=1622773771003&CODE_STATE=getMsg HTTP/1.1" 200 27
117.185.32.26 - - [04/Jun/2021:10:29:35 +0800] "GET /xingrg/kc/buy/cgsh_order_info.html?code=212021060401454 HTTP/1.1" 200 57266
117.185.32.26 - - [04/Jun/2021:10:29:35 +0800] "GET /xingrg/javascript/easyui/themes/default/validatebox.css HTTP/1.1" 404 1104
117.185.32.26 - - [04/Jun/2021:10:29:35 +0800] "POST /xingrg/kc/buy/cgsh_order_operate.html HTTP/1.1" 200 1809
222.69.130.27 - - [04/Jun/2021:10:29:37 +0800] "GET /xingrg/kc/buy/cgsh_order_add.html HTTP/1.1" 200 62415
222.69.130.27 - - [04/Jun/2021:10:29:38 +0800] "POST /xingrg/kc/buy/cgsh_order_operate.html HTTP/1.1" 200 8245
222.69.130.27 - - [04/Jun/2021:10:29:38 +0800] "GET /xingrg/javascript/easyui/themes/default/validatebox.css HTTP/1.1" 404 1104
61.165.42.208 - - [04/Jun/2021:10:29:39 +0800] "GET /xingrg/all/function/internal_message.html?_=1622773778305&CODE_STATE=getMsg HTTP/1.1" 200 27
117.185.32.26 - - [04/Jun/2021:10:29:39 +0800] "GET /xingrg/kc/print/load_data.html?order_code=212021060401454&kc_code=cgsh&condition= HTTP/1.1" 200 1218
116.224.253.72 - - [04/Jun/2021:10:29:41 +0800] "GET /xingrg/all/function/internal_message.html?_=1622773783314&CODE_STATE=getMsg HTTP/1.1" 200 27
101.85.94.178 - - [04/Jun/2021:10:29:46 +0800] "GET /xingrg/all/function/internal_message.html?_=1622773254358&CODE_STATE=getMsg HTTP/1.1" 200 27
180.162.112.86 - - [04/Jun/2021:10:29:47 +0800] "GET /xingrg/kc/base/wldb_order_operate.html?command=get_materiel&rest_code=00143&base_code=0010216&code=00101008022 HTTP/1.1" 200 452
117.185.32.26 - - [04/Jun/2021:10:29:51 +0800] "GET /xingrg/kc/buy/cgsh_order_add.html HTTP/1.1" 200 62362
117.185.32.26 - - [04/Jun/2021:10:29:52 +0800] "POST /xingrg/kc/buy/cgsh_order_operate.html HTTP/1.1" 200 8245
117.185.32.26 - - [04/Jun/2021:10:29:52 +0800] "GET /xingrg/javascript/easyui/themes/default/validatebox.css HTTP/1.1" 404 1104
116.224.253.72 - - [04/Jun/2021:10:29:52 +0800] "GET /xingrg/all/function/internal_message.html?_=1622773790347&CODE_STATE=getMsg HTTP/1.1" 200 27
180.169.147.146 - - [04/Jun/2021:10:29:52 +0800] "GET /xingrg/check_reg.html?_=1622773792712 HTTP/1.1" 200 22
180.169.147.146 - - [04/Jun/2021:10:29:52 +0800] "GET /xingrg/all/function/internal_message.html?_=1622773792717&CODE_STATE=getMsg HTTP/1.1" 200 27
116.235.222.38 - - [04/Jun/2021:10:29:54 +0800] "GET /xingrg/all/function/internal_message.html?_=1622773785662&CODE_STATE=getMsg HTTP/1.1" 200 27
180.162.112.86 - - [04/Jun/2021:10:29:56 +0800] "POST /xingrg/all/common/load_select.html HTTP/1.1" 200 25
117.185.32.26 - - [04/Jun/2021:10:29:57 +0800] "GET /xingrg/javascript/easyui/themes/default/tree.css HTTP/1.1" 404 1090
117.185.32.26 - - [04/Jun/2021:10:29:58 +0800] "POST /xingrg/all/common/load_tree.html?tree=supplier_tree_json&isDelete=1 HTTP/1.1" 200 55903
180.162.112.86 - - [04/Jun/2021:10:29:58 +0800] "GET /xingrg/kc/base/wldb_order_operate.html?command=get_materiel_price&rest_code=00143&base_code=0010216&code=00101008022&unit_code=00100032 HTTP/1.1" 200 34
222.69.130.27 - - [04/Jun/2021:10:29:58 +0800] "GET /xingrg/kc/buy/cgsh_order_operate.html?command=get_materiel&rest_code=00149&code=00101002027&supplier_code=00100039&order_time=2021-06-04 HTTP/1.1" 200 415
180.169.147.146 - - [04/Jun/2021:10:30:00 +0800] "GET /xingrg/all/function/internal_message.html?_=1622773799348&CODE_STATE=getMsg HTTP/1.1" 200 27
117.185.32.26 - - [04/Jun/2021:10:30:01 +0800] "GET /xingrg/all/function/internal_message.html?_=1622774333079&CODE_STATE=getMsg HTTP/1.1" 200 27
180.162.112.86 - - [04/Jun/2021:10:30:01 +0800] "GET /xingrg/all/function/internal_message.html?_=1622773499608&CODE_STATE=getMsg HTTP/1.1" 200 27
61.165.42.208 - - [04/Jun/2021:10:30:01 +0800] "GET /xingrg/all/function/internal_message.html?_=1622773778830&CODE_STATE=getMsg HTTP/1.1" 200 27
61.165.42.208 - - [04/Jun/2021:10:30:01 +0800] "GET /xingrg/check_reg.html?_=1622773778833 HTTP/1.1" 200 22
180.169.147.146 - - [04/Jun/2021:10:30:03 +0800] "GET /xingrg/all/function/internal_message.html?_=1622773803256&CODE_STATE=getMsg HTTP/1.1" 302 -
180.162.112.86 - - [04/Jun/2021:10:30:04 +0800] "POST /xingrg/kc/base/wldb_order_operate.html HTTP/1.1" 200 1710
116.230.110.80 - - [04/Jun/2021:10:30:05 +0800] "GET /xingrg/all/function/internal_message.html?_=1622773798082&CODE_STATE=getMsg HTTP/1.1" 200 27
180.161.111.4 - - [04/Jun/2021:10:30:09 +0800] "GET /xingrg/all/function/internal_message.html?_=1622773769176&CODE_STATE=getMsg HTTP/1.1" 200 27
222.69.130.27 - - [04/Jun/2021:10:30:09 +0800] "GET /xingrg/kc/buy/cgsh_order_operate.html?command=get_materiel&rest_code=00149&code=00101001044&supplier_code=00100039&order_time=2021-06-04 HTTP/1.1" 200 411
116.232.55.183 - - [04/Jun/2021:10:30:10 +0800] "GET /xingrg/all/function/internal_message.html?_=1622773808967&CODE_STATE=getMsg HTTP/1.1" 200 27
114.86.187.76 - - [04/Jun/2021:10:30:14 +0800] "GET /xingrg/all/function/internal_message.html?_=1622773821566&CODE_STATE=getMsg HTTP/1.1" 200 27
114.86.187.76 - - [04/Jun/2021:10:30:14 +0800] "GET /xingrg/check_reg.html?_=1622773821566 HTTP/1.1" 200 22
180.161.111.4 - - [04/Jun/2021:10:30:19 +0800] "GET /xingrg/all/function/internal_message.html?_=1622773817881&CODE_STATE=getMsg HTTP/1.1" 200 27
172.20.0.100 - - [04/Jun/2021:10:30:19 +0800] "GET /xingrg/all/function/internal_message.html?_=1622773818196&CODE_STATE=getMsg HTTP/1.1" 200 27
222.69.130.27 - - [04/Jun/2021:10:30:20 +0800] "GET /xingrg/all/function/internal_message.html?_=1622773819247&CODE_STATE=getMsg HTTP/1.1" 200 27
58.37.225.51 - - [04/Jun/2021:10:30:22 +0800] "GET /xingrg/all/function/internal_message.html?_=1622773765698&CODE_STATE=getMsg HTTP/1.1" 200 27
222.69.130.27 - - [04/Jun/2021:10:30:22 +0800] "GET /xingrg/kc/buy/cgsh_order_operate.html?command=get_materiel&rest_code=00149&code=00101001061&supplier_code=00100039&order_time=2021-06-04 HTTP/1.1" 200 419
61.165.42.208 - - [04/Jun/2021:10:30:25 +0800] "POST /xingrg/kc/buy/cgsh_order_operate.html HTTP/1.1" 200 37
180.161.111.4 - - [04/Jun/2021:10:30:26 +0800] "GET /xingrg/kc/base/wldb_order_add.html HTTP/1.1" 200 30224
61.165.42.208 - - [04/Jun/2021:10:30:27 +0800] "POST /xingrg/kc/buy/cgsh_order_operate.html HTTP/1.1" 200 53535
180.169.147.146 - - [04/Jun/2021:10:30:27 +0800] "GET /xingrg/check_reg.html?_=1622773827834 HTTP/1.1" 302 -
180.161.111.4 - - [04/Jun/2021:10:30:27 +0800] "POST /xingrg/kc/base/wldb_order_operate.html HTTP/1.1" 200 6806
180.161.111.4 - - [04/Jun/2021:10:30:28 +0800] "GET /xingrg/javascript/easyui/themes/default/validatebox.css HTTP/1.1" 404 1104
180.161.111.4 - - [04/Jun/2021:10:30:29 +0800] "POST /xingrg/all/common/load_combo.html?type=base HTTP/1.1" 200 3060
116.230.117.165 - - [04/Jun/2021:10:30:30 +0800] "GET /xingrg/all/function/internal_message.html?_=1622773846528&CODE_STATE=getMsg HTTP/1.1" 200 27
61.165.42.208 - - [04/Jun/2021:10:30:31 +0800] "GET /xingrg/kc/print/load_data.html?order_code=212021060401429&kc_code=cgsh&condition= HTTP/1.1" 200 19869
180.161.111.4 - - [04/Jun/2021:10:30:34 +0800] "POST /xingrg/all/common/load_combo.html?type=base HTTP/1.1" 200 3060
222.70.177.128 - - [04/Jun/2021:10:30:34 +0800] "GET /xingrg/all/function/internal_message.html?_=1622773831001&CODE_STATE=getMsg HTTP/1.1" 200 27
117.185.32.26 - - [04/Jun/2021:10:30:38 +0800] "GET /xingrg/kc/buy/cgsh_order_operate.html?command=get_materiel&rest_code=00106&code=00101002006&supplier_code=00100091&order_time=2021-06-04 HTTP/1.1" 200 414
222.69.130.27 - - [04/Jun/2021:10:30:38 +0800] "GET /xingrg/kc/buy/cgsh_order_operate.html?command=get_materiel&rest_code=00149&code=00101010161&supplier_code=00100039&order_time=2021-06-04 HTTP/1.1" 200 409
61.165.42.208 - - [04/Jun/2021:10:30:39 +0800] "GET /xingrg/all/function/internal_message.html?_=1622773838199&CODE_STATE=getMsg HTTP/1.1" 200 27
180.162.112.86 - - [04/Jun/2021:10:30:39 +0800] "POST /xingrg/kc/base/wldb_order_operate.html HTTP/1.1" 200 37
180.162.112.86 - - [04/Jun/2021:10:30:40 +0800] "POST /xingrg/kc/base/wldb_order_operate.html HTTP/1.1" 200 11632
116.224.253.72 - - [04/Jun/2021:10:30:41 +0800] "GET /xingrg/check_reg.html?_=1622773842774 HTTP/1.1" 200 22
116.224.253.72 - - [04/Jun/2021:10:30:41 +0800] "GET /xingrg/all/function/internal_message.html?_=1622773843328&CODE_STATE=getMsg HTTP/1.1" 200 27
180.162.112.86 - - [04/Jun/2021:10:30:42 +0800] "GET /xingrg/kc/base/wldb_order_info.html?code=422021060400388 HTTP/1.1" 200 30253
180.162.112.86 - - [04/Jun/2021:10:30:42 +0800] "GET /xingrg/javascript/easyui/themes/default/validatebox.css HTTP/1.1" 404 1104
180.162.112.86 - - [04/Jun/2021:10:30:43 +0800] "POST /xingrg/kc/base/wldb_order_operate.html HTTP/1.1" 200 11632
180.161.111.4 - - [04/Jun/2021:10:30:44 +0800] "GET /xingrg/kc/base/wldb_order_operate.html?command=get_materiel&rest_code=00102&base_code=0010476&code=00101016019 HTTP/1.1" 200 451
101.85.94.178 - - [04/Jun/2021:10:30:46 +0800] "GET /xingrg/all/function/internal_message.html?_=1622773314356&CODE_STATE=getMsg HTTP/1.1" 200 27
180.162.112.86 - - [04/Jun/2021:10:30:50 +0800] "GET /xingrg/kc/base/check_order_list.html HTTP/1.1" 200 16145
180.162.112.86 - - [04/Jun/2021:10:30:50 +0800] "POST /xingrg/kc/base/check_list_operate.html HTTP/1.1" 200 781
180.161.111.4 - - [04/Jun/2021:10:30:52 +0800] "GET /xingrg/kc/base/wldb_order_operate.html?command=get_materiel&rest_code=00102&base_code=0010476&code=00101019131 HTTP/1.1" 200 454
116.224.253.72 - - [04/Jun/2021:10:30:52 +0800] "GET /xingrg/all/function/internal_message.html?_=1622773850353&CODE_STATE=getMsg HTTP/1.1" 200 27
180.169.147.146 - - [04/Jun/2021:10:30:52 +0800] "GET /xingrg/all/function/internal_message.html?_=1622773852717&CODE_STATE=getMsg HTTP/1.1" 200 27
116.235.222.38 - - [04/Jun/2021:10:30:54 +0800] "GET /xingrg/all/function/internal_message.html?_=1622773845650&CODE_STATE=getMsg HTTP/1.1" 200 27
222.69.130.27 - - [04/Jun/2021:10:30:56 +0800] "GET /xingrg/kc/buy/cgsh_order_operate.html?command=get_materiel&rest_code=00149&code=00101001010&supplier_code=00100039&order_time=2021-06-04 HTTP/1.1" 200 409
180.161.111.4 - - [04/Jun/2021:10:30:58 +0800] "GET /xingrg/kc/base/wldb_order_operate.html?command=get_materiel&rest_code=00102&base_code=0010476&code=00101019071 HTTP/1.1" 200 455
180.162.112.86 - - [04/Jun/2021:10:31:00 +0800] "POST /xingrg/kc/base/check_list_operate.html HTTP/1.1" 200 3459
180.169.147.146 - - [04/Jun/2021:10:31:00 +0800] "GET /xingrg/all/function/internal_message.html?_=1622773859343&CODE_STATE=getMsg HTTP/1.1" 200 27
117.185.32.26 - - [04/Jun/2021:10:31:01 +0800] "GET /xingrg/check_reg.html?_=1622774393078 HTTP/1.1" 200 22
117.185.32.26 - - [04/Jun/2021:10:31:01 +0800] "GET /xingrg/all/function/internal_message.html?_=1622774393080&CODE_STATE=getMsg HTTP/1.1" 200 27
180.162.112.86 - - [04/Jun/2021:10:31:01 +0800] "GET /xingrg/all/function/internal_message.html?_=1622773559615&CODE_STATE=getMsg HTTP/1.1" 200 27
61.165.42.208 - - [04/Jun/2021:10:31:01 +0800] "GET /xingrg/all/function/internal_message.html?_=1622773838802&CODE_STATE=getMsg HTTP/1.1" 200 27
180.169.147.146 - - [04/Jun/2021:10:31:03 +0800] "GET /xingrg/all/function/internal_message.html?_=1622773863284&CODE_STATE=getMsg HTTP/1.1" 302 -
180.161.111.4 - - [04/Jun/2021:10:31:04 +0800] "GET /xingrg/kc/base/wldb_order_operate.html?command=get_materiel&rest_code=00102&base_code=0010476&code=00101019391 HTTP/1.1" 200 471
180.162.112.86 - - [04/Jun/2021:10:31:04 +0800] "GET /xingrg/kc/base/check_order_info.html?code=452021053100633 HTTP/1.1" 200 22870
180.162.112.86 - - [04/Jun/2021:10:31:04 +0800] "GET /xingrg/css/table.css HTTP/1.1" 200 3684
180.162.112.86 - - [04/Jun/2021:10:31:04 +0800] "GET /xingrg/javascript/AjaxInfoList.js HTTP/1.1" 200 3774
180.162.112.86 - - [04/Jun/2021:10:31:04 +0800] "GET /xingrg/dwr/interface/AjaxCheckService.js HTTP/1.1" 200 14003
180.162.112.86 - - [04/Jun/2021:10:31:04 +0800] "GET /xingrg/dwr/interface/AjaxComOrderService.js HTTP/1.1" 200 18264
180.162.112.86 - - [04/Jun/2021:10:31:04 +0800] "GET /xingrg/javascript/Calendar.js HTTP/1.1" 200 31561
180.162.112.86 - - [04/Jun/2021:10:31:04 +0800] "GET /xingrg/dwr/engine.js HTTP/1.1" 200 43631
180.162.112.86 - - [04/Jun/2021:10:31:04 +0800] "GET /xingrg/dwr/util.js HTTP/1.1" 200 35990
180.162.112.86 - - [04/Jun/2021:10:31:04 +0800] "GET /xingrg/javascript/jquery_easy_ui/themes/icons/print.png HTTP/1.1" 200 1057
180.162.112.86 - - [04/Jun/2021:10:31:04 +0800] "GET /xingrg/javascript/jquery_easy_ui/themes/default/images/menu_downarrow.png HTTP/1.1" 200 173
180.162.112.86 - - [04/Jun/2021:10:31:04 +0800] "GET /xingrg/javascript/jquery_easy_ui/themes/icons/exam_new.png HTTP/1.1" 200 756
180.162.112.86 - - [04/Jun/2021:10:31:04 +0800] "GET /xingrg/javascript/jquery_easy_ui/themes/icons/back_new.png HTTP/1.1" 200 3414
180.162.112.86 - - [04/Jun/2021:10:31:05 +0800] "POST /xingrg/dwr/call/plaincall/AjaxCheckService.loadOrderItems.dwr HTTP/1.1" 200 11793
116.230.110.80 - - [04/Jun/2021:10:31:05 +0800] "GET /xingrg/all/function/internal_message.html?_=1622773858091&CODE_STATE=getMsg HTTP/1.1" 200 27
116.230.110.80 - - [04/Jun/2021:10:31:05 +0800] "GET /xingrg/check_reg.html?_=1622773858094 HTTP/1.1" 200 22
180.161.111.4 - - [04/Jun/2021:10:31:07 +0800] "GET /xingrg/check_reg.html?_=1622773828018 HTTP/1.1" 200 22
180.161.111.4 - - [04/Jun/2021:10:31:08 +0800] "GET /xingrg/kc/base/wldb_order_operate.html?command=get_materiel&rest_code=00102&base_code=0010476&code=00101019183 HTTP/1.1" 200 435
180.161.111.4 - - [04/Jun/2021:10:31:09 +0800] "GET /xingrg/all/function/internal_message.html?_=1622773829314&CODE_STATE=getMsg HTTP/1.1" 200 27
116.232.55.183 - - [04/Jun/2021:10:31:10 +0800] "GET /xingrg/all/function/internal_message.html?_=1622773868969&CODE_STATE=getMsg HTTP/1.1" 200 27
114.86.187.76 - - [04/Jun/2021:10:31:14 +0800] "GET /xingrg/all/function/internal_message.html?_=1622773881564&CODE_STATE=getMsg HTTP/1.1" 200 27
222.69.130.27 - - [04/Jun/2021:10:31:14 +0800] "POST /xingrg/kc/buy/cgsh_order_operate.html HTTP/1.1" 200 37
180.161.111.4 - - [04/Jun/2021:10:31:18 +0800] "GET /xingrg/kc/base/wldb_order_operate.html?command=get_materiel&rest_code=00102&base_code=0010476&code=00101019527 HTTP/1.1" 200 473
180.161.111.4 - - [04/Jun/2021:10:31:19 +0800] "GET /xingrg/all/function/internal_message.html?_=1622773877893&CODE_STATE=getMsg HTTP/1.1" 200 27
172.20.0.100 - - [04/Jun/2021:10:31:19 +0800] "GET /xingrg/all/function/internal_message.html?_=1622773878199&CODE_STATE=getMsg HTTP/1.1" 200 27
222.69.130.27 - - [04/Jun/2021:10:31:20 +0800] "GET /xingrg/all/function/internal_message.html?_=1622773879222&CODE_STATE=getMsg HTTP/1.1" 200 27
222.69.130.27 - - [04/Jun/2021:10:31:20 +0800] "POST /xingrg/kc/buy/cgsh_order_operate.html HTTP/1.1" 200 12
180.169.147.146 - - [04/Jun/2021:10:31:21 +0800] "GET /xingrg/all/report/report_query.html?isQuery=1&fileName=kc/base/crk_detail_by_small.xml&rh=99999&queryString=&queryText=%25E3%2580%2590%25E4%25BB%2593%25E5%25BA%2593%25E5%2590%258D%25E7%25A7%25B0%253A%25E9%25A3%259F%25E5%2593%2581%25E4%25BB%2593%25E5%25BA%2593%25E3%2580%2591%25E3%2580%2590%25E4%25B8%259A%25E5%258A%25A1%25E7%25B1%25BB%25E5%259E%258B%25EF%25BC%259A%25E8%25B0%2583%25E5%25BE%2580%25E5%25BC%2582%25E5%25BA%2597%25E3%2580%2591%2520%253F%253F%253F%253F%253F2021-05-01%253F%253F2021-05-31%2520%253F%253F%253F%253F%253F%253F%253F%253F%252C%253F%253F%253F%253F%253F%253F%252C%253F%253F%253F%253F%253F%252C%253F%253F%253F%253F%253F%252C%253F%253F%253F%253F%253F&tableQueryString=crk_table%2524sp1%2524order_day%2520between%252020210501%2520and%252020210531%2520and%2520(base_code%253D'0010538')%2520and%2520(src_order_type%2520in%2520(48))%2520and%2520(is_rk%2520in%2520(0)) HTTP/1.1" 200 53838
180.169.147.146 - - [04/Jun/2021:10:31:21 +0800] "GET /xingrg/dwr/interface/AjaxReportQueryService.js HTTP/1.1" 200 13203
180.169.147.146 - - [04/Jun/2021:10:31:21 +0800] "GET /xingrg/dwr/engine.js HTTP/1.1" 200 43631
58.37.225.51 - - [04/Jun/2021:10:31:22 +0800] "GET /xingrg/all/function/internal_message.html?_=1622773825666&CODE_STATE=getMsg HTTP/1.1" 200 27
180.169.147.146 - - [04/Jun/2021:10:31:22 +0800] "POST /xingrg/all/report/load_report_page.html HTTP/1.1" 200 17137
180.169.147.146 - - [04/Jun/2021:10:31:23 +0800] "GET /xingrg/servlets/image?cache=0.6025365811729881&image=px HTTP/1.1" 200 807
222.69.130.27 - - [04/Jun/2021:10:31:23 +0800] "GET /xingrg/kc/buy/cgsh_order_info.html?code=212021060401459 HTTP/1.1" 200 57317
222.69.130.27 - - [04/Jun/2021:10:31:23 +0800] "GET /xingrg/javascript/easyui/themes/default/validatebox.css HTTP/1.1" 404 1104
222.69.130.27 - - [04/Jun/2021:10:31:24 +0800] "POST /xingrg/kc/buy/cgsh_order_operate.html HTTP/1.1" 200 2980
117.185.32.26 - - [04/Jun/2021:10:31:24 +0800] "GET /xingrg/kc/buy/cgsh_order_operate.html?command=get_materiel&rest_code=00106&code=00101003053&supplier_code=00100091&order_time=2021-06-04 HTTP/1.1" 200 398
222.69.130.27 - - [04/Jun/2021:10:31:26 +0800] "GET /xingrg/kc/print/load_data.html?order_code=212021060401459&kc_code=cgsh&condition= HTTP/1.1" 200 1635
116.230.117.165 - - [04/Jun/2021:10:31:30 +0800] "GET /xingrg/all/function/internal_message.html?_=1622773906543&CODE_STATE=getMsg HTTP/1.1" 200 27
180.169.147.146 - - [04/Jun/2021:10:31:30 +0800] "POST /xingrg/all/report/load_report_page.html HTTP/1.1" 200 22833
180.169.147.146 - - [04/Jun/2021:10:31:30 +0800] "GET /xingrg/servlets/image?cache=0.6864912638858267&image=px HTTP/1.1" 200 807
180.161.111.4 - - [04/Jun/2021:10:31:32 +0800] "GET /xingrg/kc/base/wldb_order_operate.html?command=get_materiel&rest_code=00102&base_code=0010476&code=00101019130 HTTP/1.1" 200 470
222.70.177.128 - - [04/Jun/2021:10:31:34 +0800] "GET /xingrg/all/function/internal_message.html?_=1622773891001&CODE_STATE=getMsg HTTP/1.1" 200 27
222.70.177.128 - - [04/Jun/2021:10:31:34 +0800] "GET /xingrg/check_reg.html?_=1622773891003 HTTP/1.1" 200 22
180.162.112.86 - - [04/Jun/2021:10:31:36 +0800] "GET /xingrg/kc/base/wldb_order_operate.html?command=get_materiel&rest_code=00143&base_code=0010216&code=00101016127 HTTP/1.1" 200 436
61.165.42.208 - - [04/Jun/2021:10:31:38 +0800] "GET /xingrg/all/function/internal_message.html?_=1622773898170&CODE_STATE=getMsg HTTP/1.1" 200 27
61.165.42.208 - - [04/Jun/2021:10:31:40 +0800] "GET /xingrg/kc/base/base_main.html HTTP/1.1" 200 12142
61.165.42.208 - - [04/Jun/2021:10:31:40 +0800] "GET /xingrg/images/blue/button/wlsy.gif HTTP/1.1" 304 -
61.165.42.208 - - [04/Jun/2021:10:31:40 +0800] "GET /xingrg/images/blue/button/ckpd.gif HTTP/1.1" 304 -
61.165.42.208 - - [04/Jun/2021:10:31:40 +0800] "GET /xingrg/images/blue/button/ckdb.gif HTTP/1.1" 304 -
61.165.42.208 - - [04/Jun/2021:10:31:40 +0800] "GET /xingrg/images/blue/button/yddb.gif HTTP/1.1" 304 -
61.165.42.208 - - [04/Jun/2021:10:31:40 +0800] "GET /xingrg/images/blue/button/down.jpg HTTP/1.1" 304 -
61.165.42.208 - - [04/Jun/2021:10:31:40 +0800] "GET /xingrg/images/blue/button/top_left.jpg HTTP/1.1" 304 -
61.165.42.208 - - [04/Jun/2021:10:31:40 +0800] "GET /xingrg/images/blue/button/bottom_right.jpg HTTP/1.1" 304 -
61.165.42.208 - - [04/Jun/2021:10:31:40 +0800] "GET /xingrg/images/blue/button/bottom_left.jpg HTTP/1.1" 304 -
61.165.42.208 - - [04/Jun/2021:10:31:40 +0800] "GET /xingrg/images/blue/button/top_right.jpg HTTP/1.1" 304 -
61.165.42.208 - - [04/Jun/2021:10:31:40 +0800] "GET /xingrg/images/blue/button/left_ah.jpg HTTP/1.1" 304 -
116.224.253.72 - - [04/Jun/2021:10:31:41 +0800] "GET /xingrg/all/function/internal_message.html?_=1622773903341&CODE_STATE=getMsg HTTP/1.1" 200 27
61.165.42.208 - - [04/Jun/2021:10:31:41 +0800] "GET /xingrg/kc/base/wldb_order_list.html HTTP/1.1" 200 19020
61.165.42.208 - - [04/Jun/2021:10:31:42 +0800] "POST /xingrg/kc/buy/cgsh_list_operate.html HTTP/1.1" 200 2746
61.165.42.208 - - [04/Jun/2021:10:31:42 +0800] "POST /xingrg/kc/base/wldb_list_operate.html HTTP/1.1" 200 928
180.169.147.146 - - [04/Jun/2021:10:31:43 +0800] "GET /xingrg/all/report/report_query.html?isQuery=1&fileName=kc/base/crk_detail_by_small.xml&rh=99999&queryString=&queryText=%25E3%2580%2590%25E4%25BB%2593%25E5%25BA%2593%25E5%2590%258D%25E7%25A7%25B0%253A%25E9%25A3%259F%25E5%2593%2581%25E4%25BB%2593%25E5%25BA%2593%25E3%2580%2591%25E3%2580%2590%25E4%25B8%259A%25E5%258A%25A1%25E7%25B1%25BB%25E5%259E%258B%25EF%25BC%259A%25E5%2586%2585%25E9%2583%25A8%25E8%25B0%2583%25E5%2587%25BA%25E3%2580%2591%2520%253F%253F%253F%253F%253F2021-05-01%253F%253F2021-05-31%2520%253F%253F%253F%253F%253F%253F%253F%253F%252C%253F%253F%253F%253F%253F%253F%252C%253F%253F%253F%253F%253F%252C%253F%253F%253F%253F%253F%252C%253F%253F%253F%253F%253F&tableQueryString=crk_table%2524sp1%2524order_day%2520between%252020210501%2520and%252020210531%2520and%2520(base_code%253D'0010538')%2520and%2520(src_order_type%2520in%2520(42))%2520and%2520(is_rk%2520in%2520(0)) HTTP/1.1" 200 53838
180.169.147.146 - - [04/Jun/2021:10:31:44 +0800] "GET /xingrg/dwr/interface/AjaxReportQueryService.js HTTP/1.1" 200 13203
180.169.147.146 - - [04/Jun/2021:10:31:44 +0800] "GET /xingrg/dwr/engine.js HTTP/1.1" 200 43631
180.169.147.146 - - [04/Jun/2021:10:31:45 +0800] "POST /xingrg/all/report/load_report_page.html HTTP/1.1" 200 33558
61.165.42.208 - - [04/Jun/2021:10:31:45 +0800] "GET /xingrg/kc/base/wldb_order_add.html HTTP/1.1" 200 30228
180.169.147.146 - - [04/Jun/2021:10:31:45 +0800] "GET /xingrg/servlets/image?cache=0.9606595541520647&image=px HTTP/1.1" 200 807
61.165.42.208 - - [04/Jun/2021:10:31:45 +0800] "POST /xingrg/kc/base/wldb_order_operate.html HTTP/1.1" 200 6806
61.165.42.208 - - [04/Jun/2021:10:31:45 +0800] "GET /xingrg/javascript/easyui/themes/default/validatebox.css HTTP/1.1" 404 1104
61.165.42.208 - - [04/Jun/2021:10:31:45 +0800] "GET /xingrg/all/common/auto_word.html?type=base&rest_code=00105 HTTP/1.1" 200 1811
61.165.42.208 - - [04/Jun/2021:10:31:45 +0800] "GET /xingrg/all/common/auto_word.html?type=base&rest_code=00105 HTTP/1.1" 200 1811
101.85.94.178 - - [04/Jun/2021:10:31:46 +0800] "GET /xingrg/check_reg.html?_=1622773374348 HTTP/1.1" 200 22
101.85.94.178 - - [04/Jun/2021:10:31:46 +0800] "GET /xingrg/all/function/internal_message.html?_=1622773374349&CODE_STATE=getMsg HTTP/1.1" 200 27
61.165.42.208 - - [04/Jun/2021:10:31:47 +0800] "POST /xingrg/all/common/load_combo.html?type=base HTTP/1.1" 200 3236
61.165.42.208 - - [04/Jun/2021:10:31:50 +0800] "POST /xingrg/all/common/load_combo.html?type=base HTTP/1.1" 200 3236
116.224.253.72 - - [04/Jun/2021:10:31:52 +0800] "GET /xingrg/all/function/internal_message.html?_=1622773910353&CODE_STATE=getMsg HTTP/1.1" 200 27
180.169.147.146 - - [04/Jun/2021:10:31:52 +0800] "GET /xingrg/all/function/internal_message.html?_=1622773912725&CODE_STATE=getMsg HTTP/1.1" 200 27
116.235.222.38 - - [04/Jun/2021:10:31:54 +0800] "GET /xingrg/all/function/internal_message.html?_=1622773905622&CODE_STATE=getMsg HTTP/1.1" 200 27
180.161.111.4 - - [04/Jun/2021:10:31:58 +0800] "GET /xingrg/kc/base/wldb_order_operate.html?command=get_materiel&rest_code=00102&base_code=0010476&code=00101019222 HTTP/1.1" 200 453
180.169.147.146 - - [04/Jun/2021:10:32:00 +0800] "GET /xingrg/all/function/internal_message.html?_=1622773919340&CODE_STATE=getMsg HTTP/1.1" 200 27
180.162.112.86 - - [04/Jun/2021:10:32:01 +0800] "GET /xingrg/all/function/internal_message.html?_=1622773619618&CODE_STATE=getMsg HTTP/1.1" 200 27
61.165.42.208 - - [04/Jun/2021:10:32:01 +0800] "GET /xingrg/all/function/internal_message.html?_=1622773898788&CODE_STATE=getMsg HTTP/1.1" 200 27
180.169.147.146 - - [04/Jun/2021:10:32:03 +0800] "GET /xingrg/all/function/internal_message.html?_=1622773923300&CODE_STATE=getMsg HTTP/1.1" 302 -
180.161.111.4 - - [04/Jun/2021:10:32:04 +0800] "GET /xingrg/kc/base/wldb_order_operate.html?command=get_materiel&rest_code=00102&base_code=0010476&code=00101019063 HTTP/1.1" 200 446
117.185.32.26 - - [04/Jun/2021:10:32:05 +0800] "POST /xingrg/kc/buy/cgsh_order_operate.html HTTP/1.1" 200 37
116.230.110.80 - - [04/Jun/2021:10:32:05 +0800] "GET /xingrg/all/function/internal_message.html?_=1622773918087&CODE_STATE=getMsg HTTP/1.1" 200 27
61.165.42.208 - - [04/Jun/2021:10:32:07 +0800] "GET /xingrg/kc/buy/cgsh_order_add.html HTTP/1.1" 200 62409
61.165.42.208 - - [04/Jun/2021:10:32:08 +0800] "GET /xingrg/javascript/easyui/themes/default/validatebox.css HTTP/1.1" 404 1104
61.165.42.208 - - [04/Jun/2021:10:32:08 +0800] "POST /xingrg/kc/buy/cgsh_order_operate.html HTTP/1.1" 200 8245
180.161.111.4 - - [04/Jun/2021:10:32:09 +0800] "GET /xingrg/all/function/internal_message.html?_=1622773889599&CODE_STATE=getMsg HTTP/1.1" 200 27
116.232.55.183 - - [04/Jun/2021:10:32:10 +0800] "GET /xingrg/all/function/internal_message.html?_=1622773928975&CODE_STATE=getMsg HTTP/1.1" 200 27
180.162.112.86 - - [04/Jun/2021:10:32:10 +0800] "GET /xingrg/kc/base/wldb_order_operate.html?command=get_materiel&rest_code=00143&base_code=0010216&code=00101019131 HTTP/1.1" 200 454
180.161.111.4 - - [04/Jun/2021:10:32:10 +0800] "GET /xingrg/kc/base/wldb_order_operate.html?command=get_materiel&rest_code=00102&base_code=0010476&code=00101013076 HTTP/1.1" 200 442
114.86.187.76 - - [04/Jun/2021:10:32:14 +0800] "GET /xingrg/all/function/internal_message.html?_=1622773941562&CODE_STATE=getMsg HTTP/1.1" 200 27
222.69.130.27 - - [04/Jun/2021:10:32:15 +0800] "GET /xingrg/kc/buy/cgsh_order_add.html HTTP/1.1" 200 62415
222.69.130.27 - - [04/Jun/2021:10:32:15 +0800] "POST /xingrg/kc/buy/cgsh_order_operate.html HTTP/1.1" 200 8245
222.69.130.27 - - [04/Jun/2021:10:32:15 +0800] "GET /xingrg/javascript/easyui/themes/default/validatebox.css HTTP/1.1" 404 1104
117.185.32.26 - - [04/Jun/2021:10:32:15 +0800] "POST /xingrg/kc/buy/cgsh_order_operate.html HTTP/1.1" 200 12
180.161.111.4 - - [04/Jun/2021:10:32:15 +0800] "GET /xingrg/kc/base/wldb_order_operate.html?command=get_materiel&rest_code=00102&base_code=0010476&code=00101016044 HTTP/1.1" 200 464
180.169.147.146 - - [04/Jun/2021:10:32:17 +0800] "GET /xingrg/all/report/report_query.html?isQuery=1&fileName=kc/base/crk_detail_by_small.xml&rh=99999&queryString=&queryText=%25E3%2580%2590%25E4%25BB%2593%25E5%25BA%2593%25E5%2590%258D%25E7%25A7%25B0%253A%25E9%25A3%259F%25E5%2593%2581%25E4%25BB%2593%25E5%25BA%2593%25E3%2580%2591%25E3%2580%2590%25E4%25B8%259A%25E5%258A%25A1%25E7%25B1%25BB%25E5%259E%258B%25EF%25BC%259A%25E9%2587%2587%25E8%25B4%25AD%25E5%2585%25A5%25E5%25BA%2593%25E3%2580%2591%2520%253F%253F%253F%253F%253F2021-05-01%253F%253F2021-05-31%2520%253F%253F%253F%253F%253F%253F%253F%253F%252C%253F%253F%253F%253F%253F%253F%252C%253F%253F%253F%253F%253F%252C%253F%253F%253F%253F%253F%252C%253F%253F%253F%253F%253F&tableQueryString=crk_table%2524sp1%2524order_day%2520between%252020210501%2520and%252020210531%2520and%2520(base_code%253D'0010538')%2520and%2520(src_order_type%2520in%2520(21))%2520and%2520(is_rk%2520in%2520(1)) HTTP/1.1" 200 53838
180.169.147.146 - - [04/Jun/2021:10:32:17 +0800] "GET /xingrg/dwr/interface/AjaxReportQueryService.js HTTP/1.1" 200 13203
180.169.147.146 - - [04/Jun/2021:10:32:17 +0800] "GET /xingrg/dwr/engine.js HTTP/1.1" 200 43631
117.185.32.26 - - [04/Jun/2021:10:32:18 +0800] "GET /xingrg/kc/buy/cgsh_order_info.html?code=212021060401460 HTTP/1.1" 200 57268
180.169.147.146 - - [04/Jun/2021:10:32:18 +0800] "POST /xingrg/all/report/load_report_page.html HTTP/1.1" 200 17109
180.169.147.146 - - [04/Jun/2021:10:32:18 +0800] "GET /xingrg/servlets/image?cache=0.997405810989928&image=px HTTP/1.1" 200 807
117.185.32.26 - - [04/Jun/2021:10:32:18 +0800] "GET /xingrg/javascript/easyui/themes/default/validatebox.css HTTP/1.1" 404 1104
180.161.111.4 - - [04/Jun/2021:10:32:19 +0800] "GET /xingrg/all/function/internal_message.html?_=1622773937908&CODE_STATE=getMsg HTTP/1.1" 200 27
172.20.0.100 - - [04/Jun/2021:10:32:19 +0800] "GET /xingrg/check_reg.html?_=1622773938200 HTTP/1.1" 200 22
172.20.0.100 - - [04/Jun/2021:10:32:19 +0800] "GET /xingrg/all/function/internal_message.html?_=1622773938201&CODE_STATE=getMsg HTTP/1.1" 200 27
117.185.32.26 - - [04/Jun/2021:10:32:19 +0800] "POST /xingrg/kc/buy/cgsh_order_operate.html HTTP/1.1" 200 1206
222.69.130.27 - - [04/Jun/2021:10:32:20 +0800] "GET /xingrg/all/function/internal_message.html?_=1622773939205&CODE_STATE=getMsg HTTP/1.1" 200 27
180.169.147.146 - - [04/Jun/2021:10:32:22 +0800] "POST /xingrg/all/report/load_report_page.html HTTP/1.1" 200 22845
180.169.147.146 - - [04/Jun/2021:10:32:22 +0800] "GET /xingrg/servlets/image?cache=0.37757831233408623&image=px HTTP/1.1" 200 807
58.37.225.51 - - [04/Jun/2021:10:32:22 +0800] "GET /xingrg/all/function/internal_message.html?_=1622773885647&CODE_STATE=getMsg HTTP/1.1" 200 27
117.185.32.26 - - [04/Jun/2021:10:32:23 +0800] "GET /xingrg/kc/print/load_data.html?order_code=212021060401460&kc_code=cgsh&condition= HTTP/1.1" 200 1002
180.169.147.146 - - [04/Jun/2021:10:32:27 +0800] "GET /xingrg/check_reg.html?_=1622773947684 HTTP/1.1" 302 -
116.230.117.165 - - [04/Jun/2021:10:32:28 +0800] "GET /xingrg/check_reg.html?_=1622773964742 HTTP/1.1" 200 22
116.230.117.165 - - [04/Jun/2021:10:32:30 +0800] "GET /xingrg/all/function/internal_message.html?_=1622773966557&CODE_STATE=getMsg HTTP/1.1" 200 27
180.162.112.86 - - [04/Jun/2021:10:32:30 +0800] "GET /xingrg/kc/base/wldb_order_operate.html?command=get_materiel&rest_code=00143&base_code=0010216&code=00101019308 HTTP/1.1" 200 478
117.185.32.26 - - [04/Jun/2021:10:32:30 +0800] "GET /xingrg/kc/buy/cgsh_order_add.html HTTP/1.1" 200 62362
117.185.32.26 - - [04/Jun/2021:10:32:31 +0800] "POST /xingrg/kc/buy/cgsh_order_operate.html HTTP/1.1" 200 8245
117.185.32.26 - - [04/Jun/2021:10:32:31 +0800] "GET /xingrg/javascript/easyui/themes/default/validatebox.css HTTP/1.1" 404 1104
61.165.42.208 - - [04/Jun/2021:10:32:31 +0800] "GET /xingrg/kc/buy/cgsh_order_operate.html?command=get_materiel&rest_code=00105&code=00101015121&supplier_code=00100450&order_time=2021-06-04 HTTP/1.1" 200 404
61.165.42.208 - - [04/Jun/2021:10:32:32 +0800] "GET /xingrg/javascript/auto/indicator.gif HTTP/1.1" 404 1066
117.185.32.26 - - [04/Jun/2021:10:32:32 +0800] "GET /xingrg/javascript/easyui/themes/default/tree.css HTTP/1.1" 404 1090
117.185.32.26 - - [04/Jun/2021:10:32:33 +0800] "POST /xingrg/all/common/load_tree.html?tree=supplier_tree_json&isDelete=1 HTTP/1.1" 200 55903
222.70.177.128 - - [04/Jun/2021:10:32:34 +0800] "GET /xingrg/all/function/internal_message.html?_=1622773951003&CODE_STATE=getMsg HTTP/1.1" 200 27
222.69.130.27 - - [04/Jun/2021:10:32:35 +0800] "GET /xingrg/kc/buy/cgsh_order_operate.html?command=get_materiel&rest_code=00149&code=00101012027&supplier_code=00100036&order_time=2021-06-04 HTTP/1.1" 200 408
180.169.147.146 - - [04/Jun/2021:10:32:37 +0800] "GET /xingrg/all/report/report_query.html?isQuery=1&fileName=kc/base/crk_detail_by_small.xml&rh=99999&queryString=&queryText=%25E3%2580%2590%25E4%25BB%2593%25E5%25BA%2593%25E5%2590%258D%25E7%25A7%25B0%253A%25E9%25A3%259F%25E5%2593%2581%25E4%25BB%2593%25E5%25BA%2593%25E3%2580%2591%25E3%2580%2590%25E4%25B8%259A%25E5%258A%25A1%25E7%25B1%25BB%25E5%259E%258B%25EF%25BC%259A%25E8%25B0%2583%25E5%25BE%2580%25E5%25BC%2582%25E5%25BA%2597%25E3%2580%2591%2520%253F%253F%253F%253F%253F2021-05-01%253F%253F2021-05-31%2520%253F%253F%253F%253F%253F%253F%253F%253F%252C%253F%253F%253F%253F%253F%253F%252C%253F%253F%253F%253F%253F%252C%253F%253F%253F%253F%253F%252C%253F%253F%253F%253F%253F&tableQueryString=crk_table%2524sp1%2524order_day%2520between%252020210501%2520and%252020210531%2520and%2520(base_code%253D'0010538')%2520and%2520(src_order_type%2520in%2520(48))%2520and%2520(is_rk%2520in%2520(0)) HTTP/1.1" 200 53838
180.169.147.146 - - [04/Jun/2021:10:32:37 +0800] "GET /xingrg/dwr/interface/AjaxReportQueryService.js HTTP/1.1" 200 13203
180.169.147.146 - - [04/Jun/2021:10:32:37 +0800] "GET /xingrg/dwr/engine.js HTTP/1.1" 200 43631
180.169.147.146 - - [04/Jun/2021:10:32:38 +0800] "POST /xingrg/all/report/load_report_page.html HTTP/1.1" 200 17137
180.169.147.146 - - [04/Jun/2021:10:32:38 +0800] "GET /xingrg/servlets/image?cache=0.8003629545789563&image=px HTTP/1.1" 200 807
61.165.42.208 - - [04/Jun/2021:10:32:38 +0800] "GET /xingrg/all/function/internal_message.html?_=1622773958144&CODE_STATE=getMsg HTTP/1.1" 200 27
61.165.42.208 - - [04/Jun/2021:10:32:40 +0800] "GET /xingrg/kc/base/wldb_order_operate.html?command=get_materiel&rest_code=00105&base_code=0010507&code=00101019222 HTTP/1.1" 200 454
61.165.42.208 - - [04/Jun/2021:10:32:40 +0800] "GET /xingrg/check_reg.html?_=1622773959723 HTTP/1.1" 200 22
58.37.225.51 - - [04/Jun/2021:10:32:40 +0800] "GET /xingrg/check_reg.html?_=1622773904086 HTTP/1.1" 200 22
116.224.253.72 - - [04/Jun/2021:10:32:41 +0800] "GET /xingrg/all/function/internal_message.html?_=1622773963354&CODE_STATE=getMsg HTTP/1.1" 200 27
222.69.130.27 - - [04/Jun/2021:10:32:44 +0800] "GET /xingrg/kc/buy/cgsh_order_operate.html?command=get_materiel&rest_code=00149&code=00101016030&supplier_code=00100036&order_time=2021-06-04 HTTP/1.1" 200 412
101.85.94.178 - - [04/Jun/2021:10:32:46 +0800] "GET /xingrg/all/function/internal_message.html?_=1622773434347&CODE_STATE=getMsg HTTP/1.1" 200 27
116.230.114.112 - - [04/Jun/2021:10:32:50 +0800] "GET /xingrg/check_reg.html?_=1622773983840 HTTP/1.1" 302 -
116.224.253.72 - - [04/Jun/2021:10:32:52 +0800] "GET /xingrg/check_reg.html?_=1622773970351 HTTP/1.1" 200 22
116.224.253.72 - - [04/Jun/2021:10:32:52 +0800] "GET /xingrg/all/function/internal_message.html?_=1622773970353&CODE_STATE=getMsg HTTP/1.1" 200 27
180.169.147.146 - - [04/Jun/2021:10:32:52 +0800] "GET /xingrg/all/function/internal_message.html?_=1622773972720&CODE_STATE=getMsg HTTP/1.1" 200 27
222.69.130.27 - - [04/Jun/2021:10:32:54 +0800] "GET /xingrg/kc/buy/cgsh_order_operate.html?command=get_materiel&rest_code=00149&code=00101010348&supplier_code=00100036&order_time=2021-06-04 HTTP/1.1" 200 417
116.235.222.38 - - [04/Jun/2021:10:32:54 +0800] "GET /xingrg/all/function/internal_message.html?_=1622773965605&CODE_STATE=getMsg HTTP/1.1" 200 27
116.235.222.38 - - [04/Jun/2021:10:32:54 +0800] "GET /xingrg/check_reg.html?_=1622773965642 HTTP/1.1" 200 22
117.185.32.26 - - [04/Jun/2021:10:32:54 +0800] "GET /xingrg/kc/buy/cgsh_order_operate.html?command=get_materiel&rest_code=00106&code=00101004011&supplier_code=00100088&order_time=2021-06-04 HTTP/1.1" 200 413
61.165.42.208 - - [04/Jun/2021:10:32:56 +0800] "GET /xingrg/kc/buy/cgsh_order_operate.html?command=get_materiel&rest_code=00105&code=00102014088&supplier_code=00100450&order_time=2021-06-04 HTTP/1.1" 200 412
180.169.147.146 - - [04/Jun/2021:10:32:56 +0800] "GET /xingrg/all/report/report_query.html?isQuery=1&fileName=kc/base/crk_detail_by_small.xml&rh=99999&queryString=&queryText=%25E3%2580%2590%25E4%25BB%2593%25E5%25BA%2593%25E5%2590%258D%25E7%25A7%25B0%253A%25E9%25A3%259F%25E5%2593%2581%25E4%25BB%2593%25E5%25BA%2593%25E3%2580%2591%25E3%2580%2590%25E4%25B8%259A%25E5%258A%25A1%25E7%25B1%25BB%25E5%259E%258B%25EF%25BC%259A%25E5%2586%2585%25E9%2583%25A8%25E8%25B0%2583%25E5%2587%25BA%25E3%2580%2591%2520%253F%253F%253F%253F%253F2021-05-01%253F%253F2021-05-31%2520%253F%253F%253F%253F%253F%253F%253F%253F%252C%253F%253F%253F%253F%253F%253F%252C%253F%253F%253F%253F%253F%252C%253F%253F%253F%253F%253F%252C%253F%253F%253F%253F%253F&tableQueryString=crk_table%2524sp1%2524order_day%2520between%252020210501%2520and%252020210531%2520and%2520(base_code%253D'0010538')%2520and%2520(src_order_type%2520in%2520(42))%2520and%2520(is_rk%2520in%2520(0)) HTTP/1.1" 200 53838
180.169.147.146 - - [04/Jun/2021:10:32:56 +0800] "GET /xingrg/dwr/interface/AjaxReportQueryService.js HTTP/1.1" 200 13203
180.169.147.146 - - [04/Jun/2021:10:32:56 +0800] "GET /xingrg/dwr/engine.js HTTP/1.1" 200 43631
180.169.147.146 - - [04/Jun/2021:10:32:57 +0800] "POST /xingrg/all/report/load_report_page.html HTTP/1.1" 200 33558
180.169.147.146 - - [04/Jun/2021:10:32:57 +0800] "GET /xingrg/servlets/image?cache=0.9357268895812314&image=px HTTP/1.1" 200 807
180.162.112.86 - - [04/Jun/2021:10:32:59 +0800] "GET /xingrg/kc/base/wldb_order_operate.html?command=get_materiel&rest_code=00143&base_code=0010216&code=00101019238 HTTP/1.1" 200 468
180.169.147.146 - - [04/Jun/2021:10:33:00 +0800] "GET /xingrg/all/function/internal_message.html?_=1622773979337&CODE_STATE=getMsg HTTP/1.1" 200 27
180.169.147.146 - - [04/Jun/2021:10:33:00 +0800] "GET /xingrg/check_reg.html?_=1622773979341 HTTP/1.1" 200 22
117.185.32.26 - - [04/Jun/2021:10:33:01 +0800] "GET /xingrg/all/function/internal_message.html?_=1622774513102&CODE_STATE=getMsg HTTP/1.1" 200 27
180.162.112.86 - - [04/Jun/2021:10:33:01 +0800] "GET /xingrg/all/function/internal_message.html?_=1622773679620&CODE_STATE=getMsg HTTP/1.1" 200 27
180.162.112.86 - - [04/Jun/2021:10:33:01 +0800] "GET /xingrg/check_reg.html?_=1622773679622 HTTP/1.1" 200 22
222.69.130.27 - - [04/Jun/2021:10:33:01 +0800] "GET /xingrg/kc/buy/cgsh_order_operate.html?command=get_materiel&rest_code=00149&code=00101012026&supplier_code=00100036&order_time=2021-06-04 HTTP/1.1" 200 408
61.165.42.208 - - [04/Jun/2021:10:33:01 +0800] "GET /xingrg/all/function/internal_message.html?_=1622773958761&CODE_STATE=getMsg HTTP/1.1" 200 27
180.169.147.146 - - [04/Jun/2021:10:33:03 +0800] "GET /xingrg/all/function/internal_message.html?_=1622773983335&CODE_STATE=getMsg HTTP/1.1" 302 -
116.230.110.80 - - [04/Jun/2021:10:33:05 +0800] "GET /xingrg/all/function/internal_message.html?_=1622773978085&CODE_STATE=getMsg HTTP/1.1" 200 27
180.161.111.4 - - [04/Jun/2021:10:33:09 +0800] "GET /xingrg/all/function/internal_message.html?_=1622773949604&CODE_STATE=getMsg HTTP/1.1" 200 27
116.232.55.183 - - [04/Jun/2021:10:33:10 +0800] "GET /xingrg/all/function/internal_message.html?_=1622773988974&CODE_STATE=getMsg HTTP/1.1" 200 27
116.232.55.183 - - [04/Jun/2021:10:33:10 +0800] "GET /xingrg/check_reg.html?_=1622773988974 HTTP/1.1" 200 22
61.165.42.208 - - [04/Jun/2021:10:33:10 +0800] "GET /xingrg/kc/buy/cgsh_order_operate.html?command=get_materiel&rest_code=00105&code=00101009125&supplier_code=00100450&order_time=2021-06-04 HTTP/1.1" 200 403
114.86.187.76 - - [04/Jun/2021:10:33:14 +0800] "GET /xingrg/all/function/internal_message.html?_=1622774001560&CODE_STATE=getMsg HTTP/1.1" 200 27
114.84.0.231 - - [04/Jun/2021:10:33:14 +0800] "POST /xingrg/services/DataTransmitService HTTP/1.1" 200 524
222.69.130.27 - - [04/Jun/2021:10:33:15 +0800] "POST /xingrg/kc/buy/cgsh_order_operate.html HTTP/1.1" 200 37
180.161.111.4 - - [04/Jun/2021:10:33:18 +0800] "GET /xingrg/check_reg.html?_=1622773997674 HTTP/1.1" 200 22
117.185.32.26 - - [04/Jun/2021:10:33:18 +0800] "GET /xingrg/kc/buy/cgsh_order_operate.html?command=get_materiel&rest_code=00106&code=00101004065&supplier_code=00100088&order_time=2021-06-04 HTTP/1.1" 200 413
180.161.111.4 - - [04/Jun/2021:10:33:19 +0800] "GET /xingrg/all/function/internal_message.html?_=1622773997920&CODE_STATE=getMsg HTTP/1.1" 200 27
172.20.0.100 - - [04/Jun/2021:10:33:19 +0800] "GET /xingrg/all/function/internal_message.html?_=1622773998187&CODE_STATE=getMsg HTTP/1.1" 200 27
222.69.130.27 - - [04/Jun/2021:10:33:20 +0800] "GET /xingrg/all/function/internal_message.html?_=1622773999180&CODE_STATE=getMsg HTTP/1.1" 200 27
222.69.130.27 - - [04/Jun/2021:10:33:20 +0800] "GET /xingrg/check_reg.html?_=1622773999256 HTTP/1.1" 200 22
114.84.0.231 - - [04/Jun/2021:10:33:20 +0800] "POST /xingrg/services/DataTransmitService HTTP/1.1" 200 501
114.84.0.231 - - [04/Jun/2021:10:33:21 +0800] "POST /xingrg/services/DataTransmitService HTTP/1.1" 200 501
222.69.130.27 - - [04/Jun/2021:10:33:21 +0800] "POST /xingrg/kc/buy/cgsh_order_operate.html HTTP/1.1" 200 12
58.37.225.51 - - [04/Jun/2021:10:33:22 +0800] "GET /xingrg/all/function/internal_message.html?_=1622773945623&CODE_STATE=getMsg HTTP/1.1" 200 27
