222.70.177.128 - - [02/Jun/2021:09:30:43 +0800] "GET /xingrg/all/function/internal_message.html?_=1622597443111&CODE_STATE=getMsg HTTP/1.1" 302 -
116.224.253.72 - - [02/Jun/2021:09:30:43 +0800] "GET /xingrg/kc/buy/cgsh_order_operate.html?command=get_materiel&rest_code=00150&code=00101008318&supplier_code=00100007&order_time=2021-06-02 HTTP/1.1" 200 408
58.40.7.146 - - [02/Jun/2021:09:30:44 +0800] "GET /xingrg/all/function/internal_message.html?_=1622597443804&CODE_STATE=getMsg HTTP/1.1" 302 -
61.165.42.208 - - [02/Jun/2021:09:30:45 +0800] "GET /xingrg/all/function/internal_message.html?_=1622597446171&CODE_STATE=getMsg HTTP/1.1" 200 27
116.224.253.72 - - [02/Jun/2021:09:30:45 +0800] "GET /xingrg/all/function/internal_message.html?_=1622597450891&CODE_STATE=getMsg HTTP/1.1" 200 27
58.40.7.146 - - [02/Jun/2021:09:30:47 +0800] "GET /xingrg/all/function/internal_message.html?_=1622597447015&CODE_STATE=getMsg HTTP/1.1" 302 -
116.224.253.72 - - [02/Jun/2021:09:30:48 +0800] "GET /xingrg/kc/buy/cgsh_order_operate.html?command=get_materiel&rest_code=00150&code=00101007125&supplier_code=00100096&order_time=2021-06-02 HTTP/1.1" 200 408
116.224.253.72 - - [02/Jun/2021:09:30:51 +0800] "GET /xingrg/kc/buy/cgsh_order_operate.html?command=get_materiel&rest_code=00150&code=00101008371&supplier_code=00100007&order_time=2021-06-02 HTTP/1.1" 200 412
180.169.147.146 - - [02/Jun/2021:09:30:57 +0800] "GET /xingrg/all/function/internal_message.html?_=1622597458488&CODE_STATE=getMsg HTTP/1.1" 302 -
116.224.253.72 - - [02/Jun/2021:09:30:58 +0800] "POST /xingrg/kc/buy/cgsh_order_operate.html HTTP/1.1" 200 37
116.224.253.72 - - [02/Jun/2021:09:31:00 +0800] "POST /xingrg/kc/buy/cgsh_order_operate.html HTTP/1.1" 200 16850
116.224.253.72 - - [02/Jun/2021:09:31:03 +0800] "GET /xingrg/kc/buy/cgsh_order_operate.html?command=get_materiel&rest_code=00150&code=00101007077&supplier_code=00100096&order_time=2021-06-02 HTTP/1.1" 200 415
116.224.253.72 - - [02/Jun/2021:09:31:08 +0800] "GET /xingrg/kc/buy/cgsh_order_operate.html?command=get_materiel&rest_code=00150&code=00101008005&supplier_code=00100007&order_time=2021-06-02 HTTP/1.1" 200 412
116.235.222.38 - - [02/Jun/2021:09:31:10 +0800] "GET /xingrg/kc/buy/cgsh_order_operate.html?command=get_materiel&rest_code=00107&code=00101008036&supplier_code=00100006&order_time=2021-06-02 HTTP/1.1" 200 408
116.224.253.72 - - [02/Jun/2021:09:31:11 +0800] "GET /xingrg/kc/buy/cgsh_order_operate.html?command=get_materiel&rest_code=00150&code=00101007014&supplier_code=00100096&order_time=2021-06-02 HTTP/1.1" 200 422
116.224.253.72 - - [02/Jun/2021:09:31:14 +0800] "GET /xingrg/kc/buy/cgsh_order_operate.html?command=get_materiel&rest_code=00150&code=00101008271&supplier_code=00100007&order_time=2021-06-02 HTTP/1.1" 200 408
58.40.7.146 - - [02/Jun/2021:09:31:20 +0800] "GET /xingrg/all/function/internal_message.html?_=1622597480126&CODE_STATE=getMsg HTTP/1.1" 200 27
180.169.147.146 - - [02/Jun/2021:09:31:21 +0800] "GET /xingrg/all/function/internal_message.html?_=1622597482823&CODE_STATE=getMsg HTTP/1.1" 200 27
116.235.222.38 - - [02/Jun/2021:09:31:22 +0800] "GET /xingrg/kc/buy/cgsh_order_operate.html?command=get_materiel&rest_code=00107&code=00101008350&supplier_code=00100006&order_time=2021-06-02 HTTP/1.1" 200 410
116.224.253.72 - - [02/Jun/2021:09:31:22 +0800] "GET /xingrg/kc/buy/cgsh_order_operate.html?command=get_materiel&rest_code=00150&code=00101008353&supplier_code=00100007&order_time=2021-06-02 HTTP/1.1" 200 408
180.169.147.146 - - [02/Jun/2021:09:31:22 +0800] "GET /xingrg/all/function/internal_message.html?_=1622597482150&CODE_STATE=getMsg HTTP/1.1" 302 -
120.253.135.82 - - [02/Jun/2021:09:31:24 +0800] "GET /xingrg/all/function/internal_message.html?_=1622597522480&CODE_STATE=getMsg HTTP/1.1" 302 -
180.169.147.146 - - [02/Jun/2021:09:31:27 +0800] "GET /xingrg/all/function/internal_message.html?_=1622597484794&CODE_STATE=getMsg HTTP/1.1" 200 27
116.224.253.72 - - [02/Jun/2021:09:31:31 +0800] "GET /xingrg/kc/buy/cgsh_order_operate.html?command=get_materiel&rest_code=00150&code=00101008095&supplier_code=00100007&order_time=2021-06-02 HTTP/1.1" 200 412
58.37.225.51 - - [02/Jun/2021:09:31:32 +0800] "GET /xingrg/check_reg.html?_=1622597438424 HTTP/1.1" 302 -
116.230.110.80 - - [02/Jun/2021:09:31:33 +0800] "GET /xingrg/all/function/internal_message.html?_=1622597491395&CODE_STATE=getMsg HTTP/1.1" 302 -
116.235.222.38 - - [02/Jun/2021:09:31:34 +0800] "GET /xingrg/check_reg.html?_=1622597490283 HTTP/1.1" 200 22
116.235.222.38 - - [02/Jun/2021:09:31:34 +0800] "GET /xingrg/all/function/internal_message.html?_=1622597490295&CODE_STATE=getMsg HTTP/1.1" 200 27
116.235.222.38 - - [02/Jun/2021:09:31:35 +0800] "GET /xingrg/kc/buy/cgsh_order_operate.html?command=get_materiel&rest_code=00107&code=00101009062&supplier_code=00100006&order_time=2021-06-02 HTTP/1.1" 200 412
116.224.253.72 - - [02/Jun/2021:09:31:35 +0800] "GET /xingrg/all/function/internal_message.html?_=1622597494381&CODE_STATE=getMsg HTTP/1.1" 200 27
116.224.253.72 - - [02/Jun/2021:09:31:38 +0800] "GET /xingrg/kc/buy/cgsh_order_operate.html?command=get_materiel&rest_code=00150&code=00101008283&supplier_code=00100007&order_time=2021-06-02 HTTP/1.1" 200 408
114.83.217.160 - - [02/Jun/2021:09:31:40 +0800] "GET /xingrg/all/function/internal_message.html?_=1622597500578&CODE_STATE=getMsg HTTP/1.1" 200 27
114.83.217.160 - - [02/Jun/2021:09:31:40 +0800] "GET /xingrg/check_reg.html?_=1622597500752 HTTP/1.1" 200 22
222.70.177.128 - - [02/Jun/2021:09:31:43 +0800] "GET /xingrg/all/function/internal_message.html?_=1622597503110&CODE_STATE=getMsg HTTP/1.1" 302 -
58.40.7.146 - - [02/Jun/2021:09:31:44 +0800] "GET /xingrg/all/function/internal_message.html?_=1622597503791&CODE_STATE=getMsg HTTP/1.1" 302 -
61.165.42.208 - - [02/Jun/2021:09:31:45 +0800] "GET /xingrg/all/function/internal_message.html?_=1622597506172&CODE_STATE=getMsg HTTP/1.1" 200 27
116.224.253.72 - - [02/Jun/2021:09:31:45 +0800] "GET /xingrg/check_reg.html?_=1622597510816 HTTP/1.1" 200 22
116.224.253.72 - - [02/Jun/2021:09:31:45 +0800] "GET /xingrg/all/function/internal_message.html?_=1622597510904&CODE_STATE=getMsg HTTP/1.1" 200 27
58.40.7.146 - - [02/Jun/2021:09:31:47 +0800] "GET /xingrg/all/function/internal_message.html?_=1622597507016&CODE_STATE=getMsg HTTP/1.1" 302 -
116.235.222.38 - - [02/Jun/2021:09:31:51 +0800] "GET /xingrg/kc/buy/cgsh_order_operate.html?command=get_materiel&rest_code=00107&code=00101008155&supplier_code=00100006&order_time=2021-06-02 HTTP/1.1" 200 408
116.224.253.72 - - [02/Jun/2021:09:31:51 +0800] "POST /xingrg/services/DataTransmitService HTTP/1.1" 200 524
116.224.253.72 - - [02/Jun/2021:09:31:56 +0800] "POST /xingrg/kc/buy/cgsh_order_operate.html HTTP/1.1" 200 37
180.169.147.146 - - [02/Jun/2021:09:31:57 +0800] "GET /favicon.ico HTTP/1.1" 404 -
180.169.147.146 - - [02/Jun/2021:09:31:57 +0800] "GET /xingrg/all/function/internal_message.html?_=1622597518460&CODE_STATE=getMsg HTTP/1.1" 302 -
116.224.253.72 - - [02/Jun/2021:09:31:58 +0800] "POST /xingrg/kc/buy/cgsh_order_operate.html HTTP/1.1" 200 19798
58.40.7.146 - - [02/Jun/2021:09:32:01 +0800] "POST /xingrg/dwr/call/plaincall/AjaxReportQueryService.refreshCache.dwr HTTP/1.1" 200 78
58.40.7.146 - - [02/Jun/2021:09:32:02 +0800] "POST /xingrg/all/report/load_report_page.html HTTP/1.1" 200 110190
58.40.7.146 - - [02/Jun/2021:09:32:02 +0800] "GET /xingrg/servlets/image?cache=0.8094563050247743&image=px HTTP/1.1" 200 807
58.40.7.146 - - [02/Jun/2021:09:32:03 +0800] "POST /xingrg/dwr/call/plaincall/AjaxReportQueryService.refreshCache.dwr HTTP/1.1" 200 78
116.224.253.72 - - [02/Jun/2021:09:32:04 +0800] "GET /xingrg/kc/buy/cgsh_order_operate.html?command=get_materiel&rest_code=00150&code=00101008323&supplier_code=00100007&order_time=2021-06-02 HTTP/1.1" 200 408
58.40.7.146 - - [02/Jun/2021:09:32:05 +0800] "POST /xingrg/all/report/load_report_page.html HTTP/1.1" 200 110306
58.40.7.146 - - [02/Jun/2021:09:32:05 +0800] "GET /xingrg/servlets/image?cache=0.032071531024502886&image=px HTTP/1.1" 200 807
120.253.135.82 - - [02/Jun/2021:09:32:07 +0800] "GET /xingrg/check_reg.html?_=1622597565278 HTTP/1.1" 302 -
116.235.222.38 - - [02/Jun/2021:09:32:12 +0800] "GET /xingrg/kc/buy/cgsh_order_operate.html?command=get_materiel&rest_code=00107&code=00101008223&supplier_code=00100006&order_time=2021-06-02 HTTP/1.1" 200 412
116.224.253.72 - - [02/Jun/2021:09:32:19 +0800] "POST /xingrg/services/DataTransmitService HTTP/1.1" 200 501
58.40.7.146 - - [02/Jun/2021:09:32:20 +0800] "GET /xingrg/all/function/internal_message.html?_=1622597540122&CODE_STATE=getMsg HTTP/1.1" 200 27
180.169.147.146 - - [02/Jun/2021:09:32:21 +0800] "GET /xingrg/check_reg.html?_=1622597542711 HTTP/1.1" 200 22
180.169.147.146 - - [02/Jun/2021:09:32:21 +0800] "GET /xingrg/all/function/internal_message.html?_=1622597542836&CODE_STATE=getMsg HTTP/1.1" 200 27
180.169.147.146 - - [02/Jun/2021:09:32:22 +0800] "GET /xingrg/all/function/internal_message.html?_=1622597542134&CODE_STATE=getMsg HTTP/1.1" 302 -
116.235.222.38 - - [02/Jun/2021:09:32:23 +0800] "GET /xingrg/kc/buy/cgsh_order_operate.html?command=get_materiel&rest_code=00107&code=00101008092&supplier_code=00100006&order_time=2021-06-02 HTTP/1.1" 200 412
120.253.135.82 - - [02/Jun/2021:09:32:24 +0800] "GET /xingrg/all/function/internal_message.html?_=1622597582484&CODE_STATE=getMsg HTTP/1.1" 302 -
58.40.7.146 - - [02/Jun/2021:09:32:26 +0800] "GET /xingrg/javascript/jquery_easy_ui/themes/default/images/button_plain_hover.png HTTP/1.1" 200 252
58.40.7.146 - - [02/Jun/2021:09:32:27 +0800] "POST /xingrg/dwr/call/plaincall/AjaxReportQueryService.refreshCache.dwr HTTP/1.1" 200 78
58.40.7.146 - - [02/Jun/2021:09:32:28 +0800] "POST /xingrg/all/report/load_report_page.html HTTP/1.1" 200 110190
58.40.7.146 - - [02/Jun/2021:09:32:28 +0800] "GET /xingrg/servlets/image?cache=0.6371694982255097&image=px HTTP/1.1" 200 807
116.224.253.72 - - [02/Jun/2021:09:32:32 +0800] "GET /xingrg/kc/buy/cgsh_order_operate.html?command=get_materiel&rest_code=00150&code=00101008361&supplier_code=00100007&order_time=2021-06-02 HTTP/1.1" 200 408
116.230.110.80 - - [02/Jun/2021:09:32:33 +0800] "GET /xingrg/all/function/internal_message.html?_=1622597551407&CODE_STATE=getMsg HTTP/1.1" 302 -
116.224.253.72 - - [02/Jun/2021:09:32:35 +0800] "GET /xingrg/check_reg.html?_=1622597554391 HTTP/1.1" 200 22
116.224.253.72 - - [02/Jun/2021:09:32:35 +0800] "GET /xingrg/all/function/internal_message.html?_=1622597554395&CODE_STATE=getMsg HTTP/1.1" 200 27
116.235.222.38 - - [02/Jun/2021:09:32:35 +0800] "GET /xingrg/all/function/internal_message.html?_=1622597551456&CODE_STATE=getMsg HTTP/1.1" 200 27
116.224.253.72 - - [02/Jun/2021:09:32:37 +0800] "POST /xingrg/kc/buy/cgsh_order_operate.html HTTP/1.1" 200 37
116.235.222.38 - - [02/Jun/2021:09:32:40 +0800] "GET /xingrg/kc/buy/cgsh_order_operate.html?command=get_materiel&rest_code=00107&code=00101015062&supplier_code=00100006&order_time=2021-06-02 HTTP/1.1" 200 412
114.83.217.160 - - [02/Jun/2021:09:32:40 +0800] "GET /xingrg/all/function/internal_message.html?_=1622597560550&CODE_STATE=getMsg HTTP/1.1" 200 27
116.224.253.72 - - [02/Jun/2021:09:32:43 +0800] "GET /xingrg/kc/buy/cgsh_order_operate.html?command=get_materiel&rest_code=00150&code=00101008223&supplier_code=00100007&order_time=2021-06-02 HTTP/1.1" 200 412
222.70.177.128 - - [02/Jun/2021:09:32:43 +0800] "GET /xingrg/all/function/internal_message.html?_=1622597563108&CODE_STATE=getMsg HTTP/1.1" 302 -
116.224.253.72 - - [02/Jun/2021:09:32:43 +0800] "POST /xingrg/kc/buy/cgsh_order_operate.html HTTP/1.1" 200 12
58.40.7.146 - - [02/Jun/2021:09:32:43 +0800] "GET /xingrg/all/function/internal_message.html?_=1622597563764&CODE_STATE=getMsg HTTP/1.1" 302 -
61.165.42.208 - - [02/Jun/2021:09:32:45 +0800] "GET /xingrg/all/function/internal_message.html?_=1622597566173&CODE_STATE=getMsg HTTP/1.1" 200 27
116.224.253.72 - - [02/Jun/2021:09:32:45 +0800] "GET /xingrg/kc/buy/cgsh_order_info.html?code=212021060200492 HTTP/1.1" 200 57122
116.224.253.72 - - [02/Jun/2021:09:32:45 +0800] "GET /xingrg/all/function/internal_message.html?_=1622597570919&CODE_STATE=getMsg HTTP/1.1" 200 27
116.224.253.72 - - [02/Jun/2021:09:32:46 +0800] "GET /xingrg/javascript/easyui/themes/default/validatebox.css HTTP/1.1" 404 1104
116.224.253.72 - - [02/Jun/2021:09:32:46 +0800] "POST /xingrg/kc/buy/cgsh_order_operate.html HTTP/1.1" 200 7696
58.40.7.146 - - [02/Jun/2021:09:32:47 +0800] "GET /xingrg/all/function/internal_message.html?_=1622597567018&CODE_STATE=getMsg HTTP/1.1" 302 -
116.224.253.72 - - [02/Jun/2021:09:32:47 +0800] "POST /xingrg/services/DataTransmitService HTTP/1.1" 200 524
116.224.253.72 - - [02/Jun/2021:09:32:53 +0800] "POST /xingrg/services/DataTransmitService HTTP/1.1" 200 501
116.224.253.72 - - [02/Jun/2021:09:32:54 +0800] "POST /xingrg/services/DataTransmitService HTTP/1.1" 200 501
180.169.147.146 - - [02/Jun/2021:09:32:56 +0800] "GET /favicon.ico HTTP/1.1" 404 -
180.169.147.146 - - [02/Jun/2021:09:32:57 +0800] "GET /xingrg/all/function/internal_message.html?_=1622597578432&CODE_STATE=getMsg HTTP/1.1" 302 -
180.169.147.146 - - [02/Jun/2021:09:32:58 +0800] "GET /xingrg/check_reg.html?_=1622597579199 HTTP/1.1" 302 -
116.224.253.72 - - [02/Jun/2021:09:32:58 +0800] "POST /xingrg/kc/buy/cgsh_order_operate.html HTTP/1.1" 200 37
116.224.253.72 - - [02/Jun/2021:09:33:02 +0800] "POST /xingrg/kc/buy/cgsh_order_operate.html HTTP/1.1" 200 22742
116.224.253.72 - - [02/Jun/2021:09:33:04 +0800] "GET /xingrg/kc/print/load_data.html?order_code=212021060200492&kc_code=cgsh&condition= HTTP/1.1" 200 2278
116.235.222.38 - - [02/Jun/2021:09:33:05 +0800] "GET /xingrg/kc/buy/cgsh_order_operate.html?command=get_materiel&rest_code=00107&code=00101009013&supplier_code=00100006&order_time=2021-06-02 HTTP/1.1" 200 23
116.224.253.72 - - [02/Jun/2021:09:33:11 +0800] "GET /xingrg/login.html HTTP/1.1" 200 7641
116.224.253.72 - - [02/Jun/2021:09:33:11 +0800] "GET /favicon.ico HTTP/1.1" 404 -
116.235.222.38 - - [02/Jun/2021:09:33:16 +0800] "POST /xingrg/kc/buy/cgsh_order_operate.html HTTP/1.1" 200 37
116.224.253.72 - - [02/Jun/2021:09:33:17 +0800] "POST /xingrg/services/DataTransmitService HTTP/1.1" 200 501
116.224.253.72 - - [02/Jun/2021:09:33:18 +0800] "GET /xingrg/kc/buy/cgsh_order_operate.html?command=get_materiel&rest_code=00150&code=00101008236&supplier_code=00100007&order_time=2021-06-02 HTTP/1.1" 200 416
116.224.253.72 - - [02/Jun/2021:09:33:19 +0800] "POST /xingrg/login.do HTTP/1.1" 302 -
116.224.253.72 - - [02/Jun/2021:09:33:19 +0800] "GET /xingrg/index.html?sysBaseUrl=http%3A%2F%2F180.169.147.146%3A18081%2Fxingrg%2F&costTime=1558×tamp=1622597599285 HTTP/1.1" 200 17177
116.224.253.72 - - [02/Jun/2021:09:33:19 +0800] "GET /favicon.ico HTTP/1.1" 404 -
116.224.253.72 - - [02/Jun/2021:09:33:19 +0800] "GET /xingrg/check_reg.html?_=1622597598888 HTTP/1.1" 200 22
116.224.253.72 - - [02/Jun/2021:09:33:19 +0800] "GET /xingrg/all/function/internal_message.html?_=1622597598886&CODE_STATE=count HTTP/1.1" 200 11
116.224.253.72 - - [02/Jun/2021:09:33:19 +0800] "POST /xingrg/all/common/load_tree.html?tree=area_rest_tree_json&manage=1 HTTP/1.1" 200 476
116.224.253.72 - - [02/Jun/2021:09:33:20 +0800] "POST /xingrg/load_menu.html HTTP/1.1" 200 5138
58.40.7.146 - - [02/Jun/2021:09:33:20 +0800] "GET /xingrg/all/function/internal_message.html?_=1622597600130&CODE_STATE=getMsg HTTP/1.1" 200 27
116.235.222.38 - - [02/Jun/2021:09:33:20 +0800] "POST /xingrg/kc/buy/cgsh_order_operate.html HTTP/1.1" 200 12691
180.169.147.146 - - [02/Jun/2021:09:33:21 +0800] "GET /xingrg/all/function/internal_message.html?_=1622597602853&CODE_STATE=getMsg HTTP/1.1" 200 27
116.230.117.165 - - [02/Jun/2021:09:33:21 +0800] "POST /xingrg/kc/buy/cgsh_order_operate.html HTTP/1.1" 200 19828
180.169.147.146 - - [02/Jun/2021:09:33:22 +0800] "GET /xingrg/all/function/internal_message.html?_=1622597602105&CODE_STATE=getMsg HTTP/1.1" 302 -
116.235.222.38 - - [02/Jun/2021:09:33:24 +0800] "GET /xingrg/login.html HTTP/1.1" 200 7641
120.253.135.82 - - [02/Jun/2021:09:33:24 +0800] "GET /xingrg/all/function/internal_message.html?_=1622597642507&CODE_STATE=getMsg HTTP/1.1" 302 -
116.235.222.38 - - [02/Jun/2021:09:33:25 +0800] "GET /favicon.ico HTTP/1.1" 404 -
116.224.253.72 - - [02/Jun/2021:09:33:26 +0800] "GET /xingrg/kc/buy/cgsh_order_operate.html?command=get_materiel&rest_code=00150&code=00101008168&supplier_code=00100007&order_time=2021-06-02 HTTP/1.1" 200 413
116.224.253.72 - - [02/Jun/2021:09:33:26 +0800] "POST /xingrg/all/user/operate.html HTTP/1.1" 200 36
116.224.253.72 - - [02/Jun/2021:09:33:27 +0800] "GET /xingrg/index.html?sysBaseUrl=http%3A%2F%2F180.169.147.146%3A18081%2Fxingrg%2F&costTime=1558×tamp=1622597599285 HTTP/1.1" 200 17179
116.224.253.72 - - [02/Jun/2021:09:33:27 +0800] "GET /xingrg/javascript/jquery_easy_ui/themes/default/easyui.css HTTP/1.1" 304 -
116.224.253.72 - - [02/Jun/2021:09:33:27 +0800] "GET /xingrg/javascript/jquery_easy_ui/themes/icon.css HTTP/1.1" 304 -
116.224.253.72 - - [02/Jun/2021:09:33:27 +0800] "GET /xingrg/css/form.css HTTP/1.1" 304 -
116.224.253.72 - - [02/Jun/2021:09:33:27 +0800] "GET /xingrg/javascript/jquery-1.4.2.min.js HTTP/1.1" 304 -
116.224.253.72 - - [02/Jun/2021:09:33:27 +0800] "GET /xingrg/javascript/jquery_easy_ui/jquery.easyui.min.js HTTP/1.1" 304 -
116.224.253.72 - - [02/Jun/2021:09:33:27 +0800] "GET /xingrg/javascript/jquery_easy_ui/easyui-lang-zh_CN.js HTTP/1.1" 304 -
116.224.253.72 - - [02/Jun/2021:09:33:27 +0800] "GET /xingrg/javascript/jquery.form.js HTTP/1.1" 304 -
116.224.253.72 - - [02/Jun/2021:09:33:27 +0800] "GET /xingrg/javascript/jquery.utils.js HTTP/1.1" 304 -
116.224.253.72 - - [02/Jun/2021:09:33:27 +0800] "GET /xingrg/javascript/jquery.timers.js HTTP/1.1" 304 -
116.224.253.72 - - [02/Jun/2021:09:33:27 +0800] "GET /xingrg/images/blue/jxLogo.png HTTP/1.1" 304 -
116.224.253.72 - - [02/Jun/2021:09:33:27 +0800] "GET /xingrg/images/blue/navBackgound.jpg HTTP/1.1" 304 -
116.224.253.72 - - [02/Jun/2021:09:33:27 +0800] "GET /xingrg/javascript/jquery_easy_ui/themes/icons/settle_new.png HTTP/1.1" 304 -
116.224.253.72 - - [02/Jun/2021:09:33:27 +0800] "GET /xingrg/all/function/internal_message.html?_=1622597606422&CODE_STATE=count HTTP/1.1" 200 11
116.224.253.72 - - [02/Jun/2021:09:33:27 +0800] "GET /xingrg/check_reg.html?_=1622597606423 HTTP/1.1" 200 22
116.224.253.72 - - [02/Jun/2021:09:33:27 +0800] "GET /xingrg/images/blue/pingpu.png HTTP/1.1" 304 -
116.224.253.72 - - [02/Jun/2021:09:33:27 +0800] "GET /xingrg/javascript/jquery_easy_ui/themes/default/images/tabs_leftarrow.png HTTP/1.1" 304 -
116.224.253.72 - - [02/Jun/2021:09:33:27 +0800] "GET /xingrg/javascript/jquery_easy_ui/themes/default/images/panel_tool_collapse.gif HTTP/1.1" 304 -
116.224.253.72 - - [02/Jun/2021:09:33:27 +0800] "GET /xingrg/javascript/jquery_easy_ui/themes/default/images/tabs_rightarrow.png HTTP/1.1" 304 -
116.224.253.72 - - [02/Jun/2021:09:33:27 +0800] "POST /xingrg/all/common/load_tree.html?tree=area_rest_tree_json&manage=1 HTTP/1.1" 200 476
116.224.253.72 - - [02/Jun/2021:09:33:27 +0800] "POST /xingrg/load_menu.html HTTP/1.1" 200 5138
116.235.222.38 - - [02/Jun/2021:09:33:28 +0800] "POST /xingrg/login.do HTTP/1.1" 302 -
116.235.222.38 - - [02/Jun/2021:09:33:29 +0800] "GET /xingrg/index.html?sysBaseUrl=http%3A%2F%2F180.169.147.146%3A18081%2Fxingrg%2F&costTime=1720×tamp=1622597608845 HTTP/1.1" 200 8212
180.169.147.146 - - [02/Jun/2021:09:33:29 +0800] "GET /xingrg/check_reg.html?_=1622597608521 HTTP/1.1" 302 -
116.224.253.72 - - [02/Jun/2021:09:33:30 +0800] "POST /xingrg/services/DataTransmitService HTTP/1.1" 200 501
116.224.253.72 - - [02/Jun/2021:09:33:31 +0800] "GET /xingrg/kc/buy/cgsh_order_list.html HTTP/1.1" 200 46574
116.235.222.38 - - [02/Jun/2021:09:33:31 +0800] "POST /xingrg/login.do HTTP/1.1" 302 -
116.235.222.38 - - [02/Jun/2021:09:33:31 +0800] "GET /xingrg/index.html?sysBaseUrl=http%3A%2F%2F180.169.147.146%3A18081%2Fxingrg%2F&costTime=2309×tamp=1622597611273 HTTP/1.1" 200 17179
116.224.253.72 - - [02/Jun/2021:09:33:32 +0800] "GET /xingrg/kc/buy/cgsh_order_operate.html?command=get_materiel&rest_code=00150&code=00101015006&supplier_code=00100007&order_time=2021-06-02 HTTP/1.1" 200 413
116.230.110.80 - - [02/Jun/2021:09:33:33 +0800] "GET /xingrg/all/function/internal_message.html?_=1622597611403&CODE_STATE=getMsg HTTP/1.1" 302 -
116.235.222.38 - - [02/Jun/2021:09:33:34 +0800] "POST /xingrg/login.do HTTP/1.1" 302 -
116.224.253.72 - - [02/Jun/2021:09:33:34 +0800] "POST /xingrg/services/DataTransmitService HTTP/1.1" 200 501
116.235.222.38 - - [02/Jun/2021:09:33:34 +0800] "GET /xingrg/index.html?sysBaseUrl=http%3A%2F%2F180.169.147.146%3A18081%2Fxingrg%2F&costTime=2501×tamp=1622597614003 HTTP/1.1" 200 17179
116.224.253.72 - - [02/Jun/2021:09:33:34 +0800] "POST /xingrg/kc/buy/cgsh_list_operate.html HTTP/1.1" 200 1709
116.235.222.38 - - [02/Jun/2021:09:33:34 +0800] "GET /favicon.ico HTTP/1.1" 404 -
116.235.222.38 - - [02/Jun/2021:09:33:35 +0800] "POST /xingrg/all/common/load_tree.html?tree=area_rest_tree_json&manage=1 HTTP/1.1" 200 476
116.235.222.38 - - [02/Jun/2021:09:33:35 +0800] "GET /xingrg/all/function/internal_message.html?_=1622597610928&CODE_STATE=count HTTP/1.1" 200 11
116.235.222.38 - - [02/Jun/2021:09:33:35 +0800] "GET /xingrg/check_reg.html?_=1622597610943 HTTP/1.1" 200 22
116.235.222.38 - - [02/Jun/2021:09:33:35 +0800] "POST /xingrg/load_menu.html HTTP/1.1" 200 5138
116.224.253.72 - - [02/Jun/2021:09:33:36 +0800] "POST /xingrg/services/DataTransmitService HTTP/1.1" 200 501
116.224.253.72 - - [02/Jun/2021:09:33:36 +0800] "POST /xingrg/services/DataTransmitService HTTP/1.1" 200 501
116.235.222.38 - - [02/Jun/2021:09:33:36 +0800] "GET /xingrg/kc/buy/buy_main.html HTTP/1.1" 200 12412
116.235.222.38 - - [02/Jun/2021:09:33:36 +0800] "GET /xingrg/css/new_ie.css HTTP/1.1" 404 1036
116.224.253.72 - - [02/Jun/2021:09:33:37 +0800] "POST /xingrg/services/DataTransmitService HTTP/1.1" 200 501
116.224.253.72 - - [02/Jun/2021:09:33:37 +0800] "GET /xingrg/javascript/jquery_tools/images/prev.gif HTTP/1.1" 404 1086
116.224.253.72 - - [02/Jun/2021:09:33:37 +0800] "GET /xingrg/javascript/jquery_tools/images/next.gif HTTP/1.1" 404 1086
116.224.253.72 - - [02/Jun/2021:09:33:37 +0800] "GET /xingrg/kc/buy/cgsh_order_operate.html?command=get_materiel&rest_code=00150&code=00101015076&supplier_code=00100007&order_time=2021-06-02 HTTP/1.1" 200 416
116.235.222.38 - - [02/Jun/2021:09:33:37 +0800] "GET /xingrg/images/yd/bt.gif HTTP/1.1" 404 1040
116.235.222.38 - - [02/Jun/2021:09:33:38 +0800] "GET /xingrg/kc/buy/cgsh_order_list.html HTTP/1.1" 200 46574
116.224.253.72 - - [02/Jun/2021:09:33:39 +0800] "POST /xingrg/services/DataTransmitService HTTP/1.1" 200 412
114.83.217.160 - - [02/Jun/2021:09:33:40 +0800] "GET /xingrg/all/function/internal_message.html?_=1622597620549&CODE_STATE=getMsg HTTP/1.1" 200 27
116.235.222.38 - - [02/Jun/2021:09:33:42 +0800] "POST /xingrg/kc/buy/cgsh_list_operate.html HTTP/1.1" 200 1679
116.224.253.72 - - [02/Jun/2021:09:33:43 +0800] "POST /xingrg/kc/buy/cgsh_list_operate.html HTTP/1.1" 200 2086
222.70.177.128 - - [02/Jun/2021:09:33:43 +0800] "GET /xingrg/all/function/internal_message.html?_=1622597623103&CODE_STATE=getMsg HTTP/1.1" 302 -
58.40.7.146 - - [02/Jun/2021:09:33:43 +0800] "GET /xingrg/all/function/internal_message.html?_=1622597623750&CODE_STATE=getMsg HTTP/1.1" 302 -
116.235.222.38 - - [02/Jun/2021:09:33:44 +0800] "POST /xingrg/kc/buy/cgsh_list_operate.html HTTP/1.1" 200 563
116.224.253.72 - - [02/Jun/2021:09:33:45 +0800] "GET /xingrg/kc/buy/cgsh_order_operate.html?command=get_materiel&rest_code=00150&code=00101008061&supplier_code=00100007&order_time=2021-06-02 HTTP/1.1" 200 422
61.165.42.208 - - [02/Jun/2021:09:33:45 +0800] "GET /xingrg/check_reg.html?_=1622597626174 HTTP/1.1" 200 22
61.165.42.208 - - [02/Jun/2021:09:33:45 +0800] "GET /xingrg/all/function/internal_message.html?_=1622597626176&CODE_STATE=getMsg HTTP/1.1" 200 27
116.224.253.72 - - [02/Jun/2021:09:33:45 +0800] "POST /xingrg/kc/buy/cgsh_list_operate.html HTTP/1.1" 200 560
116.235.222.38 - - [02/Jun/2021:09:33:45 +0800] "GET /xingrg/kc/buy/cgsh_order_info.html?code=212021060200493 HTTP/1.1" 200 62403
116.224.253.72 - - [02/Jun/2021:09:33:45 +0800] "GET /xingrg/all/function/internal_message.html?_=1622597630965&CODE_STATE=getMsg HTTP/1.1" 200 27
116.235.222.38 - - [02/Jun/2021:09:33:46 +0800] "GET /xingrg/javascript/easyui/themes/default/validatebox.css HTTP/1.1" 404 1104
116.235.222.38 - - [02/Jun/2021:09:33:46 +0800] "GET /xingrg/all/common/auto_word.html?type=employee&rest_code=00107 HTTP/1.1" 200 101
116.235.222.38 - - [02/Jun/2021:09:33:46 +0800] "GET /xingrg/all/common/auto_word.html?type=employee&rest_code=00107 HTTP/1.1" 200 101
116.235.222.38 - - [02/Jun/2021:09:33:47 +0800] "POST /xingrg/kc/buy/cgsh_order_operate.html HTTP/1.1" 200 12691
58.40.7.146 - - [02/Jun/2021:09:33:47 +0800] "GET /xingrg/check_reg.html?_=1622597627030 HTTP/1.1" 302 -
58.40.7.146 - - [02/Jun/2021:09:33:47 +0800] "GET /xingrg/all/function/internal_message.html?_=1622597627031&CODE_STATE=getMsg HTTP/1.1" 302 -
116.224.253.72 - - [02/Jun/2021:09:33:48 +0800] "GET /xingrg/kc/buy/cgsh_order_info.html?code=212021060200492 HTTP/1.1" 200 57122
116.224.253.72 - - [02/Jun/2021:09:33:48 +0800] "GET /xingrg/javascript/easyui/themes/default/validatebox.css HTTP/1.1" 404 1104
116.224.253.72 - - [02/Jun/2021:09:33:49 +0800] "POST /xingrg/kc/buy/cgsh_order_operate.html HTTP/1.1" 200 7696
116.224.253.72 - - [02/Jun/2021:09:33:50 +0800] "GET /xingrg/kc/print/load_config.html?kc_code=cgsh HTTP/1.1" 200 1845
116.224.253.72 - - [02/Jun/2021:09:33:51 +0800] "GET /xingrg/kc/print/load_data.html?order_code=212021060200492&kc_code=cgsh&condition= HTTP/1.1" 200 3366
116.235.222.38 - - [02/Jun/2021:09:33:52 +0800] "GET /xingrg/javascript/auto/indicator.gif HTTP/1.1" 404 1066
116.224.253.72 - - [02/Jun/2021:09:33:55 +0800] "POST /xingrg/kc/buy/cgsh_order_operate.html HTTP/1.1" 200 37
116.224.253.72 - - [02/Jun/2021:09:33:56 +0800] "GET /xingrg/kc/buy/cgsh_order_add.html HTTP/1.1" 200 62230
116.224.253.72 - - [02/Jun/2021:09:33:56 +0800] "POST /xingrg/kc/buy/cgsh_order_operate.html HTTP/1.1" 200 8245
116.224.253.72 - - [02/Jun/2021:09:33:56 +0800] "GET /xingrg/javascript/easyui/themes/default/validatebox.css HTTP/1.1" 404 1104
116.224.253.72 - - [02/Jun/2021:09:33:56 +0800] "GET /xingrg/all/common/auto_word.html?type=employee&rest_code=00150 HTTP/1.1" 200 205
116.224.253.72 - - [02/Jun/2021:09:33:56 +0800] "GET /xingrg/all/common/auto_word.html?type=employee&rest_code=00150 HTTP/1.1" 200 205
116.224.253.72 - - [02/Jun/2021:09:33:57 +0800] "POST /xingrg/kc/buy/cgsh_order_operate.html HTTP/1.1" 200 25719
116.235.222.38 - - [02/Jun/2021:09:33:57 +0800] "GET /xingrg/kc/buy/cgsh_order_operate.html?command=get_materiel&rest_code=00107&code=00101009013&supplier_code=00100006&order_time=2021-06-02 HTTP/1.1" 200 420
180.169.147.146 - - [02/Jun/2021:09:33:57 +0800] "GET /xingrg/all/function/internal_message.html?_=1622597638406&CODE_STATE=getMsg HTTP/1.1" 302 -
116.230.117.165 - - [02/Jun/2021:09:34:05 +0800] "GET /xingrg/all/function/internal_message.html?_=1622597655187&CODE_STATE=getMsg HTTP/1.1" 200 27
116.224.253.72 - - [02/Jun/2021:09:34:10 +0800] "GET /xingrg/kc/buy/cgsh_order_operate.html?command=get_materiel&rest_code=00150&code=00101008110&supplier_code=00100007&order_time=2021-06-02 HTTP/1.1" 200 408
116.235.222.38 - - [02/Jun/2021:09:34:10 +0800] "GET /xingrg/kc/buy/cgsh_order_operate.html?command=get_materiel&rest_code=00107&code=00101009016&supplier_code=00100006&order_time=2021-06-02 HTTP/1.1" 200 412
58.40.7.146 - - [02/Jun/2021:09:34:11 +0800] "POST /xingrg/dwr/call/plaincall/AjaxReportQueryService.refreshCache.dwr HTTP/1.1" 200 78
58.40.7.146 - - [02/Jun/2021:09:34:12 +0800] "POST /xingrg/all/report/load_report_page.html HTTP/1.1" 200 153656
58.40.7.146 - - [02/Jun/2021:09:34:12 +0800] "GET /xingrg/servlets/image?cache=0.2939643288223318&image=px HTTP/1.1" 200 807
116.224.253.72 - - [02/Jun/2021:09:34:17 +0800] "GET /xingrg/kc/buy/cgsh_order_operate.html?command=get_materiel&rest_code=00150&code=00101008496&supplier_code=00100007&order_time=2021-06-02 HTTP/1.1" 200 392
58.40.7.146 - - [02/Jun/2021:09:34:20 +0800] "GET /xingrg/all/function/internal_message.html?_=1622597660124&CODE_STATE=getMsg HTTP/1.1" 200 27
116.235.222.38 - - [02/Jun/2021:09:34:21 +0800] "GET /xingrg/kc/buy/cgsh_order_operate.html?command=get_materiel&rest_code=00107&code=00101008098&supplier_code=00100006&order_time=2021-06-02 HTTP/1.1" 200 412
180.169.147.146 - - [02/Jun/2021:09:34:21 +0800] "GET /xingrg/all/function/internal_message.html?_=1622597662866&CODE_STATE=getMsg HTTP/1.1" 200 27
180.169.147.146 - - [02/Jun/2021:09:34:22 +0800] "GET /xingrg/all/function/internal_message.html?_=1622597662083&CODE_STATE=getMsg HTTP/1.1" 302 -
120.253.135.82 - - [02/Jun/2021:09:34:24 +0800] "GET /xingrg/all/function/internal_message.html?_=1622597702511&CODE_STATE=getMsg HTTP/1.1" 302 -
116.224.253.72 - - [02/Jun/2021:09:34:24 +0800] "POST /xingrg/kc/buy/cgsh_order_operate.html HTTP/1.1" 200 37
116.224.253.72 - - [02/Jun/2021:09:34:27 +0800] "POST /xingrg/kc/buy/cgsh_order_operate.html HTTP/1.1" 200 27482
116.224.253.72 - - [02/Jun/2021:09:34:27 +0800] "GET /xingrg/all/function/internal_message.html?_=1622597666438&CODE_STATE=getMsg HTTP/1.1" 200 27
180.169.147.146 - - [02/Jun/2021:09:34:27 +0800] "GET /xingrg/check_reg.html?_=1622597664792 HTTP/1.1" 200 22
116.230.110.80 - - [02/Jun/2021:09:34:33 +0800] "GET /xingrg/all/function/internal_message.html?_=1622597671393&CODE_STATE=getMsg HTTP/1.1" 302 -
116.224.253.72 - - [02/Jun/2021:09:34:34 +0800] "GET /xingrg/javascript/jquery_easy_ui/themes/default/images/button_a_bg.gif HTTP/1.1" 304 -
116.224.253.72 - - [02/Jun/2021:09:34:34 +0800] "GET /xingrg/javascript/jquery_easy_ui/themes/default/images/button_span_bg.gif HTTP/1.1" 304 -
116.224.253.72 - - [02/Jun/2021:09:34:34 +0800] "GET /xingrg/javascript/jquery_easy_ui/themes/icons/ok.png HTTP/1.1" 304 -
116.224.253.72 - - [02/Jun/2021:09:34:34 +0800] "GET /xingrg/javascript/jquery_easy_ui/themes/default/images/panel_tools.gif HTTP/1.1" 304 -
116.224.253.72 - - [02/Jun/2021:09:34:34 +0800] "GET /xingrg/javascript/jquery_easy_ui/themes/default/images/panel_title.png HTTP/1.1" 304 -
116.224.253.72 - - [02/Jun/2021:09:34:34 +0800] "GET /xingrg/javascript/auto/indicator.gif HTTP/1.1" 404 1066
116.235.222.38 - - [02/Jun/2021:09:34:34 +0800] "GET /xingrg/kc/buy/cgsh_order_operate.html?command=get_materiel&rest_code=00107&code=00101008168&supplier_code=00100006&order_time=2021-06-02 HTTP/1.1" 200 413
116.235.222.38 - - [02/Jun/2021:09:34:35 +0800] "GET /xingrg/all/function/internal_message.html?_=1622597670958&CODE_STATE=getMsg HTTP/1.1" 200 27
116.224.253.72 - - [02/Jun/2021:09:34:37 +0800] "POST /xingrg/all/user/operate.html HTTP/1.1" 200 36
58.221.95.50 - - [02/Jun/2021:09:34:37 +0800] "GET /xingrg/check_reg.html?_=1622597678234 HTTP/1.1" 302 -
116.224.253.72 - - [02/Jun/2021:09:34:37 +0800] "GET /xingrg/javascript/jquery_easy_ui/themes/default/easyui.css HTTP/1.1" 304 -
116.224.253.72 - - [02/Jun/2021:09:34:37 +0800] "GET /xingrg/index.html?sysBaseUrl=http%3A%2F%2F180.169.147.146%3A18081%2Fxingrg%2F&costTime=1156×tamp=1622597204802 HTTP/1.1" 200 17177
116.224.253.72 - - [02/Jun/2021:09:34:37 +0800] "GET /xingrg/javascript/jquery_easy_ui/themes/icon.css HTTP/1.1" 304 -
116.224.253.72 - - [02/Jun/2021:09:34:37 +0800] "GET /xingrg/css/form.css HTTP/1.1" 304 -
116.224.253.72 - - [02/Jun/2021:09:34:37 +0800] "GET /xingrg/javascript/jquery-1.4.2.min.js HTTP/1.1" 304 -
116.224.253.72 - - [02/Jun/2021:09:34:38 +0800] "GET /xingrg/javascript/jquery_easy_ui/jquery.easyui.min.js HTTP/1.1" 304 -
116.224.253.72 - - [02/Jun/2021:09:34:38 +0800] "GET /xingrg/javascript/jquery_easy_ui/easyui-lang-zh_CN.js HTTP/1.1" 304 -
116.224.253.72 - - [02/Jun/2021:09:34:38 +0800] "GET /xingrg/javascript/jquery.form.js HTTP/1.1" 304 -
116.224.253.72 - - [02/Jun/2021:09:34:38 +0800] "GET /xingrg/javascript/jquery.utils.js HTTP/1.1" 304 -
116.224.253.72 - - [02/Jun/2021:09:34:38 +0800] "GET /xingrg/javascript/jquery.timers.js HTTP/1.1" 304 -
116.224.253.72 - - [02/Jun/2021:09:34:38 +0800] "GET /xingrg/images/blue/jxLogo.png HTTP/1.1" 304 -
116.224.253.72 - - [02/Jun/2021:09:34:38 +0800] "GET /xingrg/images/blue/navBackgound.jpg HTTP/1.1" 304 -
116.224.253.72 - - [02/Jun/2021:09:34:38 +0800] "GET /xingrg/javascript/jquery_easy_ui/themes/icons/settle_new.png HTTP/1.1" 304 -
116.224.253.72 - - [02/Jun/2021:09:34:38 +0800] "GET /xingrg/images/blue/pingpu.png HTTP/1.1" 304 -
116.224.253.72 - - [02/Jun/2021:09:34:38 +0800] "GET /xingrg/javascript/jquery_easy_ui/themes/default/images/tabs_leftarrow.png HTTP/1.1" 304 -
116.224.253.72 - - [02/Jun/2021:09:34:38 +0800] "GET /xingrg/javascript/jquery_easy_ui/themes/default/images/tabs_rightarrow.png HTTP/1.1" 304 -
116.224.253.72 - - [02/Jun/2021:09:34:38 +0800] "GET /xingrg/javascript/jquery_easy_ui/themes/default/images/panel_tool_collapse.gif HTTP/1.1" 304 -
116.224.253.72 - - [02/Jun/2021:09:34:38 +0800] "GET /xingrg/check_reg.html?_=1622597683132 HTTP/1.1" 200 22
116.224.253.72 - - [02/Jun/2021:09:34:38 +0800] "GET /xingrg/all/function/internal_message.html?_=1622597683131&CODE_STATE=count HTTP/1.1" 200 11
116.224.253.72 - - [02/Jun/2021:09:34:38 +0800] "POST /xingrg/all/common/load_tree.html?tree=area_rest_tree_json&manage=1 HTTP/1.1" 200 476
116.224.253.72 - - [02/Jun/2021:09:34:38 +0800] "POST /xingrg/load_menu.html HTTP/1.1" 200 5138
114.83.217.160 - - [02/Jun/2021:09:34:40 +0800] "GET /xingrg/all/function/internal_message.html?_=1622597680534&CODE_STATE=getMsg HTTP/1.1" 200 27
116.224.253.72 - - [02/Jun/2021:09:34:41 +0800] "GET /xingrg/kc/buy/cgsh_order_list.html HTTP/1.1" 200 46572
116.224.253.72 - - [02/Jun/2021:09:34:41 +0800] "GET /xingrg/kc/buy/cgsh_order_operate.html?command=get_materiel&rest_code=00150&code=00101015021&supplier_code=00100054&order_time=2021-06-02 HTTP/1.1" 200 408
116.224.253.72 - - [02/Jun/2021:09:34:43 +0800] "POST /xingrg/kc/buy/cgsh_list_operate.html HTTP/1.1" 200 876
222.70.177.128 - - [02/Jun/2021:09:34:43 +0800] "GET /xingrg/all/function/internal_message.html?_=1622597683099&CODE_STATE=getMsg HTTP/1.1" 302 -
58.40.7.146 - - [02/Jun/2021:09:34:43 +0800] "GET /xingrg/all/function/internal_message.html?_=1622597683721&CODE_STATE=getMsg HTTP/1.1" 302 -
116.235.222.38 - - [02/Jun/2021:09:34:44 +0800] "POST /xingrg/kc/buy/cgsh_order_operate.html HTTP/1.1" 200 2065
116.224.253.72 - - [02/Jun/2021:09:34:45 +0800] "GET /xingrg/kc/buy/cgsh_order_add.html HTTP/1.1" 200 61960
116.224.253.72 - - [02/Jun/2021:09:34:45 +0800] "GET /xingrg/javascript/easyui/themes/default/validatebox.css HTTP/1.1" 404 1104
116.224.253.72 - - [02/Jun/2021:09:34:45 +0800] "GET /xingrg/all/common/auto_word.html?type=employee&rest_code=00151 HTTP/1.1" 200 243
116.224.253.72 - - [02/Jun/2021:09:34:45 +0800] "GET /xingrg/all/common/auto_word.html?type=employee&rest_code=00151 HTTP/1.1" 200 243
116.224.253.72 - - [02/Jun/2021:09:34:45 +0800] "POST /xingrg/kc/buy/cgsh_order_operate.html HTTP/1.1" 200 8245
61.165.42.208 - - [02/Jun/2021:09:34:45 +0800] "GET /xingrg/all/function/internal_message.html?_=1622597686176&CODE_STATE=getMsg HTTP/1.1" 200 27
116.224.253.72 - - [02/Jun/2021:09:34:46 +0800] "GET /xingrg/javascript/auto/indicator.gif HTTP/1.1" 404 1066
58.40.7.146 - - [02/Jun/2021:09:34:47 +0800] "GET /xingrg/all/function/internal_message.html?_=1622597687032&CODE_STATE=getMsg HTTP/1.1" 302 -
116.235.222.38 - - [02/Jun/2021:09:34:52 +0800] "GET /xingrg/kc/buy/cgsh_order_operate.html?command=get_materiel&rest_code=00107&code=00101008176&supplier_code=00100006&order_time=2021-06-02 HTTP/1.1" 200 413
180.169.147.146 - - [02/Jun/2021:09:34:57 +0800] "GET /xingrg/all/function/internal_message.html?_=1622597698379&CODE_STATE=getMsg HTTP/1.1" 302 -
116.224.253.72 - - [02/Jun/2021:09:34:58 +0800] "GET /xingrg/kc/buy/cgsh_order_operate.html?command=get_materiel&rest_code=00151&code=00101012060&supplier_code=00100007&order_time=2021-06-02 HTTP/1.1" 200 408
116.230.110.80 - - [02/Jun/2021:09:35:00 +0800] "GET /xingrg/kc/buy/cgsh_order_add.html HTTP/1.1" 302 -
116.230.110.80 - - [02/Jun/2021:09:35:00 +0800] "GET /xingrg/login.html HTTP/1.1" 200 7641
116.230.110.80 - - [02/Jun/2021:09:35:00 +0800] "GET /xingrg/login.html HTTP/1.1" 200 7641
116.230.110.80 - - [02/Jun/2021:09:35:00 +0800] "GET /favicon.ico HTTP/1.1" 404 -
116.230.117.165 - - [02/Jun/2021:09:35:05 +0800] "GET /xingrg/check_reg.html?_=1622597715192 HTTP/1.1" 200 22
116.230.117.165 - - [02/Jun/2021:09:35:06 +0800] "GET /xingrg/all/function/internal_message.html?_=1622597715272&CODE_STATE=getMsg HTTP/1.1" 200 27
58.40.7.146 - - [02/Jun/2021:09:35:06 +0800] "GET /xingrg/check_reg.html?_=1622597705864 HTTP/1.1" 302 -
116.235.222.38 - - [02/Jun/2021:09:35:06 +0800] "GET /xingrg/kc/buy/cgsh_order_operate.html?command=get_materiel&rest_code=00107&code=00101008072&supplier_code=00100006&order_time=2021-06-02 HTTP/1.1" 200 408
116.230.110.80 - - [02/Jun/2021:09:35:10 +0800] "POST /xingrg/login.do HTTP/1.1" 302 -
116.224.253.72 - - [02/Jun/2021:09:35:10 +0800] "GET /xingrg/kc/buy/cgsh_order_operate.html?command=get_materiel&rest_code=00151&code=00101016038&supplier_code=00100007&order_time=2021-06-02 HTTP/1.1" 200 408
116.230.110.80 - - [02/Jun/2021:09:35:10 +0800] "GET /xingrg/index.html?sysBaseUrl=http%3A%2F%2F180.169.147.146%3A18081%2Fxingrg%2F&costTime=1159×tamp=1622597710154 HTTP/1.1" 200 17179
116.230.110.80 - - [02/Jun/2021:09:35:10 +0800] "GET /favicon.ico HTTP/1.1" 404 -
116.230.110.80 - - [02/Jun/2021:09:35:10 +0800] "GET /xingrg/check_reg.html?_=1622597708314 HTTP/1.1" 200 22
116.230.110.80 - - [02/Jun/2021:09:35:10 +0800] "GET /xingrg/all/function/internal_message.html?_=1622597708314&CODE_STATE=count HTTP/1.1" 200 11
116.230.110.80 - - [02/Jun/2021:09:35:10 +0800] "POST /xingrg/all/common/load_tree.html?tree=area_rest_tree_json&manage=1 HTTP/1.1" 200 351
116.230.110.80 - - [02/Jun/2021:09:35:10 +0800] "POST /xingrg/load_menu.html HTTP/1.1" 200 5138
116.230.110.80 - - [02/Jun/2021:09:35:13 +0800] "GET /xingrg/kc/buy/cgsh_order_list.html HTTP/1.1" 200 46574
116.230.110.80 - - [02/Jun/2021:09:35:17 +0800] "POST /xingrg/kc/buy/cgsh_list_operate.html HTTP/1.1" 200 2051
116.235.222.38 - - [02/Jun/2021:09:35:18 +0800] "GET /xingrg/kc/buy/cgsh_order_operate.html?command=get_materiel&rest_code=00107&code=00101008049&supplier_code=00100006&order_time=2021-06-02 HTTP/1.1" 200 408
58.40.7.146 - - [02/Jun/2021:09:35:20 +0800] "GET /xingrg/check_reg.html?_=1622597720117 HTTP/1.1" 200 22
58.40.7.146 - - [02/Jun/2021:09:35:20 +0800] "GET /xingrg/all/function/internal_message.html?_=1622597720121&CODE_STATE=getMsg HTTP/1.1" 200 27
116.224.253.72 - - [02/Jun/2021:09:35:21 +0800] "GET /xingrg/kc/buy/cgsh_order_operate.html?command=get_materiel&rest_code=00151&code=00101008323&supplier_code=00100007&order_time=2021-06-02 HTTP/1.1" 200 408
180.169.147.146 - - [02/Jun/2021:09:35:21 +0800] "GET /xingrg/all/function/internal_message.html?_=1622597722877&CODE_STATE=getMsg HTTP/1.1" 200 27
180.169.147.146 - - [02/Jun/2021:09:35:22 +0800] "GET /xingrg/all/function/internal_message.html?_=1622597722093&CODE_STATE=getMsg HTTP/1.1" 302 -
116.230.110.80 - - [02/Jun/2021:09:35:24 +0800] "POST /xingrg/kc/buy/cgsh_list_operate.html HTTP/1.1" 200 2051
120.253.135.82 - - [02/Jun/2021:09:35:24 +0800] "GET /xingrg/all/function/internal_message.html?_=1622597762543&CODE_STATE=getMsg HTTP/1.1" 302 -
116.224.253.72 - - [02/Jun/2021:09:35:27 +0800] "GET /xingrg/all/function/internal_message.html?_=1622597726432&CODE_STATE=getMsg HTTP/1.1" 200 27
116.230.110.80 - - [02/Jun/2021:09:35:27 +0800] "GET /xingrg/kc/buy/cgsh_order_add.html HTTP/1.1" 200 62274
116.230.110.80 - - [02/Jun/2021:09:35:27 +0800] "GET /xingrg/javascript/easyui/themes/default/validatebox.css HTTP/1.1" 404 1104
116.230.110.80 - - [02/Jun/2021:09:35:27 +0800] "POST /xingrg/kc/buy/cgsh_order_operate.html HTTP/1.1" 200 8245
116.235.222.38 - - [02/Jun/2021:09:35:30 +0800] "GET /xingrg/kc/buy/cgsh_order_operate.html?command=get_materiel&rest_code=00107&code=00101008331&supplier_code=00100006&order_time=2021-06-02 HTTP/1.1" 200 416
116.230.110.80 - - [02/Jun/2021:09:35:31 +0800] "GET /xingrg/javascript/auto/indicator.gif HTTP/1.1" 404 1066
116.230.110.80 - - [02/Jun/2021:09:35:32 +0800] "GET /xingrg/javascript/jquery_tools/images/next.gif HTTP/1.1" 404 1086
116.230.110.80 - - [02/Jun/2021:09:35:32 +0800] "GET /xingrg/javascript/jquery_tools/images/prev.gif HTTP/1.1" 404 1086
116.224.253.72 - - [02/Jun/2021:09:35:34 +0800] "GET /xingrg/kc/buy/cgsh_order_operate.html?command=get_materiel&rest_code=00151&code=00101008352&supplier_code=00100007&order_time=2021-06-02 HTTP/1.1" 200 412
116.235.222.38 - - [02/Jun/2021:09:35:35 +0800] "GET /xingrg/all/function/internal_message.html?_=1622597730953&CODE_STATE=getMsg HTTP/1.1" 200 27
116.224.253.72 - - [02/Jun/2021:09:35:38 +0800] "GET /xingrg/all/function/internal_message.html?_=1622597743143&CODE_STATE=getMsg HTTP/1.1" 200 27
180.161.111.4 - - [02/Jun/2021:09:35:40 +0800] "GET /xingrg/check_reg.html?_=1622597701016 HTTP/1.1" 302 -
114.83.217.160 - - [02/Jun/2021:09:35:40 +0800] "GET /xingrg/all/function/internal_message.html?_=1622597740519&CODE_STATE=getMsg HTTP/1.1" 200 27
116.230.110.80 - - [02/Jun/2021:09:35:42 +0800] "GET /xingrg/kc/buy/cgsh_order_operate.html?command=get_materiel&rest_code=00155&code=00101001060&supplier_code=00100199&order_time=2021-06-02 HTTP/1.1" 200 421
116.224.253.72 - - [02/Jun/2021:09:35:43 +0800] "GET /xingrg/kc/buy/cgsh_order_operate.html?command=get_materiel&rest_code=00151&code=00101008207&supplier_code=00100007&order_time=2021-06-02 HTTP/1.1" 200 408
116.235.222.38 - - [02/Jun/2021:09:35:43 +0800] "GET /xingrg/kc/buy/cgsh_order_operate.html?command=get_materiel&rest_code=00107&code=00101008358&supplier_code=00100006&order_time=2021-06-02 HTTP/1.1" 200 412
222.70.177.128 - - [02/Jun/2021:09:35:43 +0800] "GET /xingrg/all/function/internal_message.html?_=1622597743091&CODE_STATE=getMsg HTTP/1.1" 302 -
222.70.177.128 - - [02/Jun/2021:09:35:43 +0800] "GET /xingrg/check_reg.html?_=1622597743092 HTTP/1.1" 302 -
58.40.7.146 - - [02/Jun/2021:09:35:43 +0800] "GET /xingrg/all/function/internal_message.html?_=1622597743694&CODE_STATE=getMsg HTTP/1.1" 302 -
116.224.253.72 - - [02/Jun/2021:09:35:43 +0800] "GET /xingrg/kc/buy/cgsh_order_operate.html?command=get_materiel&rest_code=00150&code=00101015026&supplier_code=00100054&order_time=2021-06-02 HTTP/1.1" 200 412
61.165.42.208 - - [02/Jun/2021:09:35:45 +0800] "GET /xingrg/all/function/internal_message.html?_=1622597746162&CODE_STATE=getMsg HTTP/1.1" 200 27
58.40.7.146 - - [02/Jun/2021:09:35:47 +0800] "GET /xingrg/all/function/internal_message.html?_=1622597747035&CODE_STATE=getMsg HTTP/1.1" 302 -
116.230.110.80 - - [02/Jun/2021:09:35:50 +0800] "GET /xingrg/kc/buy/cgsh_order_operate.html?command=get_materiel&rest_code=00155&code=00101002027&supplier_code=00100199&order_time=2021-06-02 HTTP/1.1" 200 413
116.224.253.72 - - [02/Jun/2021:09:35:52 +0800] "GET /xingrg/kc/buy/cgsh_order_operate.html?command=get_materiel&rest_code=00151&code=00101008234&supplier_code=00100007&order_time=2021-06-02 HTTP/1.1" 200 408
180.169.147.146 - - [02/Jun/2021:09:35:57 +0800] "GET /xingrg/all/function/internal_message.html?_=1622597758351&CODE_STATE=getMsg HTTP/1.1" 302 -
116.224.253.72 - - [02/Jun/2021:09:35:57 +0800] "POST /xingrg/kc/buy/cgsh_order_operate.html HTTP/1.1" 200 37
116.230.110.80 - - [02/Jun/2021:09:35:58 +0800] "GET /xingrg/kc/buy/cgsh_order_operate.html?command=get_materiel&rest_code=00155&code=00101001075&supplier_code=00100199&order_time=2021-06-02 HTTP/1.1" 200 409
116.235.222.38 - - [02/Jun/2021:09:36:00 +0800] "POST /xingrg/kc/buy/cgsh_order_operate.html HTTP/1.1" 200 2065
116.224.253.72 - - [02/Jun/2021:09:36:00 +0800] "GET /xingrg/kc/buy/cgsh_order_operate.html?command=get_materiel&rest_code=00151&code=00101008318&supplier_code=00100007&order_time=2021-06-02 HTTP/1.1" 200 408
180.169.147.146 - - [02/Jun/2021:09:36:05 +0800] "GET /xingrg/javascript/jquery_easy_ui/themes/default/images/tree_checkbox_1.gif HTTP/1.1" 304 -
180.169.147.146 - - [02/Jun/2021:09:36:05 +0800] "GET /xingrg/javascript/jquery_easy_ui/themes/default/images/tree_checkbox_2.gif HTTP/1.1" 304 -
180.169.147.146 - - [02/Jun/2021:09:36:05 +0800] "POST /xingrg/dwr/call/plaincall/AjaxReportQueryService.queryInitializeString.dwr HTTP/1.1" 200 289
116.230.110.80 - - [02/Jun/2021:09:36:05 +0800] "GET /xingrg/kc/buy/cgsh_order_operate.html?command=get_materiel&rest_code=00155&code=00101002041&supplier_code=00100199&order_time=2021-06-02 HTTP/1.1" 200 409
116.224.253.72 - - [02/Jun/2021:09:36:05 +0800] "POST /xingrg/kc/buy/cgsh_order_operate.html HTTP/1.1" 200 12
116.230.117.165 - - [02/Jun/2021:09:36:06 +0800] "GET /xingrg/all/function/internal_message.html?_=1622597775283&CODE_STATE=getMsg HTTP/1.1" 200 27
116.224.253.72 - - [02/Jun/2021:09:36:06 +0800] "GET /xingrg/kc/buy/cgsh_order_operate.html?command=get_materiel&rest_code=00151&code=00101016051&supplier_code=00100007&order_time=2021-06-02 HTTP/1.1" 200 408
180.169.147.146 - - [02/Jun/2021:09:36:06 +0800] "POST /xingrg/dwr/call/plaincall/AjaxReportQueryService.refreshCache.dwr HTTP/1.1" 200 78
180.169.147.146 - - [02/Jun/2021:09:36:08 +0800] "POST /xingrg/all/report/load_report_page.html HTTP/1.1" 200 208791
180.169.147.146 - - [02/Jun/2021:09:36:08 +0800] "GET /xingrg/images/blue/button/back2.gif HTTP/1.1" 200 1339
180.169.147.146 - - [02/Jun/2021:09:36:08 +0800] "GET /xingrg/images/blue/button/back.gif HTTP/1.1" 200 1352
180.169.147.146 - - [02/Jun/2021:09:36:08 +0800] "GET /xingrg/servlets/image?cache=0.5527504541360186&image=px HTTP/1.1" 200 807
116.224.253.72 - - [02/Jun/2021:09:36:08 +0800] "GET /xingrg/kc/buy/cgsh_order_info.html?code=212021060200494 HTTP/1.1" 200 57130
116.224.253.72 - - [02/Jun/2021:09:36:09 +0800] "GET /xingrg/javascript/easyui/themes/default/validatebox.css HTTP/1.1" 404 1104
116.224.253.72 - - [02/Jun/2021:09:36:09 +0800] "POST /xingrg/kc/buy/cgsh_order_operate.html HTTP/1.1" 200 1191
116.230.110.80 - - [02/Jun/2021:09:36:10 +0800] "GET /xingrg/all/function/internal_message.html?_=1622597768318&CODE_STATE=getMsg HTTP/1.1" 200 27
116.224.253.72 - - [02/Jun/2021:09:36:11 +0800] "GET /xingrg/kc/print/load_data.html?order_code=212021060200494&kc_code=cgsh&condition= HTTP/1.1" 200 924
180.169.147.146 - - [02/Jun/2021:09:36:11 +0800] "GET /xingrg/javascript/jquery_easy_ui/themes/default/images/button_plain_hover.png HTTP/1.1" 304 -
116.230.110.80 - - [02/Jun/2021:09:36:12 +0800] "GET /xingrg/kc/buy/cgsh_order_operate.html?command=get_materiel&rest_code=00155&code=00101004038&supplier_code=00100199&order_time=2021-06-02 HTTP/1.1" 200 409
180.169.147.146 - - [02/Jun/2021:09:36:15 +0800] "POST /xingrg/all/report/report_print.html HTTP/1.1" 200 18460
116.235.222.38 - - [02/Jun/2021:09:36:16 +0800] "GET /xingrg/kc/buy/cgsh_order_operate.html?command=get_materiel&rest_code=00107&code=00101008084&supplier_code=00100006&order_time=2021-06-02 HTTP/1.1" 200 412
116.224.253.72 - - [02/Jun/2021:09:36:16 +0800] "GET /xingrg/kc/buy/cgsh_order_operate.html?command=get_materiel&rest_code=00151&code=00101008095&supplier_code=00100007&order_time=2021-06-02 HTTP/1.1" 200 412
116.224.253.72 - - [02/Jun/2021:09:36:16 +0800] "GET /xingrg/kc/buy/cgsh_order_add.html HTTP/1.1" 200 62230
116.224.253.72 - - [02/Jun/2021:09:36:17 +0800] "POST /xingrg/kc/buy/cgsh_order_operate.html HTTP/1.1" 200 8245
116.224.253.72 - - [02/Jun/2021:09:36:17 +0800] "GET /xingrg/javascript/easyui/themes/default/validatebox.css HTTP/1.1" 404 1104
116.230.110.80 - - [02/Jun/2021:09:36:19 +0800] "GET /xingrg/kc/buy/cgsh_order_operate.html?command=get_materiel&rest_code=00155&code=00101002006&supplier_code=00100199&order_time=2021-06-02 HTTP/1.1" 200 414
58.40.7.146 - - [02/Jun/2021:09:36:20 +0800] "GET /xingrg/all/function/internal_message.html?_=1622597780128&CODE_STATE=getMsg HTTP/1.1" 200 27
180.169.147.146 - - [02/Jun/2021:09:36:21 +0800] "GET /xingrg/all/function/internal_message.html?_=1622597782890&CODE_STATE=getMsg HTTP/1.1" 200 27
180.169.147.146 - - [02/Jun/2021:09:36:22 +0800] "GET /xingrg/all/function/internal_message.html?_=1622597782063&CODE_STATE=getMsg HTTP/1.1" 302 -
120.253.135.82 - - [02/Jun/2021:09:36:24 +0800] "GET /xingrg/all/function/internal_message.html?_=1622597822554&CODE_STATE=getMsg HTTP/1.1" 302 -
116.224.253.72 - - [02/Jun/2021:09:36:25 +0800] "GET /xingrg/kc/buy/cgsh_order_operate.html?command=get_materiel&rest_code=00151&code=00101008221&supplier_code=00100007&order_time=2021-06-02 HTTP/1.1" 200 412
116.224.253.72 - - [02/Jun/2021:09:36:27 +0800] "GET /xingrg/all/function/internal_message.html?_=1622597786445&CODE_STATE=getMsg HTTP/1.1" 200 27
116.230.110.80 - - [02/Jun/2021:09:36:29 +0800] "POST /xingrg/kc/buy/cgsh_order_operate.html HTTP/1.1" 200 37
116.224.253.72 - - [02/Jun/2021:09:36:30 +0800] "GET /xingrg/kc/buy/cgsh_order_operate.html?command=get_materiel&rest_code=00150&code=00101031012&supplier_code=00100054&order_time=2021-06-02 HTTP/1.1" 200 417
116.230.110.80 - - [02/Jun/2021:09:36:30 +0800] "POST /xingrg/kc/buy/cgsh_order_operate.html HTTP/1.1" 200 5619
116.235.222.38 - - [02/Jun/2021:09:36:32 +0800] "GET /xingrg/kc/buy/cgsh_order_operate.html?command=get_materiel&rest_code=00107&code=00101008169&supplier_code=00100006&order_time=2021-06-02 HTTP/1.1" 200 412
58.37.225.51 - - [02/Jun/2021:09:36:32 +0800] "GET /xingrg/check_reg.html?_=1622597738397 HTTP/1.1" 302 -
116.224.253.72 - - [02/Jun/2021:09:36:34 +0800] "GET /xingrg/kc/buy/cgsh_order_operate.html?command=get_materiel&rest_code=00151&code=00101008351&supplier_code=00100007&order_time=2021-06-02 HTTP/1.1" 200 408
116.230.110.80 - - [02/Jun/2021:09:36:34 +0800] "GET /xingrg/kc/print/load_data.html?order_code=212021060200495&kc_code=cgsh&condition= HTTP/1.1" 200 1814
