116.230.117.165 - - [02/Jun/2021:09:26:51 +0800] "GET /xingrg/kc/buy/cgsh_order_operate.html?command=get_materiel&rest_code=00146&code=00101008349&supplier_code=00100005&order_time=2021-06-02 HTTP/1.1" 200 412
116.224.253.72 - - [02/Jun/2021:09:26:51 +0800] "POST /xingrg/kc/buy/cgsh_list_operate.html HTTP/1.1" 200 876
116.224.253.72 - - [02/Jun/2021:09:26:52 +0800] "GET /xingrg/javascript/easyui/themes/default/images/button_plain_hover.png HTTP/1.1" 304 -
116.224.253.72 - - [02/Jun/2021:09:26:52 +0800] "GET /xingrg/javascript/easyui/themes/default/images/button_plain_hover.png HTTP/1.1" 304 -
116.224.253.72 - - [02/Jun/2021:09:26:52 +0800] "GET /xingrg/javascript/easyui/themes/default/images/button_plain_hover.png HTTP/1.1" 304 -
114.83.217.160 - - [02/Jun/2021:09:26:53 +0800] "GET /xingrg/kc/buy/cgsh_order_info.html?code=212021060200484 HTTP/1.1" 200 57259
114.83.217.160 - - [02/Jun/2021:09:26:53 +0800] "GET /xingrg/javascript/easyui/themes/default/validatebox.css HTTP/1.1" 404 1104
116.224.253.72 - - [02/Jun/2021:09:26:53 +0800] "GET /xingrg/javascript/easyui/themes/default/images/button_plain_hover.png HTTP/1.1" 304 -
116.224.253.72 - - [02/Jun/2021:09:26:53 +0800] "GET /xingrg/javascript/easyui/themes/default/images/button_plain_hover.png HTTP/1.1" 304 -
116.224.253.72 - - [02/Jun/2021:09:26:53 +0800] "GET /xingrg/javascript/easyui/themes/default/images/button_plain_hover.png HTTP/1.1" 304 -
116.224.253.72 - - [02/Jun/2021:09:26:53 +0800] "GET /xingrg/javascript/easyui/themes/default/images/button_plain_hover.png HTTP/1.1" 304 -
114.83.217.160 - - [02/Jun/2021:09:26:54 +0800] "POST /xingrg/kc/buy/cgsh_order_operate.html HTTP/1.1" 200 1195
116.224.253.72 - - [02/Jun/2021:09:26:55 +0800] "GET /xingrg/kc/buy/cgsh_order_add.html HTTP/1.1" 200 62242
116.224.253.72 - - [02/Jun/2021:09:26:55 +0800] "GET /xingrg/javascript/pic_change.js HTTP/1.1" 304 -
116.224.253.72 - - [02/Jun/2021:09:26:55 +0800] "GET /xingrg/javascript/convert.js HTTP/1.1" 304 -
116.224.253.72 - - [02/Jun/2021:09:26:55 +0800] "GET /xingrg/javascript/jquery_tools/order_manager.js HTTP/1.1" 304 -
116.224.253.72 - - [02/Jun/2021:09:26:55 +0800] "GET /xingrg/javascript/print/kc_print.js HTTP/1.1" 304 -
116.224.253.72 - - [02/Jun/2021:09:26:55 +0800] "GET /xingrg/javascript/json2.js HTTP/1.1" 304 -
116.224.253.72 - - [02/Jun/2021:09:26:55 +0800] "GET /xingrg/words/20210601124702_words.js HTTP/1.1" 200 818458
116.224.253.72 - - [02/Jun/2021:09:26:55 +0800] "GET /xingrg/javascript/easyui/themes/icons/copy_new.png HTTP/1.1" 304 -
116.224.253.72 - - [02/Jun/2021:09:26:55 +0800] "GET /xingrg/javascript/easyui/themes/icons/ok.png HTTP/1.1" 304 -
116.224.253.72 - - [02/Jun/2021:09:26:55 +0800] "GET /xingrg/javascript/easyui/themes/icons/template_new.png HTTP/1.1" 304 -
116.224.253.72 - - [02/Jun/2021:09:26:55 +0800] "GET /xingrg/javascript/easyui/themes/icons/print.png HTTP/1.1" 304 -
116.224.253.72 - - [02/Jun/2021:09:26:55 +0800] "GET /xingrg/javascript/easyui/themes/default/images/menu_downarrow.png HTTP/1.1" 304 -
116.224.253.72 - - [02/Jun/2021:09:26:55 +0800] "GET /xingrg/javascript/easyui/themes/icons/cancel.png HTTP/1.1" 304 -
116.224.253.72 - - [02/Jun/2021:09:26:55 +0800] "POST /xingrg/kc/buy/cgsh_order_operate.html HTTP/1.1" 200 8245
116.224.253.72 - - [02/Jun/2021:09:26:55 +0800] "GET /xingrg/javascript/easyui/themes/icons/edit_remove.png HTTP/1.1" 304 -
116.224.253.72 - - [02/Jun/2021:09:26:55 +0800] "GET /xingrg/javascript/easyui/themes/default/validatebox.css HTTP/1.1" 404 1104
116.224.253.72 - - [02/Jun/2021:09:26:55 +0800] "GET /xingrg/javascript/easyui/plugins/jquery.validatebox.js HTTP/1.1" 304 -
116.224.253.72 - - [02/Jun/2021:09:26:55 +0800] "GET /xingrg/javascript/easyui/plugins/jquery.numberbox.js HTTP/1.1" 304 -
116.224.253.72 - - [02/Jun/2021:09:26:55 +0800] "GET /xingrg/all/common/auto_word.html?type=employee&rest_code=00150 HTTP/1.1" 200 205
116.224.253.72 - - [02/Jun/2021:09:26:55 +0800] "GET /xingrg/all/common/auto_word.html?type=employee&rest_code=00150 HTTP/1.1" 200 205
116.224.253.72 - - [02/Jun/2021:09:26:56 +0800] "GET /xingrg/javascript/auto/indicator.gif HTTP/1.1" 404 1066
116.235.222.38 - - [02/Jun/2021:09:26:57 +0800] "GET /xingrg/kc/buy/buy_main.html HTTP/1.1" 200 12412
116.235.222.38 - - [02/Jun/2021:09:26:57 +0800] "GET /xingrg/css/new_ie.css HTTP/1.1" 404 1036
180.169.147.146 - - [02/Jun/2021:09:26:57 +0800] "GET /xingrg/all/function/internal_message.html?_=1622597218593&CODE_STATE=getMsg HTTP/1.1" 302 -
116.235.222.38 - - [02/Jun/2021:09:26:59 +0800] "GET /xingrg/images/yd/bt.gif HTTP/1.1" 404 1040
116.235.222.38 - - [02/Jun/2021:09:27:00 +0800] "GET /xingrg/kc/buy/cgsh_order_list.html HTTP/1.1" 200 46574
61.165.42.208 - - [02/Jun/2021:09:27:00 +0800] "GET /xingrg/kc/buy/cgsh_order_add.html HTTP/1.1" 200 62353
61.165.42.208 - - [02/Jun/2021:09:27:00 +0800] "GET /xingrg/javascript/easyui/themes/default/validatebox.css HTTP/1.1" 404 1104
61.165.42.208 - - [02/Jun/2021:09:27:00 +0800] "POST /xingrg/kc/buy/cgsh_order_operate.html HTTP/1.1" 200 8245
116.235.222.38 - - [02/Jun/2021:09:27:02 +0800] "POST /xingrg/kc/buy/cgsh_list_operate.html HTTP/1.1" 200 876
117.184.7.26 - - [02/Jun/2021:09:27:04 +0800] "POST /xingrg/services/DataTransmitService HTTP/1.1" 200 524
116.224.253.72 - - [02/Jun/2021:09:27:05 +0800] "GET /xingrg/kc/buy/cgsh_order_operate.html?command=get_materiel&rest_code=00150&code=00101008265&supplier_code=00100007&order_time=2021-06-02 HTTP/1.1" 200 409
116.230.117.165 - - [02/Jun/2021:09:27:05 +0800] "GET /xingrg/check_reg.html?_=1622597234928 HTTP/1.1" 200 22
116.230.117.165 - - [02/Jun/2021:09:27:05 +0800] "GET /xingrg/all/function/internal_message.html?_=1622597235031&CODE_STATE=getMsg HTTP/1.1" 200 27
117.184.7.26 - - [02/Jun/2021:09:27:07 +0800] "POST /xingrg/services/DataTransmitService HTTP/1.1" 200 501
120.253.135.82 - - [02/Jun/2021:09:27:07 +0800] "GET /xingrg/check_reg.html?_=1622597265283 HTTP/1.1" 302 -
116.224.253.72 - - [02/Jun/2021:09:27:09 +0800] "POST /xingrg/kc/buy/cgsh_order_operate.html HTTP/1.1" 200 37
180.169.147.146 - - [02/Jun/2021:09:27:10 +0800] "GET /xingrg/check_reg.html?_=1622597230653 HTTP/1.1" 302 -
61.165.42.208 - - [02/Jun/2021:09:27:12 +0800] "GET /xingrg/kc/buy/cgsh_order_operate.html?command=get_materiel&rest_code=00105&code=00101002027&supplier_code=00100397&order_time=2021-06-02 HTTP/1.1" 200 413
116.230.117.165 - - [02/Jun/2021:09:27:13 +0800] "GET /xingrg/kc/buy/cgsh_order_operate.html?command=get_materiel&rest_code=00146&code=00101008112&supplier_code=00100005&order_time=2021-06-02 HTTP/1.1" 200 412
116.224.253.72 - - [02/Jun/2021:09:27:15 +0800] "GET /xingrg/kc/buy/cgsh_order_operate.html?command=get_materiel&rest_code=00150&code=00101008176&supplier_code=00100007&order_time=2021-06-02 HTTP/1.1" 200 413
116.230.117.165 - - [02/Jun/2021:09:27:15 +0800] "POST /xingrg/kc/buy/cgsh_order_operate.html HTTP/1.1" 200 2065
114.83.217.160 - - [02/Jun/2021:09:27:15 +0800] "GET /xingrg/kc/print/load_data.html?order_code=212021060200484&kc_code=cgsh&condition= HTTP/1.1" 200 918
116.235.222.38 - - [02/Jun/2021:09:27:19 +0800] "GET /xingrg/kc/buy/cgsh_order_add.html HTTP/1.1" 200 62394
116.235.222.38 - - [02/Jun/2021:09:27:19 +0800] "POST /xingrg/kc/buy/cgsh_order_operate.html HTTP/1.1" 200 8245
116.235.222.38 - - [02/Jun/2021:09:27:19 +0800] "GET /xingrg/javascript/easyui/themes/default/validatebox.css HTTP/1.1" 404 1104
116.235.222.38 - - [02/Jun/2021:09:27:20 +0800] "GET /xingrg/all/common/auto_word.html?type=employee&rest_code=00107 HTTP/1.1" 200 101
116.235.222.38 - - [02/Jun/2021:09:27:20 +0800] "GET /xingrg/all/common/auto_word.html?type=employee&rest_code=00107 HTTP/1.1" 200 101
116.224.253.72 - - [02/Jun/2021:09:27:21 +0800] "POST /xingrg/kc/buy/cgsh_order_operate.html HTTP/1.1" 200 12
116.224.253.72 - - [02/Jun/2021:09:27:21 +0800] "GET /xingrg/kc/buy/cgsh_order_operate.html?command=get_materiel&rest_code=00150&code=00101008210&supplier_code=00100007&order_time=2021-06-02 HTTP/1.1" 200 408
180.169.147.146 - - [02/Jun/2021:09:27:21 +0800] "GET /xingrg/check_reg.html?_=1622597242705 HTTP/1.1" 200 22
180.169.147.146 - - [02/Jun/2021:09:27:21 +0800] "GET /xingrg/all/function/internal_message.html?_=1622597242768&CODE_STATE=getMsg HTTP/1.1" 200 27
116.230.117.165 - - [02/Jun/2021:09:27:22 +0800] "GET /xingrg/kc/buy/cgsh_order_operate.html?command=get_materiel&rest_code=00146&code=00101008354&supplier_code=00100005&order_time=2021-06-02 HTTP/1.1" 200 412
116.235.222.38 - - [02/Jun/2021:09:27:22 +0800] "GET /xingrg/javascript/easyui/themes/default/tree.css HTTP/1.1" 404 1090
180.169.147.146 - - [02/Jun/2021:09:27:22 +0800] "GET /xingrg/all/function/internal_message.html?_=1622597242248&CODE_STATE=getMsg HTTP/1.1" 302 -
116.235.222.38 - - [02/Jun/2021:09:27:23 +0800] "POST /xingrg/all/common/load_tree.html?tree=supplier_tree_json&isDelete=1 HTTP/1.1" 200 55787
116.224.253.72 - - [02/Jun/2021:09:27:23 +0800] "GET /xingrg/kc/buy/cgsh_order_info.html?code=212021060200485 HTTP/1.1" 200 56840
116.224.253.72 - - [02/Jun/2021:09:27:24 +0800] "GET /xingrg/javascript/easyui/themes/default/validatebox.css HTTP/1.1" 404 1104
120.253.135.82 - - [02/Jun/2021:09:27:24 +0800] "GET /xingrg/all/function/internal_message.html?_=1622597282425&CODE_STATE=getMsg HTTP/1.1" 302 -
116.224.253.72 - - [02/Jun/2021:09:27:24 +0800] "POST /xingrg/kc/buy/cgsh_order_operate.html HTTP/1.1" 200 4790
116.224.253.72 - - [02/Jun/2021:09:27:27 +0800] "GET /xingrg/kc/print/load_data.html?order_code=212021060200485&kc_code=cgsh&condition= HTTP/1.1" 200 2299
114.83.217.160 - - [02/Jun/2021:09:27:30 +0800] "GET /xingrg/kc/buy/cgsh_order_add.html HTTP/1.1" 200 62359
114.83.217.160 - - [02/Jun/2021:09:27:30 +0800] "POST /xingrg/kc/buy/cgsh_order_operate.html HTTP/1.1" 200 8245
114.83.217.160 - - [02/Jun/2021:09:27:30 +0800] "GET /xingrg/javascript/easyui/themes/default/validatebox.css HTTP/1.1" 404 1104
116.230.117.165 - - [02/Jun/2021:09:27:30 +0800] "GET /xingrg/kc/buy/cgsh_order_operate.html?command=get_materiel&rest_code=00146&code=00101008028&supplier_code=00100005&order_time=2021-06-02 HTTP/1.1" 200 412
116.224.253.72 - - [02/Jun/2021:09:27:33 +0800] "GET /xingrg/kc/buy/cgsh_order_operate.html?command=get_materiel&rest_code=00150&code=00101008331&supplier_code=00100007&order_time=2021-06-02 HTTP/1.1" 200 416
116.230.110.80 - - [02/Jun/2021:09:27:33 +0800] "GET /xingrg/all/function/internal_message.html?_=1622597251402&CODE_STATE=getMsg HTTP/1.1" 302 -
116.235.222.38 - - [02/Jun/2021:09:27:34 +0800] "GET /xingrg/all/function/internal_message.html?_=1622597250255&CODE_STATE=getMsg HTTP/1.1" 200 27
116.224.253.72 - - [02/Jun/2021:09:27:34 +0800] "POST /xingrg/all/user/operate.html HTTP/1.1" 200 36
116.224.253.72 - - [02/Jun/2021:09:27:35 +0800] "GET /xingrg/index.html?sysBaseUrl=http%3A%2F%2F180.169.147.146%3A18081%2Fxingrg%2F&costTime=1568×tamp=1622596906253 HTTP/1.1" 200 17179
116.224.253.72 - - [02/Jun/2021:09:27:35 +0800] "GET /xingrg/javascript/jquery_easy_ui/themes/default/easyui.css HTTP/1.1" 304 -
116.224.253.72 - - [02/Jun/2021:09:27:35 +0800] "GET /xingrg/javascript/jquery_easy_ui/themes/icon.css HTTP/1.1" 304 -
116.224.253.72 - - [02/Jun/2021:09:27:35 +0800] "GET /xingrg/css/form.css HTTP/1.1" 304 -
116.224.253.72 - - [02/Jun/2021:09:27:35 +0800] "GET /xingrg/javascript/jquery-1.4.2.min.js HTTP/1.1" 304 -
116.224.253.72 - - [02/Jun/2021:09:27:35 +0800] "GET /xingrg/javascript/jquery_easy_ui/jquery.easyui.min.js HTTP/1.1" 304 -
116.224.253.72 - - [02/Jun/2021:09:27:35 +0800] "GET /xingrg/javascript/jquery_easy_ui/easyui-lang-zh_CN.js HTTP/1.1" 304 -
116.224.253.72 - - [02/Jun/2021:09:27:35 +0800] "GET /xingrg/javascript/jquery.form.js HTTP/1.1" 304 -
116.224.253.72 - - [02/Jun/2021:09:27:35 +0800] "GET /xingrg/javascript/jquery.utils.js HTTP/1.1" 304 -
116.224.253.72 - - [02/Jun/2021:09:27:35 +0800] "GET /xingrg/javascript/jquery.timers.js HTTP/1.1" 304 -
116.224.253.72 - - [02/Jun/2021:09:27:35 +0800] "GET /xingrg/images/blue/jxLogo.png HTTP/1.1" 304 -
116.224.253.72 - - [02/Jun/2021:09:27:35 +0800] "GET /xingrg/images/blue/navBackgound.jpg HTTP/1.1" 304 -
116.224.253.72 - - [02/Jun/2021:09:27:35 +0800] "GET /xingrg/javascript/jquery_easy_ui/themes/icons/settle_new.png HTTP/1.1" 304 -
116.224.253.72 - - [02/Jun/2021:09:27:35 +0800] "GET /xingrg/images/blue/pingpu.png HTTP/1.1" 304 -
116.224.253.72 - - [02/Jun/2021:09:27:35 +0800] "GET /xingrg/all/function/internal_message.html?_=1622597254347&CODE_STATE=count HTTP/1.1" 200 11
116.224.253.72 - - [02/Jun/2021:09:27:35 +0800] "GET /xingrg/javascript/jquery_easy_ui/themes/default/images/panel_tool_collapse.gif HTTP/1.1" 304 -
116.224.253.72 - - [02/Jun/2021:09:27:35 +0800] "GET /xingrg/check_reg.html?_=1622597254349 HTTP/1.1" 200 22
116.224.253.72 - - [02/Jun/2021:09:27:35 +0800] "GET /xingrg/javascript/jquery_easy_ui/themes/default/images/tabs_leftarrow.png HTTP/1.1" 304 -
116.224.253.72 - - [02/Jun/2021:09:27:35 +0800] "GET /xingrg/javascript/jquery_easy_ui/themes/default/images/tabs_rightarrow.png HTTP/1.1" 304 -
116.224.253.72 - - [02/Jun/2021:09:27:35 +0800] "POST /xingrg/all/common/load_tree.html?tree=area_rest_tree_json&manage=1 HTTP/1.1" 200 476
116.224.253.72 - - [02/Jun/2021:09:27:35 +0800] "POST /xingrg/load_menu.html HTTP/1.1" 200 5138
116.224.253.72 - - [02/Jun/2021:09:27:38 +0800] "GET /xingrg/kc/buy/cgsh_order_list.html HTTP/1.1" 200 46574
116.224.253.72 - - [02/Jun/2021:09:27:39 +0800] "GET /xingrg/kc/buy/cgsh_order_operate.html?command=get_materiel&rest_code=00150&code=00101008350&supplier_code=00100007&order_time=2021-06-02 HTTP/1.1" 200 408
116.224.253.72 - - [02/Jun/2021:09:27:39 +0800] "POST /xingrg/kc/buy/cgsh_list_operate.html HTTP/1.1" 200 876
114.83.217.160 - - [02/Jun/2021:09:27:40 +0800] "GET /xingrg/all/function/internal_message.html?_=1622597260663&CODE_STATE=getMsg HTTP/1.1" 200 27
116.224.253.72 - - [02/Jun/2021:09:27:41 +0800] "GET /xingrg/kc/buy/cgsh_order_add.html HTTP/1.1" 200 62230
116.224.253.72 - - [02/Jun/2021:09:27:41 +0800] "POST /xingrg/kc/buy/cgsh_order_operate.html HTTP/1.1" 200 8245
116.224.253.72 - - [02/Jun/2021:09:27:41 +0800] "GET /xingrg/javascript/easyui/themes/default/validatebox.css HTTP/1.1" 404 1104
116.224.253.72 - - [02/Jun/2021:09:27:41 +0800] "GET /xingrg/all/common/auto_word.html?type=employee&rest_code=00150 HTTP/1.1" 200 205
116.224.253.72 - - [02/Jun/2021:09:27:41 +0800] "GET /xingrg/all/common/auto_word.html?type=employee&rest_code=00150 HTTP/1.1" 200 205
116.230.117.165 - - [02/Jun/2021:09:27:43 +0800] "GET /xingrg/kc/buy/cgsh_order_operate.html?command=get_materiel&rest_code=00146&code=00101008026&supplier_code=00100005&order_time=2021-06-02 HTTP/1.1" 200 409
116.224.253.72 - - [02/Jun/2021:09:27:43 +0800] "GET /xingrg/javascript/auto/indicator.gif HTTP/1.1" 404 1066
222.70.177.128 - - [02/Jun/2021:09:27:43 +0800] "GET /xingrg/all/function/internal_message.html?_=1622597263095&CODE_STATE=getMsg HTTP/1.1" 302 -
58.40.7.146 - - [02/Jun/2021:09:27:44 +0800] "GET /xingrg/all/function/internal_message.html?_=1622597263889&CODE_STATE=getMsg HTTP/1.1" 302 -
61.165.42.208 - - [02/Jun/2021:09:27:45 +0800] "GET /xingrg/all/function/internal_message.html?_=1622597266175&CODE_STATE=getMsg HTTP/1.1" 200 27
116.224.253.72 - - [02/Jun/2021:09:27:45 +0800] "GET /xingrg/all/function/internal_message.html?_=1622597270818&CODE_STATE=getMsg HTTP/1.1" 200 27
61.165.42.208 - - [02/Jun/2021:09:27:45 +0800] "GET /xingrg/kc/buy/cgsh_order_operate.html?command=get_materiel&rest_code=00105&code=00101002022&supplier_code=00100397&order_time=2021-06-02 HTTP/1.1" 200 409
116.224.253.72 - - [02/Jun/2021:09:27:46 +0800] "GET /xingrg/kc/buy/cgsh_order_operate.html?command=get_materiel&rest_code=00150&code=00101008244&supplier_code=00100007&order_time=2021-06-02 HTTP/1.1" 200 408
114.83.217.160 - - [02/Jun/2021:09:27:47 +0800] "GET /xingrg/kc/buy/cgsh_order_operate.html?command=get_materiel&rest_code=00149&code=00101011003&supplier_code=00100051&order_time=2021-06-02 HTTP/1.1" 200 413
58.40.7.146 - - [02/Jun/2021:09:27:47 +0800] "GET /xingrg/all/function/internal_message.html?_=1622597267006&CODE_STATE=getMsg HTTP/1.1" 302 -
116.224.253.72 - - [02/Jun/2021:09:27:48 +0800] "GET /xingrg/kc/buy/cgsh_order_operate.html?command=get_materiel&rest_code=00150&code=00101011005&supplier_code=00100047&order_time=2021-06-02 HTTP/1.1" 200 408
116.230.117.165 - - [02/Jun/2021:09:27:51 +0800] "GET /xingrg/kc/buy/cgsh_order_operate.html?command=get_materiel&rest_code=00146&code=00101008096&supplier_code=00100005&order_time=2021-06-02 HTTP/1.1" 200 412
116.235.222.38 - - [02/Jun/2021:09:27:53 +0800] "GET /xingrg/javascript/auto/indicator.gif HTTP/1.1" 404 1066
180.169.147.146 - - [02/Jun/2021:09:27:57 +0800] "GET /xingrg/all/function/internal_message.html?_=1622597278564&CODE_STATE=getMsg HTTP/1.1" 302 -
114.83.217.160 - - [02/Jun/2021:09:27:58 +0800] "GET /xingrg/kc/buy/cgsh_order_operate.html?command=get_materiel&rest_code=00149&code=00101011005&supplier_code=00100051&order_time=2021-06-02 HTTP/1.1" 200 408
116.224.253.72 - - [02/Jun/2021:09:27:58 +0800] "GET /xingrg/kc/buy/cgsh_order_operate.html?command=get_materiel&rest_code=00150&code=00101008185&supplier_code=00100007&order_time=2021-06-02 HTTP/1.1" 200 408
180.169.147.146 - - [02/Jun/2021:09:27:58 +0800] "GET /xingrg/check_reg.html?_=1622597279224 HTTP/1.1" 302 -
116.224.253.72 - - [02/Jun/2021:09:28:00 +0800] "POST /xingrg/kc/buy/cgsh_order_operate.html HTTP/1.1" 200 37
116.235.222.38 - - [02/Jun/2021:09:28:01 +0800] "GET /xingrg/kc/buy/cgsh_order_operate.html?command=get_materiel&rest_code=00107&code=00101008004&supplier_code=00100006&order_time=2021-06-02 HTTP/1.1" 200 416
61.165.42.208 - - [02/Jun/2021:09:28:01 +0800] "GET /xingrg/kc/buy/cgsh_order_operate.html?command=get_materiel&rest_code=00105&code=00101001010&supplier_code=00100397&order_time=2021-06-02 HTTP/1.1" 200 409
116.224.253.72 - - [02/Jun/2021:09:28:04 +0800] "GET /xingrg/kc/buy/cgsh_order_operate.html?command=get_materiel&rest_code=00150&code=00101008096&supplier_code=00100007&order_time=2021-06-02 HTTP/1.1" 200 412
116.230.117.165 - - [02/Jun/2021:09:28:04 +0800] "GET /xingrg/kc/buy/cgsh_order_operate.html?command=get_materiel&rest_code=00146&code=00101008338&supplier_code=00100005&order_time=2021-06-02 HTTP/1.1" 200 408
116.230.117.165 - - [02/Jun/2021:09:28:05 +0800] "GET /xingrg/all/function/internal_message.html?_=1622597295034&CODE_STATE=getMsg HTTP/1.1" 200 27
116.230.117.165 - - [02/Jun/2021:09:28:08 +0800] "POST /xingrg/kc/buy/cgsh_order_operate.html HTTP/1.1" 200 2065
114.83.217.160 - - [02/Jun/2021:09:28:08 +0800] "POST /xingrg/kc/buy/cgsh_order_operate.html HTTP/1.1" 200 37
116.224.253.72 - - [02/Jun/2021:09:28:08 +0800] "POST /xingrg/kc/buy/cgsh_order_operate.html HTTP/1.1" 200 12
116.224.253.72 - - [02/Jun/2021:09:28:11 +0800] "GET /xingrg/kc/buy/cgsh_order_info.html?code=212021060200486 HTTP/1.1" 200 57132
116.224.253.72 - - [02/Jun/2021:09:28:11 +0800] "GET /xingrg/javascript/easyui/themes/default/validatebox.css HTTP/1.1" 404 1104
116.224.253.72 - - [02/Jun/2021:09:28:11 +0800] "GET /xingrg/kc/buy/cgsh_order_operate.html?command=get_materiel&rest_code=00150&code=00101008038&supplier_code=00100007&order_time=2021-06-02 HTTP/1.1" 200 412
116.224.253.72 - - [02/Jun/2021:09:28:12 +0800] "POST /xingrg/kc/buy/cgsh_order_operate.html HTTP/1.1" 200 606
116.230.117.165 - - [02/Jun/2021:09:28:14 +0800] "GET /xingrg/kc/buy/cgsh_order_operate.html?command=get_materiel&rest_code=00146&code=00101008290&supplier_code=00100005&order_time=2021-06-02 HTTP/1.1" 200 416
116.224.253.72 - - [02/Jun/2021:09:28:14 +0800] "GET /xingrg/kc/print/load_data.html?order_code=212021060200486&kc_code=cgsh&condition= HTTP/1.1" 200 759
114.83.217.160 - - [02/Jun/2021:09:28:16 +0800] "POST /xingrg/kc/buy/cgsh_order_operate.html HTTP/1.1" 200 12
61.165.42.208 - - [02/Jun/2021:09:28:17 +0800] "GET /xingrg/kc/buy/cgsh_order_operate.html?command=get_materiel&rest_code=00105&code=00101002037&supplier_code=00100397&order_time=2021-06-02 HTTP/1.1" 200 419
114.83.217.160 - - [02/Jun/2021:09:28:18 +0800] "GET /xingrg/kc/buy/cgsh_order_info.html?code=212021060200487 HTTP/1.1" 200 57261
116.224.253.72 - - [02/Jun/2021:09:28:19 +0800] "GET /xingrg/kc/buy/cgsh_order_operate.html?command=get_materiel&rest_code=00150&code=00101008396&supplier_code=00100007&order_time=2021-06-02 HTTP/1.1" 200 412
114.83.217.160 - - [02/Jun/2021:09:28:19 +0800] "GET /xingrg/javascript/easyui/themes/default/validatebox.css HTTP/1.1" 404 1104
116.224.253.72 - - [02/Jun/2021:09:28:19 +0800] "GET /xingrg/kc/buy/cgsh_order_add.html HTTP/1.1" 200 62230
114.83.217.160 - - [02/Jun/2021:09:28:19 +0800] "POST /xingrg/kc/buy/cgsh_order_operate.html HTTP/1.1" 200 1197
116.224.253.72 - - [02/Jun/2021:09:28:19 +0800] "GET /xingrg/javascript/easyui/themes/default/validatebox.css HTTP/1.1" 404 1104
116.224.253.72 - - [02/Jun/2021:09:28:19 +0800] "POST /xingrg/kc/buy/cgsh_order_operate.html HTTP/1.1" 200 8245
114.83.217.160 - - [02/Jun/2021:09:28:21 +0800] "GET /xingrg/kc/print/load_data.html?order_code=212021060200487&kc_code=cgsh&condition= HTTP/1.1" 200 948
180.169.147.146 - - [02/Jun/2021:09:28:21 +0800] "GET /xingrg/all/function/internal_message.html?_=1622597302782&CODE_STATE=getMsg HTTP/1.1" 200 27
180.169.147.146 - - [02/Jun/2021:09:28:22 +0800] "GET /xingrg/all/function/internal_message.html?_=1622597302221&CODE_STATE=getMsg HTTP/1.1" 302 -
120.253.135.82 - - [02/Jun/2021:09:28:24 +0800] "GET /xingrg/all/function/internal_message.html?_=1622597342431&CODE_STATE=getMsg HTTP/1.1" 302 -
61.165.42.208 - - [02/Jun/2021:09:28:26 +0800] "GET /xingrg/kc/buy/cgsh_order_operate.html?command=get_materiel&rest_code=00105&code=00101002047&supplier_code=00100397&order_time=2021-06-02 HTTP/1.1" 200 405
116.224.253.72 - - [02/Jun/2021:09:28:26 +0800] "GET /xingrg/kc/buy/cgsh_order_operate.html?command=get_materiel&rest_code=00150&code=00101008163&supplier_code=00100007&order_time=2021-06-02 HTTP/1.1" 200 408
116.235.222.38 - - [02/Jun/2021:09:28:27 +0800] "GET /xingrg/kc/buy/cgsh_order_operate.html?command=get_materiel&rest_code=00107&code=00101008163&supplier_code=00100006&order_time=2021-06-02 HTTP/1.1" 200 408
180.169.147.146 - - [02/Jun/2021:09:28:29 +0800] "GET /xingrg/check_reg.html?_=1622597308527 HTTP/1.1" 302 -
116.224.253.72 - - [02/Jun/2021:09:28:30 +0800] "GET /xingrg/kc/buy/cgsh_order_operate.html?command=get_materiel&rest_code=00150&code=00101016010&supplier_code=00100096&order_time=2021-06-02 HTTP/1.1" 200 408
116.230.110.80 - - [02/Jun/2021:09:28:33 +0800] "GET /xingrg/all/function/internal_message.html?_=1622597311398&CODE_STATE=getMsg HTTP/1.1" 302 -
116.230.117.165 - - [02/Jun/2021:09:28:33 +0800] "GET /xingrg/kc/buy/cgsh_order_operate.html?command=get_materiel&rest_code=00146&code=00101008361&supplier_code=00100005&order_time=2021-06-02 HTTP/1.1" 200 408
116.224.253.72 - - [02/Jun/2021:09:28:34 +0800] "GET /xingrg/kc/buy/cgsh_order_operate.html?command=get_materiel&rest_code=00150&code=00101008370&supplier_code=00100007&order_time=2021-06-02 HTTP/1.1" 200 412
116.235.222.38 - - [02/Jun/2021:09:28:34 +0800] "GET /xingrg/all/function/internal_message.html?_=1622597310259&CODE_STATE=getMsg HTTP/1.1" 200 27
116.224.253.72 - - [02/Jun/2021:09:28:35 +0800] "GET /xingrg/all/function/internal_message.html?_=1622597314385&CODE_STATE=getMsg HTTP/1.1" 200 27
114.83.217.160 - - [02/Jun/2021:09:28:37 +0800] "GET /xingrg/kc/buy/cgsh_order_add.html HTTP/1.1" 200 62359
114.83.217.160 - - [02/Jun/2021:09:28:37 +0800] "POST /xingrg/kc/buy/cgsh_order_operate.html HTTP/1.1" 200 8245
114.83.217.160 - - [02/Jun/2021:09:28:37 +0800] "GET /xingrg/javascript/easyui/themes/default/validatebox.css HTTP/1.1" 404 1104
116.224.253.72 - - [02/Jun/2021:09:28:38 +0800] "GET /xingrg/kc/buy/cgsh_order_operate.html?command=get_materiel&rest_code=00150&code=00101016025&supplier_code=00100096&order_time=2021-06-02 HTTP/1.1" 200 408
114.83.217.160 - - [02/Jun/2021:09:28:40 +0800] "GET /xingrg/all/function/internal_message.html?_=1622597320641&CODE_STATE=getMsg HTTP/1.1" 200 27
222.70.177.128 - - [02/Jun/2021:09:28:43 +0800] "GET /xingrg/all/function/internal_message.html?_=1622597323111&CODE_STATE=getMsg HTTP/1.1" 302 -
116.230.117.165 - - [02/Jun/2021:09:28:43 +0800] "GET /xingrg/kc/buy/cgsh_order_operate.html?command=get_materiel&rest_code=00146&code=00101008067&supplier_code=00100005&order_time=2021-06-02 HTTP/1.1" 200 418
58.40.7.146 - - [02/Jun/2021:09:28:44 +0800] "GET /xingrg/all/function/internal_message.html?_=1622597323860&CODE_STATE=getMsg HTTP/1.1" 302 -
116.224.253.72 - - [02/Jun/2021:09:28:44 +0800] "GET /xingrg/kc/buy/cgsh_order_operate.html?command=get_materiel&rest_code=00150&code=00101008087&supplier_code=00100007&order_time=2021-06-02 HTTP/1.1" 200 412
61.165.42.208 - - [02/Jun/2021:09:28:45 +0800] "GET /xingrg/all/function/internal_message.html?_=1622597326169&CODE_STATE=getMsg HTTP/1.1" 200 27
61.165.42.208 - - [02/Jun/2021:09:28:45 +0800] "GET /xingrg/check_reg.html?_=1622597326168 HTTP/1.1" 200 22
116.224.253.72 - - [02/Jun/2021:09:28:45 +0800] "GET /xingrg/all/function/internal_message.html?_=1622597330873&CODE_STATE=getMsg HTTP/1.1" 200 27
58.40.7.146 - - [02/Jun/2021:09:28:47 +0800] "GET /xingrg/all/function/internal_message.html?_=1622597327007&CODE_STATE=getMsg HTTP/1.1" 302 -
58.40.7.146 - - [02/Jun/2021:09:28:47 +0800] "GET /xingrg/check_reg.html?_=1622597327009 HTTP/1.1" 302 -
116.224.253.72 - - [02/Jun/2021:09:28:48 +0800] "GET /xingrg/kc/buy/cgsh_order_operate.html?command=get_materiel&rest_code=00150&code=00101001084&supplier_code=00100096&order_time=2021-06-02 HTTP/1.1" 200 413
116.235.222.38 - - [02/Jun/2021:09:28:50 +0800] "GET /xingrg/kc/buy/cgsh_order_operate.html?command=get_materiel&rest_code=00107&code=00101008069&supplier_code=00100006&order_time=2021-06-02 HTTP/1.1" 200 412
61.165.42.208 - - [02/Jun/2021:09:28:53 +0800] "POST /xingrg/kc/buy/cgsh_order_operate.html HTTP/1.1" 200 37
116.230.117.165 - - [02/Jun/2021:09:28:55 +0800] "GET /xingrg/kc/buy/cgsh_order_operate.html?command=get_materiel&rest_code=00146&code=00101008264&supplier_code=00100005&order_time=2021-06-02 HTTP/1.1" 200 412
61.165.42.208 - - [02/Jun/2021:09:28:55 +0800] "POST /xingrg/kc/buy/cgsh_order_operate.html HTTP/1.1" 200 5626
116.224.253.72 - - [02/Jun/2021:09:28:55 +0800] "GET /xingrg/kc/buy/cgsh_order_operate.html?command=get_materiel&rest_code=00150&code=00101008355&supplier_code=00100007&order_time=2021-06-02 HTTP/1.1" 200 408
180.169.147.146 - - [02/Jun/2021:09:28:57 +0800] "GET /xingrg/all/function/internal_message.html?_=1622597338541&CODE_STATE=getMsg HTTP/1.1" 302 -
116.235.222.38 - - [02/Jun/2021:09:28:58 +0800] "GET /xingrg/kc/buy/cgsh_order_operate.html?command=get_materiel&rest_code=00107&code=00101008286&supplier_code=00100006&order_time=2021-06-02 HTTP/1.1" 200 408
116.224.253.72 - - [02/Jun/2021:09:29:03 +0800] "GET /xingrg/kc/buy/cgsh_order_operate.html?command=get_materiel&rest_code=00150&code=00101008144&supplier_code=00100007&order_time=2021-06-02 HTTP/1.1" 200 412
116.230.117.165 - - [02/Jun/2021:09:29:05 +0800] "GET /xingrg/all/function/internal_message.html?_=1622597355047&CODE_STATE=getMsg HTTP/1.1" 200 27
116.224.253.72 - - [02/Jun/2021:09:29:06 +0800] "GET /xingrg/kc/buy/cgsh_order_operate.html?command=get_materiel&rest_code=00150&code=00101006065&supplier_code=00100096&order_time=2021-06-02 HTTP/1.1" 200 409
116.230.117.165 - - [02/Jun/2021:09:29:07 +0800] "GET /xingrg/kc/buy/cgsh_order_operate.html?command=get_materiel&rest_code=00146&code=00101008024&supplier_code=00100005&order_time=2021-06-02 HTTP/1.1" 200 408
116.235.222.38 - - [02/Jun/2021:09:29:07 +0800] "GET /xingrg/kc/buy/cgsh_order_operate.html?command=get_materiel&rest_code=00107&code=00101008353&supplier_code=00100006&order_time=2021-06-02 HTTP/1.1" 200 408
61.165.42.208 - - [02/Jun/2021:09:29:09 +0800] "POST /xingrg/kc/buy/cgsh_order_operate.html HTTP/1.1" 200 37
61.165.42.208 - - [02/Jun/2021:09:29:10 +0800] "POST /xingrg/kc/buy/cgsh_order_operate.html HTTP/1.1" 200 5626
116.224.253.72 - - [02/Jun/2021:09:29:10 +0800] "GET /xingrg/kc/buy/cgsh_order_operate.html?command=get_materiel&rest_code=00150&code=00101008063&supplier_code=00100007&order_time=2021-06-02 HTTP/1.1" 200 412
180.169.147.146 - - [02/Jun/2021:09:29:11 +0800] "GET /xingrg/kc/mdqp/qqps_order_list.html HTTP/1.1" 302 -
180.169.147.146 - - [02/Jun/2021:09:29:11 +0800] "GET /xingrg/login.html HTTP/1.1" 200 7641
116.235.222.38 - - [02/Jun/2021:09:29:15 +0800] "GET /xingrg/kc/buy/cgsh_order_operate.html?command=get_materiel&rest_code=00107&code=00101008355&supplier_code=00100006&order_time=2021-06-02 HTTP/1.1" 200 408
116.224.253.72 - - [02/Jun/2021:09:29:15 +0800] "GET /xingrg/kc/buy/cgsh_order_operate.html?command=get_materiel&rest_code=00150&code=00101006055&supplier_code=00100096&order_time=2021-06-02 HTTP/1.1" 200 409
180.169.147.146 - - [02/Jun/2021:09:29:16 +0800] "GET /xingrg/login.html HTTP/1.1" 200 7641
180.169.147.146 - - [02/Jun/2021:09:29:16 +0800] "GET /favicon.ico HTTP/1.1" 404 -
116.230.117.165 - - [02/Jun/2021:09:29:17 +0800] "POST /xingrg/kc/buy/cgsh_order_operate.html HTTP/1.1" 200 2065
116.224.253.72 - - [02/Jun/2021:09:29:18 +0800] "GET /xingrg/kc/buy/cgsh_order_operate.html?command=get_materiel&rest_code=00150&code=00101008300&supplier_code=00100007&order_time=2021-06-02 HTTP/1.1" 200 412
180.169.147.146 - - [02/Jun/2021:09:29:21 +0800] "GET /xingrg/all/function/internal_message.html?_=1622597362795&CODE_STATE=getMsg HTTP/1.1" 200 27
180.169.147.146 - - [02/Jun/2021:09:29:22 +0800] "GET /xingrg/all/function/internal_message.html?_=1622597362195&CODE_STATE=getMsg HTTP/1.1" 302 -
116.235.222.38 - - [02/Jun/2021:09:29:24 +0800] "GET /xingrg/kc/buy/cgsh_order_operate.html?command=get_materiel&rest_code=00107&code=00101008298&supplier_code=00100006&order_time=2021-06-02 HTTP/1.1" 200 412
120.253.135.82 - - [02/Jun/2021:09:29:24 +0800] "GET /xingrg/all/function/internal_message.html?_=1622597402452&CODE_STATE=getMsg HTTP/1.1" 302 -
116.224.253.72 - - [02/Jun/2021:09:29:25 +0800] "GET /xingrg/kc/buy/cgsh_order_operate.html?command=get_materiel&rest_code=00150&code=00101008362&supplier_code=00100007&order_time=2021-06-02 HTTP/1.1" 200 408
180.169.147.146 - - [02/Jun/2021:09:29:27 +0800] "POST /xingrg/login.do HTTP/1.1" 302 -
180.169.147.146 - - [02/Jun/2021:09:29:27 +0800] "GET /xingrg/index.html?sysBaseUrl=http%3A%2F%2F180.169.147.146%3A18081%2Fxingrg%2F&costTime=1281×tamp=1622597367106 HTTP/1.1" 200 17179
180.169.147.146 - - [02/Jun/2021:09:29:27 +0800] "GET /favicon.ico HTTP/1.1" 404 -
116.230.117.165 - - [02/Jun/2021:09:29:27 +0800] "GET /xingrg/kc/buy/cgsh_order_operate.html?command=get_materiel&rest_code=00146&code=00101008125&supplier_code=00100005&order_time=2021-06-02 HTTP/1.1" 200 413
180.169.147.146 - - [02/Jun/2021:09:29:27 +0800] "POST /xingrg/all/common/load_tree.html?tree=area_rest_tree_json&manage=1 HTTP/1.1" 200 351
180.169.147.146 - - [02/Jun/2021:09:29:27 +0800] "POST /xingrg/load_menu.html HTTP/1.1" 200 5138
180.169.147.146 - - [02/Jun/2021:09:29:27 +0800] "GET /xingrg/check_reg.html?_=1622597364776 HTTP/1.1" 200 22
180.169.147.146 - - [02/Jun/2021:09:29:27 +0800] "GET /xingrg/all/function/internal_message.html?_=1622597364776&CODE_STATE=count HTTP/1.1" 200 11
116.224.253.72 - - [02/Jun/2021:09:29:28 +0800] "GET /xingrg/kc/buy/cgsh_order_operate.html?command=get_materiel&rest_code=00150&code=00101006184&supplier_code=00100096&order_time=2021-06-02 HTTP/1.1" 200 410
180.169.147.146 - - [02/Jun/2021:09:29:31 +0800] "GET /xingrg/kc/mdqp/pssh_order_list.html HTTP/1.1" 200 17615
180.169.147.146 - - [02/Jun/2021:09:29:31 +0800] "POST /xingrg/kc/mdqp/pssh_list_operate.html HTTP/1.1" 200 5091
180.169.147.146 - - [02/Jun/2021:09:29:32 +0800] "GET /xingrg/kc/mdqp/qqps_order_list.html HTTP/1.1" 200 9642
180.169.147.146 - - [02/Jun/2021:09:29:32 +0800] "GET /xingrg/dwr/interface/AjaxReportQueryService.js HTTP/1.1" 200 13203
180.169.147.146 - - [02/Jun/2021:09:29:32 +0800] "GET /xingrg/dwr/interface/AjaxQqpsService.js HTTP/1.1" 200 16326
180.169.147.146 - - [02/Jun/2021:09:29:32 +0800] "GET /xingrg/dwr/engine.js HTTP/1.1" 200 43631
180.169.147.146 - - [02/Jun/2021:09:29:32 +0800] "GET /xingrg/dwr/util.js HTTP/1.1" 200 35990
116.230.110.80 - - [02/Jun/2021:09:29:33 +0800] "GET /xingrg/all/function/internal_message.html?_=1622597371408&CODE_STATE=getMsg HTTP/1.1" 302 -
116.224.253.72 - - [02/Jun/2021:09:29:34 +0800] "GET /xingrg/kc/buy/cgsh_order_operate.html?command=get_materiel&rest_code=00150&code=00101008360&supplier_code=00100007&order_time=2021-06-02 HTTP/1.1" 200 412
116.235.222.38 - - [02/Jun/2021:09:29:34 +0800] "GET /xingrg/all/function/internal_message.html?_=1622597370259&CODE_STATE=getMsg HTTP/1.1" 200 27
116.224.253.72 - - [02/Jun/2021:09:29:35 +0800] "GET /xingrg/all/function/internal_message.html?_=1622597374367&CODE_STATE=getMsg HTTP/1.1" 200 27
180.169.147.146 - - [02/Jun/2021:09:29:35 +0800] "GET /xingrg/kc/mdqp/qqps_order_info.html?code=302021060100022 HTTP/1.1" 200 28079
180.169.147.146 - - [02/Jun/2021:09:29:35 +0800] "GET /xingrg/dwr/interface/AjaxQqpsService.js HTTP/1.1" 200 16326
180.169.147.146 - - [02/Jun/2021:09:29:35 +0800] "GET /xingrg/dwr/interface/AjaxComOrderService.js HTTP/1.1" 200 18264
180.169.147.146 - - [02/Jun/2021:09:29:35 +0800] "GET /xingrg/dwr/engine.js HTTP/1.1" 200 43631
180.169.147.146 - - [02/Jun/2021:09:29:36 +0800] "GET /xingrg/words/20210601124702_words.js HTTP/1.1" 304 -
116.224.253.72 - - [02/Jun/2021:09:29:36 +0800] "GET /xingrg/kc/buy/cgsh_order_operate.html?command=get_materiel&rest_code=00150&code=00101006111&supplier_code=00100096&order_time=2021-06-02 HTTP/1.1" 200 409
58.221.95.50 - - [02/Jun/2021:09:29:37 +0800] "GET /xingrg/check_reg.html?_=1622597378213 HTTP/1.1" 302 -
180.169.147.146 - - [02/Jun/2021:09:29:37 +0800] "POST /xingrg/dwr/call/plaincall/AjaxQqpsService.loadMaterielItems.dwr HTTP/1.1" 200 354
114.83.217.160 - - [02/Jun/2021:09:29:40 +0800] "GET /xingrg/all/function/internal_message.html?_=1622597380613&CODE_STATE=getMsg HTTP/1.1" 200 27
116.224.253.72 - - [02/Jun/2021:09:29:42 +0800] "GET /xingrg/kc/buy/cgsh_order_operate.html?command=get_materiel&rest_code=00150&code=00101008270&supplier_code=00100007&order_time=2021-06-02 HTTP/1.1" 200 412
58.40.7.146 - - [02/Jun/2021:09:29:44 +0800] "GET /xingrg/all/function/internal_message.html?_=1622597383831&CODE_STATE=getMsg HTTP/1.1" 302 -
116.235.222.38 - - [02/Jun/2021:09:29:44 +0800] "GET /xingrg/kc/buy/cgsh_order_operate.html?command=get_materiel&rest_code=00107&code=00101008224&supplier_code=00100006&order_time=2021-06-02 HTTP/1.1" 200 416
222.70.177.128 - - [02/Jun/2021:09:29:44 +0800] "GET /xingrg/all/function/internal_message.html?_=1622597383110&CODE_STATE=getMsg HTTP/1.1" 302 -
61.165.42.208 - - [02/Jun/2021:09:29:45 +0800] "GET /xingrg/all/function/internal_message.html?_=1622597386204&CODE_STATE=getMsg HTTP/1.1" 200 27
116.224.253.72 - - [02/Jun/2021:09:29:45 +0800] "GET /xingrg/all/function/internal_message.html?_=1622597390877&CODE_STATE=getMsg HTTP/1.1" 200 27
58.40.7.146 - - [02/Jun/2021:09:29:47 +0800] "GET /xingrg/all/function/internal_message.html?_=1622597387009&CODE_STATE=getMsg HTTP/1.1" 302 -
180.169.147.146 - - [02/Jun/2021:09:29:57 +0800] "GET /xingrg/all/function/internal_message.html?_=1622597398516&CODE_STATE=getMsg HTTP/1.1" 302 -
116.230.117.165 - - [02/Jun/2021:09:30:02 +0800] "POST /xingrg/kc/buy/cgsh_order_operate.html HTTP/1.1" 200 37
116.224.253.72 - - [02/Jun/2021:09:30:02 +0800] "POST /xingrg/kc/buy/cgsh_order_operate.html HTTP/1.1" 200 64
116.224.253.72 - - [02/Jun/2021:09:30:03 +0800] "GET /xingrg/kc/buy/cgsh_order_operate.html?command=get_materiel&rest_code=00150&code=00101007061&supplier_code=00100096&order_time=2021-06-02 HTTP/1.1" 200 409
58.40.7.146 - - [02/Jun/2021:09:30:06 +0800] "GET /xingrg/check_reg.html?_=1622597405879 HTTP/1.1" 302 -
114.83.217.160 - - [02/Jun/2021:09:30:09 +0800] "GET /favicon.ico HTTP/1.1" 404 -
116.224.253.72 - - [02/Jun/2021:09:30:11 +0800] "POST /xingrg/kc/buy/cgsh_order_operate.html HTTP/1.1" 200 37
58.40.7.146 - - [02/Jun/2021:09:30:11 +0800] "GET /xingrg/login.html HTTP/1.1" 200 7641
58.40.7.146 - - [02/Jun/2021:09:30:11 +0800] "GET /xingrg/images/blue/jxLogo.png HTTP/1.1" 200 6156
58.40.7.146 - - [02/Jun/2021:09:30:13 +0800] "GET /xingrg/images/blue/login_bg.png HTTP/1.1" 200 22101
58.40.7.146 - - [02/Jun/2021:09:30:13 +0800] "GET /xingrg/images/blue/hj.png HTTP/1.1" 200 1014
58.40.7.146 - - [02/Jun/2021:09:30:13 +0800] "GET /xingrg/images/blue/srbg.png HTTP/1.1" 200 138
116.224.253.72 - - [02/Jun/2021:09:30:13 +0800] "POST /xingrg/kc/buy/cgsh_order_operate.html HTTP/1.1" 200 13893
58.40.7.146 - - [02/Jun/2021:09:30:14 +0800] "GET /favicon.ico HTTP/1.1" 404 -
116.224.253.72 - - [02/Jun/2021:09:30:19 +0800] "POST /xingrg/kc/buy/cgsh_order_operate.html HTTP/1.1" 200 37
58.40.7.146 - - [02/Jun/2021:09:30:19 +0800] "POST /xingrg/login.do HTTP/1.1" 302 -
58.40.7.146 - - [02/Jun/2021:09:30:19 +0800] "GET /xingrg/javascript/jquery_easy_ui/themes/icon.css HTTP/1.1" 200 3949
58.40.7.146 - - [02/Jun/2021:09:30:19 +0800] "GET /xingrg/index.html?sysBaseUrl=http%3A%2F%2F180.169.147.146%3A18081%2Fxingrg%2F&costTime=1366×tamp=1622597419447 HTTP/1.1" 200 17419
58.40.7.146 - - [02/Jun/2021:09:30:19 +0800] "GET /xingrg/css/form.css HTTP/1.1" 200 893
58.40.7.146 - - [02/Jun/2021:09:30:19 +0800] "GET /xingrg/javascript/jquery-1.4.2.min.js HTTP/1.1" 200 72205
58.40.7.146 - - [02/Jun/2021:09:30:19 +0800] "GET /xingrg/javascript/jquery_easy_ui/jquery.easyui.min.js HTTP/1.1" 200 213662
58.40.7.146 - - [02/Jun/2021:09:30:19 +0800] "GET /xingrg/javascript/jquery.timers.js HTTP/1.1" 200 3532
58.40.7.146 - - [02/Jun/2021:09:30:19 +0800] "GET /xingrg/javascript/jquery_easy_ui/easyui-lang-zh_CN.js HTTP/1.1" 200 1900
58.40.7.146 - - [02/Jun/2021:09:30:19 +0800] "GET /xingrg/javascript/jquery_easy_ui/themes/default/easyui.css HTTP/1.1" 200 26500
58.40.7.146 - - [02/Jun/2021:09:30:19 +0800] "GET /xingrg/javascript/jquery.utils.js HTTP/1.1" 200 11805
58.40.7.146 - - [02/Jun/2021:09:30:19 +0800] "GET /xingrg/javascript/jquery.form.js HTTP/1.1" 200 23110
58.40.7.146 - - [02/Jun/2021:09:30:19 +0800] "GET /favicon.ico HTTP/1.1" 404 -
58.40.7.146 - - [02/Jun/2021:09:30:19 +0800] "GET /xingrg/javascript/jquery_easy_ui/themes/icons/settle_new.png HTTP/1.1" 200 826
58.40.7.146 - - [02/Jun/2021:09:30:19 +0800] "GET /xingrg/images/blue/navBackgound.jpg HTTP/1.1" 200 12378
58.40.7.146 - - [02/Jun/2021:09:30:20 +0800] "POST /xingrg/all/common/load_tree.html?tree=area_rest_tree_json&manage=1 HTTP/1.1" 200 476
58.40.7.146 - - [02/Jun/2021:09:30:20 +0800] "GET /xingrg/check_reg.html?_=1622597420105 HTTP/1.1" 200 22
58.40.7.146 - - [02/Jun/2021:09:30:20 +0800] "GET /xingrg/images/blue/pingpu.png HTTP/1.1" 200 231
58.40.7.146 - - [02/Jun/2021:09:30:20 +0800] "GET /xingrg/javascript/jquery_easy_ui/themes/default/images/tabs_leftarrow.png HTTP/1.1" 200 389
58.40.7.146 - - [02/Jun/2021:09:30:20 +0800] "GET /xingrg/javascript/jquery_easy_ui/themes/default/images/tabs_rightarrow.png HTTP/1.1" 200 395
58.40.7.146 - - [02/Jun/2021:09:30:20 +0800] "GET /xingrg/javascript/jquery_easy_ui/themes/default/images/panel_tool_expand.gif HTTP/1.1" 200 247
58.40.7.146 - - [02/Jun/2021:09:30:20 +0800] "GET /xingrg/javascript/jquery_easy_ui/themes/default/images/panel_tool_collapse.gif HTTP/1.1" 200 246
58.40.7.146 - - [02/Jun/2021:09:30:20 +0800] "GET /xingrg/all/function/internal_message.html?_=1622597420103&CODE_STATE=count HTTP/1.1" 200 11
58.40.7.146 - - [02/Jun/2021:09:30:20 +0800] "POST /xingrg/load_menu.html HTTP/1.1" 200 9959
58.40.7.146 - - [02/Jun/2021:09:30:20 +0800] "GET /xingrg/javascript/jquery_easy_ui/themes/default/images/tree_arrows.gif HTTP/1.1" 200 1043
58.40.7.146 - - [02/Jun/2021:09:30:20 +0800] "GET /xingrg/javascript/jquery_easy_ui/themes/default/images/tree_folder_open.gif HTTP/1.1" 200 956
58.40.7.146 - - [02/Jun/2021:09:30:20 +0800] "GET /xingrg/javascript/jquery_easy_ui/themes/icons/search_new.png HTTP/1.1" 200 586
58.40.7.146 - - [02/Jun/2021:09:30:20 +0800] "GET /xingrg/javascript/jquery_easy_ui/themes/default/images/tree_folder.gif HTTP/1.1" 200 952
58.40.7.146 - - [02/Jun/2021:09:30:20 +0800] "GET /xingrg/javascript/jquery_easy_ui/themes/icons/storage_new.png HTTP/1.1" 200 853
58.40.7.146 - - [02/Jun/2021:09:30:20 +0800] "GET /xingrg/javascript/jquery_easy_ui/themes/icons/checkout_new.png HTTP/1.1" 200 744
58.40.7.146 - - [02/Jun/2021:09:30:20 +0800] "GET /xingrg/javascript/jquery_easy_ui/themes/icons/forms_new.png HTTP/1.1" 200 350
58.40.7.146 - - [02/Jun/2021:09:30:20 +0800] "GET /xingrg/javascript/jquery_easy_ui/themes/icons/setting_new.png HTTP/1.1" 200 450
58.40.7.146 - - [02/Jun/2021:09:30:20 +0800] "GET /xingrg/javascript/jquery_easy_ui/themes/icons/systemset_new.png HTTP/1.1" 200 606
58.40.7.146 - - [02/Jun/2021:09:30:20 +0800] "GET /xingrg/javascript/jquery_easy_ui/themes/default/images/tree_file.gif HTTP/1.1" 200 118
116.224.253.72 - - [02/Jun/2021:09:30:21 +0800] "GET /xingrg/kc/buy/cgsh_order_operate.html?command=get_materiel&rest_code=00150&code=00101008069&supplier_code=00100007&order_time=2021-06-02 HTTP/1.1" 200 412
180.169.147.146 - - [02/Jun/2021:09:30:21 +0800] "GET /xingrg/all/function/internal_message.html?_=1622597422809&CODE_STATE=getMsg HTTP/1.1" 200 27
116.224.253.72 - - [02/Jun/2021:09:30:22 +0800] "POST /xingrg/kc/buy/cgsh_order_operate.html HTTP/1.1" 200 6782
180.169.147.146 - - [02/Jun/2021:09:30:22 +0800] "GET /xingrg/all/function/internal_message.html?_=1622597422166&CODE_STATE=getMsg HTTP/1.1" 302 -
58.40.7.146 - - [02/Jun/2021:09:30:23 +0800] "POST /xingrg/load_menu.html HTTP/1.1" 200 9242
120.253.135.82 - - [02/Jun/2021:09:30:24 +0800] "GET /xingrg/all/function/internal_message.html?_=1622597462457&CODE_STATE=getMsg HTTP/1.1" 302 -
58.40.7.146 - - [02/Jun/2021:09:30:25 +0800] "GET /xingrg/javascript/jquery_easy_ui/themes/default/images/tabs_close.gif HTTP/1.1" 200 829
58.40.7.146 - - [02/Jun/2021:09:30:25 +0800] "GET /xingrg/all/report/report_query.html?fileName=dma/new_5.0/yingye/order_list.xml HTTP/1.1" 200 55281
58.40.7.146 - - [02/Jun/2021:09:30:25 +0800] "GET /xingrg/javascript/multi_select/jqueryMultiSelect.css HTTP/1.1" 200 951
58.40.7.146 - - [02/Jun/2021:09:30:25 +0800] "GET /xingrg/css/blue.css HTTP/1.1" 200 15949
58.40.7.146 - - [02/Jun/2021:09:30:25 +0800] "GET /xingrg/javascript/calendar/timePicker.css HTTP/1.1" 200 523
58.40.7.146 - - [02/Jun/2021:09:30:25 +0800] "GET /xingrg/javascript/bigrid/fix.css HTTP/1.1" 200 1702
58.40.7.146 - - [02/Jun/2021:09:30:25 +0800] "GET /xingrg/javascript/pic_change.js HTTP/1.1" 200 4739
58.40.7.146 - - [02/Jun/2021:09:30:25 +0800] "GET /xingrg/dwr/interface/AjaxReportQueryService.js HTTP/1.1" 200 13203
58.40.7.146 - - [02/Jun/2021:09:30:25 +0800] "GET /xingrg/javascript/myfunction.js HTTP/1.1" 200 24559
58.40.7.146 - - [02/Jun/2021:09:30:25 +0800] "GET /xingrg/dwr/util.js HTTP/1.1" 200 35990
58.40.7.146 - - [02/Jun/2021:09:30:25 +0800] "GET /xingrg/dwr/engine.js HTTP/1.1" 200 43631
58.40.7.146 - - [02/Jun/2021:09:30:25 +0800] "GET /xingrg/javascript/calendar/jquery.timePicker.min.js HTTP/1.1" 200 2997
58.40.7.146 - - [02/Jun/2021:09:30:25 +0800] "GET /xingrg/javascript/bigrid/fix.js HTTP/1.1" 200 6439
58.40.7.146 - - [02/Jun/2021:09:30:25 +0800] "GET /xingrg/javascript/jqueryMultiSelect.js HTTP/1.1" 200 11866
58.40.7.146 - - [02/Jun/2021:09:30:25 +0800] "GET /xingrg/javascript/Calendar.js HTTP/1.1" 200 31561
58.40.7.146 - - [02/Jun/2021:09:30:25 +0800] "GET /xingrg/images/blue/button/advanceover.gif HTTP/1.1" 200 1347
58.40.7.146 - - [02/Jun/2021:09:30:25 +0800] "GET /xingrg/images/blue/button/advance2over.gif HTTP/1.1" 200 1336
58.40.7.146 - - [02/Jun/2021:09:30:25 +0800] "GET /xingrg/images/blue/button/back2over.gif HTTP/1.1" 200 1335
58.40.7.146 - - [02/Jun/2021:09:30:25 +0800] "GET /xingrg/images/control/loading.gif HTTP/1.1" 200 13463
58.40.7.146 - - [02/Jun/2021:09:30:25 +0800] "GET /xingrg/images/blue/button/backover.gif HTTP/1.1" 200 1348
58.40.7.146 - - [02/Jun/2021:09:30:25 +0800] "GET /xingrg/javascript/jquery_easy_ui/themes/icons/help.png HTTP/1.1" 200 1187
58.40.7.146 - - [02/Jun/2021:09:30:25 +0800] "GET /xingrg/javascript/jquery_easy_ui/themes/default/images/menu_downarrow.png HTTP/1.1" 200 173
58.40.7.146 - - [02/Jun/2021:09:30:25 +0800] "GET /xingrg/javascript/jquery_easy_ui/themes/default/images/button_a_bg.gif HTTP/1.1" 200 1194
58.40.7.146 - - [02/Jun/2021:09:30:25 +0800] "GET /xingrg/javascript/jquery_easy_ui/themes/default/images/menu.gif HTTP/1.1" 200 834
58.40.7.146 - - [02/Jun/2021:09:30:25 +0800] "GET /xingrg/javascript/jquery_easy_ui/themes/icons/print.png HTTP/1.1" 200 1057
58.40.7.146 - - [02/Jun/2021:09:30:25 +0800] "GET /xingrg/javascript/jquery_easy_ui/themes/icons/pencil.png HTTP/1.1" 200 713
58.40.7.146 - - [02/Jun/2021:09:30:25 +0800] "GET /xingrg/javascript/jquery_easy_ui/themes/default/images/menu_rightarrow.png HTTP/1.1" 200 3617
58.40.7.146 - - [02/Jun/2021:09:30:25 +0800] "POST /xingrg/dwr/call/plaincall/AjaxReportQueryService.getFixDate.dwr HTTP/1.1" 200 111
58.40.7.146 - - [02/Jun/2021:09:30:25 +0800] "GET /xingrg/javascript/jquery_easy_ui/themes/default/images/combo_arrow_dot.gif HTTP/1.1" 200 79
58.40.7.146 - - [02/Jun/2021:09:30:25 +0800] "POST /xingrg/all/common/load_tree.html?tree=area_station_tree_json&manage=1 HTTP/1.1" 200 468
58.40.7.146 - - [02/Jun/2021:09:30:25 +0800] "GET /xingrg/javascript/jquery_easy_ui/themes/default/images/tree_checkbox_0.gif HTTP/1.1" 200 168
58.40.7.146 - - [02/Jun/2021:09:30:25 +0800] "GET /xingrg/javascript/jquery_easy_ui/themes/icons/rest.png HTTP/1.1" 200 695
58.40.7.146 - - [02/Jun/2021:09:30:25 +0800] "POST /xingrg/dwr/call/plaincall/AjaxReportQueryService.getInitString.dwr HTTP/1.1" 200 76
58.40.7.146 - - [02/Jun/2021:09:30:26 +0800] "GET /xingrg/javascript/multi_select/dropdown.gif HTTP/1.1" 200 61
58.40.7.146 - - [02/Jun/2021:09:30:26 +0800] "GET /xingrg/javascript/jquery_easy_ui/themes/icons/area.png HTTP/1.1" 200 262
180.169.147.146 - - [02/Jun/2021:09:30:27 +0800] "POST /xingrg/dwr/call/plaincall/AjaxQqpsService.checkOrder.dwr HTTP/1.1" 200 78
58.40.7.146 - - [02/Jun/2021:09:30:27 +0800] "POST /xingrg/dwr/call/plaincall/AjaxReportQueryService.getFixDate.dwr HTTP/1.1" 200 111
116.224.253.72 - - [02/Jun/2021:09:30:28 +0800] "GET /xingrg/kc/buy/cgsh_order_operate.html?command=get_materiel&rest_code=00150&code=00101007049&supplier_code=00100096&order_time=2021-06-02 HTTP/1.1" 200 409
180.169.147.146 - - [02/Jun/2021:09:30:28 +0800] "GET /xingrg/kc/mdqp/qqps_order_info.html?code=302021060100022 HTTP/1.1" 200 26320
180.169.147.146 - - [02/Jun/2021:09:30:28 +0800] "GET /xingrg/dwr/interface/AjaxComOrderService.js HTTP/1.1" 200 18264
180.169.147.146 - - [02/Jun/2021:09:30:28 +0800] "GET /xingrg/dwr/interface/AjaxQqpsService.js HTTP/1.1" 200 16326
116.224.253.72 - - [02/Jun/2021:09:30:28 +0800] "GET /xingrg/kc/buy/cgsh_order_operate.html?command=get_materiel&rest_code=00150&code=00101008286&supplier_code=00100007&order_time=2021-06-02 HTTP/1.1" 200 408
180.169.147.146 - - [02/Jun/2021:09:30:28 +0800] "GET /xingrg/dwr/engine.js HTTP/1.1" 200 43631
180.169.147.146 - - [02/Jun/2021:09:30:29 +0800] "POST /xingrg/dwr/call/plaincall/AjaxQqpsService.loadMaterielItems.dwr HTTP/1.1" 200 354
58.40.7.146 - - [02/Jun/2021:09:30:30 +0800] "GET /xingrg/javascript/jquery_easy_ui/themes/default/images/tree_checkbox_1.gif HTTP/1.1" 200 174
58.40.7.146 - - [02/Jun/2021:09:30:30 +0800] "GET /xingrg/javascript/jquery_easy_ui/themes/default/images/tree_checkbox_2.gif HTTP/1.1" 200 181
58.40.7.146 - - [02/Jun/2021:09:30:30 +0800] "POST /xingrg/dwr/call/plaincall/AjaxReportQueryService.queryInitializeString.dwr HTTP/1.1" 200 279
180.169.147.146 - - [02/Jun/2021:09:30:31 +0800] "GET /xingrg/kc/mdqp/qqps_order_list.html?isBack=1 HTTP/1.1" 200 9231
180.169.147.146 - - [02/Jun/2021:09:30:31 +0800] "GET /xingrg/dwr/interface/AjaxQqpsService.js HTTP/1.1" 200 16326
180.169.147.146 - - [02/Jun/2021:09:30:31 +0800] "GET /xingrg/dwr/interface/AjaxReportQueryService.js HTTP/1.1" 200 13203
180.169.147.146 - - [02/Jun/2021:09:30:31 +0800] "GET /xingrg/dwr/engine.js HTTP/1.1" 200 43631
58.40.7.146 - - [02/Jun/2021:09:30:31 +0800] "POST /xingrg/dwr/call/plaincall/AjaxReportQueryService.refreshCache.dwr HTTP/1.1" 200 78
116.230.110.80 - - [02/Jun/2021:09:30:33 +0800] "GET /xingrg/all/function/internal_message.html?_=1622597431399&CODE_STATE=getMsg HTTP/1.1" 302 -
116.230.110.80 - - [02/Jun/2021:09:30:33 +0800] "GET /xingrg/check_reg.html?_=1622597431400 HTTP/1.1" 302 -
58.40.7.146 - - [02/Jun/2021:09:30:33 +0800] "POST /xingrg/all/report/load_report_page.html HTTP/1.1" 200 110190
58.40.7.146 - - [02/Jun/2021:09:30:34 +0800] "GET /xingrg/servlets/image?cache=0.7557363596892887&image=px HTTP/1.1" 200 807
116.235.222.38 - - [02/Jun/2021:09:30:34 +0800] "GET /xingrg/all/function/internal_message.html?_=1622597430315&CODE_STATE=getMsg HTTP/1.1" 200 27
116.224.253.72 - - [02/Jun/2021:09:30:35 +0800] "GET /xingrg/all/function/internal_message.html?_=1622597434373&CODE_STATE=getMsg HTTP/1.1" 200 27
116.224.253.72 - - [02/Jun/2021:09:30:37 +0800] "GET /xingrg/kc/buy/cgsh_order_operate.html?command=get_materiel&rest_code=00150&code=00101008296&supplier_code=00100007&order_time=2021-06-02 HTTP/1.1" 200 416
116.224.253.72 - - [02/Jun/2021:09:30:37 +0800] "GET /xingrg/kc/buy/cgsh_order_operate.html?command=get_materiel&rest_code=00150&code=00101007081&supplier_code=00100096&order_time=2021-06-02 HTTP/1.1" 200 415
114.83.217.160 - - [02/Jun/2021:09:30:40 +0800] "GET /xingrg/all/function/internal_message.html?_=1622597440598&CODE_STATE=getMsg HTTP/1.1" 200 27
116.235.222.38 - - [02/Jun/2021:09:30:41 +0800] "GET /xingrg/kc/buy/cgsh_order_operate.html?command=get_materiel&rest_code=00107&code=00101008185&supplier_code=00100006&order_time=2021-06-02 HTTP/1.1" 200 408
222.70.177.128 - - [02/Jun/2021:09:30:43 +0800] "GET /xingrg/check_reg.html?_=1622597443109 HTTP/1.1" 302 -
