222.70.177.128 - - [02/Jun/2021:09:42:43 +0800] "GET /xingrg/all/function/internal_message.html?_=1622598163127&CODE_STATE=getMsg HTTP/1.1" 302 -
116.224.253.72 - - [02/Jun/2021:09:42:44 +0800] "POST /xingrg/dwr/call/plaincall/AjaxYddbService.getRestBases.dwr HTTP/1.1" 200 1514
61.165.42.208 - - [02/Jun/2021:09:42:45 +0800] "GET /xingrg/all/function/internal_message.html?_=1622598166193&CODE_STATE=getMsg HTTP/1.1" 200 27
58.40.7.146 - - [02/Jun/2021:09:42:47 +0800] "GET /xingrg/all/function/internal_message.html?_=1622598167042&CODE_STATE=getMsg HTTP/1.1" 302 -
116.224.253.72 - - [02/Jun/2021:09:42:50 +0800] "POST /xingrg/kc/buy/cgsh_order_operate.html HTTP/1.1" 200 37
116.224.253.72 - - [02/Jun/2021:09:42:51 +0800] "POST /xingrg/dwr/call/plaincall/AjaxYddbService.saveOrder.dwr HTTP/1.1" 200 78
116.230.110.80 - - [02/Jun/2021:09:42:51 +0800] "GET /xingrg/kc/buy/cgsh_order_operate.html?command=get_materiel&rest_code=00155&code=00101008312&supplier_code=00100005&order_time=2021-06-02 HTTP/1.1" 200 412
116.224.253.72 - - [02/Jun/2021:09:42:52 +0800] "POST /xingrg/kc/buy/cgsh_order_operate.html HTTP/1.1" 200 3261
116.230.110.80 - - [02/Jun/2021:09:42:52 +0800] "POST /xingrg/kc/buy/cgsh_order_operate.html HTTP/1.1" 200 2065
116.224.253.72 - - [02/Jun/2021:09:42:54 +0800] "POST /xingrg/dwr/call/plaincall/AjaxComOrderService.getMaterielSearchList.dwr HTTP/1.1" 200 1949
116.224.253.72 - - [02/Jun/2021:09:42:56 +0800] "POST /xingrg/dwr/call/plaincall/AjaxYddbService.getMaterielByMap.dwr HTTP/1.1" 200 3758
116.230.110.80 - - [02/Jun/2021:09:42:56 +0800] "GET /xingrg/kc/buy/cgsh_order_operate.html?command=get_materiel&rest_code=00155&code=00101008095&supplier_code=00100005&order_time=2021-06-02 HTTP/1.1" 200 412
180.169.147.146 - - [02/Jun/2021:09:42:56 +0800] "POST /xingrg/dwr/call/plaincall/AjaxReportQueryService.refreshCache.dwr HTTP/1.1" 200 237
180.169.147.146 - - [02/Jun/2021:09:42:57 +0800] "GET /xingrg/all/function/internal_message.html?_=1622598178190&CODE_STATE=getMsg HTTP/1.1" 302 -
180.169.147.146 - - [02/Jun/2021:09:42:58 +0800] "GET /xingrg/check_reg.html?_=1622598179147 HTTP/1.1" 302 -
116.224.253.72 - - [02/Jun/2021:09:42:58 +0800] "POST /xingrg/dwr/call/plaincall/AjaxYddbService.getUnitPrice.dwr HTTP/1.1" 200 86
180.169.147.146 - - [02/Jun/2021:09:43:01 +0800] "GET /xingrg/logout.do HTTP/1.1" 302 -
180.169.147.146 - - [02/Jun/2021:09:43:01 +0800] "GET /xingrg/login.html HTTP/1.1" 200 7641
180.169.147.146 - - [02/Jun/2021:09:43:02 +0800] "GET /favicon.ico HTTP/1.1" 404 -
116.230.110.80 - - [02/Jun/2021:09:43:02 +0800] "GET /xingrg/kc/buy/cgsh_order_operate.html?command=get_materiel&rest_code=00155&code=00101008283&supplier_code=00100005&order_time=2021-06-02 HTTP/1.1" 200 408
116.224.253.72 - - [02/Jun/2021:09:43:02 +0800] "POST /xingrg/dwr/call/plaincall/AjaxYddbService.saveMaterielItem.dwr HTTP/1.1" 200 78
180.169.147.146 - - [02/Jun/2021:09:43:05 +0800] "POST /xingrg/login.do HTTP/1.1" 302 -
116.230.110.80 - - [02/Jun/2021:09:43:06 +0800] "GET /xingrg/all/function/internal_message.html?_=1622598183884&CODE_STATE=getMsg HTTP/1.1" 200 27
116.230.117.165 - - [02/Jun/2021:09:43:06 +0800] "GET /xingrg/all/function/internal_message.html?_=1622598195457&CODE_STATE=getMsg HTTP/1.1" 200 27
180.169.147.146 - - [02/Jun/2021:09:43:07 +0800] "POST /xingrg/login.do HTTP/1.1" 302 -
180.169.147.146 - - [02/Jun/2021:09:43:07 +0800] "GET /xingrg/index.html?sysBaseUrl=http%3A%2F%2F180.169.147.146%3A18081%2Fxingrg%2F&costTime=3103×tamp=1622598187107 HTTP/1.1" 200 17503
180.169.147.146 - - [02/Jun/2021:09:43:07 +0800] "GET /favicon.ico HTTP/1.1" 404 -
116.235.222.38 - - [02/Jun/2021:09:43:07 +0800] "GET /xingrg/kc/buy/cgsh_order_operate.html?command=get_materiel&rest_code=00107&code=00101012029&supplier_code=00100033&order_time=2021-06-02 HTTP/1.1" 200 412
180.169.147.146 - - [02/Jun/2021:09:43:07 +0800] "GET /xingrg/check_reg.html?_=1622598187257 HTTP/1.1" 200 22
180.169.147.146 - - [02/Jun/2021:09:43:07 +0800] "GET /xingrg/all/function/internal_message.html?_=1622598187227&CODE_STATE=count HTTP/1.1" 200 11
116.230.110.80 - - [02/Jun/2021:09:43:07 +0800] "GET /xingrg/kc/buy/cgsh_order_operate.html?command=get_materiel&rest_code=00155&code=00101008149&supplier_code=00100005&order_time=2021-06-02 HTTP/1.1" 200 408
180.169.147.146 - - [02/Jun/2021:09:43:08 +0800] "POST /xingrg/all/common/load_tree.html?tree=area_rest_tree_json&manage=1 HTTP/1.1" 200 3466
180.169.147.146 - - [02/Jun/2021:09:43:08 +0800] "POST /xingrg/load_menu.html HTTP/1.1" 200 11443
116.224.253.72 - - [02/Jun/2021:09:43:09 +0800] "POST /xingrg/dwr/call/plaincall/AjaxYddbService.checkOrder.dwr HTTP/1.1" 200 78
116.224.253.72 - - [02/Jun/2021:09:43:11 +0800] "GET /xingrg/kc/base/yddb_order_info.html?code=482021060200002 HTTP/1.1" 200 29458
116.224.253.72 - - [02/Jun/2021:09:43:11 +0800] "GET /xingrg/dwr/interface/AjaxComOrderService.js HTTP/1.1" 200 18264
116.224.253.72 - - [02/Jun/2021:09:43:11 +0800] "GET /xingrg/dwr/interface/AjaxYddbService.js HTTP/1.1" 200 13201
116.224.253.72 - - [02/Jun/2021:09:43:11 +0800] "GET /xingrg/dwr/engine.js HTTP/1.1" 200 43631
116.224.253.72 - - [02/Jun/2021:09:43:12 +0800] "POST /xingrg/dwr/call/plaincall/AjaxYddbService.loadMaterielItems.dwr HTTP/1.1" 200 452
116.224.253.72 - - [02/Jun/2021:09:43:15 +0800] "GET /xingrg/kc/base/yddb_order_add.html HTTP/1.1" 200 29829
116.224.253.72 - - [02/Jun/2021:09:43:15 +0800] "GET /xingrg/dwr/interface/AjaxComOrderService.js HTTP/1.1" 200 18264
116.224.253.72 - - [02/Jun/2021:09:43:15 +0800] "GET /xingrg/dwr/interface/AjaxYddbService.js HTTP/1.1" 200 13201
116.224.253.72 - - [02/Jun/2021:09:43:15 +0800] "GET /xingrg/dwr/engine.js HTTP/1.1" 200 43631
180.169.147.146 - - [02/Jun/2021:09:43:15 +0800] "GET /xingrg/kc/report/report_main.html HTTP/1.1" 200 9370
180.169.147.146 - - [02/Jun/2021:09:43:17 +0800] "GET /xingrg/all/report/report_query.html?fileName=kc/buy/gys_amount_base_rest.xml HTTP/1.1" 200 51664
180.169.147.146 - - [02/Jun/2021:09:43:17 +0800] "GET /xingrg/dwr/interface/AjaxReportQueryService.js HTTP/1.1" 200 13203
180.169.147.146 - - [02/Jun/2021:09:43:17 +0800] "GET /xingrg/dwr/engine.js HTTP/1.1" 200 43631
116.235.222.38 - - [02/Jun/2021:09:43:17 +0800] "GET /xingrg/kc/buy/cgsh_order_operate.html?command=get_materiel&rest_code=00107&code=00101016051&supplier_code=00100033&order_time=2021-06-02 HTTP/1.1" 200 408
180.169.147.146 - - [02/Jun/2021:09:43:17 +0800] "POST /xingrg/dwr/call/plaincall/AjaxReportQueryService.getFixDate.dwr HTTP/1.1" 200 111
180.169.147.146 - - [02/Jun/2021:09:43:17 +0800] "POST /xingrg/all/common/load_tree.html?tree=area_rest_tree_json&manage=1 HTTP/1.1" 200 3466
116.224.253.72 - - [02/Jun/2021:09:43:18 +0800] "POST /xingrg/dwr/call/plaincall/AjaxYddbService.getRestBases.dwr HTTP/1.1" 200 1514
180.169.147.146 - - [02/Jun/2021:09:43:18 +0800] "POST /xingrg/all/common/load_tree.html?tree=supplier_tree_json&manage=1 HTTP/1.1" 200 56644
180.169.147.146 - - [02/Jun/2021:09:43:21 +0800] "POST /xingrg/dwr/call/plaincall/AjaxReportQueryService.getFixDate.dwr HTTP/1.1" 200 111
180.169.147.146 - - [02/Jun/2021:09:43:21 +0800] "GET /xingrg/all/function/internal_message.html?_=1622598202985&CODE_STATE=getMsg HTTP/1.1" 200 27
116.224.253.72 - - [02/Jun/2021:09:43:23 +0800] "POST /xingrg/dwr/call/plaincall/AjaxYddbService.saveOrder.dwr HTTP/1.1" 200 78
120.253.135.82 - - [02/Jun/2021:09:43:25 +0800] "GET /xingrg/all/function/internal_message.html?_=1622598242658&CODE_STATE=getMsg HTTP/1.1" 302 -
116.235.222.38 - - [02/Jun/2021:09:43:25 +0800] "GET /xingrg/kc/buy/cgsh_order_operate.html?command=get_materiel&rest_code=00107&code=00101010248&supplier_code=00100033&order_time=2021-06-02 HTTP/1.1" 200 430
116.230.110.80 - - [02/Jun/2021:09:43:26 +0800] "GET /xingrg/kc/buy/cgsh_order_operate.html?command=get_materiel&rest_code=00155&code=00101008331&supplier_code=00100005&order_time=2021-06-02 HTTP/1.1" 200 416
116.224.253.72 - - [02/Jun/2021:09:43:27 +0800] "POST /xingrg/dwr/call/plaincall/AjaxComOrderService.getMaterielSearchList.dwr HTTP/1.1" 200 18967
116.224.253.72 - - [02/Jun/2021:09:43:27 +0800] "GET /xingrg/check_reg.html?_=1622598206481 HTTP/1.1" 200 22
116.224.253.72 - - [02/Jun/2021:09:43:27 +0800] "GET /xingrg/all/function/internal_message.html?_=1622598206483&CODE_STATE=getMsg HTTP/1.1" 200 27
116.224.253.72 - - [02/Jun/2021:09:43:29 +0800] "POST /xingrg/dwr/call/plaincall/AjaxYddbService.getMaterielByMap.dwr HTTP/1.1" 200 3656
116.230.110.80 - - [02/Jun/2021:09:43:33 +0800] "GET /xingrg/kc/buy/cgsh_order_operate.html?command=get_materiel&rest_code=00155&code=00101008114&supplier_code=00100005&order_time=2021-06-02 HTTP/1.1" 200 412
116.224.253.72 - - [02/Jun/2021:09:43:34 +0800] "POST /xingrg/dwr/call/plaincall/AjaxYddbService.saveMaterielItem.dwr HTTP/1.1" 200 78
116.235.222.38 - - [02/Jun/2021:09:43:35 +0800] "GET /xingrg/check_reg.html?_=1622598210977 HTTP/1.1" 200 22
116.235.222.38 - - [02/Jun/2021:09:43:35 +0800] "GET /xingrg/all/function/internal_message.html?_=1622598210984&CODE_STATE=getMsg HTTP/1.1" 200 27
116.230.110.80 - - [02/Jun/2021:09:43:35 +0800] "POST /xingrg/kc/buy/cgsh_order_operate.html HTTP/1.1" 200 2065
116.235.222.38 - - [02/Jun/2021:09:43:37 +0800] "GET /xingrg/kc/buy/cgsh_order_operate.html?command=get_materiel&rest_code=00107&code=00101012059&supplier_code=00100033&order_time=2021-06-02 HTTP/1.1" 200 412
116.224.253.72 - - [02/Jun/2021:09:43:38 +0800] "GET /xingrg/all/function/internal_message.html?_=1622598223329&CODE_STATE=getMsg HTTP/1.1" 200 27
116.230.110.80 - - [02/Jun/2021:09:43:39 +0800] "GET /xingrg/kc/buy/cgsh_order_operate.html?command=get_materiel&rest_code=00155&code=00101008186&supplier_code=00100005&order_time=2021-06-02 HTTP/1.1" 200 408
114.83.217.160 - - [02/Jun/2021:09:43:40 +0800] "GET /xingrg/all/function/internal_message.html?_=1622598220379&CODE_STATE=getMsg HTTP/1.1" 200 27
180.169.147.146 - - [02/Jun/2021:09:43:43 +0800] "POST /xingrg/dwr/call/plaincall/AjaxReportQueryService.refreshCache.dwr HTTP/1.1" 200 78
58.40.7.146 - - [02/Jun/2021:09:43:43 +0800] "GET /xingrg/all/function/internal_message.html?_=1622598223511&CODE_STATE=getMsg HTTP/1.1" 302 -
222.70.177.128 - - [02/Jun/2021:09:43:43 +0800] "GET /xingrg/all/function/internal_message.html?_=1622598223121&CODE_STATE=getMsg HTTP/1.1" 302 -
61.165.42.208 - - [02/Jun/2021:09:43:45 +0800] "GET /xingrg/check_reg.html?_=1622598226192 HTTP/1.1" 200 22
61.165.42.208 - - [02/Jun/2021:09:43:45 +0800] "GET /xingrg/all/function/internal_message.html?_=1622598226196&CODE_STATE=getMsg HTTP/1.1" 200 27
58.40.7.146 - - [02/Jun/2021:09:43:47 +0800] "GET /xingrg/check_reg.html?_=1622598227044 HTTP/1.1" 302 -
58.40.7.146 - - [02/Jun/2021:09:43:47 +0800] "GET /xingrg/all/function/internal_message.html?_=1622598227046&CODE_STATE=getMsg HTTP/1.1" 302 -
116.224.253.72 - - [02/Jun/2021:09:43:50 +0800] "POST /xingrg/dwr/call/plaincall/AjaxYddbService.checkOrder.dwr HTTP/1.1" 200 78
116.235.222.38 - - [02/Jun/2021:09:43:51 +0800] "POST /xingrg/kc/buy/cgsh_order_operate.html HTTP/1.1" 200 37
116.230.110.80 - - [02/Jun/2021:09:43:52 +0800] "GET /xingrg/kc/buy/cgsh_order_operate.html?command=get_materiel&rest_code=00155&code=00101008223&supplier_code=00100005&order_time=2021-06-02 HTTP/1.1" 200 412
116.224.253.72 - - [02/Jun/2021:09:43:53 +0800] "GET /xingrg/kc/base/yddb_order_info.html?code=482021060200003 HTTP/1.1" 200 29459
116.224.253.72 - - [02/Jun/2021:09:43:53 +0800] "GET /xingrg/dwr/interface/AjaxComOrderService.js HTTP/1.1" 200 18264
116.224.253.72 - - [02/Jun/2021:09:43:53 +0800] "GET /xingrg/dwr/interface/AjaxYddbService.js HTTP/1.1" 200 13201
116.224.253.72 - - [02/Jun/2021:09:43:53 +0800] "GET /xingrg/dwr/engine.js HTTP/1.1" 200 43631
116.224.253.72 - - [02/Jun/2021:09:43:54 +0800] "POST /xingrg/dwr/call/plaincall/AjaxYddbService.loadMaterielItems.dwr HTTP/1.1" 200 389
180.169.147.146 - - [02/Jun/2021:09:43:55 +0800] "POST /xingrg/all/report/load_report_page.html HTTP/1.1" 200 390136
180.169.147.146 - - [02/Jun/2021:09:43:55 +0800] "GET /xingrg/servlets/image?cache=0.04752086070113992&image=px HTTP/1.1" 200 807
116.224.253.72 - - [02/Jun/2021:09:43:57 +0800] "GET /xingrg/kc/base/yddb_order_add.html HTTP/1.1" 200 29829
116.224.253.72 - - [02/Jun/2021:09:43:57 +0800] "GET /xingrg/dwr/interface/AjaxComOrderService.js HTTP/1.1" 200 18264
116.224.253.72 - - [02/Jun/2021:09:43:57 +0800] "GET /xingrg/dwr/interface/AjaxYddbService.js HTTP/1.1" 200 13201
116.224.253.72 - - [02/Jun/2021:09:43:57 +0800] "GET /xingrg/dwr/engine.js HTTP/1.1" 200 43631
180.169.147.146 - - [02/Jun/2021:09:43:57 +0800] "GET /xingrg/all/function/internal_message.html?_=1622598238165&CODE_STATE=getMsg HTTP/1.1" 302 -
116.230.110.80 - - [02/Jun/2021:09:43:58 +0800] "GET /xingrg/kc/buy/cgsh_order_operate.html?command=get_materiel&rest_code=00155&code=00101008168&supplier_code=00100005&order_time=2021-06-02 HTTP/1.1" 200 413
116.224.253.72 - - [02/Jun/2021:09:43:59 +0800] "POST /xingrg/dwr/call/plaincall/AjaxYddbService.getRestBases.dwr HTTP/1.1" 200 1514
116.224.253.72 - - [02/Jun/2021:09:44:00 +0800] "POST /xingrg/kc/buy/cgsh_list_operate.html HTTP/1.1" 200 2088
116.224.253.72 - - [02/Jun/2021:09:44:02 +0800] "POST /xingrg/kc/buy/cgsh_list_operate.html HTTP/1.1" 200 558
116.235.222.38 - - [02/Jun/2021:09:44:03 +0800] "POST /xingrg/kc/buy/cgsh_order_operate.html HTTP/1.1" 200 6213
116.224.253.72 - - [02/Jun/2021:09:44:03 +0800] "GET /xingrg/kc/buy/cgsh_order_info.html?code=212021060200497 HTTP/1.1" 200 61969
116.224.253.72 - - [02/Jun/2021:09:44:04 +0800] "GET /xingrg/javascript/easyui/themes/default/validatebox.css HTTP/1.1" 404 1104
116.224.253.72 - - [02/Jun/2021:09:44:04 +0800] "POST /xingrg/kc/buy/cgsh_order_operate.html HTTP/1.1" 200 26540
116.230.110.80 - - [02/Jun/2021:09:44:06 +0800] "GET /xingrg/all/function/internal_message.html?_=1622598243883&CODE_STATE=getMsg HTTP/1.1" 200 27
116.230.117.165 - - [02/Jun/2021:09:44:06 +0800] "GET /xingrg/all/function/internal_message.html?_=1622598255470&CODE_STATE=getMsg HTTP/1.1" 200 27
116.235.222.38 - - [02/Jun/2021:09:44:06 +0800] "GET /xingrg/kc/print/load_data.html?order_code=212021060200500&kc_code=cgsh&condition= HTTP/1.1" 200 2063
116.230.110.80 - - [02/Jun/2021:09:44:07 +0800] "GET /xingrg/kc/buy/cgsh_order_operate.html?command=get_materiel&rest_code=00155&code=00101008125&supplier_code=00100005&order_time=2021-06-02 HTTP/1.1" 200 413
116.224.253.72 - - [02/Jun/2021:09:44:07 +0800] "POST /xingrg/dwr/call/plaincall/AjaxYddbService.saveOrder.dwr HTTP/1.1" 200 78
180.169.147.146 - - [02/Jun/2021:09:44:07 +0800] "GET /xingrg/all/function/internal_message.html?_=1622598247268&CODE_STATE=getMsg HTTP/1.1" 200 27
180.169.147.146 - - [02/Jun/2021:09:44:08 +0800] "POST /xingrg/all/report/report_print.html HTTP/1.1" 200 60996
116.230.110.80 - - [02/Jun/2021:09:44:10 +0800] "POST /xingrg/kc/buy/cgsh_order_operate.html HTTP/1.1" 200 2065
116.224.253.72 - - [02/Jun/2021:09:44:11 +0800] "POST /xingrg/dwr/call/plaincall/AjaxComOrderService.getMaterielSearchList.dwr HTTP/1.1" 200 22526
116.224.253.72 - - [02/Jun/2021:09:44:11 +0800] "POST /xingrg/dwr/call/plaincall/AjaxComOrderService.getMaterielSearchList.dwr HTTP/1.1" 200 591
116.224.253.72 - - [02/Jun/2021:09:44:14 +0800] "POST /xingrg/dwr/call/plaincall/AjaxYddbService.getMaterielByMap.dwr HTTP/1.1" 200 3753
116.230.110.80 - - [02/Jun/2021:09:44:15 +0800] "GET /xingrg/kc/buy/cgsh_order_operate.html?command=get_materiel&rest_code=00155&code=00101008350&supplier_code=00100005&order_time=2021-06-02 HTTP/1.1" 200 408
116.224.253.72 - - [02/Jun/2021:09:44:17 +0800] "POST /xingrg/dwr/call/plaincall/AjaxYddbService.getUnitPrice.dwr HTTP/1.1" 200 86
116.224.253.72 - - [02/Jun/2021:09:44:20 +0800] "POST /xingrg/dwr/call/plaincall/AjaxYddbService.saveMaterielItem.dwr HTTP/1.1" 200 78
101.93.222.235 - - [02/Jun/2021:09:44:20 +0800] "POST /xingrg/services/DataTransmitService HTTP/1.1" 200 524
101.93.222.235 - - [02/Jun/2021:09:44:21 +0800] "POST /xingrg/services/DataTransmitService HTTP/1.1" 200 2075
180.169.147.146 - - [02/Jun/2021:09:44:21 +0800] "GET /xingrg/all/function/internal_message.html?_=1622598262999&CODE_STATE=getMsg HTTP/1.1" 200 27
101.93.222.235 - - [02/Jun/2021:09:44:22 +0800] "POST /xingrg/services/DataTransmitService HTTP/1.1" 200 152444
116.230.110.80 - - [02/Jun/2021:09:44:22 +0800] "GET /xingrg/kc/buy/cgsh_order_operate.html?command=get_materiel&rest_code=00155&code=00101008036&supplier_code=00100005&order_time=2021-06-02 HTTP/1.1" 200 408
101.93.222.235 - - [02/Jun/2021:09:44:22 +0800] "POST /xingrg/services/DataTransmitService HTTP/1.1" 200 524
101.93.222.235 - - [02/Jun/2021:09:44:22 +0800] "POST /xingrg/services/DataTransmitService HTTP/1.1" 200 497
116.224.253.72 - - [02/Jun/2021:09:44:23 +0800] "POST /xingrg/dwr/call/plaincall/AjaxComOrderService.getMaterielSearchList.dwr HTTP/1.1" 200 24413
116.224.253.72 - - [02/Jun/2021:09:44:24 +0800] "POST /xingrg/dwr/call/plaincall/AjaxComOrderService.getMaterielSearchList.dwr HTTP/1.1" 200 1575
120.253.135.82 - - [02/Jun/2021:09:44:25 +0800] "GET /xingrg/all/function/internal_message.html?_=1622598302662&CODE_STATE=getMsg HTTP/1.1" 302 -
116.224.253.72 - - [02/Jun/2021:09:44:26 +0800] "POST /xingrg/dwr/call/plaincall/AjaxYddbService.getMaterielByMap.dwr HTTP/1.1" 200 3757
116.224.253.72 - - [02/Jun/2021:09:44:27 +0800] "GET /xingrg/all/function/internal_message.html?_=1622598266479&CODE_STATE=getMsg HTTP/1.1" 200 27
180.169.147.146 - - [02/Jun/2021:09:44:27 +0800] "GET /xingrg/check_reg.html?_=1622598264834 HTTP/1.1" 200 22
116.230.110.80 - - [02/Jun/2021:09:44:28 +0800] "GET /xingrg/kc/buy/cgsh_order_operate.html?command=get_materiel&rest_code=00155&code=00101008356&supplier_code=00100005&order_time=2021-06-02 HTTP/1.1" 200 408
116.224.253.72 - - [02/Jun/2021:09:44:33 +0800] "POST /xingrg/dwr/call/plaincall/AjaxYddbService.saveMaterielItem.dwr HTTP/1.1" 200 79
116.235.222.38 - - [02/Jun/2021:09:44:35 +0800] "GET /xingrg/all/function/internal_message.html?_=1622598270970&CODE_STATE=getMsg HTTP/1.1" 200 27
116.230.110.80 - - [02/Jun/2021:09:44:37 +0800] "GET /xingrg/kc/buy/cgsh_order_operate.html?command=get_materiel&rest_code=00155&code=00101008096&supplier_code=00100005&order_time=2021-06-02 HTTP/1.1" 200 412
58.221.95.50 - - [02/Jun/2021:09:44:37 +0800] "GET /xingrg/check_reg.html?_=1622598278238 HTTP/1.1" 302 -
116.224.253.72 - - [02/Jun/2021:09:44:37 +0800] "POST /xingrg/dwr/call/plaincall/AjaxComOrderService.getMaterielSearchList.dwr HTTP/1.1" 200 13230
116.224.253.72 - - [02/Jun/2021:09:44:38 +0800] "GET /xingrg/check_reg.html?_=1622598283140 HTTP/1.1" 200 22
116.224.253.72 - - [02/Jun/2021:09:44:38 +0800] "GET /xingrg/all/function/internal_message.html?_=1622598283456&CODE_STATE=getMsg HTTP/1.1" 200 27
116.224.253.72 - - [02/Jun/2021:09:44:38 +0800] "POST /xingrg/dwr/call/plaincall/AjaxComOrderService.getMaterielSearchList.dwr HTTP/1.1" 200 298
116.224.253.72 - - [02/Jun/2021:09:44:40 +0800] "POST /xingrg/dwr/call/plaincall/AjaxYddbService.getMaterielByMap.dwr HTTP/1.1" 200 3727
114.83.217.160 - - [02/Jun/2021:09:44:40 +0800] "GET /xingrg/all/function/internal_message.html?_=1622598280363&CODE_STATE=getMsg HTTP/1.1" 200 27
116.224.253.72 - - [02/Jun/2021:09:44:41 +0800] "POST /xingrg/dwr/call/plaincall/AjaxYddbService.getUnitPrice.dwr HTTP/1.1" 200 88
58.40.7.146 - - [02/Jun/2021:09:44:43 +0800] "GET /xingrg/all/function/internal_message.html?_=1622598283499&CODE_STATE=getMsg HTTP/1.1" 302 -
222.70.177.128 - - [02/Jun/2021:09:44:43 +0800] "GET /xingrg/all/function/internal_message.html?_=1622598283130&CODE_STATE=getMsg HTTP/1.1" 302 -
116.224.253.72 - - [02/Jun/2021:09:44:44 +0800] "POST /xingrg/dwr/call/plaincall/AjaxYddbService.saveMaterielItem.dwr HTTP/1.1" 200 79
61.165.42.208 - - [02/Jun/2021:09:44:45 +0800] "GET /xingrg/all/function/internal_message.html?_=1622598286196&CODE_STATE=getMsg HTTP/1.1" 200 27
58.40.7.146 - - [02/Jun/2021:09:44:47 +0800] "GET /xingrg/all/function/internal_message.html?_=1622598287050&CODE_STATE=getMsg HTTP/1.1" 302 -
116.224.253.72 - - [02/Jun/2021:09:44:50 +0800] "POST /xingrg/dwr/call/plaincall/AjaxComOrderService.getMaterielSearchList.dwr HTTP/1.1" 200 506082
116.224.253.72 - - [02/Jun/2021:09:44:51 +0800] "POST /xingrg/dwr/call/plaincall/AjaxComOrderService.getMaterielSearchList.dwr HTTP/1.1" 200 1387
116.224.253.72 - - [02/Jun/2021:09:44:54 +0800] "POST /xingrg/dwr/call/plaincall/AjaxYddbService.getMaterielByMap.dwr HTTP/1.1" 200 3716
116.230.110.80 - - [02/Jun/2021:09:44:56 +0800] "POST /xingrg/kc/buy/cgsh_order_operate.html HTTP/1.1" 200 37
180.169.147.146 - - [02/Jun/2021:09:44:57 +0800] "GET /xingrg/all/function/internal_message.html?_=1622598298139&CODE_STATE=getMsg HTTP/1.1" 302 -
116.230.110.80 - - [02/Jun/2021:09:44:58 +0800] "POST /xingrg/kc/buy/cgsh_order_operate.html HTTP/1.1" 200 32834
116.224.253.72 - - [02/Jun/2021:09:45:00 +0800] "POST /xingrg/dwr/call/plaincall/AjaxYddbService.saveMaterielItem.dwr HTTP/1.1" 200 79
116.224.253.72 - - [02/Jun/2021:09:45:03 +0800] "POST /xingrg/dwr/call/plaincall/AjaxComOrderService.getMaterielSearchList.dwr HTTP/1.1" 200 11617
116.224.253.72 - - [02/Jun/2021:09:45:04 +0800] "POST /xingrg/dwr/call/plaincall/AjaxComOrderService.getMaterielSearchList.dwr HTTP/1.1" 200 1150
116.230.110.80 - - [02/Jun/2021:09:45:06 +0800] "GET /xingrg/all/function/internal_message.html?_=1622598303886&CODE_STATE=getMsg HTTP/1.1" 200 27
58.40.7.146 - - [02/Jun/2021:09:45:06 +0800] "GET /xingrg/check_reg.html?_=1622598305828 HTTP/1.1" 302 -
116.230.117.165 - - [02/Jun/2021:09:45:06 +0800] "GET /xingrg/check_reg.html?_=1622598315383 HTTP/1.1" 200 22
116.230.117.165 - - [02/Jun/2021:09:45:06 +0800] "GET /xingrg/all/function/internal_message.html?_=1622598315484&CODE_STATE=getMsg HTTP/1.1" 200 27
116.224.253.72 - - [02/Jun/2021:09:45:06 +0800] "POST /xingrg/dwr/call/plaincall/AjaxYddbService.getMaterielByMap.dwr HTTP/1.1" 200 3741
180.169.147.146 - - [02/Jun/2021:09:45:07 +0800] "GET /xingrg/all/function/internal_message.html?_=1622598307265&CODE_STATE=getMsg HTTP/1.1" 200 27
116.224.253.72 - - [02/Jun/2021:09:45:08 +0800] "POST /xingrg/dwr/call/plaincall/AjaxYddbService.saveMaterielItem.dwr HTTP/1.1" 200 79
116.224.253.72 - - [02/Jun/2021:09:45:11 +0800] "POST /xingrg/dwr/call/plaincall/AjaxComOrderService.getMaterielSearchList.dwr HTTP/1.1" 200 22449
116.224.253.72 - - [02/Jun/2021:09:45:12 +0800] "POST /xingrg/dwr/call/plaincall/AjaxComOrderService.getMaterielSearchList.dwr HTTP/1.1" 200 968
116.224.253.72 - - [02/Jun/2021:09:45:15 +0800] "POST /xingrg/dwr/call/plaincall/AjaxYddbService.getMaterielByMap.dwr HTTP/1.1" 200 3725
116.224.253.72 - - [02/Jun/2021:09:45:18 +0800] "POST /xingrg/dwr/call/plaincall/AjaxYddbService.saveMaterielItem.dwr HTTP/1.1" 200 79
180.169.147.146 - - [02/Jun/2021:09:45:21 +0800] "GET /xingrg/all/function/internal_message.html?_=1622598323018&CODE_STATE=getMsg HTTP/1.1" 200 27
120.253.135.82 - - [02/Jun/2021:09:45:25 +0800] "GET /xingrg/all/function/internal_message.html?_=1622598362687&CODE_STATE=getMsg HTTP/1.1" 302 -
116.224.253.72 - - [02/Jun/2021:09:45:26 +0800] "POST /xingrg/dwr/call/plaincall/AjaxYddbService.checkOrder.dwr HTTP/1.1" 200 79
116.224.253.72 - - [02/Jun/2021:09:45:28 +0800] "GET /xingrg/kc/base/yddb_order_info.html?code=482021060200004 HTTP/1.1" 200 29459
116.224.253.72 - - [02/Jun/2021:09:45:28 +0800] "GET /xingrg/dwr/interface/AjaxComOrderService.js HTTP/1.1" 200 18264
116.224.253.72 - - [02/Jun/2021:09:45:28 +0800] "GET /xingrg/dwr/interface/AjaxYddbService.js HTTP/1.1" 200 13201
116.224.253.72 - - [02/Jun/2021:09:45:28 +0800] "GET /xingrg/dwr/util.js HTTP/1.1" 304 -
116.224.253.72 - - [02/Jun/2021:09:45:28 +0800] "GET /xingrg/dwr/engine.js HTTP/1.1" 200 43631
116.224.253.72 - - [02/Jun/2021:09:45:29 +0800] "POST /xingrg/dwr/call/plaincall/AjaxYddbService.loadMaterielItems.dwr HTTP/1.1" 200 2280
116.224.253.72 - - [02/Jun/2021:09:45:33 +0800] "GET /xingrg/kc/buy/cgsh_order_list.html HTTP/1.1" 200 46574
101.93.222.235 - - [02/Jun/2021:09:45:34 +0800] "POST /xingrg/services/DataTransmitService HTTP/1.1" 200 524
116.235.222.38 - - [02/Jun/2021:09:45:35 +0800] "GET /xingrg/all/function/internal_message.html?_=1622598330963&CODE_STATE=getMsg HTTP/1.1" 200 27
116.224.253.72 - - [02/Jun/2021:09:45:35 +0800] "POST /xingrg/kc/buy/cgsh_list_operate.html HTTP/1.1" 200 1709
116.224.253.72 - - [02/Jun/2021:09:45:38 +0800] "GET /xingrg/all/function/internal_message.html?_=1622598343572&CODE_STATE=getMsg HTTP/1.1" 200 27
116.224.253.72 - - [02/Jun/2021:09:45:38 +0800] "GET /xingrg/kc/buy/cgsh_order_add.html HTTP/1.1" 200 62230
116.224.253.72 - - [02/Jun/2021:09:45:38 +0800] "POST /xingrg/kc/buy/cgsh_order_operate.html HTTP/1.1" 200 8245
116.224.253.72 - - [02/Jun/2021:09:45:39 +0800] "GET /xingrg/javascript/easyui/themes/default/validatebox.css HTTP/1.1" 404 1104
180.161.111.4 - - [02/Jun/2021:09:45:40 +0800] "GET /xingrg/check_reg.html?_=1622598301033 HTTP/1.1" 302 -
114.83.217.160 - - [02/Jun/2021:09:45:40 +0800] "GET /xingrg/all/function/internal_message.html?_=1622598340336&CODE_STATE=getMsg HTTP/1.1" 200 27
58.40.7.146 - - [02/Jun/2021:09:45:43 +0800] "GET /xingrg/all/function/internal_message.html?_=1622598343472&CODE_STATE=getMsg HTTP/1.1" 302 -
222.70.177.128 - - [02/Jun/2021:09:45:43 +0800] "GET /xingrg/check_reg.html?_=1622598343132 HTTP/1.1" 302 -
222.70.177.128 - - [02/Jun/2021:09:45:43 +0800] "GET /xingrg/all/function/internal_message.html?_=1622598343133&CODE_STATE=getMsg HTTP/1.1" 302 -
61.165.42.208 - - [02/Jun/2021:09:45:45 +0800] "GET /xingrg/all/function/internal_message.html?_=1622598346195&CODE_STATE=getMsg HTTP/1.1" 200 27
58.40.7.146 - - [02/Jun/2021:09:45:47 +0800] "GET /xingrg/all/function/internal_message.html?_=1622598347036&CODE_STATE=getMsg HTTP/1.1" 302 -
116.224.253.72 - - [02/Jun/2021:09:45:48 +0800] "POST /xingrg/kc/buy/cgsh_order_operate.html HTTP/1.1" 200 37
116.224.253.72 - - [02/Jun/2021:09:45:48 +0800] "GET /xingrg/kc/buy/cgsh_order_operate.html?command=get_materiel&rest_code=00150&code=00101009001&supplier_code=00100424&order_time=2021-06-02 HTTP/1.1" 200 416
116.224.253.72 - - [02/Jun/2021:09:45:49 +0800] "POST /xingrg/kc/buy/cgsh_order_operate.html HTTP/1.1" 200 26540
180.169.147.146 - - [02/Jun/2021:09:45:57 +0800] "GET /xingrg/all/function/internal_message.html?_=1622598358112&CODE_STATE=getMsg HTTP/1.1" 302 -
116.224.253.72 - - [02/Jun/2021:09:45:57 +0800] "GET /xingrg/kc/buy/cgsh_order_operate.html?command=get_materiel&rest_code=00150&code=00101009062&supplier_code=00100424&order_time=2021-06-02 HTTP/1.1" 200 412
116.224.253.72 - - [02/Jun/2021:09:46:03 +0800] "GET /xingrg/kc/buy/cgsh_order_operate.html?command=get_materiel&rest_code=00150&code=00101009011&supplier_code=00100424&order_time=2021-06-02 HTTP/1.1" 200 416
116.230.110.80 - - [02/Jun/2021:09:46:06 +0800] "GET /xingrg/check_reg.html?_=1622598363882 HTTP/1.1" 200 22
116.230.110.80 - - [02/Jun/2021:09:46:06 +0800] "GET /xingrg/all/function/internal_message.html?_=1622598363885&CODE_STATE=getMsg HTTP/1.1" 200 27
116.230.117.165 - - [02/Jun/2021:09:46:06 +0800] "GET /xingrg/all/function/internal_message.html?_=1622598375497&CODE_STATE=getMsg HTTP/1.1" 200 27
180.169.147.146 - - [02/Jun/2021:09:46:07 +0800] "GET /xingrg/all/function/internal_message.html?_=1622598367265&CODE_STATE=getMsg HTTP/1.1" 200 27
116.224.253.72 - - [02/Jun/2021:09:46:10 +0800] "GET /xingrg/kc/buy/cgsh_order_operate.html?command=get_materiel&rest_code=00150&code=00101009016&supplier_code=00100424&order_time=2021-06-02 HTTP/1.1" 200 412
116.224.253.72 - - [02/Jun/2021:09:46:15 +0800] "GET /xingrg/kc/buy/cgsh_order_operate.html?command=get_materiel&rest_code=00150&code=00101009007&supplier_code=00100424&order_time=2021-06-02 HTTP/1.1" 200 408
101.93.222.235 - - [02/Jun/2021:09:46:18 +0800] "POST /xingrg/services/DataTransmitService HTTP/1.1" 200 501
61.165.42.208 - - [02/Jun/2021:09:46:19 +0800] "POST /xingrg/services/DataTransmitService HTTP/1.1" 200 524
61.165.42.208 - - [02/Jun/2021:09:46:20 +0800] "POST /xingrg/services/DataTransmitService HTTP/1.1" 200 2235
61.165.42.208 - - [02/Jun/2021:09:46:20 +0800] "POST /xingrg/services/DataTransmitService HTTP/1.1" 200 2523
61.165.42.208 - - [02/Jun/2021:09:46:21 +0800] "POST /xingrg/services/DataTransmitService HTTP/1.1" 200 1451
180.169.147.146 - - [02/Jun/2021:09:46:21 +0800] "GET /xingrg/all/function/internal_message.html?_=1622598383026&CODE_STATE=getMsg HTTP/1.1" 200 27
61.165.42.208 - - [02/Jun/2021:09:46:22 +0800] "POST /xingrg/services/DataTransmitService HTTP/1.1" 200 140899
116.224.253.72 - - [02/Jun/2021:09:46:24 +0800] "GET /xingrg/kc/buy/cgsh_order_operate.html?command=get_materiel&rest_code=00150&code=00101009124&supplier_code=00100424&order_time=2021-06-02 HTTP/1.1" 200 402
120.253.135.82 - - [02/Jun/2021:09:46:25 +0800] "GET /xingrg/all/function/internal_message.html?_=1622598422689&CODE_STATE=getMsg HTTP/1.1" 302 -
116.235.222.38 - - [02/Jun/2021:09:46:26 +0800] "GET /xingrg/kc/buy/cgsh_order_info.html?code=212021060200493 HTTP/1.1" 200 62403
116.235.222.38 - - [02/Jun/2021:09:46:27 +0800] "GET /xingrg/javascript/easyui/themes/default/validatebox.css HTTP/1.1" 404 1104
116.224.253.72 - - [02/Jun/2021:09:46:27 +0800] "GET /xingrg/all/function/internal_message.html?_=1622598386539&CODE_STATE=getMsg HTTP/1.1" 200 27
116.235.222.38 - - [02/Jun/2021:09:46:27 +0800] "POST /xingrg/kc/buy/cgsh_order_operate.html HTTP/1.1" 200 26335
58.37.225.51 - - [02/Jun/2021:09:46:32 +0800] "GET /xingrg/check_reg.html?_=1622598338353 HTTP/1.1" 302 -
116.235.222.38 - - [02/Jun/2021:09:46:35 +0800] "GET /xingrg/all/function/internal_message.html?_=1622598390972&CODE_STATE=getMsg HTTP/1.1" 200 27
116.224.253.72 - - [02/Jun/2021:09:46:38 +0800] "GET /xingrg/all/function/internal_message.html?_=1622598403778&CODE_STATE=getMsg HTTP/1.1" 200 27
114.83.217.160 - - [02/Jun/2021:09:46:40 +0800] "GET /xingrg/all/function/internal_message.html?_=1622598400320&CODE_STATE=getMsg HTTP/1.1" 200 27
114.83.217.160 - - [02/Jun/2021:09:46:40 +0800] "GET /xingrg/check_reg.html?_=1622598400805 HTTP/1.1" 200 22
58.40.7.146 - - [02/Jun/2021:09:46:43 +0800] "GET /xingrg/all/function/internal_message.html?_=1622598403444&CODE_STATE=getMsg HTTP/1.1" 302 -
222.70.177.128 - - [02/Jun/2021:09:46:44 +0800] "GET /xingrg/all/function/internal_message.html?_=1622598403126&CODE_STATE=getMsg HTTP/1.1" 302 -
61.165.42.208 - - [02/Jun/2021:09:46:45 +0800] "GET /xingrg/all/function/internal_message.html?_=1622598406195&CODE_STATE=getMsg HTTP/1.1" 200 27
58.40.7.146 - - [02/Jun/2021:09:46:47 +0800] "GET /xingrg/all/function/internal_message.html?_=1622598407039&CODE_STATE=getMsg HTTP/1.1" 302 -
116.235.222.38 - - [02/Jun/2021:09:46:51 +0800] "GET /xingrg/kc/buy/cgsh_order_add.html HTTP/1.1" 200 62394
116.235.222.38 - - [02/Jun/2021:09:46:52 +0800] "GET /xingrg/javascript/easyui/themes/default/validatebox.css HTTP/1.1" 404 1104
116.235.222.38 - - [02/Jun/2021:09:46:52 +0800] "POST /xingrg/kc/buy/cgsh_order_operate.html HTTP/1.1" 200 8245
116.235.222.38 - - [02/Jun/2021:09:46:54 +0800] "GET /xingrg/javascript/easyui/themes/default/tree.css HTTP/1.1" 404 1090
116.235.222.38 - - [02/Jun/2021:09:46:54 +0800] "POST /xingrg/all/common/load_tree.html?tree=supplier_tree_json&isDelete=1 HTTP/1.1" 200 55787
180.169.147.146 - - [02/Jun/2021:09:46:57 +0800] "GET /xingrg/all/function/internal_message.html?_=1622598418084&CODE_STATE=getMsg HTTP/1.1" 302 -
61.165.42.208 - - [02/Jun/2021:09:47:06 +0800] "POST /xingrg/services/DataTransmitService HTTP/1.1" 200 524
116.230.110.80 - - [02/Jun/2021:09:47:06 +0800] "GET /xingrg/all/function/internal_message.html?_=1622598423892&CODE_STATE=getMsg HTTP/1.1" 200 27
116.230.117.165 - - [02/Jun/2021:09:47:06 +0800] "GET /xingrg/all/function/internal_message.html?_=1622598435510&CODE_STATE=getMsg HTTP/1.1" 200 27
120.253.135.82 - - [02/Jun/2021:09:47:07 +0800] "GET /xingrg/check_reg.html?_=1622598465312 HTTP/1.1" 302 -
180.169.147.146 - - [02/Jun/2021:09:47:07 +0800] "GET /xingrg/all/function/internal_message.html?_=1622598427264&CODE_STATE=getMsg HTTP/1.1" 200 27
116.224.253.72 - - [02/Jun/2021:09:47:10 +0800] "POST /xingrg/kc/buy/cgsh_order_operate.html HTTP/1.1" 200 37
116.235.222.38 - - [02/Jun/2021:09:47:17 +0800] "GET /xingrg/kc/buy/cgsh_order_operate.html?command=get_materiel&rest_code=00107&code=00101008417&supplier_code=00100049&order_time=2021-06-02 HTTP/1.1" 200 394
116.224.253.72 - - [02/Jun/2021:09:47:19 +0800] "POST /xingrg/kc/buy/cgsh_order_operate.html HTTP/1.1" 200 12
180.169.147.146 - - [02/Jun/2021:09:47:21 +0800] "GET /xingrg/check_reg.html?_=1622598442729 HTTP/1.1" 200 22
180.169.147.146 - - [02/Jun/2021:09:47:21 +0800] "GET /xingrg/all/function/internal_message.html?_=1622598443039&CODE_STATE=getMsg HTTP/1.1" 200 27
116.224.253.72 - - [02/Jun/2021:09:47:23 +0800] "GET /xingrg/kc/buy/cgsh_order_info.html?code=212021060200501 HTTP/1.1" 200 57132
116.224.253.72 - - [02/Jun/2021:09:47:23 +0800] "GET /xingrg/javascript/easyui/themes/default/validatebox.css HTTP/1.1" 404 1104
116.224.253.72 - - [02/Jun/2021:09:47:24 +0800] "POST /xingrg/kc/buy/cgsh_order_operate.html HTTP/1.1" 200 4157
120.253.135.82 - - [02/Jun/2021:09:47:25 +0800] "GET /xingrg/all/function/internal_message.html?_=1622598482720&CODE_STATE=getMsg HTTP/1.1" 302 -
116.224.253.72 - - [02/Jun/2021:09:47:27 +0800] "GET /xingrg/all/function/internal_message.html?_=1622598446521&CODE_STATE=getMsg HTTP/1.1" 200 27
116.224.253.72 - - [02/Jun/2021:09:47:27 +0800] "GET /xingrg/kc/print/load_data.html?order_code=212021060200501&kc_code=cgsh&condition= HTTP/1.1" 200 2058
116.224.253.72 - - [02/Jun/2021:09:47:33 +0800] "POST /xingrg/all/user/operate.html HTTP/1.1" 200 36
116.224.253.72 - - [02/Jun/2021:09:47:34 +0800] "GET /xingrg/index.html?sysBaseUrl=http%3A%2F%2F180.169.147.146%3A18081%2Fxingrg%2F&costTime=1558×tamp=1622597599285 HTTP/1.1" 200 17177
116.224.253.72 - - [02/Jun/2021:09:47:34 +0800] "GET /xingrg/javascript/jquery_easy_ui/themes/default/easyui.css HTTP/1.1" 304 -
116.224.253.72 - - [02/Jun/2021:09:47:34 +0800] "GET /xingrg/javascript/jquery_easy_ui/themes/icon.css HTTP/1.1" 304 -
116.224.253.72 - - [02/Jun/2021:09:47:34 +0800] "GET /xingrg/css/form.css HTTP/1.1" 304 -
116.224.253.72 - - [02/Jun/2021:09:47:34 +0800] "GET /xingrg/javascript/jquery-1.4.2.min.js HTTP/1.1" 304 -
116.224.253.72 - - [02/Jun/2021:09:47:34 +0800] "GET /xingrg/javascript/jquery_easy_ui/jquery.easyui.min.js HTTP/1.1" 304 -
116.224.253.72 - - [02/Jun/2021:09:47:34 +0800] "GET /xingrg/javascript/jquery_easy_ui/easyui-lang-zh_CN.js HTTP/1.1" 304 -
116.224.253.72 - - [02/Jun/2021:09:47:34 +0800] "GET /xingrg/javascript/jquery.form.js HTTP/1.1" 304 -
116.224.253.72 - - [02/Jun/2021:09:47:34 +0800] "GET /xingrg/javascript/jquery.utils.js HTTP/1.1" 304 -
116.224.253.72 - - [02/Jun/2021:09:47:34 +0800] "GET /xingrg/javascript/jquery.timers.js HTTP/1.1" 304 -
116.224.253.72 - - [02/Jun/2021:09:47:34 +0800] "GET /xingrg/images/blue/jxLogo.png HTTP/1.1" 304 -
116.224.253.72 - - [02/Jun/2021:09:47:34 +0800] "GET /xingrg/images/blue/navBackgound.jpg HTTP/1.1" 304 -
116.224.253.72 - - [02/Jun/2021:09:47:34 +0800] "GET /xingrg/javascript/jquery_easy_ui/themes/icons/settle_new.png HTTP/1.1" 304 -
116.224.253.72 - - [02/Jun/2021:09:47:34 +0800] "GET /xingrg/all/function/internal_message.html?_=1622598453549&CODE_STATE=count HTTP/1.1" 200 11
116.224.253.72 - - [02/Jun/2021:09:47:34 +0800] "GET /xingrg/check_reg.html?_=1622598453550 HTTP/1.1" 200 22
116.224.253.72 - - [02/Jun/2021:09:47:34 +0800] "GET /xingrg/javascript/jquery_easy_ui/themes/default/images/tabs_rightarrow.png HTTP/1.1" 304 -
116.224.253.72 - - [02/Jun/2021:09:47:34 +0800] "GET /xingrg/javascript/jquery_easy_ui/themes/default/images/panel_tool_collapse.gif HTTP/1.1" 304 -
116.224.253.72 - - [02/Jun/2021:09:47:34 +0800] "GET /xingrg/images/blue/pingpu.png HTTP/1.1" 304 -
116.224.253.72 - - [02/Jun/2021:09:47:34 +0800] "GET /xingrg/javascript/jquery_easy_ui/themes/default/images/tabs_leftarrow.png HTTP/1.1" 304 -
116.224.253.72 - - [02/Jun/2021:09:47:34 +0800] "POST /xingrg/all/common/load_tree.html?tree=area_rest_tree_json&manage=1 HTTP/1.1" 200 476
116.224.253.72 - - [02/Jun/2021:09:47:34 +0800] "POST /xingrg/load_menu.html HTTP/1.1" 200 5138
116.235.222.38 - - [02/Jun/2021:09:47:35 +0800] "GET /xingrg/all/function/internal_message.html?_=1622598450973&CODE_STATE=getMsg HTTP/1.1" 200 27
116.224.253.72 - - [02/Jun/2021:09:47:36 +0800] "GET /xingrg/kc/base/yddb_order_list.html HTTP/1.1" 200 16629
116.224.253.72 - - [02/Jun/2021:09:47:37 +0800] "POST /xingrg/kc/base/yddb_list_operate.html HTTP/1.1" 200 636
116.224.253.72 - - [02/Jun/2021:09:47:38 +0800] "GET /xingrg/all/function/internal_message.html?_=1622598463907&CODE_STATE=getMsg HTTP/1.1" 200 27
116.224.253.72 - - [02/Jun/2021:09:47:40 +0800] "POST /xingrg/kc/base/yddb_list_operate.html HTTP/1.1" 200 2120
116.235.222.38 - - [02/Jun/2021:09:47:40 +0800] "GET /xingrg/kc/buy/cgsh_order_operate.html?command=get_materiel&rest_code=00107&code=00101016059&supplier_code=00100049&order_time=2021-06-02 HTTP/1.1" 200 408
114.83.217.160 - - [02/Jun/2021:09:47:40 +0800] "GET /xingrg/all/function/internal_message.html?_=1622598460304&CODE_STATE=getMsg HTTP/1.1" 200 27
58.40.7.146 - - [02/Jun/2021:09:47:43 +0800] "GET /xingrg/all/function/internal_message.html?_=1622598463415&CODE_STATE=getMsg HTTP/1.1" 302 -
222.70.177.128 - - [02/Jun/2021:09:47:43 +0800] "GET /xingrg/all/function/internal_message.html?_=1622598463128&CODE_STATE=getMsg HTTP/1.1" 302 -
61.165.42.208 - - [02/Jun/2021:09:47:45 +0800] "GET /xingrg/all/function/internal_message.html?_=1622598466196&CODE_STATE=getMsg HTTP/1.1" 200 27
58.40.7.146 - - [02/Jun/2021:09:47:47 +0800] "GET /xingrg/all/function/internal_message.html?_=1622598467041&CODE_STATE=getMsg HTTP/1.1" 302 -
116.224.253.72 - - [02/Jun/2021:09:47:47 +0800] "POST /xingrg/kc/base/yddb_list_operate.html HTTP/1.1" 200 624
116.224.253.72 - - [02/Jun/2021:09:47:49 +0800] "GET /xingrg/kc/base/yddb_order_info.html?code=482021060200004 HTTP/1.1" 200 31024
116.224.253.72 - - [02/Jun/2021:09:47:49 +0800] "GET /xingrg/dwr/util.js HTTP/1.1" 304 -
116.224.253.72 - - [02/Jun/2021:09:47:49 +0800] "GET /xingrg/dwr/interface/AjaxComOrderService.js HTTP/1.1" 200 18264
116.224.253.72 - - [02/Jun/2021:09:47:49 +0800] "GET /xingrg/dwr/interface/AjaxYddbService.js HTTP/1.1" 200 13201
116.224.253.72 - - [02/Jun/2021:09:47:49 +0800] "GET /xingrg/dwr/engine.js HTTP/1.1" 200 43631
116.224.253.72 - - [02/Jun/2021:09:47:50 +0800] "POST /xingrg/dwr/call/plaincall/AjaxYddbService.loadMaterielItems.dwr HTTP/1.1" 200 2280
101.93.222.235 - - [02/Jun/2021:09:47:51 +0800] "POST /xingrg/services/DataTransmitService HTTP/1.1" 200 524
61.165.42.208 - - [02/Jun/2021:09:47:51 +0800] "POST /xingrg/services/DataTransmitService HTTP/1.1" 200 501
101.93.222.235 - - [02/Jun/2021:09:47:57 +0800] "POST /xingrg/services/DataTransmitService HTTP/1.1" 200 501
180.169.147.146 - - [02/Jun/2021:09:47:57 +0800] "GET /xingrg/all/function/internal_message.html?_=1622598478057&CODE_STATE=getMsg HTTP/1.1" 302 -
101.93.222.235 - - [02/Jun/2021:09:47:58 +0800] "POST /xingrg/services/DataTransmitService HTTP/1.1" 200 501
180.169.147.146 - - [02/Jun/2021:09:47:58 +0800] "GET /xingrg/check_reg.html?_=1622598479124 HTTP/1.1" 302 -
116.224.253.72 - - [02/Jun/2021:09:47:58 +0800] "POST /xingrg/dwr/call/plaincall/AjaxYddbService.saveOrder.dwr HTTP/1.1" 200 78
116.235.222.38 - - [02/Jun/2021:09:48:03 +0800] "GET /xingrg/kc/buy/cgsh_order_operate.html?command=get_materiel&rest_code=00107&code=00101011010&supplier_code=00100049&order_time=2021-06-02 HTTP/1.1" 200 418
116.224.253.72 - - [02/Jun/2021:09:48:05 +0800] "POST /xingrg/dwr/call/plaincall/AjaxYddbService.objCheckOrder.dwr HTTP/1.1" 200 78
116.230.110.80 - - [02/Jun/2021:09:48:06 +0800] "GET /xingrg/all/function/internal_message.html?_=1622598483889&CODE_STATE=getMsg HTTP/1.1" 200 27
116.230.117.165 - - [02/Jun/2021:09:48:06 +0800] "GET /xingrg/all/function/internal_message.html?_=1622598495610&CODE_STATE=getMsg HTTP/1.1" 200 27
116.224.253.72 - - [02/Jun/2021:09:48:07 +0800] "GET /xingrg/kc/base/yddb_order_info.html?code=482021060200004 HTTP/1.1" 200 31145
116.224.253.72 - - [02/Jun/2021:09:48:07 +0800] "GET /xingrg/dwr/interface/AjaxComOrderService.js HTTP/1.1" 200 18264
116.224.253.72 - - [02/Jun/2021:09:48:07 +0800] "GET /xingrg/dwr/interface/AjaxYddbService.js HTTP/1.1" 200 13201
116.224.253.72 - - [02/Jun/2021:09:48:07 +0800] "GET /xingrg/dwr/engine.js HTTP/1.1" 200 43631
180.169.147.146 - - [02/Jun/2021:09:48:07 +0800] "GET /xingrg/check_reg.html?_=1622598487265 HTTP/1.1" 200 22
180.169.147.146 - - [02/Jun/2021:09:48:07 +0800] "GET /xingrg/all/function/internal_message.html?_=1622598487269&CODE_STATE=getMsg HTTP/1.1" 200 27
116.224.253.72 - - [02/Jun/2021:09:48:08 +0800] "POST /xingrg/dwr/call/plaincall/AjaxYddbService.loadMaterielItems.dwr HTTP/1.1" 200 2280
116.224.253.72 - - [02/Jun/2021:09:48:09 +0800] "GET /xingrg/kc/base/yddb_order_list.html?isBack=1 HTTP/1.1" 200 16629
116.224.253.72 - - [02/Jun/2021:09:48:10 +0800] "POST /xingrg/kc/base/yddb_list_operate.html HTTP/1.1" 200 636
116.224.253.72 - - [02/Jun/2021:09:48:14 +0800] "POST /xingrg/kc/base/yddb_list_operate.html HTTP/1.1" 200 1861
116.224.253.72 - - [02/Jun/2021:09:48:14 +0800] "POST /xingrg/kc/base/yddb_list_operate.html HTTP/1.1" 200 198
116.224.253.72 - - [02/Jun/2021:09:48:18 +0800] "GET /xingrg/kc/base/yddb_order_info.html?code=482021060200003 HTTP/1.1" 200 31024
116.224.253.72 - - [02/Jun/2021:09:48:18 +0800] "GET /xingrg/dwr/interface/AjaxComOrderService.js HTTP/1.1" 200 18264
116.224.253.72 - - [02/Jun/2021:09:48:18 +0800] "GET /xingrg/dwr/interface/AjaxYddbService.js HTTP/1.1" 200 13201
116.224.253.72 - - [02/Jun/2021:09:48:18 +0800] "GET /xingrg/dwr/engine.js HTTP/1.1" 200 43631
116.224.253.72 - - [02/Jun/2021:09:48:19 +0800] "POST /xingrg/dwr/call/plaincall/AjaxYddbService.loadMaterielItems.dwr HTTP/1.1" 200 389
116.235.222.38 - - [02/Jun/2021:09:48:21 +0800] "POST /xingrg/kc/buy/cgsh_order_operate.html HTTP/1.1" 200 37
180.169.147.146 - - [02/Jun/2021:09:48:21 +0800] "GET /xingrg/all/function/internal_message.html?_=1622598503053&CODE_STATE=getMsg HTTP/1.1" 200 27
116.224.253.72 - - [02/Jun/2021:09:48:23 +0800] "POST /xingrg/dwr/call/plaincall/AjaxYddbService.saveOrder.dwr HTTP/1.1" 200 78
101.93.222.235 - - [02/Jun/2021:09:48:23 +0800] "POST /xingrg/services/DataTransmitService HTTP/1.1" 200 501
116.224.253.72 - - [02/Jun/2021:09:48:25 +0800] "POST /xingrg/kc/buy/cgsh_order_operate.html HTTP/1.1" 200 223
120.253.135.82 - - [02/Jun/2021:09:48:25 +0800] "GET /xingrg/all/function/internal_message.html?_=1622598542732&CODE_STATE=getMsg HTTP/1.1" 302 -
116.235.222.38 - - [02/Jun/2021:09:48:25 +0800] "POST /xingrg/kc/buy/cgsh_order_operate.html HTTP/1.1" 200 3842
116.235.222.38 - - [02/Jun/2021:09:48:28 +0800] "GET /xingrg/kc/print/load_data.html?order_code=212021060200502&kc_code=cgsh&condition= HTTP/1.1" 200 1165
116.235.222.38 - - [02/Jun/2021:09:48:34 +0800] "GET /xingrg/kc/base/base_main.html HTTP/1.1" 200 12142
116.224.253.72 - - [02/Jun/2021:09:48:34 +0800] "GET /xingrg/all/function/internal_message.html?_=1622598513565&CODE_STATE=getMsg HTTP/1.1" 200 27
116.224.253.72 - - [02/Jun/2021:09:48:34 +0800] "POST /xingrg/dwr/call/plaincall/AjaxYddbService.objCheckOrder.dwr HTTP/1.1" 200 78
116.235.222.38 - - [02/Jun/2021:09:48:35 +0800] "GET /xingrg/all/function/internal_message.html?_=1622598511334&CODE_STATE=getMsg HTTP/1.1" 200 27
116.235.222.38 - - [02/Jun/2021:09:48:35 +0800] "GET /xingrg/check_reg.html?_=1622598511338 HTTP/1.1" 200 22
116.224.253.72 - - [02/Jun/2021:09:48:37 +0800] "GET /xingrg/kc/base/yddb_order_info.html?code=482021060200003 HTTP/1.1" 200 31145
116.224.253.72 - - [02/Jun/2021:09:48:37 +0800] "GET /xingrg/dwr/interface/AjaxComOrderService.js HTTP/1.1" 200 18264
116.224.253.72 - - [02/Jun/2021:09:48:37 +0800] "GET /xingrg/dwr/interface/AjaxYddbService.js HTTP/1.1" 200 13201
116.224.253.72 - - [02/Jun/2021:09:48:37 +0800] "GET /xingrg/dwr/engine.js HTTP/1.1" 200 43631
116.224.253.72 - - [02/Jun/2021:09:48:37 +0800] "POST /xingrg/dwr/call/plaincall/AjaxYddbService.loadMaterielItems.dwr HTTP/1.1" 200 389
116.235.222.38 - - [02/Jun/2021:09:48:37 +0800] "GET /xingrg/kc/base/wldb_order_list.html HTTP/1.1" 200 19026
116.224.253.72 - - [02/Jun/2021:09:48:38 +0800] "GET /xingrg/kc/base/yddb_order_list.html?isBack=1 HTTP/1.1" 200 16629
116.224.253.72 - - [02/Jun/2021:09:48:38 +0800] "POST /xingrg/kc/base/yddb_list_operate.html HTTP/1.1" 200 636
116.224.253.72 - - [02/Jun/2021:09:48:38 +0800] "GET /xingrg/all/function/internal_message.html?_=1622598523913&CODE_STATE=getMsg HTTP/1.1" 200 27
116.235.222.38 - - [02/Jun/2021:09:48:39 +0800] "POST /xingrg/kc/base/wldb_list_operate.html HTTP/1.1" 200 928
114.83.217.160 - - [02/Jun/2021:09:48:40 +0800] "GET /xingrg/all/function/internal_message.html?_=1622598520288&CODE_STATE=getMsg HTTP/1.1" 200 27
101.93.222.235 - - [02/Jun/2021:09:48:41 +0800] "POST /xingrg/services/DataTransmitService HTTP/1.1" 200 501
116.224.253.72 - - [02/Jun/2021:09:48:42 +0800] "POST /xingrg/kc/base/yddb_list_operate.html HTTP/1.1" 200 1604
116.235.222.38 - - [02/Jun/2021:09:48:43 +0800] "GET /xingrg/kc/base/wldb_order_add.html HTTP/1.1" 200 30230
101.93.222.235 - - [02/Jun/2021:09:48:43 +0800] "POST /xingrg/services/DataTransmitService HTTP/1.1" 200 501
58.40.7.146 - - [02/Jun/2021:09:48:43 +0800] "GET /xingrg/all/function/internal_message.html?_=1622598523402&CODE_STATE=getMsg HTTP/1.1" 302 -
116.235.222.38 - - [02/Jun/2021:09:48:43 +0800] "GET /xingrg/all/common/auto_word.html?type=base&rest_code=00107 HTTP/1.1" 200 1861
116.235.222.38 - - [02/Jun/2021:09:48:43 +0800] "GET /xingrg/all/common/auto_word.html?type=base&rest_code=00107 HTTP/1.1" 200 1861
116.235.222.38 - - [02/Jun/2021:09:48:43 +0800] "GET /xingrg/javascript/easyui/themes/default/validatebox.css HTTP/1.1" 404 1104
116.235.222.38 - - [02/Jun/2021:09:48:43 +0800] "POST /xingrg/kc/base/wldb_order_operate.html HTTP/1.1" 200 6806
222.70.177.128 - - [02/Jun/2021:09:48:43 +0800] "GET /xingrg/all/function/internal_message.html?_=1622598523122&CODE_STATE=getMsg HTTP/1.1" 302 -
101.93.222.235 - - [02/Jun/2021:09:48:44 +0800] "POST /xingrg/services/DataTransmitService HTTP/1.1" 200 501
116.224.253.72 - - [02/Jun/2021:09:48:44 +0800] "POST /xingrg/kc/base/yddb_list_operate.html HTTP/1.1" 200 214
116.235.222.38 - - [02/Jun/2021:09:48:44 +0800] "POST /xingrg/all/common/load_combo.html?type=base HTTP/1.1" 200 3324
101.93.222.235 - - [02/Jun/2021:09:48:44 +0800] "POST /xingrg/services/DataTransmitService HTTP/1.1" 200 501
61.165.42.208 - - [02/Jun/2021:09:48:45 +0800] "GET /xingrg/check_reg.html?_=1622598526196 HTTP/1.1" 200 22
61.165.42.208 - - [02/Jun/2021:09:48:45 +0800] "GET /xingrg/all/function/internal_message.html?_=1622598526199&CODE_STATE=getMsg HTTP/1.1" 200 27
116.224.253.72 - - [02/Jun/2021:09:48:46 +0800] "GET /xingrg/kc/base/yddb_order_info.html?code=482021060200002 HTTP/1.1" 200 31023
116.224.253.72 - - [02/Jun/2021:09:48:46 +0800] "GET /xingrg/dwr/interface/AjaxYddbService.js HTTP/1.1" 200 13201
116.224.253.72 - - [02/Jun/2021:09:48:46 +0800] "GET /xingrg/dwr/interface/AjaxComOrderService.js HTTP/1.1" 200 18264
116.224.253.72 - - [02/Jun/2021:09:48:46 +0800] "GET /xingrg/dwr/engine.js HTTP/1.1" 200 43631
116.224.253.72 - - [02/Jun/2021:09:48:47 +0800] "POST /xingrg/dwr/call/plaincall/AjaxYddbService.loadMaterielItems.dwr HTTP/1.1" 200 452
58.40.7.146 - - [02/Jun/2021:09:48:47 +0800] "GET /xingrg/all/function/internal_message.html?_=1622598527043&CODE_STATE=getMsg HTTP/1.1" 302 -
58.40.7.146 - - [02/Jun/2021:09:48:47 +0800] "GET /xingrg/check_reg.html?_=1622598527044 HTTP/1.1" 302 -
116.224.253.72 - - [02/Jun/2021:09:48:50 +0800] "POST /xingrg/dwr/call/plaincall/AjaxYddbService.saveOrder.dwr HTTP/1.1" 200 78
101.93.222.235 - - [02/Jun/2021:09:48:50 +0800] "POST /xingrg/services/DataTransmitService HTTP/1.1" 200 501
101.93.222.235 - - [02/Jun/2021:09:48:51 +0800] "POST /xingrg/services/DataTransmitService HTTP/1.1" 200 501
116.224.253.72 - - [02/Jun/2021:09:48:51 +0800] "POST /xingrg/kc/buy/cgsh_list_operate.html HTTP/1.1" 200 2088
116.224.253.72 - - [02/Jun/2021:09:48:52 +0800] "POST /xingrg/kc/buy/cgsh_list_operate.html HTTP/1.1" 200 558
101.93.222.235 - - [02/Jun/2021:09:48:53 +0800] "POST /xingrg/services/DataTransmitService HTTP/1.1" 200 501
116.224.253.72 - - [02/Jun/2021:09:48:55 +0800] "GET /xingrg/kc/buy/cgsh_order_info.html?code=212021060200497 HTTP/1.1" 200 61969
116.224.253.72 - - [02/Jun/2021:09:48:55 +0800] "GET /xingrg/javascript/easyui/themes/default/validatebox.css HTTP/1.1" 404 1104
116.224.253.72 - - [02/Jun/2021:09:48:56 +0800] "POST /xingrg/kc/buy/cgsh_order_operate.html HTTP/1.1" 200 26540
101.93.222.235 - - [02/Jun/2021:09:48:56 +0800] "POST /xingrg/services/DataTransmitService HTTP/1.1" 200 412
116.224.253.72 - - [02/Jun/2021:09:48:56 +0800] "POST /xingrg/dwr/call/plaincall/AjaxYddbService.objCheckOrder.dwr HTTP/1.1" 200 78
180.169.147.146 - - [02/Jun/2021:09:48:57 +0800] "GET /xingrg/all/function/internal_message.html?_=1622598538034&CODE_STATE=getMsg HTTP/1.1" 302 -
116.224.253.72 - - [02/Jun/2021:09:48:58 +0800] "GET /xingrg/kc/base/yddb_order_info.html?code=482021060200002 HTTP/1.1" 200 31144
116.224.253.72 - - [02/Jun/2021:09:48:58 +0800] "GET /xingrg/dwr/interface/AjaxComOrderService.js HTTP/1.1" 200 18264
116.224.253.72 - - [02/Jun/2021:09:48:58 +0800] "GET /xingrg/dwr/interface/AjaxYddbService.js HTTP/1.1" 200 13201
116.224.253.72 - - [02/Jun/2021:09:48:58 +0800] "GET /xingrg/dwr/engine.js HTTP/1.1" 200 43631
116.224.253.72 - - [02/Jun/2021:09:48:58 +0800] "POST /xingrg/dwr/call/plaincall/AjaxYddbService.loadMaterielItems.dwr HTTP/1.1" 200 452
116.224.253.72 - - [02/Jun/2021:09:48:59 +0800] "GET /xingrg/kc/base/yddb_order_list.html?isBack=1 HTTP/1.1" 200 16629
116.224.253.72 - - [02/Jun/2021:09:49:00 +0800] "POST /xingrg/kc/base/yddb_list_operate.html HTTP/1.1" 200 636
