116.224.253.72 - - [02/Jun/2021:09:49:03 +0800] "POST /xingrg/kc/base/yddb_list_operate.html HTTP/1.1" 200 1346
116.224.253.72 - - [02/Jun/2021:09:49:03 +0800] "POST /xingrg/kc/base/yddb_list_operate.html HTTP/1.1" 200 217
116.235.222.38 - - [02/Jun/2021:09:49:05 +0800] "POST /xingrg/all/common/load_combo.html?type=base HTTP/1.1" 200 3324
116.224.253.72 - - [02/Jun/2021:09:49:05 +0800] "GET /xingrg/kc/base/yddb_order_info.html?code=482021060200001 HTTP/1.1" 200 31024
116.224.253.72 - - [02/Jun/2021:09:49:05 +0800] "GET /xingrg/dwr/interface/AjaxYddbService.js HTTP/1.1" 200 13201
116.224.253.72 - - [02/Jun/2021:09:49:05 +0800] "GET /xingrg/dwr/interface/AjaxComOrderService.js HTTP/1.1" 200 18264
116.224.253.72 - - [02/Jun/2021:09:49:05 +0800] "GET /xingrg/dwr/engine.js HTTP/1.1" 200 43631
116.230.110.80 - - [02/Jun/2021:09:49:06 +0800] "GET /xingrg/all/function/internal_message.html?_=1622598543887&CODE_STATE=getMsg HTTP/1.1" 200 27
116.230.117.165 - - [02/Jun/2021:09:49:06 +0800] "GET /xingrg/all/function/internal_message.html?_=1622598555616&CODE_STATE=getMsg HTTP/1.1" 200 27
116.224.253.72 - - [02/Jun/2021:09:49:06 +0800] "POST /xingrg/dwr/call/plaincall/AjaxYddbService.loadMaterielItems.dwr HTTP/1.1" 200 452
101.93.222.235 - - [02/Jun/2021:09:49:07 +0800] "POST /xingrg/services/DataTransmitService HTTP/1.1" 200 524
180.169.147.146 - - [02/Jun/2021:09:49:07 +0800] "GET /xingrg/all/function/internal_message.html?_=1622598547270&CODE_STATE=getMsg HTTP/1.1" 200 27
116.224.253.72 - - [02/Jun/2021:09:49:09 +0800] "POST /xingrg/dwr/call/plaincall/AjaxYddbService.saveOrder.dwr HTTP/1.1" 200 78
116.224.253.72 - - [02/Jun/2021:09:49:17 +0800] "POST /xingrg/dwr/call/plaincall/AjaxYddbService.objCheckOrder.dwr HTTP/1.1" 200 78
116.224.253.72 - - [02/Jun/2021:09:49:20 +0800] "GET /xingrg/kc/base/yddb_order_info.html?code=482021060200001 HTTP/1.1" 200 31145
116.224.253.72 - - [02/Jun/2021:09:49:20 +0800] "GET /xingrg/dwr/interface/AjaxComOrderService.js HTTP/1.1" 200 18264
116.224.253.72 - - [02/Jun/2021:09:49:20 +0800] "GET /xingrg/dwr/interface/AjaxYddbService.js HTTP/1.1" 200 13201
116.224.253.72 - - [02/Jun/2021:09:49:20 +0800] "GET /xingrg/dwr/engine.js HTTP/1.1" 200 43631
116.224.253.72 - - [02/Jun/2021:09:49:20 +0800] "POST /xingrg/dwr/call/plaincall/AjaxYddbService.loadMaterielItems.dwr HTTP/1.1" 200 452
180.169.147.146 - - [02/Jun/2021:09:49:21 +0800] "GET /xingrg/all/function/internal_message.html?_=1622598563067&CODE_STATE=getMsg HTTP/1.1" 200 27
116.235.222.38 - - [02/Jun/2021:09:49:22 +0800] "GET /xingrg/kc/base/wldb_order_operate.html?command=get_materiel&rest_code=00107&base_code=0010151&code=00101019133 HTTP/1.1" 200 466
116.224.253.72 - - [02/Jun/2021:09:49:23 +0800] "GET /xingrg/kc/buy/cgsh_order_list.html HTTP/1.1" 200 46572
120.253.135.82 - - [02/Jun/2021:09:49:25 +0800] "GET /xingrg/all/function/internal_message.html?_=1622598602756&CODE_STATE=getMsg HTTP/1.1" 302 -
116.224.253.72 - - [02/Jun/2021:09:49:26 +0800] "POST /xingrg/kc/buy/cgsh_list_operate.html HTTP/1.1" 200 2088
180.169.147.146 - - [02/Jun/2021:09:49:27 +0800] "GET /xingrg/check_reg.html?_=1622598564874 HTTP/1.1" 200 22
116.224.253.72 - - [02/Jun/2021:09:49:28 +0800] "POST /xingrg/kc/buy/cgsh_list_operate.html HTTP/1.1" 200 272
116.224.253.72 - - [02/Jun/2021:09:49:30 +0800] "GET /xingrg/kc/buy/cgsh_order_info.html?code=212021060200499 HTTP/1.1" 200 61969
116.224.253.72 - - [02/Jun/2021:09:49:30 +0800] "POST /xingrg/kc/buy/cgsh_order_operate.html HTTP/1.1" 200 37
116.224.253.72 - - [02/Jun/2021:09:49:31 +0800] "GET /xingrg/javascript/easyui/themes/default/validatebox.css HTTP/1.1" 404 1104
116.224.253.72 - - [02/Jun/2021:09:49:31 +0800] "GET /xingrg/all/common/auto_word.html?type=employee&rest_code=00151 HTTP/1.1" 200 243
116.224.253.72 - - [02/Jun/2021:09:49:31 +0800] "GET /xingrg/all/common/auto_word.html?type=employee&rest_code=00151 HTTP/1.1" 200 243
116.224.253.72 - - [02/Jun/2021:09:49:31 +0800] "POST /xingrg/kc/buy/cgsh_order_operate.html HTTP/1.1" 200 3261
116.224.253.72 - - [02/Jun/2021:09:49:32 +0800] "POST /xingrg/kc/buy/cgsh_order_operate.html HTTP/1.1" 200 26540
116.224.253.72 - - [02/Jun/2021:09:49:34 +0800] "GET /xingrg/all/function/internal_message.html?_=1622598573579&CODE_STATE=getMsg HTTP/1.1" 200 27
116.235.222.38 - - [02/Jun/2021:09:49:35 +0800] "GET /xingrg/all/function/internal_message.html?_=1622598571312&CODE_STATE=getMsg HTTP/1.1" 200 27
116.224.253.72 - - [02/Jun/2021:09:49:36 +0800] "POST /xingrg/kc/buy/cgsh_order_operate.html HTTP/1.1" 200 37
58.221.95.50 - - [02/Jun/2021:09:49:37 +0800] "GET /xingrg/check_reg.html?_=1622598578208 HTTP/1.1" 302 -
116.224.253.72 - - [02/Jun/2021:09:49:38 +0800] "GET /xingrg/check_reg.html?_=1622598583146 HTTP/1.1" 200 22
116.224.253.72 - - [02/Jun/2021:09:49:38 +0800] "GET /xingrg/all/function/internal_message.html?_=1622598583926&CODE_STATE=getMsg HTTP/1.1" 200 27
114.83.217.160 - - [02/Jun/2021:09:49:40 +0800] "GET /xingrg/all/function/internal_message.html?_=1622598580293&CODE_STATE=getMsg HTTP/1.1" 200 27
58.40.7.146 - - [02/Jun/2021:09:49:43 +0800] "GET /xingrg/all/function/internal_message.html?_=1622598583389&CODE_STATE=getMsg HTTP/1.1" 302 -
222.70.177.128 - - [02/Jun/2021:09:49:43 +0800] "GET /xingrg/all/function/internal_message.html?_=1622598583118&CODE_STATE=getMsg HTTP/1.1" 302 -
61.165.42.208 - - [02/Jun/2021:09:49:45 +0800] "GET /xingrg/all/function/internal_message.html?_=1622598586192&CODE_STATE=getMsg HTTP/1.1" 200 27
58.40.7.146 - - [02/Jun/2021:09:49:47 +0800] "GET /xingrg/all/function/internal_message.html?_=1622598587048&CODE_STATE=getMsg HTTP/1.1" 302 -
116.224.253.72 - - [02/Jun/2021:09:49:47 +0800] "POST /xingrg/kc/buy/cgsh_order_operate.html HTTP/1.1" 200 12
116.224.253.72 - - [02/Jun/2021:09:49:49 +0800] "GET /xingrg/kc/buy/cgsh_order_info.html?code=212021060200499 HTTP/1.1" 200 56862
116.224.253.72 - - [02/Jun/2021:09:49:50 +0800] "GET /xingrg/javascript/easyui/themes/default/validatebox.css HTTP/1.1" 404 1104
116.235.222.38 - - [02/Jun/2021:09:49:50 +0800] "GET /xingrg/kc/base/wldb_order_operate.html?command=get_materiel&rest_code=00107&base_code=0010151&code=00101019391 HTTP/1.1" 200 471
116.224.253.72 - - [02/Jun/2021:09:49:50 +0800] "POST /xingrg/kc/buy/cgsh_order_operate.html HTTP/1.1" 200 1211
116.224.253.72 - - [02/Jun/2021:09:49:52 +0800] "GET /xingrg/kc/print/load_data.html?order_code=212021060200499&kc_code=cgsh&condition= HTTP/1.1" 200 954
180.169.147.146 - - [02/Jun/2021:09:49:57 +0800] "GET /xingrg/all/function/internal_message.html?_=1622598598007&CODE_STATE=getMsg HTTP/1.1" 302 -
116.224.253.72 - - [02/Jun/2021:09:49:59 +0800] "POST /xingrg/all/user/operate.html HTTP/1.1" 200 36
116.224.253.72 - - [02/Jun/2021:09:49:59 +0800] "GET /xingrg/index.html?sysBaseUrl=http%3A%2F%2F180.169.147.146%3A18081%2Fxingrg%2F&costTime=1558×tamp=1622597599285 HTTP/1.1" 200 17179
116.224.253.72 - - [02/Jun/2021:09:49:59 +0800] "GET /xingrg/javascript/jquery_easy_ui/themes/default/easyui.css HTTP/1.1" 304 -
116.224.253.72 - - [02/Jun/2021:09:49:59 +0800] "GET /xingrg/javascript/jquery_easy_ui/themes/icon.css HTTP/1.1" 304 -
116.224.253.72 - - [02/Jun/2021:09:49:59 +0800] "GET /xingrg/css/form.css HTTP/1.1" 304 -
116.224.253.72 - - [02/Jun/2021:09:49:59 +0800] "GET /xingrg/javascript/jquery-1.4.2.min.js HTTP/1.1" 304 -
116.224.253.72 - - [02/Jun/2021:09:49:59 +0800] "GET /xingrg/javascript/jquery_easy_ui/jquery.easyui.min.js HTTP/1.1" 304 -
116.224.253.72 - - [02/Jun/2021:09:49:59 +0800] "GET /xingrg/javascript/jquery_easy_ui/easyui-lang-zh_CN.js HTTP/1.1" 304 -
116.224.253.72 - - [02/Jun/2021:09:49:59 +0800] "GET /xingrg/javascript/jquery.form.js HTTP/1.1" 304 -
116.224.253.72 - - [02/Jun/2021:09:49:59 +0800] "GET /xingrg/javascript/jquery.utils.js HTTP/1.1" 304 -
116.224.253.72 - - [02/Jun/2021:09:49:59 +0800] "GET /xingrg/javascript/jquery.timers.js HTTP/1.1" 304 -
116.224.253.72 - - [02/Jun/2021:09:50:00 +0800] "GET /xingrg/images/blue/jxLogo.png HTTP/1.1" 304 -
116.224.253.72 - - [02/Jun/2021:09:50:00 +0800] "GET /xingrg/images/blue/navBackgound.jpg HTTP/1.1" 304 -
116.224.253.72 - - [02/Jun/2021:09:50:00 +0800] "GET /xingrg/javascript/jquery_easy_ui/themes/icons/settle_new.png HTTP/1.1" 304 -
116.224.253.72 - - [02/Jun/2021:09:50:00 +0800] "GET /xingrg/all/function/internal_message.html?_=1622598599114&CODE_STATE=count HTTP/1.1" 200 11
116.224.253.72 - - [02/Jun/2021:09:50:00 +0800] "GET /xingrg/check_reg.html?_=1622598599117 HTTP/1.1" 200 22
116.224.253.72 - - [02/Jun/2021:09:50:00 +0800] "GET /xingrg/javascript/jquery_easy_ui/themes/default/images/tabs_leftarrow.png HTTP/1.1" 304 -
116.224.253.72 - - [02/Jun/2021:09:50:00 +0800] "GET /xingrg/javascript/jquery_easy_ui/themes/default/images/tabs_rightarrow.png HTTP/1.1" 304 -
116.224.253.72 - - [02/Jun/2021:09:50:00 +0800] "GET /xingrg/images/blue/pingpu.png HTTP/1.1" 304 -
116.224.253.72 - - [02/Jun/2021:09:50:00 +0800] "GET /xingrg/javascript/jquery_easy_ui/themes/default/images/panel_tool_collapse.gif HTTP/1.1" 304 -
116.224.253.72 - - [02/Jun/2021:09:50:00 +0800] "POST /xingrg/all/common/load_tree.html?tree=area_rest_tree_json&manage=1 HTTP/1.1" 200 476
116.224.253.72 - - [02/Jun/2021:09:50:00 +0800] "POST /xingrg/load_menu.html HTTP/1.1" 200 5138
116.235.222.38 - - [02/Jun/2021:09:50:01 +0800] "GET /xingrg/kc/base/wldb_order_operate.html?command=get_materiel&rest_code=00107&base_code=0010151&code=00101019315 HTTP/1.1" 200 461
116.224.253.72 - - [02/Jun/2021:09:50:02 +0800] "GET /xingrg/kc/buy/cgsh_order_list.html HTTP/1.1" 200 46574
116.224.253.72 - - [02/Jun/2021:09:50:05 +0800] "POST /xingrg/kc/buy/cgsh_list_operate.html HTTP/1.1" 200 1709
58.40.7.146 - - [02/Jun/2021:09:50:06 +0800] "GET /xingrg/check_reg.html?_=1622598605813 HTTP/1.1" 302 -
116.230.110.80 - - [02/Jun/2021:09:50:06 +0800] "GET /xingrg/all/function/internal_message.html?_=1622598603878&CODE_STATE=getMsg HTTP/1.1" 200 27
116.230.117.165 - - [02/Jun/2021:09:50:06 +0800] "GET /xingrg/check_reg.html?_=1622598615465 HTTP/1.1" 200 22
116.230.117.165 - - [02/Jun/2021:09:50:06 +0800] "GET /xingrg/all/function/internal_message.html?_=1622598615630&CODE_STATE=getMsg HTTP/1.1" 200 27
180.169.147.146 - - [02/Jun/2021:09:50:07 +0800] "GET /xingrg/all/function/internal_message.html?_=1622598607272&CODE_STATE=getMsg HTTP/1.1" 200 27
116.224.253.72 - - [02/Jun/2021:09:50:08 +0800] "POST /xingrg/kc/buy/cgsh_list_operate.html HTTP/1.1" 200 566
116.224.253.72 - - [02/Jun/2021:09:50:11 +0800] "GET /xingrg/kc/buy/cgsh_order_info.html?code=212021060200491 HTTP/1.1" 200 62251
116.224.253.72 - - [02/Jun/2021:09:50:11 +0800] "GET /xingrg/javascript/easyui/themes/default/validatebox.css HTTP/1.1" 404 1104
116.224.253.72 - - [02/Jun/2021:09:50:12 +0800] "POST /xingrg/kc/buy/cgsh_order_operate.html HTTP/1.1" 200 27482
116.235.222.38 - - [02/Jun/2021:09:50:16 +0800] "GET /xingrg/kc/base/wldb_order_operate.html?command=get_materiel&rest_code=00107&base_code=0010151&code=00101019306 HTTP/1.1" 200 463
180.169.147.146 - - [02/Jun/2021:09:50:22 +0800] "GET /xingrg/all/function/internal_message.html?_=1622598623085&CODE_STATE=getMsg HTTP/1.1" 200 27
120.253.135.82 - - [02/Jun/2021:09:50:25 +0800] "GET /xingrg/all/function/internal_message.html?_=1622598662766&CODE_STATE=getMsg HTTP/1.1" 302 -
116.235.222.38 - - [02/Jun/2021:09:50:27 +0800] "GET /xingrg/kc/base/wldb_order_operate.html?command=get_materiel&rest_code=00107&base_code=0010151&code=00101019079 HTTP/1.1" 200 465
116.224.253.72 - - [02/Jun/2021:09:50:35 +0800] "POST /xingrg/kc/buy/cgsh_order_operate.html HTTP/1.1" 200 37
116.235.222.38 - - [02/Jun/2021:09:50:35 +0800] "GET /xingrg/all/function/internal_message.html?_=1622598631294&CODE_STATE=getMsg HTTP/1.1" 200 27
116.224.253.72 - - [02/Jun/2021:09:50:37 +0800] "POST /xingrg/kc/buy/cgsh_order_operate.html HTTP/1.1" 200 26540
116.235.222.38 - - [02/Jun/2021:09:50:37 +0800] "GET /xingrg/kc/base/wldb_order_operate.html?command=get_materiel&rest_code=00107&base_code=0010151&code=00101019400 HTTP/1.1" 200 450
116.224.253.72 - - [02/Jun/2021:09:50:38 +0800] "GET /xingrg/all/function/internal_message.html?_=1622598643940&CODE_STATE=getMsg HTTP/1.1" 200 27
180.161.111.4 - - [02/Jun/2021:09:50:40 +0800] "GET /xingrg/check_reg.html?_=1622598601065 HTTP/1.1" 302 -
114.83.217.160 - - [02/Jun/2021:09:50:40 +0800] "GET /xingrg/all/function/internal_message.html?_=1622598640277&CODE_STATE=getMsg HTTP/1.1" 200 27
58.40.7.146 - - [02/Jun/2021:09:50:43 +0800] "GET /xingrg/all/function/internal_message.html?_=1622598643361&CODE_STATE=getMsg HTTP/1.1" 302 -
222.70.177.128 - - [02/Jun/2021:09:50:43 +0800] "GET /xingrg/all/function/internal_message.html?_=1622598643131&CODE_STATE=getMsg HTTP/1.1" 302 -
222.70.177.128 - - [02/Jun/2021:09:50:43 +0800] "GET /xingrg/check_reg.html?_=1622598643132 HTTP/1.1" 302 -
61.165.42.208 - - [02/Jun/2021:09:50:45 +0800] "GET /xingrg/all/function/internal_message.html?_=1622598646192&CODE_STATE=getMsg HTTP/1.1" 200 27
58.40.7.146 - - [02/Jun/2021:09:50:47 +0800] "GET /xingrg/all/function/internal_message.html?_=1622598647052&CODE_STATE=getMsg HTTP/1.1" 302 -
116.235.222.38 - - [02/Jun/2021:09:50:52 +0800] "GET /xingrg/kc/base/wldb_order_operate.html?command=get_materiel&rest_code=00107&base_code=0010151&code=00101016029 HTTP/1.1" 200 462
180.169.147.146 - - [02/Jun/2021:09:50:57 +0800] "GET /xingrg/all/function/internal_message.html?_=1622598657979&CODE_STATE=getMsg HTTP/1.1" 302 -
116.224.253.72 - - [02/Jun/2021:09:51:00 +0800] "GET /xingrg/all/function/internal_message.html?_=1622598659127&CODE_STATE=getMsg HTTP/1.1" 200 27
116.230.110.80 - - [02/Jun/2021:09:51:06 +0800] "GET /xingrg/all/function/internal_message.html?_=1622598663889&CODE_STATE=getMsg HTTP/1.1" 200 27
116.230.110.80 - - [02/Jun/2021:09:51:06 +0800] "GET /xingrg/check_reg.html?_=1622598663893 HTTP/1.1" 200 22
116.230.117.165 - - [02/Jun/2021:09:51:06 +0800] "GET /xingrg/all/function/internal_message.html?_=1622598675644&CODE_STATE=getMsg HTTP/1.1" 200 27
180.169.147.146 - - [02/Jun/2021:09:51:07 +0800] "GET /xingrg/all/function/internal_message.html?_=1622598667270&CODE_STATE=getMsg HTTP/1.1" 200 27
116.235.222.38 - - [02/Jun/2021:09:51:19 +0800] "GET /xingrg/kc/base/wldb_order_operate.html?command=get_materiel&rest_code=00107&base_code=0010151&code=00101027001 HTTP/1.1" 200 469
180.169.147.146 - - [02/Jun/2021:09:51:22 +0800] "GET /xingrg/all/function/internal_message.html?_=1622598683094&CODE_STATE=getMsg HTTP/1.1" 200 27
120.253.135.82 - - [02/Jun/2021:09:51:25 +0800] "GET /xingrg/all/function/internal_message.html?_=1622598722784&CODE_STATE=getMsg HTTP/1.1" 302 -
58.37.225.51 - - [02/Jun/2021:09:51:32 +0800] "GET /xingrg/check_reg.html?_=1622598638329 HTTP/1.1" 302 -
116.235.222.38 - - [02/Jun/2021:09:51:35 +0800] "GET /xingrg/kc/base/wldb_order_operate.html?command=get_materiel&rest_code=00107&base_code=0010151&code=00101016001 HTTP/1.1" 200 458
116.235.222.38 - - [02/Jun/2021:09:51:35 +0800] "GET /xingrg/all/function/internal_message.html?_=1622598691266&CODE_STATE=getMsg HTTP/1.1" 200 27
116.224.253.72 - - [02/Jun/2021:09:51:39 +0800] "GET /xingrg/all/function/internal_message.html?_=1622598703979&CODE_STATE=getMsg HTTP/1.1" 200 27
114.83.217.160 - - [02/Jun/2021:09:51:40 +0800] "GET /xingrg/all/function/internal_message.html?_=1622598700263&CODE_STATE=getMsg HTTP/1.1" 200 27
114.83.217.160 - - [02/Jun/2021:09:51:40 +0800] "GET /xingrg/check_reg.html?_=1622598700825 HTTP/1.1" 200 22
116.224.253.72 - - [02/Jun/2021:09:51:41 +0800] "POST /xingrg/kc/buy/cgsh_list_operate.html HTTP/1.1" 200 1709
58.40.7.146 - - [02/Jun/2021:09:51:43 +0800] "GET /xingrg/all/function/internal_message.html?_=1622598703333&CODE_STATE=getMsg HTTP/1.1" 302 -
222.70.177.128 - - [02/Jun/2021:09:51:43 +0800] "GET /xingrg/all/function/internal_message.html?_=1622598703123&CODE_STATE=getMsg HTTP/1.1" 302 -
61.165.42.208 - - [02/Jun/2021:09:51:45 +0800] "GET /xingrg/all/function/internal_message.html?_=1622598706193&CODE_STATE=getMsg HTTP/1.1" 200 27
58.40.7.146 - - [02/Jun/2021:09:51:47 +0800] "GET /xingrg/all/function/internal_message.html?_=1622598707039&CODE_STATE=getMsg HTTP/1.1" 302 -
116.235.222.38 - - [02/Jun/2021:09:51:47 +0800] "GET /xingrg/kc/base/wldb_order_operate.html?command=get_materiel&rest_code=00107&base_code=0010151&code=00101019185 HTTP/1.1" 200 455
116.235.222.38 - - [02/Jun/2021:09:51:54 +0800] "GET /xingrg/kc/base/wldb_order_operate.html?command=get_materiel&rest_code=00107&base_code=0010151&code=00101011005 HTTP/1.1" 200 430
180.169.147.146 - - [02/Jun/2021:09:51:57 +0800] "GET /xingrg/all/function/internal_message.html?_=1622598717956&CODE_STATE=getMsg HTTP/1.1" 302 -
116.224.253.72 - - [02/Jun/2021:09:52:00 +0800] "GET /xingrg/all/function/internal_message.html?_=1622598719128&CODE_STATE=getMsg HTTP/1.1" 200 27
116.235.222.38 - - [02/Jun/2021:09:52:04 +0800] "GET /xingrg/kc/base/wldb_order_operate.html?command=get_materiel&rest_code=00107&base_code=0010151&code=00101016094 HTTP/1.1" 200 470
116.230.110.80 - - [02/Jun/2021:09:52:06 +0800] "GET /xingrg/all/function/internal_message.html?_=1622598723893&CODE_STATE=getMsg HTTP/1.1" 200 27
116.230.117.165 - - [02/Jun/2021:09:52:06 +0800] "GET /xingrg/all/function/internal_message.html?_=1622598735657&CODE_STATE=getMsg HTTP/1.1" 200 27
120.253.135.82 - - [02/Jun/2021:09:52:07 +0800] "GET /xingrg/check_reg.html?_=1622598765317 HTTP/1.1" 302 -
180.169.147.146 - - [02/Jun/2021:09:52:07 +0800] "GET /xingrg/all/function/internal_message.html?_=1622598727272&CODE_STATE=getMsg HTTP/1.1" 200 27
116.235.222.38 - - [02/Jun/2021:09:52:12 +0800] "GET /xingrg/kc/base/wldb_order_operate.html?command=get_materiel&rest_code=00107&base_code=0010151&code=00101016044 HTTP/1.1" 200 464
180.169.147.146 - - [02/Jun/2021:09:52:21 +0800] "GET /xingrg/check_reg.html?_=1622598742737 HTTP/1.1" 200 22
180.169.147.146 - - [02/Jun/2021:09:52:22 +0800] "GET /xingrg/all/function/internal_message.html?_=1622598743108&CODE_STATE=getMsg HTTP/1.1" 200 27
116.235.222.38 - - [02/Jun/2021:09:52:23 +0800] "POST /xingrg/kc/base/wldb_order_operate.html HTTP/1.1" 200 37
116.235.222.38 - - [02/Jun/2021:09:52:23 +0800] "POST /xingrg/kc/base/wldb_order_operate.html HTTP/1.1" 200 8261
116.235.222.38 - - [02/Jun/2021:09:52:24 +0800] "GET /xingrg/kc/base/wldb_order_info.html?code=422021060200150 HTTP/1.1" 200 30246
120.253.135.82 - - [02/Jun/2021:09:52:25 +0800] "GET /xingrg/all/function/internal_message.html?_=1622598782786&CODE_STATE=getMsg HTTP/1.1" 302 -
116.235.222.38 - - [02/Jun/2021:09:52:25 +0800] "GET /xingrg/javascript/easyui/themes/default/validatebox.css HTTP/1.1" 404 1104
116.235.222.38 - - [02/Jun/2021:09:52:26 +0800] "POST /xingrg/kc/base/wldb_order_operate.html HTTP/1.1" 200 8261
116.235.222.38 - - [02/Jun/2021:09:52:28 +0800] "GET /xingrg/kc/base/wldb_order_add.html HTTP/1.1" 200 30230
116.235.222.38 - - [02/Jun/2021:09:52:29 +0800] "GET /xingrg/javascript/easyui/themes/default/validatebox.css HTTP/1.1" 404 1104
116.235.222.38 - - [02/Jun/2021:09:52:29 +0800] "POST /xingrg/kc/base/wldb_order_operate.html HTTP/1.1" 200 6806
116.235.222.38 - - [02/Jun/2021:09:52:31 +0800] "POST /xingrg/all/common/load_combo.html?type=base HTTP/1.1" 200 3324
116.235.222.38 - - [02/Jun/2021:09:52:35 +0800] "GET /xingrg/all/function/internal_message.html?_=1622598751243&CODE_STATE=getMsg HTTP/1.1" 200 27
116.235.222.38 - - [02/Jun/2021:09:52:36 +0800] "POST /xingrg/all/common/load_combo.html?type=base HTTP/1.1" 200 3324
116.224.253.72 - - [02/Jun/2021:09:52:39 +0800] "GET /xingrg/all/function/internal_message.html?_=1622598764100&CODE_STATE=getMsg HTTP/1.1" 200 27
114.83.217.160 - - [02/Jun/2021:09:52:40 +0800] "GET /xingrg/all/function/internal_message.html?_=1622598760247&CODE_STATE=getMsg HTTP/1.1" 200 27
58.40.7.146 - - [02/Jun/2021:09:52:43 +0800] "GET /xingrg/all/function/internal_message.html?_=1622598763305&CODE_STATE=getMsg HTTP/1.1" 302 -
222.70.177.128 - - [02/Jun/2021:09:52:43 +0800] "GET /xingrg/all/function/internal_message.html?_=1622598763124&CODE_STATE=getMsg HTTP/1.1" 302 -
61.165.42.208 - - [02/Jun/2021:09:52:45 +0800] "GET /xingrg/all/function/internal_message.html?_=1622598766192&CODE_STATE=getMsg HTTP/1.1" 200 27
58.40.7.146 - - [02/Jun/2021:09:52:47 +0800] "GET /xingrg/all/function/internal_message.html?_=1622598767040&CODE_STATE=getMsg HTTP/1.1" 302 -
180.169.147.146 - - [02/Jun/2021:09:52:57 +0800] "GET /xingrg/all/function/internal_message.html?_=1622598777929&CODE_STATE=getMsg HTTP/1.1" 302 -
180.169.147.146 - - [02/Jun/2021:09:52:58 +0800] "GET /xingrg/check_reg.html?_=1622598779105 HTTP/1.1" 302 -
116.235.222.38 - - [02/Jun/2021:09:52:58 +0800] "GET /xingrg/kc/base/wldb_order_operate.html?command=get_materiel&rest_code=00107&base_code=0010152&code=00102002150 HTTP/1.1" 200 433
116.224.253.72 - - [02/Jun/2021:09:53:00 +0800] "GET /xingrg/all/function/internal_message.html?_=1622598779140&CODE_STATE=getMsg HTTP/1.1" 200 27
116.230.110.80 - - [02/Jun/2021:09:53:06 +0800] "GET /xingrg/all/function/internal_message.html?_=1622598783890&CODE_STATE=getMsg HTTP/1.1" 200 27
116.230.117.165 - - [02/Jun/2021:09:53:06 +0800] "GET /xingrg/all/function/internal_message.html?_=1622598795758&CODE_STATE=getMsg HTTP/1.1" 200 27
180.169.147.146 - - [02/Jun/2021:09:53:07 +0800] "GET /xingrg/check_reg.html?_=1622598787274 HTTP/1.1" 200 22
180.169.147.146 - - [02/Jun/2021:09:53:07 +0800] "GET /xingrg/all/function/internal_message.html?_=1622598787278&CODE_STATE=getMsg HTTP/1.1" 200 27
116.235.222.38 - - [02/Jun/2021:09:53:08 +0800] "GET /xingrg/kc/base/wldb_order_operate.html?command=get_materiel&rest_code=00107&base_code=0010152&code=00102002204 HTTP/1.1" 200 434
180.169.147.146 - - [02/Jun/2021:09:53:22 +0800] "GET /xingrg/all/function/internal_message.html?_=1622598803121&CODE_STATE=getMsg HTTP/1.1" 200 27
120.253.135.82 - - [02/Jun/2021:09:53:25 +0800] "GET /xingrg/all/function/internal_message.html?_=1622598842809&CODE_STATE=getMsg HTTP/1.1" 302 -
116.235.222.38 - - [02/Jun/2021:09:53:35 +0800] "GET /xingrg/all/function/internal_message.html?_=1622598811220&CODE_STATE=getMsg HTTP/1.1" 200 27
116.235.222.38 - - [02/Jun/2021:09:53:35 +0800] "GET /xingrg/check_reg.html?_=1622598811438 HTTP/1.1" 200 22
116.235.222.38 - - [02/Jun/2021:09:53:37 +0800] "GET /xingrg/kc/base/wldb_order_operate.html?command=get_materiel&rest_code=00107&base_code=0010152&code=00102002304 HTTP/1.1" 200 450
116.224.253.72 - - [02/Jun/2021:09:53:39 +0800] "GET /xingrg/all/function/internal_message.html?_=1622598824106&CODE_STATE=getMsg HTTP/1.1" 200 27
114.83.217.160 - - [02/Jun/2021:09:53:40 +0800] "GET /xingrg/all/function/internal_message.html?_=1622598820230&CODE_STATE=getMsg HTTP/1.1" 200 27
58.40.7.146 - - [02/Jun/2021:09:53:43 +0800] "GET /xingrg/all/function/internal_message.html?_=1622598823291&CODE_STATE=getMsg HTTP/1.1" 302 -
222.70.177.128 - - [02/Jun/2021:09:53:43 +0800] "GET /xingrg/all/function/internal_message.html?_=1622598823126&CODE_STATE=getMsg HTTP/1.1" 302 -
61.165.42.208 - - [02/Jun/2021:09:53:45 +0800] "GET /xingrg/all/function/internal_message.html?_=1622598826194&CODE_STATE=getMsg HTTP/1.1" 200 27
61.165.42.208 - - [02/Jun/2021:09:53:45 +0800] "GET /xingrg/check_reg.html?_=1622598826197 HTTP/1.1" 200 22
58.40.7.146 - - [02/Jun/2021:09:53:47 +0800] "GET /xingrg/all/function/internal_message.html?_=1622598827044&CODE_STATE=getMsg HTTP/1.1" 302 -
58.40.7.146 - - [02/Jun/2021:09:53:47 +0800] "GET /xingrg/check_reg.html?_=1622598827045 HTTP/1.1" 302 -
180.169.147.146 - - [02/Jun/2021:09:53:57 +0800] "GET /xingrg/all/function/internal_message.html?_=1622598837906&CODE_STATE=getMsg HTTP/1.1" 302 -
116.235.222.38 - - [02/Jun/2021:09:53:57 +0800] "GET /xingrg/kc/base/wldb_order_operate.html?command=get_materiel&rest_code=00107&base_code=0010152&code=00102002391 HTTP/1.1" 200 435
116.224.253.72 - - [02/Jun/2021:09:54:00 +0800] "GET /xingrg/all/function/internal_message.html?_=1622598839292&CODE_STATE=getMsg HTTP/1.1" 200 27
116.230.110.80 - - [02/Jun/2021:09:54:06 +0800] "GET /xingrg/all/function/internal_message.html?_=1622598843881&CODE_STATE=getMsg HTTP/1.1" 200 27
116.230.117.165 - - [02/Jun/2021:09:54:06 +0800] "GET /xingrg/all/function/internal_message.html?_=1622598855762&CODE_STATE=getMsg HTTP/1.1" 200 27
180.169.147.146 - - [02/Jun/2021:09:54:07 +0800] "GET /xingrg/all/function/internal_message.html?_=1622598847265&CODE_STATE=getMsg HTTP/1.1" 200 27
116.235.222.38 - - [02/Jun/2021:09:54:13 +0800] "GET /xingrg/kc/base/wldb_order_operate.html?command=get_materiel&rest_code=00107&base_code=0010152&code=00102004006 HTTP/1.1" 200 444
180.169.147.146 - - [02/Jun/2021:09:54:22 +0800] "GET /xingrg/all/function/internal_message.html?_=1622598863134&CODE_STATE=getMsg HTTP/1.1" 200 27
116.235.222.38 - - [02/Jun/2021:09:54:23 +0800] "GET /xingrg/kc/base/wldb_order_operate.html?command=get_materiel&rest_code=00107&base_code=0010152&code=00102002006 HTTP/1.1" 200 468
120.253.135.82 - - [02/Jun/2021:09:54:25 +0800] "GET /xingrg/all/function/internal_message.html?_=1622598902814&CODE_STATE=getMsg HTTP/1.1" 302 -
116.224.253.72 - - [02/Jun/2021:09:54:26 +0800] "POST /xingrg/kc/buy/cgsh_order_operate.html HTTP/1.1" 200 37
180.169.147.146 - - [02/Jun/2021:09:54:27 +0800] "GET /xingrg/check_reg.html?_=1622598864868 HTTP/1.1" 200 22
116.235.222.38 - - [02/Jun/2021:09:54:33 +0800] "GET /xingrg/kc/base/wldb_order_operate.html?command=get_materiel&rest_code=00107&base_code=0010152&code=00102002448 HTTP/1.1" 200 426
116.235.222.38 - - [02/Jun/2021:09:54:35 +0800] "GET /xingrg/all/function/internal_message.html?_=1622598871190&CODE_STATE=getMsg HTTP/1.1" 200 27
58.221.95.50 - - [02/Jun/2021:09:54:37 +0800] "GET /xingrg/check_reg.html?_=1622598878222 HTTP/1.1" 302 -
116.224.253.72 - - [02/Jun/2021:09:54:38 +0800] "GET /xingrg/check_reg.html?_=1622598883271 HTTP/1.1" 200 22
116.224.253.72 - - [02/Jun/2021:09:54:39 +0800] "GET /xingrg/all/function/internal_message.html?_=1622598884119&CODE_STATE=getMsg HTTP/1.1" 200 27
114.83.217.160 - - [02/Jun/2021:09:54:40 +0800] "GET /xingrg/all/function/internal_message.html?_=1622598880235&CODE_STATE=getMsg HTTP/1.1" 200 27
58.40.7.146 - - [02/Jun/2021:09:54:43 +0800] "GET /xingrg/all/function/internal_message.html?_=1622598883263&CODE_STATE=getMsg HTTP/1.1" 302 -
222.70.177.128 - - [02/Jun/2021:09:54:43 +0800] "GET /xingrg/all/function/internal_message.html?_=1622598883150&CODE_STATE=getMsg HTTP/1.1" 302 -
180.161.111.4 - - [02/Jun/2021:09:54:44 +0800] "GET /favicon.ico HTTP/1.1" 404 -
180.161.111.4 - - [02/Jun/2021:09:54:44 +0800] "GET /favicon.ico HTTP/1.1" 404 -
180.161.111.4 - - [02/Jun/2021:09:54:45 +0800] "GET /favicon.ico HTTP/1.1" 404 -
61.165.42.208 - - [02/Jun/2021:09:54:45 +0800] "GET /xingrg/all/function/internal_message.html?_=1622598886197&CODE_STATE=getMsg HTTP/1.1" 200 27
180.161.111.4 - - [02/Jun/2021:09:54:45 +0800] "GET /favicon.ico HTTP/1.1" 404 -
116.235.222.38 - - [02/Jun/2021:09:54:47 +0800] "POST /xingrg/kc/base/wldb_order_operate.html HTTP/1.1" 200 37
58.40.7.146 - - [02/Jun/2021:09:54:47 +0800] "GET /xingrg/all/function/internal_message.html?_=1622598887047&CODE_STATE=getMsg HTTP/1.1" 302 -
116.235.222.38 - - [02/Jun/2021:09:54:47 +0800] "POST /xingrg/kc/base/wldb_order_operate.html HTTP/1.1" 200 4643
116.235.222.38 - - [02/Jun/2021:09:54:49 +0800] "GET /xingrg/kc/base/wldb_order_info.html?code=422021060200151 HTTP/1.1" 200 30244
116.235.222.38 - - [02/Jun/2021:09:54:50 +0800] "GET /xingrg/javascript/easyui/themes/default/validatebox.css HTTP/1.1" 404 1104
116.224.253.72 - - [02/Jun/2021:09:54:52 +0800] "POST /xingrg/kc/buy/cgsh_order_operate.html HTTP/1.1" 200 12
116.235.222.38 - - [02/Jun/2021:09:54:52 +0800] "POST /xingrg/kc/base/wldb_order_operate.html HTTP/1.1" 200 4643
116.224.253.72 - - [02/Jun/2021:09:54:54 +0800] "GET /xingrg/kc/buy/cgsh_order_info.html?code=212021060200491 HTTP/1.1" 200 57144
116.224.253.72 - - [02/Jun/2021:09:54:54 +0800] "GET /xingrg/javascript/easyui/themes/default/validatebox.css HTTP/1.1" 404 1104
116.224.253.72 - - [02/Jun/2021:09:54:55 +0800] "POST /xingrg/kc/buy/cgsh_order_operate.html HTTP/1.1" 200 25426
180.169.147.146 - - [02/Jun/2021:09:54:57 +0800] "GET /xingrg/all/function/internal_message.html?_=1622598897878&CODE_STATE=getMsg HTTP/1.1" 302 -
116.224.253.72 - - [02/Jun/2021:09:54:57 +0800] "GET /xingrg/kc/print/load_data.html?order_code=212021060200491&kc_code=cgsh&condition= HTTP/1.1" 200 10151
116.224.253.72 - - [02/Jun/2021:09:55:00 +0800] "GET /xingrg/check_reg.html?_=1622598899167 HTTP/1.1" 200 22
116.224.253.72 - - [02/Jun/2021:09:55:00 +0800] "GET /xingrg/all/function/internal_message.html?_=1622598899280&CODE_STATE=getMsg HTTP/1.1" 200 27
116.235.222.38 - - [02/Jun/2021:09:55:01 +0800] "GET /xingrg/kc/base/wldb_order_add.html HTTP/1.1" 200 30230
116.235.222.38 - - [02/Jun/2021:09:55:05 +0800] "GET /xingrg/javascript/easyui/themes/default/validatebox.css HTTP/1.1" 404 1104
116.235.222.38 - - [02/Jun/2021:09:55:05 +0800] "POST /xingrg/kc/base/wldb_order_operate.html HTTP/1.1" 200 6806
116.224.253.72 - - [02/Jun/2021:09:55:05 +0800] "POST /xingrg/all/user/operate.html HTTP/1.1" 200 36
58.40.7.146 - - [02/Jun/2021:09:55:06 +0800] "GET /xingrg/check_reg.html?_=1622598905796 HTTP/1.1" 302 -
116.230.110.80 - - [02/Jun/2021:09:55:06 +0800] "GET /xingrg/all/function/internal_message.html?_=1622598903891&CODE_STATE=getMsg HTTP/1.1" 200 27
116.224.253.72 - - [02/Jun/2021:09:55:06 +0800] "GET /xingrg/index.html?sysBaseUrl=http%3A%2F%2F180.169.147.146%3A18081%2Fxingrg%2F&costTime=1558×tamp=1622597599285 HTTP/1.1" 200 17177
116.224.253.72 - - [02/Jun/2021:09:55:06 +0800] "GET /xingrg/javascript/jquery_easy_ui/themes/default/easyui.css HTTP/1.1" 304 -
116.230.117.165 - - [02/Jun/2021:09:55:06 +0800] "GET /xingrg/check_reg.html?_=1622598915553 HTTP/1.1" 200 22
116.224.253.72 - - [02/Jun/2021:09:55:06 +0800] "GET /xingrg/javascript/jquery_easy_ui/themes/icon.css HTTP/1.1" 304 -
116.224.253.72 - - [02/Jun/2021:09:55:06 +0800] "GET /xingrg/css/form.css HTTP/1.1" 304 -
116.224.253.72 - - [02/Jun/2021:09:55:06 +0800] "GET /xingrg/javascript/jquery-1.4.2.min.js HTTP/1.1" 304 -
116.224.253.72 - - [02/Jun/2021:09:55:06 +0800] "GET /xingrg/javascript/jquery_easy_ui/jquery.easyui.min.js HTTP/1.1" 304 -
116.224.253.72 - - [02/Jun/2021:09:55:06 +0800] "GET /xingrg/javascript/jquery_easy_ui/easyui-lang-zh_CN.js HTTP/1.1" 304 -
116.224.253.72 - - [02/Jun/2021:09:55:06 +0800] "GET /xingrg/javascript/jquery.form.js HTTP/1.1" 304 -
116.224.253.72 - - [02/Jun/2021:09:55:06 +0800] "GET /xingrg/javascript/jquery.utils.js HTTP/1.1" 304 -
116.224.253.72 - - [02/Jun/2021:09:55:06 +0800] "GET /xingrg/javascript/jquery.timers.js HTTP/1.1" 304 -
116.224.253.72 - - [02/Jun/2021:09:55:06 +0800] "GET /xingrg/images/blue/jxLogo.png HTTP/1.1" 304 -
116.224.253.72 - - [02/Jun/2021:09:55:06 +0800] "GET /xingrg/images/blue/navBackgound.jpg HTTP/1.1" 304 -
116.224.253.72 - - [02/Jun/2021:09:55:06 +0800] "GET /xingrg/javascript/jquery_easy_ui/themes/icons/settle_new.png HTTP/1.1" 304 -
116.230.117.165 - - [02/Jun/2021:09:55:06 +0800] "GET /xingrg/all/function/internal_message.html?_=1622598915775&CODE_STATE=getMsg HTTP/1.1" 200 27
116.224.253.72 - - [02/Jun/2021:09:55:06 +0800] "GET /xingrg/all/function/internal_message.html?_=1622598905537&CODE_STATE=count HTTP/1.1" 200 11
116.224.253.72 - - [02/Jun/2021:09:55:06 +0800] "GET /xingrg/check_reg.html?_=1622598905539 HTTP/1.1" 200 22
116.224.253.72 - - [02/Jun/2021:09:55:06 +0800] "GET /xingrg/javascript/jquery_easy_ui/themes/default/images/panel_tool_collapse.gif HTTP/1.1" 304 -
116.224.253.72 - - [02/Jun/2021:09:55:06 +0800] "GET /xingrg/javascript/jquery_easy_ui/themes/default/images/tabs_rightarrow.png HTTP/1.1" 304 -
116.224.253.72 - - [02/Jun/2021:09:55:06 +0800] "GET /xingrg/javascript/jquery_easy_ui/themes/default/images/tabs_leftarrow.png HTTP/1.1" 304 -
116.224.253.72 - - [02/Jun/2021:09:55:06 +0800] "GET /xingrg/images/blue/pingpu.png HTTP/1.1" 304 -
116.224.253.72 - - [02/Jun/2021:09:55:06 +0800] "POST /xingrg/all/common/load_tree.html?tree=area_rest_tree_json&manage=1 HTTP/1.1" 200 476
116.224.253.72 - - [02/Jun/2021:09:55:06 +0800] "POST /xingrg/load_menu.html HTTP/1.1" 200 5138
180.169.147.146 - - [02/Jun/2021:09:55:07 +0800] "GET /xingrg/all/function/internal_message.html?_=1622598907267&CODE_STATE=getMsg HTTP/1.1" 200 27
116.235.222.38 - - [02/Jun/2021:09:55:08 +0800] "POST /xingrg/all/common/load_combo.html?type=base HTTP/1.1" 200 3324
116.224.253.72 - - [02/Jun/2021:09:55:09 +0800] "GET /xingrg/kc/buy/cgsh_order_list.html HTTP/1.1" 200 46572
116.224.253.72 - - [02/Jun/2021:09:55:11 +0800] "POST /xingrg/kc/buy/cgsh_list_operate.html HTTP/1.1" 200 1709
116.224.253.72 - - [02/Jun/2021:09:55:13 +0800] "POST /xingrg/kc/buy/cgsh_list_operate.html HTTP/1.1" 200 558
116.235.222.38 - - [02/Jun/2021:09:55:13 +0800] "POST /xingrg/all/common/load_combo.html?type=base HTTP/1.1" 200 3324
116.224.253.72 - - [02/Jun/2021:09:55:15 +0800] "GET /xingrg/kc/buy/cgsh_order_info.html?code=212021060200497 HTTP/1.1" 200 61969
116.224.253.72 - - [02/Jun/2021:09:55:15 +0800] "GET /xingrg/javascript/easyui/themes/default/validatebox.css HTTP/1.1" 404 1104
116.224.253.72 - - [02/Jun/2021:09:55:15 +0800] "POST /xingrg/kc/buy/cgsh_order_operate.html HTTP/1.1" 200 26540
180.169.147.146 - - [02/Jun/2021:09:55:22 +0800] "GET /xingrg/all/function/internal_message.html?_=1622598923152&CODE_STATE=getMsg HTTP/1.1" 200 27
120.253.135.82 - - [02/Jun/2021:09:55:25 +0800] "GET /xingrg/all/function/internal_message.html?_=1622598962840&CODE_STATE=getMsg HTTP/1.1" 302 -
116.235.222.38 - - [02/Jun/2021:09:55:34 +0800] "GET /xingrg/kc/base/wldb_order_operate.html?command=get_materiel&rest_code=00107&base_code=0010157&code=00101006108 HTTP/1.1" 200 440
116.235.222.38 - - [02/Jun/2021:09:55:35 +0800] "GET /xingrg/all/function/internal_message.html?_=1622598931175&CODE_STATE=getMsg HTTP/1.1" 200 27
116.224.253.72 - - [02/Jun/2021:09:55:39 +0800] "GET /xingrg/all/function/internal_message.html?_=1622598944132&CODE_STATE=getMsg HTTP/1.1" 200 27
116.235.222.38 - - [02/Jun/2021:09:55:40 +0800] "POST /xingrg/kc/base/wldb_order_operate.html HTTP/1.1" 200 37
114.83.217.160 - - [02/Jun/2021:09:55:40 +0800] "GET /xingrg/all/function/internal_message.html?_=1622598940220&CODE_STATE=getMsg HTTP/1.1" 200 27
116.235.222.38 - - [02/Jun/2021:09:55:40 +0800] "POST /xingrg/kc/base/wldb_order_operate.html HTTP/1.1" 200 2189
116.235.222.38 - - [02/Jun/2021:09:55:41 +0800] "GET /xingrg/kc/base/wldb_order_info.html?code=422021060200152 HTTP/1.1" 200 30238
116.235.222.38 - - [02/Jun/2021:09:55:42 +0800] "GET /xingrg/javascript/easyui/themes/default/validatebox.css HTTP/1.1" 404 1104
116.235.222.38 - - [02/Jun/2021:09:55:43 +0800] "POST /xingrg/kc/base/wldb_order_operate.html HTTP/1.1" 200 2189
58.40.7.146 - - [02/Jun/2021:09:55:43 +0800] "GET /xingrg/all/function/internal_message.html?_=1622598943235&CODE_STATE=getMsg HTTP/1.1" 302 -
222.70.177.128 - - [02/Jun/2021:09:55:43 +0800] "GET /xingrg/check_reg.html?_=1622598943158 HTTP/1.1" 302 -
222.70.177.128 - - [02/Jun/2021:09:55:43 +0800] "GET /xingrg/all/function/internal_message.html?_=1622598943157&CODE_STATE=getMsg HTTP/1.1" 302 -
116.235.222.38 - - [02/Jun/2021:09:55:44 +0800] "GET /xingrg/kc/base/wldb_order_add.html HTTP/1.1" 200 30230
116.235.222.38 - - [02/Jun/2021:09:55:45 +0800] "GET /xingrg/javascript/easyui/themes/default/validatebox.css HTTP/1.1" 404 1104
116.235.222.38 - - [02/Jun/2021:09:55:45 +0800] "POST /xingrg/kc/base/wldb_order_operate.html HTTP/1.1" 200 6806
61.165.42.208 - - [02/Jun/2021:09:55:45 +0800] "GET /xingrg/all/function/internal_message.html?_=1622598946197&CODE_STATE=getMsg HTTP/1.1" 200 27
116.235.222.38 - - [02/Jun/2021:09:55:46 +0800] "POST /xingrg/all/common/load_combo.html?type=base HTTP/1.1" 200 3324
58.40.7.146 - - [02/Jun/2021:09:55:47 +0800] "GET /xingrg/all/function/internal_message.html?_=1622598947050&CODE_STATE=getMsg HTTP/1.1" 302 -
180.169.147.146 - - [02/Jun/2021:09:55:57 +0800] "GET /xingrg/all/function/internal_message.html?_=1622598957851&CODE_STATE=getMsg HTTP/1.1" 302 -
116.235.222.38 - - [02/Jun/2021:09:55:59 +0800] "POST /xingrg/all/common/load_combo.html?type=base HTTP/1.1" 200 3324
116.230.110.80 - - [02/Jun/2021:09:56:06 +0800] "GET /xingrg/check_reg.html?_=1622598963907 HTTP/1.1" 200 22
116.230.110.80 - - [02/Jun/2021:09:56:06 +0800] "GET /xingrg/all/function/internal_message.html?_=1622598963892&CODE_STATE=getMsg HTTP/1.1" 200 27
116.230.117.165 - - [02/Jun/2021:09:56:06 +0800] "GET /xingrg/all/function/internal_message.html?_=1622598975789&CODE_STATE=getMsg HTTP/1.1" 200 27
116.224.253.72 - - [02/Jun/2021:09:56:06 +0800] "GET /xingrg/all/function/internal_message.html?_=1622598965544&CODE_STATE=getMsg HTTP/1.1" 200 27
180.169.147.146 - - [02/Jun/2021:09:56:07 +0800] "GET /xingrg/all/function/internal_message.html?_=1622598967268&CODE_STATE=getMsg HTTP/1.1" 200 27
116.235.222.38 - - [02/Jun/2021:09:56:15 +0800] "GET /xingrg/kc/base/wldb_order_operate.html?command=get_materiel&rest_code=00107&base_code=0010157&code=00101013215 HTTP/1.1" 200 434
180.169.147.146 - - [02/Jun/2021:09:56:22 +0800] "GET /xingrg/all/function/internal_message.html?_=1622598983163&CODE_STATE=getMsg HTTP/1.1" 200 27
120.253.135.82 - - [02/Jun/2021:09:56:25 +0800] "GET /xingrg/all/function/internal_message.html?_=1622599022856&CODE_STATE=getMsg HTTP/1.1" 302 -
116.235.222.38 - - [02/Jun/2021:09:56:25 +0800] "POST /xingrg/kc/base/wldb_order_operate.html HTTP/1.1" 200 37
116.235.222.38 - - [02/Jun/2021:09:56:26 +0800] "POST /xingrg/kc/base/wldb_order_operate.html HTTP/1.1" 200 2182
116.235.222.38 - - [02/Jun/2021:09:56:27 +0800] "GET /xingrg/kc/base/wldb_order_info.html?code=422021060200153 HTTP/1.1" 200 30240
116.235.222.38 - - [02/Jun/2021:09:56:28 +0800] "GET /xingrg/javascript/easyui/themes/default/validatebox.css HTTP/1.1" 404 1104
116.235.222.38 - - [02/Jun/2021:09:56:28 +0800] "POST /xingrg/kc/base/wldb_order_operate.html HTTP/1.1" 200 2182
180.161.111.4 - - [02/Jun/2021:09:56:30 +0800] "GET /favicon.ico HTTP/1.1" 404 -
180.161.111.4 - - [02/Jun/2021:09:56:31 +0800] "GET /favicon.ico HTTP/1.1" 404 -
116.235.222.38 - - [02/Jun/2021:09:56:31 +0800] "GET /xingrg/kc/base/wldb_order_add.html HTTP/1.1" 200 30230
180.161.111.4 - - [02/Jun/2021:09:56:32 +0800] "GET /favicon.ico HTTP/1.1" 404 -
116.235.222.38 - - [02/Jun/2021:09:56:32 +0800] "GET /xingrg/javascript/easyui/themes/default/validatebox.css HTTP/1.1" 404 1104
180.161.111.4 - - [02/Jun/2021:09:56:32 +0800] "GET /favicon.ico HTTP/1.1" 404 -
116.235.222.38 - - [02/Jun/2021:09:56:32 +0800] "POST /xingrg/kc/base/wldb_order_operate.html HTTP/1.1" 200 6806
58.37.225.51 - - [02/Jun/2021:09:56:32 +0800] "GET /xingrg/check_reg.html?_=1622598938337 HTTP/1.1" 302 -
116.235.222.38 - - [02/Jun/2021:09:56:33 +0800] "POST /xingrg/all/common/load_combo.html?type=base HTTP/1.1" 200 3324
180.161.111.4 - - [02/Jun/2021:09:56:34 +0800] "GET /xingrg/login.html HTTP/1.1" 200 7641
116.235.222.38 - - [02/Jun/2021:09:56:35 +0800] "POST /xingrg/all/common/load_combo.html?type=base HTTP/1.1" 200 3324
180.161.111.4 - - [02/Jun/2021:09:56:35 +0800] "GET /xingrg/images/blue/jxLogo.png HTTP/1.1" 200 6156
116.235.222.38 - - [02/Jun/2021:09:56:35 +0800] "GET /xingrg/all/function/internal_message.html?_=1622598991149&CODE_STATE=getMsg HTTP/1.1" 200 27
180.161.111.4 - - [02/Jun/2021:09:56:35 +0800] "GET /xingrg/images/blue/hj.png HTTP/1.1" 200 1014
180.161.111.4 - - [02/Jun/2021:09:56:35 +0800] "GET /xingrg/images/blue/srbg.png HTTP/1.1" 200 138
180.161.111.4 - - [02/Jun/2021:09:56:36 +0800] "GET /xingrg/images/blue/login_bg.png HTTP/1.1" 200 22101
180.161.111.4 - - [02/Jun/2021:09:56:36 +0800] "GET /favicon.ico HTTP/1.1" 404 -
116.224.253.72 - - [02/Jun/2021:09:56:39 +0800] "GET /xingrg/all/function/internal_message.html?_=1622599004147&CODE_STATE=getMsg HTTP/1.1" 200 27
114.83.217.160 - - [02/Jun/2021:09:56:40 +0800] "GET /xingrg/all/function/internal_message.html?_=1622599000205&CODE_STATE=getMsg HTTP/1.1" 200 27
114.83.217.160 - - [02/Jun/2021:09:56:40 +0800] "GET /xingrg/check_reg.html?_=1622599000845 HTTP/1.1" 200 22
180.161.111.4 - - [02/Jun/2021:09:56:41 +0800] "POST /xingrg/login.do HTTP/1.1" 302 -
180.161.111.4 - - [02/Jun/2021:09:56:42 +0800] "GET /xingrg/javascript/jquery_easy_ui/themes/icon.css HTTP/1.1" 200 3949
180.161.111.4 - - [02/Jun/2021:09:56:42 +0800] "GET /xingrg/css/form.css HTTP/1.1" 200 893
180.161.111.4 - - [02/Jun/2021:09:56:42 +0800] "GET /xingrg/index.html?sysBaseUrl=http%3A%2F%2F180.169.147.146%3A18081%2Fxingrg%2F&costTime=1119×tamp=1622599001952 HTTP/1.1" 200 17173
180.161.111.4 - - [02/Jun/2021:09:56:42 +0800] "GET /xingrg/javascript/jquery-1.4.2.min.js HTTP/1.1" 200 72205
180.161.111.4 - - [02/Jun/2021:09:56:42 +0800] "GET /xingrg/javascript/jquery_easy_ui/jquery.easyui.min.js HTTP/1.1" 200 213662
180.161.111.4 - - [02/Jun/2021:09:56:42 +0800] "GET /xingrg/javascript/jquery_easy_ui/easyui-lang-zh_CN.js HTTP/1.1" 200 1900
180.161.111.4 - - [02/Jun/2021:09:56:42 +0800] "GET /xingrg/javascript/jquery.timers.js HTTP/1.1" 200 3532
180.161.111.4 - - [02/Jun/2021:09:56:42 +0800] "GET /xingrg/javascript/jquery.utils.js HTTP/1.1" 200 11805
180.161.111.4 - - [02/Jun/2021:09:56:42 +0800] "GET /xingrg/javascript/jquery.form.js HTTP/1.1" 200 23110
180.161.111.4 - - [02/Jun/2021:09:56:42 +0800] "GET /xingrg/javascript/jquery_easy_ui/themes/default/easyui.css HTTP/1.1" 200 26500
180.161.111.4 - - [02/Jun/2021:09:56:42 +0800] "GET /favicon.ico HTTP/1.1" 404 -
180.161.111.4 - - [02/Jun/2021:09:56:42 +0800] "GET /xingrg/javascript/jquery_easy_ui/themes/icons/settle_new.png HTTP/1.1" 200 826
180.161.111.4 - - [02/Jun/2021:09:56:42 +0800] "GET /xingrg/images/blue/navBackgound.jpg HTTP/1.1" 200 12378
180.161.111.4 - - [02/Jun/2021:09:56:43 +0800] "GET /xingrg/images/blue/pingpu.png HTTP/1.1" 200 231
180.161.111.4 - - [02/Jun/2021:09:56:43 +0800] "GET /xingrg/javascript/jquery_easy_ui/themes/default/images/tabs_leftarrow.png HTTP/1.1" 200 389
180.161.111.4 - - [02/Jun/2021:09:56:43 +0800] "GET /xingrg/javascript/jquery_easy_ui/themes/default/images/tabs_rightarrow.png HTTP/1.1" 200 395
180.161.111.4 - - [02/Jun/2021:09:56:43 +0800] "GET /xingrg/javascript/jquery_easy_ui/themes/default/images/panel_tool_collapse.gif HTTP/1.1" 200 246
180.161.111.4 - - [02/Jun/2021:09:56:43 +0800] "POST /xingrg/all/common/load_tree.html?tree=area_rest_tree_json&manage=1 HTTP/1.1" 200 342
58.40.7.146 - - [02/Jun/2021:09:56:43 +0800] "GET /xingrg/all/function/internal_message.html?_=1622599003206&CODE_STATE=getMsg HTTP/1.1" 302 -
180.161.111.4 - - [02/Jun/2021:09:56:43 +0800] "GET /xingrg/check_reg.html?_=1622598964633 HTTP/1.1" 200 22
180.161.111.4 - - [02/Jun/2021:09:56:43 +0800] "GET /xingrg/all/function/internal_message.html?_=1622598964623&CODE_STATE=count HTTP/1.1" 200 11
180.161.111.4 - - [02/Jun/2021:09:56:44 +0800] "GET /xingrg/javascript/jquery_easy_ui/themes/default/images/tree_arrows.gif HTTP/1.1" 200 1043
180.161.111.4 - - [02/Jun/2021:09:56:44 +0800] "POST /xingrg/load_menu.html HTTP/1.1" 200 5138
180.161.111.4 - - [02/Jun/2021:09:56:44 +0800] "GET /xingrg/javascript/jquery_easy_ui/themes/default/images/tree_folder_open.gif HTTP/1.1" 200 956
180.161.111.4 - - [02/Jun/2021:09:56:44 +0800] "GET /xingrg/javascript/jquery_easy_ui/themes/icons/search_new.png HTTP/1.1" 200 586
180.161.111.4 - - [02/Jun/2021:09:56:44 +0800] "GET /xingrg/javascript/jquery_easy_ui/themes/default/images/tree_folder.gif HTTP/1.1" 200 952
180.161.111.4 - - [02/Jun/2021:09:56:44 +0800] "GET /xingrg/javascript/jquery_easy_ui/themes/icons/storage_new.png HTTP/1.1" 200 853
180.161.111.4 - - [02/Jun/2021:09:56:44 +0800] "GET /xingrg/javascript/jquery_easy_ui/themes/icons/forms_new.png HTTP/1.1" 200 350
180.161.111.4 - - [02/Jun/2021:09:56:44 +0800] "GET /xingrg/javascript/jquery_easy_ui/themes/default/images/tree_file.gif HTTP/1.1" 200 118
116.235.222.38 - - [02/Jun/2021:09:56:45 +0800] "GET /xingrg/kc/base/wldb_order_operate.html?command=get_materiel&rest_code=00107&base_code=0010152&code=00102001105 HTTP/1.1" 200 432
61.165.42.208 - - [02/Jun/2021:09:56:45 +0800] "GET /xingrg/all/function/internal_message.html?_=1622599006198&CODE_STATE=getMsg HTTP/1.1" 200 27
58.40.7.146 - - [02/Jun/2021:09:56:47 +0800] "GET /xingrg/all/function/internal_message.html?_=1622599007056&CODE_STATE=getMsg HTTP/1.1" 302 -
116.235.222.38 - - [02/Jun/2021:09:56:51 +0800] "POST /xingrg/kc/base/wldb_order_operate.html HTTP/1.1" 200 37
116.235.222.38 - - [02/Jun/2021:09:56:51 +0800] "POST /xingrg/kc/base/wldb_order_operate.html HTTP/1.1" 200 2179
116.235.222.38 - - [02/Jun/2021:09:56:52 +0800] "GET /xingrg/kc/base/wldb_order_info.html?code=422021060200154 HTTP/1.1" 200 30242
116.235.222.38 - - [02/Jun/2021:09:56:53 +0800] "GET /xingrg/javascript/easyui/themes/default/validatebox.css HTTP/1.1" 404 1104
116.235.222.38 - - [02/Jun/2021:09:56:54 +0800] "POST /xingrg/kc/base/wldb_order_operate.html HTTP/1.1" 200 2179
180.169.147.146 - - [02/Jun/2021:09:56:57 +0800] "GET /xingrg/all/function/internal_message.html?_=1622599017823&CODE_STATE=getMsg HTTP/1.1" 302 -
116.235.222.38 - - [02/Jun/2021:09:57:00 +0800] "POST /xingrg/all/user/operate.html HTTP/1.1" 200 36
116.235.222.38 - - [02/Jun/2021:09:57:01 +0800] "GET /xingrg/index.html?sysBaseUrl=http%3A%2F%2F180.169.147.146%3A18081%2Fxingrg%2F&costTime=2501×tamp=1622597614003 HTTP/1.1" 200 17177
116.235.222.38 - - [02/Jun/2021:09:57:01 +0800] "GET /xingrg/javascript/jquery_easy_ui/themes/default/easyui.css HTTP/1.1" 304 -
116.235.222.38 - - [02/Jun/2021:09:57:01 +0800] "GET /xingrg/javascript/jquery_easy_ui/themes/icon.css HTTP/1.1" 304 -
116.235.222.38 - - [02/Jun/2021:09:57:01 +0800] "GET /xingrg/css/form.css HTTP/1.1" 304 -
116.235.222.38 - - [02/Jun/2021:09:57:01 +0800] "GET /xingrg/javascript/jquery-1.4.2.min.js HTTP/1.1" 304 -
116.235.222.38 - - [02/Jun/2021:09:57:01 +0800] "GET /xingrg/javascript/jquery_easy_ui/jquery.easyui.min.js HTTP/1.1" 304 -
116.235.222.38 - - [02/Jun/2021:09:57:01 +0800] "GET /xingrg/javascript/jquery_easy_ui/easyui-lang-zh_CN.js HTTP/1.1" 304 -
116.235.222.38 - - [02/Jun/2021:09:57:01 +0800] "GET /xingrg/javascript/jquery.form.js HTTP/1.1" 304 -
116.235.222.38 - - [02/Jun/2021:09:57:01 +0800] "GET /xingrg/javascript/jquery.utils.js HTTP/1.1" 304 -
116.235.222.38 - - [02/Jun/2021:09:57:01 +0800] "GET /xingrg/javascript/jquery.timers.js HTTP/1.1" 304 -
116.235.222.38 - - [02/Jun/2021:09:57:01 +0800] "GET /xingrg/images/blue/jxLogo.png HTTP/1.1" 304 -
116.235.222.38 - - [02/Jun/2021:09:57:01 +0800] "GET /xingrg/javascript/jquery_easy_ui/themes/icons/settle_new.png HTTP/1.1" 304 -
116.235.222.38 - - [02/Jun/2021:09:57:01 +0800] "GET /xingrg/images/blue/navBackgound.jpg HTTP/1.1" 304 -
116.235.222.38 - - [02/Jun/2021:09:57:01 +0800] "GET /xingrg/all/function/internal_message.html?_=1622599017464&CODE_STATE=count HTTP/1.1" 200 11
116.235.222.38 - - [02/Jun/2021:09:57:01 +0800] "GET /xingrg/images/blue/pingpu.png HTTP/1.1" 304 -
116.235.222.38 - - [02/Jun/2021:09:57:01 +0800] "GET /xingrg/javascript/jquery_easy_ui/themes/default/images/panel_tool_collapse.gif HTTP/1.1" 304 -
116.235.222.38 - - [02/Jun/2021:09:57:01 +0800] "GET /xingrg/check_reg.html?_=1622599017468 HTTP/1.1" 200 22
116.235.222.38 - - [02/Jun/2021:09:57:01 +0800] "GET /xingrg/javascript/jquery_easy_ui/themes/default/images/tabs_rightarrow.png HTTP/1.1" 304 -
116.235.222.38 - - [02/Jun/2021:09:57:01 +0800] "GET /xingrg/javascript/jquery_easy_ui/themes/default/images/tabs_leftarrow.png HTTP/1.1" 304 -
116.235.222.38 - - [02/Jun/2021:09:57:01 +0800] "POST /xingrg/all/common/load_tree.html?tree=area_rest_tree_json&manage=1 HTTP/1.1" 200 476
116.235.222.38 - - [02/Jun/2021:09:57:01 +0800] "POST /xingrg/load_menu.html HTTP/1.1" 200 5138
116.235.222.38 - - [02/Jun/2021:09:57:03 +0800] "GET /xingrg/kc/base/base_main.html HTTP/1.1" 200 12142
101.85.94.178 - - [02/Jun/2021:09:57:05 +0800] "GET /xingrg HTTP/1.1" 302 -
101.85.94.178 - - [02/Jun/2021:09:57:05 +0800] "GET /xingrg/ HTTP/1.1" 200 292
116.235.222.38 - - [02/Jun/2021:09:57:05 +0800] "GET /xingrg/kc/base/wldb_order_list.html HTTP/1.1" 200 19024
116.230.110.80 - - [02/Jun/2021:09:57:06 +0800] "GET /xingrg/all/function/internal_message.html?_=1622599023887&CODE_STATE=getMsg HTTP/1.1" 200 27
116.235.222.38 - - [02/Jun/2021:09:57:06 +0800] "POST /xingrg/kc/base/wldb_list_operate.html HTTP/1.1" 200 928
116.230.117.165 - - [02/Jun/2021:09:57:06 +0800] "GET /xingrg/all/function/internal_message.html?_=1622599035802&CODE_STATE=getMsg HTTP/1.1" 200 27
116.224.253.72 - - [02/Jun/2021:09:57:06 +0800] "GET /xingrg/all/function/internal_message.html?_=1622599025555&CODE_STATE=getMsg HTTP/1.1" 200 27
101.85.94.178 - - [02/Jun/2021:09:57:06 +0800] "GET /xingrg/index.html HTTP/1.1" 302 -
101.85.94.178 - - [02/Jun/2021:09:57:06 +0800] "GET /favicon.ico HTTP/1.1" 404 -
101.85.94.178 - - [02/Jun/2021:09:57:06 +0800] "GET /xingrg/login.html HTTP/1.1" 200 7641
101.85.94.178 - - [02/Jun/2021:09:57:06 +0800] "GET /xingrg/images/blue/jxLogo.png HTTP/1.1" 200 6156
116.235.222.38 - - [02/Jun/2021:09:57:07 +0800] "GET /xingrg/kc/base/wldb_order_add.html HTTP/1.1" 200 30228
120.253.135.82 - - [02/Jun/2021:09:57:07 +0800] "GET /xingrg/check_reg.html?_=1622599065339 HTTP/1.1" 302 -
180.169.147.146 - - [02/Jun/2021:09:57:07 +0800] "GET /xingrg/all/function/internal_message.html?_=1622599027269&CODE_STATE=getMsg HTTP/1.1" 200 27
101.85.94.178 - - [02/Jun/2021:09:57:07 +0800] "GET /xingrg/images/blue/hj.png HTTP/1.1" 200 1014
101.85.94.178 - - [02/Jun/2021:09:57:07 +0800] "GET /xingrg/images/blue/srbg.png HTTP/1.1" 200 138
101.85.94.178 - - [02/Jun/2021:09:57:07 +0800] "GET /favicon.ico HTTP/1.1" 404 -
101.85.94.178 - - [02/Jun/2021:09:57:07 +0800] "GET /xingrg/images/blue/login_bg.png HTTP/1.1" 200 22101
116.235.222.38 - - [02/Jun/2021:09:57:08 +0800] "POST /xingrg/kc/base/wldb_order_operate.html HTTP/1.1" 200 6806
116.235.222.38 - - [02/Jun/2021:09:57:08 +0800] "GET /xingrg/all/common/auto_word.html?type=base&rest_code=00153 HTTP/1.1" 200 551
