172.20.0.100 - - [02/Jun/2021:10:12:13 +0800] "POST /xingrg/all/report/report_print.html HTTP/1.1" 200 6144
58.40.7.146 - - [02/Jun/2021:10:12:14 +0800] "POST /xingrg/dwr/call/plaincall/AjaxCheckService.setItemNumber.dwr HTTP/1.1" 200 76
116.235.222.38 - - [02/Jun/2021:10:12:15 +0800] "POST /xingrg/kc/buy/cgsh_list_operate.html HTTP/1.1" 200 423
58.40.7.146 - - [02/Jun/2021:10:12:16 +0800] "POST /xingrg/dwr/call/plaincall/AjaxCheckService.setItemNumber.dwr HTTP/1.1" 200 76
180.169.147.146 - - [02/Jun/2021:10:12:21 +0800] "GET /xingrg/check_reg.html?_=1622599942757 HTTP/1.1" 200 22
61.165.42.208 - - [02/Jun/2021:10:12:21 +0800] "GET /xingrg/kc/buy/cgsh_order_operate.html?command=get_materiel&rest_code=00105&code=00101020101&supplier_code=00100203&order_time=2021-06-02 HTTP/1.1" 200 417
180.169.147.146 - - [02/Jun/2021:10:12:22 +0800] "GET /xingrg/all/function/internal_message.html?_=1622599943379&CODE_STATE=getMsg HTTP/1.1" 200 27
58.40.7.146 - - [02/Jun/2021:10:12:24 +0800] "POST /xingrg/dwr/call/plaincall/AjaxCheckService.setItemNumber.dwr HTTP/1.1" 200 76
172.20.0.100 - - [02/Jun/2021:10:12:24 +0800] "GET /xingrg/all/function/internal_message.html?_=1622599943366&CODE_STATE=getMsg HTTP/1.1" 200 27
120.253.135.82 - - [02/Jun/2021:10:12:25 +0800] "GET /xingrg/all/function/internal_message.html?_=1622599983154&CODE_STATE=getMsg HTTP/1.1" 302 -
116.235.222.38 - - [02/Jun/2021:10:12:25 +0800] "POST /xingrg/kc/buy/cgsh_list_operate.html HTTP/1.1" 200 280
58.40.7.146 - - [02/Jun/2021:10:12:26 +0800] "GET /xingrg/all/function/internal_message.html?_=1622599946370&CODE_STATE=getMsg HTTP/1.1" 200 27
58.40.7.146 - - [02/Jun/2021:10:12:29 +0800] "POST /xingrg/dwr/call/plaincall/AjaxCheckService.setItemNumber.dwr HTTP/1.1" 200 77
101.85.94.178 - - [02/Jun/2021:10:12:31 +0800] "GET /xingrg/check_reg.html?_=1622599423246 HTTP/1.1" 200 22
101.85.94.178 - - [02/Jun/2021:10:12:31 +0800] "GET /xingrg/all/function/internal_message.html?_=1622599423248&CODE_STATE=getMsg HTTP/1.1" 200 27
58.40.7.146 - - [02/Jun/2021:10:12:33 +0800] "POST /xingrg/dwr/call/plaincall/AjaxCheckService.setItemNumber.dwr HTTP/1.1" 200 77
116.235.222.38 - - [02/Jun/2021:10:12:34 +0800] "POST /xingrg/kc/buy/cgsh_list_operate.html HTTP/1.1" 200 271
58.40.7.146 - - [02/Jun/2021:10:12:35 +0800] "POST /xingrg/dwr/call/plaincall/AjaxCheckService.setItemNumber.dwr HTTP/1.1" 200 77
116.224.253.72 - - [02/Jun/2021:10:12:40 +0800] "GET /xingrg/all/function/internal_message.html?_=1622599964987&CODE_STATE=getMsg HTTP/1.1" 200 27
114.83.217.160 - - [02/Jun/2021:10:12:40 +0800] "GET /xingrg/all/function/internal_message.html?_=1622599960013&CODE_STATE=getMsg HTTP/1.1" 200 27
116.235.222.38 - - [02/Jun/2021:10:12:41 +0800] "POST /xingrg/kc/buy/cgsh_list_operate.html HTTP/1.1" 200 416
58.40.7.146 - - [02/Jun/2021:10:12:41 +0800] "POST /xingrg/dwr/call/plaincall/AjaxCheckService.setItemNumber.dwr HTTP/1.1" 200 77
120.253.135.82 - - [02/Jun/2021:10:12:41 +0800] "GET /xingrg/all/function/internal_message.html?_=1622599744396&CODE_STATE=getMsg HTTP/1.1" 200 27
58.40.7.146 - - [02/Jun/2021:10:12:43 +0800] "POST /xingrg/dwr/call/plaincall/AjaxCheckService.setItemNumber.dwr HTTP/1.1" 200 77
61.165.42.208 - - [02/Jun/2021:10:12:45 +0800] "GET /xingrg/all/function/internal_message.html?_=1622599966197&CODE_STATE=getMsg HTTP/1.1" 200 27
172.20.0.100 - - [02/Jun/2021:10:12:46 +0800] "GET /xingrg/all/function/internal_message.html?_=1622599966984&CODE_STATE=getMsg HTTP/1.1" 200 27
58.40.7.146 - - [02/Jun/2021:10:12:47 +0800] "GET /xingrg/all/function/internal_message.html?_=1622599967054&CODE_STATE=getMsg HTTP/1.1" 302 -
116.224.253.72 - - [02/Jun/2021:10:12:48 +0800] "POST /xingrg/all/user/operate.html HTTP/1.1" 200 36
116.224.253.72 - - [02/Jun/2021:10:12:48 +0800] "GET /xingrg/index.html?sysBaseUrl=http%3A%2F%2F180.169.147.146%3A18081%2Fxingrg%2F&costTime=1558×tamp=1622597599285 HTTP/1.1" 200 17179
116.224.253.72 - - [02/Jun/2021:10:12:48 +0800] "GET /xingrg/javascript/jquery_easy_ui/themes/default/easyui.css HTTP/1.1" 304 -
116.224.253.72 - - [02/Jun/2021:10:12:48 +0800] "GET /xingrg/javascript/jquery_easy_ui/themes/icon.css HTTP/1.1" 304 -
116.224.253.72 - - [02/Jun/2021:10:12:48 +0800] "GET /xingrg/css/form.css HTTP/1.1" 304 -
116.224.253.72 - - [02/Jun/2021:10:12:48 +0800] "GET /xingrg/javascript/jquery-1.4.2.min.js HTTP/1.1" 304 -
116.224.253.72 - - [02/Jun/2021:10:12:48 +0800] "GET /xingrg/javascript/jquery_easy_ui/jquery.easyui.min.js HTTP/1.1" 304 -
116.224.253.72 - - [02/Jun/2021:10:12:48 +0800] "GET /xingrg/javascript/jquery_easy_ui/easyui-lang-zh_CN.js HTTP/1.1" 304 -
116.224.253.72 - - [02/Jun/2021:10:12:48 +0800] "GET /xingrg/javascript/jquery.form.js HTTP/1.1" 304 -
116.224.253.72 - - [02/Jun/2021:10:12:48 +0800] "GET /xingrg/javascript/jquery.utils.js HTTP/1.1" 304 -
58.40.7.146 - - [02/Jun/2021:10:12:48 +0800] "POST /xingrg/dwr/call/plaincall/AjaxCheckService.setItemNumber.dwr HTTP/1.1" 200 77
116.224.253.72 - - [02/Jun/2021:10:12:48 +0800] "GET /xingrg/javascript/jquery.timers.js HTTP/1.1" 304 -
116.224.253.72 - - [02/Jun/2021:10:12:48 +0800] "GET /xingrg/images/blue/jxLogo.png HTTP/1.1" 304 -
116.224.253.72 - - [02/Jun/2021:10:12:48 +0800] "GET /xingrg/images/blue/navBackgound.jpg HTTP/1.1" 304 -
116.224.253.72 - - [02/Jun/2021:10:12:48 +0800] "GET /xingrg/javascript/jquery_easy_ui/themes/icons/settle_new.png HTTP/1.1" 304 -
116.224.253.72 - - [02/Jun/2021:10:12:48 +0800] "GET /xingrg/all/function/internal_message.html?_=1622599967948&CODE_STATE=count HTTP/1.1" 200 11
116.224.253.72 - - [02/Jun/2021:10:12:48 +0800] "GET /xingrg/check_reg.html?_=1622599967949 HTTP/1.1" 200 22
116.224.253.72 - - [02/Jun/2021:10:12:48 +0800] "GET /xingrg/javascript/jquery_easy_ui/themes/default/images/panel_tool_collapse.gif HTTP/1.1" 304 -
116.224.253.72 - - [02/Jun/2021:10:12:48 +0800] "GET /xingrg/images/blue/pingpu.png HTTP/1.1" 304 -
116.224.253.72 - - [02/Jun/2021:10:12:48 +0800] "GET /xingrg/javascript/jquery_easy_ui/themes/default/images/tabs_leftarrow.png HTTP/1.1" 304 -
116.224.253.72 - - [02/Jun/2021:10:12:48 +0800] "GET /xingrg/javascript/jquery_easy_ui/themes/default/images/tabs_rightarrow.png HTTP/1.1" 304 -
116.224.253.72 - - [02/Jun/2021:10:12:49 +0800] "POST /xingrg/all/common/load_tree.html?tree=area_rest_tree_json&manage=1 HTTP/1.1" 200 476
116.224.253.72 - - [02/Jun/2021:10:12:49 +0800] "POST /xingrg/load_menu.html HTTP/1.1" 200 5138
116.224.253.72 - - [02/Jun/2021:10:12:50 +0800] "GET /xingrg/kc/base/yddb_order_list.html HTTP/1.1" 200 16631
58.40.7.146 - - [02/Jun/2021:10:12:51 +0800] "POST /xingrg/dwr/call/plaincall/AjaxCheckService.setItemNumber.dwr HTTP/1.1" 200 77
116.224.253.72 - - [02/Jun/2021:10:12:51 +0800] "POST /xingrg/kc/base/yddb_list_operate.html HTTP/1.1" 200 636
58.40.7.146 - - [02/Jun/2021:10:12:52 +0800] "POST /xingrg/dwr/call/plaincall/AjaxCheckService.setItemNumber.dwr HTTP/1.1" 200 77
116.224.253.72 - - [02/Jun/2021:10:12:52 +0800] "GET /xingrg/kc/base/yddb_order_add.html HTTP/1.1" 200 29829
116.224.253.72 - - [02/Jun/2021:10:12:52 +0800] "GET /xingrg/dwr/util.js HTTP/1.1" 304 -
116.224.253.72 - - [02/Jun/2021:10:12:52 +0800] "GET /xingrg/dwr/interface/AjaxYddbService.js HTTP/1.1" 200 13201
116.224.253.72 - - [02/Jun/2021:10:12:52 +0800] "GET /xingrg/dwr/interface/AjaxComOrderService.js HTTP/1.1" 200 18264
116.224.253.72 - - [02/Jun/2021:10:12:52 +0800] "GET /xingrg/dwr/engine.js HTTP/1.1" 200 43631
116.235.222.38 - - [02/Jun/2021:10:12:53 +0800] "POST /xingrg/kc/buy/cgsh_list_operate.html HTTP/1.1" 200 270
116.235.222.38 - - [02/Jun/2021:10:12:54 +0800] "GET /xingrg/all/function/internal_message.html?_=1622599970578&CODE_STATE=getMsg HTTP/1.1" 200 27
58.40.7.146 - - [02/Jun/2021:10:12:55 +0800] "POST /xingrg/dwr/call/plaincall/AjaxCheckService.setItemNumber.dwr HTTP/1.1" 200 77
116.224.253.72 - - [02/Jun/2021:10:12:56 +0800] "POST /xingrg/dwr/call/plaincall/AjaxYddbService.getRestBases.dwr HTTP/1.1" 200 1514
58.40.7.146 - - [02/Jun/2021:10:12:58 +0800] "POST /xingrg/dwr/call/plaincall/AjaxCheckService.setItemNumber.dwr HTTP/1.1" 200 77
116.230.110.80 - - [02/Jun/2021:10:13:00 +0800] "POST /xingrg/kc/buy/cgsh_order_operate.html HTTP/1.1" 200 37
116.224.253.72 - - [02/Jun/2021:10:13:01 +0800] "POST /xingrg/dwr/call/plaincall/AjaxYddbService.saveOrder.dwr HTTP/1.1" 200 78
116.224.253.72 - - [02/Jun/2021:10:13:02 +0800] "GET /xingrg/images/yd/bt.gif HTTP/1.1" 404 1040
116.224.253.72 - - [02/Jun/2021:10:13:04 +0800] "POST /xingrg/dwr/call/plaincall/AjaxComOrderService.getMaterielSearchList.dwr HTTP/1.1" 200 52150
116.235.222.38 - - [02/Jun/2021:10:13:04 +0800] "POST /xingrg/kc/buy/cgsh_list_operate.html HTTP/1.1" 200 3806
116.224.253.72 - - [02/Jun/2021:10:13:05 +0800] "POST /xingrg/dwr/call/plaincall/AjaxComOrderService.getMaterielSearchList.dwr HTTP/1.1" 200 1913
116.230.117.165 - - [02/Jun/2021:10:13:07 +0800] "GET /xingrg/all/function/internal_message.html?_=1622599996360&CODE_STATE=getMsg HTTP/1.1" 200 27
116.235.222.38 - - [02/Jun/2021:10:13:07 +0800] "POST /xingrg/kc/buy/cgsh_list_operate.html HTTP/1.1" 200 425
180.169.147.146 - - [02/Jun/2021:10:13:07 +0800] "GET /xingrg/check_reg.html?_=1622599987287 HTTP/1.1" 200 22
180.169.147.146 - - [02/Jun/2021:10:13:07 +0800] "GET /xingrg/all/function/internal_message.html?_=1622599987292&CODE_STATE=getMsg HTTP/1.1" 200 27
116.224.253.72 - - [02/Jun/2021:10:13:07 +0800] "POST /xingrg/dwr/call/plaincall/AjaxYddbService.getMaterielByMap.dwr HTTP/1.1" 200 3692
180.169.147.146 - - [02/Jun/2021:10:13:08 +0800] "GET /xingrg/all/function/internal_message.html?_=1622599989458&CODE_STATE=getMsg HTTP/1.1" 200 27
58.40.7.146 - - [02/Jun/2021:10:13:09 +0800] "POST /xingrg/dwr/call/plaincall/AjaxCheckService.setItemNumber.dwr HTTP/1.1" 200 77
116.224.253.72 - - [02/Jun/2021:10:13:09 +0800] "POST /xingrg/dwr/call/plaincall/AjaxYddbService.getUnitPrice.dwr HTTP/1.1" 200 86
116.224.253.72 - - [02/Jun/2021:10:13:12 +0800] "POST /xingrg/dwr/call/plaincall/AjaxYddbService.saveMaterielItem.dwr HTTP/1.1" 200 78
116.224.253.72 - - [02/Jun/2021:10:13:17 +0800] "POST /xingrg/dwr/call/plaincall/AjaxYddbService.checkOrder.dwr HTTP/1.1" 200 78
58.40.7.146 - - [02/Jun/2021:10:13:17 +0800] "POST /xingrg/dwr/call/plaincall/AjaxCheckService.setItemNumber.dwr HTTP/1.1" 200 77
116.224.253.72 - - [02/Jun/2021:10:13:19 +0800] "GET /xingrg/kc/base/yddb_order_info.html?code=482021060200005 HTTP/1.1" 200 29458
116.230.110.80 - - [02/Jun/2021:10:13:19 +0800] "GET /xingrg/all/function/internal_message.html?_=1622599997485&CODE_STATE=getMsg HTTP/1.1" 200 27
116.224.253.72 - - [02/Jun/2021:10:13:19 +0800] "GET /xingrg/dwr/interface/AjaxComOrderService.js HTTP/1.1" 200 18264
116.224.253.72 - - [02/Jun/2021:10:13:19 +0800] "GET /xingrg/dwr/interface/AjaxYddbService.js HTTP/1.1" 200 13201
116.224.253.72 - - [02/Jun/2021:10:13:19 +0800] "GET /xingrg/dwr/engine.js HTTP/1.1" 200 43631
116.230.110.80 - - [02/Jun/2021:10:13:20 +0800] "POST /xingrg/kc/buy/cgsh_order_operate.html HTTP/1.1" 200 32834
116.224.253.72 - - [02/Jun/2021:10:13:20 +0800] "POST /xingrg/dwr/call/plaincall/AjaxYddbService.loadMaterielItems.dwr HTTP/1.1" 200 401
116.235.222.38 - - [02/Jun/2021:10:13:21 +0800] "POST /xingrg/kc/buy/cgsh_list_operate.html HTTP/1.1" 200 497
58.40.7.146 - - [02/Jun/2021:10:13:22 +0800] "POST /xingrg/dwr/call/plaincall/AjaxCheckService.setItemNumber.dwr HTTP/1.1" 200 77
180.169.147.146 - - [02/Jun/2021:10:13:22 +0800] "GET /xingrg/all/function/internal_message.html?_=1622600003393&CODE_STATE=getMsg HTTP/1.1" 200 27
172.20.0.100 - - [02/Jun/2021:10:13:24 +0800] "GET /xingrg/all/function/internal_message.html?_=1622600003372&CODE_STATE=getMsg HTTP/1.1" 200 27
120.253.135.82 - - [02/Jun/2021:10:13:25 +0800] "GET /xingrg/all/function/internal_message.html?_=1622600043175&CODE_STATE=getMsg HTTP/1.1" 302 -
58.40.7.146 - - [02/Jun/2021:10:13:26 +0800] "GET /xingrg/all/function/internal_message.html?_=1622600006366&CODE_STATE=getMsg HTTP/1.1" 200 27
116.224.253.72 - - [02/Jun/2021:10:13:27 +0800] "POST /xingrg/all/user/operate.html HTTP/1.1" 200 36
116.224.253.72 - - [02/Jun/2021:10:13:27 +0800] "GET /xingrg/index.html?sysBaseUrl=http%3A%2F%2F180.169.147.146%3A18081%2Fxingrg%2F&costTime=1558×tamp=1622597599285 HTTP/1.1" 200 17177
116.224.253.72 - - [02/Jun/2021:10:13:27 +0800] "GET /xingrg/javascript/jquery_easy_ui/themes/default/easyui.css HTTP/1.1" 304 -
116.224.253.72 - - [02/Jun/2021:10:13:27 +0800] "GET /xingrg/javascript/jquery_easy_ui/themes/icon.css HTTP/1.1" 304 -
116.224.253.72 - - [02/Jun/2021:10:13:27 +0800] "GET /xingrg/css/form.css HTTP/1.1" 304 -
116.224.253.72 - - [02/Jun/2021:10:13:27 +0800] "GET /xingrg/javascript/jquery-1.4.2.min.js HTTP/1.1" 304 -
116.224.253.72 - - [02/Jun/2021:10:13:27 +0800] "GET /xingrg/javascript/jquery_easy_ui/jquery.easyui.min.js HTTP/1.1" 304 -
116.224.253.72 - - [02/Jun/2021:10:13:27 +0800] "GET /xingrg/javascript/jquery_easy_ui/easyui-lang-zh_CN.js HTTP/1.1" 304 -
116.224.253.72 - - [02/Jun/2021:10:13:27 +0800] "GET /xingrg/javascript/jquery.form.js HTTP/1.1" 304 -
116.224.253.72 - - [02/Jun/2021:10:13:27 +0800] "GET /xingrg/javascript/jquery.utils.js HTTP/1.1" 304 -
116.224.253.72 - - [02/Jun/2021:10:13:27 +0800] "GET /xingrg/javascript/jquery.timers.js HTTP/1.1" 304 -
116.224.253.72 - - [02/Jun/2021:10:13:27 +0800] "GET /xingrg/images/blue/jxLogo.png HTTP/1.1" 304 -
116.224.253.72 - - [02/Jun/2021:10:13:27 +0800] "GET /xingrg/images/blue/navBackgound.jpg HTTP/1.1" 304 -
116.224.253.72 - - [02/Jun/2021:10:13:27 +0800] "GET /xingrg/javascript/jquery_easy_ui/themes/icons/settle_new.png HTTP/1.1" 304 -
116.224.253.72 - - [02/Jun/2021:10:13:27 +0800] "GET /xingrg/images/blue/pingpu.png HTTP/1.1" 304 -
116.224.253.72 - - [02/Jun/2021:10:13:27 +0800] "GET /xingrg/all/function/internal_message.html?_=1622600006606&CODE_STATE=count HTTP/1.1" 200 11
116.224.253.72 - - [02/Jun/2021:10:13:27 +0800] "GET /xingrg/check_reg.html?_=1622600006607 HTTP/1.1" 200 22
116.224.253.72 - - [02/Jun/2021:10:13:27 +0800] "GET /xingrg/javascript/jquery_easy_ui/themes/default/images/tabs_rightarrow.png HTTP/1.1" 304 -
116.224.253.72 - - [02/Jun/2021:10:13:27 +0800] "GET /xingrg/javascript/jquery_easy_ui/themes/default/images/panel_tool_collapse.gif HTTP/1.1" 304 -
116.224.253.72 - - [02/Jun/2021:10:13:27 +0800] "GET /xingrg/javascript/jquery_easy_ui/themes/default/images/tabs_leftarrow.png HTTP/1.1" 304 -
116.224.253.72 - - [02/Jun/2021:10:13:27 +0800] "POST /xingrg/all/common/load_tree.html?tree=area_rest_tree_json&manage=1 HTTP/1.1" 200 476
116.224.253.72 - - [02/Jun/2021:10:13:27 +0800] "POST /xingrg/load_menu.html HTTP/1.1" 200 5138
58.40.7.146 - - [02/Jun/2021:10:13:29 +0800] "POST /xingrg/dwr/call/plaincall/AjaxCheckService.setItemNumber.dwr HTTP/1.1" 200 77
116.224.253.72 - - [02/Jun/2021:10:13:30 +0800] "GET /xingrg/kc/base/yddb_order_list.html HTTP/1.1" 200 16629
116.224.253.72 - - [02/Jun/2021:10:13:31 +0800] "POST /xingrg/kc/base/yddb_list_operate.html HTTP/1.1" 200 636
101.85.94.178 - - [02/Jun/2021:10:13:31 +0800] "GET /xingrg/all/function/internal_message.html?_=1622599483231&CODE_STATE=getMsg HTTP/1.1" 200 27
116.224.253.72 - - [02/Jun/2021:10:13:33 +0800] "POST /xingrg/kc/base/yddb_list_operate.html HTTP/1.1" 200 1344
116.224.253.72 - - [02/Jun/2021:10:13:34 +0800] "POST /xingrg/kc/base/yddb_list_operate.html HTTP/1.1" 200 197
116.235.222.38 - - [02/Jun/2021:10:13:35 +0800] "POST /xingrg/kc/buy/cgsh_list_operate.html HTTP/1.1" 200 343
116.224.253.72 - - [02/Jun/2021:10:13:36 +0800] "GET /xingrg/kc/base/yddb_order_info.html?code=482021060200005 HTTP/1.1" 200 31023
116.224.253.72 - - [02/Jun/2021:10:13:36 +0800] "GET /xingrg/dwr/interface/AjaxComOrderService.js HTTP/1.1" 200 18264
116.224.253.72 - - [02/Jun/2021:10:13:36 +0800] "GET /xingrg/dwr/interface/AjaxYddbService.js HTTP/1.1" 200 13201
116.224.253.72 - - [02/Jun/2021:10:13:36 +0800] "GET /xingrg/dwr/engine.js HTTP/1.1" 200 43631
116.224.253.72 - - [02/Jun/2021:10:13:37 +0800] "POST /xingrg/dwr/call/plaincall/AjaxYddbService.loadMaterielItems.dwr HTTP/1.1" 200 401
116.224.253.72 - - [02/Jun/2021:10:13:40 +0800] "GET /xingrg/all/function/internal_message.html?_=1622600025001&CODE_STATE=getMsg HTTP/1.1" 200 27
114.83.217.160 - - [02/Jun/2021:10:13:40 +0800] "GET /xingrg/all/function/internal_message.html?_=1622600020001&CODE_STATE=getMsg HTTP/1.1" 200 27
120.253.135.82 - - [02/Jun/2021:10:13:41 +0800] "GET /xingrg/check_reg.html?_=1622599804213 HTTP/1.1" 200 22
120.253.135.82 - - [02/Jun/2021:10:13:41 +0800] "GET /xingrg/all/function/internal_message.html?_=1622599804409&CODE_STATE=getMsg HTTP/1.1" 200 27
61.165.42.208 - - [02/Jun/2021:10:13:45 +0800] "GET /xingrg/all/function/internal_message.html?_=1622600026173&CODE_STATE=getMsg HTTP/1.1" 200 27
61.165.42.208 - - [02/Jun/2021:10:13:45 +0800] "GET /xingrg/check_reg.html?_=1622600026240 HTTP/1.1" 200 22
116.235.222.38 - - [02/Jun/2021:10:13:45 +0800] "POST /xingrg/kc/buy/cgsh_list_operate.html HTTP/1.1" 200 499
172.20.0.100 - - [02/Jun/2021:10:13:46 +0800] "GET /xingrg/all/function/internal_message.html?_=1622600026988&CODE_STATE=getMsg HTTP/1.1" 200 27
58.40.7.146 - - [02/Jun/2021:10:13:47 +0800] "GET /xingrg/check_reg.html?_=1622600027056 HTTP/1.1" 302 -
58.40.7.146 - - [02/Jun/2021:10:13:47 +0800] "GET /xingrg/all/function/internal_message.html?_=1622600027057&CODE_STATE=getMsg HTTP/1.1" 302 -
116.235.222.38 - - [02/Jun/2021:10:13:54 +0800] "GET /xingrg/all/function/internal_message.html?_=1622600030564&CODE_STATE=getMsg HTTP/1.1" 200 27
116.224.253.72 - - [02/Jun/2021:10:13:55 +0800] "POST /xingrg/dwr/call/plaincall/AjaxYddbService.saveOrder.dwr HTTP/1.1" 200 78
116.235.222.38 - - [02/Jun/2021:10:13:59 +0800] "POST /xingrg/kc/buy/cgsh_list_operate.html HTTP/1.1" 200 272
116.224.253.72 - - [02/Jun/2021:10:14:01 +0800] "POST /xingrg/dwr/call/plaincall/AjaxYddbService.objCheckOrder.dwr HTTP/1.1" 200 78
116.224.253.72 - - [02/Jun/2021:10:14:02 +0800] "GET /xingrg/kc/base/yddb_order_info.html?code=482021060200005 HTTP/1.1" 200 31144
116.224.253.72 - - [02/Jun/2021:10:14:02 +0800] "GET /xingrg/dwr/interface/AjaxComOrderService.js HTTP/1.1" 200 18264
116.224.253.72 - - [02/Jun/2021:10:14:02 +0800] "GET /xingrg/dwr/interface/AjaxYddbService.js HTTP/1.1" 200 13201
116.224.253.72 - - [02/Jun/2021:10:14:02 +0800] "GET /xingrg/dwr/engine.js HTTP/1.1" 200 43631
116.224.253.72 - - [02/Jun/2021:10:14:03 +0800] "POST /xingrg/dwr/call/plaincall/AjaxYddbService.loadMaterielItems.dwr HTTP/1.1" 200 401
116.230.117.165 - - [02/Jun/2021:10:14:07 +0800] "GET /xingrg/all/function/internal_message.html?_=1622600056377&CODE_STATE=getMsg HTTP/1.1" 200 27
180.169.147.146 - - [02/Jun/2021:10:14:07 +0800] "GET /xingrg/all/function/internal_message.html?_=1622600047293&CODE_STATE=getMsg HTTP/1.1" 200 27
116.235.222.38 - - [02/Jun/2021:10:14:08 +0800] "POST /xingrg/kc/buy/cgsh_list_operate.html HTTP/1.1" 200 425
180.169.147.146 - - [02/Jun/2021:10:14:08 +0800] "GET /xingrg/all/function/internal_message.html?_=1622600049454&CODE_STATE=getMsg HTTP/1.1" 200 27
172.20.0.100 - - [02/Jun/2021:10:14:15 +0800] "GET /xingrg/javascript/jquery_easy_ui/themes/default/images/tabs_active.png HTTP/1.1" 200 2894
58.40.7.146 - - [02/Jun/2021:10:14:16 +0800] "GET /xingrg/javascript/jquery_easy_ui/themes/default/images/button_plain_hover.png HTTP/1.1" 200 252
172.20.0.100 - - [02/Jun/2021:10:14:18 +0800] "GET /xingrg/all/report/report_query.html?isQuery=1&fileName=kc/base/crk_detail_by_small.xml&rh=99999&queryString=&queryText=%25E3%2580%2590%25E4%25BB%2593%25E5%25BA%2593%25E5%2590%258D%25E7%25A7%25B0%253A%25E7%25A4%25BC%25E7%259B%2592%25E5%25BA%2593%25E3%2580%2591%25E3%2580%2590%25E4%25B8%259A%25E5%258A%25A1%25E7%25B1%25BB%25E5%259E%258B%25EF%25BC%259A%25E6%2580%25BB%25E9%2583%25A8%25E9%2585%258D%25E9%2580%2581%25E3%2580%2591%2520%253F%253F%253F%253F%253F2021-05-01%253F%253F2021-05-31%2520%253F%253F%253F%253F%253F%25D0%25BF%253F&tableQueryString=crk_table%2524sp1%2524order_day%2520between%252020210501%2520and%252020210531%2520and%2520(base_code%253D'0010714')%2520and%2520(src_order_type%2520in%2520(31))%2520and%2520(is_rk%2520in%2520(1)) HTTP/1.1" 200 53709
172.20.0.100 - - [02/Jun/2021:10:14:19 +0800] "GET /xingrg/dwr/interface/AjaxReportQueryService.js HTTP/1.1" 200 13203
172.20.0.100 - - [02/Jun/2021:10:14:19 +0800] "GET /xingrg/dwr/engine.js HTTP/1.1" 200 43631
116.230.110.80 - - [02/Jun/2021:10:14:19 +0800] "GET /xingrg/all/function/internal_message.html?_=1622600057480&CODE_STATE=getMsg HTTP/1.1" 200 27
172.20.0.100 - - [02/Jun/2021:10:14:20 +0800] "POST /xingrg/all/report/load_report_page.html HTTP/1.1" 200 11717
172.20.0.100 - - [02/Jun/2021:10:14:20 +0800] "GET /xingrg/servlets/image?cache=0.7323368458830558&image=px HTTP/1.1" 200 807
180.169.147.146 - - [02/Jun/2021:10:14:22 +0800] "GET /xingrg/all/function/internal_message.html?_=1622600063407&CODE_STATE=getMsg HTTP/1.1" 200 27
172.20.0.100 - - [02/Jun/2021:10:14:22 +0800] "POST /xingrg/all/report/load_report_page.html HTTP/1.1" 200 16004
172.20.0.100 - - [02/Jun/2021:10:14:22 +0800] "GET /xingrg/servlets/image?cache=0.5509205929933716&image=px HTTP/1.1" 200 807
172.20.0.100 - - [02/Jun/2021:10:14:24 +0800] "GET /xingrg/all/function/internal_message.html?_=1622600063374&CODE_STATE=getMsg HTTP/1.1" 200 27
120.253.135.82 - - [02/Jun/2021:10:14:25 +0800] "GET /xingrg/all/function/internal_message.html?_=1622600103179&CODE_STATE=getMsg HTTP/1.1" 302 -
58.40.7.146 - - [02/Jun/2021:10:14:26 +0800] "POST /xingrg/dwr/call/plaincall/AjaxCheckService.checkOrder.dwr HTTP/1.1" 200 79
58.40.7.146 - - [02/Jun/2021:10:14:27 +0800] "GET /xingrg/all/function/internal_message.html?_=1622600067284&CODE_STATE=getMsg HTTP/1.1" 200 27
116.224.253.72 - - [02/Jun/2021:10:14:27 +0800] "GET /xingrg/all/function/internal_message.html?_=1622600066615&CODE_STATE=getMsg HTTP/1.1" 200 27
58.40.7.146 - - [02/Jun/2021:10:14:27 +0800] "GET /xingrg/kc/base/check_order_info.html?code=452021060200011 HTTP/1.1" 200 23118
58.40.7.146 - - [02/Jun/2021:10:14:27 +0800] "GET /xingrg/dwr/interface/AjaxComOrderService.js HTTP/1.1" 200 18264
58.40.7.146 - - [02/Jun/2021:10:14:27 +0800] "GET /xingrg/dwr/interface/AjaxCheckService.js HTTP/1.1" 200 14003
58.40.7.146 - - [02/Jun/2021:10:14:27 +0800] "GET /xingrg/dwr/engine.js HTTP/1.1" 200 43631
180.169.147.146 - - [02/Jun/2021:10:14:28 +0800] "GET /xingrg/check_reg.html?_=1622600064949 HTTP/1.1" 200 22
58.40.7.146 - - [02/Jun/2021:10:14:28 +0800] "GET /xingrg/javascript/jquery_easy_ui/themes/icons/uncheck_new.png HTTP/1.1" 200 3197
58.40.7.146 - - [02/Jun/2021:10:14:28 +0800] "GET /xingrg/javascript/jquery_easy_ui/themes/icons/exam_new.png HTTP/1.1" 200 756
58.40.7.146 - - [02/Jun/2021:10:14:28 +0800] "POST /xingrg/dwr/call/plaincall/AjaxCheckService.loadOrderItems.dwr HTTP/1.1" 200 9251
116.230.110.80 - - [02/Jun/2021:10:14:29 +0800] "GET /xingrg/kc/print/load_config.html?kc_code=cgsh HTTP/1.1" 200 1845
58.40.7.146 - - [02/Jun/2021:10:14:29 +0800] "GET /xingrg/javascript/jquery_easy_ui/themes/default/images/tabs_active.png HTTP/1.1" 200 2894
116.230.110.80 - - [02/Jun/2021:10:14:30 +0800] "GET /xingrg/kc/print/load_data.html?order_code=212021060200498&kc_code=cgsh&condition= HTTP/1.1" 200 12138
101.85.94.178 - - [02/Jun/2021:10:14:31 +0800] "GET /xingrg/all/function/internal_message.html?_=1622599543230&CODE_STATE=getMsg HTTP/1.1" 200 27
58.221.95.50 - - [02/Jun/2021:10:14:37 +0800] "GET /xingrg/check_reg.html?_=1622600078215 HTTP/1.1" 302 -
116.224.253.72 - - [02/Jun/2021:10:14:38 +0800] "GET /xingrg/check_reg.html?_=1622600083640 HTTP/1.1" 200 22
114.83.217.160 - - [02/Jun/2021:10:14:40 +0800] "GET /xingrg/all/function/internal_message.html?_=1622600079980&CODE_STATE=getMsg HTTP/1.1" 200 27
116.224.253.72 - - [02/Jun/2021:10:14:40 +0800] "GET /xingrg/all/function/internal_message.html?_=1622600085015&CODE_STATE=getMsg HTTP/1.1" 200 27
120.253.135.82 - - [02/Jun/2021:10:14:41 +0800] "GET /xingrg/all/function/internal_message.html?_=1622599864423&CODE_STATE=getMsg HTTP/1.1" 200 27
61.165.42.208 - - [02/Jun/2021:10:14:45 +0800] "GET /xingrg/all/function/internal_message.html?_=1622600086145&CODE_STATE=getMsg HTTP/1.1" 200 27
172.20.0.100 - - [02/Jun/2021:10:14:46 +0800] "GET /xingrg/all/function/internal_message.html?_=1622600086984&CODE_STATE=getMsg HTTP/1.1" 200 27
58.40.7.146 - - [02/Jun/2021:10:14:47 +0800] "GET /xingrg/all/function/internal_message.html?_=1622600087059&CODE_STATE=getMsg HTTP/1.1" 302 -
116.235.222.38 - - [02/Jun/2021:10:14:54 +0800] "GET /xingrg/all/function/internal_message.html?_=1622600090573&CODE_STATE=getMsg HTTP/1.1" 200 27
114.83.217.160 - - [02/Jun/2021:10:14:59 +0800] "GET /xingrg/kc/buy/cgsh_order_operate.html?command=get_materiel&rest_code=00149&code=00101004011&supplier_code=00100083&order_time=2021-06-02 HTTP/1.1" 200 413
116.230.117.165 - - [02/Jun/2021:10:15:06 +0800] "GET /xingrg/check_reg.html?_=1622600115877 HTTP/1.1" 200 22
116.230.117.165 - - [02/Jun/2021:10:15:07 +0800] "GET /xingrg/all/function/internal_message.html?_=1622600116390&CODE_STATE=getMsg HTTP/1.1" 200 27
180.169.147.146 - - [02/Jun/2021:10:15:07 +0800] "GET /xingrg/all/function/internal_message.html?_=1622600107297&CODE_STATE=getMsg HTTP/1.1" 200 27
180.169.147.146 - - [02/Jun/2021:10:15:08 +0800] "GET /xingrg/all/function/internal_message.html?_=1622600109455&CODE_STATE=getMsg HTTP/1.1" 200 27
116.230.110.80 - - [02/Jun/2021:10:15:09 +0800] "GET /xingrg/kc/buy/cgsh_order_list.html HTTP/1.1" 200 46574
114.83.217.160 - - [02/Jun/2021:10:15:09 +0800] "GET /xingrg/kc/buy/cgsh_order_operate.html?command=get_materiel&rest_code=00149&code=00101004065&supplier_code=00100083&order_time=2021-06-02 HTTP/1.1" 200 413
116.230.110.80 - - [02/Jun/2021:10:15:15 +0800] "POST /xingrg/kc/buy/cgsh_list_operate.html HTTP/1.1" 200 2772
116.230.110.80 - - [02/Jun/2021:10:15:19 +0800] "GET /xingrg/all/function/internal_message.html?_=1622600117469&CODE_STATE=getMsg HTTP/1.1" 200 27
180.169.147.146 - - [02/Jun/2021:10:15:22 +0800] "GET /xingrg/all/function/internal_message.html?_=1622600123423&CODE_STATE=getMsg HTTP/1.1" 200 27
172.20.0.100 - - [02/Jun/2021:10:15:24 +0800] "GET /xingrg/all/function/internal_message.html?_=1622600123377&CODE_STATE=getMsg HTTP/1.1" 200 27
120.253.135.82 - - [02/Jun/2021:10:15:25 +0800] "GET /xingrg/all/function/internal_message.html?_=1622600163203&CODE_STATE=getMsg HTTP/1.1" 302 -
114.83.217.160 - - [02/Jun/2021:10:15:25 +0800] "GET /xingrg/kc/buy/cgsh_order_operate.html?command=get_materiel&rest_code=00149&code=00101004049&supplier_code=00100083&order_time=2021-06-02 HTTP/1.1" 200 415
58.40.7.146 - - [02/Jun/2021:10:15:27 +0800] "GET /xingrg/all/function/internal_message.html?_=1622600127255&CODE_STATE=getMsg HTTP/1.1" 200 27
116.224.253.72 - - [02/Jun/2021:10:15:27 +0800] "GET /xingrg/all/function/internal_message.html?_=1622600126615&CODE_STATE=getMsg HTTP/1.1" 200 27
101.85.94.178 - - [02/Jun/2021:10:15:31 +0800] "GET /xingrg/all/function/internal_message.html?_=1622599603243&CODE_STATE=getMsg HTTP/1.1" 200 27
116.230.110.80 - - [02/Jun/2021:10:15:34 +0800] "POST /xingrg/kc/buy/cgsh_list_operate.html HTTP/1.1" 200 9270
124.79.241.247 - - [02/Jun/2021:10:15:37 +0800] "POST /xingrg/services/DataTransmitService HTTP/1.1" 200 524
114.83.217.160 - - [02/Jun/2021:10:15:40 +0800] "GET /xingrg/all/function/internal_message.html?_=1622600139953&CODE_STATE=getMsg HTTP/1.1" 200 27
116.224.253.72 - - [02/Jun/2021:10:15:40 +0800] "GET /xingrg/all/function/internal_message.html?_=1622600145028&CODE_STATE=getMsg HTTP/1.1" 200 27
120.253.135.82 - - [02/Jun/2021:10:15:41 +0800] "GET /xingrg/all/function/internal_message.html?_=1622599924436&CODE_STATE=getMsg HTTP/1.1" 200 27
61.165.42.208 - - [02/Jun/2021:10:15:45 +0800] "GET /xingrg/all/function/internal_message.html?_=1622600146133&CODE_STATE=getMsg HTTP/1.1" 200 27
124.79.241.247 - - [02/Jun/2021:10:15:45 +0800] "POST /xingrg/services/DataTransmitService HTTP/1.1" 200 501
172.20.0.100 - - [02/Jun/2021:10:15:46 +0800] "GET /xingrg/check_reg.html?_=1622600146987 HTTP/1.1" 200 22
172.20.0.100 - - [02/Jun/2021:10:15:46 +0800] "GET /xingrg/all/function/internal_message.html?_=1622600146990&CODE_STATE=getMsg HTTP/1.1" 200 27
58.40.7.146 - - [02/Jun/2021:10:15:47 +0800] "GET /xingrg/all/function/internal_message.html?_=1622600147063&CODE_STATE=getMsg HTTP/1.1" 302 -
114.83.217.160 - - [02/Jun/2021:10:15:50 +0800] "GET /xingrg/kc/buy/cgsh_order_operate.html?command=get_materiel&rest_code=00149&code=00101004067&supplier_code=00100083&order_time=2021-06-02 HTTP/1.1" 200 413
116.235.222.38 - - [02/Jun/2021:10:15:50 +0800] "POST /xingrg/kc/buy/cgsh_list_operate.html HTTP/1.1" 200 5293
116.235.222.38 - - [02/Jun/2021:10:15:52 +0800] "POST /xingrg/kc/buy/cgsh_list_operate.html HTTP/1.1" 200 273
116.235.222.38 - - [02/Jun/2021:10:15:54 +0800] "GET /xingrg/all/function/internal_message.html?_=1622600150575&CODE_STATE=getMsg HTTP/1.1" 200 27
116.235.222.38 - - [02/Jun/2021:10:15:55 +0800] "GET /xingrg/check_reg.html?_=1622600150577 HTTP/1.1" 200 22
116.235.222.38 - - [02/Jun/2021:10:15:57 +0800] "POST /xingrg/kc/buy/cgsh_list_operate.html HTTP/1.1" 200 425
114.83.217.160 - - [02/Jun/2021:10:16:04 +0800] "GET /xingrg/kc/buy/cgsh_order_operate.html?command=get_materiel&rest_code=00149&code=00101004013&supplier_code=00100083&order_time=2021-06-02 HTTP/1.1" 200 415
116.230.110.80 - - [02/Jun/2021:10:16:06 +0800] "GET /xingrg/check_reg.html?_=1622600163874 HTTP/1.1" 200 22
116.235.222.38 - - [02/Jun/2021:10:16:06 +0800] "POST /xingrg/kc/buy/cgsh_list_operate.html HTTP/1.1" 200 423
116.230.117.165 - - [02/Jun/2021:10:16:07 +0800] "GET /xingrg/all/function/internal_message.html?_=1622600176404&CODE_STATE=getMsg HTTP/1.1" 200 27
180.169.147.146 - - [02/Jun/2021:10:16:07 +0800] "GET /xingrg/all/function/internal_message.html?_=1622600167298&CODE_STATE=getMsg HTTP/1.1" 200 27
180.169.147.146 - - [02/Jun/2021:10:16:08 +0800] "GET /xingrg/check_reg.html?_=1622600169459 HTTP/1.1" 200 22
180.169.147.146 - - [02/Jun/2021:10:16:08 +0800] "GET /xingrg/all/function/internal_message.html?_=1622600169461&CODE_STATE=getMsg HTTP/1.1" 200 27
116.235.222.38 - - [02/Jun/2021:10:16:13 +0800] "POST /xingrg/kc/buy/cgsh_list_operate.html HTTP/1.1" 200 424
124.79.241.247 - - [02/Jun/2021:10:16:14 +0800] "POST /xingrg/services/DataTransmitService HTTP/1.1" 200 524
124.79.241.247 - - [02/Jun/2021:10:16:15 +0800] "POST /xingrg/services/DataTransmitService HTTP/1.1" 200 501
116.230.110.80 - - [02/Jun/2021:10:16:19 +0800] "GET /xingrg/all/function/internal_message.html?_=1622600177446&CODE_STATE=getMsg HTTP/1.1" 200 27
114.83.217.160 - - [02/Jun/2021:10:16:21 +0800] "POST /xingrg/kc/buy/cgsh_order_operate.html HTTP/1.1" 200 37
116.235.222.38 - - [02/Jun/2021:10:16:21 +0800] "POST /xingrg/kc/buy/cgsh_list_operate.html HTTP/1.1" 200 349
180.169.147.146 - - [02/Jun/2021:10:16:22 +0800] "GET /xingrg/all/function/internal_message.html?_=1622600183434&CODE_STATE=getMsg HTTP/1.1" 200 27
172.20.0.100 - - [02/Jun/2021:10:16:24 +0800] "GET /xingrg/check_reg.html?_=1622600183370 HTTP/1.1" 200 22
172.20.0.100 - - [02/Jun/2021:10:16:24 +0800] "GET /xingrg/all/function/internal_message.html?_=1622600183373&CODE_STATE=getMsg HTTP/1.1" 200 27
120.253.135.82 - - [02/Jun/2021:10:16:25 +0800] "GET /xingrg/all/function/internal_message.html?_=1622600223206&CODE_STATE=getMsg HTTP/1.1" 302 -
58.40.7.146 - - [02/Jun/2021:10:16:26 +0800] "GET /xingrg/check_reg.html?_=1622600186366 HTTP/1.1" 200 22
58.40.7.146 - - [02/Jun/2021:10:16:27 +0800] "GET /xingrg/all/function/internal_message.html?_=1622600187227&CODE_STATE=getMsg HTTP/1.1" 200 27
116.224.253.72 - - [02/Jun/2021:10:16:27 +0800] "GET /xingrg/all/function/internal_message.html?_=1622600186616&CODE_STATE=getMsg HTTP/1.1" 200 27
116.235.222.38 - - [02/Jun/2021:10:16:28 +0800] "POST /xingrg/kc/buy/cgsh_list_operate.html HTTP/1.1" 200 349
114.83.217.160 - - [02/Jun/2021:10:16:31 +0800] "POST /xingrg/kc/buy/cgsh_order_operate.html HTTP/1.1" 200 12
101.85.94.178 - - [02/Jun/2021:10:16:31 +0800] "GET /xingrg/all/function/internal_message.html?_=1622599663243&CODE_STATE=getMsg HTTP/1.1" 200 27
58.37.225.51 - - [02/Jun/2021:10:16:32 +0800] "GET /xingrg/check_reg.html?_=1622600138248 HTTP/1.1" 302 -
114.83.217.160 - - [02/Jun/2021:10:16:33 +0800] "GET /xingrg/kc/buy/cgsh_order_info.html?code=212021060200506 HTTP/1.1" 200 57259
114.83.217.160 - - [02/Jun/2021:10:16:33 +0800] "GET /xingrg/javascript/easyui/themes/default/validatebox.css HTTP/1.1" 404 1104
114.83.217.160 - - [02/Jun/2021:10:16:34 +0800] "POST /xingrg/kc/buy/cgsh_order_operate.html HTTP/1.1" 200 3000
116.235.222.38 - - [02/Jun/2021:10:16:34 +0800] "POST /xingrg/kc/buy/cgsh_list_operate.html HTTP/1.1" 200 348
114.83.217.160 - - [02/Jun/2021:10:16:35 +0800] "GET /xingrg/kc/print/load_data.html?order_code=212021060200506&kc_code=cgsh&condition= HTTP/1.1" 200 1645
114.83.217.160 - - [02/Jun/2021:10:16:40 +0800] "GET /xingrg/all/function/internal_message.html?_=1622600199926&CODE_STATE=getMsg HTTP/1.1" 200 27
116.224.253.72 - - [02/Jun/2021:10:16:40 +0800] "GET /xingrg/all/function/internal_message.html?_=1622600205041&CODE_STATE=getMsg HTTP/1.1" 200 27
114.83.217.160 - - [02/Jun/2021:10:16:41 +0800] "GET /xingrg/check_reg.html?_=1622600200926 HTTP/1.1" 200 22
116.235.222.38 - - [02/Jun/2021:10:16:41 +0800] "POST /xingrg/kc/buy/cgsh_list_operate.html HTTP/1.1" 200 350
120.253.135.82 - - [02/Jun/2021:10:16:41 +0800] "GET /xingrg/all/function/internal_message.html?_=1622599984454&CODE_STATE=getMsg HTTP/1.1" 200 27
114.83.217.160 - - [02/Jun/2021:10:16:42 +0800] "GET /xingrg/kc/buy/cgsh_order_add.html HTTP/1.1" 200 62359
114.83.217.160 - - [02/Jun/2021:10:16:42 +0800] "POST /xingrg/kc/buy/cgsh_order_operate.html HTTP/1.1" 200 8245
114.83.217.160 - - [02/Jun/2021:10:16:42 +0800] "GET /xingrg/javascript/easyui/themes/default/validatebox.css HTTP/1.1" 404 1104
61.165.42.208 - - [02/Jun/2021:10:16:45 +0800] "GET /xingrg/all/function/internal_message.html?_=1622600206094&CODE_STATE=getMsg HTTP/1.1" 200 27
172.20.0.100 - - [02/Jun/2021:10:16:46 +0800] "GET /xingrg/all/function/internal_message.html?_=1622600206977&CODE_STATE=getMsg HTTP/1.1" 200 27
116.235.222.38 - - [02/Jun/2021:10:16:47 +0800] "POST /xingrg/kc/buy/cgsh_list_operate.html HTTP/1.1" 200 425
58.40.7.146 - - [02/Jun/2021:10:16:47 +0800] "GET /xingrg/all/function/internal_message.html?_=1622600207048&CODE_STATE=getMsg HTTP/1.1" 302 -
180.161.111.4 - - [02/Jun/2021:10:16:53 +0800] "GET /favicon.ico HTTP/1.1" 404 -
116.235.222.38 - - [02/Jun/2021:10:16:54 +0800] "POST /xingrg/kc/buy/cgsh_list_operate.html HTTP/1.1" 200 426
180.161.111.4 - - [02/Jun/2021:10:16:54 +0800] "GET /favicon.ico HTTP/1.1" 404 -
116.235.222.38 - - [02/Jun/2021:10:16:54 +0800] "GET /xingrg/all/function/internal_message.html?_=1622600210580&CODE_STATE=getMsg HTTP/1.1" 200 27
180.161.111.4 - - [02/Jun/2021:10:16:54 +0800] "GET /favicon.ico HTTP/1.1" 404 -
180.161.111.4 - - [02/Jun/2021:10:16:55 +0800] "GET /favicon.ico HTTP/1.1" 404 -
180.161.111.4 - - [02/Jun/2021:10:16:57 +0800] "GET /xingrg/login.html HTTP/1.1" 200 7641
180.161.111.4 - - [02/Jun/2021:10:16:58 +0800] "GET /xingrg/images/blue/jxLogo.png HTTP/1.1" 304 -
180.161.111.4 - - [02/Jun/2021:10:16:58 +0800] "GET /xingrg/images/blue/login_bg.png HTTP/1.1" 304 -
180.161.111.4 - - [02/Jun/2021:10:16:58 +0800] "GET /xingrg/images/blue/hj.png HTTP/1.1" 304 -
180.161.111.4 - - [02/Jun/2021:10:16:58 +0800] "GET /xingrg/images/blue/srbg.png HTTP/1.1" 304 -
180.161.111.4 - - [02/Jun/2021:10:16:59 +0800] "GET /favicon.ico HTTP/1.1" 404 -
180.161.111.4 - - [02/Jun/2021:10:17:06 +0800] "POST /xingrg/login.do HTTP/1.1" 302 -
116.235.222.38 - - [02/Jun/2021:10:17:07 +0800] "POST /xingrg/kc/buy/cgsh_list_operate.html HTTP/1.1" 200 5419
180.161.111.4 - - [02/Jun/2021:10:17:07 +0800] "GET /xingrg/index.html?sysBaseUrl=http%3A%2F%2F180.169.147.146%3A18081%2Fxingrg%2F&costTime=1816×tamp=1622600226825 HTTP/1.1" 200 17173
180.161.111.4 - - [02/Jun/2021:10:17:07 +0800] "GET /xingrg/javascript/jquery_easy_ui/themes/default/easyui.css HTTP/1.1" 304 -
180.161.111.4 - - [02/Jun/2021:10:17:07 +0800] "GET /xingrg/javascript/jquery_easy_ui/themes/icon.css HTTP/1.1" 304 -
180.161.111.4 - - [02/Jun/2021:10:17:07 +0800] "GET /xingrg/css/form.css HTTP/1.1" 304 -
180.161.111.4 - - [02/Jun/2021:10:17:07 +0800] "GET /xingrg/javascript/jquery-1.4.2.min.js HTTP/1.1" 304 -
180.161.111.4 - - [02/Jun/2021:10:17:07 +0800] "GET /xingrg/javascript/jquery_easy_ui/jquery.easyui.min.js HTTP/1.1" 304 -
180.161.111.4 - - [02/Jun/2021:10:17:07 +0800] "GET /xingrg/javascript/jquery.timers.js HTTP/1.1" 304 -
180.161.111.4 - - [02/Jun/2021:10:17:07 +0800] "GET /xingrg/javascript/jquery_easy_ui/easyui-lang-zh_CN.js HTTP/1.1" 304 -
180.161.111.4 - - [02/Jun/2021:10:17:07 +0800] "GET /xingrg/javascript/jquery.form.js HTTP/1.1" 304 -
180.161.111.4 - - [02/Jun/2021:10:17:07 +0800] "GET /xingrg/javascript/jquery.utils.js HTTP/1.1" 304 -
116.230.117.165 - - [02/Jun/2021:10:17:07 +0800] "GET /xingrg/all/function/internal_message.html?_=1622600236418&CODE_STATE=getMsg HTTP/1.1" 200 27
180.161.111.4 - - [02/Jun/2021:10:17:07 +0800] "GET /xingrg/images/blue/navBackgound.jpg HTTP/1.1" 304 -
180.161.111.4 - - [02/Jun/2021:10:17:07 +0800] "GET /xingrg/javascript/jquery_easy_ui/themes/icons/settle_new.png HTTP/1.1" 304 -
180.161.111.4 - - [02/Jun/2021:10:17:07 +0800] "GET /xingrg/images/blue/pingpu.png HTTP/1.1" 304 -
180.161.111.4 - - [02/Jun/2021:10:17:07 +0800] "GET /xingrg/javascript/jquery_easy_ui/themes/default/images/tabs_leftarrow.png HTTP/1.1" 304 -
180.161.111.4 - - [02/Jun/2021:10:17:07 +0800] "GET /xingrg/javascript/jquery_easy_ui/themes/default/images/tabs_rightarrow.png HTTP/1.1" 304 -
180.161.111.4 - - [02/Jun/2021:10:17:07 +0800] "GET /xingrg/javascript/jquery_easy_ui/themes/default/images/panel_tool_collapse.gif HTTP/1.1" 304 -
180.161.111.4 - - [02/Jun/2021:10:17:07 +0800] "POST /xingrg/all/common/load_tree.html?tree=area_rest_tree_json&manage=1 HTTP/1.1" 200 342
180.161.111.4 - - [02/Jun/2021:10:17:07 +0800] "GET /xingrg/all/function/internal_message.html?_=1622600188560&CODE_STATE=count HTTP/1.1" 200 11
180.161.111.4 - - [02/Jun/2021:10:17:07 +0800] "GET /xingrg/check_reg.html?_=1622600188561 HTTP/1.1" 200 22
120.253.135.82 - - [02/Jun/2021:10:17:07 +0800] "GET /xingrg/check_reg.html?_=1622600265391 HTTP/1.1" 302 -
180.161.111.4 - - [02/Jun/2021:10:17:07 +0800] "GET /favicon.ico HTTP/1.1" 404 -
180.161.111.4 - - [02/Jun/2021:10:17:07 +0800] "GET /xingrg/javascript/jquery_easy_ui/themes/default/images/tree_arrows.gif HTTP/1.1" 304 -
180.169.147.146 - - [02/Jun/2021:10:17:07 +0800] "GET /xingrg/all/function/internal_message.html?_=1622600227300&CODE_STATE=getMsg HTTP/1.1" 200 27
180.161.111.4 - - [02/Jun/2021:10:17:07 +0800] "POST /xingrg/load_menu.html HTTP/1.1" 200 5138
180.161.111.4 - - [02/Jun/2021:10:17:08 +0800] "GET /xingrg/javascript/jquery_easy_ui/themes/default/images/tree_folder_open.gif HTTP/1.1" 304 -
180.161.111.4 - - [02/Jun/2021:10:17:08 +0800] "GET /xingrg/javascript/jquery_easy_ui/themes/icons/search_new.png HTTP/1.1" 304 -
180.161.111.4 - - [02/Jun/2021:10:17:08 +0800] "GET /xingrg/javascript/jquery_easy_ui/themes/default/images/tree_folder.gif HTTP/1.1" 304 -
180.161.111.4 - - [02/Jun/2021:10:17:08 +0800] "GET /xingrg/javascript/jquery_easy_ui/themes/icons/storage_new.png HTTP/1.1" 304 -
180.161.111.4 - - [02/Jun/2021:10:17:08 +0800] "GET /xingrg/javascript/jquery_easy_ui/themes/icons/forms_new.png HTTP/1.1" 304 -
180.161.111.4 - - [02/Jun/2021:10:17:08 +0800] "GET /xingrg/javascript/jquery_easy_ui/themes/default/images/tree_file.gif HTTP/1.1" 304 -
180.169.147.146 - - [02/Jun/2021:10:17:08 +0800] "GET /xingrg/all/function/internal_message.html?_=1622600229446&CODE_STATE=getMsg HTTP/1.1" 200 27
116.235.222.38 - - [02/Jun/2021:10:17:09 +0800] "POST /xingrg/kc/buy/cgsh_list_operate.html HTTP/1.1" 200 424
114.83.217.160 - - [02/Jun/2021:10:17:10 +0800] "GET /xingrg/kc/buy/cgsh_order_operate.html?command=get_materiel&rest_code=00149&code=00101002027&supplier_code=00100039&order_time=2021-06-02 HTTP/1.1" 200 413
180.161.111.4 - - [02/Jun/2021:10:17:11 +0800] "GET /xingrg/javascript/jquery_easy_ui/themes/default/images/tabs_close.gif HTTP/1.1" 200 829
117.185.32.26 - - [02/Jun/2021:10:17:12 +0800] "GET /xingrg/login.html HTTP/1.1" 200 7641
180.161.111.4 - - [02/Jun/2021:10:17:12 +0800] "GET /xingrg/css/base.css HTTP/1.1" 200 2811
180.161.111.4 - - [02/Jun/2021:10:17:12 +0800] "GET /xingrg/javascript/jquery_tools/datebox.css HTTP/1.1" 200 2597
180.161.111.4 - - [02/Jun/2021:10:17:12 +0800] "GET /xingrg/css/site.css HTTP/1.1" 200 7541
180.161.111.4 - - [02/Jun/2021:10:17:12 +0800] "GET /xingrg/javascript/auto/jquery.autocomplete.css HTTP/1.1" 200 587
180.161.111.4 - - [02/Jun/2021:10:17:12 +0800] "GET /xingrg/javascript/easyui/themes/icon.css HTTP/1.1" 200 4483
180.161.111.4 - - [02/Jun/2021:10:17:12 +0800] "GET /xingrg/javascript/jquery_tools/fix.css HTTP/1.1" 200 1702
180.161.111.4 - - [02/Jun/2021:10:17:12 +0800] "GET /xingrg/kc/buy/cgsh_order_list.html HTTP/1.1" 200 46568
180.161.111.4 - - [02/Jun/2021:10:17:12 +0800] "GET /xingrg/javascript/jquery_tools/table.css HTTP/1.1" 200 1032
180.161.111.4 - - [02/Jun/2021:10:17:12 +0800] "GET /xingrg/javascript/jquery_tools/jquery.tools.table.js HTTP/1.1" 200 6994
180.161.111.4 - - [02/Jun/2021:10:17:12 +0800] "GET /xingrg/javascript/jquery_tools/jquery.tools.hotkey.js HTTP/1.1" 200 3242
180.161.111.4 - - [02/Jun/2021:10:17:12 +0800] "GET /xingrg/javascript/jquery_tools/list_manager.js HTTP/1.1" 200 3652
180.161.111.4 - - [02/Jun/2021:10:17:12 +0800] "GET /xingrg/javascript/jquery_tools/jquery.tools.min.js HTTP/1.1" 200 138801
180.161.111.4 - - [02/Jun/2021:10:17:12 +0800] "GET /xingrg/javascript/jquery_tools/jquery.tools.extend.js HTTP/1.1" 200 15385
180.161.111.4 - - [02/Jun/2021:10:17:12 +0800] "GET /xingrg/javascript/jquery.cookie.js HTTP/1.1" 200 5513
180.161.111.4 - - [02/Jun/2021:10:17:12 +0800] "GET /xingrg/javascript/easyui/easyloader.js HTTP/1.1" 200 5975
180.161.111.4 - - [02/Jun/2021:10:17:12 +0800] "GET /xingrg/javascript/print/LodopFuncs.js HTTP/1.1" 200 5121
180.161.111.4 - - [02/Jun/2021:10:17:12 +0800] "GET /xingrg/javascript/auto/jquery.autocomplete.js HTTP/1.1" 200 21624
180.161.111.4 - - [02/Jun/2021:10:17:12 +0800] "GET /xingrg/javascript/easyui/themes/default/easyui.css HTTP/1.1" 200 30432
117.185.32.26 - - [02/Jun/2021:10:17:13 +0800] "GET /favicon.ico HTTP/1.1" 404 -
180.161.111.4 - - [02/Jun/2021:10:17:15 +0800] "GET /xingrg/javascript/easyui/themes/icons/edit_add_new.png HTTP/1.1" 200 2997
180.161.111.4 - - [02/Jun/2021:10:17:15 +0800] "GET /xingrg/javascript/easyui/themes/icons/cance_new.png HTTP/1.1" 200 3986
180.161.111.4 - - [02/Jun/2021:10:17:15 +0800] "GET /xingrg/javascript/easyui/themes/icons/check_new.png HTTP/1.1" 200 3224
180.161.111.4 - - [02/Jun/2021:10:17:15 +0800] "GET /xingrg/javascript/easyui/themes/icons/field_new.png HTTP/1.1" 200 1097
180.161.111.4 - - [02/Jun/2021:10:17:15 +0800] "GET /xingrg/javascript/easyui/themes/icons/import_new.png HTTP/1.1" 200 1247
180.161.111.4 - - [02/Jun/2021:10:17:15 +0800] "GET /xingrg/javascript/easyui/plugins/jquery.parser.js HTTP/1.1" 200 1142
180.161.111.4 - - [02/Jun/2021:10:17:15 +0800] "GET /xingrg/images/control/ajaxLoader.gif HTTP/1.1" 200 4659
116.235.222.38 - - [02/Jun/2021:10:17:17 +0800] "POST /xingrg/kc/buy/cgsh_list_operate.html HTTP/1.1" 200 348
117.185.32.26 - - [02/Jun/2021:10:17:17 +0800] "POST /xingrg/login.do HTTP/1.1" 302 -
117.185.32.26 - - [02/Jun/2021:10:17:17 +0800] "GET /xingrg/index.html?sysBaseUrl=http%3A%2F%2F180.169.147.146%3A18081%2Fxingrg%2F&costTime=1922×tamp=1622600237202 HTTP/1.1" 200 17173
180.161.111.4 - - [02/Jun/2021:10:17:17 +0800] "POST /xingrg/kc/buy/cgsh_list_operate.html HTTP/1.1" 200 876
180.161.111.4 - - [02/Jun/2021:10:17:17 +0800] "GET /xingrg/javascript/easyui/themes/default/images/button_plain_hover.png HTTP/1.1" 200 144
117.185.32.26 - - [02/Jun/2021:10:17:18 +0800] "POST /xingrg/all/common/load_tree.html?tree=area_rest_tree_json&manage=1 HTTP/1.1" 200 342
117.185.32.26 - - [02/Jun/2021:10:17:18 +0800] "GET /xingrg/check_reg.html?_=1622600237120 HTTP/1.1" 200 22
117.185.32.26 - - [02/Jun/2021:10:17:18 +0800] "GET /xingrg/all/function/internal_message.html?_=1622600237118&CODE_STATE=count HTTP/1.1" 200 11
117.185.32.26 - - [02/Jun/2021:10:17:18 +0800] "GET /favicon.ico HTTP/1.1" 404 -
117.185.32.26 - - [02/Jun/2021:10:17:19 +0800] "POST /xingrg/load_menu.html HTTP/1.1" 200 5138
116.230.110.80 - - [02/Jun/2021:10:17:19 +0800] "GET /xingrg/all/function/internal_message.html?_=1622600237429&CODE_STATE=getMsg HTTP/1.1" 200 27
180.161.111.4 - - [02/Jun/2021:10:17:19 +0800] "GET /xingrg/javascript/pic_change.js HTTP/1.1" 200 4739
180.161.111.4 - - [02/Jun/2021:10:17:19 +0800] "GET /xingrg/javascript/convert.js HTTP/1.1" 200 1239
180.161.111.4 - - [02/Jun/2021:10:17:19 +0800] "GET /xingrg/javascript/jquery_tools/order_manager.js HTTP/1.1" 200 11183
180.161.111.4 - - [02/Jun/2021:10:17:19 +0800] "GET /xingrg/javascript/json2.js HTTP/1.1" 200 11259
180.161.111.4 - - [02/Jun/2021:10:17:19 +0800] "GET /xingrg/javascript/print/kc_print.js HTTP/1.1" 200 11415
180.161.111.4 - - [02/Jun/2021:10:17:19 +0800] "GET /xingrg/kc/buy/cgsh_order_add.html HTTP/1.1" 200 62265
180.161.111.4 - - [02/Jun/2021:10:17:19 +0800] "GET /xingrg/words/20210601124702_words.js HTTP/1.1" 200 818458
180.161.111.4 - - [02/Jun/2021:10:17:20 +0800] "GET /xingrg/javascript/easyui/themes/icons/template_new.png HTTP/1.1" 200 3956
180.161.111.4 - - [02/Jun/2021:10:17:20 +0800] "GET /xingrg/javascript/easyui/themes/icons/copy_new.png HTTP/1.1" 200 815
180.161.111.4 - - [02/Jun/2021:10:17:20 +0800] "GET /xingrg/javascript/easyui/themes/icons/ok.png HTTP/1.1" 200 883
180.161.111.4 - - [02/Jun/2021:10:17:20 +0800] "GET /xingrg/javascript/easyui/themes/icons/print.png HTTP/1.1" 200 1057
180.161.111.4 - - [02/Jun/2021:10:17:20 +0800] "GET /xingrg/javascript/easyui/themes/default/images/menu_downarrow.png HTTP/1.1" 200 173
180.161.111.4 - - [02/Jun/2021:10:17:20 +0800] "GET /xingrg/javascript/easyui/themes/icons/cancel.png HTTP/1.1" 200 1133
180.169.147.146 - - [02/Jun/2021:10:17:21 +0800] "GET /xingrg/check_reg.html?_=1622600242763 HTTP/1.1" 200 22
180.161.111.4 - - [02/Jun/2021:10:17:22 +0800] "POST /xingrg/kc/buy/cgsh_order_operate.html HTTP/1.1" 200 8245
180.161.111.4 - - [02/Jun/2021:10:17:22 +0800] "GET /xingrg/javascript/easyui/themes/icons/edit_remove.png HTTP/1.1" 200 625
180.169.147.146 - - [02/Jun/2021:10:17:22 +0800] "GET /xingrg/all/function/internal_message.html?_=1622600243447&CODE_STATE=getMsg HTTP/1.1" 200 27
180.161.111.4 - - [02/Jun/2021:10:17:22 +0800] "GET /xingrg/all/common/auto_word.html?type=employee&rest_code=00102 HTTP/1.1" 200 189
180.161.111.4 - - [02/Jun/2021:10:17:22 +0800] "GET /xingrg/all/common/auto_word.html?type=employee&rest_code=00102 HTTP/1.1" 200 189
180.161.111.4 - - [02/Jun/2021:10:17:22 +0800] "GET /xingrg/javascript/easyui/plugins/jquery.validatebox.js HTTP/1.1" 200 6103
180.161.111.4 - - [02/Jun/2021:10:17:22 +0800] "GET /xingrg/javascript/easyui/themes/default/validatebox.css HTTP/1.1" 404 1104
180.161.111.4 - - [02/Jun/2021:10:17:22 +0800] "GET /xingrg/javascript/easyui/plugins/jquery.numberbox.js HTTP/1.1" 200 5213
180.161.111.4 - - [02/Jun/2021:10:17:22 +0800] "GET /xingrg/javascript/auto/indicator.gif HTTP/1.1" 404 1066
116.235.222.38 - - [02/Jun/2021:10:17:23 +0800] "POST /xingrg/kc/buy/cgsh_list_operate.html HTTP/1.1" 200 273
172.20.0.100 - - [02/Jun/2021:10:17:24 +0800] "GET /xingrg/all/function/internal_message.html?_=1622600243373&CODE_STATE=getMsg HTTP/1.1" 200 27
120.253.135.82 - - [02/Jun/2021:10:17:25 +0800] "GET /xingrg/all/function/internal_message.html?_=1622600283236&CODE_STATE=getMsg HTTP/1.1" 302 -
58.40.7.146 - - [02/Jun/2021:10:17:27 +0800] "GET /xingrg/all/function/internal_message.html?_=1622600247198&CODE_STATE=getMsg HTTP/1.1" 200 27
116.224.253.72 - - [02/Jun/2021:10:17:27 +0800] "GET /xingrg/all/function/internal_message.html?_=1622600246629&CODE_STATE=getMsg HTTP/1.1" 200 27
116.235.222.38 - - [02/Jun/2021:10:17:28 +0800] "POST /xingrg/kc/buy/cgsh_list_operate.html HTTP/1.1" 200 274
117.185.32.26 - - [02/Jun/2021:10:17:31 +0800] "GET /xingrg/kc/buy/buy_main.html HTTP/1.1" 200 12412
117.185.32.26 - - [02/Jun/2021:10:17:31 +0800] "GET /xingrg/css/new_ie.css HTTP/1.1" 404 1036
101.85.94.178 - - [02/Jun/2021:10:17:31 +0800] "GET /xingrg/check_reg.html?_=1622599723242 HTTP/1.1" 200 22
101.85.94.178 - - [02/Jun/2021:10:17:31 +0800] "GET /xingrg/all/function/internal_message.html?_=1622599723241&CODE_STATE=getMsg HTTP/1.1" 200 27
117.185.32.26 - - [02/Jun/2021:10:17:32 +0800] "GET /xingrg/images/yd/bt.gif HTTP/1.1" 404 1040
117.185.32.26 - - [02/Jun/2021:10:17:34 +0800] "GET /xingrg/kc/buy/cgsh_order_list.html HTTP/1.1" 200 46568
116.235.222.38 - - [02/Jun/2021:10:17:35 +0800] "POST /xingrg/kc/buy/cgsh_list_operate.html HTTP/1.1" 200 349
117.185.32.26 - - [02/Jun/2021:10:17:38 +0800] "POST /xingrg/kc/buy/cgsh_list_operate.html HTTP/1.1" 200 876
114.83.217.160 - - [02/Jun/2021:10:17:39 +0800] "GET /xingrg/all/function/internal_message.html?_=1622600259904&CODE_STATE=getMsg HTTP/1.1" 200 27
116.224.253.72 - - [02/Jun/2021:10:17:40 +0800] "GET /xingrg/all/function/internal_message.html?_=1622600265160&CODE_STATE=getMsg HTTP/1.1" 200 27
120.253.135.82 - - [02/Jun/2021:10:17:41 +0800] "GET /xingrg/all/function/internal_message.html?_=1622600044464&CODE_STATE=getMsg HTTP/1.1" 200 27
180.161.111.4 - - [02/Jun/2021:10:17:42 +0800] "GET /xingrg/kc/buy/cgsh_order_operate.html?command=get_materiel&rest_code=00102&code=00101012038&supplier_code=00100096&order_time=2021-06-02 HTTP/1.1" 200 414
116.235.222.38 - - [02/Jun/2021:10:17:42 +0800] "POST /xingrg/kc/buy/cgsh_list_operate.html HTTP/1.1" 200 424
117.185.32.26 - - [02/Jun/2021:10:17:43 +0800] "GET /xingrg/kc/buy/cgsh_order_add.html HTTP/1.1" 200 62312
117.185.32.26 - - [02/Jun/2021:10:17:43 +0800] "GET /xingrg/words/20210601124702_words.js HTTP/1.1" 304 -
