61.165.42.208 - - [02/Jun/2021:07:34:59 +0800] "GET /xingrg/all/function/internal_message.html?_=1622590499706&CODE_STATE=getMsg HTTP/1.1" 200 27
58.40.7.146 - - [02/Jun/2021:07:35:06 +0800] "GET /xingrg/check_reg.html?_=1622590506262 HTTP/1.1" 200 22
116.224.253.72 - - [02/Jun/2021:07:35:12 +0800] "GET /xingrg/all/function/internal_message.html?_=1622590511900&CODE_STATE=getMsg HTTP/1.1" 200 27
120.253.135.82 - - [02/Jun/2021:07:35:19 +0800] "POST /xingrg/kc/pszx/mdps_list_operate.html HTTP/1.1" 200 628
120.253.135.82 - - [02/Jun/2021:07:35:22 +0800] "GET /xingrg/all/function/internal_message.html?_=1622590560551&CODE_STATE=getMsg HTTP/1.1" 200 27
120.253.135.82 - - [02/Jun/2021:07:35:23 +0800] "GET /xingrg/kc/pszx/mdps_order_info.html?code=312021060200036 HTTP/1.1" 200 23931
120.253.135.82 - - [02/Jun/2021:07:35:23 +0800] "GET /xingrg/javascript/easyui/themes/default/validatebox.css HTTP/1.1" 404 1104
120.253.135.82 - - [02/Jun/2021:07:35:23 +0800] "POST /xingrg/kc/pszx/mdps_order_operate.html HTTP/1.1" 200 10383
116.230.117.165 - - [02/Jun/2021:07:35:23 +0800] "GET /xingrg/all/function/internal_message.html?_=1622590532720&CODE_STATE=getMsg HTTP/1.1" 200 27
120.253.135.82 - - [02/Jun/2021:07:35:27 +0800] "POST /xingrg/kc/pszx/mdps_order_operate.html HTTP/1.1" 200 37
120.253.135.82 - - [02/Jun/2021:07:35:28 +0800] "GET /xingrg/kc/pszx/mdps_order_info.html?code=312021060200036 HTTP/1.1" 200 23931
120.253.135.82 - - [02/Jun/2021:07:35:28 +0800] "GET /xingrg/javascript/easyui/themes/default/validatebox.css HTTP/1.1" 404 1104
120.253.135.82 - - [02/Jun/2021:07:35:28 +0800] "POST /xingrg/kc/pszx/mdps_order_operate.html HTTP/1.1" 200 10519
120.253.135.82 - - [02/Jun/2021:07:35:36 +0800] "GET /xingrg/check_reg.html?_=1622590319095 HTTP/1.1" 200 22
116.230.110.80 - - [02/Jun/2021:07:35:36 +0800] "GET /xingrg/all/function/internal_message.html?_=1622590534888&CODE_STATE=getMsg HTTP/1.1" 200 27
120.253.135.82 - - [02/Jun/2021:07:35:37 +0800] "GET /xingrg/all/function/internal_message.html?_=1622590319579&CODE_STATE=getMsg HTTP/1.1" 200 27
222.70.177.128 - - [02/Jun/2021:07:35:45 +0800] "GET /xingrg/all/function/internal_message.html?_=1622590545038&CODE_STATE=getMsg HTTP/1.1" 200 27
58.40.7.146 - - [02/Jun/2021:07:35:46 +0800] "GET /xingrg/all/function/internal_message.html?_=1622590546546&CODE_STATE=getMsg HTTP/1.1" 200 27
58.40.7.146 - - [02/Jun/2021:07:35:47 +0800] "GET /xingrg/all/function/internal_message.html?_=1622590546964&CODE_STATE=getMsg HTTP/1.1" 302 -
61.165.42.208 - - [02/Jun/2021:07:35:59 +0800] "GET /xingrg/all/function/internal_message.html?_=1622590559687&CODE_STATE=getMsg HTTP/1.1" 200 27
116.224.253.72 - - [02/Jun/2021:07:36:12 +0800] "GET /xingrg/all/function/internal_message.html?_=1622590571899&CODE_STATE=getMsg HTTP/1.1" 200 27
120.253.135.82 - - [02/Jun/2021:07:36:22 +0800] "GET /xingrg/all/function/internal_message.html?_=1622590620580&CODE_STATE=getMsg HTTP/1.1" 200 27
116.230.117.165 - - [02/Jun/2021:07:36:23 +0800] "GET /xingrg/all/function/internal_message.html?_=1622590592825&CODE_STATE=getMsg HTTP/1.1" 200 27
116.230.110.80 - - [02/Jun/2021:07:36:36 +0800] "GET /xingrg/check_reg.html?_=1622590594873 HTTP/1.1" 200 22
116.230.110.80 - - [02/Jun/2021:07:36:36 +0800] "GET /xingrg/all/function/internal_message.html?_=1622590594875&CODE_STATE=getMsg HTTP/1.1" 200 27
120.253.135.82 - - [02/Jun/2021:07:36:37 +0800] "GET /xingrg/all/function/internal_message.html?_=1622590379593&CODE_STATE=getMsg HTTP/1.1" 200 27
222.70.177.128 - - [02/Jun/2021:07:36:45 +0800] "GET /xingrg/all/function/internal_message.html?_=1622590605038&CODE_STATE=getMsg HTTP/1.1" 200 27
58.40.7.146 - - [02/Jun/2021:07:36:46 +0800] "GET /xingrg/all/function/internal_message.html?_=1622590606517&CODE_STATE=getMsg HTTP/1.1" 200 27
58.40.7.146 - - [02/Jun/2021:07:36:47 +0800] "GET /xingrg/all/function/internal_message.html?_=1622590606967&CODE_STATE=getMsg HTTP/1.1" 302 -
61.165.42.208 - - [02/Jun/2021:07:36:59 +0800] "GET /xingrg/all/function/internal_message.html?_=1622590619655&CODE_STATE=getMsg HTTP/1.1" 200 27
120.253.135.82 - - [02/Jun/2021:07:37:07 +0800] "GET /xingrg/check_reg.html?_=1622590665154 HTTP/1.1" 200 22
116.224.253.72 - - [02/Jun/2021:07:37:12 +0800] "GET /xingrg/all/function/internal_message.html?_=1622590631898&CODE_STATE=getMsg HTTP/1.1" 200 27
120.253.135.82 - - [02/Jun/2021:07:37:22 +0800] "GET /xingrg/all/function/internal_message.html?_=1622590680594&CODE_STATE=getMsg HTTP/1.1" 200 27
116.230.117.165 - - [02/Jun/2021:07:37:23 +0800] "GET /xingrg/all/function/internal_message.html?_=1622590652839&CODE_STATE=getMsg HTTP/1.1" 200 27
120.253.135.82 - - [02/Jun/2021:07:37:32 +0800] "POST /xingrg/kc/pszx/mdps_order_operate.html HTTP/1.1" 200 37
120.253.135.82 - - [02/Jun/2021:07:37:33 +0800] "GET /xingrg/kc/pszx/mdps_order_info.html?code=312021060200036 HTTP/1.1" 200 23931
120.253.135.82 - - [02/Jun/2021:07:37:33 +0800] "GET /xingrg/javascript/easyui/themes/default/validatebox.css HTTP/1.1" 404 1104
120.253.135.82 - - [02/Jun/2021:07:37:33 +0800] "POST /xingrg/kc/pszx/mdps_order_operate.html HTTP/1.1" 200 10519
116.230.110.80 - - [02/Jun/2021:07:37:36 +0800] "GET /xingrg/all/function/internal_message.html?_=1622590654885&CODE_STATE=getMsg HTTP/1.1" 200 27
120.253.135.82 - - [02/Jun/2021:07:37:37 +0800] "GET /xingrg/all/function/internal_message.html?_=1622590439607&CODE_STATE=getMsg HTTP/1.1" 200 27
120.253.135.82 - - [02/Jun/2021:07:37:37 +0800] "GET /xingrg/kc/print/load_data.html?order_code=312021060200036&kc_code=mdps&condition= HTTP/1.1" 200 4591
222.70.177.128 - - [02/Jun/2021:07:37:45 +0800] "GET /xingrg/all/function/internal_message.html?_=1622590665038&CODE_STATE=getMsg HTTP/1.1" 200 27
58.40.7.146 - - [02/Jun/2021:07:37:46 +0800] "GET /xingrg/all/function/internal_message.html?_=1622590666489&CODE_STATE=getMsg HTTP/1.1" 200 27
58.40.7.146 - - [02/Jun/2021:07:37:47 +0800] "GET /xingrg/all/function/internal_message.html?_=1622590666969&CODE_STATE=getMsg HTTP/1.1" 302 -
61.165.42.208 - - [02/Jun/2021:07:37:59 +0800] "GET /xingrg/all/function/internal_message.html?_=1622590679631&CODE_STATE=getMsg HTTP/1.1" 200 27
116.224.253.72 - - [02/Jun/2021:07:38:12 +0800] "GET /xingrg/check_reg.html?_=1622590691938 HTTP/1.1" 200 22
116.224.253.72 - - [02/Jun/2021:07:38:12 +0800] "GET /xingrg/all/function/internal_message.html?_=1622590691937&CODE_STATE=getMsg HTTP/1.1" 200 27
120.253.135.82 - - [02/Jun/2021:07:38:22 +0800] "GET /xingrg/all/function/internal_message.html?_=1622590740609&CODE_STATE=getMsg HTTP/1.1" 200 27
116.230.117.165 - - [02/Jun/2021:07:38:23 +0800] "GET /xingrg/all/function/internal_message.html?_=1622590712949&CODE_STATE=getMsg HTTP/1.1" 200 27
116.230.110.80 - - [02/Jun/2021:07:38:36 +0800] "GET /xingrg/all/function/internal_message.html?_=1622590714875&CODE_STATE=getMsg HTTP/1.1" 200 27
120.253.135.82 - - [02/Jun/2021:07:38:37 +0800] "GET /xingrg/all/function/internal_message.html?_=1622590499682&CODE_STATE=getMsg HTTP/1.1" 200 27
222.70.177.128 - - [02/Jun/2021:07:38:45 +0800] "GET /xingrg/all/function/internal_message.html?_=1622590725036&CODE_STATE=getMsg HTTP/1.1" 200 27
222.70.177.128 - - [02/Jun/2021:07:38:45 +0800] "GET /xingrg/check_reg.html?_=1622590725039 HTTP/1.1" 200 22
58.40.7.146 - - [02/Jun/2021:07:38:46 +0800] "GET /xingrg/all/function/internal_message.html?_=1622590726474&CODE_STATE=getMsg HTTP/1.1" 200 27
58.40.7.146 - - [02/Jun/2021:07:38:47 +0800] "GET /xingrg/check_reg.html?_=1622590726973 HTTP/1.1" 302 -
58.40.7.146 - - [02/Jun/2021:07:38:47 +0800] "GET /xingrg/all/function/internal_message.html?_=1622590726974&CODE_STATE=getMsg HTTP/1.1" 302 -
116.230.117.165 - - [02/Jun/2021:07:38:51 +0800] "GET /xingrg/check_reg.html?_=1622590740238 HTTP/1.1" 200 22
61.165.42.208 - - [02/Jun/2021:07:38:59 +0800] "GET /xingrg/all/function/internal_message.html?_=1622590739632&CODE_STATE=getMsg HTTP/1.1" 200 27
116.224.253.72 - - [02/Jun/2021:07:39:12 +0800] "GET /xingrg/all/function/internal_message.html?_=1622590751925&CODE_STATE=getMsg HTTP/1.1" 200 27
61.165.42.208 - - [02/Jun/2021:07:39:16 +0800] "GET /xingrg/check_reg.html?_=1622590756952 HTTP/1.1" 200 22
120.253.135.82 - - [02/Jun/2021:07:39:22 +0800] "GET /xingrg/all/function/internal_message.html?_=1622590800641&CODE_STATE=getMsg HTTP/1.1" 200 27
116.230.117.165 - - [02/Jun/2021:07:39:23 +0800] "GET /xingrg/all/function/internal_message.html?_=1622590772960&CODE_STATE=getMsg HTTP/1.1" 200 27
116.230.110.80 - - [02/Jun/2021:07:39:36 +0800] "GET /xingrg/all/function/internal_message.html?_=1622590774892&CODE_STATE=getMsg HTTP/1.1" 200 27
120.253.135.82 - - [02/Jun/2021:07:39:37 +0800] "GET /xingrg/all/function/internal_message.html?_=1622590559696&CODE_STATE=getMsg HTTP/1.1" 200 27
222.70.177.128 - - [02/Jun/2021:07:39:45 +0800] "GET /xingrg/all/function/internal_message.html?_=1622590785038&CODE_STATE=getMsg HTTP/1.1" 200 27
180.161.111.4 - - [02/Jun/2021:07:39:45 +0800] "GET /xingrg/check_reg.html?_=1622590746886 HTTP/1.1" 302 -
58.40.7.146 - - [02/Jun/2021:07:39:46 +0800] "GET /xingrg/all/function/internal_message.html?_=1622590786445&CODE_STATE=getMsg HTTP/1.1" 200 27
58.40.7.146 - - [02/Jun/2021:07:39:47 +0800] "GET /xingrg/all/function/internal_message.html?_=1622590786975&CODE_STATE=getMsg HTTP/1.1" 302 -
120.253.135.82 - - [02/Jun/2021:07:39:48 +0800] "POST /xingrg/kc/pszx/mdps_list_operate.html HTTP/1.1" 200 1693
120.253.135.82 - - [02/Jun/2021:07:39:53 +0800] "GET /xingrg/kc/buy/cgsh_order_list.html HTTP/1.1" 200 46568
120.253.135.82 - - [02/Jun/2021:07:39:53 +0800] "GET /xingrg/javascript/jquery_tools/fix.css HTTP/1.1" 200 1702
120.253.135.82 - - [02/Jun/2021:07:39:53 +0800] "GET /xingrg/javascript/jquery_tools/table.css HTTP/1.1" 200 1032
120.253.135.82 - - [02/Jun/2021:07:39:53 +0800] "GET /xingrg/javascript/jquery_tools/jquery.tools.table.js HTTP/1.1" 200 6994
120.253.135.82 - - [02/Jun/2021:07:39:53 +0800] "GET /xingrg/javascript/jquery_tools/list_manager.js HTTP/1.1" 200 3652
120.253.135.82 - - [02/Jun/2021:07:39:53 +0800] "GET /xingrg/javascript/jquery.cookie.js HTTP/1.1" 200 5513
120.253.135.82 - - [02/Jun/2021:07:39:53 +0800] "POST /xingrg/kc/buy/cgsh_list_operate.html HTTP/1.1" 200 876
120.253.135.82 - - [02/Jun/2021:07:39:55 +0800] "GET /xingrg/kc/buy/cgsh_order_add.html HTTP/1.1" 200 61366
120.253.135.82 - - [02/Jun/2021:07:39:55 +0800] "GET /xingrg/javascript/easyui/themes/icons/template_new.png HTTP/1.1" 200 3956
120.253.135.82 - - [02/Jun/2021:07:39:55 +0800] "POST /xingrg/kc/buy/cgsh_order_operate.html HTTP/1.1" 200 8245
120.253.135.82 - - [02/Jun/2021:07:39:55 +0800] "GET /xingrg/all/common/auto_word.html?type=employee&rest_code=00101 HTTP/1.1" 200 1077
120.253.135.82 - - [02/Jun/2021:07:39:55 +0800] "GET /xingrg/all/common/auto_word.html?type=employee&rest_code=00101 HTTP/1.1" 200 1077
120.253.135.82 - - [02/Jun/2021:07:39:55 +0800] "GET /xingrg/javascript/easyui/themes/default/validatebox.css HTTP/1.1" 404 1104
61.165.42.208 - - [02/Jun/2021:07:39:59 +0800] "GET /xingrg/all/function/internal_message.html?_=1622590799604&CODE_STATE=getMsg HTTP/1.1" 200 27
120.253.135.82 - - [02/Jun/2021:07:40:03 +0800] "POST /xingrg/all/common/load_combo.html?type=employee HTTP/1.1" 200 1928
58.40.7.146 - - [02/Jun/2021:07:40:06 +0800] "GET /xingrg/check_reg.html?_=1622590806243 HTTP/1.1" 200 22
116.224.253.72 - - [02/Jun/2021:07:40:12 +0800] "GET /xingrg/all/function/internal_message.html?_=1622590811924&CODE_STATE=getMsg HTTP/1.1" 200 27
120.253.135.82 - - [02/Jun/2021:07:40:20 +0800] "GET /xingrg/kc/buy/cgsh_order_operate.html?command=get_materiel&rest_code=00101&code=00101029073&supplier_code=00100282&order_time=2021-06-02 HTTP/1.1" 200 477
120.253.135.82 - - [02/Jun/2021:07:40:22 +0800] "POST /xingrg/all/common/load_select.html HTTP/1.1" 200 25
120.253.135.82 - - [02/Jun/2021:07:40:22 +0800] "GET /xingrg/all/function/internal_message.html?_=1622590860650&CODE_STATE=getMsg HTTP/1.1" 200 27
116.230.117.165 - - [02/Jun/2021:07:40:23 +0800] "GET /xingrg/all/function/internal_message.html?_=1622590832974&CODE_STATE=getMsg HTTP/1.1" 200 27
120.253.135.82 - - [02/Jun/2021:07:40:25 +0800] "GET /xingrg/kc/buy/cgsh_order_operate.html?command=get_materiel_price&rest_code=00101&code=00101029073&unit_code=00100179&supplier_code=00100282&order_time=2021-06-02 HTTP/1.1" 200 29
116.230.110.80 - - [02/Jun/2021:07:40:36 +0800] "GET /xingrg/all/function/internal_message.html?_=1622590834881&CODE_STATE=getMsg HTTP/1.1" 200 27
120.253.135.82 - - [02/Jun/2021:07:40:37 +0800] "GET /xingrg/check_reg.html?_=1622590619710 HTTP/1.1" 200 22
120.253.135.82 - - [02/Jun/2021:07:40:37 +0800] "GET /xingrg/all/function/internal_message.html?_=1622590619717&CODE_STATE=getMsg HTTP/1.1" 200 27
120.253.135.82 - - [02/Jun/2021:07:40:38 +0800] "POST /xingrg/kc/buy/cgsh_order_operate.html HTTP/1.1" 200 37
120.253.135.82 - - [02/Jun/2021:07:40:39 +0800] "POST /xingrg/kc/buy/cgsh_order_operate.html HTTP/1.1" 200 2718
120.253.135.82 - - [02/Jun/2021:07:40:41 +0800] "GET /xingrg/kc/print/load_config.html?kc_code=cgsh HTTP/1.1" 200 1845
120.253.135.82 - - [02/Jun/2021:07:40:41 +0800] "GET /xingrg/kc/print/load_data.html?order_code=212021060200474&kc_code=cgsh&condition= HTTP/1.1" 200 740
222.70.177.128 - - [02/Jun/2021:07:40:45 +0800] "GET /xingrg/all/function/internal_message.html?_=1622590845038&CODE_STATE=getMsg HTTP/1.1" 200 27
58.40.7.146 - - [02/Jun/2021:07:40:46 +0800] "GET /xingrg/all/function/internal_message.html?_=1622590846417&CODE_STATE=getMsg HTTP/1.1" 200 27
58.40.7.146 - - [02/Jun/2021:07:40:47 +0800] "GET /xingrg/all/function/internal_message.html?_=1622590846964&CODE_STATE=getMsg HTTP/1.1" 302 -
61.165.42.208 - - [02/Jun/2021:07:40:59 +0800] "GET /xingrg/all/function/internal_message.html?_=1622590859582&CODE_STATE=getMsg HTTP/1.1" 200 27
116.224.253.72 - - [02/Jun/2021:07:41:12 +0800] "GET /xingrg/all/function/internal_message.html?_=1622590871923&CODE_STATE=getMsg HTTP/1.1" 200 27
120.253.135.82 - - [02/Jun/2021:07:41:22 +0800] "GET /xingrg/all/function/internal_message.html?_=1622590920679&CODE_STATE=getMsg HTTP/1.1" 200 27
116.230.117.165 - - [02/Jun/2021:07:41:24 +0800] "GET /xingrg/all/function/internal_message.html?_=1622590893089&CODE_STATE=getMsg HTTP/1.1" 200 27
116.230.110.80 - - [02/Jun/2021:07:41:36 +0800] "GET /xingrg/check_reg.html?_=1622590894867 HTTP/1.1" 200 22
116.230.110.80 - - [02/Jun/2021:07:41:36 +0800] "GET /xingrg/all/function/internal_message.html?_=1622590894869&CODE_STATE=getMsg HTTP/1.1" 200 27
120.253.135.82 - - [02/Jun/2021:07:41:37 +0800] "GET /xingrg/all/function/internal_message.html?_=1622590679724&CODE_STATE=getMsg HTTP/1.1" 200 27
222.70.177.128 - - [02/Jun/2021:07:41:45 +0800] "GET /xingrg/all/function/internal_message.html?_=1622590905037&CODE_STATE=getMsg HTTP/1.1" 200 27
58.40.7.146 - - [02/Jun/2021:07:41:46 +0800] "GET /xingrg/all/function/internal_message.html?_=1622590906388&CODE_STATE=getMsg HTTP/1.1" 200 27
58.40.7.146 - - [02/Jun/2021:07:41:47 +0800] "GET /xingrg/all/function/internal_message.html?_=1622590906966&CODE_STATE=getMsg HTTP/1.1" 302 -
61.165.42.208 - - [02/Jun/2021:07:41:58 +0800] "GET /xingrg/all/function/internal_message.html?_=1622590919556&CODE_STATE=getMsg HTTP/1.1" 200 27
120.253.135.82 - - [02/Jun/2021:07:42:07 +0800] "GET /xingrg/check_reg.html?_=1622590965155 HTTP/1.1" 200 22
116.224.253.72 - - [02/Jun/2021:07:42:12 +0800] "GET /xingrg/all/function/internal_message.html?_=1622590931923&CODE_STATE=getMsg HTTP/1.1" 200 27
120.253.135.82 - - [02/Jun/2021:07:42:22 +0800] "GET /xingrg/all/function/internal_message.html?_=1622590980694&CODE_STATE=getMsg HTTP/1.1" 200 27
116.230.117.165 - - [02/Jun/2021:07:42:24 +0800] "GET /xingrg/all/function/internal_message.html?_=1622590953094&CODE_STATE=getMsg HTTP/1.1" 200 27
120.253.135.82 - - [02/Jun/2021:07:42:24 +0800] "POST /xingrg/kc/buy/cgsh_order_operate.html HTTP/1.1" 200 37
120.253.135.82 - - [02/Jun/2021:07:42:27 +0800] "POST /xingrg/kc/buy/cgsh_order_operate.html HTTP/1.1" 200 12
120.253.135.82 - - [02/Jun/2021:07:42:28 +0800] "GET /xingrg/kc/buy/cgsh_order_info.html?code=212021060200474 HTTP/1.1" 200 56280
120.253.135.82 - - [02/Jun/2021:07:42:29 +0800] "GET /xingrg/javascript/easyui/themes/default/validatebox.css HTTP/1.1" 404 1104
120.253.135.82 - - [02/Jun/2021:07:42:29 +0800] "POST /xingrg/kc/buy/cgsh_order_operate.html HTTP/1.1" 200 668
116.230.110.80 - - [02/Jun/2021:07:42:36 +0800] "GET /xingrg/all/function/internal_message.html?_=1622590954877&CODE_STATE=getMsg HTTP/1.1" 200 27
120.253.135.82 - - [02/Jun/2021:07:42:37 +0800] "GET /xingrg/all/function/internal_message.html?_=1622590739800&CODE_STATE=getMsg HTTP/1.1" 200 27
222.70.177.128 - - [02/Jun/2021:07:42:45 +0800] "GET /xingrg/all/function/internal_message.html?_=1622590965035&CODE_STATE=getMsg HTTP/1.1" 200 27
58.40.7.146 - - [02/Jun/2021:07:42:46 +0800] "GET /xingrg/all/function/internal_message.html?_=1622590966375&CODE_STATE=getMsg HTTP/1.1" 200 27
58.40.7.146 - - [02/Jun/2021:07:42:47 +0800] "GET /xingrg/all/function/internal_message.html?_=1622590966968&CODE_STATE=getMsg HTTP/1.1" 302 -
120.253.135.82 - - [02/Jun/2021:07:42:49 +0800] "GET /xingrg/kc/buy/cgsh_order_add.html HTTP/1.1" 200 61366
120.253.135.82 - - [02/Jun/2021:07:42:49 +0800] "POST /xingrg/kc/buy/cgsh_order_operate.html HTTP/1.1" 200 8245
120.253.135.82 - - [02/Jun/2021:07:42:50 +0800] "GET /xingrg/javascript/easyui/themes/default/validatebox.css HTTP/1.1" 404 1104
120.253.135.82 - - [02/Jun/2021:07:42:58 +0800] "POST /xingrg/all/common/load_combo.html?type=employee HTTP/1.1" 200 1928
61.165.42.208 - - [02/Jun/2021:07:42:58 +0800] "GET /xingrg/all/function/internal_message.html?_=1622590979538&CODE_STATE=getMsg HTTP/1.1" 200 27
120.253.135.82 - - [02/Jun/2021:07:43:11 +0800] "GET /xingrg/kc/buy/cgsh_order_operate.html?command=get_materiel&rest_code=00101&code=00101022099&supplier_code=00100392&order_time=2021-06-02 HTTP/1.1" 200 404
116.224.253.72 - - [02/Jun/2021:07:43:12 +0800] "GET /xingrg/all/function/internal_message.html?_=1622590991939&CODE_STATE=getMsg HTTP/1.1" 200 27
116.224.253.72 - - [02/Jun/2021:07:43:12 +0800] "GET /xingrg/check_reg.html?_=1622590991942 HTTP/1.1" 200 22
120.253.135.82 - - [02/Jun/2021:07:43:22 +0800] "GET /xingrg/all/function/internal_message.html?_=1622591040707&CODE_STATE=getMsg HTTP/1.1" 200 27
116.230.117.165 - - [02/Jun/2021:07:43:24 +0800] "GET /xingrg/all/function/internal_message.html?_=1622591013202&CODE_STATE=getMsg HTTP/1.1" 200 27
120.253.135.82 - - [02/Jun/2021:07:43:33 +0800] "GET /xingrg/kc/buy/cgsh_order_operate.html?command=get_materiel&rest_code=00101&code=00101022082&supplier_code=00100392&order_time=2021-06-02 HTTP/1.1" 200 406
116.230.110.80 - - [02/Jun/2021:07:43:36 +0800] "GET /xingrg/all/function/internal_message.html?_=1622591014889&CODE_STATE=getMsg HTTP/1.1" 200 27
120.253.135.82 - - [02/Jun/2021:07:43:37 +0800] "GET /xingrg/all/function/internal_message.html?_=1622590799813&CODE_STATE=getMsg HTTP/1.1" 200 27
222.70.177.128 - - [02/Jun/2021:07:43:45 +0800] "GET /xingrg/all/function/internal_message.html?_=1622591025051&CODE_STATE=getMsg HTTP/1.1" 200 27
222.70.177.128 - - [02/Jun/2021:07:43:45 +0800] "GET /xingrg/check_reg.html?_=1622591025053 HTTP/1.1" 200 22
58.40.7.146 - - [02/Jun/2021:07:43:46 +0800] "GET /xingrg/all/function/internal_message.html?_=1622591026346&CODE_STATE=getMsg HTTP/1.1" 200 27
58.40.7.146 - - [02/Jun/2021:07:43:47 +0800] "GET /xingrg/all/function/internal_message.html?_=1622591026972&CODE_STATE=getMsg HTTP/1.1" 302 -
58.40.7.146 - - [02/Jun/2021:07:43:47 +0800] "GET /xingrg/check_reg.html?_=1622591026974 HTTP/1.1" 302 -
116.230.117.165 - - [02/Jun/2021:07:43:51 +0800] "GET /xingrg/check_reg.html?_=1622591040239 HTTP/1.1" 200 22
120.253.135.82 - - [02/Jun/2021:07:43:51 +0800] "GET /xingrg/kc/buy/cgsh_order_operate.html?command=get_materiel&rest_code=00101&code=00101019120&supplier_code=00100392&order_time=2021-06-02 HTTP/1.1" 200 436
61.165.42.208 - - [02/Jun/2021:07:43:58 +0800] "GET /xingrg/all/function/internal_message.html?_=1622591039518&CODE_STATE=getMsg HTTP/1.1" 200 27
180.161.111.4 - - [02/Jun/2021:07:44:02 +0800] "POST /xingrg/services/DataTransmitService HTTP/1.1" 200 524
180.161.111.4 - - [02/Jun/2021:07:44:02 +0800] "POST /xingrg/services/DataTransmitService HTTP/1.1" 200 501
120.253.135.82 - - [02/Jun/2021:07:44:05 +0800] "POST /xingrg/kc/buy/cgsh_order_operate.html HTTP/1.1" 200 37
120.253.135.82 - - [02/Jun/2021:07:44:06 +0800] "POST /xingrg/kc/buy/cgsh_order_operate.html HTTP/1.1" 200 3901
120.253.135.82 - - [02/Jun/2021:07:44:09 +0800] "GET /xingrg/kc/print/load_data.html?order_code=212021060200475&kc_code=cgsh&condition= HTTP/1.1" 200 1174
116.224.253.72 - - [02/Jun/2021:07:44:12 +0800] "GET /xingrg/all/function/internal_message.html?_=1622591051942&CODE_STATE=getMsg HTTP/1.1" 200 27
61.165.42.208 - - [02/Jun/2021:07:44:16 +0800] "GET /xingrg/check_reg.html?_=1622591056924 HTTP/1.1" 200 22
120.253.135.82 - - [02/Jun/2021:07:44:22 +0800] "GET /xingrg/all/function/internal_message.html?_=1622591100737&CODE_STATE=getMsg HTTP/1.1" 200 27
116.230.117.165 - - [02/Jun/2021:07:44:24 +0800] "GET /xingrg/all/function/internal_message.html?_=1622591073216&CODE_STATE=getMsg HTTP/1.1" 200 27
116.230.110.80 - - [02/Jun/2021:07:44:36 +0800] "GET /xingrg/all/function/internal_message.html?_=1622591074887&CODE_STATE=getMsg HTTP/1.1" 200 27
120.253.135.82 - - [02/Jun/2021:07:44:37 +0800] "GET /xingrg/all/function/internal_message.html?_=1622590859827&CODE_STATE=getMsg HTTP/1.1" 200 27
222.70.177.128 - - [02/Jun/2021:07:44:45 +0800] "GET /xingrg/all/function/internal_message.html?_=1622591085037&CODE_STATE=getMsg HTTP/1.1" 200 27
180.161.111.4 - - [02/Jun/2021:07:44:46 +0800] "GET /xingrg/check_reg.html?_=1622591047265 HTTP/1.1" 302 -
58.40.7.146 - - [02/Jun/2021:07:44:46 +0800] "GET /xingrg/all/function/internal_message.html?_=1622591086318&CODE_STATE=getMsg HTTP/1.1" 200 27
58.40.7.146 - - [02/Jun/2021:07:44:47 +0800] "GET /xingrg/all/function/internal_message.html?_=1622591086979&CODE_STATE=getMsg HTTP/1.1" 302 -
61.165.42.208 - - [02/Jun/2021:07:44:58 +0800] "GET /xingrg/all/function/internal_message.html?_=1622591099493&CODE_STATE=getMsg HTTP/1.1" 200 27
58.40.7.146 - - [02/Jun/2021:07:45:06 +0800] "GET /xingrg/check_reg.html?_=1622591106226 HTTP/1.1" 200 22
120.253.135.82 - - [02/Jun/2021:07:45:09 +0800] "POST /xingrg/kc/buy/cgsh_order_operate.html HTTP/1.1" 200 37
116.224.253.72 - - [02/Jun/2021:07:45:12 +0800] "GET /xingrg/all/function/internal_message.html?_=1622591111940&CODE_STATE=getMsg HTTP/1.1" 200 27
120.253.135.82 - - [02/Jun/2021:07:45:20 +0800] "POST /xingrg/kc/buy/cgsh_order_operate.html HTTP/1.1" 200 12
120.253.135.82 - - [02/Jun/2021:07:45:22 +0800] "GET /xingrg/kc/buy/cgsh_order_info.html?code=212021060200475 HTTP/1.1" 200 56263
120.253.135.82 - - [02/Jun/2021:07:45:22 +0800] "GET /xingrg/javascript/easyui/themes/default/validatebox.css HTTP/1.1" 404 1104
120.253.135.82 - - [02/Jun/2021:07:45:23 +0800] "GET /xingrg/all/function/internal_message.html?_=1622591160750&CODE_STATE=getMsg HTTP/1.1" 200 27
120.253.135.82 - - [02/Jun/2021:07:45:23 +0800] "POST /xingrg/kc/buy/cgsh_order_operate.html HTTP/1.1" 200 1851
116.230.117.165 - - [02/Jun/2021:07:45:24 +0800] "GET /xingrg/all/function/internal_message.html?_=1622591133229&CODE_STATE=getMsg HTTP/1.1" 200 27
116.230.110.80 - - [02/Jun/2021:07:45:36 +0800] "GET /xingrg/all/function/internal_message.html?_=1622591134880&CODE_STATE=getMsg HTTP/1.1" 200 27
120.253.135.82 - - [02/Jun/2021:07:45:37 +0800] "GET /xingrg/check_reg.html?_=1622590919716 HTTP/1.1" 200 22
120.253.135.82 - - [02/Jun/2021:07:45:37 +0800] "GET /xingrg/all/function/internal_message.html?_=1622590919934&CODE_STATE=getMsg HTTP/1.1" 200 27
120.253.135.82 - - [02/Jun/2021:07:45:41 +0800] "POST /xingrg/kc/buy/cgsh_list_operate.html HTTP/1.1" 200 876
222.70.177.128 - - [02/Jun/2021:07:45:45 +0800] "GET /xingrg/all/function/internal_message.html?_=1622591145062&CODE_STATE=getMsg HTTP/1.1" 200 27
58.40.7.146 - - [02/Jun/2021:07:45:46 +0800] "GET /xingrg/all/function/internal_message.html?_=1622591146289&CODE_STATE=getMsg HTTP/1.1" 200 27
58.40.7.146 - - [02/Jun/2021:07:45:47 +0800] "GET /xingrg/all/function/internal_message.html?_=1622591146965&CODE_STATE=getMsg HTTP/1.1" 302 -
120.253.135.82 - - [02/Jun/2021:07:45:47 +0800] "GET /xingrg/kc/buy/cgsh_order_list.html HTTP/1.1" 200 46568
120.253.135.82 - - [02/Jun/2021:07:45:48 +0800] "POST /xingrg/kc/buy/cgsh_list_operate.html HTTP/1.1" 200 876
120.253.135.82 - - [02/Jun/2021:07:45:48 +0800] "GET /xingrg/kc/buy/cgsh_order_add.html HTTP/1.1" 200 61366
120.253.135.82 - - [02/Jun/2021:07:45:49 +0800] "POST /xingrg/kc/buy/cgsh_order_operate.html HTTP/1.1" 200 8245
120.253.135.82 - - [02/Jun/2021:07:45:49 +0800] "GET /xingrg/javascript/easyui/themes/default/validatebox.css HTTP/1.1" 404 1104
61.165.42.208 - - [02/Jun/2021:07:45:58 +0800] "GET /xingrg/all/function/internal_message.html?_=1622591159465&CODE_STATE=getMsg HTTP/1.1" 200 27
120.253.135.82 - - [02/Jun/2021:07:46:00 +0800] "POST /xingrg/all/common/load_combo.html?type=employee HTTP/1.1" 200 1928
120.253.135.82 - - [02/Jun/2021:07:46:10 +0800] "GET /xingrg/kc/buy/cgsh_order_operate.html?command=get_materiel&rest_code=00101&code=00101006002&supplier_code=00100139&order_time=2021-06-02 HTTP/1.1" 200 419
116.224.253.72 - - [02/Jun/2021:07:46:12 +0800] "GET /xingrg/all/function/internal_message.html?_=1622591171954&CODE_STATE=getMsg HTTP/1.1" 200 27
120.253.135.82 - - [02/Jun/2021:07:46:23 +0800] "GET /xingrg/all/function/internal_message.html?_=1622591220778&CODE_STATE=getMsg HTTP/1.1" 200 27
116.230.117.165 - - [02/Jun/2021:07:46:24 +0800] "GET /xingrg/all/function/internal_message.html?_=1622591193369&CODE_STATE=getMsg HTTP/1.1" 200 27
120.253.135.82 - - [02/Jun/2021:07:46:29 +0800] "POST /xingrg/kc/buy/cgsh_order_operate.html HTTP/1.1" 200 37
120.253.135.82 - - [02/Jun/2021:07:46:30 +0800] "POST /xingrg/kc/buy/cgsh_order_operate.html HTTP/1.1" 200 2671
116.230.110.80 - - [02/Jun/2021:07:46:36 +0800] "GET /xingrg/check_reg.html?_=1622591194891 HTTP/1.1" 200 22
116.230.110.80 - - [02/Jun/2021:07:46:36 +0800] "GET /xingrg/all/function/internal_message.html?_=1622591194895&CODE_STATE=getMsg HTTP/1.1" 200 27
120.253.135.82 - - [02/Jun/2021:07:46:37 +0800] "GET /xingrg/all/function/internal_message.html?_=1622590979948&CODE_STATE=getMsg HTTP/1.1" 200 27
222.70.177.128 - - [02/Jun/2021:07:46:45 +0800] "GET /xingrg/all/function/internal_message.html?_=1622591205061&CODE_STATE=getMsg HTTP/1.1" 200 27
58.40.7.146 - - [02/Jun/2021:07:46:46 +0800] "GET /xingrg/all/function/internal_message.html?_=1622591206277&CODE_STATE=getMsg HTTP/1.1" 200 27
58.40.7.146 - - [02/Jun/2021:07:46:47 +0800] "GET /xingrg/all/function/internal_message.html?_=1622591206968&CODE_STATE=getMsg HTTP/1.1" 302 -
120.253.135.82 - - [02/Jun/2021:07:46:49 +0800] "POST /xingrg/kc/buy/cgsh_order_operate.html HTTP/1.1" 200 37
120.253.135.82 - - [02/Jun/2021:07:46:50 +0800] "POST /xingrg/kc/buy/cgsh_order_operate.html HTTP/1.1" 200 2671
120.253.135.82 - - [02/Jun/2021:07:46:52 +0800] "GET /xingrg/kc/print/load_data.html?order_code=212021060200476&kc_code=cgsh&condition= HTTP/1.1" 200 732
61.165.42.208 - - [02/Jun/2021:07:46:58 +0800] "GET /xingrg/all/function/internal_message.html?_=1622591219447&CODE_STATE=getMsg HTTP/1.1" 200 27
120.253.135.82 - - [02/Jun/2021:07:47:02 +0800] "POST /xingrg/kc/buy/cgsh_order_operate.html HTTP/1.1" 200 37
120.253.135.82 - - [02/Jun/2021:07:47:05 +0800] "POST /xingrg/kc/buy/cgsh_order_operate.html HTTP/1.1" 200 12
120.253.135.82 - - [02/Jun/2021:07:47:06 +0800] "GET /xingrg/kc/buy/cgsh_order_info.html?code=212021060200476 HTTP/1.1" 200 56269
120.253.135.82 - - [02/Jun/2021:07:47:07 +0800] "GET /xingrg/javascript/easyui/themes/default/validatebox.css HTTP/1.1" 404 1104
120.253.135.82 - - [02/Jun/2021:07:47:07 +0800] "GET /xingrg/check_reg.html?_=1622591265163 HTTP/1.1" 200 22
120.253.135.82 - - [02/Jun/2021:07:47:07 +0800] "POST /xingrg/kc/buy/cgsh_order_operate.html HTTP/1.1" 200 621
116.224.253.72 - - [02/Jun/2021:07:47:12 +0800] "GET /xingrg/all/function/internal_message.html?_=1622591231953&CODE_STATE=getMsg HTTP/1.1" 200 27
120.253.135.82 - - [02/Jun/2021:07:47:23 +0800] "GET /xingrg/all/function/internal_message.html?_=1622591280793&CODE_STATE=getMsg HTTP/1.1" 200 27
116.230.117.165 - - [02/Jun/2021:07:47:24 +0800] "GET /xingrg/all/function/internal_message.html?_=1622591253380&CODE_STATE=getMsg HTTP/1.1" 200 27
116.230.110.80 - - [02/Jun/2021:07:47:36 +0800] "GET /xingrg/all/function/internal_message.html?_=1622591254875&CODE_STATE=getMsg HTTP/1.1" 200 27
120.253.135.82 - - [02/Jun/2021:07:47:37 +0800] "GET /xingrg/all/function/internal_message.html?_=1622591039960&CODE_STATE=getMsg HTTP/1.1" 200 27
222.70.177.128 - - [02/Jun/2021:07:47:45 +0800] "GET /xingrg/all/function/internal_message.html?_=1622591265062&CODE_STATE=getMsg HTTP/1.1" 200 27
58.40.7.146 - - [02/Jun/2021:07:47:46 +0800] "GET /xingrg/all/function/internal_message.html?_=1622591266249&CODE_STATE=getMsg HTTP/1.1" 200 27
58.40.7.146 - - [02/Jun/2021:07:47:47 +0800] "GET /xingrg/all/function/internal_message.html?_=1622591266970&CODE_STATE=getMsg HTTP/1.1" 302 -
120.253.135.82 - - [02/Jun/2021:07:47:56 +0800] "GET /xingrg/kc/pszx/mdps_order_list.html?orderType=0 HTTP/1.1" 200 20879
120.253.135.82 - - [02/Jun/2021:07:47:56 +0800] "GET /xingrg/javascript/easyui/themes/icons/uncheck_new.png HTTP/1.1" 200 3197
120.253.135.82 - - [02/Jun/2021:07:47:56 +0800] "POST /xingrg/kc/pszx/mdps_list_operate.html HTTP/1.1" 200 5576
61.165.42.208 - - [02/Jun/2021:07:47:58 +0800] "GET /xingrg/all/function/internal_message.html?_=1622591279416&CODE_STATE=getMsg HTTP/1.1" 200 27
120.253.135.82 - - [02/Jun/2021:07:48:02 +0800] "POST /xingrg/kc/pszx/mdps_list_operate.html HTTP/1.1" 200 5046
120.253.135.82 - - [02/Jun/2021:07:48:03 +0800] "POST /xingrg/kc/pszx/mdps_list_operate.html HTTP/1.1" 200 205
120.253.135.82 - - [02/Jun/2021:07:48:04 +0800] "GET /xingrg/kc/pszx/mdps_order_info.html?code=312021052700730 HTTP/1.1" 200 23937
120.253.135.82 - - [02/Jun/2021:07:48:04 +0800] "GET /xingrg/javascript/easyui/themes/default/validatebox.css HTTP/1.1" 404 1104
120.253.135.82 - - [02/Jun/2021:07:48:05 +0800] "POST /xingrg/kc/pszx/mdps_order_operate.html HTTP/1.1" 200 2282
116.224.253.72 - - [02/Jun/2021:07:48:12 +0800] "GET /xingrg/all/function/internal_message.html?_=1622591291962&CODE_STATE=getMsg HTTP/1.1" 200 27
116.224.253.72 - - [02/Jun/2021:07:48:12 +0800] "GET /xingrg/check_reg.html?_=1622591291964 HTTP/1.1" 200 22
120.253.135.82 - - [02/Jun/2021:07:48:23 +0800] "GET /xingrg/all/function/internal_message.html?_=1622591340806&CODE_STATE=getMsg HTTP/1.1" 200 27
116.230.117.165 - - [02/Jun/2021:07:48:24 +0800] "GET /xingrg/all/function/internal_message.html?_=1622591313500&CODE_STATE=getMsg HTTP/1.1" 200 27
116.230.110.80 - - [02/Jun/2021:07:48:36 +0800] "GET /xingrg/all/function/internal_message.html?_=1622591314888&CODE_STATE=getMsg HTTP/1.1" 200 27
120.253.135.82 - - [02/Jun/2021:07:48:37 +0800] "GET /xingrg/all/function/internal_message.html?_=1622591100080&CODE_STATE=getMsg HTTP/1.1" 200 27
222.70.177.128 - - [02/Jun/2021:07:48:45 +0800] "GET /xingrg/all/function/internal_message.html?_=1622591325061&CODE_STATE=getMsg HTTP/1.1" 200 27
222.70.177.128 - - [02/Jun/2021:07:48:45 +0800] "GET /xingrg/check_reg.html?_=1622591325063 HTTP/1.1" 200 22
58.40.7.146 - - [02/Jun/2021:07:48:46 +0800] "GET /xingrg/all/function/internal_message.html?_=1622591326220&CODE_STATE=getMsg HTTP/1.1" 200 27
58.40.7.146 - - [02/Jun/2021:07:48:47 +0800] "GET /xingrg/all/function/internal_message.html?_=1622591326974&CODE_STATE=getMsg HTTP/1.1" 302 -
58.40.7.146 - - [02/Jun/2021:07:48:47 +0800] "GET /xingrg/check_reg.html?_=1622591326974 HTTP/1.1" 302 -
116.230.117.165 - - [02/Jun/2021:07:48:51 +0800] "GET /xingrg/check_reg.html?_=1622591340242 HTTP/1.1" 200 22
61.165.42.208 - - [02/Jun/2021:07:48:58 +0800] "GET /xingrg/all/function/internal_message.html?_=1622591339385&CODE_STATE=getMsg HTTP/1.1" 200 27
116.224.253.72 - - [02/Jun/2021:07:49:12 +0800] "GET /xingrg/all/function/internal_message.html?_=1622591351964&CODE_STATE=getMsg HTTP/1.1" 200 27
61.165.42.208 - - [02/Jun/2021:07:49:16 +0800] "GET /xingrg/check_reg.html?_=1622591356897 HTTP/1.1" 200 22
120.253.135.82 - - [02/Jun/2021:07:49:23 +0800] "GET /xingrg/all/function/internal_message.html?_=1622591400835&CODE_STATE=getMsg HTTP/1.1" 200 27
116.230.117.165 - - [02/Jun/2021:07:49:24 +0800] "GET /xingrg/all/function/internal_message.html?_=1622591373501&CODE_STATE=getMsg HTTP/1.1" 200 27
116.230.110.80 - - [02/Jun/2021:07:49:36 +0800] "GET /xingrg/all/function/internal_message.html?_=1622591374875&CODE_STATE=getMsg HTTP/1.1" 200 27
120.253.135.82 - - [02/Jun/2021:07:49:37 +0800] "GET /xingrg/all/function/internal_message.html?_=1622591160082&CODE_STATE=getMsg HTTP/1.1" 200 27
222.70.177.128 - - [02/Jun/2021:07:49:45 +0800] "GET /xingrg/all/function/internal_message.html?_=1622591385062&CODE_STATE=getMsg HTTP/1.1" 200 27
58.40.7.146 - - [02/Jun/2021:07:49:46 +0800] "GET /xingrg/all/function/internal_message.html?_=1622591386206&CODE_STATE=getMsg HTTP/1.1" 200 27
180.161.111.4 - - [02/Jun/2021:07:49:46 +0800] "GET /xingrg/check_reg.html?_=1622591347631 HTTP/1.1" 302 -
58.40.7.146 - - [02/Jun/2021:07:49:47 +0800] "GET /xingrg/all/function/internal_message.html?_=1622591386978&CODE_STATE=getMsg HTTP/1.1" 302 -
61.165.42.208 - - [02/Jun/2021:07:49:58 +0800] "GET /xingrg/all/function/internal_message.html?_=1622591399361&CODE_STATE=getMsg HTTP/1.1" 200 27
58.40.7.146 - - [02/Jun/2021:07:50:06 +0800] "GET /xingrg/check_reg.html?_=1622591406209 HTTP/1.1" 200 22
116.224.253.72 - - [02/Jun/2021:07:50:12 +0800] "GET /xingrg/all/function/internal_message.html?_=1622591411963&CODE_STATE=getMsg HTTP/1.1" 200 27
120.253.135.82 - - [02/Jun/2021:07:50:23 +0800] "GET /xingrg/all/function/internal_message.html?_=1622591460849&CODE_STATE=getMsg HTTP/1.1" 200 27
116.230.117.165 - - [02/Jun/2021:07:50:24 +0800] "GET /xingrg/all/function/internal_message.html?_=1622591433516&CODE_STATE=getMsg HTTP/1.1" 200 27
116.230.110.80 - - [02/Jun/2021:07:50:36 +0800] "GET /xingrg/all/function/internal_message.html?_=1622591434878&CODE_STATE=getMsg HTTP/1.1" 200 27
120.253.135.82 - - [02/Jun/2021:07:50:37 +0800] "GET /xingrg/check_reg.html?_=1622591219833 HTTP/1.1" 200 22
120.253.135.82 - - [02/Jun/2021:07:50:37 +0800] "GET /xingrg/all/function/internal_message.html?_=1622591220095&CODE_STATE=getMsg HTTP/1.1" 200 27
222.70.177.128 - - [02/Jun/2021:07:50:45 +0800] "GET /xingrg/all/function/internal_message.html?_=1622591445062&CODE_STATE=getMsg HTTP/1.1" 200 27
58.40.7.146 - - [02/Jun/2021:07:50:46 +0800] "GET /xingrg/all/function/internal_message.html?_=1622591446180&CODE_STATE=getMsg HTTP/1.1" 200 27
58.40.7.146 - - [02/Jun/2021:07:50:47 +0800] "GET /xingrg/all/function/internal_message.html?_=1622591446978&CODE_STATE=getMsg HTTP/1.1" 302 -
61.165.42.208 - - [02/Jun/2021:07:50:58 +0800] "GET /xingrg/all/function/internal_message.html?_=1622591459332&CODE_STATE=getMsg HTTP/1.1" 200 27
116.224.253.72 - - [02/Jun/2021:07:51:12 +0800] "GET /xingrg/all/function/internal_message.html?_=1622591471962&CODE_STATE=getMsg HTTP/1.1" 200 27
120.253.135.82 - - [02/Jun/2021:07:51:23 +0800] "GET /xingrg/all/function/internal_message.html?_=1622591520877&CODE_STATE=getMsg HTTP/1.1" 200 27
116.230.117.165 - - [02/Jun/2021:07:51:24 +0800] "GET /xingrg/all/function/internal_message.html?_=1622591493636&CODE_STATE=getMsg HTTP/1.1" 200 27
116.230.110.80 - - [02/Jun/2021:07:51:36 +0800] "GET /xingrg/all/function/internal_message.html?_=1622591494867&CODE_STATE=getMsg HTTP/1.1" 200 27
116.230.110.80 - - [02/Jun/2021:07:51:36 +0800] "GET /xingrg/check_reg.html?_=1622591494868 HTTP/1.1" 200 22
120.253.135.82 - - [02/Jun/2021:07:51:37 +0800] "GET /xingrg/all/function/internal_message.html?_=1622591280109&CODE_STATE=getMsg HTTP/1.1" 200 27
222.70.177.128 - - [02/Jun/2021:07:51:45 +0800] "GET /xingrg/all/function/internal_message.html?_=1622591505061&CODE_STATE=getMsg HTTP/1.1" 200 27
58.40.7.146 - - [02/Jun/2021:07:51:46 +0800] "GET /xingrg/all/function/internal_message.html?_=1622591506152&CODE_STATE=getMsg HTTP/1.1" 200 27
58.40.7.146 - - [02/Jun/2021:07:51:47 +0800] "GET /xingrg/all/function/internal_message.html?_=1622591506981&CODE_STATE=getMsg HTTP/1.1" 302 -
61.165.42.208 - - [02/Jun/2021:07:51:58 +0800] "GET /xingrg/all/function/internal_message.html?_=1622591519304&CODE_STATE=getMsg HTTP/1.1" 200 27
120.253.135.82 - - [02/Jun/2021:07:52:07 +0800] "GET /xingrg/check_reg.html?_=1622591565174 HTTP/1.1" 200 22
116.224.253.72 - - [02/Jun/2021:07:52:12 +0800] "GET /xingrg/all/function/internal_message.html?_=1622591531979&CODE_STATE=getMsg HTTP/1.1" 200 27
120.253.135.82 - - [02/Jun/2021:07:52:23 +0800] "GET /xingrg/all/function/internal_message.html?_=1622591580891&CODE_STATE=getMsg HTTP/1.1" 200 27
116.230.117.165 - - [02/Jun/2021:07:52:24 +0800] "GET /xingrg/all/function/internal_message.html?_=1622591553651&CODE_STATE=getMsg HTTP/1.1" 200 27
116.230.110.80 - - [02/Jun/2021:07:52:36 +0800] "GET /xingrg/all/function/internal_message.html?_=1622591554878&CODE_STATE=getMsg HTTP/1.1" 200 27
120.253.135.82 - - [02/Jun/2021:07:52:37 +0800] "GET /xingrg/all/function/internal_message.html?_=1622591340123&CODE_STATE=getMsg HTTP/1.1" 200 27
222.70.177.128 - - [02/Jun/2021:07:52:45 +0800] "GET /xingrg/all/function/internal_message.html?_=1622591565076&CODE_STATE=getMsg HTTP/1.1" 200 27
58.40.7.146 - - [02/Jun/2021:07:52:46 +0800] "GET /xingrg/all/function/internal_message.html?_=1622591566140&CODE_STATE=getMsg HTTP/1.1" 200 27
58.40.7.146 - - [02/Jun/2021:07:52:47 +0800] "GET /xingrg/all/function/internal_message.html?_=1622591566967&CODE_STATE=getMsg HTTP/1.1" 302 -
61.165.42.208 - - [02/Jun/2021:07:52:58 +0800] "GET /xingrg/all/function/internal_message.html?_=1622591579280&CODE_STATE=getMsg HTTP/1.1" 200 27
116.224.253.72 - - [02/Jun/2021:07:53:12 +0800] "GET /xingrg/check_reg.html?_=1622591591995 HTTP/1.1" 200 22
116.224.253.72 - - [02/Jun/2021:07:53:12 +0800] "GET /xingrg/all/function/internal_message.html?_=1622591591994&CODE_STATE=getMsg HTTP/1.1" 200 27
120.253.135.82 - - [02/Jun/2021:07:53:23 +0800] "GET /xingrg/all/function/internal_message.html?_=1622591640904&CODE_STATE=getMsg HTTP/1.1" 200 27
116.230.117.165 - - [02/Jun/2021:07:53:24 +0800] "GET /xingrg/all/function/internal_message.html?_=1622591613766&CODE_STATE=getMsg HTTP/1.1" 200 27
116.230.110.80 - - [02/Jun/2021:07:53:36 +0800] "GET /xingrg/all/function/internal_message.html?_=1622591614892&CODE_STATE=getMsg HTTP/1.1" 200 27
120.253.135.82 - - [02/Jun/2021:07:53:37 +0800] "GET /xingrg/all/function/internal_message.html?_=1622591400136&CODE_STATE=getMsg HTTP/1.1" 200 27
222.70.177.128 - - [02/Jun/2021:07:53:45 +0800] "GET /xingrg/check_reg.html?_=1622591625061 HTTP/1.1" 200 22
222.70.177.128 - - [02/Jun/2021:07:53:45 +0800] "GET /xingrg/all/function/internal_message.html?_=1622591625063&CODE_STATE=getMsg HTTP/1.1" 200 27
58.40.7.146 - - [02/Jun/2021:07:53:46 +0800] "GET /xingrg/all/function/internal_message.html?_=1622591626125&CODE_STATE=getMsg HTTP/1.1" 200 27
58.40.7.146 - - [02/Jun/2021:07:53:47 +0800] "GET /xingrg/all/function/internal_message.html?_=1622591626969&CODE_STATE=getMsg HTTP/1.1" 302 -
58.40.7.146 - - [02/Jun/2021:07:53:47 +0800] "GET /xingrg/check_reg.html?_=1622591626970 HTTP/1.1" 302 -
116.230.117.165 - - [02/Jun/2021:07:53:51 +0800] "GET /xingrg/check_reg.html?_=1622591640247 HTTP/1.1" 200 22
61.165.42.208 - - [02/Jun/2021:07:53:58 +0800] "GET /xingrg/all/function/internal_message.html?_=1622591639281&CODE_STATE=getMsg HTTP/1.1" 200 27
116.224.253.72 - - [02/Jun/2021:07:54:12 +0800] "GET /xingrg/all/function/internal_message.html?_=1622591651981&CODE_STATE=getMsg HTTP/1.1" 200 27
61.165.42.208 - - [02/Jun/2021:07:54:16 +0800] "GET /xingrg/check_reg.html?_=1622591656947 HTTP/1.1" 200 22
120.253.135.82 - - [02/Jun/2021:07:54:23 +0800] "GET /xingrg/all/function/internal_message.html?_=1622591700933&CODE_STATE=getMsg HTTP/1.1" 200 27
116.230.117.165 - - [02/Jun/2021:07:54:24 +0800] "GET /xingrg/all/function/internal_message.html?_=1622591673773&CODE_STATE=getMsg HTTP/1.1" 200 27
116.230.110.80 - - [02/Jun/2021:07:54:36 +0800] "GET /xingrg/all/function/internal_message.html?_=1622591674886&CODE_STATE=getMsg HTTP/1.1" 200 27
120.253.135.82 - - [02/Jun/2021:07:54:37 +0800] "GET /xingrg/all/function/internal_message.html?_=1622591460151&CODE_STATE=getMsg HTTP/1.1" 200 27
222.70.177.128 - - [02/Jun/2021:07:54:45 +0800] "GET /xingrg/all/function/internal_message.html?_=1622591685063&CODE_STATE=getMsg HTTP/1.1" 200 27
58.40.7.146 - - [02/Jun/2021:07:54:46 +0800] "GET /xingrg/all/function/internal_message.html?_=1622591686113&CODE_STATE=getMsg HTTP/1.1" 200 27
58.40.7.146 - - [02/Jun/2021:07:54:47 +0800] "GET /xingrg/all/function/internal_message.html?_=1622591686973&CODE_STATE=getMsg HTTP/1.1" 302 -
61.165.42.208 - - [02/Jun/2021:07:54:58 +0800] "GET /xingrg/all/function/internal_message.html?_=1622591699262&CODE_STATE=getMsg HTTP/1.1" 200 27
58.40.7.146 - - [02/Jun/2021:07:55:06 +0800] "GET /xingrg/check_reg.html?_=1622591706193 HTTP/1.1" 200 22
116.224.253.72 - - [02/Jun/2021:07:55:12 +0800] "GET /xingrg/all/function/internal_message.html?_=1622591711980&CODE_STATE=getMsg HTTP/1.1" 200 27
120.253.135.82 - - [02/Jun/2021:07:55:23 +0800] "GET /xingrg/all/function/internal_message.html?_=1622591760947&CODE_STATE=getMsg HTTP/1.1" 200 27
116.230.117.165 - - [02/Jun/2021:07:55:24 +0800] "GET /xingrg/all/function/internal_message.html?_=1622591733786&CODE_STATE=getMsg HTTP/1.1" 200 27
116.230.110.80 - - [02/Jun/2021:07:55:36 +0800] "GET /xingrg/all/function/internal_message.html?_=1622591734877&CODE_STATE=getMsg HTTP/1.1" 200 27
120.253.135.82 - - [02/Jun/2021:07:55:37 +0800] "GET /xingrg/check_reg.html?_=1622591519838 HTTP/1.1" 200 22
120.253.135.82 - - [02/Jun/2021:07:55:37 +0800] "GET /xingrg/all/function/internal_message.html?_=1622591520163&CODE_STATE=getMsg HTTP/1.1" 200 27
116.230.114.112 - - [02/Jun/2021:07:55:44 +0800] "GET /xingrg/login.html HTTP/1.1" 200 7641
116.230.114.112 - - [02/Jun/2021:07:55:44 +0800] "GET /favicon.ico HTTP/1.1" 404 -
222.70.177.128 - - [02/Jun/2021:07:55:45 +0800] "GET /xingrg/all/function/internal_message.html?_=1622591745062&CODE_STATE=getMsg HTTP/1.1" 200 27
58.40.7.146 - - [02/Jun/2021:07:55:46 +0800] "GET /xingrg/all/function/internal_message.html?_=1622591746086&CODE_STATE=getMsg HTTP/1.1" 200 27
116.230.114.112 - - [02/Jun/2021:07:55:46 +0800] "POST /xingrg/login.do HTTP/1.1" 302 -
116.230.114.112 - - [02/Jun/2021:07:55:46 +0800] "GET /xingrg/index.html?sysBaseUrl=http%3A%2F%2F180.169.147.146%3A18081%2Fxingrg%2F&costTime=38×tamp=1622591746685 HTTP/1.1" 200 17179
116.230.114.112 - - [02/Jun/2021:07:55:46 +0800] "GET /xingrg/javascript/jquery-1.4.2.min.js HTTP/1.1" 304 -
116.230.114.112 - - [02/Jun/2021:07:55:46 +0800] "GET /xingrg/javascript/jquery_easy_ui/themes/default/easyui.css HTTP/1.1" 304 -
116.230.114.112 - - [02/Jun/2021:07:55:46 +0800] "GET /xingrg/javascript/jquery_easy_ui/themes/icon.css HTTP/1.1" 304 -
116.230.114.112 - - [02/Jun/2021:07:55:46 +0800] "GET /xingrg/css/form.css HTTP/1.1" 304 -
116.230.114.112 - - [02/Jun/2021:07:55:46 +0800] "GET /xingrg/javascript/jquery_easy_ui/jquery.easyui.min.js HTTP/1.1" 304 -
116.230.114.112 - - [02/Jun/2021:07:55:46 +0800] "GET /xingrg/javascript/jquery.form.js HTTP/1.1" 304 -
116.230.114.112 - - [02/Jun/2021:07:55:46 +0800] "GET /xingrg/javascript/jquery_easy_ui/easyui-lang-zh_CN.js HTTP/1.1" 304 -
116.230.114.112 - - [02/Jun/2021:07:55:46 +0800] "GET /xingrg/javascript/jquery.timers.js HTTP/1.1" 304 -
116.230.114.112 - - [02/Jun/2021:07:55:46 +0800] "GET /xingrg/javascript/jquery.utils.js HTTP/1.1" 304 -
116.230.114.112 - - [02/Jun/2021:07:55:46 +0800] "POST /xingrg/all/common/load_tree.html?tree=area_rest_tree_json&manage=1 HTTP/1.1" 200 479
116.230.114.112 - - [02/Jun/2021:07:55:46 +0800] "GET /xingrg/all/function/internal_message.html?_=1622591754531&CODE_STATE=count HTTP/1.1" 200 11
116.230.114.112 - - [02/Jun/2021:07:55:46 +0800] "GET /xingrg/check_reg.html?_=1622591754532 HTTP/1.1" 200 22
116.230.114.112 - - [02/Jun/2021:07:55:46 +0800] "GET /favicon.ico HTTP/1.1" 404 -
116.230.114.112 - - [02/Jun/2021:07:55:46 +0800] "POST /xingrg/load_menu.html HTTP/1.1" 200 5138
58.40.7.146 - - [02/Jun/2021:07:55:47 +0800] "GET /xingrg/all/function/internal_message.html?_=1622591746974&CODE_STATE=getMsg HTTP/1.1" 302 -
116.230.114.112 - - [02/Jun/2021:07:55:50 +0800] "GET /xingrg/css/base.css HTTP/1.1" 304 -
116.230.114.112 - - [02/Jun/2021:07:55:50 +0800] "GET /xingrg/css/site.css HTTP/1.1" 304 -
116.230.114.112 - - [02/Jun/2021:07:55:50 +0800] "GET /xingrg/javascript/jquery_tools/datebox.css HTTP/1.1" 304 -
116.230.114.112 - - [02/Jun/2021:07:55:50 +0800] "GET /xingrg/javascript/easyui/themes/default/easyui.css HTTP/1.1" 304 -
116.230.114.112 - - [02/Jun/2021:07:55:50 +0800] "GET /xingrg/javascript/easyui/themes/icon.css HTTP/1.1" 304 -
116.230.114.112 - - [02/Jun/2021:07:55:50 +0800] "GET /xingrg/javascript/auto/jquery.autocomplete.css HTTP/1.1" 304 -
116.230.114.112 - - [02/Jun/2021:07:55:50 +0800] "GET /xingrg/javascript/jquery_tools/fix.css HTTP/1.1" 304 -
116.230.114.112 - - [02/Jun/2021:07:55:50 +0800] "GET /xingrg/javascript/jquery_tools/table.css HTTP/1.1" 304 -
116.230.114.112 - - [02/Jun/2021:07:55:50 +0800] "GET /xingrg/javascript/jquery_tools/jquery.tools.min.js HTTP/1.1" 304 -
116.230.114.112 - - [02/Jun/2021:07:55:50 +0800] "GET /xingrg/javascript/jquery_tools/jquery.tools.extend.js HTTP/1.1" 304 -
116.230.114.112 - - [02/Jun/2021:07:55:50 +0800] "GET /xingrg/javascript/jquery_tools/jquery.tools.hotkey.js HTTP/1.1" 304 -
116.230.114.112 - - [02/Jun/2021:07:55:50 +0800] "GET /xingrg/kc/buy/cgsh_order_list.html HTTP/1.1" 200 46574
116.230.114.112 - - [02/Jun/2021:07:55:50 +0800] "GET /xingrg/javascript/jquery_tools/jquery.tools.table.js HTTP/1.1" 304 -
116.230.114.112 - - [02/Jun/2021:07:55:50 +0800] "GET /xingrg/javascript/jquery_tools/list_manager.js HTTP/1.1" 304 -
116.230.114.112 - - [02/Jun/2021:07:55:50 +0800] "GET /xingrg/javascript/auto/jquery.autocomplete.js HTTP/1.1" 304 -
116.230.114.112 - - [02/Jun/2021:07:55:50 +0800] "GET /xingrg/javascript/easyui/easyloader.js HTTP/1.1" 304 -
116.230.114.112 - - [02/Jun/2021:07:55:50 +0800] "GET /xingrg/javascript/jquery.cookie.js HTTP/1.1" 304 -
116.230.114.112 - - [02/Jun/2021:07:55:50 +0800] "GET /xingrg/javascript/print/LodopFuncs.js HTTP/1.1" 304 -
116.230.114.112 - - [02/Jun/2021:07:55:51 +0800] "GET /xingrg/javascript/easyui/plugins/jquery.parser.js HTTP/1.1" 304 -
116.230.114.112 - - [02/Jun/2021:07:55:51 +0800] "POST /xingrg/kc/buy/cgsh_list_operate.html HTTP/1.1" 200 876
61.165.42.208 - - [02/Jun/2021:07:55:58 +0800] "GET /xingrg/all/function/internal_message.html?_=1622591759241&CODE_STATE=getMsg HTTP/1.1" 200 27
116.230.114.112 - - [02/Jun/2021:07:55:59 +0800] "GET /xingrg/javascript/jquery_tools/images/prev.gif HTTP/1.1" 404 1086
116.230.114.112 - - [02/Jun/2021:07:55:59 +0800] "GET /xingrg/javascript/jquery_tools/images/next.gif HTTP/1.1" 404 1086
116.224.253.72 - - [02/Jun/2021:07:56:12 +0800] "GET /xingrg/all/function/internal_message.html?_=1622591771994&CODE_STATE=getMsg HTTP/1.1" 200 27
116.230.114.112 - - [02/Jun/2021:07:56:18 +0800] "POST /xingrg/kc/buy/cgsh_list_operate.html HTTP/1.1" 200 5454
120.253.135.82 - - [02/Jun/2021:07:56:23 +0800] "GET /xingrg/all/function/internal_message.html?_=1622591820978&CODE_STATE=getMsg HTTP/1.1" 200 27
116.230.114.112 - - [02/Jun/2021:07:56:24 +0800] "POST /xingrg/kc/buy/cgsh_list_operate.html HTTP/1.1" 200 425
116.230.117.165 - - [02/Jun/2021:07:56:24 +0800] "GET /xingrg/all/function/internal_message.html?_=1622591793911&CODE_STATE=getMsg HTTP/1.1" 302 -
116.230.117.165 - - [02/Jun/2021:07:56:24 +0800] "GET /xingrg/login.html HTTP/1.1" 200 7641
116.230.114.112 - - [02/Jun/2021:07:56:25 +0800] "GET /xingrg/javascript/pic_change.js HTTP/1.1" 304 -
116.230.114.112 - - [02/Jun/2021:07:56:25 +0800] "GET /xingrg/javascript/convert.js HTTP/1.1" 304 -
116.230.114.112 - - [02/Jun/2021:07:56:25 +0800] "GET /xingrg/javascript/jquery_tools/order_manager.js HTTP/1.1" 304 -
116.230.114.112 - - [02/Jun/2021:07:56:25 +0800] "GET /xingrg/javascript/json2.js HTTP/1.1" 304 -
116.230.114.112 - - [02/Jun/2021:07:56:25 +0800] "GET /xingrg/javascript/print/kc_print.js HTTP/1.1" 304 -
116.230.114.112 - - [02/Jun/2021:07:56:25 +0800] "GET /xingrg/kc/buy/cgsh_order_info.html?code=212021052611568 HTTP/1.1" 200 57214
116.230.114.112 - - [02/Jun/2021:07:56:25 +0800] "GET /xingrg/words/20210601124702_words.js HTTP/1.1" 200 818458
116.230.114.112 - - [02/Jun/2021:07:56:25 +0800] "GET /xingrg/javascript/easyui/themes/default/validatebox.css HTTP/1.1" 404 1104
116.230.114.112 - - [02/Jun/2021:07:56:25 +0800] "GET /xingrg/javascript/easyui/plugins/jquery.validatebox.js HTTP/1.1" 304 -
116.230.114.112 - - [02/Jun/2021:07:56:25 +0800] "GET /xingrg/javascript/easyui/plugins/jquery.numberbox.js HTTP/1.1" 304 -
116.230.114.112 - - [02/Jun/2021:07:56:26 +0800] "POST /xingrg/kc/buy/cgsh_order_operate.html HTTP/1.1" 200 2380
116.230.114.112 - - [02/Jun/2021:07:56:28 +0800] "GET /xingrg/kc/print/load_config.html?kc_code=cgsh HTTP/1.1" 200 1845
116.230.114.112 - - [02/Jun/2021:07:56:28 +0800] "GET /xingrg/kc/print/load_data.html?order_code=212021052611568&kc_code=cgsh HTTP/1.1" 200 1460
116.230.110.80 - - [02/Jun/2021:07:56:36 +0800] "GET /xingrg/check_reg.html?_=1622591794884 HTTP/1.1" 200 22
116.230.110.80 - - [02/Jun/2021:07:56:36 +0800] "GET /xingrg/all/function/internal_message.html?_=1622591794885&CODE_STATE=getMsg HTTP/1.1" 200 27
120.253.135.82 - - [02/Jun/2021:07:56:37 +0800] "GET /xingrg/all/function/internal_message.html?_=1622591580177&CODE_STATE=getMsg HTTP/1.1" 200 27
