116.224.253.72 - - [01/Jun/2021:08:57:41 +0800] "GET /xingrg/javascript/jquery_easy_ui/themes/icon.css HTTP/1.1" 304 -
116.224.253.72 - - [01/Jun/2021:08:57:41 +0800] "GET /xingrg/javascript/jquery_easy_ui/easyui-lang-zh_CN.js HTTP/1.1" 304 -
116.224.253.72 - - [01/Jun/2021:08:57:41 +0800] "GET /xingrg/javascript/jquery_easy_ui/jquery.easyui.min.js HTTP/1.1" 304 -
116.224.253.72 - - [01/Jun/2021:08:57:41 +0800] "GET /xingrg/javascript/jquery.utils.js HTTP/1.1" 304 -
116.224.253.72 - - [01/Jun/2021:08:57:41 +0800] "GET /xingrg/javascript/jquery.form.js HTTP/1.1" 304 -
116.224.253.72 - - [01/Jun/2021:08:57:41 +0800] "GET /xingrg/javascript/jquery.timers.js HTTP/1.1" 304 -
116.224.253.72 - - [01/Jun/2021:08:57:41 +0800] "GET /xingrg/javascript/jquery_easy_ui/themes/default/easyui.css HTTP/1.1" 304 -
116.224.253.72 - - [01/Jun/2021:08:57:41 +0800] "GET /favicon.ico HTTP/1.1" 404 -
116.224.253.72 - - [01/Jun/2021:08:57:41 +0800] "GET /xingrg/javascript/jquery_easy_ui/themes/icons/settle_new.png HTTP/1.1" 304 -
116.224.253.72 - - [01/Jun/2021:08:57:41 +0800] "GET /xingrg/images/blue/navBackgound.jpg HTTP/1.1" 304 -
116.224.253.72 - - [01/Jun/2021:08:57:41 +0800] "GET /xingrg/images/blue/pingpu.png HTTP/1.1" 304 -
116.224.253.72 - - [01/Jun/2021:08:57:41 +0800] "GET /xingrg/javascript/jquery_easy_ui/themes/default/images/tabs_leftarrow.png HTTP/1.1" 304 -
116.224.253.72 - - [01/Jun/2021:08:57:41 +0800] "GET /xingrg/javascript/jquery_easy_ui/themes/default/images/panel_tool_collapse.gif HTTP/1.1" 304 -
116.224.253.72 - - [01/Jun/2021:08:57:41 +0800] "GET /xingrg/javascript/jquery_easy_ui/themes/default/images/tabs_rightarrow.png HTTP/1.1" 304 -
116.224.253.72 - - [01/Jun/2021:08:57:41 +0800] "POST /xingrg/all/common/load_tree.html?tree=area_rest_tree_json&manage=1 HTTP/1.1" 200 476
116.224.253.72 - - [01/Jun/2021:08:57:41 +0800] "GET /xingrg/all/function/internal_message.html?_=1622509068047&CODE_STATE=count HTTP/1.1" 200 11
116.224.253.72 - - [01/Jun/2021:08:57:41 +0800] "GET /xingrg/check_reg.html?_=1622509068048 HTTP/1.1" 200 22
116.224.253.72 - - [01/Jun/2021:08:57:41 +0800] "POST /xingrg/load_menu.html HTTP/1.1" 200 5138
116.224.253.72 - - [01/Jun/2021:08:57:41 +0800] "GET /xingrg/javascript/jquery_easy_ui/themes/default/images/tree_arrows.gif HTTP/1.1" 304 -
116.224.253.72 - - [01/Jun/2021:08:57:41 +0800] "GET /xingrg/javascript/jquery_easy_ui/themes/icons/search_new.png HTTP/1.1" 304 -
116.224.253.72 - - [01/Jun/2021:08:57:41 +0800] "GET /xingrg/javascript/jquery_easy_ui/themes/default/images/tree_folder_open.gif HTTP/1.1" 304 -
116.224.253.72 - - [01/Jun/2021:08:57:41 +0800] "GET /xingrg/javascript/jquery_easy_ui/themes/default/images/tree_folder.gif HTTP/1.1" 304 -
116.224.253.72 - - [01/Jun/2021:08:57:41 +0800] "GET /xingrg/javascript/jquery_easy_ui/themes/default/images/tree_file.gif HTTP/1.1" 304 -
116.224.253.72 - - [01/Jun/2021:08:57:41 +0800] "GET /xingrg/javascript/jquery_easy_ui/themes/icons/storage_new.png HTTP/1.1" 304 -
116.224.253.72 - - [01/Jun/2021:08:57:41 +0800] "GET /xingrg/javascript/jquery_easy_ui/themes/icons/forms_new.png HTTP/1.1" 304 -
116.230.114.112 - - [01/Jun/2021:08:57:43 +0800] "GET /xingrg/all/function/internal_message.html?_=1622509069136&CODE_STATE=getMsg HTTP/1.1" 200 27
222.70.177.128 - - [01/Jun/2021:08:57:43 +0800] "POST /xingrg/dwr/call/plaincall/AjaxCheckService.setItemNumber.dwr HTTP/1.1" 200 78
222.69.131.183 - - [01/Jun/2021:08:57:45 +0800] "GET /xingrg/kc/buy/cgsh_order_operate.html?command=get_materiel&rest_code=00149&code=00101008041&supplier_code=00100005&order_time=2021-06-01 HTTP/1.1" 200 408
222.70.177.128 - - [01/Jun/2021:08:57:46 +0800] "POST /xingrg/dwr/call/plaincall/AjaxCheckService.setItemNumber.dwr HTTP/1.1" 200 78
222.70.177.128 - - [01/Jun/2021:08:57:47 +0800] "POST /xingrg/dwr/call/plaincall/AjaxCheckService.setItemNumber.dwr HTTP/1.1" 200 78
116.224.253.72 - - [01/Jun/2021:08:57:50 +0800] "GET /xingrg/javascript/jquery_easy_ui/themes/default/images/tabs_close.gif HTTP/1.1" 304 -
116.224.253.72 - - [01/Jun/2021:08:57:50 +0800] "GET /xingrg/css/base.css HTTP/1.1" 304 -
116.224.253.72 - - [01/Jun/2021:08:57:50 +0800] "GET /xingrg/css/site.css HTTP/1.1" 304 -
116.224.253.72 - - [01/Jun/2021:08:57:50 +0800] "GET /xingrg/javascript/easyui/themes/icon.css HTTP/1.1" 304 -
116.224.253.72 - - [01/Jun/2021:08:57:50 +0800] "GET /xingrg/kc/buy/cgsh_order_list.html HTTP/1.1" 200 46533
116.224.253.72 - - [01/Jun/2021:08:57:50 +0800] "GET /xingrg/javascript/jquery_tools/datebox.css HTTP/1.1" 304 -
116.224.253.72 - - [01/Jun/2021:08:57:50 +0800] "GET /xingrg/javascript/jquery_tools/jquery.tools.table.js HTTP/1.1" 304 -
116.224.253.72 - - [01/Jun/2021:08:57:50 +0800] "GET /xingrg/javascript/auto/jquery.autocomplete.css HTTP/1.1" 304 -
116.224.253.72 - - [01/Jun/2021:08:57:50 +0800] "GET /xingrg/javascript/jquery_tools/jquery.tools.min.js HTTP/1.1" 304 -
116.224.253.72 - - [01/Jun/2021:08:57:50 +0800] "GET /xingrg/javascript/jquery_tools/fix.css HTTP/1.1" 304 -
116.224.253.72 - - [01/Jun/2021:08:57:50 +0800] "GET /xingrg/javascript/easyui/themes/default/easyui.css HTTP/1.1" 304 -
116.224.253.72 - - [01/Jun/2021:08:57:50 +0800] "GET /xingrg/javascript/jquery_tools/table.css HTTP/1.1" 304 -
116.224.253.72 - - [01/Jun/2021:08:57:50 +0800] "GET /xingrg/javascript/jquery_tools/jquery.tools.hotkey.js HTTP/1.1" 304 -
116.224.253.72 - - [01/Jun/2021:08:57:50 +0800] "GET /xingrg/javascript/jquery_tools/list_manager.js HTTP/1.1" 304 -
116.224.253.72 - - [01/Jun/2021:08:57:50 +0800] "GET /xingrg/javascript/jquery_tools/jquery.tools.extend.js HTTP/1.1" 304 -
116.224.253.72 - - [01/Jun/2021:08:57:50 +0800] "GET /xingrg/javascript/easyui/easyloader.js HTTP/1.1" 304 -
116.224.253.72 - - [01/Jun/2021:08:57:50 +0800] "GET /xingrg/javascript/jquery.cookie.js HTTP/1.1" 304 -
116.224.253.72 - - [01/Jun/2021:08:57:50 +0800] "GET /xingrg/javascript/auto/jquery.autocomplete.js HTTP/1.1" 304 -
116.224.253.72 - - [01/Jun/2021:08:57:50 +0800] "GET /xingrg/javascript/print/LodopFuncs.js HTTP/1.1" 304 -
116.224.253.72 - - [01/Jun/2021:08:57:50 +0800] "GET /xingrg/javascript/easyui/themes/icons/edit_add_new.png HTTP/1.1" 304 -
116.224.253.72 - - [01/Jun/2021:08:57:50 +0800] "GET /xingrg/javascript/easyui/themes/icons/check_new.png HTTP/1.1" 304 -
116.224.253.72 - - [01/Jun/2021:08:57:50 +0800] "GET /xingrg/javascript/easyui/themes/icons/cance_new.png HTTP/1.1" 304 -
116.224.253.72 - - [01/Jun/2021:08:57:50 +0800] "GET /xingrg/javascript/easyui/themes/icons/import_new.png HTTP/1.1" 304 -
116.224.253.72 - - [01/Jun/2021:08:57:50 +0800] "GET /xingrg/javascript/easyui/themes/icons/field_new.png HTTP/1.1" 304 -
116.224.253.72 - - [01/Jun/2021:08:57:50 +0800] "GET /xingrg/javascript/easyui/plugins/jquery.parser.js HTTP/1.1" 304 -
116.224.253.72 - - [01/Jun/2021:08:57:50 +0800] "GET /xingrg/images/control/ajaxLoader.gif HTTP/1.1" 304 -
116.224.253.72 - - [01/Jun/2021:08:57:50 +0800] "GET /xingrg/javascript/jquery_easy_ui/themes/icons/area.png HTTP/1.1" 304 -
116.224.253.72 - - [01/Jun/2021:08:57:50 +0800] "GET /xingrg/javascript/jquery_easy_ui/themes/icons/rest.png HTTP/1.1" 304 -
222.70.177.128 - - [01/Jun/2021:08:57:51 +0800] "POST /xingrg/dwr/call/plaincall/AjaxCheckService.setItemNumber.dwr HTTP/1.1" 200 78
116.224.253.72 - - [01/Jun/2021:08:57:51 +0800] "POST /xingrg/kc/buy/cgsh_list_operate.html HTTP/1.1" 200 876
222.70.177.128 - - [01/Jun/2021:08:57:51 +0800] "GET /xingrg/all/function/internal_message.html?_=1622509069549&CODE_STATE=getMsg HTTP/1.1" 200 27
116.224.253.72 - - [01/Jun/2021:08:57:51 +0800] "GET /xingrg/javascript/easyui/themes/default/images/button_plain_hover.png HTTP/1.1" 304 -
222.69.131.183 - - [01/Jun/2021:08:57:52 +0800] "GET /xingrg/all/function/internal_message.html?_=1622509071251&CODE_STATE=getMsg HTTP/1.1" 200 27
222.70.177.128 - - [01/Jun/2021:08:57:52 +0800] "POST /xingrg/dwr/call/plaincall/AjaxCheckService.setItemNumber.dwr HTTP/1.1" 200 78
116.235.222.38 - - [01/Jun/2021:08:57:54 +0800] "GET /xingrg/all/function/internal_message.html?_=1622509071552&CODE_STATE=getMsg HTTP/1.1" 200 27
116.224.253.72 - - [01/Jun/2021:08:57:54 +0800] "GET /xingrg/javascript/pic_change.js HTTP/1.1" 304 -
116.224.253.72 - - [01/Jun/2021:08:57:54 +0800] "GET /xingrg/javascript/jquery_tools/order_manager.js HTTP/1.1" 304 -
116.224.253.72 - - [01/Jun/2021:08:57:54 +0800] "GET /xingrg/javascript/convert.js HTTP/1.1" 304 -
116.224.253.72 - - [01/Jun/2021:08:57:54 +0800] "GET /xingrg/javascript/json2.js HTTP/1.1" 304 -
116.224.253.72 - - [01/Jun/2021:08:57:54 +0800] "GET /xingrg/javascript/print/kc_print.js HTTP/1.1" 304 -
116.224.253.72 - - [01/Jun/2021:08:57:54 +0800] "GET /xingrg/kc/buy/cgsh_order_add.html HTTP/1.1" 200 62201
116.224.253.72 - - [01/Jun/2021:08:57:54 +0800] "GET /xingrg/words/20210531123643_words.js HTTP/1.1" 200 818287
116.224.253.72 - - [01/Jun/2021:08:57:54 +0800] "GET /xingrg/javascript/easyui/themes/icons/copy_new.png HTTP/1.1" 304 -
116.224.253.72 - - [01/Jun/2021:08:57:54 +0800] "GET /xingrg/javascript/easyui/themes/icons/template_new.png HTTP/1.1" 304 -
116.224.253.72 - - [01/Jun/2021:08:57:54 +0800] "GET /xingrg/javascript/easyui/themes/icons/ok.png HTTP/1.1" 304 -
116.224.253.72 - - [01/Jun/2021:08:57:54 +0800] "GET /xingrg/javascript/easyui/themes/icons/print.png HTTP/1.1" 304 -
116.224.253.72 - - [01/Jun/2021:08:57:54 +0800] "GET /xingrg/javascript/easyui/themes/default/images/menu_downarrow.png HTTP/1.1" 304 -
116.224.253.72 - - [01/Jun/2021:08:57:54 +0800] "GET /xingrg/javascript/easyui/themes/icons/cancel.png HTTP/1.1" 304 -
116.224.253.72 - - [01/Jun/2021:08:57:55 +0800] "POST /xingrg/kc/buy/cgsh_order_operate.html HTTP/1.1" 200 8245
116.224.253.72 - - [01/Jun/2021:08:57:55 +0800] "GET /xingrg/javascript/easyui/themes/icons/edit_remove.png HTTP/1.1" 304 -
116.224.253.72 - - [01/Jun/2021:08:57:55 +0800] "GET /xingrg/all/common/auto_word.html?type=employee&rest_code=00150 HTTP/1.1" 200 205
116.224.253.72 - - [01/Jun/2021:08:57:55 +0800] "GET /xingrg/all/common/auto_word.html?type=employee&rest_code=00150 HTTP/1.1" 200 205
116.224.253.72 - - [01/Jun/2021:08:57:55 +0800] "GET /xingrg/javascript/easyui/themes/default/validatebox.css HTTP/1.1" 404 1104
116.224.253.72 - - [01/Jun/2021:08:57:55 +0800] "GET /xingrg/javascript/easyui/plugins/jquery.validatebox.js HTTP/1.1" 304 -
116.224.253.72 - - [01/Jun/2021:08:57:55 +0800] "GET /xingrg/javascript/easyui/plugins/jquery.numberbox.js HTTP/1.1" 304 -
116.232.49.92 - - [01/Jun/2021:08:57:56 +0800] "GET /xingrg/all/function/internal_message.html?_=1622509138312&CODE_STATE=getMsg HTTP/1.1" 302 -
61.165.42.208 - - [01/Jun/2021:08:57:57 +0800] "GET /xingrg/all/function/internal_message.html?_=1622509078025&CODE_STATE=getMsg HTTP/1.1" 200 27
222.70.177.128 - - [01/Jun/2021:08:57:58 +0800] "POST /xingrg/dwr/call/plaincall/AjaxCheckService.setItemNumber.dwr HTTP/1.1" 200 78
222.70.177.128 - - [01/Jun/2021:08:58:00 +0800] "POST /xingrg/dwr/call/plaincall/AjaxCheckService.setItemNumber.dwr HTTP/1.1" 200 78
222.69.131.183 - - [01/Jun/2021:08:58:01 +0800] "GET /xingrg/kc/buy/cgsh_order_operate.html?command=get_materiel&rest_code=00149&code=00101008198&supplier_code=00100005&order_time=2021-06-01 HTTP/1.1" 200 433
222.70.177.128 - - [01/Jun/2021:08:58:02 +0800] "POST /xingrg/dwr/call/plaincall/AjaxCheckService.setItemNumber.dwr HTTP/1.1" 200 78
222.70.177.128 - - [01/Jun/2021:08:58:03 +0800] "POST /xingrg/dwr/call/plaincall/AjaxCheckService.setItemNumber.dwr HTTP/1.1" 200 78
222.70.177.128 - - [01/Jun/2021:08:58:04 +0800] "POST /xingrg/dwr/call/plaincall/AjaxCheckService.setItemNumber.dwr HTTP/1.1" 200 78
222.70.177.128 - - [01/Jun/2021:08:58:05 +0800] "POST /xingrg/dwr/call/plaincall/AjaxCheckService.setItemNumber.dwr HTTP/1.1" 200 78
222.70.177.128 - - [01/Jun/2021:08:58:06 +0800] "POST /xingrg/dwr/call/plaincall/AjaxCheckService.setItemNumber.dwr HTTP/1.1" 200 78
222.70.177.128 - - [01/Jun/2021:08:58:08 +0800] "POST /xingrg/dwr/call/plaincall/AjaxCheckService.setItemNumber.dwr HTTP/1.1" 200 78
58.37.225.51 - - [01/Jun/2021:08:58:09 +0800] "GET /xingrg/all/function/internal_message.html?_=1622509094236&CODE_STATE=getMsg HTTP/1.1" 200 27
180.169.147.146 - - [01/Jun/2021:08:58:13 +0800] "GET /xingrg/all/function/internal_message.html?_=1622509091843&CODE_STATE=getMsg HTTP/1.1" 200 27
222.70.177.128 - - [01/Jun/2021:08:58:14 +0800] "POST /xingrg/dwr/call/plaincall/AjaxCheckService.setItemNumber.dwr HTTP/1.1" 200 78
117.185.32.26 - - [01/Jun/2021:08:58:15 +0800] "GET /xingrg/all/function/internal_message.html?_=1622509095019&CODE_STATE=getMsg HTTP/1.1" 200 27
116.230.110.80 - - [01/Jun/2021:08:58:15 +0800] "GET /xingrg/all/function/internal_message.html?_=1622509093999&CODE_STATE=getMsg HTTP/1.1" 200 27
222.69.131.183 - - [01/Jun/2021:08:58:21 +0800] "GET /xingrg/kc/buy/cgsh_order_operate.html?command=get_materiel&rest_code=00149&code=00101008306&supplier_code=00100005&order_time=2021-06-01 HTTP/1.1" 200 412
116.232.49.92 - - [01/Jun/2021:08:58:23 +0800] "GET /xingrg/all/function/internal_message.html?_=1622509104211&CODE_STATE=getMsg HTTP/1.1" 200 27
222.70.177.128 - - [01/Jun/2021:08:58:25 +0800] "POST /xingrg/dwr/call/plaincall/AjaxCheckService.setItemNumber.dwr HTTP/1.1" 200 78
222.70.177.128 - - [01/Jun/2021:08:58:29 +0800] "POST /xingrg/dwr/call/plaincall/AjaxCheckService.setItemNumber.dwr HTTP/1.1" 200 78
222.70.177.128 - - [01/Jun/2021:08:58:31 +0800] "POST /xingrg/dwr/call/plaincall/AjaxCheckService.setItemNumber.dwr HTTP/1.1" 200 78
116.224.253.72 - - [01/Jun/2021:08:58:32 +0800] "GET /xingrg/all/function/internal_message.html?_=1622509111649&CODE_STATE=getMsg HTTP/1.1" 200 27
222.70.177.128 - - [01/Jun/2021:08:58:33 +0800] "POST /xingrg/dwr/call/plaincall/AjaxCheckService.setItemNumber.dwr HTTP/1.1" 200 78
222.69.131.183 - - [01/Jun/2021:08:58:33 +0800] "GET /xingrg/kc/buy/cgsh_order_operate.html?command=get_materiel&rest_code=00149&code=00101008010&supplier_code=00100005&order_time=2021-06-01 HTTP/1.1" 200 412
222.70.177.128 - - [01/Jun/2021:08:58:34 +0800] "POST /xingrg/dwr/call/plaincall/AjaxCheckService.setItemNumber.dwr HTTP/1.1" 200 78
116.230.110.80 - - [01/Jun/2021:08:58:34 +0800] "GET /xingrg/check_reg.html?_=1622509113398 HTTP/1.1" 200 22
222.70.177.128 - - [01/Jun/2021:08:58:38 +0800] "POST /xingrg/dwr/call/plaincall/AjaxCheckService.setItemNumber.dwr HTTP/1.1" 200 78
222.70.177.128 - - [01/Jun/2021:08:58:40 +0800] "POST /xingrg/dwr/call/plaincall/AjaxCheckService.setItemNumber.dwr HTTP/1.1" 200 78
116.224.253.72 - - [01/Jun/2021:08:58:41 +0800] "GET /xingrg/all/function/internal_message.html?_=1622509128063&CODE_STATE=getMsg HTTP/1.1" 200 27
222.70.177.128 - - [01/Jun/2021:08:58:42 +0800] "POST /xingrg/dwr/call/plaincall/AjaxCheckService.setItemNumber.dwr HTTP/1.1" 200 78
116.230.114.112 - - [01/Jun/2021:08:58:43 +0800] "GET /xingrg/all/function/internal_message.html?_=1622509129188&CODE_STATE=getMsg HTTP/1.1" 200 27
222.70.177.128 - - [01/Jun/2021:08:58:43 +0800] "POST /xingrg/dwr/call/plaincall/AjaxCheckService.setItemNumber.dwr HTTP/1.1" 200 78
222.70.177.128 - - [01/Jun/2021:08:58:45 +0800] "POST /xingrg/dwr/call/plaincall/AjaxCheckService.setItemNumber.dwr HTTP/1.1" 200 78
222.70.177.128 - - [01/Jun/2021:08:58:47 +0800] "POST /xingrg/dwr/call/plaincall/AjaxCheckService.setItemNumber.dwr HTTP/1.1" 200 78
222.70.177.128 - - [01/Jun/2021:08:58:51 +0800] "GET /xingrg/all/function/internal_message.html?_=1622509129520&CODE_STATE=getMsg HTTP/1.1" 200 27
222.69.131.183 - - [01/Jun/2021:08:58:52 +0800] "GET /xingrg/all/function/internal_message.html?_=1622509131330&CODE_STATE=getMsg HTTP/1.1" 200 27
222.69.131.183 - - [01/Jun/2021:08:58:52 +0800] "POST /xingrg/kc/buy/cgsh_order_operate.html HTTP/1.1" 200 2065
116.235.222.38 - - [01/Jun/2021:08:58:54 +0800] "GET /xingrg/all/function/internal_message.html?_=1622509131538&CODE_STATE=getMsg HTTP/1.1" 200 27
116.232.49.92 - - [01/Jun/2021:08:58:56 +0800] "GET /xingrg/check_reg.html?_=1622509198250 HTTP/1.1" 302 -
116.232.49.92 - - [01/Jun/2021:08:58:56 +0800] "GET /xingrg/all/function/internal_message.html?_=1622509198312&CODE_STATE=getMsg HTTP/1.1" 302 -
61.165.42.208 - - [01/Jun/2021:08:58:57 +0800] "GET /xingrg/all/function/internal_message.html?_=1622509138023&CODE_STATE=getMsg HTTP/1.1" 200 27
222.69.131.183 - - [01/Jun/2021:08:59:01 +0800] "GET /xingrg/kc/buy/cgsh_order_operate.html?command=get_materiel&rest_code=00149&code=00101008330&supplier_code=00100005&order_time=2021-06-01 HTTP/1.1" 200 408
101.89.29.78 - - [01/Jun/2021:08:59:09 +0800] "GET /xingrg/all/function/internal_message.html?_=1622509094236&CODE_STATE=getMsg HTTP/1.1" 302 -
58.37.225.51 - - [01/Jun/2021:08:59:09 +0800] "GET /xingrg/check_reg.html?_=1622509154235 HTTP/1.1" 200 22
58.37.225.51 - - [01/Jun/2021:08:59:09 +0800] "GET /xingrg/all/function/internal_message.html?_=1622509154236&CODE_STATE=getMsg HTTP/1.1" 200 27
101.89.29.78 - - [01/Jun/2021:08:59:09 +0800] "GET /xingrg/login.html HTTP/1.1" 200 7641
180.169.147.146 - - [01/Jun/2021:08:59:13 +0800] "GET /xingrg/all/function/internal_message.html?_=1622509151842&CODE_STATE=getMsg HTTP/1.1" 200 27
180.169.147.146 - - [01/Jun/2021:08:59:13 +0800] "GET /xingrg/check_reg.html?_=1622509151843 HTTP/1.1" 200 22
117.185.32.26 - - [01/Jun/2021:08:59:15 +0800] "GET /xingrg/all/function/internal_message.html?_=1622509155019&CODE_STATE=getMsg HTTP/1.1" 200 27
116.230.110.80 - - [01/Jun/2021:08:59:15 +0800] "GET /xingrg/all/function/internal_message.html?_=1622509153990&CODE_STATE=getMsg HTTP/1.1" 200 27
222.70.177.128 - - [01/Jun/2021:08:59:18 +0800] "POST /xingrg/dwr/call/plaincall/AjaxCheckService.setItemNumber.dwr HTTP/1.1" 200 78
222.69.131.183 - - [01/Jun/2021:08:59:20 +0800] "GET /xingrg/kc/buy/cgsh_order_operate.html?command=get_materiel&rest_code=00149&code=00101008244&supplier_code=00100005&order_time=2021-06-01 HTTP/1.1" 200 408
222.70.177.128 - - [01/Jun/2021:08:59:22 +0800] "POST /xingrg/dwr/call/plaincall/AjaxCheckService.setItemNumber.dwr HTTP/1.1" 200 78
116.232.49.92 - - [01/Jun/2021:08:59:23 +0800] "GET /xingrg/all/function/internal_message.html?_=1622509164193&CODE_STATE=getMsg HTTP/1.1" 200 27
222.70.177.128 - - [01/Jun/2021:08:59:24 +0800] "POST /xingrg/dwr/call/plaincall/AjaxCheckService.setItemNumber.dwr HTTP/1.1" 200 78
222.70.177.128 - - [01/Jun/2021:08:59:25 +0800] "POST /xingrg/dwr/call/plaincall/AjaxCheckService.setItemNumber.dwr HTTP/1.1" 200 78
222.70.177.128 - - [01/Jun/2021:08:59:27 +0800] "POST /xingrg/dwr/call/plaincall/AjaxCheckService.setItemNumber.dwr HTTP/1.1" 200 78
222.70.177.128 - - [01/Jun/2021:08:59:30 +0800] "POST /xingrg/dwr/call/plaincall/AjaxCheckService.setItemNumber.dwr HTTP/1.1" 200 78
222.70.177.128 - - [01/Jun/2021:08:59:31 +0800] "POST /xingrg/dwr/call/plaincall/AjaxCheckService.setItemNumber.dwr HTTP/1.1" 200 78
116.224.253.72 - - [01/Jun/2021:08:59:32 +0800] "GET /xingrg/check_reg.html?_=1622509171637 HTTP/1.1" 200 22
116.224.253.72 - - [01/Jun/2021:08:59:32 +0800] "GET /xingrg/all/function/internal_message.html?_=1622509171640&CODE_STATE=getMsg HTTP/1.1" 200 27
222.70.177.128 - - [01/Jun/2021:08:59:33 +0800] "POST /xingrg/dwr/call/plaincall/AjaxCheckService.setItemNumber.dwr HTTP/1.1" 200 78
222.70.177.128 - - [01/Jun/2021:08:59:36 +0800] "POST /xingrg/dwr/call/plaincall/AjaxCheckService.setItemNumber.dwr HTTP/1.1" 200 78
222.70.177.128 - - [01/Jun/2021:08:59:37 +0800] "POST /xingrg/dwr/call/plaincall/AjaxCheckService.setItemNumber.dwr HTTP/1.1" 200 78
222.70.177.128 - - [01/Jun/2021:08:59:40 +0800] "POST /xingrg/dwr/call/plaincall/AjaxCheckService.setItemNumber.dwr HTTP/1.1" 200 78
116.224.253.72 - - [01/Jun/2021:08:59:41 +0800] "GET /xingrg/all/function/internal_message.html?_=1622509188076&CODE_STATE=getMsg HTTP/1.1" 200 27
222.70.177.128 - - [01/Jun/2021:08:59:42 +0800] "POST /xingrg/dwr/call/plaincall/AjaxCheckService.setItemNumber.dwr HTTP/1.1" 200 78
116.230.114.112 - - [01/Jun/2021:08:59:43 +0800] "GET /xingrg/all/function/internal_message.html?_=1622509189195&CODE_STATE=getMsg HTTP/1.1" 200 27
222.70.177.128 - - [01/Jun/2021:08:59:43 +0800] "POST /xingrg/dwr/call/plaincall/AjaxCheckService.setItemNumber.dwr HTTP/1.1" 200 78
222.70.177.128 - - [01/Jun/2021:08:59:46 +0800] "POST /xingrg/dwr/call/plaincall/AjaxCheckService.setItemNumber.dwr HTTP/1.1" 200 78
222.70.177.128 - - [01/Jun/2021:08:59:48 +0800] "POST /xingrg/dwr/call/plaincall/AjaxCheckService.setItemNumber.dwr HTTP/1.1" 200 78
222.70.177.128 - - [01/Jun/2021:08:59:49 +0800] "POST /xingrg/dwr/call/plaincall/AjaxCheckService.setItemNumber.dwr HTTP/1.1" 200 78
222.70.177.128 - - [01/Jun/2021:08:59:50 +0800] "POST /xingrg/dwr/call/plaincall/AjaxCheckService.setItemNumber.dwr HTTP/1.1" 200 78
222.70.177.128 - - [01/Jun/2021:08:59:51 +0800] "GET /xingrg/all/function/internal_message.html?_=1622509189499&CODE_STATE=getMsg HTTP/1.1" 200 27
222.70.177.128 - - [01/Jun/2021:08:59:51 +0800] "POST /xingrg/dwr/call/plaincall/AjaxCheckService.setItemNumber.dwr HTTP/1.1" 200 78
222.69.131.183 - - [01/Jun/2021:08:59:52 +0800] "GET /xingrg/all/function/internal_message.html?_=1622509191305&CODE_STATE=getMsg HTTP/1.1" 200 27
222.70.177.128 - - [01/Jun/2021:08:59:53 +0800] "POST /xingrg/dwr/call/plaincall/AjaxCheckService.setItemNumber.dwr HTTP/1.1" 200 78
116.235.222.38 - - [01/Jun/2021:08:59:54 +0800] "GET /xingrg/all/function/internal_message.html?_=1622509191523&CODE_STATE=getMsg HTTP/1.1" 200 27
222.70.177.128 - - [01/Jun/2021:08:59:56 +0800] "POST /xingrg/dwr/call/plaincall/AjaxCheckService.setItemNumber.dwr HTTP/1.1" 200 78
116.232.49.92 - - [01/Jun/2021:08:59:56 +0800] "GET /xingrg/all/function/internal_message.html?_=1622509258312&CODE_STATE=getMsg HTTP/1.1" 302 -
61.165.42.208 - - [01/Jun/2021:08:59:57 +0800] "GET /xingrg/all/function/internal_message.html?_=1622509198022&CODE_STATE=getMsg HTTP/1.1" 200 27
222.70.177.128 - - [01/Jun/2021:08:59:57 +0800] "POST /xingrg/dwr/call/plaincall/AjaxCheckService.setItemNumber.dwr HTTP/1.1" 200 78
58.37.225.51 - - [01/Jun/2021:08:59:59 +0800] "GET /xingrg/check_reg.html?_=1622509141527 HTTP/1.1" 302 -
58.37.225.51 - - [01/Jun/2021:08:59:59 +0800] "GET /xingrg/login.html HTTP/1.1" 200 7641
222.70.177.128 - - [01/Jun/2021:09:00:00 +0800] "POST /xingrg/dwr/call/plaincall/AjaxCheckService.setItemNumber.dwr HTTP/1.1" 200 78
222.70.177.128 - - [01/Jun/2021:09:00:02 +0800] "POST /xingrg/dwr/call/plaincall/AjaxCheckService.setItemNumber.dwr HTTP/1.1" 200 78
222.70.177.128 - - [01/Jun/2021:09:00:03 +0800] "POST /xingrg/dwr/call/plaincall/AjaxCheckService.setItemNumber.dwr HTTP/1.1" 200 78
222.70.177.128 - - [01/Jun/2021:09:00:05 +0800] "POST /xingrg/dwr/call/plaincall/AjaxCheckService.setItemNumber.dwr HTTP/1.1" 200 78
222.70.177.128 - - [01/Jun/2021:09:00:06 +0800] "POST /xingrg/dwr/call/plaincall/AjaxCheckService.setItemNumber.dwr HTTP/1.1" 200 78
222.70.177.128 - - [01/Jun/2021:09:00:08 +0800] "POST /xingrg/dwr/call/plaincall/AjaxCheckService.setItemNumber.dwr HTTP/1.1" 200 78
222.70.177.128 - - [01/Jun/2021:09:00:09 +0800] "POST /xingrg/dwr/call/plaincall/AjaxCheckService.setItemNumber.dwr HTTP/1.1" 200 78
58.37.225.51 - - [01/Jun/2021:09:00:09 +0800] "GET /xingrg/all/function/internal_message.html?_=1622509214245&CODE_STATE=getMsg HTTP/1.1" 200 27
61.151.178.249 - - [01/Jun/2021:09:00:09 +0800] "GET /xingrg/all/function/internal_message.html?_=1622509154236&CODE_STATE=getMsg HTTP/1.1" 302 -
222.70.177.128 - - [01/Jun/2021:09:00:11 +0800] "POST /xingrg/dwr/call/plaincall/AjaxCheckService.setItemNumber.dwr HTTP/1.1" 200 78
61.151.178.249 - - [01/Jun/2021:09:00:11 +0800] "GET /xingrg/login.html HTTP/1.1" 200 7641
222.70.177.128 - - [01/Jun/2021:09:00:12 +0800] "POST /xingrg/dwr/call/plaincall/AjaxCheckService.setItemNumber.dwr HTTP/1.1" 200 78
180.169.147.146 - - [01/Jun/2021:09:00:13 +0800] "GET /xingrg/all/function/internal_message.html?_=1622509211841&CODE_STATE=getMsg HTTP/1.1" 200 27
116.224.253.72 - - [01/Jun/2021:09:00:13 +0800] "GET /xingrg/javascript/auto/indicator.gif HTTP/1.1" 404 1066
117.185.32.26 - - [01/Jun/2021:09:00:15 +0800] "GET /xingrg/all/function/internal_message.html?_=1622509215020&CODE_STATE=getMsg HTTP/1.1" 200 27
117.185.32.26 - - [01/Jun/2021:09:00:15 +0800] "GET /xingrg/check_reg.html?_=1622509215021 HTTP/1.1" 200 22
116.230.110.80 - - [01/Jun/2021:09:00:15 +0800] "GET /xingrg/all/function/internal_message.html?_=1622509213976&CODE_STATE=getMsg HTTP/1.1" 200 27
222.70.177.128 - - [01/Jun/2021:09:00:15 +0800] "POST /xingrg/dwr/call/plaincall/AjaxCheckService.setItemNumber.dwr HTTP/1.1" 200 78
222.70.177.128 - - [01/Jun/2021:09:00:17 +0800] "POST /xingrg/dwr/call/plaincall/AjaxCheckService.setItemNumber.dwr HTTP/1.1" 200 78
222.70.177.128 - - [01/Jun/2021:09:00:18 +0800] "POST /xingrg/dwr/call/plaincall/AjaxCheckService.setItemNumber.dwr HTTP/1.1" 200 78
222.70.177.128 - - [01/Jun/2021:09:00:19 +0800] "POST /xingrg/dwr/call/plaincall/AjaxCheckService.setItemNumber.dwr HTTP/1.1" 200 78
116.224.253.72 - - [01/Jun/2021:09:00:20 +0800] "GET /xingrg/kc/buy/cgsh_order_operate.html?command=get_materiel&rest_code=00150&code=00101008265&supplier_code=00100007&order_time=2021-06-01 HTTP/1.1" 200 409
222.70.177.128 - - [01/Jun/2021:09:00:21 +0800] "POST /xingrg/dwr/call/plaincall/AjaxCheckService.setItemNumber.dwr HTTP/1.1" 200 78
222.70.177.128 - - [01/Jun/2021:09:00:23 +0800] "POST /xingrg/dwr/call/plaincall/AjaxCheckService.setItemNumber.dwr HTTP/1.1" 200 78
116.232.49.92 - - [01/Jun/2021:09:00:23 +0800] "GET /xingrg/all/function/internal_message.html?_=1622509224184&CODE_STATE=getMsg HTTP/1.1" 200 27
222.70.177.128 - - [01/Jun/2021:09:00:24 +0800] "POST /xingrg/dwr/call/plaincall/AjaxCheckService.setItemNumber.dwr HTTP/1.1" 200 78
222.70.177.128 - - [01/Jun/2021:09:00:27 +0800] "POST /xingrg/dwr/call/plaincall/AjaxCheckService.setItemNumber.dwr HTTP/1.1" 200 78
116.224.253.72 - - [01/Jun/2021:09:00:29 +0800] "GET /xingrg/kc/buy/cgsh_order_operate.html?command=get_materiel&rest_code=00150&code=00101008176&supplier_code=00100007&order_time=2021-06-01 HTTP/1.1" 200 413
116.224.253.72 - - [01/Jun/2021:09:00:32 +0800] "GET /xingrg/all/function/internal_message.html?_=1622509231656&CODE_STATE=getMsg HTTP/1.1" 200 27
222.70.177.128 - - [01/Jun/2021:09:00:32 +0800] "POST /xingrg/dwr/call/plaincall/AjaxCheckService.setItemNumber.dwr HTTP/1.1" 200 78
222.70.177.128 - - [01/Jun/2021:09:00:35 +0800] "POST /xingrg/dwr/call/plaincall/AjaxCheckService.setItemNumber.dwr HTTP/1.1" 200 78
222.70.177.128 - - [01/Jun/2021:09:00:36 +0800] "POST /xingrg/dwr/call/plaincall/AjaxCheckService.setItemNumber.dwr HTTP/1.1" 200 78
116.224.253.72 - - [01/Jun/2021:09:00:37 +0800] "GET /xingrg/kc/buy/cgsh_order_operate.html?command=get_materiel&rest_code=00150&code=00101008257&supplier_code=00100007&order_time=2021-06-01 HTTP/1.1" 200 416
116.224.253.72 - - [01/Jun/2021:09:00:41 +0800] "GET /xingrg/all/function/internal_message.html?_=1622509248081&CODE_STATE=getMsg HTTP/1.1" 200 27
116.235.222.38 - - [01/Jun/2021:09:00:42 +0800] "GET /xingrg/kc/buy/buy_main.html HTTP/1.1" 200 12412
116.235.222.38 - - [01/Jun/2021:09:00:42 +0800] "GET /xingrg/css/new_ie.css HTTP/1.1" 404 1036
116.230.114.112 - - [01/Jun/2021:09:00:43 +0800] "GET /xingrg/all/function/internal_message.html?_=1622509249251&CODE_STATE=getMsg HTTP/1.1" 200 27
116.235.222.38 - - [01/Jun/2021:09:00:43 +0800] "GET /xingrg/images/yd/bt.gif HTTP/1.1" 404 1040
116.235.222.38 - - [01/Jun/2021:09:00:44 +0800] "GET /xingrg/kc/buy/cgsh_order_list.html HTTP/1.1" 200 46533
116.224.253.72 - - [01/Jun/2021:09:00:44 +0800] "GET /xingrg/kc/buy/cgsh_order_operate.html?command=get_materiel&rest_code=00150&code=00101008261&supplier_code=00100007&order_time=2021-06-01 HTTP/1.1" 200 408
116.235.222.38 - - [01/Jun/2021:09:00:46 +0800] "POST /xingrg/kc/buy/cgsh_list_operate.html HTTP/1.1" 200 876
116.235.222.38 - - [01/Jun/2021:09:00:47 +0800] "GET /xingrg/kc/buy/cgsh_order_add.html HTTP/1.1" 200 62353
116.235.222.38 - - [01/Jun/2021:09:00:47 +0800] "GET /xingrg/words/20210531123643_words.js HTTP/1.1" 304 -
116.235.222.38 - - [01/Jun/2021:09:00:48 +0800] "GET /xingrg/all/common/auto_word.html?type=employee&rest_code=00107 HTTP/1.1" 200 101
116.235.222.38 - - [01/Jun/2021:09:00:48 +0800] "GET /xingrg/all/common/auto_word.html?type=employee&rest_code=00107 HTTP/1.1" 200 101
116.235.222.38 - - [01/Jun/2021:09:00:48 +0800] "GET /xingrg/javascript/easyui/themes/default/validatebox.css HTTP/1.1" 404 1104
116.235.222.38 - - [01/Jun/2021:09:00:48 +0800] "POST /xingrg/kc/buy/cgsh_order_operate.html HTTP/1.1" 200 8245
116.235.222.38 - - [01/Jun/2021:09:00:50 +0800] "GET /xingrg/javascript/easyui/themes/default/tree.css HTTP/1.1" 404 1090
116.235.222.38 - - [01/Jun/2021:09:00:50 +0800] "POST /xingrg/all/common/load_tree.html?tree=supplier_tree_json&isDelete=1 HTTP/1.1" 200 55787
222.70.177.128 - - [01/Jun/2021:09:00:51 +0800] "GET /xingrg/all/function/internal_message.html?_=1622509249473&CODE_STATE=getMsg HTTP/1.1" 200 27
222.69.131.183 - - [01/Jun/2021:09:00:52 +0800] "GET /xingrg/check_reg.html?_=1622509251254 HTTP/1.1" 200 22
222.69.131.183 - - [01/Jun/2021:09:00:52 +0800] "GET /xingrg/all/function/internal_message.html?_=1622509251291&CODE_STATE=getMsg HTTP/1.1" 200 27
222.70.177.128 - - [01/Jun/2021:09:00:52 +0800] "POST /xingrg/dwr/call/plaincall/AjaxCheckService.setItemNumber.dwr HTTP/1.1" 200 78
116.235.222.38 - - [01/Jun/2021:09:00:54 +0800] "GET /xingrg/all/function/internal_message.html?_=1622509251498&CODE_STATE=getMsg HTTP/1.1" 200 27
222.69.131.183 - - [01/Jun/2021:09:00:55 +0800] "GET /xingrg/kc/buy/cgsh_order_operate.html?command=get_materiel&rest_code=00149&code=00101008305&supplier_code=00100005&order_time=2021-06-01 HTTP/1.1" 200 412
116.224.253.72 - - [01/Jun/2021:09:00:55 +0800] "GET /xingrg/kc/buy/cgsh_order_operate.html?command=get_materiel&rest_code=00150&code=00101008415&supplier_code=00100007&order_time=2021-06-01 HTTP/1.1" 200 398
116.232.49.92 - - [01/Jun/2021:09:00:56 +0800] "GET /xingrg/all/function/internal_message.html?_=1622509318312&CODE_STATE=getMsg HTTP/1.1" 302 -
61.165.42.208 - - [01/Jun/2021:09:00:57 +0800] "GET /xingrg/all/function/internal_message.html?_=1622509258023&CODE_STATE=getMsg HTTP/1.1" 200 27
222.70.177.128 - - [01/Jun/2021:09:00:57 +0800] "POST /xingrg/dwr/call/plaincall/AjaxCheckService.setItemNumber.dwr HTTP/1.1" 200 78
222.70.177.128 - - [01/Jun/2021:09:00:59 +0800] "POST /xingrg/dwr/call/plaincall/AjaxCheckService.setItemNumber.dwr HTTP/1.1" 200 78
222.70.177.128 - - [01/Jun/2021:09:01:00 +0800] "POST /xingrg/dwr/call/plaincall/AjaxCheckService.setItemNumber.dwr HTTP/1.1" 200 78
222.70.177.128 - - [01/Jun/2021:09:01:02 +0800] "POST /xingrg/dwr/call/plaincall/AjaxCheckService.setItemNumber.dwr HTTP/1.1" 200 78
116.224.253.72 - - [01/Jun/2021:09:01:04 +0800] "GET /xingrg/kc/buy/cgsh_order_operate.html?command=get_materiel&rest_code=00150&code=00101008173&supplier_code=00100007&order_time=2021-06-01 HTTP/1.1" 200 412
222.70.177.128 - - [01/Jun/2021:09:01:05 +0800] "POST /xingrg/dwr/call/plaincall/AjaxCheckService.setItemNumber.dwr HTTP/1.1" 200 78
222.69.131.183 - - [01/Jun/2021:09:01:06 +0800] "GET /xingrg/kc/buy/cgsh_order_operate.html?command=get_materiel&rest_code=00149&code=00101008114&supplier_code=00100005&order_time=2021-06-01 HTTP/1.1" 200 412
222.70.177.128 - - [01/Jun/2021:09:01:08 +0800] "POST /xingrg/dwr/call/plaincall/AjaxCheckService.setItemNumber.dwr HTTP/1.1" 200 78
58.37.225.51 - - [01/Jun/2021:09:01:09 +0800] "GET /xingrg/all/function/internal_message.html?_=1622509274238&CODE_STATE=getMsg HTTP/1.1" 200 27
222.70.177.128 - - [01/Jun/2021:09:01:09 +0800] "POST /xingrg/dwr/call/plaincall/AjaxCheckService.setItemNumber.dwr HTTP/1.1" 200 78
222.70.177.128 - - [01/Jun/2021:09:01:12 +0800] "POST /xingrg/dwr/call/plaincall/AjaxCheckService.setItemNumber.dwr HTTP/1.1" 200 78
180.169.147.146 - - [01/Jun/2021:09:01:13 +0800] "GET /xingrg/all/function/internal_message.html?_=1622509271840&CODE_STATE=getMsg HTTP/1.1" 200 27
222.70.177.128 - - [01/Jun/2021:09:01:13 +0800] "POST /xingrg/dwr/call/plaincall/AjaxCheckService.setItemNumber.dwr HTTP/1.1" 200 78
116.224.253.72 - - [01/Jun/2021:09:01:14 +0800] "GET /xingrg/kc/buy/cgsh_order_operate.html?command=get_materiel&rest_code=00150&code=00101008132&supplier_code=00100007&order_time=2021-06-01 HTTP/1.1" 200 408
117.185.32.26 - - [01/Jun/2021:09:01:15 +0800] "GET /xingrg/all/function/internal_message.html?_=1622509275019&CODE_STATE=getMsg HTTP/1.1" 200 27
116.230.110.80 - - [01/Jun/2021:09:01:15 +0800] "GET /xingrg/all/function/internal_message.html?_=1622509273953&CODE_STATE=getMsg HTTP/1.1" 200 27
116.235.222.38 - - [01/Jun/2021:09:01:19 +0800] "GET /xingrg/check_reg.html?_=1622509276094 HTTP/1.1" 200 22
222.70.177.128 - - [01/Jun/2021:09:01:19 +0800] "POST /xingrg/dwr/call/plaincall/AjaxCheckService.setItemNumber.dwr HTTP/1.1" 200 78
116.230.114.112 - - [01/Jun/2021:09:01:20 +0800] "GET /xingrg/check_reg.html?_=1622509285948 HTTP/1.1" 200 22
116.235.222.38 - - [01/Jun/2021:09:01:20 +0800] "GET /xingrg/javascript/auto/indicator.gif HTTP/1.1" 404 1066
116.232.49.92 - - [01/Jun/2021:09:01:23 +0800] "GET /xingrg/all/function/internal_message.html?_=1622509284181&CODE_STATE=getMsg HTTP/1.1" 200 27
116.224.253.72 - - [01/Jun/2021:09:01:23 +0800] "GET /xingrg/kc/buy/cgsh_order_operate.html?command=get_materiel&rest_code=00150&code=00101008244&supplier_code=00100007&order_time=2021-06-01 HTTP/1.1" 200 408
222.70.177.128 - - [01/Jun/2021:09:01:24 +0800] "POST /xingrg/dwr/call/plaincall/AjaxCheckService.setItemNumber.dwr HTTP/1.1" 200 78
222.70.177.128 - - [01/Jun/2021:09:01:25 +0800] "POST /xingrg/dwr/call/plaincall/AjaxCheckService.setItemNumber.dwr HTTP/1.1" 200 78
116.235.222.38 - - [01/Jun/2021:09:01:25 +0800] "GET /xingrg/kc/buy/cgsh_order_operate.html?command=get_materiel&rest_code=00107&code=00101008323&supplier_code=00100006&order_time=2021-06-01 HTTP/1.1" 200 408
222.70.177.128 - - [01/Jun/2021:09:01:26 +0800] "POST /xingrg/dwr/call/plaincall/AjaxCheckService.setItemNumber.dwr HTTP/1.1" 200 78
222.70.177.128 - - [01/Jun/2021:09:01:30 +0800] "POST /xingrg/dwr/call/plaincall/AjaxCheckService.setItemNumber.dwr HTTP/1.1" 200 78
222.70.177.128 - - [01/Jun/2021:09:01:31 +0800] "POST /xingrg/dwr/call/plaincall/AjaxCheckService.setItemNumber.dwr HTTP/1.1" 200 78
116.224.253.72 - - [01/Jun/2021:09:01:31 +0800] "GET /xingrg/kc/buy/cgsh_order_operate.html?command=get_materiel&rest_code=00150&code=00101008331&supplier_code=00100007&order_time=2021-06-01 HTTP/1.1" 200 416
116.224.253.72 - - [01/Jun/2021:09:01:32 +0800] "GET /xingrg/all/function/internal_message.html?_=1622509291660&CODE_STATE=getMsg HTTP/1.1" 200 27
120.253.135.82 - - [01/Jun/2021:09:01:32 +0800] "GET /xingrg/check_reg.html?_=1622509331946 HTTP/1.1" 302 -
222.70.177.128 - - [01/Jun/2021:09:01:32 +0800] "POST /xingrg/dwr/call/plaincall/AjaxCheckService.setItemNumber.dwr HTTP/1.1" 200 78
222.70.177.128 - - [01/Jun/2021:09:01:35 +0800] "POST /xingrg/dwr/call/plaincall/AjaxCheckService.setItemNumber.dwr HTTP/1.1" 200 78
222.69.131.183 - - [01/Jun/2021:09:01:35 +0800] "GET /xingrg/kc/buy/cgsh_order_operate.html?command=get_materiel&rest_code=00149&code=00101015024&supplier_code=00100005&order_time=2021-06-01 HTTP/1.1" 200 413
222.70.177.128 - - [01/Jun/2021:09:01:36 +0800] "POST /xingrg/dwr/call/plaincall/AjaxCheckService.setItemNumber.dwr HTTP/1.1" 200 78
101.81.69.242 - - [01/Jun/2021:09:01:36 +0800] "GET /xingrg/javascript/easyui/themes/default/tree.css HTTP/1.1" 404 1090
101.81.69.242 - - [01/Jun/2021:09:01:36 +0800] "POST /xingrg/all/common/load_tree.html?tree=area_rest_tree_json HTTP/1.1" 200 3466
222.70.177.128 - - [01/Jun/2021:09:01:37 +0800] "POST /xingrg/dwr/call/plaincall/AjaxCheckService.setItemNumber.dwr HTTP/1.1" 200 78
116.224.253.72 - - [01/Jun/2021:09:01:39 +0800] "GET /xingrg/kc/buy/cgsh_order_operate.html?command=get_materiel&rest_code=00150&code=00101008350&supplier_code=00100007&order_time=2021-06-01 HTTP/1.1" 200 408
222.70.177.128 - - [01/Jun/2021:09:01:40 +0800] "POST /xingrg/dwr/call/plaincall/AjaxCheckService.setItemNumber.dwr HTTP/1.1" 200 78
116.224.253.72 - - [01/Jun/2021:09:01:41 +0800] "GET /xingrg/all/function/internal_message.html?_=1622509308096&CODE_STATE=getMsg HTTP/1.1" 200 27
222.70.177.128 - - [01/Jun/2021:09:01:43 +0800] "POST /xingrg/dwr/call/plaincall/AjaxCheckService.setItemNumber.dwr HTTP/1.1" 200 78
116.235.222.38 - - [01/Jun/2021:09:01:43 +0800] "GET /xingrg/kc/buy/cgsh_order_operate.html?command=get_materiel&rest_code=00107&code=00101008132&supplier_code=00100006&order_time=2021-06-01 HTTP/1.1" 200 408
116.230.114.112 - - [01/Jun/2021:09:01:43 +0800] "GET /xingrg/all/function/internal_message.html?_=1622509309253&CODE_STATE=getMsg HTTP/1.1" 200 27
222.69.131.183 - - [01/Jun/2021:09:01:44 +0800] "POST /xingrg/kc/buy/cgsh_order_operate.html HTTP/1.1" 200 2065
101.81.69.242 - - [01/Jun/2021:09:01:44 +0800] "POST /xingrg/supplier/cgsh_list_operate.html HTTP/1.1" 200 1785
222.70.177.128 - - [01/Jun/2021:09:01:45 +0800] "POST /xingrg/dwr/call/plaincall/AjaxCheckService.setItemNumber.dwr HTTP/1.1" 200 78
222.70.177.128 - - [01/Jun/2021:09:01:46 +0800] "POST /xingrg/dwr/call/plaincall/AjaxCheckService.setItemNumber.dwr HTTP/1.1" 200 78
222.70.177.128 - - [01/Jun/2021:09:01:49 +0800] "POST /xingrg/dwr/call/plaincall/AjaxCheckService.setItemNumber.dwr HTTP/1.1" 200 78
222.69.131.183 - - [01/Jun/2021:09:01:50 +0800] "GET /xingrg/kc/buy/cgsh_order_operate.html?command=get_materiel&rest_code=00149&code=00101010094&supplier_code=00100005&order_time=2021-06-01 HTTP/1.1" 200 430
222.70.177.128 - - [01/Jun/2021:09:01:50 +0800] "POST /xingrg/dwr/call/plaincall/AjaxCheckService.setItemNumber.dwr HTTP/1.1" 200 78
222.70.177.128 - - [01/Jun/2021:09:01:51 +0800] "GET /xingrg/check_reg.html?_=1622509309344 HTTP/1.1" 200 22
222.70.177.128 - - [01/Jun/2021:09:01:51 +0800] "GET /xingrg/all/function/internal_message.html?_=1622509309456&CODE_STATE=getMsg HTTP/1.1" 200 27
222.70.177.128 - - [01/Jun/2021:09:01:52 +0800] "POST /xingrg/dwr/call/plaincall/AjaxCheckService.setItemNumber.dwr HTTP/1.1" 200 78
222.69.131.183 - - [01/Jun/2021:09:01:52 +0800] "GET /xingrg/all/function/internal_message.html?_=1622509311262&CODE_STATE=getMsg HTTP/1.1" 200 27
116.235.222.38 - - [01/Jun/2021:09:01:54 +0800] "GET /xingrg/all/function/internal_message.html?_=1622509311472&CODE_STATE=getMsg HTTP/1.1" 200 27
222.70.177.128 - - [01/Jun/2021:09:01:54 +0800] "POST /xingrg/dwr/call/plaincall/AjaxCheckService.setItemNumber.dwr HTTP/1.1" 200 78
116.224.253.72 - - [01/Jun/2021:09:01:55 +0800] "GET /xingrg/kc/buy/cgsh_order_operate.html?command=get_materiel&rest_code=00150&code=00101008049&supplier_code=00100007&order_time=2021-06-01 HTTP/1.1" 200 408
101.81.69.242 - - [01/Jun/2021:09:01:56 +0800] "POST /xingrg/supplier/cgsh_list_operate.html HTTP/1.1" 200 2600
116.232.49.92 - - [01/Jun/2021:09:01:56 +0800] "GET /xingrg/all/function/internal_message.html?_=1622509378312&CODE_STATE=getMsg HTTP/1.1" 302 -
61.165.42.208 - - [01/Jun/2021:09:01:57 +0800] "GET /xingrg/all/function/internal_message.html?_=1622509318025&CODE_STATE=getMsg HTTP/1.1" 200 27
61.165.42.208 - - [01/Jun/2021:09:01:57 +0800] "GET /xingrg/check_reg.html?_=1622509318029 HTTP/1.1" 200 22
222.69.131.183 - - [01/Jun/2021:09:01:57 +0800] "GET /xingrg/kc/buy/cgsh_order_operate.html?command=get_materiel&rest_code=00149&code=00101015006&supplier_code=00100005&order_time=2021-06-01 HTTP/1.1" 200 413
222.70.177.128 - - [01/Jun/2021:09:01:58 +0800] "POST /xingrg/dwr/call/plaincall/AjaxCheckService.setItemNumber.dwr HTTP/1.1" 200 78
222.70.177.128 - - [01/Jun/2021:09:01:59 +0800] "POST /xingrg/dwr/call/plaincall/AjaxCheckService.setItemNumber.dwr HTTP/1.1" 200 78
116.235.222.38 - - [01/Jun/2021:09:02:02 +0800] "GET /xingrg/kc/buy/cgsh_order_operate.html?command=get_materiel&rest_code=00107&code=00101008155&supplier_code=00100006&order_time=2021-06-01 HTTP/1.1" 200 408
222.70.177.128 - - [01/Jun/2021:09:02:02 +0800] "POST /xingrg/dwr/call/plaincall/AjaxCheckService.setItemNumber.dwr HTTP/1.1" 200 78
222.70.177.128 - - [01/Jun/2021:09:02:05 +0800] "POST /xingrg/dwr/call/plaincall/AjaxCheckService.setItemNumber.dwr HTTP/1.1" 200 78
116.224.253.72 - - [01/Jun/2021:09:02:06 +0800] "GET /xingrg/kc/buy/cgsh_order_operate.html?command=get_materiel&rest_code=00150&code=00101008185&supplier_code=00100007&order_time=2021-06-01 HTTP/1.1" 200 408
222.70.177.128 - - [01/Jun/2021:09:02:07 +0800] "POST /xingrg/dwr/call/plaincall/AjaxCheckService.setItemNumber.dwr HTTP/1.1" 200 78
222.69.131.183 - - [01/Jun/2021:09:02:08 +0800] "GET /xingrg/kc/buy/cgsh_order_operate.html?command=get_materiel&rest_code=00149&code=00101015112&supplier_code=00100005&order_time=2021-06-01 HTTP/1.1" 200 403
58.37.225.51 - - [01/Jun/2021:09:02:09 +0800] "GET /xingrg/all/function/internal_message.html?_=1622509334235&CODE_STATE=getMsg HTTP/1.1" 200 27
222.70.177.128 - - [01/Jun/2021:09:02:10 +0800] "POST /xingrg/dwr/call/plaincall/AjaxCheckService.setItemNumber.dwr HTTP/1.1" 200 78
222.70.177.128 - - [01/Jun/2021:09:02:12 +0800] "POST /xingrg/dwr/call/plaincall/AjaxCheckService.setItemNumber.dwr HTTP/1.1" 200 78
61.165.42.208 - - [01/Jun/2021:09:02:13 +0800] "GET /xingrg/javascript/jquery_easy_ui/themes/default/images/tabs_close.gif HTTP/1.1" 304 -
61.165.42.208 - - [01/Jun/2021:09:02:13 +0800] "GET /xingrg/kc/mdqp/qqps_order_list.html HTTP/1.1" 200 9222
61.165.42.208 - - [01/Jun/2021:09:02:13 +0800] "GET /xingrg/dwr/interface/AjaxQqpsService.js HTTP/1.1" 200 16326
61.165.42.208 - - [01/Jun/2021:09:02:13 +0800] "GET /xingrg/dwr/interface/AjaxReportQueryService.js HTTP/1.1" 200 13203
61.165.42.208 - - [01/Jun/2021:09:02:13 +0800] "GET /xingrg/dwr/util.js HTTP/1.1" 200 35990
61.165.42.208 - - [01/Jun/2021:09:02:13 +0800] "GET /xingrg/dwr/engine.js HTTP/1.1" 200 43631
61.165.42.208 - - [01/Jun/2021:09:02:13 +0800] "GET /xingrg/javascript/jquery_easy_ui/themes/icons/check_new.png HTTP/1.1" 304 -
61.165.42.208 - - [01/Jun/2021:09:02:13 +0800] "GET /xingrg/javascript/jquery_easy_ui/themes/icons/edit_add_new.png HTTP/1.1" 304 -
61.165.42.208 - - [01/Jun/2021:09:02:13 +0800] "GET /xingrg/javascript/jquery_easy_ui/themes/icons/cance_new.png HTTP/1.1" 304 -
61.165.42.208 - - [01/Jun/2021:09:02:13 +0800] "GET /xingrg/javascript/jquery_easy_ui/themes/icons/uncheck_new.png HTTP/1.1" 304 -
117.185.32.26 - - [01/Jun/2021:09:02:15 +0800] "GET /xingrg/all/function/internal_message.html?_=1622509335019&CODE_STATE=getMsg HTTP/1.1" 200 27
222.70.177.128 - - [01/Jun/2021:09:02:15 +0800] "POST /xingrg/dwr/call/plaincall/AjaxCheckService.setItemNumber.dwr HTTP/1.1" 200 78
116.230.110.80 - - [01/Jun/2021:09:02:15 +0800] "GET /xingrg/all/function/internal_message.html?_=1622509333953&CODE_STATE=getMsg HTTP/1.1" 200 27
120.204.17.68 - - [01/Jun/2021:09:02:15 +0800] "GET /xingrg/all/function/internal_message.html?_=1622509275019&CODE_STATE=getMsg HTTP/1.1" 302 -
101.81.69.242 - - [01/Jun/2021:09:02:15 +0800] "POST /xingrg/supplier/cgsh_list_operate.html HTTP/1.1" 200 1787
120.204.17.68 - - [01/Jun/2021:09:02:16 +0800] "GET /xingrg/login.html HTTP/1.1" 200 7641
116.235.222.38 - - [01/Jun/2021:09:02:16 +0800] "GET /xingrg/kc/buy/cgsh_order_operate.html?command=get_materiel&rest_code=00107&code=00101008354&supplier_code=00100006&order_time=2021-06-01 HTTP/1.1" 200 412
61.165.42.208 - - [01/Jun/2021:09:02:18 +0800] "GET /xingrg/kc/mdqp/qqps_order_list.html?isQuery=1&timeSelect=1&orderTime=day&startTime=2021-05-31&endTime=2021-06-01&state=all&query=%C8%B7++%B6%A8 HTTP/1.1" 200 11407
61.165.42.208 - - [01/Jun/2021:09:02:18 +0800] "GET /xingrg/dwr/interface/AjaxQqpsService.js HTTP/1.1" 200 16326
61.165.42.208 - - [01/Jun/2021:09:02:18 +0800] "GET /xingrg/dwr/interface/AjaxReportQueryService.js HTTP/1.1" 200 13203
61.165.42.208 - - [01/Jun/2021:09:02:18 +0800] "GET /xingrg/dwr/engine.js HTTP/1.1" 200 43631
222.70.177.128 - - [01/Jun/2021:09:02:18 +0800] "POST /xingrg/dwr/call/plaincall/AjaxCheckService.setItemNumber.dwr HTTP/1.1" 200 78
222.69.131.183 - - [01/Jun/2021:09:02:18 +0800] "GET /xingrg/kc/buy/cgsh_order_operate.html?command=get_materiel&rest_code=00149&code=00101015044&supplier_code=00100005&order_time=2021-06-01 HTTP/1.1" 200 408
116.224.253.72 - - [01/Jun/2021:09:02:19 +0800] "GET /xingrg/kc/buy/cgsh_order_operate.html?command=get_materiel&rest_code=00150&code=00101008354&supplier_code=00100007&order_time=2021-06-01 HTTP/1.1" 200 412
61.165.42.208 - - [01/Jun/2021:09:02:19 +0800] "GET /xingrg/kc/mdqp/qqps_order_info.html?code=302021053100632 HTTP/1.1" 200 26639
61.165.42.208 - - [01/Jun/2021:09:02:19 +0800] "GET /xingrg/dwr/interface/AjaxQqpsService.js HTTP/1.1" 200 16326
61.165.42.208 - - [01/Jun/2021:09:02:19 +0800] "GET /xingrg/dwr/interface/AjaxComOrderService.js HTTP/1.1" 200 18264
61.165.42.208 - - [01/Jun/2021:09:02:19 +0800] "GET /xingrg/words/20210531123643_words.js HTTP/1.1" 200 818287
61.165.42.208 - - [01/Jun/2021:09:02:19 +0800] "GET /xingrg/javascript/jquery_easy_ui/themes/icons/template_new.png HTTP/1.1" 304 -
61.165.42.208 - - [01/Jun/2021:09:02:19 +0800] "GET /xingrg/javascript/jquery_easy_ui/themes/icons/copy_new.png HTTP/1.1" 304 -
61.165.42.208 - - [01/Jun/2021:09:02:19 +0800] "GET /xingrg/javascript/jquery_easy_ui/themes/icons/print.png HTTP/1.1" 304 -
61.165.42.208 - - [01/Jun/2021:09:02:19 +0800] "GET /xingrg/javascript/jquery_easy_ui/themes/default/images/menu_downarrow.png HTTP/1.1" 304 -
61.165.42.208 - - [01/Jun/2021:09:02:19 +0800] "GET /xingrg/javascript/jquery_easy_ui/themes/icons/back_new.png HTTP/1.1" 304 -
61.165.42.208 - - [01/Jun/2021:09:02:20 +0800] "GET /xingrg/images/blue/kc_tab_left.gif HTTP/1.1" 304 -
61.165.42.208 - - [01/Jun/2021:09:02:20 +0800] "GET /xingrg/javascript/jquery_easy_ui/themes/default/images/combo_arrow_dot.gif HTTP/1.1" 304 -
61.165.42.208 - - [01/Jun/2021:09:02:20 +0800] "GET /xingrg/images/blue/kc_tab_mid.gif HTTP/1.1" 304 -
61.165.42.208 - - [01/Jun/2021:09:02:20 +0800] "GET /xingrg/images/blue/kc_tab_right.gif HTTP/1.1" 304 -
61.165.42.208 - - [01/Jun/2021:09:02:20 +0800] "POST /xingrg/dwr/call/plaincall/AjaxQqpsService.loadMaterielItems.dwr HTTP/1.1" 200 7841
222.70.177.128 - - [01/Jun/2021:09:02:20 +0800] "POST /xingrg/dwr/call/plaincall/AjaxCheckService.setItemNumber.dwr HTTP/1.1" 200 78
222.70.177.128 - - [01/Jun/2021:09:02:21 +0800] "POST /xingrg/dwr/call/plaincall/AjaxCheckService.setItemNumber.dwr HTTP/1.1" 200 78
61.165.42.208 - - [01/Jun/2021:09:02:22 +0800] "GET /xingrg/javascript/jquery_easy_ui/themes/default/images/button_plain_hover.png HTTP/1.1" 304 -
61.165.42.208 - - [01/Jun/2021:09:02:22 +0800] "GET /xingrg/kc/mdqp/qqps_order_list.html?isBack=1 HTTP/1.1" 302 -
61.165.42.208 - - [01/Jun/2021:09:02:22 +0800] "GET /xingrg/kc/mdqp/qqps_order_list.html?isQuery=1&timeSelect=1&orderTime=day&startTime=2021-05-31&endTime=2021-06-01&state=all&query=%C8%B7++%B6%A8 HTTP/1.1" 200 11407
61.165.42.208 - - [01/Jun/2021:09:02:22 +0800] "GET /xingrg/dwr/interface/AjaxReportQueryService.js HTTP/1.1" 200 13203
61.165.42.208 - - [01/Jun/2021:09:02:22 +0800] "GET /xingrg/dwr/interface/AjaxQqpsService.js HTTP/1.1" 200 16326
61.165.42.208 - - [01/Jun/2021:09:02:22 +0800] "GET /xingrg/dwr/engine.js HTTP/1.1" 200 43631
116.232.49.92 - - [01/Jun/2021:09:02:23 +0800] "GET /xingrg/all/function/internal_message.html?_=1622509344187&CODE_STATE=getMsg HTTP/1.1" 200 27
116.232.49.92 - - [01/Jun/2021:09:02:23 +0800] "GET /xingrg/check_reg.html?_=1622509344196 HTTP/1.1" 200 22
222.70.177.128 - - [01/Jun/2021:09:02:24 +0800] "POST /xingrg/dwr/call/plaincall/AjaxCheckService.setItemNumber.dwr HTTP/1.1" 200 78
101.81.69.242 - - [01/Jun/2021:09:02:24 +0800] "POST /xingrg/supplier/cgsh_list_operate.html HTTP/1.1" 200 928
61.165.42.208 - - [01/Jun/2021:09:02:24 +0800] "GET /xingrg/kc/mdqp/qqps_order_info.html?code=302021053100633 HTTP/1.1" 200 26639
61.165.42.208 - - [01/Jun/2021:09:02:24 +0800] "GET /xingrg/dwr/interface/AjaxQqpsService.js HTTP/1.1" 200 16326
61.165.42.208 - - [01/Jun/2021:09:02:24 +0800] "GET /xingrg/dwr/interface/AjaxComOrderService.js HTTP/1.1" 200 18264
61.165.42.208 - - [01/Jun/2021:09:02:24 +0800] "GET /xingrg/dwr/engine.js HTTP/1.1" 200 43631
61.165.42.208 - - [01/Jun/2021:09:02:25 +0800] "POST /xingrg/dwr/call/plaincall/AjaxQqpsService.loadMaterielItems.dwr HTTP/1.1" 200 437
222.70.177.128 - - [01/Jun/2021:09:02:25 +0800] "POST /xingrg/dwr/call/plaincall/AjaxCheckService.setItemNumber.dwr HTTP/1.1" 200 78
116.224.253.72 - - [01/Jun/2021:09:02:26 +0800] "GET /xingrg/kc/buy/cgsh_order_operate.html?command=get_materiel&rest_code=00150&code=00101008308&supplier_code=00100007&order_time=2021-06-01 HTTP/1.1" 200 420
61.165.42.208 - - [01/Jun/2021:09:02:27 +0800] "GET /xingrg/kc/mdqp/qqps_order_list.html?isBack=1 HTTP/1.1" 302 -
61.165.42.208 - - [01/Jun/2021:09:02:27 +0800] "GET /xingrg/kc/mdqp/qqps_order_list.html?isQuery=1&timeSelect=1&orderTime=day&startTime=2021-05-31&endTime=2021-06-01&state=all&query=%C8%B7++%B6%A8 HTTP/1.1" 200 11407
61.165.42.208 - - [01/Jun/2021:09:02:27 +0800] "GET /xingrg/dwr/interface/AjaxQqpsService.js HTTP/1.1" 200 16326
61.165.42.208 - - [01/Jun/2021:09:02:27 +0800] "GET /xingrg/dwr/interface/AjaxReportQueryService.js HTTP/1.1" 200 13203
61.165.42.208 - - [01/Jun/2021:09:02:27 +0800] "GET /xingrg/dwr/engine.js HTTP/1.1" 200 43631
222.70.177.128 - - [01/Jun/2021:09:02:28 +0800] "POST /xingrg/dwr/call/plaincall/AjaxCheckService.setItemNumber.dwr HTTP/1.1" 200 78
58.37.225.51 - - [01/Jun/2021:09:02:29 +0800] "POST /xingrg/services/DataTransmitService HTTP/1.1" 200 524
61.165.42.208 - - [01/Jun/2021:09:02:29 +0800] "GET /xingrg/kc/mdqp/qqps_order_info.html?code=302021053100631 HTTP/1.1" 200 26639
61.165.42.208 - - [01/Jun/2021:09:02:29 +0800] "GET /xingrg/dwr/interface/AjaxComOrderService.js HTTP/1.1" 200 18264
61.165.42.208 - - [01/Jun/2021:09:02:29 +0800] "GET /xingrg/dwr/interface/AjaxQqpsService.js HTTP/1.1" 200 16326
61.165.42.208 - - [01/Jun/2021:09:02:29 +0800] "GET /xingrg/dwr/engine.js HTTP/1.1" 200 43631
