116.230.114.112 - - [01/Jun/2021:06:50:38 +0800] "POST /xingrg/dwr/call/plaincall/AjaxCheckService.setItemNumber.dwr HTTP/1.1" 200 78
116.230.114.112 - - [01/Jun/2021:06:50:38 +0800] "POST /xingrg/dwr/call/plaincall/AjaxCheckService.setItemNumber.dwr HTTP/1.1" 200 78
61.129.7.236 - - [01/Jun/2021:06:50:39 +0800] "GET /xingrg/all/function/internal_message.html?_=1622501384228&CODE_STATE=getMsg HTTP/1.1" 302 -
61.129.7.236 - - [01/Jun/2021:06:50:39 +0800] "GET /xingrg/login.html HTTP/1.1" 200 7641
58.37.225.51 - - [01/Jun/2021:06:50:39 +0800] "GET /xingrg/all/function/internal_message.html?_=1622501444243&CODE_STATE=getMsg HTTP/1.1" 200 27
116.230.114.112 - - [01/Jun/2021:06:50:39 +0800] "POST /xingrg/dwr/call/plaincall/AjaxCheckService.setItemNumber.dwr HTTP/1.1" 200 78
120.253.135.82 - - [01/Jun/2021:06:50:40 +0800] "POST /xingrg/kc/pszx/mdps_list_operate.html HTTP/1.1" 200 5132
116.230.114.112 - - [01/Jun/2021:06:50:41 +0800] "POST /xingrg/dwr/call/plaincall/AjaxCheckService.setItemNumber.dwr HTTP/1.1" 200 78
120.253.135.82 - - [01/Jun/2021:06:50:42 +0800] "POST /xingrg/kc/pszx/mdps_list_operate.html HTTP/1.1" 200 613
116.230.114.112 - - [01/Jun/2021:06:50:43 +0800] "POST /xingrg/dwr/call/plaincall/AjaxCheckService.setItemNumber.dwr HTTP/1.1" 200 78
120.253.135.82 - - [01/Jun/2021:06:50:43 +0800] "GET /xingrg/kc/pszx/mdps_order_info.html?code=312021060100018 HTTP/1.1" 200 23925
120.253.135.82 - - [01/Jun/2021:06:50:44 +0800] "POST /xingrg/kc/pszx/mdps_order_operate.html HTTP/1.1" 200 7244
120.253.135.82 - - [01/Jun/2021:06:50:44 +0800] "GET /xingrg/javascript/easyui/themes/default/validatebox.css HTTP/1.1" 404 1104
116.230.114.112 - - [01/Jun/2021:06:50:44 +0800] "POST /xingrg/dwr/call/plaincall/AjaxCheckService.setItemNumber.dwr HTTP/1.1" 200 78
120.253.135.82 - - [01/Jun/2021:06:50:46 +0800] "GET /xingrg/css/images/panel_loading.gif HTTP/1.1" 200 1737
120.253.135.82 - - [01/Jun/2021:06:50:46 +0800] "POST /xingrg/all/common/load_combo.html?type=base HTTP/1.1" 200 1075
116.230.114.112 - - [01/Jun/2021:06:50:48 +0800] "POST /xingrg/dwr/call/plaincall/AjaxCheckService.setItemNumber.dwr HTTP/1.1" 200 78
120.253.135.82 - - [01/Jun/2021:06:50:50 +0800] "POST /xingrg/kc/pszx/mdps_order_operate.html HTTP/1.1" 200 37
120.253.135.82 - - [01/Jun/2021:06:50:51 +0800] "GET /xingrg/kc/pszx/mdps_order_info.html?code=312021060100018 HTTP/1.1" 200 23925
120.253.135.82 - - [01/Jun/2021:06:50:51 +0800] "POST /xingrg/kc/pszx/mdps_order_operate.html HTTP/1.1" 200 7335
120.253.135.82 - - [01/Jun/2021:06:50:51 +0800] "GET /xingrg/javascript/easyui/themes/default/validatebox.css HTTP/1.1" 404 1104
116.233.72.146 - - [01/Jun/2021:06:50:56 +0800] "GET /xingrg/all/function/internal_message.html?_=1622501518296&CODE_STATE=getMsg HTTP/1.1" 302 -
120.253.135.82 - - [01/Jun/2021:06:51:01 +0800] "GET /xingrg/check_reg.html?_=1622501244572 HTTP/1.1" 200 22
120.253.135.82 - - [01/Jun/2021:06:51:06 +0800] "GET /xingrg/all/function/internal_message.html?_=1622501249748&CODE_STATE=getMsg HTTP/1.1" 200 27
180.169.147.146 - - [01/Jun/2021:06:51:12 +0800] "GET /xingrg/all/function/internal_message.html?_=1622501471308&CODE_STATE=getMsg HTTP/1.1" 200 27
116.230.110.80 - - [01/Jun/2021:06:51:17 +0800] "GET /xingrg/all/function/internal_message.html?_=1622501476008&CODE_STATE=getMsg HTTP/1.1" 200 27
222.70.177.128 - - [01/Jun/2021:06:51:17 +0800] "GET /xingrg/all/function/internal_message.html?_=1622501475929&CODE_STATE=getMsg HTTP/1.1" 200 27
116.230.114.112 - - [01/Jun/2021:06:51:19 +0800] "GET /xingrg/check_reg.html?_=1622501484900 HTTP/1.1" 200 22
117.184.7.26 - - [01/Jun/2021:06:51:25 +0800] "GET /xingrg/all/function/internal_message.html?_=1622501484341&CODE_STATE=getMsg HTTP/1.1" 302 -
116.224.253.72 - - [01/Jun/2021:06:51:31 +0800] "GET /xingrg/all/function/internal_message.html?_=1622501491045&CODE_STATE=getMsg HTTP/1.1" 200 27
120.253.135.82 - - [01/Jun/2021:06:51:31 +0800] "GET /xingrg/check_reg.html?_=1622501531541 HTTP/1.1" 302 -
116.230.114.112 - - [01/Jun/2021:06:51:35 +0800] "GET /xingrg/all/function/internal_message.html?_=1622501500951&CODE_STATE=getMsg HTTP/1.1" 200 27
120.253.135.82 - - [01/Jun/2021:06:51:36 +0800] "POST /xingrg/kc/pszx/mdps_list_operate.html HTTP/1.1" 200 5132
117.184.7.26 - - [01/Jun/2021:06:51:38 +0800] "POST /xingrg/services/DataTransmitService HTTP/1.1" 200 524
120.253.135.82 - - [01/Jun/2021:06:51:38 +0800] "POST /xingrg/kc/pszx/mdps_list_operate.html HTTP/1.1" 200 654
117.184.7.26 - - [01/Jun/2021:06:51:38 +0800] "POST /xingrg/services/DataTransmitService HTTP/1.1" 200 501
117.184.7.26 - - [01/Jun/2021:06:51:38 +0800] "POST /xingrg/services/DataTransmitService HTTP/1.1" 200 501
117.184.7.26 - - [01/Jun/2021:06:51:38 +0800] "POST /xingrg/services/DataTransmitService HTTP/1.1" 200 501
117.184.7.26 - - [01/Jun/2021:06:51:39 +0800] "POST /xingrg/services/DataTransmitService HTTP/1.1" 200 501
117.184.7.26 - - [01/Jun/2021:06:51:39 +0800] "POST /xingrg/services/DataTransmitService HTTP/1.1" 200 501
117.184.7.26 - - [01/Jun/2021:06:51:39 +0800] "POST /xingrg/services/DataTransmitService HTTP/1.1" 200 501
58.37.225.51 - - [01/Jun/2021:06:51:39 +0800] "GET /xingrg/check_reg.html?_=1622501504243 HTTP/1.1" 200 22
58.37.225.51 - - [01/Jun/2021:06:51:39 +0800] "GET /xingrg/all/function/internal_message.html?_=1622501504244&CODE_STATE=getMsg HTTP/1.1" 200 27
117.184.7.26 - - [01/Jun/2021:06:51:40 +0800] "POST /xingrg/services/DataTransmitService HTTP/1.1" 200 412
120.253.135.82 - - [01/Jun/2021:06:51:40 +0800] "POST /xingrg/kc/pszx/mdps_list_operate.html HTTP/1.1" 200 613
120.253.135.82 - - [01/Jun/2021:06:51:43 +0800] "GET /xingrg/kc/pszx/mdps_order_info.html?code=312021060100019 HTTP/1.1" 200 23925
120.253.135.82 - - [01/Jun/2021:06:51:43 +0800] "POST /xingrg/kc/pszx/mdps_order_operate.html HTTP/1.1" 200 8913
120.253.135.82 - - [01/Jun/2021:06:51:43 +0800] "GET /xingrg/javascript/easyui/themes/default/validatebox.css HTTP/1.1" 404 1104
120.253.135.82 - - [01/Jun/2021:06:51:46 +0800] "POST /xingrg/kc/pszx/mdps_order_operate.html HTTP/1.1" 200 37
120.253.135.82 - - [01/Jun/2021:06:51:47 +0800] "GET /xingrg/kc/pszx/mdps_order_info.html?code=312021060100019 HTTP/1.1" 200 23925
120.253.135.82 - - [01/Jun/2021:06:51:48 +0800] "GET /xingrg/javascript/easyui/themes/default/validatebox.css HTTP/1.1" 404 1104
120.253.135.82 - - [01/Jun/2021:06:51:48 +0800] "POST /xingrg/kc/pszx/mdps_order_operate.html HTTP/1.1" 200 9022
116.230.114.112 - - [01/Jun/2021:06:51:55 +0800] "POST /xingrg/dwr/call/plaincall/AjaxCheckService.setItemNumber.dwr HTTP/1.1" 200 78
116.233.72.146 - - [01/Jun/2021:06:51:56 +0800] "GET /xingrg/all/function/internal_message.html?_=1622501578296&CODE_STATE=getMsg HTTP/1.1" 302 -
116.230.114.112 - - [01/Jun/2021:06:51:58 +0800] "POST /xingrg/dwr/call/plaincall/AjaxCheckService.setItemNumber.dwr HTTP/1.1" 200 78
116.230.114.112 - - [01/Jun/2021:06:52:00 +0800] "POST /xingrg/dwr/call/plaincall/AjaxCheckService.setItemNumber.dwr HTTP/1.1" 200 78
116.230.114.112 - - [01/Jun/2021:06:52:00 +0800] "POST /xingrg/dwr/call/plaincall/AjaxCheckService.setItemNumber.dwr HTTP/1.1" 200 78
116.230.114.112 - - [01/Jun/2021:06:52:02 +0800] "POST /xingrg/dwr/call/plaincall/AjaxCheckService.setItemNumber.dwr HTTP/1.1" 200 78
116.230.114.112 - - [01/Jun/2021:06:52:04 +0800] "POST /xingrg/dwr/call/plaincall/AjaxCheckService.setItemNumber.dwr HTTP/1.1" 200 78
116.230.114.112 - - [01/Jun/2021:06:52:04 +0800] "POST /xingrg/dwr/call/plaincall/AjaxCheckService.setItemNumber.dwr HTTP/1.1" 200 78
116.230.114.112 - - [01/Jun/2021:06:52:05 +0800] "POST /xingrg/dwr/call/plaincall/AjaxCheckService.setItemNumber.dwr HTTP/1.1" 200 78
120.253.135.82 - - [01/Jun/2021:06:52:06 +0800] "GET /xingrg/all/function/internal_message.html?_=1622501309761&CODE_STATE=getMsg HTTP/1.1" 200 27
116.230.114.112 - - [01/Jun/2021:06:52:12 +0800] "POST /xingrg/dwr/call/plaincall/AjaxCheckService.setItemNumber.dwr HTTP/1.1" 200 78
180.169.147.146 - - [01/Jun/2021:06:52:12 +0800] "GET /xingrg/all/function/internal_message.html?_=1622501531336&CODE_STATE=getMsg HTTP/1.1" 200 27
116.230.114.112 - - [01/Jun/2021:06:52:12 +0800] "POST /xingrg/dwr/call/plaincall/AjaxCheckService.setItemNumber.dwr HTTP/1.1" 200 78
116.230.114.112 - - [01/Jun/2021:06:52:14 +0800] "POST /xingrg/dwr/call/plaincall/AjaxCheckService.setItemNumber.dwr HTTP/1.1" 200 78
116.230.114.112 - - [01/Jun/2021:06:52:15 +0800] "POST /xingrg/dwr/call/plaincall/AjaxCheckService.setItemNumber.dwr HTTP/1.1" 200 78
116.230.110.80 - - [01/Jun/2021:06:52:17 +0800] "GET /xingrg/all/function/internal_message.html?_=1622501535985&CODE_STATE=getMsg HTTP/1.1" 200 27
222.70.177.128 - - [01/Jun/2021:06:52:17 +0800] "GET /xingrg/all/function/internal_message.html?_=1622501535928&CODE_STATE=getMsg HTTP/1.1" 200 27
116.230.114.112 - - [01/Jun/2021:06:52:18 +0800] "POST /xingrg/dwr/call/plaincall/AjaxCheckService.setItemNumber.dwr HTTP/1.1" 200 78
116.230.114.112 - - [01/Jun/2021:06:52:22 +0800] "POST /xingrg/dwr/call/plaincall/AjaxCheckService.setItemNumber.dwr HTTP/1.1" 200 78
116.230.114.112 - - [01/Jun/2021:06:52:25 +0800] "POST /xingrg/dwr/call/plaincall/AjaxCheckService.setItemNumber.dwr HTTP/1.1" 200 78
117.184.7.26 - - [01/Jun/2021:06:52:25 +0800] "GET /xingrg/all/function/internal_message.html?_=1622501544341&CODE_STATE=getMsg HTTP/1.1" 302 -
116.230.114.112 - - [01/Jun/2021:06:52:31 +0800] "POST /xingrg/dwr/call/plaincall/AjaxCheckService.setItemNumber.dwr HTTP/1.1" 200 78
116.224.253.72 - - [01/Jun/2021:06:52:31 +0800] "GET /xingrg/all/function/internal_message.html?_=1622501551049&CODE_STATE=getMsg HTTP/1.1" 200 27
116.230.114.112 - - [01/Jun/2021:06:52:32 +0800] "POST /xingrg/dwr/call/plaincall/AjaxCheckService.setItemNumber.dwr HTTP/1.1" 200 78
116.230.114.112 - - [01/Jun/2021:06:52:33 +0800] "POST /xingrg/dwr/call/plaincall/AjaxCheckService.setItemNumber.dwr HTTP/1.1" 200 78
116.230.114.112 - - [01/Jun/2021:06:52:35 +0800] "GET /xingrg/all/function/internal_message.html?_=1622501561041&CODE_STATE=getMsg HTTP/1.1" 200 27
116.230.114.112 - - [01/Jun/2021:06:52:35 +0800] "POST /xingrg/dwr/call/plaincall/AjaxCheckService.setItemNumber.dwr HTTP/1.1" 200 78
116.230.114.112 - - [01/Jun/2021:06:52:37 +0800] "POST /xingrg/dwr/call/plaincall/AjaxCheckService.setItemNumber.dwr HTTP/1.1" 200 78
101.89.239.245 - - [01/Jun/2021:06:52:39 +0800] "GET /xingrg/check_reg.html?_=1622501504243 HTTP/1.1" 302 -
58.37.225.51 - - [01/Jun/2021:06:52:39 +0800] "GET /xingrg/all/function/internal_message.html?_=1622501564243&CODE_STATE=getMsg HTTP/1.1" 200 27
116.230.114.112 - - [01/Jun/2021:06:52:40 +0800] "POST /xingrg/dwr/call/plaincall/AjaxCheckService.setItemNumber.dwr HTTP/1.1" 200 78
101.89.239.245 - - [01/Jun/2021:06:52:40 +0800] "GET /xingrg/login.html HTTP/1.1" 200 7641
120.253.135.82 - - [01/Jun/2021:06:52:48 +0800] "POST /xingrg/kc/pszx/mdps_order_operate.html HTTP/1.1" 200 37
116.230.114.112 - - [01/Jun/2021:06:52:48 +0800] "POST /xingrg/dwr/call/plaincall/AjaxCheckService.setItemNumber.dwr HTTP/1.1" 200 78
120.253.135.82 - - [01/Jun/2021:06:52:49 +0800] "GET /xingrg/kc/pszx/mdps_order_info.html?code=312021060100019 HTTP/1.1" 200 23925
120.253.135.82 - - [01/Jun/2021:06:52:50 +0800] "GET /xingrg/javascript/easyui/themes/default/validatebox.css HTTP/1.1" 404 1104
120.253.135.82 - - [01/Jun/2021:06:52:50 +0800] "POST /xingrg/kc/pszx/mdps_order_operate.html HTTP/1.1" 200 9022
120.253.135.82 - - [01/Jun/2021:06:52:52 +0800] "POST /xingrg/kc/pszx/mdps_list_operate.html HTTP/1.1" 200 5132
116.230.114.112 - - [01/Jun/2021:06:52:53 +0800] "POST /xingrg/dwr/call/plaincall/AjaxCheckService.setItemNumber.dwr HTTP/1.1" 200 78
116.230.114.112 - - [01/Jun/2021:06:52:54 +0800] "POST /xingrg/dwr/call/plaincall/AjaxCheckService.setItemNumber.dwr HTTP/1.1" 200 78
120.253.135.82 - - [01/Jun/2021:06:52:54 +0800] "POST /xingrg/kc/pszx/mdps_list_operate.html HTTP/1.1" 200 309
116.230.114.112 - - [01/Jun/2021:06:52:55 +0800] "POST /xingrg/dwr/call/plaincall/AjaxCheckService.setItemNumber.dwr HTTP/1.1" 200 78
116.233.72.146 - - [01/Jun/2021:06:52:56 +0800] "GET /xingrg/all/function/internal_message.html?_=1622501638296&CODE_STATE=getMsg HTTP/1.1" 302 -
116.230.114.112 - - [01/Jun/2021:06:52:57 +0800] "POST /xingrg/dwr/call/plaincall/AjaxCheckService.setItemNumber.dwr HTTP/1.1" 200 78
120.253.135.82 - - [01/Jun/2021:06:52:57 +0800] "POST /xingrg/kc/pszx/mdps_list_operate.html HTTP/1.1" 200 205
116.230.114.112 - - [01/Jun/2021:06:52:59 +0800] "POST /xingrg/dwr/call/plaincall/AjaxCheckService.setItemNumber.dwr HTTP/1.1" 200 78
116.230.114.112 - - [01/Jun/2021:06:52:59 +0800] "POST /xingrg/dwr/call/plaincall/AjaxCheckService.setItemNumber.dwr HTTP/1.1" 200 78
120.253.135.82 - - [01/Jun/2021:06:53:01 +0800] "GET /xingrg/kc/pszx/mdps_order_info.html?code=312021060100020 HTTP/1.1" 200 23925
120.253.135.82 - - [01/Jun/2021:06:53:01 +0800] "GET /xingrg/javascript/easyui/themes/default/validatebox.css HTTP/1.1" 404 1104
120.253.135.82 - - [01/Jun/2021:06:53:01 +0800] "POST /xingrg/kc/pszx/mdps_order_operate.html HTTP/1.1" 200 2806
120.253.135.82 - - [01/Jun/2021:06:53:04 +0800] "POST /xingrg/kc/pszx/mdps_order_operate.html HTTP/1.1" 200 37
120.253.135.82 - - [01/Jun/2021:06:53:06 +0800] "GET /xingrg/kc/pszx/mdps_order_info.html?code=312021060100020 HTTP/1.1" 200 23925
120.253.135.82 - - [01/Jun/2021:06:53:07 +0800] "GET /xingrg/javascript/easyui/themes/default/validatebox.css HTTP/1.1" 404 1104
120.253.135.82 - - [01/Jun/2021:06:53:07 +0800] "POST /xingrg/kc/pszx/mdps_order_operate.html HTTP/1.1" 200 2822
120.253.135.82 - - [01/Jun/2021:06:53:07 +0800] "GET /xingrg/all/function/internal_message.html?_=1622501370961&CODE_STATE=getMsg HTTP/1.1" 200 27
116.230.114.112 - - [01/Jun/2021:06:53:10 +0800] "POST /xingrg/dwr/call/plaincall/AjaxCheckService.setItemNumber.dwr HTTP/1.1" 200 78
120.253.135.82 - - [01/Jun/2021:06:53:11 +0800] "POST /xingrg/kc/pszx/mdps_list_operate.html HTTP/1.1" 200 5132
180.169.147.146 - - [01/Jun/2021:06:53:12 +0800] "GET /xingrg/all/function/internal_message.html?_=1622501591334&CODE_STATE=getMsg HTTP/1.1" 200 27
120.253.135.82 - - [01/Jun/2021:06:53:13 +0800] "POST /xingrg/kc/pszx/mdps_list_operate.html HTTP/1.1" 200 309
120.253.135.82 - - [01/Jun/2021:06:53:13 +0800] "GET /xingrg/kc/pszx/mdps_order_info.html?code=312021060100020 HTTP/1.1" 200 23925
116.230.114.112 - - [01/Jun/2021:06:53:14 +0800] "POST /xingrg/dwr/call/plaincall/AjaxCheckService.setItemNumber.dwr HTTP/1.1" 200 78
120.253.135.82 - - [01/Jun/2021:06:53:14 +0800] "POST /xingrg/kc/pszx/mdps_order_operate.html HTTP/1.1" 200 2822
120.253.135.82 - - [01/Jun/2021:06:53:14 +0800] "GET /xingrg/javascript/easyui/themes/default/validatebox.css HTTP/1.1" 404 1104
116.230.114.112 - - [01/Jun/2021:06:53:15 +0800] "POST /xingrg/dwr/call/plaincall/AjaxCheckService.setItemNumber.dwr HTTP/1.1" 200 78
120.253.135.82 - - [01/Jun/2021:06:53:16 +0800] "POST /xingrg/kc/pszx/mdps_list_operate.html HTTP/1.1" 200 5132
116.230.114.112 - - [01/Jun/2021:06:53:16 +0800] "POST /xingrg/dwr/call/plaincall/AjaxCheckService.setItemNumber.dwr HTTP/1.1" 200 78
116.230.110.80 - - [01/Jun/2021:06:53:17 +0800] "GET /xingrg/all/function/internal_message.html?_=1622501595975&CODE_STATE=getMsg HTTP/1.1" 200 27
120.253.135.82 - - [01/Jun/2021:06:53:17 +0800] "POST /xingrg/kc/pszx/mdps_list_operate.html HTTP/1.1" 200 205
222.70.177.128 - - [01/Jun/2021:06:53:17 +0800] "GET /xingrg/all/function/internal_message.html?_=1622501595956&CODE_STATE=getMsg HTTP/1.1" 200 27
116.230.114.112 - - [01/Jun/2021:06:53:18 +0800] "POST /xingrg/dwr/call/plaincall/AjaxCheckService.setItemNumber.dwr HTTP/1.1" 200 78
120.253.135.82 - - [01/Jun/2021:06:53:19 +0800] "POST /xingrg/kc/pszx/mdps_list_operate.html HTTP/1.1" 200 309
120.253.135.82 - - [01/Jun/2021:06:53:19 +0800] "GET /xingrg/kc/pszx/mdps_order_info.html?code=312021060100020 HTTP/1.1" 200 23925
116.230.114.112 - - [01/Jun/2021:06:53:19 +0800] "POST /xingrg/dwr/call/plaincall/AjaxCheckService.setItemNumber.dwr HTTP/1.1" 200 78
120.253.135.82 - - [01/Jun/2021:06:53:20 +0800] "POST /xingrg/kc/pszx/mdps_order_operate.html HTTP/1.1" 200 2822
120.253.135.82 - - [01/Jun/2021:06:53:20 +0800] "GET /xingrg/javascript/easyui/themes/default/validatebox.css HTTP/1.1" 404 1104
116.230.114.112 - - [01/Jun/2021:06:53:20 +0800] "POST /xingrg/dwr/call/plaincall/AjaxCheckService.setItemNumber.dwr HTTP/1.1" 200 78
116.230.114.112 - - [01/Jun/2021:06:53:23 +0800] "POST /xingrg/dwr/call/plaincall/AjaxCheckService.setItemNumber.dwr HTTP/1.1" 200 78
117.184.7.26 - - [01/Jun/2021:06:53:25 +0800] "GET /xingrg/check_reg.html?_=1622501604341 HTTP/1.1" 302 -
117.184.7.26 - - [01/Jun/2021:06:53:25 +0800] "GET /xingrg/all/function/internal_message.html?_=1622501604342&CODE_STATE=getMsg HTTP/1.1" 302 -
116.230.114.112 - - [01/Jun/2021:06:53:29 +0800] "POST /xingrg/dwr/call/plaincall/AjaxCheckService.setItemNumber.dwr HTTP/1.1" 200 78
120.253.135.82 - - [01/Jun/2021:06:53:30 +0800] "GET /xingrg/kc/pszx/mdps_order_operate.html?command=get_materiel&pszx_code=00101&rest_code=00106&base_code=0010246&code=00101030036 HTTP/1.1" 200 408
116.224.253.72 - - [01/Jun/2021:06:53:31 +0800] "GET /xingrg/all/function/internal_message.html?_=1622501611048&CODE_STATE=getMsg HTTP/1.1" 200 27
116.230.114.112 - - [01/Jun/2021:06:53:33 +0800] "POST /xingrg/dwr/call/plaincall/AjaxCheckService.setItemNumber.dwr HTTP/1.1" 200 78
116.230.114.112 - - [01/Jun/2021:06:53:34 +0800] "POST /xingrg/dwr/call/plaincall/AjaxCheckService.setItemNumber.dwr HTTP/1.1" 200 78
116.230.110.80 - - [01/Jun/2021:06:53:34 +0800] "GET /xingrg/check_reg.html?_=1622501613392 HTTP/1.1" 200 22
116.230.114.112 - - [01/Jun/2021:06:53:35 +0800] "POST /xingrg/dwr/call/plaincall/AjaxCheckService.setItemNumber.dwr HTTP/1.1" 200 78
116.230.114.112 - - [01/Jun/2021:06:53:35 +0800] "POST /xingrg/dwr/call/plaincall/AjaxCheckService.setItemNumber.dwr HTTP/1.1" 200 78
116.230.114.112 - - [01/Jun/2021:06:53:36 +0800] "GET /xingrg/all/function/internal_message.html?_=1622501621568&CODE_STATE=getMsg HTTP/1.1" 200 27
120.253.135.82 - - [01/Jun/2021:06:53:36 +0800] "POST /xingrg/kc/pszx/mdps_order_operate.html HTTP/1.1" 200 37
120.253.135.82 - - [01/Jun/2021:06:53:36 +0800] "GET /xingrg/kc/pszx/mdps_order_info.html?code=312021060100020 HTTP/1.1" 200 23925
120.253.135.82 - - [01/Jun/2021:06:53:37 +0800] "GET /xingrg/javascript/easyui/themes/default/validatebox.css HTTP/1.1" 404 1104
120.253.135.82 - - [01/Jun/2021:06:53:37 +0800] "POST /xingrg/kc/pszx/mdps_order_operate.html HTTP/1.1" 200 3308
116.230.114.112 - - [01/Jun/2021:06:53:37 +0800] "POST /xingrg/dwr/call/plaincall/AjaxCheckService.setItemNumber.dwr HTTP/1.1" 200 78
116.230.114.112 - - [01/Jun/2021:06:53:38 +0800] "POST /xingrg/dwr/call/plaincall/AjaxCheckService.setItemNumber.dwr HTTP/1.1" 200 78
58.37.225.51 - - [01/Jun/2021:06:53:39 +0800] "GET /xingrg/all/function/internal_message.html?_=1622501624242&CODE_STATE=getMsg HTTP/1.1" 200 27
116.230.114.112 - - [01/Jun/2021:06:53:41 +0800] "POST /xingrg/dwr/call/plaincall/AjaxCheckService.setItemNumber.dwr HTTP/1.1" 200 78
116.230.114.112 - - [01/Jun/2021:06:53:42 +0800] "POST /xingrg/dwr/call/plaincall/AjaxCheckService.setItemNumber.dwr HTTP/1.1" 200 78
120.253.135.82 - - [01/Jun/2021:06:53:43 +0800] "POST /xingrg/kc/pszx/mdps_list_operate.html HTTP/1.1" 200 5132
120.253.135.82 - - [01/Jun/2021:06:53:44 +0800] "POST /xingrg/kc/pszx/mdps_list_operate.html HTTP/1.1" 200 205
120.253.135.82 - - [01/Jun/2021:06:53:45 +0800] "GET /xingrg/kc/pszx/mdps_order_info.html?code=312021060100021 HTTP/1.1" 200 23925
120.253.135.82 - - [01/Jun/2021:06:53:45 +0800] "GET /xingrg/javascript/easyui/themes/default/validatebox.css HTTP/1.1" 404 1104
120.253.135.82 - - [01/Jun/2021:06:53:45 +0800] "POST /xingrg/kc/pszx/mdps_order_operate.html HTTP/1.1" 200 2271
116.230.114.112 - - [01/Jun/2021:06:53:46 +0800] "POST /xingrg/dwr/call/plaincall/AjaxCheckService.setItemNumber.dwr HTTP/1.1" 200 78
116.230.114.112 - - [01/Jun/2021:06:53:47 +0800] "POST /xingrg/dwr/call/plaincall/AjaxCheckService.setItemNumber.dwr HTTP/1.1" 200 78
116.230.114.112 - - [01/Jun/2021:06:53:48 +0800] "POST /xingrg/dwr/call/plaincall/AjaxCheckService.setItemNumber.dwr HTTP/1.1" 200 78
120.253.135.82 - - [01/Jun/2021:06:53:49 +0800] "POST /xingrg/all/common/load_combo.html?type=base HTTP/1.1" 200 1075
116.230.114.112 - - [01/Jun/2021:06:53:50 +0800] "POST /xingrg/dwr/call/plaincall/AjaxCheckService.setItemNumber.dwr HTTP/1.1" 200 78
116.233.72.146 - - [01/Jun/2021:06:53:56 +0800] "GET /xingrg/check_reg.html?_=1622501698234 HTTP/1.1" 302 -
116.233.72.146 - - [01/Jun/2021:06:53:56 +0800] "GET /xingrg/all/function/internal_message.html?_=1622501698296&CODE_STATE=getMsg HTTP/1.1" 302 -
116.230.114.112 - - [01/Jun/2021:06:53:57 +0800] "POST /xingrg/dwr/call/plaincall/AjaxCheckService.setItemNumber.dwr HTTP/1.1" 200 78
116.230.114.112 - - [01/Jun/2021:06:53:58 +0800] "POST /xingrg/dwr/call/plaincall/AjaxCheckService.setItemNumber.dwr HTTP/1.1" 200 78
116.230.114.112 - - [01/Jun/2021:06:54:00 +0800] "POST /xingrg/dwr/call/plaincall/AjaxCheckService.setItemNumber.dwr HTTP/1.1" 200 78
116.230.114.112 - - [01/Jun/2021:06:54:00 +0800] "POST /xingrg/dwr/call/plaincall/AjaxCheckService.setItemNumber.dwr HTTP/1.1" 200 78
116.230.114.112 - - [01/Jun/2021:06:54:03 +0800] "POST /xingrg/dwr/call/plaincall/AjaxCheckService.setItemNumber.dwr HTTP/1.1" 200 78
116.230.114.112 - - [01/Jun/2021:06:54:04 +0800] "POST /xingrg/dwr/call/plaincall/AjaxCheckService.setItemNumber.dwr HTTP/1.1" 200 78
116.230.114.112 - - [01/Jun/2021:06:54:05 +0800] "POST /xingrg/dwr/call/plaincall/AjaxCheckService.setItemNumber.dwr HTTP/1.1" 200 78
116.230.114.112 - - [01/Jun/2021:06:54:06 +0800] "POST /xingrg/dwr/call/plaincall/AjaxCheckService.setItemNumber.dwr HTTP/1.1" 200 78
116.230.114.112 - - [01/Jun/2021:06:54:06 +0800] "POST /xingrg/dwr/call/plaincall/AjaxCheckService.setItemNumber.dwr HTTP/1.1" 200 78
120.253.135.82 - - [01/Jun/2021:06:54:07 +0800] "GET /xingrg/all/function/internal_message.html?_=1622501431131&CODE_STATE=getMsg HTTP/1.1" 200 27
116.230.114.112 - - [01/Jun/2021:06:54:07 +0800] "POST /xingrg/dwr/call/plaincall/AjaxCheckService.setItemNumber.dwr HTTP/1.1" 200 78
116.230.114.112 - - [01/Jun/2021:06:54:08 +0800] "POST /xingrg/dwr/call/plaincall/AjaxCheckService.setItemNumber.dwr HTTP/1.1" 200 78
116.230.114.112 - - [01/Jun/2021:06:54:09 +0800] "POST /xingrg/dwr/call/plaincall/AjaxCheckService.setItemNumber.dwr HTTP/1.1" 200 78
116.230.114.112 - - [01/Jun/2021:06:54:10 +0800] "POST /xingrg/dwr/call/plaincall/AjaxCheckService.setItemNumber.dwr HTTP/1.1" 200 78
116.230.114.112 - - [01/Jun/2021:06:54:11 +0800] "POST /xingrg/dwr/call/plaincall/AjaxCheckService.setItemNumber.dwr HTTP/1.1" 200 78
180.169.147.146 - - [01/Jun/2021:06:54:12 +0800] "GET /xingrg/all/function/internal_message.html?_=1622501651332&CODE_STATE=getMsg HTTP/1.1" 200 27
180.169.147.146 - - [01/Jun/2021:06:54:12 +0800] "GET /xingrg/check_reg.html?_=1622501651333 HTTP/1.1" 200 22
116.230.114.112 - - [01/Jun/2021:06:54:12 +0800] "POST /xingrg/dwr/call/plaincall/AjaxCheckService.setItemNumber.dwr HTTP/1.1" 200 78
116.230.114.112 - - [01/Jun/2021:06:54:13 +0800] "POST /xingrg/dwr/call/plaincall/AjaxCheckService.setItemNumber.dwr HTTP/1.1" 200 78
116.230.114.112 - - [01/Jun/2021:06:54:15 +0800] "POST /xingrg/dwr/call/plaincall/AjaxCheckService.setItemNumber.dwr HTTP/1.1" 200 78
116.230.114.112 - - [01/Jun/2021:06:54:16 +0800] "POST /xingrg/dwr/call/plaincall/AjaxCheckService.setItemNumber.dwr HTTP/1.1" 200 78
116.230.110.80 - - [01/Jun/2021:06:54:17 +0800] "GET /xingrg/all/function/internal_message.html?_=1622501655956&CODE_STATE=getMsg HTTP/1.1" 200 27
116.230.114.112 - - [01/Jun/2021:06:54:17 +0800] "POST /xingrg/dwr/call/plaincall/AjaxCheckService.setItemNumber.dwr HTTP/1.1" 200 78
222.70.177.128 - - [01/Jun/2021:06:54:17 +0800] "GET /xingrg/all/function/internal_message.html?_=1622501655956&CODE_STATE=getMsg HTTP/1.1" 200 27
116.230.114.112 - - [01/Jun/2021:06:54:18 +0800] "POST /xingrg/dwr/call/plaincall/AjaxCheckService.setItemNumber.dwr HTTP/1.1" 200 78
116.230.114.112 - - [01/Jun/2021:06:54:19 +0800] "POST /xingrg/dwr/call/plaincall/AjaxCheckService.setItemNumber.dwr HTTP/1.1" 200 78
117.184.7.26 - - [01/Jun/2021:06:54:25 +0800] "GET /xingrg/all/function/internal_message.html?_=1622501664341&CODE_STATE=getMsg HTTP/1.1" 302 -
120.253.135.82 - - [01/Jun/2021:06:54:28 +0800] "GET /xingrg/kc/pszx/mdps_order_operate.html?command=get_materiel&pszx_code=00101&rest_code=00106&base_code=0010570&code=00101026177 HTTP/1.1" 200 408
116.224.253.72 - - [01/Jun/2021:06:54:31 +0800] "GET /xingrg/check_reg.html?_=1622501671051 HTTP/1.1" 200 22
116.224.253.72 - - [01/Jun/2021:06:54:31 +0800] "GET /xingrg/all/function/internal_message.html?_=1622501671054&CODE_STATE=getMsg HTTP/1.1" 200 27
116.230.114.112 - - [01/Jun/2021:06:54:36 +0800] "GET /xingrg/all/function/internal_message.html?_=1622501681569&CODE_STATE=getMsg HTTP/1.1" 200 27
61.129.6.251 - - [01/Jun/2021:06:54:39 +0800] "GET /xingrg/all/function/internal_message.html?_=1622501624242&CODE_STATE=getMsg HTTP/1.1" 302 -
58.37.225.51 - - [01/Jun/2021:06:54:39 +0800] "GET /xingrg/all/function/internal_message.html?_=1622501684240&CODE_STATE=getMsg HTTP/1.1" 200 27
61.129.6.251 - - [01/Jun/2021:06:54:40 +0800] "GET /xingrg/login.html HTTP/1.1" 200 7641
120.253.135.82 - - [01/Jun/2021:06:54:49 +0800] "POST /xingrg/kc/pszx/mdps_order_operate.html HTTP/1.1" 200 37
120.253.135.82 - - [01/Jun/2021:06:54:49 +0800] "GET /xingrg/kc/pszx/mdps_order_info.html?code=312021060100021 HTTP/1.1" 200 23923
120.253.135.82 - - [01/Jun/2021:06:54:50 +0800] "POST /xingrg/kc/pszx/mdps_order_operate.html HTTP/1.1" 200 2277
120.253.135.82 - - [01/Jun/2021:06:54:50 +0800] "GET /xingrg/javascript/easyui/themes/default/validatebox.css HTTP/1.1" 404 1104
120.253.135.82 - - [01/Jun/2021:06:54:52 +0800] "POST /xingrg/kc/pszx/mdps_list_operate.html HTTP/1.1" 200 5130
120.253.135.82 - - [01/Jun/2021:06:54:53 +0800] "POST /xingrg/kc/pszx/mdps_list_operate.html HTTP/1.1" 200 202
116.233.72.146 - - [01/Jun/2021:06:54:56 +0800] "GET /xingrg/all/function/internal_message.html?_=1622501758296&CODE_STATE=getMsg HTTP/1.1" 302 -
120.253.135.82 - - [01/Jun/2021:06:54:56 +0800] "POST /xingrg/kc/pszx/mdps_list_operate.html HTTP/1.1" 200 202
120.253.135.82 - - [01/Jun/2021:06:55:00 +0800] "GET /xingrg/kc/pszx/mdps_order_info.html?code=312021052600710 HTTP/1.1" 200 23923
120.253.135.82 - - [01/Jun/2021:06:55:01 +0800] "GET /xingrg/javascript/easyui/themes/default/validatebox.css HTTP/1.1" 404 1104
120.253.135.82 - - [01/Jun/2021:06:55:01 +0800] "POST /xingrg/kc/pszx/mdps_order_operate.html HTTP/1.1" 200 2277
120.253.135.82 - - [01/Jun/2021:06:55:04 +0800] "POST /xingrg/kc/pszx/mdps_order_operate.html HTTP/1.1" 200 12
120.253.135.82 - - [01/Jun/2021:06:55:05 +0800] "POST /xingrg/kc/pszx/mdps_list_operate.html HTTP/1.1" 200 4946
120.253.135.82 - - [01/Jun/2021:06:55:07 +0800] "GET /xingrg/all/function/internal_message.html?_=1622501491144&CODE_STATE=getMsg HTTP/1.1" 200 27
120.253.135.82 - - [01/Jun/2021:06:55:07 +0800] "POST /xingrg/kc/pszx/mdps_list_operate.html HTTP/1.1" 200 202
120.253.135.82 - - [01/Jun/2021:06:55:09 +0800] "POST /xingrg/kc/pszx/mdps_list_operate.html HTTP/1.1" 200 202
180.169.147.146 - - [01/Jun/2021:06:55:12 +0800] "GET /xingrg/all/function/internal_message.html?_=1622501711331&CODE_STATE=getMsg HTTP/1.1" 200 27
120.253.135.82 - - [01/Jun/2021:06:55:15 +0800] "GET /xingrg/kc/pszx/mdps_order_info.html?code=312021060100022 HTTP/1.1" 200 23925
120.253.135.82 - - [01/Jun/2021:06:55:16 +0800] "GET /xingrg/javascript/easyui/themes/default/validatebox.css HTTP/1.1" 404 1104
120.253.135.82 - - [01/Jun/2021:06:55:16 +0800] "POST /xingrg/kc/pszx/mdps_order_operate.html HTTP/1.1" 200 2277
116.230.110.80 - - [01/Jun/2021:06:55:17 +0800] "GET /xingrg/all/function/internal_message.html?_=1622501715947&CODE_STATE=getMsg HTTP/1.1" 200 27
222.70.177.128 - - [01/Jun/2021:06:55:17 +0800] "GET /xingrg/all/function/internal_message.html?_=1622501715947&CODE_STATE=getMsg HTTP/1.1" 200 27
222.70.177.128 - - [01/Jun/2021:06:55:17 +0800] "GET /xingrg/check_reg.html?_=1622501715943 HTTP/1.1" 200 22
120.253.135.82 - - [01/Jun/2021:06:55:18 +0800] "POST /xingrg/all/common/load_combo.html?type=base HTTP/1.1" 200 1075
120.253.135.82 - - [01/Jun/2021:06:55:22 +0800] "POST /xingrg/kc/pszx/mdps_order_operate.html HTTP/1.1" 200 37
120.253.135.82 - - [01/Jun/2021:06:55:23 +0800] "GET /xingrg/kc/pszx/mdps_order_info.html?code=312021060100022 HTTP/1.1" 200 23923
120.253.135.82 - - [01/Jun/2021:06:55:24 +0800] "POST /xingrg/kc/pszx/mdps_order_operate.html HTTP/1.1" 200 2285
120.253.135.82 - - [01/Jun/2021:06:55:24 +0800] "GET /xingrg/javascript/easyui/themes/default/validatebox.css HTTP/1.1" 404 1104
117.184.7.26 - - [01/Jun/2021:06:55:25 +0800] "GET /xingrg/all/function/internal_message.html?_=1622501724341&CODE_STATE=getMsg HTTP/1.1" 302 -
120.253.135.82 - - [01/Jun/2021:06:55:27 +0800] "POST /xingrg/kc/pszx/mdps_list_operate.html HTTP/1.1" 200 4943
116.224.253.72 - - [01/Jun/2021:06:55:31 +0800] "GET /xingrg/all/function/internal_message.html?_=1622501731058&CODE_STATE=getMsg HTTP/1.1" 200 27
116.230.114.112 - - [01/Jun/2021:06:55:36 +0800] "GET /xingrg/all/function/internal_message.html?_=1622501741583&CODE_STATE=getMsg HTTP/1.1" 200 27
58.37.225.51 - - [01/Jun/2021:06:55:39 +0800] "GET /xingrg/all/function/internal_message.html?_=1622501744255&CODE_STATE=getMsg HTTP/1.1" 200 27
116.233.72.146 - - [01/Jun/2021:06:55:56 +0800] "GET /xingrg/all/function/internal_message.html?_=1622501818296&CODE_STATE=getMsg HTTP/1.1" 302 -
120.253.135.82 - - [01/Jun/2021:06:56:01 +0800] "GET /xingrg/check_reg.html?_=1622501544741 HTTP/1.1" 200 22
120.253.135.82 - - [01/Jun/2021:06:56:07 +0800] "GET /xingrg/all/function/internal_message.html?_=1622501551158&CODE_STATE=getMsg HTTP/1.1" 200 27
180.169.147.146 - - [01/Jun/2021:06:56:12 +0800] "GET /xingrg/all/function/internal_message.html?_=1622501771329&CODE_STATE=getMsg HTTP/1.1" 200 27
120.253.135.82 - - [01/Jun/2021:06:56:14 +0800] "POST /xingrg/kc/pszx/mdps_list_operate.html HTTP/1.1" 200 202
120.253.135.82 - - [01/Jun/2021:06:56:15 +0800] "POST /xingrg/kc/pszx/mdps_list_operate.html HTTP/1.1" 200 202
120.253.135.82 - - [01/Jun/2021:06:56:16 +0800] "POST /xingrg/kc/pszx/mdps_list_operate.html HTTP/1.1" 200 388
116.230.110.80 - - [01/Jun/2021:06:56:17 +0800] "GET /xingrg/all/function/internal_message.html?_=1622501775920&CODE_STATE=getMsg HTTP/1.1" 200 27
222.70.177.128 - - [01/Jun/2021:06:56:17 +0800] "GET /xingrg/all/function/internal_message.html?_=1622501775946&CODE_STATE=getMsg HTTP/1.1" 200 27
116.230.114.112 - - [01/Jun/2021:06:56:19 +0800] "GET /xingrg/check_reg.html?_=1622501784946 HTTP/1.1" 200 22
117.185.32.26 - - [01/Jun/2021:06:56:19 +0800] "POST /xingrg/services/DataTransmitService HTTP/1.1" 200 524
120.253.135.82 - - [01/Jun/2021:06:56:19 +0800] "GET /xingrg/kc/pszx/mdps_order_info.html?code=312021060100020 HTTP/1.1" 200 23925
120.253.135.82 - - [01/Jun/2021:06:56:20 +0800] "GET /xingrg/javascript/easyui/themes/default/validatebox.css HTTP/1.1" 404 1104
120.253.135.82 - - [01/Jun/2021:06:56:20 +0800] "POST /xingrg/kc/pszx/mdps_order_operate.html HTTP/1.1" 200 3308
117.184.7.26 - - [01/Jun/2021:06:56:25 +0800] "GET /xingrg/all/function/internal_message.html?_=1622501784341&CODE_STATE=getMsg HTTP/1.1" 302 -
120.253.135.82 - - [01/Jun/2021:06:56:25 +0800] "POST /xingrg/kc/pszx/mdps_order_operate.html HTTP/1.1" 200 37
120.253.135.82 - - [01/Jun/2021:06:56:26 +0800] "GET /xingrg/kc/pszx/mdps_order_info.html?code=312021060100020 HTTP/1.1" 200 23925
120.253.135.82 - - [01/Jun/2021:06:56:27 +0800] "POST /xingrg/kc/pszx/mdps_order_operate.html HTTP/1.1" 200 2818
120.253.135.82 - - [01/Jun/2021:06:56:27 +0800] "GET /xingrg/javascript/easyui/themes/default/validatebox.css HTTP/1.1" 404 1104
120.253.135.82 - - [01/Jun/2021:06:56:28 +0800] "POST /xingrg/kc/pszx/mdps_list_operate.html HTTP/1.1" 200 4942
120.253.135.82 - - [01/Jun/2021:06:56:29 +0800] "POST /xingrg/kc/pszx/mdps_list_operate.html HTTP/1.1" 200 202
116.224.253.72 - - [01/Jun/2021:06:56:31 +0800] "GET /xingrg/all/function/internal_message.html?_=1622501791074&CODE_STATE=getMsg HTTP/1.1" 200 27
120.253.135.82 - - [01/Jun/2021:06:56:31 +0800] "GET /xingrg/check_reg.html?_=1622501831565 HTTP/1.1" 302 -
120.253.135.82 - - [01/Jun/2021:06:56:32 +0800] "POST /xingrg/kc/pszx/mdps_list_operate.html HTTP/1.1" 200 202
116.230.114.112 - - [01/Jun/2021:06:56:36 +0800] "GET /xingrg/all/function/internal_message.html?_=1622501801596&CODE_STATE=getMsg HTTP/1.1" 200 27
120.253.135.82 - - [01/Jun/2021:06:56:37 +0800] "POST /xingrg/kc/pszx/mdps_list_operate.html HTTP/1.1" 200 312
61.151.207.158 - - [01/Jun/2021:06:56:39 +0800] "GET /xingrg/all/function/internal_message.html?_=1622501744255&CODE_STATE=getMsg HTTP/1.1" 302 -
58.37.225.51 - - [01/Jun/2021:06:56:39 +0800] "GET /xingrg/check_reg.html?_=1622501804266 HTTP/1.1" 200 22
58.37.225.51 - - [01/Jun/2021:06:56:39 +0800] "GET /xingrg/all/function/internal_message.html?_=1622501804267&CODE_STATE=getMsg HTTP/1.1" 200 27
61.151.207.158 - - [01/Jun/2021:06:56:40 +0800] "GET /xingrg/login.html HTTP/1.1" 200 7641
120.253.135.82 - - [01/Jun/2021:06:56:40 +0800] "POST /xingrg/kc/pszx/mdps_list_operate.html HTTP/1.1" 200 654
120.253.135.82 - - [01/Jun/2021:06:56:42 +0800] "GET /xingrg/kc/pszx/mdps_order_info.html?code=312021060100019 HTTP/1.1" 200 23925
120.253.135.82 - - [01/Jun/2021:06:56:42 +0800] "GET /xingrg/javascript/easyui/themes/default/validatebox.css HTTP/1.1" 404 1104
120.253.135.82 - - [01/Jun/2021:06:56:42 +0800] "POST /xingrg/kc/pszx/mdps_order_operate.html HTTP/1.1" 200 9022
120.253.135.82 - - [01/Jun/2021:06:56:46 +0800] "POST /xingrg/kc/pszx/mdps_list_operate.html HTTP/1.1" 200 4942
120.253.135.82 - - [01/Jun/2021:06:56:47 +0800] "POST /xingrg/kc/pszx/mdps_list_operate.html HTTP/1.1" 200 312
120.253.135.82 - - [01/Jun/2021:06:56:49 +0800] "POST /xingrg/kc/pszx/mdps_list_operate.html HTTP/1.1" 200 202
120.253.135.82 - - [01/Jun/2021:06:56:50 +0800] "POST /xingrg/kc/pszx/mdps_list_operate.html HTTP/1.1" 200 654
120.253.135.82 - - [01/Jun/2021:06:56:51 +0800] "GET /xingrg/kc/pszx/mdps_order_info.html?code=312021060100019 HTTP/1.1" 200 23925
120.253.135.82 - - [01/Jun/2021:06:56:52 +0800] "GET /xingrg/javascript/easyui/themes/default/validatebox.css HTTP/1.1" 404 1104
120.253.135.82 - - [01/Jun/2021:06:56:52 +0800] "POST /xingrg/kc/pszx/mdps_order_operate.html HTTP/1.1" 200 9022
120.253.135.82 - - [01/Jun/2021:06:56:55 +0800] "POST /xingrg/kc/pszx/mdps_list_operate.html HTTP/1.1" 200 4942
116.233.72.146 - - [01/Jun/2021:06:56:56 +0800] "GET /xingrg/all/function/internal_message.html?_=1622501878296&CODE_STATE=getMsg HTTP/1.1" 302 -
120.253.135.82 - - [01/Jun/2021:06:56:56 +0800] "POST /xingrg/kc/pszx/mdps_list_operate.html HTTP/1.1" 200 613
120.253.135.82 - - [01/Jun/2021:06:56:58 +0800] "GET /xingrg/kc/pszx/mdps_order_info.html?code=312021060100018 HTTP/1.1" 200 23925
120.253.135.82 - - [01/Jun/2021:06:56:58 +0800] "POST /xingrg/kc/pszx/mdps_order_operate.html HTTP/1.1" 200 7335
120.253.135.82 - - [01/Jun/2021:06:56:58 +0800] "GET /xingrg/javascript/easyui/themes/default/validatebox.css HTTP/1.1" 404 1104
120.253.135.82 - - [01/Jun/2021:06:57:05 +0800] "POST /xingrg/kc/pszx/mdps_list_operate.html HTTP/1.1" 200 4942
120.253.135.82 - - [01/Jun/2021:06:57:06 +0800] "POST /xingrg/kc/pszx/mdps_list_operate.html HTTP/1.1" 200 376
120.253.135.82 - - [01/Jun/2021:06:57:07 +0800] "GET /xingrg/all/function/internal_message.html?_=1622501611170&CODE_STATE=getMsg HTTP/1.1" 200 27
120.253.135.82 - - [01/Jun/2021:06:57:07 +0800] "GET /xingrg/kc/pszx/mdps_order_info.html?code=312021060100017 HTTP/1.1" 200 23925
120.253.135.82 - - [01/Jun/2021:06:57:08 +0800] "GET /xingrg/javascript/easyui/themes/default/validatebox.css HTTP/1.1" 404 1104
120.253.135.82 - - [01/Jun/2021:06:57:08 +0800] "POST /xingrg/kc/pszx/mdps_order_operate.html HTTP/1.1" 200 3312
180.169.147.146 - - [01/Jun/2021:06:57:12 +0800] "GET /xingrg/all/function/internal_message.html?_=1622501831328&CODE_STATE=getMsg HTTP/1.1" 200 27
120.253.135.82 - - [01/Jun/2021:06:57:12 +0800] "POST /xingrg/kc/pszx/mdps_list_operate.html HTTP/1.1" 200 4942
120.253.135.82 - - [01/Jun/2021:06:57:13 +0800] "POST /xingrg/kc/pszx/mdps_list_operate.html HTTP/1.1" 200 609
120.253.135.82 - - [01/Jun/2021:06:57:15 +0800] "GET /xingrg/kc/pszx/mdps_order_info.html?code=312021060100016 HTTP/1.1" 200 23925
120.253.135.82 - - [01/Jun/2021:06:57:15 +0800] "GET /xingrg/javascript/easyui/themes/default/validatebox.css HTTP/1.1" 404 1104
120.253.135.82 - - [01/Jun/2021:06:57:15 +0800] "POST /xingrg/kc/pszx/mdps_order_operate.html HTTP/1.1" 200 5280
116.230.110.80 - - [01/Jun/2021:06:57:17 +0800] "GET /xingrg/all/function/internal_message.html?_=1622501835895&CODE_STATE=getMsg HTTP/1.1" 200 27
222.70.177.128 - - [01/Jun/2021:06:57:17 +0800] "GET /xingrg/all/function/internal_message.html?_=1622501835946&CODE_STATE=getMsg HTTP/1.1" 200 27
120.253.135.82 - - [01/Jun/2021:06:57:21 +0800] "POST /xingrg/kc/pszx/mdps_list_operate.html HTTP/1.1" 200 4942
120.253.135.82 - - [01/Jun/2021:06:57:22 +0800] "POST /xingrg/kc/pszx/mdps_list_operate.html HTTP/1.1" 200 449
120.253.135.82 - - [01/Jun/2021:06:57:23 +0800] "GET /xingrg/kc/pszx/mdps_order_info.html?code=312021060100015 HTTP/1.1" 200 23925
120.253.135.82 - - [01/Jun/2021:06:57:23 +0800] "POST /xingrg/kc/pszx/mdps_order_operate.html HTTP/1.1" 200 3808
120.253.135.82 - - [01/Jun/2021:06:57:23 +0800] "GET /xingrg/javascript/easyui/themes/default/validatebox.css HTTP/1.1" 404 1104
117.184.7.26 - - [01/Jun/2021:06:57:25 +0800] "GET /xingrg/all/function/internal_message.html?_=1622501844345&CODE_STATE=getMsg HTTP/1.1" 302 -
120.253.135.82 - - [01/Jun/2021:06:57:26 +0800] "POST /xingrg/kc/pszx/mdps_list_operate.html HTTP/1.1" 200 4942
120.253.135.82 - - [01/Jun/2021:06:57:27 +0800] "POST /xingrg/kc/pszx/mdps_list_operate.html HTTP/1.1" 200 508
120.253.135.82 - - [01/Jun/2021:06:57:28 +0800] "GET /xingrg/kc/pszx/mdps_order_info.html?code=312021060100014 HTTP/1.1" 200 23925
120.253.135.82 - - [01/Jun/2021:06:57:29 +0800] "POST /xingrg/kc/pszx/mdps_order_operate.html HTTP/1.1" 200 4241
120.253.135.82 - - [01/Jun/2021:06:57:29 +0800] "GET /xingrg/javascript/easyui/themes/default/validatebox.css HTTP/1.1" 404 1104
116.224.253.72 - - [01/Jun/2021:06:57:31 +0800] "GET /xingrg/all/function/internal_message.html?_=1622501851080&CODE_STATE=getMsg HTTP/1.1" 200 27
120.253.135.82 - - [01/Jun/2021:06:57:34 +0800] "POST /xingrg/kc/pszx/mdps_list_operate.html HTTP/1.1" 200 4942
120.253.135.82 - - [01/Jun/2021:06:57:36 +0800] "POST /xingrg/kc/pszx/mdps_list_operate.html HTTP/1.1" 200 204
116.230.114.112 - - [01/Jun/2021:06:57:36 +0800] "GET /xingrg/all/function/internal_message.html?_=1622501861610&CODE_STATE=getMsg HTTP/1.1" 200 27
120.253.135.82 - - [01/Jun/2021:06:57:36 +0800] "GET /xingrg/kc/pszx/mdps_order_info.html?code=312021053000785 HTTP/1.1" 200 23925
120.253.135.82 - - [01/Jun/2021:06:57:37 +0800] "GET /xingrg/javascript/easyui/themes/default/validatebox.css HTTP/1.1" 404 1104
120.253.135.82 - - [01/Jun/2021:06:57:37 +0800] "POST /xingrg/kc/pszx/mdps_order_operate.html HTTP/1.1" 200 2280
120.253.135.82 - - [01/Jun/2021:06:57:38 +0800] "POST /xingrg/kc/pszx/mdps_list_operate.html HTTP/1.1" 200 4942
58.37.225.51 - - [01/Jun/2021:06:57:39 +0800] "GET /xingrg/all/function/internal_message.html?_=1622501864266&CODE_STATE=getMsg HTTP/1.1" 200 27
120.253.135.82 - - [01/Jun/2021:06:57:43 +0800] "GET /xingrg/kc/pszx/mdqp_order_list.html?state=10 HTTP/1.1" 200 13487
120.253.135.82 - - [01/Jun/2021:06:57:43 +0800] "GET /xingrg/javascript/jquery_easy_ui/themes/icon.css HTTP/1.1" 200 3949
120.253.135.82 - - [01/Jun/2021:06:57:43 +0800] "GET /xingrg/css/blue.css HTTP/1.1" 200 15949
120.253.135.82 - - [01/Jun/2021:06:57:43 +0800] "GET /xingrg/dwr/interface/AjaxReportQueryService.js HTTP/1.1" 200 13203
120.253.135.82 - - [01/Jun/2021:06:57:43 +0800] "GET /xingrg/dwr/interface/AjaxQqpsService.js HTTP/1.1" 200 16326
120.253.135.82 - - [01/Jun/2021:06:57:43 +0800] "GET /xingrg/javascript/Calendar.js HTTP/1.1" 200 31561
120.253.135.82 - - [01/Jun/2021:06:57:43 +0800] "GET /xingrg/dwr/util.js HTTP/1.1" 200 35990
120.253.135.82 - - [01/Jun/2021:06:57:43 +0800] "GET /xingrg/javascript/jquery_easy_ui/themes/default/easyui.css HTTP/1.1" 200 26500
120.253.135.82 - - [01/Jun/2021:06:57:43 +0800] "GET /xingrg/dwr/engine.js HTTP/1.1" 200 43631
120.253.135.82 - - [01/Jun/2021:06:57:43 +0800] "GET /xingrg/javascript/jquery_easy_ui/themes/icons/check_new.png HTTP/1.1" 200 3224
120.253.135.82 - - [01/Jun/2021:06:57:43 +0800] "GET /xingrg/javascript/jquery_easy_ui/themes/icons/back_new.png HTTP/1.1" 200 3414
120.253.135.82 - - [01/Jun/2021:06:57:43 +0800] "GET /xingrg/javascript/jquery_easy_ui/themes/icons/uncheck_new.png HTTP/1.1" 200 3197
120.253.135.82 - - [01/Jun/2021:06:57:48 +0800] "GET /xingrg/kc/pszx/jzcl_ps.html HTTP/1.1" 200 7683
120.253.135.82 - - [01/Jun/2021:06:57:48 +0800] "GET /xingrg/css/table.css HTTP/1.1" 200 3684
120.253.135.82 - - [01/Jun/2021:06:57:48 +0800] "GET /xingrg/javascript/step/step.css HTTP/1.1" 200 999
120.253.135.82 - - [01/Jun/2021:06:57:48 +0800] "GET /xingrg/javascript/jquery-1.4.2.min.js HTTP/1.1" 200 72205
120.253.135.82 - - [01/Jun/2021:06:57:48 +0800] "GET /xingrg/javascript/jquery_easy_ui/easyui-lang-zh_CN.js HTTP/1.1" 200 1900
120.253.135.82 - - [01/Jun/2021:06:57:49 +0800] "GET /xingrg/javascript/tools/jquery.qtip-1.0.0-rc3.min.js HTTP/1.1" 200 38404
120.253.135.82 - - [01/Jun/2021:06:57:49 +0800] "GET /xingrg/javascript/step/images/navCurrentBtn.gif HTTP/1.1" 200 557
120.253.135.82 - - [01/Jun/2021:06:57:49 +0800] "GET /xingrg/javascript/jquery_easy_ui/themes/default/images/button_a_bg.gif HTTP/1.1" 200 1194
120.253.135.82 - - [01/Jun/2021:06:57:49 +0800] "GET /xingrg/javascript/jquery_easy_ui/themes/default/images/button_span_bg.gif HTTP/1.1" 200 2061
120.253.135.82 - - [01/Jun/2021:06:57:49 +0800] "GET /xingrg/javascript/jquery_easy_ui/themes/default/images/combo_arrow_dot.gif HTTP/1.1" 200 79
120.253.135.82 - - [01/Jun/2021:06:57:49 +0800] "POST /xingrg/all/common/load_tree.html?tree=area_rest_tree_json HTTP/1.1" 200 3466
120.253.135.82 - - [01/Jun/2021:06:57:49 +0800] "GET /xingrg/javascript/jquery_easy_ui/themes/default/images/calendar_prevmonth.gif HTTP/1.1" 200 66
120.253.135.82 - - [01/Jun/2021:06:57:49 +0800] "GET /xingrg/javascript/jquery_easy_ui/themes/default/images/calendar_prevyear.gif HTTP/1.1" 200 76
120.253.135.82 - - [01/Jun/2021:06:57:49 +0800] "GET /xingrg/javascript/jquery_easy_ui/themes/default/images/calendar_nextyear.gif HTTP/1.1" 200 75
120.253.135.82 - - [01/Jun/2021:06:57:49 +0800] "GET /xingrg/javascript/jquery_easy_ui/themes/default/images/calendar_nextmonth.gif HTTP/1.1" 200 64
120.253.135.82 - - [01/Jun/2021:06:57:49 +0800] "GET /xingrg/images/control/ajaxLoader.gif HTTP/1.1" 200 4659
120.253.135.82 - - [01/Jun/2021:06:57:49 +0800] "GET /xingrg/javascript/jquery_easy_ui/themes/default/images/datagrid_header_bg.gif HTTP/1.1" 200 97
120.253.135.82 - - [01/Jun/2021:06:57:49 +0800] "GET /xingrg/javascript/jquery_easy_ui/themes/default/images/pagination_loading.gif HTTP/1.1" 200 1737
120.253.135.82 - - [01/Jun/2021:06:57:49 +0800] "GET /xingrg/javascript/jquery_easy_ui/themes/default/images/tree_checkbox_0.gif HTTP/1.1" 200 168
120.253.135.82 - - [01/Jun/2021:06:57:49 +0800] "POST /xingrg/kc/pszx/jzcl_ps_operate.html HTTP/1.1" 200 3425
120.253.135.82 - - [01/Jun/2021:06:57:49 +0800] "POST /xingrg/kc/pszx/jzcl_ps_operate.html HTTP/1.1" 200 3425
120.253.135.82 - - [01/Jun/2021:06:57:50 +0800] "GET /xingrg/javascript/jquery_easy_ui/themes/icons/rest.png HTTP/1.1" 200 695
116.233.72.146 - - [01/Jun/2021:06:57:56 +0800] "GET /xingrg/all/function/internal_message.html?_=1622501938296&CODE_STATE=getMsg HTTP/1.1" 302 -
120.253.135.82 - - [01/Jun/2021:06:58:04 +0800] "POST /xingrg/kc/pszx/jzcl_ps_operate.html HTTP/1.1" 200 4
120.253.135.82 - - [01/Jun/2021:06:58:04 +0800] "GET /xingrg/javascript/step/images/navLastDoneBtn.gif HTTP/1.1" 200 552
120.253.135.82 - - [01/Jun/2021:06:58:04 +0800] "GET /xingrg/javascript/step/images/navBtn.gif HTTP/1.1" 200 361
120.253.135.82 - - [01/Jun/2021:06:58:04 +0800] "GET /xingrg/javascript/step/images/navDoneBtn.gif HTTP/1.1" 200 394
120.253.135.82 - - [01/Jun/2021:06:58:05 +0800] "GET /xingrg/kc/pszx/mdps_order_list.html HTTP/1.1" 200 20838
120.253.135.82 - - [01/Jun/2021:06:58:05 +0800] "GET /xingrg/javascript/jquery_tools/fix.css HTTP/1.1" 200 1702
120.253.135.82 - - [01/Jun/2021:06:58:05 +0800] "GET /xingrg/javascript/jquery_tools/list_manager.js HTTP/1.1" 200 3652
120.253.135.82 - - [01/Jun/2021:06:58:05 +0800] "GET /xingrg/javascript/jquery.cookie.js HTTP/1.1" 200 5513
120.253.135.82 - - [01/Jun/2021:06:58:05 +0800] "GET /xingrg/javascript/jquery_tools/table.css HTTP/1.1" 200 1032
120.253.135.82 - - [01/Jun/2021:06:58:05 +0800] "GET /xingrg/javascript/jquery_tools/jquery.tools.table.js HTTP/1.1" 200 6994
120.253.135.82 - - [01/Jun/2021:06:58:06 +0800] "GET /xingrg/javascript/easyui/themes/icons/edit_add_new.png HTTP/1.1" 200 2997
120.253.135.82 - - [01/Jun/2021:06:58:06 +0800] "GET /xingrg/javascript/easyui/themes/icons/check_new.png HTTP/1.1" 200 3224
120.253.135.82 - - [01/Jun/2021:06:58:06 +0800] "GET /xingrg/javascript/easyui/themes/icons/uncheck_new.png HTTP/1.1" 200 3197
120.253.135.82 - - [01/Jun/2021:06:58:06 +0800] "GET /xingrg/javascript/easyui/themes/icons/import_new.png HTTP/1.1" 200 1247
120.253.135.82 - - [01/Jun/2021:06:58:06 +0800] "GET /xingrg/javascript/easyui/themes/icons/cance_new.png HTTP/1.1" 200 3986
120.253.135.82 - - [01/Jun/2021:06:58:06 +0800] "GET /xingrg/javascript/easyui/themes/icons/field_new.png HTTP/1.1" 200 1097
120.253.135.82 - - [01/Jun/2021:06:58:06 +0800] "POST /xingrg/kc/pszx/mdps_list_operate.html HTTP/1.1" 200 5593
120.253.135.82 - - [01/Jun/2021:06:58:07 +0800] "GET /xingrg/all/function/internal_message.html?_=1622501671337&CODE_STATE=getMsg HTTP/1.1" 200 27
180.169.147.146 - - [01/Jun/2021:06:58:12 +0800] "GET /xingrg/all/function/internal_message.html?_=1622501891368&CODE_STATE=getMsg HTTP/1.1" 200 27
116.230.110.80 - - [01/Jun/2021:06:58:17 +0800] "GET /xingrg/all/function/internal_message.html?_=1622501895887&CODE_STATE=getMsg HTTP/1.1" 200 27
222.70.177.128 - - [01/Jun/2021:06:58:17 +0800] "GET /xingrg/all/function/internal_message.html?_=1622501895948&CODE_STATE=getMsg HTTP/1.1" 200 27
120.253.135.82 - - [01/Jun/2021:06:58:20 +0800] "POST /xingrg/kc/pszx/mdps_list_operate.html HTTP/1.1" 200 3181
120.253.135.82 - - [01/Jun/2021:06:58:21 +0800] "POST /xingrg/kc/pszx/mdps_list_operate.html HTTP/1.1" 200 204
120.253.135.82 - - [01/Jun/2021:06:58:23 +0800] "GET /xingrg/kc/pszx/mdps_order_info.html?code=312021053000788 HTTP/1.1" 200 23931
120.253.135.82 - - [01/Jun/2021:06:58:23 +0800] "POST /xingrg/kc/pszx/mdps_order_operate.html HTTP/1.1" 200 2280
120.253.135.82 - - [01/Jun/2021:06:58:24 +0800] "GET /xingrg/javascript/easyui/themes/default/validatebox.css HTTP/1.1" 404 1104
117.184.7.26 - - [01/Jun/2021:06:58:25 +0800] "GET /xingrg/all/function/internal_message.html?_=1622501904355&CODE_STATE=getMsg HTTP/1.1" 302 -
117.184.7.26 - - [01/Jun/2021:06:58:25 +0800] "GET /xingrg/check_reg.html?_=1622501904358 HTTP/1.1" 302 -
120.253.135.82 - - [01/Jun/2021:06:58:26 +0800] "POST /xingrg/kc/pszx/mdps_list_operate.html HTTP/1.1" 200 619
120.253.135.82 - - [01/Jun/2021:06:58:27 +0800] "GET /xingrg/kc/pszx/mdps_order_info.html?code=312021060100023 HTTP/1.1" 200 23931
120.253.135.82 - - [01/Jun/2021:06:58:27 +0800] "GET /xingrg/javascript/easyui/themes/default/validatebox.css HTTP/1.1" 404 1104
120.253.135.82 - - [01/Jun/2021:06:58:27 +0800] "POST /xingrg/kc/pszx/mdps_order_operate.html HTTP/1.1" 200 6265
120.253.135.82 - - [01/Jun/2021:06:58:30 +0800] "POST /xingrg/kc/pszx/mdps_order_operate.html HTTP/1.1" 200 37
120.253.135.82 - - [01/Jun/2021:06:58:31 +0800] "GET /xingrg/kc/pszx/mdps_order_info.html?code=312021060100023 HTTP/1.1" 200 23931
116.224.253.72 - - [01/Jun/2021:06:58:31 +0800] "GET /xingrg/all/function/internal_message.html?_=1622501911080&CODE_STATE=getMsg HTTP/1.1" 200 27
120.253.135.82 - - [01/Jun/2021:06:58:31 +0800] "GET /xingrg/javascript/easyui/themes/default/validatebox.css HTTP/1.1" 404 1104
120.253.135.82 - - [01/Jun/2021:06:58:31 +0800] "POST /xingrg/kc/pszx/mdps_order_operate.html HTTP/1.1" 200 6328
116.230.110.80 - - [01/Jun/2021:06:58:34 +0800] "GET /xingrg/check_reg.html?_=1622501913391 HTTP/1.1" 200 22
120.253.135.82 - - [01/Jun/2021:06:58:34 +0800] "POST /xingrg/all/common/load_combo.html?type=base HTTP/1.1" 200 1075
116.230.114.112 - - [01/Jun/2021:06:58:36 +0800] "GET /xingrg/all/function/internal_message.html?_=1622501921671&CODE_STATE=getMsg HTTP/1.1" 200 27
120.253.135.82 - - [01/Jun/2021:06:58:38 +0800] "POST /xingrg/kc/pszx/mdps_order_operate.html HTTP/1.1" 200 37
120.253.135.82 - - [01/Jun/2021:06:58:39 +0800] "GET /xingrg/kc/pszx/mdps_order_info.html?code=312021060100023 HTTP/1.1" 200 23931
120.253.135.82 - - [01/Jun/2021:06:58:39 +0800] "GET /xingrg/javascript/easyui/themes/default/validatebox.css HTTP/1.1" 404 1104
120.253.135.82 - - [01/Jun/2021:06:58:39 +0800] "POST /xingrg/kc/pszx/mdps_order_operate.html HTTP/1.1" 200 6336
58.37.225.51 - - [01/Jun/2021:06:58:39 +0800] "GET /xingrg/all/function/internal_message.html?_=1622501924265&CODE_STATE=getMsg HTTP/1.1" 200 27
116.233.72.146 - - [01/Jun/2021:06:58:56 +0800] "GET /xingrg/check_reg.html?_=1622501998234 HTTP/1.1" 302 -
116.233.72.146 - - [01/Jun/2021:06:58:56 +0800] "GET /xingrg/all/function/internal_message.html?_=1622501998296&CODE_STATE=getMsg HTTP/1.1" 302 -
120.253.135.82 - - [01/Jun/2021:06:58:57 +0800] "GET /xingrg/kc/pszx/mdps_order_operate.html?command=get_materiel&pszx_code=00101&rest_code=00146&base_code=0010250&code=00102002564 HTTP/1.1" 200 443
