116.224.253.72 - - [01/Jun/2021:09:19:49 +0800] "GET /xingrg/kc/buy/cgsh_order_operate.html?command=get_materiel&rest_code=00150&code=00101007125&supplier_code=00100096&order_time=2021-06-01 HTTP/1.1" 200 408
222.70.177.128 - - [01/Jun/2021:09:19:49 +0800] "POST /xingrg/dwr/call/plaincall/AjaxCheckService.setItemNumber.dwr HTTP/1.1" 200 77
116.224.253.72 - - [01/Jun/2021:09:19:49 +0800] "GET /xingrg/all/function/internal_message.html?_=1622510396670&CODE_STATE=getMsg HTTP/1.1" 200 27
116.224.253.72 - - [01/Jun/2021:09:19:50 +0800] "GET /xingrg/all/function/internal_message.html?_=1622510390212&CODE_STATE=getMsg HTTP/1.1" 200 27
222.70.177.128 - - [01/Jun/2021:09:19:51 +0800] "GET /xingrg/all/function/internal_message.html?_=1622510389410&CODE_STATE=getMsg HTTP/1.1" 200 27
222.69.131.183 - - [01/Jun/2021:09:19:52 +0800] "GET /xingrg/all/function/internal_message.html?_=1622510391317&CODE_STATE=getMsg HTTP/1.1" 200 27
116.232.49.92 - - [01/Jun/2021:09:19:52 +0800] "GET /xingrg/kc/buy/cgsh_order_operate.html?command=get_materiel&rest_code=00109&code=00101008005&supplier_code=00100005&order_time=2021-06-01 HTTP/1.1" 200 412
116.235.222.38 - - [01/Jun/2021:09:19:52 +0800] "GET /xingrg/kc/buy/cgsh_order_operate.html?command=get_materiel&rest_code=00107&code=00101006109&supplier_code=00100010&order_time=2021-06-01 HTTP/1.1" 200 409
222.70.177.128 - - [01/Jun/2021:09:19:53 +0800] "POST /xingrg/dwr/call/plaincall/AjaxCheckService.setItemNumber.dwr HTTP/1.1" 200 77
222.70.177.128 - - [01/Jun/2021:09:19:54 +0800] "POST /xingrg/dwr/call/plaincall/AjaxCheckService.setItemNumber.dwr HTTP/1.1" 200 77
61.165.42.208 - - [01/Jun/2021:09:19:54 +0800] "GET /xingrg/kc/buy/cgsh_order_operate.html?command=get_materiel&rest_code=00105&code=00101008248&supplier_code=00100203&order_time=2021-06-01 HTTP/1.1" 200 412
58.37.225.51 - - [01/Jun/2021:09:19:55 +0800] "GET /xingrg/check_reg.html?_=1622510341430 HTTP/1.1" 302 -
116.232.49.92 - - [01/Jun/2021:09:19:55 +0800] "GET /xingrg/all/function/internal_message.html?_=1622510395886&CODE_STATE=getMsg HTTP/1.1" 200 27
222.70.177.128 - - [01/Jun/2021:09:19:56 +0800] "POST /xingrg/dwr/call/plaincall/AjaxCheckService.setItemNumber.dwr HTTP/1.1" 200 77
116.232.49.92 - - [01/Jun/2021:09:19:56 +0800] "GET /xingrg/all/function/internal_message.html?_=1622510458312&CODE_STATE=getMsg HTTP/1.1" 302 -
116.224.253.72 - - [01/Jun/2021:09:19:57 +0800] "GET /xingrg/kc/buy/cgsh_order_operate.html?command=get_materiel&rest_code=00151&code=00101008244&supplier_code=00100007&order_time=2021-06-01 HTTP/1.1" 200 408
61.165.42.208 - - [01/Jun/2021:09:19:57 +0800] "GET /xingrg/all/function/internal_message.html?_=1622510398158&CODE_STATE=getMsg HTTP/1.1" 200 27
222.70.177.128 - - [01/Jun/2021:09:19:58 +0800] "POST /xingrg/dwr/call/plaincall/AjaxCheckService.setItemNumber.dwr HTTP/1.1" 200 77
116.232.49.92 - - [01/Jun/2021:09:19:58 +0800] "GET /xingrg/kc/buy/cgsh_order_operate.html?command=get_materiel&rest_code=00109&code=00101008213&supplier_code=00100005&order_time=2021-06-01 HTTP/1.1" 200 412
222.70.177.128 - - [01/Jun/2021:09:19:59 +0800] "POST /xingrg/dwr/call/plaincall/AjaxCheckService.setItemNumber.dwr HTTP/1.1" 200 77
61.165.42.208 - - [01/Jun/2021:09:20:01 +0800] "GET /xingrg/kc/buy/cgsh_order_operate.html?command=get_materiel&rest_code=00105&code=00101008072&supplier_code=00100203&order_time=2021-06-01 HTTP/1.1" 200 408
222.70.177.128 - - [01/Jun/2021:09:20:01 +0800] "POST /xingrg/dwr/call/plaincall/AjaxCheckService.setItemNumber.dwr HTTP/1.1" 200 77
222.69.131.183 - - [01/Jun/2021:09:20:02 +0800] "GET /xingrg/all/report/report_query.html?isQuery=1&fileName=dma/new_5.0/menu/menu_hz.xml&queryString=(a.sale_day%2520between%252020210501%2520and%252020210531)%2520and%2520(a.sid%2520in%2520(15))%2520and%2520(a.tj_code%253D25)&queryText=%25E3%2580%2590%25E8%2590%25A5%25E4%25B8%259A%25E6%2597%25A5%25E6%259C%259F%253A2021-05-01%2520%25E8%2587%25B3%25202021-05-31%25E3%2580%2591%2520%25E5%25B9%25B6%25E4%25B8%2594%2520%2520%25E3%2580%2590%25E9%2597%25A8%25E5%25BA%2597%25E5%2590%258D%25E7%25A7%25B0%2520%253D%2520%25E5%2585%25A8%25E9%2583%25A8%25E9%2597%25A8%25E5%25BA%2597%252C%25E6%25A6%2595%25E6%25B8%25AF%25E9%259B%2586%25E5%259B%25A2%252C%25E8%258A%25B1%25E5%259B%25AD%25E9%2585%2592%25E5%25BA%2597%25E9%259D%2592%25E6%25B5%25A6%25E5%25BA%2597%25E3%2580%2591%2520%25E5%25B9%25B6%25E4%25B8%2594%2520%25E3%2580%2590%25E7%25BB%259F%25E8%25AE%25A1%25E7%25B1%25BB%25E5%2588%25AB%2520%253D%2520%25E5%25A4%2596%25E5%258C%2585%25E8%25B1%2586%25E5%2588%25B6%25E5%2593%2581%25E3%2580%2591 HTTP/1.1" 200 54164
222.69.131.183 - - [01/Jun/2021:09:20:02 +0800] "GET /xingrg/dwr/engine.js HTTP/1.1" 200 43631
222.69.131.183 - - [01/Jun/2021:09:20:02 +0800] "GET /favicon.ico HTTP/1.1" 404 -
116.232.49.92 - - [01/Jun/2021:09:20:02 +0800] "GET /xingrg/kc/buy/cgsh_order_operate.html?command=get_materiel&rest_code=00109&code=00101008298&supplier_code=00100005&order_time=2021-06-01 HTTP/1.1" 200 412
222.69.131.183 - - [01/Jun/2021:09:20:03 +0800] "POST /xingrg/all/report/load_report_page.html HTTP/1.1" 200 36083
222.69.131.183 - - [01/Jun/2021:09:20:03 +0800] "GET /xingrg/servlets/image?cache=0.881640669957181&image=px HTTP/1.1" 200 807
116.224.253.72 - - [01/Jun/2021:09:20:03 +0800] "GET /xingrg/kc/buy/cgsh_order_operate.html?command=get_materiel&rest_code=00150&code=00101007012&supplier_code=00100096&order_time=2021-06-01 HTTP/1.1" 200 410
222.70.177.128 - - [01/Jun/2021:09:20:03 +0800] "POST /xingrg/dwr/call/plaincall/AjaxCheckService.setItemNumber.dwr HTTP/1.1" 200 77
116.235.222.38 - - [01/Jun/2021:09:20:04 +0800] "GET /xingrg/check_reg.html?_=1622510401365 HTTP/1.1" 200 22
116.224.253.72 - - [01/Jun/2021:09:20:04 +0800] "GET /xingrg/kc/buy/cgsh_order_operate.html?command=get_materiel&rest_code=00151&code=00101012051&supplier_code=00100007&order_time=2021-06-01 HTTP/1.1" 200 408
222.70.177.128 - - [01/Jun/2021:09:20:05 +0800] "POST /xingrg/dwr/call/plaincall/AjaxCheckService.setItemNumber.dwr HTTP/1.1" 200 77
222.70.177.128 - - [01/Jun/2021:09:20:06 +0800] "POST /xingrg/dwr/call/plaincall/AjaxCheckService.setItemNumber.dwr HTTP/1.1" 200 77
61.165.42.208 - - [01/Jun/2021:09:20:08 +0800] "GET /xingrg/kc/buy/cgsh_order_operate.html?command=get_materiel&rest_code=00105&code=00101008331&supplier_code=00100203&order_time=2021-06-01 HTTP/1.1" 200 416
222.70.177.128 - - [01/Jun/2021:09:20:08 +0800] "POST /xingrg/dwr/call/plaincall/AjaxCheckService.setItemNumber.dwr HTTP/1.1" 200 77
222.69.131.183 - - [01/Jun/2021:09:20:08 +0800] "POST /xingrg/all/report/report_print.html HTTP/1.1" 200 6144
116.232.49.92 - - [01/Jun/2021:09:20:08 +0800] "GET /xingrg/kc/buy/cgsh_order_operate.html?command=get_materiel&rest_code=00109&code=00101008331&supplier_code=00100005&order_time=2021-06-01 HTTP/1.1" 200 416
58.37.225.51 - - [01/Jun/2021:09:20:09 +0800] "GET /xingrg/all/function/internal_message.html?_=1622510414300&CODE_STATE=getMsg HTTP/1.1" 200 27
61.129.6.145 - - [01/Jun/2021:09:20:09 +0800] "GET /xingrg/check_reg.html?_=1622510354308 HTTP/1.1" 302 -
222.70.177.128 - - [01/Jun/2021:09:20:09 +0800] "POST /xingrg/dwr/call/plaincall/AjaxCheckService.setItemNumber.dwr HTTP/1.1" 200 77
61.129.6.145 - - [01/Jun/2021:09:20:10 +0800] "GET /xingrg/login.html HTTP/1.1" 200 7641
222.70.177.128 - - [01/Jun/2021:09:20:11 +0800] "POST /xingrg/dwr/call/plaincall/AjaxCheckService.setItemNumber.dwr HTTP/1.1" 200 77
116.235.222.38 - - [01/Jun/2021:09:20:11 +0800] "GET /xingrg/all/function/internal_message.html?_=1622510409010&CODE_STATE=getMsg HTTP/1.1" 200 27
222.70.177.128 - - [01/Jun/2021:09:20:12 +0800] "POST /xingrg/dwr/call/plaincall/AjaxCheckService.setItemNumber.dwr HTTP/1.1" 200 77
180.169.147.146 - - [01/Jun/2021:09:20:13 +0800] "GET /xingrg/all/function/internal_message.html?_=1622510411929&CODE_STATE=getMsg HTTP/1.1" 200 27
222.70.177.128 - - [01/Jun/2021:09:20:13 +0800] "POST /xingrg/dwr/call/plaincall/AjaxCheckService.setItemNumber.dwr HTTP/1.1" 200 77
116.232.49.92 - - [01/Jun/2021:09:20:14 +0800] "GET /xingrg/kc/buy/cgsh_order_operate.html?command=get_materiel&rest_code=00109&code=00101008256&supplier_code=00100005&order_time=2021-06-01 HTTP/1.1" 200 412
180.169.147.146 - - [01/Jun/2021:09:20:14 +0800] "GET /xingrg/all/function/internal_message.html?_=1622510415274&CODE_STATE=getMsg HTTP/1.1" 200 27
116.224.253.72 - - [01/Jun/2021:09:20:14 +0800] "GET /xingrg/kc/buy/cgsh_order_operate.html?command=get_materiel&rest_code=00150&code=00101007081&supplier_code=00100096&order_time=2021-06-01 HTTP/1.1" 200 413
116.230.110.80 - - [01/Jun/2021:09:20:14 +0800] "GET /xingrg/all/function/internal_message.html?_=1622510413574&CODE_STATE=getMsg HTTP/1.1" 200 27
117.185.32.26 - - [01/Jun/2021:09:20:15 +0800] "GET /xingrg/all/function/internal_message.html?_=1622510415044&CODE_STATE=getMsg HTTP/1.1" 200 27
117.185.32.26 - - [01/Jun/2021:09:20:15 +0800] "GET /xingrg/check_reg.html?_=1622510415041 HTTP/1.1" 200 22
222.70.177.128 - - [01/Jun/2021:09:20:15 +0800] "POST /xingrg/dwr/call/plaincall/AjaxCheckService.setItemNumber.dwr HTTP/1.1" 200 77
61.165.42.208 - - [01/Jun/2021:09:20:15 +0800] "GET /xingrg/kc/buy/cgsh_order_operate.html?command=get_materiel&rest_code=00105&code=00101008199&supplier_code=00100203&order_time=2021-06-01 HTTP/1.1" 200 408
222.70.177.128 - - [01/Jun/2021:09:20:16 +0800] "POST /xingrg/dwr/call/plaincall/AjaxCheckService.setItemNumber.dwr HTTP/1.1" 200 77
222.70.177.128 - - [01/Jun/2021:09:20:18 +0800] "POST /xingrg/dwr/call/plaincall/AjaxCheckService.setItemNumber.dwr HTTP/1.1" 200 77
116.235.222.38 - - [01/Jun/2021:09:20:18 +0800] "GET /xingrg/kc/buy/cgsh_order_operate.html?command=get_materiel&rest_code=00107&code=00101006129&supplier_code=00100010&order_time=2021-06-01 HTTP/1.1" 200 431
222.70.177.128 - - [01/Jun/2021:09:20:19 +0800] "POST /xingrg/dwr/call/plaincall/AjaxCheckService.setItemNumber.dwr HTTP/1.1" 200 77
116.232.49.92 - - [01/Jun/2021:09:20:19 +0800] "GET /xingrg/kc/buy/cgsh_order_operate.html?command=get_materiel&rest_code=00109&code=00101008155&supplier_code=00100005&order_time=2021-06-01 HTTP/1.1" 200 408
222.69.131.183 - - [01/Jun/2021:09:20:20 +0800] "GET /xingrg/all/function/internal_message.html?_=1622510417003&CODE_STATE=getMsg HTTP/1.1" 200 27
222.70.177.128 - - [01/Jun/2021:09:20:21 +0800] "POST /xingrg/dwr/call/plaincall/AjaxCheckService.setItemNumber.dwr HTTP/1.1" 200 77
222.70.177.128 - - [01/Jun/2021:09:20:23 +0800] "POST /xingrg/dwr/call/plaincall/AjaxCheckService.setItemNumber.dwr HTTP/1.1" 200 77
222.70.177.128 - - [01/Jun/2021:09:20:24 +0800] "POST /xingrg/dwr/call/plaincall/AjaxCheckService.setItemNumber.dwr HTTP/1.1" 200 77
222.70.177.128 - - [01/Jun/2021:09:20:26 +0800] "POST /xingrg/dwr/call/plaincall/AjaxCheckService.setItemNumber.dwr HTTP/1.1" 200 77
61.165.42.208 - - [01/Jun/2021:09:20:26 +0800] "GET /xingrg/kc/buy/cgsh_order_operate.html?command=get_materiel&rest_code=00105&code=00101008333&supplier_code=00100203&order_time=2021-06-01 HTTP/1.1" 200 412
116.224.253.72 - - [01/Jun/2021:09:20:26 +0800] "POST /xingrg/kc/buy/cgsh_order_operate.html HTTP/1.1" 200 37
116.232.49.92 - - [01/Jun/2021:09:20:26 +0800] "GET /xingrg/javascript/auto/indicator.gif HTTP/1.1" 404 1066
116.232.49.92 - - [01/Jun/2021:09:20:27 +0800] "GET /xingrg/kc/buy/cgsh_order_operate.html?command=get_materiel&rest_code=00109&code=00101008354&supplier_code=00100005&order_time=2021-06-01 HTTP/1.1" 200 412
222.70.177.128 - - [01/Jun/2021:09:20:27 +0800] "POST /xingrg/dwr/call/plaincall/AjaxCheckService.setItemNumber.dwr HTTP/1.1" 200 77
116.224.253.72 - - [01/Jun/2021:09:20:28 +0800] "POST /xingrg/kc/buy/cgsh_order_operate.html HTTP/1.1" 200 20005
222.70.177.128 - - [01/Jun/2021:09:20:29 +0800] "POST /xingrg/dwr/call/plaincall/AjaxCheckService.setItemNumber.dwr HTTP/1.1" 200 77
222.70.177.128 - - [01/Jun/2021:09:20:31 +0800] "POST /xingrg/dwr/call/plaincall/AjaxCheckService.setItemNumber.dwr HTTP/1.1" 200 77
222.70.177.128 - - [01/Jun/2021:09:20:32 +0800] "POST /xingrg/dwr/call/plaincall/AjaxCheckService.setItemNumber.dwr HTTP/1.1" 200 77
222.70.177.128 - - [01/Jun/2021:09:20:33 +0800] "POST /xingrg/dwr/call/plaincall/AjaxCheckService.setItemNumber.dwr HTTP/1.1" 200 77
222.70.177.128 - - [01/Jun/2021:09:20:35 +0800] "POST /xingrg/dwr/call/plaincall/AjaxCheckService.setItemNumber.dwr HTTP/1.1" 200 77
61.165.42.208 - - [01/Jun/2021:09:20:35 +0800] "GET /xingrg/kc/buy/cgsh_order_operate.html?command=get_materiel&rest_code=00105&code=00101008126&supplier_code=00100203&order_time=2021-06-01 HTTP/1.1" 200 412
222.70.177.128 - - [01/Jun/2021:09:20:36 +0800] "POST /xingrg/dwr/call/plaincall/AjaxCheckService.setItemNumber.dwr HTTP/1.1" 200 77
222.70.177.128 - - [01/Jun/2021:09:20:37 +0800] "POST /xingrg/dwr/call/plaincall/AjaxCheckService.setItemNumber.dwr HTTP/1.1" 200 77
222.70.177.128 - - [01/Jun/2021:09:20:39 +0800] "POST /xingrg/dwr/call/plaincall/AjaxCheckService.setItemNumber.dwr HTTP/1.1" 200 77
116.224.253.72 - - [01/Jun/2021:09:20:40 +0800] "GET /xingrg/kc/buy/cgsh_order_operate.html?command=get_materiel&rest_code=00151&code=00101015038&supplier_code=00100007&order_time=2021-06-01 HTTP/1.1" 200 419
61.165.42.208 - - [01/Jun/2021:09:20:41 +0800] "GET /xingrg/kc/buy/cgsh_order_operate.html?command=get_materiel&rest_code=00105&code=00101008087&supplier_code=00100203&order_time=2021-06-01 HTTP/1.1" 200 412
222.70.177.128 - - [01/Jun/2021:09:20:41 +0800] "POST /xingrg/dwr/call/plaincall/AjaxCheckService.setItemNumber.dwr HTTP/1.1" 200 77
222.70.177.128 - - [01/Jun/2021:09:20:43 +0800] "POST /xingrg/dwr/call/plaincall/AjaxCheckService.setItemNumber.dwr HTTP/1.1" 200 77
116.230.114.112 - - [01/Jun/2021:09:20:44 +0800] "GET /xingrg/all/function/internal_message.html?_=1622510449847&CODE_STATE=getMsg HTTP/1.1" 200 27
116.232.49.92 - - [01/Jun/2021:09:20:44 +0800] "GET /xingrg/kc/buy/cgsh_order_operate.html?command=get_materiel&rest_code=00109&code=00101008577&supplier_code=00100005&order_time=2021-06-01 HTTP/1.1" 200 394
116.224.253.72 - - [01/Jun/2021:09:20:44 +0800] "GET /xingrg/kc/buy/cgsh_order_operate.html?command=get_materiel&rest_code=00150&code=00101007071&supplier_code=00100096&order_time=2021-06-01 HTTP/1.1" 200 419
222.70.177.128 - - [01/Jun/2021:09:20:45 +0800] "POST /xingrg/dwr/call/plaincall/AjaxCheckService.setItemNumber.dwr HTTP/1.1" 200 77
116.224.253.72 - - [01/Jun/2021:09:20:46 +0800] "GET /xingrg/kc/buy/cgsh_order_operate.html?command=get_materiel&rest_code=00151&code=00101008283&supplier_code=00100007&order_time=2021-06-01 HTTP/1.1" 200 408
222.70.177.128 - - [01/Jun/2021:09:20:46 +0800] "POST /xingrg/dwr/call/plaincall/AjaxCheckService.setItemNumber.dwr HTTP/1.1" 200 77
61.165.42.208 - - [01/Jun/2021:09:20:46 +0800] "POST /xingrg/kc/buy/cgsh_order_operate.html HTTP/1.1" 200 2065
222.70.177.128 - - [01/Jun/2021:09:20:47 +0800] "POST /xingrg/dwr/call/plaincall/AjaxCheckService.setItemNumber.dwr HTTP/1.1" 200 77
116.224.253.72 - - [01/Jun/2021:09:20:49 +0800] "GET /xingrg/check_reg.html?_=1622510456612 HTTP/1.1" 200 22
116.224.253.72 - - [01/Jun/2021:09:20:49 +0800] "GET /xingrg/all/function/internal_message.html?_=1622510456684&CODE_STATE=getMsg HTTP/1.1" 200 27
116.224.253.72 - - [01/Jun/2021:09:20:50 +0800] "GET /xingrg/all/function/internal_message.html?_=1622510450201&CODE_STATE=getMsg HTTP/1.1" 200 27
222.70.177.128 - - [01/Jun/2021:09:20:51 +0800] "GET /xingrg/all/function/internal_message.html?_=1622510449385&CODE_STATE=getMsg HTTP/1.1" 200 27
222.70.177.128 - - [01/Jun/2021:09:20:52 +0800] "POST /xingrg/dwr/call/plaincall/AjaxCheckService.setItemNumber.dwr HTTP/1.1" 200 77
222.69.131.183 - - [01/Jun/2021:09:20:52 +0800] "GET /xingrg/check_reg.html?_=1622510451323 HTTP/1.1" 200 22
222.69.131.183 - - [01/Jun/2021:09:20:52 +0800] "GET /xingrg/all/function/internal_message.html?_=1622510451325&CODE_STATE=getMsg HTTP/1.1" 200 27
116.235.222.38 - - [01/Jun/2021:09:20:52 +0800] "POST /xingrg/kc/buy/cgsh_order_operate.html HTTP/1.1" 200 37
116.232.49.92 - - [01/Jun/2021:09:20:52 +0800] "GET /xingrg/kc/buy/cgsh_order_operate.html?command=get_materiel&rest_code=00109&code=00101008110&supplier_code=00100005&order_time=2021-06-01 HTTP/1.1" 200 408
116.224.253.72 - - [01/Jun/2021:09:20:52 +0800] "GET /xingrg/kc/buy/cgsh_order_operate.html?command=get_materiel&rest_code=00151&code=00101008096&supplier_code=00100007&order_time=2021-06-01 HTTP/1.1" 200 412
116.235.222.38 - - [01/Jun/2021:09:20:54 +0800] "POST /xingrg/kc/buy/cgsh_order_operate.html HTTP/1.1" 200 6210
116.232.49.92 - - [01/Jun/2021:09:20:55 +0800] "GET /xingrg/all/function/internal_message.html?_=1622510455887&CODE_STATE=getMsg HTTP/1.1" 200 27
222.70.177.128 - - [01/Jun/2021:09:20:55 +0800] "POST /xingrg/dwr/call/plaincall/AjaxCheckService.setItemNumber.dwr HTTP/1.1" 200 77
116.235.222.38 - - [01/Jun/2021:09:20:55 +0800] "GET /xingrg/kc/print/load_data.html?order_code=212021060100019&kc_code=cgsh&condition= HTTP/1.1" 200 2077
222.70.177.128 - - [01/Jun/2021:09:20:56 +0800] "POST /xingrg/dwr/call/plaincall/AjaxCheckService.setItemNumber.dwr HTTP/1.1" 200 77
116.224.253.72 - - [01/Jun/2021:09:20:56 +0800] "GET /xingrg/kc/buy/cgsh_order_operate.html?command=get_materiel&rest_code=00150&code=00101007077&supplier_code=00100096&order_time=2021-06-01 HTTP/1.1" 200 415
116.232.49.92 - - [01/Jun/2021:09:20:56 +0800] "GET /xingrg/all/function/internal_message.html?_=1622510518312&CODE_STATE=getMsg HTTP/1.1" 302 -
222.70.177.128 - - [01/Jun/2021:09:20:57 +0800] "POST /xingrg/dwr/call/plaincall/AjaxCheckService.setItemNumber.dwr HTTP/1.1" 200 77
61.165.42.208 - - [01/Jun/2021:09:20:57 +0800] "GET /xingrg/all/function/internal_message.html?_=1622510458153&CODE_STATE=getMsg HTTP/1.1" 200 27
116.232.49.92 - - [01/Jun/2021:09:20:57 +0800] "GET /xingrg/kc/buy/cgsh_order_operate.html?command=get_materiel&rest_code=00109&code=00101008190&supplier_code=00100005&order_time=2021-06-01 HTTP/1.1" 200 412
222.70.177.128 - - [01/Jun/2021:09:20:58 +0800] "POST /xingrg/dwr/call/plaincall/AjaxCheckService.setItemNumber.dwr HTTP/1.1" 200 77
222.70.177.128 - - [01/Jun/2021:09:20:59 +0800] "POST /xingrg/dwr/call/plaincall/AjaxCheckService.setItemNumber.dwr HTTP/1.1" 200 77
222.70.177.128 - - [01/Jun/2021:09:21:00 +0800] "POST /xingrg/dwr/call/plaincall/AjaxCheckService.setItemNumber.dwr HTTP/1.1" 200 77
222.70.177.128 - - [01/Jun/2021:09:21:01 +0800] "POST /xingrg/dwr/call/plaincall/AjaxCheckService.setItemNumber.dwr HTTP/1.1" 200 77
222.70.177.128 - - [01/Jun/2021:09:21:02 +0800] "POST /xingrg/dwr/call/plaincall/AjaxCheckService.setItemNumber.dwr HTTP/1.1" 200 77
222.70.177.128 - - [01/Jun/2021:09:21:03 +0800] "POST /xingrg/dwr/call/plaincall/AjaxCheckService.setItemNumber.dwr HTTP/1.1" 200 77
116.224.253.72 - - [01/Jun/2021:09:21:04 +0800] "POST /xingrg/kc/buy/cgsh_order_operate.html HTTP/1.1" 200 37
116.232.49.92 - - [01/Jun/2021:09:21:04 +0800] "GET /xingrg/kc/buy/cgsh_order_operate.html?command=get_materiel&rest_code=00109&code=00101008064&supplier_code=00100005&order_time=2021-06-01 HTTP/1.1" 200 23
222.70.177.128 - - [01/Jun/2021:09:21:05 +0800] "POST /xingrg/dwr/call/plaincall/AjaxCheckService.setItemNumber.dwr HTTP/1.1" 200 77
116.224.253.72 - - [01/Jun/2021:09:21:05 +0800] "GET /xingrg/kc/buy/cgsh_order_operate.html?command=get_materiel&rest_code=00150&code=00101007134&supplier_code=00100096&order_time=2021-06-01 HTTP/1.1" 200 401
116.224.253.72 - - [01/Jun/2021:09:21:06 +0800] "POST /xingrg/kc/buy/cgsh_order_operate.html HTTP/1.1" 200 21780
222.70.177.128 - - [01/Jun/2021:09:21:06 +0800] "POST /xingrg/dwr/call/plaincall/AjaxCheckService.setItemNumber.dwr HTTP/1.1" 200 77
61.165.42.208 - - [01/Jun/2021:09:21:07 +0800] "GET /xingrg/kc/buy/cgsh_order_operate.html?command=get_materiel&rest_code=00105&code=00101008166&supplier_code=00100203&order_time=2021-06-01 HTTP/1.1" 200 412
222.70.177.128 - - [01/Jun/2021:09:21:07 +0800] "POST /xingrg/dwr/call/plaincall/AjaxCheckService.setItemNumber.dwr HTTP/1.1" 200 77
222.70.177.128 - - [01/Jun/2021:09:21:08 +0800] "POST /xingrg/dwr/call/plaincall/AjaxCheckService.setItemNumber.dwr HTTP/1.1" 200 77
58.37.225.51 - - [01/Jun/2021:09:21:09 +0800] "GET /xingrg/all/function/internal_message.html?_=1622510474303&CODE_STATE=getMsg HTTP/1.1" 200 27
222.70.177.128 - - [01/Jun/2021:09:21:10 +0800] "POST /xingrg/dwr/call/plaincall/AjaxCheckService.setItemNumber.dwr HTTP/1.1" 200 77
116.232.49.92 - - [01/Jun/2021:09:21:10 +0800] "GET /xingrg/kc/buy/cgsh_order_operate.html?command=get_materiel&rest_code=00109&code=00101008064&supplier_code=00100005&order_time=2021-06-01 HTTP/1.1" 200 412
222.70.177.128 - - [01/Jun/2021:09:21:11 +0800] "POST /xingrg/dwr/call/plaincall/AjaxCheckService.setItemNumber.dwr HTTP/1.1" 200 77
116.235.222.38 - - [01/Jun/2021:09:21:11 +0800] "GET /xingrg/all/function/internal_message.html?_=1622510468990&CODE_STATE=getMsg HTTP/1.1" 200 27
222.70.177.128 - - [01/Jun/2021:09:21:12 +0800] "POST /xingrg/dwr/call/plaincall/AjaxCheckService.setItemNumber.dwr HTTP/1.1" 200 77
180.169.147.146 - - [01/Jun/2021:09:21:13 +0800] "GET /xingrg/all/function/internal_message.html?_=1622510471928&CODE_STATE=getMsg HTTP/1.1" 200 27
222.70.177.128 - - [01/Jun/2021:09:21:14 +0800] "POST /xingrg/dwr/call/plaincall/AjaxCheckService.setItemNumber.dwr HTTP/1.1" 200 77
180.169.147.146 - - [01/Jun/2021:09:21:14 +0800] "GET /xingrg/all/function/internal_message.html?_=1622510475262&CODE_STATE=getMsg HTTP/1.1" 200 27
116.230.110.80 - - [01/Jun/2021:09:21:14 +0800] "GET /xingrg/all/function/internal_message.html?_=1622510473570&CODE_STATE=getMsg HTTP/1.1" 200 27
117.185.32.26 - - [01/Jun/2021:09:21:15 +0800] "GET /xingrg/all/function/internal_message.html?_=1622510475043&CODE_STATE=getMsg HTTP/1.1" 200 27
61.165.42.208 - - [01/Jun/2021:09:21:15 +0800] "GET /xingrg/kc/buy/cgsh_order_operate.html?command=get_materiel&rest_code=00105&code=00101008213&supplier_code=00100203&order_time=2021-06-01 HTTP/1.1" 200 412
222.70.177.128 - - [01/Jun/2021:09:21:15 +0800] "POST /xingrg/dwr/call/plaincall/AjaxCheckService.setItemNumber.dwr HTTP/1.1" 200 77
222.70.177.128 - - [01/Jun/2021:09:21:17 +0800] "POST /xingrg/dwr/call/plaincall/AjaxCheckService.setItemNumber.dwr HTTP/1.1" 200 77
222.70.177.128 - - [01/Jun/2021:09:21:18 +0800] "POST /xingrg/dwr/call/plaincall/AjaxCheckService.setItemNumber.dwr HTTP/1.1" 200 77
116.232.49.92 - - [01/Jun/2021:09:21:19 +0800] "POST /xingrg/kc/buy/cgsh_order_operate.html HTTP/1.1" 200 37
222.70.177.128 - - [01/Jun/2021:09:21:19 +0800] "POST /xingrg/dwr/call/plaincall/AjaxCheckService.setItemNumber.dwr HTTP/1.1" 200 77
116.230.114.112 - - [01/Jun/2021:09:21:20 +0800] "GET /xingrg/check_reg.html?_=1622510485969 HTTP/1.1" 200 22
116.232.49.92 - - [01/Jun/2021:09:21:20 +0800] "POST /xingrg/kc/buy/cgsh_order_operate.html HTTP/1.1" 200 10366
222.69.131.183 - - [01/Jun/2021:09:21:20 +0800] "GET /xingrg/all/function/internal_message.html?_=1622510477015&CODE_STATE=getMsg HTTP/1.1" 200 27
61.165.42.208 - - [01/Jun/2021:09:21:20 +0800] "GET /xingrg/kc/buy/cgsh_order_operate.html?command=get_materiel&rest_code=00105&code=00101010136&supplier_code=00100203&order_time=2021-06-01 HTTP/1.1" 200 408
222.70.177.128 - - [01/Jun/2021:09:21:20 +0800] "POST /xingrg/dwr/call/plaincall/AjaxCheckService.setItemNumber.dwr HTTP/1.1" 200 77
222.70.177.128 - - [01/Jun/2021:09:21:22 +0800] "POST /xingrg/dwr/call/plaincall/AjaxCheckService.setItemNumber.dwr HTTP/1.1" 200 77
222.70.177.128 - - [01/Jun/2021:09:21:23 +0800] "POST /xingrg/dwr/call/plaincall/AjaxCheckService.setItemNumber.dwr HTTP/1.1" 200 77
222.70.177.128 - - [01/Jun/2021:09:21:24 +0800] "POST /xingrg/dwr/call/plaincall/AjaxCheckService.setItemNumber.dwr HTTP/1.1" 200 77
116.232.49.92 - - [01/Jun/2021:09:21:25 +0800] "GET /xingrg/kc/buy/cgsh_order_operate.html?command=get_materiel&rest_code=00109&code=00101008355&supplier_code=00100005&order_time=2021-06-01 HTTP/1.1" 200 408
222.70.177.128 - - [01/Jun/2021:09:21:26 +0800] "POST /xingrg/dwr/call/plaincall/AjaxCheckService.setItemNumber.dwr HTTP/1.1" 200 77
222.70.177.128 - - [01/Jun/2021:09:21:27 +0800] "POST /xingrg/dwr/call/plaincall/AjaxCheckService.setItemNumber.dwr HTTP/1.1" 200 77
116.235.222.38 - - [01/Jun/2021:09:21:28 +0800] "GET /xingrg/kc/base/base_main.html HTTP/1.1" 200 12142
61.165.42.208 - - [01/Jun/2021:09:21:29 +0800] "POST /xingrg/kc/buy/cgsh_order_operate.html HTTP/1.1" 200 37
222.70.177.128 - - [01/Jun/2021:09:21:29 +0800] "POST /xingrg/dwr/call/plaincall/AjaxCheckService.setItemNumber.dwr HTTP/1.1" 200 77
116.235.222.38 - - [01/Jun/2021:09:21:30 +0800] "GET /xingrg/kc/base/check_order_list.html HTTP/1.1" 200 16104
61.165.42.208 - - [01/Jun/2021:09:21:30 +0800] "POST /xingrg/kc/buy/cgsh_order_operate.html HTTP/1.1" 200 46348
222.70.177.128 - - [01/Jun/2021:09:21:30 +0800] "POST /xingrg/dwr/call/plaincall/AjaxCheckService.setItemNumber.dwr HTTP/1.1" 200 77
116.235.222.38 - - [01/Jun/2021:09:21:31 +0800] "POST /xingrg/kc/base/check_list_operate.html HTTP/1.1" 200 2901
222.70.177.128 - - [01/Jun/2021:09:21:32 +0800] "POST /xingrg/dwr/call/plaincall/AjaxCheckService.setItemNumber.dwr HTTP/1.1" 200 77
116.232.49.92 - - [01/Jun/2021:09:21:32 +0800] "GET /xingrg/kc/buy/cgsh_order_operate.html?command=get_materiel&rest_code=00109&code=00101008144&supplier_code=00100005&order_time=2021-06-01 HTTP/1.1" 200 412
120.253.135.82 - - [01/Jun/2021:09:21:32 +0800] "GET /xingrg/check_reg.html?_=1622510531969 HTTP/1.1" 302 -
222.70.177.128 - - [01/Jun/2021:09:21:33 +0800] "POST /xingrg/dwr/call/plaincall/AjaxCheckService.setItemNumber.dwr HTTP/1.1" 200 77
116.235.222.38 - - [01/Jun/2021:09:21:33 +0800] "GET /xingrg/kc/base/check_order_info.html?code=452021053100553 HTTP/1.1" 200 26446
116.235.222.38 - - [01/Jun/2021:09:21:33 +0800] "GET /xingrg/dwr/interface/AjaxComOrderService.js HTTP/1.1" 200 18264
116.235.222.38 - - [01/Jun/2021:09:21:33 +0800] "GET /xingrg/dwr/interface/AjaxCheckService.js HTTP/1.1" 200 14003
116.235.222.38 - - [01/Jun/2021:09:21:33 +0800] "GET /xingrg/dwr/engine.js HTTP/1.1" 200 43631
116.235.222.38 - - [01/Jun/2021:09:21:34 +0800] "POST /xingrg/dwr/call/plaincall/AjaxCheckService.loadOrderItems.dwr HTTP/1.1" 200 204737
222.70.177.128 - - [01/Jun/2021:09:21:36 +0800] "POST /xingrg/dwr/call/plaincall/AjaxCheckService.setItemNumber.dwr HTTP/1.1" 200 77
116.232.49.92 - - [01/Jun/2021:09:21:37 +0800] "GET /xingrg/kc/buy/cgsh_order_operate.html?command=get_materiel&rest_code=00109&code=00101008264&supplier_code=00100005&order_time=2021-06-01 HTTP/1.1" 200 412
222.70.177.128 - - [01/Jun/2021:09:21:38 +0800] "POST /xingrg/dwr/call/plaincall/AjaxCheckService.setItemNumber.dwr HTTP/1.1" 200 77
222.70.177.128 - - [01/Jun/2021:09:21:40 +0800] "POST /xingrg/dwr/call/plaincall/AjaxCheckService.setItemNumber.dwr HTTP/1.1" 200 77
116.235.222.38 - - [01/Jun/2021:09:21:41 +0800] "POST /xingrg/dwr/call/plaincall/AjaxCheckService.setItemNumber.dwr HTTP/1.1" 200 76
222.70.177.128 - - [01/Jun/2021:09:21:42 +0800] "POST /xingrg/dwr/call/plaincall/AjaxCheckService.setItemNumber.dwr HTTP/1.1" 200 77
116.235.222.38 - - [01/Jun/2021:09:21:42 +0800] "POST /xingrg/dwr/call/plaincall/AjaxCheckService.setItemNumber.dwr HTTP/1.1" 200 76
116.232.49.92 - - [01/Jun/2021:09:21:43 +0800] "GET /xingrg/kc/buy/cgsh_order_operate.html?command=get_materiel&rest_code=00109&code=00101008069&supplier_code=00100005&order_time=2021-06-01 HTTP/1.1" 200 412
116.235.222.38 - - [01/Jun/2021:09:21:43 +0800] "POST /xingrg/dwr/call/plaincall/AjaxCheckService.setItemNumber.dwr HTTP/1.1" 200 76
116.230.114.112 - - [01/Jun/2021:09:21:44 +0800] "GET /xingrg/all/function/internal_message.html?_=1622510509855&CODE_STATE=getMsg HTTP/1.1" 200 27
116.235.222.38 - - [01/Jun/2021:09:21:44 +0800] "POST /xingrg/dwr/call/plaincall/AjaxCheckService.setItemNumber.dwr HTTP/1.1" 200 76
116.235.222.38 - - [01/Jun/2021:09:21:44 +0800] "POST /xingrg/dwr/call/plaincall/AjaxCheckService.setItemNumber.dwr HTTP/1.1" 200 76
116.235.222.38 - - [01/Jun/2021:09:21:45 +0800] "POST /xingrg/dwr/call/plaincall/AjaxCheckService.setItemNumber.dwr HTTP/1.1" 200 76
116.232.49.92 - - [01/Jun/2021:09:21:46 +0800] "POST /xingrg/kc/buy/cgsh_order_operate.html HTTP/1.1" 200 2065
116.235.222.38 - - [01/Jun/2021:09:21:46 +0800] "POST /xingrg/dwr/call/plaincall/AjaxCheckService.setItemNumber.dwr HTTP/1.1" 200 76
222.70.177.128 - - [01/Jun/2021:09:21:47 +0800] "POST /xingrg/dwr/call/plaincall/AjaxCheckService.setItemNumber.dwr HTTP/1.1" 200 77
116.235.222.38 - - [01/Jun/2021:09:21:47 +0800] "POST /xingrg/dwr/call/plaincall/AjaxCheckService.setItemNumber.dwr HTTP/1.1" 200 76
116.235.222.38 - - [01/Jun/2021:09:21:47 +0800] "POST /xingrg/dwr/call/plaincall/AjaxCheckService.setItemNumber.dwr HTTP/1.1" 200 76
222.70.177.128 - - [01/Jun/2021:09:21:49 +0800] "POST /xingrg/dwr/call/plaincall/AjaxCheckService.setItemNumber.dwr HTTP/1.1" 200 77
116.235.222.38 - - [01/Jun/2021:09:21:49 +0800] "POST /xingrg/dwr/call/plaincall/AjaxCheckService.setItemNumber.dwr HTTP/1.1" 200 77
116.224.253.72 - - [01/Jun/2021:09:21:50 +0800] "GET /xingrg/all/function/internal_message.html?_=1622510516778&CODE_STATE=getMsg HTTP/1.1" 200 27
222.70.177.128 - - [01/Jun/2021:09:21:50 +0800] "POST /xingrg/dwr/call/plaincall/AjaxCheckService.setItemNumber.dwr HTTP/1.1" 200 77
222.70.177.128 - - [01/Jun/2021:09:21:51 +0800] "GET /xingrg/all/function/internal_message.html?_=1622510509388&CODE_STATE=getMsg HTTP/1.1" 200 27
222.70.177.128 - - [01/Jun/2021:09:21:51 +0800] "GET /xingrg/check_reg.html?_=1622510509530 HTTP/1.1" 200 22
222.70.177.128 - - [01/Jun/2021:09:21:51 +0800] "POST /xingrg/dwr/call/plaincall/AjaxCheckService.setItemNumber.dwr HTTP/1.1" 200 77
222.69.131.183 - - [01/Jun/2021:09:21:52 +0800] "GET /xingrg/all/function/internal_message.html?_=1622510511326&CODE_STATE=getMsg HTTP/1.1" 200 27
116.224.253.72 - - [01/Jun/2021:09:21:53 +0800] "POST /xingrg/kc/buy/cgsh_order_operate.html HTTP/1.1" 200 37
116.235.222.38 - - [01/Jun/2021:09:21:53 +0800] "POST /xingrg/dwr/call/plaincall/AjaxCheckService.setItemNumber.dwr HTTP/1.1" 200 77
222.70.177.128 - - [01/Jun/2021:09:21:53 +0800] "POST /xingrg/dwr/call/plaincall/AjaxCheckService.setItemNumber.dwr HTTP/1.1" 200 77
116.235.222.38 - - [01/Jun/2021:09:21:54 +0800] "POST /xingrg/dwr/call/plaincall/AjaxCheckService.setItemNumber.dwr HTTP/1.1" 200 77
116.232.49.92 - - [01/Jun/2021:09:21:54 +0800] "GET /xingrg/kc/buy/cgsh_order_operate.html?command=get_materiel&rest_code=00109&code=00101008286&supplier_code=00100005&order_time=2021-06-01 HTTP/1.1" 200 408
222.70.177.128 - - [01/Jun/2021:09:21:55 +0800] "POST /xingrg/dwr/call/plaincall/AjaxCheckService.setItemNumber.dwr HTTP/1.1" 200 77
116.232.49.92 - - [01/Jun/2021:09:21:55 +0800] "GET /xingrg/all/function/internal_message.html?_=1622510515892&CODE_STATE=getMsg HTTP/1.1" 200 27
116.235.222.38 - - [01/Jun/2021:09:21:55 +0800] "POST /xingrg/dwr/call/plaincall/AjaxCheckService.setItemNumber.dwr HTTP/1.1" 200 77
116.224.253.72 - - [01/Jun/2021:09:21:56 +0800] "POST /xingrg/kc/buy/cgsh_order_operate.html HTTP/1.1" 200 12
222.70.177.128 - - [01/Jun/2021:09:21:56 +0800] "POST /xingrg/dwr/call/plaincall/AjaxCheckService.setItemNumber.dwr HTTP/1.1" 200 77
116.235.222.38 - - [01/Jun/2021:09:21:56 +0800] "POST /xingrg/dwr/call/plaincall/AjaxCheckService.setItemNumber.dwr HTTP/1.1" 200 77
116.232.49.92 - - [01/Jun/2021:09:21:56 +0800] "GET /xingrg/all/function/internal_message.html?_=1622510578312&CODE_STATE=getMsg HTTP/1.1" 302 -
116.224.253.72 - - [01/Jun/2021:09:21:57 +0800] "GET /xingrg/kc/buy/cgsh_order_info.html?code=212021060100022 HTTP/1.1" 200 57081
116.235.222.38 - - [01/Jun/2021:09:21:57 +0800] "POST /xingrg/dwr/call/plaincall/AjaxCheckService.setItemNumber.dwr HTTP/1.1" 200 77
222.70.177.128 - - [01/Jun/2021:09:21:57 +0800] "POST /xingrg/dwr/call/plaincall/AjaxCheckService.setItemNumber.dwr HTTP/1.1" 200 77
116.224.253.72 - - [01/Jun/2021:09:21:57 +0800] "GET /xingrg/javascript/easyui/themes/default/validatebox.css HTTP/1.1" 404 1104
61.165.42.208 - - [01/Jun/2021:09:21:57 +0800] "GET /xingrg/check_reg.html?_=1622510518261 HTTP/1.1" 200 22
61.165.42.208 - - [01/Jun/2021:09:21:57 +0800] "GET /xingrg/all/function/internal_message.html?_=1622510518260&CODE_STATE=getMsg HTTP/1.1" 200 27
116.224.253.72 - - [01/Jun/2021:09:21:57 +0800] "POST /xingrg/kc/buy/cgsh_order_operate.html HTTP/1.1" 200 9532
222.70.177.128 - - [01/Jun/2021:09:21:58 +0800] "POST /xingrg/dwr/call/plaincall/AjaxCheckService.setItemNumber.dwr HTTP/1.1" 200 77
116.224.253.72 - - [01/Jun/2021:09:21:59 +0800] "GET /xingrg/kc/print/load_data.html?order_code=212021060100022&kc_code=cgsh&condition= HTTP/1.1" 200 4077
116.235.222.38 - - [01/Jun/2021:09:21:59 +0800] "POST /xingrg/dwr/call/plaincall/AjaxCheckService.setItemNumber.dwr HTTP/1.1" 200 77
222.70.177.128 - - [01/Jun/2021:09:21:59 +0800] "POST /xingrg/dwr/call/plaincall/AjaxCheckService.setItemNumber.dwr HTTP/1.1" 200 77
222.70.177.128 - - [01/Jun/2021:09:22:01 +0800] "POST /xingrg/dwr/call/plaincall/AjaxCheckService.setItemNumber.dwr HTTP/1.1" 200 77
116.235.222.38 - - [01/Jun/2021:09:22:02 +0800] "POST /xingrg/dwr/call/plaincall/AjaxCheckService.setItemNumber.dwr HTTP/1.1" 200 77
222.70.177.128 - - [01/Jun/2021:09:22:03 +0800] "POST /xingrg/dwr/call/plaincall/AjaxCheckService.setItemNumber.dwr HTTP/1.1" 200 77
116.232.49.92 - - [01/Jun/2021:09:22:03 +0800] "GET /xingrg/kc/buy/cgsh_order_operate.html?command=get_materiel&rest_code=00109&code=00101008318&supplier_code=00100005&order_time=2021-06-01 HTTP/1.1" 200 408
222.70.177.128 - - [01/Jun/2021:09:22:05 +0800] "POST /xingrg/dwr/call/plaincall/AjaxCheckService.setItemNumber.dwr HTTP/1.1" 200 77
222.70.177.128 - - [01/Jun/2021:09:22:07 +0800] "POST /xingrg/dwr/call/plaincall/AjaxCheckService.setItemNumber.dwr HTTP/1.1" 200 78
116.235.222.38 - - [01/Jun/2021:09:22:08 +0800] "POST /xingrg/dwr/call/plaincall/AjaxCheckService.setItemNumber.dwr HTTP/1.1" 200 77
116.235.222.38 - - [01/Jun/2021:09:22:08 +0800] "POST /xingrg/dwr/call/plaincall/AjaxCheckService.setItemNumber.dwr HTTP/1.1" 200 77
222.70.177.128 - - [01/Jun/2021:09:22:09 +0800] "POST /xingrg/dwr/call/plaincall/AjaxCheckService.setItemNumber.dwr HTTP/1.1" 200 78
116.235.222.38 - - [01/Jun/2021:09:22:09 +0800] "POST /xingrg/dwr/call/plaincall/AjaxCheckService.setItemNumber.dwr HTTP/1.1" 200 77
58.37.225.51 - - [01/Jun/2021:09:22:09 +0800] "GET /xingrg/all/function/internal_message.html?_=1622510534322&CODE_STATE=getMsg HTTP/1.1" 200 27
116.235.222.38 - - [01/Jun/2021:09:22:10 +0800] "POST /xingrg/dwr/call/plaincall/AjaxCheckService.setItemNumber.dwr HTTP/1.1" 200 77
116.232.49.92 - - [01/Jun/2021:09:22:11 +0800] "GET /xingrg/kc/buy/cgsh_order_operate.html?command=get_materiel&rest_code=00109&code=00101008353&supplier_code=00100005&order_time=2021-06-01 HTTP/1.1" 200 408
116.235.222.38 - - [01/Jun/2021:09:22:11 +0800] "POST /xingrg/dwr/call/plaincall/AjaxCheckService.setItemNumber.dwr HTTP/1.1" 200 77
116.235.222.38 - - [01/Jun/2021:09:22:11 +0800] "GET /xingrg/all/function/internal_message.html?_=1622510529132&CODE_STATE=getMsg HTTP/1.1" 200 27
116.235.222.38 - - [01/Jun/2021:09:22:12 +0800] "POST /xingrg/dwr/call/plaincall/AjaxCheckService.setItemNumber.dwr HTTP/1.1" 200 77
116.235.222.38 - - [01/Jun/2021:09:22:12 +0800] "POST /xingrg/dwr/call/plaincall/AjaxCheckService.setItemNumber.dwr HTTP/1.1" 200 77
180.169.147.146 - - [01/Jun/2021:09:22:13 +0800] "GET /xingrg/all/function/internal_message.html?_=1622510531953&CODE_STATE=getMsg HTTP/1.1" 200 27
120.204.17.68 - - [01/Jun/2021:09:22:14 +0800] "GET /xingrg/all/function/internal_message.html?_=1622510475043&CODE_STATE=getMsg HTTP/1.1" 302 -
180.169.147.146 - - [01/Jun/2021:09:22:14 +0800] "GET /xingrg/all/function/internal_message.html?_=1622510535270&CODE_STATE=getMsg HTTP/1.1" 200 27
180.169.147.146 - - [01/Jun/2021:09:22:14 +0800] "GET /xingrg/check_reg.html?_=1622510535274 HTTP/1.1" 200 22
116.230.110.80 - - [01/Jun/2021:09:22:14 +0800] "GET /xingrg/all/function/internal_message.html?_=1622510533552&CODE_STATE=getMsg HTTP/1.1" 200 27
117.185.32.26 - - [01/Jun/2021:09:22:15 +0800] "GET /xingrg/all/function/internal_message.html?_=1622510535043&CODE_STATE=getMsg HTTP/1.1" 200 27
116.224.253.72 - - [01/Jun/2021:09:22:15 +0800] "GET /xingrg/kc/buy/cgsh_order_add.html HTTP/1.1" 200 62189
120.204.17.68 - - [01/Jun/2021:09:22:15 +0800] "GET /xingrg/login.html HTTP/1.1" 200 7641
116.224.253.72 - - [01/Jun/2021:09:22:15 +0800] "POST /xingrg/kc/buy/cgsh_order_operate.html HTTP/1.1" 200 8245
116.224.253.72 - - [01/Jun/2021:09:22:15 +0800] "GET /xingrg/javascript/easyui/themes/default/validatebox.css HTTP/1.1" 404 1104
222.70.177.128 - - [01/Jun/2021:09:22:16 +0800] "POST /xingrg/dwr/call/plaincall/AjaxCheckService.setItemNumber.dwr HTTP/1.1" 200 78
116.232.49.92 - - [01/Jun/2021:09:22:16 +0800] "GET /xingrg/kc/buy/cgsh_order_operate.html?command=get_materiel&rest_code=00109&code=00101008312&supplier_code=00100005&order_time=2021-06-01 HTTP/1.1" 200 412
116.235.222.38 - - [01/Jun/2021:09:22:18 +0800] "POST /xingrg/dwr/call/plaincall/AjaxCheckService.setItemNumber.dwr HTTP/1.1" 200 77
222.70.177.128 - - [01/Jun/2021:09:22:19 +0800] "POST /xingrg/dwr/call/plaincall/AjaxCheckService.setItemNumber.dwr HTTP/1.1" 200 78
116.235.222.38 - - [01/Jun/2021:09:22:19 +0800] "POST /xingrg/dwr/call/plaincall/AjaxCheckService.setItemNumber.dwr HTTP/1.1" 200 77
114.86.187.76 - - [01/Jun/2021:09:22:20 +0800] "POST /xingrg/services/DataTransmitService HTTP/1.1" 200 524
222.70.177.128 - - [01/Jun/2021:09:22:20 +0800] "POST /xingrg/dwr/call/plaincall/AjaxCheckService.setItemNumber.dwr HTTP/1.1" 200 78
222.70.177.128 - - [01/Jun/2021:09:22:21 +0800] "POST /xingrg/dwr/call/plaincall/AjaxCheckService.setItemNumber.dwr HTTP/1.1" 200 78
116.235.222.38 - - [01/Jun/2021:09:22:21 +0800] "POST /xingrg/dwr/call/plaincall/AjaxCheckService.setItemNumber.dwr HTTP/1.1" 200 77
116.232.49.92 - - [01/Jun/2021:09:22:22 +0800] "GET /xingrg/kc/buy/cgsh_order_operate.html?command=get_materiel&rest_code=00109&code=00101008196&supplier_code=00100005&order_time=2021-06-01 HTTP/1.1" 200 416
222.70.177.128 - - [01/Jun/2021:09:22:22 +0800] "POST /xingrg/dwr/call/plaincall/AjaxCheckService.setItemNumber.dwr HTTP/1.1" 200 78
116.235.222.38 - - [01/Jun/2021:09:22:23 +0800] "POST /xingrg/dwr/call/plaincall/AjaxCheckService.setItemNumber.dwr HTTP/1.1" 200 77
114.86.187.76 - - [01/Jun/2021:09:22:23 +0800] "POST /xingrg/services/DataTransmitService HTTP/1.1" 200 501
222.70.177.128 - - [01/Jun/2021:09:22:23 +0800] "POST /xingrg/dwr/call/plaincall/AjaxCheckService.setItemNumber.dwr HTTP/1.1" 200 78
116.232.49.92 - - [01/Jun/2021:09:22:24 +0800] "POST /xingrg/kc/buy/cgsh_order_operate.html HTTP/1.1" 200 2065
222.70.177.128 - - [01/Jun/2021:09:22:25 +0800] "POST /xingrg/dwr/call/plaincall/AjaxCheckService.setItemNumber.dwr HTTP/1.1" 200 78
116.235.222.38 - - [01/Jun/2021:09:22:26 +0800] "POST /xingrg/dwr/call/plaincall/AjaxCheckService.setItemNumber.dwr HTTP/1.1" 200 77
222.70.177.128 - - [01/Jun/2021:09:22:26 +0800] "POST /xingrg/dwr/call/plaincall/AjaxCheckService.setItemNumber.dwr HTTP/1.1" 200 78
116.235.222.38 - - [01/Jun/2021:09:22:27 +0800] "POST /xingrg/dwr/call/plaincall/AjaxCheckService.setItemNumber.dwr HTTP/1.1" 200 77
222.70.177.128 - - [01/Jun/2021:09:22:27 +0800] "POST /xingrg/dwr/call/plaincall/AjaxCheckService.setItemNumber.dwr HTTP/1.1" 200 78
116.232.49.92 - - [01/Jun/2021:09:22:28 +0800] "GET /xingrg/kc/buy/cgsh_order_operate.html?command=get_materiel&rest_code=00109&code=00101008197&supplier_code=00100005&order_time=2021-06-01 HTTP/1.1" 200 416
116.235.222.38 - - [01/Jun/2021:09:22:28 +0800] "POST /xingrg/dwr/call/plaincall/AjaxCheckService.setItemNumber.dwr HTTP/1.1" 200 77
222.70.177.128 - - [01/Jun/2021:09:22:29 +0800] "POST /xingrg/dwr/call/plaincall/AjaxCheckService.setItemNumber.dwr HTTP/1.1" 200 78
116.235.222.38 - - [01/Jun/2021:09:22:30 +0800] "POST /xingrg/dwr/call/plaincall/AjaxCheckService.setItemNumber.dwr HTTP/1.1" 200 77
222.70.177.128 - - [01/Jun/2021:09:22:30 +0800] "POST /xingrg/dwr/call/plaincall/AjaxCheckService.setItemNumber.dwr HTTP/1.1" 200 78
116.235.222.38 - - [01/Jun/2021:09:22:32 +0800] "POST /xingrg/dwr/call/plaincall/AjaxCheckService.setItemNumber.dwr HTTP/1.1" 200 77
222.70.177.128 - - [01/Jun/2021:09:22:32 +0800] "POST /xingrg/dwr/call/plaincall/AjaxCheckService.setItemNumber.dwr HTTP/1.1" 200 78
116.235.222.38 - - [01/Jun/2021:09:22:33 +0800] "POST /xingrg/dwr/call/plaincall/AjaxCheckService.setItemNumber.dwr HTTP/1.1" 200 77
222.70.177.128 - - [01/Jun/2021:09:22:34 +0800] "POST /xingrg/dwr/call/plaincall/AjaxCheckService.setItemNumber.dwr HTTP/1.1" 200 78
222.70.177.128 - - [01/Jun/2021:09:22:35 +0800] "POST /xingrg/dwr/call/plaincall/AjaxCheckService.setItemNumber.dwr HTTP/1.1" 200 78
116.235.222.38 - - [01/Jun/2021:09:22:36 +0800] "POST /xingrg/dwr/call/plaincall/AjaxCheckService.setItemNumber.dwr HTTP/1.1" 200 77
222.70.177.128 - - [01/Jun/2021:09:22:37 +0800] "POST /xingrg/dwr/call/plaincall/AjaxCheckService.setItemNumber.dwr HTTP/1.1" 200 78
116.235.222.38 - - [01/Jun/2021:09:22:37 +0800] "POST /xingrg/dwr/call/plaincall/AjaxCheckService.setItemNumber.dwr HTTP/1.1" 200 77
116.232.49.92 - - [01/Jun/2021:09:22:38 +0800] "GET /xingrg/kc/buy/cgsh_order_operate.html?command=get_materiel&rest_code=00109&code=00101008208&supplier_code=00100005&order_time=2021-06-01 HTTP/1.1" 200 409
222.70.177.128 - - [01/Jun/2021:09:22:39 +0800] "POST /xingrg/dwr/call/plaincall/AjaxCheckService.setItemNumber.dwr HTTP/1.1" 200 78
116.235.222.38 - - [01/Jun/2021:09:22:39 +0800] "POST /xingrg/dwr/call/plaincall/AjaxCheckService.setItemNumber.dwr HTTP/1.1" 200 77
116.235.222.38 - - [01/Jun/2021:09:22:40 +0800] "POST /xingrg/dwr/call/plaincall/AjaxCheckService.setItemNumber.dwr HTTP/1.1" 200 77
116.224.253.72 - - [01/Jun/2021:09:22:40 +0800] "GET /xingrg/kc/buy/cgsh_order_operate.html?command=get_materiel&rest_code=00150&code=00101031001&supplier_code=00100064&order_time=2021-06-01 HTTP/1.1" 200 419
116.235.222.38 - - [01/Jun/2021:09:22:40 +0800] "POST /xingrg/dwr/call/plaincall/AjaxCheckService.setItemNumber.dwr HTTP/1.1" 200 77
116.235.222.38 - - [01/Jun/2021:09:22:41 +0800] "POST /xingrg/dwr/call/plaincall/AjaxCheckService.setItemNumber.dwr HTTP/1.1" 200 77
222.70.177.128 - - [01/Jun/2021:09:22:41 +0800] "POST /xingrg/dwr/call/plaincall/AjaxCheckService.setItemNumber.dwr HTTP/1.1" 200 78
116.235.222.38 - - [01/Jun/2021:09:22:42 +0800] "POST /xingrg/dwr/call/plaincall/AjaxCheckService.setItemNumber.dwr HTTP/1.1" 200 77
116.235.222.38 - - [01/Jun/2021:09:22:43 +0800] "POST /xingrg/dwr/call/plaincall/AjaxCheckService.setItemNumber.dwr HTTP/1.1" 200 77
116.230.114.112 - - [01/Jun/2021:09:22:44 +0800] "GET /xingrg/all/function/internal_message.html?_=1622510569866&CODE_STATE=getMsg HTTP/1.1" 200 27
116.235.222.38 - - [01/Jun/2021:09:22:44 +0800] "POST /xingrg/dwr/call/plaincall/AjaxCheckService.setItemNumber.dwr HTTP/1.1" 200 77
222.70.177.128 - - [01/Jun/2021:09:22:44 +0800] "POST /xingrg/dwr/call/plaincall/AjaxCheckService.setItemNumber.dwr HTTP/1.1" 200 78
116.235.222.38 - - [01/Jun/2021:09:22:45 +0800] "POST /xingrg/dwr/call/plaincall/AjaxCheckService.setItemNumber.dwr HTTP/1.1" 200 77
116.235.222.38 - - [01/Jun/2021:09:22:46 +0800] "POST /xingrg/dwr/call/plaincall/AjaxCheckService.setItemNumber.dwr HTTP/1.1" 200 77
222.70.177.128 - - [01/Jun/2021:09:22:46 +0800] "POST /xingrg/dwr/call/plaincall/AjaxCheckService.setItemNumber.dwr HTTP/1.1" 200 78
116.235.222.38 - - [01/Jun/2021:09:22:47 +0800] "POST /xingrg/dwr/call/plaincall/AjaxCheckService.setItemNumber.dwr HTTP/1.1" 200 77
222.70.177.128 - - [01/Jun/2021:09:22:48 +0800] "POST /xingrg/dwr/call/plaincall/AjaxCheckService.setItemNumber.dwr HTTP/1.1" 200 78
116.232.49.92 - - [01/Jun/2021:09:22:48 +0800] "GET /xingrg/kc/buy/cgsh_order_operate.html?command=get_materiel&rest_code=00109&code=00101008173&supplier_code=00100005&order_time=2021-06-01 HTTP/1.1" 200 412
116.235.222.38 - - [01/Jun/2021:09:22:49 +0800] "POST /xingrg/dwr/call/plaincall/AjaxCheckService.setItemNumber.dwr HTTP/1.1" 200 77
222.70.177.128 - - [01/Jun/2021:09:22:49 +0800] "POST /xingrg/dwr/call/plaincall/AjaxCheckService.setItemNumber.dwr HTTP/1.1" 200 78
116.235.222.38 - - [01/Jun/2021:09:22:49 +0800] "POST /xingrg/dwr/call/plaincall/AjaxCheckService.setItemNumber.dwr HTTP/1.1" 200 77
116.224.253.72 - - [01/Jun/2021:09:22:50 +0800] "GET /xingrg/all/function/internal_message.html?_=1622510576789&CODE_STATE=getMsg HTTP/1.1" 200 27
222.70.177.128 - - [01/Jun/2021:09:22:51 +0800] "GET /xingrg/all/function/internal_message.html?_=1622510569377&CODE_STATE=getMsg HTTP/1.1" 200 27
222.70.177.128 - - [01/Jun/2021:09:22:51 +0800] "POST /xingrg/dwr/call/plaincall/AjaxCheckService.setItemNumber.dwr HTTP/1.1" 200 78
116.235.222.38 - - [01/Jun/2021:09:22:51 +0800] "POST /xingrg/dwr/call/plaincall/AjaxCheckService.setItemNumber.dwr HTTP/1.1" 200 77
222.69.131.183 - - [01/Jun/2021:09:22:52 +0800] "GET /xingrg/all/function/internal_message.html?_=1622510571326&CODE_STATE=getMsg HTTP/1.1" 200 27
222.70.177.128 - - [01/Jun/2021:09:22:52 +0800] "POST /xingrg/dwr/call/plaincall/AjaxCheckService.setItemNumber.dwr HTTP/1.1" 200 78
116.224.253.72 - - [01/Jun/2021:09:22:52 +0800] "POST /xingrg/kc/buy/cgsh_order_operate.html HTTP/1.1" 200 37
116.235.222.38 - - [01/Jun/2021:09:22:53 +0800] "POST /xingrg/dwr/call/plaincall/AjaxCheckService.setItemNumber.dwr HTTP/1.1" 200 77
116.235.222.38 - - [01/Jun/2021:09:22:53 +0800] "POST /xingrg/dwr/call/plaincall/AjaxCheckService.setItemNumber.dwr HTTP/1.1" 200 77
116.235.222.38 - - [01/Jun/2021:09:22:54 +0800] "POST /xingrg/dwr/call/plaincall/AjaxCheckService.setItemNumber.dwr HTTP/1.1" 200 77
222.70.177.128 - - [01/Jun/2021:09:22:54 +0800] "POST /xingrg/dwr/call/plaincall/AjaxCheckService.setItemNumber.dwr HTTP/1.1" 200 78
116.232.49.92 - - [01/Jun/2021:09:22:55 +0800] "GET /xingrg/all/function/internal_message.html?_=1622510575895&CODE_STATE=getMsg HTTP/1.1" 200 27
116.224.253.72 - - [01/Jun/2021:09:22:55 +0800] "POST /xingrg/kc/buy/cgsh_order_operate.html HTTP/1.1" 200 12
116.235.222.38 - - [01/Jun/2021:09:22:55 +0800] "POST /xingrg/dwr/call/plaincall/AjaxCheckService.setItemNumber.dwr HTTP/1.1" 200 77
116.232.49.92 - - [01/Jun/2021:09:22:55 +0800] "GET /xingrg/kc/buy/cgsh_order_operate.html?command=get_materiel&rest_code=00109&code=00101008221&supplier_code=00100005&order_time=2021-06-01 HTTP/1.1" 200 412
222.70.177.128 - - [01/Jun/2021:09:22:56 +0800] "POST /xingrg/dwr/call/plaincall/AjaxCheckService.setItemNumber.dwr HTTP/1.1" 200 78
116.235.222.38 - - [01/Jun/2021:09:22:56 +0800] "POST /xingrg/dwr/call/plaincall/AjaxCheckService.setItemNumber.dwr HTTP/1.1" 200 77
116.224.253.72 - - [01/Jun/2021:09:22:56 +0800] "GET /xingrg/kc/buy/cgsh_order_info.html?code=212021060100023 HTTP/1.1" 200 57091
116.224.253.72 - - [01/Jun/2021:09:22:56 +0800] "GET /xingrg/javascript/easyui/themes/default/validatebox.css HTTP/1.1" 404 1104
116.232.49.92 - - [01/Jun/2021:09:22:56 +0800] "GET /xingrg/all/function/internal_message.html?_=1622510638312&CODE_STATE=getMsg HTTP/1.1" 302 -
116.235.222.38 - - [01/Jun/2021:09:22:56 +0800] "POST /xingrg/dwr/call/plaincall/AjaxCheckService.setItemNumber.dwr HTTP/1.1" 200 77
61.165.42.208 - - [01/Jun/2021:09:22:57 +0800] "GET /xingrg/all/function/internal_message.html?_=1622510578110&CODE_STATE=getMsg HTTP/1.1" 200 27
222.70.177.128 - - [01/Jun/2021:09:22:58 +0800] "POST /xingrg/dwr/call/plaincall/AjaxCheckService.setItemNumber.dwr HTTP/1.1" 200 78
116.235.222.38 - - [01/Jun/2021:09:22:58 +0800] "POST /xingrg/dwr/call/plaincall/AjaxCheckService.setItemNumber.dwr HTTP/1.1" 200 77
116.224.253.72 - - [01/Jun/2021:09:22:58 +0800] "POST /xingrg/kc/buy/cgsh_order_operate.html HTTP/1.1" 200 615
114.86.187.76 - - [01/Jun/2021:09:22:58 +0800] "GET /xingrg/index.html?sysBaseUrl=http%3A%2F%2F180.169.147.146%3A18081%2Fxingrg%2F&costTime=34×tamp=1585624833755 HTTP/1.1" 302 -
114.86.187.76 - - [01/Jun/2021:09:22:58 +0800] "GET /xingrg/login.html HTTP/1.1" 200 7641
114.86.187.76 - - [01/Jun/2021:09:22:58 +0800] "GET /xingrg/images/blue/jxLogo.png HTTP/1.1" 200 6156
116.235.222.38 - - [01/Jun/2021:09:22:58 +0800] "POST /xingrg/dwr/call/plaincall/AjaxCheckService.setItemNumber.dwr HTTP/1.1" 200 77
114.86.187.76 - - [01/Jun/2021:09:22:59 +0800] "GET /xingrg/images/blue/hj.png HTTP/1.1" 200 1014
114.86.187.76 - - [01/Jun/2021:09:22:59 +0800] "GET /xingrg/images/blue/srbg.png HTTP/1.1" 200 138
114.86.187.76 - - [01/Jun/2021:09:22:59 +0800] "GET /xingrg/images/blue/login_bg.png HTTP/1.1" 200 22101
114.86.187.76 - - [01/Jun/2021:09:22:59 +0800] "GET /favicon.ico HTTP/1.1" 404 -
222.70.177.128 - - [01/Jun/2021:09:22:59 +0800] "POST /xingrg/dwr/call/plaincall/AjaxCheckService.setItemNumber.dwr HTTP/1.1" 200 78
116.235.222.38 - - [01/Jun/2021:09:22:59 +0800] "POST /xingrg/dwr/call/plaincall/AjaxCheckService.setItemNumber.dwr HTTP/1.1" 200 77
222.70.177.128 - - [01/Jun/2021:09:23:00 +0800] "POST /xingrg/dwr/call/plaincall/AjaxCheckService.setItemNumber.dwr HTTP/1.1" 200 78
116.224.253.72 - - [01/Jun/2021:09:23:01 +0800] "GET /xingrg/kc/print/load_data.html?order_code=212021060100023&kc_code=cgsh&condition= HTTP/1.1" 200 751
116.235.222.38 - - [01/Jun/2021:09:23:01 +0800] "POST /xingrg/dwr/call/plaincall/AjaxCheckService.setItemNumber.dwr HTTP/1.1" 200 77
114.86.187.76 - - [01/Jun/2021:09:23:03 +0800] "POST /xingrg/login.do HTTP/1.1" 302 -
114.86.187.76 - - [01/Jun/2021:09:23:03 +0800] "GET /xingrg/css/form.css HTTP/1.1" 200 893
114.86.187.76 - - [01/Jun/2021:09:23:03 +0800] "GET /xingrg/javascript/jquery_easy_ui/themes/icon.css HTTP/1.1" 200 3949
222.70.177.128 - - [01/Jun/2021:09:23:03 +0800] "POST /xingrg/dwr/call/plaincall/AjaxCheckService.setItemNumber.dwr HTTP/1.1" 200 78
114.86.187.76 - - [01/Jun/2021:09:23:03 +0800] "GET /xingrg/javascript/jquery-1.4.2.min.js HTTP/1.1" 200 72205
114.86.187.76 - - [01/Jun/2021:09:23:03 +0800] "GET /xingrg/javascript/jquery_easy_ui/easyui-lang-zh_CN.js HTTP/1.1" 200 1900
