58.37.225.51 - - [01/Jun/2021:09:28:07 +0800] "GET /xingrg/dwr/interface/AjaxQqpsService.js HTTP/1.1" 200 16326
58.37.225.51 - - [01/Jun/2021:09:28:07 +0800] "GET /xingrg/dwr/engine.js HTTP/1.1" 200 43631
116.235.222.38 - - [01/Jun/2021:09:28:08 +0800] "POST /xingrg/dwr/call/plaincall/AjaxCheckService.setItemNumber.dwr HTTP/1.1" 200 78
116.224.253.72 - - [01/Jun/2021:09:28:08 +0800] "GET /xingrg/kc/buy/cgsh_order_operate.html?command=get_materiel&rest_code=00151&code=00101011010&supplier_code=00100047&order_time=2021-06-01 HTTP/1.1" 200 418
222.70.177.128 - - [01/Jun/2021:09:28:08 +0800] "POST /xingrg/dwr/call/plaincall/AjaxCheckService.setItemNumber.dwr HTTP/1.1" 200 78
58.37.225.51 - - [01/Jun/2021:09:28:08 +0800] "POST /xingrg/dwr/call/plaincall/AjaxQqpsService.loadMaterielItems.dwr HTTP/1.1" 200 2628
116.235.222.38 - - [01/Jun/2021:09:28:08 +0800] "POST /xingrg/dwr/call/plaincall/AjaxCheckService.setItemNumber.dwr HTTP/1.1" 200 78
116.232.49.92 - - [01/Jun/2021:09:28:08 +0800] "GET /xingrg/kc/buy/cgsh_order_operate.html?command=get_materiel&rest_code=00109&code=00101008010&supplier_code=00100005&order_time=2021-06-01 HTTP/1.1" 200 412
58.37.225.51 - - [01/Jun/2021:09:28:09 +0800] "GET /xingrg/all/function/internal_message.html?_=1622510894344&CODE_STATE=getMsg HTTP/1.1" 200 27
116.235.222.38 - - [01/Jun/2021:09:28:09 +0800] "POST /xingrg/dwr/call/plaincall/AjaxCheckService.setItemNumber.dwr HTTP/1.1" 200 78
222.70.177.128 - - [01/Jun/2021:09:28:10 +0800] "POST /xingrg/dwr/call/plaincall/AjaxCheckService.setItemNumber.dwr HTTP/1.1" 200 78
116.235.222.38 - - [01/Jun/2021:09:28:10 +0800] "POST /xingrg/dwr/call/plaincall/AjaxCheckService.setItemNumber.dwr HTTP/1.1" 200 78
116.235.222.38 - - [01/Jun/2021:09:28:11 +0800] "POST /xingrg/dwr/call/plaincall/AjaxCheckService.setItemNumber.dwr HTTP/1.1" 200 78
116.235.222.38 - - [01/Jun/2021:09:28:12 +0800] "GET /xingrg/all/function/internal_message.html?_=1622510889321&CODE_STATE=getMsg HTTP/1.1" 200 27
222.69.131.183 - - [01/Jun/2021:09:28:12 +0800] "POST /xingrg/services/DataTransmitService HTTP/1.1" 401 565
222.69.131.183 - - [01/Jun/2021:09:28:12 +0800] "POST /xingrg/services/DataTransmitService HTTP/1.1" 200 478
222.69.131.183 - - [01/Jun/2021:09:28:12 +0800] "POST /xingrg/services/DataTransmitService HTTP/1.1" 200 1320
222.69.131.183 - - [01/Jun/2021:09:28:12 +0800] "POST /xingrg/services/DataTransmitService HTTP/1.1" 200 478
222.69.131.183 - - [01/Jun/2021:09:28:12 +0800] "POST /xingrg/services/DataTransmitService HTTP/1.1" 200 1320
222.69.131.183 - - [01/Jun/2021:09:28:12 +0800] "POST /xingrg/services/DataTransmitService HTTP/1.1" 200 524
180.169.147.146 - - [01/Jun/2021:09:28:13 +0800] "GET /xingrg/all/function/internal_message.html?_=1622510891990&CODE_STATE=getMsg HTTP/1.1" 200 27
222.69.131.183 - - [01/Jun/2021:09:28:13 +0800] "POST /xingrg/services/DataTransmitService HTTP/1.1" 200 1979
116.224.253.72 - - [01/Jun/2021:09:28:13 +0800] "POST /xingrg/kc/buy/cgsh_order_operate.html HTTP/1.1" 200 37
116.235.222.38 - - [01/Jun/2021:09:28:13 +0800] "POST /xingrg/dwr/call/plaincall/AjaxCheckService.setItemNumber.dwr HTTP/1.1" 200 78
222.69.131.183 - - [01/Jun/2021:09:28:13 +0800] "POST /xingrg/services/DataTransmitService HTTP/1.1" 200 133883
116.235.222.38 - - [01/Jun/2021:09:28:14 +0800] "POST /xingrg/dwr/call/plaincall/AjaxCheckService.setItemNumber.dwr HTTP/1.1" 200 78
180.169.147.146 - - [01/Jun/2021:09:28:14 +0800] "GET /xingrg/all/function/internal_message.html?_=1622510895280&CODE_STATE=getMsg HTTP/1.1" 200 27
116.230.110.80 - - [01/Jun/2021:09:28:14 +0800] "GET /xingrg/all/function/internal_message.html?_=1622510893516&CODE_STATE=getMsg HTTP/1.1" 200 27
117.185.32.26 - - [01/Jun/2021:09:28:15 +0800] "GET /xingrg/all/function/internal_message.html?_=1622510895035&CODE_STATE=getMsg HTTP/1.1" 200 27
222.70.177.128 - - [01/Jun/2021:09:28:16 +0800] "POST /xingrg/dwr/call/plaincall/AjaxCheckService.setItemNumber.dwr HTTP/1.1" 200 78
116.224.253.72 - - [01/Jun/2021:09:28:16 +0800] "POST /xingrg/kc/buy/cgsh_order_operate.html HTTP/1.1" 200 12
116.232.49.92 - - [01/Jun/2021:09:28:16 +0800] "GET /xingrg/kc/buy/cgsh_order_operate.html?command=get_materiel&rest_code=00109&code=00101008306&supplier_code=00100005&order_time=2021-06-01 HTTP/1.1" 200 412
58.37.225.51 - - [01/Jun/2021:09:28:16 +0800] "GET /xingrg/kc/buy/buy_main.html HTTP/1.1" 200 12412
58.37.225.51 - - [01/Jun/2021:09:28:16 +0800] "GET /xingrg/css/new_ie.css HTTP/1.1" 404 1036
116.224.253.72 - - [01/Jun/2021:09:28:17 +0800] "GET /xingrg/kc/buy/cgsh_order_info.html?code=212021060100027 HTTP/1.1" 200 56809
116.224.253.72 - - [01/Jun/2021:09:28:17 +0800] "GET /xingrg/javascript/easyui/themes/default/validatebox.css HTTP/1.1" 404 1104
58.37.225.51 - - [01/Jun/2021:09:28:17 +0800] "GET /xingrg/kc/buy/cgsh_order_list.html HTTP/1.1" 200 46533
116.224.253.72 - - [01/Jun/2021:09:28:18 +0800] "POST /xingrg/kc/buy/cgsh_order_operate.html HTTP/1.1" 200 1828
58.37.225.51 - - [01/Jun/2021:09:28:18 +0800] "POST /xingrg/kc/buy/cgsh_list_operate.html HTTP/1.1" 200 876
116.235.222.38 - - [01/Jun/2021:09:28:19 +0800] "POST /xingrg/dwr/call/plaincall/AjaxCheckService.setItemNumber.dwr HTTP/1.1" 200 78
116.224.253.72 - - [01/Jun/2021:09:28:19 +0800] "GET /xingrg/kc/print/load_data.html?order_code=212021060100027&kc_code=cgsh&condition= HTTP/1.1" 200 1241
116.235.222.38 - - [01/Jun/2021:09:28:19 +0800] "POST /xingrg/dwr/call/plaincall/AjaxCheckService.setItemNumber.dwr HTTP/1.1" 200 78
58.37.225.51 - - [01/Jun/2021:09:28:20 +0800] "GET /xingrg/kc/buy/cgsh_order_add.html HTTP/1.1" 200 62271
58.37.225.51 - - [01/Jun/2021:09:28:20 +0800] "POST /xingrg/kc/buy/cgsh_order_operate.html HTTP/1.1" 200 8245
58.37.225.51 - - [01/Jun/2021:09:28:20 +0800] "GET /xingrg/all/common/auto_word.html?type=employee&rest_code=00141 HTTP/1.1" 200 201
58.37.225.51 - - [01/Jun/2021:09:28:20 +0800] "GET /xingrg/javascript/easyui/themes/default/validatebox.css HTTP/1.1" 404 1104
58.37.225.51 - - [01/Jun/2021:09:28:20 +0800] "GET /xingrg/all/common/auto_word.html?type=employee&rest_code=00141 HTTP/1.1" 200 201
116.235.222.38 - - [01/Jun/2021:09:28:20 +0800] "POST /xingrg/dwr/call/plaincall/AjaxCheckService.setItemNumber.dwr HTTP/1.1" 200 78
117.185.32.26 - - [01/Jun/2021:09:28:20 +0800] "POST /xingrg/services/DataTransmitService HTTP/1.1" 200 524
222.70.177.128 - - [01/Jun/2021:09:28:21 +0800] "POST /xingrg/dwr/call/plaincall/AjaxCheckService.setItemNumber.dwr HTTP/1.1" 200 78
116.235.222.38 - - [01/Jun/2021:09:28:21 +0800] "POST /xingrg/dwr/call/plaincall/AjaxCheckService.setItemNumber.dwr HTTP/1.1" 200 78
116.235.222.38 - - [01/Jun/2021:09:28:22 +0800] "POST /xingrg/dwr/call/plaincall/AjaxCheckService.setItemNumber.dwr HTTP/1.1" 200 78
116.232.49.92 - - [01/Jun/2021:09:28:23 +0800] "GET /xingrg/kc/buy/cgsh_order_operate.html?command=get_materiel&rest_code=00109&code=00101008220&supplier_code=00100005&order_time=2021-06-01 HTTP/1.1" 200 412
116.235.222.38 - - [01/Jun/2021:09:28:23 +0800] "POST /xingrg/dwr/call/plaincall/AjaxCheckService.setItemNumber.dwr HTTP/1.1" 200 78
222.70.177.128 - - [01/Jun/2021:09:28:24 +0800] "POST /xingrg/dwr/call/plaincall/AjaxCheckService.setItemNumber.dwr HTTP/1.1" 200 78
116.235.222.38 - - [01/Jun/2021:09:28:24 +0800] "POST /xingrg/dwr/call/plaincall/AjaxCheckService.setItemNumber.dwr HTTP/1.1" 200 78
116.224.253.72 - - [01/Jun/2021:09:28:24 +0800] "GET /xingrg/kc/buy/cgsh_order_add.html HTTP/1.1" 200 61907
116.232.49.92 - - [01/Jun/2021:09:28:24 +0800] "POST /xingrg/kc/buy/cgsh_order_operate.html HTTP/1.1" 200 2065
116.224.253.72 - - [01/Jun/2021:09:28:25 +0800] "POST /xingrg/kc/buy/cgsh_order_operate.html HTTP/1.1" 200 8245
116.224.253.72 - - [01/Jun/2021:09:28:25 +0800] "GET /xingrg/javascript/easyui/themes/default/validatebox.css HTTP/1.1" 404 1104
116.224.253.72 - - [01/Jun/2021:09:28:25 +0800] "GET /xingrg/all/function/internal_message.html?_=1622510911988&CODE_STATE=getMsg HTTP/1.1" 200 27
117.185.32.26 - - [01/Jun/2021:09:28:25 +0800] "POST /xingrg/services/DataTransmitService HTTP/1.1" 200 501
222.70.177.128 - - [01/Jun/2021:09:28:25 +0800] "POST /xingrg/dwr/call/plaincall/AjaxCheckService.setItemNumber.dwr HTTP/1.1" 200 78
116.224.253.72 - - [01/Jun/2021:09:28:27 +0800] "POST /xingrg/kc/buy/cgsh_order_operate.html HTTP/1.1" 200 37
222.70.177.128 - - [01/Jun/2021:09:28:27 +0800] "POST /xingrg/dwr/call/plaincall/AjaxCheckService.setItemNumber.dwr HTTP/1.1" 200 78
116.235.222.38 - - [01/Jun/2021:09:28:28 +0800] "POST /xingrg/dwr/call/plaincall/AjaxCheckService.setItemNumber.dwr HTTP/1.1" 200 78
116.224.253.72 - - [01/Jun/2021:09:28:29 +0800] "POST /xingrg/kc/buy/cgsh_order_operate.html HTTP/1.1" 200 31071
222.69.131.183 - - [01/Jun/2021:09:28:29 +0800] "POST /xingrg/services/DataTransmitService HTTP/1.1" 200 45454
222.69.131.183 - - [01/Jun/2021:09:28:29 +0800] "POST /xingrg/services/DataTransmitService HTTP/1.1" 200 19237
120.253.135.82 - - [01/Jun/2021:09:28:29 +0800] "GET /xingrg/kc/buy/cgsh_order_list.html HTTP/1.1" 200 46527
120.253.135.82 - - [01/Jun/2021:09:28:29 +0800] "GET /xingrg/css/base.css HTTP/1.1" 200 2811
120.253.135.82 - - [01/Jun/2021:09:28:29 +0800] "GET /xingrg/css/site.css HTTP/1.1" 200 7541
120.253.135.82 - - [01/Jun/2021:09:28:29 +0800] "GET /xingrg/javascript/jquery_tools/fix.css HTTP/1.1" 200 1702
120.253.135.82 - - [01/Jun/2021:09:28:29 +0800] "GET /xingrg/javascript/jquery_tools/jquery.tools.min.js HTTP/1.1" 200 138801
120.253.135.82 - - [01/Jun/2021:09:28:29 +0800] "GET /xingrg/javascript/auto/jquery.autocomplete.css HTTP/1.1" 200 587
120.253.135.82 - - [01/Jun/2021:09:28:29 +0800] "GET /xingrg/javascript/jquery_tools/jquery.tools.hotkey.js HTTP/1.1" 200 3242
120.253.135.82 - - [01/Jun/2021:09:28:29 +0800] "GET /xingrg/javascript/easyui/themes/icon.css HTTP/1.1" 200 4483
120.253.135.82 - - [01/Jun/2021:09:28:29 +0800] "GET /xingrg/javascript/jquery_tools/datebox.css HTTP/1.1" 200 2597
120.253.135.82 - - [01/Jun/2021:09:28:29 +0800] "GET /xingrg/javascript/jquery_tools/table.css HTTP/1.1" 200 1032
120.253.135.82 - - [01/Jun/2021:09:28:30 +0800] "GET /xingrg/javascript/jquery_tools/jquery.tools.extend.js HTTP/1.1" 200 15385
120.253.135.82 - - [01/Jun/2021:09:28:30 +0800] "GET /xingrg/javascript/easyui/themes/default/easyui.css HTTP/1.1" 200 30432
120.253.135.82 - - [01/Jun/2021:09:28:30 +0800] "GET /xingrg/javascript/jquery_tools/jquery.tools.table.js HTTP/1.1" 200 6994
120.253.135.82 - - [01/Jun/2021:09:28:30 +0800] "GET /xingrg/javascript/jquery_tools/list_manager.js HTTP/1.1" 200 3652
120.253.135.82 - - [01/Jun/2021:09:28:30 +0800] "GET /xingrg/javascript/easyui/easyloader.js HTTP/1.1" 200 5975
120.253.135.82 - - [01/Jun/2021:09:28:30 +0800] "GET /xingrg/javascript/jquery.cookie.js HTTP/1.1" 200 5513
120.253.135.82 - - [01/Jun/2021:09:28:30 +0800] "GET /xingrg/javascript/print/LodopFuncs.js HTTP/1.1" 200 5121
120.253.135.82 - - [01/Jun/2021:09:28:30 +0800] "GET /xingrg/javascript/auto/jquery.autocomplete.js HTTP/1.1" 200 21624
222.70.177.128 - - [01/Jun/2021:09:28:30 +0800] "POST /xingrg/dwr/call/plaincall/AjaxCheckService.setItemNumber.dwr HTTP/1.1" 200 78
116.235.222.38 - - [01/Jun/2021:09:28:30 +0800] "POST /xingrg/dwr/call/plaincall/AjaxCheckService.setItemNumber.dwr HTTP/1.1" 200 78
120.253.135.82 - - [01/Jun/2021:09:28:31 +0800] "GET /xingrg/javascript/easyui/plugins/jquery.parser.js HTTP/1.1" 200 1142
120.253.135.82 - - [01/Jun/2021:09:28:31 +0800] "GET /xingrg/images/control/ajaxLoader.gif HTTP/1.1" 200 4659
120.253.135.82 - - [01/Jun/2021:09:28:31 +0800] "GET /xingrg/javascript/easyui/themes/icons/field_new.png HTTP/1.1" 200 1097
120.253.135.82 - - [01/Jun/2021:09:28:31 +0800] "GET /xingrg/javascript/easyui/themes/icons/check_new.png HTTP/1.1" 200 3224
120.253.135.82 - - [01/Jun/2021:09:28:31 +0800] "GET /xingrg/javascript/easyui/themes/icons/cance_new.png HTTP/1.1" 200 3986
120.253.135.82 - - [01/Jun/2021:09:28:31 +0800] "GET /xingrg/javascript/easyui/themes/icons/edit_add_new.png HTTP/1.1" 200 2997
120.253.135.82 - - [01/Jun/2021:09:28:31 +0800] "GET /xingrg/javascript/easyui/themes/icons/import_new.png HTTP/1.1" 200 1247
222.70.177.128 - - [01/Jun/2021:09:28:31 +0800] "POST /xingrg/dwr/call/plaincall/AjaxCheckService.setItemNumber.dwr HTTP/1.1" 200 78
120.253.135.82 - - [01/Jun/2021:09:28:32 +0800] "POST /xingrg/kc/buy/cgsh_list_operate.html HTTP/1.1" 200 876
116.235.222.38 - - [01/Jun/2021:09:28:32 +0800] "POST /xingrg/dwr/call/plaincall/AjaxCheckService.setItemNumber.dwr HTTP/1.1" 200 78
116.235.222.38 - - [01/Jun/2021:09:28:32 +0800] "POST /xingrg/dwr/call/plaincall/AjaxCheckService.setItemNumber.dwr HTTP/1.1" 200 78
116.224.253.72 - - [01/Jun/2021:09:28:33 +0800] "GET /xingrg/all/function/internal_message.html?_=1622510912980&CODE_STATE=getMsg HTTP/1.1" 200 27
222.70.177.128 - - [01/Jun/2021:09:28:34 +0800] "POST /xingrg/dwr/call/plaincall/AjaxCheckService.setItemNumber.dwr HTTP/1.1" 200 78
116.235.222.38 - - [01/Jun/2021:09:28:34 +0800] "POST /xingrg/dwr/call/plaincall/AjaxCheckService.setItemNumber.dwr HTTP/1.1" 200 78
116.224.253.72 - - [01/Jun/2021:09:28:34 +0800] "GET /xingrg/kc/buy/cgsh_order_operate.html?command=get_materiel&rest_code=00151&code=00101007049&supplier_code=00100096&order_time=2021-06-01 HTTP/1.1" 200 409
116.232.49.92 - - [01/Jun/2021:09:28:34 +0800] "GET /xingrg/kc/buy/cgsh_order_operate.html?command=get_materiel&rest_code=00109&code=00101008350&supplier_code=00100005&order_time=2021-06-01 HTTP/1.1" 200 408
116.230.110.80 - - [01/Jun/2021:09:28:34 +0800] "GET /xingrg/check_reg.html?_=1622510913394 HTTP/1.1" 200 22
222.70.177.128 - - [01/Jun/2021:09:28:35 +0800] "POST /xingrg/dwr/call/plaincall/AjaxCheckService.setItemNumber.dwr HTTP/1.1" 200 78
116.235.222.38 - - [01/Jun/2021:09:28:36 +0800] "POST /xingrg/dwr/call/plaincall/AjaxCheckService.setItemNumber.dwr HTTP/1.1" 200 78
116.235.222.38 - - [01/Jun/2021:09:28:37 +0800] "POST /xingrg/dwr/call/plaincall/AjaxCheckService.setItemNumber.dwr HTTP/1.1" 200 78
222.69.131.183 - - [01/Jun/2021:09:28:37 +0800] "POST /xingrg/services/DataTransmitService HTTP/1.1" 200 524
116.235.222.38 - - [01/Jun/2021:09:28:38 +0800] "POST /xingrg/dwr/call/plaincall/AjaxCheckService.setItemNumber.dwr HTTP/1.1" 200 78
222.69.131.183 - - [01/Jun/2021:09:28:38 +0800] "POST /xingrg/services/DataTransmitService HTTP/1.1" 200 1979
222.70.177.128 - - [01/Jun/2021:09:28:38 +0800] "POST /xingrg/dwr/call/plaincall/AjaxCheckService.setItemNumber.dwr HTTP/1.1" 200 78
222.69.131.183 - - [01/Jun/2021:09:28:38 +0800] "POST /xingrg/services/DataTransmitService HTTP/1.1" 200 133883
120.253.135.82 - - [01/Jun/2021:09:28:41 +0800] "GET /xingrg/javascript/auto/indicator.gif HTTP/1.1" 404 1066
222.70.177.128 - - [01/Jun/2021:09:28:41 +0800] "POST /xingrg/dwr/call/plaincall/AjaxCheckService.setItemNumber.dwr HTTP/1.1" 200 78
116.235.222.38 - - [01/Jun/2021:09:28:41 +0800] "POST /xingrg/dwr/call/plaincall/AjaxCheckService.setItemNumber.dwr HTTP/1.1" 200 78
116.235.222.38 - - [01/Jun/2021:09:28:42 +0800] "POST /xingrg/dwr/call/plaincall/AjaxCheckService.setItemNumber.dwr HTTP/1.1" 200 78
116.224.253.72 - - [01/Jun/2021:09:28:44 +0800] "GET /xingrg/kc/buy/cgsh_order_operate.html?command=get_materiel&rest_code=00151&code=00101007091&supplier_code=00100096&order_time=2021-06-01 HTTP/1.1" 200 415
116.230.114.112 - - [01/Jun/2021:09:28:44 +0800] "GET /xingrg/all/function/internal_message.html?_=1622510930085&CODE_STATE=getMsg HTTP/1.1" 200 27
222.70.177.128 - - [01/Jun/2021:09:28:44 +0800] "POST /xingrg/dwr/call/plaincall/AjaxCheckService.setItemNumber.dwr HTTP/1.1" 200 78
58.40.7.146 - - [01/Jun/2021:09:28:45 +0800] "GET /xingrg/check_reg.html?_=1622510926379 HTTP/1.1" 200 22
58.40.7.146 - - [01/Jun/2021:09:28:45 +0800] "GET /xingrg/all/function/internal_message.html?_=1622510926381&CODE_STATE=getMsg HTTP/1.1" 200 27
61.165.42.208 - - [01/Jun/2021:09:28:46 +0800] "GET /favicon.ico HTTP/1.1" 404 -
222.70.177.128 - - [01/Jun/2021:09:28:48 +0800] "POST /xingrg/dwr/call/plaincall/AjaxCheckService.setItemNumber.dwr HTTP/1.1" 200 78
120.253.135.82 - - [01/Jun/2021:09:28:50 +0800] "POST /xingrg/kc/buy/cgsh_list_operate.html HTTP/1.1" 200 1705
116.235.222.38 - - [01/Jun/2021:09:28:51 +0800] "POST /xingrg/dwr/call/plaincall/AjaxCheckService.setItemNumber.dwr HTTP/1.1" 200 78
222.70.177.128 - - [01/Jun/2021:09:28:51 +0800] "GET /xingrg/all/function/internal_message.html?_=1622510929382&CODE_STATE=getMsg HTTP/1.1" 200 27
222.69.131.183 - - [01/Jun/2021:09:28:52 +0800] "GET /xingrg/all/function/internal_message.html?_=1622510931344&CODE_STATE=getMsg HTTP/1.1" 200 27
116.235.222.38 - - [01/Jun/2021:09:28:52 +0800] "POST /xingrg/dwr/call/plaincall/AjaxCheckService.setItemNumber.dwr HTTP/1.1" 200 78
116.224.253.72 - - [01/Jun/2021:09:28:53 +0800] "GET /xingrg/kc/buy/cgsh_order_operate.html?command=get_materiel&rest_code=00151&code=00101007048&supplier_code=00100096&order_time=2021-06-01 HTTP/1.1" 200 408
222.70.177.128 - - [01/Jun/2021:09:28:53 +0800] "POST /xingrg/dwr/call/plaincall/AjaxCheckService.setItemNumber.dwr HTTP/1.1" 200 78
116.235.222.38 - - [01/Jun/2021:09:28:53 +0800] "POST /xingrg/dwr/call/plaincall/AjaxCheckService.setItemNumber.dwr HTTP/1.1" 200 78
120.253.135.82 - - [01/Jun/2021:09:28:53 +0800] "GET /xingrg/all/function/internal_message.html?_=1622510436956&CODE_STATE=getMsg HTTP/1.1" 200 27
116.235.222.38 - - [01/Jun/2021:09:28:54 +0800] "POST /xingrg/dwr/call/plaincall/AjaxCheckService.setItemNumber.dwr HTTP/1.1" 200 78
116.235.222.38 - - [01/Jun/2021:09:28:54 +0800] "POST /xingrg/dwr/call/plaincall/AjaxCheckService.setItemNumber.dwr HTTP/1.1" 200 78
120.253.135.82 - - [01/Jun/2021:09:28:55 +0800] "POST /xingrg/kc/buy/cgsh_list_operate.html HTTP/1.1" 200 295
116.232.49.92 - - [01/Jun/2021:09:28:55 +0800] "GET /xingrg/all/function/internal_message.html?_=1622510935910&CODE_STATE=getMsg HTTP/1.1" 200 27
116.232.49.92 - - [01/Jun/2021:09:28:55 +0800] "GET /xingrg/check_reg.html?_=1622510935914 HTTP/1.1" 200 22
116.235.222.38 - - [01/Jun/2021:09:28:55 +0800] "POST /xingrg/dwr/call/plaincall/AjaxCheckService.setItemNumber.dwr HTTP/1.1" 200 78
116.235.222.38 - - [01/Jun/2021:09:28:56 +0800] "POST /xingrg/dwr/call/plaincall/AjaxCheckService.setItemNumber.dwr HTTP/1.1" 200 78
116.232.49.92 - - [01/Jun/2021:09:28:56 +0800] "GET /xingrg/check_reg.html?_=1622510998250 HTTP/1.1" 302 -
116.232.49.92 - - [01/Jun/2021:09:28:56 +0800] "GET /xingrg/all/function/internal_message.html?_=1622510998312&CODE_STATE=getMsg HTTP/1.1" 302 -
116.235.222.38 - - [01/Jun/2021:09:28:57 +0800] "POST /xingrg/dwr/call/plaincall/AjaxCheckService.setItemNumber.dwr HTTP/1.1" 200 78
61.165.42.208 - - [01/Jun/2021:09:28:57 +0800] "GET /xingrg/all/function/internal_message.html?_=1622510938145&CODE_STATE=getMsg HTTP/1.1" 200 27
222.70.177.128 - - [01/Jun/2021:09:28:57 +0800] "POST /xingrg/dwr/call/plaincall/AjaxCheckService.setItemNumber.dwr HTTP/1.1" 200 78
116.235.222.38 - - [01/Jun/2021:09:28:57 +0800] "POST /xingrg/dwr/call/plaincall/AjaxCheckService.setItemNumber.dwr HTTP/1.1" 200 78
116.235.222.38 - - [01/Jun/2021:09:28:58 +0800] "POST /xingrg/dwr/call/plaincall/AjaxCheckService.setItemNumber.dwr HTTP/1.1" 200 78
116.235.222.38 - - [01/Jun/2021:09:28:59 +0800] "POST /xingrg/dwr/call/plaincall/AjaxCheckService.setItemNumber.dwr HTTP/1.1" 200 78
222.70.177.128 - - [01/Jun/2021:09:28:59 +0800] "POST /xingrg/dwr/call/plaincall/AjaxCheckService.setItemNumber.dwr HTTP/1.1" 200 78
116.235.222.38 - - [01/Jun/2021:09:28:59 +0800] "POST /xingrg/dwr/call/plaincall/AjaxCheckService.setItemNumber.dwr HTTP/1.1" 200 78
58.37.225.51 - - [01/Jun/2021:09:28:59 +0800] "GET /xingrg/javascript/auto/indicator.gif HTTP/1.1" 404 1066
116.235.222.38 - - [01/Jun/2021:09:29:00 +0800] "POST /xingrg/dwr/call/plaincall/AjaxCheckService.setItemNumber.dwr HTTP/1.1" 200 78
61.165.42.208 - - [01/Jun/2021:09:29:00 +0800] "POST /xingrg/kc/buy/cgsh_order_operate.html HTTP/1.1" 200 37
116.235.222.38 - - [01/Jun/2021:09:29:01 +0800] "POST /xingrg/dwr/call/plaincall/AjaxCheckService.setItemNumber.dwr HTTP/1.1" 200 78
58.37.225.51 - - [01/Jun/2021:09:29:01 +0800] "GET /xingrg/javascript/jquery_tools/images/next.gif HTTP/1.1" 404 1086
58.37.225.51 - - [01/Jun/2021:09:29:01 +0800] "GET /xingrg/javascript/jquery_tools/images/prev.gif HTTP/1.1" 404 1086
116.224.253.72 - - [01/Jun/2021:09:29:01 +0800] "GET /xingrg/kc/buy/cgsh_order_operate.html?command=get_materiel&rest_code=00151&code=00101012059&supplier_code=00100096&order_time=2021-06-01 HTTP/1.1" 200 412
61.165.42.208 - - [01/Jun/2021:09:29:01 +0800] "POST /xingrg/kc/buy/cgsh_order_operate.html HTTP/1.1" 200 46348
222.70.177.128 - - [01/Jun/2021:09:29:01 +0800] "POST /xingrg/dwr/call/plaincall/AjaxCheckService.setItemNumber.dwr HTTP/1.1" 200 78
116.235.222.38 - - [01/Jun/2021:09:29:01 +0800] "POST /xingrg/dwr/call/plaincall/AjaxCheckService.setItemNumber.dwr HTTP/1.1" 200 78
116.235.222.38 - - [01/Jun/2021:09:29:02 +0800] "POST /xingrg/dwr/call/plaincall/AjaxCheckService.setItemNumber.dwr HTTP/1.1" 200 78
120.253.135.82 - - [01/Jun/2021:09:29:02 +0800] "GET /xingrg/javascript/convert.js HTTP/1.1" 200 1239
120.253.135.82 - - [01/Jun/2021:09:29:02 +0800] "GET /xingrg/javascript/json2.js HTTP/1.1" 200 11259
120.253.135.82 - - [01/Jun/2021:09:29:02 +0800] "GET /xingrg/javascript/print/kc_print.js HTTP/1.1" 200 11415
120.253.135.82 - - [01/Jun/2021:09:29:02 +0800] "GET /xingrg/javascript/jquery_tools/order_manager.js HTTP/1.1" 200 11183
120.253.135.82 - - [01/Jun/2021:09:29:02 +0800] "GET /xingrg/kc/buy/cgsh_order_info.html?code=212019092306843 HTTP/1.1" 200 56222
116.235.222.38 - - [01/Jun/2021:09:29:03 +0800] "POST /xingrg/dwr/call/plaincall/AjaxCheckService.setItemNumber.dwr HTTP/1.1" 200 78
120.253.135.82 - - [01/Jun/2021:09:29:03 +0800] "GET /xingrg/words/20210531123643_words.js HTTP/1.1" 200 818287
116.235.222.38 - - [01/Jun/2021:09:29:04 +0800] "POST /xingrg/dwr/call/plaincall/AjaxCheckService.setItemNumber.dwr HTTP/1.1" 200 78
114.86.187.76 - - [01/Jun/2021:09:29:04 +0800] "GET /xingrg/all/function/internal_message.html?_=1622510929320&CODE_STATE=getMsg HTTP/1.1" 200 27
116.235.222.38 - - [01/Jun/2021:09:29:05 +0800] "POST /xingrg/dwr/call/plaincall/AjaxCheckService.setItemNumber.dwr HTTP/1.1" 200 78
120.253.135.82 - - [01/Jun/2021:09:29:06 +0800] "GET /xingrg/javascript/easyui/themes/icons/cancel.png HTTP/1.1" 200 1133
120.253.135.82 - - [01/Jun/2021:09:29:06 +0800] "GET /xingrg/javascript/easyui/themes/default/validatebox.css HTTP/1.1" 404 1104
120.253.135.82 - - [01/Jun/2021:09:29:06 +0800] "GET /xingrg/javascript/easyui/themes/default/images/menu_downarrow.png HTTP/1.1" 200 173
120.253.135.82 - - [01/Jun/2021:09:29:06 +0800] "GET /xingrg/javascript/easyui/themes/icons/print.png HTTP/1.1" 200 1057
120.253.135.82 - - [01/Jun/2021:09:29:06 +0800] "GET /xingrg/javascript/easyui/themes/icons/copy_new.png HTTP/1.1" 200 815
120.253.135.82 - - [01/Jun/2021:09:29:06 +0800] "GET /xingrg/javascript/easyui/plugins/jquery.validatebox.js HTTP/1.1" 200 6103
61.129.7.236 - - [01/Jun/2021:09:29:07 +0800] "GET /xingrg/kc/mdqp/qqps_order_info.html?code=302021060100001 HTTP/1.1" 302 -
61.129.7.236 - - [01/Jun/2021:09:29:07 +0800] "GET /xingrg/login.html HTTP/1.1" 200 7641
116.235.222.38 - - [01/Jun/2021:09:29:09 +0800] "POST /xingrg/dwr/call/plaincall/AjaxCheckService.setItemNumber.dwr HTTP/1.1" 200 78
61.151.207.205 - - [01/Jun/2021:09:29:09 +0800] "GET /xingrg/all/function/internal_message.html?_=1622510894344&CODE_STATE=getMsg HTTP/1.1" 302 -
116.232.49.92 - - [01/Jun/2021:09:29:09 +0800] "GET /xingrg/kc/buy/cgsh_order_operate.html?command=get_materiel&rest_code=00109&code=00101008356&supplier_code=00100005&order_time=2021-06-01 HTTP/1.1" 200 408
58.37.225.51 - - [01/Jun/2021:09:29:09 +0800] "GET /xingrg/check_reg.html?_=1622510954347 HTTP/1.1" 200 22
58.37.225.51 - - [01/Jun/2021:09:29:09 +0800] "GET /xingrg/all/function/internal_message.html?_=1622510954346&CODE_STATE=getMsg HTTP/1.1" 200 27
116.235.222.38 - - [01/Jun/2021:09:29:09 +0800] "POST /xingrg/dwr/call/plaincall/AjaxCheckService.setItemNumber.dwr HTTP/1.1" 200 78
61.151.207.205 - - [01/Jun/2021:09:29:09 +0800] "GET /xingrg/login.html HTTP/1.1" 200 7641
116.235.222.38 - - [01/Jun/2021:09:29:10 +0800] "POST /xingrg/dwr/call/plaincall/AjaxCheckService.setItemNumber.dwr HTTP/1.1" 200 78
116.235.222.38 - - [01/Jun/2021:09:29:11 +0800] "POST /xingrg/dwr/call/plaincall/AjaxCheckService.setItemNumber.dwr HTTP/1.1" 200 78
116.235.222.38 - - [01/Jun/2021:09:29:12 +0800] "POST /xingrg/dwr/call/plaincall/AjaxCheckService.setItemNumber.dwr HTTP/1.1" 200 78
116.235.222.38 - - [01/Jun/2021:09:29:12 +0800] "GET /xingrg/all/function/internal_message.html?_=1622510949834&CODE_STATE=getMsg HTTP/1.1" 200 27
116.235.222.38 - - [01/Jun/2021:09:29:12 +0800] "POST /xingrg/dwr/call/plaincall/AjaxCheckService.setItemNumber.dwr HTTP/1.1" 200 78
180.169.147.146 - - [01/Jun/2021:09:29:13 +0800] "GET /xingrg/check_reg.html?_=1622510951988 HTTP/1.1" 200 22
180.169.147.146 - - [01/Jun/2021:09:29:13 +0800] "GET /xingrg/all/function/internal_message.html?_=1622510951990&CODE_STATE=getMsg HTTP/1.1" 200 27
116.235.222.38 - - [01/Jun/2021:09:29:13 +0800] "POST /xingrg/dwr/call/plaincall/AjaxCheckService.setItemNumber.dwr HTTP/1.1" 200 78
120.253.135.82 - - [01/Jun/2021:09:29:14 +0800] "GET /xingrg/javascript/easyui/plugins/jquery.draggable.js HTTP/1.1" 200 6121
120.253.135.82 - - [01/Jun/2021:09:29:14 +0800] "GET /xingrg/css/images/panel_loading.gif HTTP/1.1" 200 1737
116.235.222.38 - - [01/Jun/2021:09:29:14 +0800] "POST /xingrg/dwr/call/plaincall/AjaxCheckService.setItemNumber.dwr HTTP/1.1" 200 78
120.253.135.82 - - [01/Jun/2021:09:29:14 +0800] "GET /xingrg/javascript/easyui/plugins/jquery.droppable.js HTTP/1.1" 200 1167
120.253.135.82 - - [01/Jun/2021:09:29:14 +0800] "GET /xingrg/javascript/easyui/themes/default/tree.css HTTP/1.1" 404 1090
120.253.135.82 - - [01/Jun/2021:09:29:14 +0800] "GET /xingrg/javascript/easyui/plugins/jquery.tree.js HTTP/1.1" 200 20874
120.253.135.82 - - [01/Jun/2021:09:29:14 +0800] "POST /xingrg/all/common/load_tree.html?tree=supplier_tree_json&manage=1 HTTP/1.1" 200 56644
120.204.17.72 - - [01/Jun/2021:09:29:14 +0800] "GET /xingrg/all/function/internal_message.html?_=1622510895035&CODE_STATE=getMsg HTTP/1.1" 302 -
180.169.147.146 - - [01/Jun/2021:09:29:14 +0800] "GET /xingrg/all/function/internal_message.html?_=1622510955280&CODE_STATE=getMsg HTTP/1.1" 200 27
116.230.110.80 - - [01/Jun/2021:09:29:14 +0800] "GET /xingrg/all/function/internal_message.html?_=1622510953500&CODE_STATE=getMsg HTTP/1.1" 200 27
120.204.17.72 - - [01/Jun/2021:09:29:14 +0800] "GET /xingrg/login.html HTTP/1.1" 200 7641
117.185.32.26 - - [01/Jun/2021:09:29:15 +0800] "GET /xingrg/all/function/internal_message.html?_=1622510955034&CODE_STATE=getMsg HTTP/1.1" 200 27
120.253.135.82 - - [01/Jun/2021:09:29:15 +0800] "GET /xingrg/javascript/easyui/themes/default/images/tree_checkbox_1.gif HTTP/1.1" 200 174
120.253.135.82 - - [01/Jun/2021:09:29:15 +0800] "GET /xingrg/javascript/easyui/themes/default/images/tree_arrows.gif HTTP/1.1" 200 617
120.253.135.82 - - [01/Jun/2021:09:29:15 +0800] "GET /xingrg/javascript/easyui/themes/default/images/tree_folder_open.gif HTTP/1.1" 200 956
120.253.135.82 - - [01/Jun/2021:09:29:15 +0800] "GET /xingrg/javascript/easyui/themes/default/images/tree_folder.gif HTTP/1.1" 200 952
116.235.222.38 - - [01/Jun/2021:09:29:16 +0800] "POST /xingrg/dwr/call/plaincall/AjaxCheckService.setItemNumber.dwr HTTP/1.1" 200 78
116.235.222.38 - - [01/Jun/2021:09:29:18 +0800] "POST /xingrg/dwr/call/plaincall/AjaxCheckService.setItemNumber.dwr HTTP/1.1" 200 78
116.235.222.38 - - [01/Jun/2021:09:29:19 +0800] "POST /xingrg/dwr/call/plaincall/AjaxCheckService.setItemNumber.dwr HTTP/1.1" 200 78
116.235.222.38 - - [01/Jun/2021:09:29:20 +0800] "POST /xingrg/dwr/call/plaincall/AjaxCheckService.setItemNumber.dwr HTTP/1.1" 200 78
116.232.49.92 - - [01/Jun/2021:09:29:20 +0800] "GET /xingrg/kc/buy/cgsh_order_operate.html?command=get_materiel&rest_code=00109&code=00101008286&supplier_code=00100005&order_time=2021-06-01 HTTP/1.1" 200 408
116.224.253.72 - - [01/Jun/2021:09:29:25 +0800] "GET /xingrg/all/function/internal_message.html?_=1622510972002&CODE_STATE=getMsg HTTP/1.1" 200 27
116.235.222.38 - - [01/Jun/2021:09:29:27 +0800] "POST /xingrg/dwr/call/plaincall/AjaxCheckService.setItemNumber.dwr HTTP/1.1" 200 78
116.235.222.38 - - [01/Jun/2021:09:29:30 +0800] "POST /xingrg/dwr/call/plaincall/AjaxCheckService.setItemNumber.dwr HTTP/1.1" 200 78
116.232.49.92 - - [01/Jun/2021:09:29:30 +0800] "GET /xingrg/kc/buy/cgsh_order_operate.html?command=get_materiel&rest_code=00109&code=00101008131&supplier_code=00100005&order_time=2021-06-01 HTTP/1.1" 200 408
116.235.222.38 - - [01/Jun/2021:09:29:30 +0800] "POST /xingrg/dwr/call/plaincall/AjaxCheckService.setItemNumber.dwr HTTP/1.1" 200 78
120.253.135.82 - - [01/Jun/2021:09:29:31 +0800] "POST /xingrg/kc/buy/cgsh_list_operate.html HTTP/1.1" 200 5865
116.235.222.38 - - [01/Jun/2021:09:29:31 +0800] "POST /xingrg/dwr/call/plaincall/AjaxCheckService.setItemNumber.dwr HTTP/1.1" 200 78
116.235.222.38 - - [01/Jun/2021:09:29:32 +0800] "POST /xingrg/dwr/call/plaincall/AjaxCheckService.setItemNumber.dwr HTTP/1.1" 200 78
116.235.222.38 - - [01/Jun/2021:09:29:33 +0800] "POST /xingrg/dwr/call/plaincall/AjaxCheckService.setItemNumber.dwr HTTP/1.1" 200 78
116.224.253.72 - - [01/Jun/2021:09:29:33 +0800] "GET /xingrg/all/function/internal_message.html?_=1622510972975&CODE_STATE=getMsg HTTP/1.1" 200 27
116.235.222.38 - - [01/Jun/2021:09:29:34 +0800] "POST /xingrg/dwr/call/plaincall/AjaxCheckService.setItemNumber.dwr HTTP/1.1" 200 78
116.235.222.38 - - [01/Jun/2021:09:29:35 +0800] "POST /xingrg/dwr/call/plaincall/AjaxCheckService.setItemNumber.dwr HTTP/1.1" 200 78
120.253.135.82 - - [01/Jun/2021:09:29:35 +0800] "POST /xingrg/kc/buy/cgsh_list_operate.html HTTP/1.1" 200 305
116.235.222.38 - - [01/Jun/2021:09:29:36 +0800] "POST /xingrg/dwr/call/plaincall/AjaxCheckService.setItemNumber.dwr HTTP/1.1" 200 78
116.235.222.38 - - [01/Jun/2021:09:29:36 +0800] "POST /xingrg/dwr/call/plaincall/AjaxCheckService.setItemNumber.dwr HTTP/1.1" 200 78
116.235.222.38 - - [01/Jun/2021:09:29:37 +0800] "POST /xingrg/dwr/call/plaincall/AjaxCheckService.setItemNumber.dwr HTTP/1.1" 200 78
116.235.222.38 - - [01/Jun/2021:09:29:38 +0800] "POST /xingrg/dwr/call/plaincall/AjaxCheckService.setItemNumber.dwr HTTP/1.1" 200 78
116.235.222.38 - - [01/Jun/2021:09:29:39 +0800] "POST /xingrg/dwr/call/plaincall/AjaxCheckService.setItemNumber.dwr HTTP/1.1" 200 78
116.235.222.38 - - [01/Jun/2021:09:29:39 +0800] "POST /xingrg/dwr/call/plaincall/AjaxCheckService.setItemNumber.dwr HTTP/1.1" 200 78
116.235.222.38 - - [01/Jun/2021:09:29:40 +0800] "POST /xingrg/dwr/call/plaincall/AjaxCheckService.setItemNumber.dwr HTTP/1.1" 200 78
120.253.135.82 - - [01/Jun/2021:09:29:41 +0800] "GET /xingrg/kc/buy/cgsh_order_info.html?code=212021051506371 HTTP/1.1" 200 56232
116.235.222.38 - - [01/Jun/2021:09:29:41 +0800] "POST /xingrg/dwr/call/plaincall/AjaxCheckService.setItemNumber.dwr HTTP/1.1" 200 78
120.253.135.82 - - [01/Jun/2021:09:29:41 +0800] "GET /xingrg/javascript/easyui/themes/default/validatebox.css HTTP/1.1" 404 1104
120.253.135.82 - - [01/Jun/2021:09:29:41 +0800] "GET /xingrg/javascript/easyui/plugins/jquery.numberbox.js HTTP/1.1" 200 5213
116.235.222.38 - - [01/Jun/2021:09:29:42 +0800] "POST /xingrg/dwr/call/plaincall/AjaxCheckService.setItemNumber.dwr HTTP/1.1" 200 78
120.253.135.82 - - [01/Jun/2021:09:29:42 +0800] "POST /xingrg/kc/buy/cgsh_order_operate.html HTTP/1.1" 200 1253
120.253.135.82 - - [01/Jun/2021:09:29:42 +0800] "GET /xingrg/javascript/easyui/themes/icons/edit_remove.png HTTP/1.1" 200 625
116.235.222.38 - - [01/Jun/2021:09:29:42 +0800] "POST /xingrg/dwr/call/plaincall/AjaxCheckService.setItemNumber.dwr HTTP/1.1" 200 78
116.235.222.38 - - [01/Jun/2021:09:29:43 +0800] "POST /xingrg/dwr/call/plaincall/AjaxCheckService.setItemNumber.dwr HTTP/1.1" 200 78
116.230.114.112 - - [01/Jun/2021:09:29:44 +0800] "GET /xingrg/all/function/internal_message.html?_=1622510990087&CODE_STATE=getMsg HTTP/1.1" 200 27
116.235.222.38 - - [01/Jun/2021:09:29:44 +0800] "POST /xingrg/dwr/call/plaincall/AjaxCheckService.setItemNumber.dwr HTTP/1.1" 200 78
116.232.49.92 - - [01/Jun/2021:09:29:44 +0800] "GET /xingrg/kc/buy/cgsh_order_operate.html?command=get_materiel&rest_code=00109&code=00101008098&supplier_code=00100005&order_time=2021-06-01 HTTP/1.1" 200 412
116.235.222.38 - - [01/Jun/2021:09:29:45 +0800] "POST /xingrg/dwr/call/plaincall/AjaxCheckService.setItemNumber.dwr HTTP/1.1" 200 78
116.235.222.38 - - [01/Jun/2021:09:29:45 +0800] "POST /xingrg/dwr/call/plaincall/AjaxCheckService.setItemNumber.dwr HTTP/1.1" 200 78
58.40.7.146 - - [01/Jun/2021:09:29:45 +0800] "GET /xingrg/all/function/internal_message.html?_=1622510986367&CODE_STATE=getMsg HTTP/1.1" 200 27
116.235.222.38 - - [01/Jun/2021:09:29:50 +0800] "POST /xingrg/dwr/call/plaincall/AjaxCheckService.setItemNumber.dwr HTTP/1.1" 200 78
222.70.177.128 - - [01/Jun/2021:09:29:51 +0800] "GET /xingrg/all/function/internal_message.html?_=1622510989383&CODE_STATE=getMsg HTTP/1.1" 200 27
116.232.49.92 - - [01/Jun/2021:09:29:52 +0800] "POST /xingrg/kc/buy/cgsh_order_operate.html HTTP/1.1" 200 2065
222.69.131.183 - - [01/Jun/2021:09:29:52 +0800] "GET /xingrg/all/function/internal_message.html?_=1622510991350&CODE_STATE=getMsg HTTP/1.1" 200 27
116.235.222.38 - - [01/Jun/2021:09:29:52 +0800] "POST /xingrg/dwr/call/plaincall/AjaxCheckService.setItemNumber.dwr HTTP/1.1" 200 78
116.235.222.38 - - [01/Jun/2021:09:29:53 +0800] "POST /xingrg/dwr/call/plaincall/AjaxCheckService.setItemNumber.dwr HTTP/1.1" 200 78
120.253.135.82 - - [01/Jun/2021:09:29:53 +0800] "GET /xingrg/all/function/internal_message.html?_=1622510496979&CODE_STATE=getMsg HTTP/1.1" 200 27
116.235.222.38 - - [01/Jun/2021:09:29:54 +0800] "POST /xingrg/dwr/call/plaincall/AjaxCheckService.setItemNumber.dwr HTTP/1.1" 200 78
116.224.253.72 - - [01/Jun/2021:09:29:54 +0800] "GET /xingrg/kc/buy/cgsh_order_operate.html?command=get_materiel&rest_code=00151&code=00101001075&supplier_code=00100096&order_time=2021-06-01 HTTP/1.1" 200 429
58.37.225.51 - - [01/Jun/2021:09:29:55 +0800] "GET /xingrg/check_reg.html?_=1622510941408 HTTP/1.1" 302 -
116.235.222.38 - - [01/Jun/2021:09:29:55 +0800] "POST /xingrg/dwr/call/plaincall/AjaxCheckService.setItemNumber.dwr HTTP/1.1" 200 78
116.232.49.92 - - [01/Jun/2021:09:29:55 +0800] "GET /xingrg/all/function/internal_message.html?_=1622510995910&CODE_STATE=getMsg HTTP/1.1" 200 27
116.232.49.92 - - [01/Jun/2021:09:29:56 +0800] "GET /xingrg/all/function/internal_message.html?_=1622511058312&CODE_STATE=getMsg HTTP/1.1" 302 -
116.235.222.38 - - [01/Jun/2021:09:29:57 +0800] "POST /xingrg/dwr/call/plaincall/AjaxCheckService.setItemNumber.dwr HTTP/1.1" 200 78
61.165.42.208 - - [01/Jun/2021:09:29:57 +0800] "GET /xingrg/all/function/internal_message.html?_=1622510998292&CODE_STATE=getMsg HTTP/1.1" 200 27
116.232.49.92 - - [01/Jun/2021:09:29:58 +0800] "GET /xingrg/kc/buy/cgsh_order_operate.html?command=get_materiel&rest_code=00109&code=00101008125&supplier_code=00100005&order_time=2021-06-01 HTTP/1.1" 200 413
116.235.222.38 - - [01/Jun/2021:09:29:58 +0800] "POST /xingrg/dwr/call/plaincall/AjaxCheckService.setItemNumber.dwr HTTP/1.1" 200 78
116.235.222.38 - - [01/Jun/2021:09:29:58 +0800] "POST /xingrg/dwr/call/plaincall/AjaxCheckService.setItemNumber.dwr HTTP/1.1" 200 78
116.235.222.38 - - [01/Jun/2021:09:29:59 +0800] "POST /xingrg/dwr/call/plaincall/AjaxCheckService.setItemNumber.dwr HTTP/1.1" 200 78
116.235.222.38 - - [01/Jun/2021:09:30:00 +0800] "POST /xingrg/dwr/call/plaincall/AjaxCheckService.setItemNumber.dwr HTTP/1.1" 200 78
116.235.222.38 - - [01/Jun/2021:09:30:01 +0800] "POST /xingrg/dwr/call/plaincall/AjaxCheckService.setItemNumber.dwr HTTP/1.1" 200 78
116.235.222.38 - - [01/Jun/2021:09:30:01 +0800] "POST /xingrg/dwr/call/plaincall/AjaxCheckService.setItemNumber.dwr HTTP/1.1" 200 78
116.235.222.38 - - [01/Jun/2021:09:30:02 +0800] "POST /xingrg/dwr/call/plaincall/AjaxCheckService.setItemNumber.dwr HTTP/1.1" 200 78
116.235.222.38 - - [01/Jun/2021:09:30:03 +0800] "POST /xingrg/dwr/call/plaincall/AjaxCheckService.setItemNumber.dwr HTTP/1.1" 200 78
116.224.253.72 - - [01/Jun/2021:09:30:03 +0800] "GET /xingrg/kc/buy/cgsh_order_operate.html?command=get_materiel&rest_code=00151&code=00101006184&supplier_code=00100096&order_time=2021-06-01 HTTP/1.1" 200 408
116.235.222.38 - - [01/Jun/2021:09:30:04 +0800] "POST /xingrg/dwr/call/plaincall/AjaxCheckService.setItemNumber.dwr HTTP/1.1" 200 78
114.86.187.76 - - [01/Jun/2021:09:30:04 +0800] "GET /xingrg/all/function/internal_message.html?_=1622510989333&CODE_STATE=getMsg HTTP/1.1" 200 27
116.235.222.38 - - [01/Jun/2021:09:30:04 +0800] "POST /xingrg/dwr/call/plaincall/AjaxCheckService.setItemNumber.dwr HTTP/1.1" 200 78
116.235.222.38 - - [01/Jun/2021:09:30:05 +0800] "GET /xingrg/check_reg.html?_=1622511002556 HTTP/1.1" 200 22
116.235.222.38 - - [01/Jun/2021:09:30:05 +0800] "POST /xingrg/dwr/call/plaincall/AjaxCheckService.setItemNumber.dwr HTTP/1.1" 200 78
116.235.222.38 - - [01/Jun/2021:09:30:06 +0800] "POST /xingrg/dwr/call/plaincall/AjaxCheckService.setItemNumber.dwr HTTP/1.1" 200 78
116.235.222.38 - - [01/Jun/2021:09:30:06 +0800] "POST /xingrg/dwr/call/plaincall/AjaxCheckService.setItemNumber.dwr HTTP/1.1" 200 78
116.235.222.38 - - [01/Jun/2021:09:30:07 +0800] "POST /xingrg/dwr/call/plaincall/AjaxCheckService.setItemNumber.dwr HTTP/1.1" 200 78
116.235.222.38 - - [01/Jun/2021:09:30:08 +0800] "POST /xingrg/dwr/call/plaincall/AjaxCheckService.setItemNumber.dwr HTTP/1.1" 200 78
116.235.222.38 - - [01/Jun/2021:09:30:09 +0800] "POST /xingrg/dwr/call/plaincall/AjaxCheckService.setItemNumber.dwr HTTP/1.1" 200 78
61.151.207.141 - - [01/Jun/2021:09:30:09 +0800] "GET /xingrg/check_reg.html?_=1622510954347 HTTP/1.1" 302 -
58.37.225.51 - - [01/Jun/2021:09:30:09 +0800] "GET /xingrg/all/function/internal_message.html?_=1622511014338&CODE_STATE=getMsg HTTP/1.1" 200 27
61.151.207.141 - - [01/Jun/2021:09:30:09 +0800] "GET /xingrg/login.html HTTP/1.1" 200 7641
116.235.222.38 - - [01/Jun/2021:09:30:09 +0800] "POST /xingrg/dwr/call/plaincall/AjaxCheckService.setItemNumber.dwr HTTP/1.1" 200 78
116.232.49.92 - - [01/Jun/2021:09:30:10 +0800] "GET /xingrg/kc/buy/cgsh_order_operate.html?command=get_materiel&rest_code=00109&code=00101008109&supplier_code=00100005&order_time=2021-06-01 HTTP/1.1" 200 413
116.235.222.38 - - [01/Jun/2021:09:30:10 +0800] "POST /xingrg/dwr/call/plaincall/AjaxCheckService.setItemNumber.dwr HTTP/1.1" 200 78
116.235.222.38 - - [01/Jun/2021:09:30:11 +0800] "POST /xingrg/dwr/call/plaincall/AjaxCheckService.setItemNumber.dwr HTTP/1.1" 200 78
116.235.222.38 - - [01/Jun/2021:09:30:12 +0800] "POST /xingrg/dwr/call/plaincall/AjaxCheckService.setItemNumber.dwr HTTP/1.1" 200 78
116.235.222.38 - - [01/Jun/2021:09:30:12 +0800] "GET /xingrg/all/function/internal_message.html?_=1622511009923&CODE_STATE=getMsg HTTP/1.1" 200 27
116.235.222.38 - - [01/Jun/2021:09:30:12 +0800] "POST /xingrg/dwr/call/plaincall/AjaxCheckService.setItemNumber.dwr HTTP/1.1" 200 78
180.169.147.146 - - [01/Jun/2021:09:30:13 +0800] "GET /xingrg/all/function/internal_message.html?_=1622511011987&CODE_STATE=getMsg HTTP/1.1" 200 27
116.235.222.38 - - [01/Jun/2021:09:30:13 +0800] "POST /xingrg/dwr/call/plaincall/AjaxCheckService.setItemNumber.dwr HTTP/1.1" 200 78
116.235.222.38 - - [01/Jun/2021:09:30:14 +0800] "POST /xingrg/dwr/call/plaincall/AjaxCheckService.setItemNumber.dwr HTTP/1.1" 200 78
180.169.147.146 - - [01/Jun/2021:09:30:14 +0800] "GET /xingrg/all/function/internal_message.html?_=1622511015281&CODE_STATE=getMsg HTTP/1.1" 200 27
116.230.110.80 - - [01/Jun/2021:09:30:14 +0800] "GET /xingrg/all/function/internal_message.html?_=1622511013472&CODE_STATE=getMsg HTTP/1.1" 200 27
116.235.222.38 - - [01/Jun/2021:09:30:15 +0800] "POST /xingrg/dwr/call/plaincall/AjaxCheckService.setItemNumber.dwr HTTP/1.1" 200 78
117.185.32.26 - - [01/Jun/2021:09:30:15 +0800] "GET /xingrg/check_reg.html?_=1622511015061 HTTP/1.1" 200 22
117.185.32.26 - - [01/Jun/2021:09:30:15 +0800] "GET /xingrg/all/function/internal_message.html?_=1622511015034&CODE_STATE=getMsg HTTP/1.1" 200 27
116.235.222.38 - - [01/Jun/2021:09:30:15 +0800] "POST /xingrg/dwr/call/plaincall/AjaxCheckService.setItemNumber.dwr HTTP/1.1" 200 78
116.235.222.38 - - [01/Jun/2021:09:30:16 +0800] "POST /xingrg/dwr/call/plaincall/AjaxCheckService.setItemNumber.dwr HTTP/1.1" 200 78
116.235.222.38 - - [01/Jun/2021:09:30:17 +0800] "POST /xingrg/dwr/call/plaincall/AjaxCheckService.setItemNumber.dwr HTTP/1.1" 200 78
116.235.222.38 - - [01/Jun/2021:09:30:17 +0800] "POST /xingrg/dwr/call/plaincall/AjaxCheckService.setItemNumber.dwr HTTP/1.1" 200 78
116.235.222.38 - - [01/Jun/2021:09:30:18 +0800] "POST /xingrg/dwr/call/plaincall/AjaxCheckService.setItemNumber.dwr HTTP/1.1" 200 78
116.235.222.38 - - [01/Jun/2021:09:30:19 +0800] "POST /xingrg/dwr/call/plaincall/AjaxCheckService.setItemNumber.dwr HTTP/1.1" 200 78
116.235.222.38 - - [01/Jun/2021:09:30:20 +0800] "POST /xingrg/dwr/call/plaincall/AjaxCheckService.setItemNumber.dwr HTTP/1.1" 200 78
116.235.222.38 - - [01/Jun/2021:09:30:21 +0800] "POST /xingrg/dwr/call/plaincall/AjaxCheckService.setItemNumber.dwr HTTP/1.1" 200 78
116.232.49.92 - - [01/Jun/2021:09:30:22 +0800] "GET /xingrg/kc/buy/cgsh_order_operate.html?command=get_materiel&rest_code=00109&code=00101008236&supplier_code=00100005&order_time=2021-06-01 HTTP/1.1" 200 416
116.224.253.72 - - [01/Jun/2021:09:30:25 +0800] "GET /xingrg/all/function/internal_message.html?_=1622511032019&CODE_STATE=getMsg HTTP/1.1" 200 27
116.224.253.72 - - [01/Jun/2021:09:30:29 +0800] "GET /xingrg/kc/buy/cgsh_order_operate.html?command=get_materiel&rest_code=00151&code=00101006112&supplier_code=00100096&order_time=2021-06-01 HTTP/1.1" 200 411
116.232.49.92 - - [01/Jun/2021:09:30:30 +0800] "GET /xingrg/kc/buy/cgsh_order_operate.html?command=get_materiel&rest_code=00109&code=00101008209&supplier_code=00100005&order_time=2021-06-01 HTTP/1.1" 200 408
116.224.253.72 - - [01/Jun/2021:09:30:33 +0800] "GET /xingrg/all/function/internal_message.html?_=1622511032964&CODE_STATE=getMsg HTTP/1.1" 200 27
222.69.131.183 - - [01/Jun/2021:09:30:37 +0800] "GET /xingrg/kc/buy/cgsh_order_add.html HTTP/1.1" 200 62318
222.69.131.183 - - [01/Jun/2021:09:30:38 +0800] "POST /xingrg/kc/buy/cgsh_order_operate.html HTTP/1.1" 200 8245
222.69.131.183 - - [01/Jun/2021:09:30:38 +0800] "GET /xingrg/javascript/easyui/themes/default/validatebox.css HTTP/1.1" 404 1104
116.224.253.72 - - [01/Jun/2021:09:30:38 +0800] "GET /xingrg/kc/buy/cgsh_order_operate.html?command=get_materiel&rest_code=00151&code=00101006027&supplier_code=00100096&order_time=2021-06-01 HTTP/1.1" 200 409
116.230.114.112 - - [01/Jun/2021:09:30:44 +0800] "GET /xingrg/all/function/internal_message.html?_=1622511050158&CODE_STATE=getMsg HTTP/1.1" 200 27
120.253.135.82 - - [01/Jun/2021:09:30:45 +0800] "GET /xingrg/javascript/jquery_easy_ui/themes/default/images/tabs_active.png HTTP/1.1" 200 2894
58.40.7.146 - - [01/Jun/2021:09:30:45 +0800] "GET /xingrg/all/function/internal_message.html?_=1622511046368&CODE_STATE=getMsg HTTP/1.1" 200 27
116.224.253.72 - - [01/Jun/2021:09:30:48 +0800] "GET /xingrg/kc/buy/cgsh_order_operate.html?command=get_materiel&rest_code=00151&code=00101006062&supplier_code=00100096&order_time=2021-06-01 HTTP/1.1" 200 411
116.232.49.92 - - [01/Jun/2021:09:30:49 +0800] "GET /xingrg/kc/buy/cgsh_order_operate.html?command=get_materiel&rest_code=00109&code=00101008356&supplier_code=00100005&order_time=2021-06-01 HTTP/1.1" 200 408
120.253.135.82 - - [01/Jun/2021:09:30:49 +0800] "POST /xingrg/kc/buy/cgsh_list_operate.html HTTP/1.1" 200 5865
222.70.177.128 - - [01/Jun/2021:09:30:51 +0800] "GET /xingrg/all/function/internal_message.html?_=1622511049377&CODE_STATE=getMsg HTTP/1.1" 200 27
116.232.49.92 - - [01/Jun/2021:09:30:51 +0800] "POST /xingrg/kc/buy/cgsh_order_operate.html HTTP/1.1" 200 2065
222.69.131.183 - - [01/Jun/2021:09:30:52 +0800] "GET /xingrg/all/function/internal_message.html?_=1622511051362&CODE_STATE=getMsg HTTP/1.1" 200 27
222.69.131.183 - - [01/Jun/2021:09:30:52 +0800] "GET /xingrg/check_reg.html?_=1622511051366 HTTP/1.1" 200 22
120.253.135.82 - - [01/Jun/2021:09:30:53 +0800] "GET /xingrg/all/function/internal_message.html?_=1622510556956&CODE_STATE=getMsg HTTP/1.1" 200 27
116.232.49.92 - - [01/Jun/2021:09:30:55 +0800] "GET /xingrg/all/function/internal_message.html?_=1622511055911&CODE_STATE=getMsg HTTP/1.1" 200 27
116.232.49.92 - - [01/Jun/2021:09:30:56 +0800] "GET /xingrg/kc/buy/cgsh_order_operate.html?command=get_materiel&rest_code=00109&code=00101008300&supplier_code=00100005&order_time=2021-06-01 HTTP/1.1" 200 412
116.232.49.92 - - [01/Jun/2021:09:30:56 +0800] "GET /xingrg/all/function/internal_message.html?_=1622511118312&CODE_STATE=getMsg HTTP/1.1" 302 -
61.165.42.208 - - [01/Jun/2021:09:30:57 +0800] "GET /xingrg/all/function/internal_message.html?_=1622511058103&CODE_STATE=getMsg HTTP/1.1" 200 27
114.86.187.76 - - [01/Jun/2021:09:31:00 +0800] "GET /xingrg/javascript/multi_select/dropdown_hover.gif HTTP/1.1" 200 61
114.86.187.76 - - [01/Jun/2021:09:31:01 +0800] "POST /xingrg/dwr/call/plaincall/AjaxReportQueryService.refreshCache.dwr HTTP/1.1" 200 78
116.224.253.72 - - [01/Jun/2021:09:31:01 +0800] "GET /xingrg/kc/buy/cgsh_order_operate.html?command=get_materiel&rest_code=00151&code=00101006124&supplier_code=00100096&order_time=2021-06-01 HTTP/1.1" 200 409
116.232.49.92 - - [01/Jun/2021:09:31:01 +0800] "GET /xingrg/kc/buy/cgsh_order_operate.html?command=get_materiel&rest_code=00109&code=00101015006&supplier_code=00100005&order_time=2021-06-01 HTTP/1.1" 200 413
222.70.177.128 - - [01/Jun/2021:09:31:02 +0800] "GET /xingrg/kc/base/check_order_list.html?isBack=1 HTTP/1.1" 200 16098
222.70.177.128 - - [01/Jun/2021:09:31:02 +0800] "POST /xingrg/kc/base/check_list_operate.html HTTP/1.1" 200 4706
114.86.187.76 - - [01/Jun/2021:09:31:03 +0800] "POST /xingrg/all/report/load_report_page.html HTTP/1.1" 200 126134
114.86.187.76 - - [01/Jun/2021:09:31:04 +0800] "GET /xingrg/servlets/image?cache=0.252793921167918&image=px HTTP/1.1" 200 807
114.86.187.76 - - [01/Jun/2021:09:31:04 +0800] "GET /xingrg/all/function/internal_message.html?_=1622511049317&CODE_STATE=getMsg HTTP/1.1" 200 27
58.37.225.51 - - [01/Jun/2021:09:31:04 +0800] "GET /xingrg/kc/buy/cgsh_order_operate.html?command=get_materiel&rest_code=00141&code=00101016010&supplier_code=00100036&order_time=2021-06-01 HTTP/1.1" 200 427
222.70.177.128 - - [01/Jun/2021:09:31:05 +0800] "GET /xingrg/kc/base/check_order_info.html?code=452021053100613 HTTP/1.1" 200 26404
222.70.177.128 - - [01/Jun/2021:09:31:05 +0800] "GET /xingrg/dwr/interface/AjaxCheckService.js HTTP/1.1" 200 14003
222.70.177.128 - - [01/Jun/2021:09:31:05 +0800] "GET /xingrg/dwr/interface/AjaxComOrderService.js HTTP/1.1" 200 18264
222.70.177.128 - - [01/Jun/2021:09:31:05 +0800] "GET /xingrg/dwr/engine.js HTTP/1.1" 200 43631
222.70.177.128 - - [01/Jun/2021:09:31:06 +0800] "POST /xingrg/dwr/call/plaincall/AjaxCheckService.loadOrderItems.dwr HTTP/1.1" 200 51016
222.70.177.128 - - [01/Jun/2021:09:31:07 +0800] "GET /xingrg/kc/base/check_order_list.html?isBack=1 HTTP/1.1" 200 16098
222.70.177.128 - - [01/Jun/2021:09:31:08 +0800] "POST /xingrg/kc/base/check_list_operate.html HTTP/1.1" 200 4706
222.70.177.128 - - [01/Jun/2021:09:31:09 +0800] "GET /xingrg/kc/base/check_order_info.html?code=452021053100612 HTTP/1.1" 200 26404
222.70.177.128 - - [01/Jun/2021:09:31:09 +0800] "GET /xingrg/dwr/interface/AjaxComOrderService.js HTTP/1.1" 200 18264
222.70.177.128 - - [01/Jun/2021:09:31:09 +0800] "GET /xingrg/dwr/interface/AjaxCheckService.js HTTP/1.1" 200 14003
222.70.177.128 - - [01/Jun/2021:09:31:09 +0800] "GET /xingrg/dwr/engine.js HTTP/1.1" 200 43631
58.37.225.51 - - [01/Jun/2021:09:31:09 +0800] "GET /xingrg/all/function/internal_message.html?_=1622511074337&CODE_STATE=getMsg HTTP/1.1" 200 27
222.70.177.128 - - [01/Jun/2021:09:31:10 +0800] "POST /xingrg/dwr/call/plaincall/AjaxCheckService.loadOrderItems.dwr HTTP/1.1" 200 227172
116.235.222.38 - - [01/Jun/2021:09:31:12 +0800] "GET /xingrg/all/function/internal_message.html?_=1622511069905&CODE_STATE=getMsg HTTP/1.1" 200 27
222.69.131.183 - - [01/Jun/2021:09:31:12 +0800] "GET /xingrg/kc/buy/cgsh_order_operate.html?command=get_materiel&rest_code=00149&code=00101004048&supplier_code=00100083&order_time=2021-06-01 HTTP/1.1" 200 438
180.169.147.146 - - [01/Jun/2021:09:31:13 +0800] "GET /xingrg/all/function/internal_message.html?_=1622511071987&CODE_STATE=getMsg HTTP/1.1" 200 27
116.232.49.92 - - [01/Jun/2021:09:31:13 +0800] "GET /xingrg/kc/buy/cgsh_order_operate.html?command=get_materiel&rest_code=00109&code=00101008350&supplier_code=00100005&order_time=2021-06-01 HTTP/1.1" 200 408
58.37.225.51 - - [01/Jun/2021:09:31:14 +0800] "GET /xingrg/kc/buy/cgsh_order_operate.html?command=get_materiel&rest_code=00141&code=00101016025&supplier_code=00100036&order_time=2021-06-01 HTTP/1.1" 200 408
180.169.147.146 - - [01/Jun/2021:09:31:14 +0800] "GET /xingrg/all/function/internal_message.html?_=1622511075284&CODE_STATE=getMsg HTTP/1.1" 200 27
116.230.110.80 - - [01/Jun/2021:09:31:14 +0800] "GET /xingrg/all/function/internal_message.html?_=1622511073472&CODE_STATE=getMsg HTTP/1.1" 200 27
117.185.32.26 - - [01/Jun/2021:09:31:15 +0800] "GET /xingrg/all/function/internal_message.html?_=1622511075059&CODE_STATE=getMsg HTTP/1.1" 200 27
222.70.177.128 - - [01/Jun/2021:09:31:16 +0800] "GET /xingrg/kc/base/check_order_list.html?isBack=1 HTTP/1.1" 200 16098
222.70.177.128 - - [01/Jun/2021:09:31:16 +0800] "POST /xingrg/kc/base/check_list_operate.html HTTP/1.1" 200 4706
222.70.177.128 - - [01/Jun/2021:09:31:18 +0800] "GET /xingrg/kc/base/check_order_info.html?code=452021053100606 HTTP/1.1" 200 26404
222.70.177.128 - - [01/Jun/2021:09:31:18 +0800] "GET /xingrg/dwr/interface/AjaxComOrderService.js HTTP/1.1" 200 18264
