116.224.253.72 - - [01/Jun/2021:09:16:50 +0800] "GET /xingrg/images/blue/jxLogo.png HTTP/1.1" 304 -
116.224.253.72 - - [01/Jun/2021:09:16:50 +0800] "GET /xingrg/images/blue/navBackgound.jpg HTTP/1.1" 304 -
116.224.253.72 - - [01/Jun/2021:09:16:50 +0800] "GET /xingrg/javascript/jquery_easy_ui/themes/icons/settle_new.png HTTP/1.1" 304 -
116.224.253.72 - - [01/Jun/2021:09:16:50 +0800] "POST /xingrg/all/common/load_tree.html?tree=area_rest_tree_json&manage=1 HTTP/1.1" 200 476
116.224.253.72 - - [01/Jun/2021:09:16:50 +0800] "GET /xingrg/all/function/internal_message.html?_=1622510210143&CODE_STATE=count HTTP/1.1" 200 11
116.224.253.72 - - [01/Jun/2021:09:16:50 +0800] "GET /xingrg/check_reg.html?_=1622510210145 HTTP/1.1" 200 22
116.224.253.72 - - [01/Jun/2021:09:16:50 +0800] "GET /xingrg/javascript/jquery_easy_ui/themes/default/images/panel_tool_collapse.gif HTTP/1.1" 304 -
116.224.253.72 - - [01/Jun/2021:09:16:50 +0800] "GET /xingrg/javascript/jquery_easy_ui/themes/default/images/tabs_leftarrow.png HTTP/1.1" 304 -
116.224.253.72 - - [01/Jun/2021:09:16:50 +0800] "GET /xingrg/images/blue/pingpu.png HTTP/1.1" 304 -
116.224.253.72 - - [01/Jun/2021:09:16:50 +0800] "GET /xingrg/javascript/jquery_easy_ui/themes/default/images/tabs_rightarrow.png HTTP/1.1" 304 -
116.224.253.72 - - [01/Jun/2021:09:16:50 +0800] "POST /xingrg/load_menu.html HTTP/1.1" 200 5138
222.70.177.128 - - [01/Jun/2021:09:16:51 +0800] "GET /xingrg/all/function/internal_message.html?_=1622510209467&CODE_STATE=getMsg HTTP/1.1" 200 27
222.70.177.128 - - [01/Jun/2021:09:16:51 +0800] "GET /xingrg/check_reg.html?_=1622510209547 HTTP/1.1" 200 22
116.224.253.72 - - [01/Jun/2021:09:16:52 +0800] "GET /xingrg/kc/buy/cgsh_order_operate.html?command=get_materiel&rest_code=00151&code=00101008318&supplier_code=00100007&order_time=2021-06-01 HTTP/1.1" 200 408
222.70.177.128 - - [01/Jun/2021:09:16:52 +0800] "POST /xingrg/dwr/call/plaincall/AjaxCheckService.setItemNumber.dwr HTTP/1.1" 200 78
222.69.131.183 - - [01/Jun/2021:09:16:52 +0800] "GET /xingrg/all/function/internal_message.html?_=1622510211306&CODE_STATE=getMsg HTTP/1.1" 200 27
116.224.253.72 - - [01/Jun/2021:09:16:52 +0800] "GET /xingrg/kc/buy/cgsh_order_list.html HTTP/1.1" 200 46533
222.70.177.128 - - [01/Jun/2021:09:16:53 +0800] "POST /xingrg/dwr/call/plaincall/AjaxCheckService.setItemNumber.dwr HTTP/1.1" 200 78
116.224.253.72 - - [01/Jun/2021:09:16:54 +0800] "POST /xingrg/kc/buy/cgsh_list_operate.html HTTP/1.1" 200 1709
222.70.177.128 - - [01/Jun/2021:09:16:54 +0800] "POST /xingrg/dwr/call/plaincall/AjaxCheckService.setItemNumber.dwr HTTP/1.1" 200 78
116.224.253.72 - - [01/Jun/2021:09:16:56 +0800] "GET /xingrg/javascript/jquery_tools/images/prev.gif HTTP/1.1" 404 1086
116.224.253.72 - - [01/Jun/2021:09:16:56 +0800] "GET /xingrg/javascript/jquery_tools/images/next.gif HTTP/1.1" 404 1086
116.232.49.92 - - [01/Jun/2021:09:16:56 +0800] "GET /xingrg/all/function/internal_message.html?_=1622510278312&CODE_STATE=getMsg HTTP/1.1" 302 -
61.165.42.208 - - [01/Jun/2021:09:16:57 +0800] "GET /xingrg/all/function/internal_message.html?_=1622510218166&CODE_STATE=getMsg HTTP/1.1" 200 27
61.165.42.208 - - [01/Jun/2021:09:16:57 +0800] "GET /xingrg/check_reg.html?_=1622510218167 HTTP/1.1" 200 22
61.165.42.208 - - [01/Jun/2021:09:16:58 +0800] "GET /xingrg/kc/buy/cgsh_order_operate.html?command=get_materiel&rest_code=00105&code=00101015062&supplier_code=00100203&order_time=2021-06-01 HTTP/1.1" 200 412
116.224.253.72 - - [01/Jun/2021:09:16:58 +0800] "GET /xingrg/kc/buy/cgsh_order_operate.html?command=get_materiel&rest_code=00151&code=00101016051&supplier_code=00100007&order_time=2021-06-01 HTTP/1.1" 200 408
222.70.177.128 - - [01/Jun/2021:09:16:58 +0800] "POST /xingrg/dwr/call/plaincall/AjaxCheckService.setItemNumber.dwr HTTP/1.1" 200 78
222.70.177.128 - - [01/Jun/2021:09:16:59 +0800] "POST /xingrg/dwr/call/plaincall/AjaxCheckService.setItemNumber.dwr HTTP/1.1" 200 78
222.69.131.183 - - [01/Jun/2021:09:16:59 +0800] "GET /xingrg/kc/buy/cgsh_order_add.html HTTP/1.1" 200 62318
222.69.131.183 - - [01/Jun/2021:09:17:00 +0800] "POST /xingrg/kc/buy/cgsh_order_operate.html HTTP/1.1" 200 8245
222.69.131.183 - - [01/Jun/2021:09:17:00 +0800] "GET /xingrg/javascript/easyui/themes/default/validatebox.css HTTP/1.1" 404 1104
222.70.177.128 - - [01/Jun/2021:09:17:00 +0800] "POST /xingrg/dwr/call/plaincall/AjaxCheckService.setItemNumber.dwr HTTP/1.1" 200 78
116.224.253.72 - - [01/Jun/2021:09:17:02 +0800] "POST /xingrg/kc/buy/cgsh_list_operate.html HTTP/1.1" 200 1713
222.70.177.128 - - [01/Jun/2021:09:17:02 +0800] "POST /xingrg/dwr/call/plaincall/AjaxCheckService.setItemNumber.dwr HTTP/1.1" 200 78
61.165.42.208 - - [01/Jun/2021:09:17:03 +0800] "GET /xingrg/kc/buy/cgsh_order_operate.html?command=get_materiel&rest_code=00105&code=00101015032&supplier_code=00100203&order_time=2021-06-01 HTTP/1.1" 200 418
116.224.253.72 - - [01/Jun/2021:09:17:03 +0800] "POST /xingrg/kc/buy/cgsh_list_operate.html HTTP/1.1" 200 198
222.70.177.128 - - [01/Jun/2021:09:17:04 +0800] "POST /xingrg/dwr/call/plaincall/AjaxCheckService.setItemNumber.dwr HTTP/1.1" 200 78
116.224.253.72 - - [01/Jun/2021:09:17:04 +0800] "GET /xingrg/kc/buy/cgsh_order_info.html?code=212021060100016 HTTP/1.1" 200 57091
116.224.253.72 - - [01/Jun/2021:09:17:04 +0800] "GET /xingrg/kc/buy/cgsh_order_operate.html?command=get_materiel&rest_code=00151&code=00101008354&supplier_code=00100007&order_time=2021-06-01 HTTP/1.1" 200 412
116.224.253.72 - - [01/Jun/2021:09:17:04 +0800] "GET /xingrg/javascript/easyui/themes/default/validatebox.css HTTP/1.1" 404 1104
222.70.177.128 - - [01/Jun/2021:09:17:05 +0800] "POST /xingrg/dwr/call/plaincall/AjaxCheckService.setItemNumber.dwr HTTP/1.1" 200 78
116.224.253.72 - - [01/Jun/2021:09:17:05 +0800] "POST /xingrg/kc/buy/cgsh_order_operate.html HTTP/1.1" 200 606
116.224.253.72 - - [01/Jun/2021:09:17:06 +0800] "GET /xingrg/kc/print/load_config.html?kc_code=cgsh HTTP/1.1" 200 1845
116.224.253.72 - - [01/Jun/2021:09:17:06 +0800] "GET /xingrg/kc/print/load_data.html?order_code=212021060100016&kc_code=cgsh&condition= HTTP/1.1" 200 759
222.70.177.128 - - [01/Jun/2021:09:17:09 +0800] "POST /xingrg/dwr/call/plaincall/AjaxCheckService.setItemNumber.dwr HTTP/1.1" 200 78
58.37.225.51 - - [01/Jun/2021:09:17:09 +0800] "GET /xingrg/all/function/internal_message.html?_=1622510234302&CODE_STATE=getMsg HTTP/1.1" 200 27
61.151.178.177 - - [01/Jun/2021:09:17:09 +0800] "GET /xingrg/all/function/internal_message.html?_=1622510174295&CODE_STATE=getMsg HTTP/1.1" 302 -
116.224.253.72 - - [01/Jun/2021:09:17:10 +0800] "GET /xingrg/kc/buy/cgsh_order_operate.html?command=get_materiel&rest_code=00151&code=00101008095&supplier_code=00100007&order_time=2021-06-01 HTTP/1.1" 200 412
61.151.178.177 - - [01/Jun/2021:09:17:10 +0800] "GET /xingrg/login.html HTTP/1.1" 200 7641
116.235.222.38 - - [01/Jun/2021:09:17:10 +0800] "GET /xingrg/all/function/internal_message.html?_=1622510228128&CODE_STATE=getMsg HTTP/1.1" 200 27
222.70.177.128 - - [01/Jun/2021:09:17:10 +0800] "POST /xingrg/dwr/call/plaincall/AjaxCheckService.setItemNumber.dwr HTTP/1.1" 200 78
116.224.253.72 - - [01/Jun/2021:09:17:11 +0800] "GET /xingrg/kc/buy/cgsh_order_add.html HTTP/1.1" 200 62189
116.235.222.38 - - [01/Jun/2021:09:17:11 +0800] "POST /xingrg/kc/buy/cgsh_order_operate.html HTTP/1.1" 200 35205
116.224.253.72 - - [01/Jun/2021:09:17:11 +0800] "POST /xingrg/kc/buy/cgsh_order_operate.html HTTP/1.1" 200 8245
116.224.253.72 - - [01/Jun/2021:09:17:11 +0800] "GET /xingrg/all/common/auto_word.html?type=employee&rest_code=00150 HTTP/1.1" 200 205
116.224.253.72 - - [01/Jun/2021:09:17:11 +0800] "GET /xingrg/all/common/auto_word.html?type=employee&rest_code=00150 HTTP/1.1" 200 205
116.224.253.72 - - [01/Jun/2021:09:17:11 +0800] "GET /xingrg/javascript/easyui/themes/default/validatebox.css HTTP/1.1" 404 1104
222.69.131.183 - - [01/Jun/2021:09:17:11 +0800] "GET /xingrg/kc/buy/cgsh_order_operate.html?command=get_materiel&rest_code=00149&code=00101006088&supplier_code=00100151&order_time=2021-06-01 HTTP/1.1" 200 411
61.165.42.208 - - [01/Jun/2021:09:17:12 +0800] "GET /xingrg/kc/buy/cgsh_order_operate.html?command=get_materiel&rest_code=00105&code=00101015022&supplier_code=00100203&order_time=2021-06-01 HTTP/1.1" 200 408
222.70.177.128 - - [01/Jun/2021:09:17:12 +0800] "POST /xingrg/dwr/call/plaincall/AjaxCheckService.setItemNumber.dwr HTTP/1.1" 200 78
180.169.147.146 - - [01/Jun/2021:09:17:13 +0800] "GET /xingrg/all/function/internal_message.html?_=1622510231935&CODE_STATE=getMsg HTTP/1.1" 200 27
116.235.222.38 - - [01/Jun/2021:09:17:13 +0800] "GET /xingrg/kc/print/load_config.html?kc_code=cgsh HTTP/1.1" 200 1845
116.235.222.38 - - [01/Jun/2021:09:17:13 +0800] "GET /xingrg/kc/print/load_data.html?order_code=212021060100013&kc_code=cgsh&condition= HTTP/1.1" 200 12997
222.70.177.128 - - [01/Jun/2021:09:17:14 +0800] "POST /xingrg/dwr/call/plaincall/AjaxCheckService.setItemNumber.dwr HTTP/1.1" 200 78
120.204.17.73 - - [01/Jun/2021:09:17:14 +0800] "GET /xingrg/all/function/internal_message.html?_=1622510175041&CODE_STATE=getMsg HTTP/1.1" 302 -
180.169.147.146 - - [01/Jun/2021:09:17:14 +0800] "GET /xingrg/check_reg.html?_=1622510235262 HTTP/1.1" 200 22
180.169.147.146 - - [01/Jun/2021:09:17:14 +0800] "GET /xingrg/all/function/internal_message.html?_=1622510235263&CODE_STATE=getMsg HTTP/1.1" 200 27
116.230.110.80 - - [01/Jun/2021:09:17:15 +0800] "GET /xingrg/all/function/internal_message.html?_=1622510233650&CODE_STATE=getMsg HTTP/1.1" 200 27
117.185.32.26 - - [01/Jun/2021:09:17:15 +0800] "GET /xingrg/all/function/internal_message.html?_=1622510235042&CODE_STATE=getMsg HTTP/1.1" 200 27
222.70.177.128 - - [01/Jun/2021:09:17:15 +0800] "POST /xingrg/dwr/call/plaincall/AjaxCheckService.setItemNumber.dwr HTTP/1.1" 200 78
120.204.17.73 - - [01/Jun/2021:09:17:15 +0800] "GET /xingrg/login.html HTTP/1.1" 200 7641
222.70.177.128 - - [01/Jun/2021:09:17:16 +0800] "POST /xingrg/dwr/call/plaincall/AjaxCheckService.setItemNumber.dwr HTTP/1.1" 200 78
116.224.253.72 - - [01/Jun/2021:09:17:17 +0800] "GET /xingrg/kc/buy/cgsh_order_operate.html?command=get_materiel&rest_code=00151&code=00101008221&supplier_code=00100007&order_time=2021-06-01 HTTP/1.1" 200 412
222.70.177.128 - - [01/Jun/2021:09:17:17 +0800] "POST /xingrg/dwr/call/plaincall/AjaxCheckService.setItemNumber.dwr HTTP/1.1" 200 78
222.69.131.183 - - [01/Jun/2021:09:17:18 +0800] "GET /xingrg/login.html HTTP/1.1" 200 7641
222.69.131.183 - - [01/Jun/2021:09:17:18 +0800] "GET /favicon.ico HTTP/1.1" 404 -
222.70.177.128 - - [01/Jun/2021:09:17:18 +0800] "POST /xingrg/dwr/call/plaincall/AjaxCheckService.setItemNumber.dwr HTTP/1.1" 200 78
116.224.253.72 - - [01/Jun/2021:09:17:19 +0800] "GET /xingrg/javascript/auto/indicator.gif HTTP/1.1" 404 1066
222.70.177.128 - - [01/Jun/2021:09:17:20 +0800] "POST /xingrg/dwr/call/plaincall/AjaxCheckService.setItemNumber.dwr HTTP/1.1" 200 78
222.69.131.183 - - [01/Jun/2021:09:17:20 +0800] "POST /xingrg/login.do HTTP/1.1" 302 -
222.69.131.183 - - [01/Jun/2021:09:17:20 +0800] "GET /xingrg/index.html?sysBaseUrl=http%3A%2F%2F180.169.147.146%3A18081%2Fxingrg%2F&costTime=51×tamp=1622510240283 HTTP/1.1" 200 17419
222.69.131.183 - - [01/Jun/2021:09:17:20 +0800] "GET /favicon.ico HTTP/1.1" 404 -
222.69.131.183 - - [01/Jun/2021:09:17:20 +0800] "POST /xingrg/all/common/load_tree.html?tree=area_rest_tree_json&manage=1 HTTP/1.1" 200 351
222.69.131.183 - - [01/Jun/2021:09:17:20 +0800] "GET /xingrg/all/function/internal_message.html?_=1622510236995&CODE_STATE=count HTTP/1.1" 200 11
222.69.131.183 - - [01/Jun/2021:09:17:20 +0800] "GET /xingrg/check_reg.html?_=1622510236995 HTTP/1.1" 200 22
222.69.131.183 - - [01/Jun/2021:09:17:20 +0800] "POST /xingrg/load_menu.html HTTP/1.1" 200 9959
116.232.49.92 - - [01/Jun/2021:09:17:20 +0800] "GET /xingrg/kc/base/check_order_info.html?code=452021053100600 HTTP/1.1" 200 26446
116.232.49.92 - - [01/Jun/2021:09:17:20 +0800] "GET /xingrg/dwr/interface/AjaxCheckService.js HTTP/1.1" 200 14003
116.232.49.92 - - [01/Jun/2021:09:17:20 +0800] "GET /xingrg/dwr/interface/AjaxComOrderService.js HTTP/1.1" 200 18264
116.232.49.92 - - [01/Jun/2021:09:17:20 +0800] "GET /xingrg/dwr/engine.js HTTP/1.1" 200 43631
116.232.49.92 - - [01/Jun/2021:09:17:21 +0800] "POST /xingrg/dwr/call/plaincall/AjaxCheckService.loadOrderItems.dwr HTTP/1.1" 200 38563
222.70.177.128 - - [01/Jun/2021:09:17:21 +0800] "POST /xingrg/dwr/call/plaincall/AjaxCheckService.setItemNumber.dwr HTTP/1.1" 200 78
61.165.42.208 - - [01/Jun/2021:09:17:22 +0800] "GET /xingrg/kc/buy/cgsh_order_operate.html?command=get_materiel&rest_code=00105&code=00101015107&supplier_code=00100203&order_time=2021-06-01 HTTP/1.1" 200 397
222.69.131.183 - - [01/Jun/2021:09:17:23 +0800] "POST /xingrg/load_menu.html HTTP/1.1" 200 9242
222.70.177.128 - - [01/Jun/2021:09:17:23 +0800] "POST /xingrg/dwr/call/plaincall/AjaxCheckService.setItemNumber.dwr HTTP/1.1" 200 78
116.232.49.92 - - [01/Jun/2021:09:17:23 +0800] "GET /xingrg/check_reg.html?_=1622510244240 HTTP/1.1" 200 22
116.232.49.92 - - [01/Jun/2021:09:17:23 +0800] "GET /xingrg/all/function/internal_message.html?_=1622510244246&CODE_STATE=getMsg HTTP/1.1" 200 27
222.70.177.128 - - [01/Jun/2021:09:17:24 +0800] "POST /xingrg/dwr/call/plaincall/AjaxCheckService.setItemNumber.dwr HTTP/1.1" 200 78
116.224.253.72 - - [01/Jun/2021:09:17:24 +0800] "GET /xingrg/kc/buy/cgsh_order_operate.html?command=get_materiel&rest_code=00151&code=00101008350&supplier_code=00100007&order_time=2021-06-01 HTTP/1.1" 200 408
222.69.131.183 - - [01/Jun/2021:09:17:25 +0800] "GET /xingrg/all/report/report_query.html?fileName=dma/new_5.0/menu/menu_category_hz.xml HTTP/1.1" 200 53064
222.69.131.183 - - [01/Jun/2021:09:17:25 +0800] "GET /xingrg/dwr/util.js HTTP/1.1" 304 -
222.69.131.183 - - [01/Jun/2021:09:17:25 +0800] "GET /xingrg/dwr/interface/AjaxReportQueryService.js HTTP/1.1" 200 13203
222.69.131.183 - - [01/Jun/2021:09:17:25 +0800] "GET /xingrg/dwr/engine.js HTTP/1.1" 200 43631
222.69.131.183 - - [01/Jun/2021:09:17:25 +0800] "POST /xingrg/dwr/call/plaincall/AjaxReportQueryService.getFixDate.dwr HTTP/1.1" 200 111
222.69.131.183 - - [01/Jun/2021:09:17:25 +0800] "POST /xingrg/all/common/load_tree.html?tree=area_station_tree_json&manage=1 HTTP/1.1" 200 347
222.70.177.128 - - [01/Jun/2021:09:17:26 +0800] "POST /xingrg/dwr/call/plaincall/AjaxCheckService.setItemNumber.dwr HTTP/1.1" 200 78
222.69.131.183 - - [01/Jun/2021:09:17:27 +0800] "GET /xingrg/all/report/report_query.html?fileName=dma/new_5.0/menu/menu_stca_hz.xml HTTP/1.1" 200 51418
222.69.131.183 - - [01/Jun/2021:09:17:28 +0800] "GET /xingrg/dwr/interface/AjaxReportQueryService.js HTTP/1.1" 200 13203
222.69.131.183 - - [01/Jun/2021:09:17:28 +0800] "GET /xingrg/dwr/engine.js HTTP/1.1" 200 43631
222.69.131.183 - - [01/Jun/2021:09:17:28 +0800] "POST /xingrg/dwr/call/plaincall/AjaxReportQueryService.getFixDate.dwr HTTP/1.1" 200 111
222.69.131.183 - - [01/Jun/2021:09:17:28 +0800] "POST /xingrg/all/common/load_tree.html?tree=area_station_tree_json&manage=1 HTTP/1.1" 200 347
116.224.253.72 - - [01/Jun/2021:09:17:28 +0800] "GET /xingrg/kc/buy/cgsh_order_operate.html?command=get_materiel&rest_code=00150&code=00101012032&supplier_code=00100096&order_time=2021-06-01 HTTP/1.1" 200 416
61.165.42.208 - - [01/Jun/2021:09:17:28 +0800] "GET /xingrg/kc/buy/cgsh_order_operate.html?command=get_materiel&rest_code=00105&code=00101015001&supplier_code=00100203&order_time=2021-06-01 HTTP/1.1" 200 412
222.70.177.128 - - [01/Jun/2021:09:17:29 +0800] "POST /xingrg/dwr/call/plaincall/AjaxCheckService.setItemNumber.dwr HTTP/1.1" 200 78
222.69.131.183 - - [01/Jun/2021:09:17:30 +0800] "POST /xingrg/dwr/call/plaincall/AjaxReportQueryService.getFixDate.dwr HTTP/1.1" 200 111
222.69.131.183 - - [01/Jun/2021:09:17:31 +0800] "POST /xingrg/services/DataTransmitService HTTP/1.1" 200 501
222.69.131.183 - - [01/Jun/2021:09:17:33 +0800] "GET /xingrg/kc/buy/cgsh_order_operate.html?command=get_materiel&rest_code=00149&code=00101031006&supplier_code=00100151&order_time=2021-06-01 HTTP/1.1" 200 417
222.70.177.128 - - [01/Jun/2021:09:17:33 +0800] "POST /xingrg/dwr/call/plaincall/AjaxCheckService.setItemNumber.dwr HTTP/1.1" 200 78
222.69.131.183 - - [01/Jun/2021:09:17:33 +0800] "POST /xingrg/services/DataTransmitService HTTP/1.1" 200 501
222.69.131.183 - - [01/Jun/2021:09:17:33 +0800] "POST /xingrg/dwr/call/plaincall/AjaxReportQueryService.refreshCache.dwr HTTP/1.1" 200 78
222.69.131.183 - - [01/Jun/2021:09:17:34 +0800] "POST /xingrg/all/report/load_report_page.html HTTP/1.1" 200 66643
222.69.131.183 - - [01/Jun/2021:09:17:34 +0800] "GET /xingrg/servlets/image?cache=0.2079980084521339&image=px HTTP/1.1" 200 807
116.224.253.72 - - [01/Jun/2021:09:17:34 +0800] "GET /xingrg/kc/buy/cgsh_order_operate.html?command=get_materiel&rest_code=00151&code=00101008351&supplier_code=00100007&order_time=2021-06-01 HTTP/1.1" 200 408
222.70.177.128 - - [01/Jun/2021:09:17:34 +0800] "POST /xingrg/dwr/call/plaincall/AjaxCheckService.setItemNumber.dwr HTTP/1.1" 200 78
116.224.253.72 - - [01/Jun/2021:09:17:36 +0800] "GET /xingrg/kc/buy/cgsh_order_operate.html?command=get_materiel&rest_code=00150&code=00101001084&supplier_code=00100096&order_time=2021-06-01 HTTP/1.1" 200 415
222.70.177.128 - - [01/Jun/2021:09:17:36 +0800] "POST /xingrg/dwr/call/plaincall/AjaxCheckService.setItemNumber.dwr HTTP/1.1" 200 78
222.70.177.128 - - [01/Jun/2021:09:17:40 +0800] "POST /xingrg/dwr/call/plaincall/AjaxCheckService.setItemNumber.dwr HTTP/1.1" 200 78
222.69.131.183 - - [01/Jun/2021:09:17:40 +0800] "GET /xingrg/all/report/report_query.html?isQuery=1&fileName=dma/new_5.0/menu/menu_hz.xml&queryString=(a.sale_day%2520between%252020210501%2520and%252020210531)%2520and%2520(a.sid%2520in%2520(15))%2520and%2520(a.tj_code%253D23)&queryText=%25E3%2580%2590%25E8%2590%25A5%25E4%25B8%259A%25E6%2597%25A5%25E6%259C%259F%253A2021-05-01%2520%25E8%2587%25B3%25202021-05-31%25E3%2580%2591%2520%25E5%25B9%25B6%25E4%25B8%2594%2520%2520%25E3%2580%2590%25E9%2597%25A8%25E5%25BA%2597%25E5%2590%258D%25E7%25A7%25B0%2520%253D%2520%25E5%2585%25A8%25E9%2583%25A8%25E9%2597%25A8%25E5%25BA%2597%252C%25E6%25A6%2595%25E6%25B8%25AF%25E9%259B%2586%25E5%259B%25A2%252C%25E8%258A%25B1%25E5%259B%25AD%25E9%2585%2592%25E5%25BA%2597%25E9%259D%2592%25E6%25B5%25A6%25E5%25BA%2597%25E3%2580%2591%2520%25E5%25B9%25B6%25E4%25B8%2594%2520%25E3%2580%2590%25E7%25BB%259F%25E8%25AE%25A1%25E7%25B1%25BB%25E5%2588%25AB%2520%253D%2520%25E5%25A4%2596%25E5%258C%2585%25E7%2583%25A4%25E9%25B8%25AD%25E3%2580%2591 HTTP/1.1" 200 54160
222.69.131.183 - - [01/Jun/2021:09:17:40 +0800] "GET /xingrg/kc/buy/cgsh_order_operate.html?command=get_materiel&rest_code=00149&code=00101021011&supplier_code=00100151&order_time=2021-06-01 HTTP/1.1" 200 399
222.69.131.183 - - [01/Jun/2021:09:17:40 +0800] "GET /xingrg/dwr/engine.js HTTP/1.1" 200 43631
222.69.131.183 - - [01/Jun/2021:09:17:40 +0800] "GET /favicon.ico HTTP/1.1" 404 -
222.69.131.183 - - [01/Jun/2021:09:17:41 +0800] "POST /xingrg/all/report/load_report_page.html HTTP/1.1" 200 36368
222.69.131.183 - - [01/Jun/2021:09:17:41 +0800] "GET /xingrg/servlets/image?cache=0.1582807169082614&image=px HTTP/1.1" 200 807
116.224.253.72 - - [01/Jun/2021:09:17:42 +0800] "GET /xingrg/kc/buy/cgsh_order_operate.html?command=get_materiel&rest_code=00151&code=00101008302&supplier_code=00100007&order_time=2021-06-01 HTTP/1.1" 200 412
222.70.177.128 - - [01/Jun/2021:09:17:43 +0800] "POST /xingrg/dwr/call/plaincall/AjaxCheckService.setItemNumber.dwr HTTP/1.1" 200 78
116.230.114.112 - - [01/Jun/2021:09:17:43 +0800] "GET /xingrg/all/function/internal_message.html?_=1622510269704&CODE_STATE=getMsg HTTP/1.1" 200 27
116.232.49.92 - - [01/Jun/2021:09:17:44 +0800] "POST /xingrg/dwr/call/plaincall/AjaxCheckService.setItemNumber.dwr HTTP/1.1" 200 76
222.70.177.128 - - [01/Jun/2021:09:17:45 +0800] "POST /xingrg/dwr/call/plaincall/AjaxCheckService.setItemNumber.dwr HTTP/1.1" 200 78
61.165.42.208 - - [01/Jun/2021:09:17:45 +0800] "GET /xingrg/kc/buy/cgsh_order_operate.html?command=get_materiel&rest_code=00105&code=00101016122&supplier_code=00100203&order_time=2021-06-01 HTTP/1.1" 200 395
116.232.49.92 - - [01/Jun/2021:09:17:45 +0800] "POST /xingrg/dwr/call/plaincall/AjaxCheckService.setItemNumber.dwr HTTP/1.1" 200 76
116.235.222.38 - - [01/Jun/2021:09:17:45 +0800] "GET /xingrg/kc/buy/cgsh_order_add.html HTTP/1.1" 200 62353
116.232.49.92 - - [01/Jun/2021:09:17:46 +0800] "POST /xingrg/dwr/call/plaincall/AjaxCheckService.setItemNumber.dwr HTTP/1.1" 200 76
222.70.177.128 - - [01/Jun/2021:09:17:46 +0800] "POST /xingrg/dwr/call/plaincall/AjaxCheckService.setItemNumber.dwr HTTP/1.1" 200 78
222.69.131.183 - - [01/Jun/2021:09:17:46 +0800] "POST /xingrg/all/report/load_report_page.html HTTP/1.1" 200 36348
222.69.131.183 - - [01/Jun/2021:09:17:46 +0800] "GET /xingrg/servlets/image?cache=0.963016866885608&image=px HTTP/1.1" 200 807
116.235.222.38 - - [01/Jun/2021:09:17:46 +0800] "GET /xingrg/javascript/easyui/themes/default/validatebox.css HTTP/1.1" 404 1104
116.235.222.38 - - [01/Jun/2021:09:17:46 +0800] "POST /xingrg/kc/buy/cgsh_order_operate.html HTTP/1.1" 200 8245
116.232.49.92 - - [01/Jun/2021:09:17:46 +0800] "POST /xingrg/dwr/call/plaincall/AjaxCheckService.setItemNumber.dwr HTTP/1.1" 200 76
222.70.177.128 - - [01/Jun/2021:09:17:47 +0800] "POST /xingrg/dwr/call/plaincall/AjaxCheckService.setItemNumber.dwr HTTP/1.1" 200 78
222.69.131.183 - - [01/Jun/2021:09:17:48 +0800] "POST /xingrg/all/report/load_report_page.html HTTP/1.1" 200 36368
222.69.131.183 - - [01/Jun/2021:09:17:48 +0800] "GET /xingrg/servlets/image?cache=0.9744329022506881&image=px HTTP/1.1" 200 807
222.70.177.128 - - [01/Jun/2021:09:17:48 +0800] "POST /xingrg/dwr/call/plaincall/AjaxCheckService.setItemNumber.dwr HTTP/1.1" 200 78
222.70.177.128 - - [01/Jun/2021:09:17:49 +0800] "POST /xingrg/dwr/call/plaincall/AjaxCheckService.setItemNumber.dwr HTTP/1.1" 200 78
116.224.253.72 - - [01/Jun/2021:09:17:49 +0800] "GET /xingrg/all/function/internal_message.html?_=1622510276596&CODE_STATE=getMsg HTTP/1.1" 200 27
116.232.49.92 - - [01/Jun/2021:09:17:50 +0800] "POST /xingrg/dwr/call/plaincall/AjaxCheckService.setItemNumber.dwr HTTP/1.1" 200 76
116.224.253.72 - - [01/Jun/2021:09:17:50 +0800] "GET /xingrg/all/function/internal_message.html?_=1622510270162&CODE_STATE=getMsg HTTP/1.1" 200 27
116.224.253.72 - - [01/Jun/2021:09:17:50 +0800] "GET /xingrg/kc/buy/cgsh_order_operate.html?command=get_materiel&rest_code=00151&code=00101008005&supplier_code=00100007&order_time=2021-06-01 HTTP/1.1" 200 412
222.70.177.128 - - [01/Jun/2021:09:17:51 +0800] "POST /xingrg/dwr/call/plaincall/AjaxCheckService.setItemNumber.dwr HTTP/1.1" 200 78
116.232.49.92 - - [01/Jun/2021:09:17:51 +0800] "POST /xingrg/dwr/call/plaincall/AjaxCheckService.setItemNumber.dwr HTTP/1.1" 200 76
222.70.177.128 - - [01/Jun/2021:09:17:51 +0800] "GET /xingrg/all/function/internal_message.html?_=1622510269444&CODE_STATE=getMsg HTTP/1.1" 200 27
116.232.49.92 - - [01/Jun/2021:09:17:52 +0800] "POST /xingrg/dwr/call/plaincall/AjaxCheckService.setItemNumber.dwr HTTP/1.1" 200 76
222.69.131.183 - - [01/Jun/2021:09:17:52 +0800] "GET /xingrg/all/function/internal_message.html?_=1622510271311&CODE_STATE=getMsg HTTP/1.1" 200 27
222.70.177.128 - - [01/Jun/2021:09:17:52 +0800] "POST /xingrg/dwr/call/plaincall/AjaxCheckService.setItemNumber.dwr HTTP/1.1" 200 78
222.69.131.183 - - [01/Jun/2021:09:17:52 +0800] "POST /xingrg/all/report/report_print.html HTTP/1.1" 200 6656
116.224.253.72 - - [01/Jun/2021:09:17:53 +0800] "GET /xingrg/kc/buy/cgsh_order_operate.html?command=get_materiel&rest_code=00150&code=00101006130&supplier_code=00100096&order_time=2021-06-01 HTTP/1.1" 200 429
222.70.177.128 - - [01/Jun/2021:09:17:53 +0800] "POST /xingrg/dwr/call/plaincall/AjaxCheckService.setItemNumber.dwr HTTP/1.1" 200 78
116.232.49.92 - - [01/Jun/2021:09:17:55 +0800] "POST /xingrg/dwr/call/plaincall/AjaxCheckService.setItemNumber.dwr HTTP/1.1" 200 76
222.70.177.128 - - [01/Jun/2021:09:17:55 +0800] "POST /xingrg/dwr/call/plaincall/AjaxCheckService.setItemNumber.dwr HTTP/1.1" 200 78
116.232.49.92 - - [01/Jun/2021:09:17:55 +0800] "POST /xingrg/dwr/call/plaincall/AjaxCheckService.setItemNumber.dwr HTTP/1.1" 200 76
116.232.49.92 - - [01/Jun/2021:09:17:56 +0800] "POST /xingrg/dwr/call/plaincall/AjaxCheckService.setItemNumber.dwr HTTP/1.1" 200 77
116.232.49.92 - - [01/Jun/2021:09:17:56 +0800] "GET /xingrg/all/function/internal_message.html?_=1622510338312&CODE_STATE=getMsg HTTP/1.1" 302 -
61.165.42.208 - - [01/Jun/2021:09:17:57 +0800] "GET /xingrg/kc/buy/cgsh_order_operate.html?command=get_materiel&rest_code=00105&code=00101008350&supplier_code=00100203&order_time=2021-06-01 HTTP/1.1" 200 408
61.165.42.208 - - [01/Jun/2021:09:17:57 +0800] "GET /xingrg/all/function/internal_message.html?_=1622510278058&CODE_STATE=getMsg HTTP/1.1" 200 27
61.165.42.208 - - [01/Jun/2021:09:17:59 +0800] "POST /xingrg/kc/buy/cgsh_order_operate.html HTTP/1.1" 200 2065
116.232.49.92 - - [01/Jun/2021:09:18:00 +0800] "POST /xingrg/dwr/call/plaincall/AjaxCheckService.setItemNumber.dwr HTTP/1.1" 200 77
222.69.131.183 - - [01/Jun/2021:09:18:00 +0800] "POST /xingrg/kc/buy/cgsh_order_operate.html HTTP/1.1" 200 37
116.224.253.72 - - [01/Jun/2021:09:18:00 +0800] "GET /xingrg/kc/buy/cgsh_order_operate.html?command=get_materiel&rest_code=00151&code=00101008271&supplier_code=00100007&order_time=2021-06-01 HTTP/1.1" 200 408
61.165.42.208 - - [01/Jun/2021:09:18:01 +0800] "POST /xingrg/kc/buy/cgsh_order_operate.html HTTP/1.1" 200 2065
116.232.49.92 - - [01/Jun/2021:09:18:03 +0800] "POST /xingrg/dwr/call/plaincall/AjaxCheckService.setItemNumber.dwr HTTP/1.1" 200 77
61.165.42.208 - - [01/Jun/2021:09:18:03 +0800] "POST /xingrg/kc/buy/cgsh_order_operate.html HTTP/1.1" 200 2065
116.232.49.92 - - [01/Jun/2021:09:18:03 +0800] "POST /xingrg/dwr/call/plaincall/AjaxCheckService.setItemNumber.dwr HTTP/1.1" 200 77
116.232.49.92 - - [01/Jun/2021:09:18:04 +0800] "POST /xingrg/dwr/call/plaincall/AjaxCheckService.setItemNumber.dwr HTTP/1.1" 200 77
222.69.131.183 - - [01/Jun/2021:09:18:06 +0800] "POST /xingrg/kc/buy/cgsh_order_operate.html HTTP/1.1" 200 12
222.69.131.183 - - [01/Jun/2021:09:18:08 +0800] "GET /xingrg/kc/buy/cgsh_order_info.html?code=212021060100017 HTTP/1.1" 200 57210
222.69.131.183 - - [01/Jun/2021:09:18:08 +0800] "GET /xingrg/javascript/easyui/themes/default/validatebox.css HTTP/1.1" 404 1104
116.224.253.72 - - [01/Jun/2021:09:18:08 +0800] "GET /xingrg/kc/buy/cgsh_order_operate.html?command=get_materiel&rest_code=00150&code=00101006124&supplier_code=00100096&order_time=2021-06-01 HTTP/1.1" 200 410
116.235.222.38 - - [01/Jun/2021:09:18:08 +0800] "GET /xingrg/javascript/easyui/themes/default/tree.css HTTP/1.1" 404 1090
116.235.222.38 - - [01/Jun/2021:09:18:08 +0800] "POST /xingrg/all/common/load_tree.html?tree=supplier_tree_json&isDelete=1 HTTP/1.1" 200 55787
222.69.131.183 - - [01/Jun/2021:09:18:09 +0800] "POST /xingrg/kc/buy/cgsh_order_operate.html HTTP/1.1" 200 1797
58.37.225.51 - - [01/Jun/2021:09:18:09 +0800] "GET /xingrg/all/function/internal_message.html?_=1622510294294&CODE_STATE=getMsg HTTP/1.1" 200 27
61.165.42.208 - - [01/Jun/2021:09:18:10 +0800] "GET /xingrg/kc/buy/cgsh_order_operate.html?command=get_materiel&rest_code=00105&code=00101008112&supplier_code=00100203&order_time=2021-06-01 HTTP/1.1" 200 412
222.69.131.183 - - [01/Jun/2021:09:18:11 +0800] "GET /xingrg/kc/print/load_data.html?order_code=212021060100017&kc_code=cgsh&condition= HTTP/1.1" 200 1141
116.235.222.38 - - [01/Jun/2021:09:18:11 +0800] "GET /xingrg/all/function/internal_message.html?_=1622510289055&CODE_STATE=getMsg HTTP/1.1" 200 27
116.224.253.72 - - [01/Jun/2021:09:18:12 +0800] "GET /xingrg/kc/buy/cgsh_order_operate.html?command=get_materiel&rest_code=00151&code=00101008133&supplier_code=00100007&order_time=2021-06-01 HTTP/1.1" 200 408
180.169.147.146 - - [01/Jun/2021:09:18:13 +0800] "GET /xingrg/all/function/internal_message.html?_=1622510291934&CODE_STATE=getMsg HTTP/1.1" 200 27
120.204.17.72 - - [01/Jun/2021:09:18:14 +0800] "GET /xingrg/all/function/internal_message.html?_=1622510235042&CODE_STATE=getMsg HTTP/1.1" 302 -
180.169.147.146 - - [01/Jun/2021:09:18:14 +0800] "GET /xingrg/all/function/internal_message.html?_=1622510295263&CODE_STATE=getMsg HTTP/1.1" 200 27
120.204.17.72 - - [01/Jun/2021:09:18:15 +0800] "GET /xingrg/login.html HTTP/1.1" 200 7641
116.230.110.80 - - [01/Jun/2021:09:18:15 +0800] "GET /xingrg/all/function/internal_message.html?_=1622510293627&CODE_STATE=getMsg HTTP/1.1" 200 27
117.185.32.26 - - [01/Jun/2021:09:18:15 +0800] "GET /xingrg/all/function/internal_message.html?_=1622510295042&CODE_STATE=getMsg HTTP/1.1" 200 27
222.69.131.183 - - [01/Jun/2021:09:18:15 +0800] "POST /xingrg/services/DataTransmitService HTTP/1.1" 200 501
222.69.131.183 - - [01/Jun/2021:09:18:20 +0800] "GET /xingrg/all/function/internal_message.html?_=1622510297005&CODE_STATE=getMsg HTTP/1.1" 200 27
116.224.253.72 - - [01/Jun/2021:09:18:20 +0800] "GET /xingrg/kc/buy/cgsh_order_operate.html?command=get_materiel&rest_code=00151&code=00101008270&supplier_code=00100007&order_time=2021-06-01 HTTP/1.1" 200 412
116.232.49.92 - - [01/Jun/2021:09:18:23 +0800] "GET /xingrg/all/function/internal_message.html?_=1622510304238&CODE_STATE=getMsg HTTP/1.1" 200 27
116.224.253.72 - - [01/Jun/2021:09:18:28 +0800] "GET /xingrg/kc/buy/cgsh_order_operate.html?command=get_materiel&rest_code=00151&code=00101008300&supplier_code=00100007&order_time=2021-06-01 HTTP/1.1" 200 412
116.224.253.72 - - [01/Jun/2021:09:18:31 +0800] "GET /xingrg/kc/buy/cgsh_order_operate.html?command=get_materiel&rest_code=00150&code=00101006055&supplier_code=00100096&order_time=2021-06-01 HTTP/1.1" 200 411
116.230.110.80 - - [01/Jun/2021:09:18:34 +0800] "GET /xingrg/check_reg.html?_=1622510313396 HTTP/1.1" 200 22
116.235.222.38 - - [01/Jun/2021:09:18:35 +0800] "GET /xingrg/kc/buy/cgsh_order_operate.html?command=get_materiel&rest_code=00107&code=00101006006&supplier_code=00100010&order_time=2021-06-01 HTTP/1.1" 200 409
116.224.253.72 - - [01/Jun/2021:09:18:35 +0800] "GET /xingrg/kc/buy/cgsh_order_operate.html?command=get_materiel&rest_code=00151&code=00101008356&supplier_code=00100007&order_time=2021-06-01 HTTP/1.1" 200 408
61.165.42.208 - - [01/Jun/2021:09:18:38 +0800] "GET /xingrg/kc/buy/cgsh_order_operate.html?command=get_materiel&rest_code=00105&code=00101008223&supplier_code=00100203&order_time=2021-06-01 HTTP/1.1" 200 412
116.224.253.72 - - [01/Jun/2021:09:18:41 +0800] "GET /xingrg/kc/buy/cgsh_order_operate.html?command=get_materiel&rest_code=00151&code=00101008286&supplier_code=00100007&order_time=2021-06-01 HTTP/1.1" 200 408
116.232.49.92 - - [01/Jun/2021:09:18:42 +0800] "GET /xingrg/kc/base/check_order_list.html?isBack=1 HTTP/1.1" 200 16098
116.232.49.92 - - [01/Jun/2021:09:18:43 +0800] "POST /xingrg/kc/base/check_list_operate.html HTTP/1.1" 200 4474
116.230.114.112 - - [01/Jun/2021:09:18:43 +0800] "GET /xingrg/all/function/internal_message.html?_=1622510329791&CODE_STATE=getMsg HTTP/1.1" 200 27
116.224.253.72 - - [01/Jun/2021:09:18:45 +0800] "GET /xingrg/kc/buy/cgsh_order_operate.html?command=get_materiel&rest_code=00150&code=00101006131&supplier_code=00100096&order_time=2021-06-01 HTTP/1.1" 200 417
116.224.253.72 - - [01/Jun/2021:09:18:47 +0800] "POST /xingrg/kc/buy/cgsh_order_operate.html HTTP/1.1" 200 37
61.165.42.208 - - [01/Jun/2021:09:18:48 +0800] "GET /xingrg/kc/buy/cgsh_order_operate.html?command=get_materiel&rest_code=00105&code=00101008131&supplier_code=00100203&order_time=2021-06-01 HTTP/1.1" 200 408
116.224.253.72 - - [01/Jun/2021:09:18:49 +0800] "POST /xingrg/kc/buy/cgsh_order_operate.html HTTP/1.1" 200 14032
116.224.253.72 - - [01/Jun/2021:09:18:49 +0800] "GET /xingrg/all/function/internal_message.html?_=1622510336669&CODE_STATE=getMsg HTTP/1.1" 200 27
116.224.253.72 - - [01/Jun/2021:09:18:50 +0800] "GET /xingrg/all/function/internal_message.html?_=1622510330234&CODE_STATE=getMsg HTTP/1.1" 200 27
222.70.177.128 - - [01/Jun/2021:09:18:51 +0800] "GET /xingrg/all/function/internal_message.html?_=1622510329423&CODE_STATE=getMsg HTTP/1.1" 200 27
222.69.131.183 - - [01/Jun/2021:09:18:52 +0800] "GET /xingrg/all/function/internal_message.html?_=1622510331318&CODE_STATE=getMsg HTTP/1.1" 200 27
116.232.49.92 - - [01/Jun/2021:09:18:52 +0800] "GET /xingrg/kc/buy/buy_main.html HTTP/1.1" 200 12412
116.232.49.92 - - [01/Jun/2021:09:18:52 +0800] "GET /xingrg/css/new_ie.css HTTP/1.1" 404 1036
116.232.49.92 - - [01/Jun/2021:09:18:52 +0800] "GET /xingrg/javascript/ToolTips.js HTTP/1.1" 200 5615
116.232.49.92 - - [01/Jun/2021:09:18:52 +0800] "GET /xingrg/javascript/jquery_ui/jquery-ui.min.js HTTP/1.1" 200 186181
116.232.49.92 - - [01/Jun/2021:09:18:52 +0800] "GET /xingrg/images/blue/button/cgxqd.gif HTTP/1.1" 200 2619
116.232.49.92 - - [01/Jun/2021:09:18:52 +0800] "GET /xingrg/images/blue/button/cgydd.gif HTTP/1.1" 200 2712
116.232.49.92 - - [01/Jun/2021:09:18:52 +0800] "GET /xingrg/images/blue/button/cgshd.gif HTTP/1.1" 200 2618
116.232.49.92 - - [01/Jun/2021:09:18:52 +0800] "GET /xingrg/images/blue/button/cgfkd.gif HTTP/1.1" 200 2075
116.232.49.92 - - [01/Jun/2021:09:18:52 +0800] "GET /xingrg/images/blue/button/ckthd.gif HTTP/1.1" 200 2045
116.232.49.92 - - [01/Jun/2021:09:18:52 +0800] "GET /xingrg/javascript/jquery_ui/themes/humanity/humanity.css HTTP/1.1" 200 27801
116.232.49.92 - - [01/Jun/2021:09:18:52 +0800] "GET /xingrg/images/blue/button/down_ah.jpg HTTP/1.1" 200 1732
116.232.49.92 - - [01/Jun/2021:09:18:52 +0800] "GET /xingrg/javascript/jquery_ui/themes/humanity/images/ui-bg_inset-soft_100_f4f0ec_1x100.png HTTP/1.1" 200 141
116.232.49.92 - - [01/Jun/2021:09:18:52 +0800] "GET /xingrg/javascript/jquery_ui/themes/humanity/images/ui-iconsnew.jpg HTTP/1.1" 200 337
116.232.49.92 - - [01/Jun/2021:09:18:52 +0800] "GET /xingrg/javascript/jquery_ui/themes/humanity/images/ui-icons_ffffff_256x240.png HTTP/1.1" 200 4369
116.232.49.92 - - [01/Jun/2021:09:18:52 +0800] "GET /xingrg/javascript/jquery_ui/themes/humanity/images/ui-icons_c47a23_256x240.png HTTP/1.1" 200 5355
116.232.49.92 - - [01/Jun/2021:09:18:52 +0800] "GET /xingrg/javascript/jquery_ui/themes/humanity/images/ui-bg_glass_70_ede4d4_1x400.png HTTP/1.1" 200 161
116.232.49.92 - - [01/Jun/2021:09:18:52 +0800] "GET /xingrg/images/yd/bt.gif HTTP/1.1" 404 1040
116.232.49.92 - - [01/Jun/2021:09:18:53 +0800] "GET /xingrg/kc/buy/cgsh_order_list.html HTTP/1.1" 200 46527
116.232.49.92 - - [01/Jun/2021:09:18:53 +0800] "GET /xingrg/javascript/easyui/themes/icons/import_new.png HTTP/1.1" 200 1247
116.232.49.92 - - [01/Jun/2021:09:18:53 +0800] "POST /xingrg/kc/buy/cgsh_list_operate.html HTTP/1.1" 200 876
116.232.49.92 - - [01/Jun/2021:09:18:55 +0800] "POST /xingrg/all/common/load_tree.html?tree=area_rest_tree_json&manage=1 HTTP/1.1" 200 342
116.232.49.92 - - [01/Jun/2021:09:18:55 +0800] "GET /xingrg/check_reg.html?_=1622510335879 HTTP/1.1" 200 22
116.232.49.92 - - [01/Jun/2021:09:18:55 +0800] "GET /xingrg/all/function/internal_message.html?_=1622510335879&CODE_STATE=count HTTP/1.1" 200 11
116.232.49.92 - - [01/Jun/2021:09:18:55 +0800] "POST /xingrg/load_menu.html HTTP/1.1" 200 5138
116.232.49.92 - - [01/Jun/2021:09:18:56 +0800] "GET /xingrg/kc/buy/buy_main.html HTTP/1.1" 200 12412
116.232.49.92 - - [01/Jun/2021:09:18:56 +0800] "GET /xingrg/css/new_ie.css HTTP/1.1" 404 1036
116.232.49.92 - - [01/Jun/2021:09:18:56 +0800] "GET /xingrg/javascript/ToolTips.js HTTP/1.1" 200 5615
116.232.49.92 - - [01/Jun/2021:09:18:56 +0800] "GET /xingrg/javascript/jquery_ui/jquery-ui.min.js HTTP/1.1" 200 186181
116.232.49.92 - - [01/Jun/2021:09:18:56 +0800] "GET /xingrg/images/blue/button/cgxqd.gif HTTP/1.1" 200 2619
116.232.49.92 - - [01/Jun/2021:09:18:56 +0800] "GET /xingrg/images/blue/button/cgydd.gif HTTP/1.1" 200 2712
116.232.49.92 - - [01/Jun/2021:09:18:56 +0800] "GET /xingrg/images/blue/button/cgshd.gif HTTP/1.1" 200 2618
116.232.49.92 - - [01/Jun/2021:09:18:56 +0800] "GET /xingrg/javascript/jquery_ui/themes/humanity/humanity.css HTTP/1.1" 200 27801
116.232.49.92 - - [01/Jun/2021:09:18:56 +0800] "GET /xingrg/images/blue/button/cgfkd.gif HTTP/1.1" 200 2075
116.232.49.92 - - [01/Jun/2021:09:18:56 +0800] "GET /xingrg/images/blue/button/ckthd.gif HTTP/1.1" 200 2045
116.232.49.92 - - [01/Jun/2021:09:18:56 +0800] "GET /xingrg/check_reg.html?_=1622510398250 HTTP/1.1" 302 -
116.232.49.92 - - [01/Jun/2021:09:18:56 +0800] "GET /xingrg/images/blue/button/down_ah.jpg HTTP/1.1" 200 1732
116.232.49.92 - - [01/Jun/2021:09:18:56 +0800] "GET /xingrg/all/function/internal_message.html?_=1622510398312&CODE_STATE=getMsg HTTP/1.1" 302 -
116.232.49.92 - - [01/Jun/2021:09:18:56 +0800] "GET /xingrg/javascript/jquery_ui/themes/humanity/images/ui-bg_inset-soft_100_f4f0ec_1x100.png HTTP/1.1" 200 141
116.232.49.92 - - [01/Jun/2021:09:18:56 +0800] "GET /xingrg/javascript/jquery_ui/themes/humanity/images/ui-icons_c47a23_256x240.png HTTP/1.1" 200 5355
116.235.222.38 - - [01/Jun/2021:09:18:57 +0800] "GET /xingrg/kc/buy/cgsh_order_operate.html?command=get_materiel&rest_code=00107&code=00101006111&supplier_code=00100010&order_time=2021-06-01 HTTP/1.1" 200 409
116.224.253.72 - - [01/Jun/2021:09:18:57 +0800] "GET /xingrg/kc/buy/cgsh_order_operate.html?command=get_materiel&rest_code=00151&code=00101012039&supplier_code=00100007&order_time=2021-06-01 HTTP/1.1" 200 408
61.165.42.208 - - [01/Jun/2021:09:18:57 +0800] "GET /xingrg/all/function/internal_message.html?_=1622510338206&CODE_STATE=getMsg HTTP/1.1" 200 27
116.232.49.92 - - [01/Jun/2021:09:18:57 +0800] "GET /xingrg/kc/buy/cgsh_order_list.html HTTP/1.1" 200 46527
116.232.49.92 - - [01/Jun/2021:09:18:57 +0800] "GET /xingrg/javascript/easyui/themes/icons/import_new.png HTTP/1.1" 200 1247
116.232.49.92 - - [01/Jun/2021:09:18:58 +0800] "POST /xingrg/kc/buy/cgsh_list_operate.html HTTP/1.1" 200 876
114.86.187.76 - - [01/Jun/2021:09:18:58 +0800] "POST /xingrg/services/DataTransmitService HTTP/1.1" 200 524
222.69.131.183 - - [01/Jun/2021:09:18:58 +0800] "POST /xingrg/services/DataTransmitService HTTP/1.1" 200 501
116.232.49.92 - - [01/Jun/2021:09:18:58 +0800] "GET /xingrg/javascript/easyui/themes/default/images/button_plain_hover.png HTTP/1.1" 200 144
114.86.187.76 - - [01/Jun/2021:09:18:58 +0800] "POST /xingrg/services/DataTransmitService HTTP/1.1" 200 2087
116.232.49.92 - - [01/Jun/2021:09:18:59 +0800] "GET /xingrg/javascript/jquery_tools/order_manager.js HTTP/1.1" 200 11183
116.232.49.92 - - [01/Jun/2021:09:18:59 +0800] "GET /xingrg/kc/buy/cgsh_order_add.html HTTP/1.1" 200 62306
116.232.49.92 - - [01/Jun/2021:09:18:59 +0800] "GET /xingrg/javascript/json2.js HTTP/1.1" 200 11259
116.232.49.92 - - [01/Jun/2021:09:18:59 +0800] "GET /xingrg/words/20210531123643_words.js HTTP/1.1" 200 818287
116.232.49.92 - - [01/Jun/2021:09:18:59 +0800] "GET /xingrg/javascript/easyui/themes/icons/copy_new.png HTTP/1.1" 200 815
116.232.49.92 - - [01/Jun/2021:09:18:59 +0800] "GET /xingrg/javascript/easyui/themes/icons/print.png HTTP/1.1" 200 1057
116.232.49.92 - - [01/Jun/2021:09:18:59 +0800] "GET /xingrg/javascript/easyui/themes/icons/ok.png HTTP/1.1" 200 883
116.232.49.92 - - [01/Jun/2021:09:18:59 +0800] "GET /xingrg/javascript/easyui/themes/default/images/menu_downarrow.png HTTP/1.1" 200 173
116.232.49.92 - - [01/Jun/2021:09:18:59 +0800] "GET /xingrg/javascript/easyui/themes/icons/template_new.png HTTP/1.1" 200 3956
116.232.49.92 - - [01/Jun/2021:09:18:59 +0800] "GET /xingrg/javascript/easyui/themes/icons/cancel.png HTTP/1.1" 200 1133
114.86.187.76 - - [01/Jun/2021:09:18:59 +0800] "POST /xingrg/services/DataTransmitService HTTP/1.1" 200 148231
116.232.49.92 - - [01/Jun/2021:09:18:59 +0800] "POST /xingrg/kc/buy/cgsh_order_operate.html HTTP/1.1" 200 8245
116.232.49.92 - - [01/Jun/2021:09:18:59 +0800] "GET /xingrg/all/common/auto_word.html?type=employee&rest_code=00109 HTTP/1.1" 200 155
116.232.49.92 - - [01/Jun/2021:09:18:59 +0800] "GET /xingrg/javascript/easyui/themes/default/validatebox.css HTTP/1.1" 404 1104
116.232.49.92 - - [01/Jun/2021:09:18:59 +0800] "GET /xingrg/javascript/easyui/plugins/jquery.validatebox.js HTTP/1.1" 200 6103
116.232.49.92 - - [01/Jun/2021:09:18:59 +0800] "GET /xingrg/javascript/easyui/themes/icons/edit_remove.png HTTP/1.1" 200 625
116.232.49.92 - - [01/Jun/2021:09:18:59 +0800] "GET /xingrg/all/common/auto_word.html?type=employee&rest_code=00109 HTTP/1.1" 200 155
116.232.49.92 - - [01/Jun/2021:09:18:59 +0800] "GET /xingrg/javascript/easyui/plugins/jquery.numberbox.js HTTP/1.1" 200 5213
116.224.253.72 - - [01/Jun/2021:09:19:01 +0800] "GET /xingrg/kc/buy/cgsh_order_operate.html?command=get_materiel&rest_code=00150&code=00101006065&supplier_code=00100096&order_time=2021-06-01 HTTP/1.1" 200 409
61.165.42.208 - - [01/Jun/2021:09:19:02 +0800] "GET /xingrg/kc/buy/cgsh_order_operate.html?command=get_materiel&rest_code=00105&code=00101008168&supplier_code=00100203&order_time=2021-06-01 HTTP/1.1" 200 413
116.232.49.92 - - [01/Jun/2021:09:19:02 +0800] "GET /xingrg/javascript/jquery_tools/images/prev.gif HTTP/1.1" 404 1086
116.232.49.92 - - [01/Jun/2021:09:19:02 +0800] "GET /xingrg/javascript/jquery_tools/images/next.gif HTTP/1.1" 404 1086
222.69.131.183 - - [01/Jun/2021:09:19:05 +0800] "POST /xingrg/services/DataTransmitService HTTP/1.1" 200 501
222.69.131.183 - - [01/Jun/2021:09:19:06 +0800] "POST /xingrg/services/DataTransmitService HTTP/1.1" 200 501
116.224.253.72 - - [01/Jun/2021:09:19:06 +0800] "GET /xingrg/kc/buy/cgsh_order_operate.html?command=get_materiel&rest_code=00151&code=00101008088&supplier_code=00100007&order_time=2021-06-01 HTTP/1.1" 200 408
116.232.49.92 - - [01/Jun/2021:09:19:08 +0800] "GET /xingrg/kc/buy/cgsh_order_operate.html?command=get_materiel&rest_code=00109&code=00101008261&supplier_code=00100005&order_time=2021-06-01 HTTP/1.1" 200 408
116.235.222.38 - - [01/Jun/2021:09:19:09 +0800] "GET /xingrg/kc/buy/cgsh_order_operate.html?command=get_materiel&rest_code=00107&code=00101006065&supplier_code=00100010&order_time=2021-06-01 HTTP/1.1" 200 409
58.37.225.51 - - [01/Jun/2021:09:19:09 +0800] "GET /xingrg/all/function/internal_message.html?_=1622510354307&CODE_STATE=getMsg HTTP/1.1" 200 27
58.37.225.51 - - [01/Jun/2021:09:19:09 +0800] "GET /xingrg/check_reg.html?_=1622510354308 HTTP/1.1" 200 22
61.151.178.166 - - [01/Jun/2021:09:19:09 +0800] "GET /xingrg/all/function/internal_message.html?_=1622510294294&CODE_STATE=getMsg HTTP/1.1" 302 -
116.224.253.72 - - [01/Jun/2021:09:19:10 +0800] "GET /xingrg/kc/buy/cgsh_order_operate.html?command=get_materiel&rest_code=00150&code=00101006111&supplier_code=00100096&order_time=2021-06-01 HTTP/1.1" 200 411
61.165.42.208 - - [01/Jun/2021:09:19:10 +0800] "GET /xingrg/kc/buy/cgsh_order_operate.html?command=get_materiel&rest_code=00105&code=00101008236&supplier_code=00100203&order_time=2021-06-01 HTTP/1.1" 200 416
61.151.178.166 - - [01/Jun/2021:09:19:11 +0800] "GET /xingrg/login.html HTTP/1.1" 200 7641
116.235.222.38 - - [01/Jun/2021:09:19:11 +0800] "GET /xingrg/all/function/internal_message.html?_=1622510349032&CODE_STATE=getMsg HTTP/1.1" 200 27
116.224.253.72 - - [01/Jun/2021:09:19:12 +0800] "GET /xingrg/kc/buy/cgsh_order_operate.html?command=get_materiel&rest_code=00151&code=00101016025&supplier_code=00100007&order_time=2021-06-01 HTTP/1.1" 200 408
180.169.147.146 - - [01/Jun/2021:09:19:13 +0800] "GET /xingrg/check_reg.html?_=1622510351933 HTTP/1.1" 200 22
180.169.147.146 - - [01/Jun/2021:09:19:13 +0800] "GET /xingrg/all/function/internal_message.html?_=1622510351935&CODE_STATE=getMsg HTTP/1.1" 200 27
180.169.147.146 - - [01/Jun/2021:09:19:14 +0800] "GET /xingrg/all/function/internal_message.html?_=1622510355267&CODE_STATE=getMsg HTTP/1.1" 200 27
116.230.110.80 - - [01/Jun/2021:09:19:15 +0800] "GET /xingrg/all/function/internal_message.html?_=1622510353600&CODE_STATE=getMsg HTTP/1.1" 200 27
117.185.32.26 - - [01/Jun/2021:09:19:15 +0800] "GET /xingrg/all/function/internal_message.html?_=1622510355042&CODE_STATE=getMsg HTTP/1.1" 200 27
222.70.177.128 - - [01/Jun/2021:09:19:15 +0800] "POST /xingrg/dwr/call/plaincall/AjaxCheckService.setItemNumber.dwr HTTP/1.1" 200 78
116.232.49.92 - - [01/Jun/2021:09:19:15 +0800] "GET /xingrg/kc/buy/cgsh_order_operate.html?command=get_materiel&rest_code=00109&code=00101008210&supplier_code=00100005&order_time=2021-06-01 HTTP/1.1" 200 408
222.70.177.128 - - [01/Jun/2021:09:19:17 +0800] "GET /xingrg/kc/base/check_order_list.html?isBack=1 HTTP/1.1" 200 16098
61.165.42.208 - - [01/Jun/2021:09:19:17 +0800] "GET /xingrg/kc/buy/cgsh_order_operate.html?command=get_materiel&rest_code=00105&code=00101008114&supplier_code=00100203&order_time=2021-06-01 HTTP/1.1" 200 412
222.70.177.128 - - [01/Jun/2021:09:19:17 +0800] "POST /xingrg/kc/base/check_list_operate.html HTTP/1.1" 200 4706
222.70.177.128 - - [01/Jun/2021:09:19:20 +0800] "GET /xingrg/kc/base/check_order_info.html?code=452021053100464 HTTP/1.1" 200 26404
222.70.177.128 - - [01/Jun/2021:09:19:20 +0800] "GET /xingrg/dwr/interface/AjaxComOrderService.js HTTP/1.1" 200 18264
222.70.177.128 - - [01/Jun/2021:09:19:20 +0800] "GET /xingrg/dwr/interface/AjaxCheckService.js HTTP/1.1" 200 14003
222.70.177.128 - - [01/Jun/2021:09:19:20 +0800] "GET /xingrg/dwr/engine.js HTTP/1.1" 200 43631
222.69.131.183 - - [01/Jun/2021:09:19:20 +0800] "GET /xingrg/all/function/internal_message.html?_=1622510356989&CODE_STATE=getMsg HTTP/1.1" 200 27
222.70.177.128 - - [01/Jun/2021:09:19:20 +0800] "POST /xingrg/dwr/call/plaincall/AjaxCheckService.loadOrderItems.dwr HTTP/1.1" 200 167038
116.224.253.72 - - [01/Jun/2021:09:19:21 +0800] "GET /xingrg/kc/buy/cgsh_order_operate.html?command=get_materiel&rest_code=00151&code=00101008017&supplier_code=00100007&order_time=2021-06-01 HTTP/1.1" 200 416
116.224.253.72 - - [01/Jun/2021:09:19:22 +0800] "GET /xingrg/kc/buy/cgsh_order_operate.html?command=get_materiel&rest_code=00150&code=00101006133&supplier_code=00100096&order_time=2021-06-01 HTTP/1.1" 200 415
222.69.131.183 - - [01/Jun/2021:09:19:25 +0800] "POST /xingrg/services/DataTransmitService HTTP/1.1" 200 501
61.165.42.208 - - [01/Jun/2021:09:19:25 +0800] "GET /xingrg/kc/buy/cgsh_order_operate.html?command=get_materiel&rest_code=00105&code=00101008412&supplier_code=00100203&order_time=2021-06-01 HTTP/1.1" 200 399
222.69.131.183 - - [01/Jun/2021:09:19:27 +0800] "POST /xingrg/services/DataTransmitService HTTP/1.1" 200 501
116.224.253.72 - - [01/Jun/2021:09:19:29 +0800] "GET /xingrg/kc/buy/cgsh_order_operate.html?command=get_materiel&rest_code=00151&code=00101008102&supplier_code=00100007&order_time=2021-06-01 HTTP/1.1" 200 413
222.70.177.128 - - [01/Jun/2021:09:19:29 +0800] "POST /xingrg/dwr/call/plaincall/AjaxCheckService.setItemNumber.dwr HTTP/1.1" 200 76
222.69.131.183 - - [01/Jun/2021:09:19:30 +0800] "POST /xingrg/services/DataTransmitService HTTP/1.1" 200 501
222.70.177.128 - - [01/Jun/2021:09:19:30 +0800] "POST /xingrg/dwr/call/plaincall/AjaxCheckService.setItemNumber.dwr HTTP/1.1" 200 76
116.235.222.38 - - [01/Jun/2021:09:19:30 +0800] "GET /xingrg/kc/buy/cgsh_order_operate.html?command=get_materiel&rest_code=00107&code=00101006062&supplier_code=00100010&order_time=2021-06-01 HTTP/1.1" 200 409
222.70.177.128 - - [01/Jun/2021:09:19:32 +0800] "POST /xingrg/dwr/call/plaincall/AjaxCheckService.setItemNumber.dwr HTTP/1.1" 200 76
222.70.177.128 - - [01/Jun/2021:09:19:33 +0800] "POST /xingrg/dwr/call/plaincall/AjaxCheckService.setItemNumber.dwr HTTP/1.1" 200 76
116.224.253.72 - - [01/Jun/2021:09:19:34 +0800] "POST /xingrg/kc/buy/cgsh_order_operate.html HTTP/1.1" 200 37
222.70.177.128 - - [01/Jun/2021:09:19:34 +0800] "POST /xingrg/dwr/call/plaincall/AjaxCheckService.setItemNumber.dwr HTTP/1.1" 200 76
116.224.253.72 - - [01/Jun/2021:09:19:35 +0800] "GET /xingrg/kc/buy/cgsh_order_operate.html?command=get_materiel&rest_code=00150&code=00101007061&supplier_code=00100096&order_time=2021-06-01 HTTP/1.1" 200 409
116.224.253.72 - - [01/Jun/2021:09:19:35 +0800] "POST /xingrg/kc/buy/cgsh_order_operate.html HTTP/1.1" 200 17034
222.70.177.128 - - [01/Jun/2021:09:19:36 +0800] "POST /xingrg/dwr/call/plaincall/AjaxCheckService.setItemNumber.dwr HTTP/1.1" 200 76
222.69.131.183 - - [01/Jun/2021:09:19:36 +0800] "POST /xingrg/services/DataTransmitService HTTP/1.1" 200 412
222.70.177.128 - - [01/Jun/2021:09:19:37 +0800] "POST /xingrg/dwr/call/plaincall/AjaxCheckService.setItemNumber.dwr HTTP/1.1" 200 76
116.232.49.92 - - [01/Jun/2021:09:19:39 +0800] "GET /xingrg/kc/buy/cgsh_order_operate.html?command=get_materiel&rest_code=00109&code=00101008199&supplier_code=00100005&order_time=2021-06-01 HTTP/1.1" 200 408
222.70.177.128 - - [01/Jun/2021:09:19:40 +0800] "POST /xingrg/dwr/call/plaincall/AjaxCheckService.setItemNumber.dwr HTTP/1.1" 200 76
116.224.253.72 - - [01/Jun/2021:09:19:40 +0800] "GET /xingrg/kc/buy/cgsh_order_operate.html?command=get_materiel&rest_code=00151&code=00101008033&supplier_code=00100007&order_time=2021-06-01 HTTP/1.1" 200 408
222.70.177.128 - - [01/Jun/2021:09:19:41 +0800] "POST /xingrg/dwr/call/plaincall/AjaxCheckService.setItemNumber.dwr HTTP/1.1" 200 76
222.70.177.128 - - [01/Jun/2021:09:19:43 +0800] "POST /xingrg/dwr/call/plaincall/AjaxCheckService.setItemNumber.dwr HTTP/1.1" 200 77
116.230.114.112 - - [01/Jun/2021:09:19:43 +0800] "GET /xingrg/all/function/internal_message.html?_=1622510389794&CODE_STATE=getMsg HTTP/1.1" 200 27
222.70.177.128 - - [01/Jun/2021:09:19:45 +0800] "POST /xingrg/dwr/call/plaincall/AjaxCheckService.setItemNumber.dwr HTTP/1.1" 200 77
116.232.49.92 - - [01/Jun/2021:09:19:45 +0800] "GET /xingrg/kc/buy/cgsh_order_operate.html?command=get_materiel&rest_code=00109&code=00101008087&supplier_code=00100005&order_time=2021-06-01 HTTP/1.1" 200 412
222.70.177.128 - - [01/Jun/2021:09:19:46 +0800] "POST /xingrg/dwr/call/plaincall/AjaxCheckService.setItemNumber.dwr HTTP/1.1" 200 77
222.70.177.128 - - [01/Jun/2021:09:19:47 +0800] "POST /xingrg/dwr/call/plaincall/AjaxCheckService.setItemNumber.dwr HTTP/1.1" 200 77
116.224.253.72 - - [01/Jun/2021:09:19:48 +0800] "GET /xingrg/kc/buy/cgsh_order_operate.html?command=get_materiel&rest_code=00151&code=00101008265&supplier_code=00100007&order_time=2021-06-01 HTTP/1.1" 200 409
