180.161.111.4 - - [31/May/2021:10:02:57 +0800] "GET /xingrg/all/function/internal_message.html?_=1622426537499&CODE_STATE=getMsg HTTP/1.1" 200 27
116.224.253.72 - - [31/May/2021:10:02:57 +0800] "GET /xingrg/javascript/jquery_tools/images/prev.gif HTTP/1.1" 404 1086
116.224.253.72 - - [31/May/2021:10:02:57 +0800] "GET /xingrg/javascript/jquery_tools/images/next.gif HTTP/1.1" 404 1086
117.185.32.26 - - [31/May/2021:10:03:06 +0800] "GET /xingrg/all/function/internal_message.html?_=1622426586313&CODE_STATE=getMsg HTTP/1.1" 200 27
114.83.217.136 - - [31/May/2021:10:03:07 +0800] "GET /xingrg/all/function/internal_message.html?_=1622426588561&CODE_STATE=getMsg HTTP/1.1" 200 27
222.69.130.24 - - [31/May/2021:10:03:08 +0800] "GET /xingrg/all/function/internal_message.html?_=1622426587378&CODE_STATE=getMsg HTTP/1.1" 200 27
117.184.7.26 - - [31/May/2021:10:03:10 +0800] "GET /xingrg/all/function/internal_message.html?_=1622426587347&CODE_STATE=getMsg HTTP/1.1" 200 27
116.224.253.72 - - [31/May/2021:10:03:14 +0800] "POST /xingrg/kc/buy/cgsh_list_operate.html HTTP/1.1" 200 5718
101.85.94.178 - - [31/May/2021:10:03:16 +0800] "GET /xingrg/all/function/internal_message.html?_=1622426067730&CODE_STATE=getMsg HTTP/1.1" 200 27
116.230.110.80 - - [31/May/2021:10:03:16 +0800] "GET /xingrg/check_reg.html?_=1622426593908 HTTP/1.1" 200 22
116.230.110.80 - - [31/May/2021:10:03:16 +0800] "GET /xingrg/all/function/internal_message.html?_=1622426593913&CODE_STATE=getMsg HTTP/1.1" 200 27
114.83.217.136 - - [31/May/2021:10:03:17 +0800] "POST /xingrg/kc/buy/cgsh_order_operate.html HTTP/1.1" 200 37
116.230.114.112 - - [31/May/2021:10:03:19 +0800] "GET /xingrg/all/function/internal_message.html?_=1622426600612&CODE_STATE=getMsg HTTP/1.1" 200 27
114.83.217.136 - - [31/May/2021:10:03:20 +0800] "POST /xingrg/kc/buy/cgsh_order_operate.html HTTP/1.1" 200 12
116.233.72.146 - - [31/May/2021:10:03:20 +0800] "GET /xingrg/all/function/internal_message.html?_=1622426600175&CODE_STATE=getMsg HTTP/1.1" 200 27
116.233.72.146 - - [31/May/2021:10:03:20 +0800] "GET /xingrg/check_reg.html?_=1622426600176 HTTP/1.1" 200 22
114.83.217.136 - - [31/May/2021:10:03:20 +0800] "GET /xingrg/kc/buy/cgsh_order_info.html?code=212021053114068 HTTP/1.1" 200 56291
114.83.217.136 - - [31/May/2021:10:03:21 +0800] "GET /xingrg/javascript/easyui/themes/default/validatebox.css HTTP/1.1" 404 1104
114.83.217.136 - - [31/May/2021:10:03:21 +0800] "POST /xingrg/kc/buy/cgsh_order_operate.html HTTP/1.1" 200 10647
120.253.135.82 - - [31/May/2021:10:03:22 +0800] "GET /xingrg/all/function/internal_message.html?_=1622426641704&CODE_STATE=getMsg HTTP/1.1" 200 27
114.86.187.76 - - [31/May/2021:10:03:22 +0800] "GET /xingrg/all/function/internal_message.html?_=1622426602732&CODE_STATE=getMsg HTTP/1.1" 200 27
114.83.217.136 - - [31/May/2021:10:03:23 +0800] "GET /xingrg/kc/print/load_data.html?order_code=212021053114068&kc_code=cgsh&condition= HTTP/1.1" 200 4486
58.221.95.50 - - [31/May/2021:10:03:23 +0800] "GET /xingrg/check_reg.html?_=1622426602343 HTTP/1.1" 302 -
116.224.253.72 - - [31/May/2021:10:03:24 +0800] "GET /xingrg/all/function/internal_message.html?_=1622426609208&CODE_STATE=getMsg HTTP/1.1" 200 27
116.224.253.72 - - [31/May/2021:10:03:26 +0800] "GET /xingrg/javascript/auto/indicator.gif HTTP/1.1" 404 1066
116.224.253.72 - - [31/May/2021:10:03:34 +0800] "POST /xingrg/kc/buy/cgsh_list_operate.html HTTP/1.1" 200 5670
116.224.253.72 - - [31/May/2021:10:03:34 +0800] "POST /xingrg/kc/buy/cgsh_list_operate.html HTTP/1.1" 200 4655
116.235.222.38 - - [31/May/2021:10:03:38 +0800] "GET /xingrg/all/function/internal_message.html?_=1622426615903&CODE_STATE=getMsg HTTP/1.1" 200 27
180.162.112.86 - - [31/May/2021:10:03:38 +0800] "GET /xingrg/check_reg.html?_=1622426323865 HTTP/1.1" 200 22
180.162.112.86 - - [31/May/2021:10:03:38 +0800] "GET /xingrg/all/function/internal_message.html?_=1622426323868&CODE_STATE=getMsg HTTP/1.1" 200 27
101.85.52.2 - - [31/May/2021:10:03:39 +0800] "GET /xingrg/all/function/internal_message.html?_=1622426617047&CODE_STATE=getMsg HTTP/1.1" 200 27
61.165.42.208 - - [31/May/2021:10:03:44 +0800] "GET /xingrg/all/function/internal_message.html?_=1622426623730&CODE_STATE=getMsg HTTP/1.1" 200 27
116.224.253.72 - - [31/May/2021:10:03:47 +0800] "POST /xingrg/kc/buy/cgsh_list_operate.html HTTP/1.1" 200 600
222.70.177.128 - - [31/May/2021:10:03:49 +0800] "GET /xingrg/all/function/internal_message.html?_=1622426627782&CODE_STATE=getMsg HTTP/1.1" 200 27
116.224.253.72 - - [31/May/2021:10:03:50 +0800] "POST /xingrg/kc/buy/cgsh_list_operate.html HTTP/1.1" 200 525
61.165.42.208 - - [31/May/2021:10:03:50 +0800] "GET /xingrg/kc/buy/cgsh_order_operate.html?command=get_materiel&rest_code=00105&code=00101009016&supplier_code=00100024&order_time=2021-05-31 HTTP/1.1" 200 412
116.224.253.72 - - [31/May/2021:10:03:53 +0800] "GET /xingrg/all/function/internal_message.html?_=1622426632779&CODE_STATE=getMsg HTTP/1.1" 200 27
116.224.253.72 - - [31/May/2021:10:03:54 +0800] "POST /xingrg/kc/buy/cgsh_list_operate.html HTTP/1.1" 200 2044
180.161.111.4 - - [31/May/2021:10:03:57 +0800] "GET /xingrg/all/function/internal_message.html?_=1622426597513&CODE_STATE=getMsg HTTP/1.1" 200 27
61.165.42.208 - - [31/May/2021:10:04:01 +0800] "GET /xingrg/kc/buy/cgsh_order_operate.html?command=get_materiel&rest_code=00105&code=00101009013&supplier_code=00100024&order_time=2021-05-31 HTTP/1.1" 200 420
117.185.32.26 - - [31/May/2021:10:04:06 +0800] "GET /xingrg/all/function/internal_message.html?_=1622426646294&CODE_STATE=getMsg HTTP/1.1" 200 27
114.83.217.136 - - [31/May/2021:10:04:07 +0800] "GET /xingrg/all/function/internal_message.html?_=1622426648545&CODE_STATE=getMsg HTTP/1.1" 200 27
222.69.130.24 - - [31/May/2021:10:04:08 +0800] "GET /xingrg/all/function/internal_message.html?_=1622426647362&CODE_STATE=getMsg HTTP/1.1" 200 27
114.83.217.136 - - [31/May/2021:10:04:10 +0800] "GET /xingrg/kc/buy/cgsh_order_add.html HTTP/1.1" 200 61386
117.184.7.26 - - [31/May/2021:10:04:10 +0800] "GET /xingrg/all/function/internal_message.html?_=1622426647352&CODE_STATE=getMsg HTTP/1.1" 200 27
114.83.217.136 - - [31/May/2021:10:04:10 +0800] "POST /xingrg/kc/buy/cgsh_order_operate.html HTTP/1.1" 200 8245
114.83.217.136 - - [31/May/2021:10:04:10 +0800] "GET /xingrg/javascript/easyui/themes/default/validatebox.css HTTP/1.1" 404 1104
101.85.94.178 - - [31/May/2021:10:04:13 +0800] "GET /xingrg/all/function/internal_message.html?_=1622426127715&CODE_STATE=getMsg HTTP/1.1" 200 27
116.230.110.80 - - [31/May/2021:10:04:16 +0800] "GET /xingrg/all/function/internal_message.html?_=1622426653906&CODE_STATE=getMsg HTTP/1.1" 200 27
116.230.114.112 - - [31/May/2021:10:04:18 +0800] "GET /xingrg/check_reg.html?_=1622426659039 HTTP/1.1" 200 22
116.230.114.112 - - [31/May/2021:10:04:19 +0800] "GET /xingrg/all/function/internal_message.html?_=1622426660625&CODE_STATE=getMsg HTTP/1.1" 200 27
116.233.72.146 - - [31/May/2021:10:04:20 +0800] "GET /xingrg/all/function/internal_message.html?_=1622426660177&CODE_STATE=getMsg HTTP/1.1" 200 27
114.86.187.76 - - [31/May/2021:10:04:22 +0800] "GET /xingrg/all/function/internal_message.html?_=1622426662731&CODE_STATE=getMsg HTTP/1.1" 200 27
120.253.135.82 - - [31/May/2021:10:04:22 +0800] "GET /xingrg/all/function/internal_message.html?_=1622426701724&CODE_STATE=getMsg HTTP/1.1" 200 27
116.224.253.72 - - [31/May/2021:10:04:24 +0800] "GET /xingrg/all/function/internal_message.html?_=1622426669222&CODE_STATE=getMsg HTTP/1.1" 200 27
61.165.42.208 - - [31/May/2021:10:04:27 +0800] "POST /xingrg/kc/buy/cgsh_order_operate.html HTTP/1.1" 200 37
61.165.42.208 - - [31/May/2021:10:04:28 +0800] "POST /xingrg/kc/buy/cgsh_order_operate.html HTTP/1.1" 200 9221
61.165.42.208 - - [31/May/2021:10:04:29 +0800] "GET /xingrg/kc/print/load_data.html?order_code=212021053114069&kc_code=cgsh&condition= HTTP/1.1" 200 3193
116.235.222.38 - - [31/May/2021:10:04:38 +0800] "GET /xingrg/all/function/internal_message.html?_=1622426675896&CODE_STATE=getMsg HTTP/1.1" 200 27
180.162.112.86 - - [31/May/2021:10:04:38 +0800] "GET /xingrg/all/function/internal_message.html?_=1622426383868&CODE_STATE=getMsg HTTP/1.1" 200 27
101.85.52.2 - - [31/May/2021:10:04:39 +0800] "GET /xingrg/all/function/internal_message.html?_=1622426677034&CODE_STATE=getMsg HTTP/1.1" 200 27
61.165.42.208 - - [31/May/2021:10:04:44 +0800] "GET /xingrg/all/function/internal_message.html?_=1622426683731&CODE_STATE=getMsg HTTP/1.1" 200 27
222.70.177.128 - - [31/May/2021:10:04:49 +0800] "GET /xingrg/all/function/internal_message.html?_=1622426687769&CODE_STATE=getMsg HTTP/1.1" 200 27
116.224.253.72 - - [31/May/2021:10:04:53 +0800] "GET /xingrg/all/function/internal_message.html?_=1622426692781&CODE_STATE=getMsg HTTP/1.1" 200 27
101.85.52.2 - - [31/May/2021:10:04:56 +0800] "GET /xingrg/kc/buy/cgsh_order_add.html HTTP/1.1" 200 61459
101.85.52.2 - - [31/May/2021:10:04:57 +0800] "POST /xingrg/kc/buy/cgsh_order_operate.html HTTP/1.1" 200 8245
101.85.52.2 - - [31/May/2021:10:04:57 +0800] "GET /xingrg/javascript/easyui/themes/default/validatebox.css HTTP/1.1" 404 1104
180.161.111.4 - - [31/May/2021:10:04:57 +0800] "GET /xingrg/all/function/internal_message.html?_=1622426657526&CODE_STATE=getMsg HTTP/1.1" 200 27
117.185.32.26 - - [31/May/2021:10:05:03 +0800] "GET /xingrg/check_reg.html?_=1622426702615 HTTP/1.1" 200 22
120.253.135.82 - - [31/May/2021:10:05:05 +0800] "GET /xingrg/check_reg.html?_=1622426744747 HTTP/1.1" 200 22
117.185.32.26 - - [31/May/2021:10:05:06 +0800] "GET /xingrg/all/function/internal_message.html?_=1622426706273&CODE_STATE=getMsg HTTP/1.1" 200 27
114.83.217.136 - - [31/May/2021:10:05:07 +0800] "GET /xingrg/all/function/internal_message.html?_=1622426708591&CODE_STATE=getMsg HTTP/1.1" 200 27
114.83.217.136 - - [31/May/2021:10:05:07 +0800] "GET /xingrg/check_reg.html?_=1622426708826 HTTP/1.1" 200 22
222.69.130.24 - - [31/May/2021:10:05:08 +0800] "GET /xingrg/all/function/internal_message.html?_=1622426707356&CODE_STATE=getMsg HTTP/1.1" 200 27
222.69.130.24 - - [31/May/2021:10:05:08 +0800] "GET /xingrg/check_reg.html?_=1622426708047 HTTP/1.1" 200 22
117.184.7.26 - - [31/May/2021:10:05:10 +0800] "GET /xingrg/all/function/internal_message.html?_=1622426707356&CODE_STATE=getMsg HTTP/1.1" 200 27
101.85.94.178 - - [31/May/2021:10:05:13 +0800] "GET /xingrg/check_reg.html?_=1622426187715 HTTP/1.1" 200 22
101.85.94.178 - - [31/May/2021:10:05:13 +0800] "GET /xingrg/all/function/internal_message.html?_=1622426187719&CODE_STATE=getMsg HTTP/1.1" 200 27
116.230.110.80 - - [31/May/2021:10:05:16 +0800] "GET /xingrg/all/function/internal_message.html?_=1622426713910&CODE_STATE=getMsg HTTP/1.1" 200 27
116.230.114.112 - - [31/May/2021:10:05:19 +0800] "GET /xingrg/all/function/internal_message.html?_=1622426720640&CODE_STATE=getMsg HTTP/1.1" 200 27
116.233.72.146 - - [31/May/2021:10:05:20 +0800] "GET /xingrg/all/function/internal_message.html?_=1622426720184&CODE_STATE=getMsg HTTP/1.1" 200 27
114.86.187.76 - - [31/May/2021:10:05:22 +0800] "GET /xingrg/all/function/internal_message.html?_=1622426722730&CODE_STATE=getMsg HTTP/1.1" 200 27
120.253.135.82 - - [31/May/2021:10:05:22 +0800] "GET /xingrg/all/function/internal_message.html?_=1622426761732&CODE_STATE=getMsg HTTP/1.1" 200 27
116.224.253.72 - - [31/May/2021:10:05:23 +0800] "GET /xingrg/check_reg.html?_=1622426729006 HTTP/1.1" 200 22
116.224.253.72 - - [31/May/2021:10:05:24 +0800] "GET /xingrg/all/function/internal_message.html?_=1622426729235&CODE_STATE=getMsg HTTP/1.1" 200 27
117.185.32.26 - - [31/May/2021:10:05:27 +0800] "GET /xingrg/kc/buy/cgsh_order_operate.html?command=get_materiel&rest_code=00106&code=00101008286&supplier_code=00100007&order_time=2021-05-31 HTTP/1.1" 200 408
117.185.32.26 - - [31/May/2021:10:05:36 +0800] "GET /xingrg/kc/buy/cgsh_order_operate.html?command=get_materiel&rest_code=00106&code=00101008352&supplier_code=00100007&order_time=2021-05-31 HTTP/1.1" 200 412
116.235.222.38 - - [31/May/2021:10:05:38 +0800] "GET /xingrg/all/function/internal_message.html?_=1622426735868&CODE_STATE=getMsg HTTP/1.1" 200 27
180.162.112.86 - - [31/May/2021:10:05:38 +0800] "GET /xingrg/all/function/internal_message.html?_=1622426443855&CODE_STATE=getMsg HTTP/1.1" 200 27
101.85.52.2 - - [31/May/2021:10:05:39 +0800] "GET /xingrg/all/function/internal_message.html?_=1622426737017&CODE_STATE=getMsg HTTP/1.1" 200 27
117.185.32.26 - - [31/May/2021:10:05:44 +0800] "GET /xingrg/kc/buy/cgsh_order_operate.html?command=get_materiel&rest_code=00106&code=00101008353&supplier_code=00100007&order_time=2021-05-31 HTTP/1.1" 200 408
61.165.42.208 - - [31/May/2021:10:05:44 +0800] "GET /xingrg/all/function/internal_message.html?_=1622426743737&CODE_STATE=getMsg HTTP/1.1" 200 27
101.85.52.2 - - [31/May/2021:10:05:49 +0800] "GET /xingrg/kc/buy/cgsh_order_operate.html?command=get_materiel&rest_code=00145&code=00102003132&supplier_code=00100207&order_time=2021-05-31 HTTP/1.1" 200 414
222.70.177.128 - - [31/May/2021:10:05:49 +0800] "GET /xingrg/all/function/internal_message.html?_=1622426747770&CODE_STATE=getMsg HTTP/1.1" 200 27
117.185.32.26 - - [31/May/2021:10:05:51 +0800] "GET /xingrg/kc/buy/cgsh_order_operate.html?command=get_materiel&rest_code=00106&code=00101008173&supplier_code=00100007&order_time=2021-05-31 HTTP/1.1" 200 414
222.70.177.128 - - [31/May/2021:10:05:52 +0800] "GET /xingrg/check_reg.html?_=1622426747772 HTTP/1.1" 200 22
116.224.253.72 - - [31/May/2021:10:05:53 +0800] "GET /xingrg/all/function/internal_message.html?_=1622426752776&CODE_STATE=getMsg HTTP/1.1" 200 27
117.185.32.26 - - [31/May/2021:10:05:55 +0800] "POST /xingrg/kc/buy/cgsh_order_operate.html HTTP/1.1" 200 2065
180.161.111.4 - - [31/May/2021:10:05:58 +0800] "GET /xingrg/all/function/internal_message.html?_=1622426718194&CODE_STATE=getMsg HTTP/1.1" 200 27
117.185.32.26 - - [31/May/2021:10:05:59 +0800] "GET /xingrg/kc/buy/cgsh_order_operate.html?command=get_materiel&rest_code=00106&code=00101008312&supplier_code=00100007&order_time=2021-05-31 HTTP/1.1" 200 412
116.224.253.72 - - [31/May/2021:10:06:00 +0800] "POST /xingrg/kc/buy/cgsh_list_operate.html HTTP/1.1" 200 2557
183.192.164.214 - - [31/May/2021:10:06:03 +0800] "GET /xingrg/check_reg.html?_=1622426702615 HTTP/1.1" 302 -
183.192.164.214 - - [31/May/2021:10:06:03 +0800] "GET /xingrg/login.html HTTP/1.1" 200 7641
117.185.32.26 - - [31/May/2021:10:06:06 +0800] "GET /xingrg/kc/buy/cgsh_order_operate.html?command=get_materiel&rest_code=00106&code=00101008125&supplier_code=00100007&order_time=2021-05-31 HTTP/1.1" 200 413
117.184.7.26 - - [31/May/2021:10:06:06 +0800] "GET /xingrg/kc/buy/buy_main.html HTTP/1.1" 200 12412
117.184.7.26 - - [31/May/2021:10:06:06 +0800] "GET /xingrg/css/new_ie.css HTTP/1.1" 404 1036
117.185.32.26 - - [31/May/2021:10:06:06 +0800] "GET /xingrg/all/function/internal_message.html?_=1622426766247&CODE_STATE=getMsg HTTP/1.1" 200 27
120.204.17.70 - - [31/May/2021:10:06:07 +0800] "GET /xingrg/all/function/internal_message.html?_=1622426706273&CODE_STATE=getMsg HTTP/1.1" 302 -
120.204.17.70 - - [31/May/2021:10:06:07 +0800] "GET /xingrg/login.html HTTP/1.1" 200 7641
114.83.217.136 - - [31/May/2021:10:06:07 +0800] "GET /xingrg/all/function/internal_message.html?_=1622426768561&CODE_STATE=getMsg HTTP/1.1" 200 27
117.184.7.26 - - [31/May/2021:10:06:07 +0800] "GET /xingrg/images/yd/bt.gif HTTP/1.1" 404 1040
222.69.130.24 - - [31/May/2021:10:06:08 +0800] "GET /xingrg/all/function/internal_message.html?_=1622426767332&CODE_STATE=getMsg HTTP/1.1" 200 27
117.184.7.26 - - [31/May/2021:10:06:08 +0800] "GET /xingrg/kc/buy/cgsh_order_list.html HTTP/1.1" 200 46527
117.184.7.26 - - [31/May/2021:10:06:09 +0800] "POST /xingrg/kc/buy/cgsh_list_operate.html HTTP/1.1" 200 876
117.184.7.26 - - [31/May/2021:10:06:10 +0800] "GET /xingrg/all/function/internal_message.html?_=1622426767355&CODE_STATE=getMsg HTTP/1.1" 200 27
101.85.94.178 - - [31/May/2021:10:06:13 +0800] "GET /xingrg/all/function/internal_message.html?_=1622426247719&CODE_STATE=getMsg HTTP/1.1" 200 27
117.184.7.26 - - [31/May/2021:10:06:14 +0800] "GET /xingrg/kc/buy/cgsh_order_add.html HTTP/1.1" 200 62265
116.224.253.72 - - [31/May/2021:10:06:14 +0800] "POST /xingrg/kc/buy/cgsh_list_operate.html HTTP/1.1" 200 3400
117.185.32.26 - - [31/May/2021:10:06:14 +0800] "GET /xingrg/kc/buy/cgsh_order_operate.html?command=get_materiel&rest_code=00106&code=00101008437&supplier_code=00100007&order_time=2021-05-31 HTTP/1.1" 200 396
117.184.7.26 - - [31/May/2021:10:06:14 +0800] "POST /xingrg/kc/buy/cgsh_order_operate.html HTTP/1.1" 200 8245
117.184.7.26 - - [31/May/2021:10:06:14 +0800] "GET /xingrg/all/common/auto_word.html?type=employee&rest_code=00108 HTTP/1.1" 200 147
117.184.7.26 - - [31/May/2021:10:06:14 +0800] "GET /xingrg/all/common/auto_word.html?type=employee&rest_code=00108 HTTP/1.1" 200 147
117.184.7.26 - - [31/May/2021:10:06:14 +0800] "GET /xingrg/javascript/easyui/themes/default/validatebox.css HTTP/1.1" 404 1104
116.230.110.80 - - [31/May/2021:10:06:16 +0800] "GET /xingrg/all/function/internal_message.html?_=1622426773907&CODE_STATE=getMsg HTTP/1.1" 200 27
117.184.7.26 - - [31/May/2021:10:06:16 +0800] "GET /xingrg/javascript/auto/indicator.gif HTTP/1.1" 404 1066
117.184.7.26 - - [31/May/2021:10:06:17 +0800] "GET /xingrg/javascript/jquery_tools/images/prev.gif HTTP/1.1" 404 1086
117.184.7.26 - - [31/May/2021:10:06:17 +0800] "GET /xingrg/javascript/jquery_tools/images/next.gif HTTP/1.1" 404 1086
101.85.52.2 - - [31/May/2021:10:06:18 +0800] "GET /xingrg/kc/buy/cgsh_order_operate.html?command=get_materiel&rest_code=00145&code=00102012054&supplier_code=00100207&order_time=2021-05-31 HTTP/1.1" 200 416
116.230.114.112 - - [31/May/2021:10:06:19 +0800] "GET /xingrg/all/function/internal_message.html?_=1622426780653&CODE_STATE=getMsg HTTP/1.1" 200 27
117.185.32.26 - - [31/May/2021:10:06:20 +0800] "GET /xingrg/kc/buy/cgsh_order_operate.html?command=get_materiel&rest_code=00106&code=00101008176&supplier_code=00100007&order_time=2021-05-31 HTTP/1.1" 200 413
116.233.72.146 - - [31/May/2021:10:06:20 +0800] "GET /xingrg/all/function/internal_message.html?_=1622426780187&CODE_STATE=getMsg HTTP/1.1" 200 27
114.86.187.76 - - [31/May/2021:10:06:22 +0800] "GET /xingrg/all/function/internal_message.html?_=1622426782729&CODE_STATE=getMsg HTTP/1.1" 200 27
114.86.187.76 - - [31/May/2021:10:06:22 +0800] "GET /xingrg/check_reg.html?_=1622426782731 HTTP/1.1" 200 22
120.253.135.82 - - [31/May/2021:10:06:22 +0800] "GET /xingrg/all/function/internal_message.html?_=1622426821746&CODE_STATE=getMsg HTTP/1.1" 200 27
117.184.7.26 - - [31/May/2021:10:06:22 +0800] "GET /xingrg/kc/buy/cgsh_order_operate.html?command=get_materiel&rest_code=00108&code=00101028011&supplier_code=00100018&order_time=2021-05-31 HTTP/1.1" 200 474
116.224.253.72 - - [31/May/2021:10:06:24 +0800] "GET /xingrg/all/function/internal_message.html?_=1622426789249&CODE_STATE=getMsg HTTP/1.1" 200 27
117.185.32.26 - - [31/May/2021:10:06:27 +0800] "GET /xingrg/kc/buy/cgsh_order_operate.html?command=get_materiel&rest_code=00106&code=00101008080&supplier_code=00100007&order_time=2021-05-31 HTTP/1.1" 200 416
117.185.32.26 - - [31/May/2021:10:06:30 +0800] "POST /xingrg/kc/buy/cgsh_order_operate.html HTTP/1.1" 200 2065
117.184.7.26 - - [31/May/2021:10:06:32 +0800] "GET /xingrg/kc/buy/cgsh_order_operate.html?command=get_materiel&rest_code=00108&code=00101028002&supplier_code=00100018&order_time=2021-05-31 HTTP/1.1" 200 477
117.185.32.26 - - [31/May/2021:10:06:34 +0800] "GET /xingrg/kc/buy/cgsh_order_operate.html?command=get_materiel&rest_code=00106&code=00101008185&supplier_code=00100007&order_time=2021-05-31 HTTP/1.1" 200 408
116.235.222.38 - - [31/May/2021:10:06:36 +0800] "GET /xingrg/check_reg.html?_=1622426794385 HTTP/1.1" 200 22
116.235.222.38 - - [31/May/2021:10:06:37 +0800] "GET /xingrg/all/function/internal_message.html?_=1622426795846&CODE_STATE=getMsg HTTP/1.1" 200 27
180.162.112.86 - - [31/May/2021:10:06:38 +0800] "GET /xingrg/all/function/internal_message.html?_=1622426503854&CODE_STATE=getMsg HTTP/1.1" 200 27
101.85.52.2 - - [31/May/2021:10:06:39 +0800] "GET /xingrg/all/function/internal_message.html?_=1622426796986&CODE_STATE=getMsg HTTP/1.1" 200 27
117.184.7.26 - - [31/May/2021:10:06:44 +0800] "GET /xingrg/kc/buy/cgsh_order_operate.html?command=get_materiel&rest_code=00108&code=00101029022&supplier_code=00100018&order_time=2021-05-31 HTTP/1.1" 200 473
61.165.42.208 - - [31/May/2021:10:06:44 +0800] "GET /xingrg/all/function/internal_message.html?_=1622426803735&CODE_STATE=getMsg HTTP/1.1" 200 27
222.70.177.128 - - [31/May/2021:10:06:49 +0800] "GET /xingrg/all/function/internal_message.html?_=1622426807770&CODE_STATE=getMsg HTTP/1.1" 200 27
117.185.32.26 - - [31/May/2021:10:06:50 +0800] "GET /xingrg/kc/buy/cgsh_order_operate.html?command=get_materiel&rest_code=00106&code=00101008356&supplier_code=00100007&order_time=2021-05-31 HTTP/1.1" 200 408
120.204.17.70 - - [31/May/2021:10:06:50 +0800] "GET /xingrg/kc/buy/cgsh_order_operate.html?command=get_materiel&rest_code=00106&code=00101008173&supplier_code=00100007&order_time=2021-05-31 HTTP/1.1" 302 -
120.204.17.70 - - [31/May/2021:10:06:52 +0800] "GET /xingrg/login.html HTTP/1.1" 200 7641
117.184.7.26 - - [31/May/2021:10:06:53 +0800] "POST /xingrg/kc/buy/cgsh_order_operate.html HTTP/1.1" 200 37
116.224.253.72 - - [31/May/2021:10:06:53 +0800] "GET /xingrg/all/function/internal_message.html?_=1622426812777&CODE_STATE=getMsg HTTP/1.1" 200 27
117.184.7.26 - - [31/May/2021:10:06:54 +0800] "POST /xingrg/kc/buy/cgsh_order_operate.html HTTP/1.1" 200 3947
117.184.7.26 - - [31/May/2021:10:06:55 +0800] "GET /xingrg/kc/print/load_config.html?kc_code=cgsh HTTP/1.1" 200 1845
117.184.7.26 - - [31/May/2021:10:06:55 +0800] "GET /xingrg/kc/print/load_data.html?order_code=212021053114070&kc_code=cgsh&condition= HTTP/1.1" 200 1267
117.185.32.26 - - [31/May/2021:10:06:57 +0800] "GET /xingrg/kc/buy/cgsh_order_operate.html?command=get_materiel&rest_code=00106&code=00101008357&supplier_code=00100007&order_time=2021-05-31 HTTP/1.1" 200 408
180.161.111.4 - - [31/May/2021:10:06:58 +0800] "GET /xingrg/all/function/internal_message.html?_=1622426778209&CODE_STATE=getMsg HTTP/1.1" 200 27
117.185.32.26 - - [31/May/2021:10:07:05 +0800] "GET /xingrg/kc/buy/cgsh_order_operate.html?command=get_materiel&rest_code=00106&code=00101008295&supplier_code=00100007&order_time=2021-05-31 HTTP/1.1" 200 412
117.184.7.26 - - [31/May/2021:10:07:06 +0800] "POST /xingrg/kc/buy/cgsh_order_operate.html HTTP/1.1" 200 37
117.185.32.26 - - [31/May/2021:10:07:06 +0800] "GET /xingrg/all/function/internal_message.html?_=1622426826230&CODE_STATE=getMsg HTTP/1.1" 200 27
114.83.217.136 - - [31/May/2021:10:07:07 +0800] "GET /xingrg/all/function/internal_message.html?_=1622426828613&CODE_STATE=getMsg HTTP/1.1" 200 27
222.69.130.24 - - [31/May/2021:10:07:08 +0800] "GET /xingrg/all/function/internal_message.html?_=1622426827303&CODE_STATE=getMsg HTTP/1.1" 200 27
117.184.7.26 - - [31/May/2021:10:07:08 +0800] "POST /xingrg/kc/buy/cgsh_order_operate.html HTTP/1.1" 200 12
117.185.32.26 - - [31/May/2021:10:07:09 +0800] "POST /xingrg/kc/buy/cgsh_order_operate.html HTTP/1.1" 200 2065
116.224.253.72 - - [31/May/2021:10:07:12 +0800] "POST /xingrg/kc/buy/cgsh_list_operate.html HTTP/1.1" 200 7742
101.85.94.178 - - [31/May/2021:10:07:13 +0800] "GET /xingrg/all/function/internal_message.html?_=1622426307719&CODE_STATE=getMsg HTTP/1.1" 200 27
116.230.110.80 - - [31/May/2021:10:07:16 +0800] "GET /xingrg/all/function/internal_message.html?_=1622426833902&CODE_STATE=getMsg HTTP/1.1" 200 27
180.169.147.146 - - [31/May/2021:10:07:16 +0800] "GET /xingrg/check_reg.html?_=1622426835483 HTTP/1.1" 200 22
116.230.114.112 - - [31/May/2021:10:07:20 +0800] "GET /xingrg/all/function/internal_message.html?_=1622426840960&CODE_STATE=getMsg HTTP/1.1" 200 27
116.233.72.146 - - [31/May/2021:10:07:20 +0800] "GET /xingrg/all/function/internal_message.html?_=1622426840186&CODE_STATE=getMsg HTTP/1.1" 200 27
114.83.217.136 - - [31/May/2021:10:07:21 +0800] "POST /xingrg/kc/buy/cgsh_order_operate.html HTTP/1.1" 200 37
114.86.187.76 - - [31/May/2021:10:07:22 +0800] "GET /xingrg/all/function/internal_message.html?_=1622426842729&CODE_STATE=getMsg HTTP/1.1" 200 27
120.253.135.82 - - [31/May/2021:10:07:22 +0800] "GET /xingrg/all/function/internal_message.html?_=1622426881766&CODE_STATE=getMsg HTTP/1.1" 200 27
117.185.32.26 - - [31/May/2021:10:07:22 +0800] "GET /xingrg/kc/buy/cgsh_order_operate.html?command=get_materiel&rest_code=00106&code=00101008298&supplier_code=00100007&order_time=2021-05-31 HTTP/1.1" 200 412
116.224.253.72 - - [31/May/2021:10:07:24 +0800] "GET /xingrg/all/function/internal_message.html?_=1622426849263&CODE_STATE=getMsg HTTP/1.1" 200 27
114.83.217.136 - - [31/May/2021:10:07:24 +0800] "POST /xingrg/kc/buy/cgsh_order_operate.html HTTP/1.1" 200 12
114.83.217.136 - - [31/May/2021:10:07:25 +0800] "GET /xingrg/kc/buy/cgsh_order_info.html?code=212021053114071 HTTP/1.1" 200 56291
114.83.217.136 - - [31/May/2021:10:07:25 +0800] "GET /xingrg/javascript/easyui/themes/default/validatebox.css HTTP/1.1" 404 1104
114.83.217.136 - - [31/May/2021:10:07:26 +0800] "POST /xingrg/kc/buy/cgsh_order_operate.html HTTP/1.1" 200 8867
114.83.217.136 - - [31/May/2021:10:07:28 +0800] "GET /xingrg/kc/print/load_data.html?order_code=212021053114071&kc_code=cgsh&condition= HTTP/1.1" 200 3810
116.235.222.38 - - [31/May/2021:10:07:37 +0800] "GET /xingrg/all/function/internal_message.html?_=1622426855815&CODE_STATE=getMsg HTTP/1.1" 200 27
180.162.112.86 - - [31/May/2021:10:07:38 +0800] "GET /xingrg/all/function/internal_message.html?_=1622426563854&CODE_STATE=getMsg HTTP/1.1" 200 27
101.85.52.2 - - [31/May/2021:10:07:39 +0800] "GET /xingrg/all/function/internal_message.html?_=1622426856960&CODE_STATE=getMsg HTTP/1.1" 200 27
101.85.52.2 - - [31/May/2021:10:07:39 +0800] "GET /xingrg/check_reg.html?_=1622426857132 HTTP/1.1" 200 22
101.93.222.235 - - [31/May/2021:10:07:42 +0800] "GET /favicon.ico HTTP/1.1" 404 -
61.165.42.208 - - [31/May/2021:10:07:44 +0800] "GET /xingrg/check_reg.html?_=1622426863735 HTTP/1.1" 200 22
61.165.42.208 - - [31/May/2021:10:07:44 +0800] "GET /xingrg/all/function/internal_message.html?_=1622426863734&CODE_STATE=getMsg HTTP/1.1" 200 27
117.185.32.26 - - [31/May/2021:10:07:45 +0800] "POST /xingrg/kc/buy/cgsh_order_operate.html HTTP/1.1" 200 37
117.184.7.26 - - [31/May/2021:10:07:46 +0800] "GET /xingrg/kc/buy/cgsh_order_info.html?code=212021053114070 HTTP/1.1" 200 57163
117.184.7.26 - - [31/May/2021:10:07:47 +0800] "GET /xingrg/javascript/easyui/themes/default/validatebox.css HTTP/1.1" 404 1104
117.184.7.26 - - [31/May/2021:10:07:47 +0800] "POST /xingrg/kc/buy/cgsh_order_operate.html HTTP/1.1" 200 1897
117.184.7.26 - - [31/May/2021:10:07:49 +0800] "GET /xingrg/kc/report/report_main.html HTTP/1.1" 200 7345
222.70.177.128 - - [31/May/2021:10:07:50 +0800] "GET /xingrg/all/function/internal_message.html?_=1622426867769&CODE_STATE=getMsg HTTP/1.1" 200 27
117.184.7.26 - - [31/May/2021:10:07:51 +0800] "GET /xingrg/kc/buy/buy_main.html HTTP/1.1" 200 12412
117.184.7.26 - - [31/May/2021:10:07:51 +0800] "GET /xingrg/css/new_ie.css HTTP/1.1" 404 1036
117.185.32.26 - - [31/May/2021:10:07:51 +0800] "POST /xingrg/kc/buy/cgsh_order_operate.html HTTP/1.1" 200 20368
117.184.7.26 - - [31/May/2021:10:07:52 +0800] "GET /xingrg/kc/buy/cgsh_order_list.html HTTP/1.1" 200 46527
117.184.7.26 - - [31/May/2021:10:07:53 +0800] "POST /xingrg/kc/buy/cgsh_list_operate.html HTTP/1.1" 200 876
116.224.253.72 - - [31/May/2021:10:07:53 +0800] "GET /xingrg/check_reg.html?_=1622426872788 HTTP/1.1" 200 22
116.224.253.72 - - [31/May/2021:10:07:53 +0800] "GET /xingrg/all/function/internal_message.html?_=1622426872791&CODE_STATE=getMsg HTTP/1.1" 200 27
101.85.52.2 - - [31/May/2021:10:07:56 +0800] "GET /xingrg/kc/buy/cgsh_order_operate.html?command=get_materiel&rest_code=00145&code=00102018044&supplier_code=00100207&order_time=2021-05-31 HTTP/1.1" 200 407
180.161.111.4 - - [31/May/2021:10:07:56 +0800] "GET /xingrg/check_reg.html?_=1622426836571 HTTP/1.1" 200 22
180.161.111.4 - - [31/May/2021:10:07:58 +0800] "GET /xingrg/all/function/internal_message.html?_=1622426838223&CODE_STATE=getMsg HTTP/1.1" 200 27
114.83.217.136 - - [31/May/2021:10:08:00 +0800] "GET /xingrg/kc/buy/cgsh_order_add.html HTTP/1.1" 200 61386
114.83.217.136 - - [31/May/2021:10:08:00 +0800] "POST /xingrg/kc/buy/cgsh_order_operate.html HTTP/1.1" 200 8245
114.83.217.136 - - [31/May/2021:10:08:00 +0800] "GET /xingrg/javascript/easyui/themes/default/validatebox.css HTTP/1.1" 404 1104
117.185.32.26 - - [31/May/2021:10:08:06 +0800] "GET /xingrg/all/function/internal_message.html?_=1622426886269&CODE_STATE=getMsg HTTP/1.1" 200 27
114.83.217.136 - - [31/May/2021:10:08:07 +0800] "GET /xingrg/all/function/internal_message.html?_=1622426888593&CODE_STATE=getMsg HTTP/1.1" 200 27
222.69.130.24 - - [31/May/2021:10:08:08 +0800] "GET /xingrg/all/function/internal_message.html?_=1622426887275&CODE_STATE=getMsg HTTP/1.1" 200 27
101.85.52.2 - - [31/May/2021:10:08:08 +0800] "GET /xingrg/kc/buy/cgsh_order_operate.html?command=get_materiel&rest_code=00145&code=00102008035&supplier_code=00100207&order_time=2021-05-31 HTTP/1.1" 200 433
117.184.7.26 - - [31/May/2021:10:08:08 +0800] "GET /xingrg/javascript/auto/indicator.gif HTTP/1.1" 404 1066
117.184.7.26 - - [31/May/2021:10:08:10 +0800] "GET /xingrg/all/function/internal_message.html?_=1622426887364&CODE_STATE=getMsg HTTP/1.1" 200 27
180.161.111.4 - - [31/May/2021:10:08:10 +0800] "POST /xingrg/services/DataTransmitService HTTP/1.1" 200 524
101.85.94.178 - - [31/May/2021:10:08:13 +0800] "GET /xingrg/all/function/internal_message.html?_=1622426367721&CODE_STATE=getMsg HTTP/1.1" 200 27
117.184.7.26 - - [31/May/2021:10:08:13 +0800] "GET /xingrg/javascript/jquery_tools/images/prev.gif HTTP/1.1" 404 1086
117.184.7.26 - - [31/May/2021:10:08:13 +0800] "GET /xingrg/javascript/jquery_tools/images/next.gif HTTP/1.1" 404 1086
180.161.111.4 - - [31/May/2021:10:08:13 +0800] "POST /xingrg/services/DataTransmitService HTTP/1.1" 200 501
180.161.111.4 - - [31/May/2021:10:08:14 +0800] "POST /xingrg/services/DataTransmitService HTTP/1.1" 200 524
180.161.111.4 - - [31/May/2021:10:08:15 +0800] "POST /xingrg/services/DataTransmitService HTTP/1.1" 200 501
114.83.217.136 - - [31/May/2021:10:08:16 +0800] "GET /xingrg/kc/buy/cgsh_order_operate.html?command=get_materiel&rest_code=00154&code=00101008207&supplier_code=00100417&order_time=2021-05-31 HTTP/1.1" 200 408
116.230.110.80 - - [31/May/2021:10:08:16 +0800] "GET /xingrg/all/function/internal_message.html?_=1622426893904&CODE_STATE=getMsg HTTP/1.1" 200 27
116.230.110.80 - - [31/May/2021:10:08:16 +0800] "GET /xingrg/check_reg.html?_=1622426893909 HTTP/1.1" 200 22
180.161.111.4 - - [31/May/2021:10:08:17 +0800] "POST /xingrg/services/DataTransmitService HTTP/1.1" 200 524
180.161.111.4 - - [31/May/2021:10:08:17 +0800] "POST /xingrg/services/DataTransmitService HTTP/1.1" 200 497
180.161.111.4 - - [31/May/2021:10:08:19 +0800] "POST /xingrg/services/DataTransmitService HTTP/1.1" 200 524
180.161.111.4 - - [31/May/2021:10:08:19 +0800] "POST /xingrg/services/DataTransmitService HTTP/1.1" 200 412
116.230.114.112 - - [31/May/2021:10:08:20 +0800] "GET /xingrg/all/function/internal_message.html?_=1622426900976&CODE_STATE=getMsg HTTP/1.1" 200 27
180.161.111.4 - - [31/May/2021:10:08:20 +0800] "POST /xingrg/services/DataTransmitService HTTP/1.1" 200 524
116.233.72.146 - - [31/May/2021:10:08:20 +0800] "GET /xingrg/all/function/internal_message.html?_=1622426900189&CODE_STATE=getMsg HTTP/1.1" 200 27
116.233.72.146 - - [31/May/2021:10:08:20 +0800] "GET /xingrg/check_reg.html?_=1622426900189 HTTP/1.1" 200 22
120.204.17.70 - - [31/May/2021:10:08:21 +0800] "GET /xingrg/kc/buy/cgsh_order_operate.html?command=get_materiel&rest_code=00106&code=00101008298&supplier_code=00100007&order_time=2021-05-31 HTTP/1.1" 302 -
180.161.111.4 - - [31/May/2021:10:08:21 +0800] "POST /xingrg/services/DataTransmitService HTTP/1.1" 200 412
180.161.111.4 - - [31/May/2021:10:08:21 +0800] "POST /xingrg/services/DataTransmitService HTTP/1.1" 200 524
120.204.17.70 - - [31/May/2021:10:08:21 +0800] "GET /xingrg/login.html HTTP/1.1" 200 7641
180.161.111.4 - - [31/May/2021:10:08:21 +0800] "POST /xingrg/services/DataTransmitService HTTP/1.1" 200 412
180.161.111.4 - - [31/May/2021:10:08:21 +0800] "POST /xingrg/services/DataTransmitService HTTP/1.1" 200 524
180.161.111.4 - - [31/May/2021:10:08:22 +0800] "POST /xingrg/services/DataTransmitService HTTP/1.1" 200 412
180.161.111.4 - - [31/May/2021:10:08:22 +0800] "POST /xingrg/services/DataTransmitService HTTP/1.1" 200 524
114.86.187.76 - - [31/May/2021:10:08:22 +0800] "GET /xingrg/all/function/internal_message.html?_=1622426902729&CODE_STATE=getMsg HTTP/1.1" 200 27
120.253.135.82 - - [31/May/2021:10:08:22 +0800] "GET /xingrg/all/function/internal_message.html?_=1622426941772&CODE_STATE=getMsg HTTP/1.1" 200 27
180.161.111.4 - - [31/May/2021:10:08:22 +0800] "POST /xingrg/services/DataTransmitService HTTP/1.1" 200 412
180.161.111.4 - - [31/May/2021:10:08:22 +0800] "POST /xingrg/services/DataTransmitService HTTP/1.1" 200 524
180.161.111.4 - - [31/May/2021:10:08:23 +0800] "POST /xingrg/services/DataTransmitService HTTP/1.1" 200 412
180.161.111.4 - - [31/May/2021:10:08:23 +0800] "POST /xingrg/services/DataTransmitService HTTP/1.1" 200 524
58.221.95.50 - - [31/May/2021:10:08:23 +0800] "GET /xingrg/check_reg.html?_=1622426902363 HTTP/1.1" 302 -
180.161.111.4 - - [31/May/2021:10:08:23 +0800] "POST /xingrg/services/DataTransmitService HTTP/1.1" 200 412
180.161.111.4 - - [31/May/2021:10:08:23 +0800] "POST /xingrg/services/DataTransmitService HTTP/1.1" 200 524
180.161.111.4 - - [31/May/2021:10:08:23 +0800] "POST /xingrg/services/DataTransmitService HTTP/1.1" 200 412
180.161.111.4 - - [31/May/2021:10:08:23 +0800] "POST /xingrg/services/DataTransmitService HTTP/1.1" 200 524
180.161.111.4 - - [31/May/2021:10:08:24 +0800] "POST /xingrg/services/DataTransmitService HTTP/1.1" 200 412
116.224.253.72 - - [31/May/2021:10:08:24 +0800] "GET /xingrg/all/function/internal_message.html?_=1622426909283&CODE_STATE=getMsg HTTP/1.1" 200 27
180.161.111.4 - - [31/May/2021:10:08:24 +0800] "POST /xingrg/services/DataTransmitService HTTP/1.1" 200 524
180.161.111.4 - - [31/May/2021:10:08:24 +0800] "POST /xingrg/services/DataTransmitService HTTP/1.1" 200 412
180.161.111.4 - - [31/May/2021:10:08:24 +0800] "POST /xingrg/services/DataTransmitService HTTP/1.1" 200 524
180.161.111.4 - - [31/May/2021:10:08:25 +0800] "POST /xingrg/services/DataTransmitService HTTP/1.1" 200 412
180.161.111.4 - - [31/May/2021:10:08:25 +0800] "POST /xingrg/services/DataTransmitService HTTP/1.1" 200 524
180.161.111.4 - - [31/May/2021:10:08:25 +0800] "POST /xingrg/services/DataTransmitService HTTP/1.1" 200 412
180.161.111.4 - - [31/May/2021:10:08:25 +0800] "POST /xingrg/services/DataTransmitService HTTP/1.1" 200 524
180.161.111.4 - - [31/May/2021:10:08:25 +0800] "POST /xingrg/services/DataTransmitService HTTP/1.1" 200 412
180.161.111.4 - - [31/May/2021:10:08:25 +0800] "POST /xingrg/services/DataTransmitService HTTP/1.1" 200 524
180.161.111.4 - - [31/May/2021:10:08:26 +0800] "POST /xingrg/services/DataTransmitService HTTP/1.1" 200 412
180.161.111.4 - - [31/May/2021:10:08:26 +0800] "POST /xingrg/services/DataTransmitService HTTP/1.1" 200 524
180.161.111.4 - - [31/May/2021:10:08:26 +0800] "POST /xingrg/services/DataTransmitService HTTP/1.1" 200 412
180.161.111.4 - - [31/May/2021:10:08:26 +0800] "POST /xingrg/services/DataTransmitService HTTP/1.1" 200 524
180.161.111.4 - - [31/May/2021:10:08:26 +0800] "POST /xingrg/services/DataTransmitService HTTP/1.1" 200 412
180.161.111.4 - - [31/May/2021:10:08:26 +0800] "POST /xingrg/services/DataTransmitService HTTP/1.1" 200 524
180.161.111.4 - - [31/May/2021:10:08:27 +0800] "POST /xingrg/services/DataTransmitService HTTP/1.1" 200 412
180.161.111.4 - - [31/May/2021:10:08:27 +0800] "POST /xingrg/services/DataTransmitService HTTP/1.1" 200 524
180.161.111.4 - - [31/May/2021:10:08:27 +0800] "POST /xingrg/services/DataTransmitService HTTP/1.1" 200 412
180.161.111.4 - - [31/May/2021:10:08:28 +0800] "POST /xingrg/services/DataTransmitService HTTP/1.1" 200 524
180.161.111.4 - - [31/May/2021:10:08:28 +0800] "POST /xingrg/services/DataTransmitService HTTP/1.1" 200 412
180.161.111.4 - - [31/May/2021:10:08:28 +0800] "POST /xingrg/services/DataTransmitService HTTP/1.1" 200 524
180.161.111.4 - - [31/May/2021:10:08:29 +0800] "POST /xingrg/services/DataTransmitService HTTP/1.1" 200 412
180.161.111.4 - - [31/May/2021:10:08:29 +0800] "POST /xingrg/services/DataTransmitService HTTP/1.1" 200 524
180.161.111.4 - - [31/May/2021:10:08:29 +0800] "POST /xingrg/services/DataTransmitService HTTP/1.1" 200 412
180.161.111.4 - - [31/May/2021:10:08:29 +0800] "POST /xingrg/services/DataTransmitService HTTP/1.1" 200 524
180.161.111.4 - - [31/May/2021:10:08:30 +0800] "POST /xingrg/services/DataTransmitService HTTP/1.1" 200 412
180.161.111.4 - - [31/May/2021:10:08:30 +0800] "POST /xingrg/services/DataTransmitService HTTP/1.1" 200 524
180.161.111.4 - - [31/May/2021:10:08:30 +0800] "POST /xingrg/services/DataTransmitService HTTP/1.1" 200 412
180.161.111.4 - - [31/May/2021:10:08:30 +0800] "POST /xingrg/services/DataTransmitService HTTP/1.1" 200 524
180.161.111.4 - - [31/May/2021:10:08:30 +0800] "POST /xingrg/services/DataTransmitService HTTP/1.1" 200 412
180.161.111.4 - - [31/May/2021:10:08:30 +0800] "POST /xingrg/services/DataTransmitService HTTP/1.1" 200 524
180.161.111.4 - - [31/May/2021:10:08:31 +0800] "POST /xingrg/services/DataTransmitService HTTP/1.1" 200 412
117.184.7.26 - - [31/May/2021:10:08:36 +0800] "POST /xingrg/kc/buy/cgsh_list_operate.html HTTP/1.1" 200 2083
116.235.222.38 - - [31/May/2021:10:08:37 +0800] "GET /xingrg/all/function/internal_message.html?_=1622426915793&CODE_STATE=getMsg HTTP/1.1" 200 27
180.162.112.86 - - [31/May/2021:10:08:38 +0800] "GET /xingrg/all/function/internal_message.html?_=1622426623854&CODE_STATE=getMsg HTTP/1.1" 200 27
180.162.112.86 - - [31/May/2021:10:08:38 +0800] "GET /xingrg/check_reg.html?_=1622426623857 HTTP/1.1" 200 22
101.85.52.2 - - [31/May/2021:10:08:39 +0800] "GET /xingrg/all/function/internal_message.html?_=1622426916933&CODE_STATE=getMsg HTTP/1.1" 200 27
61.165.42.208 - - [31/May/2021:10:08:44 +0800] "GET /xingrg/all/function/internal_message.html?_=1622426923734&CODE_STATE=getMsg HTTP/1.1" 200 27
101.85.52.2 - - [31/May/2021:10:08:47 +0800] "GET /xingrg/kc/buy/cgsh_order_operate.html?command=get_materiel&rest_code=00145&code=00102032024&supplier_code=00100207&order_time=2021-05-31 HTTP/1.1" 200 391
222.70.177.128 - - [31/May/2021:10:08:49 +0800] "GET /xingrg/all/function/internal_message.html?_=1622426927784&CODE_STATE=getMsg HTTP/1.1" 200 27
116.224.253.72 - - [31/May/2021:10:08:53 +0800] "GET /xingrg/all/function/internal_message.html?_=1622426932780&CODE_STATE=getMsg HTTP/1.1" 200 27
180.161.111.4 - - [31/May/2021:10:08:58 +0800] "GET /xingrg/all/function/internal_message.html?_=1622426898236&CODE_STATE=getMsg HTTP/1.1" 200 27
117.185.32.26 - - [31/May/2021:10:09:06 +0800] "GET /xingrg/all/function/internal_message.html?_=1622426946177&CODE_STATE=getMsg HTTP/1.1" 200 27
114.83.217.136 - - [31/May/2021:10:09:07 +0800] "GET /xingrg/all/function/internal_message.html?_=1622426948571&CODE_STATE=getMsg HTTP/1.1" 200 27
222.69.130.24 - - [31/May/2021:10:09:07 +0800] "GET /xingrg/all/function/internal_message.html?_=1622426947254&CODE_STATE=getMsg HTTP/1.1" 200 27
117.184.7.26 - - [31/May/2021:10:09:10 +0800] "GET /xingrg/all/function/internal_message.html?_=1622426947334&CODE_STATE=getMsg HTTP/1.1" 200 27
101.85.94.178 - - [31/May/2021:10:09:13 +0800] "GET /xingrg/all/function/internal_message.html?_=1622426427722&CODE_STATE=getMsg HTTP/1.1" 200 27
101.85.52.2 - - [31/May/2021:10:09:15 +0800] "POST /xingrg/kc/buy/cgsh_order_operate.html HTTP/1.1" 200 37
116.230.110.80 - - [31/May/2021:10:09:16 +0800] "GET /xingrg/all/function/internal_message.html?_=1622426953899&CODE_STATE=getMsg HTTP/1.1" 200 27
101.85.52.2 - - [31/May/2021:10:09:17 +0800] "POST /xingrg/kc/buy/cgsh_order_operate.html HTTP/1.1" 200 4441
116.230.114.112 - - [31/May/2021:10:09:18 +0800] "GET /xingrg/check_reg.html?_=1622426959284 HTTP/1.1" 200 22
101.85.52.2 - - [31/May/2021:10:09:19 +0800] "GET /xingrg/kc/print/load_data.html?order_code=212021053114072&kc_code=cgsh&condition= HTTP/1.1" 200 1357
116.230.114.112 - - [31/May/2021:10:09:20 +0800] "GET /xingrg/all/function/internal_message.html?_=1622426960990&CODE_STATE=getMsg HTTP/1.1" 200 27
116.233.72.146 - - [31/May/2021:10:09:20 +0800] "GET /xingrg/all/function/internal_message.html?_=1622426960192&CODE_STATE=getMsg HTTP/1.1" 200 27
114.86.187.76 - - [31/May/2021:10:09:22 +0800] "GET /xingrg/all/function/internal_message.html?_=1622426962728&CODE_STATE=getMsg HTTP/1.1" 200 27
120.253.135.82 - - [31/May/2021:10:09:22 +0800] "GET /xingrg/all/function/internal_message.html?_=1622427001797&CODE_STATE=getMsg HTTP/1.1" 200 27
116.224.253.72 - - [31/May/2021:10:09:24 +0800] "GET /xingrg/all/function/internal_message.html?_=1622426969289&CODE_STATE=getMsg HTTP/1.1" 200 27
101.85.52.2 - - [31/May/2021:10:09:28 +0800] "GET /xingrg/kc/buy/cgsh_order_add.html HTTP/1.1" 200 61459
101.85.52.2 - - [31/May/2021:10:09:28 +0800] "POST /xingrg/kc/buy/cgsh_order_operate.html HTTP/1.1" 200 8245
101.85.52.2 - - [31/May/2021:10:09:28 +0800] "GET /xingrg/javascript/easyui/themes/default/validatebox.css HTTP/1.1" 404 1104
116.235.222.38 - - [31/May/2021:10:09:37 +0800] "GET /xingrg/all/function/internal_message.html?_=1622426975776&CODE_STATE=getMsg HTTP/1.1" 200 27
180.162.112.86 - - [31/May/2021:10:09:38 +0800] "GET /xingrg/all/function/internal_message.html?_=1622426683857&CODE_STATE=getMsg HTTP/1.1" 200 27
101.85.52.2 - - [31/May/2021:10:09:39 +0800] "GET /xingrg/all/function/internal_message.html?_=1622426976900&CODE_STATE=getMsg HTTP/1.1" 200 27
101.85.52.2 - - [31/May/2021:10:09:42 +0800] "GET /xingrg/kc/buy/cgsh_order_operate.html?command=get_materiel&rest_code=00145&code=00101009118&supplier_code=00100207&order_time=2021-05-31 HTTP/1.1" 200 393
61.165.42.208 - - [31/May/2021:10:09:44 +0800] "GET /xingrg/all/function/internal_message.html?_=1622426983734&CODE_STATE=getMsg HTTP/1.1" 200 27
222.70.177.128 - - [31/May/2021:10:09:49 +0800] "GET /xingrg/all/function/internal_message.html?_=1622426987769&CODE_STATE=getMsg HTTP/1.1" 200 27
116.224.253.72 - - [31/May/2021:10:09:53 +0800] "GET /xingrg/all/function/internal_message.html?_=1622426992785&CODE_STATE=getMsg HTTP/1.1" 200 27
180.161.111.4 - - [31/May/2021:10:09:58 +0800] "GET /xingrg/all/function/internal_message.html?_=1622426958250&CODE_STATE=getMsg HTTP/1.1" 200 27
117.185.32.26 - - [31/May/2021:10:10:03 +0800] "GET /xingrg/check_reg.html?_=1622427002616 HTTP/1.1" 200 22
120.253.135.82 - - [31/May/2021:10:10:05 +0800] "GET /xingrg/check_reg.html?_=1622427044749 HTTP/1.1" 200 22
117.185.32.26 - - [31/May/2021:10:10:06 +0800] "GET /xingrg/all/function/internal_message.html?_=1622427006152&CODE_STATE=getMsg HTTP/1.1" 200 27
114.83.217.136 - - [31/May/2021:10:10:07 +0800] "GET /xingrg/all/function/internal_message.html?_=1622427008562&CODE_STATE=getMsg HTTP/1.1" 200 27
101.85.52.2 - - [31/May/2021:10:10:07 +0800] "POST /xingrg/kc/buy/cgsh_order_operate.html HTTP/1.1" 200 37
114.83.217.136 - - [31/May/2021:10:10:07 +0800] "GET /xingrg/check_reg.html?_=1622427008802 HTTP/1.1" 200 22
222.69.130.24 - - [31/May/2021:10:10:07 +0800] "GET /xingrg/all/function/internal_message.html?_=1622427007240&CODE_STATE=getMsg HTTP/1.1" 200 27
222.69.130.24 - - [31/May/2021:10:10:08 +0800] "GET /xingrg/check_reg.html?_=1622427008058 HTTP/1.1" 200 22
101.85.52.2 - - [31/May/2021:10:10:09 +0800] "POST /xingrg/kc/buy/cgsh_order_operate.html HTTP/1.1" 200 2650
117.184.7.26 - - [31/May/2021:10:10:10 +0800] "GET /xingrg/all/function/internal_message.html?_=1622427007319&CODE_STATE=getMsg HTTP/1.1" 200 27
101.85.52.2 - - [31/May/2021:10:10:12 +0800] "GET /xingrg/kc/print/load_data.html?order_code=212021053114073&kc_code=cgsh&condition= HTTP/1.1" 200 654
101.85.94.178 - - [31/May/2021:10:10:13 +0800] "GET /xingrg/check_reg.html?_=1622426487724 HTTP/1.1" 200 22
101.85.94.178 - - [31/May/2021:10:10:13 +0800] "GET /xingrg/all/function/internal_message.html?_=1622426487727&CODE_STATE=getMsg HTTP/1.1" 200 27
116.230.110.80 - - [31/May/2021:10:10:16 +0800] "GET /xingrg/all/function/internal_message.html?_=1622427013888&CODE_STATE=getMsg HTTP/1.1" 200 27
222.69.130.24 - - [31/May/2021:10:10:19 +0800] "GET /xingrg/kc/report/report_main.html HTTP/1.1" 200 7345
222.69.130.24 - - [31/May/2021:10:10:19 +0800] "GET /xingrg/css/blue.css HTTP/1.1" 200 15949
222.69.130.24 - - [31/May/2021:10:10:19 +0800] "GET /xingrg/javascript/jquery_ui/themes/humanity/humanity.css HTTP/1.1" 200 27801
222.69.130.24 - - [31/May/2021:10:10:19 +0800] "GET /xingrg/javascript/myfunction.js HTTP/1.1" 200 24559
222.69.130.24 - - [31/May/2021:10:10:19 +0800] "GET /xingrg/javascript/jquery_easy_ui/themes/icons/back_new.png HTTP/1.1" 200 3414
116.230.114.112 - - [31/May/2021:10:10:20 +0800] "GET /xingrg/all/function/internal_message.html?_=1622427021005&CODE_STATE=getMsg HTTP/1.1" 200 27
116.233.72.146 - - [31/May/2021:10:10:20 +0800] "GET /xingrg/all/function/internal_message.html?_=1622427020197&CODE_STATE=getMsg HTTP/1.1" 200 27
222.69.130.24 - - [31/May/2021:10:10:20 +0800] "GET /xingrg/all/report/report_query.html?fileName=kc/buy/wlcg_cate_hz.xml HTTP/1.1" 200 53941
222.69.130.24 - - [31/May/2021:10:10:20 +0800] "GET /xingrg/javascript/multi_select/jqueryMultiSelect.css HTTP/1.1" 200 951
222.69.130.24 - - [31/May/2021:10:10:20 +0800] "GET /xingrg/javascript/calendar/timePicker.css HTTP/1.1" 200 523
222.69.130.24 - - [31/May/2021:10:10:20 +0800] "GET /xingrg/javascript/bigrid/fix.css HTTP/1.1" 200 1702
222.69.130.24 - - [31/May/2021:10:10:20 +0800] "GET /xingrg/javascript/jqueryMultiSelect.js HTTP/1.1" 200 11866
222.69.130.24 - - [31/May/2021:10:10:20 +0800] "GET /xingrg/javascript/calendar/jquery.timePicker.min.js HTTP/1.1" 200 2997
222.69.130.24 - - [31/May/2021:10:10:20 +0800] "GET /xingrg/javascript/bigrid/fix.js HTTP/1.1" 200 6439
222.69.130.24 - - [31/May/2021:10:10:20 +0800] "GET /xingrg/javascript/Calendar.js HTTP/1.1" 200 31561
222.69.130.24 - - [31/May/2021:10:10:20 +0800] "GET /xingrg/dwr/interface/AjaxReportQueryService.js HTTP/1.1" 200 13203
222.69.130.24 - - [31/May/2021:10:10:20 +0800] "GET /xingrg/dwr/util.js HTTP/1.1" 200 35990
222.69.130.24 - - [31/May/2021:10:10:20 +0800] "GET /xingrg/dwr/engine.js HTTP/1.1" 200 43631
222.69.130.24 - - [31/May/2021:10:10:21 +0800] "GET /xingrg/images/blue/button/advanceover.gif HTTP/1.1" 200 1347
222.69.130.24 - - [31/May/2021:10:10:21 +0800] "GET /xingrg/images/blue/button/advance2over.gif HTTP/1.1" 200 1336
222.69.130.24 - - [31/May/2021:10:10:21 +0800] "GET /xingrg/images/blue/button/backover.gif HTTP/1.1" 200 1348
222.69.130.24 - - [31/May/2021:10:10:21 +0800] "GET /xingrg/images/blue/button/back2over.gif HTTP/1.1" 200 1335
222.69.130.24 - - [31/May/2021:10:10:21 +0800] "GET /xingrg/images/control/loading.gif HTTP/1.1" 200 13463
222.69.130.24 - - [31/May/2021:10:10:21 +0800] "GET /xingrg/javascript/jquery_easy_ui/themes/icons/help.png HTTP/1.1" 200 1187
222.69.130.24 - - [31/May/2021:10:10:21 +0800] "GET /xingrg/javascript/jquery_easy_ui/themes/icons/print.png HTTP/1.1" 200 1057
222.69.130.24 - - [31/May/2021:10:10:21 +0800] "GET /xingrg/javascript/jquery_easy_ui/themes/default/images/menu_downarrow.png HTTP/1.1" 200 173
222.69.130.24 - - [31/May/2021:10:10:21 +0800] "GET /xingrg/javascript/jquery_easy_ui/themes/default/images/menu_rightarrow.png HTTP/1.1" 200 3617
222.69.130.24 - - [31/May/2021:10:10:21 +0800] "GET /xingrg/javascript/jquery_easy_ui/themes/default/images/button_a_bg.gif HTTP/1.1" 200 1194
222.69.130.24 - - [31/May/2021:10:10:21 +0800] "GET /xingrg/javascript/jquery_easy_ui/themes/default/images/menu.gif HTTP/1.1" 200 834
222.69.130.24 - - [31/May/2021:10:10:21 +0800] "GET /xingrg/javascript/jquery_easy_ui/themes/icons/pencil.png HTTP/1.1" 200 713
222.69.130.24 - - [31/May/2021:10:10:21 +0800] "POST /xingrg/dwr/call/plaincall/AjaxReportQueryService.getFixDate.dwr HTTP/1.1" 200 111
222.69.130.24 - - [31/May/2021:10:10:21 +0800] "GET /xingrg/javascript/jquery_easy_ui/themes/default/images/combo_arrow_dot.gif HTTP/1.1" 200 79
222.69.130.24 - - [31/May/2021:10:10:21 +0800] "POST /xingrg/all/common/load_tree.html?tree=supplier_tree_json&manage=1 HTTP/1.1" 200 56644
114.86.187.76 - - [31/May/2021:10:10:22 +0800] "GET /xingrg/all/function/internal_message.html?_=1622427022753&CODE_STATE=getMsg HTTP/1.1" 200 27
120.253.135.82 - - [31/May/2021:10:10:22 +0800] "GET /xingrg/all/function/internal_message.html?_=1622427061800&CODE_STATE=getMsg HTTP/1.1" 200 27
222.69.130.24 - - [31/May/2021:10:10:22 +0800] "GET /xingrg/javascript/jquery_easy_ui/themes/default/images/tree_checkbox_0.gif HTTP/1.1" 200 168
222.69.130.24 - - [31/May/2021:10:10:22 +0800] "POST /xingrg/all/common/load_tree.html?tree=materiel_sort_tree_json HTTP/1.1" 200 8666
222.69.130.24 - - [31/May/2021:10:10:22 +0800] "POST /xingrg/all/common/load_tree.html?tree=base_tree_json HTTP/1.1" 200 3769
116.224.253.72 - - [31/May/2021:10:10:23 +0800] "GET /xingrg/check_reg.html?_=1622427029015 HTTP/1.1" 200 22
116.224.253.72 - - [31/May/2021:10:10:24 +0800] "GET /xingrg/all/function/internal_message.html?_=1622427029304&CODE_STATE=getMsg HTTP/1.1" 200 27
116.224.253.72 - - [31/May/2021:10:10:28 +0800] "GET /xingrg/kc/buy/cgsh_order_list.html HTTP/1.1" 200 46533
222.69.130.24 - - [31/May/2021:10:10:28 +0800] "POST /xingrg/dwr/call/plaincall/AjaxReportQueryService.getFixDate.dwr HTTP/1.1" 200 111
116.224.253.72 - - [31/May/2021:10:10:28 +0800] "POST /xingrg/kc/buy/cgsh_list_operate.html HTTP/1.1" 200 876
116.224.253.72 - - [31/May/2021:10:10:29 +0800] "GET /xingrg/kc/buy/cgsh_order_add.html HTTP/1.1" 200 62189
116.224.253.72 - - [31/May/2021:10:10:29 +0800] "POST /xingrg/kc/buy/cgsh_order_operate.html HTTP/1.1" 200 8245
