222.70.177.128 - - [31/May/2021:09:23:19 +0800] "GET /xingrg/kc/buy/cgsh_order_operate.html?command=get_materiel&rest_code=00111&code=00101002006&supplier_code=00100199&order_time=2021-05-31 HTTP/1.1" 200 414
116.233.72.146 - - [31/May/2021:09:23:20 +0800] "GET /xingrg/all/function/internal_message.html?_=1622424199292&CODE_STATE=getMsg HTTP/1.1" 200 27
116.233.72.146 - - [31/May/2021:09:23:20 +0800] "GET /xingrg/check_reg.html?_=1622424199295 HTTP/1.1" 200 22
116.230.114.112 - - [31/May/2021:09:23:20 +0800] "GET /xingrg/kc/buy/cgsh_order_operate.html?command=get_materiel&rest_code=00146&code=00101003025&supplier_code=00100041&order_time=2021-05-31 HTTP/1.1" 200 409
120.253.135.82 - - [31/May/2021:09:23:21 +0800] "GET /xingrg/all/function/internal_message.html?_=1622424241131&CODE_STATE=getMsg HTTP/1.1" 200 27
114.86.187.76 - - [31/May/2021:09:23:22 +0800] "GET /xingrg/all/function/internal_message.html?_=1622424202671&CODE_STATE=getMsg HTTP/1.1" 200 27
58.221.95.50 - - [31/May/2021:09:23:23 +0800] "GET /xingrg/check_reg.html?_=1622424202351 HTTP/1.1" 302 -
116.224.253.72 - - [31/May/2021:09:23:28 +0800] "GET /xingrg/all/function/internal_message.html?_=1622424213498&CODE_STATE=getMsg HTTP/1.1" 200 27
116.230.114.112 - - [31/May/2021:09:23:32 +0800] "GET /xingrg/kc/buy/cgsh_order_operate.html?command=get_materiel&rest_code=00146&code=00101001111&supplier_code=00100041&order_time=2021-05-31 HTTP/1.1" 200 409
116.224.253.72 - - [31/May/2021:09:23:33 +0800] "GET /xingrg/all/function/internal_message.html?_=1622424213108&CODE_STATE=getMsg HTTP/1.1" 200 27
116.235.222.38 - - [31/May/2021:09:23:38 +0800] "GET /xingrg/all/function/internal_message.html?_=1622424216490&CODE_STATE=getMsg HTTP/1.1" 200 27
117.184.7.26 - - [31/May/2021:09:23:40 +0800] "POST /xingrg/services/DataTransmitService HTTP/1.1" 200 524
117.184.7.26 - - [31/May/2021:09:23:40 +0800] "POST /xingrg/services/DataTransmitService HTTP/1.1" 200 501
61.165.42.208 - - [31/May/2021:09:23:44 +0800] "GET /xingrg/all/function/internal_message.html?_=1622424223644&CODE_STATE=getMsg HTTP/1.1" 200 27
180.161.111.4 - - [31/May/2021:09:23:49 +0800] "GET /xingrg/all/function/internal_message.html?_=1622424227660&CODE_STATE=getMsg HTTP/1.1" 200 27
222.70.177.128 - - [31/May/2021:09:23:49 +0800] "GET /xingrg/all/function/internal_message.html?_=1622424227741&CODE_STATE=getMsg HTTP/1.1" 200 27
116.230.114.112 - - [31/May/2021:09:23:49 +0800] "POST /xingrg/kc/buy/cgsh_order_operate.html HTTP/1.1" 200 37
116.230.114.112 - - [31/May/2021:09:23:51 +0800] "POST /xingrg/kc/buy/cgsh_order_operate.html HTTP/1.1" 200 7379
116.233.72.146 - - [31/May/2021:09:23:51 +0800] "GET /xingrg/kc/buy/cgsh_order_operate.html?command=get_materiel&rest_code=00109&code=00101008229&supplier_code=00100005&order_time=2021-05-31 HTTP/1.1" 200 420
222.70.177.128 - - [31/May/2021:09:23:55 +0800] "POST /xingrg/kc/buy/cgsh_order_operate.html HTTP/1.1" 200 37
116.230.114.112 - - [31/May/2021:09:23:55 +0800] "GET /xingrg/kc/print/load_data.html?order_code=212021053114037&kc_code=cgsh&condition= HTTP/1.1" 200 2484
222.70.177.128 - - [31/May/2021:09:23:57 +0800] "POST /xingrg/kc/buy/cgsh_order_operate.html HTTP/1.1" 200 3258
222.70.177.128 - - [31/May/2021:09:23:58 +0800] "GET /xingrg/kc/print/load_data.html?order_code=212021053114038&kc_code=cgsh&condition= HTTP/1.1" 200 900
116.230.110.80 - - [31/May/2021:09:23:59 +0800] "GET /xingrg/all/function/internal_message.html?_=1622424236845&CODE_STATE=getMsg HTTP/1.1" 200 27
114.83.217.136 - - [31/May/2021:09:24:07 +0800] "GET /xingrg/all/function/internal_message.html?_=1622424248585&CODE_STATE=getMsg HTTP/1.1" 200 27
117.185.32.26 - - [31/May/2021:09:24:07 +0800] "GET /xingrg/all/function/internal_message.html?_=1622424247109&CODE_STATE=getMsg HTTP/1.1" 200 27
222.69.130.24 - - [31/May/2021:09:24:08 +0800] "GET /xingrg/all/function/internal_message.html?_=1622424247904&CODE_STATE=getMsg HTTP/1.1" 200 27
58.37.225.51 - - [31/May/2021:09:24:09 +0800] "GET /xingrg/all/function/internal_message.html?_=1622424250200&CODE_STATE=getMsg HTTP/1.1" 200 27
116.230.114.112 - - [31/May/2021:09:24:14 +0800] "GET /xingrg/kc/buy/cgsh_order_add.html HTTP/1.1" 200 62271
116.230.114.112 - - [31/May/2021:09:24:14 +0800] "POST /xingrg/kc/buy/cgsh_order_operate.html HTTP/1.1" 200 8245
116.230.114.112 - - [31/May/2021:09:24:15 +0800] "GET /xingrg/javascript/easyui/themes/default/validatebox.css HTTP/1.1" 404 1104
116.233.72.146 - - [31/May/2021:09:24:16 +0800] "GET /xingrg/kc/buy/cgsh_order_operate.html?command=get_materiel&rest_code=00109&code=00101008229&supplier_code=00100005&order_time=2021-05-31 HTTP/1.1" 200 420
116.230.114.112 - - [31/May/2021:09:24:17 +0800] "GET /xingrg/check_reg.html?_=1622424257792 HTTP/1.1" 200 22
116.230.114.112 - - [31/May/2021:09:24:17 +0800] "GET /xingrg/all/function/internal_message.html?_=1622424258335&CODE_STATE=getMsg HTTP/1.1" 200 27
116.233.72.146 - - [31/May/2021:09:24:20 +0800] "GET /xingrg/all/function/internal_message.html?_=1622424259291&CODE_STATE=getMsg HTTP/1.1" 200 27
120.253.135.82 - - [31/May/2021:09:24:21 +0800] "GET /xingrg/all/function/internal_message.html?_=1622424301153&CODE_STATE=getMsg HTTP/1.1" 200 27
114.86.187.76 - - [31/May/2021:09:24:22 +0800] "GET /xingrg/all/function/internal_message.html?_=1622424262670&CODE_STATE=getMsg HTTP/1.1" 200 27
116.224.253.72 - - [31/May/2021:09:24:28 +0800] "GET /xingrg/all/function/internal_message.html?_=1622424273499&CODE_STATE=getMsg HTTP/1.1" 200 27
116.224.253.72 - - [31/May/2021:09:24:33 +0800] "GET /xingrg/all/function/internal_message.html?_=1622424273097&CODE_STATE=getMsg HTTP/1.1" 200 27
116.233.72.146 - - [31/May/2021:09:24:34 +0800] "POST /xingrg/kc/buy/cgsh_order_operate.html HTTP/1.1" 200 37
116.233.72.146 - - [31/May/2021:09:24:36 +0800] "POST /xingrg/kc/buy/cgsh_order_operate.html HTTP/1.1" 200 33401
116.233.72.146 - - [31/May/2021:09:24:37 +0800] "GET /xingrg/kc/print/load_config.html?kc_code=cgsh HTTP/1.1" 200 1845
116.233.72.146 - - [31/May/2021:09:24:37 +0800] "GET /xingrg/kc/print/load_data.html?order_code=212021053114030&kc_code=cgsh&condition= HTTP/1.1" 200 12321
116.235.222.38 - - [31/May/2021:09:24:38 +0800] "GET /xingrg/all/function/internal_message.html?_=1622424276466&CODE_STATE=getMsg HTTP/1.1" 200 27
61.165.42.208 - - [31/May/2021:09:24:44 +0800] "GET /xingrg/all/function/internal_message.html?_=1622424283662&CODE_STATE=getMsg HTTP/1.1" 200 27
116.233.72.146 - - [31/May/2021:09:24:48 +0800] "GET /xingrg/kc/buy/cgsh_order_add.html HTTP/1.1" 200 62306
116.233.72.146 - - [31/May/2021:09:24:48 +0800] "POST /xingrg/kc/buy/cgsh_order_operate.html HTTP/1.1" 200 8245
116.233.72.146 - - [31/May/2021:09:24:48 +0800] "GET /xingrg/all/common/auto_word.html?type=employee&rest_code=00109 HTTP/1.1" 200 155
116.233.72.146 - - [31/May/2021:09:24:48 +0800] "GET /xingrg/all/common/auto_word.html?type=employee&rest_code=00109 HTTP/1.1" 200 155
116.233.72.146 - - [31/May/2021:09:24:48 +0800] "GET /xingrg/javascript/easyui/themes/default/validatebox.css HTTP/1.1" 404 1104
180.161.111.4 - - [31/May/2021:09:24:49 +0800] "GET /xingrg/all/function/internal_message.html?_=1622424287658&CODE_STATE=getMsg HTTP/1.1" 200 27
222.70.177.128 - - [31/May/2021:09:24:49 +0800] "GET /xingrg/all/function/internal_message.html?_=1622424287751&CODE_STATE=getMsg HTTP/1.1" 200 27
116.230.110.80 - - [31/May/2021:09:24:59 +0800] "GET /xingrg/all/function/internal_message.html?_=1622424296846&CODE_STATE=getMsg HTTP/1.1" 200 27
116.230.110.80 - - [31/May/2021:09:24:59 +0800] "GET /xingrg/check_reg.html?_=1622424296921 HTTP/1.1" 200 22
117.185.32.26 - - [31/May/2021:09:25:03 +0800] "GET /xingrg/check_reg.html?_=1622424302569 HTTP/1.1" 200 22
120.253.135.82 - - [31/May/2021:09:25:05 +0800] "GET /xingrg/check_reg.html?_=1622424344700 HTTP/1.1" 200 22
114.83.217.136 - - [31/May/2021:09:25:07 +0800] "GET /xingrg/all/function/internal_message.html?_=1622424308584&CODE_STATE=getMsg HTTP/1.1" 200 27
114.83.217.136 - - [31/May/2021:09:25:07 +0800] "GET /xingrg/check_reg.html?_=1622424308589 HTTP/1.1" 200 22
117.185.32.26 - - [31/May/2021:09:25:07 +0800] "GET /xingrg/all/function/internal_message.html?_=1622424307086&CODE_STATE=getMsg HTTP/1.1" 200 27
222.69.130.24 - - [31/May/2021:09:25:08 +0800] "GET /xingrg/check_reg.html?_=1622424307880 HTTP/1.1" 200 22
222.69.130.24 - - [31/May/2021:09:25:08 +0800] "GET /xingrg/all/function/internal_message.html?_=1622424307883&CODE_STATE=getMsg HTTP/1.1" 200 27
58.37.225.51 - - [31/May/2021:09:25:09 +0800] "GET /xingrg/all/function/internal_message.html?_=1622424310204&CODE_STATE=getMsg HTTP/1.1" 200 27
58.37.225.51 - - [31/May/2021:09:25:09 +0800] "GET /xingrg/check_reg.html?_=1622424310205 HTTP/1.1" 200 22
61.129.6.145 - - [31/May/2021:09:25:10 +0800] "GET /xingrg/all/function/internal_message.html?_=1622424250200&CODE_STATE=getMsg HTTP/1.1" 302 -
61.129.6.145 - - [31/May/2021:09:25:10 +0800] "GET /xingrg/login.html HTTP/1.1" 200 7641
116.230.114.112 - - [31/May/2021:09:25:17 +0800] "GET /xingrg/all/function/internal_message.html?_=1622424318357&CODE_STATE=getMsg HTTP/1.1" 200 27
116.233.72.146 - - [31/May/2021:09:25:20 +0800] "GET /xingrg/all/function/internal_message.html?_=1622424319295&CODE_STATE=getMsg HTTP/1.1" 200 27
116.230.114.112 - - [31/May/2021:09:25:20 +0800] "GET /xingrg/kc/buy/cgsh_order_operate.html?command=get_materiel&rest_code=00146&code=00101008332&supplier_code=00100005&order_time=2021-05-31 HTTP/1.1" 200 412
120.253.135.82 - - [31/May/2021:09:25:21 +0800] "GET /xingrg/all/function/internal_message.html?_=1622424361157&CODE_STATE=getMsg HTTP/1.1" 200 27
114.86.187.76 - - [31/May/2021:09:25:22 +0800] "GET /xingrg/all/function/internal_message.html?_=1622424322669&CODE_STATE=getMsg HTTP/1.1" 200 27
116.224.253.72 - - [31/May/2021:09:25:28 +0800] "GET /xingrg/all/function/internal_message.html?_=1622424333613&CODE_STATE=getMsg HTTP/1.1" 200 27
116.230.114.112 - - [31/May/2021:09:25:30 +0800] "GET /xingrg/kc/buy/cgsh_order_operate.html?command=get_materiel&rest_code=00146&code=00101008017&supplier_code=00100005&order_time=2021-05-31 HTTP/1.1" 200 416
116.224.253.72 - - [31/May/2021:09:25:33 +0800] "GET /xingrg/check_reg.html?_=1622424333071 HTTP/1.1" 200 22
116.224.253.72 - - [31/May/2021:09:25:33 +0800] "GET /xingrg/all/function/internal_message.html?_=1622424333074&CODE_STATE=getMsg HTTP/1.1" 200 27
116.235.222.38 - - [31/May/2021:09:25:38 +0800] "GET /xingrg/all/function/internal_message.html?_=1622424336452&CODE_STATE=getMsg HTTP/1.1" 200 27
116.230.114.112 - - [31/May/2021:09:25:42 +0800] "GET /xingrg/kc/buy/cgsh_order_operate.html?command=get_materiel&rest_code=00146&code=00101008175&supplier_code=00100005&order_time=2021-05-31 HTTP/1.1" 200 412
61.165.42.208 - - [31/May/2021:09:25:44 +0800] "GET /xingrg/all/function/internal_message.html?_=1622424343662&CODE_STATE=getMsg HTTP/1.1" 200 27
180.161.111.4 - - [31/May/2021:09:25:49 +0800] "GET /xingrg/all/function/internal_message.html?_=1622424347658&CODE_STATE=getMsg HTTP/1.1" 200 27
222.70.177.128 - - [31/May/2021:09:25:49 +0800] "GET /xingrg/all/function/internal_message.html?_=1622424347751&CODE_STATE=getMsg HTTP/1.1" 200 27
222.70.177.128 - - [31/May/2021:09:25:49 +0800] "GET /xingrg/check_reg.html?_=1622424347754 HTTP/1.1" 200 22
222.69.130.24 - - [31/May/2021:09:25:51 +0800] "GET /xingrg/kc/buy/cgsh_order_add.html HTTP/1.1" 200 62318
222.69.130.24 - - [31/May/2021:09:25:51 +0800] "POST /xingrg/kc/buy/cgsh_order_operate.html HTTP/1.1" 200 8245
222.69.130.24 - - [31/May/2021:09:25:51 +0800] "GET /xingrg/javascript/easyui/themes/default/validatebox.css HTTP/1.1" 404 1104
116.230.110.80 - - [31/May/2021:09:25:59 +0800] "GET /xingrg/all/function/internal_message.html?_=1622424356846&CODE_STATE=getMsg HTTP/1.1" 200 27
114.83.217.136 - - [31/May/2021:09:26:07 +0800] "GET /xingrg/all/function/internal_message.html?_=1622424368591&CODE_STATE=getMsg HTTP/1.1" 200 27
117.185.32.26 - - [31/May/2021:09:26:07 +0800] "GET /xingrg/all/function/internal_message.html?_=1622424367060&CODE_STATE=getMsg HTTP/1.1" 200 27
222.69.130.24 - - [31/May/2021:09:26:08 +0800] "GET /xingrg/all/function/internal_message.html?_=1622424367875&CODE_STATE=getMsg HTTP/1.1" 200 27
58.37.225.51 - - [31/May/2021:09:26:09 +0800] "GET /xingrg/all/function/internal_message.html?_=1622424370207&CODE_STATE=getMsg HTTP/1.1" 200 27
222.69.130.24 - - [31/May/2021:09:26:11 +0800] "GET /xingrg/kc/buy/cgsh_order_operate.html?command=get_materiel&rest_code=00149&code=00101008176&supplier_code=00100005&order_time=2021-05-31 HTTP/1.1" 200 413
116.230.114.112 - - [31/May/2021:09:26:17 +0800] "GET /xingrg/all/function/internal_message.html?_=1622424378362&CODE_STATE=getMsg HTTP/1.1" 200 27
222.69.130.24 - - [31/May/2021:09:26:19 +0800] "GET /xingrg/kc/buy/cgsh_order_operate.html?command=get_materiel&rest_code=00149&code=00101008261&supplier_code=00100005&order_time=2021-05-31 HTTP/1.1" 200 408
116.233.72.146 - - [31/May/2021:09:26:20 +0800] "GET /xingrg/all/function/internal_message.html?_=1622424379297&CODE_STATE=getMsg HTTP/1.1" 200 27
120.253.135.82 - - [31/May/2021:09:26:21 +0800] "GET /xingrg/all/function/internal_message.html?_=1622424421171&CODE_STATE=getMsg HTTP/1.1" 200 27
116.224.253.72 - - [31/May/2021:09:26:22 +0800] "GET /xingrg/kc/base/yddb_order_list.html HTTP/1.1" 200 16590
116.224.253.72 - - [31/May/2021:09:26:22 +0800] "POST /xingrg/kc/base/yddb_list_operate.html HTTP/1.1" 200 636
114.86.187.76 - - [31/May/2021:09:26:22 +0800] "GET /xingrg/all/function/internal_message.html?_=1622424382668&CODE_STATE=getMsg HTTP/1.1" 200 27
114.86.187.76 - - [31/May/2021:09:26:22 +0800] "GET /xingrg/check_reg.html?_=1622424382670 HTTP/1.1" 200 22
114.83.217.136 - - [31/May/2021:09:26:24 +0800] "GET /xingrg/kc/buy/cgsh_order_operate.html?command=get_materiel&rest_code=00154&code=00101008298&supplier_code=00100417&order_time=2021-05-31 HTTP/1.1" 200 412
116.224.253.72 - - [31/May/2021:09:26:25 +0800] "POST /xingrg/kc/base/yddb_list_operate.html HTTP/1.1" 200 636
116.224.253.72 - - [31/May/2021:09:26:27 +0800] "POST /xingrg/kc/base/yddb_list_operate.html HTTP/1.1" 200 636
116.224.253.72 - - [31/May/2021:09:26:27 +0800] "GET /xingrg/check_reg.html?_=1622424392793 HTTP/1.1" 200 22
116.224.253.72 - - [31/May/2021:09:26:28 +0800] "GET /xingrg/all/function/internal_message.html?_=1622424393711&CODE_STATE=getMsg HTTP/1.1" 200 27
116.233.72.146 - - [31/May/2021:09:26:28 +0800] "POST /xingrg/kc/buy/cgsh_list_operate.html HTTP/1.1" 200 1681
222.69.130.24 - - [31/May/2021:09:26:29 +0800] "GET /xingrg/kc/buy/cgsh_order_operate.html?command=get_materiel&rest_code=00149&code=00101008219&supplier_code=00100005&order_time=2021-05-31 HTTP/1.1" 200 412
116.233.72.146 - - [31/May/2021:09:26:30 +0800] "POST /xingrg/kc/buy/cgsh_list_operate.html HTTP/1.1" 200 565
116.233.72.146 - - [31/May/2021:09:26:30 +0800] "GET /xingrg/kc/buy/cgsh_order_info.html?code=212021053114030 HTTP/1.1" 200 62315
116.233.72.146 - - [31/May/2021:09:26:30 +0800] "GET /xingrg/all/common/auto_word.html?type=employee&rest_code=00109 HTTP/1.1" 200 155
116.233.72.146 - - [31/May/2021:09:26:30 +0800] "GET /xingrg/javascript/easyui/themes/default/validatebox.css HTTP/1.1" 404 1104
116.233.72.146 - - [31/May/2021:09:26:30 +0800] "GET /xingrg/all/common/auto_word.html?type=employee&rest_code=00109 HTTP/1.1" 200 155
116.233.72.146 - - [31/May/2021:09:26:31 +0800] "POST /xingrg/kc/buy/cgsh_order_operate.html HTTP/1.1" 200 33401
116.233.72.146 - - [31/May/2021:09:26:32 +0800] "GET /xingrg/kc/print/load_config.html?kc_code=cgsh HTTP/1.1" 200 1845
116.233.72.146 - - [31/May/2021:09:26:32 +0800] "GET /xingrg/kc/print/load_data.html?order_code=212021053114030&kc_code=cgsh&condition= HTTP/1.1" 200 12321
116.224.253.72 - - [31/May/2021:09:26:32 +0800] "POST /xingrg/all/user/operate.html HTTP/1.1" 200 36
116.224.253.72 - - [31/May/2021:09:26:32 +0800] "GET /xingrg/index.html?sysBaseUrl=http%3A%2F%2F180.169.147.146%3A18081%2Fxingrg%2F&costTime=41×tamp=1622342779900 HTTP/1.1" 200 17177
116.224.253.72 - - [31/May/2021:09:26:32 +0800] "GET /xingrg/javascript/jquery_easy_ui/themes/default/easyui.css HTTP/1.1" 304 -
116.224.253.72 - - [31/May/2021:09:26:32 +0800] "GET /xingrg/javascript/jquery_easy_ui/themes/icon.css HTTP/1.1" 304 -
116.224.253.72 - - [31/May/2021:09:26:32 +0800] "GET /xingrg/css/form.css HTTP/1.1" 304 -
116.224.253.72 - - [31/May/2021:09:26:32 +0800] "GET /xingrg/javascript/jquery-1.4.2.min.js HTTP/1.1" 304 -
116.224.253.72 - - [31/May/2021:09:26:32 +0800] "GET /xingrg/javascript/jquery_easy_ui/jquery.easyui.min.js HTTP/1.1" 304 -
116.224.253.72 - - [31/May/2021:09:26:32 +0800] "GET /xingrg/javascript/jquery_easy_ui/easyui-lang-zh_CN.js HTTP/1.1" 304 -
116.224.253.72 - - [31/May/2021:09:26:32 +0800] "GET /xingrg/javascript/jquery.form.js HTTP/1.1" 304 -
116.224.253.72 - - [31/May/2021:09:26:32 +0800] "GET /xingrg/javascript/jquery.utils.js HTTP/1.1" 304 -
116.224.253.72 - - [31/May/2021:09:26:33 +0800] "GET /xingrg/javascript/jquery.timers.js HTTP/1.1" 304 -
116.224.253.72 - - [31/May/2021:09:26:33 +0800] "GET /xingrg/images/blue/jxLogo.png HTTP/1.1" 304 -
116.224.253.72 - - [31/May/2021:09:26:33 +0800] "GET /xingrg/images/blue/navBackgound.jpg HTTP/1.1" 304 -
116.224.253.72 - - [31/May/2021:09:26:33 +0800] "GET /xingrg/javascript/jquery_easy_ui/themes/icons/settle_new.png HTTP/1.1" 304 -
116.224.253.72 - - [31/May/2021:09:26:33 +0800] "POST /xingrg/all/common/load_tree.html?tree=area_rest_tree_json&manage=1 HTTP/1.1" 200 476
116.224.253.72 - - [31/May/2021:09:26:33 +0800] "GET /xingrg/all/function/internal_message.html?_=1622424392284&CODE_STATE=count HTTP/1.1" 200 11
116.224.253.72 - - [31/May/2021:09:26:33 +0800] "GET /xingrg/check_reg.html?_=1622424392285 HTTP/1.1" 200 22
116.224.253.72 - - [31/May/2021:09:26:33 +0800] "GET /xingrg/javascript/jquery_easy_ui/themes/default/images/tabs_rightarrow.png HTTP/1.1" 304 -
116.224.253.72 - - [31/May/2021:09:26:33 +0800] "GET /xingrg/images/blue/pingpu.png HTTP/1.1" 304 -
116.224.253.72 - - [31/May/2021:09:26:33 +0800] "GET /xingrg/javascript/jquery_easy_ui/themes/default/images/tabs_leftarrow.png HTTP/1.1" 304 -
116.224.253.72 - - [31/May/2021:09:26:33 +0800] "GET /xingrg/javascript/jquery_easy_ui/themes/default/images/panel_tool_collapse.gif HTTP/1.1" 304 -
116.224.253.72 - - [31/May/2021:09:26:33 +0800] "POST /xingrg/load_menu.html HTTP/1.1" 200 5138
116.224.253.72 - - [31/May/2021:09:26:35 +0800] "GET /xingrg/kc/buy/cgsh_order_list.html HTTP/1.1" 200 46531
116.235.222.38 - - [31/May/2021:09:26:36 +0800] "GET /xingrg/check_reg.html?_=1622424394290 HTTP/1.1" 200 22
116.224.253.72 - - [31/May/2021:09:26:37 +0800] "POST /xingrg/kc/buy/cgsh_list_operate.html HTTP/1.1" 200 1707
116.235.222.38 - - [31/May/2021:09:26:38 +0800] "GET /xingrg/all/function/internal_message.html?_=1622424396429&CODE_STATE=getMsg HTTP/1.1" 200 27
116.224.253.72 - - [31/May/2021:09:26:39 +0800] "POST /xingrg/kc/buy/cgsh_list_operate.html HTTP/1.1" 200 559
116.224.253.72 - - [31/May/2021:09:26:42 +0800] "GET /xingrg/kc/buy/cgsh_order_info.html?code=212021053114009 HTTP/1.1" 200 61928
116.224.253.72 - - [31/May/2021:09:26:42 +0800] "GET /xingrg/javascript/easyui/themes/default/validatebox.css HTTP/1.1" 404 1104
116.224.253.72 - - [31/May/2021:09:26:42 +0800] "POST /xingrg/kc/buy/cgsh_order_operate.html HTTP/1.1" 200 19992
61.165.42.208 - - [31/May/2021:09:26:44 +0800] "GET /xingrg/all/function/internal_message.html?_=1622424403662&CODE_STATE=getMsg HTTP/1.1" 200 27
116.233.72.146 - - [31/May/2021:09:26:45 +0800] "GET /xingrg/kc/buy/cgsh_order_add.html HTTP/1.1" 200 62306
116.233.72.146 - - [31/May/2021:09:26:45 +0800] "POST /xingrg/kc/buy/cgsh_order_operate.html HTTP/1.1" 200 8245
116.233.72.146 - - [31/May/2021:09:26:45 +0800] "GET /xingrg/all/common/auto_word.html?type=employee&rest_code=00109 HTTP/1.1" 200 155
116.233.72.146 - - [31/May/2021:09:26:45 +0800] "GET /xingrg/all/common/auto_word.html?type=employee&rest_code=00109 HTTP/1.1" 200 155
116.233.72.146 - - [31/May/2021:09:26:45 +0800] "GET /xingrg/javascript/easyui/themes/default/validatebox.css HTTP/1.1" 404 1104
180.161.111.4 - - [31/May/2021:09:26:49 +0800] "GET /xingrg/check_reg.html?_=1622424407657 HTTP/1.1" 200 22
180.161.111.4 - - [31/May/2021:09:26:49 +0800] "GET /xingrg/all/function/internal_message.html?_=1622424407656&CODE_STATE=getMsg HTTP/1.1" 200 27
222.70.177.128 - - [31/May/2021:09:26:49 +0800] "GET /xingrg/all/function/internal_message.html?_=1622424407738&CODE_STATE=getMsg HTTP/1.1" 200 27
222.69.130.24 - - [31/May/2021:09:26:49 +0800] "GET /xingrg/kc/buy/cgsh_order_operate.html?command=get_materiel&rest_code=00149&code=00101008132&supplier_code=00100005&order_time=2021-05-31 HTTP/1.1" 200 408
116.233.72.146 - - [31/May/2021:09:26:49 +0800] "GET /xingrg/javascript/jquery_tools/images/prev.gif HTTP/1.1" 404 1086
116.233.72.146 - - [31/May/2021:09:26:49 +0800] "GET /xingrg/javascript/jquery_tools/images/next.gif HTTP/1.1" 404 1086
116.233.72.146 - - [31/May/2021:09:26:54 +0800] "GET /xingrg/kc/buy/cgsh_order_operate.html?command=get_materiel&rest_code=00109&code=00101001032&supplier_code=00100454&order_time=2021-05-31 HTTP/1.1" 200 413
116.230.110.80 - - [31/May/2021:09:26:59 +0800] "GET /xingrg/all/function/internal_message.html?_=1622424416845&CODE_STATE=getMsg HTTP/1.1" 200 27
116.233.72.146 - - [31/May/2021:09:27:02 +0800] "GET /xingrg/kc/buy/cgsh_order_operate.html?command=get_materiel&rest_code=00109&code=00101001160&supplier_code=00100454&order_time=2021-05-31 HTTP/1.1" 200 408
222.69.130.24 - - [31/May/2021:09:27:03 +0800] "GET /xingrg/kc/buy/cgsh_order_operate.html?command=get_materiel&rest_code=00149&code=00101008155&supplier_code=00100005&order_time=2021-05-31 HTTP/1.1" 200 408
222.69.130.24 - - [31/May/2021:09:27:04 +0800] "POST /xingrg/services/DataTransmitService HTTP/1.1" 200 524
120.204.17.68 - - [31/May/2021:09:27:06 +0800] "GET /xingrg/all/function/internal_message.html?_=1622424367060&CODE_STATE=getMsg HTTP/1.1" 302 -
120.204.17.68 - - [31/May/2021:09:27:07 +0800] "GET /xingrg/login.html HTTP/1.1" 200 7641
117.185.32.26 - - [31/May/2021:09:27:07 +0800] "GET /xingrg/all/function/internal_message.html?_=1622424427034&CODE_STATE=getMsg HTTP/1.1" 200 27
114.83.217.136 - - [31/May/2021:09:27:07 +0800] "GET /xingrg/all/function/internal_message.html?_=1622424428592&CODE_STATE=getMsg HTTP/1.1" 200 27
222.69.130.24 - - [31/May/2021:09:27:08 +0800] "GET /xingrg/all/function/internal_message.html?_=1622424427856&CODE_STATE=getMsg HTTP/1.1" 200 27
58.37.225.51 - - [31/May/2021:09:27:09 +0800] "GET /xingrg/all/function/internal_message.html?_=1622424430210&CODE_STATE=getMsg HTTP/1.1" 200 27
180.169.147.146 - - [31/May/2021:09:27:16 +0800] "GET /xingrg/check_reg.html?_=1622424435470 HTTP/1.1" 200 22
116.230.114.112 - - [31/May/2021:09:27:17 +0800] "GET /xingrg/all/function/internal_message.html?_=1622424438376&CODE_STATE=getMsg HTTP/1.1" 200 27
116.233.72.146 - - [31/May/2021:09:27:19 +0800] "POST /xingrg/kc/buy/cgsh_order_operate.html HTTP/1.1" 200 37
116.233.72.146 - - [31/May/2021:09:27:21 +0800] "GET /xingrg/all/function/internal_message.html?_=1622424440581&CODE_STATE=getMsg HTTP/1.1" 200 27
116.233.72.146 - - [31/May/2021:09:27:21 +0800] "POST /xingrg/kc/buy/cgsh_order_operate.html HTTP/1.1" 200 3248
120.253.135.82 - - [31/May/2021:09:27:21 +0800] "GET /xingrg/all/function/internal_message.html?_=1622424481195&CODE_STATE=getMsg HTTP/1.1" 200 27
114.86.187.76 - - [31/May/2021:09:27:22 +0800] "GET /xingrg/all/function/internal_message.html?_=1622424442669&CODE_STATE=getMsg HTTP/1.1" 200 27
222.69.130.24 - - [31/May/2021:09:27:23 +0800] "GET /xingrg/kc/buy/cgsh_order_operate.html?command=get_materiel&rest_code=00149&code=00101008349&supplier_code=00100005&order_time=2021-05-31 HTTP/1.1" 200 412
116.224.253.72 - - [31/May/2021:09:27:28 +0800] "GET /xingrg/all/function/internal_message.html?_=1622424453712&CODE_STATE=getMsg HTTP/1.1" 200 27
116.233.72.146 - - [31/May/2021:09:27:28 +0800] "POST /xingrg/kc/buy/cgsh_order_operate.html HTTP/1.1" 200 37
116.233.72.146 - - [31/May/2021:09:27:29 +0800] "POST /xingrg/kc/buy/cgsh_order_operate.html HTTP/1.1" 200 3248
116.230.114.112 - - [31/May/2021:09:27:29 +0800] "GET /xingrg/kc/buy/cgsh_order_operate.html?command=get_materiel&rest_code=00146&code=00101008176&supplier_code=00100005&order_time=2021-05-31 HTTP/1.1" 200 413
114.83.217.136 - - [31/May/2021:09:27:32 +0800] "GET /xingrg/kc/buy/cgsh_order_operate.html?command=get_materiel&rest_code=00154&code=00101008044&supplier_code=00100417&order_time=2021-05-31 HTTP/1.1" 200 408
116.224.253.72 - - [31/May/2021:09:27:33 +0800] "GET /xingrg/all/function/internal_message.html?_=1622424452296&CODE_STATE=getMsg HTTP/1.1" 200 27
222.69.130.24 - - [31/May/2021:09:27:34 +0800] "GET /xingrg/kc/buy/cgsh_order_operate.html?command=get_materiel&rest_code=00149&code=00101008350&supplier_code=00100005&order_time=2021-05-31 HTTP/1.1" 200 408
116.233.72.146 - - [31/May/2021:09:27:35 +0800] "GET /xingrg/kc/print/load_config.html?kc_code=cgsh HTTP/1.1" 200 1845
116.233.72.146 - - [31/May/2021:09:27:35 +0800] "GET /xingrg/kc/print/load_data.html?order_code=212021053114039&kc_code=cgsh&condition= HTTP/1.1" 200 887
116.235.222.38 - - [31/May/2021:09:27:38 +0800] "GET /xingrg/all/function/internal_message.html?_=1622424456406&CODE_STATE=getMsg HTTP/1.1" 200 27
116.230.114.112 - - [31/May/2021:09:27:40 +0800] "GET /xingrg/kc/buy/cgsh_order_operate.html?command=get_materiel&rest_code=00146&code=00101008219&supplier_code=00100005&order_time=2021-05-31 HTTP/1.1" 200 412
116.233.72.146 - - [31/May/2021:09:27:41 +0800] "GET /xingrg/kc/buy/cgsh_order_add.html HTTP/1.1" 200 62306
116.233.72.146 - - [31/May/2021:09:27:41 +0800] "POST /xingrg/kc/buy/cgsh_order_operate.html HTTP/1.1" 200 8245
116.233.72.146 - - [31/May/2021:09:27:41 +0800] "GET /xingrg/all/common/auto_word.html?type=employee&rest_code=00109 HTTP/1.1" 200 155
116.233.72.146 - - [31/May/2021:09:27:41 +0800] "GET /xingrg/all/common/auto_word.html?type=employee&rest_code=00109 HTTP/1.1" 200 155
116.233.72.146 - - [31/May/2021:09:27:41 +0800] "GET /xingrg/javascript/easyui/themes/default/validatebox.css HTTP/1.1" 404 1104
222.69.130.24 - - [31/May/2021:09:27:42 +0800] "POST /xingrg/services/DataTransmitService HTTP/1.1" 200 501
61.165.42.208 - - [31/May/2021:09:27:44 +0800] "GET /xingrg/all/function/internal_message.html?_=1622424463674&CODE_STATE=getMsg HTTP/1.1" 200 27
61.165.42.208 - - [31/May/2021:09:27:44 +0800] "GET /xingrg/check_reg.html?_=1622424463677 HTTP/1.1" 200 22
180.161.111.4 - - [31/May/2021:09:27:49 +0800] "GET /xingrg/all/function/internal_message.html?_=1622424467672&CODE_STATE=getMsg HTTP/1.1" 200 27
222.70.177.128 - - [31/May/2021:09:27:49 +0800] "GET /xingrg/all/function/internal_message.html?_=1622424467739&CODE_STATE=getMsg HTTP/1.1" 200 27
116.230.114.112 - - [31/May/2021:09:27:50 +0800] "GET /xingrg/kc/buy/cgsh_order_operate.html?command=get_materiel&rest_code=00146&code=00101008027&supplier_code=00100005&order_time=2021-05-31 HTTP/1.1" 200 408
58.37.225.51 - - [31/May/2021:09:27:53 +0800] "GET /xingrg/check_reg.html?_=1622424419493 HTTP/1.1" 302 -
58.37.225.51 - - [31/May/2021:09:27:53 +0800] "GET /xingrg/login.html HTTP/1.1" 200 7641
116.230.110.80 - - [31/May/2021:09:27:57 +0800] "GET /xingrg/kc/buy/cgsh_order_add.html HTTP/1.1" 200 62233
116.230.110.80 - - [31/May/2021:09:27:57 +0800] "POST /xingrg/kc/buy/cgsh_order_operate.html HTTP/1.1" 200 8245
116.230.110.80 - - [31/May/2021:09:27:57 +0800] "GET /xingrg/javascript/easyui/themes/default/validatebox.css HTTP/1.1" 404 1104
116.230.110.80 - - [31/May/2021:09:27:59 +0800] "GET /xingrg/all/function/internal_message.html?_=1622424476838&CODE_STATE=getMsg HTTP/1.1" 200 27
116.230.114.112 - - [31/May/2021:09:28:02 +0800] "GET /xingrg/kc/buy/cgsh_order_operate.html?command=get_materiel&rest_code=00146&code=00101008132&supplier_code=00100005&order_time=2021-05-31 HTTP/1.1" 200 408
117.185.32.26 - - [31/May/2021:09:28:07 +0800] "GET /xingrg/all/function/internal_message.html?_=1622424487009&CODE_STATE=getMsg HTTP/1.1" 200 27
114.83.217.136 - - [31/May/2021:09:28:07 +0800] "GET /xingrg/all/function/internal_message.html?_=1622424488586&CODE_STATE=getMsg HTTP/1.1" 200 27
222.69.130.24 - - [31/May/2021:09:28:08 +0800] "GET /xingrg/all/function/internal_message.html?_=1622424487845&CODE_STATE=getMsg HTTP/1.1" 200 27
58.37.225.51 - - [31/May/2021:09:28:09 +0800] "GET /xingrg/all/function/internal_message.html?_=1622424490214&CODE_STATE=getMsg HTTP/1.1" 200 27
116.233.72.146 - - [31/May/2021:09:28:12 +0800] "GET /xingrg/javascript/auto/indicator.gif HTTP/1.1" 404 1066
116.230.114.112 - - [31/May/2021:09:28:14 +0800] "GET /xingrg/kc/buy/cgsh_order_operate.html?command=get_materiel&rest_code=00146&code=00101008257&supplier_code=00100005&order_time=2021-05-31 HTTP/1.1" 200 416
114.86.187.76 - - [31/May/2021:09:28:15 +0800] "GET /xingrg/kc/buy/cgsh_order_list.html HTTP/1.1" 200 46533
116.230.114.112 - - [31/May/2021:09:28:17 +0800] "GET /xingrg/all/function/internal_message.html?_=1622424498389&CODE_STATE=getMsg HTTP/1.1" 200 27
114.86.187.76 - - [31/May/2021:09:28:19 +0800] "POST /xingrg/kc/buy/cgsh_list_operate.html HTTP/1.1" 200 2736
116.233.72.146 - - [31/May/2021:09:28:20 +0800] "GET /xingrg/all/function/internal_message.html?_=1622424499303&CODE_STATE=getMsg HTTP/1.1" 200 27
116.233.72.146 - - [31/May/2021:09:28:20 +0800] "GET /xingrg/check_reg.html?_=1622424499305 HTTP/1.1" 200 22
116.233.72.146 - - [31/May/2021:09:28:20 +0800] "GET /xingrg/kc/buy/cgsh_order_operate.html?command=get_materiel&rest_code=00109&code=00101011001&supplier_code=00100046&order_time=2021-05-31 HTTP/1.1" 200 423
120.253.135.82 - - [31/May/2021:09:28:21 +0800] "GET /xingrg/all/function/internal_message.html?_=1622424541214&CODE_STATE=getMsg HTTP/1.1" 200 27
114.86.187.76 - - [31/May/2021:09:28:22 +0800] "GET /xingrg/all/function/internal_message.html?_=1622424502682&CODE_STATE=getMsg HTTP/1.1" 200 27
58.221.95.50 - - [31/May/2021:09:28:23 +0800] "GET /xingrg/check_reg.html?_=1622424502374 HTTP/1.1" 302 -
116.224.253.72 - - [31/May/2021:09:28:28 +0800] "GET /xingrg/all/function/internal_message.html?_=1622424513725&CODE_STATE=getMsg HTTP/1.1" 200 27
116.224.253.72 - - [31/May/2021:09:28:33 +0800] "GET /xingrg/all/function/internal_message.html?_=1622424512290&CODE_STATE=getMsg HTTP/1.1" 200 27
114.83.217.136 - - [31/May/2021:09:28:34 +0800] "GET /xingrg/kc/buy/cgsh_order_operate.html?command=get_materiel&rest_code=00154&code=00101008370&supplier_code=00100417&order_time=2021-05-31 HTTP/1.1" 200 412
116.230.114.112 - - [31/May/2021:09:28:37 +0800] "GET /xingrg/kc/buy/cgsh_order_operate.html?command=get_materiel&rest_code=00146&code=00101008244&supplier_code=00100005&order_time=2021-05-31 HTTP/1.1" 200 408
116.235.222.38 - - [31/May/2021:09:28:38 +0800] "GET /xingrg/all/function/internal_message.html?_=1622424516392&CODE_STATE=getMsg HTTP/1.1" 200 27
116.224.253.72 - - [31/May/2021:09:28:40 +0800] "GET /xingrg/javascript/auto/indicator.gif HTTP/1.1" 404 1066
116.224.253.72 - - [31/May/2021:09:28:43 +0800] "GET /xingrg/kc/buy/cgsh_order_operate.html?command=get_materiel&rest_code=00151&code=00101016051&supplier_code=00100007&order_time=2021-05-31 HTTP/1.1" 200 408
116.233.72.146 - - [31/May/2021:09:28:43 +0800] "GET /xingrg/kc/buy/cgsh_order_operate.html?command=get_materiel&rest_code=00109&code=00101011010&supplier_code=00100046&order_time=2021-05-31 HTTP/1.1" 200 439
61.165.42.208 - - [31/May/2021:09:28:44 +0800] "GET /xingrg/all/function/internal_message.html?_=1622424523667&CODE_STATE=getMsg HTTP/1.1" 200 27
116.230.114.112 - - [31/May/2021:09:28:45 +0800] "GET /xingrg/kc/buy/cgsh_order_operate.html?command=get_materiel&rest_code=00146&code=00101008354&supplier_code=00100005&order_time=2021-05-31 HTTP/1.1" 200 412
180.161.111.4 - - [31/May/2021:09:28:49 +0800] "GET /xingrg/all/function/internal_message.html?_=1622424527673&CODE_STATE=getMsg HTTP/1.1" 200 27
222.70.177.128 - - [31/May/2021:09:28:49 +0800] "GET /xingrg/all/function/internal_message.html?_=1622424527742&CODE_STATE=getMsg HTTP/1.1" 200 27
116.224.253.72 - - [31/May/2021:09:28:53 +0800] "POST /xingrg/kc/buy/cgsh_order_operate.html HTTP/1.1" 200 37
116.230.110.80 - - [31/May/2021:09:28:53 +0800] "GET /xingrg/kc/buy/cgsh_order_operate.html?command=get_materiel&rest_code=00155&code=00101008155&supplier_code=00100005&order_time=2021-05-31 HTTP/1.1" 200 23
101.85.94.178 - - [31/May/2021:09:28:54 +0800] "GET /xingrg HTTP/1.1" 302 -
101.85.94.178 - - [31/May/2021:09:28:54 +0800] "GET /xingrg/ HTTP/1.1" 200 292
116.230.114.112 - - [31/May/2021:09:28:55 +0800] "GET /xingrg/kc/buy/cgsh_order_operate.html?command=get_materiel&rest_code=00146&code=00101008028&supplier_code=00100005&order_time=2021-05-31 HTTP/1.1" 200 412
101.85.94.178 - - [31/May/2021:09:28:55 +0800] "GET /xingrg/index.html HTTP/1.1" 302 -
101.85.94.178 - - [31/May/2021:09:28:55 +0800] "GET /favicon.ico HTTP/1.1" 404 -
101.85.94.178 - - [31/May/2021:09:28:55 +0800] "GET /xingrg/login.html HTTP/1.1" 200 7641
101.85.94.178 - - [31/May/2021:09:28:55 +0800] "GET /xingrg/images/blue/jxLogo.png HTTP/1.1" 200 6156
116.224.253.72 - - [31/May/2021:09:28:55 +0800] "POST /xingrg/kc/buy/cgsh_order_operate.html HTTP/1.1" 200 12
101.85.94.178 - - [31/May/2021:09:28:55 +0800] "GET /xingrg/images/blue/hj.png HTTP/1.1" 200 1014
101.85.94.178 - - [31/May/2021:09:28:55 +0800] "GET /xingrg/images/blue/login_bg.png HTTP/1.1" 200 22101
101.85.94.178 - - [31/May/2021:09:28:55 +0800] "GET /xingrg/images/blue/srbg.png HTTP/1.1" 200 138
101.85.94.178 - - [31/May/2021:09:28:55 +0800] "GET /favicon.ico HTTP/1.1" 404 -
116.224.253.72 - - [31/May/2021:09:28:56 +0800] "GET /xingrg/kc/buy/cgsh_order_info.html?code=212021053114009 HTTP/1.1" 200 56821
116.224.253.72 - - [31/May/2021:09:28:57 +0800] "GET /xingrg/javascript/easyui/themes/default/validatebox.css HTTP/1.1" 404 1104
116.224.253.72 - - [31/May/2021:09:28:57 +0800] "POST /xingrg/kc/buy/cgsh_order_operate.html HTTP/1.1" 200 18534
116.230.110.80 - - [31/May/2021:09:28:58 +0800] "GET /xingrg/index.html?sysBaseUrl=http%3A%2F%2F180.169.147.146%3A18081%2Fxingrg%2F&costTime=1277×tamp=1606817596806 HTTP/1.1" 200 17179
222.70.177.128 - - [31/May/2021:09:28:59 +0800] "GET /xingrg/kc/mdqp/qqps_order_list.html HTTP/1.1" 200 9222
222.70.177.128 - - [31/May/2021:09:28:59 +0800] "GET /xingrg/dwr/interface/AjaxQqpsService.js HTTP/1.1" 200 16326
222.70.177.128 - - [31/May/2021:09:28:59 +0800] "GET /xingrg/dwr/util.js HTTP/1.1" 304 -
222.70.177.128 - - [31/May/2021:09:28:59 +0800] "GET /xingrg/dwr/interface/AjaxReportQueryService.js HTTP/1.1" 200 13203
222.70.177.128 - - [31/May/2021:09:28:59 +0800] "GET /xingrg/dwr/engine.js HTTP/1.1" 200 43631
116.230.110.80 - - [31/May/2021:09:28:59 +0800] "GET /favicon.ico HTTP/1.1" 404 -
116.230.110.80 - - [31/May/2021:09:28:59 +0800] "POST /xingrg/all/common/load_tree.html?tree=area_rest_tree_json&manage=1 HTTP/1.1" 200 351
116.230.110.80 - - [31/May/2021:09:28:59 +0800] "GET /xingrg/all/function/internal_message.html?_=1622424536837&CODE_STATE=count HTTP/1.1" 200 11
116.230.110.80 - - [31/May/2021:09:28:59 +0800] "GET /xingrg/check_reg.html?_=1622424536837 HTTP/1.1" 200 22
116.230.110.80 - - [31/May/2021:09:28:59 +0800] "POST /xingrg/load_menu.html HTTP/1.1" 200 5138
222.70.177.128 - - [31/May/2021:09:29:00 +0800] "GET /xingrg/kc/mdqp/qqps_order_add.html HTTP/1.1" 200 28079
222.70.177.128 - - [31/May/2021:09:29:00 +0800] "GET /xingrg/dwr/interface/AjaxComOrderService.js HTTP/1.1" 200 18264
222.70.177.128 - - [31/May/2021:09:29:00 +0800] "GET /xingrg/dwr/interface/AjaxQqpsService.js HTTP/1.1" 200 16326
222.70.177.128 - - [31/May/2021:09:29:00 +0800] "GET /xingrg/dwr/engine.js HTTP/1.1" 200 43631
116.224.253.72 - - [31/May/2021:09:29:00 +0800] "GET /xingrg/kc/print/load_data.html?order_code=212021053114009&kc_code=cgsh&condition= HTTP/1.1" 200 7656
116.230.110.80 - - [31/May/2021:09:29:02 +0800] "GET /xingrg/kc/buy/cgsh_order_list.html HTTP/1.1" 200 46533
116.230.114.112 - - [31/May/2021:09:29:03 +0800] "GET /xingrg/kc/buy/cgsh_order_operate.html?command=get_materiel&rest_code=00146&code=00101008186&supplier_code=00100005&order_time=2021-05-31 HTTP/1.1" 200 408
116.233.72.146 - - [31/May/2021:09:29:05 +0800] "POST /xingrg/kc/buy/cgsh_order_operate.html HTTP/1.1" 200 37
116.230.110.80 - - [31/May/2021:09:29:06 +0800] "POST /xingrg/kc/buy/cgsh_list_operate.html HTTP/1.1" 200 2408
116.233.72.146 - - [31/May/2021:09:29:07 +0800] "POST /xingrg/kc/buy/cgsh_order_operate.html HTTP/1.1" 200 3268
117.185.32.26 - - [31/May/2021:09:29:07 +0800] "GET /xingrg/all/function/internal_message.html?_=1622424546991&CODE_STATE=getMsg HTTP/1.1" 200 27
114.83.217.136 - - [31/May/2021:09:29:07 +0800] "GET /xingrg/all/function/internal_message.html?_=1622424548582&CODE_STATE=getMsg HTTP/1.1" 200 27
116.233.72.146 - - [31/May/2021:09:29:08 +0800] "GET /xingrg/kc/print/load_config.html?kc_code=cgsh HTTP/1.1" 200 1845
116.233.72.146 - - [31/May/2021:09:29:08 +0800] "GET /xingrg/kc/print/load_data.html?order_code=212021053114040&kc_code=cgsh&condition= HTTP/1.1" 200 922
222.69.130.24 - - [31/May/2021:09:29:08 +0800] "GET /xingrg/all/function/internal_message.html?_=1622424547832&CODE_STATE=getMsg HTTP/1.1" 200 27
116.230.110.80 - - [31/May/2021:09:29:09 +0800] "GET /xingrg/kc/buy/cgsh_order_add.html HTTP/1.1" 200 62233
116.230.110.80 - - [31/May/2021:09:29:09 +0800] "POST /xingrg/kc/buy/cgsh_order_operate.html HTTP/1.1" 200 8245
116.230.110.80 - - [31/May/2021:09:29:09 +0800] "GET /xingrg/all/common/auto_word.html?type=employee&rest_code=00155 HTTP/1.1" 200 205
116.230.110.80 - - [31/May/2021:09:29:09 +0800] "GET /xingrg/all/common/auto_word.html?type=employee&rest_code=00155 HTTP/1.1" 200 205
116.230.110.80 - - [31/May/2021:09:29:09 +0800] "GET /xingrg/javascript/easyui/themes/default/validatebox.css HTTP/1.1" 404 1104
58.37.225.51 - - [31/May/2021:09:29:09 +0800] "GET /xingrg/all/function/internal_message.html?_=1622424550216&CODE_STATE=getMsg HTTP/1.1" 200 27
116.230.110.80 - - [31/May/2021:09:29:11 +0800] "GET /xingrg/javascript/auto/indicator.gif HTTP/1.1" 404 1066
222.69.130.24 - - [31/May/2021:09:29:11 +0800] "POST /xingrg/services/DataTransmitService HTTP/1.1" 200 524
116.230.110.80 - - [31/May/2021:09:29:12 +0800] "GET /xingrg/javascript/jquery_tools/images/prev.gif HTTP/1.1" 404 1086
116.230.110.80 - - [31/May/2021:09:29:12 +0800] "GET /xingrg/javascript/jquery_tools/images/next.gif HTTP/1.1" 404 1086
116.233.72.146 - - [31/May/2021:09:29:13 +0800] "GET /xingrg/kc/buy/cgsh_order_add.html HTTP/1.1" 200 62306
116.233.72.146 - - [31/May/2021:09:29:13 +0800] "POST /xingrg/kc/buy/cgsh_order_operate.html HTTP/1.1" 200 8245
116.233.72.146 - - [31/May/2021:09:29:13 +0800] "GET /xingrg/all/common/auto_word.html?type=employee&rest_code=00109 HTTP/1.1" 200 155
116.233.72.146 - - [31/May/2021:09:29:13 +0800] "GET /xingrg/all/common/auto_word.html?type=employee&rest_code=00109 HTTP/1.1" 200 155
116.233.72.146 - - [31/May/2021:09:29:13 +0800] "GET /xingrg/javascript/easyui/themes/default/validatebox.css HTTP/1.1" 404 1104
116.230.114.112 - - [31/May/2021:09:29:13 +0800] "GET /xingrg/kc/buy/cgsh_order_operate.html?command=get_materiel&rest_code=00146&code=00101008338&supplier_code=00100005&order_time=2021-05-31 HTTP/1.1" 200 408
116.230.110.80 - - [31/May/2021:09:29:16 +0800] "GET /xingrg/kc/buy/cgsh_order_operate.html?command=get_materiel&rest_code=00155&code=00101008155&supplier_code=00100005&order_time=2021-05-31 HTTP/1.1" 200 408
116.230.114.112 - - [31/May/2021:09:29:17 +0800] "GET /xingrg/check_reg.html?_=1622424557839 HTTP/1.1" 200 22
116.230.114.112 - - [31/May/2021:09:29:17 +0800] "GET /xingrg/all/function/internal_message.html?_=1622424558404&CODE_STATE=getMsg HTTP/1.1" 200 27
222.70.177.128 - - [31/May/2021:09:29:17 +0800] "POST /xingrg/dwr/call/plaincall/AjaxQqpsService.saveOrder.dwr HTTP/1.1" 200 78
116.233.72.146 - - [31/May/2021:09:29:20 +0800] "GET /xingrg/all/function/internal_message.html?_=1622424559305&CODE_STATE=getMsg HTTP/1.1" 200 27
120.253.135.82 - - [31/May/2021:09:29:21 +0800] "GET /xingrg/all/function/internal_message.html?_=1622424601234&CODE_STATE=getMsg HTTP/1.1" 200 27
114.86.187.76 - - [31/May/2021:09:29:22 +0800] "GET /xingrg/all/function/internal_message.html?_=1622424562682&CODE_STATE=getMsg HTTP/1.1" 200 27
222.70.177.128 - - [31/May/2021:09:29:23 +0800] "POST /xingrg/dwr/call/plaincall/AjaxQqpsService.getMaterielByCode.dwr HTTP/1.1" 200 2580
116.230.114.112 - - [31/May/2021:09:29:23 +0800] "GET /xingrg/kc/buy/cgsh_order_operate.html?command=get_materiel&rest_code=00146&code=00101008290&supplier_code=00100005&order_time=2021-05-31 HTTP/1.1" 200 416
116.230.110.80 - - [31/May/2021:09:29:24 +0800] "GET /xingrg/kc/buy/cgsh_order_operate.html?command=get_materiel&rest_code=00155&code=00101008350&supplier_code=00100005&order_time=2021-05-31 HTTP/1.1" 200 408
116.230.114.112 - - [31/May/2021:09:29:25 +0800] "POST /xingrg/kc/buy/cgsh_order_operate.html HTTP/1.1" 200 2065
114.83.217.136 - - [31/May/2021:09:29:27 +0800] "GET /xingrg/kc/buy/cgsh_order_operate.html?command=get_materiel&rest_code=00154&code=00101008036&supplier_code=00100417&order_time=2021-05-31 HTTP/1.1" 200 408
222.70.177.128 - - [31/May/2021:09:29:28 +0800] "POST /xingrg/dwr/call/plaincall/AjaxQqpsService.checkOrder.dwr HTTP/1.1" 200 78
116.224.253.72 - - [31/May/2021:09:29:28 +0800] "GET /xingrg/all/function/internal_message.html?_=1622424573834&CODE_STATE=getMsg HTTP/1.1" 200 27
222.70.177.128 - - [31/May/2021:09:29:29 +0800] "GET /xingrg/kc/mdqp/qqps_order_info.html?code=302021053100616 HTTP/1.1" 200 26482
222.70.177.128 - - [31/May/2021:09:29:29 +0800] "GET /xingrg/dwr/interface/AjaxComOrderService.js HTTP/1.1" 200 18264
222.70.177.128 - - [31/May/2021:09:29:29 +0800] "GET /xingrg/dwr/interface/AjaxQqpsService.js HTTP/1.1" 200 16326
222.70.177.128 - - [31/May/2021:09:29:29 +0800] "GET /xingrg/dwr/engine.js HTTP/1.1" 200 43631
222.70.177.128 - - [31/May/2021:09:29:30 +0800] "POST /xingrg/dwr/call/plaincall/AjaxQqpsService.loadMaterielItems.dwr HTTP/1.1" 200 76
116.230.114.112 - - [31/May/2021:09:29:31 +0800] "GET /xingrg/kc/buy/cgsh_order_operate.html?command=get_materiel&rest_code=00146&code=00101008264&supplier_code=00100005&order_time=2021-05-31 HTTP/1.1" 200 412
116.224.253.72 - - [31/May/2021:09:29:33 +0800] "GET /xingrg/all/function/internal_message.html?_=1622424572290&CODE_STATE=getMsg HTTP/1.1" 200 27
116.230.110.80 - - [31/May/2021:09:29:36 +0800] "GET /xingrg/kc/buy/cgsh_order_operate.html?command=get_materiel&rest_code=00155&code=00101008358&supplier_code=00100005&order_time=2021-05-31 HTTP/1.1" 200 412
116.233.72.146 - - [31/May/2021:09:29:36 +0800] "GET /xingrg/kc/buy/cgsh_order_operate.html?command=get_materiel&rest_code=00109&code=00101031006&supplier_code=00100240&order_time=2021-05-31 HTTP/1.1" 200 417
116.235.222.38 - - [31/May/2021:09:29:38 +0800] "GET /xingrg/all/function/internal_message.html?_=1622424576377&CODE_STATE=getMsg HTTP/1.1" 200 27
116.230.114.112 - - [31/May/2021:09:29:43 +0800] "GET /xingrg/kc/buy/cgsh_order_operate.html?command=get_materiel&rest_code=00146&code=00101008356&supplier_code=00100005&order_time=2021-05-31 HTTP/1.1" 200 408
61.165.42.208 - - [31/May/2021:09:29:44 +0800] "GET /xingrg/all/function/internal_message.html?_=1622424583667&CODE_STATE=getMsg HTTP/1.1" 200 27
116.233.72.146 - - [31/May/2021:09:29:45 +0800] "POST /xingrg/kc/buy/cgsh_order_operate.html HTTP/1.1" 200 37
116.233.72.146 - - [31/May/2021:09:29:46 +0800] "POST /xingrg/kc/buy/cgsh_order_operate.html HTTP/1.1" 200 2660
116.233.72.146 - - [31/May/2021:09:29:47 +0800] "GET /xingrg/kc/print/load_config.html?kc_code=cgsh HTTP/1.1" 200 1845
116.233.72.146 - - [31/May/2021:09:29:47 +0800] "GET /xingrg/kc/print/load_data.html?order_code=212021053114041&kc_code=cgsh&condition= HTTP/1.1" 200 647
180.161.111.4 - - [31/May/2021:09:29:49 +0800] "GET /xingrg/all/function/internal_message.html?_=1622424587658&CODE_STATE=getMsg HTTP/1.1" 200 27
222.70.177.128 - - [31/May/2021:09:29:49 +0800] "GET /xingrg/all/function/internal_message.html?_=1622424587754&CODE_STATE=getMsg HTTP/1.1" 200 27
116.233.72.146 - - [31/May/2021:09:29:51 +0800] "GET /xingrg/kc/buy/cgsh_order_add.html HTTP/1.1" 200 62306
116.233.72.146 - - [31/May/2021:09:29:51 +0800] "POST /xingrg/kc/buy/cgsh_order_operate.html HTTP/1.1" 200 8245
116.233.72.146 - - [31/May/2021:09:29:51 +0800] "GET /xingrg/all/common/auto_word.html?type=employee&rest_code=00109 HTTP/1.1" 200 155
116.233.72.146 - - [31/May/2021:09:29:51 +0800] "GET /xingrg/all/common/auto_word.html?type=employee&rest_code=00109 HTTP/1.1" 200 155
116.233.72.146 - - [31/May/2021:09:29:51 +0800] "GET /xingrg/javascript/easyui/themes/default/validatebox.css HTTP/1.1" 404 1104
116.230.114.112 - - [31/May/2021:09:29:51 +0800] "GET /xingrg/kc/buy/cgsh_order_operate.html?command=get_materiel&rest_code=00146&code=00101008212&supplier_code=00100005&order_time=2021-05-31 HTTP/1.1" 200 412
116.230.110.80 - - [31/May/2021:09:29:51 +0800] "GET /xingrg/kc/buy/cgsh_order_operate.html?command=get_materiel&rest_code=00155&code=00101008477&supplier_code=00100005&order_time=2021-05-31 HTTP/1.1" 200 408
114.83.217.136 - - [31/May/2021:09:29:54 +0800] "GET /xingrg/kc/buy/cgsh_order_operate.html?command=get_materiel&rest_code=00154&code=00101008352&supplier_code=00100417&order_time=2021-05-31 HTTP/1.1" 200 412
116.230.110.80 - - [31/May/2021:09:29:58 +0800] "GET /xingrg/kc/buy/cgsh_order_operate.html?command=get_materiel&rest_code=00155&code=00101008087&supplier_code=00100005&order_time=2021-05-31 HTTP/1.1" 200 412
116.230.110.80 - - [31/May/2021:09:29:59 +0800] "GET /xingrg/all/function/internal_message.html?_=1622424596859&CODE_STATE=getMsg HTTP/1.1" 200 27
116.230.114.112 - - [31/May/2021:09:30:01 +0800] "GET /xingrg/kc/buy/cgsh_order_operate.html?command=get_materiel&rest_code=00146&code=00101008205&supplier_code=00100005&order_time=2021-05-31 HTTP/1.1" 200 412
222.69.130.24 - - [31/May/2021:09:30:02 +0800] "GET /xingrg/kc/buy/cgsh_order_operate.html?command=get_materiel&rest_code=00149&code=00101008149&supplier_code=00100005&order_time=2021-05-31 HTTP/1.1" 200 408
117.185.32.26 - - [31/May/2021:09:30:03 +0800] "GET /xingrg/check_reg.html?_=1622424602576 HTTP/1.1" 200 22
116.230.110.80 - - [31/May/2021:09:30:04 +0800] "GET /xingrg/kc/buy/cgsh_order_operate.html?command=get_materiel&rest_code=00155&code=00101008356&supplier_code=00100005&order_time=2021-05-31 HTTP/1.1" 200 408
120.253.135.82 - - [31/May/2021:09:30:05 +0800] "GET /xingrg/check_reg.html?_=1622424644705 HTTP/1.1" 200 22
183.192.164.214 - - [31/May/2021:09:30:07 +0800] "GET /xingrg/all/function/internal_message.html?_=1622424546991&CODE_STATE=getMsg HTTP/1.1" 302 -
116.233.72.146 - - [31/May/2021:09:30:07 +0800] "GET /xingrg/kc/buy/cgsh_order_operate.html?command=get_materiel&rest_code=00109&code=00101007081&supplier_code=00100004&order_time=2021-05-31 HTTP/1.1" 200 433
117.185.32.26 - - [31/May/2021:09:30:07 +0800] "GET /xingrg/all/function/internal_message.html?_=1622424606973&CODE_STATE=getMsg HTTP/1.1" 200 27
114.83.217.136 - - [31/May/2021:09:30:07 +0800] "GET /xingrg/all/function/internal_message.html?_=1622424608586&CODE_STATE=getMsg HTTP/1.1" 200 27
114.83.217.136 - - [31/May/2021:09:30:07 +0800] "GET /xingrg/check_reg.html?_=1622424608591 HTTP/1.1" 200 22
183.192.164.214 - - [31/May/2021:09:30:08 +0800] "GET /xingrg/login.html HTTP/1.1" 200 7641
222.69.130.24 - - [31/May/2021:09:30:08 +0800] "GET /xingrg/all/function/internal_message.html?_=1622424607813&CODE_STATE=getMsg HTTP/1.1" 200 27
222.69.130.24 - - [31/May/2021:09:30:08 +0800] "GET /xingrg/check_reg.html?_=1622424607908 HTTP/1.1" 200 22
61.151.178.175 - - [31/May/2021:09:30:09 +0800] "GET /xingrg/all/function/internal_message.html?_=1622424550216&CODE_STATE=getMsg HTTP/1.1" 302 -
58.37.225.51 - - [31/May/2021:09:30:09 +0800] "GET /xingrg/all/function/internal_message.html?_=1622424610220&CODE_STATE=getMsg HTTP/1.1" 200 27
58.37.225.51 - - [31/May/2021:09:30:09 +0800] "GET /xingrg/check_reg.html?_=1622424610223 HTTP/1.1" 200 22
61.151.178.175 - - [31/May/2021:09:30:10 +0800] "GET /xingrg/login.html HTTP/1.1" 200 7641
116.230.110.80 - - [31/May/2021:09:30:10 +0800] "GET /xingrg/kc/buy/cgsh_order_operate.html?command=get_materiel&rest_code=00155&code=00101008270&supplier_code=00100005&order_time=2021-05-31 HTTP/1.1" 200 412
116.230.114.112 - - [31/May/2021:09:30:11 +0800] "GET /xingrg/kc/buy/cgsh_order_operate.html?command=get_materiel&rest_code=00146&code=00101008196&supplier_code=00100005&order_time=2021-05-31 HTTP/1.1" 200 416
101.85.94.178 - - [31/May/2021:09:30:12 +0800] "POST /xingrg/login.do HTTP/1.1" 302 -
101.85.94.178 - - [31/May/2021:09:30:13 +0800] "GET /xingrg/javascript/jquery_easy_ui/themes/icon.css HTTP/1.1" 200 3949
101.85.94.178 - - [31/May/2021:09:30:13 +0800] "GET /xingrg/css/form.css HTTP/1.1" 200 893
101.85.94.178 - - [31/May/2021:09:30:13 +0800] "GET /xingrg/index.html?sysBaseUrl=http%3A%2F%2F180.169.147.146%3A18081%2Fxingrg%2F&costTime=39×tamp=1622424612978 HTTP/1.1" 200 17179
101.85.94.178 - - [31/May/2021:09:30:13 +0800] "GET /xingrg/javascript/jquery_easy_ui/themes/default/easyui.css HTTP/1.1" 200 26500
101.85.94.178 - - [31/May/2021:09:30:13 +0800] "GET /xingrg/javascript/jquery_easy_ui/easyui-lang-zh_CN.js HTTP/1.1" 200 1900
101.85.94.178 - - [31/May/2021:09:30:13 +0800] "GET /xingrg/javascript/jquery-1.4.2.min.js HTTP/1.1" 200 72205
101.85.94.178 - - [31/May/2021:09:30:13 +0800] "GET /xingrg/javascript/jquery_easy_ui/jquery.easyui.min.js HTTP/1.1" 200 213662
101.85.94.178 - - [31/May/2021:09:30:13 +0800] "GET /xingrg/javascript/jquery.form.js HTTP/1.1" 200 23110
101.85.94.178 - - [31/May/2021:09:30:13 +0800] "GET /xingrg/javascript/jquery.timers.js HTTP/1.1" 200 3532
101.85.94.178 - - [31/May/2021:09:30:13 +0800] "GET /xingrg/javascript/jquery.utils.js HTTP/1.1" 200 11805
101.85.94.178 - - [31/May/2021:09:30:13 +0800] "GET /favicon.ico HTTP/1.1" 404 -
