222.70.177.128 - - [31/May/2021:09:16:27 +0800] "GET /xingrg/kc/buy/cgsh_order_operate.html?command=get_materiel&rest_code=00111&code=00101008357&supplier_code=00100005&order_time=2021-05-31 HTTP/1.1" 200 408
116.224.253.72 - - [31/May/2021:09:16:27 +0800] "GET /xingrg/check_reg.html?_=1622423792699 HTTP/1.1" 200 22
116.224.253.72 - - [31/May/2021:09:16:28 +0800] "GET /xingrg/all/function/internal_message.html?_=1622423793234&CODE_STATE=getMsg HTTP/1.1" 200 27
114.86.187.76 - - [31/May/2021:09:16:29 +0800] "GET /xingrg/kc/buy/cgsh_order_operate.html?command=get_materiel&rest_code=00148&code=00101008286&supplier_code=00100007&order_time=2021-05-31 HTTP/1.1" 200 408
116.224.253.72 - - [31/May/2021:09:16:33 +0800] "GET /xingrg/all/function/internal_message.html?_=1622423793086&CODE_STATE=getMsg HTTP/1.1" 200 27
114.86.187.76 - - [31/May/2021:09:16:34 +0800] "GET /xingrg/kc/buy/cgsh_order_operate.html?command=get_materiel&rest_code=00148&code=00101008004&supplier_code=00100007&order_time=2021-05-31 HTTP/1.1" 200 416
116.235.222.38 - - [31/May/2021:09:16:36 +0800] "GET /xingrg/check_reg.html?_=1622423794245 HTTP/1.1" 200 22
116.235.222.38 - - [31/May/2021:09:16:38 +0800] "GET /xingrg/all/function/internal_message.html?_=1622423796639&CODE_STATE=getMsg HTTP/1.1" 200 27
222.70.177.128 - - [31/May/2021:09:16:39 +0800] "GET /xingrg/kc/buy/cgsh_order_operate.html?command=get_materiel&rest_code=00111&code=00101008286&supplier_code=00100005&order_time=2021-05-31 HTTP/1.1" 200 408
114.86.187.76 - - [31/May/2021:09:16:42 +0800] "GET /xingrg/kc/buy/cgsh_order_operate.html?command=get_materiel&rest_code=00148&code=00101008323&supplier_code=00100007&order_time=2021-05-31 HTTP/1.1" 200 408
116.230.114.112 - - [31/May/2021:09:16:42 +0800] "GET /xingrg/kc/buy/cgsh_order_list.html HTTP/1.1" 200 46533
116.230.117.165 - - [31/May/2021:09:16:43 +0800] "POST /xingrg/services/DataTransmitService HTTP/1.1" 200 524
61.165.42.208 - - [31/May/2021:09:16:44 +0800] "GET /xingrg/all/function/internal_message.html?_=1622423803643&CODE_STATE=getMsg HTTP/1.1" 200 27
116.224.253.72 - - [31/May/2021:09:16:45 +0800] "POST /xingrg/kc/buy/cgsh_order_operate.html HTTP/1.1" 200 37
222.69.130.24 - - [31/May/2021:09:16:47 +0800] "POST /xingrg/services/DataTransmitService HTTP/1.1" 200 524
116.230.117.165 - - [31/May/2021:09:16:47 +0800] "POST /xingrg/services/DataTransmitService HTTP/1.1" 200 501
222.69.130.24 - - [31/May/2021:09:16:47 +0800] "POST /xingrg/services/DataTransmitService HTTP/1.1" 200 1979
222.69.130.24 - - [31/May/2021:09:16:47 +0800] "POST /xingrg/services/DataTransmitService HTTP/1.1" 200 133871
116.224.253.72 - - [31/May/2021:09:16:48 +0800] "POST /xingrg/kc/buy/cgsh_order_operate.html HTTP/1.1" 200 12
116.230.114.112 - - [31/May/2021:09:16:48 +0800] "POST /xingrg/kc/buy/cgsh_list_operate.html HTTP/1.1" 200 2409
116.224.253.72 - - [31/May/2021:09:16:48 +0800] "GET /xingrg/kc/buy/cgsh_order_info.html?code=212021053113996 HTTP/1.1" 200 57091
116.224.253.72 - - [31/May/2021:09:16:49 +0800] "GET /xingrg/javascript/easyui/themes/default/validatebox.css HTTP/1.1" 404 1104
180.161.111.4 - - [31/May/2021:09:16:49 +0800] "GET /xingrg/check_reg.html?_=1622423807664 HTTP/1.1" 200 22
180.161.111.4 - - [31/May/2021:09:16:49 +0800] "GET /xingrg/all/function/internal_message.html?_=1622423807663&CODE_STATE=getMsg HTTP/1.1" 200 27
222.70.177.128 - - [31/May/2021:09:16:49 +0800] "GET /xingrg/all/function/internal_message.html?_=1622423807731&CODE_STATE=getMsg HTTP/1.1" 200 27
116.224.253.72 - - [31/May/2021:09:16:49 +0800] "POST /xingrg/kc/buy/cgsh_order_operate.html HTTP/1.1" 200 4762
116.224.253.72 - - [31/May/2021:09:16:50 +0800] "GET /xingrg/kc/print/load_data.html?order_code=212021053113996&kc_code=cgsh&condition= HTTP/1.1" 200 2294
116.230.117.165 - - [31/May/2021:09:16:50 +0800] "POST /xingrg/services/DataTransmitService HTTP/1.1" 200 524
222.70.177.128 - - [31/May/2021:09:16:50 +0800] "GET /xingrg/kc/buy/cgsh_order_operate.html?command=get_materiel&rest_code=00111&code=00101008036&supplier_code=00100005&order_time=2021-05-31 HTTP/1.1" 200 408
116.230.117.165 - - [31/May/2021:09:16:52 +0800] "POST /xingrg/services/DataTransmitService HTTP/1.1" 200 501
114.86.187.76 - - [31/May/2021:09:16:53 +0800] "GET /xingrg/kc/buy/cgsh_order_operate.html?command=get_materiel&rest_code=00148&code=00101008132&supplier_code=00100007&order_time=2021-05-31 HTTP/1.1" 200 408
116.230.117.165 - - [31/May/2021:09:16:54 +0800] "POST /xingrg/services/DataTransmitService HTTP/1.1" 200 524
116.230.114.112 - - [31/May/2021:09:16:57 +0800] "POST /xingrg/kc/buy/cgsh_list_operate.html HTTP/1.1" 200 342
116.230.117.165 - - [31/May/2021:09:16:58 +0800] "POST /xingrg/services/DataTransmitService HTTP/1.1" 200 501
116.230.117.165 - - [31/May/2021:09:16:59 +0800] "POST /xingrg/services/DataTransmitService HTTP/1.1" 200 501
114.86.187.76 - - [31/May/2021:09:16:59 +0800] "GET /xingrg/kc/buy/cgsh_order_operate.html?command=get_materiel&rest_code=00148&code=00101008350&supplier_code=00100007&order_time=2021-05-31 HTTP/1.1" 200 408
116.230.110.80 - - [31/May/2021:09:16:59 +0800] "GET /xingrg/all/function/internal_message.html?_=1622423816845&CODE_STATE=getMsg HTTP/1.1" 200 27
114.83.217.136 - - [31/May/2021:09:16:59 +0800] "GET /xingrg/kc/buy/cgsh_order_operate.html?command=get_materiel&rest_code=00154&code=00101008313&supplier_code=00100417&order_time=2021-05-31 HTTP/1.1" 200 413
116.230.114.112 - - [31/May/2021:09:16:59 +0800] "POST /xingrg/kc/buy/cgsh_list_operate.html HTTP/1.1" 200 489
116.230.117.165 - - [31/May/2021:09:17:01 +0800] "POST /xingrg/services/DataTransmitService HTTP/1.1" 200 501
116.230.114.112 - - [31/May/2021:09:17:01 +0800] "GET /xingrg/kc/buy/cgsh_order_add.html HTTP/1.1" 200 62271
116.230.114.112 - - [31/May/2021:09:17:01 +0800] "POST /xingrg/kc/buy/cgsh_order_operate.html HTTP/1.1" 200 8245
116.230.114.112 - - [31/May/2021:09:17:01 +0800] "GET /xingrg/javascript/easyui/themes/default/validatebox.css HTTP/1.1" 404 1104
116.233.72.146 - - [31/May/2021:09:17:02 +0800] "GET /xingrg/kc/buy/cgsh_order_operate.html?command=get_materiel&rest_code=00109&code=00101008244&supplier_code=00100005&order_time=2021-05-31 HTTP/1.1" 200 408
116.230.117.165 - - [31/May/2021:09:17:03 +0800] "POST /xingrg/services/DataTransmitService HTTP/1.1" 200 501
116.230.117.165 - - [31/May/2021:09:17:03 +0800] "POST /xingrg/services/DataTransmitService HTTP/1.1" 200 501
116.230.117.165 - - [31/May/2021:09:17:04 +0800] "POST /xingrg/services/DataTransmitService HTTP/1.1" 200 501
116.230.117.165 - - [31/May/2021:09:17:04 +0800] "POST /xingrg/services/DataTransmitService HTTP/1.1" 200 501
116.230.117.165 - - [31/May/2021:09:17:04 +0800] "POST /xingrg/services/DataTransmitService HTTP/1.1" 200 501
116.233.72.146 - - [31/May/2021:09:17:04 +0800] "POST /xingrg/kc/buy/cgsh_order_operate.html HTTP/1.1" 200 2065
116.230.117.165 - - [31/May/2021:09:17:04 +0800] "POST /xingrg/services/DataTransmitService HTTP/1.1" 200 501
114.86.187.76 - - [31/May/2021:09:17:05 +0800] "GET /xingrg/kc/buy/cgsh_order_operate.html?command=get_materiel&rest_code=00148&code=00101008603&supplier_code=00100007&order_time=2021-05-31 HTTP/1.1" 200 395
222.70.177.128 - - [31/May/2021:09:17:05 +0800] "POST /xingrg/kc/buy/cgsh_order_operate.html HTTP/1.1" 200 2065
116.230.117.165 - - [31/May/2021:09:17:07 +0800] "POST /xingrg/services/DataTransmitService HTTP/1.1" 200 412
114.83.217.136 - - [31/May/2021:09:17:07 +0800] "GET /xingrg/all/function/internal_message.html?_=1622423828577&CODE_STATE=getMsg HTTP/1.1" 200 27
117.185.32.26 - - [31/May/2021:09:17:07 +0800] "GET /xingrg/all/function/internal_message.html?_=1622423827271&CODE_STATE=getMsg HTTP/1.1" 200 27
120.204.17.68 - - [31/May/2021:09:17:07 +0800] "GET /xingrg/all/function/internal_message.html?_=1622423767297&CODE_STATE=getMsg HTTP/1.1" 302 -
120.204.17.68 - - [31/May/2021:09:17:08 +0800] "GET /xingrg/login.html HTTP/1.1" 200 7641
180.161.111.4 - - [31/May/2021:09:17:08 +0800] "GET /xingrg/all/function/internal_message.html?_=1622423787717&CODE_STATE=getMsg HTTP/1.1" 200 27
222.69.130.24 - - [31/May/2021:09:17:08 +0800] "GET /xingrg/all/function/internal_message.html?_=1622423827860&CODE_STATE=getMsg HTTP/1.1" 200 27
116.233.72.146 - - [31/May/2021:09:17:09 +0800] "GET /xingrg/kc/buy/cgsh_order_operate.html?command=get_materiel&rest_code=00109&code=00101008107&supplier_code=00100005&order_time=2021-05-31 HTTP/1.1" 200 412
58.37.225.51 - - [31/May/2021:09:17:09 +0800] "GET /xingrg/all/function/internal_message.html?_=1622423830179&CODE_STATE=getMsg HTTP/1.1" 200 27
114.86.187.76 - - [31/May/2021:09:17:13 +0800] "GET /xingrg/kc/buy/cgsh_order_operate.html?command=get_materiel&rest_code=00148&code=00101008224&supplier_code=00100007&order_time=2021-05-31 HTTP/1.1" 200 416
222.70.177.128 - - [31/May/2021:09:17:14 +0800] "GET /xingrg/kc/buy/cgsh_order_operate.html?command=get_materiel&rest_code=00111&code=00101008318&supplier_code=00100005&order_time=2021-05-31 HTTP/1.1" 200 408
180.169.147.146 - - [31/May/2021:09:17:16 +0800] "GET /xingrg/check_reg.html?_=1622423835474 HTTP/1.1" 200 22
116.230.114.112 - - [31/May/2021:09:17:17 +0800] "GET /xingrg/all/function/internal_message.html?_=1622423838085&CODE_STATE=getMsg HTTP/1.1" 200 27
116.233.72.146 - - [31/May/2021:09:17:17 +0800] "POST /xingrg/kc/buy/cgsh_order_operate.html HTTP/1.1" 200 37
116.233.72.146 - - [31/May/2021:09:17:19 +0800] "POST /xingrg/kc/buy/cgsh_order_operate.html HTTP/1.1" 200 19794
116.233.72.146 - - [31/May/2021:09:17:20 +0800] "GET /xingrg/all/function/internal_message.html?_=1622423839272&CODE_STATE=getMsg HTTP/1.1" 200 27
120.253.135.82 - - [31/May/2021:09:17:21 +0800] "GET /xingrg/all/function/internal_message.html?_=1622423881057&CODE_STATE=getMsg HTTP/1.1" 200 27
114.86.187.76 - - [31/May/2021:09:17:22 +0800] "GET /xingrg/all/function/internal_message.html?_=1622423842659&CODE_STATE=getMsg HTTP/1.1" 200 27
222.70.177.128 - - [31/May/2021:09:17:23 +0800] "GET /xingrg/kc/buy/cgsh_order_operate.html?command=get_materiel&rest_code=00111&code=00101008352&supplier_code=00100005&order_time=2021-05-31 HTTP/1.1" 200 412
116.224.253.72 - - [31/May/2021:09:17:28 +0800] "GET /xingrg/all/function/internal_message.html?_=1622423853248&CODE_STATE=getMsg HTTP/1.1" 200 27
116.230.114.112 - - [31/May/2021:09:17:28 +0800] "POST /xingrg/kc/buy/cgsh_list_operate.html HTTP/1.1" 200 2409
114.86.187.76 - - [31/May/2021:09:17:28 +0800] "GET /xingrg/kc/buy/cgsh_order_operate.html?command=get_materiel&rest_code=00148&code=00101008131&supplier_code=00100007&order_time=2021-05-31 HTTP/1.1" 200 408
116.230.114.112 - - [31/May/2021:09:17:32 +0800] "GET /xingrg/kc/buy/cgsh_order_add.html HTTP/1.1" 200 62271
116.230.114.112 - - [31/May/2021:09:17:32 +0800] "POST /xingrg/kc/buy/cgsh_order_operate.html HTTP/1.1" 200 8245
116.230.114.112 - - [31/May/2021:09:17:32 +0800] "GET /xingrg/javascript/easyui/themes/default/validatebox.css HTTP/1.1" 404 1104
116.233.72.146 - - [31/May/2021:09:17:32 +0800] "POST /xingrg/kc/buy/cgsh_order_operate.html HTTP/1.1" 200 37
116.224.253.72 - - [31/May/2021:09:17:33 +0800] "GET /xingrg/all/function/internal_message.html?_=1622423853094&CODE_STATE=getMsg HTTP/1.1" 200 27
114.86.187.76 - - [31/May/2021:09:17:34 +0800] "GET /xingrg/kc/buy/cgsh_order_operate.html?command=get_materiel&rest_code=00148&code=00101008359&supplier_code=00100007&order_time=2021-05-31 HTTP/1.1" 200 408
116.233.72.146 - - [31/May/2021:09:17:34 +0800] "POST /xingrg/kc/buy/cgsh_order_operate.html HTTP/1.1" 200 19794
222.70.177.128 - - [31/May/2021:09:17:35 +0800] "GET /xingrg/kc/buy/cgsh_order_operate.html?command=get_materiel&rest_code=00111&code=00101008271&supplier_code=00100005&order_time=2021-05-31 HTTP/1.1" 200 408
116.235.222.38 - - [31/May/2021:09:17:38 +0800] "GET /xingrg/all/function/internal_message.html?_=1622423856609&CODE_STATE=getMsg HTTP/1.1" 200 27
114.86.187.76 - - [31/May/2021:09:17:39 +0800] "GET /xingrg/kc/buy/cgsh_order_operate.html?command=get_materiel&rest_code=00148&code=00101008213&supplier_code=00100007&order_time=2021-05-31 HTTP/1.1" 200 412
114.83.217.136 - - [31/May/2021:09:17:40 +0800] "GET /xingrg/kc/buy/cgsh_order_operate.html?command=get_materiel&rest_code=00154&code=00101008149&supplier_code=00100417&order_time=2021-05-31 HTTP/1.1" 200 408
116.224.253.72 - - [31/May/2021:09:17:42 +0800] "GET /xingrg/kc/buy/cgsh_order_list.html HTTP/1.1" 200 46533
116.224.253.72 - - [31/May/2021:09:17:44 +0800] "POST /xingrg/kc/buy/cgsh_list_operate.html HTTP/1.1" 200 1708
114.86.187.76 - - [31/May/2021:09:17:44 +0800] "GET /xingrg/kc/buy/cgsh_order_operate.html?command=get_materiel&rest_code=00148&code=00101008185&supplier_code=00100007&order_time=2021-05-31 HTTP/1.1" 200 408
61.165.42.208 - - [31/May/2021:09:17:44 +0800] "GET /xingrg/check_reg.html?_=1622423863636 HTTP/1.1" 200 22
61.165.42.208 - - [31/May/2021:09:17:44 +0800] "GET /xingrg/all/function/internal_message.html?_=1622423863639&CODE_STATE=getMsg HTTP/1.1" 200 27
116.230.114.112 - - [31/May/2021:09:17:45 +0800] "GET /xingrg/kc/buy/cgsh_order_operate.html?command=get_materiel&rest_code=00146&code=00101012025&supplier_code=00100033&order_time=2021-05-31 HTTP/1.1" 200 412
180.161.111.4 - - [31/May/2021:09:17:49 +0800] "GET /xingrg/all/function/internal_message.html?_=1622423867661&CODE_STATE=getMsg HTTP/1.1" 200 27
222.70.177.128 - - [31/May/2021:09:17:49 +0800] "GET /xingrg/all/function/internal_message.html?_=1622423867724&CODE_STATE=getMsg HTTP/1.1" 200 27
222.70.177.128 - - [31/May/2021:09:17:49 +0800] "GET /xingrg/kc/buy/cgsh_order_operate.html?command=get_materiel&rest_code=00111&code=00101008353&supplier_code=00100005&order_time=2021-05-31 HTTP/1.1" 200 408
114.86.187.76 - - [31/May/2021:09:17:50 +0800] "GET /xingrg/kc/buy/cgsh_order_operate.html?command=get_materiel&rest_code=00148&code=00101008283&supplier_code=00100007&order_time=2021-05-31 HTTP/1.1" 200 408
116.230.114.112 - - [31/May/2021:09:17:57 +0800] "GET /xingrg/kc/buy/cgsh_order_operate.html?command=get_materiel&rest_code=00146&code=00101011003&supplier_code=00100033&order_time=2021-05-31 HTTP/1.1" 200 413
222.70.177.128 - - [31/May/2021:09:17:58 +0800] "GET /xingrg/kc/buy/cgsh_order_operate.html?command=get_materiel&rest_code=00111&code=00101008312&supplier_code=00100005&order_time=2021-05-31 HTTP/1.1" 200 412
116.230.110.80 - - [31/May/2021:09:17:59 +0800] "GET /xingrg/all/function/internal_message.html?_=1622423876829&CODE_STATE=getMsg HTTP/1.1" 200 27
180.161.111.4 - - [31/May/2021:09:18:07 +0800] "GET /xingrg/check_reg.html?_=1622423846942 HTTP/1.1" 200 22
114.83.217.136 - - [31/May/2021:09:18:07 +0800] "GET /xingrg/all/function/internal_message.html?_=1622423888585&CODE_STATE=getMsg HTTP/1.1" 200 27
116.224.253.72 - - [31/May/2021:09:18:07 +0800] "POST /xingrg/kc/buy/cgsh_list_operate.html HTTP/1.1" 200 561
222.70.177.128 - - [31/May/2021:09:18:07 +0800] "POST /xingrg/kc/buy/cgsh_order_operate.html HTTP/1.1" 200 2065
117.185.32.26 - - [31/May/2021:09:18:07 +0800] "GET /xingrg/all/function/internal_message.html?_=1622423887240&CODE_STATE=getMsg HTTP/1.1" 200 27
180.161.111.4 - - [31/May/2021:09:18:08 +0800] "GET /xingrg/all/function/internal_message.html?_=1622423847730&CODE_STATE=getMsg HTTP/1.1" 200 27
116.224.253.72 - - [31/May/2021:09:18:08 +0800] "GET /xingrg/kc/buy/cgsh_order_info.html?code=212021053113994 HTTP/1.1" 200 62210
116.224.253.72 - - [31/May/2021:09:18:08 +0800] "GET /xingrg/javascript/easyui/themes/default/validatebox.css HTTP/1.1" 404 1104
222.69.130.24 - - [31/May/2021:09:18:08 +0800] "GET /xingrg/all/function/internal_message.html?_=1622423887869&CODE_STATE=getMsg HTTP/1.1" 200 27
116.224.253.72 - - [31/May/2021:09:18:09 +0800] "POST /xingrg/kc/buy/cgsh_order_operate.html HTTP/1.1" 200 31580
58.37.225.51 - - [31/May/2021:09:18:09 +0800] "GET /xingrg/all/function/internal_message.html?_=1622423890183&CODE_STATE=getMsg HTTP/1.1" 200 27
116.230.114.112 - - [31/May/2021:09:18:17 +0800] "GET /xingrg/all/function/internal_message.html?_=1622423898098&CODE_STATE=getMsg HTTP/1.1" 200 27
116.233.72.146 - - [31/May/2021:09:18:20 +0800] "GET /xingrg/all/function/internal_message.html?_=1622423899275&CODE_STATE=getMsg HTTP/1.1" 200 27
116.233.72.146 - - [31/May/2021:09:18:20 +0800] "GET /xingrg/check_reg.html?_=1622423899276 HTTP/1.1" 200 22
120.253.135.82 - - [31/May/2021:09:18:21 +0800] "GET /xingrg/all/function/internal_message.html?_=1622423941062&CODE_STATE=getMsg HTTP/1.1" 200 27
114.86.187.76 - - [31/May/2021:09:18:22 +0800] "GET /xingrg/all/function/internal_message.html?_=1622423902679&CODE_STATE=getMsg HTTP/1.1" 200 27
180.169.147.146 - - [31/May/2021:09:18:23 +0800] "GET /xingrg/check_reg.html?_=1622423902184 HTTP/1.1" 302 -
116.230.114.112 - - [31/May/2021:09:18:23 +0800] "GET /xingrg/kc/buy/cgsh_order_operate.html?command=get_materiel&rest_code=00146&code=00101016025&supplier_code=00100033&order_time=2021-05-31 HTTP/1.1" 200 408
58.221.95.50 - - [31/May/2021:09:18:23 +0800] "GET /xingrg/check_reg.html?_=1622423902371 HTTP/1.1" 302 -
114.86.187.76 - - [31/May/2021:09:18:26 +0800] "GET /xingrg/kc/buy/cgsh_order_operate.html?command=get_materiel&rest_code=00148&code=00101008105&supplier_code=00100007&order_time=2021-05-31 HTTP/1.1" 200 412
114.83.217.136 - - [31/May/2021:09:18:26 +0800] "GET /xingrg/kc/buy/cgsh_order_operate.html?command=get_materiel&rest_code=00154&code=00101008361&supplier_code=00100417&order_time=2021-05-31 HTTP/1.1" 200 408
116.224.253.72 - - [31/May/2021:09:18:28 +0800] "GET /xingrg/all/function/internal_message.html?_=1622423913261&CODE_STATE=getMsg HTTP/1.1" 200 27
114.86.187.76 - - [31/May/2021:09:18:28 +0800] "POST /xingrg/kc/buy/cgsh_order_operate.html HTTP/1.1" 200 2065
222.70.177.128 - - [31/May/2021:09:18:29 +0800] "GET /xingrg/kc/buy/cgsh_order_operate.html?command=get_materiel&rest_code=00111&code=00101008109&supplier_code=00100005&order_time=2021-05-31 HTTP/1.1" 200 413
116.233.72.146 - - [31/May/2021:09:18:33 +0800] "GET /xingrg/kc/buy/cgsh_order_operate.html?command=get_materiel&rest_code=00109&code=00101008010&supplier_code=00100005&order_time=2021-05-31 HTTP/1.1" 200 412
116.230.114.112 - - [31/May/2021:09:18:33 +0800] "GET /xingrg/kc/buy/cgsh_order_operate.html?command=get_materiel&rest_code=00146&code=00101012070&supplier_code=00100033&order_time=2021-05-31 HTTP/1.1" 200 398
116.224.253.72 - - [31/May/2021:09:18:33 +0800] "GET /xingrg/all/function/internal_message.html?_=1622423913090&CODE_STATE=getMsg HTTP/1.1" 200 27
114.86.187.76 - - [31/May/2021:09:18:34 +0800] "GET /xingrg/kc/buy/cgsh_order_operate.html?command=get_materiel&rest_code=00148&code=00101009011&supplier_code=00100007&order_time=2021-05-31 HTTP/1.1" 200 416
222.70.177.128 - - [31/May/2021:09:18:37 +0800] "GET /xingrg/kc/buy/cgsh_order_operate.html?command=get_materiel&rest_code=00111&code=00101008101&supplier_code=00100005&order_time=2021-05-31 HTTP/1.1" 200 412
116.235.222.38 - - [31/May/2021:09:18:38 +0800] "GET /xingrg/all/function/internal_message.html?_=1622423916594&CODE_STATE=getMsg HTTP/1.1" 200 27
61.165.42.208 - - [31/May/2021:09:18:44 +0800] "GET /xingrg/all/function/internal_message.html?_=1622423923652&CODE_STATE=getMsg HTTP/1.1" 200 27
116.233.72.146 - - [31/May/2021:09:18:45 +0800] "GET /xingrg/kc/buy/cgsh_order_operate.html?command=get_materiel&rest_code=00109&code=00101008351&supplier_code=00100005&order_time=2021-05-31 HTTP/1.1" 200 408
180.161.111.4 - - [31/May/2021:09:18:49 +0800] "GET /xingrg/all/function/internal_message.html?_=1622423927660&CODE_STATE=getMsg HTTP/1.1" 200 27
222.70.177.128 - - [31/May/2021:09:18:49 +0800] "GET /xingrg/all/function/internal_message.html?_=1622423927733&CODE_STATE=getMsg HTTP/1.1" 200 27
114.83.217.136 - - [31/May/2021:09:18:51 +0800] "GET /xingrg/kc/buy/cgsh_order_operate.html?command=get_materiel&rest_code=00154&code=00101008283&supplier_code=00100417&order_time=2021-05-31 HTTP/1.1" 200 408
116.233.72.146 - - [31/May/2021:09:18:52 +0800] "GET /xingrg/kc/buy/cgsh_order_operate.html?command=get_materiel&rest_code=00109&code=00101008313&supplier_code=00100005&order_time=2021-05-31 HTTP/1.1" 200 412
114.86.187.76 - - [31/May/2021:09:18:55 +0800] "GET /xingrg/kc/buy/cgsh_order_operate.html?command=get_materiel&rest_code=00148&code=00101008176&supplier_code=00100007&order_time=2021-05-31 HTTP/1.1" 200 413
116.233.72.146 - - [31/May/2021:09:18:58 +0800] "GET /xingrg/kc/buy/cgsh_order_operate.html?command=get_materiel&rest_code=00109&code=00101008358&supplier_code=00100005&order_time=2021-05-31 HTTP/1.1" 200 412
116.230.110.80 - - [31/May/2021:09:18:59 +0800] "GET /xingrg/all/function/internal_message.html?_=1622423936836&CODE_STATE=getMsg HTTP/1.1" 200 27
116.233.72.146 - - [31/May/2021:09:19:00 +0800] "POST /xingrg/kc/buy/cgsh_order_operate.html HTTP/1.1" 200 2065
114.83.217.136 - - [31/May/2021:09:19:03 +0800] "POST /xingrg/kc/buy/cgsh_order_operate.html HTTP/1.1" 200 37
114.86.187.76 - - [31/May/2021:09:19:04 +0800] "GET /xingrg/kc/buy/cgsh_order_operate.html?command=get_materiel&rest_code=00148&code=00101008358&supplier_code=00100007&order_time=2021-05-31 HTTP/1.1" 200 412
116.233.72.146 - - [31/May/2021:09:19:05 +0800] "GET /xingrg/kc/buy/cgsh_order_operate.html?command=get_materiel&rest_code=00109&code=00101008264&supplier_code=00100005&order_time=2021-05-31 HTTP/1.1" 200 412
116.230.114.112 - - [31/May/2021:09:19:06 +0800] "GET /xingrg/kc/buy/cgsh_order_operate.html?command=get_materiel&rest_code=00146&code=00101016080&supplier_code=00100033&order_time=2021-05-31 HTTP/1.1" 200 408
114.83.217.136 - - [31/May/2021:09:19:07 +0800] "GET /xingrg/all/function/internal_message.html?_=1622423948578&CODE_STATE=getMsg HTTP/1.1" 200 27
117.185.32.26 - - [31/May/2021:09:19:07 +0800] "GET /xingrg/all/function/internal_message.html?_=1622423947211&CODE_STATE=getMsg HTTP/1.1" 200 27
114.83.217.136 - - [31/May/2021:09:19:07 +0800] "POST /xingrg/kc/buy/cgsh_order_operate.html HTTP/1.1" 200 12
222.69.130.24 - - [31/May/2021:09:19:08 +0800] "GET /xingrg/all/function/internal_message.html?_=1622423947865&CODE_STATE=getMsg HTTP/1.1" 200 27
114.83.217.136 - - [31/May/2021:09:19:08 +0800] "GET /xingrg/kc/buy/cgsh_order_info.html?code=212021053114031 HTTP/1.1" 200 56291
114.83.217.136 - - [31/May/2021:09:19:09 +0800] "GET /xingrg/javascript/easyui/themes/default/validatebox.css HTTP/1.1" 404 1104
114.83.217.136 - - [31/May/2021:09:19:09 +0800] "POST /xingrg/kc/buy/cgsh_order_operate.html HTTP/1.1" 200 5300
58.37.225.51 - - [31/May/2021:09:19:09 +0800] "GET /xingrg/all/function/internal_message.html?_=1622423950195&CODE_STATE=getMsg HTTP/1.1" 200 27
222.70.177.128 - - [31/May/2021:09:19:11 +0800] "GET /xingrg/kc/buy/cgsh_order_operate.html?command=get_materiel&rest_code=00111&code=00101008323&supplier_code=00100005&order_time=2021-05-31 HTTP/1.1" 200 408
114.83.217.136 - - [31/May/2021:09:19:11 +0800] "GET /xingrg/kc/print/load_data.html?order_code=212021053114031&kc_code=cgsh&condition= HTTP/1.1" 200 2468
114.86.187.76 - - [31/May/2021:09:19:11 +0800] "GET /xingrg/kc/buy/cgsh_order_operate.html?command=get_materiel&rest_code=00148&code=00101008126&supplier_code=00100007&order_time=2021-05-31 HTTP/1.1" 200 412
116.224.253.72 - - [31/May/2021:09:19:12 +0800] "GET /xingrg/javascript/auto/indicator.gif HTTP/1.1" 404 1066
116.230.114.112 - - [31/May/2021:09:19:17 +0800] "GET /xingrg/check_reg.html?_=1622423957783 HTTP/1.1" 200 22
116.230.114.112 - - [31/May/2021:09:19:17 +0800] "GET /xingrg/all/function/internal_message.html?_=1622423958111&CODE_STATE=getMsg HTTP/1.1" 200 27
114.86.187.76 - - [31/May/2021:09:19:18 +0800] "GET /xingrg/kc/buy/cgsh_order_operate.html?command=get_materiel&rest_code=00148&code=00101008144&supplier_code=00100007&order_time=2021-05-31 HTTP/1.1" 200 412
116.233.72.146 - - [31/May/2021:09:19:20 +0800] "GET /xingrg/all/function/internal_message.html?_=1622423959278&CODE_STATE=getMsg HTTP/1.1" 200 27
114.86.187.76 - - [31/May/2021:09:19:20 +0800] "POST /xingrg/kc/buy/cgsh_order_operate.html HTTP/1.1" 200 2065
222.70.177.128 - - [31/May/2021:09:19:21 +0800] "POST /xingrg/kc/buy/cgsh_order_operate.html HTTP/1.1" 200 2065
120.253.135.82 - - [31/May/2021:09:19:21 +0800] "GET /xingrg/all/function/internal_message.html?_=1622424001085&CODE_STATE=getMsg HTTP/1.1" 200 27
114.86.187.76 - - [31/May/2021:09:19:22 +0800] "GET /xingrg/all/function/internal_message.html?_=1622423962656&CODE_STATE=getMsg HTTP/1.1" 200 27
114.86.187.76 - - [31/May/2021:09:19:26 +0800] "GET /xingrg/kc/buy/cgsh_order_operate.html?command=get_materiel&rest_code=00148&code=00101008205&supplier_code=00100007&order_time=2021-05-31 HTTP/1.1" 200 412
222.70.177.128 - - [31/May/2021:09:19:27 +0800] "GET /xingrg/kc/buy/cgsh_order_operate.html?command=get_materiel&rest_code=00111&code=00101008155&supplier_code=00100005&order_time=2021-05-31 HTTP/1.1" 200 408
116.224.253.72 - - [31/May/2021:09:19:28 +0800] "GET /xingrg/all/function/internal_message.html?_=1622423973358&CODE_STATE=getMsg HTTP/1.1" 200 27
116.224.253.72 - - [31/May/2021:09:19:33 +0800] "GET /xingrg/all/function/internal_message.html?_=1622423973104&CODE_STATE=getMsg HTTP/1.1" 200 27
114.86.187.76 - - [31/May/2021:09:19:35 +0800] "GET /xingrg/kc/buy/cgsh_order_operate.html?command=get_materiel&rest_code=00148&code=00101008270&supplier_code=00100007&order_time=2021-05-31 HTTP/1.1" 200 412
222.70.177.128 - - [31/May/2021:09:19:38 +0800] "GET /xingrg/kc/buy/cgsh_order_operate.html?command=get_materiel&rest_code=00111&code=00101008168&supplier_code=00100005&order_time=2021-05-31 HTTP/1.1" 200 413
116.235.222.38 - - [31/May/2021:09:19:38 +0800] "GET /xingrg/all/function/internal_message.html?_=1622423976579&CODE_STATE=getMsg HTTP/1.1" 200 27
114.86.187.76 - - [31/May/2021:09:19:43 +0800] "GET /xingrg/kc/buy/cgsh_order_operate.html?command=get_materiel&rest_code=00148&code=00101008098&supplier_code=00100007&order_time=2021-05-31 HTTP/1.1" 200 412
114.83.217.136 - - [31/May/2021:09:19:44 +0800] "GET /xingrg/kc/buy/cgsh_order_add.html HTTP/1.1" 200 61386
61.165.42.208 - - [31/May/2021:09:19:44 +0800] "GET /xingrg/all/function/internal_message.html?_=1622423983641&CODE_STATE=getMsg HTTP/1.1" 200 27
114.83.217.136 - - [31/May/2021:09:19:44 +0800] "POST /xingrg/kc/buy/cgsh_order_operate.html HTTP/1.1" 200 8245
114.83.217.136 - - [31/May/2021:09:19:45 +0800] "GET /xingrg/javascript/easyui/themes/default/validatebox.css HTTP/1.1" 404 1104
116.230.114.112 - - [31/May/2021:09:19:45 +0800] "GET /xingrg/kc/buy/cgsh_order_operate.html?command=get_materiel&rest_code=00146&code=00101011001&supplier_code=00100033&order_time=2021-05-31 HTTP/1.1" 200 423
180.161.111.4 - - [31/May/2021:09:19:49 +0800] "GET /xingrg/all/function/internal_message.html?_=1622423987666&CODE_STATE=getMsg HTTP/1.1" 200 27
222.70.177.128 - - [31/May/2021:09:19:49 +0800] "GET /xingrg/all/function/internal_message.html?_=1622423987726&CODE_STATE=getMsg HTTP/1.1" 200 27
114.86.187.76 - - [31/May/2021:09:19:51 +0800] "GET /xingrg/kc/buy/cgsh_order_operate.html?command=get_materiel&rest_code=00148&code=00101020138&supplier_code=00100007&order_time=2021-05-31 HTTP/1.1" 200 426
222.70.177.128 - - [31/May/2021:09:19:57 +0800] "GET /xingrg/kc/buy/cgsh_order_operate.html?command=get_materiel&rest_code=00111&code=00101008165&supplier_code=00100005&order_time=2021-05-31 HTTP/1.1" 200 416
116.230.110.80 - - [31/May/2021:09:19:59 +0800] "GET /xingrg/all/function/internal_message.html?_=1622423996831&CODE_STATE=getMsg HTTP/1.1" 200 27
116.230.110.80 - - [31/May/2021:09:19:59 +0800] "GET /xingrg/check_reg.html?_=1622423996941 HTTP/1.1" 200 22
117.185.32.26 - - [31/May/2021:09:20:03 +0800] "GET /xingrg/check_reg.html?_=1622424002547 HTTP/1.1" 200 22
116.233.72.146 - - [31/May/2021:09:20:03 +0800] "GET /xingrg/kc/buy/cgsh_order_operate.html?command=get_materiel&rest_code=00109&code=00101008300&supplier_code=00100005&order_time=2021-05-31 HTTP/1.1" 200 412
116.230.114.112 - - [31/May/2021:09:20:04 +0800] "GET /xingrg/kc/buy/cgsh_order_operate.html?command=get_materiel&rest_code=00146&code=00101011007&supplier_code=00100033&order_time=2021-05-31 HTTP/1.1" 200 414
120.253.135.82 - - [31/May/2021:09:20:05 +0800] "GET /xingrg/check_reg.html?_=1622424044694 HTTP/1.1" 200 22
114.83.217.136 - - [31/May/2021:09:20:07 +0800] "GET /xingrg/all/function/internal_message.html?_=1622424008586&CODE_STATE=getMsg HTTP/1.1" 200 27
114.83.217.136 - - [31/May/2021:09:20:07 +0800] "GET /xingrg/check_reg.html?_=1622424008609 HTTP/1.1" 200 22
117.185.32.26 - - [31/May/2021:09:20:07 +0800] "GET /xingrg/all/function/internal_message.html?_=1622424007194&CODE_STATE=getMsg HTTP/1.1" 200 27
222.69.130.24 - - [31/May/2021:09:20:08 +0800] "GET /xingrg/all/function/internal_message.html?_=1622424007873&CODE_STATE=getMsg HTTP/1.1" 200 27
222.69.130.24 - - [31/May/2021:09:20:08 +0800] "GET /xingrg/check_reg.html?_=1622424007873 HTTP/1.1" 200 22
61.151.178.180 - - [31/May/2021:09:20:09 +0800] "GET /xingrg/all/function/internal_message.html?_=1622423950195&CODE_STATE=getMsg HTTP/1.1" 302 -
58.37.225.51 - - [31/May/2021:09:20:09 +0800] "GET /xingrg/check_reg.html?_=1622424010190 HTTP/1.1" 200 22
58.37.225.51 - - [31/May/2021:09:20:09 +0800] "GET /xingrg/all/function/internal_message.html?_=1622424010188&CODE_STATE=getMsg HTTP/1.1" 200 27
61.151.178.180 - - [31/May/2021:09:20:10 +0800] "GET /xingrg/login.html HTTP/1.1" 200 7641
222.69.130.24 - - [31/May/2021:09:20:12 +0800] "GET /xingrg/kc/buy/cgsh_order_operate.html?command=get_materiel&rest_code=00149&code=00101002027&supplier_code=00100039&order_time=2021-05-31 HTTP/1.1" 200 434
114.83.217.136 - - [31/May/2021:09:20:12 +0800] "GET /xingrg/kc/buy/cgsh_order_operate.html?command=get_materiel&rest_code=00154&code=00101008205&supplier_code=00100417&order_time=2021-05-31 HTTP/1.1" 200 412
116.230.114.112 - - [31/May/2021:09:20:17 +0800] "GET /xingrg/all/function/internal_message.html?_=1622424018125&CODE_STATE=getMsg HTTP/1.1" 200 27
116.230.114.112 - - [31/May/2021:09:20:19 +0800] "GET /xingrg/kc/buy/cgsh_order_operate.html?command=get_materiel&rest_code=00146&code=00101016057&supplier_code=00100033&order_time=2021-05-31 HTTP/1.1" 200 408
116.233.72.146 - - [31/May/2021:09:20:20 +0800] "GET /xingrg/all/function/internal_message.html?_=1622424019281&CODE_STATE=getMsg HTTP/1.1" 200 27
120.253.135.82 - - [31/May/2021:09:20:21 +0800] "GET /xingrg/all/function/internal_message.html?_=1622424061089&CODE_STATE=getMsg HTTP/1.1" 200 27
114.86.187.76 - - [31/May/2021:09:20:22 +0800] "GET /xingrg/all/function/internal_message.html?_=1622424022671&CODE_STATE=getMsg HTTP/1.1" 200 27
222.69.130.24 - - [31/May/2021:09:20:27 +0800] "GET /xingrg/kc/buy/cgsh_order_operate.html?command=get_materiel&rest_code=00149&code=00101002022&supplier_code=00100039&order_time=2021-05-31 HTTP/1.1" 200 409
116.224.253.72 - - [31/May/2021:09:20:28 +0800] "GET /xingrg/all/function/internal_message.html?_=1622424033367&CODE_STATE=getMsg HTTP/1.1" 200 27
114.86.187.76 - - [31/May/2021:09:20:33 +0800] "POST /xingrg/kc/buy/cgsh_order_operate.html HTTP/1.1" 200 37
116.224.253.72 - - [31/May/2021:09:20:33 +0800] "GET /xingrg/check_reg.html?_=1622424033093 HTTP/1.1" 200 22
116.224.253.72 - - [31/May/2021:09:20:33 +0800] "GET /xingrg/all/function/internal_message.html?_=1622424033098&CODE_STATE=getMsg HTTP/1.1" 200 27
222.69.130.24 - - [31/May/2021:09:20:38 +0800] "GET /xingrg/kc/buy/cgsh_order_operate.html?command=get_materiel&rest_code=00149&code=00101001075&supplier_code=00100039&order_time=2021-05-31 HTTP/1.1" 200 409
116.235.222.38 - - [31/May/2021:09:20:38 +0800] "GET /xingrg/all/function/internal_message.html?_=1622424036558&CODE_STATE=getMsg HTTP/1.1" 200 27
114.86.187.76 - - [31/May/2021:09:20:39 +0800] "POST /xingrg/kc/buy/cgsh_order_operate.html HTTP/1.1" 200 18631
116.230.114.112 - - [31/May/2021:09:20:41 +0800] "POST /xingrg/kc/buy/cgsh_order_operate.html HTTP/1.1" 200 37
222.70.177.128 - - [31/May/2021:09:20:41 +0800] "GET /xingrg/kc/buy/cgsh_order_operate.html?command=get_materiel&rest_code=00111&code=00101008236&supplier_code=00100005&order_time=2021-05-31 HTTP/1.1" 200 416
116.230.114.112 - - [31/May/2021:09:20:42 +0800] "POST /xingrg/kc/buy/cgsh_order_operate.html HTTP/1.1" 200 7386
61.165.42.208 - - [31/May/2021:09:20:44 +0800] "GET /xingrg/all/function/internal_message.html?_=1622424043646&CODE_STATE=getMsg HTTP/1.1" 200 27
116.230.114.112 - - [31/May/2021:09:20:45 +0800] "GET /xingrg/kc/print/load_data.html?order_code=212021053114033&kc_code=cgsh&condition= HTTP/1.1" 200 2515
222.70.177.128 - - [31/May/2021:09:20:46 +0800] "POST /xingrg/kc/buy/cgsh_order_operate.html HTTP/1.1" 200 2065
180.161.111.4 - - [31/May/2021:09:20:49 +0800] "GET /xingrg/all/function/internal_message.html?_=1622424047664&CODE_STATE=getMsg HTTP/1.1" 200 27
222.70.177.128 - - [31/May/2021:09:20:49 +0800] "GET /xingrg/all/function/internal_message.html?_=1622424047742&CODE_STATE=getMsg HTTP/1.1" 200 27
222.70.177.128 - - [31/May/2021:09:20:49 +0800] "GET /xingrg/check_reg.html?_=1622424047747 HTTP/1.1" 200 22
222.69.130.24 - - [31/May/2021:09:20:52 +0800] "GET /xingrg/kc/buy/cgsh_order_operate.html?command=get_materiel&rest_code=00149&code=00101001060&supplier_code=00100039&order_time=2021-05-31 HTTP/1.1" 200 421
116.230.110.80 - - [31/May/2021:09:20:59 +0800] "GET /xingrg/all/function/internal_message.html?_=1622424056845&CODE_STATE=getMsg HTTP/1.1" 200 27
183.192.164.214 - - [31/May/2021:09:21:02 +0800] "GET /xingrg/check_reg.html?_=1622424002547 HTTP/1.1" 302 -
183.192.164.214 - - [31/May/2021:09:21:03 +0800] "GET /xingrg/login.html HTTP/1.1" 200 7641
114.83.217.136 - - [31/May/2021:09:21:07 +0800] "GET /xingrg/all/function/internal_message.html?_=1622424068587&CODE_STATE=getMsg HTTP/1.1" 200 27
117.185.32.26 - - [31/May/2021:09:21:07 +0800] "GET /xingrg/all/function/internal_message.html?_=1622424067164&CODE_STATE=getMsg HTTP/1.1" 200 27
222.69.130.24 - - [31/May/2021:09:21:08 +0800] "GET /xingrg/all/function/internal_message.html?_=1622424067885&CODE_STATE=getMsg HTTP/1.1" 200 27
58.37.225.51 - - [31/May/2021:09:21:09 +0800] "GET /xingrg/all/function/internal_message.html?_=1622424070192&CODE_STATE=getMsg HTTP/1.1" 200 27
222.70.177.128 - - [31/May/2021:09:21:11 +0800] "GET /xingrg/kc/buy/cgsh_order_operate.html?command=get_materiel&rest_code=00111&code=00101008223&supplier_code=00100005&order_time=2021-05-31 HTTP/1.1" 200 412
114.86.187.76 - - [31/May/2021:09:21:14 +0800] "GET /xingrg/kc/print/load_data.html?order_code=212021053114032&kc_code=cgsh&condition= HTTP/1.1" 200 6751
116.233.72.146 - - [31/May/2021:09:21:16 +0800] "GET /xingrg/kc/buy/cgsh_order_operate.html?command=get_materiel&rest_code=00109&code=00101008415&supplier_code=00100005&order_time=2021-05-31 HTTP/1.1" 200 398
116.230.114.112 - - [31/May/2021:09:21:17 +0800] "GET /xingrg/all/function/internal_message.html?_=1622424078232&CODE_STATE=getMsg HTTP/1.1" 200 27
116.233.72.146 - - [31/May/2021:09:21:20 +0800] "GET /xingrg/all/function/internal_message.html?_=1622424079283&CODE_STATE=getMsg HTTP/1.1" 200 27
116.224.253.72 - - [31/May/2021:09:21:21 +0800] "GET /xingrg/kc/buy/cgsh_order_operate.html?command=get_materiel&rest_code=00150&code=00101008173&supplier_code=00100007&order_time=2021-05-31 HTTP/1.1" 200 412
120.253.135.82 - - [31/May/2021:09:21:21 +0800] "GET /xingrg/all/function/internal_message.html?_=1622424121104&CODE_STATE=getMsg HTTP/1.1" 200 27
114.86.187.76 - - [31/May/2021:09:21:22 +0800] "GET /xingrg/check_reg.html?_=1622424082670 HTTP/1.1" 200 22
114.86.187.76 - - [31/May/2021:09:21:22 +0800] "GET /xingrg/all/function/internal_message.html?_=1622424082672&CODE_STATE=getMsg HTTP/1.1" 200 27
222.69.130.24 - - [31/May/2021:09:21:25 +0800] "POST /xingrg/kc/buy/cgsh_order_operate.html HTTP/1.1" 200 37
116.233.72.146 - - [31/May/2021:09:21:25 +0800] "GET /xingrg/kc/buy/cgsh_order_operate.html?command=get_materiel&rest_code=00109&code=00101008357&supplier_code=00100005&order_time=2021-05-31 HTTP/1.1" 200 408
116.224.253.72 - - [31/May/2021:09:21:27 +0800] "GET /xingrg/check_reg.html?_=1622424092791 HTTP/1.1" 200 22
116.224.253.72 - - [31/May/2021:09:21:28 +0800] "GET /xingrg/all/function/internal_message.html?_=1622424093380&CODE_STATE=getMsg HTTP/1.1" 200 27
222.69.130.24 - - [31/May/2021:09:21:31 +0800] "POST /xingrg/kc/buy/cgsh_order_operate.html HTTP/1.1" 200 12
222.69.130.24 - - [31/May/2021:09:21:33 +0800] "GET /xingrg/kc/buy/cgsh_order_info.html?code=212021053114034 HTTP/1.1" 200 57220
222.69.130.24 - - [31/May/2021:09:21:33 +0800] "GET /xingrg/javascript/easyui/themes/default/validatebox.css HTTP/1.1" 404 1104
222.69.130.24 - - [31/May/2021:09:21:33 +0800] "POST /xingrg/kc/buy/cgsh_order_operate.html HTTP/1.1" 200 1795
116.224.253.72 - - [31/May/2021:09:21:33 +0800] "GET /xingrg/all/function/internal_message.html?_=1622424093097&CODE_STATE=getMsg HTTP/1.1" 200 27
116.233.72.146 - - [31/May/2021:09:21:35 +0800] "GET /xingrg/kc/buy/cgsh_order_operate.html?command=get_materiel&rest_code=00109&code=00101008286&supplier_code=00100005&order_time=2021-05-31 HTTP/1.1" 200 408
116.235.222.38 - - [31/May/2021:09:21:36 +0800] "GET /xingrg/check_reg.html?_=1622424094263 HTTP/1.1" 200 22
222.69.130.24 - - [31/May/2021:09:21:37 +0800] "GET /xingrg/kc/print/load_data.html?order_code=212021053114034&kc_code=cgsh&condition= HTTP/1.1" 200 1177
116.233.72.146 - - [31/May/2021:09:21:37 +0800] "POST /xingrg/kc/buy/cgsh_order_operate.html HTTP/1.1" 200 2065
116.235.222.38 - - [31/May/2021:09:21:38 +0800] "GET /xingrg/all/function/internal_message.html?_=1622424096528&CODE_STATE=getMsg HTTP/1.1" 200 27
116.230.114.112 - - [31/May/2021:09:21:41 +0800] "POST /xingrg/kc/buy/cgsh_order_operate.html HTTP/1.1" 200 37
116.233.72.146 - - [31/May/2021:09:21:43 +0800] "GET /xingrg/kc/buy/cgsh_order_operate.html?command=get_materiel&rest_code=00109&code=00101008131&supplier_code=00100005&order_time=2021-05-31 HTTP/1.1" 200 408
61.165.42.208 - - [31/May/2021:09:21:44 +0800] "GET /xingrg/all/function/internal_message.html?_=1622424103639&CODE_STATE=getMsg HTTP/1.1" 200 27
116.230.114.112 - - [31/May/2021:09:21:45 +0800] "POST /xingrg/kc/buy/cgsh_order_operate.html HTTP/1.1" 200 7386
116.230.114.112 - - [31/May/2021:09:21:46 +0800] "GET /xingrg/kc/buy/cgsh_order_add.html HTTP/1.1" 200 62271
116.230.114.112 - - [31/May/2021:09:21:47 +0800] "POST /xingrg/kc/buy/cgsh_order_operate.html HTTP/1.1" 200 8245
116.230.114.112 - - [31/May/2021:09:21:47 +0800] "GET /xingrg/javascript/easyui/themes/default/validatebox.css HTTP/1.1" 404 1104
180.161.111.4 - - [31/May/2021:09:21:49 +0800] "GET /xingrg/check_reg.html?_=1622424107663 HTTP/1.1" 200 22
180.161.111.4 - - [31/May/2021:09:21:49 +0800] "GET /xingrg/all/function/internal_message.html?_=1622424107664&CODE_STATE=getMsg HTTP/1.1" 200 27
222.70.177.128 - - [31/May/2021:09:21:49 +0800] "GET /xingrg/all/function/internal_message.html?_=1622424107731&CODE_STATE=getMsg HTTP/1.1" 200 27
116.233.72.146 - - [31/May/2021:09:21:50 +0800] "GET /xingrg/kc/buy/cgsh_order_operate.html?command=get_materiel&rest_code=00109&code=00101008306&supplier_code=00100005&order_time=2021-05-31 HTTP/1.1" 200 412
222.69.130.24 - - [31/May/2021:09:21:53 +0800] "GET /xingrg/kc/buy/cgsh_order_add.html HTTP/1.1" 200 62318
222.69.130.24 - - [31/May/2021:09:21:53 +0800] "POST /xingrg/kc/buy/cgsh_order_operate.html HTTP/1.1" 200 8245
222.69.130.24 - - [31/May/2021:09:21:53 +0800] "GET /xingrg/javascript/easyui/themes/default/validatebox.css HTTP/1.1" 404 1104
222.70.177.128 - - [31/May/2021:09:21:54 +0800] "GET /xingrg/kc/buy/cgsh_order_operate.html?command=get_materiel&rest_code=00111&code=00101008095&supplier_code=00100005&order_time=2021-05-31 HTTP/1.1" 200 412
116.233.72.146 - - [31/May/2021:09:21:57 +0800] "GET /xingrg/kc/buy/cgsh_order_operate.html?command=get_materiel&rest_code=00109&code=00101008208&supplier_code=00100005&order_time=2021-05-31 HTTP/1.1" 200 409
222.70.177.128 - - [31/May/2021:09:21:58 +0800] "POST /xingrg/kc/buy/cgsh_order_operate.html HTTP/1.1" 200 2065
116.230.110.80 - - [31/May/2021:09:21:59 +0800] "GET /xingrg/all/function/internal_message.html?_=1622424116847&CODE_STATE=getMsg HTTP/1.1" 200 27
116.230.114.112 - - [31/May/2021:09:22:00 +0800] "GET /xingrg/kc/buy/cgsh_order_operate.html?command=get_materiel&rest_code=00146&code=00101010161&supplier_code=00100041&order_time=2021-05-31 HTTP/1.1" 200 409
116.233.72.146 - - [31/May/2021:09:22:05 +0800] "GET /xingrg/kc/buy/cgsh_order_operate.html?command=get_materiel&rest_code=00109&code=00101008502&supplier_code=00100005&order_time=2021-05-31 HTTP/1.1" 200 398
114.83.217.136 - - [31/May/2021:09:22:07 +0800] "GET /xingrg/all/function/internal_message.html?_=1622424128586&CODE_STATE=getMsg HTTP/1.1" 200 27
117.185.32.26 - - [31/May/2021:09:22:07 +0800] "GET /xingrg/all/function/internal_message.html?_=1622424127138&CODE_STATE=getMsg HTTP/1.1" 200 27
222.69.130.24 - - [31/May/2021:09:22:08 +0800] "GET /xingrg/all/function/internal_message.html?_=1622424127885&CODE_STATE=getMsg HTTP/1.1" 200 27
58.37.225.51 - - [31/May/2021:09:22:09 +0800] "GET /xingrg/all/function/internal_message.html?_=1622424130195&CODE_STATE=getMsg HTTP/1.1" 200 27
116.233.72.146 - - [31/May/2021:09:22:11 +0800] "GET /xingrg/kc/buy/cgsh_order_operate.html?command=get_materiel&rest_code=00109&code=00101008125&supplier_code=00100005&order_time=2021-05-31 HTTP/1.1" 200 413
222.69.130.24 - - [31/May/2021:09:22:11 +0800] "GET /xingrg/kc/buy/cgsh_order_operate.html?command=get_materiel&rest_code=00149&code=00101004033&supplier_code=00100083&order_time=2021-05-31 HTTP/1.1" 200 439
116.230.114.112 - - [31/May/2021:09:22:14 +0800] "GET /xingrg/kc/buy/cgsh_order_operate.html?command=get_materiel&rest_code=00146&code=00101018019&supplier_code=00100041&order_time=2021-05-31 HTTP/1.1" 200 421
116.233.72.146 - - [31/May/2021:09:22:15 +0800] "POST /xingrg/kc/buy/cgsh_order_operate.html HTTP/1.1" 200 2065
180.169.147.146 - - [31/May/2021:09:22:16 +0800] "GET /xingrg/check_reg.html?_=1622424135498 HTTP/1.1" 200 22
116.230.114.112 - - [31/May/2021:09:22:17 +0800] "GET /xingrg/all/function/internal_message.html?_=1622424138318&CODE_STATE=getMsg HTTP/1.1" 200 27
116.233.72.146 - - [31/May/2021:09:22:20 +0800] "GET /xingrg/all/function/internal_message.html?_=1622424139289&CODE_STATE=getMsg HTTP/1.1" 200 27
116.233.72.146 - - [31/May/2021:09:22:20 +0800] "GET /xingrg/kc/buy/cgsh_order_operate.html?command=get_materiel&rest_code=00109&code=00101008350&supplier_code=00100005&order_time=2021-05-31 HTTP/1.1" 200 408
222.69.130.24 - - [31/May/2021:09:22:20 +0800] "GET /xingrg/kc/buy/cgsh_order_operate.html?command=get_materiel&rest_code=00149&code=00101008521&supplier_code=00100083&order_time=2021-05-31 HTTP/1.1" 200 395
120.253.135.82 - - [31/May/2021:09:22:21 +0800] "GET /xingrg/all/function/internal_message.html?_=1622424181125&CODE_STATE=getMsg HTTP/1.1" 200 27
114.86.187.76 - - [31/May/2021:09:22:22 +0800] "GET /xingrg/all/function/internal_message.html?_=1622424142672&CODE_STATE=getMsg HTTP/1.1" 200 27
116.233.72.146 - - [31/May/2021:09:22:25 +0800] "GET /xingrg/kc/buy/cgsh_order_operate.html?command=get_materiel&rest_code=00109&code=00101008223&supplier_code=00100005&order_time=2021-05-31 HTTP/1.1" 200 412
222.69.130.24 - - [31/May/2021:09:22:26 +0800] "GET /xingrg/kc/buy/cgsh_order_operate.html?command=get_materiel&rest_code=00149&code=00101004067&supplier_code=00100083&order_time=2021-05-31 HTTP/1.1" 200 433
116.224.253.72 - - [31/May/2021:09:22:28 +0800] "GET /xingrg/all/function/internal_message.html?_=1622424153393&CODE_STATE=getMsg HTTP/1.1" 200 27
222.70.177.128 - - [31/May/2021:09:22:29 +0800] "POST /xingrg/kc/buy/cgsh_order_operate.html HTTP/1.1" 200 37
116.224.253.72 - - [31/May/2021:09:22:31 +0800] "POST /xingrg/kc/buy/cgsh_order_operate.html HTTP/1.1" 200 37
222.70.177.128 - - [31/May/2021:09:22:31 +0800] "POST /xingrg/kc/buy/cgsh_order_operate.html HTTP/1.1" 200 34583
116.233.72.146 - - [31/May/2021:09:22:32 +0800] "GET /xingrg/kc/buy/cgsh_order_operate.html?command=get_materiel&rest_code=00109&code=00101008168&supplier_code=00100005&order_time=2021-05-31 HTTP/1.1" 200 413
116.224.253.72 - - [31/May/2021:09:22:33 +0800] "POST /xingrg/kc/buy/cgsh_order_operate.html HTTP/1.1" 200 12
222.70.177.128 - - [31/May/2021:09:22:33 +0800] "GET /xingrg/kc/print/load_data.html?order_code=212021053114035&kc_code=cgsh&condition= HTTP/1.1" 200 12772
116.224.253.72 - - [31/May/2021:09:22:34 +0800] "GET /xingrg/kc/buy/cgsh_order_info.html?code=212021053113994 HTTP/1.1" 200 57103
222.69.130.24 - - [31/May/2021:09:22:35 +0800] "GET /xingrg/kc/buy/cgsh_order_operate.html?command=get_materiel&rest_code=00149&code=00101004048&supplier_code=00100083&order_time=2021-05-31 HTTP/1.1" 200 419
116.224.253.72 - - [31/May/2021:09:22:35 +0800] "GET /xingrg/javascript/easyui/themes/default/validatebox.css HTTP/1.1" 404 1104
116.224.253.72 - - [31/May/2021:09:22:36 +0800] "POST /xingrg/kc/buy/cgsh_order_operate.html HTTP/1.1" 200 30119
116.224.253.72 - - [31/May/2021:09:22:38 +0800] "GET /xingrg/kc/print/load_data.html?order_code=212021053113994&kc_code=cgsh&condition= HTTP/1.1" 200 11902
116.230.114.112 - - [31/May/2021:09:22:38 +0800] "GET /xingrg/kc/buy/cgsh_order_operate.html?command=get_materiel&rest_code=00146&code=00101001032&supplier_code=00100041&order_time=2021-05-31 HTTP/1.1" 200 413
116.235.222.38 - - [31/May/2021:09:22:38 +0800] "GET /xingrg/all/function/internal_message.html?_=1622424156513&CODE_STATE=getMsg HTTP/1.1" 200 27
222.70.177.128 - - [31/May/2021:09:22:44 +0800] "GET /xingrg/kc/buy/cgsh_order_add.html HTTP/1.1" 200 62265
222.70.177.128 - - [31/May/2021:09:22:44 +0800] "POST /xingrg/kc/buy/cgsh_order_operate.html HTTP/1.1" 200 8245
222.70.177.128 - - [31/May/2021:09:22:44 +0800] "GET /xingrg/javascript/easyui/themes/default/validatebox.css HTTP/1.1" 404 1104
61.165.42.208 - - [31/May/2021:09:22:44 +0800] "GET /xingrg/check_reg.html?_=1622424163641 HTTP/1.1" 200 22
61.165.42.208 - - [31/May/2021:09:22:44 +0800] "GET /xingrg/all/function/internal_message.html?_=1622424163642&CODE_STATE=getMsg HTTP/1.1" 200 27
116.233.72.146 - - [31/May/2021:09:22:45 +0800] "GET /xingrg/kc/buy/cgsh_order_operate.html?command=get_materiel&rest_code=00109&code=00101015044&supplier_code=00100005&order_time=2021-05-31 HTTP/1.1" 200 408
222.69.130.24 - - [31/May/2021:09:22:47 +0800] "GET /xingrg/kc/buy/cgsh_order_operate.html?command=get_materiel&rest_code=00149&code=00101004071&supplier_code=00100083&order_time=2021-05-31 HTTP/1.1" 200 409
116.230.114.112 - - [31/May/2021:09:22:48 +0800] "GET /xingrg/kc/buy/cgsh_order_operate.html?command=get_materiel&rest_code=00146&code=00101005037&supplier_code=00100041&order_time=2021-05-31 HTTP/1.1" 200 409
180.161.111.4 - - [31/May/2021:09:22:49 +0800] "GET /xingrg/all/function/internal_message.html?_=1622424167661&CODE_STATE=getMsg HTTP/1.1" 200 27
222.70.177.128 - - [31/May/2021:09:22:49 +0800] "GET /xingrg/all/function/internal_message.html?_=1622424167737&CODE_STATE=getMsg HTTP/1.1" 200 27
116.233.72.146 - - [31/May/2021:09:22:51 +0800] "GET /xingrg/kc/buy/cgsh_order_operate.html?command=get_materiel&rest_code=00109&code=00101015065&supplier_code=00100005&order_time=2021-05-31 HTTP/1.1" 200 413
222.69.130.24 - - [31/May/2021:09:22:57 +0800] "POST /xingrg/kc/buy/cgsh_order_operate.html HTTP/1.1" 200 37
116.233.72.146 - - [31/May/2021:09:22:58 +0800] "POST /xingrg/kc/buy/cgsh_order_operate.html HTTP/1.1" 200 2065
116.230.114.112 - - [31/May/2021:09:22:58 +0800] "GET /xingrg/kc/buy/cgsh_order_operate.html?command=get_materiel&rest_code=00146&code=00101005036&supplier_code=00100041&order_time=2021-05-31 HTTP/1.1" 200 409
116.230.110.80 - - [31/May/2021:09:22:59 +0800] "GET /xingrg/all/function/internal_message.html?_=1622424176829&CODE_STATE=getMsg HTTP/1.1" 200 27
116.233.72.146 - - [31/May/2021:09:23:02 +0800] "GET /xingrg/kc/buy/cgsh_order_operate.html?command=get_materiel&rest_code=00109&code=00101008350&supplier_code=00100005&order_time=2021-05-31 HTTP/1.1" 200 408
222.69.130.24 - - [31/May/2021:09:23:04 +0800] "POST /xingrg/kc/buy/cgsh_order_operate.html HTTP/1.1" 200 12
222.70.177.128 - - [31/May/2021:09:23:06 +0800] "GET /xingrg/kc/buy/cgsh_order_operate.html?command=get_materiel&rest_code=00111&code=00101002027&supplier_code=00100199&order_time=2021-05-31 HTTP/1.1" 200 434
114.83.217.136 - - [31/May/2021:09:23:07 +0800] "GET /xingrg/all/function/internal_message.html?_=1622424188586&CODE_STATE=getMsg HTTP/1.1" 200 27
117.185.32.26 - - [31/May/2021:09:23:07 +0800] "GET /xingrg/all/function/internal_message.html?_=1622424187136&CODE_STATE=getMsg HTTP/1.1" 200 27
116.233.72.146 - - [31/May/2021:09:23:09 +0800] "GET /xingrg/kc/buy/cgsh_order_operate.html?command=get_materiel&rest_code=00109&code=00101008357&supplier_code=00100005&order_time=2021-05-31 HTTP/1.1" 200 408
58.37.225.51 - - [31/May/2021:09:23:09 +0800] "GET /xingrg/all/function/internal_message.html?_=1622424190197&CODE_STATE=getMsg HTTP/1.1" 200 27
222.69.130.24 - - [31/May/2021:09:23:10 +0800] "GET /xingrg/kc/buy/cgsh_order_info.html?code=212021053114036 HTTP/1.1" 200 57218
222.69.130.24 - - [31/May/2021:09:23:10 +0800] "GET /xingrg/javascript/easyui/themes/default/validatebox.css HTTP/1.1" 404 1104
222.69.130.24 - - [31/May/2021:09:23:11 +0800] "POST /xingrg/kc/buy/cgsh_order_operate.html HTTP/1.1" 200 1817
116.230.114.112 - - [31/May/2021:09:23:11 +0800] "GET /xingrg/kc/buy/cgsh_order_operate.html?command=get_materiel&rest_code=00146&code=00101001075&supplier_code=00100041&order_time=2021-05-31 HTTP/1.1" 200 409
222.69.130.24 - - [31/May/2021:09:23:14 +0800] "GET /xingrg/kc/print/load_data.html?order_code=212021053114036&kc_code=cgsh&condition= HTTP/1.1" 200 1193
116.233.72.146 - - [31/May/2021:09:23:15 +0800] "GET /xingrg/kc/buy/cgsh_order_operate.html?command=get_materiel&rest_code=00109&code=00101015070&supplier_code=00100005&order_time=2021-05-31 HTTP/1.1" 200 413
116.230.114.112 - - [31/May/2021:09:23:17 +0800] "GET /xingrg/all/function/internal_message.html?_=1622424198322&CODE_STATE=getMsg HTTP/1.1" 200 27
