116.235.222.38 - - [31/May/2021:08:36:46 +0800] "GET /xingrg/all/common/auto_word.html?type=employee&rest_code=00107 HTTP/1.1" 200 101
116.235.222.38 - - [31/May/2021:08:36:46 +0800] "GET /xingrg/all/common/auto_word.html?type=employee&rest_code=00107 HTTP/1.1" 200 101
116.235.222.38 - - [31/May/2021:08:36:46 +0800] "GET /xingrg/javascript/easyui/themes/default/validatebox.css HTTP/1.1" 404 1104
180.161.111.4 - - [31/May/2021:08:36:49 +0800] "GET /xingrg/check_reg.html?_=1622421407639 HTTP/1.1" 200 22
180.161.111.4 - - [31/May/2021:08:36:49 +0800] "GET /xingrg/all/function/internal_message.html?_=1622421407640&CODE_STATE=getMsg HTTP/1.1" 200 27
116.230.110.80 - - [31/May/2021:08:36:49 +0800] "GET /xingrg/kc/base/wldb_order_operate.html?command=get_materiel&rest_code=00155&base_code=0010740&code=00102002379 HTTP/1.1" 200 433
116.235.222.38 - - [31/May/2021:08:36:49 +0800] "GET /xingrg/javascript/easyui/themes/default/tree.css HTTP/1.1" 404 1090
116.235.222.38 - - [31/May/2021:08:36:50 +0800] "POST /xingrg/all/common/load_tree.html?tree=supplier_tree_json&isDelete=1 HTTP/1.1" 200 55787
116.224.253.72 - - [31/May/2021:08:36:53 +0800] "GET /xingrg/all/function/internal_message.html?_=1622421412398&CODE_STATE=getMsg HTTP/1.1" 200 27
116.230.110.80 - - [31/May/2021:08:36:55 +0800] "GET /xingrg/kc/base/wldb_order_operate.html?command=get_materiel&rest_code=00155&base_code=0010740&code=00102002410 HTTP/1.1" 200 438
116.230.110.80 - - [31/May/2021:08:36:59 +0800] "GET /xingrg/kc/base/wldb_order_operate.html?command=get_materiel&rest_code=00155&base_code=0010740&code=00102002441 HTTP/1.1" 200 447
116.230.110.80 - - [31/May/2021:08:36:59 +0800] "GET /xingrg/all/function/internal_message.html?_=1622421417353&CODE_STATE=getMsg HTTP/1.1" 200 27
180.161.111.4 - - [31/May/2021:08:37:05 +0800] "GET /xingrg/all/function/internal_message.html?_=1622421385508&CODE_STATE=getMsg HTTP/1.1" 200 27
116.235.222.38 - - [31/May/2021:08:37:07 +0800] "GET /xingrg/all/function/internal_message.html?_=1622421424576&CODE_STATE=getMsg HTTP/1.1" 200 27
116.230.110.80 - - [31/May/2021:08:37:07 +0800] "GET /xingrg/kc/base/wldb_order_operate.html?command=get_materiel&rest_code=00155&base_code=0010740&code=00102012040 HTTP/1.1" 200 450
116.235.222.38 - - [31/May/2021:08:37:09 +0800] "GET /xingrg/javascript/auto/indicator.gif HTTP/1.1" 404 1066
114.83.217.136 - - [31/May/2021:08:37:09 +0800] "GET /xingrg/kc/base/wldb_order_operate.html?command=get_materiel&rest_code=00154&base_code=0010726&code=00101029002 HTTP/1.1" 200 471
114.83.217.136 - - [31/May/2021:08:37:11 +0800] "POST /xingrg/all/common/load_select.html HTTP/1.1" 200 25
114.83.217.136 - - [31/May/2021:08:37:13 +0800] "GET /xingrg/kc/base/wldb_order_operate.html?command=get_materiel_price&rest_code=00154&base_code=0010726&code=00101029002&unit_code=00100157 HTTP/1.1" 200 36
116.230.114.112 - - [31/May/2021:08:37:16 +0800] "GET /xingrg/all/function/internal_message.html?_=1622421437169&CODE_STATE=getMsg HTTP/1.1" 200 27
180.169.147.146 - - [31/May/2021:08:37:16 +0800] "GET /xingrg/check_reg.html?_=1622421435515 HTTP/1.1" 200 22
116.230.110.80 - - [31/May/2021:08:37:19 +0800] "POST /xingrg/kc/base/wldb_order_operate.html HTTP/1.1" 200 37
116.230.110.80 - - [31/May/2021:08:37:19 +0800] "POST /xingrg/kc/base/wldb_order_operate.html HTTP/1.1" 200 7450
116.230.110.80 - - [31/May/2021:08:37:19 +0800] "GET /xingrg/kc/base/wldb_order_info.html?code=422021053103489 HTTP/1.1" 200 30207
116.230.110.80 - - [31/May/2021:08:37:19 +0800] "GET /xingrg/javascript/easyui/themes/default/validatebox.css HTTP/1.1" 404 1104
116.230.110.80 - - [31/May/2021:08:37:20 +0800] "POST /xingrg/kc/base/wldb_order_operate.html HTTP/1.1" 200 7450
116.235.222.38 - - [31/May/2021:08:37:20 +0800] "GET /xingrg/kc/buy/cgsh_order_operate.html?command=get_materiel&rest_code=00107&code=00101008173&supplier_code=00100006&order_time=2021-05-31 HTTP/1.1" 200 412
120.253.135.82 - - [31/May/2021:08:37:21 +0800] "GET /xingrg/all/function/internal_message.html?_=1622421480464&CODE_STATE=getMsg HTTP/1.1" 200 27
114.83.217.136 - - [31/May/2021:08:37:21 +0800] "GET /xingrg/all/function/internal_message.html?_=1622421442357&CODE_STATE=getMsg HTTP/1.1" 200 27
114.83.217.136 - - [31/May/2021:08:37:24 +0800] "GET /xingrg/kc/base/wldb_order_operate.html?command=get_materiel&rest_code=00154&base_code=0010726&code=00101029003 HTTP/1.1" 200 475
114.83.217.136 - - [31/May/2021:08:37:28 +0800] "POST /xingrg/all/common/load_select.html HTTP/1.1" 200 25
116.233.72.146 - - [31/May/2021:08:37:29 +0800] "POST /xingrg/services/DataTransmitService HTTP/1.1" 200 524
116.233.72.146 - - [31/May/2021:08:37:30 +0800] "POST /xingrg/services/DataTransmitService HTTP/1.1" 200 501
114.83.217.136 - - [31/May/2021:08:37:30 +0800] "GET /xingrg/kc/base/wldb_order_operate.html?command=get_materiel_price&rest_code=00154&base_code=0010726&code=00101029003&unit_code=00100179 HTTP/1.1" 200 36
116.235.222.38 - - [31/May/2021:08:37:34 +0800] "GET /xingrg/kc/buy/cgsh_order_operate.html?command=get_materiel&rest_code=00107&code=00101008118&supplier_code=00100006&order_time=2021-05-31 HTTP/1.1" 200 418
116.230.110.80 - - [31/May/2021:08:37:35 +0800] "GET /xingrg/kc/base/wldb_order_add.html HTTP/1.1" 200 30193
116.230.110.80 - - [31/May/2021:08:37:35 +0800] "POST /xingrg/kc/base/wldb_order_operate.html HTTP/1.1" 200 6806
116.230.110.80 - - [31/May/2021:08:37:35 +0800] "GET /xingrg/javascript/easyui/themes/default/validatebox.css HTTP/1.1" 404 1104
116.235.222.38 - - [31/May/2021:08:37:36 +0800] "GET /xingrg/all/function/internal_message.html?_=1622421454142&CODE_STATE=getMsg HTTP/1.1" 200 27
180.161.111.4 - - [31/May/2021:08:37:36 +0800] "GET /xingrg/kc/buy/cgsh_order_operate.html?command=get_materiel&rest_code=00102&code=00101002027&supplier_code=00100151&order_time=2021-05-31 HTTP/1.1" 200 434
116.230.110.80 - - [31/May/2021:08:37:43 +0800] "GET /xingrg/kc/base/wldb_order_operate.html?command=get_materiel&rest_code=00155&base_code=0010740&code=00102002006 HTTP/1.1" 200 466
116.235.222.38 - - [31/May/2021:08:37:44 +0800] "GET /xingrg/kc/buy/cgsh_order_operate.html?command=get_materiel&rest_code=00107&code=00101008046&supplier_code=00100006&order_time=2021-05-31 HTTP/1.1" 200 410
222.69.130.24 - - [31/May/2021:08:37:45 +0800] "GET /favicon.ico HTTP/1.1" 404 -
180.161.111.4 - - [31/May/2021:08:37:49 +0800] "GET /xingrg/all/function/internal_message.html?_=1622421467638&CODE_STATE=getMsg HTTP/1.1" 200 27
116.235.222.38 - - [31/May/2021:08:37:53 +0800] "GET /xingrg/kc/buy/cgsh_order_operate.html?command=get_materiel&rest_code=00107&code=00101008355&supplier_code=00100006&order_time=2021-05-31 HTTP/1.1" 200 408
116.224.253.72 - - [31/May/2021:08:37:53 +0800] "GET /xingrg/all/function/internal_message.html?_=1622421472382&CODE_STATE=getMsg HTTP/1.1" 200 27
114.83.217.136 - - [31/May/2021:08:37:53 +0800] "GET /xingrg/kc/base/wldb_order_operate.html?command=get_materiel&rest_code=00154&base_code=0010726&code=00101029022 HTTP/1.1" 200 473
114.83.217.136 - - [31/May/2021:08:37:56 +0800] "POST /xingrg/all/common/load_select.html HTTP/1.1" 200 25
114.83.217.136 - - [31/May/2021:08:37:58 +0800] "GET /xingrg/kc/base/wldb_order_operate.html?command=get_materiel_price&rest_code=00154&base_code=0010726&code=00101029022&unit_code=00100157 HTTP/1.1" 200 36
116.230.110.80 - - [31/May/2021:08:37:59 +0800] "GET /xingrg/kc/base/wldb_order_operate.html?command=get_materiel&rest_code=00155&base_code=0010740&code=00102002161 HTTP/1.1" 200 436
116.230.110.80 - - [31/May/2021:08:37:59 +0800] "GET /xingrg/all/function/internal_message.html?_=1622421477323&CODE_STATE=getMsg HTTP/1.1" 200 27
116.235.222.38 - - [31/May/2021:08:38:01 +0800] "GET /xingrg/kc/buy/cgsh_order_operate.html?command=get_materiel&rest_code=00107&code=00101008264&supplier_code=00100006&order_time=2021-05-31 HTTP/1.1" 200 412
116.230.110.80 - - [31/May/2021:08:38:05 +0800] "GET /xingrg/kc/base/wldb_order_operate.html?command=get_materiel&rest_code=00155&base_code=0010740&code=00102002163 HTTP/1.1" 200 435
180.161.111.4 - - [31/May/2021:08:38:05 +0800] "GET /xingrg/check_reg.html?_=1622421445382 HTTP/1.1" 200 22
180.161.111.4 - - [31/May/2021:08:38:05 +0800] "GET /xingrg/all/function/internal_message.html?_=1622421445522&CODE_STATE=getMsg HTTP/1.1" 200 27
116.235.222.38 - - [31/May/2021:08:38:07 +0800] "GET /xingrg/all/function/internal_message.html?_=1622421484592&CODE_STATE=getMsg HTTP/1.1" 200 27
116.224.253.72 - - [31/May/2021:08:38:07 +0800] "GET /xingrg/check_reg.html?_=1622421487128 HTTP/1.1" 200 22
114.83.217.136 - - [31/May/2021:08:38:08 +0800] "GET /xingrg/kc/base/wldb_order_operate.html?command=get_materiel&rest_code=00154&base_code=0010726&code=00101029023 HTTP/1.1" 200 476
114.83.217.136 - - [31/May/2021:08:38:10 +0800] "POST /xingrg/all/common/load_select.html HTTP/1.1" 200 25
114.83.217.136 - - [31/May/2021:08:38:15 +0800] "GET /xingrg/kc/base/wldb_order_operate.html?command=get_materiel_price&rest_code=00154&base_code=0010726&code=00101029023&unit_code=00100179 HTTP/1.1" 200 34
116.230.114.112 - - [31/May/2021:08:38:16 +0800] "GET /xingrg/all/function/internal_message.html?_=1622421497180&CODE_STATE=getMsg HTTP/1.1" 200 27
116.230.110.80 - - [31/May/2021:08:38:18 +0800] "GET /xingrg/kc/base/wldb_order_operate.html?command=get_materiel&rest_code=00155&base_code=0010740&code=00102002164 HTTP/1.1" 200 427
116.235.222.38 - - [31/May/2021:08:38:20 +0800] "GET /xingrg/kc/buy/cgsh_order_operate.html?command=get_materiel&rest_code=00107&code=00101008146&supplier_code=00100006&order_time=2021-05-31 HTTP/1.1" 200 416
120.253.135.82 - - [31/May/2021:08:38:21 +0800] "GET /xingrg/all/function/internal_message.html?_=1622421540473&CODE_STATE=getMsg HTTP/1.1" 200 27
114.83.217.136 - - [31/May/2021:08:38:21 +0800] "GET /xingrg/all/function/internal_message.html?_=1622421502330&CODE_STATE=getMsg HTTP/1.1" 200 27
180.169.147.146 - - [31/May/2021:08:38:23 +0800] "GET /xingrg/check_reg.html?_=1622421502304 HTTP/1.1" 302 -
116.230.110.80 - - [31/May/2021:08:38:24 +0800] "GET /xingrg/kc/base/wldb_order_operate.html?command=get_materiel&rest_code=00155&base_code=0010740&code=00102002197 HTTP/1.1" 200 444
116.230.110.80 - - [31/May/2021:08:38:31 +0800] "GET /xingrg/kc/base/wldb_order_operate.html?command=get_materiel&rest_code=00155&base_code=0010740&code=00102002198 HTTP/1.1" 200 435
180.161.111.4 - - [31/May/2021:08:38:34 +0800] "GET /xingrg/kc/buy/cgsh_order_operate.html?command=get_materiel&rest_code=00102&code=00101002022&supplier_code=00100151&order_time=2021-05-31 HTTP/1.1" 200 409
114.83.217.136 - - [31/May/2021:08:38:35 +0800] "GET /xingrg/kc/base/wldb_order_operate.html?command=get_materiel&rest_code=00154&base_code=0010726&code=00101025030 HTTP/1.1" 200 467
116.235.222.38 - - [31/May/2021:08:38:36 +0800] "GET /xingrg/all/function/internal_message.html?_=1622421514144&CODE_STATE=getMsg HTTP/1.1" 200 27
116.230.110.80 - - [31/May/2021:08:38:37 +0800] "GET /xingrg/kc/base/wldb_order_operate.html?command=get_materiel&rest_code=00155&base_code=0010740&code=00102002256 HTTP/1.1" 200 443
114.83.217.136 - - [31/May/2021:08:38:37 +0800] "POST /xingrg/all/common/load_select.html HTTP/1.1" 200 25
114.83.217.136 - - [31/May/2021:08:38:39 +0800] "GET /xingrg/kc/base/wldb_order_operate.html?command=get_materiel_price&rest_code=00154&base_code=0010726&code=00101025030&unit_code=00100189 HTTP/1.1" 200 36
116.230.110.80 - - [31/May/2021:08:38:42 +0800] "GET /xingrg/kc/base/wldb_order_operate.html?command=get_materiel&rest_code=00155&base_code=0010740&code=00102002334 HTTP/1.1" 200 432
116.230.110.80 - - [31/May/2021:08:38:45 +0800] "GET /xingrg/kc/base/wldb_order_operate.html?command=get_materiel&rest_code=00155&base_code=0010740&code=00102002439 HTTP/1.1" 200 456
180.161.111.4 - - [31/May/2021:08:38:49 +0800] "GET /xingrg/all/function/internal_message.html?_=1622421527637&CODE_STATE=getMsg HTTP/1.1" 200 27
180.161.111.4 - - [31/May/2021:08:38:49 +0800] "GET /xingrg/kc/buy/cgsh_order_operate.html?command=get_materiel&rest_code=00102&code=00101005037&supplier_code=00100151&order_time=2021-05-31 HTTP/1.1" 200 409
116.230.110.80 - - [31/May/2021:08:38:49 +0800] "GET /xingrg/kc/base/wldb_order_operate.html?command=get_materiel&rest_code=00155&base_code=0010740&code=00102002453 HTTP/1.1" 200 433
114.83.217.136 - - [31/May/2021:08:38:50 +0800] "GET /xingrg/kc/base/wldb_order_operate.html?command=get_materiel&rest_code=00154&base_code=0010726&code=00101025051 HTTP/1.1" 200 455
114.83.217.136 - - [31/May/2021:08:38:52 +0800] "POST /xingrg/all/common/load_select.html HTTP/1.1" 200 25
116.224.253.72 - - [31/May/2021:08:38:53 +0800] "GET /xingrg/all/function/internal_message.html?_=1622421532354&CODE_STATE=getMsg HTTP/1.1" 200 27
114.83.217.136 - - [31/May/2021:08:38:55 +0800] "GET /xingrg/kc/base/wldb_order_operate.html?command=get_materiel_price&rest_code=00154&base_code=0010726&code=00101025051&unit_code=00100189 HTTP/1.1" 200 36
116.230.110.80 - - [31/May/2021:08:38:55 +0800] "GET /xingrg/kc/base/wldb_order_operate.html?command=get_materiel&rest_code=00155&base_code=0010740&code=00102002457 HTTP/1.1" 200 452
116.230.110.80 - - [31/May/2021:08:38:59 +0800] "GET /xingrg/all/function/internal_message.html?_=1622421537306&CODE_STATE=getMsg HTTP/1.1" 200 27
116.230.110.80 - - [31/May/2021:08:39:01 +0800] "GET /xingrg/kc/base/wldb_order_operate.html?command=get_materiel&rest_code=00155&base_code=0010740&code=00102002521 HTTP/1.1" 200 428
180.161.111.4 - - [31/May/2021:08:39:05 +0800] "GET /xingrg/all/function/internal_message.html?_=1622421505535&CODE_STATE=getMsg HTTP/1.1" 200 27
116.235.222.38 - - [31/May/2021:08:39:06 +0800] "GET /xingrg/all/function/internal_message.html?_=1622421544592&CODE_STATE=getMsg HTTP/1.1" 200 27
116.230.110.80 - - [31/May/2021:08:39:09 +0800] "GET /xingrg/kc/base/wldb_order_operate.html?command=get_materiel&rest_code=00155&base_code=0010740&code=00102002685 HTTP/1.1" 200 445
116.235.222.38 - - [31/May/2021:08:39:12 +0800] "GET /xingrg/kc/buy/cgsh_order_operate.html?command=get_materiel&rest_code=00107&code=00101008163&supplier_code=00100006&order_time=2021-05-31 HTTP/1.1" 200 408
116.230.114.112 - - [31/May/2021:08:39:14 +0800] "GET /xingrg/check_reg.html?_=1622421555330 HTTP/1.1" 200 22
116.230.114.112 - - [31/May/2021:08:39:16 +0800] "GET /xingrg/all/function/internal_message.html?_=1622421557193&CODE_STATE=getMsg HTTP/1.1" 200 27
120.253.135.82 - - [31/May/2021:08:39:21 +0800] "GET /xingrg/all/function/internal_message.html?_=1622421600491&CODE_STATE=getMsg HTTP/1.1" 200 27
114.83.217.136 - - [31/May/2021:08:39:21 +0800] "GET /xingrg/check_reg.html?_=1622421562202 HTTP/1.1" 200 22
114.83.217.136 - - [31/May/2021:08:39:21 +0800] "GET /xingrg/all/function/internal_message.html?_=1622421562307&CODE_STATE=getMsg HTTP/1.1" 200 27
116.230.110.80 - - [31/May/2021:08:39:22 +0800] "GET /xingrg/kc/base/wldb_order_operate.html?command=get_materiel&rest_code=00155&base_code=0010740&code=00102028010 HTTP/1.1" 200 481
116.235.222.38 - - [31/May/2021:08:39:22 +0800] "GET /xingrg/kc/buy/cgsh_order_operate.html?command=get_materiel&rest_code=00107&code=00101008219&supplier_code=00100006&order_time=2021-05-31 HTTP/1.1" 200 412
180.161.111.4 - - [31/May/2021:08:39:27 +0800] "GET /xingrg/kc/buy/cgsh_order_operate.html?command=get_materiel&rest_code=00102&code=00101010161&supplier_code=00100151&order_time=2021-05-31 HTTP/1.1" 200 411
116.230.110.80 - - [31/May/2021:08:39:27 +0800] "POST /xingrg/kc/base/wldb_order_operate.html HTTP/1.1" 200 37
116.230.110.80 - - [31/May/2021:08:39:27 +0800] "POST /xingrg/kc/base/wldb_order_operate.html HTTP/1.1" 200 9019
116.230.110.80 - - [31/May/2021:08:39:27 +0800] "GET /xingrg/kc/base/wldb_order_info.html?code=422021053103490 HTTP/1.1" 200 30212
116.230.110.80 - - [31/May/2021:08:39:28 +0800] "GET /xingrg/javascript/easyui/themes/default/validatebox.css HTTP/1.1" 404 1104
116.230.110.80 - - [31/May/2021:08:39:28 +0800] "POST /xingrg/kc/base/wldb_order_operate.html HTTP/1.1" 200 9019
222.69.130.24 - - [31/May/2021:08:39:34 +0800] "GET /xingrg/login.html?sysBaseUrl=http%3A%2F%2F180.169.147.146%3A18081%2Fxingrg%2F&costTime=31×tamp=1615347190560 HTTP/1.1" 200 7641
222.69.130.24 - - [31/May/2021:08:39:34 +0800] "GET /favicon.ico HTTP/1.1" 404 -
116.235.222.38 - - [31/May/2021:08:39:36 +0800] "GET /xingrg/all/function/internal_message.html?_=1622421574145&CODE_STATE=getMsg HTTP/1.1" 200 27
180.161.111.4 - - [31/May/2021:08:39:40 +0800] "GET /xingrg/kc/buy/cgsh_order_operate.html?command=get_materiel&rest_code=00102&code=00101001002&supplier_code=00100151&order_time=2021-05-31 HTTP/1.1" 200 413
116.230.110.80 - - [31/May/2021:08:39:40 +0800] "GET /xingrg/kc/base/wldb_order_add.html HTTP/1.1" 200 30193
116.230.110.80 - - [31/May/2021:08:39:40 +0800] "POST /xingrg/kc/base/wldb_order_operate.html HTTP/1.1" 200 6806
116.230.110.80 - - [31/May/2021:08:39:40 +0800] "GET /xingrg/javascript/easyui/themes/default/validatebox.css HTTP/1.1" 404 1104
116.230.110.80 - - [31/May/2021:08:39:41 +0800] "GET /xingrg/kc/base/yddb_order_list.html HTTP/1.1" 200 16590
116.230.110.80 - - [31/May/2021:08:39:41 +0800] "POST /xingrg/kc/base/yddb_list_operate.html HTTP/1.1" 200 636
116.230.110.80 - - [31/May/2021:08:39:43 +0800] "POST /xingrg/kc/base/yddb_list_operate.html HTTP/1.1" 200 6609
116.230.110.80 - - [31/May/2021:08:39:48 +0800] "GET /xingrg/kc/base/wldb_order_list.html HTTP/1.1" 200 18985
116.230.110.80 - - [31/May/2021:08:39:48 +0800] "POST /xingrg/kc/base/wldb_list_operate.html HTTP/1.1" 200 3395
180.161.111.4 - - [31/May/2021:08:39:49 +0800] "GET /xingrg/all/function/internal_message.html?_=1622421587637&CODE_STATE=getMsg HTTP/1.1" 200 27
116.230.110.80 - - [31/May/2021:08:39:50 +0800] "GET /xingrg/kc/base/wldb_order_add.html HTTP/1.1" 200 30193
116.230.110.80 - - [31/May/2021:08:39:50 +0800] "POST /xingrg/kc/base/wldb_order_operate.html HTTP/1.1" 200 6806
116.230.110.80 - - [31/May/2021:08:39:50 +0800] "GET /xingrg/javascript/easyui/themes/default/validatebox.css HTTP/1.1" 404 1104
116.224.253.72 - - [31/May/2021:08:39:53 +0800] "GET /xingrg/all/function/internal_message.html?_=1622421592344&CODE_STATE=getMsg HTTP/1.1" 200 27
116.230.110.80 - - [31/May/2021:08:39:59 +0800] "GET /xingrg/check_reg.html?_=1622421596844 HTTP/1.1" 200 22
116.230.110.80 - - [31/May/2021:08:39:59 +0800] "GET /xingrg/all/function/internal_message.html?_=1622421597291&CODE_STATE=getMsg HTTP/1.1" 200 27
116.235.222.38 - - [31/May/2021:08:39:59 +0800] "GET /xingrg/kc/buy/cgsh_order_operate.html?command=get_materiel&rest_code=00107&code=00101008244&supplier_code=00100006&order_time=2021-05-31 HTTP/1.1" 200 408
180.161.111.4 - - [31/May/2021:08:40:02 +0800] "GET /xingrg/kc/buy/cgsh_order_operate.html?command=get_materiel&rest_code=00102&code=00101002048&supplier_code=00100151&order_time=2021-05-31 HTTP/1.1" 200 399
120.253.135.82 - - [31/May/2021:08:40:05 +0800] "GET /xingrg/check_reg.html?_=1622421644651 HTTP/1.1" 200 22
180.161.111.4 - - [31/May/2021:08:40:05 +0800] "GET /xingrg/all/function/internal_message.html?_=1622421565547&CODE_STATE=getMsg HTTP/1.1" 200 27
116.235.222.38 - - [31/May/2021:08:40:06 +0800] "GET /xingrg/all/function/internal_message.html?_=1622421604592&CODE_STATE=getMsg HTTP/1.1" 200 27
222.69.130.24 - - [31/May/2021:08:40:08 +0800] "POST /xingrg/login.do HTTP/1.1" 302 -
222.69.130.24 - - [31/May/2021:08:40:08 +0800] "GET /xingrg/index.html?sysBaseUrl=http%3A%2F%2F180.169.147.146%3A18081%2Fxingrg%2F&costTime=52×tamp=1622421608189 HTTP/1.1" 200 17179
222.69.130.24 - - [31/May/2021:08:40:08 +0800] "GET /xingrg/css/form.css HTTP/1.1" 200 893
222.69.130.24 - - [31/May/2021:08:40:08 +0800] "GET /xingrg/javascript/jquery_easy_ui/themes/icon.css HTTP/1.1" 200 3949
222.69.130.24 - - [31/May/2021:08:40:08 +0800] "GET /xingrg/javascript/jquery-1.4.2.min.js HTTP/1.1" 200 72205
222.69.130.24 - - [31/May/2021:08:40:08 +0800] "GET /xingrg/javascript/jquery_easy_ui/easyui-lang-zh_CN.js HTTP/1.1" 200 1900
222.69.130.24 - - [31/May/2021:08:40:08 +0800] "GET /xingrg/javascript/jquery_easy_ui/jquery.easyui.min.js HTTP/1.1" 200 213662
222.69.130.24 - - [31/May/2021:08:40:08 +0800] "GET /xingrg/javascript/jquery_easy_ui/themes/default/easyui.css HTTP/1.1" 200 26500
222.69.130.24 - - [31/May/2021:08:40:08 +0800] "GET /xingrg/javascript/jquery.timers.js HTTP/1.1" 200 3532
222.69.130.24 - - [31/May/2021:08:40:08 +0800] "GET /xingrg/javascript/jquery.form.js HTTP/1.1" 200 23110
222.69.130.24 - - [31/May/2021:08:40:08 +0800] "GET /xingrg/javascript/jquery.utils.js HTTP/1.1" 200 11805
222.69.130.24 - - [31/May/2021:08:40:08 +0800] "GET /favicon.ico HTTP/1.1" 404 -
222.69.130.24 - - [31/May/2021:08:40:08 +0800] "GET /xingrg/javascript/jquery_easy_ui/themes/icons/settle_new.png HTTP/1.1" 200 826
222.69.130.24 - - [31/May/2021:08:40:08 +0800] "GET /xingrg/images/blue/navBackgound.jpg HTTP/1.1" 200 12378
222.69.130.24 - - [31/May/2021:08:40:08 +0800] "POST /xingrg/all/common/load_tree.html?tree=area_rest_tree_json&manage=1 HTTP/1.1" 200 351
222.69.130.24 - - [31/May/2021:08:40:08 +0800] "GET /xingrg/all/function/internal_message.html?_=1622421607721&CODE_STATE=count HTTP/1.1" 200 11
222.69.130.24 - - [31/May/2021:08:40:08 +0800] "GET /xingrg/check_reg.html?_=1622421607721 HTTP/1.1" 200 22
222.69.130.24 - - [31/May/2021:08:40:08 +0800] "GET /xingrg/images/blue/pingpu.png HTTP/1.1" 200 231
222.69.130.24 - - [31/May/2021:08:40:08 +0800] "GET /xingrg/javascript/jquery_easy_ui/themes/default/images/tabs_rightarrow.png HTTP/1.1" 200 395
222.69.130.24 - - [31/May/2021:08:40:08 +0800] "GET /xingrg/javascript/jquery_easy_ui/themes/default/images/tabs_leftarrow.png HTTP/1.1" 200 389
222.69.130.24 - - [31/May/2021:08:40:08 +0800] "GET /xingrg/javascript/jquery_easy_ui/themes/default/images/panel_tool_collapse.gif HTTP/1.1" 200 246
222.69.130.24 - - [31/May/2021:08:40:08 +0800] "POST /xingrg/load_menu.html HTTP/1.1" 200 5138
222.69.130.24 - - [31/May/2021:08:40:08 +0800] "GET /xingrg/javascript/jquery_easy_ui/themes/default/images/tree_folder_open.gif HTTP/1.1" 200 956
222.69.130.24 - - [31/May/2021:08:40:08 +0800] "GET /xingrg/javascript/jquery_easy_ui/themes/default/images/tree_arrows.gif HTTP/1.1" 200 1043
222.69.130.24 - - [31/May/2021:08:40:08 +0800] "GET /xingrg/javascript/jquery_easy_ui/themes/icons/search_new.png HTTP/1.1" 200 586
222.69.130.24 - - [31/May/2021:08:40:08 +0800] "GET /xingrg/javascript/jquery_easy_ui/themes/default/images/tree_folder.gif HTTP/1.1" 200 952
222.69.130.24 - - [31/May/2021:08:40:08 +0800] "GET /xingrg/javascript/jquery_easy_ui/themes/icons/storage_new.png HTTP/1.1" 200 853
222.69.130.24 - - [31/May/2021:08:40:08 +0800] "GET /xingrg/javascript/jquery_easy_ui/themes/icons/forms_new.png HTTP/1.1" 200 350
222.69.130.24 - - [31/May/2021:08:40:08 +0800] "GET /xingrg/javascript/jquery_easy_ui/themes/default/images/tree_file.gif HTTP/1.1" 200 118
117.184.7.26 - - [31/May/2021:08:40:14 +0800] "GET /xingrg/check_reg.html?_=1622421610998 HTTP/1.1" 200 22
180.161.111.4 - - [31/May/2021:08:40:16 +0800] "GET /xingrg/kc/buy/cgsh_order_operate.html?command=get_materiel&rest_code=00102&code=00101001052&supplier_code=00100151&order_time=2021-05-31 HTTP/1.1" 200 409
116.230.114.112 - - [31/May/2021:08:40:16 +0800] "GET /xingrg/all/function/internal_message.html?_=1622421617207&CODE_STATE=getMsg HTTP/1.1" 200 27
120.253.135.82 - - [31/May/2021:08:40:21 +0800] "GET /xingrg/all/function/internal_message.html?_=1622421660500&CODE_STATE=getMsg HTTP/1.1" 200 27
114.83.217.136 - - [31/May/2021:08:40:21 +0800] "GET /xingrg/all/function/internal_message.html?_=1622421622274&CODE_STATE=getMsg HTTP/1.1" 200 27
116.235.222.38 - - [31/May/2021:08:40:29 +0800] "GET /xingrg/kc/buy/cgsh_order_operate.html?command=get_materiel&rest_code=00107&code=00101008351&supplier_code=00100006&order_time=2021-05-31 HTTP/1.1" 200 408
116.235.222.38 - - [31/May/2021:08:40:36 +0800] "GET /xingrg/all/function/internal_message.html?_=1622421634144&CODE_STATE=getMsg HTTP/1.1" 200 27
116.235.222.38 - - [31/May/2021:08:40:40 +0800] "GET /xingrg/kc/buy/cgsh_order_operate.html?command=get_materiel&rest_code=00107&code=00101008298&supplier_code=00100006&order_time=2021-05-31 HTTP/1.1" 200 412
61.165.42.208 - - [31/May/2021:08:40:42 +0800] "GET /xingrg/index.html?sysBaseUrl=http%3A%2F%2F180.169.147.146%3A18081%2Fxingrg%2F&costTime=36×tamp=1585223203754 HTTP/1.1" 302 -
61.165.42.208 - - [31/May/2021:08:40:42 +0800] "GET /xingrg/login.html HTTP/1.1" 200 7641
61.165.42.208 - - [31/May/2021:08:40:42 +0800] "GET /xingrg/images/blue/jxLogo.png HTTP/1.1" 304 -
61.165.42.208 - - [31/May/2021:08:40:43 +0800] "GET /xingrg/images/blue/login_bg.png HTTP/1.1" 304 -
61.165.42.208 - - [31/May/2021:08:40:43 +0800] "GET /xingrg/images/blue/srbg.png HTTP/1.1" 304 -
61.165.42.208 - - [31/May/2021:08:40:43 +0800] "GET /favicon.ico HTTP/1.1" 404 -
61.165.42.208 - - [31/May/2021:08:40:43 +0800] "GET /xingrg/images/blue/hj.png HTTP/1.1" 304 -
61.165.42.208 - - [31/May/2021:08:40:44 +0800] "POST /xingrg/login.do HTTP/1.1" 200 2421
61.165.42.208 - - [31/May/2021:08:40:44 +0800] "GET /xingrg/images/blue/pic_top.gif HTTP/1.1" 304 -
61.165.42.208 - - [31/May/2021:08:40:44 +0800] "GET /xingrg/images/blue/pic_notice.jpg HTTP/1.1" 304 -
61.165.42.208 - - [31/May/2021:08:40:44 +0800] "GET /xingrg/images/blue/error_buttom.gif HTTP/1.1" 304 -
61.165.42.208 - - [31/May/2021:08:40:44 +0800] "GET /xingrg/images/blue/error_mid.gif HTTP/1.1" 304 -
61.165.42.208 - - [31/May/2021:08:40:44 +0800] "GET /xingrg/images/blue/error_top.gif HTTP/1.1" 304 -
61.165.42.208 - - [31/May/2021:08:40:44 +0800] "GET /favicon.ico HTTP/1.1" 404 -
61.165.42.208 - - [31/May/2021:08:40:45 +0800] "GET /xingrg/login.html HTTP/1.1" 200 7641
61.165.42.208 - - [31/May/2021:08:40:45 +0800] "GET /favicon.ico HTTP/1.1" 404 -
61.165.42.208 - - [31/May/2021:08:40:46 +0800] "POST /xingrg/login.do HTTP/1.1" 302 -
61.165.42.208 - - [31/May/2021:08:40:46 +0800] "GET /xingrg/css/form.css HTTP/1.1" 304 -
61.165.42.208 - - [31/May/2021:08:40:46 +0800] "GET /xingrg/index.html?sysBaseUrl=http%3A%2F%2F180.169.147.146%3A18081%2Fxingrg%2F&costTime=44×tamp=1622421646034 HTTP/1.1" 200 17173
61.165.42.208 - - [31/May/2021:08:40:46 +0800] "GET /xingrg/javascript/jquery.timers.js HTTP/1.1" 304 -
61.165.42.208 - - [31/May/2021:08:40:46 +0800] "GET /xingrg/javascript/jquery.form.js HTTP/1.1" 304 -
61.165.42.208 - - [31/May/2021:08:40:46 +0800] "GET /xingrg/javascript/jquery_easy_ui/themes/icons/settle_new.png HTTP/1.1" 304 -
61.165.42.208 - - [31/May/2021:08:40:46 +0800] "GET /xingrg/images/blue/navBackgound.jpg HTTP/1.1" 304 -
61.165.42.208 - - [31/May/2021:08:40:46 +0800] "GET /favicon.ico HTTP/1.1" 404 -
61.165.42.208 - - [31/May/2021:08:40:46 +0800] "POST /xingrg/all/common/load_tree.html?tree=area_rest_tree_json&manage=1 HTTP/1.1" 200 3466
61.165.42.208 - - [31/May/2021:08:40:46 +0800] "GET /xingrg/all/function/internal_message.html?_=1622421645173&CODE_STATE=count HTTP/1.1" 200 11
61.165.42.208 - - [31/May/2021:08:40:46 +0800] "GET /xingrg/check_reg.html?_=1622421645174 HTTP/1.1" 200 22
61.165.42.208 - - [31/May/2021:08:40:46 +0800] "GET /xingrg/javascript/jquery_easy_ui/themes/default/images/tabs_rightarrow.png HTTP/1.1" 304 -
61.165.42.208 - - [31/May/2021:08:40:46 +0800] "GET /xingrg/images/blue/pingpu.png HTTP/1.1" 304 -
61.165.42.208 - - [31/May/2021:08:40:46 +0800] "GET /xingrg/javascript/jquery_easy_ui/themes/default/images/tabs_leftarrow.png HTTP/1.1" 304 -
61.165.42.208 - - [31/May/2021:08:40:46 +0800] "GET /xingrg/javascript/jquery_easy_ui/themes/default/images/panel_tool_collapse.gif HTTP/1.1" 304 -
61.165.42.208 - - [31/May/2021:08:40:46 +0800] "POST /xingrg/load_menu.html HTTP/1.1" 200 5138
61.165.42.208 - - [31/May/2021:08:40:46 +0800] "GET /xingrg/javascript/jquery_easy_ui/themes/default/images/tree_arrows.gif HTTP/1.1" 304 -
61.165.42.208 - - [31/May/2021:08:40:46 +0800] "GET /xingrg/javascript/jquery_easy_ui/themes/default/images/tree_folder_open.gif HTTP/1.1" 304 -
61.165.42.208 - - [31/May/2021:08:40:46 +0800] "GET /xingrg/javascript/jquery_easy_ui/themes/icons/search_new.png HTTP/1.1" 304 -
61.165.42.208 - - [31/May/2021:08:40:46 +0800] "GET /xingrg/javascript/jquery_easy_ui/themes/default/images/tree_folder.gif HTTP/1.1" 304 -
61.165.42.208 - - [31/May/2021:08:40:46 +0800] "GET /xingrg/javascript/jquery_easy_ui/themes/icons/storage_new.png HTTP/1.1" 304 -
61.165.42.208 - - [31/May/2021:08:40:46 +0800] "GET /xingrg/javascript/jquery_easy_ui/themes/default/images/tree_file.gif HTTP/1.1" 304 -
61.165.42.208 - - [31/May/2021:08:40:46 +0800] "GET /xingrg/javascript/jquery_easy_ui/themes/icons/forms_new.png HTTP/1.1" 304 -
180.161.111.4 - - [31/May/2021:08:40:46 +0800] "GET /xingrg/kc/buy/cgsh_order_operate.html?command=get_materiel&rest_code=00102&code=00101001075&supplier_code=00100151&order_time=2021-05-31 HTTP/1.1" 200 410
61.165.42.208 - - [31/May/2021:08:40:48 +0800] "GET /xingrg/javascript/jquery_easy_ui/themes/default/images/tabs_close.gif HTTP/1.1" 304 -
61.165.42.208 - - [31/May/2021:08:40:48 +0800] "GET /xingrg/css/base.css HTTP/1.1" 304 -
61.165.42.208 - - [31/May/2021:08:40:48 +0800] "GET /xingrg/javascript/jquery_tools/datebox.css HTTP/1.1" 304 -
61.165.42.208 - - [31/May/2021:08:40:48 +0800] "GET /xingrg/css/site.css HTTP/1.1" 304 -
61.165.42.208 - - [31/May/2021:08:40:48 +0800] "GET /xingrg/javascript/easyui/themes/icon.css HTTP/1.1" 304 -
61.165.42.208 - - [31/May/2021:08:40:48 +0800] "GET /xingrg/javascript/jquery_tools/fix.css HTTP/1.1" 304 -
61.165.42.208 - - [31/May/2021:08:40:48 +0800] "GET /xingrg/javascript/easyui/themes/default/easyui.css HTTP/1.1" 304 -
61.165.42.208 - - [31/May/2021:08:40:48 +0800] "GET /xingrg/javascript/easyui/easyloader.js HTTP/1.1" 304 -
61.165.42.208 - - [31/May/2021:08:40:48 +0800] "GET /xingrg/kc/buy/cgsh_order_list.html HTTP/1.1" 200 46527
61.165.42.208 - - [31/May/2021:08:40:48 +0800] "GET /xingrg/javascript/jquery_tools/jquery.tools.min.js HTTP/1.1" 304 -
61.165.42.208 - - [31/May/2021:08:40:48 +0800] "GET /xingrg/javascript/jquery_tools/table.css HTTP/1.1" 304 -
61.165.42.208 - - [31/May/2021:08:40:48 +0800] "GET /xingrg/javascript/jquery_tools/list_manager.js HTTP/1.1" 304 -
61.165.42.208 - - [31/May/2021:08:40:48 +0800] "GET /xingrg/javascript/jquery.cookie.js HTTP/1.1" 304 -
61.165.42.208 - - [31/May/2021:08:40:48 +0800] "GET /xingrg/javascript/jquery_tools/jquery.tools.table.js HTTP/1.1" 304 -
61.165.42.208 - - [31/May/2021:08:40:48 +0800] "GET /xingrg/javascript/jquery_tools/jquery.tools.hotkey.js HTTP/1.1" 304 -
61.165.42.208 - - [31/May/2021:08:40:48 +0800] "GET /xingrg/javascript/jquery_tools/jquery.tools.extend.js HTTP/1.1" 304 -
61.165.42.208 - - [31/May/2021:08:40:48 +0800] "GET /xingrg/javascript/easyui/themes/icons/edit_add_new.png HTTP/1.1" 304 -
61.165.42.208 - - [31/May/2021:08:40:48 +0800] "GET /xingrg/javascript/easyui/themes/icons/cance_new.png HTTP/1.1" 304 -
61.165.42.208 - - [31/May/2021:08:40:48 +0800] "GET /xingrg/javascript/easyui/themes/icons/field_new.png HTTP/1.1" 304 -
61.165.42.208 - - [31/May/2021:08:40:48 +0800] "GET /xingrg/javascript/easyui/themes/icons/check_new.png HTTP/1.1" 304 -
61.165.42.208 - - [31/May/2021:08:40:48 +0800] "GET /xingrg/javascript/easyui/themes/icons/import_new.png HTTP/1.1" 304 -
61.165.42.208 - - [31/May/2021:08:40:48 +0800] "GET /xingrg/javascript/easyui/plugins/jquery.parser.js HTTP/1.1" 304 -
61.165.42.208 - - [31/May/2021:08:40:48 +0800] "GET /xingrg/images/control/ajaxLoader.gif HTTP/1.1" 304 -
180.161.111.4 - - [31/May/2021:08:40:49 +0800] "GET /xingrg/all/function/internal_message.html?_=1622421647635&CODE_STATE=getMsg HTTP/1.1" 200 27
61.165.42.208 - - [31/May/2021:08:40:49 +0800] "POST /xingrg/kc/buy/cgsh_list_operate.html HTTP/1.1" 200 876
61.165.42.208 - - [31/May/2021:08:40:49 +0800] "GET /xingrg/javascript/easyui/themes/default/images/button_plain_hover.png HTTP/1.1" 304 -
116.230.110.80 - - [31/May/2021:08:40:50 +0800] "GET /xingrg/kc/base/wldb_order_operate.html?command=get_materiel&rest_code=00155&base_code=0010739&code=00101034103 HTTP/1.1" 200 432
61.165.42.208 - - [31/May/2021:08:40:50 +0800] "GET /xingrg/javascript/convert.js HTTP/1.1" 304 -
61.165.42.208 - - [31/May/2021:08:40:50 +0800] "GET /xingrg/javascript/jquery_tools/order_manager.js HTTP/1.1" 304 -
61.165.42.208 - - [31/May/2021:08:40:50 +0800] "GET /xingrg/javascript/json2.js HTTP/1.1" 304 -
61.165.42.208 - - [31/May/2021:08:40:50 +0800] "GET /xingrg/kc/buy/cgsh_order_add.html HTTP/1.1" 200 62312
61.165.42.208 - - [31/May/2021:08:40:50 +0800] "GET /xingrg/words/20210530115333_words.js HTTP/1.1" 200 818163
61.165.42.208 - - [31/May/2021:08:40:50 +0800] "GET /xingrg/javascript/easyui/themes/icons/copy_new.png HTTP/1.1" 304 -
61.165.42.208 - - [31/May/2021:08:40:50 +0800] "GET /xingrg/javascript/easyui/themes/icons/template_new.png HTTP/1.1" 304 -
61.165.42.208 - - [31/May/2021:08:40:50 +0800] "GET /xingrg/javascript/easyui/themes/icons/ok.png HTTP/1.1" 304 -
61.165.42.208 - - [31/May/2021:08:40:50 +0800] "GET /xingrg/javascript/easyui/themes/icons/print.png HTTP/1.1" 304 -
61.165.42.208 - - [31/May/2021:08:40:50 +0800] "GET /xingrg/javascript/easyui/themes/default/images/menu_downarrow.png HTTP/1.1" 304 -
61.165.42.208 - - [31/May/2021:08:40:50 +0800] "GET /xingrg/javascript/easyui/themes/icons/cancel.png HTTP/1.1" 304 -
61.165.42.208 - - [31/May/2021:08:40:50 +0800] "POST /xingrg/kc/buy/cgsh_order_operate.html HTTP/1.1" 200 8245
61.165.42.208 - - [31/May/2021:08:40:50 +0800] "GET /xingrg/all/common/auto_word.html?type=employee&rest_code=00105 HTTP/1.1" 200 193
61.165.42.208 - - [31/May/2021:08:40:50 +0800] "GET /xingrg/all/common/auto_word.html?type=employee&rest_code=00105 HTTP/1.1" 200 193
61.165.42.208 - - [31/May/2021:08:40:50 +0800] "GET /xingrg/javascript/easyui/plugins/jquery.validatebox.js HTTP/1.1" 304 -
61.165.42.208 - - [31/May/2021:08:40:50 +0800] "GET /xingrg/javascript/easyui/themes/default/validatebox.css HTTP/1.1" 404 1104
61.165.42.208 - - [31/May/2021:08:40:51 +0800] "GET /xingrg/javascript/easyui/themes/icons/edit_remove.png HTTP/1.1" 304 -
61.165.42.208 - - [31/May/2021:08:40:51 +0800] "GET /xingrg/javascript/easyui/plugins/jquery.numberbox.js HTTP/1.1" 304 -
61.165.42.208 - - [31/May/2021:08:40:51 +0800] "GET /xingrg/javascript/jquery_easy_ui/themes/default/images/tabs_active.png HTTP/1.1" 304 -
116.224.253.72 - - [31/May/2021:08:40:53 +0800] "GET /xingrg/all/function/internal_message.html?_=1622421652328&CODE_STATE=getMsg HTTP/1.1" 200 27
116.235.222.38 - - [31/May/2021:08:40:53 +0800] "GET /xingrg/kc/buy/cgsh_order_operate.html?command=get_materiel&rest_code=00107&code=00101008283&supplier_code=00100006&order_time=2021-05-31 HTTP/1.1" 200 408
116.230.110.80 - - [31/May/2021:08:40:59 +0800] "GET /xingrg/all/function/internal_message.html?_=1622421657283&CODE_STATE=getMsg HTTP/1.1" 200 27
180.161.111.4 - - [31/May/2021:08:41:01 +0800] "POST /xingrg/kc/buy/cgsh_order_operate.html HTTP/1.1" 200 37
116.235.222.38 - - [31/May/2021:08:41:03 +0800] "GET /xingrg/kc/buy/cgsh_order_operate.html?command=get_materiel&rest_code=00107&code=00101008185&supplier_code=00100006&order_time=2021-05-31 HTTP/1.1" 200 408
116.230.110.80 - - [31/May/2021:08:41:05 +0800] "POST /xingrg/kc/base/wldb_order_operate.html HTTP/1.1" 200 37
116.230.110.80 - - [31/May/2021:08:41:05 +0800] "POST /xingrg/kc/base/wldb_order_operate.html HTTP/1.1" 200 2194
116.230.110.80 - - [31/May/2021:08:41:06 +0800] "GET /xingrg/kc/base/wldb_order_info.html?code=422021053103491 HTTP/1.1" 200 30203
116.230.110.80 - - [31/May/2021:08:41:06 +0800] "GET /xingrg/javascript/easyui/themes/default/validatebox.css HTTP/1.1" 404 1104
180.161.111.4 - - [31/May/2021:08:41:06 +0800] "POST /xingrg/kc/buy/cgsh_order_operate.html HTTP/1.1" 200 7390
116.230.110.80 - - [31/May/2021:08:41:06 +0800] "POST /xingrg/kc/base/wldb_order_operate.html HTTP/1.1" 200 2194
116.235.222.38 - - [31/May/2021:08:41:06 +0800] "GET /xingrg/check_reg.html?_=1622421664597 HTTP/1.1" 200 22
116.235.222.38 - - [31/May/2021:08:41:06 +0800] "GET /xingrg/all/function/internal_message.html?_=1622421664602&CODE_STATE=getMsg HTTP/1.1" 200 27
222.69.130.24 - - [31/May/2021:08:41:07 +0800] "GET /xingrg/javascript/jquery_easy_ui/themes/default/images/tabs_active.png HTTP/1.1" 200 2894
222.69.130.24 - - [31/May/2021:08:41:08 +0800] "GET /xingrg/all/function/internal_message.html?_=1622421667726&CODE_STATE=getMsg HTTP/1.1" 200 27
116.230.110.80 - - [31/May/2021:08:41:13 +0800] "GET /xingrg/kc/base/wldb_order_add.html HTTP/1.1" 200 30193
116.230.110.80 - - [31/May/2021:08:41:13 +0800] "POST /xingrg/kc/base/wldb_order_operate.html HTTP/1.1" 200 6806
116.230.110.80 - - [31/May/2021:08:41:13 +0800] "GET /xingrg/javascript/easyui/themes/default/validatebox.css HTTP/1.1" 404 1104
116.235.222.38 - - [31/May/2021:08:41:14 +0800] "GET /xingrg/kc/buy/cgsh_order_operate.html?command=get_materiel&rest_code=00107&code=00101008361&supplier_code=00100006&order_time=2021-05-31 HTTP/1.1" 200 408
116.230.114.112 - - [31/May/2021:08:41:16 +0800] "GET /xingrg/all/function/internal_message.html?_=1622421677220&CODE_STATE=getMsg HTTP/1.1" 200 27
120.253.135.82 - - [31/May/2021:08:41:21 +0800] "GET /xingrg/all/function/internal_message.html?_=1622421720512&CODE_STATE=getMsg HTTP/1.1" 200 27
114.83.217.136 - - [31/May/2021:08:41:21 +0800] "GET /xingrg/all/function/internal_message.html?_=1622421682245&CODE_STATE=getMsg HTTP/1.1" 200 27
116.235.222.38 - - [31/May/2021:08:41:32 +0800] "GET /xingrg/kc/buy/cgsh_order_operate.html?command=get_materiel&rest_code=00107&code=00101008067&supplier_code=00100006&order_time=2021-05-31 HTTP/1.1" 200 418
116.235.222.38 - - [31/May/2021:08:41:36 +0800] "GET /xingrg/check_reg.html?_=1622421694155 HTTP/1.1" 200 22
116.235.222.38 - - [31/May/2021:08:41:36 +0800] "GET /xingrg/all/function/internal_message.html?_=1622421694156&CODE_STATE=getMsg HTTP/1.1" 200 27
61.165.42.208 - - [31/May/2021:08:41:41 +0800] "GET /xingrg/javascript/auto/indicator.gif HTTP/1.1" 404 1066
61.165.42.208 - - [31/May/2021:08:41:46 +0800] "GET /xingrg/all/function/internal_message.html?_=1622421705189&CODE_STATE=getMsg HTTP/1.1" 200 27
180.161.111.4 - - [31/May/2021:08:41:49 +0800] "GET /xingrg/check_reg.html?_=1622421707636 HTTP/1.1" 200 22
180.161.111.4 - - [31/May/2021:08:41:49 +0800] "GET /xingrg/all/function/internal_message.html?_=1622421707635&CODE_STATE=getMsg HTTP/1.1" 200 27
116.224.253.72 - - [31/May/2021:08:41:53 +0800] "GET /xingrg/all/function/internal_message.html?_=1622421712313&CODE_STATE=getMsg HTTP/1.1" 200 27
61.165.42.208 - - [31/May/2021:08:41:56 +0800] "GET /xingrg/kc/buy/cgsh_order_operate.html?command=get_materiel&rest_code=00105&code=00101008045&supplier_code=00100203&order_time=2021-05-31 HTTP/1.1" 200 412
116.230.110.80 - - [31/May/2021:08:41:59 +0800] "GET /xingrg/all/function/internal_message.html?_=1622421717260&CODE_STATE=getMsg HTTP/1.1" 200 27
180.161.111.4 - - [31/May/2021:08:42:06 +0800] "GET /xingrg/all/function/internal_message.html?_=1622421685719&CODE_STATE=getMsg HTTP/1.1" 200 27
116.235.222.38 - - [31/May/2021:08:42:06 +0800] "GET /xingrg/all/function/internal_message.html?_=1622421724602&CODE_STATE=getMsg HTTP/1.1" 200 27
222.69.130.24 - - [31/May/2021:08:42:08 +0800] "GET /xingrg/all/function/internal_message.html?_=1622421727726&CODE_STATE=getMsg HTTP/1.1" 200 27
61.165.42.208 - - [31/May/2021:08:42:12 +0800] "GET /xingrg/kc/buy/cgsh_order_operate.html?command=get_materiel&rest_code=00105&code=00101008312&supplier_code=00100203&order_time=2021-05-31 HTTP/1.1" 200 412
180.169.147.146 - - [31/May/2021:08:42:16 +0800] "GET /xingrg/check_reg.html?_=1622421735527 HTTP/1.1" 200 22
116.230.114.112 - - [31/May/2021:08:42:16 +0800] "GET /xingrg/all/function/internal_message.html?_=1622421737239&CODE_STATE=getMsg HTTP/1.1" 200 27
61.165.42.208 - - [31/May/2021:08:42:20 +0800] "GET /xingrg/kc/buy/cgsh_order_operate.html?command=get_materiel&rest_code=00105&code=00101008096&supplier_code=00100203&order_time=2021-05-31 HTTP/1.1" 200 412
120.253.135.82 - - [31/May/2021:08:42:21 +0800] "GET /xingrg/all/function/internal_message.html?_=1622421780534&CODE_STATE=getMsg HTTP/1.1" 200 27
114.83.217.136 - - [31/May/2021:08:42:21 +0800] "GET /xingrg/all/function/internal_message.html?_=1622421742218&CODE_STATE=getMsg HTTP/1.1" 200 27
116.235.222.38 - - [31/May/2021:08:42:22 +0800] "GET /xingrg/kc/buy/cgsh_order_operate.html?command=get_materiel&rest_code=00107&code=00101008356&supplier_code=00100006&order_time=2021-05-31 HTTP/1.1" 200 408
61.165.42.208 - - [31/May/2021:08:42:27 +0800] "GET /xingrg/kc/buy/cgsh_order_operate.html?command=get_materiel&rest_code=00105&code=00101008221&supplier_code=00100203&order_time=2021-05-31 HTTP/1.1" 200 412
116.235.222.38 - - [31/May/2021:08:42:36 +0800] "GET /xingrg/all/function/internal_message.html?_=1622421754150&CODE_STATE=getMsg HTTP/1.1" 200 27
180.161.111.4 - - [31/May/2021:08:42:37 +0800] "POST /xingrg/kc/buy/cgsh_order_operate.html HTTP/1.1" 200 37
61.165.42.208 - - [31/May/2021:08:42:38 +0800] "GET /xingrg/kc/buy/cgsh_order_operate.html?command=get_materiel&rest_code=00105&code=00101008088&supplier_code=00100203&order_time=2021-05-31 HTTP/1.1" 200 408
116.235.222.38 - - [31/May/2021:08:42:38 +0800] "GET /xingrg/kc/buy/cgsh_order_operate.html?command=get_materiel&rest_code=00107&code=00101008357&supplier_code=00100006&order_time=2021-05-31 HTTP/1.1" 200 408
61.165.42.208 - - [31/May/2021:08:42:46 +0800] "GET /xingrg/kc/buy/cgsh_order_operate.html?command=get_materiel&rest_code=00105&code=00101008163&supplier_code=00100203&order_time=2021-05-31 HTTP/1.1" 200 408
61.165.42.208 - - [31/May/2021:08:42:46 +0800] "GET /xingrg/all/function/internal_message.html?_=1622421765187&CODE_STATE=getMsg HTTP/1.1" 200 27
180.161.111.4 - - [31/May/2021:08:42:49 +0800] "GET /xingrg/all/function/internal_message.html?_=1622421767633&CODE_STATE=getMsg HTTP/1.1" 200 27
116.235.222.38 - - [31/May/2021:08:42:49 +0800] "GET /xingrg/kc/buy/cgsh_order_operate.html?command=get_materiel&rest_code=00107&code=00101008131&supplier_code=00100006&order_time=2021-05-31 HTTP/1.1" 200 408
116.224.253.72 - - [31/May/2021:08:42:53 +0800] "GET /xingrg/all/function/internal_message.html?_=1622421772297&CODE_STATE=getMsg HTTP/1.1" 200 27
180.161.111.4 - - [31/May/2021:08:42:53 +0800] "POST /xingrg/kc/buy/cgsh_order_operate.html HTTP/1.1" 200 7983
116.235.222.38 - - [31/May/2021:08:42:59 +0800] "GET /xingrg/kc/buy/cgsh_order_operate.html?command=get_materiel&rest_code=00107&code=00101008296&supplier_code=00100006&order_time=2021-05-31 HTTP/1.1" 200 416
116.230.110.80 - - [31/May/2021:08:42:59 +0800] "GET /xingrg/all/function/internal_message.html?_=1622421777236&CODE_STATE=getMsg HTTP/1.1" 200 27
116.230.110.80 - - [31/May/2021:08:43:01 +0800] "GET /xingrg/kc/base/wldb_order_operate.html?command=get_materiel&rest_code=00155&base_code=0010739&code=00101029073 HTTP/1.1" 200 476
116.235.222.38 - - [31/May/2021:08:43:02 +0800] "POST /xingrg/kc/buy/cgsh_order_operate.html HTTP/1.1" 200 2065
180.161.111.4 - - [31/May/2021:08:43:05 +0800] "GET /xingrg/check_reg.html?_=1622421745386 HTTP/1.1" 200 22
116.230.110.80 - - [31/May/2021:08:43:05 +0800] "POST /xingrg/kc/base/wldb_order_operate.html HTTP/1.1" 200 37
180.161.111.4 - - [31/May/2021:08:43:06 +0800] "GET /xingrg/all/function/internal_message.html?_=1622421745726&CODE_STATE=getMsg HTTP/1.1" 200 27
116.230.110.80 - - [31/May/2021:08:43:06 +0800] "POST /xingrg/kc/base/wldb_order_operate.html HTTP/1.1" 200 2233
116.230.110.80 - - [31/May/2021:08:43:06 +0800] "GET /xingrg/kc/base/wldb_order_info.html?code=422021053103492 HTTP/1.1" 200 30204
116.230.110.80 - - [31/May/2021:08:43:06 +0800] "GET /xingrg/javascript/easyui/themes/default/validatebox.css HTTP/1.1" 404 1104
116.235.222.38 - - [31/May/2021:08:43:06 +0800] "GET /xingrg/all/function/internal_message.html?_=1622421784601&CODE_STATE=getMsg HTTP/1.1" 200 27
116.230.110.80 - - [31/May/2021:08:43:06 +0800] "POST /xingrg/kc/base/wldb_order_operate.html HTTP/1.1" 200 2233
116.224.253.72 - - [31/May/2021:08:43:07 +0800] "GET /xingrg/check_reg.html?_=1622421787132 HTTP/1.1" 200 22
222.69.130.24 - - [31/May/2021:08:43:08 +0800] "GET /xingrg/all/function/internal_message.html?_=1622421787736&CODE_STATE=getMsg HTTP/1.1" 200 27
116.235.222.38 - - [31/May/2021:08:43:09 +0800] "GET /xingrg/kc/buy/cgsh_order_operate.html?command=get_materiel&rest_code=00107&code=00101008270&supplier_code=00100006&order_time=2021-05-31 HTTP/1.1" 200 412
222.70.177.128 - - [31/May/2021:08:43:10 +0800] "GET /xingrg/login.html HTTP/1.1" 200 7641
222.70.177.128 - - [31/May/2021:08:43:11 +0800] "GET /favicon.ico HTTP/1.1" 404 -
61.165.42.208 - - [31/May/2021:08:43:12 +0800] "GET /xingrg/kc/buy/cgsh_order_operate.html?command=get_materiel&rest_code=00105&code=00101008355&supplier_code=00100203&order_time=2021-05-31 HTTP/1.1" 200 408
222.70.177.128 - - [31/May/2021:08:43:13 +0800] "POST /xingrg/login.do HTTP/1.1" 302 -
222.70.177.128 - - [31/May/2021:08:43:13 +0800] "GET /xingrg/index.html?sysBaseUrl=http%3A%2F%2F180.169.147.146%3A18081%2Fxingrg%2F&costTime=41×tamp=1622421793117 HTTP/1.1" 200 17173
222.70.177.128 - - [31/May/2021:08:43:13 +0800] "GET /favicon.ico HTTP/1.1" 404 -
222.70.177.128 - - [31/May/2021:08:43:13 +0800] "POST /xingrg/all/common/load_tree.html?tree=area_rest_tree_json&manage=1 HTTP/1.1" 200 342
222.70.177.128 - - [31/May/2021:08:43:13 +0800] "GET /xingrg/all/function/internal_message.html?_=1622421791799&CODE_STATE=count HTTP/1.1" 200 11
222.70.177.128 - - [31/May/2021:08:43:13 +0800] "GET /xingrg/check_reg.html?_=1622421791800 HTTP/1.1" 200 22
222.70.177.128 - - [31/May/2021:08:43:13 +0800] "POST /xingrg/load_menu.html HTTP/1.1" 200 5138
116.230.114.112 - - [31/May/2021:08:43:16 +0800] "GET /xingrg/all/function/internal_message.html?_=1622421797248&CODE_STATE=getMsg HTTP/1.1" 200 27
120.253.135.82 - - [31/May/2021:08:43:21 +0800] "GET /xingrg/all/function/internal_message.html?_=1622421840539&CODE_STATE=getMsg HTTP/1.1" 200 27
114.83.217.136 - - [31/May/2021:08:43:21 +0800] "GET /xingrg/all/function/internal_message.html?_=1622421802201&CODE_STATE=getMsg HTTP/1.1" 200 27
222.70.177.128 - - [31/May/2021:08:43:22 +0800] "GET /xingrg/kc/buy/buy_main.html HTTP/1.1" 200 12412
222.70.177.128 - - [31/May/2021:08:43:22 +0800] "GET /xingrg/css/new_ie.css HTTP/1.1" 404 1036
222.70.177.128 - - [31/May/2021:08:43:22 +0800] "GET /xingrg/images/yd/bt.gif HTTP/1.1" 404 1040
180.169.147.146 - - [31/May/2021:08:43:23 +0800] "GET /xingrg/check_reg.html?_=1622421802295 HTTP/1.1" 302 -
61.165.42.208 - - [31/May/2021:08:43:23 +0800] "GET /xingrg/kc/buy/cgsh_order_operate.html?command=get_materiel&rest_code=00105&code=00101008264&supplier_code=00100203&order_time=2021-05-31 HTTP/1.1" 200 412
116.235.222.38 - - [31/May/2021:08:43:23 +0800] "GET /xingrg/kc/buy/cgsh_order_operate.html?command=get_materiel&rest_code=00107&code=00101008049&supplier_code=00100006&order_time=2021-05-31 HTTP/1.1" 200 410
222.70.177.128 - - [31/May/2021:08:43:23 +0800] "GET /xingrg/kc/buy/cgsh_order_list.html HTTP/1.1" 200 46527
180.161.111.4 - - [31/May/2021:08:43:24 +0800] "POST /xingrg/kc/buy/cgsh_order_operate.html HTTP/1.1" 200 37
222.70.177.128 - - [31/May/2021:08:43:25 +0800] "POST /xingrg/kc/buy/cgsh_list_operate.html HTTP/1.1" 200 876
222.70.177.128 - - [31/May/2021:08:43:28 +0800] "GET /xingrg/kc/buy/cgsh_order_add.html HTTP/1.1" 200 62265
222.70.177.128 - - [31/May/2021:08:43:28 +0800] "GET /xingrg/words/20210530115333_words.js HTTP/1.1" 304 -
222.70.177.128 - - [31/May/2021:08:43:28 +0800] "POST /xingrg/kc/buy/cgsh_order_operate.html HTTP/1.1" 200 8245
222.70.177.128 - - [31/May/2021:08:43:28 +0800] "GET /xingrg/all/common/auto_word.html?type=employee&rest_code=00111 HTTP/1.1" 200 155
222.70.177.128 - - [31/May/2021:08:43:28 +0800] "GET /xingrg/all/common/auto_word.html?type=employee&rest_code=00111 HTTP/1.1" 200 155
222.70.177.128 - - [31/May/2021:08:43:31 +0800] "GET /xingrg/javascript/easyui/themes/default/validatebox.css HTTP/1.1" 404 1104
61.165.42.208 - - [31/May/2021:08:43:33 +0800] "GET /xingrg/kc/buy/cgsh_order_operate.html?command=get_materiel&rest_code=00105&code=00101008024&supplier_code=00100203&order_time=2021-05-31 HTTP/1.1" 200 408
222.70.177.128 - - [31/May/2021:08:43:34 +0800] "GET /xingrg/javascript/auto/indicator.gif HTTP/1.1" 404 1066
180.161.111.4 - - [31/May/2021:08:43:35 +0800] "POST /xingrg/kc/buy/cgsh_order_operate.html HTTP/1.1" 200 12
180.161.111.4 - - [31/May/2021:08:43:36 +0800] "GET /xingrg/kc/buy/cgsh_order_info.html?code=212021053113988 HTTP/1.1" 200 57114
180.161.111.4 - - [31/May/2021:08:43:36 +0800] "GET /xingrg/javascript/jquery_easy_ui/themes/icons/area.png HTTP/1.1" 304 -
180.161.111.4 - - [31/May/2021:08:43:36 +0800] "GET /xingrg/javascript/jquery_easy_ui/themes/icons/rest.png HTTP/1.1" 304 -
116.235.222.38 - - [31/May/2021:08:43:36 +0800] "GET /xingrg/all/function/internal_message.html?_=1622421814165&CODE_STATE=getMsg HTTP/1.1" 200 27
180.161.111.4 - - [31/May/2021:08:43:37 +0800] "GET /xingrg/javascript/easyui/themes/default/validatebox.css HTTP/1.1" 404 1104
180.161.111.4 - - [31/May/2021:08:43:37 +0800] "POST /xingrg/kc/buy/cgsh_order_operate.html HTTP/1.1" 200 5928
180.161.111.4 - - [31/May/2021:08:43:39 +0800] "GET /xingrg/kc/print/load_config.html?kc_code=cgsh HTTP/1.1" 200 1845
180.161.111.4 - - [31/May/2021:08:43:39 +0800] "GET /xingrg/kc/print/load_data.html?order_code=212021053113988&kc_code=cgsh&condition= HTTP/1.1" 200 2687
116.235.222.38 - - [31/May/2021:08:43:40 +0800] "GET /xingrg/kc/buy/cgsh_order_operate.html?command=get_materiel&rest_code=00107&code=00101008141&supplier_code=00100006&order_time=2021-05-31 HTTP/1.1" 200 412
61.165.42.208 - - [31/May/2021:08:43:40 +0800] "GET /xingrg/kc/buy/cgsh_order_operate.html?command=get_materiel&rest_code=00105&code=00101008356&supplier_code=00100203&order_time=2021-05-31 HTTP/1.1" 200 408
222.70.177.128 - - [31/May/2021:08:43:41 +0800] "GET /xingrg/javascript/jquery_tools/images/prev.gif HTTP/1.1" 404 1086
