116.235.222.38 - - [28/May/2021:10:50:38 +0800] "GET /xingrg/all/function/internal_message.html?_=1622170236363&CODE_STATE=getMsg HTTP/1.1" 200 27
180.169.147.146 - - [28/May/2021:10:50:40 +0800] "GET /xingrg/all/function/internal_message.html?_=1622170236527&CODE_STATE=getMsg HTTP/1.1" 200 27
116.224.253.72 - - [28/May/2021:10:50:42 +0800] "POST /xingrg/kc/buy/cgsh_order_operate.html HTTP/1.1" 200 37
61.165.42.208 - - [28/May/2021:10:50:42 +0800] "GET /xingrg/kc/print/load_data.html?order_code=212021052812549&kc_code=cgsh&condition= HTTP/1.1" 200 2734
117.131.5.26 - - [28/May/2021:10:50:43 +0800] "GET /xingrg/all/function/internal_message.html?_=1622170331626&CODE_STATE=getMsg HTTP/1.1" 200 27
116.224.253.72 - - [28/May/2021:10:50:45 +0800] "POST /xingrg/kc/buy/cgsh_order_operate.html HTTP/1.1" 200 12
116.224.253.72 - - [28/May/2021:10:50:46 +0800] "GET /xingrg/kc/buy/cgsh_order_info.html?code=212021052812550 HTTP/1.1" 200 56715
116.224.253.72 - - [28/May/2021:10:50:47 +0800] "GET /xingrg/javascript/easyui/themes/default/validatebox.css HTTP/1.1" 404 1104
116.224.253.72 - - [28/May/2021:10:50:47 +0800] "POST /xingrg/kc/buy/cgsh_order_operate.html HTTP/1.1" 200 1225
116.224.253.72 - - [28/May/2021:10:50:49 +0800] "GET /xingrg/kc/print/load_data.html?order_code=212021052812550&kc_code=cgsh&condition= HTTP/1.1" 200 980
61.165.42.208 - - [28/May/2021:10:50:50 +0800] "GET /xingrg/all/function/internal_message.html?_=1622170228399&CODE_STATE=getMsg HTTP/1.1" 200 27
120.253.135.82 - - [28/May/2021:10:50:53 +0800] "GET /xingrg/all/function/internal_message.html?_=1622170033464&CODE_STATE=getMsg HTTP/1.1" 200 27
124.79.241.247 - - [28/May/2021:10:50:55 +0800] "POST /xingrg/services/DataTransmitService HTTP/1.1" 200 524
124.79.241.247 - - [28/May/2021:10:50:56 +0800] "POST /xingrg/services/DataTransmitService HTTP/1.1" 200 2231
124.79.241.247 - - [28/May/2021:10:50:56 +0800] "POST /xingrg/services/DataTransmitService HTTP/1.1" 200 131759
116.224.253.72 - - [28/May/2021:10:50:56 +0800] "GET /xingrg/kc/buy/cgsh_order_add.html HTTP/1.1" 200 61805
116.224.253.72 - - [28/May/2021:10:50:57 +0800] "POST /xingrg/kc/buy/cgsh_order_operate.html HTTP/1.1" 200 8245
116.224.253.72 - - [28/May/2021:10:50:57 +0800] "GET /xingrg/javascript/easyui/themes/default/validatebox.css HTTP/1.1" 404 1104
222.69.131.161 - - [28/May/2021:10:51:04 +0800] "GET /xingrg/all/function/internal_message.html?_=1622170261218&CODE_STATE=getMsg HTTP/1.1" 200 27
222.69.131.161 - - [28/May/2021:10:51:04 +0800] "GET /xingrg/check_reg.html?_=1622170261219 HTTP/1.1" 200 22
116.224.253.72 - - [28/May/2021:10:51:05 +0800] "GET /xingrg/all/function/internal_message.html?_=1622170267492&CODE_STATE=getMsg HTTP/1.1" 200 27
116.224.253.72 - - [28/May/2021:10:51:08 +0800] "GET /xingrg/kc/buy/cgsh_order_operate.html?command=get_materiel&rest_code=00151&code=00101012049&supplier_code=00100338&order_time=2021-05-28 HTTP/1.1" 200 430
180.169.147.146 - - [28/May/2021:10:51:08 +0800] "GET /xingrg/all/function/internal_message.html?_=1622170269262&CODE_STATE=getMsg HTTP/1.1" 200 27
120.253.135.82 - - [28/May/2021:10:51:13 +0800] "GET /xingrg/all/function/internal_message.html?_=1622170313810&CODE_STATE=getMsg HTTP/1.1" 200 27
116.233.77.22 - - [28/May/2021:10:51:13 +0800] "GET /xingrg/all/function/internal_message.html?_=1622170272072&CODE_STATE=getMsg HTTP/1.1" 200 27
116.230.114.112 - - [28/May/2021:10:51:16 +0800] "GET /xingrg/all/function/internal_message.html?_=1622170291239&CODE_STATE=getMsg HTTP/1.1" 200 27
116.224.253.72 - - [28/May/2021:10:51:17 +0800] "POST /xingrg/kc/buy/cgsh_order_operate.html HTTP/1.1" 200 37
58.37.225.51 - - [28/May/2021:10:51:20 +0800] "GET /xingrg/all/function/internal_message.html?_=1622170291719&CODE_STATE=getMsg HTTP/1.1" 200 27
117.184.7.26 - - [28/May/2021:10:51:20 +0800] "GET /xingrg/check_reg.html?_=1622170273546 HTTP/1.1" 302 -
117.184.7.26 - - [28/May/2021:10:51:20 +0800] "GET /xingrg/all/function/internal_message.html?_=1622170273546&CODE_STATE=getMsg HTTP/1.1" 302 -
61.151.178.225 - - [28/May/2021:10:51:20 +0800] "GET /xingrg/all/function/internal_message.html?_=1622170231715&CODE_STATE=getMsg HTTP/1.1" 302 -
117.184.7.26 - - [28/May/2021:10:51:20 +0800] "GET /xingrg/login.html HTTP/1.1" 200 7641
117.184.7.26 - - [28/May/2021:10:51:20 +0800] "GET /xingrg/login.html HTTP/1.1" 200 7641
61.151.178.225 - - [28/May/2021:10:51:21 +0800] "GET /xingrg/login.html HTTP/1.1" 200 7641
116.224.253.72 - - [28/May/2021:10:51:22 +0800] "GET /xingrg/all/function/internal_message.html?_=1622170279679&CODE_STATE=getMsg HTTP/1.1" 200 27
116.224.253.72 - - [28/May/2021:10:51:22 +0800] "GET /xingrg/check_reg.html?_=1622170279874 HTTP/1.1" 200 22
116.224.253.72 - - [28/May/2021:10:51:22 +0800] "POST /xingrg/kc/buy/cgsh_order_operate.html HTTP/1.1" 200 12
116.224.253.72 - - [28/May/2021:10:51:23 +0800] "GET /xingrg/kc/buy/cgsh_order_info.html?code=212021052812551 HTTP/1.1" 200 56715
116.224.253.72 - - [28/May/2021:10:51:23 +0800] "GET /xingrg/javascript/easyui/themes/default/validatebox.css HTTP/1.1" 404 1104
116.224.253.72 - - [28/May/2021:10:51:24 +0800] "POST /xingrg/kc/buy/cgsh_order_operate.html HTTP/1.1" 200 627
116.224.253.72 - - [28/May/2021:10:51:26 +0800] "GET /xingrg/kc/print/load_data.html?order_code=212021052812551&kc_code=cgsh&condition= HTTP/1.1" 200 751
116.230.114.112 - - [28/May/2021:10:51:26 +0800] "GET /xingrg/all/function/internal_message.html?_=1622170298724&CODE_STATE=getMsg HTTP/1.1" 200 27
58.37.225.51 - - [28/May/2021:10:51:29 +0800] "GET /xingrg/all/function/internal_message.html?_=1622170235445&CODE_STATE=getMsg HTTP/1.1" 200 27
117.185.32.26 - - [28/May/2021:10:51:30 +0800] "GET /xingrg/all/function/internal_message.html?_=1622170290216&CODE_STATE=getMsg HTTP/1.1" 200 27
222.69.131.161 - - [28/May/2021:10:51:32 +0800] "GET /xingrg/kc/buy/cgsh_order_add.html HTTP/1.1" 200 62204
222.69.131.161 - - [28/May/2021:10:51:32 +0800] "POST /xingrg/kc/buy/cgsh_order_operate.html HTTP/1.1" 200 8245
222.69.131.161 - - [28/May/2021:10:51:32 +0800] "GET /xingrg/javascript/easyui/themes/default/validatebox.css HTTP/1.1" 404 1104
116.230.110.80 - - [28/May/2021:10:51:34 +0800] "GET /xingrg/all/function/internal_message.html?_=1622170288661&CODE_STATE=getMsg HTTP/1.1" 200 27
116.224.253.72 - - [28/May/2021:10:51:35 +0800] "GET /xingrg/kc/buy/cgsh_order_add.html HTTP/1.1" 200 61805
116.224.253.72 - - [28/May/2021:10:51:36 +0800] "POST /xingrg/kc/buy/cgsh_order_operate.html HTTP/1.1" 200 8245
116.224.253.72 - - [28/May/2021:10:51:36 +0800] "GET /xingrg/javascript/easyui/themes/default/validatebox.css HTTP/1.1" 404 1104
58.40.7.146 - - [28/May/2021:10:51:38 +0800] "GET /xingrg/all/function/internal_message.html?_=1622170295520&CODE_STATE=getMsg HTTP/1.1" 200 27
116.235.222.38 - - [28/May/2021:10:51:38 +0800] "GET /xingrg/all/function/internal_message.html?_=1622170296352&CODE_STATE=getMsg HTTP/1.1" 200 27
180.169.147.146 - - [28/May/2021:10:51:40 +0800] "GET /xingrg/all/function/internal_message.html?_=1622170296535&CODE_STATE=getMsg HTTP/1.1" 200 27
222.69.131.161 - - [28/May/2021:10:51:42 +0800] "GET /xingrg/kc/buy/cgsh_order_operate.html?command=get_materiel&rest_code=00149&code=00101009109&supplier_code=00100201&order_time=2021-05-28 HTTP/1.1" 200 399
117.131.5.26 - - [28/May/2021:10:51:43 +0800] "GET /xingrg/all/function/internal_message.html?_=1622170391626&CODE_STATE=getMsg HTTP/1.1" 200 27
116.224.253.72 - - [28/May/2021:10:51:44 +0800] "GET /xingrg/kc/buy/cgsh_order_operate.html?command=get_materiel&rest_code=00151&code=00101010079&supplier_code=00100336&order_time=2021-05-28 HTTP/1.1" 200 413
61.165.42.208 - - [28/May/2021:10:51:50 +0800] "GET /xingrg/all/function/internal_message.html?_=1622170288384&CODE_STATE=getMsg HTTP/1.1" 200 27
116.224.253.72 - - [28/May/2021:10:51:52 +0800] "POST /xingrg/kc/buy/cgsh_order_operate.html HTTP/1.1" 200 37
120.253.135.82 - - [28/May/2021:10:51:53 +0800] "GET /xingrg/all/function/internal_message.html?_=1622170093473&CODE_STATE=getMsg HTTP/1.1" 200 27
222.69.131.161 - - [28/May/2021:10:51:54 +0800] "GET /xingrg/kc/buy/cgsh_order_operate.html?command=get_materiel&rest_code=00149&code=00101009062&supplier_code=00100201&order_time=2021-05-28 HTTP/1.1" 200 412
116.224.253.72 - - [28/May/2021:10:51:55 +0800] "POST /xingrg/kc/buy/cgsh_order_operate.html HTTP/1.1" 200 12
116.224.253.72 - - [28/May/2021:10:51:56 +0800] "GET /xingrg/kc/buy/cgsh_order_info.html?code=212021052812552 HTTP/1.1" 200 56711
116.224.253.72 - - [28/May/2021:10:51:57 +0800] "GET /xingrg/javascript/easyui/themes/default/validatebox.css HTTP/1.1" 404 1104
116.224.253.72 - - [28/May/2021:10:51:57 +0800] "POST /xingrg/kc/buy/cgsh_order_operate.html HTTP/1.1" 200 618
116.224.253.72 - - [28/May/2021:10:51:59 +0800] "GET /xingrg/kc/print/load_data.html?order_code=212021052812552&kc_code=cgsh&condition= HTTP/1.1" 200 741
222.69.131.161 - - [28/May/2021:10:52:01 +0800] "GET /xingrg/kc/buy/cgsh_order_operate.html?command=get_materiel&rest_code=00149&code=00101009011&supplier_code=00100201&order_time=2021-05-28 HTTP/1.1" 200 416
222.69.131.161 - - [28/May/2021:10:52:04 +0800] "GET /xingrg/all/function/internal_message.html?_=1622170321231&CODE_STATE=getMsg HTTP/1.1" 200 27
116.224.253.72 - - [28/May/2021:10:52:05 +0800] "GET /xingrg/all/function/internal_message.html?_=1622170327505&CODE_STATE=getMsg HTTP/1.1" 200 27
180.169.147.146 - - [28/May/2021:10:52:08 +0800] "GET /xingrg/all/function/internal_message.html?_=1622170329276&CODE_STATE=getMsg HTTP/1.1" 200 27
222.69.131.161 - - [28/May/2021:10:52:10 +0800] "GET /xingrg/kc/buy/cgsh_order_operate.html?command=get_materiel&rest_code=00149&code=00101009059&supplier_code=00100201&order_time=2021-05-28 HTTP/1.1" 200 409
120.253.135.82 - - [28/May/2021:10:52:11 +0800] "GET /xingrg/check_reg.html?_=1622170372561 HTTP/1.1" 200 22
120.253.135.82 - - [28/May/2021:10:52:13 +0800] "GET /xingrg/all/function/internal_message.html?_=1622170373824&CODE_STATE=getMsg HTTP/1.1" 200 27
116.233.77.22 - - [28/May/2021:10:52:13 +0800] "GET /xingrg/all/function/internal_message.html?_=1622170332074&CODE_STATE=getMsg HTTP/1.1" 200 27
116.224.253.72 - - [28/May/2021:10:52:14 +0800] "GET /xingrg/kc/buy/cgsh_order_add.html HTTP/1.1" 200 61805
116.224.253.72 - - [28/May/2021:10:52:14 +0800] "POST /xingrg/kc/buy/cgsh_order_operate.html HTTP/1.1" 200 8245
116.224.253.72 - - [28/May/2021:10:52:14 +0800] "GET /xingrg/javascript/easyui/themes/default/validatebox.css HTTP/1.1" 404 1104
116.230.114.112 - - [28/May/2021:10:52:16 +0800] "GET /xingrg/all/function/internal_message.html?_=1622170351249&CODE_STATE=getMsg HTTP/1.1" 200 27
61.151.207.205 - - [28/May/2021:10:52:19 +0800] "GET /xingrg/all/function/internal_message.html?_=1622170291719&CODE_STATE=getMsg HTTP/1.1" 302 -
180.169.147.146 - - [28/May/2021:10:52:20 +0800] "GET /xingrg/check_reg.html?_=1622170322675 HTTP/1.1" 200 22
61.151.207.205 - - [28/May/2021:10:52:20 +0800] "GET /xingrg/login.html HTTP/1.1" 200 7641
58.37.225.51 - - [28/May/2021:10:52:20 +0800] "GET /xingrg/all/function/internal_message.html?_=1622170351721&CODE_STATE=getMsg HTTP/1.1" 200 27
58.37.225.51 - - [28/May/2021:10:52:20 +0800] "GET /xingrg/check_reg.html?_=1622170351722 HTTP/1.1" 200 22
117.184.7.26 - - [28/May/2021:10:52:21 +0800] "GET /xingrg/all/function/internal_message.html?_=1622170333547&CODE_STATE=getMsg HTTP/1.1" 302 -
117.184.7.26 - - [28/May/2021:10:52:21 +0800] "GET /xingrg/login.html HTTP/1.1" 200 7641
222.69.131.161 - - [28/May/2021:10:52:21 +0800] "GET /xingrg/kc/buy/cgsh_order_operate.html?command=get_materiel&rest_code=00149&code=00101009039&supplier_code=00100201&order_time=2021-05-28 HTTP/1.1" 200 410
116.224.253.72 - - [28/May/2021:10:52:22 +0800] "GET /xingrg/all/function/internal_message.html?_=1622170339656&CODE_STATE=getMsg HTTP/1.1" 200 27
116.230.114.112 - - [28/May/2021:10:52:26 +0800] "GET /xingrg/all/function/internal_message.html?_=1622170358726&CODE_STATE=getMsg HTTP/1.1" 200 27
116.224.253.72 - - [28/May/2021:10:52:27 +0800] "GET /xingrg/kc/buy/cgsh_order_operate.html?command=get_materiel&rest_code=00151&code=00101001138&supplier_code=00100312&order_time=2021-05-28 HTTP/1.1" 200 433
58.37.225.51 - - [28/May/2021:10:52:29 +0800] "GET /xingrg/all/function/internal_message.html?_=1622170295416&CODE_STATE=getMsg HTTP/1.1" 200 27
117.185.32.26 - - [28/May/2021:10:52:30 +0800] "GET /xingrg/all/function/internal_message.html?_=1622170350196&CODE_STATE=getMsg HTTP/1.1" 200 27
116.230.110.80 - - [28/May/2021:10:52:34 +0800] "GET /xingrg/check_reg.html?_=1622170348654 HTTP/1.1" 200 22
116.230.110.80 - - [28/May/2021:10:52:34 +0800] "GET /xingrg/all/function/internal_message.html?_=1622170348658&CODE_STATE=getMsg HTTP/1.1" 200 27
116.224.253.72 - - [28/May/2021:10:52:37 +0800] "GET /xingrg/kc/buy/cgsh_order_operate.html?command=get_materiel&rest_code=00151&code=00101005017&supplier_code=00100312&order_time=2021-05-28 HTTP/1.1" 200 409
58.40.7.146 - - [28/May/2021:10:52:38 +0800] "GET /xingrg/all/function/internal_message.html?_=1622170355523&CODE_STATE=getMsg HTTP/1.1" 200 27
116.235.222.38 - - [28/May/2021:10:52:38 +0800] "GET /xingrg/all/function/internal_message.html?_=1622170356336&CODE_STATE=getMsg HTTP/1.1" 200 27
180.169.147.146 - - [28/May/2021:10:52:40 +0800] "GET /xingrg/all/function/internal_message.html?_=1622170356529&CODE_STATE=getMsg HTTP/1.1" 200 27
117.131.5.26 - - [28/May/2021:10:52:43 +0800] "GET /xingrg/all/function/internal_message.html?_=1622170451624&CODE_STATE=getMsg HTTP/1.1" 200 27
116.224.253.72 - - [28/May/2021:10:52:46 +0800] "GET /xingrg/kc/buy/cgsh_order_operate.html?command=get_materiel&rest_code=00151&code=00101001096&supplier_code=00100312&order_time=2021-05-28 HTTP/1.1" 200 413
61.165.42.208 - - [28/May/2021:10:52:50 +0800] "GET /xingrg/all/function/internal_message.html?_=1622170348369&CODE_STATE=getMsg HTTP/1.1" 200 27
120.253.135.82 - - [28/May/2021:10:52:53 +0800] "GET /xingrg/check_reg.html?_=1622170153304 HTTP/1.1" 200 22
120.253.135.82 - - [28/May/2021:10:52:53 +0800] "GET /xingrg/all/function/internal_message.html?_=1622170153486&CODE_STATE=getMsg HTTP/1.1" 200 27
222.69.131.161 - - [28/May/2021:10:53:04 +0800] "GET /xingrg/all/function/internal_message.html?_=1622170381242&CODE_STATE=getMsg HTTP/1.1" 200 27
116.224.253.72 - - [28/May/2021:10:53:05 +0800] "GET /xingrg/all/function/internal_message.html?_=1622170387519&CODE_STATE=getMsg HTTP/1.1" 200 27
180.169.147.146 - - [28/May/2021:10:53:08 +0800] "GET /xingrg/all/function/internal_message.html?_=1622170389262&CODE_STATE=getMsg HTTP/1.1" 200 27
116.233.77.22 - - [28/May/2021:10:53:13 +0800] "GET /xingrg/all/function/internal_message.html?_=1622170392076&CODE_STATE=getMsg HTTP/1.1" 200 27
120.253.135.82 - - [28/May/2021:10:53:13 +0800] "GET /xingrg/all/function/internal_message.html?_=1622170433837&CODE_STATE=getMsg HTTP/1.1" 200 27
116.224.253.72 - - [28/May/2021:10:53:14 +0800] "GET /xingrg/kc/buy/cgsh_order_operate.html?command=get_materiel&rest_code=00151&code=00101001171&supplier_code=00100312&order_time=2021-05-28 HTTP/1.1" 200 415
116.230.114.112 - - [28/May/2021:10:53:16 +0800] "GET /xingrg/all/function/internal_message.html?_=1622170411695&CODE_STATE=getMsg HTTP/1.1" 200 27
58.37.225.51 - - [28/May/2021:10:53:20 +0800] "GET /xingrg/all/function/internal_message.html?_=1622170411725&CODE_STATE=getMsg HTTP/1.1" 200 27
117.184.7.26 - - [28/May/2021:10:53:20 +0800] "GET /xingrg/all/function/internal_message.html?_=1622170393548&CODE_STATE=getMsg HTTP/1.1" 302 -
117.184.7.26 - - [28/May/2021:10:53:20 +0800] "GET /xingrg/login.html HTTP/1.1" 200 7641
116.224.253.72 - - [28/May/2021:10:53:22 +0800] "GET /xingrg/all/function/internal_message.html?_=1622170399643&CODE_STATE=getMsg HTTP/1.1" 200 27
116.230.114.112 - - [28/May/2021:10:53:26 +0800] "GET /xingrg/all/function/internal_message.html?_=1622170418768&CODE_STATE=getMsg HTTP/1.1" 200 27
116.224.253.72 - - [28/May/2021:10:53:27 +0800] "GET /xingrg/kc/buy/cgsh_order_operate.html?command=get_materiel&rest_code=00151&code=00101004057&supplier_code=00100312&order_time=2021-05-28 HTTP/1.1" 200 409
58.37.225.51 - - [28/May/2021:10:53:29 +0800] "GET /xingrg/all/function/internal_message.html?_=1622170355395&CODE_STATE=getMsg HTTP/1.1" 200 27
117.185.32.26 - - [28/May/2021:10:53:30 +0800] "GET /xingrg/all/function/internal_message.html?_=1622170410169&CODE_STATE=getMsg HTTP/1.1" 200 27
222.69.131.161 - - [28/May/2021:10:53:30 +0800] "GET /xingrg/kc/buy/cgsh_order_operate.html?command=get_materiel&rest_code=00149&code=00101009007&supplier_code=00100201&order_time=2021-05-28 HTTP/1.1" 200 408
116.230.110.80 - - [28/May/2021:10:53:34 +0800] "GET /xingrg/all/function/internal_message.html?_=1622170408646&CODE_STATE=getMsg HTTP/1.1" 200 27
180.169.147.146 - - [28/May/2021:10:53:36 +0800] "GET /xingrg/check_reg.html?_=1622170413629 HTTP/1.1" 302 -
116.224.253.72 - - [28/May/2021:10:53:37 +0800] "GET /xingrg/kc/buy/cgsh_order_list.html HTTP/1.1" 200 46419
58.40.7.146 - - [28/May/2021:10:53:38 +0800] "GET /xingrg/all/function/internal_message.html?_=1622170415524&CODE_STATE=getMsg HTTP/1.1" 200 27
116.224.253.72 - - [28/May/2021:10:53:38 +0800] "POST /xingrg/kc/buy/cgsh_list_operate.html HTTP/1.1" 200 876
116.235.222.38 - - [28/May/2021:10:53:38 +0800] "GET /xingrg/all/function/internal_message.html?_=1622170416322&CODE_STATE=getMsg HTTP/1.1" 200 27
116.235.222.38 - - [28/May/2021:10:53:39 +0800] "GET /xingrg/check_reg.html?_=1622170416514 HTTP/1.1" 200 22
180.169.147.146 - - [28/May/2021:10:53:40 +0800] "GET /xingrg/all/function/internal_message.html?_=1622170416540&CODE_STATE=getMsg HTTP/1.1" 200 27
180.169.147.146 - - [28/May/2021:10:53:40 +0800] "GET /xingrg/check_reg.html?_=1622170416546 HTTP/1.1" 200 22
116.224.253.72 - - [28/May/2021:10:53:40 +0800] "GET /xingrg/kc/buy/cgsh_order_add.html HTTP/1.1" 200 62075
116.224.253.72 - - [28/May/2021:10:53:41 +0800] "GET /xingrg/javascript/easyui/themes/default/validatebox.css HTTP/1.1" 404 1104
116.224.253.72 - - [28/May/2021:10:53:41 +0800] "POST /xingrg/kc/buy/cgsh_order_operate.html HTTP/1.1" 200 8245
58.40.7.146 - - [28/May/2021:10:53:42 +0800] "POST /xingrg/dwr/call/plaincall/AjaxReportQueryService.refreshCache.dwr HTTP/1.1" 200 78
58.40.7.146 - - [28/May/2021:10:53:42 +0800] "POST /xingrg/all/report/load_report_page.html HTTP/1.1" 200 89
117.131.5.26 - - [28/May/2021:10:53:43 +0800] "GET /xingrg/all/function/internal_message.html?_=1622170511648&CODE_STATE=getMsg HTTP/1.1" 200 27
124.79.241.247 - - [28/May/2021:10:53:43 +0800] "GET /xingrg/check_reg.html?_=1622170511648 HTTP/1.1" 200 22
58.40.7.146 - - [28/May/2021:10:53:43 +0800] "POST /xingrg/dwr/call/plaincall/AjaxReportQueryService.refreshCache.dwr HTTP/1.1" 200 78
58.40.7.146 - - [28/May/2021:10:53:43 +0800] "POST /xingrg/all/report/load_report_page.html HTTP/1.1" 200 89
116.230.114.112 - - [28/May/2021:10:53:43 +0800] "GET /xingrg/check_reg.html?_=1622170438921 HTTP/1.1" 200 22
116.224.253.72 - - [28/May/2021:10:53:44 +0800] "GET /xingrg/javascript/auto/indicator.gif HTTP/1.1" 404 1066
116.224.253.72 - - [28/May/2021:10:53:45 +0800] "POST /xingrg/kc/buy/cgsh_order_operate.html HTTP/1.1" 200 37
222.69.131.161 - - [28/May/2021:10:53:45 +0800] "GET /xingrg/kc/buy/cgsh_order_operate.html?command=get_materiel&rest_code=00149&code=00101009016&supplier_code=00100201&order_time=2021-05-28 HTTP/1.1" 200 412
61.165.42.208 - - [28/May/2021:10:53:48 +0800] "GET /xingrg/kc/buy/cgsh_order_add.html HTTP/1.1" 200 62198
116.224.253.72 - - [28/May/2021:10:53:48 +0800] "POST /xingrg/kc/buy/cgsh_order_operate.html HTTP/1.1" 200 12
61.165.42.208 - - [28/May/2021:10:53:48 +0800] "GET /xingrg/words/20210527171204_words.js HTTP/1.1" 304 -
61.165.42.208 - - [28/May/2021:10:53:48 +0800] "POST /xingrg/kc/buy/cgsh_order_operate.html HTTP/1.1" 200 8245
61.165.42.208 - - [28/May/2021:10:53:48 +0800] "GET /xingrg/javascript/easyui/themes/default/validatebox.css HTTP/1.1" 404 1104
116.224.253.72 - - [28/May/2021:10:53:49 +0800] "GET /xingrg/kc/buy/cgsh_order_info.html?code=212021052812553 HTTP/1.1" 200 56715
116.224.253.72 - - [28/May/2021:10:53:49 +0800] "GET /xingrg/javascript/easyui/themes/default/validatebox.css HTTP/1.1" 404 1104
116.224.253.72 - - [28/May/2021:10:53:50 +0800] "POST /xingrg/kc/buy/cgsh_order_operate.html HTTP/1.1" 200 3016
61.165.42.208 - - [28/May/2021:10:53:50 +0800] "GET /xingrg/all/function/internal_message.html?_=1622170408358&CODE_STATE=getMsg HTTP/1.1" 200 27
61.165.42.208 - - [28/May/2021:10:53:50 +0800] "GET /xingrg/check_reg.html?_=1622170408517 HTTP/1.1" 200 22
116.224.253.72 - - [28/May/2021:10:53:51 +0800] "GET /xingrg/kc/print/load_data.html?order_code=212021052812553&kc_code=cgsh&condition= HTTP/1.1" 200 1681
116.224.253.72 - - [28/May/2021:10:53:51 +0800] "GET /xingrg/kc/buy/cgsh_order_operate.html?command=get_materiel&rest_code=00150&code=00101006067&supplier_code=00100330&order_time=2021-05-28 HTTP/1.1" 200 409
120.253.135.82 - - [28/May/2021:10:53:53 +0800] "GET /xingrg/all/function/internal_message.html?_=1622170213500&CODE_STATE=getMsg HTTP/1.1" 200 27
116.224.253.72 - - [28/May/2021:10:53:58 +0800] "GET /xingrg/kc/buy/cgsh_order_add.html HTTP/1.1" 200 61805
116.224.253.72 - - [28/May/2021:10:53:59 +0800] "POST /xingrg/kc/buy/cgsh_order_operate.html HTTP/1.1" 200 8245
116.224.253.72 - - [28/May/2021:10:53:59 +0800] "GET /xingrg/javascript/easyui/themes/default/validatebox.css HTTP/1.1" 404 1104
116.224.253.72 - - [28/May/2021:10:54:02 +0800] "GET /xingrg/kc/buy/cgsh_order_operate.html?command=get_materiel&rest_code=00150&code=00101018011&supplier_code=00100330&order_time=2021-05-28 HTTP/1.1" 200 413
222.69.131.161 - - [28/May/2021:10:54:04 +0800] "GET /xingrg/all/function/internal_message.html?_=1622170441251&CODE_STATE=getMsg HTTP/1.1" 200 27
116.224.253.72 - - [28/May/2021:10:54:05 +0800] "GET /xingrg/all/function/internal_message.html?_=1622170447532&CODE_STATE=getMsg HTTP/1.1" 200 27
116.224.253.72 - - [28/May/2021:10:54:08 +0800] "GET /xingrg/kc/buy/cgsh_order_operate.html?command=get_materiel&rest_code=00151&code=00101010164&supplier_code=00100325&order_time=2021-05-28 HTTP/1.1" 200 409
116.224.253.72 - - [28/May/2021:10:54:08 +0800] "GET /xingrg/kc/buy/cgsh_order_operate.html?command=get_materiel&rest_code=00150&code=00101018007&supplier_code=00100330&order_time=2021-05-28 HTTP/1.1" 200 409
180.169.147.146 - - [28/May/2021:10:54:08 +0800] "GET /xingrg/check_reg.html?_=1622170449267 HTTP/1.1" 200 22
180.169.147.146 - - [28/May/2021:10:54:08 +0800] "GET /xingrg/all/function/internal_message.html?_=1622170449265&CODE_STATE=getMsg HTTP/1.1" 200 27
116.233.77.22 - - [28/May/2021:10:54:13 +0800] "GET /xingrg/all/function/internal_message.html?_=1622170452078&CODE_STATE=getMsg HTTP/1.1" 200 27
120.253.135.82 - - [28/May/2021:10:54:13 +0800] "GET /xingrg/all/function/internal_message.html?_=1622170493850&CODE_STATE=getMsg HTTP/1.1" 200 27
116.224.253.72 - - [28/May/2021:10:54:13 +0800] "GET /xingrg/kc/buy/cgsh_order_operate.html?command=get_materiel&rest_code=00150&code=00101010027&supplier_code=00100330&order_time=2021-05-28 HTTP/1.1" 200 409
116.224.253.72 - - [28/May/2021:10:54:14 +0800] "POST /xingrg/services/DataTransmitService HTTP/1.1" 200 524
116.233.77.22 - - [28/May/2021:10:54:15 +0800] "GET /xingrg/all/function/internal_message.html?_=1622170452078&CODE_STATE=getMsg HTTP/1.1" 200 27
116.224.253.72 - - [28/May/2021:10:54:15 +0800] "POST /xingrg/services/DataTransmitService HTTP/1.1" 200 501
116.224.253.72 - - [28/May/2021:10:54:15 +0800] "POST /xingrg/services/DataTransmitService HTTP/1.1" 200 501
116.224.253.72 - - [28/May/2021:10:54:16 +0800] "POST /xingrg/services/DataTransmitService HTTP/1.1" 200 501
116.230.114.112 - - [28/May/2021:10:54:16 +0800] "GET /xingrg/all/function/internal_message.html?_=1622170471698&CODE_STATE=getMsg HTTP/1.1" 200 27
116.224.253.72 - - [28/May/2021:10:54:16 +0800] "POST /xingrg/services/DataTransmitService HTTP/1.1" 500 1621
116.224.253.72 - - [28/May/2021:10:54:17 +0800] "GET /xingrg/kc/buy/cgsh_order_operate.html?command=get_materiel&rest_code=00151&code=00101010338&supplier_code=00100325&order_time=2021-05-28 HTTP/1.1" 200 428
58.40.7.146 - - [28/May/2021:10:54:19 +0800] "POST /xingrg/dwr/call/plaincall/AjaxReportQueryService.refreshCache.dwr HTTP/1.1" 200 78
58.40.7.146 - - [28/May/2021:10:54:20 +0800] "POST /xingrg/all/report/load_report_page.html HTTP/1.1" 200 89
58.37.225.51 - - [28/May/2021:10:54:20 +0800] "GET /xingrg/all/function/internal_message.html?_=1622170471727&CODE_STATE=getMsg HTTP/1.1" 200 27
117.184.7.26 - - [28/May/2021:10:54:20 +0800] "GET /xingrg/all/function/internal_message.html?_=1622170453550&CODE_STATE=getMsg HTTP/1.1" 302 -
117.184.7.26 - - [28/May/2021:10:54:20 +0800] "GET /xingrg/login.html HTTP/1.1" 200 7641
58.40.7.146 - - [28/May/2021:10:54:21 +0800] "POST /xingrg/dwr/call/plaincall/AjaxReportQueryService.refreshCache.dwr HTTP/1.1" 200 79
58.40.7.146 - - [28/May/2021:10:54:21 +0800] "POST /xingrg/all/report/load_report_page.html HTTP/1.1" 200 89
116.230.114.112 - - [28/May/2021:10:54:21 +0800] "GET /xingrg/check_reg.html?_=1622170473734 HTTP/1.1" 200 22
116.224.253.72 - - [28/May/2021:10:54:22 +0800] "GET /xingrg/all/function/internal_message.html?_=1622170459632&CODE_STATE=getMsg HTTP/1.1" 200 27
58.40.7.146 - - [28/May/2021:10:54:22 +0800] "POST /xingrg/dwr/call/plaincall/AjaxReportQueryService.refreshCache.dwr HTTP/1.1" 200 79
58.40.7.146 - - [28/May/2021:10:54:22 +0800] "POST /xingrg/all/report/load_report_page.html HTTP/1.1" 200 89
58.40.7.146 - - [28/May/2021:10:54:23 +0800] "POST /xingrg/dwr/call/plaincall/AjaxReportQueryService.refreshCache.dwr HTTP/1.1" 200 79
58.40.7.146 - - [28/May/2021:10:54:24 +0800] "POST /xingrg/all/report/load_report_page.html HTTP/1.1" 200 89
58.40.7.146 - - [28/May/2021:10:54:24 +0800] "POST /xingrg/dwr/call/plaincall/AjaxReportQueryService.refreshCache.dwr HTTP/1.1" 200 79
58.40.7.146 - - [28/May/2021:10:54:25 +0800] "POST /xingrg/all/report/load_report_page.html HTTP/1.1" 200 89
116.224.253.72 - - [28/May/2021:10:54:26 +0800] "POST /xingrg/kc/buy/cgsh_order_operate.html HTTP/1.1" 200 37
116.230.114.112 - - [28/May/2021:10:54:26 +0800] "GET /xingrg/all/function/internal_message.html?_=1622170478770&CODE_STATE=getMsg HTTP/1.1" 200 27
117.185.32.26 - - [28/May/2021:10:54:27 +0800] "GET /xingrg/check_reg.html?_=1622170466788 HTTP/1.1" 200 22
222.69.131.161 - - [28/May/2021:10:54:27 +0800] "GET /xingrg/kc/buy/cgsh_order_operate.html?command=get_materiel&rest_code=00149&code=00101009013&supplier_code=00100201&order_time=2021-05-28 HTTP/1.1" 200 420
58.40.7.146 - - [28/May/2021:10:54:28 +0800] "POST /xingrg/dwr/call/plaincall/AjaxReportQueryService.refreshCache.dwr HTTP/1.1" 200 79
58.40.7.146 - - [28/May/2021:10:54:29 +0800] "POST /xingrg/all/report/load_report_page.html HTTP/1.1" 200 89
58.37.225.51 - - [28/May/2021:10:54:29 +0800] "GET /xingrg/all/function/internal_message.html?_=1622170415373&CODE_STATE=getMsg HTTP/1.1" 200 27
58.37.225.51 - - [28/May/2021:10:54:29 +0800] "GET /xingrg/check_reg.html?_=1622170415546 HTTP/1.1" 200 22
116.224.253.72 - - [28/May/2021:10:54:29 +0800] "POST /xingrg/kc/buy/cgsh_order_operate.html HTTP/1.1" 200 12
117.185.32.26 - - [28/May/2021:10:54:30 +0800] "GET /xingrg/all/function/internal_message.html?_=1622170470168&CODE_STATE=getMsg HTTP/1.1" 200 27
116.224.253.72 - - [28/May/2021:10:54:30 +0800] "GET /xingrg/kc/buy/cgsh_order_info.html?code=212021052812554 HTTP/1.1" 200 56715
116.224.253.72 - - [28/May/2021:10:54:30 +0800] "GET /xingrg/javascript/easyui/themes/default/validatebox.css HTTP/1.1" 404 1104
183.192.164.214 - - [28/May/2021:10:54:31 +0800] "GET /xingrg/all/function/internal_message.html?_=1622170410169&CODE_STATE=getMsg HTTP/1.1" 302 -
116.224.253.72 - - [28/May/2021:10:54:31 +0800] "POST /xingrg/kc/buy/cgsh_order_operate.html HTTP/1.1" 200 1227
183.192.164.214 - - [28/May/2021:10:54:31 +0800] "GET /xingrg/login.html HTTP/1.1" 200 7641
116.224.253.72 - - [28/May/2021:10:54:32 +0800] "GET /xingrg/kc/print/load_data.html?order_code=212021052812554&kc_code=cgsh&condition= HTTP/1.1" 200 998
116.230.110.80 - - [28/May/2021:10:54:34 +0800] "GET /xingrg/all/function/internal_message.html?_=1622170468655&CODE_STATE=getMsg HTTP/1.1" 200 27
58.40.7.146 - - [28/May/2021:10:54:38 +0800] "GET /xingrg/all/function/internal_message.html?_=1622170475528&CODE_STATE=getMsg HTTP/1.1" 200 27
116.235.222.38 - - [28/May/2021:10:54:38 +0800] "GET /xingrg/all/function/internal_message.html?_=1622170476310&CODE_STATE=getMsg HTTP/1.1" 200 27
180.169.147.146 - - [28/May/2021:10:54:40 +0800] "GET /xingrg/all/function/internal_message.html?_=1622170476548&CODE_STATE=getMsg HTTP/1.1" 200 27
124.79.241.247 - - [28/May/2021:10:54:43 +0800] "GET /xingrg/all/function/internal_message.html?_=1622170571663&CODE_STATE=getMsg HTTP/1.1" 200 27
116.224.253.72 - - [28/May/2021:10:54:46 +0800] "GET /xingrg/kc/buy/cgsh_order_add.html HTTP/1.1" 200 61805
61.165.42.208 - - [28/May/2021:10:54:46 +0800] "GET /xingrg/kc/buy/cgsh_order_operate.html?command=get_materiel&rest_code=00105&code=00101018011&supplier_code=00100330&order_time=2021-05-28 HTTP/1.1" 200 413
116.224.253.72 - - [28/May/2021:10:54:46 +0800] "POST /xingrg/kc/buy/cgsh_order_operate.html HTTP/1.1" 200 8245
116.224.253.72 - - [28/May/2021:10:54:46 +0800] "GET /xingrg/javascript/easyui/themes/default/validatebox.css HTTP/1.1" 404 1104
116.224.253.72 - - [28/May/2021:10:54:48 +0800] "POST /xingrg/kc/buy/cgsh_order_operate.html HTTP/1.1" 200 37
61.165.42.208 - - [28/May/2021:10:54:50 +0800] "GET /xingrg/all/function/internal_message.html?_=1622170468339&CODE_STATE=getMsg HTTP/1.1" 200 27
222.69.131.161 - - [28/May/2021:10:54:52 +0800] "POST /xingrg/kc/buy/cgsh_order_operate.html HTTP/1.1" 200 37
120.253.135.82 - - [28/May/2021:10:54:53 +0800] "GET /xingrg/all/function/internal_message.html?_=1622170273514&CODE_STATE=getMsg HTTP/1.1" 200 27
116.224.253.72 - - [28/May/2021:10:54:55 +0800] "POST /xingrg/kc/buy/cgsh_order_operate.html HTTP/1.1" 200 12
116.224.253.72 - - [28/May/2021:10:54:56 +0800] "GET /xingrg/kc/buy/cgsh_order_info.html?code=212021052812555 HTTP/1.1" 200 56983
116.224.253.72 - - [28/May/2021:10:54:56 +0800] "GET /xingrg/javascript/easyui/themes/default/validatebox.css HTTP/1.1" 404 1104
116.224.253.72 - - [28/May/2021:10:54:57 +0800] "POST /xingrg/kc/buy/cgsh_order_operate.html HTTP/1.1" 200 2372
116.224.253.72 - - [28/May/2021:10:54:58 +0800] "GET /xingrg/kc/print/load_data.html?order_code=212021052812555&kc_code=cgsh&condition= HTTP/1.1" 200 1388
222.69.131.161 - - [28/May/2021:10:54:59 +0800] "POST /xingrg/kc/buy/cgsh_order_operate.html HTTP/1.1" 200 12
116.224.253.72 - - [28/May/2021:10:55:04 +0800] "GET /xingrg/check_reg.html?_=1622170506064 HTTP/1.1" 200 22
222.69.131.161 - - [28/May/2021:10:55:04 +0800] "GET /xingrg/kc/buy/cgsh_order_info.html?code=212021052812556 HTTP/1.1" 200 57106
222.69.131.161 - - [28/May/2021:10:55:04 +0800] "GET /xingrg/javascript/easyui/themes/default/validatebox.css HTTP/1.1" 404 1104
222.69.131.161 - - [28/May/2021:10:55:04 +0800] "GET /xingrg/all/function/internal_message.html?_=1622170501243&CODE_STATE=getMsg HTTP/1.1" 200 27
222.69.131.161 - - [28/May/2021:10:55:05 +0800] "POST /xingrg/kc/buy/cgsh_order_operate.html HTTP/1.1" 200 6515
116.224.253.72 - - [28/May/2021:10:55:05 +0800] "GET /xingrg/all/function/internal_message.html?_=1622170507547&CODE_STATE=getMsg HTTP/1.1" 200 27
222.69.131.161 - - [28/May/2021:10:55:08 +0800] "GET /xingrg/kc/print/load_data.html?order_code=212021052812556&kc_code=cgsh&condition= HTTP/1.1" 200 2948
180.169.147.146 - - [28/May/2021:10:55:08 +0800] "GET /xingrg/all/function/internal_message.html?_=1622170509265&CODE_STATE=getMsg HTTP/1.1" 200 27
116.224.253.72 - - [28/May/2021:10:55:10 +0800] "GET /xingrg/kc/buy/cgsh_order_operate.html?command=get_materiel&rest_code=00151&code=00101010269&supplier_code=00100266&order_time=2021-05-28 HTTP/1.1" 200 409
116.224.253.72 - - [28/May/2021:10:55:10 +0800] "GET /xingrg/kc/buy/cgsh_order_add.html HTTP/1.1" 200 62075
116.224.253.72 - - [28/May/2021:10:55:11 +0800] "POST /xingrg/kc/buy/cgsh_order_operate.html HTTP/1.1" 200 8245
116.224.253.72 - - [28/May/2021:10:55:11 +0800] "GET /xingrg/javascript/easyui/themes/default/validatebox.css HTTP/1.1" 404 1104
116.233.77.22 - - [28/May/2021:10:55:13 +0800] "GET /xingrg/all/function/internal_message.html?_=1622170512080&CODE_STATE=getMsg HTTP/1.1" 200 27
120.253.135.82 - - [28/May/2021:10:55:13 +0800] "GET /xingrg/all/function/internal_message.html?_=1622170553865&CODE_STATE=getMsg HTTP/1.1" 200 27
116.233.77.22 - - [28/May/2021:10:55:16 +0800] "GET /xingrg/check_reg.html?_=1622170512081 HTTP/1.1" 200 22
116.230.114.112 - - [28/May/2021:10:55:16 +0800] "GET /xingrg/all/function/internal_message.html?_=1622170531710&CODE_STATE=getMsg HTTP/1.1" 200 27
116.233.77.22 - - [28/May/2021:10:55:17 +0800] "GET /xingrg/all/function/internal_message.html?_=1622170512080&CODE_STATE=getMsg HTTP/1.1" 200 27
58.37.225.51 - - [28/May/2021:10:55:20 +0800] "GET /xingrg/all/function/internal_message.html?_=1622170531731&CODE_STATE=getMsg HTTP/1.1" 200 27
117.184.7.26 - - [28/May/2021:10:55:20 +0800] "GET /xingrg/all/function/internal_message.html?_=1622170513549&CODE_STATE=getMsg HTTP/1.1" 302 -
117.184.7.26 - - [28/May/2021:10:55:20 +0800] "GET /xingrg/login.html HTTP/1.1" 200 7641
116.224.253.72 - - [28/May/2021:10:55:22 +0800] "GET /xingrg/all/function/internal_message.html?_=1622170519606&CODE_STATE=getMsg HTTP/1.1" 200 27
116.224.253.72 - - [28/May/2021:10:55:23 +0800] "GET /xingrg/kc/buy/cgsh_order_operate.html?command=get_materiel&rest_code=00150&code=00101001145&supplier_code=00100314&order_time=2021-05-28 HTTP/1.1" 200 415
116.224.253.72 - - [28/May/2021:10:55:24 +0800] "GET /xingrg/kc/buy/cgsh_order_operate.html?command=get_materiel&rest_code=00151&code=00101010088&supplier_code=00100266&order_time=2021-05-28 HTTP/1.1" 200 418
116.230.114.112 - - [28/May/2021:10:55:26 +0800] "GET /xingrg/all/function/internal_message.html?_=1622170538782&CODE_STATE=getMsg HTTP/1.1" 200 27
58.37.225.51 - - [28/May/2021:10:55:29 +0800] "GET /xingrg/all/function/internal_message.html?_=1622170475350&CODE_STATE=getMsg HTTP/1.1" 200 27
117.185.32.26 - - [28/May/2021:10:55:30 +0800] "GET /xingrg/all/function/internal_message.html?_=1622170530136&CODE_STATE=getMsg HTTP/1.1" 200 27
180.161.111.4 - - [28/May/2021:10:55:33 +0800] "GET /xingrg/check_reg.html?_=1622170491671 HTTP/1.1" 200 22
116.224.253.72 - - [28/May/2021:10:55:33 +0800] "POST /xingrg/kc/buy/cgsh_order_operate.html HTTP/1.1" 200 37
116.230.110.80 - - [28/May/2021:10:55:34 +0800] "GET /xingrg/all/function/internal_message.html?_=1622170528671&CODE_STATE=getMsg HTTP/1.1" 200 27
116.224.253.72 - - [28/May/2021:10:55:34 +0800] "GET /xingrg/kc/buy/cgsh_order_operate.html?command=get_materiel&rest_code=00151&code=00101021013&supplier_code=00100266&order_time=2021-05-28 HTTP/1.1" 200 404
58.40.7.146 - - [28/May/2021:10:55:38 +0800] "GET /xingrg/check_reg.html?_=1622170535524 HTTP/1.1" 200 22
58.40.7.146 - - [28/May/2021:10:55:38 +0800] "GET /xingrg/all/function/internal_message.html?_=1622170535524&CODE_STATE=getMsg HTTP/1.1" 200 27
116.235.222.38 - - [28/May/2021:10:55:38 +0800] "GET /xingrg/all/function/internal_message.html?_=1622170536294&CODE_STATE=getMsg HTTP/1.1" 200 27
180.169.147.146 - - [28/May/2021:10:55:40 +0800] "GET /xingrg/all/function/internal_message.html?_=1622170536530&CODE_STATE=getMsg HTTP/1.1" 200 27
124.79.241.247 - - [28/May/2021:10:55:43 +0800] "GET /xingrg/all/function/internal_message.html?_=1622170631662&CODE_STATE=getMsg HTTP/1.1" 200 27
222.70.177.128 - - [28/May/2021:10:55:45 +0800] "GET /xingrg/index.html?sysBaseUrl=http%3A%2F%2F180.169.147.146%3A18081%2Fxingrg%2F&costTime=39×tamp=1585201932469 HTTP/1.1" 302 -
222.70.177.128 - - [28/May/2021:10:55:45 +0800] "GET /xingrg/login.html HTTP/1.1" 200 7641
116.224.253.72 - - [28/May/2021:10:55:45 +0800] "GET /xingrg/kc/buy/cgsh_order_operate.html?command=get_materiel&rest_code=00151&code=00101010420&supplier_code=00100266&order_time=2021-05-28 HTTP/1.1" 200 419
222.70.177.128 - - [28/May/2021:10:55:46 +0800] "GET /favicon.ico HTTP/1.1" 404 -
61.165.42.208 - - [28/May/2021:10:55:50 +0800] "GET /xingrg/all/function/internal_message.html?_=1622170528371&CODE_STATE=getMsg HTTP/1.1" 200 27
116.224.253.72 - - [28/May/2021:10:55:52 +0800] "GET /xingrg/kc/buy/cgsh_order_operate.html?command=get_materiel&rest_code=00151&code=00101001213&supplier_code=00100266&order_time=2021-05-28 HTTP/1.1" 200 424
61.165.42.208 - - [28/May/2021:10:55:52 +0800] "GET /xingrg/kc/buy/cgsh_order_operate.html?command=get_materiel&rest_code=00105&code=00101006067&supplier_code=00100330&order_time=2021-05-28 HTTP/1.1" 200 409
120.253.135.82 - - [28/May/2021:10:55:53 +0800] "GET /xingrg/all/function/internal_message.html?_=1622170333531&CODE_STATE=getMsg HTTP/1.1" 200 27
58.40.7.146 - - [28/May/2021:10:55:53 +0800] "POST /xingrg/dwr/call/plaincall/AjaxReportQueryService.refreshCache.dwr HTTP/1.1" 200 79
58.40.7.146 - - [28/May/2021:10:55:53 +0800] "POST /xingrg/all/report/load_report_page.html HTTP/1.1" 200 89
222.70.177.128 - - [28/May/2021:10:55:55 +0800] "POST /xingrg/login.do HTTP/1.1" 302 -
222.70.177.128 - - [28/May/2021:10:55:55 +0800] "GET /xingrg/javascript/jquery_easy_ui/themes/icon.css HTTP/1.1" 200 3949
222.70.177.128 - - [28/May/2021:10:55:55 +0800] "GET /xingrg/css/form.css HTTP/1.1" 200 893
222.70.177.128 - - [28/May/2021:10:55:55 +0800] "GET /xingrg/index.html?sysBaseUrl=http%3A%2F%2F180.169.147.146%3A18081%2Fxingrg%2F&costTime=101×tamp=1622170555102 HTTP/1.1" 200 17413
222.70.177.128 - - [28/May/2021:10:55:55 +0800] "GET /xingrg/javascript/jquery_easy_ui/themes/default/easyui.css HTTP/1.1" 200 26500
222.70.177.128 - - [28/May/2021:10:55:55 +0800] "GET /xingrg/javascript/jquery-1.4.2.min.js HTTP/1.1" 200 72205
222.70.177.128 - - [28/May/2021:10:55:55 +0800] "GET /xingrg/javascript/jquery_easy_ui/jquery.easyui.min.js HTTP/1.1" 200 213662
222.70.177.128 - - [28/May/2021:10:55:55 +0800] "GET /xingrg/javascript/jquery_easy_ui/easyui-lang-zh_CN.js HTTP/1.1" 200 1900
222.70.177.128 - - [28/May/2021:10:55:55 +0800] "GET /xingrg/javascript/jquery.timers.js HTTP/1.1" 200 3532
222.70.177.128 - - [28/May/2021:10:55:55 +0800] "GET /xingrg/javascript/jquery.form.js HTTP/1.1" 200 23110
222.70.177.128 - - [28/May/2021:10:55:55 +0800] "GET /xingrg/javascript/jquery.utils.js HTTP/1.1" 200 11805
222.70.177.128 - - [28/May/2021:10:55:55 +0800] "GET /favicon.ico HTTP/1.1" 404 -
116.224.253.72 - - [28/May/2021:10:55:55 +0800] "POST /xingrg/kc/buy/cgsh_order_operate.html HTTP/1.1" 200 12
222.70.177.128 - - [28/May/2021:10:55:55 +0800] "GET /xingrg/javascript/jquery_easy_ui/themes/icons/settle_new.png HTTP/1.1" 200 826
222.70.177.128 - - [28/May/2021:10:55:55 +0800] "GET /xingrg/images/blue/navBackgound.jpg HTTP/1.1" 200 12378
222.70.177.128 - - [28/May/2021:10:55:56 +0800] "POST /xingrg/all/common/load_tree.html?tree=area_rest_tree_json&manage=1 HTTP/1.1" 200 342
222.70.177.128 - - [28/May/2021:10:55:56 +0800] "GET /xingrg/check_reg.html?_=1622170557844 HTTP/1.1" 200 22
222.70.177.128 - - [28/May/2021:10:55:56 +0800] "GET /xingrg/javascript/jquery_easy_ui/themes/default/images/tree_arrows.gif HTTP/1.1" 200 1043
116.224.253.72 - - [28/May/2021:10:55:56 +0800] "GET /xingrg/kc/buy/cgsh_order_info.html?code=212021052812557 HTTP/1.1" 200 56979
116.224.253.72 - - [28/May/2021:10:55:56 +0800] "POST /xingrg/services/DataTransmitService HTTP/1.1" 401 565
116.224.253.72 - - [28/May/2021:10:55:56 +0800] "POST /xingrg/services/DataTransmitService HTTP/1.1" 200 478
116.224.253.72 - - [28/May/2021:10:55:56 +0800] "POST /xingrg/services/DataTransmitService HTTP/1.1" 200 1320
222.70.177.128 - - [28/May/2021:10:55:56 +0800] "GET /xingrg/javascript/jquery_easy_ui/themes/default/images/tabs_leftarrow.png HTTP/1.1" 200 389
222.70.177.128 - - [28/May/2021:10:55:56 +0800] "GET /xingrg/images/blue/pingpu.png HTTP/1.1" 200 231
222.70.177.128 - - [28/May/2021:10:55:56 +0800] "GET /xingrg/all/function/internal_message.html?_=1622170557844&CODE_STATE=count HTTP/1.1" 200 11
222.70.177.128 - - [28/May/2021:10:55:56 +0800] "GET /xingrg/javascript/jquery_easy_ui/themes/default/images/tabs_rightarrow.png HTTP/1.1" 200 395
116.224.253.72 - - [28/May/2021:10:55:56 +0800] "POST /xingrg/services/DataTransmitService HTTP/1.1" 200 478
116.224.253.72 - - [28/May/2021:10:55:56 +0800] "POST /xingrg/services/DataTransmitService HTTP/1.1" 200 1320
116.224.253.72 - - [28/May/2021:10:55:56 +0800] "POST /xingrg/services/DataTransmitService HTTP/1.1" 200 524
116.224.253.72 - - [28/May/2021:10:55:56 +0800] "GET /xingrg/javascript/easyui/themes/default/validatebox.css HTTP/1.1" 404 1104
222.70.177.128 - - [28/May/2021:10:55:56 +0800] "POST /xingrg/load_menu.html HTTP/1.1" 200 9959
222.70.177.128 - - [28/May/2021:10:55:56 +0800] "GET /xingrg/javascript/jquery_easy_ui/themes/icons/search_new.png HTTP/1.1" 200 586
222.70.177.128 - - [28/May/2021:10:55:56 +0800] "GET /xingrg/javascript/jquery_easy_ui/themes/default/images/tree_folder_open.gif HTTP/1.1" 200 956
222.70.177.128 - - [28/May/2021:10:55:56 +0800] "GET /xingrg/javascript/jquery_easy_ui/themes/default/images/tree_folder.gif HTTP/1.1" 200 952
222.70.177.128 - - [28/May/2021:10:55:56 +0800] "GET /xingrg/javascript/jquery_easy_ui/themes/icons/storage_new.png HTTP/1.1" 200 853
222.70.177.128 - - [28/May/2021:10:55:56 +0800] "GET /xingrg/javascript/jquery_easy_ui/themes/icons/checkout_new.png HTTP/1.1" 200 744
222.70.177.128 - - [28/May/2021:10:55:56 +0800] "GET /xingrg/javascript/jquery_easy_ui/themes/icons/setting_new.png HTTP/1.1" 200 450
222.70.177.128 - - [28/May/2021:10:55:56 +0800] "GET /xingrg/javascript/jquery_easy_ui/themes/default/images/tree_file.gif HTTP/1.1" 200 118
222.70.177.128 - - [28/May/2021:10:55:56 +0800] "GET /xingrg/javascript/jquery_easy_ui/themes/icons/systemset_new.png HTTP/1.1" 200 606
222.70.177.128 - - [28/May/2021:10:55:56 +0800] "GET /xingrg/javascript/jquery_easy_ui/themes/icons/forms_new.png HTTP/1.1" 200 350
116.224.253.72 - - [28/May/2021:10:55:57 +0800] "POST /xingrg/services/DataTransmitService HTTP/1.1" 200 1995
116.224.253.72 - - [28/May/2021:10:55:57 +0800] "POST /xingrg/services/DataTransmitService HTTP/1.1" 200 45454
116.224.253.72 - - [28/May/2021:10:55:57 +0800] "POST /xingrg/services/DataTransmitService HTTP/1.1" 200 19237
116.224.253.72 - - [28/May/2021:10:55:57 +0800] "POST /xingrg/kc/buy/cgsh_order_operate.html HTTP/1.1" 200 611
116.224.253.72 - - [28/May/2021:10:56:00 +0800] "POST /xingrg/kc/buy/cgsh_order_operate.html HTTP/1.1" 200 37
116.224.253.72 - - [28/May/2021:10:56:01 +0800] "GET /xingrg/kc/print/load_data.html?order_code=212021052812557&kc_code=cgsh&condition= HTTP/1.1" 200 714
116.224.253.72 - - [28/May/2021:10:56:02 +0800] "POST /xingrg/kc/buy/cgsh_order_operate.html HTTP/1.1" 200 12
116.224.253.72 - - [28/May/2021:10:56:03 +0800] "GET /xingrg/kc/buy/cgsh_order_info.html?code=212021052812558 HTTP/1.1" 200 56717
116.224.253.72 - - [28/May/2021:10:56:04 +0800] "GET /xingrg/javascript/easyui/themes/default/validatebox.css HTTP/1.1" 404 1104
116.224.253.72 - - [28/May/2021:10:56:04 +0800] "POST /xingrg/kc/buy/cgsh_order_operate.html HTTP/1.1" 200 3025
222.69.131.161 - - [28/May/2021:10:56:04 +0800] "GET /xingrg/all/function/internal_message.html?_=1622170561253&CODE_STATE=getMsg HTTP/1.1" 200 27
222.69.131.161 - - [28/May/2021:10:56:04 +0800] "GET /xingrg/check_reg.html?_=1622170561258 HTTP/1.1" 200 22
222.70.177.128 - - [28/May/2021:10:56:05 +0800] "GET /xingrg/javascript/jquery_easy_ui/themes/default/images/panel_tool_collapse.gif HTTP/1.1" 200 246
222.70.177.128 - - [28/May/2021:10:56:05 +0800] "GET /xingrg/javascript/jquery_easy_ui/themes/default/images/panel_tool_expand.gif HTTP/1.1" 200 247
58.40.7.146 - - [28/May/2021:10:56:05 +0800] "POST /xingrg/dwr/call/plaincall/AjaxReportQueryService.refreshCache.dwr HTTP/1.1" 200 79
116.224.253.72 - - [28/May/2021:10:56:05 +0800] "GET /xingrg/all/function/internal_message.html?_=1622170567561&CODE_STATE=getMsg HTTP/1.1" 200 27
58.40.7.146 - - [28/May/2021:10:56:05 +0800] "POST /xingrg/all/report/load_report_page.html HTTP/1.1" 200 89
116.224.253.72 - - [28/May/2021:10:56:05 +0800] "GET /xingrg/kc/print/load_data.html?order_code=212021052812558&kc_code=cgsh&condition= HTTP/1.1" 200 1688
58.40.7.146 - - [28/May/2021:10:56:06 +0800] "POST /xingrg/dwr/call/plaincall/AjaxReportQueryService.refreshCache.dwr HTTP/1.1" 200 79
58.40.7.146 - - [28/May/2021:10:56:06 +0800] "POST /xingrg/all/report/load_report_page.html HTTP/1.1" 200 89
58.40.7.146 - - [28/May/2021:10:56:06 +0800] "POST /xingrg/dwr/call/plaincall/AjaxReportQueryService.refreshCache.dwr HTTP/1.1" 200 79
58.40.7.146 - - [28/May/2021:10:56:07 +0800] "POST /xingrg/dwr/call/plaincall/AjaxReportQueryService.refreshCache.dwr HTTP/1.1" 200 79
58.40.7.146 - - [28/May/2021:10:56:07 +0800] "POST /xingrg/all/report/load_report_page.html HTTP/1.1" 200 89
58.40.7.146 - - [28/May/2021:10:56:07 +0800] "POST /xingrg/all/report/load_report_page.html HTTP/1.1" 200 89
58.40.7.146 - - [28/May/2021:10:56:07 +0800] "POST /xingrg/dwr/call/plaincall/AjaxReportQueryService.refreshCache.dwr HTTP/1.1" 200 79
58.40.7.146 - - [28/May/2021:10:56:08 +0800] "POST /xingrg/dwr/call/plaincall/AjaxReportQueryService.refreshCache.dwr HTTP/1.1" 200 79
58.40.7.146 - - [28/May/2021:10:56:08 +0800] "POST /xingrg/all/report/load_report_page.html HTTP/1.1" 200 89
58.40.7.146 - - [28/May/2021:10:56:08 +0800] "POST /xingrg/all/report/load_report_page.html HTTP/1.1" 200 89
180.169.147.146 - - [28/May/2021:10:56:08 +0800] "GET /xingrg/all/function/internal_message.html?_=1622170569265&CODE_STATE=getMsg HTTP/1.1" 200 27
58.40.7.146 - - [28/May/2021:10:56:09 +0800] "POST /xingrg/dwr/call/plaincall/AjaxReportQueryService.refreshCache.dwr HTTP/1.1" 200 79
58.40.7.146 - - [28/May/2021:10:56:09 +0800] "POST /xingrg/all/report/load_report_page.html HTTP/1.1" 200 89
58.40.7.146 - - [28/May/2021:10:56:09 +0800] "POST /xingrg/dwr/call/plaincall/AjaxReportQueryService.refreshCache.dwr HTTP/1.1" 200 79
58.40.7.146 - - [28/May/2021:10:56:10 +0800] "POST /xingrg/all/report/load_report_page.html HTTP/1.1" 200 89
116.224.253.72 - - [28/May/2021:10:56:12 +0800] "GET /xingrg/kc/buy/cgsh_order_add.html HTTP/1.1" 200 62075
116.224.253.72 - - [28/May/2021:10:56:12 +0800] "POST /xingrg/kc/buy/cgsh_order_operate.html HTTP/1.1" 200 8245
116.224.253.72 - - [28/May/2021:10:56:12 +0800] "GET /xingrg/javascript/easyui/themes/default/validatebox.css HTTP/1.1" 404 1104
116.233.77.22 - - [28/May/2021:10:56:13 +0800] "GET /xingrg/all/function/internal_message.html?_=1622170572083&CODE_STATE=getMsg HTTP/1.1" 200 27
120.253.135.82 - - [28/May/2021:10:56:13 +0800] "GET /xingrg/all/function/internal_message.html?_=1622170613878&CODE_STATE=getMsg HTTP/1.1" 200 27
61.165.42.208 - - [28/May/2021:10:56:13 +0800] "GET /xingrg/kc/buy/cgsh_order_operate.html?command=get_materiel&rest_code=00105&code=00101018007&supplier_code=00100330&order_time=2021-05-28 HTTP/1.1" 200 409
116.230.114.112 - - [28/May/2021:10:56:17 +0800] "GET /xingrg/all/function/internal_message.html?_=1622170592142&CODE_STATE=getMsg HTTP/1.1" 200 27
58.37.225.51 - - [28/May/2021:10:56:20 +0800] "GET /xingrg/all/function/internal_message.html?_=1622170591734&CODE_STATE=getMsg HTTP/1.1" 200 27
117.184.7.26 - - [28/May/2021:10:56:20 +0800] "GET /xingrg/all/function/internal_message.html?_=1622170573550&CODE_STATE=getMsg HTTP/1.1" 302 -
117.184.7.26 - - [28/May/2021:10:56:20 +0800] "GET /xingrg/check_reg.html?_=1622170573552 HTTP/1.1" 302 -
117.184.7.26 - - [28/May/2021:10:56:20 +0800] "GET /xingrg/login.html HTTP/1.1" 200 7641
117.184.7.26 - - [28/May/2021:10:56:20 +0800] "GET /xingrg/login.html HTTP/1.1" 200 7641
116.224.253.72 - - [28/May/2021:10:56:21 +0800] "GET /xingrg/all/function/internal_message.html?_=1622170579592&CODE_STATE=getMsg HTTP/1.1" 200 27
116.224.253.72 - - [28/May/2021:10:56:22 +0800] "GET /xingrg/check_reg.html?_=1622170579910 HTTP/1.1" 200 22
116.224.253.72 - - [28/May/2021:10:56:22 +0800] "GET /xingrg/kc/buy/cgsh_order_add.html HTTP/1.1" 200 61805
116.224.253.72 - - [28/May/2021:10:56:23 +0800] "POST /xingrg/kc/buy/cgsh_order_operate.html HTTP/1.1" 200 8245
116.224.253.72 - - [28/May/2021:10:56:23 +0800] "GET /xingrg/javascript/easyui/themes/default/validatebox.css HTTP/1.1" 404 1104
116.224.253.72 - - [28/May/2021:10:56:25 +0800] "GET /xingrg/kc/buy/cgsh_order_operate.html?command=get_materiel&rest_code=00150&code=00101005026&supplier_code=00100327&order_time=2021-05-28 HTTP/1.1" 200 413
116.230.114.112 - - [28/May/2021:10:56:26 +0800] "GET /xingrg/all/function/internal_message.html?_=1622170598821&CODE_STATE=getMsg HTTP/1.1" 200 27
58.37.225.51 - - [28/May/2021:10:56:29 +0800] "GET /xingrg/all/function/internal_message.html?_=1622170535331&CODE_STATE=getMsg HTTP/1.1" 200 27
117.185.32.26 - - [28/May/2021:10:56:30 +0800] "GET /xingrg/all/function/internal_message.html?_=1622170590109&CODE_STATE=getMsg HTTP/1.1" 200 27
116.230.110.80 - - [28/May/2021:10:56:34 +0800] "GET /xingrg/all/function/internal_message.html?_=1622170588671&CODE_STATE=getMsg HTTP/1.1" 200 27
61.165.42.208 - - [28/May/2021:10:56:36 +0800] "GET /xingrg/kc/buy/cgsh_order_operate.html?command=get_materiel&rest_code=00105&code=00101018018&supplier_code=00100330&order_time=2021-05-28 HTTP/1.1" 200 419
58.40.7.146 - - [28/May/2021:10:56:38 +0800] "GET /xingrg/all/function/internal_message.html?_=1622170595521&CODE_STATE=getMsg HTTP/1.1" 200 27
116.235.222.38 - - [28/May/2021:10:56:38 +0800] "GET /xingrg/all/function/internal_message.html?_=1622170596278&CODE_STATE=getMsg HTTP/1.1" 200 27
116.224.253.72 - - [28/May/2021:10:56:40 +0800] "GET /xingrg/kc/buy/cgsh_order_operate.html?command=get_materiel&rest_code=00150&code=00101010111&supplier_code=00100327&order_time=2021-05-28 HTTP/1.1" 200 417
