120.253.135.82 - - [28/May/2021:07:39:39 +0800] "GET /xingrg/javascript/easyui/themes/icons/cance_new.png HTTP/1.1" 200 3986
120.253.135.82 - - [28/May/2021:07:39:39 +0800] "GET /xingrg/javascript/easyui/themes/icons/field_new.png HTTP/1.1" 200 1097
120.253.135.82 - - [28/May/2021:07:39:39 +0800] "GET /xingrg/javascript/easyui/plugins/jquery.parser.js HTTP/1.1" 200 1142
120.253.135.82 - - [28/May/2021:07:39:39 +0800] "GET /xingrg/images/control/ajaxLoader.gif HTTP/1.1" 200 4659
120.253.135.82 - - [28/May/2021:07:39:39 +0800] "POST /xingrg/kc/pszx/mdps_list_operate.html HTTP/1.1" 200 5488
120.253.135.82 - - [28/May/2021:07:39:41 +0800] "GET /xingrg/javascript/auto/indicator.gif HTTP/1.1" 404 1066
120.253.135.82 - - [28/May/2021:07:39:47 +0800] "POST /xingrg/kc/pszx/mdps_list_operate.html HTTP/1.1" 200 2432
120.253.135.82 - - [28/May/2021:07:39:49 +0800] "POST /xingrg/kc/pszx/mdps_list_operate.html HTTP/1.1" 200 282
120.253.135.82 - - [28/May/2021:07:39:50 +0800] "POST /xingrg/kc/pszx/mdps_list_operate.html HTTP/1.1" 200 205
120.253.135.82 - - [28/May/2021:07:39:51 +0800] "GET /xingrg/kc/pszx/mdps_order_info.html?code=312021052800750 HTTP/1.1" 200 23931
120.253.135.82 - - [28/May/2021:07:39:51 +0800] "GET /xingrg/javascript/convert.js HTTP/1.1" 200 1239
120.253.135.82 - - [28/May/2021:07:39:51 +0800] "GET /xingrg/javascript/jquery_tools/order_manager.js HTTP/1.1" 200 11183
120.253.135.82 - - [28/May/2021:07:39:51 +0800] "GET /xingrg/javascript/json2.js HTTP/1.1" 200 11259
120.253.135.82 - - [28/May/2021:07:39:51 +0800] "GET /xingrg/javascript/print/kc_print.js HTTP/1.1" 200 11415
120.253.135.82 - - [28/May/2021:07:39:51 +0800] "GET /xingrg/words/20210527171204_words.js HTTP/1.1" 200 817827
120.253.135.82 - - [28/May/2021:07:39:51 +0800] "GET /xingrg/javascript/easyui/themes/icons/copy_new.png HTTP/1.1" 200 815
120.253.135.82 - - [28/May/2021:07:39:51 +0800] "GET /xingrg/javascript/easyui/themes/icons/ok.png HTTP/1.1" 200 883
120.253.135.82 - - [28/May/2021:07:39:51 +0800] "GET /xingrg/javascript/easyui/themes/icons/print.png HTTP/1.1" 200 1057
120.253.135.82 - - [28/May/2021:07:39:51 +0800] "GET /xingrg/javascript/easyui/themes/icons/cancel.png HTTP/1.1" 200 1133
120.253.135.82 - - [28/May/2021:07:39:51 +0800] "GET /xingrg/javascript/easyui/themes/default/images/menu_downarrow.png HTTP/1.1" 200 173
120.253.135.82 - - [28/May/2021:07:39:52 +0800] "GET /xingrg/all/common/auto_word.html?type=base&rest_code=00101 HTTP/1.1" 200 613
120.253.135.82 - - [28/May/2021:07:39:52 +0800] "POST /xingrg/kc/pszx/mdps_order_operate.html HTTP/1.1" 200 2290
120.253.135.82 - - [28/May/2021:07:39:52 +0800] "GET /xingrg/javascript/easyui/themes/icons/edit_remove.png HTTP/1.1" 200 625
120.253.135.82 - - [28/May/2021:07:39:52 +0800] "GET /xingrg/javascript/easyui/themes/default/validatebox.css HTTP/1.1" 404 1104
120.253.135.82 - - [28/May/2021:07:39:52 +0800] "GET /xingrg/javascript/easyui/plugins/jquery.validatebox.js HTTP/1.1" 200 6103
120.253.135.82 - - [28/May/2021:07:39:52 +0800] "GET /xingrg/javascript/easyui/plugins/jquery.numberbox.js HTTP/1.1" 200 5213
120.253.135.82 - - [28/May/2021:07:39:54 +0800] "GET /xingrg/javascript/easyui/themes/default/images/button_plain_hover.png HTTP/1.1" 200 144
120.253.135.82 - - [28/May/2021:07:39:56 +0800] "POST /xingrg/kc/pszx/mdps_order_operate.html HTTP/1.1" 200 37
116.230.114.112 - - [28/May/2021:07:39:56 +0800] "GET /xingrg/all/function/internal_message.html?_=1622158811106&CODE_STATE=getMsg HTTP/1.1" 200 27
120.253.135.82 - - [28/May/2021:07:39:57 +0800] "POST /xingrg/kc/pszx/mdps_order_operate.html HTTP/1.1" 200 12
180.169.147.146 - - [28/May/2021:07:39:58 +0800] "GET /xingrg/all/function/internal_message.html?_=1622158795806&CODE_STATE=getMsg HTTP/1.1" 200 27
180.169.147.146 - - [28/May/2021:07:40:01 +0800] "GET /xingrg/all/function/internal_message.html?_=1622158798707&CODE_STATE=getMsg HTTP/1.1" 200 27
120.253.135.82 - - [28/May/2021:07:40:13 +0800] "GET /xingrg/all/function/internal_message.html?_=1622158854709&CODE_STATE=getMsg HTTP/1.1" 200 27
117.184.7.26 - - [28/May/2021:07:40:20 +0800] "GET /xingrg/all/function/internal_message.html?_=1622158813339&CODE_STATE=getMsg HTTP/1.1" 302 -
117.184.7.26 - - [28/May/2021:07:40:20 +0800] "GET /xingrg/login.html HTTP/1.1" 200 7641
116.230.114.112 - - [28/May/2021:07:40:23 +0800] "GET /xingrg/all/function/internal_message.html?_=1622158835182&CODE_STATE=getMsg HTTP/1.1" 200 27
116.230.110.80 - - [28/May/2021:07:40:33 +0800] "GET /xingrg/all/function/internal_message.html?_=1622158828659&CODE_STATE=getMsg HTTP/1.1" 200 27
116.230.114.112 - - [28/May/2021:07:40:56 +0800] "GET /xingrg/all/function/internal_message.html?_=1622158871230&CODE_STATE=getMsg HTTP/1.1" 200 27
180.169.147.146 - - [28/May/2021:07:40:58 +0800] "GET /xingrg/all/function/internal_message.html?_=1622158855819&CODE_STATE=getMsg HTTP/1.1" 200 27
180.169.147.146 - - [28/May/2021:07:41:01 +0800] "GET /xingrg/all/function/internal_message.html?_=1622158858720&CODE_STATE=getMsg HTTP/1.1" 200 27
180.169.147.146 - - [28/May/2021:07:41:01 +0800] "GET /xingrg/check_reg.html?_=1622158858721 HTTP/1.1" 200 22
120.253.135.82 - - [28/May/2021:07:41:03 +0800] "GET /xingrg/kc/pszx/mdps_order_info.html?code=312021052800750 HTTP/1.1" 200 19591
120.253.135.82 - - [28/May/2021:07:41:03 +0800] "GET /xingrg/javascript/jquery_easy_ui/themes/icons/area.png HTTP/1.1" 200 262
120.253.135.82 - - [28/May/2021:07:41:03 +0800] "GET /xingrg/javascript/jquery_easy_ui/themes/icons/manage.png HTTP/1.1" 200 696
120.253.135.82 - - [28/May/2021:07:41:03 +0800] "POST /xingrg/kc/pszx/mdps_order_operate.html HTTP/1.1" 200 510
120.253.135.82 - - [28/May/2021:07:41:03 +0800] "GET /xingrg/javascript/easyui/themes/default/validatebox.css HTTP/1.1" 404 1104
120.253.135.82 - - [28/May/2021:07:41:04 +0800] "GET /xingrg/all/function/internal_message.html?_=1622158644341&CODE_STATE=getMsg HTTP/1.1" 200 27
120.253.135.82 - - [28/May/2021:07:41:10 +0800] "GET /xingrg/kc/pszx/mdps_order_info.html?code=312021052800750 HTTP/1.1" 200 19591
120.253.135.82 - - [28/May/2021:07:41:10 +0800] "GET /xingrg/javascript/easyui/themes/default/validatebox.css HTTP/1.1" 404 1104
120.253.135.82 - - [28/May/2021:07:41:10 +0800] "POST /xingrg/kc/pszx/mdps_order_operate.html HTTP/1.1" 200 510
120.253.135.82 - - [28/May/2021:07:41:13 +0800] "GET /xingrg/all/function/internal_message.html?_=1622158914758&CODE_STATE=getMsg HTTP/1.1" 200 27
120.253.135.82 - - [28/May/2021:07:41:15 +0800] "POST /xingrg/kc/pszx/mdps_list_operate.html HTTP/1.1" 200 2060
120.253.135.82 - - [28/May/2021:07:41:19 +0800] "POST /xingrg/kc/pszx/mdps_list_operate.html HTTP/1.1" 200 2060
117.184.7.26 - - [28/May/2021:07:41:20 +0800] "GET /xingrg/all/function/internal_message.html?_=1622158873340&CODE_STATE=getMsg HTTP/1.1" 302 -
117.184.7.26 - - [28/May/2021:07:41:20 +0800] "GET /xingrg/check_reg.html?_=1622158873342 HTTP/1.1" 302 -
117.184.7.26 - - [28/May/2021:07:41:20 +0800] "GET /xingrg/login.html HTTP/1.1" 200 7641
117.184.7.26 - - [28/May/2021:07:41:20 +0800] "GET /xingrg/login.html HTTP/1.1" 200 7641
120.253.135.82 - - [28/May/2021:07:41:21 +0800] "POST /xingrg/kc/pszx/mdps_list_operate.html HTTP/1.1" 200 282
116.230.114.112 - - [28/May/2021:07:41:23 +0800] "GET /xingrg/all/function/internal_message.html?_=1622158895195&CODE_STATE=getMsg HTTP/1.1" 200 27
120.253.135.82 - - [28/May/2021:07:41:27 +0800] "POST /xingrg/kc/pszx/mdps_list_operate.html HTTP/1.1" 200 2107
120.253.135.82 - - [28/May/2021:07:41:30 +0800] "POST /xingrg/kc/pszx/mdps_list_operate.html HTTP/1.1" 200 233
116.230.110.80 - - [28/May/2021:07:41:33 +0800] "GET /xingrg/all/function/internal_message.html?_=1622158888648&CODE_STATE=getMsg HTTP/1.1" 200 27
120.253.135.82 - - [28/May/2021:07:41:40 +0800] "GET /xingrg/kc/pszx/mdqp_order_list.html?state=10 HTTP/1.1" 200 10213
120.253.135.82 - - [28/May/2021:07:41:40 +0800] "GET /xingrg/dwr/interface/AjaxReportQueryService.js HTTP/1.1" 200 13203
120.253.135.82 - - [28/May/2021:07:41:40 +0800] "GET /xingrg/dwr/interface/AjaxQqpsService.js HTTP/1.1" 200 16326
120.253.135.82 - - [28/May/2021:07:41:40 +0800] "GET /xingrg/dwr/engine.js HTTP/1.1" 200 43631
120.253.135.82 - - [28/May/2021:07:41:44 +0800] "GET /xingrg/kc/pszx/mdqp_order_list.html?state=10 HTTP/1.1" 200 10213
120.253.135.82 - - [28/May/2021:07:41:44 +0800] "GET /xingrg/dwr/interface/AjaxQqpsService.js HTTP/1.1" 200 16326
120.253.135.82 - - [28/May/2021:07:41:44 +0800] "GET /xingrg/dwr/interface/AjaxReportQueryService.js HTTP/1.1" 200 13203
120.253.135.82 - - [28/May/2021:07:41:44 +0800] "GET /xingrg/dwr/engine.js HTTP/1.1" 200 43631
120.253.135.82 - - [28/May/2021:07:41:48 +0800] "GET /xingrg/kc/pszx/mdth_order_list.html HTTP/1.1" 200 18262
120.253.135.82 - - [28/May/2021:07:41:48 +0800] "POST /xingrg/kc/pszx/mdth_order_new_list.html HTTP/1.1" 200 4633
120.253.135.82 - - [28/May/2021:07:41:51 +0800] "POST /xingrg/kc/pszx/mdth_order_new_list.html HTTP/1.1" 200 207
120.253.135.82 - - [28/May/2021:07:41:55 +0800] "POST /xingrg/kc/pszx/mdth_order_new_list.html HTTP/1.1" 200 451
116.230.114.112 - - [28/May/2021:07:41:56 +0800] "GET /xingrg/all/function/internal_message.html?_=1622158931242&CODE_STATE=getMsg HTTP/1.1" 200 27
120.253.135.82 - - [28/May/2021:07:41:57 +0800] "POST /xingrg/kc/pszx/mdth_order_new_list.html HTTP/1.1" 200 204
180.169.147.146 - - [28/May/2021:07:41:58 +0800] "GET /xingrg/check_reg.html?_=1622158915817 HTTP/1.1" 200 22
180.169.147.146 - - [28/May/2021:07:41:58 +0800] "GET /xingrg/all/function/internal_message.html?_=1622158915818&CODE_STATE=getMsg HTTP/1.1" 200 27
120.253.135.82 - - [28/May/2021:07:41:59 +0800] "POST /xingrg/kc/pszx/mdth_order_new_list.html HTTP/1.1" 200 290
180.169.147.146 - - [28/May/2021:07:42:01 +0800] "GET /xingrg/all/function/internal_message.html?_=1622158918718&CODE_STATE=getMsg HTTP/1.1" 200 27
120.253.135.82 - - [28/May/2021:07:42:04 +0800] "GET /xingrg/all/function/internal_message.html?_=1622158704360&CODE_STATE=getMsg HTTP/1.1" 200 27
120.253.135.82 - - [28/May/2021:07:42:08 +0800] "GET /xingrg/kc/pszx/mdqp_order_list.html?state=10 HTTP/1.1" 200 10213
120.253.135.82 - - [28/May/2021:07:42:08 +0800] "GET /xingrg/dwr/interface/AjaxQqpsService.js HTTP/1.1" 200 16326
120.253.135.82 - - [28/May/2021:07:42:08 +0800] "GET /xingrg/dwr/interface/AjaxReportQueryService.js HTTP/1.1" 200 13203
120.253.135.82 - - [28/May/2021:07:42:08 +0800] "GET /xingrg/dwr/engine.js HTTP/1.1" 200 43631
120.253.135.82 - - [28/May/2021:07:42:13 +0800] "GET /xingrg/all/function/internal_message.html?_=1622158974768&CODE_STATE=getMsg HTTP/1.1" 200 27
120.253.135.82 - - [28/May/2021:07:42:16 +0800] "GET /xingrg/kc/pszx/mdps_order_list.html?orderType=0 HTTP/1.1" 200 20838
120.253.135.82 - - [28/May/2021:07:42:16 +0800] "POST /xingrg/kc/pszx/mdps_list_operate.html HTTP/1.1" 200 5488
180.169.147.146 - - [28/May/2021:07:42:19 +0800] "GET /xingrg/check_reg.html?_=1622158922810 HTTP/1.1" 200 22
117.184.7.26 - - [28/May/2021:07:42:20 +0800] "GET /xingrg/all/function/internal_message.html?_=1622158933344&CODE_STATE=getMsg HTTP/1.1" 302 -
117.184.7.26 - - [28/May/2021:07:42:20 +0800] "GET /xingrg/login.html HTTP/1.1" 200 7641
116.230.114.112 - - [28/May/2021:07:42:23 +0800] "GET /xingrg/all/function/internal_message.html?_=1622158955233&CODE_STATE=getMsg HTTP/1.1" 200 27
120.253.135.82 - - [28/May/2021:07:42:27 +0800] "POST /xingrg/kc/pszx/mdps_list_operate.html HTTP/1.1" 200 3922
120.253.135.82 - - [28/May/2021:07:42:29 +0800] "POST /xingrg/kc/pszx/mdps_list_operate.html HTTP/1.1" 200 641
120.253.135.82 - - [28/May/2021:07:42:31 +0800] "POST /xingrg/kc/pszx/mdps_list_operate.html HTTP/1.1" 200 390
116.230.110.80 - - [28/May/2021:07:42:33 +0800] "GET /xingrg/all/function/internal_message.html?_=1622158948656&CODE_STATE=getMsg HTTP/1.1" 200 27
116.230.110.80 - - [28/May/2021:07:42:33 +0800] "GET /xingrg/check_reg.html?_=1622158948658 HTTP/1.1" 200 22
120.253.135.82 - - [28/May/2021:07:42:34 +0800] "POST /xingrg/kc/pszx/mdps_list_operate.html HTTP/1.1" 200 434
120.253.135.82 - - [28/May/2021:07:42:36 +0800] "POST /xingrg/kc/pszx/mdps_list_operate.html HTTP/1.1" 200 452
120.253.135.82 - - [28/May/2021:07:42:39 +0800] "GET /xingrg/kc/pszx/mdps_order_info.html?code=312021052700743 HTTP/1.1" 200 23931
120.253.135.82 - - [28/May/2021:07:42:39 +0800] "GET /xingrg/javascript/easyui/themes/default/validatebox.css HTTP/1.1" 404 1104
120.253.135.82 - - [28/May/2021:07:42:39 +0800] "POST /xingrg/kc/pszx/mdps_order_operate.html HTTP/1.1" 200 3806
116.230.114.112 - - [28/May/2021:07:42:56 +0800] "GET /xingrg/all/function/internal_message.html?_=1622158991372&CODE_STATE=getMsg HTTP/1.1" 200 27
180.169.147.146 - - [28/May/2021:07:42:58 +0800] "GET /xingrg/all/function/internal_message.html?_=1622158975808&CODE_STATE=getMsg HTTP/1.1" 200 27
180.161.111.4 - - [28/May/2021:07:42:59 +0800] "GET /xingrg/check_reg.html?_=1622158938523 HTTP/1.1" 302 -
180.161.111.4 - - [28/May/2021:07:43:00 +0800] "GET /xingrg/login.html HTTP/1.1" 200 7641
180.169.147.146 - - [28/May/2021:07:43:01 +0800] "GET /xingrg/all/function/internal_message.html?_=1622158978718&CODE_STATE=getMsg HTTP/1.1" 200 27
120.253.135.82 - - [28/May/2021:07:43:04 +0800] "GET /xingrg/all/function/internal_message.html?_=1622158764395&CODE_STATE=getMsg HTTP/1.1" 200 27
120.253.135.82 - - [28/May/2021:07:43:13 +0800] "GET /xingrg/all/function/internal_message.html?_=1622159034807&CODE_STATE=getMsg HTTP/1.1" 200 27
117.184.7.26 - - [28/May/2021:07:43:20 +0800] "GET /xingrg/all/function/internal_message.html?_=1622158993343&CODE_STATE=getMsg HTTP/1.1" 302 -
117.184.7.26 - - [28/May/2021:07:43:20 +0800] "GET /xingrg/login.html HTTP/1.1" 200 7641
116.230.114.112 - - [28/May/2021:07:43:23 +0800] "GET /xingrg/all/function/internal_message.html?_=1622159015239&CODE_STATE=getMsg HTTP/1.1" 200 27
116.230.110.80 - - [28/May/2021:07:43:33 +0800] "GET /xingrg/all/function/internal_message.html?_=1622159008669&CODE_STATE=getMsg HTTP/1.1" 200 27
180.169.147.146 - - [28/May/2021:07:43:36 +0800] "GET /xingrg/check_reg.html?_=1622159014166 HTTP/1.1" 302 -
116.230.114.112 - - [28/May/2021:07:43:43 +0800] "GET /xingrg/check_reg.html?_=1622159038078 HTTP/1.1" 200 22
120.253.135.82 - - [28/May/2021:07:43:49 +0800] "GET /xingrg/check_reg.html?_=1622159070962 HTTP/1.1" 200 22
116.230.114.112 - - [28/May/2021:07:43:56 +0800] "GET /xingrg/all/function/internal_message.html?_=1622159051378&CODE_STATE=getMsg HTTP/1.1" 200 27
180.169.147.146 - - [28/May/2021:07:43:58 +0800] "GET /xingrg/all/function/internal_message.html?_=1622159035812&CODE_STATE=getMsg HTTP/1.1" 200 27
180.169.147.146 - - [28/May/2021:07:44:01 +0800] "GET /xingrg/all/function/internal_message.html?_=1622159038708&CODE_STATE=getMsg HTTP/1.1" 200 27
120.253.135.82 - - [28/May/2021:07:44:04 +0800] "GET /xingrg/all/function/internal_message.html?_=1622158824397&CODE_STATE=getMsg HTTP/1.1" 200 27
120.253.135.82 - - [28/May/2021:07:44:13 +0800] "GET /xingrg/all/function/internal_message.html?_=1622159094827&CODE_STATE=getMsg HTTP/1.1" 200 27
117.184.7.26 - - [28/May/2021:07:44:20 +0800] "GET /xingrg/all/function/internal_message.html?_=1622159053344&CODE_STATE=getMsg HTTP/1.1" 302 -
117.184.7.26 - - [28/May/2021:07:44:20 +0800] "GET /xingrg/login.html HTTP/1.1" 200 7641
116.230.114.112 - - [28/May/2021:07:44:21 +0800] "GET /xingrg/check_reg.html?_=1622159073178 HTTP/1.1" 200 22
116.230.114.112 - - [28/May/2021:07:44:23 +0800] "GET /xingrg/all/function/internal_message.html?_=1622159075253&CODE_STATE=getMsg HTTP/1.1" 200 27
120.253.135.82 - - [28/May/2021:07:44:32 +0800] "GET /xingrg/check_reg.html?_=1622158852361 HTTP/1.1" 200 22
116.230.110.80 - - [28/May/2021:07:44:33 +0800] "GET /xingrg/all/function/internal_message.html?_=1622159068662&CODE_STATE=getMsg HTTP/1.1" 200 27
116.230.114.112 - - [28/May/2021:07:44:56 +0800] "GET /xingrg/all/function/internal_message.html?_=1622159111392&CODE_STATE=getMsg HTTP/1.1" 200 27
180.169.147.146 - - [28/May/2021:07:44:58 +0800] "GET /xingrg/all/function/internal_message.html?_=1622159095818&CODE_STATE=getMsg HTTP/1.1" 200 27
180.169.147.146 - - [28/May/2021:07:45:01 +0800] "GET /xingrg/all/function/internal_message.html?_=1622159098701&CODE_STATE=getMsg HTTP/1.1" 200 27
120.253.135.82 - - [28/May/2021:07:45:04 +0800] "GET /xingrg/all/function/internal_message.html?_=1622158884411&CODE_STATE=getMsg HTTP/1.1" 200 27
120.253.135.82 - - [28/May/2021:07:45:13 +0800] "GET /xingrg/all/function/internal_message.html?_=1622159154839&CODE_STATE=getMsg HTTP/1.1" 200 27
117.184.7.26 - - [28/May/2021:07:45:20 +0800] "GET /xingrg/all/function/internal_message.html?_=1622159113345&CODE_STATE=getMsg HTTP/1.1" 302 -
117.184.7.26 - - [28/May/2021:07:45:20 +0800] "GET /xingrg/login.html HTTP/1.1" 200 7641
116.230.114.112 - - [28/May/2021:07:45:23 +0800] "GET /xingrg/all/function/internal_message.html?_=1622159135265&CODE_STATE=getMsg HTTP/1.1" 200 27
116.230.110.80 - - [28/May/2021:07:45:33 +0800] "GET /xingrg/all/function/internal_message.html?_=1622159128662&CODE_STATE=getMsg HTTP/1.1" 200 27
116.230.114.112 - - [28/May/2021:07:45:57 +0800] "GET /xingrg/all/function/internal_message.html?_=1622159171505&CODE_STATE=getMsg HTTP/1.1" 200 27
180.169.147.146 - - [28/May/2021:07:45:58 +0800] "GET /xingrg/all/function/internal_message.html?_=1622159155807&CODE_STATE=getMsg HTTP/1.1" 200 27
180.169.147.146 - - [28/May/2021:07:46:01 +0800] "GET /xingrg/all/function/internal_message.html?_=1622159158705&CODE_STATE=getMsg HTTP/1.1" 200 27
180.169.147.146 - - [28/May/2021:07:46:01 +0800] "GET /xingrg/check_reg.html?_=1622159158707 HTTP/1.1" 200 22
120.253.135.82 - - [28/May/2021:07:46:04 +0800] "GET /xingrg/all/function/internal_message.html?_=1622158944424&CODE_STATE=getMsg HTTP/1.1" 200 27
120.253.135.82 - - [28/May/2021:07:46:13 +0800] "GET /xingrg/all/function/internal_message.html?_=1622159214884&CODE_STATE=getMsg HTTP/1.1" 200 27
117.184.7.26 - - [28/May/2021:07:46:20 +0800] "GET /xingrg/all/function/internal_message.html?_=1622159173347&CODE_STATE=getMsg HTTP/1.1" 302 -
117.184.7.26 - - [28/May/2021:07:46:20 +0800] "GET /xingrg/check_reg.html?_=1622159173348 HTTP/1.1" 302 -
117.184.7.26 - - [28/May/2021:07:46:20 +0800] "GET /xingrg/login.html HTTP/1.1" 200 7641
117.184.7.26 - - [28/May/2021:07:46:20 +0800] "GET /xingrg/login.html HTTP/1.1" 200 7641
116.230.114.112 - - [28/May/2021:07:46:23 +0800] "GET /xingrg/all/function/internal_message.html?_=1622159195279&CODE_STATE=getMsg HTTP/1.1" 200 27
116.230.110.80 - - [28/May/2021:07:46:33 +0800] "GET /xingrg/all/function/internal_message.html?_=1622159188657&CODE_STATE=getMsg HTTP/1.1" 200 27
116.230.114.112 - - [28/May/2021:07:46:57 +0800] "GET /xingrg/all/function/internal_message.html?_=1622159231513&CODE_STATE=getMsg HTTP/1.1" 200 27
180.169.147.146 - - [28/May/2021:07:46:58 +0800] "GET /xingrg/all/function/internal_message.html?_=1622159215809&CODE_STATE=getMsg HTTP/1.1" 200 27
180.169.147.146 - - [28/May/2021:07:46:58 +0800] "GET /xingrg/check_reg.html?_=1622159215811 HTTP/1.1" 200 22
180.169.147.146 - - [28/May/2021:07:47:01 +0800] "GET /xingrg/all/function/internal_message.html?_=1622159218711&CODE_STATE=getMsg HTTP/1.1" 200 27
120.253.135.82 - - [28/May/2021:07:47:04 +0800] "GET /xingrg/all/function/internal_message.html?_=1622159004438&CODE_STATE=getMsg HTTP/1.1" 200 27
120.253.135.82 - - [28/May/2021:07:47:13 +0800] "GET /xingrg/all/function/internal_message.html?_=1622159274898&CODE_STATE=getMsg HTTP/1.1" 200 27
180.169.147.146 - - [28/May/2021:07:47:19 +0800] "GET /xingrg/check_reg.html?_=1622159222827 HTTP/1.1" 200 22
117.184.7.26 - - [28/May/2021:07:47:20 +0800] "GET /xingrg/all/function/internal_message.html?_=1622159233347&CODE_STATE=getMsg HTTP/1.1" 302 -
117.184.7.26 - - [28/May/2021:07:47:20 +0800] "GET /xingrg/login.html HTTP/1.1" 200 7641
116.230.114.112 - - [28/May/2021:07:47:23 +0800] "GET /xingrg/all/function/internal_message.html?_=1622159255316&CODE_STATE=getMsg HTTP/1.1" 200 27
116.230.110.80 - - [28/May/2021:07:47:33 +0800] "GET /xingrg/all/function/internal_message.html?_=1622159248659&CODE_STATE=getMsg HTTP/1.1" 200 27
116.230.110.80 - - [28/May/2021:07:47:33 +0800] "GET /xingrg/check_reg.html?_=1622159248660 HTTP/1.1" 200 22
116.230.114.112 - - [28/May/2021:07:47:57 +0800] "GET /xingrg/all/function/internal_message.html?_=1622159291625&CODE_STATE=getMsg HTTP/1.1" 200 27
180.169.147.146 - - [28/May/2021:07:47:58 +0800] "GET /xingrg/all/function/internal_message.html?_=1622159275815&CODE_STATE=getMsg HTTP/1.1" 200 27
180.161.111.4 - - [28/May/2021:07:47:59 +0800] "GET /xingrg/check_reg.html?_=1622159238544 HTTP/1.1" 302 -
180.169.147.146 - - [28/May/2021:07:48:01 +0800] "GET /xingrg/all/function/internal_message.html?_=1622159278702&CODE_STATE=getMsg HTTP/1.1" 200 27
120.253.135.82 - - [28/May/2021:07:48:04 +0800] "GET /xingrg/all/function/internal_message.html?_=1622159064452&CODE_STATE=getMsg HTTP/1.1" 200 27
120.253.135.82 - - [28/May/2021:07:48:13 +0800] "GET /xingrg/all/function/internal_message.html?_=1622159334941&CODE_STATE=getMsg HTTP/1.1" 200 27
117.184.7.26 - - [28/May/2021:07:48:20 +0800] "GET /xingrg/all/function/internal_message.html?_=1622159293348&CODE_STATE=getMsg HTTP/1.1" 302 -
117.184.7.26 - - [28/May/2021:07:48:20 +0800] "GET /xingrg/login.html HTTP/1.1" 200 7641
116.230.114.112 - - [28/May/2021:07:48:23 +0800] "GET /xingrg/all/function/internal_message.html?_=1622159315322&CODE_STATE=getMsg HTTP/1.1" 200 27
116.230.110.80 - - [28/May/2021:07:48:33 +0800] "GET /xingrg/all/function/internal_message.html?_=1622159308660&CODE_STATE=getMsg HTTP/1.1" 200 27
180.169.147.146 - - [28/May/2021:07:48:36 +0800] "GET /xingrg/check_reg.html?_=1622159314150 HTTP/1.1" 302 -
116.230.114.112 - - [28/May/2021:07:48:43 +0800] "GET /xingrg/check_reg.html?_=1622159338078 HTTP/1.1" 200 22
120.253.135.82 - - [28/May/2021:07:48:49 +0800] "GET /xingrg/check_reg.html?_=1622159370964 HTTP/1.1" 200 22
120.253.135.82 - - [28/May/2021:07:48:52 +0800] "GET /xingrg/kc/pszx/mdps_order_info.html?code=312021052700743 HTTP/1.1" 200 23931
120.253.135.82 - - [28/May/2021:07:48:52 +0800] "POST /xingrg/kc/pszx/mdps_order_operate.html HTTP/1.1" 200 3806
120.253.135.82 - - [28/May/2021:07:48:52 +0800] "GET /xingrg/javascript/easyui/themes/default/validatebox.css HTTP/1.1" 404 1104
120.253.135.82 - - [28/May/2021:07:48:55 +0800] "POST /xingrg/kc/pszx/mdps_list_operate.html HTTP/1.1" 200 3922
116.230.114.112 - - [28/May/2021:07:48:57 +0800] "GET /xingrg/all/function/internal_message.html?_=1622159351633&CODE_STATE=getMsg HTTP/1.1" 200 27
180.169.147.146 - - [28/May/2021:07:48:58 +0800] "GET /xingrg/all/function/internal_message.html?_=1622159335818&CODE_STATE=getMsg HTTP/1.1" 200 27
180.169.147.146 - - [28/May/2021:07:49:01 +0800] "GET /xingrg/all/function/internal_message.html?_=1622159338721&CODE_STATE=getMsg HTTP/1.1" 200 27
120.253.135.82 - - [28/May/2021:07:49:04 +0800] "GET /xingrg/all/function/internal_message.html?_=1622159124465&CODE_STATE=getMsg HTTP/1.1" 200 27
120.253.135.82 - - [28/May/2021:07:49:13 +0800] "GET /xingrg/all/function/internal_message.html?_=1622159394957&CODE_STATE=getMsg HTTP/1.1" 200 27
117.184.7.26 - - [28/May/2021:07:49:20 +0800] "GET /xingrg/all/function/internal_message.html?_=1622159353351&CODE_STATE=getMsg HTTP/1.1" 302 -
117.184.7.26 - - [28/May/2021:07:49:20 +0800] "GET /xingrg/login.html HTTP/1.1" 200 7641
116.230.114.112 - - [28/May/2021:07:49:21 +0800] "GET /xingrg/check_reg.html?_=1622159373205 HTTP/1.1" 200 22
116.230.114.112 - - [28/May/2021:07:49:23 +0800] "GET /xingrg/all/function/internal_message.html?_=1622159375335&CODE_STATE=getMsg HTTP/1.1" 200 27
120.253.135.82 - - [28/May/2021:07:49:32 +0800] "GET /xingrg/check_reg.html?_=1622159152384 HTTP/1.1" 200 22
116.230.110.80 - - [28/May/2021:07:49:33 +0800] "GET /xingrg/all/function/internal_message.html?_=1622159368652&CODE_STATE=getMsg HTTP/1.1" 200 27
116.230.114.112 - - [28/May/2021:07:49:57 +0800] "GET /xingrg/all/function/internal_message.html?_=1622159411647&CODE_STATE=getMsg HTTP/1.1" 200 27
180.169.147.146 - - [28/May/2021:07:49:58 +0800] "GET /xingrg/all/function/internal_message.html?_=1622159395803&CODE_STATE=getMsg HTTP/1.1" 200 27
180.169.147.146 - - [28/May/2021:07:50:01 +0800] "GET /xingrg/all/function/internal_message.html?_=1622159398719&CODE_STATE=getMsg HTTP/1.1" 200 27
120.253.135.82 - - [28/May/2021:07:50:04 +0800] "GET /xingrg/all/function/internal_message.html?_=1622159184479&CODE_STATE=getMsg HTTP/1.1" 200 27
120.253.135.82 - - [28/May/2021:07:50:14 +0800] "GET /xingrg/all/function/internal_message.html?_=1622159454970&CODE_STATE=getMsg HTTP/1.1" 200 27
117.184.7.26 - - [28/May/2021:07:50:20 +0800] "GET /xingrg/all/function/internal_message.html?_=1622159413350&CODE_STATE=getMsg HTTP/1.1" 302 -
117.184.7.26 - - [28/May/2021:07:50:20 +0800] "GET /xingrg/login.html HTTP/1.1" 200 7641
116.230.114.112 - - [28/May/2021:07:50:23 +0800] "GET /xingrg/all/function/internal_message.html?_=1622159435349&CODE_STATE=getMsg HTTP/1.1" 200 27
116.230.110.80 - - [28/May/2021:07:50:33 +0800] "GET /xingrg/all/function/internal_message.html?_=1622159428664&CODE_STATE=getMsg HTTP/1.1" 200 27
116.230.114.112 - - [28/May/2021:07:50:57 +0800] "GET /xingrg/all/function/internal_message.html?_=1622159471772&CODE_STATE=getMsg HTTP/1.1" 200 27
180.169.147.146 - - [28/May/2021:07:50:58 +0800] "GET /xingrg/all/function/internal_message.html?_=1622159455818&CODE_STATE=getMsg HTTP/1.1" 200 27
180.169.147.146 - - [28/May/2021:07:51:01 +0800] "GET /xingrg/check_reg.html?_=1622159458708 HTTP/1.1" 200 22
180.169.147.146 - - [28/May/2021:07:51:01 +0800] "GET /xingrg/all/function/internal_message.html?_=1622159458709&CODE_STATE=getMsg HTTP/1.1" 200 27
120.253.135.82 - - [28/May/2021:07:51:04 +0800] "GET /xingrg/all/function/internal_message.html?_=1622159244492&CODE_STATE=getMsg HTTP/1.1" 200 27
120.253.135.82 - - [28/May/2021:07:51:14 +0800] "GET /xingrg/all/function/internal_message.html?_=1622159515006&CODE_STATE=getMsg HTTP/1.1" 200 27
117.184.7.26 - - [28/May/2021:07:51:20 +0800] "GET /xingrg/all/function/internal_message.html?_=1622159473351&CODE_STATE=getMsg HTTP/1.1" 302 -
117.184.7.26 - - [28/May/2021:07:51:20 +0800] "GET /xingrg/check_reg.html?_=1622159473353 HTTP/1.1" 302 -
117.184.7.26 - - [28/May/2021:07:51:20 +0800] "GET /xingrg/login.html HTTP/1.1" 200 7641
117.184.7.26 - - [28/May/2021:07:51:20 +0800] "GET /xingrg/login.html HTTP/1.1" 200 7641
116.230.114.112 - - [28/May/2021:07:51:23 +0800] "GET /xingrg/all/function/internal_message.html?_=1622159495362&CODE_STATE=getMsg HTTP/1.1" 200 27
116.230.110.80 - - [28/May/2021:07:51:33 +0800] "GET /xingrg/all/function/internal_message.html?_=1622159488662&CODE_STATE=getMsg HTTP/1.1" 200 27
116.230.114.112 - - [28/May/2021:07:51:57 +0800] "GET /xingrg/all/function/internal_message.html?_=1622159531783&CODE_STATE=getMsg HTTP/1.1" 200 27
180.169.147.146 - - [28/May/2021:07:51:58 +0800] "GET /xingrg/check_reg.html?_=1622159515813 HTTP/1.1" 200 22
180.169.147.146 - - [28/May/2021:07:51:58 +0800] "GET /xingrg/all/function/internal_message.html?_=1622159515814&CODE_STATE=getMsg HTTP/1.1" 200 27
180.169.147.146 - - [28/May/2021:07:52:01 +0800] "GET /xingrg/all/function/internal_message.html?_=1622159518704&CODE_STATE=getMsg HTTP/1.1" 200 27
120.253.135.82 - - [28/May/2021:07:52:04 +0800] "GET /xingrg/all/function/internal_message.html?_=1622159304520&CODE_STATE=getMsg HTTP/1.1" 200 27
120.253.135.82 - - [28/May/2021:07:52:14 +0800] "GET /xingrg/all/function/internal_message.html?_=1622159575012&CODE_STATE=getMsg HTTP/1.1" 200 27
180.169.147.146 - - [28/May/2021:07:52:19 +0800] "GET /xingrg/check_reg.html?_=1622159522798 HTTP/1.1" 200 22
117.184.7.26 - - [28/May/2021:07:52:20 +0800] "GET /xingrg/all/function/internal_message.html?_=1622159533352&CODE_STATE=getMsg HTTP/1.1" 302 -
117.184.7.26 - - [28/May/2021:07:52:20 +0800] "GET /xingrg/login.html HTTP/1.1" 200 7641
116.230.114.112 - - [28/May/2021:07:52:23 +0800] "GET /xingrg/all/function/internal_message.html?_=1622159555400&CODE_STATE=getMsg HTTP/1.1" 200 27
116.230.110.80 - - [28/May/2021:07:52:33 +0800] "GET /xingrg/check_reg.html?_=1622159548654 HTTP/1.1" 200 22
116.230.110.80 - - [28/May/2021:07:52:33 +0800] "GET /xingrg/all/function/internal_message.html?_=1622159548655&CODE_STATE=getMsg HTTP/1.1" 200 27
116.230.114.112 - - [28/May/2021:07:52:57 +0800] "GET /xingrg/all/function/internal_message.html?_=1622159591910&CODE_STATE=getMsg HTTP/1.1" 200 27
180.169.147.146 - - [28/May/2021:07:52:58 +0800] "GET /xingrg/all/function/internal_message.html?_=1622159575805&CODE_STATE=getMsg HTTP/1.1" 200 27
180.161.111.4 - - [28/May/2021:07:52:59 +0800] "GET /xingrg/check_reg.html?_=1622159538563 HTTP/1.1" 302 -
180.161.111.4 - - [28/May/2021:07:52:59 +0800] "GET /xingrg/login.html HTTP/1.1" 200 7641
180.169.147.146 - - [28/May/2021:07:53:01 +0800] "GET /xingrg/all/function/internal_message.html?_=1622159578714&CODE_STATE=getMsg HTTP/1.1" 200 27
120.253.135.82 - - [28/May/2021:07:53:04 +0800] "GET /xingrg/all/function/internal_message.html?_=1622159364534&CODE_STATE=getMsg HTTP/1.1" 200 27
120.253.135.82 - - [28/May/2021:07:53:14 +0800] "GET /xingrg/all/function/internal_message.html?_=1622159635049&CODE_STATE=getMsg HTTP/1.1" 200 27
117.184.7.26 - - [28/May/2021:07:53:20 +0800] "GET /xingrg/all/function/internal_message.html?_=1622159593354&CODE_STATE=getMsg HTTP/1.1" 302 -
117.184.7.26 - - [28/May/2021:07:53:20 +0800] "GET /xingrg/login.html HTTP/1.1" 200 7641
116.230.114.112 - - [28/May/2021:07:53:23 +0800] "GET /xingrg/all/function/internal_message.html?_=1622159615406&CODE_STATE=getMsg HTTP/1.1" 200 27
116.230.110.80 - - [28/May/2021:07:53:33 +0800] "GET /xingrg/all/function/internal_message.html?_=1622159608672&CODE_STATE=getMsg HTTP/1.1" 200 27
180.169.147.146 - - [28/May/2021:07:53:36 +0800] "GET /xingrg/check_reg.html?_=1622159614140 HTTP/1.1" 302 -
116.230.114.112 - - [28/May/2021:07:53:43 +0800] "GET /xingrg/check_reg.html?_=1622159638082 HTTP/1.1" 200 22
120.253.135.82 - - [28/May/2021:07:53:50 +0800] "GET /xingrg/check_reg.html?_=1622159670978 HTTP/1.1" 200 22
116.230.114.112 - - [28/May/2021:07:53:57 +0800] "GET /xingrg/all/function/internal_message.html?_=1622159651921&CODE_STATE=getMsg HTTP/1.1" 200 27
180.169.147.146 - - [28/May/2021:07:53:58 +0800] "GET /xingrg/all/function/internal_message.html?_=1622159635819&CODE_STATE=getMsg HTTP/1.1" 200 27
180.169.147.146 - - [28/May/2021:07:54:01 +0800] "GET /xingrg/all/function/internal_message.html?_=1622159638715&CODE_STATE=getMsg HTTP/1.1" 200 27
120.253.135.82 - - [28/May/2021:07:54:04 +0800] "GET /xingrg/all/function/internal_message.html?_=1622159424563&CODE_STATE=getMsg HTTP/1.1" 200 27
120.253.135.82 - - [28/May/2021:07:54:14 +0800] "GET /xingrg/all/function/internal_message.html?_=1622159695056&CODE_STATE=getMsg HTTP/1.1" 200 27
117.184.7.26 - - [28/May/2021:07:54:20 +0800] "GET /xingrg/all/function/internal_message.html?_=1622159653356&CODE_STATE=getMsg HTTP/1.1" 302 -
117.184.7.26 - - [28/May/2021:07:54:20 +0800] "GET /xingrg/login.html HTTP/1.1" 200 7641
116.230.114.112 - - [28/May/2021:07:54:21 +0800] "GET /xingrg/check_reg.html?_=1622159673227 HTTP/1.1" 200 22
116.230.114.112 - - [28/May/2021:07:54:23 +0800] "GET /xingrg/all/function/internal_message.html?_=1622159675420&CODE_STATE=getMsg HTTP/1.1" 200 27
120.253.135.82 - - [28/May/2021:07:54:32 +0800] "GET /xingrg/check_reg.html?_=1622159452378 HTTP/1.1" 200 22
116.230.110.80 - - [28/May/2021:07:54:33 +0800] "GET /xingrg/all/function/internal_message.html?_=1622159668663&CODE_STATE=getMsg HTTP/1.1" 200 27
116.230.114.112 - - [28/May/2021:07:54:57 +0800] "GET /xingrg/all/function/internal_message.html?_=1622159711933&CODE_STATE=getMsg HTTP/1.1" 200 27
180.169.147.146 - - [28/May/2021:07:54:58 +0800] "GET /xingrg/all/function/internal_message.html?_=1622159695813&CODE_STATE=getMsg HTTP/1.1" 200 27
180.169.147.146 - - [28/May/2021:07:55:01 +0800] "GET /xingrg/all/function/internal_message.html?_=1622159698714&CODE_STATE=getMsg HTTP/1.1" 200 27
120.253.135.82 - - [28/May/2021:07:55:04 +0800] "GET /xingrg/all/function/internal_message.html?_=1622159484578&CODE_STATE=getMsg HTTP/1.1" 200 27
120.253.135.82 - - [28/May/2021:07:55:14 +0800] "GET /xingrg/all/function/internal_message.html?_=1622159755070&CODE_STATE=getMsg HTTP/1.1" 200 27
117.184.7.26 - - [28/May/2021:07:55:20 +0800] "GET /xingrg/all/function/internal_message.html?_=1622159713356&CODE_STATE=getMsg HTTP/1.1" 302 -
117.184.7.26 - - [28/May/2021:07:55:20 +0800] "GET /xingrg/login.html HTTP/1.1" 200 7641
116.230.114.112 - - [28/May/2021:07:55:23 +0800] "GET /xingrg/all/function/internal_message.html?_=1622159735432&CODE_STATE=getMsg HTTP/1.1" 200 27
116.230.110.80 - - [28/May/2021:07:55:33 +0800] "GET /xingrg/all/function/internal_message.html?_=1622159728657&CODE_STATE=getMsg HTTP/1.1" 200 27
180.169.147.146 - - [28/May/2021:07:55:58 +0800] "GET /xingrg/all/function/internal_message.html?_=1622159755829&CODE_STATE=getMsg HTTP/1.1" 200 27
180.169.147.146 - - [28/May/2021:07:56:01 +0800] "GET /xingrg/check_reg.html?_=1622159758702 HTTP/1.1" 200 22
180.169.147.146 - - [28/May/2021:07:56:01 +0800] "GET /xingrg/all/function/internal_message.html?_=1622159758704&CODE_STATE=getMsg HTTP/1.1" 200 27
120.253.135.82 - - [28/May/2021:07:56:04 +0800] "GET /xingrg/all/function/internal_message.html?_=1622159544592&CODE_STATE=getMsg HTTP/1.1" 200 27
116.230.114.112 - - [28/May/2021:07:56:06 +0800] "GET /xingrg/all/function/internal_message.html?_=1622159772055&CODE_STATE=getMsg HTTP/1.1" 200 27
120.253.135.82 - - [28/May/2021:07:56:14 +0800] "GET /xingrg/all/function/internal_message.html?_=1622159815118&CODE_STATE=getMsg HTTP/1.1" 200 27
117.184.7.26 - - [28/May/2021:07:56:20 +0800] "GET /xingrg/check_reg.html?_=1622159773359 HTTP/1.1" 302 -
117.184.7.26 - - [28/May/2021:07:56:20 +0800] "GET /xingrg/all/function/internal_message.html?_=1622159773359&CODE_STATE=getMsg HTTP/1.1" 302 -
117.184.7.26 - - [28/May/2021:07:56:20 +0800] "GET /xingrg/login.html HTTP/1.1" 200 7641
117.184.7.26 - - [28/May/2021:07:56:20 +0800] "GET /xingrg/login.html HTTP/1.1" 200 7641
116.230.114.112 - - [28/May/2021:07:56:23 +0800] "GET /xingrg/all/function/internal_message.html?_=1622159795446&CODE_STATE=getMsg HTTP/1.1" 200 27
116.230.110.80 - - [28/May/2021:07:56:33 +0800] "GET /xingrg/all/function/internal_message.html?_=1622159788660&CODE_STATE=getMsg HTTP/1.1" 200 27
116.230.114.112 - - [28/May/2021:07:56:57 +0800] "GET /xingrg/all/function/internal_message.html?_=1622159832070&CODE_STATE=getMsg HTTP/1.1" 200 27
180.169.147.146 - - [28/May/2021:07:56:58 +0800] "GET /xingrg/check_reg.html?_=1622159815811 HTTP/1.1" 200 22
180.169.147.146 - - [28/May/2021:07:56:58 +0800] "GET /xingrg/all/function/internal_message.html?_=1622159815812&CODE_STATE=getMsg HTTP/1.1" 200 27
180.169.147.146 - - [28/May/2021:07:57:01 +0800] "GET /xingrg/all/function/internal_message.html?_=1622159818708&CODE_STATE=getMsg HTTP/1.1" 200 27
120.253.135.82 - - [28/May/2021:07:57:04 +0800] "GET /xingrg/all/function/internal_message.html?_=1622159604612&CODE_STATE=getMsg HTTP/1.1" 200 27
120.253.135.82 - - [28/May/2021:07:57:14 +0800] "GET /xingrg/all/function/internal_message.html?_=1622159875127&CODE_STATE=getMsg HTTP/1.1" 200 27
180.169.147.146 - - [28/May/2021:07:57:19 +0800] "GET /xingrg/check_reg.html?_=1622159822822 HTTP/1.1" 200 22
117.184.7.26 - - [28/May/2021:07:57:20 +0800] "GET /xingrg/all/function/internal_message.html?_=1622159833358&CODE_STATE=getMsg HTTP/1.1" 302 -
117.184.7.26 - - [28/May/2021:07:57:20 +0800] "GET /xingrg/login.html HTTP/1.1" 200 7641
116.230.114.112 - - [28/May/2021:07:57:23 +0800] "GET /xingrg/all/function/internal_message.html?_=1622159855484&CODE_STATE=getMsg HTTP/1.1" 200 27
116.230.110.80 - - [28/May/2021:07:57:33 +0800] "GET /xingrg/check_reg.html?_=1622159848652 HTTP/1.1" 200 22
116.230.110.80 - - [28/May/2021:07:57:33 +0800] "GET /xingrg/all/function/internal_message.html?_=1622159848656&CODE_STATE=getMsg HTTP/1.1" 200 27
116.230.114.112 - - [28/May/2021:07:57:57 +0800] "GET /xingrg/all/function/internal_message.html?_=1622159892192&CODE_STATE=getMsg HTTP/1.1" 200 27
180.169.147.146 - - [28/May/2021:07:57:58 +0800] "GET /xingrg/all/function/internal_message.html?_=1622159875823&CODE_STATE=getMsg HTTP/1.1" 200 27
180.161.111.4 - - [28/May/2021:07:58:00 +0800] "GET /xingrg/check_reg.html?_=1622159838582 HTTP/1.1" 302 -
180.169.147.146 - - [28/May/2021:07:58:01 +0800] "GET /xingrg/all/function/internal_message.html?_=1622159878708&CODE_STATE=getMsg HTTP/1.1" 200 27
120.253.135.82 - - [28/May/2021:07:58:04 +0800] "GET /xingrg/all/function/internal_message.html?_=1622159664619&CODE_STATE=getMsg HTTP/1.1" 200 27
120.253.135.82 - - [28/May/2021:07:58:14 +0800] "GET /xingrg/all/function/internal_message.html?_=1622159935163&CODE_STATE=getMsg HTTP/1.1" 200 27
117.184.7.26 - - [28/May/2021:07:58:20 +0800] "GET /xingrg/all/function/internal_message.html?_=1622159893359&CODE_STATE=getMsg HTTP/1.1" 302 -
117.184.7.26 - - [28/May/2021:07:58:20 +0800] "GET /xingrg/login.html HTTP/1.1" 200 7641
116.230.114.112 - - [28/May/2021:07:58:23 +0800] "GET /xingrg/all/function/internal_message.html?_=1622159915489&CODE_STATE=getMsg HTTP/1.1" 200 27
116.230.110.80 - - [28/May/2021:07:58:33 +0800] "GET /xingrg/all/function/internal_message.html?_=1622159908669&CODE_STATE=getMsg HTTP/1.1" 200 27
180.169.147.146 - - [28/May/2021:07:58:36 +0800] "GET /xingrg/check_reg.html?_=1622159914125 HTTP/1.1" 302 -
116.230.114.112 - - [28/May/2021:07:58:43 +0800] "GET /xingrg/check_reg.html?_=1622159938088 HTTP/1.1" 200 22
120.253.135.82 - - [28/May/2021:07:58:50 +0800] "GET /xingrg/check_reg.html?_=1622159970975 HTTP/1.1" 200 22
180.161.111.4 - - [28/May/2021:07:58:54 +0800] "GET /favicon.ico HTTP/1.1" 404 -
180.161.111.4 - - [28/May/2021:07:58:54 +0800] "GET /favicon.ico HTTP/1.1" 404 -
116.230.114.112 - - [28/May/2021:07:58:57 +0800] "GET /xingrg/all/function/internal_message.html?_=1622159952206&CODE_STATE=getMsg HTTP/1.1" 200 27
180.169.147.146 - - [28/May/2021:07:58:58 +0800] "GET /xingrg/all/function/internal_message.html?_=1622159935819&CODE_STATE=getMsg HTTP/1.1" 200 27
180.169.147.146 - - [28/May/2021:07:59:01 +0800] "GET /xingrg/all/function/internal_message.html?_=1622159938704&CODE_STATE=getMsg HTTP/1.1" 200 27
120.253.135.82 - - [28/May/2021:07:59:04 +0800] "GET /xingrg/all/function/internal_message.html?_=1622159724647&CODE_STATE=getMsg HTTP/1.1" 200 27
120.253.135.82 - - [28/May/2021:07:59:14 +0800] "GET /xingrg/all/function/internal_message.html?_=1622159995171&CODE_STATE=getMsg HTTP/1.1" 200 27
117.184.7.26 - - [28/May/2021:07:59:20 +0800] "GET /xingrg/all/function/internal_message.html?_=1622159953360&CODE_STATE=getMsg HTTP/1.1" 302 -
117.184.7.26 - - [28/May/2021:07:59:20 +0800] "GET /xingrg/login.html HTTP/1.1" 200 7641
116.230.114.112 - - [28/May/2021:07:59:21 +0800] "GET /xingrg/check_reg.html?_=1622159973257 HTTP/1.1" 200 22
116.230.114.112 - - [28/May/2021:07:59:23 +0800] "GET /xingrg/all/function/internal_message.html?_=1622159975502&CODE_STATE=getMsg HTTP/1.1" 200 27
120.253.135.82 - - [28/May/2021:07:59:32 +0800] "GET /xingrg/check_reg.html?_=1622159752387 HTTP/1.1" 200 22
116.230.110.80 - - [28/May/2021:07:59:33 +0800] "GET /xingrg/all/function/internal_message.html?_=1622159968661&CODE_STATE=getMsg HTTP/1.1" 200 27
116.230.114.112 - - [28/May/2021:07:59:57 +0800] "GET /xingrg/all/function/internal_message.html?_=1622160012220&CODE_STATE=getMsg HTTP/1.1" 200 27
180.169.147.146 - - [28/May/2021:07:59:58 +0800] "GET /xingrg/all/function/internal_message.html?_=1622159995818&CODE_STATE=getMsg HTTP/1.1" 200 27
180.169.147.146 - - [28/May/2021:08:00:01 +0800] "GET /xingrg/all/function/internal_message.html?_=1622159998709&CODE_STATE=getMsg HTTP/1.1" 200 27
120.253.135.82 - - [28/May/2021:08:00:04 +0800] "GET /xingrg/all/function/internal_message.html?_=1622159784661&CODE_STATE=getMsg HTTP/1.1" 200 27
120.253.135.82 - - [28/May/2021:08:00:14 +0800] "GET /xingrg/all/function/internal_message.html?_=1622160055184&CODE_STATE=getMsg HTTP/1.1" 200 27
117.184.7.26 - - [28/May/2021:08:00:20 +0800] "GET /xingrg/all/function/internal_message.html?_=1622160013361&CODE_STATE=getMsg HTTP/1.1" 302 -
117.184.7.26 - - [28/May/2021:08:00:20 +0800] "GET /xingrg/login.html HTTP/1.1" 200 7641
116.230.114.112 - - [28/May/2021:08:00:23 +0800] "GET /xingrg/all/function/internal_message.html?_=1622160035516&CODE_STATE=getMsg HTTP/1.1" 200 27
116.230.110.80 - - [28/May/2021:08:00:33 +0800] "GET /xingrg/all/function/internal_message.html?_=1622160028656&CODE_STATE=getMsg HTTP/1.1" 200 27
116.230.114.112 - - [28/May/2021:08:00:57 +0800] "GET /xingrg/all/function/internal_message.html?_=1622160072343&CODE_STATE=getMsg HTTP/1.1" 200 27
180.169.147.146 - - [28/May/2021:08:00:58 +0800] "GET /xingrg/all/function/internal_message.html?_=1622160055811&CODE_STATE=getMsg HTTP/1.1" 200 27
180.169.147.146 - - [28/May/2021:08:01:01 +0800] "GET /xingrg/check_reg.html?_=1622160058709 HTTP/1.1" 200 22
180.169.147.146 - - [28/May/2021:08:01:01 +0800] "GET /xingrg/all/function/internal_message.html?_=1622160058710&CODE_STATE=getMsg HTTP/1.1" 200 27
120.253.135.82 - - [28/May/2021:08:01:04 +0800] "GET /xingrg/all/function/internal_message.html?_=1622159844675&CODE_STATE=getMsg HTTP/1.1" 200 27
120.253.135.82 - - [28/May/2021:08:01:14 +0800] "GET /xingrg/all/function/internal_message.html?_=1622160115233&CODE_STATE=getMsg HTTP/1.1" 200 27
117.184.7.26 - - [28/May/2021:08:01:20 +0800] "GET /xingrg/all/function/internal_message.html?_=1622160073362&CODE_STATE=getMsg HTTP/1.1" 302 -
117.184.7.26 - - [28/May/2021:08:01:20 +0800] "GET /xingrg/check_reg.html?_=1622160073363 HTTP/1.1" 302 -
117.184.7.26 - - [28/May/2021:08:01:20 +0800] "GET /xingrg/login.html HTTP/1.1" 200 7641
117.184.7.26 - - [28/May/2021:08:01:20 +0800] "GET /xingrg/login.html HTTP/1.1" 200 7641
116.230.114.112 - - [28/May/2021:08:01:23 +0800] "GET /xingrg/all/function/internal_message.html?_=1622160095529&CODE_STATE=getMsg HTTP/1.1" 200 27
116.230.110.80 - - [28/May/2021:08:01:33 +0800] "GET /xingrg/all/function/internal_message.html?_=1622160088669&CODE_STATE=getMsg HTTP/1.1" 200 27
116.230.114.112 - - [28/May/2021:08:01:57 +0800] "GET /xingrg/all/function/internal_message.html?_=1622160132356&CODE_STATE=getMsg HTTP/1.1" 200 27
180.169.147.146 - - [28/May/2021:08:01:58 +0800] "GET /xingrg/check_reg.html?_=1622160115828 HTTP/1.1" 200 22
180.169.147.146 - - [28/May/2021:08:01:58 +0800] "GET /xingrg/all/function/internal_message.html?_=1622160115829&CODE_STATE=getMsg HTTP/1.1" 200 27
180.169.147.146 - - [28/May/2021:08:02:01 +0800] "GET /xingrg/all/function/internal_message.html?_=1622160118714&CODE_STATE=getMsg HTTP/1.1" 200 27
120.253.135.82 - - [28/May/2021:08:02:04 +0800] "GET /xingrg/all/function/internal_message.html?_=1622159904705&CODE_STATE=getMsg HTTP/1.1" 200 27
120.253.135.82 - - [28/May/2021:08:02:14 +0800] "GET /xingrg/all/function/internal_message.html?_=1622160175242&CODE_STATE=getMsg HTTP/1.1" 200 27
180.169.147.146 - - [28/May/2021:08:02:20 +0800] "GET /xingrg/check_reg.html?_=1622160122793 HTTP/1.1" 200 22
117.184.7.26 - - [28/May/2021:08:02:20 +0800] "GET /xingrg/all/function/internal_message.html?_=1622160133363&CODE_STATE=getMsg HTTP/1.1" 302 -
117.184.7.26 - - [28/May/2021:08:02:20 +0800] "GET /xingrg/login.html HTTP/1.1" 200 7641
116.230.114.112 - - [28/May/2021:08:02:23 +0800] "GET /xingrg/all/function/internal_message.html?_=1622160155567&CODE_STATE=getMsg HTTP/1.1" 200 27
116.230.110.80 - - [28/May/2021:08:02:33 +0800] "GET /xingrg/check_reg.html?_=1622160148658 HTTP/1.1" 200 22
116.230.110.80 - - [28/May/2021:08:02:33 +0800] "GET /xingrg/all/function/internal_message.html?_=1622160148659&CODE_STATE=getMsg HTTP/1.1" 200 27
116.230.114.112 - - [28/May/2021:08:02:57 +0800] "GET /xingrg/all/function/internal_message.html?_=1622160192481&CODE_STATE=getMsg HTTP/1.1" 200 27
180.169.147.146 - - [28/May/2021:08:02:58 +0800] "GET /xingrg/all/function/internal_message.html?_=1622160175829&CODE_STATE=getMsg HTTP/1.1" 200 27
180.169.147.146 - - [28/May/2021:08:03:01 +0800] "GET /xingrg/all/function/internal_message.html?_=1622160178716&CODE_STATE=getMsg HTTP/1.1" 200 27
120.253.135.82 - - [28/May/2021:08:03:04 +0800] "GET /xingrg/all/function/internal_message.html?_=1622159964718&CODE_STATE=getMsg HTTP/1.1" 200 27
120.253.135.82 - - [28/May/2021:08:03:14 +0800] "GET /xingrg/all/function/internal_message.html?_=1622160235278&CODE_STATE=getMsg HTTP/1.1" 200 27
117.184.7.26 - - [28/May/2021:08:03:20 +0800] "GET /xingrg/all/function/internal_message.html?_=1622160193364&CODE_STATE=getMsg HTTP/1.1" 302 -
117.184.7.26 - - [28/May/2021:08:03:20 +0800] "GET /xingrg/login.html HTTP/1.1" 200 7641
116.230.114.112 - - [28/May/2021:08:03:23 +0800] "GET /xingrg/all/function/internal_message.html?_=1622160215572&CODE_STATE=getMsg HTTP/1.1" 200 27
116.230.110.80 - - [28/May/2021:08:03:33 +0800] "GET /xingrg/all/function/internal_message.html?_=1622160208654&CODE_STATE=getMsg HTTP/1.1" 200 27
180.169.147.146 - - [28/May/2021:08:03:36 +0800] "GET /xingrg/check_reg.html?_=1622160214102 HTTP/1.1" 302 -
116.230.114.112 - - [28/May/2021:08:03:43 +0800] "GET /xingrg/check_reg.html?_=1622160238093 HTTP/1.1" 200 22
120.253.135.82 - - [28/May/2021:08:03:50 +0800] "GET /xingrg/check_reg.html?_=1622160270987 HTTP/1.1" 200 22
116.230.114.112 - - [28/May/2021:08:03:57 +0800] "GET /xingrg/all/function/internal_message.html?_=1622160252493&CODE_STATE=getMsg HTTP/1.1" 200 27
180.169.147.146 - - [28/May/2021:08:03:58 +0800] "GET /xingrg/all/function/internal_message.html?_=1622160235820&CODE_STATE=getMsg HTTP/1.1" 200 27
180.169.147.146 - - [28/May/2021:08:04:01 +0800] "GET /xingrg/all/function/internal_message.html?_=1622160238710&CODE_STATE=getMsg HTTP/1.1" 200 27
120.253.135.82 - - [28/May/2021:08:04:04 +0800] "GET /xingrg/all/function/internal_message.html?_=1622160024740&CODE_STATE=getMsg HTTP/1.1" 200 27
120.253.135.82 - - [28/May/2021:08:04:14 +0800] "GET /xingrg/all/function/internal_message.html?_=1622160295286&CODE_STATE=getMsg HTTP/1.1" 200 27
117.184.7.26 - - [28/May/2021:08:04:20 +0800] "GET /xingrg/all/function/internal_message.html?_=1622160253365&CODE_STATE=getMsg HTTP/1.1" 302 -
117.184.7.26 - - [28/May/2021:08:04:20 +0800] "GET /xingrg/login.html HTTP/1.1" 200 7641
116.230.114.112 - - [28/May/2021:08:04:21 +0800] "GET /xingrg/check_reg.html?_=1622160273285 HTTP/1.1" 200 22
116.230.114.112 - - [28/May/2021:08:04:23 +0800] "GET /xingrg/all/function/internal_message.html?_=1622160275586&CODE_STATE=getMsg HTTP/1.1" 200 27
120.253.135.82 - - [28/May/2021:08:04:32 +0800] "GET /xingrg/check_reg.html?_=1622160052390 HTTP/1.1" 200 22
116.230.110.80 - - [28/May/2021:08:04:33 +0800] "GET /xingrg/all/function/internal_message.html?_=1622160268658&CODE_STATE=getMsg HTTP/1.1" 200 27
116.230.114.112 - - [28/May/2021:08:04:57 +0800] "GET /xingrg/all/function/internal_message.html?_=1622160312506&CODE_STATE=getMsg HTTP/1.1" 200 27
180.169.147.146 - - [28/May/2021:08:04:58 +0800] "GET /xingrg/all/function/internal_message.html?_=1622160295811&CODE_STATE=getMsg HTTP/1.1" 200 27
180.169.147.146 - - [28/May/2021:08:05:01 +0800] "GET /xingrg/all/function/internal_message.html?_=1622160298701&CODE_STATE=getMsg HTTP/1.1" 200 27
120.253.135.82 - - [28/May/2021:08:05:04 +0800] "GET /xingrg/all/function/internal_message.html?_=1622160084745&CODE_STATE=getMsg HTTP/1.1" 200 27
120.253.135.82 - - [28/May/2021:08:05:14 +0800] "GET /xingrg/all/function/internal_message.html?_=1622160355299&CODE_STATE=getMsg HTTP/1.1" 200 27
117.184.7.26 - - [28/May/2021:08:05:20 +0800] "GET /xingrg/all/function/internal_message.html?_=1622160313366&CODE_STATE=getMsg HTTP/1.1" 302 -
117.184.7.26 - - [28/May/2021:08:05:20 +0800] "GET /xingrg/login.html HTTP/1.1" 200 7641
116.230.114.112 - - [28/May/2021:08:05:23 +0800] "GET /xingrg/all/function/internal_message.html?_=1622160335599&CODE_STATE=getMsg HTTP/1.1" 200 27
116.230.110.80 - - [28/May/2021:08:05:33 +0800] "GET /xingrg/all/function/internal_message.html?_=1622160328655&CODE_STATE=getMsg HTTP/1.1" 200 27
116.230.114.112 - - [28/May/2021:08:05:58 +0800] "GET /xingrg/all/function/internal_message.html?_=1622160372628&CODE_STATE=getMsg HTTP/1.1" 200 27
180.169.147.146 - - [28/May/2021:08:05:58 +0800] "GET /xingrg/all/function/internal_message.html?_=1622160355819&CODE_STATE=getMsg HTTP/1.1" 200 27
180.169.147.146 - - [28/May/2021:08:06:01 +0800] "GET /xingrg/all/function/internal_message.html?_=1622160358705&CODE_STATE=getMsg HTTP/1.1" 200 27
180.169.147.146 - - [28/May/2021:08:06:01 +0800] "GET /xingrg/check_reg.html?_=1622160358706 HTTP/1.1" 200 22
120.253.135.82 - - [28/May/2021:08:06:04 +0800] "GET /xingrg/all/function/internal_message.html?_=1622160144758&CODE_STATE=getMsg HTTP/1.1" 200 27
120.253.135.82 - - [28/May/2021:08:06:14 +0800] "GET /xingrg/all/function/internal_message.html?_=1622160415342&CODE_STATE=getMsg HTTP/1.1" 200 27
117.184.7.26 - - [28/May/2021:08:06:20 +0800] "GET /xingrg/all/function/internal_message.html?_=1622160373369&CODE_STATE=getMsg HTTP/1.1" 302 -
117.184.7.26 - - [28/May/2021:08:06:20 +0800] "GET /xingrg/check_reg.html?_=1622160373369 HTTP/1.1" 302 -
117.184.7.26 - - [28/May/2021:08:06:20 +0800] "GET /xingrg/login.html HTTP/1.1" 200 7641
117.184.7.26 - - [28/May/2021:08:06:20 +0800] "GET /xingrg/login.html HTTP/1.1" 200 7641
116.230.114.112 - - [28/May/2021:08:06:23 +0800] "GET /xingrg/all/function/internal_message.html?_=1622160395613&CODE_STATE=getMsg HTTP/1.1" 200 27
116.230.110.80 - - [28/May/2021:08:06:33 +0800] "GET /xingrg/all/function/internal_message.html?_=1622160388663&CODE_STATE=getMsg HTTP/1.1" 200 27
116.230.114.112 - - [28/May/2021:08:06:58 +0800] "GET /xingrg/all/function/internal_message.html?_=1622160432642&CODE_STATE=getMsg HTTP/1.1" 200 27
180.169.147.146 - - [28/May/2021:08:06:58 +0800] "GET /xingrg/all/function/internal_message.html?_=1622160415807&CODE_STATE=getMsg HTTP/1.1" 200 27
