116.224.253.72 - - [28/May/2021:09:38:50 +0800] "POST /xingrg/dwr/call/plaincall/AjaxYddbService.getMaterielByMap.dwr HTTP/1.1" 200 3761
61.165.42.208 - - [28/May/2021:09:38:50 +0800] "GET /xingrg/check_reg.html?_=1622165908404 HTTP/1.1" 200 22
61.165.42.208 - - [28/May/2021:09:38:50 +0800] "GET /xingrg/all/function/internal_message.html?_=1622165908407&CODE_STATE=getMsg HTTP/1.1" 200 27
116.224.253.72 - - [28/May/2021:09:38:54 +0800] "POST /xingrg/dwr/call/plaincall/AjaxYddbService.getUnitPrice.dwr HTTP/1.1" 200 86
116.224.253.72 - - [28/May/2021:09:38:57 +0800] "POST /xingrg/dwr/call/plaincall/AjaxYddbService.saveMaterielItem.dwr HTTP/1.1" 200 78
116.224.253.72 - - [28/May/2021:09:39:02 +0800] "POST /xingrg/dwr/call/plaincall/AjaxComOrderService.getMaterielSearchList.dwr HTTP/1.1" 200 19173
116.224.253.72 - - [28/May/2021:09:39:02 +0800] "POST /xingrg/dwr/call/plaincall/AjaxComOrderService.getMaterielSearchList.dwr HTTP/1.1" 200 738
116.230.114.112 - - [28/May/2021:09:39:03 +0800] "GET /xingrg/all/function/internal_message.html?_=1622165958604&CODE_STATE=getMsg HTTP/1.1" 200 27
116.224.253.72 - - [28/May/2021:09:39:03 +0800] "GET /xingrg/all/function/internal_message.html?_=1622165945952&CODE_STATE=getMsg HTTP/1.1" 200 27
116.224.253.72 - - [28/May/2021:09:39:04 +0800] "POST /xingrg/dwr/call/plaincall/AjaxYddbService.getMaterielByMap.dwr HTTP/1.1" 200 3750
116.224.253.72 - - [28/May/2021:09:39:07 +0800] "POST /xingrg/dwr/call/plaincall/AjaxYddbService.saveMaterielItem.dwr HTTP/1.1" 200 79
180.169.147.146 - - [28/May/2021:09:39:08 +0800] "GET /xingrg/all/function/internal_message.html?_=1622165949213&CODE_STATE=getMsg HTTP/1.1" 200 27
180.169.147.146 - - [28/May/2021:09:39:08 +0800] "GET /xingrg/check_reg.html?_=1622165949216 HTTP/1.1" 200 22
116.224.253.72 - - [28/May/2021:09:39:10 +0800] "POST /xingrg/dwr/call/plaincall/AjaxComOrderService.getMaterielSearchList.dwr HTTP/1.1" 200 2381
120.253.135.82 - - [28/May/2021:09:39:11 +0800] "GET /xingrg/all/function/internal_message.html?_=1622165992801&CODE_STATE=getMsg HTTP/1.1" 200 27
116.233.74.209 - - [28/May/2021:09:39:13 +0800] "GET /xingrg/all/function/internal_message.html?_=1622165951923&CODE_STATE=getMsg HTTP/1.1" 200 27
120.253.135.82 - - [28/May/2021:09:39:13 +0800] "GET /xingrg/check_reg.html?_=1622165733024 HTTP/1.1" 200 22
120.253.135.82 - - [28/May/2021:09:39:13 +0800] "GET /xingrg/all/function/internal_message.html?_=1622165733385&CODE_STATE=getMsg HTTP/1.1" 200 27
101.85.94.178 - - [28/May/2021:09:39:17 +0800] "GET /xingrg/kc/buy/cgsh_order_operate.html?command=get_materiel&rest_code=00142&code=00101008312&supplier_code=00100161&order_time=2021-05-28 HTTP/1.1" 200 412
116.224.253.72 - - [28/May/2021:09:39:18 +0800] "POST /xingrg/dwr/call/plaincall/AjaxYddbService.getMaterielByMap.dwr HTTP/1.1" 200 3756
117.184.7.26 - - [28/May/2021:09:39:20 +0800] "GET /xingrg/all/function/internal_message.html?_=1622165953469&CODE_STATE=getMsg HTTP/1.1" 302 -
117.184.7.26 - - [28/May/2021:09:39:20 +0800] "GET /xingrg/login.html HTTP/1.1" 200 7641
116.230.114.112 - - [28/May/2021:09:39:21 +0800] "GET /xingrg/check_reg.html?_=1622165973652 HTTP/1.1" 200 22
116.224.253.72 - - [28/May/2021:09:39:22 +0800] "POST /xingrg/dwr/call/plaincall/AjaxYddbService.saveMaterielItem.dwr HTTP/1.1" 200 79
101.85.94.178 - - [28/May/2021:09:39:23 +0800] "GET /xingrg/all/function/internal_message.html?_=1622165440023&CODE_STATE=getMsg HTTP/1.1" 200 27
101.85.94.178 - - [28/May/2021:09:39:24 +0800] "GET /xingrg/kc/buy/cgsh_order_operate.html?command=get_materiel&rest_code=00142&code=00101008264&supplier_code=00100161&order_time=2021-05-28 HTTP/1.1" 200 412
116.224.253.72 - - [28/May/2021:09:39:24 +0800] "POST /xingrg/dwr/call/plaincall/AjaxComOrderService.getMaterielSearchList.dwr HTTP/1.1" 200 6627
116.230.114.112 - - [28/May/2021:09:39:25 +0800] "GET /xingrg/all/function/internal_message.html?_=1622165977282&CODE_STATE=getMsg HTTP/1.1" 200 27
116.224.253.72 - - [28/May/2021:09:39:25 +0800] "POST /xingrg/dwr/call/plaincall/AjaxComOrderService.getMaterielSearchList.dwr HTTP/1.1" 200 699
116.224.253.72 - - [28/May/2021:09:39:25 +0800] "GET /xingrg/check_reg.html?_=1622165963333 HTTP/1.1" 200 22
116.224.253.72 - - [28/May/2021:09:39:25 +0800] "GET /xingrg/all/function/internal_message.html?_=1622165963337&CODE_STATE=getMsg HTTP/1.1" 200 27
101.85.94.178 - - [28/May/2021:09:39:26 +0800] "POST /xingrg/kc/buy/cgsh_order_operate.html HTTP/1.1" 200 2065
116.224.253.72 - - [28/May/2021:09:39:26 +0800] "POST /xingrg/dwr/call/plaincall/AjaxYddbService.getMaterielByMap.dwr HTTP/1.1" 200 3712
58.37.225.51 - - [28/May/2021:09:39:26 +0800] "GET /xingrg/check_reg.html?_=1622165912601 HTTP/1.1" 302 -
116.224.253.72 - - [28/May/2021:09:39:32 +0800] "POST /xingrg/dwr/call/plaincall/AjaxYddbService.saveMaterielItem.dwr HTTP/1.1" 200 79
116.230.110.80 - - [28/May/2021:09:39:34 +0800] "GET /xingrg/all/function/internal_message.html?_=1622165968666&CODE_STATE=getMsg HTTP/1.1" 200 27
101.85.94.178 - - [28/May/2021:09:39:34 +0800] "GET /xingrg/kc/buy/cgsh_order_operate.html?command=get_materiel&rest_code=00142&code=00101012044&supplier_code=00100161&order_time=2021-05-28 HTTP/1.1" 200 408
116.224.253.72 - - [28/May/2021:09:39:37 +0800] "POST /xingrg/dwr/call/plaincall/AjaxComOrderService.getMaterielSearchList.dwr HTTP/1.1" 200 21289
222.69.131.161 - - [28/May/2021:09:39:37 +0800] "GET /xingrg/all/function/internal_message.html?_=1622165973757&CODE_STATE=getMsg HTTP/1.1" 200 27
116.224.253.72 - - [28/May/2021:09:39:37 +0800] "POST /xingrg/dwr/call/plaincall/AjaxComOrderService.getMaterielSearchList.dwr HTTP/1.1" 200 298
116.224.253.72 - - [28/May/2021:09:39:38 +0800] "POST /xingrg/dwr/call/plaincall/AjaxYddbService.getMaterielByMap.dwr HTTP/1.1" 200 3732
116.235.222.38 - - [28/May/2021:09:39:39 +0800] "GET /xingrg/all/function/internal_message.html?_=1622165976475&CODE_STATE=getMsg HTTP/1.1" 200 27
180.169.147.146 - - [28/May/2021:09:39:40 +0800] "GET /xingrg/all/function/internal_message.html?_=1622165976543&CODE_STATE=getMsg HTTP/1.1" 200 27
116.224.253.72 - - [28/May/2021:09:39:41 +0800] "POST /xingrg/dwr/call/plaincall/AjaxYddbService.saveMaterielItem.dwr HTTP/1.1" 200 79
101.85.94.178 - - [28/May/2021:09:39:42 +0800] "GET /xingrg/kc/buy/cgsh_order_operate.html?command=get_materiel&rest_code=00142&code=00101008298&supplier_code=00100161&order_time=2021-05-28 HTTP/1.1" 200 412
116.224.253.72 - - [28/May/2021:09:39:45 +0800] "POST /xingrg/dwr/call/plaincall/AjaxComOrderService.getMaterielSearchList.dwr HTTP/1.1" 200 32925
116.224.253.72 - - [28/May/2021:09:39:46 +0800] "POST /xingrg/dwr/call/plaincall/AjaxComOrderService.getMaterielSearchList.dwr HTTP/1.1" 200 846
116.224.253.72 - - [28/May/2021:09:39:47 +0800] "POST /xingrg/dwr/call/plaincall/AjaxYddbService.getMaterielByMap.dwr HTTP/1.1" 200 3740
116.224.253.72 - - [28/May/2021:09:39:49 +0800] "POST /xingrg/dwr/call/plaincall/AjaxYddbService.getUnitPrice.dwr HTTP/1.1" 200 87
101.85.94.178 - - [28/May/2021:09:39:49 +0800] "GET /xingrg/kc/buy/cgsh_order_operate.html?command=get_materiel&rest_code=00142&code=00101008354&supplier_code=00100161&order_time=2021-05-28 HTTP/1.1" 200 412
61.165.42.208 - - [28/May/2021:09:39:50 +0800] "GET /xingrg/all/function/internal_message.html?_=1622165968407&CODE_STATE=getMsg HTTP/1.1" 200 27
116.224.253.72 - - [28/May/2021:09:39:52 +0800] "POST /xingrg/dwr/call/plaincall/AjaxYddbService.saveMaterielItem.dwr HTTP/1.1" 200 79
116.224.253.72 - - [28/May/2021:09:39:55 +0800] "POST /xingrg/dwr/call/plaincall/AjaxComOrderService.getMaterielSearchList.dwr HTTP/1.1" 200 42283
116.224.253.72 - - [28/May/2021:09:39:56 +0800] "POST /xingrg/dwr/call/plaincall/AjaxComOrderService.getMaterielSearchList.dwr HTTP/1.1" 200 1095
116.224.253.72 - - [28/May/2021:09:39:57 +0800] "POST /xingrg/dwr/call/plaincall/AjaxYddbService.getMaterielByMap.dwr HTTP/1.1" 200 3715
101.85.94.178 - - [28/May/2021:09:39:58 +0800] "GET /xingrg/kc/buy/cgsh_order_operate.html?command=get_materiel&rest_code=00142&code=00101008314&supplier_code=00100161&order_time=2021-05-28 HTTP/1.1" 200 413
116.224.253.72 - - [28/May/2021:09:39:59 +0800] "POST /xingrg/dwr/call/plaincall/AjaxYddbService.getUnitPrice.dwr HTTP/1.1" 200 87
116.224.253.72 - - [28/May/2021:09:40:01 +0800] "POST /xingrg/dwr/call/plaincall/AjaxYddbService.saveMaterielItem.dwr HTTP/1.1" 200 79
116.224.253.72 - - [28/May/2021:09:40:03 +0800] "GET /xingrg/check_reg.html?_=1622166005524 HTTP/1.1" 200 22
116.230.114.112 - - [28/May/2021:09:40:03 +0800] "GET /xingrg/all/function/internal_message.html?_=1622166018617&CODE_STATE=getMsg HTTP/1.1" 200 27
116.224.253.72 - - [28/May/2021:09:40:03 +0800] "GET /xingrg/all/function/internal_message.html?_=1622166005966&CODE_STATE=getMsg HTTP/1.1" 200 27
101.85.94.178 - - [28/May/2021:09:40:06 +0800] "GET /xingrg/kc/buy/cgsh_order_operate.html?command=get_materiel&rest_code=00142&code=00101008152&supplier_code=00100161&order_time=2021-05-28 HTTP/1.1" 200 408
180.169.147.146 - - [28/May/2021:09:40:08 +0800] "GET /xingrg/all/function/internal_message.html?_=1622166009218&CODE_STATE=getMsg HTTP/1.1" 200 27
101.85.94.178 - - [28/May/2021:09:40:09 +0800] "POST /xingrg/kc/buy/cgsh_order_operate.html HTTP/1.1" 200 2065
116.224.253.72 - - [28/May/2021:09:40:10 +0800] "POST /xingrg/dwr/call/plaincall/AjaxYddbService.checkOrder.dwr HTTP/1.1" 200 79
120.253.135.82 - - [28/May/2021:09:40:11 +0800] "GET /xingrg/all/function/internal_message.html?_=1622166052816&CODE_STATE=getMsg HTTP/1.1" 200 27
116.224.253.72 - - [28/May/2021:09:40:12 +0800] "GET /xingrg/kc/base/yddb_order_info.html?code=482021052800206 HTTP/1.1" 200 29459
116.224.253.72 - - [28/May/2021:09:40:12 +0800] "GET /xingrg/dwr/interface/AjaxComOrderService.js HTTP/1.1" 200 18264
116.224.253.72 - - [28/May/2021:09:40:12 +0800] "GET /xingrg/dwr/interface/AjaxYddbService.js HTTP/1.1" 200 13201
116.224.253.72 - - [28/May/2021:09:40:12 +0800] "GET /xingrg/dwr/engine.js HTTP/1.1" 200 43631
116.224.253.72 - - [28/May/2021:09:40:12 +0800] "POST /xingrg/dwr/call/plaincall/AjaxYddbService.loadMaterielItems.dwr HTTP/1.1" 200 2637
116.233.74.209 - - [28/May/2021:09:40:13 +0800] "GET /xingrg/all/function/internal_message.html?_=1622166011927&CODE_STATE=getMsg HTTP/1.1" 200 27
116.233.74.209 - - [28/May/2021:09:40:13 +0800] "GET /xingrg/check_reg.html?_=1622166011929 HTTP/1.1" 200 22
120.253.135.82 - - [28/May/2021:09:40:13 +0800] "GET /xingrg/all/function/internal_message.html?_=1622165793399&CODE_STATE=getMsg HTTP/1.1" 200 27
117.184.7.26 - - [28/May/2021:09:40:20 +0800] "GET /xingrg/all/function/internal_message.html?_=1622166013471&CODE_STATE=getMsg HTTP/1.1" 302 -
117.184.7.26 - - [28/May/2021:09:40:20 +0800] "GET /xingrg/login.html HTTP/1.1" 200 7641
101.85.94.178 - - [28/May/2021:09:40:23 +0800] "GET /xingrg/all/function/internal_message.html?_=1622165499939&CODE_STATE=getMsg HTTP/1.1" 200 27
101.85.94.178 - - [28/May/2021:09:40:25 +0800] "GET /xingrg/kc/buy/cgsh_order_operate.html?command=get_materiel&rest_code=00142&code=00101012024&supplier_code=00100161&order_time=2021-05-28 HTTP/1.1" 200 408
116.230.114.112 - - [28/May/2021:09:40:25 +0800] "GET /xingrg/all/function/internal_message.html?_=1622166037296&CODE_STATE=getMsg HTTP/1.1" 200 27
116.224.253.72 - - [28/May/2021:09:40:25 +0800] "GET /xingrg/all/function/internal_message.html?_=1622166023344&CODE_STATE=getMsg HTTP/1.1" 200 27
116.224.253.72 - - [28/May/2021:09:40:31 +0800] "GET /xingrg/kc/base/wldb_order_list.html HTTP/1.1" 200 18985
116.224.253.72 - - [28/May/2021:09:40:31 +0800] "POST /xingrg/kc/base/wldb_list_operate.html HTTP/1.1" 200 928
116.224.253.72 - - [28/May/2021:09:40:32 +0800] "GET /xingrg/kc/base/wldb_order_add.html HTTP/1.1" 200 30193
116.224.253.72 - - [28/May/2021:09:40:32 +0800] "POST /xingrg/kc/base/wldb_order_operate.html HTTP/1.1" 200 6806
116.224.253.72 - - [28/May/2021:09:40:32 +0800] "GET /xingrg/all/common/auto_word.html?type=base&rest_code=00150 HTTP/1.1" 200 1653
116.224.253.72 - - [28/May/2021:09:40:32 +0800] "GET /xingrg/all/common/auto_word.html?type=base&rest_code=00150 HTTP/1.1" 200 1653
116.224.253.72 - - [28/May/2021:09:40:32 +0800] "GET /xingrg/javascript/easyui/themes/default/validatebox.css HTTP/1.1" 404 1104
101.85.94.178 - - [28/May/2021:09:40:33 +0800] "GET /xingrg/kc/buy/cgsh_order_operate.html?command=get_materiel&rest_code=00142&code=00101012059&supplier_code=00100161&order_time=2021-05-28 HTTP/1.1" 200 412
116.230.110.80 - - [28/May/2021:09:40:34 +0800] "GET /xingrg/all/function/internal_message.html?_=1622166028662&CODE_STATE=getMsg HTTP/1.1" 200 27
116.224.253.72 - - [28/May/2021:09:40:36 +0800] "GET /xingrg/kc/base/wldb_order_operate.html?command=get_materiel&rest_code=00150&base_code=0010446&code=00102002347 HTTP/1.1" 200 441
222.69.131.161 - - [28/May/2021:09:40:37 +0800] "GET /xingrg/all/function/internal_message.html?_=1622166033758&CODE_STATE=getMsg HTTP/1.1" 200 27
116.235.222.38 - - [28/May/2021:09:40:39 +0800] "GET /xingrg/all/function/internal_message.html?_=1622166036464&CODE_STATE=getMsg HTTP/1.1" 200 27
180.169.147.146 - - [28/May/2021:09:40:40 +0800] "GET /xingrg/all/function/internal_message.html?_=1622166036545&CODE_STATE=getMsg HTTP/1.1" 200 27
101.85.94.178 - - [28/May/2021:09:40:41 +0800] "POST /xingrg/kc/buy/cgsh_order_operate.html HTTP/1.1" 200 37
101.85.94.178 - - [28/May/2021:09:40:42 +0800] "POST /xingrg/kc/buy/cgsh_order_operate.html HTTP/1.1" 200 17390
101.85.94.178 - - [28/May/2021:09:40:46 +0800] "POST /xingrg/kc/buy/cgsh_order_operate.html HTTP/1.1" 200 37
101.85.94.178 - - [28/May/2021:09:40:47 +0800] "POST /xingrg/kc/buy/cgsh_order_operate.html HTTP/1.1" 200 17390
61.165.42.208 - - [28/May/2021:09:40:50 +0800] "GET /xingrg/all/function/internal_message.html?_=1622166028407&CODE_STATE=getMsg HTTP/1.1" 200 27
101.85.94.178 - - [28/May/2021:09:40:51 +0800] "POST /xingrg/kc/buy/cgsh_order_operate.html HTTP/1.1" 200 37
101.85.94.178 - - [28/May/2021:09:40:52 +0800] "POST /xingrg/kc/buy/cgsh_order_operate.html HTTP/1.1" 200 17390
101.85.94.178 - - [28/May/2021:09:40:53 +0800] "GET /xingrg/javascript/jquery_easy_ui/themes/default/images/tabs_active.png HTTP/1.1" 200 2894
101.85.94.178 - - [28/May/2021:09:40:58 +0800] "POST /xingrg/kc/buy/cgsh_list_operate.html HTTP/1.1" 200 2053
116.224.253.72 - - [28/May/2021:09:41:03 +0800] "GET /xingrg/all/function/internal_message.html?_=1622166065980&CODE_STATE=getMsg HTTP/1.1" 200 27
116.230.114.112 - - [28/May/2021:09:41:04 +0800] "GET /xingrg/all/function/internal_message.html?_=1622166078993&CODE_STATE=getMsg HTTP/1.1" 200 27
101.85.94.178 - - [28/May/2021:09:41:05 +0800] "GET /xingrg/kc/base/yddb_order_list.html HTTP/1.1" 200 16590
101.85.94.178 - - [28/May/2021:09:41:05 +0800] "POST /xingrg/kc/base/yddb_list_operate.html HTTP/1.1" 200 636
101.85.94.178 - - [28/May/2021:09:41:08 +0800] "POST /xingrg/kc/base/yddb_list_operate.html HTTP/1.1" 200 4387
180.169.147.146 - - [28/May/2021:09:41:08 +0800] "GET /xingrg/all/function/internal_message.html?_=1622166069218&CODE_STATE=getMsg HTTP/1.1" 200 27
101.85.94.178 - - [28/May/2021:09:41:10 +0800] "POST /xingrg/kc/base/yddb_list_operate.html HTTP/1.1" 200 4387
120.253.135.82 - - [28/May/2021:09:41:11 +0800] "GET /xingrg/all/function/internal_message.html?_=1622166112828&CODE_STATE=getMsg HTTP/1.1" 200 27
101.85.94.178 - - [28/May/2021:09:41:12 +0800] "POST /xingrg/kc/base/yddb_list_operate.html HTTP/1.1" 200 591
101.85.94.178 - - [28/May/2021:09:41:13 +0800] "GET /xingrg/kc/base/yddb_order_info.html?code=482021052700200 HTTP/1.1" 200 29842
101.85.94.178 - - [28/May/2021:09:41:13 +0800] "GET /xingrg/javascript/AjaxInfoList.js HTTP/1.1" 200 3774
101.85.94.178 - - [28/May/2021:09:41:13 +0800] "GET /xingrg/javascript/Grid.js HTTP/1.1" 200 58908
101.85.94.178 - - [28/May/2021:09:41:13 +0800] "GET /xingrg/css/blue.css HTTP/1.1" 200 15949
101.85.94.178 - - [28/May/2021:09:41:13 +0800] "GET /xingrg/javascript/ToolTips.js HTTP/1.1" 200 5615
101.85.94.178 - - [28/May/2021:09:41:13 +0800] "GET /xingrg/dwr/interface/AjaxComOrderService.js HTTP/1.1" 200 18264
101.85.94.178 - - [28/May/2021:09:41:13 +0800] "GET /xingrg/dwr/interface/AjaxYddbService.js HTTP/1.1" 200 13201
101.85.94.178 - - [28/May/2021:09:41:13 +0800] "GET /xingrg/javascript/checkform.js HTTP/1.1" 200 18351
101.85.94.178 - - [28/May/2021:09:41:13 +0800] "GET /xingrg/javascript/Calendar.js HTTP/1.1" 200 31561
101.85.94.178 - - [28/May/2021:09:41:13 +0800] "GET /xingrg/javascript/myfunction.js HTTP/1.1" 200 24559
101.85.94.178 - - [28/May/2021:09:41:13 +0800] "GET /xingrg/dwr/util.js HTTP/1.1" 200 35990
101.85.94.178 - - [28/May/2021:09:41:13 +0800] "GET /xingrg/dwr/engine.js HTTP/1.1" 200 43631
116.233.74.209 - - [28/May/2021:09:41:13 +0800] "GET /xingrg/all/function/internal_message.html?_=1622166071928&CODE_STATE=getMsg HTTP/1.1" 200 27
101.85.94.178 - - [28/May/2021:09:41:13 +0800] "GET /xingrg/images/blue/wait.gif HTTP/1.1" 200 1100
101.85.94.178 - - [28/May/2021:09:41:13 +0800] "GET /xingrg/javascript/jquery_easy_ui/themes/default/images/menu_downarrow.png HTTP/1.1" 200 173
101.85.94.178 - - [28/May/2021:09:41:13 +0800] "GET /xingrg/images/blue/kc_tab_left.gif HTTP/1.1" 200 188
101.85.94.178 - - [28/May/2021:09:41:13 +0800] "GET /xingrg/javascript/jquery_easy_ui/themes/icons/print.png HTTP/1.1" 200 1057
101.85.94.178 - - [28/May/2021:09:41:13 +0800] "GET /xingrg/javascript/jquery_easy_ui/themes/icons/edit_add_new.png HTTP/1.1" 200 2997
101.85.94.178 - - [28/May/2021:09:41:13 +0800] "GET /xingrg/javascript/jquery_easy_ui/themes/icons/back_new.png HTTP/1.1" 200 3414
101.85.94.178 - - [28/May/2021:09:41:13 +0800] "GET /xingrg/images/blue/kc_tab_mid.gif HTTP/1.1" 200 44
101.85.94.178 - - [28/May/2021:09:41:13 +0800] "GET /xingrg/images/blue/kc_tab_right.gif HTTP/1.1" 200 643
101.85.94.178 - - [28/May/2021:09:41:13 +0800] "POST /xingrg/dwr/call/plaincall/AjaxYddbService.loadMaterielItems.dwr HTTP/1.1" 200 2698
120.253.135.82 - - [28/May/2021:09:41:13 +0800] "GET /xingrg/all/function/internal_message.html?_=1622165853412&CODE_STATE=getMsg HTTP/1.1" 200 27
180.161.111.4 - - [28/May/2021:09:41:15 +0800] "GET /xingrg/kc/buy/cgsh_order_add.html HTTP/1.1" 200 62110
180.161.111.4 - - [28/May/2021:09:41:17 +0800] "POST /xingrg/kc/buy/cgsh_order_operate.html HTTP/1.1" 200 8245
180.161.111.4 - - [28/May/2021:09:41:18 +0800] "GET /xingrg/javascript/easyui/themes/default/validatebox.css HTTP/1.1" 404 1104
117.184.7.26 - - [28/May/2021:09:41:20 +0800] "GET /xingrg/all/function/internal_message.html?_=1622166073470&CODE_STATE=getMsg HTTP/1.1" 302 -
117.184.7.26 - - [28/May/2021:09:41:20 +0800] "GET /xingrg/check_reg.html?_=1622166073472 HTTP/1.1" 302 -
117.184.7.26 - - [28/May/2021:09:41:20 +0800] "GET /xingrg/login.html HTTP/1.1" 200 7641
117.184.7.26 - - [28/May/2021:09:41:20 +0800] "GET /xingrg/login.html HTTP/1.1" 200 7641
101.85.94.178 - - [28/May/2021:09:41:23 +0800] "GET /xingrg/all/function/internal_message.html?_=1622165559945&CODE_STATE=getMsg HTTP/1.1" 200 27
116.230.114.112 - - [28/May/2021:09:41:25 +0800] "GET /xingrg/all/function/internal_message.html?_=1622166097334&CODE_STATE=getMsg HTTP/1.1" 200 27
116.224.253.72 - - [28/May/2021:09:41:25 +0800] "GET /xingrg/all/function/internal_message.html?_=1622166083342&CODE_STATE=getMsg HTTP/1.1" 200 27
116.230.110.80 - - [28/May/2021:09:41:34 +0800] "GET /xingrg/all/function/internal_message.html?_=1622166088667&CODE_STATE=getMsg HTTP/1.1" 200 27
116.224.253.72 - - [28/May/2021:09:41:35 +0800] "POST /xingrg/all/user/operate.html HTTP/1.1" 200 36
116.224.253.72 - - [28/May/2021:09:41:35 +0800] "GET /xingrg/index.html?sysBaseUrl=http%3A%2F%2F180.169.147.146%3A18081%2Fxingrg%2F&costTime=41×tamp=1622163365904 HTTP/1.1" 200 17177
116.224.253.72 - - [28/May/2021:09:41:35 +0800] "GET /xingrg/javascript/jquery_easy_ui/themes/default/easyui.css HTTP/1.1" 304 -
116.224.253.72 - - [28/May/2021:09:41:35 +0800] "GET /xingrg/javascript/jquery_easy_ui/themes/icon.css HTTP/1.1" 304 -
116.224.253.72 - - [28/May/2021:09:41:35 +0800] "GET /xingrg/css/form.css HTTP/1.1" 304 -
116.224.253.72 - - [28/May/2021:09:41:35 +0800] "GET /xingrg/javascript/jquery-1.4.2.min.js HTTP/1.1" 304 -
116.224.253.72 - - [28/May/2021:09:41:35 +0800] "GET /xingrg/javascript/jquery_easy_ui/jquery.easyui.min.js HTTP/1.1" 304 -
116.224.253.72 - - [28/May/2021:09:41:35 +0800] "GET /xingrg/javascript/jquery_easy_ui/easyui-lang-zh_CN.js HTTP/1.1" 304 -
116.224.253.72 - - [28/May/2021:09:41:35 +0800] "GET /xingrg/javascript/jquery.form.js HTTP/1.1" 304 -
116.224.253.72 - - [28/May/2021:09:41:35 +0800] "GET /xingrg/javascript/jquery.utils.js HTTP/1.1" 304 -
116.224.253.72 - - [28/May/2021:09:41:35 +0800] "GET /xingrg/javascript/jquery.timers.js HTTP/1.1" 304 -
116.224.253.72 - - [28/May/2021:09:41:35 +0800] "GET /xingrg/images/blue/jxLogo.png HTTP/1.1" 304 -
116.224.253.72 - - [28/May/2021:09:41:35 +0800] "GET /xingrg/images/blue/navBackgound.jpg HTTP/1.1" 304 -
116.224.253.72 - - [28/May/2021:09:41:35 +0800] "GET /xingrg/javascript/jquery_easy_ui/themes/icons/settle_new.png HTTP/1.1" 304 -
116.224.253.72 - - [28/May/2021:09:41:35 +0800] "POST /xingrg/all/common/load_tree.html?tree=area_rest_tree_json&manage=1 HTTP/1.1" 200 476
116.224.253.72 - - [28/May/2021:09:41:35 +0800] "GET /xingrg/all/function/internal_message.html?_=1622166093413&CODE_STATE=count HTTP/1.1" 200 11
116.224.253.72 - - [28/May/2021:09:41:35 +0800] "GET /xingrg/check_reg.html?_=1622166093415 HTTP/1.1" 200 22
116.224.253.72 - - [28/May/2021:09:41:35 +0800] "GET /xingrg/images/blue/pingpu.png HTTP/1.1" 304 -
116.224.253.72 - - [28/May/2021:09:41:35 +0800] "GET /xingrg/javascript/jquery_easy_ui/themes/default/images/tabs_rightarrow.png HTTP/1.1" 304 -
116.224.253.72 - - [28/May/2021:09:41:35 +0800] "GET /xingrg/javascript/jquery_easy_ui/themes/default/images/panel_tool_collapse.gif HTTP/1.1" 304 -
116.224.253.72 - - [28/May/2021:09:41:35 +0800] "GET /xingrg/javascript/jquery_easy_ui/themes/default/images/tabs_leftarrow.png HTTP/1.1" 304 -
116.224.253.72 - - [28/May/2021:09:41:35 +0800] "POST /xingrg/load_menu.html HTTP/1.1" 200 5138
222.69.131.161 - - [28/May/2021:09:41:37 +0800] "GET /xingrg/all/function/internal_message.html?_=1622166093763&CODE_STATE=getMsg HTTP/1.1" 200 27
116.235.222.38 - - [28/May/2021:09:41:39 +0800] "GET /xingrg/all/function/internal_message.html?_=1622166096485&CODE_STATE=getMsg HTTP/1.1" 200 27
116.224.253.72 - - [28/May/2021:09:41:39 +0800] "GET /xingrg/kc/base/yddb_order_list.html HTTP/1.1" 200 16588
116.224.253.72 - - [28/May/2021:09:41:39 +0800] "POST /xingrg/kc/base/yddb_list_operate.html HTTP/1.1" 200 636
180.169.147.146 - - [28/May/2021:09:41:40 +0800] "GET /xingrg/all/function/internal_message.html?_=1622166096549&CODE_STATE=getMsg HTTP/1.1" 200 27
101.85.94.178 - - [28/May/2021:09:41:41 +0800] "GET /xingrg/javascript/jquery_easy_ui/themes/icons/rest.png HTTP/1.1" 200 695
101.85.94.178 - - [28/May/2021:09:41:41 +0800] "GET /xingrg/javascript/jquery_easy_ui/themes/default/images/button_a_bg.gif HTTP/1.1" 200 1194
101.85.94.178 - - [28/May/2021:09:41:41 +0800] "GET /xingrg/javascript/jquery_easy_ui/themes/default/images/panel_tools.gif HTTP/1.1" 200 737
101.85.94.178 - - [28/May/2021:09:41:41 +0800] "GET /xingrg/javascript/jquery_easy_ui/themes/icons/area.png HTTP/1.1" 200 262
101.85.94.178 - - [28/May/2021:09:41:41 +0800] "GET /xingrg/javascript/jquery_easy_ui/themes/icons/ok.png HTTP/1.1" 200 883
101.85.94.178 - - [28/May/2021:09:41:41 +0800] "GET /xingrg/javascript/jquery_easy_ui/themes/default/images/button_span_bg.gif HTTP/1.1" 200 2061
101.85.94.178 - - [28/May/2021:09:41:41 +0800] "GET /xingrg/javascript/jquery_easy_ui/themes/default/images/panel_title.png HTTP/1.1" 200 266
116.224.253.72 - - [28/May/2021:09:41:42 +0800] "POST /xingrg/kc/base/yddb_list_operate.html HTTP/1.1" 200 1607
116.224.253.72 - - [28/May/2021:09:41:43 +0800] "POST /xingrg/kc/base/yddb_list_operate.html HTTP/1.1" 200 645
116.224.253.72 - - [28/May/2021:09:41:43 +0800] "GET /xingrg/kc/base/yddb_order_info.html?code=482021052800206 HTTP/1.1" 200 31024
116.224.253.72 - - [28/May/2021:09:41:43 +0800] "GET /xingrg/dwr/interface/AjaxComOrderService.js HTTP/1.1" 200 18264
116.224.253.72 - - [28/May/2021:09:41:43 +0800] "GET /xingrg/dwr/interface/AjaxYddbService.js HTTP/1.1" 200 13201
116.224.253.72 - - [28/May/2021:09:41:43 +0800] "GET /xingrg/dwr/engine.js HTTP/1.1" 200 43631
116.224.253.72 - - [28/May/2021:09:41:43 +0800] "POST /xingrg/dwr/call/plaincall/AjaxYddbService.loadMaterielItems.dwr HTTP/1.1" 200 2637
116.224.253.72 - - [28/May/2021:09:41:47 +0800] "POST /xingrg/dwr/call/plaincall/AjaxYddbService.saveOrder.dwr HTTP/1.1" 200 78
116.224.253.72 - - [28/May/2021:09:41:50 +0800] "POST /xingrg/dwr/call/plaincall/AjaxYddbService.objCheckOrder.dwr HTTP/1.1" 200 78
61.165.42.208 - - [28/May/2021:09:41:50 +0800] "GET /xingrg/all/function/internal_message.html?_=1622166088407&CODE_STATE=getMsg HTTP/1.1" 200 27
116.224.253.72 - - [28/May/2021:09:41:51 +0800] "GET /xingrg/kc/base/yddb_order_info.html?code=482021052800206 HTTP/1.1" 200 31145
116.224.253.72 - - [28/May/2021:09:41:51 +0800] "GET /xingrg/dwr/interface/AjaxYddbService.js HTTP/1.1" 200 13201
116.224.253.72 - - [28/May/2021:09:41:51 +0800] "GET /xingrg/dwr/interface/AjaxComOrderService.js HTTP/1.1" 200 18264
116.224.253.72 - - [28/May/2021:09:41:51 +0800] "GET /xingrg/dwr/engine.js HTTP/1.1" 200 43631
116.224.253.72 - - [28/May/2021:09:41:51 +0800] "POST /xingrg/dwr/call/plaincall/AjaxYddbService.loadMaterielItems.dwr HTTP/1.1" 200 2637
116.224.253.72 - - [28/May/2021:09:41:52 +0800] "GET /xingrg/kc/base/yddb_order_list.html?isBack=1 HTTP/1.1" 200 16588
116.224.253.72 - - [28/May/2021:09:41:52 +0800] "POST /xingrg/kc/base/yddb_list_operate.html HTTP/1.1" 200 636
180.161.111.4 - - [28/May/2021:09:41:53 +0800] "GET /xingrg/javascript/easyui/themes/default/tree.css HTTP/1.1" 404 1090
180.161.111.4 - - [28/May/2021:09:41:53 +0800] "POST /xingrg/all/common/load_tree.html?tree=supplier_tree_json&isDelete=1 HTTP/1.1" 200 55553
116.224.253.72 - - [28/May/2021:09:41:55 +0800] "POST /xingrg/kc/base/yddb_list_operate.html HTTP/1.1" 200 1347
116.224.253.72 - - [28/May/2021:09:41:55 +0800] "POST /xingrg/kc/base/yddb_list_operate.html HTTP/1.1" 200 441
116.224.253.72 - - [28/May/2021:09:41:56 +0800] "GET /xingrg/kc/base/yddb_order_info.html?code=482021052800205 HTTP/1.1" 200 31024
116.224.253.72 - - [28/May/2021:09:41:56 +0800] "GET /xingrg/dwr/interface/AjaxYddbService.js HTTP/1.1" 200 13201
116.224.253.72 - - [28/May/2021:09:41:56 +0800] "GET /xingrg/dwr/interface/AjaxComOrderService.js HTTP/1.1" 200 18264
116.224.253.72 - - [28/May/2021:09:41:56 +0800] "GET /xingrg/dwr/engine.js HTTP/1.1" 200 43631
116.224.253.72 - - [28/May/2021:09:41:56 +0800] "POST /xingrg/dwr/call/plaincall/AjaxYddbService.loadMaterielItems.dwr HTTP/1.1" 200 1432
116.224.253.72 - - [28/May/2021:09:42:00 +0800] "POST /xingrg/dwr/call/plaincall/AjaxYddbService.saveOrder.dwr HTTP/1.1" 200 78
116.224.253.72 - - [28/May/2021:09:42:03 +0800] "POST /xingrg/dwr/call/plaincall/AjaxYddbService.objCheckOrder.dwr HTTP/1.1" 200 78
116.224.253.72 - - [28/May/2021:09:42:03 +0800] "GET /xingrg/all/function/internal_message.html?_=1622166125993&CODE_STATE=getMsg HTTP/1.1" 200 27
116.230.114.112 - - [28/May/2021:09:42:04 +0800] "GET /xingrg/all/function/internal_message.html?_=1622166139004&CODE_STATE=getMsg HTTP/1.1" 200 27
116.224.253.72 - - [28/May/2021:09:42:04 +0800] "GET /xingrg/kc/base/yddb_order_info.html?code=482021052800205 HTTP/1.1" 200 31145
116.224.253.72 - - [28/May/2021:09:42:04 +0800] "GET /xingrg/dwr/interface/AjaxComOrderService.js HTTP/1.1" 200 18264
116.224.253.72 - - [28/May/2021:09:42:04 +0800] "GET /xingrg/dwr/interface/AjaxYddbService.js HTTP/1.1" 200 13201
116.224.253.72 - - [28/May/2021:09:42:04 +0800] "GET /xingrg/dwr/engine.js HTTP/1.1" 200 43631
116.224.253.72 - - [28/May/2021:09:42:04 +0800] "POST /xingrg/dwr/call/plaincall/AjaxYddbService.loadMaterielItems.dwr HTTP/1.1" 200 1432
116.224.253.72 - - [28/May/2021:09:42:05 +0800] "GET /xingrg/kc/buy/cgsh_order_list.html HTTP/1.1" 200 46417
180.169.147.146 - - [28/May/2021:09:42:08 +0800] "GET /xingrg/all/function/internal_message.html?_=1622166129218&CODE_STATE=getMsg HTTP/1.1" 200 27
116.224.253.72 - - [28/May/2021:09:42:09 +0800] "POST /xingrg/kc/buy/cgsh_list_operate.html HTTP/1.1" 200 2429
101.85.94.178 - - [28/May/2021:09:42:10 +0800] "GET /xingrg/kc/report/report_main.html HTTP/1.1" 200 7345
101.85.94.178 - - [28/May/2021:09:42:10 +0800] "GET /xingrg/javascript/jquery_ui/themes/humanity/humanity.css HTTP/1.1" 200 27801
116.224.253.72 - - [28/May/2021:09:42:11 +0800] "GET /xingrg/kc/buy/cgsh_order_add.html HTTP/1.1" 200 61793
120.253.135.82 - - [28/May/2021:09:42:11 +0800] "GET /xingrg/check_reg.html?_=1622166172469 HTTP/1.1" 200 22
116.224.253.72 - - [28/May/2021:09:42:11 +0800] "POST /xingrg/kc/buy/cgsh_order_operate.html HTTP/1.1" 200 8245
116.224.253.72 - - [28/May/2021:09:42:11 +0800] "GET /xingrg/javascript/easyui/themes/default/validatebox.css HTTP/1.1" 404 1104
120.253.135.82 - - [28/May/2021:09:42:12 +0800] "GET /xingrg/all/function/internal_message.html?_=1622166172842&CODE_STATE=getMsg HTTP/1.1" 200 27
101.85.94.178 - - [28/May/2021:09:42:12 +0800] "GET /xingrg/kc/base/kc_stocks.html HTTP/1.1" 200 16437
101.85.94.178 - - [28/May/2021:09:42:12 +0800] "GET /xingrg/javascript/easyui/themes/sunny/easyui.css HTTP/1.1" 200 34304
101.85.94.178 - - [28/May/2021:09:42:12 +0800] "GET /xingrg/javascript/easyui/themes/icons/refresh_new.png HTTP/1.1" 200 685
101.85.94.178 - - [28/May/2021:09:42:12 +0800] "GET /xingrg/javascript/easyui/themes/icons/filter_new.png HTTP/1.1" 200 795
101.85.94.178 - - [28/May/2021:09:42:12 +0800] "GET /xingrg/javascript/easyui/themes/icons/print_new.png HTTP/1.1" 200 3580
101.85.94.178 - - [28/May/2021:09:42:12 +0800] "GET /xingrg/javascript/easyui/plugins/jquery.draggable.js HTTP/1.1" 200 6121
101.85.94.178 - - [28/May/2021:09:42:12 +0800] "GET /xingrg/all/common/auto_word.html?type=base&rest_code=00142 HTTP/1.1" 200 665
101.85.94.178 - - [28/May/2021:09:42:12 +0800] "GET /xingrg/javascript/easyui/plugins/jquery.droppable.js HTTP/1.1" 200 1167
101.85.94.178 - - [28/May/2021:09:42:12 +0800] "GET /xingrg/javascript/easyui/themes/default/tree.css HTTP/1.1" 404 1090
101.85.94.178 - - [28/May/2021:09:42:12 +0800] "GET /xingrg/javascript/easyui/plugins/jquery.tree.js HTTP/1.1" 200 20874
101.85.94.178 - - [28/May/2021:09:42:12 +0800] "POST /xingrg/all/common/load_tree.html?tree=materiel_sort_tree_json HTTP/1.1" 200 8666
101.85.94.178 - - [28/May/2021:09:42:12 +0800] "GET /xingrg/javascript/easyui/themes/sunny/images/tree_file.gif HTTP/1.1" 200 118
101.85.94.178 - - [28/May/2021:09:42:12 +0800] "GET /xingrg/javascript/easyui/themes/sunny/images/tree_folder.gif HTTP/1.1" 200 952
101.85.94.178 - - [28/May/2021:09:42:12 +0800] "GET /xingrg/javascript/easyui/themes/sunny/images/tree_folder_open.gif HTTP/1.1" 200 956
101.85.94.178 - - [28/May/2021:09:42:12 +0800] "GET /xingrg/javascript/easyui/themes/sunny/images/tree_arrows.gif HTTP/1.1" 200 617
116.233.74.209 - - [28/May/2021:09:42:13 +0800] "GET /xingrg/all/function/internal_message.html?_=1622166131933&CODE_STATE=getMsg HTTP/1.1" 200 27
120.253.135.82 - - [28/May/2021:09:42:13 +0800] "GET /xingrg/all/function/internal_message.html?_=1622165913463&CODE_STATE=getMsg HTTP/1.1" 200 27
101.85.94.178 - - [28/May/2021:09:42:16 +0800] "GET /xingrg/css/images/panel_loading.gif HTTP/1.1" 200 1737
101.85.94.178 - - [28/May/2021:09:42:16 +0800] "POST /xingrg/all/common/load_combo.html?type=base HTTP/1.1" 200 1215
101.85.94.178 - - [28/May/2021:09:42:19 +0800] "POST /xingrg/kc/base/stock_operate.html HTTP/1.1" 200 3937
101.85.94.178 - - [28/May/2021:09:42:19 +0800] "GET /xingrg/javascript/jquery_tools/fix_table.js HTTP/1.1" 200 6528
116.224.253.72 - - [28/May/2021:09:42:19 +0800] "GET /xingrg/javascript/auto/indicator.gif HTTP/1.1" 404 1066
180.169.147.146 - - [28/May/2021:09:42:20 +0800] "GET /xingrg/check_reg.html?_=1622166122712 HTTP/1.1" 200 22
117.184.7.26 - - [28/May/2021:09:42:20 +0800] "GET /xingrg/all/function/internal_message.html?_=1622166133471&CODE_STATE=getMsg HTTP/1.1" 302 -
117.184.7.26 - - [28/May/2021:09:42:20 +0800] "GET /xingrg/login.html HTTP/1.1" 200 7641
101.85.94.178 - - [28/May/2021:09:42:23 +0800] "GET /xingrg/all/function/internal_message.html?_=1622165619942&CODE_STATE=getMsg HTTP/1.1" 200 27
101.85.94.178 - - [28/May/2021:09:42:23 +0800] "GET /xingrg/check_reg.html?_=1622165619945 HTTP/1.1" 200 22
116.230.114.112 - - [28/May/2021:09:42:25 +0800] "GET /xingrg/all/function/internal_message.html?_=1622166157338&CODE_STATE=getMsg HTTP/1.1" 200 27
180.161.111.4 - - [28/May/2021:09:42:32 +0800] "GET /xingrg/kc/buy/cgsh_order_operate.html?command=get_materiel&rest_code=00102&code=00101011003&supplier_code=00100047&order_time=2021-05-28 HTTP/1.1" 200 413
116.230.110.80 - - [28/May/2021:09:42:33 +0800] "GET /xingrg/check_reg.html?_=1622166148654 HTTP/1.1" 200 22
116.230.110.80 - - [28/May/2021:09:42:34 +0800] "GET /xingrg/all/function/internal_message.html?_=1622166148656&CODE_STATE=getMsg HTTP/1.1" 200 27
116.224.253.72 - - [28/May/2021:09:42:35 +0800] "GET /xingrg/all/function/internal_message.html?_=1622166153424&CODE_STATE=getMsg HTTP/1.1" 200 27
222.69.131.161 - - [28/May/2021:09:42:37 +0800] "GET /xingrg/check_reg.html?_=1622166153778 HTTP/1.1" 200 22
222.69.131.161 - - [28/May/2021:09:42:37 +0800] "GET /xingrg/all/function/internal_message.html?_=1622166153781&CODE_STATE=getMsg HTTP/1.1" 200 27
116.235.222.38 - - [28/May/2021:09:42:39 +0800] "GET /xingrg/all/function/internal_message.html?_=1622166156483&CODE_STATE=getMsg HTTP/1.1" 200 27
180.169.147.146 - - [28/May/2021:09:42:40 +0800] "GET /xingrg/all/function/internal_message.html?_=1622166156538&CODE_STATE=getMsg HTTP/1.1" 200 27
61.165.42.208 - - [28/May/2021:09:42:50 +0800] "GET /xingrg/all/function/internal_message.html?_=1622166148408&CODE_STATE=getMsg HTTP/1.1" 200 27
180.161.111.4 - - [28/May/2021:09:43:00 +0800] "GET /xingrg/kc/buy/cgsh_order_operate.html?command=get_materiel&rest_code=00102&code=00101011010&supplier_code=00100047&order_time=2021-05-28 HTTP/1.1" 200 418
116.224.253.72 - - [28/May/2021:09:43:03 +0800] "GET /xingrg/all/function/internal_message.html?_=1622166186047&CODE_STATE=getMsg HTTP/1.1" 200 27
116.230.114.112 - - [28/May/2021:09:43:04 +0800] "GET /xingrg/all/function/internal_message.html?_=1622166199456&CODE_STATE=getMsg HTTP/1.1" 200 27
180.169.147.146 - - [28/May/2021:09:43:08 +0800] "GET /xingrg/all/function/internal_message.html?_=1622166189221&CODE_STATE=getMsg HTTP/1.1" 200 27
120.253.135.82 - - [28/May/2021:09:43:12 +0800] "GET /xingrg/all/function/internal_message.html?_=1622166232854&CODE_STATE=getMsg HTTP/1.1" 200 27
180.161.111.4 - - [28/May/2021:09:43:12 +0800] "GET /xingrg/kc/buy/cgsh_order_operate.html?command=get_materiel&rest_code=00102&code=00101011007&supplier_code=00100047&order_time=2021-05-28 HTTP/1.1" 200 414
116.233.74.209 - - [28/May/2021:09:43:13 +0800] "GET /xingrg/all/function/internal_message.html?_=1622166191932&CODE_STATE=getMsg HTTP/1.1" 200 27
120.253.135.82 - - [28/May/2021:09:43:13 +0800] "GET /xingrg/all/function/internal_message.html?_=1622165973471&CODE_STATE=getMsg HTTP/1.1" 200 27
117.184.7.26 - - [28/May/2021:09:43:20 +0800] "GET /xingrg/all/function/internal_message.html?_=1622166193472&CODE_STATE=getMsg HTTP/1.1" 302 -
117.184.7.26 - - [28/May/2021:09:43:20 +0800] "GET /xingrg/login.html HTTP/1.1" 200 7641
101.85.94.178 - - [28/May/2021:09:43:23 +0800] "GET /xingrg/all/function/internal_message.html?_=1622165679947&CODE_STATE=getMsg HTTP/1.1" 200 27
116.230.114.112 - - [28/May/2021:09:43:25 +0800] "GET /xingrg/all/function/internal_message.html?_=1622166217377&CODE_STATE=getMsg HTTP/1.1" 200 27
180.161.111.4 - - [28/May/2021:09:43:26 +0800] "GET /xingrg/kc/buy/cgsh_order_operate.html?command=get_materiel&rest_code=00102&code=00101011002&supplier_code=00100047&order_time=2021-05-28 HTTP/1.1" 200 427
116.230.110.80 - - [28/May/2021:09:43:34 +0800] "GET /xingrg/all/function/internal_message.html?_=1622166208668&CODE_STATE=getMsg HTTP/1.1" 200 27
116.224.253.72 - - [28/May/2021:09:43:35 +0800] "GET /xingrg/all/function/internal_message.html?_=1622166213433&CODE_STATE=getMsg HTTP/1.1" 200 27
180.169.147.146 - - [28/May/2021:09:43:36 +0800] "GET /xingrg/check_reg.html?_=1622166213784 HTTP/1.1" 302 -
222.69.131.161 - - [28/May/2021:09:43:37 +0800] "GET /xingrg/all/function/internal_message.html?_=1622166213782&CODE_STATE=getMsg HTTP/1.1" 200 27
180.161.111.4 - - [28/May/2021:09:43:38 +0800] "POST /xingrg/kc/buy/cgsh_order_operate.html HTTP/1.1" 200 37
116.235.222.38 - - [28/May/2021:09:43:39 +0800] "GET /xingrg/check_reg.html?_=1622166216479 HTTP/1.1" 200 22
116.235.222.38 - - [28/May/2021:09:43:39 +0800] "GET /xingrg/all/function/internal_message.html?_=1622166216482&CODE_STATE=getMsg HTTP/1.1" 200 27
180.169.147.146 - - [28/May/2021:09:43:40 +0800] "GET /xingrg/check_reg.html?_=1622166216544 HTTP/1.1" 200 22
180.169.147.146 - - [28/May/2021:09:43:40 +0800] "GET /xingrg/all/function/internal_message.html?_=1622166216546&CODE_STATE=getMsg HTTP/1.1" 200 27
180.161.111.4 - - [28/May/2021:09:43:41 +0800] "POST /xingrg/kc/buy/cgsh_order_operate.html HTTP/1.1" 200 12
180.161.111.4 - - [28/May/2021:09:43:42 +0800] "GET /xingrg/kc/buy/cgsh_order_info.html?code=212021052812499 HTTP/1.1" 200 57010
180.161.111.4 - - [28/May/2021:09:43:44 +0800] "GET /xingrg/javascript/easyui/themes/default/validatebox.css HTTP/1.1" 404 1104
116.230.114.112 - - [28/May/2021:09:43:44 +0800] "GET /xingrg/check_reg.html?_=1622166238846 HTTP/1.1" 200 22
180.161.111.4 - - [28/May/2021:09:43:44 +0800] "POST /xingrg/kc/buy/cgsh_order_operate.html HTTP/1.1" 200 2403
101.85.94.178 - - [28/May/2021:09:43:46 +0800] "POST /xingrg/kc/base/stock_operate.html HTTP/1.1" 200 4067
180.161.111.4 - - [28/May/2021:09:43:48 +0800] "GET /xingrg/kc/print/load_data.html?order_code=212021052812499&kc_code=cgsh&condition= HTTP/1.1" 200 1434
101.85.94.178 - - [28/May/2021:09:43:48 +0800] "GET /xingrg/javascript/easyui/themes/sunny/images/ui-bg_gloss-wave_70_ffdd57_500x100.png HTTP/1.1" 200 3830
61.165.42.208 - - [28/May/2021:09:43:50 +0800] "GET /xingrg/check_reg.html?_=1622166208434 HTTP/1.1" 200 22
61.165.42.208 - - [28/May/2021:09:43:50 +0800] "GET /xingrg/all/function/internal_message.html?_=1622166208437&CODE_STATE=getMsg HTTP/1.1" 200 27
101.85.94.178 - - [28/May/2021:09:44:00 +0800] "POST /xingrg/kc/base/stock_operate.html HTTP/1.1" 200 3719
116.224.253.72 - - [28/May/2021:09:44:03 +0800] "GET /xingrg/all/function/internal_message.html?_=1622166246052&CODE_STATE=getMsg HTTP/1.1" 200 27
116.230.114.112 - - [28/May/2021:09:44:04 +0800] "GET /xingrg/all/function/internal_message.html?_=1622166259468&CODE_STATE=getMsg HTTP/1.1" 200 27
180.169.147.146 - - [28/May/2021:09:44:08 +0800] "GET /xingrg/check_reg.html?_=1622166249212 HTTP/1.1" 200 22
180.169.147.146 - - [28/May/2021:09:44:08 +0800] "GET /xingrg/all/function/internal_message.html?_=1622166249215&CODE_STATE=getMsg HTTP/1.1" 200 27
120.253.135.82 - - [28/May/2021:09:44:12 +0800] "GET /xingrg/all/function/internal_message.html?_=1622166292869&CODE_STATE=getMsg HTTP/1.1" 200 27
116.233.74.209 - - [28/May/2021:09:44:13 +0800] "GET /xingrg/all/function/internal_message.html?_=1622166251934&CODE_STATE=getMsg HTTP/1.1" 200 27
120.253.135.82 - - [28/May/2021:09:44:13 +0800] "GET /xingrg/check_reg.html?_=1622166033037 HTTP/1.1" 200 22
120.253.135.82 - - [28/May/2021:09:44:13 +0800] "GET /xingrg/all/function/internal_message.html?_=1622166033484&CODE_STATE=getMsg HTTP/1.1" 200 27
117.184.7.26 - - [28/May/2021:09:44:20 +0800] "GET /xingrg/all/function/internal_message.html?_=1622166253474&CODE_STATE=getMsg HTTP/1.1" 302 -
117.184.7.26 - - [28/May/2021:09:44:20 +0800] "GET /xingrg/login.html HTTP/1.1" 200 7641
116.230.114.112 - - [28/May/2021:09:44:21 +0800] "GET /xingrg/check_reg.html?_=1622166273653 HTTP/1.1" 200 22
101.85.94.178 - - [28/May/2021:09:44:23 +0800] "GET /xingrg/all/function/internal_message.html?_=1622165739956&CODE_STATE=getMsg HTTP/1.1" 200 27
116.230.114.112 - - [28/May/2021:09:44:25 +0800] "GET /xingrg/all/function/internal_message.html?_=1622166277381&CODE_STATE=getMsg HTTP/1.1" 200 27
58.37.225.51 - - [28/May/2021:09:44:26 +0800] "GET /xingrg/check_reg.html?_=1622166212572 HTTP/1.1" 302 -
116.230.110.80 - - [28/May/2021:09:44:34 +0800] "GET /xingrg/all/function/internal_message.html?_=1622166268661&CODE_STATE=getMsg HTTP/1.1" 200 27
116.224.253.72 - - [28/May/2021:09:44:35 +0800] "GET /xingrg/all/function/internal_message.html?_=1622166273433&CODE_STATE=getMsg HTTP/1.1" 200 27
222.69.131.161 - - [28/May/2021:09:44:37 +0800] "GET /xingrg/all/function/internal_message.html?_=1622166273775&CODE_STATE=getMsg HTTP/1.1" 200 27
116.235.222.38 - - [28/May/2021:09:44:39 +0800] "GET /xingrg/all/function/internal_message.html?_=1622166276483&CODE_STATE=getMsg HTTP/1.1" 200 27
180.169.147.146 - - [28/May/2021:09:44:40 +0800] "GET /xingrg/all/function/internal_message.html?_=1622166276544&CODE_STATE=getMsg HTTP/1.1" 200 27
61.165.42.208 - - [28/May/2021:09:44:50 +0800] "GET /xingrg/all/function/internal_message.html?_=1622166268437&CODE_STATE=getMsg HTTP/1.1" 200 27
116.224.253.72 - - [28/May/2021:09:45:03 +0800] "GET /xingrg/check_reg.html?_=1622166305560 HTTP/1.1" 200 22
116.224.253.72 - - [28/May/2021:09:45:03 +0800] "GET /xingrg/all/function/internal_message.html?_=1622166306065&CODE_STATE=getMsg HTTP/1.1" 200 27
116.230.114.112 - - [28/May/2021:09:45:04 +0800] "GET /xingrg/all/function/internal_message.html?_=1622166319481&CODE_STATE=getMsg HTTP/1.1" 200 27
180.169.147.146 - - [28/May/2021:09:45:08 +0800] "GET /xingrg/all/function/internal_message.html?_=1622166309215&CODE_STATE=getMsg HTTP/1.1" 200 27
120.253.135.82 - - [28/May/2021:09:45:12 +0800] "GET /xingrg/all/function/internal_message.html?_=1622166352884&CODE_STATE=getMsg HTTP/1.1" 200 27
116.233.74.209 - - [28/May/2021:09:45:13 +0800] "GET /xingrg/all/function/internal_message.html?_=1622166311936&CODE_STATE=getMsg HTTP/1.1" 200 27
116.233.74.209 - - [28/May/2021:09:45:13 +0800] "GET /xingrg/check_reg.html?_=1622166311940 HTTP/1.1" 200 22
120.253.135.82 - - [28/May/2021:09:45:13 +0800] "GET /xingrg/all/function/internal_message.html?_=1622166093497&CODE_STATE=getMsg HTTP/1.1" 200 27
117.184.7.26 - - [28/May/2021:09:45:20 +0800] "GET /xingrg/all/function/internal_message.html?_=1622166313474&CODE_STATE=getMsg HTTP/1.1" 302 -
117.184.7.26 - - [28/May/2021:09:45:20 +0800] "GET /xingrg/login.html HTTP/1.1" 200 7641
101.85.94.178 - - [28/May/2021:09:45:23 +0800] "GET /xingrg/all/function/internal_message.html?_=1622165799942&CODE_STATE=getMsg HTTP/1.1" 200 27
116.230.114.112 - - [28/May/2021:09:45:25 +0800] "GET /xingrg/all/function/internal_message.html?_=1622166337395&CODE_STATE=getMsg HTTP/1.1" 200 27
116.224.253.72 - - [28/May/2021:09:45:28 +0800] "GET /xingrg/kc/buy/cgsh_order_operate.html?command=get_materiel&rest_code=00151&code=00101029060&supplier_code=00100098&order_time=2021-05-28 HTTP/1.1" 200 427
180.161.111.4 - - [28/May/2021:09:45:32 +0800] "GET /xingrg/check_reg.html?_=1622166290689 HTTP/1.1" 200 22
116.230.110.80 - - [28/May/2021:09:45:33 +0800] "GET /xingrg/all/function/internal_message.html?_=1622166328651&CODE_STATE=getMsg HTTP/1.1" 200 27
116.224.253.72 - - [28/May/2021:09:45:35 +0800] "GET /xingrg/all/function/internal_message.html?_=1622166333444&CODE_STATE=getMsg HTTP/1.1" 200 27
116.235.222.38 - - [28/May/2021:09:45:39 +0800] "GET /xingrg/all/function/internal_message.html?_=1622166336483&CODE_STATE=getMsg HTTP/1.1" 200 27
180.169.147.146 - - [28/May/2021:09:45:40 +0800] "GET /xingrg/all/function/internal_message.html?_=1622166336546&CODE_STATE=getMsg HTTP/1.1" 200 27
61.165.42.208 - - [28/May/2021:09:45:50 +0800] "GET /xingrg/all/function/internal_message.html?_=1622166328438&CODE_STATE=getMsg HTTP/1.1" 200 27
116.224.253.72 - - [28/May/2021:09:45:51 +0800] "GET /xingrg/kc/buy/cgsh_order_operate.html?command=get_materiel&rest_code=00151&code=00101024045&supplier_code=00100098&order_time=2021-05-28 HTTP/1.1" 200 407
222.69.131.161 - - [28/May/2021:09:46:02 +0800] "GET /xingrg/login.html?sysBaseUrl=http%3A%2F%2F180.169.147.146%3A18081%2Fxingrg%2F&costTime=31×tamp=1615347190560 HTTP/1.1" 200 7641
222.69.131.161 - - [28/May/2021:09:46:02 +0800] "GET /favicon.ico HTTP/1.1" 404 -
116.224.253.72 - - [28/May/2021:09:46:04 +0800] "GET /xingrg/all/function/internal_message.html?_=1622166366078&CODE_STATE=getMsg HTTP/1.1" 200 27
222.69.131.161 - - [28/May/2021:09:46:04 +0800] "POST /xingrg/login.do HTTP/1.1" 302 -
222.69.131.161 - - [28/May/2021:09:46:04 +0800] "GET /xingrg/index.html?sysBaseUrl=http%3A%2F%2F180.169.147.146%3A18081%2Fxingrg%2F&costTime=55×tamp=1622166364351 HTTP/1.1" 200 17179
222.69.131.161 - - [28/May/2021:09:46:04 +0800] "GET /favicon.ico HTTP/1.1" 404 -
222.69.131.161 - - [28/May/2021:09:46:04 +0800] "POST /xingrg/all/common/load_tree.html?tree=area_rest_tree_json&manage=1 HTTP/1.1" 200 351
222.69.131.161 - - [28/May/2021:09:46:04 +0800] "GET /xingrg/all/function/internal_message.html?_=1622166361005&CODE_STATE=count HTTP/1.1" 200 11
222.69.131.161 - - [28/May/2021:09:46:04 +0800] "GET /xingrg/check_reg.html?_=1622166361006 HTTP/1.1" 200 22
222.69.131.161 - - [28/May/2021:09:46:04 +0800] "POST /xingrg/load_menu.html HTTP/1.1" 200 5138
116.230.114.112 - - [28/May/2021:09:46:05 +0800] "GET /xingrg/all/function/internal_message.html?_=1622166379892&CODE_STATE=getMsg HTTP/1.1" 200 27
180.169.147.146 - - [28/May/2021:09:46:08 +0800] "GET /xingrg/all/function/internal_message.html?_=1622166369217&CODE_STATE=getMsg HTTP/1.1" 200 27
120.253.135.82 - - [28/May/2021:09:46:12 +0800] "GET /xingrg/all/function/internal_message.html?_=1622166412896&CODE_STATE=getMsg HTTP/1.1" 200 27
116.233.74.209 - - [28/May/2021:09:46:13 +0800] "GET /xingrg/all/function/internal_message.html?_=1622166371938&CODE_STATE=getMsg HTTP/1.1" 200 27
120.253.135.82 - - [28/May/2021:09:46:13 +0800] "GET /xingrg/all/function/internal_message.html?_=1622166153512&CODE_STATE=getMsg HTTP/1.1" 200 27
117.184.7.26 - - [28/May/2021:09:46:20 +0800] "GET /xingrg/check_reg.html?_=1622166373477 HTTP/1.1" 302 -
117.184.7.26 - - [28/May/2021:09:46:20 +0800] "GET /xingrg/all/function/internal_message.html?_=1622166373476&CODE_STATE=getMsg HTTP/1.1" 302 -
117.184.7.26 - - [28/May/2021:09:46:20 +0800] "GET /xingrg/login.html HTTP/1.1" 200 7641
117.184.7.26 - - [28/May/2021:09:46:20 +0800] "GET /xingrg/login.html HTTP/1.1" 200 7641
101.85.94.178 - - [28/May/2021:09:46:23 +0800] "GET /xingrg/all/function/internal_message.html?_=1622165859942&CODE_STATE=getMsg HTTP/1.1" 200 27
116.230.114.112 - - [28/May/2021:09:46:25 +0800] "GET /xingrg/all/function/internal_message.html?_=1622166397432&CODE_STATE=getMsg HTTP/1.1" 200 27
222.69.131.161 - - [28/May/2021:09:46:33 +0800] "GET /xingrg/kc/buy/cgsh_order_list.html HTTP/1.1" 200 46419
116.230.110.80 - - [28/May/2021:09:46:34 +0800] "GET /xingrg/all/function/internal_message.html?_=1622166388669&CODE_STATE=getMsg HTTP/1.1" 200 27
222.69.131.161 - - [28/May/2021:09:46:34 +0800] "POST /xingrg/kc/buy/cgsh_list_operate.html HTTP/1.1" 200 876
116.224.253.72 - - [28/May/2021:09:46:35 +0800] "GET /xingrg/check_reg.html?_=1622166393446 HTTP/1.1" 200 22
116.224.253.72 - - [28/May/2021:09:46:35 +0800] "GET /xingrg/all/function/internal_message.html?_=1622166393447&CODE_STATE=getMsg HTTP/1.1" 200 27
116.235.222.38 - - [28/May/2021:09:46:39 +0800] "GET /xingrg/all/function/internal_message.html?_=1622166396482&CODE_STATE=getMsg HTTP/1.1" 200 27
180.169.147.146 - - [28/May/2021:09:46:40 +0800] "GET /xingrg/all/function/internal_message.html?_=1622166396543&CODE_STATE=getMsg HTTP/1.1" 200 27
61.165.42.208 - - [28/May/2021:09:46:50 +0800] "GET /xingrg/all/function/internal_message.html?_=1622166388438&CODE_STATE=getMsg HTTP/1.1" 200 27
116.224.253.72 - - [28/May/2021:09:47:04 +0800] "GET /xingrg/all/function/internal_message.html?_=1622166426092&CODE_STATE=getMsg HTTP/1.1" 200 27
222.69.131.161 - - [28/May/2021:09:47:04 +0800] "GET /xingrg/all/function/internal_message.html?_=1622166421008&CODE_STATE=getMsg HTTP/1.1" 200 27
116.230.114.112 - - [28/May/2021:09:47:05 +0800] "GET /xingrg/all/function/internal_message.html?_=1622166439898&CODE_STATE=getMsg HTTP/1.1" 200 27
180.169.147.146 - - [28/May/2021:09:47:08 +0800] "GET /xingrg/all/function/internal_message.html?_=1622166429219&CODE_STATE=getMsg HTTP/1.1" 200 27
120.253.135.82 - - [28/May/2021:09:47:11 +0800] "GET /xingrg/check_reg.html?_=1622166472477 HTTP/1.1" 200 22
120.253.135.82 - - [28/May/2021:09:47:12 +0800] "GET /xingrg/all/function/internal_message.html?_=1622166472909&CODE_STATE=getMsg HTTP/1.1" 200 27
116.233.74.209 - - [28/May/2021:09:47:13 +0800] "GET /xingrg/all/function/internal_message.html?_=1622166431941&CODE_STATE=getMsg HTTP/1.1" 200 27
120.253.135.82 - - [28/May/2021:09:47:13 +0800] "GET /xingrg/all/function/internal_message.html?_=1622166213558&CODE_STATE=getMsg HTTP/1.1" 200 27
222.69.131.161 - - [28/May/2021:09:47:17 +0800] "GET /xingrg/kc/buy/cgsh_order_list.html HTTP/1.1" 200 46419
222.69.131.161 - - [28/May/2021:09:47:17 +0800] "POST /xingrg/kc/buy/cgsh_list_operate.html HTTP/1.1" 200 876
180.169.147.146 - - [28/May/2021:09:47:20 +0800] "GET /xingrg/check_reg.html?_=1622166422729 HTTP/1.1" 200 22
117.184.7.26 - - [28/May/2021:09:47:20 +0800] "GET /xingrg/all/function/internal_message.html?_=1622166433476&CODE_STATE=getMsg HTTP/1.1" 302 -
117.184.7.26 - - [28/May/2021:09:47:20 +0800] "GET /xingrg/login.html HTTP/1.1" 200 7641
101.85.94.178 - - [28/May/2021:09:47:23 +0800] "GET /xingrg/all/function/internal_message.html?_=1622165919942&CODE_STATE=getMsg HTTP/1.1" 200 27
101.85.94.178 - - [28/May/2021:09:47:23 +0800] "GET /xingrg/check_reg.html?_=1622165919945 HTTP/1.1" 200 22
116.224.253.72 - - [28/May/2021:09:47:25 +0800] "POST /xingrg/kc/buy/cgsh_order_operate.html HTTP/1.1" 200 37
