116.230.110.80 - - [28/May/2021:05:13:33 +0800] "GET /xingrg/all/function/internal_message.html?_=1622150008665&CODE_STATE=getMsg HTTP/1.1" 200 27
180.169.147.146 - - [28/May/2021:05:13:37 +0800] "GET /xingrg/check_reg.html?_=1622150014650 HTTP/1.1" 302 -
116.230.114.112 - - [28/May/2021:05:13:43 +0800] "GET /xingrg/check_reg.html?_=1622150037750 HTTP/1.1" 200 22
120.253.135.82 - - [28/May/2021:05:13:49 +0800] "GET /xingrg/check_reg.html?_=1622150070797 HTTP/1.1" 200 22
116.230.114.112 - - [28/May/2021:05:13:52 +0800] "GET /xingrg/all/function/internal_message.html?_=1622150046408&CODE_STATE=getMsg HTTP/1.1" 200 27
180.169.147.146 - - [28/May/2021:05:13:58 +0800] "GET /xingrg/all/function/internal_message.html?_=1622150035813&CODE_STATE=getMsg HTTP/1.1" 200 27
180.169.147.146 - - [28/May/2021:05:14:01 +0800] "GET /xingrg/all/function/internal_message.html?_=1622150038674&CODE_STATE=getMsg HTTP/1.1" 200 27
120.253.135.82 - - [28/May/2021:05:14:03 +0800] "GET /xingrg/all/function/internal_message.html?_=1622149823998&CODE_STATE=getMsg HTTP/1.1" 200 27
120.253.135.82 - - [28/May/2021:05:14:03 +0800] "POST /xingrg/kc/buy/cgsh_order_operate.html HTTP/1.1" 200 37
120.253.135.82 - - [28/May/2021:05:14:05 +0800] "POST /xingrg/kc/buy/cgsh_order_operate.html HTTP/1.1" 200 2687
120.253.135.82 - - [28/May/2021:05:14:10 +0800] "GET /xingrg/all/function/internal_message.html?_=1622150091636&CODE_STATE=getMsg HTTP/1.1" 200 27
120.253.135.82 - - [28/May/2021:05:14:19 +0800] "POST /xingrg/kc/buy/cgsh_order_operate.html HTTP/1.1" 200 37
117.184.7.26 - - [28/May/2021:05:14:20 +0800] "GET /xingrg/all/function/internal_message.html?_=1622150053182&CODE_STATE=getMsg HTTP/1.1" 302 -
117.184.7.26 - - [28/May/2021:05:14:20 +0800] "GET /xingrg/login.html HTTP/1.1" 200 7641
120.253.135.82 - - [28/May/2021:05:14:20 +0800] "POST /xingrg/kc/buy/cgsh_order_operate.html HTTP/1.1" 200 2687
116.230.114.112 - - [28/May/2021:05:14:21 +0800] "GET /xingrg/check_reg.html?_=1622150072442 HTTP/1.1" 200 22
116.230.114.112 - - [28/May/2021:05:14:21 +0800] "GET /xingrg/all/function/internal_message.html?_=1622150072746&CODE_STATE=getMsg HTTP/1.1" 200 27
120.253.135.82 - - [28/May/2021:05:14:23 +0800] "GET /xingrg/kc/print/load_config.html?kc_code=cgsh HTTP/1.1" 200 1845
120.253.135.82 - - [28/May/2021:05:14:23 +0800] "GET /xingrg/kc/print/load_data.html?order_code=212021052812466&kc_code=cgsh&condition= HTTP/1.1" 200 707
116.230.110.80 - - [28/May/2021:05:14:33 +0800] "GET /xingrg/all/function/internal_message.html?_=1622150068665&CODE_STATE=getMsg HTTP/1.1" 200 27
116.230.114.112 - - [28/May/2021:05:14:52 +0800] "GET /xingrg/all/function/internal_message.html?_=1622150106422&CODE_STATE=getMsg HTTP/1.1" 200 27
180.169.147.146 - - [28/May/2021:05:14:58 +0800] "GET /xingrg/all/function/internal_message.html?_=1622150095814&CODE_STATE=getMsg HTTP/1.1" 200 27
180.169.147.146 - - [28/May/2021:05:15:01 +0800] "GET /xingrg/all/function/internal_message.html?_=1622150098692&CODE_STATE=getMsg HTTP/1.1" 200 27
120.253.135.82 - - [28/May/2021:05:15:03 +0800] "GET /xingrg/all/function/internal_message.html?_=1622149884011&CODE_STATE=getMsg HTTP/1.1" 200 27
120.253.135.82 - - [28/May/2021:05:15:10 +0800] "GET /xingrg/all/function/internal_message.html?_=1622150151647&CODE_STATE=getMsg HTTP/1.1" 200 27
117.184.7.26 - - [28/May/2021:05:15:20 +0800] "GET /xingrg/all/function/internal_message.html?_=1622150113184&CODE_STATE=getMsg HTTP/1.1" 302 -
117.184.7.26 - - [28/May/2021:05:15:20 +0800] "GET /xingrg/login.html HTTP/1.1" 200 7641
116.230.114.112 - - [28/May/2021:05:15:21 +0800] "GET /xingrg/all/function/internal_message.html?_=1622150132760&CODE_STATE=getMsg HTTP/1.1" 200 27
116.230.110.80 - - [28/May/2021:05:15:33 +0800] "GET /xingrg/all/function/internal_message.html?_=1622150128655&CODE_STATE=getMsg HTTP/1.1" 200 27
116.230.114.112 - - [28/May/2021:05:15:52 +0800] "GET /xingrg/all/function/internal_message.html?_=1622150166450&CODE_STATE=getMsg HTTP/1.1" 200 27
180.169.147.146 - - [28/May/2021:05:15:58 +0800] "GET /xingrg/all/function/internal_message.html?_=1622150155816&CODE_STATE=getMsg HTTP/1.1" 200 27
180.169.147.146 - - [28/May/2021:05:16:01 +0800] "GET /xingrg/all/function/internal_message.html?_=1622150158685&CODE_STATE=getMsg HTTP/1.1" 200 27
180.169.147.146 - - [28/May/2021:05:16:01 +0800] "GET /xingrg/check_reg.html?_=1622150158687 HTTP/1.1" 200 22
120.253.135.82 - - [28/May/2021:05:16:03 +0800] "GET /xingrg/check_reg.html?_=1622149943962 HTTP/1.1" 200 22
120.253.135.82 - - [28/May/2021:05:16:03 +0800] "GET /xingrg/all/function/internal_message.html?_=1622149944040&CODE_STATE=getMsg HTTP/1.1" 200 27
120.253.135.82 - - [28/May/2021:05:16:10 +0800] "GET /xingrg/all/function/internal_message.html?_=1622150211681&CODE_STATE=getMsg HTTP/1.1" 200 27
117.184.7.26 - - [28/May/2021:05:16:20 +0800] "GET /xingrg/all/function/internal_message.html?_=1622150173186&CODE_STATE=getMsg HTTP/1.1" 302 -
117.184.7.26 - - [28/May/2021:05:16:20 +0800] "GET /xingrg/check_reg.html?_=1622150173186 HTTP/1.1" 302 -
117.184.7.26 - - [28/May/2021:05:16:20 +0800] "GET /xingrg/login.html HTTP/1.1" 200 7641
117.184.7.26 - - [28/May/2021:05:16:20 +0800] "GET /xingrg/login.html HTTP/1.1" 200 7641
116.230.114.112 - - [28/May/2021:05:16:21 +0800] "GET /xingrg/all/function/internal_message.html?_=1622150192774&CODE_STATE=getMsg HTTP/1.1" 200 27
116.230.110.80 - - [28/May/2021:05:16:33 +0800] "GET /xingrg/all/function/internal_message.html?_=1622150188668&CODE_STATE=getMsg HTTP/1.1" 200 27
116.230.114.112 - - [28/May/2021:05:16:52 +0800] "GET /xingrg/all/function/internal_message.html?_=1622150226464&CODE_STATE=getMsg HTTP/1.1" 200 27
180.169.147.146 - - [28/May/2021:05:16:58 +0800] "GET /xingrg/check_reg.html?_=1622150215815 HTTP/1.1" 200 22
180.169.147.146 - - [28/May/2021:05:16:58 +0800] "GET /xingrg/all/function/internal_message.html?_=1622150215817&CODE_STATE=getMsg HTTP/1.1" 200 27
180.169.147.146 - - [28/May/2021:05:17:01 +0800] "GET /xingrg/all/function/internal_message.html?_=1622150218684&CODE_STATE=getMsg HTTP/1.1" 200 27
120.253.135.82 - - [28/May/2021:05:17:03 +0800] "GET /xingrg/all/function/internal_message.html?_=1622150004069&CODE_STATE=getMsg HTTP/1.1" 200 27
120.253.135.82 - - [28/May/2021:05:17:10 +0800] "GET /xingrg/all/function/internal_message.html?_=1622150271690&CODE_STATE=getMsg HTTP/1.1" 200 27
120.253.135.82 - - [28/May/2021:05:17:18 +0800] "POST /xingrg/kc/buy/cgsh_order_operate.html HTTP/1.1" 200 37
120.253.135.82 - - [28/May/2021:05:17:19 +0800] "POST /xingrg/kc/buy/cgsh_order_operate.html HTTP/1.1" 200 2687
180.169.147.146 - - [28/May/2021:05:17:19 +0800] "GET /xingrg/check_reg.html?_=1622150222981 HTTP/1.1" 200 22
117.184.7.26 - - [28/May/2021:05:17:20 +0800] "GET /xingrg/all/function/internal_message.html?_=1622150233186&CODE_STATE=getMsg HTTP/1.1" 302 -
117.184.7.26 - - [28/May/2021:05:17:20 +0800] "GET /xingrg/login.html HTTP/1.1" 200 7641
116.230.114.112 - - [28/May/2021:05:17:21 +0800] "GET /xingrg/all/function/internal_message.html?_=1622150252811&CODE_STATE=getMsg HTTP/1.1" 200 27
120.253.135.82 - - [28/May/2021:05:17:25 +0800] "POST /xingrg/kc/buy/cgsh_list_operate.html HTTP/1.1" 200 1698
120.253.135.82 - - [28/May/2021:05:17:25 +0800] "POST /xingrg/kc/buy/cgsh_list_operate.html HTTP/1.1" 200 1698
120.253.135.82 - - [28/May/2021:05:17:27 +0800] "POST /xingrg/kc/buy/cgsh_list_operate.html HTTP/1.1" 200 208
120.253.135.82 - - [28/May/2021:05:17:28 +0800] "GET /xingrg/kc/buy/cgsh_order_info.html?code=212021052812466 HTTP/1.1" 200 61224
120.253.135.82 - - [28/May/2021:05:17:28 +0800] "GET /xingrg/javascript/easyui/themes/default/validatebox.css HTTP/1.1" 404 1104
120.253.135.82 - - [28/May/2021:05:17:29 +0800] "POST /xingrg/kc/buy/cgsh_order_operate.html HTTP/1.1" 200 2687
116.230.110.80 - - [28/May/2021:05:17:33 +0800] "GET /xingrg/check_reg.html?_=1622150248662 HTTP/1.1" 200 22
116.230.110.80 - - [28/May/2021:05:17:33 +0800] "GET /xingrg/all/function/internal_message.html?_=1622150248664&CODE_STATE=getMsg HTTP/1.1" 200 27
120.253.135.82 - - [28/May/2021:05:17:36 +0800] "POST /xingrg/kc/buy/cgsh_order_operate.html HTTP/1.1" 200 37
120.253.135.82 - - [28/May/2021:05:17:39 +0800] "POST /xingrg/kc/buy/cgsh_order_operate.html HTTP/1.1" 200 12
120.253.135.82 - - [28/May/2021:05:17:40 +0800] "GET /xingrg/kc/buy/cgsh_order_info.html?code=212021052812466 HTTP/1.1" 200 56118
120.253.135.82 - - [28/May/2021:05:17:40 +0800] "GET /xingrg/javascript/easyui/themes/default/validatebox.css HTTP/1.1" 404 1104
120.253.135.82 - - [28/May/2021:05:17:41 +0800] "POST /xingrg/kc/buy/cgsh_order_operate.html HTTP/1.1" 200 637
120.253.135.82 - - [28/May/2021:05:17:42 +0800] "POST /xingrg/kc/buy/cgsh_list_operate.html HTTP/1.1" 200 876
120.253.135.82 - - [28/May/2021:05:17:48 +0800] "GET /xingrg/kc/pszx/mdps_order_list.html?orderType=0 HTTP/1.1" 200 20838
120.253.135.82 - - [28/May/2021:05:17:48 +0800] "POST /xingrg/kc/pszx/mdps_list_operate.html HTTP/1.1" 200 5417
116.230.114.112 - - [28/May/2021:05:17:52 +0800] "GET /xingrg/all/function/internal_message.html?_=1622150286489&CODE_STATE=getMsg HTTP/1.1" 200 27
180.169.147.146 - - [28/May/2021:05:17:58 +0800] "GET /xingrg/all/function/internal_message.html?_=1622150275811&CODE_STATE=getMsg HTTP/1.1" 200 27
120.253.135.82 - - [28/May/2021:05:17:58 +0800] "POST /xingrg/kc/pszx/mdps_list_operate.html HTTP/1.1" 200 1689
120.253.135.82 - - [28/May/2021:05:17:59 +0800] "POST /xingrg/kc/pszx/mdps_list_operate.html HTTP/1.1" 200 207
120.253.135.82 - - [28/May/2021:05:18:00 +0800] "GET /xingrg/kc/pszx/mdps_order_info.html?code=312021052600709 HTTP/1.1" 200 23929
120.253.135.82 - - [28/May/2021:05:18:00 +0800] "GET /xingrg/javascript/easyui/themes/default/validatebox.css HTTP/1.1" 404 1104
120.253.135.82 - - [28/May/2021:05:18:00 +0800] "POST /xingrg/kc/pszx/mdps_order_operate.html HTTP/1.1" 200 2299
180.169.147.146 - - [28/May/2021:05:18:01 +0800] "GET /xingrg/all/function/internal_message.html?_=1622150278677&CODE_STATE=getMsg HTTP/1.1" 200 27
120.253.135.82 - - [28/May/2021:05:18:03 +0800] "GET /xingrg/all/function/internal_message.html?_=1622150064083&CODE_STATE=getMsg HTTP/1.1" 200 27
120.253.135.82 - - [28/May/2021:05:18:10 +0800] "GET /xingrg/all/function/internal_message.html?_=1622150331724&CODE_STATE=getMsg HTTP/1.1" 200 27
117.184.7.26 - - [28/May/2021:05:18:20 +0800] "GET /xingrg/all/function/internal_message.html?_=1622150293187&CODE_STATE=getMsg HTTP/1.1" 302 -
117.184.7.26 - - [28/May/2021:05:18:20 +0800] "GET /xingrg/login.html HTTP/1.1" 200 7641
116.230.114.112 - - [28/May/2021:05:18:21 +0800] "GET /xingrg/all/function/internal_message.html?_=1622150312816&CODE_STATE=getMsg HTTP/1.1" 200 27
120.253.135.82 - - [28/May/2021:05:18:23 +0800] "GET /xingrg/javascript/jquery_tools/images/next.gif HTTP/1.1" 404 1086
120.253.135.82 - - [28/May/2021:05:18:23 +0800] "GET /xingrg/javascript/jquery_tools/images/prev.gif HTTP/1.1" 404 1086
120.253.135.82 - - [28/May/2021:05:18:28 +0800] "POST /xingrg/kc/pszx/mdps_order_operate.html HTTP/1.1" 200 37
120.253.135.82 - - [28/May/2021:05:18:29 +0800] "GET /xingrg/kc/pszx/mdps_order_info.html?code=312021052600709 HTTP/1.1" 200 23929
120.253.135.82 - - [28/May/2021:05:18:29 +0800] "GET /xingrg/javascript/easyui/themes/default/validatebox.css HTTP/1.1" 404 1104
120.253.135.82 - - [28/May/2021:05:18:29 +0800] "POST /xingrg/kc/pszx/mdps_order_operate.html HTTP/1.1" 200 2299
120.253.135.82 - - [28/May/2021:05:18:33 +0800] "GET /xingrg/kc/pszx/mdps_order_info.html?code=312021052600709 HTTP/1.1" 200 23929
120.253.135.82 - - [28/May/2021:05:18:33 +0800] "POST /xingrg/kc/pszx/mdps_order_operate.html HTTP/1.1" 200 2299
116.230.110.80 - - [28/May/2021:05:18:33 +0800] "GET /xingrg/all/function/internal_message.html?_=1622150308653&CODE_STATE=getMsg HTTP/1.1" 200 27
120.253.135.82 - - [28/May/2021:05:18:33 +0800] "GET /xingrg/javascript/easyui/themes/default/validatebox.css HTTP/1.1" 404 1104
120.253.135.82 - - [28/May/2021:05:18:35 +0800] "POST /xingrg/kc/pszx/mdps_list_operate.html HTTP/1.1" 200 1689
180.169.147.146 - - [28/May/2021:05:18:37 +0800] "GET /xingrg/check_reg.html?_=1622150314634 HTTP/1.1" 302 -
116.230.114.112 - - [28/May/2021:05:18:43 +0800] "GET /xingrg/check_reg.html?_=1622150337755 HTTP/1.1" 200 22
120.253.135.82 - - [28/May/2021:05:18:49 +0800] "GET /xingrg/check_reg.html?_=1622150370805 HTTP/1.1" 200 22
116.230.114.112 - - [28/May/2021:05:18:52 +0800] "GET /xingrg/all/function/internal_message.html?_=1622150346491&CODE_STATE=getMsg HTTP/1.1" 200 27
180.169.147.146 - - [28/May/2021:05:18:58 +0800] "GET /xingrg/all/function/internal_message.html?_=1622150335819&CODE_STATE=getMsg HTTP/1.1" 200 27
120.253.135.82 - - [28/May/2021:05:18:59 +0800] "POST /xingrg/kc/pszx/mdps_list_operate.html HTTP/1.1" 200 4662
120.253.135.82 - - [28/May/2021:05:19:00 +0800] "POST /xingrg/kc/pszx/mdps_list_operate.html HTTP/1.1" 200 202
180.169.147.146 - - [28/May/2021:05:19:01 +0800] "GET /xingrg/all/function/internal_message.html?_=1622150338691&CODE_STATE=getMsg HTTP/1.1" 200 27
120.253.135.82 - - [28/May/2021:05:19:02 +0800] "POST /xingrg/kc/pszx/mdps_list_operate.html HTTP/1.1" 200 281
120.253.135.82 - - [28/May/2021:05:19:03 +0800] "POST /xingrg/kc/pszx/mdps_list_operate.html HTTP/1.1" 200 617
120.253.135.82 - - [28/May/2021:05:19:03 +0800] "GET /xingrg/all/function/internal_message.html?_=1622150124097&CODE_STATE=getMsg HTTP/1.1" 200 27
120.253.135.82 - - [28/May/2021:05:19:04 +0800] "POST /xingrg/kc/pszx/mdps_list_operate.html HTTP/1.1" 200 202
120.253.135.82 - - [28/May/2021:05:19:06 +0800] "POST /xingrg/kc/pszx/mdps_list_operate.html HTTP/1.1" 200 201
120.253.135.82 - - [28/May/2021:05:19:08 +0800] "POST /xingrg/kc/pszx/mdps_list_operate.html HTTP/1.1" 200 375
120.253.135.82 - - [28/May/2021:05:19:10 +0800] "GET /xingrg/all/function/internal_message.html?_=1622150391734&CODE_STATE=getMsg HTTP/1.1" 200 27
120.253.135.82 - - [28/May/2021:05:19:11 +0800] "GET /xingrg/kc/pszx/mdps_order_info.html?code=312021052700728 HTTP/1.1" 200 23929
120.253.135.82 - - [28/May/2021:05:19:11 +0800] "GET /xingrg/javascript/easyui/themes/default/validatebox.css HTTP/1.1" 404 1104
120.253.135.82 - - [28/May/2021:05:19:11 +0800] "POST /xingrg/kc/pszx/mdps_order_operate.html HTTP/1.1" 200 3324
120.253.135.82 - - [28/May/2021:05:19:18 +0800] "POST /xingrg/kc/pszx/mdps_list_operate.html HTTP/1.1" 200 4662
117.184.7.26 - - [28/May/2021:05:19:20 +0800] "GET /xingrg/all/function/internal_message.html?_=1622150353190&CODE_STATE=getMsg HTTP/1.1" 302 -
117.184.7.26 - - [28/May/2021:05:19:20 +0800] "GET /xingrg/login.html HTTP/1.1" 200 7641
120.253.135.82 - - [28/May/2021:05:19:21 +0800] "POST /xingrg/kc/pszx/mdps_list_operate.html HTTP/1.1" 200 526
116.230.114.112 - - [28/May/2021:05:19:21 +0800] "GET /xingrg/check_reg.html?_=1622150372466 HTTP/1.1" 200 22
116.230.114.112 - - [28/May/2021:05:19:21 +0800] "GET /xingrg/all/function/internal_message.html?_=1622150372830&CODE_STATE=getMsg HTTP/1.1" 200 27
120.253.135.82 - - [28/May/2021:05:19:22 +0800] "POST /xingrg/kc/pszx/mdps_list_operate.html HTTP/1.1" 200 285
120.253.135.82 - - [28/May/2021:05:19:26 +0800] "POST /xingrg/kc/pszx/mdps_list_operate.html HTTP/1.1" 200 205
120.253.135.82 - - [28/May/2021:05:19:29 +0800] "GET /xingrg/kc/pszx/mdps_order_info.html?code=312021052800748 HTTP/1.1" 200 23931
120.253.135.82 - - [28/May/2021:05:19:29 +0800] "GET /xingrg/javascript/easyui/themes/default/validatebox.css HTTP/1.1" 404 1104
120.253.135.82 - - [28/May/2021:05:19:29 +0800] "POST /xingrg/kc/pszx/mdps_order_operate.html HTTP/1.1" 200 2763
116.230.110.80 - - [28/May/2021:05:19:33 +0800] "GET /xingrg/all/function/internal_message.html?_=1622150368657&CODE_STATE=getMsg HTTP/1.1" 200 27
120.253.135.82 - - [28/May/2021:05:19:35 +0800] "POST /xingrg/kc/pszx/mdps_order_operate.html HTTP/1.1" 200 37
120.253.135.82 - - [28/May/2021:05:19:36 +0800] "GET /xingrg/kc/pszx/mdps_order_info.html?code=312021052800748 HTTP/1.1" 200 23931
120.253.135.82 - - [28/May/2021:05:19:36 +0800] "GET /xingrg/javascript/easyui/themes/default/validatebox.css HTTP/1.1" 404 1104
120.253.135.82 - - [28/May/2021:05:19:36 +0800] "POST /xingrg/kc/pszx/mdps_order_operate.html HTTP/1.1" 200 2779
120.253.135.82 - - [28/May/2021:05:19:51 +0800] "POST /xingrg/kc/pszx/mdps_order_operate.html HTTP/1.1" 200 37
116.230.114.112 - - [28/May/2021:05:19:52 +0800] "GET /xingrg/all/function/internal_message.html?_=1622150406505&CODE_STATE=getMsg HTTP/1.1" 200 27
120.253.135.82 - - [28/May/2021:05:19:52 +0800] "GET /xingrg/kc/pszx/mdps_order_info.html?code=312021052800748 HTTP/1.1" 200 23931
120.253.135.82 - - [28/May/2021:05:19:52 +0800] "GET /xingrg/javascript/easyui/themes/default/validatebox.css HTTP/1.1" 404 1104
120.253.135.82 - - [28/May/2021:05:19:52 +0800] "POST /xingrg/kc/pszx/mdps_order_operate.html HTTP/1.1" 200 2779
120.253.135.82 - - [28/May/2021:05:19:54 +0800] "POST /xingrg/kc/pszx/mdps_list_operate.html HTTP/1.1" 200 4662
120.253.135.82 - - [28/May/2021:05:19:56 +0800] "POST /xingrg/kc/pszx/mdps_list_operate.html HTTP/1.1" 200 285
180.169.147.146 - - [28/May/2021:05:19:58 +0800] "GET /xingrg/all/function/internal_message.html?_=1622150395807&CODE_STATE=getMsg HTTP/1.1" 200 27
120.253.135.82 - - [28/May/2021:05:20:00 +0800] "GET /xingrg/kc/pszx/mdps_order_info.html?code=312021052800748 HTTP/1.1" 200 23931
120.253.135.82 - - [28/May/2021:05:20:00 +0800] "POST /xingrg/kc/pszx/mdps_order_operate.html HTTP/1.1" 200 2779
120.253.135.82 - - [28/May/2021:05:20:00 +0800] "GET /xingrg/javascript/easyui/themes/default/validatebox.css HTTP/1.1" 404 1104
180.169.147.146 - - [28/May/2021:05:20:01 +0800] "GET /xingrg/all/function/internal_message.html?_=1622150398682&CODE_STATE=getMsg HTTP/1.1" 200 27
120.253.135.82 - - [28/May/2021:05:20:02 +0800] "POST /xingrg/kc/pszx/mdps_list_operate.html HTTP/1.1" 200 4662
120.253.135.82 - - [28/May/2021:05:20:03 +0800] "POST /xingrg/kc/pszx/mdps_list_operate.html HTTP/1.1" 200 285
120.253.135.82 - - [28/May/2021:05:20:03 +0800] "GET /xingrg/all/function/internal_message.html?_=1622150184110&CODE_STATE=getMsg HTTP/1.1" 200 27
120.253.135.82 - - [28/May/2021:05:20:04 +0800] "GET /xingrg/kc/pszx/mdps_order_info.html?code=312021052800748 HTTP/1.1" 200 23931
120.253.135.82 - - [28/May/2021:05:20:04 +0800] "GET /xingrg/javascript/easyui/themes/default/validatebox.css HTTP/1.1" 404 1104
120.253.135.82 - - [28/May/2021:05:20:04 +0800] "POST /xingrg/kc/pszx/mdps_order_operate.html HTTP/1.1" 200 2779
120.253.135.82 - - [28/May/2021:05:20:08 +0800] "GET /xingrg/kc/print/load_config.html?kc_code=mdps HTTP/1.1" 200 2390
120.253.135.82 - - [28/May/2021:05:20:09 +0800] "GET /xingrg/kc/print/load_data.html?order_code=312021052800748&kc_code=mdps&condition= HTTP/1.1" 200 926
120.253.135.82 - - [28/May/2021:05:20:10 +0800] "GET /xingrg/all/function/internal_message.html?_=1622150451750&CODE_STATE=getMsg HTTP/1.1" 200 27
120.253.135.82 - - [28/May/2021:05:20:14 +0800] "POST /xingrg/kc/pszx/mdps_list_operate.html HTTP/1.1" 200 4662
120.253.135.82 - - [28/May/2021:05:20:16 +0800] "POST /xingrg/kc/pszx/mdps_list_operate.html HTTP/1.1" 200 285
120.253.135.82 - - [28/May/2021:05:20:17 +0800] "POST /xingrg/kc/pszx/mdps_list_operate.html HTTP/1.1" 200 526
120.253.135.82 - - [28/May/2021:05:20:19 +0800] "POST /xingrg/kc/pszx/mdps_list_operate.html HTTP/1.1" 200 375
117.184.7.26 - - [28/May/2021:05:20:20 +0800] "GET /xingrg/all/function/internal_message.html?_=1622150413189&CODE_STATE=getMsg HTTP/1.1" 302 -
117.184.7.26 - - [28/May/2021:05:20:20 +0800] "GET /xingrg/login.html HTTP/1.1" 200 7641
120.253.135.82 - - [28/May/2021:05:20:20 +0800] "POST /xingrg/kc/pszx/mdps_list_operate.html HTTP/1.1" 200 201
116.230.114.112 - - [28/May/2021:05:20:21 +0800] "GET /xingrg/all/function/internal_message.html?_=1622150432844&CODE_STATE=getMsg HTTP/1.1" 200 27
120.253.135.82 - - [28/May/2021:05:20:21 +0800] "POST /xingrg/kc/pszx/mdps_list_operate.html HTTP/1.1" 200 202
101.93.222.235 - - [28/May/2021:05:20:22 +0800] "POST /xingrg/services/DataTransmitService HTTP/1.1" 200 524
120.253.135.82 - - [28/May/2021:05:20:22 +0800] "POST /xingrg/kc/pszx/mdps_list_operate.html HTTP/1.1" 200 617
101.93.222.235 - - [28/May/2021:05:20:23 +0800] "POST /xingrg/services/DataTransmitService HTTP/1.1" 200 501
120.253.135.82 - - [28/May/2021:05:20:23 +0800] "POST /xingrg/kc/pszx/mdps_list_operate.html HTTP/1.1" 200 281
120.253.135.82 - - [28/May/2021:05:20:24 +0800] "POST /xingrg/kc/pszx/mdps_list_operate.html HTTP/1.1" 200 202
116.230.110.80 - - [28/May/2021:05:20:33 +0800] "GET /xingrg/all/function/internal_message.html?_=1622150428650&CODE_STATE=getMsg HTTP/1.1" 200 27
116.230.114.112 - - [28/May/2021:05:20:52 +0800] "GET /xingrg/all/function/internal_message.html?_=1622150466527&CODE_STATE=getMsg HTTP/1.1" 200 27
180.169.147.146 - - [28/May/2021:05:20:58 +0800] "GET /xingrg/all/function/internal_message.html?_=1622150455815&CODE_STATE=getMsg HTTP/1.1" 200 27
180.169.147.146 - - [28/May/2021:05:21:01 +0800] "GET /xingrg/all/function/internal_message.html?_=1622150458693&CODE_STATE=getMsg HTTP/1.1" 200 27
180.169.147.146 - - [28/May/2021:05:21:01 +0800] "GET /xingrg/check_reg.html?_=1622150458695 HTTP/1.1" 200 22
120.253.135.82 - - [28/May/2021:05:21:03 +0800] "GET /xingrg/check_reg.html?_=1622150244003 HTTP/1.1" 200 22
120.253.135.82 - - [28/May/2021:05:21:03 +0800] "GET /xingrg/all/function/internal_message.html?_=1622150244124&CODE_STATE=getMsg HTTP/1.1" 200 27
120.253.135.82 - - [28/May/2021:05:21:10 +0800] "GET /xingrg/all/function/internal_message.html?_=1622150511784&CODE_STATE=getMsg HTTP/1.1" 200 27
117.184.7.26 - - [28/May/2021:05:21:20 +0800] "GET /xingrg/all/function/internal_message.html?_=1622150473190&CODE_STATE=getMsg HTTP/1.1" 302 -
117.184.7.26 - - [28/May/2021:05:21:20 +0800] "GET /xingrg/check_reg.html?_=1622150473192 HTTP/1.1" 302 -
117.184.7.26 - - [28/May/2021:05:21:20 +0800] "GET /xingrg/login.html HTTP/1.1" 200 7641
117.184.7.26 - - [28/May/2021:05:21:20 +0800] "GET /xingrg/login.html HTTP/1.1" 200 7641
116.230.114.112 - - [28/May/2021:05:21:21 +0800] "GET /xingrg/all/function/internal_message.html?_=1622150492857&CODE_STATE=getMsg HTTP/1.1" 200 27
116.230.110.80 - - [28/May/2021:05:21:33 +0800] "GET /xingrg/all/function/internal_message.html?_=1622150488667&CODE_STATE=getMsg HTTP/1.1" 200 27
120.253.135.82 - - [28/May/2021:05:21:34 +0800] "POST /xingrg/kc/pszx/mdps_list_operate.html HTTP/1.1" 200 3920
120.253.135.82 - - [28/May/2021:05:21:35 +0800] "POST /xingrg/kc/pszx/mdps_list_operate.html HTTP/1.1" 200 202
120.253.135.82 - - [28/May/2021:05:21:36 +0800] "POST /xingrg/kc/pszx/mdps_list_operate.html HTTP/1.1" 200 585
120.253.135.82 - - [28/May/2021:05:21:38 +0800] "POST /xingrg/kc/pszx/mdps_list_operate.html HTTP/1.1" 200 618
120.253.135.82 - - [28/May/2021:05:21:40 +0800] "POST /xingrg/kc/pszx/mdps_list_operate.html HTTP/1.1" 200 379
120.253.135.82 - - [28/May/2021:05:21:41 +0800] "POST /xingrg/kc/pszx/mdps_list_operate.html HTTP/1.1" 200 360
120.253.135.82 - - [28/May/2021:05:21:43 +0800] "POST /xingrg/kc/pszx/mdps_list_operate.html HTTP/1.1" 200 365
120.253.135.82 - - [28/May/2021:05:21:44 +0800] "POST /xingrg/kc/pszx/mdps_list_operate.html HTTP/1.1" 200 476
116.230.114.112 - - [28/May/2021:05:21:52 +0800] "GET /xingrg/all/function/internal_message.html?_=1622150526532&CODE_STATE=getMsg HTTP/1.1" 200 27
120.253.135.82 - - [28/May/2021:05:21:58 +0800] "GET /xingrg/kc/pszx/mdps_order_info.html?code=312021052700717 HTTP/1.1" 200 23929
180.169.147.146 - - [28/May/2021:05:21:58 +0800] "GET /xingrg/check_reg.html?_=1622150515805 HTTP/1.1" 200 22
180.169.147.146 - - [28/May/2021:05:21:58 +0800] "GET /xingrg/all/function/internal_message.html?_=1622150515806&CODE_STATE=getMsg HTTP/1.1" 200 27
120.253.135.82 - - [28/May/2021:05:21:58 +0800] "POST /xingrg/kc/pszx/mdps_order_operate.html HTTP/1.1" 200 3317
120.253.135.82 - - [28/May/2021:05:21:58 +0800] "GET /xingrg/javascript/easyui/themes/default/validatebox.css HTTP/1.1" 404 1104
180.169.147.146 - - [28/May/2021:05:22:01 +0800] "GET /xingrg/all/function/internal_message.html?_=1622150518695&CODE_STATE=getMsg HTTP/1.1" 200 27
120.253.135.82 - - [28/May/2021:05:22:03 +0800] "GET /xingrg/all/function/internal_message.html?_=1622150304138&CODE_STATE=getMsg HTTP/1.1" 200 27
120.253.135.82 - - [28/May/2021:05:22:10 +0800] "GET /xingrg/all/function/internal_message.html?_=1622150571805&CODE_STATE=getMsg HTTP/1.1" 200 27
180.169.147.146 - - [28/May/2021:05:22:19 +0800] "GET /xingrg/check_reg.html?_=1622150522955 HTTP/1.1" 200 22
117.184.7.26 - - [28/May/2021:05:22:20 +0800] "GET /xingrg/all/function/internal_message.html?_=1622150533191&CODE_STATE=getMsg HTTP/1.1" 302 -
117.184.7.26 - - [28/May/2021:05:22:20 +0800] "GET /xingrg/login.html HTTP/1.1" 200 7641
116.230.114.112 - - [28/May/2021:05:22:21 +0800] "GET /xingrg/all/function/internal_message.html?_=1622150552894&CODE_STATE=getMsg HTTP/1.1" 200 27
120.253.135.82 - - [28/May/2021:05:22:32 +0800] "POST /xingrg/kc/pszx/mdps_list_operate.html HTTP/1.1" 200 3920
116.230.110.80 - - [28/May/2021:05:22:33 +0800] "GET /xingrg/check_reg.html?_=1622150548664 HTTP/1.1" 200 22
116.230.110.80 - - [28/May/2021:05:22:33 +0800] "GET /xingrg/all/function/internal_message.html?_=1622150548666&CODE_STATE=getMsg HTTP/1.1" 200 27
120.253.135.82 - - [28/May/2021:05:22:51 +0800] "POST /xingrg/kc/pszx/mdps_list_operate.html HTTP/1.1" 200 4293
116.230.114.112 - - [28/May/2021:05:22:52 +0800] "GET /xingrg/all/function/internal_message.html?_=1622150586555&CODE_STATE=getMsg HTTP/1.1" 200 27
120.253.135.82 - - [28/May/2021:05:22:52 +0800] "POST /xingrg/kc/pszx/mdps_list_operate.html HTTP/1.1" 200 204
120.253.135.82 - - [28/May/2021:05:22:54 +0800] "POST /xingrg/kc/pszx/mdps_list_operate.html HTTP/1.1" 200 205
120.253.135.82 - - [28/May/2021:05:22:55 +0800] "POST /xingrg/kc/pszx/mdps_list_operate.html HTTP/1.1" 200 391
180.169.147.146 - - [28/May/2021:05:22:58 +0800] "GET /xingrg/all/function/internal_message.html?_=1622150575809&CODE_STATE=getMsg HTTP/1.1" 200 27
180.169.147.146 - - [28/May/2021:05:23:01 +0800] "GET /xingrg/all/function/internal_message.html?_=1622150578692&CODE_STATE=getMsg HTTP/1.1" 200 27
120.253.135.82 - - [28/May/2021:05:23:03 +0800] "GET /xingrg/all/function/internal_message.html?_=1622150364151&CODE_STATE=getMsg HTTP/1.1" 200 27
120.253.135.82 - - [28/May/2021:05:23:06 +0800] "POST /xingrg/kc/pszx/mdps_list_operate.html HTTP/1.1" 200 620
120.253.135.82 - - [28/May/2021:05:23:07 +0800] "GET /xingrg/kc/pszx/mdps_order_info.html?code=312021052700741 HTTP/1.1" 200 23931
120.253.135.82 - - [28/May/2021:05:23:07 +0800] "GET /xingrg/javascript/easyui/themes/default/validatebox.css HTTP/1.1" 404 1104
120.253.135.82 - - [28/May/2021:05:23:07 +0800] "POST /xingrg/kc/pszx/mdps_order_operate.html HTTP/1.1" 200 6813
120.253.135.82 - - [28/May/2021:05:23:10 +0800] "GET /xingrg/all/function/internal_message.html?_=1622150631838&CODE_STATE=getMsg HTTP/1.1" 200 27
117.184.7.26 - - [28/May/2021:05:23:20 +0800] "GET /xingrg/all/function/internal_message.html?_=1622150593192&CODE_STATE=getMsg HTTP/1.1" 302 -
117.184.7.26 - - [28/May/2021:05:23:20 +0800] "GET /xingrg/login.html HTTP/1.1" 200 7641
116.230.114.112 - - [28/May/2021:05:23:21 +0800] "GET /xingrg/all/function/internal_message.html?_=1622150612899&CODE_STATE=getMsg HTTP/1.1" 200 27
116.230.110.80 - - [28/May/2021:05:23:33 +0800] "GET /xingrg/all/function/internal_message.html?_=1622150608660&CODE_STATE=getMsg HTTP/1.1" 200 27
180.169.147.146 - - [28/May/2021:05:23:37 +0800] "GET /xingrg/check_reg.html?_=1622150614650 HTTP/1.1" 302 -
116.230.114.112 - - [28/May/2021:05:23:43 +0800] "GET /xingrg/check_reg.html?_=1622150637766 HTTP/1.1" 200 22
120.253.135.82 - - [28/May/2021:05:23:49 +0800] "GET /xingrg/check_reg.html?_=1622150670803 HTTP/1.1" 200 22
120.253.135.82 - - [28/May/2021:05:23:52 +0800] "GET /xingrg/kc/pszx/mdps_order_operate.html?command=get_materiel&pszx_code=00101&rest_code=00149&base_code=0010250&code=00102002254 HTTP/1.1" 200 434
116.230.114.112 - - [28/May/2021:05:23:52 +0800] "GET /xingrg/all/function/internal_message.html?_=1622150646560&CODE_STATE=getMsg HTTP/1.1" 200 27
120.253.135.82 - - [28/May/2021:05:23:54 +0800] "POST /xingrg/all/common/load_select.html HTTP/1.1" 200 25
120.253.135.82 - - [28/May/2021:05:23:57 +0800] "GET /xingrg/kc/pszx/mdps_order_operate.html?command=get_materiel_price&pszx_code=00101&rest_code=00149&base_code=0010250&code=00102002254&unit_code=00100066&order_time=2021-05-28 HTTP/1.1" 200 33
180.169.147.146 - - [28/May/2021:05:23:58 +0800] "GET /xingrg/all/function/internal_message.html?_=1622150635818&CODE_STATE=getMsg HTTP/1.1" 200 27
180.169.147.146 - - [28/May/2021:05:24:01 +0800] "GET /xingrg/all/function/internal_message.html?_=1622150638689&CODE_STATE=getMsg HTTP/1.1" 200 27
120.253.135.82 - - [28/May/2021:05:24:04 +0800] "POST /xingrg/kc/pszx/mdps_order_operate.html HTTP/1.1" 200 37
120.253.135.82 - - [28/May/2021:05:24:06 +0800] "GET /xingrg/kc/pszx/mdps_order_info.html?code=312021052700741 HTTP/1.1" 200 23931
120.253.135.82 - - [28/May/2021:05:24:07 +0800] "GET /xingrg/javascript/easyui/themes/default/validatebox.css HTTP/1.1" 404 1104
120.253.135.82 - - [28/May/2021:05:24:07 +0800] "POST /xingrg/kc/pszx/mdps_order_operate.html HTTP/1.1" 200 7307
120.253.135.82 - - [28/May/2021:05:24:07 +0800] "GET /xingrg/all/function/internal_message.html?_=1622150427955&CODE_STATE=getMsg HTTP/1.1" 200 27
120.253.135.82 - - [28/May/2021:05:24:08 +0800] "POST /xingrg/kc/pszx/mdps_list_operate.html HTTP/1.1" 200 4293
120.253.135.82 - - [28/May/2021:05:24:10 +0800] "GET /xingrg/all/function/internal_message.html?_=1622150691847&CODE_STATE=getMsg HTTP/1.1" 200 27
120.253.135.82 - - [28/May/2021:05:24:11 +0800] "POST /xingrg/kc/pszx/mdps_list_operate.html HTTP/1.1" 200 205
120.253.135.82 - - [28/May/2021:05:24:12 +0800] "GET /xingrg/kc/pszx/mdps_order_info.html?code=312021052800749 HTTP/1.1" 200 23931
120.253.135.82 - - [28/May/2021:05:24:12 +0800] "GET /xingrg/javascript/easyui/themes/default/validatebox.css HTTP/1.1" 404 1104
120.253.135.82 - - [28/May/2021:05:24:12 +0800] "POST /xingrg/kc/pszx/mdps_order_operate.html HTTP/1.1" 200 2279
120.253.135.82 - - [28/May/2021:05:24:14 +0800] "POST /xingrg/kc/pszx/mdps_order_operate.html HTTP/1.1" 200 12
120.253.135.82 - - [28/May/2021:05:24:15 +0800] "POST /xingrg/kc/pszx/mdps_list_operate.html HTTP/1.1" 200 3923
120.253.135.82 - - [28/May/2021:05:24:17 +0800] "POST /xingrg/kc/pszx/mdps_list_operate.html HTTP/1.1" 200 641
120.253.135.82 - - [28/May/2021:05:24:18 +0800] "GET /xingrg/kc/pszx/mdps_order_info.html?code=312021052700740 HTTP/1.1" 200 23931
120.253.135.82 - - [28/May/2021:05:24:18 +0800] "POST /xingrg/kc/pszx/mdps_order_operate.html HTTP/1.1" 200 16643
120.253.135.82 - - [28/May/2021:05:24:18 +0800] "GET /xingrg/javascript/easyui/themes/default/validatebox.css HTTP/1.1" 404 1104
117.184.7.26 - - [28/May/2021:05:24:20 +0800] "GET /xingrg/all/function/internal_message.html?_=1622150653193&CODE_STATE=getMsg HTTP/1.1" 302 -
117.184.7.26 - - [28/May/2021:05:24:20 +0800] "GET /xingrg/login.html HTTP/1.1" 200 7641
116.230.114.112 - - [28/May/2021:05:24:21 +0800] "GET /xingrg/check_reg.html?_=1622150672492 HTTP/1.1" 200 22
116.230.114.112 - - [28/May/2021:05:24:21 +0800] "GET /xingrg/all/function/internal_message.html?_=1622150672913&CODE_STATE=getMsg HTTP/1.1" 200 27
116.230.110.80 - - [28/May/2021:05:24:33 +0800] "GET /xingrg/all/function/internal_message.html?_=1622150668657&CODE_STATE=getMsg HTTP/1.1" 200 27
116.230.114.112 - - [28/May/2021:05:24:52 +0800] "GET /xingrg/all/function/internal_message.html?_=1622150706573&CODE_STATE=getMsg HTTP/1.1" 200 27
180.169.147.146 - - [28/May/2021:05:24:58 +0800] "GET /xingrg/all/function/internal_message.html?_=1622150695803&CODE_STATE=getMsg HTTP/1.1" 200 27
180.169.147.146 - - [28/May/2021:05:25:01 +0800] "GET /xingrg/all/function/internal_message.html?_=1622150698684&CODE_STATE=getMsg HTTP/1.1" 200 27
120.253.135.82 - - [28/May/2021:05:25:07 +0800] "GET /xingrg/all/function/internal_message.html?_=1622150487969&CODE_STATE=getMsg HTTP/1.1" 200 27
120.253.135.82 - - [28/May/2021:05:25:10 +0800] "GET /xingrg/all/function/internal_message.html?_=1622150751861&CODE_STATE=getMsg HTTP/1.1" 200 27
117.184.7.26 - - [28/May/2021:05:25:20 +0800] "GET /xingrg/all/function/internal_message.html?_=1622150713194&CODE_STATE=getMsg HTTP/1.1" 302 -
117.184.7.26 - - [28/May/2021:05:25:20 +0800] "GET /xingrg/login.html HTTP/1.1" 200 7641
116.230.114.112 - - [28/May/2021:05:25:21 +0800] "GET /xingrg/all/function/internal_message.html?_=1622150732927&CODE_STATE=getMsg HTTP/1.1" 200 27
116.230.110.80 - - [28/May/2021:05:25:33 +0800] "GET /xingrg/all/function/internal_message.html?_=1622150728674&CODE_STATE=getMsg HTTP/1.1" 200 27
116.230.114.112 - - [28/May/2021:05:25:52 +0800] "GET /xingrg/all/function/internal_message.html?_=1622150766596&CODE_STATE=getMsg HTTP/1.1" 200 27
180.169.147.146 - - [28/May/2021:05:25:58 +0800] "GET /xingrg/all/function/internal_message.html?_=1622150755810&CODE_STATE=getMsg HTTP/1.1" 200 27
180.169.147.146 - - [28/May/2021:05:26:01 +0800] "GET /xingrg/all/function/internal_message.html?_=1622150758683&CODE_STATE=getMsg HTTP/1.1" 200 27
180.169.147.146 - - [28/May/2021:05:26:01 +0800] "GET /xingrg/check_reg.html?_=1622150758684 HTTP/1.1" 200 22
120.253.135.82 - - [28/May/2021:05:26:03 +0800] "GET /xingrg/check_reg.html?_=1622150544004 HTTP/1.1" 200 22
120.253.135.82 - - [28/May/2021:05:26:07 +0800] "GET /xingrg/all/function/internal_message.html?_=1622150548030&CODE_STATE=getMsg HTTP/1.1" 200 27
120.253.135.82 - - [28/May/2021:05:26:10 +0800] "GET /xingrg/all/function/internal_message.html?_=1622150811897&CODE_STATE=getMsg HTTP/1.1" 200 27
117.184.7.26 - - [28/May/2021:05:26:20 +0800] "GET /xingrg/all/function/internal_message.html?_=1622150773195&CODE_STATE=getMsg HTTP/1.1" 302 -
117.184.7.26 - - [28/May/2021:05:26:20 +0800] "GET /xingrg/check_reg.html?_=1622150773196 HTTP/1.1" 302 -
117.184.7.26 - - [28/May/2021:05:26:20 +0800] "GET /xingrg/login.html HTTP/1.1" 200 7641
117.184.7.26 - - [28/May/2021:05:26:20 +0800] "GET /xingrg/login.html HTTP/1.1" 200 7641
116.230.114.112 - - [28/May/2021:05:26:21 +0800] "GET /xingrg/all/function/internal_message.html?_=1622150792940&CODE_STATE=getMsg HTTP/1.1" 200 27
116.230.110.80 - - [28/May/2021:05:26:33 +0800] "GET /xingrg/all/function/internal_message.html?_=1622150788652&CODE_STATE=getMsg HTTP/1.1" 200 27
116.230.114.112 - - [28/May/2021:05:26:52 +0800] "GET /xingrg/all/function/internal_message.html?_=1622150826601&CODE_STATE=getMsg HTTP/1.1" 200 27
180.169.147.146 - - [28/May/2021:05:26:58 +0800] "GET /xingrg/check_reg.html?_=1622150815825 HTTP/1.1" 200 22
180.169.147.146 - - [28/May/2021:05:26:58 +0800] "GET /xingrg/all/function/internal_message.html?_=1622150815826&CODE_STATE=getMsg HTTP/1.1" 200 27
180.169.147.146 - - [28/May/2021:05:27:01 +0800] "GET /xingrg/all/function/internal_message.html?_=1622150818679&CODE_STATE=getMsg HTTP/1.1" 200 27
120.253.135.82 - - [28/May/2021:05:27:07 +0800] "GET /xingrg/all/function/internal_message.html?_=1622150608086&CODE_STATE=getMsg HTTP/1.1" 200 27
120.253.135.82 - - [28/May/2021:05:27:10 +0800] "GET /xingrg/all/function/internal_message.html?_=1622150871905&CODE_STATE=getMsg HTTP/1.1" 200 27
180.169.147.146 - - [28/May/2021:05:27:19 +0800] "GET /xingrg/check_reg.html?_=1622150822970 HTTP/1.1" 200 22
117.184.7.26 - - [28/May/2021:05:27:20 +0800] "GET /xingrg/all/function/internal_message.html?_=1622150833196&CODE_STATE=getMsg HTTP/1.1" 302 -
117.184.7.26 - - [28/May/2021:05:27:20 +0800] "GET /xingrg/login.html HTTP/1.1" 200 7641
116.230.114.112 - - [28/May/2021:05:27:21 +0800] "GET /xingrg/all/function/internal_message.html?_=1622150852978&CODE_STATE=getMsg HTTP/1.1" 200 27
120.253.135.82 - - [28/May/2021:05:27:26 +0800] "POST /xingrg/kc/pszx/mdps_order_operate.html HTTP/1.1" 200 37
120.253.135.82 - - [28/May/2021:05:27:27 +0800] "GET /xingrg/kc/pszx/mdps_order_info.html?code=312021052700740 HTTP/1.1" 200 23931
120.253.135.82 - - [28/May/2021:05:27:27 +0800] "GET /xingrg/javascript/easyui/themes/default/validatebox.css HTTP/1.1" 404 1104
120.253.135.82 - - [28/May/2021:05:27:27 +0800] "POST /xingrg/kc/pszx/mdps_order_operate.html HTTP/1.1" 200 16643
120.253.135.82 - - [28/May/2021:05:27:29 +0800] "POST /xingrg/kc/pszx/mdps_list_operate.html HTTP/1.1" 200 3923
120.253.135.82 - - [28/May/2021:05:27:30 +0800] "POST /xingrg/kc/pszx/mdps_list_operate.html HTTP/1.1" 200 620
120.253.135.82 - - [28/May/2021:05:27:31 +0800] "GET /xingrg/kc/pszx/mdps_order_info.html?code=312021052700741 HTTP/1.1" 200 23931
120.253.135.82 - - [28/May/2021:05:27:32 +0800] "POST /xingrg/kc/pszx/mdps_order_operate.html HTTP/1.1" 200 7307
120.253.135.82 - - [28/May/2021:05:27:32 +0800] "GET /xingrg/javascript/easyui/themes/default/validatebox.css HTTP/1.1" 404 1104
116.230.110.80 - - [28/May/2021:05:27:33 +0800] "GET /xingrg/all/function/internal_message.html?_=1622150848669&CODE_STATE=getMsg HTTP/1.1" 200 27
116.230.110.80 - - [28/May/2021:05:27:33 +0800] "GET /xingrg/check_reg.html?_=1622150848670 HTTP/1.1" 200 22
120.253.135.82 - - [28/May/2021:05:27:47 +0800] "POST /xingrg/kc/pszx/mdps_list_operate.html HTTP/1.1" 200 3923
120.253.135.82 - - [28/May/2021:05:27:50 +0800] "POST /xingrg/kc/pszx/mdps_list_operate.html HTTP/1.1" 200 287
120.253.135.82 - - [28/May/2021:05:27:51 +0800] "GET /xingrg/kc/pszx/mdps_order_info.html?code=312021052700742 HTTP/1.1" 200 23931
120.253.135.82 - - [28/May/2021:05:27:51 +0800] "POST /xingrg/kc/pszx/mdps_order_operate.html HTTP/1.1" 200 2781
120.253.135.82 - - [28/May/2021:05:27:51 +0800] "GET /xingrg/javascript/easyui/themes/default/validatebox.css HTTP/1.1" 404 1104
116.230.114.112 - - [28/May/2021:05:27:52 +0800] "GET /xingrg/all/function/internal_message.html?_=1622150886631&CODE_STATE=getMsg HTTP/1.1" 200 27
180.169.147.146 - - [28/May/2021:05:27:58 +0800] "GET /xingrg/all/function/internal_message.html?_=1622150875816&CODE_STATE=getMsg HTTP/1.1" 200 27
180.169.147.146 - - [28/May/2021:05:28:01 +0800] "GET /xingrg/all/function/internal_message.html?_=1622150878690&CODE_STATE=getMsg HTTP/1.1" 200 27
120.253.135.82 - - [28/May/2021:05:28:07 +0800] "GET /xingrg/all/function/internal_message.html?_=1622150668088&CODE_STATE=getMsg HTTP/1.1" 200 27
120.253.135.82 - - [28/May/2021:05:28:10 +0800] "GET /xingrg/all/function/internal_message.html?_=1622150931947&CODE_STATE=getMsg HTTP/1.1" 200 27
117.184.7.26 - - [28/May/2021:05:28:20 +0800] "GET /xingrg/all/function/internal_message.html?_=1622150893200&CODE_STATE=getMsg HTTP/1.1" 302 -
117.184.7.26 - - [28/May/2021:05:28:20 +0800] "GET /xingrg/login.html HTTP/1.1" 200 7641
116.230.114.112 - - [28/May/2021:05:28:21 +0800] "GET /xingrg/all/function/internal_message.html?_=1622150912983&CODE_STATE=getMsg HTTP/1.1" 200 27
120.253.135.82 - - [28/May/2021:05:28:29 +0800] "POST /xingrg/kc/pszx/mdps_list_operate.html HTTP/1.1" 200 3923
120.253.135.82 - - [28/May/2021:05:28:31 +0800] "POST /xingrg/kc/pszx/mdps_list_operate.html HTTP/1.1" 200 452
120.253.135.82 - - [28/May/2021:05:28:32 +0800] "GET /xingrg/kc/pszx/mdps_order_info.html?code=312021052700743 HTTP/1.1" 200 23931
120.253.135.82 - - [28/May/2021:05:28:33 +0800] "GET /xingrg/javascript/easyui/themes/default/validatebox.css HTTP/1.1" 404 1104
120.253.135.82 - - [28/May/2021:05:28:33 +0800] "POST /xingrg/kc/pszx/mdps_order_operate.html HTTP/1.1" 200 3806
116.230.110.80 - - [28/May/2021:05:28:33 +0800] "GET /xingrg/all/function/internal_message.html?_=1622150908660&CODE_STATE=getMsg HTTP/1.1" 200 27
180.169.147.146 - - [28/May/2021:05:28:37 +0800] "GET /xingrg/check_reg.html?_=1622150914619 HTTP/1.1" 302 -
116.230.114.112 - - [28/May/2021:05:28:43 +0800] "GET /xingrg/check_reg.html?_=1622150937769 HTTP/1.1" 200 22
120.253.135.82 - - [28/May/2021:05:28:44 +0800] "POST /xingrg/kc/pszx/mdps_list_operate.html HTTP/1.1" 200 3923
120.253.135.82 - - [28/May/2021:05:28:45 +0800] "POST /xingrg/kc/pszx/mdps_list_operate.html HTTP/1.1" 200 434
120.253.135.82 - - [28/May/2021:05:28:46 +0800] "GET /xingrg/kc/pszx/mdps_order_info.html?code=312021052700744 HTTP/1.1" 200 23931
120.253.135.82 - - [28/May/2021:05:28:47 +0800] "GET /xingrg/javascript/easyui/themes/default/validatebox.css HTTP/1.1" 404 1104
120.253.135.82 - - [28/May/2021:05:28:47 +0800] "POST /xingrg/kc/pszx/mdps_order_operate.html HTTP/1.1" 200 3749
120.253.135.82 - - [28/May/2021:05:28:49 +0800] "GET /xingrg/check_reg.html?_=1622150970815 HTTP/1.1" 200 22
116.230.114.112 - - [28/May/2021:05:28:52 +0800] "GET /xingrg/all/function/internal_message.html?_=1622150946644&CODE_STATE=getMsg HTTP/1.1" 200 27
180.169.147.146 - - [28/May/2021:05:28:58 +0800] "GET /xingrg/all/function/internal_message.html?_=1622150935806&CODE_STATE=getMsg HTTP/1.1" 200 27
180.169.147.146 - - [28/May/2021:05:29:01 +0800] "GET /xingrg/all/function/internal_message.html?_=1622150938686&CODE_STATE=getMsg HTTP/1.1" 200 27
120.253.135.82 - - [28/May/2021:05:29:07 +0800] "GET /xingrg/all/function/internal_message.html?_=1622150728100&CODE_STATE=getMsg HTTP/1.1" 200 27
120.253.135.82 - - [28/May/2021:05:29:10 +0800] "GET /xingrg/all/function/internal_message.html?_=1622150991962&CODE_STATE=getMsg HTTP/1.1" 200 27
117.184.7.26 - - [28/May/2021:05:29:20 +0800] "GET /xingrg/all/function/internal_message.html?_=1622150953199&CODE_STATE=getMsg HTTP/1.1" 302 -
117.184.7.26 - - [28/May/2021:05:29:20 +0800] "GET /xingrg/login.html HTTP/1.1" 200 7641
116.230.114.112 - - [28/May/2021:05:29:21 +0800] "GET /xingrg/check_reg.html?_=1622150972520 HTTP/1.1" 200 22
116.230.114.112 - - [28/May/2021:05:29:21 +0800] "GET /xingrg/all/function/internal_message.html?_=1622150972997&CODE_STATE=getMsg HTTP/1.1" 200 27
116.230.110.80 - - [28/May/2021:05:29:33 +0800] "GET /xingrg/all/function/internal_message.html?_=1622150968650&CODE_STATE=getMsg HTTP/1.1" 200 27
116.230.114.112 - - [28/May/2021:05:29:52 +0800] "GET /xingrg/all/function/internal_message.html?_=1622151006656&CODE_STATE=getMsg HTTP/1.1" 200 27
180.169.147.146 - - [28/May/2021:05:29:58 +0800] "GET /xingrg/all/function/internal_message.html?_=1622150995822&CODE_STATE=getMsg HTTP/1.1" 200 27
180.169.147.146 - - [28/May/2021:05:30:01 +0800] "GET /xingrg/all/function/internal_message.html?_=1622150998675&CODE_STATE=getMsg HTTP/1.1" 200 27
120.253.135.82 - - [28/May/2021:05:30:04 +0800] "POST /xingrg/kc/pszx/mdps_order_operate.html HTTP/1.1" 200 37
120.253.135.82 - - [28/May/2021:05:30:05 +0800] "GET /xingrg/kc/pszx/mdps_order_info.html?code=312021052700744 HTTP/1.1" 200 23931
120.253.135.82 - - [28/May/2021:05:30:06 +0800] "GET /xingrg/javascript/easyui/themes/default/validatebox.css HTTP/1.1" 404 1104
120.253.135.82 - - [28/May/2021:05:30:06 +0800] "POST /xingrg/kc/pszx/mdps_order_operate.html HTTP/1.1" 200 3749
120.253.135.82 - - [28/May/2021:05:30:07 +0800] "POST /xingrg/kc/pszx/mdps_list_operate.html HTTP/1.1" 200 3923
120.253.135.82 - - [28/May/2021:05:30:07 +0800] "GET /xingrg/all/function/internal_message.html?_=1622150788115&CODE_STATE=getMsg HTTP/1.1" 200 27
120.253.135.82 - - [28/May/2021:05:30:09 +0800] "POST /xingrg/kc/pszx/mdps_list_operate.html HTTP/1.1" 200 391
120.253.135.82 - - [28/May/2021:05:30:10 +0800] "POST /xingrg/kc/pszx/mdps_list_operate.html HTTP/1.1" 200 204
120.253.135.82 - - [28/May/2021:05:30:10 +0800] "GET /xingrg/all/function/internal_message.html?_=1622151051977&CODE_STATE=getMsg HTTP/1.1" 200 27
120.253.135.82 - - [28/May/2021:05:30:13 +0800] "GET /xingrg/kc/pszx/mdps_order_info.html?code=312021052700747 HTTP/1.1" 200 23931
120.253.135.82 - - [28/May/2021:05:30:13 +0800] "POST /xingrg/kc/pszx/mdps_order_operate.html HTTP/1.1" 200 3328
120.253.135.82 - - [28/May/2021:05:30:13 +0800] "GET /xingrg/javascript/easyui/themes/default/validatebox.css HTTP/1.1" 404 1104
120.253.135.82 - - [28/May/2021:05:30:16 +0800] "POST /xingrg/kc/pszx/mdps_order_operate.html HTTP/1.1" 200 37
120.253.135.82 - - [28/May/2021:05:30:17 +0800] "GET /xingrg/kc/pszx/mdps_order_info.html?code=312021052700747 HTTP/1.1" 200 23931
120.253.135.82 - - [28/May/2021:05:30:18 +0800] "GET /xingrg/javascript/easyui/themes/default/validatebox.css HTTP/1.1" 404 1104
120.253.135.82 - - [28/May/2021:05:30:18 +0800] "POST /xingrg/kc/pszx/mdps_order_operate.html HTTP/1.1" 200 3352
117.184.7.26 - - [28/May/2021:05:30:20 +0800] "GET /xingrg/all/function/internal_message.html?_=1622151013200&CODE_STATE=getMsg HTTP/1.1" 302 -
117.184.7.26 - - [28/May/2021:05:30:20 +0800] "GET /xingrg/login.html HTTP/1.1" 200 7641
116.230.114.112 - - [28/May/2021:05:30:21 +0800] "GET /xingrg/all/function/internal_message.html?_=1622151033011&CODE_STATE=getMsg HTTP/1.1" 200 27
120.253.135.82 - - [28/May/2021:05:30:31 +0800] "POST /xingrg/all/common/load_select.html HTTP/1.1" 200 25
120.253.135.82 - - [28/May/2021:05:30:33 +0800] "GET /xingrg/kc/pszx/mdps_order_operate.html?command=get_materiel_price&pszx_code=00101&rest_code=00149&base_code=0010246&code=00101019198&unit_code=00100156&order_time=2021-05-28 HTTP/1.1" 200 47
116.230.110.80 - - [28/May/2021:05:30:33 +0800] "GET /xingrg/all/function/internal_message.html?_=1622151028667&CODE_STATE=getMsg HTTP/1.1" 200 27
120.253.135.82 - - [28/May/2021:05:30:52 +0800] "POST /xingrg/kc/pszx/mdps_order_operate.html HTTP/1.1" 200 37
116.230.114.112 - - [28/May/2021:05:30:52 +0800] "GET /xingrg/all/function/internal_message.html?_=1622151066696&CODE_STATE=getMsg HTTP/1.1" 200 27
120.253.135.82 - - [28/May/2021:05:30:53 +0800] "GET /xingrg/kc/pszx/mdps_order_info.html?code=312021052700747 HTTP/1.1" 200 23931
120.253.135.82 - - [28/May/2021:05:30:53 +0800] "POST /xingrg/kc/pszx/mdps_order_operate.html HTTP/1.1" 200 3349
120.253.135.82 - - [28/May/2021:05:30:53 +0800] "GET /xingrg/javascript/easyui/themes/default/validatebox.css HTTP/1.1" 404 1104
120.253.135.82 - - [28/May/2021:05:30:55 +0800] "POST /xingrg/kc/pszx/mdps_list_operate.html HTTP/1.1" 200 3922
120.253.135.82 - - [28/May/2021:05:30:56 +0800] "POST /xingrg/kc/pszx/mdps_list_operate.html HTTP/1.1" 200 204
120.253.135.82 - - [28/May/2021:05:30:58 +0800] "POST /xingrg/kc/pszx/mdps_list_operate.html HTTP/1.1" 200 390
180.169.147.146 - - [28/May/2021:05:30:58 +0800] "GET /xingrg/all/function/internal_message.html?_=1622151055823&CODE_STATE=getMsg HTTP/1.1" 200 27
120.253.135.82 - - [28/May/2021:05:31:00 +0800] "POST /xingrg/kc/pszx/mdps_list_operate.html HTTP/1.1" 200 641
120.253.135.82 - - [28/May/2021:05:31:01 +0800] "GET /xingrg/kc/pszx/mdps_order_info.html?code=312021052700740 HTTP/1.1" 200 23931
120.253.135.82 - - [28/May/2021:05:31:01 +0800] "GET /xingrg/javascript/easyui/themes/default/validatebox.css HTTP/1.1" 404 1104
180.169.147.146 - - [28/May/2021:05:31:01 +0800] "GET /xingrg/check_reg.html?_=1622151058691 HTTP/1.1" 200 22
180.169.147.146 - - [28/May/2021:05:31:01 +0800] "GET /xingrg/all/function/internal_message.html?_=1622151058689&CODE_STATE=getMsg HTTP/1.1" 200 27
120.253.135.82 - - [28/May/2021:05:31:01 +0800] "POST /xingrg/kc/pszx/mdps_order_operate.html HTTP/1.1" 200 16643
120.253.135.82 - - [28/May/2021:05:31:03 +0800] "GET /xingrg/check_reg.html?_=1622150844010 HTTP/1.1" 200 22
120.253.135.82 - - [28/May/2021:05:31:05 +0800] "GET /xingrg/kc/print/load_data.html?order_code=312021052700740&kc_code=mdps&condition= HTTP/1.1" 200 7424
120.253.135.82 - - [28/May/2021:05:31:07 +0800] "GET /xingrg/all/function/internal_message.html?_=1622150848129&CODE_STATE=getMsg HTTP/1.1" 200 27
120.253.135.82 - - [28/May/2021:05:31:10 +0800] "GET /xingrg/all/function/internal_message.html?_=1622151112013&CODE_STATE=getMsg HTTP/1.1" 200 27
120.253.135.82 - - [28/May/2021:05:31:13 +0800] "POST /xingrg/kc/pszx/mdps_list_operate.html HTTP/1.1" 200 3922
120.253.135.82 - - [28/May/2021:05:31:15 +0800] "POST /xingrg/kc/pszx/mdps_list_operate.html HTTP/1.1" 200 620
120.253.135.82 - - [28/May/2021:05:31:16 +0800] "GET /xingrg/kc/pszx/mdps_order_info.html?code=312021052700741 HTTP/1.1" 200 23931
120.253.135.82 - - [28/May/2021:05:31:16 +0800] "GET /xingrg/javascript/easyui/themes/default/validatebox.css HTTP/1.1" 404 1104
120.253.135.82 - - [28/May/2021:05:31:16 +0800] "POST /xingrg/kc/pszx/mdps_order_operate.html HTTP/1.1" 200 7307
120.253.135.82 - - [28/May/2021:05:31:18 +0800] "GET /xingrg/kc/print/load_data.html?order_code=312021052700741&kc_code=mdps&condition= HTTP/1.1" 200 3001
117.184.7.26 - - [28/May/2021:05:31:20 +0800] "GET /xingrg/all/function/internal_message.html?_=1622151073201&CODE_STATE=getMsg HTTP/1.1" 302 -
117.184.7.26 - - [28/May/2021:05:31:20 +0800] "GET /xingrg/check_reg.html?_=1622151073202 HTTP/1.1" 302 -
117.184.7.26 - - [28/May/2021:05:31:20 +0800] "GET /xingrg/login.html HTTP/1.1" 200 7641
117.184.7.26 - - [28/May/2021:05:31:20 +0800] "GET /xingrg/login.html HTTP/1.1" 200 7641
116.230.114.112 - - [28/May/2021:05:31:21 +0800] "GET /xingrg/all/function/internal_message.html?_=1622151093025&CODE_STATE=getMsg HTTP/1.1" 200 27
120.253.135.82 - - [28/May/2021:05:31:25 +0800] "POST /xingrg/kc/pszx/mdps_list_operate.html HTTP/1.1" 200 3922
120.253.135.82 - - [28/May/2021:05:31:26 +0800] "POST /xingrg/kc/pszx/mdps_list_operate.html HTTP/1.1" 200 287
120.253.135.82 - - [28/May/2021:05:31:26 +0800] "GET /xingrg/kc/pszx/mdps_order_info.html?code=312021052700742 HTTP/1.1" 200 23931
120.253.135.82 - - [28/May/2021:05:31:27 +0800] "GET /xingrg/javascript/easyui/themes/default/validatebox.css HTTP/1.1" 404 1104
120.253.135.82 - - [28/May/2021:05:31:27 +0800] "POST /xingrg/kc/pszx/mdps_order_operate.html HTTP/1.1" 200 2781
120.253.135.82 - - [28/May/2021:05:31:29 +0800] "GET /xingrg/kc/print/load_data.html?order_code=312021052700742&kc_code=mdps&condition= HTTP/1.1" 200 922
116.230.110.80 - - [28/May/2021:05:31:33 +0800] "GET /xingrg/all/function/internal_message.html?_=1622151088665&CODE_STATE=getMsg HTTP/1.1" 200 27
120.253.135.82 - - [28/May/2021:05:31:34 +0800] "POST /xingrg/kc/pszx/mdps_list_operate.html HTTP/1.1" 200 3922
