120.253.135.82 - - [28/May/2021:06:07:11 +0800] "GET /xingrg/all/function/internal_message.html?_=1622153272712&CODE_STATE=getMsg HTTP/1.1" 200 27
180.169.147.146 - - [28/May/2021:06:07:19 +0800] "GET /xingrg/check_reg.html?_=1622153222921 HTTP/1.1" 200 22
117.184.7.26 - - [28/May/2021:06:07:20 +0800] "GET /xingrg/all/function/internal_message.html?_=1622153233239&CODE_STATE=getMsg HTTP/1.1" 302 -
117.184.7.26 - - [28/May/2021:06:07:20 +0800] "GET /xingrg/login.html HTTP/1.1" 200 7641
116.230.114.112 - - [28/May/2021:06:07:22 +0800] "GET /xingrg/all/function/internal_message.html?_=1622153253645&CODE_STATE=getMsg HTTP/1.1" 200 27
116.230.110.80 - - [28/May/2021:06:07:33 +0800] "GET /xingrg/check_reg.html?_=1622153248658 HTTP/1.1" 200 22
116.230.110.80 - - [28/May/2021:06:07:33 +0800] "GET /xingrg/all/function/internal_message.html?_=1622153248662&CODE_STATE=getMsg HTTP/1.1" 200 27
120.253.135.82 - - [28/May/2021:06:07:39 +0800] "GET /xingrg/kc/pszx/mdps_order_operate.html?command=get_materiel&pszx_code=00101&rest_code=00148&base_code=0010246&code=00101013175 HTTP/1.1" 200 431
120.253.135.82 - - [28/May/2021:06:07:50 +0800] "GET /xingrg/kc/pszx/mdps_order_operate.html?command=get_materiel&pszx_code=00101&rest_code=00148&base_code=0010246&code=00101013044 HTTP/1.1" 200 448
116.230.114.112 - - [28/May/2021:06:07:52 +0800] "GET /xingrg/all/function/internal_message.html?_=1622153287278&CODE_STATE=getMsg HTTP/1.1" 200 27
180.169.147.146 - - [28/May/2021:06:07:58 +0800] "GET /xingrg/all/function/internal_message.html?_=1622153275807&CODE_STATE=getMsg HTTP/1.1" 200 27
180.169.147.146 - - [28/May/2021:06:08:01 +0800] "GET /xingrg/all/function/internal_message.html?_=1622153278678&CODE_STATE=getMsg HTTP/1.1" 200 27
120.253.135.82 - - [28/May/2021:06:08:09 +0800] "GET /xingrg/all/function/internal_message.html?_=1622153069488&CODE_STATE=getMsg HTTP/1.1" 200 27
120.253.135.82 - - [28/May/2021:06:08:11 +0800] "GET /xingrg/all/function/internal_message.html?_=1622153332748&CODE_STATE=getMsg HTTP/1.1" 200 27
117.184.7.26 - - [28/May/2021:06:08:20 +0800] "GET /xingrg/all/function/internal_message.html?_=1622153293240&CODE_STATE=getMsg HTTP/1.1" 302 -
117.184.7.26 - - [28/May/2021:06:08:20 +0800] "GET /xingrg/login.html HTTP/1.1" 200 7641
116.230.114.112 - - [28/May/2021:06:08:22 +0800] "GET /xingrg/all/function/internal_message.html?_=1622153313652&CODE_STATE=getMsg HTTP/1.1" 200 27
120.253.135.82 - - [28/May/2021:06:08:29 +0800] "GET /xingrg/kc/pszx/mdps_order_operate.html?command=get_materiel&pszx_code=00101&rest_code=00148&base_code=0010246&code=00101019174 HTTP/1.1" 200 476
120.253.135.82 - - [28/May/2021:06:08:31 +0800] "POST /xingrg/all/common/load_select.html HTTP/1.1" 200 25
58.37.225.51 - - [28/May/2021:06:08:33 +0800] "POST /xingrg/services/DataTransmitService HTTP/1.1" 200 524
116.230.110.80 - - [28/May/2021:06:08:33 +0800] "GET /xingrg/all/function/internal_message.html?_=1622153308663&CODE_STATE=getMsg HTTP/1.1" 200 27
120.253.135.82 - - [28/May/2021:06:08:33 +0800] "GET /xingrg/kc/pszx/mdps_order_operate.html?command=get_materiel_price&pszx_code=00101&rest_code=00148&base_code=0010246&code=00101019174&unit_code=00100185&order_time=2021-05-29 HTTP/1.1" 200 35
58.37.225.51 - - [28/May/2021:06:08:35 +0800] "POST /xingrg/services/DataTransmitService HTTP/1.1" 200 501
180.169.147.146 - - [28/May/2021:06:08:37 +0800] "GET /xingrg/check_reg.html?_=1622153314495 HTTP/1.1" 302 -
116.230.114.112 - - [28/May/2021:06:08:43 +0800] "GET /xingrg/check_reg.html?_=1622153337813 HTTP/1.1" 200 22
120.253.135.82 - - [28/May/2021:06:08:49 +0800] "GET /xingrg/check_reg.html?_=1622153370860 HTTP/1.1" 200 22
116.230.114.112 - - [28/May/2021:06:08:52 +0800] "GET /xingrg/all/function/internal_message.html?_=1622153347280&CODE_STATE=getMsg HTTP/1.1" 200 27
120.253.135.82 - - [28/May/2021:06:08:55 +0800] "POST /xingrg/kc/pszx/mdps_order_operate.html HTTP/1.1" 200 37
120.253.135.82 - - [28/May/2021:06:08:55 +0800] "GET /xingrg/kc/pszx/mdps_order_info.html?code=312021052800757 HTTP/1.1" 200 23931
120.253.135.82 - - [28/May/2021:06:08:56 +0800] "GET /xingrg/javascript/easyui/themes/default/validatebox.css HTTP/1.1" 404 1104
120.253.135.82 - - [28/May/2021:06:08:56 +0800] "POST /xingrg/kc/pszx/mdps_order_operate.html HTTP/1.1" 200 9336
180.169.147.146 - - [28/May/2021:06:08:58 +0800] "GET /xingrg/all/function/internal_message.html?_=1622153335821&CODE_STATE=getMsg HTTP/1.1" 200 27
180.169.147.146 - - [28/May/2021:06:09:01 +0800] "GET /xingrg/all/function/internal_message.html?_=1622153338693&CODE_STATE=getMsg HTTP/1.1" 200 27
120.253.135.82 - - [28/May/2021:06:09:09 +0800] "GET /xingrg/all/function/internal_message.html?_=1622153129504&CODE_STATE=getMsg HTTP/1.1" 200 27
120.253.135.82 - - [28/May/2021:06:09:11 +0800] "GET /xingrg/all/function/internal_message.html?_=1622153392756&CODE_STATE=getMsg HTTP/1.1" 200 27
117.184.7.26 - - [28/May/2021:06:09:20 +0800] "GET /xingrg/all/function/internal_message.html?_=1622153353243&CODE_STATE=getMsg HTTP/1.1" 302 -
117.184.7.26 - - [28/May/2021:06:09:20 +0800] "GET /xingrg/login.html HTTP/1.1" 200 7641
116.230.114.112 - - [28/May/2021:06:09:21 +0800] "GET /xingrg/check_reg.html?_=1622153372709 HTTP/1.1" 200 22
116.230.114.112 - - [28/May/2021:06:09:22 +0800] "GET /xingrg/all/function/internal_message.html?_=1622153373666&CODE_STATE=getMsg HTTP/1.1" 200 27
120.253.135.82 - - [28/May/2021:06:09:29 +0800] "POST /xingrg/kc/pszx/mdps_order_operate.html HTTP/1.1" 200 37
120.253.135.82 - - [28/May/2021:06:09:30 +0800] "GET /xingrg/kc/pszx/mdps_order_info.html?code=312021052800757 HTTP/1.1" 200 23931
120.253.135.82 - - [28/May/2021:06:09:30 +0800] "GET /xingrg/javascript/easyui/themes/default/validatebox.css HTTP/1.1" 404 1104
120.253.135.82 - - [28/May/2021:06:09:31 +0800] "POST /xingrg/kc/pszx/mdps_order_operate.html HTTP/1.1" 200 9336
116.230.110.80 - - [28/May/2021:06:09:33 +0800] "GET /xingrg/all/function/internal_message.html?_=1622153368663&CODE_STATE=getMsg HTTP/1.1" 200 27
120.253.135.82 - - [28/May/2021:06:09:52 +0800] "POST /xingrg/kc/pszx/mdps_list_operate.html HTTP/1.1" 200 2816
116.230.114.112 - - [28/May/2021:06:09:53 +0800] "GET /xingrg/all/function/internal_message.html?_=1622153407293&CODE_STATE=getMsg HTTP/1.1" 200 27
120.253.135.82 - - [28/May/2021:06:09:55 +0800] "POST /xingrg/kc/pszx/mdps_list_operate.html HTTP/1.1" 200 619
120.253.135.82 - - [28/May/2021:06:09:56 +0800] "GET /xingrg/kc/pszx/mdps_order_info.html?code=312021052800758 HTTP/1.1" 200 23931
120.253.135.82 - - [28/May/2021:06:09:56 +0800] "GET /xingrg/javascript/easyui/themes/default/validatebox.css HTTP/1.1" 404 1104
120.253.135.82 - - [28/May/2021:06:09:56 +0800] "POST /xingrg/kc/pszx/mdps_order_operate.html HTTP/1.1" 200 7289
180.169.147.146 - - [28/May/2021:06:09:58 +0800] "GET /xingrg/all/function/internal_message.html?_=1622153395818&CODE_STATE=getMsg HTTP/1.1" 200 27
120.253.135.82 - - [28/May/2021:06:09:59 +0800] "POST /xingrg/kc/pszx/mdps_order_operate.html HTTP/1.1" 200 37
120.253.135.82 - - [28/May/2021:06:10:00 +0800] "GET /xingrg/kc/pszx/mdps_order_info.html?code=312021052800758 HTTP/1.1" 200 23931
120.253.135.82 - - [28/May/2021:06:10:00 +0800] "GET /xingrg/javascript/easyui/themes/default/validatebox.css HTTP/1.1" 404 1104
120.253.135.82 - - [28/May/2021:06:10:01 +0800] "POST /xingrg/kc/pszx/mdps_order_operate.html HTTP/1.1" 200 7380
180.169.147.146 - - [28/May/2021:06:10:01 +0800] "GET /xingrg/all/function/internal_message.html?_=1622153398680&CODE_STATE=getMsg HTTP/1.1" 200 27
120.253.135.82 - - [28/May/2021:06:10:09 +0800] "GET /xingrg/all/function/internal_message.html?_=1622153189516&CODE_STATE=getMsg HTTP/1.1" 200 27
120.253.135.82 - - [28/May/2021:06:10:11 +0800] "GET /xingrg/all/function/internal_message.html?_=1622153452770&CODE_STATE=getMsg HTTP/1.1" 200 27
117.184.7.26 - - [28/May/2021:06:10:20 +0800] "GET /xingrg/all/function/internal_message.html?_=1622153413243&CODE_STATE=getMsg HTTP/1.1" 302 -
117.184.7.26 - - [28/May/2021:06:10:20 +0800] "GET /xingrg/login.html HTTP/1.1" 200 7641
116.230.114.112 - - [28/May/2021:06:10:22 +0800] "GET /xingrg/all/function/internal_message.html?_=1622153433678&CODE_STATE=getMsg HTTP/1.1" 200 27
120.253.135.82 - - [28/May/2021:06:10:28 +0800] "POST /xingrg/kc/pszx/mdps_order_operate.html HTTP/1.1" 200 37
120.253.135.82 - - [28/May/2021:06:10:28 +0800] "GET /xingrg/kc/pszx/mdps_order_info.html?code=312021052800758 HTTP/1.1" 200 23931
120.253.135.82 - - [28/May/2021:06:10:29 +0800] "GET /xingrg/javascript/easyui/themes/default/validatebox.css HTTP/1.1" 404 1104
120.253.135.82 - - [28/May/2021:06:10:29 +0800] "POST /xingrg/kc/pszx/mdps_order_operate.html HTTP/1.1" 200 7380
120.253.135.82 - - [28/May/2021:06:10:31 +0800] "POST /xingrg/kc/pszx/mdps_list_operate.html HTTP/1.1" 200 2816
120.253.135.82 - - [28/May/2021:06:10:32 +0800] "POST /xingrg/kc/pszx/mdps_list_operate.html HTTP/1.1" 200 376
116.230.110.80 - - [28/May/2021:06:10:33 +0800] "GET /xingrg/all/function/internal_message.html?_=1622153428664&CODE_STATE=getMsg HTTP/1.1" 200 27
120.253.135.82 - - [28/May/2021:06:10:33 +0800] "GET /xingrg/kc/pszx/mdps_order_info.html?code=312021052800759 HTTP/1.1" 200 23931
120.253.135.82 - - [28/May/2021:06:10:34 +0800] "GET /xingrg/javascript/easyui/themes/default/validatebox.css HTTP/1.1" 404 1104
120.253.135.82 - - [28/May/2021:06:10:34 +0800] "POST /xingrg/kc/pszx/mdps_order_operate.html HTTP/1.1" 200 3277
120.253.135.82 - - [28/May/2021:06:10:36 +0800] "POST /xingrg/all/common/load_combo.html?type=base HTTP/1.1" 200 1075
120.253.135.82 - - [28/May/2021:06:10:39 +0800] "POST /xingrg/kc/pszx/mdps_order_operate.html HTTP/1.1" 200 37
120.253.135.82 - - [28/May/2021:06:10:40 +0800] "GET /xingrg/kc/pszx/mdps_order_info.html?code=312021052800759 HTTP/1.1" 200 23931
120.253.135.82 - - [28/May/2021:06:10:41 +0800] "GET /xingrg/javascript/easyui/themes/default/validatebox.css HTTP/1.1" 404 1104
120.253.135.82 - - [28/May/2021:06:10:41 +0800] "POST /xingrg/kc/pszx/mdps_order_operate.html HTTP/1.1" 200 3304
116.230.114.112 - - [28/May/2021:06:10:53 +0800] "GET /xingrg/all/function/internal_message.html?_=1622153467321&CODE_STATE=getMsg HTTP/1.1" 200 27
180.169.147.146 - - [28/May/2021:06:10:58 +0800] "GET /xingrg/all/function/internal_message.html?_=1622153455816&CODE_STATE=getMsg HTTP/1.1" 200 27
120.253.135.82 - - [28/May/2021:06:10:59 +0800] "POST /xingrg/kc/pszx/mdps_list_operate.html HTTP/1.1" 200 2816
180.169.147.146 - - [28/May/2021:06:11:01 +0800] "GET /xingrg/all/function/internal_message.html?_=1622153458684&CODE_STATE=getMsg HTTP/1.1" 200 27
180.169.147.146 - - [28/May/2021:06:11:01 +0800] "GET /xingrg/check_reg.html?_=1622153458687 HTTP/1.1" 200 22
120.253.135.82 - - [28/May/2021:06:11:01 +0800] "POST /xingrg/kc/pszx/mdps_list_operate.html HTTP/1.1" 200 619
120.253.135.82 - - [28/May/2021:06:11:03 +0800] "POST /xingrg/kc/pszx/mdps_list_operate.html HTTP/1.1" 200 376
120.253.135.82 - - [28/May/2021:06:11:04 +0800] "GET /xingrg/check_reg.html?_=1622153244168 HTTP/1.1" 200 22
120.253.135.82 - - [28/May/2021:06:11:09 +0800] "GET /xingrg/all/function/internal_message.html?_=1622153249530&CODE_STATE=getMsg HTTP/1.1" 200 27
120.253.135.82 - - [28/May/2021:06:11:11 +0800] "GET /xingrg/all/function/internal_message.html?_=1622153512804&CODE_STATE=getMsg HTTP/1.1" 200 27
117.184.7.26 - - [28/May/2021:06:11:20 +0800] "GET /xingrg/all/function/internal_message.html?_=1622153473246&CODE_STATE=getMsg HTTP/1.1" 302 -
117.184.7.26 - - [28/May/2021:06:11:20 +0800] "GET /xingrg/check_reg.html?_=1622153473246 HTTP/1.1" 302 -
117.184.7.26 - - [28/May/2021:06:11:20 +0800] "GET /xingrg/login.html HTTP/1.1" 200 7641
117.184.7.26 - - [28/May/2021:06:11:20 +0800] "GET /xingrg/login.html HTTP/1.1" 200 7641
116.230.114.112 - - [28/May/2021:06:11:22 +0800] "GET /xingrg/all/function/internal_message.html?_=1622153493692&CODE_STATE=getMsg HTTP/1.1" 200 27
120.253.135.82 - - [28/May/2021:06:11:27 +0800] "GET /xingrg/kc/pszx/mdqp_order_list.html?state=10 HTTP/1.1" 200 11882
120.253.135.82 - - [28/May/2021:06:11:27 +0800] "GET /xingrg/dwr/interface/AjaxReportQueryService.js HTTP/1.1" 200 13203
120.253.135.82 - - [28/May/2021:06:11:27 +0800] "GET /xingrg/dwr/engine.js HTTP/1.1" 200 43631
120.253.135.82 - - [28/May/2021:06:11:27 +0800] "GET /xingrg/dwr/interface/AjaxQqpsService.js HTTP/1.1" 200 16326
120.253.135.82 - - [28/May/2021:06:11:29 +0800] "GET /xingrg/kc/pszx/mdqp_order_info.html?code=302021052700571 HTTP/1.1" 200 13354
120.253.135.82 - - [28/May/2021:06:11:29 +0800] "GET /xingrg/dwr/interface/AjaxQqpsService.js HTTP/1.1" 200 16326
120.253.135.82 - - [28/May/2021:06:11:29 +0800] "GET /xingrg/dwr/interface/AjaxComOrderService.js HTTP/1.1" 200 18264
120.253.135.82 - - [28/May/2021:06:11:29 +0800] "GET /xingrg/dwr/engine.js HTTP/1.1" 200 43631
120.253.135.82 - - [28/May/2021:06:11:30 +0800] "POST /xingrg/dwr/call/plaincall/AjaxQqpsService.loadMaterielItems.dwr HTTP/1.1" 200 6702
120.253.135.82 - - [28/May/2021:06:11:31 +0800] "GET /xingrg/images/yd/bt.gif HTTP/1.1" 404 1040
116.230.110.80 - - [28/May/2021:06:11:33 +0800] "GET /xingrg/all/function/internal_message.html?_=1622153488663&CODE_STATE=getMsg HTTP/1.1" 200 27
116.230.114.112 - - [28/May/2021:06:11:53 +0800] "GET /xingrg/all/function/internal_message.html?_=1622153527336&CODE_STATE=getMsg HTTP/1.1" 200 27
180.169.147.146 - - [28/May/2021:06:11:58 +0800] "GET /xingrg/all/function/internal_message.html?_=1622153515805&CODE_STATE=getMsg HTTP/1.1" 200 27
180.169.147.146 - - [28/May/2021:06:11:58 +0800] "GET /xingrg/check_reg.html?_=1622153515806 HTTP/1.1" 200 22
180.169.147.146 - - [28/May/2021:06:12:01 +0800] "GET /xingrg/all/function/internal_message.html?_=1622153518682&CODE_STATE=getMsg HTTP/1.1" 200 27
120.253.135.82 - - [28/May/2021:06:12:05 +0800] "GET /xingrg/kc/pszx/mdqp_order_list.html?isBack=1 HTTP/1.1" 302 -
120.253.135.82 - - [28/May/2021:06:12:05 +0800] "GET /xingrg/kc/pszx/mdqp_order_list.html?state=10 HTTP/1.1" 200 11882
120.253.135.82 - - [28/May/2021:06:12:05 +0800] "GET /xingrg/dwr/interface/AjaxReportQueryService.js HTTP/1.1" 200 13203
120.253.135.82 - - [28/May/2021:06:12:05 +0800] "GET /xingrg/dwr/interface/AjaxQqpsService.js HTTP/1.1" 200 16326
120.253.135.82 - - [28/May/2021:06:12:05 +0800] "GET /xingrg/dwr/engine.js HTTP/1.1" 200 43631
120.253.135.82 - - [28/May/2021:06:12:08 +0800] "GET /xingrg/kc/pszx/mdqp_order_info.html?code=302021052700572 HTTP/1.1" 200 13354
120.253.135.82 - - [28/May/2021:06:12:08 +0800] "GET /xingrg/dwr/interface/AjaxComOrderService.js HTTP/1.1" 200 18264
120.253.135.82 - - [28/May/2021:06:12:08 +0800] "GET /xingrg/dwr/interface/AjaxQqpsService.js HTTP/1.1" 200 16326
120.253.135.82 - - [28/May/2021:06:12:08 +0800] "GET /xingrg/dwr/engine.js HTTP/1.1" 200 43631
120.253.135.82 - - [28/May/2021:06:12:09 +0800] "POST /xingrg/dwr/call/plaincall/AjaxQqpsService.loadMaterielItems.dwr HTTP/1.1" 200 1503
120.253.135.82 - - [28/May/2021:06:12:09 +0800] "GET /xingrg/all/function/internal_message.html?_=1622153309761&CODE_STATE=getMsg HTTP/1.1" 200 27
120.253.135.82 - - [28/May/2021:06:12:11 +0800] "GET /xingrg/all/function/internal_message.html?_=1622153572813&CODE_STATE=getMsg HTTP/1.1" 200 27
120.253.135.82 - - [28/May/2021:06:12:16 +0800] "GET /xingrg/kc/pszx/mdqp_order_list.html?isBack=1 HTTP/1.1" 302 -
120.253.135.82 - - [28/May/2021:06:12:17 +0800] "GET /xingrg/kc/pszx/mdqp_order_list.html?state=10 HTTP/1.1" 200 11882
120.253.135.82 - - [28/May/2021:06:12:17 +0800] "GET /xingrg/dwr/interface/AjaxQqpsService.js HTTP/1.1" 200 16326
120.253.135.82 - - [28/May/2021:06:12:17 +0800] "GET /xingrg/dwr/interface/AjaxReportQueryService.js HTTP/1.1" 200 13203
120.253.135.82 - - [28/May/2021:06:12:17 +0800] "GET /xingrg/dwr/engine.js HTTP/1.1" 200 43631
120.253.135.82 - - [28/May/2021:06:12:19 +0800] "GET /xingrg/kc/pszx/mdqp_order_info.html?code=302021052700573 HTTP/1.1" 200 13354
120.253.135.82 - - [28/May/2021:06:12:19 +0800] "GET /xingrg/dwr/interface/AjaxComOrderService.js HTTP/1.1" 200 18264
120.253.135.82 - - [28/May/2021:06:12:19 +0800] "GET /xingrg/dwr/interface/AjaxQqpsService.js HTTP/1.1" 200 16326
120.253.135.82 - - [28/May/2021:06:12:19 +0800] "GET /xingrg/dwr/engine.js HTTP/1.1" 200 43631
180.169.147.146 - - [28/May/2021:06:12:19 +0800] "GET /xingrg/check_reg.html?_=1622153522897 HTTP/1.1" 200 22
117.184.7.26 - - [28/May/2021:06:12:20 +0800] "GET /xingrg/all/function/internal_message.html?_=1622153533245&CODE_STATE=getMsg HTTP/1.1" 302 -
117.184.7.26 - - [28/May/2021:06:12:20 +0800] "GET /xingrg/login.html HTTP/1.1" 200 7641
120.253.135.82 - - [28/May/2021:06:12:20 +0800] "POST /xingrg/dwr/call/plaincall/AjaxQqpsService.loadMaterielItems.dwr HTTP/1.1" 200 635
116.230.114.112 - - [28/May/2021:06:12:22 +0800] "GET /xingrg/all/function/internal_message.html?_=1622153553729&CODE_STATE=getMsg HTTP/1.1" 200 27
120.253.135.82 - - [28/May/2021:06:12:24 +0800] "GET /xingrg/kc/pszx/mdqp_order_list.html?isBack=1 HTTP/1.1" 302 -
120.253.135.82 - - [28/May/2021:06:12:24 +0800] "GET /xingrg/kc/pszx/mdqp_order_list.html?state=10 HTTP/1.1" 200 11882
120.253.135.82 - - [28/May/2021:06:12:24 +0800] "GET /xingrg/dwr/interface/AjaxQqpsService.js HTTP/1.1" 200 16326
120.253.135.82 - - [28/May/2021:06:12:24 +0800] "GET /xingrg/dwr/interface/AjaxReportQueryService.js HTTP/1.1" 200 13203
120.253.135.82 - - [28/May/2021:06:12:24 +0800] "GET /xingrg/dwr/engine.js HTTP/1.1" 200 43631
120.253.135.82 - - [28/May/2021:06:12:26 +0800] "GET /xingrg/kc/pszx/mdqp_order_info.html?code=302021052700574 HTTP/1.1" 200 13354
120.253.135.82 - - [28/May/2021:06:12:26 +0800] "GET /xingrg/dwr/interface/AjaxQqpsService.js HTTP/1.1" 200 16326
120.253.135.82 - - [28/May/2021:06:12:26 +0800] "GET /xingrg/dwr/interface/AjaxComOrderService.js HTTP/1.1" 200 18264
120.253.135.82 - - [28/May/2021:06:12:26 +0800] "GET /xingrg/dwr/engine.js HTTP/1.1" 200 43631
120.253.135.82 - - [28/May/2021:06:12:27 +0800] "POST /xingrg/dwr/call/plaincall/AjaxQqpsService.loadMaterielItems.dwr HTTP/1.1" 200 437
120.253.135.82 - - [28/May/2021:06:12:30 +0800] "GET /xingrg/kc/pszx/mdqp_order_list.html?isBack=1 HTTP/1.1" 302 -
120.253.135.82 - - [28/May/2021:06:12:30 +0800] "GET /xingrg/kc/pszx/mdqp_order_list.html?state=10 HTTP/1.1" 200 11882
120.253.135.82 - - [28/May/2021:06:12:30 +0800] "GET /xingrg/dwr/interface/AjaxReportQueryService.js HTTP/1.1" 200 13203
120.253.135.82 - - [28/May/2021:06:12:30 +0800] "GET /xingrg/dwr/interface/AjaxQqpsService.js HTTP/1.1" 200 16326
120.253.135.82 - - [28/May/2021:06:12:30 +0800] "GET /xingrg/dwr/engine.js HTTP/1.1" 200 43631
116.230.110.80 - - [28/May/2021:06:12:33 +0800] "GET /xingrg/check_reg.html?_=1622153548664 HTTP/1.1" 200 22
116.230.110.80 - - [28/May/2021:06:12:33 +0800] "GET /xingrg/all/function/internal_message.html?_=1622153548665&CODE_STATE=getMsg HTTP/1.1" 200 27
120.253.135.82 - - [28/May/2021:06:12:33 +0800] "GET /xingrg/kc/pszx/jzcl_ps.html HTTP/1.1" 200 7683
120.253.135.82 - - [28/May/2021:06:12:34 +0800] "POST /xingrg/all/common/load_tree.html?tree=area_rest_tree_json HTTP/1.1" 200 3466
120.253.135.82 - - [28/May/2021:06:12:34 +0800] "POST /xingrg/kc/pszx/jzcl_ps_operate.html HTTP/1.1" 200 1761
120.253.135.82 - - [28/May/2021:06:12:34 +0800] "POST /xingrg/kc/pszx/jzcl_ps_operate.html HTTP/1.1" 200 1761
120.253.135.82 - - [28/May/2021:06:12:44 +0800] "POST /xingrg/kc/pszx/jzcl_ps_operate.html HTTP/1.1" 200 4
120.253.135.82 - - [28/May/2021:06:12:45 +0800] "GET /xingrg/kc/pszx/mdps_order_list.html HTTP/1.1" 200 20838
120.253.135.82 - - [28/May/2021:06:12:45 +0800] "POST /xingrg/kc/pszx/jzcl_ps_operate.html HTTP/1.1" 200 21
120.253.135.82 - - [28/May/2021:06:12:46 +0800] "POST /xingrg/kc/pszx/mdps_list_operate.html HTTP/1.1" 200 5480
116.230.114.112 - - [28/May/2021:06:12:53 +0800] "GET /xingrg/all/function/internal_message.html?_=1622153587363&CODE_STATE=getMsg HTTP/1.1" 200 27
120.253.135.82 - - [28/May/2021:06:12:56 +0800] "POST /xingrg/kc/pszx/mdps_list_operate.html HTTP/1.1" 200 3211
120.253.135.82 - - [28/May/2021:06:12:57 +0800] "POST /xingrg/kc/pszx/mdps_list_operate.html HTTP/1.1" 200 641
180.169.147.146 - - [28/May/2021:06:12:58 +0800] "GET /xingrg/all/function/internal_message.html?_=1622153575816&CODE_STATE=getMsg HTTP/1.1" 200 27
120.253.135.82 - - [28/May/2021:06:12:58 +0800] "GET /xingrg/kc/pszx/mdps_order_info.html?code=312021052800760 HTTP/1.1" 200 23935
120.253.135.82 - - [28/May/2021:06:12:59 +0800] "GET /xingrg/javascript/easyui/themes/default/validatebox.css HTTP/1.1" 404 1104
120.253.135.82 - - [28/May/2021:06:12:59 +0800] "POST /xingrg/kc/pszx/mdps_order_operate.html HTTP/1.1" 200 12404
180.169.147.146 - - [28/May/2021:06:13:01 +0800] "GET /xingrg/all/function/internal_message.html?_=1622153578697&CODE_STATE=getMsg HTTP/1.1" 200 27
120.253.135.82 - - [28/May/2021:06:13:01 +0800] "POST /xingrg/kc/pszx/mdps_order_operate.html HTTP/1.1" 200 37
120.253.135.82 - - [28/May/2021:06:13:02 +0800] "GET /xingrg/kc/pszx/mdps_order_info.html?code=312021052800760 HTTP/1.1" 200 23935
120.253.135.82 - - [28/May/2021:06:13:03 +0800] "GET /xingrg/javascript/easyui/themes/default/validatebox.css HTTP/1.1" 404 1104
120.253.135.82 - - [28/May/2021:06:13:03 +0800] "POST /xingrg/kc/pszx/mdps_order_operate.html HTTP/1.1" 200 12567
120.253.135.82 - - [28/May/2021:06:13:09 +0800] "GET /xingrg/all/function/internal_message.html?_=1622153369776&CODE_STATE=getMsg HTTP/1.1" 200 27
120.253.135.82 - - [28/May/2021:06:13:11 +0800] "GET /xingrg/all/function/internal_message.html?_=1622153632845&CODE_STATE=getMsg HTTP/1.1" 200 27
58.40.7.146 - - [28/May/2021:06:13:13 +0800] "POST /xingrg/services/DataTransmitService HTTP/1.1" 200 524
117.184.7.26 - - [28/May/2021:06:13:20 +0800] "GET /xingrg/all/function/internal_message.html?_=1622153593246&CODE_STATE=getMsg HTTP/1.1" 302 -
117.184.7.26 - - [28/May/2021:06:13:20 +0800] "GET /xingrg/login.html HTTP/1.1" 200 7641
116.230.114.112 - - [28/May/2021:06:13:22 +0800] "GET /xingrg/all/function/internal_message.html?_=1622153613735&CODE_STATE=getMsg HTTP/1.1" 200 27
116.230.110.80 - - [28/May/2021:06:13:33 +0800] "GET /xingrg/all/function/internal_message.html?_=1622153608651&CODE_STATE=getMsg HTTP/1.1" 200 27
180.169.147.146 - - [28/May/2021:06:13:37 +0800] "GET /xingrg/check_reg.html?_=1622153614474 HTTP/1.1" 302 -
116.230.114.112 - - [28/May/2021:06:13:43 +0800] "GET /xingrg/check_reg.html?_=1622153637817 HTTP/1.1" 200 22
120.253.135.82 - - [28/May/2021:06:13:49 +0800] "GET /xingrg/check_reg.html?_=1622153670861 HTTP/1.1" 200 22
116.230.114.112 - - [28/May/2021:06:13:53 +0800] "GET /xingrg/all/function/internal_message.html?_=1622153647379&CODE_STATE=getMsg HTTP/1.1" 200 27
180.169.147.146 - - [28/May/2021:06:13:58 +0800] "GET /xingrg/all/function/internal_message.html?_=1622153635809&CODE_STATE=getMsg HTTP/1.1" 200 27
180.169.147.146 - - [28/May/2021:06:14:01 +0800] "GET /xingrg/all/function/internal_message.html?_=1622153638694&CODE_STATE=getMsg HTTP/1.1" 200 27
120.253.135.82 - - [28/May/2021:06:14:09 +0800] "GET /xingrg/all/function/internal_message.html?_=1622153429789&CODE_STATE=getMsg HTTP/1.1" 200 27
120.253.135.82 - - [28/May/2021:06:14:11 +0800] "GET /xingrg/all/function/internal_message.html?_=1622153692854&CODE_STATE=getMsg HTTP/1.1" 200 27
117.184.7.26 - - [28/May/2021:06:14:20 +0800] "GET /xingrg/all/function/internal_message.html?_=1622153653247&CODE_STATE=getMsg HTTP/1.1" 302 -
117.184.7.26 - - [28/May/2021:06:14:20 +0800] "GET /xingrg/login.html HTTP/1.1" 200 7641
116.230.114.112 - - [28/May/2021:06:14:21 +0800] "GET /xingrg/check_reg.html?_=1622153672730 HTTP/1.1" 200 22
116.230.114.112 - - [28/May/2021:06:14:22 +0800] "GET /xingrg/all/function/internal_message.html?_=1622153673748&CODE_STATE=getMsg HTTP/1.1" 200 27
120.253.135.82 - - [28/May/2021:06:14:28 +0800] "POST /xingrg/kc/pszx/mdps_order_operate.html HTTP/1.1" 200 37
120.253.135.82 - - [28/May/2021:06:14:29 +0800] "GET /xingrg/kc/pszx/mdps_order_info.html?code=312021052800760 HTTP/1.1" 200 23935
120.253.135.82 - - [28/May/2021:06:14:30 +0800] "GET /xingrg/javascript/easyui/themes/default/validatebox.css HTTP/1.1" 404 1104
120.253.135.82 - - [28/May/2021:06:14:30 +0800] "POST /xingrg/kc/pszx/mdps_order_operate.html HTTP/1.1" 200 12567
116.230.110.80 - - [28/May/2021:06:14:33 +0800] "GET /xingrg/all/function/internal_message.html?_=1622153668657&CODE_STATE=getMsg HTTP/1.1" 200 27
116.230.114.112 - - [28/May/2021:06:14:53 +0800] "GET /xingrg/all/function/internal_message.html?_=1622153707392&CODE_STATE=getMsg HTTP/1.1" 200 27
180.169.147.146 - - [28/May/2021:06:14:58 +0800] "GET /xingrg/all/function/internal_message.html?_=1622153695818&CODE_STATE=getMsg HTTP/1.1" 200 27
180.169.147.146 - - [28/May/2021:06:15:01 +0800] "GET /xingrg/all/function/internal_message.html?_=1622153698684&CODE_STATE=getMsg HTTP/1.1" 200 27
120.253.135.82 - - [28/May/2021:06:15:09 +0800] "GET /xingrg/all/function/internal_message.html?_=1622153489802&CODE_STATE=getMsg HTTP/1.1" 200 27
120.253.135.82 - - [28/May/2021:06:15:11 +0800] "GET /xingrg/all/function/internal_message.html?_=1622153752869&CODE_STATE=getMsg HTTP/1.1" 200 27
117.184.7.26 - - [28/May/2021:06:15:20 +0800] "GET /xingrg/all/function/internal_message.html?_=1622153713248&CODE_STATE=getMsg HTTP/1.1" 302 -
117.184.7.26 - - [28/May/2021:06:15:20 +0800] "GET /xingrg/login.html HTTP/1.1" 200 7641
116.230.114.112 - - [28/May/2021:06:15:22 +0800] "GET /xingrg/all/function/internal_message.html?_=1622153733762&CODE_STATE=getMsg HTTP/1.1" 200 27
116.230.110.80 - - [28/May/2021:06:15:33 +0800] "GET /xingrg/all/function/internal_message.html?_=1622153728669&CODE_STATE=getMsg HTTP/1.1" 200 27
116.230.114.112 - - [28/May/2021:06:15:53 +0800] "GET /xingrg/all/function/internal_message.html?_=1622153767427&CODE_STATE=getMsg HTTP/1.1" 200 27
180.169.147.146 - - [28/May/2021:06:15:58 +0800] "GET /xingrg/all/function/internal_message.html?_=1622153755816&CODE_STATE=getMsg HTTP/1.1" 200 27
180.169.147.146 - - [28/May/2021:06:16:01 +0800] "GET /xingrg/all/function/internal_message.html?_=1622153758676&CODE_STATE=getMsg HTTP/1.1" 200 27
180.169.147.146 - - [28/May/2021:06:16:01 +0800] "GET /xingrg/check_reg.html?_=1622153758678 HTTP/1.1" 200 22
120.253.135.82 - - [28/May/2021:06:16:04 +0800] "GET /xingrg/check_reg.html?_=1622153544169 HTTP/1.1" 200 22
120.253.135.82 - - [28/May/2021:06:16:09 +0800] "GET /xingrg/all/function/internal_message.html?_=1622153549816&CODE_STATE=getMsg HTTP/1.1" 200 27
120.253.135.82 - - [28/May/2021:06:16:11 +0800] "GET /xingrg/all/function/internal_message.html?_=1622153812902&CODE_STATE=getMsg HTTP/1.1" 200 27
117.184.7.26 - - [28/May/2021:06:16:20 +0800] "GET /xingrg/all/function/internal_message.html?_=1622153773250&CODE_STATE=getMsg HTTP/1.1" 302 -
117.184.7.26 - - [28/May/2021:06:16:20 +0800] "GET /xingrg/check_reg.html?_=1622153773250 HTTP/1.1" 302 -
117.184.7.26 - - [28/May/2021:06:16:20 +0800] "GET /xingrg/login.html HTTP/1.1" 200 7641
117.184.7.26 - - [28/May/2021:06:16:20 +0800] "GET /xingrg/login.html HTTP/1.1" 200 7641
116.230.114.112 - - [28/May/2021:06:16:22 +0800] "GET /xingrg/all/function/internal_message.html?_=1622153793775&CODE_STATE=getMsg HTTP/1.1" 200 27
116.230.110.80 - - [28/May/2021:06:16:33 +0800] "GET /xingrg/all/function/internal_message.html?_=1622153788663&CODE_STATE=getMsg HTTP/1.1" 200 27
116.230.114.112 - - [28/May/2021:06:16:53 +0800] "GET /xingrg/all/function/internal_message.html?_=1622153827436&CODE_STATE=getMsg HTTP/1.1" 200 27
180.169.147.146 - - [28/May/2021:06:16:58 +0800] "GET /xingrg/check_reg.html?_=1622153815806 HTTP/1.1" 200 22
180.169.147.146 - - [28/May/2021:06:16:58 +0800] "GET /xingrg/all/function/internal_message.html?_=1622153815808&CODE_STATE=getMsg HTTP/1.1" 200 27
180.169.147.146 - - [28/May/2021:06:17:01 +0800] "GET /xingrg/all/function/internal_message.html?_=1622153818683&CODE_STATE=getMsg HTTP/1.1" 200 27
120.253.135.82 - - [28/May/2021:06:17:06 +0800] "POST /xingrg/kc/pszx/mdps_order_operate.html HTTP/1.1" 200 37
120.253.135.82 - - [28/May/2021:06:17:07 +0800] "GET /xingrg/kc/pszx/mdps_order_info.html?code=312021052800760 HTTP/1.1" 200 23935
120.253.135.82 - - [28/May/2021:06:17:07 +0800] "GET /xingrg/javascript/easyui/themes/default/validatebox.css HTTP/1.1" 404 1104
120.253.135.82 - - [28/May/2021:06:17:07 +0800] "POST /xingrg/kc/pszx/mdps_order_operate.html HTTP/1.1" 200 12567
120.253.135.82 - - [28/May/2021:06:17:09 +0800] "GET /xingrg/all/function/internal_message.html?_=1622153609830&CODE_STATE=getMsg HTTP/1.1" 200 27
120.253.135.82 - - [28/May/2021:06:17:11 +0800] "GET /xingrg/all/function/internal_message.html?_=1622153872912&CODE_STATE=getMsg HTTP/1.1" 200 27
120.253.135.82 - - [28/May/2021:06:17:17 +0800] "POST /xingrg/kc/pszx/mdps_list_operate.html HTTP/1.1" 200 522
120.253.135.82 - - [28/May/2021:06:17:18 +0800] "GET /xingrg/kc/pszx/mdps_order_info.html?code=312021052800761 HTTP/1.1" 200 23935
120.253.135.82 - - [28/May/2021:06:17:18 +0800] "POST /xingrg/kc/pszx/mdps_order_operate.html HTTP/1.1" 200 4249
120.253.135.82 - - [28/May/2021:06:17:18 +0800] "GET /xingrg/javascript/easyui/themes/default/validatebox.css HTTP/1.1" 404 1104
180.169.147.146 - - [28/May/2021:06:17:19 +0800] "GET /xingrg/check_reg.html?_=1622153822915 HTTP/1.1" 200 22
117.184.7.26 - - [28/May/2021:06:17:20 +0800] "GET /xingrg/all/function/internal_message.html?_=1622153833250&CODE_STATE=getMsg HTTP/1.1" 302 -
117.184.7.26 - - [28/May/2021:06:17:20 +0800] "GET /xingrg/login.html HTTP/1.1" 200 7641
120.253.135.82 - - [28/May/2021:06:17:20 +0800] "POST /xingrg/all/common/load_combo.html?type=base HTTP/1.1" 200 1075
116.230.114.112 - - [28/May/2021:06:17:22 +0800] "GET /xingrg/all/function/internal_message.html?_=1622153853813&CODE_STATE=getMsg HTTP/1.1" 200 27
120.253.135.82 - - [28/May/2021:06:17:24 +0800] "POST /xingrg/kc/pszx/mdps_order_operate.html HTTP/1.1" 200 37
120.253.135.82 - - [28/May/2021:06:17:25 +0800] "GET /xingrg/kc/pszx/mdps_order_info.html?code=312021052800761 HTTP/1.1" 200 23935
120.253.135.82 - - [28/May/2021:06:17:25 +0800] "GET /xingrg/javascript/easyui/themes/default/validatebox.css HTTP/1.1" 404 1104
120.253.135.82 - - [28/May/2021:06:17:25 +0800] "POST /xingrg/kc/pszx/mdps_order_operate.html HTTP/1.1" 200 4289
120.253.135.82 - - [28/May/2021:06:17:30 +0800] "POST /xingrg/kc/pszx/mdps_list_operate.html HTTP/1.1" 200 3211
120.253.135.82 - - [28/May/2021:06:17:32 +0800] "POST /xingrg/kc/pszx/mdps_list_operate.html HTTP/1.1" 200 278
116.230.110.80 - - [28/May/2021:06:17:33 +0800] "GET /xingrg/all/function/internal_message.html?_=1622153848659&CODE_STATE=getMsg HTTP/1.1" 200 27
116.230.110.80 - - [28/May/2021:06:17:33 +0800] "GET /xingrg/check_reg.html?_=1622153848661 HTTP/1.1" 200 22
120.253.135.82 - - [28/May/2021:06:17:33 +0800] "POST /xingrg/kc/pszx/mdps_list_operate.html HTTP/1.1" 200 205
120.253.135.82 - - [28/May/2021:06:17:35 +0800] "GET /xingrg/kc/pszx/mdps_order_info.html?code=312021052300654 HTTP/1.1" 200 23937
120.253.135.82 - - [28/May/2021:06:17:35 +0800] "GET /xingrg/javascript/easyui/themes/default/validatebox.css HTTP/1.1" 404 1104
120.253.135.82 - - [28/May/2021:06:17:35 +0800] "POST /xingrg/kc/pszx/mdps_order_operate.html HTTP/1.1" 200 2281
120.253.135.82 - - [28/May/2021:06:17:42 +0800] "POST /xingrg/kc/pszx/mdps_order_operate.html HTTP/1.1" 200 37
120.253.135.82 - - [28/May/2021:06:17:44 +0800] "GET /xingrg/kc/pszx/mdps_order_info.html?code=312021052300654 HTTP/1.1" 200 23937
120.253.135.82 - - [28/May/2021:06:17:45 +0800] "GET /xingrg/javascript/easyui/themes/default/validatebox.css HTTP/1.1" 404 1104
120.253.135.82 - - [28/May/2021:06:17:45 +0800] "POST /xingrg/kc/pszx/mdps_order_operate.html HTTP/1.1" 200 2281
120.253.135.82 - - [28/May/2021:06:17:46 +0800] "POST /xingrg/kc/pszx/mdps_list_operate.html HTTP/1.1" 200 3211
120.253.135.82 - - [28/May/2021:06:17:49 +0800] "POST /xingrg/kc/pszx/mdps_list_operate.html HTTP/1.1" 200 522
120.253.135.82 - - [28/May/2021:06:17:50 +0800] "GET /xingrg/kc/pszx/mdps_order_info.html?code=312021052800761 HTTP/1.1" 200 23935
120.253.135.82 - - [28/May/2021:06:17:50 +0800] "GET /xingrg/javascript/easyui/themes/default/validatebox.css HTTP/1.1" 404 1104
120.253.135.82 - - [28/May/2021:06:17:50 +0800] "POST /xingrg/kc/pszx/mdps_order_operate.html HTTP/1.1" 200 4289
116.230.114.112 - - [28/May/2021:06:17:53 +0800] "GET /xingrg/all/function/internal_message.html?_=1622153887471&CODE_STATE=getMsg HTTP/1.1" 200 27
120.253.135.82 - - [28/May/2021:06:17:54 +0800] "POST /xingrg/kc/pszx/mdps_list_operate.html HTTP/1.1" 200 3211
120.253.135.82 - - [28/May/2021:06:17:56 +0800] "POST /xingrg/kc/pszx/mdps_list_operate.html HTTP/1.1" 200 278
120.253.135.82 - - [28/May/2021:06:17:57 +0800] "POST /xingrg/kc/pszx/mdps_list_operate.html HTTP/1.1" 200 522
120.253.135.82 - - [28/May/2021:06:17:58 +0800] "GET /xingrg/kc/pszx/mdps_order_info.html?code=312021052800761 HTTP/1.1" 200 23935
180.169.147.146 - - [28/May/2021:06:17:58 +0800] "GET /xingrg/all/function/internal_message.html?_=1622153875818&CODE_STATE=getMsg HTTP/1.1" 200 27
120.253.135.82 - - [28/May/2021:06:17:58 +0800] "POST /xingrg/kc/pszx/mdps_order_operate.html HTTP/1.1" 200 4289
120.253.135.82 - - [28/May/2021:06:17:58 +0800] "GET /xingrg/javascript/easyui/themes/default/validatebox.css HTTP/1.1" 404 1104
180.169.147.146 - - [28/May/2021:06:18:01 +0800] "GET /xingrg/all/function/internal_message.html?_=1622153878685&CODE_STATE=getMsg HTTP/1.1" 200 27
120.253.135.82 - - [28/May/2021:06:18:09 +0800] "POST /xingrg/kc/pszx/mdps_list_operate.html HTTP/1.1" 200 3211
120.253.135.82 - - [28/May/2021:06:18:09 +0800] "GET /xingrg/all/function/internal_message.html?_=1622153669845&CODE_STATE=getMsg HTTP/1.1" 200 27
120.253.135.82 - - [28/May/2021:06:18:10 +0800] "GET /xingrg/kc/buy/buy_main.html HTTP/1.1" 200 12341
120.253.135.82 - - [28/May/2021:06:18:10 +0800] "GET /xingrg/css/new_ie.css HTTP/1.1" 404 1036
120.253.135.82 - - [28/May/2021:06:18:10 +0800] "GET /xingrg/javascript/jquery_ui/jquery-ui.min.js HTTP/1.1" 200 186181
120.253.135.82 - - [28/May/2021:06:18:11 +0800] "GET /xingrg/images/blue/button/cgydd.gif HTTP/1.1" 304 -
120.253.135.82 - - [28/May/2021:06:18:11 +0800] "GET /xingrg/images/blue/button/down_ah.jpg HTTP/1.1" 304 -
120.253.135.82 - - [28/May/2021:06:18:11 +0800] "GET /xingrg/images/blue/button/cgxqd.gif HTTP/1.1" 200 2619
120.253.135.82 - - [28/May/2021:06:18:11 +0800] "GET /xingrg/images/blue/button/cgfkd.gif HTTP/1.1" 200 2075
120.253.135.82 - - [28/May/2021:06:18:11 +0800] "GET /xingrg/images/blue/button/cgshd.gif HTTP/1.1" 200 2618
120.253.135.82 - - [28/May/2021:06:18:11 +0800] "GET /xingrg/javascript/jquery_ui/themes/humanity/images/ui-bg_inset-soft_100_f4f0ec_1x100.png HTTP/1.1" 200 141
120.253.135.82 - - [28/May/2021:06:18:11 +0800] "GET /xingrg/images/blue/button/right_ah.jpg HTTP/1.1" 200 1744
120.253.135.82 - - [28/May/2021:06:18:11 +0800] "GET /xingrg/images/blue/pic_form2.gif HTTP/1.1" 304 -
120.253.135.82 - - [28/May/2021:06:18:11 +0800] "GET /xingrg/images/blue/bg_dotted.jpg HTTP/1.1" 304 -
120.253.135.82 - - [28/May/2021:06:18:11 +0800] "GET /xingrg/images/blue/button/kc.gif HTTP/1.1" 200 2160
120.253.135.82 - - [28/May/2021:06:18:11 +0800] "GET /xingrg/images/blue/button/ckthd.gif HTTP/1.1" 200 2045
120.253.135.82 - - [28/May/2021:06:18:11 +0800] "GET /xingrg/javascript/jquery_ui/themes/humanity/images/ui-iconsnew.jpg HTTP/1.1" 200 337
120.253.135.82 - - [28/May/2021:06:18:11 +0800] "GET /xingrg/javascript/jquery_ui/themes/humanity/images/ui-icons_ffffff_256x240.png HTTP/1.1" 200 4369
120.253.135.82 - - [28/May/2021:06:18:11 +0800] "GET /xingrg/javascript/jquery_ui/themes/humanity/images/ui-icons_c47a23_256x240.png HTTP/1.1" 200 5355
120.253.135.82 - - [28/May/2021:06:18:11 +0800] "GET /xingrg/javascript/jquery_ui/themes/humanity/images/ui-bg_glass_70_ede4d4_1x400.png HTTP/1.1" 200 161
120.253.135.82 - - [28/May/2021:06:18:11 +0800] "GET /xingrg/all/function/internal_message.html?_=1622153932945&CODE_STATE=getMsg HTTP/1.1" 200 27
120.253.135.82 - - [28/May/2021:06:18:12 +0800] "GET /xingrg/images/yd/bt.gif HTTP/1.1" 404 1040
120.253.135.82 - - [28/May/2021:06:18:12 +0800] "GET /xingrg/kc/buy/cgsh_order_list.html HTTP/1.1" 200 46413
120.253.135.82 - - [28/May/2021:06:18:14 +0800] "POST /xingrg/kc/buy/cgsh_list_operate.html HTTP/1.1" 200 1701
120.253.135.82 - - [28/May/2021:06:18:15 +0800] "GET /xingrg/kc/buy/cgsh_order_add.html HTTP/1.1" 200 61211
120.253.135.82 - - [28/May/2021:06:18:16 +0800] "POST /xingrg/kc/buy/cgsh_order_operate.html HTTP/1.1" 200 8245
120.253.135.82 - - [28/May/2021:06:18:16 +0800] "GET /xingrg/javascript/easyui/themes/default/validatebox.css HTTP/1.1" 404 1104
117.184.7.26 - - [28/May/2021:06:18:20 +0800] "GET /xingrg/all/function/internal_message.html?_=1622153893253&CODE_STATE=getMsg HTTP/1.1" 302 -
117.184.7.26 - - [28/May/2021:06:18:20 +0800] "GET /xingrg/login.html HTTP/1.1" 200 7641
116.230.114.112 - - [28/May/2021:06:18:22 +0800] "GET /xingrg/all/function/internal_message.html?_=1622153913818&CODE_STATE=getMsg HTTP/1.1" 200 27
120.253.135.82 - - [28/May/2021:06:18:24 +0800] "GET /xingrg/kc/buy/cgsh_order_operate.html?command=get_materiel&rest_code=00101&code=00102001008&supplier_code=&order_time=2021-05-28 HTTP/1.1" 200 424
120.253.135.82 - - [28/May/2021:06:18:26 +0800] "POST /xingrg/all/common/load_select.html HTTP/1.1" 200 25
120.253.135.82 - - [28/May/2021:06:18:29 +0800] "GET /xingrg/kc/buy/cgsh_order_operate.html?command=get_materiel_price&rest_code=00101&code=00102001008&unit_code=00100062&supplier_code=&order_time=2021-05-28 HTTP/1.1" 200 28
116.230.110.80 - - [28/May/2021:06:18:33 +0800] "GET /xingrg/all/function/internal_message.html?_=1622153908655&CODE_STATE=getMsg HTTP/1.1" 200 27
180.169.147.146 - - [28/May/2021:06:18:37 +0800] "GET /xingrg/check_reg.html?_=1622153914459 HTTP/1.1" 302 -
120.253.135.82 - - [28/May/2021:06:18:40 +0800] "GET /xingrg/kc/pszx/mdps_order_list.html?orderType=0 HTTP/1.1" 200 20838
120.253.135.82 - - [28/May/2021:06:18:40 +0800] "POST /xingrg/kc/pszx/mdps_list_operate.html HTTP/1.1" 200 5488
116.230.114.112 - - [28/May/2021:06:18:43 +0800] "GET /xingrg/check_reg.html?_=1622153937827 HTTP/1.1" 200 22
120.253.135.82 - - [28/May/2021:06:18:49 +0800] "GET /xingrg/check_reg.html?_=1622153970865 HTTP/1.1" 200 22
120.253.135.82 - - [28/May/2021:06:18:51 +0800] "POST /xingrg/kc/pszx/mdps_list_operate.html HTTP/1.1" 200 3211
120.253.135.82 - - [28/May/2021:06:18:52 +0800] "POST /xingrg/kc/pszx/mdps_list_operate.html HTTP/1.1" 200 278
116.230.114.112 - - [28/May/2021:06:18:53 +0800] "GET /xingrg/all/function/internal_message.html?_=1622153947479&CODE_STATE=getMsg HTTP/1.1" 200 27
120.253.135.82 - - [28/May/2021:06:18:57 +0800] "POST /xingrg/kc/pszx/mdps_list_operate.html HTTP/1.1" 200 522
120.253.135.82 - - [28/May/2021:06:18:58 +0800] "GET /xingrg/kc/pszx/mdps_order_info.html?code=312021052800761 HTTP/1.1" 200 23935
180.169.147.146 - - [28/May/2021:06:18:58 +0800] "GET /xingrg/all/function/internal_message.html?_=1622153935812&CODE_STATE=getMsg HTTP/1.1" 200 27
120.253.135.82 - - [28/May/2021:06:18:58 +0800] "GET /xingrg/javascript/easyui/themes/default/validatebox.css HTTP/1.1" 404 1104
120.253.135.82 - - [28/May/2021:06:18:58 +0800] "POST /xingrg/kc/pszx/mdps_order_operate.html HTTP/1.1" 200 4289
180.169.147.146 - - [28/May/2021:06:19:01 +0800] "GET /xingrg/all/function/internal_message.html?_=1622153938685&CODE_STATE=getMsg HTTP/1.1" 200 27
120.253.135.82 - - [28/May/2021:06:19:08 +0800] "POST /xingrg/kc/pszx/mdps_order_operate.html HTTP/1.1" 200 37
120.253.135.82 - - [28/May/2021:06:19:09 +0800] "GET /xingrg/kc/pszx/mdps_order_info.html?code=312021052800761 HTTP/1.1" 200 23935
120.253.135.82 - - [28/May/2021:06:19:10 +0800] "GET /xingrg/all/function/internal_message.html?_=1622153730250&CODE_STATE=getMsg HTTP/1.1" 200 27
120.253.135.82 - - [28/May/2021:06:19:10 +0800] "GET /xingrg/javascript/easyui/themes/default/validatebox.css HTTP/1.1" 404 1104
120.253.135.82 - - [28/May/2021:06:19:10 +0800] "POST /xingrg/kc/pszx/mdps_order_operate.html HTTP/1.1" 200 4287
120.253.135.82 - - [28/May/2021:06:19:11 +0800] "GET /xingrg/all/function/internal_message.html?_=1622153992953&CODE_STATE=getMsg HTTP/1.1" 200 27
120.253.135.82 - - [28/May/2021:06:19:13 +0800] "GET /xingrg/kc/pszx/mdps_order_info.html?code=312021052800762 HTTP/1.1" 200 23935
120.253.135.82 - - [28/May/2021:06:19:14 +0800] "POST /xingrg/kc/pszx/mdps_order_operate.html HTTP/1.1" 200 2763
120.253.135.82 - - [28/May/2021:06:19:14 +0800] "GET /xingrg/javascript/easyui/themes/default/validatebox.css HTTP/1.1" 404 1104
120.253.135.82 - - [28/May/2021:06:19:15 +0800] "POST /xingrg/all/common/load_combo.html?type=base HTTP/1.1" 200 1075
117.184.7.26 - - [28/May/2021:06:19:20 +0800] "GET /xingrg/all/function/internal_message.html?_=1622153953252&CODE_STATE=getMsg HTTP/1.1" 302 -
117.184.7.26 - - [28/May/2021:06:19:20 +0800] "GET /xingrg/login.html HTTP/1.1" 200 7641
120.253.135.82 - - [28/May/2021:06:19:20 +0800] "POST /xingrg/kc/pszx/mdps_order_operate.html HTTP/1.1" 200 37
116.230.114.112 - - [28/May/2021:06:19:21 +0800] "GET /xingrg/check_reg.html?_=1622153972749 HTTP/1.1" 200 22
120.253.135.82 - - [28/May/2021:06:19:21 +0800] "GET /xingrg/kc/pszx/mdps_order_info.html?code=312021052800762 HTTP/1.1" 200 23933
120.253.135.82 - - [28/May/2021:06:19:22 +0800] "GET /xingrg/javascript/easyui/themes/default/validatebox.css HTTP/1.1" 404 1104
120.253.135.82 - - [28/May/2021:06:19:22 +0800] "POST /xingrg/kc/pszx/mdps_order_operate.html HTTP/1.1" 200 2779
116.230.114.112 - - [28/May/2021:06:19:22 +0800] "GET /xingrg/all/function/internal_message.html?_=1622153973832&CODE_STATE=getMsg HTTP/1.1" 200 27
120.253.135.82 - - [28/May/2021:06:19:29 +0800] "POST /xingrg/kc/pszx/mdps_list_operate.html HTTP/1.1" 200 3208
120.253.135.82 - - [28/May/2021:06:19:30 +0800] "POST /xingrg/kc/pszx/mdps_list_operate.html HTTP/1.1" 200 232
120.253.135.82 - - [28/May/2021:06:19:31 +0800] "GET /xingrg/kc/pszx/mdps_order_info.html?code=312021052800763 HTTP/1.1" 200 23935
120.253.135.82 - - [28/May/2021:06:19:31 +0800] "GET /xingrg/javascript/easyui/themes/default/validatebox.css HTTP/1.1" 404 1104
120.253.135.82 - - [28/May/2021:06:19:32 +0800] "POST /xingrg/kc/pszx/mdps_order_operate.html HTTP/1.1" 200 2321
116.230.110.80 - - [28/May/2021:06:19:33 +0800] "GET /xingrg/all/function/internal_message.html?_=1622153968649&CODE_STATE=getMsg HTTP/1.1" 200 27
120.253.135.82 - - [28/May/2021:06:19:34 +0800] "POST /xingrg/kc/pszx/mdps_order_operate.html HTTP/1.1" 200 37
120.253.135.82 - - [28/May/2021:06:19:35 +0800] "GET /xingrg/kc/pszx/mdps_order_info.html?code=312021052800763 HTTP/1.1" 200 23935
120.253.135.82 - - [28/May/2021:06:19:36 +0800] "GET /xingrg/javascript/easyui/themes/default/validatebox.css HTTP/1.1" 404 1104
120.253.135.82 - - [28/May/2021:06:19:36 +0800] "POST /xingrg/kc/pszx/mdps_order_operate.html HTTP/1.1" 200 2330
120.253.135.82 - - [28/May/2021:06:19:38 +0800] "POST /xingrg/kc/pszx/mdps_list_operate.html HTTP/1.1" 200 3208
120.253.135.82 - - [28/May/2021:06:19:40 +0800] "POST /xingrg/kc/pszx/mdps_list_operate.html HTTP/1.1" 200 278
120.253.135.82 - - [28/May/2021:06:19:41 +0800] "POST /xingrg/kc/pszx/mdps_list_operate.html HTTP/1.1" 200 521
120.253.135.82 - - [28/May/2021:06:19:42 +0800] "POST /xingrg/kc/pszx/mdps_list_operate.html HTTP/1.1" 200 641
120.253.135.82 - - [28/May/2021:06:19:44 +0800] "POST /xingrg/kc/pszx/mdps_list_operate.html HTTP/1.1" 200 205
116.230.114.112 - - [28/May/2021:06:19:53 +0800] "GET /xingrg/all/function/internal_message.html?_=1622154007492&CODE_STATE=getMsg HTTP/1.1" 200 27
120.253.135.82 - - [28/May/2021:06:19:53 +0800] "GET /xingrg/kc/report/report_main.html HTTP/1.1" 200 9370
120.253.135.82 - - [28/May/2021:06:19:54 +0800] "GET /xingrg/kc/base/kc_stocks.html HTTP/1.1" 200 16431
120.253.135.82 - - [28/May/2021:06:19:54 +0800] "GET /xingrg/javascript/easyui/themes/default/tree.css HTTP/1.1" 404 1090
120.253.135.82 - - [28/May/2021:06:19:54 +0800] "POST /xingrg/all/common/load_tree.html?tree=materiel_sort_tree_json HTTP/1.1" 200 8666
120.253.135.82 - - [28/May/2021:06:19:56 +0800] "POST /xingrg/all/common/load_combo.html?type=base HTTP/1.1" 200 1075
180.169.147.146 - - [28/May/2021:06:19:58 +0800] "GET /xingrg/all/function/internal_message.html?_=1622153995827&CODE_STATE=getMsg HTTP/1.1" 200 27
180.169.147.146 - - [28/May/2021:06:20:01 +0800] "GET /xingrg/all/function/internal_message.html?_=1622153998683&CODE_STATE=getMsg HTTP/1.1" 200 27
120.253.135.82 - - [28/May/2021:06:20:10 +0800] "GET /xingrg/all/function/internal_message.html?_=1622153790453&CODE_STATE=getMsg HTTP/1.1" 200 27
120.253.135.82 - - [28/May/2021:06:20:11 +0800] "GET /xingrg/all/function/internal_message.html?_=1622154052969&CODE_STATE=getMsg HTTP/1.1" 200 27
117.184.7.26 - - [28/May/2021:06:20:20 +0800] "GET /xingrg/all/function/internal_message.html?_=1622154013253&CODE_STATE=getMsg HTTP/1.1" 302 -
117.184.7.26 - - [28/May/2021:06:20:20 +0800] "GET /xingrg/login.html HTTP/1.1" 200 7641
116.230.114.112 - - [28/May/2021:06:20:22 +0800] "GET /xingrg/all/function/internal_message.html?_=1622154033845&CODE_STATE=getMsg HTTP/1.1" 200 27
116.230.110.80 - - [28/May/2021:06:20:33 +0800] "GET /xingrg/all/function/internal_message.html?_=1622154028661&CODE_STATE=getMsg HTTP/1.1" 200 27
120.253.135.82 - - [28/May/2021:06:20:48 +0800] "POST /xingrg/kc/base/stock_operate.html HTTP/1.1" 200 1991
116.230.114.112 - - [28/May/2021:06:20:53 +0800] "GET /xingrg/all/function/internal_message.html?_=1622154067518&CODE_STATE=getMsg HTTP/1.1" 200 27
180.169.147.146 - - [28/May/2021:06:20:58 +0800] "GET /xingrg/all/function/internal_message.html?_=1622154055822&CODE_STATE=getMsg HTTP/1.1" 200 27
120.253.135.82 - - [28/May/2021:06:20:59 +0800] "POST /xingrg/kc/base/stock_operate.html HTTP/1.1" 200 1718
180.169.147.146 - - [28/May/2021:06:21:01 +0800] "GET /xingrg/check_reg.html?_=1622154058683 HTTP/1.1" 200 22
180.169.147.146 - - [28/May/2021:06:21:01 +0800] "GET /xingrg/all/function/internal_message.html?_=1622154058686&CODE_STATE=getMsg HTTP/1.1" 200 27
120.253.135.82 - - [28/May/2021:06:21:04 +0800] "GET /xingrg/check_reg.html?_=1622153844182 HTTP/1.1" 200 22
120.253.135.82 - - [28/May/2021:06:21:10 +0800] "GET /xingrg/all/function/internal_message.html?_=1622153850461&CODE_STATE=getMsg HTTP/1.1" 200 27
120.253.135.82 - - [28/May/2021:06:21:11 +0800] "GET /xingrg/all/function/internal_message.html?_=1622154113003&CODE_STATE=getMsg HTTP/1.1" 200 27
120.253.135.82 - - [28/May/2021:06:21:16 +0800] "POST /xingrg/kc/base/stock_operate.html HTTP/1.1" 200 1742
117.184.7.26 - - [28/May/2021:06:21:20 +0800] "GET /xingrg/all/function/internal_message.html?_=1622154073254&CODE_STATE=getMsg HTTP/1.1" 302 -
117.184.7.26 - - [28/May/2021:06:21:20 +0800] "GET /xingrg/check_reg.html?_=1622154073257 HTTP/1.1" 302 -
117.184.7.26 - - [28/May/2021:06:21:20 +0800] "GET /xingrg/login.html HTTP/1.1" 200 7641
117.184.7.26 - - [28/May/2021:06:21:20 +0800] "GET /xingrg/login.html HTTP/1.1" 200 7641
116.230.114.112 - - [28/May/2021:06:21:22 +0800] "GET /xingrg/all/function/internal_message.html?_=1622154093859&CODE_STATE=getMsg HTTP/1.1" 200 27
116.230.110.80 - - [28/May/2021:06:21:33 +0800] "GET /xingrg/all/function/internal_message.html?_=1622154088657&CODE_STATE=getMsg HTTP/1.1" 200 27
120.253.135.82 - - [28/May/2021:06:21:34 +0800] "POST /xingrg/kc/base/stock_operate.html HTTP/1.1" 200 1712
120.253.135.82 - - [28/May/2021:06:21:44 +0800] "POST /xingrg/kc/base/stock_operate.html HTTP/1.1" 200 1474
116.230.114.112 - - [28/May/2021:06:21:53 +0800] "GET /xingrg/all/function/internal_message.html?_=1622154127520&CODE_STATE=getMsg HTTP/1.1" 200 27
180.169.147.146 - - [28/May/2021:06:21:58 +0800] "GET /xingrg/check_reg.html?_=1622154115817 HTTP/1.1" 200 22
180.169.147.146 - - [28/May/2021:06:21:58 +0800] "GET /xingrg/all/function/internal_message.html?_=1622154115818&CODE_STATE=getMsg HTTP/1.1" 200 27
180.169.147.146 - - [28/May/2021:06:22:01 +0800] "GET /xingrg/all/function/internal_message.html?_=1622154118681&CODE_STATE=getMsg HTTP/1.1" 200 27
120.253.135.82 - - [28/May/2021:06:22:10 +0800] "GET /xingrg/all/function/internal_message.html?_=1622153910475&CODE_STATE=getMsg HTTP/1.1" 200 27
120.253.135.82 - - [28/May/2021:06:22:11 +0800] "GET /xingrg/all/function/internal_message.html?_=1622154173010&CODE_STATE=getMsg HTTP/1.1" 200 27
180.169.147.146 - - [28/May/2021:06:22:19 +0800] "GET /xingrg/check_reg.html?_=1622154122887 HTTP/1.1" 200 22
117.184.7.26 - - [28/May/2021:06:22:20 +0800] "GET /xingrg/all/function/internal_message.html?_=1622154133258&CODE_STATE=getMsg HTTP/1.1" 302 -
117.184.7.26 - - [28/May/2021:06:22:20 +0800] "GET /xingrg/login.html HTTP/1.1" 200 7641
116.230.114.112 - - [28/May/2021:06:22:22 +0800] "GET /xingrg/all/function/internal_message.html?_=1622154153896&CODE_STATE=getMsg HTTP/1.1" 200 27
116.230.110.80 - - [28/May/2021:06:22:33 +0800] "GET /xingrg/all/function/internal_message.html?_=1622154148666&CODE_STATE=getMsg HTTP/1.1" 200 27
116.230.110.80 - - [28/May/2021:06:22:33 +0800] "GET /xingrg/check_reg.html?_=1622154148667 HTTP/1.1" 200 22
116.230.114.112 - - [28/May/2021:06:22:53 +0800] "GET /xingrg/all/function/internal_message.html?_=1622154187542&CODE_STATE=getMsg HTTP/1.1" 200 27
180.169.147.146 - - [28/May/2021:06:22:58 +0800] "GET /xingrg/all/function/internal_message.html?_=1622154175805&CODE_STATE=getMsg HTTP/1.1" 200 27
180.169.147.146 - - [28/May/2021:06:23:01 +0800] "GET /xingrg/all/function/internal_message.html?_=1622154178690&CODE_STATE=getMsg HTTP/1.1" 200 27
120.253.135.82 - - [28/May/2021:06:23:10 +0800] "GET /xingrg/all/function/internal_message.html?_=1622153970489&CODE_STATE=getMsg HTTP/1.1" 200 27
120.253.135.82 - - [28/May/2021:06:23:11 +0800] "GET /xingrg/all/function/internal_message.html?_=1622154233042&CODE_STATE=getMsg HTTP/1.1" 200 27
117.184.7.26 - - [28/May/2021:06:23:20 +0800] "GET /xingrg/all/function/internal_message.html?_=1622154193257&CODE_STATE=getMsg HTTP/1.1" 302 -
