116.235.222.38 - - [27/May/2021:09:26:53 +0800] "GET /xingrg/all/function/internal_message.html?_=1622078808725&CODE_STATE=getMsg HTTP/1.1" 200 27
116.230.110.80 - - [27/May/2021:09:26:53 +0800] "GET /xingrg/all/function/internal_message.html?_=1622078811179&CODE_STATE=getMsg HTTP/1.1" 200 27
116.230.114.112 - - [27/May/2021:09:27:00 +0800] "GET /xingrg/all/function/internal_message.html?_=1622078829242&CODE_STATE=getMsg HTTP/1.1" 200 27
180.169.147.146 - - [27/May/2021:09:27:02 +0800] "GET /xingrg/all/function/internal_message.html?_=1622078807379&CODE_STATE=getMsg HTTP/1.1" 200 27
116.224.253.72 - - [27/May/2021:09:27:12 +0800] "GET /xingrg/all/function/internal_message.html?_=1622078836492&CODE_STATE=getMsg HTTP/1.1" 200 27
116.224.253.72 - - [27/May/2021:09:27:13 +0800] "GET /xingrg/all/function/internal_message.html?_=1622078831943&CODE_STATE=getMsg HTTP/1.1" 200 27
180.161.111.4 - - [27/May/2021:09:27:16 +0800] "GET /xingrg/all/function/internal_message.html?_=1622078831378&CODE_STATE=getMsg HTTP/1.1" 200 27
117.184.7.30 - - [27/May/2021:09:27:17 +0800] "GET /xingrg/all/function/internal_message.html?_=1622078831905&CODE_STATE=getMsg HTTP/1.1" 302 -
117.184.7.30 - - [27/May/2021:09:27:17 +0800] "GET /xingrg/login.html HTTP/1.1" 200 7641
180.169.147.146 - - [27/May/2021:09:27:23 +0800] "GET /xingrg/all/function/internal_message.html?_=1622078843832&CODE_STATE=getMsg HTTP/1.1" 200 27
116.232.51.206 - - [27/May/2021:09:27:26 +0800] "GET /xingrg/all/function/internal_message.html?_=1622078844419&CODE_STATE=getMsg HTTP/1.1" 200 27
222.69.128.123 - - [27/May/2021:09:27:40 +0800] "GET /xingrg/check_reg.html?_=1622078858692 HTTP/1.1" 200 22
222.69.128.123 - - [27/May/2021:09:27:40 +0800] "GET /xingrg/all/function/internal_message.html?_=1622078858694&CODE_STATE=getMsg HTTP/1.1" 200 27
58.37.225.51 - - [27/May/2021:09:27:41 +0800] "GET /xingrg/check_reg.html?_=1622078809306 HTTP/1.1" 200 22
116.224.253.72 - - [27/May/2021:09:27:41 +0800] "GET /xingrg/kc/base/wldb_order_operate.html?command=get_materiel&rest_code=00150&base_code=0010446&code=00102021018 HTTP/1.1" 200 446
120.253.135.82 - - [27/May/2021:09:27:45 +0800] "GET /xingrg/all/function/internal_message.html?_=1622078907770&CODE_STATE=getMsg HTTP/1.1" 200 27
116.230.114.112 - - [27/May/2021:09:27:51 +0800] "GET /xingrg/all/function/internal_message.html?_=1622078883307&CODE_STATE=getMsg HTTP/1.1" 200 27
61.165.42.208 - - [27/May/2021:09:27:52 +0800] "GET /xingrg/all/function/internal_message.html?_=1622078851561&CODE_STATE=getMsg HTTP/1.1" 200 27
116.235.222.38 - - [27/May/2021:09:27:53 +0800] "GET /xingrg/all/function/internal_message.html?_=1622078868710&CODE_STATE=getMsg HTTP/1.1" 200 27
116.230.110.80 - - [27/May/2021:09:27:53 +0800] "GET /xingrg/all/function/internal_message.html?_=1622078871195&CODE_STATE=getMsg HTTP/1.1" 200 27
116.230.114.112 - - [27/May/2021:09:28:00 +0800] "GET /xingrg/all/function/internal_message.html?_=1622078889275&CODE_STATE=getMsg HTTP/1.1" 200 27
116.224.253.72 - - [27/May/2021:09:28:01 +0800] "GET /xingrg/kc/base/wldb_order_operate.html?command=get_materiel&rest_code=00150&base_code=0010446&code=00102002603 HTTP/1.1" 200 417
180.169.147.146 - - [27/May/2021:09:28:02 +0800] "GET /xingrg/all/function/internal_message.html?_=1622078867394&CODE_STATE=getMsg HTTP/1.1" 200 27
116.224.253.72 - - [27/May/2021:09:28:12 +0800] "GET /xingrg/check_reg.html?_=1622078896162 HTTP/1.1" 200 22
116.224.253.72 - - [27/May/2021:09:28:12 +0800] "GET /xingrg/all/function/internal_message.html?_=1622078896504&CODE_STATE=getMsg HTTP/1.1" 200 27
116.224.253.72 - - [27/May/2021:09:28:13 +0800] "GET /xingrg/all/function/internal_message.html?_=1622078891946&CODE_STATE=getMsg HTTP/1.1" 200 27
180.161.111.4 - - [27/May/2021:09:28:16 +0800] "GET /xingrg/check_reg.html?_=1622078891394 HTTP/1.1" 200 22
180.161.111.4 - - [27/May/2021:09:28:16 +0800] "GET /xingrg/all/function/internal_message.html?_=1622078891393&CODE_STATE=getMsg HTTP/1.1" 200 27
117.184.7.30 - - [27/May/2021:09:28:17 +0800] "GET /xingrg/all/function/internal_message.html?_=1622078891906&CODE_STATE=getMsg HTTP/1.1" 302 -
117.184.7.30 - - [27/May/2021:09:28:17 +0800] "GET /xingrg/login.html HTTP/1.1" 200 7641
180.169.147.146 - - [27/May/2021:09:28:23 +0800] "GET /xingrg/check_reg.html?_=1622078903821 HTTP/1.1" 200 22
180.169.147.146 - - [27/May/2021:09:28:23 +0800] "GET /xingrg/all/function/internal_message.html?_=1622078903825&CODE_STATE=getMsg HTTP/1.1" 200 27
116.232.51.206 - - [27/May/2021:09:28:26 +0800] "GET /xingrg/all/function/internal_message.html?_=1622078904421&CODE_STATE=getMsg HTTP/1.1" 200 27
180.169.147.146 - - [27/May/2021:09:28:29 +0800] "POST /xingrg/kc/buy/cgsh_list_operate.html HTTP/1.1" 200 3029
116.224.253.72 - - [27/May/2021:09:28:38 +0800] "POST /xingrg/kc/base/wldb_order_operate.html HTTP/1.1" 200 37
116.224.253.72 - - [27/May/2021:09:28:39 +0800] "POST /xingrg/kc/base/wldb_order_operate.html HTTP/1.1" 200 12
116.224.253.72 - - [27/May/2021:09:28:39 +0800] "POST /xingrg/kc/base/wldb_order_operate.html HTTP/1.1" 200 3161
222.69.128.123 - - [27/May/2021:09:28:40 +0800] "GET /xingrg/all/function/internal_message.html?_=1622078918698&CODE_STATE=getMsg HTTP/1.1" 200 27
120.253.135.82 - - [27/May/2021:09:28:45 +0800] "GET /xingrg/all/function/internal_message.html?_=1622078967799&CODE_STATE=getMsg HTTP/1.1" 200 27
116.224.253.72 - - [27/May/2021:09:28:45 +0800] "GET /xingrg/kc/base/wldb_order_info.html?code=422021052702973 HTTP/1.1" 200 26072
120.253.135.82 - - [27/May/2021:09:28:45 +0800] "GET /xingrg/check_reg.html?_=1622078968454 HTTP/1.1" 200 22
116.224.253.72 - - [27/May/2021:09:28:46 +0800] "GET /xingrg/javascript/easyui/themes/default/validatebox.css HTTP/1.1" 404 1104
116.224.253.72 - - [27/May/2021:09:28:46 +0800] "POST /xingrg/kc/base/wldb_order_operate.html HTTP/1.1" 200 1431
116.224.253.72 - - [27/May/2021:09:28:49 +0800] "GET /xingrg/kc/buy/cgsh_order_list.html HTTP/1.1" 200 46363
116.230.114.112 - - [27/May/2021:09:28:52 +0800] "GET /xingrg/all/function/internal_message.html?_=1622078943457&CODE_STATE=getMsg HTTP/1.1" 200 27
116.224.253.72 - - [27/May/2021:09:28:52 +0800] "POST /xingrg/kc/buy/cgsh_list_operate.html HTTP/1.1" 200 2417
61.165.42.208 - - [27/May/2021:09:28:52 +0800] "GET /xingrg/all/function/internal_message.html?_=1622078911561&CODE_STATE=getMsg HTTP/1.1" 200 27
116.235.222.38 - - [27/May/2021:09:28:53 +0800] "GET /xingrg/all/function/internal_message.html?_=1622078928743&CODE_STATE=getMsg HTTP/1.1" 200 27
116.230.110.80 - - [27/May/2021:09:28:53 +0800] "GET /xingrg/all/function/internal_message.html?_=1622078931187&CODE_STATE=getMsg HTTP/1.1" 200 27
116.230.114.112 - - [27/May/2021:09:29:00 +0800] "GET /xingrg/all/function/internal_message.html?_=1622078949285&CODE_STATE=getMsg HTTP/1.1" 200 27
180.169.147.146 - - [27/May/2021:09:29:02 +0800] "GET /xingrg/all/function/internal_message.html?_=1622078927392&CODE_STATE=getMsg HTTP/1.1" 200 27
116.224.253.72 - - [27/May/2021:09:29:09 +0800] "POST /xingrg/kc/buy/cgsh_list_operate.html HTTP/1.1" 200 577
116.224.253.72 - - [27/May/2021:09:29:10 +0800] "GET /xingrg/kc/buy/cgsh_order_info.html?code=212021052711998 HTTP/1.1" 200 62028
116.224.253.72 - - [27/May/2021:09:29:10 +0800] "GET /xingrg/javascript/easyui/themes/default/validatebox.css HTTP/1.1" 404 1104
116.224.253.72 - - [27/May/2021:09:29:11 +0800] "POST /xingrg/kc/buy/cgsh_order_operate.html HTTP/1.1" 200 5621
116.224.253.72 - - [27/May/2021:09:29:12 +0800] "GET /xingrg/all/function/internal_message.html?_=1622078956518&CODE_STATE=getMsg HTTP/1.1" 200 27
116.224.253.72 - - [27/May/2021:09:29:13 +0800] "GET /xingrg/all/function/internal_message.html?_=1622078951952&CODE_STATE=getMsg HTTP/1.1" 200 27
180.161.111.4 - - [27/May/2021:09:29:16 +0800] "GET /xingrg/all/function/internal_message.html?_=1622078951391&CODE_STATE=getMsg HTTP/1.1" 200 27
117.184.7.30 - - [27/May/2021:09:29:17 +0800] "GET /xingrg/all/function/internal_message.html?_=1622078951908&CODE_STATE=getMsg HTTP/1.1" 302 -
117.184.7.30 - - [27/May/2021:09:29:17 +0800] "GET /xingrg/login.html HTTP/1.1" 200 7641
180.169.147.146 - - [27/May/2021:09:29:23 +0800] "GET /xingrg/all/function/internal_message.html?_=1622078963838&CODE_STATE=getMsg HTTP/1.1" 200 27
116.224.253.72 - - [27/May/2021:09:29:25 +0800] "POST /xingrg/kc/buy/cgsh_order_operate.html HTTP/1.1" 200 37
116.232.51.206 - - [27/May/2021:09:29:26 +0800] "GET /xingrg/all/function/internal_message.html?_=1622078964425&CODE_STATE=getMsg HTTP/1.1" 200 27
116.232.51.206 - - [27/May/2021:09:29:26 +0800] "GET /xingrg/check_reg.html?_=1622078964426 HTTP/1.1" 200 22
116.224.253.72 - - [27/May/2021:09:29:28 +0800] "POST /xingrg/kc/buy/cgsh_order_operate.html HTTP/1.1" 200 12
116.224.253.72 - - [27/May/2021:09:29:29 +0800] "GET /xingrg/kc/buy/cgsh_order_info.html?code=212021052711998 HTTP/1.1" 200 56921
116.224.253.72 - - [27/May/2021:09:29:29 +0800] "GET /xingrg/javascript/easyui/themes/default/validatebox.css HTTP/1.1" 404 1104
116.224.253.72 - - [27/May/2021:09:29:30 +0800] "POST /xingrg/kc/buy/cgsh_order_operate.html HTTP/1.1" 200 3569
116.232.51.206 - - [27/May/2021:09:29:30 +0800] "GET /xingrg/kc/buy/cgsh_order_add.html HTTP/1.1" 200 62136
116.232.51.206 - - [27/May/2021:09:29:30 +0800] "POST /xingrg/kc/buy/cgsh_order_operate.html HTTP/1.1" 200 8245
116.232.51.206 - - [27/May/2021:09:29:30 +0800] "GET /xingrg/all/common/auto_word.html?type=employee&rest_code=00109 HTTP/1.1" 200 155
116.232.51.206 - - [27/May/2021:09:29:30 +0800] "GET /xingrg/javascript/easyui/themes/default/validatebox.css HTTP/1.1" 404 1104
116.232.51.206 - - [27/May/2021:09:29:30 +0800] "GET /xingrg/all/common/auto_word.html?type=employee&rest_code=00109 HTTP/1.1" 200 155
116.224.253.72 - - [27/May/2021:09:29:31 +0800] "GET /xingrg/kc/print/load_data.html?order_code=212021052711998&kc_code=cgsh&condition= HTTP/1.1" 200 1836
116.232.51.206 - - [27/May/2021:09:29:33 +0800] "GET /xingrg/javascript/jquery_tools/images/prev.gif HTTP/1.1" 404 1086
116.232.51.206 - - [27/May/2021:09:29:33 +0800] "GET /xingrg/javascript/jquery_tools/images/next.gif HTTP/1.1" 404 1086
222.69.128.123 - - [27/May/2021:09:29:40 +0800] "GET /xingrg/all/function/internal_message.html?_=1622078978715&CODE_STATE=getMsg HTTP/1.1" 200 27
120.253.135.82 - - [27/May/2021:09:29:45 +0800] "GET /xingrg/all/function/internal_message.html?_=1622079027812&CODE_STATE=getMsg HTTP/1.1" 200 27
116.230.114.112 - - [27/May/2021:09:29:52 +0800] "GET /xingrg/all/function/internal_message.html?_=1622079003459&CODE_STATE=getMsg HTTP/1.1" 200 27
116.224.253.72 - - [27/May/2021:09:29:52 +0800] "POST /xingrg/kc/buy/cgsh_list_operate.html HTTP/1.1" 200 559
61.165.42.208 - - [27/May/2021:09:29:52 +0800] "GET /xingrg/all/function/internal_message.html?_=1622078971561&CODE_STATE=getMsg HTTP/1.1" 200 27
116.235.222.38 - - [27/May/2021:09:29:53 +0800] "GET /xingrg/check_reg.html?_=1622078988733 HTTP/1.1" 200 22
116.235.222.38 - - [27/May/2021:09:29:53 +0800] "GET /xingrg/all/function/internal_message.html?_=1622078988736&CODE_STATE=getMsg HTTP/1.1" 200 27
116.230.110.80 - - [27/May/2021:09:29:53 +0800] "GET /xingrg/check_reg.html?_=1622078991176 HTTP/1.1" 200 22
116.230.110.80 - - [27/May/2021:09:29:53 +0800] "GET /xingrg/all/function/internal_message.html?_=1622078991179&CODE_STATE=getMsg HTTP/1.1" 200 27
116.224.253.72 - - [27/May/2021:09:29:54 +0800] "GET /xingrg/kc/buy/cgsh_order_info.html?code=212021052711994 HTTP/1.1" 200 62028
116.224.253.72 - - [27/May/2021:09:29:54 +0800] "GET /xingrg/javascript/easyui/themes/default/validatebox.css HTTP/1.1" 404 1104
116.224.253.72 - - [27/May/2021:09:29:55 +0800] "POST /xingrg/kc/buy/cgsh_order_operate.html HTTP/1.1" 200 34567
116.230.114.112 - - [27/May/2021:09:30:00 +0800] "GET /xingrg/all/function/internal_message.html?_=1622079009318&CODE_STATE=getMsg HTTP/1.1" 200 27
180.169.147.146 - - [27/May/2021:09:30:02 +0800] "GET /xingrg/all/function/internal_message.html?_=1622078987390&CODE_STATE=getMsg HTTP/1.1" 200 27
180.169.147.146 - - [27/May/2021:09:30:08 +0800] "POST /xingrg/kc/buy/cgsh_list_operate.html HTTP/1.1" 200 5365
116.224.253.72 - - [27/May/2021:09:30:12 +0800] "GET /xingrg/all/function/internal_message.html?_=1622079016532&CODE_STATE=getMsg HTTP/1.1" 200 27
116.224.253.72 - - [27/May/2021:09:30:13 +0800] "GET /xingrg/all/function/internal_message.html?_=1622079011967&CODE_STATE=getMsg HTTP/1.1" 200 27
116.224.253.72 - - [27/May/2021:09:30:13 +0800] "GET /xingrg/check_reg.html?_=1622079011968 HTTP/1.1" 200 22
180.161.111.4 - - [27/May/2021:09:30:16 +0800] "GET /xingrg/all/function/internal_message.html?_=1622079011390&CODE_STATE=getMsg HTTP/1.1" 200 27
117.184.7.30 - - [27/May/2021:09:30:17 +0800] "GET /xingrg/all/function/internal_message.html?_=1622079011910&CODE_STATE=getMsg HTTP/1.1" 302 -
117.184.7.30 - - [27/May/2021:09:30:17 +0800] "GET /xingrg/login.html HTTP/1.1" 200 7641
116.232.51.206 - - [27/May/2021:09:30:23 +0800] "GET /xingrg/kc/buy/cgsh_order_operate.html?command=get_materiel&rest_code=00109&code=00101001032&supplier_code=00100454&order_time=2021-05-27 HTTP/1.1" 200 413
180.169.147.146 - - [27/May/2021:09:30:23 +0800] "GET /xingrg/all/function/internal_message.html?_=1622079023826&CODE_STATE=getMsg HTTP/1.1" 200 27
116.232.51.206 - - [27/May/2021:09:30:26 +0800] "GET /xingrg/all/function/internal_message.html?_=1622079024427&CODE_STATE=getMsg HTTP/1.1" 200 27
222.69.128.123 - - [27/May/2021:09:30:40 +0800] "GET /xingrg/all/function/internal_message.html?_=1622079038717&CODE_STATE=getMsg HTTP/1.1" 200 27
120.253.135.82 - - [27/May/2021:09:30:45 +0800] "GET /xingrg/all/function/internal_message.html?_=1622079087826&CODE_STATE=getMsg HTTP/1.1" 200 27
180.169.147.146 - - [27/May/2021:09:30:51 +0800] "POST /xingrg/kc/buy/cgsh_list_operate.html HTTP/1.1" 200 5172
116.230.114.112 - - [27/May/2021:09:30:52 +0800] "GET /xingrg/all/function/internal_message.html?_=1622079063615&CODE_STATE=getMsg HTTP/1.1" 200 27
61.165.42.208 - - [27/May/2021:09:30:52 +0800] "GET /xingrg/all/function/internal_message.html?_=1622079031561&CODE_STATE=getMsg HTTP/1.1" 200 27
116.235.222.38 - - [27/May/2021:09:30:53 +0800] "GET /xingrg/all/function/internal_message.html?_=1622079048736&CODE_STATE=getMsg HTTP/1.1" 200 27
116.230.114.112 - - [27/May/2021:09:30:53 +0800] "GET /xingrg/check_reg.html?_=1622079062626 HTTP/1.1" 200 22
116.230.110.80 - - [27/May/2021:09:30:53 +0800] "GET /xingrg/all/function/internal_message.html?_=1622079051187&CODE_STATE=getMsg HTTP/1.1" 200 27
116.230.114.112 - - [27/May/2021:09:31:00 +0800] "GET /xingrg/all/function/internal_message.html?_=1622079069328&CODE_STATE=getMsg HTTP/1.1" 200 27
180.169.147.146 - - [27/May/2021:09:31:02 +0800] "GET /xingrg/check_reg.html?_=1622079047394 HTTP/1.1" 200 22
180.169.147.146 - - [27/May/2021:09:31:02 +0800] "GET /xingrg/all/function/internal_message.html?_=1622079047395&CODE_STATE=getMsg HTTP/1.1" 200 27
116.224.253.72 - - [27/May/2021:09:31:12 +0800] "GET /xingrg/all/function/internal_message.html?_=1622079076589&CODE_STATE=getMsg HTTP/1.1" 200 27
116.224.253.72 - - [27/May/2021:09:31:13 +0800] "GET /xingrg/all/function/internal_message.html?_=1622079071958&CODE_STATE=getMsg HTTP/1.1" 200 27
180.161.111.4 - - [27/May/2021:09:31:16 +0800] "GET /xingrg/all/function/internal_message.html?_=1622079071389&CODE_STATE=getMsg HTTP/1.1" 200 27
117.184.7.30 - - [27/May/2021:09:31:17 +0800] "GET /xingrg/all/function/internal_message.html?_=1622079071910&CODE_STATE=getMsg HTTP/1.1" 302 -
117.184.7.30 - - [27/May/2021:09:31:17 +0800] "GET /xingrg/check_reg.html?_=1622079071911 HTTP/1.1" 302 -
117.184.7.30 - - [27/May/2021:09:31:17 +0800] "GET /xingrg/login.html HTTP/1.1" 200 7641
117.184.7.30 - - [27/May/2021:09:31:17 +0800] "GET /xingrg/login.html HTTP/1.1" 200 7641
116.230.114.112 - - [27/May/2021:09:31:18 +0800] "GET /xingrg/check_reg.html?_=1622079089810 HTTP/1.1" 200 22
180.169.147.146 - - [27/May/2021:09:31:23 +0800] "GET /xingrg/all/function/internal_message.html?_=1622079083835&CODE_STATE=getMsg HTTP/1.1" 200 27
116.232.51.206 - - [27/May/2021:09:31:26 +0800] "GET /xingrg/all/function/internal_message.html?_=1622079084431&CODE_STATE=getMsg HTTP/1.1" 200 27
180.169.147.146 - - [27/May/2021:09:31:27 +0800] "POST /xingrg/kc/buy/cgsh_list_operate.html HTTP/1.1" 200 5365
116.232.51.206 - - [27/May/2021:09:31:34 +0800] "GET /xingrg/kc/buy/cgsh_order_operate.html?command=get_materiel&rest_code=00109&code=00101001160&supplier_code=00100454&order_time=2021-05-27 HTTP/1.1" 200 410
222.69.128.123 - - [27/May/2021:09:31:40 +0800] "GET /xingrg/all/function/internal_message.html?_=1622079098714&CODE_STATE=getMsg HTTP/1.1" 200 27
120.253.135.82 - - [27/May/2021:09:31:45 +0800] "GET /xingrg/all/function/internal_message.html?_=1622079147855&CODE_STATE=getMsg HTTP/1.1" 200 27
116.230.114.112 - - [27/May/2021:09:31:52 +0800] "GET /xingrg/all/function/internal_message.html?_=1622079123626&CODE_STATE=getMsg HTTP/1.1" 200 27
61.165.42.208 - - [27/May/2021:09:31:52 +0800] "GET /xingrg/check_reg.html?_=1622079091561 HTTP/1.1" 200 22
61.165.42.208 - - [27/May/2021:09:31:52 +0800] "GET /xingrg/all/function/internal_message.html?_=1622079091565&CODE_STATE=getMsg HTTP/1.1" 200 27
116.235.222.38 - - [27/May/2021:09:31:53 +0800] "GET /xingrg/all/function/internal_message.html?_=1622079108739&CODE_STATE=getMsg HTTP/1.1" 200 27
116.230.110.80 - - [27/May/2021:09:31:53 +0800] "GET /xingrg/all/function/internal_message.html?_=1622079111188&CODE_STATE=getMsg HTTP/1.1" 200 27
116.230.114.112 - - [27/May/2021:09:32:00 +0800] "GET /xingrg/all/function/internal_message.html?_=1622079129341&CODE_STATE=getMsg HTTP/1.1" 200 27
180.169.147.146 - - [27/May/2021:09:32:02 +0800] "GET /xingrg/all/function/internal_message.html?_=1622079107394&CODE_STATE=getMsg HTTP/1.1" 200 27
116.224.253.72 - - [27/May/2021:09:32:11 +0800] "GET /xingrg/kc/buy/cgsh_order_operate.html?command=get_materiel&rest_code=00150&code=00101008259&supplier_code=00100007&order_time=2021-05-27 HTTP/1.1" 200 408
116.224.253.72 - - [27/May/2021:09:32:12 +0800] "GET /xingrg/all/function/internal_message.html?_=1622079136591&CODE_STATE=getMsg HTTP/1.1" 200 27
116.224.253.72 - - [27/May/2021:09:32:13 +0800] "GET /xingrg/all/function/internal_message.html?_=1622079131971&CODE_STATE=getMsg HTTP/1.1" 200 27
180.161.111.4 - - [27/May/2021:09:32:16 +0800] "GET /xingrg/all/function/internal_message.html?_=1622079131390&CODE_STATE=getMsg HTTP/1.1" 200 27
117.184.7.30 - - [27/May/2021:09:32:17 +0800] "GET /xingrg/all/function/internal_message.html?_=1622079131912&CODE_STATE=getMsg HTTP/1.1" 302 -
117.184.7.30 - - [27/May/2021:09:32:17 +0800] "GET /xingrg/login.html HTTP/1.1" 200 7641
180.169.147.146 - - [27/May/2021:09:32:23 +0800] "GET /xingrg/all/function/internal_message.html?_=1622079143838&CODE_STATE=getMsg HTTP/1.1" 200 27
116.232.51.206 - - [27/May/2021:09:32:26 +0800] "GET /xingrg/all/function/internal_message.html?_=1622079144430&CODE_STATE=getMsg HTTP/1.1" 200 27
222.69.128.123 - - [27/May/2021:09:32:40 +0800] "GET /xingrg/check_reg.html?_=1622079158720 HTTP/1.1" 200 22
222.69.128.123 - - [27/May/2021:09:32:40 +0800] "GET /xingrg/all/function/internal_message.html?_=1622079158725&CODE_STATE=getMsg HTTP/1.1" 200 27
58.37.225.51 - - [27/May/2021:09:32:41 +0800] "GET /xingrg/check_reg.html?_=1622079109274 HTTP/1.1" 200 22
120.253.135.82 - - [27/May/2021:09:32:45 +0800] "GET /xingrg/all/function/internal_message.html?_=1622079207869&CODE_STATE=getMsg HTTP/1.1" 200 27
116.230.114.112 - - [27/May/2021:09:32:52 +0800] "GET /xingrg/all/function/internal_message.html?_=1622079183640&CODE_STATE=getMsg HTTP/1.1" 200 27
61.165.42.208 - - [27/May/2021:09:32:52 +0800] "GET /xingrg/all/function/internal_message.html?_=1622079151576&CODE_STATE=getMsg HTTP/1.1" 200 27
116.235.222.38 - - [27/May/2021:09:32:53 +0800] "GET /xingrg/all/function/internal_message.html?_=1622079168739&CODE_STATE=getMsg HTTP/1.1" 200 27
116.230.110.80 - - [27/May/2021:09:32:53 +0800] "GET /xingrg/all/function/internal_message.html?_=1622079171182&CODE_STATE=getMsg HTTP/1.1" 200 27
116.230.114.112 - - [27/May/2021:09:33:00 +0800] "GET /xingrg/all/function/internal_message.html?_=1622079189374&CODE_STATE=getMsg HTTP/1.1" 200 27
180.169.147.146 - - [27/May/2021:09:33:02 +0800] "GET /xingrg/all/function/internal_message.html?_=1622079167417&CODE_STATE=getMsg HTTP/1.1" 200 27
116.224.253.72 - - [27/May/2021:09:33:12 +0800] "GET /xingrg/check_reg.html?_=1622079196223 HTTP/1.1" 200 22
116.224.253.72 - - [27/May/2021:09:33:12 +0800] "GET /xingrg/all/function/internal_message.html?_=1622079196603&CODE_STATE=getMsg HTTP/1.1" 200 27
116.224.253.72 - - [27/May/2021:09:33:13 +0800] "GET /xingrg/all/function/internal_message.html?_=1622079191973&CODE_STATE=getMsg HTTP/1.1" 200 27
116.232.51.206 - - [27/May/2021:09:33:15 +0800] "GET /xingrg/kc/buy/cgsh_order_operate.html?command=get_materiel&rest_code=00109&code=00101001111&supplier_code=00100454&order_time=2021-05-27 HTTP/1.1" 200 411
116.230.117.165 - - [27/May/2021:09:33:15 +0800] "GET /favicon.ico HTTP/1.1" 404 -
117.184.7.30 - - [27/May/2021:09:33:17 +0800] "GET /xingrg/all/function/internal_message.html?_=1622079191912&CODE_STATE=getMsg HTTP/1.1" 302 -
117.184.7.30 - - [27/May/2021:09:33:17 +0800] "GET /xingrg/login.html HTTP/1.1" 200 7641
180.169.147.146 - - [27/May/2021:09:33:23 +0800] "GET /xingrg/check_reg.html?_=1622079203838 HTTP/1.1" 200 22
180.169.147.146 - - [27/May/2021:09:33:23 +0800] "GET /xingrg/all/function/internal_message.html?_=1622079203840&CODE_STATE=getMsg HTTP/1.1" 200 27
180.161.111.4 - - [27/May/2021:09:33:25 +0800] "GET /xingrg/check_reg.html?_=1622079191389 HTTP/1.1" 200 22
180.161.111.4 - - [27/May/2021:09:33:25 +0800] "GET /xingrg/all/function/internal_message.html?_=1622079191388&CODE_STATE=getMsg HTTP/1.1" 200 27
116.232.51.206 - - [27/May/2021:09:33:26 +0800] "GET /xingrg/all/function/internal_message.html?_=1622079204432&CODE_STATE=getMsg HTTP/1.1" 200 27
116.232.51.206 - - [27/May/2021:09:33:26 +0800] "GET /xingrg/kc/buy/cgsh_order_operate.html?command=get_materiel&rest_code=00109&code=00101008606&supplier_code=00100454&order_time=2021-05-27 HTTP/1.1" 200 391
222.69.128.123 - - [27/May/2021:09:33:40 +0800] "GET /xingrg/all/function/internal_message.html?_=1622079218725&CODE_STATE=getMsg HTTP/1.1" 200 27
116.232.51.206 - - [27/May/2021:09:33:43 +0800] "GET /xingrg/kc/buy/cgsh_order_operate.html?command=get_materiel&rest_code=00109&code=00101005037&supplier_code=00100454&order_time=2021-05-27 HTTP/1.1" 200 411
120.253.135.82 - - [27/May/2021:09:33:45 +0800] "GET /xingrg/all/function/internal_message.html?_=1622079267898&CODE_STATE=getMsg HTTP/1.1" 200 27
120.253.135.82 - - [27/May/2021:09:33:45 +0800] "GET /xingrg/check_reg.html?_=1622079268465 HTTP/1.1" 200 22
116.230.114.112 - - [27/May/2021:09:33:52 +0800] "GET /xingrg/all/function/internal_message.html?_=1622079243786&CODE_STATE=getMsg HTTP/1.1" 200 27
61.165.42.208 - - [27/May/2021:09:33:52 +0800] "GET /xingrg/all/function/internal_message.html?_=1622079211576&CODE_STATE=getMsg HTTP/1.1" 200 27
116.235.222.38 - - [27/May/2021:09:33:53 +0800] "GET /xingrg/all/function/internal_message.html?_=1622079228766&CODE_STATE=getMsg HTTP/1.1" 200 27
116.230.110.80 - - [27/May/2021:09:33:53 +0800] "GET /xingrg/all/function/internal_message.html?_=1622079231186&CODE_STATE=getMsg HTTP/1.1" 200 27
116.230.114.112 - - [27/May/2021:09:34:00 +0800] "GET /xingrg/all/function/internal_message.html?_=1622079249384&CODE_STATE=getMsg HTTP/1.1" 200 27
180.169.147.146 - - [27/May/2021:09:34:02 +0800] "GET /xingrg/all/function/internal_message.html?_=1622079227414&CODE_STATE=getMsg HTTP/1.1" 200 27
116.224.253.72 - - [27/May/2021:09:34:12 +0800] "GET /xingrg/all/function/internal_message.html?_=1622079256617&CODE_STATE=getMsg HTTP/1.1" 200 27
116.224.253.72 - - [27/May/2021:09:34:13 +0800] "GET /xingrg/all/function/internal_message.html?_=1622079251970&CODE_STATE=getMsg HTTP/1.1" 200 27
116.232.51.206 - - [27/May/2021:09:34:14 +0800] "GET /xingrg/kc/buy/cgsh_order_operate.html?command=get_materiel&rest_code=00109&code=00101001160&supplier_code=00100454&order_time=2021-05-27 HTTP/1.1" 200 410
180.161.111.4 - - [27/May/2021:09:34:16 +0800] "GET /xingrg/all/function/internal_message.html?_=1622079251387&CODE_STATE=getMsg HTTP/1.1" 200 27
117.184.7.30 - - [27/May/2021:09:34:17 +0800] "GET /xingrg/all/function/internal_message.html?_=1622079251913&CODE_STATE=getMsg HTTP/1.1" 302 -
117.184.7.30 - - [27/May/2021:09:34:17 +0800] "GET /xingrg/login.html HTTP/1.1" 200 7641
116.230.114.112 - - [27/May/2021:09:34:21 +0800] "GET /xingrg/kc/buy/cgsh_order_operate.html?command=get_materiel&rest_code=00146&code=00101008286&supplier_code=00100005&order_time=2021-05-27 HTTP/1.1" 200 408
180.169.147.146 - - [27/May/2021:09:34:23 +0800] "GET /xingrg/all/function/internal_message.html?_=1622079263839&CODE_STATE=getMsg HTTP/1.1" 200 27
116.232.51.206 - - [27/May/2021:09:34:26 +0800] "GET /xingrg/all/function/internal_message.html?_=1622079264434&CODE_STATE=getMsg HTTP/1.1" 200 27
116.232.51.206 - - [27/May/2021:09:34:26 +0800] "GET /xingrg/check_reg.html?_=1622079264436 HTTP/1.1" 200 22
116.230.114.112 - - [27/May/2021:09:34:30 +0800] "POST /xingrg/kc/buy/cgsh_order_operate.html HTTP/1.1" 200 2065
116.232.51.206 - - [27/May/2021:09:34:34 +0800] "POST /xingrg/kc/buy/cgsh_order_operate.html HTTP/1.1" 200 37
116.232.51.206 - - [27/May/2021:09:34:39 +0800] "POST /xingrg/kc/buy/cgsh_order_operate.html HTTP/1.1" 200 5018
222.69.128.123 - - [27/May/2021:09:34:40 +0800] "GET /xingrg/all/function/internal_message.html?_=1622079278728&CODE_STATE=getMsg HTTP/1.1" 200 27
116.232.51.206 - - [27/May/2021:09:34:41 +0800] "GET /xingrg/kc/print/load_config.html?kc_code=cgsh HTTP/1.1" 200 1845
116.232.51.206 - - [27/May/2021:09:34:41 +0800] "GET /xingrg/kc/print/load_data.html?order_code=212021052712011&kc_code=cgsh&condition= HTTP/1.1" 200 1543
120.253.135.82 - - [27/May/2021:09:34:45 +0800] "GET /xingrg/all/function/internal_message.html?_=1622079327914&CODE_STATE=getMsg HTTP/1.1" 200 27
116.230.114.112 - - [27/May/2021:09:34:52 +0800] "GET /xingrg/all/function/internal_message.html?_=1622079303792&CODE_STATE=getMsg HTTP/1.1" 200 27
61.165.42.208 - - [27/May/2021:09:34:52 +0800] "GET /xingrg/all/function/internal_message.html?_=1622079271577&CODE_STATE=getMsg HTTP/1.1" 200 27
116.235.222.38 - - [27/May/2021:09:34:53 +0800] "GET /xingrg/check_reg.html?_=1622079288773 HTTP/1.1" 200 22
116.235.222.38 - - [27/May/2021:09:34:53 +0800] "GET /xingrg/all/function/internal_message.html?_=1622079288781&CODE_STATE=getMsg HTTP/1.1" 200 27
116.230.110.80 - - [27/May/2021:09:34:53 +0800] "GET /xingrg/check_reg.html?_=1622079291172 HTTP/1.1" 200 22
116.230.110.80 - - [27/May/2021:09:34:53 +0800] "GET /xingrg/all/function/internal_message.html?_=1622079291174&CODE_STATE=getMsg HTTP/1.1" 200 27
116.230.114.112 - - [27/May/2021:09:35:00 +0800] "GET /xingrg/all/function/internal_message.html?_=1622079309417&CODE_STATE=getMsg HTTP/1.1" 200 27
180.169.147.146 - - [27/May/2021:09:35:02 +0800] "GET /xingrg/all/function/internal_message.html?_=1622079287412&CODE_STATE=getMsg HTTP/1.1" 200 27
180.169.147.146 - - [27/May/2021:09:35:02 +0800] "POST /xingrg/all/user/operate.html HTTP/1.1" 200 36
180.169.147.146 - - [27/May/2021:09:35:03 +0800] "GET /xingrg/index.html?sysBaseUrl=http%3A%2F%2F180.169.147.146%3A18081%2Fxingrg%2F&costTime=126×tamp=1622077748141 HTTP/1.1" 200 17509
180.169.147.146 - - [27/May/2021:09:35:03 +0800] "GET /xingrg/javascript/jquery_easy_ui/themes/default/easyui.css HTTP/1.1" 304 -
180.169.147.146 - - [27/May/2021:09:35:03 +0800] "GET /xingrg/javascript/jquery_easy_ui/themes/icon.css HTTP/1.1" 304 -
180.169.147.146 - - [27/May/2021:09:35:03 +0800] "GET /xingrg/css/form.css HTTP/1.1" 304 -
180.169.147.146 - - [27/May/2021:09:35:03 +0800] "GET /xingrg/javascript/jquery-1.4.2.min.js HTTP/1.1" 304 -
180.169.147.146 - - [27/May/2021:09:35:03 +0800] "GET /xingrg/javascript/jquery_easy_ui/jquery.easyui.min.js HTTP/1.1" 304 -
180.169.147.146 - - [27/May/2021:09:35:03 +0800] "GET /xingrg/javascript/jquery_easy_ui/easyui-lang-zh_CN.js HTTP/1.1" 304 -
180.169.147.146 - - [27/May/2021:09:35:03 +0800] "GET /xingrg/javascript/jquery.form.js HTTP/1.1" 304 -
180.169.147.146 - - [27/May/2021:09:35:03 +0800] "GET /xingrg/javascript/jquery.utils.js HTTP/1.1" 304 -
180.169.147.146 - - [27/May/2021:09:35:03 +0800] "GET /xingrg/javascript/jquery.timers.js HTTP/1.1" 304 -
180.169.147.146 - - [27/May/2021:09:35:03 +0800] "GET /xingrg/images/blue/jxLogo.png HTTP/1.1" 304 -
180.169.147.146 - - [27/May/2021:09:35:03 +0800] "GET /xingrg/images/blue/navBackgound.jpg HTTP/1.1" 304 -
180.169.147.146 - - [27/May/2021:09:35:03 +0800] "GET /xingrg/javascript/jquery_easy_ui/themes/icons/settle_new.png HTTP/1.1" 304 -
180.169.147.146 - - [27/May/2021:09:35:03 +0800] "POST /xingrg/all/common/load_tree.html?tree=area_rest_tree_json&manage=1 HTTP/1.1" 200 3216
180.169.147.146 - - [27/May/2021:09:35:03 +0800] "GET /xingrg/all/function/internal_message.html?_=1622079303538&CODE_STATE=count HTTP/1.1" 200 11
180.169.147.146 - - [27/May/2021:09:35:03 +0800] "GET /xingrg/check_reg.html?_=1622079303540 HTTP/1.1" 200 22
180.169.147.146 - - [27/May/2021:09:35:03 +0800] "GET /xingrg/javascript/jquery_easy_ui/themes/default/images/panel_tool_collapse.gif HTTP/1.1" 304 -
180.169.147.146 - - [27/May/2021:09:35:03 +0800] "GET /xingrg/images/blue/pingpu.png HTTP/1.1" 304 -
180.169.147.146 - - [27/May/2021:09:35:03 +0800] "GET /xingrg/javascript/jquery_easy_ui/themes/default/images/panel_tool_expand.gif HTTP/1.1" 304 -
180.169.147.146 - - [27/May/2021:09:35:03 +0800] "GET /xingrg/javascript/jquery_easy_ui/themes/default/images/tabs_rightarrow.png HTTP/1.1" 304 -
180.169.147.146 - - [27/May/2021:09:35:03 +0800] "GET /xingrg/javascript/jquery_easy_ui/themes/default/images/tabs_leftarrow.png HTTP/1.1" 304 -
180.169.147.146 - - [27/May/2021:09:35:03 +0800] "POST /xingrg/load_menu.html HTTP/1.1" 200 9959
116.230.114.112 - - [27/May/2021:09:35:03 +0800] "POST /xingrg/kc/buy/cgsh_order_operate.html HTTP/1.1" 200 37
180.169.147.146 - - [27/May/2021:09:35:05 +0800] "GET /xingrg/kc/buy/cgsh_order_list.html HTTP/1.1" 200 46618
116.224.253.72 - - [27/May/2021:09:35:12 +0800] "GET /xingrg/all/function/internal_message.html?_=1622079316631&CODE_STATE=getMsg HTTP/1.1" 200 27
116.224.253.72 - - [27/May/2021:09:35:13 +0800] "GET /xingrg/all/function/internal_message.html?_=1622079311987&CODE_STATE=getMsg HTTP/1.1" 200 27
116.224.253.72 - - [27/May/2021:09:35:13 +0800] "GET /xingrg/check_reg.html?_=1622079311991 HTTP/1.1" 200 22
180.161.111.4 - - [27/May/2021:09:35:16 +0800] "GET /xingrg/all/function/internal_message.html?_=1622079311385&CODE_STATE=getMsg HTTP/1.1" 200 27
117.184.7.30 - - [27/May/2021:09:35:17 +0800] "GET /xingrg/all/function/internal_message.html?_=1622079311916&CODE_STATE=getMsg HTTP/1.1" 302 -
117.184.7.30 - - [27/May/2021:09:35:17 +0800] "GET /xingrg/login.html HTTP/1.1" 200 7641
116.230.114.112 - - [27/May/2021:09:35:22 +0800] "POST /xingrg/kc/buy/cgsh_order_operate.html HTTP/1.1" 200 38153
116.232.51.206 - - [27/May/2021:09:35:26 +0800] "GET /xingrg/all/function/internal_message.html?_=1622079324437&CODE_STATE=getMsg HTTP/1.1" 200 27
180.169.147.146 - - [27/May/2021:09:35:28 +0800] "POST /xingrg/kc/buy/cgsh_list_operate.html HTTP/1.1" 200 5168
180.161.111.4 - - [27/May/2021:09:35:39 +0800] "GET /favicon.ico HTTP/1.1" 404 -
180.161.111.4 - - [27/May/2021:09:35:39 +0800] "GET /favicon.ico HTTP/1.1" 404 -
180.161.111.4 - - [27/May/2021:09:35:40 +0800] "GET /favicon.ico HTTP/1.1" 404 -
222.69.128.123 - - [27/May/2021:09:35:40 +0800] "GET /xingrg/all/function/internal_message.html?_=1622079338729&CODE_STATE=getMsg HTTP/1.1" 200 27
180.161.111.4 - - [27/May/2021:09:35:41 +0800] "GET /favicon.ico HTTP/1.1" 404 -
180.161.111.4 - - [27/May/2021:09:35:41 +0800] "GET /favicon.ico HTTP/1.1" 404 -
180.161.111.4 - - [27/May/2021:09:35:43 +0800] "GET /xingrg/login.html HTTP/1.1" 200 7641
180.169.147.146 - - [27/May/2021:09:35:43 +0800] "GET /xingrg/javascript/auto/indicator.gif HTTP/1.1" 404 1066
180.161.111.4 - - [27/May/2021:09:35:43 +0800] "GET /xingrg/images/blue/jxLogo.png HTTP/1.1" 304 -
180.161.111.4 - - [27/May/2021:09:35:44 +0800] "GET /xingrg/images/blue/login_bg.png HTTP/1.1" 304 -
180.161.111.4 - - [27/May/2021:09:35:44 +0800] "GET /xingrg/images/blue/hj.png HTTP/1.1" 304 -
180.161.111.4 - - [27/May/2021:09:35:44 +0800] "GET /xingrg/images/blue/srbg.png HTTP/1.1" 304 -
180.161.111.4 - - [27/May/2021:09:35:44 +0800] "GET /favicon.ico HTTP/1.1" 404 -
120.253.135.82 - - [27/May/2021:09:35:45 +0800] "GET /xingrg/all/function/internal_message.html?_=1622079387926&CODE_STATE=getMsg HTTP/1.1" 200 27
180.169.147.146 - - [27/May/2021:09:35:47 +0800] "POST /xingrg/kc/buy/cgsh_list_operate.html HTTP/1.1" 200 5716
180.161.111.4 - - [27/May/2021:09:35:51 +0800] "POST /xingrg/login.do HTTP/1.1" 302 -
180.161.111.4 - - [27/May/2021:09:35:51 +0800] "GET /xingrg/javascript/jquery_easy_ui/themes/default/easyui.css HTTP/1.1" 304 -
180.161.111.4 - - [27/May/2021:09:35:51 +0800] "GET /xingrg/javascript/jquery_easy_ui/themes/icon.css HTTP/1.1" 304 -
180.161.111.4 - - [27/May/2021:09:35:51 +0800] "GET /xingrg/css/form.css HTTP/1.1" 304 -
180.161.111.4 - - [27/May/2021:09:35:51 +0800] "GET /xingrg/index.html?sysBaseUrl=http%3A%2F%2F180.169.147.146%3A18081%2Fxingrg%2F&costTime=40×tamp=1622079351796 HTTP/1.1" 200 17173
180.161.111.4 - - [27/May/2021:09:35:51 +0800] "GET /xingrg/javascript/jquery_easy_ui/jquery.easyui.min.js HTTP/1.1" 304 -
180.161.111.4 - - [27/May/2021:09:35:51 +0800] "GET /xingrg/javascript/jquery_easy_ui/easyui-lang-zh_CN.js HTTP/1.1" 304 -
180.161.111.4 - - [27/May/2021:09:35:51 +0800] "GET /xingrg/javascript/jquery.form.js HTTP/1.1" 304 -
180.161.111.4 - - [27/May/2021:09:35:51 +0800] "GET /xingrg/javascript/jquery.timers.js HTTP/1.1" 304 -
180.161.111.4 - - [27/May/2021:09:35:51 +0800] "GET /xingrg/javascript/jquery-1.4.2.min.js HTTP/1.1" 304 -
180.161.111.4 - - [27/May/2021:09:35:51 +0800] "GET /xingrg/javascript/jquery.utils.js HTTP/1.1" 304 -
180.161.111.4 - - [27/May/2021:09:35:51 +0800] "GET /xingrg/images/blue/navBackgound.jpg HTTP/1.1" 304 -
180.161.111.4 - - [27/May/2021:09:35:51 +0800] "GET /xingrg/javascript/jquery_easy_ui/themes/icons/settle_new.png HTTP/1.1" 304 -
180.161.111.4 - - [27/May/2021:09:35:52 +0800] "POST /xingrg/all/common/load_tree.html?tree=area_rest_tree_json&manage=1 HTTP/1.1" 200 342
180.161.111.4 - - [27/May/2021:09:35:52 +0800] "GET /xingrg/images/blue/pingpu.png HTTP/1.1" 304 -
180.161.111.4 - - [27/May/2021:09:35:52 +0800] "GET /xingrg/javascript/jquery_easy_ui/themes/default/images/tabs_leftarrow.png HTTP/1.1" 304 -
180.161.111.4 - - [27/May/2021:09:35:52 +0800] "GET /xingrg/javascript/jquery_easy_ui/themes/default/images/tabs_rightarrow.png HTTP/1.1" 304 -
180.161.111.4 - - [27/May/2021:09:35:52 +0800] "GET /xingrg/javascript/jquery_easy_ui/themes/default/images/panel_tool_collapse.gif HTTP/1.1" 304 -
180.161.111.4 - - [27/May/2021:09:35:52 +0800] "GET /xingrg/all/function/internal_message.html?_=1622079310700&CODE_STATE=count HTTP/1.1" 200 11
180.161.111.4 - - [27/May/2021:09:35:52 +0800] "GET /xingrg/check_reg.html?_=1622079310703 HTTP/1.1" 200 22
180.161.111.4 - - [27/May/2021:09:35:52 +0800] "GET /favicon.ico HTTP/1.1" 404 -
180.161.111.4 - - [27/May/2021:09:35:52 +0800] "POST /xingrg/load_menu.html HTTP/1.1" 200 5138
116.230.114.112 - - [27/May/2021:09:35:52 +0800] "GET /xingrg/all/function/internal_message.html?_=1622079363954&CODE_STATE=getMsg HTTP/1.1" 200 27
180.161.111.4 - - [27/May/2021:09:35:52 +0800] "GET /xingrg/javascript/jquery_easy_ui/themes/default/images/tree_arrows.gif HTTP/1.1" 304 -
61.165.42.208 - - [27/May/2021:09:35:52 +0800] "GET /xingrg/all/function/internal_message.html?_=1622079331578&CODE_STATE=getMsg HTTP/1.1" 200 27
180.161.111.4 - - [27/May/2021:09:35:53 +0800] "GET /xingrg/javascript/jquery_easy_ui/themes/default/images/tree_folder_open.gif HTTP/1.1" 304 -
116.235.222.38 - - [27/May/2021:09:35:53 +0800] "GET /xingrg/all/function/internal_message.html?_=1622079348780&CODE_STATE=getMsg HTTP/1.1" 200 27
180.161.111.4 - - [27/May/2021:09:35:53 +0800] "GET /xingrg/javascript/jquery_easy_ui/themes/icons/search_new.png HTTP/1.1" 304 -
180.161.111.4 - - [27/May/2021:09:35:53 +0800] "GET /xingrg/javascript/jquery_easy_ui/themes/default/images/tree_folder.gif HTTP/1.1" 304 -
180.161.111.4 - - [27/May/2021:09:35:53 +0800] "GET /xingrg/javascript/jquery_easy_ui/themes/icons/storage_new.png HTTP/1.1" 304 -
180.161.111.4 - - [27/May/2021:09:35:53 +0800] "GET /xingrg/javascript/jquery_easy_ui/themes/default/images/tree_file.gif HTTP/1.1" 304 -
180.161.111.4 - - [27/May/2021:09:35:53 +0800] "GET /xingrg/javascript/jquery_easy_ui/themes/icons/forms_new.png HTTP/1.1" 304 -
180.169.147.146 - - [27/May/2021:09:35:53 +0800] "POST /xingrg/kc/buy/cgsh_list_operate.html HTTP/1.1" 200 576
116.230.114.112 - - [27/May/2021:09:35:53 +0800] "GET /xingrg/check_reg.html?_=1622079362625 HTTP/1.1" 200 22
116.224.253.72 - - [27/May/2021:09:35:53 +0800] "POST /xingrg/kc/buy/cgsh_order_operate.html HTTP/1.1" 200 37
116.230.110.80 - - [27/May/2021:09:35:53 +0800] "GET /xingrg/all/function/internal_message.html?_=1622079351184&CODE_STATE=getMsg HTTP/1.1" 200 27
180.169.147.146 - - [27/May/2021:09:35:55 +0800] "POST /xingrg/kc/buy/cgsh_list_operate.html HTTP/1.1" 200 4
222.69.128.123 - - [27/May/2021:09:35:57 +0800] "POST /xingrg/services/DataTransmitService HTTP/1.1" 401 565
222.69.128.123 - - [27/May/2021:09:35:57 +0800] "POST /xingrg/services/DataTransmitService HTTP/1.1" 200 478
222.69.128.123 - - [27/May/2021:09:35:57 +0800] "POST /xingrg/services/DataTransmitService HTTP/1.1" 200 1320
222.69.128.123 - - [27/May/2021:09:35:57 +0800] "POST /xingrg/services/DataTransmitService HTTP/1.1" 200 478
222.69.128.123 - - [27/May/2021:09:35:57 +0800] "POST /xingrg/services/DataTransmitService HTTP/1.1" 200 1320
222.69.128.123 - - [27/May/2021:09:35:57 +0800] "POST /xingrg/services/DataTransmitService HTTP/1.1" 200 524
222.69.128.123 - - [27/May/2021:09:35:57 +0800] "POST /xingrg/services/DataTransmitService HTTP/1.1" 200 1979
222.69.128.123 - - [27/May/2021:09:35:57 +0800] "POST /xingrg/services/DataTransmitService HTTP/1.1" 200 45454
222.69.128.123 - - [27/May/2021:09:35:57 +0800] "POST /xingrg/services/DataTransmitService HTTP/1.1" 200 19237
116.224.253.72 - - [27/May/2021:09:35:57 +0800] "POST /xingrg/kc/buy/cgsh_order_operate.html HTTP/1.1" 200 12
180.169.147.146 - - [27/May/2021:09:35:59 +0800] "POST /xingrg/kc/buy/cgsh_list_operate.html HTTP/1.1" 200 5691
116.224.253.72 - - [27/May/2021:09:35:59 +0800] "GET /xingrg/kc/buy/cgsh_order_info.html?code=212021052711994 HTTP/1.1" 200 56921
116.224.253.72 - - [27/May/2021:09:35:59 +0800] "GET /xingrg/javascript/easyui/themes/default/validatebox.css HTTP/1.1" 404 1104
116.224.253.72 - - [27/May/2021:09:36:00 +0800] "POST /xingrg/kc/buy/cgsh_order_operate.html HTTP/1.1" 200 32504
116.230.114.112 - - [27/May/2021:09:36:00 +0800] "GET /xingrg/all/function/internal_message.html?_=1622079369427&CODE_STATE=getMsg HTTP/1.1" 200 27
180.169.147.146 - - [27/May/2021:09:36:01 +0800] "POST /xingrg/kc/buy/cgsh_list_operate.html HTTP/1.1" 200 576
180.169.147.146 - - [27/May/2021:09:36:02 +0800] "GET /xingrg/all/function/internal_message.html?_=1622079347410&CODE_STATE=getMsg HTTP/1.1" 200 27
180.169.147.146 - - [27/May/2021:09:36:02 +0800] "GET /xingrg/check_reg.html?_=1622079347411 HTTP/1.1" 200 22
180.169.147.146 - - [27/May/2021:09:36:03 +0800] "GET /xingrg/all/function/internal_message.html?_=1622079363557&CODE_STATE=getMsg HTTP/1.1" 200 27
116.224.253.72 - - [27/May/2021:09:36:03 +0800] "GET /xingrg/kc/print/load_data.html?order_code=212021052711994&kc_code=cgsh&condition= HTTP/1.1" 200 12789
180.169.147.146 - - [27/May/2021:09:36:04 +0800] "GET /xingrg/kc/buy/cgsh_order_info.html?code=212021052611823 HTTP/1.1" 200 62064
180.169.147.146 - - [27/May/2021:09:36:04 +0800] "GET /xingrg/javascript/jquery_tools/order_manager.js HTTP/1.1" 304 -
180.169.147.146 - - [27/May/2021:09:36:04 +0800] "GET /xingrg/javascript/convert.js HTTP/1.1" 304 -
180.169.147.146 - - [27/May/2021:09:36:04 +0800] "GET /xingrg/javascript/print/kc_print.js HTTP/1.1" 304 -
180.169.147.146 - - [27/May/2021:09:36:04 +0800] "GET /xingrg/words/20210526163807_words.js HTTP/1.1" 200 817527
180.169.147.146 - - [27/May/2021:09:36:04 +0800] "GET /xingrg/javascript/easyui/themes/icons/print.png HTTP/1.1" 304 -
180.169.147.146 - - [27/May/2021:09:36:04 +0800] "GET /xingrg/javascript/easyui/themes/default/images/menu_downarrow.png HTTP/1.1" 304 -
180.169.147.146 - - [27/May/2021:09:36:04 +0800] "GET /xingrg/javascript/easyui/themes/icons/template_new.png HTTP/1.1" 304 -
180.169.147.146 - - [27/May/2021:09:36:04 +0800] "GET /xingrg/javascript/easyui/themes/icons/cancel.png HTTP/1.1" 304 -
180.169.147.146 - - [27/May/2021:09:36:04 +0800] "GET /xingrg/javascript/easyui/themes/icons/ok.png HTTP/1.1" 304 -
180.169.147.146 - - [27/May/2021:09:36:04 +0800] "GET /xingrg/javascript/easyui/themes/icons/copy_new.png HTTP/1.1" 304 -
180.169.147.146 - - [27/May/2021:09:36:04 +0800] "GET /xingrg/all/common/auto_word.html?type=employee&rest_code=00147 HTTP/1.1" 200 101
180.169.147.146 - - [27/May/2021:09:36:04 +0800] "GET /xingrg/javascript/easyui/themes/default/validatebox.css HTTP/1.1" 404 1104
180.169.147.146 - - [27/May/2021:09:36:04 +0800] "GET /xingrg/all/common/auto_word.html?type=employee&rest_code=00147 HTTP/1.1" 200 101
180.169.147.146 - - [27/May/2021:09:36:04 +0800] "GET /xingrg/javascript/easyui/plugins/jquery.validatebox.js HTTP/1.1" 304 -
180.169.147.146 - - [27/May/2021:09:36:04 +0800] "GET /xingrg/javascript/easyui/plugins/jquery.numberbox.js HTTP/1.1" 304 -
180.169.147.146 - - [27/May/2021:09:36:05 +0800] "POST /xingrg/kc/buy/cgsh_order_operate.html HTTP/1.1" 200 6803
180.169.147.146 - - [27/May/2021:09:36:05 +0800] "GET /xingrg/javascript/easyui/themes/icons/edit_remove.png HTTP/1.1" 304 -
180.169.147.146 - - [27/May/2021:09:36:06 +0800] "GET /xingrg/javascript/jquery_tools/images/prev.gif HTTP/1.1" 404 1086
180.169.147.146 - - [27/May/2021:09:36:06 +0800] "GET /xingrg/javascript/jquery_tools/images/next.gif HTTP/1.1" 404 1086
116.224.253.72 - - [27/May/2021:09:36:12 +0800] "GET /xingrg/all/function/internal_message.html?_=1622079376690&CODE_STATE=getMsg HTTP/1.1" 200 27
116.224.253.72 - - [27/May/2021:09:36:13 +0800] "GET /xingrg/all/function/internal_message.html?_=1622079371991&CODE_STATE=getMsg HTTP/1.1" 200 27
180.161.111.4 - - [27/May/2021:09:36:16 +0800] "GET /xingrg/all/function/internal_message.html?_=1622079371383&CODE_STATE=getMsg HTTP/1.1" 200 27
180.169.147.146 - - [27/May/2021:09:36:16 +0800] "POST /xingrg/kc/buy/cgsh_order_operate.html HTTP/1.1" 200 37
117.184.7.30 - - [27/May/2021:09:36:17 +0800] "GET /xingrg/all/function/internal_message.html?_=1622079371915&CODE_STATE=getMsg HTTP/1.1" 302 -
117.184.7.30 - - [27/May/2021:09:36:17 +0800] "GET /xingrg/check_reg.html?_=1622079371917 HTTP/1.1" 302 -
117.184.7.30 - - [27/May/2021:09:36:17 +0800] "GET /xingrg/login.html HTTP/1.1" 200 7641
117.184.7.30 - - [27/May/2021:09:36:17 +0800] "GET /xingrg/login.html HTTP/1.1" 200 7641
116.230.114.112 - - [27/May/2021:09:36:18 +0800] "GET /xingrg/check_reg.html?_=1622079389811 HTTP/1.1" 200 22
180.169.147.146 - - [27/May/2021:09:36:19 +0800] "POST /xingrg/kc/buy/cgsh_order_operate.html HTTP/1.1" 200 12
222.69.128.123 - - [27/May/2021:09:36:20 +0800] "POST /xingrg/services/DataTransmitService HTTP/1.1" 200 524
222.69.128.123 - - [27/May/2021:09:36:20 +0800] "POST /xingrg/services/DataTransmitService HTTP/1.1" 200 1979
180.169.147.146 - - [27/May/2021:09:36:20 +0800] "GET /xingrg/kc/buy/cgsh_order_info.html?code=212021052611823 HTTP/1.1" 200 57214
180.169.147.146 - - [27/May/2021:09:36:21 +0800] "GET /xingrg/javascript/easyui/themes/default/validatebox.css HTTP/1.1" 404 1104
180.169.147.146 - - [27/May/2021:09:36:21 +0800] "POST /xingrg/kc/buy/cgsh_order_operate.html HTTP/1.1" 200 4749
180.169.147.146 - - [27/May/2021:09:36:26 +0800] "POST /xingrg/kc/buy/cgsh_list_operate.html HTTP/1.1" 200 5716
116.232.51.206 - - [27/May/2021:09:36:26 +0800] "GET /xingrg/all/function/internal_message.html?_=1622079384444&CODE_STATE=getMsg HTTP/1.1" 200 27
222.69.128.123 - - [27/May/2021:09:36:40 +0800] "GET /xingrg/all/function/internal_message.html?_=1622079398729&CODE_STATE=getMsg HTTP/1.1" 200 27
120.253.135.82 - - [27/May/2021:09:36:45 +0800] "GET /xingrg/all/function/internal_message.html?_=1622079447955&CODE_STATE=getMsg HTTP/1.1" 200 27
180.169.147.146 - - [27/May/2021:09:36:51 +0800] "POST /xingrg/kc/buy/cgsh_list_operate.html HTTP/1.1" 200 5351
180.161.111.4 - - [27/May/2021:09:36:52 +0800] "GET /xingrg/all/function/internal_message.html?_=1622079370708&CODE_STATE=getMsg HTTP/1.1" 200 27
116.230.114.112 - - [27/May/2021:09:36:52 +0800] "GET /xingrg/all/function/internal_message.html?_=1622079423960&CODE_STATE=getMsg HTTP/1.1" 200 27
61.165.42.208 - - [27/May/2021:09:36:52 +0800] "GET /xingrg/all/function/internal_message.html?_=1622079391578&CODE_STATE=getMsg HTTP/1.1" 200 27
61.165.42.208 - - [27/May/2021:09:36:52 +0800] "GET /xingrg/check_reg.html?_=1622079391581 HTTP/1.1" 200 22
116.235.222.38 - - [27/May/2021:09:36:53 +0800] "GET /xingrg/all/function/internal_message.html?_=1622079408780&CODE_STATE=getMsg HTTP/1.1" 200 27
116.230.110.80 - - [27/May/2021:09:36:53 +0800] "GET /xingrg/all/function/internal_message.html?_=1622079411177&CODE_STATE=getMsg HTTP/1.1" 200 27
180.169.147.146 - - [27/May/2021:09:36:54 +0800] "POST /xingrg/kc/buy/cgsh_list_operate.html HTTP/1.1" 200 209
116.230.114.112 - - [27/May/2021:09:37:00 +0800] "GET /xingrg/all/function/internal_message.html?_=1622079429440&CODE_STATE=getMsg HTTP/1.1" 200 27
180.169.147.146 - - [27/May/2021:09:37:02 +0800] "GET /xingrg/all/function/internal_message.html?_=1622079407409&CODE_STATE=getMsg HTTP/1.1" 200 27
180.169.147.146 - - [27/May/2021:09:37:03 +0800] "GET /xingrg/all/function/internal_message.html?_=1622079423559&CODE_STATE=getMsg HTTP/1.1" 200 27
116.224.253.72 - - [27/May/2021:09:37:12 +0800] "GET /xingrg/all/function/internal_message.html?_=1622079436705&CODE_STATE=getMsg HTTP/1.1" 200 27
116.224.253.72 - - [27/May/2021:09:37:13 +0800] "GET /xingrg/all/function/internal_message.html?_=1622079431994&CODE_STATE=getMsg HTTP/1.1" 200 27
180.161.111.4 - - [27/May/2021:09:37:16 +0800] "GET /xingrg/all/function/internal_message.html?_=1622079431386&CODE_STATE=getMsg HTTP/1.1" 200 27
117.184.7.30 - - [27/May/2021:09:37:17 +0800] "GET /xingrg/all/function/internal_message.html?_=1622079431916&CODE_STATE=getMsg HTTP/1.1" 302 -
117.184.7.30 - - [27/May/2021:09:37:17 +0800] "GET /xingrg/login.html HTTP/1.1" 200 7641
116.224.253.72 - - [27/May/2021:09:37:22 +0800] "POST /xingrg/kc/buy/cgsh_list_operate.html HTTP/1.1" 200 1693
116.224.253.72 - - [27/May/2021:09:37:24 +0800] "POST /xingrg/kc/buy/cgsh_list_operate.html HTTP/1.1" 200 564
116.224.253.72 - - [27/May/2021:09:37:25 +0800] "GET /xingrg/kc/buy/cgsh_order_info.html?code=212021052712007 HTTP/1.1" 200 62030
116.224.253.72 - - [27/May/2021:09:37:26 +0800] "GET /xingrg/javascript/easyui/themes/default/validatebox.css HTTP/1.1" 404 1104
116.232.51.206 - - [27/May/2021:09:37:26 +0800] "GET /xingrg/all/function/internal_message.html?_=1622079444441&CODE_STATE=getMsg HTTP/1.1" 200 27
116.224.253.72 - - [27/May/2021:09:37:26 +0800] "POST /xingrg/kc/buy/cgsh_order_operate.html HTTP/1.1" 200 9774
222.69.128.123 - - [27/May/2021:09:37:40 +0800] "GET /xingrg/check_reg.html?_=1622079458746 HTTP/1.1" 200 22
222.69.128.123 - - [27/May/2021:09:37:40 +0800] "GET /xingrg/all/function/internal_message.html?_=1622079458750&CODE_STATE=getMsg HTTP/1.1" 200 27
58.37.225.51 - - [27/May/2021:09:37:41 +0800] "GET /xingrg/check_reg.html?_=1622079409250 HTTP/1.1" 200 22
120.253.135.82 - - [27/May/2021:09:37:45 +0800] "GET /xingrg/all/function/internal_message.html?_=1622079507968&CODE_STATE=getMsg HTTP/1.1" 200 27
222.69.128.123 - - [27/May/2021:09:37:47 +0800] "GET /xingrg/kc/buy/cgsh_order_operate.html?command=get_materiel&rest_code=00149&code=00101004067&supplier_code=00100083&order_time=2021-05-27 HTTP/1.1" 200 433
180.161.111.4 - - [27/May/2021:09:37:52 +0800] "GET /xingrg/all/function/internal_message.html?_=1622079430723&CODE_STATE=getMsg HTTP/1.1" 200 27
116.230.114.112 - - [27/May/2021:09:37:52 +0800] "GET /xingrg/all/function/internal_message.html?_=1622079483973&CODE_STATE=getMsg HTTP/1.1" 200 27
61.165.42.208 - - [27/May/2021:09:37:52 +0800] "GET /xingrg/all/function/internal_message.html?_=1622079451580&CODE_STATE=getMsg HTTP/1.1" 200 27
116.235.222.38 - - [27/May/2021:09:37:53 +0800] "GET /xingrg/all/function/internal_message.html?_=1622079468779&CODE_STATE=getMsg HTTP/1.1" 200 27
116.230.110.80 - - [27/May/2021:09:37:53 +0800] "GET /xingrg/all/function/internal_message.html?_=1622079471184&CODE_STATE=getMsg HTTP/1.1" 200 27
116.230.114.112 - - [27/May/2021:09:38:00 +0800] "GET /xingrg/all/function/internal_message.html?_=1622079489474&CODE_STATE=getMsg HTTP/1.1" 200 27
222.69.128.123 - - [27/May/2021:09:38:00 +0800] "GET /xingrg/kc/buy/cgsh_order_operate.html?command=get_materiel&rest_code=00149&code=00101004048&supplier_code=00100083&order_time=2021-05-27 HTTP/1.1" 200 417
180.169.147.146 - - [27/May/2021:09:38:02 +0800] "GET /xingrg/all/function/internal_message.html?_=1622079467409&CODE_STATE=getMsg HTTP/1.1" 200 27
180.169.147.146 - - [27/May/2021:09:38:03 +0800] "GET /xingrg/all/function/internal_message.html?_=1622079483553&CODE_STATE=getMsg HTTP/1.1" 200 27
116.224.253.72 - - [27/May/2021:09:38:12 +0800] "GET /xingrg/check_reg.html?_=1622079496270 HTTP/1.1" 200 22
116.224.253.72 - - [27/May/2021:09:38:12 +0800] "GET /xingrg/all/function/internal_message.html?_=1622079496718&CODE_STATE=getMsg HTTP/1.1" 200 27
