120.253.135.82 - - [27/May/2021:07:42:43 +0800] "GET /xingrg/kc/print/load_data.html?order_code=212021052711990&kc_code=cgsh&condition= HTTP/1.1" 200 737
116.230.114.112 - - [27/May/2021:07:42:50 +0800] "GET /xingrg/all/function/internal_message.html?_=1622072581742&CODE_STATE=getMsg HTTP/1.1" 200 27
116.230.110.80 - - [27/May/2021:07:42:53 +0800] "GET /xingrg/all/function/internal_message.html?_=1622072571185&CODE_STATE=getMsg HTTP/1.1" 200 27
116.230.114.112 - - [27/May/2021:07:42:58 +0800] "GET /xingrg/all/function/internal_message.html?_=1622072587193&CODE_STATE=getMsg HTTP/1.1" 200 27
116.224.253.72 - - [27/May/2021:07:43:01 +0800] "GET /xingrg/all/function/internal_message.html?_=1622072580159&CODE_STATE=getMsg HTTP/1.1" 200 27
116.224.253.72 - - [27/May/2021:07:43:01 +0800] "GET /xingrg/check_reg.html?_=1622072580161 HTTP/1.1" 200 22
180.169.147.146 - - [27/May/2021:07:43:02 +0800] "GET /xingrg/all/function/internal_message.html?_=1622072566956&CODE_STATE=getMsg HTTP/1.1" 200 27
120.253.135.82 - - [27/May/2021:07:43:15 +0800] "GET /xingrg/all/function/internal_message.html?_=1622072376150&CODE_STATE=getMsg HTTP/1.1" 200 27
180.161.111.4 - - [27/May/2021:07:43:16 +0800] "GET /xingrg/check_reg.html?_=1622072591310 HTTP/1.1" 200 22
180.161.111.4 - - [27/May/2021:07:43:16 +0800] "GET /xingrg/all/function/internal_message.html?_=1622072591309&CODE_STATE=getMsg HTTP/1.1" 200 27
117.184.7.30 - - [27/May/2021:07:43:17 +0800] "GET /xingrg/all/function/internal_message.html?_=1622072591793&CODE_STATE=getMsg HTTP/1.1" 302 -
117.184.7.30 - - [27/May/2021:07:43:17 +0800] "GET /xingrg/login.html HTTP/1.1" 200 7641
180.169.147.146 - - [27/May/2021:07:43:30 +0800] "GET /xingrg/check_reg.html?_=1622072613627 HTTP/1.1" 200 22
180.169.147.146 - - [27/May/2021:07:43:30 +0800] "GET /xingrg/all/function/internal_message.html?_=1622072613629&CODE_STATE=getMsg HTTP/1.1" 200 27
116.224.253.72 - - [27/May/2021:07:43:37 +0800] "GET /xingrg/all/function/internal_message.html?_=1622072621458&CODE_STATE=getMsg HTTP/1.1" 200 27
120.253.135.82 - - [27/May/2021:07:43:42 +0800] "GET /xingrg/all/function/internal_message.html?_=1622072665616&CODE_STATE=getMsg HTTP/1.1" 200 27
120.253.135.82 - - [27/May/2021:07:43:45 +0800] "GET /xingrg/check_reg.html?_=1622072668340 HTTP/1.1" 200 22
116.230.114.112 - - [27/May/2021:07:43:50 +0800] "GET /xingrg/all/function/internal_message.html?_=1622072641757&CODE_STATE=getMsg HTTP/1.1" 200 27
116.230.110.80 - - [27/May/2021:07:43:53 +0800] "GET /xingrg/all/function/internal_message.html?_=1622072631179&CODE_STATE=getMsg HTTP/1.1" 200 27
116.230.114.112 - - [27/May/2021:07:43:58 +0800] "GET /xingrg/all/function/internal_message.html?_=1622072647203&CODE_STATE=getMsg HTTP/1.1" 200 27
116.224.253.72 - - [27/May/2021:07:44:01 +0800] "GET /xingrg/all/function/internal_message.html?_=1622072640184&CODE_STATE=getMsg HTTP/1.1" 200 27
180.169.147.146 - - [27/May/2021:07:44:02 +0800] "GET /xingrg/all/function/internal_message.html?_=1622072626954&CODE_STATE=getMsg HTTP/1.1" 200 27
120.253.135.82 - - [27/May/2021:07:44:15 +0800] "GET /xingrg/all/function/internal_message.html?_=1622072436194&CODE_STATE=getMsg HTTP/1.1" 200 27
180.161.111.4 - - [27/May/2021:07:44:16 +0800] "GET /xingrg/all/function/internal_message.html?_=1622072651308&CODE_STATE=getMsg HTTP/1.1" 200 27
117.184.7.30 - - [27/May/2021:07:44:17 +0800] "GET /xingrg/all/function/internal_message.html?_=1622072651795&CODE_STATE=getMsg HTTP/1.1" 302 -
117.184.7.30 - - [27/May/2021:07:44:17 +0800] "GET /xingrg/login.html HTTP/1.1" 200 7641
180.169.147.146 - - [27/May/2021:07:44:30 +0800] "GET /xingrg/all/function/internal_message.html?_=1622072673615&CODE_STATE=getMsg HTTP/1.1" 200 27
116.224.253.72 - - [27/May/2021:07:44:37 +0800] "GET /xingrg/all/function/internal_message.html?_=1622072681479&CODE_STATE=getMsg HTTP/1.1" 200 27
120.253.135.82 - - [27/May/2021:07:44:42 +0800] "GET /xingrg/all/function/internal_message.html?_=1622072725622&CODE_STATE=getMsg HTTP/1.1" 200 27
116.230.114.112 - - [27/May/2021:07:44:50 +0800] "GET /xingrg/all/function/internal_message.html?_=1622072701768&CODE_STATE=getMsg HTTP/1.1" 200 27
116.230.110.80 - - [27/May/2021:07:44:53 +0800] "GET /xingrg/check_reg.html?_=1622072691179 HTTP/1.1" 200 22
116.230.110.80 - - [27/May/2021:07:44:53 +0800] "GET /xingrg/all/function/internal_message.html?_=1622072691180&CODE_STATE=getMsg HTTP/1.1" 200 27
116.230.114.112 - - [27/May/2021:07:44:58 +0800] "GET /xingrg/all/function/internal_message.html?_=1622072707236&CODE_STATE=getMsg HTTP/1.1" 200 27
120.253.135.82 - - [27/May/2021:07:45:00 +0800] "POST /xingrg/kc/buy/cgsh_order_operate.html HTTP/1.1" 200 37
116.224.253.72 - - [27/May/2021:07:45:01 +0800] "GET /xingrg/all/function/internal_message.html?_=1622072700184&CODE_STATE=getMsg HTTP/1.1" 200 27
180.169.147.146 - - [27/May/2021:07:45:02 +0800] "GET /xingrg/all/function/internal_message.html?_=1622072686952&CODE_STATE=getMsg HTTP/1.1" 200 27
120.253.135.82 - - [27/May/2021:07:45:03 +0800] "POST /xingrg/kc/buy/cgsh_order_operate.html HTTP/1.1" 200 12
120.253.135.82 - - [27/May/2021:07:45:04 +0800] "GET /xingrg/kc/buy/cgsh_order_info.html?code=212021052711990 HTTP/1.1" 200 56064
120.253.135.82 - - [27/May/2021:07:45:05 +0800] "GET /xingrg/javascript/easyui/themes/default/validatebox.css HTTP/1.1" 404 1104
120.253.135.82 - - [27/May/2021:07:45:05 +0800] "POST /xingrg/kc/buy/cgsh_order_operate.html HTTP/1.1" 200 610
120.253.135.82 - - [27/May/2021:07:45:07 +0800] "POST /xingrg/kc/buy/cgsh_list_operate.html HTTP/1.1" 200 876
120.253.135.82 - - [27/May/2021:07:45:11 +0800] "POST /xingrg/kc/buy/cgsh_list_operate.html HTTP/1.1" 200 876
120.253.135.82 - - [27/May/2021:07:45:11 +0800] "POST /xingrg/kc/buy/cgsh_list_operate.html HTTP/1.1" 200 876
120.253.135.82 - - [27/May/2021:07:45:13 +0800] "GET /xingrg/kc/buy/cgsh_order_list.html HTTP/1.1" 200 46357
120.253.135.82 - - [27/May/2021:07:45:14 +0800] "POST /xingrg/kc/buy/cgsh_list_operate.html HTTP/1.1" 200 876
120.253.135.82 - - [27/May/2021:07:45:15 +0800] "GET /xingrg/all/function/internal_message.html?_=1622072496275&CODE_STATE=getMsg HTTP/1.1" 200 27
180.161.111.4 - - [27/May/2021:07:45:16 +0800] "GET /xingrg/all/function/internal_message.html?_=1622072711303&CODE_STATE=getMsg HTTP/1.1" 200 27
117.184.7.30 - - [27/May/2021:07:45:17 +0800] "GET /xingrg/all/function/internal_message.html?_=1622072711795&CODE_STATE=getMsg HTTP/1.1" 302 -
117.184.7.30 - - [27/May/2021:07:45:17 +0800] "GET /xingrg/login.html HTTP/1.1" 200 7641
120.253.135.82 - - [27/May/2021:07:45:19 +0800] "GET /xingrg/kc/pszx/mdqp_order_list.html?state=10 HTTP/1.1" 200 10213
120.253.135.82 - - [27/May/2021:07:45:19 +0800] "GET /xingrg/dwr/interface/AjaxQqpsService.js HTTP/1.1" 200 16326
120.253.135.82 - - [27/May/2021:07:45:19 +0800] "GET /xingrg/dwr/interface/AjaxReportQueryService.js HTTP/1.1" 200 13203
120.253.135.82 - - [27/May/2021:07:45:19 +0800] "GET /xingrg/dwr/engine.js HTTP/1.1" 200 43631
120.253.135.82 - - [27/May/2021:07:45:27 +0800] "GET /xingrg/kc/pszx/mdth_order_list.html HTTP/1.1" 200 18262
120.253.135.82 - - [27/May/2021:07:45:27 +0800] "POST /xingrg/kc/pszx/mdth_order_new_list.html HTTP/1.1" 200 4632
116.224.253.72 - - [27/May/2021:07:45:28 +0800] "GET /xingrg/check_reg.html?_=1622072732768 HTTP/1.1" 200 22
120.253.135.82 - - [27/May/2021:07:45:30 +0800] "POST /xingrg/kc/pszx/mdth_order_new_list.html HTTP/1.1" 200 451
180.169.147.146 - - [27/May/2021:07:45:30 +0800] "GET /xingrg/all/function/internal_message.html?_=1622072733629&CODE_STATE=getMsg HTTP/1.1" 200 27
120.253.135.82 - - [27/May/2021:07:45:33 +0800] "POST /xingrg/kc/pszx/mdth_order_new_list.html HTTP/1.1" 200 204
120.253.135.82 - - [27/May/2021:07:45:37 +0800] "POST /xingrg/kc/pszx/mdth_order_new_list.html HTTP/1.1" 200 290
116.224.253.72 - - [27/May/2021:07:45:37 +0800] "GET /xingrg/all/function/internal_message.html?_=1622072741485&CODE_STATE=getMsg HTTP/1.1" 200 27
120.253.135.82 - - [27/May/2021:07:45:39 +0800] "POST /xingrg/kc/pszx/mdth_order_new_list.html HTTP/1.1" 200 217
120.253.135.82 - - [27/May/2021:07:45:42 +0800] "POST /xingrg/kc/pszx/mdth_order_new_list.html HTTP/1.1" 200 204
120.253.135.82 - - [27/May/2021:07:45:42 +0800] "GET /xingrg/all/function/internal_message.html?_=1622072785636&CODE_STATE=getMsg HTTP/1.1" 200 27
120.253.135.82 - - [27/May/2021:07:45:45 +0800] "GET /xingrg/kc/pszx/mdth_order_info.html?code=322021051300009 HTTP/1.1" 200 21969
120.253.135.82 - - [27/May/2021:07:45:46 +0800] "GET /xingrg/javascript/easyui/themes/default/validatebox.css HTTP/1.1" 404 1104
120.253.135.82 - - [27/May/2021:07:45:46 +0800] "POST /xingrg/kc/pszx/mdth_order_new_info.html HTTP/1.1" 200 299
120.253.135.82 - - [27/May/2021:07:45:50 +0800] "POST /xingrg/all/common/load_combo.html?type=employee HTTP/1.1" 200 1928
116.230.114.112 - - [27/May/2021:07:45:50 +0800] "GET /xingrg/all/function/internal_message.html?_=1622072761785&CODE_STATE=getMsg HTTP/1.1" 200 27
116.230.114.112 - - [27/May/2021:07:45:53 +0800] "GET /xingrg/check_reg.html?_=1622072762508 HTTP/1.1" 200 22
116.230.110.80 - - [27/May/2021:07:45:53 +0800] "GET /xingrg/all/function/internal_message.html?_=1622072751184&CODE_STATE=getMsg HTTP/1.1" 200 27
120.253.135.82 - - [27/May/2021:07:45:55 +0800] "GET /xingrg/javascript/jquery_tools/images/prev.gif HTTP/1.1" 404 1086
120.253.135.82 - - [27/May/2021:07:45:55 +0800] "GET /xingrg/javascript/jquery_tools/images/next.gif HTTP/1.1" 404 1086
120.253.135.82 - - [27/May/2021:07:45:57 +0800] "POST /xingrg/all/common/load_combo.html?type=base HTTP/1.1" 200 1075
116.230.114.112 - - [27/May/2021:07:45:58 +0800] "GET /xingrg/all/function/internal_message.html?_=1622072767246&CODE_STATE=getMsg HTTP/1.1" 200 27
120.253.135.82 - - [27/May/2021:07:46:01 +0800] "POST /xingrg/kc/pszx/mdth_order_new_info.html HTTP/1.1" 200 37
116.224.253.72 - - [27/May/2021:07:46:01 +0800] "GET /xingrg/all/function/internal_message.html?_=1622072760195&CODE_STATE=getMsg HTTP/1.1" 200 27
180.169.147.146 - - [27/May/2021:07:46:02 +0800] "GET /xingrg/all/function/internal_message.html?_=1622072746950&CODE_STATE=getMsg HTTP/1.1" 200 27
180.169.147.146 - - [27/May/2021:07:46:02 +0800] "GET /xingrg/check_reg.html?_=1622072746951 HTTP/1.1" 200 22
120.253.135.82 - - [27/May/2021:07:46:02 +0800] "POST /xingrg/kc/pszx/mdth_order_new_info.html HTTP/1.1" 200 306
120.253.135.82 - - [27/May/2021:07:46:05 +0800] "GET /xingrg/kc/print/load_config.html?kc_code=mdth HTTP/1.1" 200 3088
120.253.135.82 - - [27/May/2021:07:46:05 +0800] "GET /xingrg/kc/print/load_data.html?order_code=322021051300009&kc_code=mdth&condition= HTTP/1.1" 200 629
120.253.135.82 - - [27/May/2021:07:46:14 +0800] "GET /xingrg/check_reg.html?_=1622072555792 HTTP/1.1" 200 22
120.253.135.82 - - [27/May/2021:07:46:15 +0800] "GET /xingrg/all/function/internal_message.html?_=1622072556284&CODE_STATE=getMsg HTTP/1.1" 200 27
180.161.111.4 - - [27/May/2021:07:46:16 +0800] "GET /xingrg/all/function/internal_message.html?_=1622072771301&CODE_STATE=getMsg HTTP/1.1" 200 27
117.184.7.30 - - [27/May/2021:07:46:17 +0800] "GET /xingrg/all/function/internal_message.html?_=1622072771799&CODE_STATE=getMsg HTTP/1.1" 302 -
117.184.7.30 - - [27/May/2021:07:46:17 +0800] "GET /xingrg/check_reg.html?_=1622072771799 HTTP/1.1" 302 -
117.184.7.30 - - [27/May/2021:07:46:17 +0800] "GET /xingrg/login.html HTTP/1.1" 200 7641
117.184.7.30 - - [27/May/2021:07:46:17 +0800] "GET /xingrg/login.html HTTP/1.1" 200 7641
116.230.114.112 - - [27/May/2021:07:46:18 +0800] "GET /xingrg/check_reg.html?_=1622072789689 HTTP/1.1" 200 22
120.253.135.82 - - [27/May/2021:07:46:19 +0800] "POST /xingrg/kc/pszx/mdth_order_new_info.html HTTP/1.1" 200 37
120.253.135.82 - - [27/May/2021:07:46:20 +0800] "POST /xingrg/kc/pszx/mdth_order_new_info.html HTTP/1.1" 200 306
120.253.135.82 - - [27/May/2021:07:46:20 +0800] "POST /xingrg/kc/pszx/mdth_order_new_info.html HTTP/1.1" 200 12
120.253.135.82 - - [27/May/2021:07:46:21 +0800] "GET /xingrg/kc/pszx/mdth_order_info.html?code=322021051300009 HTTP/1.1" 200 20029
120.253.135.82 - - [27/May/2021:07:46:22 +0800] "POST /xingrg/kc/pszx/mdth_order_new_info.html HTTP/1.1" 200 306
120.253.135.82 - - [27/May/2021:07:46:22 +0800] "GET /xingrg/javascript/easyui/themes/default/validatebox.css HTTP/1.1" 404 1104
120.253.135.82 - - [27/May/2021:07:46:27 +0800] "GET /xingrg/kc/pszx/mdth_order_info.html?code=322021051300009 HTTP/1.1" 200 20029
120.253.135.82 - - [27/May/2021:07:46:27 +0800] "POST /xingrg/kc/pszx/mdth_order_new_info.html HTTP/1.1" 200 306
120.253.135.82 - - [27/May/2021:07:46:27 +0800] "GET /xingrg/javascript/easyui/themes/default/validatebox.css HTTP/1.1" 404 1104
180.169.147.146 - - [27/May/2021:07:46:30 +0800] "GET /xingrg/all/function/internal_message.html?_=1622072793644&CODE_STATE=getMsg HTTP/1.1" 200 27
120.253.135.82 - - [27/May/2021:07:46:31 +0800] "POST /xingrg/kc/pszx/mdth_order_new_list.html HTTP/1.1" 200 4633
116.224.253.72 - - [27/May/2021:07:46:37 +0800] "GET /xingrg/all/function/internal_message.html?_=1622072801498&CODE_STATE=getMsg HTTP/1.1" 200 27
120.253.135.82 - - [27/May/2021:07:46:42 +0800] "GET /xingrg/all/function/internal_message.html?_=1622072845675&CODE_STATE=getMsg HTTP/1.1" 200 27
116.230.114.112 - - [27/May/2021:07:46:50 +0800] "GET /xingrg/all/function/internal_message.html?_=1622072821794&CODE_STATE=getMsg HTTP/1.1" 200 27
116.230.110.80 - - [27/May/2021:07:46:53 +0800] "GET /xingrg/all/function/internal_message.html?_=1622072811181&CODE_STATE=getMsg HTTP/1.1" 200 27
116.230.114.112 - - [27/May/2021:07:46:58 +0800] "GET /xingrg/all/function/internal_message.html?_=1622072827260&CODE_STATE=getMsg HTTP/1.1" 200 27
116.224.253.72 - - [27/May/2021:07:47:01 +0800] "GET /xingrg/all/function/internal_message.html?_=1622072820197&CODE_STATE=getMsg HTTP/1.1" 200 27
180.169.147.146 - - [27/May/2021:07:47:02 +0800] "GET /xingrg/all/function/internal_message.html?_=1622072806949&CODE_STATE=getMsg HTTP/1.1" 200 27
120.253.135.82 - - [27/May/2021:07:47:15 +0800] "GET /xingrg/all/function/internal_message.html?_=1622072616340&CODE_STATE=getMsg HTTP/1.1" 200 27
180.161.111.4 - - [27/May/2021:07:47:16 +0800] "GET /xingrg/all/function/internal_message.html?_=1622072831316&CODE_STATE=getMsg HTTP/1.1" 200 27
117.184.7.30 - - [27/May/2021:07:47:17 +0800] "GET /xingrg/all/function/internal_message.html?_=1622072831798&CODE_STATE=getMsg HTTP/1.1" 302 -
117.184.7.30 - - [27/May/2021:07:47:17 +0800] "GET /xingrg/login.html HTTP/1.1" 200 7641
180.169.147.146 - - [27/May/2021:07:47:30 +0800] "GET /xingrg/all/function/internal_message.html?_=1622072853644&CODE_STATE=getMsg HTTP/1.1" 200 27
116.224.253.72 - - [27/May/2021:07:47:37 +0800] "GET /xingrg/all/function/internal_message.html?_=1622072861519&CODE_STATE=getMsg HTTP/1.1" 200 27
120.253.135.82 - - [27/May/2021:07:47:39 +0800] "GET /xingrg/kc/pszx/mdps_order_list.html?orderType=0 HTTP/1.1" 200 20838
120.253.135.82 - - [27/May/2021:07:47:39 +0800] "POST /xingrg/kc/pszx/mdps_list_operate.html HTTP/1.1" 200 5538
120.253.135.82 - - [27/May/2021:07:47:42 +0800] "GET /xingrg/all/function/internal_message.html?_=1622072905695&CODE_STATE=getMsg HTTP/1.1" 200 27
120.253.135.82 - - [27/May/2021:07:47:50 +0800] "POST /xingrg/kc/pszx/mdps_list_operate.html HTTP/1.1" 200 3551
116.230.114.112 - - [27/May/2021:07:47:50 +0800] "GET /xingrg/all/function/internal_message.html?_=1622072881809&CODE_STATE=getMsg HTTP/1.1" 200 27
120.253.135.82 - - [27/May/2021:07:47:52 +0800] "POST /xingrg/kc/pszx/mdps_list_operate.html HTTP/1.1" 200 287
116.230.110.80 - - [27/May/2021:07:47:53 +0800] "GET /xingrg/all/function/internal_message.html?_=1622072871196&CODE_STATE=getMsg HTTP/1.1" 200 27
120.253.135.82 - - [27/May/2021:07:47:54 +0800] "POST /xingrg/kc/pszx/mdps_list_operate.html HTTP/1.1" 200 452
120.253.135.82 - - [27/May/2021:07:47:55 +0800] "GET /xingrg/kc/pszx/mdps_order_info.html?code=312021052700743 HTTP/1.1" 200 23931
120.253.135.82 - - [27/May/2021:07:47:56 +0800] "POST /xingrg/kc/pszx/mdps_order_operate.html HTTP/1.1" 200 3805
120.253.135.82 - - [27/May/2021:07:47:56 +0800] "GET /xingrg/javascript/easyui/themes/default/validatebox.css HTTP/1.1" 404 1104
116.230.114.112 - - [27/May/2021:07:47:58 +0800] "GET /xingrg/all/function/internal_message.html?_=1622072887292&CODE_STATE=getMsg HTTP/1.1" 200 27
116.224.253.72 - - [27/May/2021:07:48:01 +0800] "GET /xingrg/check_reg.html?_=1622072880207 HTTP/1.1" 200 22
116.224.253.72 - - [27/May/2021:07:48:01 +0800] "GET /xingrg/all/function/internal_message.html?_=1622072880209&CODE_STATE=getMsg HTTP/1.1" 200 27
180.169.147.146 - - [27/May/2021:07:48:02 +0800] "GET /xingrg/all/function/internal_message.html?_=1622072866947&CODE_STATE=getMsg HTTP/1.1" 200 27
120.253.135.82 - - [27/May/2021:07:48:15 +0800] "GET /xingrg/all/function/internal_message.html?_=1622072676342&CODE_STATE=getMsg HTTP/1.1" 200 27
180.161.111.4 - - [27/May/2021:07:48:16 +0800] "GET /xingrg/check_reg.html?_=1622072891314 HTTP/1.1" 200 22
180.161.111.4 - - [27/May/2021:07:48:16 +0800] "GET /xingrg/all/function/internal_message.html?_=1622072891315&CODE_STATE=getMsg HTTP/1.1" 200 27
117.184.7.30 - - [27/May/2021:07:48:17 +0800] "GET /xingrg/all/function/internal_message.html?_=1622072891799&CODE_STATE=getMsg HTTP/1.1" 302 -
117.184.7.30 - - [27/May/2021:07:48:17 +0800] "GET /xingrg/login.html HTTP/1.1" 200 7641
180.169.147.146 - - [27/May/2021:07:48:30 +0800] "GET /xingrg/check_reg.html?_=1622072913648 HTTP/1.1" 200 22
180.169.147.146 - - [27/May/2021:07:48:30 +0800] "GET /xingrg/all/function/internal_message.html?_=1622072913650&CODE_STATE=getMsg HTTP/1.1" 200 27
116.224.253.72 - - [27/May/2021:07:48:37 +0800] "GET /xingrg/all/function/internal_message.html?_=1622072921527&CODE_STATE=getMsg HTTP/1.1" 200 27
120.253.135.82 - - [27/May/2021:07:48:43 +0800] "GET /xingrg/all/function/internal_message.html?_=1622072965733&CODE_STATE=getMsg HTTP/1.1" 200 27
120.253.135.82 - - [27/May/2021:07:48:45 +0800] "GET /xingrg/check_reg.html?_=1622072968345 HTTP/1.1" 200 22
116.230.114.112 - - [27/May/2021:07:48:50 +0800] "GET /xingrg/all/function/internal_message.html?_=1622072941824&CODE_STATE=getMsg HTTP/1.1" 200 27
116.230.110.80 - - [27/May/2021:07:48:53 +0800] "GET /xingrg/all/function/internal_message.html?_=1622072931190&CODE_STATE=getMsg HTTP/1.1" 200 27
116.230.114.112 - - [27/May/2021:07:48:58 +0800] "GET /xingrg/all/function/internal_message.html?_=1622072947302&CODE_STATE=getMsg HTTP/1.1" 200 27
116.224.253.72 - - [27/May/2021:07:49:01 +0800] "GET /xingrg/all/function/internal_message.html?_=1622072940215&CODE_STATE=getMsg HTTP/1.1" 200 27
180.169.147.146 - - [27/May/2021:07:49:02 +0800] "GET /xingrg/all/function/internal_message.html?_=1622072926987&CODE_STATE=getMsg HTTP/1.1" 200 27
120.253.135.82 - - [27/May/2021:07:49:15 +0800] "GET /xingrg/all/function/internal_message.html?_=1622072736356&CODE_STATE=getMsg HTTP/1.1" 200 27
180.161.111.4 - - [27/May/2021:07:49:16 +0800] "GET /xingrg/all/function/internal_message.html?_=1622072951314&CODE_STATE=getMsg HTTP/1.1" 200 27
117.184.7.30 - - [27/May/2021:07:49:17 +0800] "GET /xingrg/all/function/internal_message.html?_=1622072951800&CODE_STATE=getMsg HTTP/1.1" 302 -
117.184.7.30 - - [27/May/2021:07:49:17 +0800] "GET /xingrg/login.html HTTP/1.1" 200 7641
180.169.147.146 - - [27/May/2021:07:49:30 +0800] "GET /xingrg/all/function/internal_message.html?_=1622072973652&CODE_STATE=getMsg HTTP/1.1" 200 27
116.224.253.72 - - [27/May/2021:07:49:37 +0800] "GET /xingrg/all/function/internal_message.html?_=1622072981548&CODE_STATE=getMsg HTTP/1.1" 200 27
120.253.135.82 - - [27/May/2021:07:49:43 +0800] "GET /xingrg/all/function/internal_message.html?_=1622073025752&CODE_STATE=getMsg HTTP/1.1" 200 27
116.230.114.112 - - [27/May/2021:07:49:50 +0800] "GET /xingrg/all/function/internal_message.html?_=1622073001835&CODE_STATE=getMsg HTTP/1.1" 200 27
116.230.110.80 - - [27/May/2021:07:49:53 +0800] "GET /xingrg/check_reg.html?_=1622072991181 HTTP/1.1" 200 22
116.230.110.80 - - [27/May/2021:07:49:53 +0800] "GET /xingrg/all/function/internal_message.html?_=1622072991183&CODE_STATE=getMsg HTTP/1.1" 200 27
116.230.114.112 - - [27/May/2021:07:49:58 +0800] "GET /xingrg/all/function/internal_message.html?_=1622073007335&CODE_STATE=getMsg HTTP/1.1" 200 27
116.224.253.72 - - [27/May/2021:07:50:01 +0800] "GET /xingrg/all/function/internal_message.html?_=1622073000215&CODE_STATE=getMsg HTTP/1.1" 200 27
180.169.147.146 - - [27/May/2021:07:50:02 +0800] "GET /xingrg/all/function/internal_message.html?_=1622072986985&CODE_STATE=getMsg HTTP/1.1" 200 27
120.253.135.82 - - [27/May/2021:07:50:15 +0800] "GET /xingrg/all/function/internal_message.html?_=1622072796385&CODE_STATE=getMsg HTTP/1.1" 200 27
180.161.111.4 - - [27/May/2021:07:50:16 +0800] "GET /xingrg/all/function/internal_message.html?_=1622073011312&CODE_STATE=getMsg HTTP/1.1" 200 27
117.184.7.30 - - [27/May/2021:07:50:17 +0800] "GET /xingrg/all/function/internal_message.html?_=1622073011801&CODE_STATE=getMsg HTTP/1.1" 302 -
117.184.7.30 - - [27/May/2021:07:50:17 +0800] "GET /xingrg/login.html HTTP/1.1" 200 7641
116.224.253.72 - - [27/May/2021:07:50:28 +0800] "GET /xingrg/check_reg.html?_=1622073032777 HTTP/1.1" 200 22
180.169.147.146 - - [27/May/2021:07:50:30 +0800] "GET /xingrg/all/function/internal_message.html?_=1622073033650&CODE_STATE=getMsg HTTP/1.1" 200 27
116.224.253.72 - - [27/May/2021:07:50:37 +0800] "GET /xingrg/all/function/internal_message.html?_=1622073041554&CODE_STATE=getMsg HTTP/1.1" 200 27
120.253.135.82 - - [27/May/2021:07:50:43 +0800] "GET /xingrg/all/function/internal_message.html?_=1622073085765&CODE_STATE=getMsg HTTP/1.1" 200 27
116.230.114.112 - - [27/May/2021:07:50:50 +0800] "GET /xingrg/all/function/internal_message.html?_=1622073061853&CODE_STATE=getMsg HTTP/1.1" 200 27
116.230.114.112 - - [27/May/2021:07:50:53 +0800] "GET /xingrg/check_reg.html?_=1622073062509 HTTP/1.1" 200 22
116.230.110.80 - - [27/May/2021:07:50:53 +0800] "GET /xingrg/all/function/internal_message.html?_=1622073051174&CODE_STATE=getMsg HTTP/1.1" 200 27
116.230.114.112 - - [27/May/2021:07:50:58 +0800] "GET /xingrg/all/function/internal_message.html?_=1622073067345&CODE_STATE=getMsg HTTP/1.1" 200 27
116.224.253.72 - - [27/May/2021:07:51:01 +0800] "GET /xingrg/all/function/internal_message.html?_=1622073060216&CODE_STATE=getMsg HTTP/1.1" 200 27
180.169.147.146 - - [27/May/2021:07:51:02 +0800] "GET /xingrg/check_reg.html?_=1622073046985 HTTP/1.1" 200 22
180.169.147.146 - - [27/May/2021:07:51:02 +0800] "GET /xingrg/all/function/internal_message.html?_=1622073046986&CODE_STATE=getMsg HTTP/1.1" 200 27
120.253.135.82 - - [27/May/2021:07:51:15 +0800] "GET /xingrg/check_reg.html?_=1622072855794 HTTP/1.1" 200 22
120.253.135.82 - - [27/May/2021:07:51:15 +0800] "GET /xingrg/all/function/internal_message.html?_=1622072856398&CODE_STATE=getMsg HTTP/1.1" 200 27
180.161.111.4 - - [27/May/2021:07:51:16 +0800] "GET /xingrg/all/function/internal_message.html?_=1622073071308&CODE_STATE=getMsg HTTP/1.1" 200 27
117.184.7.30 - - [27/May/2021:07:51:17 +0800] "GET /xingrg/all/function/internal_message.html?_=1622073071804&CODE_STATE=getMsg HTTP/1.1" 302 -
117.184.7.30 - - [27/May/2021:07:51:17 +0800] "GET /xingrg/check_reg.html?_=1622073071804 HTTP/1.1" 302 -
117.184.7.30 - - [27/May/2021:07:51:17 +0800] "GET /xingrg/login.html HTTP/1.1" 200 7641
117.184.7.30 - - [27/May/2021:07:51:17 +0800] "GET /xingrg/login.html HTTP/1.1" 200 7641
116.230.114.112 - - [27/May/2021:07:51:18 +0800] "GET /xingrg/check_reg.html?_=1622073089700 HTTP/1.1" 200 22
180.169.147.146 - - [27/May/2021:07:51:30 +0800] "GET /xingrg/all/function/internal_message.html?_=1622073093651&CODE_STATE=getMsg HTTP/1.1" 200 27
116.224.253.72 - - [27/May/2021:07:51:37 +0800] "GET /xingrg/all/function/internal_message.html?_=1622073101567&CODE_STATE=getMsg HTTP/1.1" 200 27
120.253.135.82 - - [27/May/2021:07:51:43 +0800] "GET /xingrg/all/function/internal_message.html?_=1622073145803&CODE_STATE=getMsg HTTP/1.1" 200 27
116.230.114.112 - - [27/May/2021:07:51:50 +0800] "GET /xingrg/all/function/internal_message.html?_=1622073121862&CODE_STATE=getMsg HTTP/1.1" 200 27
116.230.110.80 - - [27/May/2021:07:51:53 +0800] "GET /xingrg/all/function/internal_message.html?_=1622073111186&CODE_STATE=getMsg HTTP/1.1" 200 27
116.230.114.112 - - [27/May/2021:07:51:58 +0800] "GET /xingrg/all/function/internal_message.html?_=1622073127359&CODE_STATE=getMsg HTTP/1.1" 200 27
116.224.253.72 - - [27/May/2021:07:52:01 +0800] "GET /xingrg/all/function/internal_message.html?_=1622073120215&CODE_STATE=getMsg HTTP/1.1" 200 27
180.169.147.146 - - [27/May/2021:07:52:02 +0800] "GET /xingrg/all/function/internal_message.html?_=1622073106983&CODE_STATE=getMsg HTTP/1.1" 200 27
120.253.135.82 - - [27/May/2021:07:52:15 +0800] "GET /xingrg/all/function/internal_message.html?_=1622072916413&CODE_STATE=getMsg HTTP/1.1" 200 27
180.161.111.4 - - [27/May/2021:07:52:16 +0800] "GET /xingrg/all/function/internal_message.html?_=1622073131306&CODE_STATE=getMsg HTTP/1.1" 200 27
117.184.7.30 - - [27/May/2021:07:52:17 +0800] "GET /xingrg/all/function/internal_message.html?_=1622073131803&CODE_STATE=getMsg HTTP/1.1" 302 -
117.184.7.30 - - [27/May/2021:07:52:17 +0800] "GET /xingrg/login.html HTTP/1.1" 200 7641
180.169.147.146 - - [27/May/2021:07:52:30 +0800] "GET /xingrg/all/function/internal_message.html?_=1622073153650&CODE_STATE=getMsg HTTP/1.1" 200 27
116.224.253.72 - - [27/May/2021:07:52:37 +0800] "GET /xingrg/all/function/internal_message.html?_=1622073161587&CODE_STATE=getMsg HTTP/1.1" 200 27
120.253.135.82 - - [27/May/2021:07:52:43 +0800] "GET /xingrg/all/function/internal_message.html?_=1622073205807&CODE_STATE=getMsg HTTP/1.1" 200 27
116.230.114.112 - - [27/May/2021:07:52:50 +0800] "GET /xingrg/all/function/internal_message.html?_=1622073181876&CODE_STATE=getMsg HTTP/1.1" 200 27
116.230.110.80 - - [27/May/2021:07:52:53 +0800] "GET /xingrg/all/function/internal_message.html?_=1622073171181&CODE_STATE=getMsg HTTP/1.1" 200 27
116.230.114.112 - - [27/May/2021:07:52:58 +0800] "GET /xingrg/all/function/internal_message.html?_=1622073187391&CODE_STATE=getMsg HTTP/1.1" 200 27
116.224.253.72 - - [27/May/2021:07:53:01 +0800] "GET /xingrg/check_reg.html?_=1622073180245 HTTP/1.1" 200 22
116.224.253.72 - - [27/May/2021:07:53:01 +0800] "GET /xingrg/all/function/internal_message.html?_=1622073180278&CODE_STATE=getMsg HTTP/1.1" 200 27
180.169.147.146 - - [27/May/2021:07:53:02 +0800] "GET /xingrg/all/function/internal_message.html?_=1622073166981&CODE_STATE=getMsg HTTP/1.1" 200 27
120.253.135.82 - - [27/May/2021:07:53:15 +0800] "GET /xingrg/all/function/internal_message.html?_=1622072976427&CODE_STATE=getMsg HTTP/1.1" 200 27
180.161.111.4 - - [27/May/2021:07:53:16 +0800] "GET /xingrg/check_reg.html?_=1622073191307 HTTP/1.1" 200 22
180.161.111.4 - - [27/May/2021:07:53:16 +0800] "GET /xingrg/all/function/internal_message.html?_=1622073191304&CODE_STATE=getMsg HTTP/1.1" 200 27
117.184.7.30 - - [27/May/2021:07:53:17 +0800] "GET /xingrg/all/function/internal_message.html?_=1622073191804&CODE_STATE=getMsg HTTP/1.1" 302 -
117.184.7.30 - - [27/May/2021:07:53:17 +0800] "GET /xingrg/login.html HTTP/1.1" 200 7641
180.169.147.146 - - [27/May/2021:07:53:30 +0800] "GET /xingrg/check_reg.html?_=1622073213650 HTTP/1.1" 200 22
180.169.147.146 - - [27/May/2021:07:53:30 +0800] "GET /xingrg/all/function/internal_message.html?_=1622073213651&CODE_STATE=getMsg HTTP/1.1" 200 27
116.224.253.72 - - [27/May/2021:07:53:37 +0800] "GET /xingrg/all/function/internal_message.html?_=1622073221595&CODE_STATE=getMsg HTTP/1.1" 200 27
120.253.135.82 - - [27/May/2021:07:53:43 +0800] "GET /xingrg/all/function/internal_message.html?_=1622073265846&CODE_STATE=getMsg HTTP/1.1" 200 27
120.253.135.82 - - [27/May/2021:07:53:45 +0800] "GET /xingrg/check_reg.html?_=1622073268350 HTTP/1.1" 200 22
116.230.114.112 - - [27/May/2021:07:53:50 +0800] "GET /xingrg/all/function/internal_message.html?_=1622073241891&CODE_STATE=getMsg HTTP/1.1" 200 27
116.230.110.80 - - [27/May/2021:07:53:53 +0800] "GET /xingrg/all/function/internal_message.html?_=1622073231195&CODE_STATE=getMsg HTTP/1.1" 200 27
116.230.114.112 - - [27/May/2021:07:53:58 +0800] "GET /xingrg/all/function/internal_message.html?_=1622073247402&CODE_STATE=getMsg HTTP/1.1" 200 27
116.224.253.72 - - [27/May/2021:07:54:01 +0800] "GET /xingrg/all/function/internal_message.html?_=1622073240262&CODE_STATE=getMsg HTTP/1.1" 200 27
180.169.147.146 - - [27/May/2021:07:54:02 +0800] "GET /xingrg/all/function/internal_message.html?_=1622073226979&CODE_STATE=getMsg HTTP/1.1" 200 27
120.253.135.82 - - [27/May/2021:07:54:15 +0800] "GET /xingrg/all/function/internal_message.html?_=1622073036475&CODE_STATE=getMsg HTTP/1.1" 200 27
180.161.111.4 - - [27/May/2021:07:54:16 +0800] "GET /xingrg/all/function/internal_message.html?_=1622073251305&CODE_STATE=getMsg HTTP/1.1" 200 27
117.184.7.30 - - [27/May/2021:07:54:17 +0800] "GET /xingrg/all/function/internal_message.html?_=1622073251805&CODE_STATE=getMsg HTTP/1.1" 302 -
117.184.7.30 - - [27/May/2021:07:54:17 +0800] "GET /xingrg/login.html HTTP/1.1" 200 7641
180.169.147.146 - - [27/May/2021:07:54:30 +0800] "GET /xingrg/all/function/internal_message.html?_=1622073273662&CODE_STATE=getMsg HTTP/1.1" 200 27
116.224.253.72 - - [27/May/2021:07:54:37 +0800] "GET /xingrg/all/function/internal_message.html?_=1622073281616&CODE_STATE=getMsg HTTP/1.1" 200 27
120.253.135.82 - - [27/May/2021:07:54:39 +0800] "POST /xingrg/kc/pszx/mdps_list_operate.html HTTP/1.1" 200 2063
120.253.135.82 - - [27/May/2021:07:54:41 +0800] "POST /xingrg/kc/pszx/mdps_list_operate.html HTTP/1.1" 200 612
120.253.135.82 - - [27/May/2021:07:54:42 +0800] "GET /xingrg/kc/pszx/mdps_order_info.html?code=312021052700713 HTTP/1.1" 200 23931
120.253.135.82 - - [27/May/2021:07:54:42 +0800] "GET /xingrg/javascript/easyui/themes/default/validatebox.css HTTP/1.1" 404 1104
120.253.135.82 - - [27/May/2021:07:54:42 +0800] "POST /xingrg/kc/pszx/mdps_order_operate.html HTTP/1.1" 200 9935
120.253.135.82 - - [27/May/2021:07:54:43 +0800] "GET /xingrg/all/function/internal_message.html?_=1622073325851&CODE_STATE=getMsg HTTP/1.1" 200 27
116.230.114.112 - - [27/May/2021:07:54:50 +0800] "GET /xingrg/all/function/internal_message.html?_=1622073301903&CODE_STATE=getMsg HTTP/1.1" 200 27
116.230.110.80 - - [27/May/2021:07:54:53 +0800] "GET /xingrg/check_reg.html?_=1622073291186 HTTP/1.1" 200 22
116.230.110.80 - - [27/May/2021:07:54:53 +0800] "GET /xingrg/all/function/internal_message.html?_=1622073291187&CODE_STATE=getMsg HTTP/1.1" 200 27
116.230.114.112 - - [27/May/2021:07:54:58 +0800] "GET /xingrg/all/function/internal_message.html?_=1622073307434&CODE_STATE=getMsg HTTP/1.1" 200 27
116.224.253.72 - - [27/May/2021:07:55:01 +0800] "GET /xingrg/all/function/internal_message.html?_=1622073300246&CODE_STATE=getMsg HTTP/1.1" 200 27
180.169.147.146 - - [27/May/2021:07:55:02 +0800] "GET /xingrg/all/function/internal_message.html?_=1622073286979&CODE_STATE=getMsg HTTP/1.1" 200 27
120.253.135.82 - - [27/May/2021:07:55:09 +0800] "POST /xingrg/kc/pszx/mdps_list_operate.html HTTP/1.1" 200 2063
120.253.135.82 - - [27/May/2021:07:55:15 +0800] "GET /xingrg/all/function/internal_message.html?_=1622073096485&CODE_STATE=getMsg HTTP/1.1" 200 27
180.161.111.4 - - [27/May/2021:07:55:16 +0800] "GET /xingrg/all/function/internal_message.html?_=1622073311304&CODE_STATE=getMsg HTTP/1.1" 200 27
117.184.7.30 - - [27/May/2021:07:55:17 +0800] "GET /xingrg/all/function/internal_message.html?_=1622073311806&CODE_STATE=getMsg HTTP/1.1" 302 -
117.184.7.30 - - [27/May/2021:07:55:17 +0800] "GET /xingrg/login.html HTTP/1.1" 200 7641
116.224.253.72 - - [27/May/2021:07:55:28 +0800] "GET /xingrg/check_reg.html?_=1622073332780 HTTP/1.1" 200 22
180.169.147.146 - - [27/May/2021:07:55:30 +0800] "GET /xingrg/all/function/internal_message.html?_=1622073333662&CODE_STATE=getMsg HTTP/1.1" 200 27
116.224.253.72 - - [27/May/2021:07:55:37 +0800] "GET /xingrg/all/function/internal_message.html?_=1622073341622&CODE_STATE=getMsg HTTP/1.1" 200 27
120.253.135.82 - - [27/May/2021:07:55:43 +0800] "GET /xingrg/all/function/internal_message.html?_=1622073385864&CODE_STATE=getMsg HTTP/1.1" 200 27
116.230.114.112 - - [27/May/2021:07:55:50 +0800] "GET /xingrg/all/function/internal_message.html?_=1622073361921&CODE_STATE=getMsg HTTP/1.1" 200 27
116.230.114.112 - - [27/May/2021:07:55:53 +0800] "GET /xingrg/check_reg.html?_=1622073362523 HTTP/1.1" 200 22
116.230.110.80 - - [27/May/2021:07:55:53 +0800] "GET /xingrg/all/function/internal_message.html?_=1622073351175&CODE_STATE=getMsg HTTP/1.1" 200 27
116.230.114.112 - - [27/May/2021:07:55:58 +0800] "GET /xingrg/all/function/internal_message.html?_=1622073367444&CODE_STATE=getMsg HTTP/1.1" 200 27
116.224.253.72 - - [27/May/2021:07:56:01 +0800] "GET /xingrg/all/function/internal_message.html?_=1622073360257&CODE_STATE=getMsg HTTP/1.1" 200 27
180.169.147.146 - - [27/May/2021:07:56:02 +0800] "GET /xingrg/all/function/internal_message.html?_=1622073347006&CODE_STATE=getMsg HTTP/1.1" 200 27
180.169.147.146 - - [27/May/2021:07:56:02 +0800] "GET /xingrg/check_reg.html?_=1622073347006 HTTP/1.1" 200 22
120.253.135.82 - - [27/May/2021:07:56:15 +0800] "GET /xingrg/check_reg.html?_=1622073155888 HTTP/1.1" 200 22
120.253.135.82 - - [27/May/2021:07:56:15 +0800] "GET /xingrg/all/function/internal_message.html?_=1622073156560&CODE_STATE=getMsg HTTP/1.1" 200 27
180.161.111.4 - - [27/May/2021:07:56:16 +0800] "GET /xingrg/all/function/internal_message.html?_=1622073371303&CODE_STATE=getMsg HTTP/1.1" 200 27
117.184.7.30 - - [27/May/2021:07:56:17 +0800] "GET /xingrg/check_reg.html?_=1622073371808 HTTP/1.1" 302 -
117.184.7.30 - - [27/May/2021:07:56:17 +0800] "GET /xingrg/all/function/internal_message.html?_=1622073371807&CODE_STATE=getMsg HTTP/1.1" 302 -
117.184.7.30 - - [27/May/2021:07:56:17 +0800] "GET /xingrg/login.html HTTP/1.1" 200 7641
117.184.7.30 - - [27/May/2021:07:56:17 +0800] "GET /xingrg/login.html HTTP/1.1" 200 7641
116.230.114.112 - - [27/May/2021:07:56:18 +0800] "GET /xingrg/check_reg.html?_=1622073389701 HTTP/1.1" 200 22
180.169.147.146 - - [27/May/2021:07:56:30 +0800] "GET /xingrg/all/function/internal_message.html?_=1622073393661&CODE_STATE=getMsg HTTP/1.1" 200 27
116.224.253.72 - - [27/May/2021:07:56:37 +0800] "GET /xingrg/all/function/internal_message.html?_=1622073401634&CODE_STATE=getMsg HTTP/1.1" 200 27
120.253.135.82 - - [27/May/2021:07:56:43 +0800] "GET /xingrg/all/function/internal_message.html?_=1622073445894&CODE_STATE=getMsg HTTP/1.1" 200 27
116.230.114.112 - - [27/May/2021:07:56:50 +0800] "GET /xingrg/all/function/internal_message.html?_=1622073421930&CODE_STATE=getMsg HTTP/1.1" 200 27
116.230.110.80 - - [27/May/2021:07:56:53 +0800] "GET /xingrg/all/function/internal_message.html?_=1622073411186&CODE_STATE=getMsg HTTP/1.1" 200 27
116.230.114.112 - - [27/May/2021:07:56:58 +0800] "GET /xingrg/all/function/internal_message.html?_=1622073427458&CODE_STATE=getMsg HTTP/1.1" 200 27
116.224.253.72 - - [27/May/2021:07:57:01 +0800] "GET /xingrg/all/function/internal_message.html?_=1622073420257&CODE_STATE=getMsg HTTP/1.1" 200 27
180.169.147.146 - - [27/May/2021:07:57:02 +0800] "GET /xingrg/all/function/internal_message.html?_=1622073407005&CODE_STATE=getMsg HTTP/1.1" 200 27
120.253.135.82 - - [27/May/2021:07:57:15 +0800] "GET /xingrg/all/function/internal_message.html?_=1622073216574&CODE_STATE=getMsg HTTP/1.1" 200 27
180.161.111.4 - - [27/May/2021:07:57:16 +0800] "GET /xingrg/all/function/internal_message.html?_=1622073431302&CODE_STATE=getMsg HTTP/1.1" 200 27
117.184.7.30 - - [27/May/2021:07:57:17 +0800] "GET /xingrg/all/function/internal_message.html?_=1622073431809&CODE_STATE=getMsg HTTP/1.1" 302 -
117.184.7.30 - - [27/May/2021:07:57:17 +0800] "GET /xingrg/login.html HTTP/1.1" 200 7641
120.253.135.82 - - [27/May/2021:07:57:28 +0800] "GET /xingrg/kc/report/report_main.html HTTP/1.1" 200 9370
120.253.135.82 - - [27/May/2021:07:57:29 +0800] "GET /xingrg/kc/base/kc_stocks.html HTTP/1.1" 200 16431
120.253.135.82 - - [27/May/2021:07:57:29 +0800] "GET /xingrg/javascript/easyui/themes/default/tree.css HTTP/1.1" 404 1090
120.253.135.82 - - [27/May/2021:07:57:30 +0800] "POST /xingrg/all/common/load_tree.html?tree=materiel_sort_tree_json HTTP/1.1" 200 8666
180.169.147.146 - - [27/May/2021:07:57:30 +0800] "GET /xingrg/all/function/internal_message.html?_=1622073453660&CODE_STATE=getMsg HTTP/1.1" 200 27
120.253.135.82 - - [27/May/2021:07:57:31 +0800] "POST /xingrg/all/common/load_combo.html?type=base HTTP/1.1" 200 1075
116.224.253.72 - - [27/May/2021:07:57:37 +0800] "GET /xingrg/all/function/internal_message.html?_=1622073461655&CODE_STATE=getMsg HTTP/1.1" 200 27
120.253.135.82 - - [27/May/2021:07:57:40 +0800] "POST /xingrg/kc/base/stock_operate.html HTTP/1.1" 200 1461
120.253.135.82 - - [27/May/2021:07:57:43 +0800] "GET /xingrg/all/function/internal_message.html?_=1622073505908&CODE_STATE=getMsg HTTP/1.1" 200 27
116.230.114.112 - - [27/May/2021:07:57:50 +0800] "GET /xingrg/all/function/internal_message.html?_=1622073481944&CODE_STATE=getMsg HTTP/1.1" 200 27
116.230.110.80 - - [27/May/2021:07:57:53 +0800] "GET /xingrg/all/function/internal_message.html?_=1622073471184&CODE_STATE=getMsg HTTP/1.1" 200 27
116.230.114.112 - - [27/May/2021:07:57:58 +0800] "GET /xingrg/all/function/internal_message.html?_=1622073487490&CODE_STATE=getMsg HTTP/1.1" 200 27
116.224.253.72 - - [27/May/2021:07:58:01 +0800] "GET /xingrg/all/function/internal_message.html?_=1622073480253&CODE_STATE=getMsg HTTP/1.1" 200 27
116.224.253.72 - - [27/May/2021:07:58:01 +0800] "GET /xingrg/check_reg.html?_=1622073480255 HTTP/1.1" 200 22
180.169.147.146 - - [27/May/2021:07:58:02 +0800] "GET /xingrg/all/function/internal_message.html?_=1622073467005&CODE_STATE=getMsg HTTP/1.1" 200 27
120.253.135.82 - - [27/May/2021:07:58:15 +0800] "GET /xingrg/all/function/internal_message.html?_=1622073276587&CODE_STATE=getMsg HTTP/1.1" 200 27
180.161.111.4 - - [27/May/2021:07:58:16 +0800] "GET /xingrg/check_reg.html?_=1622073491320 HTTP/1.1" 200 22
180.161.111.4 - - [27/May/2021:07:58:16 +0800] "GET /xingrg/all/function/internal_message.html?_=1622073491317&CODE_STATE=getMsg HTTP/1.1" 200 27
117.184.7.30 - - [27/May/2021:07:58:17 +0800] "GET /xingrg/all/function/internal_message.html?_=1622073491811&CODE_STATE=getMsg HTTP/1.1" 302 -
117.184.7.30 - - [27/May/2021:07:58:17 +0800] "GET /xingrg/login.html HTTP/1.1" 200 7641
180.169.147.146 - - [27/May/2021:07:58:30 +0800] "GET /xingrg/all/function/internal_message.html?_=1622073513660&CODE_STATE=getMsg HTTP/1.1" 200 27
180.169.147.146 - - [27/May/2021:07:58:30 +0800] "GET /xingrg/check_reg.html?_=1622073513663 HTTP/1.1" 200 22
116.224.253.72 - - [27/May/2021:07:58:37 +0800] "GET /xingrg/all/function/internal_message.html?_=1622073521661&CODE_STATE=getMsg HTTP/1.1" 200 27
120.253.135.82 - - [27/May/2021:07:58:43 +0800] "GET /xingrg/all/function/internal_message.html?_=1622073565946&CODE_STATE=getMsg HTTP/1.1" 200 27
120.253.135.82 - - [27/May/2021:07:58:45 +0800] "GET /xingrg/check_reg.html?_=1622073568356 HTTP/1.1" 200 22
116.230.114.112 - - [27/May/2021:07:58:50 +0800] "GET /xingrg/all/function/internal_message.html?_=1622073541961&CODE_STATE=getMsg HTTP/1.1" 200 27
116.230.110.80 - - [27/May/2021:07:58:53 +0800] "GET /xingrg/all/function/internal_message.html?_=1622073531184&CODE_STATE=getMsg HTTP/1.1" 200 27
116.230.114.112 - - [27/May/2021:07:58:58 +0800] "GET /xingrg/all/function/internal_message.html?_=1622073547501&CODE_STATE=getMsg HTTP/1.1" 200 27
116.224.253.72 - - [27/May/2021:07:59:01 +0800] "GET /xingrg/all/function/internal_message.html?_=1622073540271&CODE_STATE=getMsg HTTP/1.1" 200 27
180.169.147.146 - - [27/May/2021:07:59:02 +0800] "GET /xingrg/all/function/internal_message.html?_=1622073527003&CODE_STATE=getMsg HTTP/1.1" 200 27
120.253.135.82 - - [27/May/2021:07:59:15 +0800] "GET /xingrg/all/function/internal_message.html?_=1622073336602&CODE_STATE=getMsg HTTP/1.1" 200 27
180.161.111.4 - - [27/May/2021:07:59:16 +0800] "GET /xingrg/all/function/internal_message.html?_=1622073551305&CODE_STATE=getMsg HTTP/1.1" 200 27
117.184.7.30 - - [27/May/2021:07:59:17 +0800] "GET /xingrg/all/function/internal_message.html?_=1622073551813&CODE_STATE=getMsg HTTP/1.1" 302 -
117.184.7.30 - - [27/May/2021:07:59:17 +0800] "GET /xingrg/login.html HTTP/1.1" 200 7641
180.169.147.146 - - [27/May/2021:07:59:30 +0800] "GET /xingrg/all/function/internal_message.html?_=1622073573651&CODE_STATE=getMsg HTTP/1.1" 200 27
116.224.253.72 - - [27/May/2021:07:59:37 +0800] "GET /xingrg/all/function/internal_message.html?_=1622073581683&CODE_STATE=getMsg HTTP/1.1" 200 27
120.253.135.82 - - [27/May/2021:07:59:43 +0800] "GET /xingrg/all/function/internal_message.html?_=1622073625950&CODE_STATE=getMsg HTTP/1.1" 200 27
116.230.114.112 - - [27/May/2021:07:59:50 +0800] "GET /xingrg/all/function/internal_message.html?_=1622073601972&CODE_STATE=getMsg HTTP/1.1" 200 27
116.230.110.80 - - [27/May/2021:07:59:53 +0800] "GET /xingrg/all/function/internal_message.html?_=1622073591179&CODE_STATE=getMsg HTTP/1.1" 200 27
116.230.110.80 - - [27/May/2021:07:59:53 +0800] "GET /xingrg/check_reg.html?_=1622073591180 HTTP/1.1" 200 22
116.230.114.112 - - [27/May/2021:07:59:58 +0800] "GET /xingrg/all/function/internal_message.html?_=1622073607533&CODE_STATE=getMsg HTTP/1.1" 200 27
116.224.253.72 - - [27/May/2021:08:00:01 +0800] "GET /xingrg/all/function/internal_message.html?_=1622073600273&CODE_STATE=getMsg HTTP/1.1" 200 27
180.169.147.146 - - [27/May/2021:08:00:02 +0800] "GET /xingrg/all/function/internal_message.html?_=1622073587001&CODE_STATE=getMsg HTTP/1.1" 200 27
120.253.135.82 - - [27/May/2021:08:00:15 +0800] "GET /xingrg/all/function/internal_message.html?_=1622073396644&CODE_STATE=getMsg HTTP/1.1" 200 27
180.161.111.4 - - [27/May/2021:08:00:16 +0800] "GET /xingrg/all/function/internal_message.html?_=1622073611304&CODE_STATE=getMsg HTTP/1.1" 200 27
117.184.7.30 - - [27/May/2021:08:00:17 +0800] "GET /xingrg/all/function/internal_message.html?_=1622073611814&CODE_STATE=getMsg HTTP/1.1" 302 -
117.184.7.30 - - [27/May/2021:08:00:17 +0800] "GET /xingrg/login.html HTTP/1.1" 200 7641
116.224.253.72 - - [27/May/2021:08:00:28 +0800] "GET /xingrg/check_reg.html?_=1622073632786 HTTP/1.1" 200 22
180.169.147.146 - - [27/May/2021:08:00:30 +0800] "GET /xingrg/all/function/internal_message.html?_=1622073633651&CODE_STATE=getMsg HTTP/1.1" 200 27
116.224.253.72 - - [27/May/2021:08:00:37 +0800] "GET /xingrg/all/function/internal_message.html?_=1622073641690&CODE_STATE=getMsg HTTP/1.1" 200 27
120.253.135.82 - - [27/May/2021:08:00:43 +0800] "GET /xingrg/all/function/internal_message.html?_=1622073685963&CODE_STATE=getMsg HTTP/1.1" 200 27
116.230.114.112 - - [27/May/2021:08:00:50 +0800] "GET /xingrg/all/function/internal_message.html?_=1622073661986&CODE_STATE=getMsg HTTP/1.1" 200 27
116.230.114.112 - - [27/May/2021:08:00:53 +0800] "GET /xingrg/check_reg.html?_=1622073662520 HTTP/1.1" 200 22
116.230.110.80 - - [27/May/2021:08:00:53 +0800] "GET /xingrg/all/function/internal_message.html?_=1622073651192&CODE_STATE=getMsg HTTP/1.1" 200 27
116.230.114.112 - - [27/May/2021:08:00:58 +0800] "GET /xingrg/all/function/internal_message.html?_=1622073667543&CODE_STATE=getMsg HTTP/1.1" 200 27
116.224.253.72 - - [27/May/2021:08:01:01 +0800] "GET /xingrg/all/function/internal_message.html?_=1622073660278&CODE_STATE=getMsg HTTP/1.1" 200 27
180.169.147.146 - - [27/May/2021:08:01:02 +0800] "GET /xingrg/all/function/internal_message.html?_=1622073647015&CODE_STATE=getMsg HTTP/1.1" 200 27
180.169.147.146 - - [27/May/2021:08:01:02 +0800] "GET /xingrg/check_reg.html?_=1622073647016 HTTP/1.1" 200 22
120.253.135.82 - - [27/May/2021:08:01:15 +0800] "GET /xingrg/check_reg.html?_=1622073455895 HTTP/1.1" 200 22
120.253.135.82 - - [27/May/2021:08:01:15 +0800] "GET /xingrg/all/function/internal_message.html?_=1622073456706&CODE_STATE=getMsg HTTP/1.1" 200 27
180.161.111.4 - - [27/May/2021:08:01:16 +0800] "GET /xingrg/all/function/internal_message.html?_=1622073671302&CODE_STATE=getMsg HTTP/1.1" 200 27
117.184.7.30 - - [27/May/2021:08:01:17 +0800] "GET /xingrg/all/function/internal_message.html?_=1622073671813&CODE_STATE=getMsg HTTP/1.1" 302 -
117.184.7.30 - - [27/May/2021:08:01:17 +0800] "GET /xingrg/check_reg.html?_=1622073671815 HTTP/1.1" 302 -
117.184.7.30 - - [27/May/2021:08:01:17 +0800] "GET /xingrg/login.html HTTP/1.1" 200 7641
117.184.7.30 - - [27/May/2021:08:01:17 +0800] "GET /xingrg/login.html HTTP/1.1" 200 7641
116.230.114.112 - - [27/May/2021:08:01:18 +0800] "GET /xingrg/check_reg.html?_=1622073689707 HTTP/1.1" 200 22
180.169.147.146 - - [27/May/2021:08:01:30 +0800] "GET /xingrg/all/function/internal_message.html?_=1622073693651&CODE_STATE=getMsg HTTP/1.1" 200 27
116.224.253.72 - - [27/May/2021:08:01:37 +0800] "GET /xingrg/all/function/internal_message.html?_=1622073701703&CODE_STATE=getMsg HTTP/1.1" 200 27
120.253.135.82 - - [27/May/2021:08:01:43 +0800] "GET /xingrg/all/function/internal_message.html?_=1622073745998&CODE_STATE=getMsg HTTP/1.1" 200 27
116.230.114.112 - - [27/May/2021:08:01:50 +0800] "GET /xingrg/all/function/internal_message.html?_=1622073721998&CODE_STATE=getMsg HTTP/1.1" 200 27
116.230.110.80 - - [27/May/2021:08:01:53 +0800] "GET /xingrg/all/function/internal_message.html?_=1622073711191&CODE_STATE=getMsg HTTP/1.1" 200 27
116.230.114.112 - - [27/May/2021:08:01:58 +0800] "GET /xingrg/all/function/internal_message.html?_=1622073727557&CODE_STATE=getMsg HTTP/1.1" 200 27
116.224.253.72 - - [27/May/2021:08:02:01 +0800] "GET /xingrg/all/function/internal_message.html?_=1622073720286&CODE_STATE=getMsg HTTP/1.1" 200 27
180.169.147.146 - - [27/May/2021:08:02:02 +0800] "GET /xingrg/all/function/internal_message.html?_=1622073707040&CODE_STATE=getMsg HTTP/1.1" 200 27
120.253.135.82 - - [27/May/2021:08:02:15 +0800] "GET /xingrg/all/function/internal_message.html?_=1622073516705&CODE_STATE=getMsg HTTP/1.1" 200 27
180.161.111.4 - - [27/May/2021:08:02:16 +0800] "GET /xingrg/all/function/internal_message.html?_=1622073731304&CODE_STATE=getMsg HTTP/1.1" 200 27
117.184.7.30 - - [27/May/2021:08:02:17 +0800] "GET /xingrg/all/function/internal_message.html?_=1622073731814&CODE_STATE=getMsg HTTP/1.1" 302 -
117.184.7.30 - - [27/May/2021:08:02:17 +0800] "GET /xingrg/login.html HTTP/1.1" 200 7641
180.169.147.146 - - [27/May/2021:08:02:30 +0800] "GET /xingrg/all/function/internal_message.html?_=1622073753650&CODE_STATE=getMsg HTTP/1.1" 200 27
116.224.253.72 - - [27/May/2021:08:02:37 +0800] "GET /xingrg/all/function/internal_message.html?_=1622073761723&CODE_STATE=getMsg HTTP/1.1" 200 27
120.253.135.82 - - [27/May/2021:08:02:43 +0800] "GET /xingrg/all/function/internal_message.html?_=1622073806007&CODE_STATE=getMsg HTTP/1.1" 200 27
116.230.114.112 - - [27/May/2021:08:02:50 +0800] "GET /xingrg/all/function/internal_message.html?_=1622073782012&CODE_STATE=getMsg HTTP/1.1" 200 27
116.230.110.80 - - [27/May/2021:08:02:53 +0800] "GET /xingrg/all/function/internal_message.html?_=1622073771185&CODE_STATE=getMsg HTTP/1.1" 200 27
116.230.114.112 - - [27/May/2021:08:02:58 +0800] "GET /xingrg/all/function/internal_message.html?_=1622073787590&CODE_STATE=getMsg HTTP/1.1" 200 27
116.224.253.72 - - [27/May/2021:08:03:01 +0800] "GET /xingrg/all/function/internal_message.html?_=1622073780286&CODE_STATE=getMsg HTTP/1.1" 200 27
116.224.253.72 - - [27/May/2021:08:03:01 +0800] "GET /xingrg/check_reg.html?_=1622073780289 HTTP/1.1" 200 22
180.169.147.146 - - [27/May/2021:08:03:02 +0800] "GET /xingrg/all/function/internal_message.html?_=1622073767038&CODE_STATE=getMsg HTTP/1.1" 200 27
120.253.135.82 - - [27/May/2021:08:03:15 +0800] "GET /xingrg/all/function/internal_message.html?_=1622073576719&CODE_STATE=getMsg HTTP/1.1" 200 27
180.161.111.4 - - [27/May/2021:08:03:16 +0800] "GET /xingrg/check_reg.html?_=1622073791304 HTTP/1.1" 200 22
180.161.111.4 - - [27/May/2021:08:03:16 +0800] "GET /xingrg/all/function/internal_message.html?_=1622073791302&CODE_STATE=getMsg HTTP/1.1" 200 27
117.184.7.30 - - [27/May/2021:08:03:17 +0800] "GET /xingrg/all/function/internal_message.html?_=1622073791815&CODE_STATE=getMsg HTTP/1.1" 302 -
117.184.7.30 - - [27/May/2021:08:03:17 +0800] "GET /xingrg/login.html HTTP/1.1" 200 7641
180.169.147.146 - - [27/May/2021:08:03:30 +0800] "GET /xingrg/all/function/internal_message.html?_=1622073813669&CODE_STATE=getMsg HTTP/1.1" 200 27
180.169.147.146 - - [27/May/2021:08:03:30 +0800] "GET /xingrg/check_reg.html?_=1622073813674 HTTP/1.1" 200 22
116.224.253.72 - - [27/May/2021:08:03:37 +0800] "GET /xingrg/all/function/internal_message.html?_=1622073821729&CODE_STATE=getMsg HTTP/1.1" 200 27
120.253.135.82 - - [27/May/2021:08:03:43 +0800] "GET /xingrg/all/function/internal_message.html?_=1622073866040&CODE_STATE=getMsg HTTP/1.1" 200 27
120.253.135.82 - - [27/May/2021:08:03:45 +0800] "GET /xingrg/check_reg.html?_=1622073868363 HTTP/1.1" 200 22
116.230.114.112 - - [27/May/2021:08:03:50 +0800] "GET /xingrg/all/function/internal_message.html?_=1622073842028&CODE_STATE=getMsg HTTP/1.1" 200 27
116.230.110.80 - - [27/May/2021:08:03:53 +0800] "GET /xingrg/all/function/internal_message.html?_=1622073831182&CODE_STATE=getMsg HTTP/1.1" 200 27
116.230.114.112 - - [27/May/2021:08:03:58 +0800] "GET /xingrg/all/function/internal_message.html?_=1622073847600&CODE_STATE=getMsg HTTP/1.1" 200 27
116.224.253.72 - - [27/May/2021:08:04:01 +0800] "GET /xingrg/all/function/internal_message.html?_=1622073840289&CODE_STATE=getMsg HTTP/1.1" 200 27
180.169.147.146 - - [27/May/2021:08:04:02 +0800] "GET /xingrg/all/function/internal_message.html?_=1622073827036&CODE_STATE=getMsg HTTP/1.1" 200 27
120.253.135.82 - - [27/May/2021:08:04:16 +0800] "GET /xingrg/all/function/internal_message.html?_=1622073636780&CODE_STATE=getMsg HTTP/1.1" 200 27
180.161.111.4 - - [27/May/2021:08:04:16 +0800] "GET /xingrg/all/function/internal_message.html?_=1622073851302&CODE_STATE=getMsg HTTP/1.1" 200 27
