180.161.111.4 - - [27/May/2021:09:07:59 +0800] "GET /xingrg/kc/print/load_config.html?kc_code=cgsh HTTP/1.1" 200 1845
116.230.114.112 - - [27/May/2021:09:07:59 +0800] "GET /xingrg/all/function/internal_message.html?_=1622077688878&CODE_STATE=getMsg HTTP/1.1" 200 27
180.161.111.4 - - [27/May/2021:09:07:59 +0800] "GET /xingrg/kc/print/load_data.html?order_code=212021052711997&kc_code=cgsh&condition= HTTP/1.1" 200 3361
61.165.42.208 - - [27/May/2021:09:07:59 +0800] "POST /xingrg/kc/buy/cgsh_list_operate.html HTTP/1.1" 200 2051
61.165.42.208 - - [27/May/2021:09:08:00 +0800] "GET /xingrg/kc/base/base_main.html HTTP/1.1" 200 12142
61.165.42.208 - - [27/May/2021:09:08:00 +0800] "GET /xingrg/images/blue/button/wlsy.gif HTTP/1.1" 304 -
61.165.42.208 - - [27/May/2021:09:08:00 +0800] "GET /xingrg/images/blue/button/ckpd.gif HTTP/1.1" 304 -
61.165.42.208 - - [27/May/2021:09:08:00 +0800] "GET /xingrg/images/blue/button/ckdb.gif HTTP/1.1" 304 -
61.165.42.208 - - [27/May/2021:09:08:00 +0800] "GET /xingrg/images/blue/button/yddb.gif HTTP/1.1" 304 -
61.165.42.208 - - [27/May/2021:09:08:00 +0800] "GET /xingrg/images/blue/button/left_ah.jpg HTTP/1.1" 304 -
61.165.42.208 - - [27/May/2021:09:08:00 +0800] "GET /xingrg/images/blue/button/down.jpg HTTP/1.1" 304 -
61.165.42.208 - - [27/May/2021:09:08:00 +0800] "GET /xingrg/images/blue/button/top_left.jpg HTTP/1.1" 304 -
61.165.42.208 - - [27/May/2021:09:08:00 +0800] "GET /xingrg/images/blue/button/top_right.jpg HTTP/1.1" 304 -
61.165.42.208 - - [27/May/2021:09:08:00 +0800] "GET /xingrg/images/blue/button/bottom_left.jpg HTTP/1.1" 304 -
61.165.42.208 - - [27/May/2021:09:08:00 +0800] "GET /xingrg/images/blue/button/bottom_right.jpg HTTP/1.1" 304 -
61.165.42.208 - - [27/May/2021:09:08:01 +0800] "GET /xingrg/kc/base/wldb_order_list.html HTTP/1.1" 200 18979
61.165.42.208 - - [27/May/2021:09:08:01 +0800] "POST /xingrg/kc/buy/cgsh_list_operate.html HTTP/1.1" 200 2051
61.165.42.208 - - [27/May/2021:09:08:01 +0800] "POST /xingrg/kc/base/wldb_list_operate.html HTTP/1.1" 200 928
180.169.147.146 - - [27/May/2021:09:08:02 +0800] "GET /xingrg/all/function/internal_message.html?_=1622077667311&CODE_STATE=getMsg HTTP/1.1" 200 27
116.232.51.206 - - [27/May/2021:09:08:04 +0800] "GET /xingrg/kc/buy/cgsh_order_operate.html?command=get_materiel&rest_code=00109&code=00101008291&supplier_code=00100005&order_time=2021-05-27 HTTP/1.1" 200 408
116.232.51.206 - - [27/May/2021:09:08:06 +0800] "POST /xingrg/kc/buy/cgsh_order_operate.html HTTP/1.1" 200 2065
61.165.42.208 - - [27/May/2021:09:08:06 +0800] "GET /xingrg/kc/base/wldb_order_add.html HTTP/1.1" 200 30187
61.165.42.208 - - [27/May/2021:09:08:06 +0800] "POST /xingrg/kc/base/wldb_order_operate.html HTTP/1.1" 200 6806
61.165.42.208 - - [27/May/2021:09:08:06 +0800] "GET /xingrg/all/common/auto_word.html?type=base&rest_code=00105 HTTP/1.1" 200 1811
61.165.42.208 - - [27/May/2021:09:08:06 +0800] "GET /xingrg/all/common/auto_word.html?type=base&rest_code=00105 HTTP/1.1" 200 1811
61.165.42.208 - - [27/May/2021:09:08:06 +0800] "GET /xingrg/javascript/easyui/themes/default/validatebox.css HTTP/1.1" 404 1104
61.165.42.208 - - [27/May/2021:09:08:09 +0800] "GET /xingrg/css/images/panel_loading.gif HTTP/1.1" 304 -
61.165.42.208 - - [27/May/2021:09:08:09 +0800] "POST /xingrg/all/common/load_combo.html?type=base HTTP/1.1" 200 3236
116.232.51.206 - - [27/May/2021:09:08:10 +0800] "GET /xingrg/kc/buy/cgsh_order_operate.html?command=get_materiel&rest_code=00109&code=00101008225&supplier_code=00100005&order_time=2021-05-27 HTTP/1.1" 200 416
116.235.222.38 - - [27/May/2021:09:08:12 +0800] "GET /xingrg/kc/buy/cgsh_order_operate.html?command=get_materiel&rest_code=00107&code=00101008223&supplier_code=00100006&order_time=2021-05-27 HTTP/1.1" 200 412
116.224.253.72 - - [27/May/2021:09:08:14 +0800] "GET /xingrg/all/function/internal_message.html?_=1622077692421&CODE_STATE=getMsg HTTP/1.1" 200 27
180.161.111.4 - - [27/May/2021:09:08:16 +0800] "GET /xingrg/all/function/internal_message.html?_=1622077691355&CODE_STATE=getMsg HTTP/1.1" 200 27
180.161.111.4 - - [27/May/2021:09:08:16 +0800] "GET /xingrg/check_reg.html?_=1622077691357 HTTP/1.1" 200 22
117.184.7.30 - - [27/May/2021:09:08:17 +0800] "GET /xingrg/all/function/internal_message.html?_=1622077691887&CODE_STATE=getMsg HTTP/1.1" 302 -
117.184.7.30 - - [27/May/2021:09:08:17 +0800] "GET /xingrg/login.html HTTP/1.1" 200 7641
61.165.42.208 - - [27/May/2021:09:08:20 +0800] "GET /xingrg/javascript/auto/indicator.gif HTTP/1.1" 404 1066
116.232.51.206 - - [27/May/2021:09:08:22 +0800] "GET /xingrg/kc/buy/cgsh_order_operate.html?command=get_materiel&rest_code=00109&code=00101008208&supplier_code=00100005&order_time=2021-05-27 HTTP/1.1" 200 409
222.69.128.123 - - [27/May/2021:09:08:26 +0800] "GET /xingrg/kc/buy/cgsh_order_operate.html?command=get_materiel&rest_code=00149&code=00101015066&supplier_code=00100005&order_time=2021-05-27 HTTP/1.1" 200 413
116.232.51.206 - - [27/May/2021:09:08:26 +0800] "GET /xingrg/all/function/internal_message.html?_=1622077704380&CODE_STATE=getMsg HTTP/1.1" 200 27
116.230.114.112 - - [27/May/2021:09:08:29 +0800] "GET /xingrg/kc/buy/cgsh_order_operate.html?command=get_materiel&rest_code=00146&code=00101008132&supplier_code=00100005&order_time=2021-05-27 HTTP/1.1" 200 408
180.161.111.4 - - [27/May/2021:09:08:30 +0800] "GET /xingrg/check_reg.html?_=1622077668486 HTTP/1.1" 200 22
116.235.222.38 - - [27/May/2021:09:08:30 +0800] "POST /xingrg/kc/buy/cgsh_order_operate.html HTTP/1.1" 200 2065
180.169.147.146 - - [27/May/2021:09:08:31 +0800] "GET /xingrg/check_reg.html?_=1622077713827 HTTP/1.1" 200 22
180.169.147.146 - - [27/May/2021:09:08:31 +0800] "GET /xingrg/all/function/internal_message.html?_=1622077713830&CODE_STATE=getMsg HTTP/1.1" 200 27
180.161.111.4 - - [27/May/2021:09:08:34 +0800] "GET /xingrg/all/function/internal_message.html?_=1622077673073&CODE_STATE=getMsg HTTP/1.1" 200 27
116.232.51.206 - - [27/May/2021:09:08:34 +0800] "GET /xingrg/kc/buy/cgsh_order_operate.html?command=get_materiel&rest_code=00109&code=00101008010&supplier_code=00100005&order_time=2021-05-27 HTTP/1.1" 200 412
222.69.128.123 - - [27/May/2021:09:08:35 +0800] "GET /xingrg/kc/buy/cgsh_order_operate.html?command=get_materiel&rest_code=00149&code=00101008357&supplier_code=00100005&order_time=2021-05-27 HTTP/1.1" 200 408
180.169.147.146 - - [27/May/2021:09:08:36 +0800] "GET /xingrg/check_reg.html?_=1622077713852 HTTP/1.1" 302 -
116.224.253.72 - - [27/May/2021:09:08:38 +0800] "GET /xingrg/all/function/internal_message.html?_=1622077722612&CODE_STATE=getMsg HTTP/1.1" 200 27
116.235.222.38 - - [27/May/2021:09:08:38 +0800] "GET /xingrg/kc/buy/cgsh_order_operate.html?command=get_materiel&rest_code=00107&code=00101008041&supplier_code=00100006&order_time=2021-05-27 HTTP/1.1" 200 408
116.230.114.112 - - [27/May/2021:09:08:39 +0800] "GET /xingrg/kc/buy/cgsh_order_operate.html?command=get_materiel&rest_code=00146&code=00101008349&supplier_code=00100005&order_time=2021-05-27 HTTP/1.1" 200 412
222.69.128.123 - - [27/May/2021:09:08:40 +0800] "GET /xingrg/all/function/internal_message.html?_=1622077718694&CODE_STATE=getMsg HTTP/1.1" 200 27
222.69.128.123 - - [27/May/2021:09:08:42 +0800] "POST /xingrg/kc/buy/cgsh_order_operate.html HTTP/1.1" 200 2065
120.253.135.82 - - [27/May/2021:09:08:44 +0800] "GET /xingrg/all/function/internal_message.html?_=1622077767404&CODE_STATE=getMsg HTTP/1.1" 200 27
120.253.135.82 - - [27/May/2021:09:08:45 +0800] "GET /xingrg/check_reg.html?_=1622077768431 HTTP/1.1" 200 22
116.235.222.38 - - [27/May/2021:09:08:50 +0800] "GET /xingrg/kc/buy/cgsh_order_operate.html?command=get_materiel&rest_code=00107&code=00101009044&supplier_code=00100006&order_time=2021-05-27 HTTP/1.1" 200 412
116.230.114.112 - - [27/May/2021:09:08:51 +0800] "GET /xingrg/all/function/internal_message.html?_=1622077742986&CODE_STATE=getMsg HTTP/1.1" 200 27
222.69.128.123 - - [27/May/2021:09:08:52 +0800] "GET /xingrg/kc/buy/cgsh_order_operate.html?command=get_materiel&rest_code=00149&code=00101008286&supplier_code=00100005&order_time=2021-05-27 HTTP/1.1" 200 408
61.165.42.208 - - [27/May/2021:09:08:52 +0800] "GET /xingrg/all/function/internal_message.html?_=1622077711547&CODE_STATE=getMsg HTTP/1.1" 200 27
116.235.222.38 - - [27/May/2021:09:08:53 +0800] "GET /xingrg/all/function/internal_message.html?_=1622077728617&CODE_STATE=getMsg HTTP/1.1" 200 27
116.230.110.80 - - [27/May/2021:09:08:53 +0800] "GET /xingrg/all/function/internal_message.html?_=1622077731178&CODE_STATE=getMsg HTTP/1.1" 200 27
116.230.114.112 - - [27/May/2021:09:08:56 +0800] "GET /xingrg/kc/buy/cgsh_order_operate.html?command=get_materiel&rest_code=00146&code=00101008244&supplier_code=00100005&order_time=2021-05-27 HTTP/1.1" 200 408
116.230.114.112 - - [27/May/2021:09:08:59 +0800] "GET /xingrg/all/function/internal_message.html?_=1622077748888&CODE_STATE=getMsg HTTP/1.1" 200 27
116.235.222.38 - - [27/May/2021:09:09:01 +0800] "GET /xingrg/kc/buy/cgsh_order_operate.html?command=get_materiel&rest_code=00107&code=00101009066&supplier_code=00100006&order_time=2021-05-27 HTTP/1.1" 200 416
180.169.147.146 - - [27/May/2021:09:09:02 +0800] "GET /xingrg/all/function/internal_message.html?_=1622077727309&CODE_STATE=getMsg HTTP/1.1" 200 27
180.169.147.146 - - [27/May/2021:09:09:06 +0800] "GET /xingrg/login.html HTTP/1.1" 200 7641
180.169.147.146 - - [27/May/2021:09:09:06 +0800] "GET /favicon.ico HTTP/1.1" 404 -
180.169.147.146 - - [27/May/2021:09:09:08 +0800] "POST /xingrg/login.do HTTP/1.1" 302 -
180.169.147.146 - - [27/May/2021:09:09:08 +0800] "GET /xingrg/index.html?sysBaseUrl=http%3A%2F%2F180.169.147.146%3A18081%2Fxingrg%2F&costTime=126×tamp=1622077748141 HTTP/1.1" 200 17503
180.169.147.146 - - [27/May/2021:09:09:08 +0800] "GET /favicon.ico HTTP/1.1" 404 -
180.169.147.146 - - [27/May/2021:09:09:08 +0800] "POST /xingrg/all/common/load_tree.html?tree=area_rest_tree_json&manage=1 HTTP/1.1" 200 3216
180.169.147.146 - - [27/May/2021:09:09:08 +0800] "GET /xingrg/check_reg.html?_=1622077748726 HTTP/1.1" 200 22
180.169.147.146 - - [27/May/2021:09:09:08 +0800] "GET /xingrg/all/function/internal_message.html?_=1622077748725&CODE_STATE=count HTTP/1.1" 200 11
180.169.147.146 - - [27/May/2021:09:09:08 +0800] "POST /xingrg/load_menu.html HTTP/1.1" 200 11564
180.169.147.146 - - [27/May/2021:09:09:10 +0800] "GET /xingrg/kc/report/report_main.html HTTP/1.1" 200 9370
116.224.253.72 - - [27/May/2021:09:09:12 +0800] "GET /xingrg/kc/buy/cgsh_order_operate.html?command=get_materiel&rest_code=00150&code=00101008360&supplier_code=00100007&order_time=2021-05-27 HTTP/1.1" 200 412
180.169.147.146 - - [27/May/2021:09:09:12 +0800] "GET /xingrg/all/report/report_query.html?fileName=kc/buy/gys_amount_base_rest.xml HTTP/1.1" 200 51664
180.169.147.146 - - [27/May/2021:09:09:12 +0800] "GET /xingrg/dwr/interface/AjaxReportQueryService.js HTTP/1.1" 200 13203
180.169.147.146 - - [27/May/2021:09:09:12 +0800] "GET /xingrg/dwr/util.js HTTP/1.1" 304 -
180.169.147.146 - - [27/May/2021:09:09:12 +0800] "GET /xingrg/dwr/engine.js HTTP/1.1" 200 43631
180.169.147.146 - - [27/May/2021:09:09:12 +0800] "POST /xingrg/dwr/call/plaincall/AjaxReportQueryService.getFixDate.dwr HTTP/1.1" 200 111
180.169.147.146 - - [27/May/2021:09:09:12 +0800] "POST /xingrg/all/common/load_tree.html?tree=area_rest_tree_json&manage=1 HTTP/1.1" 200 3216
180.169.147.146 - - [27/May/2021:09:09:13 +0800] "POST /xingrg/all/common/load_tree.html?tree=supplier_tree_json&manage=1 HTTP/1.1" 200 56294
116.224.253.72 - - [27/May/2021:09:09:14 +0800] "GET /xingrg/all/function/internal_message.html?_=1622077752419&CODE_STATE=getMsg HTTP/1.1" 200 27
180.169.147.146 - - [27/May/2021:09:09:14 +0800] "POST /xingrg/dwr/call/plaincall/AjaxReportQueryService.getFixDate.dwr HTTP/1.1" 200 111
116.235.222.38 - - [27/May/2021:09:09:15 +0800] "GET /xingrg/kc/buy/cgsh_order_operate.html?command=get_materiel&rest_code=00107&code=00101015021&supplier_code=00100006&order_time=2021-05-27 HTTP/1.1" 200 428
180.161.111.4 - - [27/May/2021:09:09:16 +0800] "GET /xingrg/javascript/jquery_easy_ui/themes/default/images/tabs_active.png HTTP/1.1" 200 2894
180.161.111.4 - - [27/May/2021:09:09:16 +0800] "GET /xingrg/all/function/internal_message.html?_=1622077751355&CODE_STATE=getMsg HTTP/1.1" 200 27
222.69.128.123 - - [27/May/2021:09:09:16 +0800] "GET /xingrg/kc/buy/cgsh_order_operate.html?command=get_materiel&rest_code=00149&code=00101008036&supplier_code=00100005&order_time=2021-05-27 HTTP/1.1" 200 408
117.184.7.30 - - [27/May/2021:09:09:17 +0800] "GET /xingrg/all/function/internal_message.html?_=1622077751886&CODE_STATE=getMsg HTTP/1.1" 302 -
117.184.7.30 - - [27/May/2021:09:09:17 +0800] "GET /xingrg/login.html HTTP/1.1" 200 7641
116.224.253.72 - - [27/May/2021:09:09:20 +0800] "POST /xingrg/kc/buy/cgsh_order_operate.html HTTP/1.1" 200 37
116.224.253.72 - - [27/May/2021:09:09:22 +0800] "POST /xingrg/kc/buy/cgsh_order_operate.html HTTP/1.1" 200 34567
180.169.147.146 - - [27/May/2021:09:09:25 +0800] "POST /xingrg/dwr/call/plaincall/AjaxReportQueryService.refreshCache.dwr HTTP/1.1" 200 78
180.161.111.4 - - [27/May/2021:09:09:26 +0800] "GET /favicon.ico HTTP/1.1" 404 -
116.232.51.206 - - [27/May/2021:09:09:26 +0800] "GET /xingrg/all/function/internal_message.html?_=1622077764379&CODE_STATE=getMsg HTTP/1.1" 200 27
116.232.51.206 - - [27/May/2021:09:09:26 +0800] "GET /xingrg/check_reg.html?_=1622077764382 HTTP/1.1" 200 22
180.161.111.4 - - [27/May/2021:09:09:26 +0800] "GET /favicon.ico HTTP/1.1" 404 -
180.161.111.4 - - [27/May/2021:09:09:27 +0800] "GET /favicon.ico HTTP/1.1" 404 -
180.161.111.4 - - [27/May/2021:09:09:27 +0800] "GET /xingrg/login.html HTTP/1.1" 200 7641
180.161.111.4 - - [27/May/2021:09:09:28 +0800] "GET /favicon.ico HTTP/1.1" 404 -
180.169.147.146 - - [27/May/2021:09:09:29 +0800] "POST /xingrg/all/report/load_report_page.html HTTP/1.1" 200 64315
180.169.147.146 - - [27/May/2021:09:09:29 +0800] "GET /xingrg/servlets/image?cache=0.5530689939791683&image=px HTTP/1.1" 200 807
180.169.147.146 - - [27/May/2021:09:09:31 +0800] "GET /xingrg/all/function/internal_message.html?_=1622077773830&CODE_STATE=getMsg HTTP/1.1" 200 27
116.235.222.38 - - [27/May/2021:09:09:32 +0800] "GET /xingrg/kc/buy/cgsh_order_operate.html?command=get_materiel&rest_code=00107&code=00101008145&supplier_code=00100006&order_time=2021-05-27 HTTP/1.1" 200 416
116.230.114.112 - - [27/May/2021:09:09:34 +0800] "GET /xingrg/kc/buy/cgsh_order_operate.html?command=get_materiel&rest_code=00146&code=00101008112&supplier_code=00100005&order_time=2021-05-27 HTTP/1.1" 200 412
222.69.128.123 - - [27/May/2021:09:09:35 +0800] "GET /xingrg/kc/buy/cgsh_order_operate.html?command=get_materiel&rest_code=00149&code=00101008131&supplier_code=00100005&order_time=2021-05-27 HTTP/1.1" 200 408
180.161.111.4 - - [27/May/2021:09:09:35 +0800] "POST /xingrg/login.do HTTP/1.1" 302 -
180.161.111.4 - - [27/May/2021:09:09:36 +0800] "GET /xingrg/index.html?sysBaseUrl=http%3A%2F%2F180.169.147.146%3A18081%2Fxingrg%2F&costTime=58×tamp=1622077775916 HTTP/1.1" 200 17173
180.161.111.4 - - [27/May/2021:09:09:36 +0800] "GET /favicon.ico HTTP/1.1" 404 -
180.161.111.4 - - [27/May/2021:09:09:36 +0800] "POST /xingrg/all/common/load_tree.html?tree=area_rest_tree_json&manage=1 HTTP/1.1" 200 342
180.161.111.4 - - [27/May/2021:09:09:36 +0800] "GET /xingrg/all/function/internal_message.html?_=1622077735153&CODE_STATE=count HTTP/1.1" 200 11
180.161.111.4 - - [27/May/2021:09:09:36 +0800] "GET /xingrg/check_reg.html?_=1622077735155 HTTP/1.1" 200 22
180.161.111.4 - - [27/May/2021:09:09:37 +0800] "POST /xingrg/load_menu.html HTTP/1.1" 200 5138
116.235.222.38 - - [27/May/2021:09:09:37 +0800] "POST /xingrg/kc/buy/cgsh_order_operate.html HTTP/1.1" 200 2065
116.224.253.72 - - [27/May/2021:09:09:38 +0800] "GET /xingrg/all/function/internal_message.html?_=1622077782631&CODE_STATE=getMsg HTTP/1.1" 200 27
222.69.128.123 - - [27/May/2021:09:09:40 +0800] "GET /xingrg/all/function/internal_message.html?_=1622077778680&CODE_STATE=getMsg HTTP/1.1" 200 27
120.253.135.82 - - [27/May/2021:09:09:44 +0800] "GET /xingrg/all/function/internal_message.html?_=1622077827416&CODE_STATE=getMsg HTTP/1.1" 200 27
116.235.222.38 - - [27/May/2021:09:09:46 +0800] "GET /xingrg/kc/buy/cgsh_order_operate.html?command=get_materiel&rest_code=00107&code=00101008364&supplier_code=00100006&order_time=2021-05-27 HTTP/1.1" 200 413
180.161.111.4 - - [27/May/2021:09:09:48 +0800] "GET /favicon.ico HTTP/1.1" 404 -
180.161.111.4 - - [27/May/2021:09:09:49 +0800] "GET /favicon.ico HTTP/1.1" 404 -
180.161.111.4 - - [27/May/2021:09:09:49 +0800] "GET /favicon.ico HTTP/1.1" 404 -
222.69.128.123 - - [27/May/2021:09:09:51 +0800] "GET /xingrg/kc/buy/cgsh_order_operate.html?command=get_materiel&rest_code=00149&code=00101008169&supplier_code=00100005&order_time=2021-05-27 HTTP/1.1" 200 412
116.230.114.112 - - [27/May/2021:09:09:51 +0800] "GET /xingrg/all/function/internal_message.html?_=1622077803000&CODE_STATE=getMsg HTTP/1.1" 200 27
116.224.253.72 - - [27/May/2021:09:09:52 +0800] "GET /xingrg/kc/buy/cgsh_order_add.html HTTP/1.1" 200 62019
116.224.253.72 - - [27/May/2021:09:09:52 +0800] "POST /xingrg/kc/buy/cgsh_order_operate.html HTTP/1.1" 200 8245
116.224.253.72 - - [27/May/2021:09:09:52 +0800] "GET /xingrg/javascript/easyui/themes/default/validatebox.css HTTP/1.1" 404 1104
61.165.42.208 - - [27/May/2021:09:09:52 +0800] "GET /xingrg/all/function/internal_message.html?_=1622077771552&CODE_STATE=getMsg HTTP/1.1" 200 27
116.230.114.112 - - [27/May/2021:09:09:52 +0800] "GET /xingrg/kc/buy/cgsh_order_operate.html?command=get_materiel&rest_code=00146&code=00101008028&supplier_code=00100005&order_time=2021-05-27 HTTP/1.1" 200 412
116.224.253.72 - - [27/May/2021:09:09:52 +0800] "GET /xingrg/javascript/easyui/themes/default/images/button_plain_hover.png HTTP/1.1" 304 -
116.235.222.38 - - [27/May/2021:09:09:53 +0800] "GET /xingrg/check_reg.html?_=1622077788623 HTTP/1.1" 200 22
116.235.222.38 - - [27/May/2021:09:09:53 +0800] "GET /xingrg/all/function/internal_message.html?_=1622077788625&CODE_STATE=getMsg HTTP/1.1" 200 27
116.230.110.80 - - [27/May/2021:09:09:53 +0800] "GET /xingrg/all/function/internal_message.html?_=1622077791180&CODE_STATE=getMsg HTTP/1.1" 200 27
116.230.110.80 - - [27/May/2021:09:09:53 +0800] "GET /xingrg/check_reg.html?_=1622077791182 HTTP/1.1" 200 22
116.224.253.72 - - [27/May/2021:09:09:56 +0800] "GET /xingrg/javascript/jquery_easy_ui/themes/icons/rest.png HTTP/1.1" 304 -
116.224.253.72 - - [27/May/2021:09:09:56 +0800] "GET /xingrg/javascript/jquery_easy_ui/themes/icons/area.png HTTP/1.1" 304 -
116.230.114.112 - - [27/May/2021:09:09:59 +0800] "GET /xingrg/all/function/internal_message.html?_=1622077808921&CODE_STATE=getMsg HTTP/1.1" 200 27
116.224.253.72 - - [27/May/2021:09:10:01 +0800] "GET /xingrg/kc/buy/cgsh_order_operate.html?command=get_materiel&rest_code=00150&code=00101009001&supplier_code=00100424&order_time=2021-05-27 HTTP/1.1" 200 416
180.169.147.146 - - [27/May/2021:09:10:02 +0800] "GET /xingrg/all/function/internal_message.html?_=1622077787307&CODE_STATE=getMsg HTTP/1.1" 200 27
116.224.253.72 - - [27/May/2021:09:10:04 +0800] "GET /xingrg/css/site.css HTTP/1.1" 304 -
116.224.253.72 - - [27/May/2021:09:10:04 +0800] "GET /xingrg/css/base.css HTTP/1.1" 304 -
116.224.253.72 - - [27/May/2021:09:10:04 +0800] "GET /xingrg/javascript/easyui/themes/icon.css HTTP/1.1" 304 -
116.224.253.72 - - [27/May/2021:09:10:04 +0800] "GET /xingrg/javascript/easyui/themes/default/easyui.css HTTP/1.1" 304 -
116.224.253.72 - - [27/May/2021:09:10:04 +0800] "GET /xingrg/javascript/jquery_tools/datebox.css HTTP/1.1" 304 -
116.224.253.72 - - [27/May/2021:09:10:04 +0800] "GET /xingrg/javascript/jquery_tools/table.css HTTP/1.1" 304 -
116.224.253.72 - - [27/May/2021:09:10:04 +0800] "GET /xingrg/javascript/pic_change.js HTTP/1.1" 304 -
116.224.253.72 - - [27/May/2021:09:10:04 +0800] "GET /xingrg/javascript/jquery_tools/fix.css HTTP/1.1" 304 -
116.224.253.72 - - [27/May/2021:09:10:04 +0800] "GET /xingrg/javascript/auto/jquery.autocomplete.css HTTP/1.1" 304 -
116.224.253.72 - - [27/May/2021:09:10:04 +0800] "GET /xingrg/javascript/jquery_tools/jquery.tools.extend.js HTTP/1.1" 304 -
116.224.253.72 - - [27/May/2021:09:10:04 +0800] "GET /xingrg/javascript/jquery_tools/jquery.tools.min.js HTTP/1.1" 304 -
116.224.253.72 - - [27/May/2021:09:10:04 +0800] "GET /xingrg/javascript/jquery_tools/jquery.tools.hotkey.js HTTP/1.1" 304 -
116.224.253.72 - - [27/May/2021:09:10:04 +0800] "GET /xingrg/javascript/easyui/easyloader.js HTTP/1.1" 304 -
116.224.253.72 - - [27/May/2021:09:10:04 +0800] "GET /xingrg/javascript/jquery_tools/jquery.tools.table.js HTTP/1.1" 304 -
116.224.253.72 - - [27/May/2021:09:10:04 +0800] "GET /xingrg/javascript/auto/jquery.autocomplete.js HTTP/1.1" 304 -
116.224.253.72 - - [27/May/2021:09:10:04 +0800] "GET /xingrg/javascript/convert.js HTTP/1.1" 304 -
116.224.253.72 - - [27/May/2021:09:10:04 +0800] "GET /xingrg/javascript/jquery_tools/order_manager.js HTTP/1.1" 304 -
116.224.253.72 - - [27/May/2021:09:10:04 +0800] "GET /xingrg/javascript/jquery.utils.js HTTP/1.1" 304 -
116.224.253.72 - - [27/May/2021:09:10:04 +0800] "GET /xingrg/javascript/jquery.cookie.js HTTP/1.1" 304 -
116.224.253.72 - - [27/May/2021:09:10:04 +0800] "GET /xingrg/javascript/json2.js HTTP/1.1" 304 -
116.224.253.72 - - [27/May/2021:09:10:04 +0800] "GET /xingrg/javascript/print/LodopFuncs.js HTTP/1.1" 304 -
116.224.253.72 - - [27/May/2021:09:10:04 +0800] "GET /xingrg/kc/buy/cgsh_order_add.html HTTP/1.1" 200 61749
116.224.253.72 - - [27/May/2021:09:10:04 +0800] "GET /xingrg/javascript/print/kc_print.js HTTP/1.1" 304 -
116.224.253.72 - - [27/May/2021:09:10:04 +0800] "GET /xingrg/words/20210526163807_words.js HTTP/1.1" 304 -
116.224.253.72 - - [27/May/2021:09:10:04 +0800] "GET /xingrg/javascript/easyui/themes/icons/copy_new.png HTTP/1.1" 304 -
116.224.253.72 - - [27/May/2021:09:10:04 +0800] "GET /xingrg/javascript/easyui/themes/icons/template_new.png HTTP/1.1" 304 -
116.224.253.72 - - [27/May/2021:09:10:04 +0800] "GET /xingrg/javascript/easyui/themes/icons/ok.png HTTP/1.1" 304 -
116.224.253.72 - - [27/May/2021:09:10:04 +0800] "GET /xingrg/javascript/easyui/themes/default/images/menu_downarrow.png HTTP/1.1" 304 -
116.224.253.72 - - [27/May/2021:09:10:04 +0800] "GET /xingrg/javascript/easyui/themes/icons/print.png HTTP/1.1" 304 -
116.224.253.72 - - [27/May/2021:09:10:04 +0800] "GET /xingrg/javascript/easyui/themes/icons/cancel.png HTTP/1.1" 304 -
116.224.253.72 - - [27/May/2021:09:10:04 +0800] "GET /xingrg/javascript/easyui/plugins/jquery.parser.js HTTP/1.1" 304 -
116.224.253.72 - - [27/May/2021:09:10:04 +0800] "POST /xingrg/kc/buy/cgsh_order_operate.html HTTP/1.1" 200 8245
116.224.253.72 - - [27/May/2021:09:10:04 +0800] "GET /xingrg/javascript/easyui/themes/icons/edit_remove.png HTTP/1.1" 304 -
116.224.253.72 - - [27/May/2021:09:10:04 +0800] "GET /xingrg/all/common/auto_word.html?type=employee&rest_code=00151 HTTP/1.1" 200 243
116.224.253.72 - - [27/May/2021:09:10:04 +0800] "GET /xingrg/all/common/auto_word.html?type=employee&rest_code=00151 HTTP/1.1" 200 243
116.224.253.72 - - [27/May/2021:09:10:04 +0800] "GET /xingrg/javascript/easyui/themes/default/validatebox.css HTTP/1.1" 404 1104
116.224.253.72 - - [27/May/2021:09:10:04 +0800] "GET /xingrg/javascript/easyui/plugins/jquery.validatebox.js HTTP/1.1" 304 -
116.224.253.72 - - [27/May/2021:09:10:04 +0800] "GET /xingrg/javascript/easyui/plugins/jquery.numberbox.js HTTP/1.1" 304 -
116.235.222.38 - - [27/May/2021:09:10:04 +0800] "GET /xingrg/kc/buy/cgsh_order_operate.html?command=get_materiel&rest_code=00107&code=00101008234&supplier_code=00100006&order_time=2021-05-27 HTTP/1.1" 200 408
222.69.128.123 - - [27/May/2021:09:10:06 +0800] "GET /xingrg/kc/buy/cgsh_order_operate.html?command=get_materiel&rest_code=00149&code=00101008098&supplier_code=00100005&order_time=2021-05-27 HTTP/1.1" 200 412
180.169.147.146 - - [27/May/2021:09:10:08 +0800] "GET /xingrg/all/function/internal_message.html?_=1622077808739&CODE_STATE=getMsg HTTP/1.1" 200 27
116.230.114.112 - - [27/May/2021:09:10:08 +0800] "GET /xingrg/kc/buy/cgsh_order_operate.html?command=get_materiel&rest_code=00146&code=00101008351&supplier_code=00100005&order_time=2021-05-27 HTTP/1.1" 200 408
116.224.253.72 - - [27/May/2021:09:10:14 +0800] "GET /xingrg/all/function/internal_message.html?_=1622077812374&CODE_STATE=getMsg HTTP/1.1" 200 27
116.224.253.72 - - [27/May/2021:09:10:14 +0800] "GET /xingrg/kc/buy/cgsh_order_operate.html?command=get_materiel&rest_code=00151&code=00101007091&supplier_code=00100096&order_time=2021-05-27 HTTP/1.1" 200 415
116.224.253.72 - - [27/May/2021:09:10:14 +0800] "GET /xingrg/kc/buy/cgsh_order_operate.html?command=get_materiel&rest_code=00150&code=00101009062&supplier_code=00100424&order_time=2021-05-27 HTTP/1.1" 200 412
222.69.128.123 - - [27/May/2021:09:10:16 +0800] "POST /xingrg/kc/buy/cgsh_order_operate.html HTTP/1.1" 200 2065
117.184.7.30 - - [27/May/2021:09:10:17 +0800] "GET /xingrg/all/function/internal_message.html?_=1622077811887&CODE_STATE=getMsg HTTP/1.1" 302 -
117.184.7.30 - - [27/May/2021:09:10:17 +0800] "GET /xingrg/login.html HTTP/1.1" 200 7641
180.161.111.4 - - [27/May/2021:09:10:17 +0800] "GET /xingrg/all/function/internal_message.html?_=1622077811380&CODE_STATE=getMsg HTTP/1.1" 200 27
180.161.111.4 - - [27/May/2021:09:10:18 +0800] "POST /xingrg/services/DataTransmitService HTTP/1.1" 200 524
116.230.114.112 - - [27/May/2021:09:10:18 +0800] "GET /xingrg/kc/buy/cgsh_order_operate.html?command=get_materiel&rest_code=00146&code=00101008186&supplier_code=00100005&order_time=2021-05-27 HTTP/1.1" 200 408
180.161.111.4 - - [27/May/2021:09:10:18 +0800] "POST /xingrg/services/DataTransmitService HTTP/1.1" 200 501
222.69.128.123 - - [27/May/2021:09:10:21 +0800] "GET /xingrg/kc/buy/cgsh_order_operate.html?command=get_materiel&rest_code=00149&code=00101008005&supplier_code=00100005&order_time=2021-05-27 HTTP/1.1" 200 412
116.224.253.72 - - [27/May/2021:09:10:22 +0800] "GET /xingrg/kc/buy/cgsh_order_operate.html?command=get_materiel&rest_code=00150&code=00101009011&supplier_code=00100424&order_time=2021-05-27 HTTP/1.1" 200 416
116.232.51.206 - - [27/May/2021:09:10:26 +0800] "GET /xingrg/all/function/internal_message.html?_=1622077824383&CODE_STATE=getMsg HTTP/1.1" 200 27
116.232.51.206 - - [27/May/2021:09:10:28 +0800] "GET /xingrg/kc/buy/cgsh_order_operate.html?command=get_materiel&rest_code=00109&code=00101008306&supplier_code=00100005&order_time=2021-05-27 HTTP/1.1" 200 412
116.224.253.72 - - [27/May/2021:09:10:29 +0800] "GET /xingrg/check_reg.html?_=1622077832858 HTTP/1.1" 200 22
116.224.253.72 - - [27/May/2021:09:10:29 +0800] "GET /xingrg/kc/buy/cgsh_order_operate.html?command=get_materiel&rest_code=00150&code=00101009124&supplier_code=00100424&order_time=2021-05-27 HTTP/1.1" 200 402
180.169.147.146 - - [27/May/2021:09:10:31 +0800] "GET /xingrg/all/function/internal_message.html?_=1622077833830&CODE_STATE=getMsg HTTP/1.1" 200 27
222.69.128.123 - - [27/May/2021:09:10:31 +0800] "GET /xingrg/kc/buy/cgsh_order_operate.html?command=get_materiel&rest_code=00149&code=00101008271&supplier_code=00100005&order_time=2021-05-27 HTTP/1.1" 200 408
116.230.114.112 - - [27/May/2021:09:10:33 +0800] "GET /xingrg/kc/buy/cgsh_order_operate.html?command=get_materiel&rest_code=00146&code=00101008088&supplier_code=00100005&order_time=2021-05-27 HTTP/1.1" 200 408
116.232.51.206 - - [27/May/2021:09:10:35 +0800] "GET /xingrg/kc/buy/cgsh_order_operate.html?command=get_materiel&rest_code=00109&code=00101013179&supplier_code=00100005&order_time=2021-05-27 HTTP/1.1" 200 412
116.235.222.38 - - [27/May/2021:09:10:37 +0800] "GET /xingrg/kc/buy/cgsh_order_operate.html?command=get_materiel&rest_code=00107&code=00101008306&supplier_code=00100006&order_time=2021-05-27 HTTP/1.1" 200 412
116.224.253.72 - - [27/May/2021:09:10:38 +0800] "GET /xingrg/kc/buy/cgsh_order_operate.html?command=get_materiel&rest_code=00151&code=00101016105&supplier_code=00100096&order_time=2021-05-27 HTTP/1.1" 200 411
116.232.51.206 - - [27/May/2021:09:10:38 +0800] "POST /xingrg/kc/buy/cgsh_order_operate.html HTTP/1.1" 200 2065
116.224.253.72 - - [27/May/2021:09:10:38 +0800] "GET /xingrg/all/function/internal_message.html?_=1622077842641&CODE_STATE=getMsg HTTP/1.1" 200 27
116.224.253.72 - - [27/May/2021:09:10:40 +0800] "GET /xingrg/kc/buy/cgsh_order_operate.html?command=get_materiel&rest_code=00150&code=00101009016&supplier_code=00100424&order_time=2021-05-27 HTTP/1.1" 200 412
222.69.128.123 - - [27/May/2021:09:10:40 +0800] "GET /xingrg/all/function/internal_message.html?_=1622077838660&CODE_STATE=getMsg HTTP/1.1" 200 27
222.69.128.123 - - [27/May/2021:09:10:42 +0800] "GET /xingrg/kc/buy/cgsh_order_operate.html?command=get_materiel&rest_code=00149&code=00101008353&supplier_code=00100005&order_time=2021-05-27 HTTP/1.1" 200 408
116.230.114.112 - - [27/May/2021:09:10:42 +0800] "GET /xingrg/kc/buy/cgsh_order_operate.html?command=get_materiel&rest_code=00146&code=00101008338&supplier_code=00100005&order_time=2021-05-27 HTTP/1.1" 200 408
120.253.135.82 - - [27/May/2021:09:10:44 +0800] "GET /xingrg/all/function/internal_message.html?_=1622077887429&CODE_STATE=getMsg HTTP/1.1" 200 27
116.230.114.112 - - [27/May/2021:09:10:46 +0800] "POST /xingrg/kc/buy/cgsh_order_operate.html HTTP/1.1" 200 2065
116.230.114.112 - - [27/May/2021:09:10:51 +0800] "GET /xingrg/all/function/internal_message.html?_=1622077863013&CODE_STATE=getMsg HTTP/1.1" 200 27
61.165.42.208 - - [27/May/2021:09:10:52 +0800] "GET /xingrg/all/function/internal_message.html?_=1622077831542&CODE_STATE=getMsg HTTP/1.1" 200 27
116.235.222.38 - - [27/May/2021:09:10:53 +0800] "GET /xingrg/all/function/internal_message.html?_=1622077848618&CODE_STATE=getMsg HTTP/1.1" 200 27
116.235.222.38 - - [27/May/2021:09:10:53 +0800] "GET /xingrg/kc/buy/cgsh_order_operate.html?command=get_materiel&rest_code=00107&code=00101008010&supplier_code=00100006&order_time=2021-05-27 HTTP/1.1" 200 412
116.230.114.112 - - [27/May/2021:09:10:53 +0800] "GET /xingrg/check_reg.html?_=1622077862598 HTTP/1.1" 200 22
116.230.114.112 - - [27/May/2021:09:10:53 +0800] "GET /xingrg/kc/buy/cgsh_order_operate.html?command=get_materiel&rest_code=00146&code=00101008290&supplier_code=00100005&order_time=2021-05-27 HTTP/1.1" 200 416
116.230.110.80 - - [27/May/2021:09:10:53 +0800] "GET /xingrg/all/function/internal_message.html?_=1622077851198&CODE_STATE=getMsg HTTP/1.1" 200 27
116.224.253.72 - - [27/May/2021:09:10:55 +0800] "GET /xingrg/kc/buy/cgsh_order_operate.html?command=get_materiel&rest_code=00150&code=00101009007&supplier_code=00100424&order_time=2021-05-27 HTTP/1.1" 200 408
116.235.222.38 - - [27/May/2021:09:10:58 +0800] "POST /xingrg/kc/buy/cgsh_order_operate.html HTTP/1.1" 200 2065
116.224.253.72 - - [27/May/2021:09:10:58 +0800] "GET /xingrg/kc/buy/cgsh_order_operate.html?command=get_materiel&rest_code=00151&code=00101012059&supplier_code=00100096&order_time=2021-05-27 HTTP/1.1" 200 412
116.230.114.112 - - [27/May/2021:09:10:59 +0800] "GET /xingrg/all/function/internal_message.html?_=1622077868931&CODE_STATE=getMsg HTTP/1.1" 200 27
116.232.51.206 - - [27/May/2021:09:11:00 +0800] "GET /xingrg/kc/buy/cgsh_order_operate.html?command=get_materiel&rest_code=00109&code=00101008220&supplier_code=00100005&order_time=2021-05-27 HTTP/1.1" 200 412
180.169.147.146 - - [27/May/2021:09:11:02 +0800] "GET /xingrg/all/function/internal_message.html?_=1622077847306&CODE_STATE=getMsg HTTP/1.1" 200 27
180.169.147.146 - - [27/May/2021:09:11:02 +0800] "GET /xingrg/check_reg.html?_=1622077847305 HTTP/1.1" 200 22
116.224.253.72 - - [27/May/2021:09:11:05 +0800] "POST /xingrg/kc/buy/cgsh_order_operate.html HTTP/1.1" 200 37
116.224.253.72 - - [27/May/2021:09:11:06 +0800] "GET /xingrg/kc/buy/cgsh_order_operate.html?command=get_materiel&rest_code=00151&code=00101001075&supplier_code=00100096&order_time=2021-05-27 HTTP/1.1" 200 409
116.224.253.72 - - [27/May/2021:09:11:06 +0800] "POST /xingrg/kc/buy/cgsh_order_operate.html HTTP/1.1" 200 5621
116.232.51.206 - - [27/May/2021:09:11:06 +0800] "GET /xingrg/kc/buy/cgsh_order_operate.html?command=get_materiel&rest_code=00109&code=00101008155&supplier_code=00100005&order_time=2021-05-27 HTTP/1.1" 200 408
116.235.222.38 - - [27/May/2021:09:11:06 +0800] "GET /xingrg/kc/buy/cgsh_order_operate.html?command=get_materiel&rest_code=00107&code=00101008186&supplier_code=00100006&order_time=2021-05-27 HTTP/1.1" 200 408
180.169.147.146 - - [27/May/2021:09:11:08 +0800] "GET /xingrg/all/function/internal_message.html?_=1622077868741&CODE_STATE=getMsg HTTP/1.1" 200 27
222.69.128.123 - - [27/May/2021:09:11:09 +0800] "GET /xingrg/kc/buy/cgsh_order_operate.html?command=get_materiel&rest_code=00149&code=00101008095&supplier_code=00100005&order_time=2021-05-27 HTTP/1.1" 200 412
222.69.128.123 - - [27/May/2021:09:11:12 +0800] "POST /xingrg/kc/buy/cgsh_order_operate.html HTTP/1.1" 200 2065
116.232.51.206 - - [27/May/2021:09:11:12 +0800] "GET /xingrg/kc/buy/cgsh_order_operate.html?command=get_materiel&rest_code=00109&code=00101008350&supplier_code=00100005&order_time=2021-05-27 HTTP/1.1" 200 408
116.224.253.72 - - [27/May/2021:09:11:13 +0800] "GET /xingrg/kc/buy/cgsh_order_operate.html?command=get_materiel&rest_code=00151&code=00101006109&supplier_code=00100096&order_time=2021-05-27 HTTP/1.1" 200 411
116.224.253.72 - - [27/May/2021:09:11:14 +0800] "GET /xingrg/all/function/internal_message.html?_=1622077872352&CODE_STATE=getMsg HTTP/1.1" 200 27
116.224.253.72 - - [27/May/2021:09:11:14 +0800] "GET /xingrg/check_reg.html?_=1622077872454 HTTP/1.1" 200 22
180.161.111.4 - - [27/May/2021:09:11:16 +0800] "GET /xingrg/all/function/internal_message.html?_=1622077871378&CODE_STATE=getMsg HTTP/1.1" 200 27
117.184.7.30 - - [27/May/2021:09:11:17 +0800] "GET /xingrg/check_reg.html?_=1622077871890 HTTP/1.1" 302 -
117.184.7.30 - - [27/May/2021:09:11:17 +0800] "GET /xingrg/all/function/internal_message.html?_=1622077871890&CODE_STATE=getMsg HTTP/1.1" 302 -
117.184.7.30 - - [27/May/2021:09:11:17 +0800] "GET /xingrg/login.html HTTP/1.1" 200 7641
117.184.7.30 - - [27/May/2021:09:11:17 +0800] "GET /xingrg/login.html HTTP/1.1" 200 7641
116.232.51.206 - - [27/May/2021:09:11:17 +0800] "GET /xingrg/kc/buy/cgsh_order_operate.html?command=get_materiel&rest_code=00109&code=00101008223&supplier_code=00100005&order_time=2021-05-27 HTTP/1.1" 200 412
116.230.114.112 - - [27/May/2021:09:11:18 +0800] "GET /xingrg/check_reg.html?_=1622077889786 HTTP/1.1" 200 22
222.69.128.123 - - [27/May/2021:09:11:20 +0800] "GET /xingrg/kc/buy/cgsh_order_operate.html?command=get_materiel&rest_code=00149&code=00101008281&supplier_code=00100005&order_time=2021-05-27 HTTP/1.1" 200 412
116.224.253.72 - - [27/May/2021:09:11:21 +0800] "POST /xingrg/all/user/operate.html HTTP/1.1" 200 36
116.224.253.72 - - [27/May/2021:09:11:21 +0800] "GET /xingrg/index.html?sysBaseUrl=http%3A%2F%2F180.169.147.146%3A18081%2Fxingrg%2F&costTime=1140×tamp=1621912124772 HTTP/1.1" 200 17177
116.224.253.72 - - [27/May/2021:09:11:21 +0800] "GET /xingrg/javascript/jquery_easy_ui/themes/default/easyui.css HTTP/1.1" 304 -
116.224.253.72 - - [27/May/2021:09:11:21 +0800] "GET /xingrg/javascript/jquery_easy_ui/themes/icon.css HTTP/1.1" 304 -
116.224.253.72 - - [27/May/2021:09:11:21 +0800] "GET /xingrg/css/form.css HTTP/1.1" 304 -
116.224.253.72 - - [27/May/2021:09:11:21 +0800] "GET /xingrg/javascript/jquery-1.4.2.min.js HTTP/1.1" 304 -
116.224.253.72 - - [27/May/2021:09:11:21 +0800] "GET /xingrg/javascript/jquery_easy_ui/jquery.easyui.min.js HTTP/1.1" 304 -
116.224.253.72 - - [27/May/2021:09:11:21 +0800] "GET /xingrg/javascript/jquery_easy_ui/easyui-lang-zh_CN.js HTTP/1.1" 304 -
116.224.253.72 - - [27/May/2021:09:11:21 +0800] "GET /xingrg/javascript/jquery.form.js HTTP/1.1" 304 -
116.224.253.72 - - [27/May/2021:09:11:21 +0800] "GET /xingrg/javascript/jquery.utils.js HTTP/1.1" 304 -
116.224.253.72 - - [27/May/2021:09:11:21 +0800] "GET /xingrg/javascript/jquery.timers.js HTTP/1.1" 304 -
116.224.253.72 - - [27/May/2021:09:11:21 +0800] "GET /xingrg/images/blue/jxLogo.png HTTP/1.1" 304 -
116.224.253.72 - - [27/May/2021:09:11:21 +0800] "GET /xingrg/javascript/jquery_easy_ui/themes/icons/settle_new.png HTTP/1.1" 304 -
116.224.253.72 - - [27/May/2021:09:11:21 +0800] "GET /xingrg/images/blue/navBackgound.jpg HTTP/1.1" 304 -
116.224.253.72 - - [27/May/2021:09:11:21 +0800] "POST /xingrg/all/common/load_tree.html?tree=area_rest_tree_json&manage=1 HTTP/1.1" 200 476
116.224.253.72 - - [27/May/2021:09:11:21 +0800] "GET /xingrg/all/function/internal_message.html?_=1622077880164&CODE_STATE=count HTTP/1.1" 200 11
116.224.253.72 - - [27/May/2021:09:11:21 +0800] "GET /xingrg/check_reg.html?_=1622077880166 HTTP/1.1" 200 22
116.224.253.72 - - [27/May/2021:09:11:21 +0800] "GET /xingrg/javascript/jquery_easy_ui/themes/default/images/panel_tool_collapse.gif HTTP/1.1" 304 -
116.224.253.72 - - [27/May/2021:09:11:21 +0800] "GET /xingrg/javascript/jquery_easy_ui/themes/default/images/tabs_rightarrow.png HTTP/1.1" 304 -
116.224.253.72 - - [27/May/2021:09:11:21 +0800] "GET /xingrg/javascript/jquery_easy_ui/themes/default/images/tabs_leftarrow.png HTTP/1.1" 304 -
116.224.253.72 - - [27/May/2021:09:11:21 +0800] "GET /xingrg/images/blue/pingpu.png HTTP/1.1" 304 -
116.224.253.72 - - [27/May/2021:09:11:21 +0800] "POST /xingrg/load_menu.html HTTP/1.1" 200 5138
116.235.222.38 - - [27/May/2021:09:11:22 +0800] "GET /xingrg/kc/buy/cgsh_order_operate.html?command=get_materiel&rest_code=00107&code=00101008098&supplier_code=00100006&order_time=2021-05-27 HTTP/1.1" 200 412
116.224.253.72 - - [27/May/2021:09:11:24 +0800] "GET /xingrg/kc/buy/cgsh_order_list.html HTTP/1.1" 200 46361
116.232.51.206 - - [27/May/2021:09:11:26 +0800] "GET /xingrg/all/function/internal_message.html?_=1622077884390&CODE_STATE=getMsg HTTP/1.1" 200 27
116.224.253.72 - - [27/May/2021:09:11:27 +0800] "POST /xingrg/kc/buy/cgsh_list_operate.html HTTP/1.1" 200 2428
180.169.147.146 - - [27/May/2021:09:11:31 +0800] "GET /xingrg/all/function/internal_message.html?_=1622077893830&CODE_STATE=getMsg HTTP/1.1" 200 27
116.224.253.72 - - [27/May/2021:09:11:33 +0800] "GET /xingrg/kc/buy/cgsh_order_operate.html?command=get_materiel&rest_code=00151&code=00101006013&supplier_code=00100096&order_time=2021-05-27 HTTP/1.1" 200 409
222.69.128.123 - - [27/May/2021:09:11:35 +0800] "GET /xingrg/kc/buy/cgsh_order_operate.html?command=get_materiel&rest_code=00149&code=00101008208&supplier_code=00100005&order_time=2021-05-27 HTTP/1.1" 200 408
58.221.95.50 - - [27/May/2021:09:11:35 +0800] "GET /xingrg/check_reg.html?_=1622077894465 HTTP/1.1" 302 -
116.224.253.72 - - [27/May/2021:09:11:38 +0800] "GET /xingrg/all/function/internal_message.html?_=1622077902653&CODE_STATE=getMsg HTTP/1.1" 200 27
222.69.128.123 - - [27/May/2021:09:11:40 +0800] "GET /xingrg/all/function/internal_message.html?_=1622077898650&CODE_STATE=getMsg HTTP/1.1" 200 27
116.230.114.112 - - [27/May/2021:09:11:42 +0800] "GET /xingrg/kc/buy/cgsh_order_operate.html?command=get_materiel&rest_code=00146&code=00101008264&supplier_code=00100005&order_time=2021-05-27 HTTP/1.1" 200 412
116.224.253.72 - - [27/May/2021:09:11:43 +0800] "GET /xingrg/kc/buy/cgsh_order_add.html HTTP/1.1" 200 61737
116.224.253.72 - - [27/May/2021:09:11:43 +0800] "GET /xingrg/javascript/easyui/themes/default/validatebox.css HTTP/1.1" 404 1104
116.224.253.72 - - [27/May/2021:09:11:43 +0800] "POST /xingrg/kc/buy/cgsh_order_operate.html HTTP/1.1" 200 8245
120.253.135.82 - - [27/May/2021:09:11:44 +0800] "GET /xingrg/all/function/internal_message.html?_=1622077947465&CODE_STATE=getMsg HTTP/1.1" 200 27
116.224.253.72 - - [27/May/2021:09:11:45 +0800] "GET /xingrg/javascript/auto/indicator.gif HTTP/1.1" 404 1066
116.235.222.38 - - [27/May/2021:09:11:47 +0800] "GET /xingrg/kc/buy/cgsh_order_operate.html?command=get_materiel&rest_code=00107&code=00101008271&supplier_code=00100006&order_time=2021-05-27 HTTP/1.1" 200 410
116.232.51.206 - - [27/May/2021:09:11:50 +0800] "GET /xingrg/kc/buy/cgsh_order_operate.html?command=get_materiel&rest_code=00109&code=00101008114&supplier_code=00100005&order_time=2021-05-27 HTTP/1.1" 200 412
116.230.114.112 - - [27/May/2021:09:11:51 +0800] "GET /xingrg/all/function/internal_message.html?_=1622077923027&CODE_STATE=getMsg HTTP/1.1" 200 27
116.232.51.206 - - [27/May/2021:09:11:52 +0800] "POST /xingrg/kc/buy/cgsh_order_operate.html HTTP/1.1" 200 2065
61.165.42.208 - - [27/May/2021:09:11:52 +0800] "GET /xingrg/all/function/internal_message.html?_=1622077891545&CODE_STATE=getMsg HTTP/1.1" 200 27
61.165.42.208 - - [27/May/2021:09:11:52 +0800] "GET /xingrg/check_reg.html?_=1622077891548 HTTP/1.1" 200 22
116.235.222.38 - - [27/May/2021:09:11:53 +0800] "GET /xingrg/all/function/internal_message.html?_=1622077908672&CODE_STATE=getMsg HTTP/1.1" 200 27
116.230.110.80 - - [27/May/2021:09:11:53 +0800] "GET /xingrg/all/function/internal_message.html?_=1622077911183&CODE_STATE=getMsg HTTP/1.1" 200 27
116.230.114.112 - - [27/May/2021:09:11:55 +0800] "GET /xingrg/kc/buy/cgsh_order_operate.html?command=get_materiel&rest_code=00146&code=00101008356&supplier_code=00100005&order_time=2021-05-27 HTTP/1.1" 200 408
116.232.51.206 - - [27/May/2021:09:11:56 +0800] "GET /xingrg/kc/buy/cgsh_order_operate.html?command=get_materiel&rest_code=00109&code=00101008168&supplier_code=00100005&order_time=2021-05-27 HTTP/1.1" 200 413
116.224.253.72 - - [27/May/2021:09:11:58 +0800] "GET /xingrg/kc/buy/cgsh_order_operate.html?command=get_materiel&rest_code=00151&code=00101011005&supplier_code=00100047&order_time=2021-05-27 HTTP/1.1" 200 429
116.230.114.112 - - [27/May/2021:09:11:59 +0800] "GET /xingrg/all/function/internal_message.html?_=1622077928945&CODE_STATE=getMsg HTTP/1.1" 200 27
116.235.222.38 - - [27/May/2021:09:12:02 +0800] "GET /xingrg/kc/buy/cgsh_order_operate.html?command=get_materiel&rest_code=00107&code=00101008492&supplier_code=00100006&order_time=2021-05-27 HTTP/1.1" 200 402
180.169.147.146 - - [27/May/2021:09:12:02 +0800] "GET /xingrg/all/function/internal_message.html?_=1622077907305&CODE_STATE=getMsg HTTP/1.1" 200 27
116.224.253.72 - - [27/May/2021:09:12:07 +0800] "GET /xingrg/kc/buy/cgsh_order_operate.html?command=get_materiel&rest_code=00151&code=00101011001&supplier_code=00100047&order_time=2021-05-27 HTTP/1.1" 200 423
180.169.147.146 - - [27/May/2021:09:12:08 +0800] "GET /xingrg/all/function/internal_message.html?_=1622077928743&CODE_STATE=getMsg HTTP/1.1" 200 27
61.165.42.208 - - [27/May/2021:09:12:12 +0800] "GET /xingrg/kc/base/wldb_order_operate.html?command=get_materiel&rest_code=00105&base_code=0010507&code=00101013018 HTTP/1.1" 200 429
116.232.51.206 - - [27/May/2021:09:12:12 +0800] "GET /xingrg/kc/buy/cgsh_order_operate.html?command=get_materiel&rest_code=00109&code=00101015065&supplier_code=00100005&order_time=2021-05-27 HTTP/1.1" 200 413
116.224.253.72 - - [27/May/2021:09:12:13 +0800] "GET /xingrg/kc/buy/cgsh_order_operate.html?command=get_materiel&rest_code=00151&code=00101011010&supplier_code=00100047&order_time=2021-05-27 HTTP/1.1" 200 418
222.69.128.123 - - [27/May/2021:09:12:14 +0800] "GET /xingrg/kc/buy/cgsh_order_operate.html?command=get_materiel&rest_code=00149&code=00101008244&supplier_code=00100005&order_time=2021-05-27 HTTP/1.1" 200 408
180.161.111.4 - - [27/May/2021:09:12:16 +0800] "GET /xingrg/all/function/internal_message.html?_=1622077931394&CODE_STATE=getMsg HTTP/1.1" 200 27
117.184.7.30 - - [27/May/2021:09:12:17 +0800] "GET /xingrg/all/function/internal_message.html?_=1622077931889&CODE_STATE=getMsg HTTP/1.1" 302 -
117.184.7.30 - - [27/May/2021:09:12:17 +0800] "GET /xingrg/login.html HTTP/1.1" 200 7641
116.235.222.38 - - [27/May/2021:09:12:17 +0800] "POST /xingrg/kc/buy/cgsh_order_operate.html HTTP/1.1" 200 2065
116.232.51.206 - - [27/May/2021:09:12:18 +0800] "GET /xingrg/kc/buy/cgsh_order_operate.html?command=get_materiel&rest_code=00109&code=00101015044&supplier_code=00100005&order_time=2021-05-27 HTTP/1.1" 200 408
116.224.253.72 - - [27/May/2021:09:12:19 +0800] "POST /xingrg/kc/buy/cgsh_order_operate.html HTTP/1.1" 200 37
116.224.253.72 - - [27/May/2021:09:12:21 +0800] "GET /xingrg/all/function/internal_message.html?_=1622077940177&CODE_STATE=getMsg HTTP/1.1" 200 27
116.224.253.72 - - [27/May/2021:09:12:23 +0800] "POST /xingrg/kc/buy/cgsh_order_operate.html HTTP/1.1" 200 12
116.224.253.72 - - [27/May/2021:09:12:23 +0800] "GET /xingrg/kc/buy/cgsh_order_info.html?code=212021052711999 HTTP/1.1" 200 56639
116.224.253.72 - - [27/May/2021:09:12:24 +0800] "GET /xingrg/javascript/easyui/themes/default/validatebox.css HTTP/1.1" 404 1104
116.224.253.72 - - [27/May/2021:09:12:24 +0800] "POST /xingrg/kc/buy/cgsh_order_operate.html HTTP/1.1" 200 1828
116.235.222.38 - - [27/May/2021:09:12:25 +0800] "GET /xingrg/kc/buy/cgsh_order_operate.html?command=get_materiel&rest_code=00107&code=00101016134&supplier_code=00100006&order_time=2021-05-27 HTTP/1.1" 200 391
116.224.253.72 - - [27/May/2021:09:12:26 +0800] "GET /xingrg/kc/print/load_config.html?kc_code=cgsh HTTP/1.1" 200 1845
116.232.51.206 - - [27/May/2021:09:12:26 +0800] "GET /xingrg/all/function/internal_message.html?_=1622077944386&CODE_STATE=getMsg HTTP/1.1" 200 27
116.224.253.72 - - [27/May/2021:09:12:27 +0800] "POST /xingrg/kc/buy/cgsh_order_operate.html HTTP/1.1" 200 37
116.224.253.72 - - [27/May/2021:09:12:27 +0800] "GET /xingrg/kc/print/load_data.html?order_code=212021052711999&kc_code=cgsh&condition= HTTP/1.1" 200 1244
222.69.128.123 - - [27/May/2021:09:12:28 +0800] "GET /xingrg/kc/buy/cgsh_order_operate.html?command=get_materiel&rest_code=00149&code=00101008236&supplier_code=00100005&order_time=2021-05-27 HTTP/1.1" 200 416
180.169.147.146 - - [27/May/2021:09:12:31 +0800] "GET /xingrg/all/function/internal_message.html?_=1622077953841&CODE_STATE=getMsg HTTP/1.1" 200 27
116.235.222.38 - - [27/May/2021:09:12:33 +0800] "POST /xingrg/kc/buy/cgsh_order_operate.html HTTP/1.1" 200 37
116.224.253.72 - - [27/May/2021:09:12:35 +0800] "POST /xingrg/kc/buy/cgsh_order_operate.html HTTP/1.1" 200 12
116.224.253.72 - - [27/May/2021:09:12:35 +0800] "POST /xingrg/kc/buy/cgsh_list_operate.html HTTP/1.1" 200 574
116.224.253.72 - - [27/May/2021:09:12:36 +0800] "GET /xingrg/kc/buy/cgsh_order_info.html?code=212021052711992 HTTP/1.1" 200 61746
116.224.253.72 - - [27/May/2021:09:12:37 +0800] "GET /xingrg/javascript/easyui/themes/default/validatebox.css HTTP/1.1" 404 1104
116.224.253.72 - - [27/May/2021:09:12:37 +0800] "GET /xingrg/kc/buy/cgsh_order_info.html?code=212021052712000 HTTP/1.1" 200 56645
116.235.222.38 - - [27/May/2021:09:12:37 +0800] "POST /xingrg/kc/buy/cgsh_order_operate.html HTTP/1.1" 200 31626
116.224.253.72 - - [27/May/2021:09:12:37 +0800] "POST /xingrg/kc/buy/cgsh_order_operate.html HTTP/1.1" 200 5671
116.224.253.72 - - [27/May/2021:09:12:37 +0800] "GET /xingrg/javascript/easyui/themes/default/validatebox.css HTTP/1.1" 404 1104
116.224.253.72 - - [27/May/2021:09:12:38 +0800] "POST /xingrg/kc/buy/cgsh_order_operate.html HTTP/1.1" 200 3596
116.224.253.72 - - [27/May/2021:09:12:38 +0800] "GET /xingrg/all/function/internal_message.html?_=1622077962668&CODE_STATE=getMsg HTTP/1.1" 200 27
222.69.128.123 - - [27/May/2021:09:12:40 +0800] "GET /xingrg/check_reg.html?_=1622077958653 HTTP/1.1" 200 22
222.69.128.123 - - [27/May/2021:09:12:40 +0800] "GET /xingrg/all/function/internal_message.html?_=1622077958655&CODE_STATE=getMsg HTTP/1.1" 200 27
116.224.253.72 - - [27/May/2021:09:12:40 +0800] "GET /xingrg/kc/print/load_config.html?kc_code=cgsh HTTP/1.1" 200 1845
116.224.253.72 - - [27/May/2021:09:12:41 +0800] "GET /xingrg/kc/print/load_data.html?order_code=212021052712000&kc_code=cgsh&condition= HTTP/1.1" 200 1858
222.69.128.123 - - [27/May/2021:09:12:41 +0800] "GET /xingrg/kc/buy/cgsh_order_operate.html?command=get_materiel&rest_code=00149&code=00101008280&supplier_code=00100005&order_time=2021-05-27 HTTP/1.1" 200 417
58.37.225.51 - - [27/May/2021:09:12:41 +0800] "GET /xingrg/check_reg.html?_=1622077909342 HTTP/1.1" 200 22
120.253.135.82 - - [27/May/2021:09:12:44 +0800] "GET /xingrg/all/function/internal_message.html?_=1622078007471&CODE_STATE=getMsg HTTP/1.1" 200 27
222.69.128.123 - - [27/May/2021:09:12:49 +0800] "POST /xingrg/kc/buy/cgsh_order_operate.html HTTP/1.1" 200 2065
116.230.114.112 - - [27/May/2021:09:12:51 +0800] "GET /xingrg/all/function/internal_message.html?_=1622077983105&CODE_STATE=getMsg HTTP/1.1" 200 27
61.165.42.208 - - [27/May/2021:09:12:52 +0800] "GET /xingrg/all/function/internal_message.html?_=1622077951553&CODE_STATE=getMsg HTTP/1.1" 200 27
116.235.222.38 - - [27/May/2021:09:12:53 +0800] "GET /xingrg/all/function/internal_message.html?_=1622077968662&CODE_STATE=getMsg HTTP/1.1" 200 27
116.230.110.80 - - [27/May/2021:09:12:53 +0800] "GET /xingrg/all/function/internal_message.html?_=1622077971182&CODE_STATE=getMsg HTTP/1.1" 200 27
222.69.128.123 - - [27/May/2021:09:12:54 +0800] "GET /xingrg/kc/buy/cgsh_order_operate.html?command=get_materiel&rest_code=00149&code=00101008114&supplier_code=00100005&order_time=2021-05-27 HTTP/1.1" 200 412
116.224.253.72 - - [27/May/2021:09:12:58 +0800] "POST /xingrg/kc/buy/cgsh_order_operate.html HTTP/1.1" 200 37
116.230.114.112 - - [27/May/2021:09:12:59 +0800] "GET /xingrg/all/function/internal_message.html?_=1622077988977&CODE_STATE=getMsg HTTP/1.1" 200 27
116.224.253.72 - - [27/May/2021:09:13:00 +0800] "POST /xingrg/kc/buy/cgsh_order_operate.html HTTP/1.1" 200 5075
180.169.147.146 - - [27/May/2021:09:13:02 +0800] "GET /xingrg/all/function/internal_message.html?_=1622077967329&CODE_STATE=getMsg HTTP/1.1" 200 27
116.224.253.72 - - [27/May/2021:09:13:03 +0800] "POST /xingrg/services/DataTransmitService HTTP/1.1" 200 524
116.224.253.72 - - [27/May/2021:09:13:04 +0800] "POST /xingrg/services/DataTransmitService HTTP/1.1" 200 501
116.224.253.72 - - [27/May/2021:09:13:04 +0800] "POST /xingrg/kc/buy/cgsh_list_operate.html HTTP/1.1" 200 2429
116.224.253.72 - - [27/May/2021:09:13:04 +0800] "POST /xingrg/services/DataTransmitService HTTP/1.1" 200 501
116.224.253.72 - - [27/May/2021:09:13:05 +0800] "POST /xingrg/services/DataTransmitService HTTP/1.1" 200 501
