180.169.147.146 - - [26/May/2021:09:22:42 +0800] "GET /xingrg/all/function/internal_message.html?_=1621992161177&CODE_STATE=getMsg HTTP/1.1" 200 27
116.230.114.112 - - [26/May/2021:09:22:51 +0800] "GET /xingrg/kc/buy/cgsh_order_operate.html?command=get_materiel&rest_code=00146&code=00101008110&supplier_code=00100005&order_time=2021-05-26 HTTP/1.1" 200 408
116.230.114.112 - - [26/May/2021:09:22:52 +0800] "GET /xingrg/check_reg.html?_=1621992180135 HTTP/1.1" 200 22
116.230.114.112 - - [26/May/2021:09:22:54 +0800] "GET /xingrg/all/function/internal_message.html?_=1621992182820&CODE_STATE=getMsg HTTP/1.1" 200 27
180.169.147.146 - - [26/May/2021:09:22:57 +0800] "GET /xingrg/all/function/internal_message.html?_=1621992178263&CODE_STATE=getMsg HTTP/1.1" 200 27
222.69.131.109 - - [26/May/2021:09:22:58 +0800] "GET /xingrg/all/function/internal_message.html?_=1621992176009&CODE_STATE=getMsg HTTP/1.1" 200 27
116.230.110.80 - - [26/May/2021:09:23:07 +0800] "GET /xingrg/all/function/internal_message.html?_=1621992183696&CODE_STATE=getMsg HTTP/1.1" 200 27
117.185.32.26 - - [26/May/2021:09:23:08 +0800] "GET /xingrg/kc/buy/cgsh_order_operate.html?command=get_materiel&rest_code=00106&code=00101015113&supplier_code=00100450&order_time=2021-05-26 HTTP/1.1" 200 403
117.184.7.26 - - [26/May/2021:09:23:14 +0800] "GET /xingrg/all/function/internal_message.html?_=1621992190354&CODE_STATE=getMsg HTTP/1.1" 302 -
117.184.7.26 - - [26/May/2021:09:23:14 +0800] "GET /xingrg/login.html HTTP/1.1" 200 7641
120.253.135.82 - - [26/May/2021:09:23:15 +0800] "GET /xingrg/all/function/internal_message.html?_=1621992239989&CODE_STATE=getMsg HTTP/1.1" 200 27
117.185.32.26 - - [26/May/2021:09:23:16 +0800] "GET /xingrg/all/function/internal_message.html?_=1621992725396&CODE_STATE=getMsg HTTP/1.1" 200 27
116.224.253.72 - - [26/May/2021:09:23:18 +0800] "GET /xingrg/check_reg.html?_=1621992197192 HTTP/1.1" 200 22
116.224.253.72 - - [26/May/2021:09:23:18 +0800] "GET /xingrg/all/function/internal_message.html?_=1621992197195&CODE_STATE=getMsg HTTP/1.1" 200 27
222.69.131.109 - - [26/May/2021:09:23:18 +0800] "POST /xingrg/kc/buy/cgsh_order_operate.html HTTP/1.1" 200 37
116.233.76.220 - - [26/May/2021:09:23:18 +0800] "GET /xingrg/all/function/internal_message.html?_=1621992197393&CODE_STATE=getMsg HTTP/1.1" 200 27
116.233.76.220 - - [26/May/2021:09:23:18 +0800] "GET /xingrg/check_reg.html?_=1621992197393 HTTP/1.1" 200 22
116.233.76.220 - - [26/May/2021:09:23:19 +0800] "POST /xingrg/kc/buy/cgsh_order_operate.html HTTP/1.1" 200 40499
180.161.111.4 - - [26/May/2021:09:23:22 +0800] "GET /xingrg/all/function/internal_message.html?_=1621992161495&CODE_STATE=getMsg HTTP/1.1" 200 27
116.230.114.112 - - [26/May/2021:09:23:23 +0800] "GET /xingrg/kc/buy/cgsh_order_operate.html?command=get_materiel&rest_code=00146&code=00101008038&supplier_code=00100005&order_time=2021-05-26 HTTP/1.1" 200 412
61.165.42.208 - - [26/May/2021:09:23:23 +0800] "GET /xingrg/all/function/internal_message.html?_=1621992183277&CODE_STATE=getMsg HTTP/1.1" 302 -
116.233.76.220 - - [26/May/2021:09:23:23 +0800] "GET /xingrg/all/function/internal_message.html?_=1621992202515&CODE_STATE=getMsg HTTP/1.1" 200 27
222.69.131.109 - - [26/May/2021:09:23:24 +0800] "POST /xingrg/kc/buy/cgsh_order_operate.html HTTP/1.1" 200 12
222.70.177.128 - - [26/May/2021:09:23:24 +0800] "GET /xingrg/all/function/internal_message.html?_=1621992207937&CODE_STATE=getMsg HTTP/1.1" 200 27
222.69.131.109 - - [26/May/2021:09:23:26 +0800] "GET /xingrg/kc/buy/cgsh_order_info.html?code=212021052611515 HTTP/1.1" 200 57052
222.69.131.109 - - [26/May/2021:09:23:27 +0800] "GET /xingrg/javascript/easyui/themes/default/validatebox.css HTTP/1.1" 404 1104
116.224.253.72 - - [26/May/2021:09:23:27 +0800] "GET /xingrg/all/function/internal_message.html?_=1621992212786&CODE_STATE=getMsg HTTP/1.1" 200 27
222.69.131.109 - - [26/May/2021:09:23:27 +0800] "POST /xingrg/kc/buy/cgsh_order_operate.html HTTP/1.1" 200 1195
222.69.131.109 - - [26/May/2021:09:23:29 +0800] "GET /xingrg/kc/print/load_data.html?order_code=212021052611515&kc_code=cgsh&condition= HTTP/1.1" 200 926
116.230.114.112 - - [26/May/2021:09:23:33 +0800] "GET /xingrg/kc/buy/cgsh_order_operate.html?command=get_materiel&rest_code=00146&code=00101008358&supplier_code=00100005&order_time=2021-05-26 HTTP/1.1" 200 412
116.230.114.112 - - [26/May/2021:09:23:34 +0800] "GET /xingrg/all/function/internal_message.html?_=1621992221341&CODE_STATE=getMsg HTTP/1.1" 200 27
222.69.131.109 - - [26/May/2021:09:23:35 +0800] "GET /xingrg/kc/buy/cgsh_order_add.html HTTP/1.1" 200 62148
222.69.131.109 - - [26/May/2021:09:23:35 +0800] "POST /xingrg/kc/buy/cgsh_order_operate.html HTTP/1.1" 200 8245
116.230.114.112 - - [26/May/2021:09:23:35 +0800] "POST /xingrg/kc/buy/cgsh_order_operate.html HTTP/1.1" 200 2065
222.69.131.109 - - [26/May/2021:09:23:35 +0800] "GET /xingrg/javascript/easyui/themes/default/validatebox.css HTTP/1.1" 404 1104
117.185.32.26 - - [26/May/2021:09:23:41 +0800] "GET /xingrg/kc/buy/cgsh_order_operate.html?command=get_materiel&rest_code=00106&code=00101015044&supplier_code=00100450&order_time=2021-05-26 HTTP/1.1" 200 408
120.253.135.82 - - [26/May/2021:09:23:42 +0800] "GET /xingrg/check_reg.html?_=1621992266798 HTTP/1.1" 200 22
180.169.147.146 - - [26/May/2021:09:23:42 +0800] "GET /xingrg/all/function/internal_message.html?_=1621992221175&CODE_STATE=getMsg HTTP/1.1" 200 27
222.69.131.109 - - [26/May/2021:09:23:51 +0800] "GET /xingrg/kc/buy/cgsh_order_operate.html?command=get_materiel&rest_code=00149&code=00101007032&supplier_code=00100328&order_time=2021-05-25 HTTP/1.1" 200 432
101.85.94.178 - - [26/May/2021:09:23:53 +0800] "GET /xingrg HTTP/1.1" 302 -
101.85.94.178 - - [26/May/2021:09:23:53 +0800] "GET /xingrg/ HTTP/1.1" 200 292
101.85.94.178 - - [26/May/2021:09:23:54 +0800] "GET /xingrg/index.html HTTP/1.1" 302 -
116.230.114.112 - - [26/May/2021:09:23:54 +0800] "GET /xingrg/all/function/internal_message.html?_=1621992242833&CODE_STATE=getMsg HTTP/1.1" 200 27
101.85.94.178 - - [26/May/2021:09:23:54 +0800] "GET /favicon.ico HTTP/1.1" 404 -
101.85.94.178 - - [26/May/2021:09:23:54 +0800] "GET /xingrg/login.html HTTP/1.1" 200 7641
101.85.94.178 - - [26/May/2021:09:23:54 +0800] "GET /xingrg/images/blue/jxLogo.png HTTP/1.1" 200 6156
101.85.94.178 - - [26/May/2021:09:23:55 +0800] "GET /xingrg/images/blue/hj.png HTTP/1.1" 200 1014
101.85.94.178 - - [26/May/2021:09:23:55 +0800] "GET /xingrg/images/blue/srbg.png HTTP/1.1" 200 138
101.85.94.178 - - [26/May/2021:09:23:55 +0800] "GET /xingrg/images/blue/login_bg.png HTTP/1.1" 200 22101
101.85.94.178 - - [26/May/2021:09:23:55 +0800] "GET /favicon.ico HTTP/1.1" 404 -
101.85.94.178 - - [26/May/2021:09:23:57 +0800] "POST /xingrg/login.do HTTP/1.1" 302 -
101.85.94.178 - - [26/May/2021:09:23:57 +0800] "GET /xingrg/index.html?sysBaseUrl=http%3A%2F%2F180.169.147.146%3A18081%2Fxingrg%2F&costTime=1114×tamp=1621992237759 HTTP/1.1" 200 17179
101.85.94.178 - - [26/May/2021:09:23:57 +0800] "GET /xingrg/javascript/jquery_easy_ui/themes/icon.css HTTP/1.1" 200 3949
101.85.94.178 - - [26/May/2021:09:23:57 +0800] "GET /xingrg/javascript/jquery.timers.js HTTP/1.1" 200 3532
101.85.94.178 - - [26/May/2021:09:23:57 +0800] "GET /xingrg/css/form.css HTTP/1.1" 200 893
101.85.94.178 - - [26/May/2021:09:23:57 +0800] "GET /xingrg/javascript/jquery_easy_ui/themes/default/easyui.css HTTP/1.1" 200 26500
101.85.94.178 - - [26/May/2021:09:23:57 +0800] "GET /xingrg/javascript/jquery-1.4.2.min.js HTTP/1.1" 200 72205
101.85.94.178 - - [26/May/2021:09:23:57 +0800] "GET /xingrg/javascript/jquery_easy_ui/easyui-lang-zh_CN.js HTTP/1.1" 200 1900
101.85.94.178 - - [26/May/2021:09:23:57 +0800] "GET /xingrg/javascript/jquery_easy_ui/jquery.easyui.min.js HTTP/1.1" 200 213662
101.85.94.178 - - [26/May/2021:09:23:57 +0800] "GET /xingrg/javascript/jquery.utils.js HTTP/1.1" 200 11805
101.85.94.178 - - [26/May/2021:09:23:57 +0800] "GET /xingrg/javascript/jquery.form.js HTTP/1.1" 200 23110
180.169.147.146 - - [26/May/2021:09:23:57 +0800] "GET /xingrg/all/function/internal_message.html?_=1621992238271&CODE_STATE=getMsg HTTP/1.1" 200 27
222.69.131.109 - - [26/May/2021:09:23:58 +0800] "GET /xingrg/all/function/internal_message.html?_=1621992235997&CODE_STATE=getMsg HTTP/1.1" 200 27
101.85.94.178 - - [26/May/2021:09:23:58 +0800] "GET /xingrg/javascript/jquery_easy_ui/themes/icons/settle_new.png HTTP/1.1" 200 826
101.85.94.178 - - [26/May/2021:09:23:58 +0800] "GET /xingrg/images/blue/navBackgound.jpg HTTP/1.1" 200 12378
101.85.94.178 - - [26/May/2021:09:23:58 +0800] "GET /favicon.ico HTTP/1.1" 404 -
101.85.94.178 - - [26/May/2021:09:23:58 +0800] "POST /xingrg/all/common/load_tree.html?tree=area_rest_tree_json&manage=1 HTTP/1.1" 200 351
101.85.94.178 - - [26/May/2021:09:23:59 +0800] "GET /xingrg/all/function/internal_message.html?_=1621991720402&CODE_STATE=count HTTP/1.1" 200 11
101.85.94.178 - - [26/May/2021:09:23:59 +0800] "GET /xingrg/check_reg.html?_=1621991720432 HTTP/1.1" 200 22
101.85.94.178 - - [26/May/2021:09:23:59 +0800] "GET /xingrg/javascript/jquery_easy_ui/themes/default/images/tabs_leftarrow.png HTTP/1.1" 200 389
101.85.94.178 - - [26/May/2021:09:23:59 +0800] "GET /xingrg/images/blue/pingpu.png HTTP/1.1" 200 231
101.85.94.178 - - [26/May/2021:09:23:59 +0800] "GET /xingrg/javascript/jquery_easy_ui/themes/default/images/tabs_rightarrow.png HTTP/1.1" 200 395
101.85.94.178 - - [26/May/2021:09:23:59 +0800] "GET /xingrg/javascript/jquery_easy_ui/themes/default/images/panel_tool_collapse.gif HTTP/1.1" 200 246
101.85.94.178 - - [26/May/2021:09:23:59 +0800] "GET /xingrg/javascript/jquery_easy_ui/themes/default/images/tree_arrows.gif HTTP/1.1" 200 1043
101.85.94.178 - - [26/May/2021:09:23:59 +0800] "POST /xingrg/load_menu.html HTTP/1.1" 200 5138
101.85.94.178 - - [26/May/2021:09:23:59 +0800] "GET /xingrg/javascript/jquery_easy_ui/themes/default/images/tree_folder_open.gif HTTP/1.1" 200 956
101.85.94.178 - - [26/May/2021:09:23:59 +0800] "GET /xingrg/javascript/jquery_easy_ui/themes/icons/storage_new.png HTTP/1.1" 200 853
101.85.94.178 - - [26/May/2021:09:23:59 +0800] "GET /xingrg/javascript/jquery_easy_ui/themes/default/images/tree_folder.gif HTTP/1.1" 200 952
101.85.94.178 - - [26/May/2021:09:23:59 +0800] "GET /xingrg/javascript/jquery_easy_ui/themes/icons/search_new.png HTTP/1.1" 200 586
101.85.94.178 - - [26/May/2021:09:23:59 +0800] "GET /xingrg/javascript/jquery_easy_ui/themes/icons/forms_new.png HTTP/1.1" 200 350
101.85.94.178 - - [26/May/2021:09:23:59 +0800] "GET /xingrg/javascript/jquery_easy_ui/themes/default/images/tree_file.gif HTTP/1.1" 200 118
117.185.32.26 - - [26/May/2021:09:24:00 +0800] "GET /xingrg/kc/buy/cgsh_order_operate.html?command=get_materiel&rest_code=00106&code=00101008593&supplier_code=00100450&order_time=2021-05-26 HTTP/1.1" 200 404
101.85.94.178 - - [26/May/2021:09:24:05 +0800] "GET /xingrg/javascript/jquery_easy_ui/themes/default/images/tabs_close.gif HTTP/1.1" 200 829
101.85.94.178 - - [26/May/2021:09:24:06 +0800] "GET /xingrg/css/base.css HTTP/1.1" 200 2811
101.85.94.178 - - [26/May/2021:09:24:06 +0800] "GET /xingrg/css/site.css HTTP/1.1" 200 7541
101.85.94.178 - - [26/May/2021:09:24:06 +0800] "GET /xingrg/javascript/jquery_tools/datebox.css HTTP/1.1" 200 2597
101.85.94.178 - - [26/May/2021:09:24:06 +0800] "GET /xingrg/javascript/jquery_tools/jquery.tools.min.js HTTP/1.1" 200 138801
101.85.94.178 - - [26/May/2021:09:24:06 +0800] "GET /xingrg/javascript/easyui/themes/icon.css HTTP/1.1" 200 4483
101.85.94.178 - - [26/May/2021:09:24:06 +0800] "GET /xingrg/javascript/auto/jquery.autocomplete.css HTTP/1.1" 200 587
101.85.94.178 - - [26/May/2021:09:24:06 +0800] "GET /xingrg/javascript/jquery_tools/jquery.tools.hotkey.js HTTP/1.1" 200 3242
101.85.94.178 - - [26/May/2021:09:24:06 +0800] "GET /xingrg/javascript/jquery_tools/fix.css HTTP/1.1" 200 1702
101.85.94.178 - - [26/May/2021:09:24:06 +0800] "GET /xingrg/javascript/jquery_tools/table.css HTTP/1.1" 200 1032
101.85.94.178 - - [26/May/2021:09:24:06 +0800] "GET /xingrg/kc/buy/cgsh_order_list.html HTTP/1.1" 200 46363
101.85.94.178 - - [26/May/2021:09:24:06 +0800] "GET /xingrg/javascript/jquery_tools/jquery.tools.table.js HTTP/1.1" 200 6994
101.85.94.178 - - [26/May/2021:09:24:06 +0800] "GET /xingrg/javascript/jquery_tools/list_manager.js HTTP/1.1" 200 3652
101.85.94.178 - - [26/May/2021:09:24:06 +0800] "GET /xingrg/javascript/jquery.cookie.js HTTP/1.1" 200 5513
101.85.94.178 - - [26/May/2021:09:24:06 +0800] "GET /xingrg/javascript/easyui/easyloader.js HTTP/1.1" 200 5975
101.85.94.178 - - [26/May/2021:09:24:06 +0800] "GET /xingrg/javascript/print/LodopFuncs.js HTTP/1.1" 200 5121
101.85.94.178 - - [26/May/2021:09:24:06 +0800] "GET /xingrg/javascript/jquery_tools/jquery.tools.extend.js HTTP/1.1" 200 15385
101.85.94.178 - - [26/May/2021:09:24:06 +0800] "GET /xingrg/javascript/easyui/themes/default/easyui.css HTTP/1.1" 200 30432
101.85.94.178 - - [26/May/2021:09:24:06 +0800] "GET /xingrg/javascript/auto/jquery.autocomplete.js HTTP/1.1" 200 21624
222.69.131.109 - - [26/May/2021:09:24:06 +0800] "POST /xingrg/kc/buy/cgsh_order_operate.html HTTP/1.1" 200 37
101.85.94.178 - - [26/May/2021:09:24:07 +0800] "GET /xingrg/javascript/easyui/themes/icons/edit_add_new.png HTTP/1.1" 200 2997
101.85.94.178 - - [26/May/2021:09:24:07 +0800] "GET /xingrg/javascript/easyui/themes/icons/cance_new.png HTTP/1.1" 200 3986
101.85.94.178 - - [26/May/2021:09:24:07 +0800] "GET /xingrg/javascript/easyui/themes/icons/field_new.png HTTP/1.1" 200 1097
101.85.94.178 - - [26/May/2021:09:24:07 +0800] "GET /xingrg/javascript/easyui/themes/icons/import_new.png HTTP/1.1" 200 1247
101.85.94.178 - - [26/May/2021:09:24:07 +0800] "GET /xingrg/javascript/easyui/themes/icons/check_new.png HTTP/1.1" 200 3224
101.85.94.178 - - [26/May/2021:09:24:07 +0800] "GET /xingrg/javascript/easyui/plugins/jquery.parser.js HTTP/1.1" 200 1142
101.85.94.178 - - [26/May/2021:09:24:07 +0800] "GET /xingrg/images/control/ajaxLoader.gif HTTP/1.1" 200 4659
116.230.110.80 - - [26/May/2021:09:24:07 +0800] "GET /xingrg/all/function/internal_message.html?_=1621992243678&CODE_STATE=getMsg HTTP/1.1" 200 27
116.230.114.112 - - [26/May/2021:09:24:07 +0800] "GET /xingrg/kc/buy/cgsh_order_operate.html?command=get_materiel&rest_code=00146&code=00101008004&supplier_code=00100005&order_time=2021-05-26 HTTP/1.1" 200 416
222.69.131.109 - - [26/May/2021:09:24:12 +0800] "POST /xingrg/kc/buy/cgsh_order_operate.html HTTP/1.1" 200 12
101.85.94.178 - - [26/May/2021:09:24:12 +0800] "POST /xingrg/kc/buy/cgsh_list_operate.html HTTP/1.1" 200 876
101.85.94.178 - - [26/May/2021:09:24:13 +0800] "GET /xingrg/javascript/easyui/themes/default/images/button_plain_hover.png HTTP/1.1" 200 144
117.184.7.26 - - [26/May/2021:09:24:14 +0800] "GET /xingrg/all/function/internal_message.html?_=1621992250353&CODE_STATE=getMsg HTTP/1.1" 302 -
117.184.7.26 - - [26/May/2021:09:24:14 +0800] "GET /xingrg/login.html HTTP/1.1" 200 7641
222.69.131.109 - - [26/May/2021:09:24:14 +0800] "GET /xingrg/kc/buy/cgsh_order_info.html?code=212021052611516 HTTP/1.1" 200 57054
101.85.94.178 - - [26/May/2021:09:24:14 +0800] "GET /xingrg/javascript/pic_change.js HTTP/1.1" 200 4739
101.85.94.178 - - [26/May/2021:09:24:14 +0800] "GET /xingrg/javascript/convert.js HTTP/1.1" 200 1239
101.85.94.178 - - [26/May/2021:09:24:14 +0800] "GET /xingrg/javascript/jquery_tools/order_manager.js HTTP/1.1" 200 11183
101.85.94.178 - - [26/May/2021:09:24:14 +0800] "GET /xingrg/javascript/json2.js HTTP/1.1" 200 11259
101.85.94.178 - - [26/May/2021:09:24:14 +0800] "GET /xingrg/kc/buy/cgsh_order_add.html HTTP/1.1" 200 61213
101.85.94.178 - - [26/May/2021:09:24:14 +0800] "GET /xingrg/javascript/print/kc_print.js HTTP/1.1" 200 11415
222.69.131.109 - - [26/May/2021:09:24:15 +0800] "GET /xingrg/javascript/easyui/themes/default/validatebox.css HTTP/1.1" 404 1104
101.85.94.178 - - [26/May/2021:09:24:15 +0800] "GET /xingrg/words/20210525111023_words.js HTTP/1.1" 200 817206
101.85.94.178 - - [26/May/2021:09:24:15 +0800] "GET /xingrg/javascript/easyui/themes/icons/ok.png HTTP/1.1" 200 883
101.85.94.178 - - [26/May/2021:09:24:15 +0800] "GET /xingrg/javascript/easyui/themes/icons/copy_new.png HTTP/1.1" 200 815
101.85.94.178 - - [26/May/2021:09:24:15 +0800] "GET /xingrg/javascript/easyui/themes/default/images/menu_downarrow.png HTTP/1.1" 200 173
101.85.94.178 - - [26/May/2021:09:24:15 +0800] "GET /xingrg/javascript/easyui/themes/icons/print.png HTTP/1.1" 200 1057
101.85.94.178 - - [26/May/2021:09:24:15 +0800] "GET /xingrg/javascript/easyui/themes/icons/cancel.png HTTP/1.1" 200 1133
101.85.94.178 - - [26/May/2021:09:24:15 +0800] "GET /xingrg/javascript/easyui/themes/icons/template_new.png HTTP/1.1" 200 3956
120.253.135.82 - - [26/May/2021:09:24:15 +0800] "GET /xingrg/all/function/internal_message.html?_=1621992299992&CODE_STATE=getMsg HTTP/1.1" 200 27
222.69.131.109 - - [26/May/2021:09:24:15 +0800] "POST /xingrg/kc/buy/cgsh_order_operate.html HTTP/1.1" 200 608
101.85.94.178 - - [26/May/2021:09:24:15 +0800] "GET /xingrg/javascript/easyui/themes/default/validatebox.css HTTP/1.1" 404 1104
101.85.94.178 - - [26/May/2021:09:24:15 +0800] "GET /xingrg/javascript/easyui/plugins/jquery.validatebox.js HTTP/1.1" 200 6103
101.85.94.178 - - [26/May/2021:09:24:15 +0800] "GET /xingrg/javascript/easyui/plugins/jquery.numberbox.js HTTP/1.1" 200 5213
101.85.94.178 - - [26/May/2021:09:24:15 +0800] "GET /xingrg/all/common/auto_word.html?type=employee&rest_code=00142 HTTP/1.1" 200 105
101.85.94.178 - - [26/May/2021:09:24:15 +0800] "GET /xingrg/all/common/auto_word.html?type=employee&rest_code=00142 HTTP/1.1" 200 105
101.85.94.178 - - [26/May/2021:09:24:15 +0800] "POST /xingrg/kc/buy/cgsh_order_operate.html HTTP/1.1" 200 8245
101.85.94.178 - - [26/May/2021:09:24:15 +0800] "GET /xingrg/javascript/easyui/themes/icons/edit_remove.png HTTP/1.1" 200 625
117.185.32.26 - - [26/May/2021:09:24:16 +0800] "GET /xingrg/all/function/internal_message.html?_=1621992785403&CODE_STATE=getMsg HTTP/1.1" 200 27
116.224.253.72 - - [26/May/2021:09:24:18 +0800] "GET /xingrg/all/function/internal_message.html?_=1621992257200&CODE_STATE=getMsg HTTP/1.1" 200 27
222.69.131.109 - - [26/May/2021:09:24:18 +0800] "GET /xingrg/kc/print/load_data.html?order_code=212021052611516&kc_code=cgsh&condition= HTTP/1.1" 200 709
116.230.114.112 - - [26/May/2021:09:24:18 +0800] "GET /xingrg/kc/buy/cgsh_order_operate.html?command=get_materiel&rest_code=00146&code=00101008264&supplier_code=00100005&order_time=2021-05-26 HTTP/1.1" 200 412
101.85.94.178 - - [26/May/2021:09:24:18 +0800] "GET /xingrg/javascript/auto/indicator.gif HTTP/1.1" 404 1066
116.230.110.80 - - [26/May/2021:09:24:19 +0800] "GET /xingrg/check_reg.html?_=1621992255386 HTTP/1.1" 200 22
180.161.111.4 - - [26/May/2021:09:24:22 +0800] "GET /xingrg/all/function/internal_message.html?_=1621992221629&CODE_STATE=getMsg HTTP/1.1" 200 27
222.69.131.109 - - [26/May/2021:09:24:23 +0800] "GET /xingrg/kc/buy/cgsh_order_add.html HTTP/1.1" 200 62148
222.69.131.109 - - [26/May/2021:09:24:23 +0800] "POST /xingrg/kc/buy/cgsh_order_operate.html HTTP/1.1" 200 8245
222.69.131.109 - - [26/May/2021:09:24:23 +0800] "GET /xingrg/javascript/easyui/themes/default/validatebox.css HTTP/1.1" 404 1104
61.165.42.208 - - [26/May/2021:09:24:23 +0800] "GET /xingrg/all/function/internal_message.html?_=1621992243277&CODE_STATE=getMsg HTTP/1.1" 302 -
116.233.76.220 - - [26/May/2021:09:24:23 +0800] "GET /xingrg/all/function/internal_message.html?_=1621992262518&CODE_STATE=getMsg HTTP/1.1" 200 27
222.70.177.128 - - [26/May/2021:09:24:24 +0800] "GET /xingrg/all/function/internal_message.html?_=1621992267937&CODE_STATE=getMsg HTTP/1.1" 200 27
116.224.253.72 - - [26/May/2021:09:24:27 +0800] "GET /xingrg/all/function/internal_message.html?_=1621992272800&CODE_STATE=getMsg HTTP/1.1" 200 27
58.37.225.51 - - [26/May/2021:09:24:27 +0800] "GET /xingrg/check_reg.html?_=1621992216744 HTTP/1.1" 200 22
116.230.114.112 - - [26/May/2021:09:24:29 +0800] "GET /xingrg/kc/buy/cgsh_order_operate.html?command=get_materiel&rest_code=00146&code=00101015004&supplier_code=00100005&order_time=2021-05-26 HTTP/1.1" 200 409
116.230.114.112 - - [26/May/2021:09:24:32 +0800] "POST /xingrg/kc/buy/cgsh_order_operate.html HTTP/1.1" 200 2065
222.69.131.109 - - [26/May/2021:09:24:33 +0800] "GET /xingrg/kc/buy/cgsh_order_operate.html?command=get_materiel&rest_code=00149&code=00101001058&supplier_code=00100312&order_time=2021-05-25 HTTP/1.1" 200 413
116.230.114.112 - - [26/May/2021:09:24:34 +0800] "GET /xingrg/all/function/internal_message.html?_=1621992281354&CODE_STATE=getMsg HTTP/1.1" 200 27
180.169.147.146 - - [26/May/2021:09:24:42 +0800] "GET /xingrg/all/function/internal_message.html?_=1621992281183&CODE_STATE=getMsg HTTP/1.1" 200 27
222.69.131.109 - - [26/May/2021:09:24:46 +0800] "POST /xingrg/kc/buy/cgsh_order_operate.html HTTP/1.1" 200 37
116.230.114.112 - - [26/May/2021:09:24:49 +0800] "GET /xingrg/kc/buy/cgsh_order_operate.html?command=get_materiel&rest_code=00146&code=00101008197&supplier_code=00100005&order_time=2021-05-26 HTTP/1.1" 200 416
222.69.131.109 - - [26/May/2021:09:24:51 +0800] "POST /xingrg/kc/buy/cgsh_order_operate.html HTTP/1.1" 200 12
222.69.131.109 - - [26/May/2021:09:24:54 +0800] "GET /xingrg/kc/buy/cgsh_order_info.html?code=212021052611517 HTTP/1.1" 200 57054
222.69.131.109 - - [26/May/2021:09:24:54 +0800] "GET /xingrg/javascript/easyui/themes/default/validatebox.css HTTP/1.1" 404 1104
116.230.114.112 - - [26/May/2021:09:24:54 +0800] "GET /xingrg/all/function/internal_message.html?_=1621992302847&CODE_STATE=getMsg HTTP/1.1" 200 27
222.69.131.109 - - [26/May/2021:09:24:55 +0800] "POST /xingrg/kc/buy/cgsh_order_operate.html HTTP/1.1" 200 610
222.69.131.109 - - [26/May/2021:09:24:56 +0800] "GET /xingrg/kc/print/load_data.html?order_code=212021052611517&kc_code=cgsh&condition= HTTP/1.1" 200 717
180.169.147.146 - - [26/May/2021:09:24:57 +0800] "GET /xingrg/all/function/internal_message.html?_=1621992298262&CODE_STATE=getMsg HTTP/1.1" 200 27
222.69.131.109 - - [26/May/2021:09:24:58 +0800] "GET /xingrg/all/function/internal_message.html?_=1621992296012&CODE_STATE=getMsg HTTP/1.1" 200 27
222.69.131.109 - - [26/May/2021:09:24:58 +0800] "GET /xingrg/check_reg.html?_=1621992296213 HTTP/1.1" 200 22
101.85.94.178 - - [26/May/2021:09:24:59 +0800] "GET /xingrg/all/function/internal_message.html?_=1621991780469&CODE_STATE=getMsg HTTP/1.1" 200 27
222.69.131.109 - - [26/May/2021:09:25:01 +0800] "GET /xingrg/kc/buy/cgsh_order_add.html HTTP/1.1" 200 62148
222.69.131.109 - - [26/May/2021:09:25:01 +0800] "POST /xingrg/kc/buy/cgsh_order_operate.html HTTP/1.1" 200 8245
222.69.131.109 - - [26/May/2021:09:25:01 +0800] "GET /xingrg/javascript/easyui/themes/default/validatebox.css HTTP/1.1" 404 1104
180.161.111.4 - - [26/May/2021:09:25:04 +0800] "GET /xingrg/check_reg.html?_=1621992263190 HTTP/1.1" 200 22
116.230.110.80 - - [26/May/2021:09:25:07 +0800] "GET /xingrg/all/function/internal_message.html?_=1621992303666&CODE_STATE=getMsg HTTP/1.1" 200 27
222.69.131.109 - - [26/May/2021:09:25:12 +0800] "GET /xingrg/kc/buy/cgsh_order_operate.html?command=get_materiel&rest_code=00149&code=00101007144&supplier_code=00100322&order_time=2021-05-25 HTTP/1.1" 200 428
117.184.7.26 - - [26/May/2021:09:25:14 +0800] "GET /xingrg/all/function/internal_message.html?_=1621992310354&CODE_STATE=getMsg HTTP/1.1" 302 -
117.184.7.26 - - [26/May/2021:09:25:14 +0800] "GET /xingrg/login.html HTTP/1.1" 200 7641
117.185.32.26 - - [26/May/2021:09:25:15 +0800] "POST /xingrg/kc/buy/cgsh_order_operate.html HTTP/1.1" 200 37
120.253.135.82 - - [26/May/2021:09:25:15 +0800] "GET /xingrg/all/function/internal_message.html?_=1621992360006&CODE_STATE=getMsg HTTP/1.1" 200 27
117.185.32.26 - - [26/May/2021:09:25:17 +0800] "GET /xingrg/all/function/internal_message.html?_=1621992846008&CODE_STATE=getMsg HTTP/1.1" 200 27
117.185.32.26 - - [26/May/2021:09:25:17 +0800] "POST /xingrg/kc/buy/cgsh_order_operate.html HTTP/1.1" 200 7408
116.224.253.72 - - [26/May/2021:09:25:18 +0800] "GET /xingrg/all/function/internal_message.html?_=1621992317201&CODE_STATE=getMsg HTTP/1.1" 200 27
180.161.111.4 - - [26/May/2021:09:25:22 +0800] "GET /xingrg/all/function/internal_message.html?_=1621992281645&CODE_STATE=getMsg HTTP/1.1" 200 27
61.165.42.208 - - [26/May/2021:09:25:23 +0800] "GET /xingrg/all/function/internal_message.html?_=1621992303275&CODE_STATE=getMsg HTTP/1.1" 302 -
61.165.42.208 - - [26/May/2021:09:25:23 +0800] "GET /xingrg/check_reg.html?_=1621992303277 HTTP/1.1" 302 -
116.233.76.220 - - [26/May/2021:09:25:23 +0800] "GET /xingrg/all/function/internal_message.html?_=1621992322523&CODE_STATE=getMsg HTTP/1.1" 200 27
222.70.177.128 - - [26/May/2021:09:25:24 +0800] "GET /xingrg/all/function/internal_message.html?_=1621992327940&CODE_STATE=getMsg HTTP/1.1" 200 27
116.224.253.72 - - [26/May/2021:09:25:27 +0800] "GET /xingrg/all/function/internal_message.html?_=1621992332850&CODE_STATE=getMsg HTTP/1.1" 200 27
222.69.131.109 - - [26/May/2021:09:25:27 +0800] "POST /xingrg/kc/buy/cgsh_order_operate.html HTTP/1.1" 200 37
116.230.114.112 - - [26/May/2021:09:25:29 +0800] "GET /xingrg/kc/buy/cgsh_order_operate.html?command=get_materiel&rest_code=00146&code=00101008069&supplier_code=00100005&order_time=2021-05-26 HTTP/1.1" 200 412
222.69.131.109 - - [26/May/2021:09:25:33 +0800] "POST /xingrg/kc/buy/cgsh_order_operate.html HTTP/1.1" 200 12
116.230.114.112 - - [26/May/2021:09:25:34 +0800] "GET /xingrg/all/function/internal_message.html?_=1621992341381&CODE_STATE=getMsg HTTP/1.1" 200 27
222.69.131.109 - - [26/May/2021:09:25:36 +0800] "GET /xingrg/kc/buy/cgsh_order_info.html?code=212021052611519 HTTP/1.1" 200 57044
222.69.131.109 - - [26/May/2021:09:25:36 +0800] "GET /xingrg/javascript/easyui/themes/default/validatebox.css HTTP/1.1" 404 1104
222.69.131.109 - - [26/May/2021:09:25:37 +0800] "POST /xingrg/kc/buy/cgsh_order_operate.html HTTP/1.1" 200 629
222.69.131.109 - - [26/May/2021:09:25:38 +0800] "GET /xingrg/kc/print/load_data.html?order_code=212021052611519&kc_code=cgsh&condition= HTTP/1.1" 200 720
180.169.147.146 - - [26/May/2021:09:25:42 +0800] "GET /xingrg/all/function/internal_message.html?_=1621992341184&CODE_STATE=getMsg HTTP/1.1" 200 27
116.230.114.112 - - [26/May/2021:09:25:43 +0800] "POST /xingrg/kc/buy/cgsh_order_operate.html HTTP/1.1" 200 2065
222.69.131.109 - - [26/May/2021:09:25:43 +0800] "GET /xingrg/kc/buy/cgsh_order_add.html HTTP/1.1" 200 62148
222.69.131.109 - - [26/May/2021:09:25:43 +0800] "GET /xingrg/javascript/easyui/themes/default/validatebox.css HTTP/1.1" 404 1104
222.69.131.109 - - [26/May/2021:09:25:43 +0800] "POST /xingrg/kc/buy/cgsh_order_operate.html HTTP/1.1" 200 8245
116.230.114.112 - - [26/May/2021:09:25:50 +0800] "GET /xingrg/kc/buy/cgsh_order_operate.html?command=get_materiel&rest_code=00146&code=00101008036&supplier_code=00100005&order_time=2021-05-26 HTTP/1.1" 200 408
116.224.253.72 - - [26/May/2021:09:25:50 +0800] "GET /xingrg/kc/buy/cgsh_order_operate.html?command=get_materiel&rest_code=00151&code=00101009039&supplier_code=00100424&order_time=2021-05-26 HTTP/1.1" 200 408
116.230.114.112 - - [26/May/2021:09:25:53 +0800] "GET /xingrg/check_reg.html?_=1621992360259 HTTP/1.1" 200 22
116.230.114.112 - - [26/May/2021:09:25:54 +0800] "GET /xingrg/all/function/internal_message.html?_=1621992362860&CODE_STATE=getMsg HTTP/1.1" 200 27
180.169.147.146 - - [26/May/2021:09:25:57 +0800] "GET /xingrg/all/function/internal_message.html?_=1621992358259&CODE_STATE=getMsg HTTP/1.1" 200 27
180.169.147.146 - - [26/May/2021:09:25:57 +0800] "GET /xingrg/check_reg.html?_=1621992358262 HTTP/1.1" 200 22
222.69.131.109 - - [26/May/2021:09:25:58 +0800] "GET /xingrg/all/function/internal_message.html?_=1621992355997&CODE_STATE=getMsg HTTP/1.1" 200 27
101.85.94.178 - - [26/May/2021:09:25:59 +0800] "GET /xingrg/all/function/internal_message.html?_=1621991840435&CODE_STATE=getMsg HTTP/1.1" 200 27
116.224.253.72 - - [26/May/2021:09:26:03 +0800] "GET /xingrg/kc/buy/cgsh_order_operate.html?command=get_materiel&rest_code=00151&code=00101009085&supplier_code=00100424&order_time=2021-05-26 HTTP/1.1" 200 395
116.230.110.80 - - [26/May/2021:09:26:07 +0800] "GET /xingrg/all/function/internal_message.html?_=1621992363651&CODE_STATE=getMsg HTTP/1.1" 200 27
222.69.131.109 - - [26/May/2021:09:26:09 +0800] "GET /xingrg/kc/buy/cgsh_order_operate.html?command=get_materiel&rest_code=00149&code=00101010046&supplier_code=00100323&order_time=2021-05-25 HTTP/1.1" 200 426
116.230.114.112 - - [26/May/2021:09:26:11 +0800] "GET /xingrg/kc/buy/cgsh_order_operate.html?command=get_materiel&rest_code=00146&code=00101008318&supplier_code=00100005&order_time=2021-05-26 HTTP/1.1" 200 408
116.224.253.72 - - [26/May/2021:09:26:12 +0800] "GET /xingrg/kc/buy/cgsh_order_operate.html?command=get_materiel&rest_code=00151&code=00101009047&supplier_code=00100424&order_time=2021-05-26 HTTP/1.1" 200 409
117.184.7.26 - - [26/May/2021:09:26:14 +0800] "GET /xingrg/all/function/internal_message.html?_=1621992370355&CODE_STATE=getMsg HTTP/1.1" 302 -
117.184.7.26 - - [26/May/2021:09:26:14 +0800] "GET /xingrg/check_reg.html?_=1621992370357 HTTP/1.1" 302 -
117.184.7.26 - - [26/May/2021:09:26:14 +0800] "GET /xingrg/login.html HTTP/1.1" 200 7641
117.184.7.26 - - [26/May/2021:09:26:14 +0800] "GET /xingrg/login.html HTTP/1.1" 200 7641
120.253.135.82 - - [26/May/2021:09:26:15 +0800] "GET /xingrg/all/function/internal_message.html?_=1621992420031&CODE_STATE=getMsg HTTP/1.1" 200 27
117.185.32.26 - - [26/May/2021:09:26:16 +0800] "GET /xingrg/check_reg.html?_=1621992905409 HTTP/1.1" 200 22
117.185.32.26 - - [26/May/2021:09:26:17 +0800] "GET /xingrg/all/function/internal_message.html?_=1621992905989&CODE_STATE=getMsg HTTP/1.1" 200 27
116.224.253.72 - - [26/May/2021:09:26:18 +0800] "GET /xingrg/all/function/internal_message.html?_=1621992377219&CODE_STATE=getMsg HTTP/1.1" 200 27
222.69.131.109 - - [26/May/2021:09:26:19 +0800] "GET /xingrg/kc/buy/cgsh_order_operate.html?command=get_materiel&rest_code=00149&code=00101020113&supplier_code=00100323&order_time=2021-05-25 HTTP/1.1" 200 409
116.224.253.72 - - [26/May/2021:09:26:19 +0800] "GET /xingrg/kc/buy/cgsh_order_operate.html?command=get_materiel&rest_code=00151&code=00101009011&supplier_code=00100424&order_time=2021-05-26 HTTP/1.1" 200 416
180.161.111.4 - - [26/May/2021:09:26:22 +0800] "GET /xingrg/all/function/internal_message.html?_=1621992341661&CODE_STATE=getMsg HTTP/1.1" 200 27
61.165.42.208 - - [26/May/2021:09:26:23 +0800] "GET /xingrg/all/function/internal_message.html?_=1621992363276&CODE_STATE=getMsg HTTP/1.1" 302 -
116.233.76.220 - - [26/May/2021:09:26:23 +0800] "GET /xingrg/all/function/internal_message.html?_=1621992382521&CODE_STATE=getMsg HTTP/1.1" 200 27
116.230.114.112 - - [26/May/2021:09:26:24 +0800] "GET /xingrg/kc/buy/cgsh_order_operate.html?command=get_materiel&rest_code=00146&code=00101008005&supplier_code=00100005&order_time=2021-05-26 HTTP/1.1" 200 412
222.70.177.128 - - [26/May/2021:09:26:24 +0800] "GET /xingrg/check_reg.html?_=1621992387940 HTTP/1.1" 200 22
222.70.177.128 - - [26/May/2021:09:26:24 +0800] "GET /xingrg/all/function/internal_message.html?_=1621992387943&CODE_STATE=getMsg HTTP/1.1" 200 27
116.224.253.72 - - [26/May/2021:09:26:27 +0800] "GET /xingrg/all/function/internal_message.html?_=1621992392858&CODE_STATE=getMsg HTTP/1.1" 200 27
116.224.253.72 - - [26/May/2021:09:26:32 +0800] "GET /xingrg/kc/buy/cgsh_order_operate.html?command=get_materiel&rest_code=00151&code=00101009031&supplier_code=00100424&order_time=2021-05-26 HTTP/1.1" 200 408
116.230.114.112 - - [26/May/2021:09:26:34 +0800] "GET /xingrg/all/function/internal_message.html?_=1621992401397&CODE_STATE=getMsg HTTP/1.1" 200 27
222.69.131.109 - - [26/May/2021:09:26:37 +0800] "GET /xingrg/kc/buy/cgsh_order_operate.html?command=get_materiel&rest_code=00149&code=00101020115&supplier_code=00100323&order_time=2021-05-25 HTTP/1.1" 200 409
116.224.253.72 - - [26/May/2021:09:26:40 +0800] "POST /xingrg/kc/buy/cgsh_order_operate.html HTTP/1.1" 200 37
116.224.253.72 - - [26/May/2021:09:26:41 +0800] "POST /xingrg/kc/buy/cgsh_order_operate.html HTTP/1.1" 200 5047
180.169.147.146 - - [26/May/2021:09:26:42 +0800] "GET /xingrg/all/function/internal_message.html?_=1621992401175&CODE_STATE=getMsg HTTP/1.1" 200 27
116.224.253.72 - - [26/May/2021:09:26:43 +0800] "GET /xingrg/kc/buy/cgsh_order_list.html HTTP/1.1" 200 46361
222.69.131.109 - - [26/May/2021:09:26:47 +0800] "GET /xingrg/kc/buy/cgsh_order_operate.html?command=get_materiel&rest_code=00149&code=00101001079&supplier_code=00100323&order_time=2021-05-25 HTTP/1.1" 200 415
116.224.253.72 - - [26/May/2021:09:26:47 +0800] "POST /xingrg/kc/buy/cgsh_list_operate.html HTTP/1.1" 200 2429
116.224.253.72 - - [26/May/2021:09:26:49 +0800] "POST /xingrg/kc/buy/cgsh_list_operate.html HTTP/1.1" 200 556
116.230.114.112 - - [26/May/2021:09:26:49 +0800] "POST /xingrg/kc/buy/cgsh_order_operate.html HTTP/1.1" 200 2065
116.224.253.72 - - [26/May/2021:09:26:51 +0800] "GET /xingrg/kc/buy/cgsh_order_info.html?code=212021052611503 HTTP/1.1" 200 61746
116.224.253.72 - - [26/May/2021:09:26:51 +0800] "GET /xingrg/javascript/easyui/themes/default/validatebox.css HTTP/1.1" 404 1104
116.224.253.72 - - [26/May/2021:09:26:52 +0800] "POST /xingrg/kc/buy/cgsh_order_operate.html HTTP/1.1" 200 22386
116.230.114.112 - - [26/May/2021:09:26:54 +0800] "GET /xingrg/all/function/internal_message.html?_=1621992422873&CODE_STATE=getMsg HTTP/1.1" 200 27
180.169.147.146 - - [26/May/2021:09:26:57 +0800] "GET /xingrg/all/function/internal_message.html?_=1621992418271&CODE_STATE=getMsg HTTP/1.1" 200 27
222.69.131.109 - - [26/May/2021:09:26:58 +0800] "GET /xingrg/all/function/internal_message.html?_=1621992415983&CODE_STATE=getMsg HTTP/1.1" 200 27
101.85.94.178 - - [26/May/2021:09:26:59 +0800] "GET /xingrg/all/function/internal_message.html?_=1621991900445&CODE_STATE=getMsg HTTP/1.1" 200 27
116.230.114.112 - - [26/May/2021:09:27:06 +0800] "GET /xingrg/kc/buy/cgsh_order_operate.html?command=get_materiel&rest_code=00146&code=00101008331&supplier_code=00100005&order_time=2021-05-26 HTTP/1.1" 200 416
222.69.131.109 - - [26/May/2021:09:27:06 +0800] "GET /xingrg/kc/buy/cgsh_order_operate.html?command=get_materiel&rest_code=00149&code=00101001261&supplier_code=00100323&order_time=2021-05-25 HTTP/1.1" 200 398
116.230.110.80 - - [26/May/2021:09:27:07 +0800] "GET /xingrg/all/function/internal_message.html?_=1621992423636&CODE_STATE=getMsg HTTP/1.1" 200 27
117.184.7.26 - - [26/May/2021:09:27:14 +0800] "GET /xingrg/all/function/internal_message.html?_=1621992430356&CODE_STATE=getMsg HTTP/1.1" 302 -
117.184.7.26 - - [26/May/2021:09:27:14 +0800] "GET /xingrg/login.html HTTP/1.1" 200 7641
120.253.135.82 - - [26/May/2021:09:27:15 +0800] "GET /xingrg/all/function/internal_message.html?_=1621992480033&CODE_STATE=getMsg HTTP/1.1" 200 27
117.185.32.26 - - [26/May/2021:09:27:17 +0800] "GET /xingrg/all/function/internal_message.html?_=1621992965974&CODE_STATE=getMsg HTTP/1.1" 200 27
116.224.253.72 - - [26/May/2021:09:27:18 +0800] "GET /xingrg/all/function/internal_message.html?_=1621992437223&CODE_STATE=getMsg HTTP/1.1" 200 27
222.69.131.109 - - [26/May/2021:09:27:20 +0800] "GET /xingrg/kc/buy/cgsh_order_operate.html?command=get_materiel&rest_code=00149&code=00101004069&supplier_code=00100323&order_time=2021-05-25 HTTP/1.1" 200 418
180.161.111.4 - - [26/May/2021:09:27:23 +0800] "GET /xingrg/all/function/internal_message.html?_=1621992401827&CODE_STATE=getMsg HTTP/1.1" 200 27
61.165.42.208 - - [26/May/2021:09:27:23 +0800] "GET /xingrg/all/function/internal_message.html?_=1621992423275&CODE_STATE=getMsg HTTP/1.1" 302 -
116.233.76.220 - - [26/May/2021:09:27:23 +0800] "GET /xingrg/all/function/internal_message.html?_=1621992442523&CODE_STATE=getMsg HTTP/1.1" 200 27
116.233.76.220 - - [26/May/2021:09:27:23 +0800] "GET /xingrg/check_reg.html?_=1621992442524 HTTP/1.1" 200 22
222.70.177.128 - - [26/May/2021:09:27:24 +0800] "GET /xingrg/all/function/internal_message.html?_=1621992447942&CODE_STATE=getMsg HTTP/1.1" 200 27
116.224.253.72 - - [26/May/2021:09:27:26 +0800] "GET /xingrg/check_reg.html?_=1621992452228 HTTP/1.1" 200 22
116.224.253.72 - - [26/May/2021:09:27:27 +0800] "GET /xingrg/all/function/internal_message.html?_=1621992452873&CODE_STATE=getMsg HTTP/1.1" 200 27
222.69.131.109 - - [26/May/2021:09:27:31 +0800] "POST /xingrg/kc/buy/cgsh_order_operate.html HTTP/1.1" 200 37
116.230.114.112 - - [26/May/2021:09:27:31 +0800] "GET /xingrg/kc/buy/cgsh_order_operate.html?command=get_materiel&rest_code=00146&code=00101008114&supplier_code=00100005&order_time=2021-05-26 HTTP/1.1" 200 412
116.230.114.112 - - [26/May/2021:09:27:34 +0800] "GET /xingrg/all/function/internal_message.html?_=1621992461410&CODE_STATE=getMsg HTTP/1.1" 200 27
222.69.131.109 - - [26/May/2021:09:27:37 +0800] "POST /xingrg/kc/buy/cgsh_order_operate.html HTTP/1.1" 200 12
222.69.131.109 - - [26/May/2021:09:27:39 +0800] "GET /xingrg/kc/buy/cgsh_order_info.html?code=212021052611521 HTTP/1.1" 200 57053
222.69.131.109 - - [26/May/2021:09:27:39 +0800] "GET /xingrg/javascript/easyui/themes/default/validatebox.css HTTP/1.1" 404 1104
222.69.131.109 - - [26/May/2021:09:27:40 +0800] "POST /xingrg/kc/buy/cgsh_order_operate.html HTTP/1.1" 200 3580
180.169.147.146 - - [26/May/2021:09:27:42 +0800] "GET /xingrg/check_reg.html?_=1621992461185 HTTP/1.1" 200 22
180.169.147.146 - - [26/May/2021:09:27:42 +0800] "GET /xingrg/all/function/internal_message.html?_=1621992461187&CODE_STATE=getMsg HTTP/1.1" 200 27
222.69.131.109 - - [26/May/2021:09:27:43 +0800] "GET /xingrg/kc/print/load_data.html?order_code=212021052611521&kc_code=cgsh&condition= HTTP/1.1" 200 1854
116.230.114.112 - - [26/May/2021:09:27:44 +0800] "GET /xingrg/kc/buy/cgsh_order_operate.html?command=get_materiel&rest_code=00146&code=00101008412&supplier_code=00100005&order_time=2021-05-26 HTTP/1.1" 200 399
116.230.114.112 - - [26/May/2021:09:27:50 +0800] "POST /xingrg/kc/buy/cgsh_order_operate.html HTTP/1.1" 200 2065
116.230.114.112 - - [26/May/2021:09:27:52 +0800] "GET /xingrg/check_reg.html?_=1621992480148 HTTP/1.1" 200 22
116.230.114.112 - - [26/May/2021:09:27:54 +0800] "GET /xingrg/all/function/internal_message.html?_=1621992482887&CODE_STATE=getMsg HTTP/1.1" 200 27
116.224.253.72 - - [26/May/2021:09:27:55 +0800] "POST /xingrg/kc/buy/cgsh_order_operate.html HTTP/1.1" 200 37
116.230.114.112 - - [26/May/2021:09:27:57 +0800] "GET /xingrg/kc/buy/cgsh_order_operate.html?command=get_materiel&rest_code=00146&code=00101008223&supplier_code=00100005&order_time=2021-05-26 HTTP/1.1" 200 412
116.224.253.72 - - [26/May/2021:09:27:57 +0800] "POST /xingrg/kc/buy/cgsh_order_operate.html HTTP/1.1" 200 22390
180.169.147.146 - - [26/May/2021:09:27:57 +0800] "GET /xingrg/all/function/internal_message.html?_=1621992478260&CODE_STATE=getMsg HTTP/1.1" 200 27
222.69.131.109 - - [26/May/2021:09:27:58 +0800] "GET /xingrg/all/function/internal_message.html?_=1621992475961&CODE_STATE=getMsg HTTP/1.1" 200 27
101.85.94.178 - - [26/May/2021:09:27:59 +0800] "GET /xingrg/all/function/internal_message.html?_=1621991960447&CODE_STATE=getMsg HTTP/1.1" 200 27
116.224.253.72 - - [26/May/2021:09:28:00 +0800] "POST /xingrg/all/user/operate.html HTTP/1.1" 200 36
116.224.253.72 - - [26/May/2021:09:28:01 +0800] "GET /xingrg/index.html?sysBaseUrl=http%3A%2F%2F180.169.147.146%3A18081%2Fxingrg%2F&costTime=1140×tamp=1621912124772 HTTP/1.1" 200 17179
116.224.253.72 - - [26/May/2021:09:28:01 +0800] "GET /xingrg/javascript/jquery_easy_ui/themes/default/easyui.css HTTP/1.1" 304 -
116.224.253.72 - - [26/May/2021:09:28:01 +0800] "GET /xingrg/javascript/jquery_easy_ui/themes/icon.css HTTP/1.1" 304 -
116.224.253.72 - - [26/May/2021:09:28:01 +0800] "GET /xingrg/css/form.css HTTP/1.1" 304 -
116.224.253.72 - - [26/May/2021:09:28:01 +0800] "GET /xingrg/javascript/jquery-1.4.2.min.js HTTP/1.1" 304 -
116.224.253.72 - - [26/May/2021:09:28:01 +0800] "GET /xingrg/javascript/jquery_easy_ui/jquery.easyui.min.js HTTP/1.1" 304 -
116.224.253.72 - - [26/May/2021:09:28:01 +0800] "GET /xingrg/javascript/jquery_easy_ui/easyui-lang-zh_CN.js HTTP/1.1" 304 -
222.69.131.109 - - [26/May/2021:09:28:01 +0800] "GET /xingrg/kc/buy/cgsh_order_add.html HTTP/1.1" 200 62148
116.224.253.72 - - [26/May/2021:09:28:01 +0800] "GET /xingrg/javascript/jquery.form.js HTTP/1.1" 304 -
116.224.253.72 - - [26/May/2021:09:28:01 +0800] "GET /xingrg/javascript/jquery.utils.js HTTP/1.1" 304 -
116.224.253.72 - - [26/May/2021:09:28:01 +0800] "GET /xingrg/javascript/jquery.timers.js HTTP/1.1" 304 -
116.224.253.72 - - [26/May/2021:09:28:01 +0800] "GET /xingrg/images/blue/jxLogo.png HTTP/1.1" 304 -
116.224.253.72 - - [26/May/2021:09:28:01 +0800] "GET /xingrg/javascript/jquery_easy_ui/themes/icons/settle_new.png HTTP/1.1" 304 -
116.224.253.72 - - [26/May/2021:09:28:01 +0800] "GET /xingrg/images/blue/navBackgound.jpg HTTP/1.1" 304 -
116.224.253.72 - - [26/May/2021:09:28:01 +0800] "GET /xingrg/check_reg.html?_=1621992480478 HTTP/1.1" 200 22
116.224.253.72 - - [26/May/2021:09:28:01 +0800] "GET /xingrg/all/function/internal_message.html?_=1621992480477&CODE_STATE=count HTTP/1.1" 200 11
116.224.253.72 - - [26/May/2021:09:28:01 +0800] "GET /xingrg/images/blue/pingpu.png HTTP/1.1" 304 -
116.224.253.72 - - [26/May/2021:09:28:01 +0800] "GET /xingrg/javascript/jquery_easy_ui/themes/default/images/panel_tool_collapse.gif HTTP/1.1" 304 -
116.224.253.72 - - [26/May/2021:09:28:01 +0800] "GET /xingrg/javascript/jquery_easy_ui/themes/default/images/tabs_rightarrow.png HTTP/1.1" 304 -
116.224.253.72 - - [26/May/2021:09:28:01 +0800] "GET /xingrg/javascript/jquery_easy_ui/themes/default/images/tabs_leftarrow.png HTTP/1.1" 304 -
116.224.253.72 - - [26/May/2021:09:28:01 +0800] "POST /xingrg/all/common/load_tree.html?tree=area_rest_tree_json&manage=1 HTTP/1.1" 200 476
222.69.131.109 - - [26/May/2021:09:28:01 +0800] "POST /xingrg/kc/buy/cgsh_order_operate.html HTTP/1.1" 200 8245
222.69.131.109 - - [26/May/2021:09:28:01 +0800] "GET /xingrg/javascript/easyui/themes/default/validatebox.css HTTP/1.1" 404 1104
116.224.253.72 - - [26/May/2021:09:28:01 +0800] "POST /xingrg/load_menu.html HTTP/1.1" 200 5138
116.224.253.72 - - [26/May/2021:09:28:04 +0800] "GET /xingrg/kc/buy/cgsh_order_list.html HTTP/1.1" 200 46363
116.230.110.80 - - [26/May/2021:09:28:07 +0800] "GET /xingrg/all/function/internal_message.html?_=1621992483617&CODE_STATE=getMsg HTTP/1.1" 200 27
116.224.253.72 - - [26/May/2021:09:28:07 +0800] "POST /xingrg/kc/buy/cgsh_list_operate.html HTTP/1.1" 200 2051
116.230.114.112 - - [26/May/2021:09:28:09 +0800] "GET /xingrg/kc/buy/cgsh_order_operate.html?command=get_materiel&rest_code=00146&code=00101008498&supplier_code=00100005&order_time=2021-05-26 HTTP/1.1" 200 410
116.224.253.72 - - [26/May/2021:09:28:13 +0800] "POST /xingrg/kc/buy/cgsh_list_operate.html HTTP/1.1" 200 579
117.184.7.26 - - [26/May/2021:09:28:14 +0800] "GET /xingrg/all/function/internal_message.html?_=1621992490357&CODE_STATE=getMsg HTTP/1.1" 302 -
117.184.7.26 - - [26/May/2021:09:28:14 +0800] "GET /xingrg/login.html HTTP/1.1" 200 7641
222.69.131.109 - - [26/May/2021:09:28:14 +0800] "GET /xingrg/kc/buy/cgsh_order_operate.html?command=get_materiel&rest_code=00149&code=00101004060&supplier_code=00100313&order_time=2021-05-25 HTTP/1.1" 200 413
116.224.253.72 - - [26/May/2021:09:28:15 +0800] "GET /xingrg/kc/buy/cgsh_order_info.html?code=212021052611499 HTTP/1.1" 200 62028
120.253.135.82 - - [26/May/2021:09:28:15 +0800] "GET /xingrg/all/function/internal_message.html?_=1621992540066&CODE_STATE=getMsg HTTP/1.1" 200 27
116.224.253.72 - - [26/May/2021:09:28:15 +0800] "GET /xingrg/javascript/easyui/themes/default/validatebox.css HTTP/1.1" 404 1104
116.224.253.72 - - [26/May/2021:09:28:16 +0800] "POST /xingrg/kc/buy/cgsh_order_operate.html HTTP/1.1" 200 6807
117.185.32.26 - - [26/May/2021:09:28:17 +0800] "GET /xingrg/all/function/internal_message.html?_=1621993025959&CODE_STATE=getMsg HTTP/1.1" 200 27
116.230.114.112 - - [26/May/2021:09:28:18 +0800] "GET /xingrg/kc/buy/cgsh_order_operate.html?command=get_materiel&rest_code=00146&code=00101008236&supplier_code=00100005&order_time=2021-05-26 HTTP/1.1" 200 416
180.161.111.4 - - [26/May/2021:09:28:23 +0800] "GET /xingrg/all/function/internal_message.html?_=1621992461842&CODE_STATE=getMsg HTTP/1.1" 200 27
61.165.42.208 - - [26/May/2021:09:28:23 +0800] "GET /xingrg/all/function/internal_message.html?_=1621992483274&CODE_STATE=getMsg HTTP/1.1" 302 -
116.233.76.220 - - [26/May/2021:09:28:23 +0800] "GET /xingrg/all/function/internal_message.html?_=1621992502526&CODE_STATE=getMsg HTTP/1.1" 200 27
222.70.177.128 - - [26/May/2021:09:28:24 +0800] "GET /xingrg/all/function/internal_message.html?_=1621992507942&CODE_STATE=getMsg HTTP/1.1" 200 27
116.230.114.112 - - [26/May/2021:09:28:27 +0800] "GET /xingrg/kc/buy/cgsh_order_operate.html?command=get_materiel&rest_code=00146&code=00101020152&supplier_code=00100005&order_time=2021-05-26 HTTP/1.1" 200 416
116.224.253.72 - - [26/May/2021:09:28:27 +0800] "GET /xingrg/all/function/internal_message.html?_=1621992512885&CODE_STATE=getMsg HTTP/1.1" 200 27
222.69.131.109 - - [26/May/2021:09:28:28 +0800] "GET /xingrg/kc/buy/cgsh_order_operate.html?command=get_materiel&rest_code=00149&code=00101001016&supplier_code=00100313&order_time=2021-05-25 HTTP/1.1" 200 435
116.230.114.112 - - [26/May/2021:09:28:35 +0800] "GET /xingrg/all/function/internal_message.html?_=1621992521440&CODE_STATE=getMsg HTTP/1.1" 200 27
116.230.114.112 - - [26/May/2021:09:28:36 +0800] "GET /xingrg/kc/buy/cgsh_order_operate.html?command=get_materiel&rest_code=00146&code=00101008323&supplier_code=00100005&order_time=2021-05-26 HTTP/1.1" 200 409
116.230.114.112 - - [26/May/2021:09:28:41 +0800] "POST /xingrg/kc/buy/cgsh_order_operate.html HTTP/1.1" 200 2065
120.253.135.82 - - [26/May/2021:09:28:42 +0800] "GET /xingrg/check_reg.html?_=1621992566803 HTTP/1.1" 200 22
180.169.147.146 - - [26/May/2021:09:28:42 +0800] "GET /xingrg/all/function/internal_message.html?_=1621992521184&CODE_STATE=getMsg HTTP/1.1" 200 27
116.224.253.72 - - [26/May/2021:09:28:46 +0800] "POST /xingrg/kc/buy/cgsh_order_operate.html HTTP/1.1" 200 37
116.230.114.112 - - [26/May/2021:09:28:50 +0800] "GET /xingrg/kc/buy/cgsh_order_operate.html?command=get_materiel&rest_code=00146&code=00101013165&supplier_code=00100005&order_time=2021-05-26 HTTP/1.1" 200 409
116.230.114.112 - - [26/May/2021:09:28:54 +0800] "GET /xingrg/all/function/internal_message.html?_=1621992542900&CODE_STATE=getMsg HTTP/1.1" 200 27
222.69.131.109 - - [26/May/2021:09:28:56 +0800] "GET /xingrg/kc/buy/cgsh_order_operate.html?command=get_materiel&rest_code=00149&code=00101001161&supplier_code=00100313&order_time=2021-05-25 HTTP/1.1" 200 409
180.169.147.146 - - [26/May/2021:09:28:57 +0800] "GET /xingrg/all/function/internal_message.html?_=1621992538262&CODE_STATE=getMsg HTTP/1.1" 200 27
222.69.131.109 - - [26/May/2021:09:28:58 +0800] "GET /xingrg/all/function/internal_message.html?_=1621992535960&CODE_STATE=getMsg HTTP/1.1" 200 27
101.85.94.178 - - [26/May/2021:09:28:59 +0800] "GET /xingrg/check_reg.html?_=1621992020436 HTTP/1.1" 200 22
101.85.94.178 - - [26/May/2021:09:28:59 +0800] "GET /xingrg/all/function/internal_message.html?_=1621992020439&CODE_STATE=getMsg HTTP/1.1" 200 27
116.224.253.72 - - [26/May/2021:09:29:01 +0800] "POST /xingrg/kc/buy/cgsh_order_operate.html HTTP/1.1" 200 6806
116.224.253.72 - - [26/May/2021:09:29:01 +0800] "GET /xingrg/all/function/internal_message.html?_=1621992540532&CODE_STATE=getMsg HTTP/1.1" 200 27
116.230.114.112 - - [26/May/2021:09:29:03 +0800] "GET /xingrg/kc/buy/cgsh_order_operate.html?command=get_materiel&rest_code=00146&code=00101008095&supplier_code=00100005&order_time=2021-05-26 HTTP/1.1" 200 412
116.230.110.80 - - [26/May/2021:09:29:07 +0800] "GET /xingrg/all/function/internal_message.html?_=1621992543599&CODE_STATE=getMsg HTTP/1.1" 200 27
222.69.131.109 - - [26/May/2021:09:29:11 +0800] "GET /xingrg/kc/buy/cgsh_order_operate.html?command=get_materiel&rest_code=00149&code=00101005043&supplier_code=00100313&order_time=2021-05-25 HTTP/1.1" 200 417
117.184.7.26 - - [26/May/2021:09:29:14 +0800] "GET /xingrg/all/function/internal_message.html?_=1621992550359&CODE_STATE=getMsg HTTP/1.1" 302 -
117.184.7.26 - - [26/May/2021:09:29:14 +0800] "GET /xingrg/login.html HTTP/1.1" 200 7641
116.224.253.72 - - [26/May/2021:09:29:15 +0800] "POST /xingrg/kc/buy/cgsh_order_operate.html HTTP/1.1" 200 37
120.253.135.82 - - [26/May/2021:09:29:15 +0800] "GET /xingrg/all/function/internal_message.html?_=1621992600077&CODE_STATE=getMsg HTTP/1.1" 200 27
117.185.32.26 - - [26/May/2021:09:29:17 +0800] "GET /xingrg/all/function/internal_message.html?_=1621993085968&CODE_STATE=getMsg HTTP/1.1" 200 27
116.230.110.80 - - [26/May/2021:09:29:19 +0800] "GET /xingrg/check_reg.html?_=1621992555380 HTTP/1.1" 200 22
116.224.253.72 - - [26/May/2021:09:29:19 +0800] "POST /xingrg/kc/buy/cgsh_order_operate.html HTTP/1.1" 200 6806
116.224.253.72 - - [26/May/2021:09:29:21 +0800] "GET /xingrg/kc/buy/cgsh_order_list.html HTTP/1.1" 200 46363
180.161.111.4 - - [26/May/2021:09:29:23 +0800] "GET /xingrg/all/function/internal_message.html?_=1621992521969&CODE_STATE=getMsg HTTP/1.1" 200 27
222.69.131.109 - - [26/May/2021:09:29:23 +0800] "GET /xingrg/kc/buy/cgsh_order_operate.html?command=get_materiel&rest_code=00149&code=00102026001&supplier_code=00100313&order_time=2021-05-25 HTTP/1.1" 200 409
116.230.114.112 - - [26/May/2021:09:29:23 +0800] "GET /xingrg/kc/buy/cgsh_order_operate.html?command=get_materiel&rest_code=00146&code=00101008168&supplier_code=00100005&order_time=2021-05-26 HTTP/1.1" 200 413
61.165.42.208 - - [26/May/2021:09:29:23 +0800] "GET /xingrg/all/function/internal_message.html?_=1621992543272&CODE_STATE=getMsg HTTP/1.1" 302 -
116.233.76.220 - - [26/May/2021:09:29:23 +0800] "GET /xingrg/all/function/internal_message.html?_=1621992562529&CODE_STATE=getMsg HTTP/1.1" 200 27
222.70.177.128 - - [26/May/2021:09:29:24 +0800] "GET /xingrg/all/function/internal_message.html?_=1621992567941&CODE_STATE=getMsg HTTP/1.1" 200 27
