116.230.114.112 - - [26/May/2021:10:53:36 +0800] "GET /xingrg/all/function/internal_message.html?_=1621997623124&CODE_STATE=getMsg HTTP/1.1" 200 27
58.221.95.50 - - [26/May/2021:10:53:37 +0800] "POST /xingrg/kc/buy/cgsh_list_operate.html HTTP/1.1" 200 876
116.224.253.72 - - [26/May/2021:10:53:37 +0800] "GET /xingrg/kc/print/load_data.html?order_code=212021052611584&kc_code=cgsh&condition= HTTP/1.1" 200 939
61.165.42.208 - - [26/May/2021:10:53:37 +0800] "GET /xingrg/kc/print/load_data.html?order_code=212021052611582&kc_code=cgsh&condition= HTTP/1.1" 200 1799
180.169.147.146 - - [26/May/2021:10:53:40 +0800] "GET /xingrg/all/function/internal_message.html?_=1621997618492&CODE_STATE=getMsg HTTP/1.1" 200 27
180.169.147.146 - - [26/May/2021:10:53:40 +0800] "GET /xingrg/check_reg.html?_=1621997618494 HTTP/1.1" 200 22
116.224.253.72 - - [26/May/2021:10:53:41 +0800] "POST /xingrg/kc/mdqp/pssh_list_operate.html HTTP/1.1" 200 2586
116.230.110.80 - - [26/May/2021:10:53:42 +0800] "GET /xingrg/kc/buy/cgsh_order_operate.html?command=get_materiel&rest_code=00155&code=00101007125&supplier_code=00100002&order_time=2021-05-26 HTTP/1.1" 200 406
120.253.135.82 - - [26/May/2021:10:53:42 +0800] "GET /xingrg/check_reg.html?_=1621997666910 HTTP/1.1" 200 22
58.221.95.50 - - [26/May/2021:10:53:42 +0800] "GET /xingrg/kc/buy/cgsh_order_add.html HTTP/1.1" 200 61068
58.221.95.50 - - [26/May/2021:10:53:42 +0800] "GET /xingrg/words/20210526102336_words.js HTTP/1.1" 200 817263
180.169.147.146 - - [26/May/2021:10:53:42 +0800] "GET /xingrg/all/function/internal_message.html?_=1621997621191&CODE_STATE=getMsg HTTP/1.1" 200 27
101.85.52.2 - - [26/May/2021:10:53:43 +0800] "GET /xingrg/all/function/internal_message.html?_=1621997617868&CODE_STATE=getMsg HTTP/1.1" 200 27
116.224.253.72 - - [26/May/2021:10:53:43 +0800] "GET /xingrg/kc/buy/cgsh_order_add.html HTTP/1.1" 200 62019
58.221.95.50 - - [26/May/2021:10:53:43 +0800] "GET /xingrg/javascript/easyui/themes/default/validatebox.css HTTP/1.1" 404 1104
58.221.95.50 - - [26/May/2021:10:53:43 +0800] "POST /xingrg/kc/buy/cgsh_order_operate.html HTTP/1.1" 200 8245
58.221.95.50 - - [26/May/2021:10:53:43 +0800] "GET /xingrg/all/common/auto_word.html?type=employee&rest_code=00152 HTTP/1.1" 200 51
58.221.95.50 - - [26/May/2021:10:53:43 +0800] "GET /xingrg/all/common/auto_word.html?type=employee&rest_code=00152 HTTP/1.1" 200 51
116.224.253.72 - - [26/May/2021:10:53:44 +0800] "POST /xingrg/kc/buy/cgsh_order_operate.html HTTP/1.1" 200 8245
116.224.253.72 - - [26/May/2021:10:53:44 +0800] "GET /xingrg/javascript/easyui/themes/default/validatebox.css HTTP/1.1" 404 1104
116.224.253.72 - - [26/May/2021:10:53:44 +0800] "POST /xingrg/kc/mdqp/pssh_list_operate.html HTTP/1.1" 200 2586
116.224.253.72 - - [26/May/2021:10:53:44 +0800] "POST /xingrg/kc/mdqp/pssh_list_operate.html HTTP/1.1" 200 2586
58.221.95.50 - - [26/May/2021:10:53:44 +0800] "GET /xingrg/javascript/auto/indicator.gif HTTP/1.1" 404 1066
116.224.253.72 - - [26/May/2021:10:53:46 +0800] "GET /xingrg/all/function/internal_message.html?_=1621997625037&CODE_STATE=getMsg HTTP/1.1" 200 27
116.235.222.38 - - [26/May/2021:10:53:46 +0800] "GET /xingrg/kc/buy/cgsh_order_operate.html?command=get_materiel&rest_code=00107&code=00101006038&supplier_code=00100342&order_time=2021-05-26 HTTP/1.1" 200 421
116.224.253.72 - - [26/May/2021:10:53:47 +0800] "GET /xingrg/kc/mdqp/pssh_order_list.html HTTP/1.1" 200 17532
58.221.95.50 - - [26/May/2021:10:53:47 +0800] "GET /xingrg/javascript/jquery_tools/images/prev.gif HTTP/1.1" 404 1086
58.221.95.50 - - [26/May/2021:10:53:47 +0800] "GET /xingrg/javascript/jquery_tools/images/next.gif HTTP/1.1" 404 1086
116.224.253.72 - - [26/May/2021:10:53:47 +0800] "POST /xingrg/kc/mdqp/pssh_list_operate.html HTTP/1.1" 200 5426
117.184.7.26 - - [26/May/2021:10:53:49 +0800] "GET /xingrg/all/function/internal_message.html?_=1621997623097&CODE_STATE=getMsg HTTP/1.1" 200 27
116.224.253.72 - - [26/May/2021:10:53:50 +0800] "POST /xingrg/kc/mdqp/pssh_list_operate.html HTTP/1.1" 200 753
116.224.253.72 - - [26/May/2021:10:53:51 +0800] "GET /xingrg/kc/buy/cgsh_order_operate.html?command=get_materiel&rest_code=00150&code=00101001145&supplier_code=00100314&order_time=2021-05-26 HTTP/1.1" 200 415
116.224.253.72 - - [26/May/2021:10:53:52 +0800] "GET /xingrg/kc/mdqp/pssh_order_info.html?code=312021052500673 HTTP/1.1" 200 17303
116.224.253.72 - - [26/May/2021:10:53:52 +0800] "GET /xingrg/javascript/jquery_tools/jquery-1.4.2.min.js HTTP/1.1" 404 1094
116.230.110.80 - - [26/May/2021:10:53:52 +0800] "GET /xingrg/kc/buy/cgsh_order_operate.html?command=get_materiel&rest_code=00155&code=00101007072&supplier_code=00100002&order_time=2021-05-26 HTTP/1.1" 200 413
116.224.253.72 - - [26/May/2021:10:53:52 +0800] "GET /xingrg/javascript/easyui/themes/default/validatebox.css HTTP/1.1" 404 1104
116.224.253.72 - - [26/May/2021:10:53:52 +0800] "POST /xingrg/kc/mdqp/pssh_order_operate.html HTTP/1.1" 200 7891
116.224.253.72 - - [26/May/2021:10:53:54 +0800] "POST /xingrg/all/common/load_combo.html?type=employee HTTP/1.1" 200 365
222.69.131.109 - - [26/May/2021:10:53:56 +0800] "GET /xingrg/all/function/internal_message.html?_=1621997634635&CODE_STATE=getMsg HTTP/1.1" 200 27
116.235.222.38 - - [26/May/2021:10:53:57 +0800] "POST /xingrg/kc/buy/cgsh_order_operate.html HTTP/1.1" 200 37
116.230.110.80 - - [26/May/2021:10:53:59 +0800] "GET /xingrg/kc/buy/cgsh_order_operate.html?command=get_materiel&rest_code=00155&code=00101007077&supplier_code=00100002&order_time=2021-05-26 HTTP/1.1" 200 415
116.235.222.38 - - [26/May/2021:10:53:59 +0800] "POST /xingrg/kc/buy/cgsh_order_operate.html HTTP/1.1" 200 2666
180.169.147.146 - - [26/May/2021:10:53:59 +0800] "GET /xingrg/all/function/internal_message.html?_=1621997635408&CODE_STATE=getMsg HTTP/1.1" 200 27
116.235.222.38 - - [26/May/2021:10:54:01 +0800] "GET /xingrg/kc/print/load_data.html?order_code=212021052611585&kc_code=cgsh&condition= HTTP/1.1" 200 688
58.37.225.51 - - [26/May/2021:10:54:01 +0800] "GET /xingrg/all/function/internal_message.html?_=1621997647326&CODE_STATE=getMsg HTTP/1.1" 200 27
116.224.253.72 - - [26/May/2021:10:54:01 +0800] "POST /xingrg/kc/mdqp/pssh_order_operate.html HTTP/1.1" 200 37
116.224.253.72 - - [26/May/2021:10:54:05 +0800] "POST /xingrg/kc/buy/cgsh_order_operate.html HTTP/1.1" 200 37
116.224.253.72 - - [26/May/2021:10:54:07 +0800] "POST /xingrg/kc/mdqp/pssh_order_operate.html HTTP/1.1" 200 12
116.230.110.80 - - [26/May/2021:10:54:07 +0800] "GET /xingrg/kc/buy/cgsh_order_operate.html?command=get_materiel&rest_code=00155&code=00101007179&supplier_code=00100002&order_time=2021-05-26 HTTP/1.1" 200 399
180.169.147.146 - - [26/May/2021:10:54:09 +0800] "GET /xingrg/all/function/internal_message.html?_=1621997635275&CODE_STATE=getMsg HTTP/1.1" 200 27
180.169.147.146 - - [26/May/2021:10:54:09 +0800] "GET /xingrg/all/function/internal_message.html?_=1621997649730&CODE_STATE=getMsg HTTP/1.1" 200 27
116.224.253.72 - - [26/May/2021:10:54:09 +0800] "GET /xingrg/kc/mdqp/pssh_order_info.html?code=312021052500673 HTTP/1.1" 200 14400
116.224.253.72 - - [26/May/2021:10:54:09 +0800] "GET /xingrg/javascript/jquery_tools/jquery-1.4.2.min.js HTTP/1.1" 404 1094
116.224.253.72 - - [26/May/2021:10:54:10 +0800] "GET /xingrg/javascript/easyui/themes/default/validatebox.css HTTP/1.1" 404 1104
116.224.253.72 - - [26/May/2021:10:54:10 +0800] "POST /xingrg/kc/mdqp/pssh_order_operate.html HTTP/1.1" 200 7891
117.185.32.26 - - [26/May/2021:10:54:11 +0800] "GET /xingrg/all/function/internal_message.html?_=1621998179738&CODE_STATE=getMsg HTTP/1.1" 200 27
116.230.110.80 - - [26/May/2021:10:54:11 +0800] "GET /xingrg/all/function/internal_message.html?_=1621997650249&CODE_STATE=getMsg HTTP/1.1" 200 27
116.224.253.72 - - [26/May/2021:10:54:12 +0800] "GET /xingrg/kc/print/load_data.html?order_code=312021052500673&kc_code=pssh&condition= HTTP/1.1" 200 3198
116.235.222.38 - - [26/May/2021:10:54:12 +0800] "GET /xingrg/kc/buy/cgsh_order_add.html HTTP/1.1" 200 62183
116.224.253.72 - - [26/May/2021:10:54:12 +0800] "POST /xingrg/kc/buy/cgsh_order_operate.html HTTP/1.1" 200 12
116.235.222.38 - - [26/May/2021:10:54:13 +0800] "GET /xingrg/javascript/easyui/themes/default/validatebox.css HTTP/1.1" 404 1104
116.235.222.38 - - [26/May/2021:10:54:13 +0800] "POST /xingrg/kc/buy/cgsh_order_operate.html HTTP/1.1" 200 8245
117.184.7.26 - - [26/May/2021:10:54:14 +0800] "GET /xingrg/all/function/internal_message.html?_=1621997650449&CODE_STATE=getMsg HTTP/1.1" 302 -
117.184.7.26 - - [26/May/2021:10:54:14 +0800] "GET /xingrg/login.html HTTP/1.1" 200 7641
180.161.111.4 - - [26/May/2021:10:54:16 +0800] "GET /xingrg/kc/buy/cgsh_order_list.html HTTP/1.1" 200 46357
116.224.253.72 - - [26/May/2021:10:54:16 +0800] "GET /xingrg/kc/buy/cgsh_order_info.html?code=212021052611586 HTTP/1.1" 200 56923
116.224.253.72 - - [26/May/2021:10:54:16 +0800] "GET /xingrg/javascript/easyui/themes/default/validatebox.css HTTP/1.1" 404 1104
58.221.95.50 - - [26/May/2021:10:54:16 +0800] "GET /xingrg/kc/buy/cgsh_order_operate.html?command=get_materiel&rest_code=00152&code=00102016420&supplier_code=00100151&order_time=2021-05-20 HTTP/1.1" 200 412
61.165.42.208 - - [26/May/2021:10:54:16 +0800] "GET /xingrg/kc/buy/cgsh_order_add.html HTTP/1.1" 200 62142
61.165.42.208 - - [26/May/2021:10:54:17 +0800] "GET /xingrg/words/20210526102336_words.js HTTP/1.1" 304 -
61.165.42.208 - - [26/May/2021:10:54:17 +0800] "POST /xingrg/kc/buy/cgsh_order_operate.html HTTP/1.1" 200 8245
61.165.42.208 - - [26/May/2021:10:54:17 +0800] "GET /xingrg/javascript/easyui/themes/default/validatebox.css HTTP/1.1" 404 1104
120.253.135.82 - - [26/May/2021:10:54:17 +0800] "GET /xingrg/all/function/internal_message.html?_=1621997701682&CODE_STATE=getMsg HTTP/1.1" 200 27
116.230.110.80 - - [26/May/2021:10:54:19 +0800] "POST /xingrg/kc/buy/cgsh_order_operate.html HTTP/1.1" 200 37
116.224.253.72 - - [26/May/2021:10:54:19 +0800] "POST /xingrg/kc/buy/cgsh_order_operate.html HTTP/1.1" 200 612
61.165.42.208 - - [26/May/2021:10:54:20 +0800] "GET /xingrg/all/function/internal_message.html?_=1621997639790&CODE_STATE=getMsg HTTP/1.1" 200 27
180.161.111.4 - - [26/May/2021:10:54:20 +0800] "POST /xingrg/kc/buy/cgsh_list_operate.html HTTP/1.1" 200 876
116.230.110.80 - - [26/May/2021:10:54:21 +0800] "POST /xingrg/kc/buy/cgsh_order_operate.html HTTP/1.1" 200 5020
116.224.253.72 - - [26/May/2021:10:54:22 +0800] "GET /xingrg/kc/print/load_data.html?order_code=212021052611586&kc_code=cgsh&condition= HTTP/1.1" 200 714
116.224.253.72 - - [26/May/2021:10:54:22 +0800] "POST /xingrg/kc/mdqp/pssh_list_operate.html HTTP/1.1" 200 258
180.161.111.4 - - [26/May/2021:10:54:22 +0800] "GET /xingrg/kc/buy/cgsh_order_add.html HTTP/1.1" 200 62054
116.230.110.80 - - [26/May/2021:10:54:23 +0800] "GET /xingrg/kc/print/load_data.html?order_code=212021052611587&kc_code=cgsh&condition= HTTP/1.1" 200 1649
180.161.111.4 - - [26/May/2021:10:54:23 +0800] "POST /xingrg/kc/buy/cgsh_order_operate.html HTTP/1.1" 200 8245
116.233.76.220 - - [26/May/2021:10:54:23 +0800] "GET /xingrg/all/function/internal_message.html?_=1621997662756&CODE_STATE=getMsg HTTP/1.1" 200 27
116.235.222.38 - - [26/May/2021:10:54:24 +0800] "GET /xingrg/all/function/internal_message.html?_=1621997662715&CODE_STATE=getMsg HTTP/1.1" 200 27
180.161.111.4 - - [26/May/2021:10:54:24 +0800] "GET /xingrg/javascript/easyui/themes/default/validatebox.css HTTP/1.1" 404 1104
116.230.114.112 - - [26/May/2021:10:54:24 +0800] "GET /xingrg/all/function/internal_message.html?_=1621997672447&CODE_STATE=getMsg HTTP/1.1" 200 27
116.224.253.72 - - [26/May/2021:10:54:24 +0800] "GET /xingrg/kc/mdqp/pssh_order_info.html?code=312021052500675 HTTP/1.1" 200 17303
116.224.253.72 - - [26/May/2021:10:54:24 +0800] "GET /xingrg/javascript/jquery_tools/jquery-1.4.2.min.js HTTP/1.1" 404 1094
116.224.253.72 - - [26/May/2021:10:54:24 +0800] "GET /xingrg/javascript/easyui/themes/default/validatebox.css HTTP/1.1" 404 1104
116.224.253.72 - - [26/May/2021:10:54:25 +0800] "POST /xingrg/kc/mdqp/pssh_order_operate.html HTTP/1.1" 200 533
116.224.253.72 - - [26/May/2021:10:54:26 +0800] "POST /xingrg/all/common/load_combo.html?type=employee HTTP/1.1" 200 365
116.230.110.80 - - [26/May/2021:10:54:27 +0800] "GET /xingrg/kc/print/load_data.html?order_code=212021052611587&kc_code=cgsh HTTP/1.1" 200 1649
180.161.111.4 - - [26/May/2021:10:54:27 +0800] "GET /xingrg/javascript/easyui/themes/default/tree.css HTTP/1.1" 404 1090
116.224.253.72 - - [26/May/2021:10:54:28 +0800] "GET /xingrg/kc/buy/cgsh_order_add.html HTTP/1.1" 200 62019
180.161.111.4 - - [26/May/2021:10:54:28 +0800] "POST /xingrg/all/common/load_tree.html?tree=supplier_tree_json&isDelete=1 HTTP/1.1" 200 55437
116.224.253.72 - - [26/May/2021:10:54:29 +0800] "POST /xingrg/kc/buy/cgsh_order_operate.html HTTP/1.1" 200 8245
116.224.253.72 - - [26/May/2021:10:54:29 +0800] "GET /xingrg/javascript/easyui/themes/default/validatebox.css HTTP/1.1" 404 1104
58.221.95.50 - - [26/May/2021:10:54:30 +0800] "GET /xingrg/all/function/internal_message.html?_=1621997670216&CODE_STATE=getMsg HTTP/1.1" 200 27
116.224.253.72 - - [26/May/2021:10:54:31 +0800] "GET /xingrg/check_reg.html?_=1621997676567 HTTP/1.1" 200 22
180.161.111.4 - - [26/May/2021:10:54:31 +0800] "GET /xingrg/all/function/internal_message.html?_=1621997629947&CODE_STATE=getMsg HTTP/1.1" 200 27
116.224.253.72 - - [26/May/2021:10:54:31 +0800] "POST /xingrg/kc/mdqp/pssh_order_operate.html HTTP/1.1" 200 37
116.224.253.72 - - [26/May/2021:10:54:31 +0800] "GET /xingrg/all/function/internal_message.html?_=1621997677298&CODE_STATE=getMsg HTTP/1.1" 200 27
116.224.253.72 - - [26/May/2021:10:54:34 +0800] "POST /xingrg/kc/mdqp/pssh_order_operate.html HTTP/1.1" 200 12
116.230.114.112 - - [26/May/2021:10:54:36 +0800] "GET /xingrg/all/function/internal_message.html?_=1621997683138&CODE_STATE=getMsg HTTP/1.1" 200 27
58.37.225.51 - - [26/May/2021:10:54:36 +0800] "POST /xingrg/services/DataTransmitService HTTP/1.1" 200 524
116.224.253.72 - - [26/May/2021:10:54:36 +0800] "GET /xingrg/kc/buy/cgsh_order_operate.html?command=get_materiel&rest_code=00150&code=00101020016&supplier_code=00100326&order_time=2021-05-26 HTTP/1.1" 200 413
58.37.225.51 - - [26/May/2021:10:54:37 +0800] "POST /xingrg/services/DataTransmitService HTTP/1.1" 200 2243
116.235.222.38 - - [26/May/2021:10:54:38 +0800] "GET /xingrg/javascript/easyui/themes/default/tree.css HTTP/1.1" 404 1090
116.235.222.38 - - [26/May/2021:10:54:39 +0800] "POST /xingrg/all/common/load_tree.html?tree=supplier_tree_json&isDelete=1 HTTP/1.1" 200 55437
116.224.253.72 - - [26/May/2021:10:54:39 +0800] "GET /xingrg/kc/mdqp/pssh_order_info.html?code=312021052500675 HTTP/1.1" 200 14400
116.224.253.72 - - [26/May/2021:10:54:39 +0800] "GET /xingrg/javascript/jquery_tools/jquery-1.4.2.min.js HTTP/1.1" 404 1094
58.37.225.51 - - [26/May/2021:10:54:39 +0800] "POST /xingrg/services/DataTransmitService HTTP/1.1" 200 173795
116.224.253.72 - - [26/May/2021:10:54:40 +0800] "GET /xingrg/javascript/easyui/themes/default/validatebox.css HTTP/1.1" 404 1104
116.224.253.72 - - [26/May/2021:10:54:40 +0800] "POST /xingrg/kc/mdqp/pssh_order_operate.html HTTP/1.1" 200 533
180.169.147.146 - - [26/May/2021:10:54:40 +0800] "GET /xingrg/all/function/internal_message.html?_=1621997678495&CODE_STATE=getMsg HTTP/1.1" 200 27
116.224.253.72 - - [26/May/2021:10:54:42 +0800] "GET /xingrg/kc/print/load_data.html?order_code=312021052500675&kc_code=pssh&condition= HTTP/1.1" 200 676
180.169.147.146 - - [26/May/2021:10:54:42 +0800] "GET /xingrg/all/function/internal_message.html?_=1621997681179&CODE_STATE=getMsg HTTP/1.1" 200 27
101.85.52.2 - - [26/May/2021:10:54:43 +0800] "GET /xingrg/all/function/internal_message.html?_=1621997677855&CODE_STATE=getMsg HTTP/1.1" 200 27
116.224.253.72 - - [26/May/2021:10:54:45 +0800] "POST /xingrg/kc/buy/cgsh_order_operate.html HTTP/1.1" 200 37
117.184.7.26 - - [26/May/2021:10:54:49 +0800] "GET /xingrg/all/function/internal_message.html?_=1621997683097&CODE_STATE=getMsg HTTP/1.1" 200 27
116.224.253.72 - - [26/May/2021:10:54:51 +0800] "POST /xingrg/kc/mdqp/pssh_list_operate.html HTTP/1.1" 200 2586
58.221.95.50 - - [26/May/2021:10:54:51 +0800] "POST /xingrg/kc/buy/cgsh_order_operate.html HTTP/1.1" 200 37
116.224.253.72 - - [26/May/2021:10:54:52 +0800] "POST /xingrg/kc/buy/cgsh_order_operate.html HTTP/1.1" 200 12
116.224.253.72 - - [26/May/2021:10:54:55 +0800] "GET /xingrg/kc/mdqp/pssh_order_list.html HTTP/1.1" 200 17532
116.224.253.72 - - [26/May/2021:10:54:55 +0800] "GET /xingrg/kc/buy/cgsh_order_info.html?code=212021052611588 HTTP/1.1" 200 56925
116.230.110.80 - - [26/May/2021:10:54:55 +0800] "GET /xingrg/kc/buy/cgsh_order_add.html HTTP/1.1" 200 62063
116.224.253.72 - - [26/May/2021:10:54:55 +0800] "POST /xingrg/kc/mdqp/pssh_list_operate.html HTTP/1.1" 200 5488
116.230.110.80 - - [26/May/2021:10:54:55 +0800] "GET /xingrg/words/20210526102336_words.js HTTP/1.1" 304 -
116.224.253.72 - - [26/May/2021:10:54:56 +0800] "GET /xingrg/javascript/easyui/themes/default/validatebox.css HTTP/1.1" 404 1104
116.230.110.80 - - [26/May/2021:10:54:56 +0800] "POST /xingrg/kc/buy/cgsh_order_operate.html HTTP/1.1" 200 8245
116.230.110.80 - - [26/May/2021:10:54:56 +0800] "GET /xingrg/javascript/easyui/themes/default/validatebox.css HTTP/1.1" 404 1104
180.161.111.4 - - [26/May/2021:10:54:56 +0800] "GET /xingrg/kc/buy/cgsh_order_operate.html?command=get_materiel&rest_code=00102&code=00101031001&supplier_code=00100064&order_time=2021-05-26 HTTP/1.1" 200 419
116.235.222.38 - - [26/May/2021:10:54:56 +0800] "GET /xingrg/kc/buy/cgsh_order_operate.html?command=get_materiel&rest_code=00107&code=00101010691&supplier_code=00100327&order_time=2021-05-26 HTTP/1.1" 200 397
116.224.253.72 - - [26/May/2021:10:54:56 +0800] "POST /xingrg/kc/buy/cgsh_order_operate.html HTTP/1.1" 200 608
222.69.131.109 - - [26/May/2021:10:54:56 +0800] "GET /xingrg/all/function/internal_message.html?_=1621997694618&CODE_STATE=getMsg HTTP/1.1" 200 27
58.221.95.50 - - [26/May/2021:10:54:58 +0800] "POST /xingrg/kc/buy/cgsh_order_operate.html HTTP/1.1" 200 2665
116.224.253.72 - - [26/May/2021:10:54:58 +0800] "GET /xingrg/kc/print/load_data.html?order_code=212021052611588&kc_code=cgsh&condition= HTTP/1.1" 200 709
222.69.131.109 - - [26/May/2021:10:54:58 +0800] "GET /xingrg/check_reg.html?_=1621997696559 HTTP/1.1" 200 22
58.221.95.50 - - [26/May/2021:10:54:59 +0800] "GET /xingrg/kc/print/load_config.html?kc_code=cgsh HTTP/1.1" 200 1845
180.169.147.146 - - [26/May/2021:10:54:59 +0800] "GET /xingrg/all/function/internal_message.html?_=1621997695379&CODE_STATE=getMsg HTTP/1.1" 200 27
58.221.95.50 - - [26/May/2021:10:55:00 +0800] "GET /xingrg/kc/print/load_data.html?order_code=212021052611589&kc_code=cgsh&condition= HTTP/1.1" 200 668
116.224.253.72 - - [26/May/2021:10:55:01 +0800] "POST /xingrg/kc/mdqp/pssh_list_operate.html HTTP/1.1" 200 2586
58.37.225.51 - - [26/May/2021:10:55:01 +0800] "GET /xingrg/all/function/internal_message.html?_=1621997707324&CODE_STATE=getMsg HTTP/1.1" 200 27
116.224.253.72 - - [26/May/2021:10:55:03 +0800] "GET /xingrg/kc/buy/cgsh_order_add.html HTTP/1.1" 200 62019
116.224.253.72 - - [26/May/2021:10:55:03 +0800] "POST /xingrg/kc/buy/cgsh_order_operate.html HTTP/1.1" 200 8245
116.224.253.72 - - [26/May/2021:10:55:03 +0800] "GET /xingrg/javascript/easyui/themes/default/validatebox.css HTTP/1.1" 404 1104
180.161.111.4 - - [26/May/2021:10:55:04 +0800] "GET /xingrg/check_reg.html?_=1621997663657 HTTP/1.1" 200 22
180.161.111.4 - - [26/May/2021:10:55:07 +0800] "POST /xingrg/kc/buy/cgsh_order_operate.html HTTP/1.1" 200 37
116.230.110.80 - - [26/May/2021:10:55:07 +0800] "GET /xingrg/kc/buy/cgsh_order_operate.html?command=get_materiel&rest_code=00155&code=00101006006&supplier_code=00100012&order_time=2021-05-26 HTTP/1.1" 200 409
116.224.253.72 - - [26/May/2021:10:55:08 +0800] "POST /xingrg/all/user/operate.html HTTP/1.1" 200 36
116.235.222.38 - - [26/May/2021:10:55:08 +0800] "GET /xingrg/kc/buy/cgsh_order_operate.html?command=get_materiel&rest_code=00107&code=00101001141&supplier_code=00100327&order_time=2021-05-26 HTTP/1.1" 200 413
180.169.147.146 - - [26/May/2021:10:55:09 +0800] "GET /xingrg/all/function/internal_message.html?_=1621997695253&CODE_STATE=getMsg HTTP/1.1" 200 27
180.169.147.146 - - [26/May/2021:10:55:09 +0800] "GET /xingrg/all/function/internal_message.html?_=1621997709729&CODE_STATE=getMsg HTTP/1.1" 200 27
116.224.253.72 - - [26/May/2021:10:55:09 +0800] "GET /xingrg/index.html?sysBaseUrl=http%3A%2F%2F180.169.147.146%3A18081%2Fxingrg%2F&costTime=1208×tamp=1621989202849 HTTP/1.1" 200 17177
116.224.253.72 - - [26/May/2021:10:55:09 +0800] "GET /xingrg/javascript/jquery_easy_ui/themes/default/easyui.css HTTP/1.1" 304 -
116.224.253.72 - - [26/May/2021:10:55:09 +0800] "GET /xingrg/javascript/jquery_easy_ui/themes/icon.css HTTP/1.1" 304 -
116.224.253.72 - - [26/May/2021:10:55:09 +0800] "GET /xingrg/css/form.css HTTP/1.1" 304 -
116.224.253.72 - - [26/May/2021:10:55:09 +0800] "GET /xingrg/javascript/jquery-1.4.2.min.js HTTP/1.1" 304 -
116.224.253.72 - - [26/May/2021:10:55:09 +0800] "GET /xingrg/javascript/jquery_easy_ui/jquery.easyui.min.js HTTP/1.1" 304 -
116.224.253.72 - - [26/May/2021:10:55:09 +0800] "GET /xingrg/javascript/jquery_easy_ui/easyui-lang-zh_CN.js HTTP/1.1" 304 -
116.224.253.72 - - [26/May/2021:10:55:09 +0800] "GET /xingrg/javascript/jquery.form.js HTTP/1.1" 304 -
116.224.253.72 - - [26/May/2021:10:55:09 +0800] "GET /xingrg/javascript/jquery.utils.js HTTP/1.1" 304 -
116.224.253.72 - - [26/May/2021:10:55:09 +0800] "GET /xingrg/javascript/jquery.timers.js HTTP/1.1" 304 -
116.224.253.72 - - [26/May/2021:10:55:09 +0800] "GET /xingrg/images/blue/jxLogo.png HTTP/1.1" 304 -
116.224.253.72 - - [26/May/2021:10:55:09 +0800] "GET /xingrg/images/blue/navBackgound.jpg HTTP/1.1" 304 -
116.224.253.72 - - [26/May/2021:10:55:09 +0800] "GET /xingrg/javascript/jquery_easy_ui/themes/icons/settle_new.png HTTP/1.1" 304 -
116.224.253.72 - - [26/May/2021:10:55:09 +0800] "GET /xingrg/images/blue/pingpu.png HTTP/1.1" 304 -
116.224.253.72 - - [26/May/2021:10:55:09 +0800] "GET /xingrg/javascript/jquery_easy_ui/themes/default/images/tabs_leftarrow.png HTTP/1.1" 304 -
116.224.253.72 - - [26/May/2021:10:55:09 +0800] "GET /xingrg/javascript/jquery_easy_ui/themes/default/images/tabs_rightarrow.png HTTP/1.1" 304 -
116.224.253.72 - - [26/May/2021:10:55:09 +0800] "GET /xingrg/javascript/jquery_easy_ui/themes/default/images/panel_tool_collapse.gif HTTP/1.1" 304 -
116.224.253.72 - - [26/May/2021:10:55:09 +0800] "GET /xingrg/all/function/internal_message.html?_=1621997715340&CODE_STATE=count HTTP/1.1" 200 11
116.224.253.72 - - [26/May/2021:10:55:09 +0800] "GET /xingrg/check_reg.html?_=1621997715341 HTTP/1.1" 200 22
116.224.253.72 - - [26/May/2021:10:55:10 +0800] "POST /xingrg/all/common/load_tree.html?tree=area_rest_tree_json&manage=1 HTTP/1.1" 200 476
116.224.253.72 - - [26/May/2021:10:55:10 +0800] "POST /xingrg/load_menu.html HTTP/1.1" 200 5138
117.185.32.26 - - [26/May/2021:10:55:11 +0800] "GET /xingrg/all/function/internal_message.html?_=1621998239715&CODE_STATE=getMsg HTTP/1.1" 200 27
116.230.110.80 - - [26/May/2021:10:55:11 +0800] "GET /xingrg/all/function/internal_message.html?_=1621997710249&CODE_STATE=getMsg HTTP/1.1" 200 27
116.224.253.72 - - [26/May/2021:10:55:13 +0800] "GET /xingrg/kc/buy/cgsh_order_list.html HTTP/1.1" 200 46361
116.224.253.72 - - [26/May/2021:10:55:14 +0800] "GET /xingrg/kc/buy/cgsh_order_operate.html?command=get_materiel&rest_code=00150&code=00101003003&supplier_code=00100093&order_time=2021-05-26 HTTP/1.1" 200 416
180.161.111.4 - - [26/May/2021:10:55:14 +0800] "POST /xingrg/kc/buy/cgsh_order_operate.html HTTP/1.1" 200 12
117.184.7.26 - - [26/May/2021:10:55:14 +0800] "GET /xingrg/all/function/internal_message.html?_=1621997710451&CODE_STATE=getMsg HTTP/1.1" 302 -
117.184.7.26 - - [26/May/2021:10:55:14 +0800] "GET /xingrg/login.html HTTP/1.1" 200 7641
116.224.253.72 - - [26/May/2021:10:55:16 +0800] "POST /xingrg/kc/buy/cgsh_list_operate.html HTTP/1.1" 200 1705
120.253.135.82 - - [26/May/2021:10:55:17 +0800] "GET /xingrg/all/function/internal_message.html?_=1621997761697&CODE_STATE=getMsg HTTP/1.1" 200 27
180.161.111.4 - - [26/May/2021:10:55:17 +0800] "GET /xingrg/kc/buy/cgsh_order_info.html?code=212021052611590 HTTP/1.1" 200 56954
180.161.111.4 - - [26/May/2021:10:55:19 +0800] "GET /xingrg/javascript/easyui/themes/default/validatebox.css HTTP/1.1" 404 1104
116.235.222.38 - - [26/May/2021:10:55:19 +0800] "POST /xingrg/kc/buy/cgsh_order_operate.html HTTP/1.1" 200 37
180.161.111.4 - - [26/May/2021:10:55:19 +0800] "POST /xingrg/kc/buy/cgsh_order_operate.html HTTP/1.1" 200 613
61.165.42.208 - - [26/May/2021:10:55:20 +0800] "GET /xingrg/all/function/internal_message.html?_=1621997699779&CODE_STATE=getMsg HTTP/1.1" 200 27
61.165.42.208 - - [26/May/2021:10:55:20 +0800] "GET /xingrg/kc/buy/cgsh_order_operate.html?command=get_materiel&rest_code=00105&code=00101010079&supplier_code=00100336&order_time=2021-05-26 HTTP/1.1" 200 413
116.235.222.38 - - [26/May/2021:10:55:21 +0800] "POST /xingrg/kc/buy/cgsh_order_operate.html HTTP/1.1" 200 3248
116.224.253.72 - - [26/May/2021:10:55:21 +0800] "GET /xingrg/kc/mdqp/pssh_order_list.html HTTP/1.1" 200 17243
116.224.253.72 - - [26/May/2021:10:55:21 +0800] "POST /xingrg/kc/mdqp/pssh_list_operate.html HTTP/1.1" 200 5427
180.161.111.4 - - [26/May/2021:10:55:23 +0800] "GET /xingrg/kc/print/load_data.html?order_code=212021052611590&kc_code=cgsh&condition= HTTP/1.1" 200 735
116.233.76.220 - - [26/May/2021:10:55:23 +0800] "GET /xingrg/all/function/internal_message.html?_=1621997722762&CODE_STATE=getMsg HTTP/1.1" 200 27
116.235.222.38 - - [26/May/2021:10:55:23 +0800] "GET /xingrg/kc/print/load_data.html?order_code=212021052611591&kc_code=cgsh&condition= HTTP/1.1" 200 891
116.230.114.112 - - [26/May/2021:10:55:24 +0800] "GET /xingrg/all/function/internal_message.html?_=1621997732460&CODE_STATE=getMsg HTTP/1.1" 200 27
116.224.253.72 - - [26/May/2021:10:55:24 +0800] "POST /xingrg/kc/mdqp/pssh_list_operate.html HTTP/1.1" 200 266
116.235.222.38 - - [26/May/2021:10:55:24 +0800] "GET /xingrg/all/function/internal_message.html?_=1621997723408&CODE_STATE=getMsg HTTP/1.1" 200 27
116.235.222.38 - - [26/May/2021:10:55:25 +0800] "GET /xingrg/check_reg.html?_=1621997723437 HTTP/1.1" 200 22
116.224.253.72 - - [26/May/2021:10:55:26 +0800] "POST /xingrg/kc/buy/cgsh_order_operate.html HTTP/1.1" 200 37
116.224.253.72 - - [26/May/2021:10:55:27 +0800] "GET /xingrg/kc/mdqp/pssh_order_info.html?code=312021052500686 HTTP/1.1" 200 17270
116.224.253.72 - - [26/May/2021:10:55:27 +0800] "GET /xingrg/javascript/jquery_tools/jquery-1.4.2.min.js HTTP/1.1" 404 1094
116.224.253.72 - - [26/May/2021:10:55:27 +0800] "GET /xingrg/javascript/easyui/themes/default/validatebox.css HTTP/1.1" 404 1104
116.230.110.80 - - [26/May/2021:10:55:27 +0800] "GET /xingrg/kc/buy/cgsh_order_operate.html?command=get_materiel&rest_code=00155&code=00101006129&supplier_code=00100012&order_time=2021-05-26 HTTP/1.1" 200 431
116.224.253.72 - - [26/May/2021:10:55:27 +0800] "POST /xingrg/kc/mdqp/pssh_order_operate.html HTTP/1.1" 200 537
116.224.253.72 - - [26/May/2021:10:55:27 +0800] "GET /xingrg/all/common/auto_word.html?type=base&rest_code=00151&rest_code=00151 HTTP/1.1" 200 1315
116.224.253.72 - - [26/May/2021:10:55:29 +0800] "POST /xingrg/all/common/load_combo.html?type=base&rest_code=00151 HTTP/1.1" 200 2307
58.221.95.50 - - [26/May/2021:10:55:30 +0800] "GET /xingrg/all/function/internal_message.html?_=1621997730219&CODE_STATE=getMsg HTTP/1.1" 200 27
117.185.32.26 - - [26/May/2021:10:55:30 +0800] "GET /xingrg/kc/buy/cgsh_order_add.html HTTP/1.1" 200 62095
117.185.32.26 - - [26/May/2021:10:55:30 +0800] "GET /xingrg/words/20210526102336_words.js HTTP/1.1" 304 -
117.185.32.26 - - [26/May/2021:10:55:30 +0800] "POST /xingrg/kc/buy/cgsh_order_operate.html HTTP/1.1" 200 8245
117.185.32.26 - - [26/May/2021:10:55:30 +0800] "GET /xingrg/javascript/easyui/themes/default/validatebox.css HTTP/1.1" 404 1104
116.235.222.38 - - [26/May/2021:10:55:31 +0800] "GET /xingrg/kc/buy/cgsh_order_add.html HTTP/1.1" 200 62183
180.161.111.4 - - [26/May/2021:10:55:31 +0800] "GET /xingrg/all/function/internal_message.html?_=1621997689950&CODE_STATE=getMsg HTTP/1.1" 200 27
116.235.222.38 - - [26/May/2021:10:55:31 +0800] "GET /xingrg/words/20210526102336_words.js HTTP/1.1" 304 -
58.37.225.51 - - [26/May/2021:10:55:31 +0800] "GET /xingrg/kc/buy/cgsh_order_operate.html?command=get_materiel&rest_code=00141&code=00101004022&supplier_code=00100312&order_time=2021-05-26 HTTP/1.1" 200 415
116.235.222.38 - - [26/May/2021:10:55:31 +0800] "GET /xingrg/javascript/easyui/themes/default/validatebox.css HTTP/1.1" 404 1104
116.235.222.38 - - [26/May/2021:10:55:31 +0800] "POST /xingrg/kc/buy/cgsh_order_operate.html HTTP/1.1" 200 8245
58.221.95.50 - - [26/May/2021:10:55:32 +0800] "POST /xingrg/kc/buy/cgsh_order_operate.html HTTP/1.1" 200 37
116.235.222.38 - - [26/May/2021:10:55:32 +0800] "GET /xingrg/javascript/easyui/themes/default/tree.css HTTP/1.1" 404 1090
116.235.222.38 - - [26/May/2021:10:55:33 +0800] "POST /xingrg/all/common/load_tree.html?tree=supplier_tree_json&isDelete=1 HTTP/1.1" 200 55437
116.224.253.72 - - [26/May/2021:10:55:33 +0800] "POST /xingrg/kc/buy/cgsh_order_operate.html HTTP/1.1" 200 12
117.185.32.26 - - [26/May/2021:10:55:35 +0800] "GET /xingrg/javascript/easyui/themes/default/tree.css HTTP/1.1" 404 1090
117.185.32.26 - - [26/May/2021:10:55:36 +0800] "POST /xingrg/all/common/load_tree.html?tree=supplier_tree_json&isDelete=1 HTTP/1.1" 200 55437
116.230.114.112 - - [26/May/2021:10:55:36 +0800] "GET /xingrg/all/function/internal_message.html?_=1621997743167&CODE_STATE=getMsg HTTP/1.1" 200 27
116.224.253.72 - - [26/May/2021:10:55:37 +0800] "GET /xingrg/kc/buy/cgsh_order_info.html?code=212021052611592 HTTP/1.1" 200 56923
116.224.253.72 - - [26/May/2021:10:55:37 +0800] "GET /xingrg/words/20210526102336_words.js HTTP/1.1" 304 -
116.224.253.72 - - [26/May/2021:10:55:37 +0800] "GET /xingrg/javascript/easyui/themes/default/validatebox.css HTTP/1.1" 404 1104
116.224.253.72 - - [26/May/2021:10:55:38 +0800] "POST /xingrg/kc/buy/cgsh_order_operate.html HTTP/1.1" 200 612
116.230.110.80 - - [26/May/2021:10:55:38 +0800] "GET /xingrg/kc/buy/cgsh_order_operate.html?command=get_materiel&rest_code=00155&code=00101006133&supplier_code=00100012&order_time=2021-05-26 HTTP/1.1" 200 413
116.224.253.72 - - [26/May/2021:10:55:39 +0800] "POST /xingrg/kc/mdqp/pssh_list_operate.html HTTP/1.1" 200 257
58.37.225.51 - - [26/May/2021:10:55:40 +0800] "GET /xingrg/kc/buy/cgsh_order_operate.html?command=get_materiel&rest_code=00141&code=00101005017&supplier_code=00100312&order_time=2021-05-26 HTTP/1.1" 200 409
180.169.147.146 - - [26/May/2021:10:55:40 +0800] "GET /xingrg/all/function/internal_message.html?_=1621997738486&CODE_STATE=getMsg HTTP/1.1" 200 27
116.224.253.72 - - [26/May/2021:10:55:41 +0800] "GET /xingrg/kc/mdqp/pssh_order_info.html?code=312021052500676 HTTP/1.1" 200 17303
116.224.253.72 - - [26/May/2021:10:55:41 +0800] "GET /xingrg/javascript/jquery_tools/jquery-1.4.2.min.js HTTP/1.1" 404 1094
116.224.253.72 - - [26/May/2021:10:55:41 +0800] "GET /xingrg/javascript/easyui/themes/default/validatebox.css HTTP/1.1" 404 1104
116.224.253.72 - - [26/May/2021:10:55:41 +0800] "POST /xingrg/kc/mdqp/pssh_order_operate.html HTTP/1.1" 200 537
180.169.147.146 - - [26/May/2021:10:55:42 +0800] "GET /xingrg/all/function/internal_message.html?_=1621997741179&CODE_STATE=getMsg HTTP/1.1" 200 27
116.224.253.72 - - [26/May/2021:10:55:42 +0800] "POST /xingrg/all/common/load_combo.html?type=employee HTTP/1.1" 200 444
101.85.52.2 - - [26/May/2021:10:55:43 +0800] "GET /xingrg/all/function/internal_message.html?_=1621997737869&CODE_STATE=getMsg HTTP/1.1" 200 27
101.85.52.2 - - [26/May/2021:10:55:43 +0800] "GET /xingrg/check_reg.html?_=1621997737877 HTTP/1.1" 200 22
116.224.253.72 - - [26/May/2021:10:55:46 +0800] "GET /xingrg/all/function/internal_message.html?_=1621997745057&CODE_STATE=getMsg HTTP/1.1" 200 27
116.224.253.72 - - [26/May/2021:10:55:48 +0800] "POST /xingrg/kc/mdqp/pssh_order_operate.html HTTP/1.1" 200 37
117.184.7.26 - - [26/May/2021:10:55:49 +0800] "GET /xingrg/all/function/internal_message.html?_=1621997743100&CODE_STATE=getMsg HTTP/1.1" 200 27
58.37.225.51 - - [26/May/2021:10:55:51 +0800] "GET /xingrg/kc/buy/cgsh_order_operate.html?command=get_materiel&rest_code=00141&code=00101010461&supplier_code=00100312&order_time=2021-05-26 HTTP/1.1" 200 395
116.224.253.72 - - [26/May/2021:10:55:52 +0800] "POST /xingrg/kc/mdqp/pssh_order_operate.html HTTP/1.1" 200 12
116.224.253.72 - - [26/May/2021:10:55:53 +0800] "GET /xingrg/kc/mdqp/pssh_order_info.html?code=312021052500676 HTTP/1.1" 200 14396
116.224.253.72 - - [26/May/2021:10:55:53 +0800] "GET /xingrg/javascript/jquery_tools/jquery-1.4.2.min.js HTTP/1.1" 404 1094
116.224.253.72 - - [26/May/2021:10:55:53 +0800] "GET /xingrg/javascript/easyui/themes/default/validatebox.css HTTP/1.1" 404 1104
116.230.114.112 - - [26/May/2021:10:55:53 +0800] "GET /xingrg/check_reg.html?_=1621997760365 HTTP/1.1" 200 22
116.224.253.72 - - [26/May/2021:10:55:53 +0800] "POST /xingrg/kc/mdqp/pssh_order_operate.html HTTP/1.1" 200 537
116.224.253.72 - - [26/May/2021:10:55:55 +0800] "GET /xingrg/kc/print/load_data.html?order_code=312021052500676&kc_code=pssh&condition= HTTP/1.1" 200 683
222.69.131.109 - - [26/May/2021:10:55:56 +0800] "GET /xingrg/all/function/internal_message.html?_=1621997754623&CODE_STATE=getMsg HTTP/1.1" 200 27
116.230.110.80 - - [26/May/2021:10:55:56 +0800] "POST /xingrg/kc/buy/cgsh_order_operate.html HTTP/1.1" 200 37
117.185.32.26 - - [26/May/2021:10:55:57 +0800] "GET /xingrg/kc/buy/cgsh_order_operate.html?command=get_materiel&rest_code=00106&code=00101010282&supplier_code=00100324&order_time=2021-05-26 HTTP/1.1" 200 415
180.169.147.146 - - [26/May/2021:10:55:59 +0800] "GET /xingrg/all/function/internal_message.html?_=1621997755373&CODE_STATE=getMsg HTTP/1.1" 200 27
116.230.110.80 - - [26/May/2021:10:55:59 +0800] "POST /xingrg/kc/buy/cgsh_order_operate.html HTTP/1.1" 200 4471
58.37.225.51 - - [26/May/2021:10:56:00 +0800] "GET /xingrg/kc/buy/cgsh_order_operate.html?command=get_materiel&rest_code=00141&code=00101005015&supplier_code=00100312&order_time=2021-05-26 HTTP/1.1" 200 428
180.169.147.146 - - [26/May/2021:10:56:00 +0800] "GET /xingrg/check_reg.html?_=1621997756163 HTTP/1.1" 200 22
116.235.222.38 - - [26/May/2021:10:56:01 +0800] "GET /xingrg/kc/buy/cgsh_order_operate.html?command=get_materiel&rest_code=00107&code=00101006164&supplier_code=00100326&order_time=2021-05-26 HTTP/1.1" 200 415
116.230.110.80 - - [26/May/2021:10:56:01 +0800] "GET /xingrg/kc/print/load_data.html?order_code=212021052611593&kc_code=cgsh&condition= HTTP/1.1" 200 1493
58.37.225.51 - - [26/May/2021:10:56:01 +0800] "GET /xingrg/all/function/internal_message.html?_=1621997767323&CODE_STATE=getMsg HTTP/1.1" 200 27
58.37.225.51 - - [26/May/2021:10:56:01 +0800] "GET /xingrg/check_reg.html?_=1621997767324 HTTP/1.1" 200 22
116.224.253.72 - - [26/May/2021:10:56:02 +0800] "GET /xingrg/kc/mdqp/pssh_order_list.html HTTP/1.1" 200 17243
116.224.253.72 - - [26/May/2021:10:56:02 +0800] "POST /xingrg/kc/mdqp/pssh_list_operate.html HTTP/1.1" 200 5452
116.224.253.72 - - [26/May/2021:10:56:03 +0800] "GET /xingrg/kc/buy/cgsh_order_add.html HTTP/1.1" 200 62019
116.224.253.72 - - [26/May/2021:10:56:03 +0800] "POST /xingrg/kc/buy/cgsh_order_operate.html HTTP/1.1" 200 8245
116.224.253.72 - - [26/May/2021:10:56:03 +0800] "GET /xingrg/javascript/easyui/themes/default/validatebox.css HTTP/1.1" 404 1104
116.224.253.72 - - [26/May/2021:10:56:04 +0800] "POST /xingrg/kc/mdqp/pssh_list_operate.html HTTP/1.1" 200 266
116.224.253.72 - - [26/May/2021:10:56:05 +0800] "GET /xingrg/kc/mdqp/pssh_order_info.html?code=312021052500686 HTTP/1.1" 200 17270
116.224.253.72 - - [26/May/2021:10:56:05 +0800] "GET /xingrg/javascript/jquery_tools/jquery-1.4.2.min.js HTTP/1.1" 404 1094
116.230.110.80 - - [26/May/2021:10:56:05 +0800] "GET /xingrg/kc/print/load_data.html?order_code=212021052611593&kc_code=cgsh HTTP/1.1" 200 1493
116.224.253.72 - - [26/May/2021:10:56:05 +0800] "GET /xingrg/javascript/easyui/themes/default/validatebox.css HTTP/1.1" 404 1104
116.224.253.72 - - [26/May/2021:10:56:06 +0800] "POST /xingrg/kc/mdqp/pssh_order_operate.html HTTP/1.1" 200 537
58.37.225.51 - - [26/May/2021:10:56:06 +0800] "GET /xingrg/kc/buy/cgsh_order_operate.html?command=get_materiel&rest_code=00141&code=00101004013&supplier_code=00100312&order_time=2021-05-26 HTTP/1.1" 200 415
180.169.147.146 - - [26/May/2021:10:56:09 +0800] "GET /xingrg/all/function/internal_message.html?_=1621997755228&CODE_STATE=getMsg HTTP/1.1" 200 27
180.169.147.146 - - [26/May/2021:10:56:09 +0800] "GET /xingrg/all/function/internal_message.html?_=1621997769732&CODE_STATE=getMsg HTTP/1.1" 200 27
116.224.253.72 - - [26/May/2021:10:56:09 +0800] "GET /xingrg/all/function/internal_message.html?_=1621997775370&CODE_STATE=getMsg HTTP/1.1" 200 27
61.165.42.208 - - [26/May/2021:10:56:10 +0800] "POST /xingrg/kc/buy/cgsh_order_operate.html HTTP/1.1" 200 37
117.185.32.26 - - [26/May/2021:10:56:11 +0800] "GET /xingrg/all/function/internal_message.html?_=1621998299710&CODE_STATE=getMsg HTTP/1.1" 200 27
61.165.42.208 - - [26/May/2021:10:56:11 +0800] "POST /xingrg/kc/buy/cgsh_order_operate.html HTTP/1.1" 200 3248
116.230.110.80 - - [26/May/2021:10:56:12 +0800] "GET /xingrg/check_reg.html?_=1621997770918 HTTP/1.1" 200 22
116.230.110.80 - - [26/May/2021:10:56:12 +0800] "GET /xingrg/all/function/internal_message.html?_=1621997770923&CODE_STATE=getMsg HTTP/1.1" 200 27
116.224.253.72 - - [26/May/2021:10:56:13 +0800] "GET /xingrg/kc/base/yddb_order_list.html HTTP/1.1" 200 16588
116.224.253.72 - - [26/May/2021:10:56:13 +0800] "POST /xingrg/kc/base/yddb_list_operate.html HTTP/1.1" 200 636
117.184.7.26 - - [26/May/2021:10:56:14 +0800] "GET /xingrg/check_reg.html?_=1621997770453 HTTP/1.1" 302 -
117.184.7.26 - - [26/May/2021:10:56:14 +0800] "GET /xingrg/all/function/internal_message.html?_=1621997770452&CODE_STATE=getMsg HTTP/1.1" 302 -
117.184.7.26 - - [26/May/2021:10:56:14 +0800] "GET /xingrg/login.html HTTP/1.1" 200 7641
117.184.7.26 - - [26/May/2021:10:56:14 +0800] "GET /xingrg/login.html HTTP/1.1" 200 7641
116.235.222.38 - - [26/May/2021:10:56:15 +0800] "GET /xingrg/kc/buy/cgsh_order_operate.html?command=get_materiel&rest_code=00107&code=00101010567&supplier_code=00100326&order_time=2021-05-26 HTTP/1.1" 200 399
116.224.253.72 - - [26/May/2021:10:56:15 +0800] "GET /xingrg/kc/buy/cgsh_order_operate.html?command=get_materiel&rest_code=00150&code=00101007085&supplier_code=00100328&order_time=2021-05-26 HTTP/1.1" 200 413
58.37.225.51 - - [26/May/2021:10:56:16 +0800] "GET /xingrg/check_reg.html?_=1621997725358 HTTP/1.1" 200 22
120.253.135.82 - - [26/May/2021:10:56:17 +0800] "GET /xingrg/all/function/internal_message.html?_=1621997821729&CODE_STATE=getMsg HTTP/1.1" 200 27
61.165.42.208 - - [26/May/2021:10:56:18 +0800] "GET /xingrg/kc/print/load_data.html?order_code=212021052611594&kc_code=cgsh&condition= HTTP/1.1" 200 888
116.224.253.72 - - [26/May/2021:10:56:18 +0800] "POST /xingrg/kc/base/yddb_list_operate.html HTTP/1.1" 200 2638
58.37.225.51 - - [26/May/2021:10:56:19 +0800] "GET /xingrg/kc/buy/cgsh_order_operate.html?command=get_materiel&rest_code=00141&code=00101004051&supplier_code=00100312&order_time=2021-05-26 HTTP/1.1" 200 409
61.165.42.208 - - [26/May/2021:10:56:20 +0800] "GET /xingrg/all/function/internal_message.html?_=1621997759792&CODE_STATE=getMsg HTTP/1.1" 200 27
116.224.253.72 - - [26/May/2021:10:56:20 +0800] "POST /xingrg/kc/base/yddb_list_operate.html HTTP/1.1" 200 289
116.224.253.72 - - [26/May/2021:10:56:22 +0800] "GET /xingrg/kc/base/yddb_order_info.html?code=482021052600189 HTTP/1.1" 200 31031
116.224.253.72 - - [26/May/2021:10:56:22 +0800] "GET /xingrg/dwr/interface/AjaxYddbService.js HTTP/1.1" 200 13201
116.224.253.72 - - [26/May/2021:10:56:22 +0800] "GET /xingrg/dwr/interface/AjaxComOrderService.js HTTP/1.1" 200 18264
116.224.253.72 - - [26/May/2021:10:56:22 +0800] "GET /xingrg/dwr/engine.js HTTP/1.1" 200 43631
116.235.222.38 - - [26/May/2021:10:56:23 +0800] "POST /xingrg/kc/buy/cgsh_order_operate.html HTTP/1.1" 200 37
116.224.253.72 - - [26/May/2021:10:56:23 +0800] "POST /xingrg/dwr/call/plaincall/AjaxYddbService.loadMaterielItems.dwr HTTP/1.1" 200 755
116.233.76.220 - - [26/May/2021:10:56:23 +0800] "GET /xingrg/all/function/internal_message.html?_=1621997782765&CODE_STATE=getMsg HTTP/1.1" 200 27
116.230.114.112 - - [26/May/2021:10:56:24 +0800] "GET /xingrg/all/function/internal_message.html?_=1621997792561&CODE_STATE=getMsg HTTP/1.1" 200 27
116.235.222.38 - - [26/May/2021:10:56:24 +0800] "GET /xingrg/all/function/internal_message.html?_=1621997783381&CODE_STATE=getMsg HTTP/1.1" 200 27
116.235.222.38 - - [26/May/2021:10:56:25 +0800] "POST /xingrg/kc/buy/cgsh_order_operate.html HTTP/1.1" 200 3253
116.224.253.72 - - [26/May/2021:10:56:27 +0800] "POST /xingrg/dwr/call/plaincall/AjaxYddbService.saveOrder.dwr HTTP/1.1" 200 78
180.161.111.4 - - [26/May/2021:10:56:31 +0800] "GET /xingrg/all/function/internal_message.html?_=1621997749964&CODE_STATE=getMsg HTTP/1.1" 200 27
116.224.253.72 - - [26/May/2021:10:56:33 +0800] "POST /xingrg/dwr/call/plaincall/AjaxYddbService.objCheckOrder.dwr HTTP/1.1" 200 78
116.224.253.72 - - [26/May/2021:10:56:34 +0800] "GET /xingrg/kc/base/yddb_order_info.html?code=482021052600189 HTTP/1.1" 200 31156
116.224.253.72 - - [26/May/2021:10:56:35 +0800] "GET /xingrg/dwr/interface/AjaxYddbService.js HTTP/1.1" 200 13201
116.224.253.72 - - [26/May/2021:10:56:35 +0800] "GET /xingrg/dwr/interface/AjaxComOrderService.js HTTP/1.1" 200 18264
116.224.253.72 - - [26/May/2021:10:56:35 +0800] "GET /xingrg/dwr/engine.js HTTP/1.1" 200 43631
116.224.253.72 - - [26/May/2021:10:56:35 +0800] "POST /xingrg/dwr/call/plaincall/AjaxYddbService.loadMaterielItems.dwr HTTP/1.1" 200 755
58.37.225.51 - - [26/May/2021:10:56:36 +0800] "GET /xingrg/kc/buy/cgsh_order_operate.html?command=get_materiel&rest_code=00141&code=00101001096&supplier_code=00100312&order_time=2021-05-26 HTTP/1.1" 200 413
116.230.114.112 - - [26/May/2021:10:56:36 +0800] "GET /xingrg/all/function/internal_message.html?_=1621997803181&CODE_STATE=getMsg HTTP/1.1" 200 27
61.165.42.208 - - [26/May/2021:10:56:36 +0800] "GET /xingrg/kc/buy/cgsh_order_add.html HTTP/1.1" 200 62142
61.165.42.208 - - [26/May/2021:10:56:37 +0800] "POST /xingrg/kc/buy/cgsh_order_operate.html HTTP/1.1" 200 8245
61.165.42.208 - - [26/May/2021:10:56:37 +0800] "GET /xingrg/javascript/easyui/themes/default/validatebox.css HTTP/1.1" 404 1104
117.185.32.26 - - [26/May/2021:10:56:37 +0800] "GET /xingrg/kc/buy/cgsh_order_operate.html?command=get_materiel&rest_code=00106&code=00101006101&supplier_code=00100324&order_time=2021-05-26 HTTP/1.1" 200 421
116.224.253.72 - - [26/May/2021:10:56:37 +0800] "POST /xingrg/kc/base/yddb_list_operate.html HTTP/1.1" 200 622
116.235.222.38 - - [26/May/2021:10:56:38 +0800] "POST /xingrg/kc/buy/cgsh_order_operate.html HTTP/1.1" 200 37
116.224.253.72 - - [26/May/2021:10:56:39 +0800] "GET /xingrg/kc/base/yddb_order_info.html?code=482021052600188 HTTP/1.1" 200 31032
116.224.253.72 - - [26/May/2021:10:56:39 +0800] "GET /xingrg/dwr/interface/AjaxComOrderService.js HTTP/1.1" 200 18264
116.224.253.72 - - [26/May/2021:10:56:39 +0800] "GET /xingrg/dwr/interface/AjaxYddbService.js HTTP/1.1" 200 13201
116.224.253.72 - - [26/May/2021:10:56:39 +0800] "GET /xingrg/dwr/engine.js HTTP/1.1" 200 43631
116.224.253.72 - - [26/May/2021:10:56:39 +0800] "POST /xingrg/dwr/call/plaincall/AjaxYddbService.loadMaterielItems.dwr HTTP/1.1" 200 2235
116.235.222.38 - - [26/May/2021:10:56:40 +0800] "POST /xingrg/kc/buy/cgsh_order_operate.html HTTP/1.1" 200 3253
180.169.147.146 - - [26/May/2021:10:56:40 +0800] "GET /xingrg/all/function/internal_message.html?_=1621997798487&CODE_STATE=getMsg HTTP/1.1" 200 27
180.169.147.146 - - [26/May/2021:10:56:42 +0800] "GET /xingrg/all/function/internal_message.html?_=1621997801169&CODE_STATE=getMsg HTTP/1.1" 200 27
116.235.222.38 - - [26/May/2021:10:56:43 +0800] "GET /xingrg/kc/print/load_data.html?order_code=212021052611595&kc_code=cgsh&condition= HTTP/1.1" 200 905
101.85.52.2 - - [26/May/2021:10:56:43 +0800] "GET /xingrg/all/function/internal_message.html?_=1621997797878&CODE_STATE=getMsg HTTP/1.1" 200 27
116.224.253.72 - - [26/May/2021:10:56:43 +0800] "POST /xingrg/dwr/call/plaincall/AjaxYddbService.saveOrder.dwr HTTP/1.1" 200 78
116.224.253.72 - - [26/May/2021:10:56:46 +0800] "GET /xingrg/all/function/internal_message.html?_=1621997805042&CODE_STATE=getMsg HTTP/1.1" 200 27
116.224.253.72 - - [26/May/2021:10:56:48 +0800] "POST /xingrg/kc/buy/cgsh_order_operate.html HTTP/1.1" 200 37
117.184.7.26 - - [26/May/2021:10:56:49 +0800] "GET /xingrg/all/function/internal_message.html?_=1621997803101&CODE_STATE=getMsg HTTP/1.1" 200 27
116.235.222.38 - - [26/May/2021:10:56:51 +0800] "GET /xingrg/kc/buy/cgsh_order_add.html HTTP/1.1" 200 62183
116.230.110.80 - - [26/May/2021:10:56:52 +0800] "GET /xingrg/kc/buy/cgsh_order_add.html HTTP/1.1" 200 8212
116.235.222.38 - - [26/May/2021:10:56:52 +0800] "GET /xingrg/javascript/easyui/themes/default/validatebox.css HTTP/1.1" 404 1104
116.235.222.38 - - [26/May/2021:10:56:52 +0800] "POST /xingrg/kc/buy/cgsh_order_operate.html HTTP/1.1" 200 8245
116.230.110.80 - - [26/May/2021:10:56:53 +0800] "GET /xingrg/kc/buy/cgsh_order_add.html HTTP/1.1" 200 8212
116.230.110.80 - - [26/May/2021:10:56:53 +0800] "GET /xingrg/kc/buy/cgsh_order_add.html HTTP/1.1" 200 62063
116.230.110.80 - - [26/May/2021:10:56:54 +0800] "POST /xingrg/kc/buy/cgsh_order_operate.html HTTP/1.1" 200 8245
116.235.222.38 - - [26/May/2021:10:56:54 +0800] "GET /xingrg/javascript/easyui/themes/default/tree.css HTTP/1.1" 404 1090
116.230.110.80 - - [26/May/2021:10:56:54 +0800] "GET /xingrg/javascript/easyui/themes/default/validatebox.css HTTP/1.1" 404 1104
116.224.253.72 - - [26/May/2021:10:56:55 +0800] "POST /xingrg/dwr/call/plaincall/AjaxYddbService.objCheckOrder.dwr HTTP/1.1" 200 78
116.235.222.38 - - [26/May/2021:10:56:55 +0800] "POST /xingrg/all/common/load_tree.html?tree=supplier_tree_json&isDelete=1 HTTP/1.1" 200 55437
222.69.131.109 - - [26/May/2021:10:56:56 +0800] "GET /xingrg/all/function/internal_message.html?_=1621997814607&CODE_STATE=getMsg HTTP/1.1" 200 27
116.224.253.72 - - [26/May/2021:10:56:57 +0800] "GET /xingrg/kc/base/yddb_order_info.html?code=482021052600188 HTTP/1.1" 200 31157
116.224.253.72 - - [26/May/2021:10:56:57 +0800] "GET /xingrg/dwr/interface/AjaxComOrderService.js HTTP/1.1" 200 18264
116.224.253.72 - - [26/May/2021:10:56:57 +0800] "GET /xingrg/dwr/interface/AjaxYddbService.js HTTP/1.1" 200 13201
116.224.253.72 - - [26/May/2021:10:56:57 +0800] "GET /xingrg/dwr/engine.js HTTP/1.1" 200 43631
116.224.253.72 - - [26/May/2021:10:56:57 +0800] "POST /xingrg/dwr/call/plaincall/AjaxYddbService.loadMaterielItems.dwr HTTP/1.1" 200 2235
58.37.225.51 - - [26/May/2021:10:56:58 +0800] "POST /xingrg/kc/buy/cgsh_order_operate.html HTTP/1.1" 200 37
180.169.147.146 - - [26/May/2021:10:56:59 +0800] "GET /xingrg/all/function/internal_message.html?_=1621997815348&CODE_STATE=getMsg HTTP/1.1" 200 27
116.224.253.72 - - [26/May/2021:10:56:59 +0800] "POST /xingrg/kc/base/yddb_list_operate.html HTTP/1.1" 200 614
58.37.225.51 - - [26/May/2021:10:57:01 +0800] "GET /xingrg/all/function/internal_message.html?_=1621997827322&CODE_STATE=getMsg HTTP/1.1" 200 27
116.224.253.72 - - [26/May/2021:10:57:01 +0800] "GET /xingrg/kc/base/yddb_order_info.html?code=482021052600187 HTTP/1.1" 200 31032
116.224.253.72 - - [26/May/2021:10:57:01 +0800] "GET /xingrg/dwr/interface/AjaxYddbService.js HTTP/1.1" 200 13201
116.224.253.72 - - [26/May/2021:10:57:01 +0800] "GET /xingrg/dwr/interface/AjaxComOrderService.js HTTP/1.1" 200 18264
116.224.253.72 - - [26/May/2021:10:57:01 +0800] "GET /xingrg/dwr/engine.js HTTP/1.1" 200 43631
116.224.253.72 - - [26/May/2021:10:57:02 +0800] "POST /xingrg/dwr/call/plaincall/AjaxYddbService.loadMaterielItems.dwr HTTP/1.1" 200 2210
116.224.253.72 - - [26/May/2021:10:57:02 +0800] "POST /xingrg/kc/buy/cgsh_order_operate.html HTTP/1.1" 200 12
116.230.110.80 - - [26/May/2021:10:57:03 +0800] "GET /xingrg/kc/buy/cgsh_order_operate.html?command=get_materiel&rest_code=00155&code=00101008350&supplier_code=00100005&order_time=2021-05-26 HTTP/1.1" 200 408
116.224.253.72 - - [26/May/2021:10:57:04 +0800] "GET /xingrg/kc/buy/cgsh_order_info.html?code=212021052611596 HTTP/1.1" 200 56925
116.224.253.72 - - [26/May/2021:10:57:04 +0800] "GET /xingrg/javascript/easyui/themes/default/validatebox.css HTTP/1.1" 404 1104
116.224.253.72 - - [26/May/2021:10:57:05 +0800] "POST /xingrg/kc/buy/cgsh_order_operate.html HTTP/1.1" 200 607
116.224.253.72 - - [26/May/2021:10:57:07 +0800] "GET /xingrg/kc/print/load_data.html?order_code=212021052611596&kc_code=cgsh&condition= HTTP/1.1" 200 714
61.165.42.208 - - [26/May/2021:10:57:07 +0800] "GET /xingrg/kc/buy/cgsh_order_operate.html?command=get_materiel&rest_code=00105&code=00101008061&supplier_code=00100339&order_time=2021-05-26 HTTP/1.1" 200 423
116.224.253.72 - - [26/May/2021:10:57:08 +0800] "POST /xingrg/dwr/call/plaincall/AjaxYddbService.saveOrder.dwr HTTP/1.1" 200 78
101.85.94.178 - - [26/May/2021:10:57:08 +0800] "GET /xingrg HTTP/1.1" 302 -
180.169.147.146 - - [26/May/2021:10:57:09 +0800] "GET /xingrg/all/function/internal_message.html?_=1621997815199&CODE_STATE=getMsg HTTP/1.1" 200 27
180.169.147.146 - - [26/May/2021:10:57:09 +0800] "GET /xingrg/all/function/internal_message.html?_=1621997829733&CODE_STATE=getMsg HTTP/1.1" 200 27
101.85.94.178 - - [26/May/2021:10:57:09 +0800] "GET /xingrg/index.html HTTP/1.1" 302 -
101.85.94.178 - - [26/May/2021:10:57:09 +0800] "GET /xingrg/login.html HTTP/1.1" 200 7641
101.85.94.178 - - [26/May/2021:10:57:09 +0800] "GET /favicon.ico HTTP/1.1" 404 -
116.224.253.72 - - [26/May/2021:10:57:09 +0800] "GET /xingrg/all/function/internal_message.html?_=1621997835374&CODE_STATE=getMsg HTTP/1.1" 200 27
