180.169.147.146 - - [26/May/2021:10:12:25 +0800] "POST /xingrg/all/common/load_tree.html?tree=supplier_tree_json&manage=1 HTTP/1.1" 200 56294
180.161.111.4 - - [26/May/2021:10:12:26 +0800] "GET /xingrg/all/function/internal_message.html?_=1621995105159&CODE_STATE=getMsg HTTP/1.1" 200 27
120.253.135.82 - - [26/May/2021:10:12:27 +0800] "POST /xingrg/kc/pszx/mdps_list_operate.html HTTP/1.1" 200 3919
116.224.253.72 - - [26/May/2021:10:12:27 +0800] "GET /xingrg/check_reg.html?_=1621995152624 HTTP/1.1" 200 22
116.224.253.72 - - [26/May/2021:10:12:28 +0800] "GET /xingrg/all/function/internal_message.html?_=1621995153810&CODE_STATE=getMsg HTTP/1.1" 200 27
120.253.135.82 - - [26/May/2021:10:12:29 +0800] "POST /xingrg/kc/pszx/mdps_list_operate.html HTTP/1.1" 200 374
120.253.135.82 - - [26/May/2021:10:12:30 +0800] "GET /xingrg/kc/pszx/mdps_order_info.html?code=312021052600689 HTTP/1.1" 200 23931
120.253.135.82 - - [26/May/2021:10:12:30 +0800] "GET /xingrg/javascript/jquery_tools/order_manager.js HTTP/1.1" 304 -
120.253.135.82 - - [26/May/2021:10:12:30 +0800] "GET /xingrg/javascript/convert.js HTTP/1.1" 304 -
120.253.135.82 - - [26/May/2021:10:12:30 +0800] "GET /xingrg/javascript/print/kc_print.js HTTP/1.1" 304 -
120.253.135.82 - - [26/May/2021:10:12:30 +0800] "GET /xingrg/javascript/json2.js HTTP/1.1" 304 -
120.253.135.82 - - [26/May/2021:10:12:30 +0800] "GET /xingrg/words/20210525111023_words.js HTTP/1.1" 304 -
120.253.135.82 - - [26/May/2021:10:12:30 +0800] "GET /xingrg/javascript/easyui/themes/default/images/menu_downarrow.png HTTP/1.1" 304 -
120.253.135.82 - - [26/May/2021:10:12:30 +0800] "GET /xingrg/javascript/easyui/themes/icons/copy_new.png HTTP/1.1" 304 -
120.253.135.82 - - [26/May/2021:10:12:30 +0800] "GET /xingrg/javascript/easyui/themes/icons/print.png HTTP/1.1" 304 -
120.253.135.82 - - [26/May/2021:10:12:30 +0800] "GET /xingrg/javascript/easyui/themes/icons/ok.png HTTP/1.1" 304 -
120.253.135.82 - - [26/May/2021:10:12:30 +0800] "GET /xingrg/javascript/easyui/themes/icons/cancel.png HTTP/1.1" 304 -
120.253.135.82 - - [26/May/2021:10:12:31 +0800] "GET /xingrg/javascript/easyui/themes/default/validatebox.css HTTP/1.1" 404 1104
120.253.135.82 - - [26/May/2021:10:12:31 +0800] "GET /xingrg/javascript/easyui/plugins/jquery.validatebox.js HTTP/1.1" 304 -
120.253.135.82 - - [26/May/2021:10:12:31 +0800] "GET /xingrg/javascript/easyui/plugins/jquery.numberbox.js HTTP/1.1" 304 -
120.253.135.82 - - [26/May/2021:10:12:31 +0800] "GET /xingrg/all/common/auto_word.html?type=base&rest_code=00101 HTTP/1.1" 200 613
120.253.135.82 - - [26/May/2021:10:12:32 +0800] "POST /xingrg/kc/pszx/mdps_order_operate.html HTTP/1.1" 200 3274
222.69.131.109 - - [26/May/2021:10:12:32 +0800] "GET /xingrg/kc/buy/cgsh_order_add.html HTTP/1.1" 200 62148
120.253.135.82 - - [26/May/2021:10:12:32 +0800] "GET /xingrg/javascript/easyui/themes/icons/edit_remove.png HTTP/1.1" 200 625
222.69.131.109 - - [26/May/2021:10:12:32 +0800] "POST /xingrg/kc/buy/cgsh_order_operate.html HTTP/1.1" 200 8245
222.69.131.109 - - [26/May/2021:10:12:32 +0800] "GET /xingrg/javascript/easyui/themes/default/validatebox.css HTTP/1.1" 404 1104
117.185.32.26 - - [26/May/2021:10:12:34 +0800] "GET /xingrg/all/function/internal_message.html?_=1621995683064&CODE_STATE=getMsg HTTP/1.1" 200 27
61.165.42.208 - - [26/May/2021:10:12:35 +0800] "GET /xingrg/kc/buy/cgsh_order_operate.html?command=get_materiel&rest_code=00105&code=00101006133&supplier_code=00100012&order_time=2021-05-26 HTTP/1.1" 200 413
116.230.114.112 - - [26/May/2021:10:12:35 +0800] "GET /xingrg/all/function/internal_message.html?_=1621995162302&CODE_STATE=getMsg HTTP/1.1" 200 27
120.253.135.82 - - [26/May/2021:10:12:39 +0800] "GET /xingrg/kc/pszx/mdps_order_operate.html?command=get_materiel&pszx_code=00101&rest_code=00150&base_code=0010246&code=00101013115 HTTP/1.1" 200 433
180.169.147.146 - - [26/May/2021:10:12:40 +0800] "GET /xingrg/all/function/internal_message.html?_=1621995158490&CODE_STATE=getMsg HTTP/1.1" 200 27
180.169.147.146 - - [26/May/2021:10:12:42 +0800] "GET /xingrg/kc/base/jgfj_order_list.html HTTP/1.1" 200 17167
180.169.147.146 - - [26/May/2021:10:12:42 +0800] "POST /xingrg/kc/base/jgfj_list_operate.html HTTP/1.1" 200 862
180.169.147.146 - - [26/May/2021:10:12:42 +0800] "GET /xingrg/check_reg.html?_=1621995161184 HTTP/1.1" 200 22
180.169.147.146 - - [26/May/2021:10:12:42 +0800] "GET /xingrg/all/function/internal_message.html?_=1621995161179&CODE_STATE=getMsg HTTP/1.1" 200 27
120.253.135.82 - - [26/May/2021:10:12:43 +0800] "GET /xingrg/javascript/easyui/themes/default/images/button_plain_hover.png HTTP/1.1" 304 -
120.253.135.82 - - [26/May/2021:10:12:43 +0800] "GET /xingrg/javascript/easyui/themes/default/images/button_plain_hover.png HTTP/1.1" 304 -
117.184.7.26 - - [26/May/2021:10:12:44 +0800] "GET /xingrg/index.html?sysBaseUrl=http%3A%2F%2F180.169.147.146%3A18081%2Fxingrg%2F&costTime=1104×tamp=1621913831693 HTTP/1.1" 200 17173
120.253.135.82 - - [26/May/2021:10:12:46 +0800] "POST /xingrg/kc/pszx/mdps_order_operate.html HTTP/1.1" 200 37
117.184.7.26 - - [26/May/2021:10:12:47 +0800] "GET /favicon.ico HTTP/1.1" 404 -
120.253.135.82 - - [26/May/2021:10:12:47 +0800] "GET /xingrg/kc/pszx/mdps_order_info.html?code=312021052600689 HTTP/1.1" 200 23931
120.253.135.82 - - [26/May/2021:10:12:47 +0800] "GET /xingrg/javascript/jquery_easy_ui/themes/icons/area.png HTTP/1.1" 304 -
120.253.135.82 - - [26/May/2021:10:12:47 +0800] "GET /xingrg/javascript/jquery_easy_ui/themes/icons/manage.png HTTP/1.1" 304 -
120.253.135.82 - - [26/May/2021:10:12:47 +0800] "GET /xingrg/javascript/easyui/themes/default/validatebox.css HTTP/1.1" 404 1104
120.253.135.82 - - [26/May/2021:10:12:48 +0800] "POST /xingrg/kc/pszx/mdps_order_operate.html HTTP/1.1" 200 3759
117.184.7.26 - - [26/May/2021:10:12:48 +0800] "POST /xingrg/all/common/load_tree.html?tree=area_rest_tree_json&manage=1 HTTP/1.1" 200 470
117.184.7.26 - - [26/May/2021:10:12:49 +0800] "GET /xingrg/all/function/internal_message.html?_=1621995163033&CODE_STATE=count HTTP/1.1" 200 11
117.184.7.26 - - [26/May/2021:10:12:49 +0800] "GET /xingrg/check_reg.html?_=1621995163034 HTTP/1.1" 200 22
180.169.147.146 - - [26/May/2021:10:12:49 +0800] "GET /xingrg/javascript/jquery_tools/images/next.gif HTTP/1.1" 404 1086
180.169.147.146 - - [26/May/2021:10:12:49 +0800] "GET /xingrg/javascript/jquery_tools/images/prev.gif HTTP/1.1" 404 1086
222.69.131.109 - - [26/May/2021:10:12:49 +0800] "GET /xingrg/kc/buy/cgsh_order_operate.html?command=get_materiel&rest_code=00149&code=00101004013&supplier_code=00100083&order_time=2021-05-26 HTTP/1.1" 200 415
117.184.7.26 - - [26/May/2021:10:12:50 +0800] "POST /xingrg/load_menu.html HTTP/1.1" 200 5138
180.169.147.146 - - [26/May/2021:10:12:50 +0800] "GET /xingrg/check_reg.html?_=1621995156410 HTTP/1.1" 200 22
180.169.147.146 - - [26/May/2021:10:12:50 +0800] "GET /xingrg/all/function/internal_message.html?_=1621995166611&CODE_STATE=getMsg HTTP/1.1" 200 27
116.230.114.112 - - [26/May/2021:10:12:53 +0800] "GET /xingrg/check_reg.html?_=1621995181568 HTTP/1.1" 200 22
180.169.147.146 - - [26/May/2021:10:12:53 +0800] "GET /xingrg/kc/buy/cgsh_order_add.html HTTP/1.1" 200 62063
180.169.147.146 - - [26/May/2021:10:12:54 +0800] "POST /xingrg/kc/buy/cgsh_order_operate.html HTTP/1.1" 200 8245
180.169.147.146 - - [26/May/2021:10:12:54 +0800] "GET /xingrg/javascript/easyui/themes/default/validatebox.css HTTP/1.1" 404 1104
180.169.147.146 - - [26/May/2021:10:12:55 +0800] "POST /xingrg/kc/base/jgfj_list_operate.html HTTP/1.1" 200 862
222.69.131.109 - - [26/May/2021:10:12:56 +0800] "GET /xingrg/kc/buy/cgsh_order_operate.html?command=get_materiel&rest_code=00149&code=00101004048&supplier_code=00100083&order_time=2021-05-26 HTTP/1.1" 200 418
180.169.147.146 - - [26/May/2021:10:12:57 +0800] "POST /xingrg/kc/base/jgfj_list_operate.html HTTP/1.1" 200 862
222.69.131.109 - - [26/May/2021:10:12:57 +0800] "GET /xingrg/all/function/internal_message.html?_=1621995175203&CODE_STATE=getMsg HTTP/1.1" 200 27
101.85.94.178 - - [26/May/2021:10:12:58 +0800] "GET /xingrg/all/function/internal_message.html?_=1621994659731&CODE_STATE=getMsg HTTP/1.1" 200 27
116.230.114.112 - - [26/May/2021:10:12:58 +0800] "GET /xingrg/all/function/internal_message.html?_=1621995186650&CODE_STATE=getMsg HTTP/1.1" 200 27
116.235.222.38 - - [26/May/2021:10:12:59 +0800] "GET /xingrg/all/function/internal_message.html?_=1621995177795&CODE_STATE=getMsg HTTP/1.1" 200 27
116.235.222.38 - - [26/May/2021:10:12:59 +0800] "GET /xingrg/check_reg.html?_=1621995177796 HTTP/1.1" 200 22
58.37.225.51 - - [26/May/2021:10:13:01 +0800] "GET /xingrg/all/function/internal_message.html?_=1621995187196&CODE_STATE=getMsg HTTP/1.1" 200 27
180.169.147.146 - - [26/May/2021:10:13:07 +0800] "GET /xingrg/kc/buy/cgyd_order_list.html HTTP/1.1" 200 46079
180.169.147.146 - - [26/May/2021:10:13:07 +0800] "GET /xingrg/kc/buy/cgyd_order_list.html HTTP/1.1" 200 8212
120.253.135.82 - - [26/May/2021:10:13:07 +0800] "POST /xingrg/kc/pszx/mdps_order_operate.html HTTP/1.1" 200 37
58.221.95.50 - - [26/May/2021:10:13:09 +0800] "GET /xingrg/check_reg.html?_=1621995188958 HTTP/1.1" 302 -
58.221.95.50 - - [26/May/2021:10:13:09 +0800] "GET /xingrg/login.html HTTP/1.1" 200 7641
180.169.147.146 - - [26/May/2021:10:13:09 +0800] "POST /xingrg/kc/buy/cgyd_list_operate.html HTTP/1.1" 200 976
180.169.147.146 - - [26/May/2021:10:13:09 +0800] "GET /xingrg/all/function/internal_message.html?_=1621995189715&CODE_STATE=getMsg HTTP/1.1" 200 27
180.169.147.146 - - [26/May/2021:10:13:09 +0800] "GET /xingrg/check_reg.html?_=1621995189720 HTTP/1.1" 200 22
180.169.147.146 - - [26/May/2021:10:13:09 +0800] "GET /xingrg/kc/buy/cgyd_order_list.html HTTP/1.1" 200 46079
180.169.147.146 - - [26/May/2021:10:13:09 +0800] "GET /xingrg/all/function/internal_message.html?_=1621995176110&CODE_STATE=getMsg HTTP/1.1" 200 27
120.253.135.82 - - [26/May/2021:10:13:09 +0800] "GET /xingrg/all/function/internal_message.html?_=1621994970865&CODE_STATE=getMsg HTTP/1.1" 200 27
222.69.131.109 - - [26/May/2021:10:13:09 +0800] "POST /xingrg/kc/buy/cgsh_order_operate.html HTTP/1.1" 200 37
120.253.135.82 - - [26/May/2021:10:13:10 +0800] "GET /xingrg/kc/pszx/mdps_order_info.html?code=312021052600689 HTTP/1.1" 200 23931
120.253.135.82 - - [26/May/2021:10:13:10 +0800] "GET /xingrg/javascript/easyui/themes/default/validatebox.css HTTP/1.1" 404 1104
180.169.147.146 - - [26/May/2021:10:13:11 +0800] "POST /xingrg/kc/buy/cgyd_list_operate.html HTTP/1.1" 200 976
120.253.135.82 - - [26/May/2021:10:13:11 +0800] "POST /xingrg/kc/pszx/mdps_order_operate.html HTTP/1.1" 200 3759
117.184.7.26 - - [26/May/2021:10:13:14 +0800] "GET /xingrg/all/function/internal_message.html?_=1621995190407&CODE_STATE=getMsg HTTP/1.1" 302 -
117.184.7.26 - - [26/May/2021:10:13:14 +0800] "GET /xingrg/login.html HTTP/1.1" 200 7641
61.165.42.208 - - [26/May/2021:10:13:14 +0800] "GET /xingrg/all/function/internal_message.html?_=1621995174209&CODE_STATE=getMsg HTTP/1.1" 200 27
120.253.135.82 - - [26/May/2021:10:13:15 +0800] "GET /xingrg/kc/pszx/mdps_order_info.html?code=312021052600689 HTTP/1.1" 200 23931
120.253.135.82 - - [26/May/2021:10:13:16 +0800] "GET /xingrg/javascript/easyui/themes/default/validatebox.css HTTP/1.1" 404 1104
120.253.135.82 - - [26/May/2021:10:13:16 +0800] "GET /xingrg/all/function/internal_message.html?_=1621995240936&CODE_STATE=getMsg HTTP/1.1" 200 27
116.224.253.72 - - [26/May/2021:10:13:16 +0800] "GET /xingrg/all/function/internal_message.html?_=1621995195773&CODE_STATE=getMsg HTTP/1.1" 200 27
180.169.147.146 - - [26/May/2021:10:13:16 +0800] "GET /xingrg/javascript/easyui/themes/default/tree.css HTTP/1.1" 404 1090
120.253.135.82 - - [26/May/2021:10:13:16 +0800] "POST /xingrg/kc/pszx/mdps_order_operate.html HTTP/1.1" 200 3759
116.224.253.72 - - [26/May/2021:10:13:17 +0800] "GET /xingrg/check_reg.html?_=1621995195910 HTTP/1.1" 200 22
180.169.147.146 - - [26/May/2021:10:13:17 +0800] "POST /xingrg/all/common/load_tree.html?tree=supplier_tree_json&manage=1 HTTP/1.1" 200 56294
120.253.135.82 - - [26/May/2021:10:13:19 +0800] "POST /xingrg/kc/pszx/mdps_list_operate.html HTTP/1.1" 200 3920
222.69.131.109 - - [26/May/2021:10:13:20 +0800] "POST /xingrg/kc/buy/cgsh_order_operate.html HTTP/1.1" 200 12
222.69.131.109 - - [26/May/2021:10:13:23 +0800] "GET /xingrg/kc/buy/cgsh_order_info.html?code=212021052611542 HTTP/1.1" 200 57048
222.69.131.109 - - [26/May/2021:10:13:23 +0800] "GET /xingrg/javascript/easyui/themes/default/validatebox.css HTTP/1.1" 404 1104
116.233.76.220 - - [26/May/2021:10:13:23 +0800] "GET /xingrg/all/function/internal_message.html?_=1621995202646&CODE_STATE=getMsg HTTP/1.1" 200 27
222.69.131.109 - - [26/May/2021:10:13:24 +0800] "POST /xingrg/kc/buy/cgsh_order_operate.html HTTP/1.1" 200 1212
222.70.177.128 - - [26/May/2021:10:13:24 +0800] "GET /xingrg/all/function/internal_message.html?_=1621995207985&CODE_STATE=getMsg HTTP/1.1" 200 27
222.69.131.109 - - [26/May/2021:10:13:26 +0800] "GET /xingrg/kc/print/load_data.html?order_code=212021052611542&kc_code=cgsh&condition= HTTP/1.1" 200 957
180.161.111.4 - - [26/May/2021:10:13:26 +0800] "GET /xingrg/all/function/internal_message.html?_=1621995165167&CODE_STATE=getMsg HTTP/1.1" 200 27
180.169.147.146 - - [26/May/2021:10:13:26 +0800] "GET /xingrg/kc/buy/cgsh_order_list.html HTTP/1.1" 200 46612
116.224.253.72 - - [26/May/2021:10:13:28 +0800] "GET /xingrg/all/function/internal_message.html?_=1621995213824&CODE_STATE=getMsg HTTP/1.1" 200 27
180.169.147.146 - - [26/May/2021:10:13:28 +0800] "POST /xingrg/kc/buy/cgsh_list_operate.html HTTP/1.1" 200 876
117.185.32.26 - - [26/May/2021:10:13:34 +0800] "GET /xingrg/all/function/internal_message.html?_=1621995743065&CODE_STATE=getMsg HTTP/1.1" 200 27
116.230.114.112 - - [26/May/2021:10:13:35 +0800] "GET /xingrg/all/function/internal_message.html?_=1621995222331&CODE_STATE=getMsg HTTP/1.1" 200 27
222.69.131.109 - - [26/May/2021:10:13:36 +0800] "GET /xingrg/kc/buy/cgsh_order_add.html HTTP/1.1" 200 62148
222.69.131.109 - - [26/May/2021:10:13:37 +0800] "POST /xingrg/kc/buy/cgsh_order_operate.html HTTP/1.1" 200 8245
222.69.131.109 - - [26/May/2021:10:13:37 +0800] "GET /xingrg/javascript/easyui/themes/default/validatebox.css HTTP/1.1" 404 1104
180.169.147.146 - - [26/May/2021:10:13:40 +0800] "POST /xingrg/kc/buy/cgsh_list_operate.html HTTP/1.1" 200 5822
180.169.147.146 - - [26/May/2021:10:13:40 +0800] "GET /xingrg/all/function/internal_message.html?_=1621995218483&CODE_STATE=getMsg HTTP/1.1" 200 27
180.169.147.146 - - [26/May/2021:10:13:40 +0800] "GET /xingrg/check_reg.html?_=1621995218487 HTTP/1.1" 200 22
120.253.135.82 - - [26/May/2021:10:13:42 +0800] "GET /xingrg/check_reg.html?_=1621995266871 HTTP/1.1" 200 22
180.169.147.146 - - [26/May/2021:10:13:42 +0800] "GET /xingrg/all/function/internal_message.html?_=1621995221202&CODE_STATE=getMsg HTTP/1.1" 200 27
117.184.7.26 - - [26/May/2021:10:13:49 +0800] "GET /xingrg/all/function/internal_message.html?_=1621995223074&CODE_STATE=getMsg HTTP/1.1" 200 27
180.169.147.146 - - [26/May/2021:10:13:50 +0800] "GET /xingrg/all/function/internal_message.html?_=1621995226624&CODE_STATE=getMsg HTTP/1.1" 200 27
222.69.131.109 - - [26/May/2021:10:13:57 +0800] "GET /xingrg/all/function/internal_message.html?_=1621995235189&CODE_STATE=getMsg HTTP/1.1" 200 27
101.85.94.178 - - [26/May/2021:10:13:58 +0800] "GET /xingrg/all/function/internal_message.html?_=1621994719701&CODE_STATE=getMsg HTTP/1.1" 200 27
116.230.114.112 - - [26/May/2021:10:13:58 +0800] "GET /xingrg/all/function/internal_message.html?_=1621995246665&CODE_STATE=getMsg HTTP/1.1" 200 27
116.235.222.38 - - [26/May/2021:10:13:59 +0800] "GET /xingrg/all/function/internal_message.html?_=1621995237797&CODE_STATE=getMsg HTTP/1.1" 200 27
101.85.94.178 - - [26/May/2021:10:13:59 +0800] "GET /xingrg/check_reg.html?_=1621994720483 HTTP/1.1" 200 22
58.37.225.51 - - [26/May/2021:10:14:01 +0800] "GET /xingrg/all/function/internal_message.html?_=1621995247220&CODE_STATE=getMsg HTTP/1.1" 200 27
222.69.131.109 - - [26/May/2021:10:14:04 +0800] "GET /xingrg/kc/buy/cgsh_order_operate.html?command=get_materiel&rest_code=00149&code=00101016030&supplier_code=00100036&order_time=2021-05-26 HTTP/1.1" 200 412
180.169.147.146 - - [26/May/2021:10:14:09 +0800] "GET /xingrg/all/function/internal_message.html?_=1621995249723&CODE_STATE=getMsg HTTP/1.1" 200 27
180.169.147.146 - - [26/May/2021:10:14:09 +0800] "GET /xingrg/all/function/internal_message.html?_=1621995236077&CODE_STATE=getMsg HTTP/1.1" 200 27
120.253.135.82 - - [26/May/2021:10:14:09 +0800] "GET /xingrg/all/function/internal_message.html?_=1621995030908&CODE_STATE=getMsg HTTP/1.1" 200 27
172.20.0.100 - - [26/May/2021:10:14:12 +0800] "GET /xingrg/login.html HTTP/1.1" 200 7636
172.20.0.100 - - [26/May/2021:10:14:12 +0800] "GET /xingrg/images/blue/jxLogo.png HTTP/1.1" 200 6156
172.20.0.100 - - [26/May/2021:10:14:13 +0800] "GET /xingrg/images/blue/login_bg.png HTTP/1.1" 200 22101
172.20.0.100 - - [26/May/2021:10:14:13 +0800] "GET /xingrg/images/blue/hj.png HTTP/1.1" 200 1014
172.20.0.100 - - [26/May/2021:10:14:13 +0800] "GET /xingrg/images/blue/srbg.png HTTP/1.1" 200 138
172.20.0.100 - - [26/May/2021:10:14:13 +0800] "GET /favicon.ico HTTP/1.1" 404 -
222.69.131.109 - - [26/May/2021:10:14:13 +0800] "GET /xingrg/kc/buy/cgsh_order_operate.html?command=get_materiel&rest_code=00149&code=00101012026&supplier_code=00100036&order_time=2021-05-26 HTTP/1.1" 200 408
61.165.42.208 - - [26/May/2021:10:14:13 +0800] "GET /xingrg/kc/buy/cgsh_order_operate.html?command=get_materiel&rest_code=00105&code=00101006129&supplier_code=00100012&order_time=2021-05-26 HTTP/1.1" 200 431
117.184.7.26 - - [26/May/2021:10:14:14 +0800] "GET /xingrg/all/function/internal_message.html?_=1621995250408&CODE_STATE=getMsg HTTP/1.1" 302 -
117.184.7.26 - - [26/May/2021:10:14:14 +0800] "GET /xingrg/login.html HTTP/1.1" 200 7641
61.165.42.208 - - [26/May/2021:10:14:14 +0800] "GET /xingrg/all/function/internal_message.html?_=1621995234212&CODE_STATE=getMsg HTTP/1.1" 200 27
120.253.135.82 - - [26/May/2021:10:14:16 +0800] "GET /xingrg/all/function/internal_message.html?_=1621995300952&CODE_STATE=getMsg HTTP/1.1" 200 27
116.224.253.72 - - [26/May/2021:10:14:16 +0800] "GET /xingrg/all/function/internal_message.html?_=1621995255760&CODE_STATE=getMsg HTTP/1.1" 200 27
172.20.0.100 - - [26/May/2021:10:14:20 +0800] "POST /xingrg/login.do HTTP/1.1" 302 -
172.20.0.100 - - [26/May/2021:10:14:20 +0800] "GET /xingrg/index.html?sysBaseUrl=http%3A%2F%2F172.20.0.8%3A18081%2Fxingrg%2F&costTime=1123×tamp=1621995260058 HTTP/1.1" 200 17448
172.20.0.100 - - [26/May/2021:10:14:20 +0800] "GET /xingrg/javascript/jquery_easy_ui/themes/icon.css HTTP/1.1" 200 3949
172.20.0.100 - - [26/May/2021:10:14:20 +0800] "GET /xingrg/javascript/jquery_easy_ui/themes/default/easyui.css HTTP/1.1" 200 26500
172.20.0.100 - - [26/May/2021:10:14:20 +0800] "GET /xingrg/javascript/jquery-1.4.2.min.js HTTP/1.1" 200 72205
172.20.0.100 - - [26/May/2021:10:14:20 +0800] "GET /xingrg/css/form.css HTTP/1.1" 200 893
172.20.0.100 - - [26/May/2021:10:14:20 +0800] "GET /xingrg/javascript/jquery_easy_ui/jquery.easyui.min.js HTTP/1.1" 200 213662
172.20.0.100 - - [26/May/2021:10:14:20 +0800] "GET /xingrg/javascript/jquery_easy_ui/easyui-lang-zh_CN.js HTTP/1.1" 200 1900
172.20.0.100 - - [26/May/2021:10:14:20 +0800] "GET /xingrg/javascript/jquery.timers.js HTTP/1.1" 200 3532
172.20.0.100 - - [26/May/2021:10:14:20 +0800] "GET /xingrg/javascript/jquery.utils.js HTTP/1.1" 200 11805
172.20.0.100 - - [26/May/2021:10:14:20 +0800] "GET /xingrg/javascript/jquery.form.js HTTP/1.1" 200 23110
172.20.0.100 - - [26/May/2021:10:14:20 +0800] "GET /favicon.ico HTTP/1.1" 404 -
172.20.0.100 - - [26/May/2021:10:14:20 +0800] "GET /xingrg/javascript/jquery_easy_ui/themes/icons/settle_new.png HTTP/1.1" 200 826
172.20.0.100 - - [26/May/2021:10:14:20 +0800] "GET /xingrg/images/blue/navBackgound.jpg HTTP/1.1" 200 12378
172.20.0.100 - - [26/May/2021:10:14:20 +0800] "GET /xingrg/all/function/internal_message.html?_=1621995259410&CODE_STATE=count HTTP/1.1" 200 11
172.20.0.100 - - [26/May/2021:10:14:20 +0800] "GET /xingrg/check_reg.html?_=1621995259412 HTTP/1.1" 200 22
172.20.0.100 - - [26/May/2021:10:14:20 +0800] "GET /xingrg/images/blue/pingpu.png HTTP/1.1" 200 231
172.20.0.100 - - [26/May/2021:10:14:20 +0800] "GET /xingrg/javascript/jquery_easy_ui/themes/default/images/tabs_leftarrow.png HTTP/1.1" 200 389
172.20.0.100 - - [26/May/2021:10:14:20 +0800] "GET /xingrg/javascript/jquery_easy_ui/themes/default/images/tabs_rightarrow.png HTTP/1.1" 200 395
172.20.0.100 - - [26/May/2021:10:14:20 +0800] "GET /xingrg/javascript/jquery_easy_ui/themes/default/images/panel_tool_expand.gif HTTP/1.1" 200 247
172.20.0.100 - - [26/May/2021:10:14:20 +0800] "GET /xingrg/javascript/jquery_easy_ui/themes/default/images/panel_tool_collapse.gif HTTP/1.1" 200 246
172.20.0.100 - - [26/May/2021:10:14:20 +0800] "POST /xingrg/all/common/load_tree.html?tree=area_rest_tree_json&manage=1 HTTP/1.1" 200 3466
172.20.0.100 - - [26/May/2021:10:14:20 +0800] "POST /xingrg/load_menu.html HTTP/1.1" 200 11529
172.20.0.100 - - [26/May/2021:10:14:20 +0800] "GET /xingrg/javascript/jquery_easy_ui/themes/default/images/tree_arrows.gif HTTP/1.1" 200 1043
172.20.0.100 - - [26/May/2021:10:14:20 +0800] "GET /xingrg/javascript/jquery_easy_ui/themes/default/images/tree_folder_open.gif HTTP/1.1" 200 956
172.20.0.100 - - [26/May/2021:10:14:20 +0800] "GET /xingrg/javascript/jquery_easy_ui/themes/icons/search_new.png HTTP/1.1" 200 586
172.20.0.100 - - [26/May/2021:10:14:20 +0800] "GET /xingrg/javascript/jquery_easy_ui/themes/icons/delivery_new.png HTTP/1.1" 200 700
172.20.0.100 - - [26/May/2021:10:14:20 +0800] "GET /xingrg/javascript/jquery_easy_ui/themes/icons/storage_new.png HTTP/1.1" 200 853
172.20.0.100 - - [26/May/2021:10:14:20 +0800] "GET /xingrg/javascript/jquery_easy_ui/themes/icons/checkout_new.png HTTP/1.1" 200 744
172.20.0.100 - - [26/May/2021:10:14:20 +0800] "GET /xingrg/javascript/jquery_easy_ui/themes/icons/forms_new.png HTTP/1.1" 200 350
172.20.0.100 - - [26/May/2021:10:14:20 +0800] "GET /xingrg/javascript/jquery_easy_ui/themes/icons/setting_new.png HTTP/1.1" 200 450
172.20.0.100 - - [26/May/2021:10:14:20 +0800] "GET /xingrg/javascript/jquery_easy_ui/themes/icons/systemset_new.png HTTP/1.1" 200 606
172.20.0.100 - - [26/May/2021:10:14:20 +0800] "GET /xingrg/javascript/jquery_easy_ui/themes/default/images/tree_file.gif HTTP/1.1" 200 118
172.20.0.100 - - [26/May/2021:10:14:20 +0800] "GET /xingrg/javascript/jquery_easy_ui/themes/default/images/tree_folder.gif HTTP/1.1" 200 952
172.20.0.100 - - [26/May/2021:10:14:21 +0800] "GET /xingrg/javascript/jquery_easy_ui/themes/icons/area.png HTTP/1.1" 200 262
172.20.0.100 - - [26/May/2021:10:14:21 +0800] "GET /xingrg/javascript/jquery_easy_ui/themes/icons/manage.png HTTP/1.1" 200 696
172.20.0.100 - - [26/May/2021:10:14:21 +0800] "GET /xingrg/javascript/jquery_easy_ui/themes/icons/rest.png HTTP/1.1" 200 695
172.20.0.100 - - [26/May/2021:10:14:21 +0800] "GET /xingrg/javascript/jquery_easy_ui/themes/default/images/button_a_bg.gif HTTP/1.1" 200 1194
172.20.0.100 - - [26/May/2021:10:14:21 +0800] "GET /xingrg/javascript/jquery_easy_ui/themes/default/images/button_span_bg.gif HTTP/1.1" 200 2061
172.20.0.100 - - [26/May/2021:10:14:21 +0800] "GET /xingrg/javascript/jquery_easy_ui/themes/icons/ok.png HTTP/1.1" 200 883
172.20.0.100 - - [26/May/2021:10:14:21 +0800] "GET /xingrg/javascript/jquery_easy_ui/themes/default/images/panel_title.png HTTP/1.1" 200 266
172.20.0.100 - - [26/May/2021:10:14:21 +0800] "GET /xingrg/javascript/jquery_easy_ui/themes/default/images/panel_tools.gif HTTP/1.1" 200 737
116.233.76.220 - - [26/May/2021:10:14:23 +0800] "GET /xingrg/all/function/internal_message.html?_=1621995262649&CODE_STATE=getMsg HTTP/1.1" 200 27
222.70.177.128 - - [26/May/2021:10:14:24 +0800] "GET /xingrg/all/function/internal_message.html?_=1621995267985&CODE_STATE=getMsg HTTP/1.1" 200 27
222.69.131.109 - - [26/May/2021:10:14:24 +0800] "POST /xingrg/kc/buy/cgsh_order_operate.html HTTP/1.1" 200 37
180.161.111.4 - - [26/May/2021:10:14:26 +0800] "GET /xingrg/all/function/internal_message.html?_=1621995225294&CODE_STATE=getMsg HTTP/1.1" 200 27
116.224.253.72 - - [26/May/2021:10:14:28 +0800] "GET /xingrg/all/function/internal_message.html?_=1621995273839&CODE_STATE=getMsg HTTP/1.1" 200 27
183.195.131.162 - - [26/May/2021:10:14:29 +0800] "GET /favicon.ico HTTP/1.1" 404 -
116.224.253.72 - - [26/May/2021:10:14:29 +0800] "POST /xingrg/all/user/operate.html HTTP/1.1" 200 36
116.224.253.72 - - [26/May/2021:10:14:30 +0800] "GET /xingrg/javascript/jquery_easy_ui/themes/default/easyui.css HTTP/1.1" 304 -
116.224.253.72 - - [26/May/2021:10:14:30 +0800] "GET /xingrg/index.html?sysBaseUrl=http%3A%2F%2F180.169.147.146%3A18081%2Fxingrg%2F&costTime=1208×tamp=1621989202849 HTTP/1.1" 200 17179
116.224.253.72 - - [26/May/2021:10:14:30 +0800] "GET /xingrg/javascript/jquery_easy_ui/themes/icon.css HTTP/1.1" 304 -
116.224.253.72 - - [26/May/2021:10:14:30 +0800] "GET /xingrg/css/form.css HTTP/1.1" 304 -
116.224.253.72 - - [26/May/2021:10:14:30 +0800] "GET /xingrg/javascript/jquery-1.4.2.min.js HTTP/1.1" 304 -
116.224.253.72 - - [26/May/2021:10:14:30 +0800] "GET /xingrg/javascript/jquery_easy_ui/jquery.easyui.min.js HTTP/1.1" 304 -
116.224.253.72 - - [26/May/2021:10:14:30 +0800] "GET /xingrg/javascript/jquery_easy_ui/easyui-lang-zh_CN.js HTTP/1.1" 304 -
116.224.253.72 - - [26/May/2021:10:14:30 +0800] "GET /xingrg/javascript/jquery.form.js HTTP/1.1" 304 -
116.224.253.72 - - [26/May/2021:10:14:30 +0800] "GET /xingrg/javascript/jquery.utils.js HTTP/1.1" 304 -
116.224.253.72 - - [26/May/2021:10:14:30 +0800] "GET /xingrg/javascript/jquery.timers.js HTTP/1.1" 304 -
116.224.253.72 - - [26/May/2021:10:14:30 +0800] "GET /xingrg/images/blue/jxLogo.png HTTP/1.1" 304 -
116.224.253.72 - - [26/May/2021:10:14:30 +0800] "GET /xingrg/images/blue/navBackgound.jpg HTTP/1.1" 304 -
116.224.253.72 - - [26/May/2021:10:14:30 +0800] "GET /xingrg/javascript/jquery_easy_ui/themes/icons/settle_new.png HTTP/1.1" 304 -
116.224.253.72 - - [26/May/2021:10:14:30 +0800] "GET /xingrg/images/blue/pingpu.png HTTP/1.1" 304 -
116.224.253.72 - - [26/May/2021:10:14:30 +0800] "GET /xingrg/javascript/jquery_easy_ui/themes/default/images/tabs_leftarrow.png HTTP/1.1" 304 -
116.224.253.72 - - [26/May/2021:10:14:30 +0800] "GET /xingrg/javascript/jquery_easy_ui/themes/default/images/tabs_rightarrow.png HTTP/1.1" 304 -
116.224.253.72 - - [26/May/2021:10:14:30 +0800] "GET /xingrg/javascript/jquery_easy_ui/themes/default/images/panel_tool_collapse.gif HTTP/1.1" 304 -
116.224.253.72 - - [26/May/2021:10:14:30 +0800] "GET /xingrg/all/function/internal_message.html?_=1621995276284&CODE_STATE=count HTTP/1.1" 200 11
116.224.253.72 - - [26/May/2021:10:14:30 +0800] "GET /xingrg/check_reg.html?_=1621995276284 HTTP/1.1" 200 22
116.224.253.72 - - [26/May/2021:10:14:31 +0800] "POST /xingrg/load_menu.html HTTP/1.1" 200 5138
116.224.253.72 - - [26/May/2021:10:14:31 +0800] "POST /xingrg/all/common/load_tree.html?tree=area_rest_tree_json&manage=1 HTTP/1.1" 200 476
222.69.131.109 - - [26/May/2021:10:14:32 +0800] "POST /xingrg/kc/buy/cgsh_order_operate.html HTTP/1.1" 200 12
116.224.253.72 - - [26/May/2021:10:14:33 +0800] "GET /xingrg/kc/base/wldb_order_list.html HTTP/1.1" 200 18985
116.224.253.72 - - [26/May/2021:10:14:34 +0800] "POST /xingrg/kc/base/wldb_list_operate.html HTTP/1.1" 200 928
117.185.32.26 - - [26/May/2021:10:14:34 +0800] "GET /xingrg/all/function/internal_message.html?_=1621995803064&CODE_STATE=getMsg HTTP/1.1" 200 27
116.224.253.72 - - [26/May/2021:10:14:35 +0800] "GET /xingrg/kc/base/wldb_order_add.html HTTP/1.1" 200 30201
172.20.0.100 - - [26/May/2021:10:14:35 +0800] "GET /xingrg/images/control/ajaxLoader.gif HTTP/1.1" 200 4659
116.224.253.72 - - [26/May/2021:10:14:35 +0800] "POST /xingrg/kc/base/wldb_order_operate.html HTTP/1.1" 200 6806
172.20.0.100 - - [26/May/2021:10:14:35 +0800] "POST /xingrg/all/user/operate.html HTTP/1.1" 200 36
116.224.253.72 - - [26/May/2021:10:14:35 +0800] "GET /xingrg/all/common/auto_word.html?type=base&rest_code=00150 HTTP/1.1" 200 1653
116.224.253.72 - - [26/May/2021:10:14:35 +0800] "GET /xingrg/all/common/auto_word.html?type=base&rest_code=00150 HTTP/1.1" 200 1653
116.224.253.72 - - [26/May/2021:10:14:35 +0800] "GET /xingrg/javascript/easyui/themes/default/validatebox.css HTTP/1.1" 404 1104
172.20.0.100 - - [26/May/2021:10:14:35 +0800] "GET /xingrg/index.html?sysBaseUrl=http%3A%2F%2F172.20.0.8%3A18081%2Fxingrg%2F&costTime=1123×tamp=1621995260058 HTTP/1.1" 200 17454
172.20.0.100 - - [26/May/2021:10:14:35 +0800] "GET /xingrg/javascript/jquery_easy_ui/themes/default/easyui.css HTTP/1.1" 304 -
172.20.0.100 - - [26/May/2021:10:14:35 +0800] "GET /xingrg/javascript/jquery_easy_ui/themes/icon.css HTTP/1.1" 304 -
172.20.0.100 - - [26/May/2021:10:14:35 +0800] "GET /xingrg/css/form.css HTTP/1.1" 304 -
172.20.0.100 - - [26/May/2021:10:14:35 +0800] "GET /xingrg/javascript/jquery-1.4.2.min.js HTTP/1.1" 304 -
172.20.0.100 - - [26/May/2021:10:14:35 +0800] "GET /xingrg/javascript/jquery_easy_ui/jquery.easyui.min.js HTTP/1.1" 304 -
172.20.0.100 - - [26/May/2021:10:14:35 +0800] "GET /xingrg/javascript/jquery_easy_ui/easyui-lang-zh_CN.js HTTP/1.1" 304 -
172.20.0.100 - - [26/May/2021:10:14:35 +0800] "GET /xingrg/javascript/jquery.form.js HTTP/1.1" 304 -
172.20.0.100 - - [26/May/2021:10:14:35 +0800] "GET /xingrg/javascript/jquery.utils.js HTTP/1.1" 304 -
172.20.0.100 - - [26/May/2021:10:14:35 +0800] "GET /xingrg/javascript/jquery.timers.js HTTP/1.1" 304 -
116.230.114.112 - - [26/May/2021:10:14:35 +0800] "GET /xingrg/all/function/internal_message.html?_=1621995282345&CODE_STATE=getMsg HTTP/1.1" 200 27
172.20.0.100 - - [26/May/2021:10:14:35 +0800] "GET /xingrg/images/blue/jxLogo.png HTTP/1.1" 304 -
172.20.0.100 - - [26/May/2021:10:14:35 +0800] "GET /xingrg/images/blue/navBackgound.jpg HTTP/1.1" 304 -
172.20.0.100 - - [26/May/2021:10:14:35 +0800] "GET /xingrg/javascript/jquery_easy_ui/themes/icons/settle_new.png HTTP/1.1" 304 -
172.20.0.100 - - [26/May/2021:10:14:35 +0800] "GET /xingrg/all/function/internal_message.html?_=1621995274939&CODE_STATE=count HTTP/1.1" 200 11
172.20.0.100 - - [26/May/2021:10:14:35 +0800] "GET /xingrg/check_reg.html?_=1621995274940 HTTP/1.1" 200 22
172.20.0.100 - - [26/May/2021:10:14:35 +0800] "GET /xingrg/javascript/jquery_easy_ui/themes/default/images/tabs_rightarrow.png HTTP/1.1" 304 -
172.20.0.100 - - [26/May/2021:10:14:35 +0800] "GET /xingrg/javascript/jquery_easy_ui/themes/default/images/panel_tool_expand.gif HTTP/1.1" 304 -
172.20.0.100 - - [26/May/2021:10:14:35 +0800] "GET /xingrg/javascript/jquery_easy_ui/themes/default/images/panel_tool_collapse.gif HTTP/1.1" 304 -
172.20.0.100 - - [26/May/2021:10:14:36 +0800] "GET /xingrg/javascript/jquery_easy_ui/themes/default/images/tabs_leftarrow.png HTTP/1.1" 304 -
172.20.0.100 - - [26/May/2021:10:14:36 +0800] "GET /xingrg/images/blue/pingpu.png HTTP/1.1" 304 -
172.20.0.100 - - [26/May/2021:10:14:36 +0800] "POST /xingrg/load_menu.html HTTP/1.1" 200 9924
116.224.253.72 - - [26/May/2021:10:14:36 +0800] "GET /xingrg/css/images/panel_loading.gif HTTP/1.1" 304 -
172.20.0.100 - - [26/May/2021:10:14:36 +0800] "POST /xingrg/all/common/load_tree.html?tree=area_rest_tree_json&manage=1 HTTP/1.1" 200 3466
116.224.253.72 - - [26/May/2021:10:14:36 +0800] "POST /xingrg/all/common/load_combo.html?type=base HTTP/1.1" 200 2966
222.69.131.109 - - [26/May/2021:10:14:37 +0800] "GET /xingrg/kc/buy/cgsh_order_info.html?code=212021052611543 HTTP/1.1" 200 57052
222.69.131.109 - - [26/May/2021:10:14:37 +0800] "GET /xingrg/javascript/easyui/themes/default/validatebox.css HTTP/1.1" 404 1104
172.20.0.100 - - [26/May/2021:10:14:37 +0800] "GET /xingrg/javascript/jquery_easy_ui/themes/default/images/tabs_close.gif HTTP/1.1" 200 829
172.20.0.100 - - [26/May/2021:10:14:37 +0800] "GET /xingrg/javascript/jquery_easy_ui/themes/default/images/tabs_active.png HTTP/1.1" 200 2894
222.69.131.109 - - [26/May/2021:10:14:37 +0800] "POST /xingrg/kc/buy/cgsh_order_operate.html HTTP/1.1" 200 1192
172.20.0.100 - - [26/May/2021:10:14:38 +0800] "GET /xingrg/kc/buy/cgsh_order_list.html HTTP/1.1" 200 46598
172.20.0.100 - - [26/May/2021:10:14:38 +0800] "GET /xingrg/css/base.css HTTP/1.1" 200 2811
172.20.0.100 - - [26/May/2021:10:14:38 +0800] "GET /xingrg/css/site.css HTTP/1.1" 200 7541
172.20.0.100 - - [26/May/2021:10:14:38 +0800] "GET /xingrg/javascript/jquery_tools/datebox.css HTTP/1.1" 200 2597
172.20.0.100 - - [26/May/2021:10:14:38 +0800] "GET /xingrg/javascript/easyui/themes/icon.css HTTP/1.1" 200 4483
172.20.0.100 - - [26/May/2021:10:14:38 +0800] "GET /xingrg/javascript/easyui/themes/default/easyui.css HTTP/1.1" 200 30432
172.20.0.100 - - [26/May/2021:10:14:38 +0800] "GET /xingrg/javascript/auto/jquery.autocomplete.css HTTP/1.1" 200 587
172.20.0.100 - - [26/May/2021:10:14:38 +0800] "GET /xingrg/javascript/jquery_tools/fix.css HTTP/1.1" 200 1702
172.20.0.100 - - [26/May/2021:10:14:38 +0800] "GET /xingrg/javascript/jquery_tools/table.css HTTP/1.1" 200 1032
172.20.0.100 - - [26/May/2021:10:14:38 +0800] "GET /xingrg/javascript/jquery_tools/jquery.tools.min.js HTTP/1.1" 200 138801
172.20.0.100 - - [26/May/2021:10:14:38 +0800] "GET /xingrg/javascript/jquery_tools/jquery.tools.extend.js HTTP/1.1" 200 15385
172.20.0.100 - - [26/May/2021:10:14:38 +0800] "GET /xingrg/javascript/jquery_tools/jquery.tools.hotkey.js HTTP/1.1" 200 3242
172.20.0.100 - - [26/May/2021:10:14:38 +0800] "GET /xingrg/javascript/jquery_tools/jquery.tools.table.js HTTP/1.1" 200 6994
172.20.0.100 - - [26/May/2021:10:14:38 +0800] "GET /xingrg/javascript/jquery_tools/list_manager.js HTTP/1.1" 200 3652
172.20.0.100 - - [26/May/2021:10:14:38 +0800] "GET /xingrg/javascript/auto/jquery.autocomplete.js HTTP/1.1" 200 21624
172.20.0.100 - - [26/May/2021:10:14:38 +0800] "GET /xingrg/javascript/easyui/easyloader.js HTTP/1.1" 200 5975
172.20.0.100 - - [26/May/2021:10:14:38 +0800] "GET /xingrg/javascript/jquery.cookie.js HTTP/1.1" 200 5513
172.20.0.100 - - [26/May/2021:10:14:38 +0800] "GET /xingrg/javascript/print/LodopFuncs.js HTTP/1.1" 200 5121
172.20.0.100 - - [26/May/2021:10:14:38 +0800] "GET /xingrg/javascript/easyui/themes/icons/check_new.png HTTP/1.1" 200 3224
172.20.0.100 - - [26/May/2021:10:14:38 +0800] "GET /xingrg/javascript/easyui/themes/icons/cance_new.png HTTP/1.1" 200 3986
172.20.0.100 - - [26/May/2021:10:14:38 +0800] "GET /xingrg/javascript/easyui/themes/icons/uncheck_new.png HTTP/1.1" 200 3197
172.20.0.100 - - [26/May/2021:10:14:38 +0800] "GET /xingrg/javascript/easyui/themes/icons/field_new.png HTTP/1.1" 200 1097
172.20.0.100 - - [26/May/2021:10:14:38 +0800] "GET /xingrg/javascript/easyui/themes/icons/edit_add_new.png HTTP/1.1" 200 2997
172.20.0.100 - - [26/May/2021:10:14:38 +0800] "GET /xingrg/javascript/easyui/themes/icons/import_new.png HTTP/1.1" 200 1247
172.20.0.100 - - [26/May/2021:10:14:38 +0800] "GET /xingrg/javascript/easyui/plugins/jquery.parser.js HTTP/1.1" 200 1142
116.224.253.72 - - [26/May/2021:10:14:39 +0800] "GET /xingrg/javascript/auto/indicator.gif HTTP/1.1" 404 1066
222.69.131.109 - - [26/May/2021:10:14:39 +0800] "GET /xingrg/kc/print/load_data.html?order_code=212021052611543&kc_code=cgsh&condition= HTTP/1.1" 200 996
172.20.0.100 - - [26/May/2021:10:14:40 +0800] "POST /xingrg/kc/buy/cgsh_list_operate.html HTTP/1.1" 200 876
180.169.147.146 - - [26/May/2021:10:14:40 +0800] "GET /xingrg/all/function/internal_message.html?_=1621995278482&CODE_STATE=getMsg HTTP/1.1" 200 27
180.169.147.146 - - [26/May/2021:10:14:42 +0800] "GET /xingrg/all/function/internal_message.html?_=1621995281180&CODE_STATE=getMsg HTTP/1.1" 200 27
116.224.253.72 - - [26/May/2021:10:14:44 +0800] "GET /xingrg/kc/base/wldb_order_operate.html?command=get_materiel&rest_code=00150&base_code=0010447&code=00101014040 HTTP/1.1" 200 436
222.69.131.109 - - [26/May/2021:10:14:45 +0800] "GET /xingrg/kc/buy/cgsh_order_add.html HTTP/1.1" 200 62148
222.69.131.109 - - [26/May/2021:10:14:45 +0800] "POST /xingrg/kc/buy/cgsh_order_operate.html HTTP/1.1" 200 8245
222.69.131.109 - - [26/May/2021:10:14:45 +0800] "GET /xingrg/javascript/easyui/themes/default/validatebox.css HTTP/1.1" 404 1104
172.20.0.100 - - [26/May/2021:10:14:45 +0800] "GET /xingrg/javascript/jquery_tools/images/prev.gif HTTP/1.1" 404 1086
172.20.0.100 - - [26/May/2021:10:14:45 +0800] "GET /xingrg/javascript/jquery_tools/images/next.gif HTTP/1.1" 404 1086
117.184.7.26 - - [26/May/2021:10:14:49 +0800] "GET /xingrg/all/function/internal_message.html?_=1621995283042&CODE_STATE=getMsg HTTP/1.1" 200 27
180.169.147.146 - - [26/May/2021:10:14:50 +0800] "GET /xingrg/check_reg.html?_=1621995286608 HTTP/1.1" 200 22
180.169.147.146 - - [26/May/2021:10:14:50 +0800] "GET /xingrg/all/function/internal_message.html?_=1621995286611&CODE_STATE=getMsg HTTP/1.1" 200 27
172.20.0.100 - - [26/May/2021:10:14:51 +0800] "POST /xingrg/kc/buy/cgsh_list_operate.html HTTP/1.1" 200 5469
172.20.0.100 - - [26/May/2021:10:14:54 +0800] "GET /xingrg/javascript/auto/indicator.gif HTTP/1.1" 404 1066
61.165.42.208 - - [26/May/2021:10:14:55 +0800] "GET /xingrg/kc/buy/cgsh_order_operate.html?command=get_materiel&rest_code=00105&code=00101006180&supplier_code=00100012&order_time=2021-05-26 HTTP/1.1" 200 423
222.69.131.109 - - [26/May/2021:10:14:57 +0800] "GET /xingrg/all/function/internal_message.html?_=1621995295180&CODE_STATE=getMsg HTTP/1.1" 200 27
101.85.94.178 - - [26/May/2021:10:14:58 +0800] "GET /xingrg/all/function/internal_message.html?_=1621994779672&CODE_STATE=getMsg HTTP/1.1" 200 27
222.69.131.109 - - [26/May/2021:10:14:58 +0800] "GET /xingrg/check_reg.html?_=1621995296400 HTTP/1.1" 200 22
116.230.114.112 - - [26/May/2021:10:14:58 +0800] "GET /xingrg/all/function/internal_message.html?_=1621995306982&CODE_STATE=getMsg HTTP/1.1" 200 27
116.235.222.38 - - [26/May/2021:10:14:59 +0800] "GET /xingrg/all/function/internal_message.html?_=1621995297795&CODE_STATE=getMsg HTTP/1.1" 200 27
58.37.225.51 - - [26/May/2021:10:15:01 +0800] "GET /xingrg/all/function/internal_message.html?_=1621995307218&CODE_STATE=getMsg HTTP/1.1" 200 27
180.161.111.4 - - [26/May/2021:10:15:04 +0800] "GET /xingrg/check_reg.html?_=1621995263334 HTTP/1.1" 200 22
222.69.131.109 - - [26/May/2021:10:15:06 +0800] "GET /xingrg/kc/buy/cgsh_order_operate.html?command=get_materiel&rest_code=00149&code=00101006057&supplier_code=00100012&order_time=2021-05-26 HTTP/1.1" 200 413
180.169.147.146 - - [26/May/2021:10:15:09 +0800] "GET /xingrg/all/function/internal_message.html?_=1621995309724&CODE_STATE=getMsg HTTP/1.1" 200 27
180.169.147.146 - - [26/May/2021:10:15:09 +0800] "GET /xingrg/all/function/internal_message.html?_=1621995296054&CODE_STATE=getMsg HTTP/1.1" 200 27
120.253.135.82 - - [26/May/2021:10:15:09 +0800] "GET /xingrg/all/function/internal_message.html?_=1621995090908&CODE_STATE=getMsg HTTP/1.1" 200 27
117.184.7.26 - - [26/May/2021:10:15:14 +0800] "GET /xingrg/all/function/internal_message.html?_=1621995310407&CODE_STATE=getMsg HTTP/1.1" 302 -
117.184.7.26 - - [26/May/2021:10:15:14 +0800] "GET /xingrg/login.html HTTP/1.1" 200 7641
172.20.0.100 - - [26/May/2021:10:15:14 +0800] "POST /xingrg/kc/buy/cgsh_list_operate.html HTTP/1.1" 200 1722
61.165.42.208 - - [26/May/2021:10:15:14 +0800] "GET /xingrg/check_reg.html?_=1621995294215 HTTP/1.1" 200 22
61.165.42.208 - - [26/May/2021:10:15:14 +0800] "GET /xingrg/all/function/internal_message.html?_=1621995294219&CODE_STATE=getMsg HTTP/1.1" 200 27
172.20.0.100 - - [26/May/2021:10:15:16 +0800] "POST /xingrg/kc/buy/cgsh_list_operate.html HTTP/1.1" 200 211
120.253.135.82 - - [26/May/2021:10:15:16 +0800] "GET /xingrg/all/function/internal_message.html?_=1621995360966&CODE_STATE=getMsg HTTP/1.1" 200 27
116.224.253.72 - - [26/May/2021:10:15:16 +0800] "GET /xingrg/all/function/internal_message.html?_=1621995315744&CODE_STATE=getMsg HTTP/1.1" 200 27
172.20.0.100 - - [26/May/2021:10:15:21 +0800] "GET /xingrg/javascript/easyui/themes/default/images/button_plain_hover.png HTTP/1.1" 200 144
116.233.76.220 - - [26/May/2021:10:15:23 +0800] "GET /xingrg/all/function/internal_message.html?_=1621995322652&CODE_STATE=getMsg HTTP/1.1" 200 27
61.165.42.208 - - [26/May/2021:10:15:24 +0800] "GET /xingrg/kc/buy/cgsh_order_operate.html?command=get_materiel&rest_code=00105&code=00101006177&supplier_code=00100012&order_time=2021-05-26 HTTP/1.1" 200 409
222.70.177.128 - - [26/May/2021:10:15:24 +0800] "GET /xingrg/all/function/internal_message.html?_=1621995328025&CODE_STATE=getMsg HTTP/1.1" 200 27
180.161.111.4 - - [26/May/2021:10:15:26 +0800] "GET /xingrg/all/function/internal_message.html?_=1621995285305&CODE_STATE=getMsg HTTP/1.1" 200 27
172.20.0.100 - - [26/May/2021:10:15:27 +0800] "POST /xingrg/kc/buy/cgsh_list_operate.html HTTP/1.1" 200 4
222.69.131.109 - - [26/May/2021:10:15:30 +0800] "GET /xingrg/kc/buy/cgsh_order_operate.html?command=get_materiel&rest_code=00149&code=00101006136&supplier_code=00100012&order_time=2021-05-26 HTTP/1.1" 200 417
116.224.253.72 - - [26/May/2021:10:15:30 +0800] "GET /xingrg/all/function/internal_message.html?_=1621995336286&CODE_STATE=getMsg HTTP/1.1" 200 27
172.20.0.100 - - [26/May/2021:10:15:32 +0800] "POST /xingrg/kc/buy/cgsh_list_operate.html HTTP/1.1" 200 1697
172.20.0.100 - - [26/May/2021:10:15:33 +0800] "POST /xingrg/kc/buy/cgsh_list_operate.html HTTP/1.1" 200 211
117.185.32.26 - - [26/May/2021:10:15:34 +0800] "GET /xingrg/check_reg.html?_=1621995863063 HTTP/1.1" 200 22
117.185.32.26 - - [26/May/2021:10:15:34 +0800] "GET /xingrg/all/function/internal_message.html?_=1621995863065&CODE_STATE=getMsg HTTP/1.1" 200 27
116.230.114.112 - - [26/May/2021:10:15:35 +0800] "GET /xingrg/all/function/internal_message.html?_=1621995342373&CODE_STATE=getMsg HTTP/1.1" 200 27
172.20.0.100 - - [26/May/2021:10:15:36 +0800] "GET /xingrg/all/function/internal_message.html?_=1621995334962&CODE_STATE=getMsg HTTP/1.1" 200 27
172.20.0.100 - - [26/May/2021:10:15:37 +0800] "GET /xingrg/kc/buy/cgsh_order_info.html?code=212021051808242 HTTP/1.1" 200 62043
172.20.0.100 - - [26/May/2021:10:15:37 +0800] "GET /xingrg/javascript/pic_change.js HTTP/1.1" 200 4739
172.20.0.100 - - [26/May/2021:10:15:37 +0800] "GET /xingrg/javascript/jquery_tools/order_manager.js HTTP/1.1" 200 11183
172.20.0.100 - - [26/May/2021:10:15:37 +0800] "GET /xingrg/javascript/convert.js HTTP/1.1" 200 1239
172.20.0.100 - - [26/May/2021:10:15:37 +0800] "GET /xingrg/javascript/json2.js HTTP/1.1" 200 11259
172.20.0.100 - - [26/May/2021:10:15:37 +0800] "GET /xingrg/javascript/print/kc_print.js HTTP/1.1" 200 11415
172.20.0.100 - - [26/May/2021:10:15:37 +0800] "GET /xingrg/words/20210525111023_words.js HTTP/1.1" 200 817206
172.20.0.100 - - [26/May/2021:10:15:37 +0800] "GET /xingrg/javascript/easyui/themes/icons/copy_new.png HTTP/1.1" 200 815
172.20.0.100 - - [26/May/2021:10:15:37 +0800] "GET /xingrg/javascript/easyui/themes/icons/template_new.png HTTP/1.1" 200 3956
172.20.0.100 - - [26/May/2021:10:15:37 +0800] "GET /xingrg/javascript/easyui/themes/icons/print.png HTTP/1.1" 200 1057
172.20.0.100 - - [26/May/2021:10:15:37 +0800] "GET /xingrg/javascript/easyui/themes/icons/ok.png HTTP/1.1" 200 883
172.20.0.100 - - [26/May/2021:10:15:37 +0800] "GET /xingrg/javascript/easyui/themes/default/images/menu_downarrow.png HTTP/1.1" 200 173
172.20.0.100 - - [26/May/2021:10:15:37 +0800] "GET /xingrg/javascript/easyui/themes/icons/cancel.png HTTP/1.1" 200 1133
172.20.0.100 - - [26/May/2021:10:15:37 +0800] "GET /xingrg/javascript/easyui/themes/default/validatebox.css HTTP/1.1" 404 1104
172.20.0.100 - - [26/May/2021:10:15:37 +0800] "GET /xingrg/javascript/easyui/plugins/jquery.validatebox.js HTTP/1.1" 200 6103
172.20.0.100 - - [26/May/2021:10:15:37 +0800] "GET /xingrg/javascript/easyui/plugins/jquery.numberbox.js HTTP/1.1" 200 5213
172.20.0.100 - - [26/May/2021:10:15:37 +0800] "GET /xingrg/all/common/auto_word.html?type=employee&rest_code=00147 HTTP/1.1" 200 101
172.20.0.100 - - [26/May/2021:10:15:37 +0800] "GET /xingrg/all/common/auto_word.html?type=employee&rest_code=00147 HTTP/1.1" 200 101
172.20.0.100 - - [26/May/2021:10:15:38 +0800] "POST /xingrg/kc/buy/cgsh_order_operate.html HTTP/1.1" 200 2673
172.20.0.100 - - [26/May/2021:10:15:38 +0800] "GET /xingrg/javascript/easyui/themes/icons/edit_remove.png HTTP/1.1" 200 625
180.169.147.146 - - [26/May/2021:10:15:40 +0800] "GET /xingrg/all/function/internal_message.html?_=1621995338485&CODE_STATE=getMsg HTTP/1.1" 200 27
222.69.131.109 - - [26/May/2021:10:15:41 +0800] "GET /xingrg/kc/buy/cgsh_order_operate.html?command=get_materiel&rest_code=00149&code=00101006133&supplier_code=00100012&order_time=2021-05-26 HTTP/1.1" 200 413
180.169.147.146 - - [26/May/2021:10:15:42 +0800] "GET /xingrg/all/function/internal_message.html?_=1621995341183&CODE_STATE=getMsg HTTP/1.1" 200 27
180.169.147.146 - - [26/May/2021:10:15:45 +0800] "POST /xingrg/kc/buy/cgsh_list_operate.html HTTP/1.1" 200 5822
172.20.0.100 - - [26/May/2021:10:15:46 +0800] "POST /xingrg/kc/buy/cgsh_order_operate.html HTTP/1.1" 200 37
117.184.7.26 - - [26/May/2021:10:15:49 +0800] "GET /xingrg/all/function/internal_message.html?_=1621995343053&CODE_STATE=getMsg HTTP/1.1" 200 27
180.169.147.146 - - [26/May/2021:10:15:50 +0800] "GET /xingrg/all/function/internal_message.html?_=1621995346609&CODE_STATE=getMsg HTTP/1.1" 200 27
172.20.0.100 - - [26/May/2021:10:15:52 +0800] "POST /xingrg/kc/buy/cgsh_order_operate.html HTTP/1.1" 200 12
116.230.114.112 - - [26/May/2021:10:15:53 +0800] "GET /xingrg/check_reg.html?_=1621995360314 HTTP/1.1" 200 22
117.184.7.26 - - [26/May/2021:10:15:54 +0800] "GET /xingrg/kc/buy/buy_main.html HTTP/1.1" 200 12412
180.169.147.146 - - [26/May/2021:10:15:54 +0800] "GET /xingrg/kc/base/wldb_order_list.html HTTP/1.1" 200 19234
172.20.0.100 - - [26/May/2021:10:15:55 +0800] "GET /xingrg/kc/buy/cgsh_order_info.html?code=212021051808242 HTTP/1.1" 200 57196
117.184.7.26 - - [26/May/2021:10:15:55 +0800] "GET /xingrg/css/new_ie.css HTTP/1.1" 404 1036
172.20.0.100 - - [26/May/2021:10:15:55 +0800] "GET /xingrg/javascript/easyui/themes/default/validatebox.css HTTP/1.1" 404 1104
180.169.147.146 - - [26/May/2021:10:15:55 +0800] "POST /xingrg/kc/base/wldb_list_operate.html HTTP/1.1" 200 928
172.20.0.100 - - [26/May/2021:10:15:55 +0800] "POST /xingrg/kc/buy/cgsh_order_operate.html HTTP/1.1" 200 623
222.69.131.109 - - [26/May/2021:10:15:57 +0800] "GET /xingrg/all/function/internal_message.html?_=1621995355166&CODE_STATE=getMsg HTTP/1.1" 200 27
101.85.94.178 - - [26/May/2021:10:15:58 +0800] "GET /xingrg/all/function/internal_message.html?_=1621994839645&CODE_STATE=getMsg HTTP/1.1" 200 27
116.230.114.112 - - [26/May/2021:10:15:58 +0800] "GET /xingrg/all/function/internal_message.html?_=1621995366987&CODE_STATE=getMsg HTTP/1.1" 200 27
116.235.222.38 - - [26/May/2021:10:15:59 +0800] "GET /xingrg/all/function/internal_message.html?_=1621995357806&CODE_STATE=getMsg HTTP/1.1" 200 27
222.69.131.109 - - [26/May/2021:10:16:00 +0800] "GET /xingrg/kc/buy/cgsh_order_operate.html?command=get_materiel&rest_code=00149&code=00101006062&supplier_code=00100012&order_time=2021-05-26 HTTP/1.1" 200 409
58.37.225.51 - - [26/May/2021:10:16:01 +0800] "GET /xingrg/all/function/internal_message.html?_=1621995367216&CODE_STATE=getMsg HTTP/1.1" 200 27
58.37.225.51 - - [26/May/2021:10:16:01 +0800] "GET /xingrg/check_reg.html?_=1621995367217 HTTP/1.1" 200 22
180.169.147.146 - - [26/May/2021:10:16:03 +0800] "POST /xingrg/kc/base/wldb_list_operate.html HTTP/1.1" 200 2617
172.20.0.100 - - [26/May/2021:10:16:05 +0800] "POST /xingrg/kc/buy/cgsh_list_operate.html HTTP/1.1" 200 1719
180.169.147.146 - - [26/May/2021:10:16:09 +0800] "GET /xingrg/all/function/internal_message.html?_=1621995369725&CODE_STATE=getMsg HTTP/1.1" 200 27
180.169.147.146 - - [26/May/2021:10:16:09 +0800] "GET /xingrg/all/function/internal_message.html?_=1621995356036&CODE_STATE=getMsg HTTP/1.1" 200 27
120.253.135.82 - - [26/May/2021:10:16:09 +0800] "GET /xingrg/all/function/internal_message.html?_=1621995150964&CODE_STATE=getMsg HTTP/1.1" 200 27
61.165.42.208 - - [26/May/2021:10:16:13 +0800] "GET /xingrg/kc/buy/cgsh_order_operate.html?command=get_materiel&rest_code=00105&code=00101006106&supplier_code=00100012&order_time=2021-05-26 HTTP/1.1" 200 421
117.184.7.26 - - [26/May/2021:10:16:14 +0800] "GET /xingrg/all/function/internal_message.html?_=1621995370411&CODE_STATE=getMsg HTTP/1.1" 302 -
117.184.7.26 - - [26/May/2021:10:16:14 +0800] "GET /xingrg/check_reg.html?_=1621995370411 HTTP/1.1" 302 -
117.184.7.26 - - [26/May/2021:10:16:14 +0800] "GET /xingrg/login.html HTTP/1.1" 200 7641
117.184.7.26 - - [26/May/2021:10:16:14 +0800] "GET /xingrg/login.html HTTP/1.1" 200 7641
61.165.42.208 - - [26/May/2021:10:16:14 +0800] "GET /xingrg/all/function/internal_message.html?_=1621995354201&CODE_STATE=getMsg HTTP/1.1" 200 27
222.69.131.109 - - [26/May/2021:10:16:15 +0800] "GET /xingrg/kc/buy/cgsh_order_operate.html?command=get_materiel&rest_code=00149&code=00101006109&supplier_code=00100012&order_time=2021-05-26 HTTP/1.1" 200 409
120.253.135.82 - - [26/May/2021:10:16:16 +0800] "GET /xingrg/all/function/internal_message.html?_=1621995420997&CODE_STATE=getMsg HTTP/1.1" 200 27
116.224.253.72 - - [26/May/2021:10:16:16 +0800] "GET /xingrg/all/function/internal_message.html?_=1621995375740&CODE_STATE=getMsg HTTP/1.1" 200 27
58.37.225.51 - - [26/May/2021:10:16:17 +0800] "GET /xingrg/check_reg.html?_=1621995325500 HTTP/1.1" 200 22
116.233.76.220 - - [26/May/2021:10:16:23 +0800] "GET /xingrg/all/function/internal_message.html?_=1621995382657&CODE_STATE=getMsg HTTP/1.1" 200 27
222.70.177.128 - - [26/May/2021:10:16:24 +0800] "GET /xingrg/check_reg.html?_=1621995388009 HTTP/1.1" 200 22
222.70.177.128 - - [26/May/2021:10:16:24 +0800] "GET /xingrg/all/function/internal_message.html?_=1621995388011&CODE_STATE=getMsg HTTP/1.1" 200 27
180.161.111.4 - - [26/May/2021:10:16:26 +0800] "GET /xingrg/all/function/internal_message.html?_=1621995345318&CODE_STATE=getMsg HTTP/1.1" 200 27
180.169.147.146 - - [26/May/2021:10:16:28 +0800] "GET /xingrg/kc/buy/cgsh_order_list.html HTTP/1.1" 200 46612
