116.224.253.72 - - [26/May/2021:10:26:41 +0800] "GET /xingrg/images/blue/button/kc_tab_save.gif HTTP/1.1" 304 -
116.224.253.72 - - [26/May/2021:10:26:41 +0800] "GET /xingrg/images/blue/button/kc_tab_edit.gif HTTP/1.1" 304 -
116.224.253.72 - - [26/May/2021:10:26:41 +0800] "GET /xingrg/images/blue/button/kc_tab_del.gif HTTP/1.1" 304 -
116.224.253.72 - - [26/May/2021:10:26:41 +0800] "GET /xingrg/images/blue/kc_tab_left.gif HTTP/1.1" 304 -
116.224.253.72 - - [26/May/2021:10:26:41 +0800] "GET /xingrg/images/blue/kc_tab_mid.gif HTTP/1.1" 304 -
116.224.253.72 - - [26/May/2021:10:26:41 +0800] "GET /xingrg/images/blue/kc_tab2_left.gif HTTP/1.1" 304 -
116.224.253.72 - - [26/May/2021:10:26:41 +0800] "GET /xingrg/images/blue/kc_tab_right.gif HTTP/1.1" 304 -
116.224.253.72 - - [26/May/2021:10:26:41 +0800] "GET /xingrg/images/blue/kc_tab2_right.gif HTTP/1.1" 304 -
180.169.147.146 - - [26/May/2021:10:26:42 +0800] "GET /xingrg/all/function/internal_message.html?_=1621996001183&CODE_STATE=getMsg HTTP/1.1" 200 27
101.85.52.2 - - [26/May/2021:10:26:43 +0800] "GET /xingrg/all/function/internal_message.html?_=1621995997831&CODE_STATE=getMsg HTTP/1.1" 200 27
116.224.253.72 - - [26/May/2021:10:26:44 +0800] "GET /xingrg/images/blue/wait.gif HTTP/1.1" 304 -
116.224.253.72 - - [26/May/2021:10:26:44 +0800] "POST /xingrg/dwr/call/plaincall/AjaxYddbService.getRestBases.dwr HTTP/1.1" 200 1514
117.184.7.26 - - [26/May/2021:10:26:49 +0800] "GET /xingrg/all/function/internal_message.html?_=1621996003051&CODE_STATE=getMsg HTTP/1.1" 200 27
116.224.253.72 - - [26/May/2021:10:26:51 +0800] "POST /xingrg/dwr/call/plaincall/AjaxYddbService.saveOrder.dwr HTTP/1.1" 200 78
116.224.253.72 - - [26/May/2021:10:26:55 +0800] "GET /xingrg/images/yd/bt.gif HTTP/1.1" 404 1040
116.224.253.72 - - [26/May/2021:10:26:57 +0800] "POST /xingrg/dwr/call/plaincall/AjaxComOrderService.getMaterielSearchList.dwr HTTP/1.1" 200 2397
222.69.131.109 - - [26/May/2021:10:26:57 +0800] "GET /xingrg/all/function/internal_message.html?_=1621996015034&CODE_STATE=getMsg HTTP/1.1" 200 27
101.85.94.178 - - [26/May/2021:10:26:58 +0800] "GET /xingrg/all/function/internal_message.html?_=1621995499351&CODE_STATE=getMsg HTTP/1.1" 200 27
116.224.253.72 - - [26/May/2021:10:26:59 +0800] "POST /xingrg/dwr/call/plaincall/AjaxComOrderService.getMaterielSearchList.dwr HTTP/1.1" 200 2397
116.235.222.38 - - [26/May/2021:10:26:59 +0800] "GET /xingrg/all/function/internal_message.html?_=1621996017826&CODE_STATE=getMsg HTTP/1.1" 200 27
116.230.114.112 - - [26/May/2021:10:27:00 +0800] "GET /xingrg/all/function/internal_message.html?_=1621996028244&CODE_STATE=getMsg HTTP/1.1" 200 27
180.169.147.146 - - [26/May/2021:10:27:00 +0800] "GET /xingrg/all/function/internal_message.html?_=1621996016006&CODE_STATE=getMsg HTTP/1.1" 200 27
116.235.222.38 - - [26/May/2021:10:27:00 +0800] "POST /xingrg/kc/buy/cgsh_order_operate.html HTTP/1.1" 200 37
58.37.225.51 - - [26/May/2021:10:27:01 +0800] "GET /xingrg/all/function/internal_message.html?_=1621996027245&CODE_STATE=getMsg HTTP/1.1" 200 27
120.253.135.82 - - [26/May/2021:10:27:01 +0800] "GET /xingrg/javascript/jquery_easy_ui/themes/default/images/button_plain_hover.png HTTP/1.1" 304 -
116.235.222.38 - - [26/May/2021:10:27:03 +0800] "POST /xingrg/kc/buy/cgsh_order_operate.html HTTP/1.1" 200 26315
116.224.253.72 - - [26/May/2021:10:27:03 +0800] "POST /xingrg/dwr/call/plaincall/AjaxComOrderService.getMaterielSearchList.dwr HTTP/1.1" 200 2397
117.185.32.26 - - [26/May/2021:10:27:03 +0800] "POST /xingrg/kc/buy/cgsh_order_operate.html HTTP/1.1" 200 64
116.224.253.72 - - [26/May/2021:10:27:03 +0800] "POST /xingrg/dwr/call/plaincall/AjaxYddbService.getMaterielByMap.dwr HTTP/1.1" 200 3740
116.224.253.72 - - [26/May/2021:10:27:03 +0800] "POST /xingrg/dwr/call/plaincall/AjaxComOrderService.getMaterielSearchList.dwr HTTP/1.1" 200 2397
180.169.147.146 - - [26/May/2021:10:27:09 +0800] "GET /xingrg/all/function/internal_message.html?_=1621996029717&CODE_STATE=getMsg HTTP/1.1" 200 27
180.169.147.146 - - [26/May/2021:10:27:09 +0800] "GET /xingrg/all/function/internal_message.html?_=1621996015823&CODE_STATE=getMsg HTTP/1.1" 200 27
116.224.253.72 - - [26/May/2021:10:27:09 +0800] "POST /xingrg/dwr/call/plaincall/AjaxYddbService.saveMaterielItem.dwr HTTP/1.1" 200 78
120.253.135.82 - - [26/May/2021:10:27:09 +0800] "GET /xingrg/check_reg.html?_=1621995810873 HTTP/1.1" 200 22
120.253.135.82 - - [26/May/2021:10:27:10 +0800] "GET /xingrg/all/function/internal_message.html?_=1621995811134&CODE_STATE=getMsg HTTP/1.1" 200 27
120.253.135.82 - - [26/May/2021:10:27:11 +0800] "GET /xingrg/kc/pszx/mdps_order_list.html?orderType=0 HTTP/1.1" 200 20838
61.165.42.208 - - [26/May/2021:10:27:11 +0800] "GET /xingrg/kc/buy/cgsh_order_operate.html?command=get_materiel&rest_code=00105&code=00101018011&supplier_code=00100330&order_time=2021-05-26 HTTP/1.1" 200 413
120.253.135.82 - - [26/May/2021:10:27:12 +0800] "POST /xingrg/kc/pszx/mdps_list_operate.html HTTP/1.1" 200 5364
116.224.253.72 - - [26/May/2021:10:27:13 +0800] "POST /xingrg/dwr/call/plaincall/AjaxComOrderService.getMaterielSearchList.dwr HTTP/1.1" 200 24413
116.224.253.72 - - [26/May/2021:10:27:14 +0800] "POST /xingrg/dwr/call/plaincall/AjaxComOrderService.getMaterielSearchList.dwr HTTP/1.1" 200 1575
117.184.7.26 - - [26/May/2021:10:27:14 +0800] "GET /xingrg/all/function/internal_message.html?_=1621996030420&CODE_STATE=getMsg HTTP/1.1" 302 -
117.184.7.26 - - [26/May/2021:10:27:14 +0800] "GET /xingrg/login.html HTTP/1.1" 200 7641
61.165.42.208 - - [26/May/2021:10:27:14 +0800] "GET /xingrg/all/function/internal_message.html?_=1621996014226&CODE_STATE=getMsg HTTP/1.1" 200 27
116.224.253.72 - - [26/May/2021:10:27:16 +0800] "POST /xingrg/dwr/call/plaincall/AjaxYddbService.getMaterielByMap.dwr HTTP/1.1" 200 3758
116.224.253.72 - - [26/May/2021:10:27:16 +0800] "GET /xingrg/all/function/internal_message.html?_=1621996035615&CODE_STATE=getMsg HTTP/1.1" 200 27
120.253.135.82 - - [26/May/2021:10:27:16 +0800] "GET /xingrg/all/function/internal_message.html?_=1621996081208&CODE_STATE=getMsg HTTP/1.1" 200 27
116.230.114.112 - - [26/May/2021:10:27:17 +0800] "POST /xingrg/kc/buy/cgsh_order_operate.html HTTP/1.1" 200 37
116.230.114.112 - - [26/May/2021:10:27:18 +0800] "POST /xingrg/kc/buy/cgsh_order_operate.html HTTP/1.1" 200 48169
116.224.253.72 - - [26/May/2021:10:27:20 +0800] "POST /xingrg/dwr/call/plaincall/AjaxYddbService.saveMaterielItem.dwr HTTP/1.1" 200 79
120.253.135.82 - - [26/May/2021:10:27:21 +0800] "POST /xingrg/kc/pszx/mdps_list_operate.html HTTP/1.1" 200 3920
116.224.253.72 - - [26/May/2021:10:27:22 +0800] "POST /xingrg/dwr/call/plaincall/AjaxComOrderService.getMaterielSearchList.dwr HTTP/1.1" 200 29878
116.224.253.72 - - [26/May/2021:10:27:22 +0800] "POST /xingrg/dwr/call/plaincall/AjaxComOrderService.getMaterielSearchList.dwr HTTP/1.1" 200 1387
117.185.32.26 - - [26/May/2021:10:27:23 +0800] "POST /xingrg/kc/buy/cgsh_order_operate.html HTTP/1.1" 200 37
116.230.114.112 - - [26/May/2021:10:27:23 +0800] "GET /xingrg/kc/buy/cgsh_order_add.html HTTP/1.1" 200 62101
116.233.76.220 - - [26/May/2021:10:27:24 +0800] "GET /xingrg/all/function/internal_message.html?_=1621996043253&CODE_STATE=getMsg HTTP/1.1" 200 27
116.233.76.220 - - [26/May/2021:10:27:24 +0800] "GET /xingrg/check_reg.html?_=1621996043255 HTTP/1.1" 200 22
116.230.114.112 - - [26/May/2021:10:27:24 +0800] "GET /xingrg/words/20210526102336_words.js HTTP/1.1" 200 817263
116.235.222.38 - - [26/May/2021:10:27:24 +0800] "GET /xingrg/kc/buy/cgsh_order_operate.html?command=get_materiel&rest_code=00107&code=00101008350&supplier_code=00100006&order_time=2021-05-26 HTTP/1.1" 200 408
116.224.253.72 - - [26/May/2021:10:27:24 +0800] "POST /xingrg/dwr/call/plaincall/AjaxYddbService.getMaterielByMap.dwr HTTP/1.1" 200 3716
116.230.114.112 - - [26/May/2021:10:27:25 +0800] "POST /xingrg/kc/buy/cgsh_order_operate.html HTTP/1.1" 200 8245
116.230.114.112 - - [26/May/2021:10:27:25 +0800] "GET /xingrg/javascript/easyui/themes/default/validatebox.css HTTP/1.1" 404 1104
120.253.135.82 - - [26/May/2021:10:27:27 +0800] "POST /xingrg/kc/pszx/mdps_list_operate.html HTTP/1.1" 200 203
180.161.111.4 - - [26/May/2021:10:27:28 +0800] "GET /xingrg/all/function/internal_message.html?_=1621996006776&CODE_STATE=getMsg HTTP/1.1" 200 27
116.224.253.72 - - [26/May/2021:10:27:28 +0800] "POST /xingrg/dwr/call/plaincall/AjaxYddbService.saveMaterielItem.dwr HTTP/1.1" 200 79
120.253.135.82 - - [26/May/2021:10:27:28 +0800] "GET /xingrg/kc/pszx/mdps_order_info.html?code=312021052500675 HTTP/1.1" 200 23931
120.253.135.82 - - [26/May/2021:10:27:28 +0800] "GET /xingrg/words/20210526102336_words.js HTTP/1.1" 200 817263
120.253.135.82 - - [26/May/2021:10:27:29 +0800] "GET /xingrg/javascript/easyui/themes/default/validatebox.css HTTP/1.1" 404 1104
120.253.135.82 - - [26/May/2021:10:27:30 +0800] "POST /xingrg/kc/pszx/mdps_order_operate.html HTTP/1.1" 200 2281
116.224.253.72 - - [26/May/2021:10:27:30 +0800] "GET /xingrg/all/function/internal_message.html?_=1621996056449&CODE_STATE=getMsg HTTP/1.1" 200 27
116.224.253.72 - - [26/May/2021:10:27:32 +0800] "GET /xingrg/images/yd/bt.gif HTTP/1.1" 404 1040
116.224.253.72 - - [26/May/2021:10:27:32 +0800] "POST /xingrg/dwr/call/plaincall/AjaxComOrderService.getMaterielSearchList.dwr HTTP/1.1" 200 744
120.253.135.82 - - [26/May/2021:10:27:33 +0800] "POST /xingrg/kc/pszx/mdps_order_operate.html HTTP/1.1" 200 37
117.185.32.26 - - [26/May/2021:10:27:34 +0800] "GET /xingrg/all/function/internal_message.html?_=1621996583111&CODE_STATE=getMsg HTTP/1.1" 200 27
116.224.253.72 - - [26/May/2021:10:27:34 +0800] "POST /xingrg/dwr/call/plaincall/AjaxYddbService.getMaterielByMap.dwr HTTP/1.1" 200 3732
117.185.32.26 - - [26/May/2021:10:27:34 +0800] "POST /xingrg/kc/buy/cgsh_order_operate.html HTTP/1.1" 200 5013
116.230.114.112 - - [26/May/2021:10:27:36 +0800] "GET /xingrg/all/function/internal_message.html?_=1621996062600&CODE_STATE=getMsg HTTP/1.1" 200 27
61.165.42.208 - - [26/May/2021:10:27:36 +0800] "GET /xingrg/kc/buy/cgsh_order_operate.html?command=get_materiel&rest_code=00105&code=00101018007&supplier_code=00100330&order_time=2021-05-26 HTTP/1.1" 200 409
116.224.253.72 - - [26/May/2021:10:27:37 +0800] "POST /xingrg/dwr/call/plaincall/AjaxYddbService.saveMaterielItem.dwr HTTP/1.1" 200 79
120.253.135.82 - - [26/May/2021:10:27:38 +0800] "POST /xingrg/kc/pszx/mdps_order_operate.html HTTP/1.1" 200 12
117.185.32.26 - - [26/May/2021:10:27:39 +0800] "GET /xingrg/kc/buy/buy_main.html HTTP/1.1" 200 12412
117.185.32.26 - - [26/May/2021:10:27:39 +0800] "GET /xingrg/css/new_ie.css HTTP/1.1" 404 1036
116.224.253.72 - - [26/May/2021:10:27:39 +0800] "POST /xingrg/dwr/call/plaincall/AjaxComOrderService.getMaterielSearchList.dwr HTTP/1.1" 200 30044
116.224.253.72 - - [26/May/2021:10:27:40 +0800] "POST /xingrg/dwr/call/plaincall/AjaxComOrderService.getMaterielSearchList.dwr HTTP/1.1" 200 1272
180.169.147.146 - - [26/May/2021:10:27:40 +0800] "GET /xingrg/all/function/internal_message.html?_=1621996058498&CODE_STATE=getMsg HTTP/1.1" 200 27
116.224.253.72 - - [26/May/2021:10:27:42 +0800] "POST /xingrg/all/user/operate.html HTTP/1.1" 200 36
116.230.114.112 - - [26/May/2021:10:27:42 +0800] "GET /xingrg/kc/buy/cgsh_order_operate.html?command=get_materiel&rest_code=00146&code=00101006055&supplier_code=00100012&order_time=2021-05-26 HTTP/1.1" 200 409
116.224.253.72 - - [26/May/2021:10:27:42 +0800] "POST /xingrg/dwr/call/plaincall/AjaxYddbService.getMaterielByMap.dwr HTTP/1.1" 200 3751
116.224.253.72 - - [26/May/2021:10:27:42 +0800] "GET /xingrg/index.html?sysBaseUrl=http%3A%2F%2F180.169.147.146%3A18081%2Fxingrg%2F&costTime=1140×tamp=1621912124772 HTTP/1.1" 200 17177
116.224.253.72 - - [26/May/2021:10:27:42 +0800] "GET /xingrg/javascript/jquery_easy_ui/themes/default/easyui.css HTTP/1.1" 304 -
116.224.253.72 - - [26/May/2021:10:27:42 +0800] "GET /xingrg/javascript/jquery_easy_ui/themes/icon.css HTTP/1.1" 304 -
116.224.253.72 - - [26/May/2021:10:27:42 +0800] "GET /xingrg/css/form.css HTTP/1.1" 304 -
116.224.253.72 - - [26/May/2021:10:27:42 +0800] "GET /xingrg/javascript/jquery-1.4.2.min.js HTTP/1.1" 304 -
180.169.147.146 - - [26/May/2021:10:27:42 +0800] "GET /xingrg/check_reg.html?_=1621996061185 HTTP/1.1" 200 22
180.169.147.146 - - [26/May/2021:10:27:42 +0800] "GET /xingrg/all/function/internal_message.html?_=1621996061187&CODE_STATE=getMsg HTTP/1.1" 200 27
116.224.253.72 - - [26/May/2021:10:27:42 +0800] "GET /xingrg/javascript/jquery_easy_ui/jquery.easyui.min.js HTTP/1.1" 304 -
116.224.253.72 - - [26/May/2021:10:27:42 +0800] "GET /xingrg/javascript/jquery_easy_ui/easyui-lang-zh_CN.js HTTP/1.1" 304 -
116.224.253.72 - - [26/May/2021:10:27:42 +0800] "GET /xingrg/javascript/jquery.form.js HTTP/1.1" 304 -
116.224.253.72 - - [26/May/2021:10:27:42 +0800] "GET /xingrg/javascript/jquery.utils.js HTTP/1.1" 304 -
116.224.253.72 - - [26/May/2021:10:27:42 +0800] "GET /xingrg/javascript/jquery.timers.js HTTP/1.1" 304 -
116.224.253.72 - - [26/May/2021:10:27:42 +0800] "GET /xingrg/images/blue/jxLogo.png HTTP/1.1" 304 -
116.224.253.72 - - [26/May/2021:10:27:43 +0800] "GET /xingrg/javascript/jquery_easy_ui/themes/icons/settle_new.png HTTP/1.1" 304 -
116.224.253.72 - - [26/May/2021:10:27:43 +0800] "GET /xingrg/images/blue/navBackgound.jpg HTTP/1.1" 304 -
116.224.253.72 - - [26/May/2021:10:27:43 +0800] "GET /xingrg/all/function/internal_message.html?_=1621996062022&CODE_STATE=count HTTP/1.1" 200 11
116.224.253.72 - - [26/May/2021:10:27:43 +0800] "GET /xingrg/check_reg.html?_=1621996062023 HTTP/1.1" 200 22
116.224.253.72 - - [26/May/2021:10:27:43 +0800] "GET /xingrg/images/blue/pingpu.png HTTP/1.1" 304 -
116.224.253.72 - - [26/May/2021:10:27:43 +0800] "GET /xingrg/javascript/jquery_easy_ui/themes/default/images/tabs_rightarrow.png HTTP/1.1" 304 -
116.224.253.72 - - [26/May/2021:10:27:43 +0800] "GET /xingrg/javascript/jquery_easy_ui/themes/default/images/panel_tool_collapse.gif HTTP/1.1" 304 -
116.224.253.72 - - [26/May/2021:10:27:43 +0800] "GET /xingrg/javascript/jquery_easy_ui/themes/default/images/tabs_leftarrow.png HTTP/1.1" 304 -
116.224.253.72 - - [26/May/2021:10:27:43 +0800] "POST /xingrg/all/common/load_tree.html?tree=area_rest_tree_json&manage=1 HTTP/1.1" 200 476
116.224.253.72 - - [26/May/2021:10:27:43 +0800] "POST /xingrg/load_menu.html HTTP/1.1" 200 5138
101.85.52.2 - - [26/May/2021:10:27:43 +0800] "GET /xingrg/all/function/internal_message.html?_=1621996057820&CODE_STATE=getMsg HTTP/1.1" 200 27
120.253.135.82 - - [26/May/2021:10:27:45 +0800] "GET /xingrg/kc/pszx/mdps_order_info.html?code=312021052500675 HTTP/1.1" 200 19591
116.224.253.72 - - [26/May/2021:10:27:45 +0800] "POST /xingrg/dwr/call/plaincall/AjaxYddbService.getUnitPrice.dwr HTTP/1.1" 200 86
120.253.135.82 - - [26/May/2021:10:27:45 +0800] "GET /xingrg/javascript/easyui/themes/default/validatebox.css HTTP/1.1" 404 1104
120.253.135.82 - - [26/May/2021:10:27:46 +0800] "POST /xingrg/kc/pszx/mdps_order_operate.html HTTP/1.1" 200 502
116.224.253.72 - - [26/May/2021:10:27:46 +0800] "GET /xingrg/kc/buy/cgsh_order_list.html HTTP/1.1" 200 46361
117.184.7.26 - - [26/May/2021:10:27:49 +0800] "GET /xingrg/all/function/internal_message.html?_=1621996063051&CODE_STATE=getMsg HTTP/1.1" 200 27
117.184.7.26 - - [26/May/2021:10:27:49 +0800] "GET /xingrg/check_reg.html?_=1621996063250 HTTP/1.1" 200 22
116.224.253.72 - - [26/May/2021:10:27:49 +0800] "POST /xingrg/dwr/call/plaincall/AjaxYddbService.saveMaterielItem.dwr HTTP/1.1" 200 79
180.169.147.146 - - [26/May/2021:10:27:50 +0800] "GET /xingrg/check_reg.html?_=1621996056494 HTTP/1.1" 200 22
120.253.135.82 - - [26/May/2021:10:27:50 +0800] "POST /xingrg/kc/pszx/mdps_list_operate.html HTTP/1.1" 200 379
61.165.42.208 - - [26/May/2021:10:27:50 +0800] "POST /xingrg/kc/buy/cgsh_order_operate.html HTTP/1.1" 200 37
116.235.222.38 - - [26/May/2021:10:27:51 +0800] "GET /xingrg/kc/buy/cgsh_order_operate.html?command=get_materiel&rest_code=00107&code=00101008412&supplier_code=00100006&order_time=2021-05-26 HTTP/1.1" 200 399
116.224.253.72 - - [26/May/2021:10:27:52 +0800] "POST /xingrg/kc/buy/cgsh_list_operate.html HTTP/1.1" 200 1705
61.165.42.208 - - [26/May/2021:10:27:52 +0800] "POST /xingrg/kc/buy/cgsh_order_operate.html HTTP/1.1" 200 3243
116.224.253.72 - - [26/May/2021:10:27:52 +0800] "POST /xingrg/dwr/call/plaincall/AjaxComOrderService.getMaterielSearchList.dwr HTTP/1.1" 200 28677
116.224.253.72 - - [26/May/2021:10:27:53 +0800] "POST /xingrg/dwr/call/plaincall/AjaxComOrderService.getMaterielSearchList.dwr HTTP/1.1" 200 1890
120.253.135.82 - - [26/May/2021:10:27:53 +0800] "GET /xingrg/kc/pszx/mdps_order_info.html?code=312021052500685 HTTP/1.1" 200 23931
116.230.114.112 - - [26/May/2021:10:27:53 +0800] "GET /xingrg/check_reg.html?_=1621996081586 HTTP/1.1" 200 22
120.253.135.82 - - [26/May/2021:10:27:53 +0800] "GET /xingrg/javascript/easyui/themes/default/validatebox.css HTTP/1.1" 404 1104
120.253.135.82 - - [26/May/2021:10:27:54 +0800] "POST /xingrg/kc/pszx/mdps_order_operate.html HTTP/1.1" 200 3341
101.85.52.2 - - [26/May/2021:10:27:55 +0800] "GET /xingrg/kc/base/base_main.html HTTP/1.1" 200 12142
61.165.42.208 - - [26/May/2021:10:27:56 +0800] "GET /xingrg/kc/print/load_data.html?order_code=212021052611553&kc_code=cgsh&condition= HTTP/1.1" 200 898
116.224.253.72 - - [26/May/2021:10:27:56 +0800] "POST /xingrg/dwr/call/plaincall/AjaxYddbService.getMaterielByMap.dwr HTTP/1.1" 200 3692
116.224.253.72 - - [26/May/2021:10:27:56 +0800] "GET /xingrg/kc/buy/cgsh_order_add.html HTTP/1.1" 200 61737
116.224.253.72 - - [26/May/2021:10:27:56 +0800] "GET /xingrg/words/20210526102336_words.js HTTP/1.1" 200 817263
222.69.131.109 - - [26/May/2021:10:27:57 +0800] "GET /xingrg/all/function/internal_message.html?_=1621996075031&CODE_STATE=getMsg HTTP/1.1" 200 27
116.224.253.72 - - [26/May/2021:10:27:57 +0800] "POST /xingrg/kc/buy/cgsh_order_operate.html HTTP/1.1" 200 8245
116.224.253.72 - - [26/May/2021:10:27:57 +0800] "GET /xingrg/javascript/easyui/themes/default/validatebox.css HTTP/1.1" 404 1104
101.85.52.2 - - [26/May/2021:10:27:57 +0800] "GET /xingrg/kc/report/report_main.html HTTP/1.1" 200 7345
101.85.94.178 - - [26/May/2021:10:27:58 +0800] "GET /xingrg/all/function/internal_message.html?_=1621995559325&CODE_STATE=getMsg HTTP/1.1" 200 27
116.224.253.72 - - [26/May/2021:10:27:58 +0800] "POST /xingrg/dwr/call/plaincall/AjaxYddbService.saveMaterielItem.dwr HTTP/1.1" 200 79
101.85.52.2 - - [26/May/2021:10:27:58 +0800] "GET /xingrg/all/report/report_query.html?fileName=kc/buy/gys_amount.xml&rh=99999 HTTP/1.1" 200 52006
101.85.52.2 - - [26/May/2021:10:27:58 +0800] "GET /xingrg/dwr/interface/AjaxReportQueryService.js HTTP/1.1" 200 13203
101.85.52.2 - - [26/May/2021:10:27:58 +0800] "GET /xingrg/dwr/util.js HTTP/1.1" 304 -
101.85.52.2 - - [26/May/2021:10:27:58 +0800] "GET /xingrg/dwr/engine.js HTTP/1.1" 200 43631
116.230.114.112 - - [26/May/2021:10:27:59 +0800] "GET /xingrg/kc/buy/cgsh_order_operate.html?command=get_materiel&rest_code=00146&code=00101006065&supplier_code=00100012&order_time=2021-05-26 HTTP/1.1" 200 409
116.235.222.38 - - [26/May/2021:10:27:59 +0800] "GET /xingrg/all/function/internal_message.html?_=1621996077818&CODE_STATE=getMsg HTTP/1.1" 200 27
116.235.222.38 - - [26/May/2021:10:27:59 +0800] "GET /xingrg/check_reg.html?_=1621996077948 HTTP/1.1" 200 22
101.85.52.2 - - [26/May/2021:10:27:59 +0800] "POST /xingrg/dwr/call/plaincall/AjaxReportQueryService.getFixDate.dwr HTTP/1.1" 200 111
116.224.253.72 - - [26/May/2021:10:27:59 +0800] "GET /xingrg/javascript/auto/indicator.gif HTTP/1.1" 404 1066
101.85.52.2 - - [26/May/2021:10:28:00 +0800] "POST /xingrg/dwr/call/plaincall/AjaxReportQueryService.getInitString.dwr HTTP/1.1" 200 453
101.85.52.2 - - [26/May/2021:10:28:00 +0800] "POST /xingrg/all/common/load_tree.html?tree=materiel_sort_tree_json HTTP/1.1" 200 8666
116.230.114.112 - - [26/May/2021:10:28:00 +0800] "GET /xingrg/all/function/internal_message.html?_=1621996088257&CODE_STATE=getMsg HTTP/1.1" 200 27
180.169.147.146 - - [26/May/2021:10:28:00 +0800] "GET /xingrg/all/function/internal_message.html?_=1621996075984&CODE_STATE=getMsg HTTP/1.1" 200 27
101.85.52.2 - - [26/May/2021:10:28:00 +0800] "POST /xingrg/all/common/load_tree.html?tree=supplier_tree_json&manage=1 HTTP/1.1" 200 56294
116.224.253.72 - - [26/May/2021:10:28:00 +0800] "POST /xingrg/dwr/call/plaincall/AjaxComOrderService.getMaterielSearchList.dwr HTTP/1.1" 200 28677
58.37.225.51 - - [26/May/2021:10:28:01 +0800] "GET /xingrg/all/function/internal_message.html?_=1621996087243&CODE_STATE=getMsg HTTP/1.1" 200 27
116.224.253.72 - - [26/May/2021:10:28:01 +0800] "POST /xingrg/dwr/call/plaincall/AjaxComOrderService.getMaterielSearchList.dwr HTTP/1.1" 200 435
116.224.253.72 - - [26/May/2021:10:28:02 +0800] "POST /xingrg/dwr/call/plaincall/AjaxComOrderService.getMaterielSearchList.dwr HTTP/1.1" 200 435
120.253.135.82 - - [26/May/2021:10:28:02 +0800] "POST /xingrg/kc/pszx/mdps_order_operate.html HTTP/1.1" 200 37
116.224.253.72 - - [26/May/2021:10:28:04 +0800] "POST /xingrg/dwr/call/plaincall/AjaxYddbService.getMaterielByMap.dwr HTTP/1.1" 200 3692
116.224.253.72 - - [26/May/2021:10:28:07 +0800] "POST /xingrg/dwr/call/plaincall/AjaxYddbService.saveMaterielItem.dwr HTTP/1.1" 200 79
120.253.135.82 - - [26/May/2021:10:28:07 +0800] "POST /xingrg/kc/pszx/mdps_order_operate.html HTTP/1.1" 200 12
58.221.95.50 - - [26/May/2021:10:28:09 +0800] "GET /xingrg/check_reg.html?_=1621996088922 HTTP/1.1" 302 -
180.169.147.146 - - [26/May/2021:10:28:09 +0800] "GET /xingrg/all/function/internal_message.html?_=1621996089718&CODE_STATE=getMsg HTTP/1.1" 200 27
180.169.147.146 - - [26/May/2021:10:28:09 +0800] "GET /xingrg/check_reg.html?_=1621996089722 HTTP/1.1" 200 22
180.169.147.146 - - [26/May/2021:10:28:09 +0800] "GET /xingrg/all/function/internal_message.html?_=1621996075801&CODE_STATE=getMsg HTTP/1.1" 200 27
116.224.253.72 - - [26/May/2021:10:28:09 +0800] "POST /xingrg/dwr/call/plaincall/AjaxComOrderService.getMaterielSearchList.dwr HTTP/1.1" 200 8360
116.224.253.72 - - [26/May/2021:10:28:10 +0800] "POST /xingrg/dwr/call/plaincall/AjaxComOrderService.getMaterielSearchList.dwr HTTP/1.1" 200 1297
117.184.7.26 - - [26/May/2021:10:28:14 +0800] "GET /xingrg/all/function/internal_message.html?_=1621996090421&CODE_STATE=getMsg HTTP/1.1" 302 -
117.184.7.26 - - [26/May/2021:10:28:14 +0800] "GET /xingrg/login.html HTTP/1.1" 200 7641
61.165.42.208 - - [26/May/2021:10:28:14 +0800] "GET /xingrg/all/function/internal_message.html?_=1621996074224&CODE_STATE=getMsg HTTP/1.1" 200 27
120.253.135.82 - - [26/May/2021:10:28:15 +0800] "GET /xingrg/all/function/internal_message.html?_=1621995876911&CODE_STATE=getMsg HTTP/1.1" 200 27
120.253.135.82 - - [26/May/2021:10:28:16 +0800] "GET /xingrg/kc/pszx/mdps_order_info.html?code=312021052500685 HTTP/1.1" 200 19591
116.224.253.72 - - [26/May/2021:10:28:16 +0800] "POST /xingrg/dwr/call/plaincall/AjaxYddbService.getMaterielByMap.dwr HTTP/1.1" 200 3736
120.253.135.82 - - [26/May/2021:10:28:16 +0800] "GET /xingrg/javascript/easyui/themes/default/validatebox.css HTTP/1.1" 404 1104
120.253.135.82 - - [26/May/2021:10:28:16 +0800] "POST /xingrg/kc/pszx/mdps_order_operate.html HTTP/1.1" 200 1554
120.253.135.82 - - [26/May/2021:10:28:16 +0800] "GET /xingrg/all/function/internal_message.html?_=1621996141239&CODE_STATE=getMsg HTTP/1.1" 200 27
120.253.135.82 - - [26/May/2021:10:28:17 +0800] "POST /xingrg/kc/pszx/mdps_list_operate.html HTTP/1.1" 200 3177
116.235.222.38 - - [26/May/2021:10:28:17 +0800] "GET /xingrg/kc/buy/cgsh_order_operate.html?command=get_materiel&rest_code=00107&code=00101008284&supplier_code=00100006&order_time=2021-05-26 HTTP/1.1" 200 413
116.224.253.72 - - [26/May/2021:10:28:18 +0800] "POST /xingrg/dwr/call/plaincall/AjaxYddbService.saveMaterielItem.dwr HTTP/1.1" 200 79
120.253.135.82 - - [26/May/2021:10:28:20 +0800] "POST /xingrg/kc/pszx/mdps_list_operate.html HTTP/1.1" 200 592
116.235.222.38 - - [26/May/2021:10:28:20 +0800] "POST /xingrg/kc/buy/cgsh_order_operate.html HTTP/1.1" 200 2065
116.224.253.72 - - [26/May/2021:10:28:21 +0800] "POST /xingrg/dwr/call/plaincall/AjaxComOrderService.getMaterielSearchList.dwr HTTP/1.1" 200 14849
116.224.253.72 - - [26/May/2021:10:28:22 +0800] "POST /xingrg/dwr/call/plaincall/AjaxComOrderService.getMaterielSearchList.dwr HTTP/1.1" 200 1160
120.253.135.82 - - [26/May/2021:10:28:22 +0800] "GET /xingrg/kc/pszx/mdps_order_info.html?code=312021052500673 HTTP/1.1" 200 23931
120.253.135.82 - - [26/May/2021:10:28:22 +0800] "GET /xingrg/javascript/easyui/themes/default/validatebox.css HTTP/1.1" 404 1104
120.253.135.82 - - [26/May/2021:10:28:23 +0800] "POST /xingrg/kc/pszx/mdps_order_operate.html HTTP/1.1" 200 9350
116.224.253.72 - - [26/May/2021:10:28:24 +0800] "POST /xingrg/dwr/call/plaincall/AjaxYddbService.getMaterielByMap.dwr HTTP/1.1" 200 3725
116.233.76.220 - - [26/May/2021:10:28:24 +0800] "GET /xingrg/all/function/internal_message.html?_=1621996103246&CODE_STATE=getMsg HTTP/1.1" 200 27
180.161.111.4 - - [26/May/2021:10:28:28 +0800] "GET /xingrg/all/function/internal_message.html?_=1621996066791&CODE_STATE=getMsg HTTP/1.1" 200 27
116.235.222.38 - - [26/May/2021:10:28:29 +0800] "GET /xingrg/kc/buy/cgsh_order_operate.html?command=get_materiel&rest_code=00107&code=00101008092&supplier_code=00100006&order_time=2021-05-26 HTTP/1.1" 200 412
116.224.253.72 - - [26/May/2021:10:28:30 +0800] "GET /xingrg/all/function/internal_message.html?_=1621996116462&CODE_STATE=getMsg HTTP/1.1" 200 27
117.185.32.26 - - [26/May/2021:10:28:34 +0800] "GET /xingrg/all/function/internal_message.html?_=1621996643116&CODE_STATE=getMsg HTTP/1.1" 200 27
120.253.135.82 - - [26/May/2021:10:28:35 +0800] "POST /xingrg/kc/pszx/mdps_order_operate.html HTTP/1.1" 200 37
116.230.114.112 - - [26/May/2021:10:28:36 +0800] "GET /xingrg/all/function/internal_message.html?_=1621996122628&CODE_STATE=getMsg HTTP/1.1" 200 27
120.253.135.82 - - [26/May/2021:10:28:40 +0800] "POST /xingrg/kc/pszx/mdps_order_operate.html HTTP/1.1" 200 12
180.169.147.146 - - [26/May/2021:10:28:40 +0800] "GET /xingrg/all/function/internal_message.html?_=1621996118479&CODE_STATE=getMsg HTTP/1.1" 200 27
180.169.147.146 - - [26/May/2021:10:28:40 +0800] "GET /xingrg/check_reg.html?_=1621996118485 HTTP/1.1" 200 22
116.224.253.72 - - [26/May/2021:10:28:40 +0800] "GET /xingrg/kc/buy/cgsh_order_operate.html?command=get_materiel&rest_code=00151&code=00102012076&supplier_code=00100151&order_time=2021-05-26 HTTP/1.1" 200 399
120.253.135.82 - - [26/May/2021:10:28:42 +0800] "GET /xingrg/check_reg.html?_=1621996166886 HTTP/1.1" 200 22
180.169.147.146 - - [26/May/2021:10:28:42 +0800] "GET /xingrg/all/function/internal_message.html?_=1621996121181&CODE_STATE=getMsg HTTP/1.1" 200 27
116.224.253.72 - - [26/May/2021:10:28:43 +0800] "GET /xingrg/all/function/internal_message.html?_=1621996122034&CODE_STATE=getMsg HTTP/1.1" 200 27
101.85.52.2 - - [26/May/2021:10:28:43 +0800] "GET /xingrg/all/function/internal_message.html?_=1621996117829&CODE_STATE=getMsg HTTP/1.1" 200 27
116.235.222.38 - - [26/May/2021:10:28:46 +0800] "GET /xingrg/kc/buy/cgsh_order_operate.html?command=get_materiel&rest_code=00107&code=00101008236&supplier_code=00100006&order_time=2021-05-26 HTTP/1.1" 200 416
120.253.135.82 - - [26/May/2021:10:28:48 +0800] "GET /xingrg/kc/pszx/mdps_order_info.html?code=312021052500673 HTTP/1.1" 200 19591
120.253.135.82 - - [26/May/2021:10:28:49 +0800] "GET /xingrg/javascript/easyui/themes/default/validatebox.css HTTP/1.1" 404 1104
117.184.7.26 - - [26/May/2021:10:28:49 +0800] "GET /xingrg/all/function/internal_message.html?_=1621996123063&CODE_STATE=getMsg HTTP/1.1" 200 27
120.253.135.82 - - [26/May/2021:10:28:49 +0800] "POST /xingrg/kc/pszx/mdps_order_operate.html HTTP/1.1" 200 7482
120.253.135.82 - - [26/May/2021:10:28:50 +0800] "POST /xingrg/kc/pszx/mdps_list_operate.html HTTP/1.1" 200 2805
101.85.52.2 - - [26/May/2021:10:28:51 +0800] "POST /xingrg/dwr/call/plaincall/AjaxReportQueryService.refreshCache.dwr HTTP/1.1" 200 78
58.37.225.51 - - [26/May/2021:10:28:51 +0800] "POST /xingrg/services/DataTransmitService HTTP/1.1" 200 524
120.253.135.82 - - [26/May/2021:10:28:52 +0800] "POST /xingrg/kc/pszx/mdps_list_operate.html HTTP/1.1" 200 641
61.165.42.208 - - [26/May/2021:10:28:53 +0800] "GET /xingrg/kc/buy/cgsh_order_add.html HTTP/1.1" 200 62142
101.85.52.2 - - [26/May/2021:10:28:53 +0800] "POST /xingrg/all/report/load_report_page.html HTTP/1.1" 200 8904
101.85.52.2 - - [26/May/2021:10:28:53 +0800] "GET /xingrg/servlets/image?cache=0.5586233281446303&image=px HTTP/1.1" 200 807
61.165.42.208 - - [26/May/2021:10:28:53 +0800] "GET /xingrg/words/20210526102336_words.js HTTP/1.1" 304 -
61.165.42.208 - - [26/May/2021:10:28:53 +0800] "POST /xingrg/kc/buy/cgsh_order_operate.html HTTP/1.1" 200 8245
61.165.42.208 - - [26/May/2021:10:28:53 +0800] "GET /xingrg/javascript/easyui/themes/default/validatebox.css HTTP/1.1" 404 1104
120.253.135.82 - - [26/May/2021:10:28:54 +0800] "GET /xingrg/kc/pszx/mdps_order_info.html?code=312021052500674 HTTP/1.1" 200 23931
120.253.135.82 - - [26/May/2021:10:28:54 +0800] "GET /xingrg/javascript/easyui/themes/default/validatebox.css HTTP/1.1" 404 1104
120.253.135.82 - - [26/May/2021:10:28:55 +0800] "POST /xingrg/kc/pszx/mdps_order_operate.html HTTP/1.1" 200 23633
222.69.131.109 - - [26/May/2021:10:28:57 +0800] "GET /xingrg/all/function/internal_message.html?_=1621996135004&CODE_STATE=getMsg HTTP/1.1" 200 27
101.85.52.2 - - [26/May/2021:10:28:58 +0800] "GET /xingrg/all/report/report_query.html?isQuery=1&fileName=kc/buy/wlcg_cate_hz.xml&queryString=(CONVERT(char(10)%252Ca.order_time%252C%2520120)%253E%253D'2021-04-01')%2520and%2520(CONVERT(char(10)%252Ca.order_time%252C%2520120)%253C%253D'2021-04-30')%2520and%2520(a.supplier_code%2520in%2520('00100185'))%2520and%2520(a.number%253E0%2520and%2520a.supplier_code%253D'00100185')&queryText=%25E3%2580%2590%25E9%2587%2587%25E8%25B4%25AD%25E6%2597%25A5%25E6%259C%259F%253A2021-04-01%2520%25E8%2587%25B3%25202021-04-30%25E3%2580%2591%2520%25E5%25B9%25B6%25E4%25B8%2594%2520%2520%25E3%2580%2590%25E4%25BE%259B%25E5%25BA%2594%25E5%2595%2586%2520%253D%2520%25E6%25B2%25B3%25E9%25B2%259C(%25E9%2599%2588%25E6%2596%25B0%25E9%25BD%2590)%25E3%2580%2591%2520%25E5%25B9%25B6%25E4%25B8%2594%2520%25E3%2580%2590%25E4%25BE%259B%25E5%25BA%2594%25E5%2595%2586%253D%25E6%25B2%25B3%25E9%25B2%259C(%25E9%2599%2588%25E6%2596%25B0%25E9%25BD%2590)%25E3%2580%2591 HTTP/1.1" 200 54472
101.85.94.178 - - [26/May/2021:10:28:58 +0800] "GET /xingrg/all/function/internal_message.html?_=1621995619306&CODE_STATE=getMsg HTTP/1.1" 200 27
101.85.52.2 - - [26/May/2021:10:28:58 +0800] "GET /xingrg/dwr/interface/AjaxReportQueryService.js HTTP/1.1" 200 13203
101.85.52.2 - - [26/May/2021:10:28:58 +0800] "GET /xingrg/dwr/engine.js HTTP/1.1" 200 43631
116.235.222.38 - - [26/May/2021:10:28:59 +0800] "GET /xingrg/all/function/internal_message.html?_=1621996137827&CODE_STATE=getMsg HTTP/1.1" 200 27
101.85.94.178 - - [26/May/2021:10:28:59 +0800] "GET /xingrg/check_reg.html?_=1621995620479 HTTP/1.1" 200 22
116.230.114.112 - - [26/May/2021:10:29:00 +0800] "GET /xingrg/all/function/internal_message.html?_=1621996148270&CODE_STATE=getMsg HTTP/1.1" 200 27
180.169.147.146 - - [26/May/2021:10:29:00 +0800] "GET /xingrg/all/function/internal_message.html?_=1621996135959&CODE_STATE=getMsg HTTP/1.1" 200 27
101.85.52.2 - - [26/May/2021:10:29:00 +0800] "POST /xingrg/all/report/load_report_page.html HTTP/1.1" 200 8713
101.85.52.2 - - [26/May/2021:10:29:00 +0800] "GET /xingrg/servlets/image?cache=0.8058910335262477&image=px HTTP/1.1" 200 807
58.37.225.51 - - [26/May/2021:10:29:01 +0800] "GET /xingrg/all/function/internal_message.html?_=1621996147242&CODE_STATE=getMsg HTTP/1.1" 200 27
101.85.52.2 - - [26/May/2021:10:29:02 +0800] "POST /xingrg/all/report/load_report_page.html HTTP/1.1" 200 26494
101.85.52.2 - - [26/May/2021:10:29:02 +0800] "GET /xingrg/servlets/image?cache=0.519236242101242&image=px HTTP/1.1" 200 807
101.85.52.2 - - [26/May/2021:10:29:05 +0800] "POST /xingrg/all/report/report_print.html HTTP/1.1" 302 -
101.85.52.2 - - [26/May/2021:10:29:05 +0800] "GET /xingrg/servlets/html?sysBaseUrl=http%3A%2F%2F180.169.147.146%3A18081%2Fxingrg%2F&costTime=985×tamp=1621996145418 HTTP/1.1" 200 27251
101.85.52.2 - - [26/May/2021:10:29:05 +0800] "GET /xingrg/servlets/image?image=px HTTP/1.1" 200 807
116.235.222.38 - - [26/May/2021:10:29:05 +0800] "GET /xingrg/kc/buy/cgsh_order_operate.html?command=get_materiel&rest_code=00107&code=00101009007&supplier_code=00100006&order_time=2021-05-26 HTTP/1.1" 200 410
101.85.52.2 - - [26/May/2021:10:29:05 +0800] "GET /favicon.ico HTTP/1.1" 404 -
120.253.135.82 - - [26/May/2021:10:29:06 +0800] "POST /xingrg/kc/pszx/mdps_order_operate.html HTTP/1.1" 200 37
180.169.147.146 - - [26/May/2021:10:29:09 +0800] "GET /xingrg/all/function/internal_message.html?_=1621996149725&CODE_STATE=getMsg HTTP/1.1" 200 27
180.169.147.146 - - [26/May/2021:10:29:09 +0800] "GET /xingrg/all/function/internal_message.html?_=1621996135774&CODE_STATE=getMsg HTTP/1.1" 200 27
58.37.225.51 - - [26/May/2021:10:29:11 +0800] "POST /xingrg/services/DataTransmitService HTTP/1.1" 200 501
117.184.7.26 - - [26/May/2021:10:29:14 +0800] "GET /xingrg/all/function/internal_message.html?_=1621996150424&CODE_STATE=getMsg HTTP/1.1" 302 -
117.184.7.26 - - [26/May/2021:10:29:14 +0800] "GET /xingrg/login.html HTTP/1.1" 200 7641
61.165.42.208 - - [26/May/2021:10:29:14 +0800] "GET /xingrg/all/function/internal_message.html?_=1621996134223&CODE_STATE=getMsg HTTP/1.1" 200 27
120.253.135.82 - - [26/May/2021:10:29:15 +0800] "POST /xingrg/kc/pszx/mdps_order_operate.html HTTP/1.1" 200 12
120.253.135.82 - - [26/May/2021:10:29:16 +0800] "GET /xingrg/all/function/internal_message.html?_=1621996201249&CODE_STATE=getMsg HTTP/1.1" 200 27
120.253.135.82 - - [26/May/2021:10:29:17 +0800] "GET /xingrg/kc/pszx/mdps_order_info.html?code=312021052500674 HTTP/1.1" 200 19591
120.253.135.82 - - [26/May/2021:10:29:18 +0800] "GET /xingrg/javascript/easyui/themes/default/validatebox.css HTTP/1.1" 404 1104
120.253.135.82 - - [26/May/2021:10:29:18 +0800] "GET /xingrg/all/function/internal_message.html?_=1621995939273&CODE_STATE=getMsg HTTP/1.1" 200 27
120.253.135.82 - - [26/May/2021:10:29:18 +0800] "POST /xingrg/kc/pszx/mdps_order_operate.html HTTP/1.1" 200 21695
120.253.135.82 - - [26/May/2021:10:29:20 +0800] "POST /xingrg/kc/pszx/mdps_list_operate.html HTTP/1.1" 200 2431
120.253.135.82 - - [26/May/2021:10:29:22 +0800] "POST /xingrg/kc/pszx/mdps_list_operate.html HTTP/1.1" 200 282
120.253.135.82 - - [26/May/2021:10:29:23 +0800] "POST /xingrg/kc/pszx/mdps_list_operate.html HTTP/1.1" 200 450
116.233.76.220 - - [26/May/2021:10:29:24 +0800] "GET /xingrg/all/function/internal_message.html?_=1621996163248&CODE_STATE=getMsg HTTP/1.1" 200 27
116.235.222.38 - - [26/May/2021:10:29:26 +0800] "GET /xingrg/kc/buy/cgsh_order_operate.html?command=get_materiel&rest_code=00107&code=00101015044&supplier_code=00100006&order_time=2021-05-26 HTTP/1.1" 200 408
180.161.111.4 - - [26/May/2021:10:29:28 +0800] "GET /xingrg/all/function/internal_message.html?_=1621996126971&CODE_STATE=getMsg HTTP/1.1" 200 27
116.224.253.72 - - [26/May/2021:10:29:30 +0800] "GET /xingrg/check_reg.html?_=1621996176468 HTTP/1.1" 200 22
116.224.253.72 - - [26/May/2021:10:29:30 +0800] "GET /xingrg/all/function/internal_message.html?_=1621996176476&CODE_STATE=getMsg HTTP/1.1" 200 27
61.165.42.208 - - [26/May/2021:10:29:32 +0800] "GET /xingrg/kc/buy/cgsh_order_operate.html?command=get_materiel&rest_code=00105&code=00101001167&supplier_code=00100314&order_time=2021-05-26 HTTP/1.1" 200 411
117.185.32.26 - - [26/May/2021:10:29:34 +0800] "GET /xingrg/all/function/internal_message.html?_=1621996703121&CODE_STATE=getMsg HTTP/1.1" 200 27
116.230.114.112 - - [26/May/2021:10:29:36 +0800] "GET /xingrg/all/function/internal_message.html?_=1621996182642&CODE_STATE=getMsg HTTP/1.1" 200 27
180.169.147.146 - - [26/May/2021:10:29:40 +0800] "GET /xingrg/all/function/internal_message.html?_=1621996178481&CODE_STATE=getMsg HTTP/1.1" 200 27
116.235.222.38 - - [26/May/2021:10:29:41 +0800] "GET /xingrg/kc/buy/cgsh_order_operate.html?command=get_materiel&rest_code=00107&code=00101015062&supplier_code=00100006&order_time=2021-05-26 HTTP/1.1" 200 432
180.169.147.146 - - [26/May/2021:10:29:42 +0800] "GET /xingrg/all/function/internal_message.html?_=1621996181183&CODE_STATE=getMsg HTTP/1.1" 200 27
116.224.253.72 - - [26/May/2021:10:29:43 +0800] "GET /xingrg/all/function/internal_message.html?_=1621996182028&CODE_STATE=getMsg HTTP/1.1" 200 27
101.85.52.2 - - [26/May/2021:10:29:43 +0800] "GET /xingrg/all/function/internal_message.html?_=1621996177830&CODE_STATE=getMsg HTTP/1.1" 200 27
116.235.222.38 - - [26/May/2021:10:29:45 +0800] "POST /xingrg/kc/buy/cgsh_order_operate.html HTTP/1.1" 200 2065
120.253.135.82 - - [26/May/2021:10:29:47 +0800] "POST /xingrg/kc/pszx/mdps_list_operate.html HTTP/1.1" 200 2058
120.253.135.82 - - [26/May/2021:10:29:48 +0800] "POST /xingrg/kc/pszx/mdps_list_operate.html HTTP/1.1" 200 202
117.184.7.26 - - [26/May/2021:10:29:49 +0800] "GET /xingrg/all/function/internal_message.html?_=1621996183065&CODE_STATE=getMsg HTTP/1.1" 200 27
120.253.135.82 - - [26/May/2021:10:29:49 +0800] "GET /xingrg/kc/pszx/mdps_order_info.html?code=312021052500676 HTTP/1.1" 200 23929
120.253.135.82 - - [26/May/2021:10:29:50 +0800] "GET /xingrg/javascript/easyui/themes/default/validatebox.css HTTP/1.1" 404 1104
120.253.135.82 - - [26/May/2021:10:29:51 +0800] "POST /xingrg/kc/pszx/mdps_order_operate.html HTTP/1.1" 200 2286
120.253.135.82 - - [26/May/2021:10:29:55 +0800] "POST /xingrg/kc/pszx/mdps_order_operate.html HTTP/1.1" 200 37
222.69.131.109 - - [26/May/2021:10:29:57 +0800] "GET /xingrg/all/function/internal_message.html?_=1621996194996&CODE_STATE=getMsg HTTP/1.1" 200 27
101.85.94.178 - - [26/May/2021:10:29:58 +0800] "GET /xingrg/all/function/internal_message.html?_=1621995679276&CODE_STATE=getMsg HTTP/1.1" 200 27
222.69.131.109 - - [26/May/2021:10:29:58 +0800] "GET /xingrg/check_reg.html?_=1621996196450 HTTP/1.1" 200 22
116.235.222.38 - - [26/May/2021:10:29:59 +0800] "GET /xingrg/all/function/internal_message.html?_=1621996197826&CODE_STATE=getMsg HTTP/1.1" 200 27
120.253.135.82 - - [26/May/2021:10:29:59 +0800] "POST /xingrg/kc/pszx/mdps_order_operate.html HTTP/1.1" 200 12
180.169.147.146 - - [26/May/2021:10:30:00 +0800] "GET /xingrg/all/function/internal_message.html?_=1621996195929&CODE_STATE=getMsg HTTP/1.1" 200 27
116.230.114.112 - - [26/May/2021:10:30:00 +0800] "GET /xingrg/all/function/internal_message.html?_=1621996208284&CODE_STATE=getMsg HTTP/1.1" 200 27
58.37.225.51 - - [26/May/2021:10:30:01 +0800] "GET /xingrg/all/function/internal_message.html?_=1621996207240&CODE_STATE=getMsg HTTP/1.1" 200 27
61.165.42.208 - - [26/May/2021:10:30:01 +0800] "POST /xingrg/kc/buy/cgsh_order_operate.html HTTP/1.1" 200 37
116.235.222.38 - - [26/May/2021:10:30:01 +0800] "GET /xingrg/kc/buy/cgsh_order_operate.html?command=get_materiel&rest_code=00107&code=00101015066&supplier_code=00100006&order_time=2021-05-26 HTTP/1.1" 200 413
120.253.135.82 - - [26/May/2021:10:30:04 +0800] "GET /xingrg/kc/pszx/mdps_order_info.html?code=312021052500676 HTTP/1.1" 200 19589
61.165.42.208 - - [26/May/2021:10:30:04 +0800] "POST /xingrg/kc/buy/cgsh_order_operate.html HTTP/1.1" 200 2658
120.253.135.82 - - [26/May/2021:10:30:04 +0800] "GET /xingrg/javascript/easyui/themes/default/validatebox.css HTTP/1.1" 404 1104
180.161.111.4 - - [26/May/2021:10:30:04 +0800] "GET /xingrg/check_reg.html?_=1621996163528 HTTP/1.1" 200 22
120.253.135.82 - - [26/May/2021:10:30:05 +0800] "POST /xingrg/kc/pszx/mdps_order_operate.html HTTP/1.1" 200 507
120.253.135.82 - - [26/May/2021:10:30:06 +0800] "POST /xingrg/kc/pszx/mdps_list_operate.html HTTP/1.1" 200 1689
61.165.42.208 - - [26/May/2021:10:30:06 +0800] "GET /xingrg/kc/print/load_data.html?order_code=212021052611554&kc_code=cgsh&condition= HTTP/1.1" 200 669
120.253.135.82 - - [26/May/2021:10:30:07 +0800] "POST /xingrg/kc/pszx/mdps_list_operate.html HTTP/1.1" 200 209
120.253.135.82 - - [26/May/2021:10:30:08 +0800] "GET /xingrg/kc/pszx/mdps_order_info.html?code=312021052500686 HTTP/1.1" 200 23929
120.253.135.82 - - [26/May/2021:10:30:09 +0800] "GET /xingrg/javascript/easyui/themes/default/validatebox.css HTTP/1.1" 404 1104
180.169.147.146 - - [26/May/2021:10:30:09 +0800] "GET /xingrg/all/function/internal_message.html?_=1621996209727&CODE_STATE=getMsg HTTP/1.1" 200 27
180.169.147.146 - - [26/May/2021:10:30:09 +0800] "GET /xingrg/all/function/internal_message.html?_=1621996195750&CODE_STATE=getMsg HTTP/1.1" 200 27
120.253.135.82 - - [26/May/2021:10:30:09 +0800] "POST /xingrg/kc/pszx/mdps_order_operate.html HTTP/1.1" 200 2290
120.253.135.82 - - [26/May/2021:10:30:13 +0800] "POST /xingrg/kc/pszx/mdps_order_operate.html HTTP/1.1" 200 37
116.235.222.38 - - [26/May/2021:10:30:13 +0800] "GET /xingrg/kc/buy/cgsh_order_operate.html?command=get_materiel&rest_code=00107&code=00101015038&supplier_code=00100006&order_time=2021-05-26 HTTP/1.1" 200 438
117.184.7.26 - - [26/May/2021:10:30:14 +0800] "GET /xingrg/all/function/internal_message.html?_=1621996210424&CODE_STATE=getMsg HTTP/1.1" 302 -
117.184.7.26 - - [26/May/2021:10:30:14 +0800] "GET /xingrg/login.html HTTP/1.1" 200 7641
61.165.42.208 - - [26/May/2021:10:30:14 +0800] "GET /xingrg/all/function/internal_message.html?_=1621996194227&CODE_STATE=getMsg HTTP/1.1" 200 27
61.165.42.208 - - [26/May/2021:10:30:14 +0800] "GET /xingrg/check_reg.html?_=1621996194230 HTTP/1.1" 200 22
120.253.135.82 - - [26/May/2021:10:30:16 +0800] "GET /xingrg/all/function/internal_message.html?_=1621996261264&CODE_STATE=getMsg HTTP/1.1" 200 27
120.253.135.82 - - [26/May/2021:10:30:17 +0800] "POST /xingrg/kc/pszx/mdps_order_operate.html HTTP/1.1" 200 12
58.37.225.51 - - [26/May/2021:10:30:18 +0800] "POST /xingrg/services/DataTransmitService HTTP/1.1" 200 524
116.233.76.220 - - [26/May/2021:10:30:24 +0800] "GET /xingrg/all/function/internal_message.html?_=1621996223254&CODE_STATE=getMsg HTTP/1.1" 200 27
180.161.111.4 - - [26/May/2021:10:30:28 +0800] "GET /xingrg/all/function/internal_message.html?_=1621996186975&CODE_STATE=getMsg HTTP/1.1" 200 27
116.230.114.112 - - [26/May/2021:10:30:29 +0800] "GET /xingrg/kc/buy/cgsh_order_operate.html?command=get_materiel&rest_code=00146&code=00101006136&supplier_code=00100012&order_time=2021-05-26 HTTP/1.1" 200 417
116.235.222.38 - - [26/May/2021:10:30:29 +0800] "GET /xingrg/kc/buy/cgsh_order_operate.html?command=get_materiel&rest_code=00107&code=00101008349&supplier_code=00100006&order_time=2021-05-26 HTTP/1.1" 200 412
116.224.253.72 - - [26/May/2021:10:30:31 +0800] "GET /xingrg/all/function/internal_message.html?_=1621996236489&CODE_STATE=getMsg HTTP/1.1" 200 27
61.165.42.208 - - [26/May/2021:10:30:31 +0800] "GET /xingrg/kc/buy/cgsh_order_add.html HTTP/1.1" 200 62142
61.165.42.208 - - [26/May/2021:10:30:31 +0800] "GET /xingrg/words/20210526102336_words.js HTTP/1.1" 304 -
61.165.42.208 - - [26/May/2021:10:30:31 +0800] "GET /xingrg/javascript/easyui/themes/default/validatebox.css HTTP/1.1" 404 1104
61.165.42.208 - - [26/May/2021:10:30:31 +0800] "POST /xingrg/kc/buy/cgsh_order_operate.html HTTP/1.1" 200 8245
58.37.225.51 - - [26/May/2021:10:30:33 +0800] "POST /xingrg/services/DataTransmitService HTTP/1.1" 200 501
117.185.32.26 - - [26/May/2021:10:30:34 +0800] "GET /xingrg/all/function/internal_message.html?_=1621996763121&CODE_STATE=getMsg HTTP/1.1" 200 27
117.185.32.26 - - [26/May/2021:10:30:34 +0800] "GET /xingrg/check_reg.html?_=1621996763123 HTTP/1.1" 200 22
116.230.114.112 - - [26/May/2021:10:30:36 +0800] "GET /xingrg/all/function/internal_message.html?_=1621996242671&CODE_STATE=getMsg HTTP/1.1" 200 27
180.169.147.146 - - [26/May/2021:10:30:40 +0800] "GET /xingrg/all/function/internal_message.html?_=1621996238501&CODE_STATE=getMsg HTTP/1.1" 200 27
180.169.147.146 - - [26/May/2021:10:30:42 +0800] "GET /xingrg/all/function/internal_message.html?_=1621996241189&CODE_STATE=getMsg HTTP/1.1" 200 27
120.253.135.82 - - [26/May/2021:10:30:42 +0800] "GET /xingrg/kc/pszx/mdps_order_info.html?code=312021052500686 HTTP/1.1" 200 19589
116.224.253.72 - - [26/May/2021:10:30:43 +0800] "GET /xingrg/all/function/internal_message.html?_=1621996242034&CODE_STATE=getMsg HTTP/1.1" 200 27
120.253.135.82 - - [26/May/2021:10:30:43 +0800] "GET /xingrg/javascript/easyui/themes/default/validatebox.css HTTP/1.1" 404 1104
101.85.52.2 - - [26/May/2021:10:30:43 +0800] "GET /xingrg/check_reg.html?_=1621996237817 HTTP/1.1" 200 22
120.253.135.82 - - [26/May/2021:10:30:43 +0800] "GET /xingrg/all/function/internal_message.html?_=1621996024345&CODE_STATE=getMsg HTTP/1.1" 200 27
101.85.52.2 - - [26/May/2021:10:30:43 +0800] "GET /xingrg/all/function/internal_message.html?_=1621996237822&CODE_STATE=getMsg HTTP/1.1" 200 27
120.253.135.82 - - [26/May/2021:10:30:43 +0800] "POST /xingrg/kc/pszx/mdps_order_operate.html HTTP/1.1" 200 509
120.253.135.82 - - [26/May/2021:10:30:45 +0800] "POST /xingrg/kc/pszx/mdps_list_operate.html HTTP/1.1" 200 868
116.230.114.112 - - [26/May/2021:10:30:46 +0800] "GET /xingrg/kc/buy/cgsh_order_operate.html?command=get_materiel&rest_code=00146&code=00101006130&supplier_code=00100012&order_time=2021-05-26 HTTP/1.1" 200 427
117.184.7.26 - - [26/May/2021:10:30:49 +0800] "GET /xingrg/all/function/internal_message.html?_=1621996243072&CODE_STATE=getMsg HTTP/1.1" 200 27
116.230.114.112 - - [26/May/2021:10:30:53 +0800] "GET /xingrg/check_reg.html?_=1621996260335 HTTP/1.1" 200 22
114.84.0.231 - - [26/May/2021:10:30:54 +0800] "GET /favicon.ico HTTP/1.1" 404 -
222.69.131.109 - - [26/May/2021:10:30:57 +0800] "GET /xingrg/all/function/internal_message.html?_=1621996254972&CODE_STATE=getMsg HTTP/1.1" 200 27
101.85.94.178 - - [26/May/2021:10:30:58 +0800] "GET /xingrg/all/function/internal_message.html?_=1621995739283&CODE_STATE=getMsg HTTP/1.1" 200 27
116.235.222.38 - - [26/May/2021:10:30:59 +0800] "GET /xingrg/all/function/internal_message.html?_=1621996257953&CODE_STATE=getMsg HTTP/1.1" 200 27
116.235.222.38 - - [26/May/2021:10:30:59 +0800] "POST /xingrg/kc/buy/cgsh_order_operate.html HTTP/1.1" 200 2065
180.169.147.146 - - [26/May/2021:10:31:00 +0800] "GET /xingrg/all/function/internal_message.html?_=1621996255901&CODE_STATE=getMsg HTTP/1.1" 200 27
116.230.114.112 - - [26/May/2021:10:31:00 +0800] "GET /xingrg/all/function/internal_message.html?_=1621996268298&CODE_STATE=getMsg HTTP/1.1" 200 27
180.169.147.146 - - [26/May/2021:10:31:00 +0800] "GET /xingrg/check_reg.html?_=1621996256107 HTTP/1.1" 200 22
58.37.225.51 - - [26/May/2021:10:31:01 +0800] "GET /xingrg/check_reg.html?_=1621996267255 HTTP/1.1" 200 22
58.37.225.51 - - [26/May/2021:10:31:01 +0800] "GET /xingrg/all/function/internal_message.html?_=1621996267254&CODE_STATE=getMsg HTTP/1.1" 200 27
180.169.147.146 - - [26/May/2021:10:31:09 +0800] "GET /xingrg/all/function/internal_message.html?_=1621996269728&CODE_STATE=getMsg HTTP/1.1" 200 27
180.169.147.146 - - [26/May/2021:10:31:09 +0800] "GET /xingrg/all/function/internal_message.html?_=1621996255718&CODE_STATE=getMsg HTTP/1.1" 200 27
58.37.225.51 - - [26/May/2021:10:31:09 +0800] "POST /xingrg/services/DataTransmitService HTTP/1.1" 200 524
117.184.7.26 - - [26/May/2021:10:31:14 +0800] "GET /xingrg/check_reg.html?_=1621996270426 HTTP/1.1" 302 -
117.184.7.26 - - [26/May/2021:10:31:14 +0800] "GET /xingrg/all/function/internal_message.html?_=1621996270425&CODE_STATE=getMsg HTTP/1.1" 302 -
117.184.7.26 - - [26/May/2021:10:31:14 +0800] "GET /xingrg/login.html HTTP/1.1" 200 7641
117.184.7.26 - - [26/May/2021:10:31:14 +0800] "GET /xingrg/login.html HTTP/1.1" 200 7641
61.165.42.208 - - [26/May/2021:10:31:14 +0800] "GET /xingrg/all/function/internal_message.html?_=1621996254225&CODE_STATE=getMsg HTTP/1.1" 200 27
61.165.42.208 - - [26/May/2021:10:31:16 +0800] "GET /xingrg/kc/buy/cgsh_order_operate.html?command=get_materiel&rest_code=00105&code=00101005026&supplier_code=00100327&order_time=2021-05-26 HTTP/1.1" 200 413
120.253.135.82 - - [26/May/2021:10:31:17 +0800] "GET /xingrg/all/function/internal_message.html?_=1621996321290&CODE_STATE=getMsg HTTP/1.1" 200 27
58.37.225.51 - - [26/May/2021:10:31:17 +0800] "GET /xingrg/check_reg.html?_=1621996225419 HTTP/1.1" 200 22
116.235.222.38 - - [26/May/2021:10:31:18 +0800] "GET /xingrg/kc/buy/cgsh_order_operate.html?command=get_materiel&rest_code=00107&code=00101008359&supplier_code=00100006&order_time=2021-05-26 HTTP/1.1" 200 408
58.37.225.51 - - [26/May/2021:10:31:22 +0800] "POST /xingrg/services/DataTransmitService HTTP/1.1" 200 501
58.37.225.51 - - [26/May/2021:10:31:23 +0800] "POST /xingrg/services/DataTransmitService HTTP/1.1" 200 501
116.233.76.220 - - [26/May/2021:10:31:24 +0800] "GET /xingrg/all/function/internal_message.html?_=1621996283257&CODE_STATE=getMsg HTTP/1.1" 200 27
180.161.111.4 - - [26/May/2021:10:31:28 +0800] "GET /xingrg/all/function/internal_message.html?_=1621996246990&CODE_STATE=getMsg HTTP/1.1" 200 27
116.224.253.72 - - [26/May/2021:10:31:31 +0800] "GET /xingrg/all/function/internal_message.html?_=1621996296502&CODE_STATE=getMsg HTTP/1.1" 200 27
116.235.222.38 - - [26/May/2021:10:31:32 +0800] "GET /xingrg/kc/buy/cgsh_order_operate.html?command=get_materiel&rest_code=00107&code=00101008304&supplier_code=00100006&order_time=2021-05-26 HTTP/1.1" 200 412
117.185.32.26 - - [26/May/2021:10:31:34 +0800] "GET /xingrg/all/function/internal_message.html?_=1621996823125&CODE_STATE=getMsg HTTP/1.1" 200 27
116.230.114.112 - - [26/May/2021:10:31:36 +0800] "GET /xingrg/all/function/internal_message.html?_=1621996302685&CODE_STATE=getMsg HTTP/1.1" 200 27
180.169.147.146 - - [26/May/2021:10:31:40 +0800] "GET /xingrg/all/function/internal_message.html?_=1621996298491&CODE_STATE=getMsg HTTP/1.1" 200 27
180.169.147.146 - - [26/May/2021:10:31:42 +0800] "GET /xingrg/all/function/internal_message.html?_=1621996301176&CODE_STATE=getMsg HTTP/1.1" 200 27
116.224.253.72 - - [26/May/2021:10:31:43 +0800] "GET /xingrg/all/function/internal_message.html?_=1621996302039&CODE_STATE=getMsg HTTP/1.1" 200 27
