117.184.7.30 - - [26/May/2021:08:55:14 +0800] "GET /xingrg/login.html HTTP/1.1" 200 7641
120.253.135.82 - - [26/May/2021:08:55:15 +0800] "GET /xingrg/all/function/internal_message.html?_=1621990559488&CODE_STATE=getMsg HTTP/1.1" 200 27
117.185.32.26 - - [26/May/2021:08:55:16 +0800] "GET /xingrg/all/function/internal_message.html?_=1621991045274&CODE_STATE=getMsg HTTP/1.1" 200 27
116.224.253.72 - - [26/May/2021:08:55:16 +0800] "GET /xingrg/kc/buy/cgsh_order_operate.html?command=get_materiel&rest_code=00151&code=00101008111&supplier_code=00100007&order_time=2021-05-26 HTTP/1.1" 200 412
116.224.253.72 - - [26/May/2021:08:55:18 +0800] "GET /xingrg/all/function/internal_message.html?_=1621990517067&CODE_STATE=getMsg HTTP/1.1" 200 27
61.165.42.208 - - [26/May/2021:08:55:23 +0800] "GET /xingrg/all/function/internal_message.html?_=1621990503255&CODE_STATE=getMsg HTTP/1.1" 200 27
61.165.42.208 - - [26/May/2021:08:55:23 +0800] "GET /xingrg/check_reg.html?_=1621990503260 HTTP/1.1" 200 22
222.70.177.128 - - [26/May/2021:08:55:24 +0800] "GET /xingrg/all/function/internal_message.html?_=1621990527893&CODE_STATE=getMsg HTTP/1.1" 200 27
116.224.253.72 - - [26/May/2021:08:55:26 +0800] "GET /xingrg/all/function/internal_message.html?_=1621990532224&CODE_STATE=getMsg HTTP/1.1" 200 27
222.69.131.109 - - [26/May/2021:08:55:32 +0800] "POST /xingrg/kc/buy/cgsh_order_operate.html HTTP/1.1" 200 37
116.233.76.220 - - [26/May/2021:08:55:33 +0800] "GET /favicon.ico HTTP/1.1" 404 -
116.230.114.112 - - [26/May/2021:08:55:34 +0800] "GET /xingrg/all/function/internal_message.html?_=1621990540788&CODE_STATE=getMsg HTTP/1.1" 200 27
61.165.42.208 - - [26/May/2021:08:55:39 +0800] "GET /xingrg/kc/buy/cgsh_order_operate.html?command=get_materiel&rest_code=00105&code=00101012033&supplier_code=00100034&order_time=2021-05-26 HTTP/1.1" 200 426
222.69.131.109 - - [26/May/2021:08:55:39 +0800] "POST /xingrg/kc/buy/cgsh_order_operate.html HTTP/1.1" 200 12
222.69.131.109 - - [26/May/2021:08:55:45 +0800] "GET /xingrg/kc/buy/cgsh_order_info.html?code=212021052611500 HTTP/1.1" 200 57048
222.69.131.109 - - [26/May/2021:08:55:45 +0800] "GET /xingrg/javascript/easyui/themes/default/validatebox.css HTTP/1.1" 404 1104
222.69.131.109 - - [26/May/2021:08:55:46 +0800] "POST /xingrg/kc/buy/cgsh_order_operate.html HTTP/1.1" 200 2418
222.69.131.109 - - [26/May/2021:08:55:49 +0800] "GET /xingrg/kc/print/load_data.html?order_code=212021052611500&kc_code=cgsh&condition= HTTP/1.1" 200 1428
116.230.114.112 - - [26/May/2021:08:55:53 +0800] "GET /xingrg/all/function/internal_message.html?_=1621990561629&CODE_STATE=getMsg HTTP/1.1" 200 27
116.230.114.112 - - [26/May/2021:08:55:53 +0800] "GET /xingrg/check_reg.html?_=1621990560230 HTTP/1.1" 200 22
180.169.147.146 - - [26/May/2021:08:55:57 +0800] "GET /xingrg/check_reg.html?_=1621990558257 HTTP/1.1" 200 22
180.169.147.146 - - [26/May/2021:08:55:57 +0800] "GET /xingrg/all/function/internal_message.html?_=1621990558262&CODE_STATE=getMsg HTTP/1.1" 200 27
222.69.131.109 - - [26/May/2021:08:55:58 +0800] "GET /xingrg/all/function/internal_message.html?_=1621990556106&CODE_STATE=getMsg HTTP/1.1" 200 27
61.165.42.208 - - [26/May/2021:08:56:01 +0800] "GET /xingrg/kc/buy/cgsh_order_operate.html?command=get_materiel&rest_code=00105&code=00101016030&supplier_code=00100034&order_time=2021-05-26 HTTP/1.1" 200 412
116.230.110.80 - - [26/May/2021:08:56:07 +0800] "GET /xingrg/all/function/internal_message.html?_=1621990564119&CODE_STATE=getMsg HTTP/1.1" 200 27
117.184.7.30 - - [26/May/2021:08:56:14 +0800] "GET /xingrg/all/function/internal_message.html?_=1621990570325&CODE_STATE=getMsg HTTP/1.1" 302 -
117.184.7.30 - - [26/May/2021:08:56:14 +0800] "GET /xingrg/check_reg.html?_=1621990570325 HTTP/1.1" 302 -
117.184.7.30 - - [26/May/2021:08:56:14 +0800] "GET /xingrg/login.html HTTP/1.1" 200 7641
117.184.7.30 - - [26/May/2021:08:56:14 +0800] "GET /xingrg/login.html HTTP/1.1" 200 7641
116.224.253.72 - - [26/May/2021:08:56:14 +0800] "GET /xingrg/kc/buy/cgsh_order_operate.html?command=get_materiel&rest_code=00151&code=00101008357&supplier_code=00100007&order_time=2021-05-26 HTTP/1.1" 200 408
120.253.135.82 - - [26/May/2021:08:56:15 +0800] "GET /xingrg/all/function/internal_message.html?_=1621990619514&CODE_STATE=getMsg HTTP/1.1" 200 27
117.185.32.26 - - [26/May/2021:08:56:16 +0800] "GET /xingrg/check_reg.html?_=1621991105303 HTTP/1.1" 200 22
117.185.32.26 - - [26/May/2021:08:56:16 +0800] "GET /xingrg/all/function/internal_message.html?_=1621991105304&CODE_STATE=getMsg HTTP/1.1" 200 27
116.224.253.72 - - [26/May/2021:08:56:18 +0800] "GET /xingrg/all/function/internal_message.html?_=1621990577070&CODE_STATE=getMsg HTTP/1.1" 200 27
222.69.131.109 - - [26/May/2021:08:56:22 +0800] "GET /xingrg/kc/buy/cgsh_order_add.html HTTP/1.1" 200 62148
222.69.131.109 - - [26/May/2021:08:56:23 +0800] "POST /xingrg/kc/buy/cgsh_order_operate.html HTTP/1.1" 200 8245
222.69.131.109 - - [26/May/2021:08:56:23 +0800] "GET /xingrg/javascript/easyui/themes/default/validatebox.css HTTP/1.1" 404 1104
61.165.42.208 - - [26/May/2021:08:56:23 +0800] "GET /xingrg/all/function/internal_message.html?_=1621990563251&CODE_STATE=getMsg HTTP/1.1" 200 27
222.70.177.128 - - [26/May/2021:08:56:24 +0800] "GET /xingrg/check_reg.html?_=1621990587893 HTTP/1.1" 200 22
222.70.177.128 - - [26/May/2021:08:56:24 +0800] "GET /xingrg/all/function/internal_message.html?_=1621990587896&CODE_STATE=getMsg HTTP/1.1" 200 27
116.224.253.72 - - [26/May/2021:08:56:26 +0800] "GET /xingrg/all/function/internal_message.html?_=1621990592233&CODE_STATE=getMsg HTTP/1.1" 200 27
116.224.253.72 - - [26/May/2021:08:56:28 +0800] "GET /xingrg/kc/buy/cgsh_order_operate.html?command=get_materiel&rest_code=00151&code=00101008300&supplier_code=00100007&order_time=2021-05-26 HTTP/1.1" 200 412
116.230.114.112 - - [26/May/2021:08:56:34 +0800] "GET /xingrg/all/function/internal_message.html?_=1621990600802&CODE_STATE=getMsg HTTP/1.1" 200 27
116.224.253.72 - - [26/May/2021:08:56:37 +0800] "GET /xingrg/kc/buy/cgsh_order_operate.html?command=get_materiel&rest_code=00151&code=00101008356&supplier_code=00100007&order_time=2021-05-26 HTTP/1.1" 200 408
222.69.131.109 - - [26/May/2021:08:56:39 +0800] "GET /xingrg/kc/buy/cgsh_order_operate.html?command=get_materiel&rest_code=00149&code=00101002027&supplier_code=00100039&order_time=2021-05-25 HTTP/1.1" 200 415
116.224.253.72 - - [26/May/2021:08:56:40 +0800] "POST /xingrg/kc/buy/cgsh_order_operate.html HTTP/1.1" 200 2065
116.224.253.72 - - [26/May/2021:08:56:44 +0800] "GET /xingrg/kc/buy/cgsh_order_operate.html?command=get_materiel&rest_code=00151&code=00101008286&supplier_code=00100007&order_time=2021-05-26 HTTP/1.1" 200 408
116.224.253.72 - - [26/May/2021:08:56:52 +0800] "GET /xingrg/kc/buy/cgsh_order_operate.html?command=get_materiel&rest_code=00151&code=00101008176&supplier_code=00100007&order_time=2021-05-26 HTTP/1.1" 200 413
116.230.114.112 - - [26/May/2021:08:56:53 +0800] "GET /xingrg/all/function/internal_message.html?_=1621990621639&CODE_STATE=getMsg HTTP/1.1" 200 27
180.169.147.146 - - [26/May/2021:08:56:57 +0800] "GET /xingrg/all/function/internal_message.html?_=1621990618259&CODE_STATE=getMsg HTTP/1.1" 200 27
222.69.131.109 - - [26/May/2021:08:56:58 +0800] "GET /xingrg/all/function/internal_message.html?_=1621990616111&CODE_STATE=getMsg HTTP/1.1" 200 27
116.224.253.72 - - [26/May/2021:08:56:59 +0800] "GET /xingrg/kc/buy/cgsh_order_operate.html?command=get_materiel&rest_code=00151&code=00101008088&supplier_code=00100007&order_time=2021-05-26 HTTP/1.1" 200 408
61.165.42.208 - - [26/May/2021:08:57:00 +0800] "GET /xingrg/kc/buy/cgsh_order_operate.html?command=get_materiel&rest_code=00105&code=00101012029&supplier_code=00100034&order_time=2021-05-26 HTTP/1.1" 200 412
222.69.131.109 - - [26/May/2021:08:57:00 +0800] "GET /xingrg/kc/buy/cgsh_order_operate.html?command=get_materiel&rest_code=00149&code=00101002022&supplier_code=00100039&order_time=2021-05-25 HTTP/1.1" 200 409
116.224.253.72 - - [26/May/2021:08:57:05 +0800] "GET /xingrg/kc/buy/cgsh_order_operate.html?command=get_materiel&rest_code=00151&code=00101016025&supplier_code=00100007&order_time=2021-05-26 HTTP/1.1" 200 408
116.230.110.80 - - [26/May/2021:08:57:07 +0800] "GET /xingrg/all/function/internal_message.html?_=1621990624093&CODE_STATE=getMsg HTTP/1.1" 200 27
116.224.253.72 - - [26/May/2021:08:57:11 +0800] "GET /xingrg/kc/buy/cgsh_order_operate.html?command=get_materiel&rest_code=00151&code=00101008017&supplier_code=00100007&order_time=2021-05-26 HTTP/1.1" 200 416
116.224.253.72 - - [26/May/2021:08:57:13 +0800] "POST /xingrg/kc/buy/cgsh_order_operate.html HTTP/1.1" 200 2065
117.184.7.26 - - [26/May/2021:08:57:14 +0800] "GET /xingrg/all/function/internal_message.html?_=1621990630324&CODE_STATE=getMsg HTTP/1.1" 302 -
117.184.7.26 - - [26/May/2021:08:57:14 +0800] "GET /xingrg/login.html HTTP/1.1" 200 7641
120.253.135.82 - - [26/May/2021:08:57:15 +0800] "GET /xingrg/all/function/internal_message.html?_=1621990679531&CODE_STATE=getMsg HTTP/1.1" 200 27
117.185.32.26 - - [26/May/2021:08:57:16 +0800] "GET /xingrg/all/function/internal_message.html?_=1621991165302&CODE_STATE=getMsg HTTP/1.1" 200 27
116.224.253.72 - - [26/May/2021:08:57:18 +0800] "GET /xingrg/all/function/internal_message.html?_=1621990637037&CODE_STATE=getMsg HTTP/1.1" 200 27
117.184.7.26 - - [26/May/2021:08:57:18 +0800] "GET /xingrg/check_reg.html?_=1621990632300 HTTP/1.1" 200 22
116.224.253.72 - - [26/May/2021:08:57:18 +0800] "GET /xingrg/kc/buy/cgsh_order_operate.html?command=get_materiel&rest_code=00151&code=00101008370&supplier_code=00100007&order_time=2021-05-26 HTTP/1.1" 200 414
222.69.131.109 - - [26/May/2021:08:57:21 +0800] "POST /xingrg/kc/buy/cgsh_order_operate.html HTTP/1.1" 200 37
61.165.42.208 - - [26/May/2021:08:57:23 +0800] "GET /xingrg/all/function/internal_message.html?_=1621990623361&CODE_STATE=getMsg HTTP/1.1" 200 27
222.70.177.128 - - [26/May/2021:08:57:24 +0800] "GET /xingrg/all/function/internal_message.html?_=1621990647896&CODE_STATE=getMsg HTTP/1.1" 200 27
116.224.253.72 - - [26/May/2021:08:57:26 +0800] "GET /xingrg/kc/buy/cgsh_order_operate.html?command=get_materiel&rest_code=00151&code=00101015046&supplier_code=00100007&order_time=2021-05-26 HTTP/1.1" 200 413
116.224.253.72 - - [26/May/2021:08:57:26 +0800] "GET /xingrg/check_reg.html?_=1621990651967 HTTP/1.1" 200 22
116.224.253.72 - - [26/May/2021:08:57:26 +0800] "GET /xingrg/all/function/internal_message.html?_=1621990652245&CODE_STATE=getMsg HTTP/1.1" 200 27
116.224.253.72 - - [26/May/2021:08:57:31 +0800] "GET /xingrg/kc/buy/cgsh_order_operate.html?command=get_materiel&rest_code=00151&code=00101008036&supplier_code=00100007&order_time=2021-05-26 HTTP/1.1" 200 408
222.69.131.109 - - [26/May/2021:08:57:31 +0800] "POST /xingrg/kc/buy/cgsh_order_operate.html HTTP/1.1" 200 12
222.69.131.109 - - [26/May/2021:08:57:34 +0800] "GET /xingrg/kc/buy/cgsh_order_info.html?code=212021052611501 HTTP/1.1" 200 57050
222.69.131.109 - - [26/May/2021:08:57:34 +0800] "GET /xingrg/javascript/easyui/themes/default/validatebox.css HTTP/1.1" 404 1104
116.230.114.112 - - [26/May/2021:08:57:34 +0800] "GET /xingrg/all/function/internal_message.html?_=1621990660815&CODE_STATE=getMsg HTTP/1.1" 200 27
222.69.131.109 - - [26/May/2021:08:57:34 +0800] "POST /xingrg/kc/buy/cgsh_order_operate.html HTTP/1.1" 200 1203
116.230.114.112 - - [26/May/2021:08:57:35 +0800] "GET /xingrg/kc/buy/cgsh_order_list.html HTTP/1.1" 200 46363
116.230.114.112 - - [26/May/2021:08:57:36 +0800] "POST /xingrg/kc/buy/cgsh_list_operate.html HTTP/1.1" 200 876
116.230.114.112 - - [26/May/2021:08:57:38 +0800] "GET /xingrg/kc/buy/cgsh_order_add.html HTTP/1.1" 200 62101
116.224.253.72 - - [26/May/2021:08:57:38 +0800] "GET /xingrg/kc/buy/cgsh_order_operate.html?command=get_materiel&rest_code=00151&code=00101008033&supplier_code=00100007&order_time=2021-05-26 HTTP/1.1" 200 408
116.230.114.112 - - [26/May/2021:08:57:38 +0800] "POST /xingrg/kc/buy/cgsh_order_operate.html HTTP/1.1" 200 8245
116.230.114.112 - - [26/May/2021:08:57:38 +0800] "GET /xingrg/javascript/easyui/themes/default/validatebox.css HTTP/1.1" 404 1104
222.69.131.109 - - [26/May/2021:08:57:41 +0800] "GET /xingrg/kc/print/load_data.html?order_code=212021052611501&kc_code=cgsh&condition= HTTP/1.1" 200 952
61.165.42.208 - - [26/May/2021:08:57:46 +0800] "GET /xingrg/kc/buy/cgsh_order_operate.html?command=get_materiel&rest_code=00105&code=00101012070&supplier_code=00100034&order_time=2021-05-26 HTTP/1.1" 200 398
116.230.114.112 - - [26/May/2021:08:57:52 +0800] "GET /xingrg/check_reg.html?_=1621990679952 HTTP/1.1" 200 22
116.230.114.112 - - [26/May/2021:08:57:52 +0800] "GET /xingrg/kc/buy/cgsh_order_operate.html?command=get_materiel&rest_code=00146&code=00101008072&supplier_code=00100005&order_time=2021-05-26 HTTP/1.1" 200 408
116.224.253.72 - - [26/May/2021:08:57:53 +0800] "GET /xingrg/kc/buy/cgsh_order_operate.html?command=get_materiel&rest_code=00151&code=00101015038&supplier_code=00100007&order_time=2021-05-26 HTTP/1.1" 200 438
116.230.114.112 - - [26/May/2021:08:57:53 +0800] "GET /xingrg/all/function/internal_message.html?_=1621990681653&CODE_STATE=getMsg HTTP/1.1" 200 27
116.224.253.72 - - [26/May/2021:08:57:56 +0800] "POST /xingrg/kc/buy/cgsh_order_operate.html HTTP/1.1" 200 2065
180.169.147.146 - - [26/May/2021:08:57:57 +0800] "GET /xingrg/all/function/internal_message.html?_=1621990678258&CODE_STATE=getMsg HTTP/1.1" 200 27
222.69.131.109 - - [26/May/2021:08:57:58 +0800] "GET /xingrg/all/function/internal_message.html?_=1621990676112&CODE_STATE=getMsg HTTP/1.1" 200 27
116.230.110.80 - - [26/May/2021:08:58:07 +0800] "GET /xingrg/all/function/internal_message.html?_=1621990684077&CODE_STATE=getMsg HTTP/1.1" 200 27
116.224.253.72 - - [26/May/2021:08:58:08 +0800] "GET /xingrg/kc/buy/cgsh_order_operate.html?command=get_materiel&rest_code=00151&code=00101008131&supplier_code=00100007&order_time=2021-05-26 HTTP/1.1" 200 408
116.230.114.112 - - [26/May/2021:08:58:08 +0800] "GET /xingrg/kc/buy/cgsh_order_operate.html?command=get_materiel&rest_code=00146&code=00101008350&supplier_code=00100005&order_time=2021-05-26 HTTP/1.1" 200 408
116.224.253.72 - - [26/May/2021:08:58:13 +0800] "GET /xingrg/kc/buy/cgsh_order_operate.html?command=get_materiel&rest_code=00151&code=00101008137&supplier_code=00100007&order_time=2021-05-26 HTTP/1.1" 200 408
117.184.7.26 - - [26/May/2021:08:58:14 +0800] "GET /xingrg/all/function/internal_message.html?_=1621990690325&CODE_STATE=getMsg HTTP/1.1" 302 -
117.184.7.26 - - [26/May/2021:08:58:14 +0800] "GET /xingrg/login.html HTTP/1.1" 200 7641
120.253.135.82 - - [26/May/2021:08:58:15 +0800] "GET /xingrg/all/function/internal_message.html?_=1621990739563&CODE_STATE=getMsg HTTP/1.1" 200 27
117.185.32.26 - - [26/May/2021:08:58:16 +0800] "GET /xingrg/all/function/internal_message.html?_=1621991225300&CODE_STATE=getMsg HTTP/1.1" 200 27
222.69.131.109 - - [26/May/2021:08:58:16 +0800] "GET /xingrg/kc/buy/cgsh_order_add.html HTTP/1.1" 200 62148
222.69.131.109 - - [26/May/2021:08:58:16 +0800] "POST /xingrg/kc/buy/cgsh_order_operate.html HTTP/1.1" 200 8245
222.69.131.109 - - [26/May/2021:08:58:16 +0800] "GET /xingrg/javascript/easyui/themes/default/validatebox.css HTTP/1.1" 404 1104
116.224.253.72 - - [26/May/2021:08:58:18 +0800] "GET /xingrg/check_reg.html?_=1621990697034 HTTP/1.1" 200 22
116.224.253.72 - - [26/May/2021:08:58:18 +0800] "GET /xingrg/all/function/internal_message.html?_=1621990697037&CODE_STATE=getMsg HTTP/1.1" 200 27
61.165.42.208 - - [26/May/2021:08:58:21 +0800] "POST /xingrg/kc/buy/cgsh_order_operate.html HTTP/1.1" 200 37
61.165.42.208 - - [26/May/2021:08:58:23 +0800] "GET /xingrg/all/function/internal_message.html?_=1621990683403&CODE_STATE=getMsg HTTP/1.1" 200 27
222.70.177.128 - - [26/May/2021:08:58:24 +0800] "GET /xingrg/all/function/internal_message.html?_=1621990707896&CODE_STATE=getMsg HTTP/1.1" 200 27
61.165.42.208 - - [26/May/2021:08:58:24 +0800] "POST /xingrg/kc/buy/cgsh_order_operate.html HTTP/1.1" 200 4440
116.230.114.112 - - [26/May/2021:08:58:24 +0800] "GET /xingrg/kc/buy/cgsh_order_operate.html?command=get_materiel&rest_code=00146&code=00101008351&supplier_code=00100005&order_time=2021-05-26 HTTP/1.1" 200 408
116.224.253.72 - - [26/May/2021:08:58:26 +0800] "GET /xingrg/kc/buy/cgsh_order_operate.html?command=get_materiel&rest_code=00151&code=00101009030&supplier_code=00100007&order_time=2021-05-26 HTTP/1.1" 200 412
116.224.253.72 - - [26/May/2021:08:58:26 +0800] "GET /xingrg/all/function/internal_message.html?_=1621990712260&CODE_STATE=getMsg HTTP/1.1" 200 27
61.165.42.208 - - [26/May/2021:08:58:27 +0800] "GET /xingrg/kc/print/load_data.html?order_code=212021052611502&kc_code=cgsh&condition= HTTP/1.1" 200 1404
116.230.114.112 - - [26/May/2021:08:58:34 +0800] "GET /xingrg/all/function/internal_message.html?_=1621990720844&CODE_STATE=getMsg HTTP/1.1" 200 27
116.230.114.112 - - [26/May/2021:08:58:34 +0800] "GET /xingrg/kc/buy/cgsh_order_operate.html?command=get_materiel&rest_code=00146&code=00101008087&supplier_code=00100005&order_time=2021-05-26 HTTP/1.1" 200 412
116.224.253.72 - - [26/May/2021:08:58:41 +0800] "POST /xingrg/kc/buy/cgsh_order_operate.html HTTP/1.1" 200 37
120.253.135.82 - - [26/May/2021:08:58:42 +0800] "GET /xingrg/check_reg.html?_=1621990766769 HTTP/1.1" 200 22
116.224.253.72 - - [26/May/2021:08:58:44 +0800] "POST /xingrg/kc/buy/cgsh_order_operate.html HTTP/1.1" 200 22386
116.224.253.72 - - [26/May/2021:08:58:46 +0800] "GET /xingrg/kc/buy/cgsh_order_add.html HTTP/1.1" 200 61737
116.224.253.72 - - [26/May/2021:08:58:47 +0800] "POST /xingrg/kc/buy/cgsh_order_operate.html HTTP/1.1" 200 8245
116.224.253.72 - - [26/May/2021:08:58:47 +0800] "GET /xingrg/javascript/easyui/themes/default/validatebox.css HTTP/1.1" 404 1104
116.230.114.112 - - [26/May/2021:08:58:47 +0800] "GET /xingrg/kc/buy/cgsh_order_operate.html?command=get_materiel&rest_code=00146&code=00101008355&supplier_code=00100005&order_time=2021-05-26 HTTP/1.1" 200 408
116.230.114.112 - - [26/May/2021:08:58:53 +0800] "GET /xingrg/all/function/internal_message.html?_=1621990741666&CODE_STATE=getMsg HTTP/1.1" 200 27
116.230.114.112 - - [26/May/2021:08:58:56 +0800] "GET /xingrg/kc/buy/cgsh_order_operate.html?command=get_materiel&rest_code=00146&code=00101008270&supplier_code=00100005&order_time=2021-05-26 HTTP/1.1" 200 412
180.169.147.146 - - [26/May/2021:08:58:57 +0800] "GET /xingrg/all/function/internal_message.html?_=1621990738257&CODE_STATE=getMsg HTTP/1.1" 200 27
222.69.131.109 - - [26/May/2021:08:58:58 +0800] "GET /xingrg/all/function/internal_message.html?_=1621990736111&CODE_STATE=getMsg HTTP/1.1" 200 27
116.230.114.112 - - [26/May/2021:08:59:06 +0800] "GET /xingrg/kc/buy/cgsh_order_operate.html?command=get_materiel&rest_code=00146&code=00101008332&supplier_code=00100005&order_time=2021-05-26 HTTP/1.1" 200 412
116.230.110.80 - - [26/May/2021:08:59:07 +0800] "GET /xingrg/all/function/internal_message.html?_=1621990744079&CODE_STATE=getMsg HTTP/1.1" 200 27
117.184.7.26 - - [26/May/2021:08:59:14 +0800] "GET /xingrg/all/function/internal_message.html?_=1621990750326&CODE_STATE=getMsg HTTP/1.1" 302 -
117.184.7.26 - - [26/May/2021:08:59:14 +0800] "GET /xingrg/login.html HTTP/1.1" 200 7641
120.253.135.82 - - [26/May/2021:08:59:15 +0800] "GET /xingrg/all/function/internal_message.html?_=1621990799574&CODE_STATE=getMsg HTTP/1.1" 200 27
117.185.32.26 - - [26/May/2021:08:59:16 +0800] "GET /xingrg/all/function/internal_message.html?_=1621991285298&CODE_STATE=getMsg HTTP/1.1" 200 27
116.230.114.112 - - [26/May/2021:08:59:16 +0800] "GET /xingrg/kc/buy/cgsh_order_operate.html?command=get_materiel&rest_code=00146&code=00101008017&supplier_code=00100005&order_time=2021-05-26 HTTP/1.1" 200 416
116.224.253.72 - - [26/May/2021:08:59:18 +0800] "GET /xingrg/all/function/internal_message.html?_=1621990757057&CODE_STATE=getMsg HTTP/1.1" 200 27
116.230.110.80 - - [26/May/2021:08:59:19 +0800] "GET /xingrg/check_reg.html?_=1621990755451 HTTP/1.1" 200 22
61.165.42.208 - - [26/May/2021:08:59:23 +0800] "GET /xingrg/all/function/internal_message.html?_=1621990743379&CODE_STATE=getMsg HTTP/1.1" 200 27
222.70.177.128 - - [26/May/2021:08:59:24 +0800] "GET /xingrg/all/function/internal_message.html?_=1621990767897&CODE_STATE=getMsg HTTP/1.1" 200 27
116.224.253.72 - - [26/May/2021:08:59:26 +0800] "GET /xingrg/all/function/internal_message.html?_=1621990772274&CODE_STATE=getMsg HTTP/1.1" 200 27
116.230.114.112 - - [26/May/2021:08:59:27 +0800] "GET /xingrg/kc/buy/cgsh_order_operate.html?command=get_materiel&rest_code=00146&code=00101008149&supplier_code=00100005&order_time=2021-05-26 HTTP/1.1" 200 408
222.69.131.109 - - [26/May/2021:08:59:28 +0800] "GET /xingrg/kc/buy/cgsh_order_operate.html?command=get_materiel&rest_code=00149&code=00101011003&supplier_code=00100051&order_time=2021-05-25 HTTP/1.1" 200 413
58.37.225.51 - - [26/May/2021:08:59:28 +0800] "GET /xingrg/check_reg.html?_=1621990716778 HTTP/1.1" 200 22
116.230.114.112 - - [26/May/2021:08:59:34 +0800] "GET /xingrg/all/function/internal_message.html?_=1621990780858&CODE_STATE=getMsg HTTP/1.1" 200 27
116.230.114.112 - - [26/May/2021:08:59:46 +0800] "GET /xingrg/kc/buy/cgsh_order_operate.html?command=get_materiel&rest_code=00146&code=00101008175&supplier_code=00100005&order_time=2021-05-26 HTTP/1.1" 200 412
222.69.131.109 - - [26/May/2021:08:59:46 +0800] "GET /xingrg/kc/buy/cgsh_order_operate.html?command=get_materiel&rest_code=00149&code=00101011001&supplier_code=00100051&order_time=2021-05-25 HTTP/1.1" 200 423
180.161.111.4 - - [26/May/2021:08:59:51 +0800] "GET /favicon.ico HTTP/1.1" 404 -
180.161.111.4 - - [26/May/2021:08:59:52 +0800] "GET /favicon.ico HTTP/1.1" 404 -
180.161.111.4 - - [26/May/2021:08:59:53 +0800] "GET /favicon.ico HTTP/1.1" 404 -
116.230.114.112 - - [26/May/2021:08:59:53 +0800] "GET /xingrg/all/function/internal_message.html?_=1621990801696&CODE_STATE=getMsg HTTP/1.1" 200 27
180.161.111.4 - - [26/May/2021:08:59:53 +0800] "GET /favicon.ico HTTP/1.1" 404 -
116.230.114.112 - - [26/May/2021:08:59:55 +0800] "GET /xingrg/kc/buy/cgsh_order_operate.html?command=get_materiel&rest_code=00146&code=00101008176&supplier_code=00100005&order_time=2021-05-26 HTTP/1.1" 200 413
180.161.111.4 - - [26/May/2021:08:59:55 +0800] "GET /xingrg/login.html HTTP/1.1" 200 7641
180.161.111.4 - - [26/May/2021:08:59:56 +0800] "GET /xingrg/images/blue/jxLogo.png HTTP/1.1" 304 -
180.161.111.4 - - [26/May/2021:08:59:56 +0800] "GET /xingrg/images/blue/login_bg.png HTTP/1.1" 304 -
180.161.111.4 - - [26/May/2021:08:59:56 +0800] "GET /xingrg/images/blue/hj.png HTTP/1.1" 304 -
180.161.111.4 - - [26/May/2021:08:59:56 +0800] "GET /xingrg/images/blue/srbg.png HTTP/1.1" 304 -
180.161.111.4 - - [26/May/2021:08:59:57 +0800] "GET /favicon.ico HTTP/1.1" 404 -
180.169.147.146 - - [26/May/2021:08:59:57 +0800] "GET /xingrg/all/function/internal_message.html?_=1621990798261&CODE_STATE=getMsg HTTP/1.1" 200 27
222.69.131.109 - - [26/May/2021:08:59:58 +0800] "GET /xingrg/all/function/internal_message.html?_=1621990796123&CODE_STATE=getMsg HTTP/1.1" 200 27
222.69.131.109 - - [26/May/2021:08:59:58 +0800] "GET /xingrg/check_reg.html?_=1621990796127 HTTP/1.1" 200 22
180.161.111.4 - - [26/May/2021:09:00:03 +0800] "POST /xingrg/login.do HTTP/1.1" 302 -
180.161.111.4 - - [26/May/2021:09:00:03 +0800] "GET /xingrg/index.html?sysBaseUrl=http%3A%2F%2F180.169.147.146%3A18081%2Fxingrg%2F&costTime=1098×tamp=1621990803356 HTTP/1.1" 200 17173
180.161.111.4 - - [26/May/2021:09:00:03 +0800] "GET /xingrg/javascript/jquery_easy_ui/themes/default/easyui.css HTTP/1.1" 304 -
180.161.111.4 - - [26/May/2021:09:00:03 +0800] "GET /xingrg/javascript/jquery_easy_ui/themes/icon.css HTTP/1.1" 304 -
180.161.111.4 - - [26/May/2021:09:00:03 +0800] "GET /xingrg/javascript/jquery.form.js HTTP/1.1" 304 -
180.161.111.4 - - [26/May/2021:09:00:03 +0800] "GET /xingrg/css/form.css HTTP/1.1" 304 -
180.161.111.4 - - [26/May/2021:09:00:03 +0800] "GET /xingrg/javascript/jquery-1.4.2.min.js HTTP/1.1" 304 -
180.161.111.4 - - [26/May/2021:09:00:03 +0800] "GET /xingrg/javascript/jquery_easy_ui/jquery.easyui.min.js HTTP/1.1" 304 -
180.161.111.4 - - [26/May/2021:09:00:03 +0800] "GET /xingrg/javascript/jquery_easy_ui/easyui-lang-zh_CN.js HTTP/1.1" 304 -
180.161.111.4 - - [26/May/2021:09:00:03 +0800] "GET /xingrg/javascript/jquery.timers.js HTTP/1.1" 304 -
180.161.111.4 - - [26/May/2021:09:00:03 +0800] "GET /xingrg/javascript/jquery.utils.js HTTP/1.1" 304 -
180.161.111.4 - - [26/May/2021:09:00:03 +0800] "GET /xingrg/javascript/jquery_easy_ui/themes/icons/settle_new.png HTTP/1.1" 304 -
180.161.111.4 - - [26/May/2021:09:00:03 +0800] "GET /xingrg/images/blue/navBackgound.jpg HTTP/1.1" 304 -
180.161.111.4 - - [26/May/2021:09:00:04 +0800] "GET /xingrg/images/blue/pingpu.png HTTP/1.1" 304 -
180.161.111.4 - - [26/May/2021:09:00:04 +0800] "GET /xingrg/javascript/jquery_easy_ui/themes/default/images/tabs_leftarrow.png HTTP/1.1" 304 -
180.161.111.4 - - [26/May/2021:09:00:04 +0800] "GET /xingrg/javascript/jquery_easy_ui/themes/default/images/tabs_rightarrow.png HTTP/1.1" 304 -
180.161.111.4 - - [26/May/2021:09:00:04 +0800] "GET /xingrg/javascript/jquery_easy_ui/themes/default/images/panel_tool_collapse.gif HTTP/1.1" 304 -
180.161.111.4 - - [26/May/2021:09:00:04 +0800] "GET /favicon.ico HTTP/1.1" 404 -
180.161.111.4 - - [26/May/2021:09:00:04 +0800] "POST /xingrg/all/common/load_tree.html?tree=area_rest_tree_json&manage=1 HTTP/1.1" 200 342
180.161.111.4 - - [26/May/2021:09:00:04 +0800] "GET /xingrg/check_reg.html?_=1621990763171 HTTP/1.1" 200 22
180.161.111.4 - - [26/May/2021:09:00:04 +0800] "GET /xingrg/all/function/internal_message.html?_=1621990763171&CODE_STATE=count HTTP/1.1" 200 11
180.161.111.4 - - [26/May/2021:09:00:04 +0800] "POST /xingrg/load_menu.html HTTP/1.1" 200 5138
180.161.111.4 - - [26/May/2021:09:00:04 +0800] "GET /xingrg/javascript/jquery_easy_ui/themes/default/images/tree_arrows.gif HTTP/1.1" 304 -
180.161.111.4 - - [26/May/2021:09:00:05 +0800] "GET /xingrg/javascript/jquery_easy_ui/themes/default/images/tree_folder_open.gif HTTP/1.1" 304 -
180.161.111.4 - - [26/May/2021:09:00:05 +0800] "GET /xingrg/javascript/jquery_easy_ui/themes/icons/search_new.png HTTP/1.1" 304 -
180.161.111.4 - - [26/May/2021:09:00:05 +0800] "GET /xingrg/javascript/jquery_easy_ui/themes/default/images/tree_folder.gif HTTP/1.1" 304 -
180.161.111.4 - - [26/May/2021:09:00:05 +0800] "GET /xingrg/javascript/jquery_easy_ui/themes/icons/storage_new.png HTTP/1.1" 304 -
180.161.111.4 - - [26/May/2021:09:00:05 +0800] "GET /xingrg/javascript/jquery_easy_ui/themes/icons/forms_new.png HTTP/1.1" 304 -
180.161.111.4 - - [26/May/2021:09:00:05 +0800] "GET /xingrg/javascript/jquery_easy_ui/themes/default/images/tree_file.gif HTTP/1.1" 304 -
116.230.114.112 - - [26/May/2021:09:00:06 +0800] "GET /xingrg/kc/buy/cgsh_order_operate.html?command=get_materiel&rest_code=00146&code=00101008132&supplier_code=00100005&order_time=2021-05-26 HTTP/1.1" 200 408
116.230.110.80 - - [26/May/2021:09:00:07 +0800] "GET /xingrg/all/function/internal_message.html?_=1621990804068&CODE_STATE=getMsg HTTP/1.1" 200 27
116.224.253.72 - - [26/May/2021:09:00:09 +0800] "GET /xingrg/kc/buy/cgsh_order_operate.html?command=get_materiel&rest_code=00151&code=00101011005&supplier_code=00100047&order_time=2021-05-26 HTTP/1.1" 200 429
117.184.7.26 - - [26/May/2021:09:00:14 +0800] "GET /xingrg/all/function/internal_message.html?_=1621990810327&CODE_STATE=getMsg HTTP/1.1" 302 -
117.184.7.26 - - [26/May/2021:09:00:14 +0800] "GET /xingrg/login.html HTTP/1.1" 200 7641
180.161.111.4 - - [26/May/2021:09:00:15 +0800] "GET /xingrg/javascript/jquery_easy_ui/themes/default/images/tabs_close.gif HTTP/1.1" 304 -
120.253.135.82 - - [26/May/2021:09:00:15 +0800] "GET /xingrg/all/function/internal_message.html?_=1621990859588&CODE_STATE=getMsg HTTP/1.1" 200 27
180.161.111.4 - - [26/May/2021:09:00:15 +0800] "GET /xingrg/css/site.css HTTP/1.1" 304 -
180.161.111.4 - - [26/May/2021:09:00:15 +0800] "GET /xingrg/javascript/jquery_tools/jquery.tools.table.js HTTP/1.1" 304 -
180.161.111.4 - - [26/May/2021:09:00:15 +0800] "GET /xingrg/css/base.css HTTP/1.1" 304 -
180.161.111.4 - - [26/May/2021:09:00:15 +0800] "GET /xingrg/javascript/jquery_tools/datebox.css HTTP/1.1" 304 -
180.161.111.4 - - [26/May/2021:09:00:15 +0800] "GET /xingrg/javascript/easyui/themes/default/easyui.css HTTP/1.1" 304 -
180.161.111.4 - - [26/May/2021:09:00:15 +0800] "GET /xingrg/javascript/easyui/themes/icon.css HTTP/1.1" 304 -
180.161.111.4 - - [26/May/2021:09:00:15 +0800] "GET /xingrg/javascript/auto/jquery.autocomplete.css HTTP/1.1" 304 -
180.161.111.4 - - [26/May/2021:09:00:15 +0800] "GET /xingrg/javascript/jquery_tools/fix.css HTTP/1.1" 304 -
180.161.111.4 - - [26/May/2021:09:00:15 +0800] "GET /xingrg/javascript/jquery_tools/table.css HTTP/1.1" 304 -
180.161.111.4 - - [26/May/2021:09:00:15 +0800] "GET /xingrg/javascript/jquery_tools/jquery.tools.min.js HTTP/1.1" 304 -
180.161.111.4 - - [26/May/2021:09:00:15 +0800] "GET /xingrg/javascript/easyui/easyloader.js HTTP/1.1" 304 -
180.161.111.4 - - [26/May/2021:09:00:15 +0800] "GET /xingrg/javascript/jquery_tools/jquery.tools.hotkey.js HTTP/1.1" 304 -
180.161.111.4 - - [26/May/2021:09:00:15 +0800] "GET /xingrg/javascript/auto/jquery.autocomplete.js HTTP/1.1" 304 -
180.161.111.4 - - [26/May/2021:09:00:15 +0800] "GET /xingrg/kc/buy/cgsh_order_list.html HTTP/1.1" 200 46357
180.161.111.4 - - [26/May/2021:09:00:15 +0800] "GET /xingrg/javascript/jquery_tools/list_manager.js HTTP/1.1" 304 -
180.161.111.4 - - [26/May/2021:09:00:15 +0800] "GET /xingrg/javascript/jquery_tools/jquery.tools.extend.js HTTP/1.1" 304 -
180.161.111.4 - - [26/May/2021:09:00:15 +0800] "GET /xingrg/javascript/jquery.cookie.js HTTP/1.1" 304 -
180.161.111.4 - - [26/May/2021:09:00:15 +0800] "GET /xingrg/javascript/print/LodopFuncs.js HTTP/1.1" 304 -
117.185.32.26 - - [26/May/2021:09:00:16 +0800] "GET /xingrg/all/function/internal_message.html?_=1621991345297&CODE_STATE=getMsg HTTP/1.1" 200 27
180.161.111.4 - - [26/May/2021:09:00:16 +0800] "GET /xingrg/javascript/easyui/themes/icons/edit_add_new.png HTTP/1.1" 304 -
180.161.111.4 - - [26/May/2021:09:00:16 +0800] "GET /xingrg/javascript/easyui/themes/icons/cance_new.png HTTP/1.1" 304 -
180.161.111.4 - - [26/May/2021:09:00:16 +0800] "GET /xingrg/javascript/easyui/themes/icons/check_new.png HTTP/1.1" 304 -
180.161.111.4 - - [26/May/2021:09:00:16 +0800] "GET /xingrg/javascript/easyui/themes/icons/field_new.png HTTP/1.1" 304 -
180.161.111.4 - - [26/May/2021:09:00:16 +0800] "GET /xingrg/javascript/easyui/themes/icons/import_new.png HTTP/1.1" 304 -
116.230.114.112 - - [26/May/2021:09:00:16 +0800] "GET /xingrg/kc/buy/cgsh_order_operate.html?command=get_materiel&rest_code=00146&code=00101008257&supplier_code=00100005&order_time=2021-05-26 HTTP/1.1" 200 416
180.161.111.4 - - [26/May/2021:09:00:16 +0800] "GET /xingrg/javascript/jquery_easy_ui/themes/icons/area.png HTTP/1.1" 304 -
180.161.111.4 - - [26/May/2021:09:00:16 +0800] "GET /xingrg/javascript/jquery_easy_ui/themes/icons/rest.png HTTP/1.1" 304 -
180.161.111.4 - - [26/May/2021:09:00:16 +0800] "GET /xingrg/images/control/ajaxLoader.gif HTTP/1.1" 304 -
180.161.111.4 - - [26/May/2021:09:00:16 +0800] "GET /xingrg/javascript/easyui/plugins/jquery.parser.js HTTP/1.1" 304 -
116.224.253.72 - - [26/May/2021:09:00:17 +0800] "GET /xingrg/kc/buy/cgsh_order_operate.html?command=get_materiel&rest_code=00151&code=00101011001&supplier_code=00100047&order_time=2021-05-26 HTTP/1.1" 200 423
116.224.253.72 - - [26/May/2021:09:00:18 +0800] "GET /xingrg/all/function/internal_message.html?_=1621990817066&CODE_STATE=getMsg HTTP/1.1" 200 27
180.161.111.4 - - [26/May/2021:09:00:18 +0800] "POST /xingrg/kc/buy/cgsh_list_operate.html HTTP/1.1" 200 876
116.224.253.72 - - [26/May/2021:09:00:22 +0800] "GET /xingrg/kc/buy/cgsh_order_operate.html?command=get_materiel&rest_code=00151&code=00101011010&supplier_code=00100047&order_time=2021-05-26 HTTP/1.1" 200 418
61.165.42.208 - - [26/May/2021:09:00:23 +0800] "GET /xingrg/check_reg.html?_=1621990803257 HTTP/1.1" 200 22
61.165.42.208 - - [26/May/2021:09:00:23 +0800] "GET /xingrg/all/function/internal_message.html?_=1621990803352&CODE_STATE=getMsg HTTP/1.1" 200 27
222.70.177.128 - - [26/May/2021:09:00:24 +0800] "GET /xingrg/all/function/internal_message.html?_=1621990827885&CODE_STATE=getMsg HTTP/1.1" 200 27
116.224.253.72 - - [26/May/2021:09:00:26 +0800] "GET /xingrg/all/function/internal_message.html?_=1621990832332&CODE_STATE=getMsg HTTP/1.1" 200 27
116.224.253.72 - - [26/May/2021:09:00:29 +0800] "POST /xingrg/kc/buy/cgsh_order_operate.html HTTP/1.1" 200 37
116.230.114.112 - - [26/May/2021:09:00:34 +0800] "GET /xingrg/kc/buy/cgsh_order_operate.html?command=get_materiel&rest_code=00146&code=00101008244&supplier_code=00100005&order_time=2021-05-26 HTTP/1.1" 200 408
116.230.114.112 - - [26/May/2021:09:00:34 +0800] "GET /xingrg/all/function/internal_message.html?_=1621990840887&CODE_STATE=getMsg HTTP/1.1" 200 27
116.224.253.72 - - [26/May/2021:09:00:36 +0800] "POST /xingrg/kc/buy/cgsh_order_operate.html HTTP/1.1" 200 12
116.224.253.72 - - [26/May/2021:09:00:38 +0800] "GET /xingrg/kc/buy/cgsh_order_info.html?code=212021052611504 HTTP/1.1" 200 56639
116.224.253.72 - - [26/May/2021:09:00:38 +0800] "GET /xingrg/javascript/easyui/themes/default/validatebox.css HTTP/1.1" 404 1104
116.224.253.72 - - [26/May/2021:09:00:39 +0800] "POST /xingrg/kc/buy/cgsh_order_operate.html HTTP/1.1" 200 1828
116.224.253.72 - - [26/May/2021:09:00:40 +0800] "GET /xingrg/kc/print/load_data.html?order_code=212021052611504&kc_code=cgsh&condition= HTTP/1.1" 200 1241
116.224.253.72 - - [26/May/2021:09:00:48 +0800] "GET /xingrg/kc/buy/cgsh_order_add.html HTTP/1.1" 200 61737
116.224.253.72 - - [26/May/2021:09:00:48 +0800] "POST /xingrg/kc/buy/cgsh_order_operate.html HTTP/1.1" 200 8245
116.224.253.72 - - [26/May/2021:09:00:48 +0800] "GET /xingrg/javascript/easyui/themes/default/validatebox.css HTTP/1.1" 404 1104
222.69.131.109 - - [26/May/2021:09:00:49 +0800] "POST /xingrg/kc/buy/cgsh_order_operate.html HTTP/1.1" 200 37
116.230.114.112 - - [26/May/2021:09:00:50 +0800] "GET /xingrg/kc/buy/cgsh_order_operate.html?command=get_materiel&rest_code=00146&code=00101008112&supplier_code=00100005&order_time=2021-05-26 HTTP/1.1" 200 412
116.230.114.112 - - [26/May/2021:09:00:53 +0800] "GET /xingrg/all/function/internal_message.html?_=1621990861710&CODE_STATE=getMsg HTTP/1.1" 200 27
116.230.114.112 - - [26/May/2021:09:00:53 +0800] "GET /xingrg/check_reg.html?_=1621990860240 HTTP/1.1" 200 22
222.69.131.109 - - [26/May/2021:09:00:56 +0800] "POST /xingrg/kc/buy/cgsh_order_operate.html HTTP/1.1" 200 12
180.169.147.146 - - [26/May/2021:09:00:57 +0800] "GET /xingrg/check_reg.html?_=1621990858261 HTTP/1.1" 200 22
180.169.147.146 - - [26/May/2021:09:00:57 +0800] "GET /xingrg/all/function/internal_message.html?_=1621990858266&CODE_STATE=getMsg HTTP/1.1" 200 27
222.69.131.109 - - [26/May/2021:09:00:58 +0800] "GET /xingrg/all/function/internal_message.html?_=1621990856137&CODE_STATE=getMsg HTTP/1.1" 200 27
222.69.131.109 - - [26/May/2021:09:00:59 +0800] "GET /xingrg/kc/buy/cgsh_order_info.html?code=212021052611505 HTTP/1.1" 200 57050
116.230.114.112 - - [26/May/2021:09:00:59 +0800] "GET /xingrg/kc/buy/cgsh_order_operate.html?command=get_materiel&rest_code=00146&code=00101008028&supplier_code=00100005&order_time=2021-05-26 HTTP/1.1" 200 412
222.69.131.109 - - [26/May/2021:09:00:59 +0800] "GET /xingrg/javascript/easyui/themes/default/validatebox.css HTTP/1.1" 404 1104
222.69.131.109 - - [26/May/2021:09:01:00 +0800] "POST /xingrg/kc/buy/cgsh_order_operate.html HTTP/1.1" 200 1207
222.69.131.109 - - [26/May/2021:09:01:01 +0800] "GET /xingrg/kc/print/load_data.html?order_code=212021052611505&kc_code=cgsh&condition= HTTP/1.1" 200 951
180.161.111.4 - - [26/May/2021:09:01:04 +0800] "GET /xingrg/all/function/internal_message.html?_=1621990823178&CODE_STATE=getMsg HTTP/1.1" 200 27
116.230.110.80 - - [26/May/2021:09:01:07 +0800] "GET /xingrg/all/function/internal_message.html?_=1621990864044&CODE_STATE=getMsg HTTP/1.1" 200 27
116.230.114.112 - - [26/May/2021:09:01:08 +0800] "GET /xingrg/kc/buy/cgsh_order_operate.html?command=get_materiel&rest_code=00146&code=00101008096&supplier_code=00100005&order_time=2021-05-26 HTTP/1.1" 200 412
117.184.7.26 - - [26/May/2021:09:01:14 +0800] "GET /xingrg/all/function/internal_message.html?_=1621990870328&CODE_STATE=getMsg HTTP/1.1" 302 -
117.184.7.26 - - [26/May/2021:09:01:14 +0800] "GET /xingrg/check_reg.html?_=1621990870333 HTTP/1.1" 302 -
117.184.7.26 - - [26/May/2021:09:01:14 +0800] "GET /xingrg/login.html HTTP/1.1" 200 7641
117.184.7.26 - - [26/May/2021:09:01:14 +0800] "GET /xingrg/login.html HTTP/1.1" 200 7641
120.253.135.82 - - [26/May/2021:09:01:15 +0800] "GET /xingrg/all/function/internal_message.html?_=1621990919612&CODE_STATE=getMsg HTTP/1.1" 200 27
117.185.32.26 - - [26/May/2021:09:01:16 +0800] "GET /xingrg/all/function/internal_message.html?_=1621991405296&CODE_STATE=getMsg HTTP/1.1" 200 27
117.185.32.26 - - [26/May/2021:09:01:16 +0800] "GET /xingrg/check_reg.html?_=1621991405298 HTTP/1.1" 200 22
116.224.253.72 - - [26/May/2021:09:01:18 +0800] "GET /xingrg/all/function/internal_message.html?_=1621990877066&CODE_STATE=getMsg HTTP/1.1" 200 27
116.230.114.112 - - [26/May/2021:09:01:20 +0800] "GET /xingrg/kc/buy/cgsh_order_operate.html?command=get_materiel&rest_code=00146&code=00101008361&supplier_code=00100005&order_time=2021-05-26 HTTP/1.1" 200 408
61.165.42.208 - - [26/May/2021:09:01:23 +0800] "GET /xingrg/all/function/internal_message.html?_=1621990863335&CODE_STATE=getMsg HTTP/1.1" 200 27
222.70.177.128 - - [26/May/2021:09:01:24 +0800] "GET /xingrg/all/function/internal_message.html?_=1621990887910&CODE_STATE=getMsg HTTP/1.1" 200 27
222.70.177.128 - - [26/May/2021:09:01:24 +0800] "GET /xingrg/check_reg.html?_=1621990887913 HTTP/1.1" 200 22
116.224.253.72 - - [26/May/2021:09:01:26 +0800] "GET /xingrg/all/function/internal_message.html?_=1621990892347&CODE_STATE=getMsg HTTP/1.1" 200 27
116.230.114.112 - - [26/May/2021:09:01:29 +0800] "GET /xingrg/kc/buy/cgsh_order_operate.html?command=get_materiel&rest_code=00146&code=00101008024&supplier_code=00100005&order_time=2021-05-26 HTTP/1.1" 200 408
222.69.131.109 - - [26/May/2021:09:01:29 +0800] "GET /xingrg/kc/buy/cgsh_order_add.html HTTP/1.1" 200 62148
222.69.131.109 - - [26/May/2021:09:01:29 +0800] "POST /xingrg/kc/buy/cgsh_order_operate.html HTTP/1.1" 200 8245
222.69.131.109 - - [26/May/2021:09:01:29 +0800] "GET /xingrg/javascript/easyui/themes/default/validatebox.css HTTP/1.1" 404 1104
116.230.114.112 - - [26/May/2021:09:01:34 +0800] "GET /xingrg/all/function/internal_message.html?_=1621990900901&CODE_STATE=getMsg HTTP/1.1" 200 27
222.69.131.109 - - [26/May/2021:09:01:44 +0800] "GET /xingrg/kc/buy/cgsh_order_operate.html?command=get_materiel&rest_code=00149&code=00101006130&supplier_code=00100012&order_time=2021-05-25 HTTP/1.1" 200 427
116.230.114.112 - - [26/May/2021:09:01:49 +0800] "POST /xingrg/kc/buy/cgsh_order_operate.html HTTP/1.1" 200 2065
180.161.111.4 - - [26/May/2021:09:01:51 +0800] "GET /favicon.ico HTTP/1.1" 404 -
116.230.114.112 - - [26/May/2021:09:01:53 +0800] "GET /xingrg/all/function/internal_message.html?_=1621990921723&CODE_STATE=getMsg HTTP/1.1" 200 27
180.169.147.146 - - [26/May/2021:09:01:57 +0800] "GET /xingrg/all/function/internal_message.html?_=1621990918263&CODE_STATE=getMsg HTTP/1.1" 200 27
180.161.111.4 - - [26/May/2021:09:01:58 +0800] "GET /xingrg/javascript/easyui/themes/default/images/button_plain_hover.png HTTP/1.1" 304 -
222.69.131.109 - - [26/May/2021:09:01:58 +0800] "GET /xingrg/all/function/internal_message.html?_=1621990916133&CODE_STATE=getMsg HTTP/1.1" 200 27
116.230.114.112 - - [26/May/2021:09:01:58 +0800] "GET /xingrg/kc/buy/cgsh_order_operate.html?command=get_materiel&rest_code=00146&code=00101008356&supplier_code=00100005&order_time=2021-05-26 HTTP/1.1" 200 408
180.161.111.4 - - [26/May/2021:09:01:59 +0800] "GET /xingrg/javascript/pic_change.js HTTP/1.1" 304 -
180.161.111.4 - - [26/May/2021:09:01:59 +0800] "GET /xingrg/javascript/jquery_tools/order_manager.js HTTP/1.1" 304 -
180.161.111.4 - - [26/May/2021:09:01:59 +0800] "GET /xingrg/javascript/convert.js HTTP/1.1" 304 -
180.161.111.4 - - [26/May/2021:09:01:59 +0800] "GET /xingrg/javascript/json2.js HTTP/1.1" 304 -
180.161.111.4 - - [26/May/2021:09:01:59 +0800] "GET /xingrg/javascript/print/kc_print.js HTTP/1.1" 304 -
180.161.111.4 - - [26/May/2021:09:01:59 +0800] "GET /xingrg/kc/buy/cgsh_order_add.html HTTP/1.1" 200 62054
180.161.111.4 - - [26/May/2021:09:01:59 +0800] "GET /xingrg/words/20210525111023_words.js HTTP/1.1" 304 -
180.161.111.4 - - [26/May/2021:09:01:59 +0800] "GET /xingrg/javascript/easyui/themes/icons/copy_new.png HTTP/1.1" 304 -
180.161.111.4 - - [26/May/2021:09:01:59 +0800] "GET /xingrg/javascript/easyui/themes/icons/template_new.png HTTP/1.1" 304 -
180.161.111.4 - - [26/May/2021:09:01:59 +0800] "GET /xingrg/javascript/easyui/themes/icons/ok.png HTTP/1.1" 304 -
180.161.111.4 - - [26/May/2021:09:01:59 +0800] "GET /xingrg/javascript/easyui/themes/default/images/menu_downarrow.png HTTP/1.1" 304 -
180.161.111.4 - - [26/May/2021:09:01:59 +0800] "GET /xingrg/javascript/easyui/themes/icons/cancel.png HTTP/1.1" 304 -
180.161.111.4 - - [26/May/2021:09:01:59 +0800] "GET /xingrg/javascript/easyui/themes/icons/print.png HTTP/1.1" 304 -
180.161.111.4 - - [26/May/2021:09:02:00 +0800] "GET /xingrg/all/common/auto_word.html?type=employee&rest_code=00102 HTTP/1.1" 200 189
180.161.111.4 - - [26/May/2021:09:02:00 +0800] "GET /xingrg/all/common/auto_word.html?type=employee&rest_code=00102 HTTP/1.1" 200 189
180.161.111.4 - - [26/May/2021:09:02:00 +0800] "GET /xingrg/javascript/easyui/themes/icons/edit_remove.png HTTP/1.1" 304 -
180.161.111.4 - - [26/May/2021:09:02:00 +0800] "GET /xingrg/javascript/easyui/themes/default/validatebox.css HTTP/1.1" 404 1104
180.161.111.4 - - [26/May/2021:09:02:00 +0800] "GET /xingrg/javascript/easyui/plugins/jquery.validatebox.js HTTP/1.1" 304 -
180.161.111.4 - - [26/May/2021:09:02:00 +0800] "GET /xingrg/javascript/easyui/plugins/jquery.numberbox.js HTTP/1.1" 304 -
180.161.111.4 - - [26/May/2021:09:02:00 +0800] "POST /xingrg/kc/buy/cgsh_order_operate.html HTTP/1.1" 200 8245
180.161.111.4 - - [26/May/2021:09:02:01 +0800] "GET /xingrg/javascript/auto/indicator.gif HTTP/1.1" 404 1066
222.69.131.109 - - [26/May/2021:09:02:01 +0800] "GET /xingrg/kc/buy/cgsh_order_operate.html?command=get_materiel&rest_code=00149&code=00101006057&supplier_code=00100012&order_time=2021-05-25 HTTP/1.1" 200 413
180.161.111.4 - - [26/May/2021:09:02:04 +0800] "GET /xingrg/all/function/internal_message.html?_=1621990883193&CODE_STATE=getMsg HTTP/1.1" 200 27
116.230.114.112 - - [26/May/2021:09:02:07 +0800] "GET /xingrg/kc/buy/cgsh_order_operate.html?command=get_materiel&rest_code=00146&code=00101008205&supplier_code=00100005&order_time=2021-05-26 HTTP/1.1" 200 412
116.230.110.80 - - [26/May/2021:09:02:07 +0800] "GET /xingrg/all/function/internal_message.html?_=1621990924018&CODE_STATE=getMsg HTTP/1.1" 200 27
180.161.111.4 - - [26/May/2021:09:02:11 +0800] "GET /xingrg/kc/buy/cgsh_order_operate.html?command=get_materiel&rest_code=00102&code=00101012053&supplier_code=00100096&order_time=2021-05-26 HTTP/1.1" 200 412
117.184.7.26 - - [26/May/2021:09:02:14 +0800] "GET /xingrg/all/function/internal_message.html?_=1621990930329&CODE_STATE=getMsg HTTP/1.1" 302 -
117.184.7.26 - - [26/May/2021:09:02:14 +0800] "GET /xingrg/login.html HTTP/1.1" 200 7641
116.233.76.220 - - [26/May/2021:09:02:14 +0800] "GET /xingrg/login.html HTTP/1.1" 200 7641
116.233.76.220 - - [26/May/2021:09:02:15 +0800] "GET /xingrg/images/blue/jxLogo.png HTTP/1.1" 200 6156
116.233.76.220 - - [26/May/2021:09:02:15 +0800] "GET /xingrg/images/blue/hj.png HTTP/1.1" 200 1014
116.233.76.220 - - [26/May/2021:09:02:15 +0800] "GET /xingrg/images/blue/srbg.png HTTP/1.1" 200 138
116.233.76.220 - - [26/May/2021:09:02:15 +0800] "GET /xingrg/images/blue/login_bg.png HTTP/1.1" 200 22101
120.253.135.82 - - [26/May/2021:09:02:15 +0800] "GET /xingrg/all/function/internal_message.html?_=1621990979616&CODE_STATE=getMsg HTTP/1.1" 200 27
116.233.76.220 - - [26/May/2021:09:02:15 +0800] "GET /favicon.ico HTTP/1.1" 404 -
117.185.32.26 - - [26/May/2021:09:02:16 +0800] "GET /xingrg/all/function/internal_message.html?_=1621991465304&CODE_STATE=getMsg HTTP/1.1" 200 27
116.224.253.72 - - [26/May/2021:09:02:18 +0800] "GET /xingrg/all/function/internal_message.html?_=1621990937064&CODE_STATE=getMsg HTTP/1.1" 200 27
117.184.7.26 - - [26/May/2021:09:02:18 +0800] "GET /xingrg/check_reg.html?_=1621990932265 HTTP/1.1" 200 22
222.69.131.109 - - [26/May/2021:09:02:21 +0800] "POST /xingrg/kc/buy/cgsh_order_operate.html HTTP/1.1" 200 37
116.233.76.220 - - [26/May/2021:09:02:23 +0800] "POST /xingrg/login.do HTTP/1.1" 302 -
116.233.76.220 - - [26/May/2021:09:02:23 +0800] "GET /xingrg/index.html?sysBaseUrl=http%3A%2F%2F180.169.147.146%3A18081%2Fxingrg%2F&costTime=1139×tamp=1621990943585 HTTP/1.1" 200 17173
116.233.76.220 - - [26/May/2021:09:02:23 +0800] "GET /xingrg/javascript/jquery_easy_ui/themes/icon.css HTTP/1.1" 200 3949
116.233.76.220 - - [26/May/2021:09:02:23 +0800] "GET /xingrg/javascript/jquery-1.4.2.min.js HTTP/1.1" 200 72205
116.233.76.220 - - [26/May/2021:09:02:23 +0800] "GET /xingrg/css/form.css HTTP/1.1" 200 893
116.233.76.220 - - [26/May/2021:09:02:23 +0800] "GET /xingrg/javascript/jquery_easy_ui/jquery.easyui.min.js HTTP/1.1" 200 213662
116.233.76.220 - - [26/May/2021:09:02:23 +0800] "GET /xingrg/javascript/jquery_easy_ui/easyui-lang-zh_CN.js HTTP/1.1" 200 1900
116.233.76.220 - - [26/May/2021:09:02:23 +0800] "GET /xingrg/javascript/jquery_easy_ui/themes/default/easyui.css HTTP/1.1" 200 26500
116.233.76.220 - - [26/May/2021:09:02:23 +0800] "GET /xingrg/javascript/jquery.timers.js HTTP/1.1" 200 3532
116.233.76.220 - - [26/May/2021:09:02:23 +0800] "GET /xingrg/javascript/jquery.form.js HTTP/1.1" 200 23110
116.233.76.220 - - [26/May/2021:09:02:23 +0800] "GET /xingrg/javascript/jquery.utils.js HTTP/1.1" 200 11805
116.233.76.220 - - [26/May/2021:09:02:23 +0800] "GET /xingrg/javascript/jquery_easy_ui/themes/icons/settle_new.png HTTP/1.1" 200 826
116.233.76.220 - - [26/May/2021:09:02:23 +0800] "GET /xingrg/images/blue/navBackgound.jpg HTTP/1.1" 200 12378
61.165.42.208 - - [26/May/2021:09:02:23 +0800] "GET /xingrg/all/function/internal_message.html?_=1621990923322&CODE_STATE=getMsg HTTP/1.1" 200 27
116.233.76.220 - - [26/May/2021:09:02:23 +0800] "GET /xingrg/images/blue/pingpu.png HTTP/1.1" 200 231
116.233.76.220 - - [26/May/2021:09:02:23 +0800] "GET /xingrg/javascript/jquery_easy_ui/themes/default/images/tabs_leftarrow.png HTTP/1.1" 200 389
116.233.76.220 - - [26/May/2021:09:02:23 +0800] "GET /xingrg/javascript/jquery_easy_ui/themes/default/images/tabs_rightarrow.png HTTP/1.1" 200 395
116.233.76.220 - - [26/May/2021:09:02:23 +0800] "GET /xingrg/javascript/jquery_easy_ui/themes/default/images/panel_tool_collapse.gif HTTP/1.1" 200 246
116.233.76.220 - - [26/May/2021:09:02:23 +0800] "GET /xingrg/check_reg.html?_=1621990942457 HTTP/1.1" 200 22
116.233.76.220 - - [26/May/2021:09:02:23 +0800] "GET /xingrg/all/function/internal_message.html?_=1621990942457&CODE_STATE=count HTTP/1.1" 200 11
116.233.76.220 - - [26/May/2021:09:02:24 +0800] "POST /xingrg/load_menu.html HTTP/1.1" 200 5138
116.233.76.220 - - [26/May/2021:09:02:24 +0800] "GET /xingrg/javascript/jquery_easy_ui/themes/default/images/tree_arrows.gif HTTP/1.1" 200 1043
116.233.76.220 - - [26/May/2021:09:02:24 +0800] "GET /xingrg/javascript/jquery_easy_ui/themes/default/images/tree_folder_open.gif HTTP/1.1" 200 956
116.233.76.220 - - [26/May/2021:09:02:24 +0800] "GET /xingrg/javascript/jquery_easy_ui/themes/default/images/tree_folder.gif HTTP/1.1" 200 952
116.233.76.220 - - [26/May/2021:09:02:24 +0800] "GET /xingrg/javascript/jquery_easy_ui/themes/icons/storage_new.png HTTP/1.1" 200 853
116.233.76.220 - - [26/May/2021:09:02:24 +0800] "GET /xingrg/javascript/jquery_easy_ui/themes/icons/search_new.png HTTP/1.1" 200 586
116.233.76.220 - - [26/May/2021:09:02:24 +0800] "GET /xingrg/javascript/jquery_easy_ui/themes/icons/forms_new.png HTTP/1.1" 200 350
116.233.76.220 - - [26/May/2021:09:02:24 +0800] "POST /xingrg/all/common/load_tree.html?tree=area_rest_tree_json&manage=1 HTTP/1.1" 200 342
222.70.177.128 - - [26/May/2021:09:02:24 +0800] "GET /xingrg/all/function/internal_message.html?_=1621990947913&CODE_STATE=getMsg HTTP/1.1" 200 27
116.233.76.220 - - [26/May/2021:09:02:25 +0800] "GET /xingrg/javascript/jquery_easy_ui/themes/default/images/tabs_close.gif HTTP/1.1" 200 829
116.233.76.220 - - [26/May/2021:09:02:25 +0800] "GET /xingrg/kc/buy/buy_main.html HTTP/1.1" 200 12412
116.233.76.220 - - [26/May/2021:09:02:25 +0800] "GET /xingrg/css/new_ie.css HTTP/1.1" 404 1036
116.233.76.220 - - [26/May/2021:09:02:25 +0800] "GET /xingrg/javascript/pic_change.js HTTP/1.1" 200 4739
116.233.76.220 - - [26/May/2021:09:02:25 +0800] "GET /xingrg/javascript/ToolTips.js HTTP/1.1" 200 5615
116.233.76.220 - - [26/May/2021:09:02:25 +0800] "GET /xingrg/css/blue.css HTTP/1.1" 200 15949
116.233.76.220 - - [26/May/2021:09:02:25 +0800] "GET /xingrg/javascript/jquery_ui/jquery-ui.min.js HTTP/1.1" 200 186181
116.233.76.220 - - [26/May/2021:09:02:25 +0800] "GET /xingrg/images/blue/button/cgxqd.gif HTTP/1.1" 200 2619
116.233.76.220 - - [26/May/2021:09:02:25 +0800] "GET /xingrg/javascript/jquery_ui/themes/humanity/humanity.css HTTP/1.1" 200 27801
116.233.76.220 - - [26/May/2021:09:02:25 +0800] "GET /xingrg/images/blue/button/cgydd.gif HTTP/1.1" 200 2712
116.233.76.220 - - [26/May/2021:09:02:25 +0800] "GET /xingrg/javascript/myfunction.js HTTP/1.1" 200 24559
116.233.76.220 - - [26/May/2021:09:02:25 +0800] "GET /xingrg/images/blue/button/cgshd.gif HTTP/1.1" 200 2618
116.233.76.220 - - [26/May/2021:09:02:25 +0800] "GET /xingrg/images/blue/button/cgfkd.gif HTTP/1.1" 200 2075
116.233.76.220 - - [26/May/2021:09:02:25 +0800] "GET /xingrg/images/blue/button/kc.gif HTTP/1.1" 200 2160
