222.69.128.109 - - [24/May/2021:09:06:50 +0800] "GET /xingrg/kc/buy/cgsh_order_operate.html?command=get_materiel&rest_code=00149&code=00101008236&supplier_code=00100005&order_time=2021-05-24 HTTP/1.1" 200 416
114.86.226.27 - - [24/May/2021:09:06:50 +0800] "GET /xingrg/servlets/image?cache=0.2453550216640391&image=px HTTP/1.1" 200 807
116.235.222.38 - - [24/May/2021:09:06:50 +0800] "GET /xingrg/kc/buy/cgsh_order_info.html?code=212021052310450 HTTP/1.1" 200 62195
116.235.222.38 - - [24/May/2021:09:06:51 +0800] "GET /xingrg/javascript/easyui/themes/default/validatebox.css HTTP/1.1" 404 1104
116.235.222.38 - - [24/May/2021:09:06:52 +0800] "POST /xingrg/kc/buy/cgsh_order_operate.html HTTP/1.1" 200 8606
116.230.110.80 - - [24/May/2021:09:06:55 +0800] "GET /xingrg/kc/buy/cgsh_order_operate.html?command=get_materiel&rest_code=00155&code=00101009010&supplier_code=00100037&order_time=2021-05-24 HTTP/1.1" 200 412
116.224.253.72 - - [24/May/2021:09:06:57 +0800] "GET /xingrg/kc/buy/cgsh_order_operate.html?command=get_materiel&rest_code=00151&code=00101006079&supplier_code=00100096&order_time=2021-05-24 HTTP/1.1" 200 410
120.253.135.82 - - [24/May/2021:09:06:59 +0800] "GET /xingrg/check_reg.html?_=1621818467536 HTTP/1.1" 200 22
222.69.128.109 - - [24/May/2021:09:07:01 +0800] "GET /xingrg/kc/buy/cgsh_order_operate.html?command=get_materiel&rest_code=00149&code=00101015006&supplier_code=00100005&order_time=2021-05-24 HTTP/1.1" 200 413
61.165.42.208 - - [24/May/2021:09:07:01 +0800] "GET /xingrg/kc/buy/cgsh_order_operate.html?command=get_materiel&rest_code=00105&code=00101016030&supplier_code=00100034&order_time=2021-05-24 HTTP/1.1" 200 412
58.40.7.146 - - [24/May/2021:09:07:08 +0800] "GET /xingrg/all/function/internal_message.html?_=1621818428712&CODE_STATE=getMsg HTTP/1.1" 200 27
120.253.135.82 - - [24/May/2021:09:07:09 +0800] "GET /xingrg/all/function/internal_message.html?_=1621818210932&CODE_STATE=getMsg HTTP/1.1" 200 27
117.184.7.26 - - [24/May/2021:09:07:11 +0800] "GET /xingrg/all/function/internal_message.html?_=1621818427237&CODE_STATE=getMsg HTTP/1.1" 302 -
117.184.7.26 - - [24/May/2021:09:07:11 +0800] "GET /xingrg/login.html HTTP/1.1" 200 7641
116.230.110.80 - - [24/May/2021:09:07:13 +0800] "GET /xingrg/kc/buy/cgsh_order_operate.html?command=get_materiel&rest_code=00155&code=00101012005&supplier_code=00100037&order_time=2021-05-24 HTTP/1.1" 200 413
120.253.135.82 - - [24/May/2021:09:07:15 +0800] "GET /xingrg/all/function/internal_message.html?_=1621818483178&CODE_STATE=getMsg HTTP/1.1" 200 27
116.224.253.72 - - [24/May/2021:09:07:16 +0800] "POST /xingrg/kc/buy/cgsh_order_operate.html HTTP/1.1" 200 37
222.69.128.109 - - [24/May/2021:09:07:16 +0800] "GET /xingrg/kc/buy/cgsh_order_operate.html?command=get_materiel&rest_code=00149&code=00101015066&supplier_code=00100005&order_time=2021-05-24 HTTP/1.1" 200 413
116.224.253.72 - - [24/May/2021:09:07:19 +0800] "POST /xingrg/kc/buy/cgsh_order_operate.html HTTP/1.1" 200 12
222.69.128.109 - - [24/May/2021:09:07:19 +0800] "POST /xingrg/kc/buy/cgsh_order_operate.html HTTP/1.1" 200 2065
116.224.253.72 - - [24/May/2021:09:07:20 +0800] "GET /xingrg/kc/buy/cgsh_order_info.html?code=212021052410734 HTTP/1.1" 200 56645
116.224.253.72 - - [24/May/2021:09:07:20 +0800] "GET /xingrg/javascript/easyui/themes/default/validatebox.css HTTP/1.1" 404 1104
114.86.226.27 - - [24/May/2021:09:07:20 +0800] "GET /xingrg/all/function/internal_message.html?_=1621818440376&CODE_STATE=getMsg HTTP/1.1" 200 27
116.224.253.72 - - [24/May/2021:09:07:20 +0800] "POST /xingrg/kc/buy/cgsh_order_operate.html HTTP/1.1" 200 6565
116.224.253.72 - - [24/May/2021:09:07:22 +0800] "GET /xingrg/kc/print/load_data.html?order_code=212021052410734&kc_code=cgsh&condition= HTTP/1.1" 200 3000
116.230.110.80 - - [24/May/2021:09:07:25 +0800] "GET /xingrg/all/function/internal_message.html?_=1621818443809&CODE_STATE=getMsg HTTP/1.1" 200 27
61.165.42.208 - - [24/May/2021:09:07:26 +0800] "POST /xingrg/kc/buy/cgsh_order_operate.html HTTP/1.1" 200 37
222.69.128.109 - - [24/May/2021:09:07:27 +0800] "GET /xingrg/kc/buy/cgsh_order_operate.html?command=get_materiel&rest_code=00149&code=00101015112&supplier_code=00100005&order_time=2021-05-24 HTTP/1.1" 200 403
116.230.110.80 - - [24/May/2021:09:07:28 +0800] "GET /xingrg/kc/buy/cgsh_order_operate.html?command=get_materiel&rest_code=00155&code=00101015046&supplier_code=00100037&order_time=2021-05-24 HTTP/1.1" 200 412
61.165.42.208 - - [24/May/2021:09:07:28 +0800] "POST /xingrg/kc/buy/cgsh_order_operate.html HTTP/1.1" 200 3248
180.161.111.4 - - [24/May/2021:09:07:30 +0800] "GET /xingrg/all/function/internal_message.html?_=1621818449650&CODE_STATE=getMsg HTTP/1.1" 200 27
116.224.253.72 - - [24/May/2021:09:07:30 +0800] "GET /xingrg/all/function/internal_message.html?_=1621818426450&CODE_STATE=getMsg HTTP/1.1" 200 27
61.165.42.208 - - [24/May/2021:09:07:30 +0800] "GET /xingrg/kc/print/load_config.html?kc_code=cgsh HTTP/1.1" 200 1845
61.165.42.208 - - [24/May/2021:09:07:31 +0800] "GET /xingrg/kc/print/load_data.html?order_code=212021052410735&kc_code=cgsh&condition= HTTP/1.1" 200 939
58.37.225.51 - - [24/May/2021:09:07:32 +0800] "GET /xingrg/all/function/internal_message.html?_=1621818453170&CODE_STATE=getMsg HTTP/1.1" 200 27
222.69.128.109 - - [24/May/2021:09:07:38 +0800] "GET /xingrg/kc/buy/cgsh_order_operate.html?command=get_materiel&rest_code=00149&code=00101015046&supplier_code=00100005&order_time=2021-05-24 HTTP/1.1" 200 412
116.230.110.80 - - [24/May/2021:09:07:38 +0800] "GET /xingrg/kc/buy/cgsh_order_operate.html?command=get_materiel&rest_code=00155&code=00101008509&supplier_code=00100037&order_time=2021-05-24 HTTP/1.1" 200 395
222.69.128.109 - - [24/May/2021:09:07:39 +0800] "GET /xingrg/all/function/internal_message.html?_=1621818459071&CODE_STATE=getMsg HTTP/1.1" 200 27
222.69.128.109 - - [24/May/2021:09:07:39 +0800] "GET /xingrg/check_reg.html?_=1621818459074 HTTP/1.1" 200 22
116.230.114.112 - - [24/May/2021:09:07:41 +0800] "GET /xingrg/all/function/internal_message.html?_=1621818462585&CODE_STATE=getMsg HTTP/1.1" 200 27
101.93.222.235 - - [24/May/2021:09:07:43 +0800] "POST /xingrg/services/DataTransmitService HTTP/1.1" 200 524
116.224.253.72 - - [24/May/2021:09:07:44 +0800] "GET /xingrg/check_reg.html?_=1621818464378 HTTP/1.1" 200 22
116.224.253.72 - - [24/May/2021:09:07:44 +0800] "GET /xingrg/all/function/internal_message.html?_=1621818464380&CODE_STATE=getMsg HTTP/1.1" 200 27
101.93.222.235 - - [24/May/2021:09:07:44 +0800] "POST /xingrg/services/DataTransmitService HTTP/1.1" 200 2075
101.93.222.235 - - [24/May/2021:09:07:45 +0800] "POST /xingrg/services/DataTransmitService HTTP/1.1" 200 160200
222.69.128.109 - - [24/May/2021:09:07:47 +0800] "POST /xingrg/kc/buy/cgsh_order_operate.html HTTP/1.1" 200 37
180.169.147.146 - - [24/May/2021:09:07:48 +0800] "GET /xingrg/check_reg.html?_=1621818469596 HTTP/1.1" 200 22
180.169.147.146 - - [24/May/2021:09:07:48 +0800] "GET /xingrg/all/function/internal_message.html?_=1621818469592&CODE_STATE=getMsg HTTP/1.1" 200 27
61.165.42.208 - - [24/May/2021:09:07:48 +0800] "GET /xingrg/all/function/internal_message.html?_=1621818450355&CODE_STATE=getMsg HTTP/1.1" 200 27
116.235.222.38 - - [24/May/2021:09:07:49 +0800] "GET /xingrg/all/function/internal_message.html?_=1621818467999&CODE_STATE=getMsg HTTP/1.1" 200 27
116.230.110.80 - - [24/May/2021:09:07:51 +0800] "GET /xingrg/kc/buy/cgsh_order_operate.html?command=get_materiel&rest_code=00155&code=00101016025&supplier_code=00100037&order_time=2021-05-24 HTTP/1.1" 200 408
222.69.128.109 - - [24/May/2021:09:07:51 +0800] "POST /xingrg/kc/buy/cgsh_order_operate.html HTTP/1.1" 200 12
116.235.222.38 - - [24/May/2021:09:07:57 +0800] "POST /xingrg/kc/buy/cgsh_order_operate.html HTTP/1.1" 200 37
222.69.128.109 - - [24/May/2021:09:07:58 +0800] "GET /xingrg/kc/buy/cgsh_order_info.html?code=212021052410732 HTTP/1.1" 200 57050
222.69.128.109 - - [24/May/2021:09:07:58 +0800] "GET /xingrg/javascript/easyui/themes/default/validatebox.css HTTP/1.1" 404 1104
116.235.222.38 - - [24/May/2021:09:07:59 +0800] "POST /xingrg/kc/buy/cgsh_order_operate.html HTTP/1.1" 200 8606
222.69.128.109 - - [24/May/2021:09:07:59 +0800] "POST /xingrg/kc/buy/cgsh_order_operate.html HTTP/1.1" 200 33662
222.69.128.109 - - [24/May/2021:09:08:01 +0800] "GET /xingrg/kc/print/load_data.html?order_code=212021052410732&kc_code=cgsh&condition= HTTP/1.1" 200 13212
116.235.222.38 - - [24/May/2021:09:08:03 +0800] "POST /xingrg/kc/buy/cgsh_order_operate.html HTTP/1.1" 200 37
61.165.42.208 - - [24/May/2021:09:08:03 +0800] "GET /xingrg/kc/buy/cgsh_order_add.html HTTP/1.1" 200 62142
114.86.226.27 - - [24/May/2021:09:08:04 +0800] "GET /xingrg/all/report/report_query.html?isQuery=1&fileName=kc/buy/wlcg_cate_hz.xml&queryString=(CONVERT(char(10)%252Ca.order_time%252C%2520120)%253E%253D'2021-05-11')%2520and%2520(CONVERT(char(10)%252Ca.order_time%252C%2520120)%253C%253D'2021-05-20')%2520and%2520(a.number%253E0%2520and%2520a.supplier_code%253D'00100404')&queryText=%25E3%2580%2590%25E9%2587%2587%25E8%25B4%25AD%25E6%2597%25A5%25E6%259C%259F%253A2021-05-11%2520%25E8%2587%25B3%25202021-05-20%25E3%2580%2591%2520%25E5%25B9%25B6%25E4%25B8%2594%2520%25E3%2580%2590%25E4%25BE%259B%25E5%25BA%2594%25E5%2595%2586%253D%25E4%25B8%258A%25E6%25B5%25B7%25E7%25AB%25AF%25E6%2587%25BF%25E8%25B4%25B8%25E6%2598%2593%25E6%259C%2589%25E9%2599%2590%25E5%2585%25AC%25E5%258F%25B8%25E3%2580%2591 HTTP/1.1" 200 54386
114.86.226.27 - - [24/May/2021:09:08:04 +0800] "GET /xingrg/dwr/interface/AjaxReportQueryService.js HTTP/1.1" 200 13203
61.165.42.208 - - [24/May/2021:09:08:04 +0800] "POST /xingrg/kc/buy/cgsh_order_operate.html HTTP/1.1" 200 8245
114.86.226.27 - - [24/May/2021:09:08:04 +0800] "GET /xingrg/dwr/engine.js HTTP/1.1" 200 43631
61.165.42.208 - - [24/May/2021:09:08:04 +0800] "GET /xingrg/javascript/easyui/themes/default/validatebox.css HTTP/1.1" 404 1104
116.235.222.38 - - [24/May/2021:09:08:06 +0800] "POST /xingrg/kc/buy/cgsh_order_operate.html HTTP/1.1" 200 12
114.86.226.27 - - [24/May/2021:09:08:06 +0800] "POST /xingrg/all/report/load_report_page.html HTTP/1.1" 200 8716
114.86.226.27 - - [24/May/2021:09:08:06 +0800] "GET /xingrg/servlets/image?cache=0.2333062337868671&image=px HTTP/1.1" 200 807
117.184.7.26 - - [24/May/2021:09:08:07 +0800] "GET /xingrg/all/function/internal_message.html?_=1621818487238&CODE_STATE=getMsg HTTP/1.1" 302 -
117.184.7.26 - - [24/May/2021:09:08:07 +0800] "GET /xingrg/login.html HTTP/1.1" 200 7641
116.235.222.38 - - [24/May/2021:09:08:07 +0800] "GET /xingrg/kc/buy/cgsh_order_info.html?code=212021052310450 HTTP/1.1" 200 57086
114.86.226.27 - - [24/May/2021:09:08:08 +0800] "POST /xingrg/all/report/load_report_page.html HTTP/1.1" 200 13076
114.86.226.27 - - [24/May/2021:09:08:08 +0800] "GET /xingrg/servlets/image?cache=0.45294016793769276&image=px HTTP/1.1" 200 807
116.235.222.38 - - [24/May/2021:09:08:08 +0800] "GET /xingrg/javascript/easyui/themes/default/validatebox.css HTTP/1.1" 404 1104
116.235.222.38 - - [24/May/2021:09:08:08 +0800] "POST /xingrg/kc/buy/cgsh_order_operate.html HTTP/1.1" 200 6531
58.40.7.146 - - [24/May/2021:09:08:08 +0800] "GET /xingrg/all/function/internal_message.html?_=1621818488714&CODE_STATE=getMsg HTTP/1.1" 200 27
120.253.135.82 - - [24/May/2021:09:08:08 +0800] "GET /xingrg/check_reg.html?_=1621818270584 HTTP/1.1" 200 22
58.40.7.146 - - [24/May/2021:09:08:08 +0800] "GET /xingrg/check_reg.html?_=1621818488716 HTTP/1.1" 200 22
116.224.253.72 - - [24/May/2021:09:08:09 +0800] "GET /xingrg/kc/base/wldb_order_list.html HTTP/1.1" 200 18985
120.253.135.82 - - [24/May/2021:09:08:09 +0800] "GET /xingrg/all/function/internal_message.html?_=1621818270946&CODE_STATE=getMsg HTTP/1.1" 200 27
116.224.253.72 - - [24/May/2021:09:08:09 +0800] "POST /xingrg/kc/base/wldb_list_operate.html HTTP/1.1" 200 928
114.86.226.27 - - [24/May/2021:09:08:10 +0800] "POST /xingrg/all/report/report_print.html HTTP/1.1" 302 -
114.86.226.27 - - [24/May/2021:09:08:10 +0800] "GET /xingrg/servlets/html?sysBaseUrl=http%3A%2F%2F180.169.147.146%3A18081%2Fxingrg%2F&costTime=162×tamp=1621818490267 HTTP/1.1" 200 14722
114.86.226.27 - - [24/May/2021:09:08:10 +0800] "GET /xingrg/servlets/image?image=px HTTP/1.1" 200 807
116.224.253.72 - - [24/May/2021:09:08:11 +0800] "GET /xingrg/kc/base/wldb_order_add.html HTTP/1.1" 200 30193
116.224.253.72 - - [24/May/2021:09:08:12 +0800] "POST /xingrg/kc/base/wldb_order_operate.html HTTP/1.1" 200 6806
116.224.253.72 - - [24/May/2021:09:08:12 +0800] "GET /xingrg/all/common/auto_word.html?type=base&rest_code=00150 HTTP/1.1" 200 1653
116.224.253.72 - - [24/May/2021:09:08:12 +0800] "GET /xingrg/all/common/auto_word.html?type=base&rest_code=00150 HTTP/1.1" 200 1653
116.224.253.72 - - [24/May/2021:09:08:12 +0800] "GET /xingrg/javascript/easyui/themes/default/validatebox.css HTTP/1.1" 404 1104
116.235.222.38 - - [24/May/2021:09:08:12 +0800] "GET /xingrg/kc/buy/buy_main.html HTTP/1.1" 200 12412
116.235.222.38 - - [24/May/2021:09:08:12 +0800] "GET /xingrg/css/new_ie.css HTTP/1.1" 404 1036
116.235.222.38 - - [24/May/2021:09:08:13 +0800] "GET /xingrg/images/yd/bt.gif HTTP/1.1" 404 1040
116.235.222.38 - - [24/May/2021:09:08:13 +0800] "GET /xingrg/kc/buy/cgsh_order_list.html HTTP/1.1" 200 46363
120.253.135.82 - - [24/May/2021:09:08:15 +0800] "GET /xingrg/all/function/internal_message.html?_=1621818543193&CODE_STATE=getMsg HTTP/1.1" 200 27
116.230.110.80 - - [24/May/2021:09:08:15 +0800] "GET /xingrg/kc/buy/cgsh_order_operate.html?command=get_materiel&rest_code=00155&code=00101009037&supplier_code=00100037&order_time=2021-05-24 HTTP/1.1" 200 415
114.86.226.27 - - [24/May/2021:09:08:20 +0800] "GET /xingrg/all/function/internal_message.html?_=1621818500402&CODE_STATE=getMsg HTTP/1.1" 200 27
222.69.128.109 - - [24/May/2021:09:08:24 +0800] "GET /xingrg/kc/buy/cgsh_order_add.html HTTP/1.1" 200 62148
222.69.128.109 - - [24/May/2021:09:08:24 +0800] "POST /xingrg/kc/buy/cgsh_order_operate.html HTTP/1.1" 200 8245
222.69.128.109 - - [24/May/2021:09:08:24 +0800] "GET /xingrg/javascript/easyui/themes/default/validatebox.css HTTP/1.1" 404 1104
116.224.253.72 - - [24/May/2021:09:08:25 +0800] "GET /xingrg/kc/base/wldb_order_operate.html?command=get_materiel&rest_code=00150&base_code=0010445&code=00101013119 HTTP/1.1" 200 459
116.230.110.80 - - [24/May/2021:09:08:25 +0800] "GET /xingrg/all/function/internal_message.html?_=1621818503825&CODE_STATE=getMsg HTTP/1.1" 200 27
116.235.222.38 - - [24/May/2021:09:08:28 +0800] "POST /xingrg/kc/buy/cgsh_list_operate.html HTTP/1.1" 200 5055
116.230.110.80 - - [24/May/2021:09:08:28 +0800] "GET /xingrg/kc/buy/cgsh_order_operate.html?command=get_materiel&rest_code=00155&code=00101009057&supplier_code=00100037&order_time=2021-05-24 HTTP/1.1" 200 408
116.224.253.72 - - [24/May/2021:09:08:30 +0800] "GET /xingrg/check_reg.html?_=1621818486401 HTTP/1.1" 200 22
116.224.253.72 - - [24/May/2021:09:08:30 +0800] "GET /xingrg/all/function/internal_message.html?_=1621818486464&CODE_STATE=getMsg HTTP/1.1" 200 27
180.161.111.4 - - [24/May/2021:09:08:30 +0800] "GET /xingrg/all/function/internal_message.html?_=1621818509664&CODE_STATE=getMsg HTTP/1.1" 200 27
58.37.225.51 - - [24/May/2021:09:08:32 +0800] "GET /xingrg/all/function/internal_message.html?_=1621818513168&CODE_STATE=getMsg HTTP/1.1" 200 27
116.230.117.165 - - [24/May/2021:09:08:37 +0800] "POST /xingrg/services/DataTransmitService HTTP/1.1" 200 524
116.224.253.72 - - [24/May/2021:09:08:37 +0800] "GET /xingrg/kc/base/wldb_order_operate.html?command=get_materiel&rest_code=00150&base_code=0010445&code=00101019030 HTTP/1.1" 200 452
116.230.117.165 - - [24/May/2021:09:08:37 +0800] "POST /xingrg/services/DataTransmitService HTTP/1.1" 200 2171
116.230.110.80 - - [24/May/2021:09:08:37 +0800] "GET /xingrg/kc/buy/cgsh_order_operate.html?command=get_materiel&rest_code=00155&code=00101008013&supplier_code=00100037&order_time=2021-05-24 HTTP/1.1" 200 408
116.230.117.165 - - [24/May/2021:09:08:38 +0800] "POST /xingrg/services/DataTransmitService HTTP/1.1" 200 162464
222.69.128.109 - - [24/May/2021:09:08:39 +0800] "GET /xingrg/all/function/internal_message.html?_=1621818519073&CODE_STATE=getMsg HTTP/1.1" 200 27
116.230.114.112 - - [24/May/2021:09:08:41 +0800] "GET /xingrg/all/function/internal_message.html?_=1621818522618&CODE_STATE=getMsg HTTP/1.1" 200 27
116.224.253.72 - - [24/May/2021:09:08:44 +0800] "GET /xingrg/all/function/internal_message.html?_=1621818524394&CODE_STATE=getMsg HTTP/1.1" 200 27
116.230.110.80 - - [24/May/2021:09:08:46 +0800] "POST /xingrg/kc/buy/cgsh_order_operate.html HTTP/1.1" 200 37
180.169.147.146 - - [24/May/2021:09:08:48 +0800] "GET /xingrg/all/function/internal_message.html?_=1621818529583&CODE_STATE=getMsg HTTP/1.1" 200 27
61.165.42.208 - - [24/May/2021:09:08:48 +0800] "GET /xingrg/all/function/internal_message.html?_=1621818510333&CODE_STATE=getMsg HTTP/1.1" 200 27
116.235.222.38 - - [24/May/2021:09:08:49 +0800] "GET /xingrg/all/function/internal_message.html?_=1621818528003&CODE_STATE=getMsg HTTP/1.1" 200 27
116.224.253.72 - - [24/May/2021:09:08:50 +0800] "GET /xingrg/kc/base/wldb_order_operate.html?command=get_materiel&rest_code=00150&base_code=0010445&code=00101019362 HTTP/1.1" 200 457
116.230.110.80 - - [24/May/2021:09:08:51 +0800] "POST /xingrg/kc/buy/cgsh_order_operate.html HTTP/1.1" 200 6774
116.224.253.72 - - [24/May/2021:09:08:57 +0800] "GET /xingrg/kc/base/wldb_order_operate.html?command=get_materiel&rest_code=00150&base_code=0010445&code=00101019361 HTTP/1.1" 200 473
116.235.222.38 - - [24/May/2021:09:09:00 +0800] "POST /xingrg/kc/buy/cgsh_list_operate.html HTTP/1.1" 200 4
116.235.222.38 - - [24/May/2021:09:09:04 +0800] "POST /xingrg/services/DataTransmitService HTTP/1.1" 200 524
116.235.222.38 - - [24/May/2021:09:09:04 +0800] "POST /xingrg/services/DataTransmitService HTTP/1.1" 200 501
180.169.147.146 - - [24/May/2021:09:09:04 +0800] "GET /xingrg/check_reg.html?_=1621818545943 HTTP/1.1" 302 -
116.224.253.72 - - [24/May/2021:09:09:05 +0800] "GET /xingrg/kc/base/wldb_order_operate.html?command=get_materiel&rest_code=00150&base_code=0010445&code=00101019238 HTTP/1.1" 200 468
117.184.7.26 - - [24/May/2021:09:09:07 +0800] "GET /xingrg/all/function/internal_message.html?_=1621818547240&CODE_STATE=getMsg HTTP/1.1" 302 -
117.184.7.26 - - [24/May/2021:09:09:07 +0800] "GET /xingrg/login.html HTTP/1.1" 200 7641
116.235.222.38 - - [24/May/2021:09:09:08 +0800] "POST /xingrg/services/DataTransmitService HTTP/1.1" 200 524
58.40.7.146 - - [24/May/2021:09:09:08 +0800] "GET /xingrg/all/function/internal_message.html?_=1621818548718&CODE_STATE=getMsg HTTP/1.1" 200 27
120.253.135.82 - - [24/May/2021:09:09:09 +0800] "GET /xingrg/all/function/internal_message.html?_=1621818330959&CODE_STATE=getMsg HTTP/1.1" 200 27
116.235.222.38 - - [24/May/2021:09:09:09 +0800] "POST /xingrg/kc/buy/cgsh_list_operate.html HTTP/1.1" 200 3808
61.165.42.208 - - [24/May/2021:09:09:13 +0800] "GET /xingrg/check_reg.html?_=1621818534749 HTTP/1.1" 200 22
120.253.135.82 - - [24/May/2021:09:09:15 +0800] "GET /xingrg/all/function/internal_message.html?_=1621818603217&CODE_STATE=getMsg HTTP/1.1" 200 27
116.224.253.72 - - [24/May/2021:09:09:17 +0800] "POST /xingrg/kc/base/wldb_order_operate.html HTTP/1.1" 200 37
116.235.222.38 - - [24/May/2021:09:09:17 +0800] "POST /xingrg/services/DataTransmitService HTTP/1.1" 200 524
116.224.253.72 - - [24/May/2021:09:09:19 +0800] "POST /xingrg/kc/base/wldb_order_operate.html HTTP/1.1" 200 12
116.224.253.72 - - [24/May/2021:09:09:19 +0800] "POST /xingrg/kc/base/wldb_order_operate.html HTTP/1.1" 200 3716
116.224.253.72 - - [24/May/2021:09:09:19 +0800] "GET /xingrg/kc/base/wldb_order_info.html?code=422021052402637 HTTP/1.1" 200 26071
116.224.253.72 - - [24/May/2021:09:09:20 +0800] "GET /xingrg/javascript/easyui/themes/default/validatebox.css HTTP/1.1" 404 1104
116.224.253.72 - - [24/May/2021:09:09:20 +0800] "POST /xingrg/kc/base/wldb_order_operate.html HTTP/1.1" 200 1980
114.86.226.27 - - [24/May/2021:09:09:20 +0800] "GET /xingrg/all/function/internal_message.html?_=1621818560402&CODE_STATE=getMsg HTTP/1.1" 200 27
116.230.114.112 - - [24/May/2021:09:09:22 +0800] "GET /xingrg/check_reg.html?_=1621818564205 HTTP/1.1" 200 22
116.224.253.72 - - [24/May/2021:09:09:23 +0800] "GET /xingrg/kc/base/wldb_order_add.html HTTP/1.1" 200 30193
116.224.253.72 - - [24/May/2021:09:09:23 +0800] "GET /xingrg/javascript/easyui/themes/default/validatebox.css HTTP/1.1" 404 1104
116.224.253.72 - - [24/May/2021:09:09:24 +0800] "POST /xingrg/kc/base/wldb_order_operate.html HTTP/1.1" 200 6806
116.230.110.80 - - [24/May/2021:09:09:25 +0800] "GET /xingrg/check_reg.html?_=1621818563825 HTTP/1.1" 200 22
116.230.110.80 - - [24/May/2021:09:09:25 +0800] "GET /xingrg/all/function/internal_message.html?_=1621818563827&CODE_STATE=getMsg HTTP/1.1" 200 27
116.224.253.72 - - [24/May/2021:09:09:30 +0800] "GET /xingrg/all/function/internal_message.html?_=1621818546477&CODE_STATE=getMsg HTTP/1.1" 200 27
180.161.111.4 - - [24/May/2021:09:09:31 +0800] "GET /xingrg/check_reg.html?_=1621818569664 HTTP/1.1" 200 22
180.161.111.4 - - [24/May/2021:09:09:31 +0800] "GET /xingrg/all/function/internal_message.html?_=1621818569665&CODE_STATE=getMsg HTTP/1.1" 200 27
116.235.222.38 - - [24/May/2021:09:09:32 +0800] "POST /xingrg/kc/buy/cgsh_list_operate.html HTTP/1.1" 200 4
58.37.225.51 - - [24/May/2021:09:09:32 +0800] "GET /xingrg/all/function/internal_message.html?_=1621818573167&CODE_STATE=getMsg HTTP/1.1" 200 27
58.37.225.51 - - [24/May/2021:09:09:32 +0800] "GET /xingrg/check_reg.html?_=1621818573166 HTTP/1.1" 200 22
116.235.222.38 - - [24/May/2021:09:09:34 +0800] "POST /xingrg/kc/buy/cgsh_list_operate.html HTTP/1.1" 200 876
116.224.253.72 - - [24/May/2021:09:09:35 +0800] "GET /xingrg/kc/base/wldb_order_operate.html?command=get_materiel&rest_code=00150&base_code=0010445&code=00101013154 HTTP/1.1" 200 445
116.235.222.38 - - [24/May/2021:09:09:38 +0800] "GET /xingrg/kc/base/base_main.html HTTP/1.1" 200 12142
222.69.128.109 - - [24/May/2021:09:09:39 +0800] "GET /xingrg/all/function/internal_message.html?_=1621818579061&CODE_STATE=getMsg HTTP/1.1" 200 27
116.235.222.38 - - [24/May/2021:09:09:39 +0800] "GET /xingrg/kc/base/wldb_order_list.html HTTP/1.1" 200 18985
116.235.222.38 - - [24/May/2021:09:09:40 +0800] "POST /xingrg/kc/base/wldb_list_operate.html HTTP/1.1" 200 928
116.230.114.112 - - [24/May/2021:09:09:41 +0800] "GET /xingrg/all/function/internal_message.html?_=1621818582628&CODE_STATE=getMsg HTTP/1.1" 200 27
116.235.222.38 - - [24/May/2021:09:09:43 +0800] "GET /xingrg/kc/mdqp/qp_main.html HTTP/1.1" 200 10633
116.235.222.38 - - [24/May/2021:09:09:43 +0800] "GET /xingrg/images/blue/button/qqpsd.gif HTTP/1.1" 200 2548
116.235.222.38 - - [24/May/2021:09:09:43 +0800] "GET /xingrg/images/blue/button/pszx.gif HTTP/1.1" 200 2648
116.235.222.38 - - [24/May/2021:09:09:43 +0800] "GET /xingrg/images/blue/button/psshd.gif HTTP/1.1" 200 2692
116.224.253.72 - - [24/May/2021:09:09:44 +0800] "GET /xingrg/all/function/internal_message.html?_=1621818584387&CODE_STATE=getMsg HTTP/1.1" 200 27
116.224.253.72 - - [24/May/2021:09:09:44 +0800] "GET /xingrg/kc/base/wldb_order_operate.html?command=get_materiel&rest_code=00150&base_code=0010445&code=00101019202 HTTP/1.1" 200 449
116.235.222.38 - - [24/May/2021:09:09:45 +0800] "GET /xingrg/images/yd/bt.gif HTTP/1.1" 404 1040
116.235.222.38 - - [24/May/2021:09:09:45 +0800] "GET /xingrg/kc/mdqp/pssh_order_list.html HTTP/1.1" 200 17696
116.235.222.38 - - [24/May/2021:09:09:46 +0800] "POST /xingrg/kc/mdqp/pssh_list_operate.html HTTP/1.1" 200 5142
116.230.110.80 - - [24/May/2021:09:09:47 +0800] "POST /xingrg/kc/buy/cgsh_order_operate.html HTTP/1.1" 200 37
180.169.147.146 - - [24/May/2021:09:09:48 +0800] "GET /xingrg/all/function/internal_message.html?_=1621818589584&CODE_STATE=getMsg HTTP/1.1" 200 27
61.165.42.208 - - [24/May/2021:09:09:48 +0800] "GET /xingrg/all/function/internal_message.html?_=1621818570306&CODE_STATE=getMsg HTTP/1.1" 200 27
116.235.222.38 - - [24/May/2021:09:09:48 +0800] "POST /xingrg/kc/mdqp/pssh_list_operate.html HTTP/1.1" 200 255
116.235.222.38 - - [24/May/2021:09:09:49 +0800] "GET /xingrg/all/function/internal_message.html?_=1621818588001&CODE_STATE=getMsg HTTP/1.1" 200 27
116.235.222.38 - - [24/May/2021:09:09:49 +0800] "GET /xingrg/check_reg.html?_=1621818588003 HTTP/1.1" 200 22
116.224.253.72 - - [24/May/2021:09:09:50 +0800] "GET /xingrg/kc/base/wldb_order_operate.html?command=get_materiel&rest_code=00150&base_code=0010445&code=00101019543 HTTP/1.1" 200 470
116.230.110.80 - - [24/May/2021:09:09:51 +0800] "POST /xingrg/kc/buy/cgsh_order_operate.html HTTP/1.1" 200 6774
116.230.110.80 - - [24/May/2021:09:09:53 +0800] "GET /xingrg/kc/print/load_config.html?kc_code=cgsh HTTP/1.1" 200 1845
116.230.110.80 - - [24/May/2021:09:09:53 +0800] "GET /xingrg/kc/print/load_data.html?order_code=212021052410736&kc_code=cgsh&condition= HTTP/1.1" 200 2279
116.235.222.38 - - [24/May/2021:09:09:54 +0800] "POST /xingrg/kc/mdqp/pssh_list_operate.html HTTP/1.1" 200 453
116.230.110.80 - - [24/May/2021:09:09:58 +0800] "GET /xingrg/kc/buy/cgsh_order_add.html HTTP/1.1" 200 62063
116.230.110.80 - - [24/May/2021:09:09:59 +0800] "POST /xingrg/kc/buy/cgsh_order_operate.html HTTP/1.1" 200 8245
116.230.110.80 - - [24/May/2021:09:09:59 +0800] "GET /xingrg/javascript/easyui/themes/default/validatebox.css HTTP/1.1" 404 1104
116.224.253.72 - - [24/May/2021:09:10:00 +0800] "POST /xingrg/kc/base/wldb_order_operate.html HTTP/1.1" 200 37
116.224.253.72 - - [24/May/2021:09:10:02 +0800] "POST /xingrg/kc/base/wldb_order_operate.html HTTP/1.1" 200 12
116.224.253.72 - - [24/May/2021:09:10:02 +0800] "POST /xingrg/kc/base/wldb_order_operate.html HTTP/1.1" 200 3193
116.224.253.72 - - [24/May/2021:09:10:07 +0800] "GET /xingrg/kc/base/wldb_order_info.html?code=422021052402638 HTTP/1.1" 200 26071
116.235.222.38 - - [24/May/2021:09:10:07 +0800] "POST /xingrg/kc/mdqp/pssh_list_operate.html HTTP/1.1" 200 637
117.184.7.26 - - [24/May/2021:09:10:07 +0800] "GET /xingrg/all/function/internal_message.html?_=1621818607239&CODE_STATE=getMsg HTTP/1.1" 302 -
116.224.253.72 - - [24/May/2021:09:10:07 +0800] "GET /xingrg/javascript/easyui/themes/default/validatebox.css HTTP/1.1" 404 1104
117.184.7.26 - - [24/May/2021:09:10:07 +0800] "GET /xingrg/login.html HTTP/1.1" 200 7641
116.224.253.72 - - [24/May/2021:09:10:07 +0800] "POST /xingrg/kc/base/wldb_order_operate.html HTTP/1.1" 200 1467
58.40.7.146 - - [24/May/2021:09:10:08 +0800] "GET /xingrg/all/function/internal_message.html?_=1621818608722&CODE_STATE=getMsg HTTP/1.1" 200 27
120.253.135.82 - - [24/May/2021:09:10:09 +0800] "GET /xingrg/all/function/internal_message.html?_=1621818390973&CODE_STATE=getMsg HTTP/1.1" 200 27
116.224.253.72 - - [24/May/2021:09:10:10 +0800] "GET /xingrg/kc/base/wldb_order_add.html HTTP/1.1" 200 30193
116.224.253.72 - - [24/May/2021:09:10:10 +0800] "POST /xingrg/kc/base/wldb_order_operate.html HTTP/1.1" 200 6806
116.224.253.72 - - [24/May/2021:09:10:10 +0800] "GET /xingrg/javascript/easyui/themes/default/validatebox.css HTTP/1.1" 404 1104
222.69.128.109 - - [24/May/2021:09:10:13 +0800] "GET /xingrg/kc/buy/cgsh_order_operate.html?command=get_materiel&rest_code=00149&code=00102010394&supplier_code=00100151&order_time=2021-05-24 HTTP/1.1" 200 418
120.253.135.82 - - [24/May/2021:09:10:15 +0800] "GET /xingrg/all/function/internal_message.html?_=1621818663236&CODE_STATE=getMsg HTTP/1.1" 200 27
116.224.253.72 - - [24/May/2021:09:10:19 +0800] "GET /xingrg/kc/base/wldb_order_operate.html?command=get_materiel&rest_code=00150&base_code=0010446&code=00102002497 HTTP/1.1" 200 440
116.235.222.38 - - [24/May/2021:09:10:19 +0800] "POST /xingrg/kc/mdqp/pssh_list_operate.html HTTP/1.1" 200 260
114.86.226.27 - - [24/May/2021:09:10:20 +0800] "GET /xingrg/check_reg.html?_=1621818620391 HTTP/1.1" 200 22
114.86.226.27 - - [24/May/2021:09:10:20 +0800] "GET /xingrg/all/function/internal_message.html?_=1621818620401&CODE_STATE=getMsg HTTP/1.1" 200 27
116.235.222.38 - - [24/May/2021:09:10:21 +0800] "POST /xingrg/kc/mdqp/pssh_list_operate.html HTTP/1.1" 200 721
116.235.222.38 - - [24/May/2021:09:10:22 +0800] "POST /xingrg/kc/mdqp/pssh_list_operate.html HTTP/1.1" 200 643
116.235.222.38 - - [24/May/2021:09:10:24 +0800] "POST /xingrg/services/DataTransmitService HTTP/1.1" 200 524
116.235.222.38 - - [24/May/2021:09:10:25 +0800] "POST /xingrg/kc/mdqp/pssh_list_operate.html HTTP/1.1" 200 740
116.235.222.38 - - [24/May/2021:09:10:25 +0800] "POST /xingrg/services/DataTransmitService HTTP/1.1" 200 2235
116.230.110.80 - - [24/May/2021:09:10:25 +0800] "GET /xingrg/all/function/internal_message.html?_=1621818623824&CODE_STATE=getMsg HTTP/1.1" 200 27
116.235.222.38 - - [24/May/2021:09:10:25 +0800] "POST /xingrg/services/DataTransmitService HTTP/1.1" 200 146468
116.235.222.38 - - [24/May/2021:09:10:25 +0800] "POST /xingrg/kc/mdqp/pssh_list_operate.html HTTP/1.1" 200 795
116.235.222.38 - - [24/May/2021:09:10:27 +0800] "POST /xingrg/kc/mdqp/pssh_list_operate.html HTTP/1.1" 200 789
116.224.253.72 - - [24/May/2021:09:10:29 +0800] "POST /xingrg/kc/base/wldb_order_operate.html HTTP/1.1" 200 37
180.161.111.4 - - [24/May/2021:09:10:30 +0800] "GET /xingrg/all/function/internal_message.html?_=1621818629663&CODE_STATE=getMsg HTTP/1.1" 200 27
116.224.253.72 - - [24/May/2021:09:10:30 +0800] "GET /xingrg/all/function/internal_message.html?_=1621818606491&CODE_STATE=getMsg HTTP/1.1" 200 27
116.224.253.72 - - [24/May/2021:09:10:31 +0800] "POST /xingrg/kc/base/wldb_order_operate.html HTTP/1.1" 200 12
116.224.253.72 - - [24/May/2021:09:10:31 +0800] "POST /xingrg/kc/base/wldb_order_operate.html HTTP/1.1" 200 2187
58.37.225.51 - - [24/May/2021:09:10:32 +0800] "GET /xingrg/all/function/internal_message.html?_=1621818633166&CODE_STATE=getMsg HTTP/1.1" 200 27
222.69.128.109 - - [24/May/2021:09:10:38 +0800] "GET /xingrg/kc/buy/cgsh_order_operate.html?command=get_materiel&rest_code=00149&code=00102009948&supplier_code=00100151&order_time=2021-05-24 HTTP/1.1" 200 414
222.69.128.109 - - [24/May/2021:09:10:39 +0800] "GET /xingrg/all/function/internal_message.html?_=1621818639079&CODE_STATE=getMsg HTTP/1.1" 200 27
116.230.114.112 - - [24/May/2021:09:10:41 +0800] "GET /xingrg/all/function/internal_message.html?_=1621818642643&CODE_STATE=getMsg HTTP/1.1" 200 27
116.230.117.165 - - [24/May/2021:09:10:44 +0800] "POST /xingrg/services/DataTransmitService HTTP/1.1" 200 524
116.230.117.165 - - [24/May/2021:09:10:48 +0800] "POST /xingrg/services/DataTransmitService HTTP/1.1" 200 501
180.169.147.146 - - [24/May/2021:09:10:48 +0800] "GET /xingrg/all/function/internal_message.html?_=1621818649587&CODE_STATE=getMsg HTTP/1.1" 200 27
61.165.42.208 - - [24/May/2021:09:10:48 +0800] "GET /xingrg/all/function/internal_message.html?_=1621818630285&CODE_STATE=getMsg HTTP/1.1" 200 27
116.235.222.38 - - [24/May/2021:09:10:49 +0800] "GET /xingrg/all/function/internal_message.html?_=1621818648008&CODE_STATE=getMsg HTTP/1.1" 200 27
116.230.110.80 - - [24/May/2021:09:10:50 +0800] "GET /xingrg/kc/buy/cgsh_order_operate.html?command=get_materiel&rest_code=00155&code=00101002027&supplier_code=00100199&order_time=2021-05-24 HTTP/1.1" 200 434
101.93.222.235 - - [24/May/2021:09:10:53 +0800] "POST /xingrg/services/DataTransmitService HTTP/1.1" 200 524
101.93.222.235 - - [24/May/2021:09:10:54 +0800] "POST /xingrg/services/DataTransmitService HTTP/1.1" 200 2075
116.230.117.165 - - [24/May/2021:09:10:56 +0800] "POST /xingrg/services/DataTransmitService HTTP/1.1" 200 524
222.69.128.109 - - [24/May/2021:09:10:56 +0800] "POST /xingrg/kc/buy/cgsh_order_operate.html HTTP/1.1" 200 37
116.230.117.165 - - [24/May/2021:09:10:56 +0800] "POST /xingrg/services/DataTransmitService HTTP/1.1" 200 501
116.230.117.165 - - [24/May/2021:09:10:59 +0800] "POST /xingrg/services/DataTransmitService HTTP/1.1" 200 524
116.230.117.165 - - [24/May/2021:09:10:59 +0800] "POST /xingrg/services/DataTransmitService HTTP/1.1" 200 497
222.69.128.109 - - [24/May/2021:09:10:59 +0800] "POST /xingrg/kc/buy/cgsh_order_operate.html HTTP/1.1" 200 12
116.230.117.165 - - [24/May/2021:09:11:00 +0800] "POST /xingrg/services/DataTransmitService HTTP/1.1" 200 524
116.230.110.80 - - [24/May/2021:09:11:01 +0800] "GET /xingrg/kc/buy/cgsh_order_operate.html?command=get_materiel&rest_code=00155&code=00101001111&supplier_code=00100199&order_time=2021-05-24 HTTP/1.1" 200 409
222.69.128.109 - - [24/May/2021:09:11:02 +0800] "GET /xingrg/kc/buy/cgsh_order_info.html?code=212021052410737 HTTP/1.1" 200 57040
222.69.128.109 - - [24/May/2021:09:11:02 +0800] "GET /xingrg/javascript/easyui/themes/default/validatebox.css HTTP/1.1" 404 1104
222.69.128.109 - - [24/May/2021:09:11:03 +0800] "POST /xingrg/kc/buy/cgsh_order_operate.html HTTP/1.1" 200 1215
116.230.117.165 - - [24/May/2021:09:11:04 +0800] "POST /xingrg/services/DataTransmitService HTTP/1.1" 200 501
116.230.117.165 - - [24/May/2021:09:11:04 +0800] "POST /xingrg/services/DataTransmitService HTTP/1.1" 200 501
116.230.117.165 - - [24/May/2021:09:11:05 +0800] "POST /xingrg/services/DataTransmitService HTTP/1.1" 200 501
116.224.253.72 - - [24/May/2021:09:11:05 +0800] "GET /xingrg/kc/base/wldb_order_info.html?code=422021052402639 HTTP/1.1" 200 26070
116.224.253.72 - - [24/May/2021:09:11:06 +0800] "GET /xingrg/javascript/easyui/themes/default/validatebox.css HTTP/1.1" 404 1104
116.224.253.72 - - [24/May/2021:09:11:06 +0800] "POST /xingrg/kc/base/wldb_order_operate.html HTTP/1.1" 200 482
116.230.117.165 - - [24/May/2021:09:11:06 +0800] "POST /xingrg/services/DataTransmitService HTTP/1.1" 200 501
116.230.117.165 - - [24/May/2021:09:11:07 +0800] "POST /xingrg/services/DataTransmitService HTTP/1.1" 200 501
116.230.117.165 - - [24/May/2021:09:11:07 +0800] "POST /xingrg/services/DataTransmitService HTTP/1.1" 200 501
116.230.117.165 - - [24/May/2021:09:11:07 +0800] "POST /xingrg/services/DataTransmitService HTTP/1.1" 200 501
116.230.117.165 - - [24/May/2021:09:11:07 +0800] "POST /xingrg/services/DataTransmitService HTTP/1.1" 200 501
117.184.7.26 - - [24/May/2021:09:11:07 +0800] "GET /xingrg/all/function/internal_message.html?_=1621818667240&CODE_STATE=getMsg HTTP/1.1" 302 -
117.184.7.26 - - [24/May/2021:09:11:07 +0800] "GET /xingrg/check_reg.html?_=1621818667242 HTTP/1.1" 302 -
117.184.7.26 - - [24/May/2021:09:11:07 +0800] "GET /xingrg/login.html HTTP/1.1" 200 7641
117.184.7.26 - - [24/May/2021:09:11:07 +0800] "GET /xingrg/login.html HTTP/1.1" 200 7641
58.40.7.146 - - [24/May/2021:09:11:08 +0800] "GET /xingrg/all/function/internal_message.html?_=1621818668725&CODE_STATE=getMsg HTTP/1.1" 200 27
120.253.135.82 - - [24/May/2021:09:11:09 +0800] "GET /xingrg/all/function/internal_message.html?_=1621818450993&CODE_STATE=getMsg HTTP/1.1" 200 27
116.230.117.165 - - [24/May/2021:09:11:09 +0800] "POST /xingrg/services/DataTransmitService HTTP/1.1" 200 412
116.224.253.72 - - [24/May/2021:09:11:11 +0800] "GET /xingrg/kc/base/wldb_order_add.html HTTP/1.1" 200 30193
116.224.253.72 - - [24/May/2021:09:11:12 +0800] "GET /xingrg/javascript/easyui/themes/default/validatebox.css HTTP/1.1" 404 1104
116.224.253.72 - - [24/May/2021:09:11:12 +0800] "POST /xingrg/kc/base/wldb_order_operate.html HTTP/1.1" 200 6806
116.230.110.80 - - [24/May/2021:09:11:13 +0800] "POST /xingrg/kc/buy/cgsh_order_operate.html HTTP/1.1" 200 37
120.253.135.82 - - [24/May/2021:09:11:15 +0800] "GET /xingrg/all/function/internal_message.html?_=1621818723257&CODE_STATE=getMsg HTTP/1.1" 200 27
116.230.110.80 - - [24/May/2021:09:11:15 +0800] "POST /xingrg/kc/buy/cgsh_order_operate.html HTTP/1.1" 200 3248
114.86.226.27 - - [24/May/2021:09:11:20 +0800] "GET /xingrg/all/function/internal_message.html?_=1621818680400&CODE_STATE=getMsg HTTP/1.1" 200 27
116.230.110.80 - - [24/May/2021:09:11:22 +0800] "GET /xingrg/kc/print/load_data.html?order_code=212021052410738&kc_code=cgsh&condition= HTTP/1.1" 200 906
116.224.253.72 - - [24/May/2021:09:11:22 +0800] "GET /xingrg/kc/base/wldb_order_operate.html?command=get_materiel&rest_code=00150&base_code=0010445&code=00101019063 HTTP/1.1" 200 447
58.221.95.50 - - [24/May/2021:09:11:24 +0800] "GET /xingrg/check_reg.html?_=1621818685473 HTTP/1.1" 302 -
222.69.128.109 - - [24/May/2021:09:11:24 +0800] "GET /xingrg/kc/print/load_data.html?order_code=212021052410737&kc_code=cgsh&condition= HTTP/1.1" 200 932
58.221.95.50 - - [24/May/2021:09:11:24 +0800] "GET /xingrg/login.html HTTP/1.1" 200 7641
116.230.110.80 - - [24/May/2021:09:11:26 +0800] "GET /xingrg/all/function/internal_message.html?_=1621818683954&CODE_STATE=getMsg HTTP/1.1" 200 27
114.86.226.27 - - [24/May/2021:09:11:27 +0800] "POST /xingrg/all/common/load_tree.html?tree=area_rest_tree_json&manage=1 HTTP/1.1" 200 342
114.86.226.27 - - [24/May/2021:09:11:27 +0800] "GET /xingrg/all/function/internal_message.html?_=1621818687539&CODE_STATE=count HTTP/1.1" 200 11
114.86.226.27 - - [24/May/2021:09:11:27 +0800] "GET /xingrg/check_reg.html?_=1621818687539 HTTP/1.1" 200 22
114.86.226.27 - - [24/May/2021:09:11:27 +0800] "POST /xingrg/load_menu.html HTTP/1.1" 200 5138
114.86.226.27 - - [24/May/2021:09:11:28 +0800] "GET /xingrg/kc/buy/buy_main.html HTTP/1.1" 200 12412
114.86.226.27 - - [24/May/2021:09:11:28 +0800] "GET /xingrg/css/new_ie.css HTTP/1.1" 404 1036
114.86.226.27 - - [24/May/2021:09:11:29 +0800] "GET /xingrg/kc/buy/cgsh_order_list.html HTTP/1.1" 200 46357
114.86.226.27 - - [24/May/2021:09:11:30 +0800] "POST /xingrg/kc/buy/cgsh_list_operate.html HTTP/1.1" 200 876
180.161.111.4 - - [24/May/2021:09:11:30 +0800] "GET /xingrg/all/function/internal_message.html?_=1621818689662&CODE_STATE=getMsg HTTP/1.1" 200 27
116.224.253.72 - - [24/May/2021:09:11:30 +0800] "GET /xingrg/all/function/internal_message.html?_=1621818666544&CODE_STATE=getMsg HTTP/1.1" 200 27
114.86.226.27 - - [24/May/2021:09:11:30 +0800] "GET /xingrg/kc/buy/cgsh_order_add.html HTTP/1.1" 200 62136
114.86.226.27 - - [24/May/2021:09:11:30 +0800] "POST /xingrg/kc/buy/cgsh_order_operate.html HTTP/1.1" 200 8245
114.86.226.27 - - [24/May/2021:09:11:30 +0800] "GET /xingrg/all/common/auto_word.html?type=employee&rest_code=00109 HTTP/1.1" 200 155
114.86.226.27 - - [24/May/2021:09:11:30 +0800] "GET /xingrg/javascript/easyui/themes/default/validatebox.css HTTP/1.1" 404 1104
114.86.226.27 - - [24/May/2021:09:11:30 +0800] "GET /xingrg/all/common/auto_word.html?type=employee&rest_code=00109 HTTP/1.1" 200 155
116.230.110.80 - - [24/May/2021:09:11:31 +0800] "GET /xingrg/kc/buy/cgsh_order_add.html HTTP/1.1" 200 62063
116.224.253.72 - - [24/May/2021:09:11:31 +0800] "GET /xingrg/kc/base/wldb_order_operate.html?command=get_materiel&rest_code=00150&base_code=0010445&code=00101019015 HTTP/1.1" 200 437
116.230.110.80 - - [24/May/2021:09:11:31 +0800] "POST /xingrg/kc/buy/cgsh_order_operate.html HTTP/1.1" 200 8245
116.230.110.80 - - [24/May/2021:09:11:31 +0800] "GET /xingrg/javascript/easyui/themes/default/validatebox.css HTTP/1.1" 404 1104
101.89.239.232 - - [24/May/2021:09:11:32 +0800] "GET /xingrg/all/function/internal_message.html?_=1621818633166&CODE_STATE=getMsg HTTP/1.1" 302 -
58.37.225.51 - - [24/May/2021:09:11:32 +0800] "GET /xingrg/all/function/internal_message.html?_=1621818693163&CODE_STATE=getMsg HTTP/1.1" 200 27
101.89.239.232 - - [24/May/2021:09:11:32 +0800] "GET /xingrg/login.html HTTP/1.1" 200 7641
116.224.253.72 - - [24/May/2021:09:11:38 +0800] "GET /xingrg/kc/base/wldb_order_operate.html?command=get_materiel&rest_code=00150&base_code=0010445&code=00101016020 HTTP/1.1" 200 446
222.69.128.109 - - [24/May/2021:09:11:39 +0800] "GET /xingrg/all/function/internal_message.html?_=1621818699081&CODE_STATE=getMsg HTTP/1.1" 200 27
114.86.226.27 - - [24/May/2021:09:11:39 +0800] "GET /xingrg/javascript/jquery_tools/images/prev.gif HTTP/1.1" 404 1086
114.86.226.27 - - [24/May/2021:09:11:39 +0800] "GET /xingrg/javascript/jquery_tools/images/next.gif HTTP/1.1" 404 1086
116.230.114.112 - - [24/May/2021:09:11:41 +0800] "GET /xingrg/all/function/internal_message.html?_=1621818702684&CODE_STATE=getMsg HTTP/1.1" 200 27
116.224.253.72 - - [24/May/2021:09:11:44 +0800] "GET /xingrg/all/function/internal_message.html?_=1621818704394&CODE_STATE=getMsg HTTP/1.1" 200 27
114.86.226.27 - - [24/May/2021:09:11:46 +0800] "GET /xingrg/kc/buy/cgsh_order_operate.html?command=get_materiel&rest_code=00109&code=00101008248&supplier_code=00100005&order_time=2021-05-24 HTTP/1.1" 200 412
116.224.253.72 - - [24/May/2021:09:11:46 +0800] "GET /xingrg/kc/base/wldb_order_operate.html?command=get_materiel&rest_code=00150&base_code=0010445&code=00101016086 HTTP/1.1" 200 468
180.169.147.146 - - [24/May/2021:09:11:48 +0800] "GET /xingrg/all/function/internal_message.html?_=1621818709587&CODE_STATE=getMsg HTTP/1.1" 200 27
61.165.42.208 - - [24/May/2021:09:11:48 +0800] "GET /xingrg/all/function/internal_message.html?_=1621818690266&CODE_STATE=getMsg HTTP/1.1" 200 27
116.235.222.38 - - [24/May/2021:09:11:49 +0800] "GET /xingrg/all/function/internal_message.html?_=1621818708007&CODE_STATE=getMsg HTTP/1.1" 200 27
114.86.226.27 - - [24/May/2021:09:11:51 +0800] "GET /xingrg/kc/buy/cgsh_order_operate.html?command=get_materiel&rest_code=00109&code=00101008155&supplier_code=00100005&order_time=2021-05-24 HTTP/1.1" 200 408
114.86.226.27 - - [24/May/2021:09:11:58 +0800] "GET /xingrg/kc/buy/cgsh_order_operate.html?command=get_materiel&rest_code=00109&code=00101008049&supplier_code=00100005&order_time=2021-05-24 HTTP/1.1" 200 408
116.224.253.72 - - [24/May/2021:09:11:58 +0800] "POST /xingrg/kc/base/wldb_order_operate.html HTTP/1.1" 200 37
120.253.135.82 - - [24/May/2021:09:11:59 +0800] "GET /xingrg/check_reg.html?_=1621818767537 HTTP/1.1" 200 22
116.224.253.72 - - [24/May/2021:09:12:00 +0800] "POST /xingrg/kc/base/wldb_order_operate.html HTTP/1.1" 200 12
116.224.253.72 - - [24/May/2021:09:12:00 +0800] "POST /xingrg/kc/base/wldb_order_operate.html HTTP/1.1" 200 3665
116.224.253.72 - - [24/May/2021:09:12:01 +0800] "GET /xingrg/kc/base/wldb_order_info.html?code=422021052402640 HTTP/1.1" 200 26072
116.224.253.72 - - [24/May/2021:09:12:02 +0800] "GET /xingrg/javascript/easyui/themes/default/validatebox.css HTTP/1.1" 404 1104
116.224.253.72 - - [24/May/2021:09:12:02 +0800] "POST /xingrg/kc/base/wldb_order_operate.html HTTP/1.1" 200 1928
116.230.110.80 - - [24/May/2021:09:12:02 +0800] "GET /xingrg/kc/buy/cgsh_order_operate.html?command=get_materiel&rest_code=00155&code=00101007125&supplier_code=00100002&order_time=2021-05-24 HTTP/1.1" 200 406
114.86.226.27 - - [24/May/2021:09:12:04 +0800] "GET /xingrg/kc/buy/cgsh_order_operate.html?command=get_materiel&rest_code=00109&code=00101008358&supplier_code=00100005&order_time=2021-05-24 HTTP/1.1" 200 412
117.184.7.26 - - [24/May/2021:09:12:07 +0800] "GET /xingrg/all/function/internal_message.html?_=1621818727241&CODE_STATE=getMsg HTTP/1.1" 302 -
117.184.7.26 - - [24/May/2021:09:12:07 +0800] "GET /xingrg/login.html HTTP/1.1" 200 7641
58.40.7.146 - - [24/May/2021:09:12:08 +0800] "GET /xingrg/all/function/internal_message.html?_=1621818728710&CODE_STATE=getMsg HTTP/1.1" 200 27
114.86.226.27 - - [24/May/2021:09:12:09 +0800] "GET /xingrg/kc/buy/cgsh_order_operate.html?command=get_materiel&rest_code=00109&code=00101008141&supplier_code=00100005&order_time=2021-05-24 HTTP/1.1" 200 412
120.253.135.82 - - [24/May/2021:09:12:09 +0800] "GET /xingrg/all/function/internal_message.html?_=1621818511000&CODE_STATE=getMsg HTTP/1.1" 200 27
114.86.226.27 - - [24/May/2021:09:12:13 +0800] "GET /xingrg/kc/buy/cgsh_order_operate.html?command=get_materiel&rest_code=00109&code=00101008126&supplier_code=00100005&order_time=2021-05-24 HTTP/1.1" 200 412
120.253.135.82 - - [24/May/2021:09:12:15 +0800] "GET /xingrg/all/function/internal_message.html?_=1621818783262&CODE_STATE=getMsg HTTP/1.1" 200 27
114.86.226.27 - - [24/May/2021:09:12:19 +0800] "GET /xingrg/kc/buy/cgsh_order_operate.html?command=get_materiel&rest_code=00109&code=00101008361&supplier_code=00100005&order_time=2021-05-24 HTTP/1.1" 200 408
116.230.110.80 - - [24/May/2021:09:12:24 +0800] "GET /xingrg/kc/buy/cgsh_order_operate.html?command=get_materiel&rest_code=00155&code=00101007072&supplier_code=00100002&order_time=2021-05-24 HTTP/1.1" 200 413
114.86.226.27 - - [24/May/2021:09:12:25 +0800] "GET /xingrg/kc/buy/cgsh_order_operate.html?command=get_materiel&rest_code=00109&code=00101008270&supplier_code=00100005&order_time=2021-05-24 HTTP/1.1" 200 412
116.230.110.80 - - [24/May/2021:09:12:26 +0800] "GET /xingrg/all/function/internal_message.html?_=1621818743924&CODE_STATE=getMsg HTTP/1.1" 200 27
222.69.128.109 - - [24/May/2021:09:12:27 +0800] "GET /xingrg/kc/buy/cgsh_order_add.html HTTP/1.1" 200 62148
222.69.128.109 - - [24/May/2021:09:12:27 +0800] "POST /xingrg/kc/buy/cgsh_order_operate.html HTTP/1.1" 200 8245
222.69.128.109 - - [24/May/2021:09:12:27 +0800] "GET /xingrg/javascript/easyui/themes/default/validatebox.css HTTP/1.1" 404 1104
114.86.226.27 - - [24/May/2021:09:12:27 +0800] "GET /xingrg/all/function/internal_message.html?_=1621818747546&CODE_STATE=getMsg HTTP/1.1" 200 27
180.161.111.4 - - [24/May/2021:09:12:30 +0800] "GET /xingrg/all/function/internal_message.html?_=1621818749660&CODE_STATE=getMsg HTTP/1.1" 200 27
116.224.253.72 - - [24/May/2021:09:12:30 +0800] "GET /xingrg/all/function/internal_message.html?_=1621818726550&CODE_STATE=getMsg HTTP/1.1" 200 27
58.37.225.51 - - [24/May/2021:09:12:32 +0800] "GET /xingrg/all/function/internal_message.html?_=1621818753161&CODE_STATE=getMsg HTTP/1.1" 200 27
114.86.226.27 - - [24/May/2021:09:12:32 +0800] "GET /xingrg/kc/buy/cgsh_order_operate.html?command=get_materiel&rest_code=00109&code=00101008357&supplier_code=00100005&order_time=2021-05-24 HTTP/1.1" 200 408
114.86.226.27 - - [24/May/2021:09:12:37 +0800] "GET /xingrg/kc/buy/cgsh_order_operate.html?command=get_materiel&rest_code=00109&code=00101008155&supplier_code=00100005&order_time=2021-05-24 HTTP/1.1" 200 408
222.69.128.109 - - [24/May/2021:09:12:39 +0800] "GET /xingrg/check_reg.html?_=1621818759095 HTTP/1.1" 200 22
222.69.128.109 - - [24/May/2021:09:12:39 +0800] "GET /xingrg/all/function/internal_message.html?_=1621818759093&CODE_STATE=getMsg HTTP/1.1" 200 27
222.69.128.109 - - [24/May/2021:09:12:40 +0800] "GET /xingrg/kc/buy/cgsh_order_operate.html?command=get_materiel&rest_code=00149&code=00102009675&supplier_code=00100151&order_time=2021-05-24 HTTP/1.1" 200 409
116.230.114.112 - - [24/May/2021:09:12:41 +0800] "GET /xingrg/all/function/internal_message.html?_=1621818762685&CODE_STATE=getMsg HTTP/1.1" 200 27
116.224.253.72 - - [24/May/2021:09:12:44 +0800] "GET /xingrg/all/function/internal_message.html?_=1621818764372&CODE_STATE=getMsg HTTP/1.1" 200 27
116.230.110.80 - - [24/May/2021:09:12:44 +0800] "POST /xingrg/kc/buy/cgsh_order_operate.html HTTP/1.1" 200 37
116.224.253.72 - - [24/May/2021:09:12:44 +0800] "GET /xingrg/check_reg.html?_=1621818764418 HTTP/1.1" 200 22
114.86.226.27 - - [24/May/2021:09:12:45 +0800] "GET /xingrg/kc/buy/cgsh_order_operate.html?command=get_materiel&rest_code=00109&code=00101008354&supplier_code=00100005&order_time=2021-05-24 HTTP/1.1" 200 412
116.230.110.80 - - [24/May/2021:09:12:45 +0800] "POST /xingrg/kc/buy/cgsh_order_operate.html HTTP/1.1" 200 3243
116.230.110.80 - - [24/May/2021:09:12:47 +0800] "GET /xingrg/kc/print/load_data.html?order_code=212021052410739&kc_code=cgsh&condition= HTTP/1.1" 200 971
180.169.147.146 - - [24/May/2021:09:12:48 +0800] "GET /xingrg/all/function/internal_message.html?_=1621818769586&CODE_STATE=getMsg HTTP/1.1" 200 27
180.169.147.146 - - [24/May/2021:09:12:48 +0800] "GET /xingrg/check_reg.html?_=1621818769588 HTTP/1.1" 200 22
61.165.42.208 - - [24/May/2021:09:12:48 +0800] "GET /xingrg/all/function/internal_message.html?_=1621818750237&CODE_STATE=getMsg HTTP/1.1" 200 27
116.235.222.38 - - [24/May/2021:09:12:49 +0800] "GET /xingrg/all/function/internal_message.html?_=1621818768007&CODE_STATE=getMsg HTTP/1.1" 200 27
114.86.226.27 - - [24/May/2021:09:12:52 +0800] "GET /xingrg/kc/buy/cgsh_order_operate.html?command=get_materiel&rest_code=00109&code=00101008110&supplier_code=00100005&order_time=2021-05-24 HTTP/1.1" 200 408
114.86.226.27 - - [24/May/2021:09:13:00 +0800] "GET /xingrg/kc/buy/cgsh_order_operate.html?command=get_materiel&rest_code=00109&code=00101008096&supplier_code=00100005&order_time=2021-05-24 HTTP/1.1" 200 412
61.165.42.208 - - [24/May/2021:09:13:07 +0800] "GET /xingrg/kc/buy/cgsh_order_operate.html?command=get_materiel&rest_code=00105&code=00101002027&supplier_code=00100397&order_time=2021-05-24 HTTP/1.1" 200 434
114.86.226.27 - - [24/May/2021:09:13:07 +0800] "GET /xingrg/kc/buy/cgsh_order_operate.html?command=get_materiel&rest_code=00109&code=00101008163&supplier_code=00100005&order_time=2021-05-24 HTTP/1.1" 200 408
117.184.7.26 - - [24/May/2021:09:13:08 +0800] "GET /xingrg/all/function/internal_message.html?_=1621818787242&CODE_STATE=getMsg HTTP/1.1" 302 -
117.184.7.26 - - [24/May/2021:09:13:08 +0800] "GET /xingrg/login.html HTTP/1.1" 200 7641
58.40.7.146 - - [24/May/2021:09:13:08 +0800] "GET /xingrg/all/function/internal_message.html?_=1621818788714&CODE_STATE=getMsg HTTP/1.1" 200 27
58.40.7.146 - - [24/May/2021:09:13:08 +0800] "GET /xingrg/check_reg.html?_=1621818788715 HTTP/1.1" 200 22
120.253.135.82 - - [24/May/2021:09:13:08 +0800] "GET /xingrg/check_reg.html?_=1621818570595 HTTP/1.1" 200 22
120.253.135.82 - - [24/May/2021:09:13:09 +0800] "GET /xingrg/all/function/internal_message.html?_=1621818571014&CODE_STATE=getMsg HTTP/1.1" 200 27
114.86.226.27 - - [24/May/2021:09:13:12 +0800] "GET /xingrg/kc/buy/cgsh_order_operate.html?command=get_materiel&rest_code=00109&code=00101008264&supplier_code=00100005&order_time=2021-05-24 HTTP/1.1" 200 412
120.253.135.82 - - [24/May/2021:09:13:15 +0800] "GET /xingrg/all/function/internal_message.html?_=1621818843275&CODE_STATE=getMsg HTTP/1.1" 200 27
222.69.128.109 - - [24/May/2021:09:13:19 +0800] "POST /xingrg/kc/buy/cgsh_order_operate.html HTTP/1.1" 200 37
114.86.226.27 - - [24/May/2021:09:13:21 +0800] "GET /xingrg/kc/buy/cgsh_order_operate.html?command=get_materiel&rest_code=00109&code=00101008357&supplier_code=00100005&order_time=2021-05-24 HTTP/1.1" 200 408
