114.86.226.27 - - [24/May/2021:09:00:33 +0800] "GET /xingrg/images/blue/button/advanceover.gif HTTP/1.1" 200 1347
114.86.226.27 - - [24/May/2021:09:00:33 +0800] "GET /xingrg/images/blue/button/back2over.gif HTTP/1.1" 200 1335
114.86.226.27 - - [24/May/2021:09:00:33 +0800] "GET /xingrg/images/blue/button/advance2over.gif HTTP/1.1" 200 1336
114.86.226.27 - - [24/May/2021:09:00:33 +0800] "GET /xingrg/images/blue/button/backover.gif HTTP/1.1" 200 1348
114.86.226.27 - - [24/May/2021:09:00:33 +0800] "GET /xingrg/images/control/loading.gif HTTP/1.1" 200 13463
114.86.226.27 - - [24/May/2021:09:00:33 +0800] "GET /xingrg/javascript/jquery_easy_ui/themes/icons/help.png HTTP/1.1" 200 1187
114.86.226.27 - - [24/May/2021:09:00:33 +0800] "GET /xingrg/javascript/jquery_easy_ui/themes/default/images/menu_rightarrow.png HTTP/1.1" 200 3617
114.86.226.27 - - [24/May/2021:09:00:33 +0800] "GET /xingrg/javascript/jquery_easy_ui/themes/icons/pencil.png HTTP/1.1" 200 713
114.86.226.27 - - [24/May/2021:09:00:33 +0800] "GET /xingrg/javascript/jquery_easy_ui/themes/default/images/button_a_bg.gif HTTP/1.1" 200 1194
114.86.226.27 - - [24/May/2021:09:00:33 +0800] "GET /xingrg/javascript/jquery_easy_ui/themes/default/images/menu.gif HTTP/1.1" 200 834
114.86.226.27 - - [24/May/2021:09:00:33 +0800] "GET /xingrg/javascript/jquery_easy_ui/themes/icons/print.png HTTP/1.1" 200 1057
114.86.226.27 - - [24/May/2021:09:00:33 +0800] "GET /xingrg/javascript/jquery_easy_ui/themes/default/images/menu_downarrow.png HTTP/1.1" 200 173
114.86.226.27 - - [24/May/2021:09:00:33 +0800] "POST /xingrg/dwr/call/plaincall/AjaxReportQueryService.getFixDate.dwr HTTP/1.1" 200 111
114.86.226.27 - - [24/May/2021:09:00:33 +0800] "GET /xingrg/javascript/jquery_easy_ui/themes/default/images/combo_arrow_dot.gif HTTP/1.1" 200 79
114.86.226.27 - - [24/May/2021:09:00:33 +0800] "POST /xingrg/all/common/load_tree.html?tree=supplier_tree_json&manage=1 HTTP/1.1" 200 56294
222.69.128.109 - - [24/May/2021:09:00:34 +0800] "POST /xingrg/kc/buy/cgsh_order_operate.html HTTP/1.1" 200 37
114.86.226.27 - - [24/May/2021:09:00:34 +0800] "GET /xingrg/javascript/jquery_easy_ui/themes/default/images/tree_checkbox_0.gif HTTP/1.1" 200 168
114.86.226.27 - - [24/May/2021:09:00:34 +0800] "POST /xingrg/all/common/load_tree.html?tree=materiel_sort_tree_json HTTP/1.1" 200 8666
114.86.226.27 - - [24/May/2021:09:00:34 +0800] "POST /xingrg/dwr/call/plaincall/AjaxReportQueryService.getInitString.dwr HTTP/1.1" 200 1014
114.86.226.27 - - [24/May/2021:09:00:34 +0800] "GET /xingrg/javascript/multi_select/dropdown.gif HTTP/1.1" 200 61
116.235.222.38 - - [24/May/2021:09:00:35 +0800] "POST /xingrg/kc/buy/cgsh_order_operate.html HTTP/1.1" 200 12
116.235.222.38 - - [24/May/2021:09:00:36 +0800] "GET /xingrg/kc/buy/cgsh_order_info.html?code=212021052209985 HTTP/1.1" 200 57087
116.235.222.38 - - [24/May/2021:09:00:37 +0800] "GET /xingrg/javascript/easyui/themes/default/validatebox.css HTTP/1.1" 404 1104
116.235.222.38 - - [24/May/2021:09:00:37 +0800] "POST /xingrg/kc/buy/cgsh_order_operate.html HTTP/1.1" 200 620
114.86.226.27 - - [24/May/2021:09:00:38 +0800] "POST /xingrg/dwr/call/plaincall/AjaxReportQueryService.getFixDate.dwr HTTP/1.1" 200 111
114.86.226.27 - - [24/May/2021:09:00:38 +0800] "GET /xingrg/javascript/multi_select/dropdown_hover.gif HTTP/1.1" 200 61
222.69.128.109 - - [24/May/2021:09:00:38 +0800] "POST /xingrg/kc/buy/cgsh_order_operate.html HTTP/1.1" 200 26255
116.224.253.72 - - [24/May/2021:09:00:38 +0800] "GET /xingrg/kc/buy/cgsh_order_operate.html?command=get_materiel&rest_code=00150&code=00101007091&supplier_code=00100096&order_time=2021-05-24 HTTP/1.1" 200 415
222.69.128.109 - - [24/May/2021:09:00:39 +0800] "GET /xingrg/all/function/internal_message.html?_=1621818039040&CODE_STATE=getMsg HTTP/1.1" 200 27
114.86.226.27 - - [24/May/2021:09:00:39 +0800] "POST /xingrg/dwr/call/plaincall/AjaxReportQueryService.refreshCache.dwr HTTP/1.1" 200 78
116.230.114.112 - - [24/May/2021:09:00:41 +0800] "GET /xingrg/all/function/internal_message.html?_=1621818042428&CODE_STATE=getMsg HTTP/1.1" 200 27
116.224.253.72 - - [24/May/2021:09:00:41 +0800] "GET /xingrg/check_reg.html?_=1621818041629 HTTP/1.1" 200 22
116.224.253.72 - - [24/May/2021:09:00:41 +0800] "GET /xingrg/all/function/internal_message.html?_=1621818041634&CODE_STATE=getMsg HTTP/1.1" 200 27
114.86.226.27 - - [24/May/2021:09:00:42 +0800] "POST /xingrg/all/report/load_report_page.html HTTP/1.1" 200 156527
114.86.226.27 - - [24/May/2021:09:00:42 +0800] "GET /xingrg/servlets/image?cache=0.03287932370228719&image=px HTTP/1.1" 200 807
61.165.42.208 - - [24/May/2021:09:00:43 +0800] "GET /xingrg/kc/base/check_order_list.html?isBack=1 HTTP/1.1" 200 16098
61.165.42.208 - - [24/May/2021:09:00:43 +0800] "POST /xingrg/kc/base/check_list_operate.html HTTP/1.1" 200 1554
114.86.226.27 - - [24/May/2021:09:00:45 +0800] "GET /xingrg/all/report/report_query.html?isQuery=1&fileName=kc/buy/wlcg_cate_hz.xml&queryString=(CONVERT(char(10)%252Ca.order_time%252C%2520120)%253E%253D'2021-04-01')%2520and%2520(CONVERT(char(10)%252Ca.order_time%252C%2520120)%253C%253D'2021-04-30')%2520and%2520(a.number%253E0%2520and%2520a.supplier_code%253D'00100015')&queryText=%25E3%2580%2590%25E9%2587%2587%25E8%25B4%25AD%25E6%2597%25A5%25E6%259C%259F%253A2021-04-01%2520%25E8%2587%25B3%25202021-04-30%25E3%2580%2591%2520%25E5%25B9%25B6%25E4%25B8%2594%2520%25E3%2580%2590%25E4%25BE%259B%25E5%25BA%2594%25E5%2595%2586%253D%25E7%258C%25AA%25E8%2582%2589%25EF%25BC%2588%25E7%258E%258B%25E5%25AF%258C%25E6%2598%258E%25EF%25BC%2589%25E3%2580%2591 HTTP/1.1" 200 54374
114.86.226.27 - - [24/May/2021:09:00:45 +0800] "GET /xingrg/dwr/interface/AjaxReportQueryService.js HTTP/1.1" 200 13203
114.86.226.27 - - [24/May/2021:09:00:45 +0800] "GET /xingrg/dwr/engine.js HTTP/1.1" 200 43631
114.86.226.27 - - [24/May/2021:09:00:47 +0800] "POST /xingrg/all/report/load_report_page.html HTTP/1.1" 200 8717
114.86.226.27 - - [24/May/2021:09:00:47 +0800] "GET /xingrg/servlets/image?cache=0.3830005983228346&image=px HTTP/1.1" 200 807
180.169.147.146 - - [24/May/2021:09:00:48 +0800] "GET /xingrg/all/function/internal_message.html?_=1621818049587&CODE_STATE=getMsg HTTP/1.1" 200 27
114.86.226.27 - - [24/May/2021:09:00:49 +0800] "POST /xingrg/all/report/load_report_page.html HTTP/1.1" 200 83362
61.165.42.208 - - [24/May/2021:09:00:49 +0800] "GET /xingrg/all/function/internal_message.html?_=1621818030542&CODE_STATE=getMsg HTTP/1.1" 200 27
114.86.226.27 - - [24/May/2021:09:00:49 +0800] "GET /xingrg/images/blue/button/back2.gif HTTP/1.1" 200 1339
114.86.226.27 - - [24/May/2021:09:00:49 +0800] "GET /xingrg/images/blue/button/back.gif HTTP/1.1" 200 1352
114.86.226.27 - - [24/May/2021:09:00:49 +0800] "GET /xingrg/servlets/image?cache=0.3369697312768145&image=px HTTP/1.1" 200 807
116.235.222.38 - - [24/May/2021:09:00:49 +0800] "GET /xingrg/all/function/internal_message.html?_=1621818047985&CODE_STATE=getMsg HTTP/1.1" 200 27
114.86.226.27 - - [24/May/2021:09:00:49 +0800] "GET /xingrg/javascript/jquery_easy_ui/themes/default/images/button_plain_hover.png HTTP/1.1" 200 252
116.224.253.72 - - [24/May/2021:09:00:51 +0800] "GET /xingrg/kc/buy/cgsh_order_operate.html?command=get_materiel&rest_code=00150&code=00101012064&supplier_code=00100096&order_time=2021-05-24 HTTP/1.1" 200 428
114.86.226.27 - - [24/May/2021:09:00:51 +0800] "POST /xingrg/all/report/report_print.html HTTP/1.1" 302 -
114.86.226.27 - - [24/May/2021:09:00:51 +0800] "GET /xingrg/servlets/image?image=px HTTP/1.1" 200 807
114.86.226.27 - - [24/May/2021:09:00:51 +0800] "GET /xingrg/servlets/html?sysBaseUrl=http%3A%2F%2F180.169.147.146%3A18081%2Fxingrg%2F&costTime=209×tamp=1621818051786 HTTP/1.1" 200 105545
116.224.253.72 - - [24/May/2021:09:00:52 +0800] "POST /xingrg/all/common/load_select.html HTTP/1.1" 200 25
116.224.253.72 - - [24/May/2021:09:00:56 +0800] "GET /xingrg/kc/buy/cgsh_order_operate.html?command=get_materiel_price&rest_code=00150&code=00101012064&unit_code=00100040&supplier_code=00100096&order_time=2021-05-24 HTTP/1.1" 200 27
116.235.222.38 - - [24/May/2021:09:00:57 +0800] "POST /xingrg/kc/buy/cgsh_list_operate.html HTTP/1.1" 200 5073
116.224.253.72 - - [24/May/2021:09:00:59 +0800] "GET /xingrg/all/function/internal_message.html?_=1621818034937&CODE_STATE=getMsg HTTP/1.1" 200 27
116.235.222.38 - - [24/May/2021:09:01:02 +0800] "POST /xingrg/kc/buy/cgsh_list_operate.html HTTP/1.1" 200 212
116.235.222.38 - - [24/May/2021:09:01:03 +0800] "GET /xingrg/kc/buy/cgsh_order_info.html?code=212021052209877 HTTP/1.1" 200 62198
116.235.222.38 - - [24/May/2021:09:01:03 +0800] "GET /xingrg/javascript/easyui/themes/default/validatebox.css HTTP/1.1" 404 1104
116.235.222.38 - - [24/May/2021:09:01:04 +0800] "POST /xingrg/kc/buy/cgsh_order_operate.html HTTP/1.1" 200 2675
61.165.42.208 - - [24/May/2021:09:01:07 +0800] "GET /xingrg/kc/base/base_main.html HTTP/1.1" 200 12142
117.184.7.26 - - [24/May/2021:09:01:07 +0800] "GET /xingrg/all/function/internal_message.html?_=1621818067229&CODE_STATE=getMsg HTTP/1.1" 302 -
117.184.7.26 - - [24/May/2021:09:01:07 +0800] "GET /xingrg/check_reg.html?_=1621818067231 HTTP/1.1" 302 -
117.184.7.26 - - [24/May/2021:09:01:07 +0800] "GET /xingrg/login.html HTTP/1.1" 200 7641
117.184.7.26 - - [24/May/2021:09:01:07 +0800] "GET /xingrg/login.html HTTP/1.1" 200 7641
58.40.7.146 - - [24/May/2021:09:01:08 +0800] "GET /xingrg/all/function/internal_message.html?_=1621818068707&CODE_STATE=getMsg HTTP/1.1" 200 27
120.253.135.82 - - [24/May/2021:09:01:09 +0800] "GET /xingrg/all/function/internal_message.html?_=1621817850858&CODE_STATE=getMsg HTTP/1.1" 200 27
61.165.42.208 - - [24/May/2021:09:01:09 +0800] "GET /xingrg/kc/base/check_order_list.html HTTP/1.1" 200 16098
61.165.42.208 - - [24/May/2021:09:01:09 +0800] "POST /xingrg/kc/base/check_list_operate.html HTTP/1.1" 200 1554
120.253.135.82 - - [24/May/2021:09:01:15 +0800] "GET /xingrg/all/function/internal_message.html?_=1621818123096&CODE_STATE=getMsg HTTP/1.1" 200 27
116.224.253.72 - - [24/May/2021:09:01:17 +0800] "POST /xingrg/kc/buy/cgsh_order_operate.html HTTP/1.1" 200 37
116.235.222.38 - - [24/May/2021:09:01:20 +0800] "POST /xingrg/kc/buy/cgsh_order_operate.html HTTP/1.1" 200 37
116.224.253.72 - - [24/May/2021:09:01:20 +0800] "GET /xingrg/kc/buy/cgsh_order_operate.html?command=get_materiel&rest_code=00150&code=00101007071&supplier_code=00100096&order_time=2021-05-24 HTTP/1.1" 200 417
114.86.226.27 - - [24/May/2021:09:01:20 +0800] "GET /xingrg/all/function/internal_message.html?_=1621818080367&CODE_STATE=getMsg HTTP/1.1" 200 27
116.224.253.72 - - [24/May/2021:09:01:20 +0800] "POST /xingrg/kc/buy/cgsh_order_operate.html HTTP/1.1" 200 12
61.165.42.208 - - [24/May/2021:09:01:21 +0800] "GET /xingrg/kc/buy/buy_main.html HTTP/1.1" 200 12412
61.165.42.208 - - [24/May/2021:09:01:21 +0800] "GET /xingrg/css/new_ie.css HTTP/1.1" 404 1036
61.165.42.208 - - [24/May/2021:09:01:22 +0800] "GET /xingrg/images/yd/bt.gif HTTP/1.1" 404 1040
61.165.42.208 - - [24/May/2021:09:01:23 +0800] "GET /xingrg/kc/buy/cgsh_order_list.html HTTP/1.1" 200 46357
116.235.222.38 - - [24/May/2021:09:01:23 +0800] "POST /xingrg/kc/buy/cgsh_order_operate.html HTTP/1.1" 200 12
116.224.253.72 - - [24/May/2021:09:01:23 +0800] "GET /xingrg/kc/buy/cgsh_order_info.html?code=212021052410727 HTTP/1.1" 200 56639
116.235.222.38 - - [24/May/2021:09:01:23 +0800] "POST /xingrg/kc/buy/cgsh_list_operate.html HTTP/1.1" 200 5073
116.224.253.72 - - [24/May/2021:09:01:23 +0800] "GET /xingrg/javascript/easyui/themes/default/validatebox.css HTTP/1.1" 404 1104
61.165.42.208 - - [24/May/2021:09:01:24 +0800] "POST /xingrg/kc/buy/cgsh_list_operate.html HTTP/1.1" 200 876
116.224.253.72 - - [24/May/2021:09:01:24 +0800] "POST /xingrg/kc/buy/cgsh_order_operate.html HTTP/1.1" 200 18549
116.235.222.38 - - [24/May/2021:09:01:25 +0800] "GET /xingrg/kc/buy/cgsh_order_info.html?code=212021052209877 HTTP/1.1" 200 57089
116.230.110.80 - - [24/May/2021:09:01:25 +0800] "GET /xingrg/all/function/internal_message.html?_=1621818083815&CODE_STATE=getMsg HTTP/1.1" 200 27
116.235.222.38 - - [24/May/2021:09:01:26 +0800] "GET /xingrg/javascript/easyui/themes/default/validatebox.css HTTP/1.1" 404 1104
116.235.222.38 - - [24/May/2021:09:01:26 +0800] "POST /xingrg/kc/buy/cgsh_order_operate.html HTTP/1.1" 200 625
180.161.111.4 - - [24/May/2021:09:01:30 +0800] "GET /xingrg/all/function/internal_message.html?_=1621818089636&CODE_STATE=getMsg HTTP/1.1" 200 27
116.224.253.72 - - [24/May/2021:09:01:31 +0800] "GET /xingrg/kc/print/load_data.html?order_code=212021052410727&kc_code=cgsh&condition= HTTP/1.1" 200 7655
58.37.225.51 - - [24/May/2021:09:01:32 +0800] "GET /xingrg/all/function/internal_message.html?_=1621818093135&CODE_STATE=getMsg HTTP/1.1" 200 27
222.69.128.109 - - [24/May/2021:09:01:39 +0800] "GET /xingrg/all/function/internal_message.html?_=1621818099065&CODE_STATE=getMsg HTTP/1.1" 200 27
116.230.114.112 - - [24/May/2021:09:01:41 +0800] "GET /xingrg/all/function/internal_message.html?_=1621818102477&CODE_STATE=getMsg HTTP/1.1" 200 27
116.224.253.72 - - [24/May/2021:09:01:41 +0800] "GET /xingrg/all/function/internal_message.html?_=1621818101770&CODE_STATE=getMsg HTTP/1.1" 200 27
116.235.222.38 - - [24/May/2021:09:01:42 +0800] "POST /xingrg/kc/buy/cgsh_list_operate.html HTTP/1.1" 200 4711
116.224.253.72 - - [24/May/2021:09:01:42 +0800] "GET /xingrg/check_reg.html?_=1621818078326 HTTP/1.1" 200 22
116.235.222.38 - - [24/May/2021:09:01:44 +0800] "POST /xingrg/kc/buy/cgsh_list_operate.html HTTP/1.1" 200 213
116.235.222.38 - - [24/May/2021:09:01:45 +0800] "GET /xingrg/kc/buy/cgsh_order_info.html?code=212021052209983 HTTP/1.1" 200 62196
116.235.222.38 - - [24/May/2021:09:01:46 +0800] "GET /xingrg/javascript/easyui/themes/default/validatebox.css HTTP/1.1" 404 1104
116.235.222.38 - - [24/May/2021:09:01:47 +0800] "POST /xingrg/kc/buy/cgsh_order_operate.html HTTP/1.1" 200 2679
180.169.147.146 - - [24/May/2021:09:01:48 +0800] "GET /xingrg/all/function/internal_message.html?_=1621818109588&CODE_STATE=getMsg HTTP/1.1" 200 27
61.165.42.208 - - [24/May/2021:09:01:48 +0800] "GET /xingrg/all/function/internal_message.html?_=1621818090462&CODE_STATE=getMsg HTTP/1.1" 200 27
116.235.222.38 - - [24/May/2021:09:01:49 +0800] "GET /xingrg/all/function/internal_message.html?_=1621818107986&CODE_STATE=getMsg HTTP/1.1" 200 27
116.224.253.72 - - [24/May/2021:09:01:50 +0800] "GET /xingrg/kc/buy/cgsh_order_operate.html?command=get_materiel&rest_code=00150&code=00101007081&supplier_code=00100096&order_time=2021-05-24 HTTP/1.1" 200 435
116.224.253.72 - - [24/May/2021:09:01:59 +0800] "GET /xingrg/all/function/internal_message.html?_=1621818094949&CODE_STATE=getMsg HTTP/1.1" 200 27
120.253.135.82 - - [24/May/2021:09:01:59 +0800] "GET /xingrg/check_reg.html?_=1621818167526 HTTP/1.1" 200 22
116.235.222.38 - - [24/May/2021:09:02:00 +0800] "POST /xingrg/kc/buy/cgsh_list_operate.html HTTP/1.1" 200 4711
116.235.222.38 - - [24/May/2021:09:02:07 +0800] "GET /xingrg/javascript/auto/indicator.gif HTTP/1.1" 404 1066
117.184.7.26 - - [24/May/2021:09:02:07 +0800] "GET /xingrg/all/function/internal_message.html?_=1621818127230&CODE_STATE=getMsg HTTP/1.1" 302 -
117.184.7.26 - - [24/May/2021:09:02:07 +0800] "GET /xingrg/login.html HTTP/1.1" 200 7641
58.40.7.146 - - [24/May/2021:09:02:08 +0800] "GET /xingrg/all/function/internal_message.html?_=1621818128710&CODE_STATE=getMsg HTTP/1.1" 200 27
120.253.135.82 - - [24/May/2021:09:02:09 +0800] "GET /xingrg/all/function/internal_message.html?_=1621817910864&CODE_STATE=getMsg HTTP/1.1" 200 27
120.253.135.82 - - [24/May/2021:09:02:15 +0800] "GET /xingrg/all/function/internal_message.html?_=1621818183110&CODE_STATE=getMsg HTTP/1.1" 200 27
116.235.222.38 - - [24/May/2021:09:02:18 +0800] "GET /xingrg/kc/buy/cgsh_order_operate.html?command=get_materiel&rest_code=00107&code=00101010120&supplier_code=00100329&order_time=2021-05-22 HTTP/1.1" 200 415
114.86.226.27 - - [24/May/2021:09:02:20 +0800] "GET /xingrg/all/function/internal_message.html?_=1621818140360&CODE_STATE=getMsg HTTP/1.1" 200 27
116.224.253.72 - - [24/May/2021:09:02:21 +0800] "GET /xingrg/kc/buy/cgsh_order_operate.html?command=get_materiel&rest_code=00150&code=00101007077&supplier_code=00100096&order_time=2021-05-24 HTTP/1.1" 200 415
116.230.110.80 - - [24/May/2021:09:02:25 +0800] "GET /xingrg/all/function/internal_message.html?_=1621818143828&CODE_STATE=getMsg HTTP/1.1" 200 27
180.161.111.4 - - [24/May/2021:09:02:30 +0800] "GET /xingrg/all/function/internal_message.html?_=1621818149635&CODE_STATE=getMsg HTTP/1.1" 200 27
58.37.225.51 - - [24/May/2021:09:02:32 +0800] "GET /xingrg/all/function/internal_message.html?_=1621818153133&CODE_STATE=getMsg HTTP/1.1" 200 27
222.69.128.109 - - [24/May/2021:09:02:39 +0800] "GET /xingrg/all/function/internal_message.html?_=1621818159041&CODE_STATE=getMsg HTTP/1.1" 200 27
222.69.128.109 - - [24/May/2021:09:02:39 +0800] "GET /xingrg/check_reg.html?_=1621818159044 HTTP/1.1" 200 22
116.230.114.112 - - [24/May/2021:09:02:41 +0800] "GET /xingrg/all/function/internal_message.html?_=1621818162486&CODE_STATE=getMsg HTTP/1.1" 200 27
116.224.253.72 - - [24/May/2021:09:02:41 +0800] "GET /xingrg/all/function/internal_message.html?_=1621818161751&CODE_STATE=getMsg HTTP/1.1" 200 27
116.235.222.38 - - [24/May/2021:09:02:43 +0800] "POST /xingrg/kc/buy/cgsh_order_operate.html HTTP/1.1" 200 37
116.224.253.72 - - [24/May/2021:09:02:43 +0800] "POST /xingrg/all/user/operate.html HTTP/1.1" 200 36
116.224.253.72 - - [24/May/2021:09:02:43 +0800] "GET /xingrg/index.html?sysBaseUrl=http%3A%2F%2F180.169.147.146%3A18081%2Fxingrg%2F&costTime=43×tamp=1621731459221 HTTP/1.1" 200 17179
116.224.253.72 - - [24/May/2021:09:02:43 +0800] "GET /xingrg/javascript/jquery_easy_ui/themes/default/easyui.css HTTP/1.1" 304 -
116.224.253.72 - - [24/May/2021:09:02:43 +0800] "GET /xingrg/javascript/jquery_easy_ui/themes/icon.css HTTP/1.1" 304 -
116.224.253.72 - - [24/May/2021:09:02:43 +0800] "GET /xingrg/css/form.css HTTP/1.1" 304 -
116.224.253.72 - - [24/May/2021:09:02:43 +0800] "GET /xingrg/javascript/jquery-1.4.2.min.js HTTP/1.1" 304 -
116.224.253.72 - - [24/May/2021:09:02:43 +0800] "GET /xingrg/javascript/jquery_easy_ui/jquery.easyui.min.js HTTP/1.1" 304 -
116.224.253.72 - - [24/May/2021:09:02:43 +0800] "GET /xingrg/javascript/jquery_easy_ui/easyui-lang-zh_CN.js HTTP/1.1" 304 -
116.224.253.72 - - [24/May/2021:09:02:43 +0800] "GET /xingrg/javascript/jquery.form.js HTTP/1.1" 304 -
116.224.253.72 - - [24/May/2021:09:02:43 +0800] "GET /xingrg/javascript/jquery.utils.js HTTP/1.1" 304 -
116.224.253.72 - - [24/May/2021:09:02:44 +0800] "GET /xingrg/javascript/jquery.timers.js HTTP/1.1" 304 -
116.224.253.72 - - [24/May/2021:09:02:44 +0800] "GET /xingrg/images/blue/jxLogo.png HTTP/1.1" 304 -
116.224.253.72 - - [24/May/2021:09:02:44 +0800] "GET /xingrg/javascript/jquery_easy_ui/themes/icons/settle_new.png HTTP/1.1" 304 -
116.224.253.72 - - [24/May/2021:09:02:44 +0800] "GET /xingrg/images/blue/navBackgound.jpg HTTP/1.1" 304 -
116.224.253.72 - - [24/May/2021:09:02:44 +0800] "POST /xingrg/all/common/load_tree.html?tree=area_rest_tree_json&manage=1 HTTP/1.1" 200 476
116.224.253.72 - - [24/May/2021:09:02:44 +0800] "GET /xingrg/all/function/internal_message.html?_=1621818164344&CODE_STATE=count HTTP/1.1" 200 11
116.224.253.72 - - [24/May/2021:09:02:44 +0800] "GET /xingrg/images/blue/pingpu.png HTTP/1.1" 304 -
116.224.253.72 - - [24/May/2021:09:02:44 +0800] "GET /xingrg/check_reg.html?_=1621818164345 HTTP/1.1" 200 22
116.224.253.72 - - [24/May/2021:09:02:44 +0800] "GET /xingrg/javascript/jquery_easy_ui/themes/default/images/panel_tool_collapse.gif HTTP/1.1" 304 -
116.224.253.72 - - [24/May/2021:09:02:44 +0800] "GET /xingrg/javascript/jquery_easy_ui/themes/default/images/tabs_rightarrow.png HTTP/1.1" 304 -
116.224.253.72 - - [24/May/2021:09:02:44 +0800] "GET /xingrg/javascript/jquery_easy_ui/themes/default/images/tabs_leftarrow.png HTTP/1.1" 304 -
116.224.253.72 - - [24/May/2021:09:02:44 +0800] "POST /xingrg/load_menu.html HTTP/1.1" 200 5138
116.235.222.38 - - [24/May/2021:09:02:46 +0800] "POST /xingrg/kc/buy/cgsh_order_operate.html HTTP/1.1" 200 12
116.224.253.72 - - [24/May/2021:09:02:46 +0800] "GET /xingrg/kc/buy/cgsh_order_list.html HTTP/1.1" 200 46363
116.235.222.38 - - [24/May/2021:09:02:48 +0800] "GET /xingrg/kc/buy/cgsh_order_info.html?code=212021052209983 HTTP/1.1" 200 57087
180.169.147.146 - - [24/May/2021:09:02:48 +0800] "GET /xingrg/check_reg.html?_=1621818169592 HTTP/1.1" 200 22
180.169.147.146 - - [24/May/2021:09:02:48 +0800] "GET /xingrg/all/function/internal_message.html?_=1621818169595&CODE_STATE=getMsg HTTP/1.1" 200 27
61.165.42.208 - - [24/May/2021:09:02:48 +0800] "GET /xingrg/all/function/internal_message.html?_=1621818150447&CODE_STATE=getMsg HTTP/1.1" 200 27
116.235.222.38 - - [24/May/2021:09:02:49 +0800] "GET /xingrg/javascript/easyui/themes/default/validatebox.css HTTP/1.1" 404 1104
116.235.222.38 - - [24/May/2021:09:02:49 +0800] "GET /xingrg/all/function/internal_message.html?_=1621818167992&CODE_STATE=getMsg HTTP/1.1" 200 27
116.224.253.72 - - [24/May/2021:09:02:49 +0800] "POST /xingrg/kc/buy/cgsh_order_operate.html HTTP/1.1" 200 37
116.235.222.38 - - [24/May/2021:09:02:49 +0800] "POST /xingrg/kc/buy/cgsh_order_operate.html HTTP/1.1" 200 1224
116.224.253.72 - - [24/May/2021:09:02:50 +0800] "POST /xingrg/kc/buy/cgsh_list_operate.html HTTP/1.1" 200 2054
116.224.253.72 - - [24/May/2021:09:02:52 +0800] "POST /xingrg/kc/buy/cgsh_order_operate.html HTTP/1.1" 200 12
116.235.222.38 - - [24/May/2021:09:02:52 +0800] "GET /xingrg/kc/buy/buy_main.html HTTP/1.1" 200 12412
116.235.222.38 - - [24/May/2021:09:02:52 +0800] "GET /xingrg/css/new_ie.css HTTP/1.1" 404 1036
116.224.253.72 - - [24/May/2021:09:02:52 +0800] "POST /xingrg/kc/buy/cgsh_list_operate.html HTTP/1.1" 200 579
116.224.253.72 - - [24/May/2021:09:02:53 +0800] "GET /xingrg/kc/buy/cgsh_order_info.html?code=212021052410733 HTTP/1.1" 200 56927
116.235.222.38 - - [24/May/2021:09:02:53 +0800] "GET /xingrg/images/yd/bt.gif HTTP/1.1" 404 1040
116.224.253.72 - - [24/May/2021:09:02:53 +0800] "GET /xingrg/javascript/easyui/themes/default/validatebox.css HTTP/1.1" 404 1104
116.224.253.72 - - [24/May/2021:09:02:53 +0800] "GET /xingrg/kc/buy/cgsh_order_info.html?code=212021052410730 HTTP/1.1" 200 62028
116.224.253.72 - - [24/May/2021:09:02:54 +0800] "POST /xingrg/kc/buy/cgsh_order_operate.html HTTP/1.1" 200 6535
116.235.222.38 - - [24/May/2021:09:02:54 +0800] "GET /xingrg/kc/buy/cgsh_order_list.html HTTP/1.1" 200 46363
116.224.253.72 - - [24/May/2021:09:02:54 +0800] "GET /xingrg/javascript/easyui/themes/default/validatebox.css HTTP/1.1" 404 1104
116.224.253.72 - - [24/May/2021:09:02:54 +0800] "POST /xingrg/kc/buy/cgsh_order_operate.html HTTP/1.1" 200 5619
116.224.253.72 - - [24/May/2021:09:02:56 +0800] "GET /xingrg/kc/print/load_config.html?kc_code=cgsh HTTP/1.1" 200 1845
116.224.253.72 - - [24/May/2021:09:02:56 +0800] "GET /xingrg/kc/print/load_data.html?order_code=212021052410733&kc_code=cgsh&condition= HTTP/1.1" 200 2966
116.224.253.72 - - [24/May/2021:09:02:59 +0800] "GET /xingrg/all/function/internal_message.html?_=1621818154962&CODE_STATE=getMsg HTTP/1.1" 200 27
116.224.253.72 - - [24/May/2021:09:03:03 +0800] "GET /xingrg/kc/buy/cgsh_order_add.html HTTP/1.1" 200 62031
116.224.253.72 - - [24/May/2021:09:03:04 +0800] "POST /xingrg/kc/buy/cgsh_order_operate.html HTTP/1.1" 200 8245
116.224.253.72 - - [24/May/2021:09:03:04 +0800] "GET /xingrg/javascript/easyui/themes/default/validatebox.css HTTP/1.1" 404 1104
117.184.7.26 - - [24/May/2021:09:03:07 +0800] "GET /xingrg/all/function/internal_message.html?_=1621818187231&CODE_STATE=getMsg HTTP/1.1" 302 -
117.184.7.26 - - [24/May/2021:09:03:07 +0800] "GET /xingrg/login.html HTTP/1.1" 200 7641
120.253.135.82 - - [24/May/2021:09:03:08 +0800] "GET /xingrg/check_reg.html?_=1621817970577 HTTP/1.1" 200 22
58.40.7.146 - - [24/May/2021:09:03:08 +0800] "GET /xingrg/all/function/internal_message.html?_=1621818188713&CODE_STATE=getMsg HTTP/1.1" 200 27
58.40.7.146 - - [24/May/2021:09:03:08 +0800] "GET /xingrg/check_reg.html?_=1621818188714 HTTP/1.1" 200 22
120.253.135.82 - - [24/May/2021:09:03:09 +0800] "GET /xingrg/all/function/internal_message.html?_=1621817970878&CODE_STATE=getMsg HTTP/1.1" 200 27
116.235.222.38 - - [24/May/2021:09:03:09 +0800] "POST /xingrg/kc/buy/cgsh_list_operate.html HTTP/1.1" 200 5055
61.165.42.208 - - [24/May/2021:09:03:10 +0800] "GET /xingrg/kc/buy/cgsh_order_add.html HTTP/1.1" 200 62142
61.165.42.208 - - [24/May/2021:09:03:10 +0800] "GET /xingrg/words/20210523164735_words.js HTTP/1.1" 200 816755
61.165.42.208 - - [24/May/2021:09:03:10 +0800] "POST /xingrg/kc/buy/cgsh_order_operate.html HTTP/1.1" 200 8245
61.165.42.208 - - [24/May/2021:09:03:10 +0800] "GET /xingrg/all/common/auto_word.html?type=employee&rest_code=00105 HTTP/1.1" 200 193
61.165.42.208 - - [24/May/2021:09:03:10 +0800] "GET /xingrg/javascript/easyui/themes/default/validatebox.css HTTP/1.1" 404 1104
61.165.42.208 - - [24/May/2021:09:03:10 +0800] "GET /xingrg/all/common/auto_word.html?type=employee&rest_code=00105 HTTP/1.1" 200 193
120.253.135.82 - - [24/May/2021:09:03:15 +0800] "GET /xingrg/all/function/internal_message.html?_=1621818243124&CODE_STATE=getMsg HTTP/1.1" 200 27
114.86.226.27 - - [24/May/2021:09:03:20 +0800] "GET /xingrg/all/function/internal_message.html?_=1621818200367&CODE_STATE=getMsg HTTP/1.1" 200 27
116.235.95.160 - - [24/May/2021:09:03:21 +0800] "POST /xingrg/services/DataTransmitService HTTP/1.1" 200 524
116.230.110.80 - - [24/May/2021:09:03:25 +0800] "GET /xingrg/all/function/internal_message.html?_=1621818203819&CODE_STATE=getMsg HTTP/1.1" 200 27
116.224.253.72 - - [24/May/2021:09:03:29 +0800] "POST /xingrg/all/user/operate.html HTTP/1.1" 200 36
116.224.253.72 - - [24/May/2021:09:03:30 +0800] "GET /xingrg/index.html?sysBaseUrl=http%3A%2F%2F180.169.147.146%3A18081%2Fxingrg%2F&costTime=40×tamp=1621759838281 HTTP/1.1" 200 17177
116.224.253.72 - - [24/May/2021:09:03:30 +0800] "GET /xingrg/javascript/jquery_easy_ui/themes/default/easyui.css HTTP/1.1" 304 -
116.224.253.72 - - [24/May/2021:09:03:30 +0800] "GET /xingrg/javascript/jquery_easy_ui/themes/icon.css HTTP/1.1" 304 -
116.224.253.72 - - [24/May/2021:09:03:30 +0800] "GET /xingrg/css/form.css HTTP/1.1" 304 -
116.224.253.72 - - [24/May/2021:09:03:30 +0800] "GET /xingrg/javascript/jquery-1.4.2.min.js HTTP/1.1" 304 -
116.224.253.72 - - [24/May/2021:09:03:30 +0800] "GET /xingrg/javascript/jquery_easy_ui/jquery.easyui.min.js HTTP/1.1" 304 -
116.224.253.72 - - [24/May/2021:09:03:30 +0800] "GET /xingrg/javascript/jquery_easy_ui/easyui-lang-zh_CN.js HTTP/1.1" 304 -
116.224.253.72 - - [24/May/2021:09:03:30 +0800] "GET /xingrg/javascript/jquery.form.js HTTP/1.1" 304 -
116.224.253.72 - - [24/May/2021:09:03:30 +0800] "GET /xingrg/javascript/jquery.utils.js HTTP/1.1" 304 -
116.224.253.72 - - [24/May/2021:09:03:30 +0800] "GET /xingrg/javascript/jquery.timers.js HTTP/1.1" 304 -
116.224.253.72 - - [24/May/2021:09:03:30 +0800] "GET /xingrg/images/blue/navBackgound.jpg HTTP/1.1" 304 -
116.224.253.72 - - [24/May/2021:09:03:30 +0800] "GET /xingrg/images/blue/jxLogo.png HTTP/1.1" 304 -
116.224.253.72 - - [24/May/2021:09:03:30 +0800] "GET /xingrg/javascript/jquery_easy_ui/themes/icons/settle_new.png HTTP/1.1" 304 -
116.224.253.72 - - [24/May/2021:09:03:30 +0800] "GET /xingrg/images/blue/pingpu.png HTTP/1.1" 304 -
116.224.253.72 - - [24/May/2021:09:03:30 +0800] "POST /xingrg/all/common/load_tree.html?tree=area_rest_tree_json&manage=1 HTTP/1.1" 200 476
116.224.253.72 - - [24/May/2021:09:03:30 +0800] "GET /xingrg/javascript/jquery_easy_ui/themes/default/images/tabs_leftarrow.png HTTP/1.1" 304 -
116.224.253.72 - - [24/May/2021:09:03:30 +0800] "GET /xingrg/javascript/jquery_easy_ui/themes/default/images/tabs_rightarrow.png HTTP/1.1" 304 -
116.224.253.72 - - [24/May/2021:09:03:30 +0800] "GET /xingrg/javascript/jquery_easy_ui/themes/default/images/panel_tool_collapse.gif HTTP/1.1" 304 -
116.224.253.72 - - [24/May/2021:09:03:30 +0800] "GET /xingrg/all/function/internal_message.html?_=1621818186403&CODE_STATE=count HTTP/1.1" 200 11
116.224.253.72 - - [24/May/2021:09:03:30 +0800] "GET /xingrg/check_reg.html?_=1621818186404 HTTP/1.1" 200 22
180.161.111.4 - - [24/May/2021:09:03:30 +0800] "GET /xingrg/all/function/internal_message.html?_=1621818209634&CODE_STATE=getMsg HTTP/1.1" 200 27
116.224.253.72 - - [24/May/2021:09:03:30 +0800] "POST /xingrg/load_menu.html HTTP/1.1" 200 5138
58.37.225.51 - - [24/May/2021:09:03:32 +0800] "GET /xingrg/all/function/internal_message.html?_=1621818213132&CODE_STATE=getMsg HTTP/1.1" 200 27
116.235.222.38 - - [24/May/2021:09:03:36 +0800] "POST /xingrg/kc/buy/cgsh_list_operate.html HTTP/1.1" 200 499
116.235.222.38 - - [24/May/2021:09:03:37 +0800] "GET /xingrg/kc/buy/cgsh_order_info.html?code=212021052310295 HTTP/1.1" 200 62192
116.235.222.38 - - [24/May/2021:09:03:38 +0800] "GET /xingrg/javascript/easyui/themes/default/validatebox.css HTTP/1.1" 404 1104
116.235.222.38 - - [24/May/2021:09:03:38 +0800] "POST /xingrg/kc/buy/cgsh_order_operate.html HTTP/1.1" 200 5025
222.69.128.109 - - [24/May/2021:09:03:39 +0800] "GET /xingrg/all/function/internal_message.html?_=1621818219038&CODE_STATE=getMsg HTTP/1.1" 200 27
222.69.128.109 - - [24/May/2021:09:03:39 +0800] "GET /xingrg/kc/buy/cgsh_order_operate.html?command=get_materiel&rest_code=00149&code=00101008213&supplier_code=00100005&order_time=2021-05-24 HTTP/1.1" 200 412
116.230.114.112 - - [24/May/2021:09:03:41 +0800] "GET /xingrg/all/function/internal_message.html?_=1621818222520&CODE_STATE=getMsg HTTP/1.1" 200 27
116.224.253.72 - - [24/May/2021:09:03:44 +0800] "GET /xingrg/all/function/internal_message.html?_=1621818224359&CODE_STATE=getMsg HTTP/1.1" 200 27
180.169.147.146 - - [24/May/2021:09:03:48 +0800] "GET /xingrg/all/function/internal_message.html?_=1621818229581&CODE_STATE=getMsg HTTP/1.1" 200 27
61.165.42.208 - - [24/May/2021:09:03:48 +0800] "GET /xingrg/all/function/internal_message.html?_=1621818210437&CODE_STATE=getMsg HTTP/1.1" 200 27
116.235.222.38 - - [24/May/2021:09:03:49 +0800] "GET /xingrg/all/function/internal_message.html?_=1621818227995&CODE_STATE=getMsg HTTP/1.1" 200 27
222.69.128.109 - - [24/May/2021:09:03:55 +0800] "GET /xingrg/kc/buy/cgsh_order_operate.html?command=get_materiel&rest_code=00149&code=00101008304&supplier_code=00100005&order_time=2021-05-24 HTTP/1.1" 200 412
180.169.147.146 - - [24/May/2021:09:04:05 +0800] "GET /xingrg/check_reg.html?_=1621818245972 HTTP/1.1" 302 -
117.184.7.26 - - [24/May/2021:09:04:07 +0800] "GET /xingrg/all/function/internal_message.html?_=1621818247235&CODE_STATE=getMsg HTTP/1.1" 302 -
117.184.7.26 - - [24/May/2021:09:04:07 +0800] "GET /xingrg/login.html HTTP/1.1" 200 7641
58.40.7.146 - - [24/May/2021:09:04:08 +0800] "GET /xingrg/all/function/internal_message.html?_=1621818248718&CODE_STATE=getMsg HTTP/1.1" 200 27
120.253.135.82 - - [24/May/2021:09:04:09 +0800] "GET /xingrg/all/function/internal_message.html?_=1621818030891&CODE_STATE=getMsg HTTP/1.1" 200 27
61.165.42.208 - - [24/May/2021:09:04:13 +0800] "GET /xingrg/check_reg.html?_=1621818234676 HTTP/1.1" 200 22
116.235.222.38 - - [24/May/2021:09:04:14 +0800] "POST /xingrg/kc/buy/cgsh_order_operate.html HTTP/1.1" 200 37
222.69.128.109 - - [24/May/2021:09:04:14 +0800] "GET /xingrg/kc/buy/cgsh_order_operate.html?command=get_materiel&rest_code=00149&code=00101008110&supplier_code=00100005&order_time=2021-05-24 HTTP/1.1" 200 408
120.253.135.82 - - [24/May/2021:09:04:15 +0800] "GET /xingrg/all/function/internal_message.html?_=1621818303145&CODE_STATE=getMsg HTTP/1.1" 200 27
116.235.222.38 - - [24/May/2021:09:04:16 +0800] "POST /xingrg/kc/buy/cgsh_order_operate.html HTTP/1.1" 200 5025
114.86.226.27 - - [24/May/2021:09:04:20 +0800] "GET /xingrg/all/function/internal_message.html?_=1621818260367&CODE_STATE=getMsg HTTP/1.1" 200 27
116.230.114.112 - - [24/May/2021:09:04:22 +0800] "GET /xingrg/check_reg.html?_=1621818264201 HTTP/1.1" 200 22
116.230.110.80 - - [24/May/2021:09:04:25 +0800] "GET /xingrg/check_reg.html?_=1621818263819 HTTP/1.1" 200 22
116.230.110.80 - - [24/May/2021:09:04:25 +0800] "GET /xingrg/all/function/internal_message.html?_=1621818263832&CODE_STATE=getMsg HTTP/1.1" 200 27
222.69.128.109 - - [24/May/2021:09:04:29 +0800] "POST /xingrg/kc/buy/cgsh_order_operate.html HTTP/1.1" 200 2065
180.161.111.4 - - [24/May/2021:09:04:30 +0800] "GET /xingrg/check_reg.html?_=1621818269662 HTTP/1.1" 200 22
180.161.111.4 - - [24/May/2021:09:04:30 +0800] "GET /xingrg/all/function/internal_message.html?_=1621818269662&CODE_STATE=getMsg HTTP/1.1" 200 27
116.224.253.72 - - [24/May/2021:09:04:30 +0800] "GET /xingrg/all/function/internal_message.html?_=1621818246409&CODE_STATE=getMsg HTTP/1.1" 200 27
58.37.225.51 - - [24/May/2021:09:04:32 +0800] "GET /xingrg/all/function/internal_message.html?_=1621818273159&CODE_STATE=getMsg HTTP/1.1" 200 27
58.37.225.51 - - [24/May/2021:09:04:32 +0800] "GET /xingrg/check_reg.html?_=1621818273159 HTTP/1.1" 200 22
116.235.222.38 - - [24/May/2021:09:04:33 +0800] "POST /xingrg/kc/buy/cgsh_list_operate.html HTTP/1.1" 200 5055
116.224.253.72 - - [24/May/2021:09:04:39 +0800] "GET /xingrg/kc/buy/cgsh_order_list.html HTTP/1.1" 200 46361
116.224.253.72 - - [24/May/2021:09:04:39 +0800] "GET /xingrg/javascript/jquery_tools/list_manager.js HTTP/1.1" 304 -
222.69.128.109 - - [24/May/2021:09:04:39 +0800] "GET /xingrg/all/function/internal_message.html?_=1621818279055&CODE_STATE=getMsg HTTP/1.1" 200 27
180.161.111.4 - - [24/May/2021:09:04:40 +0800] "GET /favicon.ico HTTP/1.1" 404 -
116.224.253.72 - - [24/May/2021:09:04:40 +0800] "POST /xingrg/kc/buy/cgsh_list_operate.html HTTP/1.1" 200 1705
180.161.111.4 - - [24/May/2021:09:04:40 +0800] "GET /favicon.ico HTTP/1.1" 404 -
116.230.114.112 - - [24/May/2021:09:04:41 +0800] "GET /xingrg/all/function/internal_message.html?_=1621818282529&CODE_STATE=getMsg HTTP/1.1" 200 27
180.161.111.4 - - [24/May/2021:09:04:41 +0800] "GET /favicon.ico HTTP/1.1" 404 -
116.224.253.72 - - [24/May/2021:09:04:42 +0800] "GET /xingrg/kc/buy/cgsh_order_add.html HTTP/1.1" 200 61749
116.224.253.72 - - [24/May/2021:09:04:42 +0800] "POST /xingrg/kc/buy/cgsh_order_operate.html HTTP/1.1" 200 8245
116.224.253.72 - - [24/May/2021:09:04:42 +0800] "GET /xingrg/all/common/auto_word.html?type=employee&rest_code=00151 HTTP/1.1" 200 243
116.224.253.72 - - [24/May/2021:09:04:42 +0800] "GET /xingrg/all/common/auto_word.html?type=employee&rest_code=00151 HTTP/1.1" 200 243
116.224.253.72 - - [24/May/2021:09:04:42 +0800] "GET /xingrg/javascript/easyui/themes/default/validatebox.css HTTP/1.1" 404 1104
222.69.128.109 - - [24/May/2021:09:04:43 +0800] "GET /xingrg/kc/buy/cgsh_order_operate.html?command=get_materiel&rest_code=00149&code=00101008125&supplier_code=00100005&order_time=2021-05-24 HTTP/1.1" 200 413
116.224.253.72 - - [24/May/2021:09:04:43 +0800] "GET /xingrg/javascript/auto/indicator.gif HTTP/1.1" 404 1066
116.224.253.72 - - [24/May/2021:09:04:44 +0800] "GET /xingrg/all/function/internal_message.html?_=1621818284359&CODE_STATE=getMsg HTTP/1.1" 200 27
114.86.226.27 - - [24/May/2021:09:04:47 +0800] "GET /xingrg/javascript/jquery_easy_ui/themes/default/images/tabs_active.png HTTP/1.1" 200 2894
180.169.147.146 - - [24/May/2021:09:04:48 +0800] "GET /xingrg/all/function/internal_message.html?_=1621818289583&CODE_STATE=getMsg HTTP/1.1" 200 27
61.165.42.208 - - [24/May/2021:09:04:48 +0800] "GET /xingrg/all/function/internal_message.html?_=1621818270410&CODE_STATE=getMsg HTTP/1.1" 200 27
116.235.222.38 - - [24/May/2021:09:04:49 +0800] "GET /xingrg/all/function/internal_message.html?_=1621818288001&CODE_STATE=getMsg HTTP/1.1" 200 27
116.235.222.38 - - [24/May/2021:09:04:49 +0800] "GET /xingrg/check_reg.html?_=1621818288004 HTTP/1.1" 200 22
116.224.253.72 - - [24/May/2021:09:04:51 +0800] "GET /xingrg/kc/buy/cgsh_order_operate.html?command=get_materiel&rest_code=00151&code=00101007049&supplier_code=00100096&order_time=2021-05-24 HTTP/1.1" 200 409
222.69.128.109 - - [24/May/2021:09:04:53 +0800] "GET /xingrg/kc/buy/cgsh_order_operate.html?command=get_materiel&rest_code=00149&code=00101008330&supplier_code=00100005&order_time=2021-05-24 HTTP/1.1" 200 408
114.86.226.27 - - [24/May/2021:09:04:54 +0800] "GET /xingrg/all/report/report_query.html?isQuery=1&fileName=kc/buy/wlcg_cate_hz.xml&queryString=(CONVERT(char(10)%252Ca.order_time%252C%2520120)%253E%253D'2021-04-01')%2520and%2520(CONVERT(char(10)%252Ca.order_time%252C%2520120)%253C%253D'2021-04-30')%2520and%2520(a.number%253E0%2520and%2520a.supplier_code%253D'00100004')&queryText=%25E3%2580%2590%25E9%2587%2587%25E8%25B4%25AD%25E6%2597%25A5%25E6%259C%259F%253A2021-04-01%2520%25E8%2587%25B3%25202021-04-30%25E3%2580%2591%2520%25E5%25B9%25B6%25E4%25B8%2594%2520%25E3%2580%2590%25E4%25BE%259B%25E5%25BA%2594%25E5%2595%2586%253D%25E5%25AE%25B6%25E7%25A6%25BD%25EF%25BC%2588%25E5%25B7%25A6%25E4%25BD%259C%25E6%2598%25A5%25EF%25BC%2589%25E3%2580%2591 HTTP/1.1" 200 54374
114.86.226.27 - - [24/May/2021:09:04:54 +0800] "GET /xingrg/dwr/interface/AjaxReportQueryService.js HTTP/1.1" 200 13203
114.86.226.27 - - [24/May/2021:09:04:54 +0800] "GET /xingrg/dwr/engine.js HTTP/1.1" 200 43631
114.86.226.27 - - [24/May/2021:09:04:55 +0800] "POST /xingrg/all/report/load_report_page.html HTTP/1.1" 200 8729
114.86.226.27 - - [24/May/2021:09:04:55 +0800] "GET /xingrg/servlets/image?cache=0.040808752004965254&image=px HTTP/1.1" 200 807
114.86.226.27 - - [24/May/2021:09:04:57 +0800] "POST /xingrg/all/report/load_report_page.html HTTP/1.1" 200 36597
114.86.226.27 - - [24/May/2021:09:04:57 +0800] "GET /xingrg/servlets/image?cache=0.46545880450287347&image=px HTTP/1.1" 200 807
114.86.226.27 - - [24/May/2021:09:04:59 +0800] "POST /xingrg/all/report/report_print.html HTTP/1.1" 302 -
114.86.226.27 - - [24/May/2021:09:05:00 +0800] "GET /xingrg/servlets/html?sysBaseUrl=http%3A%2F%2F180.169.147.146%3A18081%2Fxingrg%2F&costTime=163×tamp=1621818299980 HTTP/1.1" 200 36536
114.86.226.27 - - [24/May/2021:09:05:00 +0800] "GET /xingrg/servlets/image?image=px HTTP/1.1" 200 807
116.224.253.72 - - [24/May/2021:09:05:06 +0800] "GET /xingrg/kc/buy/cgsh_order_operate.html?command=get_materiel&rest_code=00151&code=00101007083&supplier_code=00100096&order_time=2021-05-24 HTTP/1.1" 200 423
117.184.7.26 - - [24/May/2021:09:05:07 +0800] "GET /xingrg/all/function/internal_message.html?_=1621818307234&CODE_STATE=getMsg HTTP/1.1" 302 -
117.184.7.26 - - [24/May/2021:09:05:07 +0800] "GET /xingrg/login.html HTTP/1.1" 200 7641
58.40.7.146 - - [24/May/2021:09:05:08 +0800] "GET /xingrg/all/function/internal_message.html?_=1621818308722&CODE_STATE=getMsg HTTP/1.1" 200 27
120.253.135.82 - - [24/May/2021:09:05:09 +0800] "GET /xingrg/all/function/internal_message.html?_=1621818090905&CODE_STATE=getMsg HTTP/1.1" 200 27
116.235.222.38 - - [24/May/2021:09:05:09 +0800] "POST /xingrg/kc/buy/cgsh_list_operate.html HTTP/1.1" 200 201
222.69.128.109 - - [24/May/2021:09:05:09 +0800] "GET /xingrg/kc/buy/cgsh_order_operate.html?command=get_materiel&rest_code=00149&code=00101008305&supplier_code=00100005&order_time=2021-05-24 HTTP/1.1" 200 412
120.253.135.82 - - [24/May/2021:09:05:15 +0800] "GET /xingrg/all/function/internal_message.html?_=1621818363151&CODE_STATE=getMsg HTTP/1.1" 200 27
116.235.222.38 - - [24/May/2021:09:05:16 +0800] "POST /xingrg/kc/buy/cgsh_list_operate.html HTTP/1.1" 200 363
222.69.128.109 - - [24/May/2021:09:05:19 +0800] "GET /xingrg/kc/buy/cgsh_order_operate.html?command=get_materiel&rest_code=00149&code=00101008306&supplier_code=00100005&order_time=2021-05-24 HTTP/1.1" 200 412
114.86.226.27 - - [24/May/2021:09:05:20 +0800] "GET /xingrg/check_reg.html?_=1621818320383 HTTP/1.1" 200 22
114.86.226.27 - - [24/May/2021:09:05:20 +0800] "GET /xingrg/all/function/internal_message.html?_=1621818320387&CODE_STATE=getMsg HTTP/1.1" 200 27
116.224.253.72 - - [24/May/2021:09:05:25 +0800] "GET /xingrg/kc/buy/cgsh_order_operate.html?command=get_materiel&rest_code=00151&code=00101006184&supplier_code=00100096&order_time=2021-05-24 HTTP/1.1" 200 410
116.230.110.80 - - [24/May/2021:09:05:25 +0800] "GET /xingrg/all/function/internal_message.html?_=1621818323828&CODE_STATE=getMsg HTTP/1.1" 200 27
180.161.111.4 - - [24/May/2021:09:05:30 +0800] "GET /xingrg/all/function/internal_message.html?_=1621818329664&CODE_STATE=getMsg HTTP/1.1" 200 27
116.224.253.72 - - [24/May/2021:09:05:30 +0800] "GET /xingrg/all/function/internal_message.html?_=1621818306423&CODE_STATE=getMsg HTTP/1.1" 200 27
58.37.225.51 - - [24/May/2021:09:05:32 +0800] "GET /xingrg/all/function/internal_message.html?_=1621818333157&CODE_STATE=getMsg HTTP/1.1" 200 27
116.224.253.72 - - [24/May/2021:09:05:36 +0800] "GET /xingrg/kc/buy/cgsh_order_operate.html?command=get_materiel&rest_code=00151&code=00101006065&supplier_code=00100096&order_time=2021-05-24 HTTP/1.1" 200 411
222.69.128.109 - - [24/May/2021:09:05:39 +0800] "GET /xingrg/all/function/internal_message.html?_=1621818339070&CODE_STATE=getMsg HTTP/1.1" 200 27
116.224.253.72 - - [24/May/2021:09:05:41 +0800] "GET /xingrg/javascript/auto/indicator.gif HTTP/1.1" 404 1066
116.230.114.112 - - [24/May/2021:09:05:41 +0800] "GET /xingrg/all/function/internal_message.html?_=1621818342545&CODE_STATE=getMsg HTTP/1.1" 200 27
116.224.253.72 - - [24/May/2021:09:05:44 +0800] "GET /xingrg/all/function/internal_message.html?_=1621818344354&CODE_STATE=getMsg HTTP/1.1" 200 27
116.224.253.72 - - [24/May/2021:09:05:44 +0800] "GET /xingrg/kc/buy/cgsh_order_operate.html?command=get_materiel&rest_code=00150&code=00101009063&supplier_code=00100424&order_time=2021-05-24 HTTP/1.1" 200 410
101.89.29.78 - - [24/May/2021:09:05:45 +0800] "GET /xingrg/all/function/internal_message.html?_=1621818273159&CODE_STATE=getMsg HTTP/1.1" 302 -
61.165.42.208 - - [24/May/2021:09:05:47 +0800] "GET /xingrg/javascript/auto/indicator.gif HTTP/1.1" 404 1066
180.169.147.146 - - [24/May/2021:09:05:48 +0800] "GET /xingrg/all/function/internal_message.html?_=1621818349587&CODE_STATE=getMsg HTTP/1.1" 200 27
61.165.42.208 - - [24/May/2021:09:05:48 +0800] "GET /xingrg/all/function/internal_message.html?_=1621818330384&CODE_STATE=getMsg HTTP/1.1" 200 27
101.89.29.78 - - [24/May/2021:09:05:48 +0800] "GET /xingrg/login.html HTTP/1.1" 200 7641
116.235.222.38 - - [24/May/2021:09:05:49 +0800] "GET /xingrg/all/function/internal_message.html?_=1621818347994&CODE_STATE=getMsg HTTP/1.1" 200 27
116.224.253.72 - - [24/May/2021:09:05:49 +0800] "GET /xingrg/kc/buy/cgsh_order_operate.html?command=get_materiel&rest_code=00151&code=00101006055&supplier_code=00100096&order_time=2021-05-24 HTTP/1.1" 200 411
116.235.222.38 - - [24/May/2021:09:05:58 +0800] "POST /xingrg/kc/buy/cgsh_list_operate.html HTTP/1.1" 200 4353
116.224.253.72 - - [24/May/2021:09:06:01 +0800] "GET /xingrg/kc/buy/cgsh_order_operate.html?command=get_materiel&rest_code=00151&code=00101012059&supplier_code=00100096&order_time=2021-05-24 HTTP/1.1" 200 412
116.224.253.72 - - [24/May/2021:09:06:02 +0800] "GET /xingrg/kc/buy/cgsh_order_operate.html?command=get_materiel&rest_code=00150&code=00101009112&supplier_code=00100424&order_time=2021-05-24 HTTP/1.1" 200 411
61.165.42.208 - - [24/May/2021:09:06:05 +0800] "GET /xingrg/kc/buy/cgsh_order_operate.html?command=get_materiel&rest_code=00105&code=00101012029&supplier_code=00100034&order_time=2021-05-24 HTTP/1.1" 200 412
222.69.128.109 - - [24/May/2021:09:06:07 +0800] "GET /xingrg/kc/buy/cgsh_order_operate.html?command=get_materiel&rest_code=00149&code=00101008010&supplier_code=00100005&order_time=2021-05-24 HTTP/1.1" 200 412
117.184.7.26 - - [24/May/2021:09:06:07 +0800] "GET /xingrg/all/function/internal_message.html?_=1621818367235&CODE_STATE=getMsg HTTP/1.1" 302 -
117.184.7.26 - - [24/May/2021:09:06:07 +0800] "GET /xingrg/check_reg.html?_=1621818367236 HTTP/1.1" 302 -
117.184.7.26 - - [24/May/2021:09:06:07 +0800] "GET /xingrg/login.html HTTP/1.1" 200 7641
117.184.7.26 - - [24/May/2021:09:06:07 +0800] "GET /xingrg/login.html HTTP/1.1" 200 7641
58.40.7.146 - - [24/May/2021:09:06:08 +0800] "GET /xingrg/all/function/internal_message.html?_=1621818368708&CODE_STATE=getMsg HTTP/1.1" 200 27
120.253.135.82 - - [24/May/2021:09:06:09 +0800] "GET /xingrg/all/function/internal_message.html?_=1621818150926&CODE_STATE=getMsg HTTP/1.1" 200 27
116.224.253.72 - - [24/May/2021:09:06:14 +0800] "GET /xingrg/kc/buy/cgsh_order_operate.html?command=get_materiel&rest_code=00151&code=00101001075&supplier_code=00100096&order_time=2021-05-24 HTTP/1.1" 200 409
120.253.135.82 - - [24/May/2021:09:06:15 +0800] "GET /xingrg/all/function/internal_message.html?_=1621818423175&CODE_STATE=getMsg HTTP/1.1" 200 27
116.224.253.72 - - [24/May/2021:09:06:17 +0800] "POST /xingrg/kc/buy/cgsh_order_operate.html HTTP/1.1" 200 37
222.69.128.109 - - [24/May/2021:09:06:18 +0800] "POST /xingrg/kc/buy/cgsh_order_operate.html HTTP/1.1" 200 2065
116.224.253.72 - - [24/May/2021:09:06:19 +0800] "POST /xingrg/kc/buy/cgsh_order_operate.html HTTP/1.1" 200 12
116.224.253.72 - - [24/May/2021:09:06:20 +0800] "GET /xingrg/kc/buy/cgsh_order_info.html?code=212021052410730 HTTP/1.1" 200 56921
114.86.226.27 - - [24/May/2021:09:06:20 +0800] "GET /xingrg/all/function/internal_message.html?_=1621818380386&CODE_STATE=getMsg HTTP/1.1" 200 27
116.224.253.72 - - [24/May/2021:09:06:20 +0800] "GET /xingrg/javascript/easyui/themes/default/validatebox.css HTTP/1.1" 404 1104
116.224.253.72 - - [24/May/2021:09:06:21 +0800] "POST /xingrg/kc/buy/cgsh_order_operate.html HTTP/1.1" 200 4169
116.224.253.72 - - [24/May/2021:09:06:22 +0800] "GET /xingrg/kc/print/load_data.html?order_code=212021052410730&kc_code=cgsh&condition= HTTP/1.1" 200 2070
116.224.253.72 - - [24/May/2021:09:06:24 +0800] "GET /xingrg/kc/buy/cgsh_order_operate.html?command=get_materiel&rest_code=00151&code=00101006062&supplier_code=00100096&order_time=2021-05-24 HTTP/1.1" 200 411
222.69.128.109 - - [24/May/2021:09:06:25 +0800] "GET /xingrg/kc/buy/cgsh_order_operate.html?command=get_materiel&rest_code=00149&code=00101008298&supplier_code=00100005&order_time=2021-05-24 HTTP/1.1" 200 412
116.230.110.80 - - [24/May/2021:09:06:25 +0800] "GET /xingrg/all/function/internal_message.html?_=1621818383808&CODE_STATE=getMsg HTTP/1.1" 200 27
116.230.110.80 - - [24/May/2021:09:06:28 +0800] "GET /xingrg/kc/buy/cgsh_order_list.html HTTP/1.1" 200 46363
116.230.110.80 - - [24/May/2021:09:06:29 +0800] "POST /xingrg/kc/buy/cgsh_list_operate.html HTTP/1.1" 200 876
180.161.111.4 - - [24/May/2021:09:06:30 +0800] "GET /xingrg/all/function/internal_message.html?_=1621818389652&CODE_STATE=getMsg HTTP/1.1" 200 27
116.224.253.72 - - [24/May/2021:09:06:30 +0800] "GET /xingrg/all/function/internal_message.html?_=1621818366437&CODE_STATE=getMsg HTTP/1.1" 200 27
116.230.110.80 - - [24/May/2021:09:06:31 +0800] "GET /xingrg/kc/buy/cgsh_order_add.html HTTP/1.1" 200 62063
61.151.178.166 - - [24/May/2021:09:06:32 +0800] "GET /xingrg/all/function/internal_message.html?_=1621818333157&CODE_STATE=getMsg HTTP/1.1" 302 -
58.37.225.51 - - [24/May/2021:09:06:32 +0800] "GET /xingrg/all/function/internal_message.html?_=1621818393155&CODE_STATE=getMsg HTTP/1.1" 200 27
116.230.110.80 - - [24/May/2021:09:06:32 +0800] "GET /xingrg/words/20210523164735_words.js HTTP/1.1" 304 -
116.230.110.80 - - [24/May/2021:09:06:32 +0800] "POST /xingrg/kc/buy/cgsh_order_operate.html HTTP/1.1" 200 8245
116.230.110.80 - - [24/May/2021:09:06:32 +0800] "GET /xingrg/javascript/easyui/themes/default/validatebox.css HTTP/1.1" 404 1104
116.230.110.80 - - [24/May/2021:09:06:32 +0800] "GET /xingrg/all/common/auto_word.html?type=employee&rest_code=00155 HTTP/1.1" 200 205
116.230.110.80 - - [24/May/2021:09:06:32 +0800] "GET /xingrg/all/common/auto_word.html?type=employee&rest_code=00155 HTTP/1.1" 200 205
61.151.178.166 - - [24/May/2021:09:06:32 +0800] "GET /xingrg/login.html HTTP/1.1" 200 7641
116.230.110.80 - - [24/May/2021:09:06:35 +0800] "GET /xingrg/javascript/auto/indicator.gif HTTP/1.1" 404 1066
222.69.128.109 - - [24/May/2021:09:06:35 +0800] "GET /xingrg/kc/buy/cgsh_order_operate.html?command=get_materiel&rest_code=00149&code=00101015044&supplier_code=00100005&order_time=2021-05-24 HTTP/1.1" 200 408
222.69.128.109 - - [24/May/2021:09:06:39 +0800] "GET /xingrg/all/function/internal_message.html?_=1621818399052&CODE_STATE=getMsg HTTP/1.1" 200 27
116.224.253.72 - - [24/May/2021:09:06:40 +0800] "GET /xingrg/kc/buy/cgsh_order_operate.html?command=get_materiel&rest_code=00151&code=00101006124&supplier_code=00100096&order_time=2021-05-24 HTTP/1.1" 200 411
116.230.114.112 - - [24/May/2021:09:06:41 +0800] "GET /xingrg/all/function/internal_message.html?_=1621818402580&CODE_STATE=getMsg HTTP/1.1" 200 27
116.224.253.72 - - [24/May/2021:09:06:44 +0800] "GET /xingrg/all/function/internal_message.html?_=1621818404379&CODE_STATE=getMsg HTTP/1.1" 200 27
116.230.110.80 - - [24/May/2021:09:06:46 +0800] "GET /xingrg/javascript/jquery_tools/images/prev.gif HTTP/1.1" 404 1086
116.230.110.80 - - [24/May/2021:09:06:46 +0800] "GET /xingrg/javascript/jquery_tools/images/next.gif HTTP/1.1" 404 1086
114.86.226.27 - - [24/May/2021:09:06:47 +0800] "POST /xingrg/dwr/call/plaincall/AjaxReportQueryService.refreshCache.dwr HTTP/1.1" 200 78
180.169.147.146 - - [24/May/2021:09:06:48 +0800] "GET /xingrg/all/function/internal_message.html?_=1621818409588&CODE_STATE=getMsg HTTP/1.1" 200 27
61.165.42.208 - - [24/May/2021:09:06:48 +0800] "GET /xingrg/all/function/internal_message.html?_=1621818390374&CODE_STATE=getMsg HTTP/1.1" 200 27
116.235.222.38 - - [24/May/2021:09:06:49 +0800] "GET /xingrg/all/function/internal_message.html?_=1621818407997&CODE_STATE=getMsg HTTP/1.1" 200 27
116.235.222.38 - - [24/May/2021:09:06:49 +0800] "POST /xingrg/kc/buy/cgsh_list_operate.html HTTP/1.1" 200 565
116.224.253.72 - - [24/May/2021:09:06:50 +0800] "GET /xingrg/kc/buy/cgsh_order_operate.html?command=get_materiel&rest_code=00151&code=00101006084&supplier_code=00100096&order_time=2021-05-24 HTTP/1.1" 200 413
114.86.226.27 - - [24/May/2021:09:06:50 +0800] "POST /xingrg/all/report/load_report_page.html HTTP/1.1" 200 144737
