116.235.222.38 - - [24/May/2021:09:32:50 +0800] "POST /xingrg/dwr/call/plaincall/AjaxCheckService.setItemNumber.dwr HTTP/1.1" 200 78
58.37.225.51 - - [24/May/2021:09:32:51 +0800] "POST /xingrg/dwr/call/plaincall/AjaxCheckService.setItemNumber.dwr HTTP/1.1" 200 77
116.235.222.38 - - [24/May/2021:09:32:51 +0800] "POST /xingrg/dwr/call/plaincall/AjaxCheckService.setItemNumber.dwr HTTP/1.1" 200 78
58.37.225.51 - - [24/May/2021:09:32:52 +0800] "POST /xingrg/dwr/call/plaincall/AjaxCheckService.setItemNumber.dwr HTTP/1.1" 200 77
116.235.222.38 - - [24/May/2021:09:32:52 +0800] "POST /xingrg/dwr/call/plaincall/AjaxCheckService.setItemNumber.dwr HTTP/1.1" 200 78
114.86.226.27 - - [24/May/2021:09:32:52 +0800] "POST /xingrg/kc/buy/cgsh_list_operate.html HTTP/1.1" 200 3440
58.37.225.51 - - [24/May/2021:09:32:53 +0800] "POST /xingrg/dwr/call/plaincall/AjaxCheckService.setItemNumber.dwr HTTP/1.1" 200 77
116.235.222.38 - - [24/May/2021:09:32:53 +0800] "POST /xingrg/dwr/call/plaincall/AjaxCheckService.setItemNumber.dwr HTTP/1.1" 200 78
116.235.222.38 - - [24/May/2021:09:32:53 +0800] "POST /xingrg/dwr/call/plaincall/AjaxCheckService.setItemNumber.dwr HTTP/1.1" 200 78
58.37.225.51 - - [24/May/2021:09:32:53 +0800] "POST /xingrg/dwr/call/plaincall/AjaxCheckService.setItemNumber.dwr HTTP/1.1" 200 77
116.230.110.80 - - [24/May/2021:09:32:54 +0800] "GET /xingrg/kc/buy/cgsh_order_operate.html?command=get_materiel&rest_code=00155&code=00101008478&supplier_code=00100005&order_time=2021-05-24 HTTP/1.1" 200 399
58.37.225.51 - - [24/May/2021:09:32:54 +0800] "POST /xingrg/dwr/call/plaincall/AjaxCheckService.setItemNumber.dwr HTTP/1.1" 200 77
116.235.222.38 - - [24/May/2021:09:32:54 +0800] "POST /xingrg/dwr/call/plaincall/AjaxCheckService.setItemNumber.dwr HTTP/1.1" 200 78
117.185.32.26 - - [24/May/2021:09:32:54 +0800] "GET /xingrg/all/function/internal_message.html?_=1621820504603&CODE_STATE=getMsg HTTP/1.1" 200 27
58.37.225.51 - - [24/May/2021:09:32:54 +0800] "POST /xingrg/dwr/call/plaincall/AjaxCheckService.setItemNumber.dwr HTTP/1.1" 200 77
116.235.222.38 - - [24/May/2021:09:32:54 +0800] "POST /xingrg/dwr/call/plaincall/AjaxCheckService.setItemNumber.dwr HTTP/1.1" 200 78
58.37.225.51 - - [24/May/2021:09:32:55 +0800] "POST /xingrg/dwr/call/plaincall/AjaxCheckService.setItemNumber.dwr HTTP/1.1" 200 77
116.235.222.38 - - [24/May/2021:09:32:55 +0800] "POST /xingrg/dwr/call/plaincall/AjaxCheckService.setItemNumber.dwr HTTP/1.1" 200 78
58.37.225.51 - - [24/May/2021:09:32:55 +0800] "POST /xingrg/dwr/call/plaincall/AjaxCheckService.setItemNumber.dwr HTTP/1.1" 200 77
116.235.222.38 - - [24/May/2021:09:32:56 +0800] "POST /xingrg/dwr/call/plaincall/AjaxCheckService.setItemNumber.dwr HTTP/1.1" 200 78
58.37.225.51 - - [24/May/2021:09:32:56 +0800] "POST /xingrg/dwr/call/plaincall/AjaxCheckService.setItemNumber.dwr HTTP/1.1" 200 77
116.235.222.38 - - [24/May/2021:09:32:56 +0800] "POST /xingrg/dwr/call/plaincall/AjaxCheckService.setItemNumber.dwr HTTP/1.1" 200 78
58.37.225.51 - - [24/May/2021:09:32:56 +0800] "POST /xingrg/dwr/call/plaincall/AjaxCheckService.setItemNumber.dwr HTTP/1.1" 200 77
116.235.222.38 - - [24/May/2021:09:32:57 +0800] "POST /xingrg/dwr/call/plaincall/AjaxCheckService.setItemNumber.dwr HTTP/1.1" 200 78
58.37.225.51 - - [24/May/2021:09:32:57 +0800] "POST /xingrg/dwr/call/plaincall/AjaxCheckService.setItemNumber.dwr HTTP/1.1" 200 77
116.235.222.38 - - [24/May/2021:09:32:57 +0800] "POST /xingrg/dwr/call/plaincall/AjaxCheckService.setItemNumber.dwr HTTP/1.1" 200 78
116.235.222.38 - - [24/May/2021:09:32:58 +0800] "POST /xingrg/dwr/call/plaincall/AjaxCheckService.setItemNumber.dwr HTTP/1.1" 200 78
116.235.222.38 - - [24/May/2021:09:32:59 +0800] "POST /xingrg/dwr/call/plaincall/AjaxCheckService.setItemNumber.dwr HTTP/1.1" 200 78
120.204.17.73 - - [24/May/2021:09:32:59 +0800] "GET /xingrg/all/function/internal_message.html?_=1621819918739&CODE_STATE=getMsg HTTP/1.1" 302 -
120.204.17.73 - - [24/May/2021:09:32:59 +0800] "GET /xingrg/login.html HTTP/1.1" 200 7641
116.235.222.38 - - [24/May/2021:09:32:59 +0800] "POST /xingrg/dwr/call/plaincall/AjaxCheckService.setItemNumber.dwr HTTP/1.1" 200 78
117.185.32.26 - - [24/May/2021:09:32:59 +0800] "GET /xingrg/all/function/internal_message.html?_=1621819978724&CODE_STATE=getMsg HTTP/1.1" 200 27
116.235.222.38 - - [24/May/2021:09:33:00 +0800] "POST /xingrg/dwr/call/plaincall/AjaxCheckService.setItemNumber.dwr HTTP/1.1" 200 78
58.37.225.51 - - [24/May/2021:09:33:00 +0800] "POST /xingrg/dwr/call/plaincall/AjaxCheckService.setItemNumber.dwr HTTP/1.1" 200 77
116.235.222.38 - - [24/May/2021:09:33:00 +0800] "POST /xingrg/dwr/call/plaincall/AjaxCheckService.setItemNumber.dwr HTTP/1.1" 200 78
116.235.222.38 - - [24/May/2021:09:33:01 +0800] "POST /xingrg/dwr/call/plaincall/AjaxCheckService.setItemNumber.dwr HTTP/1.1" 200 78
58.37.225.51 - - [24/May/2021:09:33:01 +0800] "POST /xingrg/dwr/call/plaincall/AjaxCheckService.setItemNumber.dwr HTTP/1.1" 200 77
180.161.111.4 - - [24/May/2021:09:33:02 +0800] "GET /xingrg/all/function/internal_message.html?_=1621819941883&CODE_STATE=getMsg HTTP/1.1" 200 27
116.230.110.80 - - [24/May/2021:09:33:02 +0800] "GET /xingrg/kc/buy/cgsh_order_operate.html?command=get_materiel&rest_code=00155&code=00101008415&supplier_code=00100005&order_time=2021-05-24 HTTP/1.1" 200 398
58.37.225.51 - - [24/May/2021:09:33:02 +0800] "POST /xingrg/dwr/call/plaincall/AjaxCheckService.setItemNumber.dwr HTTP/1.1" 200 77
116.224.253.72 - - [24/May/2021:09:33:03 +0800] "GET /xingrg/all/function/internal_message.html?_=1621819958754&CODE_STATE=getMsg HTTP/1.1" 200 27
116.235.222.38 - - [24/May/2021:09:33:03 +0800] "POST /xingrg/dwr/call/plaincall/AjaxCheckService.setItemNumber.dwr HTTP/1.1" 200 78
58.37.225.51 - - [24/May/2021:09:33:04 +0800] "POST /xingrg/dwr/call/plaincall/AjaxCheckService.setItemNumber.dwr HTTP/1.1" 200 77
58.37.225.51 - - [24/May/2021:09:33:05 +0800] "POST /xingrg/dwr/call/plaincall/AjaxCheckService.setItemNumber.dwr HTTP/1.1" 200 77
58.37.225.51 - - [24/May/2021:09:33:05 +0800] "POST /xingrg/dwr/call/plaincall/AjaxCheckService.setItemNumber.dwr HTTP/1.1" 200 77
116.230.110.80 - - [24/May/2021:09:33:06 +0800] "POST /xingrg/kc/buy/cgsh_order_operate.html HTTP/1.1" 200 2065
58.37.225.51 - - [24/May/2021:09:33:06 +0800] "POST /xingrg/dwr/call/plaincall/AjaxCheckService.setItemNumber.dwr HTTP/1.1" 200 77
116.235.222.38 - - [24/May/2021:09:33:06 +0800] "POST /xingrg/dwr/call/plaincall/AjaxCheckService.setItemNumber.dwr HTTP/1.1" 200 78
116.235.222.38 - - [24/May/2021:09:33:07 +0800] "POST /xingrg/dwr/call/plaincall/AjaxCheckService.setItemNumber.dwr HTTP/1.1" 200 78
58.37.225.51 - - [24/May/2021:09:33:07 +0800] "POST /xingrg/dwr/call/plaincall/AjaxCheckService.setItemNumber.dwr HTTP/1.1" 200 77
117.184.7.26 - - [24/May/2021:09:33:07 +0800] "GET /xingrg/all/function/internal_message.html?_=1621819987266&CODE_STATE=getMsg HTTP/1.1" 302 -
117.184.7.26 - - [24/May/2021:09:33:07 +0800] "GET /xingrg/login.html HTTP/1.1" 200 7641
58.37.225.51 - - [24/May/2021:09:33:08 +0800] "POST /xingrg/dwr/call/plaincall/AjaxCheckService.setItemNumber.dwr HTTP/1.1" 200 77
116.235.222.38 - - [24/May/2021:09:33:08 +0800] "POST /xingrg/dwr/call/plaincall/AjaxCheckService.setItemNumber.dwr HTTP/1.1" 200 78
58.37.225.51 - - [24/May/2021:09:33:08 +0800] "POST /xingrg/dwr/call/plaincall/AjaxCheckService.setItemNumber.dwr HTTP/1.1" 200 77
116.235.222.38 - - [24/May/2021:09:33:09 +0800] "POST /xingrg/dwr/call/plaincall/AjaxCheckService.setItemNumber.dwr HTTP/1.1" 200 78
58.37.225.51 - - [24/May/2021:09:33:09 +0800] "POST /xingrg/dwr/call/plaincall/AjaxCheckService.setItemNumber.dwr HTTP/1.1" 200 77
116.235.222.38 - - [24/May/2021:09:33:09 +0800] "POST /xingrg/dwr/call/plaincall/AjaxCheckService.setItemNumber.dwr HTTP/1.1" 200 78
116.235.222.38 - - [24/May/2021:09:33:10 +0800] "POST /xingrg/dwr/call/plaincall/AjaxCheckService.setItemNumber.dwr HTTP/1.1" 200 78
58.37.225.51 - - [24/May/2021:09:33:10 +0800] "POST /xingrg/dwr/call/plaincall/AjaxCheckService.setItemNumber.dwr HTTP/1.1" 200 77
116.235.222.38 - - [24/May/2021:09:33:10 +0800] "POST /xingrg/dwr/call/plaincall/AjaxCheckService.setItemNumber.dwr HTTP/1.1" 200 78
116.230.110.80 - - [24/May/2021:09:33:11 +0800] "GET /xingrg/kc/buy/cgsh_order_operate.html?command=get_materiel&rest_code=00155&code=00101008223&supplier_code=00100005&order_time=2021-05-24 HTTP/1.1" 200 412
58.37.225.51 - - [24/May/2021:09:33:11 +0800] "POST /xingrg/dwr/call/plaincall/AjaxCheckService.setItemNumber.dwr HTTP/1.1" 200 77
58.37.225.51 - - [24/May/2021:09:33:12 +0800] "POST /xingrg/dwr/call/plaincall/AjaxCheckService.setItemNumber.dwr HTTP/1.1" 200 77
58.37.225.51 - - [24/May/2021:09:33:12 +0800] "POST /xingrg/dwr/call/plaincall/AjaxCheckService.setItemNumber.dwr HTTP/1.1" 200 77
114.86.226.27 - - [24/May/2021:09:33:12 +0800] "POST /xingrg/kc/buy/cgsh_list_operate.html HTTP/1.1" 200 5317
116.235.222.38 - - [24/May/2021:09:33:12 +0800] "POST /xingrg/dwr/call/plaincall/AjaxCheckService.setItemNumber.dwr HTTP/1.1" 200 78
58.37.225.51 - - [24/May/2021:09:33:13 +0800] "POST /xingrg/dwr/call/plaincall/AjaxCheckService.setItemNumber.dwr HTTP/1.1" 200 77
58.37.225.51 - - [24/May/2021:09:33:13 +0800] "POST /xingrg/dwr/call/plaincall/AjaxCheckService.setItemNumber.dwr HTTP/1.1" 200 77
58.37.225.51 - - [24/May/2021:09:33:14 +0800] "POST /xingrg/dwr/call/plaincall/AjaxCheckService.setItemNumber.dwr HTTP/1.1" 200 77
116.235.222.38 - - [24/May/2021:09:33:14 +0800] "POST /xingrg/dwr/call/plaincall/AjaxCheckService.setItemNumber.dwr HTTP/1.1" 200 78
58.37.225.51 - - [24/May/2021:09:33:15 +0800] "POST /xingrg/dwr/call/plaincall/AjaxCheckService.setItemNumber.dwr HTTP/1.1" 200 77
116.235.222.38 - - [24/May/2021:09:33:15 +0800] "POST /xingrg/dwr/call/plaincall/AjaxCheckService.setItemNumber.dwr HTTP/1.1" 200 78
120.253.135.82 - - [24/May/2021:09:33:15 +0800] "GET /xingrg/all/function/internal_message.html?_=1621820043579&CODE_STATE=getMsg HTTP/1.1" 200 27
58.37.225.51 - - [24/May/2021:09:33:16 +0800] "POST /xingrg/dwr/call/plaincall/AjaxCheckService.setItemNumber.dwr HTTP/1.1" 200 77
116.235.222.38 - - [24/May/2021:09:33:16 +0800] "POST /xingrg/dwr/call/plaincall/AjaxCheckService.setItemNumber.dwr HTTP/1.1" 200 78
58.37.225.51 - - [24/May/2021:09:33:16 +0800] "POST /xingrg/dwr/call/plaincall/AjaxCheckService.setItemNumber.dwr HTTP/1.1" 200 77
114.86.226.27 - - [24/May/2021:09:33:16 +0800] "POST /xingrg/kc/buy/cgsh_list_operate.html HTTP/1.1" 200 9049
116.235.222.38 - - [24/May/2021:09:33:16 +0800] "POST /xingrg/dwr/call/plaincall/AjaxCheckService.setItemNumber.dwr HTTP/1.1" 200 78
58.37.225.51 - - [24/May/2021:09:33:17 +0800] "POST /xingrg/dwr/call/plaincall/AjaxCheckService.setItemNumber.dwr HTTP/1.1" 200 77
116.235.222.38 - - [24/May/2021:09:33:17 +0800] "POST /xingrg/dwr/call/plaincall/AjaxCheckService.setItemNumber.dwr HTTP/1.1" 200 78
58.37.225.51 - - [24/May/2021:09:33:17 +0800] "POST /xingrg/dwr/call/plaincall/AjaxCheckService.setItemNumber.dwr HTTP/1.1" 200 77
58.37.225.51 - - [24/May/2021:09:33:17 +0800] "POST /xingrg/dwr/call/plaincall/AjaxCheckService.setItemNumber.dwr HTTP/1.1" 200 77
116.235.222.38 - - [24/May/2021:09:33:17 +0800] "POST /xingrg/dwr/call/plaincall/AjaxCheckService.setItemNumber.dwr HTTP/1.1" 200 78
58.37.225.51 - - [24/May/2021:09:33:18 +0800] "POST /xingrg/dwr/call/plaincall/AjaxCheckService.setItemNumber.dwr HTTP/1.1" 200 77
58.37.225.51 - - [24/May/2021:09:33:18 +0800] "POST /xingrg/dwr/call/plaincall/AjaxCheckService.setItemNumber.dwr HTTP/1.1" 200 77
58.37.225.51 - - [24/May/2021:09:33:19 +0800] "POST /xingrg/dwr/call/plaincall/AjaxCheckService.setItemNumber.dwr HTTP/1.1" 200 77
116.235.222.38 - - [24/May/2021:09:33:19 +0800] "POST /xingrg/dwr/call/plaincall/AjaxCheckService.setItemNumber.dwr HTTP/1.1" 200 78
116.230.110.80 - - [24/May/2021:09:33:19 +0800] "GET /xingrg/kc/buy/cgsh_order_operate.html?command=get_materiel&rest_code=00155&code=00101008069&supplier_code=00100005&order_time=2021-05-24 HTTP/1.1" 200 412
58.37.225.51 - - [24/May/2021:09:33:20 +0800] "POST /xingrg/dwr/call/plaincall/AjaxCheckService.setItemNumber.dwr HTTP/1.1" 200 77
58.37.225.51 - - [24/May/2021:09:33:21 +0800] "POST /xingrg/dwr/call/plaincall/AjaxCheckService.setItemNumber.dwr HTTP/1.1" 200 77
58.37.225.51 - - [24/May/2021:09:33:22 +0800] "POST /xingrg/dwr/call/plaincall/AjaxCheckService.setItemNumber.dwr HTTP/1.1" 200 77
58.37.225.51 - - [24/May/2021:09:33:22 +0800] "POST /xingrg/dwr/call/plaincall/AjaxCheckService.setItemNumber.dwr HTTP/1.1" 200 77
58.37.225.51 - - [24/May/2021:09:33:23 +0800] "POST /xingrg/dwr/call/plaincall/AjaxCheckService.setItemNumber.dwr HTTP/1.1" 200 77
114.88.160.191 - - [24/May/2021:09:33:24 +0800] "GET /xingrg/kc/buy/cgsh_order_add.html HTTP/1.1" 200 62095
114.88.160.191 - - [24/May/2021:09:33:24 +0800] "GET /xingrg/javascript/easyui/themes/default/validatebox.css HTTP/1.1" 404 1104
116.235.222.38 - - [24/May/2021:09:33:24 +0800] "POST /xingrg/dwr/call/plaincall/AjaxCheckService.setItemNumber.dwr HTTP/1.1" 200 78
114.88.160.191 - - [24/May/2021:09:33:25 +0800] "POST /xingrg/kc/buy/cgsh_order_operate.html HTTP/1.1" 200 8245
114.88.160.191 - - [24/May/2021:09:33:25 +0800] "GET /xingrg/javascript/easyui/themes/icons/edit_remove.png HTTP/1.1" 200 625
116.235.222.38 - - [24/May/2021:09:33:25 +0800] "POST /xingrg/dwr/call/plaincall/AjaxCheckService.setItemNumber.dwr HTTP/1.1" 200 78
58.37.225.51 - - [24/May/2021:09:33:25 +0800] "POST /xingrg/dwr/call/plaincall/AjaxCheckService.setItemNumber.dwr HTTP/1.1" 200 77
116.230.110.80 - - [24/May/2021:09:33:25 +0800] "GET /xingrg/all/function/internal_message.html?_=1621820003824&CODE_STATE=getMsg HTTP/1.1" 200 27
116.235.222.38 - - [24/May/2021:09:33:26 +0800] "POST /xingrg/dwr/call/plaincall/AjaxCheckService.setItemNumber.dwr HTTP/1.1" 200 78
116.235.222.38 - - [24/May/2021:09:33:27 +0800] "POST /xingrg/dwr/call/plaincall/AjaxCheckService.setItemNumber.dwr HTTP/1.1" 200 78
114.86.226.27 - - [24/May/2021:09:33:28 +0800] "GET /xingrg/all/function/internal_message.html?_=1621820008018&CODE_STATE=getMsg HTTP/1.1" 200 27
116.235.222.38 - - [24/May/2021:09:33:28 +0800] "POST /xingrg/dwr/call/plaincall/AjaxCheckService.setItemNumber.dwr HTTP/1.1" 200 78
116.235.222.38 - - [24/May/2021:09:33:29 +0800] "POST /xingrg/dwr/call/plaincall/AjaxCheckService.setItemNumber.dwr HTTP/1.1" 200 78
116.235.222.38 - - [24/May/2021:09:33:30 +0800] "POST /xingrg/dwr/call/plaincall/AjaxCheckService.setItemNumber.dwr HTTP/1.1" 200 78
180.161.111.4 - - [24/May/2021:09:33:31 +0800] "GET /xingrg/all/function/internal_message.html?_=1621820009677&CODE_STATE=getMsg HTTP/1.1" 200 27
116.230.110.80 - - [24/May/2021:09:33:31 +0800] "GET /xingrg/kc/buy/cgsh_order_operate.html?command=get_materiel&rest_code=00155&code=00101008286&supplier_code=00100005&order_time=2021-05-24 HTTP/1.1" 200 408
116.235.222.38 - - [24/May/2021:09:33:31 +0800] "POST /xingrg/dwr/call/plaincall/AjaxCheckService.setItemNumber.dwr HTTP/1.1" 200 78
58.37.225.51 - - [24/May/2021:09:33:32 +0800] "GET /xingrg/all/function/internal_message.html?_=1621820013259&CODE_STATE=getMsg HTTP/1.1" 200 27
116.235.222.38 - - [24/May/2021:09:33:33 +0800] "POST /xingrg/dwr/call/plaincall/AjaxCheckService.setItemNumber.dwr HTTP/1.1" 200 78
116.235.222.38 - - [24/May/2021:09:33:34 +0800] "POST /xingrg/dwr/call/plaincall/AjaxCheckService.setItemNumber.dwr HTTP/1.1" 200 78
116.235.222.38 - - [24/May/2021:09:33:35 +0800] "POST /xingrg/dwr/call/plaincall/AjaxCheckService.setItemNumber.dwr HTTP/1.1" 200 78
116.235.222.38 - - [24/May/2021:09:33:36 +0800] "POST /xingrg/dwr/call/plaincall/AjaxCheckService.setItemNumber.dwr HTTP/1.1" 200 78
180.169.147.146 - - [24/May/2021:09:33:37 +0800] "GET /xingrg/all/function/internal_message.html?_=1621820016766&CODE_STATE=getMsg HTTP/1.1" 200 27
116.235.222.38 - - [24/May/2021:09:33:37 +0800] "POST /xingrg/dwr/call/plaincall/AjaxCheckService.setItemNumber.dwr HTTP/1.1" 200 78
116.235.222.38 - - [24/May/2021:09:33:38 +0800] "POST /xingrg/dwr/call/plaincall/AjaxCheckService.setItemNumber.dwr HTTP/1.1" 200 78
116.235.222.38 - - [24/May/2021:09:33:38 +0800] "POST /xingrg/dwr/call/plaincall/AjaxCheckService.setItemNumber.dwr HTTP/1.1" 200 78
222.69.128.109 - - [24/May/2021:09:33:39 +0800] "GET /xingrg/all/function/internal_message.html?_=1621820019155&CODE_STATE=getMsg HTTP/1.1" 200 27
116.235.222.38 - - [24/May/2021:09:33:39 +0800] "POST /xingrg/dwr/call/plaincall/AjaxCheckService.setItemNumber.dwr HTTP/1.1" 200 78
116.235.222.38 - - [24/May/2021:09:33:39 +0800] "POST /xingrg/dwr/call/plaincall/AjaxCheckService.setItemNumber.dwr HTTP/1.1" 200 78
116.235.222.38 - - [24/May/2021:09:33:40 +0800] "POST /xingrg/dwr/call/plaincall/AjaxCheckService.setItemNumber.dwr HTTP/1.1" 200 78
116.235.222.38 - - [24/May/2021:09:33:41 +0800] "POST /xingrg/dwr/call/plaincall/AjaxCheckService.setItemNumber.dwr HTTP/1.1" 200 78
116.235.222.38 - - [24/May/2021:09:33:41 +0800] "POST /xingrg/dwr/call/plaincall/AjaxCheckService.setItemNumber.dwr HTTP/1.1" 200 78
116.230.114.112 - - [24/May/2021:09:33:41 +0800] "GET /xingrg/all/function/internal_message.html?_=1621820023196&CODE_STATE=getMsg HTTP/1.1" 200 27
116.235.222.38 - - [24/May/2021:09:33:42 +0800] "POST /xingrg/dwr/call/plaincall/AjaxCheckService.setItemNumber.dwr HTTP/1.1" 200 78
58.37.225.51 - - [24/May/2021:09:33:42 +0800] "POST /xingrg/dwr/call/plaincall/AjaxCheckService.setItemNumber.dwr HTTP/1.1" 200 77
116.235.222.38 - - [24/May/2021:09:33:43 +0800] "POST /xingrg/dwr/call/plaincall/AjaxCheckService.setItemNumber.dwr HTTP/1.1" 200 78
116.224.253.72 - - [24/May/2021:09:33:43 +0800] "GET /xingrg/all/function/internal_message.html?_=1621820024102&CODE_STATE=getMsg HTTP/1.1" 200 27
116.235.222.38 - - [24/May/2021:09:33:44 +0800] "POST /xingrg/dwr/call/plaincall/AjaxCheckService.setItemNumber.dwr HTTP/1.1" 200 78
116.235.222.38 - - [24/May/2021:09:33:44 +0800] "POST /xingrg/dwr/call/plaincall/AjaxCheckService.setItemNumber.dwr HTTP/1.1" 200 78
114.88.160.191 - - [24/May/2021:09:33:45 +0800] "GET /xingrg/all/function/internal_message.html?_=1621820024027&CODE_STATE=getMsg HTTP/1.1" 200 27
116.235.222.38 - - [24/May/2021:09:33:45 +0800] "POST /xingrg/dwr/call/plaincall/AjaxCheckService.setItemNumber.dwr HTTP/1.1" 200 78
116.235.222.38 - - [24/May/2021:09:33:45 +0800] "POST /xingrg/dwr/call/plaincall/AjaxCheckService.setItemNumber.dwr HTTP/1.1" 200 78
116.235.222.38 - - [24/May/2021:09:33:46 +0800] "POST /xingrg/dwr/call/plaincall/AjaxCheckService.setItemNumber.dwr HTTP/1.1" 200 78
116.235.222.38 - - [24/May/2021:09:33:47 +0800] "POST /xingrg/dwr/call/plaincall/AjaxCheckService.setItemNumber.dwr HTTP/1.1" 200 78
116.235.222.38 - - [24/May/2021:09:33:48 +0800] "POST /xingrg/dwr/call/plaincall/AjaxCheckService.setItemNumber.dwr HTTP/1.1" 200 78
61.165.42.208 - - [24/May/2021:09:33:48 +0800] "GET /xingrg/all/function/internal_message.html?_=1621820009922&CODE_STATE=getMsg HTTP/1.1" 200 27
180.169.147.146 - - [24/May/2021:09:33:48 +0800] "GET /xingrg/all/function/internal_message.html?_=1621820029604&CODE_STATE=getMsg HTTP/1.1" 200 27
116.235.222.38 - - [24/May/2021:09:33:48 +0800] "POST /xingrg/dwr/call/plaincall/AjaxCheckService.setItemNumber.dwr HTTP/1.1" 200 78
58.37.225.51 - - [24/May/2021:09:33:48 +0800] "POST /xingrg/dwr/call/plaincall/AjaxCheckService.setItemNumber.dwr HTTP/1.1" 200 77
116.235.222.38 - - [24/May/2021:09:33:49 +0800] "POST /xingrg/dwr/call/plaincall/AjaxCheckService.setItemNumber.dwr HTTP/1.1" 200 78
116.235.222.38 - - [24/May/2021:09:33:50 +0800] "GET /xingrg/all/function/internal_message.html?_=1621820028852&CODE_STATE=getMsg HTTP/1.1" 200 27
116.230.110.80 - - [24/May/2021:09:33:50 +0800] "GET /xingrg/kc/buy/cgsh_order_operate.html?command=get_materiel&rest_code=00155&code=00101008353&supplier_code=00100005&order_time=2021-05-24 HTTP/1.1" 200 408
58.37.225.51 - - [24/May/2021:09:33:53 +0800] "POST /xingrg/dwr/call/plaincall/AjaxCheckService.setItemNumber.dwr HTTP/1.1" 200 77
117.185.32.26 - - [24/May/2021:09:33:54 +0800] "GET /xingrg/all/function/internal_message.html?_=1621820564604&CODE_STATE=getMsg HTTP/1.1" 200 27
58.37.225.51 - - [24/May/2021:09:33:54 +0800] "POST /xingrg/dwr/call/plaincall/AjaxCheckService.setItemNumber.dwr HTTP/1.1" 200 77
58.37.225.51 - - [24/May/2021:09:33:55 +0800] "POST /xingrg/dwr/call/plaincall/AjaxCheckService.setItemNumber.dwr HTTP/1.1" 200 77
58.37.225.51 - - [24/May/2021:09:33:56 +0800] "POST /xingrg/dwr/call/plaincall/AjaxCheckService.setItemNumber.dwr HTTP/1.1" 200 77
58.37.225.51 - - [24/May/2021:09:33:56 +0800] "POST /xingrg/dwr/call/plaincall/AjaxCheckService.setItemNumber.dwr HTTP/1.1" 200 77
116.235.222.38 - - [24/May/2021:09:33:58 +0800] "POST /xingrg/dwr/call/plaincall/AjaxCheckService.setItemNumber.dwr HTTP/1.1" 200 78
58.37.225.51 - - [24/May/2021:09:33:58 +0800] "POST /xingrg/dwr/call/plaincall/AjaxCheckService.setItemNumber.dwr HTTP/1.1" 200 77
58.37.225.51 - - [24/May/2021:09:33:59 +0800] "POST /xingrg/dwr/call/plaincall/AjaxCheckService.setItemNumber.dwr HTTP/1.1" 200 77
58.37.225.51 - - [24/May/2021:09:33:59 +0800] "POST /xingrg/dwr/call/plaincall/AjaxCheckService.setItemNumber.dwr HTTP/1.1" 200 77
117.185.32.26 - - [24/May/2021:09:33:59 +0800] "GET /xingrg/all/function/internal_message.html?_=1621820038724&CODE_STATE=getMsg HTTP/1.1" 200 27
58.37.225.51 - - [24/May/2021:09:34:00 +0800] "POST /xingrg/dwr/call/plaincall/AjaxCheckService.setItemNumber.dwr HTTP/1.1" 200 77
58.37.225.51 - - [24/May/2021:09:34:01 +0800] "POST /xingrg/dwr/call/plaincall/AjaxCheckService.setItemNumber.dwr HTTP/1.1" 200 77
114.88.160.191 - - [24/May/2021:09:34:01 +0800] "GET /xingrg/javascript/auto/indicator.gif HTTP/1.1" 404 1066
58.37.225.51 - - [24/May/2021:09:34:02 +0800] "POST /xingrg/dwr/call/plaincall/AjaxCheckService.setItemNumber.dwr HTTP/1.1" 200 77
116.224.253.72 - - [24/May/2021:09:34:02 +0800] "GET /xingrg/check_reg.html?_=1621820018009 HTTP/1.1" 200 22
58.37.225.51 - - [24/May/2021:09:34:02 +0800] "POST /xingrg/dwr/call/plaincall/AjaxCheckService.setItemNumber.dwr HTTP/1.1" 200 77
116.224.253.72 - - [24/May/2021:09:34:03 +0800] "GET /xingrg/all/function/internal_message.html?_=1621820018769&CODE_STATE=getMsg HTTP/1.1" 200 27
180.161.111.4 - - [24/May/2021:09:34:03 +0800] "GET /xingrg/all/function/internal_message.html?_=1621820002115&CODE_STATE=getMsg HTTP/1.1" 200 27
58.37.225.51 - - [24/May/2021:09:34:03 +0800] "POST /xingrg/dwr/call/plaincall/AjaxCheckService.setItemNumber.dwr HTTP/1.1" 200 77
58.37.225.51 - - [24/May/2021:09:34:04 +0800] "POST /xingrg/dwr/call/plaincall/AjaxCheckService.setItemNumber.dwr HTTP/1.1" 200 77
180.169.147.146 - - [24/May/2021:09:34:04 +0800] "GET /xingrg/check_reg.html?_=1621820045832 HTTP/1.1" 302 -
58.37.225.51 - - [24/May/2021:09:34:05 +0800] "POST /xingrg/dwr/call/plaincall/AjaxCheckService.setItemNumber.dwr HTTP/1.1" 200 77
116.230.110.80 - - [24/May/2021:09:34:05 +0800] "GET /xingrg/kc/buy/cgsh_order_operate.html?command=get_materiel&rest_code=00155&code=00101008283&supplier_code=00100005&order_time=2021-05-24 HTTP/1.1" 200 408
58.37.225.51 - - [24/May/2021:09:34:05 +0800] "POST /xingrg/dwr/call/plaincall/AjaxCheckService.setItemNumber.dwr HTTP/1.1" 200 77
58.37.225.51 - - [24/May/2021:09:34:07 +0800] "POST /xingrg/dwr/call/plaincall/AjaxCheckService.setItemNumber.dwr HTTP/1.1" 200 77
114.88.160.191 - - [24/May/2021:09:34:07 +0800] "GET /xingrg/javascript/jquery_tools/images/prev.gif HTTP/1.1" 404 1086
114.88.160.191 - - [24/May/2021:09:34:07 +0800] "GET /xingrg/javascript/jquery_tools/images/next.gif HTTP/1.1" 404 1086
58.37.225.51 - - [24/May/2021:09:34:07 +0800] "POST /xingrg/dwr/call/plaincall/AjaxCheckService.setItemNumber.dwr HTTP/1.1" 200 77
117.184.7.26 - - [24/May/2021:09:34:07 +0800] "GET /xingrg/all/function/internal_message.html?_=1621820047265&CODE_STATE=getMsg HTTP/1.1" 302 -
117.184.7.26 - - [24/May/2021:09:34:07 +0800] "GET /xingrg/login.html HTTP/1.1" 200 7641
116.230.110.80 - - [24/May/2021:09:34:08 +0800] "POST /xingrg/kc/buy/cgsh_order_operate.html HTTP/1.1" 200 2065
58.37.225.51 - - [24/May/2021:09:34:08 +0800] "POST /xingrg/dwr/call/plaincall/AjaxCheckService.setItemNumber.dwr HTTP/1.1" 200 77
58.37.225.51 - - [24/May/2021:09:34:09 +0800] "POST /xingrg/dwr/call/plaincall/AjaxCheckService.setItemNumber.dwr HTTP/1.1" 200 77
58.37.225.51 - - [24/May/2021:09:34:10 +0800] "POST /xingrg/dwr/call/plaincall/AjaxCheckService.setItemNumber.dwr HTTP/1.1" 200 77
116.235.222.38 - - [24/May/2021:09:34:11 +0800] "POST /xingrg/dwr/call/plaincall/AjaxCheckService.setItemNumber.dwr HTTP/1.1" 200 78
58.37.225.51 - - [24/May/2021:09:34:11 +0800] "POST /xingrg/dwr/call/plaincall/AjaxCheckService.setItemNumber.dwr HTTP/1.1" 200 77
61.165.42.208 - - [24/May/2021:09:34:13 +0800] "GET /xingrg/check_reg.html?_=1621820034714 HTTP/1.1" 200 22
116.230.110.80 - - [24/May/2021:09:34:14 +0800] "GET /xingrg/kc/buy/cgsh_order_operate.html?command=get_materiel&rest_code=00155&code=00101008298&supplier_code=00100005&order_time=2021-05-24 HTTP/1.1" 200 412
120.253.135.82 - - [24/May/2021:09:34:15 +0800] "GET /xingrg/all/function/internal_message.html?_=1621820103606&CODE_STATE=getMsg HTTP/1.1" 200 27
58.37.225.51 - - [24/May/2021:09:34:16 +0800] "POST /xingrg/dwr/call/plaincall/AjaxCheckService.setItemNumber.dwr HTTP/1.1" 200 77
58.37.225.51 - - [24/May/2021:09:34:17 +0800] "POST /xingrg/dwr/call/plaincall/AjaxCheckService.setItemNumber.dwr HTTP/1.1" 200 78
114.88.160.191 - - [24/May/2021:09:34:18 +0800] "GET /xingrg/kc/buy/cgsh_order_operate.html?command=get_materiel&rest_code=00111&code=00101006055&supplier_code=00100012&order_time=2021-05-24 HTTP/1.1" 200 409
58.37.225.51 - - [24/May/2021:09:34:18 +0800] "GET /xingrg/check_reg.html?_=1621820009503 HTTP/1.1" 302 -
58.37.225.51 - - [24/May/2021:09:34:18 +0800] "POST /xingrg/dwr/call/plaincall/AjaxCheckService.setItemNumber.dwr HTTP/1.1" 200 78
58.37.225.51 - - [24/May/2021:09:34:19 +0800] "POST /xingrg/dwr/call/plaincall/AjaxCheckService.setItemNumber.dwr HTTP/1.1" 200 78
58.37.225.51 - - [24/May/2021:09:34:19 +0800] "POST /xingrg/dwr/call/plaincall/AjaxCheckService.setItemNumber.dwr HTTP/1.1" 200 78
58.37.225.51 - - [24/May/2021:09:34:20 +0800] "POST /xingrg/dwr/call/plaincall/AjaxCheckService.setItemNumber.dwr HTTP/1.1" 200 78
58.37.225.51 - - [24/May/2021:09:34:21 +0800] "POST /xingrg/dwr/call/plaincall/AjaxCheckService.setItemNumber.dwr HTTP/1.1" 200 78
58.37.225.51 - - [24/May/2021:09:34:22 +0800] "POST /xingrg/dwr/call/plaincall/AjaxCheckService.setItemNumber.dwr HTTP/1.1" 200 78
116.230.110.80 - - [24/May/2021:09:34:22 +0800] "GET /xingrg/kc/buy/cgsh_order_operate.html?command=get_materiel&rest_code=00155&code=00101008172&supplier_code=00100005&order_time=2021-05-24 HTTP/1.1" 200 412
116.230.114.112 - - [24/May/2021:09:34:22 +0800] "GET /xingrg/check_reg.html?_=1621820064234 HTTP/1.1" 200 22
116.235.222.38 - - [24/May/2021:09:34:25 +0800] "POST /xingrg/dwr/call/plaincall/AjaxCheckService.checkOrder.dwr HTTP/1.1" 200 80
116.230.110.80 - - [24/May/2021:09:34:25 +0800] "GET /xingrg/check_reg.html?_=1621820063832 HTTP/1.1" 200 22
116.230.110.80 - - [24/May/2021:09:34:25 +0800] "GET /xingrg/all/function/internal_message.html?_=1621820063834&CODE_STATE=getMsg HTTP/1.1" 200 27
114.86.226.27 - - [24/May/2021:09:34:28 +0800] "GET /xingrg/all/function/internal_message.html?_=1621820068012&CODE_STATE=getMsg HTTP/1.1" 200 27
58.37.225.51 - - [24/May/2021:09:34:29 +0800] "POST /xingrg/dwr/call/plaincall/AjaxCheckService.setItemNumber.dwr HTTP/1.1" 200 78
116.235.222.38 - - [24/May/2021:09:34:30 +0800] "GET /xingrg/kc/base/check_order_info.html?code=452021052300207 HTTP/1.1" 200 22858
116.235.222.38 - - [24/May/2021:09:34:30 +0800] "GET /xingrg/dwr/interface/AjaxComOrderService.js HTTP/1.1" 200 18264
58.37.225.51 - - [24/May/2021:09:34:30 +0800] "POST /xingrg/dwr/call/plaincall/AjaxCheckService.setItemNumber.dwr HTTP/1.1" 200 78
114.88.160.191 - - [24/May/2021:09:34:31 +0800] "GET /xingrg/kc/buy/cgsh_order_operate.html?command=get_materiel&rest_code=00111&code=00101006056&supplier_code=00100012&order_time=2021-05-24 HTTP/1.1" 200 413
180.161.111.4 - - [24/May/2021:09:34:31 +0800] "GET /xingrg/check_reg.html?_=1621820069676 HTTP/1.1" 200 22
180.161.111.4 - - [24/May/2021:09:34:31 +0800] "GET /xingrg/all/function/internal_message.html?_=1621820069675&CODE_STATE=getMsg HTTP/1.1" 200 27
116.235.222.38 - - [24/May/2021:09:34:31 +0800] "GET /xingrg/dwr/interface/AjaxCheckService.js HTTP/1.1" 200 14003
116.235.222.38 - - [24/May/2021:09:34:31 +0800] "GET /xingrg/dwr/engine.js HTTP/1.1" 200 43631
58.37.225.51 - - [24/May/2021:09:34:31 +0800] "POST /xingrg/dwr/call/plaincall/AjaxCheckService.setItemNumber.dwr HTTP/1.1" 200 78
116.235.222.38 - - [24/May/2021:09:34:31 +0800] "GET /xingrg/javascript/jquery_easy_ui/themes/icons/exam_new.png HTTP/1.1" 200 756
116.235.222.38 - - [24/May/2021:09:34:31 +0800] "POST /xingrg/dwr/call/plaincall/AjaxCheckService.loadOrderItems.dwr HTTP/1.1" 200 73991
58.37.225.51 - - [24/May/2021:09:34:32 +0800] "GET /xingrg/check_reg.html?_=1621820073251 HTTP/1.1" 200 22
58.37.225.51 - - [24/May/2021:09:34:32 +0800] "GET /xingrg/all/function/internal_message.html?_=1621820073252&CODE_STATE=getMsg HTTP/1.1" 200 27
58.37.225.51 - - [24/May/2021:09:34:32 +0800] "POST /xingrg/dwr/call/plaincall/AjaxCheckService.setItemNumber.dwr HTTP/1.1" 200 78
116.230.110.80 - - [24/May/2021:09:34:33 +0800] "GET /xingrg/kc/buy/cgsh_order_operate.html?command=get_materiel&rest_code=00155&code=00101008558&supplier_code=00100005&order_time=2021-05-24 HTTP/1.1" 200 395
180.169.147.146 - - [24/May/2021:09:34:37 +0800] "GET /xingrg/check_reg.html?_=1621820076766 HTTP/1.1" 200 22
180.169.147.146 - - [24/May/2021:09:34:37 +0800] "GET /xingrg/all/function/internal_message.html?_=1621820076768&CODE_STATE=getMsg HTTP/1.1" 200 27
222.69.128.109 - - [24/May/2021:09:34:39 +0800] "GET /xingrg/all/function/internal_message.html?_=1621820079160&CODE_STATE=getMsg HTTP/1.1" 200 27
116.230.114.112 - - [24/May/2021:09:34:41 +0800] "GET /xingrg/all/function/internal_message.html?_=1621820083202&CODE_STATE=getMsg HTTP/1.1" 200 27
114.88.160.191 - - [24/May/2021:09:34:43 +0800] "GET /xingrg/kc/buy/cgsh_order_operate.html?command=get_materiel&rest_code=00111&code=00101006065&supplier_code=00100012&order_time=2021-05-24 HTTP/1.1" 200 409
116.224.253.72 - - [24/May/2021:09:34:43 +0800] "GET /xingrg/all/function/internal_message.html?_=1621820084084&CODE_STATE=getMsg HTTP/1.1" 200 27
114.88.160.191 - - [24/May/2021:09:34:45 +0800] "GET /xingrg/all/function/internal_message.html?_=1621820084024&CODE_STATE=getMsg HTTP/1.1" 200 27
116.235.222.38 - - [24/May/2021:09:34:46 +0800] "GET /xingrg/kc/buy/buy_main.html HTTP/1.1" 200 12412
58.37.225.51 - - [24/May/2021:09:34:46 +0800] "POST /xingrg/dwr/call/plaincall/AjaxCheckService.setItemNumber.dwr HTTP/1.1" 200 78
116.235.222.38 - - [24/May/2021:09:34:46 +0800] "GET /xingrg/css/new_ie.css HTTP/1.1" 404 1036
61.165.42.208 - - [24/May/2021:09:34:48 +0800] "GET /xingrg/all/function/internal_message.html?_=1621820069895&CODE_STATE=getMsg HTTP/1.1" 200 27
180.169.147.146 - - [24/May/2021:09:34:48 +0800] "GET /xingrg/all/function/internal_message.html?_=1621820089606&CODE_STATE=getMsg HTTP/1.1" 200 27
116.235.222.38 - - [24/May/2021:09:34:49 +0800] "GET /xingrg/check_reg.html?_=1621820088035 HTTP/1.1" 200 22
116.235.222.38 - - [24/May/2021:09:34:49 +0800] "GET /xingrg/images/yd/bt.gif HTTP/1.1" 404 1040
116.235.222.38 - - [24/May/2021:09:34:49 +0800] "GET /xingrg/kc/buy/cgsh_order_list.html HTTP/1.1" 200 46363
116.235.222.38 - - [24/May/2021:09:34:50 +0800] "GET /xingrg/all/function/internal_message.html?_=1621820088841&CODE_STATE=getMsg HTTP/1.1" 200 27
116.235.222.38 - - [24/May/2021:09:34:50 +0800] "POST /xingrg/kc/buy/cgsh_list_operate.html HTTP/1.1" 200 876
58.37.225.51 - - [24/May/2021:09:34:52 +0800] "POST /xingrg/dwr/call/plaincall/AjaxCheckService.setItemNumber.dwr HTTP/1.1" 200 78
58.37.225.51 - - [24/May/2021:09:34:53 +0800] "POST /xingrg/dwr/call/plaincall/AjaxCheckService.setItemNumber.dwr HTTP/1.1" 200 78
116.230.110.80 - - [24/May/2021:09:34:54 +0800] "GET /xingrg/kc/buy/cgsh_order_operate.html?command=get_materiel&rest_code=00155&code=00101008356&supplier_code=00100005&order_time=2021-05-24 HTTP/1.1" 200 408
117.185.32.26 - - [24/May/2021:09:34:54 +0800] "GET /xingrg/all/function/internal_message.html?_=1621820624632&CODE_STATE=getMsg HTTP/1.1" 200 27
116.235.222.38 - - [24/May/2021:09:34:55 +0800] "GET /xingrg/kc/buy/cgsh_order_add.html HTTP/1.1" 200 62183
58.37.225.51 - - [24/May/2021:09:34:55 +0800] "POST /xingrg/dwr/call/plaincall/AjaxCheckService.setItemNumber.dwr HTTP/1.1" 200 78
116.235.222.38 - - [24/May/2021:09:34:56 +0800] "GET /xingrg/javascript/easyui/themes/default/validatebox.css HTTP/1.1" 404 1104
116.235.222.38 - - [24/May/2021:09:34:56 +0800] "POST /xingrg/kc/buy/cgsh_order_operate.html HTTP/1.1" 200 8245
58.37.225.51 - - [24/May/2021:09:34:56 +0800] "POST /xingrg/dwr/call/plaincall/AjaxCheckService.setItemNumber.dwr HTTP/1.1" 200 78
116.235.222.38 - - [24/May/2021:09:34:57 +0800] "GET /xingrg/javascript/easyui/themes/default/tree.css HTTP/1.1" 404 1090
116.235.222.38 - - [24/May/2021:09:34:57 +0800] "POST /xingrg/all/common/load_tree.html?tree=supplier_tree_json&isDelete=1 HTTP/1.1" 200 55437
58.37.225.51 - - [24/May/2021:09:34:58 +0800] "POST /xingrg/dwr/call/plaincall/AjaxCheckService.setItemNumber.dwr HTTP/1.1" 200 78
58.37.225.51 - - [24/May/2021:09:34:59 +0800] "POST /xingrg/dwr/call/plaincall/AjaxCheckService.setItemNumber.dwr HTTP/1.1" 200 78
117.185.32.26 - - [24/May/2021:09:34:59 +0800] "GET /xingrg/all/function/internal_message.html?_=1621820098724&CODE_STATE=getMsg HTTP/1.1" 200 27
58.37.225.51 - - [24/May/2021:09:35:00 +0800] "POST /xingrg/dwr/call/plaincall/AjaxCheckService.setItemNumber.dwr HTTP/1.1" 200 78
116.230.110.80 - - [24/May/2021:09:35:00 +0800] "POST /xingrg/kc/buy/cgsh_order_operate.html HTTP/1.1" 200 2065
58.37.225.51 - - [24/May/2021:09:35:01 +0800] "POST /xingrg/dwr/call/plaincall/AjaxCheckService.setItemNumber.dwr HTTP/1.1" 200 78
180.161.111.4 - - [24/May/2021:09:35:02 +0800] "GET /xingrg/all/function/internal_message.html?_=1621820062176&CODE_STATE=getMsg HTTP/1.1" 200 27
116.224.253.72 - - [24/May/2021:09:35:03 +0800] "GET /xingrg/all/function/internal_message.html?_=1621820078782&CODE_STATE=getMsg HTTP/1.1" 200 27
116.230.110.80 - - [24/May/2021:09:35:05 +0800] "GET /xingrg/kc/buy/cgsh_order_operate.html?command=get_materiel&rest_code=00155&code=00101008371&supplier_code=00100005&order_time=2021-05-24 HTTP/1.1" 200 412
117.184.7.26 - - [24/May/2021:09:35:07 +0800] "GET /xingrg/all/function/internal_message.html?_=1621820107266&CODE_STATE=getMsg HTTP/1.1" 302 -
117.184.7.26 - - [24/May/2021:09:35:07 +0800] "GET /xingrg/login.html HTTP/1.1" 200 7641
58.37.225.51 - - [24/May/2021:09:35:08 +0800] "POST /xingrg/dwr/call/plaincall/AjaxCheckService.setItemNumber.dwr HTTP/1.1" 200 78
58.37.225.51 - - [24/May/2021:09:35:11 +0800] "POST /xingrg/dwr/call/plaincall/AjaxCheckService.setItemNumber.dwr HTTP/1.1" 200 78
58.37.225.51 - - [24/May/2021:09:35:12 +0800] "POST /xingrg/dwr/call/plaincall/AjaxCheckService.setItemNumber.dwr HTTP/1.1" 200 78
116.235.222.38 - - [24/May/2021:09:35:12 +0800] "GET /xingrg/javascript/auto/indicator.gif HTTP/1.1" 404 1066
58.37.225.51 - - [24/May/2021:09:35:12 +0800] "POST /xingrg/dwr/call/plaincall/AjaxCheckService.setItemNumber.dwr HTTP/1.1" 200 78
116.230.110.80 - - [24/May/2021:09:35:14 +0800] "GET /xingrg/kc/buy/cgsh_order_operate.html?command=get_materiel&rest_code=00155&code=00101008036&supplier_code=00100005&order_time=2021-05-24 HTTP/1.1" 200 408
58.37.225.51 - - [24/May/2021:09:35:14 +0800] "POST /xingrg/dwr/call/plaincall/AjaxCheckService.setItemNumber.dwr HTTP/1.1" 200 78
58.37.225.51 - - [24/May/2021:09:35:14 +0800] "POST /xingrg/dwr/call/plaincall/AjaxCheckService.setItemNumber.dwr HTTP/1.1" 200 78
120.253.135.82 - - [24/May/2021:09:35:15 +0800] "GET /xingrg/all/function/internal_message.html?_=1621820163621&CODE_STATE=getMsg HTTP/1.1" 200 27
58.37.225.51 - - [24/May/2021:09:35:15 +0800] "POST /xingrg/dwr/call/plaincall/AjaxCheckService.setItemNumber.dwr HTTP/1.1" 200 78
58.37.225.51 - - [24/May/2021:09:35:16 +0800] "POST /xingrg/dwr/call/plaincall/AjaxCheckService.setItemNumber.dwr HTTP/1.1" 200 78
116.235.222.38 - - [24/May/2021:09:35:17 +0800] "GET /xingrg/kc/buy/cgsh_order_operate.html?command=get_materiel&rest_code=00107&code=00101008155&supplier_code=00100006&order_time=2021-05-24 HTTP/1.1" 200 408
58.37.225.51 - - [24/May/2021:09:35:18 +0800] "POST /xingrg/dwr/call/plaincall/AjaxCheckService.setItemNumber.dwr HTTP/1.1" 200 78
114.86.226.27 - - [24/May/2021:09:35:19 +0800] "POST /xingrg/kc/buy/cgsh_list_operate.html HTTP/1.1" 200 566
114.86.226.27 - - [24/May/2021:09:35:20 +0800] "GET /xingrg/kc/buy/cgsh_order_info.html?code=212021052209792 HTTP/1.1" 200 57036
114.86.226.27 - - [24/May/2021:09:35:20 +0800] "GET /xingrg/javascript/easyui/themes/default/validatebox.css HTTP/1.1" 404 1104
114.86.226.27 - - [24/May/2021:09:35:20 +0800] "POST /xingrg/kc/buy/cgsh_order_operate.html HTTP/1.1" 200 41384
114.86.226.27 - - [24/May/2021:09:35:21 +0800] "GET /xingrg/kc/print/load_config.html?kc_code=cgsh HTTP/1.1" 200 1845
114.86.226.27 - - [24/May/2021:09:35:21 +0800] "GET /xingrg/kc/print/load_data.html?order_code=212021052209792&kc_code=cgsh HTTP/1.1" 200 16121
58.37.225.51 - - [24/May/2021:09:35:22 +0800] "POST /xingrg/dwr/call/plaincall/AjaxCheckService.setItemNumber.dwr HTTP/1.1" 200 78
58.37.225.51 - - [24/May/2021:09:35:22 +0800] "POST /xingrg/dwr/call/plaincall/AjaxCheckService.setItemNumber.dwr HTTP/1.1" 200 78
58.37.225.51 - - [24/May/2021:09:35:23 +0800] "POST /xingrg/dwr/call/plaincall/AjaxCheckService.setItemNumber.dwr HTTP/1.1" 200 78
58.37.225.51 - - [24/May/2021:09:35:23 +0800] "POST /xingrg/dwr/call/plaincall/AjaxCheckService.setItemNumber.dwr HTTP/1.1" 200 78
116.230.110.80 - - [24/May/2021:09:35:24 +0800] "POST /xingrg/kc/buy/cgsh_order_operate.html HTTP/1.1" 200 37
58.37.225.51 - - [24/May/2021:09:35:24 +0800] "POST /xingrg/dwr/call/plaincall/AjaxCheckService.setItemNumber.dwr HTTP/1.1" 200 78
58.37.225.51 - - [24/May/2021:09:35:25 +0800] "POST /xingrg/dwr/call/plaincall/AjaxCheckService.setItemNumber.dwr HTTP/1.1" 200 78
58.37.225.51 - - [24/May/2021:09:35:25 +0800] "POST /xingrg/dwr/call/plaincall/AjaxCheckService.setItemNumber.dwr HTTP/1.1" 200 78
116.230.110.80 - - [24/May/2021:09:35:25 +0800] "POST /xingrg/kc/buy/cgsh_order_operate.html HTTP/1.1" 200 20382
116.230.110.80 - - [24/May/2021:09:35:25 +0800] "GET /xingrg/all/function/internal_message.html?_=1621820123807&CODE_STATE=getMsg HTTP/1.1" 200 27
58.37.225.51 - - [24/May/2021:09:35:26 +0800] "POST /xingrg/dwr/call/plaincall/AjaxCheckService.setItemNumber.dwr HTTP/1.1" 200 78
58.37.225.51 - - [24/May/2021:09:35:26 +0800] "POST /xingrg/dwr/call/plaincall/AjaxCheckService.setItemNumber.dwr HTTP/1.1" 200 78
58.37.225.51 - - [24/May/2021:09:35:27 +0800] "POST /xingrg/dwr/call/plaincall/AjaxCheckService.setItemNumber.dwr HTTP/1.1" 200 78
58.37.225.51 - - [24/May/2021:09:35:27 +0800] "POST /xingrg/dwr/call/plaincall/AjaxCheckService.setItemNumber.dwr HTTP/1.1" 200 78
58.37.225.51 - - [24/May/2021:09:35:28 +0800] "POST /xingrg/dwr/call/plaincall/AjaxCheckService.setItemNumber.dwr HTTP/1.1" 200 78
58.37.225.51 - - [24/May/2021:09:35:29 +0800] "POST /xingrg/dwr/call/plaincall/AjaxCheckService.setItemNumber.dwr HTTP/1.1" 200 78
114.86.226.27 - - [24/May/2021:09:35:29 +0800] "GET /xingrg/all/function/internal_message.html?_=1621820129798&CODE_STATE=getMsg HTTP/1.1" 200 27
58.37.225.51 - - [24/May/2021:09:35:30 +0800] "POST /xingrg/dwr/call/plaincall/AjaxCheckService.setItemNumber.dwr HTTP/1.1" 200 78
180.161.111.4 - - [24/May/2021:09:35:30 +0800] "GET /xingrg/all/function/internal_message.html?_=1621820129689&CODE_STATE=getMsg HTTP/1.1" 200 27
58.37.225.51 - - [24/May/2021:09:35:30 +0800] "POST /xingrg/dwr/call/plaincall/AjaxCheckService.setItemNumber.dwr HTTP/1.1" 200 78
58.37.225.51 - - [24/May/2021:09:35:31 +0800] "POST /xingrg/dwr/call/plaincall/AjaxCheckService.setItemNumber.dwr HTTP/1.1" 200 78
58.37.225.51 - - [24/May/2021:09:35:32 +0800] "GET /xingrg/all/function/internal_message.html?_=1621820133243&CODE_STATE=getMsg HTTP/1.1" 200 27
58.37.225.51 - - [24/May/2021:09:35:32 +0800] "POST /xingrg/dwr/call/plaincall/AjaxCheckService.setItemNumber.dwr HTTP/1.1" 200 78
58.37.225.51 - - [24/May/2021:09:35:33 +0800] "POST /xingrg/dwr/call/plaincall/AjaxCheckService.setItemNumber.dwr HTTP/1.1" 200 78
114.88.160.191 - - [24/May/2021:09:35:33 +0800] "GET /xingrg/kc/buy/cgsh_order_operate.html?command=get_materiel&rest_code=00111&code=00101006129&supplier_code=00100012&order_time=2021-05-24 HTTP/1.1" 200 431
58.37.225.51 - - [24/May/2021:09:35:35 +0800] "POST /xingrg/dwr/call/plaincall/AjaxCheckService.setItemNumber.dwr HTTP/1.1" 200 78
58.37.225.51 - - [24/May/2021:09:35:36 +0800] "POST /xingrg/dwr/call/plaincall/AjaxCheckService.setItemNumber.dwr HTTP/1.1" 200 78
180.169.147.146 - - [24/May/2021:09:35:37 +0800] "GET /xingrg/all/function/internal_message.html?_=1621820136766&CODE_STATE=getMsg HTTP/1.1" 200 27
58.37.225.51 - - [24/May/2021:09:35:38 +0800] "POST /xingrg/dwr/call/plaincall/AjaxCheckService.setItemNumber.dwr HTTP/1.1" 200 78
222.69.128.109 - - [24/May/2021:09:35:39 +0800] "GET /xingrg/all/function/internal_message.html?_=1621820139160&CODE_STATE=getMsg HTTP/1.1" 200 27
58.37.225.51 - - [24/May/2021:09:35:39 +0800] "POST /xingrg/dwr/call/plaincall/AjaxCheckService.setItemNumber.dwr HTTP/1.1" 200 78
58.37.225.51 - - [24/May/2021:09:35:40 +0800] "POST /xingrg/dwr/call/plaincall/AjaxCheckService.setItemNumber.dwr HTTP/1.1" 200 78
58.37.225.51 - - [24/May/2021:09:35:41 +0800] "POST /xingrg/dwr/call/plaincall/AjaxCheckService.setItemNumber.dwr HTTP/1.1" 200 78
116.230.114.112 - - [24/May/2021:09:35:41 +0800] "GET /xingrg/all/function/internal_message.html?_=1621820143215&CODE_STATE=getMsg HTTP/1.1" 200 27
58.37.225.51 - - [24/May/2021:09:35:42 +0800] "POST /xingrg/dwr/call/plaincall/AjaxCheckService.setItemNumber.dwr HTTP/1.1" 200 78
116.224.253.72 - - [24/May/2021:09:35:43 +0800] "GET /xingrg/all/function/internal_message.html?_=1621820144064&CODE_STATE=getMsg HTTP/1.1" 200 27
58.37.225.51 - - [24/May/2021:09:35:44 +0800] "POST /xingrg/dwr/call/plaincall/AjaxCheckService.setItemNumber.dwr HTTP/1.1" 200 78
114.88.160.191 - - [24/May/2021:09:35:44 +0800] "GET /xingrg/kc/buy/cgsh_order_operate.html?command=get_materiel&rest_code=00111&code=00101006112&supplier_code=00100012&order_time=2021-05-24 HTTP/1.1" 200 409
114.88.160.191 - - [24/May/2021:09:35:45 +0800] "GET /xingrg/all/function/internal_message.html?_=1621820144027&CODE_STATE=getMsg HTTP/1.1" 200 27
114.88.160.191 - - [24/May/2021:09:35:45 +0800] "GET /xingrg/check_reg.html?_=1621820144029 HTTP/1.1" 200 22
58.37.225.51 - - [24/May/2021:09:35:45 +0800] "POST /xingrg/dwr/call/plaincall/AjaxCheckService.setItemNumber.dwr HTTP/1.1" 200 78
61.165.42.208 - - [24/May/2021:09:35:48 +0800] "GET /xingrg/all/function/internal_message.html?_=1621820129880&CODE_STATE=getMsg HTTP/1.1" 200 27
180.169.147.146 - - [24/May/2021:09:35:48 +0800] "GET /xingrg/all/function/internal_message.html?_=1621820149607&CODE_STATE=getMsg HTTP/1.1" 200 27
58.37.225.51 - - [24/May/2021:09:35:48 +0800] "POST /xingrg/dwr/call/plaincall/AjaxCheckService.setItemNumber.dwr HTTP/1.1" 200 78
58.37.225.51 - - [24/May/2021:09:35:49 +0800] "POST /xingrg/dwr/call/plaincall/AjaxCheckService.setItemNumber.dwr HTTP/1.1" 200 78
116.235.222.38 - - [24/May/2021:09:35:50 +0800] "GET /xingrg/all/function/internal_message.html?_=1621820148811&CODE_STATE=getMsg HTTP/1.1" 200 27
58.37.225.51 - - [24/May/2021:09:35:50 +0800] "POST /xingrg/dwr/call/plaincall/AjaxCheckService.setItemNumber.dwr HTTP/1.1" 200 78
58.37.225.51 - - [24/May/2021:09:35:50 +0800] "POST /xingrg/dwr/call/plaincall/AjaxCheckService.setItemNumber.dwr HTTP/1.1" 200 78
114.86.226.27 - - [24/May/2021:09:35:51 +0800] "POST /xingrg/kc/buy/cgsh_list_operate.html HTTP/1.1" 200 557
58.37.225.51 - - [24/May/2021:09:35:51 +0800] "POST /xingrg/dwr/call/plaincall/AjaxCheckService.setItemNumber.dwr HTTP/1.1" 200 78
58.37.225.51 - - [24/May/2021:09:35:51 +0800] "POST /xingrg/dwr/call/plaincall/AjaxCheckService.setItemNumber.dwr HTTP/1.1" 200 78
58.37.225.51 - - [24/May/2021:09:35:52 +0800] "POST /xingrg/dwr/call/plaincall/AjaxCheckService.setItemNumber.dwr HTTP/1.1" 200 78
58.37.225.51 - - [24/May/2021:09:35:53 +0800] "POST /xingrg/dwr/call/plaincall/AjaxCheckService.setItemNumber.dwr HTTP/1.1" 200 78
58.37.225.51 - - [24/May/2021:09:35:53 +0800] "POST /xingrg/dwr/call/plaincall/AjaxCheckService.setItemNumber.dwr HTTP/1.1" 200 78
58.37.225.51 - - [24/May/2021:09:35:54 +0800] "POST /xingrg/dwr/call/plaincall/AjaxCheckService.setItemNumber.dwr HTTP/1.1" 200 78
117.185.32.26 - - [24/May/2021:09:35:54 +0800] "GET /xingrg/all/function/internal_message.html?_=1621820684631&CODE_STATE=getMsg HTTP/1.1" 200 27
58.37.225.51 - - [24/May/2021:09:35:54 +0800] "POST /xingrg/dwr/call/plaincall/AjaxCheckService.setItemNumber.dwr HTTP/1.1" 200 78
58.37.225.51 - - [24/May/2021:09:35:55 +0800] "POST /xingrg/dwr/call/plaincall/AjaxCheckService.setItemNumber.dwr HTTP/1.1" 200 78
58.37.225.51 - - [24/May/2021:09:35:55 +0800] "POST /xingrg/dwr/call/plaincall/AjaxCheckService.setItemNumber.dwr HTTP/1.1" 200 78
116.235.222.38 - - [24/May/2021:09:35:58 +0800] "GET /xingrg/kc/buy/cgsh_order_operate.html?command=get_materiel&rest_code=00107&code=00101008599&supplier_code=00100006&order_time=2021-05-24 HTTP/1.1" 200 391
117.185.32.26 - - [24/May/2021:09:35:59 +0800] "GET /xingrg/all/function/internal_message.html?_=1621820158723&CODE_STATE=getMsg HTTP/1.1" 200 27
180.161.111.4 - - [24/May/2021:09:36:02 +0800] "GET /xingrg/all/function/internal_message.html?_=1621820122349&CODE_STATE=getMsg HTTP/1.1" 200 27
58.37.225.51 - - [24/May/2021:09:36:02 +0800] "POST /xingrg/dwr/call/plaincall/AjaxCheckService.setItemNumber.dwr HTTP/1.1" 200 78
116.224.253.72 - - [24/May/2021:09:36:03 +0800] "GET /xingrg/all/function/internal_message.html?_=1621820138796&CODE_STATE=getMsg HTTP/1.1" 200 27
58.37.225.51 - - [24/May/2021:09:36:04 +0800] "POST /xingrg/dwr/call/plaincall/AjaxCheckService.setItemNumber.dwr HTTP/1.1" 200 78
58.37.225.51 - - [24/May/2021:09:36:05 +0800] "POST /xingrg/dwr/call/plaincall/AjaxCheckService.setItemNumber.dwr HTTP/1.1" 200 78
58.37.225.51 - - [24/May/2021:09:36:06 +0800] "POST /xingrg/dwr/call/plaincall/AjaxCheckService.setItemNumber.dwr HTTP/1.1" 200 78
58.37.225.51 - - [24/May/2021:09:36:06 +0800] "POST /xingrg/dwr/call/plaincall/AjaxCheckService.setItemNumber.dwr HTTP/1.1" 200 78
58.37.225.51 - - [24/May/2021:09:36:07 +0800] "POST /xingrg/dwr/call/plaincall/AjaxCheckService.setItemNumber.dwr HTTP/1.1" 200 78
114.88.160.191 - - [24/May/2021:09:36:07 +0800] "GET /xingrg/kc/buy/cgsh_order_operate.html?command=get_materiel&rest_code=00111&code=00101006111&supplier_code=00100012&order_time=2021-05-24 HTTP/1.1" 200 409
58.37.225.51 - - [24/May/2021:09:36:07 +0800] "POST /xingrg/dwr/call/plaincall/AjaxCheckService.setItemNumber.dwr HTTP/1.1" 200 78
117.184.7.26 - - [24/May/2021:09:36:07 +0800] "GET /xingrg/check_reg.html?_=1621820167268 HTTP/1.1" 302 -
117.184.7.26 - - [24/May/2021:09:36:07 +0800] "GET /xingrg/all/function/internal_message.html?_=1621820167267&CODE_STATE=getMsg HTTP/1.1" 302 -
117.184.7.26 - - [24/May/2021:09:36:07 +0800] "GET /xingrg/login.html HTTP/1.1" 200 7641
117.184.7.26 - - [24/May/2021:09:36:07 +0800] "GET /xingrg/login.html HTTP/1.1" 200 7641
58.37.225.51 - - [24/May/2021:09:36:08 +0800] "POST /xingrg/dwr/call/plaincall/AjaxCheckService.setItemNumber.dwr HTTP/1.1" 200 78
58.37.225.51 - - [24/May/2021:09:36:08 +0800] "POST /xingrg/dwr/call/plaincall/AjaxCheckService.setItemNumber.dwr HTTP/1.1" 200 78
116.235.222.38 - - [24/May/2021:09:36:09 +0800] "GET /xingrg/kc/buy/cgsh_order_operate.html?command=get_materiel&rest_code=00107&code=00101008349&supplier_code=00100006&order_time=2021-05-24 HTTP/1.1" 200 412
114.88.160.191 - - [24/May/2021:09:36:14 +0800] "GET /xingrg/kc/buy/cgsh_order_operate.html?command=get_materiel&rest_code=00111&code=00101006057&supplier_code=00100012&order_time=2021-05-24 HTTP/1.1" 200 413
120.253.135.82 - - [24/May/2021:09:36:15 +0800] "GET /xingrg/all/function/internal_message.html?_=1621820223650&CODE_STATE=getMsg HTTP/1.1" 200 27
58.37.225.51 - - [24/May/2021:09:36:22 +0800] "POST /xingrg/dwr/call/plaincall/AjaxCheckService.setItemNumber.dwr HTTP/1.1" 200 78
116.235.222.38 - - [24/May/2021:09:36:23 +0800] "GET /xingrg/kc/buy/cgsh_order_operate.html?command=get_materiel&rest_code=00107&code=00101008312&supplier_code=00100006&order_time=2021-05-24 HTTP/1.1" 200 412
58.221.95.50 - - [24/May/2021:09:36:24 +0800] "GET /xingrg/check_reg.html?_=1621820185474 HTTP/1.1" 302 -
58.37.225.51 - - [24/May/2021:09:36:25 +0800] "POST /xingrg/dwr/call/plaincall/AjaxCheckService.setItemNumber.dwr HTTP/1.1" 200 78
114.86.226.27 - - [24/May/2021:09:36:25 +0800] "POST /xingrg/kc/buy/cgsh_list_operate.html HTTP/1.1" 200 271
116.230.110.80 - - [24/May/2021:09:36:25 +0800] "GET /xingrg/all/function/internal_message.html?_=1621820183824&CODE_STATE=getMsg HTTP/1.1" 200 27
58.37.225.51 - - [24/May/2021:09:36:25 +0800] "POST /xingrg/dwr/call/plaincall/AjaxCheckService.setItemNumber.dwr HTTP/1.1" 200 78
114.86.226.27 - - [24/May/2021:09:36:26 +0800] "GET /xingrg/kc/buy/cgsh_order_info.html?code=212021052209805 HTTP/1.1" 200 57036
114.86.226.27 - - [24/May/2021:09:36:26 +0800] "GET /xingrg/javascript/easyui/themes/default/validatebox.css HTTP/1.1" 404 1104
58.37.225.51 - - [24/May/2021:09:36:26 +0800] "POST /xingrg/dwr/call/plaincall/AjaxCheckService.setItemNumber.dwr HTTP/1.1" 200 78
114.86.226.27 - - [24/May/2021:09:36:27 +0800] "POST /xingrg/kc/buy/cgsh_order_operate.html HTTP/1.1" 200 1194
58.37.225.51 - - [24/May/2021:09:36:27 +0800] "POST /xingrg/dwr/call/plaincall/AjaxCheckService.setItemNumber.dwr HTTP/1.1" 200 78
