116.224.253.72 - - [22/May/2021:09:03:59 +0800] "GET /xingrg/all/function/internal_message.html?_=1621645436878&CODE_STATE=getMsg HTTP/1.1" 200 27
58.37.225.51 - - [22/May/2021:09:04:00 +0800] "GET /xingrg/javascript/jquery_tools/images/prev.gif HTTP/1.1" 404 1086
58.37.225.51 - - [22/May/2021:09:04:00 +0800] "GET /xingrg/javascript/jquery_tools/images/next.gif HTTP/1.1" 404 1086
222.69.129.150 - - [22/May/2021:09:04:02 +0800] "POST /xingrg/kc/buy/cgsh_order_operate.html HTTP/1.1" 200 2065
180.169.147.146 - - [22/May/2021:09:04:03 +0800] "GET /xingrg/all/function/internal_message.html?_=1621645449126&CODE_STATE=getMsg HTTP/1.1" 200 27
116.224.253.72 - - [22/May/2021:09:04:04 +0800] "GET /xingrg/kc/buy/cgsh_order_operate.html?command=get_materiel&rest_code=00150&code=00101011004&supplier_code=00100047&order_time=2021-05-22 HTTP/1.1" 200 412
114.88.162.5 - - [22/May/2021:09:04:05 +0800] "GET /xingrg/kc/buy/cgsh_order_operate.html?command=get_materiel&rest_code=00111&code=00101006144&supplier_code=00100012&order_time=2021-05-22 HTTP/1.1" 200 409
117.184.7.26 - - [22/May/2021:09:04:05 +0800] "GET /xingrg/all/function/internal_message.html?_=1621645437086&CODE_STATE=getMsg HTTP/1.1" 302 -
117.184.7.26 - - [22/May/2021:09:04:05 +0800] "GET /xingrg/login.html HTTP/1.1" 200 7641
58.37.225.51 - - [22/May/2021:09:04:06 +0800] "GET /xingrg/kc/buy/cgsh_order_operate.html?command=get_materiel&rest_code=00141&code=00101001010&supplier_code=00100040&order_time=2021-05-22 HTTP/1.1" 200 409
222.69.129.150 - - [22/May/2021:09:04:13 +0800] "GET /xingrg/kc/buy/cgsh_order_operate.html?command=get_materiel&rest_code=00149&code=00101008133&supplier_code=00100005&order_time=2021-05-22 HTTP/1.1" 200 408
116.224.253.72 - - [22/May/2021:09:04:14 +0800] "GET /xingrg/all/function/internal_message.html?_=1621645429314&CODE_STATE=getMsg HTTP/1.1" 200 27
114.88.162.5 - - [22/May/2021:09:04:16 +0800] "GET /xingrg/kc/buy/cgsh_order_operate.html?command=get_materiel&rest_code=00111&code=00101006111&supplier_code=00100012&order_time=2021-05-22 HTTP/1.1" 200 409
222.69.129.150 - - [22/May/2021:09:04:17 +0800] "GET /xingrg/all/function/internal_message.html?_=1621645454549&CODE_STATE=getMsg HTTP/1.1" 200 27
61.165.42.208 - - [22/May/2021:09:04:18 +0800] "GET /xingrg/kc/base/wldb_order_operate.html?command=get_materiel&rest_code=00105&base_code=0010507&code=00101019133 HTTP/1.1" 200 466
58.37.225.51 - - [22/May/2021:09:04:19 +0800] "POST /xingrg/kc/buy/cgsh_order_operate.html HTTP/1.1" 200 37
116.224.253.72 - - [22/May/2021:09:04:21 +0800] "POST /xingrg/kc/buy/cgsh_order_operate.html HTTP/1.1" 200 37
58.37.225.51 - - [22/May/2021:09:04:23 +0800] "POST /xingrg/kc/buy/cgsh_order_operate.html HTTP/1.1" 200 12
114.88.162.5 - - [22/May/2021:09:04:24 +0800] "GET /xingrg/kc/buy/cgsh_order_operate.html?command=get_materiel&rest_code=00111&code=00101006055&supplier_code=00100012&order_time=2021-05-22 HTTP/1.1" 200 409
116.224.253.72 - - [22/May/2021:09:04:24 +0800] "POST /xingrg/kc/buy/cgsh_order_operate.html HTTP/1.1" 200 12
58.37.225.51 - - [22/May/2021:09:04:24 +0800] "GET /xingrg/kc/buy/cgsh_order_info.html?code=212021052209797 HTTP/1.1" 200 57003
58.37.225.51 - - [22/May/2021:09:04:24 +0800] "GET /xingrg/javascript/easyui/themes/default/validatebox.css HTTP/1.1" 404 1104
58.37.225.51 - - [22/May/2021:09:04:25 +0800] "POST /xingrg/kc/buy/cgsh_order_operate.html HTTP/1.1" 200 604
116.224.253.72 - - [22/May/2021:09:04:25 +0800] "GET /xingrg/kc/buy/cgsh_order_info.html?code=212021052209798 HTTP/1.1" 200 56937
116.224.253.72 - - [22/May/2021:09:04:25 +0800] "GET /xingrg/javascript/easyui/themes/default/validatebox.css HTTP/1.1" 404 1104
58.37.225.51 - - [22/May/2021:09:04:25 +0800] "GET /xingrg/kc/print/load_config.html?kc_code=cgsh HTTP/1.1" 200 1845
58.37.225.51 - - [22/May/2021:09:04:25 +0800] "GET /xingrg/kc/print/load_data.html?order_code=212021052209797&kc_code=cgsh&condition= HTTP/1.1" 200 779
120.253.135.82 - - [22/May/2021:09:04:26 +0800] "GET /xingrg/all/function/internal_message.html?_=1621645513114&CODE_STATE=getMsg HTTP/1.1" 200 27
116.224.253.72 - - [22/May/2021:09:04:26 +0800] "POST /xingrg/kc/buy/cgsh_order_operate.html HTTP/1.1" 200 607
116.224.253.72 - - [22/May/2021:09:04:27 +0800] "GET /xingrg/kc/print/load_config.html?kc_code=cgsh HTTP/1.1" 200 1845
116.224.253.72 - - [22/May/2021:09:04:27 +0800] "GET /xingrg/kc/print/load_data.html?order_code=212021052209798&kc_code=cgsh&condition= HTTP/1.1" 200 781
114.88.162.5 - - [22/May/2021:09:04:27 +0800] "GET /xingrg/all/function/internal_message.html?_=1621645457482&CODE_STATE=getMsg HTTP/1.1" 200 27
116.230.114.112 - - [22/May/2021:09:04:29 +0800] "GET /xingrg/all/function/internal_message.html?_=1621645487479&CODE_STATE=getMsg HTTP/1.1" 200 27
58.37.225.51 - - [22/May/2021:09:04:29 +0800] "GET /xingrg/kc/buy/cgsh_order_add.html HTTP/1.1" 200 62101
58.37.225.51 - - [22/May/2021:09:04:29 +0800] "POST /xingrg/kc/buy/cgsh_order_operate.html HTTP/1.1" 200 8245
58.37.225.51 - - [22/May/2021:09:04:30 +0800] "GET /xingrg/all/common/auto_word.html?type=employee&rest_code=00141 HTTP/1.1" 200 201
58.37.225.51 - - [22/May/2021:09:04:30 +0800] "GET /xingrg/all/common/auto_word.html?type=employee&rest_code=00141 HTTP/1.1" 200 201
58.37.225.51 - - [22/May/2021:09:04:30 +0800] "GET /xingrg/javascript/easyui/themes/default/validatebox.css HTTP/1.1" 404 1104
61.165.42.208 - - [22/May/2021:09:04:34 +0800] "GET /xingrg/kc/base/wldb_order_operate.html?command=get_materiel&rest_code=00105&base_code=0010507&code=00101019295 HTTP/1.1" 200 462
114.88.162.5 - - [22/May/2021:09:04:36 +0800] "GET /xingrg/kc/buy/cgsh_order_operate.html?command=get_materiel&rest_code=00111&code=00101006056&supplier_code=00100012&order_time=2021-05-22 HTTP/1.1" 200 413
116.224.253.72 - - [22/May/2021:09:04:37 +0800] "GET /xingrg/kc/buy/cgsh_order_add.html HTTP/1.1" 200 62031
116.224.253.72 - - [22/May/2021:09:04:38 +0800] "POST /xingrg/kc/buy/cgsh_order_operate.html HTTP/1.1" 200 8245
222.69.129.150 - - [22/May/2021:09:04:38 +0800] "GET /xingrg/kc/buy/cgsh_order_operate.html?command=get_materiel&rest_code=00149&code=00101010237&supplier_code=00100005&order_time=2021-05-22 HTTP/1.1" 200 412
116.224.253.72 - - [22/May/2021:09:04:38 +0800] "GET /xingrg/javascript/easyui/themes/default/validatebox.css HTTP/1.1" 404 1104
114.86.187.76 - - [22/May/2021:09:04:38 +0800] "GET /xingrg/all/function/internal_message.html?_=1621645476873&CODE_STATE=getMsg HTTP/1.1" 200 27
116.224.253.72 - - [22/May/2021:09:04:46 +0800] "GET /xingrg/kc/buy/cgsh_order_operate.html?command=get_materiel&rest_code=00150&code=00101001010&supplier_code=00100096&order_time=2021-05-22 HTTP/1.1" 200 411
58.37.225.51 - - [22/May/2021:09:04:46 +0800] "GET /xingrg/kc/buy/cgsh_order_operate.html?command=get_materiel&rest_code=00141&code=00101006111&supplier_code=00100012&order_time=2021-05-22 HTTP/1.1" 200 409
101.89.19.149 - - [22/May/2021:09:04:50 +0800] "GET /xingrg/all/function/internal_message.html?_=1621645429400&CODE_STATE=count HTTP/1.1" 302 -
58.37.225.51 - - [22/May/2021:09:04:50 +0800] "GET /xingrg/all/function/internal_message.html?_=1621645489407&CODE_STATE=getMsg HTTP/1.1" 200 27
101.89.19.149 - - [22/May/2021:09:04:50 +0800] "GET /xingrg/login.html HTTP/1.1" 200 7641
116.230.110.80 - - [22/May/2021:09:04:52 +0800] "GET /xingrg/all/function/internal_message.html?_=1621645486934&CODE_STATE=getMsg HTTP/1.1" 200 27
61.151.178.165 - - [22/May/2021:09:04:53 +0800] "GET /xingrg/kc/buy/cgsh_order_add.html HTTP/1.1" 302 -
61.151.178.165 - - [22/May/2021:09:04:54 +0800] "GET /xingrg/login.html HTTP/1.1" 200 7641
61.165.42.208 - - [22/May/2021:09:04:54 +0800] "GET /xingrg/all/function/internal_message.html?_=1621645473454&CODE_STATE=getMsg HTTP/1.1" 200 27
61.165.42.208 - - [22/May/2021:09:04:55 +0800] "GET /xingrg/kc/base/wldb_order_operate.html?command=get_materiel&rest_code=00105&base_code=0010507&code=00101019430 HTTP/1.1" 200 463
58.37.225.51 - - [22/May/2021:09:04:56 +0800] "GET /xingrg/kc/buy/cgsh_order_operate.html?command=get_materiel&rest_code=00141&code=00101006109&supplier_code=00100012&order_time=2021-05-22 HTTP/1.1" 200 409
114.86.228.175 - - [22/May/2021:09:04:57 +0800] "GET /xingrg/all/function/internal_message.html?_=1621645501469&CODE_STATE=getMsg HTTP/1.1" 200 27
116.224.253.72 - - [22/May/2021:09:04:59 +0800] "GET /xingrg/all/function/internal_message.html?_=1621645496890&CODE_STATE=getMsg HTTP/1.1" 200 27
114.88.162.5 - - [22/May/2021:09:05:00 +0800] "GET /xingrg/kc/buy/cgsh_order_operate.html?command=get_materiel&rest_code=00111&code=00101006065&supplier_code=00100012&order_time=2021-05-22 HTTP/1.1" 200 409
222.69.129.150 - - [22/May/2021:09:05:01 +0800] "GET /xingrg/kc/buy/cgsh_order_operate.html?command=get_materiel&rest_code=00149&code=00101008305&supplier_code=00100005&order_time=2021-05-22 HTTP/1.1" 200 412
180.169.147.146 - - [22/May/2021:09:05:03 +0800] "GET /xingrg/all/function/internal_message.html?_=1621645509125&CODE_STATE=getMsg HTTP/1.1" 200 27
58.37.225.51 - - [22/May/2021:09:05:04 +0800] "GET /xingrg/kc/buy/cgsh_order_operate.html?command=get_materiel&rest_code=00141&code=00101006055&supplier_code=00100012&order_time=2021-05-22 HTTP/1.1" 200 409
117.184.7.26 - - [22/May/2021:09:05:05 +0800] "GET /xingrg/all/function/internal_message.html?_=1621645497089&CODE_STATE=getMsg HTTP/1.1" 302 -
117.184.7.26 - - [22/May/2021:09:05:05 +0800] "GET /xingrg/login.html HTTP/1.1" 200 7641
116.224.253.72 - - [22/May/2021:09:05:07 +0800] "GET /xingrg/kc/buy/cgsh_order_operate.html?command=get_materiel&rest_code=00150&code=00101006168&supplier_code=00100096&order_time=2021-05-22 HTTP/1.1" 200 421
120.253.135.82 - - [22/May/2021:09:05:08 +0800] "GET /xingrg/check_reg.html?_=1621645555419 HTTP/1.1" 200 22
116.224.253.72 - - [22/May/2021:09:05:14 +0800] "GET /xingrg/all/function/internal_message.html?_=1621645489326&CODE_STATE=getMsg HTTP/1.1" 200 27
58.37.225.51 - - [22/May/2021:09:05:15 +0800] "GET /xingrg/kc/buy/cgsh_order_operate.html?command=get_materiel&rest_code=00141&code=00101006056&supplier_code=00100012&order_time=2021-05-22 HTTP/1.1" 200 413
222.69.129.150 - - [22/May/2021:09:05:17 +0800] "GET /xingrg/all/function/internal_message.html?_=1621645514595&CODE_STATE=getMsg HTTP/1.1" 200 27
116.224.253.72 - - [22/May/2021:09:05:23 +0800] "GET /xingrg/kc/buy/cgsh_order_operate.html?command=get_materiel&rest_code=00150&code=00101007081&supplier_code=00100096&order_time=2021-05-22 HTTP/1.1" 200 415
58.37.225.51 - - [22/May/2021:09:05:23 +0800] "GET /xingrg/kc/buy/cgsh_order_operate.html?command=get_materiel&rest_code=00141&code=00101006006&supplier_code=00100012&order_time=2021-05-22 HTTP/1.1" 200 409
120.253.135.82 - - [22/May/2021:09:05:26 +0800] "GET /xingrg/all/function/internal_message.html?_=1621645573121&CODE_STATE=getMsg HTTP/1.1" 200 27
116.224.253.72 - - [22/May/2021:09:05:26 +0800] "GET /xingrg/check_reg.html?_=1621645501385 HTTP/1.1" 200 22
114.88.162.5 - - [22/May/2021:09:05:27 +0800] "GET /xingrg/all/function/internal_message.html?_=1621645517483&CODE_STATE=getMsg HTTP/1.1" 200 27
222.69.129.150 - - [22/May/2021:09:05:29 +0800] "GET /xingrg/kc/buy/cgsh_order_operate.html?command=get_materiel&rest_code=00149&code=00101008330&supplier_code=00100005&order_time=2021-05-22 HTTP/1.1" 200 408
116.230.114.112 - - [22/May/2021:09:05:29 +0800] "GET /xingrg/all/function/internal_message.html?_=1621645547899&CODE_STATE=getMsg HTTP/1.1" 200 27
58.37.225.51 - - [22/May/2021:09:05:32 +0800] "GET /xingrg/kc/buy/cgsh_order_operate.html?command=get_materiel&rest_code=00141&code=00101006027&supplier_code=00100012&order_time=2021-05-22 HTTP/1.1" 200 409
114.88.162.5 - - [22/May/2021:09:05:35 +0800] "POST /xingrg/kc/buy/cgsh_order_operate.html HTTP/1.1" 200 37
114.88.162.5 - - [22/May/2021:09:05:37 +0800] "POST /xingrg/kc/buy/cgsh_order_operate.html HTTP/1.1" 200 6197
114.86.187.76 - - [22/May/2021:09:05:38 +0800] "GET /xingrg/all/function/internal_message.html?_=1621645536873&CODE_STATE=getMsg HTTP/1.1" 200 27
114.86.187.76 - - [22/May/2021:09:05:38 +0800] "GET /xingrg/check_reg.html?_=1621645536886 HTTP/1.1" 200 22
114.88.162.5 - - [22/May/2021:09:05:43 +0800] "GET /xingrg/kc/print/load_config.html?kc_code=cgsh HTTP/1.1" 200 1845
114.88.162.5 - - [22/May/2021:09:05:43 +0800] "GET /xingrg/kc/print/load_data.html?order_code=212021052209799&kc_code=cgsh&condition= HTTP/1.1" 200 2097
58.37.225.51 - - [22/May/2021:09:05:48 +0800] "GET /xingrg/kc/buy/cgsh_order_operate.html?command=get_materiel&rest_code=00141&code=00101006123&supplier_code=00100012&order_time=2021-05-22 HTTP/1.1" 200 409
58.37.225.51 - - [22/May/2021:09:05:50 +0800] "GET /xingrg/all/function/internal_message.html?_=1621645549410&CODE_STATE=getMsg HTTP/1.1" 200 27
61.151.207.158 - - [22/May/2021:09:05:50 +0800] "GET /xingrg/all/function/internal_message.html?_=1621645489407&CODE_STATE=getMsg HTTP/1.1" 302 -
116.224.253.72 - - [22/May/2021:09:05:50 +0800] "GET /xingrg/kc/buy/cgsh_order_operate.html?command=get_materiel&rest_code=00150&code=00101007071&supplier_code=00100096&order_time=2021-05-22 HTTP/1.1" 200 417
61.151.207.158 - - [22/May/2021:09:05:51 +0800] "GET /xingrg/login.html HTTP/1.1" 200 7641
116.230.110.80 - - [22/May/2021:09:05:52 +0800] "GET /xingrg/check_reg.html?_=1621645546934 HTTP/1.1" 200 22
116.230.110.80 - - [22/May/2021:09:05:52 +0800] "GET /xingrg/all/function/internal_message.html?_=1621645546938&CODE_STATE=getMsg HTTP/1.1" 200 27
222.69.129.150 - - [22/May/2021:09:05:52 +0800] "GET /xingrg/kc/buy/cgsh_order_operate.html?command=get_materiel&rest_code=00149&code=00101008183&supplier_code=00100005&order_time=2021-05-22 HTTP/1.1" 200 413
114.88.162.5 - - [22/May/2021:09:05:53 +0800] "GET /xingrg/kc/buy/cgsh_order_add.html HTTP/1.1" 200 62095
114.88.162.5 - - [22/May/2021:09:05:54 +0800] "POST /xingrg/kc/buy/cgsh_order_operate.html HTTP/1.1" 200 8245
114.88.162.5 - - [22/May/2021:09:05:54 +0800] "GET /xingrg/javascript/easyui/themes/default/validatebox.css HTTP/1.1" 404 1104
61.129.6.251 - - [22/May/2021:09:05:54 +0800] "GET /xingrg/kc/buy/cgsh_order_operate.html?command=get_materiel&rest_code=00141&code=00101006109&supplier_code=00100012&order_time=2021-05-22 HTTP/1.1" 302 -
61.165.42.208 - - [22/May/2021:09:05:54 +0800] "GET /xingrg/all/function/internal_message.html?_=1621645533451&CODE_STATE=getMsg HTTP/1.1" 200 27
61.129.6.251 - - [22/May/2021:09:05:55 +0800] "GET /xingrg/login.html HTTP/1.1" 200 7641
58.37.225.51 - - [22/May/2021:09:05:57 +0800] "GET /xingrg/kc/buy/cgsh_order_operate.html?command=get_materiel&rest_code=00141&code=00101006113&supplier_code=00100012&order_time=2021-05-22 HTTP/1.1" 200 415
114.86.228.175 - - [22/May/2021:09:05:57 +0800] "GET /xingrg/all/function/internal_message.html?_=1621645561470&CODE_STATE=getMsg HTTP/1.1" 200 27
116.224.253.72 - - [22/May/2021:09:05:58 +0800] "GET /xingrg/kc/buy/cgsh_order_operate.html?command=get_materiel&rest_code=00150&code=00101007059&supplier_code=00100096&order_time=2021-05-22 HTTP/1.1" 200 411
61.165.42.208 - - [22/May/2021:09:05:59 +0800] "GET /xingrg/kc/base/wldb_order_operate.html?command=get_materiel&rest_code=00105&base_code=0010507&code=00101016028 HTTP/1.1" 200 432
116.224.253.72 - - [22/May/2021:09:05:59 +0800] "GET /xingrg/all/function/internal_message.html?_=1621645556889&CODE_STATE=getMsg HTTP/1.1" 200 27
180.169.147.146 - - [22/May/2021:09:06:03 +0800] "GET /xingrg/all/function/internal_message.html?_=1621645569123&CODE_STATE=getMsg HTTP/1.1" 200 27
117.184.7.26 - - [22/May/2021:09:06:05 +0800] "GET /xingrg/all/function/internal_message.html?_=1621645557088&CODE_STATE=getMsg HTTP/1.1" 302 -
117.184.7.26 - - [22/May/2021:09:06:05 +0800] "GET /xingrg/check_reg.html?_=1621645557090 HTTP/1.1" 302 -
117.184.7.26 - - [22/May/2021:09:06:05 +0800] "GET /xingrg/login.html HTTP/1.1" 200 7641
117.184.7.26 - - [22/May/2021:09:06:05 +0800] "GET /xingrg/login.html HTTP/1.1" 200 7641
222.69.129.150 - - [22/May/2021:09:06:06 +0800] "POST /xingrg/kc/buy/cgsh_order_operate.html HTTP/1.1" 200 2065
114.88.162.5 - - [22/May/2021:09:06:07 +0800] "GET /xingrg/kc/buy/cgsh_order_operate.html?command=get_materiel&rest_code=00111&code=00101002027&supplier_code=00100199&order_time=2021-05-22 HTTP/1.1" 200 436
116.224.253.72 - - [22/May/2021:09:06:14 +0800] "GET /xingrg/all/function/internal_message.html?_=1621645549341&CODE_STATE=getMsg HTTP/1.1" 200 27
116.230.114.112 - - [22/May/2021:09:06:14 +0800] "GET /xingrg/check_reg.html?_=1621645592686 HTTP/1.1" 200 22
222.69.129.150 - - [22/May/2021:09:06:16 +0800] "GET /xingrg/kc/buy/cgsh_order_operate.html?command=get_materiel&rest_code=00149&code=00101015046&supplier_code=00100005&order_time=2021-05-22 HTTP/1.1" 200 412
222.69.129.150 - - [22/May/2021:09:06:18 +0800] "GET /xingrg/all/function/internal_message.html?_=1621645574836&CODE_STATE=getMsg HTTP/1.1" 200 27
61.165.42.208 - - [22/May/2021:09:06:21 +0800] "GET /xingrg/kc/base/wldb_order_operate.html?command=get_materiel&rest_code=00105&base_code=0010507&code=00101019542 HTTP/1.1" 200 447
120.253.135.82 - - [22/May/2021:09:06:26 +0800] "GET /xingrg/all/function/internal_message.html?_=1621645633135&CODE_STATE=getMsg HTTP/1.1" 200 27
114.88.162.5 - - [22/May/2021:09:06:27 +0800] "GET /xingrg/all/function/internal_message.html?_=1621645577507&CODE_STATE=getMsg HTTP/1.1" 200 27
114.88.162.5 - - [22/May/2021:09:06:27 +0800] "GET /xingrg/check_reg.html?_=1621645577510 HTTP/1.1" 200 22
114.88.162.5 - - [22/May/2021:09:06:29 +0800] "GET /xingrg/kc/buy/cgsh_order_operate.html?command=get_materiel&rest_code=00111&code=00101002006&supplier_code=00100199&order_time=2021-05-22 HTTP/1.1" 200 414
116.230.114.112 - - [22/May/2021:09:06:29 +0800] "GET /xingrg/all/function/internal_message.html?_=1621645607912&CODE_STATE=getMsg HTTP/1.1" 200 27
61.151.178.163 - - [22/May/2021:09:06:31 +0800] "GET /xingrg/kc/buy/cgsh_order_operate.html?command=get_materiel&rest_code=00141&code=00101006027&supplier_code=00100012&order_time=2021-05-22 HTTP/1.1" 302 -
61.151.178.163 - - [22/May/2021:09:06:31 +0800] "GET /xingrg/login.html HTTP/1.1" 200 7641
116.224.253.72 - - [22/May/2021:09:06:31 +0800] "GET /xingrg/kc/buy/cgsh_order_operate.html?command=get_materiel&rest_code=00150&code=00101007077&supplier_code=00100096&order_time=2021-05-22 HTTP/1.1" 200 415
116.235.95.160 - - [22/May/2021:09:06:35 +0800] "POST /xingrg/services/DataTransmitService HTTP/1.1" 200 524
116.235.95.160 - - [22/May/2021:09:06:35 +0800] "POST /xingrg/services/DataTransmitService HTTP/1.1" 200 501
114.86.187.76 - - [22/May/2021:09:06:38 +0800] "GET /xingrg/all/function/internal_message.html?_=1621645596866&CODE_STATE=getMsg HTTP/1.1" 200 27
114.88.162.5 - - [22/May/2021:09:06:39 +0800] "POST /xingrg/kc/buy/cgsh_order_operate.html HTTP/1.1" 200 37
222.69.129.150 - - [22/May/2021:09:06:40 +0800] "GET /xingrg/kc/buy/cgsh_order_operate.html?command=get_materiel&rest_code=00149&code=00101008114&supplier_code=00100005&order_time=2021-05-22 HTTP/1.1" 200 412
114.88.162.5 - - [22/May/2021:09:06:41 +0800] "POST /xingrg/kc/buy/cgsh_order_operate.html HTTP/1.1" 200 3853
116.224.253.72 - - [22/May/2021:09:06:41 +0800] "GET /xingrg/kc/buy/cgsh_order_operate.html?command=get_materiel&rest_code=00150&code=00101007061&supplier_code=00100096&order_time=2021-05-22 HTTP/1.1" 200 409
114.88.162.5 - - [22/May/2021:09:06:43 +0800] "GET /xingrg/kc/print/load_data.html?order_code=212021052209800&kc_code=cgsh&condition= HTTP/1.1" 200 1136
61.165.42.208 - - [22/May/2021:09:06:47 +0800] "GET /xingrg/kc/base/wldb_order_operate.html?command=get_materiel&rest_code=00105&base_code=0010507&code=00101019306 HTTP/1.1" 200 465
58.37.225.51 - - [22/May/2021:09:06:50 +0800] "GET /xingrg/all/function/internal_message.html?_=1621645609413&CODE_STATE=getMsg HTTP/1.1" 200 27
61.129.8.179 - - [22/May/2021:09:06:50 +0800] "GET /xingrg/all/function/internal_message.html?_=1621645549410&CODE_STATE=getMsg HTTP/1.1" 302 -
61.129.8.179 - - [22/May/2021:09:06:51 +0800] "GET /xingrg/login.html HTTP/1.1" 200 7641
116.230.110.80 - - [22/May/2021:09:06:52 +0800] "GET /xingrg/all/function/internal_message.html?_=1621645606923&CODE_STATE=getMsg HTTP/1.1" 200 27
61.165.42.208 - - [22/May/2021:09:06:54 +0800] "GET /xingrg/all/function/internal_message.html?_=1621645593448&CODE_STATE=getMsg HTTP/1.1" 200 27
116.224.253.72 - - [22/May/2021:09:06:55 +0800] "GET /xingrg/kc/buy/cgsh_order_operate.html?command=get_materiel&rest_code=00150&code=00101006229&supplier_code=00100096&order_time=2021-05-22 HTTP/1.1" 200 412
114.86.228.175 - - [22/May/2021:09:06:57 +0800] "GET /xingrg/all/function/internal_message.html?_=1621645621476&CODE_STATE=getMsg HTTP/1.1" 200 27
114.86.228.175 - - [22/May/2021:09:06:57 +0800] "GET /xingrg/check_reg.html?_=1621645621477 HTTP/1.1" 200 22
116.224.253.72 - - [22/May/2021:09:06:59 +0800] "GET /xingrg/all/function/internal_message.html?_=1621645616889&CODE_STATE=getMsg HTTP/1.1" 200 27
180.169.147.146 - - [22/May/2021:09:07:03 +0800] "GET /xingrg/all/function/internal_message.html?_=1621645629130&CODE_STATE=getMsg HTTP/1.1" 200 27
180.169.147.146 - - [22/May/2021:09:07:03 +0800] "GET /xingrg/check_reg.html?_=1621645629132 HTTP/1.1" 200 22
116.224.253.72 - - [22/May/2021:09:07:05 +0800] "GET /xingrg/kc/buy/cgsh_order_operate.html?command=get_materiel&rest_code=00150&code=00101006055&supplier_code=00100096&order_time=2021-05-22 HTTP/1.1" 200 411
117.184.7.26 - - [22/May/2021:09:07:05 +0800] "GET /xingrg/all/function/internal_message.html?_=1621645617089&CODE_STATE=getMsg HTTP/1.1" 302 -
117.184.7.26 - - [22/May/2021:09:07:05 +0800] "GET /xingrg/login.html HTTP/1.1" 200 7641
222.69.129.150 - - [22/May/2021:09:07:12 +0800] "GET /xingrg/kc/buy/cgsh_order_operate.html?command=get_materiel&rest_code=00149&code=00101020152&supplier_code=00100005&order_time=2021-05-22 HTTP/1.1" 200 416
116.224.253.72 - - [22/May/2021:09:07:14 +0800] "GET /xingrg/all/function/internal_message.html?_=1621645609354&CODE_STATE=getMsg HTTP/1.1" 200 27
61.165.42.208 - - [22/May/2021:09:07:15 +0800] "GET /xingrg/kc/base/wldb_order_operate.html?command=get_materiel&rest_code=00105&base_code=0010507&code=00101019391 HTTP/1.1" 200 471
222.69.129.150 - - [22/May/2021:09:07:18 +0800] "GET /xingrg/all/function/internal_message.html?_=1621645635192&CODE_STATE=getMsg HTTP/1.1" 200 27
116.224.253.72 - - [22/May/2021:09:07:19 +0800] "GET /xingrg/kc/buy/cgsh_order_operate.html?command=get_materiel&rest_code=00150&code=00101016104&supplier_code=00100096&order_time=2021-05-22 HTTP/1.1" 200 409
120.253.135.82 - - [22/May/2021:09:07:26 +0800] "GET /xingrg/all/function/internal_message.html?_=1621645693157&CODE_STATE=getMsg HTTP/1.1" 200 27
114.88.162.5 - - [22/May/2021:09:07:27 +0800] "GET /xingrg/all/function/internal_message.html?_=1621645637508&CODE_STATE=getMsg HTTP/1.1" 200 27
116.230.114.112 - - [22/May/2021:09:07:29 +0800] "GET /xingrg/all/function/internal_message.html?_=1621645667925&CODE_STATE=getMsg HTTP/1.1" 200 27
222.69.129.150 - - [22/May/2021:09:07:31 +0800] "GET /xingrg/kc/buy/cgsh_order_operate.html?command=get_materiel&rest_code=00149&code=00101008236&supplier_code=00100005&order_time=2021-05-22 HTTP/1.1" 200 416
116.224.253.72 - - [22/May/2021:09:07:32 +0800] "GET /xingrg/kc/buy/cgsh_order_operate.html?command=get_materiel&rest_code=00150&code=00101006109&supplier_code=00100096&order_time=2021-05-22 HTTP/1.1" 200 411
61.165.42.208 - - [22/May/2021:09:07:32 +0800] "GET /xingrg/kc/base/wldb_order_operate.html?command=get_materiel&rest_code=00105&base_code=0010507&code=00101019535 HTTP/1.1" 200 476
114.86.187.76 - - [22/May/2021:09:07:38 +0800] "GET /xingrg/all/function/internal_message.html?_=1621645656886&CODE_STATE=getMsg HTTP/1.1" 200 27
61.165.42.208 - - [22/May/2021:09:07:45 +0800] "POST /xingrg/kc/base/wldb_order_operate.html HTTP/1.1" 200 37
61.165.42.208 - - [22/May/2021:09:07:45 +0800] "POST /xingrg/kc/base/wldb_order_operate.html HTTP/1.1" 200 8252
61.165.42.208 - - [22/May/2021:09:07:46 +0800] "GET /xingrg/kc/base/wldb_order_info.html?code=422021052202386 HTTP/1.1" 200 30202
61.165.42.208 - - [22/May/2021:09:07:46 +0800] "GET /xingrg/javascript/easyui/themes/default/validatebox.css HTTP/1.1" 404 1104
61.165.42.208 - - [22/May/2021:09:07:46 +0800] "POST /xingrg/kc/base/wldb_order_operate.html HTTP/1.1" 200 8252
58.37.225.51 - - [22/May/2021:09:07:50 +0800] "GET /xingrg/all/function/internal_message.html?_=1621645669417&CODE_STATE=getMsg HTTP/1.1" 200 27
116.230.110.80 - - [22/May/2021:09:07:52 +0800] "GET /xingrg/all/function/internal_message.html?_=1621645666929&CODE_STATE=getMsg HTTP/1.1" 200 27
61.165.42.208 - - [22/May/2021:09:07:54 +0800] "GET /xingrg/all/function/internal_message.html?_=1621645653507&CODE_STATE=getMsg HTTP/1.1" 200 27
114.86.228.175 - - [22/May/2021:09:07:57 +0800] "GET /xingrg/all/function/internal_message.html?_=1621645681476&CODE_STATE=getMsg HTTP/1.1" 200 27
116.224.253.72 - - [22/May/2021:09:07:59 +0800] "GET /xingrg/all/function/internal_message.html?_=1621645676906&CODE_STATE=getMsg HTTP/1.1" 200 27
180.169.147.146 - - [22/May/2021:09:08:01 +0800] "GET /xingrg/check_reg.html?_=1621645679590 HTTP/1.1" 302 -
180.169.147.146 - - [22/May/2021:09:08:03 +0800] "GET /xingrg/all/function/internal_message.html?_=1621645689134&CODE_STATE=getMsg HTTP/1.1" 200 27
61.165.42.208 - - [22/May/2021:09:08:04 +0800] "POST /xingrg/kc/base/wldb_order_operate.html HTTP/1.1" 200 37
61.165.42.208 - - [22/May/2021:09:08:04 +0800] "POST /xingrg/kc/base/wldb_order_operate.html HTTP/1.1" 200 8252
61.165.42.208 - - [22/May/2021:09:08:04 +0800] "GET /xingrg/kc/base/wldb_order_info.html?code=422021052202386 HTTP/1.1" 200 30202
61.165.42.208 - - [22/May/2021:09:08:05 +0800] "GET /xingrg/javascript/easyui/themes/default/validatebox.css HTTP/1.1" 404 1104
61.165.42.208 - - [22/May/2021:09:08:05 +0800] "POST /xingrg/kc/base/wldb_order_operate.html HTTP/1.1" 200 8252
117.184.7.26 - - [22/May/2021:09:08:05 +0800] "GET /xingrg/all/function/internal_message.html?_=1621645677090&CODE_STATE=getMsg HTTP/1.1" 302 -
117.184.7.26 - - [22/May/2021:09:08:05 +0800] "GET /xingrg/login.html HTTP/1.1" 200 7641
61.165.42.208 - - [22/May/2021:09:08:08 +0800] "GET /xingrg/kc/base/wldb_order_add.html HTTP/1.1" 200 30187
61.165.42.208 - - [22/May/2021:09:08:09 +0800] "POST /xingrg/kc/base/wldb_order_operate.html HTTP/1.1" 200 6806
61.165.42.208 - - [22/May/2021:09:08:09 +0800] "GET /xingrg/javascript/easyui/themes/default/validatebox.css HTTP/1.1" 404 1104
61.165.42.208 - - [22/May/2021:09:08:10 +0800] "POST /xingrg/all/common/load_combo.html?type=base HTTP/1.1" 200 3236
222.69.129.150 - - [22/May/2021:09:08:13 +0800] "POST /xingrg/kc/buy/cgsh_order_operate.html HTTP/1.1" 200 37
61.165.42.208 - - [22/May/2021:09:08:13 +0800] "POST /xingrg/all/common/load_combo.html?type=base HTTP/1.1" 200 3236
116.224.253.72 - - [22/May/2021:09:08:14 +0800] "GET /xingrg/all/function/internal_message.html?_=1621645669547&CODE_STATE=getMsg HTTP/1.1" 200 27
222.69.129.150 - - [22/May/2021:09:08:17 +0800] "POST /xingrg/kc/buy/cgsh_order_operate.html HTTP/1.1" 200 12
222.69.129.150 - - [22/May/2021:09:08:22 +0800] "GET /xingrg/kc/buy/cgsh_order_info.html?code=212021052209791 HTTP/1.1" 200 57050
222.69.129.150 - - [22/May/2021:09:08:22 +0800] "GET /xingrg/all/function/internal_message.html?_=1621645698911&CODE_STATE=getMsg HTTP/1.1" 200 27
222.69.129.150 - - [22/May/2021:09:08:22 +0800] "GET /xingrg/check_reg.html?_=1621645698907 HTTP/1.1" 200 22
120.253.135.82 - - [22/May/2021:09:08:26 +0800] "GET /xingrg/all/function/internal_message.html?_=1621645753162&CODE_STATE=getMsg HTTP/1.1" 200 27
222.69.129.150 - - [22/May/2021:09:08:27 +0800] "GET /xingrg/javascript/easyui/themes/default/validatebox.css HTTP/1.1" 404 1104
114.88.162.5 - - [22/May/2021:09:08:27 +0800] "GET /xingrg/all/function/internal_message.html?_=1621645697509&CODE_STATE=getMsg HTTP/1.1" 200 27
222.69.129.150 - - [22/May/2021:09:08:28 +0800] "POST /xingrg/kc/buy/cgsh_order_operate.html HTTP/1.1" 200 40233
116.230.114.112 - - [22/May/2021:09:08:30 +0800] "GET /xingrg/all/function/internal_message.html?_=1621645728373&CODE_STATE=getMsg HTTP/1.1" 200 27
222.69.129.150 - - [22/May/2021:09:08:30 +0800] "GET /xingrg/kc/print/load_config.html?kc_code=cgsh HTTP/1.1" 200 1845
222.69.129.150 - - [22/May/2021:09:08:30 +0800] "GET /xingrg/kc/print/load_data.html?order_code=212021052209791&kc_code=cgsh&condition= HTTP/1.1" 200 15734
222.69.129.150 - - [22/May/2021:09:08:37 +0800] "GET /xingrg/javascript/jquery_easy_ui/themes/default/images/tabs_active.png HTTP/1.1" 200 2894
114.86.187.76 - - [22/May/2021:09:08:38 +0800] "GET /xingrg/all/function/internal_message.html?_=1621645716872&CODE_STATE=getMsg HTTP/1.1" 200 27
222.69.129.150 - - [22/May/2021:09:08:45 +0800] "GET /xingrg/kc/buy/cgsh_order_add.html HTTP/1.1" 200 62148
222.69.129.150 - - [22/May/2021:09:08:48 +0800] "GET /xingrg/javascript/easyui/themes/default/validatebox.css HTTP/1.1" 404 1104
222.69.129.150 - - [22/May/2021:09:08:48 +0800] "POST /xingrg/kc/buy/cgsh_order_operate.html HTTP/1.1" 200 8245
116.224.253.72 - - [22/May/2021:09:08:49 +0800] "GET /xingrg/kc/buy/cgsh_order_operate.html?command=get_materiel&rest_code=00150&code=00101006111&supplier_code=00100096&order_time=2021-05-22 HTTP/1.1" 200 409
61.151.178.166 - - [22/May/2021:09:08:50 +0800] "GET /xingrg/all/function/internal_message.html?_=1621645669417&CODE_STATE=getMsg HTTP/1.1" 302 -
58.37.225.51 - - [22/May/2021:09:08:50 +0800] "GET /xingrg/all/function/internal_message.html?_=1621645729420&CODE_STATE=getMsg HTTP/1.1" 200 27
58.37.225.51 - - [22/May/2021:09:08:50 +0800] "GET /xingrg/check_reg.html?_=1621645729421 HTTP/1.1" 200 22
61.151.178.166 - - [22/May/2021:09:08:50 +0800] "GET /xingrg/login.html HTTP/1.1" 200 7641
116.230.110.80 - - [22/May/2021:09:08:52 +0800] "GET /xingrg/all/function/internal_message.html?_=1621645726923&CODE_STATE=getMsg HTTP/1.1" 200 27
61.165.42.208 - - [22/May/2021:09:08:54 +0800] "GET /xingrg/kc/base/wldb_order_operate.html?command=get_materiel&rest_code=00105&base_code=0010507&code=00101016019 HTTP/1.1" 200 450
61.165.42.208 - - [22/May/2021:09:08:54 +0800] "GET /xingrg/all/function/internal_message.html?_=1621645713453&CODE_STATE=getMsg HTTP/1.1" 200 27
61.165.42.208 - - [22/May/2021:09:08:54 +0800] "GET /xingrg/check_reg.html?_=1621645713456 HTTP/1.1" 200 22
114.86.228.175 - - [22/May/2021:09:08:57 +0800] "GET /xingrg/all/function/internal_message.html?_=1621645741478&CODE_STATE=getMsg HTTP/1.1" 200 27
116.224.253.72 - - [22/May/2021:09:08:59 +0800] "GET /xingrg/check_reg.html?_=1621645736922 HTTP/1.1" 200 22
116.224.253.72 - - [22/May/2021:09:08:59 +0800] "GET /xingrg/all/function/internal_message.html?_=1621645736921&CODE_STATE=getMsg HTTP/1.1" 200 27
61.165.42.208 - - [22/May/2021:09:09:02 +0800] "POST /xingrg/kc/base/wldb_order_operate.html HTTP/1.1" 200 37
61.165.42.208 - - [22/May/2021:09:09:03 +0800] "POST /xingrg/kc/base/wldb_order_operate.html HTTP/1.1" 200 2193
180.169.147.146 - - [22/May/2021:09:09:03 +0800] "GET /xingrg/all/function/internal_message.html?_=1621645749136&CODE_STATE=getMsg HTTP/1.1" 200 27
61.165.42.208 - - [22/May/2021:09:09:03 +0800] "GET /xingrg/kc/base/wldb_order_info.html?code=422021052202387 HTTP/1.1" 200 30201
61.165.42.208 - - [22/May/2021:09:09:03 +0800] "GET /xingrg/javascript/easyui/themes/default/validatebox.css HTTP/1.1" 404 1104
61.165.42.208 - - [22/May/2021:09:09:04 +0800] "POST /xingrg/kc/base/wldb_order_operate.html HTTP/1.1" 200 2193
117.184.7.26 - - [22/May/2021:09:09:05 +0800] "GET /xingrg/all/function/internal_message.html?_=1621645737091&CODE_STATE=getMsg HTTP/1.1" 302 -
117.184.7.26 - - [22/May/2021:09:09:05 +0800] "GET /xingrg/login.html HTTP/1.1" 200 7641
222.69.129.150 - - [22/May/2021:09:09:11 +0800] "POST /xingrg/services/DataTransmitService HTTP/1.1" 200 524
222.69.129.150 - - [22/May/2021:09:09:11 +0800] "POST /xingrg/services/DataTransmitService HTTP/1.1" 200 1979
222.69.129.150 - - [22/May/2021:09:09:11 +0800] "POST /xingrg/services/DataTransmitService HTTP/1.1" 200 1603
222.69.129.150 - - [22/May/2021:09:09:11 +0800] "POST /xingrg/services/DataTransmitService HTTP/1.1" 200 2443
222.69.129.150 - - [22/May/2021:09:09:12 +0800] "POST /xingrg/services/DataTransmitService HTTP/1.1" 200 1463
222.69.129.150 - - [22/May/2021:09:09:13 +0800] "POST /xingrg/services/DataTransmitService HTTP/1.1" 200 131188
116.224.253.72 - - [22/May/2021:09:09:14 +0800] "GET /xingrg/all/function/internal_message.html?_=1621645729553&CODE_STATE=getMsg HTTP/1.1" 200 27
222.69.129.150 - - [22/May/2021:09:09:22 +0800] "GET /xingrg/all/function/internal_message.html?_=1621645758890&CODE_STATE=getMsg HTTP/1.1" 200 27
120.253.135.82 - - [22/May/2021:09:09:26 +0800] "GET /xingrg/all/function/internal_message.html?_=1621645813182&CODE_STATE=getMsg HTTP/1.1" 200 27
114.88.162.5 - - [22/May/2021:09:09:27 +0800] "GET /xingrg/all/function/internal_message.html?_=1621645757495&CODE_STATE=getMsg HTTP/1.1" 200 27
116.230.114.112 - - [22/May/2021:09:09:30 +0800] "GET /xingrg/all/function/internal_message.html?_=1621645788375&CODE_STATE=getMsg HTTP/1.1" 200 27
116.224.253.72 - - [22/May/2021:09:09:38 +0800] "POST /xingrg/kc/buy/cgsh_order_operate.html HTTP/1.1" 200 37
114.86.187.76 - - [22/May/2021:09:09:38 +0800] "GET /xingrg/all/function/internal_message.html?_=1621645776878&CODE_STATE=getMsg HTTP/1.1" 200 27
116.224.253.72 - - [22/May/2021:09:09:42 +0800] "POST /xingrg/kc/buy/cgsh_order_operate.html HTTP/1.1" 200 12
116.224.253.72 - - [22/May/2021:09:09:43 +0800] "GET /xingrg/kc/buy/cgsh_order_info.html?code=212021052209801 HTTP/1.1" 200 56927
116.224.253.72 - - [22/May/2021:09:09:44 +0800] "GET /xingrg/javascript/easyui/themes/default/validatebox.css HTTP/1.1" 404 1104
116.224.253.72 - - [22/May/2021:09:09:45 +0800] "POST /xingrg/kc/buy/cgsh_order_operate.html HTTP/1.1" 200 7142
116.224.253.72 - - [22/May/2021:09:09:49 +0800] "GET /xingrg/kc/print/load_data.html?order_code=212021052209801&kc_code=cgsh&condition= HTTP/1.1" 200 3199
101.89.29.78 - - [22/May/2021:09:09:50 +0800] "GET /xingrg/check_reg.html?_=1621645729421 HTTP/1.1" 302 -
58.37.225.51 - - [22/May/2021:09:09:50 +0800] "GET /xingrg/all/function/internal_message.html?_=1621645789423&CODE_STATE=getMsg HTTP/1.1" 200 27
101.89.29.78 - - [22/May/2021:09:09:50 +0800] "GET /xingrg/login.html HTTP/1.1" 200 7641
116.230.110.80 - - [22/May/2021:09:09:52 +0800] "GET /xingrg/all/function/internal_message.html?_=1621645786939&CODE_STATE=getMsg HTTP/1.1" 200 27
61.165.42.208 - - [22/May/2021:09:09:54 +0800] "GET /xingrg/all/function/internal_message.html?_=1621645773461&CODE_STATE=getMsg HTTP/1.1" 200 27
114.86.228.175 - - [22/May/2021:09:09:57 +0800] "GET /xingrg/all/function/internal_message.html?_=1621645801481&CODE_STATE=getMsg HTTP/1.1" 200 27
116.224.253.72 - - [22/May/2021:09:09:59 +0800] "GET /xingrg/all/function/internal_message.html?_=1621645796907&CODE_STATE=getMsg HTTP/1.1" 200 27
180.169.147.146 - - [22/May/2021:09:10:03 +0800] "GET /xingrg/all/function/internal_message.html?_=1621645809141&CODE_STATE=getMsg HTTP/1.1" 200 27
117.184.7.26 - - [22/May/2021:09:10:05 +0800] "GET /xingrg/all/function/internal_message.html?_=1621645797092&CODE_STATE=getMsg HTTP/1.1" 302 -
117.184.7.26 - - [22/May/2021:09:10:05 +0800] "GET /xingrg/login.html HTTP/1.1" 200 7641
120.253.135.82 - - [22/May/2021:09:10:08 +0800] "GET /xingrg/check_reg.html?_=1621645855424 HTTP/1.1" 200 22
116.224.253.72 - - [22/May/2021:09:10:14 +0800] "GET /xingrg/all/function/internal_message.html?_=1621645789747&CODE_STATE=getMsg HTTP/1.1" 200 27
114.88.162.5 - - [22/May/2021:09:10:16 +0800] "POST /xingrg/kc/buy/cgsh_list_operate.html HTTP/1.1" 200 4
222.69.129.150 - - [22/May/2021:09:10:22 +0800] "GET /xingrg/all/function/internal_message.html?_=1621645818874&CODE_STATE=getMsg HTTP/1.1" 200 27
120.253.135.82 - - [22/May/2021:09:10:26 +0800] "GET /xingrg/all/function/internal_message.html?_=1621645873189&CODE_STATE=getMsg HTTP/1.1" 200 27
116.224.253.72 - - [22/May/2021:09:10:26 +0800] "GET /xingrg/check_reg.html?_=1621645801391 HTTP/1.1" 200 22
114.88.162.5 - - [22/May/2021:09:10:27 +0800] "GET /xingrg/all/function/internal_message.html?_=1621645817498&CODE_STATE=getMsg HTTP/1.1" 200 27
114.88.162.5 - - [22/May/2021:09:10:29 +0800] "POST /xingrg/kc/buy/cgsh_list_operate.html HTTP/1.1" 200 5151
116.230.114.112 - - [22/May/2021:09:10:30 +0800] "GET /xingrg/all/function/internal_message.html?_=1621645848804&CODE_STATE=getMsg HTTP/1.1" 200 27
114.88.162.5 - - [22/May/2021:09:10:35 +0800] "POST /xingrg/kc/buy/cgsh_list_operate.html HTTP/1.1" 200 563
114.86.187.76 - - [22/May/2021:09:10:38 +0800] "GET /xingrg/all/function/internal_message.html?_=1621645836890&CODE_STATE=getMsg HTTP/1.1" 200 27
114.86.187.76 - - [22/May/2021:09:10:38 +0800] "GET /xingrg/check_reg.html?_=1621645836895 HTTP/1.1" 200 22
114.88.162.5 - - [22/May/2021:09:10:39 +0800] "POST /xingrg/kc/buy/cgsh_list_operate.html HTTP/1.1" 200 354
58.37.225.51 - - [22/May/2021:09:10:50 +0800] "GET /xingrg/all/function/internal_message.html?_=1621645849425&CODE_STATE=getMsg HTTP/1.1" 200 27
116.224.253.72 - - [22/May/2021:09:10:51 +0800] "POST /xingrg/services/DataTransmitService HTTP/1.1" 200 524
116.224.253.72 - - [22/May/2021:09:10:51 +0800] "POST /xingrg/services/DataTransmitService HTTP/1.1" 200 501
116.230.110.80 - - [22/May/2021:09:10:52 +0800] "GET /xingrg/check_reg.html?_=1621645846937 HTTP/1.1" 200 22
116.230.110.80 - - [22/May/2021:09:10:52 +0800] "GET /xingrg/all/function/internal_message.html?_=1621645846940&CODE_STATE=getMsg HTTP/1.1" 200 27
61.165.42.208 - - [22/May/2021:09:10:54 +0800] "GET /xingrg/all/function/internal_message.html?_=1621645833463&CODE_STATE=getMsg HTTP/1.1" 200 27
114.86.228.175 - - [22/May/2021:09:10:57 +0800] "GET /xingrg/all/function/internal_message.html?_=1621645861483&CODE_STATE=getMsg HTTP/1.1" 200 27
114.88.162.5 - - [22/May/2021:09:10:57 +0800] "POST /xingrg/kc/buy/cgsh_list_operate.html HTTP/1.1" 200 4
116.224.253.72 - - [22/May/2021:09:10:59 +0800] "GET /xingrg/all/function/internal_message.html?_=1621645856907&CODE_STATE=getMsg HTTP/1.1" 200 27
114.88.162.5 - - [22/May/2021:09:11:03 +0800] "POST /xingrg/kc/buy/cgsh_list_operate.html HTTP/1.1" 200 3503
117.184.7.26 - - [22/May/2021:09:11:05 +0800] "GET /xingrg/all/function/internal_message.html?_=1621645857093&CODE_STATE=getMsg HTTP/1.1" 302 -
117.184.7.26 - - [22/May/2021:09:11:05 +0800] "GET /xingrg/check_reg.html?_=1621645857094 HTTP/1.1" 302 -
117.184.7.26 - - [22/May/2021:09:11:05 +0800] "GET /xingrg/login.html HTTP/1.1" 200 7641
117.184.7.26 - - [22/May/2021:09:11:05 +0800] "GET /xingrg/login.html HTTP/1.1" 200 7641
114.88.162.5 - - [22/May/2021:09:11:09 +0800] "POST /xingrg/kc/buy/cgsh_list_operate.html HTTP/1.1" 200 563
114.88.162.5 - - [22/May/2021:09:11:09 +0800] "POST /xingrg/kc/buy/cgsh_list_operate.html HTTP/1.1" 200 354
116.230.114.112 - - [22/May/2021:09:11:14 +0800] "GET /xingrg/check_reg.html?_=1621645892695 HTTP/1.1" 200 22
116.224.253.72 - - [22/May/2021:09:11:14 +0800] "GET /xingrg/all/function/internal_message.html?_=1621645849751&CODE_STATE=getMsg HTTP/1.1" 200 27
114.88.162.5 - - [22/May/2021:09:11:20 +0800] "POST /xingrg/kc/buy/cgsh_list_operate.html HTTP/1.1" 200 4
222.69.129.150 - - [22/May/2021:09:11:22 +0800] "GET /xingrg/all/function/internal_message.html?_=1621645878850&CODE_STATE=getMsg HTTP/1.1" 200 27
114.88.162.5 - - [22/May/2021:09:11:23 +0800] "POST /xingrg/kc/buy/cgsh_list_operate.html HTTP/1.1" 200 2049
120.253.135.82 - - [22/May/2021:09:11:26 +0800] "GET /xingrg/all/function/internal_message.html?_=1621645933203&CODE_STATE=getMsg HTTP/1.1" 200 27
114.88.162.5 - - [22/May/2021:09:11:26 +0800] "GET /xingrg/kc/base/wldb_order_list.html HTTP/1.1" 200 18979
114.88.162.5 - - [22/May/2021:09:11:26 +0800] "POST /xingrg/kc/base/wldb_list_operate.html HTTP/1.1" 200 4130
114.88.162.5 - - [22/May/2021:09:11:27 +0800] "GET /xingrg/all/function/internal_message.html?_=1621645877504&CODE_STATE=getMsg HTTP/1.1" 200 27
114.88.162.5 - - [22/May/2021:09:11:27 +0800] "GET /xingrg/check_reg.html?_=1621645877505 HTTP/1.1" 200 22
116.230.114.112 - - [22/May/2021:09:11:30 +0800] "GET /xingrg/all/function/internal_message.html?_=1621645908807&CODE_STATE=getMsg HTTP/1.1" 200 27
114.86.187.76 - - [22/May/2021:09:11:38 +0800] "GET /xingrg/all/function/internal_message.html?_=1621645896890&CODE_STATE=getMsg HTTP/1.1" 200 27
114.88.162.5 - - [22/May/2021:09:11:42 +0800] "POST /xingrg/kc/base/wldb_list_operate.html HTTP/1.1" 200 4
58.37.225.51 - - [22/May/2021:09:11:50 +0800] "GET /xingrg/all/function/internal_message.html?_=1621645909429&CODE_STATE=getMsg HTTP/1.1" 200 27
116.230.110.80 - - [22/May/2021:09:11:52 +0800] "GET /xingrg/all/function/internal_message.html?_=1621645906934&CODE_STATE=getMsg HTTP/1.1" 200 27
61.165.42.208 - - [22/May/2021:09:11:54 +0800] "GET /xingrg/all/function/internal_message.html?_=1621645893463&CODE_STATE=getMsg HTTP/1.1" 200 27
114.86.228.175 - - [22/May/2021:09:11:57 +0800] "GET /xingrg/all/function/internal_message.html?_=1621645921486&CODE_STATE=getMsg HTTP/1.1" 200 27
114.86.228.175 - - [22/May/2021:09:11:57 +0800] "GET /xingrg/check_reg.html?_=1621645921487 HTTP/1.1" 200 22
116.224.253.72 - - [22/May/2021:09:11:59 +0800] "GET /xingrg/all/function/internal_message.html?_=1621645916946&CODE_STATE=getMsg HTTP/1.1" 200 27
116.224.253.72 - - [22/May/2021:09:12:00 +0800] "POST /xingrg/all/user/operate.html HTTP/1.1" 200 36
116.224.253.72 - - [22/May/2021:09:12:01 +0800] "GET /xingrg/javascript/jquery_easy_ui/themes/default/easyui.css HTTP/1.1" 304 -
116.224.253.72 - - [22/May/2021:09:12:01 +0800] "GET /xingrg/index.html?sysBaseUrl=http%3A%2F%2F180.169.147.146%3A18081%2Fxingrg%2F&costTime=42×tamp=1621590693353 HTTP/1.1" 200 17177
116.224.253.72 - - [22/May/2021:09:12:02 +0800] "GET /xingrg/javascript/jquery_easy_ui/themes/icon.css HTTP/1.1" 304 -
116.224.253.72 - - [22/May/2021:09:12:02 +0800] "GET /xingrg/css/form.css HTTP/1.1" 304 -
116.224.253.72 - - [22/May/2021:09:12:02 +0800] "GET /xingrg/javascript/jquery-1.4.2.min.js HTTP/1.1" 304 -
116.224.253.72 - - [22/May/2021:09:12:02 +0800] "GET /xingrg/javascript/jquery_easy_ui/jquery.easyui.min.js HTTP/1.1" 304 -
116.224.253.72 - - [22/May/2021:09:12:02 +0800] "GET /xingrg/javascript/jquery_easy_ui/easyui-lang-zh_CN.js HTTP/1.1" 304 -
116.224.253.72 - - [22/May/2021:09:12:02 +0800] "GET /xingrg/javascript/jquery.form.js HTTP/1.1" 304 -
116.224.253.72 - - [22/May/2021:09:12:02 +0800] "GET /xingrg/javascript/jquery.utils.js HTTP/1.1" 304 -
116.224.253.72 - - [22/May/2021:09:12:02 +0800] "GET /xingrg/javascript/jquery.timers.js HTTP/1.1" 304 -
116.224.253.72 - - [22/May/2021:09:12:02 +0800] "GET /xingrg/images/blue/jxLogo.png HTTP/1.1" 304 -
116.224.253.72 - - [22/May/2021:09:12:02 +0800] "GET /xingrg/images/blue/navBackgound.jpg HTTP/1.1" 304 -
116.224.253.72 - - [22/May/2021:09:12:02 +0800] "GET /xingrg/javascript/jquery_easy_ui/themes/icons/settle_new.png HTTP/1.1" 304 -
116.224.253.72 - - [22/May/2021:09:12:02 +0800] "GET /xingrg/images/blue/pingpu.png HTTP/1.1" 304 -
116.224.253.72 - - [22/May/2021:09:12:02 +0800] "POST /xingrg/all/common/load_tree.html?tree=area_rest_tree_json&manage=1 HTTP/1.1" 200 476
116.224.253.72 - - [22/May/2021:09:12:02 +0800] "GET /xingrg/javascript/jquery_easy_ui/themes/default/images/tabs_leftarrow.png HTTP/1.1" 304 -
116.224.253.72 - - [22/May/2021:09:12:02 +0800] "GET /xingrg/javascript/jquery_easy_ui/themes/default/images/tabs_rightarrow.png HTTP/1.1" 304 -
116.224.253.72 - - [22/May/2021:09:12:02 +0800] "GET /xingrg/javascript/jquery_easy_ui/themes/default/images/panel_tool_collapse.gif HTTP/1.1" 304 -
116.224.253.72 - - [22/May/2021:09:12:02 +0800] "GET /xingrg/all/function/internal_message.html?_=1621645896961&CODE_STATE=count HTTP/1.1" 200 11
116.224.253.72 - - [22/May/2021:09:12:02 +0800] "GET /xingrg/check_reg.html?_=1621645896962 HTTP/1.1" 200 22
116.224.253.72 - - [22/May/2021:09:12:02 +0800] "POST /xingrg/load_menu.html HTTP/1.1" 200 5138
116.224.253.72 - - [22/May/2021:09:12:05 +0800] "GET /xingrg/kc/buy/cgsh_order_list.html HTTP/1.1" 200 46361
117.184.7.26 - - [22/May/2021:09:12:05 +0800] "GET /xingrg/all/function/internal_message.html?_=1621645917094&CODE_STATE=getMsg HTTP/1.1" 302 -
117.184.7.26 - - [22/May/2021:09:12:05 +0800] "GET /xingrg/login.html HTTP/1.1" 200 7641
116.224.253.72 - - [22/May/2021:09:12:08 +0800] "POST /xingrg/kc/buy/cgsh_list_operate.html HTTP/1.1" 200 2843
180.169.147.146 - - [22/May/2021:09:12:10 +0800] "GET /xingrg/index.html?sysBaseUrl=http%3A%2F%2F180.169.147.146%3A18081%2Fxingrg%2F&costTime=54×tamp=1621570223993 HTTP/1.1" 302 -
180.169.147.146 - - [22/May/2021:09:12:10 +0800] "GET /xingrg/login.html HTTP/1.1" 200 7641
180.169.147.146 - - [22/May/2021:09:12:10 +0800] "GET /favicon.ico HTTP/1.1" 404 -
116.224.253.72 - - [22/May/2021:09:12:12 +0800] "POST /xingrg/kc/buy/cgsh_list_operate.html HTTP/1.1" 200 359
116.224.253.72 - - [22/May/2021:09:12:14 +0800] "GET /xingrg/kc/buy/cgsh_order_info.html?code=212021052209785 HTTP/1.1" 200 61758
116.224.253.72 - - [22/May/2021:09:12:14 +0800] "GET /xingrg/javascript/easyui/themes/default/validatebox.css HTTP/1.1" 404 1104
116.224.253.72 - - [22/May/2021:09:12:15 +0800] "POST /xingrg/kc/buy/cgsh_order_operate.html HTTP/1.1" 200 3878
222.69.129.150 - - [22/May/2021:09:12:18 +0800] "POST /xingrg/services/DataTransmitService HTTP/1.1" 200 524
116.224.253.72 - - [22/May/2021:09:12:19 +0800] "POST /xingrg/kc/buy/cgsh_order_operate.html HTTP/1.1" 200 37
222.69.129.150 - - [22/May/2021:09:12:22 +0800] "GET /xingrg/all/function/internal_message.html?_=1621645938833&CODE_STATE=getMsg HTTP/1.1" 200 27
116.224.253.72 - - [22/May/2021:09:12:22 +0800] "POST /xingrg/kc/buy/cgsh_order_operate.html HTTP/1.1" 200 12
222.69.129.150 - - [22/May/2021:09:12:22 +0800] "POST /xingrg/services/DataTransmitService HTTP/1.1" 200 501
116.224.253.72 - - [22/May/2021:09:12:23 +0800] "GET /xingrg/kc/buy/cgsh_order_info.html?code=212021052209785 HTTP/1.1" 200 56655
116.224.253.72 - - [22/May/2021:09:12:23 +0800] "GET /xingrg/javascript/easyui/themes/default/validatebox.css HTTP/1.1" 404 1104
116.224.253.72 - - [22/May/2021:09:12:23 +0800] "POST /xingrg/kc/buy/cgsh_order_operate.html HTTP/1.1" 200 1828
222.69.129.150 - - [22/May/2021:09:12:24 +0800] "POST /xingrg/services/DataTransmitService HTTP/1.1" 200 524
116.224.253.72 - - [22/May/2021:09:12:25 +0800] "GET /xingrg/kc/print/load_data.html?order_code=212021052209785&kc_code=cgsh&condition= HTTP/1.1" 200 1265
120.253.135.82 - - [22/May/2021:09:12:26 +0800] "GET /xingrg/all/function/internal_message.html?_=1621645993227&CODE_STATE=getMsg HTTP/1.1" 200 27
114.88.162.5 - - [22/May/2021:09:12:27 +0800] "POST /xingrg/kc/base/wldb_list_operate.html HTTP/1.1" 200 928
114.88.162.5 - - [22/May/2021:09:12:27 +0800] "GET /xingrg/all/function/internal_message.html?_=1621645937503&CODE_STATE=getMsg HTTP/1.1" 200 27
116.230.114.112 - - [22/May/2021:09:12:30 +0800] "GET /xingrg/all/function/internal_message.html?_=1621645968820&CODE_STATE=getMsg HTTP/1.1" 200 27
116.224.253.72 - - [22/May/2021:09:12:35 +0800] "GET /xingrg/kc/buy/cgsh_order_add.html HTTP/1.1" 200 61749
116.224.253.72 - - [22/May/2021:09:12:35 +0800] "POST /xingrg/kc/buy/cgsh_order_operate.html HTTP/1.1" 200 8245
116.224.253.72 - - [22/May/2021:09:12:35 +0800] "GET /xingrg/javascript/easyui/themes/default/validatebox.css HTTP/1.1" 404 1104
116.224.253.72 - - [22/May/2021:09:12:37 +0800] "GET /xingrg/javascript/auto/indicator.gif HTTP/1.1" 404 1066
114.86.187.76 - - [22/May/2021:09:12:38 +0800] "GET /xingrg/all/function/internal_message.html?_=1621645956878&CODE_STATE=getMsg HTTP/1.1" 200 27
114.88.162.5 - - [22/May/2021:09:12:42 +0800] "GET /xingrg/kc/buy/buy_main.html HTTP/1.1" 200 12412
114.88.162.5 - - [22/May/2021:09:12:42 +0800] "GET /xingrg/css/new_ie.css HTTP/1.1" 404 1036
114.88.162.5 - - [22/May/2021:09:12:43 +0800] "GET /xingrg/images/yd/bt.gif HTTP/1.1" 404 1040
114.88.162.5 - - [22/May/2021:09:12:44 +0800] "GET /xingrg/kc/buy/cgsh_order_list.html HTTP/1.1" 200 46357
116.224.253.72 - - [22/May/2021:09:12:44 +0800] "GET /xingrg/kc/buy/cgsh_order_operate.html?command=get_materiel&rest_code=00151&code=00101007091&supplier_code=00100096&order_time=2021-05-22 HTTP/1.1" 200 413
114.88.162.5 - - [22/May/2021:09:12:46 +0800] "POST /xingrg/kc/buy/cgsh_list_operate.html HTTP/1.1" 200 2049
114.88.162.5 - - [22/May/2021:09:12:48 +0800] "GET /xingrg/kc/buy/cgsh_order_add.html HTTP/1.1" 200 62095
114.88.162.5 - - [22/May/2021:09:12:48 +0800] "POST /xingrg/kc/buy/cgsh_order_operate.html HTTP/1.1" 200 8245
114.88.162.5 - - [22/May/2021:09:12:48 +0800] "GET /xingrg/javascript/easyui/themes/default/validatebox.css HTTP/1.1" 404 1104
58.37.225.51 - - [22/May/2021:09:12:50 +0800] "GET /xingrg/all/function/internal_message.html?_=1621645969432&CODE_STATE=getMsg HTTP/1.1" 200 27
114.88.162.5 - - [22/May/2021:09:12:51 +0800] "GET /xingrg/javascript/jquery_tools/images/prev.gif HTTP/1.1" 404 1086
114.88.162.5 - - [22/May/2021:09:12:51 +0800] "GET /xingrg/javascript/jquery_tools/images/next.gif HTTP/1.1" 404 1086
116.230.110.80 - - [22/May/2021:09:12:52 +0800] "GET /xingrg/all/function/internal_message.html?_=1621645966932&CODE_STATE=getMsg HTTP/1.1" 200 27
61.165.42.208 - - [22/May/2021:09:12:54 +0800] "GET /xingrg/all/function/internal_message.html?_=1621645953463&CODE_STATE=getMsg HTTP/1.1" 200 27
222.69.129.150 - - [22/May/2021:09:12:55 +0800] "POST /xingrg/services/DataTransmitService HTTP/1.1" 200 501
74.120.14.40 - - [22/May/2021:09:12:55 +0800] "GET / HTTP/1.1" 404 -
114.86.228.175 - - [22/May/2021:09:12:57 +0800] "GET /xingrg/all/function/internal_message.html?_=1621645981488&CODE_STATE=getMsg HTTP/1.1" 200 27
116.224.253.72 - - [22/May/2021:09:12:59 +0800] "GET /xingrg/all/function/internal_message.html?_=1621645976930&CODE_STATE=getMsg HTTP/1.1" 200 27
