116.235.222.38 - - [22/May/2021:10:16:39 +0800] "GET /xingrg/kc/buy/cgsh_order_operate.html?command=get_materiel&rest_code=00107&code=00101008360&supplier_code=00100006&order_time=2021-05-22 HTTP/1.1" 200 412
116.230.114.112 - - [22/May/2021:10:16:40 +0800] "GET /xingrg/all/function/internal_message.html?_=1621649818633&CODE_STATE=getMsg HTTP/1.1" 200 27
58.37.225.51 - - [22/May/2021:10:16:41 +0800] "GET /xingrg/kc/buy/cgsh_order_operate.html?command=get_materiel&rest_code=00141&code=00101008024&supplier_code=00100007&order_time=2021-05-22 HTTP/1.1" 200 408
116.224.253.72 - - [22/May/2021:10:16:41 +0800] "POST /xingrg/dwr/call/plaincall/AjaxComOrderService.getMaterielSearchList.dwr HTTP/1.1" 200 29125
116.224.253.72 - - [22/May/2021:10:16:42 +0800] "POST /xingrg/dwr/call/plaincall/AjaxComOrderService.getMaterielSearchList.dwr HTTP/1.1" 200 2993
116.224.253.72 - - [22/May/2021:10:16:44 +0800] "POST /xingrg/dwr/call/plaincall/AjaxYddbService.getMaterielByMap.dwr HTTP/1.1" 200 3728
116.224.253.72 - - [22/May/2021:10:16:46 +0800] "POST /xingrg/dwr/call/plaincall/AjaxYddbService.getUnitPrice.dwr HTTP/1.1" 200 86
116.224.253.72 - - [22/May/2021:10:16:46 +0800] "GET /xingrg/images/yd/bt.gif HTTP/1.1" 404 1040
58.37.225.51 - - [22/May/2021:10:16:46 +0800] "GET /xingrg/kc/buy/cgsh_order_operate.html?command=get_materiel&rest_code=00141&code=00101008356&supplier_code=00100007&order_time=2021-05-22 HTTP/1.1" 200 408
116.230.114.112 - - [22/May/2021:10:16:47 +0800] "GET /xingrg/kc/buy/cgsh_order_operate.html?command=get_materiel&rest_code=00146&code=00101008005&supplier_code=00100005&order_time=2021-05-22 HTTP/1.1" 200 412
61.151.178.236 - - [22/May/2021:10:16:50 +0800] "GET /xingrg/all/function/internal_message.html?_=1621649749624&CODE_STATE=getMsg HTTP/1.1" 302 -
58.37.225.51 - - [22/May/2021:10:16:50 +0800] "GET /xingrg/all/function/internal_message.html?_=1621649809627&CODE_STATE=getMsg HTTP/1.1" 200 27
61.151.178.236 - - [22/May/2021:10:16:51 +0800] "GET /xingrg/login.html HTTP/1.1" 200 7641
116.230.110.80 - - [22/May/2021:10:16:52 +0800] "GET /xingrg/all/function/internal_message.html?_=1621649806919&CODE_STATE=getMsg HTTP/1.1" 200 27
58.37.225.51 - - [22/May/2021:10:16:52 +0800] "GET /xingrg/kc/buy/cgsh_order_operate.html?command=get_materiel&rest_code=00141&code=00101015004&supplier_code=00100007&order_time=2021-05-22 HTTP/1.1" 200 409
116.235.222.38 - - [22/May/2021:10:16:52 +0800] "GET /xingrg/kc/buy/cgsh_order_operate.html?command=get_materiel&rest_code=00107&code=00101008077&supplier_code=00100006&order_time=2021-05-22 HTTP/1.1" 200 416
114.86.187.76 - - [22/May/2021:10:16:53 +0800] "POST /xingrg/kc/buy/cgsh_order_operate.html HTTP/1.1" 200 37
114.86.187.76 - - [22/May/2021:10:16:54 +0800] "POST /xingrg/kc/buy/cgsh_order_operate.html HTTP/1.1" 200 4430
61.165.42.208 - - [22/May/2021:10:16:54 +0800] "GET /xingrg/all/function/internal_message.html?_=1621649793488&CODE_STATE=getMsg HTTP/1.1" 200 27
116.230.114.112 - - [22/May/2021:10:16:57 +0800] "GET /xingrg/kc/buy/cgsh_order_operate.html?command=get_materiel&rest_code=00146&code=00101008092&supplier_code=00100005&order_time=2021-05-22 HTTP/1.1" 200 412
114.86.228.175 - - [22/May/2021:10:16:57 +0800] "GET /xingrg/all/function/internal_message.html?_=1621649821646&CODE_STATE=getMsg HTTP/1.1" 200 27
114.86.228.175 - - [22/May/2021:10:16:57 +0800] "GET /xingrg/check_reg.html?_=1621649821646 HTTP/1.1" 200 22
116.224.253.72 - - [22/May/2021:10:16:57 +0800] "POST /xingrg/dwr/call/plaincall/AjaxYddbService.saveMaterielItem.dwr HTTP/1.1" 200 79
58.37.225.51 - - [22/May/2021:10:16:58 +0800] "GET /xingrg/kc/buy/cgsh_order_operate.html?command=get_materiel&rest_code=00141&code=00101008360&supplier_code=00100007&order_time=2021-05-22 HTTP/1.1" 200 412
116.224.253.72 - - [22/May/2021:10:16:59 +0800] "POST /xingrg/dwr/call/plaincall/AjaxComOrderService.getMaterielSearchList.dwr HTTP/1.1" 200 617
61.151.178.225 - - [22/May/2021:10:16:59 +0800] "GET /xingrg/kc/buy/cgsh_order_operate.html?command=get_materiel&rest_code=00141&code=00101008038&supplier_code=00100007&order_time=2021-05-22 HTTP/1.1" 302 -
61.151.178.225 - - [22/May/2021:10:16:59 +0800] "GET /xingrg/login.html HTTP/1.1" 200 7641
116.224.253.72 - - [22/May/2021:10:16:59 +0800] "POST /xingrg/dwr/call/plaincall/AjaxComOrderService.getMaterielSearchList.dwr HTTP/1.1" 200 617
116.224.253.72 - - [22/May/2021:10:17:00 +0800] "GET /xingrg/all/function/internal_message.html?_=1621649795095&CODE_STATE=getMsg HTTP/1.1" 200 27
116.224.253.72 - - [22/May/2021:10:17:01 +0800] "POST /xingrg/dwr/call/plaincall/AjaxYddbService.getMaterielByMap.dwr HTTP/1.1" 200 3763
180.161.111.4 - - [22/May/2021:10:17:03 +0800] "GET /xingrg/all/function/internal_message.html?_=1621649779282&CODE_STATE=getMsg HTTP/1.1" 200 27
116.224.253.72 - - [22/May/2021:10:17:03 +0800] "POST /xingrg/dwr/call/plaincall/AjaxYddbService.getUnitPrice.dwr HTTP/1.1" 200 88
116.235.222.38 - - [22/May/2021:10:17:04 +0800] "GET /xingrg/kc/buy/cgsh_order_operate.html?command=get_materiel&rest_code=00107&code=00101008147&supplier_code=00100006&order_time=2021-05-22 HTTP/1.1" 200 416
117.184.7.26 - - [22/May/2021:10:17:06 +0800] "GET /xingrg/all/function/internal_message.html?_=1621649817165&CODE_STATE=getMsg HTTP/1.1" 302 -
117.184.7.26 - - [22/May/2021:10:17:06 +0800] "GET /xingrg/login.html HTTP/1.1" 200 7641
116.224.253.72 - - [22/May/2021:10:17:07 +0800] "POST /xingrg/dwr/call/plaincall/AjaxYddbService.saveMaterielItem.dwr HTTP/1.1" 200 79
116.224.253.72 - - [22/May/2021:10:17:08 +0800] "POST /xingrg/dwr/call/plaincall/AjaxComOrderService.getMaterielSearchList.dwr HTTP/1.1" 200 77
58.37.225.51 - - [22/May/2021:10:17:08 +0800] "GET /xingrg/kc/buy/cgsh_order_operate.html?command=get_materiel&rest_code=00141&code=00101008079&supplier_code=00100007&order_time=2021-05-22 HTTP/1.1" 200 416
116.235.222.38 - - [22/May/2021:10:17:09 +0800] "POST /xingrg/services/DataTransmitService HTTP/1.1" 200 524
116.224.253.72 - - [22/May/2021:10:17:09 +0800] "POST /xingrg/dwr/call/plaincall/AjaxComOrderService.getMaterielSearchList.dwr HTTP/1.1" 200 16748
116.235.222.38 - - [22/May/2021:10:17:10 +0800] "POST /xingrg/services/DataTransmitService HTTP/1.1" 200 501
116.224.253.72 - - [22/May/2021:10:17:10 +0800] "POST /xingrg/dwr/call/plaincall/AjaxComOrderService.getMaterielSearchList.dwr HTTP/1.1" 200 557
116.235.222.38 - - [22/May/2021:10:17:10 +0800] "POST /xingrg/services/DataTransmitService HTTP/1.1" 200 501
116.235.222.38 - - [22/May/2021:10:17:11 +0800] "POST /xingrg/services/DataTransmitService HTTP/1.1" 200 501
116.224.253.72 - - [22/May/2021:10:17:11 +0800] "POST /xingrg/dwr/call/plaincall/AjaxYddbService.getMaterielByMap.dwr HTTP/1.1" 200 3674
116.235.222.38 - - [22/May/2021:10:17:11 +0800] "POST /xingrg/services/DataTransmitService HTTP/1.1" 200 501
116.235.222.38 - - [22/May/2021:10:17:12 +0800] "POST /xingrg/services/DataTransmitService HTTP/1.1" 200 501
116.235.222.38 - - [22/May/2021:10:17:12 +0800] "POST /xingrg/services/DataTransmitService HTTP/1.1" 200 501
116.235.222.38 - - [22/May/2021:10:17:12 +0800] "GET /xingrg/all/function/internal_message.html?_=1621649821290&CODE_STATE=getMsg HTTP/1.1" 200 27
116.235.222.38 - - [22/May/2021:10:17:12 +0800] "POST /xingrg/services/DataTransmitService HTTP/1.1" 200 501
58.37.225.51 - - [22/May/2021:10:17:15 +0800] "GET /xingrg/kc/buy/cgsh_order_operate.html?command=get_materiel&rest_code=00141&code=00101008357&supplier_code=00100007&order_time=2021-05-22 HTTP/1.1" 200 408
116.235.222.38 - - [22/May/2021:10:17:15 +0800] "POST /xingrg/services/DataTransmitService HTTP/1.1" 200 501
116.235.222.38 - - [22/May/2021:10:17:16 +0800] "POST /xingrg/services/DataTransmitService HTTP/1.1" 200 501
58.37.225.51 - - [22/May/2021:10:17:17 +0800] "POST /xingrg/kc/buy/cgsh_order_operate.html HTTP/1.1" 200 2065
116.235.222.38 - - [22/May/2021:10:17:17 +0800] "GET /xingrg/kc/buy/cgsh_order_operate.html?command=get_materiel&rest_code=00107&code=00101008238&supplier_code=00100006&order_time=2021-05-22 HTTP/1.1" 200 416
116.235.222.38 - - [22/May/2021:10:17:18 +0800] "POST /xingrg/services/DataTransmitService HTTP/1.1" 200 412
116.224.253.72 - - [22/May/2021:10:17:20 +0800] "POST /xingrg/dwr/call/plaincall/AjaxYddbService.saveMaterielItem.dwr HTTP/1.1" 200 79
116.224.253.72 - - [22/May/2021:10:17:20 +0800] "POST /xingrg/dwr/call/plaincall/AjaxComOrderService.getMaterielSearchList.dwr HTTP/1.1" 200 77
58.37.225.51 - - [22/May/2021:10:17:21 +0800] "GET /xingrg/kc/buy/cgsh_order_operate.html?command=get_materiel&rest_code=00141&code=00101008069&supplier_code=00100007&order_time=2021-05-22 HTTP/1.1" 200 412
116.224.253.72 - - [22/May/2021:10:17:22 +0800] "POST /xingrg/dwr/call/plaincall/AjaxComOrderService.getMaterielSearchList.dwr HTTP/1.1" 200 20185
116.224.253.72 - - [22/May/2021:10:17:22 +0800] "POST /xingrg/dwr/call/plaincall/AjaxComOrderService.getMaterielSearchList.dwr HTTP/1.1" 200 1546
116.224.253.72 - - [22/May/2021:10:17:23 +0800] "POST /xingrg/dwr/call/plaincall/AjaxYddbService.getMaterielByMap.dwr HTTP/1.1" 200 3727
222.69.129.150 - - [22/May/2021:10:17:24 +0800] "GET /xingrg/all/function/internal_message.html?_=1621649841659&CODE_STATE=getMsg HTTP/1.1" 200 27
114.86.187.76 - - [22/May/2021:10:17:26 +0800] "GET /xingrg/kc/buy/cgsh_order_add.html HTTP/1.1" 200 62101
120.253.135.82 - - [22/May/2021:10:17:27 +0800] "GET /xingrg/all/function/internal_message.html?_=1621649894222&CODE_STATE=getMsg HTTP/1.1" 200 27
58.37.225.51 - - [22/May/2021:10:17:27 +0800] "GET /xingrg/kc/buy/cgsh_order_operate.html?command=get_materiel&rest_code=00141&code=00101008286&supplier_code=00100007&order_time=2021-05-22 HTTP/1.1" 200 408
114.86.187.76 - - [22/May/2021:10:17:27 +0800] "POST /xingrg/kc/buy/cgsh_order_operate.html HTTP/1.1" 200 8245
114.86.187.76 - - [22/May/2021:10:17:27 +0800] "GET /xingrg/javascript/easyui/themes/default/validatebox.css HTTP/1.1" 404 1104
116.235.222.38 - - [22/May/2021:10:17:27 +0800] "GET /xingrg/kc/buy/cgsh_order_operate.html?command=get_materiel&rest_code=00107&code=00101008357&supplier_code=00100006&order_time=2021-05-22 HTTP/1.1" 200 408
61.129.6.174 - - [22/May/2021:10:17:28 +0800] "GET /xingrg/kc/buy/cgsh_order_operate.html?command=get_materiel&rest_code=00141&code=00101008355&supplier_code=00100007&order_time=2021-05-22 HTTP/1.1" 302 -
61.129.6.174 - - [22/May/2021:10:17:29 +0800] "GET /xingrg/login.html HTTP/1.1" 200 7641
116.224.253.72 - - [22/May/2021:10:17:32 +0800] "POST /xingrg/dwr/call/plaincall/AjaxYddbService.saveMaterielItem.dwr HTTP/1.1" 200 79
116.224.253.72 - - [22/May/2021:10:17:33 +0800] "POST /xingrg/dwr/call/plaincall/AjaxComOrderService.getMaterielSearchList.dwr HTTP/1.1" 200 77
101.89.29.86 - - [22/May/2021:10:17:33 +0800] "GET /xingrg/kc/buy/cgsh_order_operate.html?command=get_materiel&rest_code=00141&code=00101008264&supplier_code=00100007&order_time=2021-05-22 HTTP/1.1" 302 -
101.89.29.86 - - [22/May/2021:10:17:33 +0800] "GET /xingrg/login.html HTTP/1.1" 200 7641
61.165.42.208 - - [22/May/2021:10:17:34 +0800] "POST /xingrg/kc/buy/cgsh_order_operate.html HTTP/1.1" 200 37
116.224.253.72 - - [22/May/2021:10:17:34 +0800] "POST /xingrg/dwr/call/plaincall/AjaxComOrderService.getMaterielSearchList.dwr HTTP/1.1" 200 505173
116.224.253.72 - - [22/May/2021:10:17:35 +0800] "POST /xingrg/dwr/call/plaincall/AjaxComOrderService.getMaterielSearchList.dwr HTTP/1.1" 200 1018
61.165.42.208 - - [22/May/2021:10:17:36 +0800] "POST /xingrg/kc/buy/cgsh_order_operate.html HTTP/1.1" 200 4429
58.221.95.50 - - [22/May/2021:10:17:38 +0800] "GET /xingrg/all/function/internal_message.html?_=1621649855323&CODE_STATE=getMsg HTTP/1.1" 200 27
101.89.29.97 - - [22/May/2021:10:17:39 +0800] "GET /xingrg/kc/buy/cgsh_order_operate.html?command=get_materiel&rest_code=00141&code=00101008024&supplier_code=00100007&order_time=2021-05-22 HTTP/1.1" 302 -
101.89.29.97 - - [22/May/2021:10:17:39 +0800] "GET /xingrg/login.html HTTP/1.1" 200 7641
61.165.42.208 - - [22/May/2021:10:17:39 +0800] "GET /xingrg/kc/print/load_data.html?order_code=212021052209823&kc_code=cgsh&condition= HTTP/1.1" 200 1393
116.230.114.112 - - [22/May/2021:10:17:40 +0800] "GET /xingrg/all/function/internal_message.html?_=1621649878642&CODE_STATE=getMsg HTTP/1.1" 200 27
116.224.253.72 - - [22/May/2021:10:17:40 +0800] "GET /favicon.ico HTTP/1.1" 404 -
116.224.253.72 - - [22/May/2021:10:17:41 +0800] "POST /xingrg/login.do HTTP/1.1" 302 -
116.224.253.72 - - [22/May/2021:10:17:41 +0800] "GET /xingrg/index.html?sysBaseUrl=http%3A%2F%2F180.169.147.146%3A18081%2Fxingrg%2F&costTime=41×tamp=1621649861853 HTTP/1.1" 200 17179
116.224.253.72 - - [22/May/2021:10:17:42 +0800] "POST /xingrg/all/common/load_tree.html?tree=area_rest_tree_json&manage=1 HTTP/1.1" 200 476
116.224.253.72 - - [22/May/2021:10:17:42 +0800] "GET /xingrg/check_reg.html?_=1621649836761 HTTP/1.1" 200 22
116.224.253.72 - - [22/May/2021:10:17:42 +0800] "GET /xingrg/all/function/internal_message.html?_=1621649836760&CODE_STATE=count HTTP/1.1" 200 11
116.224.253.72 - - [22/May/2021:10:17:42 +0800] "GET /favicon.ico HTTP/1.1" 404 -
116.224.253.72 - - [22/May/2021:10:17:42 +0800] "POST /xingrg/load_menu.html HTTP/1.1" 200 5138
114.86.187.76 - - [22/May/2021:10:17:42 +0800] "GET /xingrg/kc/buy/cgsh_order_operate.html?command=get_materiel&rest_code=00148&code=00101001167&supplier_code=00100314&order_time=2021-05-22 HTTP/1.1" 200 411
116.235.222.38 - - [22/May/2021:10:17:42 +0800] "GET /xingrg/kc/buy/cgsh_order_operate.html?command=get_materiel&rest_code=00107&code=00101008355&supplier_code=00100006&order_time=2021-05-22 HTTP/1.1" 200 408
180.97.118.221 - - [22/May/2021:10:17:46 +0800] "GET /xingrg/kc/buy/cgsh_order_operate.html?command=get_materiel&rest_code=00141&code=00101008356&supplier_code=00100007&order_time=2021-05-22 HTTP/1.1" 302 -
180.97.118.221 - - [22/May/2021:10:17:46 +0800] "GET /xingrg/login.html HTTP/1.1" 200 7641
116.230.114.112 - - [22/May/2021:10:17:49 +0800] "GET /xingrg/kc/buy/cgsh_order_operate.html?command=get_materiel&rest_code=00146&code=00101008291&supplier_code=00100005&order_time=2021-05-22 HTTP/1.1" 200 408
116.224.253.72 - - [22/May/2021:10:17:50 +0800] "GET /xingrg/kc/base/yddb_order_list.html HTTP/1.1" 200 16590
116.224.253.72 - - [22/May/2021:10:17:50 +0800] "POST /xingrg/kc/base/yddb_list_operate.html HTTP/1.1" 200 1346
58.37.225.51 - - [22/May/2021:10:17:50 +0800] "GET /xingrg/all/function/internal_message.html?_=1621649869631&CODE_STATE=getMsg HTTP/1.1" 200 27
116.224.253.72 - - [22/May/2021:10:17:51 +0800] "POST /xingrg/kc/base/yddb_list_operate.html HTTP/1.1" 200 544
116.230.110.80 - - [22/May/2021:10:17:52 +0800] "GET /xingrg/all/function/internal_message.html?_=1621649866926&CODE_STATE=getMsg HTTP/1.1" 200 27
116.230.114.112 - - [22/May/2021:10:17:52 +0800] "POST /xingrg/kc/buy/cgsh_order_operate.html HTTP/1.1" 200 2065
116.224.253.72 - - [22/May/2021:10:17:53 +0800] "GET /xingrg/kc/base/yddb_order_info.html?code=482021052200157 HTTP/1.1" 200 31284
116.224.253.72 - - [22/May/2021:10:17:53 +0800] "GET /xingrg/dwr/interface/AjaxYddbService.js HTTP/1.1" 200 13201
116.224.253.72 - - [22/May/2021:10:17:53 +0800] "GET /xingrg/dwr/interface/AjaxComOrderService.js HTTP/1.1" 200 18264
116.224.253.72 - - [22/May/2021:10:17:53 +0800] "GET /xingrg/dwr/engine.js HTTP/1.1" 200 43631
116.224.253.72 - - [22/May/2021:10:17:53 +0800] "POST /xingrg/dwr/call/plaincall/AjaxYddbService.loadMaterielItems.dwr HTTP/1.1" 200 1859
61.165.42.208 - - [22/May/2021:10:17:54 +0800] "GET /xingrg/all/function/internal_message.html?_=1621649853510&CODE_STATE=getMsg HTTP/1.1" 200 27
116.235.222.38 - - [22/May/2021:10:17:56 +0800] "GET /xingrg/kc/buy/cgsh_order_operate.html?command=get_materiel&rest_code=00107&code=00101008223&supplier_code=00100006&order_time=2021-05-22 HTTP/1.1" 200 412
61.151.178.236 - - [22/May/2021:10:17:56 +0800] "GET /xingrg/kc/buy/cgsh_order_operate.html?command=get_materiel&rest_code=00141&code=00101008360&supplier_code=00100007&order_time=2021-05-22 HTTP/1.1" 302 -
116.224.253.72 - - [22/May/2021:10:17:56 +0800] "GET /xingrg/images/yd/bt.gif HTTP/1.1" 404 1040
61.151.178.236 - - [22/May/2021:10:17:57 +0800] "GET /xingrg/login.html HTTP/1.1" 200 7641
114.86.228.175 - - [22/May/2021:10:17:57 +0800] "GET /xingrg/all/function/internal_message.html?_=1621649881649&CODE_STATE=getMsg HTTP/1.1" 200 27
180.161.111.4 - - [22/May/2021:10:17:57 +0800] "GET /xingrg/javascript/jquery_easy_ui/themes/default/images/tabs_active.png HTTP/1.1" 304 -
116.224.253.72 - - [22/May/2021:10:17:58 +0800] "POST /xingrg/dwr/call/plaincall/AjaxComOrderService.getMaterielSearchList.dwr HTTP/1.1" 200 505172
116.224.253.72 - - [22/May/2021:10:17:59 +0800] "POST /xingrg/dwr/call/plaincall/AjaxComOrderService.getMaterielSearchList.dwr HTTP/1.1" 200 1017
116.224.253.72 - - [22/May/2021:10:18:00 +0800] "POST /xingrg/dwr/call/plaincall/AjaxYddbService.getMaterielByMap.dwr HTTP/1.1" 200 3747
180.161.111.4 - - [22/May/2021:10:18:02 +0800] "GET /xingrg/check_reg.html?_=1621649838548 HTTP/1.1" 200 22
116.224.253.72 - - [22/May/2021:10:18:02 +0800] "POST /xingrg/dwr/call/plaincall/AjaxYddbService.saveMaterielItem.dwr HTTP/1.1" 200 78
114.86.187.76 - - [22/May/2021:10:18:02 +0800] "POST /xingrg/kc/buy/cgsh_order_operate.html HTTP/1.1" 200 37
116.224.253.72 - - [22/May/2021:10:18:03 +0800] "POST /xingrg/dwr/call/plaincall/AjaxComOrderService.getMaterielSearchList.dwr HTTP/1.1" 200 76
180.161.111.4 - - [22/May/2021:10:18:03 +0800] "GET /xingrg/all/function/internal_message.html?_=1621649839297&CODE_STATE=getMsg HTTP/1.1" 200 27
61.165.42.208 - - [22/May/2021:10:18:03 +0800] "GET /xingrg/kc/buy/cgsh_order_add.html HTTP/1.1" 200 62142
61.165.42.208 - - [22/May/2021:10:18:03 +0800] "POST /xingrg/kc/buy/cgsh_order_operate.html HTTP/1.1" 200 8245
61.165.42.208 - - [22/May/2021:10:18:03 +0800] "GET /xingrg/javascript/easyui/themes/default/validatebox.css HTTP/1.1" 404 1104
180.161.111.4 - - [22/May/2021:10:18:04 +0800] "POST /xingrg/kc/buy/cgsh_list_operate.html HTTP/1.1" 200 5891
114.86.187.76 - - [22/May/2021:10:18:05 +0800] "POST /xingrg/kc/buy/cgsh_order_operate.html HTTP/1.1" 200 2658
116.230.114.112 - - [22/May/2021:10:18:05 +0800] "GET /xingrg/kc/buy/cgsh_order_operate.html?command=get_materiel&rest_code=00146&code=00101015068&supplier_code=00100005&order_time=2021-05-22 HTTP/1.1" 200 412
116.224.253.72 - - [22/May/2021:10:18:05 +0800] "POST /xingrg/dwr/call/plaincall/AjaxComOrderService.getMaterielSearchList.dwr HTTP/1.1" 200 11925
117.184.7.26 - - [22/May/2021:10:18:06 +0800] "GET /xingrg/all/function/internal_message.html?_=1621649877165&CODE_STATE=getMsg HTTP/1.1" 302 -
117.184.7.26 - - [22/May/2021:10:18:06 +0800] "GET /xingrg/login.html HTTP/1.1" 200 7641
116.224.253.72 - - [22/May/2021:10:18:06 +0800] "GET /xingrg/images/yd/bt.gif HTTP/1.1" 404 1040
116.224.253.72 - - [22/May/2021:10:18:06 +0800] "POST /xingrg/dwr/call/plaincall/AjaxComOrderService.getMaterielSearchList.dwr HTTP/1.1" 200 11925
116.224.253.72 - - [22/May/2021:10:18:07 +0800] "POST /xingrg/dwr/call/plaincall/AjaxComOrderService.getMaterielSearchList.dwr HTTP/1.1" 200 429
114.86.187.76 - - [22/May/2021:10:18:07 +0800] "GET /xingrg/kc/buy/cgsh_order_add.html HTTP/1.1" 200 62101
114.86.187.76 - - [22/May/2021:10:18:07 +0800] "POST /xingrg/kc/buy/cgsh_order_operate.html HTTP/1.1" 200 8245
114.86.187.76 - - [22/May/2021:10:18:08 +0800] "GET /xingrg/javascript/easyui/themes/default/validatebox.css HTTP/1.1" 404 1104
116.224.253.72 - - [22/May/2021:10:18:08 +0800] "POST /xingrg/dwr/call/plaincall/AjaxYddbService.getMaterielByMap.dwr HTTP/1.1" 200 3710
116.224.253.72 - - [22/May/2021:10:18:10 +0800] "POST /xingrg/dwr/call/plaincall/AjaxYddbService.getUnitPrice.dwr HTTP/1.1" 200 86
116.235.222.38 - - [22/May/2021:10:18:11 +0800] "GET /xingrg/kc/buy/cgsh_order_operate.html?command=get_materiel&rest_code=00107&code=00101008069&supplier_code=00100006&order_time=2021-05-22 HTTP/1.1" 200 412
116.235.222.38 - - [22/May/2021:10:18:12 +0800] "GET /xingrg/check_reg.html?_=1621649881361 HTTP/1.1" 200 22
116.235.222.38 - - [22/May/2021:10:18:12 +0800] "GET /xingrg/all/function/internal_message.html?_=1621649881404&CODE_STATE=getMsg HTTP/1.1" 200 27
116.224.253.72 - - [22/May/2021:10:18:14 +0800] "POST /xingrg/dwr/call/plaincall/AjaxYddbService.saveMaterielItem.dwr HTTP/1.1" 200 79
116.224.253.72 - - [22/May/2021:10:18:19 +0800] "POST /xingrg/dwr/call/plaincall/AjaxYddbService.checkOrder.dwr HTTP/1.1" 200 79
101.89.239.245 - - [22/May/2021:10:18:19 +0800] "GET /xingrg/kc/buy/cgsh_order_operate.html?command=get_materiel&rest_code=00141&code=00101008069&supplier_code=00100007&order_time=2021-05-22 HTTP/1.1" 302 -
101.89.239.245 - - [22/May/2021:10:18:19 +0800] "GET /xingrg/login.html HTTP/1.1" 200 7641
180.161.111.4 - - [22/May/2021:10:18:20 +0800] "POST /xingrg/kc/buy/cgsh_list_operate.html HTTP/1.1" 200 5932
116.224.253.72 - - [22/May/2021:10:18:20 +0800] "GET /xingrg/kc/base/yddb_order_info.html?code=482021052200157 HTTP/1.1" 200 29467
116.224.253.72 - - [22/May/2021:10:18:20 +0800] "GET /xingrg/dwr/interface/AjaxYddbService.js HTTP/1.1" 200 13201
116.224.253.72 - - [22/May/2021:10:18:20 +0800] "GET /xingrg/dwr/interface/AjaxComOrderService.js HTTP/1.1" 200 18264
116.224.253.72 - - [22/May/2021:10:18:20 +0800] "GET /xingrg/dwr/engine.js HTTP/1.1" 200 43631
116.224.253.72 - - [22/May/2021:10:18:20 +0800] "POST /xingrg/dwr/call/plaincall/AjaxYddbService.loadMaterielItems.dwr HTTP/1.1" 200 2577
222.69.129.150 - - [22/May/2021:10:18:22 +0800] "GET /xingrg/check_reg.html?_=1621649899401 HTTP/1.1" 200 22
116.235.222.38 - - [22/May/2021:10:18:22 +0800] "GET /xingrg/kc/buy/cgsh_order_operate.html?command=get_materiel&rest_code=00107&code=00101008286&supplier_code=00100006&order_time=2021-05-22 HTTP/1.1" 200 408
222.69.129.150 - - [22/May/2021:10:18:24 +0800] "GET /xingrg/all/function/internal_message.html?_=1621649901643&CODE_STATE=getMsg HTTP/1.1" 200 27
180.161.111.4 - - [22/May/2021:10:18:26 +0800] "POST /xingrg/kc/buy/cgsh_list_operate.html HTTP/1.1" 200 5913
120.253.135.82 - - [22/May/2021:10:18:27 +0800] "GET /xingrg/all/function/internal_message.html?_=1621649954238&CODE_STATE=getMsg HTTP/1.1" 200 27
180.161.111.4 - - [22/May/2021:10:18:32 +0800] "POST /xingrg/kc/buy/cgsh_list_operate.html HTTP/1.1" 200 6054
116.235.222.38 - - [22/May/2021:10:18:36 +0800] "GET /xingrg/kc/buy/cgsh_order_operate.html?command=get_materiel&rest_code=00107&code=00101008131&supplier_code=00100006&order_time=2021-05-22 HTTP/1.1" 200 408
180.161.111.4 - - [22/May/2021:10:18:37 +0800] "POST /xingrg/kc/buy/cgsh_list_operate.html HTTP/1.1" 200 6052
114.86.187.76 - - [22/May/2021:10:18:38 +0800] "GET /xingrg/kc/buy/cgsh_order_operate.html?command=get_materiel&rest_code=00148&code=00101010569&supplier_code=00100327&order_time=2021-05-22 HTTP/1.1" 200 397
58.221.95.50 - - [22/May/2021:10:18:38 +0800] "GET /xingrg/all/function/internal_message.html?_=1621649915324&CODE_STATE=getMsg HTTP/1.1" 200 27
116.230.114.112 - - [22/May/2021:10:18:40 +0800] "GET /xingrg/all/function/internal_message.html?_=1621649938656&CODE_STATE=getMsg HTTP/1.1" 200 27
101.85.52.2 - - [22/May/2021:10:18:40 +0800] "GET /xingrg/login.html HTTP/1.1" 200 7641
114.86.187.76 - - [22/May/2021:10:18:41 +0800] "GET /xingrg/check_reg.html?_=1621649920503 HTTP/1.1" 200 22
116.224.253.72 - - [22/May/2021:10:18:42 +0800] "GET /xingrg/all/function/internal_message.html?_=1621649896760&CODE_STATE=getMsg HTTP/1.1" 200 27
180.161.111.4 - - [22/May/2021:10:18:43 +0800] "POST /xingrg/kc/buy/cgsh_list_operate.html HTTP/1.1" 200 199
116.235.222.38 - - [22/May/2021:10:18:48 +0800] "GET /xingrg/kc/buy/cgsh_order_operate.html?command=get_materiel&rest_code=00107&code=00101008318&supplier_code=00100006&order_time=2021-05-22 HTTP/1.1" 200 408
116.230.114.112 - - [22/May/2021:10:18:49 +0800] "GET /xingrg/kc/buy/cgsh_order_operate.html?command=get_materiel&rest_code=00146&code=00101008114&supplier_code=00100005&order_time=2021-05-22 HTTP/1.1" 200 412
180.161.111.4 - - [22/May/2021:10:18:49 +0800] "POST /xingrg/kc/buy/cgsh_list_operate.html HTTP/1.1" 200 492
116.235.222.38 - - [22/May/2021:10:18:50 +0800] "POST /xingrg/kc/buy/cgsh_order_operate.html HTTP/1.1" 200 2065
58.37.225.51 - - [22/May/2021:10:18:50 +0800] "GET /xingrg/check_reg.html?_=1621649929636 HTTP/1.1" 200 22
58.37.225.51 - - [22/May/2021:10:18:50 +0800] "GET /xingrg/all/function/internal_message.html?_=1621649929633&CODE_STATE=getMsg HTTP/1.1" 200 27
116.230.110.80 - - [22/May/2021:10:18:52 +0800] "GET /xingrg/all/function/internal_message.html?_=1621649926930&CODE_STATE=getMsg HTTP/1.1" 200 27
61.165.42.208 - - [22/May/2021:10:18:54 +0800] "GET /xingrg/all/function/internal_message.html?_=1621649913505&CODE_STATE=getMsg HTTP/1.1" 200 27
61.165.42.208 - - [22/May/2021:10:18:54 +0800] "GET /xingrg/check_reg.html?_=1621649913509 HTTP/1.1" 200 22
116.224.253.72 - - [22/May/2021:10:18:56 +0800] "GET /xingrg/kc/base/yddb_order_add.html HTTP/1.1" 200 29833
116.224.253.72 - - [22/May/2021:10:18:56 +0800] "GET /xingrg/dwr/interface/AjaxYddbService.js HTTP/1.1" 200 13201
116.224.253.72 - - [22/May/2021:10:18:56 +0800] "GET /xingrg/dwr/interface/AjaxComOrderService.js HTTP/1.1" 200 18264
116.224.253.72 - - [22/May/2021:10:18:56 +0800] "GET /xingrg/dwr/engine.js HTTP/1.1" 200 43631
114.86.228.175 - - [22/May/2021:10:18:57 +0800] "GET /xingrg/all/function/internal_message.html?_=1621649941650&CODE_STATE=getMsg HTTP/1.1" 200 27
180.161.111.4 - - [22/May/2021:10:18:58 +0800] "POST /xingrg/kc/buy/cgsh_list_operate.html HTTP/1.1" 200 5995
116.224.253.72 - - [22/May/2021:10:18:59 +0800] "POST /xingrg/dwr/call/plaincall/AjaxYddbService.getRestBases.dwr HTTP/1.1" 200 1514
117.185.32.26 - - [22/May/2021:10:18:59 +0800] "GET /xingrg/login.html HTTP/1.1" 200 7641
116.230.114.112 - - [22/May/2021:10:19:02 +0800] "GET /xingrg/kc/buy/cgsh_order_operate.html?command=get_materiel&rest_code=00146&code=00101008223&supplier_code=00100005&order_time=2021-05-22 HTTP/1.1" 200 412
180.161.111.4 - - [22/May/2021:10:19:03 +0800] "GET /xingrg/all/function/internal_message.html?_=1621649899311&CODE_STATE=getMsg HTTP/1.1" 200 27
116.235.222.38 - - [22/May/2021:10:19:03 +0800] "GET /xingrg/kc/buy/cgsh_order_operate.html?command=get_materiel&rest_code=00107&code=00101008352&supplier_code=00100006&order_time=2021-05-22 HTTP/1.1" 200 414
117.185.32.26 - - [22/May/2021:10:19:04 +0800] "GET /favicon.ico HTTP/1.1" 404 -
116.224.253.72 - - [22/May/2021:10:19:05 +0800] "POST /xingrg/dwr/call/plaincall/AjaxYddbService.saveOrder.dwr HTTP/1.1" 200 78
117.184.7.26 - - [22/May/2021:10:19:06 +0800] "GET /xingrg/all/function/internal_message.html?_=1621649937166&CODE_STATE=getMsg HTTP/1.1" 302 -
117.184.7.26 - - [22/May/2021:10:19:06 +0800] "GET /xingrg/login.html HTTP/1.1" 200 7641
117.185.32.26 - - [22/May/2021:10:19:06 +0800] "POST /xingrg/login.do HTTP/1.1" 302 -
117.185.32.26 - - [22/May/2021:10:19:06 +0800] "GET /xingrg/index.html?sysBaseUrl=http%3A%2F%2F180.169.147.146%3A18081%2Fxingrg%2F&costTime=43×tamp=1621649946734 HTTP/1.1" 200 17173
180.161.111.4 - - [22/May/2021:10:19:06 +0800] "POST /xingrg/kc/buy/cgsh_list_operate.html HTTP/1.1" 200 6045
117.185.32.26 - - [22/May/2021:10:19:07 +0800] "GET /favicon.ico HTTP/1.1" 404 -
117.185.32.26 - - [22/May/2021:10:19:07 +0800] "POST /xingrg/all/common/load_tree.html?tree=area_rest_tree_json&manage=1 HTTP/1.1" 200 342
116.230.114.112 - - [22/May/2021:10:19:07 +0800] "POST /xingrg/kc/buy/cgsh_order_operate.html HTTP/1.1" 200 2065
117.185.32.26 - - [22/May/2021:10:19:08 +0800] "GET /xingrg/check_reg.html?_=1621649955255 HTTP/1.1" 200 22
117.185.32.26 - - [22/May/2021:10:19:08 +0800] "GET /xingrg/all/function/internal_message.html?_=1621649955254&CODE_STATE=count HTTP/1.1" 200 11
117.185.32.26 - - [22/May/2021:10:19:08 +0800] "POST /xingrg/load_menu.html HTTP/1.1" 200 5138
116.224.253.72 - - [22/May/2021:10:19:10 +0800] "POST /xingrg/dwr/call/plaincall/AjaxComOrderService.getMaterielSearchList.dwr HTTP/1.1" 200 6626
116.224.253.72 - - [22/May/2021:10:19:11 +0800] "POST /xingrg/dwr/call/plaincall/AjaxComOrderService.getMaterielSearchList.dwr HTTP/1.1" 200 287
117.185.32.26 - - [22/May/2021:10:19:11 +0800] "GET /xingrg/kc/buy/buy_main.html HTTP/1.1" 200 12412
117.185.32.26 - - [22/May/2021:10:19:11 +0800] "GET /xingrg/css/new_ie.css HTTP/1.1" 404 1036
116.224.253.72 - - [22/May/2021:10:19:12 +0800] "POST /xingrg/dwr/call/plaincall/AjaxYddbService.getMaterielByMap.dwr HTTP/1.1" 200 3711
117.185.32.26 - - [22/May/2021:10:19:12 +0800] "GET /xingrg/images/yd/bt.gif HTTP/1.1" 404 1040
116.235.222.38 - - [22/May/2021:10:19:12 +0800] "GET /xingrg/all/function/internal_message.html?_=1621649941381&CODE_STATE=getMsg HTTP/1.1" 200 27
117.185.32.26 - - [22/May/2021:10:19:13 +0800] "GET /xingrg/kc/buy/cgsh_order_list.html HTTP/1.1" 200 46357
180.161.111.4 - - [22/May/2021:10:19:14 +0800] "POST /xingrg/kc/buy/cgsh_list_operate.html HTTP/1.1" 200 6060
116.224.253.72 - - [22/May/2021:10:19:15 +0800] "POST /xingrg/dwr/call/plaincall/AjaxYddbService.saveMaterielItem.dwr HTTP/1.1" 200 78
61.165.42.208 - - [22/May/2021:10:19:15 +0800] "GET /xingrg/kc/buy/cgsh_order_operate.html?command=get_materiel&rest_code=00105&code=00101009001&supplier_code=00100024&order_time=2021-05-22 HTTP/1.1" 200 416
117.185.32.26 - - [22/May/2021:10:19:16 +0800] "POST /xingrg/kc/buy/cgsh_list_operate.html HTTP/1.1" 200 876
116.224.253.72 - - [22/May/2021:10:19:17 +0800] "POST /xingrg/dwr/call/plaincall/AjaxComOrderService.getMaterielSearchList.dwr HTTP/1.1" 200 20184
116.224.253.72 - - [22/May/2021:10:19:18 +0800] "POST /xingrg/dwr/call/plaincall/AjaxComOrderService.getMaterielSearchList.dwr HTTP/1.1" 200 733
116.235.222.38 - - [22/May/2021:10:19:18 +0800] "GET /xingrg/kc/buy/cgsh_order_operate.html?command=get_materiel&rest_code=00107&code=00101008098&supplier_code=00100006&order_time=2021-05-22 HTTP/1.1" 200 412
117.185.32.26 - - [22/May/2021:10:19:19 +0800] "GET /xingrg/kc/buy/cgsh_order_add.html HTTP/1.1" 200 62101
117.185.32.26 - - [22/May/2021:10:19:19 +0800] "GET /xingrg/words/20210521170455_words.js HTTP/1.1" 200 816107
116.230.114.112 - - [22/May/2021:10:19:19 +0800] "GET /xingrg/kc/buy/cgsh_order_operate.html?command=get_materiel&rest_code=00146&code=00101013165&supplier_code=00100005&order_time=2021-05-22 HTTP/1.1" 200 409
117.185.32.26 - - [22/May/2021:10:19:19 +0800] "POST /xingrg/kc/buy/cgsh_order_operate.html HTTP/1.1" 200 8245
117.185.32.26 - - [22/May/2021:10:19:19 +0800] "GET /xingrg/javascript/easyui/themes/default/validatebox.css HTTP/1.1" 404 1104
117.185.32.26 - - [22/May/2021:10:19:19 +0800] "GET /xingrg/all/common/auto_word.html?type=employee&rest_code=00106 HTTP/1.1" 200 205
117.185.32.26 - - [22/May/2021:10:19:19 +0800] "GET /xingrg/all/common/auto_word.html?type=employee&rest_code=00106 HTTP/1.1" 200 205
116.224.253.72 - - [22/May/2021:10:19:20 +0800] "POST /xingrg/dwr/call/plaincall/AjaxYddbService.getMaterielByMap.dwr HTTP/1.1" 200 3714
180.161.111.4 - - [22/May/2021:10:19:20 +0800] "POST /xingrg/kc/buy/cgsh_list_operate.html HTTP/1.1" 200 5952
116.224.253.72 - - [22/May/2021:10:19:22 +0800] "POST /xingrg/dwr/call/plaincall/AjaxYddbService.saveMaterielItem.dwr HTTP/1.1" 200 78
116.224.253.72 - - [22/May/2021:10:19:22 +0800] "GET /xingrg/images/yd/bt.gif HTTP/1.1" 404 1040
117.185.32.26 - - [22/May/2021:10:19:22 +0800] "GET /xingrg/javascript/easyui/themes/default/tree.css HTTP/1.1" 404 1090
117.185.32.26 - - [22/May/2021:10:19:22 +0800] "POST /xingrg/all/common/load_tree.html?tree=supplier_tree_json&isDelete=1 HTTP/1.1" 200 55437
114.86.187.76 - - [22/May/2021:10:19:23 +0800] "GET /xingrg/kc/buy/cgsh_order_operate.html?command=get_materiel&rest_code=00148&code=00101008171&supplier_code=00100327&order_time=2021-05-22 HTTP/1.1" 200 421
180.169.147.146 - - [22/May/2021:10:19:23 +0800] "GET /xingrg/check_reg.html?_=1621649960464 HTTP/1.1" 302 -
222.69.129.150 - - [22/May/2021:10:19:24 +0800] "GET /xingrg/all/function/internal_message.html?_=1621649961625&CODE_STATE=getMsg HTTP/1.1" 200 27
120.253.135.82 - - [22/May/2021:10:19:27 +0800] "GET /xingrg/all/function/internal_message.html?_=1621650014261&CODE_STATE=getMsg HTTP/1.1" 200 27
116.224.253.72 - - [22/May/2021:10:19:29 +0800] "POST /xingrg/dwr/call/plaincall/AjaxComOrderService.getMaterielSearchList.dwr HTTP/1.1" 200 739
116.224.253.72 - - [22/May/2021:10:19:30 +0800] "POST /xingrg/dwr/call/plaincall/AjaxComOrderService.getMaterielSearchList.dwr HTTP/1.1" 200 739
116.235.222.38 - - [22/May/2021:10:19:31 +0800] "GET /xingrg/kc/buy/cgsh_order_operate.html?command=get_materiel&rest_code=00107&code=00101008005&supplier_code=00100006&order_time=2021-05-22 HTTP/1.1" 200 412
116.224.253.72 - - [22/May/2021:10:19:31 +0800] "POST /xingrg/dwr/call/plaincall/AjaxYddbService.getMaterielByMap.dwr HTTP/1.1" 200 3751
116.230.114.112 - - [22/May/2021:10:19:33 +0800] "GET /xingrg/kc/buy/cgsh_order_operate.html?command=get_materiel&rest_code=00146&code=00101008236&supplier_code=00100005&order_time=2021-05-22 HTTP/1.1" 200 416
116.224.253.72 - - [22/May/2021:10:19:33 +0800] "POST /xingrg/dwr/call/plaincall/AjaxYddbService.saveMaterielItem.dwr HTTP/1.1" 200 79
116.224.253.72 - - [22/May/2021:10:19:33 +0800] "POST /xingrg/dwr/call/plaincall/AjaxComOrderService.getMaterielSearchList.dwr HTTP/1.1" 200 77
116.224.253.72 - - [22/May/2021:10:19:34 +0800] "GET /xingrg/images/yd/bt.gif HTTP/1.1" 404 1040
114.86.187.76 - - [22/May/2021:10:19:35 +0800] "GET /xingrg/kc/buy/cgsh_order_operate.html?command=get_materiel&rest_code=00148&code=00101010628&supplier_code=00100327&order_time=2021-05-22 HTTP/1.1" 200 412
116.224.253.72 - - [22/May/2021:10:19:36 +0800] "POST /xingrg/dwr/call/plaincall/AjaxComOrderService.getMaterielSearchList.dwr HTTP/1.1" 200 22449
58.37.225.51 - - [22/May/2021:10:19:36 +0800] "GET /xingrg/kc/buy/cgsh_order_operate.html?command=get_materiel&rest_code=00141&code=00101008036&supplier_code=00100007&order_time=2021-05-22 HTTP/1.1" 200 408
116.224.253.72 - - [22/May/2021:10:19:36 +0800] "POST /xingrg/dwr/call/plaincall/AjaxComOrderService.getMaterielSearchList.dwr HTTP/1.1" 200 968
117.185.32.26 - - [22/May/2021:10:19:38 +0800] "GET /xingrg/javascript/auto/indicator.gif HTTP/1.1" 404 1066
58.221.95.50 - - [22/May/2021:10:19:38 +0800] "GET /xingrg/check_reg.html?_=1621649975325 HTTP/1.1" 200 22
58.221.95.50 - - [22/May/2021:10:19:38 +0800] "GET /xingrg/all/function/internal_message.html?_=1621649975328&CODE_STATE=getMsg HTTP/1.1" 200 27
116.224.253.72 - - [22/May/2021:10:19:39 +0800] "POST /xingrg/dwr/call/plaincall/AjaxYddbService.getMaterielByMap.dwr HTTP/1.1" 200 3725
116.230.114.112 - - [22/May/2021:10:19:40 +0800] "GET /xingrg/all/function/internal_message.html?_=1621649998772&CODE_STATE=getMsg HTTP/1.1" 200 27
116.224.253.72 - - [22/May/2021:10:19:41 +0800] "POST /xingrg/dwr/call/plaincall/AjaxYddbService.saveMaterielItem.dwr HTTP/1.1" 200 79
116.224.253.72 - - [22/May/2021:10:19:41 +0800] "POST /xingrg/dwr/call/plaincall/AjaxComOrderService.getMaterielSearchList.dwr HTTP/1.1" 200 77
116.224.253.72 - - [22/May/2021:10:19:42 +0800] "GET /xingrg/all/function/internal_message.html?_=1621649956774&CODE_STATE=getMsg HTTP/1.1" 200 27
116.235.222.38 - - [22/May/2021:10:19:42 +0800] "GET /xingrg/kc/buy/cgsh_order_operate.html?command=get_materiel&rest_code=00107&code=00101008271&supplier_code=00100006&order_time=2021-05-22 HTTP/1.1" 200 410
117.185.32.26 - - [22/May/2021:10:19:42 +0800] "GET /xingrg/kc/buy/cgsh_order_operate.html?command=get_materiel&rest_code=00106&code=00101015113&supplier_code=00100450&order_time=2021-05-22 HTTP/1.1" 200 403
58.37.225.51 - - [22/May/2021:10:19:43 +0800] "GET /xingrg/kc/buy/cgsh_order_operate.html?command=get_materiel&rest_code=00141&code=00101008131&supplier_code=00100007&order_time=2021-05-22 HTTP/1.1" 200 408
116.224.253.72 - - [22/May/2021:10:19:44 +0800] "POST /xingrg/dwr/call/plaincall/AjaxComOrderService.getMaterielSearchList.dwr HTTP/1.1" 200 1890
116.224.253.72 - - [22/May/2021:10:19:44 +0800] "GET /xingrg/images/yd/bt.gif HTTP/1.1" 404 1040
116.224.253.72 - - [22/May/2021:10:19:44 +0800] "POST /xingrg/dwr/call/plaincall/AjaxComOrderService.getMaterielSearchList.dwr HTTP/1.1" 200 1890
114.86.187.76 - - [22/May/2021:10:19:45 +0800] "POST /xingrg/kc/buy/cgsh_order_operate.html HTTP/1.1" 200 37
116.230.114.112 - - [22/May/2021:10:19:46 +0800] "GET /xingrg/kc/buy/cgsh_order_operate.html?command=get_materiel&rest_code=00146&code=00101008095&supplier_code=00100005&order_time=2021-05-22 HTTP/1.1" 200 412
116.224.253.72 - - [22/May/2021:10:19:46 +0800] "POST /xingrg/dwr/call/plaincall/AjaxYddbService.getMaterielByMap.dwr HTTP/1.1" 200 3752
114.86.187.76 - - [22/May/2021:10:19:47 +0800] "POST /xingrg/kc/buy/cgsh_order_operate.html HTTP/1.1" 200 3862
116.224.253.72 - - [22/May/2021:10:19:49 +0800] "POST /xingrg/dwr/call/plaincall/AjaxYddbService.saveMaterielItem.dwr HTTP/1.1" 200 79
114.86.187.76 - - [22/May/2021:10:19:49 +0800] "GET /xingrg/kc/buy/cgsh_order_add.html HTTP/1.1" 200 62101
117.185.32.26 - - [22/May/2021:10:19:49 +0800] "GET /xingrg/kc/buy/cgsh_order_operate.html?command=get_materiel&rest_code=00106&code=00101015052&supplier_code=00100450&order_time=2021-05-22 HTTP/1.1" 200 413
114.86.187.76 - - [22/May/2021:10:19:50 +0800] "POST /xingrg/kc/buy/cgsh_order_operate.html HTTP/1.1" 200 8245
114.86.187.76 - - [22/May/2021:10:19:50 +0800] "GET /xingrg/javascript/easyui/themes/default/validatebox.css HTTP/1.1" 404 1104
58.37.225.51 - - [22/May/2021:10:19:50 +0800] "GET /xingrg/all/function/internal_message.html?_=1621649989637&CODE_STATE=getMsg HTTP/1.1" 200 27
116.230.110.80 - - [22/May/2021:10:19:52 +0800] "GET /xingrg/all/function/internal_message.html?_=1621649986920&CODE_STATE=getMsg HTTP/1.1" 200 27
116.224.253.72 - - [22/May/2021:10:19:52 +0800] "POST /xingrg/dwr/call/plaincall/AjaxComOrderService.getMaterielSearchList.dwr HTTP/1.1" 200 7078
116.224.253.72 - - [22/May/2021:10:19:53 +0800] "POST /xingrg/dwr/call/plaincall/AjaxComOrderService.getMaterielSearchList.dwr HTTP/1.1" 200 460
58.37.225.51 - - [22/May/2021:10:19:53 +0800] "GET /xingrg/kc/buy/cgsh_order_operate.html?command=get_materiel&rest_code=00141&code=00101008318&supplier_code=00100007&order_time=2021-05-22 HTTP/1.1" 200 408
61.165.42.208 - - [22/May/2021:10:19:54 +0800] "GET /xingrg/all/function/internal_message.html?_=1621649973509&CODE_STATE=getMsg HTTP/1.1" 200 27
116.224.253.72 - - [22/May/2021:10:19:55 +0800] "POST /xingrg/dwr/call/plaincall/AjaxYddbService.getMaterielByMap.dwr HTTP/1.1" 200 3762
58.37.225.51 - - [22/May/2021:10:19:55 +0800] "POST /xingrg/kc/buy/cgsh_order_operate.html HTTP/1.1" 200 2065
114.86.228.175 - - [22/May/2021:10:19:57 +0800] "GET /xingrg/all/function/internal_message.html?_=1621650001655&CODE_STATE=getMsg HTTP/1.1" 200 27
116.235.222.38 - - [22/May/2021:10:19:57 +0800] "GET /xingrg/kc/buy/cgsh_order_operate.html?command=get_materiel&rest_code=00107&code=00101008239&supplier_code=00100006&order_time=2021-05-22 HTTP/1.1" 200 416
116.224.253.72 - - [22/May/2021:10:19:57 +0800] "POST /xingrg/dwr/call/plaincall/AjaxYddbService.saveMaterielItem.dwr HTTP/1.1" 200 79
116.235.222.38 - - [22/May/2021:10:19:59 +0800] "POST /xingrg/kc/buy/cgsh_order_operate.html HTTP/1.1" 200 2065
58.37.225.51 - - [22/May/2021:10:19:59 +0800] "GET /xingrg/kc/buy/cgsh_order_operate.html?command=get_materiel&rest_code=00141&code=00101008352&supplier_code=00100007&order_time=2021-05-22 HTTP/1.1" 200 412
114.86.187.76 - - [22/May/2021:10:20:00 +0800] "GET /xingrg/kc/buy/cgsh_order_operate.html?command=get_materiel&rest_code=00148&code=00101010567&supplier_code=00100326&order_time=2021-05-22 HTTP/1.1" 200 399
116.224.253.72 - - [22/May/2021:10:20:00 +0800] "POST /xingrg/dwr/call/plaincall/AjaxComOrderService.getMaterielSearchList.dwr HTTP/1.1" 200 22527
116.224.253.72 - - [22/May/2021:10:20:01 +0800] "POST /xingrg/dwr/call/plaincall/AjaxComOrderService.getMaterielSearchList.dwr HTTP/1.1" 200 592
116.224.253.72 - - [22/May/2021:10:20:02 +0800] "POST /xingrg/dwr/call/plaincall/AjaxYddbService.getMaterielByMap.dwr HTTP/1.1" 200 3754
180.161.111.4 - - [22/May/2021:10:20:03 +0800] "GET /xingrg/all/function/internal_message.html?_=1621649959323&CODE_STATE=getMsg HTTP/1.1" 200 27
116.224.253.72 - - [22/May/2021:10:20:04 +0800] "POST /xingrg/dwr/call/plaincall/AjaxYddbService.getUnitPrice.dwr HTTP/1.1" 200 87
116.230.114.112 - - [22/May/2021:10:20:05 +0800] "GET /xingrg/kc/buy/cgsh_order_operate.html?command=get_materiel&rest_code=00146&code=00101008110&supplier_code=00100005&order_time=2021-05-22 HTTP/1.1" 200 408
58.37.225.51 - - [22/May/2021:10:20:05 +0800] "GET /xingrg/kc/buy/cgsh_order_operate.html?command=get_materiel&rest_code=00141&code=00101008098&supplier_code=00100007&order_time=2021-05-22 HTTP/1.1" 200 413
117.184.7.26 - - [22/May/2021:10:20:06 +0800] "GET /xingrg/all/function/internal_message.html?_=1621649997168&CODE_STATE=getMsg HTTP/1.1" 302 -
117.184.7.26 - - [22/May/2021:10:20:06 +0800] "GET /xingrg/login.html HTTP/1.1" 200 7641
116.224.253.72 - - [22/May/2021:10:20:06 +0800] "POST /xingrg/dwr/call/plaincall/AjaxYddbService.saveMaterielItem.dwr HTTP/1.1" 200 79
116.224.253.72 - - [22/May/2021:10:20:07 +0800] "POST /xingrg/dwr/call/plaincall/AjaxComOrderService.getMaterielSearchList.dwr HTTP/1.1" 200 77
117.185.32.26 - - [22/May/2021:10:20:08 +0800] "GET /xingrg/all/function/internal_message.html?_=1621650015277&CODE_STATE=getMsg HTTP/1.1" 200 27
120.253.135.82 - - [22/May/2021:10:20:08 +0800] "GET /xingrg/check_reg.html?_=1621650055498 HTTP/1.1" 200 22
116.224.253.72 - - [22/May/2021:10:20:10 +0800] "POST /xingrg/dwr/call/plaincall/AjaxComOrderService.getMaterielSearchList.dwr HTTP/1.1" 200 1571
116.224.253.72 - - [22/May/2021:10:20:10 +0800] "POST /xingrg/dwr/call/plaincall/AjaxComOrderService.getMaterielSearchList.dwr HTTP/1.1" 200 754
58.37.225.51 - - [22/May/2021:10:20:11 +0800] "GET /xingrg/kc/buy/cgsh_order_operate.html?command=get_materiel&rest_code=00141&code=00101008005&supplier_code=00100007&order_time=2021-05-22 HTTP/1.1" 200 412
117.185.32.26 - - [22/May/2021:10:20:11 +0800] "GET /xingrg/kc/buy/cgsh_order_operate.html?command=get_materiel&rest_code=00106&code=00102014088&supplier_code=00100450&order_time=2021-05-22 HTTP/1.1" 200 412
116.224.253.72 - - [22/May/2021:10:20:11 +0800] "POST /xingrg/dwr/call/plaincall/AjaxYddbService.getMaterielByMap.dwr HTTP/1.1" 200 3737
116.224.253.72 - - [22/May/2021:10:20:12 +0800] "GET /favicon.ico HTTP/1.1" 404 -
116.235.222.38 - - [22/May/2021:10:20:12 +0800] "GET /xingrg/all/function/internal_message.html?_=1621650001363&CODE_STATE=getMsg HTTP/1.1" 200 27
116.224.253.72 - - [22/May/2021:10:20:14 +0800] "GET /favicon.ico HTTP/1.1" 404 -
116.224.253.72 - - [22/May/2021:10:20:16 +0800] "POST /xingrg/dwr/call/plaincall/AjaxYddbService.saveMaterielItem.dwr HTTP/1.1" 200 79
116.230.114.112 - - [22/May/2021:10:20:16 +0800] "GET /xingrg/kc/buy/cgsh_order_operate.html?command=get_materiel&rest_code=00146&code=00101008221&supplier_code=00100005&order_time=2021-05-22 HTTP/1.1" 200 412
116.224.253.72 - - [22/May/2021:10:20:17 +0800] "POST /xingrg/dwr/call/plaincall/AjaxComOrderService.getMaterielSearchList.dwr HTTP/1.1" 200 77
58.37.225.51 - - [22/May/2021:10:20:17 +0800] "GET /xingrg/kc/buy/cgsh_order_operate.html?command=get_materiel&rest_code=00141&code=00101008353&supplier_code=00100007&order_time=2021-05-22 HTTP/1.1" 200 408
114.86.187.76 - - [22/May/2021:10:20:17 +0800] "GET /xingrg/kc/buy/cgsh_order_operate.html?command=get_materiel&rest_code=00148&code=00101007168&supplier_code=00100326&order_time=2021-05-22 HTTP/1.1" 200 396
116.224.253.72 - - [22/May/2021:10:20:19 +0800] "POST /xingrg/dwr/call/plaincall/AjaxComOrderService.getMaterielSearchList.dwr HTTP/1.1" 200 28093
117.185.32.26 - - [22/May/2021:10:20:19 +0800] "GET /xingrg/kc/buy/cgsh_order_operate.html?command=get_materiel&rest_code=00106&code=00101008571&supplier_code=00100450&order_time=2021-05-22 HTTP/1.1" 200 398
116.224.253.72 - - [22/May/2021:10:20:20 +0800] "POST /xingrg/dwr/call/plaincall/AjaxComOrderService.getMaterielSearchList.dwr HTTP/1.1" 200 1554
116.224.253.72 - - [22/May/2021:10:20:22 +0800] "POST /xingrg/dwr/call/plaincall/AjaxYddbService.getMaterielByMap.dwr HTTP/1.1" 200 3765
58.37.225.51 - - [22/May/2021:10:20:23 +0800] "GET /xingrg/kc/buy/cgsh_order_operate.html?command=get_materiel&rest_code=00141&code=00101008213&supplier_code=00100007&order_time=2021-05-22 HTTP/1.1" 200 412
116.230.114.112 - - [22/May/2021:10:20:24 +0800] "POST /xingrg/kc/buy/cgsh_order_operate.html HTTP/1.1" 200 2065
116.224.253.72 - - [22/May/2021:10:20:24 +0800] "POST /xingrg/dwr/call/plaincall/AjaxYddbService.getUnitPrice.dwr HTTP/1.1" 200 88
222.69.129.150 - - [22/May/2021:10:20:24 +0800] "GET /xingrg/all/function/internal_message.html?_=1621650021603&CODE_STATE=getMsg HTTP/1.1" 200 27
58.37.225.51 - - [22/May/2021:10:20:25 +0800] "POST /xingrg/kc/buy/cgsh_order_operate.html HTTP/1.1" 200 2065
116.224.253.72 - - [22/May/2021:10:20:25 +0800] "POST /xingrg/dwr/call/plaincall/AjaxYddbService.saveMaterielItem.dwr HTTP/1.1" 200 79
116.224.253.72 - - [22/May/2021:10:20:26 +0800] "POST /xingrg/dwr/call/plaincall/AjaxComOrderService.getMaterielSearchList.dwr HTTP/1.1" 200 77
120.253.135.82 - - [22/May/2021:10:20:27 +0800] "GET /xingrg/all/function/internal_message.html?_=1621650074282&CODE_STATE=getMsg HTTP/1.1" 200 27
116.224.253.72 - - [22/May/2021:10:20:28 +0800] "POST /xingrg/dwr/call/plaincall/AjaxComOrderService.getMaterielSearchList.dwr HTTP/1.1" 200 8797
58.37.225.51 - - [22/May/2021:10:20:29 +0800] "GET /xingrg/kc/buy/cgsh_order_operate.html?command=get_materiel&rest_code=00141&code=00101008298&supplier_code=00100007&order_time=2021-05-22 HTTP/1.1" 200 412
116.224.253.72 - - [22/May/2021:10:20:29 +0800] "POST /xingrg/dwr/call/plaincall/AjaxComOrderService.getMaterielSearchList.dwr HTTP/1.1" 200 749
116.230.114.112 - - [22/May/2021:10:20:29 +0800] "GET /xingrg/kc/buy/cgsh_order_operate.html?command=get_materiel&rest_code=00146&code=00101008230&supplier_code=00100005&order_time=2021-05-22 HTTP/1.1" 200 408
116.224.253.72 - - [22/May/2021:10:20:31 +0800] "POST /xingrg/dwr/call/plaincall/AjaxYddbService.getMaterielByMap.dwr HTTP/1.1" 200 3731
117.185.32.26 - - [22/May/2021:10:20:31 +0800] "GET /xingrg/kc/buy/cgsh_order_operate.html?command=get_materiel&rest_code=00106&code=00101015112&supplier_code=00100450&order_time=2021-05-22 HTTP/1.1" 200 403
114.86.187.76 - - [22/May/2021:10:20:33 +0800] "GET /xingrg/kc/buy/cgsh_order_operate.html?command=get_materiel&rest_code=00148&code=00101010501&supplier_code=00100326&order_time=2021-05-22 HTTP/1.1" 200 396
116.224.253.72 - - [22/May/2021:10:20:33 +0800] "POST /xingrg/dwr/call/plaincall/AjaxYddbService.saveMaterielItem.dwr HTTP/1.1" 200 79
116.224.253.72 - - [22/May/2021:10:20:34 +0800] "POST /xingrg/dwr/call/plaincall/AjaxComOrderService.getMaterielSearchList.dwr HTTP/1.1" 200 77
58.37.225.51 - - [22/May/2021:10:20:34 +0800] "GET /xingrg/kc/buy/cgsh_order_operate.html?command=get_materiel&rest_code=00141&code=00101008144&supplier_code=00100007&order_time=2021-05-22 HTTP/1.1" 200 412
116.224.253.72 - - [22/May/2021:10:20:35 +0800] "POST /xingrg/dwr/call/plaincall/AjaxComOrderService.getMaterielSearchList.dwr HTTP/1.1" 200 416099
116.224.253.72 - - [22/May/2021:10:20:36 +0800] "POST /xingrg/dwr/call/plaincall/AjaxComOrderService.getMaterielSearchList.dwr HTTP/1.1" 200 7666
58.221.95.50 - - [22/May/2021:10:20:38 +0800] "GET /xingrg/all/function/internal_message.html?_=1621650035354&CODE_STATE=getMsg HTTP/1.1" 200 27
116.230.114.112 - - [22/May/2021:10:20:38 +0800] "GET /xingrg/kc/buy/cgsh_order_operate.html?command=get_materiel&rest_code=00146&code=00101015001&supplier_code=00100005&order_time=2021-05-22 HTTP/1.1" 200 412
120.204.17.73 - - [22/May/2021:10:20:39 +0800] "GET /xingrg/kc/buy/cgsh_order_operate.html?command=get_materiel&rest_code=00106&code=00101015113&supplier_code=00100450&order_time=2021-05-22 HTTP/1.1" 302 -
120.204.17.73 - - [22/May/2021:10:20:40 +0800] "GET /xingrg/login.html HTTP/1.1" 200 7641
116.224.253.72 - - [22/May/2021:10:20:40 +0800] "POST /xingrg/dwr/call/plaincall/AjaxYddbService.getMaterielByMap.dwr HTTP/1.1" 200 3696
116.230.114.112 - - [22/May/2021:10:20:40 +0800] "GET /xingrg/all/function/internal_message.html?_=1621650058952&CODE_STATE=getMsg HTTP/1.1" 200 27
117.185.32.26 - - [22/May/2021:10:20:41 +0800] "GET /xingrg/kc/buy/cgsh_order_operate.html?command=get_materiel&rest_code=00106&code=00101015066&supplier_code=00100450&order_time=2021-05-22 HTTP/1.1" 200 413
58.37.225.51 - - [22/May/2021:10:20:41 +0800] "GET /xingrg/kc/buy/cgsh_order_operate.html?command=get_materiel&rest_code=00141&code=00101008306&supplier_code=00100007&order_time=2021-05-22 HTTP/1.1" 200 412
116.235.222.38 - - [22/May/2021:10:20:42 +0800] "GET /xingrg/kc/buy/cgsh_order_operate.html?command=get_materiel&rest_code=00107&code=00101008248&supplier_code=00100006&order_time=2021-05-22 HTTP/1.1" 200 412
116.224.253.72 - - [22/May/2021:10:20:42 +0800] "GET /xingrg/all/function/internal_message.html?_=1621650016788&CODE_STATE=getMsg HTTP/1.1" 200 27
61.129.7.236 - - [22/May/2021:10:20:43 +0800] "GET /xingrg/kc/buy/cgsh_order_operate.html?command=get_materiel&rest_code=00141&code=00101008131&supplier_code=00100007&order_time=2021-05-22 HTTP/1.1" 302 -
116.224.253.72 - - [22/May/2021:10:20:44 +0800] "POST /xingrg/dwr/call/plaincall/AjaxYddbService.saveMaterielItem.dwr HTTP/1.1" 200 79
116.224.253.72 - - [22/May/2021:10:20:45 +0800] "POST /xingrg/dwr/call/plaincall/AjaxComOrderService.getMaterielSearchList.dwr HTTP/1.1" 200 77
114.86.187.76 - - [22/May/2021:10:20:45 +0800] "POST /xingrg/kc/buy/cgsh_order_operate.html HTTP/1.1" 200 37
114.86.187.76 - - [22/May/2021:10:20:47 +0800] "POST /xingrg/kc/buy/cgsh_order_operate.html HTTP/1.1" 200 3835
61.129.7.236 - - [22/May/2021:10:20:47 +0800] "GET /xingrg/login.html HTTP/1.1" 200 7641
116.224.253.72 - - [22/May/2021:10:20:50 +0800] "POST /xingrg/dwr/call/plaincall/AjaxComOrderService.getMaterielSearchList.dwr HTTP/1.1" 200 21929
