58.37.225.51 - - [22/May/2021:09:47:50 +0800] "GET /xingrg/all/function/internal_message.html?_=1621648069538&CODE_STATE=getMsg HTTP/1.1" 200 27
116.230.110.80 - - [22/May/2021:09:47:52 +0800] "GET /xingrg/all/function/internal_message.html?_=1621648066930&CODE_STATE=getMsg HTTP/1.1" 200 27
61.165.42.208 - - [22/May/2021:09:47:54 +0800] "GET /xingrg/all/function/internal_message.html?_=1621648053469&CODE_STATE=getMsg HTTP/1.1" 200 27
116.224.253.72 - - [22/May/2021:09:47:56 +0800] "GET /xingrg/all/function/internal_message.html?_=1621648051331&CODE_STATE=getMsg HTTP/1.1" 200 27
114.86.228.175 - - [22/May/2021:09:47:57 +0800] "GET /xingrg/all/function/internal_message.html?_=1621648081575&CODE_STATE=getMsg HTTP/1.1" 200 27
180.169.147.146 - - [22/May/2021:09:48:01 +0800] "GET /xingrg/check_reg.html?_=1621648077948 HTTP/1.1" 302 -
180.161.111.4 - - [22/May/2021:09:48:02 +0800] "GET /xingrg/check_reg.html?_=1621648038515 HTTP/1.1" 200 22
180.161.111.4 - - [22/May/2021:09:48:02 +0800] "GET /xingrg/all/function/internal_message.html?_=1621648038889&CODE_STATE=getMsg HTTP/1.1" 200 27
117.184.7.26 - - [22/May/2021:09:48:05 +0800] "GET /xingrg/all/function/internal_message.html?_=1621648077133&CODE_STATE=getMsg HTTP/1.1" 302 -
117.184.7.26 - - [22/May/2021:09:48:06 +0800] "GET /xingrg/login.html HTTP/1.1" 200 7641
116.235.222.38 - - [22/May/2021:09:48:12 +0800] "GET /xingrg/check_reg.html?_=1621648081202 HTTP/1.1" 200 22
116.235.222.38 - - [22/May/2021:09:48:12 +0800] "GET /xingrg/all/function/internal_message.html?_=1621648081204&CODE_STATE=getMsg HTTP/1.1" 200 27
114.88.162.5 - - [22/May/2021:09:48:15 +0800] "GET /xingrg/all/function/internal_message.html?_=1621648085678&CODE_STATE=getMsg HTTP/1.1" 200 27
116.224.253.72 - - [22/May/2021:09:48:16 +0800] "POST /xingrg/kc/base/wldb_order_operate.html HTTP/1.1" 200 37
116.224.253.72 - - [22/May/2021:09:48:18 +0800] "POST /xingrg/kc/base/wldb_order_operate.html HTTP/1.1" 200 12
116.224.253.72 - - [22/May/2021:09:48:18 +0800] "POST /xingrg/kc/base/wldb_order_operate.html HTTP/1.1" 200 5273
116.224.253.72 - - [22/May/2021:09:48:20 +0800] "GET /xingrg/kc/base/wldb_order_info.html?code=422021052202390 HTTP/1.1" 200 26084
116.224.253.72 - - [22/May/2021:09:48:21 +0800] "GET /xingrg/javascript/easyui/themes/default/validatebox.css HTTP/1.1" 404 1104
116.224.253.72 - - [22/May/2021:09:48:21 +0800] "POST /xingrg/kc/base/wldb_order_operate.html HTTP/1.1" 200 3498
222.69.129.150 - - [22/May/2021:09:48:22 +0800] "GET /xingrg/check_reg.html?_=1621648099418 HTTP/1.1" 200 22
222.69.129.150 - - [22/May/2021:09:48:25 +0800] "GET /xingrg/all/function/internal_message.html?_=1621648102029&CODE_STATE=getMsg HTTP/1.1" 200 27
120.253.135.82 - - [22/May/2021:09:48:26 +0800] "GET /xingrg/all/function/internal_message.html?_=1621648153799&CODE_STATE=getMsg HTTP/1.1" 200 27
120.253.135.82 - - [22/May/2021:09:48:33 +0800] "GET /xingrg/all/function/internal_message.html?_=1621647892426&CODE_STATE=getMsg HTTP/1.1" 200 27
116.230.114.112 - - [22/May/2021:09:48:36 +0800] "GET /xingrg/all/function/internal_message.html?_=1621648134198&CODE_STATE=getMsg HTTP/1.1" 200 27
58.221.95.50 - - [22/May/2021:09:48:38 +0800] "GET /xingrg/all/function/internal_message.html?_=1621648115217&CODE_STATE=getMsg HTTP/1.1" 200 27
116.224.253.72 - - [22/May/2021:09:48:46 +0800] "GET /xingrg/kc/base/wldb_order_add.html HTTP/1.1" 200 30201
116.224.253.72 - - [22/May/2021:09:48:46 +0800] "POST /xingrg/kc/base/wldb_order_operate.html HTTP/1.1" 200 6806
116.224.253.72 - - [22/May/2021:09:48:47 +0800] "GET /xingrg/javascript/easyui/themes/default/validatebox.css HTTP/1.1" 404 1104
116.224.253.72 - - [22/May/2021:09:48:47 +0800] "POST /xingrg/all/common/load_combo.html?type=base HTTP/1.1" 200 2966
58.37.225.51 - - [22/May/2021:09:48:50 +0800] "GET /xingrg/all/function/internal_message.html?_=1621648129541&CODE_STATE=getMsg HTTP/1.1" 200 27
58.37.225.51 - - [22/May/2021:09:48:50 +0800] "GET /xingrg/check_reg.html?_=1621648129542 HTTP/1.1" 200 22
116.230.110.80 - - [22/May/2021:09:48:52 +0800] "GET /xingrg/all/function/internal_message.html?_=1621648126920&CODE_STATE=getMsg HTTP/1.1" 200 27
61.165.42.208 - - [22/May/2021:09:48:54 +0800] "GET /xingrg/all/function/internal_message.html?_=1621648113473&CODE_STATE=getMsg HTTP/1.1" 200 27
61.165.42.208 - - [22/May/2021:09:48:54 +0800] "GET /xingrg/check_reg.html?_=1621648113476 HTTP/1.1" 200 22
116.224.253.72 - - [22/May/2021:09:48:56 +0800] "GET /xingrg/all/function/internal_message.html?_=1621648111345&CODE_STATE=getMsg HTTP/1.1" 200 27
114.86.228.175 - - [22/May/2021:09:48:57 +0800] "GET /xingrg/all/function/internal_message.html?_=1621648141577&CODE_STATE=getMsg HTTP/1.1" 200 27
116.224.253.72 - - [22/May/2021:09:48:58 +0800] "GET /xingrg/kc/base/wldb_order_operate.html?command=get_materiel&rest_code=00150&base_code=0010445&code=00101019430 HTTP/1.1" 200 464
180.161.111.4 - - [22/May/2021:09:49:02 +0800] "GET /xingrg/all/function/internal_message.html?_=1621648098903&CODE_STATE=getMsg HTTP/1.1" 200 27
116.224.253.72 - - [22/May/2021:09:49:05 +0800] "GET /xingrg/kc/base/wldb_order_operate.html?command=get_materiel&rest_code=00150&base_code=0010445&code=00101013011 HTTP/1.1" 200 450
117.184.7.26 - - [22/May/2021:09:49:05 +0800] "GET /xingrg/all/function/internal_message.html?_=1621648137135&CODE_STATE=getMsg HTTP/1.1" 302 -
117.184.7.26 - - [22/May/2021:09:49:06 +0800] "GET /xingrg/login.html HTTP/1.1" 200 7641
116.235.222.38 - - [22/May/2021:09:49:12 +0800] "GET /xingrg/all/function/internal_message.html?_=1621648141190&CODE_STATE=getMsg HTTP/1.1" 200 27
114.88.162.5 - - [22/May/2021:09:49:15 +0800] "GET /xingrg/all/function/internal_message.html?_=1621648145672&CODE_STATE=getMsg HTTP/1.1" 200 27
116.224.253.72 - - [22/May/2021:09:49:23 +0800] "GET /xingrg/kc/base/wldb_order_operate.html?command=get_materiel&rest_code=00150&base_code=0010445&code=00101016028 HTTP/1.1" 200 432
222.69.129.150 - - [22/May/2021:09:49:25 +0800] "GET /xingrg/all/function/internal_message.html?_=1621648162013&CODE_STATE=getMsg HTTP/1.1" 200 27
120.253.135.82 - - [22/May/2021:09:49:26 +0800] "GET /xingrg/all/function/internal_message.html?_=1621648213820&CODE_STATE=getMsg HTTP/1.1" 200 27
116.224.253.72 - - [22/May/2021:09:49:35 +0800] "GET /xingrg/kc/base/wldb_order_operate.html?command=get_materiel&rest_code=00150&base_code=0010445&code=00101016074 HTTP/1.1" 200 459
116.230.114.112 - - [22/May/2021:09:49:36 +0800] "GET /xingrg/all/function/internal_message.html?_=1621648194206&CODE_STATE=getMsg HTTP/1.1" 200 27
58.221.95.50 - - [22/May/2021:09:49:38 +0800] "GET /xingrg/check_reg.html?_=1621648175216 HTTP/1.1" 200 22
58.221.95.50 - - [22/May/2021:09:49:38 +0800] "GET /xingrg/all/function/internal_message.html?_=1621648175218&CODE_STATE=getMsg HTTP/1.1" 200 27
116.224.253.72 - - [22/May/2021:09:49:43 +0800] "GET /xingrg/kc/base/wldb_order_operate.html?command=get_materiel&rest_code=00150&base_code=0010445&code=00101013182 HTTP/1.1" 200 429
58.37.225.51 - - [22/May/2021:09:49:50 +0800] "GET /xingrg/all/function/internal_message.html?_=1621648189543&CODE_STATE=getMsg HTTP/1.1" 200 27
116.224.253.72 - - [22/May/2021:09:49:51 +0800] "GET /xingrg/kc/base/wldb_order_operate.html?command=get_materiel&rest_code=00150&base_code=0010445&code=00101019184 HTTP/1.1" 200 442
116.230.110.80 - - [22/May/2021:09:49:52 +0800] "GET /xingrg/all/function/internal_message.html?_=1621648186926&CODE_STATE=getMsg HTTP/1.1" 200 27
61.165.42.208 - - [22/May/2021:09:49:54 +0800] "GET /xingrg/all/function/internal_message.html?_=1621648173470&CODE_STATE=getMsg HTTP/1.1" 200 27
116.224.253.72 - - [22/May/2021:09:49:56 +0800] "GET /xingrg/all/function/internal_message.html?_=1621648171358&CODE_STATE=getMsg HTTP/1.1" 200 27
114.86.228.175 - - [22/May/2021:09:49:57 +0800] "GET /xingrg/all/function/internal_message.html?_=1621648201580&CODE_STATE=getMsg HTTP/1.1" 200 27
180.161.111.4 - - [22/May/2021:09:50:02 +0800] "GET /xingrg/all/function/internal_message.html?_=1621648158916&CODE_STATE=getMsg HTTP/1.1" 200 27
116.224.253.72 - - [22/May/2021:09:50:05 +0800] "POST /xingrg/kc/base/wldb_order_operate.html HTTP/1.1" 200 37
117.184.7.26 - - [22/May/2021:09:50:05 +0800] "GET /xingrg/all/function/internal_message.html?_=1621648197135&CODE_STATE=getMsg HTTP/1.1" 302 -
117.184.7.26 - - [22/May/2021:09:50:06 +0800] "GET /xingrg/login.html HTTP/1.1" 200 7641
116.224.253.72 - - [22/May/2021:09:50:06 +0800] "POST /xingrg/kc/base/wldb_order_operate.html HTTP/1.1" 200 12
116.224.253.72 - - [22/May/2021:09:50:07 +0800] "POST /xingrg/kc/base/wldb_order_operate.html HTTP/1.1" 200 4623
116.224.253.72 - - [22/May/2021:09:50:07 +0800] "GET /xingrg/kc/base/wldb_order_info.html?code=422021052202391 HTTP/1.1" 200 26084
116.224.253.72 - - [22/May/2021:09:50:08 +0800] "GET /xingrg/javascript/easyui/themes/default/validatebox.css HTTP/1.1" 404 1104
116.224.253.72 - - [22/May/2021:09:50:08 +0800] "POST /xingrg/kc/base/wldb_order_operate.html HTTP/1.1" 200 2860
120.253.135.82 - - [22/May/2021:09:50:08 +0800] "GET /xingrg/check_reg.html?_=1621648255464 HTTP/1.1" 200 22
116.224.253.72 - - [22/May/2021:09:50:11 +0800] "GET /xingrg/kc/base/wldb_order_add.html HTTP/1.1" 200 30201
116.224.253.72 - - [22/May/2021:09:50:12 +0800] "POST /xingrg/kc/base/wldb_order_operate.html HTTP/1.1" 200 6806
116.224.253.72 - - [22/May/2021:09:50:12 +0800] "GET /xingrg/javascript/easyui/themes/default/validatebox.css HTTP/1.1" 404 1104
116.235.222.38 - - [22/May/2021:09:50:12 +0800] "GET /xingrg/all/function/internal_message.html?_=1621648201199&CODE_STATE=getMsg HTTP/1.1" 200 27
116.224.253.72 - - [22/May/2021:09:50:13 +0800] "POST /xingrg/all/common/load_combo.html?type=base HTTP/1.1" 200 2966
114.88.162.5 - - [22/May/2021:09:50:15 +0800] "GET /xingrg/all/function/internal_message.html?_=1621648205672&CODE_STATE=getMsg HTTP/1.1" 200 27
114.88.162.5 - - [22/May/2021:09:50:15 +0800] "GET /xingrg/check_reg.html?_=1621648205675 HTTP/1.1" 200 22
222.69.129.150 - - [22/May/2021:09:50:25 +0800] "GET /xingrg/all/function/internal_message.html?_=1621648221997&CODE_STATE=getMsg HTTP/1.1" 200 27
120.253.135.82 - - [22/May/2021:09:50:26 +0800] "GET /xingrg/all/function/internal_message.html?_=1621648273826&CODE_STATE=getMsg HTTP/1.1" 200 27
116.224.253.72 - - [22/May/2021:09:50:33 +0800] "GET /xingrg/kc/base/wldb_order_operate.html?command=get_materiel&rest_code=00150&base_code=0010446&code=00102002315 HTTP/1.1" 200 448
116.230.114.112 - - [22/May/2021:09:50:36 +0800] "GET /xingrg/all/function/internal_message.html?_=1621648254716&CODE_STATE=getMsg HTTP/1.1" 200 27
58.221.95.50 - - [22/May/2021:09:50:38 +0800] "GET /xingrg/all/function/internal_message.html?_=1621648235220&CODE_STATE=getMsg HTTP/1.1" 200 27
114.86.187.76 - - [22/May/2021:09:50:38 +0800] "GET /xingrg/check_reg.html?_=1621648237053 HTTP/1.1" 200 22
116.224.253.72 - - [22/May/2021:09:50:42 +0800] "GET /xingrg/kc/base/wldb_order_operate.html?command=get_materiel&rest_code=00150&base_code=0010446&code=00102002321 HTTP/1.1" 200 447
61.165.42.208 - - [22/May/2021:09:50:44 +0800] "POST /xingrg/services/DataTransmitService HTTP/1.1" 200 524
61.165.42.208 - - [22/May/2021:09:50:47 +0800] "POST /xingrg/services/DataTransmitService HTTP/1.1" 200 501
61.165.42.208 - - [22/May/2021:09:50:48 +0800] "POST /xingrg/services/DataTransmitService HTTP/1.1" 200 524
61.165.42.208 - - [22/May/2021:09:50:48 +0800] "POST /xingrg/services/DataTransmitService HTTP/1.1" 200 2235
116.224.253.72 - - [22/May/2021:09:50:48 +0800] "GET /xingrg/kc/base/wldb_order_operate.html?command=get_materiel&rest_code=00150&base_code=0010446&code=00102015055 HTTP/1.1" 200 439
58.37.225.51 - - [22/May/2021:09:50:50 +0800] "GET /xingrg/all/function/internal_message.html?_=1621648249547&CODE_STATE=getMsg HTTP/1.1" 200 27
116.230.110.80 - - [22/May/2021:09:50:52 +0800] "GET /xingrg/all/function/internal_message.html?_=1621648246937&CODE_STATE=getMsg HTTP/1.1" 200 27
116.230.110.80 - - [22/May/2021:09:50:52 +0800] "GET /xingrg/check_reg.html?_=1621648246939 HTTP/1.1" 200 22
116.224.253.72 - - [22/May/2021:09:50:54 +0800] "GET /xingrg/kc/base/wldb_order_operate.html?command=get_materiel&rest_code=00150&base_code=0010446&code=00102002610 HTTP/1.1" 200 430
61.165.42.208 - - [22/May/2021:09:50:54 +0800] "GET /xingrg/all/function/internal_message.html?_=1621648233464&CODE_STATE=getMsg HTTP/1.1" 200 27
116.224.253.72 - - [22/May/2021:09:50:56 +0800] "GET /xingrg/check_reg.html?_=1621648230873 HTTP/1.1" 200 22
116.224.253.72 - - [22/May/2021:09:50:56 +0800] "GET /xingrg/all/function/internal_message.html?_=1621648231372&CODE_STATE=getMsg HTTP/1.1" 200 27
61.165.42.208 - - [22/May/2021:09:50:56 +0800] "POST /xingrg/services/DataTransmitService HTTP/1.1" 200 524
114.86.228.175 - - [22/May/2021:09:50:57 +0800] "GET /xingrg/all/function/internal_message.html?_=1621648261582&CODE_STATE=getMsg HTTP/1.1" 200 27
180.161.111.4 - - [22/May/2021:09:51:02 +0800] "GET /xingrg/all/function/internal_message.html?_=1621648218931&CODE_STATE=getMsg HTTP/1.1" 200 27
116.224.253.72 - - [22/May/2021:09:51:03 +0800] "GET /xingrg/kc/base/wldb_order_operate.html?command=get_materiel&rest_code=00150&base_code=0010446&code=00102004006 HTTP/1.1" 200 442
117.184.7.26 - - [22/May/2021:09:51:05 +0800] "GET /xingrg/all/function/internal_message.html?_=1621648257137&CODE_STATE=getMsg HTTP/1.1" 302 -
117.184.7.26 - - [22/May/2021:09:51:05 +0800] "GET /xingrg/check_reg.html?_=1621648257138 HTTP/1.1" 302 -
117.184.7.26 - - [22/May/2021:09:51:06 +0800] "GET /xingrg/login.html HTTP/1.1" 200 7641
117.184.7.26 - - [22/May/2021:09:51:06 +0800] "GET /xingrg/login.html HTTP/1.1" 200 7641
61.165.42.208 - - [22/May/2021:09:51:06 +0800] "POST /xingrg/services/DataTransmitService HTTP/1.1" 200 501
61.165.42.208 - - [22/May/2021:09:51:07 +0800] "POST /xingrg/services/DataTransmitService HTTP/1.1" 200 501
61.165.42.208 - - [22/May/2021:09:51:08 +0800] "POST /xingrg/services/DataTransmitService HTTP/1.1" 200 501
61.165.42.208 - - [22/May/2021:09:51:09 +0800] "POST /xingrg/services/DataTransmitService HTTP/1.1" 200 501
61.165.42.208 - - [22/May/2021:09:51:10 +0800] "POST /xingrg/services/DataTransmitService HTTP/1.1" 200 501
61.165.42.208 - - [22/May/2021:09:51:10 +0800] "POST /xingrg/services/DataTransmitService HTTP/1.1" 200 501
61.165.42.208 - - [22/May/2021:09:51:11 +0800] "POST /xingrg/services/DataTransmitService HTTP/1.1" 200 501
61.165.42.208 - - [22/May/2021:09:51:12 +0800] "POST /xingrg/services/DataTransmitService HTTP/1.1" 200 501
116.235.222.38 - - [22/May/2021:09:51:12 +0800] "GET /xingrg/all/function/internal_message.html?_=1621648261198&CODE_STATE=getMsg HTTP/1.1" 200 27
61.165.42.208 - - [22/May/2021:09:51:12 +0800] "POST /xingrg/services/DataTransmitService HTTP/1.1" 200 501
116.230.114.112 - - [22/May/2021:09:51:15 +0800] "GET /xingrg/check_reg.html?_=1621648293189 HTTP/1.1" 200 22
61.165.42.208 - - [22/May/2021:09:51:15 +0800] "POST /xingrg/services/DataTransmitService HTTP/1.1" 200 412
114.88.162.5 - - [22/May/2021:09:51:15 +0800] "GET /xingrg/all/function/internal_message.html?_=1621648265675&CODE_STATE=getMsg HTTP/1.1" 200 27
116.224.253.72 - - [22/May/2021:09:51:16 +0800] "GET /xingrg/kc/base/wldb_order_operate.html?command=get_materiel&rest_code=00150&base_code=0010446&code=00102002481 HTTP/1.1" 200 428
222.69.129.150 - - [22/May/2021:09:51:25 +0800] "GET /xingrg/all/function/internal_message.html?_=1621648282120&CODE_STATE=getMsg HTTP/1.1" 200 27
120.253.135.82 - - [22/May/2021:09:51:26 +0800] "GET /xingrg/all/function/internal_message.html?_=1621648333841&CODE_STATE=getMsg HTTP/1.1" 200 27
116.224.253.72 - - [22/May/2021:09:51:33 +0800] "GET /xingrg/kc/base/wldb_order_operate.html?command=get_materiel&rest_code=00150&base_code=0010446&code=00102002829 HTTP/1.1" 200 461
116.230.114.112 - - [22/May/2021:09:51:36 +0800] "GET /xingrg/all/function/internal_message.html?_=1621648314716&CODE_STATE=getMsg HTTP/1.1" 200 27
58.221.95.50 - - [22/May/2021:09:51:38 +0800] "GET /xingrg/all/function/internal_message.html?_=1621648295220&CODE_STATE=getMsg HTTP/1.1" 200 27
116.224.253.72 - - [22/May/2021:09:51:46 +0800] "GET /xingrg/kc/base/wldb_order_operate.html?command=get_materiel&rest_code=00150&base_code=0010446&code=00102002033 HTTP/1.1" 200 468
58.37.225.51 - - [22/May/2021:09:51:50 +0800] "GET /xingrg/all/function/internal_message.html?_=1621648309550&CODE_STATE=getMsg HTTP/1.1" 200 27
116.230.110.80 - - [22/May/2021:09:51:52 +0800] "GET /xingrg/all/function/internal_message.html?_=1621648306940&CODE_STATE=getMsg HTTP/1.1" 200 27
61.165.42.208 - - [22/May/2021:09:51:54 +0800] "GET /xingrg/all/function/internal_message.html?_=1621648293473&CODE_STATE=getMsg HTTP/1.1" 200 27
116.224.253.72 - - [22/May/2021:09:51:56 +0800] "GET /xingrg/all/function/internal_message.html?_=1621648291385&CODE_STATE=getMsg HTTP/1.1" 200 27
116.224.253.72 - - [22/May/2021:09:51:56 +0800] "GET /xingrg/kc/base/wldb_order_operate.html?command=get_materiel&rest_code=00150&base_code=0010446&code=00102002828 HTTP/1.1" 200 451
114.86.228.175 - - [22/May/2021:09:51:57 +0800] "GET /xingrg/all/function/internal_message.html?_=1621648321587&CODE_STATE=getMsg HTTP/1.1" 200 27
114.86.228.175 - - [22/May/2021:09:51:57 +0800] "GET /xingrg/check_reg.html?_=1621648321588 HTTP/1.1" 200 22
180.161.111.4 - - [22/May/2021:09:52:02 +0800] "GET /xingrg/all/function/internal_message.html?_=1621648278943&CODE_STATE=getMsg HTTP/1.1" 200 27
117.184.7.26 - - [22/May/2021:09:52:05 +0800] "GET /xingrg/all/function/internal_message.html?_=1621648317138&CODE_STATE=getMsg HTTP/1.1" 302 -
117.184.7.26 - - [22/May/2021:09:52:06 +0800] "GET /xingrg/login.html HTTP/1.1" 200 7641
116.224.253.72 - - [22/May/2021:09:52:09 +0800] "GET /xingrg/kc/base/wldb_order_operate.html?command=get_materiel&rest_code=00150&base_code=0010446&code=00102002034 HTTP/1.1" 200 463
116.235.222.38 - - [22/May/2021:09:52:12 +0800] "GET /xingrg/all/function/internal_message.html?_=1621648321200&CODE_STATE=getMsg HTTP/1.1" 200 27
114.88.162.5 - - [22/May/2021:09:52:15 +0800] "GET /xingrg/all/function/internal_message.html?_=1621648325675&CODE_STATE=getMsg HTTP/1.1" 200 27
222.69.129.150 - - [22/May/2021:09:52:25 +0800] "GET /xingrg/all/function/internal_message.html?_=1621648342095&CODE_STATE=getMsg HTTP/1.1" 200 27
120.253.135.82 - - [22/May/2021:09:52:26 +0800] "GET /xingrg/all/function/internal_message.html?_=1621648393867&CODE_STATE=getMsg HTTP/1.1" 200 27
116.224.253.72 - - [22/May/2021:09:52:31 +0800] "POST /xingrg/kc/base/wldb_order_operate.html HTTP/1.1" 200 37
116.224.253.72 - - [22/May/2021:09:52:34 +0800] "POST /xingrg/kc/base/wldb_order_operate.html HTTP/1.1" 200 12
116.224.253.72 - - [22/May/2021:09:52:34 +0800] "POST /xingrg/kc/base/wldb_order_operate.html HTTP/1.1" 200 4640
116.224.253.72 - - [22/May/2021:09:52:35 +0800] "GET /xingrg/kc/base/wldb_order_info.html?code=422021052202392 HTTP/1.1" 200 26084
116.224.253.72 - - [22/May/2021:09:52:36 +0800] "GET /xingrg/javascript/easyui/themes/default/validatebox.css HTTP/1.1" 404 1104
116.224.253.72 - - [22/May/2021:09:52:36 +0800] "POST /xingrg/kc/base/wldb_order_operate.html HTTP/1.1" 200 2874
116.230.114.112 - - [22/May/2021:09:52:36 +0800] "GET /xingrg/all/function/internal_message.html?_=1621648374730&CODE_STATE=getMsg HTTP/1.1" 200 27
58.221.95.50 - - [22/May/2021:09:52:38 +0800] "GET /xingrg/all/function/internal_message.html?_=1621648355247&CODE_STATE=getMsg HTTP/1.1" 200 27
116.224.253.72 - - [22/May/2021:09:52:45 +0800] "GET /xingrg/kc/base/wldb_order_add.html HTTP/1.1" 200 30201
116.224.253.72 - - [22/May/2021:09:52:46 +0800] "POST /xingrg/kc/base/wldb_order_operate.html HTTP/1.1" 200 6806
116.224.253.72 - - [22/May/2021:09:52:46 +0800] "GET /xingrg/javascript/easyui/themes/default/validatebox.css HTTP/1.1" 404 1104
116.224.253.72 - - [22/May/2021:09:52:47 +0800] "POST /xingrg/all/common/load_combo.html?type=base HTTP/1.1" 200 2966
58.37.225.51 - - [22/May/2021:09:52:50 +0800] "GET /xingrg/all/function/internal_message.html?_=1621648369553&CODE_STATE=getMsg HTTP/1.1" 200 27
116.230.110.80 - - [22/May/2021:09:52:52 +0800] "GET /xingrg/all/function/internal_message.html?_=1621648366934&CODE_STATE=getMsg HTTP/1.1" 200 27
61.165.42.208 - - [22/May/2021:09:52:54 +0800] "GET /xingrg/all/function/internal_message.html?_=1621648353472&CODE_STATE=getMsg HTTP/1.1" 200 27
116.224.253.72 - - [22/May/2021:09:52:56 +0800] "GET /xingrg/all/function/internal_message.html?_=1621648351400&CODE_STATE=getMsg HTTP/1.1" 200 27
114.86.228.175 - - [22/May/2021:09:52:57 +0800] "GET /xingrg/all/function/internal_message.html?_=1621648381587&CODE_STATE=getMsg HTTP/1.1" 200 27
116.224.253.72 - - [22/May/2021:09:53:00 +0800] "GET /xingrg/kc/base/wldb_order_operate.html?command=get_materiel&rest_code=00150&base_code=0010445&code=00101014041 HTTP/1.1" 200 433
180.169.147.146 - - [22/May/2021:09:53:01 +0800] "GET /xingrg/check_reg.html?_=1621648377927 HTTP/1.1" 302 -
180.161.111.4 - - [22/May/2021:09:53:02 +0800] "GET /xingrg/check_reg.html?_=1621648338521 HTTP/1.1" 200 22
180.161.111.4 - - [22/May/2021:09:53:02 +0800] "GET /xingrg/all/function/internal_message.html?_=1621648338957&CODE_STATE=getMsg HTTP/1.1" 200 27
117.184.7.26 - - [22/May/2021:09:53:05 +0800] "GET /xingrg/all/function/internal_message.html?_=1621648377141&CODE_STATE=getMsg HTTP/1.1" 302 -
117.184.7.26 - - [22/May/2021:09:53:06 +0800] "GET /xingrg/login.html HTTP/1.1" 200 7641
116.224.253.72 - - [22/May/2021:09:53:06 +0800] "GET /xingrg/kc/base/wldb_order_operate.html?command=get_materiel&rest_code=00150&base_code=0010447&code=00101014041 HTTP/1.1" 200 434
116.224.253.72 - - [22/May/2021:09:53:11 +0800] "GET /xingrg/kc/base/wldb_order_operate.html?command=get_materiel&rest_code=00150&base_code=0010447&code=00101014087 HTTP/1.1" 200 426
116.235.222.38 - - [22/May/2021:09:53:12 +0800] "GET /xingrg/all/function/internal_message.html?_=1621648381200&CODE_STATE=getMsg HTTP/1.1" 200 27
116.235.222.38 - - [22/May/2021:09:53:12 +0800] "GET /xingrg/check_reg.html?_=1621648381201 HTTP/1.1" 200 22
114.88.162.5 - - [22/May/2021:09:53:15 +0800] "GET /xingrg/all/function/internal_message.html?_=1621648385674&CODE_STATE=getMsg HTTP/1.1" 200 27
222.69.129.150 - - [22/May/2021:09:53:22 +0800] "GET /xingrg/check_reg.html?_=1621648399423 HTTP/1.1" 200 22
116.224.253.72 - - [22/May/2021:09:53:24 +0800] "POST /xingrg/kc/base/wldb_order_operate.html HTTP/1.1" 200 37
222.69.129.150 - - [22/May/2021:09:53:25 +0800] "GET /xingrg/all/function/internal_message.html?_=1621648402080&CODE_STATE=getMsg HTTP/1.1" 200 27
116.224.253.72 - - [22/May/2021:09:53:26 +0800] "POST /xingrg/kc/base/wldb_order_operate.html HTTP/1.1" 200 12
116.224.253.72 - - [22/May/2021:09:53:26 +0800] "POST /xingrg/kc/base/wldb_order_operate.html HTTP/1.1" 200 2183
120.253.135.82 - - [22/May/2021:09:53:26 +0800] "GET /xingrg/all/function/internal_message.html?_=1621648453882&CODE_STATE=getMsg HTTP/1.1" 200 27
116.224.253.72 - - [22/May/2021:09:53:32 +0800] "GET /xingrg/kc/base/wldb_order_info.html?code=422021052202393 HTTP/1.1" 200 26083
116.224.253.72 - - [22/May/2021:09:53:33 +0800] "POST /xingrg/kc/base/wldb_order_operate.html HTTP/1.1" 200 478
116.224.253.72 - - [22/May/2021:09:53:33 +0800] "GET /xingrg/javascript/easyui/themes/default/validatebox.css HTTP/1.1" 404 1104
116.230.114.112 - - [22/May/2021:09:53:37 +0800] "GET /xingrg/all/function/internal_message.html?_=1621648435277&CODE_STATE=getMsg HTTP/1.1" 200 27
58.221.95.50 - - [22/May/2021:09:53:38 +0800] "GET /xingrg/all/function/internal_message.html?_=1621648415247&CODE_STATE=getMsg HTTP/1.1" 200 27
116.224.253.72 - - [22/May/2021:09:53:47 +0800] "GET /xingrg/kc/base/wldb_order_add.html HTTP/1.1" 200 30201
116.224.253.72 - - [22/May/2021:09:53:47 +0800] "POST /xingrg/kc/base/wldb_order_operate.html HTTP/1.1" 200 6806
116.224.253.72 - - [22/May/2021:09:53:48 +0800] "GET /xingrg/javascript/easyui/themes/default/validatebox.css HTTP/1.1" 404 1104
116.224.253.72 - - [22/May/2021:09:53:49 +0800] "POST /xingrg/all/common/load_combo.html?type=base HTTP/1.1" 200 2966
58.37.225.51 - - [22/May/2021:09:53:50 +0800] "GET /xingrg/all/function/internal_message.html?_=1621648429556&CODE_STATE=getMsg HTTP/1.1" 200 27
58.37.225.51 - - [22/May/2021:09:53:50 +0800] "GET /xingrg/check_reg.html?_=1621648429557 HTTP/1.1" 200 22
116.230.110.80 - - [22/May/2021:09:53:52 +0800] "GET /xingrg/all/function/internal_message.html?_=1621648426935&CODE_STATE=getMsg HTTP/1.1" 200 27
61.165.42.208 - - [22/May/2021:09:53:54 +0800] "GET /xingrg/all/function/internal_message.html?_=1621648413463&CODE_STATE=getMsg HTTP/1.1" 200 27
61.165.42.208 - - [22/May/2021:09:53:54 +0800] "GET /xingrg/check_reg.html?_=1621648413467 HTTP/1.1" 200 22
116.224.253.72 - - [22/May/2021:09:53:56 +0800] "GET /xingrg/all/function/internal_message.html?_=1621648411428&CODE_STATE=getMsg HTTP/1.1" 200 27
114.86.228.175 - - [22/May/2021:09:53:57 +0800] "GET /xingrg/all/function/internal_message.html?_=1621648441588&CODE_STATE=getMsg HTTP/1.1" 200 27
180.161.111.4 - - [22/May/2021:09:54:02 +0800] "GET /xingrg/all/function/internal_message.html?_=1621648398970&CODE_STATE=getMsg HTTP/1.1" 200 27
116.224.253.72 - - [22/May/2021:09:54:03 +0800] "GET /xingrg/kc/base/wldb_order_operate.html?command=get_materiel&rest_code=00150&base_code=0010446&code=00102003231 HTTP/1.1" 200 454
117.184.7.26 - - [22/May/2021:09:54:06 +0800] "GET /xingrg/all/function/internal_message.html?_=1621648437139&CODE_STATE=getMsg HTTP/1.1" 302 -
117.184.7.26 - - [22/May/2021:09:54:06 +0800] "GET /xingrg/login.html HTTP/1.1" 200 7641
116.235.222.38 - - [22/May/2021:09:54:12 +0800] "GET /xingrg/all/function/internal_message.html?_=1621648441211&CODE_STATE=getMsg HTTP/1.1" 200 27
116.224.253.72 - - [22/May/2021:09:54:12 +0800] "GET /xingrg/kc/base/wldb_order_operate.html?command=get_materiel&rest_code=00150&base_code=0010446&code=00102002439 HTTP/1.1" 200 457
114.88.162.5 - - [22/May/2021:09:54:15 +0800] "GET /xingrg/all/function/internal_message.html?_=1621648445704&CODE_STATE=getMsg HTTP/1.1" 200 27
222.69.129.150 - - [22/May/2021:09:54:25 +0800] "GET /xingrg/all/function/internal_message.html?_=1621648462049&CODE_STATE=getMsg HTTP/1.1" 200 27
120.253.135.82 - - [22/May/2021:09:54:26 +0800] "GET /xingrg/all/function/internal_message.html?_=1621648513902&CODE_STATE=getMsg HTTP/1.1" 200 27
116.224.253.72 - - [22/May/2021:09:54:33 +0800] "GET /xingrg/kc/base/wldb_order_operate.html?command=get_materiel&rest_code=00150&base_code=0010446&code=00102001138 HTTP/1.1" 200 440
116.230.114.112 - - [22/May/2021:09:54:37 +0800] "GET /xingrg/all/function/internal_message.html?_=1621648495287&CODE_STATE=getMsg HTTP/1.1" 200 27
58.221.95.50 - - [22/May/2021:09:54:38 +0800] "GET /xingrg/check_reg.html?_=1621648475247 HTTP/1.1" 200 22
58.221.95.50 - - [22/May/2021:09:54:38 +0800] "GET /xingrg/all/function/internal_message.html?_=1621648475250&CODE_STATE=getMsg HTTP/1.1" 200 27
116.224.253.72 - - [22/May/2021:09:54:40 +0800] "GET /xingrg/kc/base/wldb_order_operate.html?command=get_materiel&rest_code=00150&base_code=0010446&code=00102002391 HTTP/1.1" 200 435
61.151.207.158 - - [22/May/2021:09:54:50 +0800] "GET /xingrg/all/function/internal_message.html?_=1621648429556&CODE_STATE=getMsg HTTP/1.1" 302 -
58.37.225.51 - - [22/May/2021:09:54:50 +0800] "GET /xingrg/all/function/internal_message.html?_=1621648489560&CODE_STATE=getMsg HTTP/1.1" 200 27
61.151.207.158 - - [22/May/2021:09:54:50 +0800] "GET /xingrg/login.html HTTP/1.1" 200 7641
116.230.110.80 - - [22/May/2021:09:54:52 +0800] "GET /xingrg/all/function/internal_message.html?_=1621648486935&CODE_STATE=getMsg HTTP/1.1" 200 27
116.224.253.72 - - [22/May/2021:09:54:54 +0800] "POST /xingrg/kc/base/wldb_order_operate.html HTTP/1.1" 200 37
61.165.42.208 - - [22/May/2021:09:54:54 +0800] "GET /xingrg/all/function/internal_message.html?_=1621648473471&CODE_STATE=getMsg HTTP/1.1" 200 27
116.224.253.72 - - [22/May/2021:09:54:55 +0800] "POST /xingrg/kc/base/wldb_order_operate.html HTTP/1.1" 200 12
116.224.253.72 - - [22/May/2021:09:54:55 +0800] "POST /xingrg/kc/base/wldb_order_operate.html HTTP/1.1" 200 3656
114.86.228.175 - - [22/May/2021:09:54:57 +0800] "GET /xingrg/all/function/internal_message.html?_=1621648501596&CODE_STATE=getMsg HTTP/1.1" 200 27
116.224.253.72 - - [22/May/2021:09:54:57 +0800] "GET /xingrg/kc/base/wldb_order_info.html?code=422021052202394 HTTP/1.1" 200 26084
116.224.253.72 - - [22/May/2021:09:54:57 +0800] "GET /xingrg/javascript/easyui/themes/default/validatebox.css HTTP/1.1" 404 1104
116.224.253.72 - - [22/May/2021:09:54:57 +0800] "POST /xingrg/kc/base/wldb_order_operate.html HTTP/1.1" 200 1918
116.224.253.72 - - [22/May/2021:09:54:58 +0800] "GET /xingrg/all/function/internal_message.html?_=1621648473003&CODE_STATE=getMsg HTTP/1.1" 200 27
116.224.253.72 - - [22/May/2021:09:55:01 +0800] "GET /xingrg/kc/base/wldb_order_add.html HTTP/1.1" 200 30201
116.224.253.72 - - [22/May/2021:09:55:02 +0800] "POST /xingrg/kc/base/wldb_order_operate.html HTTP/1.1" 200 6806
116.224.253.72 - - [22/May/2021:09:55:02 +0800] "GET /xingrg/javascript/easyui/themes/default/validatebox.css HTTP/1.1" 404 1104
180.161.111.4 - - [22/May/2021:09:55:02 +0800] "GET /xingrg/all/function/internal_message.html?_=1621648458985&CODE_STATE=getMsg HTTP/1.1" 200 27
116.224.253.72 - - [22/May/2021:09:55:03 +0800] "POST /xingrg/all/common/load_combo.html?type=base HTTP/1.1" 200 2966
117.184.7.26 - - [22/May/2021:09:55:06 +0800] "GET /xingrg/all/function/internal_message.html?_=1621648497142&CODE_STATE=getMsg HTTP/1.1" 302 -
117.184.7.26 - - [22/May/2021:09:55:06 +0800] "GET /xingrg/login.html HTTP/1.1" 200 7641
120.253.135.82 - - [22/May/2021:09:55:08 +0800] "GET /xingrg/check_reg.html?_=1621648555472 HTTP/1.1" 200 22
116.224.253.72 - - [22/May/2021:09:55:12 +0800] "GET /xingrg/kc/base/wldb_order_operate.html?command=get_materiel&rest_code=00150&base_code=0010445&code=00101019066 HTTP/1.1" 200 441
116.235.222.38 - - [22/May/2021:09:55:12 +0800] "GET /xingrg/all/function/internal_message.html?_=1621648501214&CODE_STATE=getMsg HTTP/1.1" 200 27
114.88.162.5 - - [22/May/2021:09:55:15 +0800] "GET /xingrg/check_reg.html?_=1621648505704 HTTP/1.1" 200 22
114.88.162.5 - - [22/May/2021:09:55:15 +0800] "GET /xingrg/all/function/internal_message.html?_=1621648505709&CODE_STATE=getMsg HTTP/1.1" 200 27
222.69.129.150 - - [22/May/2021:09:55:25 +0800] "GET /xingrg/all/function/internal_message.html?_=1621648522034&CODE_STATE=getMsg HTTP/1.1" 200 27
120.253.135.82 - - [22/May/2021:09:55:26 +0800] "GET /xingrg/all/function/internal_message.html?_=1621648573909&CODE_STATE=getMsg HTTP/1.1" 200 27
116.230.114.112 - - [22/May/2021:09:55:37 +0800] "GET /xingrg/all/function/internal_message.html?_=1621648555796&CODE_STATE=getMsg HTTP/1.1" 200 27
58.221.95.50 - - [22/May/2021:09:55:38 +0800] "GET /xingrg/all/function/internal_message.html?_=1621648535240&CODE_STATE=getMsg HTTP/1.1" 200 27
114.86.187.76 - - [22/May/2021:09:55:38 +0800] "GET /xingrg/check_reg.html?_=1621648537066 HTTP/1.1" 200 22
180.161.111.4 - - [22/May/2021:09:55:48 +0800] "GET /xingrg/javascript/jquery_easy_ui/themes/default/images/tabs_close.gif HTTP/1.1" 304 -
180.161.111.4 - - [22/May/2021:09:55:48 +0800] "GET /xingrg/kc/buy/cgsh_order_list.html HTTP/1.1" 200 46357
180.161.111.4 - - [22/May/2021:09:55:48 +0800] "GET /xingrg/css/base.css HTTP/1.1" 304 -
180.161.111.4 - - [22/May/2021:09:55:48 +0800] "GET /xingrg/javascript/easyui/themes/default/easyui.css HTTP/1.1" 304 -
180.161.111.4 - - [22/May/2021:09:55:48 +0800] "GET /xingrg/javascript/jquery_tools/datebox.css HTTP/1.1" 304 -
180.161.111.4 - - [22/May/2021:09:55:48 +0800] "GET /xingrg/css/site.css HTTP/1.1" 304 -
180.161.111.4 - - [22/May/2021:09:55:48 +0800] "GET /xingrg/javascript/easyui/themes/icon.css HTTP/1.1" 304 -
180.161.111.4 - - [22/May/2021:09:55:48 +0800] "GET /xingrg/javascript/auto/jquery.autocomplete.css HTTP/1.1" 304 -
180.161.111.4 - - [22/May/2021:09:55:48 +0800] "GET /xingrg/javascript/jquery_tools/fix.css HTTP/1.1" 304 -
180.161.111.4 - - [22/May/2021:09:55:48 +0800] "GET /xingrg/javascript/jquery_tools/jquery.tools.table.js HTTP/1.1" 304 -
180.161.111.4 - - [22/May/2021:09:55:48 +0800] "GET /xingrg/javascript/auto/jquery.autocomplete.js HTTP/1.1" 304 -
180.161.111.4 - - [22/May/2021:09:55:48 +0800] "GET /xingrg/javascript/jquery_tools/table.css HTTP/1.1" 304 -
180.161.111.4 - - [22/May/2021:09:55:48 +0800] "GET /xingrg/javascript/jquery_tools/jquery.tools.min.js HTTP/1.1" 304 -
180.161.111.4 - - [22/May/2021:09:55:48 +0800] "GET /xingrg/javascript/jquery_tools/list_manager.js HTTP/1.1" 304 -
180.161.111.4 - - [22/May/2021:09:55:48 +0800] "GET /xingrg/javascript/jquery.cookie.js HTTP/1.1" 304 -
180.161.111.4 - - [22/May/2021:09:55:48 +0800] "GET /xingrg/javascript/print/LodopFuncs.js HTTP/1.1" 304 -
180.161.111.4 - - [22/May/2021:09:55:48 +0800] "GET /xingrg/javascript/jquery_tools/jquery.tools.extend.js HTTP/1.1" 304 -
180.161.111.4 - - [22/May/2021:09:55:48 +0800] "GET /xingrg/javascript/jquery_tools/jquery.tools.hotkey.js HTTP/1.1" 304 -
180.161.111.4 - - [22/May/2021:09:55:48 +0800] "GET /xingrg/javascript/easyui/easyloader.js HTTP/1.1" 304 -
180.161.111.4 - - [22/May/2021:09:55:49 +0800] "GET /xingrg/javascript/easyui/themes/icons/edit_add_new.png HTTP/1.1" 304 -
180.161.111.4 - - [22/May/2021:09:55:49 +0800] "GET /xingrg/javascript/easyui/themes/icons/cance_new.png HTTP/1.1" 304 -
180.161.111.4 - - [22/May/2021:09:55:49 +0800] "GET /xingrg/javascript/easyui/themes/icons/check_new.png HTTP/1.1" 304 -
180.161.111.4 - - [22/May/2021:09:55:49 +0800] "GET /xingrg/javascript/easyui/themes/icons/field_new.png HTTP/1.1" 304 -
180.161.111.4 - - [22/May/2021:09:55:49 +0800] "GET /xingrg/javascript/easyui/themes/icons/import_new.png HTTP/1.1" 304 -
180.161.111.4 - - [22/May/2021:09:55:49 +0800] "GET /xingrg/javascript/easyui/plugins/jquery.parser.js HTTP/1.1" 304 -
180.161.111.4 - - [22/May/2021:09:55:49 +0800] "GET /xingrg/images/control/ajaxLoader.gif HTTP/1.1" 304 -
180.161.111.4 - - [22/May/2021:09:55:50 +0800] "POST /xingrg/kc/buy/cgsh_list_operate.html HTTP/1.1" 200 876
61.129.6.251 - - [22/May/2021:09:55:50 +0800] "GET /xingrg/all/function/internal_message.html?_=1621648489560&CODE_STATE=getMsg HTTP/1.1" 302 -
180.161.111.4 - - [22/May/2021:09:55:50 +0800] "GET /xingrg/javascript/easyui/themes/default/images/button_plain_hover.png HTTP/1.1" 304 -
180.161.111.4 - - [22/May/2021:09:55:50 +0800] "GET /xingrg/javascript/easyui/themes/default/images/button_plain_hover.png HTTP/1.1" 304 -
58.37.225.51 - - [22/May/2021:09:55:50 +0800] "GET /xingrg/all/function/internal_message.html?_=1621648549562&CODE_STATE=getMsg HTTP/1.1" 200 27
61.129.6.251 - - [22/May/2021:09:55:50 +0800] "GET /xingrg/login.html HTTP/1.1" 200 7641
116.230.110.80 - - [22/May/2021:09:55:52 +0800] "GET /xingrg/all/function/internal_message.html?_=1621648546920&CODE_STATE=getMsg HTTP/1.1" 200 27
116.230.110.80 - - [22/May/2021:09:55:52 +0800] "GET /xingrg/check_reg.html?_=1621648546921 HTTP/1.1" 200 22
61.165.42.208 - - [22/May/2021:09:55:54 +0800] "GET /xingrg/all/function/internal_message.html?_=1621648533475&CODE_STATE=getMsg HTTP/1.1" 200 27
116.224.253.72 - - [22/May/2021:09:55:55 +0800] "POST /xingrg/kc/base/wldb_order_operate.html HTTP/1.1" 200 37
180.161.111.4 - - [22/May/2021:09:55:56 +0800] "POST /xingrg/kc/buy/cgsh_list_operate.html HTTP/1.1" 200 5706
116.224.253.72 - - [22/May/2021:09:55:56 +0800] "GET /xingrg/check_reg.html?_=1621648530880 HTTP/1.1" 200 22
114.86.228.175 - - [22/May/2021:09:55:57 +0800] "GET /xingrg/all/function/internal_message.html?_=1621648561594&CODE_STATE=getMsg HTTP/1.1" 200 27
116.224.253.72 - - [22/May/2021:09:55:57 +0800] "POST /xingrg/kc/base/wldb_order_operate.html HTTP/1.1" 200 12
116.224.253.72 - - [22/May/2021:09:55:57 +0800] "POST /xingrg/kc/base/wldb_order_operate.html HTTP/1.1" 200 2205
116.224.253.72 - - [22/May/2021:09:55:58 +0800] "GET /xingrg/kc/base/wldb_order_info.html?code=422021052202395 HTTP/1.1" 200 26080
116.224.253.72 - - [22/May/2021:09:55:59 +0800] "GET /xingrg/javascript/easyui/themes/default/validatebox.css HTTP/1.1" 404 1104
116.224.253.72 - - [22/May/2021:09:55:59 +0800] "POST /xingrg/kc/base/wldb_order_operate.html HTTP/1.1" 200 499
116.224.253.72 - - [22/May/2021:09:55:59 +0800] "GET /xingrg/all/function/internal_message.html?_=1621648534232&CODE_STATE=getMsg HTTP/1.1" 200 27
180.161.111.4 - - [22/May/2021:09:56:01 +0800] "POST /xingrg/kc/buy/cgsh_list_operate.html HTTP/1.1" 200 5924
180.161.111.4 - - [22/May/2021:09:56:02 +0800] "GET /xingrg/all/function/internal_message.html?_=1621648518998&CODE_STATE=getMsg HTTP/1.1" 200 27
117.184.7.26 - - [22/May/2021:09:56:06 +0800] "GET /xingrg/all/function/internal_message.html?_=1621648557142&CODE_STATE=getMsg HTTP/1.1" 302 -
117.184.7.26 - - [22/May/2021:09:56:06 +0800] "GET /xingrg/check_reg.html?_=1621648557143 HTTP/1.1" 302 -
117.184.7.26 - - [22/May/2021:09:56:06 +0800] "GET /xingrg/login.html HTTP/1.1" 200 7641
117.184.7.26 - - [22/May/2021:09:56:06 +0800] "GET /xingrg/login.html HTTP/1.1" 200 7641
180.161.111.4 - - [22/May/2021:09:56:10 +0800] "POST /xingrg/kc/buy/cgsh_list_operate.html HTTP/1.1" 200 5912
116.224.253.72 - - [22/May/2021:09:56:10 +0800] "GET /xingrg/kc/base/wldb_order_add.html HTTP/1.1" 200 30201
116.224.253.72 - - [22/May/2021:09:56:11 +0800] "POST /xingrg/kc/base/wldb_order_operate.html HTTP/1.1" 200 6806
116.224.253.72 - - [22/May/2021:09:56:11 +0800] "GET /xingrg/javascript/easyui/themes/default/validatebox.css HTTP/1.1" 404 1104
116.224.253.72 - - [22/May/2021:09:56:12 +0800] "POST /xingrg/all/common/load_combo.html?type=base HTTP/1.1" 200 2966
116.235.222.38 - - [22/May/2021:09:56:12 +0800] "GET /xingrg/all/function/internal_message.html?_=1621648561215&CODE_STATE=getMsg HTTP/1.1" 200 27
180.161.111.4 - - [22/May/2021:09:56:14 +0800] "POST /xingrg/kc/buy/cgsh_list_operate.html HTTP/1.1" 200 280
116.230.114.112 - - [22/May/2021:09:56:15 +0800] "GET /xingrg/check_reg.html?_=1621648593194 HTTP/1.1" 200 22
114.88.162.5 - - [22/May/2021:09:56:15 +0800] "GET /xingrg/all/function/internal_message.html?_=1621648565695&CODE_STATE=getMsg HTTP/1.1" 200 27
180.161.111.4 - - [22/May/2021:09:56:19 +0800] "POST /xingrg/kc/buy/cgsh_list_operate.html HTTP/1.1" 200 5891
222.69.129.150 - - [22/May/2021:09:56:25 +0800] "GET /xingrg/all/function/internal_message.html?_=1621648582019&CODE_STATE=getMsg HTTP/1.1" 200 27
120.253.135.82 - - [22/May/2021:09:56:26 +0800] "GET /xingrg/all/function/internal_message.html?_=1621648633923&CODE_STATE=getMsg HTTP/1.1" 200 27
180.161.111.4 - - [22/May/2021:09:56:27 +0800] "POST /xingrg/kc/buy/cgsh_list_operate.html HTTP/1.1" 200 5888
180.161.111.4 - - [22/May/2021:09:56:31 +0800] "POST /xingrg/kc/buy/cgsh_list_operate.html HTTP/1.1" 200 201
116.224.253.72 - - [22/May/2021:09:56:32 +0800] "GET /xingrg/kc/base/wldb_order_operate.html?command=get_materiel&rest_code=00150&base_code=0010446&code=00102004035 HTTP/1.1" 200 436
116.230.114.112 - - [22/May/2021:09:56:37 +0800] "GET /xingrg/all/function/internal_message.html?_=1621648615798&CODE_STATE=getMsg HTTP/1.1" 200 27
58.221.95.50 - - [22/May/2021:09:56:38 +0800] "GET /xingrg/all/function/internal_message.html?_=1621648595242&CODE_STATE=getMsg HTTP/1.1" 200 27
180.161.111.4 - - [22/May/2021:09:56:39 +0800] "POST /xingrg/kc/buy/cgsh_list_operate.html HTTP/1.1" 200 5891
120.253.135.82 - - [22/May/2021:09:56:43 +0800] "GET /xingrg/check_reg.html?_=1621648377620 HTTP/1.1" 200 22
120.253.135.82 - - [22/May/2021:09:56:43 +0800] "GET /xingrg/all/function/internal_message.html?_=1621648377507&CODE_STATE=getMsg HTTP/1.1" 200 27
180.161.111.4 - - [22/May/2021:09:56:46 +0800] "POST /xingrg/kc/buy/cgsh_list_operate.html HTTP/1.1" 200 5926
116.224.253.72 - - [22/May/2021:09:56:48 +0800] "GET /xingrg/kc/base/wldb_order_operate.html?command=get_materiel&rest_code=00150&base_code=0010446&code=00101017003 HTTP/1.1" 200 448
58.37.225.51 - - [22/May/2021:09:56:50 +0800] "GET /xingrg/all/function/internal_message.html?_=1621648609566&CODE_STATE=getMsg HTTP/1.1" 200 27
61.129.7.243 - - [22/May/2021:09:56:50 +0800] "GET /xingrg/all/function/internal_message.html?_=1621648549562&CODE_STATE=getMsg HTTP/1.1" 302 -
116.224.253.72 - - [22/May/2021:09:56:51 +0800] "POST /xingrg/all/common/load_select.html HTTP/1.1" 200 12
180.161.111.4 - - [22/May/2021:09:56:51 +0800] "POST /xingrg/kc/buy/cgsh_list_operate.html HTTP/1.1" 200 201
61.129.7.243 - - [22/May/2021:09:56:52 +0800] "GET /xingrg/login.html HTTP/1.1" 200 7641
116.230.110.80 - - [22/May/2021:09:56:52 +0800] "GET /xingrg/all/function/internal_message.html?_=1621648606932&CODE_STATE=getMsg HTTP/1.1" 200 27
120.253.135.82 - - [22/May/2021:09:56:53 +0800] "GET /xingrg/kc/pszx/mdqp_order_list.html?state=10 HTTP/1.1" 200 10213
120.253.135.82 - - [22/May/2021:09:56:53 +0800] "GET /xingrg/css/blue.css HTTP/1.1" 304 -
120.253.135.82 - - [22/May/2021:09:56:53 +0800] "GET /xingrg/dwr/util.js HTTP/1.1" 304 -
120.253.135.82 - - [22/May/2021:09:56:53 +0800] "GET /xingrg/javascript/Calendar.js HTTP/1.1" 304 -
120.253.135.82 - - [22/May/2021:09:56:53 +0800] "GET /xingrg/dwr/interface/AjaxReportQueryService.js HTTP/1.1" 200 13203
120.253.135.82 - - [22/May/2021:09:56:53 +0800] "GET /xingrg/dwr/interface/AjaxQqpsService.js HTTP/1.1" 200 16326
120.253.135.82 - - [22/May/2021:09:56:53 +0800] "GET /xingrg/dwr/engine.js HTTP/1.1" 200 43631
120.253.135.82 - - [22/May/2021:09:56:53 +0800] "GET /xingrg/javascript/jquery_easy_ui/themes/icons/check_new.png HTTP/1.1" 304 -
120.253.135.82 - - [22/May/2021:09:56:53 +0800] "GET /xingrg/javascript/jquery_easy_ui/themes/icons/uncheck_new.png HTTP/1.1" 304 -
120.253.135.82 - - [22/May/2021:09:56:53 +0800] "GET /xingrg/javascript/jquery_easy_ui/themes/icons/back_new.png HTTP/1.1" 304 -
61.165.42.208 - - [22/May/2021:09:56:54 +0800] "GET /xingrg/all/function/internal_message.html?_=1621648593490&CODE_STATE=getMsg HTTP/1.1" 200 27
120.253.135.82 - - [22/May/2021:09:56:55 +0800] "GET /xingrg/kc/report/report_main.html HTTP/1.1" 200 9370
120.253.135.82 - - [22/May/2021:09:56:55 +0800] "GET /xingrg/javascript/jquery_ui/themes/humanity/humanity.css HTTP/1.1" 200 27801
120.253.135.82 - - [22/May/2021:09:56:56 +0800] "GET /xingrg/kc/base/kc_stocks.html HTTP/1.1" 200 16431
120.253.135.82 - - [22/May/2021:09:56:56 +0800] "GET /xingrg/javascript/easyui/themes/sunny/easyui.css HTTP/1.1" 200 34304
120.253.135.82 - - [22/May/2021:09:56:56 +0800] "GET /xingrg/javascript/easyui/themes/icons/print_new.png HTTP/1.1" 200 3580
120.253.135.82 - - [22/May/2021:09:56:56 +0800] "GET /xingrg/javascript/easyui/themes/icons/refresh_new.png HTTP/1.1" 200 685
120.253.135.82 - - [22/May/2021:09:56:56 +0800] "GET /xingrg/javascript/easyui/themes/icons/filter_new.png HTTP/1.1" 200 795
120.253.135.82 - - [22/May/2021:09:56:56 +0800] "GET /xingrg/javascript/easyui/plugins/jquery.draggable.js HTTP/1.1" 200 6121
120.253.135.82 - - [22/May/2021:09:56:56 +0800] "GET /xingrg/javascript/easyui/plugins/jquery.droppable.js HTTP/1.1" 200 1167
120.253.135.82 - - [22/May/2021:09:56:56 +0800] "GET /xingrg/javascript/easyui/themes/default/tree.css HTTP/1.1" 404 1090
120.253.135.82 - - [22/May/2021:09:56:56 +0800] "GET /xingrg/javascript/easyui/plugins/jquery.tree.js HTTP/1.1" 200 20874
120.253.135.82 - - [22/May/2021:09:56:56 +0800] "POST /xingrg/all/common/load_tree.html?tree=materiel_sort_tree_json HTTP/1.1" 200 8666
114.86.228.175 - - [22/May/2021:09:56:57 +0800] "GET /xingrg/all/function/internal_message.html?_=1621648621599&CODE_STATE=getMsg HTTP/1.1" 200 27
114.86.228.175 - - [22/May/2021:09:56:57 +0800] "GET /xingrg/check_reg.html?_=1621648621601 HTTP/1.1" 200 22
120.253.135.82 - - [22/May/2021:09:56:57 +0800] "GET /xingrg/javascript/easyui/themes/sunny/images/tree_arrows.gif HTTP/1.1" 200 617
120.253.135.82 - - [22/May/2021:09:56:57 +0800] "GET /xingrg/javascript/easyui/themes/sunny/images/tree_folder_open.gif HTTP/1.1" 200 956
120.253.135.82 - - [22/May/2021:09:56:57 +0800] "GET /xingrg/javascript/easyui/themes/sunny/images/tree_file.gif HTTP/1.1" 200 118
120.253.135.82 - - [22/May/2021:09:56:57 +0800] "GET /xingrg/javascript/easyui/themes/sunny/images/tree_folder.gif HTTP/1.1" 200 952
116.224.253.72 - - [22/May/2021:09:56:59 +0800] "GET /xingrg/all/function/internal_message.html?_=1621648594262&CODE_STATE=getMsg HTTP/1.1" 200 27
120.253.135.82 - - [22/May/2021:09:57:01 +0800] "GET /xingrg/javascript/easyui/themes/sunny/images/ui-bg_gloss-wave_60_fece2f_500x100.png HTTP/1.1" 200 3512
120.253.135.82 - - [22/May/2021:09:57:02 +0800] "GET /xingrg/css/images/panel_loading.gif HTTP/1.1" 200 1737
120.253.135.82 - - [22/May/2021:09:57:02 +0800] "POST /xingrg/all/common/load_combo.html?type=base HTTP/1.1" 200 1075
180.161.111.4 - - [22/May/2021:09:57:02 +0800] "GET /xingrg/all/function/internal_message.html?_=1621648579020&CODE_STATE=getMsg HTTP/1.1" 200 27
117.184.7.26 - - [22/May/2021:09:57:06 +0800] "GET /xingrg/all/function/internal_message.html?_=1621648617143&CODE_STATE=getMsg HTTP/1.1" 302 -
117.184.7.26 - - [22/May/2021:09:57:06 +0800] "GET /xingrg/login.html HTTP/1.1" 200 7641
116.235.222.38 - - [22/May/2021:09:57:12 +0800] "GET /xingrg/all/function/internal_message.html?_=1621648621214&CODE_STATE=getMsg HTTP/1.1" 200 27
116.224.253.72 - - [22/May/2021:09:57:15 +0800] "GET /xingrg/kc/base/wldb_order_operate.html?command=get_materiel_price&rest_code=00150&base_code=0010446&code=00101017003&unit_code=00100004 HTTP/1.1" 200 37
114.88.162.5 - - [22/May/2021:09:57:15 +0800] "GET /xingrg/all/function/internal_message.html?_=1621648625696&CODE_STATE=getMsg HTTP/1.1" 200 27
120.253.135.82 - - [22/May/2021:09:57:18 +0800] "POST /xingrg/kc/base/stock_operate.html HTTP/1.1" 200 1719
120.253.135.82 - - [22/May/2021:09:57:18 +0800] "GET /xingrg/javascript/jquery_tools/fix_table.js HTTP/1.1" 200 6528
116.224.253.72 - - [22/May/2021:09:57:22 +0800] "POST /xingrg/kc/base/wldb_order_operate.html HTTP/1.1" 200 37
116.224.253.72 - - [22/May/2021:09:57:22 +0800] "POST /xingrg/kc/base/wldb_order_operate.html HTTP/1.1" 200 2677
116.224.253.72 - - [22/May/2021:09:57:23 +0800] "GET /xingrg/kc/base/wldb_order_info.html?code=422021052202396 HTTP/1.1" 200 30215
120.253.135.82 - - [22/May/2021:09:57:23 +0800] "GET /xingrg/javascript/easyui/themes/sunny/images/ui-bg_gloss-wave_70_ffdd57_500x100.png HTTP/1.1" 200 3830
120.253.135.82 - - [22/May/2021:09:57:23 +0800] "GET /xingrg/javascript/easyui/themes/sunny/images/ui-bg_gloss-wave_70_ffdd57_500x100.png HTTP/1.1" 200 3830
120.253.135.82 - - [22/May/2021:09:57:23 +0800] "GET /xingrg/javascript/easyui/themes/sunny/images/ui-bg_gloss-wave_70_ffdd57_500x100.png HTTP/1.1" 200 3830
120.253.135.82 - - [22/May/2021:09:57:23 +0800] "GET /xingrg/javascript/jquery_easy_ui/themes/default/images/tabs_active.png HTTP/1.1" 200 2894
120.253.135.82 - - [22/May/2021:09:57:23 +0800] "GET /xingrg/javascript/jquery_easy_ui/themes/default/images/tabs_active.png HTTP/1.1" 200 2894
116.224.253.72 - - [22/May/2021:09:57:23 +0800] "GET /xingrg/javascript/easyui/themes/default/validatebox.css HTTP/1.1" 404 1104
116.224.253.72 - - [22/May/2021:09:57:24 +0800] "POST /xingrg/kc/base/wldb_order_operate.html HTTP/1.1" 200 2677
222.69.129.150 - - [22/May/2021:09:57:25 +0800] "GET /xingrg/all/function/internal_message.html?_=1621648642012&CODE_STATE=getMsg HTTP/1.1" 200 27
180.161.111.4 - - [22/May/2021:09:57:26 +0800] "POST /xingrg/kc/buy/cgsh_list_operate.html HTTP/1.1" 200 5869
120.253.135.82 - - [22/May/2021:09:57:26 +0800] "GET /xingrg/all/function/internal_message.html?_=1621648693944&CODE_STATE=getMsg HTTP/1.1" 200 27
120.253.135.82 - - [22/May/2021:09:57:28 +0800] "GET /xingrg/kc/buy/cgsh_order_list.html HTTP/1.1" 200 46357
120.253.135.82 - - [22/May/2021:09:57:29 +0800] "POST /xingrg/kc/buy/cgsh_list_operate.html HTTP/1.1" 200 876
120.253.135.82 - - [22/May/2021:09:57:30 +0800] "GET /xingrg/kc/buy/cgsh_order_add.html HTTP/1.1" 200 61155
120.253.135.82 - - [22/May/2021:09:57:30 +0800] "GET /xingrg/javascript/easyui/themes/icons/template_new.png HTTP/1.1" 200 3956
120.253.135.82 - - [22/May/2021:09:57:30 +0800] "GET /xingrg/all/common/auto_word.html?type=employee&rest_code=00101 HTTP/1.1" 200 1077
120.253.135.82 - - [22/May/2021:09:57:30 +0800] "GET /xingrg/all/common/auto_word.html?type=employee&rest_code=00101 HTTP/1.1" 200 1077
120.253.135.82 - - [22/May/2021:09:57:30 +0800] "GET /xingrg/javascript/easyui/themes/default/validatebox.css HTTP/1.1" 404 1104
120.253.135.82 - - [22/May/2021:09:57:30 +0800] "POST /xingrg/kc/buy/cgsh_order_operate.html HTTP/1.1" 200 8245
180.161.111.4 - - [22/May/2021:09:57:33 +0800] "POST /xingrg/kc/buy/cgsh_list_operate.html HTTP/1.1" 200 5910
116.230.114.112 - - [22/May/2021:09:57:37 +0800] "GET /xingrg/all/function/internal_message.html?_=1621648675812&CODE_STATE=getMsg HTTP/1.1" 200 27
180.161.111.4 - - [22/May/2021:09:57:38 +0800] "POST /xingrg/kc/buy/cgsh_list_operate.html HTTP/1.1" 200 214
58.221.95.50 - - [22/May/2021:09:57:38 +0800] "GET /xingrg/all/function/internal_message.html?_=1621648655243&CODE_STATE=getMsg HTTP/1.1" 200 27
120.253.135.82 - - [22/May/2021:09:57:39 +0800] "GET /xingrg/all/function/internal_message.html?_=1621648437571&CODE_STATE=getMsg HTTP/1.1" 200 27
120.253.135.82 - - [22/May/2021:09:57:41 +0800] "POST /xingrg/all/common/load_combo.html?type=employee HTTP/1.1" 200 1928
180.161.111.4 - - [22/May/2021:09:57:42 +0800] "POST /xingrg/kc/buy/cgsh_list_operate.html HTTP/1.1" 200 5912
120.253.135.82 - - [22/May/2021:09:57:50 +0800] "GET /xingrg/kc/buy/cgsh_order_operate.html?command=get_materiel&rest_code=00101&code=00101036003&supplier_code=00100373&order_time=2021-05-22 HTTP/1.1" 200 439
58.37.225.51 - - [22/May/2021:09:57:50 +0800] "GET /xingrg/all/function/internal_message.html?_=1621648669568&CODE_STATE=getMsg HTTP/1.1" 200 27
116.230.110.80 - - [22/May/2021:09:57:52 +0800] "GET /xingrg/all/function/internal_message.html?_=1621648666930&CODE_STATE=getMsg HTTP/1.1" 200 27
