114.88.162.5 - - [22/May/2021:09:13:00 +0800] "GET /xingrg/kc/buy/cgsh_order_operate.html?command=get_materiel&rest_code=00111&code=00101007061&supplier_code=00100004&order_time=2021-05-22 HTTP/1.1" 200 409
180.169.147.146 - - [22/May/2021:09:13:01 +0800] "GET /xingrg/check_reg.html?_=1621645978111 HTTP/1.1" 302 -
180.169.147.146 - - [22/May/2021:09:13:01 +0800] "GET /xingrg/login.html HTTP/1.1" 200 7641
116.224.253.72 - - [22/May/2021:09:13:02 +0800] "GET /xingrg/all/function/internal_message.html?_=1621645956971&CODE_STATE=getMsg HTTP/1.1" 200 27
117.184.7.26 - - [22/May/2021:09:13:05 +0800] "GET /xingrg/all/function/internal_message.html?_=1621645977096&CODE_STATE=getMsg HTTP/1.1" 302 -
117.184.7.26 - - [22/May/2021:09:13:05 +0800] "GET /xingrg/login.html HTTP/1.1" 200 7641
116.224.253.72 - - [22/May/2021:09:13:20 +0800] "GET /xingrg/kc/buy/cgsh_order_operate.html?command=get_materiel&rest_code=00151&code=00101020002&supplier_code=00100096&order_time=2021-05-22 HTTP/1.1" 200 412
222.69.129.150 - - [22/May/2021:09:13:22 +0800] "GET /xingrg/all/function/internal_message.html?_=1621645998809&CODE_STATE=getMsg HTTP/1.1" 200 27
222.69.129.150 - - [22/May/2021:09:13:22 +0800] "GET /xingrg/check_reg.html?_=1621645998902 HTTP/1.1" 200 22
120.253.135.82 - - [22/May/2021:09:13:26 +0800] "GET /xingrg/all/function/internal_message.html?_=1621646053245&CODE_STATE=getMsg HTTP/1.1" 200 27
114.88.162.5 - - [22/May/2021:09:13:27 +0800] "GET /xingrg/all/function/internal_message.html?_=1621645997518&CODE_STATE=getMsg HTTP/1.1" 200 27
116.230.114.112 - - [22/May/2021:09:13:31 +0800] "GET /xingrg/all/function/internal_message.html?_=1621646029255&CODE_STATE=getMsg HTTP/1.1" 200 27
116.224.253.72 - - [22/May/2021:09:13:34 +0800] "GET /xingrg/kc/buy/cgsh_order_operate.html?command=get_materiel&rest_code=00151&code=00101012059&supplier_code=00100096&order_time=2021-05-22 HTTP/1.1" 200 412
114.86.187.76 - - [22/May/2021:09:13:38 +0800] "GET /xingrg/all/function/internal_message.html?_=1621646016880&CODE_STATE=getMsg HTTP/1.1" 200 27
116.224.253.72 - - [22/May/2021:09:13:40 +0800] "GET /xingrg/kc/buy/cgsh_order_operate.html?command=get_materiel&rest_code=00151&code=00101001010&supplier_code=00100096&order_time=2021-05-22 HTTP/1.1" 200 409
116.224.253.72 - - [22/May/2021:09:13:49 +0800] "GET /xingrg/kc/buy/cgsh_order_operate.html?command=get_materiel&rest_code=00151&code=00101001075&supplier_code=00100096&order_time=2021-05-22 HTTP/1.1" 200 409
114.88.162.5 - - [22/May/2021:09:13:49 +0800] "GET /xingrg/kc/buy/cgsh_order_operate.html?command=get_materiel&rest_code=00111&code=00101007077&supplier_code=00100004&order_time=2021-05-22 HTTP/1.1" 200 415
58.37.225.51 - - [22/May/2021:09:13:50 +0800] "GET /xingrg/all/function/internal_message.html?_=1621646029434&CODE_STATE=getMsg HTTP/1.1" 200 27
58.37.225.51 - - [22/May/2021:09:13:50 +0800] "GET /xingrg/check_reg.html?_=1621646029435 HTTP/1.1" 200 22
116.230.110.80 - - [22/May/2021:09:13:52 +0800] "GET /xingrg/all/function/internal_message.html?_=1621646026926&CODE_STATE=getMsg HTTP/1.1" 200 27
61.165.42.208 - - [22/May/2021:09:13:54 +0800] "GET /xingrg/check_reg.html?_=1621646013463 HTTP/1.1" 200 22
61.165.42.208 - - [22/May/2021:09:13:54 +0800] "GET /xingrg/all/function/internal_message.html?_=1621646013466&CODE_STATE=getMsg HTTP/1.1" 200 27
114.86.228.175 - - [22/May/2021:09:13:57 +0800] "GET /xingrg/all/function/internal_message.html?_=1621646041498&CODE_STATE=getMsg HTTP/1.1" 200 27
116.224.253.72 - - [22/May/2021:09:13:59 +0800] "GET /xingrg/check_reg.html?_=1621646036947 HTTP/1.1" 200 22
116.224.253.72 - - [22/May/2021:09:13:59 +0800] "GET /xingrg/all/function/internal_message.html?_=1621646036946&CODE_STATE=getMsg HTTP/1.1" 200 27
114.88.162.5 - - [22/May/2021:09:14:00 +0800] "GET /xingrg/kc/buy/cgsh_order_operate.html?command=get_materiel&rest_code=00111&code=00101007085&supplier_code=00100004&order_time=2021-05-22 HTTP/1.1" 200 413
116.224.253.72 - - [22/May/2021:09:14:02 +0800] "GET /xingrg/all/function/internal_message.html?_=1621646016985&CODE_STATE=getMsg HTTP/1.1" 200 27
117.184.7.26 - - [22/May/2021:09:14:05 +0800] "GET /xingrg/all/function/internal_message.html?_=1621646037098&CODE_STATE=getMsg HTTP/1.1" 302 -
117.184.7.26 - - [22/May/2021:09:14:05 +0800] "GET /xingrg/login.html HTTP/1.1" 200 7641
116.224.253.72 - - [22/May/2021:09:14:06 +0800] "GET /xingrg/kc/buy/cgsh_order_operate.html?command=get_materiel&rest_code=00151&code=00101006168&supplier_code=00100096&order_time=2021-05-22 HTTP/1.1" 200 421
114.88.162.5 - - [22/May/2021:09:14:16 +0800] "POST /xingrg/kc/buy/cgsh_order_operate.html HTTP/1.1" 200 37
58.37.225.51 - - [22/May/2021:09:14:17 +0800] "GET /xingrg/check_reg.html?_=1621646001529 HTTP/1.1" 302 -
58.37.225.51 - - [22/May/2021:09:14:17 +0800] "GET /xingrg/login.html HTTP/1.1" 200 7641
114.88.162.5 - - [22/May/2021:09:14:17 +0800] "POST /xingrg/kc/buy/cgsh_order_operate.html HTTP/1.1" 200 3842
116.224.253.72 - - [22/May/2021:09:14:19 +0800] "GET /xingrg/kc/buy/cgsh_order_operate.html?command=get_materiel&rest_code=00151&code=00101006055&supplier_code=00100096&order_time=2021-05-22 HTTP/1.1" 200 411
114.88.162.5 - - [22/May/2021:09:14:20 +0800] "GET /xingrg/kc/print/load_data.html?order_code=212021052209802&kc_code=cgsh&condition= HTTP/1.1" 200 1179
222.69.129.150 - - [22/May/2021:09:14:22 +0800] "GET /xingrg/all/function/internal_message.html?_=1621646058785&CODE_STATE=getMsg HTTP/1.1" 200 27
120.253.135.82 - - [22/May/2021:09:14:26 +0800] "GET /xingrg/all/function/internal_message.html?_=1621646113266&CODE_STATE=getMsg HTTP/1.1" 200 27
114.88.162.5 - - [22/May/2021:09:14:27 +0800] "GET /xingrg/all/function/internal_message.html?_=1621646057524&CODE_STATE=getMsg HTTP/1.1" 200 27
116.224.253.72 - - [22/May/2021:09:14:30 +0800] "GET /xingrg/kc/buy/cgsh_order_operate.html?command=get_materiel&rest_code=00151&code=00101006013&supplier_code=00100096&order_time=2021-05-22 HTTP/1.1" 200 411
116.230.114.112 - - [22/May/2021:09:14:31 +0800] "GET /xingrg/all/function/internal_message.html?_=1621646089269&CODE_STATE=getMsg HTTP/1.1" 200 27
58.221.95.50 - - [22/May/2021:09:14:31 +0800] "GET /favicon.ico HTTP/1.1" 404 -
58.221.95.50 - - [22/May/2021:09:14:36 +0800] "GET /xingrg/index.html?sysBaseUrl=http%3A%2F%2F180.169.147.146%3A18081%2Fxingrg%2F&costTime=43×tamp=1605075543692 HTTP/1.1" 302 -
58.221.95.50 - - [22/May/2021:09:14:36 +0800] "GET /xingrg/login.html HTTP/1.1" 200 7641
58.221.95.50 - - [22/May/2021:09:14:36 +0800] "GET /favicon.ico HTTP/1.1" 404 -
58.221.95.50 - - [22/May/2021:09:14:38 +0800] "POST /xingrg/login.do HTTP/1.1" 302 -
58.221.95.50 - - [22/May/2021:09:14:38 +0800] "GET /xingrg/index.html?sysBaseUrl=http%3A%2F%2F180.169.147.146%3A18081%2Fxingrg%2F&costTime=43×tamp=1621646078054 HTTP/1.1" 200 17417
58.221.95.50 - - [22/May/2021:09:14:38 +0800] "GET /favicon.ico HTTP/1.1" 404 -
58.221.95.50 - - [22/May/2021:09:14:38 +0800] "POST /xingrg/all/common/load_tree.html?tree=area_rest_tree_json&manage=1 HTTP/1.1" 200 3466
58.221.95.50 - - [22/May/2021:09:14:38 +0800] "GET /xingrg/check_reg.html?_=1621646075090 HTTP/1.1" 200 22
58.221.95.50 - - [22/May/2021:09:14:38 +0800] "GET /xingrg/all/function/internal_message.html?_=1621646075090&CODE_STATE=count HTTP/1.1" 200 11
58.221.95.50 - - [22/May/2021:09:14:38 +0800] "POST /xingrg/load_menu.html HTTP/1.1" 200 9959
114.86.187.76 - - [22/May/2021:09:14:38 +0800] "GET /xingrg/all/function/internal_message.html?_=1621646076902&CODE_STATE=getMsg HTTP/1.1" 200 27
116.224.253.72 - - [22/May/2021:09:14:40 +0800] "GET /xingrg/kc/buy/cgsh_order_operate.html?command=get_materiel&rest_code=00151&code=00101006084&supplier_code=00100096&order_time=2021-05-22 HTTP/1.1" 200 415
58.221.95.50 - - [22/May/2021:09:14:42 +0800] "GET /xingrg/kc/buy/cgsh_order_list.html HTTP/1.1" 200 46361
58.221.95.50 - - [22/May/2021:09:14:44 +0800] "POST /xingrg/kc/buy/cgsh_list_operate.html HTTP/1.1" 200 1675
58.221.95.50 - - [22/May/2021:09:14:48 +0800] "POST /xingrg/kc/buy/cgsh_list_operate.html HTTP/1.1" 200 5684
101.89.239.232 - - [22/May/2021:09:14:50 +0800] "GET /xingrg/all/function/internal_message.html?_=1621646029434&CODE_STATE=getMsg HTTP/1.1" 302 -
61.151.178.163 - - [22/May/2021:09:14:50 +0800] "GET /xingrg/check_reg.html?_=1621646029435 HTTP/1.1" 302 -
58.37.225.51 - - [22/May/2021:09:14:50 +0800] "GET /xingrg/all/function/internal_message.html?_=1621646089438&CODE_STATE=getMsg HTTP/1.1" 200 27
101.89.239.232 - - [22/May/2021:09:14:50 +0800] "GET /xingrg/login.html HTTP/1.1" 200 7641
61.151.178.163 - - [22/May/2021:09:14:50 +0800] "GET /xingrg/login.html HTTP/1.1" 200 7641
116.230.110.80 - - [22/May/2021:09:14:52 +0800] "GET /xingrg/all/function/internal_message.html?_=1621646086935&CODE_STATE=getMsg HTTP/1.1" 200 27
58.221.95.50 - - [22/May/2021:09:14:54 +0800] "POST /xingrg/kc/buy/cgsh_list_operate.html HTTP/1.1" 200 5907
61.165.42.208 - - [22/May/2021:09:14:54 +0800] "GET /xingrg/all/function/internal_message.html?_=1621646073451&CODE_STATE=getMsg HTTP/1.1" 200 27
58.221.95.50 - - [22/May/2021:09:14:56 +0800] "POST /xingrg/kc/buy/cgsh_list_operate.html HTTP/1.1" 200 216
114.86.228.175 - - [22/May/2021:09:14:57 +0800] "GET /xingrg/all/function/internal_message.html?_=1621646101492&CODE_STATE=getMsg HTTP/1.1" 200 27
116.224.253.72 - - [22/May/2021:09:14:59 +0800] "GET /xingrg/all/function/internal_message.html?_=1621646096932&CODE_STATE=getMsg HTTP/1.1" 200 27
58.221.95.50 - - [22/May/2021:09:15:00 +0800] "POST /xingrg/kc/buy/cgsh_list_operate.html HTTP/1.1" 200 282
116.224.253.72 - - [22/May/2021:09:15:02 +0800] "GET /xingrg/all/function/internal_message.html?_=1621646076998&CODE_STATE=getMsg HTTP/1.1" 200 27
117.184.7.26 - - [22/May/2021:09:15:05 +0800] "GET /xingrg/all/function/internal_message.html?_=1621646097097&CODE_STATE=getMsg HTTP/1.1" 302 -
117.184.7.26 - - [22/May/2021:09:15:05 +0800] "GET /xingrg/login.html HTTP/1.1" 200 7641
58.221.95.50 - - [22/May/2021:09:15:06 +0800] "POST /xingrg/kc/buy/cgsh_list_operate.html HTTP/1.1" 200 210
58.221.95.50 - - [22/May/2021:09:15:08 +0800] "POST /xingrg/kc/buy/cgsh_list_operate.html HTTP/1.1" 200 201
120.253.135.82 - - [22/May/2021:09:15:08 +0800] "GET /xingrg/check_reg.html?_=1621646155427 HTTP/1.1" 200 22
58.221.95.50 - - [22/May/2021:09:15:12 +0800] "POST /xingrg/kc/buy/cgsh_list_operate.html HTTP/1.1" 200 5942
58.221.95.50 - - [22/May/2021:09:15:16 +0800] "POST /xingrg/kc/buy/cgsh_list_operate.html HTTP/1.1" 200 5841
58.221.95.50 - - [22/May/2021:09:15:20 +0800] "POST /xingrg/kc/buy/cgsh_list_operate.html HTTP/1.1" 200 300
120.253.135.82 - - [22/May/2021:09:15:21 +0800] "GET /xingrg/check_reg.html?_=1621645889555 HTTP/1.1" 200 22
120.253.135.82 - - [22/May/2021:09:15:21 +0800] "GET /xingrg/all/function/internal_message.html?_=1621645889502&CODE_STATE=getMsg HTTP/1.1" 200 27
222.69.129.150 - - [22/May/2021:09:15:22 +0800] "GET /xingrg/all/function/internal_message.html?_=1621646118759&CODE_STATE=getMsg HTTP/1.1" 200 27
58.221.95.50 - - [22/May/2021:09:15:22 +0800] "POST /xingrg/kc/buy/cgsh_list_operate.html HTTP/1.1" 200 216
58.221.95.50 - - [22/May/2021:09:15:25 +0800] "POST /xingrg/kc/buy/cgsh_list_operate.html HTTP/1.1" 200 583
120.253.135.82 - - [22/May/2021:09:15:26 +0800] "GET /xingrg/all/function/internal_message.html?_=1621646173272&CODE_STATE=getMsg HTTP/1.1" 200 27
114.88.162.5 - - [22/May/2021:09:15:27 +0800] "GET /xingrg/all/function/internal_message.html?_=1621646117521&CODE_STATE=getMsg HTTP/1.1" 200 27
58.221.95.50 - - [22/May/2021:09:15:27 +0800] "POST /xingrg/kc/buy/cgsh_list_operate.html HTTP/1.1" 200 304
116.224.253.72 - - [22/May/2021:09:15:30 +0800] "POST /xingrg/kc/buy/cgsh_order_operate.html HTTP/1.1" 200 37
116.230.114.112 - - [22/May/2021:09:15:31 +0800] "GET /xingrg/all/function/internal_message.html?_=1621646149710&CODE_STATE=getMsg HTTP/1.1" 200 27
116.224.253.72 - - [22/May/2021:09:15:32 +0800] "POST /xingrg/kc/buy/cgsh_order_operate.html HTTP/1.1" 200 12
58.221.95.50 - - [22/May/2021:09:15:34 +0800] "POST /xingrg/kc/buy/cgsh_list_operate.html HTTP/1.1" 200 5930
116.224.253.72 - - [22/May/2021:09:15:34 +0800] "GET /xingrg/kc/buy/cgsh_order_info.html?code=212021052209803 HTTP/1.1" 200 56645
116.224.253.72 - - [22/May/2021:09:15:35 +0800] "GET /xingrg/javascript/easyui/themes/default/validatebox.css HTTP/1.1" 404 1104
116.224.253.72 - - [22/May/2021:09:15:35 +0800] "POST /xingrg/kc/buy/cgsh_order_operate.html HTTP/1.1" 200 5417
58.221.95.50 - - [22/May/2021:09:15:37 +0800] "POST /xingrg/kc/buy/cgsh_list_operate.html HTTP/1.1" 200 209
116.224.253.72 - - [22/May/2021:09:15:38 +0800] "GET /xingrg/kc/print/load_data.html?order_code=212021052209803&kc_code=cgsh&condition= HTTP/1.1" 200 2580
58.221.95.50 - - [22/May/2021:09:15:38 +0800] "GET /xingrg/all/function/internal_message.html?_=1621646135093&CODE_STATE=getMsg HTTP/1.1" 200 27
114.86.187.76 - - [22/May/2021:09:15:38 +0800] "GET /xingrg/all/function/internal_message.html?_=1621646136904&CODE_STATE=getMsg HTTP/1.1" 200 27
114.86.187.76 - - [22/May/2021:09:15:38 +0800] "GET /xingrg/check_reg.html?_=1621646136906 HTTP/1.1" 200 22
58.221.95.50 - - [22/May/2021:09:15:39 +0800] "POST /xingrg/kc/buy/cgsh_list_operate.html HTTP/1.1" 200 295
58.221.95.50 - - [22/May/2021:09:15:41 +0800] "POST /xingrg/kc/buy/cgsh_list_operate.html HTTP/1.1" 200 630
58.221.95.50 - - [22/May/2021:09:15:44 +0800] "POST /xingrg/kc/buy/cgsh_list_operate.html HTTP/1.1" 200 595
58.221.95.50 - - [22/May/2021:09:15:46 +0800] "POST /xingrg/kc/buy/cgsh_list_operate.html HTTP/1.1" 200 276
58.221.95.50 - - [22/May/2021:09:15:48 +0800] "POST /xingrg/kc/buy/cgsh_list_operate.html HTTP/1.1" 200 282
120.253.135.82 - - [22/May/2021:09:15:49 +0800] "GET /xingrg/kc/pszx/mdqp_order_list.html?state=10 HTTP/1.1" 200 10213
120.253.135.82 - - [22/May/2021:09:15:50 +0800] "GET /xingrg/dwr/interface/AjaxReportQueryService.js HTTP/1.1" 200 13203
120.253.135.82 - - [22/May/2021:09:15:50 +0800] "GET /xingrg/dwr/interface/AjaxQqpsService.js HTTP/1.1" 200 16326
58.37.225.51 - - [22/May/2021:09:15:50 +0800] "GET /xingrg/all/function/internal_message.html?_=1621646149441&CODE_STATE=getMsg HTTP/1.1" 200 27
58.221.95.50 - - [22/May/2021:09:15:50 +0800] "POST /xingrg/kc/buy/cgsh_list_operate.html HTTP/1.1" 200 279
120.253.135.82 - - [22/May/2021:09:15:51 +0800] "GET /xingrg/dwr/engine.js HTTP/1.1" 200 43631
120.253.135.82 - - [22/May/2021:09:15:51 +0800] "GET /xingrg/javascript/jquery_easy_ui/themes/icons/check_new.png HTTP/1.1" 200 3224
120.253.135.82 - - [22/May/2021:09:15:51 +0800] "GET /xingrg/javascript/jquery_easy_ui/themes/icons/uncheck_new.png HTTP/1.1" 200 3197
120.253.135.82 - - [22/May/2021:09:15:51 +0800] "GET /xingrg/javascript/jquery_easy_ui/themes/icons/back_new.png HTTP/1.1" 200 3414
116.230.110.80 - - [22/May/2021:09:15:52 +0800] "GET /xingrg/all/function/internal_message.html?_=1621646146931&CODE_STATE=getMsg HTTP/1.1" 200 27
116.230.110.80 - - [22/May/2021:09:15:52 +0800] "GET /xingrg/check_reg.html?_=1621646146932 HTTP/1.1" 200 22
58.221.95.50 - - [22/May/2021:09:15:53 +0800] "POST /xingrg/kc/buy/cgsh_list_operate.html HTTP/1.1" 200 201
120.253.135.82 - - [22/May/2021:09:15:53 +0800] "GET /xingrg/kc/pszx/mdps_order_list.html?orderType=0 HTTP/1.1" 200 20838
120.253.135.82 - - [22/May/2021:09:15:53 +0800] "POST /xingrg/kc/pszx/mdps_list_operate.html HTTP/1.1" 200 5572
61.165.42.208 - - [22/May/2021:09:15:54 +0800] "GET /xingrg/all/function/internal_message.html?_=1621646133452&CODE_STATE=getMsg HTTP/1.1" 200 27
58.221.95.50 - - [22/May/2021:09:15:55 +0800] "POST /xingrg/kc/buy/cgsh_list_operate.html HTTP/1.1" 200 198
114.86.228.175 - - [22/May/2021:09:15:57 +0800] "GET /xingrg/all/function/internal_message.html?_=1621646161496&CODE_STATE=getMsg HTTP/1.1" 200 27
58.221.95.50 - - [22/May/2021:09:15:57 +0800] "POST /xingrg/kc/buy/cgsh_list_operate.html HTTP/1.1" 200 354
116.224.253.72 - - [22/May/2021:09:15:59 +0800] "GET /xingrg/all/function/internal_message.html?_=1621646156961&CODE_STATE=getMsg HTTP/1.1" 200 27
58.221.95.50 - - [22/May/2021:09:16:02 +0800] "POST /xingrg/kc/buy/cgsh_list_operate.html HTTP/1.1" 200 5841
116.224.253.72 - - [22/May/2021:09:16:02 +0800] "GET /xingrg/all/function/internal_message.html?_=1621646137011&CODE_STATE=getMsg HTTP/1.1" 200 27
120.253.135.82 - - [22/May/2021:09:16:02 +0800] "POST /xingrg/kc/pszx/mdps_list_operate.html HTTP/1.1" 200 5142
58.221.95.50 - - [22/May/2021:09:16:04 +0800] "POST /xingrg/kc/buy/cgsh_list_operate.html HTTP/1.1" 200 5883
117.184.7.26 - - [22/May/2021:09:16:05 +0800] "GET /xingrg/all/function/internal_message.html?_=1621646157101&CODE_STATE=getMsg HTTP/1.1" 302 -
117.184.7.26 - - [22/May/2021:09:16:05 +0800] "GET /xingrg/check_reg.html?_=1621646157101 HTTP/1.1" 302 -
117.184.7.26 - - [22/May/2021:09:16:05 +0800] "GET /xingrg/login.html HTTP/1.1" 200 7641
117.184.7.26 - - [22/May/2021:09:16:05 +0800] "GET /xingrg/login.html HTTP/1.1" 200 7641
120.253.135.82 - - [22/May/2021:09:16:06 +0800] "POST /xingrg/kc/pszx/mdps_list_operate.html HTTP/1.1" 200 2960
58.221.95.50 - - [22/May/2021:09:16:07 +0800] "POST /xingrg/kc/buy/cgsh_list_operate.html HTTP/1.1" 200 206
120.253.135.82 - - [22/May/2021:09:16:08 +0800] "POST /xingrg/kc/pszx/mdps_list_operate.html HTTP/1.1" 200 202
120.253.135.82 - - [22/May/2021:09:16:08 +0800] "GET /xingrg/kc/pszx/mdps_order_info.html?code=312021052100583 HTTP/1.1" 200 23925
120.253.135.82 - - [22/May/2021:09:16:08 +0800] "GET /xingrg/javascript/jquery_easy_ui/jquery.easyui.min.js HTTP/1.1" 200 213662
120.253.135.82 - - [22/May/2021:09:16:08 +0800] "GET /xingrg/javascript/json2.js HTTP/1.1" 200 11259
120.253.135.82 - - [22/May/2021:09:16:09 +0800] "GET /xingrg/javascript/convert.js HTTP/1.1" 200 1239
120.253.135.82 - - [22/May/2021:09:16:09 +0800] "GET /xingrg/javascript/jquery_tools/order_manager.js HTTP/1.1" 200 11183
120.253.135.82 - - [22/May/2021:09:16:09 +0800] "GET /xingrg/javascript/print/kc_print.js HTTP/1.1" 200 11415
120.253.135.82 - - [22/May/2021:09:16:09 +0800] "GET /xingrg/words/20210521170455_words.js HTTP/1.1" 200 816107
120.253.135.82 - - [22/May/2021:09:16:09 +0800] "GET /xingrg/javascript/easyui/themes/icons/copy_new.png HTTP/1.1" 200 815
120.253.135.82 - - [22/May/2021:09:16:09 +0800] "GET /xingrg/javascript/easyui/themes/icons/cancel.png HTTP/1.1" 200 1133
120.253.135.82 - - [22/May/2021:09:16:09 +0800] "GET /xingrg/javascript/easyui/themes/icons/print.png HTTP/1.1" 200 1057
120.253.135.82 - - [22/May/2021:09:16:09 +0800] "GET /xingrg/javascript/easyui/themes/default/images/menu_downarrow.png HTTP/1.1" 200 173
120.253.135.82 - - [22/May/2021:09:16:09 +0800] "GET /xingrg/javascript/easyui/themes/icons/ok.png HTTP/1.1" 200 883
58.221.95.50 - - [22/May/2021:09:16:09 +0800] "POST /xingrg/kc/buy/cgsh_list_operate.html HTTP/1.1" 200 216
120.253.135.82 - - [22/May/2021:09:16:09 +0800] "GET /xingrg/all/common/auto_word.html?type=base&rest_code=00101 HTTP/1.1" 200 613
120.253.135.82 - - [22/May/2021:09:16:09 +0800] "POST /xingrg/kc/pszx/mdps_order_operate.html HTTP/1.1" 200 2275
120.253.135.82 - - [22/May/2021:09:16:09 +0800] "GET /xingrg/javascript/easyui/themes/default/validatebox.css HTTP/1.1" 404 1104
120.253.135.82 - - [22/May/2021:09:16:09 +0800] "GET /xingrg/javascript/easyui/plugins/jquery.validatebox.js HTTP/1.1" 200 6103
120.253.135.82 - - [22/May/2021:09:16:09 +0800] "GET /xingrg/javascript/easyui/themes/icons/edit_remove.png HTTP/1.1" 200 625
120.253.135.82 - - [22/May/2021:09:16:09 +0800] "GET /xingrg/javascript/easyui/plugins/jquery.numberbox.js HTTP/1.1" 200 5213
120.253.135.82 - - [22/May/2021:09:16:11 +0800] "GET /xingrg/all/function/internal_message.html?_=1621645949526&CODE_STATE=getMsg HTTP/1.1" 200 27
58.221.95.50 - - [22/May/2021:09:16:11 +0800] "POST /xingrg/kc/buy/cgsh_list_operate.html HTTP/1.1" 200 578
58.221.95.50 - - [22/May/2021:09:16:13 +0800] "POST /xingrg/kc/buy/cgsh_list_operate.html HTTP/1.1" 200 556
116.230.114.112 - - [22/May/2021:09:16:14 +0800] "GET /xingrg/check_reg.html?_=1621646192697 HTTP/1.1" 200 22
120.253.135.82 - - [22/May/2021:09:16:17 +0800] "GET /xingrg/javascript/easyui/themes/default/images/button_plain_hover.png HTTP/1.1" 200 144
120.253.135.82 - - [22/May/2021:09:16:18 +0800] "GET /xingrg/javascript/easyui/themes/default/images/button_plain_hover.png HTTP/1.1" 200 144
120.253.135.82 - - [22/May/2021:09:16:21 +0800] "POST /xingrg/kc/pszx/mdps_order_operate.html HTTP/1.1" 200 37
222.69.129.150 - - [22/May/2021:09:16:22 +0800] "GET /xingrg/all/function/internal_message.html?_=1621646178741&CODE_STATE=getMsg HTTP/1.1" 200 27
120.253.135.82 - - [22/May/2021:09:16:22 +0800] "GET /xingrg/kc/pszx/mdps_order_info.html?code=312021052100583 HTTP/1.1" 200 23925
120.253.135.82 - - [22/May/2021:09:16:22 +0800] "GET /xingrg/javascript/easyui/themes/default/validatebox.css HTTP/1.1" 404 1104
120.253.135.82 - - [22/May/2021:09:16:22 +0800] "POST /xingrg/kc/pszx/mdps_order_operate.html HTTP/1.1" 200 2273
120.253.135.82 - - [22/May/2021:09:16:26 +0800] "GET /xingrg/all/function/internal_message.html?_=1621646233286&CODE_STATE=getMsg HTTP/1.1" 200 27
114.88.162.5 - - [22/May/2021:09:16:27 +0800] "GET /xingrg/check_reg.html?_=1621646177518 HTTP/1.1" 200 22
114.88.162.5 - - [22/May/2021:09:16:27 +0800] "GET /xingrg/all/function/internal_message.html?_=1621646177522&CODE_STATE=getMsg HTTP/1.1" 200 27
120.253.135.82 - - [22/May/2021:09:16:29 +0800] "GET /xingrg/login.html HTTP/1.1" 200 7641
120.253.135.82 - - [22/May/2021:09:16:30 +0800] "GET /xingrg/images/blue/jxLogo.png HTTP/1.1" 200 6156
120.253.135.82 - - [22/May/2021:09:16:30 +0800] "GET /xingrg/images/blue/hj.png HTTP/1.1" 200 1014
120.253.135.82 - - [22/May/2021:09:16:30 +0800] "GET /xingrg/images/blue/login_bg.png HTTP/1.1" 200 22101
120.253.135.82 - - [22/May/2021:09:16:30 +0800] "GET /xingrg/images/blue/srbg.png HTTP/1.1" 200 138
120.253.135.82 - - [22/May/2021:09:16:30 +0800] "GET /favicon.ico HTTP/1.1" 404 -
116.230.114.112 - - [22/May/2021:09:16:31 +0800] "GET /xingrg/all/function/internal_message.html?_=1621646209717&CODE_STATE=getMsg HTTP/1.1" 200 27
120.253.135.82 - - [22/May/2021:09:16:32 +0800] "POST /xingrg/login.do HTTP/1.1" 302 -
120.253.135.82 - - [22/May/2021:09:16:33 +0800] "GET /xingrg/index.html?sysBaseUrl=http%3A%2F%2F180.169.147.146%3A18081%2Fxingrg%2F&costTime=41×tamp=1621646192967 HTTP/1.1" 200 17173
120.253.135.82 - - [22/May/2021:09:16:33 +0800] "GET /xingrg/javascript/jquery_easy_ui/themes/default/easyui.css HTTP/1.1" 304 -
120.253.135.82 - - [22/May/2021:09:16:33 +0800] "GET /xingrg/javascript/jquery_easy_ui/themes/icon.css HTTP/1.1" 304 -
120.253.135.82 - - [22/May/2021:09:16:33 +0800] "GET /xingrg/javascript/jquery-1.4.2.min.js HTTP/1.1" 200 72205
120.253.135.82 - - [22/May/2021:09:16:33 +0800] "GET /xingrg/css/form.css HTTP/1.1" 200 893
120.253.135.82 - - [22/May/2021:09:16:33 +0800] "GET /xingrg/javascript/jquery.utils.js HTTP/1.1" 304 -
120.253.135.82 - - [22/May/2021:09:16:33 +0800] "GET /xingrg/javascript/jquery_easy_ui/jquery.easyui.min.js HTTP/1.1" 304 -
120.253.135.82 - - [22/May/2021:09:16:33 +0800] "GET /xingrg/javascript/jquery_easy_ui/easyui-lang-zh_CN.js HTTP/1.1" 200 1900
120.253.135.82 - - [22/May/2021:09:16:33 +0800] "GET /xingrg/javascript/jquery.timers.js HTTP/1.1" 200 3532
120.253.135.82 - - [22/May/2021:09:16:33 +0800] "GET /xingrg/javascript/jquery.form.js HTTP/1.1" 200 23110
120.253.135.82 - - [22/May/2021:09:16:33 +0800] "GET /xingrg/images/blue/navBackgound.jpg HTTP/1.1" 200 12378
120.253.135.82 - - [22/May/2021:09:16:33 +0800] "GET /xingrg/javascript/jquery_easy_ui/themes/icons/settle_new.png HTTP/1.1" 200 826
120.253.135.82 - - [22/May/2021:09:16:33 +0800] "GET /xingrg/images/blue/pingpu.png HTTP/1.1" 200 231
120.253.135.82 - - [22/May/2021:09:16:33 +0800] "POST /xingrg/all/common/load_tree.html?tree=area_rest_tree_json&manage=1 HTTP/1.1" 200 344
120.253.135.82 - - [22/May/2021:09:16:33 +0800] "GET /xingrg/javascript/jquery_easy_ui/themes/default/images/tabs_leftarrow.png HTTP/1.1" 200 389
120.253.135.82 - - [22/May/2021:09:16:33 +0800] "GET /xingrg/javascript/jquery_easy_ui/themes/default/images/tabs_rightarrow.png HTTP/1.1" 200 395
120.253.135.82 - - [22/May/2021:09:16:33 +0800] "GET /xingrg/javascript/jquery_easy_ui/themes/default/images/panel_tool_collapse.gif HTTP/1.1" 200 246
120.253.135.82 - - [22/May/2021:09:16:33 +0800] "GET /favicon.ico HTTP/1.1" 404 -
120.253.135.82 - - [22/May/2021:09:16:33 +0800] "GET /xingrg/all/function/internal_message.html?_=1621645971855&CODE_STATE=count HTTP/1.1" 200 11
120.253.135.82 - - [22/May/2021:09:16:33 +0800] "GET /xingrg/javascript/jquery_easy_ui/themes/default/images/tree_arrows.gif HTTP/1.1" 200 1043
120.253.135.82 - - [22/May/2021:09:16:33 +0800] "GET /xingrg/check_reg.html?_=1621645971856 HTTP/1.1" 200 22
120.253.135.82 - - [22/May/2021:09:16:33 +0800] "POST /xingrg/load_menu.html HTTP/1.1" 200 6743
120.253.135.82 - - [22/May/2021:09:16:33 +0800] "GET /xingrg/javascript/jquery_easy_ui/themes/default/images/tree_folder_open.gif HTTP/1.1" 200 956
120.253.135.82 - - [22/May/2021:09:16:33 +0800] "GET /xingrg/javascript/jquery_easy_ui/themes/icons/search_new.png HTTP/1.1" 200 586
120.253.135.82 - - [22/May/2021:09:16:33 +0800] "GET /xingrg/javascript/jquery_easy_ui/themes/icons/storage_new.png HTTP/1.1" 200 853
120.253.135.82 - - [22/May/2021:09:16:33 +0800] "GET /xingrg/javascript/jquery_easy_ui/themes/icons/delivery_new.png HTTP/1.1" 200 700
120.253.135.82 - - [22/May/2021:09:16:33 +0800] "GET /xingrg/javascript/jquery_easy_ui/themes/default/images/tree_file.gif HTTP/1.1" 200 118
120.253.135.82 - - [22/May/2021:09:16:33 +0800] "GET /xingrg/javascript/jquery_easy_ui/themes/icons/forms_new.png HTTP/1.1" 200 350
120.253.135.82 - - [22/May/2021:09:16:33 +0800] "GET /xingrg/javascript/jquery_easy_ui/themes/default/images/tree_folder.gif HTTP/1.1" 200 952
120.253.135.82 - - [22/May/2021:09:16:38 +0800] "GET /xingrg/javascript/jquery_easy_ui/themes/default/images/tabs_close.gif HTTP/1.1" 200 829
120.253.135.82 - - [22/May/2021:09:16:38 +0800] "GET /xingrg/kc/pszx/mdps_order_list.html?orderType=0 HTTP/1.1" 200 20838
120.253.135.82 - - [22/May/2021:09:16:38 +0800] "GET /xingrg/css/base.css HTTP/1.1" 304 -
120.253.135.82 - - [22/May/2021:09:16:38 +0800] "GET /xingrg/javascript/jquery_tools/datebox.css HTTP/1.1" 304 -
120.253.135.82 - - [22/May/2021:09:16:38 +0800] "GET /xingrg/css/site.css HTTP/1.1" 304 -
120.253.135.82 - - [22/May/2021:09:16:38 +0800] "GET /xingrg/javascript/easyui/themes/default/easyui.css HTTP/1.1" 304 -
120.253.135.82 - - [22/May/2021:09:16:38 +0800] "GET /xingrg/javascript/jquery_tools/fix.css HTTP/1.1" 304 -
120.253.135.82 - - [22/May/2021:09:16:38 +0800] "GET /xingrg/javascript/auto/jquery.autocomplete.css HTTP/1.1" 304 -
120.253.135.82 - - [22/May/2021:09:16:38 +0800] "GET /xingrg/javascript/easyui/themes/icon.css HTTP/1.1" 304 -
120.253.135.82 - - [22/May/2021:09:16:38 +0800] "GET /xingrg/javascript/jquery_tools/table.css HTTP/1.1" 304 -
120.253.135.82 - - [22/May/2021:09:16:38 +0800] "GET /xingrg/javascript/jquery_tools/jquery.tools.hotkey.js HTTP/1.1" 304 -
120.253.135.82 - - [22/May/2021:09:16:38 +0800] "GET /xingrg/javascript/jquery_tools/jquery.tools.table.js HTTP/1.1" 304 -
120.253.135.82 - - [22/May/2021:09:16:38 +0800] "GET /xingrg/javascript/jquery_tools/list_manager.js HTTP/1.1" 304 -
120.253.135.82 - - [22/May/2021:09:16:38 +0800] "GET /xingrg/javascript/auto/jquery.autocomplete.js HTTP/1.1" 304 -
120.253.135.82 - - [22/May/2021:09:16:38 +0800] "GET /xingrg/javascript/jquery.cookie.js HTTP/1.1" 304 -
120.253.135.82 - - [22/May/2021:09:16:38 +0800] "GET /xingrg/javascript/jquery_tools/jquery.tools.extend.js HTTP/1.1" 304 -
120.253.135.82 - - [22/May/2021:09:16:38 +0800] "GET /xingrg/javascript/jquery_tools/jquery.tools.min.js HTTP/1.1" 304 -
120.253.135.82 - - [22/May/2021:09:16:38 +0800] "GET /xingrg/javascript/print/LodopFuncs.js HTTP/1.1" 304 -
120.253.135.82 - - [22/May/2021:09:16:38 +0800] "GET /xingrg/javascript/easyui/easyloader.js HTTP/1.1" 304 -
58.221.95.50 - - [22/May/2021:09:16:38 +0800] "GET /xingrg/all/function/internal_message.html?_=1621646195095&CODE_STATE=getMsg HTTP/1.1" 200 27
114.88.162.5 - - [22/May/2021:09:16:38 +0800] "GET /xingrg/kc/buy/cgsh_order_add.html HTTP/1.1" 200 62095
120.253.135.82 - - [22/May/2021:09:16:38 +0800] "GET /xingrg/javascript/easyui/themes/icons/edit_add_new.png HTTP/1.1" 304 -
120.253.135.82 - - [22/May/2021:09:16:38 +0800] "GET /xingrg/javascript/easyui/themes/icons/check_new.png HTTP/1.1" 304 -
120.253.135.82 - - [22/May/2021:09:16:38 +0800] "GET /xingrg/javascript/easyui/themes/icons/cance_new.png HTTP/1.1" 304 -
120.253.135.82 - - [22/May/2021:09:16:38 +0800] "GET /xingrg/javascript/easyui/themes/icons/uncheck_new.png HTTP/1.1" 304 -
120.253.135.82 - - [22/May/2021:09:16:38 +0800] "GET /xingrg/javascript/easyui/themes/icons/field_new.png HTTP/1.1" 304 -
120.253.135.82 - - [22/May/2021:09:16:38 +0800] "GET /xingrg/javascript/easyui/themes/icons/import_new.png HTTP/1.1" 304 -
120.253.135.82 - - [22/May/2021:09:16:38 +0800] "GET /xingrg/javascript/easyui/plugins/jquery.parser.js HTTP/1.1" 304 -
120.253.135.82 - - [22/May/2021:09:16:38 +0800] "GET /xingrg/images/control/ajaxLoader.gif HTTP/1.1" 304 -
120.253.135.82 - - [22/May/2021:09:16:38 +0800] "GET /xingrg/javascript/jquery_easy_ui/themes/icons/area.png HTTP/1.1" 200 262
120.253.135.82 - - [22/May/2021:09:16:38 +0800] "GET /xingrg/javascript/jquery_easy_ui/themes/icons/manage.png HTTP/1.1" 200 696
114.88.162.5 - - [22/May/2021:09:16:38 +0800] "POST /xingrg/kc/buy/cgsh_order_operate.html HTTP/1.1" 200 8245
114.88.162.5 - - [22/May/2021:09:16:38 +0800] "GET /xingrg/javascript/easyui/themes/default/validatebox.css HTTP/1.1" 404 1104
120.253.135.82 - - [22/May/2021:09:16:38 +0800] "POST /xingrg/kc/pszx/mdps_list_operate.html HTTP/1.1" 200 5572
120.253.135.82 - - [22/May/2021:09:16:40 +0800] "GET /xingrg/javascript/auto/indicator.gif HTTP/1.1" 404 1066
117.184.7.26 - - [22/May/2021:09:16:43 +0800] "POST /xingrg/services/DataTransmitService HTTP/1.1" 200 524
117.184.7.26 - - [22/May/2021:09:16:44 +0800] "POST /xingrg/services/DataTransmitService HTTP/1.1" 200 501
120.253.135.82 - - [22/May/2021:09:16:45 +0800] "POST /xingrg/kc/pszx/mdps_list_operate.html HTTP/1.1" 200 5142
120.253.135.82 - - [22/May/2021:09:16:48 +0800] "POST /xingrg/kc/pszx/mdps_list_operate.html HTTP/1.1" 200 2959
120.253.135.82 - - [22/May/2021:09:16:50 +0800] "POST /xingrg/kc/pszx/mdps_list_operate.html HTTP/1.1" 200 201
58.37.225.51 - - [22/May/2021:09:16:50 +0800] "GET /xingrg/all/function/internal_message.html?_=1621646209444&CODE_STATE=getMsg HTTP/1.1" 200 27
120.253.135.82 - - [22/May/2021:09:16:50 +0800] "GET /xingrg/kc/pszx/mdps_order_info.html?code=312021052100583 HTTP/1.1" 200 23925
120.253.135.82 - - [22/May/2021:09:16:51 +0800] "GET /xingrg/javascript/convert.js HTTP/1.1" 304 -
120.253.135.82 - - [22/May/2021:09:16:51 +0800] "GET /xingrg/javascript/jquery_tools/order_manager.js HTTP/1.1" 304 -
120.253.135.82 - - [22/May/2021:09:16:51 +0800] "GET /xingrg/javascript/json2.js HTTP/1.1" 304 -
120.253.135.82 - - [22/May/2021:09:16:51 +0800] "GET /xingrg/javascript/myfunction.js HTTP/1.1" 304 -
120.253.135.82 - - [22/May/2021:09:16:51 +0800] "GET /xingrg/javascript/print/kc_print.js HTTP/1.1" 304 -
120.253.135.82 - - [22/May/2021:09:16:51 +0800] "GET /xingrg/javascript/pic_change.js HTTP/1.1" 304 -
120.253.135.82 - - [22/May/2021:09:16:51 +0800] "GET /xingrg/words/20210521170455_words.js HTTP/1.1" 304 -
120.253.135.82 - - [22/May/2021:09:16:51 +0800] "GET /xingrg/javascript/easyui/themes/icons/print.png HTTP/1.1" 304 -
120.253.135.82 - - [22/May/2021:09:16:51 +0800] "GET /xingrg/javascript/easyui/themes/icons/ok.png HTTP/1.1" 304 -
120.253.135.82 - - [22/May/2021:09:16:51 +0800] "GET /xingrg/javascript/easyui/themes/icons/copy_new.png HTTP/1.1" 304 -
120.253.135.82 - - [22/May/2021:09:16:51 +0800] "GET /xingrg/javascript/easyui/themes/icons/cancel.png HTTP/1.1" 304 -
120.253.135.82 - - [22/May/2021:09:16:51 +0800] "GET /xingrg/javascript/easyui/themes/default/images/menu_downarrow.png HTTP/1.1" 304 -
114.88.162.5 - - [22/May/2021:09:16:51 +0800] "GET /xingrg/kc/buy/cgsh_order_operate.html?command=get_materiel&rest_code=00111&code=00101008350&supplier_code=00100005&order_time=2021-05-22 HTTP/1.1" 200 408
120.253.135.82 - - [22/May/2021:09:16:51 +0800] "GET /xingrg/all/common/auto_word.html?type=base&rest_code=00101 HTTP/1.1" 200 613
120.253.135.82 - - [22/May/2021:09:16:51 +0800] "POST /xingrg/kc/pszx/mdps_order_operate.html HTTP/1.1" 200 2273
120.253.135.82 - - [22/May/2021:09:16:51 +0800] "GET /xingrg/javascript/easyui/themes/icons/edit_remove.png HTTP/1.1" 304 -
120.253.135.82 - - [22/May/2021:09:16:51 +0800] "GET /xingrg/javascript/easyui/themes/default/validatebox.css HTTP/1.1" 404 1104
120.253.135.82 - - [22/May/2021:09:16:51 +0800] "GET /xingrg/javascript/easyui/plugins/jquery.validatebox.js HTTP/1.1" 304 -
120.253.135.82 - - [22/May/2021:09:16:51 +0800] "GET /xingrg/javascript/easyui/plugins/jquery.numberbox.js HTTP/1.1" 304 -
116.230.110.80 - - [22/May/2021:09:16:52 +0800] "GET /xingrg/all/function/internal_message.html?_=1621646206932&CODE_STATE=getMsg HTTP/1.1" 200 27
120.253.135.82 - - [22/May/2021:09:16:52 +0800] "GET /xingrg/javascript/easyui/themes/default/images/button_plain_hover.png HTTP/1.1" 304 -
120.253.135.82 - - [22/May/2021:09:16:53 +0800] "GET /xingrg/kc/print/load_config.html?kc_code=mdps HTTP/1.1" 200 2390
120.253.135.82 - - [22/May/2021:09:16:53 +0800] "GET /xingrg/kc/print/load_data.html?order_code=312021052100583&kc_code=mdps&condition= HTTP/1.1" 200 648
61.165.42.208 - - [22/May/2021:09:16:54 +0800] "GET /xingrg/all/function/internal_message.html?_=1621646193452&CODE_STATE=getMsg HTTP/1.1" 200 27
114.86.228.175 - - [22/May/2021:09:16:57 +0800] "GET /xingrg/all/function/internal_message.html?_=1621646221498&CODE_STATE=getMsg HTTP/1.1" 200 27
114.86.228.175 - - [22/May/2021:09:16:57 +0800] "GET /xingrg/check_reg.html?_=1621646221499 HTTP/1.1" 200 22
116.224.253.72 - - [22/May/2021:09:16:59 +0800] "GET /xingrg/all/function/internal_message.html?_=1621646216972&CODE_STATE=getMsg HTTP/1.1" 200 27
114.88.162.5 - - [22/May/2021:09:17:02 +0800] "GET /xingrg/kc/buy/cgsh_order_operate.html?command=get_materiel&rest_code=00111&code=00101008290&supplier_code=00100005&order_time=2021-05-22 HTTP/1.1" 200 416
116.224.253.72 - - [22/May/2021:09:17:02 +0800] "GET /xingrg/check_reg.html?_=1621646196962 HTTP/1.1" 200 22
116.224.253.72 - - [22/May/2021:09:17:02 +0800] "GET /xingrg/all/function/internal_message.html?_=1621646197056&CODE_STATE=getMsg HTTP/1.1" 200 27
117.184.7.26 - - [22/May/2021:09:17:05 +0800] "GET /xingrg/all/function/internal_message.html?_=1621646217100&CODE_STATE=getMsg HTTP/1.1" 302 -
117.184.7.26 - - [22/May/2021:09:17:05 +0800] "GET /xingrg/login.html HTTP/1.1" 200 7641
114.88.162.5 - - [22/May/2021:09:17:10 +0800] "GET /xingrg/kc/buy/cgsh_order_operate.html?command=get_materiel&rest_code=00111&code=00101008087&supplier_code=00100005&order_time=2021-05-22 HTTP/1.1" 200 412
222.69.129.150 - - [22/May/2021:09:17:14 +0800] "GET /xingrg/kc/buy/cgsh_order_operate.html?command=get_materiel&rest_code=00149&code=00101010323&supplier_code=00100214&order_time=2021-05-22 HTTP/1.1" 200 423
114.88.162.5 - - [22/May/2021:09:17:19 +0800] "GET /xingrg/kc/buy/cgsh_order_operate.html?command=get_materiel&rest_code=00111&code=00101008270&supplier_code=00100005&order_time=2021-05-22 HTTP/1.1" 200 412
222.69.129.150 - - [22/May/2021:09:17:22 +0800] "GET /xingrg/all/function/internal_message.html?_=1621646238723&CODE_STATE=getMsg HTTP/1.1" 200 27
120.253.135.82 - - [22/May/2021:09:17:26 +0800] "GET /xingrg/all/function/internal_message.html?_=1621646293313&CODE_STATE=getMsg HTTP/1.1" 200 27
114.88.162.5 - - [22/May/2021:09:17:27 +0800] "GET /xingrg/all/function/internal_message.html?_=1621646237528&CODE_STATE=getMsg HTTP/1.1" 200 27
114.88.162.5 - - [22/May/2021:09:17:27 +0800] "GET /xingrg/kc/buy/cgsh_order_operate.html?command=get_materiel&rest_code=00111&code=00101008298&supplier_code=00100005&order_time=2021-05-22 HTTP/1.1" 200 412
116.230.114.112 - - [22/May/2021:09:17:31 +0800] "GET /xingrg/all/function/internal_message.html?_=1621646269730&CODE_STATE=getMsg HTTP/1.1" 200 27
120.253.135.82 - - [22/May/2021:09:17:33 +0800] "GET /xingrg/all/function/internal_message.html?_=1621646031899&CODE_STATE=getMsg HTTP/1.1" 200 27
222.69.129.150 - - [22/May/2021:09:17:35 +0800] "POST /xingrg/kc/buy/cgsh_order_operate.html HTTP/1.1" 200 37
58.221.95.50 - - [22/May/2021:09:17:38 +0800] "GET /xingrg/all/function/internal_message.html?_=1621646255098&CODE_STATE=getMsg HTTP/1.1" 200 27
222.69.129.150 - - [22/May/2021:09:17:39 +0800] "POST /xingrg/kc/buy/cgsh_order_operate.html HTTP/1.1" 200 12
114.88.162.5 - - [22/May/2021:09:17:39 +0800] "GET /xingrg/kc/buy/cgsh_order_operate.html?command=get_materiel&rest_code=00111&code=00101008072&supplier_code=00100005&order_time=2021-05-22 HTTP/1.1" 200 408
222.69.129.150 - - [22/May/2021:09:17:41 +0800] "GET /xingrg/kc/buy/cgsh_order_info.html?code=212021052209804 HTTP/1.1" 200 57054
180.161.111.4 - - [22/May/2021:09:17:42 +0800] "GET /favicon.ico HTTP/1.1" 404 -
222.69.129.150 - - [22/May/2021:09:17:43 +0800] "GET /xingrg/javascript/easyui/themes/default/validatebox.css HTTP/1.1" 404 1104
180.161.111.4 - - [22/May/2021:09:17:43 +0800] "GET /favicon.ico HTTP/1.1" 404 -
222.69.129.150 - - [22/May/2021:09:17:43 +0800] "POST /xingrg/kc/buy/cgsh_order_operate.html HTTP/1.1" 200 623
180.161.111.4 - - [22/May/2021:09:17:43 +0800] "GET /favicon.ico HTTP/1.1" 404 -
222.69.129.150 - - [22/May/2021:09:17:45 +0800] "GET /xingrg/kc/print/load_data.html?order_code=212021052209804&kc_code=cgsh&condition= HTTP/1.1" 200 720
180.161.111.4 - - [22/May/2021:09:17:46 +0800] "GET /xingrg/login.html HTTP/1.1" 200 7641
120.253.135.82 - - [22/May/2021:09:17:47 +0800] "POST /xingrg/kc/pszx/mdps_list_operate.html HTTP/1.1" 200 5142
180.161.111.4 - - [22/May/2021:09:17:47 +0800] "GET /xingrg/images/blue/jxLogo.png HTTP/1.1" 304 -
180.161.111.4 - - [22/May/2021:09:17:47 +0800] "GET /xingrg/images/blue/login_bg.png HTTP/1.1" 304 -
180.161.111.4 - - [22/May/2021:09:17:47 +0800] "GET /xingrg/images/blue/srbg.png HTTP/1.1" 304 -
180.161.111.4 - - [22/May/2021:09:17:47 +0800] "GET /xingrg/images/blue/hj.png HTTP/1.1" 304 -
180.161.111.4 - - [22/May/2021:09:17:48 +0800] "GET /favicon.ico HTTP/1.1" 404 -
114.88.162.5 - - [22/May/2021:09:17:50 +0800] "GET /xingrg/kc/buy/cgsh_order_operate.html?command=get_materiel&rest_code=00111&code=00101008355&supplier_code=00100005&order_time=2021-05-22 HTTP/1.1" 200 408
58.37.225.51 - - [22/May/2021:09:17:50 +0800] "GET /xingrg/all/function/internal_message.html?_=1621646269447&CODE_STATE=getMsg HTTP/1.1" 200 27
58.221.95.50 - - [22/May/2021:09:17:50 +0800] "GET /xingrg/kc/buy/cgsh_order_info.html?code=212020100904031 HTTP/1.1" 200 55961
58.221.95.50 - - [22/May/2021:09:17:50 +0800] "GET /xingrg/words/20210521170455_words.js HTTP/1.1" 200 816107
61.129.6.145 - - [22/May/2021:09:17:50 +0800] "GET /xingrg/all/function/internal_message.html?_=1621646209444&CODE_STATE=getMsg HTTP/1.1" 302 -
58.221.95.50 - - [22/May/2021:09:17:51 +0800] "GET /xingrg/javascript/easyui/themes/default/validatebox.css HTTP/1.1" 404 1104
120.253.135.82 - - [22/May/2021:09:17:51 +0800] "POST /xingrg/kc/pszx/mdps_list_operate.html HTTP/1.1" 200 615
61.129.6.145 - - [22/May/2021:09:17:51 +0800] "GET /xingrg/login.html HTTP/1.1" 200 7641
58.221.95.50 - - [22/May/2021:09:17:51 +0800] "POST /xingrg/kc/buy/cgsh_order_operate.html HTTP/1.1" 200 3067
116.230.110.80 - - [22/May/2021:09:17:52 +0800] "GET /xingrg/all/function/internal_message.html?_=1621646266931&CODE_STATE=getMsg HTTP/1.1" 200 27
120.253.135.82 - - [22/May/2021:09:17:52 +0800] "GET /xingrg/kc/pszx/mdps_order_info.html?code=312021052100549 HTTP/1.1" 200 23925
120.253.135.82 - - [22/May/2021:09:17:53 +0800] "GET /xingrg/javascript/easyui/themes/default/validatebox.css HTTP/1.1" 404 1104
120.253.135.82 - - [22/May/2021:09:17:53 +0800] "POST /xingrg/kc/pszx/mdps_order_operate.html HTTP/1.1" 200 7826
61.165.42.208 - - [22/May/2021:09:17:54 +0800] "GET /xingrg/all/function/internal_message.html?_=1621646253452&CODE_STATE=getMsg HTTP/1.1" 200 27
114.86.228.175 - - [22/May/2021:09:17:57 +0800] "GET /xingrg/all/function/internal_message.html?_=1621646281501&CODE_STATE=getMsg HTTP/1.1" 200 27
120.253.135.82 - - [22/May/2021:09:17:57 +0800] "POST /xingrg/kc/pszx/mdps_list_operate.html HTTP/1.1" 200 5142
114.88.162.5 - - [22/May/2021:09:17:57 +0800] "GET /xingrg/kc/buy/cgsh_order_operate.html?command=get_materiel&rest_code=00111&code=00101008004&supplier_code=00100005&order_time=2021-05-22 HTTP/1.1" 200 416
222.69.129.150 - - [22/May/2021:09:17:59 +0800] "GET /xingrg/kc/buy/cgsh_order_add.html HTTP/1.1" 200 62148
116.224.253.72 - - [22/May/2021:09:17:59 +0800] "GET /xingrg/all/function/internal_message.html?_=1621646276976&CODE_STATE=getMsg HTTP/1.1" 200 27
222.69.129.150 - - [22/May/2021:09:18:01 +0800] "GET /xingrg/javascript/easyui/themes/default/validatebox.css HTTP/1.1" 404 1104
222.69.129.150 - - [22/May/2021:09:18:01 +0800] "POST /xingrg/kc/buy/cgsh_order_operate.html HTTP/1.1" 200 8245
180.169.147.146 - - [22/May/2021:09:18:01 +0800] "GET /xingrg/check_reg.html?_=1621646278087 HTTP/1.1" 302 -
180.161.111.4 - - [22/May/2021:09:18:01 +0800] "POST /xingrg/login.do HTTP/1.1" 302 -
180.161.111.4 - - [22/May/2021:09:18:01 +0800] "GET /xingrg/index.html?sysBaseUrl=http%3A%2F%2F180.169.147.146%3A18081%2Fxingrg%2F&costTime=40×tamp=1621646281488 HTTP/1.1" 200 17173
180.161.111.4 - - [22/May/2021:09:18:01 +0800] "GET /xingrg/css/form.css HTTP/1.1" 304 -
180.161.111.4 - - [22/May/2021:09:18:01 +0800] "GET /xingrg/javascript/jquery_easy_ui/themes/default/easyui.css HTTP/1.1" 304 -
180.161.111.4 - - [22/May/2021:09:18:01 +0800] "GET /xingrg/javascript/jquery_easy_ui/themes/icon.css HTTP/1.1" 304 -
180.161.111.4 - - [22/May/2021:09:18:01 +0800] "GET /xingrg/javascript/jquery-1.4.2.min.js HTTP/1.1" 304 -
180.161.111.4 - - [22/May/2021:09:18:01 +0800] "GET /xingrg/javascript/jquery_easy_ui/jquery.easyui.min.js HTTP/1.1" 304 -
180.161.111.4 - - [22/May/2021:09:18:01 +0800] "GET /xingrg/javascript/jquery.form.js HTTP/1.1" 304 -
180.161.111.4 - - [22/May/2021:09:18:01 +0800] "GET /xingrg/javascript/jquery_easy_ui/easyui-lang-zh_CN.js HTTP/1.1" 304 -
180.161.111.4 - - [22/May/2021:09:18:01 +0800] "GET /xingrg/javascript/jquery.timers.js HTTP/1.1" 304 -
180.161.111.4 - - [22/May/2021:09:18:01 +0800] "GET /xingrg/javascript/jquery.utils.js HTTP/1.1" 304 -
180.161.111.4 - - [22/May/2021:09:18:01 +0800] "GET /xingrg/images/blue/navBackgound.jpg HTTP/1.1" 304 -
180.161.111.4 - - [22/May/2021:09:18:01 +0800] "GET /xingrg/javascript/jquery_easy_ui/themes/icons/settle_new.png HTTP/1.1" 304 -
180.161.111.4 - - [22/May/2021:09:18:01 +0800] "GET /xingrg/images/blue/pingpu.png HTTP/1.1" 304 -
180.161.111.4 - - [22/May/2021:09:18:01 +0800] "POST /xingrg/all/common/load_tree.html?tree=area_rest_tree_json&manage=1 HTTP/1.1" 200 342
180.161.111.4 - - [22/May/2021:09:18:01 +0800] "GET /xingrg/javascript/jquery_easy_ui/themes/default/images/tabs_rightarrow.png HTTP/1.1" 304 -
180.161.111.4 - - [22/May/2021:09:18:01 +0800] "GET /xingrg/javascript/jquery_easy_ui/themes/default/images/tabs_leftarrow.png HTTP/1.1" 304 -
180.161.111.4 - - [22/May/2021:09:18:01 +0800] "GET /xingrg/javascript/jquery_easy_ui/themes/default/images/panel_tool_collapse.gif HTTP/1.1" 304 -
180.161.111.4 - - [22/May/2021:09:18:02 +0800] "GET /xingrg/all/function/internal_message.html?_=1621646238488&CODE_STATE=count HTTP/1.1" 200 11
180.161.111.4 - - [22/May/2021:09:18:02 +0800] "GET /xingrg/check_reg.html?_=1621646238492 HTTP/1.1" 200 22
116.224.253.72 - - [22/May/2021:09:18:02 +0800] "GET /xingrg/all/function/internal_message.html?_=1621646257140&CODE_STATE=getMsg HTTP/1.1" 200 27
180.161.111.4 - - [22/May/2021:09:18:02 +0800] "POST /xingrg/load_menu.html HTTP/1.1" 200 5138
180.161.111.4 - - [22/May/2021:09:18:02 +0800] "GET /xingrg/javascript/jquery_easy_ui/themes/default/images/tree_arrows.gif HTTP/1.1" 304 -
180.161.111.4 - - [22/May/2021:09:18:02 +0800] "GET /favicon.ico HTTP/1.1" 404 -
120.253.135.82 - - [22/May/2021:09:18:02 +0800] "POST /xingrg/kc/pszx/mdps_list_operate.html HTTP/1.1" 200 4954
180.161.111.4 - - [22/May/2021:09:18:03 +0800] "GET /xingrg/javascript/jquery_easy_ui/themes/default/images/tree_folder_open.gif HTTP/1.1" 304 -
180.161.111.4 - - [22/May/2021:09:18:03 +0800] "GET /xingrg/javascript/jquery_easy_ui/themes/icons/search_new.png HTTP/1.1" 304 -
180.161.111.4 - - [22/May/2021:09:18:03 +0800] "GET /xingrg/javascript/jquery_easy_ui/themes/icons/forms_new.png HTTP/1.1" 304 -
180.161.111.4 - - [22/May/2021:09:18:03 +0800] "GET /xingrg/javascript/jquery_easy_ui/themes/default/images/tree_folder.gif HTTP/1.1" 304 -
180.161.111.4 - - [22/May/2021:09:18:03 +0800] "GET /xingrg/javascript/jquery_easy_ui/themes/default/images/tree_file.gif HTTP/1.1" 304 -
180.161.111.4 - - [22/May/2021:09:18:03 +0800] "GET /xingrg/javascript/jquery_easy_ui/themes/icons/storage_new.png HTTP/1.1" 304 -
120.253.135.82 - - [22/May/2021:09:18:05 +0800] "POST /xingrg/kc/pszx/mdps_list_operate.html HTTP/1.1" 200 202
117.184.7.26 - - [22/May/2021:09:18:05 +0800] "GET /xingrg/all/function/internal_message.html?_=1621646277101&CODE_STATE=getMsg HTTP/1.1" 302 -
117.184.7.26 - - [22/May/2021:09:18:05 +0800] "GET /xingrg/login.html HTTP/1.1" 200 7641
120.253.135.82 - - [22/May/2021:09:18:06 +0800] "GET /xingrg/kc/pszx/mdps_order_info.html?code=312021052100580 HTTP/1.1" 200 23925
120.253.135.82 - - [22/May/2021:09:18:06 +0800] "POST /xingrg/kc/pszx/mdps_order_operate.html HTTP/1.1" 200 2275
120.253.135.82 - - [22/May/2021:09:18:06 +0800] "GET /xingrg/javascript/easyui/themes/default/validatebox.css HTTP/1.1" 404 1104
120.253.135.82 - - [22/May/2021:09:18:08 +0800] "POST /xingrg/kc/pszx/mdps_order_operate.html HTTP/1.1" 200 12
120.253.135.82 - - [22/May/2021:09:18:09 +0800] "POST /xingrg/kc/pszx/mdps_list_operate.html HTTP/1.1" 200 4591
114.88.162.5 - - [22/May/2021:09:18:10 +0800] "GET /xingrg/kc/buy/cgsh_order_operate.html?command=get_materiel&rest_code=00111&code=00101008257&supplier_code=00100005&order_time=2021-05-22 HTTP/1.1" 200 416
114.86.228.175 - - [22/May/2021:09:18:18 +0800] "GET /xingrg/kc/buy/cgsh_order_operate.html?command=get_materiel&rest_code=00109&code=00101001111&supplier_code=00100454&order_time=2021-05-22 HTTP/1.1" 200 410
120.253.135.82 - - [22/May/2021:09:18:19 +0800] "POST /xingrg/kc/pszx/mdps_list_operate.html HTTP/1.1" 200 3175
114.88.162.5 - - [22/May/2021:09:18:21 +0800] "GET /xingrg/kc/buy/cgsh_order_operate.html?command=get_materiel&rest_code=00111&code=00101008244&supplier_code=00100005&order_time=2021-05-22 HTTP/1.1" 200 408
222.69.129.150 - - [22/May/2021:09:18:22 +0800] "GET /xingrg/all/function/internal_message.html?_=1621646298700&CODE_STATE=getMsg HTTP/1.1" 200 27
222.69.129.150 - - [22/May/2021:09:18:22 +0800] "GET /xingrg/kc/buy/cgsh_order_operate.html?command=get_materiel&rest_code=00149&code=00101007061&supplier_code=00100205&order_time=2021-05-22 HTTP/1.1" 200 409
222.69.129.150 - - [22/May/2021:09:18:22 +0800] "GET /xingrg/check_reg.html?_=1621646298927 HTTP/1.1" 200 22
120.253.135.82 - - [22/May/2021:09:18:24 +0800] "POST /xingrg/kc/pszx/mdps_list_operate.html HTTP/1.1" 200 202
120.253.135.82 - - [22/May/2021:09:18:25 +0800] "GET /xingrg/kc/pszx/mdps_order_info.html?code=312021052100581 HTTP/1.1" 200 23931
120.253.135.82 - - [22/May/2021:09:18:25 +0800] "GET /xingrg/javascript/easyui/themes/default/validatebox.css HTTP/1.1" 404 1104
120.253.135.82 - - [22/May/2021:09:18:25 +0800] "POST /xingrg/kc/pszx/mdps_order_operate.html HTTP/1.1" 200 2275
120.253.135.82 - - [22/May/2021:09:18:26 +0800] "GET /xingrg/all/function/internal_message.html?_=1621646353328&CODE_STATE=getMsg HTTP/1.1" 200 27
114.88.162.5 - - [22/May/2021:09:18:27 +0800] "GET /xingrg/all/function/internal_message.html?_=1621646297512&CODE_STATE=getMsg HTTP/1.1" 200 27
120.253.135.82 - - [22/May/2021:09:18:28 +0800] "POST /xingrg/kc/pszx/mdps_order_operate.html HTTP/1.1" 200 12
114.88.162.5 - - [22/May/2021:09:18:28 +0800] "GET /xingrg/kc/buy/cgsh_order_operate.html?command=get_materiel&rest_code=00111&code=00101008186&supplier_code=00100005&order_time=2021-05-22 HTTP/1.1" 200 408
120.253.135.82 - - [22/May/2021:09:18:29 +0800] "POST /xingrg/kc/pszx/mdps_list_operate.html HTTP/1.1" 200 2804
116.230.114.112 - - [22/May/2021:09:18:32 +0800] "GET /xingrg/all/function/internal_message.html?_=1621646330172&CODE_STATE=getMsg HTTP/1.1" 200 27
120.253.135.82 - - [22/May/2021:09:18:33 +0800] "GET /xingrg/all/function/internal_message.html?_=1621646091909&CODE_STATE=getMsg HTTP/1.1" 200 27
114.88.162.5 - - [22/May/2021:09:18:36 +0800] "GET /xingrg/kc/buy/cgsh_order_operate.html?command=get_materiel&rest_code=00111&code=00101008096&supplier_code=00100005&order_time=2021-05-22 HTTP/1.1" 200 412
58.221.95.50 - - [22/May/2021:09:18:38 +0800] "GET /xingrg/all/function/internal_message.html?_=1621646315110&CODE_STATE=getMsg HTTP/1.1" 200 27
222.69.129.150 - - [22/May/2021:09:18:40 +0800] "GET /xingrg/kc/buy/cgsh_order_operate.html?command=get_materiel&rest_code=00149&code=00101007083&supplier_code=00100205&order_time=2021-05-22 HTTP/1.1" 200 423
114.88.162.5 - - [22/May/2021:09:18:44 +0800] "GET /xingrg/kc/buy/cgsh_order_operate.html?command=get_materiel&rest_code=00111&code=00101008361&supplier_code=00100005&order_time=2021-05-22 HTTP/1.1" 200 408
58.37.225.51 - - [22/May/2021:09:18:50 +0800] "GET /xingrg/all/function/internal_message.html?_=1621646329451&CODE_STATE=getMsg HTTP/1.1" 200 27
58.37.225.51 - - [22/May/2021:09:18:50 +0800] "GET /xingrg/check_reg.html?_=1621646329452 HTTP/1.1" 200 22
114.88.162.5 - - [22/May/2021:09:18:51 +0800] "GET /xingrg/kc/buy/cgsh_order_operate.html?command=get_materiel&rest_code=00111&code=00101008069&supplier_code=00100005&order_time=2021-05-22 HTTP/1.1" 200 412
