116.230.114.112 - - [22/May/2021:10:28:59 +0800] "GET /xingrg/javascript/jquery_easy_ui/themes/icons/forms_new.png HTTP/1.1" 304 -
116.230.114.112 - - [22/May/2021:10:28:59 +0800] "GET /xingrg/javascript/jquery_easy_ui/themes/default/images/tree_file.gif HTTP/1.1" 304 -
116.230.114.112 - - [22/May/2021:10:28:59 +0800] "GET /xingrg/javascript/jquery_easy_ui/themes/icons/storage_new.png HTTP/1.1" 304 -
116.224.253.72 - - [22/May/2021:10:29:00 +0800] "GET /xingrg/kc/base/wldb_order_operate.html?command=get_materiel&rest_code=00150&base_code=0010445&code=00101019133 HTTP/1.1" 200 466
116.235.222.38 - - [22/May/2021:10:29:02 +0800] "POST /xingrg/kc/buy/cgsh_order_operate.html HTTP/1.1" 200 37
114.86.187.76 - - [22/May/2021:10:29:02 +0800] "POST /xingrg/kc/buy/cgsh_order_operate.html HTTP/1.1" 200 6811
116.230.114.112 - - [22/May/2021:10:29:02 +0800] "GET /xingrg/javascript/jquery_easy_ui/themes/default/images/tabs_close.gif HTTP/1.1" 304 -
58.37.225.51 - - [22/May/2021:10:29:02 +0800] "GET /xingrg/kc/buy/cgsh_order_operate.html?command=get_materiel&rest_code=00141&code=00101008095&supplier_code=00100007&order_time=2021-05-22 HTTP/1.1" 200 412
116.230.114.112 - - [22/May/2021:10:29:02 +0800] "GET /xingrg/css/site.css HTTP/1.1" 304 -
116.230.114.112 - - [22/May/2021:10:29:02 +0800] "GET /xingrg/css/base.css HTTP/1.1" 304 -
116.230.114.112 - - [22/May/2021:10:29:02 +0800] "GET /xingrg/javascript/jquery_tools/datebox.css HTTP/1.1" 304 -
116.230.114.112 - - [22/May/2021:10:29:02 +0800] "GET /xingrg/javascript/jquery_tools/table.css HTTP/1.1" 304 -
116.230.114.112 - - [22/May/2021:10:29:02 +0800] "GET /xingrg/javascript/jquery_tools/fix.css HTTP/1.1" 304 -
116.230.114.112 - - [22/May/2021:10:29:02 +0800] "GET /xingrg/javascript/easyui/themes/icon.css HTTP/1.1" 304 -
116.230.114.112 - - [22/May/2021:10:29:02 +0800] "GET /xingrg/javascript/auto/jquery.autocomplete.css HTTP/1.1" 304 -
116.230.114.112 - - [22/May/2021:10:29:02 +0800] "GET /xingrg/javascript/easyui/themes/default/easyui.css HTTP/1.1" 304 -
116.230.114.112 - - [22/May/2021:10:29:02 +0800] "GET /xingrg/javascript/jquery_tools/jquery.tools.extend.js HTTP/1.1" 304 -
116.230.114.112 - - [22/May/2021:10:29:02 +0800] "GET /xingrg/javascript/jquery_tools/jquery.tools.table.js HTTP/1.1" 304 -
116.230.114.112 - - [22/May/2021:10:29:02 +0800] "GET /xingrg/javascript/jquery_tools/list_manager.js HTTP/1.1" 304 -
116.230.114.112 - - [22/May/2021:10:29:02 +0800] "GET /xingrg/javascript/jquery_tools/jquery.tools.hotkey.js HTTP/1.1" 304 -
116.230.114.112 - - [22/May/2021:10:29:02 +0800] "GET /xingrg/javascript/jquery_tools/jquery.tools.min.js HTTP/1.1" 304 -
116.230.114.112 - - [22/May/2021:10:29:02 +0800] "GET /xingrg/javascript/jquery.cookie.js HTTP/1.1" 304 -
116.230.114.112 - - [22/May/2021:10:29:02 +0800] "GET /xingrg/javascript/auto/jquery.autocomplete.js HTTP/1.1" 304 -
116.230.114.112 - - [22/May/2021:10:29:02 +0800] "GET /xingrg/javascript/easyui/easyloader.js HTTP/1.1" 304 -
116.230.114.112 - - [22/May/2021:10:29:02 +0800] "GET /xingrg/javascript/print/LodopFuncs.js HTTP/1.1" 304 -
116.230.114.112 - - [22/May/2021:10:29:03 +0800] "GET /xingrg/kc/buy/cgsh_order_list.html HTTP/1.1" 200 46363
116.230.114.112 - - [22/May/2021:10:29:03 +0800] "GET /xingrg/javascript/jquery_easy_ui/themes/icons/area.png HTTP/1.1" 304 -
116.230.114.112 - - [22/May/2021:10:29:03 +0800] "GET /xingrg/javascript/jquery_easy_ui/themes/icons/rest.png HTTP/1.1" 304 -
116.230.114.112 - - [22/May/2021:10:29:03 +0800] "GET /xingrg/javascript/easyui/themes/icons/cance_new.png HTTP/1.1" 304 -
116.230.114.112 - - [22/May/2021:10:29:03 +0800] "GET /xingrg/javascript/easyui/themes/icons/edit_add_new.png HTTP/1.1" 304 -
116.230.114.112 - - [22/May/2021:10:29:03 +0800] "GET /xingrg/javascript/easyui/themes/icons/import_new.png HTTP/1.1" 304 -
116.230.114.112 - - [22/May/2021:10:29:03 +0800] "GET /xingrg/javascript/easyui/themes/icons/check_new.png HTTP/1.1" 304 -
116.230.114.112 - - [22/May/2021:10:29:03 +0800] "GET /xingrg/javascript/easyui/themes/icons/field_new.png HTTP/1.1" 304 -
180.161.111.4 - - [22/May/2021:10:29:03 +0800] "GET /xingrg/all/function/internal_message.html?_=1621650499664&CODE_STATE=getMsg HTTP/1.1" 200 27
116.230.114.112 - - [22/May/2021:10:29:03 +0800] "GET /xingrg/javascript/easyui/plugins/jquery.parser.js HTTP/1.1" 304 -
116.230.114.112 - - [22/May/2021:10:29:03 +0800] "GET /xingrg/images/control/ajaxLoader.gif HTTP/1.1" 304 -
116.235.222.38 - - [22/May/2021:10:29:04 +0800] "POST /xingrg/kc/buy/cgsh_order_operate.html HTTP/1.1" 200 36981
116.230.114.112 - - [22/May/2021:10:29:04 +0800] "POST /xingrg/kc/buy/cgsh_list_operate.html HTTP/1.1" 200 876
116.230.114.112 - - [22/May/2021:10:29:04 +0800] "GET /xingrg/javascript/easyui/themes/default/images/button_plain_hover.png HTTP/1.1" 304 -
120.204.17.72 - - [22/May/2021:10:29:05 +0800] "GET /xingrg/kc/buy/cgsh_order_info.html?code=212021052209833 HTTP/1.1" 302 -
120.204.17.72 - - [22/May/2021:10:29:05 +0800] "GET /xingrg/login.html HTTP/1.1" 200 7641
117.184.7.26 - - [22/May/2021:10:29:06 +0800] "GET /xingrg/all/function/internal_message.html?_=1621650537177&CODE_STATE=getMsg HTTP/1.1" 302 -
117.184.7.26 - - [22/May/2021:10:29:06 +0800] "GET /xingrg/login.html HTTP/1.1" 200 7641
114.86.187.76 - - [22/May/2021:10:29:06 +0800] "GET /xingrg/kc/buy/cgsh_order_add.html HTTP/1.1" 200 62101
116.230.114.112 - - [22/May/2021:10:29:06 +0800] "GET /xingrg/javascript/jquery_tools/order_manager.js HTTP/1.1" 304 -
116.230.114.112 - - [22/May/2021:10:29:06 +0800] "GET /xingrg/javascript/pic_change.js HTTP/1.1" 304 -
116.230.114.112 - - [22/May/2021:10:29:06 +0800] "GET /xingrg/javascript/json2.js HTTP/1.1" 304 -
116.230.114.112 - - [22/May/2021:10:29:06 +0800] "GET /xingrg/javascript/print/kc_print.js HTTP/1.1" 304 -
116.230.114.112 - - [22/May/2021:10:29:06 +0800] "GET /xingrg/javascript/convert.js HTTP/1.1" 304 -
116.230.114.112 - - [22/May/2021:10:29:06 +0800] "GET /xingrg/words/20210521170455_words.js HTTP/1.1" 304 -
116.230.114.112 - - [22/May/2021:10:29:06 +0800] "GET /xingrg/javascript/easyui/themes/icons/copy_new.png HTTP/1.1" 304 -
116.230.114.112 - - [22/May/2021:10:29:06 +0800] "GET /xingrg/javascript/easyui/themes/icons/template_new.png HTTP/1.1" 304 -
116.230.114.112 - - [22/May/2021:10:29:06 +0800] "GET /xingrg/javascript/easyui/themes/icons/ok.png HTTP/1.1" 304 -
116.230.114.112 - - [22/May/2021:10:29:06 +0800] "GET /xingrg/javascript/easyui/themes/icons/print.png HTTP/1.1" 304 -
116.230.114.112 - - [22/May/2021:10:29:06 +0800] "GET /xingrg/javascript/easyui/themes/icons/cancel.png HTTP/1.1" 304 -
116.230.114.112 - - [22/May/2021:10:29:06 +0800] "GET /xingrg/javascript/easyui/themes/default/images/menu_downarrow.png HTTP/1.1" 304 -
116.230.114.112 - - [22/May/2021:10:29:06 +0800] "GET /xingrg/kc/buy/cgsh_order_add.html HTTP/1.1" 200 62101
114.86.187.76 - - [22/May/2021:10:29:06 +0800] "POST /xingrg/kc/buy/cgsh_order_operate.html HTTP/1.1" 200 8245
116.230.114.112 - - [22/May/2021:10:29:06 +0800] "GET /xingrg/all/common/auto_word.html?type=employee&rest_code=00146 HTTP/1.1" 200 101
114.86.187.76 - - [22/May/2021:10:29:06 +0800] "GET /xingrg/javascript/easyui/themes/default/validatebox.css HTTP/1.1" 404 1104
116.230.114.112 - - [22/May/2021:10:29:06 +0800] "POST /xingrg/kc/buy/cgsh_order_operate.html HTTP/1.1" 200 8245
116.230.114.112 - - [22/May/2021:10:29:06 +0800] "GET /xingrg/javascript/easyui/themes/default/validatebox.css HTTP/1.1" 404 1104
116.230.114.112 - - [22/May/2021:10:29:06 +0800] "GET /xingrg/javascript/easyui/themes/icons/edit_remove.png HTTP/1.1" 304 -
116.230.114.112 - - [22/May/2021:10:29:06 +0800] "GET /xingrg/javascript/easyui/plugins/jquery.validatebox.js HTTP/1.1" 304 -
116.230.114.112 - - [22/May/2021:10:29:06 +0800] "GET /xingrg/all/common/auto_word.html?type=employee&rest_code=00146 HTTP/1.1" 200 101
116.230.114.112 - - [22/May/2021:10:29:07 +0800] "GET /xingrg/javascript/easyui/plugins/jquery.numberbox.js HTTP/1.1" 304 -
117.185.32.26 - - [22/May/2021:10:29:08 +0800] "GET /xingrg/check_reg.html?_=1621650555273 HTTP/1.1" 200 22
116.224.253.72 - - [22/May/2021:10:29:08 +0800] "GET /xingrg/kc/base/wldb_order_operate.html?command=get_materiel&rest_code=00150&base_code=0010445&code=00101019071 HTTP/1.1" 200 455
117.185.32.26 - - [22/May/2021:10:29:09 +0800] "GET /xingrg/all/function/internal_message.html?_=1621650556202&CODE_STATE=getMsg HTTP/1.1" 200 27
116.230.114.112 - - [22/May/2021:10:29:09 +0800] "GET /xingrg/javascript/auto/indicator.gif HTTP/1.1" 404 1066
58.37.225.51 - - [22/May/2021:10:29:09 +0800] "GET /xingrg/kc/buy/cgsh_order_operate.html?command=get_materiel&rest_code=00141&code=00101008223&supplier_code=00100007&order_time=2021-05-22 HTTP/1.1" 200 414
116.224.253.72 - - [22/May/2021:10:29:11 +0800] "GET /xingrg/all/function/internal_message.html?_=1621650525976&CODE_STATE=getMsg HTTP/1.1" 200 27
61.165.42.208 - - [22/May/2021:10:29:11 +0800] "GET /xingrg/kc/buy/cgsh_order_operate.html?command=get_materiel&rest_code=00105&code=00101009016&supplier_code=00100024&order_time=2021-05-22 HTTP/1.1" 200 412
116.230.114.112 - - [22/May/2021:10:29:11 +0800] "GET /xingrg/javascript/jquery_tools/images/prev.gif HTTP/1.1" 404 1086
116.230.114.112 - - [22/May/2021:10:29:11 +0800] "GET /xingrg/javascript/jquery_tools/images/next.gif HTTP/1.1" 404 1086
116.235.222.38 - - [22/May/2021:10:29:12 +0800] "GET /xingrg/all/function/internal_message.html?_=1621650541308&CODE_STATE=getMsg HTTP/1.1" 200 27
58.37.225.51 - - [22/May/2021:10:29:13 +0800] "POST /xingrg/kc/buy/cgsh_order_operate.html HTTP/1.1" 200 2065
116.235.222.38 - - [22/May/2021:10:29:14 +0800] "GET /xingrg/kc/buy/cgsh_order_operate.html?command=get_materiel&rest_code=00107&code=00101008114&supplier_code=00100006&order_time=2021-05-22 HTTP/1.1" 200 412
116.224.253.72 - - [22/May/2021:10:29:15 +0800] "GET /xingrg/kc/base/wldb_order_operate.html?command=get_materiel&rest_code=00150&base_code=0010445&code=00101016020 HTTP/1.1" 200 446
180.97.118.221 - - [22/May/2021:10:29:20 +0800] "GET /xingrg/kc/buy/cgsh_order_operate.html?command=get_materiel&rest_code=00141&code=00101008072&supplier_code=00100007&order_time=2021-05-22 HTTP/1.1" 302 -
180.97.118.221 - - [22/May/2021:10:29:20 +0800] "GET /xingrg/login.html HTTP/1.1" 200 7641
116.230.114.112 - - [22/May/2021:10:29:22 +0800] "GET /xingrg/kc/buy/cgsh_order_operate.html?command=get_materiel&rest_code=00146&code=00101008261&supplier_code=00100005&order_time=2021-05-22 HTTP/1.1" 200 408
180.169.147.146 - - [22/May/2021:10:29:23 +0800] "GET /xingrg/check_reg.html?_=1621650560424 HTTP/1.1" 302 -
61.165.42.208 - - [22/May/2021:10:29:25 +0800] "GET /xingrg/kc/buy/cgsh_order_operate.html?command=get_materiel&rest_code=00105&code=00101009007&supplier_code=00100024&order_time=2021-05-22 HTTP/1.1" 200 410
120.253.135.82 - - [22/May/2021:10:29:27 +0800] "GET /xingrg/all/function/internal_message.html?_=1621650614410&CODE_STATE=getMsg HTTP/1.1" 200 27
116.224.253.72 - - [22/May/2021:10:29:28 +0800] "GET /xingrg/kc/base/wldb_order_operate.html?command=get_materiel&rest_code=00150&base_code=0010445&code=00101016001 HTTP/1.1" 200 458
222.69.129.150 - - [22/May/2021:10:29:28 +0800] "GET /xingrg/all/function/internal_message.html?_=1621650565447&CODE_STATE=getMsg HTTP/1.1" 200 27
116.235.222.38 - - [22/May/2021:10:29:30 +0800] "GET /xingrg/kc/buy/cgsh_order_operate.html?command=get_materiel&rest_code=00107&code=00101009066&supplier_code=00100006&order_time=2021-05-22 HTTP/1.1" 200 416
58.221.95.50 - - [22/May/2021:10:29:38 +0800] "GET /xingrg/check_reg.html?_=1621650575381 HTTP/1.1" 200 22
58.221.95.50 - - [22/May/2021:10:29:38 +0800] "GET /xingrg/all/function/internal_message.html?_=1621650575380&CODE_STATE=getMsg HTTP/1.1" 200 27
116.230.114.112 - - [22/May/2021:10:29:39 +0800] "GET /xingrg/kc/buy/cgsh_order_operate.html?command=get_materiel&rest_code=00146&code=00101008351&supplier_code=00100005&order_time=2021-05-22 HTTP/1.1" 200 427
116.235.222.38 - - [22/May/2021:10:29:42 +0800] "GET /xingrg/kc/buy/cgsh_order_operate.html?command=get_materiel&rest_code=00107&code=00101009044&supplier_code=00100006&order_time=2021-05-22 HTTP/1.1" 200 412
114.86.187.76 - - [22/May/2021:10:29:44 +0800] "GET /xingrg/kc/buy/cgsh_order_operate.html?command=get_materiel&rest_code=00148&code=00101010079&supplier_code=00100336&order_time=2021-05-22 HTTP/1.1" 200 413
116.230.114.112 - - [22/May/2021:10:29:48 +0800] "GET /xingrg/kc/buy/cgsh_order_operate.html?command=get_materiel&rest_code=00146&code=00101008083&supplier_code=00100005&order_time=2021-05-22 HTTP/1.1" 200 427
101.89.239.232 - - [22/May/2021:10:29:50 +0800] "GET /xingrg/check_reg.html?_=1621650529666 HTTP/1.1" 302 -
61.151.178.177 - - [22/May/2021:10:29:50 +0800] "GET /xingrg/kc/buy/cgsh_order_operate.html?command=get_materiel&rest_code=00141&code=00101008110&supplier_code=00100007&order_time=2021-05-22 HTTP/1.1" 302 -
58.37.225.51 - - [22/May/2021:10:29:50 +0800] "GET /xingrg/all/function/internal_message.html?_=1621650589671&CODE_STATE=getMsg HTTP/1.1" 200 27
61.151.178.177 - - [22/May/2021:10:29:50 +0800] "GET /xingrg/login.html HTTP/1.1" 200 7641
101.89.239.232 - - [22/May/2021:10:29:51 +0800] "GET /xingrg/login.html HTTP/1.1" 200 7641
116.230.114.112 - - [22/May/2021:10:29:51 +0800] "POST /xingrg/all/common/load_select.html HTTP/1.1" 200 25
116.230.110.80 - - [22/May/2021:10:29:52 +0800] "GET /xingrg/all/function/internal_message.html?_=1621650586928&CODE_STATE=getMsg HTTP/1.1" 200 27
61.165.42.208 - - [22/May/2021:10:29:54 +0800] "GET /xingrg/all/function/internal_message.html?_=1621650573514&CODE_STATE=getMsg HTTP/1.1" 200 27
116.235.222.38 - - [22/May/2021:10:29:54 +0800] "GET /xingrg/kc/buy/cgsh_order_operate.html?command=get_materiel&rest_code=00107&code=00101015062&supplier_code=00100006&order_time=2021-05-22 HTTP/1.1" 200 412
114.86.228.175 - - [22/May/2021:10:29:57 +0800] "GET /xingrg/all/function/internal_message.html?_=1621650601681&CODE_STATE=getMsg HTTP/1.1" 200 27
114.86.187.76 - - [22/May/2021:10:29:57 +0800] "POST /xingrg/kc/buy/cgsh_order_operate.html HTTP/1.1" 200 37
116.230.114.112 - - [22/May/2021:10:29:58 +0800] "GET /xingrg/kc/buy/cgsh_order_operate.html?command=get_materiel_price&rest_code=00146&code=00101008083&unit_code=00100026&supplier_code=00100005&order_time=2021-05-22 HTTP/1.1" 200 27
114.86.187.76 - - [22/May/2021:10:29:58 +0800] "POST /xingrg/kc/buy/cgsh_order_operate.html HTTP/1.1" 200 2658
116.230.114.112 - - [22/May/2021:10:29:59 +0800] "GET /xingrg/all/function/internal_message.html?_=1621650617260&CODE_STATE=getMsg HTTP/1.1" 200 27
116.235.222.38 - - [22/May/2021:10:30:00 +0800] "POST /xingrg/kc/buy/cgsh_order_operate.html HTTP/1.1" 200 2065
114.86.187.76 - - [22/May/2021:10:30:03 +0800] "GET /xingrg/kc/buy/cgsh_order_add.html HTTP/1.1" 200 62101
180.161.111.4 - - [22/May/2021:10:30:03 +0800] "GET /xingrg/all/function/internal_message.html?_=1621650559696&CODE_STATE=getMsg HTTP/1.1" 200 27
114.86.187.76 - - [22/May/2021:10:30:03 +0800] "POST /xingrg/kc/buy/cgsh_order_operate.html HTTP/1.1" 200 8245
114.86.187.76 - - [22/May/2021:10:30:03 +0800] "GET /xingrg/javascript/easyui/themes/default/validatebox.css HTTP/1.1" 404 1104
117.184.7.26 - - [22/May/2021:10:30:06 +0800] "GET /xingrg/all/function/internal_message.html?_=1621650597180&CODE_STATE=getMsg HTTP/1.1" 302 -
117.184.7.26 - - [22/May/2021:10:30:06 +0800] "GET /xingrg/login.html HTTP/1.1" 200 7641
116.224.253.72 - - [22/May/2021:10:30:06 +0800] "GET /xingrg/kc/base/wldb_order_operate.html?command=get_materiel&rest_code=00150&base_code=0010445&code=00101016076 HTTP/1.1" 200 477
120.204.17.70 - - [22/May/2021:10:30:07 +0800] "GET /xingrg/check_reg.html?_=1621650555273 HTTP/1.1" 302 -
116.235.222.38 - - [22/May/2021:10:30:08 +0800] "GET /xingrg/kc/buy/cgsh_order_operate.html?command=get_materiel&rest_code=00107&code=00101015021&supplier_code=00100006&order_time=2021-05-22 HTTP/1.1" 200 408
120.253.135.82 - - [22/May/2021:10:30:08 +0800] "GET /xingrg/check_reg.html?_=1621650655508 HTTP/1.1" 200 22
120.204.17.68 - - [22/May/2021:10:30:08 +0800] "GET /xingrg/all/function/internal_message.html?_=1621650556202&CODE_STATE=getMsg HTTP/1.1" 302 -
117.185.32.26 - - [22/May/2021:10:30:09 +0800] "GET /xingrg/all/function/internal_message.html?_=1621650616173&CODE_STATE=getMsg HTTP/1.1" 200 27
120.204.17.70 - - [22/May/2021:10:30:09 +0800] "GET /xingrg/login.html HTTP/1.1" 200 7641
120.204.17.68 - - [22/May/2021:10:30:09 +0800] "GET /xingrg/login.html HTTP/1.1" 200 7641
116.230.114.112 - - [22/May/2021:10:30:10 +0800] "GET /xingrg/kc/buy/cgsh_order_operate.html?command=get_materiel&rest_code=00146&code=00101008087&supplier_code=00100005&order_time=2021-05-22 HTTP/1.1" 200 412
116.224.253.72 - - [22/May/2021:10:30:10 +0800] "GET /xingrg/kc/base/wldb_order_operate.html?command=get_materiel&rest_code=00150&base_code=0010445&code=00101019438 HTTP/1.1" 200 447
116.224.253.72 - - [22/May/2021:10:30:11 +0800] "GET /xingrg/all/function/internal_message.html?_=1621650585988&CODE_STATE=getMsg HTTP/1.1" 200 27
116.235.222.38 - - [22/May/2021:10:30:12 +0800] "GET /xingrg/all/function/internal_message.html?_=1621650601313&CODE_STATE=getMsg HTTP/1.1" 200 27
116.224.253.72 - - [22/May/2021:10:30:16 +0800] "GET /xingrg/kc/base/wldb_order_operate.html?command=get_materiel&rest_code=00150&base_code=0010445&code=00101019183 HTTP/1.1" 200 435
116.230.114.112 - - [22/May/2021:10:30:19 +0800] "GET /xingrg/kc/buy/cgsh_order_operate.html?command=get_materiel&rest_code=00146&code=00101008067&supplier_code=00100005&order_time=2021-05-22 HTTP/1.1" 200 416
116.224.253.72 - - [22/May/2021:10:30:21 +0800] "GET /xingrg/kc/base/wldb_order_operate.html?command=get_materiel&rest_code=00150&base_code=0010445&code=00101019400 HTTP/1.1" 200 450
116.235.222.38 - - [22/May/2021:10:30:24 +0800] "GET /xingrg/kc/buy/cgsh_order_operate.html?command=get_materiel&rest_code=00107&code=00101020029&supplier_code=00100006&order_time=2021-05-22 HTTP/1.1" 200 413
120.253.135.82 - - [22/May/2021:10:30:27 +0800] "GET /xingrg/all/function/internal_message.html?_=1621650674417&CODE_STATE=getMsg HTTP/1.1" 200 27
222.69.129.150 - - [22/May/2021:10:30:28 +0800] "GET /xingrg/all/function/internal_message.html?_=1621650625430&CODE_STATE=getMsg HTTP/1.1" 200 27
116.230.114.112 - - [22/May/2021:10:30:29 +0800] "GET /xingrg/kc/buy/cgsh_order_operate.html?command=get_materiel&rest_code=00146&code=00101008321&supplier_code=00100005&order_time=2021-05-22 HTTP/1.1" 200 412
116.224.253.72 - - [22/May/2021:10:30:31 +0800] "GET /xingrg/kc/base/wldb_order_operate.html?command=get_materiel&rest_code=00150&base_code=0010445&code=00101019637 HTTP/1.1" 200 434
116.224.253.72 - - [22/May/2021:10:30:38 +0800] "GET /xingrg/kc/base/wldb_order_operate.html?command=get_materiel&rest_code=00150&base_code=0010445&code=00101019306 HTTP/1.1" 200 463
58.221.95.50 - - [22/May/2021:10:30:38 +0800] "GET /xingrg/all/function/internal_message.html?_=1621650635381&CODE_STATE=getMsg HTTP/1.1" 200 27
116.230.114.112 - - [22/May/2021:10:30:40 +0800] "GET /xingrg/kc/buy/cgsh_order_operate.html?command=get_materiel&rest_code=00146&code=00101008270&supplier_code=00100005&order_time=2021-05-22 HTTP/1.1" 200 412
116.235.222.38 - - [22/May/2021:10:30:42 +0800] "GET /xingrg/kc/buy/cgsh_order_operate.html?command=get_materiel&rest_code=00107&code=00101008364&supplier_code=00100006&order_time=2021-05-22 HTTP/1.1" 200 413
116.224.253.72 - - [22/May/2021:10:30:45 +0800] "GET /xingrg/kc/base/wldb_order_operate.html?command=get_materiel&rest_code=00150&base_code=0010445&code=00101014087 HTTP/1.1" 200 426
116.230.114.112 - - [22/May/2021:10:30:50 +0800] "GET /xingrg/kc/buy/cgsh_order_operate.html?command=get_materiel&rest_code=00146&code=00101008115&supplier_code=00100005&order_time=2021-05-22 HTTP/1.1" 200 412
58.37.225.51 - - [22/May/2021:10:30:50 +0800] "GET /xingrg/all/function/internal_message.html?_=1621650649670&CODE_STATE=getMsg HTTP/1.1" 200 27
114.86.187.76 - - [22/May/2021:10:30:51 +0800] "GET /xingrg/kc/buy/cgsh_order_operate.html?command=get_materiel&rest_code=00148&code=00101009036&supplier_code=00100335&order_time=2021-05-22 HTTP/1.1" 200 414
116.230.110.80 - - [22/May/2021:10:30:52 +0800] "GET /xingrg/all/function/internal_message.html?_=1621650646939&CODE_STATE=getMsg HTTP/1.1" 200 27
116.230.110.80 - - [22/May/2021:10:30:52 +0800] "GET /xingrg/check_reg.html?_=1621650646948 HTTP/1.1" 200 22
61.165.42.208 - - [22/May/2021:10:30:54 +0800] "GET /xingrg/all/function/internal_message.html?_=1621650633508&CODE_STATE=getMsg HTTP/1.1" 200 27
114.86.228.175 - - [22/May/2021:10:30:57 +0800] "GET /xingrg/all/function/internal_message.html?_=1621650661681&CODE_STATE=getMsg HTTP/1.1" 200 27
116.230.114.112 - - [22/May/2021:10:30:59 +0800] "GET /xingrg/all/function/internal_message.html?_=1621650677274&CODE_STATE=getMsg HTTP/1.1" 200 27
116.224.253.72 - - [22/May/2021:10:31:01 +0800] "POST /xingrg/kc/base/wldb_order_operate.html HTTP/1.1" 200 37
116.230.114.112 - - [22/May/2021:10:31:02 +0800] "GET /xingrg/kc/buy/cgsh_order_operate.html?command=get_materiel&rest_code=00146&code=00101008017&supplier_code=00100005&order_time=2021-05-22 HTTP/1.1" 200 416
116.224.253.72 - - [22/May/2021:10:31:03 +0800] "POST /xingrg/kc/base/wldb_order_operate.html HTTP/1.1" 200 12
116.224.253.72 - - [22/May/2021:10:31:03 +0800] "POST /xingrg/kc/base/wldb_order_operate.html HTTP/1.1" 200 9611
180.161.111.4 - - [22/May/2021:10:31:03 +0800] "GET /xingrg/all/function/internal_message.html?_=1621650619809&CODE_STATE=getMsg HTTP/1.1" 200 27
116.224.253.72 - - [22/May/2021:10:31:05 +0800] "GET /xingrg/kc/base/wldb_order_info.html?code=422021052202400 HTTP/1.1" 200 26086
116.224.253.72 - - [22/May/2021:10:31:05 +0800] "GET /xingrg/javascript/easyui/themes/default/validatebox.css HTTP/1.1" 404 1104
116.224.253.72 - - [22/May/2021:10:31:05 +0800] "POST /xingrg/kc/base/wldb_order_operate.html HTTP/1.1" 200 7721
117.184.7.26 - - [22/May/2021:10:31:06 +0800] "GET /xingrg/all/function/internal_message.html?_=1621650657181&CODE_STATE=getMsg HTTP/1.1" 302 -
117.184.7.26 - - [22/May/2021:10:31:06 +0800] "GET /xingrg/check_reg.html?_=1621650657181 HTTP/1.1" 302 -
117.184.7.26 - - [22/May/2021:10:31:06 +0800] "GET /xingrg/login.html HTTP/1.1" 200 7641
117.184.7.26 - - [22/May/2021:10:31:06 +0800] "GET /xingrg/login.html HTTP/1.1" 200 7641
116.224.253.72 - - [22/May/2021:10:31:07 +0800] "GET /xingrg/kc/mdqp/qqps_order_list.html HTTP/1.1" 200 9222
116.224.253.72 - - [22/May/2021:10:31:07 +0800] "GET /xingrg/dwr/interface/AjaxQqpsService.js HTTP/1.1" 200 16326
116.224.253.72 - - [22/May/2021:10:31:07 +0800] "GET /xingrg/dwr/interface/AjaxReportQueryService.js HTTP/1.1" 200 13203
116.224.253.72 - - [22/May/2021:10:31:07 +0800] "GET /xingrg/dwr/engine.js HTTP/1.1" 200 43631
116.224.253.72 - - [22/May/2021:10:31:08 +0800] "GET /xingrg/kc/mdqp/qqps_order_add.html HTTP/1.1" 200 28002
116.224.253.72 - - [22/May/2021:10:31:08 +0800] "GET /xingrg/javascript/tools/jquery.qtip-1.0.0-rc3.min.js HTTP/1.1" 304 -
117.185.32.26 - - [22/May/2021:10:31:09 +0800] "GET /xingrg/all/function/internal_message.html?_=1621650676155&CODE_STATE=getMsg HTTP/1.1" 200 27
116.224.253.72 - - [22/May/2021:10:31:09 +0800] "GET /xingrg/dwr/interface/AjaxComOrderService.js HTTP/1.1" 200 18264
116.224.253.72 - - [22/May/2021:10:31:09 +0800] "GET /xingrg/dwr/interface/AjaxQqpsService.js HTTP/1.1" 200 16326
116.224.253.72 - - [22/May/2021:10:31:09 +0800] "GET /xingrg/dwr/engine.js HTTP/1.1" 200 43631
116.224.253.72 - - [22/May/2021:10:31:11 +0800] "GET /xingrg/all/function/internal_message.html?_=1621650646003&CODE_STATE=getMsg HTTP/1.1" 200 27
116.230.114.112 - - [22/May/2021:10:31:11 +0800] "GET /xingrg/kc/buy/cgsh_order_operate.html?command=get_materiel&rest_code=00146&code=00101008027&supplier_code=00100005&order_time=2021-05-22 HTTP/1.1" 200 408
116.235.222.38 - - [22/May/2021:10:31:12 +0800] "GET /xingrg/all/function/internal_message.html?_=1621650661316&CODE_STATE=getMsg HTTP/1.1" 200 27
222.69.129.150 - - [22/May/2021:10:31:18 +0800] "GET /xingrg/kc/buy/cgsh_order_add.html HTTP/1.1" 200 62148
222.69.129.150 - - [22/May/2021:10:31:21 +0800] "GET /xingrg/javascript/easyui/themes/default/validatebox.css HTTP/1.1" 404 1104
222.69.129.150 - - [22/May/2021:10:31:21 +0800] "POST /xingrg/kc/buy/cgsh_order_operate.html HTTP/1.1" 200 8245
61.165.42.208 - - [22/May/2021:10:31:25 +0800] "GET /xingrg/kc/buy/cgsh_order_operate.html?command=get_materiel&rest_code=00105&code=00101009113&supplier_code=00100024&order_time=2021-05-22 HTTP/1.1" 200 398
114.86.187.76 - - [22/May/2021:10:31:25 +0800] "GET /xingrg/kc/buy/cgsh_order_operate.html?command=get_materiel&rest_code=00148&code=00101009034&supplier_code=00100335&order_time=2021-05-22 HTTP/1.1" 200 428
116.230.114.112 - - [22/May/2021:10:31:27 +0800] "GET /xingrg/kc/buy/cgsh_order_operate.html?command=get_materiel&rest_code=00146&code=00101008132&supplier_code=00100005&order_time=2021-05-22 HTTP/1.1" 200 408
120.253.135.82 - - [22/May/2021:10:31:27 +0800] "GET /xingrg/all/function/internal_message.html?_=1621650734430&CODE_STATE=getMsg HTTP/1.1" 200 27
222.69.129.150 - - [22/May/2021:10:31:28 +0800] "GET /xingrg/all/function/internal_message.html?_=1621650685667&CODE_STATE=getMsg HTTP/1.1" 200 27
116.224.253.72 - - [22/May/2021:10:31:30 +0800] "POST /xingrg/dwr/call/plaincall/AjaxQqpsService.saveOrder.dwr HTTP/1.1" 200 78
116.224.253.72 - - [22/May/2021:10:31:34 +0800] "POST /xingrg/dwr/call/plaincall/AjaxQqpsService.getMaterielByCode.dwr HTTP/1.1" 200 3584
116.230.110.80 - - [22/May/2021:10:31:34 +0800] "GET /xingrg/kc/buy/cgsh_order_add.html HTTP/1.1" 200 62063
116.230.110.80 - - [22/May/2021:10:31:34 +0800] "GET /xingrg/words/20210521170455_words.js HTTP/1.1" 304 -
116.230.110.80 - - [22/May/2021:10:31:34 +0800] "POST /xingrg/kc/buy/cgsh_order_operate.html HTTP/1.1" 200 8245
116.230.110.80 - - [22/May/2021:10:31:34 +0800] "GET /xingrg/javascript/easyui/themes/default/validatebox.css HTTP/1.1" 404 1104
116.235.222.38 - - [22/May/2021:10:31:35 +0800] "POST /xingrg/kc/buy/cgsh_order_operate.html HTTP/1.1" 200 2065
116.224.253.72 - - [22/May/2021:10:31:35 +0800] "POST /xingrg/dwr/call/plaincall/AjaxQqpsService.saveMaterielItem.dwr HTTP/1.1" 200 78
222.69.129.150 - - [22/May/2021:10:31:37 +0800] "GET /xingrg/kc/buy/cgsh_order_operate.html?command=get_materiel&rest_code=00149&code=00101011003&supplier_code=00100051&order_time=2021-05-22 HTTP/1.1" 200 413
58.221.95.50 - - [22/May/2021:10:31:38 +0800] "GET /xingrg/all/function/internal_message.html?_=1621650695374&CODE_STATE=getMsg HTTP/1.1" 200 27
116.224.253.72 - - [22/May/2021:10:31:38 +0800] "POST /xingrg/dwr/call/plaincall/AjaxQqpsService.getMaterielByCode.dwr HTTP/1.1" 200 3661
116.224.253.72 - - [22/May/2021:10:31:40 +0800] "POST /xingrg/dwr/call/plaincall/AjaxQqpsService.saveMaterielItem.dwr HTTP/1.1" 200 78
116.224.253.72 - - [22/May/2021:10:31:43 +0800] "POST /xingrg/dwr/call/plaincall/AjaxQqpsService.getMaterielByCode.dwr HTTP/1.1" 200 3630
114.86.187.76 - - [22/May/2021:10:31:43 +0800] "GET /xingrg/kc/buy/cgsh_order_operate.html?command=get_materiel&rest_code=00148&code=00101009052&supplier_code=00100335&order_time=2021-05-22 HTTP/1.1" 200 416
116.230.114.112 - - [22/May/2021:10:31:43 +0800] "GET /xingrg/kc/buy/cgsh_order_operate.html?command=get_materiel&rest_code=00146&code=00101008244&supplier_code=00100005&order_time=2021-05-22 HTTP/1.1" 200 408
116.230.110.80 - - [22/May/2021:10:31:49 +0800] "GET /xingrg/kc/buy/cgsh_order_operate.html?command=get_materiel&rest_code=00155&code=00101008155&supplier_code=00100005&order_time=2021-05-22 HTTP/1.1" 200 408
116.224.253.72 - - [22/May/2021:10:31:49 +0800] "POST /xingrg/dwr/call/plaincall/AjaxQqpsService.saveMaterielItem.dwr HTTP/1.1" 200 78
222.69.129.150 - - [22/May/2021:10:31:50 +0800] "GET /xingrg/kc/buy/cgsh_order_operate.html?command=get_materiel&rest_code=00149&code=00101011005&supplier_code=00100051&order_time=2021-05-22 HTTP/1.1" 200 429
61.129.8.179 - - [22/May/2021:10:31:50 +0800] "GET /xingrg/all/function/internal_message.html?_=1621650649670&CODE_STATE=getMsg HTTP/1.1" 302 -
58.37.225.51 - - [22/May/2021:10:31:50 +0800] "GET /xingrg/all/function/internal_message.html?_=1621650709674&CODE_STATE=getMsg HTTP/1.1" 200 27
61.129.8.179 - - [22/May/2021:10:31:51 +0800] "GET /xingrg/login.html HTTP/1.1" 200 7641
116.230.110.80 - - [22/May/2021:10:31:52 +0800] "GET /xingrg/all/function/internal_message.html?_=1621650706923&CODE_STATE=getMsg HTTP/1.1" 200 27
116.224.253.72 - - [22/May/2021:10:31:52 +0800] "POST /xingrg/dwr/call/plaincall/AjaxQqpsService.checkOrder.dwr HTTP/1.1" 200 78
116.224.253.72 - - [22/May/2021:10:31:53 +0800] "GET /xingrg/kc/mdqp/qqps_order_info.html?code=302021052200469 HTTP/1.1" 200 26409
116.224.253.72 - - [22/May/2021:10:31:53 +0800] "GET /xingrg/dwr/interface/AjaxComOrderService.js HTTP/1.1" 200 18264
116.224.253.72 - - [22/May/2021:10:31:53 +0800] "GET /xingrg/dwr/interface/AjaxQqpsService.js HTTP/1.1" 200 16326
116.224.253.72 - - [22/May/2021:10:31:53 +0800] "GET /xingrg/dwr/engine.js HTTP/1.1" 200 43631
116.224.253.72 - - [22/May/2021:10:31:54 +0800] "POST /xingrg/dwr/call/plaincall/AjaxQqpsService.loadMaterielItems.dwr HTTP/1.1" 200 929
61.165.42.208 - - [22/May/2021:10:31:55 +0800] "GET /xingrg/all/function/internal_message.html?_=1621650693576&CODE_STATE=getMsg HTTP/1.1" 200 27
116.230.114.112 - - [22/May/2021:10:31:56 +0800] "GET /xingrg/kc/buy/cgsh_order_operate.html?command=get_materiel&rest_code=00146&code=00101008186&supplier_code=00100005&order_time=2021-05-22 HTTP/1.1" 200 408
114.86.228.175 - - [22/May/2021:10:31:57 +0800] "GET /xingrg/all/function/internal_message.html?_=1621650721683&CODE_STATE=getMsg HTTP/1.1" 200 27
114.86.228.175 - - [22/May/2021:10:31:57 +0800] "GET /xingrg/check_reg.html?_=1621650721683 HTTP/1.1" 200 22
116.224.253.72 - - [22/May/2021:10:31:57 +0800] "GET /xingrg/kc/base/yddb_order_list.html HTTP/1.1" 200 16590
116.224.253.72 - - [22/May/2021:10:31:57 +0800] "GET /xingrg/css/base.css HTTP/1.1" 304 -
116.224.253.72 - - [22/May/2021:10:31:57 +0800] "GET /xingrg/css/site.css HTTP/1.1" 304 -
116.224.253.72 - - [22/May/2021:10:31:57 +0800] "GET /xingrg/javascript/auto/jquery.autocomplete.css HTTP/1.1" 304 -
116.224.253.72 - - [22/May/2021:10:31:57 +0800] "GET /xingrg/javascript/jquery_tools/datebox.css HTTP/1.1" 304 -
116.224.253.72 - - [22/May/2021:10:31:57 +0800] "GET /xingrg/javascript/jquery_tools/table.css HTTP/1.1" 304 -
116.224.253.72 - - [22/May/2021:10:31:57 +0800] "GET /xingrg/javascript/jquery_tools/jquery.tools.hotkey.js HTTP/1.1" 304 -
116.224.253.72 - - [22/May/2021:10:31:57 +0800] "GET /xingrg/javascript/easyui/themes/icon.css HTTP/1.1" 304 -
116.224.253.72 - - [22/May/2021:10:31:57 +0800] "GET /xingrg/javascript/jquery_tools/fix.css HTTP/1.1" 304 -
116.224.253.72 - - [22/May/2021:10:31:57 +0800] "GET /xingrg/javascript/easyui/themes/default/easyui.css HTTP/1.1" 304 -
116.224.253.72 - - [22/May/2021:10:31:57 +0800] "GET /xingrg/javascript/jquery_tools/jquery.tools.extend.js HTTP/1.1" 304 -
116.224.253.72 - - [22/May/2021:10:31:57 +0800] "GET /xingrg/javascript/jquery_tools/jquery.tools.min.js HTTP/1.1" 304 -
116.224.253.72 - - [22/May/2021:10:31:57 +0800] "GET /xingrg/javascript/jquery_tools/list_manager.js HTTP/1.1" 304 -
116.224.253.72 - - [22/May/2021:10:31:57 +0800] "GET /xingrg/javascript/jquery_tools/jquery.tools.table.js HTTP/1.1" 304 -
116.224.253.72 - - [22/May/2021:10:31:57 +0800] "GET /xingrg/javascript/auto/jquery.autocomplete.js HTTP/1.1" 304 -
116.224.253.72 - - [22/May/2021:10:31:57 +0800] "GET /xingrg/javascript/easyui/easyloader.js HTTP/1.1" 304 -
116.224.253.72 - - [22/May/2021:10:31:57 +0800] "GET /xingrg/javascript/jquery.utils.js HTTP/1.1" 304 -
116.224.253.72 - - [22/May/2021:10:31:57 +0800] "GET /xingrg/javascript/jquery.cookie.js HTTP/1.1" 304 -
116.224.253.72 - - [22/May/2021:10:31:57 +0800] "GET /xingrg/javascript/print/LodopFuncs.js HTTP/1.1" 304 -
116.224.253.72 - - [22/May/2021:10:31:58 +0800] "GET /favicon.ico HTTP/1.1" 404 -
116.224.253.72 - - [22/May/2021:10:31:58 +0800] "GET /xingrg/javascript/easyui/plugins/jquery.parser.js HTTP/1.1" 304 -
116.224.253.72 - - [22/May/2021:10:31:58 +0800] "POST /xingrg/kc/base/yddb_list_operate.html HTTP/1.1" 200 636
116.230.114.112 - - [22/May/2021:10:31:59 +0800] "GET /xingrg/all/function/internal_message.html?_=1621650737288&CODE_STATE=getMsg HTTP/1.1" 200 27
116.230.110.80 - - [22/May/2021:10:31:59 +0800] "GET /xingrg/kc/buy/cgsh_order_operate.html?command=get_materiel&rest_code=00155&code=00101008354&supplier_code=00100005&order_time=2021-05-22 HTTP/1.1" 200 412
116.224.253.72 - - [22/May/2021:10:32:01 +0800] "POST /xingrg/all/user/operate.html HTTP/1.1" 200 36
116.224.253.72 - - [22/May/2021:10:32:01 +0800] "GET /xingrg/javascript/jquery_easy_ui/themes/default/easyui.css HTTP/1.1" 304 -
116.224.253.72 - - [22/May/2021:10:32:01 +0800] "GET /xingrg/index.html?sysBaseUrl=http%3A%2F%2F180.169.147.146%3A18081%2Fxingrg%2F&costTime=41×tamp=1621649861853 HTTP/1.1" 200 17177
116.224.253.72 - - [22/May/2021:10:32:01 +0800] "GET /xingrg/javascript/jquery_easy_ui/themes/icon.css HTTP/1.1" 304 -
116.224.253.72 - - [22/May/2021:10:32:01 +0800] "GET /xingrg/css/form.css HTTP/1.1" 304 -
116.224.253.72 - - [22/May/2021:10:32:01 +0800] "GET /xingrg/javascript/jquery-1.4.2.min.js HTTP/1.1" 304 -
116.224.253.72 - - [22/May/2021:10:32:01 +0800] "GET /xingrg/javascript/jquery_easy_ui/jquery.easyui.min.js HTTP/1.1" 304 -
116.224.253.72 - - [22/May/2021:10:32:01 +0800] "GET /xingrg/javascript/jquery_easy_ui/easyui-lang-zh_CN.js HTTP/1.1" 304 -
116.224.253.72 - - [22/May/2021:10:32:01 +0800] "GET /xingrg/javascript/jquery.form.js HTTP/1.1" 304 -
116.224.253.72 - - [22/May/2021:10:32:01 +0800] "GET /xingrg/javascript/jquery.utils.js HTTP/1.1" 304 -
116.224.253.72 - - [22/May/2021:10:32:01 +0800] "GET /xingrg/javascript/jquery.timers.js HTTP/1.1" 304 -
116.224.253.72 - - [22/May/2021:10:32:01 +0800] "GET /xingrg/images/blue/navBackgound.jpg HTTP/1.1" 304 -
116.224.253.72 - - [22/May/2021:10:32:01 +0800] "GET /xingrg/images/blue/jxLogo.png HTTP/1.1" 304 -
116.224.253.72 - - [22/May/2021:10:32:02 +0800] "GET /xingrg/javascript/jquery_easy_ui/themes/icons/settle_new.png HTTP/1.1" 304 -
116.224.253.72 - - [22/May/2021:10:32:02 +0800] "POST /xingrg/all/common/load_tree.html?tree=area_rest_tree_json&manage=1 HTTP/1.1" 200 476
116.224.253.72 - - [22/May/2021:10:32:02 +0800] "GET /xingrg/images/blue/pingpu.png HTTP/1.1" 304 -
116.224.253.72 - - [22/May/2021:10:32:02 +0800] "GET /xingrg/javascript/jquery_easy_ui/themes/default/images/tabs_leftarrow.png HTTP/1.1" 304 -
116.224.253.72 - - [22/May/2021:10:32:02 +0800] "GET /xingrg/javascript/jquery_easy_ui/themes/default/images/tabs_rightarrow.png HTTP/1.1" 304 -
116.224.253.72 - - [22/May/2021:10:32:02 +0800] "GET /xingrg/javascript/jquery_easy_ui/themes/default/images/panel_tool_collapse.gif HTTP/1.1" 304 -
116.224.253.72 - - [22/May/2021:10:32:02 +0800] "GET /xingrg/all/function/internal_message.html?_=1621650696774&CODE_STATE=count HTTP/1.1" 200 11
116.224.253.72 - - [22/May/2021:10:32:02 +0800] "GET /xingrg/check_reg.html?_=1621650696774 HTTP/1.1" 200 22
116.224.253.72 - - [22/May/2021:10:32:02 +0800] "POST /xingrg/load_menu.html HTTP/1.1" 200 5138
180.161.111.4 - - [22/May/2021:10:32:03 +0800] "GET /xingrg/all/function/internal_message.html?_=1621650679814&CODE_STATE=getMsg HTTP/1.1" 200 27
116.224.253.72 - - [22/May/2021:10:32:04 +0800] "GET /xingrg/kc/base/yddb_order_list.html HTTP/1.1" 200 16588
116.224.253.72 - - [22/May/2021:10:32:04 +0800] "POST /xingrg/kc/base/yddb_list_operate.html HTTP/1.1" 200 636
117.184.7.26 - - [22/May/2021:10:32:06 +0800] "GET /xingrg/all/function/internal_message.html?_=1621650717180&CODE_STATE=getMsg HTTP/1.1" 302 -
117.184.7.26 - - [22/May/2021:10:32:06 +0800] "GET /xingrg/login.html HTTP/1.1" 200 7641
116.230.110.80 - - [22/May/2021:10:32:07 +0800] "GET /xingrg/kc/buy/cgsh_order_operate.html?command=get_materiel&rest_code=00155&code=00101008358&supplier_code=00100005&order_time=2021-05-22 HTTP/1.1" 200 412
116.224.253.72 - - [22/May/2021:10:32:08 +0800] "POST /xingrg/kc/base/yddb_list_operate.html HTTP/1.1" 200 2898
117.185.32.26 - - [22/May/2021:10:32:08 +0800] "GET /xingrg/all/function/internal_message.html?_=1621650736135&CODE_STATE=getMsg HTTP/1.1" 200 27
116.235.222.38 - - [22/May/2021:10:32:10 +0800] "GET /xingrg/kc/buy/cgsh_order_operate.html?command=get_materiel&rest_code=00107&code=00101008359&supplier_code=00100006&order_time=2021-05-22 HTTP/1.1" 200 408
58.37.225.51 - - [22/May/2021:10:32:10 +0800] "GET /xingrg/check_reg.html?_=1621650679472 HTTP/1.1" 302 -
116.224.253.72 - - [22/May/2021:10:32:11 +0800] "POST /xingrg/kc/base/yddb_list_operate.html HTTP/1.1" 200 283
116.224.253.72 - - [22/May/2021:10:32:12 +0800] "GET /xingrg/kc/base/yddb_order_info.html?code=482021052200161 HTTP/1.1" 200 31031
116.224.253.72 - - [22/May/2021:10:32:12 +0800] "GET /xingrg/dwr/interface/AjaxYddbService.js HTTP/1.1" 200 13201
116.224.253.72 - - [22/May/2021:10:32:12 +0800] "GET /xingrg/dwr/interface/AjaxComOrderService.js HTTP/1.1" 200 18264
116.224.253.72 - - [22/May/2021:10:32:12 +0800] "GET /xingrg/dwr/engine.js HTTP/1.1" 200 43631
116.224.253.72 - - [22/May/2021:10:32:12 +0800] "POST /xingrg/dwr/call/plaincall/AjaxYddbService.loadMaterielItems.dwr HTTP/1.1" 200 762
116.235.222.38 - - [22/May/2021:10:32:12 +0800] "GET /xingrg/all/function/internal_message.html?_=1621650721517&CODE_STATE=getMsg HTTP/1.1" 200 27
116.230.110.80 - - [22/May/2021:10:32:12 +0800] "GET /xingrg/kc/buy/cgsh_order_operate.html?command=get_materiel&rest_code=00155&code=00101008290&supplier_code=00100005&order_time=2021-05-22 HTTP/1.1" 200 416
222.69.129.150 - - [22/May/2021:10:32:15 +0800] "POST /xingrg/kc/buy/cgsh_order_operate.html HTTP/1.1" 200 37
116.224.253.72 - - [22/May/2021:10:32:17 +0800] "POST /xingrg/dwr/call/plaincall/AjaxYddbService.saveOrder.dwr HTTP/1.1" 200 78
116.230.114.112 - - [22/May/2021:10:32:17 +0800] "GET /xingrg/kc/buy/cgsh_order_operate.html?command=get_materiel&rest_code=00146&code=00101008003&supplier_code=00100005&order_time=2021-05-22 HTTP/1.1" 200 408
116.230.110.80 - - [22/May/2021:10:32:19 +0800] "GET /xingrg/kc/buy/cgsh_order_operate.html?command=get_materiel&rest_code=00155&code=00101008003&supplier_code=00100005&order_time=2021-05-22 HTTP/1.1" 200 408
222.69.129.150 - - [22/May/2021:10:32:22 +0800] "POST /xingrg/kc/buy/cgsh_order_operate.html HTTP/1.1" 200 12
116.224.253.72 - - [22/May/2021:10:32:24 +0800] "POST /xingrg/dwr/call/plaincall/AjaxYddbService.objCheckOrder.dwr HTTP/1.1" 200 78
222.69.129.150 - - [22/May/2021:10:32:24 +0800] "GET /xingrg/kc/buy/cgsh_order_info.html?code=212021052209838 HTTP/1.1" 200 57050
116.224.253.72 - - [22/May/2021:10:32:26 +0800] "GET /xingrg/kc/base/yddb_order_info.html?code=482021052200161 HTTP/1.1" 200 31156
116.224.253.72 - - [22/May/2021:10:32:26 +0800] "GET /xingrg/dwr/interface/AjaxYddbService.js HTTP/1.1" 200 13201
116.224.253.72 - - [22/May/2021:10:32:26 +0800] "GET /xingrg/dwr/interface/AjaxComOrderService.js HTTP/1.1" 200 18264
116.224.253.72 - - [22/May/2021:10:32:26 +0800] "GET /xingrg/dwr/engine.js HTTP/1.1" 200 43631
116.224.253.72 - - [22/May/2021:10:32:26 +0800] "POST /xingrg/dwr/call/plaincall/AjaxYddbService.loadMaterielItems.dwr HTTP/1.1" 200 762
120.253.135.82 - - [22/May/2021:10:32:27 +0800] "GET /xingrg/all/function/internal_message.html?_=1621650794450&CODE_STATE=getMsg HTTP/1.1" 200 27
116.230.110.80 - - [22/May/2021:10:32:27 +0800] "GET /xingrg/kc/buy/cgsh_order_operate.html?command=get_materiel&rest_code=00155&code=00101008355&supplier_code=00100005&order_time=2021-05-22 HTTP/1.1" 200 408
222.69.129.150 - - [22/May/2021:10:32:28 +0800] "GET /xingrg/javascript/easyui/themes/default/validatebox.css HTTP/1.1" 404 1104
222.69.129.150 - - [22/May/2021:10:32:28 +0800] "GET /xingrg/all/function/internal_message.html?_=1621650745643&CODE_STATE=getMsg HTTP/1.1" 200 27
61.165.42.208 - - [22/May/2021:10:32:30 +0800] "POST /xingrg/kc/buy/cgsh_order_operate.html HTTP/1.1" 200 37
222.69.129.150 - - [22/May/2021:10:32:30 +0800] "POST /xingrg/kc/buy/cgsh_order_operate.html HTTP/1.1" 200 1197
61.165.42.208 - - [22/May/2021:10:32:31 +0800] "POST /xingrg/kc/buy/cgsh_order_operate.html HTTP/1.1" 200 10973
222.69.129.150 - - [22/May/2021:10:32:31 +0800] "GET /xingrg/kc/print/load_data.html?order_code=212021052209838&kc_code=cgsh&condition= HTTP/1.1" 200 948
116.235.222.38 - - [22/May/2021:10:32:32 +0800] "GET /xingrg/kc/buy/cgsh_order_operate.html?command=get_materiel&rest_code=00107&code=00101008291&supplier_code=00100006&order_time=2021-05-22 HTTP/1.1" 200 408
116.230.110.80 - - [22/May/2021:10:32:34 +0800] "GET /xingrg/kc/buy/cgsh_order_operate.html?command=get_materiel&rest_code=00155&code=00101008357&supplier_code=00100005&order_time=2021-05-22 HTTP/1.1" 200 408
61.165.42.208 - - [22/May/2021:10:32:35 +0800] "GET /xingrg/kc/print/load_data.html?order_code=212021052209839&kc_code=cgsh&condition= HTTP/1.1" 200 3845
116.235.222.38 - - [22/May/2021:10:32:35 +0800] "POST /xingrg/kc/buy/cgsh_order_operate.html HTTP/1.1" 200 2065
58.221.95.50 - - [22/May/2021:10:32:38 +0800] "GET /xingrg/all/function/internal_message.html?_=1621650755375&CODE_STATE=getMsg HTTP/1.1" 200 27
116.230.114.112 - - [22/May/2021:10:32:41 +0800] "GET /xingrg/kc/buy/cgsh_order_operate.html?command=get_materiel&rest_code=00146&code=00101008264&supplier_code=00100005&order_time=2021-05-22 HTTP/1.1" 200 412
116.235.222.38 - - [22/May/2021:10:32:44 +0800] "GET /xingrg/kc/buy/cgsh_order_operate.html?command=get_materiel&rest_code=00107&code=00101008297&supplier_code=00100006&order_time=2021-05-22 HTTP/1.1" 200 412
114.86.187.76 - - [22/May/2021:10:32:47 +0800] "POST /xingrg/kc/buy/cgsh_order_operate.html HTTP/1.1" 200 37
114.86.187.76 - - [22/May/2021:10:32:49 +0800] "POST /xingrg/kc/buy/cgsh_order_operate.html HTTP/1.1" 200 2666
58.37.225.51 - - [22/May/2021:10:32:50 +0800] "GET /xingrg/all/function/internal_message.html?_=1621650769677&CODE_STATE=getMsg HTTP/1.1" 200 27
61.129.7.236 - - [22/May/2021:10:32:51 +0800] "GET /xingrg/all/function/internal_message.html?_=1621650709674&CODE_STATE=getMsg HTTP/1.1" 302 -
116.230.110.80 - - [22/May/2021:10:32:52 +0800] "GET /xingrg/all/function/internal_message.html?_=1621650766925&CODE_STATE=getMsg HTTP/1.1" 200 27
61.129.7.236 - - [22/May/2021:10:32:52 +0800] "GET /xingrg/login.html HTTP/1.1" 200 7641
116.230.114.112 - - [22/May/2021:10:32:53 +0800] "GET /xingrg/kc/buy/cgsh_order_operate.html?command=get_materiel&rest_code=00146&code=00101008356&supplier_code=00100005&order_time=2021-05-22 HTTP/1.1" 200 408
114.86.187.76 - - [22/May/2021:10:32:54 +0800] "GET /xingrg/kc/buy/cgsh_order_add.html HTTP/1.1" 200 62101
114.86.187.76 - - [22/May/2021:10:32:54 +0800] "POST /xingrg/kc/buy/cgsh_order_operate.html HTTP/1.1" 200 8245
61.165.42.208 - - [22/May/2021:10:32:55 +0800] "GET /xingrg/all/function/internal_message.html?_=1621650753566&CODE_STATE=getMsg HTTP/1.1" 200 27
114.86.187.76 - - [22/May/2021:10:32:55 +0800] "GET /xingrg/javascript/easyui/themes/default/validatebox.css HTTP/1.1" 404 1104
116.235.222.38 - - [22/May/2021:10:32:56 +0800] "GET /xingrg/kc/buy/cgsh_order_operate.html?command=get_materiel&rest_code=00107&code=00101009113&supplier_code=00100006&order_time=2021-05-22 HTTP/1.1" 200 400
114.86.228.175 - - [22/May/2021:10:32:57 +0800] "GET /xingrg/all/function/internal_message.html?_=1621650781685&CODE_STATE=getMsg HTTP/1.1" 200 27
116.230.114.112 - - [22/May/2021:10:32:59 +0800] "GET /xingrg/all/function/internal_message.html?_=1621650797302&CODE_STATE=getMsg HTTP/1.1" 200 27
116.230.110.80 - - [22/May/2021:10:33:00 +0800] "GET /xingrg/kc/buy/cgsh_order_operate.html?command=get_materiel&rest_code=00155&code=00101010271&supplier_code=00100005&order_time=2021-05-22 HTTP/1.1" 200 421
116.230.114.112 - - [22/May/2021:10:33:01 +0800] "GET /xingrg/kc/buy/cgsh_order_operate.html?command=get_materiel&rest_code=00146&code=00101008212&supplier_code=00100005&order_time=2021-05-22 HTTP/1.1" 200 412
116.224.253.72 - - [22/May/2021:10:33:02 +0800] "GET /xingrg/all/function/internal_message.html?_=1621650756779&CODE_STATE=getMsg HTTP/1.1" 200 27
180.161.111.4 - - [22/May/2021:10:33:02 +0800] "GET /xingrg/check_reg.html?_=1621650738732 HTTP/1.1" 200 22
180.161.111.4 - - [22/May/2021:10:33:03 +0800] "GET /xingrg/all/function/internal_message.html?_=1621650739828&CODE_STATE=getMsg HTTP/1.1" 200 27
117.184.7.26 - - [22/May/2021:10:33:06 +0800] "GET /xingrg/all/function/internal_message.html?_=1621650777181&CODE_STATE=getMsg HTTP/1.1" 302 -
117.184.7.26 - - [22/May/2021:10:33:06 +0800] "GET /xingrg/login.html HTTP/1.1" 200 7641
117.185.32.26 - - [22/May/2021:10:33:08 +0800] "GET /xingrg/all/function/internal_message.html?_=1621650796103&CODE_STATE=getMsg HTTP/1.1" 200 27
117.185.32.26 - - [22/May/2021:10:33:09 +0800] "GET /xingrg/kc/buy/cgsh_order_add.html HTTP/1.1" 200 62101
117.185.32.26 - - [22/May/2021:10:33:10 +0800] "POST /xingrg/kc/buy/cgsh_order_operate.html HTTP/1.1" 200 8245
117.185.32.26 - - [22/May/2021:10:33:10 +0800] "GET /xingrg/javascript/easyui/themes/default/validatebox.css HTTP/1.1" 404 1104
116.230.110.80 - - [22/May/2021:10:33:10 +0800] "GET /xingrg/kc/buy/cgsh_order_operate.html?command=get_materiel&rest_code=00155&code=00101008108&supplier_code=00100005&order_time=2021-05-22 HTTP/1.1" 200 412
116.235.222.38 - - [22/May/2021:10:33:12 +0800] "GET /xingrg/check_reg.html?_=1621650781323 HTTP/1.1" 200 22
116.235.222.38 - - [22/May/2021:10:33:12 +0800] "GET /xingrg/all/function/internal_message.html?_=1621650781502&CODE_STATE=getMsg HTTP/1.1" 200 27
117.185.32.26 - - [22/May/2021:10:33:13 +0800] "GET /xingrg/javascript/easyui/themes/default/tree.css HTTP/1.1" 404 1090
117.185.32.26 - - [22/May/2021:10:33:13 +0800] "POST /xingrg/all/common/load_tree.html?tree=supplier_tree_json&isDelete=1 HTTP/1.1" 200 55437
116.230.114.112 - - [22/May/2021:10:33:14 +0800] "GET /xingrg/kc/buy/cgsh_order_operate.html?command=get_materiel&rest_code=00146&code=00101008196&supplier_code=00100005&order_time=2021-05-22 HTTP/1.1" 200 416
61.165.42.208 - - [22/May/2021:10:33:15 +0800] "GET /xingrg/kc/buy/cgsh_order_add.html HTTP/1.1" 200 62142
61.165.42.208 - - [22/May/2021:10:33:15 +0800] "GET /xingrg/words/20210521170455_words.js HTTP/1.1" 304 -
61.165.42.208 - - [22/May/2021:10:33:16 +0800] "GET /xingrg/javascript/easyui/themes/default/validatebox.css HTTP/1.1" 404 1104
61.165.42.208 - - [22/May/2021:10:33:16 +0800] "POST /xingrg/kc/buy/cgsh_order_operate.html HTTP/1.1" 200 8245
116.230.110.80 - - [22/May/2021:10:33:16 +0800] "GET /xingrg/kc/buy/cgsh_order_operate.html?command=get_materiel&rest_code=00155&code=00101008298&supplier_code=00100005&order_time=2021-05-22 HTTP/1.1" 200 412
116.230.114.112 - - [22/May/2021:10:33:17 +0800] "POST /xingrg/kc/buy/cgsh_order_operate.html HTTP/1.1" 200 2065
114.86.187.76 - - [22/May/2021:10:33:17 +0800] "GET /xingrg/kc/buy/cgsh_order_operate.html?command=get_materiel&rest_code=00148&code=00101001060&supplier_code=00100442&order_time=2021-05-22 HTTP/1.1" 200 421
58.37.225.51 - - [22/May/2021:10:33:20 +0800] "POST /xingrg/kc/buy/cgsh_order_operate.html HTTP/1.1" 200 37
116.224.253.72 - - [22/May/2021:10:33:22 +0800] "POST /xingrg/kc/base/yddb_list_operate.html HTTP/1.1" 200 546
116.224.253.72 - - [22/May/2021:10:33:23 +0800] "GET /xingrg/kc/base/yddb_order_info.html?code=482021052200160 HTTP/1.1" 200 31032
116.224.253.72 - - [22/May/2021:10:33:23 +0800] "GET /xingrg/dwr/interface/AjaxComOrderService.js HTTP/1.1" 200 18264
116.224.253.72 - - [22/May/2021:10:33:23 +0800] "GET /xingrg/dwr/interface/AjaxYddbService.js HTTP/1.1" 200 13201
116.224.253.72 - - [22/May/2021:10:33:23 +0800] "GET /xingrg/dwr/engine.js HTTP/1.1" 200 43631
222.69.129.150 - - [22/May/2021:10:33:23 +0800] "GET /xingrg/check_reg.html?_=1621650799956 HTTP/1.1" 200 22
116.224.253.72 - - [22/May/2021:10:33:23 +0800] "POST /xingrg/dwr/call/plaincall/AjaxYddbService.loadMaterielItems.dwr HTTP/1.1" 200 1894
116.230.114.112 - - [22/May/2021:10:33:24 +0800] "GET /xingrg/kc/buy/cgsh_order_operate.html?command=get_materiel&rest_code=00146&code=00101008357&supplier_code=00100005&order_time=2021-05-22 HTTP/1.1" 200 408
58.37.225.51 - - [22/May/2021:10:33:26 +0800] "POST /xingrg/kc/buy/cgsh_order_operate.html HTTP/1.1" 200 12
116.230.110.80 - - [22/May/2021:10:33:26 +0800] "GET /xingrg/kc/buy/cgsh_order_operate.html?command=get_materiel&rest_code=00155&code=00101008091&supplier_code=00100005&order_time=2021-05-22 HTTP/1.1" 200 412
116.224.253.72 - - [22/May/2021:10:33:27 +0800] "POST /xingrg/dwr/call/plaincall/AjaxYddbService.saveOrder.dwr HTTP/1.1" 200 78
120.253.135.82 - - [22/May/2021:10:33:27 +0800] "GET /xingrg/all/function/internal_message.html?_=1621650854458&CODE_STATE=getMsg HTTP/1.1" 200 27
117.185.32.26 - - [22/May/2021:10:33:28 +0800] "GET /xingrg/kc/buy/cgsh_order_operate.html?command=get_materiel&rest_code=00106&code=00101010045&supplier_code=00100347&order_time=2021-05-22 HTTP/1.1" 200 420
222.69.129.150 - - [22/May/2021:10:33:28 +0800] "GET /xingrg/all/function/internal_message.html?_=1621650805622&CODE_STATE=getMsg HTTP/1.1" 200 27
116.224.253.72 - - [22/May/2021:10:33:31 +0800] "POST /xingrg/dwr/call/plaincall/AjaxYddbService.objCheckOrder.dwr HTTP/1.1" 200 78
116.224.253.72 - - [22/May/2021:10:33:31 +0800] "GET /xingrg/kc/base/yddb_order_info.html?code=482021052200160 HTTP/1.1" 200 31157
116.224.253.72 - - [22/May/2021:10:33:31 +0800] "GET /xingrg/dwr/interface/AjaxComOrderService.js HTTP/1.1" 200 18264
116.224.253.72 - - [22/May/2021:10:33:31 +0800] "GET /xingrg/dwr/interface/AjaxYddbService.js HTTP/1.1" 200 13201
116.224.253.72 - - [22/May/2021:10:33:31 +0800] "GET /xingrg/dwr/engine.js HTTP/1.1" 200 43631
116.224.253.72 - - [22/May/2021:10:33:32 +0800] "POST /xingrg/dwr/call/plaincall/AjaxYddbService.loadMaterielItems.dwr HTTP/1.1" 200 1894
