116.230.110.80 - - [21/May/2021:08:35:54 +0800] "GET /xingrg/check_reg.html?_=1621557349767 HTTP/1.1" 200 22
120.253.135.82 - - [21/May/2021:08:35:54 +0800] "GET /xingrg/all/function/internal_message.html?_=1621557474924&CODE_STATE=getMsg HTTP/1.1" 200 27
180.161.127.67 - - [21/May/2021:08:35:55 +0800] "GET /xingrg/kc/buy/cgsh_order_operate.html?command=get_materiel&rest_code=00102&code=00101006110&supplier_code=00100096&order_time=2021-05-21 HTTP/1.1" 200 408
180.169.147.146 - - [21/May/2021:08:35:59 +0800] "GET /xingrg/all/function/internal_message.html?_=1621557350264&CODE_STATE=getMsg HTTP/1.1" 200 27
117.184.7.30 - - [21/May/2021:08:36:02 +0800] "GET /xingrg/all/function/internal_message.html?_=1621557355508&CODE_STATE=getMsg HTTP/1.1" 302 -
117.184.7.30 - - [21/May/2021:08:36:02 +0800] "GET /xingrg/check_reg.html?_=1621557355508 HTTP/1.1" 302 -
117.184.7.30 - - [21/May/2021:08:36:02 +0800] "GET /xingrg/login.html HTTP/1.1" 200 7641
117.184.7.30 - - [21/May/2021:08:36:02 +0800] "GET /xingrg/login.html HTTP/1.1" 200 7641
180.161.127.67 - - [21/May/2021:08:36:15 +0800] "GET /xingrg/kc/buy/cgsh_order_operate.html?command=get_materiel&rest_code=00102&code=00101006112&supplier_code=00100096&order_time=2021-05-21 HTTP/1.1" 200 411
116.224.253.72 - - [21/May/2021:08:36:19 +0800] "GET /xingrg/all/function/internal_message.html?_=1621557376944&CODE_STATE=getMsg HTTP/1.1" 200 27
116.230.114.112 - - [21/May/2021:08:36:21 +0800] "GET /xingrg/all/function/internal_message.html?_=1621557395806&CODE_STATE=getMsg HTTP/1.1" 200 27
180.161.127.67 - - [21/May/2021:08:36:35 +0800] "GET /xingrg/kc/buy/cgsh_order_operate.html?command=get_materiel&rest_code=00102&code=00101006115&supplier_code=00100096&order_time=2021-05-21 HTTP/1.1" 200 410
116.235.95.160 - - [21/May/2021:08:36:38 +0800] "GET /xingrg/all/function/internal_message.html?_=1621557486100&CODE_STATE=getMsg HTTP/1.1" 200 27
117.184.7.30 - - [21/May/2021:08:36:46 +0800] "GET /xingrg/login.html HTTP/1.1" 200 7641
180.161.127.67 - - [21/May/2021:08:36:50 +0800] "GET /xingrg/check_reg.html?_=1621557367831 HTTP/1.1" 200 22
180.161.127.67 - - [21/May/2021:08:36:51 +0800] "GET /xingrg/all/function/internal_message.html?_=1621557368595&CODE_STATE=getMsg HTTP/1.1" 200 27
116.230.110.80 - - [21/May/2021:08:36:54 +0800] "GET /xingrg/all/function/internal_message.html?_=1621557409758&CODE_STATE=getMsg HTTP/1.1" 200 27
120.253.135.82 - - [21/May/2021:08:36:54 +0800] "GET /xingrg/all/function/internal_message.html?_=1621557534931&CODE_STATE=getMsg HTTP/1.1" 200 27
180.161.127.67 - - [21/May/2021:08:36:54 +0800] "GET /xingrg/kc/buy/cgsh_order_operate.html?command=get_materiel&rest_code=00102&code=00101007076&supplier_code=00100096&order_time=2021-05-21 HTTP/1.1" 200 410
117.184.7.30 - - [21/May/2021:08:36:57 +0800] "GET /favicon.ico HTTP/1.1" 404 -
180.169.147.146 - - [21/May/2021:08:36:59 +0800] "GET /xingrg/all/function/internal_message.html?_=1621557410278&CODE_STATE=getMsg HTTP/1.1" 200 27
117.184.7.30 - - [21/May/2021:08:37:02 +0800] "GET /xingrg/all/function/internal_message.html?_=1621557415509&CODE_STATE=getMsg HTTP/1.1" 302 -
117.184.7.30 - - [21/May/2021:08:37:02 +0800] "GET /xingrg/login.html HTTP/1.1" 200 7641
117.184.7.30 - - [21/May/2021:08:37:06 +0800] "GET /xingrg/login.html HTTP/1.1" 200 7641
117.184.7.30 - - [21/May/2021:08:37:06 +0800] "GET /favicon.ico HTTP/1.1" 404 -
116.224.253.72 - - [21/May/2021:08:37:19 +0800] "GET /xingrg/all/function/internal_message.html?_=1621557436944&CODE_STATE=getMsg HTTP/1.1" 200 27
116.230.114.112 - - [21/May/2021:08:37:21 +0800] "GET /xingrg/all/function/internal_message.html?_=1621557455818&CODE_STATE=getMsg HTTP/1.1" 200 27
180.161.127.67 - - [21/May/2021:08:37:21 +0800] "GET /xingrg/kc/buy/cgsh_order_operate.html?command=get_materiel&rest_code=00102&code=00101012038&supplier_code=00100096&order_time=2021-05-21 HTTP/1.1" 200 412
180.161.127.67 - - [21/May/2021:08:37:35 +0800] "GET /xingrg/kc/buy/cgsh_order_operate.html?command=get_materiel&rest_code=00102&code=00101001060&supplier_code=00100096&order_time=2021-05-21 HTTP/1.1" 200 421
116.235.95.160 - - [21/May/2021:08:37:38 +0800] "GET /xingrg/all/function/internal_message.html?_=1621557546100&CODE_STATE=getMsg HTTP/1.1" 200 27
180.161.127.67 - - [21/May/2021:08:37:51 +0800] "GET /xingrg/all/function/internal_message.html?_=1621557428601&CODE_STATE=getMsg HTTP/1.1" 200 27
120.253.135.82 - - [21/May/2021:08:37:53 +0800] "GET /xingrg/check_reg.html?_=1621557594199 HTTP/1.1" 200 22
116.230.110.80 - - [21/May/2021:08:37:54 +0800] "GET /xingrg/all/function/internal_message.html?_=1621557469765&CODE_STATE=getMsg HTTP/1.1" 200 27
120.253.135.82 - - [21/May/2021:08:37:54 +0800] "GET /xingrg/all/function/internal_message.html?_=1621557594943&CODE_STATE=getMsg HTTP/1.1" 200 27
180.161.127.67 - - [21/May/2021:08:37:57 +0800] "POST /xingrg/kc/buy/cgsh_order_operate.html HTTP/1.1" 200 37
180.169.147.146 - - [21/May/2021:08:37:59 +0800] "GET /xingrg/all/function/internal_message.html?_=1621557470277&CODE_STATE=getMsg HTTP/1.1" 200 27
180.161.127.67 - - [21/May/2021:08:38:00 +0800] "POST /xingrg/kc/buy/cgsh_order_operate.html HTTP/1.1" 200 9794
117.184.7.30 - - [21/May/2021:08:38:02 +0800] "GET /xingrg/all/function/internal_message.html?_=1621557475508&CODE_STATE=getMsg HTTP/1.1" 302 -
117.184.7.30 - - [21/May/2021:08:38:02 +0800] "GET /xingrg/login.html HTTP/1.1" 200 7641
180.161.127.67 - - [21/May/2021:08:38:02 +0800] "GET /xingrg/kc/buy/cgsh_order_add.html HTTP/1.1" 200 61950
180.161.127.67 - - [21/May/2021:08:38:03 +0800] "POST /xingrg/kc/buy/cgsh_order_operate.html HTTP/1.1" 200 8245
180.161.127.67 - - [21/May/2021:08:38:04 +0800] "GET /xingrg/javascript/easyui/themes/default/validatebox.css HTTP/1.1" 404 1104
180.161.127.67 - - [21/May/2021:08:38:15 +0800] "GET /xingrg/kc/buy/cgsh_order_operate.html?command=get_materiel&rest_code=00102&code=00101006039&supplier_code=00100096&order_time=2021-05-21 HTTP/1.1" 200 415
116.224.253.72 - - [21/May/2021:08:38:19 +0800] "GET /xingrg/all/function/internal_message.html?_=1621557496944&CODE_STATE=getMsg HTTP/1.1" 200 27
116.230.114.112 - - [21/May/2021:08:38:21 +0800] "GET /xingrg/all/function/internal_message.html?_=1621557515835&CODE_STATE=getMsg HTTP/1.1" 200 27
116.235.95.160 - - [21/May/2021:08:38:38 +0800] "GET /xingrg/all/function/internal_message.html?_=1621557606096&CODE_STATE=getMsg HTTP/1.1" 200 27
116.235.95.160 - - [21/May/2021:08:38:38 +0800] "GET /xingrg/check_reg.html?_=1621557606097 HTTP/1.1" 200 22
180.161.127.67 - - [21/May/2021:08:38:51 +0800] "GET /xingrg/all/function/internal_message.html?_=1621557488621&CODE_STATE=getMsg HTTP/1.1" 200 27
116.230.110.80 - - [21/May/2021:08:38:54 +0800] "GET /xingrg/all/function/internal_message.html?_=1621557529756&CODE_STATE=getMsg HTTP/1.1" 200 27
120.253.135.82 - - [21/May/2021:08:38:54 +0800] "GET /xingrg/all/function/internal_message.html?_=1621557654957&CODE_STATE=getMsg HTTP/1.1" 200 27
180.169.147.146 - - [21/May/2021:08:38:59 +0800] "GET /xingrg/check_reg.html?_=1621557530275 HTTP/1.1" 200 22
180.169.147.146 - - [21/May/2021:08:38:59 +0800] "GET /xingrg/all/function/internal_message.html?_=1621557530276&CODE_STATE=getMsg HTTP/1.1" 200 27
117.184.7.30 - - [21/May/2021:08:39:02 +0800] "GET /xingrg/all/function/internal_message.html?_=1621557535509&CODE_STATE=getMsg HTTP/1.1" 302 -
117.184.7.30 - - [21/May/2021:08:39:02 +0800] "GET /xingrg/login.html HTTP/1.1" 200 7641
116.224.253.72 - - [21/May/2021:08:39:19 +0800] "GET /xingrg/all/function/internal_message.html?_=1621557556944&CODE_STATE=getMsg HTTP/1.1" 200 27
116.230.114.112 - - [21/May/2021:08:39:21 +0800] "GET /xingrg/all/function/internal_message.html?_=1621557575846&CODE_STATE=getMsg HTTP/1.1" 200 27
116.235.95.160 - - [21/May/2021:08:39:38 +0800] "GET /xingrg/all/function/internal_message.html?_=1621557666120&CODE_STATE=getMsg HTTP/1.1" 200 27
180.161.127.67 - - [21/May/2021:08:39:51 +0800] "GET /xingrg/all/function/internal_message.html?_=1621557548749&CODE_STATE=getMsg HTTP/1.1" 200 27
116.230.110.80 - - [21/May/2021:08:39:54 +0800] "GET /xingrg/all/function/internal_message.html?_=1621557589772&CODE_STATE=getMsg HTTP/1.1" 200 27
120.253.135.82 - - [21/May/2021:08:39:54 +0800] "GET /xingrg/all/function/internal_message.html?_=1621557714972&CODE_STATE=getMsg HTTP/1.1" 200 27
180.169.147.146 - - [21/May/2021:08:39:59 +0800] "GET /xingrg/all/function/internal_message.html?_=1621557590275&CODE_STATE=getMsg HTTP/1.1" 200 27
117.184.7.30 - - [21/May/2021:08:40:02 +0800] "GET /xingrg/all/function/internal_message.html?_=1621557595510&CODE_STATE=getMsg HTTP/1.1" 302 -
117.184.7.30 - - [21/May/2021:08:40:02 +0800] "GET /xingrg/login.html HTTP/1.1" 200 7641
120.253.135.82 - - [21/May/2021:08:40:07 +0800] "GET /xingrg/check_reg.html?_=1621557655954 HTTP/1.1" 200 22
116.224.253.72 - - [21/May/2021:08:40:19 +0800] "GET /xingrg/all/function/internal_message.html?_=1621557616974&CODE_STATE=getMsg HTTP/1.1" 200 27
116.224.253.72 - - [21/May/2021:08:40:19 +0800] "GET /xingrg/check_reg.html?_=1621557616976 HTTP/1.1" 200 22
116.230.114.112 - - [21/May/2021:08:40:19 +0800] "GET /xingrg/check_reg.html?_=1621557634365 HTTP/1.1" 200 22
116.230.114.112 - - [21/May/2021:08:40:21 +0800] "GET /xingrg/all/function/internal_message.html?_=1621557635859&CODE_STATE=getMsg HTTP/1.1" 200 27
180.161.127.67 - - [21/May/2021:08:40:37 +0800] "GET /xingrg/kc/buy/cgsh_order_operate.html?command=get_materiel&rest_code=00102&code=00101006109&supplier_code=00100096&order_time=2021-05-21 HTTP/1.1" 200 409
116.235.95.160 - - [21/May/2021:08:40:38 +0800] "GET /xingrg/all/function/internal_message.html?_=1621557726118&CODE_STATE=getMsg HTTP/1.1" 200 27
180.161.127.67 - - [21/May/2021:08:40:51 +0800] "GET /xingrg/all/function/internal_message.html?_=1621557608768&CODE_STATE=getMsg HTTP/1.1" 200 27
180.161.127.67 - - [21/May/2021:08:40:52 +0800] "GET /xingrg/kc/buy/cgsh_order_operate.html?command=get_materiel&rest_code=00102&code=00101006177&supplier_code=00100096&order_time=2021-05-21 HTTP/1.1" 200 411
116.230.110.80 - - [21/May/2021:08:40:54 +0800] "GET /xingrg/check_reg.html?_=1621557649773 HTTP/1.1" 200 22
116.230.110.80 - - [21/May/2021:08:40:54 +0800] "GET /xingrg/all/function/internal_message.html?_=1621557649775&CODE_STATE=getMsg HTTP/1.1" 200 27
120.253.135.82 - - [21/May/2021:08:40:54 +0800] "GET /xingrg/all/function/internal_message.html?_=1621557774994&CODE_STATE=getMsg HTTP/1.1" 200 27
180.169.147.146 - - [21/May/2021:08:40:59 +0800] "GET /xingrg/all/function/internal_message.html?_=1621557650274&CODE_STATE=getMsg HTTP/1.1" 200 27
117.184.7.30 - - [21/May/2021:08:41:02 +0800] "GET /xingrg/all/function/internal_message.html?_=1621557655512&CODE_STATE=getMsg HTTP/1.1" 302 -
117.184.7.30 - - [21/May/2021:08:41:02 +0800] "GET /xingrg/check_reg.html?_=1621557655513 HTTP/1.1" 302 -
117.184.7.30 - - [21/May/2021:08:41:02 +0800] "GET /xingrg/login.html HTTP/1.1" 200 7641
117.184.7.30 - - [21/May/2021:08:41:02 +0800] "GET /xingrg/login.html HTTP/1.1" 200 7641
180.161.127.67 - - [21/May/2021:08:41:10 +0800] "GET /xingrg/kc/buy/cgsh_order_operate.html?command=get_materiel&rest_code=00102&code=00101012030&supplier_code=00100096&order_time=2021-05-21 HTTP/1.1" 200 416
180.161.127.67 - - [21/May/2021:08:41:17 +0800] "GET /xingrg/kc/buy/cgsh_order_operate.html?command=get_materiel&rest_code=00102&code=00101016080&supplier_code=00100096&order_time=2021-05-21 HTTP/1.1" 200 408
116.224.253.72 - - [21/May/2021:08:41:19 +0800] "GET /xingrg/all/function/internal_message.html?_=1621557676975&CODE_STATE=getMsg HTTP/1.1" 200 27
116.230.114.112 - - [21/May/2021:08:41:21 +0800] "GET /xingrg/all/function/internal_message.html?_=1621557695873&CODE_STATE=getMsg HTTP/1.1" 200 27
116.235.95.160 - - [21/May/2021:08:41:38 +0800] "GET /xingrg/all/function/internal_message.html?_=1621557786132&CODE_STATE=getMsg HTTP/1.1" 200 27
180.161.127.67 - - [21/May/2021:08:41:41 +0800] "GET /xingrg/kc/buy/cgsh_order_operate.html?command=get_materiel&rest_code=00102&code=00101006129&supplier_code=00100096&order_time=2021-05-21 HTTP/1.1" 200 433
180.161.127.67 - - [21/May/2021:08:41:50 +0800] "GET /xingrg/check_reg.html?_=1621557667834 HTTP/1.1" 200 22
180.161.127.67 - - [21/May/2021:08:41:51 +0800] "GET /xingrg/all/function/internal_message.html?_=1621557668785&CODE_STATE=getMsg HTTP/1.1" 200 27
116.230.110.80 - - [21/May/2021:08:41:54 +0800] "GET /xingrg/all/function/internal_message.html?_=1621557709774&CODE_STATE=getMsg HTTP/1.1" 200 27
120.253.135.82 - - [21/May/2021:08:41:54 +0800] "GET /xingrg/all/function/internal_message.html?_=1621557834999&CODE_STATE=getMsg HTTP/1.1" 200 27
180.169.147.146 - - [21/May/2021:08:41:59 +0800] "GET /xingrg/all/function/internal_message.html?_=1621557710297&CODE_STATE=getMsg HTTP/1.1" 200 27
117.184.7.30 - - [21/May/2021:08:42:02 +0800] "GET /xingrg/all/function/internal_message.html?_=1621557715513&CODE_STATE=getMsg HTTP/1.1" 302 -
117.184.7.30 - - [21/May/2021:08:42:02 +0800] "GET /xingrg/login.html HTTP/1.1" 200 7641
180.161.127.67 - - [21/May/2021:08:42:03 +0800] "GET /xingrg/kc/buy/cgsh_order_operate.html?command=get_materiel&rest_code=00102&code=00101007001&supplier_code=00100096&order_time=2021-05-21 HTTP/1.1" 200 409
116.224.253.72 - - [21/May/2021:08:42:19 +0800] "GET /xingrg/all/function/internal_message.html?_=1621557736982&CODE_STATE=getMsg HTTP/1.1" 200 27
116.230.114.112 - - [21/May/2021:08:42:21 +0800] "GET /xingrg/all/function/internal_message.html?_=1621557755887&CODE_STATE=getMsg HTTP/1.1" 200 27
180.161.127.67 - - [21/May/2021:08:42:22 +0800] "GET /xingrg/kc/buy/cgsh_order_operate.html?command=get_materiel&rest_code=00102&code=00101012029&supplier_code=00100096&order_time=2021-05-21 HTTP/1.1" 200 414
116.235.95.160 - - [21/May/2021:08:42:38 +0800] "GET /xingrg/all/function/internal_message.html?_=1621557846131&CODE_STATE=getMsg HTTP/1.1" 200 27
180.161.127.67 - - [21/May/2021:08:42:45 +0800] "GET /xingrg/kc/buy/cgsh_order_operate.html?command=get_materiel&rest_code=00102&code=00101001010&supplier_code=00100096&order_time=2021-05-21 HTTP/1.1" 200 409
180.161.127.67 - - [21/May/2021:08:42:51 +0800] "GET /xingrg/all/function/internal_message.html?_=1621557728801&CODE_STATE=getMsg HTTP/1.1" 200 27
120.253.135.82 - - [21/May/2021:08:42:53 +0800] "GET /xingrg/check_reg.html?_=1621557894208 HTTP/1.1" 200 22
116.230.110.80 - - [21/May/2021:08:42:54 +0800] "GET /xingrg/all/function/internal_message.html?_=1621557769767&CODE_STATE=getMsg HTTP/1.1" 200 27
120.253.135.82 - - [21/May/2021:08:42:54 +0800] "GET /xingrg/all/function/internal_message.html?_=1621557895012&CODE_STATE=getMsg HTTP/1.1" 200 27
180.169.147.146 - - [21/May/2021:08:42:59 +0800] "GET /xingrg/all/function/internal_message.html?_=1621557770295&CODE_STATE=getMsg HTTP/1.1" 200 27
117.184.7.30 - - [21/May/2021:08:43:02 +0800] "GET /xingrg/all/function/internal_message.html?_=1621557775514&CODE_STATE=getMsg HTTP/1.1" 302 -
117.184.7.30 - - [21/May/2021:08:43:02 +0800] "GET /xingrg/login.html HTTP/1.1" 200 7641
180.161.127.67 - - [21/May/2021:08:43:11 +0800] "POST /xingrg/kc/buy/cgsh_order_operate.html HTTP/1.1" 200 37
180.161.127.67 - - [21/May/2021:08:43:12 +0800] "POST /xingrg/kc/buy/cgsh_order_operate.html HTTP/1.1" 200 9200
116.224.253.72 - - [21/May/2021:08:43:19 +0800] "GET /xingrg/all/function/internal_message.html?_=1621557796986&CODE_STATE=getMsg HTTP/1.1" 200 27
116.230.114.112 - - [21/May/2021:08:43:21 +0800] "GET /xingrg/all/function/internal_message.html?_=1621557815904&CODE_STATE=getMsg HTTP/1.1" 200 27
180.161.127.67 - - [21/May/2021:08:43:21 +0800] "POST /xingrg/kc/buy/cgsh_list_operate.html HTTP/1.1" 200 2004
180.161.127.67 - - [21/May/2021:08:43:38 +0800] "POST /xingrg/kc/buy/cgsh_list_operate.html HTTP/1.1" 200 571
116.235.95.160 - - [21/May/2021:08:43:38 +0800] "GET /xingrg/check_reg.html?_=1621557906130 HTTP/1.1" 200 22
116.235.95.160 - - [21/May/2021:08:43:38 +0800] "GET /xingrg/all/function/internal_message.html?_=1621557906131&CODE_STATE=getMsg HTTP/1.1" 200 27
180.161.127.67 - - [21/May/2021:08:43:41 +0800] "GET /xingrg/kc/buy/cgsh_order_info.html?code=212021052109270 HTTP/1.1" 200 61949
180.161.127.67 - - [21/May/2021:08:43:42 +0800] "POST /xingrg/kc/buy/cgsh_order_operate.html HTTP/1.1" 200 9794
180.161.127.67 - - [21/May/2021:08:43:42 +0800] "GET /xingrg/javascript/easyui/themes/default/validatebox.css HTTP/1.1" 404 1104
116.235.95.160 - - [21/May/2021:08:43:48 +0800] "POST /xingrg/services/DataTransmitService HTTP/1.1" 200 524
116.235.95.160 - - [21/May/2021:08:43:48 +0800] "POST /xingrg/services/DataTransmitService HTTP/1.1" 200 501
180.161.127.67 - - [21/May/2021:08:43:51 +0800] "GET /xingrg/all/function/internal_message.html?_=1621557788810&CODE_STATE=getMsg HTTP/1.1" 200 27
116.230.110.80 - - [21/May/2021:08:43:54 +0800] "GET /xingrg/all/function/internal_message.html?_=1621557829772&CODE_STATE=getMsg HTTP/1.1" 200 27
120.253.135.82 - - [21/May/2021:08:43:54 +0800] "GET /xingrg/all/function/internal_message.html?_=1621557955025&CODE_STATE=getMsg HTTP/1.1" 200 27
180.169.147.146 - - [21/May/2021:08:43:59 +0800] "GET /xingrg/all/function/internal_message.html?_=1621557830294&CODE_STATE=getMsg HTTP/1.1" 200 27
180.169.147.146 - - [21/May/2021:08:43:59 +0800] "GET /xingrg/check_reg.html?_=1621557830295 HTTP/1.1" 200 22
117.184.7.30 - - [21/May/2021:08:44:02 +0800] "GET /xingrg/all/function/internal_message.html?_=1621557835515&CODE_STATE=getMsg HTTP/1.1" 302 -
117.184.7.30 - - [21/May/2021:08:44:02 +0800] "GET /xingrg/login.html HTTP/1.1" 200 7641
180.161.127.67 - - [21/May/2021:08:44:10 +0800] "POST /xingrg/kc/buy/cgsh_order_operate.html HTTP/1.1" 200 37
180.161.127.67 - - [21/May/2021:08:44:11 +0800] "POST /xingrg/kc/buy/cgsh_order_operate.html HTTP/1.1" 200 9796
180.161.127.67 - - [21/May/2021:08:44:14 +0800] "POST /xingrg/kc/buy/cgsh_list_operate.html HTTP/1.1" 200 2004
116.224.253.72 - - [21/May/2021:08:44:19 +0800] "GET /xingrg/all/function/internal_message.html?_=1621557856988&CODE_STATE=getMsg HTTP/1.1" 200 27
116.230.114.112 - - [21/May/2021:08:44:21 +0800] "GET /xingrg/all/function/internal_message.html?_=1621557875914&CODE_STATE=getMsg HTTP/1.1" 200 27
180.161.127.67 - - [21/May/2021:08:44:23 +0800] "POST /xingrg/kc/buy/cgsh_list_operate.html HTTP/1.1" 200 572
180.161.127.67 - - [21/May/2021:08:44:23 +0800] "GET /xingrg/kc/buy/cgsh_order_info.html?code=212021052109271 HTTP/1.1" 200 61949
180.161.127.67 - - [21/May/2021:08:44:24 +0800] "GET /xingrg/javascript/easyui/themes/default/validatebox.css HTTP/1.1" 404 1104
180.161.127.67 - - [21/May/2021:08:44:24 +0800] "POST /xingrg/kc/buy/cgsh_order_operate.html HTTP/1.1" 200 9200
116.235.95.160 - - [21/May/2021:08:44:38 +0800] "GET /xingrg/all/function/internal_message.html?_=1621557966129&CODE_STATE=getMsg HTTP/1.1" 200 27
180.161.127.67 - - [21/May/2021:08:44:52 +0800] "GET /xingrg/all/function/internal_message.html?_=1621557848937&CODE_STATE=getMsg HTTP/1.1" 200 27
180.161.127.67 - - [21/May/2021:08:44:53 +0800] "POST /xingrg/kc/buy/cgsh_order_operate.html HTTP/1.1" 200 37
116.230.110.80 - - [21/May/2021:08:44:54 +0800] "GET /xingrg/all/function/internal_message.html?_=1621557889762&CODE_STATE=getMsg HTTP/1.1" 200 27
180.161.127.67 - - [21/May/2021:08:44:54 +0800] "POST /xingrg/kc/buy/cgsh_order_operate.html HTTP/1.1" 200 9204
120.253.135.82 - - [21/May/2021:08:44:54 +0800] "GET /xingrg/all/function/internal_message.html?_=1621558015038&CODE_STATE=getMsg HTTP/1.1" 200 27
180.169.147.146 - - [21/May/2021:08:44:59 +0800] "GET /xingrg/all/function/internal_message.html?_=1621557890293&CODE_STATE=getMsg HTTP/1.1" 200 27
180.161.127.67 - - [21/May/2021:08:44:59 +0800] "POST /xingrg/kc/buy/cgsh_list_operate.html HTTP/1.1" 200 2004
117.184.7.30 - - [21/May/2021:08:45:02 +0800] "GET /xingrg/all/function/internal_message.html?_=1621557895518&CODE_STATE=getMsg HTTP/1.1" 302 -
117.184.7.30 - - [21/May/2021:08:45:02 +0800] "GET /xingrg/login.html HTTP/1.1" 200 7641
180.161.127.67 - - [21/May/2021:08:45:06 +0800] "POST /xingrg/kc/buy/cgsh_list_operate.html HTTP/1.1" 200 571
120.253.135.82 - - [21/May/2021:08:45:07 +0800] "GET /xingrg/check_reg.html?_=1621557955961 HTTP/1.1" 200 22
180.161.127.67 - - [21/May/2021:08:45:07 +0800] "GET /xingrg/kc/buy/cgsh_order_info.html?code=212021052109270 HTTP/1.1" 200 61949
180.161.127.67 - - [21/May/2021:08:45:07 +0800] "GET /xingrg/javascript/easyui/themes/default/validatebox.css HTTP/1.1" 404 1104
180.161.127.67 - - [21/May/2021:08:45:08 +0800] "POST /xingrg/kc/buy/cgsh_order_operate.html HTTP/1.1" 200 9796
180.161.127.67 - - [21/May/2021:08:45:13 +0800] "POST /xingrg/kc/buy/cgsh_order_operate.html HTTP/1.1" 200 37
116.224.253.72 - - [21/May/2021:08:45:19 +0800] "GET /xingrg/check_reg.html?_=1621557916989 HTTP/1.1" 200 22
116.224.253.72 - - [21/May/2021:08:45:19 +0800] "GET /xingrg/all/function/internal_message.html?_=1621557916991&CODE_STATE=getMsg HTTP/1.1" 200 27
116.230.114.112 - - [21/May/2021:08:45:19 +0800] "GET /xingrg/check_reg.html?_=1621557934371 HTTP/1.1" 200 22
116.230.114.112 - - [21/May/2021:08:45:21 +0800] "GET /xingrg/all/function/internal_message.html?_=1621557935927&CODE_STATE=getMsg HTTP/1.1" 200 27
180.161.127.67 - - [21/May/2021:08:45:22 +0800] "POST /xingrg/kc/buy/cgsh_order_operate.html HTTP/1.1" 200 12
116.235.95.160 - - [21/May/2021:08:45:38 +0800] "GET /xingrg/all/function/internal_message.html?_=1621558026127&CODE_STATE=getMsg HTTP/1.1" 200 27
180.161.127.67 - - [21/May/2021:08:45:43 +0800] "GET /xingrg/kc/buy/cgsh_order_info.html?code=212021052109270 HTTP/1.1" 200 56840
180.161.127.67 - - [21/May/2021:08:45:44 +0800] "GET /xingrg/javascript/easyui/themes/default/validatebox.css HTTP/1.1" 404 1104
180.161.127.67 - - [21/May/2021:08:45:45 +0800] "POST /xingrg/kc/buy/cgsh_order_operate.html HTTP/1.1" 200 7721
180.161.127.67 - - [21/May/2021:08:45:47 +0800] "GET /xingrg/kc/print/load_config.html?kc_code=cgsh HTTP/1.1" 200 1845
180.161.127.67 - - [21/May/2021:08:45:47 +0800] "GET /xingrg/kc/print/load_data.html?order_code=212021052109270&kc_code=cgsh&condition= HTTP/1.1" 200 3371
180.161.127.67 - - [21/May/2021:08:45:52 +0800] "GET /xingrg/all/function/internal_message.html?_=1621557908938&CODE_STATE=getMsg HTTP/1.1" 200 27
116.230.110.80 - - [21/May/2021:08:45:54 +0800] "GET /xingrg/all/function/internal_message.html?_=1621557949761&CODE_STATE=getMsg HTTP/1.1" 200 27
116.230.110.80 - - [21/May/2021:08:45:54 +0800] "GET /xingrg/check_reg.html?_=1621557949766 HTTP/1.1" 200 22
120.253.135.82 - - [21/May/2021:08:45:54 +0800] "GET /xingrg/all/function/internal_message.html?_=1621558075062&CODE_STATE=getMsg HTTP/1.1" 200 27
180.161.127.67 - - [21/May/2021:08:45:58 +0800] "POST /xingrg/kc/buy/cgsh_list_operate.html HTTP/1.1" 200 1666
180.169.147.146 - - [21/May/2021:08:45:59 +0800] "GET /xingrg/all/function/internal_message.html?_=1621557950291&CODE_STATE=getMsg HTTP/1.1" 200 27
180.161.127.67 - - [21/May/2021:08:46:00 +0800] "POST /xingrg/kc/buy/cgsh_list_operate.html HTTP/1.1" 200 572
180.161.127.67 - - [21/May/2021:08:46:01 +0800] "GET /xingrg/kc/buy/cgsh_order_info.html?code=212021052109271 HTTP/1.1" 200 61949
180.161.127.67 - - [21/May/2021:08:46:01 +0800] "GET /xingrg/javascript/easyui/themes/default/validatebox.css HTTP/1.1" 404 1104
180.161.127.67 - - [21/May/2021:08:46:01 +0800] "POST /xingrg/kc/buy/cgsh_order_operate.html HTTP/1.1" 200 9204
117.184.7.30 - - [21/May/2021:08:46:02 +0800] "GET /xingrg/all/function/internal_message.html?_=1621557955517&CODE_STATE=getMsg HTTP/1.1" 302 -
117.184.7.30 - - [21/May/2021:08:46:02 +0800] "GET /xingrg/check_reg.html?_=1621557955519 HTTP/1.1" 302 -
117.184.7.30 - - [21/May/2021:08:46:02 +0800] "GET /xingrg/login.html HTTP/1.1" 200 7641
117.184.7.30 - - [21/May/2021:08:46:02 +0800] "GET /xingrg/login.html HTTP/1.1" 200 7641
180.161.127.67 - - [21/May/2021:08:46:09 +0800] "POST /xingrg/kc/buy/cgsh_order_operate.html HTTP/1.1" 200 37
180.161.127.67 - - [21/May/2021:08:46:12 +0800] "POST /xingrg/kc/buy/cgsh_order_operate.html HTTP/1.1" 200 12
180.161.127.67 - - [21/May/2021:08:46:16 +0800] "GET /xingrg/kc/buy/cgsh_order_info.html?code=212021052109271 HTTP/1.1" 200 56840
180.161.127.67 - - [21/May/2021:08:46:17 +0800] "GET /xingrg/javascript/easyui/themes/default/validatebox.css HTTP/1.1" 404 1104
180.161.127.67 - - [21/May/2021:08:46:18 +0800] "POST /xingrg/kc/buy/cgsh_order_operate.html HTTP/1.1" 200 7129
116.224.253.72 - - [21/May/2021:08:46:19 +0800] "GET /xingrg/all/function/internal_message.html?_=1621557977008&CODE_STATE=getMsg HTTP/1.1" 200 27
180.161.127.67 - - [21/May/2021:08:46:20 +0800] "GET /xingrg/kc/print/load_data.html?order_code=212021052109271&kc_code=cgsh&condition= HTTP/1.1" 200 3144
116.230.114.112 - - [21/May/2021:08:46:21 +0800] "GET /xingrg/all/function/internal_message.html?_=1621557995940&CODE_STATE=getMsg HTTP/1.1" 200 27
180.161.127.67 - - [21/May/2021:08:46:26 +0800] "GET /xingrg/kc/buy/cgsh_order_add.html HTTP/1.1" 200 61950
180.161.127.67 - - [21/May/2021:08:46:27 +0800] "POST /xingrg/kc/buy/cgsh_order_operate.html HTTP/1.1" 200 8245
180.161.127.67 - - [21/May/2021:08:46:28 +0800] "GET /xingrg/javascript/easyui/themes/default/validatebox.css HTTP/1.1" 404 1104
116.235.95.160 - - [21/May/2021:08:46:38 +0800] "GET /xingrg/all/function/internal_message.html?_=1621558086125&CODE_STATE=getMsg HTTP/1.1" 200 27
180.161.127.67 - - [21/May/2021:08:46:50 +0800] "GET /xingrg/check_reg.html?_=1621557967848 HTTP/1.1" 200 22
180.161.127.67 - - [21/May/2021:08:46:52 +0800] "GET /xingrg/all/function/internal_message.html?_=1621557968956&CODE_STATE=getMsg HTTP/1.1" 200 27
116.230.110.80 - - [21/May/2021:08:46:54 +0800] "GET /xingrg/all/function/internal_message.html?_=1621558009754&CODE_STATE=getMsg HTTP/1.1" 200 27
120.253.135.82 - - [21/May/2021:08:46:54 +0800] "GET /xingrg/all/function/internal_message.html?_=1621558135067&CODE_STATE=getMsg HTTP/1.1" 200 27
180.161.127.67 - - [21/May/2021:08:46:59 +0800] "GET /xingrg/javascript/easyui/themes/default/tree.css HTTP/1.1" 404 1090
180.169.147.146 - - [21/May/2021:08:46:59 +0800] "GET /xingrg/all/function/internal_message.html?_=1621558010290&CODE_STATE=getMsg HTTP/1.1" 200 27
180.161.127.67 - - [21/May/2021:08:46:59 +0800] "POST /xingrg/all/common/load_tree.html?tree=supplier_tree_json&isDelete=1 HTTP/1.1" 200 55318
117.184.7.30 - - [21/May/2021:08:47:02 +0800] "GET /xingrg/all/function/internal_message.html?_=1621558015518&CODE_STATE=getMsg HTTP/1.1" 302 -
117.184.7.30 - - [21/May/2021:08:47:02 +0800] "GET /xingrg/login.html HTTP/1.1" 200 7641
180.161.127.67 - - [21/May/2021:08:47:11 +0800] "GET /xingrg/kc/buy/cgsh_order_operate.html?command=get_materiel&rest_code=00102&code=00101008175&supplier_code=00100008&order_time=2021-05-21 HTTP/1.1" 200 412
116.224.253.72 - - [21/May/2021:08:47:19 +0800] "GET /xingrg/all/function/internal_message.html?_=1621558037001&CODE_STATE=getMsg HTTP/1.1" 200 27
116.230.114.112 - - [21/May/2021:08:47:21 +0800] "GET /xingrg/all/function/internal_message.html?_=1621558055954&CODE_STATE=getMsg HTTP/1.1" 200 27
180.161.127.67 - - [21/May/2021:08:47:23 +0800] "GET /xingrg/kc/buy/cgsh_order_operate.html?command=get_materiel&rest_code=00102&code=00101008176&supplier_code=00100008&order_time=2021-05-21 HTTP/1.1" 200 413
180.161.127.67 - - [21/May/2021:08:47:34 +0800] "GET /xingrg/kc/buy/cgsh_order_operate.html?command=get_materiel&rest_code=00102&code=00101008210&supplier_code=00100008&order_time=2021-05-21 HTTP/1.1" 200 408
116.235.95.160 - - [21/May/2021:08:47:38 +0800] "GET /xingrg/all/function/internal_message.html?_=1621558146124&CODE_STATE=getMsg HTTP/1.1" 200 27
180.161.127.67 - - [21/May/2021:08:47:52 +0800] "GET /xingrg/all/function/internal_message.html?_=1621558028973&CODE_STATE=getMsg HTTP/1.1" 200 27
120.253.135.82 - - [21/May/2021:08:47:53 +0800] "GET /xingrg/check_reg.html?_=1621558194217 HTTP/1.1" 200 22
116.230.110.80 - - [21/May/2021:08:47:54 +0800] "GET /xingrg/all/function/internal_message.html?_=1621558069759&CODE_STATE=getMsg HTTP/1.1" 200 27
180.161.127.67 - - [21/May/2021:08:47:54 +0800] "GET /xingrg/kc/buy/cgsh_order_operate.html?command=get_materiel&rest_code=00102&code=00101008244&supplier_code=00100008&order_time=2021-05-21 HTTP/1.1" 200 408
120.253.135.82 - - [21/May/2021:08:47:54 +0800] "GET /xingrg/all/function/internal_message.html?_=1621558195080&CODE_STATE=getMsg HTTP/1.1" 200 27
180.169.147.146 - - [21/May/2021:08:47:59 +0800] "GET /xingrg/all/function/internal_message.html?_=1621558070322&CODE_STATE=getMsg HTTP/1.1" 200 27
117.184.7.30 - - [21/May/2021:08:48:02 +0800] "GET /xingrg/all/function/internal_message.html?_=1621558075519&CODE_STATE=getMsg HTTP/1.1" 302 -
117.184.7.30 - - [21/May/2021:08:48:02 +0800] "GET /xingrg/login.html HTTP/1.1" 200 7641
116.224.253.72 - - [21/May/2021:08:48:19 +0800] "GET /xingrg/all/function/internal_message.html?_=1621558097016&CODE_STATE=getMsg HTTP/1.1" 200 27
116.230.114.112 - - [21/May/2021:08:48:21 +0800] "GET /xingrg/all/function/internal_message.html?_=1621558115971&CODE_STATE=getMsg HTTP/1.1" 200 27
116.235.95.160 - - [21/May/2021:08:48:38 +0800] "GET /xingrg/all/function/internal_message.html?_=1621558206122&CODE_STATE=getMsg HTTP/1.1" 200 27
117.131.5.26 - - [21/May/2021:08:48:38 +0800] "GET /xingrg/check_reg.html?_=1621558206124 HTTP/1.1" 200 22
180.161.127.67 - - [21/May/2021:08:48:52 +0800] "GET /xingrg/all/function/internal_message.html?_=1621558088980&CODE_STATE=getMsg HTTP/1.1" 200 27
116.230.110.80 - - [21/May/2021:08:48:54 +0800] "GET /xingrg/all/function/internal_message.html?_=1621558129755&CODE_STATE=getMsg HTTP/1.1" 200 27
120.253.135.82 - - [21/May/2021:08:48:54 +0800] "GET /xingrg/all/function/internal_message.html?_=1621558255093&CODE_STATE=getMsg HTTP/1.1" 200 27
180.169.147.146 - - [21/May/2021:08:48:59 +0800] "GET /xingrg/all/function/internal_message.html?_=1621558130319&CODE_STATE=getMsg HTTP/1.1" 200 27
180.169.147.146 - - [21/May/2021:08:48:59 +0800] "GET /xingrg/check_reg.html?_=1621558130320 HTTP/1.1" 200 22
117.184.7.30 - - [21/May/2021:08:49:02 +0800] "GET /xingrg/all/function/internal_message.html?_=1621558135520&CODE_STATE=getMsg HTTP/1.1" 302 -
117.184.7.30 - - [21/May/2021:08:49:02 +0800] "GET /xingrg/login.html HTTP/1.1" 200 7641
116.224.253.72 - - [21/May/2021:08:49:19 +0800] "GET /xingrg/all/function/internal_message.html?_=1621558157012&CODE_STATE=getMsg HTTP/1.1" 200 27
116.230.114.112 - - [21/May/2021:08:49:21 +0800] "GET /xingrg/all/function/internal_message.html?_=1621558175982&CODE_STATE=getMsg HTTP/1.1" 200 27
116.235.222.38 - - [21/May/2021:08:49:22 +0800] "GET /xingrg/login.html HTTP/1.1" 200 7641
116.235.222.38 - - [21/May/2021:08:49:25 +0800] "GET /favicon.ico HTTP/1.1" 404 -
116.235.222.38 - - [21/May/2021:08:49:26 +0800] "POST /xingrg/login.do HTTP/1.1" 302 -
116.235.222.38 - - [21/May/2021:08:49:27 +0800] "GET /xingrg/index.html?sysBaseUrl=http%3A%2F%2F180.169.147.146%3A18081%2Fxingrg%2F&costTime=41×tamp=1621558166949 HTTP/1.1" 200 17179
116.235.222.38 - - [21/May/2021:08:49:28 +0800] "GET /favicon.ico HTTP/1.1" 404 -
116.235.222.38 - - [21/May/2021:08:49:29 +0800] "POST /xingrg/all/common/load_tree.html?tree=area_rest_tree_json&manage=1 HTTP/1.1" 200 476
116.235.222.38 - - [21/May/2021:08:49:30 +0800] "GET /xingrg/all/function/internal_message.html?_=1621558161642&CODE_STATE=count HTTP/1.1" 200 11
116.235.222.38 - - [21/May/2021:08:49:30 +0800] "GET /xingrg/check_reg.html?_=1621558161660 HTTP/1.1" 200 22
116.235.222.38 - - [21/May/2021:08:49:31 +0800] "POST /xingrg/load_menu.html HTTP/1.1" 200 5138
116.235.222.38 - - [21/May/2021:08:49:34 +0800] "GET /xingrg/kc/buy/buy_main.html HTTP/1.1" 200 12412
116.235.222.38 - - [21/May/2021:08:49:34 +0800] "GET /xingrg/css/new_ie.css HTTP/1.1" 404 1036
116.235.222.38 - - [21/May/2021:08:49:35 +0800] "GET /xingrg/images/yd/bt.gif HTTP/1.1" 404 1040
116.235.222.38 - - [21/May/2021:08:49:36 +0800] "GET /xingrg/kc/buy/cgsh_order_list.html HTTP/1.1" 200 46259
116.235.95.160 - - [21/May/2021:08:49:38 +0800] "GET /xingrg/all/function/internal_message.html?_=1621558266121&CODE_STATE=getMsg HTTP/1.1" 200 27
116.235.222.38 - - [21/May/2021:08:49:39 +0800] "POST /xingrg/kc/buy/cgsh_list_operate.html HTTP/1.1" 200 876
116.235.222.38 - - [21/May/2021:08:49:42 +0800] "GET /xingrg/kc/buy/cgsh_order_add.html HTTP/1.1" 200 62079
116.235.222.38 - - [21/May/2021:08:49:43 +0800] "GET /xingrg/words/20210520135728_words.js HTTP/1.1" 304 -
116.235.222.38 - - [21/May/2021:08:49:44 +0800] "GET /xingrg/all/common/auto_word.html?type=employee&rest_code=00107 HTTP/1.1" 200 101
116.235.222.38 - - [21/May/2021:08:49:44 +0800] "GET /xingrg/all/common/auto_word.html?type=employee&rest_code=00107 HTTP/1.1" 200 101
116.235.222.38 - - [21/May/2021:08:49:44 +0800] "GET /xingrg/javascript/easyui/themes/default/validatebox.css HTTP/1.1" 404 1104
116.235.222.38 - - [21/May/2021:08:49:44 +0800] "POST /xingrg/kc/buy/cgsh_order_operate.html HTTP/1.1" 200 8245
116.235.222.38 - - [21/May/2021:08:49:46 +0800] "GET /xingrg/javascript/easyui/themes/default/tree.css HTTP/1.1" 404 1090
116.235.222.38 - - [21/May/2021:08:49:46 +0800] "POST /xingrg/all/common/load_tree.html?tree=supplier_tree_json&isDelete=1 HTTP/1.1" 200 55318
180.161.127.67 - - [21/May/2021:08:49:52 +0800] "GET /xingrg/all/function/internal_message.html?_=1621558148998&CODE_STATE=getMsg HTTP/1.1" 200 27
116.230.110.80 - - [21/May/2021:08:49:54 +0800] "GET /xingrg/all/function/internal_message.html?_=1621558189759&CODE_STATE=getMsg HTTP/1.1" 200 27
120.253.135.82 - - [21/May/2021:08:49:54 +0800] "GET /xingrg/all/function/internal_message.html?_=1621558315107&CODE_STATE=getMsg HTTP/1.1" 200 27
180.169.147.146 - - [21/May/2021:08:49:59 +0800] "GET /xingrg/all/function/internal_message.html?_=1621558190318&CODE_STATE=getMsg HTTP/1.1" 200 27
117.184.7.30 - - [21/May/2021:08:50:02 +0800] "GET /xingrg/all/function/internal_message.html?_=1621558195521&CODE_STATE=getMsg HTTP/1.1" 302 -
117.184.7.30 - - [21/May/2021:08:50:02 +0800] "GET /xingrg/login.html HTTP/1.1" 200 7641
120.253.135.82 - - [21/May/2021:08:50:07 +0800] "GET /xingrg/check_reg.html?_=1621558255966 HTTP/1.1" 200 22
116.235.222.38 - - [21/May/2021:08:50:08 +0800] "GET /xingrg/javascript/auto/indicator.gif HTTP/1.1" 404 1066
116.235.222.38 - - [21/May/2021:08:50:12 +0800] "GET /xingrg/kc/buy/cgsh_order_operate.html?command=get_materiel&rest_code=00107&code=00101016025&supplier_code=00100033&order_time=2021-05-21 HTTP/1.1" 200 408
116.230.114.112 - - [21/May/2021:08:50:15 +0800] "GET /xingrg/javascript/pic_change.js HTTP/1.1" 304 -
116.230.114.112 - - [21/May/2021:08:50:15 +0800] "GET /xingrg/javascript/convert.js HTTP/1.1" 304 -
116.230.114.112 - - [21/May/2021:08:50:15 +0800] "GET /xingrg/javascript/jquery_tools/order_manager.js HTTP/1.1" 304 -
116.230.114.112 - - [21/May/2021:08:50:15 +0800] "GET /xingrg/javascript/json2.js HTTP/1.1" 304 -
116.230.114.112 - - [21/May/2021:08:50:15 +0800] "GET /xingrg/javascript/print/kc_print.js HTTP/1.1" 304 -
116.230.114.112 - - [21/May/2021:08:50:15 +0800] "GET /xingrg/kc/buy/cgsh_order_add.html HTTP/1.1" 200 61997
116.230.114.112 - - [21/May/2021:08:50:15 +0800] "GET /xingrg/words/20210520135728_words.js HTTP/1.1" 304 -
116.230.114.112 - - [21/May/2021:08:50:15 +0800] "GET /xingrg/javascript/easyui/themes/icons/copy_new.png HTTP/1.1" 304 -
116.230.114.112 - - [21/May/2021:08:50:15 +0800] "GET /xingrg/javascript/easyui/themes/icons/template_new.png HTTP/1.1" 304 -
116.230.114.112 - - [21/May/2021:08:50:15 +0800] "GET /xingrg/javascript/easyui/themes/icons/print.png HTTP/1.1" 304 -
116.230.114.112 - - [21/May/2021:08:50:15 +0800] "GET /xingrg/javascript/easyui/themes/icons/ok.png HTTP/1.1" 304 -
116.230.114.112 - - [21/May/2021:08:50:15 +0800] "GET /xingrg/javascript/easyui/themes/icons/cancel.png HTTP/1.1" 304 -
116.230.114.112 - - [21/May/2021:08:50:15 +0800] "GET /xingrg/javascript/easyui/themes/default/images/menu_downarrow.png HTTP/1.1" 304 -
116.230.114.112 - - [21/May/2021:08:50:15 +0800] "POST /xingrg/kc/buy/cgsh_order_operate.html HTTP/1.1" 200 8245
116.230.114.112 - - [21/May/2021:08:50:15 +0800] "GET /xingrg/all/common/auto_word.html?type=employee&rest_code=00146 HTTP/1.1" 200 101
116.230.114.112 - - [21/May/2021:08:50:15 +0800] "GET /xingrg/all/common/auto_word.html?type=employee&rest_code=00146 HTTP/1.1" 200 101
116.230.114.112 - - [21/May/2021:08:50:15 +0800] "GET /xingrg/javascript/easyui/themes/icons/edit_remove.png HTTP/1.1" 304 -
116.230.114.112 - - [21/May/2021:08:50:15 +0800] "GET /xingrg/javascript/easyui/themes/default/validatebox.css HTTP/1.1" 404 1104
116.230.114.112 - - [21/May/2021:08:50:15 +0800] "GET /xingrg/javascript/easyui/plugins/jquery.validatebox.js HTTP/1.1" 304 -
116.230.114.112 - - [21/May/2021:08:50:15 +0800] "GET /xingrg/javascript/easyui/plugins/jquery.numberbox.js HTTP/1.1" 304 -
180.161.127.67 - - [21/May/2021:08:50:15 +0800] "GET /xingrg/kc/buy/cgsh_order_operate.html?command=get_materiel&rest_code=00102&code=00101008096&supplier_code=00100008&order_time=2021-05-21 HTTP/1.1" 200 412
116.230.114.112 - - [21/May/2021:08:50:16 +0800] "GET /xingrg/javascript/auto/indicator.gif HTTP/1.1" 404 1066
116.224.253.72 - - [21/May/2021:08:50:19 +0800] "GET /xingrg/all/function/internal_message.html?_=1621558217020&CODE_STATE=getMsg HTTP/1.1" 200 27
116.224.253.72 - - [21/May/2021:08:50:19 +0800] "GET /xingrg/check_reg.html?_=1621558217023 HTTP/1.1" 200 22
116.230.114.112 - - [21/May/2021:08:50:19 +0800] "GET /xingrg/check_reg.html?_=1621558234375 HTTP/1.1" 200 22
116.230.114.112 - - [21/May/2021:08:50:21 +0800] "GET /xingrg/all/function/internal_message.html?_=1621558235995&CODE_STATE=getMsg HTTP/1.1" 200 27
180.161.127.67 - - [21/May/2021:08:50:27 +0800] "GET /xingrg/kc/buy/cgsh_order_operate.html?command=get_materiel&rest_code=00102&code=00101008088&supplier_code=00100008&order_time=2021-05-21 HTTP/1.1" 200 408
116.235.222.38 - - [21/May/2021:08:50:29 +0800] "GET /xingrg/login.html HTTP/1.1" 200 7641
116.235.222.38 - - [21/May/2021:08:50:29 +0800] "GET /favicon.ico HTTP/1.1" 404 -
116.235.222.38 - - [21/May/2021:08:50:34 +0800] "POST /xingrg/login.do HTTP/1.1" 302 -
116.235.222.38 - - [21/May/2021:08:50:34 +0800] "GET /xingrg/index.html?sysBaseUrl=http%3A%2F%2F180.169.147.146%3A18081%2Fxingrg%2F&costTime=38×tamp=1621558234499 HTTP/1.1" 200 17179
116.235.222.38 - - [21/May/2021:08:50:35 +0800] "POST /xingrg/all/common/load_tree.html?tree=area_rest_tree_json&manage=1 HTTP/1.1" 200 476
116.235.222.38 - - [21/May/2021:08:50:35 +0800] "GET /xingrg/check_reg.html?_=1621558226508 HTTP/1.1" 200 22
116.235.222.38 - - [21/May/2021:08:50:35 +0800] "GET /xingrg/all/function/internal_message.html?_=1621558226506&CODE_STATE=count HTTP/1.1" 200 11
116.235.222.38 - - [21/May/2021:08:50:35 +0800] "POST /xingrg/load_menu.html HTTP/1.1" 200 5138
116.235.222.38 - - [21/May/2021:08:50:35 +0800] "GET /favicon.ico HTTP/1.1" 404 -
116.235.95.160 - - [21/May/2021:08:50:38 +0800] "GET /xingrg/all/function/internal_message.html?_=1621558326120&CODE_STATE=getMsg HTTP/1.1" 200 27
116.235.222.38 - - [21/May/2021:08:50:38 +0800] "GET /xingrg/kc/buy/buy_main.html HTTP/1.1" 200 12412
116.235.222.38 - - [21/May/2021:08:50:38 +0800] "GET /xingrg/css/new_ie.css HTTP/1.1" 404 1036
116.235.222.38 - - [21/May/2021:08:50:39 +0800] "GET /xingrg/images/yd/bt.gif HTTP/1.1" 404 1040
116.235.222.38 - - [21/May/2021:08:50:40 +0800] "GET /xingrg/kc/buy/cgsh_order_list.html HTTP/1.1" 200 46259
116.235.222.38 - - [21/May/2021:08:50:41 +0800] "POST /xingrg/kc/buy/cgsh_list_operate.html HTTP/1.1" 200 876
116.235.222.38 - - [21/May/2021:08:50:42 +0800] "GET /xingrg/kc/buy/cgsh_order_add.html HTTP/1.1" 200 62079
116.235.222.38 - - [21/May/2021:08:50:43 +0800] "GET /xingrg/all/common/auto_word.html?type=employee&rest_code=00107 HTTP/1.1" 200 101
116.235.222.38 - - [21/May/2021:08:50:43 +0800] "GET /xingrg/javascript/easyui/themes/default/validatebox.css HTTP/1.1" 404 1104
116.235.222.38 - - [21/May/2021:08:50:43 +0800] "GET /xingrg/all/common/auto_word.html?type=employee&rest_code=00107 HTTP/1.1" 200 101
116.235.222.38 - - [21/May/2021:08:50:43 +0800] "POST /xingrg/kc/buy/cgsh_order_operate.html HTTP/1.1" 200 8245
116.235.222.38 - - [21/May/2021:08:50:45 +0800] "GET /xingrg/javascript/easyui/themes/default/tree.css HTTP/1.1" 404 1090
116.235.222.38 - - [21/May/2021:08:50:45 +0800] "POST /xingrg/all/common/load_tree.html?tree=supplier_tree_json&isDelete=1 HTTP/1.1" 200 55318
180.161.127.67 - - [21/May/2021:08:50:52 +0800] "GET /xingrg/all/function/internal_message.html?_=1621558209017&CODE_STATE=getMsg HTTP/1.1" 200 27
116.230.110.80 - - [21/May/2021:08:50:54 +0800] "GET /xingrg/all/function/internal_message.html?_=1621558249749&CODE_STATE=getMsg HTTP/1.1" 200 27
116.230.110.80 - - [21/May/2021:08:50:54 +0800] "GET /xingrg/check_reg.html?_=1621558249751 HTTP/1.1" 200 22
120.253.135.82 - - [21/May/2021:08:50:54 +0800] "GET /xingrg/all/function/internal_message.html?_=1621558375131&CODE_STATE=getMsg HTTP/1.1" 200 27
116.235.222.38 - - [21/May/2021:08:50:55 +0800] "GET /xingrg/javascript/auto/indicator.gif HTTP/1.1" 404 1066
116.235.222.38 - - [21/May/2021:08:50:57 +0800] "GET /xingrg/kc/buy/cgsh_order_operate.html?command=get_materiel&rest_code=00107&code=00101016025&supplier_code=00100033&order_time=2021-05-21 HTTP/1.1" 200 408
180.169.147.146 - - [21/May/2021:08:50:59 +0800] "GET /xingrg/all/function/internal_message.html?_=1621558250332&CODE_STATE=getMsg HTTP/1.1" 200 27
117.184.7.30 - - [21/May/2021:08:51:02 +0800] "GET /xingrg/all/function/internal_message.html?_=1621558255524&CODE_STATE=getMsg HTTP/1.1" 302 -
117.184.7.30 - - [21/May/2021:08:51:02 +0800] "GET /xingrg/check_reg.html?_=1621558255524 HTTP/1.1" 302 -
117.184.7.30 - - [21/May/2021:08:51:02 +0800] "GET /xingrg/login.html HTTP/1.1" 200 7641
117.184.7.30 - - [21/May/2021:08:51:02 +0800] "GET /xingrg/login.html HTTP/1.1" 200 7641
116.235.222.38 - - [21/May/2021:08:51:11 +0800] "GET /xingrg/kc/buy/cgsh_order_operate.html?command=get_materiel&rest_code=00107&code=00101016100&supplier_code=00100033&order_time=2021-05-21 HTTP/1.1" 200 412
116.224.253.72 - - [21/May/2021:08:51:19 +0800] "GET /xingrg/all/function/internal_message.html?_=1621558277025&CODE_STATE=getMsg HTTP/1.1" 200 27
116.230.114.112 - - [21/May/2021:08:51:21 +0800] "GET /xingrg/all/function/internal_message.html?_=1621558296008&CODE_STATE=getMsg HTTP/1.1" 200 27
116.235.222.38 - - [21/May/2021:08:51:24 +0800] "GET /xingrg/kc/buy/cgsh_order_operate.html?command=get_materiel&rest_code=00107&code=00101011001&supplier_code=00100033&order_time=2021-05-21 HTTP/1.1" 200 423
116.235.222.38 - - [21/May/2021:08:51:35 +0800] "GET /xingrg/all/function/internal_message.html?_=1621558286524&CODE_STATE=getMsg HTTP/1.1" 200 27
116.235.222.38 - - [21/May/2021:08:51:37 +0800] "GET /xingrg/kc/buy/cgsh_order_operate.html?command=get_materiel&rest_code=00107&code=00101012030&supplier_code=00100033&order_time=2021-05-21 HTTP/1.1" 200 416
116.235.95.160 - - [21/May/2021:08:51:38 +0800] "GET /xingrg/all/function/internal_message.html?_=1621558386119&CODE_STATE=getMsg HTTP/1.1" 200 27
180.161.127.67 - - [21/May/2021:08:51:39 +0800] "GET /xingrg/kc/buy/cgsh_order_operate.html?command=get_materiel&rest_code=00102&code=00101008224&supplier_code=00100008&order_time=2021-05-21 HTTP/1.1" 200 416
116.235.222.38 - - [21/May/2021:08:51:45 +0800] "GET /xingrg/kc/buy/cgsh_order_operate.html?command=get_materiel&rest_code=00107&code=00101016010&supplier_code=00100033&order_time=2021-05-21 HTTP/1.1" 200 408
180.161.127.67 - - [21/May/2021:08:51:50 +0800] "GET /xingrg/check_reg.html?_=1621558267854 HTTP/1.1" 200 22
180.161.127.67 - - [21/May/2021:08:51:51 +0800] "GET /xingrg/kc/buy/cgsh_order_operate.html?command=get_materiel&rest_code=00102&code=00101008144&supplier_code=00100008&order_time=2021-05-21 HTTP/1.1" 200 412
180.161.127.67 - - [21/May/2021:08:51:52 +0800] "GET /xingrg/all/function/internal_message.html?_=1621558269032&CODE_STATE=getMsg HTTP/1.1" 200 27
116.230.110.80 - - [21/May/2021:08:51:54 +0800] "GET /xingrg/all/function/internal_message.html?_=1621558309762&CODE_STATE=getMsg HTTP/1.1" 200 27
120.253.135.82 - - [21/May/2021:08:51:54 +0800] "GET /xingrg/all/function/internal_message.html?_=1621558435136&CODE_STATE=getMsg HTTP/1.1" 200 27
180.169.147.146 - - [21/May/2021:08:51:59 +0800] "GET /xingrg/all/function/internal_message.html?_=1621558310331&CODE_STATE=getMsg HTTP/1.1" 200 27
117.184.7.30 - - [21/May/2021:08:52:02 +0800] "GET /xingrg/all/function/internal_message.html?_=1621558315526&CODE_STATE=getMsg HTTP/1.1" 302 -
117.184.7.30 - - [21/May/2021:08:52:02 +0800] "GET /xingrg/login.html HTTP/1.1" 200 7641
180.161.127.67 - - [21/May/2021:08:52:03 +0800] "GET /xingrg/kc/buy/cgsh_order_operate.html?command=get_materiel&rest_code=00102&code=00101008004&supplier_code=00100008&order_time=2021-05-21 HTTP/1.1" 200 416
116.235.222.38 - - [21/May/2021:08:52:08 +0800] "GET /xingrg/kc/buy/cgsh_order_operate.html?command=get_materiel&rest_code=00107&code=00101012029&supplier_code=00100033&order_time=2021-05-21 HTTP/1.1" 200 412
180.161.127.67 - - [21/May/2021:08:52:13 +0800] "GET /xingrg/kc/buy/cgsh_order_operate.html?command=get_materiel&rest_code=00102&code=00101008356&supplier_code=00100008&order_time=2021-05-21 HTTP/1.1" 200 408
116.224.253.72 - - [21/May/2021:08:52:19 +0800] "GET /xingrg/all/function/internal_message.html?_=1621558337037&CODE_STATE=getMsg HTTP/1.1" 200 27
116.235.222.38 - - [21/May/2021:08:52:19 +0800] "GET /xingrg/kc/buy/cgsh_order_operate.html?command=get_materiel&rest_code=00107&code=00101010384&supplier_code=00100033&order_time=2021-05-21 HTTP/1.1" 200 394
116.230.114.112 - - [21/May/2021:08:52:21 +0800] "GET /xingrg/all/function/internal_message.html?_=1621558356022&CODE_STATE=getMsg HTTP/1.1" 200 27
116.235.222.38 - - [21/May/2021:08:52:27 +0800] "POST /xingrg/kc/buy/cgsh_order_operate.html HTTP/1.1" 200 37
116.235.222.38 - - [21/May/2021:08:52:28 +0800] "POST /xingrg/kc/buy/cgsh_order_operate.html HTTP/1.1" 200 6211
116.235.222.38 - - [21/May/2021:08:52:30 +0800] "GET /xingrg/kc/print/load_config.html?kc_code=cgsh HTTP/1.1" 200 1845
116.235.222.38 - - [21/May/2021:08:52:30 +0800] "GET /xingrg/kc/print/load_data.html?order_code=212021052109272&kc_code=cgsh&condition= HTTP/1.1" 200 2058
116.235.222.38 - - [21/May/2021:08:52:35 +0800] "GET /xingrg/all/function/internal_message.html?_=1621558346564&CODE_STATE=getMsg HTTP/1.1" 200 27
180.161.127.67 - - [21/May/2021:08:52:37 +0800] "GET /xingrg/kc/buy/cgsh_order_operate.html?command=get_materiel&rest_code=00102&code=00101008300&supplier_code=00100008&order_time=2021-05-21 HTTP/1.1" 200 412
116.235.95.160 - - [21/May/2021:08:52:38 +0800] "GET /xingrg/all/function/internal_message.html?_=1621558446117&CODE_STATE=getMsg HTTP/1.1" 200 27
116.235.222.38 - - [21/May/2021:08:52:42 +0800] "GET /xingrg/kc/buy/cgsh_order_add.html HTTP/1.1" 200 62079
116.235.222.38 - - [21/May/2021:08:52:43 +0800] "GET /xingrg/javascript/easyui/themes/default/validatebox.css HTTP/1.1" 404 1104
116.235.222.38 - - [21/May/2021:08:52:43 +0800] "POST /xingrg/kc/buy/cgsh_order_operate.html HTTP/1.1" 200 8245
180.161.127.67 - - [21/May/2021:08:52:51 +0800] "GET /xingrg/kc/buy/cgsh_order_operate.html?command=get_materiel&rest_code=00102&code=00101008357&supplier_code=00100008&order_time=2021-05-21 HTTP/1.1" 200 408
180.161.127.67 - - [21/May/2021:08:52:52 +0800] "GET /xingrg/all/function/internal_message.html?_=1621558329038&CODE_STATE=getMsg HTTP/1.1" 200 27
120.253.135.82 - - [21/May/2021:08:52:53 +0800] "GET /xingrg/check_reg.html?_=1621558494230 HTTP/1.1" 200 22
116.230.110.80 - - [21/May/2021:08:52:54 +0800] "GET /xingrg/all/function/internal_message.html?_=1621558369752&CODE_STATE=getMsg HTTP/1.1" 200 27
120.253.135.82 - - [21/May/2021:08:52:54 +0800] "GET /xingrg/all/function/internal_message.html?_=1621558495148&CODE_STATE=getMsg HTTP/1.1" 200 27
180.169.147.146 - - [21/May/2021:08:52:59 +0800] "GET /xingrg/all/function/internal_message.html?_=1621558370330&CODE_STATE=getMsg HTTP/1.1" 200 27
180.161.127.67 - - [21/May/2021:08:53:01 +0800] "GET /xingrg/kc/buy/cgsh_order_operate.html?command=get_materiel&rest_code=00102&code=00101008286&supplier_code=00100008&order_time=2021-05-21 HTTP/1.1" 200 408
117.184.7.30 - - [21/May/2021:08:53:02 +0800] "GET /xingrg/all/function/internal_message.html?_=1621558375525&CODE_STATE=getMsg HTTP/1.1" 302 -
117.184.7.30 - - [21/May/2021:08:53:02 +0800] "GET /xingrg/login.html HTTP/1.1" 200 7641
180.161.127.67 - - [21/May/2021:08:53:10 +0800] "GET /xingrg/kc/buy/cgsh_order_operate.html?command=get_materiel&rest_code=00102&code=00101008296&supplier_code=00100008&order_time=2021-05-21 HTTP/1.1" 200 416
116.224.253.72 - - [21/May/2021:08:53:19 +0800] "GET /xingrg/all/function/internal_message.html?_=1621558397035&CODE_STATE=getMsg HTTP/1.1" 200 27
180.161.127.67 - - [21/May/2021:08:53:19 +0800] "GET /xingrg/kc/buy/cgsh_order_operate.html?command=get_materiel&rest_code=00102&code=00101008353&supplier_code=00100008&order_time=2021-05-21 HTTP/1.1" 200 408
116.230.114.112 - - [21/May/2021:08:53:21 +0800] "GET /xingrg/all/function/internal_message.html?_=1621558416047&CODE_STATE=getMsg HTTP/1.1" 200 27
180.161.127.67 - - [21/May/2021:08:53:28 +0800] "GET /xingrg/kc/buy/cgsh_order_operate.html?command=get_materiel&rest_code=00102&code=00101008213&supplier_code=00100008&order_time=2021-05-21 HTTP/1.1" 200 412
116.235.222.38 - - [21/May/2021:08:53:28 +0800] "GET /xingrg/javascript/easyui/themes/default/tree.css HTTP/1.1" 404 1090
116.235.222.38 - - [21/May/2021:08:53:28 +0800] "POST /xingrg/all/common/load_tree.html?tree=supplier_tree_json&isDelete=1 HTTP/1.1" 200 55318
116.235.222.38 - - [21/May/2021:08:53:35 +0800] "GET /xingrg/all/function/internal_message.html?_=1621558406618&CODE_STATE=getMsg HTTP/1.1" 200 27
116.235.95.160 - - [21/May/2021:08:53:38 +0800] "GET /xingrg/all/function/internal_message.html?_=1621558506132&CODE_STATE=getMsg HTTP/1.1" 200 27
