116.235.222.38 - - [21/May/2021:09:25:34 +0800] "POST /xingrg/kc/buy/cgsh_order_operate.html HTTP/1.1" 200 2065
116.224.253.72 - - [21/May/2021:09:25:35 +0800] "GET /xingrg/check_reg.html?_=1621560333111 HTTP/1.1" 200 22
116.224.253.72 - - [21/May/2021:09:25:35 +0800] "GET /xingrg/all/function/internal_message.html?_=1621560333114&CODE_STATE=getMsg HTTP/1.1" 200 27
61.165.42.208 - - [21/May/2021:09:25:37 +0800] "GET /xingrg/all/function/internal_message.html?_=1621560317234&CODE_STATE=getMsg HTTP/1.1" 200 27
116.235.95.160 - - [21/May/2021:09:25:38 +0800] "GET /xingrg/all/function/internal_message.html?_=1621560426175&CODE_STATE=getMsg HTTP/1.1" 200 27
116.235.222.38 - - [21/May/2021:09:25:38 +0800] "GET /xingrg/check_reg.html?_=1621560330209 HTTP/1.1" 200 22
116.235.222.38 - - [21/May/2021:09:25:39 +0800] "GET /xingrg/all/function/internal_message.html?_=1621560330437&CODE_STATE=getMsg HTTP/1.1" 200 27
114.86.224.114 - - [21/May/2021:09:25:39 +0800] "GET /xingrg/kc/buy/cgsh_order_operate.html?command=get_materiel&rest_code=00109&code=00101008107&supplier_code=00100005&order_time=2021-05-21 HTTP/1.1" 200 412
114.86.224.114 - - [21/May/2021:09:25:45 +0800] "GET /xingrg/kc/buy/cgsh_order_operate.html?command=get_materiel&rest_code=00109&code=00101008010&supplier_code=00100005&order_time=2021-05-21 HTTP/1.1" 200 412
116.235.222.38 - - [21/May/2021:09:25:46 +0800] "GET /xingrg/kc/buy/cgsh_order_operate.html?command=get_materiel&rest_code=00107&code=00101008105&supplier_code=00100006&order_time=2021-05-21 HTTP/1.1" 200 412
114.86.224.114 - - [21/May/2021:09:25:51 +0800] "GET /xingrg/kc/buy/cgsh_order_operate.html?command=get_materiel&rest_code=00109&code=00101008313&supplier_code=00100005&order_time=2021-05-21 HTTP/1.1" 200 412
116.230.110.80 - - [21/May/2021:09:25:54 +0800] "GET /xingrg/all/function/internal_message.html?_=1621560349770&CODE_STATE=getMsg HTTP/1.1" 200 27
116.230.110.80 - - [21/May/2021:09:25:54 +0800] "GET /xingrg/check_reg.html?_=1621560349772 HTTP/1.1" 200 22
116.224.253.72 - - [21/May/2021:09:25:54 +0800] "GET /xingrg/check_reg.html?_=1621560331426 HTTP/1.1" 200 22
180.169.147.146 - - [21/May/2021:09:25:55 +0800] "GET /xingrg/all/function/internal_message.html?_=1621560348543&CODE_STATE=getMsg HTTP/1.1" 200 27
120.253.135.82 - - [21/May/2021:09:25:55 +0800] "GET /xingrg/all/function/internal_message.html?_=1621560475636&CODE_STATE=getMsg HTTP/1.1" 200 27
114.86.224.114 - - [21/May/2021:09:25:57 +0800] "GET /xingrg/kc/buy/cgsh_order_operate.html?command=get_materiel&rest_code=00109&code=00101008096&supplier_code=00100005&order_time=2021-05-21 HTTP/1.1" 200 412
180.169.147.146 - - [21/May/2021:09:25:59 +0800] "GET /xingrg/all/function/internal_message.html?_=1621560350451&CODE_STATE=getMsg HTTP/1.1" 200 27
114.86.224.114 - - [21/May/2021:09:26:02 +0800] "GET /xingrg/kc/buy/cgsh_order_operate.html?command=get_materiel&rest_code=00109&code=00101008290&supplier_code=00100005&order_time=2021-05-21 HTTP/1.1" 200 416
117.184.7.30 - - [21/May/2021:09:26:02 +0800] "GET /xingrg/all/function/internal_message.html?_=1621560355560&CODE_STATE=getMsg HTTP/1.1" 302 -
117.184.7.30 - - [21/May/2021:09:26:02 +0800] "GET /xingrg/check_reg.html?_=1621560355561 HTTP/1.1" 302 -
117.184.7.30 - - [21/May/2021:09:26:02 +0800] "GET /xingrg/login.html HTTP/1.1" 200 7641
117.184.7.30 - - [21/May/2021:09:26:02 +0800] "GET /xingrg/login.html HTTP/1.1" 200 7641
114.86.224.114 - - [21/May/2021:09:26:04 +0800] "POST /xingrg/kc/buy/cgsh_order_operate.html HTTP/1.1" 200 2065
180.169.147.146 - - [21/May/2021:09:26:06 +0800] "GET /xingrg/all/function/internal_message.html?_=1621560367396&CODE_STATE=getMsg HTTP/1.1" 200 27
114.86.224.114 - - [21/May/2021:09:26:07 +0800] "GET /xingrg/kc/buy/cgsh_order_operate.html?command=get_materiel&rest_code=00109&code=00101008361&supplier_code=00100005&order_time=2021-05-21 HTTP/1.1" 200 408
116.224.253.72 - - [21/May/2021:09:26:07 +0800] "GET /xingrg/all/function/internal_message.html?_=1621560343966&CODE_STATE=getMsg HTTP/1.1" 200 27
180.169.147.146 - - [21/May/2021:09:26:08 +0800] "GET /xingrg/all/function/internal_message.html?_=1621560366128&CODE_STATE=getMsg HTTP/1.1" 200 27
180.161.127.67 - - [21/May/2021:09:26:10 +0800] "POST /xingrg/kc/buy/cgsh_list_operate.html HTTP/1.1" 200 563
180.161.127.67 - - [21/May/2021:09:26:10 +0800] "GET /xingrg/kc/buy/cgsh_order_info.html?code=212021052109291 HTTP/1.1" 200 61959
180.161.127.67 - - [21/May/2021:09:26:11 +0800] "GET /xingrg/javascript/easyui/themes/default/validatebox.css HTTP/1.1" 404 1104
180.161.127.67 - - [21/May/2021:09:26:11 +0800] "POST /xingrg/kc/buy/cgsh_order_operate.html HTTP/1.1" 200 15665
114.86.224.114 - - [21/May/2021:09:26:12 +0800] "GET /xingrg/kc/buy/cgsh_order_operate.html?command=get_materiel&rest_code=00109&code=00101008069&supplier_code=00100005&order_time=2021-05-21 HTTP/1.1" 200 412
116.235.222.38 - - [21/May/2021:09:26:13 +0800] "GET /xingrg/kc/buy/cgsh_order_operate.html?command=get_materiel&rest_code=00107&code=00101008223&supplier_code=00100006&order_time=2021-05-21 HTTP/1.1" 200 414
116.224.253.72 - - [21/May/2021:09:26:18 +0800] "GET /xingrg/all/function/internal_message.html?_=1621560375939&CODE_STATE=getMsg HTTP/1.1" 200 27
114.86.224.114 - - [21/May/2021:09:26:19 +0800] "GET /xingrg/kc/buy/cgsh_order_operate.html?command=get_materiel&rest_code=00109&code=00101008286&supplier_code=00100005&order_time=2021-05-21 HTTP/1.1" 200 408
116.230.114.112 - - [21/May/2021:09:26:21 +0800] "GET /xingrg/all/function/internal_message.html?_=1621560396688&CODE_STATE=getMsg HTTP/1.1" 200 27
114.86.224.114 - - [21/May/2021:09:26:24 +0800] "GET /xingrg/kc/buy/cgsh_order_operate.html?command=get_materiel&rest_code=00109&code=00101008296&supplier_code=00100005&order_time=2021-05-21 HTTP/1.1" 200 416
116.235.222.38 - - [21/May/2021:09:26:28 +0800] "GET /xingrg/kc/buy/cgsh_order_operate.html?command=get_materiel&rest_code=00107&code=00101009013&supplier_code=00100006&order_time=2021-05-21 HTTP/1.1" 200 420
114.86.224.114 - - [21/May/2021:09:26:28 +0800] "GET /xingrg/all/function/internal_message.html?_=1621560391989&CODE_STATE=getMsg HTTP/1.1" 200 27
114.86.224.114 - - [21/May/2021:09:26:30 +0800] "GET /xingrg/kc/buy/cgsh_order_operate.html?command=get_materiel&rest_code=00109&code=00101008353&supplier_code=00100005&order_time=2021-05-21 HTTP/1.1" 200 408
114.86.224.114 - - [21/May/2021:09:26:32 +0800] "POST /xingrg/kc/buy/cgsh_order_operate.html HTTP/1.1" 200 2065
180.161.127.67 - - [21/May/2021:09:26:34 +0800] "GET /xingrg/all/function/internal_message.html?_=1621560351663&CODE_STATE=getMsg HTTP/1.1" 200 27
116.224.253.72 - - [21/May/2021:09:26:35 +0800] "GET /xingrg/all/function/internal_message.html?_=1621560393098&CODE_STATE=getMsg HTTP/1.1" 200 27
114.86.224.114 - - [21/May/2021:09:26:36 +0800] "GET /xingrg/kc/buy/cgsh_order_operate.html?command=get_materiel&rest_code=00109&code=00101008213&supplier_code=00100005&order_time=2021-05-21 HTTP/1.1" 200 412
61.165.42.208 - - [21/May/2021:09:26:37 +0800] "GET /xingrg/check_reg.html?_=1621560377235 HTTP/1.1" 200 22
61.165.42.208 - - [21/May/2021:09:26:37 +0800] "GET /xingrg/all/function/internal_message.html?_=1621560377238&CODE_STATE=getMsg HTTP/1.1" 200 27
116.235.95.160 - - [21/May/2021:09:26:38 +0800] "GET /xingrg/all/function/internal_message.html?_=1621560486173&CODE_STATE=getMsg HTTP/1.1" 200 27
116.235.222.38 - - [21/May/2021:09:26:39 +0800] "GET /xingrg/all/function/internal_message.html?_=1621560390422&CODE_STATE=getMsg HTTP/1.1" 200 27
114.86.224.114 - - [21/May/2021:09:26:41 +0800] "GET /xingrg/kc/buy/cgsh_order_operate.html?command=get_materiel&rest_code=00109&code=00101008306&supplier_code=00100005&order_time=2021-05-21 HTTP/1.1" 200 412
114.86.224.114 - - [21/May/2021:09:26:48 +0800] "GET /xingrg/kc/buy/cgsh_order_operate.html?command=get_materiel&rest_code=00109&code=00101008220&supplier_code=00100005&order_time=2021-05-21 HTTP/1.1" 200 412
116.224.253.72 - - [21/May/2021:09:26:51 +0800] "POST /xingrg/kc/buy/cgsh_order_operate.html HTTP/1.1" 200 37
116.235.222.38 - - [21/May/2021:09:26:51 +0800] "GET /xingrg/kc/buy/cgsh_order_operate.html?command=get_materiel&rest_code=00107&code=00101009016&supplier_code=00100006&order_time=2021-05-21 HTTP/1.1" 200 412
116.224.253.72 - - [21/May/2021:09:26:53 +0800] "POST /xingrg/kc/buy/cgsh_order_operate.html HTTP/1.1" 200 12
116.230.110.80 - - [21/May/2021:09:26:54 +0800] "GET /xingrg/all/function/internal_message.html?_=1621560409765&CODE_STATE=getMsg HTTP/1.1" 200 27
116.224.253.72 - - [21/May/2021:09:26:54 +0800] "GET /xingrg/kc/buy/cgsh_order_info.html?code=212021052109293 HTTP/1.1" 200 56525
180.169.147.146 - - [21/May/2021:09:26:55 +0800] "GET /xingrg/all/function/internal_message.html?_=1621560408542&CODE_STATE=getMsg HTTP/1.1" 200 27
116.224.253.72 - - [21/May/2021:09:26:55 +0800] "GET /xingrg/javascript/easyui/themes/default/validatebox.css HTTP/1.1" 404 1104
120.253.135.82 - - [21/May/2021:09:26:55 +0800] "GET /xingrg/all/function/internal_message.html?_=1621560535640&CODE_STATE=getMsg HTTP/1.1" 200 27
116.224.253.72 - - [21/May/2021:09:26:55 +0800] "POST /xingrg/kc/buy/cgsh_order_operate.html HTTP/1.1" 200 4202
116.235.222.38 - - [21/May/2021:09:26:55 +0800] "POST /xingrg/kc/buy/cgsh_order_operate.html HTTP/1.1" 200 2065
116.224.253.72 - - [21/May/2021:09:26:56 +0800] "GET /xingrg/kc/print/load_data.html?order_code=212021052109293&kc_code=cgsh&condition= HTTP/1.1" 200 2075
114.86.224.114 - - [21/May/2021:09:26:57 +0800] "GET /xingrg/kc/buy/cgsh_order_operate.html?command=get_materiel&rest_code=00109&code=00101008155&supplier_code=00100005&order_time=2021-05-21 HTTP/1.1" 200 408
180.169.147.146 - - [21/May/2021:09:26:59 +0800] "GET /xingrg/all/function/internal_message.html?_=1621560410494&CODE_STATE=getMsg HTTP/1.1" 200 27
117.184.7.30 - - [21/May/2021:09:27:02 +0800] "GET /xingrg/all/function/internal_message.html?_=1621560415561&CODE_STATE=getMsg HTTP/1.1" 302 -
117.184.7.30 - - [21/May/2021:09:27:02 +0800] "GET /xingrg/login.html HTTP/1.1" 200 7641
114.86.224.114 - - [21/May/2021:09:27:04 +0800] "GET /xingrg/kc/buy/cgsh_order_operate.html?command=get_materiel&rest_code=00109&code=00101008356&supplier_code=00100005&order_time=2021-05-21 HTTP/1.1" 200 408
58.37.225.51 - - [21/May/2021:09:27:05 +0800] "GET /favicon.ico HTTP/1.1" 404 -
114.86.224.114 - - [21/May/2021:09:27:06 +0800] "POST /xingrg/kc/buy/cgsh_order_operate.html HTTP/1.1" 200 2065
180.169.147.146 - - [21/May/2021:09:27:06 +0800] "GET /xingrg/all/function/internal_message.html?_=1621560427396&CODE_STATE=getMsg HTTP/1.1" 200 27
116.235.222.38 - - [21/May/2021:09:27:06 +0800] "GET /xingrg/kc/buy/cgsh_order_operate.html?command=get_materiel&rest_code=00107&code=00101008098&supplier_code=00100006&order_time=2021-05-21 HTTP/1.1" 200 412
116.224.253.72 - - [21/May/2021:09:27:07 +0800] "GET /xingrg/all/function/internal_message.html?_=1621560403978&CODE_STATE=getMsg HTTP/1.1" 200 27
180.169.147.146 - - [21/May/2021:09:27:08 +0800] "GET /xingrg/all/function/internal_message.html?_=1621560426117&CODE_STATE=getMsg HTTP/1.1" 200 27
114.86.224.114 - - [21/May/2021:09:27:10 +0800] "GET /xingrg/kc/buy/cgsh_order_operate.html?command=get_materiel&rest_code=00109&code=00101015060&supplier_code=00100005&order_time=2021-05-21 HTTP/1.1" 200 412
114.86.224.114 - - [21/May/2021:09:27:15 +0800] "GET /xingrg/kc/buy/cgsh_order_operate.html?command=get_materiel&rest_code=00109&code=00101008223&supplier_code=00100005&order_time=2021-05-21 HTTP/1.1" 200 412
116.224.253.72 - - [21/May/2021:09:27:18 +0800] "GET /xingrg/check_reg.html?_=1621560435954 HTTP/1.1" 200 22
116.224.253.72 - - [21/May/2021:09:27:18 +0800] "GET /xingrg/all/function/internal_message.html?_=1621560435956&CODE_STATE=getMsg HTTP/1.1" 200 27
114.86.224.114 - - [21/May/2021:09:27:20 +0800] "GET /xingrg/kc/buy/cgsh_order_operate.html?command=get_materiel&rest_code=00109&code=00101008069&supplier_code=00100005&order_time=2021-05-21 HTTP/1.1" 200 412
116.230.114.112 - - [21/May/2021:09:27:21 +0800] "GET /xingrg/all/function/internal_message.html?_=1621560456700&CODE_STATE=getMsg HTTP/1.1" 200 27
172.20.0.100 - - [21/May/2021:09:27:23 +0800] "GET /xingrg/check_reg.html?_=1621560439008 HTTP/1.1" 200 22
116.235.222.38 - - [21/May/2021:09:27:26 +0800] "GET /xingrg/kc/buy/cgsh_order_operate.html?command=get_materiel&rest_code=00107&code=00101008041&supplier_code=00100006&order_time=2021-05-21 HTTP/1.1" 200 408
114.86.224.114 - - [21/May/2021:09:27:27 +0800] "GET /xingrg/kc/buy/cgsh_order_operate.html?command=get_materiel&rest_code=00109&code=00101008150&supplier_code=00100005&order_time=2021-05-21 HTTP/1.1" 200 409
114.86.224.114 - - [21/May/2021:09:27:28 +0800] "GET /xingrg/all/function/internal_message.html?_=1621560451991&CODE_STATE=getMsg HTTP/1.1" 200 27
114.86.224.114 - - [21/May/2021:09:27:33 +0800] "GET /xingrg/kc/buy/cgsh_order_operate.html?command=get_materiel&rest_code=00109&code=00101008168&supplier_code=00100005&order_time=2021-05-21 HTTP/1.1" 200 413
180.161.127.67 - - [21/May/2021:09:27:34 +0800] "GET /xingrg/check_reg.html?_=1621560411724 HTTP/1.1" 200 22
180.161.127.67 - - [21/May/2021:09:27:34 +0800] "GET /xingrg/all/function/internal_message.html?_=1621560411726&CODE_STATE=getMsg HTTP/1.1" 200 27
116.224.253.72 - - [21/May/2021:09:27:35 +0800] "GET /xingrg/all/function/internal_message.html?_=1621560453102&CODE_STATE=getMsg HTTP/1.1" 200 27
61.165.42.208 - - [21/May/2021:09:27:37 +0800] "GET /xingrg/all/function/internal_message.html?_=1621560437237&CODE_STATE=getMsg HTTP/1.1" 200 27
116.235.95.160 - - [21/May/2021:09:27:38 +0800] "GET /xingrg/all/function/internal_message.html?_=1621560546172&CODE_STATE=getMsg HTTP/1.1" 200 27
116.235.222.38 - - [21/May/2021:09:27:39 +0800] "GET /xingrg/all/function/internal_message.html?_=1621560450395&CODE_STATE=getMsg HTTP/1.1" 200 27
116.235.222.38 - - [21/May/2021:09:27:40 +0800] "GET /xingrg/kc/buy/cgsh_order_operate.html?command=get_materiel&rest_code=00107&code=00101008236&supplier_code=00100006&order_time=2021-05-21 HTTP/1.1" 200 416
114.86.224.114 - - [21/May/2021:09:27:40 +0800] "POST /xingrg/kc/buy/cgsh_order_operate.html HTTP/1.1" 200 2065
114.86.224.114 - - [21/May/2021:09:27:45 +0800] "GET /xingrg/kc/buy/cgsh_order_operate.html?command=get_materiel&rest_code=00109&code=00101008350&supplier_code=00100005&order_time=2021-05-21 HTTP/1.1" 200 408
116.235.222.38 - - [21/May/2021:09:27:50 +0800] "GET /xingrg/kc/buy/cgsh_order_operate.html?command=get_materiel&rest_code=00107&code=00101009011&supplier_code=00100006&order_time=2021-05-21 HTTP/1.1" 200 416
114.86.224.114 - - [21/May/2021:09:27:51 +0800] "GET /xingrg/kc/buy/cgsh_order_operate.html?command=get_materiel&rest_code=00109&code=00101008283&supplier_code=00100005&order_time=2021-05-21 HTTP/1.1" 200 408
120.253.135.82 - - [21/May/2021:09:27:54 +0800] "GET /xingrg/check_reg.html?_=1621560594323 HTTP/1.1" 200 22
116.230.110.80 - - [21/May/2021:09:27:54 +0800] "GET /xingrg/all/function/internal_message.html?_=1621560469756&CODE_STATE=getMsg HTTP/1.1" 200 27
180.169.147.146 - - [21/May/2021:09:27:55 +0800] "GET /xingrg/all/function/internal_message.html?_=1621560468542&CODE_STATE=getMsg HTTP/1.1" 200 27
120.253.135.82 - - [21/May/2021:09:27:55 +0800] "GET /xingrg/all/function/internal_message.html?_=1621560595654&CODE_STATE=getMsg HTTP/1.1" 200 27
116.235.222.38 - - [21/May/2021:09:27:57 +0800] "POST /xingrg/kc/buy/cgsh_order_operate.html HTTP/1.1" 200 2065
180.169.147.146 - - [21/May/2021:09:27:59 +0800] "GET /xingrg/all/function/internal_message.html?_=1621560470491&CODE_STATE=getMsg HTTP/1.1" 200 27
114.86.224.114 - - [21/May/2021:09:28:00 +0800] "GET /xingrg/kc/buy/cgsh_order_operate.html?command=get_materiel&rest_code=00109&code=00101008096&supplier_code=00100005&order_time=2021-05-21 HTTP/1.1" 200 412
117.184.7.30 - - [21/May/2021:09:28:02 +0800] "GET /xingrg/all/function/internal_message.html?_=1621560475562&CODE_STATE=getMsg HTTP/1.1" 302 -
117.184.7.30 - - [21/May/2021:09:28:02 +0800] "GET /xingrg/login.html HTTP/1.1" 200 7641
116.235.222.38 - - [21/May/2021:09:28:03 +0800] "GET /xingrg/kc/buy/cgsh_order_operate.html?command=get_materiel&rest_code=00107&code=00101009007&supplier_code=00100006&order_time=2021-05-21 HTTP/1.1" 200 410
114.86.224.114 - - [21/May/2021:09:28:05 +0800] "GET /xingrg/kc/buy/cgsh_order_operate.html?command=get_materiel&rest_code=00109&code=00101008114&supplier_code=00100005&order_time=2021-05-21 HTTP/1.1" 200 412
180.169.147.146 - - [21/May/2021:09:28:06 +0800] "GET /xingrg/all/function/internal_message.html?_=1621560487398&CODE_STATE=getMsg HTTP/1.1" 200 27
116.224.253.72 - - [21/May/2021:09:28:07 +0800] "GET /xingrg/all/function/internal_message.html?_=1621560464082&CODE_STATE=getMsg HTTP/1.1" 200 27
180.169.147.146 - - [21/May/2021:09:28:08 +0800] "GET /xingrg/all/function/internal_message.html?_=1621560486122&CODE_STATE=getMsg HTTP/1.1" 200 27
114.86.224.114 - - [21/May/2021:09:28:11 +0800] "GET /xingrg/kc/buy/cgsh_order_operate.html?command=get_materiel&rest_code=00109&code=00101008350&supplier_code=00100005&order_time=2021-05-21 HTTP/1.1" 200 408
114.86.224.114 - - [21/May/2021:09:28:13 +0800] "POST /xingrg/kc/buy/cgsh_order_operate.html HTTP/1.1" 200 2065
116.235.222.38 - - [21/May/2021:09:28:17 +0800] "GET /xingrg/kc/buy/cgsh_order_operate.html?command=get_materiel&rest_code=00107&code=00101008114&supplier_code=00100006&order_time=2021-05-21 HTTP/1.1" 200 412
116.224.253.72 - - [21/May/2021:09:28:18 +0800] "GET /xingrg/all/function/internal_message.html?_=1621560495946&CODE_STATE=getMsg HTTP/1.1" 200 27
116.230.114.112 - - [21/May/2021:09:28:22 +0800] "GET /xingrg/all/function/internal_message.html?_=1621560516741&CODE_STATE=getMsg HTTP/1.1" 200 27
114.86.224.114 - - [21/May/2021:09:28:23 +0800] "GET /xingrg/kc/buy/cgsh_order_operate.html?command=get_materiel&rest_code=00109&code=00101008350&supplier_code=00100005&order_time=2021-05-21 HTTP/1.1" 200 408
114.86.224.114 - - [21/May/2021:09:28:28 +0800] "GET /xingrg/all/function/internal_message.html?_=1621560511990&CODE_STATE=getMsg HTTP/1.1" 200 27
114.86.224.114 - - [21/May/2021:09:28:28 +0800] "GET /xingrg/check_reg.html?_=1621560511992 HTTP/1.1" 200 22
116.235.222.38 - - [21/May/2021:09:28:29 +0800] "GET /xingrg/kc/buy/cgsh_order_operate.html?command=get_materiel&rest_code=00107&code=00101008168&supplier_code=00100006&order_time=2021-05-21 HTTP/1.1" 200 413
116.230.117.165 - - [21/May/2021:09:28:31 +0800] "POST /xingrg/services/DataTransmitService HTTP/1.1" 200 524
116.230.117.165 - - [21/May/2021:09:28:31 +0800] "POST /xingrg/services/DataTransmitService HTTP/1.1" 200 2171
116.230.117.165 - - [21/May/2021:09:28:32 +0800] "POST /xingrg/services/DataTransmitService HTTP/1.1" 200 161236
114.86.224.114 - - [21/May/2021:09:28:33 +0800] "GET /xingrg/kc/buy/cgsh_order_operate.html?command=get_materiel&rest_code=00109&code=00101008355&supplier_code=00100005&order_time=2021-05-21 HTTP/1.1" 200 408
180.161.127.67 - - [21/May/2021:09:28:34 +0800] "GET /xingrg/all/function/internal_message.html?_=1621560471737&CODE_STATE=getMsg HTTP/1.1" 200 27
116.224.253.72 - - [21/May/2021:09:28:35 +0800] "GET /xingrg/all/function/internal_message.html?_=1621560513105&CODE_STATE=getMsg HTTP/1.1" 200 27
61.165.42.208 - - [21/May/2021:09:28:37 +0800] "GET /xingrg/all/function/internal_message.html?_=1621560497238&CODE_STATE=getMsg HTTP/1.1" 200 27
116.235.95.160 - - [21/May/2021:09:28:38 +0800] "GET /xingrg/check_reg.html?_=1621560606171 HTTP/1.1" 200 22
117.131.5.26 - - [21/May/2021:09:28:38 +0800] "GET /xingrg/all/function/internal_message.html?_=1621560606170&CODE_STATE=getMsg HTTP/1.1" 200 27
116.235.222.38 - - [21/May/2021:09:28:39 +0800] "GET /xingrg/all/function/internal_message.html?_=1621560510377&CODE_STATE=getMsg HTTP/1.1" 200 27
114.86.224.114 - - [21/May/2021:09:28:39 +0800] "GET /xingrg/kc/buy/cgsh_order_operate.html?command=get_materiel&rest_code=00109&code=00101008357&supplier_code=00100005&order_time=2021-05-21 HTTP/1.1" 200 408
114.86.224.114 - - [21/May/2021:09:28:44 +0800] "GET /xingrg/kc/buy/cgsh_order_operate.html?command=get_materiel&rest_code=00109&code=00101008209&supplier_code=00100005&order_time=2021-05-21 HTTP/1.1" 200 408
114.86.224.114 - - [21/May/2021:09:28:50 +0800] "GET /xingrg/kc/buy/cgsh_order_operate.html?command=get_materiel&rest_code=00109&code=00101008300&supplier_code=00100005&order_time=2021-05-21 HTTP/1.1" 200 412
114.86.224.114 - - [21/May/2021:09:28:52 +0800] "POST /xingrg/kc/buy/cgsh_order_operate.html HTTP/1.1" 200 2065
116.235.222.38 - - [21/May/2021:09:28:53 +0800] "GET /xingrg/kc/buy/cgsh_order_operate.html?command=get_materiel&rest_code=00107&code=00101008209&supplier_code=00100006&order_time=2021-05-21 HTTP/1.1" 200 408
116.230.110.80 - - [21/May/2021:09:28:54 +0800] "GET /xingrg/all/function/internal_message.html?_=1621560529769&CODE_STATE=getMsg HTTP/1.1" 200 27
180.169.147.146 - - [21/May/2021:09:28:55 +0800] "GET /xingrg/all/function/internal_message.html?_=1621560528542&CODE_STATE=getMsg HTTP/1.1" 200 27
120.253.135.82 - - [21/May/2021:09:28:55 +0800] "GET /xingrg/all/function/internal_message.html?_=1621560655667&CODE_STATE=getMsg HTTP/1.1" 200 27
114.86.224.114 - - [21/May/2021:09:28:57 +0800] "GET /xingrg/kc/buy/cgsh_order_operate.html?command=get_materiel&rest_code=00109&code=00101008069&supplier_code=00100005&order_time=2021-05-21 HTTP/1.1" 200 412
180.169.147.146 - - [21/May/2021:09:28:59 +0800] "GET /xingrg/check_reg.html?_=1621560530491 HTTP/1.1" 200 22
180.169.147.146 - - [21/May/2021:09:28:59 +0800] "GET /xingrg/all/function/internal_message.html?_=1621560530492&CODE_STATE=getMsg HTTP/1.1" 200 27
117.184.7.30 - - [21/May/2021:09:29:02 +0800] "GET /xingrg/all/function/internal_message.html?_=1621560535565&CODE_STATE=getMsg HTTP/1.1" 302 -
117.184.7.30 - - [21/May/2021:09:29:02 +0800] "GET /xingrg/login.html HTTP/1.1" 200 7641
114.86.224.114 - - [21/May/2021:09:29:03 +0800] "GET /xingrg/kc/buy/cgsh_order_operate.html?command=get_materiel&rest_code=00109&code=00101008041&supplier_code=00100005&order_time=2021-05-21 HTTP/1.1" 200 408
180.169.147.146 - - [21/May/2021:09:29:06 +0800] "GET /xingrg/check_reg.html?_=1621560547404 HTTP/1.1" 200 22
180.169.147.146 - - [21/May/2021:09:29:06 +0800] "GET /xingrg/all/function/internal_message.html?_=1621560547399&CODE_STATE=getMsg HTTP/1.1" 200 27
116.224.253.72 - - [21/May/2021:09:29:07 +0800] "GET /xingrg/all/function/internal_message.html?_=1621560524084&CODE_STATE=getMsg HTTP/1.1" 200 27
180.169.147.146 - - [21/May/2021:09:29:08 +0800] "GET /xingrg/all/function/internal_message.html?_=1621560546127&CODE_STATE=getMsg HTTP/1.1" 200 27
116.235.222.38 - - [21/May/2021:09:29:11 +0800] "GET /xingrg/kc/buy/cgsh_order_operate.html?command=get_materiel&rest_code=00107&code=00101008364&supplier_code=00100006&order_time=2021-05-21 HTTP/1.1" 200 413
114.86.224.114 - - [21/May/2021:09:29:12 +0800] "GET /xingrg/kc/buy/cgsh_order_operate.html?command=get_materiel&rest_code=00109&code=00101015040&supplier_code=00100005&order_time=2021-05-21 HTTP/1.1" 200 408
116.224.253.72 - - [21/May/2021:09:29:18 +0800] "GET /xingrg/all/function/internal_message.html?_=1621560556725&CODE_STATE=getMsg HTTP/1.1" 200 27
116.235.222.38 - - [21/May/2021:09:29:19 +0800] "POST /xingrg/kc/buy/cgsh_order_operate.html HTTP/1.1" 200 2065
180.169.147.146 - - [21/May/2021:09:29:20 +0800] "GET /favicon.ico HTTP/1.1" 404 -
114.86.224.114 - - [21/May/2021:09:29:20 +0800] "GET /xingrg/kc/buy/cgsh_order_operate.html?command=get_materiel&rest_code=00109&code=00101015062&supplier_code=00100005&order_time=2021-05-21 HTTP/1.1" 200 412
116.230.114.112 - - [21/May/2021:09:29:22 +0800] "GET /xingrg/all/function/internal_message.html?_=1621560576744&CODE_STATE=getMsg HTTP/1.1" 200 27
114.86.224.114 - - [21/May/2021:09:29:27 +0800] "GET /xingrg/kc/buy/cgsh_order_operate.html?command=get_materiel&rest_code=00109&code=00101008169&supplier_code=00100005&order_time=2021-05-21 HTTP/1.1" 200 412
114.86.224.114 - - [21/May/2021:09:29:28 +0800] "GET /xingrg/all/function/internal_message.html?_=1621560571995&CODE_STATE=getMsg HTTP/1.1" 200 27
180.161.127.67 - - [21/May/2021:09:29:29 +0800] "POST /xingrg/kc/buy/cgsh_list_operate.html HTTP/1.1" 200 2385
114.86.224.114 - - [21/May/2021:09:29:29 +0800] "POST /xingrg/kc/buy/cgsh_order_operate.html HTTP/1.1" 200 2065
180.161.127.67 - - [21/May/2021:09:29:34 +0800] "GET /xingrg/all/function/internal_message.html?_=1621560531860&CODE_STATE=getMsg HTTP/1.1" 200 27
116.224.253.72 - - [21/May/2021:09:29:35 +0800] "GET /xingrg/all/function/internal_message.html?_=1621560573126&CODE_STATE=getMsg HTTP/1.1" 200 27
61.165.42.208 - - [21/May/2021:09:29:37 +0800] "GET /xingrg/all/function/internal_message.html?_=1621560557237&CODE_STATE=getMsg HTTP/1.1" 200 27
116.235.95.160 - - [21/May/2021:09:29:38 +0800] "GET /xingrg/all/function/internal_message.html?_=1621560666169&CODE_STATE=getMsg HTTP/1.1" 200 27
116.235.222.38 - - [21/May/2021:09:29:39 +0800] "GET /xingrg/all/function/internal_message.html?_=1621560570394&CODE_STATE=getMsg HTTP/1.1" 200 27
180.161.127.67 - - [21/May/2021:09:29:46 +0800] "POST /xingrg/kc/buy/cgsh_list_operate.html HTTP/1.1" 200 570
180.161.127.67 - - [21/May/2021:09:29:46 +0800] "GET /xingrg/kc/buy/cgsh_order_info.html?code=212021052109279 HTTP/1.1" 200 61959
180.161.127.67 - - [21/May/2021:09:29:47 +0800] "GET /xingrg/javascript/easyui/themes/default/validatebox.css HTTP/1.1" 404 1104
114.86.224.114 - - [21/May/2021:09:29:48 +0800] "POST /xingrg/kc/buy/cgsh_order_operate.html HTTP/1.1" 200 37
180.161.127.67 - - [21/May/2021:09:29:48 +0800] "POST /xingrg/kc/buy/cgsh_order_operate.html HTTP/1.1" 200 14522
114.86.224.114 - - [21/May/2021:09:29:49 +0800] "POST /xingrg/kc/buy/cgsh_order_operate.html HTTP/1.1" 200 45826
116.230.110.80 - - [21/May/2021:09:29:54 +0800] "GET /xingrg/all/function/internal_message.html?_=1621560589760&CODE_STATE=getMsg HTTP/1.1" 200 27
116.235.222.38 - - [21/May/2021:09:29:54 +0800] "GET /xingrg/kc/buy/cgsh_order_operate.html?command=get_materiel&rest_code=00107&code=00101008067&supplier_code=00100006&order_time=2021-05-21 HTTP/1.1" 200 416
180.169.147.146 - - [21/May/2021:09:29:55 +0800] "GET /xingrg/check_reg.html?_=1621560588545 HTTP/1.1" 200 22
180.169.147.146 - - [21/May/2021:09:29:55 +0800] "GET /xingrg/all/function/internal_message.html?_=1621560588542&CODE_STATE=getMsg HTTP/1.1" 200 27
120.253.135.82 - - [21/May/2021:09:29:55 +0800] "GET /xingrg/all/function/internal_message.html?_=1621560715683&CODE_STATE=getMsg HTTP/1.1" 200 27
116.230.117.165 - - [21/May/2021:09:29:58 +0800] "POST /xingrg/services/DataTransmitService HTTP/1.1" 200 524
116.230.117.165 - - [21/May/2021:09:29:58 +0800] "POST /xingrg/services/DataTransmitService HTTP/1.1" 200 2171
180.169.147.146 - - [21/May/2021:09:29:59 +0800] "GET /xingrg/all/function/internal_message.html?_=1621560590490&CODE_STATE=getMsg HTTP/1.1" 200 27
116.230.117.165 - - [21/May/2021:09:30:00 +0800] "POST /xingrg/services/DataTransmitService HTTP/1.1" 200 524
116.230.117.165 - - [21/May/2021:09:30:01 +0800] "POST /xingrg/services/DataTransmitService HTTP/1.1" 200 2171
117.184.7.30 - - [21/May/2021:09:30:02 +0800] "GET /xingrg/all/function/internal_message.html?_=1621560595564&CODE_STATE=getMsg HTTP/1.1" 302 -
117.184.7.30 - - [21/May/2021:09:30:02 +0800] "GET /xingrg/login.html HTTP/1.1" 200 7641
116.235.222.38 - - [21/May/2021:09:30:05 +0800] "GET /xingrg/kc/buy/cgsh_order_operate.html?command=get_materiel&rest_code=00107&code=00101008077&supplier_code=00100006&order_time=2021-05-21 HTTP/1.1" 200 416
180.169.147.146 - - [21/May/2021:09:30:06 +0800] "GET /xingrg/all/function/internal_message.html?_=1621560607413&CODE_STATE=getMsg HTTP/1.1" 200 27
120.253.135.82 - - [21/May/2021:09:30:07 +0800] "GET /xingrg/check_reg.html?_=1621560656008 HTTP/1.1" 200 22
116.224.253.72 - - [21/May/2021:09:30:07 +0800] "GET /xingrg/all/function/internal_message.html?_=1621560584219&CODE_STATE=getMsg HTTP/1.1" 200 27
180.169.147.146 - - [21/May/2021:09:30:08 +0800] "GET /xingrg/check_reg.html?_=1621560606133 HTTP/1.1" 200 22
180.169.147.146 - - [21/May/2021:09:30:08 +0800] "GET /xingrg/all/function/internal_message.html?_=1621560606136&CODE_STATE=getMsg HTTP/1.1" 200 27
116.224.253.72 - - [21/May/2021:09:30:18 +0800] "GET /xingrg/all/function/internal_message.html?_=1621560616707&CODE_STATE=getMsg HTTP/1.1" 200 27
116.230.114.112 - - [21/May/2021:09:30:19 +0800] "GET /xingrg/check_reg.html?_=1621560634585 HTTP/1.1" 200 22
116.230.114.112 - - [21/May/2021:09:30:22 +0800] "GET /xingrg/all/function/internal_message.html?_=1621560636758&CODE_STATE=getMsg HTTP/1.1" 200 27
114.86.224.114 - - [21/May/2021:09:30:28 +0800] "GET /xingrg/all/function/internal_message.html?_=1621560631996&CODE_STATE=getMsg HTTP/1.1" 200 27
116.235.222.38 - - [21/May/2021:09:30:30 +0800] "GET /xingrg/kc/buy/cgsh_order_operate.html?command=get_materiel&rest_code=00107&code=00101008013&supplier_code=00100006&order_time=2021-05-21 HTTP/1.1" 200 408
116.235.222.38 - - [21/May/2021:09:30:34 +0800] "POST /xingrg/kc/buy/cgsh_order_operate.html HTTP/1.1" 200 2065
180.161.127.67 - - [21/May/2021:09:30:34 +0800] "GET /xingrg/all/function/internal_message.html?_=1621560591873&CODE_STATE=getMsg HTTP/1.1" 200 27
116.224.253.72 - - [21/May/2021:09:30:35 +0800] "GET /xingrg/all/function/internal_message.html?_=1621560633133&CODE_STATE=getMsg HTTP/1.1" 200 27
116.224.253.72 - - [21/May/2021:09:30:35 +0800] "GET /xingrg/check_reg.html?_=1621560633137 HTTP/1.1" 200 22
114.86.224.114 - - [21/May/2021:09:30:37 +0800] "GET /xingrg/kc/buy/cgsh_order_operate.html?command=get_materiel&rest_code=00109&code=00101008230&supplier_code=00100005&order_time=2021-05-21 HTTP/1.1" 200 408
61.165.42.208 - - [21/May/2021:09:30:37 +0800] "GET /xingrg/all/function/internal_message.html?_=1621560617237&CODE_STATE=getMsg HTTP/1.1" 200 27
116.235.95.160 - - [21/May/2021:09:30:38 +0800] "GET /xingrg/all/function/internal_message.html?_=1621560726168&CODE_STATE=getMsg HTTP/1.1" 200 27
116.235.222.38 - - [21/May/2021:09:30:38 +0800] "GET /xingrg/check_reg.html?_=1621560630187 HTTP/1.1" 200 22
116.235.222.38 - - [21/May/2021:09:30:39 +0800] "GET /xingrg/all/function/internal_message.html?_=1621560630410&CODE_STATE=getMsg HTTP/1.1" 200 27
116.235.222.38 - - [21/May/2021:09:30:42 +0800] "GET /xingrg/kc/buy/cgsh_order_operate.html?command=get_materiel&rest_code=00107&code=00101008357&supplier_code=00100006&order_time=2021-05-21 HTTP/1.1" 200 408
114.86.224.114 - - [21/May/2021:09:30:45 +0800] "GET /xingrg/kc/buy/cgsh_order_operate.html?command=get_materiel&rest_code=00109&code=00101008069&supplier_code=00100005&order_time=2021-05-21 HTTP/1.1" 200 412
120.253.135.82 - - [21/May/2021:09:30:47 +0800] "GET /xingrg/login.html HTTP/1.1" 200 7641
120.253.135.82 - - [21/May/2021:09:30:47 +0800] "GET /xingrg/images/blue/jxLogo.png HTTP/1.1" 304 -
120.253.135.82 - - [21/May/2021:09:30:48 +0800] "GET /xingrg/images/blue/login_bg.png HTTP/1.1" 304 -
120.253.135.82 - - [21/May/2021:09:30:48 +0800] "GET /xingrg/images/blue/srbg.png HTTP/1.1" 304 -
120.253.135.82 - - [21/May/2021:09:30:48 +0800] "GET /favicon.ico HTTP/1.1" 404 -
120.253.135.82 - - [21/May/2021:09:30:48 +0800] "GET /xingrg/images/blue/hj.png HTTP/1.1" 304 -
120.253.135.82 - - [21/May/2021:09:30:51 +0800] "POST /xingrg/login.do HTTP/1.1" 302 -
120.253.135.82 - - [21/May/2021:09:30:51 +0800] "GET /xingrg/index.html?sysBaseUrl=http%3A%2F%2F180.169.147.146%3A18081%2Fxingrg%2F&costTime=41×tamp=1621560651511 HTTP/1.1" 200 17173
120.253.135.82 - - [21/May/2021:09:30:51 +0800] "GET /xingrg/javascript/jquery_easy_ui/themes/icon.css HTTP/1.1" 304 -
120.253.135.82 - - [21/May/2021:09:30:51 +0800] "GET /xingrg/javascript/jquery-1.4.2.min.js HTTP/1.1" 304 -
120.253.135.82 - - [21/May/2021:09:30:51 +0800] "GET /xingrg/css/form.css HTTP/1.1" 304 -
120.253.135.82 - - [21/May/2021:09:30:51 +0800] "GET /xingrg/javascript/jquery_easy_ui/easyui-lang-zh_CN.js HTTP/1.1" 304 -
120.253.135.82 - - [21/May/2021:09:30:51 +0800] "GET /xingrg/javascript/jquery.form.js HTTP/1.1" 304 -
120.253.135.82 - - [21/May/2021:09:30:51 +0800] "GET /xingrg/javascript/jquery.timers.js HTTP/1.1" 304 -
120.253.135.82 - - [21/May/2021:09:30:51 +0800] "GET /xingrg/javascript/jquery_easy_ui/jquery.easyui.min.js HTTP/1.1" 304 -
120.253.135.82 - - [21/May/2021:09:30:51 +0800] "GET /xingrg/javascript/jquery.utils.js HTTP/1.1" 304 -
120.253.135.82 - - [21/May/2021:09:30:51 +0800] "GET /xingrg/javascript/jquery_easy_ui/themes/default/easyui.css HTTP/1.1" 304 -
120.253.135.82 - - [21/May/2021:09:30:51 +0800] "GET /xingrg/images/blue/navBackgound.jpg HTTP/1.1" 304 -
120.253.135.82 - - [21/May/2021:09:30:51 +0800] "GET /xingrg/javascript/jquery_easy_ui/themes/icons/settle_new.png HTTP/1.1" 304 -
120.253.135.82 - - [21/May/2021:09:30:51 +0800] "POST /xingrg/all/common/load_tree.html?tree=area_rest_tree_json&manage=1 HTTP/1.1" 200 344
120.253.135.82 - - [21/May/2021:09:30:51 +0800] "GET /xingrg/javascript/jquery_easy_ui/themes/default/images/tabs_leftarrow.png HTTP/1.1" 304 -
120.253.135.82 - - [21/May/2021:09:30:51 +0800] "GET /xingrg/javascript/jquery_easy_ui/themes/default/images/tabs_rightarrow.png HTTP/1.1" 304 -
120.253.135.82 - - [21/May/2021:09:30:51 +0800] "GET /xingrg/images/blue/pingpu.png HTTP/1.1" 304 -
120.253.135.82 - - [21/May/2021:09:30:51 +0800] "GET /favicon.ico HTTP/1.1" 404 -
120.253.135.82 - - [21/May/2021:09:30:51 +0800] "GET /xingrg/javascript/jquery_easy_ui/themes/default/images/panel_tool_collapse.gif HTTP/1.1" 304 -
120.253.135.82 - - [21/May/2021:09:30:52 +0800] "GET /xingrg/check_reg.html?_=1621560431566 HTTP/1.1" 200 22
120.253.135.82 - - [21/May/2021:09:30:52 +0800] "GET /xingrg/all/function/internal_message.html?_=1621560431565&CODE_STATE=count HTTP/1.1" 200 11
120.253.135.82 - - [21/May/2021:09:30:52 +0800] "GET /xingrg/javascript/jquery_easy_ui/themes/default/images/tree_arrows.gif HTTP/1.1" 304 -
120.253.135.82 - - [21/May/2021:09:30:52 +0800] "POST /xingrg/load_menu.html HTTP/1.1" 200 6743
120.253.135.82 - - [21/May/2021:09:30:52 +0800] "GET /xingrg/javascript/jquery_easy_ui/themes/default/images/tree_file.gif HTTP/1.1" 304 -
120.253.135.82 - - [21/May/2021:09:30:52 +0800] "GET /xingrg/javascript/jquery_easy_ui/themes/icons/storage_new.png HTTP/1.1" 304 -
120.253.135.82 - - [21/May/2021:09:30:52 +0800] "GET /xingrg/javascript/jquery_easy_ui/themes/default/images/tree_folder.gif HTTP/1.1" 304 -
120.253.135.82 - - [21/May/2021:09:30:52 +0800] "GET /xingrg/javascript/jquery_easy_ui/themes/icons/forms_new.png HTTP/1.1" 304 -
120.253.135.82 - - [21/May/2021:09:30:52 +0800] "GET /xingrg/javascript/jquery_easy_ui/themes/default/images/tree_folder_open.gif HTTP/1.1" 304 -
120.253.135.82 - - [21/May/2021:09:30:52 +0800] "GET /xingrg/javascript/jquery_easy_ui/themes/icons/delivery_new.png HTTP/1.1" 304 -
120.253.135.82 - - [21/May/2021:09:30:52 +0800] "GET /xingrg/javascript/jquery_easy_ui/themes/icons/search_new.png HTTP/1.1" 304 -
116.230.110.80 - - [21/May/2021:09:30:54 +0800] "GET /xingrg/all/function/internal_message.html?_=1621560649759&CODE_STATE=getMsg HTTP/1.1" 200 27
116.230.110.80 - - [21/May/2021:09:30:54 +0800] "GET /xingrg/check_reg.html?_=1621560649761 HTTP/1.1" 200 22
116.224.253.72 - - [21/May/2021:09:30:54 +0800] "GET /xingrg/check_reg.html?_=1621560631429 HTTP/1.1" 200 22
180.169.147.146 - - [21/May/2021:09:30:55 +0800] "GET /xingrg/all/function/internal_message.html?_=1621560648545&CODE_STATE=getMsg HTTP/1.1" 200 27
120.253.135.82 - - [21/May/2021:09:30:55 +0800] "GET /xingrg/all/function/internal_message.html?_=1621560775709&CODE_STATE=getMsg HTTP/1.1" 200 27
120.253.135.82 - - [21/May/2021:09:30:58 +0800] "GET /xingrg/javascript/jquery_easy_ui/themes/default/images/tabs_close.gif HTTP/1.1" 304 -
120.253.135.82 - - [21/May/2021:09:30:58 +0800] "GET /xingrg/css/base.css HTTP/1.1" 304 -
120.253.135.82 - - [21/May/2021:09:30:58 +0800] "GET /xingrg/javascript/jquery_tools/datebox.css HTTP/1.1" 304 -
120.253.135.82 - - [21/May/2021:09:30:58 +0800] "GET /xingrg/javascript/easyui/themes/default/easyui.css HTTP/1.1" 304 -
120.253.135.82 - - [21/May/2021:09:30:58 +0800] "GET /xingrg/javascript/auto/jquery.autocomplete.css HTTP/1.1" 304 -
120.253.135.82 - - [21/May/2021:09:30:58 +0800] "GET /xingrg/javascript/jquery_tools/fix.css HTTP/1.1" 304 -
120.253.135.82 - - [21/May/2021:09:30:58 +0800] "GET /xingrg/css/site.css HTTP/1.1" 304 -
120.253.135.82 - - [21/May/2021:09:30:58 +0800] "GET /xingrg/kc/pszx/mdps_order_list.html?orderType=0 HTTP/1.1" 200 20793
120.253.135.82 - - [21/May/2021:09:30:58 +0800] "GET /xingrg/javascript/easyui/themes/icon.css HTTP/1.1" 304 -
120.253.135.82 - - [21/May/2021:09:30:58 +0800] "GET /xingrg/javascript/jquery_tools/table.css HTTP/1.1" 304 -
120.253.135.82 - - [21/May/2021:09:30:58 +0800] "GET /xingrg/javascript/jquery_tools/jquery.tools.hotkey.js HTTP/1.1" 304 -
120.253.135.82 - - [21/May/2021:09:30:58 +0800] "GET /xingrg/javascript/jquery_tools/jquery.tools.min.js HTTP/1.1" 304 -
120.253.135.82 - - [21/May/2021:09:30:58 +0800] "GET /xingrg/javascript/jquery_tools/jquery.tools.extend.js HTTP/1.1" 304 -
120.253.135.82 - - [21/May/2021:09:30:58 +0800] "GET /xingrg/javascript/jquery_tools/jquery.tools.table.js HTTP/1.1" 304 -
120.253.135.82 - - [21/May/2021:09:30:58 +0800] "GET /xingrg/javascript/jquery_tools/list_manager.js HTTP/1.1" 304 -
120.253.135.82 - - [21/May/2021:09:30:58 +0800] "GET /xingrg/javascript/easyui/easyloader.js HTTP/1.1" 304 -
120.253.135.82 - - [21/May/2021:09:30:58 +0800] "GET /xingrg/javascript/auto/jquery.autocomplete.js HTTP/1.1" 304 -
120.253.135.82 - - [21/May/2021:09:30:58 +0800] "GET /xingrg/javascript/jquery.cookie.js HTTP/1.1" 304 -
120.253.135.82 - - [21/May/2021:09:30:58 +0800] "GET /xingrg/javascript/print/LodopFuncs.js HTTP/1.1" 304 -
120.253.135.82 - - [21/May/2021:09:30:58 +0800] "GET /xingrg/javascript/easyui/themes/icons/edit_add_new.png HTTP/1.1" 304 -
120.253.135.82 - - [21/May/2021:09:30:58 +0800] "GET /xingrg/javascript/easyui/themes/icons/cance_new.png HTTP/1.1" 304 -
120.253.135.82 - - [21/May/2021:09:30:58 +0800] "GET /xingrg/javascript/easyui/themes/icons/field_new.png HTTP/1.1" 304 -
120.253.135.82 - - [21/May/2021:09:30:58 +0800] "GET /xingrg/javascript/easyui/themes/icons/uncheck_new.png HTTP/1.1" 304 -
120.253.135.82 - - [21/May/2021:09:30:58 +0800] "GET /xingrg/javascript/easyui/themes/icons/check_new.png HTTP/1.1" 304 -
120.253.135.82 - - [21/May/2021:09:30:58 +0800] "GET /xingrg/javascript/easyui/themes/icons/import_new.png HTTP/1.1" 304 -
120.253.135.82 - - [21/May/2021:09:30:58 +0800] "GET /xingrg/javascript/easyui/plugins/jquery.parser.js HTTP/1.1" 304 -
120.253.135.82 - - [21/May/2021:09:30:58 +0800] "GET /xingrg/images/control/ajaxLoader.gif HTTP/1.1" 304 -
120.253.135.82 - - [21/May/2021:09:30:58 +0800] "POST /xingrg/kc/pszx/mdps_list_operate.html HTTP/1.1" 200 5429
180.169.147.146 - - [21/May/2021:09:30:59 +0800] "GET /xingrg/all/function/internal_message.html?_=1621560650488&CODE_STATE=getMsg HTTP/1.1" 200 27
116.235.222.38 - - [21/May/2021:09:30:59 +0800] "GET /xingrg/kc/buy/cgsh_order_operate.html?command=get_materiel&rest_code=00107&code=00101008323&supplier_code=00100006&order_time=2021-05-21 HTTP/1.1" 200 408
120.253.135.82 - - [21/May/2021:09:31:00 +0800] "GET /xingrg/javascript/auto/indicator.gif HTTP/1.1" 404 1066
114.86.224.114 - - [21/May/2021:09:31:02 +0800] "POST /xingrg/kc/buy/cgsh_order_operate.html HTTP/1.1" 200 37
117.184.7.30 - - [21/May/2021:09:31:02 +0800] "GET /xingrg/all/function/internal_message.html?_=1621560655566&CODE_STATE=getMsg HTTP/1.1" 302 -
117.184.7.30 - - [21/May/2021:09:31:02 +0800] "GET /xingrg/check_reg.html?_=1621560655567 HTTP/1.1" 302 -
117.184.7.30 - - [21/May/2021:09:31:02 +0800] "GET /xingrg/login.html HTTP/1.1" 200 7641
117.184.7.30 - - [21/May/2021:09:31:02 +0800] "GET /xingrg/login.html HTTP/1.1" 200 7641
180.161.127.67 - - [21/May/2021:09:31:04 +0800] "POST /xingrg/kc/buy/cgsh_list_operate.html HTTP/1.1" 200 2385
180.161.127.67 - - [21/May/2021:09:31:04 +0800] "GET /xingrg/kc/buy/cgsh_order_info.html?code=212021052109282 HTTP/1.1" 200 61959
180.161.127.67 - - [21/May/2021:09:31:04 +0800] "GET /xingrg/javascript/easyui/themes/default/validatebox.css HTTP/1.1" 404 1104
180.161.127.67 - - [21/May/2021:09:31:05 +0800] "POST /xingrg/kc/buy/cgsh_order_operate.html HTTP/1.1" 200 17431
180.169.147.146 - - [21/May/2021:09:31:06 +0800] "GET /xingrg/all/function/internal_message.html?_=1621560667415&CODE_STATE=getMsg HTTP/1.1" 200 27
116.224.253.72 - - [21/May/2021:09:31:07 +0800] "GET /xingrg/all/function/internal_message.html?_=1621560644220&CODE_STATE=getMsg HTTP/1.1" 200 27
120.253.135.82 - - [21/May/2021:09:31:08 +0800] "POST /xingrg/kc/pszx/mdps_list_operate.html HTTP/1.1" 200 3868
180.169.147.146 - - [21/May/2021:09:31:08 +0800] "GET /xingrg/all/function/internal_message.html?_=1621560666124&CODE_STATE=getMsg HTTP/1.1" 200 27
120.253.135.82 - - [21/May/2021:09:31:10 +0800] "POST /xingrg/kc/pszx/mdps_list_operate.html HTTP/1.1" 200 618
120.253.135.82 - - [21/May/2021:09:31:11 +0800] "GET /xingrg/kc/pszx/mdps_order_info.html?code=312021052000519 HTTP/1.1" 200 23925
120.253.135.82 - - [21/May/2021:09:31:11 +0800] "GET /xingrg/javascript/myfunction.js HTTP/1.1" 304 -
120.253.135.82 - - [21/May/2021:09:31:11 +0800] "GET /xingrg/javascript/json2.js HTTP/1.1" 304 -
120.253.135.82 - - [21/May/2021:09:31:11 +0800] "GET /xingrg/javascript/convert.js HTTP/1.1" 304 -
120.253.135.82 - - [21/May/2021:09:31:11 +0800] "GET /xingrg/javascript/jquery_tools/order_manager.js HTTP/1.1" 304 -
120.253.135.82 - - [21/May/2021:09:31:11 +0800] "GET /xingrg/javascript/pic_change.js HTTP/1.1" 304 -
120.253.135.82 - - [21/May/2021:09:31:11 +0800] "GET /xingrg/javascript/print/kc_print.js HTTP/1.1" 304 -
114.86.224.114 - - [21/May/2021:09:31:11 +0800] "POST /xingrg/kc/buy/cgsh_order_operate.html HTTP/1.1" 200 47004
120.253.135.82 - - [21/May/2021:09:31:11 +0800] "GET /xingrg/words/20210520135728_words.js HTTP/1.1" 304 -
120.253.135.82 - - [21/May/2021:09:31:11 +0800] "GET /xingrg/javascript/easyui/themes/icons/copy_new.png HTTP/1.1" 304 -
120.253.135.82 - - [21/May/2021:09:31:11 +0800] "GET /xingrg/javascript/easyui/themes/default/images/menu_downarrow.png HTTP/1.1" 304 -
120.253.135.82 - - [21/May/2021:09:31:11 +0800] "GET /xingrg/javascript/easyui/themes/icons/print.png HTTP/1.1" 304 -
120.253.135.82 - - [21/May/2021:09:31:11 +0800] "GET /xingrg/javascript/easyui/themes/icons/ok.png HTTP/1.1" 304 -
120.253.135.82 - - [21/May/2021:09:31:11 +0800] "GET /xingrg/javascript/easyui/themes/icons/cancel.png HTTP/1.1" 304 -
120.253.135.82 - - [21/May/2021:09:31:11 +0800] "GET /xingrg/all/common/auto_word.html?type=base&rest_code=00101 HTTP/1.1" 200 613
120.253.135.82 - - [21/May/2021:09:31:11 +0800] "GET /xingrg/javascript/easyui/themes/default/validatebox.css HTTP/1.1" 404 1104
120.253.135.82 - - [21/May/2021:09:31:11 +0800] "GET /xingrg/javascript/easyui/plugins/jquery.validatebox.js HTTP/1.1" 304 -
120.253.135.82 - - [21/May/2021:09:31:11 +0800] "POST /xingrg/kc/pszx/mdps_order_operate.html HTTP/1.1" 200 10361
120.253.135.82 - - [21/May/2021:09:31:11 +0800] "GET /xingrg/javascript/easyui/plugins/jquery.numberbox.js HTTP/1.1" 304 -
120.253.135.82 - - [21/May/2021:09:31:11 +0800] "GET /xingrg/javascript/easyui/themes/icons/edit_remove.png HTTP/1.1" 304 -
116.224.253.72 - - [21/May/2021:09:31:18 +0800] "GET /xingrg/all/function/internal_message.html?_=1621560676689&CODE_STATE=getMsg HTTP/1.1" 200 27
116.230.114.112 - - [21/May/2021:09:31:22 +0800] "GET /xingrg/all/function/internal_message.html?_=1621560696770&CODE_STATE=getMsg HTTP/1.1" 200 27
114.86.224.114 - - [21/May/2021:09:31:22 +0800] "POST /xingrg/kc/buy/cgsh_order_operate.html HTTP/1.1" 200 37
116.235.222.38 - - [21/May/2021:09:31:26 +0800] "GET /xingrg/kc/buy/cgsh_order_operate.html?command=get_materiel&rest_code=00107&code=00101008297&supplier_code=00100006&order_time=2021-05-21 HTTP/1.1" 200 412
114.86.224.114 - - [21/May/2021:09:31:27 +0800] "POST /xingrg/kc/buy/cgsh_order_operate.html HTTP/1.1" 200 47004
114.86.224.114 - - [21/May/2021:09:31:28 +0800] "GET /xingrg/all/function/internal_message.html?_=1621560691998&CODE_STATE=getMsg HTTP/1.1" 200 27
114.86.224.114 - - [21/May/2021:09:31:29 +0800] "GET /xingrg/kc/print/load_config.html?kc_code=cgsh HTTP/1.1" 200 1845
114.86.224.114 - - [21/May/2021:09:31:29 +0800] "GET /xingrg/kc/print/load_data.html?order_code=212021052109294&kc_code=cgsh&condition= HTTP/1.1" 200 17455
180.161.127.67 - - [21/May/2021:09:31:34 +0800] "GET /xingrg/all/function/internal_message.html?_=1621560651886&CODE_STATE=getMsg HTTP/1.1" 200 27
116.224.253.72 - - [21/May/2021:09:31:35 +0800] "GET /xingrg/all/function/internal_message.html?_=1621560693126&CODE_STATE=getMsg HTTP/1.1" 200 27
61.165.42.208 - - [21/May/2021:09:31:37 +0800] "GET /xingrg/check_reg.html?_=1621560677237 HTTP/1.1" 200 22
61.165.42.208 - - [21/May/2021:09:31:37 +0800] "GET /xingrg/all/function/internal_message.html?_=1621560677240&CODE_STATE=getMsg HTTP/1.1" 200 27
116.235.95.160 - - [21/May/2021:09:31:38 +0800] "GET /xingrg/all/function/internal_message.html?_=1621560786183&CODE_STATE=getMsg HTTP/1.1" 200 27
116.235.222.38 - - [21/May/2021:09:31:39 +0800] "GET /xingrg/all/function/internal_message.html?_=1621560690391&CODE_STATE=getMsg HTTP/1.1" 200 27
114.86.224.114 - - [21/May/2021:09:31:39 +0800] "GET /xingrg/kc/buy/cgsh_order_add.html HTTP/1.1" 200 62032
114.86.224.114 - - [21/May/2021:09:31:39 +0800] "POST /xingrg/kc/buy/cgsh_order_operate.html HTTP/1.1" 200 8245
114.86.224.114 - - [21/May/2021:09:31:39 +0800] "GET /xingrg/all/common/auto_word.html?type=employee&rest_code=00109 HTTP/1.1" 200 205
114.86.224.114 - - [21/May/2021:09:31:39 +0800] "GET /xingrg/all/common/auto_word.html?type=employee&rest_code=00109 HTTP/1.1" 200 205
114.86.224.114 - - [21/May/2021:09:31:39 +0800] "GET /xingrg/javascript/easyui/themes/default/validatebox.css HTTP/1.1" 404 1104
120.253.135.82 - - [21/May/2021:09:31:52 +0800] "GET /xingrg/all/function/internal_message.html?_=1621560491571&CODE_STATE=getMsg HTTP/1.1" 200 27
116.230.110.80 - - [21/May/2021:09:31:54 +0800] "GET /xingrg/all/function/internal_message.html?_=1621560709750&CODE_STATE=getMsg HTTP/1.1" 200 27
180.169.147.146 - - [21/May/2021:09:31:55 +0800] "GET /xingrg/all/function/internal_message.html?_=1621560708544&CODE_STATE=getMsg HTTP/1.1" 200 27
120.253.135.82 - - [21/May/2021:09:31:55 +0800] "GET /xingrg/all/function/internal_message.html?_=1621560835724&CODE_STATE=getMsg HTTP/1.1" 200 27
180.169.147.146 - - [21/May/2021:09:31:59 +0800] "GET /xingrg/all/function/internal_message.html?_=1621560710486&CODE_STATE=getMsg HTTP/1.1" 200 27
114.86.224.114 - - [21/May/2021:09:32:01 +0800] "GET /xingrg/kc/buy/cgsh_order_operate.html?command=get_materiel&rest_code=00109&code=00101001032&supplier_code=00100454&order_time=2021-05-21 HTTP/1.1" 200 413
116.235.222.38 - - [21/May/2021:09:32:01 +0800] "GET /xingrg/kc/buy/cgsh_order_operate.html?command=get_materiel&rest_code=00107&code=00101019040&supplier_code=00100006&order_time=2021-05-21 HTTP/1.1" 200 420
117.184.7.30 - - [21/May/2021:09:32:02 +0800] "GET /xingrg/all/function/internal_message.html?_=1621560715567&CODE_STATE=getMsg HTTP/1.1" 302 -
117.184.7.30 - - [21/May/2021:09:32:02 +0800] "GET /xingrg/login.html HTTP/1.1" 200 7641
116.235.222.38 - - [21/May/2021:09:32:04 +0800] "POST /xingrg/all/common/load_select.html HTTP/1.1" 200 12
180.169.147.146 - - [21/May/2021:09:32:06 +0800] "GET /xingrg/all/function/internal_message.html?_=1621560727402&CODE_STATE=getMsg HTTP/1.1" 200 27
116.224.253.72 - - [21/May/2021:09:32:07 +0800] "GET /xingrg/all/function/internal_message.html?_=1621560704234&CODE_STATE=getMsg HTTP/1.1" 200 27
114.86.224.114 - - [21/May/2021:09:32:07 +0800] "GET /xingrg/kc/buy/cgsh_order_operate.html?command=get_materiel&rest_code=00109&code=00101001111&supplier_code=00100454&order_time=2021-05-21 HTTP/1.1" 200 411
116.235.222.38 - - [21/May/2021:09:32:08 +0800] "GET /xingrg/javascript/jquery_tools/images/prev.gif HTTP/1.1" 404 1086
116.235.222.38 - - [21/May/2021:09:32:08 +0800] "GET /xingrg/javascript/jquery_tools/images/next.gif HTTP/1.1" 404 1086
116.235.222.38 - - [21/May/2021:09:32:08 +0800] "GET /xingrg/kc/buy/cgsh_order_operate.html?command=get_materiel_price&rest_code=00107&code=00101019040&unit_code=00100020&supplier_code=00100006&order_time=2021-05-21 HTTP/1.1" 200 27
180.169.147.146 - - [21/May/2021:09:32:08 +0800] "GET /xingrg/all/function/internal_message.html?_=1621560726129&CODE_STATE=getMsg HTTP/1.1" 200 27
114.86.224.114 - - [21/May/2021:09:32:17 +0800] "GET /xingrg/kc/buy/cgsh_order_operate.html?command=get_materiel&rest_code=00109&code=00101005037&supplier_code=00100454&order_time=2021-05-21 HTTP/1.1" 200 409
116.224.253.72 - - [21/May/2021:09:32:18 +0800] "GET /xingrg/check_reg.html?_=1621560735959 HTTP/1.1" 200 22
116.224.253.72 - - [21/May/2021:09:32:18 +0800] "GET /xingrg/all/function/internal_message.html?_=1621560736663&CODE_STATE=getMsg HTTP/1.1" 200 27
116.235.222.38 - - [21/May/2021:09:32:19 +0800] "GET /xingrg/kc/buy/cgsh_order_operate.html?command=get_materiel&rest_code=00107&code=00101037096&supplier_code=00100006&order_time=2021-05-21 HTTP/1.1" 200 437
116.230.114.112 - - [21/May/2021:09:32:22 +0800] "GET /xingrg/all/function/internal_message.html?_=1621560756784&CODE_STATE=getMsg HTTP/1.1" 200 27
172.20.0.100 - - [21/May/2021:09:32:23 +0800] "GET /xingrg/check_reg.html?_=1621560738987 HTTP/1.1" 200 22
116.235.222.38 - - [21/May/2021:09:32:28 +0800] "GET /xingrg/kc/buy/cgsh_order_operate.html?command=get_materiel&rest_code=00107&code=00101008280&supplier_code=00100006&order_time=2021-05-21 HTTP/1.1" 200 417
114.86.224.114 - - [21/May/2021:09:32:28 +0800] "GET /xingrg/all/function/internal_message.html?_=1621560752001&CODE_STATE=getMsg HTTP/1.1" 200 27
114.86.224.114 - - [21/May/2021:09:32:32 +0800] "POST /xingrg/kc/buy/cgsh_order_operate.html HTTP/1.1" 200 37
