117.185.32.26 - - [20/May/2021:10:26:55 +0800] "GET /xingrg/all/function/internal_message.html?_=1621477607211&CODE_STATE=getMsg HTTP/1.1" 200 27
116.230.114.112 - - [20/May/2021:10:26:55 +0800] "GET /xingrg/kc/buy/cgsh_order_operate.html?command=get_materiel&rest_code=00146&code=00101006056&supplier_code=00100012&order_time=2021-05-20 HTTP/1.1" 200 413
116.230.110.80 - - [20/May/2021:10:26:56 +0800] "GET /xingrg/all/function/internal_message.html?_=1621477614449&CODE_STATE=getMsg HTTP/1.1" 200 27
116.230.110.80 - - [20/May/2021:10:26:56 +0800] "GET /xingrg/check_reg.html?_=1621477614451 HTTP/1.1" 200 22
116.230.114.112 - - [20/May/2021:10:26:58 +0800] "GET /xingrg/check_reg.html?_=1621477627494 HTTP/1.1" 302 -
101.85.52.2 - - [20/May/2021:10:26:58 +0800] "GET /xingrg/kc/buy/cgsh_order_operate.html?command=get_materiel&rest_code=00145&code=00101008353&supplier_code=00100007&order_time=2021-05-17 HTTP/1.1" 200 408
116.224.253.72 - - [20/May/2021:10:27:00 +0800] "GET /xingrg/kc/buy/cgsh_order_operate.html?command=get_materiel&rest_code=00151&code=00101008072&supplier_code=00100007&order_time=2021-05-20 HTTP/1.1" 200 408
120.253.135.82 - - [20/May/2021:10:27:00 +0800] "GET /xingrg/all/function/internal_message.html?_=1621477400997&CODE_STATE=getMsg HTTP/1.1" 200 27
180.169.147.146 - - [20/May/2021:10:27:03 +0800] "GET /xingrg/all/function/internal_message.html?_=1621477624437&CODE_STATE=getMsg HTTP/1.1" 200 27
180.169.147.146 - - [20/May/2021:10:27:05 +0800] "GET /xingrg/all/function/internal_message.html?_=1621477617942&CODE_STATE=getMsg HTTP/1.1" 200 27
61.165.42.208 - - [20/May/2021:10:27:06 +0800] "GET /xingrg/all/function/internal_message.html?_=1621477606563&CODE_STATE=getMsg HTTP/1.1" 200 27
116.224.253.72 - - [20/May/2021:10:27:09 +0800] "GET /xingrg/kc/buy/cgsh_order_operate.html?command=get_materiel&rest_code=00151&code=00101008131&supplier_code=00100007&order_time=2021-05-20 HTTP/1.1" 200 408
117.185.32.26 - - [20/May/2021:10:27:10 +0800] "GET /xingrg/kc/buy/cgsh_order_operate.html?command=get_materiel&rest_code=00106&code=00101002002&supplier_code=00100087&order_time=2021-05-20 HTTP/1.1" 200 418
116.230.114.112 - - [20/May/2021:10:27:10 +0800] "GET /xingrg/kc/buy/cgsh_order_operate.html?command=get_materiel&rest_code=00146&code=00101006109&supplier_code=00100012&order_time=2021-05-20 HTTP/1.1" 200 409
117.185.32.26 - - [20/May/2021:10:27:10 +0800] "GET /xingrg/all/function/internal_message.html?_=1621478148580&CODE_STATE=getMsg HTTP/1.1" 200 27
116.230.114.112 - - [20/May/2021:10:27:11 +0800] "GET /xingrg/all/function/internal_message.html?_=1621477640473&CODE_STATE=getMsg HTTP/1.1" 302 -
61.165.42.208 - - [20/May/2021:10:27:11 +0800] "GET /xingrg/kc/buy/cgsh_order_operate.html?command=get_materiel&rest_code=00105&code=00101009124&supplier_code=00100024&order_time=2021-05-20 HTTP/1.1" 200 402
101.85.52.2 - - [20/May/2021:10:27:11 +0800] "GET /xingrg/kc/buy/cgsh_order_operate.html?command=get_materiel&rest_code=00145&code=00101008152&supplier_code=00100007&order_time=2021-05-17 HTTP/1.1" 200 408
101.93.222.235 - - [20/May/2021:10:27:13 +0800] "GET /favicon.ico HTTP/1.1" 404 -
116.224.253.72 - - [20/May/2021:10:27:17 +0800] "GET /xingrg/kc/buy/cgsh_order_operate.html?command=get_materiel&rest_code=00151&code=00101015046&supplier_code=00100007&order_time=2021-05-20 HTTP/1.1" 200 413
101.85.52.2 - - [20/May/2021:10:27:19 +0800] "GET /xingrg/all/function/internal_message.html?_=1621477631177&CODE_STATE=getMsg HTTP/1.1" 200 27
116.224.253.72 - - [20/May/2021:10:27:19 +0800] "POST /xingrg/kc/buy/cgsh_order_operate.html HTTP/1.1" 200 2065
114.88.162.5 - - [20/May/2021:10:27:20 +0800] "GET /xingrg/all/function/internal_message.html?_=1621477633368&CODE_STATE=getMsg HTTP/1.1" 200 27
116.235.222.38 - - [20/May/2021:10:27:22 +0800] "GET /xingrg/all/function/internal_message.html?_=1621477635683&CODE_STATE=getMsg HTTP/1.1" 200 27
116.224.253.72 - - [20/May/2021:10:27:24 +0800] "GET /xingrg/kc/buy/cgsh_order_operate.html?command=get_materiel&rest_code=00151&code=00101008036&supplier_code=00100007&order_time=2021-05-20 HTTP/1.1" 200 408
116.224.253.72 - - [20/May/2021:10:27:29 +0800] "GET /xingrg/kc/buy/cgsh_order_operate.html?command=get_materiel&rest_code=00151&code=00101008033&supplier_code=00100007&order_time=2021-05-20 HTTP/1.1" 200 408
114.83.217.67 - - [20/May/2021:10:27:32 +0800] "GET /xingrg/all/function/internal_message.html?_=1621477648792&CODE_STATE=getMsg HTTP/1.1" 200 27
172.20.0.100 - - [20/May/2021:10:27:32 +0800] "GET /xingrg/all/function/internal_message.html?_=1621477649406&CODE_STATE=getMsg HTTP/1.1" 200 27
117.185.32.26 - - [20/May/2021:10:27:32 +0800] "POST /xingrg/kc/buy/cgsh_order_operate.html HTTP/1.1" 200 37
101.85.52.2 - - [20/May/2021:10:27:34 +0800] "GET /xingrg/kc/buy/cgsh_order_operate.html?command=get_materiel&rest_code=00145&code=00101008323&supplier_code=00100007&order_time=2021-05-17 HTTP/1.1" 200 408
117.185.32.26 - - [20/May/2021:10:27:35 +0800] "POST /xingrg/kc/buy/cgsh_order_operate.html HTTP/1.1" 200 12
117.185.32.26 - - [20/May/2021:10:27:36 +0800] "GET /xingrg/kc/buy/cgsh_order_info.html?code=212021052008824 HTTP/1.1" 200 56893
117.185.32.26 - - [20/May/2021:10:27:36 +0800] "GET /xingrg/javascript/easyui/themes/default/validatebox.css HTTP/1.1" 404 1104
116.224.253.72 - - [20/May/2021:10:27:37 +0800] "GET /xingrg/kc/buy/cgsh_order_operate.html?command=get_materiel&rest_code=00151&code=00101008069&supplier_code=00100007&order_time=2021-05-20 HTTP/1.1" 200 412
117.185.32.26 - - [20/May/2021:10:27:37 +0800] "POST /xingrg/kc/buy/cgsh_order_operate.html HTTP/1.1" 200 617
116.230.114.112 - - [20/May/2021:10:27:39 +0800] "GET /xingrg/all/function/internal_message.html?_=1621477671417&CODE_STATE=getMsg HTTP/1.1" 200 27
116.230.114.112 - - [20/May/2021:10:27:40 +0800] "POST /xingrg/kc/buy/cgsh_order_operate.html HTTP/1.1" 200 37
116.224.253.72 - - [20/May/2021:10:27:40 +0800] "GET /xingrg/all/function/internal_message.html?_=1621477639025&CODE_STATE=getMsg HTTP/1.1" 200 27
117.185.32.26 - - [20/May/2021:10:27:40 +0800] "GET /xingrg/kc/print/load_data.html?order_code=212021052008824&kc_code=cgsh&condition= HTTP/1.1" 200 761
116.230.114.112 - - [20/May/2021:10:27:42 +0800] "POST /xingrg/kc/buy/cgsh_order_operate.html HTTP/1.1" 200 6200
180.169.147.146 - - [20/May/2021:10:27:42 +0800] "GET /xingrg/check_reg.html?_=1621477655373 HTTP/1.1" 200 22
116.224.253.72 - - [20/May/2021:10:27:43 +0800] "GET /xingrg/all/function/internal_message.html?_=1621477661964&CODE_STATE=getMsg HTTP/1.1" 200 27
116.230.114.112 - - [20/May/2021:10:27:45 +0800] "GET /xingrg/kc/print/load_data.html?order_code=212021052008825&kc_code=cgsh&condition= HTTP/1.1" 200 2115
58.37.225.51 - - [20/May/2021:10:27:46 +0800] "GET /xingrg/all/function/internal_message.html?_=1621477668212&CODE_STATE=getMsg HTTP/1.1" 200 27
116.233.73.73 - - [20/May/2021:10:27:46 +0800] "GET /xingrg/all/function/internal_message.html?_=1621477668572&CODE_STATE=getMsg HTTP/1.1" 200 27
117.184.7.26 - - [20/May/2021:10:27:48 +0800] "GET /xingrg/all/function/internal_message.html?_=1621477661548&CODE_STATE=getMsg HTTP/1.1" 200 27
180.169.147.146 - - [20/May/2021:10:27:48 +0800] "GET /xingrg/all/function/internal_message.html?_=1621477666810&CODE_STATE=getMsg HTTP/1.1" 200 27
117.185.32.26 - - [20/May/2021:10:27:51 +0800] "GET /xingrg/kc/buy/cgsh_order_add.html HTTP/1.1" 200 61991
117.185.32.26 - - [20/May/2021:10:27:52 +0800] "POST /xingrg/kc/buy/cgsh_order_operate.html HTTP/1.1" 200 8245
117.185.32.26 - - [20/May/2021:10:27:52 +0800] "GET /xingrg/javascript/easyui/themes/default/validatebox.css HTTP/1.1" 404 1104
116.224.253.72 - - [20/May/2021:10:27:53 +0800] "GET /xingrg/kc/buy/cgsh_order_operate.html?command=get_materiel&rest_code=00151&code=00101007055&supplier_code=00100007&order_time=2021-05-20 HTTP/1.1" 200 409
117.185.32.26 - - [20/May/2021:10:27:53 +0800] "GET /xingrg/javascript/easyui/themes/default/tree.css HTTP/1.1" 404 1090
117.185.32.26 - - [20/May/2021:10:27:54 +0800] "POST /xingrg/all/common/load_tree.html?tree=supplier_tree_json&isDelete=1 HTTP/1.1" 200 55318
120.253.135.82 - - [20/May/2021:10:27:54 +0800] "GET /xingrg/all/function/internal_message.html?_=1621477724804&CODE_STATE=getMsg HTTP/1.1" 200 27
117.185.32.26 - - [20/May/2021:10:27:55 +0800] "GET /xingrg/all/function/internal_message.html?_=1621477667211&CODE_STATE=getMsg HTTP/1.1" 200 27
116.230.110.80 - - [20/May/2021:10:27:56 +0800] "GET /xingrg/all/function/internal_message.html?_=1621477674459&CODE_STATE=getMsg HTTP/1.1" 200 27
120.253.135.82 - - [20/May/2021:10:28:00 +0800] "GET /xingrg/all/function/internal_message.html?_=1621477461008&CODE_STATE=getMsg HTTP/1.1" 200 27
180.169.147.146 - - [20/May/2021:10:28:03 +0800] "GET /xingrg/all/function/internal_message.html?_=1621477684444&CODE_STATE=getMsg HTTP/1.1" 200 27
180.169.147.146 - - [20/May/2021:10:28:03 +0800] "GET /xingrg/check_reg.html?_=1621477684448 HTTP/1.1" 200 22
101.85.52.2 - - [20/May/2021:10:28:05 +0800] "GET /xingrg/kc/buy/cgsh_order_operate.html?command=get_materiel&rest_code=00145&code=00101008205&supplier_code=00100007&order_time=2021-05-17 HTTP/1.1" 200 412
180.169.147.146 - - [20/May/2021:10:28:05 +0800] "GET /xingrg/all/function/internal_message.html?_=1621477677922&CODE_STATE=getMsg HTTP/1.1" 200 27
61.165.42.208 - - [20/May/2021:10:28:06 +0800] "GET /xingrg/all/function/internal_message.html?_=1621477666541&CODE_STATE=getMsg HTTP/1.1" 200 27
117.185.32.26 - - [20/May/2021:10:28:08 +0800] "GET /xingrg/kc/buy/cgsh_order_operate.html?command=get_materiel&rest_code=00106&code=00101002006&supplier_code=00100091&order_time=2021-05-20 HTTP/1.1" 200 414
116.230.114.112 - - [20/May/2021:10:28:08 +0800] "GET /xingrg/kc/buy/cgsh_order_add.html HTTP/1.1" 200 61997
116.230.114.112 - - [20/May/2021:10:28:09 +0800] "POST /xingrg/kc/buy/cgsh_order_operate.html HTTP/1.1" 200 8245
116.230.114.112 - - [20/May/2021:10:28:10 +0800] "GET /xingrg/javascript/easyui/themes/default/validatebox.css HTTP/1.1" 404 1104
180.161.127.67 - - [20/May/2021:10:28:10 +0800] "GET /xingrg/check_reg.html?_=1621477646964 HTTP/1.1" 200 22
117.185.32.26 - - [20/May/2021:10:28:10 +0800] "GET /xingrg/all/function/internal_message.html?_=1621478208580&CODE_STATE=getMsg HTTP/1.1" 200 27
116.230.114.112 - - [20/May/2021:10:28:11 +0800] "GET /xingrg/all/function/internal_message.html?_=1621477700478&CODE_STATE=getMsg HTTP/1.1" 302 -
116.233.73.73 - - [20/May/2021:10:28:12 +0800] "GET /favicon.ico HTTP/1.1" 404 -
116.224.253.72 - - [20/May/2021:10:28:17 +0800] "GET /xingrg/check_reg.html?_=1621477675326 HTTP/1.1" 200 22
101.85.52.2 - - [20/May/2021:10:28:19 +0800] "GET /xingrg/all/function/internal_message.html?_=1621477691147&CODE_STATE=getMsg HTTP/1.1" 200 27
114.88.162.5 - - [20/May/2021:10:28:20 +0800] "GET /xingrg/all/function/internal_message.html?_=1621477693353&CODE_STATE=getMsg HTTP/1.1" 200 27
116.235.222.38 - - [20/May/2021:10:28:22 +0800] "GET /xingrg/all/function/internal_message.html?_=1621477695684&CODE_STATE=getMsg HTTP/1.1" 200 27
117.185.32.26 - - [20/May/2021:10:28:24 +0800] "POST /xingrg/kc/buy/cgsh_order_operate.html HTTP/1.1" 200 37
116.230.114.112 - - [20/May/2021:10:28:27 +0800] "GET /xingrg/kc/buy/cgsh_order_operate.html?command=get_materiel&rest_code=00146&code=00101012057&supplier_code=00100033&order_time=2021-05-20 HTTP/1.1" 200 420
117.185.32.26 - - [20/May/2021:10:28:27 +0800] "POST /xingrg/kc/buy/cgsh_order_operate.html HTTP/1.1" 200 12
116.224.253.72 - - [20/May/2021:10:28:28 +0800] "GET /xingrg/kc/buy/cgsh_order_operate.html?command=get_materiel&rest_code=00151&code=00101015006&supplier_code=00100007&order_time=2021-05-20 HTTP/1.1" 200 413
117.185.32.26 - - [20/May/2021:10:28:28 +0800] "GET /xingrg/kc/buy/cgsh_order_info.html?code=212021052008826 HTTP/1.1" 200 56897
117.185.32.26 - - [20/May/2021:10:28:29 +0800] "GET /xingrg/javascript/easyui/themes/default/validatebox.css HTTP/1.1" 404 1104
117.185.32.26 - - [20/May/2021:10:28:29 +0800] "POST /xingrg/kc/buy/cgsh_order_operate.html HTTP/1.1" 200 611
117.185.32.26 - - [20/May/2021:10:28:31 +0800] "GET /xingrg/kc/print/load_data.html?order_code=212021052008826&kc_code=cgsh&condition= HTTP/1.1" 200 772
114.83.217.67 - - [20/May/2021:10:28:32 +0800] "GET /xingrg/all/function/internal_message.html?_=1621477708783&CODE_STATE=getMsg HTTP/1.1" 200 27
101.85.52.2 - - [20/May/2021:10:28:32 +0800] "GET /xingrg/kc/buy/cgsh_order_operate.html?command=get_materiel&rest_code=00145&code=00101008275&supplier_code=00100007&order_time=2021-05-17 HTTP/1.1" 200 436
172.20.0.100 - - [20/May/2021:10:28:32 +0800] "GET /xingrg/check_reg.html?_=1621477709407 HTTP/1.1" 200 22
172.20.0.100 - - [20/May/2021:10:28:32 +0800] "GET /xingrg/all/function/internal_message.html?_=1621477709409&CODE_STATE=getMsg HTTP/1.1" 200 27
116.230.114.112 - - [20/May/2021:10:28:39 +0800] "GET /xingrg/all/function/internal_message.html?_=1621477731429&CODE_STATE=getMsg HTTP/1.1" 200 27
101.85.52.2 - - [20/May/2021:10:28:40 +0800] "GET /xingrg/kc/buy/cgsh_order_operate.html?command=get_materiel&rest_code=00145&code=00101012059&supplier_code=00100007&order_time=2021-05-17 HTTP/1.1" 200 412
116.224.253.72 - - [20/May/2021:10:28:40 +0800] "GET /xingrg/all/function/internal_message.html?_=1621477699035&CODE_STATE=getMsg HTTP/1.1" 200 27
116.224.253.72 - - [20/May/2021:10:28:43 +0800] "GET /xingrg/all/function/internal_message.html?_=1621477721983&CODE_STATE=getMsg HTTP/1.1" 200 27
116.224.253.72 - - [20/May/2021:10:28:43 +0800] "POST /xingrg/kc/buy/cgsh_order_operate.html HTTP/1.1" 200 37
116.230.114.112 - - [20/May/2021:10:28:43 +0800] "GET /xingrg/kc/buy/cgsh_order_operate.html?command=get_materiel&rest_code=00146&code=00101012025&supplier_code=00100033&order_time=2021-05-20 HTTP/1.1" 200 412
116.224.253.72 - - [20/May/2021:10:28:45 +0800] "POST /xingrg/kc/buy/cgsh_order_operate.html HTTP/1.1" 200 23018
117.185.32.26 - - [20/May/2021:10:28:45 +0800] "GET /xingrg/kc/buy/cgsh_order_add.html HTTP/1.1" 200 61991
117.185.32.26 - - [20/May/2021:10:28:45 +0800] "POST /xingrg/kc/buy/cgsh_order_operate.html HTTP/1.1" 200 8245
116.230.114.112 - - [20/May/2021:10:28:46 +0800] "GET /xingrg/check_reg.html?_=1621477737875 HTTP/1.1" 200 22
58.37.225.51 - - [20/May/2021:10:28:46 +0800] "GET /xingrg/all/function/internal_message.html?_=1621477728212&CODE_STATE=getMsg HTTP/1.1" 200 27
116.233.73.73 - - [20/May/2021:10:28:46 +0800] "GET /xingrg/all/function/internal_message.html?_=1621477728575&CODE_STATE=getMsg HTTP/1.1" 200 27
117.185.32.26 - - [20/May/2021:10:28:47 +0800] "GET /xingrg/javascript/easyui/themes/default/tree.css HTTP/1.1" 404 1090
117.185.32.26 - - [20/May/2021:10:28:47 +0800] "POST /xingrg/all/common/load_tree.html?tree=supplier_tree_json&isDelete=1 HTTP/1.1" 200 55318
101.85.52.2 - - [20/May/2021:10:28:47 +0800] "GET /xingrg/kc/buy/cgsh_order_operate.html?command=get_materiel&rest_code=00145&code=00101012070&supplier_code=00100007&order_time=2021-05-17 HTTP/1.1" 200 398
117.185.32.26 - - [20/May/2021:10:28:48 +0800] "GET /xingrg/javascript/easyui/themes/default/validatebox.css HTTP/1.1" 404 1104
117.184.7.26 - - [20/May/2021:10:28:48 +0800] "GET /xingrg/all/function/internal_message.html?_=1621477721532&CODE_STATE=getMsg HTTP/1.1" 200 27
180.169.147.146 - - [20/May/2021:10:28:48 +0800] "GET /xingrg/check_reg.html?_=1621477726796 HTTP/1.1" 200 22
180.169.147.146 - - [20/May/2021:10:28:48 +0800] "GET /xingrg/all/function/internal_message.html?_=1621477726807&CODE_STATE=getMsg HTTP/1.1" 200 27
120.253.135.82 - - [20/May/2021:10:28:54 +0800] "GET /xingrg/all/function/internal_message.html?_=1621477784811&CODE_STATE=getMsg HTTP/1.1" 200 27
117.185.32.26 - - [20/May/2021:10:28:55 +0800] "GET /xingrg/all/function/internal_message.html?_=1621477727212&CODE_STATE=getMsg HTTP/1.1" 200 27
117.185.32.26 - - [20/May/2021:10:28:55 +0800] "GET /xingrg/check_reg.html?_=1621477727211 HTTP/1.1" 200 22
116.230.110.80 - - [20/May/2021:10:28:56 +0800] "GET /xingrg/all/function/internal_message.html?_=1621477734459&CODE_STATE=getMsg HTTP/1.1" 200 27
116.230.114.112 - - [20/May/2021:10:28:57 +0800] "GET /xingrg/kc/buy/cgsh_order_operate.html?command=get_materiel&rest_code=00146&code=00101016080&supplier_code=00100033&order_time=2021-05-20 HTTP/1.1" 200 408
101.85.52.2 - - [20/May/2021:10:28:59 +0800] "POST /xingrg/kc/buy/cgsh_order_operate.html HTTP/1.1" 200 37
120.253.135.82 - - [20/May/2021:10:29:00 +0800] "GET /xingrg/check_reg.html?_=1621477520616 HTTP/1.1" 200 22
120.253.135.82 - - [20/May/2021:10:29:00 +0800] "GET /xingrg/all/function/internal_message.html?_=1621477521084&CODE_STATE=getMsg HTTP/1.1" 200 27
101.85.52.2 - - [20/May/2021:10:29:00 +0800] "POST /xingrg/kc/buy/cgsh_order_operate.html HTTP/1.1" 200 12094
117.185.32.26 - - [20/May/2021:10:29:01 +0800] "GET /xingrg/kc/buy/cgsh_order_operate.html?command=get_materiel&rest_code=00106&code=00101004034&supplier_code=00100085&order_time=2021-05-20 HTTP/1.1" 200 416
101.85.52.2 - - [20/May/2021:10:29:02 +0800] "GET /xingrg/kc/print/load_data.html?order_code=212021052008828&kc_code=cgsh&condition= HTTP/1.1" 200 4276
180.169.147.146 - - [20/May/2021:10:29:03 +0800] "GET /xingrg/all/function/internal_message.html?_=1621477744447&CODE_STATE=getMsg HTTP/1.1" 200 27
180.169.147.146 - - [20/May/2021:10:29:05 +0800] "GET /xingrg/all/function/internal_message.html?_=1621477737890&CODE_STATE=getMsg HTTP/1.1" 200 27
61.165.42.208 - - [20/May/2021:10:29:06 +0800] "GET /xingrg/all/function/internal_message.html?_=1621477726523&CODE_STATE=getMsg HTTP/1.1" 200 27
61.165.42.208 - - [20/May/2021:10:29:08 +0800] "GET /xingrg/check_reg.html?_=1621477728137 HTTP/1.1" 200 22
117.185.32.26 - - [20/May/2021:10:29:10 +0800] "GET /xingrg/check_reg.html?_=1621478268585 HTTP/1.1" 200 22
117.185.32.26 - - [20/May/2021:10:29:11 +0800] "GET /xingrg/all/function/internal_message.html?_=1621478268586&CODE_STATE=getMsg HTTP/1.1" 200 27
116.230.114.112 - - [20/May/2021:10:29:11 +0800] "GET /xingrg/all/function/internal_message.html?_=1621477760502&CODE_STATE=getMsg HTTP/1.1" 302 -
101.85.52.2 - - [20/May/2021:10:29:19 +0800] "GET /xingrg/all/function/internal_message.html?_=1621477751123&CODE_STATE=getMsg HTTP/1.1" 200 27
114.88.162.5 - - [20/May/2021:10:29:20 +0800] "GET /xingrg/all/function/internal_message.html?_=1621477753338&CODE_STATE=getMsg HTTP/1.1" 200 27
114.88.162.5 - - [20/May/2021:10:29:22 +0800] "GET /xingrg/check_reg.html?_=1621477754479 HTTP/1.1" 200 22
116.235.222.38 - - [20/May/2021:10:29:22 +0800] "GET /xingrg/all/function/internal_message.html?_=1621477755666&CODE_STATE=getMsg HTTP/1.1" 200 27
116.233.73.73 - - [20/May/2021:10:29:22 +0800] "GET /favicon.ico HTTP/1.1" 404 -
101.85.52.2 - - [20/May/2021:10:29:24 +0800] "POST /xingrg/kc/buy/cgsh_list_operate.html HTTP/1.1" 200 3125
117.185.32.26 - - [20/May/2021:10:29:25 +0800] "GET /xingrg/kc/buy/cgsh_order_operate.html?command=get_materiel&rest_code=00106&code=00101004063&supplier_code=00100085&order_time=2021-05-20 HTTP/1.1" 200 414
114.83.217.67 - - [20/May/2021:10:29:27 +0800] "GET /favicon.ico HTTP/1.1" 404 -
116.230.114.112 - - [20/May/2021:10:29:29 +0800] "POST /xingrg/kc/buy/cgsh_order_operate.html HTTP/1.1" 200 37
116.230.114.112 - - [20/May/2021:10:29:30 +0800] "POST /xingrg/kc/buy/cgsh_order_operate.html HTTP/1.1" 200 4433
114.83.217.67 - - [20/May/2021:10:29:32 +0800] "GET /xingrg/all/function/internal_message.html?_=1621477768768&CODE_STATE=getMsg HTTP/1.1" 200 27
172.20.0.100 - - [20/May/2021:10:29:32 +0800] "GET /xingrg/all/function/internal_message.html?_=1621477769394&CODE_STATE=getMsg HTTP/1.1" 200 27
116.230.114.112 - - [20/May/2021:10:29:33 +0800] "GET /xingrg/kc/print/load_data.html?order_code=212021052008829&kc_code=cgsh&condition= HTTP/1.1" 200 1396
116.230.114.112 - - [20/May/2021:10:29:39 +0800] "GET /xingrg/all/function/internal_message.html?_=1621477791444&CODE_STATE=getMsg HTTP/1.1" 200 27
116.224.253.72 - - [20/May/2021:10:29:40 +0800] "GET /xingrg/all/function/internal_message.html?_=1621477759049&CODE_STATE=getMsg HTTP/1.1" 200 27
117.185.32.26 - - [20/May/2021:10:29:41 +0800] "POST /xingrg/kc/buy/cgsh_order_operate.html HTTP/1.1" 200 37
116.224.253.72 - - [20/May/2021:10:29:43 +0800] "GET /xingrg/all/function/internal_message.html?_=1621477781979&CODE_STATE=getMsg HTTP/1.1" 200 27
117.185.32.26 - - [20/May/2021:10:29:44 +0800] "POST /xingrg/kc/buy/cgsh_order_operate.html HTTP/1.1" 200 12
58.37.225.51 - - [20/May/2021:10:29:46 +0800] "GET /xingrg/all/function/internal_message.html?_=1621477788217&CODE_STATE=getMsg HTTP/1.1" 200 27
117.185.32.26 - - [20/May/2021:10:29:46 +0800] "GET /xingrg/kc/buy/cgsh_order_info.html?code=212021052008830 HTTP/1.1" 200 56895
116.233.73.73 - - [20/May/2021:10:29:46 +0800] "GET /xingrg/all/function/internal_message.html?_=1621477788574&CODE_STATE=getMsg HTTP/1.1" 200 27
117.185.32.26 - - [20/May/2021:10:29:47 +0800] "GET /xingrg/javascript/easyui/themes/default/validatebox.css HTTP/1.1" 404 1104
117.185.32.26 - - [20/May/2021:10:29:48 +0800] "POST /xingrg/kc/buy/cgsh_order_operate.html HTTP/1.1" 200 1211
117.184.7.26 - - [20/May/2021:10:29:48 +0800] "GET /xingrg/all/function/internal_message.html?_=1621477781518&CODE_STATE=getMsg HTTP/1.1" 200 27
180.169.147.146 - - [20/May/2021:10:29:48 +0800] "GET /xingrg/all/function/internal_message.html?_=1621477786808&CODE_STATE=getMsg HTTP/1.1" 200 27
58.37.225.51 - - [20/May/2021:10:29:49 +0800] "GET /xingrg/check_reg.html?_=1621477741366 HTTP/1.1" 302 -
117.185.32.26 - - [20/May/2021:10:29:50 +0800] "GET /xingrg/kc/print/load_data.html?order_code=212021052008830&kc_code=cgsh&condition= HTTP/1.1" 200 996
120.253.135.82 - - [20/May/2021:10:29:54 +0800] "GET /xingrg/all/function/internal_message.html?_=1621477844897&CODE_STATE=getMsg HTTP/1.1" 200 27
117.185.32.26 - - [20/May/2021:10:29:55 +0800] "GET /xingrg/all/function/internal_message.html?_=1621477787211&CODE_STATE=getMsg HTTP/1.1" 200 27
61.165.42.208 - - [20/May/2021:10:29:55 +0800] "GET /xingrg/kc/buy/cgsh_order_operate.html?command=get_materiel&rest_code=00105&code=00101009011&supplier_code=00100024&order_time=2021-05-20 HTTP/1.1" 200 416
101.85.52.2 - - [20/May/2021:10:29:56 +0800] "POST /xingrg/kc/buy/cgsh_list_operate.html HTTP/1.1" 200 4
116.230.110.80 - - [20/May/2021:10:29:56 +0800] "GET /xingrg/all/function/internal_message.html?_=1621477794459&CODE_STATE=getMsg HTTP/1.1" 200 27
101.85.52.2 - - [20/May/2021:10:29:59 +0800] "POST /xingrg/kc/buy/cgsh_list_operate.html HTTP/1.1" 200 876
101.85.52.2 - - [20/May/2021:10:30:00 +0800] "GET /xingrg/kc/buy/cgsh_order_add.html HTTP/1.1" 200 61185
120.253.135.82 - - [20/May/2021:10:30:00 +0800] "GET /xingrg/all/function/internal_message.html?_=1621477581098&CODE_STATE=getMsg HTTP/1.1" 200 27
101.85.52.2 - - [20/May/2021:10:30:01 +0800] "POST /xingrg/kc/buy/cgsh_order_operate.html HTTP/1.1" 200 8245
101.85.52.2 - - [20/May/2021:10:30:01 +0800] "GET /xingrg/javascript/easyui/themes/default/validatebox.css HTTP/1.1" 404 1104
120.253.135.82 - - [20/May/2021:10:30:02 +0800] "GET /xingrg/check_reg.html?_=1621477853372 HTTP/1.1" 200 22
180.169.147.146 - - [20/May/2021:10:30:04 +0800] "GET /xingrg/all/function/internal_message.html?_=1621477804452&CODE_STATE=getMsg HTTP/1.1" 200 27
117.185.32.26 - - [20/May/2021:10:30:04 +0800] "GET /xingrg/kc/buy/cgsh_order_add.html HTTP/1.1" 200 61991
117.185.32.26 - - [20/May/2021:10:30:04 +0800] "POST /xingrg/kc/buy/cgsh_order_operate.html HTTP/1.1" 200 8245
117.185.32.26 - - [20/May/2021:10:30:05 +0800] "GET /xingrg/javascript/easyui/themes/default/validatebox.css HTTP/1.1" 404 1104
180.169.147.146 - - [20/May/2021:10:30:05 +0800] "GET /xingrg/all/function/internal_message.html?_=1621477797865&CODE_STATE=getMsg HTTP/1.1" 200 27
117.185.32.26 - - [20/May/2021:10:30:06 +0800] "GET /xingrg/javascript/easyui/themes/default/tree.css HTTP/1.1" 404 1090
117.185.32.26 - - [20/May/2021:10:30:06 +0800] "POST /xingrg/all/common/load_tree.html?tree=supplier_tree_json&isDelete=1 HTTP/1.1" 200 55318
61.165.42.208 - - [20/May/2021:10:30:06 +0800] "GET /xingrg/all/function/internal_message.html?_=1621477786497&CODE_STATE=getMsg HTTP/1.1" 200 27
101.85.52.2 - - [20/May/2021:10:30:09 +0800] "GET /xingrg/kc/buy/cgsh_order_operate.html?command=get_materiel&rest_code=00145&code=00101006201&supplier_code=00100176&order_time=2021-05-18 HTTP/1.1" 200 405
117.185.32.26 - - [20/May/2021:10:30:10 +0800] "GET /xingrg/all/function/internal_message.html?_=1621478328591&CODE_STATE=getMsg HTTP/1.1" 200 27
116.230.114.112 - - [20/May/2021:10:30:11 +0800] "GET /xingrg/all/function/internal_message.html?_=1621477820506&CODE_STATE=getMsg HTTP/1.1" 302 -
101.85.52.2 - - [20/May/2021:10:30:16 +0800] "GET /xingrg/kc/buy/cgsh_order_operate.html?command=get_materiel&rest_code=00145&code=00101006183&supplier_code=00100176&order_time=2021-05-18 HTTP/1.1" 200 409
116.235.222.38 - - [20/May/2021:10:30:18 +0800] "GET /xingrg/check_reg.html?_=1621477811408 HTTP/1.1" 200 22
101.85.52.2 - - [20/May/2021:10:30:19 +0800] "GET /xingrg/all/function/internal_message.html?_=1621477811142&CODE_STATE=getMsg HTTP/1.1" 200 27
101.85.52.2 - - [20/May/2021:10:30:19 +0800] "GET /xingrg/check_reg.html?_=1621477811185 HTTP/1.1" 200 22
114.88.162.5 - - [20/May/2021:10:30:20 +0800] "GET /xingrg/all/function/internal_message.html?_=1621477813309&CODE_STATE=getMsg HTTP/1.1" 200 27
116.235.222.38 - - [20/May/2021:10:30:22 +0800] "GET /xingrg/all/function/internal_message.html?_=1621477815678&CODE_STATE=getMsg HTTP/1.1" 200 27
101.85.52.2 - - [20/May/2021:10:30:23 +0800] "POST /xingrg/kc/buy/cgsh_order_operate.html HTTP/1.1" 200 37
117.185.32.26 - - [20/May/2021:10:30:23 +0800] "GET /xingrg/kc/buy/cgsh_order_operate.html?command=get_materiel&rest_code=00106&code=00101003035&supplier_code=00100092&order_time=2021-05-20 HTTP/1.1" 200 411
101.85.52.2 - - [20/May/2021:10:30:24 +0800] "POST /xingrg/kc/buy/cgsh_order_operate.html HTTP/1.1" 200 3239
180.169.147.146 - - [20/May/2021:10:30:25 +0800] "GET /xingrg/kc/buy/buy_main.html HTTP/1.1" 200 12412
180.169.147.146 - - [20/May/2021:10:30:25 +0800] "GET /xingrg/css/new_ie.css HTTP/1.1" 404 1036
101.85.52.2 - - [20/May/2021:10:30:25 +0800] "GET /xingrg/kc/print/load_data.html?order_code=212021052008831&kc_code=cgsh&condition= HTTP/1.1" 200 908
180.169.147.146 - - [20/May/2021:10:30:26 +0800] "GET /xingrg/images/yd/bt.gif HTTP/1.1" 404 1040
180.169.147.146 - - [20/May/2021:10:30:27 +0800] "GET /xingrg/kc/buy/cgsh_order_list.html HTTP/1.1" 200 46259
114.83.217.67 - - [20/May/2021:10:30:32 +0800] "GET /xingrg/all/function/internal_message.html?_=1621477828743&CODE_STATE=getMsg HTTP/1.1" 200 27
172.20.0.100 - - [20/May/2021:10:30:32 +0800] "GET /xingrg/all/function/internal_message.html?_=1621477829396&CODE_STATE=getMsg HTTP/1.1" 200 27
114.83.217.67 - - [20/May/2021:10:30:32 +0800] "GET /xingrg/check_reg.html?_=1621477829163 HTTP/1.1" 200 22
116.230.114.112 - - [20/May/2021:10:30:40 +0800] "GET /xingrg/all/function/internal_message.html?_=1621477851754&CODE_STATE=getMsg HTTP/1.1" 200 27
116.224.253.72 - - [20/May/2021:10:30:40 +0800] "GET /xingrg/all/function/internal_message.html?_=1621477819104&CODE_STATE=getMsg HTTP/1.1" 200 27
116.224.253.72 - - [20/May/2021:10:30:43 +0800] "GET /xingrg/all/function/internal_message.html?_=1621477841977&CODE_STATE=getMsg HTTP/1.1" 200 27
117.185.32.26 - - [20/May/2021:10:30:44 +0800] "GET /xingrg/kc/buy/cgsh_order_operate.html?command=get_materiel&rest_code=00106&code=00101003033&supplier_code=00100092&order_time=2021-05-20 HTTP/1.1" 200 424
58.37.225.51 - - [20/May/2021:10:30:46 +0800] "GET /xingrg/all/function/internal_message.html?_=1621477848223&CODE_STATE=getMsg HTTP/1.1" 200 27
116.233.73.73 - - [20/May/2021:10:30:46 +0800] "GET /xingrg/all/function/internal_message.html?_=1621477848580&CODE_STATE=getMsg HTTP/1.1" 200 27
116.233.73.73 - - [20/May/2021:10:30:46 +0800] "GET /xingrg/check_reg.html?_=1621477848581 HTTP/1.1" 200 22
180.169.147.146 - - [20/May/2021:10:30:47 +0800] "GET /xingrg/javascript/jquery_easy_ui/themes/default/images/tabs_active.png HTTP/1.1" 304 -
180.169.147.146 - - [20/May/2021:10:30:47 +0800] "GET /xingrg/index.html?sysBaseUrl=http%3A%2F%2F180.169.147.146%3A18081%2Fxingrg%2F&costTime=39×tamp=1592034574635 HTTP/1.1" 302 -
180.169.147.146 - - [20/May/2021:10:30:47 +0800] "GET /xingrg/login.html HTTP/1.1" 200 7641
180.169.147.146 - - [20/May/2021:10:30:48 +0800] "GET /xingrg/images/blue/jxLogo.png HTTP/1.1" 200 6156
180.169.147.146 - - [20/May/2021:10:30:48 +0800] "GET /xingrg/images/blue/hj.png HTTP/1.1" 200 1014
180.169.147.146 - - [20/May/2021:10:30:48 +0800] "GET /xingrg/images/blue/srbg.png HTTP/1.1" 200 138
180.169.147.146 - - [20/May/2021:10:30:48 +0800] "GET /xingrg/images/blue/login_bg.png HTTP/1.1" 200 22101
180.169.147.146 - - [20/May/2021:10:30:48 +0800] "GET /favicon.ico HTTP/1.1" 404 -
117.184.7.26 - - [20/May/2021:10:30:48 +0800] "GET /xingrg/all/function/internal_message.html?_=1621477841504&CODE_STATE=getMsg HTTP/1.1" 200 27
180.169.147.146 - - [20/May/2021:10:30:48 +0800] "GET /xingrg/all/function/internal_message.html?_=1621477846803&CODE_STATE=getMsg HTTP/1.1" 200 27
180.169.147.146 - - [20/May/2021:10:30:49 +0800] "POST /xingrg/kc/buy/cgsh_list_operate.html HTTP/1.1" 200 5198
180.169.147.146 - - [20/May/2021:10:30:49 +0800] "POST /xingrg/login.do HTTP/1.1" 302 -
180.169.147.146 - - [20/May/2021:10:30:50 +0800] "GET /xingrg/index.html?sysBaseUrl=http%3A%2F%2F180.169.147.146%3A18081%2Fxingrg%2F&costTime=43×tamp=1621477849995 HTTP/1.1" 200 17503
180.169.147.146 - - [20/May/2021:10:30:50 +0800] "GET /xingrg/css/form.css HTTP/1.1" 200 893
180.169.147.146 - - [20/May/2021:10:30:50 +0800] "GET /xingrg/javascript/jquery_easy_ui/jquery.easyui.min.js HTTP/1.1" 200 213662
180.169.147.146 - - [20/May/2021:10:30:50 +0800] "GET /xingrg/javascript/jquery_easy_ui/themes/default/easyui.css HTTP/1.1" 200 26500
180.169.147.146 - - [20/May/2021:10:30:50 +0800] "GET /xingrg/javascript/jquery-1.4.2.min.js HTTP/1.1" 200 72205
180.169.147.146 - - [20/May/2021:10:30:50 +0800] "GET /xingrg/javascript/jquery_easy_ui/easyui-lang-zh_CN.js HTTP/1.1" 200 1900
180.169.147.146 - - [20/May/2021:10:30:50 +0800] "GET /xingrg/javascript/jquery.utils.js HTTP/1.1" 200 11805
180.169.147.146 - - [20/May/2021:10:30:50 +0800] "GET /xingrg/javascript/jquery_easy_ui/themes/icon.css HTTP/1.1" 200 3949
180.169.147.146 - - [20/May/2021:10:30:50 +0800] "GET /xingrg/javascript/jquery.timers.js HTTP/1.1" 200 3532
180.169.147.146 - - [20/May/2021:10:30:50 +0800] "GET /xingrg/javascript/jquery.form.js HTTP/1.1" 200 23110
180.169.147.146 - - [20/May/2021:10:30:50 +0800] "GET /favicon.ico HTTP/1.1" 404 -
180.169.147.146 - - [20/May/2021:10:30:50 +0800] "GET /xingrg/javascript/jquery_easy_ui/themes/icons/settle_new.png HTTP/1.1" 200 826
180.169.147.146 - - [20/May/2021:10:30:50 +0800] "GET /xingrg/images/blue/navBackgound.jpg HTTP/1.1" 200 12378
180.169.147.146 - - [20/May/2021:10:30:50 +0800] "POST /xingrg/all/common/load_tree.html?tree=area_rest_tree_json&manage=1 HTTP/1.1" 200 3344
180.169.147.146 - - [20/May/2021:10:30:50 +0800] "GET /xingrg/all/function/internal_message.html?_=1621477847966&CODE_STATE=count HTTP/1.1" 200 11
180.169.147.146 - - [20/May/2021:10:30:50 +0800] "GET /xingrg/images/blue/pingpu.png HTTP/1.1" 200 231
180.169.147.146 - - [20/May/2021:10:30:50 +0800] "GET /xingrg/check_reg.html?_=1621477847967 HTTP/1.1" 200 22
180.169.147.146 - - [20/May/2021:10:30:50 +0800] "GET /xingrg/javascript/jquery_easy_ui/themes/default/images/tabs_leftarrow.png HTTP/1.1" 200 389
180.169.147.146 - - [20/May/2021:10:30:50 +0800] "GET /xingrg/javascript/jquery_easy_ui/themes/default/images/tabs_rightarrow.png HTTP/1.1" 200 395
180.169.147.146 - - [20/May/2021:10:30:50 +0800] "GET /xingrg/javascript/jquery_easy_ui/themes/default/images/panel_tool_expand.gif HTTP/1.1" 200 247
180.169.147.146 - - [20/May/2021:10:30:50 +0800] "GET /xingrg/javascript/jquery_easy_ui/themes/default/images/panel_tool_collapse.gif HTTP/1.1" 200 246
180.169.147.146 - - [20/May/2021:10:30:50 +0800] "POST /xingrg/load_menu.html HTTP/1.1" 200 11564
180.169.147.146 - - [20/May/2021:10:30:50 +0800] "GET /xingrg/javascript/jquery_easy_ui/themes/default/images/tree_folder_open.gif HTTP/1.1" 200 956
180.169.147.146 - - [20/May/2021:10:30:50 +0800] "GET /xingrg/javascript/jquery_easy_ui/themes/default/images/tree_arrows.gif HTTP/1.1" 200 1043
180.169.147.146 - - [20/May/2021:10:30:50 +0800] "GET /xingrg/javascript/jquery_easy_ui/themes/icons/delivery_new.png HTTP/1.1" 200 700
180.169.147.146 - - [20/May/2021:10:30:50 +0800] "GET /xingrg/javascript/jquery_easy_ui/themes/icons/search_new.png HTTP/1.1" 200 586
180.169.147.146 - - [20/May/2021:10:30:50 +0800] "GET /xingrg/javascript/jquery_easy_ui/themes/icons/storage_new.png HTTP/1.1" 200 853
180.169.147.146 - - [20/May/2021:10:30:50 +0800] "GET /xingrg/javascript/jquery_easy_ui/themes/icons/setting_new.png HTTP/1.1" 200 450
180.169.147.146 - - [20/May/2021:10:30:50 +0800] "GET /xingrg/javascript/jquery_easy_ui/themes/icons/systemset_new.png HTTP/1.1" 200 606
180.169.147.146 - - [20/May/2021:10:30:50 +0800] "GET /xingrg/javascript/jquery_easy_ui/themes/icons/checkout_new.png HTTP/1.1" 200 744
180.169.147.146 - - [20/May/2021:10:30:50 +0800] "GET /xingrg/javascript/jquery_easy_ui/themes/icons/forms_new.png HTTP/1.1" 200 350
180.169.147.146 - - [20/May/2021:10:30:50 +0800] "GET /xingrg/javascript/jquery_easy_ui/themes/default/images/tree_folder.gif HTTP/1.1" 200 952
180.169.147.146 - - [20/May/2021:10:30:50 +0800] "GET /xingrg/javascript/jquery_easy_ui/themes/default/images/tree_file.gif HTTP/1.1" 200 118
180.169.147.146 - - [20/May/2021:10:30:51 +0800] "POST /xingrg/load_menu.html HTTP/1.1" 200 10797
180.169.147.146 - - [20/May/2021:10:30:52 +0800] "GET /xingrg/all/report/report_query.html?fileName=dma/new_5.0/yingye/order_list.xml HTTP/1.1" 200 55281
180.169.147.146 - - [20/May/2021:10:30:52 +0800] "GET /xingrg/javascript/jquery_easy_ui/themes/default/images/tabs_close.gif HTTP/1.1" 200 829
180.169.147.146 - - [20/May/2021:10:30:52 +0800] "GET /xingrg/css/blue.css HTTP/1.1" 200 15949
180.169.147.146 - - [20/May/2021:10:30:52 +0800] "GET /xingrg/javascript/multi_select/jqueryMultiSelect.css HTTP/1.1" 200 951
180.169.147.146 - - [20/May/2021:10:30:52 +0800] "GET /xingrg/javascript/calendar/timePicker.css HTTP/1.1" 200 523
180.169.147.146 - - [20/May/2021:10:30:52 +0800] "GET /xingrg/javascript/bigrid/fix.css HTTP/1.1" 200 1702
180.169.147.146 - - [20/May/2021:10:30:52 +0800] "GET /xingrg/dwr/engine.js HTTP/1.1" 200 43631
180.169.147.146 - - [20/May/2021:10:30:52 +0800] "GET /xingrg/dwr/util.js HTTP/1.1" 200 35990
180.169.147.146 - - [20/May/2021:10:30:52 +0800] "GET /xingrg/javascript/pic_change.js HTTP/1.1" 200 4739
180.169.147.146 - - [20/May/2021:10:30:52 +0800] "GET /xingrg/javascript/calendar/jquery.timePicker.min.js HTTP/1.1" 200 2997
180.169.147.146 - - [20/May/2021:10:30:52 +0800] "GET /xingrg/dwr/interface/AjaxReportQueryService.js HTTP/1.1" 200 13203
180.169.147.146 - - [20/May/2021:10:30:52 +0800] "GET /xingrg/javascript/bigrid/fix.js HTTP/1.1" 200 6439
180.169.147.146 - - [20/May/2021:10:30:52 +0800] "GET /xingrg/javascript/jqueryMultiSelect.js HTTP/1.1" 200 11866
180.169.147.146 - - [20/May/2021:10:30:52 +0800] "GET /xingrg/javascript/myfunction.js HTTP/1.1" 200 24559
180.169.147.146 - - [20/May/2021:10:30:52 +0800] "GET /xingrg/javascript/Calendar.js HTTP/1.1" 200 31561
180.169.147.146 - - [20/May/2021:10:30:53 +0800] "GET /xingrg/images/blue/button/advanceover.gif HTTP/1.1" 200 1347
180.169.147.146 - - [20/May/2021:10:30:53 +0800] "GET /xingrg/images/blue/button/advance2over.gif HTTP/1.1" 200 1336
180.169.147.146 - - [20/May/2021:10:30:53 +0800] "GET /xingrg/images/blue/button/backover.gif HTTP/1.1" 200 1348
180.169.147.146 - - [20/May/2021:10:30:53 +0800] "GET /xingrg/images/control/loading.gif HTTP/1.1" 200 13463
180.169.147.146 - - [20/May/2021:10:30:53 +0800] "GET /xingrg/images/blue/button/back2over.gif HTTP/1.1" 200 1335
180.169.147.146 - - [20/May/2021:10:30:53 +0800] "GET /xingrg/javascript/jquery_easy_ui/themes/icons/help.png HTTP/1.1" 200 1187
180.169.147.146 - - [20/May/2021:10:30:53 +0800] "GET /xingrg/javascript/jquery_easy_ui/themes/default/images/menu_downarrow.png HTTP/1.1" 200 173
180.169.147.146 - - [20/May/2021:10:30:53 +0800] "POST /xingrg/dwr/call/plaincall/AjaxReportQueryService.getFixDate.dwr HTTP/1.1" 200 111
180.169.147.146 - - [20/May/2021:10:30:53 +0800] "GET /xingrg/javascript/jquery_easy_ui/themes/default/images/button_a_bg.gif HTTP/1.1" 200 1194
180.169.147.146 - - [20/May/2021:10:30:53 +0800] "GET /xingrg/javascript/jquery_easy_ui/themes/default/images/menu.gif HTTP/1.1" 200 834
180.169.147.146 - - [20/May/2021:10:30:53 +0800] "GET /xingrg/javascript/jquery_easy_ui/themes/icons/print.png HTTP/1.1" 200 1057
180.169.147.146 - - [20/May/2021:10:30:53 +0800] "GET /xingrg/javascript/jquery_easy_ui/themes/icons/pencil.png HTTP/1.1" 200 713
180.169.147.146 - - [20/May/2021:10:30:53 +0800] "GET /xingrg/javascript/jquery_easy_ui/themes/default/images/menu_rightarrow.png HTTP/1.1" 200 3617
180.169.147.146 - - [20/May/2021:10:30:53 +0800] "POST /xingrg/all/common/load_tree.html?tree=area_station_tree_json&manage=1 HTTP/1.1" 200 3240
180.169.147.146 - - [20/May/2021:10:30:53 +0800] "GET /xingrg/javascript/jquery_easy_ui/themes/default/images/combo_arrow_dot.gif HTTP/1.1" 200 79
180.169.147.146 - - [20/May/2021:10:30:53 +0800] "GET /xingrg/javascript/jquery_easy_ui/themes/default/images/tree_checkbox_0.gif HTTP/1.1" 200 168
180.169.147.146 - - [20/May/2021:10:30:53 +0800] "GET /xingrg/javascript/jquery_easy_ui/themes/icons/rest.png HTTP/1.1" 200 695
180.169.147.146 - - [20/May/2021:10:30:53 +0800] "POST /xingrg/dwr/call/plaincall/AjaxReportQueryService.getInitString.dwr HTTP/1.1" 200 76
180.169.147.146 - - [20/May/2021:10:30:53 +0800] "GET /xingrg/javascript/multi_select/dropdown.gif HTTP/1.1" 200 61
180.169.147.146 - - [20/May/2021:10:30:53 +0800] "GET /xingrg/javascript/jquery_easy_ui/themes/icons/manage.png HTTP/1.1" 200 696
180.169.147.146 - - [20/May/2021:10:30:53 +0800] "GET /xingrg/javascript/jquery_easy_ui/themes/icons/area.png HTTP/1.1" 200 262
101.85.52.2 - - [20/May/2021:10:30:54 +0800] "GET /xingrg/kc/buy/cgsh_order_add.html HTTP/1.1" 200 61185
120.253.135.82 - - [20/May/2021:10:30:54 +0800] "GET /xingrg/all/function/internal_message.html?_=1621477904900&CODE_STATE=getMsg HTTP/1.1" 200 27
180.169.147.146 - - [20/May/2021:10:30:54 +0800] "POST /xingrg/dwr/call/plaincall/AjaxReportQueryService.getFixDate.dwr HTTP/1.1" 200 111
101.85.52.2 - - [20/May/2021:10:30:54 +0800] "GET /xingrg/javascript/easyui/themes/default/validatebox.css HTTP/1.1" 404 1104
101.85.52.2 - - [20/May/2021:10:30:54 +0800] "POST /xingrg/kc/buy/cgsh_order_operate.html HTTP/1.1" 200 8245
117.185.32.26 - - [20/May/2021:10:30:55 +0800] "GET /xingrg/all/function/internal_message.html?_=1621477847210&CODE_STATE=getMsg HTTP/1.1" 200 27
180.169.147.146 - - [20/May/2021:10:30:55 +0800] "GET /xingrg/javascript/multi_select/dropdown_hover.gif HTTP/1.1" 200 61
116.230.110.80 - - [20/May/2021:10:30:56 +0800] "GET /xingrg/all/function/internal_message.html?_=1621477854451&CODE_STATE=getMsg HTTP/1.1" 200 27
180.169.147.146 - - [20/May/2021:10:30:58 +0800] "GET /xingrg/javascript/jquery_easy_ui/themes/default/images/tree_checkbox_1.gif HTTP/1.1" 200 174
180.169.147.146 - - [20/May/2021:10:30:58 +0800] "GET /xingrg/javascript/jquery_easy_ui/themes/default/images/tree_checkbox_2.gif HTTP/1.1" 200 181
180.169.147.146 - - [20/May/2021:10:30:58 +0800] "POST /xingrg/dwr/call/plaincall/AjaxReportQueryService.queryInitializeString.dwr HTTP/1.1" 200 215
180.169.147.146 - - [20/May/2021:10:30:58 +0800] "POST /xingrg/dwr/call/plaincall/AjaxReportQueryService.refreshCache.dwr HTTP/1.1" 200 78
180.169.147.146 - - [20/May/2021:10:30:59 +0800] "POST /xingrg/all/report/load_report_page.html HTTP/1.1" 200 159398
180.169.147.146 - - [20/May/2021:10:30:59 +0800] "GET /xingrg/servlets/image?cache=0.24325686162995164&image=px HTTP/1.1" 200 807
117.185.32.26 - - [20/May/2021:10:30:59 +0800] "POST /xingrg/kc/buy/cgsh_order_operate.html HTTP/1.1" 200 37
120.253.135.82 - - [20/May/2021:10:31:00 +0800] "GET /xingrg/all/function/internal_message.html?_=1621477641111&CODE_STATE=getMsg HTTP/1.1" 200 27
116.224.253.72 - - [20/May/2021:10:31:00 +0800] "POST /xingrg/kc/buy/cgsh_order_operate.html HTTP/1.1" 200 37
116.224.253.72 - - [20/May/2021:10:31:01 +0800] "POST /xingrg/kc/buy/cgsh_order_operate.html HTTP/1.1" 200 23018
117.185.32.26 - - [20/May/2021:10:31:02 +0800] "POST /xingrg/kc/buy/cgsh_order_operate.html HTTP/1.1" 200 12
117.185.32.26 - - [20/May/2021:10:31:03 +0800] "GET /xingrg/kc/buy/cgsh_order_info.html?code=212021052008832 HTTP/1.1" 200 56895
117.185.32.26 - - [20/May/2021:10:31:03 +0800] "GET /xingrg/javascript/easyui/themes/default/validatebox.css HTTP/1.1" 404 1104
180.169.147.146 - - [20/May/2021:10:31:03 +0800] "GET /xingrg/all/function/internal_message.html?_=1621477864446&CODE_STATE=getMsg HTTP/1.1" 200 27
117.185.32.26 - - [20/May/2021:10:31:04 +0800] "POST /xingrg/kc/buy/cgsh_order_operate.html HTTP/1.1" 200 1215
180.169.147.146 - - [20/May/2021:10:31:05 +0800] "GET /xingrg/all/function/internal_message.html?_=1621477857871&CODE_STATE=getMsg HTTP/1.1" 200 27
117.185.32.26 - - [20/May/2021:10:31:06 +0800] "GET /xingrg/kc/print/load_data.html?order_code=212021052008832&kc_code=cgsh&condition= HTTP/1.1" 200 996
61.165.42.208 - - [20/May/2021:10:31:06 +0800] "GET /xingrg/all/function/internal_message.html?_=1621477846470&CODE_STATE=getMsg HTTP/1.1" 200 27
117.185.32.26 - - [20/May/2021:10:31:11 +0800] "GET /xingrg/all/function/internal_message.html?_=1621478388608&CODE_STATE=getMsg HTTP/1.1" 200 27
116.230.114.112 - - [20/May/2021:10:31:11 +0800] "GET /xingrg/all/function/internal_message.html?_=1621477880528&CODE_STATE=getMsg HTTP/1.1" 302 -
101.85.52.2 - - [20/May/2021:10:31:11 +0800] "GET /xingrg/kc/buy/cgsh_order_operate.html?command=get_materiel&rest_code=00145&code=00101011012&supplier_code=00100047&order_time=2021-05-18 HTTP/1.1" 200 411
116.235.222.38 - - [20/May/2021:10:31:12 +0800] "POST /xingrg/services/DataTransmitService HTTP/1.1" 200 524
116.235.222.38 - - [20/May/2021:10:31:13 +0800] "POST /xingrg/services/DataTransmitService HTTP/1.1" 200 501
116.235.222.38 - - [20/May/2021:10:31:13 +0800] "POST /xingrg/services/DataTransmitService HTTP/1.1" 200 501
116.235.222.38 - - [20/May/2021:10:31:13 +0800] "POST /xingrg/services/DataTransmitService HTTP/1.1" 200 501
58.221.95.50 - - [20/May/2021:10:31:14 +0800] "GET /xingrg/check_reg.html?_=1621477874486 HTTP/1.1" 302 -
116.235.222.38 - - [20/May/2021:10:31:14 +0800] "POST /xingrg/services/DataTransmitService HTTP/1.1" 200 501
116.235.222.38 - - [20/May/2021:10:31:14 +0800] "POST /xingrg/services/DataTransmitService HTTP/1.1" 200 501
116.235.222.38 - - [20/May/2021:10:31:14 +0800] "POST /xingrg/services/DataTransmitService HTTP/1.1" 200 501
116.235.222.38 - - [20/May/2021:10:31:14 +0800] "POST /xingrg/services/DataTransmitService HTTP/1.1" 200 501
116.235.222.38 - - [20/May/2021:10:31:15 +0800] "POST /xingrg/services/DataTransmitService HTTP/1.1" 200 501
116.235.222.38 - - [20/May/2021:10:31:17 +0800] "POST /xingrg/services/DataTransmitService HTTP/1.1" 200 501
101.85.52.2 - - [20/May/2021:10:31:19 +0800] "GET /xingrg/all/function/internal_message.html?_=1621477871122&CODE_STATE=getMsg HTTP/1.1" 200 27
114.88.162.5 - - [20/May/2021:10:31:20 +0800] "GET /xingrg/all/function/internal_message.html?_=1621477873294&CODE_STATE=getMsg HTTP/1.1" 200 27
116.235.222.38 - - [20/May/2021:10:31:20 +0800] "POST /xingrg/services/DataTransmitService HTTP/1.1" 200 412
116.235.222.38 - - [20/May/2021:10:31:22 +0800] "GET /xingrg/all/function/internal_message.html?_=1621477875662&CODE_STATE=getMsg HTTP/1.1" 200 27
101.85.52.2 - - [20/May/2021:10:31:24 +0800] "GET /xingrg/kc/buy/cgsh_order_operate.html?command=get_materiel&rest_code=00145&code=00101011001&supplier_code=00100047&order_time=2021-05-18 HTTP/1.1" 200 423
101.85.52.2 - - [20/May/2021:10:31:30 +0800] "POST /xingrg/kc/buy/cgsh_order_operate.html HTTP/1.1" 200 37
180.169.147.146 - - [20/May/2021:10:31:32 +0800] "POST /xingrg/dwr/call/plaincall/AjaxReportQueryService.refreshCache.dwr HTTP/1.1" 200 78
114.83.217.67 - - [20/May/2021:10:31:32 +0800] "GET /xingrg/all/function/internal_message.html?_=1621477888729&CODE_STATE=getMsg HTTP/1.1" 200 27
117.185.32.26 - - [20/May/2021:10:31:32 +0800] "GET /xingrg/kc/buy/cgsh_order_add.html HTTP/1.1" 200 61991
172.20.0.100 - - [20/May/2021:10:31:32 +0800] "GET /xingrg/all/function/internal_message.html?_=1621477889398&CODE_STATE=getMsg HTTP/1.1" 200 27
180.169.147.146 - - [20/May/2021:10:31:32 +0800] "POST /xingrg/all/report/load_report_page.html HTTP/1.1" 200 208278
180.169.147.146 - - [20/May/2021:10:31:32 +0800] "GET /xingrg/images/blue/button/back2.gif HTTP/1.1" 200 1339
180.169.147.146 - - [20/May/2021:10:31:32 +0800] "GET /xingrg/images/blue/button/back.gif HTTP/1.1" 200 1352
180.169.147.146 - - [20/May/2021:10:31:32 +0800] "GET /xingrg/servlets/image?cache=0.5675800854288221&image=px HTTP/1.1" 200 807
117.185.32.26 - - [20/May/2021:10:31:32 +0800] "POST /xingrg/kc/buy/cgsh_order_operate.html HTTP/1.1" 200 8245
117.185.32.26 - - [20/May/2021:10:31:33 +0800] "GET /xingrg/javascript/easyui/themes/default/validatebox.css HTTP/1.1" 404 1104
101.85.52.2 - - [20/May/2021:10:31:33 +0800] "POST /xingrg/kc/buy/cgsh_order_operate.html HTTP/1.1" 200 3255
101.85.52.2 - - [20/May/2021:10:31:34 +0800] "GET /xingrg/kc/print/load_data.html?order_code=212021052008833&kc_code=cgsh&condition= HTTP/1.1" 200 955
117.185.32.26 - - [20/May/2021:10:31:35 +0800] "GET /xingrg/javascript/easyui/themes/default/tree.css HTTP/1.1" 404 1090
117.185.32.26 - - [20/May/2021:10:31:35 +0800] "POST /xingrg/all/common/load_tree.html?tree=supplier_tree_json&isDelete=1 HTTP/1.1" 200 55318
180.169.147.146 - - [20/May/2021:10:31:36 +0800] "POST /xingrg/all/report/load_report_page.html HTTP/1.1" 200 29541
180.169.147.146 - - [20/May/2021:10:31:36 +0800] "GET /xingrg/images/blue/button/advance2.gif HTTP/1.1" 200 1338
180.169.147.146 - - [20/May/2021:10:31:36 +0800] "GET /xingrg/images/blue/button/advance.gif HTTP/1.1" 200 1354
180.169.147.146 - - [20/May/2021:10:31:36 +0800] "GET /xingrg/servlets/image?cache=0.39003280510339977&image=px HTTP/1.1" 200 807
180.169.147.146 - - [20/May/2021:10:31:37 +0800] "GET /xingrg/javascript/jquery_easy_ui/themes/default/images/button_plain_hover.png HTTP/1.1" 200 252
101.85.52.2 - - [20/May/2021:10:31:40 +0800] "GET /xingrg/kc/buy/cgsh_order_add.html HTTP/1.1" 200 61185
116.230.114.112 - - [20/May/2021:10:31:40 +0800] "GET /xingrg/all/function/internal_message.html?_=1621477911767&CODE_STATE=getMsg HTTP/1.1" 200 27
101.85.52.2 - - [20/May/2021:10:31:40 +0800] "POST /xingrg/kc/buy/cgsh_order_operate.html HTTP/1.1" 200 8245
101.85.52.2 - - [20/May/2021:10:31:40 +0800] "GET /xingrg/javascript/easyui/themes/default/validatebox.css HTTP/1.1" 404 1104
116.224.253.72 - - [20/May/2021:10:31:40 +0800] "GET /xingrg/all/function/internal_message.html?_=1621477879106&CODE_STATE=getMsg HTTP/1.1" 200 27
116.224.253.72 - - [20/May/2021:10:31:43 +0800] "GET /xingrg/check_reg.html?_=1621477901987 HTTP/1.1" 200 22
116.224.253.72 - - [20/May/2021:10:31:43 +0800] "GET /xingrg/all/function/internal_message.html?_=1621477901989&CODE_STATE=getMsg HTTP/1.1" 200 27
116.230.114.112 - - [20/May/2021:10:31:43 +0800] "GET /xingrg/kc/buy/cgsh_order_add.html HTTP/1.1" 200 61997
116.230.114.112 - - [20/May/2021:10:31:44 +0800] "POST /xingrg/kc/buy/cgsh_order_operate.html HTTP/1.1" 200 8245
116.230.114.112 - - [20/May/2021:10:31:44 +0800] "GET /xingrg/javascript/easyui/themes/default/validatebox.css HTTP/1.1" 404 1104
58.37.225.51 - - [20/May/2021:10:31:46 +0800] "GET /xingrg/all/function/internal_message.html?_=1621477908218&CODE_STATE=getMsg HTTP/1.1" 200 27
58.37.225.51 - - [20/May/2021:10:31:46 +0800] "GET /xingrg/check_reg.html?_=1621477908222 HTTP/1.1" 200 22
116.233.73.73 - - [20/May/2021:10:31:46 +0800] "GET /xingrg/all/function/internal_message.html?_=1621477908579&CODE_STATE=getMsg HTTP/1.1" 200 27
117.184.7.26 - - [20/May/2021:10:31:48 +0800] "GET /xingrg/check_reg.html?_=1621477900740 HTTP/1.1" 200 22
117.184.7.26 - - [20/May/2021:10:31:48 +0800] "GET /xingrg/all/function/internal_message.html?_=1621477901478&CODE_STATE=getMsg HTTP/1.1" 200 27
180.169.147.146 - - [20/May/2021:10:31:48 +0800] "GET /xingrg/all/function/internal_message.html?_=1621477906804&CODE_STATE=getMsg HTTP/1.1" 200 27
180.169.147.146 - - [20/May/2021:10:31:50 +0800] "GET /xingrg/all/function/internal_message.html?_=1621477907988&CODE_STATE=getMsg HTTP/1.1" 200 27
120.253.135.82 - - [20/May/2021:10:31:54 +0800] "GET /xingrg/all/function/internal_message.html?_=1621477964913&CODE_STATE=getMsg HTTP/1.1" 200 27
117.185.32.26 - - [20/May/2021:10:31:55 +0800] "GET /xingrg/all/function/internal_message.html?_=1621477907209&CODE_STATE=getMsg HTTP/1.1" 200 27
116.230.110.80 - - [20/May/2021:10:31:56 +0800] "GET /xingrg/check_reg.html?_=1621477914454 HTTP/1.1" 200 22
116.230.110.80 - - [20/May/2021:10:31:56 +0800] "GET /xingrg/all/function/internal_message.html?_=1621477914455&CODE_STATE=getMsg HTTP/1.1" 200 27
117.185.32.26 - - [20/May/2021:10:31:56 +0800] "GET /xingrg/kc/buy/cgsh_order_operate.html?command=get_materiel&rest_code=00106&code=00101004011&supplier_code=00100088&order_time=2021-05-20 HTTP/1.1" 200 433
116.230.114.112 - - [20/May/2021:10:31:58 +0800] "GET /xingrg/check_reg.html?_=1621477927495 HTTP/1.1" 302 -
116.230.114.112 - - [20/May/2021:10:32:00 +0800] "GET /xingrg/kc/buy/cgsh_order_operate.html?command=get_materiel&rest_code=00146&code=00101010161&supplier_code=00100041&order_time=2021-05-20 HTTP/1.1" 200 409
120.253.135.82 - - [20/May/2021:10:32:00 +0800] "GET /xingrg/all/function/internal_message.html?_=1621477701208&CODE_STATE=getMsg HTTP/1.1" 200 27
