117.185.32.26 - - [20/May/2021:10:36:54 +0800] "GET /xingrg/javascript/easyui/themes/default/validatebox.css HTTP/1.1" 404 1104
120.253.135.82 - - [20/May/2021:10:36:54 +0800] "GET /xingrg/all/function/internal_message.html?_=1621478265107&CODE_STATE=getMsg HTTP/1.1" 200 27
117.185.32.26 - - [20/May/2021:10:36:54 +0800] "GET /xingrg/kc/buy/cgsh_order_operate.html?command=get_materiel&rest_code=00106&code=00101005022&supplier_code=00100347&order_time=2021-05-20 HTTP/1.1" 200 417
117.185.32.26 - - [20/May/2021:10:36:54 +0800] "POST /xingrg/kc/buy/cgsh_order_operate.html HTTP/1.1" 200 1800
101.85.52.2 - - [20/May/2021:10:36:55 +0800] "GET /xingrg/kc/buy/cgsh_order_operate.html?command=get_materiel&rest_code=00145&code=00101015070&supplier_code=00100007&order_time=2021-05-18 HTTP/1.1" 200 413
117.185.32.26 - - [20/May/2021:10:36:55 +0800] "GET /xingrg/all/function/internal_message.html?_=1621478207258&CODE_STATE=getMsg HTTP/1.1" 200 27
116.230.110.80 - - [20/May/2021:10:36:56 +0800] "GET /xingrg/all/function/internal_message.html?_=1621478214455&CODE_STATE=getMsg HTTP/1.1" 200 27
116.230.110.80 - - [20/May/2021:10:36:56 +0800] "GET /xingrg/check_reg.html?_=1621478214456 HTTP/1.1" 200 22
117.185.32.26 - - [20/May/2021:10:36:56 +0800] "GET /xingrg/kc/print/load_data.html?order_code=212021052008842&kc_code=cgsh&condition= HTTP/1.1" 200 1216
116.230.114.112 - - [20/May/2021:10:36:58 +0800] "GET /xingrg/check_reg.html?_=1621478227514 HTTP/1.1" 302 -
116.233.73.73 - - [20/May/2021:10:36:58 +0800] "POST /xingrg/services/DataTransmitService HTTP/1.1" 200 524
180.161.127.67 - - [20/May/2021:10:36:58 +0800] "GET /xingrg/kc/base/wldb_order_operate.html?command=get_materiel&rest_code=00102&base_code=0010477&code=00102002562 HTTP/1.1" 200 447
120.253.135.82 - - [20/May/2021:10:37:01 +0800] "GET /xingrg/all/function/internal_message.html?_=1621478001339&CODE_STATE=getMsg HTTP/1.1" 200 27
180.169.147.146 - - [20/May/2021:10:37:03 +0800] "GET /xingrg/all/function/internal_message.html?_=1621478224455&CODE_STATE=getMsg HTTP/1.1" 200 27
180.169.147.146 - - [20/May/2021:10:37:05 +0800] "GET /xingrg/all/function/internal_message.html?_=1621478217750&CODE_STATE=getMsg HTTP/1.1" 200 27
101.85.52.2 - - [20/May/2021:10:37:05 +0800] "GET /xingrg/kc/buy/cgsh_order_operate.html?command=get_materiel&rest_code=00145&code=00101008005&supplier_code=00100007&order_time=2021-05-18 HTTP/1.1" 200 412
61.165.42.208 - - [20/May/2021:10:37:06 +0800] "GET /xingrg/all/function/internal_message.html?_=1621478206336&CODE_STATE=getMsg HTTP/1.1" 200 27
116.230.114.112 - - [20/May/2021:10:37:11 +0800] "GET /xingrg/all/function/internal_message.html?_=1621478240610&CODE_STATE=getMsg HTTP/1.1" 302 -
116.230.114.112 - - [20/May/2021:10:37:11 +0800] "GET /xingrg/kc/buy/cgsh_order_add.html HTTP/1.1" 200 61997
117.185.32.26 - - [20/May/2021:10:37:11 +0800] "GET /xingrg/all/function/internal_message.html?_=1621478749436&CODE_STATE=getMsg HTTP/1.1" 200 27
116.230.114.112 - - [20/May/2021:10:37:12 +0800] "POST /xingrg/kc/buy/cgsh_order_operate.html HTTP/1.1" 200 8245
116.230.114.112 - - [20/May/2021:10:37:12 +0800] "GET /xingrg/javascript/easyui/themes/default/validatebox.css HTTP/1.1" 404 1104
180.169.147.146 - - [20/May/2021:10:37:13 +0800] "GET /xingrg/dma/order_info.html?id=279818&sid=6&sale_day=20210401 HTTP/1.1" 200 5408
180.169.147.146 - - [20/May/2021:10:37:13 +0800] "GET /favicon.ico HTTP/1.1" 404 -
101.85.52.2 - - [20/May/2021:10:37:13 +0800] "GET /xingrg/kc/buy/cgsh_order_operate.html?command=get_materiel&rest_code=00145&code=00101008108&supplier_code=00100007&order_time=2021-05-18 HTTP/1.1" 200 412
116.233.73.73 - - [20/May/2021:10:37:14 +0800] "POST /xingrg/services/DataTransmitService HTTP/1.1" 200 501
116.233.73.73 - - [20/May/2021:10:37:14 +0800] "POST /xingrg/services/DataTransmitService HTTP/1.1" 200 501
116.233.73.73 - - [20/May/2021:10:37:15 +0800] "POST /xingrg/services/DataTransmitService HTTP/1.1" 200 501
116.233.73.73 - - [20/May/2021:10:37:16 +0800] "POST /xingrg/services/DataTransmitService HTTP/1.1" 200 501
180.161.127.67 - - [20/May/2021:10:37:17 +0800] "GET /xingrg/all/function/internal_message.html?_=1621478193716&CODE_STATE=getMsg HTTP/1.1" 200 27
116.233.73.73 - - [20/May/2021:10:37:17 +0800] "POST /xingrg/services/DataTransmitService HTTP/1.1" 200 501
116.233.73.73 - - [20/May/2021:10:37:17 +0800] "POST /xingrg/services/DataTransmitService HTTP/1.1" 200 501
101.85.52.2 - - [20/May/2021:10:37:19 +0800] "GET /xingrg/all/function/internal_message.html?_=1621478230980&CODE_STATE=getMsg HTTP/1.1" 200 27
116.233.73.73 - - [20/May/2021:10:37:19 +0800] "POST /xingrg/services/DataTransmitService HTTP/1.1" 200 501
180.161.127.67 - - [20/May/2021:10:37:19 +0800] "GET /xingrg/kc/base/wldb_order_operate.html?command=get_materiel&rest_code=00102&base_code=0010477&code=00102002851 HTTP/1.1" 200 433
116.233.73.73 - - [20/May/2021:10:37:20 +0800] "POST /xingrg/services/DataTransmitService HTTP/1.1" 200 501
114.88.162.5 - - [20/May/2021:10:37:20 +0800] "GET /xingrg/all/function/internal_message.html?_=1621478233214&CODE_STATE=getMsg HTTP/1.1" 200 27
116.235.222.38 - - [20/May/2021:10:37:22 +0800] "GET /xingrg/all/function/internal_message.html?_=1621478235594&CODE_STATE=getMsg HTTP/1.1" 200 27
116.233.73.73 - - [20/May/2021:10:37:22 +0800] "POST /xingrg/services/DataTransmitService HTTP/1.1" 200 412
180.169.147.146 - - [20/May/2021:10:37:23 +0800] "POST /xingrg/all/report/report_print.html HTTP/1.1" 200 11796
116.230.114.112 - - [20/May/2021:10:37:25 +0800] "GET /xingrg/kc/buy/cgsh_order_operate.html?command=get_materiel&rest_code=00146&code=00101007081&supplier_code=00100002&order_time=2021-05-20 HTTP/1.1" 200 413
116.233.73.73 - - [20/May/2021:10:37:30 +0800] "POST /xingrg/services/DataTransmitService HTTP/1.1" 200 524
116.233.73.73 - - [20/May/2021:10:37:31 +0800] "POST /xingrg/services/DataTransmitService HTTP/1.1" 200 412
101.85.52.2 - - [20/May/2021:10:37:31 +0800] "GET /xingrg/kc/buy/cgsh_order_operate.html?command=get_materiel&rest_code=00145&code=00101008351&supplier_code=00100007&order_time=2021-05-18 HTTP/1.1" 200 408
114.83.217.67 - - [20/May/2021:10:37:32 +0800] "GET /xingrg/all/function/internal_message.html?_=1621478248632&CODE_STATE=getMsg HTTP/1.1" 200 27
172.20.0.100 - - [20/May/2021:10:37:32 +0800] "GET /xingrg/all/function/internal_message.html?_=1621478249404&CODE_STATE=getMsg HTTP/1.1" 200 27
120.204.17.72 - - [20/May/2021:10:37:37 +0800] "GET /xingrg/kc/buy/cgsh_order_operate.html?command=get_materiel&rest_code=00106&code=00101011007&supplier_code=00100050&order_time=2021-05-20 HTTP/1.1" 302 -
120.204.17.72 - - [20/May/2021:10:37:38 +0800] "GET /xingrg/login.html HTTP/1.1" 200 7641
101.85.52.2 - - [20/May/2021:10:37:39 +0800] "GET /xingrg/kc/buy/cgsh_order_operate.html?command=get_materiel&rest_code=00145&code=00101008350&supplier_code=00100007&order_time=2021-05-18 HTTP/1.1" 200 408
116.230.114.112 - - [20/May/2021:10:37:40 +0800] "GET /xingrg/all/function/internal_message.html?_=1621478271848&CODE_STATE=getMsg HTTP/1.1" 200 27
116.224.253.72 - - [20/May/2021:10:37:41 +0800] "GET /xingrg/all/function/internal_message.html?_=1621478239310&CODE_STATE=getMsg HTTP/1.1" 200 27
180.169.147.146 - - [20/May/2021:10:37:42 +0800] "GET /xingrg/check_reg.html?_=1621478255421 HTTP/1.1" 200 22
116.224.253.72 - - [20/May/2021:10:37:43 +0800] "GET /xingrg/all/function/internal_message.html?_=1621478262023&CODE_STATE=getMsg HTTP/1.1" 200 27
180.161.127.67 - - [20/May/2021:10:37:44 +0800] "POST /xingrg/kc/base/wldb_order_operate.html HTTP/1.1" 200 37
180.161.127.67 - - [20/May/2021:10:37:44 +0800] "POST /xingrg/kc/base/wldb_order_operate.html HTTP/1.1" 200 2195
180.161.127.67 - - [20/May/2021:10:37:45 +0800] "GET /xingrg/kc/base/wldb_order_info.html?code=422021052002121 HTTP/1.1" 200 30150
101.85.52.2 - - [20/May/2021:10:37:46 +0800] "GET /xingrg/kc/buy/cgsh_order_operate.html?command=get_materiel&rest_code=00145&code=00101008286&supplier_code=00100007&order_time=2021-05-18 HTTP/1.1" 200 408
180.161.127.67 - - [20/May/2021:10:37:46 +0800] "POST /xingrg/kc/base/wldb_order_operate.html HTTP/1.1" 200 2195
58.37.225.51 - - [20/May/2021:10:37:46 +0800] "GET /xingrg/all/function/internal_message.html?_=1621478268232&CODE_STATE=getMsg HTTP/1.1" 200 27
180.161.127.67 - - [20/May/2021:10:37:46 +0800] "GET /xingrg/javascript/easyui/themes/default/validatebox.css HTTP/1.1" 404 1104
116.233.73.73 - - [20/May/2021:10:37:46 +0800] "GET /xingrg/all/function/internal_message.html?_=1621478268597&CODE_STATE=getMsg HTTP/1.1" 200 27
180.161.127.67 - - [20/May/2021:10:37:47 +0800] "GET /xingrg/javascript/jquery_easy_ui/themes/default/images/tabs_active.png HTTP/1.1" 304 -
180.161.127.67 - - [20/May/2021:10:37:47 +0800] "GET /xingrg/javascript/jquery_easy_ui/themes/default/images/tabs_active.png HTTP/1.1" 304 -
117.184.7.26 - - [20/May/2021:10:37:48 +0800] "GET /xingrg/all/function/internal_message.html?_=1621478261376&CODE_STATE=getMsg HTTP/1.1" 200 27
180.169.147.146 - - [20/May/2021:10:37:48 +0800] "GET /xingrg/all/function/internal_message.html?_=1621478266805&CODE_STATE=getMsg HTTP/1.1" 200 27
180.169.147.146 - - [20/May/2021:10:37:50 +0800] "GET /xingrg/all/function/internal_message.html?_=1621478268003&CODE_STATE=getMsg HTTP/1.1" 200 27
180.161.127.67 - - [20/May/2021:10:37:51 +0800] "POST /xingrg/kc/base/wldb_list_operate.html HTTP/1.1" 200 6052
117.185.32.26 - - [20/May/2021:10:37:53 +0800] "GET /xingrg/kc/buy/cgsh_order_operate.html?command=get_materiel&rest_code=00106&code=00101001050&supplier_code=00100347&order_time=2021-05-20 HTTP/1.1" 200 409
180.161.127.67 - - [20/May/2021:10:37:54 +0800] "POST /xingrg/kc/base/wldb_list_operate.html HTTP/1.1" 200 6250
101.85.52.2 - - [20/May/2021:10:37:54 +0800] "GET /xingrg/kc/buy/cgsh_order_operate.html?command=get_materiel&rest_code=00145&code=00101008323&supplier_code=00100007&order_time=2021-05-18 HTTP/1.1" 200 408
120.253.135.82 - - [20/May/2021:10:37:54 +0800] "GET /xingrg/all/function/internal_message.html?_=1621478325182&CODE_STATE=getMsg HTTP/1.1" 200 27
117.185.32.26 - - [20/May/2021:10:37:55 +0800] "GET /xingrg/all/function/internal_message.html?_=1621478267249&CODE_STATE=getMsg HTTP/1.1" 200 27
183.192.164.71 - - [20/May/2021:10:37:56 +0800] "GET /xingrg/kc/print/load_data.html?order_code=212021052008842&kc_code=cgsh&condition= HTTP/1.1" 302 -
116.230.110.80 - - [20/May/2021:10:37:56 +0800] "GET /xingrg/all/function/internal_message.html?_=1621478274454&CODE_STATE=getMsg HTTP/1.1" 200 27
183.192.164.71 - - [20/May/2021:10:37:57 +0800] "GET /xingrg/login.html HTTP/1.1" 200 7641
180.161.127.67 - - [20/May/2021:10:37:58 +0800] "POST /xingrg/kc/base/wldb_list_operate.html HTTP/1.1" 200 359
101.85.52.2 - - [20/May/2021:10:38:00 +0800] "GET /xingrg/kc/buy/cgsh_order_operate.html?command=get_materiel&rest_code=00145&code=00101008264&supplier_code=00100007&order_time=2021-05-18 HTTP/1.1" 200 412
120.253.135.82 - - [20/May/2021:10:38:01 +0800] "GET /xingrg/all/function/internal_message.html?_=1621478061347&CODE_STATE=getMsg HTTP/1.1" 200 27
180.161.127.67 - - [20/May/2021:10:38:01 +0800] "POST /xingrg/kc/base/wldb_list_operate.html HTTP/1.1" 200 6239
180.169.147.146 - - [20/May/2021:10:38:03 +0800] "GET /xingrg/check_reg.html?_=1621478284457 HTTP/1.1" 200 22
180.169.147.146 - - [20/May/2021:10:38:03 +0800] "GET /xingrg/all/function/internal_message.html?_=1621478284461&CODE_STATE=getMsg HTTP/1.1" 200 27
180.169.147.146 - - [20/May/2021:10:38:05 +0800] "GET /xingrg/all/function/internal_message.html?_=1621478277723&CODE_STATE=getMsg HTTP/1.1" 200 27
180.161.127.67 - - [20/May/2021:10:38:06 +0800] "POST /xingrg/kc/base/wldb_list_operate.html HTTP/1.1" 200 281
61.165.42.208 - - [20/May/2021:10:38:06 +0800] "GET /xingrg/all/function/internal_message.html?_=1621478266314&CODE_STATE=getMsg HTTP/1.1" 200 27
180.161.127.67 - - [20/May/2021:10:38:10 +0800] "POST /xingrg/kc/base/wldb_list_operate.html HTTP/1.1" 200 6234
116.230.114.112 - - [20/May/2021:10:38:11 +0800] "GET /xingrg/all/function/internal_message.html?_=1621478300613&CODE_STATE=getMsg HTTP/1.1" 302 -
117.185.32.26 - - [20/May/2021:10:38:11 +0800] "GET /xingrg/all/function/internal_message.html?_=1621478809412&CODE_STATE=getMsg HTTP/1.1" 200 27
101.85.52.2 - - [20/May/2021:10:38:12 +0800] "GET /xingrg/kc/buy/cgsh_order_operate.html?command=get_materiel&rest_code=00145&code=00101012064&supplier_code=00100007&order_time=2021-05-18 HTTP/1.1" 200 428
180.161.127.67 - - [20/May/2021:10:38:13 +0800] "POST /xingrg/kc/base/wldb_list_operate.html HTTP/1.1" 200 598
101.85.52.2 - - [20/May/2021:10:38:15 +0800] "POST /xingrg/all/common/load_select.html HTTP/1.1" 200 25
180.161.127.67 - - [20/May/2021:10:38:17 +0800] "GET /xingrg/all/function/internal_message.html?_=1621478253729&CODE_STATE=getMsg HTTP/1.1" 200 27
116.224.253.72 - - [20/May/2021:10:38:17 +0800] "GET /xingrg/check_reg.html?_=1621478275339 HTTP/1.1" 200 22
180.161.127.67 - - [20/May/2021:10:38:18 +0800] "GET /xingrg/kc/base/wldb_order_info.html?code=422021051501661 HTTP/1.1" 200 26020
101.85.52.2 - - [20/May/2021:10:38:18 +0800] "GET /xingrg/kc/buy/cgsh_order_operate.html?command=get_materiel_price&rest_code=00145&code=00101012064&unit_code=00100040&supplier_code=00100007&order_time=2021-05-18 HTTP/1.1" 200 27
180.161.127.67 - - [20/May/2021:10:38:18 +0800] "POST /xingrg/kc/base/wldb_order_operate.html HTTP/1.1" 200 2852
180.161.127.67 - - [20/May/2021:10:38:18 +0800] "GET /xingrg/javascript/easyui/themes/default/validatebox.css HTTP/1.1" 404 1104
101.85.52.2 - - [20/May/2021:10:38:19 +0800] "GET /xingrg/all/function/internal_message.html?_=1621478290971&CODE_STATE=getMsg HTTP/1.1" 200 27
114.88.162.5 - - [20/May/2021:10:38:20 +0800] "GET /xingrg/all/function/internal_message.html?_=1621478293199&CODE_STATE=getMsg HTTP/1.1" 200 27
116.235.222.38 - - [20/May/2021:10:38:22 +0800] "GET /xingrg/all/function/internal_message.html?_=1621478295585&CODE_STATE=getMsg HTTP/1.1" 200 27
180.161.127.67 - - [20/May/2021:10:38:26 +0800] "POST /xingrg/kc/base/wldb_list_operate.html HTTP/1.1" 200 6250
101.85.52.2 - - [20/May/2021:10:38:28 +0800] "GET /xingrg/kc/buy/cgsh_order_operate.html?command=get_materiel&rest_code=00145&code=00101008144&supplier_code=00100007&order_time=2021-05-18 HTTP/1.1" 200 412
180.161.127.67 - - [20/May/2021:10:38:30 +0800] "POST /xingrg/kc/base/wldb_list_operate.html HTTP/1.1" 200 359
117.185.32.26 - - [20/May/2021:10:38:31 +0800] "GET /xingrg/kc/mdqp/qp_main.html HTTP/1.1" 200 10633
117.185.32.26 - - [20/May/2021:10:38:31 +0800] "GET /xingrg/images/yd/bt.gif HTTP/1.1" 404 1040
117.185.32.26 - - [20/May/2021:10:38:32 +0800] "GET /xingrg/kc/mdqp/qqps_order_list.html HTTP/1.1" 200 9222
117.185.32.26 - - [20/May/2021:10:38:32 +0800] "GET /xingrg/dwr/interface/AjaxQqpsService.js HTTP/1.1" 200 16326
117.185.32.26 - - [20/May/2021:10:38:32 +0800] "GET /xingrg/dwr/interface/AjaxReportQueryService.js HTTP/1.1" 200 13203
114.83.217.67 - - [20/May/2021:10:38:32 +0800] "GET /xingrg/all/function/internal_message.html?_=1621478308619&CODE_STATE=getMsg HTTP/1.1" 200 27
117.185.32.26 - - [20/May/2021:10:38:32 +0800] "GET /xingrg/dwr/util.js HTTP/1.1" 304 -
117.185.32.26 - - [20/May/2021:10:38:32 +0800] "GET /xingrg/dwr/engine.js HTTP/1.1" 200 43631
172.20.0.100 - - [20/May/2021:10:38:32 +0800] "GET /xingrg/all/function/internal_message.html?_=1621478309405&CODE_STATE=getMsg HTTP/1.1" 200 27
172.20.0.100 - - [20/May/2021:10:38:32 +0800] "GET /xingrg/check_reg.html?_=1621478309407 HTTP/1.1" 200 22
180.161.127.67 - - [20/May/2021:10:38:32 +0800] "POST /xingrg/kc/base/wldb_list_operate.html HTTP/1.1" 200 6239
180.161.127.67 - - [20/May/2021:10:38:36 +0800] "POST /xingrg/kc/base/wldb_list_operate.html HTTP/1.1" 200 281
117.185.32.26 - - [20/May/2021:10:38:36 +0800] "GET /xingrg/kc/mdqp/qqps_order_add.html HTTP/1.1" 200 28162
117.185.32.26 - - [20/May/2021:10:38:36 +0800] "GET /xingrg/dwr/interface/AjaxQqpsService.js HTTP/1.1" 200 16326
117.185.32.26 - - [20/May/2021:10:38:36 +0800] "GET /xingrg/dwr/interface/AjaxComOrderService.js HTTP/1.1" 200 18264
117.185.32.26 - - [20/May/2021:10:38:36 +0800] "GET /xingrg/dwr/engine.js HTTP/1.1" 200 43631
180.161.127.67 - - [20/May/2021:10:38:39 +0800] "POST /xingrg/kc/base/wldb_list_operate.html HTTP/1.1" 200 6243
116.230.114.112 - - [20/May/2021:10:38:40 +0800] "GET /xingrg/all/function/internal_message.html?_=1621478331861&CODE_STATE=getMsg HTTP/1.1" 200 27
116.224.253.72 - - [20/May/2021:10:38:41 +0800] "GET /xingrg/all/function/internal_message.html?_=1621478299311&CODE_STATE=getMsg HTTP/1.1" 200 27
180.161.127.67 - - [20/May/2021:10:38:42 +0800] "POST /xingrg/kc/base/wldb_list_operate.html HTTP/1.1" 200 517
116.224.253.72 - - [20/May/2021:10:38:43 +0800] "GET /xingrg/all/function/internal_message.html?_=1621478322029&CODE_STATE=getMsg HTTP/1.1" 200 27
180.161.127.67 - - [20/May/2021:10:38:46 +0800] "GET /xingrg/kc/base/wldb_order_info.html?code=422021050901075 HTTP/1.1" 200 26021
58.37.225.51 - - [20/May/2021:10:38:46 +0800] "GET /xingrg/all/function/internal_message.html?_=1621478328239&CODE_STATE=getMsg HTTP/1.1" 200 27
116.233.73.73 - - [20/May/2021:10:38:46 +0800] "GET /xingrg/all/function/internal_message.html?_=1621478328600&CODE_STATE=getMsg HTTP/1.1" 200 27
180.161.127.67 - - [20/May/2021:10:38:47 +0800] "POST /xingrg/kc/base/wldb_order_operate.html HTTP/1.1" 200 2380
180.161.127.67 - - [20/May/2021:10:38:47 +0800] "GET /xingrg/javascript/easyui/themes/default/validatebox.css HTTP/1.1" 404 1104
116.230.114.112 - - [20/May/2021:10:38:47 +0800] "GET /xingrg/check_reg.html?_=1621478339295 HTTP/1.1" 200 22
117.184.7.26 - - [20/May/2021:10:38:48 +0800] "GET /xingrg/all/function/internal_message.html?_=1621478321362&CODE_STATE=getMsg HTTP/1.1" 200 27
180.169.147.146 - - [20/May/2021:10:38:48 +0800] "GET /xingrg/all/function/internal_message.html?_=1621478326804&CODE_STATE=getMsg HTTP/1.1" 200 27
180.169.147.146 - - [20/May/2021:10:38:48 +0800] "GET /xingrg/check_reg.html?_=1621478326808 HTTP/1.1" 200 22
180.169.147.146 - - [20/May/2021:10:38:50 +0800] "GET /xingrg/all/function/internal_message.html?_=1621478328006&CODE_STATE=getMsg HTTP/1.1" 200 27
180.161.127.67 - - [20/May/2021:10:38:52 +0800] "POST /xingrg/kc/base/wldb_list_operate.html HTTP/1.1" 200 6226
120.253.135.82 - - [20/May/2021:10:38:54 +0800] "GET /xingrg/all/function/internal_message.html?_=1621478385195&CODE_STATE=getMsg HTTP/1.1" 200 27
117.185.32.26 - - [20/May/2021:10:38:55 +0800] "GET /xingrg/check_reg.html?_=1621478327253 HTTP/1.1" 200 22
117.185.32.26 - - [20/May/2021:10:38:55 +0800] "GET /xingrg/all/function/internal_message.html?_=1621478327252&CODE_STATE=getMsg HTTP/1.1" 200 27
116.230.110.80 - - [20/May/2021:10:38:56 +0800] "GET /xingrg/all/function/internal_message.html?_=1621478334443&CODE_STATE=getMsg HTTP/1.1" 200 27
180.161.127.67 - - [20/May/2021:10:38:58 +0800] "POST /xingrg/kc/base/wldb_list_operate.html HTTP/1.1" 200 6258
120.253.135.82 - - [20/May/2021:10:39:00 +0800] "GET /xingrg/check_reg.html?_=1621478120770 HTTP/1.1" 200 22
120.253.135.82 - - [20/May/2021:10:39:01 +0800] "GET /xingrg/all/function/internal_message.html?_=1621478121360&CODE_STATE=getMsg HTTP/1.1" 200 27
180.169.147.146 - - [20/May/2021:10:39:03 +0800] "GET /xingrg/all/function/internal_message.html?_=1621478344447&CODE_STATE=getMsg HTTP/1.1" 200 27
101.85.52.2 - - [20/May/2021:10:39:05 +0800] "GET /xingrg/kc/buy/cgsh_order_operate.html?command=get_materiel&rest_code=00145&code=00101008415&supplier_code=00100007&order_time=2021-05-18 HTTP/1.1" 200 398
180.169.147.146 - - [20/May/2021:10:39:05 +0800] "GET /xingrg/all/function/internal_message.html?_=1621478337694&CODE_STATE=getMsg HTTP/1.1" 200 27
61.165.42.208 - - [20/May/2021:10:39:06 +0800] "GET /xingrg/all/function/internal_message.html?_=1621478326324&CODE_STATE=getMsg HTTP/1.1" 200 27
180.161.127.67 - - [20/May/2021:10:39:07 +0800] "POST /xingrg/kc/base/wldb_list_operate.html HTTP/1.1" 200 6271
61.165.42.208 - - [20/May/2021:10:39:08 +0800] "GET /xingrg/check_reg.html?_=1621478328133 HTTP/1.1" 200 22
116.230.114.112 - - [20/May/2021:10:39:11 +0800] "GET /xingrg/all/function/internal_message.html?_=1621478360637&CODE_STATE=getMsg HTTP/1.1" 302 -
117.185.32.26 - - [20/May/2021:10:39:11 +0800] "GET /xingrg/check_reg.html?_=1621478869246 HTTP/1.1" 200 22
117.185.32.26 - - [20/May/2021:10:39:11 +0800] "GET /xingrg/all/function/internal_message.html?_=1621478869389&CODE_STATE=getMsg HTTP/1.1" 200 27
180.161.127.67 - - [20/May/2021:10:39:12 +0800] "POST /xingrg/kc/base/wldb_list_operate.html HTTP/1.1" 200 449
101.85.52.2 - - [20/May/2021:10:39:13 +0800] "GET /xingrg/kc/buy/cgsh_order_operate.html?command=get_materiel&rest_code=00145&code=00101008459&supplier_code=00100007&order_time=2021-05-18 HTTP/1.1" 200 395
180.161.127.67 - - [20/May/2021:10:39:17 +0800] "GET /xingrg/all/function/internal_message.html?_=1621478313743&CODE_STATE=getMsg HTTP/1.1" 200 27
101.85.52.2 - - [20/May/2021:10:39:19 +0800] "GET /xingrg/all/function/internal_message.html?_=1621478350961&CODE_STATE=getMsg HTTP/1.1" 200 27
101.85.52.2 - - [20/May/2021:10:39:20 +0800] "GET /xingrg/kc/buy/cgsh_order_operate.html?command=get_materiel&rest_code=00145&code=00101012029&supplier_code=00100007&order_time=2021-05-18 HTTP/1.1" 200 412
114.88.162.5 - - [20/May/2021:10:39:20 +0800] "GET /xingrg/all/function/internal_message.html?_=1621478353183&CODE_STATE=getMsg HTTP/1.1" 200 27
180.161.127.67 - - [20/May/2021:10:39:21 +0800] "POST /xingrg/kc/base/wldb_list_operate.html HTTP/1.1" 200 6254
114.88.162.5 - - [20/May/2021:10:39:22 +0800] "GET /xingrg/check_reg.html?_=1621478354511 HTTP/1.1" 200 22
116.235.222.38 - - [20/May/2021:10:39:22 +0800] "GET /xingrg/all/function/internal_message.html?_=1621478355577&CODE_STATE=getMsg HTTP/1.1" 200 27
101.85.52.2 - - [20/May/2021:10:39:23 +0800] "POST /xingrg/kc/buy/cgsh_order_operate.html HTTP/1.1" 200 2065
180.161.127.67 - - [20/May/2021:10:39:23 +0800] "POST /xingrg/kc/base/wldb_list_operate.html HTTP/1.1" 200 515
180.161.127.67 - - [20/May/2021:10:39:26 +0800] "GET /xingrg/kc/base/wldb_order_info.html?code=422021050500555 HTTP/1.1" 200 26021
180.161.127.67 - - [20/May/2021:10:39:27 +0800] "POST /xingrg/kc/base/wldb_order_operate.html HTTP/1.1" 200 2380
180.161.127.67 - - [20/May/2021:10:39:27 +0800] "GET /xingrg/javascript/easyui/themes/default/validatebox.css HTTP/1.1" 404 1104
101.85.52.2 - - [20/May/2021:10:39:27 +0800] "GET /xingrg/kc/buy/cgsh_order_operate.html?command=get_materiel&rest_code=00145&code=00101012070&supplier_code=00100007&order_time=2021-05-18 HTTP/1.1" 200 398
180.161.127.67 - - [20/May/2021:10:39:31 +0800] "POST /xingrg/kc/base/wldb_list_operate.html HTTP/1.1" 200 6234
114.83.217.67 - - [20/May/2021:10:39:32 +0800] "GET /xingrg/all/function/internal_message.html?_=1621478368604&CODE_STATE=getMsg HTTP/1.1" 200 27
172.20.0.100 - - [20/May/2021:10:39:32 +0800] "GET /xingrg/all/function/internal_message.html?_=1621478369408&CODE_STATE=getMsg HTTP/1.1" 200 27
180.161.127.67 - - [20/May/2021:10:39:35 +0800] "POST /xingrg/kc/base/wldb_list_operate.html HTTP/1.1" 200 368
101.85.52.2 - - [20/May/2021:10:39:35 +0800] "GET /xingrg/kc/buy/cgsh_order_operate.html?command=get_materiel&rest_code=00145&code=00101008125&supplier_code=00100007&order_time=2021-05-18 HTTP/1.1" 200 413
180.161.127.67 - - [20/May/2021:10:39:39 +0800] "POST /xingrg/kc/base/wldb_list_operate.html HTTP/1.1" 200 6275
116.230.114.112 - - [20/May/2021:10:39:40 +0800] "GET /xingrg/all/function/internal_message.html?_=1621478391875&CODE_STATE=getMsg HTTP/1.1" 200 27
116.224.253.72 - - [20/May/2021:10:39:41 +0800] "GET /xingrg/all/function/internal_message.html?_=1621478359324&CODE_STATE=getMsg HTTP/1.1" 200 27
180.161.127.67 - - [20/May/2021:10:39:42 +0800] "POST /xingrg/kc/base/wldb_list_operate.html HTTP/1.1" 200 451
116.224.253.72 - - [20/May/2021:10:39:43 +0800] "GET /xingrg/all/function/internal_message.html?_=1621478382015&CODE_STATE=getMsg HTTP/1.1" 200 27
101.85.52.2 - - [20/May/2021:10:39:46 +0800] "GET /xingrg/kc/buy/cgsh_order_operate.html?command=get_materiel&rest_code=00145&code=00101008163&supplier_code=00100007&order_time=2021-05-18 HTTP/1.1" 200 408
58.37.225.51 - - [20/May/2021:10:39:46 +0800] "GET /xingrg/all/function/internal_message.html?_=1621478388239&CODE_STATE=getMsg HTTP/1.1" 200 27
116.233.73.73 - - [20/May/2021:10:39:46 +0800] "GET /xingrg/all/function/internal_message.html?_=1621478388599&CODE_STATE=getMsg HTTP/1.1" 200 27
117.184.7.26 - - [20/May/2021:10:39:48 +0800] "GET /xingrg/all/function/internal_message.html?_=1621478381343&CODE_STATE=getMsg HTTP/1.1" 200 27
180.169.147.146 - - [20/May/2021:10:39:48 +0800] "GET /xingrg/all/function/internal_message.html?_=1621478386808&CODE_STATE=getMsg HTTP/1.1" 200 27
58.37.225.51 - - [20/May/2021:10:39:49 +0800] "GET /xingrg/check_reg.html?_=1621478341323 HTTP/1.1" 302 -
180.169.147.146 - - [20/May/2021:10:39:50 +0800] "GET /xingrg/all/function/internal_message.html?_=1621478387999&CODE_STATE=getMsg HTTP/1.1" 200 27
180.161.127.67 - - [20/May/2021:10:39:50 +0800] "POST /xingrg/kc/base/wldb_list_operate.html HTTP/1.1" 200 6281
61.165.42.208 - - [20/May/2021:10:39:53 +0800] "GET /xingrg/kc/buy/cgsh_order_operate.html?command=get_materiel&rest_code=00105&code=00101009016&supplier_code=00100024&order_time=2021-05-20 HTTP/1.1" 200 412
180.161.127.67 - - [20/May/2021:10:39:54 +0800] "POST /xingrg/kc/base/wldb_list_operate.html HTTP/1.1" 200 447
120.253.135.82 - - [20/May/2021:10:39:54 +0800] "GET /xingrg/all/function/internal_message.html?_=1621478445269&CODE_STATE=getMsg HTTP/1.1" 200 27
117.185.32.26 - - [20/May/2021:10:39:55 +0800] "GET /xingrg/all/function/internal_message.html?_=1621478387271&CODE_STATE=getMsg HTTP/1.1" 200 27
101.85.52.2 - - [20/May/2021:10:39:56 +0800] "GET /xingrg/kc/buy/cgsh_order_operate.html?command=get_materiel&rest_code=00145&code=00101006106&supplier_code=00100007&order_time=2021-05-18 HTTP/1.1" 200 421
116.230.110.80 - - [20/May/2021:10:39:56 +0800] "GET /xingrg/all/function/internal_message.html?_=1621478394447&CODE_STATE=getMsg HTTP/1.1" 200 27
180.161.127.67 - - [20/May/2021:10:39:58 +0800] "POST /xingrg/kc/base/wldb_list_operate.html HTTP/1.1" 200 6260
120.253.135.82 - - [20/May/2021:10:40:01 +0800] "GET /xingrg/all/function/internal_message.html?_=1621478181374&CODE_STATE=getMsg HTTP/1.1" 200 27
180.161.127.67 - - [20/May/2021:10:40:01 +0800] "POST /xingrg/kc/base/wldb_list_operate.html HTTP/1.1" 200 524
120.253.135.82 - - [20/May/2021:10:40:02 +0800] "GET /xingrg/check_reg.html?_=1621478453384 HTTP/1.1" 200 22
180.161.127.67 - - [20/May/2021:10:40:03 +0800] "GET /xingrg/kc/base/wldb_order_info.html?code=422021043003376 HTTP/1.1" 200 26020
180.169.147.146 - - [20/May/2021:10:40:03 +0800] "GET /xingrg/all/function/internal_message.html?_=1621478404449&CODE_STATE=getMsg HTTP/1.1" 200 27
180.161.127.67 - - [20/May/2021:10:40:04 +0800] "POST /xingrg/kc/base/wldb_order_operate.html HTTP/1.1" 200 2381
180.161.127.67 - - [20/May/2021:10:40:04 +0800] "GET /xingrg/javascript/easyui/themes/default/validatebox.css HTTP/1.1" 404 1104
101.85.52.2 - - [20/May/2021:10:40:04 +0800] "POST /xingrg/kc/buy/cgsh_order_operate.html HTTP/1.1" 200 37
180.169.147.146 - - [20/May/2021:10:40:05 +0800] "GET /xingrg/all/function/internal_message.html?_=1621478397667&CODE_STATE=getMsg HTTP/1.1" 200 27
101.85.52.2 - - [20/May/2021:10:40:06 +0800] "POST /xingrg/kc/buy/cgsh_order_operate.html HTTP/1.1" 200 15653
61.165.42.208 - - [20/May/2021:10:40:06 +0800] "GET /xingrg/all/function/internal_message.html?_=1621478386305&CODE_STATE=getMsg HTTP/1.1" 200 27
180.161.127.67 - - [20/May/2021:10:40:09 +0800] "POST /xingrg/kc/base/wldb_list_operate.html HTTP/1.1" 200 6250
101.85.52.2 - - [20/May/2021:10:40:09 +0800] "GET /xingrg/kc/print/load_data.html?order_code=212021052008843&kc_code=cgsh&condition= HTTP/1.1" 200 5630
116.230.114.112 - - [20/May/2021:10:40:11 +0800] "GET /xingrg/all/function/internal_message.html?_=1621478420641&CODE_STATE=getMsg HTTP/1.1" 302 -
116.230.114.112 - - [20/May/2021:10:40:11 +0800] "GET /xingrg/kc/buy/cgsh_order_operate.html?command=get_materiel&rest_code=00146&code=00101007077&supplier_code=00100002&order_time=2021-05-20 HTTP/1.1" 200 415
117.185.32.26 - - [20/May/2021:10:40:11 +0800] "GET /xingrg/all/function/internal_message.html?_=1621478929391&CODE_STATE=getMsg HTTP/1.1" 200 27
180.161.127.67 - - [20/May/2021:10:40:15 +0800] "POST /xingrg/kc/base/wldb_list_operate.html HTTP/1.1" 200 6260
180.161.127.67 - - [20/May/2021:10:40:17 +0800] "GET /xingrg/check_reg.html?_=1621478373712 HTTP/1.1" 200 22
180.161.127.67 - - [20/May/2021:10:40:17 +0800] "GET /xingrg/all/function/internal_message.html?_=1621478373757&CODE_STATE=getMsg HTTP/1.1" 200 27
116.235.222.38 - - [20/May/2021:10:40:18 +0800] "GET /xingrg/check_reg.html?_=1621478411505 HTTP/1.1" 200 22
61.165.42.208 - - [20/May/2021:10:40:18 +0800] "GET /xingrg/kc/buy/cgsh_order_operate.html?command=get_materiel&rest_code=00105&code=00101009007&supplier_code=00100024&order_time=2021-05-20 HTTP/1.1" 200 408
180.161.127.67 - - [20/May/2021:10:40:18 +0800] "POST /xingrg/kc/base/wldb_list_operate.html HTTP/1.1" 200 516
101.85.52.2 - - [20/May/2021:10:40:19 +0800] "GET /xingrg/all/function/internal_message.html?_=1621478410925&CODE_STATE=getMsg HTTP/1.1" 200 27
101.85.52.2 - - [20/May/2021:10:40:19 +0800] "GET /xingrg/check_reg.html?_=1621478411173 HTTP/1.1" 200 22
114.88.162.5 - - [20/May/2021:10:40:20 +0800] "GET /xingrg/all/function/internal_message.html?_=1621478413154&CODE_STATE=getMsg HTTP/1.1" 200 27
116.235.222.38 - - [20/May/2021:10:40:22 +0800] "GET /xingrg/all/function/internal_message.html?_=1621478415856&CODE_STATE=getMsg HTTP/1.1" 200 27
180.161.127.67 - - [20/May/2021:10:40:23 +0800] "POST /xingrg/kc/base/wldb_list_operate.html HTTP/1.1" 200 6247
180.161.127.67 - - [20/May/2021:10:40:28 +0800] "POST /xingrg/kc/base/wldb_list_operate.html HTTP/1.1" 200 6228
116.230.114.112 - - [20/May/2021:10:40:29 +0800] "POST /xingrg/kc/buy/cgsh_order_operate.html HTTP/1.1" 200 37
116.230.114.112 - - [20/May/2021:10:40:31 +0800] "POST /xingrg/kc/buy/cgsh_order_operate.html HTTP/1.1" 200 3844
114.83.217.67 - - [20/May/2021:10:40:32 +0800] "GET /xingrg/all/function/internal_message.html?_=1621478428575&CODE_STATE=getMsg HTTP/1.1" 200 27
172.20.0.100 - - [20/May/2021:10:40:32 +0800] "GET /xingrg/all/function/internal_message.html?_=1621478429395&CODE_STATE=getMsg HTTP/1.1" 200 27
114.83.217.67 - - [20/May/2021:10:40:32 +0800] "GET /xingrg/check_reg.html?_=1621478429197 HTTP/1.1" 200 22
116.230.114.112 - - [20/May/2021:10:40:33 +0800] "GET /xingrg/kc/print/load_data.html?order_code=212021052008844&kc_code=cgsh&condition= HTTP/1.1" 200 1206
180.161.127.67 - - [20/May/2021:10:40:37 +0800] "POST /xingrg/kc/base/wldb_list_operate.html HTTP/1.1" 200 6230
116.235.222.38 - - [20/May/2021:10:40:37 +0800] "GET /xingrg/kc/buy/cgsh_order_add.html HTTP/1.1" 200 62079
116.235.222.38 - - [20/May/2021:10:40:39 +0800] "POST /xingrg/kc/buy/cgsh_order_operate.html HTTP/1.1" 200 8245
116.235.222.38 - - [20/May/2021:10:40:39 +0800] "GET /xingrg/javascript/easyui/themes/default/validatebox.css HTTP/1.1" 404 1104
180.161.127.67 - - [20/May/2021:10:40:40 +0800] "POST /xingrg/kc/base/wldb_list_operate.html HTTP/1.1" 200 281
116.230.114.112 - - [20/May/2021:10:40:40 +0800] "GET /xingrg/all/function/internal_message.html?_=1621478451889&CODE_STATE=getMsg HTTP/1.1" 200 27
116.224.253.72 - - [20/May/2021:10:40:41 +0800] "GET /xingrg/all/function/internal_message.html?_=1621478419385&CODE_STATE=getMsg HTTP/1.1" 200 27
116.224.253.72 - - [20/May/2021:10:40:43 +0800] "GET /xingrg/all/function/internal_message.html?_=1621478442014&CODE_STATE=getMsg HTTP/1.1" 200 27
58.37.225.51 - - [20/May/2021:10:40:46 +0800] "GET /xingrg/all/function/internal_message.html?_=1621478448238&CODE_STATE=getMsg HTTP/1.1" 200 27
116.233.73.73 - - [20/May/2021:10:40:46 +0800] "GET /xingrg/all/function/internal_message.html?_=1621478448601&CODE_STATE=getMsg HTTP/1.1" 200 27
116.233.73.73 - - [20/May/2021:10:40:46 +0800] "GET /xingrg/check_reg.html?_=1621478448606 HTTP/1.1" 200 22
180.161.127.67 - - [20/May/2021:10:40:47 +0800] "POST /xingrg/kc/base/wldb_list_operate.html HTTP/1.1" 200 6224
117.184.7.26 - - [20/May/2021:10:40:48 +0800] "GET /xingrg/all/function/internal_message.html?_=1621478441327&CODE_STATE=getMsg HTTP/1.1" 200 27
180.169.147.146 - - [20/May/2021:10:40:48 +0800] "GET /xingrg/all/function/internal_message.html?_=1621478446835&CODE_STATE=getMsg HTTP/1.1" 200 27
180.169.147.146 - - [20/May/2021:10:40:50 +0800] "GET /xingrg/all/function/internal_message.html?_=1621478448000&CODE_STATE=getMsg HTTP/1.1" 200 27
180.169.147.146 - - [20/May/2021:10:40:50 +0800] "GET /xingrg/check_reg.html?_=1621478448002 HTTP/1.1" 200 22
61.165.42.208 - - [20/May/2021:10:40:50 +0800] "POST /xingrg/kc/buy/cgsh_order_operate.html HTTP/1.1" 200 37
180.161.127.67 - - [20/May/2021:10:40:51 +0800] "POST /xingrg/kc/base/wldb_list_operate.html HTTP/1.1" 200 367
61.165.42.208 - - [20/May/2021:10:40:51 +0800] "POST /xingrg/kc/buy/cgsh_order_operate.html HTTP/1.1" 200 7990
61.165.42.208 - - [20/May/2021:10:40:53 +0800] "GET /xingrg/kc/print/load_data.html?order_code=212021052008845&kc_code=cgsh&condition= HTTP/1.1" 200 2716
120.253.135.82 - - [20/May/2021:10:40:54 +0800] "GET /xingrg/all/function/internal_message.html?_=1621478505285&CODE_STATE=getMsg HTTP/1.1" 200 27
117.185.32.26 - - [20/May/2021:10:40:55 +0800] "GET /xingrg/all/function/internal_message.html?_=1621478447255&CODE_STATE=getMsg HTTP/1.1" 200 27
180.161.127.67 - - [20/May/2021:10:40:56 +0800] "POST /xingrg/kc/base/wldb_list_operate.html HTTP/1.1" 200 6228
116.230.110.80 - - [20/May/2021:10:40:56 +0800] "GET /xingrg/all/function/internal_message.html?_=1621478454450&CODE_STATE=getMsg HTTP/1.1" 200 27
180.161.127.67 - - [20/May/2021:10:41:00 +0800] "POST /xingrg/kc/base/wldb_list_operate.html HTTP/1.1" 200 206
172.20.0.100 - - [20/May/2021:10:41:00 +0800] "POST /xingrg/load_menu.html HTTP/1.1" 200 10512
120.253.135.82 - - [20/May/2021:10:41:01 +0800] "GET /xingrg/all/function/internal_message.html?_=1621478241388&CODE_STATE=getMsg HTTP/1.1" 200 27
172.20.0.100 - - [20/May/2021:10:41:03 +0800] "GET /xingrg/all/report/report_query.html?fileName=dma/new_5.0/menu/menu_category_hz.xml HTTP/1.1" 200 52989
180.169.147.146 - - [20/May/2021:10:41:03 +0800] "GET /xingrg/all/function/internal_message.html?_=1621478464451&CODE_STATE=getMsg HTTP/1.1" 200 27
172.20.0.100 - - [20/May/2021:10:41:04 +0800] "GET /xingrg/dwr/interface/AjaxReportQueryService.js HTTP/1.1" 200 13203
172.20.0.100 - - [20/May/2021:10:41:04 +0800] "GET /xingrg/dwr/engine.js HTTP/1.1" 200 43631
172.20.0.100 - - [20/May/2021:10:41:04 +0800] "POST /xingrg/dwr/call/plaincall/AjaxReportQueryService.getFixDate.dwr HTTP/1.1" 200 111
172.20.0.100 - - [20/May/2021:10:41:04 +0800] "POST /xingrg/all/common/load_tree.html?tree=area_station_tree_json&manage=1 HTTP/1.1" 200 3240
172.20.0.100 - - [20/May/2021:10:41:04 +0800] "GET /xingrg/javascript/multi_select/dropdown.gif HTTP/1.1" 200 61
180.161.127.67 - - [20/May/2021:10:41:04 +0800] "POST /xingrg/kc/base/wldb_list_operate.html HTTP/1.1" 200 6222
180.169.147.146 - - [20/May/2021:10:41:05 +0800] "GET /xingrg/all/function/internal_message.html?_=1621478457647&CODE_STATE=getMsg HTTP/1.1" 200 27
172.20.0.100 - - [20/May/2021:10:41:05 +0800] "GET /xingrg/javascript/multi_select/dropdown_hover.gif HTTP/1.1" 200 61
61.165.42.208 - - [20/May/2021:10:41:06 +0800] "GET /xingrg/all/function/internal_message.html?_=1621478446302&CODE_STATE=getMsg HTTP/1.1" 200 27
172.20.0.100 - - [20/May/2021:10:41:07 +0800] "GET /xingrg/all/report/report_query.html?fileName=dma/new_5.0/menu/menu_hz.xml HTTP/1.1" 200 53622
172.20.0.100 - - [20/May/2021:10:41:07 +0800] "GET /xingrg/dwr/interface/AjaxReportQueryService.js HTTP/1.1" 200 13203
172.20.0.100 - - [20/May/2021:10:41:07 +0800] "GET /xingrg/dwr/engine.js HTTP/1.1" 200 43631
172.20.0.100 - - [20/May/2021:10:41:07 +0800] "POST /xingrg/dwr/call/plaincall/AjaxReportQueryService.getFixDate.dwr HTTP/1.1" 200 111
172.20.0.100 - - [20/May/2021:10:41:08 +0800] "POST /xingrg/all/common/load_tree.html?tree=area_station_tree_json&manage=1 HTTP/1.1" 200 3240
180.161.127.67 - - [20/May/2021:10:41:09 +0800] "POST /xingrg/kc/base/wldb_list_operate.html HTTP/1.1" 200 518
116.230.114.112 - - [20/May/2021:10:41:11 +0800] "GET /xingrg/all/function/internal_message.html?_=1621478480665&CODE_STATE=getMsg HTTP/1.1" 302 -
117.185.32.26 - - [20/May/2021:10:41:11 +0800] "GET /xingrg/all/function/internal_message.html?_=1621478989366&CODE_STATE=getMsg HTTP/1.1" 200 27
180.161.127.67 - - [20/May/2021:10:41:12 +0800] "GET /xingrg/kc/base/wldb_order_info.html?code=422021042102143 HTTP/1.1" 200 26014
172.20.0.100 - - [20/May/2021:10:41:13 +0800] "POST /xingrg/dwr/call/plaincall/AjaxReportQueryService.refreshCache.dwr HTTP/1.1" 200 78
180.161.127.67 - - [20/May/2021:10:41:13 +0800] "POST /xingrg/kc/base/wldb_order_operate.html HTTP/1.1" 200 2361
180.161.127.67 - - [20/May/2021:10:41:13 +0800] "GET /xingrg/javascript/easyui/themes/default/validatebox.css HTTP/1.1" 404 1104
58.221.95.50 - - [20/May/2021:10:41:14 +0800] "GET /xingrg/check_reg.html?_=1621478474481 HTTP/1.1" 302 -
172.20.0.100 - - [20/May/2021:10:41:14 +0800] "POST /xingrg/all/report/load_report_page.html HTTP/1.1" 200 17533
172.20.0.100 - - [20/May/2021:10:41:14 +0800] "GET /xingrg/servlets/image?cache=0.2655550145436196&image=px HTTP/1.1" 200 807
180.161.127.67 - - [20/May/2021:10:41:17 +0800] "GET /xingrg/all/function/internal_message.html?_=1621478433770&CODE_STATE=getMsg HTTP/1.1" 200 27
101.85.52.2 - - [20/May/2021:10:41:19 +0800] "GET /xingrg/all/function/internal_message.html?_=1621478470924&CODE_STATE=getMsg HTTP/1.1" 200 27
180.161.127.67 - - [20/May/2021:10:41:19 +0800] "POST /xingrg/kc/base/wldb_list_operate.html HTTP/1.1" 200 6230
172.20.0.100 - - [20/May/2021:10:41:20 +0800] "POST /xingrg/dwr/call/plaincall/AjaxReportQueryService.refreshCache.dwr HTTP/1.1" 200 78
114.88.162.5 - - [20/May/2021:10:41:20 +0800] "GET /xingrg/all/function/internal_message.html?_=1621478473138&CODE_STATE=getMsg HTTP/1.1" 200 27
172.20.0.100 - - [20/May/2021:10:41:20 +0800] "POST /xingrg/all/report/load_report_page.html HTTP/1.1" 200 17537
172.20.0.100 - - [20/May/2021:10:41:21 +0800] "GET /xingrg/servlets/image?cache=0.5353312519387026&image=px HTTP/1.1" 200 807
116.235.222.38 - - [20/May/2021:10:41:22 +0800] "GET /xingrg/all/function/internal_message.html?_=1621478475839&CODE_STATE=getMsg HTTP/1.1" 200 27
180.161.127.67 - - [20/May/2021:10:41:24 +0800] "POST /xingrg/kc/base/wldb_list_operate.html HTTP/1.1" 200 355
116.230.114.112 - - [20/May/2021:10:41:25 +0800] "GET /xingrg/kc/buy/cgsh_order_add.html HTTP/1.1" 200 61997
172.20.0.100 - - [20/May/2021:10:41:25 +0800] "POST /xingrg/dwr/call/plaincall/AjaxReportQueryService.refreshCache.dwr HTTP/1.1" 200 78
172.20.0.100 - - [20/May/2021:10:41:25 +0800] "POST /xingrg/all/report/load_report_page.html HTTP/1.1" 200 17552
172.20.0.100 - - [20/May/2021:10:41:25 +0800] "GET /xingrg/servlets/image?cache=0.12091468415099949&image=px HTTP/1.1" 200 807
116.230.114.112 - - [20/May/2021:10:41:26 +0800] "POST /xingrg/kc/buy/cgsh_order_operate.html HTTP/1.1" 200 8245
116.230.114.112 - - [20/May/2021:10:41:26 +0800] "GET /xingrg/javascript/easyui/themes/default/validatebox.css HTTP/1.1" 404 1104
172.20.0.100 - - [20/May/2021:10:41:27 +0800] "GET /xingrg/all/report/report_query.html?isQuery=1&fileName=dma/new_5.0/menu/menu_mx.xml&queryString=(a.sale_day%2520between%252020210501%2520and%252020210531)%2520and%2520((1%253D1))%2520and%2520(a.menu_id%2520%253D%25203142)%2520and%2520(a.menu_name%253D'%25E9%2587%2591%25E6%25B1%2581%25E6%25B5%2581%25E6%25B2%2599%25E5%258C%2585C'%2520and%2520a.menu_unit%253D'%25E4%25BB%25BD')&queryText=%25E3%2580%2590%25E8%2590%25A5%25E4%25B8%259A%25E6%2597%25A5%25E6%259C%259F%253A2021-05-01%2520%25E8%2587%25B3%25202021-05-31%25E3%2580%2591%2520%25E5%25B9%25B6%25E4%25B8%2594%2520%2520%25E3%2580%2590%25E7%25B1%25BB%25E5%259E%258B%25E8%25BF%2587%25E6%25BB%25A4%2520%253D%2520%25E5%258D%2595%25E5%2593%2581%252C%25E5%25A5%2597%25E9%25A4%2590%25E5%2592%258C%25E7%25BB%2584%25E4%25BB%25BD%25E3%2580%2591%2520%25E5%25B9%25B6%25E4%25B8%2594%2520%2520%25E3%2580%2590%25E8%258F%259C%25E5%2593%2581%25E7%25BC%2596%25E5%258F%25B7%2520%253D%25203142%25E3%2580%2591%2520%25E5%25B9%25B6%25E4%25B8%2594%2520%25E3%2580%2590%25E8%258F%259C%25E5%2593%2581%25E5%2590%258D%25E7%25A7%25B0%2520%253D%2520%25E9%2587%2591%25E6%25B1%2581%25E6%25B5%2581%25E6%25B2%2599%25E5%258C%2585C%25E3%2580%2591%2520%25E3%2580%2590%25E5%258D%2595%25E4%25BD%258D%2520%253D%2520%25E4%25BB%25BD%25E3%2580%2591 HTTP/1.1" 200 51746
172.20.0.100 - - [20/May/2021:10:41:27 +0800] "GET /xingrg/dwr/engine.js HTTP/1.1" 200 43631
172.20.0.100 - - [20/May/2021:10:41:28 +0800] "GET /favicon.ico HTTP/1.1" 404 -
180.161.127.67 - - [20/May/2021:10:41:28 +0800] "POST /xingrg/kc/base/wldb_list_operate.html HTTP/1.1" 200 6228
172.20.0.100 - - [20/May/2021:10:41:28 +0800] "POST /xingrg/all/report/load_report_page.html HTTP/1.1" 200 70597
172.20.0.100 - - [20/May/2021:10:41:28 +0800] "GET /xingrg/servlets/image?cache=0.40118004934818374&image=px HTTP/1.1" 200 807
180.161.127.67 - - [20/May/2021:10:41:31 +0800] "POST /xingrg/kc/base/wldb_list_operate.html HTTP/1.1" 200 289
114.83.217.67 - - [20/May/2021:10:41:32 +0800] "GET /xingrg/all/function/internal_message.html?_=1621478488558&CODE_STATE=getMsg HTTP/1.1" 200 27
172.20.0.100 - - [20/May/2021:10:41:32 +0800] "GET /xingrg/all/function/internal_message.html?_=1621478489400&CODE_STATE=getMsg HTTP/1.1" 200 27
61.165.42.208 - - [20/May/2021:10:41:33 +0800] "GET /xingrg/kc/buy/buy_main.html HTTP/1.1" 200 12412
61.165.42.208 - - [20/May/2021:10:41:33 +0800] "GET /xingrg/css/new_ie.css HTTP/1.1" 404 1036
180.161.127.67 - - [20/May/2021:10:41:34 +0800] "POST /xingrg/kc/base/wldb_list_operate.html HTTP/1.1" 200 6229
61.165.42.208 - - [20/May/2021:10:41:34 +0800] "GET /xingrg/images/yd/bt.gif HTTP/1.1" 404 1040
61.165.42.208 - - [20/May/2021:10:41:35 +0800] "GET /xingrg/kc/buy/cgsh_order_list.html HTTP/1.1" 200 46253
180.161.127.67 - - [20/May/2021:10:41:38 +0800] "POST /xingrg/kc/base/wldb_list_operate.html HTTP/1.1" 200 367
172.20.0.100 - - [20/May/2021:10:41:39 +0800] "POST /xingrg/dwr/call/plaincall/AjaxReportQueryService.refreshCache.dwr HTTP/1.1" 200 78
117.185.32.26 - - [20/May/2021:10:41:39 +0800] "POST /xingrg/dwr/call/plaincall/AjaxQqpsService.saveOrder.dwr HTTP/1.1" 200 78
172.20.0.100 - - [20/May/2021:10:41:39 +0800] "POST /xingrg/all/report/load_report_page.html HTTP/1.1" 200 17537
172.20.0.100 - - [20/May/2021:10:41:39 +0800] "GET /xingrg/servlets/image?cache=0.8600734702971383&image=px HTTP/1.1" 200 807
116.230.114.112 - - [20/May/2021:10:41:40 +0800] "GET /xingrg/all/function/internal_message.html?_=1621478511902&CODE_STATE=getMsg HTTP/1.1" 200 27
61.165.42.208 - - [20/May/2021:10:41:41 +0800] "POST /xingrg/kc/buy/cgsh_list_operate.html HTTP/1.1" 200 3491
172.20.0.100 - - [20/May/2021:10:41:41 +0800] "GET /xingrg/all/report/report_query.html?isQuery=1&fileName=dma/new_5.0/menu/menu_mx.xml&queryString=(a.sale_day%2520between%252020210501%2520and%252020210531)%2520and%2520((1%253D1))%2520and%2520(a.menu_id%2520%253D%25203113)%2520and%2520(a.menu_name%253D'%25E7%2594%2598%25E6%25B1%2581%25E6%25B5%2581%25E6%25B2%2599%25E5%258C%2585C'%2520and%2520a.menu_unit%253D'%25E4%25BB%25BD')&queryText=%25E3%2580%2590%25E8%2590%25A5%25E4%25B8%259A%25E6%2597%25A5%25E6%259C%259F%253A2021-05-01%2520%25E8%2587%25B3%25202021-05-31%25E3%2580%2591%2520%25E5%25B9%25B6%25E4%25B8%2594%2520%2520%25E3%2580%2590%25E7%25B1%25BB%25E5%259E%258B%25E8%25BF%2587%25E6%25BB%25A4%2520%253D%2520%25E5%258D%2595%25E5%2593%2581%252C%25E5%25A5%2597%25E9%25A4%2590%25E5%2592%258C%25E7%25BB%2584%25E4%25BB%25BD%25E3%2580%2591%2520%25E5%25B9%25B6%25E4%25B8%2594%2520%2520%25E3%2580%2590%25E8%258F%259C%25E5%2593%2581%25E7%25BC%2596%25E5%258F%25B7%2520%253D%25203113%25E3%2580%2591%2520%25E5%25B9%25B6%25E4%25B8%2594%2520%25E3%2580%2590%25E8%258F%259C%25E5%2593%2581%25E5%2590%258D%25E7%25A7%25B0%2520%253D%2520%25E7%2594%2598%25E6%25B1%2581%25E6%25B5%2581%25E6%25B2%2599%25E5%258C%2585C%25E3%2580%2591%2520%25E3%2580%2590%25E5%258D%2595%25E4%25BD%258D%2520%253D%2520%25E4%25BB%25BD%25E3%2580%2591 HTTP/1.1" 200 51746
116.224.253.72 - - [20/May/2021:10:41:41 +0800] "GET /xingrg/all/function/internal_message.html?_=1621478479399&CODE_STATE=getMsg HTTP/1.1" 200 27
172.20.0.100 - - [20/May/2021:10:41:41 +0800] "GET /xingrg/dwr/engine.js HTTP/1.1" 200 43631
172.20.0.100 - - [20/May/2021:10:41:41 +0800] "GET /favicon.ico HTTP/1.1" 404 -
172.20.0.100 - - [20/May/2021:10:41:42 +0800] "POST /xingrg/all/report/load_report_page.html HTTP/1.1" 200 141575
172.20.0.100 - - [20/May/2021:10:41:42 +0800] "GET /xingrg/images/blue/button/back2.gif HTTP/1.1" 200 1339
172.20.0.100 - - [20/May/2021:10:41:42 +0800] "GET /xingrg/images/blue/button/back.gif HTTP/1.1" 200 1352
172.20.0.100 - - [20/May/2021:10:41:42 +0800] "GET /xingrg/servlets/image?cache=0.18433689993253388&image=px HTTP/1.1" 200 807
116.224.253.72 - - [20/May/2021:10:41:43 +0800] "GET /xingrg/all/function/internal_message.html?_=1621478502052&CODE_STATE=getMsg HTTP/1.1" 200 27
116.224.253.72 - - [20/May/2021:10:41:43 +0800] "GET /xingrg/check_reg.html?_=1621478502054 HTTP/1.1" 200 22
117.185.32.26 - - [20/May/2021:10:41:46 +0800] "POST /xingrg/dwr/call/plaincall/AjaxQqpsService.getMaterielByCode.dwr HTTP/1.1" 200 2627
58.37.225.51 - - [20/May/2021:10:41:46 +0800] "GET /xingrg/all/function/internal_message.html?_=1621478508241&CODE_STATE=getMsg HTTP/1.1" 200 27
58.37.225.51 - - [20/May/2021:10:41:46 +0800] "GET /xingrg/check_reg.html?_=1621478508242 HTTP/1.1" 200 22
116.233.73.73 - - [20/May/2021:10:41:46 +0800] "GET /xingrg/all/function/internal_message.html?_=1621478508604&CODE_STATE=getMsg HTTP/1.1" 200 27
117.184.7.26 - - [20/May/2021:10:41:48 +0800] "GET /xingrg/check_reg.html?_=1621478500750 HTTP/1.1" 200 22
117.184.7.26 - - [20/May/2021:10:41:48 +0800] "GET /xingrg/all/function/internal_message.html?_=1621478501299&CODE_STATE=getMsg HTTP/1.1" 200 27
180.169.147.146 - - [20/May/2021:10:41:48 +0800] "GET /xingrg/all/function/internal_message.html?_=1621478506823&CODE_STATE=getMsg HTTP/1.1" 200 27
117.185.32.26 - - [20/May/2021:10:41:49 +0800] "POST /xingrg/dwr/call/plaincall/AjaxQqpsService.saveMaterielItem.dwr HTTP/1.1" 200 78
180.169.147.146 - - [20/May/2021:10:41:50 +0800] "GET /xingrg/all/function/internal_message.html?_=1621478508021&CODE_STATE=getMsg HTTP/1.1" 200 27
116.230.114.112 - - [20/May/2021:10:41:51 +0800] "GET /xingrg/kc/buy/cgsh_order_operate.html?command=get_materiel&rest_code=00146&code=00102013013&supplier_code=00100073&order_time=2021-05-20 HTTP/1.1" 200 409
117.185.32.26 - - [20/May/2021:10:41:54 +0800] "POST /xingrg/dwr/call/plaincall/AjaxQqpsService.removeMaterielItem.dwr HTTP/1.1" 200 78
120.253.135.82 - - [20/May/2021:10:41:54 +0800] "GET /xingrg/all/function/internal_message.html?_=1621478565299&CODE_STATE=getMsg HTTP/1.1" 200 27
117.185.32.26 - - [20/May/2021:10:41:55 +0800] "GET /xingrg/all/function/internal_message.html?_=1621478507249&CODE_STATE=getMsg HTTP/1.1" 200 27
116.230.110.80 - - [20/May/2021:10:41:56 +0800] "GET /xingrg/all/function/internal_message.html?_=1621478514455&CODE_STATE=getMsg HTTP/1.1" 200 27
116.230.110.80 - - [20/May/2021:10:41:56 +0800] "GET /xingrg/check_reg.html?_=1621478514457 HTTP/1.1" 200 22
116.230.114.112 - - [20/May/2021:10:41:58 +0800] "GET /xingrg/check_reg.html?_=1621478527526 HTTP/1.1" 302 -
117.185.32.26 - - [20/May/2021:10:41:58 +0800] "POST /xingrg/dwr/call/plaincall/AjaxQqpsService.removeMaterielItem.dwr HTTP/1.1" 200 78
120.253.135.82 - - [20/May/2021:10:42:01 +0800] "GET /xingrg/all/function/internal_message.html?_=1621478301468&CODE_STATE=getMsg HTTP/1.1" 200 27
117.185.32.26 - - [20/May/2021:10:42:02 +0800] "POST /xingrg/dwr/call/plaincall/AjaxQqpsService.removeMaterielItem.dwr HTTP/1.1" 200 78
180.169.147.146 - - [20/May/2021:10:42:03 +0800] "GET /xingrg/all/function/internal_message.html?_=1621478524451&CODE_STATE=getMsg HTTP/1.1" 200 27
180.169.147.146 - - [20/May/2021:10:42:05 +0800] "GET /xingrg/all/function/internal_message.html?_=1621478517628&CODE_STATE=getMsg HTTP/1.1" 200 27
116.235.222.38 - - [20/May/2021:10:42:06 +0800] "GET /xingrg/javascript/easyui/themes/default/tree.css HTTP/1.1" 404 1090
116.235.222.38 - - [20/May/2021:10:42:06 +0800] "POST /xingrg/all/common/load_tree.html?tree=supplier_tree_json&isDelete=1 HTTP/1.1" 200 55318
61.165.42.208 - - [20/May/2021:10:42:06 +0800] "GET /xingrg/all/function/internal_message.html?_=1621478506277&CODE_STATE=getMsg HTTP/1.1" 200 27
116.230.114.112 - - [20/May/2021:10:42:08 +0800] "POST /xingrg/kc/buy/cgsh_order_operate.html HTTP/1.1" 200 37
117.185.32.26 - - [20/May/2021:10:42:08 +0800] "POST /xingrg/dwr/call/plaincall/AjaxQqpsService.getMaterielByCode.dwr HTTP/1.1" 200 2570
117.185.32.26 - - [20/May/2021:10:42:10 +0800] "POST /xingrg/dwr/call/plaincall/AjaxQqpsService.saveMaterielItem.dwr HTTP/1.1" 200 78
116.230.114.112 - - [20/May/2021:10:42:11 +0800] "GET /xingrg/all/function/internal_message.html?_=1621478540669&CODE_STATE=getMsg HTTP/1.1" 302 -
117.185.32.26 - - [20/May/2021:10:42:11 +0800] "GET /xingrg/all/function/internal_message.html?_=1621479049345&CODE_STATE=getMsg HTTP/1.1" 200 27
116.230.114.112 - - [20/May/2021:10:42:11 +0800] "POST /xingrg/kc/buy/cgsh_order_operate.html HTTP/1.1" 200 2657
117.184.7.26 - - [20/May/2021:10:42:13 +0800] "GET /xingrg/kc/base/wldb_order_info.html?code=422021050700854 HTTP/1.1" 200 30154
61.165.42.208 - - [20/May/2021:10:42:13 +0800] "POST /xingrg/kc/buy/cgsh_list_operate.html HTTP/1.1" 200 567
117.184.7.26 - - [20/May/2021:10:42:14 +0800] "GET /xingrg/javascript/easyui/themes/default/validatebox.css HTTP/1.1" 404 1104
117.184.7.26 - - [20/May/2021:10:42:14 +0800] "POST /xingrg/kc/base/wldb_order_operate.html HTTP/1.1" 200 8874
