180.169.147.146 - - [20/May/2021:09:28:06 +0800] "GET /xingrg/all/function/internal_message.html?_=1621474079228&CODE_STATE=getMsg HTTP/1.1" 200 27
116.233.73.73 - - [20/May/2021:09:28:07 +0800] "POST /xingrg/kc/buy/cgsh_order_operate.html HTTP/1.1" 200 3244
61.165.42.208 - - [20/May/2021:09:28:08 +0800] "GET /xingrg/all/function/internal_message.html?_=1621474067846&CODE_STATE=getMsg HTTP/1.1" 200 27
180.161.127.67 - - [20/May/2021:09:28:10 +0800] "GET /xingrg/check_reg.html?_=1621474046574 HTTP/1.1" 200 22
116.224.253.72 - - [20/May/2021:09:28:10 +0800] "GET /xingrg/kc/buy/cgsh_order_operate.html?command=get_materiel&rest_code=00150&code=00101007081&supplier_code=00100096&order_time=2021-05-20 HTTP/1.1" 200 413
116.230.114.112 - - [20/May/2021:09:28:10 +0800] "GET /xingrg/all/function/internal_message.html?_=1621474099663&CODE_STATE=getMsg HTTP/1.1" 302 -
116.230.110.80 - - [20/May/2021:09:28:11 +0800] "GET /xingrg/all/function/internal_message.html?_=1621474086975&CODE_STATE=getMsg HTTP/1.1" 200 27
120.253.135.82 - - [20/May/2021:09:28:12 +0800] "GET /xingrg/check_reg.html?_=1621473871762 HTTP/1.1" 200 22
120.253.135.82 - - [20/May/2021:09:28:13 +0800] "GET /xingrg/all/function/internal_message.html?_=1621473872939&CODE_STATE=getMsg HTTP/1.1" 200 27
116.224.253.72 - - [20/May/2021:09:28:16 +0800] "GET /xingrg/check_reg.html?_=1621474075179 HTTP/1.1" 200 22
116.233.73.73 - - [20/May/2021:09:28:17 +0800] "POST /xingrg/kc/buy/cgsh_order_operate.html HTTP/1.1" 200 37
116.233.73.73 - - [20/May/2021:09:28:18 +0800] "POST /xingrg/kc/buy/cgsh_order_operate.html HTTP/1.1" 200 3249
116.224.253.72 - - [20/May/2021:09:28:18 +0800] "GET /xingrg/kc/buy/cgsh_order_operate.html?command=get_materiel&rest_code=00150&code=00101007031&supplier_code=00100096&order_time=2021-05-20 HTTP/1.1" 200 413
116.233.73.73 - - [20/May/2021:09:28:20 +0800] "GET /xingrg/kc/print/load_config.html?kc_code=cgsh HTTP/1.1" 200 1845
116.233.73.73 - - [20/May/2021:09:28:20 +0800] "GET /xingrg/kc/print/load_data.html?order_code=212021052008793&kc_code=cgsh&condition= HTTP/1.1" 200 876
116.230.114.112 - - [20/May/2021:09:28:21 +0800] "GET /xingrg/kc/buy/cgsh_order_operate.html?command=get_materiel&rest_code=00146&code=00101008283&supplier_code=00100005&order_time=2021-05-20 HTTP/1.1" 200 408
116.235.222.38 - - [20/May/2021:09:28:21 +0800] "GET /xingrg/all/function/internal_message.html?_=1621474095002&CODE_STATE=getMsg HTTP/1.1" 200 27
114.88.162.5 - - [20/May/2021:09:28:21 +0800] "GET /xingrg/all/function/internal_message.html?_=1621474094355&CODE_STATE=getMsg HTTP/1.1" 200 27
116.230.114.112 - - [20/May/2021:09:28:23 +0800] "POST /xingrg/kc/buy/cgsh_order_operate.html HTTP/1.1" 200 2065
61.165.42.208 - - [20/May/2021:09:28:30 +0800] "GET /xingrg/kc/buy/cgsh_order_operate.html?command=get_materiel&rest_code=00105&code=00101006112&supplier_code=00100012&order_time=2021-05-20 HTTP/1.1" 200 409
114.83.217.67 - - [20/May/2021:09:28:32 +0800] "GET /xingrg/all/function/internal_message.html?_=1621474108928&CODE_STATE=getMsg HTTP/1.1" 200 27
116.230.114.112 - - [20/May/2021:09:28:33 +0800] "GET /xingrg/all/function/internal_message.html?_=1621474125111&CODE_STATE=getMsg HTTP/1.1" 200 27
172.20.0.100 - - [20/May/2021:09:28:37 +0800] "GET /xingrg/all/function/internal_message.html?_=1621474116541&CODE_STATE=getMsg HTTP/1.1" 200 27
116.230.114.112 - - [20/May/2021:09:28:38 +0800] "GET /xingrg/kc/buy/cgsh_order_operate.html?command=get_materiel&rest_code=00146&code=00101008498&supplier_code=00100005&order_time=2021-05-20 HTTP/1.1" 200 410
116.224.253.72 - - [20/May/2021:09:28:39 +0800] "GET /xingrg/all/function/internal_message.html?_=1621474097346&CODE_STATE=getMsg HTTP/1.1" 200 27
116.230.114.112 - - [20/May/2021:09:28:45 +0800] "GET /xingrg/check_reg.html?_=1621474136581 HTTP/1.1" 200 22
58.37.225.51 - - [20/May/2021:09:28:46 +0800] "GET /xingrg/all/function/internal_message.html?_=1621474128081&CODE_STATE=getMsg HTTP/1.1" 200 27
116.233.73.73 - - [20/May/2021:09:28:46 +0800] "GET /xingrg/all/function/internal_message.html?_=1621474128431&CODE_STATE=getMsg HTTP/1.1" 200 27
117.184.7.26 - - [20/May/2021:09:28:47 +0800] "GET /xingrg/all/function/internal_message.html?_=1621474120696&CODE_STATE=getMsg HTTP/1.1" 200 27
116.224.253.72 - - [20/May/2021:09:28:48 +0800] "GET /xingrg/kc/buy/cgsh_order_operate.html?command=get_materiel&rest_code=00150&code=00101007134&supplier_code=00100096&order_time=2021-05-20 HTTP/1.1" 200 401
180.169.147.146 - - [20/May/2021:09:28:48 +0800] "GET /xingrg/all/function/internal_message.html?_=1621474126752&CODE_STATE=getMsg HTTP/1.1" 200 27
180.169.147.146 - - [20/May/2021:09:28:48 +0800] "GET /xingrg/check_reg.html?_=1621474126756 HTTP/1.1" 200 22
120.253.135.82 - - [20/May/2021:09:28:51 +0800] "GET /xingrg/all/function/internal_message.html?_=1621474182388&CODE_STATE=getMsg HTTP/1.1" 200 27
116.230.114.112 - - [20/May/2021:09:28:53 +0800] "GET /xingrg/kc/buy/cgsh_order_operate.html?command=get_materiel&rest_code=00146&code=00101008331&supplier_code=00100005&order_time=2021-05-20 HTTP/1.1" 200 416
116.224.253.72 - - [20/May/2021:09:28:57 +0800] "GET /xingrg/all/function/internal_message.html?_=1621474135903&CODE_STATE=getMsg HTTP/1.1" 200 27
116.230.114.112 - - [20/May/2021:09:29:02 +0800] "GET /xingrg/kc/buy/cgsh_order_operate.html?command=get_materiel&rest_code=00146&code=00101008230&supplier_code=00100005&order_time=2021-05-20 HTTP/1.1" 200 408
180.169.147.146 - - [20/May/2021:09:29:03 +0800] "GET /xingrg/all/function/internal_message.html?_=1621474144405&CODE_STATE=getMsg HTTP/1.1" 200 27
180.169.147.146 - - [20/May/2021:09:29:06 +0800] "GET /xingrg/all/function/internal_message.html?_=1621474139206&CODE_STATE=getMsg HTTP/1.1" 200 27
61.165.42.208 - - [20/May/2021:09:29:08 +0800] "GET /xingrg/all/function/internal_message.html?_=1621474127820&CODE_STATE=getMsg HTTP/1.1" 200 27
61.165.42.208 - - [20/May/2021:09:29:08 +0800] "GET /xingrg/check_reg.html?_=1621474128052 HTTP/1.1" 200 22
116.230.114.112 - - [20/May/2021:09:29:10 +0800] "GET /xingrg/all/function/internal_message.html?_=1621474159686&CODE_STATE=getMsg HTTP/1.1" 302 -
116.230.110.80 - - [20/May/2021:09:29:11 +0800] "GET /xingrg/all/function/internal_message.html?_=1621474146990&CODE_STATE=getMsg HTTP/1.1" 200 27
116.230.110.80 - - [20/May/2021:09:29:11 +0800] "GET /xingrg/check_reg.html?_=1621474146991 HTTP/1.1" 200 22
116.230.114.112 - - [20/May/2021:09:29:12 +0800] "GET /xingrg/kc/buy/cgsh_order_operate.html?command=get_materiel&rest_code=00146&code=00101015107&supplier_code=00100005&order_time=2021-05-20 HTTP/1.1" 200 398
120.253.135.82 - - [20/May/2021:09:29:13 +0800] "GET /xingrg/all/function/internal_message.html?_=1621473932952&CODE_STATE=getMsg HTTP/1.1" 200 27
116.224.253.72 - - [20/May/2021:09:29:15 +0800] "GET /xingrg/kc/buy/cgsh_order_operate.html?command=get_materiel&rest_code=00150&code=00101007077&supplier_code=00100096&order_time=2021-05-20 HTTP/1.1" 200 415
58.37.225.51 - - [20/May/2021:09:29:17 +0800] "GET /xingrg/check_reg.html?_=1621474110447 HTTP/1.1" 302 -
116.235.222.38 - - [20/May/2021:09:29:21 +0800] "GET /xingrg/all/function/internal_message.html?_=1621474155011&CODE_STATE=getMsg HTTP/1.1" 200 27
114.88.162.5 - - [20/May/2021:09:29:21 +0800] "GET /xingrg/all/function/internal_message.html?_=1621474154328&CODE_STATE=getMsg HTTP/1.1" 200 27
114.88.162.5 - - [20/May/2021:09:29:21 +0800] "GET /xingrg/check_reg.html?_=1621474154377 HTTP/1.1" 200 22
116.230.117.165 - - [20/May/2021:09:29:22 +0800] "POST /xingrg/services/DataTransmitService HTTP/1.1" 200 524
116.230.117.165 - - [20/May/2021:09:29:25 +0800] "POST /xingrg/services/DataTransmitService HTTP/1.1" 200 501
114.83.217.67 - - [20/May/2021:09:29:32 +0800] "GET /xingrg/all/function/internal_message.html?_=1621474168930&CODE_STATE=getMsg HTTP/1.1" 200 27
61.165.42.208 - - [20/May/2021:09:29:33 +0800] "GET /xingrg/kc/buy/cgsh_order_operate.html?command=get_materiel&rest_code=00105&code=00101006068&supplier_code=00100012&order_time=2021-05-20 HTTP/1.1" 200 409
116.230.114.112 - - [20/May/2021:09:29:33 +0800] "GET /xingrg/all/function/internal_message.html?_=1621474185121&CODE_STATE=getMsg HTTP/1.1" 200 27
116.230.114.112 - - [20/May/2021:09:29:35 +0800] "GET /xingrg/kc/buy/cgsh_order_operate.html?command=get_materiel&rest_code=00146&code=00101015062&supplier_code=00100005&order_time=2021-05-20 HTTP/1.1" 200 412
172.20.0.100 - - [20/May/2021:09:29:37 +0800] "GET /xingrg/check_reg.html?_=1621474176543 HTTP/1.1" 200 22
172.20.0.100 - - [20/May/2021:09:29:37 +0800] "GET /xingrg/all/function/internal_message.html?_=1621474176547&CODE_STATE=getMsg HTTP/1.1" 200 27
116.224.253.72 - - [20/May/2021:09:29:39 +0800] "GET /xingrg/all/function/internal_message.html?_=1621474157360&CODE_STATE=getMsg HTTP/1.1" 200 27
116.230.114.112 - - [20/May/2021:09:29:44 +0800] "POST /xingrg/kc/buy/cgsh_order_operate.html HTTP/1.1" 200 2065
58.37.225.51 - - [20/May/2021:09:29:46 +0800] "GET /xingrg/all/function/internal_message.html?_=1621474188083&CODE_STATE=getMsg HTTP/1.1" 200 27
116.233.73.73 - - [20/May/2021:09:29:46 +0800] "GET /xingrg/all/function/internal_message.html?_=1621474188426&CODE_STATE=getMsg HTTP/1.1" 200 27
117.184.7.26 - - [20/May/2021:09:29:47 +0800] "GET /xingrg/all/function/internal_message.html?_=1621474180698&CODE_STATE=getMsg HTTP/1.1" 200 27
180.169.147.146 - - [20/May/2021:09:29:48 +0800] "GET /xingrg/all/function/internal_message.html?_=1621474186756&CODE_STATE=getMsg HTTP/1.1" 200 27
120.253.135.82 - - [20/May/2021:09:29:51 +0800] "GET /xingrg/all/function/internal_message.html?_=1621474242470&CODE_STATE=getMsg HTTP/1.1" 200 27
116.230.114.112 - - [20/May/2021:09:29:51 +0800] "GET /xingrg/kc/buy/cgsh_order_operate.html?command=get_materiel&rest_code=00146&code=00101015012&supplier_code=00100005&order_time=2021-05-20 HTTP/1.1" 200 412
116.224.253.72 - - [20/May/2021:09:29:57 +0800] "GET /xingrg/check_reg.html?_=1621474195830 HTTP/1.1" 200 22
116.224.253.72 - - [20/May/2021:09:29:57 +0800] "GET /xingrg/all/function/internal_message.html?_=1621474195886&CODE_STATE=getMsg HTTP/1.1" 200 27
120.253.135.82 - - [20/May/2021:09:30:02 +0800] "GET /xingrg/check_reg.html?_=1621474253306 HTTP/1.1" 200 22
116.235.222.38 - - [20/May/2021:09:30:03 +0800] "GET /xingrg/kc/buy/cgsh_order_add.html HTTP/1.1" 200 62079
116.230.114.112 - - [20/May/2021:09:30:03 +0800] "GET /xingrg/kc/buy/cgsh_order_operate.html?command=get_materiel&rest_code=00146&code=00101015061&supplier_code=00100005&order_time=2021-05-20 HTTP/1.1" 200 413
180.169.147.146 - - [20/May/2021:09:30:03 +0800] "GET /xingrg/all/function/internal_message.html?_=1621474204407&CODE_STATE=getMsg HTTP/1.1" 200 27
116.235.222.38 - - [20/May/2021:09:30:04 +0800] "GET /xingrg/javascript/easyui/themes/default/validatebox.css HTTP/1.1" 404 1104
116.235.222.38 - - [20/May/2021:09:30:04 +0800] "POST /xingrg/kc/buy/cgsh_order_operate.html HTTP/1.1" 200 8245
116.235.222.38 - - [20/May/2021:09:30:05 +0800] "GET /xingrg/javascript/easyui/themes/default/tree.css HTTP/1.1" 404 1090
116.235.222.38 - - [20/May/2021:09:30:05 +0800] "POST /xingrg/all/common/load_tree.html?tree=supplier_tree_json&isDelete=1 HTTP/1.1" 200 55318
180.169.147.146 - - [20/May/2021:09:30:06 +0800] "GET /xingrg/all/function/internal_message.html?_=1621474199188&CODE_STATE=getMsg HTTP/1.1" 200 27
61.165.42.208 - - [20/May/2021:09:30:08 +0800] "GET /xingrg/all/function/internal_message.html?_=1621474187805&CODE_STATE=getMsg HTTP/1.1" 200 27
116.230.114.112 - - [20/May/2021:09:30:10 +0800] "GET /xingrg/all/function/internal_message.html?_=1621474219690&CODE_STATE=getMsg HTTP/1.1" 302 -
116.230.110.80 - - [20/May/2021:09:30:11 +0800] "GET /xingrg/all/function/internal_message.html?_=1621474206991&CODE_STATE=getMsg HTTP/1.1" 200 27
120.253.135.82 - - [20/May/2021:09:30:13 +0800] "GET /xingrg/all/function/internal_message.html?_=1621473992965&CODE_STATE=getMsg HTTP/1.1" 200 27
116.235.222.38 - - [20/May/2021:09:30:17 +0800] "GET /xingrg/check_reg.html?_=1621474210976 HTTP/1.1" 200 22
116.235.222.38 - - [20/May/2021:09:30:21 +0800] "GET /xingrg/all/function/internal_message.html?_=1621474215007&CODE_STATE=getMsg HTTP/1.1" 200 27
114.88.162.5 - - [20/May/2021:09:30:21 +0800] "GET /xingrg/all/function/internal_message.html?_=1621474214306&CODE_STATE=getMsg HTTP/1.1" 200 27
116.235.222.38 - - [20/May/2021:09:30:32 +0800] "GET /xingrg/kc/buy/cgsh_order_operate.html?command=get_materiel&rest_code=00107&code=00101020173&supplier_code=00100027&order_time=2021-05-20 HTTP/1.1" 200 432
114.83.217.67 - - [20/May/2021:09:30:32 +0800] "GET /xingrg/check_reg.html?_=1621474228921 HTTP/1.1" 200 22
114.83.217.67 - - [20/May/2021:09:30:32 +0800] "GET /xingrg/all/function/internal_message.html?_=1621474228922&CODE_STATE=getMsg HTTP/1.1" 200 27
116.230.114.112 - - [20/May/2021:09:30:33 +0800] "GET /xingrg/all/function/internal_message.html?_=1621474245134&CODE_STATE=getMsg HTTP/1.1" 200 27
172.20.0.100 - - [20/May/2021:09:30:37 +0800] "GET /xingrg/all/function/internal_message.html?_=1621474236548&CODE_STATE=getMsg HTTP/1.1" 200 27
116.224.253.72 - - [20/May/2021:09:30:39 +0800] "GET /xingrg/all/function/internal_message.html?_=1621474217419&CODE_STATE=getMsg HTTP/1.1" 200 27
101.89.239.245 - - [20/May/2021:09:30:46 +0800] "GET /xingrg/all/function/internal_message.html?_=1621474188083&CODE_STATE=getMsg HTTP/1.1" 302 -
58.37.225.51 - - [20/May/2021:09:30:46 +0800] "GET /xingrg/all/function/internal_message.html?_=1621474248086&CODE_STATE=getMsg HTTP/1.1" 200 27
116.230.117.165 - - [20/May/2021:09:30:46 +0800] "POST /xingrg/services/DataTransmitService HTTP/1.1" 200 524
116.233.73.73 - - [20/May/2021:09:30:46 +0800] "GET /xingrg/all/function/internal_message.html?_=1621474248429&CODE_STATE=getMsg HTTP/1.1" 200 27
116.233.73.73 - - [20/May/2021:09:30:46 +0800] "GET /xingrg/check_reg.html?_=1621474248430 HTTP/1.1" 200 22
116.230.117.165 - - [20/May/2021:09:30:47 +0800] "POST /xingrg/services/DataTransmitService HTTP/1.1" 200 501
101.89.239.245 - - [20/May/2021:09:30:47 +0800] "GET /xingrg/login.html HTTP/1.1" 200 7641
117.184.7.26 - - [20/May/2021:09:30:47 +0800] "GET /xingrg/all/function/internal_message.html?_=1621474240699&CODE_STATE=getMsg HTTP/1.1" 200 27
180.169.147.146 - - [20/May/2021:09:30:48 +0800] "GET /xingrg/all/function/internal_message.html?_=1621474246748&CODE_STATE=getMsg HTTP/1.1" 200 27
116.230.117.165 - - [20/May/2021:09:30:49 +0800] "POST /xingrg/services/DataTransmitService HTTP/1.1" 200 524
120.253.135.82 - - [20/May/2021:09:30:51 +0800] "GET /xingrg/all/function/internal_message.html?_=1621474302478&CODE_STATE=getMsg HTTP/1.1" 200 27
116.230.117.165 - - [20/May/2021:09:30:52 +0800] "POST /xingrg/services/DataTransmitService HTTP/1.1" 200 501
116.230.117.165 - - [20/May/2021:09:30:52 +0800] "POST /xingrg/services/DataTransmitService HTTP/1.1" 200 501
116.230.117.165 - - [20/May/2021:09:30:53 +0800] "POST /xingrg/services/DataTransmitService HTTP/1.1" 200 501
116.230.117.165 - - [20/May/2021:09:30:54 +0800] "POST /xingrg/services/DataTransmitService HTTP/1.1" 200 501
116.230.117.165 - - [20/May/2021:09:30:54 +0800] "POST /xingrg/services/DataTransmitService HTTP/1.1" 200 501
116.230.117.165 - - [20/May/2021:09:30:54 +0800] "POST /xingrg/services/DataTransmitService HTTP/1.1" 200 501
116.235.222.38 - - [20/May/2021:09:30:54 +0800] "POST /xingrg/kc/buy/cgsh_order_operate.html HTTP/1.1" 200 37
116.230.117.165 - - [20/May/2021:09:30:55 +0800] "POST /xingrg/services/DataTransmitService HTTP/1.1" 200 501
116.230.114.112 - - [20/May/2021:09:30:55 +0800] "POST /xingrg/kc/buy/cgsh_order_operate.html HTTP/1.1" 200 2065
116.230.117.165 - - [20/May/2021:09:30:55 +0800] "POST /xingrg/services/DataTransmitService HTTP/1.1" 200 501
116.230.117.165 - - [20/May/2021:09:30:55 +0800] "POST /xingrg/services/DataTransmitService HTTP/1.1" 200 501
116.235.222.38 - - [20/May/2021:09:30:56 +0800] "POST /xingrg/kc/buy/cgsh_order_operate.html HTTP/1.1" 200 2672
116.235.222.38 - - [20/May/2021:09:30:57 +0800] "GET /xingrg/kc/print/load_data.html?order_code=212021052008794&kc_code=cgsh&condition= HTTP/1.1" 200 747
116.224.253.72 - - [20/May/2021:09:30:57 +0800] "GET /xingrg/all/function/internal_message.html?_=1621474255859&CODE_STATE=getMsg HTTP/1.1" 200 27
116.230.117.165 - - [20/May/2021:09:30:57 +0800] "POST /xingrg/services/DataTransmitService HTTP/1.1" 200 412
116.230.114.112 - - [20/May/2021:09:31:03 +0800] "GET /xingrg/kc/buy/cgsh_order_operate.html?command=get_materiel&rest_code=00146&code=00101008350&supplier_code=00100005&order_time=2021-05-20 HTTP/1.1" 200 408
180.169.147.146 - - [20/May/2021:09:31:03 +0800] "GET /xingrg/all/function/internal_message.html?_=1621474264408&CODE_STATE=getMsg HTTP/1.1" 200 27
116.235.222.38 - - [20/May/2021:09:31:04 +0800] "GET /xingrg/kc/buy/cgsh_order_add.html HTTP/1.1" 200 62079
116.235.222.38 - - [20/May/2021:09:31:04 +0800] "GET /xingrg/javascript/easyui/themes/default/validatebox.css HTTP/1.1" 404 1104
116.235.222.38 - - [20/May/2021:09:31:04 +0800] "POST /xingrg/kc/buy/cgsh_order_operate.html HTTP/1.1" 200 8245
116.235.222.38 - - [20/May/2021:09:31:05 +0800] "GET /xingrg/javascript/easyui/themes/default/tree.css HTTP/1.1" 404 1090
116.235.222.38 - - [20/May/2021:09:31:05 +0800] "POST /xingrg/all/common/load_tree.html?tree=supplier_tree_json&isDelete=1 HTTP/1.1" 200 55318
180.169.147.146 - - [20/May/2021:09:31:06 +0800] "GET /xingrg/all/function/internal_message.html?_=1621474259170&CODE_STATE=getMsg HTTP/1.1" 200 27
61.165.42.208 - - [20/May/2021:09:31:08 +0800] "GET /xingrg/all/function/internal_message.html?_=1621474247776&CODE_STATE=getMsg HTTP/1.1" 200 27
116.230.114.112 - - [20/May/2021:09:31:10 +0800] "GET /xingrg/all/function/internal_message.html?_=1621474279713&CODE_STATE=getMsg HTTP/1.1" 302 -
116.230.110.80 - - [20/May/2021:09:31:11 +0800] "GET /xingrg/all/function/internal_message.html?_=1621474266983&CODE_STATE=getMsg HTTP/1.1" 200 27
120.253.135.82 - - [20/May/2021:09:31:13 +0800] "GET /xingrg/all/function/internal_message.html?_=1621474053062&CODE_STATE=getMsg HTTP/1.1" 200 27
58.221.95.50 - - [20/May/2021:09:31:14 +0800] "GET /xingrg/check_reg.html?_=1621474274513 HTTP/1.1" 302 -
116.235.222.38 - - [20/May/2021:09:31:20 +0800] "GET /xingrg/kc/buy/cgsh_order_operate.html?command=get_materiel&rest_code=00107&code=00101008091&supplier_code=00100006&order_time=2021-05-20 HTTP/1.1" 200 412
116.235.222.38 - - [20/May/2021:09:31:21 +0800] "GET /xingrg/all/function/internal_message.html?_=1621474275022&CODE_STATE=getMsg HTTP/1.1" 200 27
114.88.162.5 - - [20/May/2021:09:31:21 +0800] "GET /xingrg/all/function/internal_message.html?_=1621474274278&CODE_STATE=getMsg HTTP/1.1" 200 27
116.235.222.38 - - [20/May/2021:09:31:29 +0800] "GET /xingrg/kc/buy/cgsh_order_operate.html?command=get_materiel&rest_code=00107&code=00101008261&supplier_code=00100006&order_time=2021-05-20 HTTP/1.1" 200 408
114.83.217.67 - - [20/May/2021:09:31:32 +0800] "GET /xingrg/all/function/internal_message.html?_=1621474288947&CODE_STATE=getMsg HTTP/1.1" 200 27
116.230.114.112 - - [20/May/2021:09:31:34 +0800] "GET /xingrg/all/function/internal_message.html?_=1621474305382&CODE_STATE=getMsg HTTP/1.1" 200 27
172.20.0.100 - - [20/May/2021:09:31:37 +0800] "GET /xingrg/all/function/internal_message.html?_=1621474296550&CODE_STATE=getMsg HTTP/1.1" 200 27
116.224.253.72 - - [20/May/2021:09:31:39 +0800] "GET /xingrg/all/function/internal_message.html?_=1621474277473&CODE_STATE=getMsg HTTP/1.1" 200 27
116.235.222.38 - - [20/May/2021:09:31:40 +0800] "GET /xingrg/kc/buy/cgsh_order_operate.html?command=get_materiel&rest_code=00107&code=00101008210&supplier_code=00100006&order_time=2021-05-20 HTTP/1.1" 200 408
58.37.225.51 - - [20/May/2021:09:31:46 +0800] "GET /xingrg/all/function/internal_message.html?_=1621474308092&CODE_STATE=getMsg HTTP/1.1" 200 27
58.37.225.51 - - [20/May/2021:09:31:46 +0800] "GET /xingrg/check_reg.html?_=1621474308093 HTTP/1.1" 200 22
116.233.73.73 - - [20/May/2021:09:31:46 +0800] "GET /xingrg/all/function/internal_message.html?_=1621474308431&CODE_STATE=getMsg HTTP/1.1" 200 27
116.224.253.72 - - [20/May/2021:09:31:47 +0800] "POST /xingrg/kc/buy/cgsh_order_operate.html HTTP/1.1" 200 37
117.184.7.26 - - [20/May/2021:09:31:47 +0800] "GET /xingrg/check_reg.html?_=1621474300704 HTTP/1.1" 200 22
117.184.7.26 - - [20/May/2021:09:31:47 +0800] "GET /xingrg/all/function/internal_message.html?_=1621474300707&CODE_STATE=getMsg HTTP/1.1" 200 27
180.169.147.146 - - [20/May/2021:09:31:48 +0800] "GET /xingrg/all/function/internal_message.html?_=1621474306748&CODE_STATE=getMsg HTTP/1.1" 200 27
116.224.253.72 - - [20/May/2021:09:31:49 +0800] "POST /xingrg/kc/buy/cgsh_order_operate.html HTTP/1.1" 200 12
116.224.253.72 - - [20/May/2021:09:31:50 +0800] "GET /xingrg/kc/buy/cgsh_order_info.html?code=212021052008795 HTTP/1.1" 200 56807
116.224.253.72 - - [20/May/2021:09:31:51 +0800] "GET /xingrg/javascript/easyui/themes/default/validatebox.css HTTP/1.1" 404 1104
116.224.253.72 - - [20/May/2021:09:31:51 +0800] "POST /xingrg/kc/buy/cgsh_order_operate.html HTTP/1.1" 200 7744
120.253.135.82 - - [20/May/2021:09:31:51 +0800] "GET /xingrg/all/function/internal_message.html?_=1621474362492&CODE_STATE=getMsg HTTP/1.1" 200 27
116.235.222.38 - - [20/May/2021:09:31:53 +0800] "GET /xingrg/kc/buy/cgsh_order_operate.html?command=get_materiel&rest_code=00107&code=00101008155&supplier_code=00100006&order_time=2021-05-20 HTTP/1.1" 200 408
116.224.253.72 - - [20/May/2021:09:31:53 +0800] "GET /xingrg/kc/print/load_data.html?order_code=212021052008795&kc_code=cgsh&condition= HTTP/1.1" 200 3410
116.224.253.72 - - [20/May/2021:09:31:57 +0800] "GET /xingrg/all/function/internal_message.html?_=1621474315900&CODE_STATE=getMsg HTTP/1.1" 200 27
116.230.114.112 - - [20/May/2021:09:31:58 +0800] "GET /xingrg/check_reg.html?_=1621474327424 HTTP/1.1" 302 -
116.224.253.72 - - [20/May/2021:09:32:00 +0800] "GET /xingrg/kc/buy/cgsh_order_add.html HTTP/1.1" 200 61915
116.224.253.72 - - [20/May/2021:09:32:00 +0800] "POST /xingrg/kc/buy/cgsh_order_operate.html HTTP/1.1" 200 8245
116.224.253.72 - - [20/May/2021:09:32:00 +0800] "GET /xingrg/javascript/easyui/themes/default/validatebox.css HTTP/1.1" 404 1104
116.230.114.112 - - [20/May/2021:09:32:02 +0800] "POST /xingrg/kc/buy/cgsh_order_operate.html HTTP/1.1" 200 37
116.230.114.112 - - [20/May/2021:09:32:03 +0800] "POST /xingrg/kc/buy/cgsh_order_operate.html HTTP/1.1" 200 41089
180.169.147.146 - - [20/May/2021:09:32:03 +0800] "GET /xingrg/all/function/internal_message.html?_=1621474324409&CODE_STATE=getMsg HTTP/1.1" 200 27
116.235.222.38 - - [20/May/2021:09:32:06 +0800] "GET /xingrg/kc/buy/cgsh_order_operate.html?command=get_materiel&rest_code=00107&code=00101008312&supplier_code=00100006&order_time=2021-05-20 HTTP/1.1" 200 412
180.169.147.146 - - [20/May/2021:09:32:06 +0800] "GET /xingrg/all/function/internal_message.html?_=1621474319144&CODE_STATE=getMsg HTTP/1.1" 200 27
89.248.165.24 - - [20/May/2021:09:32:07 +0800] "/*àCookie: mstshash=Administr " 400 -
61.165.42.208 - - [20/May/2021:09:32:08 +0800] "GET /xingrg/all/function/internal_message.html?_=1621474307761&CODE_STATE=getMsg HTTP/1.1" 200 27
116.230.114.112 - - [20/May/2021:09:32:10 +0800] "GET /xingrg/all/function/internal_message.html?_=1621474339717&CODE_STATE=getMsg HTTP/1.1" 302 -
116.230.110.80 - - [20/May/2021:09:32:11 +0800] "GET /xingrg/all/function/internal_message.html?_=1621474326981&CODE_STATE=getMsg HTTP/1.1" 200 27
120.253.135.82 - - [20/May/2021:09:32:13 +0800] "GET /xingrg/all/function/internal_message.html?_=1621474113071&CODE_STATE=getMsg HTTP/1.1" 200 27
116.224.253.72 - - [20/May/2021:09:32:14 +0800] "GET /xingrg/kc/buy/cgsh_order_operate.html?command=get_materiel&rest_code=00150&code=00101029023&supplier_code=00100017&order_time=2021-05-20 HTTP/1.1" 200 456
116.224.253.72 - - [20/May/2021:09:32:14 +0800] "POST /xingrg/all/common/load_select.html HTTP/1.1" 200 25
116.235.222.38 - - [20/May/2021:09:32:16 +0800] "GET /xingrg/kc/buy/cgsh_order_operate.html?command=get_materiel&rest_code=00107&code=00101008354&supplier_code=00100006&order_time=2021-05-20 HTTP/1.1" 200 412
116.224.253.72 - - [20/May/2021:09:32:18 +0800] "GET /xingrg/kc/buy/cgsh_order_operate.html?command=get_materiel_price&rest_code=00150&code=00101029023&unit_code=00100179&supplier_code=00100017&order_time=2021-05-20 HTTP/1.1" 200 29
116.230.114.112 - - [20/May/2021:09:32:19 +0800] "POST /xingrg/kc/buy/cgsh_order_operate.html HTTP/1.1" 200 37
116.230.114.112 - - [20/May/2021:09:32:20 +0800] "POST /xingrg/kc/buy/cgsh_order_operate.html HTTP/1.1" 200 41089
114.88.162.5 - - [20/May/2021:09:32:21 +0800] "GET /xingrg/all/function/internal_message.html?_=1621474334263&CODE_STATE=getMsg HTTP/1.1" 200 27
116.235.222.38 - - [20/May/2021:09:32:21 +0800] "GET /xingrg/all/function/internal_message.html?_=1621474334996&CODE_STATE=getMsg HTTP/1.1" 200 27
116.230.114.112 - - [20/May/2021:09:32:22 +0800] "GET /xingrg/kc/buy/cgsh_order_list.html HTTP/1.1" 200 46259
116.230.114.112 - - [20/May/2021:09:32:22 +0800] "GET /xingrg/javascript/jquery_tools/list_manager.js HTTP/1.1" 304 -
116.230.114.112 - - [20/May/2021:09:32:23 +0800] "POST /xingrg/kc/buy/cgsh_list_operate.html HTTP/1.1" 200 1690
116.235.222.38 - - [20/May/2021:09:32:28 +0800] "GET /xingrg/kc/buy/cgsh_order_operate.html?command=get_materiel&rest_code=00107&code=00101008125&supplier_code=00100006&order_time=2021-05-20 HTTP/1.1" 200 413
116.224.253.72 - - [20/May/2021:09:32:30 +0800] "GET /xingrg/kc/buy/cgsh_order_operate.html?command=get_materiel&rest_code=00150&code=00101029003&supplier_code=00100017&order_time=2021-05-20 HTTP/1.1" 200 454
116.224.253.72 - - [20/May/2021:09:32:30 +0800] "POST /xingrg/all/common/load_select.html HTTP/1.1" 200 25
114.83.217.67 - - [20/May/2021:09:32:32 +0800] "GET /xingrg/all/function/internal_message.html?_=1621474348944&CODE_STATE=getMsg HTTP/1.1" 200 27
116.230.114.112 - - [20/May/2021:09:32:34 +0800] "GET /xingrg/all/function/internal_message.html?_=1621474365397&CODE_STATE=getMsg HTTP/1.1" 200 27
116.224.253.72 - - [20/May/2021:09:32:34 +0800] "GET /xingrg/kc/buy/cgsh_order_operate.html?command=get_materiel_price&rest_code=00150&code=00101029003&unit_code=00100179&supplier_code=00100017&order_time=2021-05-20 HTTP/1.1" 200 29
172.20.0.100 - - [20/May/2021:09:32:37 +0800] "GET /xingrg/all/function/internal_message.html?_=1621474356553&CODE_STATE=getMsg HTTP/1.1" 200 27
116.224.253.72 - - [20/May/2021:09:32:39 +0800] "GET /xingrg/all/function/internal_message.html?_=1621474337478&CODE_STATE=getMsg HTTP/1.1" 200 27
116.235.222.38 - - [20/May/2021:09:32:40 +0800] "GET /xingrg/kc/buy/cgsh_order_operate.html?command=get_materiel&rest_code=00107&code=00101008351&supplier_code=00100006&order_time=2021-05-20 HTTP/1.1" 200 408
116.224.253.72 - - [20/May/2021:09:32:41 +0800] "GET /xingrg/kc/buy/cgsh_order_operate.html?command=get_materiel&rest_code=00150&code=00101029025&supplier_code=00100017&order_time=2021-05-20 HTTP/1.1" 200 442
116.224.253.72 - - [20/May/2021:09:32:41 +0800] "POST /xingrg/all/common/load_select.html HTTP/1.1" 200 25
180.169.147.146 - - [20/May/2021:09:32:42 +0800] "GET /xingrg/check_reg.html?_=1621474355139 HTTP/1.1" 200 22
180.161.127.67 - - [20/May/2021:09:32:44 +0800] "GET /xingrg/javascript/jquery_easy_ui/themes/default/images/tabs_active.png HTTP/1.1" 304 -
116.224.253.72 - - [20/May/2021:09:32:45 +0800] "GET /xingrg/kc/buy/cgsh_order_operate.html?command=get_materiel_price&rest_code=00150&code=00101029025&unit_code=00100159&supplier_code=00100017&order_time=2021-05-20 HTTP/1.1" 200 30
58.37.225.51 - - [20/May/2021:09:32:46 +0800] "GET /xingrg/all/function/internal_message.html?_=1621474368088&CODE_STATE=getMsg HTTP/1.1" 200 27
116.233.73.73 - - [20/May/2021:09:32:46 +0800] "GET /xingrg/all/function/internal_message.html?_=1621474368435&CODE_STATE=getMsg HTTP/1.1" 200 27
117.184.7.26 - - [20/May/2021:09:32:47 +0800] "GET /xingrg/all/function/internal_message.html?_=1621474360708&CODE_STATE=getMsg HTTP/1.1" 200 27
180.169.147.146 - - [20/May/2021:09:32:48 +0800] "GET /xingrg/all/function/internal_message.html?_=1621474366751&CODE_STATE=getMsg HTTP/1.1" 200 27
120.253.135.82 - - [20/May/2021:09:32:52 +0800] "GET /xingrg/all/function/internal_message.html?_=1621474422586&CODE_STATE=getMsg HTTP/1.1" 200 27
116.224.253.72 - - [20/May/2021:09:32:53 +0800] "POST /xingrg/kc/buy/cgsh_order_operate.html HTTP/1.1" 200 37
116.224.253.72 - - [20/May/2021:09:32:56 +0800] "POST /xingrg/kc/buy/cgsh_order_operate.html HTTP/1.1" 200 12
116.235.222.38 - - [20/May/2021:09:32:56 +0800] "GET /xingrg/kc/buy/cgsh_order_operate.html?command=get_materiel&rest_code=00107&code=00101008085&supplier_code=00100006&order_time=2021-05-20 HTTP/1.1" 200 412
116.224.253.72 - - [20/May/2021:09:32:57 +0800] "GET /xingrg/all/function/internal_message.html?_=1621474375880&CODE_STATE=getMsg HTTP/1.1" 200 27
116.224.253.72 - - [20/May/2021:09:32:57 +0800] "GET /xingrg/kc/buy/cgsh_order_info.html?code=212021052008797 HTTP/1.1" 200 56815
116.224.253.72 - - [20/May/2021:09:32:58 +0800] "GET /xingrg/javascript/easyui/themes/default/validatebox.css HTTP/1.1" 404 1104
116.224.253.72 - - [20/May/2021:09:32:59 +0800] "POST /xingrg/kc/buy/cgsh_order_operate.html HTTP/1.1" 200 1904
116.224.253.72 - - [20/May/2021:09:33:00 +0800] "GET /xingrg/kc/print/load_data.html?order_code=212021052008797&kc_code=cgsh&condition= HTTP/1.1" 200 1334
116.230.114.112 - - [20/May/2021:09:33:01 +0800] "POST /xingrg/kc/buy/cgsh_list_operate.html HTTP/1.1" 200 5404
180.169.147.146 - - [20/May/2021:09:33:03 +0800] "GET /xingrg/all/function/internal_message.html?_=1621474384411&CODE_STATE=getMsg HTTP/1.1" 200 27
180.169.147.146 - - [20/May/2021:09:33:03 +0800] "GET /xingrg/check_reg.html?_=1621474384415 HTTP/1.1" 200 22
180.169.147.146 - - [20/May/2021:09:33:06 +0800] "GET /xingrg/all/function/internal_message.html?_=1621474379144&CODE_STATE=getMsg HTTP/1.1" 200 27
116.235.222.38 - - [20/May/2021:09:33:07 +0800] "GET /xingrg/kc/buy/cgsh_order_operate.html?command=get_materiel&rest_code=00107&code=00101008298&supplier_code=00100006&order_time=2021-05-20 HTTP/1.1" 200 412
61.165.42.208 - - [20/May/2021:09:33:08 +0800] "GET /xingrg/all/function/internal_message.html?_=1621474367736&CODE_STATE=getMsg HTTP/1.1" 200 27
114.83.217.67 - - [20/May/2021:09:33:09 +0800] "POST /xingrg/services/DataTransmitService HTTP/1.1" 401 565
114.83.217.67 - - [20/May/2021:09:33:09 +0800] "POST /xingrg/services/DataTransmitService HTTP/1.1" 200 478
114.83.217.67 - - [20/May/2021:09:33:09 +0800] "POST /xingrg/services/DataTransmitService HTTP/1.1" 200 1320
114.83.217.67 - - [20/May/2021:09:33:09 +0800] "POST /xingrg/services/DataTransmitService HTTP/1.1" 200 478
114.83.217.67 - - [20/May/2021:09:33:09 +0800] "POST /xingrg/services/DataTransmitService HTTP/1.1" 200 1320
114.83.217.67 - - [20/May/2021:09:33:09 +0800] "POST /xingrg/services/DataTransmitService HTTP/1.1" 200 524
114.83.217.67 - - [20/May/2021:09:33:09 +0800] "POST /xingrg/services/DataTransmitService HTTP/1.1" 200 1979
180.161.127.67 - - [20/May/2021:09:33:10 +0800] "GET /xingrg/check_reg.html?_=1621474346583 HTTP/1.1" 200 22
116.230.114.112 - - [20/May/2021:09:33:10 +0800] "GET /xingrg/all/function/internal_message.html?_=1621474399739&CODE_STATE=getMsg HTTP/1.1" 302 -
114.83.217.67 - - [20/May/2021:09:33:10 +0800] "POST /xingrg/services/DataTransmitService HTTP/1.1" 200 131188
116.230.114.112 - - [20/May/2021:09:33:10 +0800] "POST /xingrg/kc/buy/cgsh_list_operate.html HTTP/1.1" 200 5404
116.230.110.80 - - [20/May/2021:09:33:11 +0800] "GET /xingrg/all/function/internal_message.html?_=1621474386974&CODE_STATE=getMsg HTTP/1.1" 200 27
120.253.135.82 - - [20/May/2021:09:33:12 +0800] "GET /xingrg/check_reg.html?_=1621474171812 HTTP/1.1" 200 22
120.253.135.82 - - [20/May/2021:09:33:13 +0800] "GET /xingrg/all/function/internal_message.html?_=1621474173084&CODE_STATE=getMsg HTTP/1.1" 200 27
116.224.253.72 - - [20/May/2021:09:33:17 +0800] "GET /xingrg/check_reg.html?_=1621474375217 HTTP/1.1" 200 22
116.230.114.112 - - [20/May/2021:09:33:18 +0800] "POST /xingrg/kc/buy/cgsh_list_operate.html HTTP/1.1" 200 342
116.235.222.38 - - [20/May/2021:09:33:18 +0800] "GET /xingrg/kc/buy/cgsh_order_operate.html?command=get_materiel&rest_code=00107&code=00101008096&supplier_code=00100006&order_time=2021-05-20 HTTP/1.1" 200 412
116.230.114.112 - - [20/May/2021:09:33:19 +0800] "GET /xingrg/kc/buy/cgsh_order_info.html?code=212021051807877 HTTP/1.1" 200 56901
116.230.114.112 - - [20/May/2021:09:33:19 +0800] "GET /xingrg/javascript/easyui/themes/default/validatebox.css HTTP/1.1" 404 1104
116.230.114.112 - - [20/May/2021:09:33:20 +0800] "POST /xingrg/kc/buy/cgsh_order_operate.html HTTP/1.1" 200 1777
114.88.162.5 - - [20/May/2021:09:33:21 +0800] "GET /xingrg/all/function/internal_message.html?_=1621474394241&CODE_STATE=getMsg HTTP/1.1" 200 27
116.235.222.38 - - [20/May/2021:09:33:21 +0800] "GET /xingrg/all/function/internal_message.html?_=1621474394989&CODE_STATE=getMsg HTTP/1.1" 200 27
116.230.114.112 - - [20/May/2021:09:33:22 +0800] "GET /xingrg/kc/print/load_config.html?kc_code=cgsh HTTP/1.1" 200 1845
116.230.114.112 - - [20/May/2021:09:33:22 +0800] "GET /xingrg/kc/print/load_data.html?order_code=212021051807877&kc_code=cgsh&condition= HTTP/1.1" 200 1185
116.230.114.112 - - [20/May/2021:09:33:27 +0800] "GET /xingrg/javascript/jquery_easy_ui/themes/default/images/tabs_active.png HTTP/1.1" 304 -
116.235.222.38 - - [20/May/2021:09:33:27 +0800] "GET /xingrg/kc/buy/cgsh_order_operate.html?command=get_materiel&rest_code=00107&code=00101008038&supplier_code=00100006&order_time=2021-05-20 HTTP/1.1" 200 412
117.185.32.26 - - [20/May/2021:09:33:28 +0800] "GET /favicon.ico HTTP/1.1" 404 -
172.20.0.100 - - [20/May/2021:09:33:29 +0800] "GET /xingrg/index.html?sysBaseUrl=http%3A%2F%2F172.17.0.8%3A18081%2Fxingrg%2F&costTime=213×tamp=1585200360465 HTTP/1.1" 302 -
172.20.0.100 - - [20/May/2021:09:33:29 +0800] "GET /xingrg/login.html HTTP/1.1" 200 7636
172.20.0.100 - - [20/May/2021:09:33:29 +0800] "GET /xingrg/images/blue/jxLogo.png HTTP/1.1" 200 6156
172.20.0.100 - - [20/May/2021:09:33:30 +0800] "GET /xingrg/images/blue/login_bg.png HTTP/1.1" 200 22101
172.20.0.100 - - [20/May/2021:09:33:30 +0800] "GET /xingrg/images/blue/hj.png HTTP/1.1" 200 1014
172.20.0.100 - - [20/May/2021:09:33:30 +0800] "GET /xingrg/images/blue/srbg.png HTTP/1.1" 200 138
172.20.0.100 - - [20/May/2021:09:33:30 +0800] "GET /favicon.ico HTTP/1.1" 404 -
172.20.0.100 - - [20/May/2021:09:33:31 +0800] "POST /xingrg/login.do HTTP/1.1" 302 -
172.20.0.100 - - [20/May/2021:09:33:31 +0800] "GET /xingrg/index.html?sysBaseUrl=http%3A%2F%2F172.20.0.8%3A18081%2Fxingrg%2F&costTime=57×tamp=1621474411837 HTTP/1.1" 200 17448
172.20.0.100 - - [20/May/2021:09:33:31 +0800] "GET /xingrg/javascript/jquery_easy_ui/themes/default/easyui.css HTTP/1.1" 200 26500
172.20.0.100 - - [20/May/2021:09:33:31 +0800] "GET /xingrg/javascript/jquery_easy_ui/themes/icon.css HTTP/1.1" 200 3949
172.20.0.100 - - [20/May/2021:09:33:31 +0800] "GET /xingrg/css/form.css HTTP/1.1" 200 893
172.20.0.100 - - [20/May/2021:09:33:31 +0800] "GET /xingrg/javascript/jquery-1.4.2.min.js HTTP/1.1" 200 72205
172.20.0.100 - - [20/May/2021:09:33:31 +0800] "GET /xingrg/javascript/jquery_easy_ui/jquery.easyui.min.js HTTP/1.1" 200 213662
172.20.0.100 - - [20/May/2021:09:33:31 +0800] "GET /xingrg/javascript/jquery_easy_ui/easyui-lang-zh_CN.js HTTP/1.1" 200 1900
172.20.0.100 - - [20/May/2021:09:33:31 +0800] "GET /xingrg/javascript/jquery.form.js HTTP/1.1" 200 23110
172.20.0.100 - - [20/May/2021:09:33:31 +0800] "GET /xingrg/javascript/jquery.utils.js HTTP/1.1" 200 11805
172.20.0.100 - - [20/May/2021:09:33:32 +0800] "GET /xingrg/javascript/jquery.timers.js HTTP/1.1" 200 3532
116.230.114.112 - - [20/May/2021:09:33:32 +0800] "POST /xingrg/kc/buy/cgsh_list_operate.html HTTP/1.1" 200 5404
172.20.0.100 - - [20/May/2021:09:33:32 +0800] "GET /favicon.ico HTTP/1.1" 404 -
172.20.0.100 - - [20/May/2021:09:33:32 +0800] "GET /xingrg/javascript/jquery_easy_ui/themes/icons/settle_new.png HTTP/1.1" 200 826
172.20.0.100 - - [20/May/2021:09:33:32 +0800] "GET /xingrg/images/blue/navBackgound.jpg HTTP/1.1" 200 12378
172.20.0.100 - - [20/May/2021:09:33:32 +0800] "POST /xingrg/all/common/load_tree.html?tree=area_rest_tree_json&manage=1 HTTP/1.1" 200 3344
172.20.0.100 - - [20/May/2021:09:33:32 +0800] "GET /xingrg/check_reg.html?_=1621474409393 HTTP/1.1" 200 22
172.20.0.100 - - [20/May/2021:09:33:32 +0800] "GET /xingrg/images/blue/pingpu.png HTTP/1.1" 200 231
172.20.0.100 - - [20/May/2021:09:33:32 +0800] "GET /xingrg/javascript/jquery_easy_ui/themes/default/images/tabs_leftarrow.png HTTP/1.1" 200 389
172.20.0.100 - - [20/May/2021:09:33:32 +0800] "GET /xingrg/all/function/internal_message.html?_=1621474409393&CODE_STATE=count HTTP/1.1" 200 11
172.20.0.100 - - [20/May/2021:09:33:32 +0800] "GET /xingrg/javascript/jquery_easy_ui/themes/default/images/tabs_rightarrow.png HTTP/1.1" 200 395
172.20.0.100 - - [20/May/2021:09:33:32 +0800] "GET /xingrg/javascript/jquery_easy_ui/themes/default/images/panel_tool_expand.gif HTTP/1.1" 200 247
172.20.0.100 - - [20/May/2021:09:33:32 +0800] "GET /xingrg/javascript/jquery_easy_ui/themes/default/images/panel_tool_collapse.gif HTTP/1.1" 200 246
172.20.0.100 - - [20/May/2021:09:33:32 +0800] "POST /xingrg/load_menu.html HTTP/1.1" 200 11529
114.83.217.67 - - [20/May/2021:09:33:32 +0800] "GET /xingrg/all/function/internal_message.html?_=1621474408945&CODE_STATE=getMsg HTTP/1.1" 200 27
172.20.0.100 - - [20/May/2021:09:33:32 +0800] "GET /xingrg/javascript/jquery_easy_ui/themes/default/images/tree_arrows.gif HTTP/1.1" 200 1043
172.20.0.100 - - [20/May/2021:09:33:32 +0800] "GET /xingrg/javascript/jquery_easy_ui/themes/default/images/tree_folder_open.gif HTTP/1.1" 200 956
172.20.0.100 - - [20/May/2021:09:33:32 +0800] "GET /xingrg/javascript/jquery_easy_ui/themes/icons/search_new.png HTTP/1.1" 200 586
172.20.0.100 - - [20/May/2021:09:33:32 +0800] "GET /xingrg/javascript/jquery_easy_ui/themes/icons/delivery_new.png HTTP/1.1" 200 700
172.20.0.100 - - [20/May/2021:09:33:32 +0800] "GET /xingrg/javascript/jquery_easy_ui/themes/icons/storage_new.png HTTP/1.1" 200 853
172.20.0.100 - - [20/May/2021:09:33:32 +0800] "GET /xingrg/javascript/jquery_easy_ui/themes/icons/checkout_new.png HTTP/1.1" 200 744
172.20.0.100 - - [20/May/2021:09:33:32 +0800] "GET /xingrg/javascript/jquery_easy_ui/themes/icons/forms_new.png HTTP/1.1" 200 350
172.20.0.100 - - [20/May/2021:09:33:32 +0800] "GET /xingrg/javascript/jquery_easy_ui/themes/icons/setting_new.png HTTP/1.1" 200 450
172.20.0.100 - - [20/May/2021:09:33:32 +0800] "GET /xingrg/javascript/jquery_easy_ui/themes/icons/systemset_new.png HTTP/1.1" 200 606
172.20.0.100 - - [20/May/2021:09:33:32 +0800] "GET /xingrg/javascript/jquery_easy_ui/themes/default/images/tree_file.gif HTTP/1.1" 200 118
172.20.0.100 - - [20/May/2021:09:33:33 +0800] "GET /xingrg/javascript/jquery_easy_ui/themes/default/images/tree_folder.gif HTTP/1.1" 200 952
172.20.0.100 - - [20/May/2021:09:33:33 +0800] "GET /xingrg/javascript/jquery_easy_ui/themes/default/images/button_plain_hover.png HTTP/1.1" 200 252
116.230.114.112 - - [20/May/2021:09:33:33 +0800] "POST /xingrg/kc/buy/cgsh_list_operate.html HTTP/1.1" 200 563
116.230.114.112 - - [20/May/2021:09:33:34 +0800] "GET /xingrg/all/function/internal_message.html?_=1621474425412&CODE_STATE=getMsg HTTP/1.1" 200 27
116.230.114.112 - - [20/May/2021:09:33:34 +0800] "GET /xingrg/kc/buy/cgsh_order_info.html?code=212021051707526 HTTP/1.1" 200 56901
116.230.114.112 - - [20/May/2021:09:33:34 +0800] "GET /xingrg/javascript/easyui/themes/icons/print.png HTTP/1.1" 304 -
116.230.114.112 - - [20/May/2021:09:33:34 +0800] "GET /xingrg/javascript/easyui/themes/default/images/menu_downarrow.png HTTP/1.1" 304 -
116.230.114.112 - - [20/May/2021:09:33:34 +0800] "GET /xingrg/javascript/easyui/themes/default/validatebox.css HTTP/1.1" 404 1104
172.20.0.100 - - [20/May/2021:09:33:35 +0800] "GET /xingrg/javascript/jquery_easy_ui/themes/icons/area.png HTTP/1.1" 200 262
172.20.0.100 - - [20/May/2021:09:33:35 +0800] "GET /xingrg/javascript/jquery_easy_ui/themes/icons/manage.png HTTP/1.1" 200 696
172.20.0.100 - - [20/May/2021:09:33:35 +0800] "GET /xingrg/javascript/jquery_easy_ui/themes/icons/rest.png HTTP/1.1" 200 695
172.20.0.100 - - [20/May/2021:09:33:35 +0800] "GET /xingrg/javascript/jquery_easy_ui/themes/default/images/button_a_bg.gif HTTP/1.1" 200 1194
172.20.0.100 - - [20/May/2021:09:33:35 +0800] "GET /xingrg/javascript/jquery_easy_ui/themes/default/images/button_span_bg.gif HTTP/1.1" 200 2061
172.20.0.100 - - [20/May/2021:09:33:35 +0800] "GET /xingrg/javascript/jquery_easy_ui/themes/icons/ok.png HTTP/1.1" 200 883
172.20.0.100 - - [20/May/2021:09:33:35 +0800] "GET /xingrg/javascript/jquery_easy_ui/themes/default/images/panel_title.png HTTP/1.1" 200 266
172.20.0.100 - - [20/May/2021:09:33:35 +0800] "GET /xingrg/javascript/jquery_easy_ui/themes/default/images/panel_tools.gif HTTP/1.1" 200 737
116.224.253.72 - - [20/May/2021:09:33:35 +0800] "GET /xingrg/kc/base/yddb_order_list.html HTTP/1.1" 200 16590
116.230.114.112 - - [20/May/2021:09:33:35 +0800] "POST /xingrg/kc/buy/cgsh_order_operate.html HTTP/1.1" 200 3545
116.224.253.72 - - [20/May/2021:09:33:35 +0800] "POST /xingrg/kc/base/yddb_list_operate.html HTTP/1.1" 200 636
116.224.253.72 - - [20/May/2021:09:33:36 +0800] "GET /xingrg/kc/base/yddb_order_add.html HTTP/1.1" 200 29745
116.224.253.72 - - [20/May/2021:09:33:36 +0800] "GET /xingrg/dwr/util.js HTTP/1.1" 304 -
116.224.253.72 - - [20/May/2021:09:33:36 +0800] "GET /xingrg/dwr/interface/AjaxYddbService.js HTTP/1.1" 200 13201
116.224.253.72 - - [20/May/2021:09:33:36 +0800] "GET /xingrg/dwr/interface/AjaxComOrderService.js HTTP/1.1" 200 18264
116.224.253.72 - - [20/May/2021:09:33:36 +0800] "GET /xingrg/dwr/engine.js HTTP/1.1" 200 43631
116.230.114.112 - - [20/May/2021:09:33:37 +0800] "GET /xingrg/kc/print/load_data.html?order_code=212021051707526&kc_code=cgsh&condition= HTTP/1.1" 200 1853
172.20.0.100 - - [20/May/2021:09:33:37 +0800] "GET /xingrg/all/function/internal_message.html?_=1621474416541&CODE_STATE=getMsg HTTP/1.1" 200 27
116.235.222.38 - - [20/May/2021:09:33:38 +0800] "GET /xingrg/kc/buy/cgsh_order_operate.html?command=get_materiel&rest_code=00107&code=00101008358&supplier_code=00100006&order_time=2021-05-20 HTTP/1.1" 200 412
116.224.253.72 - - [20/May/2021:09:33:39 +0800] "POST /xingrg/dwr/call/plaincall/AjaxYddbService.getRestBases.dwr HTTP/1.1" 200 1514
116.224.253.72 - - [20/May/2021:09:33:39 +0800] "GET /xingrg/all/function/internal_message.html?_=1621474397492&CODE_STATE=getMsg HTTP/1.1" 200 27
116.230.114.112 - - [20/May/2021:09:33:45 +0800] "GET /xingrg/check_reg.html?_=1621474436581 HTTP/1.1" 200 22
116.224.253.72 - - [20/May/2021:09:33:46 +0800] "POST /xingrg/dwr/call/plaincall/AjaxYddbService.saveOrder.dwr HTTP/1.1" 200 78
116.230.114.112 - - [20/May/2021:09:33:46 +0800] "POST /xingrg/kc/buy/cgsh_list_operate.html HTTP/1.1" 200 5404
116.224.253.72 - - [20/May/2021:09:33:46 +0800] "GET /xingrg/images/yd/bt.gif HTTP/1.1" 404 1040
58.37.225.51 - - [20/May/2021:09:33:46 +0800] "GET /xingrg/all/function/internal_message.html?_=1621474428093&CODE_STATE=getMsg HTTP/1.1" 200 27
116.233.73.73 - - [20/May/2021:09:33:46 +0800] "GET /xingrg/all/function/internal_message.html?_=1621474428436&CODE_STATE=getMsg HTTP/1.1" 200 27
114.83.217.67 - - [20/May/2021:09:33:47 +0800] "POST /xingrg/services/DataTransmitService HTTP/1.1" 200 45454
114.83.217.67 - - [20/May/2021:09:33:47 +0800] "POST /xingrg/services/DataTransmitService HTTP/1.1" 200 19237
116.230.114.112 - - [20/May/2021:09:33:47 +0800] "POST /xingrg/kc/buy/cgsh_list_operate.html HTTP/1.1" 200 570
117.185.32.26 - - [20/May/2021:09:33:47 +0800] "GET /xingrg/login.html HTTP/1.1" 200 7641
117.184.7.26 - - [20/May/2021:09:33:47 +0800] "GET /xingrg/all/function/internal_message.html?_=1621474420708&CODE_STATE=getMsg HTTP/1.1" 200 27
116.230.114.112 - - [20/May/2021:09:33:48 +0800] "GET /xingrg/kc/buy/cgsh_order_info.html?code=212021051607049 HTTP/1.1" 200 56901
116.230.114.112 - - [20/May/2021:09:33:48 +0800] "GET /xingrg/javascript/easyui/themes/default/validatebox.css HTTP/1.1" 404 1104
180.169.147.146 - - [20/May/2021:09:33:48 +0800] "GET /xingrg/all/function/internal_message.html?_=1621474426753&CODE_STATE=getMsg HTTP/1.1" 200 27
180.169.147.146 - - [20/May/2021:09:33:48 +0800] "GET /xingrg/check_reg.html?_=1621474426757 HTTP/1.1" 200 22
116.235.222.38 - - [20/May/2021:09:33:49 +0800] "GET /xingrg/kc/buy/cgsh_order_operate.html?command=get_materiel&rest_code=00107&code=00101008283&supplier_code=00100006&order_time=2021-05-20 HTTP/1.1" 200 408
116.230.114.112 - - [20/May/2021:09:33:49 +0800] "POST /xingrg/kc/buy/cgsh_order_operate.html HTTP/1.1" 200 4732
116.224.253.72 - - [20/May/2021:09:33:49 +0800] "POST /xingrg/dwr/call/plaincall/AjaxComOrderService.getMaterielSearchList.dwr HTTP/1.1" 200 1428
116.224.253.72 - - [20/May/2021:09:33:50 +0800] "POST /xingrg/dwr/call/plaincall/AjaxComOrderService.getMaterielSearchList.dwr HTTP/1.1" 200 464
117.185.32.26 - - [20/May/2021:09:33:51 +0800] "GET /favicon.ico HTTP/1.1" 404 -
116.230.114.112 - - [20/May/2021:09:33:51 +0800] "GET /xingrg/kc/print/load_data.html?order_code=212021051607049&kc_code=cgsh&condition= HTTP/1.1" 200 2303
116.224.253.72 - - [20/May/2021:09:33:51 +0800] "POST /xingrg/dwr/call/plaincall/AjaxYddbService.getMaterielByMap.dwr HTTP/1.1" 200 3749
120.253.135.82 - - [20/May/2021:09:33:52 +0800] "GET /xingrg/all/function/internal_message.html?_=1621474482597&CODE_STATE=getMsg HTTP/1.1" 200 27
116.224.253.72 - - [20/May/2021:09:33:53 +0800] "POST /xingrg/dwr/call/plaincall/AjaxYddbService.getUnitPrice.dwr HTTP/1.1" 200 86
117.185.32.26 - - [20/May/2021:09:33:53 +0800] "POST /xingrg/login.do HTTP/1.1" 302 -
117.185.32.26 - - [20/May/2021:09:33:54 +0800] "GET /xingrg/index.html?sysBaseUrl=http%3A%2F%2F180.169.147.146%3A18081%2Fxingrg%2F&costTime=52×tamp=1621474433997 HTTP/1.1" 200 17173
114.83.217.67 - - [20/May/2021:09:33:54 +0800] "POST /xingrg/services/DataTransmitService HTTP/1.1" 200 524
117.185.32.26 - - [20/May/2021:09:33:54 +0800] "GET /favicon.ico HTTP/1.1" 404 -
117.185.32.26 - - [20/May/2021:09:33:54 +0800] "POST /xingrg/all/common/load_tree.html?tree=area_rest_tree_json&manage=1 HTTP/1.1" 200 342
117.185.32.26 - - [20/May/2021:09:33:55 +0800] "GET /xingrg/all/function/internal_message.html?_=1621474427123&CODE_STATE=count HTTP/1.1" 200 11
117.185.32.26 - - [20/May/2021:09:33:55 +0800] "GET /xingrg/check_reg.html?_=1621474427124 HTTP/1.1" 200 22
117.185.32.26 - - [20/May/2021:09:33:55 +0800] "POST /xingrg/load_menu.html HTTP/1.1" 200 5138
116.224.253.72 - - [20/May/2021:09:33:55 +0800] "GET /xingrg/images/yd/bt2.gif HTTP/1.1" 404 1042
116.224.253.72 - - [20/May/2021:09:33:56 +0800] "POST /xingrg/dwr/call/plaincall/AjaxYddbService.saveMaterielItem.dwr HTTP/1.1" 200 78
116.224.253.72 - - [20/May/2021:09:33:57 +0800] "GET /xingrg/all/function/internal_message.html?_=1621474435862&CODE_STATE=getMsg HTTP/1.1" 200 27
114.83.217.67 - - [20/May/2021:09:33:58 +0800] "POST /xingrg/services/DataTransmitService HTTP/1.1" 200 501
116.224.253.72 - - [20/May/2021:09:33:59 +0800] "POST /xingrg/dwr/call/plaincall/AjaxComOrderService.getMaterielSearchList.dwr HTTP/1.1" 200 1428
116.224.253.72 - - [20/May/2021:09:34:00 +0800] "POST /xingrg/dwr/call/plaincall/AjaxComOrderService.getMaterielSearchList.dwr HTTP/1.1" 200 464
116.235.222.38 - - [20/May/2021:09:34:00 +0800] "GET /xingrg/kc/buy/cgsh_order_operate.html?command=get_materiel&rest_code=00107&code=00101008144&supplier_code=00100006&order_time=2021-05-20 HTTP/1.1" 200 412
116.224.253.72 - - [20/May/2021:09:34:01 +0800] "POST /xingrg/dwr/call/plaincall/AjaxYddbService.getMaterielByMap.dwr HTTP/1.1" 200 3746
116.230.114.112 - - [20/May/2021:09:34:02 +0800] "POST /xingrg/kc/buy/cgsh_list_operate.html HTTP/1.1" 200 5404
116.224.253.72 - - [20/May/2021:09:34:03 +0800] "POST /xingrg/dwr/call/plaincall/AjaxYddbService.getUnitPrice.dwr HTTP/1.1" 200 88
116.230.114.112 - - [20/May/2021:09:34:03 +0800] "POST /xingrg/kc/buy/cgsh_list_operate.html HTTP/1.1" 200 568
180.169.147.146 - - [20/May/2021:09:34:03 +0800] "GET /xingrg/all/function/internal_message.html?_=1621474444415&CODE_STATE=getMsg HTTP/1.1" 200 27
116.230.114.112 - - [20/May/2021:09:34:04 +0800] "GET /xingrg/kc/buy/cgsh_order_info.html?code=212021051506400 HTTP/1.1" 200 56901
116.230.114.112 - - [20/May/2021:09:34:05 +0800] "GET /xingrg/javascript/easyui/themes/default/validatebox.css HTTP/1.1" 404 1104
116.230.114.112 - - [20/May/2021:09:34:05 +0800] "POST /xingrg/kc/buy/cgsh_order_operate.html HTTP/1.1" 200 3554
114.83.217.67 - - [20/May/2021:09:34:06 +0800] "POST /xingrg/services/DataTransmitService HTTP/1.1" 200 524
180.169.147.146 - - [20/May/2021:09:34:06 +0800] "GET /xingrg/all/function/internal_message.html?_=1621474439120&CODE_STATE=getMsg HTTP/1.1" 200 27
116.230.114.112 - - [20/May/2021:09:34:07 +0800] "GET /xingrg/kc/print/load_data.html?order_code=212021051506400&kc_code=cgsh&condition= HTTP/1.1" 200 1859
116.224.253.72 - - [20/May/2021:09:34:07 +0800] "POST /xingrg/dwr/call/plaincall/AjaxYddbService.saveMaterielItem.dwr HTTP/1.1" 200 79
61.165.42.208 - - [20/May/2021:09:34:08 +0800] "GET /xingrg/all/function/internal_message.html?_=1621474427712&CODE_STATE=getMsg HTTP/1.1" 200 27
61.165.42.208 - - [20/May/2021:09:34:08 +0800] "GET /xingrg/check_reg.html?_=1621474428042 HTTP/1.1" 200 22
116.224.253.72 - - [20/May/2021:09:34:10 +0800] "POST /xingrg/dwr/call/plaincall/AjaxComOrderService.getMaterielSearchList.dwr HTTP/1.1" 200 25000
116.230.114.112 - - [20/May/2021:09:34:10 +0800] "GET /xingrg/all/function/internal_message.html?_=1621474459744&CODE_STATE=getMsg HTTP/1.1" 302 -
116.230.110.80 - - [20/May/2021:09:34:11 +0800] "GET /xingrg/all/function/internal_message.html?_=1621474446976&CODE_STATE=getMsg HTTP/1.1" 200 27
116.230.110.80 - - [20/May/2021:09:34:11 +0800] "GET /xingrg/check_reg.html?_=1621474446976 HTTP/1.1" 200 22
