116.235.222.38 - - [20/May/2021:09:10:23 +0800] "GET /xingrg/kc/buy/cgsh_order_operate.html?command=get_materiel&rest_code=00107&code=00101006175&supplier_code=00100010&order_time=2021-05-20 HTTP/1.1" 200 414
180.169.147.146 - - [20/May/2021:09:10:24 +0800] "GET /xingrg/all/function/internal_message.html?_=1621473025213&CODE_STATE=getMsg HTTP/1.1" 200 27
116.233.73.73 - - [20/May/2021:09:10:26 +0800] "GET /xingrg/kc/buy/cgsh_order_operate.html?command=get_materiel&rest_code=00109&code=00101008286&supplier_code=00100005&order_time=2021-05-20 HTTP/1.1" 200 408
116.233.73.73 - - [20/May/2021:09:10:31 +0800] "GET /xingrg/kc/buy/cgsh_order_operate.html?command=get_materiel&rest_code=00109&code=00101008114&supplier_code=00100005&order_time=2021-05-20 HTTP/1.1" 200 412
114.83.217.67 - - [20/May/2021:09:10:32 +0800] "GET /xingrg/check_reg.html?_=1621473028861 HTTP/1.1" 200 22
114.83.217.67 - - [20/May/2021:09:10:32 +0800] "GET /xingrg/all/function/internal_message.html?_=1621473028878&CODE_STATE=getMsg HTTP/1.1" 200 27
116.233.73.73 - - [20/May/2021:09:10:32 +0800] "POST /xingrg/kc/buy/cgsh_order_operate.html HTTP/1.1" 200 2065
116.230.114.112 - - [20/May/2021:09:10:33 +0800] "GET /xingrg/all/function/internal_message.html?_=1621473044613&CODE_STATE=getMsg HTTP/1.1" 200 27
116.233.73.73 - - [20/May/2021:09:10:33 +0800] "GET /xingrg/all/function/internal_message.html?_=1621473035289&CODE_STATE=getMsg HTTP/1.1" 200 27
116.235.222.38 - - [20/May/2021:09:10:37 +0800] "POST /xingrg/kc/buy/cgsh_order_operate.html HTTP/1.1" 200 37
116.224.253.72 - - [20/May/2021:09:10:38 +0800] "GET /xingrg/all/function/internal_message.html?_=1621473016850&CODE_STATE=getMsg HTTP/1.1" 200 27
116.233.73.73 - - [20/May/2021:09:10:38 +0800] "GET /xingrg/kc/buy/cgsh_order_operate.html?command=get_materiel&rest_code=00109&code=00101008125&supplier_code=00100005&order_time=2021-05-20 HTTP/1.1" 200 413
116.235.222.38 - - [20/May/2021:09:10:39 +0800] "POST /xingrg/kc/buy/cgsh_order_operate.html HTTP/1.1" 200 5607
116.235.222.38 - - [20/May/2021:09:10:40 +0800] "GET /xingrg/kc/print/load_data.html?order_code=212021052008785&kc_code=cgsh&condition= HTTP/1.1" 200 1844
116.233.73.73 - - [20/May/2021:09:10:44 +0800] "GET /xingrg/kc/buy/cgsh_order_operate.html?command=get_materiel&rest_code=00109&code=00101008109&supplier_code=00100005&order_time=2021-05-20 HTTP/1.1" 200 413
116.235.222.38 - - [20/May/2021:09:10:45 +0800] "GET /xingrg/kc/buy/cgsh_order_add.html HTTP/1.1" 200 62079
116.235.222.38 - - [20/May/2021:09:10:46 +0800] "GET /xingrg/javascript/easyui/themes/default/validatebox.css HTTP/1.1" 404 1104
116.235.222.38 - - [20/May/2021:09:10:46 +0800] "POST /xingrg/kc/buy/cgsh_order_operate.html HTTP/1.1" 200 8245
58.37.225.51 - - [20/May/2021:09:10:46 +0800] "GET /xingrg/all/function/internal_message.html?_=1621473048039&CODE_STATE=getMsg HTTP/1.1" 200 27
116.235.222.38 - - [20/May/2021:09:10:47 +0800] "GET /xingrg/javascript/easyui/themes/default/tree.css HTTP/1.1" 404 1090
116.235.222.38 - - [20/May/2021:09:10:47 +0800] "POST /xingrg/all/common/load_tree.html?tree=supplier_tree_json&isDelete=1 HTTP/1.1" 200 55318
117.184.7.26 - - [20/May/2021:09:10:47 +0800] "GET /xingrg/all/function/internal_message.html?_=1621473040686&CODE_STATE=getMsg HTTP/1.1" 200 27
180.169.147.146 - - [20/May/2021:09:10:48 +0800] "GET /xingrg/all/function/internal_message.html?_=1621473046719&CODE_STATE=getMsg HTTP/1.1" 200 27
120.253.135.82 - - [20/May/2021:09:10:51 +0800] "GET /xingrg/all/function/internal_message.html?_=1621473101644&CODE_STATE=getMsg HTTP/1.1" 200 27
116.224.253.72 - - [20/May/2021:09:10:57 +0800] "GET /xingrg/all/function/internal_message.html?_=1621473055717&CODE_STATE=getMsg HTTP/1.1" 200 27
61.165.42.208 - - [20/May/2021:09:10:58 +0800] "GET /xingrg/kc/buy/cgsh_order_operate.html?command=get_materiel&rest_code=00105&code=00101008105&supplier_code=00100203&order_time=2021-05-20 HTTP/1.1" 200 412
116.235.222.38 - - [20/May/2021:09:11:03 +0800] "GET /xingrg/kc/buy/cgsh_order_operate.html?command=get_materiel&rest_code=00107&code=00101007075&supplier_code=00100002&order_time=2021-05-20 HTTP/1.1" 200 408
180.169.147.146 - - [20/May/2021:09:11:06 +0800] "GET /xingrg/all/function/internal_message.html?_=1621473059563&CODE_STATE=getMsg HTTP/1.1" 200 27
61.165.42.208 - - [20/May/2021:09:11:08 +0800] "GET /xingrg/all/function/internal_message.html?_=1621473048081&CODE_STATE=getMsg HTTP/1.1" 200 27
116.230.114.112 - - [20/May/2021:09:11:10 +0800] "GET /xingrg/all/function/internal_message.html?_=1621473079441&CODE_STATE=getMsg HTTP/1.1" 302 -
116.230.110.80 - - [20/May/2021:09:11:11 +0800] "GET /xingrg/all/function/internal_message.html?_=1621473066990&CODE_STATE=getMsg HTTP/1.1" 200 27
120.253.135.82 - - [20/May/2021:09:11:12 +0800] "GET /xingrg/all/function/internal_message.html?_=1621472852564&CODE_STATE=getMsg HTTP/1.1" 200 27
61.165.42.208 - - [20/May/2021:09:11:14 +0800] "GET /xingrg/kc/buy/cgsh_order_operate.html?command=get_materiel&rest_code=00105&code=00101008119&supplier_code=00100203&order_time=2021-05-20 HTTP/1.1" 200 412
58.221.95.50 - - [20/May/2021:09:11:14 +0800] "GET /xingrg/check_reg.html?_=1621473074508 HTTP/1.1" 302 -
116.235.222.38 - - [20/May/2021:09:11:19 +0800] "GET /xingrg/kc/buy/cgsh_order_operate.html?command=get_materiel&rest_code=00107&code=00101007052&supplier_code=00100002&order_time=2021-05-20 HTTP/1.1" 200 409
116.235.222.38 - - [20/May/2021:09:11:21 +0800] "GET /xingrg/all/function/internal_message.html?_=1621473074875&CODE_STATE=getMsg HTTP/1.1" 200 27
114.88.162.5 - - [20/May/2021:09:11:21 +0800] "GET /xingrg/all/function/internal_message.html?_=1621473074400&CODE_STATE=getMsg HTTP/1.1" 200 27
180.169.147.146 - - [20/May/2021:09:11:22 +0800] "POST /xingrg/all/user/operate.html HTTP/1.1" 200 36
180.169.147.146 - - [20/May/2021:09:11:22 +0800] "GET /xingrg/index.html?sysBaseUrl=http%3A%2F%2F180.169.147.146%3A18081%2Fxingrg%2F&costTime=43×tamp=1621472731541 HTTP/1.1" 200 17503
180.169.147.146 - - [20/May/2021:09:11:22 +0800] "GET /xingrg/javascript/jquery_easy_ui/themes/default/easyui.css HTTP/1.1" 304 -
180.169.147.146 - - [20/May/2021:09:11:22 +0800] "GET /xingrg/javascript/jquery_easy_ui/themes/icon.css HTTP/1.1" 304 -
180.169.147.146 - - [20/May/2021:09:11:22 +0800] "GET /xingrg/css/form.css HTTP/1.1" 304 -
180.169.147.146 - - [20/May/2021:09:11:22 +0800] "GET /xingrg/javascript/jquery-1.4.2.min.js HTTP/1.1" 304 -
180.169.147.146 - - [20/May/2021:09:11:22 +0800] "GET /xingrg/javascript/jquery_easy_ui/jquery.easyui.min.js HTTP/1.1" 304 -
180.169.147.146 - - [20/May/2021:09:11:22 +0800] "GET /xingrg/javascript/jquery_easy_ui/easyui-lang-zh_CN.js HTTP/1.1" 304 -
180.169.147.146 - - [20/May/2021:09:11:22 +0800] "GET /xingrg/javascript/jquery.form.js HTTP/1.1" 304 -
180.169.147.146 - - [20/May/2021:09:11:22 +0800] "GET /xingrg/javascript/jquery.utils.js HTTP/1.1" 304 -
180.169.147.146 - - [20/May/2021:09:11:22 +0800] "GET /xingrg/javascript/jquery.timers.js HTTP/1.1" 304 -
180.169.147.146 - - [20/May/2021:09:11:22 +0800] "GET /xingrg/images/blue/jxLogo.png HTTP/1.1" 304 -
180.169.147.146 - - [20/May/2021:09:11:22 +0800] "GET /xingrg/javascript/jquery_easy_ui/themes/icons/settle_new.png HTTP/1.1" 304 -
180.169.147.146 - - [20/May/2021:09:11:22 +0800] "GET /xingrg/images/blue/navBackgound.jpg HTTP/1.1" 304 -
180.169.147.146 - - [20/May/2021:09:11:22 +0800] "POST /xingrg/all/common/load_tree.html?tree=area_rest_tree_json&manage=1 HTTP/1.1" 200 3216
180.169.147.146 - - [20/May/2021:09:11:22 +0800] "GET /xingrg/all/function/internal_message.html?_=1621473082949&CODE_STATE=count HTTP/1.1" 200 11
180.169.147.146 - - [20/May/2021:09:11:22 +0800] "GET /xingrg/check_reg.html?_=1621473082950 HTTP/1.1" 200 22
180.169.147.146 - - [20/May/2021:09:11:22 +0800] "GET /xingrg/javascript/jquery_easy_ui/themes/default/images/panel_tool_expand.gif HTTP/1.1" 304 -
180.169.147.146 - - [20/May/2021:09:11:22 +0800] "GET /xingrg/images/blue/pingpu.png HTTP/1.1" 304 -
180.169.147.146 - - [20/May/2021:09:11:22 +0800] "GET /xingrg/javascript/jquery_easy_ui/themes/default/images/tabs_leftarrow.png HTTP/1.1" 304 -
180.169.147.146 - - [20/May/2021:09:11:22 +0800] "GET /xingrg/javascript/jquery_easy_ui/themes/default/images/panel_tool_collapse.gif HTTP/1.1" 304 -
180.169.147.146 - - [20/May/2021:09:11:22 +0800] "GET /xingrg/javascript/jquery_easy_ui/themes/default/images/tabs_rightarrow.png HTTP/1.1" 304 -
180.169.147.146 - - [20/May/2021:09:11:22 +0800] "POST /xingrg/load_menu.html HTTP/1.1" 200 11564
180.169.147.146 - - [20/May/2021:09:11:25 +0800] "GET /xingrg/kc/report/report_main.html HTTP/1.1" 200 9370
180.169.147.146 - - [20/May/2021:09:11:28 +0800] "GET /xingrg/all/report/report_query.html?fileName=kc/buy/gys_amount_base_rest.xml HTTP/1.1" 200 51664
180.169.147.146 - - [20/May/2021:09:11:28 +0800] "GET /xingrg/dwr/interface/AjaxReportQueryService.js HTTP/1.1" 200 13203
180.169.147.146 - - [20/May/2021:09:11:28 +0800] "GET /xingrg/dwr/engine.js HTTP/1.1" 200 43631
180.169.147.146 - - [20/May/2021:09:11:28 +0800] "POST /xingrg/dwr/call/plaincall/AjaxReportQueryService.getFixDate.dwr HTTP/1.1" 200 111
180.169.147.146 - - [20/May/2021:09:11:29 +0800] "POST /xingrg/all/common/load_tree.html?tree=area_rest_tree_json&manage=1 HTTP/1.1" 200 3216
180.169.147.146 - - [20/May/2021:09:11:29 +0800] "POST /xingrg/all/common/load_tree.html?tree=supplier_tree_json&manage=1 HTTP/1.1" 200 56175
116.235.222.38 - - [20/May/2021:09:11:29 +0800] "GET /xingrg/kc/buy/cgsh_order_operate.html?command=get_materiel&rest_code=00107&code=00101007049&supplier_code=00100002&order_time=2021-05-20 HTTP/1.1" 200 409
180.169.147.146 - - [20/May/2021:09:11:31 +0800] "POST /xingrg/dwr/call/plaincall/AjaxReportQueryService.getFixDate.dwr HTTP/1.1" 200 111
114.83.217.67 - - [20/May/2021:09:11:32 +0800] "GET /xingrg/all/function/internal_message.html?_=1621473088861&CODE_STATE=getMsg HTTP/1.1" 200 27
116.230.114.112 - - [20/May/2021:09:11:33 +0800] "GET /xingrg/all/function/internal_message.html?_=1621473104757&CODE_STATE=getMsg HTTP/1.1" 200 27
61.165.42.208 - - [20/May/2021:09:11:33 +0800] "GET /xingrg/kc/buy/cgsh_order_operate.html?command=get_materiel&rest_code=00105&code=00101008185&supplier_code=00100203&order_time=2021-05-20 HTTP/1.1" 200 408
116.233.73.73 - - [20/May/2021:09:11:33 +0800] "GET /xingrg/all/function/internal_message.html?_=1621473095289&CODE_STATE=getMsg HTTP/1.1" 200 27
116.224.253.72 - - [20/May/2021:09:11:38 +0800] "GET /xingrg/all/function/internal_message.html?_=1621473076865&CODE_STATE=getMsg HTTP/1.1" 200 27
116.235.222.38 - - [20/May/2021:09:11:44 +0800] "GET /xingrg/kc/buy/cgsh_order_operate.html?command=get_materiel&rest_code=00107&code=00101007045&supplier_code=00100002&order_time=2021-05-20 HTTP/1.1" 200 409
61.129.6.151 - - [20/May/2021:09:11:46 +0800] "GET /xingrg/all/function/internal_message.html?_=1621473048039&CODE_STATE=getMsg HTTP/1.1" 302 -
61.129.6.151 - - [20/May/2021:09:11:46 +0800] "GET /xingrg/login.html HTTP/1.1" 200 7641
58.37.225.51 - - [20/May/2021:09:11:46 +0800] "GET /xingrg/check_reg.html?_=1621473108043 HTTP/1.1" 200 22
58.37.225.51 - - [20/May/2021:09:11:46 +0800] "GET /xingrg/all/function/internal_message.html?_=1621473108041&CODE_STATE=getMsg HTTP/1.1" 200 27
117.184.7.26 - - [20/May/2021:09:11:47 +0800] "GET /xingrg/check_reg.html?_=1621473100685 HTTP/1.1" 200 22
117.184.7.26 - - [20/May/2021:09:11:47 +0800] "GET /xingrg/all/function/internal_message.html?_=1621473100686&CODE_STATE=getMsg HTTP/1.1" 200 27
180.169.147.146 - - [20/May/2021:09:11:48 +0800] "GET /xingrg/all/function/internal_message.html?_=1621473106744&CODE_STATE=getMsg HTTP/1.1" 200 27
120.253.135.82 - - [20/May/2021:09:11:51 +0800] "GET /xingrg/all/function/internal_message.html?_=1621473161658&CODE_STATE=getMsg HTTP/1.1" 200 27
114.88.162.5 - - [20/May/2021:09:11:52 +0800] "GET /xingrg/kc/buy/cgsh_order_operate.html?command=get_materiel&rest_code=00111&code=00101008351&supplier_code=00100005&order_time=2021-05-20 HTTP/1.1" 200 408
180.169.147.146 - - [20/May/2021:09:11:55 +0800] "POST /xingrg/dwr/call/plaincall/AjaxReportQueryService.refreshCache.dwr HTTP/1.1" 200 78
61.165.42.208 - - [20/May/2021:09:11:55 +0800] "GET /xingrg/kc/buy/cgsh_order_operate.html?command=get_materiel&rest_code=00105&code=00101008125&supplier_code=00100203&order_time=2021-05-20 HTTP/1.1" 200 413
180.169.147.146 - - [20/May/2021:09:11:56 +0800] "POST /xingrg/all/report/load_report_page.html HTTP/1.1" 200 309581
180.169.147.146 - - [20/May/2021:09:11:56 +0800] "GET /xingrg/servlets/image?cache=0.36311490254280876&image=px HTTP/1.1" 200 807
116.224.253.72 - - [20/May/2021:09:11:57 +0800] "GET /xingrg/all/function/internal_message.html?_=1621473115717&CODE_STATE=getMsg HTTP/1.1" 200 27
116.230.114.112 - - [20/May/2021:09:11:58 +0800] "GET /xingrg/check_reg.html?_=1621473127411 HTTP/1.1" 302 -
61.165.42.208 - - [20/May/2021:09:12:03 +0800] "POST /xingrg/kc/buy/cgsh_order_operate.html HTTP/1.1" 200 2065
116.235.222.38 - - [20/May/2021:09:12:04 +0800] "GET /xingrg/kc/buy/cgsh_order_operate.html?command=get_materiel&rest_code=00107&code=00101007104&supplier_code=00100002&order_time=2021-05-20 HTTP/1.1" 200 408
180.169.147.146 - - [20/May/2021:09:12:06 +0800] "GET /xingrg/all/function/internal_message.html?_=1621473119533&CODE_STATE=getMsg HTTP/1.1" 200 27
114.88.162.5 - - [20/May/2021:09:12:06 +0800] "POST /xingrg/kc/buy/cgsh_order_operate.html HTTP/1.1" 200 37
61.165.42.208 - - [20/May/2021:09:12:08 +0800] "GET /xingrg/all/function/internal_message.html?_=1621473108052&CODE_STATE=getMsg HTTP/1.1" 200 27
114.88.162.5 - - [20/May/2021:09:12:08 +0800] "POST /xingrg/kc/buy/cgsh_order_operate.html HTTP/1.1" 200 42884
114.88.162.5 - - [20/May/2021:09:12:09 +0800] "GET /xingrg/kc/print/load_data.html?order_code=212021052008786&kc_code=cgsh&condition= HTTP/1.1" 200 15909
116.230.114.112 - - [20/May/2021:09:12:10 +0800] "GET /xingrg/all/function/internal_message.html?_=1621473139446&CODE_STATE=getMsg HTTP/1.1" 302 -
116.230.110.80 - - [20/May/2021:09:12:11 +0800] "GET /xingrg/all/function/internal_message.html?_=1621473126983&CODE_STATE=getMsg HTTP/1.1" 200 27
116.235.222.38 - - [20/May/2021:09:12:11 +0800] "POST /xingrg/kc/buy/cgsh_order_operate.html HTTP/1.1" 200 37
116.235.222.38 - - [20/May/2021:09:12:12 +0800] "POST /xingrg/kc/buy/cgsh_order_operate.html HTTP/1.1" 200 4411
120.253.135.82 - - [20/May/2021:09:12:12 +0800] "GET /xingrg/all/function/internal_message.html?_=1621472912566&CODE_STATE=getMsg HTTP/1.1" 200 27
116.235.222.38 - - [20/May/2021:09:12:14 +0800] "GET /xingrg/kc/print/load_data.html?order_code=212021052008787&kc_code=cgsh&condition= HTTP/1.1" 200 1399
114.83.217.67 - - [20/May/2021:09:12:15 +0800] "POST /xingrg/services/DataTransmitService HTTP/1.1" 200 524
114.83.217.67 - - [20/May/2021:09:12:15 +0800] "POST /xingrg/services/DataTransmitService HTTP/1.1" 200 1983
116.235.222.38 - - [20/May/2021:09:12:21 +0800] "GET /xingrg/all/function/internal_message.html?_=1621473134867&CODE_STATE=getMsg HTTP/1.1" 200 27
114.88.162.5 - - [20/May/2021:09:12:21 +0800] "GET /xingrg/all/function/internal_message.html?_=1621473134390&CODE_STATE=getMsg HTTP/1.1" 200 27
180.169.147.146 - - [20/May/2021:09:12:22 +0800] "GET /xingrg/all/function/internal_message.html?_=1621473142953&CODE_STATE=getMsg HTTP/1.1" 200 27
114.88.162.5 - - [20/May/2021:09:12:23 +0800] "GET /xingrg/kc/buy/cgsh_order_add.html HTTP/1.1" 200 61991
114.88.162.5 - - [20/May/2021:09:12:23 +0800] "POST /xingrg/kc/buy/cgsh_order_operate.html HTTP/1.1" 200 8245
114.88.162.5 - - [20/May/2021:09:12:23 +0800] "GET /xingrg/javascript/easyui/themes/default/validatebox.css HTTP/1.1" 404 1104
116.235.222.38 - - [20/May/2021:09:12:24 +0800] "GET /xingrg/index.html?sysBaseUrl=http%3A%2F%2F180.169.147.146%3A18081%2Fxingrg%2F&costTime=33×tamp=1585306063269 HTTP/1.1" 302 -
116.235.222.38 - - [20/May/2021:09:12:24 +0800] "GET /xingrg/login.html HTTP/1.1" 200 7641
114.83.217.67 - - [20/May/2021:09:12:25 +0800] "POST /xingrg/services/DataTransmitService HTTP/1.1" 200 524
114.83.217.67 - - [20/May/2021:09:12:25 +0800] "POST /xingrg/services/DataTransmitService HTTP/1.1" 200 1983
114.83.217.67 - - [20/May/2021:09:12:32 +0800] "GET /xingrg/all/function/internal_message.html?_=1621473148873&CODE_STATE=getMsg HTTP/1.1" 200 27
116.230.114.112 - - [20/May/2021:09:12:33 +0800] "GET /xingrg/all/function/internal_message.html?_=1621473164765&CODE_STATE=getMsg HTTP/1.1" 200 27
116.233.73.73 - - [20/May/2021:09:12:33 +0800] "GET /xingrg/all/function/internal_message.html?_=1621473155293&CODE_STATE=getMsg HTTP/1.1" 200 27
114.88.162.5 - - [20/May/2021:09:12:35 +0800] "GET /xingrg/kc/buy/cgsh_order_operate.html?command=get_materiel&rest_code=00111&code=00101007061&supplier_code=00100004&order_time=2021-05-20 HTTP/1.1" 200 409
116.224.253.72 - - [20/May/2021:09:12:38 +0800] "GET /xingrg/all/function/internal_message.html?_=1621473136921&CODE_STATE=getMsg HTTP/1.1" 200 27
114.83.217.67 - - [20/May/2021:09:12:41 +0800] "POST /xingrg/services/DataTransmitService HTTP/1.1" 200 524
180.169.147.146 - - [20/May/2021:09:12:42 +0800] "GET /xingrg/check_reg.html?_=1621473155058 HTTP/1.1" 200 22
58.37.225.51 - - [20/May/2021:09:12:46 +0800] "GET /xingrg/all/function/internal_message.html?_=1621473168043&CODE_STATE=getMsg HTTP/1.1" 200 27
114.88.162.5 - - [20/May/2021:09:12:47 +0800] "GET /xingrg/kc/buy/cgsh_order_operate.html?command=get_materiel&rest_code=00111&code=00101007076&supplier_code=00100004&order_time=2021-05-20 HTTP/1.1" 200 410
117.184.7.26 - - [20/May/2021:09:12:47 +0800] "GET /xingrg/all/function/internal_message.html?_=1621473160685&CODE_STATE=getMsg HTTP/1.1" 200 27
180.169.147.146 - - [20/May/2021:09:12:48 +0800] "GET /xingrg/all/function/internal_message.html?_=1621473166732&CODE_STATE=getMsg HTTP/1.1" 200 27
120.253.135.82 - - [20/May/2021:09:12:51 +0800] "GET /xingrg/all/function/internal_message.html?_=1621473221749&CODE_STATE=getMsg HTTP/1.1" 200 27
116.224.253.72 - - [20/May/2021:09:12:57 +0800] "GET /xingrg/all/function/internal_message.html?_=1621473175729&CODE_STATE=getMsg HTTP/1.1" 200 27
61.165.42.208 - - [20/May/2021:09:13:00 +0800] "GET /xingrg/kc/buy/cgsh_order_operate.html?command=get_materiel&rest_code=00105&code=00101008101&supplier_code=00100203&order_time=2021-05-20 HTTP/1.1" 200 412
114.88.162.5 - - [20/May/2021:09:13:03 +0800] "GET /xingrg/kc/buy/cgsh_order_operate.html?command=get_materiel&rest_code=00111&code=00101007085&supplier_code=00100004&order_time=2021-05-20 HTTP/1.1" 200 413
180.169.147.146 - - [20/May/2021:09:13:06 +0800] "GET /xingrg/all/function/internal_message.html?_=1621473179504&CODE_STATE=getMsg HTTP/1.1" 200 27
61.165.42.208 - - [20/May/2021:09:13:08 +0800] "GET /xingrg/all/function/internal_message.html?_=1621473168058&CODE_STATE=getMsg HTTP/1.1" 200 27
116.230.114.112 - - [20/May/2021:09:13:10 +0800] "GET /xingrg/all/function/internal_message.html?_=1621473199468&CODE_STATE=getMsg HTTP/1.1" 302 -
116.230.110.80 - - [20/May/2021:09:13:11 +0800] "GET /xingrg/all/function/internal_message.html?_=1621473186985&CODE_STATE=getMsg HTTP/1.1" 200 27
120.253.135.82 - - [20/May/2021:09:13:12 +0800] "GET /xingrg/check_reg.html?_=1621472971645 HTTP/1.1" 200 22
120.253.135.82 - - [20/May/2021:09:13:12 +0800] "GET /xingrg/all/function/internal_message.html?_=1621472972579&CODE_STATE=getMsg HTTP/1.1" 200 27
116.224.253.72 - - [20/May/2021:09:13:16 +0800] "GET /xingrg/check_reg.html?_=1621473175163 HTTP/1.1" 200 22
114.88.162.5 - - [20/May/2021:09:13:20 +0800] "GET /xingrg/kc/buy/cgsh_order_operate.html?command=get_materiel&rest_code=00111&code=00101007077&supplier_code=00100004&order_time=2021-05-20 HTTP/1.1" 200 415
116.235.222.38 - - [20/May/2021:09:13:21 +0800] "GET /xingrg/all/function/internal_message.html?_=1621473194849&CODE_STATE=getMsg HTTP/1.1" 200 27
114.88.162.5 - - [20/May/2021:09:13:21 +0800] "GET /xingrg/all/function/internal_message.html?_=1621473194365&CODE_STATE=getMsg HTTP/1.1" 200 27
116.233.73.73 - - [20/May/2021:09:13:22 +0800] "GET /xingrg/kc/buy/cgsh_order_operate.html?command=get_materiel&rest_code=00109&code=00101015044&supplier_code=00100005&order_time=2021-05-20 HTTP/1.1" 200 408
180.169.147.146 - - [20/May/2021:09:13:22 +0800] "GET /xingrg/all/function/internal_message.html?_=1621473202957&CODE_STATE=getMsg HTTP/1.1" 200 27
114.88.162.5 - - [20/May/2021:09:13:31 +0800] "POST /xingrg/kc/buy/cgsh_order_operate.html HTTP/1.1" 200 37
116.233.73.73 - - [20/May/2021:09:13:32 +0800] "GET /xingrg/kc/buy/cgsh_order_operate.html?command=get_materiel&rest_code=00109&code=00101015066&supplier_code=00100005&order_time=2021-05-20 HTTP/1.1" 200 413
114.83.217.67 - - [20/May/2021:09:13:32 +0800] "GET /xingrg/all/function/internal_message.html?_=1621473208871&CODE_STATE=getMsg HTTP/1.1" 200 27
114.88.162.5 - - [20/May/2021:09:13:32 +0800] "POST /xingrg/kc/buy/cgsh_order_operate.html HTTP/1.1" 200 4435
116.230.114.112 - - [20/May/2021:09:13:33 +0800] "GET /xingrg/all/function/internal_message.html?_=1621473224902&CODE_STATE=getMsg HTTP/1.1" 200 27
116.233.73.73 - - [20/May/2021:09:13:33 +0800] "GET /xingrg/all/function/internal_message.html?_=1621473215311&CODE_STATE=getMsg HTTP/1.1" 200 27
114.88.162.5 - - [20/May/2021:09:13:34 +0800] "GET /xingrg/kc/print/load_data.html?order_code=212021052008788&kc_code=cgsh&condition= HTTP/1.1" 200 1409
116.224.253.72 - - [20/May/2021:09:13:38 +0800] "GET /xingrg/all/function/internal_message.html?_=1621473196923&CODE_STATE=getMsg HTTP/1.1" 200 27
116.233.73.73 - - [20/May/2021:09:13:42 +0800] "GET /xingrg/kc/buy/cgsh_order_operate.html?command=get_materiel&rest_code=00109&code=00101008126&supplier_code=00100005&order_time=2021-05-20 HTTP/1.1" 200 412
116.230.114.112 - - [20/May/2021:09:13:45 +0800] "GET /xingrg/check_reg.html?_=1621473236452 HTTP/1.1" 200 22
116.233.73.73 - - [20/May/2021:09:13:45 +0800] "POST /xingrg/kc/buy/cgsh_order_operate.html HTTP/1.1" 200 2065
58.37.225.51 - - [20/May/2021:09:13:46 +0800] "GET /xingrg/all/function/internal_message.html?_=1621473228046&CODE_STATE=getMsg HTTP/1.1" 200 27
117.184.7.26 - - [20/May/2021:09:13:47 +0800] "GET /xingrg/all/function/internal_message.html?_=1621473220685&CODE_STATE=getMsg HTTP/1.1" 200 27
114.88.162.5 - - [20/May/2021:09:13:48 +0800] "POST /xingrg/kc/buy/cgsh_list_operate.html HTTP/1.1" 200 574
180.169.147.146 - - [20/May/2021:09:13:48 +0800] "GET /xingrg/check_reg.html?_=1621473226735 HTTP/1.1" 200 22
180.169.147.146 - - [20/May/2021:09:13:48 +0800] "GET /xingrg/all/function/internal_message.html?_=1621473226738&CODE_STATE=getMsg HTTP/1.1" 200 27
116.233.73.73 - - [20/May/2021:09:13:50 +0800] "GET /xingrg/kc/buy/cgsh_order_operate.html?command=get_materiel&rest_code=00109&code=00101008362&supplier_code=00100005&order_time=2021-05-20 HTTP/1.1" 200 408
120.253.135.82 - - [20/May/2021:09:13:51 +0800] "GET /xingrg/all/function/internal_message.html?_=1621473281763&CODE_STATE=getMsg HTTP/1.1" 200 27
114.88.162.5 - - [20/May/2021:09:13:53 +0800] "POST /xingrg/kc/buy/cgsh_list_operate.html HTTP/1.1" 200 2780
114.88.162.5 - - [20/May/2021:09:13:53 +0800] "POST /xingrg/kc/buy/cgsh_list_operate.html HTTP/1.1" 200 2780
114.88.162.5 - - [20/May/2021:09:13:56 +0800] "POST /xingrg/kc/buy/cgsh_list_operate.html HTTP/1.1" 200 595
114.88.162.5 - - [20/May/2021:09:13:57 +0800] "GET /xingrg/kc/buy/cgsh_order_info.html?code=212021052008779 HTTP/1.1" 200 62002
114.88.162.5 - - [20/May/2021:09:13:57 +0800] "GET /xingrg/javascript/easyui/themes/default/validatebox.css HTTP/1.1" 404 1104
116.224.253.72 - - [20/May/2021:09:13:57 +0800] "GET /xingrg/all/function/internal_message.html?_=1621473235733&CODE_STATE=getMsg HTTP/1.1" 200 27
114.88.162.5 - - [20/May/2021:09:13:57 +0800] "POST /xingrg/kc/buy/cgsh_order_operate.html HTTP/1.1" 200 17508
116.233.73.73 - - [20/May/2021:09:13:57 +0800] "GET /xingrg/kc/buy/cgsh_order_operate.html?command=get_materiel&rest_code=00109&code=00101015006&supplier_code=00100005&order_time=2021-05-20 HTTP/1.1" 200 413
180.169.147.146 - - [20/May/2021:09:14:06 +0800] "GET /xingrg/all/function/internal_message.html?_=1621473239510&CODE_STATE=getMsg HTTP/1.1" 200 27
61.165.42.208 - - [20/May/2021:09:14:08 +0800] "GET /xingrg/check_reg.html?_=1621473228038 HTTP/1.1" 200 22
61.165.42.208 - - [20/May/2021:09:14:08 +0800] "GET /xingrg/all/function/internal_message.html?_=1621473228045&CODE_STATE=getMsg HTTP/1.1" 200 27
116.230.114.112 - - [20/May/2021:09:14:10 +0800] "GET /xingrg/all/function/internal_message.html?_=1621473259473&CODE_STATE=getMsg HTTP/1.1" 302 -
116.230.110.80 - - [20/May/2021:09:14:11 +0800] "GET /xingrg/all/function/internal_message.html?_=1621473246976&CODE_STATE=getMsg HTTP/1.1" 200 27
116.230.110.80 - - [20/May/2021:09:14:11 +0800] "GET /xingrg/check_reg.html?_=1621473246978 HTTP/1.1" 200 22
120.253.135.82 - - [20/May/2021:09:14:13 +0800] "GET /xingrg/all/function/internal_message.html?_=1621473032591&CODE_STATE=getMsg HTTP/1.1" 200 27
58.37.225.51 - - [20/May/2021:09:14:18 +0800] "GET /xingrg/check_reg.html?_=1621473210537 HTTP/1.1" 302 -
58.37.225.51 - - [20/May/2021:09:14:18 +0800] "GET /xingrg/login.html HTTP/1.1" 200 7641
116.235.222.38 - - [20/May/2021:09:14:21 +0800] "GET /xingrg/all/function/internal_message.html?_=1621473254838&CODE_STATE=getMsg HTTP/1.1" 200 27
114.88.162.5 - - [20/May/2021:09:14:21 +0800] "GET /xingrg/check_reg.html?_=1621473254356 HTTP/1.1" 200 22
114.88.162.5 - - [20/May/2021:09:14:21 +0800] "GET /xingrg/all/function/internal_message.html?_=1621473254359&CODE_STATE=getMsg HTTP/1.1" 200 27
180.169.147.146 - - [20/May/2021:09:14:22 +0800] "GET /xingrg/all/function/internal_message.html?_=1621473262957&CODE_STATE=getMsg HTTP/1.1" 200 27
114.83.217.67 - - [20/May/2021:09:14:32 +0800] "GET /xingrg/all/function/internal_message.html?_=1621473268869&CODE_STATE=getMsg HTTP/1.1" 200 27
116.230.114.112 - - [20/May/2021:09:14:33 +0800] "GET /xingrg/all/function/internal_message.html?_=1621473284917&CODE_STATE=getMsg HTTP/1.1" 200 27
116.233.73.73 - - [20/May/2021:09:14:33 +0800] "GET /xingrg/all/function/internal_message.html?_=1621473275302&CODE_STATE=getMsg HTTP/1.1" 200 27
116.233.73.73 - - [20/May/2021:09:14:33 +0800] "GET /xingrg/check_reg.html?_=1621473275305 HTTP/1.1" 200 22
116.224.253.72 - - [20/May/2021:09:14:38 +0800] "GET /xingrg/all/function/internal_message.html?_=1621473256938&CODE_STATE=getMsg HTTP/1.1" 200 27
116.233.73.73 - - [20/May/2021:09:14:40 +0800] "POST /xingrg/kc/buy/cgsh_order_operate.html HTTP/1.1" 200 37
116.233.73.73 - - [20/May/2021:09:14:42 +0800] "POST /xingrg/kc/buy/cgsh_order_operate.html HTTP/1.1" 200 35159
116.233.73.73 - - [20/May/2021:09:14:43 +0800] "GET /xingrg/kc/print/load_config.html?kc_code=cgsh HTTP/1.1" 200 1845
116.233.73.73 - - [20/May/2021:09:14:43 +0800] "GET /xingrg/kc/print/load_data.html?order_code=212021052008789&kc_code=cgsh&condition= HTTP/1.1" 200 12975
58.37.225.51 - - [20/May/2021:09:14:46 +0800] "GET /xingrg/all/function/internal_message.html?_=1621473288048&CODE_STATE=getMsg HTTP/1.1" 200 27
117.184.7.26 - - [20/May/2021:09:14:47 +0800] "GET /xingrg/all/function/internal_message.html?_=1621473280688&CODE_STATE=getMsg HTTP/1.1" 200 27
180.169.147.146 - - [20/May/2021:09:14:48 +0800] "GET /xingrg/all/function/internal_message.html?_=1621473286734&CODE_STATE=getMsg HTTP/1.1" 200 27
116.233.73.73 - - [20/May/2021:09:14:50 +0800] "GET /xingrg/index.html?sysBaseUrl=http%3A%2F%2F180.169.147.146%3A18081%2Fxingrg%2F&costTime=53×tamp=1621472373693 HTTP/1.1" 200 17173
116.233.73.73 - - [20/May/2021:09:14:50 +0800] "GET /xingrg/javascript/jquery-1.4.2.min.js HTTP/1.1" 200 72205
116.233.73.73 - - [20/May/2021:09:14:50 +0800] "GET /xingrg/css/form.css HTTP/1.1" 200 893
116.233.73.73 - - [20/May/2021:09:14:51 +0800] "GET /xingrg/javascript/jquery_easy_ui/themes/icon.css HTTP/1.1" 200 3949
116.233.73.73 - - [20/May/2021:09:14:51 +0800] "GET /xingrg/javascript/jquery_easy_ui/easyui-lang-zh_CN.js HTTP/1.1" 200 1900
116.233.73.73 - - [20/May/2021:09:14:51 +0800] "GET /xingrg/javascript/jquery.timers.js HTTP/1.1" 200 3532
116.233.73.73 - - [20/May/2021:09:14:51 +0800] "GET /xingrg/javascript/jquery_easy_ui/jquery.easyui.min.js HTTP/1.1" 200 213662
116.233.73.73 - - [20/May/2021:09:14:51 +0800] "GET /xingrg/images/blue/jxLogo.png HTTP/1.1" 200 6156
116.233.73.73 - - [20/May/2021:09:14:51 +0800] "GET /xingrg/javascript/jquery_easy_ui/themes/default/easyui.css HTTP/1.1" 200 26500
116.233.73.73 - - [20/May/2021:09:14:51 +0800] "GET /xingrg/javascript/jquery.utils.js HTTP/1.1" 200 11805
116.233.73.73 - - [20/May/2021:09:14:51 +0800] "GET /xingrg/javascript/jquery.form.js HTTP/1.1" 200 23110
116.233.73.73 - - [20/May/2021:09:14:51 +0800] "POST /xingrg/all/common/load_tree.html?tree=area_rest_tree_json&manage=1 HTTP/1.1" 200 342
116.233.73.73 - - [20/May/2021:09:14:51 +0800] "GET /xingrg/all/function/internal_message.html?_=1621473292643&CODE_STATE=count HTTP/1.1" 200 11
116.233.73.73 - - [20/May/2021:09:14:51 +0800] "GET /xingrg/check_reg.html?_=1621473292643 HTTP/1.1" 200 22
116.233.73.73 - - [20/May/2021:09:14:51 +0800] "GET /xingrg/javascript/jquery_easy_ui/themes/icons/settle_new.png HTTP/1.1" 200 826
116.233.73.73 - - [20/May/2021:09:14:51 +0800] "GET /xingrg/images/blue/pingpu.png HTTP/1.1" 200 231
116.233.73.73 - - [20/May/2021:09:14:51 +0800] "GET /xingrg/javascript/jquery_easy_ui/themes/default/images/tabs_rightarrow.png HTTP/1.1" 200 395
116.233.73.73 - - [20/May/2021:09:14:51 +0800] "GET /xingrg/javascript/jquery_easy_ui/themes/default/images/tabs_leftarrow.png HTTP/1.1" 200 389
116.233.73.73 - - [20/May/2021:09:14:51 +0800] "GET /xingrg/javascript/jquery_easy_ui/themes/default/images/panel_tool_collapse.gif HTTP/1.1" 200 246
116.233.73.73 - - [20/May/2021:09:14:51 +0800] "GET /xingrg/images/blue/navBackgound.jpg HTTP/1.1" 200 12378
120.253.135.82 - - [20/May/2021:09:14:51 +0800] "GET /xingrg/all/function/internal_message.html?_=1621473341852&CODE_STATE=getMsg HTTP/1.1" 200 27
116.233.73.73 - - [20/May/2021:09:14:51 +0800] "GET /xingrg/javascript/jquery_easy_ui/themes/default/images/tree_arrows.gif HTTP/1.1" 200 1043
116.233.73.73 - - [20/May/2021:09:14:51 +0800] "GET /xingrg/javascript/jquery_easy_ui/themes/default/images/tree_folder_open.gif HTTP/1.1" 200 956
116.233.73.73 - - [20/May/2021:09:14:51 +0800] "GET /xingrg/javascript/jquery_easy_ui/themes/icons/area.png HTTP/1.1" 200 262
116.233.73.73 - - [20/May/2021:09:14:51 +0800] "GET /xingrg/javascript/jquery_easy_ui/themes/icons/rest.png HTTP/1.1" 200 695
116.233.73.73 - - [20/May/2021:09:14:51 +0800] "POST /xingrg/load_menu.html HTTP/1.1" 200 5138
116.233.73.73 - - [20/May/2021:09:14:51 +0800] "GET /xingrg/javascript/jquery_easy_ui/themes/icons/search_new.png HTTP/1.1" 200 586
116.233.73.73 - - [20/May/2021:09:14:51 +0800] "GET /xingrg/javascript/jquery_easy_ui/themes/icons/storage_new.png HTTP/1.1" 200 853
116.233.73.73 - - [20/May/2021:09:14:51 +0800] "GET /xingrg/javascript/jquery_easy_ui/themes/default/images/tree_folder.gif HTTP/1.1" 200 952
116.233.73.73 - - [20/May/2021:09:14:51 +0800] "GET /xingrg/javascript/jquery_easy_ui/themes/icons/forms_new.png HTTP/1.1" 200 350
116.233.73.73 - - [20/May/2021:09:14:51 +0800] "GET /xingrg/javascript/jquery_easy_ui/themes/default/images/tree_file.gif HTTP/1.1" 200 118
61.165.42.208 - - [20/May/2021:09:14:52 +0800] "GET /xingrg/kc/buy/cgsh_order_operate.html?command=get_materiel&rest_code=00105&code=00101008150&supplier_code=00100203&order_time=2021-05-20 HTTP/1.1" 200 409
116.233.73.73 - - [20/May/2021:09:14:53 +0800] "GET /xingrg/index.html?sysBaseUrl=http%3A%2F%2F180.169.147.146%3A18081%2Fxingrg%2F&costTime=53×tamp=1621472373693 HTTP/1.1" 200 17173
116.233.73.73 - - [20/May/2021:09:14:53 +0800] "GET /xingrg/check_reg.html?_=1621473295199 HTTP/1.1" 200 22
116.233.73.73 - - [20/May/2021:09:14:53 +0800] "GET /xingrg/all/function/internal_message.html?_=1621473295198&CODE_STATE=count HTTP/1.1" 200 11
116.233.73.73 - - [20/May/2021:09:14:53 +0800] "POST /xingrg/load_menu.html HTTP/1.1" 200 5138
116.230.114.112 - - [20/May/2021:09:14:54 +0800] "POST /xingrg/kc/buy/cgsh_list_operate.html HTTP/1.1" 200 876
116.233.73.73 - - [20/May/2021:09:14:54 +0800] "POST /xingrg/all/common/load_tree.html?tree=area_rest_tree_json&manage=1 HTTP/1.1" 200 342
116.233.73.73 - - [20/May/2021:09:14:54 +0800] "GET /xingrg/kc/base/base_main.html HTTP/1.1" 200 12142
116.233.73.73 - - [20/May/2021:09:14:54 +0800] "GET /xingrg/javascript/jquery_easy_ui/themes/default/images/tabs_close.gif HTTP/1.1" 200 829
116.233.73.73 - - [20/May/2021:09:14:54 +0800] "GET /xingrg/javascript/pic_change.js HTTP/1.1" 200 4739
116.233.73.73 - - [20/May/2021:09:14:54 +0800] "GET /xingrg/css/blue.css HTTP/1.1" 200 15949
116.233.73.73 - - [20/May/2021:09:14:54 +0800] "GET /xingrg/images/blue/button/wlsy.gif HTTP/1.1" 200 2536
116.233.73.73 - - [20/May/2021:09:14:54 +0800] "GET /xingrg/images/blue/button/ckpd.gif HTTP/1.1" 200 2051
116.233.73.73 - - [20/May/2021:09:14:54 +0800] "GET /xingrg/images/blue/pic_form2.gif HTTP/1.1" 200 1853
116.233.73.73 - - [20/May/2021:09:14:54 +0800] "GET /xingrg/images/blue/button/ckdb.gif HTTP/1.1" 200 1950
116.233.73.73 - - [20/May/2021:09:14:54 +0800] "GET /xingrg/images/blue/button/kc.gif HTTP/1.1" 200 2160
116.233.73.73 - - [20/May/2021:09:14:54 +0800] "GET /xingrg/images/blue/button/yddb.gif HTTP/1.1" 200 2040
116.233.73.73 - - [20/May/2021:09:14:54 +0800] "GET /xingrg/javascript/myfunction.js HTTP/1.1" 200 24559
116.233.73.73 - - [20/May/2021:09:14:54 +0800] "GET /xingrg/images/blue/bg_dotted.jpg HTTP/1.1" 200 319
116.233.73.73 - - [20/May/2021:09:14:54 +0800] "GET /xingrg/images/blue/button/top_left.jpg HTTP/1.1" 200 1632
116.233.73.73 - - [20/May/2021:09:14:54 +0800] "GET /xingrg/images/blue/button/top_right.jpg HTTP/1.1" 200 1708
116.233.73.73 - - [20/May/2021:09:14:54 +0800] "GET /xingrg/images/blue/button/down.jpg HTTP/1.1" 200 1560
116.233.73.73 - - [20/May/2021:09:14:54 +0800] "GET /xingrg/images/blue/button/right_ah.jpg HTTP/1.1" 200 1744
116.233.73.73 - - [20/May/2021:09:14:54 +0800] "GET /xingrg/images/blue/button/left_ah.jpg HTTP/1.1" 200 1643
116.233.73.73 - - [20/May/2021:09:14:54 +0800] "GET /xingrg/images/blue/button/bottom_left.jpg HTTP/1.1" 200 1524
116.233.73.73 - - [20/May/2021:09:14:54 +0800] "GET /xingrg/images/blue/button/bottom_right.jpg HTTP/1.1" 200 1436
116.230.114.112 - - [20/May/2021:09:14:54 +0800] "GET /xingrg/javascript/easyui/themes/default/images/button_plain_hover.png HTTP/1.1" 304 -
116.230.114.112 - - [20/May/2021:09:14:55 +0800] "GET /xingrg/css/base.css HTTP/1.1" 304 -
116.230.114.112 - - [20/May/2021:09:14:55 +0800] "GET /xingrg/css/site.css HTTP/1.1" 304 -
116.230.114.112 - - [20/May/2021:09:14:55 +0800] "GET /xingrg/javascript/easyui/themes/default/easyui.css HTTP/1.1" 304 -
116.230.114.112 - - [20/May/2021:09:14:55 +0800] "GET /xingrg/javascript/jquery_tools/datebox.css HTTP/1.1" 304 -
116.230.114.112 - - [20/May/2021:09:14:55 +0800] "GET /xingrg/javascript/pic_change.js HTTP/1.1" 304 -
116.230.114.112 - - [20/May/2021:09:14:55 +0800] "GET /xingrg/javascript/easyui/themes/icon.css HTTP/1.1" 304 -
116.230.114.112 - - [20/May/2021:09:14:55 +0800] "GET /xingrg/javascript/jquery_tools/fix.css HTTP/1.1" 304 -
116.230.114.112 - - [20/May/2021:09:14:55 +0800] "GET /xingrg/javascript/auto/jquery.autocomplete.css HTTP/1.1" 304 -
116.230.114.112 - - [20/May/2021:09:14:55 +0800] "GET /xingrg/javascript/jquery_tools/table.css HTTP/1.1" 304 -
116.230.114.112 - - [20/May/2021:09:14:55 +0800] "GET /xingrg/javascript/jquery_tools/jquery.tools.min.js HTTP/1.1" 304 -
116.230.114.112 - - [20/May/2021:09:14:55 +0800] "GET /xingrg/javascript/easyui/easyloader.js HTTP/1.1" 304 -
116.230.114.112 - - [20/May/2021:09:14:55 +0800] "GET /xingrg/javascript/jquery_tools/jquery.tools.extend.js HTTP/1.1" 304 -
116.230.114.112 - - [20/May/2021:09:14:55 +0800] "GET /xingrg/javascript/jquery_tools/jquery.tools.table.js HTTP/1.1" 304 -
116.230.114.112 - - [20/May/2021:09:14:55 +0800] "GET /xingrg/javascript/jquery.utils.js HTTP/1.1" 304 -
116.230.114.112 - - [20/May/2021:09:14:55 +0800] "GET /xingrg/javascript/auto/jquery.autocomplete.js HTTP/1.1" 304 -
116.230.114.112 - - [20/May/2021:09:14:55 +0800] "GET /xingrg/javascript/jquery_tools/jquery.tools.hotkey.js HTTP/1.1" 304 -
116.230.114.112 - - [20/May/2021:09:14:55 +0800] "GET /xingrg/javascript/jquery_tools/order_manager.js HTTP/1.1" 304 -
116.230.114.112 - - [20/May/2021:09:14:55 +0800] "GET /xingrg/javascript/json2.js HTTP/1.1" 304 -
116.230.114.112 - - [20/May/2021:09:14:55 +0800] "GET /xingrg/javascript/convert.js HTTP/1.1" 304 -
116.230.114.112 - - [20/May/2021:09:14:55 +0800] "GET /xingrg/javascript/jquery.cookie.js HTTP/1.1" 304 -
116.230.114.112 - - [20/May/2021:09:14:55 +0800] "GET /xingrg/javascript/print/LodopFuncs.js HTTP/1.1" 304 -
116.230.114.112 - - [20/May/2021:09:14:55 +0800] "GET /xingrg/javascript/print/kc_print.js HTTP/1.1" 304 -
116.230.114.112 - - [20/May/2021:09:14:55 +0800] "GET /xingrg/kc/buy/cgsh_order_add.html HTTP/1.1" 200 61997
116.230.114.112 - - [20/May/2021:09:14:55 +0800] "GET /xingrg/words/20210519170513_words.js HTTP/1.1" 304 -
116.230.114.112 - - [20/May/2021:09:14:55 +0800] "GET /xingrg/javascript/easyui/themes/icons/copy_new.png HTTP/1.1" 304 -
116.230.114.112 - - [20/May/2021:09:14:55 +0800] "GET /xingrg/javascript/easyui/themes/icons/template_new.png HTTP/1.1" 304 -
116.230.114.112 - - [20/May/2021:09:14:55 +0800] "GET /xingrg/javascript/easyui/themes/icons/ok.png HTTP/1.1" 304 -
116.230.114.112 - - [20/May/2021:09:14:55 +0800] "GET /xingrg/javascript/easyui/themes/icons/cancel.png HTTP/1.1" 304 -
116.230.114.112 - - [20/May/2021:09:14:55 +0800] "GET /xingrg/javascript/easyui/plugins/jquery.parser.js HTTP/1.1" 304 -
116.230.114.112 - - [20/May/2021:09:14:55 +0800] "POST /xingrg/kc/buy/cgsh_order_operate.html HTTP/1.1" 200 8245
116.230.114.112 - - [20/May/2021:09:14:55 +0800] "GET /xingrg/all/common/auto_word.html?type=employee&rest_code=00146 HTTP/1.1" 200 101
116.230.114.112 - - [20/May/2021:09:14:55 +0800] "GET /xingrg/all/common/auto_word.html?type=employee&rest_code=00146 HTTP/1.1" 200 101
116.230.114.112 - - [20/May/2021:09:14:55 +0800] "GET /xingrg/javascript/easyui/themes/default/validatebox.css HTTP/1.1" 404 1104
116.230.114.112 - - [20/May/2021:09:14:55 +0800] "GET /xingrg/javascript/easyui/plugins/jquery.validatebox.js HTTP/1.1" 304 -
116.230.114.112 - - [20/May/2021:09:14:55 +0800] "GET /xingrg/javascript/easyui/plugins/jquery.numberbox.js HTTP/1.1" 304 -
116.233.73.73 - - [20/May/2021:09:14:56 +0800] "GET /xingrg/kc/report/report_main.html HTTP/1.1" 200 7345
116.233.73.73 - - [20/May/2021:09:14:56 +0800] "GET /xingrg/javascript/json2.js HTTP/1.1" 200 11259
116.233.73.73 - - [20/May/2021:09:14:56 +0800] "GET /xingrg/javascript/jquery_ui/themes/humanity/humanity.css HTTP/1.1" 200 27801
116.233.73.73 - - [20/May/2021:09:14:56 +0800] "GET /xingrg/javascript/jquery_easy_ui/themes/icons/back_new.png HTTP/1.1" 200 3414
116.224.253.72 - - [20/May/2021:09:14:57 +0800] "GET /xingrg/all/function/internal_message.html?_=1621473295734&CODE_STATE=getMsg HTTP/1.1" 200 27
116.224.253.72 - - [20/May/2021:09:14:57 +0800] "GET /xingrg/check_reg.html?_=1621473295735 HTTP/1.1" 200 22
116.233.73.73 - - [20/May/2021:09:14:58 +0800] "GET /xingrg/kc/base/kc_stocks.html HTTP/1.1" 200 16380
116.233.73.73 - - [20/May/2021:09:14:58 +0800] "GET /xingrg/css/base.css HTTP/1.1" 200 2811
116.233.73.73 - - [20/May/2021:09:14:58 +0800] "GET /xingrg/css/site.css HTTP/1.1" 200 7541
116.233.73.73 - - [20/May/2021:09:14:58 +0800] "GET /xingrg/javascript/jquery_tools/datebox.css HTTP/1.1" 200 2597
116.233.73.73 - - [20/May/2021:09:14:58 +0800] "GET /xingrg/javascript/easyui/themes/icon.css HTTP/1.1" 200 4483
116.233.73.73 - - [20/May/2021:09:14:58 +0800] "GET /xingrg/javascript/auto/jquery.autocomplete.css HTTP/1.1" 200 587
116.233.73.73 - - [20/May/2021:09:14:58 +0800] "GET /xingrg/javascript/jquery_tools/jquery.tools.min.js HTTP/1.1" 200 138801
116.233.73.73 - - [20/May/2021:09:14:58 +0800] "GET /xingrg/javascript/jquery_tools/fix.css HTTP/1.1" 200 1702
116.233.73.73 - - [20/May/2021:09:14:58 +0800] "GET /xingrg/javascript/jquery_tools/jquery.tools.hotkey.js HTTP/1.1" 200 3242
116.233.73.73 - - [20/May/2021:09:14:58 +0800] "GET /xingrg/javascript/jquery_tools/list_manager.js HTTP/1.1" 200 3652
116.233.73.73 - - [20/May/2021:09:14:58 +0800] "GET /xingrg/javascript/convert.js HTTP/1.1" 200 1239
116.233.73.73 - - [20/May/2021:09:14:58 +0800] "GET /xingrg/javascript/jquery.cookie.js HTTP/1.1" 200 5513
116.233.73.73 - - [20/May/2021:09:14:58 +0800] "GET /xingrg/javascript/jquery_tools/jquery.tools.extend.js HTTP/1.1" 200 15385
116.233.73.73 - - [20/May/2021:09:14:58 +0800] "GET /xingrg/javascript/print/LodopFuncs.js HTTP/1.1" 200 5121
116.233.73.73 - - [20/May/2021:09:14:58 +0800] "GET /xingrg/javascript/easyui/easyloader.js HTTP/1.1" 200 5975
116.233.73.73 - - [20/May/2021:09:14:58 +0800] "GET /xingrg/javascript/easyui/themes/sunny/easyui.css HTTP/1.1" 200 34304
116.233.73.73 - - [20/May/2021:09:14:58 +0800] "GET /xingrg/javascript/auto/jquery.autocomplete.js HTTP/1.1" 200 21624
116.233.73.73 - - [20/May/2021:09:14:59 +0800] "GET /xingrg/javascript/easyui/themes/icons/import_new.png HTTP/1.1" 200 1247
116.233.73.73 - - [20/May/2021:09:14:59 +0800] "GET /xingrg/javascript/easyui/themes/icons/filter_new.png HTTP/1.1" 200 795
116.233.73.73 - - [20/May/2021:09:14:59 +0800] "GET /xingrg/javascript/easyui/themes/icons/refresh_new.png HTTP/1.1" 200 685
116.233.73.73 - - [20/May/2021:09:14:59 +0800] "GET /xingrg/javascript/easyui/themes/icons/print_new.png HTTP/1.1" 200 3580
116.233.73.73 - - [20/May/2021:09:14:59 +0800] "GET /xingrg/javascript/easyui/themes/icons/field_new.png HTTP/1.1" 200 1097
116.233.73.73 - - [20/May/2021:09:14:59 +0800] "GET /xingrg/javascript/easyui/plugins/jquery.parser.js HTTP/1.1" 200 1142
116.233.73.73 - - [20/May/2021:09:14:59 +0800] "GET /xingrg/images/control/ajaxLoader.gif HTTP/1.1" 200 4659
116.233.73.73 - - [20/May/2021:09:14:59 +0800] "GET /xingrg/javascript/easyui/plugins/jquery.draggable.js HTTP/1.1" 200 6121
116.233.73.73 - - [20/May/2021:09:14:59 +0800] "GET /xingrg/javascript/easyui/plugins/jquery.droppable.js HTTP/1.1" 200 1167
116.233.73.73 - - [20/May/2021:09:14:59 +0800] "GET /xingrg/all/common/auto_word.html?type=base&rest_code=00109 HTTP/1.1" 200 1811
116.233.73.73 - - [20/May/2021:09:14:59 +0800] "GET /xingrg/javascript/easyui/themes/default/tree.css HTTP/1.1" 404 1090
116.233.73.73 - - [20/May/2021:09:14:59 +0800] "GET /xingrg/javascript/easyui/plugins/jquery.tree.js HTTP/1.1" 200 20874
116.233.73.73 - - [20/May/2021:09:14:59 +0800] "POST /xingrg/all/common/load_tree.html?tree=materiel_sort_tree_json HTTP/1.1" 200 8666
116.233.73.73 - - [20/May/2021:09:14:59 +0800] "GET /xingrg/javascript/easyui/themes/sunny/images/tree_folder_open.gif HTTP/1.1" 200 956
116.233.73.73 - - [20/May/2021:09:14:59 +0800] "GET /xingrg/javascript/easyui/themes/sunny/images/tree_arrows.gif HTTP/1.1" 200 617
116.233.73.73 - - [20/May/2021:09:14:59 +0800] "GET /xingrg/javascript/easyui/themes/sunny/images/tree_folder.gif HTTP/1.1" 200 952
116.233.73.73 - - [20/May/2021:09:14:59 +0800] "GET /xingrg/javascript/easyui/themes/sunny/images/tree_file.gif HTTP/1.1" 200 118
120.253.135.82 - - [20/May/2021:09:15:02 +0800] "GET /xingrg/check_reg.html?_=1621473353292 HTTP/1.1" 200 22
180.169.147.146 - - [20/May/2021:09:15:06 +0800] "GET /xingrg/all/function/internal_message.html?_=1621473299483&CODE_STATE=getMsg HTTP/1.1" 200 27
116.233.73.73 - - [20/May/2021:09:15:07 +0800] "POST /xingrg/kc/base/stock_operate.html HTTP/1.1" 200 1926
116.233.73.73 - - [20/May/2021:09:15:07 +0800] "GET /xingrg/javascript/jquery_tools/fix_table.js HTTP/1.1" 200 6528
61.165.42.208 - - [20/May/2021:09:15:08 +0800] "GET /xingrg/all/function/internal_message.html?_=1621473288033&CODE_STATE=getMsg HTTP/1.1" 200 27
116.233.73.73 - - [20/May/2021:09:15:09 +0800] "GET /xingrg/kc/base/stock_detail.html?m=00101008210 HTTP/1.1" 200 7319
116.233.73.73 - - [20/May/2021:09:15:09 +0800] "GET /xingrg/javascript/jquery_easy_ui/themes/default/images/button_a_bg.gif HTTP/1.1" 200 1194
116.233.73.73 - - [20/May/2021:09:15:09 +0800] "GET /xingrg/javascript/jquery_easy_ui/themes/default/images/button_span_bg.gif HTTP/1.1" 200 2061
116.233.73.73 - - [20/May/2021:09:15:09 +0800] "GET /xingrg/javascript/jquery_easy_ui/themes/icons/search.png HTTP/1.1" 200 813
116.233.73.73 - - [20/May/2021:09:15:09 +0800] "GET /xingrg/javascript/jquery_easy_ui/themes/default/images/menu_downarrow.png HTTP/1.1" 200 173
116.233.73.73 - - [20/May/2021:09:15:09 +0800] "GET /xingrg/javascript/jquery_easy_ui/themes/icons/print.png HTTP/1.1" 200 1057
116.233.73.73 - - [20/May/2021:09:15:09 +0800] "GET /xingrg/javascript/jquery_easy_ui/themes/default/images/calendar_prevmonth.gif HTTP/1.1" 200 66
116.233.73.73 - - [20/May/2021:09:15:09 +0800] "GET /xingrg/javascript/jquery_easy_ui/themes/default/images/menu.gif HTTP/1.1" 200 834
116.233.73.73 - - [20/May/2021:09:15:09 +0800] "GET /xingrg/javascript/jquery_easy_ui/themes/default/images/calendar_prevyear.gif HTTP/1.1" 200 76
116.233.73.73 - - [20/May/2021:09:15:09 +0800] "GET /xingrg/javascript/jquery_easy_ui/themes/default/images/calendar_nextmonth.gif HTTP/1.1" 200 64
116.233.73.73 - - [20/May/2021:09:15:09 +0800] "GET /xingrg/javascript/jquery_easy_ui/themes/default/images/calendar_nextyear.gif HTTP/1.1" 200 75
116.230.114.112 - - [20/May/2021:09:15:10 +0800] "GET /xingrg/all/function/internal_message.html?_=1621473319496&CODE_STATE=getMsg HTTP/1.1" 302 -
116.230.110.80 - - [20/May/2021:09:15:11 +0800] "GET /xingrg/all/function/internal_message.html?_=1621473306987&CODE_STATE=getMsg HTTP/1.1" 200 27
116.230.114.112 - - [20/May/2021:09:15:11 +0800] "GET /xingrg/kc/buy/cgsh_order_operate.html?command=get_materiel&rest_code=00146&code=00101008210&supplier_code=00100005&order_time=2021-05-20 HTTP/1.1" 200 408
120.253.135.82 - - [20/May/2021:09:15:13 +0800] "GET /xingrg/all/function/internal_message.html?_=1621473092606&CODE_STATE=getMsg HTTP/1.1" 200 27
116.233.73.73 - - [20/May/2021:09:15:14 +0800] "GET /xingrg/kc/base/stock_operate.html?_=1621473315796&command=get_report_file&start_day=20210515 HTTP/1.1" 200 53
116.233.73.73 - - [20/May/2021:09:15:14 +0800] "GET /xingrg/javascript/multi_select/jqueryMultiSelect.css HTTP/1.1" 200 951
116.233.73.73 - - [20/May/2021:09:15:14 +0800] "GET /xingrg/javascript/calendar/timePicker.css HTTP/1.1" 200 523
116.233.73.73 - - [20/May/2021:09:15:14 +0800] "GET /xingrg/javascript/bigrid/fix.css HTTP/1.1" 200 1702
116.233.73.73 - - [20/May/2021:09:15:14 +0800] "GET /xingrg/all/report/report_query.html?isQuery=1&onlyBody=1&rh=2000&fileName=kc/base/kc_stock_detail_new.xml&queryString=(1=1)&queryText=&tableQueryString=init_table$sp1$$sp$crk_table$sp1$order_day%20between%2020210515%20and%2020210531&varString=start_day:20210515,materiel_code:00101008210,cost_id:3149,end_date:20210430 HTTP/1.1" 200 48701
116.233.73.73 - - [20/May/2021:09:15:14 +0800] "GET /xingrg/dwr/interface/AjaxReportQueryService.js HTTP/1.1" 200 13203
116.233.73.73 - - [20/May/2021:09:15:14 +0800] "GET /xingrg/javascript/calendar/jquery.timePicker.min.js HTTP/1.1" 200 2997
116.233.73.73 - - [20/May/2021:09:15:14 +0800] "GET /xingrg/javascript/bigrid/fix.js HTTP/1.1" 200 6439
116.233.73.73 - - [20/May/2021:09:15:14 +0800] "GET /xingrg/dwr/util.js HTTP/1.1" 200 35990
116.233.73.73 - - [20/May/2021:09:15:14 +0800] "GET /xingrg/javascript/jqueryMultiSelect.js HTTP/1.1" 200 11866
116.233.73.73 - - [20/May/2021:09:15:14 +0800] "GET /xingrg/dwr/engine.js HTTP/1.1" 200 43631
116.233.73.73 - - [20/May/2021:09:15:14 +0800] "GET /xingrg/javascript/Calendar.js HTTP/1.1" 200 31561
116.233.73.73 - - [20/May/2021:09:15:14 +0800] "GET /xingrg/images/blue/button/advanceover.gif HTTP/1.1" 200 1347
116.233.73.73 - - [20/May/2021:09:15:14 +0800] "GET /xingrg/images/blue/button/advance2over.gif HTTP/1.1" 200 1336
116.233.73.73 - - [20/May/2021:09:15:14 +0800] "GET /xingrg/images/blue/button/back2over.gif HTTP/1.1" 200 1335
116.233.73.73 - - [20/May/2021:09:15:14 +0800] "GET /xingrg/images/blue/button/backover.gif HTTP/1.1" 200 1348
116.233.73.73 - - [20/May/2021:09:15:14 +0800] "GET /xingrg/images/control/loading.gif HTTP/1.1" 200 13463
116.233.73.73 - - [20/May/2021:09:15:14 +0800] "GET /xingrg/javascript/jquery_easy_ui/themes/icons/help.png HTTP/1.1" 200 1187
116.233.73.73 - - [20/May/2021:09:15:15 +0800] "POST /xingrg/all/report/load_report_page.html HTTP/1.1" 200 20287
116.233.73.73 - - [20/May/2021:09:15:15 +0800] "GET /xingrg/servlets/image?cache=0.032540281105718494&image=px HTTP/1.1" 200 807
116.235.222.38 - - [20/May/2021:09:15:17 +0800] "GET /xingrg/check_reg.html?_=1621473310790 HTTP/1.1" 200 22
116.233.73.73 - - [20/May/2021:09:15:21 +0800] "GET /xingrg/kc/base/stock_operate.html?_=1621473323015&command=get_report_file&start_day=20210515 HTTP/1.1" 200 53
116.233.73.73 - - [20/May/2021:09:15:21 +0800] "GET /xingrg/all/report/report_query.html?isQuery=1&onlyBody=1&rh=2000&fileName=kc/base/kc_stock_detail_new.xml&queryString=(1=1)&queryText=&tableQueryString=init_table$sp1$$sp$crk_table$sp1$order_day%20between%2020210515%20and%2020210531&varString=start_day:20210515,materiel_code:00101008210,cost_id:3149,end_date:20210430 HTTP/1.1" 200 48701
116.233.73.73 - - [20/May/2021:09:15:21 +0800] "GET /xingrg/dwr/interface/AjaxReportQueryService.js HTTP/1.1" 200 13203
116.233.73.73 - - [20/May/2021:09:15:21 +0800] "GET /xingrg/dwr/engine.js HTTP/1.1" 200 43631
114.88.162.5 - - [20/May/2021:09:15:21 +0800] "GET /xingrg/all/function/internal_message.html?_=1621473314353&CODE_STATE=getMsg HTTP/1.1" 200 27
116.235.222.38 - - [20/May/2021:09:15:21 +0800] "GET /xingrg/all/function/internal_message.html?_=1621473315095&CODE_STATE=getMsg HTTP/1.1" 200 27
116.233.73.73 - - [20/May/2021:09:15:22 +0800] "POST /xingrg/all/report/load_report_page.html HTTP/1.1" 200 20237
