180.161.124.236 - - [19/May/2021:11:11:35 +0800] "GET /xingrg/javascript/easyui/themes/default/validatebox.css HTTP/1.1" 404 1104
180.161.124.236 - - [19/May/2021:11:11:37 +0800] "GET /xingrg/kc/base/wldb_order_add.html HTTP/1.1" 200 30138
222.69.131.59 - - [19/May/2021:11:11:38 +0800] "GET /xingrg/all/function/internal_message.html?_=1621393896384&CODE_STATE=getMsg HTTP/1.1" 200 27
117.185.32.26 - - [19/May/2021:11:11:38 +0800] "GET /xingrg/kc/print/load_data.html?order_code=212021051908457&kc_code=cgsh&condition= HTTP/1.1" 200 1829
180.161.124.236 - - [19/May/2021:11:11:38 +0800] "POST /xingrg/kc/base/wldb_order_operate.html HTTP/1.1" 200 6806
180.161.124.236 - - [19/May/2021:11:11:39 +0800] "GET /xingrg/javascript/easyui/themes/default/validatebox.css HTTP/1.1" 404 1104
117.185.32.26 - - [19/May/2021:11:11:43 +0800] "GET /xingrg/all/function/internal_message.html?_=1621394422536&CODE_STATE=getMsg HTTP/1.1" 200 27
116.235.222.38 - - [19/May/2021:11:11:44 +0800] "GET /xingrg/all/function/internal_message.html?_=1621393899708&CODE_STATE=getMsg HTTP/1.1" 200 27
101.85.52.2 - - [19/May/2021:11:11:45 +0800] "GET /xingrg/kc/buy/cgsh_order_operate.html?command=get_materiel&rest_code=00145&code=00101008286&supplier_code=00100007&order_time=2021-05-14 HTTP/1.1" 200 408
116.224.253.72 - - [19/May/2021:11:11:45 +0800] "GET /xingrg/check_reg.html?_=1621393885152 HTTP/1.1" 200 22
116.224.253.72 - - [19/May/2021:11:11:45 +0800] "GET /xingrg/all/function/internal_message.html?_=1621393885267&CODE_STATE=getMsg HTTP/1.1" 200 27
180.161.124.236 - - [19/May/2021:11:11:46 +0800] "POST /xingrg/all/common/load_combo.html?type=base HTTP/1.1" 200 3060
180.161.124.236 - - [19/May/2021:11:11:48 +0800] "POST /xingrg/all/common/load_combo.html?type=base HTTP/1.1" 200 3060
117.185.32.26 - - [19/May/2021:11:11:51 +0800] "GET /xingrg/kc/buy/cgsh_order_add.html HTTP/1.1" 200 61991
117.185.32.26 - - [19/May/2021:11:11:51 +0800] "GET /xingrg/javascript/easyui/themes/default/validatebox.css HTTP/1.1" 404 1104
117.185.32.26 - - [19/May/2021:11:11:51 +0800] "POST /xingrg/kc/buy/cgsh_order_operate.html HTTP/1.1" 200 8245
61.165.42.208 - - [19/May/2021:11:11:52 +0800] "GET /xingrg/kc/buy/cgsh_order_operate.html?command=get_materiel&rest_code=00105&code=00101004067&supplier_code=00100312&order_time=2021-05-19 HTTP/1.1" 200 433
117.185.32.26 - - [19/May/2021:11:11:52 +0800] "GET /xingrg/javascript/easyui/themes/default/tree.css HTTP/1.1" 404 1090
117.185.32.26 - - [19/May/2021:11:11:53 +0800] "POST /xingrg/all/common/load_tree.html?tree=supplier_tree_json&isDelete=1 HTTP/1.1" 200 55318
101.85.52.2 - - [19/May/2021:11:11:54 +0800] "GET /xingrg/kc/buy/cgsh_order_operate.html?command=get_materiel&rest_code=00145&code=00101008152&supplier_code=00100007&order_time=2021-05-14 HTTP/1.1" 200 408
101.85.52.2 - - [19/May/2021:11:11:54 +0800] "GET /xingrg/all/function/internal_message.html?_=1621393908926&CODE_STATE=getMsg HTTP/1.1" 200 27
101.85.52.2 - - [19/May/2021:11:11:55 +0800] "GET /xingrg/check_reg.html?_=1621393909564 HTTP/1.1" 200 22
58.40.7.146 - - [19/May/2021:11:11:56 +0800] "GET /xingrg/all/function/internal_message.html?_=1621393914669&CODE_STATE=getMsg HTTP/1.1" 302 -
116.235.222.38 - - [19/May/2021:11:11:56 +0800] "GET /xingrg/all/function/internal_message.html?_=1621393911936&CODE_STATE=getMsg HTTP/1.1" 200 27
116.232.48.118 - - [19/May/2021:11:11:58 +0800] "GET /xingrg/all/function/internal_message.html?_=1621393919114&CODE_STATE=getMsg HTTP/1.1" 200 27
116.232.48.118 - - [19/May/2021:11:11:58 +0800] "GET /xingrg/check_reg.html?_=1621393919117 HTTP/1.1" 200 22
61.165.42.208 - - [19/May/2021:11:11:58 +0800] "GET /xingrg/all/function/internal_message.html?_=1621393899641&CODE_STATE=getMsg HTTP/1.1" 200 27
101.85.52.2 - - [19/May/2021:11:12:01 +0800] "GET /xingrg/kc/buy/cgsh_order_operate.html?command=get_materiel&rest_code=00145&code=00101008264&supplier_code=00100007&order_time=2021-05-14 HTTP/1.1" 200 412
120.253.135.82 - - [19/May/2021:11:12:01 +0800] "GET /xingrg/all/function/internal_message.html?_=1621393973585&CODE_STATE=getMsg HTTP/1.1" 200 27
120.253.135.82 - - [19/May/2021:11:12:02 +0800] "GET /xingrg/check_reg.html?_=1621393703557 HTTP/1.1" 200 22
117.185.32.26 - - [19/May/2021:11:12:03 +0800] "GET /xingrg/check_reg.html?_=1621393916877 HTTP/1.1" 200 22
117.185.32.26 - - [19/May/2021:11:12:06 +0800] "GET /xingrg/all/function/internal_message.html?_=1621393919285&CODE_STATE=getMsg HTTP/1.1" 200 27
116.224.253.72 - - [19/May/2021:11:12:07 +0800] "GET /xingrg/all/function/internal_message.html?_=1621393926806&CODE_STATE=getMsg HTTP/1.1" 200 27
180.169.147.146 - - [19/May/2021:11:12:09 +0800] "GET /xingrg/check_reg.html?_=1621393930312 HTTP/1.1" 200 22
180.169.147.146 - - [19/May/2021:11:12:09 +0800] "GET /xingrg/all/function/internal_message.html?_=1621393930318&CODE_STATE=getMsg HTTP/1.1" 200 27
180.161.124.236 - - [19/May/2021:11:12:10 +0800] "GET /xingrg/all/function/internal_message.html?_=1621393888809&CODE_STATE=getMsg HTTP/1.1" 200 27
101.85.52.2 - - [19/May/2021:11:12:11 +0800] "POST /xingrg/kc/buy/cgsh_order_operate.html HTTP/1.1" 200 37
101.85.52.2 - - [19/May/2021:11:12:13 +0800] "POST /xingrg/kc/buy/cgsh_order_operate.html HTTP/1.1" 200 15624
114.86.187.76 - - [19/May/2021:11:12:15 +0800] "GET /xingrg/all/function/internal_message.html?_=1621393932771&CODE_STATE=getMsg HTTP/1.1" 200 27
116.235.95.160 - - [19/May/2021:11:12:16 +0800] "GET /xingrg/all/function/internal_message.html?_=1621394025184&CODE_STATE=getMsg HTTP/1.1" 200 27
116.230.114.112 - - [19/May/2021:11:12:23 +0800] "GET /xingrg/all/function/internal_message.html?_=1621393951762&CODE_STATE=getMsg HTTP/1.1" 200 27
116.230.110.80 - - [19/May/2021:11:12:24 +0800] "GET /xingrg/all/function/internal_message.html?_=1621393943025&CODE_STATE=getMsg HTTP/1.1" 200 27
58.37.225.51 - - [19/May/2021:11:12:24 +0800] "POST /xingrg/kc/buy/cgsh_order_operate.html HTTP/1.1" 200 37
117.185.32.26 - - [19/May/2021:11:12:24 +0800] "GET /xingrg/kc/buy/cgsh_order_operate.html?command=get_materiel&rest_code=00106&code=00101001145&supplier_code=00100314&order_time=2021-05-19 HTTP/1.1" 200 415
58.37.225.51 - - [19/May/2021:11:12:31 +0800] "POST /xingrg/kc/buy/cgsh_order_operate.html HTTP/1.1" 200 12
117.185.32.26 - - [19/May/2021:11:12:31 +0800] "GET /xingrg/kc/buy/cgsh_order_operate.html?command=get_materiel&rest_code=00106&code=00101008027&supplier_code=00100007&order_time=2021-05-19 HTTP/1.1" 200 408
101.85.52.2 - - [19/May/2021:11:12:33 +0800] "POST /xingrg/kc/buy/cgsh_order_operate.html HTTP/1.1" 200 37
58.37.225.51 - - [19/May/2021:11:12:34 +0800] "GET /xingrg/kc/buy/cgsh_order_info.html?code=212021051908459 HTTP/1.1" 200 56901
58.37.225.51 - - [19/May/2021:11:12:34 +0800] "GET /xingrg/javascript/easyui/themes/default/validatebox.css HTTP/1.1" 404 1104
58.37.225.51 - - [19/May/2021:11:12:35 +0800] "POST /xingrg/kc/buy/cgsh_order_operate.html HTTP/1.1" 200 611
58.37.225.51 - - [19/May/2021:11:12:36 +0800] "GET /xingrg/kc/print/load_data.html?order_code=212021051908459&kc_code=cgsh&condition= HTTP/1.1" 200 759
222.69.131.59 - - [19/May/2021:11:12:38 +0800] "GET /xingrg/all/function/internal_message.html?_=1621393956355&CODE_STATE=getMsg HTTP/1.1" 200 27
61.165.42.208 - - [19/May/2021:11:12:39 +0800] "GET /xingrg/kc/buy/cgsh_order_operate.html?command=get_materiel&rest_code=00105&code=00101004050&supplier_code=00100312&order_time=2021-05-19 HTTP/1.1" 200 409
117.185.32.26 - - [19/May/2021:11:12:40 +0800] "GET /xingrg/kc/buy/cgsh_order_operate.html?command=get_materiel&rest_code=00106&code=00101008244&supplier_code=00100007&order_time=2021-05-19 HTTP/1.1" 200 408
101.85.52.2 - - [19/May/2021:11:12:41 +0800] "POST /xingrg/kc/buy/cgsh_order_operate.html HTTP/1.1" 200 15624
58.37.225.51 - - [19/May/2021:11:12:41 +0800] "GET /xingrg/kc/buy/cgsh_order_add.html HTTP/1.1" 200 61997
58.37.225.51 - - [19/May/2021:11:12:41 +0800] "POST /xingrg/kc/buy/cgsh_order_operate.html HTTP/1.1" 200 8245
58.37.225.51 - - [19/May/2021:11:12:41 +0800] "GET /xingrg/javascript/easyui/themes/default/validatebox.css HTTP/1.1" 404 1104
117.185.32.26 - - [19/May/2021:11:12:43 +0800] "GET /xingrg/all/function/internal_message.html?_=1621394482544&CODE_STATE=getMsg HTTP/1.1" 200 27
117.185.32.26 - - [19/May/2021:11:12:43 +0800] "GET /xingrg/check_reg.html?_=1621394482545 HTTP/1.1" 200 22
116.235.222.38 - - [19/May/2021:11:12:44 +0800] "GET /xingrg/all/function/internal_message.html?_=1621393959680&CODE_STATE=getMsg HTTP/1.1" 200 27
116.224.253.72 - - [19/May/2021:11:12:45 +0800] "GET /xingrg/all/function/internal_message.html?_=1621393945281&CODE_STATE=getMsg HTTP/1.1" 200 27
180.161.124.236 - - [19/May/2021:11:12:50 +0800] "GET /xingrg/check_reg.html?_=1621393929214 HTTP/1.1" 200 22
117.185.32.26 - - [19/May/2021:11:12:51 +0800] "GET /xingrg/kc/buy/cgsh_order_operate.html?command=get_materiel&rest_code=00106&code=00101008185&supplier_code=00100007&order_time=2021-05-19 HTTP/1.1" 200 408
101.85.52.2 - - [19/May/2021:11:12:54 +0800] "GET /xingrg/all/function/internal_message.html?_=1621393968914&CODE_STATE=getMsg HTTP/1.1" 200 27
58.40.7.146 - - [19/May/2021:11:12:56 +0800] "GET /xingrg/all/function/internal_message.html?_=1621393974671&CODE_STATE=getMsg HTTP/1.1" 302 -
116.235.222.38 - - [19/May/2021:11:12:56 +0800] "GET /xingrg/all/function/internal_message.html?_=1621393971908&CODE_STATE=getMsg HTTP/1.1" 200 27
58.37.225.51 - - [19/May/2021:11:12:56 +0800] "GET /xingrg/kc/buy/cgsh_order_operate.html?command=get_materiel&rest_code=00141&code=00101004067&supplier_code=00100312&order_time=2021-05-19 HTTP/1.1" 200 433
116.232.48.118 - - [19/May/2021:11:12:58 +0800] "GET /xingrg/all/function/internal_message.html?_=1621393979116&CODE_STATE=getMsg HTTP/1.1" 200 27
61.165.42.208 - - [19/May/2021:11:12:58 +0800] "GET /xingrg/all/function/internal_message.html?_=1621393959645&CODE_STATE=getMsg HTTP/1.1" 200 27
61.165.42.208 - - [19/May/2021:11:12:58 +0800] "GET /xingrg/check_reg.html?_=1621393959649 HTTP/1.1" 200 22
101.85.52.2 - - [19/May/2021:11:12:59 +0800] "GET /xingrg/kc/print/load_data.html?order_code=212021051908458&kc_code=cgsh&condition= HTTP/1.1" 200 5600
120.253.135.82 - - [19/May/2021:11:13:01 +0800] "GET /xingrg/all/function/internal_message.html?_=1621394033660&CODE_STATE=getMsg HTTP/1.1" 200 27
117.185.32.26 - - [19/May/2021:11:13:06 +0800] "GET /xingrg/all/function/internal_message.html?_=1621393979269&CODE_STATE=getMsg HTTP/1.1" 200 27
116.224.253.72 - - [19/May/2021:11:13:07 +0800] "GET /xingrg/all/function/internal_message.html?_=1621393986818&CODE_STATE=getMsg HTTP/1.1" 200 27
117.185.32.26 - - [19/May/2021:11:13:08 +0800] "GET /xingrg/kc/buy/cgsh_order_operate.html?command=get_materiel&rest_code=00106&code=00101008186&supplier_code=00100007&order_time=2021-05-19 HTTP/1.1" 200 408
180.169.147.146 - - [19/May/2021:11:13:09 +0800] "GET /xingrg/all/function/internal_message.html?_=1621393990318&CODE_STATE=getMsg HTTP/1.1" 200 27
117.185.32.26 - - [19/May/2021:11:13:09 +0800] "POST /xingrg/kc/buy/cgsh_order_operate.html HTTP/1.1" 200 2065
58.37.225.51 - - [19/May/2021:11:13:10 +0800] "GET /xingrg/kc/buy/cgsh_order_operate.html?command=get_materiel&rest_code=00141&code=00101006268&supplier_code=00100312&order_time=2021-05-19 HTTP/1.1" 200 397
180.161.124.236 - - [19/May/2021:11:13:10 +0800] "GET /xingrg/all/function/internal_message.html?_=1621393948824&CODE_STATE=getMsg HTTP/1.1" 200 27
61.165.42.208 - - [19/May/2021:11:13:11 +0800] "GET /xingrg/kc/buy/cgsh_order_operate.html?command=get_materiel&rest_code=00105&code=00101004030&supplier_code=00100312&order_time=2021-05-19 HTTP/1.1" 200 427
114.86.187.76 - - [19/May/2021:11:13:15 +0800] "GET /xingrg/all/function/internal_message.html?_=1621393992769&CODE_STATE=getMsg HTTP/1.1" 200 27
117.185.32.26 - - [19/May/2021:11:13:16 +0800] "GET /xingrg/kc/buy/cgsh_order_operate.html?command=get_materiel&rest_code=00106&code=00101008038&supplier_code=00100007&order_time=2021-05-19 HTTP/1.1" 200 412
116.235.95.160 - - [19/May/2021:11:13:16 +0800] "GET /xingrg/all/function/internal_message.html?_=1621394085177&CODE_STATE=getMsg HTTP/1.1" 200 27
117.185.32.26 - - [19/May/2021:11:13:19 +0800] "POST /xingrg/kc/buy/cgsh_order_operate.html HTTP/1.1" 200 37
58.37.225.51 - - [19/May/2021:11:13:22 +0800] "GET /xingrg/kc/buy/cgsh_order_operate.html?command=get_materiel&rest_code=00141&code=00101004071&supplier_code=00100312&order_time=2021-05-19 HTTP/1.1" 200 409
116.230.114.112 - - [19/May/2021:11:13:23 +0800] "GET /xingrg/all/function/internal_message.html?_=1621394011762&CODE_STATE=getMsg HTTP/1.1" 200 27
116.230.110.80 - - [19/May/2021:11:13:24 +0800] "GET /xingrg/all/function/internal_message.html?_=1621394003012&CODE_STATE=getMsg HTTP/1.1" 200 27
180.161.124.236 - - [19/May/2021:11:13:24 +0800] "GET /xingrg/check_reg.html?_=1621393963159 HTTP/1.1" 200 22
117.185.32.26 - - [19/May/2021:11:13:25 +0800] "POST /xingrg/kc/buy/cgsh_order_operate.html HTTP/1.1" 200 12
116.230.110.80 - - [19/May/2021:11:13:25 +0800] "GET /xingrg/check_reg.html?_=1621394003646 HTTP/1.1" 200 22
117.185.32.26 - - [19/May/2021:11:13:27 +0800] "GET /xingrg/kc/buy/cgsh_order_info.html?code=212021051908460 HTTP/1.1" 200 56895
117.185.32.26 - - [19/May/2021:11:13:28 +0800] "GET /xingrg/kc/buy/cgsh_order_operate.html?command=get_materiel&rest_code=00106&code=00101008283&supplier_code=00100007&order_time=2021-05-19 HTTP/1.1" 200 408
117.185.32.26 - - [19/May/2021:11:13:28 +0800] "GET /xingrg/javascript/easyui/themes/default/validatebox.css HTTP/1.1" 404 1104
117.185.32.26 - - [19/May/2021:11:13:29 +0800] "POST /xingrg/kc/buy/cgsh_order_operate.html HTTP/1.1" 200 612
183.192.164.97 - - [19/May/2021:11:13:30 +0800] "GET /xingrg/kc/buy/cgsh_order_operate.html?command=get_materiel&rest_code=00106&code=00101008027&supplier_code=00100007&order_time=2021-05-19 HTTP/1.1" 302 -
61.165.42.208 - - [19/May/2021:11:13:31 +0800] "GET /xingrg/kc/buy/cgsh_order_operate.html?command=get_materiel&rest_code=00105&code=00101005015&supplier_code=00100312&order_time=2021-05-19 HTTP/1.1" 200 409
183.192.164.97 - - [19/May/2021:11:13:31 +0800] "GET /xingrg/login.html HTTP/1.1" 200 7641
117.185.32.26 - - [19/May/2021:11:13:32 +0800] "GET /xingrg/kc/print/load_data.html?order_code=212021051908460&kc_code=cgsh&condition= HTTP/1.1" 200 705
58.37.225.51 - - [19/May/2021:11:13:32 +0800] "GET /xingrg/all/function/internal_message.html?_=1621393965924&CODE_STATE=getMsg HTTP/1.1" 200 27
222.69.131.59 - - [19/May/2021:11:13:38 +0800] "GET /xingrg/all/function/internal_message.html?_=1621394016327&CODE_STATE=getMsg HTTP/1.1" 200 27
222.69.131.59 - - [19/May/2021:11:13:38 +0800] "GET /xingrg/check_reg.html?_=1621394017261 HTTP/1.1" 200 22
117.185.32.26 - - [19/May/2021:11:13:40 +0800] "GET /xingrg/kc/buy/cgsh_order_operate.html?command=get_materiel&rest_code=00106&code=00101008224&supplier_code=00100007&order_time=2021-05-19 HTTP/1.1" 200 416
117.185.32.26 - - [19/May/2021:11:13:43 +0800] "GET /xingrg/all/function/internal_message.html?_=1621394542541&CODE_STATE=getMsg HTTP/1.1" 200 27
61.165.42.208 - - [19/May/2021:11:13:43 +0800] "GET /xingrg/kc/buy/cgsh_order_operate.html?command=get_materiel&rest_code=00105&code=00101004020&supplier_code=00100312&order_time=2021-05-19 HTTP/1.1" 200 409
116.235.222.38 - - [19/May/2021:11:13:44 +0800] "GET /xingrg/all/function/internal_message.html?_=1621394019658&CODE_STATE=getMsg HTTP/1.1" 200 27
116.224.253.72 - - [19/May/2021:11:13:45 +0800] "GET /xingrg/all/function/internal_message.html?_=1621394005294&CODE_STATE=getMsg HTTP/1.1" 200 27
117.185.32.26 - - [19/May/2021:11:13:47 +0800] "GET /xingrg/kc/buy/cgsh_order_add.html HTTP/1.1" 200 61991
117.185.32.26 - - [19/May/2021:11:13:47 +0800] "POST /xingrg/kc/buy/cgsh_order_operate.html HTTP/1.1" 200 8245
117.185.32.26 - - [19/May/2021:11:13:47 +0800] "GET /xingrg/javascript/easyui/themes/default/validatebox.css HTTP/1.1" 404 1104
117.185.32.26 - - [19/May/2021:11:13:49 +0800] "GET /xingrg/javascript/easyui/themes/default/tree.css HTTP/1.1" 404 1090
117.185.32.26 - - [19/May/2021:11:13:49 +0800] "POST /xingrg/all/common/load_tree.html?tree=supplier_tree_json&isDelete=1 HTTP/1.1" 200 55318
58.37.225.51 - - [19/May/2021:11:13:52 +0800] "GET /xingrg/kc/buy/cgsh_order_operate.html?command=get_materiel&rest_code=00141&code=00101004022&supplier_code=00100312&order_time=2021-05-19 HTTP/1.1" 200 415
101.85.52.2 - - [19/May/2021:11:13:54 +0800] "GET /xingrg/all/function/internal_message.html?_=1621394028893&CODE_STATE=getMsg HTTP/1.1" 200 27
58.40.7.146 - - [19/May/2021:11:13:56 +0800] "GET /xingrg/all/function/internal_message.html?_=1621394034676&CODE_STATE=getMsg HTTP/1.1" 302 -
116.235.222.38 - - [19/May/2021:11:13:56 +0800] "GET /xingrg/all/function/internal_message.html?_=1621394031897&CODE_STATE=getMsg HTTP/1.1" 200 27
116.235.222.38 - - [19/May/2021:11:13:56 +0800] "GET /xingrg/check_reg.html?_=1621394032024 HTTP/1.1" 200 22
116.232.48.118 - - [19/May/2021:11:13:58 +0800] "GET /xingrg/all/function/internal_message.html?_=1621394039117&CODE_STATE=getMsg HTTP/1.1" 200 27
61.165.42.208 - - [19/May/2021:11:13:58 +0800] "GET /xingrg/all/function/internal_message.html?_=1621394019652&CODE_STATE=getMsg HTTP/1.1" 200 27
120.253.135.82 - - [19/May/2021:11:14:01 +0800] "GET /xingrg/all/function/internal_message.html?_=1621394093675&CODE_STATE=getMsg HTTP/1.1" 200 27
117.185.32.26 - - [19/May/2021:11:14:06 +0800] "GET /xingrg/all/function/internal_message.html?_=1621394039248&CODE_STATE=getMsg HTTP/1.1" 200 27
116.224.253.72 - - [19/May/2021:11:14:07 +0800] "GET /xingrg/all/function/internal_message.html?_=1621394046822&CODE_STATE=getMsg HTTP/1.1" 200 27
116.224.253.72 - - [19/May/2021:11:14:07 +0800] "GET /xingrg/check_reg.html?_=1621394046828 HTTP/1.1" 200 22
180.169.147.146 - - [19/May/2021:11:14:09 +0800] "GET /xingrg/all/function/internal_message.html?_=1621394050304&CODE_STATE=getMsg HTTP/1.1" 200 27
180.161.124.236 - - [19/May/2021:11:14:10 +0800] "GET /xingrg/all/function/internal_message.html?_=1621394008837&CODE_STATE=getMsg HTTP/1.1" 200 27
114.86.187.76 - - [19/May/2021:11:14:15 +0800] "GET /xingrg/all/function/internal_message.html?_=1621394052767&CODE_STATE=getMsg HTTP/1.1" 200 27
116.235.95.160 - - [19/May/2021:11:14:16 +0800] "GET /xingrg/all/function/internal_message.html?_=1621394145187&CODE_STATE=getMsg HTTP/1.1" 200 27
61.165.42.208 - - [19/May/2021:11:14:17 +0800] "GET /xingrg/kc/buy/cgsh_order_operate.html?command=get_materiel&rest_code=00105&code=00101001005&supplier_code=00100312&order_time=2021-05-19 HTTP/1.1" 200 413
180.161.124.236 - - [19/May/2021:11:14:22 +0800] "POST /xingrg/kc/base/wldb_order_operate.html HTTP/1.1" 200 37
180.161.124.236 - - [19/May/2021:11:14:23 +0800] "POST /xingrg/kc/base/wldb_order_operate.html HTTP/1.1" 200 2189
116.230.114.112 - - [19/May/2021:11:14:23 +0800] "GET /xingrg/all/function/internal_message.html?_=1621394072016&CODE_STATE=getMsg HTTP/1.1" 200 27
116.230.110.80 - - [19/May/2021:11:14:24 +0800] "GET /xingrg/all/function/internal_message.html?_=1621394062997&CODE_STATE=getMsg HTTP/1.1" 200 27
58.37.225.51 - - [19/May/2021:11:14:24 +0800] "GET /xingrg/kc/buy/cgsh_order_operate.html?command=get_materiel&rest_code=00141&code=00101005017&supplier_code=00100312&order_time=2021-05-19 HTTP/1.1" 200 409
120.204.17.70 - - [19/May/2021:11:14:27 +0800] "GET /xingrg/kc/buy/cgsh_order_operate.html?command=get_materiel&rest_code=00106&code=00101008283&supplier_code=00100007&order_time=2021-05-19 HTTP/1.1" 302 -
120.204.17.70 - - [19/May/2021:11:14:27 +0800] "GET /xingrg/login.html HTTP/1.1" 200 7641
180.161.124.236 - - [19/May/2021:11:14:28 +0800] "POST /xingrg/kc/base/wldb_order_operate.html HTTP/1.1" 200 12
58.221.95.50 - - [19/May/2021:11:14:29 +0800] "GET /xingrg/check_reg.html?_=1621394069501 HTTP/1.1" 302 -
117.185.32.26 - - [19/May/2021:11:14:32 +0800] "GET /xingrg/kc/buy/cgsh_order_operate.html?command=get_materiel&rest_code=00106&code=00101006038&supplier_code=00100342&order_time=2021-05-19 HTTP/1.1" 200 421
58.37.225.51 - - [19/May/2021:11:14:32 +0800] "GET /xingrg/all/function/internal_message.html?_=1621394025896&CODE_STATE=getMsg HTTP/1.1" 200 27
180.161.124.236 - - [19/May/2021:11:14:32 +0800] "GET /xingrg/kc/base/wldb_order_info.html?code=422021051902031 HTTP/1.1" 200 26012
180.161.124.236 - - [19/May/2021:11:14:34 +0800] "POST /xingrg/kc/base/wldb_order_operate.html HTTP/1.1" 200 483
180.161.124.236 - - [19/May/2021:11:14:34 +0800] "GET /xingrg/javascript/easyui/themes/default/validatebox.css HTTP/1.1" 404 1104
116.230.114.112 - - [19/May/2021:11:14:34 +0800] "GET /xingrg/check_reg.html?_=1621394083163 HTTP/1.1" 200 22
222.69.131.59 - - [19/May/2021:11:14:38 +0800] "GET /xingrg/all/function/internal_message.html?_=1621394076311&CODE_STATE=getMsg HTTP/1.1" 200 27
117.185.32.26 - - [19/May/2021:11:14:43 +0800] "GET /xingrg/all/function/internal_message.html?_=1621394602540&CODE_STATE=getMsg HTTP/1.1" 200 27
116.235.222.38 - - [19/May/2021:11:14:44 +0800] "GET /xingrg/all/function/internal_message.html?_=1621394079633&CODE_STATE=getMsg HTTP/1.1" 200 27
116.224.253.72 - - [19/May/2021:11:14:45 +0800] "GET /xingrg/all/function/internal_message.html?_=1621394065318&CODE_STATE=getMsg HTTP/1.1" 200 27
117.185.32.26 - - [19/May/2021:11:14:50 +0800] "POST /xingrg/kc/buy/cgsh_order_operate.html HTTP/1.1" 200 37
58.37.225.51 - - [19/May/2021:11:14:54 +0800] "GET /xingrg/kc/buy/cgsh_order_operate.html?command=get_materiel&rest_code=00141&code=00101004050&supplier_code=00100312&order_time=2021-05-19 HTTP/1.1" 200 409
101.85.52.2 - - [19/May/2021:11:14:54 +0800] "GET /xingrg/all/function/internal_message.html?_=1621394088888&CODE_STATE=getMsg HTTP/1.1" 200 27
117.185.32.26 - - [19/May/2021:11:14:54 +0800] "GET /xingrg/kc/buy/cgsh_order_operate.html?command=get_materiel&rest_code=00106&code=00101008067&supplier_code=00100007&order_time=2021-05-19 HTTP/1.1" 200 416
61.165.42.208 - - [19/May/2021:11:14:55 +0800] "GET /xingrg/kc/buy/cgsh_order_operate.html?command=get_materiel&rest_code=00105&code=00101001162&supplier_code=00100312&order_time=2021-05-19 HTTP/1.1" 200 413
58.40.7.146 - - [19/May/2021:11:14:56 +0800] "GET /xingrg/all/function/internal_message.html?_=1621394094679&CODE_STATE=getMsg HTTP/1.1" 302 -
116.235.222.38 - - [19/May/2021:11:14:56 +0800] "GET /xingrg/all/function/internal_message.html?_=1621394091886&CODE_STATE=getMsg HTTP/1.1" 200 27
116.232.48.118 - - [19/May/2021:11:14:58 +0800] "GET /xingrg/all/function/internal_message.html?_=1621394099119&CODE_STATE=getMsg HTTP/1.1" 200 27
61.165.42.208 - - [19/May/2021:11:14:58 +0800] "GET /xingrg/all/function/internal_message.html?_=1621394079650&CODE_STATE=getMsg HTTP/1.1" 200 27
120.253.135.82 - - [19/May/2021:11:14:59 +0800] "GET /xingrg/check_reg.html?_=1621394151216 HTTP/1.1" 200 22
117.185.32.26 - - [19/May/2021:11:15:00 +0800] "POST /xingrg/kc/buy/cgsh_order_operate.html HTTP/1.1" 200 12
120.253.135.82 - - [19/May/2021:11:15:01 +0800] "GET /xingrg/all/function/internal_message.html?_=1621394153688&CODE_STATE=getMsg HTTP/1.1" 200 27
117.185.32.26 - - [19/May/2021:11:15:03 +0800] "GET /xingrg/kc/buy/cgsh_order_info.html?code=212021051908461 HTTP/1.1" 200 56897
117.185.32.26 - - [19/May/2021:11:15:04 +0800] "GET /xingrg/javascript/easyui/themes/default/validatebox.css HTTP/1.1" 404 1104
117.185.32.26 - - [19/May/2021:11:15:04 +0800] "POST /xingrg/kc/buy/cgsh_order_operate.html HTTP/1.1" 200 617
180.169.147.146 - - [19/May/2021:11:15:05 +0800] "GET /xingrg/check_reg.html?_=1621394100287 HTTP/1.1" 200 22
117.185.32.26 - - [19/May/2021:11:15:06 +0800] "GET /xingrg/all/function/internal_message.html?_=1621394099283&CODE_STATE=getMsg HTTP/1.1" 200 27
116.224.253.72 - - [19/May/2021:11:15:07 +0800] "GET /xingrg/all/function/internal_message.html?_=1621394106839&CODE_STATE=getMsg HTTP/1.1" 200 27
117.185.32.26 - - [19/May/2021:11:15:08 +0800] "GET /xingrg/kc/print/load_data.html?order_code=212021051908461&kc_code=cgsh&condition= HTTP/1.1" 200 719
180.169.147.146 - - [19/May/2021:11:15:09 +0800] "GET /xingrg/all/function/internal_message.html?_=1621394110313&CODE_STATE=getMsg HTTP/1.1" 200 27
58.37.225.51 - - [19/May/2021:11:15:10 +0800] "GET /xingrg/kc/buy/cgsh_order_operate.html?command=get_materiel&rest_code=00141&code=00101005015&supplier_code=00100312&order_time=2021-05-19 HTTP/1.1" 200 409
180.161.124.236 - - [19/May/2021:11:15:10 +0800] "GET /xingrg/all/function/internal_message.html?_=1621394068850&CODE_STATE=getMsg HTTP/1.1" 200 27
114.86.187.76 - - [19/May/2021:11:15:15 +0800] "GET /xingrg/all/function/internal_message.html?_=1621394112765&CODE_STATE=getMsg HTTP/1.1" 200 27
116.235.95.160 - - [19/May/2021:11:15:16 +0800] "GET /xingrg/all/function/internal_message.html?_=1621394205183&CODE_STATE=getMsg HTTP/1.1" 200 27
180.161.124.236 - - [19/May/2021:11:15:17 +0800] "GET /xingrg/kc/buy/cgsh_order_list.html HTTP/1.1" 200 46253
180.161.124.236 - - [19/May/2021:11:15:19 +0800] "POST /xingrg/kc/buy/cgsh_list_operate.html HTTP/1.1" 200 876
58.37.225.51 - - [19/May/2021:11:15:19 +0800] "GET /xingrg/kc/buy/cgsh_order_operate.html?command=get_materiel&rest_code=00141&code=00101004013&supplier_code=00100312&order_time=2021-05-19 HTTP/1.1" 200 415
180.161.124.236 - - [19/May/2021:11:15:21 +0800] "GET /xingrg/kc/buy/cgsh_order_add.html HTTP/1.1" 200 61950
180.161.124.236 - - [19/May/2021:11:15:22 +0800] "POST /xingrg/kc/buy/cgsh_order_operate.html HTTP/1.1" 200 8245
180.161.124.236 - - [19/May/2021:11:15:22 +0800] "GET /xingrg/javascript/easyui/themes/default/validatebox.css HTTP/1.1" 404 1104
116.230.114.112 - - [19/May/2021:11:15:23 +0800] "GET /xingrg/all/function/internal_message.html?_=1621394132023&CODE_STATE=getMsg HTTP/1.1" 200 27
116.230.110.80 - - [19/May/2021:11:15:24 +0800] "GET /xingrg/all/function/internal_message.html?_=1621394122975&CODE_STATE=getMsg HTTP/1.1" 200 27
58.37.225.51 - - [19/May/2021:11:15:28 +0800] "GET /xingrg/kc/buy/cgsh_order_operate.html?command=get_materiel&rest_code=00141&code=00101004059&supplier_code=00100312&order_time=2021-05-19 HTTP/1.1" 200 413
117.185.32.26 - - [19/May/2021:11:15:28 +0800] "GET /xingrg/kc/buy/cgsh_order_add.html HTTP/1.1" 200 61991
117.185.32.26 - - [19/May/2021:11:15:29 +0800] "POST /xingrg/kc/buy/cgsh_order_operate.html HTTP/1.1" 200 8245
117.185.32.26 - - [19/May/2021:11:15:29 +0800] "GET /xingrg/javascript/easyui/themes/default/validatebox.css HTTP/1.1" 404 1104
117.185.32.26 - - [19/May/2021:11:15:31 +0800] "GET /xingrg/javascript/easyui/themes/default/tree.css HTTP/1.1" 404 1090
58.37.225.51 - - [19/May/2021:11:15:32 +0800] "GET /xingrg/all/function/internal_message.html?_=1621394085855&CODE_STATE=getMsg HTTP/1.1" 200 27
117.185.32.26 - - [19/May/2021:11:15:32 +0800] "POST /xingrg/all/common/load_tree.html?tree=supplier_tree_json&isDelete=1 HTTP/1.1" 200 55318
58.37.225.51 - - [19/May/2021:11:15:36 +0800] "GET /xingrg/kc/buy/cgsh_order_operate.html?command=get_materiel&rest_code=00141&code=00101004051&supplier_code=00100312&order_time=2021-05-19 HTTP/1.1" 200 409
222.69.131.59 - - [19/May/2021:11:15:38 +0800] "GET /xingrg/all/function/internal_message.html?_=1621394136287&CODE_STATE=getMsg HTTP/1.1" 200 27
117.185.32.26 - - [19/May/2021:11:15:43 +0800] "GET /xingrg/all/function/internal_message.html?_=1621394662551&CODE_STATE=getMsg HTTP/1.1" 200 27
116.235.222.38 - - [19/May/2021:11:15:44 +0800] "GET /xingrg/check_reg.html?_=1621394139509 HTTP/1.1" 200 22
116.235.222.38 - - [19/May/2021:11:15:44 +0800] "GET /xingrg/all/function/internal_message.html?_=1621394139646&CODE_STATE=getMsg HTTP/1.1" 200 27
180.161.124.236 - - [19/May/2021:11:15:45 +0800] "GET /xingrg/javascript/easyui/themes/default/tree.css HTTP/1.1" 404 1090
116.224.253.72 - - [19/May/2021:11:15:45 +0800] "GET /xingrg/all/function/internal_message.html?_=1621394125321&CODE_STATE=getMsg HTTP/1.1" 200 27
180.161.124.236 - - [19/May/2021:11:15:46 +0800] "POST /xingrg/all/common/load_tree.html?tree=supplier_tree_json&isDelete=1 HTTP/1.1" 200 55318
58.37.225.51 - - [19/May/2021:11:15:48 +0800] "GET /xingrg/kc/buy/cgsh_order_operate.html?command=get_materiel&rest_code=00141&code=00101001253&supplier_code=00100312&order_time=2021-05-19 HTTP/1.1" 200 393
101.85.52.2 - - [19/May/2021:11:15:54 +0800] "GET /xingrg/all/function/internal_message.html?_=1621394148886&CODE_STATE=getMsg HTTP/1.1" 200 27
58.40.7.146 - - [19/May/2021:11:15:56 +0800] "GET /xingrg/check_reg.html?_=1621394154666 HTTP/1.1" 302 -
58.40.7.146 - - [19/May/2021:11:15:56 +0800] "GET /xingrg/all/function/internal_message.html?_=1621394154668&CODE_STATE=getMsg HTTP/1.1" 302 -
116.235.222.38 - - [19/May/2021:11:15:56 +0800] "GET /xingrg/all/function/internal_message.html?_=1621394151857&CODE_STATE=getMsg HTTP/1.1" 200 27
117.185.32.26 - - [19/May/2021:11:15:56 +0800] "GET /xingrg/kc/buy/cgsh_order_operate.html?command=get_materiel&rest_code=00106&code=00101008164&supplier_code=00100326&order_time=2021-05-19 HTTP/1.1" 200 433
116.232.48.118 - - [19/May/2021:11:15:58 +0800] "GET /xingrg/all/function/internal_message.html?_=1621394159121&CODE_STATE=getMsg HTTP/1.1" 200 27
61.165.42.208 - - [19/May/2021:11:15:58 +0800] "GET /xingrg/all/function/internal_message.html?_=1621394139642&CODE_STATE=getMsg HTTP/1.1" 200 27
58.37.225.51 - - [19/May/2021:11:16:00 +0800] "GET /xingrg/kc/buy/cgsh_order_operate.html?command=get_materiel&rest_code=00141&code=00101001138&supplier_code=00100312&order_time=2021-05-19 HTTP/1.1" 200 413
120.253.135.82 - - [19/May/2021:11:16:01 +0800] "GET /xingrg/all/function/internal_message.html?_=1621394213702&CODE_STATE=getMsg HTTP/1.1" 200 27
117.185.32.26 - - [19/May/2021:11:16:06 +0800] "GET /xingrg/all/function/internal_message.html?_=1621394159195&CODE_STATE=getMsg HTTP/1.1" 200 27
116.224.253.72 - - [19/May/2021:11:16:07 +0800] "GET /xingrg/all/function/internal_message.html?_=1621394166840&CODE_STATE=getMsg HTTP/1.1" 200 27
180.169.147.146 - - [19/May/2021:11:16:09 +0800] "GET /xingrg/all/function/internal_message.html?_=1621394170321&CODE_STATE=getMsg HTTP/1.1" 200 27
58.37.225.51 - - [19/May/2021:11:16:09 +0800] "GET /xingrg/kc/buy/cgsh_order_operate.html?command=get_materiel&rest_code=00141&code=00101001016&supplier_code=00100312&order_time=2021-05-19 HTTP/1.1" 200 413
180.161.124.236 - - [19/May/2021:11:16:10 +0800] "GET /xingrg/all/function/internal_message.html?_=1621394128864&CODE_STATE=getMsg HTTP/1.1" 200 27
101.85.52.2 - - [19/May/2021:11:16:11 +0800] "POST /xingrg/kc/buy/cgsh_list_operate.html HTTP/1.1" 200 3495
114.86.187.76 - - [19/May/2021:11:16:15 +0800] "GET /xingrg/check_reg.html?_=1621394172765 HTTP/1.1" 200 22
114.86.187.76 - - [19/May/2021:11:16:15 +0800] "GET /xingrg/all/function/internal_message.html?_=1621394172763&CODE_STATE=getMsg HTTP/1.1" 200 27
116.235.95.160 - - [19/May/2021:11:16:16 +0800] "GET /xingrg/all/function/internal_message.html?_=1621394265178&CODE_STATE=getMsg HTTP/1.1" 200 27
117.131.5.26 - - [19/May/2021:11:16:16 +0800] "GET /xingrg/check_reg.html?_=1621394265179 HTTP/1.1" 200 22
117.185.32.26 - - [19/May/2021:11:16:20 +0800] "POST /xingrg/kc/buy/cgsh_order_operate.html HTTP/1.1" 200 37
58.37.225.51 - - [19/May/2021:11:16:23 +0800] "GET /xingrg/kc/buy/cgsh_order_operate.html?command=get_materiel&rest_code=00141&code=00101004030&supplier_code=00100312&order_time=2021-05-19 HTTP/1.1" 200 427
116.230.114.112 - - [19/May/2021:11:16:23 +0800] "GET /xingrg/all/function/internal_message.html?_=1621394192036&CODE_STATE=getMsg HTTP/1.1" 200 27
116.230.110.80 - - [19/May/2021:11:16:24 +0800] "GET /xingrg/all/function/internal_message.html?_=1621394182959&CODE_STATE=getMsg HTTP/1.1" 200 27
117.185.32.26 - - [19/May/2021:11:16:26 +0800] "POST /xingrg/kc/buy/cgsh_order_operate.html HTTP/1.1" 200 12
117.185.32.26 - - [19/May/2021:11:16:28 +0800] "GET /xingrg/kc/buy/cgsh_order_info.html?code=212021051908462 HTTP/1.1" 200 56897
117.185.32.26 - - [19/May/2021:11:16:29 +0800] "GET /xingrg/javascript/easyui/themes/default/validatebox.css HTTP/1.1" 404 1104
117.185.32.26 - - [19/May/2021:11:16:29 +0800] "POST /xingrg/kc/buy/cgsh_order_operate.html HTTP/1.1" 200 620
58.37.225.51 - - [19/May/2021:11:16:30 +0800] "GET /xingrg/kc/buy/cgsh_order_operate.html?command=get_materiel&rest_code=00141&code=00101001096&supplier_code=00100312&order_time=2021-05-19 HTTP/1.1" 200 413
58.37.225.51 - - [19/May/2021:11:16:32 +0800] "GET /xingrg/all/function/internal_message.html?_=1621394145841&CODE_STATE=getMsg HTTP/1.1" 200 27
101.85.52.2 - - [19/May/2021:11:16:32 +0800] "POST /xingrg/kc/buy/cgsh_list_operate.html HTTP/1.1" 200 3495
117.185.32.26 - - [19/May/2021:11:16:32 +0800] "GET /xingrg/kc/print/load_data.html?order_code=212021051908462&kc_code=cgsh&condition= HTTP/1.1" 200 714
222.69.131.59 - - [19/May/2021:11:16:37 +0800] "GET /xingrg/all/function/internal_message.html?_=1621394196257&CODE_STATE=getMsg HTTP/1.1" 200 27
58.37.225.51 - - [19/May/2021:11:16:38 +0800] "GET /xingrg/kc/buy/cgsh_order_operate.html?command=get_materiel&rest_code=00141&code=00101004023&supplier_code=00100312&order_time=2021-05-19 HTTP/1.1" 200 409
116.232.48.118 - - [19/May/2021:11:16:40 +0800] "GET /xingrg/kc/buy/cgsh_order_add.html HTTP/1.1" 200 62032
116.232.48.118 - - [19/May/2021:11:16:40 +0800] "GET /xingrg/words/20210518171239_words.js HTTP/1.1" 304 -
116.232.48.118 - - [19/May/2021:11:16:40 +0800] "POST /xingrg/kc/buy/cgsh_order_operate.html HTTP/1.1" 200 8245
116.232.48.118 - - [19/May/2021:11:16:40 +0800] "GET /xingrg/javascript/easyui/themes/default/validatebox.css HTTP/1.1" 404 1104
116.232.48.118 - - [19/May/2021:11:16:41 +0800] "GET /xingrg/all/common/auto_word.html?type=employee&rest_code=00109 HTTP/1.1" 200 205
116.232.48.118 - - [19/May/2021:11:16:41 +0800] "GET /xingrg/all/common/auto_word.html?type=employee&rest_code=00109 HTTP/1.1" 200 205
117.185.32.26 - - [19/May/2021:11:16:43 +0800] "GET /xingrg/all/function/internal_message.html?_=1621394722561&CODE_STATE=getMsg HTTP/1.1" 200 27
116.232.48.118 - - [19/May/2021:11:16:44 +0800] "GET /xingrg/javascript/jquery_tools/images/prev.gif HTTP/1.1" 404 1086
116.232.48.118 - - [19/May/2021:11:16:44 +0800] "GET /xingrg/javascript/jquery_tools/images/next.gif HTTP/1.1" 404 1086
116.235.222.38 - - [19/May/2021:11:16:44 +0800] "GET /xingrg/all/function/internal_message.html?_=1621394199629&CODE_STATE=getMsg HTTP/1.1" 200 27
116.224.253.72 - - [19/May/2021:11:16:45 +0800] "GET /xingrg/check_reg.html?_=1621394185162 HTTP/1.1" 200 22
116.224.253.72 - - [19/May/2021:11:16:45 +0800] "GET /xingrg/all/function/internal_message.html?_=1621394185335&CODE_STATE=getMsg HTTP/1.1" 200 27
116.232.48.118 - - [19/May/2021:11:16:51 +0800] "GET /xingrg/kc/buy/cgsh_order_operate.html?command=get_materiel&rest_code=00109&code=00101029025&supplier_code=00100017&order_time=2021-05-19 HTTP/1.1" 200 442
117.185.32.26 - - [19/May/2021:11:16:51 +0800] "GET /xingrg/kc/buy/cgsh_order_add.html HTTP/1.1" 200 61991
117.185.32.26 - - [19/May/2021:11:16:52 +0800] "GET /xingrg/javascript/easyui/themes/default/validatebox.css HTTP/1.1" 404 1104
117.185.32.26 - - [19/May/2021:11:16:52 +0800] "POST /xingrg/kc/buy/cgsh_order_operate.html HTTP/1.1" 200 8245
117.185.32.26 - - [19/May/2021:11:16:54 +0800] "GET /xingrg/javascript/easyui/themes/default/tree.css HTTP/1.1" 404 1090
101.85.52.2 - - [19/May/2021:11:16:54 +0800] "GET /xingrg/all/function/internal_message.html?_=1621394208875&CODE_STATE=getMsg HTTP/1.1" 200 27
117.185.32.26 - - [19/May/2021:11:16:54 +0800] "POST /xingrg/all/common/load_tree.html?tree=supplier_tree_json&isDelete=1 HTTP/1.1" 200 55318
101.85.52.2 - - [19/May/2021:11:16:55 +0800] "GET /xingrg/check_reg.html?_=1621394209556 HTTP/1.1" 200 22
58.40.7.146 - - [19/May/2021:11:16:56 +0800] "GET /xingrg/all/function/internal_message.html?_=1621394214670&CODE_STATE=getMsg HTTP/1.1" 302 -
116.235.222.38 - - [19/May/2021:11:16:56 +0800] "GET /xingrg/all/function/internal_message.html?_=1621394211838&CODE_STATE=getMsg HTTP/1.1" 200 27
116.232.48.118 - - [19/May/2021:11:16:57 +0800] "GET /xingrg/check_reg.html?_=1621394219015 HTTP/1.1" 200 22
116.232.48.118 - - [19/May/2021:11:16:57 +0800] "GET /xingrg/all/function/internal_message.html?_=1621394219013&CODE_STATE=getMsg HTTP/1.1" 200 27
61.165.42.208 - - [19/May/2021:11:16:58 +0800] "GET /xingrg/all/function/internal_message.html?_=1621394199643&CODE_STATE=getMsg HTTP/1.1" 200 27
58.37.225.51 - - [19/May/2021:11:17:00 +0800] "POST /xingrg/kc/buy/cgsh_order_operate.html HTTP/1.1" 200 75
120.253.135.82 - - [19/May/2021:11:17:01 +0800] "GET /xingrg/all/function/internal_message.html?_=1621394273717&CODE_STATE=getMsg HTTP/1.1" 200 27
120.253.135.82 - - [19/May/2021:11:17:03 +0800] "GET /xingrg/check_reg.html?_=1621394003562 HTTP/1.1" 200 22
117.185.32.26 - - [19/May/2021:11:17:03 +0800] "GET /xingrg/check_reg.html?_=1621394216876 HTTP/1.1" 200 22
117.185.32.26 - - [19/May/2021:11:17:05 +0800] "GET /xingrg/all/function/internal_message.html?_=1621394219172&CODE_STATE=getMsg HTTP/1.1" 200 27
116.224.253.72 - - [19/May/2021:11:17:07 +0800] "GET /xingrg/all/function/internal_message.html?_=1621394226845&CODE_STATE=getMsg HTTP/1.1" 200 27
180.169.147.146 - - [19/May/2021:11:17:09 +0800] "GET /xingrg/check_reg.html?_=1621394230326 HTTP/1.1" 200 22
180.169.147.146 - - [19/May/2021:11:17:09 +0800] "GET /xingrg/all/function/internal_message.html?_=1621394230323&CODE_STATE=getMsg HTTP/1.1" 200 27
101.85.52.2 - - [19/May/2021:11:17:10 +0800] "POST /xingrg/kc/buy/cgsh_list_operate.html HTTP/1.1" 200 4
180.161.124.236 - - [19/May/2021:11:17:10 +0800] "GET /xingrg/all/function/internal_message.html?_=1621394188877&CODE_STATE=getMsg HTTP/1.1" 200 27
101.85.52.2 - - [19/May/2021:11:17:13 +0800] "POST /xingrg/kc/buy/cgsh_list_operate.html HTTP/1.1" 200 876
114.86.187.76 - - [19/May/2021:11:17:15 +0800] "GET /xingrg/all/function/internal_message.html?_=1621394232762&CODE_STATE=getMsg HTTP/1.1" 200 27
116.235.95.160 - - [19/May/2021:11:17:16 +0800] "GET /xingrg/all/function/internal_message.html?_=1621394325175&CODE_STATE=getMsg HTTP/1.1" 200 27
58.37.225.51 - - [19/May/2021:11:17:18 +0800] "POST /xingrg/kc/buy/cgsh_order_operate.html HTTP/1.1" 200 37
116.230.114.112 - - [19/May/2021:11:17:24 +0800] "GET /xingrg/all/function/internal_message.html?_=1621394252289&CODE_STATE=getMsg HTTP/1.1" 200 27
101.85.94.178 - - [19/May/2021:11:17:24 +0800] "GET /xingrg/check_reg.html?_=1621393735100 HTTP/1.1" 200 22
101.85.94.178 - - [19/May/2021:11:17:24 +0800] "GET /xingrg/all/function/internal_message.html?_=1621393728597&CODE_STATE=getMsg HTTP/1.1" 200 27
116.230.110.80 - - [19/May/2021:11:17:24 +0800] "GET /xingrg/all/function/internal_message.html?_=1621394242931&CODE_STATE=getMsg HTTP/1.1" 200 27
58.37.225.51 - - [19/May/2021:11:17:24 +0800] "POST /xingrg/kc/buy/cgsh_order_operate.html HTTP/1.1" 200 12
58.37.225.51 - - [19/May/2021:11:17:26 +0800] "GET /xingrg/kc/buy/cgsh_order_info.html?code=212021051908464 HTTP/1.1" 200 56903
58.37.225.51 - - [19/May/2021:11:17:26 +0800] "GET /xingrg/javascript/easyui/themes/default/validatebox.css HTTP/1.1" 404 1104
58.37.225.51 - - [19/May/2021:11:17:27 +0800] "POST /xingrg/kc/buy/cgsh_order_operate.html HTTP/1.1" 200 8334
58.37.225.51 - - [19/May/2021:11:17:28 +0800] "GET /xingrg/kc/print/load_data.html?order_code=212021051908464&kc_code=cgsh&condition= HTTP/1.1" 200 3652
101.85.52.2 - - [19/May/2021:11:17:30 +0800] "POST /xingrg/kc/buy/cgsh_list_operate.html HTTP/1.1" 200 876
61.165.42.208 - - [19/May/2021:11:17:31 +0800] "GET /xingrg/kc/buy/cgsh_order_operate.html?command=get_materiel&rest_code=00105&code=00101001168&supplier_code=00100312&order_time=2021-05-19 HTTP/1.1" 200 416
58.37.225.51 - - [19/May/2021:11:17:32 +0800] "GET /xingrg/all/function/internal_message.html?_=1621394205824&CODE_STATE=getMsg HTTP/1.1" 200 27
58.37.225.51 - - [19/May/2021:11:17:32 +0800] "GET /xingrg/check_reg.html?_=1621394205933 HTTP/1.1" 200 22
101.85.52.2 - - [19/May/2021:11:17:32 +0800] "GET /xingrg/kc/buy/cgsh_order_add.html HTTP/1.1" 200 61185
101.85.52.2 - - [19/May/2021:11:17:33 +0800] "POST /xingrg/kc/buy/cgsh_order_operate.html HTTP/1.1" 200 8245
101.85.52.2 - - [19/May/2021:11:17:33 +0800] "GET /xingrg/javascript/easyui/themes/default/validatebox.css HTTP/1.1" 404 1104
58.37.225.51 - - [19/May/2021:11:17:34 +0800] "GET /xingrg/kc/buy/cgsh_order_add.html HTTP/1.1" 200 61997
58.37.225.51 - - [19/May/2021:11:17:34 +0800] "POST /xingrg/kc/buy/cgsh_order_operate.html HTTP/1.1" 200 8245
58.37.225.51 - - [19/May/2021:11:17:35 +0800] "GET /xingrg/javascript/easyui/themes/default/validatebox.css HTTP/1.1" 404 1104
117.185.32.26 - - [19/May/2021:11:17:37 +0800] "GET /xingrg/kc/buy/cgsh_order_operate.html?command=get_materiel&rest_code=00106&code=00101007032&supplier_code=00100328&order_time=2021-05-19 HTTP/1.1" 200 413
222.69.131.59 - - [19/May/2021:11:17:37 +0800] "GET /xingrg/all/function/internal_message.html?_=1621394256234&CODE_STATE=getMsg HTTP/1.1" 200 27
58.37.225.51 - - [19/May/2021:11:17:42 +0800] "GET /xingrg/kc/buy/cgsh_order_operate.html?command=get_materiel&rest_code=00141&code=00101010079&supplier_code=00100336&order_time=2021-05-19 HTTP/1.1" 200 413
117.185.32.26 - - [19/May/2021:11:17:43 +0800] "GET /xingrg/all/function/internal_message.html?_=1621394782569&CODE_STATE=getMsg HTTP/1.1" 200 27
117.185.32.26 - - [19/May/2021:11:17:43 +0800] "GET /xingrg/check_reg.html?_=1621394782572 HTTP/1.1" 200 22
116.235.222.38 - - [19/May/2021:11:17:44 +0800] "GET /xingrg/all/function/internal_message.html?_=1621394259614&CODE_STATE=getMsg HTTP/1.1" 200 27
116.224.253.72 - - [19/May/2021:11:17:45 +0800] "GET /xingrg/all/function/internal_message.html?_=1621394245349&CODE_STATE=getMsg HTTP/1.1" 200 27
180.161.124.236 - - [19/May/2021:11:17:51 +0800] "GET /xingrg/check_reg.html?_=1621394229231 HTTP/1.1" 200 22
58.37.225.51 - - [19/May/2021:11:17:51 +0800] "POST /xingrg/kc/buy/cgsh_order_operate.html HTTP/1.1" 200 37
101.85.52.2 - - [19/May/2021:11:17:54 +0800] "GET /xingrg/all/function/internal_message.html?_=1621394268846&CODE_STATE=getMsg HTTP/1.1" 200 27
117.185.32.26 - - [19/May/2021:11:17:54 +0800] "POST /xingrg/kc/buy/cgsh_order_operate.html HTTP/1.1" 200 2065
58.40.7.146 - - [19/May/2021:11:17:56 +0800] "GET /xingrg/all/function/internal_message.html?_=1621394274672&CODE_STATE=getMsg HTTP/1.1" 302 -
116.235.222.38 - - [19/May/2021:11:17:56 +0800] "GET /xingrg/all/function/internal_message.html?_=1621394271823&CODE_STATE=getMsg HTTP/1.1" 200 27
58.37.225.51 - - [19/May/2021:11:17:57 +0800] "POST /xingrg/kc/buy/cgsh_order_operate.html HTTP/1.1" 200 12
116.232.48.118 - - [19/May/2021:11:17:57 +0800] "GET /xingrg/all/function/internal_message.html?_=1621394279017&CODE_STATE=getMsg HTTP/1.1" 200 27
61.165.42.208 - - [19/May/2021:11:17:58 +0800] "GET /xingrg/all/function/internal_message.html?_=1621394259651&CODE_STATE=getMsg HTTP/1.1" 200 27
61.165.42.208 - - [19/May/2021:11:17:58 +0800] "GET /xingrg/check_reg.html?_=1621394259655 HTTP/1.1" 200 22
58.37.225.51 - - [19/May/2021:11:17:59 +0800] "GET /xingrg/kc/buy/cgsh_order_info.html?code=212021051908465 HTTP/1.1" 200 56899
58.37.225.51 - - [19/May/2021:11:17:59 +0800] "GET /xingrg/javascript/easyui/themes/default/validatebox.css HTTP/1.1" 404 1104
117.185.32.26 - - [19/May/2021:11:17:59 +0800] "GET /xingrg/kc/buy/cgsh_order_operate.html?command=get_materiel&rest_code=00106&code=00101008356&supplier_code=00100007&order_time=2021-05-19 HTTP/1.1" 200 408
58.37.225.51 - - [19/May/2021:11:18:00 +0800] "POST /xingrg/kc/buy/cgsh_order_operate.html HTTP/1.1" 200 607
120.253.135.82 - - [19/May/2021:11:18:01 +0800] "GET /xingrg/all/function/internal_message.html?_=1621394333797&CODE_STATE=getMsg HTTP/1.1" 200 27
58.37.225.51 - - [19/May/2021:11:18:01 +0800] "GET /xingrg/kc/print/load_data.html?order_code=212021051908465&kc_code=cgsh&condition= HTTP/1.1" 200 708
101.85.52.2 - - [19/May/2021:11:18:02 +0800] "GET /xingrg/kc/buy/cgsh_order_operate.html?command=get_materiel&rest_code=00145&code=00101006201&supplier_code=00100176&order_time=2021-05-15 HTTP/1.1" 200 405
180.161.124.236 - - [19/May/2021:11:18:03 +0800] "GET /xingrg/kc/buy/cgsh_order_operate.html?command=get_materiel&rest_code=00102&code=00101009124&supplier_code=00100424&order_time=2021-05-19 HTTP/1.1" 200 402
117.185.32.26 - - [19/May/2021:11:18:06 +0800] "GET /xingrg/all/function/internal_message.html?_=1621394279223&CODE_STATE=getMsg HTTP/1.1" 200 27
58.37.225.51 - - [19/May/2021:11:18:06 +0800] "GET /xingrg/kc/buy/cgsh_order_add.html HTTP/1.1" 200 61997
58.37.225.51 - - [19/May/2021:11:18:06 +0800] "POST /xingrg/kc/buy/cgsh_order_operate.html HTTP/1.1" 200 8245
58.37.225.51 - - [19/May/2021:11:18:06 +0800] "GET /xingrg/javascript/easyui/themes/default/validatebox.css HTTP/1.1" 404 1104
116.224.253.72 - - [19/May/2021:11:18:07 +0800] "GET /xingrg/all/function/internal_message.html?_=1621394286833&CODE_STATE=getMsg HTTP/1.1" 200 27
180.169.147.146 - - [19/May/2021:11:18:09 +0800] "GET /xingrg/all/function/internal_message.html?_=1621394290311&CODE_STATE=getMsg HTTP/1.1" 200 27
183.192.164.97 - - [19/May/2021:11:18:09 +0800] "GET /xingrg/all/function/internal_message.html?_=1621394219172&CODE_STATE=getMsg HTTP/1.1" 302 -
61.165.42.208 - - [19/May/2021:11:18:10 +0800] "GET /xingrg/kc/buy/cgsh_order_operate.html?command=get_materiel&rest_code=00105&code=00101001138&supplier_code=00100312&order_time=2021-05-19 HTTP/1.1" 200 415
180.161.124.236 - - [19/May/2021:11:18:10 +0800] "GET /xingrg/all/function/internal_message.html?_=1621394248892&CODE_STATE=getMsg HTTP/1.1" 200 27
183.192.164.97 - - [19/May/2021:11:18:12 +0800] "GET /xingrg/login.html HTTP/1.1" 200 7641
114.86.187.76 - - [19/May/2021:11:18:15 +0800] "GET /xingrg/all/function/internal_message.html?_=1621394292776&CODE_STATE=getMsg HTTP/1.1" 200 27
116.235.95.160 - - [19/May/2021:11:18:16 +0800] "GET /xingrg/all/function/internal_message.html?_=1621394385186&CODE_STATE=getMsg HTTP/1.1" 200 27
101.85.94.178 - - [19/May/2021:11:18:17 +0800] "GET /xingrg/all/function/internal_message.html?_=1621393788570&CODE_STATE=getMsg HTTP/1.1" 200 27
117.185.32.26 - - [19/May/2021:11:18:19 +0800] "POST /xingrg/kc/buy/cgsh_order_operate.html HTTP/1.1" 200 37
58.37.225.51 - - [19/May/2021:11:18:20 +0800] "GET /xingrg/kc/buy/cgsh_order_operate.html?command=get_materiel&rest_code=00141&code=00101010550&supplier_code=00100441&order_time=2021-05-19 HTTP/1.1" 200 399
180.161.124.236 - - [19/May/2021:11:18:20 +0800] "GET /xingrg/kc/buy/cgsh_order_operate.html?command=get_materiel&rest_code=00102&code=00101009011&supplier_code=00100424&order_time=2021-05-19 HTTP/1.1" 200 416
117.185.32.26 - - [19/May/2021:11:18:23 +0800] "GET /xingrg/kc/buy/cgsh_order_operate.html?command=get_materiel&rest_code=00106&code=00101008295&supplier_code=00100007&order_time=2021-05-19 HTTP/1.1" 200 412
116.230.114.112 - - [19/May/2021:11:18:24 +0800] "GET /xingrg/all/function/internal_message.html?_=1621394312297&CODE_STATE=getMsg HTTP/1.1" 200 27
116.230.110.80 - - [19/May/2021:11:18:24 +0800] "GET /xingrg/all/function/internal_message.html?_=1621394302908&CODE_STATE=getMsg HTTP/1.1" 200 27
117.185.32.26 - - [19/May/2021:11:18:24 +0800] "POST /xingrg/kc/buy/cgsh_order_operate.html HTTP/1.1" 200 12
180.161.124.236 - - [19/May/2021:11:18:24 +0800] "GET /xingrg/check_reg.html?_=1621394263171 HTTP/1.1" 200 22
116.230.110.80 - - [19/May/2021:11:18:25 +0800] "GET /xingrg/check_reg.html?_=1621394303662 HTTP/1.1" 200 22
117.185.32.26 - - [19/May/2021:11:18:26 +0800] "GET /xingrg/kc/buy/cgsh_order_info.html?code=212021051908466 HTTP/1.1" 200 56897
117.185.32.26 - - [19/May/2021:11:18:27 +0800] "GET /xingrg/javascript/easyui/themes/default/validatebox.css HTTP/1.1" 404 1104
117.185.32.26 - - [19/May/2021:11:18:27 +0800] "POST /xingrg/kc/buy/cgsh_order_operate.html HTTP/1.1" 200 1199
58.37.225.51 - - [19/May/2021:11:18:29 +0800] "GET /xingrg/kc/buy/cgsh_order_operate.html?command=get_materiel&rest_code=00141&code=00101010549&supplier_code=00100441&order_time=2021-05-19 HTTP/1.1" 200 403
117.185.32.26 - - [19/May/2021:11:18:30 +0800] "GET /xingrg/kc/print/load_data.html?order_code=212021051908466&kc_code=cgsh&condition= HTTP/1.1" 200 924
180.161.124.236 - - [19/May/2021:11:18:31 +0800] "GET /xingrg/kc/buy/cgsh_order_operate.html?command=get_materiel&rest_code=00102&code=00101009039&supplier_code=00100424&order_time=2021-05-19 HTTP/1.1" 200 408
117.185.32.26 - - [19/May/2021:11:18:32 +0800] "POST /xingrg/kc/buy/cgsh_order_operate.html HTTP/1.1" 200 2065
58.37.225.51 - - [19/May/2021:11:18:32 +0800] "GET /xingrg/all/function/internal_message.html?_=1621394265796&CODE_STATE=getMsg HTTP/1.1" 200 27
117.185.32.26 - - [19/May/2021:11:18:37 +0800] "GET /xingrg/kc/buy/cgsh_order_operate.html?command=get_materiel&rest_code=00106&code=00101008213&supplier_code=00100007&order_time=2021-05-19 HTTP/1.1" 200 412
222.69.131.59 - - [19/May/2021:11:18:37 +0800] "GET /xingrg/all/function/internal_message.html?_=1621394316205&CODE_STATE=getMsg HTTP/1.1" 200 27
222.69.131.59 - - [19/May/2021:11:18:38 +0800] "GET /xingrg/check_reg.html?_=1621394317275 HTTP/1.1" 200 22
58.37.225.51 - - [19/May/2021:11:18:39 +0800] "POST /xingrg/kc/buy/cgsh_order_operate.html HTTP/1.1" 200 37
101.85.52.2 - - [19/May/2021:11:18:39 +0800] "GET /xingrg/kc/buy/cgsh_order_operate.html?command=get_materiel&rest_code=00145&code=00101006183&supplier_code=00100176&order_time=2021-05-15 HTTP/1.1" 200 409
117.185.32.26 - - [19/May/2021:11:18:43 +0800] "GET /xingrg/all/function/internal_message.html?_=1621394842577&CODE_STATE=getMsg HTTP/1.1" 200 27
117.185.32.26 - - [19/May/2021:11:18:43 +0800] "GET /xingrg/kc/buy/cgsh_order_add.html HTTP/1.1" 200 61991
116.232.48.118 - - [19/May/2021:11:18:43 +0800] "GET /xingrg/javascript/auto/indicator.gif HTTP/1.1" 404 1066
117.185.32.26 - - [19/May/2021:11:18:43 +0800] "POST /xingrg/kc/buy/cgsh_order_operate.html HTTP/1.1" 200 8245
117.185.32.26 - - [19/May/2021:11:18:43 +0800] "GET /xingrg/javascript/easyui/themes/default/validatebox.css HTTP/1.1" 404 1104
