116.230.110.80 - - [19/May/2021:10:37:53 +0800] "POST /xingrg/kc/buy/cgsh_order_operate.html HTTP/1.1" 200 37
101.85.52.2 - - [19/May/2021:10:37:54 +0800] "GET /xingrg/all/function/internal_message.html?_=1621391869143&CODE_STATE=getMsg HTTP/1.1" 200 27
116.230.110.80 - - [19/May/2021:10:37:55 +0800] "POST /xingrg/kc/buy/cgsh_order_operate.html HTTP/1.1" 200 2660
58.40.7.146 - - [19/May/2021:10:37:56 +0800] "GET /xingrg/all/function/internal_message.html?_=1621391874680&CODE_STATE=getMsg HTTP/1.1" 302 -
116.230.110.80 - - [19/May/2021:10:37:56 +0800] "GET /xingrg/kc/print/load_data.html?order_code=212021051908395&kc_code=cgsh&condition= HTTP/1.1" 200 672
180.161.124.236 - - [19/May/2021:10:37:57 +0800] "GET /xingrg/kc/base/wldb_order_operate.html?command=get_materiel&rest_code=00102&base_code=0010476&code=00101020144 HTTP/1.1" 200 449
116.232.48.118 - - [19/May/2021:10:37:58 +0800] "GET /xingrg/all/function/internal_message.html?_=1621391879044&CODE_STATE=getMsg HTTP/1.1" 200 27
61.165.42.208 - - [19/May/2021:10:37:58 +0800] "GET /xingrg/check_reg.html?_=1621391859622 HTTP/1.1" 200 22
61.165.42.208 - - [19/May/2021:10:37:58 +0800] "GET /xingrg/all/function/internal_message.html?_=1621391859625&CODE_STATE=getMsg HTTP/1.1" 200 27
120.253.135.82 - - [19/May/2021:10:38:00 +0800] "GET /xingrg/all/function/internal_message.html?_=1621391932774&CODE_STATE=getMsg HTTP/1.1" 200 27
120.204.17.73 - - [19/May/2021:10:38:03 +0800] "GET /xingrg/check_reg.html?_=1621391816815 HTTP/1.1" 302 -
116.235.222.38 - - [19/May/2021:10:38:03 +0800] "GET /xingrg/kc/buy/cgsh_order_operate.html?command=get_materiel&rest_code=00107&code=00101001261&supplier_code=00100323&order_time=2021-05-19 HTTP/1.1" 200 398
120.204.17.73 - - [19/May/2021:10:38:03 +0800] "GET /xingrg/login.html HTTP/1.1" 200 7641
117.184.7.26 - - [19/May/2021:10:38:04 +0800] "GET /xingrg/all/function/internal_message.html?_=1621391879021&CODE_STATE=getMsg HTTP/1.1" 200 27
180.161.124.236 - - [19/May/2021:10:38:04 +0800] "GET /xingrg/kc/base/wldb_order_operate.html?command=get_materiel&rest_code=00102&base_code=0010476&code=00101019015 HTTP/1.1" 200 435
117.185.32.26 - - [19/May/2021:10:38:06 +0800] "GET /xingrg/all/function/internal_message.html?_=1621391880090&CODE_STATE=getMsg HTTP/1.1" 200 27
180.169.147.146 - - [19/May/2021:10:38:08 +0800] "GET /xingrg/all/function/internal_message.html?_=1621391890171&CODE_STATE=getMsg HTTP/1.1" 200 27
180.161.124.236 - - [19/May/2021:10:38:09 +0800] "GET /xingrg/kc/base/wldb_order_operate.html?command=get_materiel&rest_code=00102&base_code=0010476&code=00101019183 HTTP/1.1" 200 432
183.192.164.214 - - [19/May/2021:10:38:09 +0800] "GET /xingrg/all/function/internal_message.html?_=1621391820117&CODE_STATE=getMsg HTTP/1.1" 302 -
183.192.164.214 - - [19/May/2021:10:38:11 +0800] "GET /xingrg/login.html HTTP/1.1" 200 7641
116.235.222.38 - - [19/May/2021:10:38:12 +0800] "GET /xingrg/all/function/internal_message.html?_=1621391888000&CODE_STATE=getMsg HTTP/1.1" 200 27
116.235.222.38 - - [19/May/2021:10:38:12 +0800] "GET /xingrg/check_reg.html?_=1621391888084 HTTP/1.1" 200 22
114.86.187.76 - - [19/May/2021:10:38:15 +0800] "GET /xingrg/all/function/internal_message.html?_=1621391892738&CODE_STATE=getMsg HTTP/1.1" 200 27
180.161.124.236 - - [19/May/2021:10:38:15 +0800] "GET /xingrg/kc/base/wldb_order_operate.html?command=get_materiel&rest_code=00102&base_code=0010476&code=00101019529 HTTP/1.1" 200 475
116.230.110.80 - - [19/May/2021:10:38:15 +0800] "GET /xingrg/kc/buy/cgsh_order_add.html HTTP/1.1" 200 61959
116.230.110.80 - - [19/May/2021:10:38:15 +0800] "POST /xingrg/kc/buy/cgsh_order_operate.html HTTP/1.1" 200 8245
116.230.110.80 - - [19/May/2021:10:38:15 +0800] "GET /xingrg/javascript/easyui/themes/default/validatebox.css HTTP/1.1" 404 1104
117.184.7.26 - - [19/May/2021:10:38:16 +0800] "GET /xingrg/check_reg.html?_=1621391891067 HTTP/1.1" 200 22
114.89.80.77 - - [19/May/2021:10:38:16 +0800] "GET /favicon.ico HTTP/1.1" 404 -
116.230.114.112 - - [19/May/2021:10:38:19 +0800] "GET /xingrg/all/function/internal_message.html?_=1621391907713&CODE_STATE=getMsg HTTP/1.1" 200 27
180.161.124.236 - - [19/May/2021:10:38:20 +0800] "GET /xingrg/kc/base/wldb_order_operate.html?command=get_materiel&rest_code=00102&base_code=0010476&code=00101019185 HTTP/1.1" 200 455
116.230.110.80 - - [19/May/2021:10:38:24 +0800] "GET /xingrg/kc/buy/cgsh_order_operate.html?command=get_materiel&rest_code=00155&code=00101010616&supplier_code=00100323&order_time=2021-05-19 HTTP/1.1" 200 396
180.161.124.236 - - [19/May/2021:10:38:24 +0800] "GET /xingrg/check_reg.html?_=1621391862965 HTTP/1.1" 200 22
116.230.110.80 - - [19/May/2021:10:38:25 +0800] "GET /xingrg/all/function/internal_message.html?_=1621391903607&CODE_STATE=getMsg HTTP/1.1" 200 27
116.230.110.80 - - [19/May/2021:10:38:25 +0800] "GET /xingrg/check_reg.html?_=1621391903657 HTTP/1.1" 200 22
116.224.253.72 - - [19/May/2021:10:38:26 +0800] "GET /xingrg/all/function/internal_message.html?_=1621391886009&CODE_STATE=getMsg HTTP/1.1" 200 27
116.235.222.38 - - [19/May/2021:10:38:34 +0800] "GET /xingrg/kc/buy/cgsh_order_operate.html?command=get_materiel&rest_code=00107&code=00101001080&supplier_code=00100323&order_time=2021-05-19 HTTP/1.1" 200 421
222.69.131.59 - - [19/May/2021:10:38:38 +0800] "GET /xingrg/all/function/internal_message.html?_=1621391916990&CODE_STATE=getMsg HTTP/1.1" 200 27
222.69.131.59 - - [19/May/2021:10:38:38 +0800] "GET /xingrg/check_reg.html?_=1621391917134 HTTP/1.1" 200 22
116.224.253.72 - - [19/May/2021:10:38:43 +0800] "GET /xingrg/all/function/internal_message.html?_=1621391922734&CODE_STATE=getMsg HTTP/1.1" 200 27
116.230.110.80 - - [19/May/2021:10:38:44 +0800] "POST /xingrg/kc/buy/cgsh_order_operate.html HTTP/1.1" 200 37
116.235.222.38 - - [19/May/2021:10:38:44 +0800] "GET /xingrg/all/function/internal_message.html?_=1621391919612&CODE_STATE=getMsg HTTP/1.1" 200 27
116.230.110.80 - - [19/May/2021:10:38:45 +0800] "POST /xingrg/kc/buy/cgsh_order_operate.html HTTP/1.1" 200 2659
116.230.110.80 - - [19/May/2021:10:38:47 +0800] "GET /xingrg/kc/print/load_data.html?order_code=212021051908396&kc_code=cgsh&condition= HTTP/1.1" 200 684
180.161.124.236 - - [19/May/2021:10:38:50 +0800] "GET /xingrg/all/function/internal_message.html?_=1621391888783&CODE_STATE=getMsg HTTP/1.1" 200 27
180.169.147.146 - - [19/May/2021:10:38:52 +0800] "GET /xingrg/all/function/internal_message.html?_=1621391935548&CODE_STATE=getMsg HTTP/1.1" 200 27
116.230.110.80 - - [19/May/2021:10:38:53 +0800] "GET /xingrg/kc/buy/cgsh_order_add.html HTTP/1.1" 200 61959
116.230.110.80 - - [19/May/2021:10:38:53 +0800] "POST /xingrg/kc/buy/cgsh_order_operate.html HTTP/1.1" 200 8245
116.230.110.80 - - [19/May/2021:10:38:53 +0800] "GET /xingrg/javascript/easyui/themes/default/validatebox.css HTTP/1.1" 404 1104
101.85.52.2 - - [19/May/2021:10:38:54 +0800] "GET /xingrg/all/function/internal_message.html?_=1621391929131&CODE_STATE=getMsg HTTP/1.1" 200 27
58.40.7.146 - - [19/May/2021:10:38:56 +0800] "GET /xingrg/all/function/internal_message.html?_=1621391934666&CODE_STATE=getMsg HTTP/1.1" 302 -
116.235.222.38 - - [19/May/2021:10:38:57 +0800] "GET /xingrg/kc/buy/cgsh_order_operate.html?command=get_materiel&rest_code=00107&code=00101008214&supplier_code=00100323&order_time=2021-05-19 HTTP/1.1" 200 409
116.232.48.118 - - [19/May/2021:10:38:58 +0800] "GET /xingrg/all/function/internal_message.html?_=1621391939046&CODE_STATE=getMsg HTTP/1.1" 200 27
61.165.42.208 - - [19/May/2021:10:38:58 +0800] "GET /xingrg/all/function/internal_message.html?_=1621391919625&CODE_STATE=getMsg HTTP/1.1" 200 27
120.253.135.82 - - [19/May/2021:10:39:00 +0800] "GET /xingrg/all/function/internal_message.html?_=1621391992802&CODE_STATE=getMsg HTTP/1.1" 200 27
116.230.110.80 - - [19/May/2021:10:39:02 +0800] "GET /xingrg/kc/buy/cgsh_order_operate.html?command=get_materiel&rest_code=00155&code=00101004067&supplier_code=00100312&order_time=2021-05-19 HTTP/1.1" 200 433
117.184.7.26 - - [19/May/2021:10:39:04 +0800] "GET /xingrg/all/function/internal_message.html?_=1621391938993&CODE_STATE=getMsg HTTP/1.1" 200 27
117.185.32.26 - - [19/May/2021:10:39:06 +0800] "GET /xingrg/all/function/internal_message.html?_=1621391940059&CODE_STATE=getMsg HTTP/1.1" 200 27
180.169.147.146 - - [19/May/2021:10:39:08 +0800] "GET /xingrg/all/function/internal_message.html?_=1621391950173&CODE_STATE=getMsg HTTP/1.1" 200 27
116.230.110.80 - - [19/May/2021:10:39:15 +0800] "GET /xingrg/kc/buy/cgsh_order_operate.html?command=get_materiel&rest_code=00155&code=00101001135&supplier_code=00100312&order_time=2021-05-19 HTTP/1.1" 200 413
114.86.187.76 - - [19/May/2021:10:39:15 +0800] "GET /xingrg/all/function/internal_message.html?_=1621391952737&CODE_STATE=getMsg HTTP/1.1" 200 27
116.235.222.38 - - [19/May/2021:10:39:18 +0800] "POST /xingrg/kc/buy/cgsh_order_operate.html HTTP/1.1" 200 37
116.230.114.112 - - [19/May/2021:10:39:19 +0800] "GET /xingrg/all/function/internal_message.html?_=1621391967988&CODE_STATE=getMsg HTTP/1.1" 200 27
116.235.222.38 - - [19/May/2021:10:39:20 +0800] "POST /xingrg/kc/buy/cgsh_order_operate.html HTTP/1.1" 200 6229
116.230.110.80 - - [19/May/2021:10:39:25 +0800] "GET /xingrg/all/function/internal_message.html?_=1621391963593&CODE_STATE=getMsg HTTP/1.1" 200 27
116.224.253.72 - - [19/May/2021:10:39:26 +0800] "GET /xingrg/all/function/internal_message.html?_=1621391946018&CODE_STATE=getMsg HTTP/1.1" 200 27
116.230.110.80 - - [19/May/2021:10:39:26 +0800] "GET /xingrg/kc/buy/cgsh_order_operate.html?command=get_materiel&rest_code=00155&code=00101005017&supplier_code=00100312&order_time=2021-05-19 HTTP/1.1" 200 409
116.230.114.112 - - [19/May/2021:10:39:34 +0800] "GET /xingrg/check_reg.html?_=1621391983127 HTTP/1.1" 200 22
222.69.131.59 - - [19/May/2021:10:39:38 +0800] "GET /xingrg/all/function/internal_message.html?_=1621391976963&CODE_STATE=getMsg HTTP/1.1" 200 27
116.230.110.80 - - [19/May/2021:10:39:40 +0800] "POST /xingrg/kc/buy/cgsh_order_operate.html HTTP/1.1" 200 37
116.230.110.80 - - [19/May/2021:10:39:41 +0800] "POST /xingrg/kc/buy/cgsh_order_operate.html HTTP/1.1" 200 3840
116.230.110.80 - - [19/May/2021:10:39:43 +0800] "GET /xingrg/kc/print/load_data.html?order_code=212021051908398&kc_code=cgsh&condition= HTTP/1.1" 200 1134
116.224.253.72 - - [19/May/2021:10:39:43 +0800] "GET /xingrg/all/function/internal_message.html?_=1621391982762&CODE_STATE=getMsg HTTP/1.1" 200 27
116.235.222.38 - - [19/May/2021:10:39:44 +0800] "GET /xingrg/all/function/internal_message.html?_=1621391979597&CODE_STATE=getMsg HTTP/1.1" 200 27
180.161.124.236 - - [19/May/2021:10:39:50 +0800] "GET /xingrg/all/function/internal_message.html?_=1621391948796&CODE_STATE=getMsg HTTP/1.1" 200 27
180.169.147.146 - - [19/May/2021:10:39:52 +0800] "GET /xingrg/all/function/internal_message.html?_=1621391995548&CODE_STATE=getMsg HTTP/1.1" 200 27
101.85.52.2 - - [19/May/2021:10:39:54 +0800] "GET /xingrg/all/function/internal_message.html?_=1621391989120&CODE_STATE=getMsg HTTP/1.1" 200 27
58.40.7.146 - - [19/May/2021:10:39:56 +0800] "GET /xingrg/all/function/internal_message.html?_=1621391994672&CODE_STATE=getMsg HTTP/1.1" 302 -
116.232.48.118 - - [19/May/2021:10:39:58 +0800] "GET /xingrg/all/function/internal_message.html?_=1621391999050&CODE_STATE=getMsg HTTP/1.1" 200 27
61.165.42.208 - - [19/May/2021:10:39:58 +0800] "GET /xingrg/all/function/internal_message.html?_=1621391979626&CODE_STATE=getMsg HTTP/1.1" 200 27
120.253.135.82 - - [19/May/2021:10:39:58 +0800] "GET /xingrg/check_reg.html?_=1621392050757 HTTP/1.1" 200 22
120.253.135.82 - - [19/May/2021:10:40:00 +0800] "GET /xingrg/all/function/internal_message.html?_=1621392052808&CODE_STATE=getMsg HTTP/1.1" 200 27
117.184.7.26 - - [19/May/2021:10:40:04 +0800] "GET /xingrg/all/function/internal_message.html?_=1621391998979&CODE_STATE=getMsg HTTP/1.1" 200 27
180.169.147.146 - - [19/May/2021:10:40:05 +0800] "GET /xingrg/check_reg.html?_=1621392000339 HTTP/1.1" 200 22
117.185.32.26 - - [19/May/2021:10:40:06 +0800] "GET /xingrg/all/function/internal_message.html?_=1621392000032&CODE_STATE=getMsg HTTP/1.1" 200 27
58.37.225.51 - - [19/May/2021:10:40:06 +0800] "POST /xingrg/services/DataTransmitService HTTP/1.1" 200 524
180.169.147.146 - - [19/May/2021:10:40:08 +0800] "GET /xingrg/all/function/internal_message.html?_=1621392010186&CODE_STATE=getMsg HTTP/1.1" 200 27
116.235.222.38 - - [19/May/2021:10:40:13 +0800] "GET /xingrg/all/function/internal_message.html?_=1621392008002&CODE_STATE=getMsg HTTP/1.1" 200 27
114.86.187.76 - - [19/May/2021:10:40:15 +0800] "GET /xingrg/all/function/internal_message.html?_=1621392012737&CODE_STATE=getMsg HTTP/1.1" 200 27
116.230.117.165 - - [19/May/2021:10:40:16 +0800] "POST /xingrg/services/DataTransmitService HTTP/1.1" 200 524
116.230.114.112 - - [19/May/2021:10:40:19 +0800] "GET /xingrg/all/function/internal_message.html?_=1621392027991&CODE_STATE=getMsg HTTP/1.1" 200 27
116.230.110.80 - - [19/May/2021:10:40:25 +0800] "GET /xingrg/all/function/internal_message.html?_=1621392023582&CODE_STATE=getMsg HTTP/1.1" 200 27
116.224.253.72 - - [19/May/2021:10:40:25 +0800] "GET /xingrg/check_reg.html?_=1621392005827 HTTP/1.1" 200 22
116.224.253.72 - - [19/May/2021:10:40:26 +0800] "GET /xingrg/all/function/internal_message.html?_=1621392006031&CODE_STATE=getMsg HTTP/1.1" 200 27
222.69.131.59 - - [19/May/2021:10:40:38 +0800] "GET /xingrg/all/function/internal_message.html?_=1621392036950&CODE_STATE=getMsg HTTP/1.1" 200 27
116.230.117.165 - - [19/May/2021:10:40:38 +0800] "POST /xingrg/services/DataTransmitService HTTP/1.1" 200 501
116.230.117.165 - - [19/May/2021:10:40:41 +0800] "POST /xingrg/services/DataTransmitService HTTP/1.1" 200 501
116.224.253.72 - - [19/May/2021:10:40:43 +0800] "GET /xingrg/all/function/internal_message.html?_=1621392042760&CODE_STATE=getMsg HTTP/1.1" 200 27
116.235.222.38 - - [19/May/2021:10:40:44 +0800] "GET /xingrg/check_reg.html?_=1621392039566 HTTP/1.1" 200 22
116.235.222.38 - - [19/May/2021:10:40:44 +0800] "GET /xingrg/all/function/internal_message.html?_=1621392039568&CODE_STATE=getMsg HTTP/1.1" 200 27
180.161.124.236 - - [19/May/2021:10:40:50 +0800] "GET /xingrg/all/function/internal_message.html?_=1621392008986&CODE_STATE=getMsg HTTP/1.1" 200 27
180.169.147.146 - - [19/May/2021:10:40:52 +0800] "GET /xingrg/all/function/internal_message.html?_=1621392055548&CODE_STATE=getMsg HTTP/1.1" 200 27
180.169.147.146 - - [19/May/2021:10:40:52 +0800] "GET /xingrg/check_reg.html?_=1621392055552 HTTP/1.1" 200 22
101.85.52.2 - - [19/May/2021:10:40:54 +0800] "GET /xingrg/all/function/internal_message.html?_=1621392049116&CODE_STATE=getMsg HTTP/1.1" 200 27
58.40.7.146 - - [19/May/2021:10:40:56 +0800] "GET /xingrg/all/function/internal_message.html?_=1621392054675&CODE_STATE=getMsg HTTP/1.1" 302 -
58.40.7.146 - - [19/May/2021:10:40:56 +0800] "GET /xingrg/check_reg.html?_=1621392054677 HTTP/1.1" 302 -
116.232.48.118 - - [19/May/2021:10:40:58 +0800] "GET /xingrg/all/function/internal_message.html?_=1621392059050&CODE_STATE=getMsg HTTP/1.1" 200 27
61.165.42.208 - - [19/May/2021:10:40:58 +0800] "GET /xingrg/all/function/internal_message.html?_=1621392039626&CODE_STATE=getMsg HTTP/1.1" 200 27
120.253.135.82 - - [19/May/2021:10:41:00 +0800] "GET /xingrg/all/function/internal_message.html?_=1621392112821&CODE_STATE=getMsg HTTP/1.1" 200 27
117.184.7.26 - - [19/May/2021:10:41:04 +0800] "GET /xingrg/all/function/internal_message.html?_=1621392058963&CODE_STATE=getMsg HTTP/1.1" 200 27
117.185.32.26 - - [19/May/2021:10:41:06 +0800] "GET /xingrg/all/function/internal_message.html?_=1621392060008&CODE_STATE=getMsg HTTP/1.1" 200 27
116.235.95.160 - - [19/May/2021:10:41:06 +0800] "GET /xingrg/login.html HTTP/1.1" 200 7641
116.235.95.160 - - [19/May/2021:10:41:07 +0800] "GET /favicon.ico HTTP/1.1" 404 -
180.169.147.146 - - [19/May/2021:10:41:09 +0800] "GET /xingrg/all/function/internal_message.html?_=1621392070191&CODE_STATE=getMsg HTTP/1.1" 200 27
116.230.117.165 - - [19/May/2021:10:41:11 +0800] "POST /xingrg/services/DataTransmitService HTTP/1.1" 200 501
116.235.222.38 - - [19/May/2021:10:41:12 +0800] "GET /xingrg/all/function/internal_message.html?_=1621392067989&CODE_STATE=getMsg HTTP/1.1" 200 27
114.86.187.76 - - [19/May/2021:10:41:15 +0800] "GET /xingrg/all/function/internal_message.html?_=1621392072739&CODE_STATE=getMsg HTTP/1.1" 200 27
114.86.187.76 - - [19/May/2021:10:41:15 +0800] "GET /xingrg/check_reg.html?_=1621392072737 HTTP/1.1" 200 22
116.235.95.160 - - [19/May/2021:10:41:16 +0800] "POST /xingrg/login.do HTTP/1.1" 302 -
116.235.95.160 - - [19/May/2021:10:41:16 +0800] "GET /xingrg/index.html?sysBaseUrl=http%3A%2F%2F180.169.147.146%3A18081%2Fxingrg%2F&costTime=1652×tamp=1621392076387 HTTP/1.1" 200 17179
116.235.95.160 - - [19/May/2021:10:41:16 +0800] "GET /favicon.ico HTTP/1.1" 404 -
116.235.95.160 - - [19/May/2021:10:41:16 +0800] "GET /xingrg/all/function/internal_message.html?_=1621392165172&CODE_STATE=count HTTP/1.1" 200 11
116.235.95.160 - - [19/May/2021:10:41:16 +0800] "GET /xingrg/check_reg.html?_=1621392165172 HTTP/1.1" 200 22
116.235.95.160 - - [19/May/2021:10:41:17 +0800] "POST /xingrg/all/common/load_tree.html?tree=area_rest_tree_json&manage=1 HTTP/1.1" 200 351
117.131.5.26 - - [19/May/2021:10:41:17 +0800] "POST /xingrg/load_menu.html HTTP/1.1" 200 5138
116.230.114.112 - - [19/May/2021:10:41:19 +0800] "GET /xingrg/all/function/internal_message.html?_=1621392088004&CODE_STATE=getMsg HTTP/1.1" 200 27
116.235.95.160 - - [19/May/2021:10:41:20 +0800] "GET /xingrg/kc/buy/cgsh_order_list.html HTTP/1.1" 200 46259
116.235.95.160 - - [19/May/2021:10:41:23 +0800] "POST /xingrg/kc/buy/cgsh_list_operate.html HTTP/1.1" 200 876
116.230.110.80 - - [19/May/2021:10:41:25 +0800] "GET /xingrg/all/function/internal_message.html?_=1621392083568&CODE_STATE=getMsg HTTP/1.1" 200 27
116.224.253.72 - - [19/May/2021:10:41:26 +0800] "GET /xingrg/all/function/internal_message.html?_=1621392066045&CODE_STATE=getMsg HTTP/1.1" 200 27
116.235.95.160 - - [19/May/2021:10:41:27 +0800] "GET /xingrg/kc/mdqp/qqps_order_list.html HTTP/1.1" 200 9222
116.235.95.160 - - [19/May/2021:10:41:27 +0800] "GET /xingrg/dwr/interface/AjaxReportQueryService.js HTTP/1.1" 200 13203
117.131.5.26 - - [19/May/2021:10:41:27 +0800] "GET /xingrg/dwr/interface/AjaxQqpsService.js HTTP/1.1" 200 16326
116.235.95.160 - - [19/May/2021:10:41:27 +0800] "GET /xingrg/dwr/util.js HTTP/1.1" 200 35990
116.235.95.160 - - [19/May/2021:10:41:27 +0800] "GET /xingrg/dwr/engine.js HTTP/1.1" 200 43631
116.235.95.160 - - [19/May/2021:10:41:34 +0800] "GET /xingrg/kc/mdqp/qqps_order_list.html?isQuery=1&timeSelect=1&orderTime=day&startTime=2021-05-17&endTime=2021-05-19&state=all&query=%C8%B7++%B6%A8 HTTP/1.1" 200 9321
116.235.95.160 - - [19/May/2021:10:41:34 +0800] "GET /xingrg/dwr/interface/AjaxReportQueryService.js HTTP/1.1" 200 13203
117.131.5.26 - - [19/May/2021:10:41:34 +0800] "GET /xingrg/dwr/interface/AjaxQqpsService.js HTTP/1.1" 200 16326
116.235.95.160 - - [19/May/2021:10:41:34 +0800] "GET /xingrg/dwr/engine.js HTTP/1.1" 200 43631
116.235.95.160 - - [19/May/2021:10:41:36 +0800] "GET /xingrg/kc/mdqp/qqps_order_list.html?isQuery=1&timeSelect=1&orderTime=day&startTime=2021-05-17&endTime=2021-05-19&state=all&query=%C8%B7++%B6%A8 HTTP/1.1" 200 9321
116.235.95.160 - - [19/May/2021:10:41:36 +0800] "GET /xingrg/dwr/interface/AjaxReportQueryService.js HTTP/1.1" 200 13203
116.235.95.160 - - [19/May/2021:10:41:36 +0800] "GET /xingrg/dwr/interface/AjaxQqpsService.js HTTP/1.1" 200 16326
117.131.5.26 - - [19/May/2021:10:41:36 +0800] "GET /xingrg/dwr/engine.js HTTP/1.1" 200 43631
222.69.131.59 - - [19/May/2021:10:41:38 +0800] "GET /xingrg/all/function/internal_message.html?_=1621392096925&CODE_STATE=getMsg HTTP/1.1" 200 27
116.224.253.72 - - [19/May/2021:10:41:43 +0800] "GET /xingrg/all/function/internal_message.html?_=1621392102766&CODE_STATE=getMsg HTTP/1.1" 200 27
116.224.253.72 - - [19/May/2021:10:41:43 +0800] "GET /xingrg/check_reg.html?_=1621392102772 HTTP/1.1" 200 22
116.235.222.38 - - [19/May/2021:10:41:44 +0800] "GET /xingrg/all/function/internal_message.html?_=1621392099553&CODE_STATE=getMsg HTTP/1.1" 200 27
116.230.117.165 - - [19/May/2021:10:41:45 +0800] "POST /xingrg/services/DataTransmitService HTTP/1.1" 200 501
116.230.117.165 - - [19/May/2021:10:41:49 +0800] "POST /xingrg/services/DataTransmitService HTTP/1.1" 200 501
116.230.117.165 - - [19/May/2021:10:41:49 +0800] "POST /xingrg/services/DataTransmitService HTTP/1.1" 200 501
116.235.222.38 - - [19/May/2021:10:41:50 +0800] "POST /xingrg/kc/buy/cgsh_order_operate.html HTTP/1.1" 200 37
180.161.124.236 - - [19/May/2021:10:41:50 +0800] "GET /xingrg/all/function/internal_message.html?_=1621392068995&CODE_STATE=getMsg HTTP/1.1" 200 27
116.235.222.38 - - [19/May/2021:10:41:51 +0800] "POST /xingrg/kc/buy/cgsh_order_operate.html HTTP/1.1" 200 6229
116.235.95.160 - - [19/May/2021:10:41:52 +0800] "GET /xingrg/kc/mdqp/qqps_order_list.html?isQuery=1&timeSelect=1&orderTime=day&startTime=2021-05-16&endTime=2021-05-18&state=all&query=%C8%B7++%B6%A8 HTTP/1.1" 200 10998
116.235.95.160 - - [19/May/2021:10:41:52 +0800] "GET /xingrg/dwr/interface/AjaxReportQueryService.js HTTP/1.1" 200 13203
116.235.95.160 - - [19/May/2021:10:41:52 +0800] "GET /xingrg/dwr/interface/AjaxQqpsService.js HTTP/1.1" 200 16326
117.131.5.26 - - [19/May/2021:10:41:52 +0800] "GET /xingrg/dwr/engine.js HTTP/1.1" 200 43631
116.235.222.38 - - [19/May/2021:10:41:54 +0800] "GET /xingrg/kc/print/load_data.html?order_code=212021051908397&kc_code=cgsh&condition= HTTP/1.1" 200 2043
101.85.52.2 - - [19/May/2021:10:41:54 +0800] "GET /xingrg/all/function/internal_message.html?_=1621392109107&CODE_STATE=getMsg HTTP/1.1" 200 27
101.85.52.2 - - [19/May/2021:10:41:55 +0800] "GET /xingrg/check_reg.html?_=1621392109559 HTTP/1.1" 200 22
116.230.117.165 - - [19/May/2021:10:41:55 +0800] "POST /xingrg/services/DataTransmitService HTTP/1.1" 200 501
58.40.7.146 - - [19/May/2021:10:41:56 +0800] "GET /xingrg/all/function/internal_message.html?_=1621392114680&CODE_STATE=getMsg HTTP/1.1" 302 -
116.235.95.160 - - [19/May/2021:10:41:56 +0800] "GET /xingrg/kc/mdqp/qqps_order_info.html?code=302021051600356 HTTP/1.1" 200 26391
116.235.95.160 - - [19/May/2021:10:41:56 +0800] "GET /xingrg/dwr/interface/AjaxComOrderService.js HTTP/1.1" 200 18264
117.131.5.26 - - [19/May/2021:10:41:56 +0800] "GET /xingrg/dwr/interface/AjaxQqpsService.js HTTP/1.1" 200 16326
116.235.95.160 - - [19/May/2021:10:41:56 +0800] "GET /xingrg/dwr/engine.js HTTP/1.1" 200 43631
116.235.95.160 - - [19/May/2021:10:41:56 +0800] "GET /xingrg/words/20210518171239_words.js HTTP/1.1" 304 -
116.232.48.118 - - [19/May/2021:10:41:58 +0800] "GET /xingrg/all/function/internal_message.html?_=1621392119052&CODE_STATE=getMsg HTTP/1.1" 200 27
116.232.48.118 - - [19/May/2021:10:41:58 +0800] "GET /xingrg/check_reg.html?_=1621392119055 HTTP/1.1" 200 22
61.165.42.208 - - [19/May/2021:10:41:58 +0800] "GET /xingrg/all/function/internal_message.html?_=1621392099626&CODE_STATE=getMsg HTTP/1.1" 200 27
116.235.95.160 - - [19/May/2021:10:41:58 +0800] "POST /xingrg/dwr/call/plaincall/AjaxQqpsService.loadMaterielItems.dwr HTTP/1.1" 200 369
116.235.222.38 - - [19/May/2021:10:41:59 +0800] "GET /xingrg/kc/buy/cgsh_order_add.html HTTP/1.1" 200 62079
116.235.222.38 - - [19/May/2021:10:42:00 +0800] "GET /xingrg/javascript/easyui/themes/default/validatebox.css HTTP/1.1" 404 1104
116.235.95.160 - - [19/May/2021:10:42:00 +0800] "GET /xingrg/kc/mdqp/qqps_order_list.html?isBack=1 HTTP/1.1" 302 -
116.235.222.38 - - [19/May/2021:10:42:00 +0800] "POST /xingrg/kc/buy/cgsh_order_operate.html HTTP/1.1" 200 8245
120.253.135.82 - - [19/May/2021:10:42:00 +0800] "GET /xingrg/all/function/internal_message.html?_=1621392172834&CODE_STATE=getMsg HTTP/1.1" 200 27
117.131.5.26 - - [19/May/2021:10:42:00 +0800] "GET /xingrg/kc/mdqp/qqps_order_list.html?isQuery=1&timeSelect=1&orderTime=day&startTime=2021-05-16&endTime=2021-05-18&state=all&query=%C8%B7++%B6%A8 HTTP/1.1" 200 10998
116.235.95.160 - - [19/May/2021:10:42:00 +0800] "GET /xingrg/dwr/interface/AjaxReportQueryService.js HTTP/1.1" 200 13203
116.235.95.160 - - [19/May/2021:10:42:00 +0800] "GET /xingrg/dwr/interface/AjaxQqpsService.js HTTP/1.1" 200 16326
116.235.95.160 - - [19/May/2021:10:42:00 +0800] "GET /xingrg/dwr/engine.js HTTP/1.1" 200 43631
116.230.117.165 - - [19/May/2021:10:42:02 +0800] "POST /xingrg/services/DataTransmitService HTTP/1.1" 200 501
116.235.222.38 - - [19/May/2021:10:42:03 +0800] "GET /xingrg/javascript/easyui/themes/default/tree.css HTTP/1.1" 404 1090
117.185.32.26 - - [19/May/2021:10:42:03 +0800] "GET /xingrg/check_reg.html?_=1621392116810 HTTP/1.1" 200 22
117.131.5.26 - - [19/May/2021:10:42:03 +0800] "GET /xingrg/kc/mdqp/qqps_order_info.html?code=302021051600355 HTTP/1.1" 200 8212
117.184.7.26 - - [19/May/2021:10:42:04 +0800] "GET /xingrg/all/function/internal_message.html?_=1621392118934&CODE_STATE=getMsg HTTP/1.1" 200 27
116.235.222.38 - - [19/May/2021:10:42:04 +0800] "POST /xingrg/all/common/load_tree.html?tree=supplier_tree_json&isDelete=1 HTTP/1.1" 200 55318
116.224.253.72 - - [19/May/2021:10:42:04 +0800] "GET /xingrg/kc/buy/cgsh_order_list.html HTTP/1.1" 200 46259
116.235.95.160 - - [19/May/2021:10:42:05 +0800] "GET /xingrg/kc/mdqp/qqps_order_info.html?code=302021051600355 HTTP/1.1" 200 26391
116.235.95.160 - - [19/May/2021:10:42:05 +0800] "GET /xingrg/dwr/interface/AjaxComOrderService.js HTTP/1.1" 200 18264
116.235.95.160 - - [19/May/2021:10:42:05 +0800] "GET /xingrg/dwr/engine.js HTTP/1.1" 200 43631
116.235.95.160 - - [19/May/2021:10:42:05 +0800] "GET /xingrg/dwr/interface/AjaxQqpsService.js HTTP/1.1" 200 16326
117.185.32.26 - - [19/May/2021:10:42:06 +0800] "GET /xingrg/all/function/internal_message.html?_=1621392119989&CODE_STATE=getMsg HTTP/1.1" 200 27
116.224.253.72 - - [19/May/2021:10:42:06 +0800] "POST /xingrg/kc/buy/cgsh_list_operate.html HTTP/1.1" 200 876
180.169.147.146 - - [19/May/2021:10:42:09 +0800] "GET /xingrg/all/function/internal_message.html?_=1621392130191&CODE_STATE=getMsg HTTP/1.1" 200 27
180.169.147.146 - - [19/May/2021:10:42:09 +0800] "GET /xingrg/check_reg.html?_=1621392130196 HTTP/1.1" 200 22
116.224.253.72 - - [19/May/2021:10:42:09 +0800] "GET /xingrg/kc/buy/cgsh_order_add.html HTTP/1.1" 200 61927
116.224.253.72 - - [19/May/2021:10:42:10 +0800] "POST /xingrg/kc/buy/cgsh_order_operate.html HTTP/1.1" 200 8245
116.224.253.72 - - [19/May/2021:10:42:10 +0800] "GET /xingrg/javascript/easyui/themes/default/validatebox.css HTTP/1.1" 404 1104
116.235.95.160 - - [19/May/2021:10:42:12 +0800] "POST /xingrg/dwr/call/plaincall/AjaxQqpsService.loadMaterielItems.dwr HTTP/1.1" 200 2314
116.230.110.80 - - [19/May/2021:10:42:12 +0800] "POST /xingrg/services/DataTransmitService HTTP/1.1" 200 524
116.230.117.165 - - [19/May/2021:10:42:12 +0800] "POST /xingrg/services/DataTransmitService HTTP/1.1" 200 501
116.235.222.38 - - [19/May/2021:10:42:12 +0800] "GET /xingrg/all/function/internal_message.html?_=1621392127966&CODE_STATE=getMsg HTTP/1.1" 200 27
120.204.17.73 - - [19/May/2021:10:42:13 +0800] "GET /xingrg/all/function/internal_message.html?_=1621392060008&CODE_STATE=getMsg HTTP/1.1" 302 -
120.204.17.73 - - [19/May/2021:10:42:15 +0800] "GET /xingrg/login.html HTTP/1.1" 200 7641
114.86.187.76 - - [19/May/2021:10:42:15 +0800] "GET /xingrg/all/function/internal_message.html?_=1621392132737&CODE_STATE=getMsg HTTP/1.1" 200 27
116.230.117.165 - - [19/May/2021:10:42:15 +0800] "POST /xingrg/services/DataTransmitService HTTP/1.1" 200 412
116.235.95.160 - - [19/May/2021:10:42:16 +0800] "GET /xingrg/all/function/internal_message.html?_=1621392225178&CODE_STATE=getMsg HTTP/1.1" 200 27
116.235.95.160 - - [19/May/2021:10:42:18 +0800] "GET /xingrg/kc/mdqp/qqps_order_list.html?isBack=1 HTTP/1.1" 302 -
116.235.95.160 - - [19/May/2021:10:42:18 +0800] "GET /xingrg/kc/mdqp/qqps_order_list.html?isQuery=1&timeSelect=1&orderTime=day&startTime=2021-05-16&endTime=2021-05-18&state=all&query=%C8%B7++%B6%A8 HTTP/1.1" 200 10998
116.235.95.160 - - [19/May/2021:10:42:18 +0800] "GET /xingrg/dwr/interface/AjaxQqpsService.js HTTP/1.1" 200 16326
116.235.95.160 - - [19/May/2021:10:42:18 +0800] "GET /xingrg/dwr/interface/AjaxReportQueryService.js HTTP/1.1" 200 13203
116.235.95.160 - - [19/May/2021:10:42:18 +0800] "GET /xingrg/dwr/engine.js HTTP/1.1" 200 43631
116.230.114.112 - - [19/May/2021:10:42:20 +0800] "GET /xingrg/all/function/internal_message.html?_=1621392148299&CODE_STATE=getMsg HTTP/1.1" 200 27
116.235.95.160 - - [19/May/2021:10:42:21 +0800] "GET /xingrg/kc/mdqp/qqps_order_info.html?code=302021051600354 HTTP/1.1" 200 26391
116.235.95.160 - - [19/May/2021:10:42:21 +0800] "GET /xingrg/dwr/interface/AjaxComOrderService.js HTTP/1.1" 200 18264
116.235.95.160 - - [19/May/2021:10:42:21 +0800] "GET /xingrg/dwr/interface/AjaxQqpsService.js HTTP/1.1" 200 16326
116.235.95.160 - - [19/May/2021:10:42:21 +0800] "GET /xingrg/dwr/engine.js HTTP/1.1" 200 43631
116.224.253.72 - - [19/May/2021:10:42:23 +0800] "GET /xingrg/kc/buy/cgsh_order_operate.html?command=get_materiel&rest_code=00150&code=00101007046&supplier_code=00100323&order_time=2021-05-19 HTTP/1.1" 200 413
116.230.110.80 - - [19/May/2021:10:42:25 +0800] "GET /xingrg/all/function/internal_message.html?_=1621392143540&CODE_STATE=getMsg HTTP/1.1" 200 27
120.253.135.82 - - [19/May/2021:10:42:25 +0800] "GET /xingrg/check_reg.html?_=1621391926756 HTTP/1.1" 200 22
116.235.95.160 - - [19/May/2021:10:42:26 +0800] "POST /xingrg/dwr/call/plaincall/AjaxQqpsService.loadMaterielItems.dwr HTTP/1.1" 200 1708
116.224.253.72 - - [19/May/2021:10:42:26 +0800] "GET /xingrg/all/function/internal_message.html?_=1621392126059&CODE_STATE=getMsg HTTP/1.1" 200 27
116.235.95.160 - - [19/May/2021:10:42:28 +0800] "GET /xingrg/kc/mdqp/qqps_order_list.html?isBack=1 HTTP/1.1" 302 -
116.235.95.160 - - [19/May/2021:10:42:28 +0800] "GET /xingrg/kc/mdqp/qqps_order_list.html?isQuery=1&timeSelect=1&orderTime=day&startTime=2021-05-16&endTime=2021-05-18&state=all&query=%C8%B7++%B6%A8 HTTP/1.1" 200 10998
116.235.95.160 - - [19/May/2021:10:42:28 +0800] "GET /xingrg/dwr/interface/AjaxReportQueryService.js HTTP/1.1" 200 13203
116.235.95.160 - - [19/May/2021:10:42:28 +0800] "GET /xingrg/dwr/interface/AjaxQqpsService.js HTTP/1.1" 200 16326
116.235.95.160 - - [19/May/2021:10:42:28 +0800] "GET /xingrg/dwr/engine.js HTTP/1.1" 200 43631
116.230.110.80 - - [19/May/2021:10:42:31 +0800] "POST /xingrg/services/DataTransmitService HTTP/1.1" 200 501
116.235.95.160 - - [19/May/2021:10:42:31 +0800] "GET /xingrg/kc/mdqp/qqps_order_info.html?code=302021051600352 HTTP/1.1" 200 26391
116.235.95.160 - - [19/May/2021:10:42:31 +0800] "GET /xingrg/dwr/interface/AjaxComOrderService.js HTTP/1.1" 200 18264
116.235.95.160 - - [19/May/2021:10:42:31 +0800] "GET /xingrg/dwr/interface/AjaxQqpsService.js HTTP/1.1" 200 16326
116.235.95.160 - - [19/May/2021:10:42:31 +0800] "GET /xingrg/dwr/engine.js HTTP/1.1" 200 43631
116.235.222.38 - - [19/May/2021:10:42:32 +0800] "GET /xingrg/kc/buy/cgsh_order_operate.html?command=get_materiel&rest_code=00107&code=00102002167&supplier_code=00100347&order_time=2021-05-19 HTTP/1.1" 200 409
116.235.95.160 - - [19/May/2021:10:42:35 +0800] "POST /xingrg/dwr/call/plaincall/AjaxQqpsService.loadMaterielItems.dwr HTTP/1.1" 200 2618
116.230.110.80 - - [19/May/2021:10:42:35 +0800] "POST /xingrg/services/DataTransmitService HTTP/1.1" 200 501
222.69.131.59 - - [19/May/2021:10:42:38 +0800] "GET /xingrg/all/function/internal_message.html?_=1621392156895&CODE_STATE=getMsg HTTP/1.1" 200 27
116.224.253.72 - - [19/May/2021:10:42:42 +0800] "GET /xingrg/kc/buy/cgsh_order_operate.html?command=get_materiel&rest_code=00150&code=00101007122&supplier_code=00100323&order_time=2021-05-19 HTTP/1.1" 200 437
116.224.253.72 - - [19/May/2021:10:42:43 +0800] "GET /xingrg/all/function/internal_message.html?_=1621392162772&CODE_STATE=getMsg HTTP/1.1" 200 27
116.235.222.38 - - [19/May/2021:10:42:44 +0800] "GET /xingrg/all/function/internal_message.html?_=1621392159537&CODE_STATE=getMsg HTTP/1.1" 200 27
180.161.124.236 - - [19/May/2021:10:42:50 +0800] "GET /xingrg/check_reg.html?_=1621392128590 HTTP/1.1" 200 22
180.161.124.236 - - [19/May/2021:10:42:50 +0800] "GET /xingrg/all/function/internal_message.html?_=1621392129008&CODE_STATE=getMsg HTTP/1.1" 200 27
116.230.110.80 - - [19/May/2021:10:42:51 +0800] "POST /xingrg/services/DataTransmitService HTTP/1.1" 200 501
101.85.52.2 - - [19/May/2021:10:42:54 +0800] "GET /xingrg/all/function/internal_message.html?_=1621392169096&CODE_STATE=getMsg HTTP/1.1" 200 27
116.235.222.38 - - [19/May/2021:10:42:55 +0800] "GET /xingrg/kc/buy/cgsh_order_operate.html?command=get_materiel&rest_code=00107&code=00101012046&supplier_code=00100347&order_time=2021-05-19 HTTP/1.1" 200 417
116.224.253.72 - - [19/May/2021:10:42:56 +0800] "GET /xingrg/kc/buy/cgsh_order_operate.html?command=get_materiel&rest_code=00150&code=00101001080&supplier_code=00100323&order_time=2021-05-19 HTTP/1.1" 200 421
58.40.7.146 - - [19/May/2021:10:42:56 +0800] "GET /xingrg/all/function/internal_message.html?_=1621392174682&CODE_STATE=getMsg HTTP/1.1" 302 -
116.232.48.118 - - [19/May/2021:10:42:58 +0800] "GET /xingrg/all/function/internal_message.html?_=1621392179053&CODE_STATE=getMsg HTTP/1.1" 200 27
61.165.42.208 - - [19/May/2021:10:42:58 +0800] "GET /xingrg/check_reg.html?_=1621392159627 HTTP/1.1" 200 22
61.165.42.208 - - [19/May/2021:10:42:58 +0800] "GET /xingrg/all/function/internal_message.html?_=1621392159630&CODE_STATE=getMsg HTTP/1.1" 200 27
120.253.135.82 - - [19/May/2021:10:43:00 +0800] "GET /xingrg/all/function/internal_message.html?_=1621392232907&CODE_STATE=getMsg HTTP/1.1" 200 27
117.184.7.26 - - [19/May/2021:10:43:04 +0800] "GET /xingrg/all/function/internal_message.html?_=1621392178920&CODE_STATE=getMsg HTTP/1.1" 200 27
101.85.52.2 - - [19/May/2021:10:43:05 +0800] "POST /xingrg/kc/buy/cgsh_list_operate.html HTTP/1.1" 200 2053
117.185.32.26 - - [19/May/2021:10:43:06 +0800] "GET /xingrg/all/function/internal_message.html?_=1621392179961&CODE_STATE=getMsg HTTP/1.1" 200 27
116.230.110.80 - - [19/May/2021:10:43:07 +0800] "POST /xingrg/services/DataTransmitService HTTP/1.1" 200 496
183.192.164.214 - - [19/May/2021:10:43:08 +0800] "GET /xingrg/all/function/internal_message.html?_=1621392119989&CODE_STATE=getMsg HTTP/1.1" 302 -
180.169.147.146 - - [19/May/2021:10:43:09 +0800] "GET /xingrg/all/function/internal_message.html?_=1621392190204&CODE_STATE=getMsg HTTP/1.1" 200 27
183.192.164.214 - - [19/May/2021:10:43:10 +0800] "GET /xingrg/login.html HTTP/1.1" 200 7641
116.230.110.80 - - [19/May/2021:10:43:12 +0800] "POST /xingrg/services/DataTransmitService HTTP/1.1" 401 565
116.230.110.80 - - [19/May/2021:10:43:12 +0800] "POST /xingrg/services/DataTransmitService HTTP/1.1" 200 478
116.230.110.80 - - [19/May/2021:10:43:12 +0800] "POST /xingrg/services/DataTransmitService HTTP/1.1" 200 1320
116.230.110.80 - - [19/May/2021:10:43:12 +0800] "POST /xingrg/services/DataTransmitService HTTP/1.1" 200 478
116.230.110.80 - - [19/May/2021:10:43:12 +0800] "POST /xingrg/services/DataTransmitService HTTP/1.1" 200 1320
116.230.110.80 - - [19/May/2021:10:43:12 +0800] "POST /xingrg/services/DataTransmitService HTTP/1.1" 200 524
116.235.222.38 - - [19/May/2021:10:43:12 +0800] "GET /xingrg/all/function/internal_message.html?_=1621392188018&CODE_STATE=getMsg HTTP/1.1" 200 27
116.235.222.38 - - [19/May/2021:10:43:12 +0800] "GET /xingrg/check_reg.html?_=1621392188074 HTTP/1.1" 200 22
116.230.110.80 - - [19/May/2021:10:43:13 +0800] "POST /xingrg/services/DataTransmitService HTTP/1.1" 200 1975
116.230.110.80 - - [19/May/2021:10:43:13 +0800] "POST /xingrg/services/DataTransmitService HTTP/1.1" 200 45454
116.230.110.80 - - [19/May/2021:10:43:13 +0800] "POST /xingrg/services/DataTransmitService HTTP/1.1" 200 19237
114.86.187.76 - - [19/May/2021:10:43:15 +0800] "GET /xingrg/all/function/internal_message.html?_=1621392192752&CODE_STATE=getMsg HTTP/1.1" 200 27
117.184.7.26 - - [19/May/2021:10:43:16 +0800] "GET /xingrg/check_reg.html?_=1621392191044 HTTP/1.1" 200 22
116.235.95.160 - - [19/May/2021:10:43:16 +0800] "GET /xingrg/all/function/internal_message.html?_=1621392285182&CODE_STATE=getMsg HTTP/1.1" 200 27
116.235.222.38 - - [19/May/2021:10:43:19 +0800] "GET /xingrg/kc/buy/cgsh_order_operate.html?command=get_materiel&rest_code=00107&code=00101001008&supplier_code=00100347&order_time=2021-05-19 HTTP/1.1" 200 415
116.230.114.112 - - [19/May/2021:10:43:20 +0800] "GET /xingrg/all/function/internal_message.html?_=1621392208312&CODE_STATE=getMsg HTTP/1.1" 200 27
116.224.253.72 - - [19/May/2021:10:43:22 +0800] "GET /xingrg/kc/buy/cgsh_order_operate.html?command=get_materiel&rest_code=00150&code=00101010162&supplier_code=00100323&order_time=2021-05-19 HTTP/1.1" 200 417
180.161.124.236 - - [19/May/2021:10:43:24 +0800] "GET /xingrg/check_reg.html?_=1621392163006 HTTP/1.1" 200 22
116.230.110.80 - - [19/May/2021:10:43:25 +0800] "GET /xingrg/all/function/internal_message.html?_=1621392203532&CODE_STATE=getMsg HTTP/1.1" 200 27
116.230.110.80 - - [19/May/2021:10:43:25 +0800] "GET /xingrg/check_reg.html?_=1621392203659 HTTP/1.1" 200 22
116.224.253.72 - - [19/May/2021:10:43:26 +0800] "GET /xingrg/all/function/internal_message.html?_=1621392186072&CODE_STATE=getMsg HTTP/1.1" 200 27
116.224.253.72 - - [19/May/2021:10:43:37 +0800] "GET /xingrg/kc/buy/cgsh_order_operate.html?command=get_materiel&rest_code=00150&code=00101008203&supplier_code=00100323&order_time=2021-05-19 HTTP/1.1" 200 409
222.69.131.59 - - [19/May/2021:10:43:38 +0800] "GET /xingrg/all/function/internal_message.html?_=1621392216868&CODE_STATE=getMsg HTTP/1.1" 200 27
222.69.131.59 - - [19/May/2021:10:43:38 +0800] "GET /xingrg/check_reg.html?_=1621392217167 HTTP/1.1" 200 22
116.235.222.38 - - [19/May/2021:10:43:40 +0800] "GET /xingrg/kc/buy/cgsh_order_operate.html?command=get_materiel&rest_code=00107&code=00101005022&supplier_code=00100347&order_time=2021-05-19 HTTP/1.1" 200 417
116.224.253.72 - - [19/May/2021:10:43:43 +0800] "GET /xingrg/all/function/internal_message.html?_=1621392222774&CODE_STATE=getMsg HTTP/1.1" 200 27
116.235.222.38 - - [19/May/2021:10:43:44 +0800] "GET /xingrg/all/function/internal_message.html?_=1621392219515&CODE_STATE=getMsg HTTP/1.1" 200 27
116.224.253.72 - - [19/May/2021:10:43:49 +0800] "GET /xingrg/kc/buy/cgsh_order_operate.html?command=get_materiel&rest_code=00150&code=00101010318&supplier_code=00100323&order_time=2021-05-19 HTTP/1.1" 200 426
180.161.124.236 - - [19/May/2021:10:43:50 +0800] "GET /xingrg/all/function/internal_message.html?_=1621392189026&CODE_STATE=getMsg HTTP/1.1" 200 27
101.85.52.2 - - [19/May/2021:10:43:54 +0800] "GET /xingrg/all/function/internal_message.html?_=1621392229089&CODE_STATE=getMsg HTTP/1.1" 200 27
58.40.7.146 - - [19/May/2021:10:43:56 +0800] "GET /xingrg/all/function/internal_message.html?_=1621392234670&CODE_STATE=getMsg HTTP/1.1" 302 -
116.232.48.118 - - [19/May/2021:10:43:58 +0800] "GET /xingrg/all/function/internal_message.html?_=1621392239056&CODE_STATE=getMsg HTTP/1.1" 200 27
61.165.42.208 - - [19/May/2021:10:43:58 +0800] "GET /xingrg/all/function/internal_message.html?_=1621392219615&CODE_STATE=getMsg HTTP/1.1" 200 27
116.235.222.38 - - [19/May/2021:10:43:58 +0800] "GET /xingrg/kc/buy/cgsh_order_operate.html?command=get_materiel&rest_code=00107&code=00101021021&supplier_code=00100347&order_time=2021-05-19 HTTP/1.1" 200 400
120.253.135.82 - - [19/May/2021:10:44:00 +0800] "GET /xingrg/all/function/internal_message.html?_=1621392292909&CODE_STATE=getMsg HTTP/1.1" 200 27
116.224.253.72 - - [19/May/2021:10:44:01 +0800] "GET /xingrg/kc/buy/cgsh_order_operate.html?command=get_materiel&rest_code=00150&code=00101002020&supplier_code=00100323&order_time=2021-05-19 HTTP/1.1" 200 435
117.184.7.26 - - [19/May/2021:10:44:04 +0800] "GET /xingrg/all/function/internal_message.html?_=1621392238889&CODE_STATE=getMsg HTTP/1.1" 200 27
117.185.32.26 - - [19/May/2021:10:44:06 +0800] "GET /xingrg/all/function/internal_message.html?_=1621392239936&CODE_STATE=getMsg HTTP/1.1" 200 27
180.169.147.146 - - [19/May/2021:10:44:09 +0800] "GET /xingrg/all/function/internal_message.html?_=1621392250210&CODE_STATE=getMsg HTTP/1.1" 200 27
116.230.110.80 - - [19/May/2021:10:44:12 +0800] "POST /xingrg/services/DataTransmitService HTTP/1.1" 200 524
116.235.222.38 - - [19/May/2021:10:44:13 +0800] "GET /xingrg/all/function/internal_message.html?_=1621392248000&CODE_STATE=getMsg HTTP/1.1" 200 27
116.235.222.38 - - [19/May/2021:10:44:14 +0800] "POST /xingrg/kc/buy/cgsh_order_operate.html HTTP/1.1" 200 37
114.86.187.76 - - [19/May/2021:10:44:15 +0800] "GET /xingrg/all/function/internal_message.html?_=1621392252751&CODE_STATE=getMsg HTTP/1.1" 200 27
116.235.95.160 - - [19/May/2021:10:44:16 +0800] "GET /xingrg/all/function/internal_message.html?_=1621392345179&CODE_STATE=getMsg HTTP/1.1" 200 27
116.235.222.38 - - [19/May/2021:10:44:17 +0800] "POST /xingrg/kc/buy/cgsh_order_operate.html HTTP/1.1" 200 5035
116.235.222.38 - - [19/May/2021:10:44:20 +0800] "GET /xingrg/kc/print/load_data.html?order_code=212021051908399&kc_code=cgsh&condition= HTTP/1.1" 200 1570
116.230.114.112 - - [19/May/2021:10:44:20 +0800] "GET /xingrg/all/function/internal_message.html?_=1621392268614&CODE_STATE=getMsg HTTP/1.1" 200 27
116.230.110.80 - - [19/May/2021:10:44:25 +0800] "GET /xingrg/all/function/internal_message.html?_=1621392263517&CODE_STATE=getMsg HTTP/1.1" 200 27
116.224.253.72 - - [19/May/2021:10:44:26 +0800] "GET /xingrg/all/function/internal_message.html?_=1621392246086&CODE_STATE=getMsg HTTP/1.1" 200 27
116.224.253.72 - - [19/May/2021:10:44:29 +0800] "POST /xingrg/kc/buy/cgsh_order_operate.html HTTP/1.1" 200 37
101.85.52.2 - - [19/May/2021:10:44:29 +0800] "POST /xingrg/kc/buy/cgsh_list_operate.html HTTP/1.1" 200 4
116.230.114.112 - - [19/May/2021:10:44:34 +0800] "GET /xingrg/check_reg.html?_=1621392283130 HTTP/1.1" 200 22
116.230.110.80 - - [19/May/2021:10:44:36 +0800] "POST /xingrg/services/DataTransmitService HTTP/1.1" 200 501
116.224.253.72 - - [19/May/2021:10:44:36 +0800] "POST /xingrg/kc/buy/cgsh_order_operate.html HTTP/1.1" 200 12
101.85.52.2 - - [19/May/2021:10:44:38 +0800] "POST /xingrg/kc/buy/cgsh_list_operate.html HTTP/1.1" 200 876
222.69.131.59 - - [19/May/2021:10:44:38 +0800] "GET /xingrg/all/function/internal_message.html?_=1621392276855&CODE_STATE=getMsg HTTP/1.1" 200 27
116.224.253.72 - - [19/May/2021:10:44:40 +0800] "GET /xingrg/kc/buy/cgsh_order_info.html?code=212021051908400 HTTP/1.1" 200 56836
116.230.110.80 - - [19/May/2021:10:44:40 +0800] "POST /xingrg/services/DataTransmitService HTTP/1.1" 200 501
101.85.52.2 - - [19/May/2021:10:44:40 +0800] "GET /xingrg/kc/buy/cgsh_order_add.html HTTP/1.1" 200 61185
116.224.253.72 - - [19/May/2021:10:44:40 +0800] "GET /xingrg/javascript/easyui/themes/default/validatebox.css HTTP/1.1" 404 1104
101.85.52.2 - - [19/May/2021:10:44:40 +0800] "POST /xingrg/kc/buy/cgsh_order_operate.html HTTP/1.1" 200 8245
101.85.52.2 - - [19/May/2021:10:44:40 +0800] "GET /xingrg/javascript/easyui/themes/default/validatebox.css HTTP/1.1" 404 1104
116.224.253.72 - - [19/May/2021:10:44:41 +0800] "POST /xingrg/kc/buy/cgsh_order_operate.html HTTP/1.1" 200 4233
116.224.253.72 - - [19/May/2021:10:44:43 +0800] "GET /xingrg/kc/print/load_data.html?order_code=212021051908400&kc_code=cgsh&condition= HTTP/1.1" 200 2172
116.224.253.72 - - [19/May/2021:10:44:43 +0800] "GET /xingrg/all/function/internal_message.html?_=1621392282774&CODE_STATE=getMsg HTTP/1.1" 200 27
116.235.222.38 - - [19/May/2021:10:44:44 +0800] "GET /xingrg/all/function/internal_message.html?_=1621392279502&CODE_STATE=getMsg HTTP/1.1" 200 27
116.224.253.72 - - [19/May/2021:10:44:49 +0800] "GET /xingrg/kc/buy/cgsh_order_add.html HTTP/1.1" 200 61927
116.224.253.72 - - [19/May/2021:10:44:50 +0800] "POST /xingrg/kc/buy/cgsh_order_operate.html HTTP/1.1" 200 8245
116.224.253.72 - - [19/May/2021:10:44:50 +0800] "GET /xingrg/javascript/easyui/themes/default/validatebox.css HTTP/1.1" 404 1104
180.161.124.236 - - [19/May/2021:10:44:51 +0800] "GET /xingrg/all/function/internal_message.html?_=1621392249052&CODE_STATE=getMsg HTTP/1.1" 200 27
101.85.52.2 - - [19/May/2021:10:44:54 +0800] "GET /xingrg/all/function/internal_message.html?_=1621392289062&CODE_STATE=getMsg HTTP/1.1" 200 27
58.40.7.146 - - [19/May/2021:10:44:56 +0800] "GET /xingrg/all/function/internal_message.html?_=1621392294673&CODE_STATE=getMsg HTTP/1.1" 302 -
101.85.52.2 - - [19/May/2021:10:44:57 +0800] "GET /xingrg/javascript/jquery_tools/images/prev.gif HTTP/1.1" 404 1086
101.85.52.2 - - [19/May/2021:10:44:57 +0800] "GET /xingrg/javascript/jquery_tools/images/next.gif HTTP/1.1" 404 1086
116.232.48.118 - - [19/May/2021:10:44:58 +0800] "GET /xingrg/all/function/internal_message.html?_=1621392299058&CODE_STATE=getMsg HTTP/1.1" 200 27
116.224.253.72 - - [19/May/2021:10:44:58 +0800] "GET /xingrg/kc/buy/cgsh_order_operate.html?command=get_materiel&rest_code=00150&code=00101007085&supplier_code=00100328&order_time=2021-05-19 HTTP/1.1" 200 413
61.165.42.208 - - [19/May/2021:10:44:58 +0800] "GET /xingrg/all/function/internal_message.html?_=1621392279615&CODE_STATE=getMsg HTTP/1.1" 200 27
120.253.135.82 - - [19/May/2021:10:44:58 +0800] "GET /xingrg/check_reg.html?_=1621392350824 HTTP/1.1" 200 22
116.230.110.80 - - [19/May/2021:10:44:59 +0800] "POST /xingrg/services/DataTransmitService HTTP/1.1" 200 501
120.253.135.82 - - [19/May/2021:10:45:00 +0800] "GET /xingrg/all/function/internal_message.html?_=1621392352921&CODE_STATE=getMsg HTTP/1.1" 200 27
117.184.7.26 - - [19/May/2021:10:45:04 +0800] "GET /xingrg/all/function/internal_message.html?_=1621392298874&CODE_STATE=getMsg HTTP/1.1" 200 27
180.169.147.146 - - [19/May/2021:10:45:05 +0800] "GET /xingrg/check_reg.html?_=1621392300307 HTTP/1.1" 200 22
117.185.32.26 - - [19/May/2021:10:45:06 +0800] "GET /xingrg/all/function/internal_message.html?_=1621392299918&CODE_STATE=getMsg HTTP/1.1" 200 27
116.224.253.72 - - [19/May/2021:10:45:07 +0800] "POST /xingrg/kc/buy/cgsh_order_operate.html HTTP/1.1" 200 37
180.169.147.146 - - [19/May/2021:10:45:09 +0800] "GET /xingrg/all/function/internal_message.html?_=1621392310200&CODE_STATE=getMsg HTTP/1.1" 200 27
116.235.222.38 - - [19/May/2021:10:45:12 +0800] "GET /xingrg/all/function/internal_message.html?_=1621392307983&CODE_STATE=getMsg HTTP/1.1" 200 27
116.224.253.72 - - [19/May/2021:10:45:14 +0800] "POST /xingrg/kc/buy/cgsh_order_operate.html HTTP/1.1" 200 12
114.86.187.76 - - [19/May/2021:10:45:15 +0800] "GET /xingrg/all/function/internal_message.html?_=1621392312750&CODE_STATE=getMsg HTTP/1.1" 200 27
116.235.95.160 - - [19/May/2021:10:45:16 +0800] "GET /xingrg/all/function/internal_message.html?_=1621392405185&CODE_STATE=getMsg HTTP/1.1" 200 27
116.224.253.72 - - [19/May/2021:10:45:17 +0800] "GET /xingrg/kc/buy/cgsh_order_info.html?code=212021051908401 HTTP/1.1" 200 56837
116.224.253.72 - - [19/May/2021:10:45:17 +0800] "GET /xingrg/javascript/easyui/themes/default/validatebox.css HTTP/1.1" 404 1104
116.224.253.72 - - [19/May/2021:10:45:18 +0800] "POST /xingrg/kc/buy/cgsh_order_operate.html HTTP/1.1" 200 607
116.230.114.112 - - [19/May/2021:10:45:20 +0800] "GET /xingrg/all/function/internal_message.html?_=1621392328619&CODE_STATE=getMsg HTTP/1.1" 200 27
116.224.253.72 - - [19/May/2021:10:45:20 +0800] "GET /xingrg/kc/print/load_data.html?order_code=212021051908401&kc_code=cgsh&condition= HTTP/1.1" 200 732
116.230.110.80 - - [19/May/2021:10:45:22 +0800] "POST /xingrg/services/DataTransmitService HTTP/1.1" 200 501
116.230.110.80 - - [19/May/2021:10:45:24 +0800] "POST /xingrg/services/DataTransmitService HTTP/1.1" 200 501
116.230.110.80 - - [19/May/2021:10:45:25 +0800] "GET /xingrg/all/function/internal_message.html?_=1621392323495&CODE_STATE=getMsg HTTP/1.1" 200 27
116.224.253.72 - - [19/May/2021:10:45:25 +0800] "GET /xingrg/check_reg.html?_=1621392305821 HTTP/1.1" 200 22
116.224.253.72 - - [19/May/2021:10:45:26 +0800] "GET /xingrg/all/function/internal_message.html?_=1621392306099&CODE_STATE=getMsg HTTP/1.1" 200 27
116.230.110.80 - - [19/May/2021:10:45:28 +0800] "POST /xingrg/services/DataTransmitService HTTP/1.1" 200 501
116.224.253.72 - - [19/May/2021:10:45:30 +0800] "GET /xingrg/kc/buy/cgsh_order_add.html HTTP/1.1" 200 61927
116.230.110.80 - - [19/May/2021:10:45:30 +0800] "POST /xingrg/services/DataTransmitService HTTP/1.1" 200 501
116.224.253.72 - - [19/May/2021:10:45:31 +0800] "POST /xingrg/kc/buy/cgsh_order_operate.html HTTP/1.1" 200 8245
116.224.253.72 - - [19/May/2021:10:45:31 +0800] "GET /xingrg/javascript/easyui/themes/default/validatebox.css HTTP/1.1" 404 1104
116.230.110.80 - - [19/May/2021:10:45:32 +0800] "POST /xingrg/services/DataTransmitService HTTP/1.1" 200 501
116.224.253.72 - - [19/May/2021:10:45:34 +0800] "POST /xingrg/all/user/operate.html HTTP/1.1" 200 36
116.224.253.72 - - [19/May/2021:10:45:35 +0800] "GET /xingrg/index.html?sysBaseUrl=http%3A%2F%2F180.169.147.146%3A18081%2Fxingrg%2F&costTime=1731×tamp=1621387756231 HTTP/1.1" 200 17177
116.224.253.72 - - [19/May/2021:10:45:35 +0800] "GET /xingrg/javascript/jquery_easy_ui/themes/default/easyui.css HTTP/1.1" 304 -
116.224.253.72 - - [19/May/2021:10:45:35 +0800] "GET /xingrg/javascript/jquery_easy_ui/themes/icon.css HTTP/1.1" 304 -
116.224.253.72 - - [19/May/2021:10:45:35 +0800] "GET /xingrg/css/form.css HTTP/1.1" 304 -
116.224.253.72 - - [19/May/2021:10:45:35 +0800] "GET /xingrg/javascript/jquery-1.4.2.min.js HTTP/1.1" 304 -
116.224.253.72 - - [19/May/2021:10:45:35 +0800] "GET /xingrg/javascript/jquery_easy_ui/jquery.easyui.min.js HTTP/1.1" 304 -
116.224.253.72 - - [19/May/2021:10:45:35 +0800] "GET /xingrg/javascript/jquery_easy_ui/easyui-lang-zh_CN.js HTTP/1.1" 304 -
116.224.253.72 - - [19/May/2021:10:45:35 +0800] "GET /xingrg/javascript/jquery.form.js HTTP/1.1" 304 -
116.224.253.72 - - [19/May/2021:10:45:35 +0800] "GET /xingrg/javascript/jquery.utils.js HTTP/1.1" 304 -
116.224.253.72 - - [19/May/2021:10:45:35 +0800] "GET /xingrg/javascript/jquery.timers.js HTTP/1.1" 304 -
116.224.253.72 - - [19/May/2021:10:45:35 +0800] "GET /xingrg/images/blue/jxLogo.png HTTP/1.1" 304 -
