101.85.52.2 - - [19/May/2021:10:03:55 +0800] "GET /xingrg/all/function/internal_message.html?_=1621389829526&CODE_STATE=getMsg HTTP/1.1" 200 27
58.40.7.146 - - [19/May/2021:10:03:56 +0800] "GET /xingrg/all/function/internal_message.html?_=1621389834647&CODE_STATE=getMsg HTTP/1.1" 302 -
116.232.48.118 - - [19/May/2021:10:03:58 +0800] "GET /xingrg/all/function/internal_message.html?_=1621389838862&CODE_STATE=getMsg HTTP/1.1" 200 27
61.165.42.208 - - [19/May/2021:10:03:58 +0800] "GET /xingrg/all/function/internal_message.html?_=1621389819586&CODE_STATE=getMsg HTTP/1.1" 200 27
120.253.135.82 - - [19/May/2021:10:03:59 +0800] "GET /xingrg/all/function/internal_message.html?_=1621389891929&CODE_STATE=getMsg HTTP/1.1" 200 27
101.85.52.2 - - [19/May/2021:10:03:59 +0800] "GET /xingrg/kc/buy/cgsh_order_operate.html?command=get_materiel&rest_code=00145&code=00101008264&supplier_code=00100007&order_time=2021-05-10 HTTP/1.1" 200 412
117.185.32.26 - - [19/May/2021:10:04:03 +0800] "GET /xingrg/all/function/internal_message.html?_=1621389836748&CODE_STATE=getMsg HTTP/1.1" 200 27
117.184.7.26 - - [19/May/2021:10:04:04 +0800] "GET /xingrg/all/function/internal_message.html?_=1621389839646&CODE_STATE=getMsg HTTP/1.1" 200 27
116.224.253.72 - - [19/May/2021:10:04:08 +0800] "GET /xingrg/all/function/internal_message.html?_=1621389847691&CODE_STATE=getMsg HTTP/1.1" 200 27
180.169.147.146 - - [19/May/2021:10:04:08 +0800] "GET /xingrg/all/function/internal_message.html?_=1621389850061&CODE_STATE=getMsg HTTP/1.1" 200 27
116.235.222.38 - - [19/May/2021:10:04:11 +0800] "GET /xingrg/all/function/internal_message.html?_=1621389846249&CODE_STATE=getMsg HTTP/1.1" 200 27
116.224.253.72 - - [19/May/2021:10:04:11 +0800] "GET /xingrg/all/function/internal_message.html?_=1621389831191&CODE_STATE=getMsg HTTP/1.1" 200 27
101.85.52.2 - - [19/May/2021:10:04:14 +0800] "GET /xingrg/kc/buy/cgsh_order_operate.html?command=get_materiel&rest_code=00145&code=00101008125&supplier_code=00100007&order_time=2021-05-10 HTTP/1.1" 200 413
116.230.114.112 - - [19/May/2021:10:04:16 +0800] "GET /xingrg/all/function/internal_message.html?_=1621389864127&CODE_STATE=getMsg HTTP/1.1" 200 27
180.169.147.146 - - [19/May/2021:10:04:21 +0800] "GET /xingrg/all/function/internal_message.html?_=1621389859594&CODE_STATE=getMsg HTTP/1.1" 200 27
101.85.52.2 - - [19/May/2021:10:04:22 +0800] "GET /xingrg/kc/buy/cgsh_order_operate.html?command=get_materiel&rest_code=00145&code=00101012064&supplier_code=00100007&order_time=2021-05-10 HTTP/1.1" 200 428
101.85.52.2 - - [19/May/2021:10:04:25 +0800] "POST /xingrg/all/common/load_select.html HTTP/1.1" 200 25
117.185.32.26 - - [19/May/2021:10:04:28 +0800] "GET /xingrg/kc/buy/cgsh_order_add.html HTTP/1.1" 200 61997
101.85.52.2 - - [19/May/2021:10:04:28 +0800] "GET /xingrg/kc/buy/cgsh_order_operate.html?command=get_materiel_price&rest_code=00145&code=00101012064&unit_code=00100040&supplier_code=00100007&order_time=2021-05-10 HTTP/1.1" 200 27
117.185.32.26 - - [19/May/2021:10:04:28 +0800] "GET /xingrg/javascript/easyui/themes/default/validatebox.css HTTP/1.1" 404 1104
117.185.32.26 - - [19/May/2021:10:04:28 +0800] "POST /xingrg/kc/buy/cgsh_order_operate.html HTTP/1.1" 200 8245
117.185.32.26 - - [19/May/2021:10:04:30 +0800] "GET /xingrg/javascript/easyui/themes/default/tree.css HTTP/1.1" 404 1090
117.185.32.26 - - [19/May/2021:10:04:31 +0800] "POST /xingrg/all/common/load_tree.html?tree=supplier_tree_json&isDelete=1 HTTP/1.1" 200 55318
116.230.114.112 - - [19/May/2021:10:04:35 +0800] "GET /xingrg/check_reg.html?_=1621389883091 HTTP/1.1" 200 22
120.253.135.82 - - [19/May/2021:10:04:35 +0800] "GET /xingrg/kc/pszx/mdqp_order_list.html?state=10 HTTP/1.1" 200 10611
120.253.135.82 - - [19/May/2021:10:04:35 +0800] "GET /xingrg/dwr/interface/AjaxReportQueryService.js HTTP/1.1" 200 13203
120.253.135.82 - - [19/May/2021:10:04:36 +0800] "GET /xingrg/dwr/engine.js HTTP/1.1" 200 43631
120.253.135.82 - - [19/May/2021:10:04:36 +0800] "GET /xingrg/dwr/interface/AjaxQqpsService.js HTTP/1.1" 200 16326
222.69.131.59 - - [19/May/2021:10:04:38 +0800] "GET /xingrg/all/function/internal_message.html?_=1621389877028&CODE_STATE=getMsg HTTP/1.1" 200 27
120.253.135.82 - - [19/May/2021:10:04:39 +0800] "GET /xingrg/kc/pszx/mdth_order_list.html HTTP/1.1" 200 18217
120.253.135.82 - - [19/May/2021:10:04:39 +0800] "POST /xingrg/kc/pszx/mdth_order_new_list.html HTTP/1.1" 200 4634
116.230.110.80 - - [19/May/2021:10:04:41 +0800] "GET /xingrg/all/function/internal_message.html?_=1621389879755&CODE_STATE=getMsg HTTP/1.1" 200 27
101.85.52.2 - - [19/May/2021:10:04:41 +0800] "GET /xingrg/kc/buy/cgsh_order_operate.html?command=get_materiel&rest_code=00145&code=00101008210&supplier_code=00100007&order_time=2021-05-10 HTTP/1.1" 200 408
101.85.94.178 - - [19/May/2021:10:04:43 +0800] "GET /xingrg/all/function/internal_message.html?_=1621389373815&CODE_STATE=getMsg HTTP/1.1" 200 27
117.185.32.26 - - [19/May/2021:10:04:44 +0800] "GET /xingrg/kc/buy/cgsh_order_operate.html?command=get_materiel&rest_code=00106&code=00101006109&supplier_code=00100015&order_time=2021-05-19 HTTP/1.1" 200 409
120.253.135.82 - - [19/May/2021:10:04:44 +0800] "GET /xingrg/kc/pszx/mdps_order_list.html?orderType=0 HTTP/1.1" 200 20793
116.235.222.38 - - [19/May/2021:10:04:44 +0800] "GET /xingrg/all/function/internal_message.html?_=1621389879437&CODE_STATE=getMsg HTTP/1.1" 200 27
120.253.135.82 - - [19/May/2021:10:04:44 +0800] "POST /xingrg/kc/pszx/mdps_list_operate.html HTTP/1.1" 200 5341
180.169.147.146 - - [19/May/2021:10:04:52 +0800] "GET /xingrg/all/function/internal_message.html?_=1621389895494&CODE_STATE=getMsg HTTP/1.1" 200 27
101.85.52.2 - - [19/May/2021:10:04:55 +0800] "GET /xingrg/all/function/internal_message.html?_=1621389889508&CODE_STATE=getMsg HTTP/1.1" 200 27
58.40.7.146 - - [19/May/2021:10:04:56 +0800] "GET /xingrg/all/function/internal_message.html?_=1621389894651&CODE_STATE=getMsg HTTP/1.1" 302 -
116.232.48.118 - - [19/May/2021:10:04:58 +0800] "GET /xingrg/all/function/internal_message.html?_=1621389898864&CODE_STATE=getMsg HTTP/1.1" 200 27
120.253.135.82 - - [19/May/2021:10:04:58 +0800] "GET /xingrg/check_reg.html?_=1621389950363 HTTP/1.1" 200 22
61.165.42.208 - - [19/May/2021:10:04:58 +0800] "GET /xingrg/all/function/internal_message.html?_=1621389879587&CODE_STATE=getMsg HTTP/1.1" 200 27
101.85.52.2 - - [19/May/2021:10:04:59 +0800] "GET /xingrg/kc/buy/cgsh_order_operate.html?command=get_materiel&rest_code=00145&code=00101012059&supplier_code=00100007&order_time=2021-05-10 HTTP/1.1" 200 412
120.253.135.82 - - [19/May/2021:10:04:59 +0800] "GET /xingrg/all/function/internal_message.html?_=1621389951941&CODE_STATE=getMsg HTTP/1.1" 200 27
117.185.32.26 - - [19/May/2021:10:05:03 +0800] "GET /xingrg/all/function/internal_message.html?_=1621389896770&CODE_STATE=getMsg HTTP/1.1" 200 27
117.184.7.26 - - [19/May/2021:10:05:04 +0800] "GET /xingrg/all/function/internal_message.html?_=1621389899633&CODE_STATE=getMsg HTTP/1.1" 200 27
117.185.32.26 - - [19/May/2021:10:05:06 +0800] "GET /xingrg/kc/buy/cgsh_order_operate.html?command=get_materiel&rest_code=00106&code=00101006111&supplier_code=00100015&order_time=2021-05-19 HTTP/1.1" 200 409
116.224.253.72 - - [19/May/2021:10:05:08 +0800] "GET /xingrg/all/function/internal_message.html?_=1621389907697&CODE_STATE=getMsg HTTP/1.1" 200 27
180.169.147.146 - - [19/May/2021:10:05:08 +0800] "GET /xingrg/all/function/internal_message.html?_=1621389910063&CODE_STATE=getMsg HTTP/1.1" 200 27
116.235.222.38 - - [19/May/2021:10:05:11 +0800] "GET /xingrg/all/function/internal_message.html?_=1621389906250&CODE_STATE=getMsg HTTP/1.1" 200 27
116.224.253.72 - - [19/May/2021:10:05:11 +0800] "GET /xingrg/all/function/internal_message.html?_=1621389891205&CODE_STATE=getMsg HTTP/1.1" 200 27
120.253.135.82 - - [19/May/2021:10:05:13 +0800] "GET /xingrg/kc/pszx/mdqp_order_list.html?state=10 HTTP/1.1" 200 10611
120.253.135.82 - - [19/May/2021:10:05:13 +0800] "GET /xingrg/dwr/interface/AjaxReportQueryService.js HTTP/1.1" 200 13203
120.253.135.82 - - [19/May/2021:10:05:13 +0800] "GET /xingrg/dwr/interface/AjaxQqpsService.js HTTP/1.1" 200 16326
120.253.135.82 - - [19/May/2021:10:05:13 +0800] "GET /xingrg/dwr/engine.js HTTP/1.1" 200 43631
116.230.114.112 - - [19/May/2021:10:05:16 +0800] "GET /xingrg/all/function/internal_message.html?_=1621389924130&CODE_STATE=getMsg HTTP/1.1" 200 27
120.253.135.82 - - [19/May/2021:10:05:18 +0800] "GET /xingrg/kc/report/report_main.html HTTP/1.1" 200 9370
180.169.147.146 - - [19/May/2021:10:05:21 +0800] "GET /xingrg/all/function/internal_message.html?_=1621389919586&CODE_STATE=getMsg HTTP/1.1" 200 27
120.253.135.82 - - [19/May/2021:10:05:22 +0800] "GET /xingrg/kc/pszx/mdqp_order_list.html?state=10 HTTP/1.1" 200 10611
120.253.135.82 - - [19/May/2021:10:05:22 +0800] "GET /xingrg/dwr/interface/AjaxReportQueryService.js HTTP/1.1" 200 13203
120.253.135.82 - - [19/May/2021:10:05:22 +0800] "GET /xingrg/dwr/interface/AjaxQqpsService.js HTTP/1.1" 200 16326
120.253.135.82 - - [19/May/2021:10:05:22 +0800] "GET /xingrg/dwr/engine.js HTTP/1.1" 200 43631
120.253.135.82 - - [19/May/2021:10:05:23 +0800] "GET /xingrg/javascript/jquery_easy_ui/themes/default/images/tabs_active.png HTTP/1.1" 304 -
101.85.52.2 - - [19/May/2021:10:05:25 +0800] "GET /xingrg/kc/buy/cgsh_order_operate.html?command=get_materiel&rest_code=00145&code=00101012070&supplier_code=00100007&order_time=2021-05-10 HTTP/1.1" 200 398
116.224.253.72 - - [19/May/2021:10:05:29 +0800] "GET /xingrg/kc/buy/cgsh_order_list.html HTTP/1.1" 200 46257
58.221.95.50 - - [19/May/2021:10:05:31 +0800] "GET /xingrg/check_reg.html?_=1621389931604 HTTP/1.1" 302 -
116.224.253.72 - - [19/May/2021:10:05:33 +0800] "POST /xingrg/kc/buy/cgsh_list_operate.html HTTP/1.1" 200 2089
117.185.32.26 - - [19/May/2021:10:05:33 +0800] "GET /xingrg/kc/buy/cgsh_order_operate.html?command=get_materiel&rest_code=00106&code=00101006112&supplier_code=00100015&order_time=2021-05-19 HTTP/1.1" 200 409
180.169.147.146 - - [19/May/2021:10:05:34 +0800] "GET /favicon.ico HTTP/1.1" 404 -
116.224.253.72 - - [19/May/2021:10:05:36 +0800] "POST /xingrg/kc/buy/cgsh_list_operate.html HTTP/1.1" 200 564
116.224.253.72 - - [19/May/2021:10:05:38 +0800] "GET /xingrg/kc/buy/cgsh_order_info.html?code=212021051908322 HTTP/1.1" 200 61654
116.224.253.72 - - [19/May/2021:10:05:38 +0800] "GET /xingrg/javascript/easyui/themes/default/validatebox.css HTTP/1.1" 404 1104
222.69.131.59 - - [19/May/2021:10:05:38 +0800] "GET /xingrg/all/function/internal_message.html?_=1621389937026&CODE_STATE=getMsg HTTP/1.1" 200 27
116.224.253.72 - - [19/May/2021:10:05:39 +0800] "POST /xingrg/kc/buy/cgsh_order_operate.html HTTP/1.1" 200 23584
117.185.32.26 - - [19/May/2021:10:05:39 +0800] "GET /xingrg/kc/buy/cgsh_order_operate.html?command=get_materiel&rest_code=00106&code=00101006062&supplier_code=00100015&order_time=2021-05-19 HTTP/1.1" 200 411
116.230.110.80 - - [19/May/2021:10:05:41 +0800] "GET /xingrg/all/function/internal_message.html?_=1621389939767&CODE_STATE=getMsg HTTP/1.1" 200 27
101.85.52.2 - - [19/May/2021:10:05:41 +0800] "GET /xingrg/kc/buy/cgsh_order_operate.html?command=get_materiel&rest_code=00145&code=00101012029&supplier_code=00100007&order_time=2021-05-10 HTTP/1.1" 200 412
101.85.94.178 - - [19/May/2021:10:05:43 +0800] "GET /xingrg/all/function/internal_message.html?_=1621389433815&CODE_STATE=getMsg HTTP/1.1" 200 27
116.235.222.38 - - [19/May/2021:10:05:44 +0800] "GET /xingrg/check_reg.html?_=1621389939446 HTTP/1.1" 200 22
116.235.222.38 - - [19/May/2021:10:05:44 +0800] "GET /xingrg/all/function/internal_message.html?_=1621389939448&CODE_STATE=getMsg HTTP/1.1" 200 27
180.169.147.146 - - [19/May/2021:10:05:52 +0800] "GET /xingrg/check_reg.html?_=1621389955493 HTTP/1.1" 200 22
180.169.147.146 - - [19/May/2021:10:05:52 +0800] "GET /xingrg/all/function/internal_message.html?_=1621389955496&CODE_STATE=getMsg HTTP/1.1" 200 27
101.85.52.2 - - [19/May/2021:10:05:55 +0800] "GET /xingrg/all/function/internal_message.html?_=1621389949501&CODE_STATE=getMsg HTTP/1.1" 200 27
58.40.7.146 - - [19/May/2021:10:05:56 +0800] "GET /xingrg/check_reg.html?_=1621389954656 HTTP/1.1" 302 -
58.40.7.146 - - [19/May/2021:10:05:56 +0800] "GET /xingrg/all/function/internal_message.html?_=1621389954657&CODE_STATE=getMsg HTTP/1.1" 302 -
101.85.52.2 - - [19/May/2021:10:05:57 +0800] "POST /xingrg/kc/buy/cgsh_order_operate.html HTTP/1.1" 200 2065
117.185.32.26 - - [19/May/2021:10:05:57 +0800] "POST /xingrg/kc/buy/cgsh_order_operate.html HTTP/1.1" 200 37
116.232.48.118 - - [19/May/2021:10:05:58 +0800] "GET /xingrg/all/function/internal_message.html?_=1621389958866&CODE_STATE=getMsg HTTP/1.1" 200 27
61.165.42.208 - - [19/May/2021:10:05:58 +0800] "GET /xingrg/all/function/internal_message.html?_=1621389939587&CODE_STATE=getMsg HTTP/1.1" 200 27
120.253.135.82 - - [19/May/2021:10:05:59 +0800] "GET /xingrg/all/function/internal_message.html?_=1621390011955&CODE_STATE=getMsg HTTP/1.1" 200 27
101.85.52.2 - - [19/May/2021:10:06:01 +0800] "GET /xingrg/kc/buy/cgsh_order_operate.html?command=get_materiel&rest_code=00145&code=00101008355&supplier_code=00100007&order_time=2021-05-10 HTTP/1.1" 200 408
117.185.32.26 - - [19/May/2021:10:06:03 +0800] "GET /xingrg/all/function/internal_message.html?_=1621389956760&CODE_STATE=getMsg HTTP/1.1" 200 27
117.184.7.26 - - [19/May/2021:10:06:04 +0800] "GET /xingrg/all/function/internal_message.html?_=1621389959603&CODE_STATE=getMsg HTTP/1.1" 200 27
117.185.32.26 - - [19/May/2021:10:06:05 +0800] "POST /xingrg/kc/buy/cgsh_order_operate.html HTTP/1.1" 200 12
117.185.32.26 - - [19/May/2021:10:06:08 +0800] "GET /xingrg/kc/buy/cgsh_order_info.html?code=212021051908349 HTTP/1.1" 200 56901
101.85.52.2 - - [19/May/2021:10:06:08 +0800] "GET /xingrg/kc/buy/cgsh_order_operate.html?command=get_materiel&rest_code=00145&code=00101008205&supplier_code=00100007&order_time=2021-05-10 HTTP/1.1" 200 412
116.224.253.72 - - [19/May/2021:10:06:08 +0800] "GET /xingrg/all/function/internal_message.html?_=1621389967715&CODE_STATE=getMsg HTTP/1.1" 200 27
180.169.147.146 - - [19/May/2021:10:06:08 +0800] "GET /xingrg/all/function/internal_message.html?_=1621389970063&CODE_STATE=getMsg HTTP/1.1" 200 27
117.185.32.26 - - [19/May/2021:10:06:08 +0800] "GET /xingrg/javascript/easyui/themes/default/validatebox.css HTTP/1.1" 404 1104
117.185.32.26 - - [19/May/2021:10:06:09 +0800] "POST /xingrg/kc/buy/cgsh_order_operate.html HTTP/1.1" 200 2966
116.224.253.72 - - [19/May/2021:10:06:11 +0800] "GET /xingrg/all/function/internal_message.html?_=1621389951221&CODE_STATE=getMsg HTTP/1.1" 200 27
116.235.222.38 - - [19/May/2021:10:06:11 +0800] "GET /xingrg/all/function/internal_message.html?_=1621389966250&CODE_STATE=getMsg HTTP/1.1" 200 27
117.185.32.26 - - [19/May/2021:10:06:11 +0800] "GET /xingrg/kc/print/load_data.html?order_code=212021051908349&kc_code=cgsh&condition= HTTP/1.1" 200 1690
183.192.164.214 - - [19/May/2021:10:06:11 +0800] "GET /xingrg/kc/buy/cgsh_order_operate.html?command=get_materiel&rest_code=00106&code=00101006111&supplier_code=00100015&order_time=2021-05-19 HTTP/1.1" 302 -
183.192.164.214 - - [19/May/2021:10:06:12 +0800] "GET /xingrg/login.html HTTP/1.1" 200 7641
101.85.52.2 - - [19/May/2021:10:06:13 +0800] "GET /xingrg/kc/buy/cgsh_order_operate.html?command=get_materiel&rest_code=00145&code=00101008354&supplier_code=00100007&order_time=2021-05-10 HTTP/1.1" 200 412
116.230.114.112 - - [19/May/2021:10:06:16 +0800] "GET /xingrg/all/function/internal_message.html?_=1621389984143&CODE_STATE=getMsg HTTP/1.1" 200 27
101.85.52.2 - - [19/May/2021:10:06:19 +0800] "GET /xingrg/kc/buy/cgsh_order_operate.html?command=get_materiel&rest_code=00145&code=00101006106&supplier_code=00100007&order_time=2021-05-10 HTTP/1.1" 200 423
117.185.32.26 - - [19/May/2021:10:06:19 +0800] "GET /xingrg/kc/print/load_data.html?order_code=212021051908349&kc_code=cgsh HTTP/1.1" 200 1690
180.169.147.146 - - [19/May/2021:10:06:21 +0800] "GET /xingrg/all/function/internal_message.html?_=1621389979598&CODE_STATE=getMsg HTTP/1.1" 200 27
101.85.52.2 - - [19/May/2021:10:06:31 +0800] "POST /xingrg/kc/buy/cgsh_order_operate.html HTTP/1.1" 200 37
101.85.52.2 - - [19/May/2021:10:06:35 +0800] "POST /xingrg/kc/buy/cgsh_order_operate.html HTTP/1.1" 200 15647
222.69.131.59 - - [19/May/2021:10:06:38 +0800] "GET /xingrg/all/function/internal_message.html?_=1621389997027&CODE_STATE=getMsg HTTP/1.1" 200 27
116.230.110.80 - - [19/May/2021:10:06:41 +0800] "GET /xingrg/all/function/internal_message.html?_=1621389999754&CODE_STATE=getMsg HTTP/1.1" 200 27
101.85.94.178 - - [19/May/2021:10:06:43 +0800] "GET /xingrg/check_reg.html?_=1621389493815 HTTP/1.1" 200 22
101.85.94.178 - - [19/May/2021:10:06:43 +0800] "GET /xingrg/all/function/internal_message.html?_=1621389493818&CODE_STATE=getMsg HTTP/1.1" 200 27
101.85.52.2 - - [19/May/2021:10:06:43 +0800] "POST /xingrg/kc/buy/cgsh_order_operate.html HTTP/1.1" 200 37
116.235.222.38 - - [19/May/2021:10:06:44 +0800] "GET /xingrg/all/function/internal_message.html?_=1621389999446&CODE_STATE=getMsg HTTP/1.1" 200 27
101.85.52.2 - - [19/May/2021:10:06:44 +0800] "POST /xingrg/kc/buy/cgsh_order_operate.html HTTP/1.1" 200 15647
101.85.52.2 - - [19/May/2021:10:06:46 +0800] "GET /xingrg/kc/print/load_data.html?order_code=212021051908350&kc_code=cgsh&condition= HTTP/1.1" 200 5621
180.169.147.146 - - [19/May/2021:10:06:51 +0800] "GET /xingrg/all/function/internal_message.html?_=1621390015487&CODE_STATE=getMsg HTTP/1.1" 200 27
101.85.52.2 - - [19/May/2021:10:06:55 +0800] "GET /xingrg/all/function/internal_message.html?_=1621390009482&CODE_STATE=getMsg HTTP/1.1" 200 27
101.85.52.2 - - [19/May/2021:10:06:55 +0800] "GET /xingrg/check_reg.html?_=1621390009546 HTTP/1.1" 200 22
58.40.7.146 - - [19/May/2021:10:06:56 +0800] "GET /xingrg/all/function/internal_message.html?_=1621390014644&CODE_STATE=getMsg HTTP/1.1" 302 -
116.232.48.118 - - [19/May/2021:10:06:58 +0800] "GET /xingrg/all/function/internal_message.html?_=1621390018868&CODE_STATE=getMsg HTTP/1.1" 200 27
116.232.48.118 - - [19/May/2021:10:06:58 +0800] "GET /xingrg/check_reg.html?_=1621390018869 HTTP/1.1" 200 22
61.165.42.208 - - [19/May/2021:10:06:58 +0800] "GET /xingrg/all/function/internal_message.html?_=1621389999585&CODE_STATE=getMsg HTTP/1.1" 200 27
120.253.135.82 - - [19/May/2021:10:06:59 +0800] "GET /xingrg/all/function/internal_message.html?_=1621390071969&CODE_STATE=getMsg HTTP/1.1" 200 27
117.185.32.26 - - [19/May/2021:10:07:03 +0800] "GET /xingrg/check_reg.html?_=1621390016753 HTTP/1.1" 200 22
117.185.32.26 - - [19/May/2021:10:07:03 +0800] "GET /xingrg/all/function/internal_message.html?_=1621390016756&CODE_STATE=getMsg HTTP/1.1" 200 27
117.185.32.26 - - [19/May/2021:10:07:04 +0800] "GET /xingrg/kc/buy/cgsh_order_add.html HTTP/1.1" 200 61997
117.185.32.26 - - [19/May/2021:10:07:04 +0800] "POST /xingrg/kc/buy/cgsh_order_operate.html HTTP/1.1" 200 8245
117.184.7.26 - - [19/May/2021:10:07:04 +0800] "GET /xingrg/all/function/internal_message.html?_=1621390019579&CODE_STATE=getMsg HTTP/1.1" 200 27
117.185.32.26 - - [19/May/2021:10:07:04 +0800] "GET /xingrg/javascript/easyui/themes/default/validatebox.css HTTP/1.1" 404 1104
117.185.32.26 - - [19/May/2021:10:07:08 +0800] "GET /xingrg/javascript/easyui/themes/default/tree.css HTTP/1.1" 404 1090
116.224.253.72 - - [19/May/2021:10:07:08 +0800] "GET /xingrg/all/function/internal_message.html?_=1621390027723&CODE_STATE=getMsg HTTP/1.1" 200 27
116.224.253.72 - - [19/May/2021:10:07:08 +0800] "GET /xingrg/check_reg.html?_=1621390027730 HTTP/1.1" 200 22
180.169.147.146 - - [19/May/2021:10:07:08 +0800] "GET /xingrg/check_reg.html?_=1621390030065 HTTP/1.1" 200 22
180.169.147.146 - - [19/May/2021:10:07:08 +0800] "GET /xingrg/all/function/internal_message.html?_=1621390030070&CODE_STATE=getMsg HTTP/1.1" 200 27
117.185.32.26 - - [19/May/2021:10:07:09 +0800] "POST /xingrg/all/common/load_tree.html?tree=supplier_tree_json&isDelete=1 HTTP/1.1" 200 55318
120.204.17.68 - - [19/May/2021:10:07:11 +0800] "GET /xingrg/all/function/internal_message.html?_=1621389956760&CODE_STATE=getMsg HTTP/1.1" 302 -
116.235.222.38 - - [19/May/2021:10:07:11 +0800] "GET /xingrg/all/function/internal_message.html?_=1621390026266&CODE_STATE=getMsg HTTP/1.1" 200 27
116.224.253.72 - - [19/May/2021:10:07:11 +0800] "GET /xingrg/check_reg.html?_=1621390011170 HTTP/1.1" 200 22
116.224.253.72 - - [19/May/2021:10:07:11 +0800] "GET /xingrg/all/function/internal_message.html?_=1621390011234&CODE_STATE=getMsg HTTP/1.1" 200 27
120.204.17.68 - - [19/May/2021:10:07:13 +0800] "GET /xingrg/login.html HTTP/1.1" 200 7641
116.230.114.112 - - [19/May/2021:10:07:16 +0800] "GET /xingrg/all/function/internal_message.html?_=1621390044416&CODE_STATE=getMsg HTTP/1.1" 200 27
180.169.147.146 - - [19/May/2021:10:07:21 +0800] "GET /xingrg/all/function/internal_message.html?_=1621390039592&CODE_STATE=getMsg HTTP/1.1" 200 27
116.224.253.72 - - [19/May/2021:10:07:24 +0800] "POST /xingrg/kc/buy/cgsh_order_operate.html HTTP/1.1" 200 37
120.253.135.82 - - [19/May/2021:10:07:25 +0800] "GET /xingrg/check_reg.html?_=1621389826655 HTTP/1.1" 200 22
117.185.32.26 - - [19/May/2021:10:07:28 +0800] "GET /xingrg/kc/buy/cgsh_order_operate.html?command=get_materiel&rest_code=00106&code=00101016025&supplier_code=00100032&order_time=2021-05-19 HTTP/1.1" 200 408
116.224.253.72 - - [19/May/2021:10:07:31 +0800] "POST /xingrg/kc/buy/cgsh_order_operate.html HTTP/1.1" 200 12
116.224.253.72 - - [19/May/2021:10:07:34 +0800] "GET /xingrg/kc/buy/cgsh_order_info.html?code=212021051908322 HTTP/1.1" 200 56547
116.224.253.72 - - [19/May/2021:10:07:34 +0800] "GET /xingrg/javascript/easyui/themes/default/validatebox.css HTTP/1.1" 404 1104
116.224.253.72 - - [19/May/2021:10:07:35 +0800] "POST /xingrg/kc/buy/cgsh_order_operate.html HTTP/1.1" 200 21532
116.224.253.72 - - [19/May/2021:10:07:36 +0800] "GET /xingrg/kc/print/load_data.html?order_code=212021051908322&kc_code=cgsh&condition= HTTP/1.1" 200 8824
222.69.131.59 - - [19/May/2021:10:07:38 +0800] "GET /xingrg/all/function/internal_message.html?_=1621390057029&CODE_STATE=getMsg HTTP/1.1" 200 27
117.185.32.26 - - [19/May/2021:10:07:39 +0800] "GET /xingrg/kc/buy/cgsh_order_operate.html?command=get_materiel&rest_code=00106&code=00101005037&supplier_code=00100032&order_time=2021-05-19 HTTP/1.1" 200 409
116.230.110.80 - - [19/May/2021:10:07:41 +0800] "GET /xingrg/all/function/internal_message.html?_=1621390059758&CODE_STATE=getMsg HTTP/1.1" 200 27
116.230.110.80 - - [19/May/2021:10:07:41 +0800] "GET /xingrg/check_reg.html?_=1621390059759 HTTP/1.1" 200 22
101.85.94.178 - - [19/May/2021:10:07:43 +0800] "GET /xingrg/all/function/internal_message.html?_=1621389553826&CODE_STATE=getMsg HTTP/1.1" 200 27
116.235.222.38 - - [19/May/2021:10:07:44 +0800] "GET /xingrg/all/function/internal_message.html?_=1621390059446&CODE_STATE=getMsg HTTP/1.1" 200 27
101.85.52.2 - - [19/May/2021:10:07:48 +0800] "POST /xingrg/kc/buy/cgsh_list_operate.html HTTP/1.1" 200 3495
116.224.253.72 - - [19/May/2021:10:07:48 +0800] "POST /xingrg/kc/buy/cgsh_list_operate.html HTTP/1.1" 200 1708
116.224.253.72 - - [19/May/2021:10:07:49 +0800] "POST /xingrg/kc/buy/cgsh_list_operate.html HTTP/1.1" 200 571
116.224.253.72 - - [19/May/2021:10:07:51 +0800] "GET /xingrg/kc/buy/cgsh_order_info.html?code=212021051908331 HTTP/1.1" 200 61654
117.185.32.26 - - [19/May/2021:10:07:51 +0800] "GET /xingrg/kc/buy/cgsh_order_operate.html?command=get_materiel&rest_code=00106&code=00101010024&supplier_code=00100032&order_time=2021-05-19 HTTP/1.1" 200 408
116.224.253.72 - - [19/May/2021:10:07:51 +0800] "GET /xingrg/javascript/easyui/themes/default/validatebox.css HTTP/1.1" 404 1104
180.169.147.146 - - [19/May/2021:10:07:51 +0800] "GET /xingrg/all/function/internal_message.html?_=1621390075487&CODE_STATE=getMsg HTTP/1.1" 200 27
116.224.253.72 - - [19/May/2021:10:07:52 +0800] "POST /xingrg/kc/buy/cgsh_order_operate.html HTTP/1.1" 200 8066
101.85.52.2 - - [19/May/2021:10:07:55 +0800] "GET /xingrg/all/function/internal_message.html?_=1621390069465&CODE_STATE=getMsg HTTP/1.1" 200 27
58.40.7.146 - - [19/May/2021:10:07:56 +0800] "GET /xingrg/all/function/internal_message.html?_=1621390074646&CODE_STATE=getMsg HTTP/1.1" 302 -
116.232.48.118 - - [19/May/2021:10:07:58 +0800] "GET /xingrg/all/function/internal_message.html?_=1621390078870&CODE_STATE=getMsg HTTP/1.1" 200 27
61.165.42.208 - - [19/May/2021:10:07:58 +0800] "GET /xingrg/all/function/internal_message.html?_=1621390059586&CODE_STATE=getMsg HTTP/1.1" 200 27
61.165.42.208 - - [19/May/2021:10:07:58 +0800] "GET /xingrg/check_reg.html?_=1621390059589 HTTP/1.1" 200 22
120.253.135.82 - - [19/May/2021:10:07:59 +0800] "GET /xingrg/all/function/internal_message.html?_=1621390132036&CODE_STATE=getMsg HTTP/1.1" 200 27
117.185.32.26 - - [19/May/2021:10:08:03 +0800] "GET /xingrg/all/function/internal_message.html?_=1621390076786&CODE_STATE=getMsg HTTP/1.1" 200 27
117.184.7.26 - - [19/May/2021:10:08:04 +0800] "GET /xingrg/all/function/internal_message.html?_=1621390079564&CODE_STATE=getMsg HTTP/1.1" 200 27
117.185.32.26 - - [19/May/2021:10:08:05 +0800] "GET /xingrg/kc/buy/cgsh_order_operate.html?command=get_materiel&rest_code=00106&code=00101012025&supplier_code=00100032&order_time=2021-05-19 HTTP/1.1" 200 412
116.224.253.72 - - [19/May/2021:10:08:08 +0800] "GET /xingrg/all/function/internal_message.html?_=1621390087730&CODE_STATE=getMsg HTTP/1.1" 200 27
180.169.147.146 - - [19/May/2021:10:08:08 +0800] "GET /xingrg/all/function/internal_message.html?_=1621390090067&CODE_STATE=getMsg HTTP/1.1" 200 27
116.235.222.38 - - [19/May/2021:10:08:11 +0800] "GET /xingrg/all/function/internal_message.html?_=1621390086251&CODE_STATE=getMsg HTTP/1.1" 200 27
116.235.222.38 - - [19/May/2021:10:08:11 +0800] "GET /xingrg/check_reg.html?_=1621390086252 HTTP/1.1" 200 22
116.224.253.72 - - [19/May/2021:10:08:11 +0800] "GET /xingrg/all/function/internal_message.html?_=1621390071245&CODE_STATE=getMsg HTTP/1.1" 200 27
116.230.114.112 - - [19/May/2021:10:08:16 +0800] "GET /xingrg/all/function/internal_message.html?_=1621390104420&CODE_STATE=getMsg HTTP/1.1" 200 27
117.184.7.26 - - [19/May/2021:10:08:16 +0800] "GET /xingrg/check_reg.html?_=1621390091188 HTTP/1.1" 200 22
117.185.32.26 - - [19/May/2021:10:08:17 +0800] "GET /xingrg/kc/buy/cgsh_order_operate.html?command=get_materiel&rest_code=00106&code=00101002022&supplier_code=00100032&order_time=2021-05-19 HTTP/1.1" 200 409
180.169.147.146 - - [19/May/2021:10:08:21 +0800] "GET /xingrg/check_reg.html?_=1621390099581 HTTP/1.1" 200 22
180.169.147.146 - - [19/May/2021:10:08:21 +0800] "GET /xingrg/all/function/internal_message.html?_=1621390099582&CODE_STATE=getMsg HTTP/1.1" 200 27
180.161.124.236 - - [19/May/2021:10:08:24 +0800] "GET /xingrg/check_reg.html?_=1621390062920 HTTP/1.1" 200 22
101.85.52.2 - - [19/May/2021:10:08:26 +0800] "POST /xingrg/kc/buy/cgsh_list_operate.html HTTP/1.1" 200 4
117.185.32.26 - - [19/May/2021:10:08:28 +0800] "GET /xingrg/kc/buy/cgsh_order_operate.html?command=get_materiel&rest_code=00106&code=00101016053&supplier_code=00100032&order_time=2021-05-19 HTTP/1.1" 200 408
101.85.52.2 - - [19/May/2021:10:08:29 +0800] "POST /xingrg/kc/buy/cgsh_list_operate.html HTTP/1.1" 200 876
101.85.52.2 - - [19/May/2021:10:08:31 +0800] "GET /xingrg/kc/buy/cgsh_order_add.html HTTP/1.1" 200 61185
101.85.52.2 - - [19/May/2021:10:08:31 +0800] "POST /xingrg/kc/buy/cgsh_order_operate.html HTTP/1.1" 200 8245
101.85.52.2 - - [19/May/2021:10:08:31 +0800] "GET /xingrg/javascript/easyui/themes/default/validatebox.css HTTP/1.1" 404 1104
222.69.131.59 - - [19/May/2021:10:08:38 +0800] "GET /xingrg/all/function/internal_message.html?_=1621390117042&CODE_STATE=getMsg HTTP/1.1" 200 27
222.69.131.59 - - [19/May/2021:10:08:38 +0800] "GET /xingrg/check_reg.html?_=1621390117047 HTTP/1.1" 200 22
116.230.110.80 - - [19/May/2021:10:08:41 +0800] "GET /xingrg/all/function/internal_message.html?_=1621390119752&CODE_STATE=getMsg HTTP/1.1" 200 27
101.85.94.178 - - [19/May/2021:10:08:43 +0800] "GET /xingrg/all/function/internal_message.html?_=1621389613827&CODE_STATE=getMsg HTTP/1.1" 200 27
117.185.32.26 - - [19/May/2021:10:08:43 +0800] "GET /xingrg/kc/buy/cgsh_order_operate.html?command=get_materiel&rest_code=00106&code=00101001111&supplier_code=00100032&order_time=2021-05-19 HTTP/1.1" 200 409
116.235.222.38 - - [19/May/2021:10:08:44 +0800] "GET /xingrg/all/function/internal_message.html?_=1621390119445&CODE_STATE=getMsg HTTP/1.1" 200 27
180.169.147.146 - - [19/May/2021:10:08:51 +0800] "GET /xingrg/all/function/internal_message.html?_=1621390135491&CODE_STATE=getMsg HTTP/1.1" 200 27
101.85.52.2 - - [19/May/2021:10:08:55 +0800] "GET /xingrg/all/function/internal_message.html?_=1621390129433&CODE_STATE=getMsg HTTP/1.1" 200 27
58.40.7.146 - - [19/May/2021:10:08:56 +0800] "GET /xingrg/all/function/internal_message.html?_=1621390134650&CODE_STATE=getMsg HTTP/1.1" 302 -
117.185.32.26 - - [19/May/2021:10:08:56 +0800] "GET /xingrg/kc/buy/cgsh_order_operate.html?command=get_materiel&rest_code=00106&code=00101013011&supplier_code=00100032&order_time=2021-05-19 HTTP/1.1" 200 432
116.232.48.118 - - [19/May/2021:10:08:58 +0800] "GET /xingrg/all/function/internal_message.html?_=1621390138875&CODE_STATE=getMsg HTTP/1.1" 200 27
61.165.42.208 - - [19/May/2021:10:08:58 +0800] "GET /xingrg/all/function/internal_message.html?_=1621390119589&CODE_STATE=getMsg HTTP/1.1" 200 27
117.185.32.26 - - [19/May/2021:10:08:59 +0800] "POST /xingrg/all/common/load_select.html HTTP/1.1" 200 25
120.253.135.82 - - [19/May/2021:10:08:59 +0800] "GET /xingrg/all/function/internal_message.html?_=1621390192042&CODE_STATE=getMsg HTTP/1.1" 200 27
117.185.32.26 - - [19/May/2021:10:09:02 +0800] "GET /xingrg/kc/buy/cgsh_order_operate.html?command=get_materiel_price&rest_code=00106&code=00101013011&unit_code=00100087&supplier_code=00100032&order_time=2021-05-19 HTTP/1.1" 200 27
117.185.32.26 - - [19/May/2021:10:09:03 +0800] "GET /xingrg/all/function/internal_message.html?_=1621390136758&CODE_STATE=getMsg HTTP/1.1" 200 27
117.184.7.26 - - [19/May/2021:10:09:04 +0800] "GET /xingrg/all/function/internal_message.html?_=1621390139535&CODE_STATE=getMsg HTTP/1.1" 200 27
116.224.253.72 - - [19/May/2021:10:09:08 +0800] "GET /xingrg/all/function/internal_message.html?_=1621390147733&CODE_STATE=getMsg HTTP/1.1" 200 27
180.169.147.146 - - [19/May/2021:10:09:08 +0800] "GET /xingrg/all/function/internal_message.html?_=1621390150067&CODE_STATE=getMsg HTTP/1.1" 200 27
116.235.222.38 - - [19/May/2021:10:09:11 +0800] "GET /xingrg/all/function/internal_message.html?_=1621390146252&CODE_STATE=getMsg HTTP/1.1" 200 27
116.224.253.72 - - [19/May/2021:10:09:11 +0800] "GET /xingrg/all/function/internal_message.html?_=1621390131258&CODE_STATE=getMsg HTTP/1.1" 200 27
183.192.164.214 - - [19/May/2021:10:09:12 +0800] "GET /xingrg/kc/buy/cgsh_order_operate.html?command=get_materiel&rest_code=00106&code=00101012025&supplier_code=00100032&order_time=2021-05-19 HTTP/1.1" 302 -
101.85.52.2 - - [19/May/2021:10:09:13 +0800] "POST /xingrg/kc/buy/cgsh_order_operate.html HTTP/1.1" 200 37
101.85.52.2 - - [19/May/2021:10:09:15 +0800] "POST /xingrg/kc/buy/cgsh_order_operate.html HTTP/1.1" 200 2651
116.230.114.112 - - [19/May/2021:10:09:16 +0800] "GET /xingrg/all/function/internal_message.html?_=1621390164678&CODE_STATE=getMsg HTTP/1.1" 200 27
183.192.164.71 - - [19/May/2021:10:09:17 +0800] "GET /xingrg/kc/buy/cgsh_order_operate.html?command=get_materiel&rest_code=00106&code=00101002022&supplier_code=00100032&order_time=2021-05-19 HTTP/1.1" 302 -
117.185.32.26 - - [19/May/2021:10:09:18 +0800] "POST /xingrg/kc/buy/cgsh_order_operate.html HTTP/1.1" 200 88
101.85.52.2 - - [19/May/2021:10:09:18 +0800] "GET /xingrg/kc/print/load_data.html?order_code=212021051908351&kc_code=cgsh&condition= HTTP/1.1" 200 681
183.192.164.71 - - [19/May/2021:10:09:19 +0800] "GET /xingrg/login.html HTTP/1.1" 200 7641
183.192.164.214 - - [19/May/2021:10:09:20 +0800] "GET /xingrg/login.html HTTP/1.1" 200 7641
180.169.147.146 - - [19/May/2021:10:09:21 +0800] "GET /xingrg/all/function/internal_message.html?_=1621390159586&CODE_STATE=getMsg HTTP/1.1" 200 27
117.185.32.26 - - [19/May/2021:10:09:25 +0800] "POST /xingrg/kc/buy/cgsh_order_operate.html HTTP/1.1" 200 37
117.185.32.26 - - [19/May/2021:10:09:31 +0800] "POST /xingrg/kc/buy/cgsh_order_operate.html HTTP/1.1" 200 12
117.185.32.26 - - [19/May/2021:10:09:33 +0800] "GET /xingrg/kc/buy/cgsh_order_info.html?code=212021051908353 HTTP/1.1" 200 56903
117.185.32.26 - - [19/May/2021:10:09:34 +0800] "GET /xingrg/javascript/easyui/themes/default/validatebox.css HTTP/1.1" 404 1104
117.185.32.26 - - [19/May/2021:10:09:34 +0800] "POST /xingrg/kc/buy/cgsh_order_operate.html HTTP/1.1" 200 4738
116.230.114.112 - - [19/May/2021:10:09:35 +0800] "GET /xingrg/check_reg.html?_=1621390183093 HTTP/1.1" 200 22
101.85.52.2 - - [19/May/2021:10:09:35 +0800] "POST /xingrg/kc/buy/cgsh_order_operate.html HTTP/1.1" 200 37
101.85.52.2 - - [19/May/2021:10:09:36 +0800] "POST /xingrg/kc/buy/cgsh_order_operate.html HTTP/1.1" 200 2651
117.185.32.26 - - [19/May/2021:10:09:38 +0800] "GET /xingrg/kc/print/load_data.html?order_code=212021051908353&kc_code=cgsh&condition= HTTP/1.1" 200 2299
222.69.131.59 - - [19/May/2021:10:09:38 +0800] "GET /xingrg/all/function/internal_message.html?_=1621390177044&CODE_STATE=getMsg HTTP/1.1" 200 27
101.85.52.2 - - [19/May/2021:10:09:38 +0800] "GET /xingrg/kc/buy/cgsh_order_add.html HTTP/1.1" 200 61185
101.85.52.2 - - [19/May/2021:10:09:39 +0800] "POST /xingrg/kc/buy/cgsh_order_operate.html HTTP/1.1" 200 8245
101.85.52.2 - - [19/May/2021:10:09:39 +0800] "GET /xingrg/javascript/easyui/themes/default/validatebox.css HTTP/1.1" 404 1104
116.230.110.80 - - [19/May/2021:10:09:41 +0800] "GET /xingrg/all/function/internal_message.html?_=1621390179762&CODE_STATE=getMsg HTTP/1.1" 200 27
101.85.94.178 - - [19/May/2021:10:09:43 +0800] "GET /xingrg/all/function/internal_message.html?_=1621389673826&CODE_STATE=getMsg HTTP/1.1" 200 27
116.235.222.38 - - [19/May/2021:10:09:44 +0800] "GET /xingrg/all/function/internal_message.html?_=1621390179444&CODE_STATE=getMsg HTTP/1.1" 200 27
117.185.32.26 - - [19/May/2021:10:09:47 +0800] "GET /xingrg/kc/print/load_data.html?order_code=212021051908353&kc_code=cgsh HTTP/1.1" 200 2299
101.85.52.2 - - [19/May/2021:10:09:49 +0800] "GET /xingrg/kc/buy/cgsh_order_operate.html?command=get_materiel&rest_code=00145&code=00101001111&supplier_code=00100185&order_time=2021-05-11 HTTP/1.1" 200 409
180.169.147.146 - - [19/May/2021:10:09:52 +0800] "GET /xingrg/all/function/internal_message.html?_=1621390195504&CODE_STATE=getMsg HTTP/1.1" 200 27
101.85.52.2 - - [19/May/2021:10:09:55 +0800] "GET /xingrg/all/function/internal_message.html?_=1621390189422&CODE_STATE=getMsg HTTP/1.1" 200 27
58.40.7.146 - - [19/May/2021:10:09:56 +0800] "GET /xingrg/all/function/internal_message.html?_=1621390194654&CODE_STATE=getMsg HTTP/1.1" 302 -
116.232.48.118 - - [19/May/2021:10:09:58 +0800] "GET /xingrg/all/function/internal_message.html?_=1621390198875&CODE_STATE=getMsg HTTP/1.1" 200 27
120.253.135.82 - - [19/May/2021:10:09:58 +0800] "GET /xingrg/check_reg.html?_=1621390250417 HTTP/1.1" 200 22
61.165.42.208 - - [19/May/2021:10:09:58 +0800] "GET /xingrg/all/function/internal_message.html?_=1621390179588&CODE_STATE=getMsg HTTP/1.1" 200 27
120.253.135.82 - - [19/May/2021:10:09:59 +0800] "GET /xingrg/all/function/internal_message.html?_=1621390252058&CODE_STATE=getMsg HTTP/1.1" 200 27
101.85.52.2 - - [19/May/2021:10:10:03 +0800] "GET /xingrg/kc/buy/cgsh_order_operate.html?command=get_materiel&rest_code=00145&code=00101010161&supplier_code=00100185&order_time=2021-05-11 HTTP/1.1" 200 409
117.184.7.26 - - [19/May/2021:10:10:04 +0800] "GET /xingrg/all/function/internal_message.html?_=1621390199519&CODE_STATE=getMsg HTTP/1.1" 200 27
117.185.32.26 - - [19/May/2021:10:10:07 +0800] "GET /xingrg/all/function/internal_message.html?_=1621390200739&CODE_STATE=getMsg HTTP/1.1" 200 27
116.224.253.72 - - [19/May/2021:10:10:08 +0800] "GET /xingrg/all/function/internal_message.html?_=1621390207740&CODE_STATE=getMsg HTTP/1.1" 200 27
180.169.147.146 - - [19/May/2021:10:10:08 +0800] "GET /xingrg/all/function/internal_message.html?_=1621390210076&CODE_STATE=getMsg HTTP/1.1" 200 27
116.235.222.38 - - [19/May/2021:10:10:11 +0800] "GET /xingrg/all/function/internal_message.html?_=1621390206262&CODE_STATE=getMsg HTTP/1.1" 200 27
116.224.253.72 - - [19/May/2021:10:10:11 +0800] "GET /xingrg/all/function/internal_message.html?_=1621390191276&CODE_STATE=getMsg HTTP/1.1" 200 27
101.85.52.2 - - [19/May/2021:10:10:14 +0800] "GET /xingrg/kc/buy/cgsh_order_operate.html?command=get_materiel&rest_code=00145&code=00101001053&supplier_code=00100185&order_time=2021-05-11 HTTP/1.1" 200 409
116.230.114.112 - - [19/May/2021:10:10:16 +0800] "GET /xingrg/all/function/internal_message.html?_=1621390224683&CODE_STATE=getMsg HTTP/1.1" 200 27
180.169.147.146 - - [19/May/2021:10:10:21 +0800] "GET /xingrg/all/function/internal_message.html?_=1621390219598&CODE_STATE=getMsg HTTP/1.1" 200 27
101.85.52.2 - - [19/May/2021:10:10:21 +0800] "POST /xingrg/kc/buy/cgsh_order_operate.html HTTP/1.1" 200 37
101.85.52.2 - - [19/May/2021:10:10:23 +0800] "POST /xingrg/kc/buy/cgsh_order_operate.html HTTP/1.1" 200 3830
101.85.52.2 - - [19/May/2021:10:10:24 +0800] "GET /xingrg/kc/print/load_data.html?order_code=212021051908354&kc_code=cgsh&condition= HTTP/1.1" 200 1131
58.221.95.50 - - [19/May/2021:10:10:31 +0800] "GET /xingrg/check_reg.html?_=1621390231613 HTTP/1.1" 302 -
116.235.222.38 - - [19/May/2021:10:10:35 +0800] "GET /xingrg/kc/buy/cgsh_order_operate.html?command=get_materiel&rest_code=00107&code=00101015062&supplier_code=00100006&order_time=2021-05-19 HTTP/1.1" 200 412
120.204.17.68 - - [19/May/2021:10:10:37 +0800] "GET /xingrg/kc/print/load_data.html?order_code=212021051908353&kc_code=cgsh&condition= HTTP/1.1" 302 -
120.204.17.68 - - [19/May/2021:10:10:37 +0800] "GET /xingrg/login.html HTTP/1.1" 200 7641
222.69.131.59 - - [19/May/2021:10:10:38 +0800] "GET /xingrg/all/function/internal_message.html?_=1621390237042&CODE_STATE=getMsg HTTP/1.1" 200 27
101.85.52.2 - - [19/May/2021:10:10:39 +0800] "POST /xingrg/kc/buy/cgsh_list_operate.html HTTP/1.1" 200 2049
116.230.110.80 - - [19/May/2021:10:10:41 +0800] "GET /xingrg/all/function/internal_message.html?_=1621390239767&CODE_STATE=getMsg HTTP/1.1" 200 27
101.85.94.178 - - [19/May/2021:10:10:43 +0800] "GET /xingrg/all/function/internal_message.html?_=1621389733825&CODE_STATE=getMsg HTTP/1.1" 200 27
116.235.222.38 - - [19/May/2021:10:10:44 +0800] "GET /xingrg/all/function/internal_message.html?_=1621390239448&CODE_STATE=getMsg HTTP/1.1" 200 27
116.235.222.38 - - [19/May/2021:10:10:44 +0800] "GET /xingrg/check_reg.html?_=1621390239471 HTTP/1.1" 200 22
120.204.17.72 - - [19/May/2021:10:10:47 +0800] "GET /xingrg/kc/print/load_data.html?order_code=212021051908353&kc_code=cgsh HTTP/1.1" 302 -
120.204.17.72 - - [19/May/2021:10:10:47 +0800] "GET /xingrg/login.html HTTP/1.1" 200 7641
116.235.222.38 - - [19/May/2021:10:10:48 +0800] "GET /xingrg/kc/buy/cgsh_order_operate.html?command=get_materiel&rest_code=00107&code=00101009066&supplier_code=00100006&order_time=2021-05-19 HTTP/1.1" 200 416
180.169.147.146 - - [19/May/2021:10:10:52 +0800] "GET /xingrg/check_reg.html?_=1621390255505 HTTP/1.1" 200 22
180.169.147.146 - - [19/May/2021:10:10:52 +0800] "GET /xingrg/all/function/internal_message.html?_=1621390255507&CODE_STATE=getMsg HTTP/1.1" 200 27
101.85.52.2 - - [19/May/2021:10:10:55 +0800] "GET /xingrg/all/function/internal_message.html?_=1621390249401&CODE_STATE=getMsg HTTP/1.1" 200 27
58.40.7.146 - - [19/May/2021:10:10:56 +0800] "GET /xingrg/all/function/internal_message.html?_=1621390254658&CODE_STATE=getMsg HTTP/1.1" 302 -
58.40.7.146 - - [19/May/2021:10:10:56 +0800] "GET /xingrg/check_reg.html?_=1621390254660 HTTP/1.1" 302 -
116.232.48.118 - - [19/May/2021:10:10:58 +0800] "GET /xingrg/all/function/internal_message.html?_=1621390258876&CODE_STATE=getMsg HTTP/1.1" 200 27
61.165.42.208 - - [19/May/2021:10:10:58 +0800] "GET /xingrg/all/function/internal_message.html?_=1621390239587&CODE_STATE=getMsg HTTP/1.1" 200 27
101.85.52.2 - - [19/May/2021:10:10:58 +0800] "GET /xingrg/kc/buy/cgsh_order_add.html HTTP/1.1" 200 61185
101.85.52.2 - - [19/May/2021:10:10:58 +0800] "POST /xingrg/kc/buy/cgsh_order_operate.html HTTP/1.1" 200 8245
101.85.52.2 - - [19/May/2021:10:10:58 +0800] "GET /xingrg/javascript/easyui/themes/default/validatebox.css HTTP/1.1" 404 1104
120.253.135.82 - - [19/May/2021:10:10:59 +0800] "GET /xingrg/all/function/internal_message.html?_=1621390312071&CODE_STATE=getMsg HTTP/1.1" 200 27
117.184.7.26 - - [19/May/2021:10:11:03 +0800] "GET /favicon.ico HTTP/1.1" 404 -
117.184.7.26 - - [19/May/2021:10:11:04 +0800] "GET /xingrg/all/function/internal_message.html?_=1621390259506&CODE_STATE=getMsg HTTP/1.1" 200 27
117.185.32.26 - - [19/May/2021:10:11:07 +0800] "GET /xingrg/all/function/internal_message.html?_=1621390260709&CODE_STATE=getMsg HTTP/1.1" 200 27
116.224.253.72 - - [19/May/2021:10:11:08 +0800] "GET /xingrg/all/function/internal_message.html?_=1621390267738&CODE_STATE=getMsg HTTP/1.1" 200 27
180.169.147.146 - - [19/May/2021:10:11:08 +0800] "GET /xingrg/all/function/internal_message.html?_=1621390270077&CODE_STATE=getMsg HTTP/1.1" 200 27
183.192.164.71 - - [19/May/2021:10:11:09 +0800] "GET /xingrg/all/function/internal_message.html?_=1621390200739&CODE_STATE=getMsg HTTP/1.1" 302 -
116.235.222.38 - - [19/May/2021:10:11:10 +0800] "GET /xingrg/kc/buy/cgsh_order_operate.html?command=get_materiel&rest_code=00107&code=00101008092&supplier_code=00100006&order_time=2021-05-19 HTTP/1.1" 200 412
116.230.117.165 - - [19/May/2021:10:11:10 +0800] "POST /xingrg/services/DataTransmitService HTTP/1.1" 401 565
116.230.117.165 - - [19/May/2021:10:11:10 +0800] "POST /xingrg/services/DataTransmitService HTTP/1.1" 200 478
116.230.117.165 - - [19/May/2021:10:11:11 +0800] "POST /xingrg/services/DataTransmitService HTTP/1.1" 200 1320
116.230.117.165 - - [19/May/2021:10:11:11 +0800] "POST /xingrg/services/DataTransmitService HTTP/1.1" 200 478
116.230.117.165 - - [19/May/2021:10:11:11 +0800] "POST /xingrg/services/DataTransmitService HTTP/1.1" 200 1320
116.230.117.165 - - [19/May/2021:10:11:11 +0800] "POST /xingrg/services/DataTransmitService HTTP/1.1" 200 524
116.235.222.38 - - [19/May/2021:10:11:11 +0800] "GET /xingrg/all/function/internal_message.html?_=1621390266279&CODE_STATE=getMsg HTTP/1.1" 200 27
116.224.253.72 - - [19/May/2021:10:11:11 +0800] "GET /xingrg/all/function/internal_message.html?_=1621390251285&CODE_STATE=getMsg HTTP/1.1" 200 27
116.230.117.165 - - [19/May/2021:10:11:11 +0800] "POST /xingrg/services/DataTransmitService HTTP/1.1" 200 2171
116.230.117.165 - - [19/May/2021:10:11:11 +0800] "POST /xingrg/services/DataTransmitService HTTP/1.1" 200 45454
116.230.117.165 - - [19/May/2021:10:11:11 +0800] "POST /xingrg/services/DataTransmitService HTTP/1.1" 200 19237
183.192.164.71 - - [19/May/2021:10:11:13 +0800] "GET /xingrg/login.html HTTP/1.1" 200 7641
116.235.222.38 - - [19/May/2021:10:11:13 +0800] "POST /xingrg/kc/buy/cgsh_order_operate.html HTTP/1.1" 200 2065
116.230.114.112 - - [19/May/2021:10:11:16 +0800] "GET /xingrg/all/function/internal_message.html?_=1621390284694&CODE_STATE=getMsg HTTP/1.1" 200 27
116.224.253.72 - - [19/May/2021:10:11:18 +0800] "POST /xingrg/kc/buy/cgsh_order_operate.html HTTP/1.1" 200 37
180.169.147.146 - - [19/May/2021:10:11:21 +0800] "GET /xingrg/all/function/internal_message.html?_=1621390279590&CODE_STATE=getMsg HTTP/1.1" 200 27
116.235.222.38 - - [19/May/2021:10:11:21 +0800] "GET /xingrg/kc/buy/cgsh_order_operate.html?command=get_materiel&rest_code=00107&code=00101015038&supplier_code=00100006&order_time=2021-05-19 HTTP/1.1" 200 419
101.85.52.2 - - [19/May/2021:10:11:24 +0800] "GET /xingrg/kc/buy/cgsh_order_operate.html?command=get_materiel&rest_code=00145&code=00101008024&supplier_code=00100007&order_time=2021-05-11 HTTP/1.1" 200 408
116.224.253.72 - - [19/May/2021:10:11:24 +0800] "POST /xingrg/kc/buy/cgsh_order_operate.html HTTP/1.1" 200 12
116.224.253.72 - - [19/May/2021:10:11:26 +0800] "GET /xingrg/kc/buy/cgsh_order_info.html?code=212021051908331 HTTP/1.1" 200 56547
116.224.253.72 - - [19/May/2021:10:11:26 +0800] "GET /xingrg/words/20210518171239_words.js HTTP/1.1" 304 -
116.224.253.72 - - [19/May/2021:10:11:26 +0800] "GET /xingrg/javascript/easyui/themes/default/validatebox.css HTTP/1.1" 404 1104
116.224.253.72 - - [19/May/2021:10:11:27 +0800] "POST /xingrg/kc/buy/cgsh_order_operate.html HTTP/1.1" 200 6012
116.224.253.72 - - [19/May/2021:10:11:28 +0800] "GET /xingrg/kc/print/load_data.html?order_code=212021051908331&kc_code=cgsh&condition= HTTP/1.1" 200 2832
101.85.52.2 - - [19/May/2021:10:11:33 +0800] "GET /xingrg/kc/buy/cgsh_order_operate.html?command=get_materiel&rest_code=00145&code=00101008355&supplier_code=00100007&order_time=2021-05-11 HTTP/1.1" 200 408
116.235.222.38 - - [19/May/2021:10:11:35 +0800] "GET /xingrg/kc/buy/cgsh_order_operate.html?command=get_materiel&rest_code=00107&code=00101008284&supplier_code=00100006&order_time=2021-05-19 HTTP/1.1" 200 413
222.69.131.59 - - [19/May/2021:10:11:38 +0800] "GET /xingrg/all/function/internal_message.html?_=1621390297041&CODE_STATE=getMsg HTTP/1.1" 200 27
101.85.52.2 - - [19/May/2021:10:11:40 +0800] "GET /xingrg/kc/buy/cgsh_order_operate.html?command=get_materiel&rest_code=00145&code=00101008356&supplier_code=00100007&order_time=2021-05-11 HTTP/1.1" 200 408
116.230.110.80 - - [19/May/2021:10:11:41 +0800] "GET /xingrg/all/function/internal_message.html?_=1621390299768&CODE_STATE=getMsg HTTP/1.1" 200 27
116.224.253.72 - - [19/May/2021:10:11:42 +0800] "POST /xingrg/all/user/operate.html HTTP/1.1" 200 36
101.85.94.178 - - [19/May/2021:10:11:43 +0800] "GET /xingrg/check_reg.html?_=1621389793829 HTTP/1.1" 200 22
101.85.94.178 - - [19/May/2021:10:11:43 +0800] "GET /xingrg/all/function/internal_message.html?_=1621389793831&CODE_STATE=getMsg HTTP/1.1" 200 27
116.224.253.72 - - [19/May/2021:10:11:43 +0800] "GET /xingrg/index.html?sysBaseUrl=http%3A%2F%2F180.169.147.146%3A18081%2Fxingrg%2F&costTime=1731×tamp=1621387756231 HTTP/1.1" 200 17179
116.224.253.72 - - [19/May/2021:10:11:43 +0800] "GET /xingrg/javascript/jquery_easy_ui/themes/default/easyui.css HTTP/1.1" 304 -
116.224.253.72 - - [19/May/2021:10:11:43 +0800] "GET /xingrg/javascript/jquery_easy_ui/themes/icon.css HTTP/1.1" 304 -
116.224.253.72 - - [19/May/2021:10:11:43 +0800] "GET /xingrg/css/form.css HTTP/1.1" 304 -
116.224.253.72 - - [19/May/2021:10:11:43 +0800] "GET /xingrg/javascript/jquery-1.4.2.min.js HTTP/1.1" 304 -
116.224.253.72 - - [19/May/2021:10:11:43 +0800] "GET /xingrg/javascript/jquery_easy_ui/jquery.easyui.min.js HTTP/1.1" 304 -
116.224.253.72 - - [19/May/2021:10:11:43 +0800] "GET /xingrg/javascript/jquery_easy_ui/easyui-lang-zh_CN.js HTTP/1.1" 304 -
116.224.253.72 - - [19/May/2021:10:11:43 +0800] "GET /xingrg/javascript/jquery.form.js HTTP/1.1" 304 -
116.224.253.72 - - [19/May/2021:10:11:43 +0800] "GET /xingrg/javascript/jquery.utils.js HTTP/1.1" 304 -
116.224.253.72 - - [19/May/2021:10:11:43 +0800] "GET /xingrg/javascript/jquery.timers.js HTTP/1.1" 304 -
116.224.253.72 - - [19/May/2021:10:11:43 +0800] "GET /xingrg/images/blue/jxLogo.png HTTP/1.1" 304 -
116.224.253.72 - - [19/May/2021:10:11:43 +0800] "GET /xingrg/javascript/jquery_easy_ui/themes/icons/settle_new.png HTTP/1.1" 304 -
116.224.253.72 - - [19/May/2021:10:11:43 +0800] "GET /xingrg/images/blue/navBackgound.jpg HTTP/1.1" 304 -
116.224.253.72 - - [19/May/2021:10:11:43 +0800] "GET /xingrg/all/function/internal_message.html?_=1621390302590&CODE_STATE=count HTTP/1.1" 200 11
116.224.253.72 - - [19/May/2021:10:11:43 +0800] "GET /xingrg/check_reg.html?_=1621390302591 HTTP/1.1" 200 22
116.224.253.72 - - [19/May/2021:10:11:43 +0800] "GET /xingrg/images/blue/pingpu.png HTTP/1.1" 304 -
116.224.253.72 - - [19/May/2021:10:11:43 +0800] "GET /xingrg/javascript/jquery_easy_ui/themes/default/images/tabs_rightarrow.png HTTP/1.1" 304 -
116.224.253.72 - - [19/May/2021:10:11:43 +0800] "GET /xingrg/javascript/jquery_easy_ui/themes/default/images/tabs_leftarrow.png HTTP/1.1" 304 -
116.224.253.72 - - [19/May/2021:10:11:43 +0800] "GET /xingrg/javascript/jquery_easy_ui/themes/default/images/panel_tool_collapse.gif HTTP/1.1" 304 -
116.224.253.72 - - [19/May/2021:10:11:43 +0800] "POST /xingrg/all/common/load_tree.html?tree=area_rest_tree_json&manage=1 HTTP/1.1" 200 476
116.224.253.72 - - [19/May/2021:10:11:43 +0800] "POST /xingrg/load_menu.html HTTP/1.1" 200 5138
116.235.222.38 - - [19/May/2021:10:11:44 +0800] "GET /xingrg/all/function/internal_message.html?_=1621390299456&CODE_STATE=getMsg HTTP/1.1" 200 27
116.224.253.72 - - [19/May/2021:10:11:45 +0800] "GET /xingrg/kc/buy/cgsh_order_list.html HTTP/1.1" 200 46259
116.224.253.72 - - [19/May/2021:10:11:49 +0800] "POST /xingrg/kc/buy/cgsh_list_operate.html HTTP/1.1" 200 2070
116.224.253.72 - - [19/May/2021:10:11:50 +0800] "POST /xingrg/kc/buy/cgsh_list_operate.html HTTP/1.1" 200 579
180.169.147.146 - - [19/May/2021:10:11:52 +0800] "GET /xingrg/all/function/internal_message.html?_=1621390315512&CODE_STATE=getMsg HTTP/1.1" 200 27
116.224.253.72 - - [19/May/2021:10:11:52 +0800] "GET /xingrg/kc/buy/cgsh_order_info.html?code=212021051908333 HTTP/1.1" 200 61924
116.224.253.72 - - [19/May/2021:10:11:53 +0800] "GET /xingrg/javascript/easyui/themes/default/validatebox.css HTTP/1.1" 404 1104
116.224.253.72 - - [19/May/2021:10:11:53 +0800] "POST /xingrg/kc/buy/cgsh_order_operate.html HTTP/1.1" 200 5622
101.85.52.2 - - [19/May/2021:10:11:54 +0800] "GET /xingrg/all/function/internal_message.html?_=1621390309396&CODE_STATE=getMsg HTTP/1.1" 200 27
101.85.52.2 - - [19/May/2021:10:11:55 +0800] "GET /xingrg/check_reg.html?_=1621390309542 HTTP/1.1" 200 22
58.40.7.146 - - [19/May/2021:10:11:56 +0800] "GET /xingrg/all/function/internal_message.html?_=1621390314647&CODE_STATE=getMsg HTTP/1.1" 302 -
116.224.253.72 - - [19/May/2021:10:11:57 +0800] "POST /xingrg/kc/buy/cgsh_order_operate.html HTTP/1.1" 200 37
