120.253.135.82 - - [19/May/2021:08:57:31 +0800] "GET /xingrg/javascript/easyui/plugins/jquery.numberbox.js HTTP/1.1" 200 5213
120.253.135.82 - - [19/May/2021:08:57:31 +0800] "GET /xingrg/all/common/auto_word.html?type=base&rest_code=00101 HTTP/1.1" 200 613
180.161.124.236 - - [19/May/2021:08:57:31 +0800] "GET /xingrg/all/function/internal_message.html?_=1621385810376&CODE_STATE=getMsg HTTP/1.1" 200 27
120.253.135.82 - - [19/May/2021:08:57:31 +0800] "POST /xingrg/kc/pszx/mdps_order_operate.html HTTP/1.1" 200 8888
120.253.135.82 - - [19/May/2021:08:57:32 +0800] "GET /xingrg/javascript/easyui/themes/icons/edit_remove.png HTTP/1.1" 200 625
222.69.131.59 - - [19/May/2021:08:57:38 +0800] "GET /xingrg/all/function/internal_message.html?_=1621385856797&CODE_STATE=getMsg HTTP/1.1" 200 27
120.253.135.82 - - [19/May/2021:08:57:41 +0800] "GET /xingrg/kc/print/load_config.html?kc_code=mdps HTTP/1.1" 200 2396
120.253.135.82 - - [19/May/2021:08:57:41 +0800] "GET /xingrg/kc/print/load_data.html?order_code=312021051900508&kc_code=mdps&condition= HTTP/1.1" 200 3784
180.169.147.146 - - [19/May/2021:08:57:43 +0800] "GET /xingrg/all/function/internal_message.html?_=1621385867006&CODE_STATE=getMsg HTTP/1.1" 302 -
116.235.222.38 - - [19/May/2021:08:57:44 +0800] "GET /xingrg/all/function/internal_message.html?_=1621385859415&CODE_STATE=getMsg HTTP/1.1" 200 27
61.165.42.208 - - [19/May/2021:08:57:47 +0800] "GET /xingrg/all/function/internal_message.html?_=1621385849389&CODE_STATE=getMsg HTTP/1.1" 200 27
120.253.135.82 - - [19/May/2021:08:57:54 +0800] "GET /xingrg/all/function/internal_message.html?_=1621385655521&CODE_STATE=getMsg HTTP/1.1" 200 27
116.230.110.80 - - [19/May/2021:08:57:55 +0800] "GET /xingrg/kc/buy/cgsh_order_add.html HTTP/1.1" 200 61959
58.40.7.146 - - [19/May/2021:08:57:56 +0800] "GET /xingrg/all/function/internal_message.html?_=1621385874584&CODE_STATE=getMsg HTTP/1.1" 302 -
116.230.110.80 - - [19/May/2021:08:57:56 +0800] "POST /xingrg/kc/buy/cgsh_order_operate.html HTTP/1.1" 200 8245
116.230.110.80 - - [19/May/2021:08:57:56 +0800] "GET /xingrg/javascript/easyui/themes/default/validatebox.css HTTP/1.1" 404 1104
120.253.135.82 - - [19/May/2021:08:57:57 +0800] "GET /xingrg/all/function/internal_message.html?_=1621385930080&CODE_STATE=getMsg HTTP/1.1" 200 27
116.224.253.72 - - [19/May/2021:08:58:02 +0800] "GET /xingrg/all/function/internal_message.html?_=1621385862822&CODE_STATE=getMsg HTTP/1.1" 302 -
117.184.7.26 - - [19/May/2021:08:58:05 +0800] "GET /xingrg/all/function/internal_message.html?_=1621385880802&CODE_STATE=getMsg HTTP/1.1" 200 27
116.230.114.112 - - [19/May/2021:08:58:07 +0800] "GET /xingrg/all/function/internal_message.html?_=1621385895559&CODE_STATE=getMsg HTTP/1.1" 200 27
116.230.110.80 - - [19/May/2021:08:58:08 +0800] "GET /xingrg/kc/buy/cgsh_order_operate.html?command=get_materiel&rest_code=00155&code=00101011010&supplier_code=00100037&order_time=2021-05-19 HTTP/1.1" 200 418
180.169.147.146 - - [19/May/2021:08:58:08 +0800] "GET /xingrg/all/function/internal_message.html?_=1621385889805&CODE_STATE=getMsg HTTP/1.1" 200 27
116.224.253.72 - - [19/May/2021:08:58:09 +0800] "GET /xingrg/all/function/internal_message.html?_=1621385888785&CODE_STATE=getMsg HTTP/1.1" 200 27
116.224.253.72 - - [19/May/2021:08:58:09 +0800] "GET /xingrg/check_reg.html?_=1621385888932 HTTP/1.1" 200 22
116.230.110.80 - - [19/May/2021:08:58:14 +0800] "GET /xingrg/kc/buy/cgsh_order_operate.html?command=get_materiel&rest_code=00155&code=00101012005&supplier_code=00100037&order_time=2021-05-19 HTTP/1.1" 200 413
116.230.117.165 - - [19/May/2021:08:58:15 +0800] "GET /favicon.ico HTTP/1.1" 404 -
117.184.7.26 - - [19/May/2021:08:58:16 +0800] "GET /xingrg/check_reg.html?_=1621385891392 HTTP/1.1" 200 22
116.230.110.80 - - [19/May/2021:08:58:18 +0800] "GET /xingrg/check_reg.html?_=1621385894847 HTTP/1.1" 200 22
116.230.110.80 - - [19/May/2021:08:58:22 +0800] "GET /xingrg/kc/buy/cgsh_order_operate.html?command=get_materiel&rest_code=00155&code=00101008579&supplier_code=00100037&order_time=2021-05-19 HTTP/1.1" 200 394
116.230.110.80 - - [19/May/2021:08:58:24 +0800] "GET /xingrg/all/function/internal_message.html?_=1621385901676&CODE_STATE=getMsg HTTP/1.1" 200 27
116.230.110.80 - - [19/May/2021:08:58:29 +0800] "GET /xingrg/kc/buy/cgsh_order_operate.html?command=get_materiel&rest_code=00155&code=00101015110&supplier_code=00100037&order_time=2021-05-19 HTTP/1.1" 200 398
180.161.124.236 - - [19/May/2021:08:58:31 +0800] "GET /xingrg/all/function/internal_message.html?_=1621385870389&CODE_STATE=getMsg HTTP/1.1" 200 27
116.230.110.80 - - [19/May/2021:08:58:35 +0800] "GET /xingrg/kc/buy/cgsh_order_operate.html?command=get_materiel&rest_code=00155&code=00101015109&supplier_code=00100037&order_time=2021-05-19 HTTP/1.1" 200 395
222.69.131.59 - - [19/May/2021:08:58:38 +0800] "GET /xingrg/all/function/internal_message.html?_=1621385916802&CODE_STATE=getMsg HTTP/1.1" 200 27
222.69.131.59 - - [19/May/2021:08:58:38 +0800] "GET /xingrg/check_reg.html?_=1621385916807 HTTP/1.1" 200 22
116.230.110.80 - - [19/May/2021:08:58:41 +0800] "GET /xingrg/kc/buy/cgsh_order_operate.html?command=get_materiel&rest_code=00155&code=00101008509&supplier_code=00100037&order_time=2021-05-19 HTTP/1.1" 200 395
180.169.147.146 - - [19/May/2021:08:58:43 +0800] "GET /xingrg/all/function/internal_message.html?_=1621385927005&CODE_STATE=getMsg HTTP/1.1" 302 -
116.235.222.38 - - [19/May/2021:08:58:44 +0800] "GET /xingrg/all/function/internal_message.html?_=1621385919413&CODE_STATE=getMsg HTTP/1.1" 200 27
61.165.42.208 - - [19/May/2021:08:58:47 +0800] "GET /xingrg/all/function/internal_message.html?_=1621385909396&CODE_STATE=getMsg HTTP/1.1" 200 27
116.230.110.80 - - [19/May/2021:08:58:48 +0800] "GET /xingrg/kc/buy/cgsh_order_operate.html?command=get_materiel&rest_code=00155&code=00101015038&supplier_code=00100037&order_time=2021-05-19 HTTP/1.1" 200 418
120.253.135.82 - - [19/May/2021:08:58:54 +0800] "GET /xingrg/all/function/internal_message.html?_=1621385715525&CODE_STATE=getMsg HTTP/1.1" 200 27
116.230.110.80 - - [19/May/2021:08:58:55 +0800] "GET /xingrg/kc/buy/cgsh_order_operate.html?command=get_materiel&rest_code=00155&code=00101016025&supplier_code=00100037&order_time=2021-05-19 HTTP/1.1" 200 408
222.69.131.59 - - [19/May/2021:08:58:55 +0800] "GET /xingrg/kc/buy/cgsh_order_operate.html?command=get_materiel&rest_code=00149&code=00101008132&supplier_code=00100005&order_time=2021-05-19 HTTP/1.1" 200 408
58.40.7.146 - - [19/May/2021:08:58:56 +0800] "GET /xingrg/all/function/internal_message.html?_=1621385934587&CODE_STATE=getMsg HTTP/1.1" 302 -
120.253.135.82 - - [19/May/2021:08:58:57 +0800] "GET /xingrg/all/function/internal_message.html?_=1621385990094&CODE_STATE=getMsg HTTP/1.1" 200 27
116.230.110.80 - - [19/May/2021:08:59:00 +0800] "GET /xingrg/kc/buy/cgsh_order_operate.html?command=get_materiel&rest_code=00155&code=00101012003&supplier_code=00100037&order_time=2021-05-19 HTTP/1.1" 200 413
116.224.253.72 - - [19/May/2021:08:59:02 +0800] "GET /xingrg/all/function/internal_message.html?_=1621385922836&CODE_STATE=getMsg HTTP/1.1" 302 -
117.184.7.26 - - [19/May/2021:08:59:05 +0800] "GET /xingrg/all/function/internal_message.html?_=1621385940772&CODE_STATE=getMsg HTTP/1.1" 200 27
116.230.110.80 - - [19/May/2021:08:59:06 +0800] "GET /xingrg/kc/buy/cgsh_order_operate.html?command=get_materiel&rest_code=00155&code=00101007109&supplier_code=00100037&order_time=2021-05-19 HTTP/1.1" 200 408
116.230.114.112 - - [19/May/2021:08:59:07 +0800] "GET /xingrg/all/function/internal_message.html?_=1621385955667&CODE_STATE=getMsg HTTP/1.1" 200 27
180.169.147.146 - - [19/May/2021:08:59:08 +0800] "GET /xingrg/all/function/internal_message.html?_=1621385949805&CODE_STATE=getMsg HTTP/1.1" 200 27
116.224.253.72 - - [19/May/2021:08:59:09 +0800] "GET /xingrg/all/function/internal_message.html?_=1621385948793&CODE_STATE=getMsg HTTP/1.1" 200 27
222.69.131.59 - - [19/May/2021:08:59:11 +0800] "GET /xingrg/kc/buy/cgsh_order_operate.html?command=get_materiel&rest_code=00149&code=00101008234&supplier_code=00100005&order_time=2021-05-19 HTTP/1.1" 200 408
116.230.110.80 - - [19/May/2021:08:59:13 +0800] "GET /xingrg/kc/buy/cgsh_order_operate.html?command=get_materiel&rest_code=00155&code=00101009059&supplier_code=00100037&order_time=2021-05-19 HTTP/1.1" 200 409
116.230.110.80 - - [19/May/2021:08:59:23 +0800] "GET /xingrg/kc/buy/cgsh_order_operate.html?command=get_materiel&rest_code=00155&code=00101009057&supplier_code=00100037&order_time=2021-05-19 HTTP/1.1" 200 408
116.230.110.80 - - [19/May/2021:08:59:24 +0800] "GET /xingrg/all/function/internal_message.html?_=1621385961656&CODE_STATE=getMsg HTTP/1.1" 200 27
222.69.131.59 - - [19/May/2021:08:59:28 +0800] "GET /xingrg/kc/buy/cgsh_order_operate.html?command=get_materiel&rest_code=00149&code=00101008155&supplier_code=00100005&order_time=2021-05-19 HTTP/1.1" 200 408
180.161.124.236 - - [19/May/2021:08:59:31 +0800] "GET /xingrg/all/function/internal_message.html?_=1621385930406&CODE_STATE=getMsg HTTP/1.1" 200 27
116.230.114.112 - - [19/May/2021:08:59:34 +0800] "GET /xingrg/check_reg.html?_=1621385982781 HTTP/1.1" 200 22
222.69.131.59 - - [19/May/2021:08:59:38 +0800] "GET /xingrg/kc/buy/cgsh_order_operate.html?command=get_materiel&rest_code=00149&code=00101008331&supplier_code=00100005&order_time=2021-05-19 HTTP/1.1" 200 416
222.69.131.59 - - [19/May/2021:08:59:38 +0800] "GET /xingrg/all/function/internal_message.html?_=1621385976801&CODE_STATE=getMsg HTTP/1.1" 200 27
180.169.147.146 - - [19/May/2021:08:59:43 +0800] "GET /xingrg/all/function/internal_message.html?_=1621385987004&CODE_STATE=getMsg HTTP/1.1" 302 -
116.235.222.38 - - [19/May/2021:08:59:44 +0800] "GET /xingrg/all/function/internal_message.html?_=1621385979386&CODE_STATE=getMsg HTTP/1.1" 200 27
61.165.42.208 - - [19/May/2021:08:59:47 +0800] "GET /xingrg/all/function/internal_message.html?_=1621385969397&CODE_STATE=getMsg HTTP/1.1" 200 27
120.253.135.82 - - [19/May/2021:08:59:54 +0800] "GET /xingrg/all/function/internal_message.html?_=1621385775554&CODE_STATE=getMsg HTTP/1.1" 200 27
58.40.7.146 - - [19/May/2021:08:59:56 +0800] "GET /xingrg/all/function/internal_message.html?_=1621385994588&CODE_STATE=getMsg HTTP/1.1" 302 -
120.253.135.82 - - [19/May/2021:08:59:57 +0800] "GET /xingrg/check_reg.html?_=1621386049607 HTTP/1.1" 200 22
120.253.135.82 - - [19/May/2021:08:59:57 +0800] "GET /xingrg/all/function/internal_message.html?_=1621386050169&CODE_STATE=getMsg HTTP/1.1" 200 27
116.224.253.72 - - [19/May/2021:09:00:03 +0800] "GET /xingrg/all/function/internal_message.html?_=1621385982982&CODE_STATE=getMsg HTTP/1.1" 302 -
117.184.7.26 - - [19/May/2021:09:00:05 +0800] "GET /xingrg/all/function/internal_message.html?_=1621386000744&CODE_STATE=getMsg HTTP/1.1" 200 27
116.230.114.112 - - [19/May/2021:09:00:07 +0800] "GET /xingrg/all/function/internal_message.html?_=1621386015680&CODE_STATE=getMsg HTTP/1.1" 200 27
180.169.147.146 - - [19/May/2021:09:00:08 +0800] "GET /xingrg/all/function/internal_message.html?_=1621386009818&CODE_STATE=getMsg HTTP/1.1" 200 27
116.224.253.72 - - [19/May/2021:09:00:09 +0800] "GET /xingrg/all/function/internal_message.html?_=1621386008797&CODE_STATE=getMsg HTTP/1.1" 200 27
222.69.131.59 - - [19/May/2021:09:00:17 +0800] "GET /xingrg/kc/buy/cgsh_order_operate.html?command=get_materiel&rest_code=00149&code=00101008350&supplier_code=00100005&order_time=2021-05-19 HTTP/1.1" 200 408
116.230.110.80 - - [19/May/2021:09:00:24 +0800] "GET /xingrg/all/function/internal_message.html?_=1621386021659&CODE_STATE=getMsg HTTP/1.1" 200 27
116.230.110.80 - - [19/May/2021:09:00:25 +0800] "POST /xingrg/kc/buy/cgsh_order_operate.html HTTP/1.1" 200 37
116.230.110.80 - - [19/May/2021:09:00:27 +0800] "POST /xingrg/kc/buy/cgsh_order_operate.html HTTP/1.1" 200 9166
58.221.95.50 - - [19/May/2021:09:00:31 +0800] "GET /xingrg/check_reg.html?_=1621386031635 HTTP/1.1" 302 -
180.161.124.236 - - [19/May/2021:09:00:31 +0800] "GET /xingrg/all/function/internal_message.html?_=1621385990418&CODE_STATE=getMsg HTTP/1.1" 200 27
116.224.253.72 - - [19/May/2021:09:00:37 +0800] "GET /xingrg/check_reg.html?_=1621386017028 HTTP/1.1" 302 -
222.69.131.59 - - [19/May/2021:09:00:38 +0800] "GET /xingrg/all/function/internal_message.html?_=1621386036808&CODE_STATE=getMsg HTTP/1.1" 200 27
180.169.147.146 - - [19/May/2021:09:00:43 +0800] "GET /xingrg/all/function/internal_message.html?_=1621386047002&CODE_STATE=getMsg HTTP/1.1" 302 -
116.235.222.38 - - [19/May/2021:09:00:44 +0800] "GET /xingrg/all/function/internal_message.html?_=1621386039385&CODE_STATE=getMsg HTTP/1.1" 200 27
116.235.222.38 - - [19/May/2021:09:00:44 +0800] "GET /xingrg/check_reg.html?_=1621386039394 HTTP/1.1" 200 22
61.165.42.208 - - [19/May/2021:09:00:47 +0800] "GET /xingrg/all/function/internal_message.html?_=1621386029400&CODE_STATE=getMsg HTTP/1.1" 200 27
61.165.42.208 - - [19/May/2021:09:00:47 +0800] "GET /xingrg/check_reg.html?_=1621386029398 HTTP/1.1" 200 22
120.253.135.82 - - [19/May/2021:09:00:55 +0800] "GET /xingrg/all/function/internal_message.html?_=1621385835568&CODE_STATE=getMsg HTTP/1.1" 200 27
116.235.222.38 - - [19/May/2021:09:00:55 +0800] "GET /xingrg/login.html HTTP/1.1" 200 7641
58.40.7.146 - - [19/May/2021:09:00:56 +0800] "GET /xingrg/all/function/internal_message.html?_=1621386054591&CODE_STATE=getMsg HTTP/1.1" 302 -
58.40.7.146 - - [19/May/2021:09:00:56 +0800] "GET /xingrg/check_reg.html?_=1621386054593 HTTP/1.1" 302 -
116.235.222.38 - - [19/May/2021:09:00:56 +0800] "GET /favicon.ico HTTP/1.1" 404 -
120.253.135.82 - - [19/May/2021:09:00:57 +0800] "GET /xingrg/all/function/internal_message.html?_=1621386110245&CODE_STATE=getMsg HTTP/1.1" 200 27
116.235.222.38 - - [19/May/2021:09:01:01 +0800] "POST /xingrg/login.do HTTP/1.1" 302 -
116.235.222.38 - - [19/May/2021:09:01:01 +0800] "GET /xingrg/index.html?sysBaseUrl=http%3A%2F%2F180.169.147.146%3A18081%2Fxingrg%2F&costTime=1128×tamp=1621386061438 HTTP/1.1" 200 17179
116.235.222.38 - - [19/May/2021:09:01:02 +0800] "GET /favicon.ico HTTP/1.1" 404 -
116.235.222.38 - - [19/May/2021:09:01:02 +0800] "GET /xingrg/check_reg.html?_=1621386057484 HTTP/1.1" 200 22
116.235.222.38 - - [19/May/2021:09:01:02 +0800] "GET /xingrg/all/function/internal_message.html?_=1621386057478&CODE_STATE=count HTTP/1.1" 200 11
116.235.222.38 - - [19/May/2021:09:01:02 +0800] "POST /xingrg/all/common/load_tree.html?tree=area_rest_tree_json&manage=1 HTTP/1.1" 200 476
116.235.222.38 - - [19/May/2021:09:01:02 +0800] "POST /xingrg/load_menu.html HTTP/1.1" 200 5138
116.224.253.72 - - [19/May/2021:09:01:03 +0800] "GET /xingrg/all/function/internal_message.html?_=1621386042988&CODE_STATE=getMsg HTTP/1.1" 302 -
117.184.7.26 - - [19/May/2021:09:01:05 +0800] "GET /xingrg/all/function/internal_message.html?_=1621386060730&CODE_STATE=getMsg HTTP/1.1" 200 27
116.235.222.38 - - [19/May/2021:09:01:06 +0800] "GET /xingrg/kc/buy/buy_main.html HTTP/1.1" 200 12412
116.235.222.38 - - [19/May/2021:09:01:06 +0800] "GET /xingrg/css/new_ie.css HTTP/1.1" 404 1036
116.235.222.38 - - [19/May/2021:09:01:07 +0800] "GET /xingrg/images/yd/bt.gif HTTP/1.1" 404 1040
116.230.114.112 - - [19/May/2021:09:01:07 +0800] "GET /xingrg/all/function/internal_message.html?_=1621386075694&CODE_STATE=getMsg HTTP/1.1" 200 27
116.235.222.38 - - [19/May/2021:09:01:08 +0800] "GET /xingrg/kc/buy/cgsh_order_list.html HTTP/1.1" 200 46259
180.169.147.146 - - [19/May/2021:09:01:08 +0800] "GET /xingrg/all/function/internal_message.html?_=1621386069822&CODE_STATE=getMsg HTTP/1.1" 200 27
116.224.253.72 - - [19/May/2021:09:01:09 +0800] "GET /xingrg/all/function/internal_message.html?_=1621386068797&CODE_STATE=getMsg HTTP/1.1" 200 27
116.235.222.38 - - [19/May/2021:09:01:10 +0800] "POST /xingrg/kc/buy/cgsh_list_operate.html HTTP/1.1" 200 876
116.235.222.38 - - [19/May/2021:09:01:13 +0800] "GET /xingrg/kc/buy/cgsh_order_add.html HTTP/1.1" 200 62079
116.235.222.38 - - [19/May/2021:09:01:14 +0800] "GET /xingrg/words/20210518171239_words.js HTTP/1.1" 200 814871
116.235.222.38 - - [19/May/2021:09:01:14 +0800] "POST /xingrg/kc/buy/cgsh_order_operate.html HTTP/1.1" 200 8245
116.235.222.38 - - [19/May/2021:09:01:14 +0800] "GET /xingrg/javascript/easyui/themes/default/validatebox.css HTTP/1.1" 404 1104
116.235.222.38 - - [19/May/2021:09:01:14 +0800] "GET /xingrg/all/common/auto_word.html?type=employee&rest_code=00107 HTTP/1.1" 200 101
116.235.222.38 - - [19/May/2021:09:01:14 +0800] "GET /xingrg/all/common/auto_word.html?type=employee&rest_code=00107 HTTP/1.1" 200 101
116.235.222.38 - - [19/May/2021:09:01:16 +0800] "GET /xingrg/javascript/easyui/themes/default/tree.css HTTP/1.1" 404 1090
116.235.222.38 - - [19/May/2021:09:01:17 +0800] "POST /xingrg/all/common/load_tree.html?tree=supplier_tree_json&isDelete=1 HTTP/1.1" 200 55318
222.69.131.59 - - [19/May/2021:09:01:22 +0800] "GET /xingrg/kc/buy/cgsh_order_operate.html?command=get_materiel&rest_code=00149&code=00101008049&supplier_code=00100005&order_time=2021-05-19 HTTP/1.1" 200 408
116.230.110.80 - - [19/May/2021:09:01:24 +0800] "GET /xingrg/all/function/internal_message.html?_=1621386081638&CODE_STATE=getMsg HTTP/1.1" 200 27
180.161.124.236 - - [19/May/2021:09:01:31 +0800] "GET /xingrg/check_reg.html?_=1621386050108 HTTP/1.1" 200 22
180.161.124.236 - - [19/May/2021:09:01:31 +0800] "GET /xingrg/all/function/internal_message.html?_=1621386050431&CODE_STATE=getMsg HTTP/1.1" 200 27
116.235.222.38 - - [19/May/2021:09:01:37 +0800] "GET /xingrg/javascript/auto/indicator.gif HTTP/1.1" 404 1066
222.69.131.59 - - [19/May/2021:09:01:38 +0800] "GET /xingrg/kc/buy/cgsh_order_operate.html?command=get_materiel&rest_code=00149&code=00101008149&supplier_code=00100005&order_time=2021-05-19 HTTP/1.1" 200 408
222.69.131.59 - - [19/May/2021:09:01:38 +0800] "GET /xingrg/all/function/internal_message.html?_=1621386096830&CODE_STATE=getMsg HTTP/1.1" 200 27
116.235.222.38 - - [19/May/2021:09:01:40 +0800] "GET /xingrg/kc/buy/cgsh_order_operate.html?command=get_materiel&rest_code=00107&code=00101007075&supplier_code=00100002&order_time=2021-05-19 HTTP/1.1" 200 408
180.169.147.146 - - [19/May/2021:09:01:43 +0800] "GET /xingrg/all/function/internal_message.html?_=1621386107000&CODE_STATE=getMsg HTTP/1.1" 302 -
180.169.147.146 - - [19/May/2021:09:01:43 +0800] "GET /xingrg/check_reg.html?_=1621386107002 HTTP/1.1" 302 -
116.235.222.38 - - [19/May/2021:09:01:44 +0800] "GET /xingrg/all/function/internal_message.html?_=1621386099386&CODE_STATE=getMsg HTTP/1.1" 200 27
61.165.42.208 - - [19/May/2021:09:01:47 +0800] "GET /xingrg/all/function/internal_message.html?_=1621386089403&CODE_STATE=getMsg HTTP/1.1" 200 27
222.69.131.59 - - [19/May/2021:09:01:54 +0800] "GET /xingrg/kc/buy/cgsh_order_operate.html?command=get_materiel&rest_code=00149&code=00101008185&supplier_code=00100005&order_time=2021-05-19 HTTP/1.1" 200 408
120.253.135.82 - - [19/May/2021:09:01:54 +0800] "GET /xingrg/check_reg.html?_=1621385895519 HTTP/1.1" 200 22
120.253.135.82 - - [19/May/2021:09:01:54 +0800] "GET /xingrg/all/function/internal_message.html?_=1621385895584&CODE_STATE=getMsg HTTP/1.1" 200 27
58.40.7.146 - - [19/May/2021:09:01:56 +0800] "GET /xingrg/all/function/internal_message.html?_=1621386114594&CODE_STATE=getMsg HTTP/1.1" 302 -
120.253.135.82 - - [19/May/2021:09:01:57 +0800] "GET /xingrg/all/function/internal_message.html?_=1621386170260&CODE_STATE=getMsg HTTP/1.1" 200 27
116.235.222.38 - - [19/May/2021:09:02:02 +0800] "GET /xingrg/all/function/internal_message.html?_=1621386117491&CODE_STATE=getMsg HTTP/1.1" 200 27
116.224.253.72 - - [19/May/2021:09:02:03 +0800] "GET /xingrg/all/function/internal_message.html?_=1621386103130&CODE_STATE=getMsg HTTP/1.1" 302 -
116.235.222.38 - - [19/May/2021:09:02:04 +0800] "GET /xingrg/kc/buy/cgsh_order_operate.html?command=get_materiel&rest_code=00107&code=00101007022&supplier_code=00100002&order_time=2021-05-19 HTTP/1.1" 200 413
117.184.7.26 - - [19/May/2021:09:02:06 +0800] "GET /xingrg/all/function/internal_message.html?_=1621386120713&CODE_STATE=getMsg HTTP/1.1" 200 27
222.69.131.59 - - [19/May/2021:09:02:06 +0800] "GET /xingrg/kc/buy/cgsh_order_operate.html?command=get_materiel&rest_code=00149&code=00101008354&supplier_code=00100005&order_time=2021-05-19 HTTP/1.1" 200 412
116.230.114.112 - - [19/May/2021:09:02:07 +0800] "GET /xingrg/all/function/internal_message.html?_=1621386135786&CODE_STATE=getMsg HTTP/1.1" 200 27
180.169.147.146 - - [19/May/2021:09:02:08 +0800] "GET /xingrg/all/function/internal_message.html?_=1621386129824&CODE_STATE=getMsg HTTP/1.1" 200 27
180.169.147.146 - - [19/May/2021:09:02:08 +0800] "GET /xingrg/check_reg.html?_=1621386129827 HTTP/1.1" 200 22
116.224.253.72 - - [19/May/2021:09:02:09 +0800] "GET /xingrg/all/function/internal_message.html?_=1621386128810&CODE_STATE=getMsg HTTP/1.1" 200 27
116.235.222.38 - - [19/May/2021:09:02:19 +0800] "GET /xingrg/kc/buy/cgsh_order_operate.html?command=get_materiel&rest_code=00107&code=00101007061&supplier_code=00100002&order_time=2021-05-19 HTTP/1.1" 200 409
222.69.131.59 - - [19/May/2021:09:02:22 +0800] "GET /xingrg/kc/buy/cgsh_order_operate.html?command=get_materiel&rest_code=00149&code=00101008028&supplier_code=00100005&order_time=2021-05-19 HTTP/1.1" 200 412
116.230.110.80 - - [19/May/2021:09:02:24 +0800] "GET /xingrg/all/function/internal_message.html?_=1621386141620&CODE_STATE=getMsg HTTP/1.1" 200 27
180.161.124.236 - - [19/May/2021:09:02:31 +0800] "GET /xingrg/all/function/internal_message.html?_=1621386110443&CODE_STATE=getMsg HTTP/1.1" 200 27
222.69.131.59 - - [19/May/2021:09:02:37 +0800] "GET /xingrg/kc/buy/cgsh_order_operate.html?command=get_materiel&rest_code=00149&code=00101008186&supplier_code=00100005&order_time=2021-05-19 HTTP/1.1" 200 408
222.69.131.59 - - [19/May/2021:09:02:38 +0800] "GET /xingrg/all/function/internal_message.html?_=1621386156823&CODE_STATE=getMsg HTTP/1.1" 200 27
180.169.147.146 - - [19/May/2021:09:02:43 +0800] "GET /xingrg/all/function/internal_message.html?_=1621386167023&CODE_STATE=getMsg HTTP/1.1" 302 -
116.235.222.38 - - [19/May/2021:09:02:44 +0800] "GET /xingrg/all/function/internal_message.html?_=1621386159439&CODE_STATE=getMsg HTTP/1.1" 200 27
61.165.42.208 - - [19/May/2021:09:02:47 +0800] "GET /xingrg/all/function/internal_message.html?_=1621386149403&CODE_STATE=getMsg HTTP/1.1" 200 27
222.69.131.59 - - [19/May/2021:09:02:49 +0800] "GET /xingrg/kc/buy/cgsh_order_operate.html?command=get_materiel&rest_code=00149&code=00101008096&supplier_code=00100005&order_time=2021-05-19 HTTP/1.1" 200 412
120.253.135.82 - - [19/May/2021:09:02:55 +0800] "GET /xingrg/all/function/internal_message.html?_=1621385955595&CODE_STATE=getMsg HTTP/1.1" 200 27
58.40.7.146 - - [19/May/2021:09:02:56 +0800] "GET /xingrg/all/function/internal_message.html?_=1621386174597&CODE_STATE=getMsg HTTP/1.1" 302 -
120.253.135.82 - - [19/May/2021:09:02:57 +0800] "GET /xingrg/all/function/internal_message.html?_=1621386230334&CODE_STATE=getMsg HTTP/1.1" 200 27
222.69.131.59 - - [19/May/2021:09:03:02 +0800] "GET /xingrg/kc/buy/cgsh_order_operate.html?command=get_materiel&rest_code=00149&code=00101008283&supplier_code=00100005&order_time=2021-05-19 HTTP/1.1" 200 408
116.235.222.38 - - [19/May/2021:09:03:02 +0800] "GET /xingrg/all/function/internal_message.html?_=1621386177631&CODE_STATE=getMsg HTTP/1.1" 200 27
116.224.253.72 - - [19/May/2021:09:03:03 +0800] "GET /xingrg/all/function/internal_message.html?_=1621386163139&CODE_STATE=getMsg HTTP/1.1" 302 -
117.184.7.26 - - [19/May/2021:09:03:03 +0800] "POST /xingrg/services/DataTransmitService HTTP/1.1" 200 524
117.184.7.26 - - [19/May/2021:09:03:05 +0800] "GET /xingrg/all/function/internal_message.html?_=1621386180688&CODE_STATE=getMsg HTTP/1.1" 200 27
116.235.222.38 - - [19/May/2021:09:03:06 +0800] "GET /xingrg/kc/buy/cgsh_order_operate.html?command=get_materiel&rest_code=00107&code=00101007052&supplier_code=00100002&order_time=2021-05-19 HTTP/1.1" 200 409
116.230.114.112 - - [19/May/2021:09:03:07 +0800] "GET /xingrg/all/function/internal_message.html?_=1621386195799&CODE_STATE=getMsg HTTP/1.1" 200 27
180.169.147.146 - - [19/May/2021:09:03:08 +0800] "GET /xingrg/all/function/internal_message.html?_=1621386189835&CODE_STATE=getMsg HTTP/1.1" 200 27
116.224.253.72 - - [19/May/2021:09:03:09 +0800] "GET /xingrg/all/function/internal_message.html?_=1621386188817&CODE_STATE=getMsg HTTP/1.1" 200 27
116.224.253.72 - - [19/May/2021:09:03:09 +0800] "GET /xingrg/check_reg.html?_=1621386188948 HTTP/1.1" 200 22
117.184.7.26 - - [19/May/2021:09:03:16 +0800] "GET /xingrg/check_reg.html?_=1621386191368 HTTP/1.1" 200 22
116.230.110.80 - - [19/May/2021:09:03:18 +0800] "GET /xingrg/check_reg.html?_=1621386194847 HTTP/1.1" 200 22
116.235.222.38 - - [19/May/2021:09:03:19 +0800] "GET /xingrg/kc/buy/cgsh_order_operate.html?command=get_materiel&rest_code=00107&code=00101007045&supplier_code=00100002&order_time=2021-05-19 HTTP/1.1" 200 409
222.69.131.59 - - [19/May/2021:09:03:22 +0800] "GET /xingrg/kc/buy/cgsh_order_operate.html?command=get_materiel&rest_code=00149&code=00101008358&supplier_code=00100005&order_time=2021-05-19 HTTP/1.1" 200 412
116.230.110.80 - - [19/May/2021:09:03:24 +0800] "GET /xingrg/all/function/internal_message.html?_=1621386201599&CODE_STATE=getMsg HTTP/1.1" 200 27
180.161.124.236 - - [19/May/2021:09:03:31 +0800] "GET /xingrg/all/function/internal_message.html?_=1621386170458&CODE_STATE=getMsg HTTP/1.1" 200 27
222.69.131.59 - - [19/May/2021:09:03:33 +0800] "GET /xingrg/kc/buy/cgsh_order_operate.html?command=get_materiel&rest_code=00149&code=00101008163&supplier_code=00100005&order_time=2021-05-19 HTTP/1.1" 200 408
222.69.131.59 - - [19/May/2021:09:03:38 +0800] "GET /xingrg/check_reg.html?_=1621386216830 HTTP/1.1" 200 22
222.69.131.59 - - [19/May/2021:09:03:38 +0800] "GET /xingrg/all/function/internal_message.html?_=1621386216835&CODE_STATE=getMsg HTTP/1.1" 200 27
116.235.222.38 - - [19/May/2021:09:03:41 +0800] "GET /xingrg/kc/buy/cgsh_order_operate.html?command=get_materiel&rest_code=00107&code=00101007104&supplier_code=00100002&order_time=2021-05-19 HTTP/1.1" 200 408
180.169.147.146 - - [19/May/2021:09:03:43 +0800] "GET /xingrg/all/function/internal_message.html?_=1621386227037&CODE_STATE=getMsg HTTP/1.1" 302 -
116.235.222.38 - - [19/May/2021:09:03:44 +0800] "GET /xingrg/all/function/internal_message.html?_=1621386219441&CODE_STATE=getMsg HTTP/1.1" 200 27
61.165.42.208 - - [19/May/2021:09:03:47 +0800] "GET /xingrg/all/function/internal_message.html?_=1621386209403&CODE_STATE=getMsg HTTP/1.1" 200 27
116.235.222.38 - - [19/May/2021:09:03:54 +0800] "POST /xingrg/kc/buy/cgsh_order_operate.html HTTP/1.1" 200 37
120.253.135.82 - - [19/May/2021:09:03:55 +0800] "GET /xingrg/all/function/internal_message.html?_=1621386015611&CODE_STATE=getMsg HTTP/1.1" 200 27
116.235.222.38 - - [19/May/2021:09:03:55 +0800] "POST /xingrg/kc/buy/cgsh_order_operate.html HTTP/1.1" 200 7366
58.40.7.146 - - [19/May/2021:09:03:56 +0800] "GET /xingrg/all/function/internal_message.html?_=1621386234602&CODE_STATE=getMsg HTTP/1.1" 302 -
222.69.131.59 - - [19/May/2021:09:03:56 +0800] "GET /xingrg/kc/buy/cgsh_order_operate.html?command=get_materiel&rest_code=00149&code=00101015002&supplier_code=00100005&order_time=2021-05-19 HTTP/1.1" 200 413
116.235.222.38 - - [19/May/2021:09:03:57 +0800] "GET /xingrg/kc/print/load_config.html?kc_code=cgsh HTTP/1.1" 200 1845
120.253.135.82 - - [19/May/2021:09:03:57 +0800] "GET /xingrg/all/function/internal_message.html?_=1621386290349&CODE_STATE=getMsg HTTP/1.1" 200 27
116.235.222.38 - - [19/May/2021:09:03:58 +0800] "GET /xingrg/kc/print/load_data.html?order_code=212021051908309&kc_code=cgsh&condition= HTTP/1.1" 200 2518
116.224.253.72 - - [19/May/2021:09:04:03 +0800] "GET /xingrg/all/function/internal_message.html?_=1621386223276&CODE_STATE=getMsg HTTP/1.1" 302 -
116.235.222.38 - - [19/May/2021:09:04:04 +0800] "GET /xingrg/all/function/internal_message.html?_=1621386239135&CODE_STATE=getMsg HTTP/1.1" 200 27
117.184.7.26 - - [19/May/2021:09:04:05 +0800] "GET /xingrg/all/function/internal_message.html?_=1621386240664&CODE_STATE=getMsg HTTP/1.1" 200 27
116.230.114.112 - - [19/May/2021:09:04:07 +0800] "GET /xingrg/all/function/internal_message.html?_=1621386255893&CODE_STATE=getMsg HTTP/1.1" 200 27
180.169.147.146 - - [19/May/2021:09:04:08 +0800] "GET /xingrg/all/function/internal_message.html?_=1621386249836&CODE_STATE=getMsg HTTP/1.1" 200 27
116.224.253.72 - - [19/May/2021:09:04:09 +0800] "GET /xingrg/all/function/internal_message.html?_=1621386248821&CODE_STATE=getMsg HTTP/1.1" 200 27
116.235.222.38 - - [19/May/2021:09:04:14 +0800] "GET /xingrg/kc/buy/cgsh_order_add.html HTTP/1.1" 200 62079
116.235.222.38 - - [19/May/2021:09:04:14 +0800] "POST /xingrg/kc/buy/cgsh_order_operate.html HTTP/1.1" 200 8245
116.235.222.38 - - [19/May/2021:09:04:14 +0800] "GET /xingrg/javascript/easyui/themes/default/validatebox.css HTTP/1.1" 404 1104
222.69.131.59 - - [19/May/2021:09:04:15 +0800] "GET /xingrg/kc/buy/cgsh_order_operate.html?command=get_materiel&rest_code=00149&code=00101008280&supplier_code=00100005&order_time=2021-05-19 HTTP/1.1" 200 417
116.235.222.38 - - [19/May/2021:09:04:16 +0800] "GET /xingrg/javascript/easyui/themes/default/tree.css HTTP/1.1" 404 1090
116.235.222.38 - - [19/May/2021:09:04:17 +0800] "POST /xingrg/all/common/load_tree.html?tree=supplier_tree_json&isDelete=1 HTTP/1.1" 200 55318
116.230.110.80 - - [19/May/2021:09:04:24 +0800] "GET /xingrg/all/function/internal_message.html?_=1621386261582&CODE_STATE=getMsg HTTP/1.1" 200 27
222.69.131.59 - - [19/May/2021:09:04:30 +0800] "GET /xingrg/kc/buy/cgsh_order_operate.html?command=get_materiel&rest_code=00149&code=00101008211&supplier_code=00100005&order_time=2021-05-19 HTTP/1.1" 200 412
180.161.124.236 - - [19/May/2021:09:04:31 +0800] "GET /xingrg/all/function/internal_message.html?_=1621386230474&CODE_STATE=getMsg HTTP/1.1" 200 27
116.235.222.38 - - [19/May/2021:09:04:33 +0800] "GET /xingrg/kc/buy/cgsh_order_operate.html?command=get_materiel&rest_code=00107&code=00101006111&supplier_code=00100010&order_time=2021-05-19 HTTP/1.1" 200 409
222.69.131.59 - - [19/May/2021:09:04:33 +0800] "POST /xingrg/kc/buy/cgsh_order_operate.html HTTP/1.1" 200 2065
116.230.114.112 - - [19/May/2021:09:04:34 +0800] "GET /xingrg/check_reg.html?_=1621386282792 HTTP/1.1" 200 22
222.69.131.59 - - [19/May/2021:09:04:38 +0800] "GET /xingrg/all/function/internal_message.html?_=1621386276836&CODE_STATE=getMsg HTTP/1.1" 200 27
222.69.131.59 - - [19/May/2021:09:04:40 +0800] "GET /xingrg/kc/buy/cgsh_order_operate.html?command=get_materiel&rest_code=00149&code=00101008087&supplier_code=00100005&order_time=2021-05-19 HTTP/1.1" 200 412
180.169.147.146 - - [19/May/2021:09:04:43 +0800] "GET /xingrg/all/function/internal_message.html?_=1621386287034&CODE_STATE=getMsg HTTP/1.1" 302 -
116.235.222.38 - - [19/May/2021:09:04:44 +0800] "GET /xingrg/all/function/internal_message.html?_=1621386279426&CODE_STATE=getMsg HTTP/1.1" 200 27
61.165.42.208 - - [19/May/2021:09:04:47 +0800] "GET /xingrg/all/function/internal_message.html?_=1621386269389&CODE_STATE=getMsg HTTP/1.1" 200 27
116.235.222.38 - - [19/May/2021:09:04:49 +0800] "GET /xingrg/kc/buy/cgsh_order_operate.html?command=get_materiel&rest_code=00107&code=00101006133&supplier_code=00100010&order_time=2021-05-19 HTTP/1.1" 200 413
222.69.131.59 - - [19/May/2021:09:04:52 +0800] "GET /xingrg/kc/buy/cgsh_order_operate.html?command=get_materiel&rest_code=00149&code=00101008361&supplier_code=00100005&order_time=2021-05-19 HTTP/1.1" 200 408
120.253.135.82 - - [19/May/2021:09:04:55 +0800] "GET /xingrg/all/function/internal_message.html?_=1621386075633&CODE_STATE=getMsg HTTP/1.1" 200 27
58.40.7.146 - - [19/May/2021:09:04:56 +0800] "GET /xingrg/all/function/internal_message.html?_=1621386294587&CODE_STATE=getMsg HTTP/1.1" 302 -
120.253.135.82 - - [19/May/2021:09:04:57 +0800] "GET /xingrg/check_reg.html?_=1621386349686 HTTP/1.1" 200 22
120.253.135.82 - - [19/May/2021:09:04:57 +0800] "GET /xingrg/all/function/internal_message.html?_=1621386350362&CODE_STATE=getMsg HTTP/1.1" 200 27
116.224.253.72 - - [19/May/2021:09:05:03 +0800] "GET /xingrg/all/function/internal_message.html?_=1621386283291&CODE_STATE=getMsg HTTP/1.1" 302 -
116.235.222.38 - - [19/May/2021:09:05:04 +0800] "GET /xingrg/all/function/internal_message.html?_=1621386299106&CODE_STATE=getMsg HTTP/1.1" 200 27
116.235.222.38 - - [19/May/2021:09:05:04 +0800] "GET /xingrg/kc/buy/cgsh_order_operate.html?command=get_materiel&rest_code=00107&code=00101006055&supplier_code=00100010&order_time=2021-05-19 HTTP/1.1" 200 409
117.184.7.26 - - [19/May/2021:09:05:05 +0800] "GET /xingrg/all/function/internal_message.html?_=1621386300712&CODE_STATE=getMsg HTTP/1.1" 200 27
116.230.114.112 - - [19/May/2021:09:05:07 +0800] "GET /xingrg/all/function/internal_message.html?_=1621386315905&CODE_STATE=getMsg HTTP/1.1" 200 27
180.169.147.146 - - [19/May/2021:09:05:08 +0800] "GET /xingrg/all/function/internal_message.html?_=1621386309834&CODE_STATE=getMsg HTTP/1.1" 200 27
116.224.253.72 - - [19/May/2021:09:05:09 +0800] "GET /xingrg/all/function/internal_message.html?_=1621386308825&CODE_STATE=getMsg HTTP/1.1" 200 27
222.69.131.59 - - [19/May/2021:09:05:11 +0800] "GET /xingrg/kc/buy/cgsh_order_operate.html?command=get_materiel&rest_code=00149&code=00101008355&supplier_code=00100005&order_time=2021-05-19 HTTP/1.1" 200 408
116.235.222.38 - - [19/May/2021:09:05:20 +0800] "GET /xingrg/kc/buy/cgsh_order_operate.html?command=get_materiel&rest_code=00107&code=00101006109&supplier_code=00100010&order_time=2021-05-19 HTTP/1.1" 200 409
116.230.110.80 - - [19/May/2021:09:05:24 +0800] "GET /xingrg/all/function/internal_message.html?_=1621386321578&CODE_STATE=getMsg HTTP/1.1" 200 27
222.69.131.59 - - [19/May/2021:09:05:25 +0800] "GET /xingrg/kc/buy/cgsh_order_operate.html?command=get_materiel&rest_code=00149&code=00101008144&supplier_code=00100005&order_time=2021-05-19 HTTP/1.1" 200 412
116.235.222.38 - - [19/May/2021:09:05:29 +0800] "GET /xingrg/kc/buy/cgsh_order_operate.html?command=get_materiel&rest_code=00107&code=00101006144&supplier_code=00100010&order_time=2021-05-19 HTTP/1.1" 200 409
58.221.95.50 - - [19/May/2021:09:05:31 +0800] "GET /xingrg/check_reg.html?_=1621386331615 HTTP/1.1" 302 -
180.161.124.236 - - [19/May/2021:09:05:31 +0800] "GET /xingrg/all/function/internal_message.html?_=1621386290484&CODE_STATE=getMsg HTTP/1.1" 200 27
116.224.253.72 - - [19/May/2021:09:05:37 +0800] "GET /xingrg/check_reg.html?_=1621386317165 HTTP/1.1" 302 -
222.69.131.59 - - [19/May/2021:09:05:38 +0800] "GET /xingrg/all/function/internal_message.html?_=1621386336825&CODE_STATE=getMsg HTTP/1.1" 200 27
222.69.131.59 - - [19/May/2021:09:05:40 +0800] "GET /xingrg/kc/buy/cgsh_order_operate.html?command=get_materiel&rest_code=00149&code=00101008264&supplier_code=00100005&order_time=2021-05-19 HTTP/1.1" 200 412
180.169.147.146 - - [19/May/2021:09:05:43 +0800] "GET /xingrg/all/function/internal_message.html?_=1621386347033&CODE_STATE=getMsg HTTP/1.1" 302 -
116.235.222.38 - - [19/May/2021:09:05:44 +0800] "GET /xingrg/check_reg.html?_=1621386339394 HTTP/1.1" 200 22
116.235.222.38 - - [19/May/2021:09:05:44 +0800] "GET /xingrg/all/function/internal_message.html?_=1621386339399&CODE_STATE=getMsg HTTP/1.1" 200 27
222.69.131.59 - - [19/May/2021:09:05:45 +0800] "POST /xingrg/kc/buy/cgsh_order_operate.html HTTP/1.1" 200 2065
61.165.42.208 - - [19/May/2021:09:05:47 +0800] "GET /xingrg/all/function/internal_message.html?_=1621386329389&CODE_STATE=getMsg HTTP/1.1" 200 27
61.165.42.208 - - [19/May/2021:09:05:47 +0800] "GET /xingrg/check_reg.html?_=1621386329392 HTTP/1.1" 200 22
222.69.131.59 - - [19/May/2021:09:05:50 +0800] "GET /xingrg/kc/buy/cgsh_order_operate.html?command=get_materiel&rest_code=00149&code=00101008356&supplier_code=00100005&order_time=2021-05-19 HTTP/1.1" 200 408
116.235.222.38 - - [19/May/2021:09:05:54 +0800] "POST /xingrg/kc/buy/cgsh_order_operate.html HTTP/1.1" 200 37
120.253.135.82 - - [19/May/2021:09:05:55 +0800] "GET /xingrg/all/function/internal_message.html?_=1621386135635&CODE_STATE=getMsg HTTP/1.1" 200 27
58.40.7.146 - - [19/May/2021:09:05:56 +0800] "GET /xingrg/all/function/internal_message.html?_=1621386354591&CODE_STATE=getMsg HTTP/1.1" 302 -
58.40.7.146 - - [19/May/2021:09:05:56 +0800] "GET /xingrg/check_reg.html?_=1621386354593 HTTP/1.1" 302 -
116.235.222.38 - - [19/May/2021:09:05:56 +0800] "POST /xingrg/kc/buy/cgsh_order_operate.html HTTP/1.1" 200 5602
120.253.135.82 - - [19/May/2021:09:05:58 +0800] "GET /xingrg/all/function/internal_message.html?_=1621386410375&CODE_STATE=getMsg HTTP/1.1" 200 27
116.235.222.38 - - [19/May/2021:09:05:58 +0800] "GET /xingrg/kc/print/load_data.html?order_code=212021051908310&kc_code=cgsh&condition= HTTP/1.1" 200 1839
116.235.222.38 - - [19/May/2021:09:06:02 +0800] "GET /xingrg/check_reg.html?_=1621386357512 HTTP/1.1" 200 22
116.224.253.72 - - [19/May/2021:09:06:03 +0800] "GET /xingrg/all/function/internal_message.html?_=1621386343435&CODE_STATE=getMsg HTTP/1.1" 302 -
116.235.222.38 - - [19/May/2021:09:06:04 +0800] "GET /xingrg/all/function/internal_message.html?_=1621386359090&CODE_STATE=getMsg HTTP/1.1" 200 27
117.184.7.26 - - [19/May/2021:09:06:05 +0800] "GET /xingrg/all/function/internal_message.html?_=1621386360688&CODE_STATE=getMsg HTTP/1.1" 200 27
116.230.114.112 - - [19/May/2021:09:06:07 +0800] "GET /xingrg/all/function/internal_message.html?_=1621386375918&CODE_STATE=getMsg HTTP/1.1" 200 27
180.169.147.146 - - [19/May/2021:09:06:08 +0800] "GET /xingrg/all/function/internal_message.html?_=1621386369836&CODE_STATE=getMsg HTTP/1.1" 200 27
116.224.253.72 - - [19/May/2021:09:06:09 +0800] "GET /xingrg/all/function/internal_message.html?_=1621386368826&CODE_STATE=getMsg HTTP/1.1" 200 27
222.69.131.59 - - [19/May/2021:09:06:11 +0800] "GET /xingrg/kc/buy/cgsh_order_operate.html?command=get_materiel&rest_code=00149&code=00101008439&supplier_code=00100005&order_time=2021-05-19 HTTP/1.1" 200 399
116.230.110.80 - - [19/May/2021:09:06:24 +0800] "GET /xingrg/all/function/internal_message.html?_=1621386381557&CODE_STATE=getMsg HTTP/1.1" 200 27
180.161.124.236 - - [19/May/2021:09:06:31 +0800] "GET /xingrg/check_reg.html?_=1621386350118 HTTP/1.1" 200 22
180.161.124.236 - - [19/May/2021:09:06:31 +0800] "GET /xingrg/all/function/internal_message.html?_=1621386350503&CODE_STATE=getMsg HTTP/1.1" 200 27
222.69.131.59 - - [19/May/2021:09:06:38 +0800] "GET /xingrg/all/function/internal_message.html?_=1621386396838&CODE_STATE=getMsg HTTP/1.1" 200 27
222.69.131.59 - - [19/May/2021:09:06:42 +0800] "GET /xingrg/kc/buy/cgsh_order_operate.html?command=get_materiel&rest_code=00149&code=00101008360&supplier_code=00100005&order_time=2021-05-19 HTTP/1.1" 200 412
180.169.147.146 - - [19/May/2021:09:06:43 +0800] "GET /xingrg/check_reg.html?_=1621386407033 HTTP/1.1" 302 -
180.169.147.146 - - [19/May/2021:09:06:43 +0800] "GET /xingrg/all/function/internal_message.html?_=1621386407034&CODE_STATE=getMsg HTTP/1.1" 302 -
116.235.222.38 - - [19/May/2021:09:06:44 +0800] "GET /xingrg/all/function/internal_message.html?_=1621386399398&CODE_STATE=getMsg HTTP/1.1" 200 27
116.235.222.38 - - [19/May/2021:09:06:46 +0800] "GET /xingrg/kc/buy/cgsh_order_add.html HTTP/1.1" 200 62079
116.235.222.38 - - [19/May/2021:09:06:47 +0800] "GET /xingrg/javascript/easyui/themes/default/validatebox.css HTTP/1.1" 404 1104
116.235.222.38 - - [19/May/2021:09:06:47 +0800] "POST /xingrg/kc/buy/cgsh_order_operate.html HTTP/1.1" 200 8245
61.165.42.208 - - [19/May/2021:09:06:47 +0800] "GET /xingrg/all/function/internal_message.html?_=1621386389393&CODE_STATE=getMsg HTTP/1.1" 200 27
116.235.222.38 - - [19/May/2021:09:06:50 +0800] "GET /xingrg/javascript/easyui/themes/default/tree.css HTTP/1.1" 404 1090
116.235.222.38 - - [19/May/2021:09:06:50 +0800] "POST /xingrg/all/common/load_tree.html?tree=supplier_tree_json&isDelete=1 HTTP/1.1" 200 55318
120.253.135.82 - - [19/May/2021:09:06:54 +0800] "GET /xingrg/check_reg.html?_=1621386195538 HTTP/1.1" 200 22
120.253.135.82 - - [19/May/2021:09:06:55 +0800] "GET /xingrg/all/function/internal_message.html?_=1621386195651&CODE_STATE=getMsg HTTP/1.1" 200 27
58.40.7.146 - - [19/May/2021:09:06:56 +0800] "GET /xingrg/all/function/internal_message.html?_=1621386414594&CODE_STATE=getMsg HTTP/1.1" 302 -
222.69.131.59 - - [19/May/2021:09:06:56 +0800] "GET /xingrg/kc/buy/cgsh_order_operate.html?command=get_materiel&rest_code=00149&code=00101008223&supplier_code=00100005&order_time=2021-05-19 HTTP/1.1" 200 412
120.253.135.82 - - [19/May/2021:09:06:58 +0800] "GET /xingrg/all/function/internal_message.html?_=1621386470389&CODE_STATE=getMsg HTTP/1.1" 200 27
116.224.253.72 - - [19/May/2021:09:07:03 +0800] "GET /xingrg/all/function/internal_message.html?_=1621386403443&CODE_STATE=getMsg HTTP/1.1" 302 -
116.235.222.38 - - [19/May/2021:09:07:04 +0800] "GET /xingrg/all/function/internal_message.html?_=1621386419070&CODE_STATE=getMsg HTTP/1.1" 200 27
117.184.7.26 - - [19/May/2021:09:07:05 +0800] "GET /xingrg/all/function/internal_message.html?_=1621386420669&CODE_STATE=getMsg HTTP/1.1" 200 27
116.235.222.38 - - [19/May/2021:09:07:06 +0800] "GET /xingrg/kc/buy/cgsh_order_operate.html?command=get_materiel&rest_code=00107&code=00101016025&supplier_code=00100033&order_time=2021-05-19 HTTP/1.1" 200 408
116.230.114.112 - - [19/May/2021:09:07:08 +0800] "GET /xingrg/all/function/internal_message.html?_=1621386436012&CODE_STATE=getMsg HTTP/1.1" 200 27
180.169.147.146 - - [19/May/2021:09:07:08 +0800] "GET /xingrg/check_reg.html?_=1621386429853 HTTP/1.1" 200 22
180.169.147.146 - - [19/May/2021:09:07:08 +0800] "GET /xingrg/all/function/internal_message.html?_=1621386429858&CODE_STATE=getMsg HTTP/1.1" 200 27
116.224.253.72 - - [19/May/2021:09:07:09 +0800] "GET /xingrg/all/function/internal_message.html?_=1621386428836&CODE_STATE=getMsg HTTP/1.1" 200 27
222.69.131.59 - - [19/May/2021:09:07:17 +0800] "POST /xingrg/kc/buy/cgsh_order_operate.html HTTP/1.1" 200 2065
116.235.222.38 - - [19/May/2021:09:07:24 +0800] "GET /xingrg/kc/buy/cgsh_order_operate.html?command=get_materiel&rest_code=00107&code=00101012024&supplier_code=00100033&order_time=2021-05-19 HTTP/1.1" 200 408
116.230.110.80 - - [19/May/2021:09:07:24 +0800] "GET /xingrg/all/function/internal_message.html?_=1621386441539&CODE_STATE=getMsg HTTP/1.1" 200 27
180.161.124.236 - - [19/May/2021:09:07:31 +0800] "GET /xingrg/all/function/internal_message.html?_=1621386410527&CODE_STATE=getMsg HTTP/1.1" 200 27
222.69.131.59 - - [19/May/2021:09:07:38 +0800] "GET /xingrg/all/function/internal_message.html?_=1621386456836&CODE_STATE=getMsg HTTP/1.1" 200 27
222.69.131.59 - - [19/May/2021:09:07:43 +0800] "GET /xingrg/kc/buy/cgsh_order_operate.html?command=get_materiel&rest_code=00149&code=00101008312&supplier_code=00100005&order_time=2021-05-19 HTTP/1.1" 200 412
180.169.147.146 - - [19/May/2021:09:07:43 +0800] "GET /xingrg/all/function/internal_message.html?_=1621386467032&CODE_STATE=getMsg HTTP/1.1" 302 -
116.235.222.38 - - [19/May/2021:09:07:44 +0800] "GET /xingrg/all/function/internal_message.html?_=1621386459399&CODE_STATE=getMsg HTTP/1.1" 200 27
61.165.42.208 - - [19/May/2021:09:07:47 +0800] "GET /xingrg/all/function/internal_message.html?_=1621386449401&CODE_STATE=getMsg HTTP/1.1" 200 27
116.235.222.38 - - [19/May/2021:09:07:51 +0800] "GET /xingrg/kc/buy/cgsh_order_operate.html?command=get_materiel&rest_code=00107&code=00101010384&supplier_code=00100033&order_time=2021-05-19 HTTP/1.1" 200 394
120.253.135.82 - - [19/May/2021:09:07:55 +0800] "GET /xingrg/all/function/internal_message.html?_=1621386255663&CODE_STATE=getMsg HTTP/1.1" 200 27
58.40.7.146 - - [19/May/2021:09:07:56 +0800] "GET /xingrg/all/function/internal_message.html?_=1621386474596&CODE_STATE=getMsg HTTP/1.1" 302 -
120.253.135.82 - - [19/May/2021:09:07:58 +0800] "GET /xingrg/all/function/internal_message.html?_=1621386530469&CODE_STATE=getMsg HTTP/1.1" 200 27
116.224.253.72 - - [19/May/2021:09:08:03 +0800] "GET /xingrg/all/function/internal_message.html?_=1621386463590&CODE_STATE=getMsg HTTP/1.1" 302 -
116.235.222.38 - - [19/May/2021:09:08:03 +0800] "GET /xingrg/kc/buy/cgsh_order_operate.html?command=get_materiel&rest_code=00107&code=00101010136&supplier_code=00100033&order_time=2021-05-19 HTTP/1.1" 200 408
116.235.222.38 - - [19/May/2021:09:08:04 +0800] "GET /xingrg/all/function/internal_message.html?_=1621386479050&CODE_STATE=getMsg HTTP/1.1" 200 27
117.184.7.26 - - [19/May/2021:09:08:05 +0800] "GET /xingrg/all/function/internal_message.html?_=1621386480652&CODE_STATE=getMsg HTTP/1.1" 200 27
116.230.114.112 - - [19/May/2021:09:08:08 +0800] "GET /xingrg/all/function/internal_message.html?_=1621386496024&CODE_STATE=getMsg HTTP/1.1" 200 27
180.169.147.146 - - [19/May/2021:09:08:08 +0800] "GET /xingrg/all/function/internal_message.html?_=1621386489844&CODE_STATE=getMsg HTTP/1.1" 200 27
116.224.253.72 - - [19/May/2021:09:08:09 +0800] "GET /xingrg/all/function/internal_message.html?_=1621386488847&CODE_STATE=getMsg HTTP/1.1" 200 27
116.224.253.72 - - [19/May/2021:09:08:09 +0800] "GET /xingrg/check_reg.html?_=1621386488956 HTTP/1.1" 200 22
222.69.131.59 - - [19/May/2021:09:08:11 +0800] "GET /xingrg/kc/buy/cgsh_order_operate.html?command=get_materiel&rest_code=00149&code=00101008069&supplier_code=00100005&order_time=2021-05-19 HTTP/1.1" 200 412
116.235.222.38 - - [19/May/2021:09:08:13 +0800] "GET /xingrg/kc/buy/cgsh_order_operate.html?command=get_materiel&rest_code=00107&code=00101012029&supplier_code=00100033&order_time=2021-05-19 HTTP/1.1" 200 412
117.184.7.26 - - [19/May/2021:09:08:16 +0800] "GET /xingrg/check_reg.html?_=1621386491348 HTTP/1.1" 200 22
116.230.110.80 - - [19/May/2021:09:08:18 +0800] "GET /xingrg/check_reg.html?_=1621386494851 HTTP/1.1" 200 22
116.235.222.38 - - [19/May/2021:09:08:22 +0800] "GET /xingrg/kc/buy/cgsh_order_operate.html?command=get_materiel&rest_code=00107&code=00101016010&supplier_code=00100033&order_time=2021-05-19 HTTP/1.1" 200 408
116.230.110.80 - - [19/May/2021:09:08:24 +0800] "GET /xingrg/all/function/internal_message.html?_=1621386501526&CODE_STATE=getMsg HTTP/1.1" 200 27
116.224.253.72 - - [19/May/2021:09:08:25 +0800] "GET /xingrg/kc/buy/cgsh_order_add.html HTTP/1.1" 302 -
116.224.253.72 - - [19/May/2021:09:08:25 +0800] "GET /xingrg/login.html HTTP/1.1" 200 7641
116.224.253.72 - - [19/May/2021:09:08:26 +0800] "GET /xingrg/login.html HTTP/1.1" 200 7641
116.224.253.72 - - [19/May/2021:09:08:27 +0800] "GET /favicon.ico HTTP/1.1" 404 -
116.224.253.72 - - [19/May/2021:09:08:30 +0800] "POST /xingrg/login.do HTTP/1.1" 302 -
116.224.253.72 - - [19/May/2021:09:08:30 +0800] "GET /xingrg/index.html?sysBaseUrl=http%3A%2F%2F180.169.147.146%3A18081%2Fxingrg%2F&costTime=1127×tamp=1621386510177 HTTP/1.1" 200 17179
116.224.253.72 - - [19/May/2021:09:08:30 +0800] "GET /xingrg/javascript/jquery_easy_ui/themes/default/easyui.css HTTP/1.1" 304 -
116.224.253.72 - - [19/May/2021:09:08:30 +0800] "GET /xingrg/javascript/jquery_easy_ui/themes/icon.css HTTP/1.1" 304 -
116.224.253.72 - - [19/May/2021:09:08:30 +0800] "GET /xingrg/javascript/jquery.timers.js HTTP/1.1" 304 -
116.224.253.72 - - [19/May/2021:09:08:30 +0800] "GET /xingrg/javascript/jquery.form.js HTTP/1.1" 304 -
116.224.253.72 - - [19/May/2021:09:08:30 +0800] "GET /xingrg/javascript/jquery_easy_ui/easyui-lang-zh_CN.js HTTP/1.1" 304 -
116.224.253.72 - - [19/May/2021:09:08:30 +0800] "GET /xingrg/javascript/jquery-1.4.2.min.js HTTP/1.1" 304 -
116.224.253.72 - - [19/May/2021:09:08:30 +0800] "GET /xingrg/javascript/jquery_easy_ui/jquery.easyui.min.js HTTP/1.1" 304 -
116.224.253.72 - - [19/May/2021:09:08:30 +0800] "GET /xingrg/javascript/jquery.utils.js HTTP/1.1" 304 -
116.224.253.72 - - [19/May/2021:09:08:30 +0800] "GET /xingrg/css/form.css HTTP/1.1" 304 -
116.224.253.72 - - [19/May/2021:09:08:30 +0800] "GET /favicon.ico HTTP/1.1" 404 -
116.224.253.72 - - [19/May/2021:09:08:30 +0800] "GET /xingrg/check_reg.html?_=1621386490843 HTTP/1.1" 200 22
116.224.253.72 - - [19/May/2021:09:08:30 +0800] "GET /xingrg/all/function/internal_message.html?_=1621386490843&CODE_STATE=count HTTP/1.1" 200 11
116.224.253.72 - - [19/May/2021:09:08:31 +0800] "POST /xingrg/load_menu.html HTTP/1.1" 200 5138
116.224.253.72 - - [19/May/2021:09:08:31 +0800] "POST /xingrg/all/common/load_tree.html?tree=area_rest_tree_json&manage=1 HTTP/1.1" 200 476
180.161.124.236 - - [19/May/2021:09:08:31 +0800] "GET /xingrg/all/function/internal_message.html?_=1621386470541&CODE_STATE=getMsg HTTP/1.1" 200 27
116.235.222.38 - - [19/May/2021:09:08:31 +0800] "GET /xingrg/kc/buy/cgsh_order_operate.html?command=get_materiel&rest_code=00107&code=00101012051&supplier_code=00100033&order_time=2021-05-19 HTTP/1.1" 200 408
116.224.253.72 - - [19/May/2021:09:08:34 +0800] "GET /xingrg/css/base.css HTTP/1.1" 304 -
116.224.253.72 - - [19/May/2021:09:08:34 +0800] "GET /xingrg/css/site.css HTTP/1.1" 304 -
116.224.253.72 - - [19/May/2021:09:08:34 +0800] "GET /xingrg/javascript/jquery_tools/datebox.css HTTP/1.1" 304 -
116.224.253.72 - - [19/May/2021:09:08:34 +0800] "GET /xingrg/javascript/easyui/themes/default/easyui.css HTTP/1.1" 304 -
116.224.253.72 - - [19/May/2021:09:08:34 +0800] "GET /xingrg/javascript/easyui/themes/icon.css HTTP/1.1" 304 -
116.224.253.72 - - [19/May/2021:09:08:34 +0800] "GET /xingrg/javascript/auto/jquery.autocomplete.css HTTP/1.1" 304 -
116.224.253.72 - - [19/May/2021:09:08:34 +0800] "GET /xingrg/javascript/jquery_tools/fix.css HTTP/1.1" 304 -
116.224.253.72 - - [19/May/2021:09:08:34 +0800] "GET /xingrg/kc/buy/cgsh_order_list.html HTTP/1.1" 200 46259
116.224.253.72 - - [19/May/2021:09:08:34 +0800] "GET /xingrg/javascript/jquery_tools/jquery.tools.min.js HTTP/1.1" 304 -
116.224.253.72 - - [19/May/2021:09:08:34 +0800] "GET /xingrg/javascript/jquery_tools/list_manager.js HTTP/1.1" 304 -
116.224.253.72 - - [19/May/2021:09:08:34 +0800] "GET /xingrg/javascript/jquery_tools/jquery.tools.table.js HTTP/1.1" 304 -
116.224.253.72 - - [19/May/2021:09:08:34 +0800] "GET /xingrg/javascript/jquery_tools/jquery.tools.hotkey.js HTTP/1.1" 304 -
