116.235.222.38 - - [19/May/2021:09:38:26 +0800] "GET /xingrg/kc/buy/cgsh_order_info.html?code=212021051908329 HTTP/1.1" 200 62088
120.253.135.82 - - [19/May/2021:09:38:26 +0800] "GET /xingrg/all/function/internal_message.html?_=1621388086725&CODE_STATE=getMsg HTTP/1.1" 200 27
116.224.253.72 - - [19/May/2021:09:38:26 +0800] "GET /xingrg/javascript/easyui/themes/default/validatebox.css HTTP/1.1" 404 1104
116.224.253.72 - - [19/May/2021:09:38:26 +0800] "POST /xingrg/kc/buy/cgsh_order_operate.html HTTP/1.1" 200 8245
116.235.222.38 - - [19/May/2021:09:38:26 +0800] "GET /xingrg/javascript/easyui/themes/default/validatebox.css HTTP/1.1" 404 1104
116.235.222.38 - - [19/May/2021:09:38:26 +0800] "GET /xingrg/all/common/auto_word.html?type=employee&rest_code=00107 HTTP/1.1" 200 101
116.235.222.38 - - [19/May/2021:09:38:26 +0800] "GET /xingrg/all/common/auto_word.html?type=employee&rest_code=00107 HTTP/1.1" 200 101
116.235.222.38 - - [19/May/2021:09:38:27 +0800] "POST /xingrg/kc/buy/cgsh_order_operate.html HTTP/1.1" 200 10329
116.235.222.38 - - [19/May/2021:09:38:30 +0800] "GET /xingrg/javascript/auto/indicator.gif HTTP/1.1" 404 1066
116.230.117.165 - - [19/May/2021:09:38:30 +0800] "POST /xingrg/services/DataTransmitService HTTP/1.1" 200 524
116.230.110.80 - - [19/May/2021:09:38:30 +0800] "POST /xingrg/services/DataTransmitService HTTP/1.1" 200 524
61.165.42.208 - - [19/May/2021:09:38:30 +0800] "POST /xingrg/services/DataTransmitService HTTP/1.1" 200 524
116.230.117.165 - - [19/May/2021:09:38:30 +0800] "POST /xingrg/services/DataTransmitService HTTP/1.1" 200 519
116.230.117.165 - - [19/May/2021:09:38:30 +0800] "POST /xingrg/services/DataTransmitService HTTP/1.1" 200 519
116.230.117.165 - - [19/May/2021:09:38:30 +0800] "POST /xingrg/services/DataTransmitService HTTP/1.1" 200 519
222.69.131.59 - - [19/May/2021:09:38:30 +0800] "POST /xingrg/services/DataTransmitService HTTP/1.1" 200 501
116.230.117.165 - - [19/May/2021:09:38:31 +0800] "POST /xingrg/services/DataTransmitService HTTP/1.1" 200 2171
116.230.117.165 - - [19/May/2021:09:38:31 +0800] "POST /xingrg/services/DataTransmitService HTTP/1.1" 200 45454
61.165.42.208 - - [19/May/2021:09:38:31 +0800] "POST /xingrg/services/DataTransmitService HTTP/1.1" 200 2235
116.230.117.165 - - [19/May/2021:09:38:31 +0800] "POST /xingrg/services/DataTransmitService HTTP/1.1" 200 19237
61.165.42.208 - - [19/May/2021:09:38:33 +0800] "POST /xingrg/services/DataTransmitService HTTP/1.1" 200 138068
116.235.222.38 - - [19/May/2021:09:38:33 +0800] "GET /xingrg/kc/buy/cgsh_order_operate.html?command=get_materiel&rest_code=00107&code=00101008137&supplier_code=00100006&order_time=2021-05-19 HTTP/1.1" 200 408
116.224.253.72 - - [19/May/2021:09:38:34 +0800] "GET /xingrg/kc/buy/cgsh_order_operate.html?command=get_materiel&rest_code=00150&code=00101009001&supplier_code=00100424&order_time=2021-05-19 HTTP/1.1" 200 416
222.69.131.59 - - [19/May/2021:09:38:37 +0800] "GET /xingrg/kc/buy/cgsh_order_operate.html?command=get_materiel&rest_code=00149&code=00101008236&supplier_code=00100005&order_time=2021-05-19 HTTP/1.1" 200 416
222.69.131.59 - - [19/May/2021:09:38:38 +0800] "GET /xingrg/all/function/internal_message.html?_=1621388316974&CODE_STATE=getMsg HTTP/1.1" 200 27
222.69.131.59 - - [19/May/2021:09:38:38 +0800] "GET /xingrg/check_reg.html?_=1621388316977 HTTP/1.1" 200 22
116.230.110.80 - - [19/May/2021:09:38:41 +0800] "GET /xingrg/all/function/internal_message.html?_=1621388319752&CODE_STATE=getMsg HTTP/1.1" 200 27
222.69.131.59 - - [19/May/2021:09:38:43 +0800] "POST /xingrg/kc/buy/cgsh_order_operate.html HTTP/1.1" 200 2065
116.224.253.72 - - [19/May/2021:09:38:44 +0800] "GET /xingrg/kc/buy/cgsh_order_operate.html?command=get_materiel&rest_code=00150&code=00101009062&supplier_code=00100424&order_time=2021-05-19 HTTP/1.1" 200 412
116.235.222.38 - - [19/May/2021:09:38:44 +0800] "GET /xingrg/all/function/internal_message.html?_=1621388319446&CODE_STATE=getMsg HTTP/1.1" 200 27
116.235.222.38 - - [19/May/2021:09:38:49 +0800] "GET /xingrg/kc/buy/cgsh_order_operate.html?command=get_materiel&rest_code=00107&code=00101008146&supplier_code=00100006&order_time=2021-05-19 HTTP/1.1" 200 416
116.224.253.72 - - [19/May/2021:09:38:50 +0800] "GET /xingrg/kc/buy/cgsh_order_operate.html?command=get_materiel&rest_code=00150&code=00101009124&supplier_code=00100424&order_time=2021-05-19 HTTP/1.1" 200 402
222.69.131.59 - - [19/May/2021:09:38:50 +0800] "GET /xingrg/kc/buy/cgsh_order_operate.html?command=get_materiel&rest_code=00149&code=00101008168&supplier_code=00100005&order_time=2021-05-19 HTTP/1.1" 200 413
180.169.147.146 - - [19/May/2021:09:38:51 +0800] "GET /xingrg/all/function/internal_message.html?_=1621388335434&CODE_STATE=getMsg HTTP/1.1" 200 27
58.40.7.146 - - [19/May/2021:09:38:56 +0800] "GET /xingrg/all/function/internal_message.html?_=1621388334605&CODE_STATE=getMsg HTTP/1.1" 302 -
222.69.131.59 - - [19/May/2021:09:38:57 +0800] "POST /xingrg/services/DataTransmitService HTTP/1.1" 200 501
61.165.42.208 - - [19/May/2021:09:38:58 +0800] "GET /xingrg/all/function/internal_message.html?_=1621388319571&CODE_STATE=getMsg HTTP/1.1" 200 27
117.184.7.26 - - [19/May/2021:09:38:58 +0800] "POST /xingrg/kc/buy/cgsh_order_operate.html HTTP/1.1" 200 37
120.253.135.82 - - [19/May/2021:09:38:58 +0800] "GET /xingrg/all/function/internal_message.html?_=1621388391307&CODE_STATE=getMsg HTTP/1.1" 200 27
116.224.253.72 - - [19/May/2021:09:38:59 +0800] "GET /xingrg/kc/buy/cgsh_order_operate.html?command=get_materiel&rest_code=00150&code=00101009007&supplier_code=00100424&order_time=2021-05-19 HTTP/1.1" 200 408
222.69.131.59 - - [19/May/2021:09:38:59 +0800] "POST /xingrg/services/DataTransmitService HTTP/1.1" 200 501
117.184.7.26 - - [19/May/2021:09:39:00 +0800] "POST /xingrg/kc/buy/cgsh_order_operate.html HTTP/1.1" 200 6208
116.235.222.38 - - [19/May/2021:09:39:00 +0800] "GET /xingrg/kc/buy/cgsh_order_operate.html?command=get_materiel&rest_code=00107&code=00101008147&supplier_code=00100006&order_time=2021-05-19 HTTP/1.1" 200 416
117.184.7.26 - - [19/May/2021:09:39:02 +0800] "GET /xingrg/kc/print/load_data.html?order_code=212021051908332&kc_code=cgsh&condition= HTTP/1.1" 200 2001
117.184.7.26 - - [19/May/2021:09:39:05 +0800] "GET /xingrg/all/function/internal_message.html?_=1621388340000&CODE_STATE=getMsg HTTP/1.1" 200 27
116.224.253.72 - - [19/May/2021:09:39:05 +0800] "GET /xingrg/all/function/internal_message.html?_=1621388325579&CODE_STATE=getMsg HTTP/1.1" 200 27
116.224.253.72 - - [19/May/2021:09:39:07 +0800] "GET /xingrg/kc/buy/cgsh_order_operate.html?command=get_materiel&rest_code=00150&code=00101009011&supplier_code=00100424&order_time=2021-05-19 HTTP/1.1" 200 416
117.184.7.26 - - [19/May/2021:09:39:07 +0800] "GET /xingrg/kc/buy/cgsh_order_add.html HTTP/1.1" 200 61991
117.184.7.26 - - [19/May/2021:09:39:07 +0800] "POST /xingrg/kc/buy/cgsh_order_operate.html HTTP/1.1" 200 8245
117.184.7.26 - - [19/May/2021:09:39:08 +0800] "GET /xingrg/javascript/easyui/themes/default/validatebox.css HTTP/1.1" 404 1104
180.169.147.146 - - [19/May/2021:09:39:08 +0800] "GET /xingrg/all/function/internal_message.html?_=1621388349950&CODE_STATE=getMsg HTTP/1.1" 200 27
116.235.222.38 - - [19/May/2021:09:39:10 +0800] "GET /xingrg/kc/buy/cgsh_order_operate.html?command=get_materiel&rest_code=00107&code=00101008230&supplier_code=00100006&order_time=2021-05-19 HTTP/1.1" 200 408
116.235.222.38 - - [19/May/2021:09:39:11 +0800] "GET /xingrg/all/function/internal_message.html?_=1621388346239&CODE_STATE=getMsg HTTP/1.1" 200 27
116.224.253.72 - - [19/May/2021:09:39:12 +0800] "GET /xingrg/kc/buy/cgsh_order_operate.html?command=get_materiel&rest_code=00150&code=00101009015&supplier_code=00100424&order_time=2021-05-19 HTTP/1.1" 200 416
222.69.131.59 - - [19/May/2021:09:39:12 +0800] "GET /xingrg/kc/buy/cgsh_order_operate.html?command=get_materiel&rest_code=00149&code=00101010136&supplier_code=00100005&order_time=2021-05-19 HTTP/1.1" 200 408
116.230.114.112 - - [19/May/2021:09:39:13 +0800] "GET /xingrg/all/function/internal_message.html?_=1621388361373&CODE_STATE=getMsg HTTP/1.1" 200 27
116.235.222.38 - - [19/May/2021:09:39:13 +0800] "POST /xingrg/kc/buy/cgsh_order_operate.html HTTP/1.1" 200 2065
116.224.253.72 - - [19/May/2021:09:39:19 +0800] "POST /xingrg/kc/buy/cgsh_order_operate.html HTTP/1.1" 200 37
117.184.7.26 - - [19/May/2021:09:39:20 +0800] "GET /xingrg/kc/buy/cgsh_order_operate.html?command=get_materiel&rest_code=00108&code=00101009010&supplier_code=00100424&order_time=2021-05-15 HTTP/1.1" 200 412
116.235.222.38 - - [19/May/2021:09:39:20 +0800] "GET /xingrg/kc/buy/cgsh_order_operate.html?command=get_materiel&rest_code=00107&code=00101008036&supplier_code=00100006&order_time=2021-05-19 HTTP/1.1" 200 408
116.224.253.72 - - [19/May/2021:09:39:22 +0800] "GET /xingrg/check_reg.html?_=1621388361609 HTTP/1.1" 200 22
116.224.253.72 - - [19/May/2021:09:39:22 +0800] "GET /xingrg/all/function/internal_message.html?_=1621388361611&CODE_STATE=getMsg HTTP/1.1" 200 27
116.224.253.72 - - [19/May/2021:09:39:22 +0800] "POST /xingrg/kc/buy/cgsh_order_operate.html HTTP/1.1" 200 5622
120.253.135.82 - - [19/May/2021:09:39:26 +0800] "GET /xingrg/all/function/internal_message.html?_=1621388146739&CODE_STATE=getMsg HTTP/1.1" 200 27
117.184.7.26 - - [19/May/2021:09:39:28 +0800] "GET /xingrg/kc/buy/cgsh_order_operate.html?command=get_materiel&rest_code=00108&code=00101009011&supplier_code=00100424&order_time=2021-05-15 HTTP/1.1" 200 416
116.230.114.112 - - [19/May/2021:09:39:35 +0800] "GET /xingrg/check_reg.html?_=1621388383060 HTTP/1.1" 200 22
116.224.253.72 - - [19/May/2021:09:39:37 +0800] "GET /favicon.ico HTTP/1.1" 404 -
222.69.131.59 - - [19/May/2021:09:39:38 +0800] "GET /xingrg/all/function/internal_message.html?_=1621388376962&CODE_STATE=getMsg HTTP/1.1" 200 27
116.235.222.38 - - [19/May/2021:09:39:39 +0800] "GET /xingrg/kc/buy/cgsh_order_operate.html?command=get_materiel&rest_code=00107&code=00101008352&supplier_code=00100006&order_time=2021-05-19 HTTP/1.1" 200 412
116.224.253.72 - - [19/May/2021:09:39:40 +0800] "GET /xingrg/login.html HTTP/1.1" 200 7641
116.224.253.72 - - [19/May/2021:09:39:41 +0800] "GET /favicon.ico HTTP/1.1" 404 -
116.230.110.80 - - [19/May/2021:09:39:41 +0800] "GET /xingrg/all/function/internal_message.html?_=1621388379759&CODE_STATE=getMsg HTTP/1.1" 200 27
116.224.253.72 - - [19/May/2021:09:39:42 +0800] "POST /xingrg/all/user/operate.html HTTP/1.1" 200 36
116.224.253.72 - - [19/May/2021:09:39:42 +0800] "GET /xingrg/index.html?sysBaseUrl=http%3A%2F%2F180.169.147.146%3A18081%2Fxingrg%2F&costTime=1731×tamp=1621387756231 HTTP/1.1" 200 17177
116.224.253.72 - - [19/May/2021:09:39:42 +0800] "GET /xingrg/javascript/jquery_easy_ui/themes/default/easyui.css HTTP/1.1" 304 -
116.224.253.72 - - [19/May/2021:09:39:42 +0800] "GET /xingrg/javascript/jquery_easy_ui/themes/icon.css HTTP/1.1" 304 -
116.224.253.72 - - [19/May/2021:09:39:42 +0800] "GET /xingrg/css/form.css HTTP/1.1" 304 -
116.224.253.72 - - [19/May/2021:09:39:42 +0800] "GET /xingrg/javascript/jquery-1.4.2.min.js HTTP/1.1" 304 -
116.224.253.72 - - [19/May/2021:09:39:42 +0800] "GET /xingrg/javascript/jquery_easy_ui/jquery.easyui.min.js HTTP/1.1" 304 -
116.224.253.72 - - [19/May/2021:09:39:42 +0800] "GET /xingrg/javascript/jquery_easy_ui/easyui-lang-zh_CN.js HTTP/1.1" 304 -
116.224.253.72 - - [19/May/2021:09:39:42 +0800] "GET /xingrg/javascript/jquery.form.js HTTP/1.1" 304 -
116.224.253.72 - - [19/May/2021:09:39:42 +0800] "GET /xingrg/javascript/jquery.utils.js HTTP/1.1" 304 -
116.224.253.72 - - [19/May/2021:09:39:42 +0800] "GET /xingrg/javascript/jquery.timers.js HTTP/1.1" 304 -
117.184.7.26 - - [19/May/2021:09:39:42 +0800] "GET /xingrg/kc/buy/cgsh_order_operate.html?command=get_materiel&rest_code=00108&code=00101009050&supplier_code=00100424&order_time=2021-05-15 HTTP/1.1" 200 408
116.224.253.72 - - [19/May/2021:09:39:42 +0800] "GET /xingrg/images/blue/jxLogo.png HTTP/1.1" 304 -
116.224.253.72 - - [19/May/2021:09:39:42 +0800] "GET /xingrg/images/blue/navBackgound.jpg HTTP/1.1" 304 -
116.224.253.72 - - [19/May/2021:09:39:42 +0800] "GET /xingrg/javascript/jquery_easy_ui/themes/icons/settle_new.png HTTP/1.1" 304 -
116.224.253.72 - - [19/May/2021:09:39:43 +0800] "GET /xingrg/all/function/internal_message.html?_=1621388382151&CODE_STATE=count HTTP/1.1" 200 11
116.224.253.72 - - [19/May/2021:09:39:43 +0800] "GET /xingrg/check_reg.html?_=1621388382154 HTTP/1.1" 200 22
116.224.253.72 - - [19/May/2021:09:39:43 +0800] "GET /xingrg/javascript/jquery_easy_ui/themes/default/images/tabs_leftarrow.png HTTP/1.1" 304 -
116.224.253.72 - - [19/May/2021:09:39:43 +0800] "GET /xingrg/images/blue/pingpu.png HTTP/1.1" 304 -
116.224.253.72 - - [19/May/2021:09:39:43 +0800] "GET /xingrg/javascript/jquery_easy_ui/themes/default/images/panel_tool_collapse.gif HTTP/1.1" 304 -
116.224.253.72 - - [19/May/2021:09:39:43 +0800] "GET /xingrg/javascript/jquery_easy_ui/themes/default/images/tabs_rightarrow.png HTTP/1.1" 304 -
116.224.253.72 - - [19/May/2021:09:39:43 +0800] "POST /xingrg/all/common/load_tree.html?tree=area_rest_tree_json&manage=1 HTTP/1.1" 200 476
116.224.253.72 - - [19/May/2021:09:39:43 +0800] "POST /xingrg/load_menu.html HTTP/1.1" 200 5138
116.235.222.38 - - [19/May/2021:09:39:44 +0800] "GET /xingrg/all/function/internal_message.html?_=1621388379421&CODE_STATE=getMsg HTTP/1.1" 200 27
116.224.253.72 - - [19/May/2021:09:39:45 +0800] "GET /xingrg/kc/buy/cgsh_order_list.html HTTP/1.1" 200 46257
116.224.253.72 - - [19/May/2021:09:39:47 +0800] "POST /xingrg/login.do HTTP/1.1" 302 -
116.224.253.72 - - [19/May/2021:09:39:47 +0800] "GET /xingrg/index.html?sysBaseUrl=http%3A%2F%2F180.169.147.146%3A18081%2Fxingrg%2F&costTime=2246×tamp=1621388387189 HTTP/1.1" 200 17179
116.224.253.72 - - [19/May/2021:09:39:47 +0800] "GET /xingrg/javascript/jquery-1.4.2.min.js HTTP/1.1" 304 -
116.224.253.72 - - [19/May/2021:09:39:47 +0800] "GET /xingrg/css/form.css HTTP/1.1" 304 -
116.224.253.72 - - [19/May/2021:09:39:47 +0800] "GET /xingrg/javascript/jquery_easy_ui/themes/icon.css HTTP/1.1" 304 -
116.224.253.72 - - [19/May/2021:09:39:47 +0800] "GET /xingrg/javascript/jquery_easy_ui/jquery.easyui.min.js HTTP/1.1" 304 -
116.224.253.72 - - [19/May/2021:09:39:47 +0800] "GET /xingrg/javascript/jquery.utils.js HTTP/1.1" 304 -
116.224.253.72 - - [19/May/2021:09:39:47 +0800] "GET /xingrg/javascript/jquery_easy_ui/themes/default/easyui.css HTTP/1.1" 304 -
116.224.253.72 - - [19/May/2021:09:39:47 +0800] "GET /xingrg/javascript/jquery_easy_ui/easyui-lang-zh_CN.js HTTP/1.1" 304 -
116.224.253.72 - - [19/May/2021:09:39:47 +0800] "GET /xingrg/javascript/jquery.timers.js HTTP/1.1" 304 -
116.224.253.72 - - [19/May/2021:09:39:47 +0800] "GET /xingrg/javascript/jquery.form.js HTTP/1.1" 304 -
116.224.253.72 - - [19/May/2021:09:39:47 +0800] "GET /xingrg/all/function/internal_message.html?_=1621388367570&CODE_STATE=count HTTP/1.1" 200 11
116.224.253.72 - - [19/May/2021:09:39:47 +0800] "GET /xingrg/check_reg.html?_=1621388367571 HTTP/1.1" 200 22
116.224.253.72 - - [19/May/2021:09:39:47 +0800] "POST /xingrg/load_menu.html HTTP/1.1" 200 5138
116.224.253.72 - - [19/May/2021:09:39:47 +0800] "POST /xingrg/all/common/load_tree.html?tree=area_rest_tree_json&manage=1 HTTP/1.1" 200 476
116.224.253.72 - - [19/May/2021:09:39:48 +0800] "GET /favicon.ico HTTP/1.1" 404 -
116.224.253.72 - - [19/May/2021:09:39:49 +0800] "POST /xingrg/kc/buy/cgsh_list_operate.html HTTP/1.1" 200 2088
117.184.7.26 - - [19/May/2021:09:39:51 +0800] "GET /xingrg/kc/buy/cgsh_order_operate.html?command=get_materiel&rest_code=00108&code=00101009062&supplier_code=00100424&order_time=2021-05-15 HTTP/1.1" 200 412
180.169.147.146 - - [19/May/2021:09:39:51 +0800] "GET /xingrg/all/function/internal_message.html?_=1621388395437&CODE_STATE=getMsg HTTP/1.1" 200 27
116.224.253.72 - - [19/May/2021:09:39:52 +0800] "POST /xingrg/all/user/operate.html HTTP/1.1" 200 36
116.224.253.72 - - [19/May/2021:09:39:52 +0800] "GET /xingrg/javascript/jquery_easy_ui/themes/default/easyui.css HTTP/1.1" 304 -
116.224.253.72 - - [19/May/2021:09:39:52 +0800] "GET /xingrg/index.html?sysBaseUrl=http%3A%2F%2F180.169.147.146%3A18081%2Fxingrg%2F&costTime=2246×tamp=1621388387189 HTTP/1.1" 200 17177
116.224.253.72 - - [19/May/2021:09:39:52 +0800] "GET /xingrg/javascript/jquery_easy_ui/themes/icon.css HTTP/1.1" 304 -
116.224.253.72 - - [19/May/2021:09:39:52 +0800] "GET /xingrg/css/form.css HTTP/1.1" 304 -
116.224.253.72 - - [19/May/2021:09:39:52 +0800] "GET /xingrg/javascript/jquery-1.4.2.min.js HTTP/1.1" 304 -
116.224.253.72 - - [19/May/2021:09:39:52 +0800] "GET /xingrg/kc/buy/cgsh_order_add.html HTTP/1.1" 200 61633
116.224.253.72 - - [19/May/2021:09:39:52 +0800] "GET /xingrg/javascript/jquery_easy_ui/jquery.easyui.min.js HTTP/1.1" 304 -
116.224.253.72 - - [19/May/2021:09:39:52 +0800] "GET /xingrg/javascript/jquery_easy_ui/easyui-lang-zh_CN.js HTTP/1.1" 304 -
116.224.253.72 - - [19/May/2021:09:39:52 +0800] "GET /xingrg/javascript/jquery.form.js HTTP/1.1" 304 -
116.224.253.72 - - [19/May/2021:09:39:52 +0800] "GET /xingrg/javascript/jquery.utils.js HTTP/1.1" 304 -
116.224.253.72 - - [19/May/2021:09:39:52 +0800] "GET /xingrg/javascript/jquery.timers.js HTTP/1.1" 304 -
116.224.253.72 - - [19/May/2021:09:39:52 +0800] "GET /xingrg/images/blue/jxLogo.png HTTP/1.1" 304 -
116.224.253.72 - - [19/May/2021:09:39:52 +0800] "GET /xingrg/images/blue/navBackgound.jpg HTTP/1.1" 304 -
116.224.253.72 - - [19/May/2021:09:39:52 +0800] "GET /xingrg/javascript/jquery_easy_ui/themes/icons/settle_new.png HTTP/1.1" 304 -
116.224.253.72 - - [19/May/2021:09:39:52 +0800] "GET /xingrg/images/blue/pingpu.png HTTP/1.1" 304 -
116.224.253.72 - - [19/May/2021:09:39:52 +0800] "GET /xingrg/javascript/jquery_easy_ui/themes/default/images/tabs_rightarrow.png HTTP/1.1" 304 -
116.224.253.72 - - [19/May/2021:09:39:52 +0800] "GET /xingrg/javascript/jquery_easy_ui/themes/default/images/tabs_leftarrow.png HTTP/1.1" 304 -
116.224.253.72 - - [19/May/2021:09:39:52 +0800] "GET /xingrg/javascript/jquery_easy_ui/themes/default/images/panel_tool_collapse.gif HTTP/1.1" 304 -
116.224.253.72 - - [19/May/2021:09:39:52 +0800] "GET /xingrg/all/function/internal_message.html?_=1621388372772&CODE_STATE=count HTTP/1.1" 200 11
116.224.253.72 - - [19/May/2021:09:39:52 +0800] "GET /xingrg/check_reg.html?_=1621388372773 HTTP/1.1" 200 22
116.224.253.72 - - [19/May/2021:09:39:52 +0800] "POST /xingrg/kc/buy/cgsh_order_operate.html HTTP/1.1" 200 8245
116.224.253.72 - - [19/May/2021:09:39:53 +0800] "POST /xingrg/load_menu.html HTTP/1.1" 200 5138
116.224.253.72 - - [19/May/2021:09:39:53 +0800] "POST /xingrg/all/common/load_tree.html?tree=area_rest_tree_json&manage=1 HTTP/1.1" 200 476
116.224.253.72 - - [19/May/2021:09:39:53 +0800] "GET /xingrg/javascript/easyui/themes/default/validatebox.css HTTP/1.1" 404 1104
116.224.253.72 - - [19/May/2021:09:39:53 +0800] "GET /xingrg/all/common/auto_word.html?type=employee&rest_code=00151 HTTP/1.1" 200 243
116.224.253.72 - - [19/May/2021:09:39:53 +0800] "GET /xingrg/all/common/auto_word.html?type=employee&rest_code=00151 HTTP/1.1" 200 243
116.224.253.72 - - [19/May/2021:09:39:54 +0800] "GET /xingrg/javascript/auto/indicator.gif HTTP/1.1" 404 1066
116.235.222.38 - - [19/May/2021:09:39:55 +0800] "GET /xingrg/kc/buy/cgsh_order_operate.html?command=get_materiel&rest_code=00107&code=00101008005&supplier_code=00100006&order_time=2021-05-19 HTTP/1.1" 200 412
58.40.7.146 - - [19/May/2021:09:39:56 +0800] "GET /xingrg/all/function/internal_message.html?_=1621388394608&CODE_STATE=getMsg HTTP/1.1" 302 -
116.224.253.72 - - [19/May/2021:09:39:56 +0800] "GET /xingrg/css/base.css HTTP/1.1" 304 -
116.224.253.72 - - [19/May/2021:09:39:56 +0800] "GET /xingrg/css/site.css HTTP/1.1" 304 -
116.224.253.72 - - [19/May/2021:09:39:56 +0800] "GET /xingrg/javascript/jquery_tools/datebox.css HTTP/1.1" 304 -
116.224.253.72 - - [19/May/2021:09:39:56 +0800] "GET /xingrg/javascript/easyui/themes/icon.css HTTP/1.1" 304 -
116.224.253.72 - - [19/May/2021:09:39:56 +0800] "GET /xingrg/javascript/auto/jquery.autocomplete.css HTTP/1.1" 304 -
116.224.253.72 - - [19/May/2021:09:39:56 +0800] "GET /xingrg/javascript/jquery_tools/fix.css HTTP/1.1" 304 -
116.224.253.72 - - [19/May/2021:09:39:56 +0800] "GET /xingrg/javascript/jquery_tools/table.css HTTP/1.1" 304 -
116.224.253.72 - - [19/May/2021:09:39:56 +0800] "GET /xingrg/kc/buy/cgsh_order_list.html HTTP/1.1" 200 46257
116.224.253.72 - - [19/May/2021:09:39:56 +0800] "GET /xingrg/javascript/jquery_tools/jquery.tools.min.js HTTP/1.1" 304 -
116.224.253.72 - - [19/May/2021:09:39:56 +0800] "GET /xingrg/javascript/jquery_tools/jquery.tools.extend.js HTTP/1.1" 304 -
116.224.253.72 - - [19/May/2021:09:39:56 +0800] "GET /xingrg/javascript/jquery_tools/jquery.tools.hotkey.js HTTP/1.1" 304 -
116.224.253.72 - - [19/May/2021:09:39:56 +0800] "GET /xingrg/javascript/auto/jquery.autocomplete.js HTTP/1.1" 304 -
116.224.253.72 - - [19/May/2021:09:39:56 +0800] "GET /xingrg/javascript/jquery_tools/jquery.tools.table.js HTTP/1.1" 304 -
116.224.253.72 - - [19/May/2021:09:39:56 +0800] "GET /xingrg/javascript/jquery_tools/list_manager.js HTTP/1.1" 304 -
116.224.253.72 - - [19/May/2021:09:39:56 +0800] "GET /xingrg/javascript/easyui/themes/default/easyui.css HTTP/1.1" 304 -
116.224.253.72 - - [19/May/2021:09:39:56 +0800] "GET /xingrg/javascript/jquery.cookie.js HTTP/1.1" 304 -
116.224.253.72 - - [19/May/2021:09:39:56 +0800] "GET /xingrg/javascript/print/LodopFuncs.js HTTP/1.1" 304 -
116.224.253.72 - - [19/May/2021:09:39:56 +0800] "GET /xingrg/javascript/easyui/easyloader.js HTTP/1.1" 304 -
116.224.253.72 - - [19/May/2021:09:39:56 +0800] "GET /xingrg/javascript/easyui/plugins/jquery.parser.js HTTP/1.1" 304 -
120.253.135.82 - - [19/May/2021:09:39:57 +0800] "GET /xingrg/check_reg.html?_=1621388450078 HTTP/1.1" 200 22
61.165.42.208 - - [19/May/2021:09:39:58 +0800] "GET /xingrg/all/function/internal_message.html?_=1621388379572&CODE_STATE=getMsg HTTP/1.1" 200 27
120.253.135.82 - - [19/May/2021:09:39:58 +0800] "GET /xingrg/all/function/internal_message.html?_=1621388451321&CODE_STATE=getMsg HTTP/1.1" 200 27
116.224.253.72 - - [19/May/2021:09:39:59 +0800] "GET /xingrg/kc/buy/cgsh_order_operate.html?command=get_materiel&rest_code=00151&code=00101011005&supplier_code=00100047&order_time=2021-05-19 HTTP/1.1" 200 408
116.224.253.72 - - [19/May/2021:09:39:59 +0800] "POST /xingrg/kc/buy/cgsh_list_operate.html HTTP/1.1" 200 2088
116.224.253.72 - - [19/May/2021:09:40:02 +0800] "POST /xingrg/kc/buy/cgsh_list_operate.html HTTP/1.1" 200 493
116.224.253.72 - - [19/May/2021:09:40:04 +0800] "GET /xingrg/javascript/pic_change.js HTTP/1.1" 304 -
116.224.253.72 - - [19/May/2021:09:40:04 +0800] "GET /xingrg/kc/buy/cgsh_order_info.html?code=212021051908331 HTTP/1.1" 200 61654
116.224.253.72 - - [19/May/2021:09:40:04 +0800] "GET /xingrg/javascript/json2.js HTTP/1.1" 304 -
116.224.253.72 - - [19/May/2021:09:40:04 +0800] "GET /xingrg/javascript/print/kc_print.js HTTP/1.1" 304 -
116.224.253.72 - - [19/May/2021:09:40:04 +0800] "GET /xingrg/javascript/convert.js HTTP/1.1" 304 -
116.224.253.72 - - [19/May/2021:09:40:04 +0800] "GET /xingrg/javascript/jquery_tools/order_manager.js HTTP/1.1" 304 -
116.224.253.72 - - [19/May/2021:09:40:04 +0800] "GET /xingrg/words/20210518171239_words.js HTTP/1.1" 304 -
116.224.253.72 - - [19/May/2021:09:40:04 +0800] "GET /xingrg/javascript/easyui/themes/default/validatebox.css HTTP/1.1" 404 1104
116.224.253.72 - - [19/May/2021:09:40:04 +0800] "GET /xingrg/javascript/easyui/plugins/jquery.validatebox.js HTTP/1.1" 304 -
116.224.253.72 - - [19/May/2021:09:40:04 +0800] "GET /xingrg/javascript/easyui/plugins/jquery.numberbox.js HTTP/1.1" 304 -
116.224.253.72 - - [19/May/2021:09:40:04 +0800] "GET /xingrg/all/common/auto_word.html?type=employee&rest_code=00151 HTTP/1.1" 200 243
116.224.253.72 - - [19/May/2021:09:40:04 +0800] "GET /xingrg/all/common/auto_word.html?type=employee&rest_code=00151 HTTP/1.1" 200 243
117.184.7.26 - - [19/May/2021:09:40:05 +0800] "GET /xingrg/all/function/internal_message.html?_=1621388399983&CODE_STATE=getMsg HTTP/1.1" 200 27
116.224.253.72 - - [19/May/2021:09:40:05 +0800] "POST /xingrg/kc/buy/cgsh_order_operate.html HTTP/1.1" 200 5058
116.235.222.38 - - [19/May/2021:09:40:06 +0800] "GET /xingrg/kc/buy/cgsh_order_operate.html?command=get_materiel&rest_code=00107&code=00101008353&supplier_code=00100006&order_time=2021-05-19 HTTP/1.1" 200 408
116.224.253.72 - - [19/May/2021:09:40:06 +0800] "GET /xingrg/kc/buy/cgsh_order_operate.html?command=get_materiel&rest_code=00151&code=00101011001&supplier_code=00100047&order_time=2021-05-19 HTTP/1.1" 200 423
116.232.48.118 - - [19/May/2021:09:40:07 +0800] "GET /xingrg/all/function/internal_message.html?_=1621388408205&CODE_STATE=getMsg HTTP/1.1" 200 27
180.169.147.146 - - [19/May/2021:09:40:08 +0800] "GET /xingrg/all/function/internal_message.html?_=1621388409964&CODE_STATE=getMsg HTTP/1.1" 200 27
116.224.253.72 - - [19/May/2021:09:40:11 +0800] "GET /xingrg/javascript/auto/indicator.gif HTTP/1.1" 404 1066
116.235.222.38 - - [19/May/2021:09:40:11 +0800] "GET /xingrg/all/function/internal_message.html?_=1621388406239&CODE_STATE=getMsg HTTP/1.1" 200 27
116.230.114.112 - - [19/May/2021:09:40:13 +0800] "GET /xingrg/all/function/internal_message.html?_=1621388421387&CODE_STATE=getMsg HTTP/1.1" 200 27
116.232.48.118 - - [19/May/2021:09:40:14 +0800] "GET /xingrg/kc/buy/cgsh_order_add.html HTTP/1.1" 200 62032
116.232.48.118 - - [19/May/2021:09:40:14 +0800] "POST /xingrg/kc/buy/cgsh_order_operate.html HTTP/1.1" 200 8245
116.232.48.118 - - [19/May/2021:09:40:14 +0800] "GET /xingrg/javascript/easyui/themes/default/validatebox.css HTTP/1.1" 404 1104
116.232.48.118 - - [19/May/2021:09:40:17 +0800] "GET /xingrg/all/common/auto_word.html?type=employee&rest_code=00109 HTTP/1.1" 200 205
116.232.48.118 - - [19/May/2021:09:40:17 +0800] "GET /xingrg/all/common/auto_word.html?type=employee&rest_code=00109 HTTP/1.1" 200 205
116.224.253.72 - - [19/May/2021:09:40:19 +0800] "POST /xingrg/kc/buy/cgsh_order_operate.html HTTP/1.1" 200 37
116.232.48.118 - - [19/May/2021:09:40:19 +0800] "GET /xingrg/javascript/jquery_tools/images/prev.gif HTTP/1.1" 404 1086
116.232.48.118 - - [19/May/2021:09:40:19 +0800] "GET /xingrg/javascript/jquery_tools/images/next.gif HTTP/1.1" 404 1086
116.224.253.72 - - [19/May/2021:09:40:20 +0800] "GET /xingrg/kc/buy/cgsh_order_operate.html?command=get_materiel&rest_code=00151&code=00101009047&supplier_code=00100424&order_time=2021-05-19 HTTP/1.1" 200 23
116.232.48.118 - - [19/May/2021:09:40:23 +0800] "GET /xingrg/kc/buy/cgsh_order_operate.html?command=get_materiel&rest_code=00109&code=00101011003&supplier_code=00100046&order_time=2021-05-19 HTTP/1.1" 200 413
120.253.135.82 - - [19/May/2021:09:40:26 +0800] "GET /xingrg/all/function/internal_message.html?_=1621388206756&CODE_STATE=getMsg HTTP/1.1" 200 27
117.184.7.26 - - [19/May/2021:09:40:26 +0800] "POST /xingrg/kc/buy/cgsh_order_operate.html HTTP/1.1" 200 88
222.69.131.59 - - [19/May/2021:09:40:30 +0800] "POST /xingrg/kc/buy/cgsh_order_operate.html HTTP/1.1" 200 37
58.221.95.50 - - [19/May/2021:09:40:31 +0800] "GET /xingrg/check_reg.html?_=1621388431639 HTTP/1.1" 302 -
116.235.222.38 - - [19/May/2021:09:40:31 +0800] "GET /xingrg/kc/buy/cgsh_order_operate.html?command=get_materiel&rest_code=00107&code=00101008213&supplier_code=00100006&order_time=2021-05-19 HTTP/1.1" 200 412
116.232.48.118 - - [19/May/2021:09:40:34 +0800] "POST /xingrg/kc/buy/cgsh_order_operate.html HTTP/1.1" 200 37
222.69.131.59 - - [19/May/2021:09:40:34 +0800] "POST /xingrg/kc/buy/cgsh_order_operate.html HTTP/1.1" 200 33402
116.235.222.38 - - [19/May/2021:09:40:35 +0800] "POST /xingrg/kc/buy/cgsh_order_operate.html HTTP/1.1" 200 2065
116.224.253.72 - - [19/May/2021:09:40:35 +0800] "POST /xingrg/kc/buy/cgsh_order_operate.html HTTP/1.1" 200 12
222.69.131.59 - - [19/May/2021:09:40:38 +0800] "GET /xingrg/all/function/internal_message.html?_=1621388436957&CODE_STATE=getMsg HTTP/1.1" 200 27
117.184.7.26 - - [19/May/2021:09:40:38 +0800] "POST /xingrg/kc/buy/cgsh_order_operate.html HTTP/1.1" 200 37
116.232.48.118 - - [19/May/2021:09:40:38 +0800] "POST /xingrg/kc/buy/cgsh_order_operate.html HTTP/1.1" 200 2656
116.232.48.118 - - [19/May/2021:09:40:40 +0800] "GET /xingrg/kc/print/load_config.html?kc_code=cgsh HTTP/1.1" 200 1845
117.184.7.26 - - [19/May/2021:09:40:40 +0800] "POST /xingrg/kc/buy/cgsh_order_operate.html HTTP/1.1" 200 4431
116.232.48.118 - - [19/May/2021:09:40:40 +0800] "GET /xingrg/kc/print/load_data.html?order_code=212021051908336&kc_code=cgsh&condition= HTTP/1.1" 200 667
116.230.110.80 - - [19/May/2021:09:40:41 +0800] "GET /xingrg/all/function/internal_message.html?_=1621388439764&CODE_STATE=getMsg HTTP/1.1" 200 27
116.224.253.72 - - [19/May/2021:09:40:41 +0800] "GET /xingrg/javascript/jquery_tools/images/next.gif HTTP/1.1" 404 1086
116.224.253.72 - - [19/May/2021:09:40:41 +0800] "GET /xingrg/javascript/jquery_tools/images/prev.gif HTTP/1.1" 404 1086
117.184.7.26 - - [19/May/2021:09:40:42 +0800] "GET /xingrg/kc/print/load_data.html?order_code=212021051908337&kc_code=cgsh&condition= HTTP/1.1" 200 1333
116.224.253.72 - - [19/May/2021:09:40:44 +0800] "GET /xingrg/kc/buy/cgsh_order_operate.html?command=get_materiel&rest_code=00151&code=00101009124&supplier_code=00100424&order_time=2021-05-19 HTTP/1.1" 200 402
116.235.222.38 - - [19/May/2021:09:40:44 +0800] "GET /xingrg/all/function/internal_message.html?_=1621388439426&CODE_STATE=getMsg HTTP/1.1" 200 27
116.235.222.38 - - [19/May/2021:09:40:44 +0800] "GET /xingrg/check_reg.html?_=1621388439496 HTTP/1.1" 200 22
116.235.222.38 - - [19/May/2021:09:40:50 +0800] "GET /xingrg/kc/buy/cgsh_order_operate.html?command=get_materiel&rest_code=00107&code=00101010033&supplier_code=00100006&order_time=2021-05-19 HTTP/1.1" 200 418
180.169.147.146 - - [19/May/2021:09:40:51 +0800] "GET /xingrg/check_reg.html?_=1621388455440 HTTP/1.1" 200 22
180.169.147.146 - - [19/May/2021:09:40:51 +0800] "GET /xingrg/all/function/internal_message.html?_=1621388455441&CODE_STATE=getMsg HTTP/1.1" 200 27
116.224.253.72 - - [19/May/2021:09:40:52 +0800] "GET /xingrg/all/function/internal_message.html?_=1621388432782&CODE_STATE=getMsg HTTP/1.1" 200 27
116.235.222.38 - - [19/May/2021:09:40:53 +0800] "POST /xingrg/all/common/load_select.html HTTP/1.1" 200 12
116.224.253.72 - - [19/May/2021:09:40:54 +0800] "GET /xingrg/kc/buy/cgsh_order_operate.html?command=get_materiel&rest_code=00151&code=00101009066&supplier_code=00100424&order_time=2021-05-19 HTTP/1.1" 200 416
58.40.7.146 - - [19/May/2021:09:40:56 +0800] "GET /xingrg/all/function/internal_message.html?_=1621388454611&CODE_STATE=getMsg HTTP/1.1" 302 -
58.40.7.146 - - [19/May/2021:09:40:56 +0800] "GET /xingrg/check_reg.html?_=1621388454613 HTTP/1.1" 302 -
116.235.222.38 - - [19/May/2021:09:40:56 +0800] "GET /xingrg/kc/buy/cgsh_order_operate.html?command=get_materiel_price&rest_code=00107&code=00101010033&unit_code=00100020&supplier_code=00100006&order_time=2021-05-19 HTTP/1.1" 200 29
116.232.48.118 - - [19/May/2021:09:40:58 +0800] "GET /xingrg/all/function/internal_message.html?_=1621388458816&CODE_STATE=getMsg HTTP/1.1" 200 27
61.165.42.208 - - [19/May/2021:09:40:58 +0800] "GET /xingrg/all/function/internal_message.html?_=1621388439571&CODE_STATE=getMsg HTTP/1.1" 200 27
120.253.135.82 - - [19/May/2021:09:40:59 +0800] "GET /xingrg/all/function/internal_message.html?_=1621388511335&CODE_STATE=getMsg HTTP/1.1" 200 27
117.184.7.26 - - [19/May/2021:09:41:05 +0800] "GET /xingrg/all/function/internal_message.html?_=1621388459961&CODE_STATE=getMsg HTTP/1.1" 200 27
116.224.253.72 - - [19/May/2021:09:41:07 +0800] "GET /xingrg/kc/buy/cgsh_order_operate.html?command=get_materiel&rest_code=00151&code=00101009121&supplier_code=00100424&order_time=2021-05-19 HTTP/1.1" 200 410
180.169.147.146 - - [19/May/2021:09:41:08 +0800] "GET /xingrg/all/function/internal_message.html?_=1621388469977&CODE_STATE=getMsg HTTP/1.1" 200 27
116.235.222.38 - - [19/May/2021:09:41:09 +0800] "GET /xingrg/kc/buy/cgsh_order_operate.html?command=get_materiel&rest_code=00107&code=00101008282&supplier_code=00100006&order_time=2021-05-19 HTTP/1.1" 200 414
116.235.222.38 - - [19/May/2021:09:41:11 +0800] "GET /xingrg/all/function/internal_message.html?_=1621388466245&CODE_STATE=getMsg HTTP/1.1" 200 27
116.224.253.72 - - [19/May/2021:09:41:12 +0800] "GET /xingrg/kc/buy/cgsh_order_info.html?code=212021051908334 HTTP/1.1" 200 56535
116.224.253.72 - - [19/May/2021:09:41:12 +0800] "GET /xingrg/javascript/easyui/themes/default/validatebox.css HTTP/1.1" 404 1104
116.230.114.112 - - [19/May/2021:09:41:13 +0800] "GET /xingrg/all/function/internal_message.html?_=1621388481402&CODE_STATE=getMsg HTTP/1.1" 200 27
116.224.253.72 - - [19/May/2021:09:41:13 +0800] "POST /xingrg/kc/buy/cgsh_order_operate.html HTTP/1.1" 200 1222
116.224.253.72 - - [19/May/2021:09:41:15 +0800] "GET /xingrg/kc/print/load_data.html?order_code=212021051908334&kc_code=cgsh&condition= HTTP/1.1" 200 1005
116.224.253.72 - - [19/May/2021:09:41:22 +0800] "GET /xingrg/kc/buy/cgsh_order_add.html HTTP/1.1" 200 61633
116.224.253.72 - - [19/May/2021:09:41:23 +0800] "POST /xingrg/kc/buy/cgsh_order_operate.html HTTP/1.1" 200 8245
116.224.253.72 - - [19/May/2021:09:41:23 +0800] "GET /xingrg/javascript/easyui/themes/default/validatebox.css HTTP/1.1" 404 1104
116.232.48.118 - - [19/May/2021:09:41:23 +0800] "GET /xingrg/kc/buy/cgsh_order_add.html HTTP/1.1" 200 62032
116.232.48.118 - - [19/May/2021:09:41:23 +0800] "POST /xingrg/kc/buy/cgsh_order_operate.html HTTP/1.1" 200 8245
116.232.48.118 - - [19/May/2021:09:41:23 +0800] "GET /xingrg/javascript/easyui/themes/default/validatebox.css HTTP/1.1" 404 1104
116.232.48.118 - - [19/May/2021:09:41:23 +0800] "GET /xingrg/all/common/auto_word.html?type=employee&rest_code=00109 HTTP/1.1" 200 205
116.235.222.38 - - [19/May/2021:09:41:24 +0800] "GET /xingrg/kc/buy/cgsh_order_operate.html?command=get_materiel&rest_code=00107&code=00101008223&supplier_code=00100006&order_time=2021-05-19 HTTP/1.1" 200 414
116.232.48.118 - - [19/May/2021:09:41:24 +0800] "GET /xingrg/all/common/auto_word.html?type=employee&rest_code=00109 HTTP/1.1" 200 205
120.253.135.82 - - [19/May/2021:09:41:26 +0800] "GET /xingrg/all/function/internal_message.html?_=1621388266765&CODE_STATE=getMsg HTTP/1.1" 200 27
116.224.253.72 - - [19/May/2021:09:41:31 +0800] "POST /xingrg/kc/buy/cgsh_order_operate.html HTTP/1.1" 200 37
116.224.253.72 - - [19/May/2021:09:41:33 +0800] "POST /xingrg/kc/buy/cgsh_order_operate.html HTTP/1.1" 200 6881
222.69.131.59 - - [19/May/2021:09:41:38 +0800] "GET /xingrg/all/function/internal_message.html?_=1621388496944&CODE_STATE=getMsg HTTP/1.1" 200 27
116.230.110.80 - - [19/May/2021:09:41:41 +0800] "GET /xingrg/all/function/internal_message.html?_=1621388499746&CODE_STATE=getMsg HTTP/1.1" 200 27
116.224.253.72 - - [19/May/2021:09:41:43 +0800] "GET /xingrg/all/function/internal_message.html?_=1621388502173&CODE_STATE=getMsg HTTP/1.1" 200 27
116.235.222.38 - - [19/May/2021:09:41:44 +0800] "GET /xingrg/all/function/internal_message.html?_=1621388499419&CODE_STATE=getMsg HTTP/1.1" 200 27
116.235.222.38 - - [19/May/2021:09:41:46 +0800] "GET /xingrg/kc/buy/cgsh_order_operate.html?command=get_materiel&rest_code=00107&code=00101008248&supplier_code=00100006&order_time=2021-05-19 HTTP/1.1" 200 412
116.224.253.72 - - [19/May/2021:09:41:48 +0800] "GET /xingrg/css/base.css HTTP/1.1" 304 -
116.224.253.72 - - [19/May/2021:09:41:48 +0800] "GET /xingrg/css/site.css HTTP/1.1" 304 -
116.224.253.72 - - [19/May/2021:09:41:48 +0800] "GET /xingrg/javascript/jquery_tools/datebox.css HTTP/1.1" 304 -
116.224.253.72 - - [19/May/2021:09:41:48 +0800] "GET /xingrg/javascript/easyui/themes/default/easyui.css HTTP/1.1" 304 -
116.224.253.72 - - [19/May/2021:09:41:48 +0800] "GET /xingrg/kc/buy/cgsh_order_list.html HTTP/1.1" 200 46257
116.224.253.72 - - [19/May/2021:09:41:48 +0800] "GET /xingrg/javascript/jquery_tools/fix.css HTTP/1.1" 304 -
116.224.253.72 - - [19/May/2021:09:41:48 +0800] "GET /xingrg/javascript/auto/jquery.autocomplete.css HTTP/1.1" 304 -
116.224.253.72 - - [19/May/2021:09:41:48 +0800] "GET /xingrg/javascript/easyui/themes/icon.css HTTP/1.1" 304 -
116.224.253.72 - - [19/May/2021:09:41:48 +0800] "GET /xingrg/javascript/jquery_tools/table.css HTTP/1.1" 304 -
116.224.253.72 - - [19/May/2021:09:41:48 +0800] "GET /xingrg/javascript/jquery_tools/jquery.tools.extend.js HTTP/1.1" 304 -
116.224.253.72 - - [19/May/2021:09:41:48 +0800] "GET /xingrg/javascript/jquery_tools/jquery.tools.min.js HTTP/1.1" 304 -
116.224.253.72 - - [19/May/2021:09:41:48 +0800] "GET /xingrg/javascript/jquery_tools/jquery.tools.hotkey.js HTTP/1.1" 304 -
116.224.253.72 - - [19/May/2021:09:41:48 +0800] "GET /xingrg/javascript/jquery_tools/jquery.tools.table.js HTTP/1.1" 304 -
116.224.253.72 - - [19/May/2021:09:41:48 +0800] "GET /xingrg/javascript/easyui/easyloader.js HTTP/1.1" 304 -
116.224.253.72 - - [19/May/2021:09:41:48 +0800] "GET /xingrg/javascript/jquery.utils.js HTTP/1.1" 304 -
116.224.253.72 - - [19/May/2021:09:41:48 +0800] "GET /xingrg/javascript/jquery.cookie.js HTTP/1.1" 304 -
116.224.253.72 - - [19/May/2021:09:41:48 +0800] "GET /xingrg/javascript/print/LodopFuncs.js HTTP/1.1" 304 -
116.224.253.72 - - [19/May/2021:09:41:48 +0800] "GET /xingrg/javascript/auto/jquery.autocomplete.js HTTP/1.1" 304 -
116.224.253.72 - - [19/May/2021:09:41:48 +0800] "GET /xingrg/javascript/jquery_tools/list_manager.js HTTP/1.1" 304 -
116.224.253.72 - - [19/May/2021:09:41:48 +0800] "GET /xingrg/javascript/easyui/themes/icons/cance_new.png HTTP/1.1" 304 -
116.224.253.72 - - [19/May/2021:09:41:48 +0800] "GET /xingrg/javascript/easyui/themes/icons/edit_add_new.png HTTP/1.1" 304 -
116.224.253.72 - - [19/May/2021:09:41:48 +0800] "GET /xingrg/javascript/easyui/themes/icons/field_new.png HTTP/1.1" 304 -
116.224.253.72 - - [19/May/2021:09:41:48 +0800] "GET /xingrg/javascript/easyui/themes/icons/check_new.png HTTP/1.1" 304 -
116.224.253.72 - - [19/May/2021:09:41:48 +0800] "GET /xingrg/javascript/easyui/themes/icons/import_new.png HTTP/1.1" 304 -
116.224.253.72 - - [19/May/2021:09:41:48 +0800] "GET /xingrg/javascript/easyui/plugins/jquery.parser.js HTTP/1.1" 304 -
116.224.253.72 - - [19/May/2021:09:41:48 +0800] "GET /xingrg/images/control/ajaxLoader.gif HTTP/1.1" 304 -
116.224.253.72 - - [19/May/2021:09:41:50 +0800] "GET /xingrg/kc/buy/cgsh_order_operate.html?command=get_materiel&rest_code=00151&code=00101007081&supplier_code=00100096&order_time=2021-05-19 HTTP/1.1" 200 415
180.169.147.146 - - [19/May/2021:09:41:51 +0800] "GET /xingrg/all/function/internal_message.html?_=1621388515426&CODE_STATE=getMsg HTTP/1.1" 200 27
116.224.253.72 - - [19/May/2021:09:41:52 +0800] "POST /xingrg/kc/buy/cgsh_list_operate.html HTTP/1.1" 200 2088
58.40.7.146 - - [19/May/2021:09:41:56 +0800] "GET /xingrg/all/function/internal_message.html?_=1621388514614&CODE_STATE=getMsg HTTP/1.1" 302 -
116.232.48.118 - - [19/May/2021:09:41:58 +0800] "GET /xingrg/all/function/internal_message.html?_=1621388518817&CODE_STATE=getMsg HTTP/1.1" 200 27
116.232.48.118 - - [19/May/2021:09:41:58 +0800] "GET /xingrg/check_reg.html?_=1621388518819 HTTP/1.1" 200 22
61.165.42.208 - - [19/May/2021:09:41:58 +0800] "GET /xingrg/all/function/internal_message.html?_=1621388499572&CODE_STATE=getMsg HTTP/1.1" 200 27
120.253.135.82 - - [19/May/2021:09:41:59 +0800] "GET /xingrg/all/function/internal_message.html?_=1621388571349&CODE_STATE=getMsg HTTP/1.1" 200 27
116.235.222.38 - - [19/May/2021:09:41:59 +0800] "GET /xingrg/kc/buy/cgsh_order_operate.html?command=get_materiel&rest_code=00107&code=00101008261&supplier_code=00100006&order_time=2021-05-19 HTTP/1.1" 200 408
117.184.7.26 - - [19/May/2021:09:42:05 +0800] "GET /xingrg/all/function/internal_message.html?_=1621388519946&CODE_STATE=getMsg HTTP/1.1" 200 27
116.224.253.72 - - [19/May/2021:09:42:07 +0800] "GET /xingrg/kc/buy/cgsh_order_operate.html?command=get_materiel&rest_code=00151&code=00101012059&supplier_code=00100096&order_time=2021-05-19 HTTP/1.1" 200 412
180.169.147.146 - - [19/May/2021:09:42:08 +0800] "GET /xingrg/all/function/internal_message.html?_=1621388529977&CODE_STATE=getMsg HTTP/1.1" 200 27
180.169.147.146 - - [19/May/2021:09:42:08 +0800] "GET /xingrg/check_reg.html?_=1621388529981 HTTP/1.1" 200 22
116.235.222.38 - - [19/May/2021:09:42:09 +0800] "GET /xingrg/kc/buy/cgsh_order_operate.html?command=get_materiel&rest_code=00107&code=00101008210&supplier_code=00100006&order_time=2021-05-19 HTTP/1.1" 200 408
116.235.222.38 - - [19/May/2021:09:42:11 +0800] "GET /xingrg/all/function/internal_message.html?_=1621388526243&CODE_STATE=getMsg HTTP/1.1" 200 27
116.224.253.72 - - [19/May/2021:09:42:11 +0800] "GET /xingrg/login.html HTTP/1.1" 200 7641
116.224.253.72 - - [19/May/2021:09:42:11 +0800] "GET /favicon.ico HTTP/1.1" 404 -
116.235.222.38 - - [19/May/2021:09:42:13 +0800] "POST /xingrg/kc/buy/cgsh_order_operate.html HTTP/1.1" 200 2065
116.230.114.112 - - [19/May/2021:09:42:13 +0800] "GET /xingrg/all/function/internal_message.html?_=1621388541659&CODE_STATE=getMsg HTTP/1.1" 200 27
116.224.253.72 - - [19/May/2021:09:42:14 +0800] "POST /xingrg/login.do HTTP/1.1" 302 -
116.224.253.72 - - [19/May/2021:09:42:14 +0800] "GET /xingrg/index.html?sysBaseUrl=http%3A%2F%2F180.169.147.146%3A18081%2Fxingrg%2F&costTime=1701×tamp=1621388534472 HTTP/1.1" 200 17179
116.224.253.72 - - [19/May/2021:09:42:14 +0800] "GET /xingrg/javascript/jquery.timers.js HTTP/1.1" 304 -
116.224.253.72 - - [19/May/2021:09:42:14 +0800] "GET /xingrg/css/form.css HTTP/1.1" 304 -
116.224.253.72 - - [19/May/2021:09:42:14 +0800] "GET /xingrg/javascript/jquery_easy_ui/themes/icon.css HTTP/1.1" 304 -
116.224.253.72 - - [19/May/2021:09:42:14 +0800] "GET /xingrg/javascript/jquery_easy_ui/themes/default/easyui.css HTTP/1.1" 304 -
116.224.253.72 - - [19/May/2021:09:42:14 +0800] "GET /xingrg/javascript/jquery.form.js HTTP/1.1" 304 -
116.224.253.72 - - [19/May/2021:09:42:14 +0800] "GET /xingrg/javascript/jquery-1.4.2.min.js HTTP/1.1" 304 -
116.224.253.72 - - [19/May/2021:09:42:14 +0800] "GET /xingrg/javascript/jquery_easy_ui/easyui-lang-zh_CN.js HTTP/1.1" 304 -
116.224.253.72 - - [19/May/2021:09:42:14 +0800] "GET /xingrg/javascript/jquery.utils.js HTTP/1.1" 304 -
116.224.253.72 - - [19/May/2021:09:42:14 +0800] "GET /xingrg/javascript/jquery_easy_ui/jquery.easyui.min.js HTTP/1.1" 304 -
116.224.253.72 - - [19/May/2021:09:42:14 +0800] "GET /favicon.ico HTTP/1.1" 404 -
116.224.253.72 - - [19/May/2021:09:42:14 +0800] "GET /xingrg/all/function/internal_message.html?_=1621388514846&CODE_STATE=count HTTP/1.1" 200 11
116.224.253.72 - - [19/May/2021:09:42:14 +0800] "GET /xingrg/check_reg.html?_=1621388514847 HTTP/1.1" 200 22
116.224.253.72 - - [19/May/2021:09:42:15 +0800] "POST /xingrg/all/common/load_tree.html?tree=area_rest_tree_json&manage=1 HTTP/1.1" 200 476
116.224.253.72 - - [19/May/2021:09:42:15 +0800] "POST /xingrg/load_menu.html HTTP/1.1" 200 5138
116.230.117.165 - - [19/May/2021:09:42:19 +0800] "POST /xingrg/services/DataTransmitService HTTP/1.1" 200 519
116.230.117.165 - - [19/May/2021:09:42:19 +0800] "POST /xingrg/services/DataTransmitService HTTP/1.1" 200 519
222.69.131.59 - - [19/May/2021:09:42:19 +0800] "POST /xingrg/services/DataTransmitService HTTP/1.1" 200 501
116.224.253.72 - - [19/May/2021:09:42:21 +0800] "GET /xingrg/kc/buy/cgsh_order_operate.html?command=get_materiel&rest_code=00151&code=00101004089&supplier_code=00100096&order_time=2021-05-19 HTTP/1.1" 200 391
116.230.117.165 - - [19/May/2021:09:42:24 +0800] "POST /xingrg/services/DataTransmitService HTTP/1.1" 401 565
116.230.117.165 - - [19/May/2021:09:42:24 +0800] "POST /xingrg/services/DataTransmitService HTTP/1.1" 200 478
116.230.117.165 - - [19/May/2021:09:42:24 +0800] "POST /xingrg/services/DataTransmitService HTTP/1.1" 200 1320
116.230.117.165 - - [19/May/2021:09:42:24 +0800] "POST /xingrg/services/DataTransmitService HTTP/1.1" 200 478
116.230.117.165 - - [19/May/2021:09:42:24 +0800] "POST /xingrg/services/DataTransmitService HTTP/1.1" 200 1320
116.235.222.38 - - [19/May/2021:09:42:24 +0800] "GET /xingrg/kc/buy/cgsh_order_operate.html?command=get_materiel&rest_code=00107&code=00101008132&supplier_code=00100006&order_time=2021-05-19 HTTP/1.1" 200 408
120.253.135.82 - - [19/May/2021:09:42:26 +0800] "GET /xingrg/check_reg.html?_=1621388326588 HTTP/1.1" 200 22
120.253.135.82 - - [19/May/2021:09:42:26 +0800] "GET /xingrg/all/function/internal_message.html?_=1621388326779&CODE_STATE=getMsg HTTP/1.1" 200 27
116.224.253.72 - - [19/May/2021:09:42:30 +0800] "GET /xingrg/kc/buy/cgsh_order_operate.html?command=get_materiel&rest_code=00151&code=00101001075&supplier_code=00100096&order_time=2021-05-19 HTTP/1.1" 200 409
116.224.253.72 - - [19/May/2021:09:42:35 +0800] "GET /xingrg/kc/buy/cgsh_order_operate.html?command=get_materiel&rest_code=00151&code=00101001002&supplier_code=00100096&order_time=2021-05-19 HTTP/1.1" 200 413
116.230.117.165 - - [19/May/2021:09:42:36 +0800] "POST /xingrg/services/DataTransmitService HTTP/1.1" 200 524
222.69.131.59 - - [19/May/2021:09:42:36 +0800] "POST /xingrg/services/DataTransmitService HTTP/1.1" 200 501
116.224.253.72 - - [19/May/2021:09:42:36 +0800] "POST /xingrg/all/user/operate.html HTTP/1.1" 200 36
116.224.253.72 - - [19/May/2021:09:42:37 +0800] "GET /xingrg/index.html?sysBaseUrl=http%3A%2F%2F180.169.147.146%3A18081%2Fxingrg%2F&costTime=1701×tamp=1621388534472 HTTP/1.1" 200 17177
116.224.253.72 - - [19/May/2021:09:42:37 +0800] "GET /xingrg/javascript/jquery_easy_ui/themes/default/easyui.css HTTP/1.1" 304 -
116.224.253.72 - - [19/May/2021:09:42:37 +0800] "GET /xingrg/javascript/jquery_easy_ui/themes/icon.css HTTP/1.1" 304 -
116.224.253.72 - - [19/May/2021:09:42:37 +0800] "GET /xingrg/css/form.css HTTP/1.1" 304 -
116.224.253.72 - - [19/May/2021:09:42:37 +0800] "GET /xingrg/javascript/jquery-1.4.2.min.js HTTP/1.1" 304 -
116.224.253.72 - - [19/May/2021:09:42:37 +0800] "GET /xingrg/javascript/jquery_easy_ui/jquery.easyui.min.js HTTP/1.1" 304 -
116.224.253.72 - - [19/May/2021:09:42:37 +0800] "GET /xingrg/javascript/jquery_easy_ui/easyui-lang-zh_CN.js HTTP/1.1" 304 -
116.224.253.72 - - [19/May/2021:09:42:37 +0800] "GET /xingrg/javascript/jquery.form.js HTTP/1.1" 304 -
116.224.253.72 - - [19/May/2021:09:42:37 +0800] "GET /xingrg/javascript/jquery.utils.js HTTP/1.1" 304 -
116.224.253.72 - - [19/May/2021:09:42:37 +0800] "GET /xingrg/javascript/jquery.timers.js HTTP/1.1" 304 -
116.224.253.72 - - [19/May/2021:09:42:37 +0800] "GET /xingrg/images/blue/jxLogo.png HTTP/1.1" 304 -
116.224.253.72 - - [19/May/2021:09:42:37 +0800] "GET /xingrg/images/blue/navBackgound.jpg HTTP/1.1" 304 -
116.224.253.72 - - [19/May/2021:09:42:37 +0800] "GET /xingrg/javascript/jquery_easy_ui/themes/icons/settle_new.png HTTP/1.1" 304 -
116.224.253.72 - - [19/May/2021:09:42:37 +0800] "GET /xingrg/images/blue/pingpu.png HTTP/1.1" 304 -
116.224.253.72 - - [19/May/2021:09:42:37 +0800] "GET /xingrg/javascript/jquery_easy_ui/themes/default/images/tabs_rightarrow.png HTTP/1.1" 304 -
116.224.253.72 - - [19/May/2021:09:42:37 +0800] "GET /xingrg/javascript/jquery_easy_ui/themes/default/images/tabs_leftarrow.png HTTP/1.1" 304 -
116.224.253.72 - - [19/May/2021:09:42:37 +0800] "GET /xingrg/javascript/jquery_easy_ui/themes/default/images/panel_tool_collapse.gif HTTP/1.1" 304 -
116.224.253.72 - - [19/May/2021:09:42:37 +0800] "GET /xingrg/all/function/internal_message.html?_=1621388537102&CODE_STATE=count HTTP/1.1" 200 11
116.224.253.72 - - [19/May/2021:09:42:37 +0800] "GET /xingrg/check_reg.html?_=1621388537103 HTTP/1.1" 200 22
116.230.117.165 - - [19/May/2021:09:42:37 +0800] "POST /xingrg/services/DataTransmitService HTTP/1.1" 200 2171
116.224.253.72 - - [19/May/2021:09:42:37 +0800] "POST /xingrg/all/common/load_tree.html?tree=area_rest_tree_json&manage=1 HTTP/1.1" 200 476
116.224.253.72 - - [19/May/2021:09:42:37 +0800] "POST /xingrg/load_menu.html HTTP/1.1" 200 5138
222.69.131.59 - - [19/May/2021:09:42:38 +0800] "GET /xingrg/all/function/internal_message.html?_=1621388556943&CODE_STATE=getMsg HTTP/1.1" 200 27
116.224.253.72 - - [19/May/2021:09:42:40 +0800] "GET /xingrg/css/site.css HTTP/1.1" 304 -
116.224.253.72 - - [19/May/2021:09:42:40 +0800] "GET /xingrg/css/base.css HTTP/1.1" 304 -
116.224.253.72 - - [19/May/2021:09:42:40 +0800] "GET /xingrg/javascript/jquery_tools/datebox.css HTTP/1.1" 304 -
116.224.253.72 - - [19/May/2021:09:42:40 +0800] "GET /xingrg/javascript/easyui/themes/default/easyui.css HTTP/1.1" 304 -
116.224.253.72 - - [19/May/2021:09:42:40 +0800] "GET /xingrg/javascript/easyui/themes/icon.css HTTP/1.1" 304 -
116.224.253.72 - - [19/May/2021:09:42:40 +0800] "GET /xingrg/javascript/auto/jquery.autocomplete.css HTTP/1.1" 304 -
116.224.253.72 - - [19/May/2021:09:42:40 +0800] "GET /xingrg/javascript/jquery_tools/table.css HTTP/1.1" 304 -
116.224.253.72 - - [19/May/2021:09:42:40 +0800] "GET /xingrg/javascript/jquery_tools/jquery.tools.min.js HTTP/1.1" 304 -
116.224.253.72 - - [19/May/2021:09:42:40 +0800] "GET /xingrg/javascript/jquery_tools/jquery.tools.extend.js HTTP/1.1" 304 -
116.224.253.72 - - [19/May/2021:09:42:40 +0800] "GET /xingrg/javascript/jquery_tools/jquery.tools.table.js HTTP/1.1" 304 -
116.224.253.72 - - [19/May/2021:09:42:40 +0800] "GET /xingrg/kc/buy/cgsh_order_list.html HTTP/1.1" 200 46257
116.224.253.72 - - [19/May/2021:09:42:40 +0800] "GET /xingrg/javascript/jquery_tools/jquery.tools.hotkey.js HTTP/1.1" 304 -
116.224.253.72 - - [19/May/2021:09:42:40 +0800] "GET /xingrg/javascript/jquery_tools/fix.css HTTP/1.1" 304 -
116.224.253.72 - - [19/May/2021:09:42:40 +0800] "GET /xingrg/javascript/auto/jquery.autocomplete.js HTTP/1.1" 304 -
116.224.253.72 - - [19/May/2021:09:42:40 +0800] "GET /xingrg/javascript/jquery.cookie.js HTTP/1.1" 304 -
116.224.253.72 - - [19/May/2021:09:42:40 +0800] "GET /xingrg/javascript/print/LodopFuncs.js HTTP/1.1" 304 -
116.224.253.72 - - [19/May/2021:09:42:40 +0800] "GET /xingrg/javascript/jquery_tools/list_manager.js HTTP/1.1" 304 -
116.224.253.72 - - [19/May/2021:09:42:40 +0800] "GET /xingrg/javascript/easyui/easyloader.js HTTP/1.1" 304 -
