116.230.110.80 - - [19/May/2021:09:48:41 +0800] "GET /xingrg/all/function/internal_message.html?_=1621388919761&CODE_STATE=getMsg HTTP/1.1" 200 27
116.232.48.118 - - [19/May/2021:09:48:43 +0800] "GET /xingrg/javascript/jquery_easy_ui/themes/default/images/tabs_active.png HTTP/1.1" 200 2894
116.235.222.38 - - [19/May/2021:09:48:44 +0800] "GET /xingrg/all/function/internal_message.html?_=1621388919433&CODE_STATE=getMsg HTTP/1.1" 200 27
116.232.48.118 - - [19/May/2021:09:48:48 +0800] "GET /xingrg/javascript/jquery_tools/images/prev.gif HTTP/1.1" 404 1086
116.232.48.118 - - [19/May/2021:09:48:48 +0800] "GET /xingrg/javascript/jquery_tools/images/next.gif HTTP/1.1" 404 1086
180.169.147.146 - - [19/May/2021:09:48:51 +0800] "GET /xingrg/all/function/internal_message.html?_=1621388935441&CODE_STATE=getMsg HTTP/1.1" 200 27
116.224.253.72 - - [19/May/2021:09:48:53 +0800] "GET /xingrg/kc/base/wldb_order_list.html HTTP/1.1" 200 18985
116.224.253.72 - - [19/May/2021:09:48:53 +0800] "POST /xingrg/kc/base/wldb_list_operate.html HTTP/1.1" 200 928
58.40.7.146 - - [19/May/2021:09:48:56 +0800] "GET /xingrg/all/function/internal_message.html?_=1621388934603&CODE_STATE=getMsg HTTP/1.1" 302 -
116.224.253.72 - - [19/May/2021:09:48:56 +0800] "GET /xingrg/kc/base/wldb_order_add.html HTTP/1.1" 200 30156
116.224.253.72 - - [19/May/2021:09:48:56 +0800] "POST /xingrg/kc/base/wldb_order_operate.html HTTP/1.1" 200 6806
116.224.253.72 - - [19/May/2021:09:48:56 +0800] "GET /xingrg/all/common/auto_word.html?type=base&rest_code=00150 HTTP/1.1" 200 1653
116.224.253.72 - - [19/May/2021:09:48:56 +0800] "GET /xingrg/all/common/auto_word.html?type=base&rest_code=00150 HTTP/1.1" 200 1653
116.224.253.72 - - [19/May/2021:09:48:56 +0800] "GET /xingrg/javascript/easyui/themes/default/validatebox.css HTTP/1.1" 404 1104
180.169.147.146 - - [19/May/2021:09:48:57 +0800] "GET /xingrg/all/report/report_query.html?fileName=dma/new_5.0/yingye/order_list.xml HTTP/1.1" 200 55281
180.169.147.146 - - [19/May/2021:09:48:57 +0800] "GET /xingrg/javascript/jquery_easy_ui/themes/default/images/tabs_close.gif HTTP/1.1" 200 829
180.169.147.146 - - [19/May/2021:09:48:57 +0800] "GET /xingrg/javascript/multi_select/jqueryMultiSelect.css HTTP/1.1" 200 951
180.169.147.146 - - [19/May/2021:09:48:57 +0800] "GET /xingrg/javascript/calendar/timePicker.css HTTP/1.1" 200 523
180.169.147.146 - - [19/May/2021:09:48:57 +0800] "GET /xingrg/javascript/bigrid/fix.css HTTP/1.1" 200 1702
180.169.147.146 - - [19/May/2021:09:48:57 +0800] "GET /xingrg/javascript/pic_change.js HTTP/1.1" 200 4739
180.169.147.146 - - [19/May/2021:09:48:57 +0800] "GET /xingrg/dwr/interface/AjaxReportQueryService.js HTTP/1.1" 200 13203
180.169.147.146 - - [19/May/2021:09:48:57 +0800] "GET /xingrg/dwr/util.js HTTP/1.1" 200 35990
180.169.147.146 - - [19/May/2021:09:48:57 +0800] "GET /xingrg/dwr/engine.js HTTP/1.1" 200 43631
180.169.147.146 - - [19/May/2021:09:48:57 +0800] "GET /xingrg/javascript/calendar/jquery.timePicker.min.js HTTP/1.1" 200 2997
180.169.147.146 - - [19/May/2021:09:48:57 +0800] "GET /xingrg/javascript/jqueryMultiSelect.js HTTP/1.1" 200 11866
180.169.147.146 - - [19/May/2021:09:48:57 +0800] "GET /xingrg/javascript/bigrid/fix.js HTTP/1.1" 200 6439
180.169.147.146 - - [19/May/2021:09:48:57 +0800] "GET /xingrg/javascript/Calendar.js HTTP/1.1" 200 31561
180.169.147.146 - - [19/May/2021:09:48:57 +0800] "GET /xingrg/images/control/loading.gif HTTP/1.1" 200 13463
180.169.147.146 - - [19/May/2021:09:48:57 +0800] "GET /xingrg/images/blue/button/advanceover.gif HTTP/1.1" 200 1347
180.169.147.146 - - [19/May/2021:09:48:57 +0800] "GET /xingrg/images/blue/button/advance2over.gif HTTP/1.1" 200 1336
180.169.147.146 - - [19/May/2021:09:48:57 +0800] "GET /xingrg/images/blue/button/back2over.gif HTTP/1.1" 200 1335
180.169.147.146 - - [19/May/2021:09:48:57 +0800] "GET /xingrg/images/blue/button/backover.gif HTTP/1.1" 200 1348
180.169.147.146 - - [19/May/2021:09:48:57 +0800] "GET /xingrg/javascript/jquery_easy_ui/themes/icons/help.png HTTP/1.1" 200 1187
180.169.147.146 - - [19/May/2021:09:48:57 +0800] "GET /xingrg/javascript/jquery_easy_ui/themes/default/images/menu_downarrow.png HTTP/1.1" 200 173
180.169.147.146 - - [19/May/2021:09:48:57 +0800] "GET /xingrg/javascript/jquery_easy_ui/themes/default/images/menu.gif HTTP/1.1" 200 834
180.169.147.146 - - [19/May/2021:09:48:57 +0800] "GET /xingrg/javascript/jquery_easy_ui/themes/icons/print.png HTTP/1.1" 200 1057
180.169.147.146 - - [19/May/2021:09:48:57 +0800] "POST /xingrg/dwr/call/plaincall/AjaxReportQueryService.getFixDate.dwr HTTP/1.1" 200 111
180.169.147.146 - - [19/May/2021:09:48:57 +0800] "GET /xingrg/javascript/jquery_easy_ui/themes/icons/pencil.png HTTP/1.1" 200 713
180.169.147.146 - - [19/May/2021:09:48:57 +0800] "GET /xingrg/javascript/jquery_easy_ui/themes/default/images/menu_rightarrow.png HTTP/1.1" 200 3617
180.169.147.146 - - [19/May/2021:09:48:57 +0800] "GET /xingrg/javascript/jquery_easy_ui/themes/default/images/combo_arrow_dot.gif HTTP/1.1" 200 79
116.224.253.72 - - [19/May/2021:09:48:57 +0800] "GET /xingrg/all/function/internal_message.html?_=1621388936887&CODE_STATE=getMsg HTTP/1.1" 200 27
180.169.147.146 - - [19/May/2021:09:48:57 +0800] "POST /xingrg/all/common/load_tree.html?tree=area_station_tree_json&manage=1 HTTP/1.1" 200 3240
180.169.147.146 - - [19/May/2021:09:48:57 +0800] "GET /xingrg/javascript/jquery_easy_ui/themes/default/images/tree_checkbox_0.gif HTTP/1.1" 200 168
180.169.147.146 - - [19/May/2021:09:48:57 +0800] "POST /xingrg/dwr/call/plaincall/AjaxReportQueryService.getInitString.dwr HTTP/1.1" 200 76
180.169.147.146 - - [19/May/2021:09:48:57 +0800] "GET /xingrg/javascript/multi_select/dropdown.gif HTTP/1.1" 200 61
116.232.48.118 - - [19/May/2021:09:48:58 +0800] "GET /xingrg/all/function/internal_message.html?_=1621388938832&CODE_STATE=getMsg HTTP/1.1" 200 27
116.232.48.118 - - [19/May/2021:09:48:58 +0800] "GET /xingrg/kc/buy/cgsh_order_operate.html?command=get_materiel&rest_code=00109&code=00101031006&supplier_code=00100240&order_time=2021-05-19 HTTP/1.1" 200 417
61.165.42.208 - - [19/May/2021:09:48:58 +0800] "GET /xingrg/all/function/internal_message.html?_=1621388919565&CODE_STATE=getMsg HTTP/1.1" 200 27
116.224.253.72 - - [19/May/2021:09:48:58 +0800] "POST /xingrg/all/common/load_combo.html?type=base HTTP/1.1" 200 2966
120.253.135.82 - - [19/May/2021:09:48:59 +0800] "GET /xingrg/all/function/internal_message.html?_=1621388991552&CODE_STATE=getMsg HTTP/1.1" 200 27
117.184.7.26 - - [19/May/2021:09:49:04 +0800] "GET /xingrg/all/function/internal_message.html?_=1621388939782&CODE_STATE=getMsg HTTP/1.1" 200 27
116.232.48.118 - - [19/May/2021:09:49:07 +0800] "POST /xingrg/kc/buy/cgsh_order_operate.html HTTP/1.1" 200 37
180.169.147.146 - - [19/May/2021:09:49:07 +0800] "GET /xingrg/javascript/jquery_easy_ui/themes/default/images/tree_checkbox_1.gif HTTP/1.1" 200 174
180.169.147.146 - - [19/May/2021:09:49:07 +0800] "GET /xingrg/javascript/jquery_easy_ui/themes/default/images/tree_checkbox_2.gif HTTP/1.1" 200 181
180.169.147.146 - - [19/May/2021:09:49:08 +0800] "POST /xingrg/dwr/call/plaincall/AjaxReportQueryService.queryInitializeString.dwr HTTP/1.1" 200 289
180.169.147.146 - - [19/May/2021:09:49:08 +0800] "GET /xingrg/all/function/internal_message.html?_=1621388950005&CODE_STATE=getMsg HTTP/1.1" 200 27
180.169.147.146 - - [19/May/2021:09:49:08 +0800] "POST /xingrg/dwr/call/plaincall/AjaxReportQueryService.refreshCache.dwr HTTP/1.1" 200 78
180.169.147.146 - - [19/May/2021:09:49:10 +0800] "POST /xingrg/all/report/load_report_page.html HTTP/1.1" 200 146791
180.169.147.146 - - [19/May/2021:09:49:10 +0800] "GET /xingrg/images/blue/button/back2.gif HTTP/1.1" 200 1339
180.169.147.146 - - [19/May/2021:09:49:10 +0800] "GET /xingrg/images/blue/button/back.gif HTTP/1.1" 200 1352
180.169.147.146 - - [19/May/2021:09:49:10 +0800] "GET /xingrg/servlets/image?cache=0.11623903324342533&image=px HTTP/1.1" 200 807
116.235.222.38 - - [19/May/2021:09:49:11 +0800] "GET /xingrg/all/function/internal_message.html?_=1621388946337&CODE_STATE=getMsg HTTP/1.1" 200 27
116.230.114.112 - - [19/May/2021:09:49:14 +0800] "GET /xingrg/all/function/internal_message.html?_=1621388962324&CODE_STATE=getMsg HTTP/1.1" 200 27
116.224.253.72 - - [19/May/2021:09:49:14 +0800] "POST /xingrg/kc/base/wldb_order_operate.html HTTP/1.1" 200 37
116.224.253.72 - - [19/May/2021:09:49:15 +0800] "POST /xingrg/kc/base/wldb_order_operate.html HTTP/1.1" 200 2185
116.224.253.72 - - [19/May/2021:09:49:16 +0800] "GET /xingrg/check_reg.html?_=1621388936730 HTTP/1.1" 200 22
116.224.253.72 - - [19/May/2021:09:49:16 +0800] "GET /xingrg/kc/base/wldb_order_operate.html?command=get_materiel&rest_code=00150&base_code=0010446&code=00102002685 HTTP/1.1" 200 444
116.224.253.72 - - [19/May/2021:09:49:16 +0800] "GET /xingrg/all/function/internal_message.html?_=1621388936836&CODE_STATE=getMsg HTTP/1.1" 200 27
116.224.253.72 - - [19/May/2021:09:49:20 +0800] "POST /xingrg/kc/base/wldb_order_operate.html HTTP/1.1" 200 12
180.169.147.146 - - [19/May/2021:09:49:21 +0800] "GET /xingrg/all/function/internal_message.html?_=1621388959590&CODE_STATE=getMsg HTTP/1.1" 200 27
116.224.253.72 - - [19/May/2021:09:49:21 +0800] "GET /xingrg/kc/base/wldb_order_info.html?code=422021051902016 HTTP/1.1" 200 26025
116.224.253.72 - - [19/May/2021:09:49:22 +0800] "GET /xingrg/javascript/easyui/themes/default/validatebox.css HTTP/1.1" 404 1104
116.224.253.72 - - [19/May/2021:09:49:22 +0800] "POST /xingrg/kc/base/wldb_order_operate.html HTTP/1.1" 200 479
180.169.147.146 - - [19/May/2021:09:49:22 +0800] "GET /xingrg/javascript/jquery_easy_ui/themes/default/images/button_plain_hover.png HTTP/1.1" 200 252
116.232.48.118 - - [19/May/2021:09:49:24 +0800] "POST /xingrg/kc/buy/cgsh_order_operate.html HTTP/1.1" 200 2660
180.169.147.146 - - [19/May/2021:09:49:25 +0800] "POST /xingrg/all/report/load_report_page.html HTTP/1.1" 200 153515
180.169.147.146 - - [19/May/2021:09:49:25 +0800] "GET /xingrg/images/blue/button/advance.gif HTTP/1.1" 200 1354
180.169.147.146 - - [19/May/2021:09:49:25 +0800] "GET /xingrg/images/blue/button/advance2.gif HTTP/1.1" 200 1338
180.169.147.146 - - [19/May/2021:09:49:25 +0800] "GET /xingrg/servlets/image?cache=0.23696442447654742&image=px HTTP/1.1" 200 807
116.224.253.72 - - [19/May/2021:09:49:25 +0800] "GET /xingrg/kc/base/wldb_order_add.html HTTP/1.1" 200 30148
116.224.253.72 - - [19/May/2021:09:49:26 +0800] "POST /xingrg/kc/base/wldb_order_operate.html HTTP/1.1" 200 6806
116.224.253.72 - - [19/May/2021:09:49:26 +0800] "GET /xingrg/javascript/easyui/themes/default/validatebox.css HTTP/1.1" 404 1104
120.253.135.82 - - [19/May/2021:09:49:26 +0800] "GET /xingrg/all/function/internal_message.html?_=1621388746874&CODE_STATE=getMsg HTTP/1.1" 200 27
116.224.253.72 - - [19/May/2021:09:49:26 +0800] "GET /xingrg/kc/base/wldb_order_operate.html?command=get_materiel&rest_code=00150&base_code=0010446&code=00102002118 HTTP/1.1" 200 453
116.232.48.118 - - [19/May/2021:09:49:27 +0800] "GET /xingrg/kc/print/load_config.html?kc_code=cgsh HTTP/1.1" 200 1845
116.232.48.118 - - [19/May/2021:09:49:28 +0800] "GET /xingrg/kc/print/load_data.html?order_code=212021051908340&kc_code=cgsh&condition= HTTP/1.1" 200 644
116.230.114.112 - - [19/May/2021:09:49:35 +0800] "GET /xingrg/check_reg.html?_=1621388983069 HTTP/1.1" 200 22
116.224.253.72 - - [19/May/2021:09:49:36 +0800] "GET /xingrg/kc/base/wldb_order_operate.html?command=get_materiel&rest_code=00150&base_code=0010446&code=00102002256 HTTP/1.1" 200 441
222.69.131.59 - - [19/May/2021:09:49:38 +0800] "GET /xingrg/all/function/internal_message.html?_=1621388976972&CODE_STATE=getMsg HTTP/1.1" 200 27
116.230.110.80 - - [19/May/2021:09:49:41 +0800] "GET /xingrg/all/function/internal_message.html?_=1621388979757&CODE_STATE=getMsg HTTP/1.1" 200 27
116.235.222.38 - - [19/May/2021:09:49:44 +0800] "GET /xingrg/all/function/internal_message.html?_=1621388979432&CODE_STATE=getMsg HTTP/1.1" 200 27
180.169.147.146 - - [19/May/2021:09:49:51 +0800] "GET /xingrg/all/function/internal_message.html?_=1621388995441&CODE_STATE=getMsg HTTP/1.1" 200 27
116.224.253.72 - - [19/May/2021:09:49:52 +0800] "POST /xingrg/kc/base/wldb_order_operate.html HTTP/1.1" 200 37
116.224.253.72 - - [19/May/2021:09:49:52 +0800] "POST /xingrg/kc/base/wldb_order_operate.html HTTP/1.1" 200 3184
116.232.48.118 - - [19/May/2021:09:49:53 +0800] "GET /xingrg/kc/buy/cgsh_order_add.html HTTP/1.1" 200 62032
116.232.48.118 - - [19/May/2021:09:49:53 +0800] "POST /xingrg/kc/buy/cgsh_order_operate.html HTTP/1.1" 200 8245
116.232.48.118 - - [19/May/2021:09:49:53 +0800] "GET /xingrg/javascript/easyui/themes/default/validatebox.css HTTP/1.1" 404 1104
116.232.48.118 - - [19/May/2021:09:49:54 +0800] "GET /xingrg/all/common/auto_word.html?type=employee&rest_code=00109 HTTP/1.1" 200 205
116.232.48.118 - - [19/May/2021:09:49:54 +0800] "GET /xingrg/all/common/auto_word.html?type=employee&rest_code=00109 HTTP/1.1" 200 205
58.40.7.146 - - [19/May/2021:09:49:56 +0800] "GET /xingrg/all/function/internal_message.html?_=1621388994606&CODE_STATE=getMsg HTTP/1.1" 302 -
116.232.48.118 - - [19/May/2021:09:49:57 +0800] "GET /xingrg/javascript/jquery_tools/images/prev.gif HTTP/1.1" 404 1086
116.232.48.118 - - [19/May/2021:09:49:57 +0800] "GET /xingrg/javascript/jquery_tools/images/next.gif HTTP/1.1" 404 1086
116.224.253.72 - - [19/May/2021:09:49:57 +0800] "GET /xingrg/all/function/internal_message.html?_=1621388996878&CODE_STATE=getMsg HTTP/1.1" 200 27
120.253.135.82 - - [19/May/2021:09:49:57 +0800] "GET /xingrg/check_reg.html?_=1621389050201 HTTP/1.1" 200 22
116.232.48.118 - - [19/May/2021:09:49:58 +0800] "GET /xingrg/all/function/internal_message.html?_=1621388998837&CODE_STATE=getMsg HTTP/1.1" 200 27
61.165.42.208 - - [19/May/2021:09:49:58 +0800] "GET /xingrg/all/function/internal_message.html?_=1621388979564&CODE_STATE=getMsg HTTP/1.1" 200 27
116.224.253.72 - - [19/May/2021:09:49:58 +0800] "POST /xingrg/kc/base/wldb_order_operate.html HTTP/1.1" 200 12
120.253.135.82 - - [19/May/2021:09:49:59 +0800] "GET /xingrg/all/function/internal_message.html?_=1621389051566&CODE_STATE=getMsg HTTP/1.1" 200 27
116.224.253.72 - - [19/May/2021:09:49:59 +0800] "GET /xingrg/kc/base/wldb_order_info.html?code=422021051902017 HTTP/1.1" 200 26041
116.224.253.72 - - [19/May/2021:09:50:00 +0800] "GET /xingrg/javascript/easyui/themes/default/validatebox.css HTTP/1.1" 404 1104
116.224.253.72 - - [19/May/2021:09:50:00 +0800] "POST /xingrg/kc/base/wldb_order_operate.html HTTP/1.1" 200 1456
117.184.7.26 - - [19/May/2021:09:50:04 +0800] "GET /xingrg/all/function/internal_message.html?_=1621388999767&CODE_STATE=getMsg HTTP/1.1" 200 27
180.169.147.146 - - [19/May/2021:09:50:08 +0800] "GET /xingrg/all/function/internal_message.html?_=1621389009992&CODE_STATE=getMsg HTTP/1.1" 200 27
116.235.222.38 - - [19/May/2021:09:50:11 +0800] "GET /xingrg/all/function/internal_message.html?_=1621389006308&CODE_STATE=getMsg HTTP/1.1" 200 27
116.230.114.112 - - [19/May/2021:09:50:14 +0800] "GET /xingrg/all/function/internal_message.html?_=1621389022335&CODE_STATE=getMsg HTTP/1.1" 200 27
116.224.253.72 - - [19/May/2021:09:50:15 +0800] "GET /xingrg/kc/base/wldb_order_operate.html?command=get_materiel&rest_code=00150&base_code=0010450&code=00101004030 HTTP/1.1" 200 429
116.224.253.72 - - [19/May/2021:09:50:16 +0800] "GET /xingrg/all/function/internal_message.html?_=1621388996851&CODE_STATE=getMsg HTTP/1.1" 200 27
116.232.48.118 - - [19/May/2021:09:50:19 +0800] "GET /xingrg/kc/buy/cgsh_order_operate.html?command=get_materiel&rest_code=00109&code=00101001111&supplier_code=00100454&order_time=2021-05-19 HTTP/1.1" 200 409
116.224.253.72 - - [19/May/2021:09:50:20 +0800] "GET /xingrg/kc/base/wldb_order_operate.html?command=get_materiel&rest_code=00150&base_code=0010450&code=00101004038 HTTP/1.1" 200 432
180.169.147.146 - - [19/May/2021:09:50:21 +0800] "GET /xingrg/all/function/internal_message.html?_=1621389019593&CODE_STATE=getMsg HTTP/1.1" 200 27
116.224.253.72 - - [19/May/2021:09:50:25 +0800] "GET /xingrg/kc/base/wldb_order_operate.html?command=get_materiel&rest_code=00150&base_code=0010450&code=00101003006 HTTP/1.1" 200 432
120.253.135.82 - - [19/May/2021:09:50:26 +0800] "GET /xingrg/all/function/internal_message.html?_=1621388806893&CODE_STATE=getMsg HTTP/1.1" 200 27
58.221.95.50 - - [19/May/2021:09:50:31 +0800] "GET /xingrg/check_reg.html?_=1621389031627 HTTP/1.1" 302 -
116.224.253.72 - - [19/May/2021:09:50:31 +0800] "GET /xingrg/kc/base/wldb_order_operate.html?command=get_materiel&rest_code=00150&base_code=0010450&code=00101002038 HTTP/1.1" 200 436
222.69.131.59 - - [19/May/2021:09:50:38 +0800] "GET /xingrg/all/function/internal_message.html?_=1621389036980&CODE_STATE=getMsg HTTP/1.1" 200 27
116.232.48.118 - - [19/May/2021:09:50:40 +0800] "GET /xingrg/kc/buy/cgsh_order_operate.html?command=get_materiel&rest_code=00109&code=00101002027&supplier_code=00100454&order_time=2021-05-19 HTTP/1.1" 200 415
116.230.110.80 - - [19/May/2021:09:50:41 +0800] "GET /xingrg/all/function/internal_message.html?_=1621389039767&CODE_STATE=getMsg HTTP/1.1" 200 27
116.235.222.38 - - [19/May/2021:09:50:44 +0800] "GET /xingrg/all/function/internal_message.html?_=1621389039432&CODE_STATE=getMsg HTTP/1.1" 200 27
116.235.222.38 - - [19/May/2021:09:50:44 +0800] "GET /xingrg/check_reg.html?_=1621389039465 HTTP/1.1" 200 22
116.224.253.72 - - [19/May/2021:09:50:47 +0800] "POST /xingrg/kc/base/wldb_order_operate.html HTTP/1.1" 200 37
116.224.253.72 - - [19/May/2021:09:50:48 +0800] "POST /xingrg/kc/base/wldb_order_operate.html HTTP/1.1" 200 3597
180.169.147.146 - - [19/May/2021:09:50:51 +0800] "GET /xingrg/check_reg.html?_=1621389055455 HTTP/1.1" 200 22
180.169.147.146 - - [19/May/2021:09:50:51 +0800] "GET /xingrg/all/function/internal_message.html?_=1621389055458&CODE_STATE=getMsg HTTP/1.1" 200 27
116.224.253.72 - - [19/May/2021:09:50:53 +0800] "POST /xingrg/kc/base/wldb_order_operate.html HTTP/1.1" 200 12
58.40.7.146 - - [19/May/2021:09:50:56 +0800] "GET /xingrg/all/function/internal_message.html?_=1621389054609&CODE_STATE=getMsg HTTP/1.1" 302 -
58.40.7.146 - - [19/May/2021:09:50:56 +0800] "GET /xingrg/check_reg.html?_=1621389054611 HTTP/1.1" 302 -
116.232.48.118 - - [19/May/2021:09:50:56 +0800] "POST /xingrg/kc/buy/cgsh_order_operate.html HTTP/1.1" 200 37
116.224.253.72 - - [19/May/2021:09:50:56 +0800] "GET /xingrg/kc/base/wldb_order_info.html?code=422021051902018 HTTP/1.1" 200 26025
116.224.253.72 - - [19/May/2021:09:50:57 +0800] "GET /xingrg/javascript/easyui/themes/default/validatebox.css HTTP/1.1" 404 1104
116.224.253.72 - - [19/May/2021:09:50:57 +0800] "POST /xingrg/kc/base/wldb_order_operate.html HTTP/1.1" 200 1858
116.224.253.72 - - [19/May/2021:09:50:57 +0800] "GET /xingrg/check_reg.html?_=1621389056888 HTTP/1.1" 200 22
116.224.253.72 - - [19/May/2021:09:50:57 +0800] "GET /xingrg/all/function/internal_message.html?_=1621389056889&CODE_STATE=getMsg HTTP/1.1" 200 27
61.165.42.208 - - [19/May/2021:09:50:58 +0800] "GET /xingrg/all/function/internal_message.html?_=1621389039565&CODE_STATE=getMsg HTTP/1.1" 200 27
120.253.135.82 - - [19/May/2021:09:50:59 +0800] "GET /xingrg/all/function/internal_message.html?_=1621389111580&CODE_STATE=getMsg HTTP/1.1" 200 27
116.232.48.118 - - [19/May/2021:09:50:59 +0800] "GET /xingrg/all/function/internal_message.html?_=1621389060352&CODE_STATE=getMsg HTTP/1.1" 200 27
116.232.48.118 - - [19/May/2021:09:51:00 +0800] "POST /xingrg/kc/buy/cgsh_order_operate.html HTTP/1.1" 200 3247
116.232.48.118 - - [19/May/2021:09:51:03 +0800] "GET /xingrg/kc/print/load_config.html?kc_code=cgsh HTTP/1.1" 200 1845
116.232.48.118 - - [19/May/2021:09:51:03 +0800] "GET /xingrg/kc/print/load_data.html?order_code=212021051908341&kc_code=cgsh&condition= HTTP/1.1" 200 886
117.184.7.26 - - [19/May/2021:09:51:04 +0800] "GET /xingrg/all/function/internal_message.html?_=1621389059749&CODE_STATE=getMsg HTTP/1.1" 200 27
180.169.147.146 - - [19/May/2021:09:51:08 +0800] "GET /xingrg/all/function/internal_message.html?_=1621389069993&CODE_STATE=getMsg HTTP/1.1" 200 27
116.235.222.38 - - [19/May/2021:09:51:11 +0800] "GET /xingrg/all/function/internal_message.html?_=1621389066292&CODE_STATE=getMsg HTTP/1.1" 200 27
116.230.114.112 - - [19/May/2021:09:51:14 +0800] "GET /xingrg/all/function/internal_message.html?_=1621389082348&CODE_STATE=getMsg HTTP/1.1" 200 27
116.224.253.72 - - [19/May/2021:09:51:16 +0800] "GET /xingrg/all/function/internal_message.html?_=1621389056864&CODE_STATE=getMsg HTTP/1.1" 200 27
180.169.147.146 - - [19/May/2021:09:51:21 +0800] "GET /xingrg/all/function/internal_message.html?_=1621389079588&CODE_STATE=getMsg HTTP/1.1" 200 27
116.224.253.72 - - [19/May/2021:09:51:26 +0800] "POST /xingrg/all/user/operate.html HTTP/1.1" 200 36
116.224.253.72 - - [19/May/2021:09:51:26 +0800] "GET /xingrg/index.html?sysBaseUrl=http%3A%2F%2F180.169.147.146%3A18081%2Fxingrg%2F&costTime=1731×tamp=1621387756231 HTTP/1.1" 200 17177
116.224.253.72 - - [19/May/2021:09:51:26 +0800] "GET /xingrg/javascript/jquery_easy_ui/themes/default/easyui.css HTTP/1.1" 304 -
116.224.253.72 - - [19/May/2021:09:51:26 +0800] "GET /xingrg/javascript/jquery_easy_ui/themes/icon.css HTTP/1.1" 304 -
116.224.253.72 - - [19/May/2021:09:51:26 +0800] "GET /xingrg/css/form.css HTTP/1.1" 304 -
116.224.253.72 - - [19/May/2021:09:51:26 +0800] "GET /xingrg/javascript/jquery-1.4.2.min.js HTTP/1.1" 304 -
116.224.253.72 - - [19/May/2021:09:51:26 +0800] "GET /xingrg/javascript/jquery_easy_ui/jquery.easyui.min.js HTTP/1.1" 304 -
120.253.135.82 - - [19/May/2021:09:51:26 +0800] "GET /xingrg/all/function/internal_message.html?_=1621388866903&CODE_STATE=getMsg HTTP/1.1" 200 27
116.224.253.72 - - [19/May/2021:09:51:26 +0800] "GET /xingrg/javascript/jquery_easy_ui/easyui-lang-zh_CN.js HTTP/1.1" 304 -
116.224.253.72 - - [19/May/2021:09:51:26 +0800] "GET /xingrg/javascript/jquery.form.js HTTP/1.1" 304 -
116.224.253.72 - - [19/May/2021:09:51:26 +0800] "GET /xingrg/javascript/jquery.utils.js HTTP/1.1" 304 -
116.224.253.72 - - [19/May/2021:09:51:26 +0800] "GET /xingrg/javascript/jquery.timers.js HTTP/1.1" 304 -
116.224.253.72 - - [19/May/2021:09:51:26 +0800] "GET /xingrg/images/blue/jxLogo.png HTTP/1.1" 304 -
116.224.253.72 - - [19/May/2021:09:51:26 +0800] "GET /xingrg/images/blue/navBackgound.jpg HTTP/1.1" 304 -
116.224.253.72 - - [19/May/2021:09:51:26 +0800] "GET /xingrg/javascript/jquery_easy_ui/themes/icons/settle_new.png HTTP/1.1" 304 -
116.224.253.72 - - [19/May/2021:09:51:26 +0800] "GET /xingrg/all/function/internal_message.html?_=1621389085589&CODE_STATE=count HTTP/1.1" 200 11
116.224.253.72 - - [19/May/2021:09:51:26 +0800] "GET /xingrg/check_reg.html?_=1621389085592 HTTP/1.1" 200 22
116.224.253.72 - - [19/May/2021:09:51:26 +0800] "GET /xingrg/images/blue/pingpu.png HTTP/1.1" 304 -
116.224.253.72 - - [19/May/2021:09:51:26 +0800] "GET /xingrg/javascript/jquery_easy_ui/themes/default/images/tabs_rightarrow.png HTTP/1.1" 304 -
116.224.253.72 - - [19/May/2021:09:51:26 +0800] "GET /xingrg/javascript/jquery_easy_ui/themes/default/images/tabs_leftarrow.png HTTP/1.1" 304 -
116.224.253.72 - - [19/May/2021:09:51:26 +0800] "GET /xingrg/javascript/jquery_easy_ui/themes/default/images/panel_tool_collapse.gif HTTP/1.1" 304 -
116.224.253.72 - - [19/May/2021:09:51:26 +0800] "POST /xingrg/all/common/load_tree.html?tree=area_rest_tree_json&manage=1 HTTP/1.1" 200 476
116.224.253.72 - - [19/May/2021:09:51:26 +0800] "POST /xingrg/load_menu.html HTTP/1.1" 200 5138
222.69.131.59 - - [19/May/2021:09:51:38 +0800] "GET /xingrg/all/function/internal_message.html?_=1621389096965&CODE_STATE=getMsg HTTP/1.1" 200 27
116.224.253.72 - - [19/May/2021:09:51:39 +0800] "GET /xingrg/kc/base/yddb_order_list.html HTTP/1.1" 200 16588
116.224.253.72 - - [19/May/2021:09:51:39 +0800] "GET /xingrg/kc/base/wldb_order_add.html HTTP/1.1" 200 30156
116.224.253.72 - - [19/May/2021:09:51:39 +0800] "POST /xingrg/kc/base/wldb_order_operate.html HTTP/1.1" 200 6806
116.224.253.72 - - [19/May/2021:09:51:40 +0800] "POST /xingrg/kc/base/yddb_list_operate.html HTTP/1.1" 200 1346
116.224.253.72 - - [19/May/2021:09:51:40 +0800] "GET /xingrg/javascript/easyui/themes/default/validatebox.css HTTP/1.1" 404 1104
116.230.110.80 - - [19/May/2021:09:51:41 +0800] "GET /xingrg/all/function/internal_message.html?_=1621389099757&CODE_STATE=getMsg HTTP/1.1" 200 27
116.224.253.72 - - [19/May/2021:09:51:41 +0800] "POST /xingrg/all/common/load_combo.html?type=base HTTP/1.1" 200 2966
116.230.117.165 - - [19/May/2021:09:51:42 +0800] "POST /xingrg/services/DataTransmitService HTTP/1.1" 401 565
116.230.117.165 - - [19/May/2021:09:51:42 +0800] "POST /xingrg/services/DataTransmitService HTTP/1.1" 200 478
116.230.117.165 - - [19/May/2021:09:51:42 +0800] "POST /xingrg/services/DataTransmitService HTTP/1.1" 200 1320
116.230.117.165 - - [19/May/2021:09:51:42 +0800] "POST /xingrg/services/DataTransmitService HTTP/1.1" 200 478
116.230.117.165 - - [19/May/2021:09:51:42 +0800] "POST /xingrg/services/DataTransmitService HTTP/1.1" 200 1320
116.230.117.165 - - [19/May/2021:09:51:42 +0800] "POST /xingrg/services/DataTransmitService HTTP/1.1" 200 524
116.230.117.165 - - [19/May/2021:09:51:43 +0800] "POST /xingrg/services/DataTransmitService HTTP/1.1" 200 2171
116.235.222.38 - - [19/May/2021:09:51:44 +0800] "GET /xingrg/all/function/internal_message.html?_=1621389099433&CODE_STATE=getMsg HTTP/1.1" 200 27
116.230.117.165 - - [19/May/2021:09:51:44 +0800] "POST /xingrg/services/DataTransmitService HTTP/1.1" 200 45454
116.230.117.165 - - [19/May/2021:09:51:44 +0800] "POST /xingrg/services/DataTransmitService HTTP/1.1" 200 19237
116.224.253.72 - - [19/May/2021:09:51:44 +0800] "POST /xingrg/kc/base/yddb_list_operate.html HTTP/1.1" 200 312
116.224.253.72 - - [19/May/2021:09:51:51 +0800] "POST /xingrg/all/user/operate.html HTTP/1.1" 200 36
116.224.253.72 - - [19/May/2021:09:51:51 +0800] "GET /xingrg/kc/base/wldb_order_operate.html?command=get_materiel&rest_code=00150&base_code=0010445&code=00101019391 HTTP/1.1" 200 471
116.224.253.72 - - [19/May/2021:09:51:51 +0800] "GET /xingrg/index.html?sysBaseUrl=http%3A%2F%2F180.169.147.146%3A18081%2Fxingrg%2F&costTime=1731×tamp=1621387756231 HTTP/1.1" 200 17179
116.224.253.72 - - [19/May/2021:09:51:51 +0800] "GET /xingrg/javascript/jquery_easy_ui/themes/default/easyui.css HTTP/1.1" 304 -
116.224.253.72 - - [19/May/2021:09:51:51 +0800] "GET /xingrg/javascript/jquery_easy_ui/themes/icon.css HTTP/1.1" 304 -
116.224.253.72 - - [19/May/2021:09:51:51 +0800] "GET /xingrg/css/form.css HTTP/1.1" 304 -
116.224.253.72 - - [19/May/2021:09:51:51 +0800] "GET /xingrg/javascript/jquery-1.4.2.min.js HTTP/1.1" 304 -
116.224.253.72 - - [19/May/2021:09:51:51 +0800] "GET /xingrg/javascript/jquery_easy_ui/jquery.easyui.min.js HTTP/1.1" 304 -
116.224.253.72 - - [19/May/2021:09:51:51 +0800] "GET /xingrg/javascript/jquery_easy_ui/easyui-lang-zh_CN.js HTTP/1.1" 304 -
116.224.253.72 - - [19/May/2021:09:51:51 +0800] "GET /xingrg/javascript/jquery.form.js HTTP/1.1" 304 -
116.224.253.72 - - [19/May/2021:09:51:51 +0800] "GET /xingrg/javascript/jquery.utils.js HTTP/1.1" 304 -
116.224.253.72 - - [19/May/2021:09:51:51 +0800] "GET /xingrg/javascript/jquery.timers.js HTTP/1.1" 304 -
116.224.253.72 - - [19/May/2021:09:51:51 +0800] "GET /xingrg/images/blue/jxLogo.png HTTP/1.1" 304 -
116.224.253.72 - - [19/May/2021:09:51:51 +0800] "GET /xingrg/images/blue/navBackgound.jpg HTTP/1.1" 304 -
116.224.253.72 - - [19/May/2021:09:51:51 +0800] "GET /xingrg/javascript/jquery_easy_ui/themes/icons/settle_new.png HTTP/1.1" 304 -
180.169.147.146 - - [19/May/2021:09:51:51 +0800] "GET /xingrg/all/function/internal_message.html?_=1621389115458&CODE_STATE=getMsg HTTP/1.1" 200 27
116.224.253.72 - - [19/May/2021:09:51:52 +0800] "GET /xingrg/all/function/internal_message.html?_=1621389111046&CODE_STATE=count HTTP/1.1" 200 11
116.224.253.72 - - [19/May/2021:09:51:52 +0800] "GET /xingrg/check_reg.html?_=1621389111048 HTTP/1.1" 200 22
116.224.253.72 - - [19/May/2021:09:51:52 +0800] "GET /xingrg/javascript/jquery_easy_ui/themes/default/images/tabs_rightarrow.png HTTP/1.1" 304 -
116.224.253.72 - - [19/May/2021:09:51:52 +0800] "GET /xingrg/images/blue/pingpu.png HTTP/1.1" 304 -
116.224.253.72 - - [19/May/2021:09:51:52 +0800] "POST /xingrg/all/common/load_tree.html?tree=area_rest_tree_json&manage=1 HTTP/1.1" 200 476
116.224.253.72 - - [19/May/2021:09:51:52 +0800] "GET /xingrg/javascript/jquery_easy_ui/themes/default/images/tabs_leftarrow.png HTTP/1.1" 304 -
116.224.253.72 - - [19/May/2021:09:51:52 +0800] "GET /xingrg/javascript/jquery_easy_ui/themes/default/images/panel_tool_collapse.gif HTTP/1.1" 304 -
116.224.253.72 - - [19/May/2021:09:51:52 +0800] "POST /xingrg/load_menu.html HTTP/1.1" 200 5138
116.224.253.72 - - [19/May/2021:09:51:54 +0800] "GET /xingrg/kc/base/yddb_order_list.html HTTP/1.1" 200 16590
116.224.253.72 - - [19/May/2021:09:51:54 +0800] "POST /xingrg/kc/base/yddb_list_operate.html HTTP/1.1" 200 1346
116.224.253.72 - - [19/May/2021:09:51:55 +0800] "POST /xingrg/kc/base/yddb_list_operate.html HTTP/1.1" 200 312
58.40.7.146 - - [19/May/2021:09:51:56 +0800] "GET /xingrg/all/function/internal_message.html?_=1621389114612&CODE_STATE=getMsg HTTP/1.1" 302 -
116.224.253.72 - - [19/May/2021:09:51:57 +0800] "GET /xingrg/kc/base/yddb_order_info.html?code=482021051900130 HTTP/1.1" 200 31196
116.224.253.72 - - [19/May/2021:09:51:57 +0800] "GET /xingrg/dwr/interface/AjaxYddbService.js HTTP/1.1" 200 13201
116.224.253.72 - - [19/May/2021:09:51:57 +0800] "GET /xingrg/dwr/interface/AjaxComOrderService.js HTTP/1.1" 200 18264
116.224.253.72 - - [19/May/2021:09:51:57 +0800] "GET /xingrg/dwr/engine.js HTTP/1.1" 200 43631
116.224.253.72 - - [19/May/2021:09:51:57 +0800] "GET /xingrg/kc/base/wldb_order_operate.html?command=get_materiel&rest_code=00150&base_code=0010445&code=00101019185 HTTP/1.1" 200 455
116.224.253.72 - - [19/May/2021:09:51:57 +0800] "POST /xingrg/dwr/call/plaincall/AjaxYddbService.loadMaterielItems.dwr HTTP/1.1" 200 845
116.232.48.118 - - [19/May/2021:09:51:58 +0800] "GET /xingrg/check_reg.html?_=1621389118840 HTTP/1.1" 200 22
116.232.48.118 - - [19/May/2021:09:51:58 +0800] "GET /xingrg/all/function/internal_message.html?_=1621389118840&CODE_STATE=getMsg HTTP/1.1" 200 27
61.165.42.208 - - [19/May/2021:09:51:58 +0800] "GET /xingrg/all/function/internal_message.html?_=1621389099565&CODE_STATE=getMsg HTTP/1.1" 200 27
120.253.135.82 - - [19/May/2021:09:51:59 +0800] "GET /xingrg/all/function/internal_message.html?_=1621389171595&CODE_STATE=getMsg HTTP/1.1" 200 27
116.224.253.72 - - [19/May/2021:09:52:03 +0800] "POST /xingrg/dwr/call/plaincall/AjaxYddbService.checkOrder.dwr HTTP/1.1" 200 78
116.224.253.72 - - [19/May/2021:09:52:03 +0800] "GET /xingrg/kc/base/wldb_order_operate.html?command=get_materiel&rest_code=00150&base_code=0010445&code=00101019175 HTTP/1.1" 200 439
116.224.253.72 - - [19/May/2021:09:52:04 +0800] "GET /xingrg/kc/base/yddb_order_info.html?code=482021051900130 HTTP/1.1" 200 29375
116.224.253.72 - - [19/May/2021:09:52:04 +0800] "GET /xingrg/dwr/interface/AjaxComOrderService.js HTTP/1.1" 200 18264
116.224.253.72 - - [19/May/2021:09:52:04 +0800] "GET /xingrg/dwr/interface/AjaxYddbService.js HTTP/1.1" 200 13201
117.184.7.26 - - [19/May/2021:09:52:04 +0800] "GET /xingrg/all/function/internal_message.html?_=1621389119734&CODE_STATE=getMsg HTTP/1.1" 200 27
116.224.253.72 - - [19/May/2021:09:52:04 +0800] "GET /xingrg/dwr/engine.js HTTP/1.1" 200 43631
116.224.253.72 - - [19/May/2021:09:52:05 +0800] "POST /xingrg/dwr/call/plaincall/AjaxYddbService.loadMaterielItems.dwr HTTP/1.1" 200 845
116.224.253.72 - - [19/May/2021:09:52:08 +0800] "POST /xingrg/all/user/operate.html HTTP/1.1" 200 36
116.224.253.72 - - [19/May/2021:09:52:08 +0800] "GET /xingrg/index.html?sysBaseUrl=http%3A%2F%2F180.169.147.146%3A18081%2Fxingrg%2F&costTime=1731×tamp=1621387756231 HTTP/1.1" 200 17177
116.224.253.72 - - [19/May/2021:09:52:08 +0800] "GET /xingrg/javascript/jquery_easy_ui/themes/default/easyui.css HTTP/1.1" 304 -
116.224.253.72 - - [19/May/2021:09:52:08 +0800] "GET /xingrg/javascript/jquery_easy_ui/themes/icon.css HTTP/1.1" 304 -
116.224.253.72 - - [19/May/2021:09:52:08 +0800] "GET /xingrg/css/form.css HTTP/1.1" 304 -
116.224.253.72 - - [19/May/2021:09:52:08 +0800] "GET /xingrg/javascript/jquery-1.4.2.min.js HTTP/1.1" 304 -
116.224.253.72 - - [19/May/2021:09:52:08 +0800] "GET /xingrg/javascript/jquery_easy_ui/jquery.easyui.min.js HTTP/1.1" 304 -
116.224.253.72 - - [19/May/2021:09:52:08 +0800] "GET /xingrg/javascript/jquery_easy_ui/easyui-lang-zh_CN.js HTTP/1.1" 304 -
116.224.253.72 - - [19/May/2021:09:52:08 +0800] "GET /xingrg/javascript/jquery.form.js HTTP/1.1" 304 -
116.224.253.72 - - [19/May/2021:09:52:08 +0800] "GET /xingrg/javascript/jquery.utils.js HTTP/1.1" 304 -
116.224.253.72 - - [19/May/2021:09:52:08 +0800] "GET /xingrg/javascript/jquery.timers.js HTTP/1.1" 304 -
116.224.253.72 - - [19/May/2021:09:52:08 +0800] "GET /xingrg/images/blue/jxLogo.png HTTP/1.1" 304 -
116.224.253.72 - - [19/May/2021:09:52:08 +0800] "GET /xingrg/javascript/jquery_easy_ui/themes/icons/settle_new.png HTTP/1.1" 304 -
116.224.253.72 - - [19/May/2021:09:52:08 +0800] "GET /xingrg/images/blue/navBackgound.jpg HTTP/1.1" 304 -
116.224.253.72 - - [19/May/2021:09:52:08 +0800] "GET /xingrg/all/function/internal_message.html?_=1621389127622&CODE_STATE=count HTTP/1.1" 200 11
116.224.253.72 - - [19/May/2021:09:52:08 +0800] "GET /xingrg/check_reg.html?_=1621389127623 HTTP/1.1" 200 22
116.224.253.72 - - [19/May/2021:09:52:08 +0800] "GET /xingrg/javascript/jquery_easy_ui/themes/default/images/tabs_rightarrow.png HTTP/1.1" 304 -
116.224.253.72 - - [19/May/2021:09:52:08 +0800] "GET /xingrg/images/blue/pingpu.png HTTP/1.1" 304 -
116.224.253.72 - - [19/May/2021:09:52:08 +0800] "GET /xingrg/javascript/jquery_easy_ui/themes/default/images/tabs_leftarrow.png HTTP/1.1" 304 -
116.224.253.72 - - [19/May/2021:09:52:08 +0800] "GET /xingrg/javascript/jquery_easy_ui/themes/default/images/panel_tool_collapse.gif HTTP/1.1" 304 -
116.224.253.72 - - [19/May/2021:09:52:08 +0800] "POST /xingrg/all/common/load_tree.html?tree=area_rest_tree_json&manage=1 HTTP/1.1" 200 476
116.224.253.72 - - [19/May/2021:09:52:08 +0800] "POST /xingrg/load_menu.html HTTP/1.1" 200 5138
180.169.147.146 - - [19/May/2021:09:52:08 +0800] "GET /xingrg/all/function/internal_message.html?_=1621389129993&CODE_STATE=getMsg HTTP/1.1" 200 27
180.169.147.146 - - [19/May/2021:09:52:08 +0800] "GET /xingrg/check_reg.html?_=1621389129997 HTTP/1.1" 200 22
116.224.253.72 - - [19/May/2021:09:52:10 +0800] "GET /xingrg/kc/base/yddb_order_list.html HTTP/1.1" 200 16588
116.235.222.38 - - [19/May/2021:09:52:11 +0800] "GET /xingrg/all/function/internal_message.html?_=1621389126276&CODE_STATE=getMsg HTTP/1.1" 200 27
116.224.253.72 - - [19/May/2021:09:52:11 +0800] "POST /xingrg/kc/base/yddb_list_operate.html HTTP/1.1" 200 636
116.224.253.72 - - [19/May/2021:09:52:13 +0800] "POST /xingrg/kc/base/yddb_list_operate.html HTTP/1.1" 200 1861
116.230.114.112 - - [19/May/2021:09:52:14 +0800] "GET /xingrg/all/function/internal_message.html?_=1621389142660&CODE_STATE=getMsg HTTP/1.1" 200 27
116.224.253.72 - - [19/May/2021:09:52:14 +0800] "POST /xingrg/kc/base/yddb_list_operate.html HTTP/1.1" 200 312
116.224.253.72 - - [19/May/2021:09:52:16 +0800] "GET /xingrg/kc/base/yddb_order_info.html?code=482021051900130 HTTP/1.1" 200 30940
116.224.253.72 - - [19/May/2021:09:52:16 +0800] "GET /xingrg/dwr/interface/AjaxComOrderService.js HTTP/1.1" 200 18264
116.224.253.72 - - [19/May/2021:09:52:16 +0800] "GET /xingrg/dwr/interface/AjaxYddbService.js HTTP/1.1" 200 13201
116.224.253.72 - - [19/May/2021:09:52:16 +0800] "GET /xingrg/dwr/engine.js HTTP/1.1" 200 43631
116.224.253.72 - - [19/May/2021:09:52:16 +0800] "GET /xingrg/all/function/internal_message.html?_=1621389116877&CODE_STATE=getMsg HTTP/1.1" 200 27
116.224.253.72 - - [19/May/2021:09:52:17 +0800] "GET /xingrg/kc/base/wldb_order_operate.html?command=get_materiel&rest_code=00150&base_code=0010445&code=00101016029 HTTP/1.1" 200 462
116.224.253.72 - - [19/May/2021:09:52:17 +0800] "POST /xingrg/dwr/call/plaincall/AjaxYddbService.loadMaterielItems.dwr HTTP/1.1" 200 845
116.230.117.165 - - [19/May/2021:09:52:20 +0800] "POST /xingrg/services/DataTransmitService HTTP/1.1" 200 524
116.224.253.72 - - [19/May/2021:09:52:20 +0800] "POST /xingrg/dwr/call/plaincall/AjaxYddbService.saveOrder.dwr HTTP/1.1" 200 78
180.169.147.146 - - [19/May/2021:09:52:21 +0800] "GET /xingrg/all/function/internal_message.html?_=1621389139596&CODE_STATE=getMsg HTTP/1.1" 200 27
222.69.131.59 - - [19/May/2021:09:52:21 +0800] "GET /xingrg/kc/print/load_config.html?kc_code=cgsh HTTP/1.1" 200 1845
222.69.131.59 - - [19/May/2021:09:52:22 +0800] "GET /xingrg/kc/print/load_data.html?order_code=212021051908316&kc_code=cgsh&condition= HTTP/1.1" 200 12336
116.224.253.72 - - [19/May/2021:09:52:24 +0800] "GET /xingrg/kc/base/wldb_order_operate.html?command=get_materiel&rest_code=00150&base_code=0010445&code=00101019183 HTTP/1.1" 200 435
120.253.135.82 - - [19/May/2021:09:52:26 +0800] "GET /xingrg/check_reg.html?_=1621388926594 HTTP/1.1" 200 22
120.253.135.82 - - [19/May/2021:09:52:26 +0800] "GET /xingrg/all/function/internal_message.html?_=1621388926915&CODE_STATE=getMsg HTTP/1.1" 200 27
116.224.253.72 - - [19/May/2021:09:52:26 +0800] "POST /xingrg/dwr/call/plaincall/AjaxYddbService.objCheckOrder.dwr HTTP/1.1" 200 78
116.224.253.72 - - [19/May/2021:09:52:28 +0800] "GET /xingrg/kc/base/yddb_order_info.html?code=482021051900130 HTTP/1.1" 200 31061
116.224.253.72 - - [19/May/2021:09:52:28 +0800] "GET /xingrg/dwr/interface/AjaxComOrderService.js HTTP/1.1" 200 18264
116.224.253.72 - - [19/May/2021:09:52:28 +0800] "GET /xingrg/dwr/interface/AjaxYddbService.js HTTP/1.1" 200 13201
116.224.253.72 - - [19/May/2021:09:52:28 +0800] "GET /xingrg/dwr/engine.js HTTP/1.1" 200 43631
116.224.253.72 - - [19/May/2021:09:52:29 +0800] "POST /xingrg/dwr/call/plaincall/AjaxYddbService.loadMaterielItems.dwr HTTP/1.1" 200 845
116.224.253.72 - - [19/May/2021:09:52:30 +0800] "GET /xingrg/kc/base/yddb_order_list.html?isBack=1 HTTP/1.1" 200 16588
116.224.253.72 - - [19/May/2021:09:52:30 +0800] "POST /xingrg/kc/base/yddb_list_operate.html HTTP/1.1" 200 636
116.224.253.72 - - [19/May/2021:09:52:31 +0800] "GET /xingrg/kc/base/wldb_order_operate.html?command=get_materiel&rest_code=00150&base_code=0010445&code=00101019400 HTTP/1.1" 200 450
222.69.131.59 - - [19/May/2021:09:52:31 +0800] "POST /xingrg/kc/buy/cgsh_order_operate.html HTTP/1.1" 200 37
116.224.253.72 - - [19/May/2021:09:52:33 +0800] "POST /xingrg/kc/base/yddb_list_operate.html HTTP/1.1" 200 1602
116.224.253.72 - - [19/May/2021:09:52:35 +0800] "POST /xingrg/kc/base/yddb_list_operate.html HTTP/1.1" 200 286
116.224.253.72 - - [19/May/2021:09:52:37 +0800] "GET /xingrg/kc/base/wldb_order_operate.html?command=get_materiel&rest_code=00150&base_code=0010445&code=00101019133 HTTP/1.1" 200 466
222.69.131.59 - - [19/May/2021:09:52:38 +0800] "GET /xingrg/all/function/internal_message.html?_=1621389156976&CODE_STATE=getMsg HTTP/1.1" 200 27
116.224.253.72 - - [19/May/2021:09:52:39 +0800] "GET /xingrg/kc/base/yddb_order_info.html?code=482021051900131 HTTP/1.1" 200 30939
116.224.253.72 - - [19/May/2021:09:52:39 +0800] "GET /xingrg/dwr/interface/AjaxComOrderService.js HTTP/1.1" 200 18264
116.224.253.72 - - [19/May/2021:09:52:39 +0800] "GET /xingrg/dwr/interface/AjaxYddbService.js HTTP/1.1" 200 13201
116.224.253.72 - - [19/May/2021:09:52:39 +0800] "GET /xingrg/dwr/engine.js HTTP/1.1" 200 43631
116.224.253.72 - - [19/May/2021:09:52:39 +0800] "POST /xingrg/dwr/call/plaincall/AjaxYddbService.loadMaterielItems.dwr HTTP/1.1" 200 739
116.230.110.80 - - [19/May/2021:09:52:41 +0800] "GET /xingrg/all/function/internal_message.html?_=1621389159759&CODE_STATE=getMsg HTTP/1.1" 200 27
116.230.110.80 - - [19/May/2021:09:52:41 +0800] "GET /xingrg/check_reg.html?_=1621389159823 HTTP/1.1" 200 22
116.235.222.38 - - [19/May/2021:09:52:44 +0800] "GET /xingrg/all/function/internal_message.html?_=1621389159432&CODE_STATE=getMsg HTTP/1.1" 200 27
116.224.253.72 - - [19/May/2021:09:52:46 +0800] "GET /xingrg/kc/base/wldb_order_operate.html?command=get_materiel&rest_code=00150&base_code=0010445&code=00101019306 HTTP/1.1" 200 463
116.224.253.72 - - [19/May/2021:09:52:47 +0800] "POST /xingrg/dwr/call/plaincall/AjaxYddbService.saveOrder.dwr HTTP/1.1" 200 78
222.69.131.59 - - [19/May/2021:09:52:49 +0800] "POST /xingrg/kc/buy/cgsh_order_operate.html HTTP/1.1" 200 12
180.169.147.146 - - [19/May/2021:09:52:51 +0800] "GET /xingrg/all/function/internal_message.html?_=1621389175462&CODE_STATE=getMsg HTTP/1.1" 200 27
222.69.131.59 - - [19/May/2021:09:52:54 +0800] "GET /xingrg/css/base.css HTTP/1.1" 200 2811
222.69.131.59 - - [19/May/2021:09:52:54 +0800] "GET /xingrg/kc/buy/cgsh_order_info.html?code=212021051908316 HTTP/1.1" 200 56946
222.69.131.59 - - [19/May/2021:09:52:54 +0800] "GET /xingrg/css/site.css HTTP/1.1" 200 7541
222.69.131.59 - - [19/May/2021:09:52:54 +0800] "GET /xingrg/javascript/jquery_tools/datebox.css HTTP/1.1" 200 2597
222.69.131.59 - - [19/May/2021:09:52:54 +0800] "GET /xingrg/javascript/auto/jquery.autocomplete.css HTTP/1.1" 200 587
222.69.131.59 - - [19/May/2021:09:52:54 +0800] "GET /xingrg/javascript/easyui/themes/icon.css HTTP/1.1" 200 4483
222.69.131.59 - - [19/May/2021:09:52:54 +0800] "GET /xingrg/javascript/jquery_tools/fix.css HTTP/1.1" 200 1702
222.69.131.59 - - [19/May/2021:09:52:54 +0800] "GET /xingrg/javascript/easyui/themes/default/easyui.css HTTP/1.1" 200 30432
222.69.131.59 - - [19/May/2021:09:52:54 +0800] "GET /xingrg/javascript/jquery_tools/table.css HTTP/1.1" 200 1032
222.69.131.59 - - [19/May/2021:09:52:54 +0800] "GET /xingrg/javascript/jquery_tools/jquery.tools.min.js HTTP/1.1" 200 138801
222.69.131.59 - - [19/May/2021:09:52:54 +0800] "GET /xingrg/javascript/pic_change.js HTTP/1.1" 200 4739
222.69.131.59 - - [19/May/2021:09:52:54 +0800] "GET /xingrg/javascript/jquery_tools/jquery.tools.hotkey.js HTTP/1.1" 200 3242
222.69.131.59 - - [19/May/2021:09:52:54 +0800] "GET /xingrg/javascript/jquery_tools/jquery.tools.table.js HTTP/1.1" 200 6994
222.69.131.59 - - [19/May/2021:09:52:54 +0800] "GET /xingrg/javascript/jquery_tools/jquery.tools.extend.js HTTP/1.1" 200 15385
222.69.131.59 - - [19/May/2021:09:52:54 +0800] "GET /xingrg/javascript/easyui/easyloader.js HTTP/1.1" 200 5975
222.69.131.59 - - [19/May/2021:09:52:54 +0800] "GET /xingrg/javascript/convert.js HTTP/1.1" 200 1239
222.69.131.59 - - [19/May/2021:09:52:54 +0800] "GET /xingrg/javascript/auto/jquery.autocomplete.js HTTP/1.1" 200 21624
222.69.131.59 - - [19/May/2021:09:52:54 +0800] "GET /xingrg/javascript/jquery_tools/order_manager.js HTTP/1.1" 200 11183
222.69.131.59 - - [19/May/2021:09:52:54 +0800] "GET /xingrg/javascript/jquery.utils.js HTTP/1.1" 200 11805
222.69.131.59 - - [19/May/2021:09:52:54 +0800] "GET /xingrg/javascript/jquery.cookie.js HTTP/1.1" 200 5513
222.69.131.59 - - [19/May/2021:09:52:54 +0800] "GET /xingrg/javascript/print/LodopFuncs.js HTTP/1.1" 200 5121
222.69.131.59 - - [19/May/2021:09:52:54 +0800] "GET /xingrg/javascript/json2.js HTTP/1.1" 200 11259
222.69.131.59 - - [19/May/2021:09:52:54 +0800] "GET /xingrg/javascript/print/kc_print.js HTTP/1.1" 200 11415
116.224.253.72 - - [19/May/2021:09:52:54 +0800] "POST /xingrg/dwr/call/plaincall/AjaxYddbService.objCheckOrder.dwr HTTP/1.1" 200 78
116.224.253.72 - - [19/May/2021:09:52:54 +0800] "GET /xingrg/kc/base/wldb_order_operate.html?command=get_materiel&rest_code=00150&base_code=0010445&code=00101027001 HTTP/1.1" 200 471
222.69.131.59 - - [19/May/2021:09:52:54 +0800] "GET /xingrg/words/20210518171239_words.js HTTP/1.1" 200 814871
222.69.131.59 - - [19/May/2021:09:52:55 +0800] "GET /xingrg/javascript/easyui/plugins/jquery.parser.js HTTP/1.1" 200 1142
222.69.131.59 - - [19/May/2021:09:52:55 +0800] "GET /xingrg/javascript/easyui/themes/default/validatebox.css HTTP/1.1" 404 1104
222.69.131.59 - - [19/May/2021:09:52:55 +0800] "GET /xingrg/javascript/easyui/plugins/jquery.validatebox.js HTTP/1.1" 200 6103
222.69.131.59 - - [19/May/2021:09:52:55 +0800] "GET /xingrg/javascript/easyui/plugins/jquery.numberbox.js HTTP/1.1" 200 5213
222.69.131.59 - - [19/May/2021:09:52:55 +0800] "POST /xingrg/kc/buy/cgsh_order_operate.html HTTP/1.1" 200 31340
58.40.7.146 - - [19/May/2021:09:52:56 +0800] "GET /xingrg/all/function/internal_message.html?_=1621389174615&CODE_STATE=getMsg HTTP/1.1" 302 -
116.224.253.72 - - [19/May/2021:09:52:57 +0800] "GET /xingrg/kc/base/yddb_order_info.html?code=482021051900131 HTTP/1.1" 200 31060
116.224.253.72 - - [19/May/2021:09:52:57 +0800] "GET /xingrg/dwr/interface/AjaxYddbService.js HTTP/1.1" 200 13201
116.224.253.72 - - [19/May/2021:09:52:57 +0800] "GET /xingrg/dwr/interface/AjaxComOrderService.js HTTP/1.1" 200 18264
116.224.253.72 - - [19/May/2021:09:52:57 +0800] "GET /xingrg/dwr/engine.js HTTP/1.1" 200 43631
116.232.48.118 - - [19/May/2021:09:52:58 +0800] "GET /xingrg/all/function/internal_message.html?_=1621389178842&CODE_STATE=getMsg HTTP/1.1" 200 27
61.165.42.208 - - [19/May/2021:09:52:58 +0800] "GET /xingrg/check_reg.html?_=1621389159566 HTTP/1.1" 200 22
61.165.42.208 - - [19/May/2021:09:52:58 +0800] "GET /xingrg/all/function/internal_message.html?_=1621389159569&CODE_STATE=getMsg HTTP/1.1" 200 27
116.224.253.72 - - [19/May/2021:09:52:58 +0800] "POST /xingrg/dwr/call/plaincall/AjaxYddbService.loadMaterielItems.dwr HTTP/1.1" 200 739
116.224.253.72 - - [19/May/2021:09:52:59 +0800] "GET /xingrg/kc/base/yddb_order_list.html?isBack=1 HTTP/1.1" 200 16588
120.253.135.82 - - [19/May/2021:09:52:59 +0800] "GET /xingrg/all/function/internal_message.html?_=1621389231678&CODE_STATE=getMsg HTTP/1.1" 200 27
116.224.253.72 - - [19/May/2021:09:52:59 +0800] "POST /xingrg/kc/base/yddb_list_operate.html HTTP/1.1" 200 636
116.224.253.72 - - [19/May/2021:09:53:00 +0800] "GET /xingrg/kc/base/wldb_order_operate.html?command=get_materiel&rest_code=00150&base_code=0010445&code=00101016044 HTTP/1.1" 200 464
116.224.253.72 - - [19/May/2021:09:53:02 +0800] "POST /xingrg/kc/base/yddb_list_operate.html HTTP/1.1" 200 1344
222.69.131.59 - - [19/May/2021:09:53:03 +0800] "GET /xingrg/kc/buy/cgsh_order_add.html HTTP/1.1" 200 62044
222.69.131.59 - - [19/May/2021:09:53:03 +0800] "POST /xingrg/kc/buy/cgsh_order_operate.html HTTP/1.1" 200 8245
222.69.131.59 - - [19/May/2021:09:53:03 +0800] "GET /xingrg/javascript/easyui/themes/default/validatebox.css HTTP/1.1" 404 1104
222.69.131.59 - - [19/May/2021:09:53:03 +0800] "GET /xingrg/all/common/auto_word.html?type=employee&rest_code=00149 HTTP/1.1" 200 197
222.69.131.59 - - [19/May/2021:09:53:03 +0800] "GET /xingrg/all/common/auto_word.html?type=employee&rest_code=00149 HTTP/1.1" 200 197
116.224.253.72 - - [19/May/2021:09:53:03 +0800] "POST /xingrg/kc/base/yddb_list_operate.html HTTP/1.1" 200 198
117.184.7.26 - - [19/May/2021:09:53:04 +0800] "GET /xingrg/all/function/internal_message.html?_=1621389179718&CODE_STATE=getMsg HTTP/1.1" 200 27
116.224.253.72 - - [19/May/2021:09:53:06 +0800] "GET /xingrg/kc/base/yddb_order_info.html?code=482021051900129 HTTP/1.1" 200 30940
116.224.253.72 - - [19/May/2021:09:53:06 +0800] "GET /xingrg/dwr/interface/AjaxComOrderService.js HTTP/1.1" 200 18264
116.224.253.72 - - [19/May/2021:09:53:06 +0800] "GET /xingrg/dwr/interface/AjaxYddbService.js HTTP/1.1" 200 13201
116.224.253.72 - - [19/May/2021:09:53:06 +0800] "GET /xingrg/dwr/engine.js HTTP/1.1" 200 43631
116.224.253.72 - - [19/May/2021:09:53:06 +0800] "POST /xingrg/dwr/call/plaincall/AjaxYddbService.loadMaterielItems.dwr HTTP/1.1" 200 389
116.224.253.72 - - [19/May/2021:09:53:07 +0800] "GET /xingrg/kc/base/wldb_order_operate.html?command=get_materiel&rest_code=00150&base_code=0010445&code=00101016076 HTTP/1.1" 200 477
116.224.253.72 - - [19/May/2021:09:53:08 +0800] "GET /xingrg/all/function/internal_message.html?_=1621389187643&CODE_STATE=getMsg HTTP/1.1" 200 27
180.169.147.146 - - [19/May/2021:09:53:08 +0800] "GET /xingrg/all/function/internal_message.html?_=1621389190016&CODE_STATE=getMsg HTTP/1.1" 200 27
116.224.253.72 - - [19/May/2021:09:53:09 +0800] "POST /xingrg/dwr/call/plaincall/AjaxYddbService.saveOrder.dwr HTTP/1.1" 200 78
116.235.222.38 - - [19/May/2021:09:53:11 +0800] "GET /xingrg/check_reg.html?_=1621389186244 HTTP/1.1" 200 22
116.235.222.38 - - [19/May/2021:09:53:11 +0800] "GET /xingrg/all/function/internal_message.html?_=1621389186246&CODE_STATE=getMsg HTTP/1.1" 200 27
116.230.114.112 - - [19/May/2021:09:53:14 +0800] "GET /xingrg/all/function/internal_message.html?_=1621389202671&CODE_STATE=getMsg HTTP/1.1" 200 27
116.224.253.72 - - [19/May/2021:09:53:15 +0800] "POST /xingrg/dwr/call/plaincall/AjaxYddbService.objCheckOrder.dwr HTTP/1.1" 200 78
116.224.253.72 - - [19/May/2021:09:53:15 +0800] "GET /xingrg/kc/base/wldb_order_operate.html?command=get_materiel&rest_code=00150&base_code=0010445&code=00101019111 HTTP/1.1" 200 454
117.184.7.26 - - [19/May/2021:09:53:16 +0800] "GET /xingrg/check_reg.html?_=1621389191188 HTTP/1.1" 200 22
116.224.253.72 - - [19/May/2021:09:53:16 +0800] "GET /xingrg/all/function/internal_message.html?_=1621389176891&CODE_STATE=getMsg HTTP/1.1" 200 27
116.224.253.72 - - [19/May/2021:09:53:17 +0800] "GET /xingrg/kc/base/yddb_order_info.html?code=482021051900129 HTTP/1.1" 200 31061
116.224.253.72 - - [19/May/2021:09:53:17 +0800] "GET /xingrg/dwr/interface/AjaxComOrderService.js HTTP/1.1" 200 18264
116.224.253.72 - - [19/May/2021:09:53:17 +0800] "GET /xingrg/dwr/interface/AjaxYddbService.js HTTP/1.1" 200 13201
116.224.253.72 - - [19/May/2021:09:53:17 +0800] "GET /xingrg/dwr/engine.js HTTP/1.1" 200 43631
116.224.253.72 - - [19/May/2021:09:53:17 +0800] "POST /xingrg/dwr/call/plaincall/AjaxYddbService.loadMaterielItems.dwr HTTP/1.1" 200 389
116.224.253.72 - - [19/May/2021:09:53:20 +0800] "GET /xingrg/kc/base/wldb_order_operate.html?command=get_materiel&rest_code=00150&base_code=0010445&code=00101019258 HTTP/1.1" 200 469
180.169.147.146 - - [19/May/2021:09:53:21 +0800] "GET /xingrg/check_reg.html?_=1621389199596 HTTP/1.1" 200 22
