222.69.131.59 - - [19/May/2021:10:18:38 +0800] "GET /xingrg/all/function/internal_message.html?_=1621390717087&CODE_STATE=getMsg HTTP/1.1" 200 27
116.230.110.80 - - [19/May/2021:10:18:41 +0800] "GET /xingrg/all/function/internal_message.html?_=1621390719751&CODE_STATE=getMsg HTTP/1.1" 200 27
101.85.94.178 - - [19/May/2021:10:18:43 +0800] "GET /xingrg/all/function/internal_message.html?_=1621390213823&CODE_STATE=getMsg HTTP/1.1" 200 27
116.224.253.72 - - [19/May/2021:10:18:43 +0800] "GET /xingrg/all/function/internal_message.html?_=1621390722625&CODE_STATE=getMsg HTTP/1.1" 200 27
116.235.222.38 - - [19/May/2021:10:18:44 +0800] "GET /xingrg/all/function/internal_message.html?_=1621390719464&CODE_STATE=getMsg HTTP/1.1" 200 27
180.161.124.236 - - [19/May/2021:10:18:44 +0800] "GET /xingrg/kc/buy/cgsh_order_operate.html?command=get_materiel&rest_code=00102&code=00101015042&supplier_code=00100054&order_time=2021-05-19 HTTP/1.1" 200 408
116.235.222.38 - - [19/May/2021:10:18:46 +0800] "POST /xingrg/kc/buy/cgsh_order_operate.html HTTP/1.1" 200 45233
180.161.124.236 - - [19/May/2021:10:18:49 +0800] "GET /xingrg/all/function/internal_message.html?_=1621390687981&CODE_STATE=getMsg HTTP/1.1" 200 27
180.169.147.146 - - [19/May/2021:10:18:52 +0800] "GET /xingrg/all/function/internal_message.html?_=1621390735521&CODE_STATE=getMsg HTTP/1.1" 200 27
116.235.222.38 - - [19/May/2021:10:18:54 +0800] "GET /xingrg/kc/print/load_config.html?kc_code=cgsh HTTP/1.1" 200 1845
116.235.222.38 - - [19/May/2021:10:18:54 +0800] "GET /xingrg/kc/print/load_data.html?order_code=212021051908329&kc_code=cgsh&condition= HTTP/1.1" 200 16765
58.40.7.146 - - [19/May/2021:10:18:56 +0800] "GET /xingrg/all/function/internal_message.html?_=1621390734664&CODE_STATE=getMsg HTTP/1.1" 302 -
222.69.131.59 - - [19/May/2021:10:18:56 +0800] "GET /xingrg/kc/buy/cgsh_order_add.html HTTP/1.1" 200 62044
222.69.131.59 - - [19/May/2021:10:18:56 +0800] "POST /xingrg/kc/buy/cgsh_order_operate.html HTTP/1.1" 200 8245
222.69.131.59 - - [19/May/2021:10:18:56 +0800] "GET /xingrg/javascript/easyui/themes/default/validatebox.css HTTP/1.1" 404 1104
116.232.48.118 - - [19/May/2021:10:18:58 +0800] "GET /xingrg/all/function/internal_message.html?_=1621390738892&CODE_STATE=getMsg HTTP/1.1" 200 27
61.165.42.208 - - [19/May/2021:10:18:58 +0800] "GET /xingrg/all/function/internal_message.html?_=1621390719602&CODE_STATE=getMsg HTTP/1.1" 200 27
120.253.135.82 - - [19/May/2021:10:19:00 +0800] "GET /xingrg/all/function/internal_message.html?_=1621390792273&CODE_STATE=getMsg HTTP/1.1" 200 27
180.161.124.236 - - [19/May/2021:10:19:01 +0800] "GET /xingrg/kc/buy/cgsh_order_operate.html?command=get_materiel&rest_code=00102&code=00101015021&supplier_code=00100054&order_time=2021-05-19 HTTP/1.1" 200 408
117.184.7.26 - - [19/May/2021:10:19:04 +0800] "GET /xingrg/all/function/internal_message.html?_=1621390739338&CODE_STATE=getMsg HTTP/1.1" 200 27
117.185.32.26 - - [19/May/2021:10:19:07 +0800] "GET /xingrg/all/function/internal_message.html?_=1621390740517&CODE_STATE=getMsg HTTP/1.1" 200 27
180.169.147.146 - - [19/May/2021:10:19:08 +0800] "GET /xingrg/all/function/internal_message.html?_=1621390750118&CODE_STATE=getMsg HTTP/1.1" 200 27
116.235.222.38 - - [19/May/2021:10:19:10 +0800] "GET /xingrg/kc/buy/cgsh_order_add.html HTTP/1.1" 200 62079
180.161.124.236 - - [19/May/2021:10:19:11 +0800] "GET /xingrg/kc/buy/cgsh_order_operate.html?command=get_materiel&rest_code=00102&code=00101015001&supplier_code=00100054&order_time=2021-05-19 HTTP/1.1" 200 412
116.224.253.72 - - [19/May/2021:10:19:11 +0800] "GET /xingrg/all/function/internal_message.html?_=1621390731394&CODE_STATE=getMsg HTTP/1.1" 200 27
116.235.222.38 - - [19/May/2021:10:19:12 +0800] "POST /xingrg/kc/buy/cgsh_order_operate.html HTTP/1.1" 200 8245
116.235.222.38 - - [19/May/2021:10:19:12 +0800] "GET /xingrg/javascript/easyui/themes/default/validatebox.css HTTP/1.1" 404 1104
116.235.222.38 - - [19/May/2021:10:19:12 +0800] "GET /xingrg/all/function/internal_message.html?_=1621390747423&CODE_STATE=getMsg HTTP/1.1" 200 27
116.230.114.112 - - [19/May/2021:10:19:17 +0800] "GET /xingrg/all/function/internal_message.html?_=1621390765799&CODE_STATE=getMsg HTTP/1.1" 200 27
222.69.131.59 - - [19/May/2021:10:19:19 +0800] "GET /xingrg/kc/buy/cgsh_order_operate.html?command=get_materiel&rest_code=00149&code=00101011010&supplier_code=00100051&order_time=2021-05-19 HTTP/1.1" 200 418
180.161.124.236 - - [19/May/2021:10:19:20 +0800] "GET /xingrg/kc/buy/cgsh_order_operate.html?command=get_materiel&rest_code=00102&code=00101015099&supplier_code=00100054&order_time=2021-05-19 HTTP/1.1" 200 395
180.169.147.146 - - [19/May/2021:10:19:21 +0800] "GET /xingrg/all/function/internal_message.html?_=1621390759586&CODE_STATE=getMsg HTTP/1.1" 200 27
222.69.131.59 - - [19/May/2021:10:19:28 +0800] "GET /xingrg/kc/buy/cgsh_order_operate.html?command=get_materiel&rest_code=00149&code=00101011005&supplier_code=00100051&order_time=2021-05-19 HTTP/1.1" 200 408
180.161.124.236 - - [19/May/2021:10:19:28 +0800] "GET /xingrg/kc/buy/cgsh_order_operate.html?command=get_materiel&rest_code=00102&code=00101015017&supplier_code=00100054&order_time=2021-05-19 HTTP/1.1" 200 412
116.230.114.112 - - [19/May/2021:10:19:35 +0800] "GET /xingrg/check_reg.html?_=1621390783102 HTTP/1.1" 200 22
116.235.222.38 - - [19/May/2021:10:19:35 +0800] "GET /xingrg/javascript/easyui/themes/default/tree.css HTTP/1.1" 404 1090
116.235.222.38 - - [19/May/2021:10:19:36 +0800] "POST /xingrg/all/common/load_tree.html?tree=supplier_tree_json&isDelete=1 HTTP/1.1" 200 55318
222.69.131.59 - - [19/May/2021:10:19:38 +0800] "GET /xingrg/all/function/internal_message.html?_=1621390777061&CODE_STATE=getMsg HTTP/1.1" 200 27
116.230.110.80 - - [19/May/2021:10:19:41 +0800] "GET /xingrg/all/function/internal_message.html?_=1621390779761&CODE_STATE=getMsg HTTP/1.1" 200 27
101.85.94.178 - - [19/May/2021:10:19:43 +0800] "GET /xingrg/all/function/internal_message.html?_=1621390273822&CODE_STATE=getMsg HTTP/1.1" 200 27
180.161.124.236 - - [19/May/2021:10:19:43 +0800] "POST /xingrg/kc/buy/cgsh_order_operate.html HTTP/1.1" 200 37
116.224.253.72 - - [19/May/2021:10:19:43 +0800] "GET /xingrg/all/function/internal_message.html?_=1621390782633&CODE_STATE=getMsg HTTP/1.1" 200 27
116.235.222.38 - - [19/May/2021:10:19:44 +0800] "GET /xingrg/all/function/internal_message.html?_=1621390779463&CODE_STATE=getMsg HTTP/1.1" 200 27
222.69.131.59 - - [19/May/2021:10:19:48 +0800] "POST /xingrg/kc/buy/cgsh_order_operate.html HTTP/1.1" 200 88
180.161.124.236 - - [19/May/2021:10:19:49 +0800] "GET /xingrg/all/function/internal_message.html?_=1621390747994&CODE_STATE=getMsg HTTP/1.1" 200 27
180.169.147.146 - - [19/May/2021:10:19:52 +0800] "GET /xingrg/all/function/internal_message.html?_=1621390795525&CODE_STATE=getMsg HTTP/1.1" 200 27
180.161.124.236 - - [19/May/2021:10:19:53 +0800] "POST /xingrg/kc/buy/cgsh_order_operate.html HTTP/1.1" 200 12
58.40.7.146 - - [19/May/2021:10:19:56 +0800] "GET /xingrg/all/function/internal_message.html?_=1621390794651&CODE_STATE=getMsg HTTP/1.1" 302 -
116.232.48.118 - - [19/May/2021:10:19:58 +0800] "GET /xingrg/all/function/internal_message.html?_=1621390798895&CODE_STATE=getMsg HTTP/1.1" 200 27
120.253.135.82 - - [19/May/2021:10:19:58 +0800] "GET /xingrg/check_reg.html?_=1621390850532 HTTP/1.1" 200 22
61.165.42.208 - - [19/May/2021:10:19:58 +0800] "GET /xingrg/all/function/internal_message.html?_=1621390779608&CODE_STATE=getMsg HTTP/1.1" 200 27
180.161.124.236 - - [19/May/2021:10:19:59 +0800] "GET /xingrg/kc/buy/cgsh_order_info.html?code=212021051908358 HTTP/1.1" 200 56848
120.253.135.82 - - [19/May/2021:10:20:00 +0800] "GET /xingrg/all/function/internal_message.html?_=1621390852285&CODE_STATE=getMsg HTTP/1.1" 200 27
180.161.124.236 - - [19/May/2021:10:20:00 +0800] "GET /xingrg/javascript/easyui/themes/default/validatebox.css HTTP/1.1" 404 1104
180.161.124.236 - - [19/May/2021:10:20:00 +0800] "POST /xingrg/kc/buy/cgsh_order_operate.html HTTP/1.1" 200 2970
222.69.131.59 - - [19/May/2021:10:20:02 +0800] "POST /xingrg/kc/buy/cgsh_order_operate.html HTTP/1.1" 200 37
180.161.124.236 - - [19/May/2021:10:20:03 +0800] "GET /xingrg/kc/print/load_config.html?kc_code=cgsh HTTP/1.1" 200 1845
180.161.124.236 - - [19/May/2021:10:20:03 +0800] "GET /xingrg/kc/print/load_data.html?order_code=212021051908358&kc_code=cgsh&condition= HTTP/1.1" 200 1575
117.184.7.26 - - [19/May/2021:10:20:04 +0800] "GET /xingrg/all/function/internal_message.html?_=1621390799325&CODE_STATE=getMsg HTTP/1.1" 200 27
117.185.32.26 - - [19/May/2021:10:20:07 +0800] "GET /xingrg/all/function/internal_message.html?_=1621390800491&CODE_STATE=getMsg HTTP/1.1" 200 27
180.169.147.146 - - [19/May/2021:10:20:08 +0800] "GET /xingrg/all/function/internal_message.html?_=1621390810118&CODE_STATE=getMsg HTTP/1.1" 200 27
116.235.222.38 - - [19/May/2021:10:20:10 +0800] "GET /xingrg/kc/buy/cgsh_order_operate.html?command=get_materiel&rest_code=00107&code=00101007096&supplier_code=00100049&order_time=2021-05-19 HTTP/1.1" 200 415
116.224.253.72 - - [19/May/2021:10:20:11 +0800] "GET /xingrg/all/function/internal_message.html?_=1621390791412&CODE_STATE=getMsg HTTP/1.1" 200 27
116.235.222.38 - - [19/May/2021:10:20:12 +0800] "GET /xingrg/all/function/internal_message.html?_=1621390807400&CODE_STATE=getMsg HTTP/1.1" 200 27
116.230.114.112 - - [19/May/2021:10:20:17 +0800] "GET /xingrg/all/function/internal_message.html?_=1621390825816&CODE_STATE=getMsg HTTP/1.1" 200 27
222.69.131.59 - - [19/May/2021:10:20:20 +0800] "POST /xingrg/kc/buy/cgsh_order_operate.html HTTP/1.1" 200 12
180.169.147.146 - - [19/May/2021:10:20:21 +0800] "GET /xingrg/all/function/internal_message.html?_=1621390819602&CODE_STATE=getMsg HTTP/1.1" 200 27
222.69.131.59 - - [19/May/2021:10:20:22 +0800] "GET /xingrg/kc/buy/cgsh_order_info.html?code=212021051908360 HTTP/1.1" 200 56946
222.69.131.59 - - [19/May/2021:10:20:23 +0800] "GET /xingrg/javascript/easyui/themes/default/validatebox.css HTTP/1.1" 404 1104
222.69.131.59 - - [19/May/2021:10:20:23 +0800] "POST /xingrg/kc/buy/cgsh_order_operate.html HTTP/1.1" 200 1206
116.224.253.72 - - [19/May/2021:10:20:24 +0800] "GET /xingrg/javascript/auto/indicator.gif HTTP/1.1" 404 1066
222.69.131.59 - - [19/May/2021:10:20:25 +0800] "GET /xingrg/kc/print/load_data.html?order_code=212021051908360&kc_code=cgsh&condition= HTTP/1.1" 200 957
116.224.253.72 - - [19/May/2021:10:20:28 +0800] "GET /xingrg/kc/buy/cgsh_order_operate.html?command=get_materiel&rest_code=00150&code=00101008300&supplier_code=00100007&order_time=2021-05-19 HTTP/1.1" 200 412
222.69.131.59 - - [19/May/2021:10:20:30 +0800] "GET /xingrg/kc/buy/cgsh_order_add.html HTTP/1.1" 200 62044
116.235.222.38 - - [19/May/2021:10:20:30 +0800] "GET /xingrg/kc/buy/cgsh_order_operate.html?command=get_materiel&rest_code=00107&code=00101011010&supplier_code=00100049&order_time=2021-05-19 HTTP/1.1" 200 418
222.69.131.59 - - [19/May/2021:10:20:30 +0800] "GET /xingrg/javascript/easyui/themes/default/validatebox.css HTTP/1.1" 404 1104
222.69.131.59 - - [19/May/2021:10:20:30 +0800] "POST /xingrg/kc/buy/cgsh_order_operate.html HTTP/1.1" 200 8245
58.221.95.50 - - [19/May/2021:10:20:31 +0800] "GET /xingrg/check_reg.html?_=1621390831613 HTTP/1.1" 302 -
101.93.222.235 - - [19/May/2021:10:20:37 +0800] "POST /xingrg/services/DataTransmitService HTTP/1.1" 200 524
101.93.222.235 - - [19/May/2021:10:20:37 +0800] "POST /xingrg/services/DataTransmitService HTTP/1.1" 200 501
222.69.131.59 - - [19/May/2021:10:20:38 +0800] "GET /xingrg/all/function/internal_message.html?_=1621390837043&CODE_STATE=getMsg HTTP/1.1" 200 27
116.230.110.80 - - [19/May/2021:10:20:41 +0800] "GET /xingrg/all/function/internal_message.html?_=1621390839763&CODE_STATE=getMsg HTTP/1.1" 200 27
101.85.94.178 - - [19/May/2021:10:20:43 +0800] "GET /xingrg/all/function/internal_message.html?_=1621390333826&CODE_STATE=getMsg HTTP/1.1" 200 27
180.161.124.236 - - [19/May/2021:10:20:43 +0800] "GET /xingrg/kc/buy/cgsh_order_add.html HTTP/1.1" 200 61950
116.224.253.72 - - [19/May/2021:10:20:43 +0800] "GET /xingrg/all/function/internal_message.html?_=1621390842649&CODE_STATE=getMsg HTTP/1.1" 200 27
180.161.124.236 - - [19/May/2021:10:20:44 +0800] "POST /xingrg/kc/buy/cgsh_order_operate.html HTTP/1.1" 200 8245
180.161.124.236 - - [19/May/2021:10:20:44 +0800] "GET /xingrg/javascript/easyui/themes/default/validatebox.css HTTP/1.1" 404 1104
116.235.222.38 - - [19/May/2021:10:20:44 +0800] "GET /xingrg/all/function/internal_message.html?_=1621390839463&CODE_STATE=getMsg HTTP/1.1" 200 27
116.235.222.38 - - [19/May/2021:10:20:44 +0800] "GET /xingrg/check_reg.html?_=1621390839637 HTTP/1.1" 200 22
180.161.124.236 - - [19/May/2021:10:20:49 +0800] "GET /xingrg/all/function/internal_message.html?_=1621390808009&CODE_STATE=getMsg HTTP/1.1" 200 27
180.169.147.146 - - [19/May/2021:10:20:52 +0800] "GET /xingrg/all/function/internal_message.html?_=1621390855524&CODE_STATE=getMsg HTTP/1.1" 200 27
180.169.147.146 - - [19/May/2021:10:20:52 +0800] "GET /xingrg/check_reg.html?_=1621390855523 HTTP/1.1" 200 22
116.235.222.38 - - [19/May/2021:10:20:52 +0800] "GET /xingrg/kc/buy/cgsh_order_operate.html?command=get_materiel&rest_code=00107&code=00101023013&supplier_code=00100049&order_time=2021-05-19 HTTP/1.1" 200 401
58.40.7.146 - - [19/May/2021:10:20:56 +0800] "GET /xingrg/all/function/internal_message.html?_=1621390854653&CODE_STATE=getMsg HTTP/1.1" 302 -
58.40.7.146 - - [19/May/2021:10:20:56 +0800] "GET /xingrg/check_reg.html?_=1621390854655 HTTP/1.1" 302 -
116.232.48.118 - - [19/May/2021:10:20:58 +0800] "GET /xingrg/all/function/internal_message.html?_=1621390858896&CODE_STATE=getMsg HTTP/1.1" 200 27
61.165.42.208 - - [19/May/2021:10:20:58 +0800] "GET /xingrg/all/function/internal_message.html?_=1621390839600&CODE_STATE=getMsg HTTP/1.1" 200 27
120.253.135.82 - - [19/May/2021:10:21:00 +0800] "GET /xingrg/all/function/internal_message.html?_=1621390912300&CODE_STATE=getMsg HTTP/1.1" 200 27
222.69.131.59 - - [19/May/2021:10:21:00 +0800] "GET /xingrg/kc/buy/cgsh_order_operate.html?command=get_materiel&rest_code=00149&code=00101010092&supplier_code=00100036&order_time=2021-05-19 HTTP/1.1" 200 431
116.235.222.38 - - [19/May/2021:10:21:02 +0800] "GET /xingrg/kc/buy/cgsh_order_operate.html?command=get_materiel&rest_code=00107&code=00101020002&supplier_code=00100049&order_time=2021-05-19 HTTP/1.1" 200 413
117.184.7.26 - - [19/May/2021:10:21:04 +0800] "GET /xingrg/all/function/internal_message.html?_=1621390859308&CODE_STATE=getMsg HTTP/1.1" 200 27
180.161.124.236 - - [19/May/2021:10:21:06 +0800] "GET /xingrg/javascript/easyui/themes/default/tree.css HTTP/1.1" 404 1090
116.230.117.165 - - [19/May/2021:10:21:06 +0800] "GET /favicon.ico HTTP/1.1" 404 -
180.161.124.236 - - [19/May/2021:10:21:06 +0800] "POST /xingrg/all/common/load_tree.html?tree=supplier_tree_json&isDelete=1 HTTP/1.1" 200 55318
117.185.32.26 - - [19/May/2021:10:21:07 +0800] "GET /xingrg/all/function/internal_message.html?_=1621390860461&CODE_STATE=getMsg HTTP/1.1" 200 27
180.169.147.146 - - [19/May/2021:10:21:08 +0800] "GET /xingrg/all/function/internal_message.html?_=1621390870133&CODE_STATE=getMsg HTTP/1.1" 200 27
180.169.147.146 - - [19/May/2021:10:21:10 +0800] "POST /xingrg/kc/buy/cgsh_list_operate.html HTTP/1.1" 200 5216
116.224.253.72 - - [19/May/2021:10:21:11 +0800] "GET /xingrg/all/function/internal_message.html?_=1621390851421&CODE_STATE=getMsg HTTP/1.1" 200 27
116.235.222.38 - - [19/May/2021:10:21:12 +0800] "GET /xingrg/all/function/internal_message.html?_=1621390867377&CODE_STATE=getMsg HTTP/1.1" 200 27
222.69.131.59 - - [19/May/2021:10:21:15 +0800] "POST /xingrg/kc/buy/cgsh_order_operate.html HTTP/1.1" 200 37
116.230.114.112 - - [19/May/2021:10:21:17 +0800] "GET /xingrg/all/function/internal_message.html?_=1621390885829&CODE_STATE=getMsg HTTP/1.1" 200 27
180.169.147.146 - - [19/May/2021:10:21:21 +0800] "GET /xingrg/all/function/internal_message.html?_=1621390879590&CODE_STATE=getMsg HTTP/1.1" 200 27
116.235.222.38 - - [19/May/2021:10:21:21 +0800] "POST /xingrg/kc/buy/cgsh_order_operate.html HTTP/1.1" 200 88
180.161.124.236 - - [19/May/2021:10:21:22 +0800] "GET /xingrg/kc/buy/cgsh_order_operate.html?command=get_materiel&rest_code=00102&code=00101011002&supplier_code=00100047&order_time=2021-05-19 HTTP/1.1" 200 427
222.69.131.59 - - [19/May/2021:10:21:25 +0800] "POST /xingrg/kc/buy/cgsh_order_operate.html HTTP/1.1" 200 12
180.169.147.146 - - [19/May/2021:10:21:26 +0800] "POST /xingrg/kc/buy/cgsh_list_operate.html HTTP/1.1" 200 5219
222.69.131.59 - - [19/May/2021:10:21:29 +0800] "GET /xingrg/kc/buy/cgsh_order_info.html?code=212021051908361 HTTP/1.1" 200 56948
222.69.131.59 - - [19/May/2021:10:21:29 +0800] "GET /xingrg/javascript/easyui/themes/default/validatebox.css HTTP/1.1" 404 1104
222.69.131.59 - - [19/May/2021:10:21:30 +0800] "POST /xingrg/kc/buy/cgsh_order_operate.html HTTP/1.1" 200 617
222.69.131.59 - - [19/May/2021:10:21:33 +0800] "GET /xingrg/kc/print/load_data.html?order_code=212021051908361&kc_code=cgsh&condition= HTTP/1.1" 200 784
101.85.52.2 - - [19/May/2021:10:21:37 +0800] "POST /xingrg/kc/buy/cgsh_list_operate.html HTTP/1.1" 200 876
180.161.124.236 - - [19/May/2021:10:21:37 +0800] "GET /xingrg/kc/buy/cgsh_order_operate.html?command=get_materiel&rest_code=00102&code=00101011005&supplier_code=00100047&order_time=2021-05-19 HTTP/1.1" 200 408
222.69.131.59 - - [19/May/2021:10:21:38 +0800] "GET /xingrg/kc/buy/cgsh_order_add.html HTTP/1.1" 200 62044
222.69.131.59 - - [19/May/2021:10:21:39 +0800] "GET /xingrg/all/function/internal_message.html?_=1621390897216&CODE_STATE=getMsg HTTP/1.1" 200 27
222.69.131.59 - - [19/May/2021:10:21:39 +0800] "POST /xingrg/kc/buy/cgsh_order_operate.html HTTP/1.1" 200 8245
222.69.131.59 - - [19/May/2021:10:21:39 +0800] "GET /xingrg/javascript/easyui/themes/default/validatebox.css HTTP/1.1" 404 1104
116.230.110.80 - - [19/May/2021:10:21:41 +0800] "GET /xingrg/all/function/internal_message.html?_=1621390899759&CODE_STATE=getMsg HTTP/1.1" 200 27
101.85.94.178 - - [19/May/2021:10:21:43 +0800] "GET /xingrg/check_reg.html?_=1621390393851 HTTP/1.1" 200 22
101.85.94.178 - - [19/May/2021:10:21:43 +0800] "GET /xingrg/all/function/internal_message.html?_=1621390393850&CODE_STATE=getMsg HTTP/1.1" 200 27
61.165.42.208 - - [19/May/2021:10:21:43 +0800] "GET /xingrg/kc/buy/cgsh_order_operate.html?command=get_materiel&rest_code=00105&code=00101006177&supplier_code=00100012&order_time=2021-05-19 HTTP/1.1" 200 409
116.224.253.72 - - [19/May/2021:10:21:43 +0800] "GET /xingrg/all/function/internal_message.html?_=1621390902648&CODE_STATE=getMsg HTTP/1.1" 200 27
116.224.253.72 - - [19/May/2021:10:21:43 +0800] "GET /xingrg/check_reg.html?_=1621390902652 HTTP/1.1" 200 22
116.235.222.38 - - [19/May/2021:10:21:44 +0800] "GET /xingrg/all/function/internal_message.html?_=1621390899464&CODE_STATE=getMsg HTTP/1.1" 200 27
180.161.124.236 - - [19/May/2021:10:21:49 +0800] "GET /xingrg/all/function/internal_message.html?_=1621390868022&CODE_STATE=getMsg HTTP/1.1" 200 27
180.169.147.146 - - [19/May/2021:10:21:52 +0800] "GET /xingrg/all/function/internal_message.html?_=1621390915528&CODE_STATE=getMsg HTTP/1.1" 200 27
101.85.52.2 - - [19/May/2021:10:21:55 +0800] "GET /xingrg/all/function/internal_message.html?_=1621390909424&CODE_STATE=getMsg HTTP/1.1" 200 27
101.85.52.2 - - [19/May/2021:10:21:55 +0800] "GET /xingrg/check_reg.html?_=1621390909591 HTTP/1.1" 200 22
58.40.7.146 - - [19/May/2021:10:21:56 +0800] "GET /xingrg/all/function/internal_message.html?_=1621390914657&CODE_STATE=getMsg HTTP/1.1" 302 -
116.232.48.118 - - [19/May/2021:10:21:58 +0800] "GET /xingrg/all/function/internal_message.html?_=1621390918901&CODE_STATE=getMsg HTTP/1.1" 200 27
116.232.48.118 - - [19/May/2021:10:21:58 +0800] "GET /xingrg/check_reg.html?_=1621390918901 HTTP/1.1" 200 22
61.165.42.208 - - [19/May/2021:10:21:58 +0800] "GET /xingrg/all/function/internal_message.html?_=1621390899606&CODE_STATE=getMsg HTTP/1.1" 200 27
120.253.135.82 - - [19/May/2021:10:22:00 +0800] "GET /xingrg/all/function/internal_message.html?_=1621390972314&CODE_STATE=getMsg HTTP/1.1" 200 27
117.185.32.26 - - [19/May/2021:10:22:03 +0800] "GET /xingrg/check_reg.html?_=1621390916766 HTTP/1.1" 200 22
117.184.7.26 - - [19/May/2021:10:22:04 +0800] "GET /xingrg/all/function/internal_message.html?_=1621390919293&CODE_STATE=getMsg HTTP/1.1" 200 27
117.185.32.26 - - [19/May/2021:10:22:07 +0800] "GET /xingrg/all/function/internal_message.html?_=1621390920440&CODE_STATE=getMsg HTTP/1.1" 200 27
222.69.131.59 - - [19/May/2021:10:22:07 +0800] "GET /xingrg/kc/buy/cgsh_order_operate.html?command=get_materiel&rest_code=00149&code=00101006130&supplier_code=00100012&order_time=2021-05-19 HTTP/1.1" 200 427
180.169.147.146 - - [19/May/2021:10:22:08 +0800] "GET /xingrg/check_reg.html?_=1621390930126 HTTP/1.1" 200 22
180.169.147.146 - - [19/May/2021:10:22:08 +0800] "GET /xingrg/all/function/internal_message.html?_=1621390930130&CODE_STATE=getMsg HTTP/1.1" 200 27
114.84.4.65 - - [19/May/2021:10:22:09 +0800] "POST /xingrg/services/DataTransmitService HTTP/1.1" 200 524
114.84.4.65 - - [19/May/2021:10:22:10 +0800] "POST /xingrg/services/DataTransmitService HTTP/1.1" 200 2419
120.204.17.68 - - [19/May/2021:10:22:11 +0800] "GET /xingrg/all/function/internal_message.html?_=1621390860461&CODE_STATE=getMsg HTTP/1.1" 302 -
116.224.253.72 - - [19/May/2021:10:22:11 +0800] "GET /xingrg/check_reg.html?_=1621390911190 HTTP/1.1" 200 22
180.161.124.236 - - [19/May/2021:10:22:11 +0800] "POST /xingrg/kc/buy/cgsh_order_operate.html HTTP/1.1" 200 37
116.224.253.72 - - [19/May/2021:10:22:11 +0800] "GET /xingrg/all/function/internal_message.html?_=1621390911435&CODE_STATE=getMsg HTTP/1.1" 200 27
114.84.4.65 - - [19/May/2021:10:22:11 +0800] "POST /xingrg/services/DataTransmitService HTTP/1.1" 200 154348
120.204.17.68 - - [19/May/2021:10:22:12 +0800] "GET /xingrg/login.html HTTP/1.1" 200 7641
222.69.131.59 - - [19/May/2021:10:22:17 +0800] "GET /xingrg/kc/buy/cgsh_order_operate.html?command=get_materiel&rest_code=00149&code=00101006056&supplier_code=00100012&order_time=2021-05-19 HTTP/1.1" 200 413
116.230.114.112 - - [19/May/2021:10:22:17 +0800] "GET /xingrg/all/function/internal_message.html?_=1621390946088&CODE_STATE=getMsg HTTP/1.1" 200 27
180.169.147.146 - - [19/May/2021:10:22:21 +0800] "GET /xingrg/all/function/internal_message.html?_=1621390939588&CODE_STATE=getMsg HTTP/1.1" 200 27
120.253.135.82 - - [19/May/2021:10:22:25 +0800] "GET /xingrg/check_reg.html?_=1621390726668 HTTP/1.1" 200 22
116.235.222.38 - - [19/May/2021:10:22:27 +0800] "POST /xingrg/kc/buy/cgsh_order_operate.html HTTP/1.1" 200 37
180.161.124.236 - - [19/May/2021:10:22:28 +0800] "POST /xingrg/kc/buy/cgsh_order_operate.html HTTP/1.1" 200 12
222.69.131.59 - - [19/May/2021:10:22:28 +0800] "GET /xingrg/kc/buy/cgsh_order_operate.html?command=get_materiel&rest_code=00149&code=00101006133&supplier_code=00100012&order_time=2021-05-19 HTTP/1.1" 200 413
116.235.222.38 - - [19/May/2021:10:22:30 +0800] "POST /xingrg/kc/buy/cgsh_order_operate.html HTTP/1.1" 200 3255
61.165.42.208 - - [19/May/2021:10:22:31 +0800] "GET /xingrg/kc/buy/cgsh_order_operate.html?command=get_materiel&rest_code=00105&code=00101010248&supplier_code=00100012&order_time=2021-05-19 HTTP/1.1" 200 430
180.161.124.236 - - [19/May/2021:10:22:31 +0800] "GET /xingrg/kc/buy/cgsh_order_info.html?code=212021051908363 HTTP/1.1" 200 56850
180.161.124.236 - - [19/May/2021:10:22:33 +0800] "GET /xingrg/javascript/easyui/themes/default/validatebox.css HTTP/1.1" 404 1104
61.165.42.208 - - [19/May/2021:10:22:33 +0800] "POST /xingrg/all/common/load_select.html HTTP/1.1" 200 25
180.161.124.236 - - [19/May/2021:10:22:33 +0800] "POST /xingrg/kc/buy/cgsh_order_operate.html HTTP/1.1" 200 1214
180.161.124.236 - - [19/May/2021:10:22:36 +0800] "GET /xingrg/kc/print/load_data.html?order_code=212021051908363&kc_code=cgsh&condition= HTTP/1.1" 200 979
61.165.42.208 - - [19/May/2021:10:22:38 +0800] "GET /xingrg/kc/buy/cgsh_order_operate.html?command=get_materiel_price&rest_code=00105&code=00101010248&unit_code=00100043&supplier_code=00100012&order_time=2021-05-19 HTTP/1.1" 200 29
222.69.131.59 - - [19/May/2021:10:22:38 +0800] "GET /xingrg/all/function/internal_message.html?_=1621390957199&CODE_STATE=getMsg HTTP/1.1" 200 27
116.235.222.38 - - [19/May/2021:10:22:39 +0800] "GET /xingrg/kc/print/load_data.html?order_code=212021051908364&kc_code=cgsh&condition= HTTP/1.1" 200 945
116.230.110.80 - - [19/May/2021:10:22:41 +0800] "GET /xingrg/all/function/internal_message.html?_=1621390959758&CODE_STATE=getMsg HTTP/1.1" 200 27
116.230.110.80 - - [19/May/2021:10:22:41 +0800] "GET /xingrg/check_reg.html?_=1621390959777 HTTP/1.1" 200 22
222.69.131.59 - - [19/May/2021:10:22:41 +0800] "GET /xingrg/kc/buy/cgsh_order_operate.html?command=get_materiel&rest_code=00149&code=00101006109&supplier_code=00100012&order_time=2021-05-19 HTTP/1.1" 200 409
101.85.94.178 - - [19/May/2021:10:22:43 +0800] "GET /xingrg/all/function/internal_message.html?_=1621390453850&CODE_STATE=getMsg HTTP/1.1" 200 27
116.224.253.72 - - [19/May/2021:10:22:43 +0800] "GET /xingrg/all/function/internal_message.html?_=1621390962651&CODE_STATE=getMsg HTTP/1.1" 200 27
116.235.222.38 - - [19/May/2021:10:22:44 +0800] "GET /xingrg/all/function/internal_message.html?_=1621390959463&CODE_STATE=getMsg HTTP/1.1" 200 27
180.161.124.236 - - [19/May/2021:10:22:49 +0800] "GET /xingrg/check_reg.html?_=1621390927880 HTTP/1.1" 200 22
180.161.124.236 - - [19/May/2021:10:22:49 +0800] "GET /xingrg/all/function/internal_message.html?_=1621390928036&CODE_STATE=getMsg HTTP/1.1" 200 27
180.169.147.146 - - [19/May/2021:10:22:52 +0800] "GET /xingrg/all/function/internal_message.html?_=1621390975530&CODE_STATE=getMsg HTTP/1.1" 200 27
222.69.131.59 - - [19/May/2021:10:22:52 +0800] "GET /xingrg/kc/buy/cgsh_order_operate.html?command=get_materiel&rest_code=00149&code=00101006113&supplier_code=00100012&order_time=2021-05-19 HTTP/1.1" 200 413
101.85.52.2 - - [19/May/2021:10:22:55 +0800] "GET /xingrg/all/function/internal_message.html?_=1621390969426&CODE_STATE=getMsg HTTP/1.1" 200 27
58.40.7.146 - - [19/May/2021:10:22:56 +0800] "GET /xingrg/all/function/internal_message.html?_=1621390974660&CODE_STATE=getMsg HTTP/1.1" 302 -
116.232.48.118 - - [19/May/2021:10:22:58 +0800] "GET /xingrg/all/function/internal_message.html?_=1621390978904&CODE_STATE=getMsg HTTP/1.1" 200 27
61.165.42.208 - - [19/May/2021:10:22:58 +0800] "GET /xingrg/check_reg.html?_=1621390959606 HTTP/1.1" 200 22
61.165.42.208 - - [19/May/2021:10:22:58 +0800] "GET /xingrg/all/function/internal_message.html?_=1621390959612&CODE_STATE=getMsg HTTP/1.1" 200 27
116.235.222.38 - - [19/May/2021:10:22:59 +0800] "GET /xingrg/kc/buy/cgsh_order_add.html HTTP/1.1" 200 62079
120.253.135.82 - - [19/May/2021:10:23:00 +0800] "GET /xingrg/all/function/internal_message.html?_=1621391032377&CODE_STATE=getMsg HTTP/1.1" 200 27
116.235.222.38 - - [19/May/2021:10:23:00 +0800] "GET /xingrg/javascript/easyui/themes/default/validatebox.css HTTP/1.1" 404 1104
116.235.222.38 - - [19/May/2021:10:23:00 +0800] "POST /xingrg/kc/buy/cgsh_order_operate.html HTTP/1.1" 200 8245
116.232.48.118 - - [19/May/2021:10:23:02 +0800] "POST /xingrg/services/DataTransmitService HTTP/1.1" 200 524
116.232.48.118 - - [19/May/2021:10:23:03 +0800] "POST /xingrg/services/DataTransmitService HTTP/1.1" 200 501
116.232.48.118 - - [19/May/2021:10:23:03 +0800] "POST /xingrg/services/DataTransmitService HTTP/1.1" 200 501
117.184.7.26 - - [19/May/2021:10:23:04 +0800] "GET /xingrg/all/function/internal_message.html?_=1621390979280&CODE_STATE=getMsg HTTP/1.1" 200 27
116.235.222.38 - - [19/May/2021:10:23:05 +0800] "GET /xingrg/javascript/easyui/themes/default/tree.css HTTP/1.1" 404 1090
116.235.222.38 - - [19/May/2021:10:23:06 +0800] "POST /xingrg/all/common/load_tree.html?tree=supplier_tree_json&isDelete=1 HTTP/1.1" 200 55318
120.204.17.68 - - [19/May/2021:10:23:06 +0800] "GET /xingrg/check_reg.html?_=1621390916766 HTTP/1.1" 302 -
117.185.32.26 - - [19/May/2021:10:23:07 +0800] "GET /xingrg/all/function/internal_message.html?_=1621390980416&CODE_STATE=getMsg HTTP/1.1" 200 27
116.232.48.118 - - [19/May/2021:10:23:07 +0800] "POST /xingrg/services/DataTransmitService HTTP/1.1" 200 501
61.165.42.208 - - [19/May/2021:10:23:08 +0800] "GET /xingrg/kc/buy/cgsh_order_operate.html?command=get_materiel&rest_code=00105&code=00101006065&supplier_code=00100012&order_time=2021-05-19 HTTP/1.1" 200 409
180.169.147.146 - - [19/May/2021:10:23:08 +0800] "GET /xingrg/all/function/internal_message.html?_=1621390990135&CODE_STATE=getMsg HTTP/1.1" 200 27
116.235.222.38 - - [19/May/2021:10:23:11 +0800] "GET /xingrg/check_reg.html?_=1621390986274 HTTP/1.1" 200 22
222.69.131.59 - - [19/May/2021:10:23:11 +0800] "POST /xingrg/kc/buy/cgsh_order_operate.html HTTP/1.1" 200 37
116.224.253.72 - - [19/May/2021:10:23:11 +0800] "GET /xingrg/all/function/internal_message.html?_=1621390971448&CODE_STATE=getMsg HTTP/1.1" 200 27
116.232.48.118 - - [19/May/2021:10:23:11 +0800] "POST /xingrg/services/DataTransmitService HTTP/1.1" 200 501
116.232.48.118 - - [19/May/2021:10:23:11 +0800] "POST /xingrg/services/DataTransmitService HTTP/1.1" 200 501
116.235.222.38 - - [19/May/2021:10:23:12 +0800] "GET /xingrg/all/function/internal_message.html?_=1621390987414&CODE_STATE=getMsg HTTP/1.1" 200 27
116.232.48.118 - - [19/May/2021:10:23:13 +0800] "POST /xingrg/services/DataTransmitService HTTP/1.1" 200 501
120.204.17.68 - - [19/May/2021:10:23:14 +0800] "GET /xingrg/login.html HTTP/1.1" 200 7641
116.232.48.118 - - [19/May/2021:10:23:15 +0800] "POST /xingrg/services/DataTransmitService HTTP/1.1" 200 501
117.184.7.26 - - [19/May/2021:10:23:16 +0800] "GET /xingrg/check_reg.html?_=1621390991122 HTTP/1.1" 200 22
116.232.48.118 - - [19/May/2021:10:23:16 +0800] "POST /xingrg/services/DataTransmitService HTTP/1.1" 200 501
116.230.114.112 - - [19/May/2021:10:23:17 +0800] "GET /xingrg/all/function/internal_message.html?_=1621391006090&CODE_STATE=getMsg HTTP/1.1" 200 27
222.69.131.59 - - [19/May/2021:10:23:18 +0800] "POST /xingrg/kc/buy/cgsh_order_operate.html HTTP/1.1" 200 12
116.232.48.118 - - [19/May/2021:10:23:19 +0800] "POST /xingrg/services/DataTransmitService HTTP/1.1" 200 412
61.165.42.208 - - [19/May/2021:10:23:20 +0800] "GET /xingrg/javascript/jquery_easy_ui/themes/icons/rest.png HTTP/1.1" 304 -
61.165.42.208 - - [19/May/2021:10:23:20 +0800] "GET /xingrg/javascript/jquery_easy_ui/themes/icons/area.png HTTP/1.1" 304 -
180.169.147.146 - - [19/May/2021:10:23:21 +0800] "GET /xingrg/all/function/internal_message.html?_=1621390999601&CODE_STATE=getMsg HTTP/1.1" 200 27
180.169.147.146 - - [19/May/2021:10:23:21 +0800] "GET /xingrg/check_reg.html?_=1621390999601 HTTP/1.1" 200 22
222.69.131.59 - - [19/May/2021:10:23:21 +0800] "GET /xingrg/kc/buy/cgsh_order_info.html?code=212021051908365 HTTP/1.1" 200 56946
222.69.131.59 - - [19/May/2021:10:23:22 +0800] "GET /xingrg/javascript/easyui/themes/default/validatebox.css HTTP/1.1" 404 1104
180.161.124.236 - - [19/May/2021:10:23:24 +0800] "GET /xingrg/check_reg.html?_=1621390962937 HTTP/1.1" 200 22
222.69.131.59 - - [19/May/2021:10:23:27 +0800] "POST /xingrg/kc/buy/cgsh_order_operate.html HTTP/1.1" 200 15
116.232.48.118 - - [19/May/2021:10:23:29 +0800] "POST /xingrg/services/DataTransmitService HTTP/1.1" 200 524
116.224.253.72 - - [19/May/2021:10:23:29 +0800] "POST /xingrg/kc/buy/cgsh_order_operate.html HTTP/1.1" 200 37
116.235.222.38 - - [19/May/2021:10:23:30 +0800] "GET /xingrg/kc/buy/cgsh_order_operate.html?command=get_materiel&rest_code=00107&code=00101012021&supplier_code=00100326&order_time=2021-05-19 HTTP/1.1" 200 413
222.69.131.59 - - [19/May/2021:10:23:31 +0800] "GET /xingrg/kc/print/load_data.html?order_code=212021051908365&kc_code=cgsh&condition= HTTP/1.1" 200 1718
116.232.48.118 - - [19/May/2021:10:23:31 +0800] "POST /xingrg/services/DataTransmitService HTTP/1.1" 200 501
116.224.253.72 - - [19/May/2021:10:23:34 +0800] "POST /xingrg/kc/buy/cgsh_order_operate.html HTTP/1.1" 200 26921
222.69.131.59 - - [19/May/2021:10:23:36 +0800] "GET /xingrg/kc/buy/cgsh_order_add.html HTTP/1.1" 200 62044
222.69.131.59 - - [19/May/2021:10:23:37 +0800] "GET /xingrg/javascript/easyui/themes/default/validatebox.css HTTP/1.1" 404 1104
222.69.131.59 - - [19/May/2021:10:23:37 +0800] "POST /xingrg/kc/buy/cgsh_order_operate.html HTTP/1.1" 200 8245
222.69.131.59 - - [19/May/2021:10:23:38 +0800] "GET /xingrg/check_reg.html?_=1621391017084 HTTP/1.1" 200 22
222.69.131.59 - - [19/May/2021:10:23:38 +0800] "GET /xingrg/all/function/internal_message.html?_=1621391017182&CODE_STATE=getMsg HTTP/1.1" 200 27
116.230.110.80 - - [19/May/2021:10:23:41 +0800] "GET /xingrg/all/function/internal_message.html?_=1621391019751&CODE_STATE=getMsg HTTP/1.1" 200 27
101.85.94.178 - - [19/May/2021:10:23:43 +0800] "GET /xingrg/all/function/internal_message.html?_=1621390513849&CODE_STATE=getMsg HTTP/1.1" 200 27
116.224.253.72 - - [19/May/2021:10:23:43 +0800] "GET /xingrg/all/function/internal_message.html?_=1621391022657&CODE_STATE=getMsg HTTP/1.1" 200 27
116.235.222.38 - - [19/May/2021:10:23:44 +0800] "GET /xingrg/all/function/internal_message.html?_=1621391019463&CODE_STATE=getMsg HTTP/1.1" 200 27
116.235.222.38 - - [19/May/2021:10:23:45 +0800] "GET /xingrg/kc/buy/cgsh_order_operate.html?command=get_materiel&rest_code=00107&code=00101010696&supplier_code=00100326&order_time=2021-05-19 HTTP/1.1" 200 397
180.161.124.236 - - [19/May/2021:10:23:49 +0800] "GET /xingrg/all/function/internal_message.html?_=1621390988049&CODE_STATE=getMsg HTTP/1.1" 200 27
180.169.147.146 - - [19/May/2021:10:23:52 +0800] "GET /xingrg/all/function/internal_message.html?_=1621391035534&CODE_STATE=getMsg HTTP/1.1" 200 27
101.85.52.2 - - [19/May/2021:10:23:55 +0800] "GET /xingrg/all/function/internal_message.html?_=1621391029417&CODE_STATE=getMsg HTTP/1.1" 200 27
116.235.222.38 - - [19/May/2021:10:23:55 +0800] "POST /xingrg/kc/buy/cgsh_order_operate.html HTTP/1.1" 200 37
222.69.131.59 - - [19/May/2021:10:23:56 +0800] "GET /xingrg/kc/buy/cgsh_order_operate.html?command=get_materiel&rest_code=00149&code=00101009109&supplier_code=00100201&order_time=2021-05-19 HTTP/1.1" 200 399
58.40.7.146 - - [19/May/2021:10:23:56 +0800] "GET /xingrg/all/function/internal_message.html?_=1621391034665&CODE_STATE=getMsg HTTP/1.1" 302 -
116.235.222.38 - - [19/May/2021:10:23:56 +0800] "POST /xingrg/kc/buy/cgsh_order_operate.html HTTP/1.1" 200 3250
116.232.48.118 - - [19/May/2021:10:23:58 +0800] "GET /xingrg/all/function/internal_message.html?_=1621391038904&CODE_STATE=getMsg HTTP/1.1" 200 27
61.165.42.208 - - [19/May/2021:10:23:58 +0800] "GET /xingrg/all/function/internal_message.html?_=1621391019602&CODE_STATE=getMsg HTTP/1.1" 200 27
116.235.222.38 - - [19/May/2021:10:23:58 +0800] "GET /xingrg/kc/print/load_data.html?order_code=212021051908366&kc_code=cgsh&condition= HTTP/1.1" 200 902
120.253.135.82 - - [19/May/2021:10:24:00 +0800] "GET /xingrg/all/function/internal_message.html?_=1621391092388&CODE_STATE=getMsg HTTP/1.1" 200 27
116.235.222.38 - - [19/May/2021:10:24:03 +0800] "GET /xingrg/kc/buy/cgsh_order_add.html HTTP/1.1" 200 62079
116.235.222.38 - - [19/May/2021:10:24:03 +0800] "POST /xingrg/kc/buy/cgsh_order_operate.html HTTP/1.1" 200 8245
116.235.222.38 - - [19/May/2021:10:24:04 +0800] "GET /xingrg/javascript/easyui/themes/default/validatebox.css HTTP/1.1" 404 1104
117.184.7.26 - - [19/May/2021:10:24:04 +0800] "GET /xingrg/all/function/internal_message.html?_=1621391039252&CODE_STATE=getMsg HTTP/1.1" 200 27
61.165.42.208 - - [19/May/2021:10:24:04 +0800] "GET /xingrg/kc/buy/cgsh_order_operate.html?command=get_materiel&rest_code=00105&code=00101006055&supplier_code=00100012&order_time=2021-05-19 HTTP/1.1" 200 409
222.69.131.59 - - [19/May/2021:10:24:05 +0800] "GET /xingrg/kc/buy/cgsh_order_operate.html?command=get_materiel&rest_code=00149&code=00101009062&supplier_code=00100201&order_time=2021-05-19 HTTP/1.1" 200 412
116.235.222.38 - - [19/May/2021:10:24:06 +0800] "GET /xingrg/javascript/easyui/themes/default/tree.css HTTP/1.1" 404 1090
116.235.222.38 - - [19/May/2021:10:24:06 +0800] "POST /xingrg/all/common/load_tree.html?tree=supplier_tree_json&isDelete=1 HTTP/1.1" 200 55318
117.185.32.26 - - [19/May/2021:10:24:07 +0800] "GET /xingrg/all/function/internal_message.html?_=1621391040412&CODE_STATE=getMsg HTTP/1.1" 200 27
183.195.131.162 - - [19/May/2021:10:24:07 +0800] "GET /favicon.ico HTTP/1.1" 404 -
116.232.48.118 - - [19/May/2021:10:24:08 +0800] "POST /xingrg/services/DataTransmitService HTTP/1.1" 200 524
180.169.147.146 - - [19/May/2021:10:24:08 +0800] "GET /xingrg/all/function/internal_message.html?_=1621391050123&CODE_STATE=getMsg HTTP/1.1" 200 27
116.224.253.72 - - [19/May/2021:10:24:11 +0800] "GET /xingrg/all/function/internal_message.html?_=1621391031462&CODE_STATE=getMsg HTTP/1.1" 200 27
101.85.52.2 - - [19/May/2021:10:24:12 +0800] "GET /xingrg/kc/buy/cgsh_order_add.html HTTP/1.1" 200 61185
116.235.222.38 - - [19/May/2021:10:24:12 +0800] "GET /xingrg/all/function/internal_message.html?_=1621391047387&CODE_STATE=getMsg HTTP/1.1" 200 27
101.85.52.2 - - [19/May/2021:10:24:12 +0800] "POST /xingrg/kc/buy/cgsh_order_operate.html HTTP/1.1" 200 8245
101.85.52.2 - - [19/May/2021:10:24:12 +0800] "GET /xingrg/javascript/easyui/themes/default/validatebox.css HTTP/1.1" 404 1104
222.69.131.59 - - [19/May/2021:10:24:14 +0800] "GET /xingrg/kc/buy/cgsh_order_operate.html?command=get_materiel&rest_code=00149&code=00101009011&supplier_code=00100201&order_time=2021-05-19 HTTP/1.1" 200 416
172.20.0.100 - - [19/May/2021:10:24:14 +0800] "GET /favicon.ico HTTP/1.1" 404 -
180.169.147.146 - - [19/May/2021:10:24:14 +0800] "GET /favicon.ico HTTP/1.1" 404 -
116.230.114.112 - - [19/May/2021:10:24:18 +0800] "GET /xingrg/all/function/internal_message.html?_=1621391066346&CODE_STATE=getMsg HTTP/1.1" 200 27
116.230.110.80 - - [19/May/2021:10:24:21 +0800] "GET /xingrg/kc/buy/cgsh_order_add.html HTTP/1.1" 200 61959
116.230.110.80 - - [19/May/2021:10:24:21 +0800] "GET /xingrg/words/20210518171239_words.js HTTP/1.1" 304 -
116.230.110.80 - - [19/May/2021:10:24:21 +0800] "POST /xingrg/kc/buy/cgsh_order_operate.html HTTP/1.1" 200 8245
116.230.110.80 - - [19/May/2021:10:24:21 +0800] "GET /xingrg/javascript/easyui/themes/default/validatebox.css HTTP/1.1" 404 1104
116.235.222.38 - - [19/May/2021:10:24:22 +0800] "GET /xingrg/kc/buy/cgsh_order_operate.html?command=get_materiel&rest_code=00107&code=00101001140&supplier_code=00100090&order_time=2021-05-19 HTTP/1.1" 200 415
101.85.52.2 - - [19/May/2021:10:24:26 +0800] "GET /xingrg/kc/buy/cgsh_order_operate.html?command=get_materiel&rest_code=00145&code=00101006122&supplier_code=00100176&order_time=2021-05-13 HTTP/1.1" 200 408
116.230.110.80 - - [19/May/2021:10:24:31 +0800] "GET /xingrg/kc/buy/cgsh_order_operate.html?command=get_materiel&rest_code=00155&code=00101001115&supplier_code=00100089&order_time=2021-05-19 HTTP/1.1" 200 415
101.85.52.2 - - [19/May/2021:10:24:33 +0800] "POST /xingrg/kc/buy/cgsh_order_operate.html HTTP/1.1" 200 37
101.85.52.2 - - [19/May/2021:10:24:34 +0800] "POST /xingrg/kc/buy/cgsh_order_operate.html HTTP/1.1" 200 2653
116.230.114.112 - - [19/May/2021:10:24:35 +0800] "GET /xingrg/check_reg.html?_=1621391083114 HTTP/1.1" 200 22
101.85.52.2 - - [19/May/2021:10:24:36 +0800] "GET /xingrg/kc/print/load_data.html?order_code=212021051908367&kc_code=cgsh&condition= HTTP/1.1" 200 689
222.69.131.59 - - [19/May/2021:10:24:38 +0800] "GET /xingrg/all/function/internal_message.html?_=1621391077171&CODE_STATE=getMsg HTTP/1.1" 200 27
61.165.42.208 - - [19/May/2021:10:24:40 +0800] "POST /xingrg/all/common/load_select.html HTTP/1.1" 200 25
116.230.110.80 - - [19/May/2021:10:24:41 +0800] "GET /xingrg/all/function/internal_message.html?_=1621391079741&CODE_STATE=getMsg HTTP/1.1" 200 27
101.85.52.2 - - [19/May/2021:10:24:41 +0800] "GET /xingrg/kc/buy/cgsh_order_add.html HTTP/1.1" 200 61185
116.230.110.80 - - [19/May/2021:10:24:41 +0800] "POST /xingrg/kc/buy/cgsh_order_operate.html HTTP/1.1" 200 37
116.235.222.38 - - [19/May/2021:10:24:41 +0800] "GET /xingrg/kc/buy/cgsh_order_operate.html?command=get_materiel&rest_code=00107&code=00101001180&supplier_code=00100090&order_time=2021-05-19 HTTP/1.1" 200 419
101.85.52.2 - - [19/May/2021:10:24:41 +0800] "POST /xingrg/kc/buy/cgsh_order_operate.html HTTP/1.1" 200 8245
101.85.52.2 - - [19/May/2021:10:24:41 +0800] "GET /xingrg/javascript/easyui/themes/default/validatebox.css HTTP/1.1" 404 1104
101.85.94.178 - - [19/May/2021:10:24:43 +0800] "GET /xingrg/all/function/internal_message.html?_=1621390573849&CODE_STATE=getMsg HTTP/1.1" 200 27
116.230.110.80 - - [19/May/2021:10:24:43 +0800] "POST /xingrg/kc/buy/cgsh_order_operate.html HTTP/1.1" 200 2659
116.224.253.72 - - [19/May/2021:10:24:43 +0800] "GET /xingrg/all/function/internal_message.html?_=1621391082667&CODE_STATE=getMsg HTTP/1.1" 200 27
116.235.222.38 - - [19/May/2021:10:24:44 +0800] "GET /xingrg/all/function/internal_message.html?_=1621391079471&CODE_STATE=getMsg HTTP/1.1" 200 27
116.230.110.80 - - [19/May/2021:10:24:45 +0800] "GET /xingrg/kc/print/load_data.html?order_code=212021051908368&kc_code=cgsh&condition= HTTP/1.1" 200 754
180.161.124.236 - - [19/May/2021:10:24:47 +0800] "POST /xingrg/services/DataTransmitService HTTP/1.1" 200 524
180.161.124.236 - - [19/May/2021:10:24:49 +0800] "GET /xingrg/all/function/internal_message.html?_=1621391048063&CODE_STATE=getMsg HTTP/1.1" 200 27
116.230.110.80 - - [19/May/2021:10:24:51 +0800] "GET /xingrg/kc/buy/cgsh_order_add.html HTTP/1.1" 200 61959
116.230.110.80 - - [19/May/2021:10:24:51 +0800] "POST /xingrg/kc/buy/cgsh_order_operate.html HTTP/1.1" 200 8245
116.230.110.80 - - [19/May/2021:10:24:51 +0800] "GET /xingrg/javascript/easyui/themes/default/validatebox.css HTTP/1.1" 404 1104
180.169.147.146 - - [19/May/2021:10:24:52 +0800] "GET /xingrg/all/function/internal_message.html?_=1621391095537&CODE_STATE=getMsg HTTP/1.1" 200 27
116.235.222.38 - - [19/May/2021:10:24:53 +0800] "GET /xingrg/kc/buy/cgsh_order_operate.html?command=get_materiel&rest_code=00107&code=00101001044&supplier_code=00100090&order_time=2021-05-19 HTTP/1.1" 200 411
101.85.52.2 - - [19/May/2021:10:24:55 +0800] "GET /xingrg/all/function/internal_message.html?_=1621391089405&CODE_STATE=getMsg HTTP/1.1" 200 27
58.40.7.146 - - [19/May/2021:10:24:56 +0800] "GET /xingrg/all/function/internal_message.html?_=1621391094667&CODE_STATE=getMsg HTTP/1.1" 302 -
116.232.48.118 - - [19/May/2021:10:24:58 +0800] "GET /xingrg/all/function/internal_message.html?_=1621391098906&CODE_STATE=getMsg HTTP/1.1" 200 27
61.165.42.208 - - [19/May/2021:10:24:58 +0800] "GET /xingrg/all/function/internal_message.html?_=1621391079600&CODE_STATE=getMsg HTTP/1.1" 200 27
120.253.135.82 - - [19/May/2021:10:24:58 +0800] "GET /xingrg/check_reg.html?_=1621391150592 HTTP/1.1" 200 22
116.230.110.80 - - [19/May/2021:10:24:58 +0800] "GET /xingrg/kc/buy/cgsh_order_operate.html?command=get_materiel&rest_code=00155&code=00101001051&supplier_code=00100094&order_time=2021-05-19 HTTP/1.1" 200 422
120.253.135.82 - - [19/May/2021:10:25:00 +0800] "GET /xingrg/all/function/internal_message.html?_=1621391152400&CODE_STATE=getMsg HTTP/1.1" 200 27
117.184.7.26 - - [19/May/2021:10:25:04 +0800] "GET /xingrg/all/function/internal_message.html?_=1621391099235&CODE_STATE=getMsg HTTP/1.1" 200 27
180.169.147.146 - - [19/May/2021:10:25:05 +0800] "GET /xingrg/check_reg.html?_=1621391100341 HTTP/1.1" 200 22
116.230.110.80 - - [19/May/2021:10:25:06 +0800] "POST /xingrg/kc/buy/cgsh_order_operate.html HTTP/1.1" 200 37
116.235.222.38 - - [19/May/2021:10:25:06 +0800] "GET /xingrg/kc/buy/cgsh_order_operate.html?command=get_materiel&rest_code=00107&code=00101001093&supplier_code=00100090&order_time=2021-05-19 HTTP/1.1" 200 411
117.185.32.26 - - [19/May/2021:10:25:07 +0800] "GET /xingrg/all/function/internal_message.html?_=1621391100388&CODE_STATE=getMsg HTTP/1.1" 200 27
116.230.110.80 - - [19/May/2021:10:25:07 +0800] "POST /xingrg/kc/buy/cgsh_order_operate.html HTTP/1.1" 200 2669
183.192.164.214 - - [19/May/2021:10:25:07 +0800] "GET /xingrg/all/function/internal_message.html?_=1621391040412&CODE_STATE=getMsg HTTP/1.1" 302 -
180.169.147.146 - - [19/May/2021:10:25:08 +0800] "GET /xingrg/all/function/internal_message.html?_=1621391110124&CODE_STATE=getMsg HTTP/1.1" 200 27
116.230.110.80 - - [19/May/2021:10:25:09 +0800] "GET /xingrg/kc/print/load_data.html?order_code=212021051908369&kc_code=cgsh&condition= HTTP/1.1" 200 762
116.224.253.72 - - [19/May/2021:10:25:11 +0800] "GET /xingrg/all/function/internal_message.html?_=1621391091478&CODE_STATE=getMsg HTTP/1.1" 200 27
116.235.222.38 - - [19/May/2021:10:25:12 +0800] "GET /xingrg/all/function/internal_message.html?_=1621391107371&CODE_STATE=getMsg HTTP/1.1" 200 27
183.192.164.214 - - [19/May/2021:10:25:14 +0800] "GET /xingrg/login.html HTTP/1.1" 200 7641
116.230.110.80 - - [19/May/2021:10:25:14 +0800] "GET /xingrg/kc/buy/cgsh_order_add.html HTTP/1.1" 200 61959
116.230.110.80 - - [19/May/2021:10:25:14 +0800] "POST /xingrg/kc/buy/cgsh_order_operate.html HTTP/1.1" 200 8245
116.230.110.80 - - [19/May/2021:10:25:14 +0800] "GET /xingrg/javascript/easyui/themes/default/validatebox.css HTTP/1.1" 404 1104
116.230.114.112 - - [19/May/2021:10:25:18 +0800] "GET /xingrg/all/function/internal_message.html?_=1621391126352&CODE_STATE=getMsg HTTP/1.1" 200 27
61.165.42.208 - - [19/May/2021:10:25:23 +0800] "POST /xingrg/kc/buy/cgsh_order_operate.html HTTP/1.1" 200 37
116.224.253.72 - - [19/May/2021:10:25:25 +0800] "POST /xingrg/all/user/operate.html HTTP/1.1" 200 36
58.37.225.51 - - [19/May/2021:10:25:25 +0800] "POST /xingrg/services/DataTransmitService HTTP/1.1" 200 524
116.224.253.72 - - [19/May/2021:10:25:25 +0800] "GET /xingrg/index.html?sysBaseUrl=http%3A%2F%2F180.169.147.146%3A18081%2Fxingrg%2F&costTime=1701×tamp=1621388534472 HTTP/1.1" 200 17179
116.224.253.72 - - [19/May/2021:10:25:25 +0800] "GET /xingrg/javascript/jquery_easy_ui/themes/default/easyui.css HTTP/1.1" 304 -
116.224.253.72 - - [19/May/2021:10:25:25 +0800] "GET /xingrg/javascript/jquery_easy_ui/themes/icon.css HTTP/1.1" 304 -
116.224.253.72 - - [19/May/2021:10:25:25 +0800] "GET /xingrg/css/form.css HTTP/1.1" 304 -
116.224.253.72 - - [19/May/2021:10:25:25 +0800] "GET /xingrg/javascript/jquery-1.4.2.min.js HTTP/1.1" 304 -
116.224.253.72 - - [19/May/2021:10:25:25 +0800] "GET /xingrg/javascript/jquery_easy_ui/jquery.easyui.min.js HTTP/1.1" 304 -
116.224.253.72 - - [19/May/2021:10:25:25 +0800] "GET /xingrg/javascript/jquery_easy_ui/easyui-lang-zh_CN.js HTTP/1.1" 304 -
116.224.253.72 - - [19/May/2021:10:25:25 +0800] "GET /xingrg/javascript/jquery.form.js HTTP/1.1" 304 -
116.224.253.72 - - [19/May/2021:10:25:25 +0800] "GET /xingrg/javascript/jquery.utils.js HTTP/1.1" 304 -
116.224.253.72 - - [19/May/2021:10:25:25 +0800] "GET /xingrg/javascript/jquery.timers.js HTTP/1.1" 304 -
116.224.253.72 - - [19/May/2021:10:25:25 +0800] "GET /xingrg/images/blue/jxLogo.png HTTP/1.1" 304 -
116.224.253.72 - - [19/May/2021:10:25:25 +0800] "GET /xingrg/images/blue/navBackgound.jpg HTTP/1.1" 304 -
116.224.253.72 - - [19/May/2021:10:25:25 +0800] "GET /xingrg/javascript/jquery_easy_ui/themes/icons/settle_new.png HTTP/1.1" 304 -
116.224.253.72 - - [19/May/2021:10:25:25 +0800] "GET /xingrg/images/blue/pingpu.png HTTP/1.1" 304 -
116.224.253.72 - - [19/May/2021:10:25:25 +0800] "GET /xingrg/javascript/jquery_easy_ui/themes/default/images/tabs_leftarrow.png HTTP/1.1" 304 -
116.224.253.72 - - [19/May/2021:10:25:25 +0800] "GET /xingrg/javascript/jquery_easy_ui/themes/default/images/tabs_rightarrow.png HTTP/1.1" 304 -
116.224.253.72 - - [19/May/2021:10:25:25 +0800] "GET /xingrg/javascript/jquery_easy_ui/themes/default/images/panel_tool_collapse.gif HTTP/1.1" 304 -
116.224.253.72 - - [19/May/2021:10:25:25 +0800] "GET /xingrg/all/function/internal_message.html?_=1621391105694&CODE_STATE=count HTTP/1.1" 200 11
116.224.253.72 - - [19/May/2021:10:25:25 +0800] "GET /xingrg/check_reg.html?_=1621391105695 HTTP/1.1" 200 22
116.224.253.72 - - [19/May/2021:10:25:25 +0800] "POST /xingrg/all/common/load_tree.html?tree=area_rest_tree_json&manage=1 HTTP/1.1" 200 476
116.224.253.72 - - [19/May/2021:10:25:25 +0800] "POST /xingrg/load_menu.html HTTP/1.1" 200 5138
58.37.225.51 - - [19/May/2021:10:25:26 +0800] "POST /xingrg/services/DataTransmitService HTTP/1.1" 200 2243
116.235.222.38 - - [19/May/2021:10:25:26 +0800] "POST /xingrg/kc/buy/cgsh_order_operate.html HTTP/1.1" 200 37
116.230.110.80 - - [19/May/2021:10:25:26 +0800] "GET /xingrg/kc/buy/cgsh_order_operate.html?command=get_materiel&rest_code=00155&code=00101004094&supplier_code=00100086&order_time=2021-05-19 HTTP/1.1" 200 397
61.165.42.208 - - [19/May/2021:10:25:26 +0800] "POST /xingrg/kc/buy/cgsh_order_operate.html HTTP/1.1" 200 5626
58.37.225.51 - - [19/May/2021:10:25:27 +0800] "POST /xingrg/services/DataTransmitService HTTP/1.1" 200 172144
116.235.222.38 - - [19/May/2021:10:25:28 +0800] "POST /xingrg/kc/buy/cgsh_order_operate.html HTTP/1.1" 200 4446
116.224.253.72 - - [19/May/2021:10:25:28 +0800] "GET /xingrg/kc/base/wldb_order_list.html HTTP/1.1" 200 18985
116.224.253.72 - - [19/May/2021:10:25:29 +0800] "POST /xingrg/kc/base/wldb_list_operate.html HTTP/1.1" 200 928
116.224.253.72 - - [19/May/2021:10:25:30 +0800] "GET /xingrg/kc/base/wldb_order_add.html HTTP/1.1" 200 30156
116.224.253.72 - - [19/May/2021:10:25:31 +0800] "POST /xingrg/kc/base/wldb_order_operate.html HTTP/1.1" 200 6806
116.235.222.38 - - [19/May/2021:10:25:31 +0800] "GET /xingrg/kc/print/load_data.html?order_code=212021051908371&kc_code=cgsh&condition= HTTP/1.1" 200 1430
116.224.253.72 - - [19/May/2021:10:25:31 +0800] "GET /xingrg/javascript/easyui/themes/default/validatebox.css HTTP/1.1" 404 1104
58.221.95.50 - - [19/May/2021:10:25:31 +0800] "GET /xingrg/check_reg.html?_=1621391131592 HTTP/1.1" 302 -
116.224.253.72 - - [19/May/2021:10:25:33 +0800] "POST /xingrg/all/common/load_combo.html?type=base HTTP/1.1" 200 2966
116.235.222.38 - - [19/May/2021:10:25:35 +0800] "GET /xingrg/kc/buy/cgsh_order_add.html HTTP/1.1" 200 62079
