114.86.187.76 - - [19/May/2021:11:01:15 +0800] "GET /xingrg/all/function/internal_message.html?_=1621393272741&CODE_STATE=getMsg HTTP/1.1" 200 27
116.235.95.160 - - [19/May/2021:11:01:16 +0800] "GET /xingrg/all/function/internal_message.html?_=1621393365176&CODE_STATE=getMsg HTTP/1.1" 200 27
116.235.95.160 - - [19/May/2021:11:01:16 +0800] "GET /xingrg/check_reg.html?_=1621393365177 HTTP/1.1" 200 22
116.230.114.112 - - [19/May/2021:11:01:22 +0800] "GET /xingrg/all/function/internal_message.html?_=1621393290351&CODE_STATE=getMsg HTTP/1.1" 200 27
101.85.52.2 - - [19/May/2021:11:01:23 +0800] "GET /xingrg/kc/print/load_data.html?order_code=212021051908447&kc_code=cgsh&condition= HTTP/1.1" 200 955
116.230.110.80 - - [19/May/2021:11:01:24 +0800] "GET /xingrg/all/function/internal_message.html?_=1621393283230&CODE_STATE=getMsg HTTP/1.1" 200 27
116.224.253.72 - - [19/May/2021:11:01:26 +0800] "GET /xingrg/all/function/internal_message.html?_=1621393266614&CODE_STATE=getMsg HTTP/1.1" 200 27
101.85.52.2 - - [19/May/2021:11:01:29 +0800] "GET /xingrg/kc/buy/cgsh_order_add.html HTTP/1.1" 200 61185
101.85.52.2 - - [19/May/2021:11:01:30 +0800] "POST /xingrg/kc/buy/cgsh_order_operate.html HTTP/1.1" 200 8245
101.85.52.2 - - [19/May/2021:11:01:30 +0800] "GET /xingrg/javascript/easyui/themes/default/validatebox.css HTTP/1.1" 404 1104
180.169.147.146 - - [19/May/2021:11:01:34 +0800] "GET /favicon.ico HTTP/1.1" 404 -
61.165.42.208 - - [19/May/2021:11:01:37 +0800] "GET /xingrg/kc/buy/cgsh_order_add.html HTTP/1.1" 200 62038
61.165.42.208 - - [19/May/2021:11:01:37 +0800] "POST /xingrg/kc/buy/cgsh_order_operate.html HTTP/1.1" 200 8245
61.165.42.208 - - [19/May/2021:11:01:37 +0800] "GET /xingrg/javascript/easyui/themes/default/validatebox.css HTTP/1.1" 404 1104
222.69.131.59 - - [19/May/2021:11:01:38 +0800] "GET /xingrg/all/function/internal_message.html?_=1621393296580&CODE_STATE=getMsg HTTP/1.1" 200 27
117.185.32.26 - - [19/May/2021:11:01:40 +0800] "GET /xingrg/kc/buy/cgsh_order_add.html HTTP/1.1" 200 61991
117.185.32.26 - - [19/May/2021:11:01:40 +0800] "POST /xingrg/kc/buy/cgsh_order_operate.html HTTP/1.1" 200 8245
117.185.32.26 - - [19/May/2021:11:01:40 +0800] "GET /xingrg/javascript/easyui/themes/default/validatebox.css HTTP/1.1" 404 1104
117.185.32.26 - - [19/May/2021:11:01:42 +0800] "GET /xingrg/javascript/easyui/themes/default/tree.css HTTP/1.1" 404 1090
117.185.32.26 - - [19/May/2021:11:01:43 +0800] "GET /xingrg/all/function/internal_message.html?_=1621393822500&CODE_STATE=getMsg HTTP/1.1" 200 27
116.224.253.72 - - [19/May/2021:11:01:43 +0800] "POST /xingrg/all/user/operate.html HTTP/1.1" 200 36
117.185.32.26 - - [19/May/2021:11:01:43 +0800] "POST /xingrg/all/common/load_tree.html?tree=supplier_tree_json&isDelete=1 HTTP/1.1" 200 55318
116.235.222.38 - - [19/May/2021:11:01:44 +0800] "GET /xingrg/all/function/internal_message.html?_=1621393299492&CODE_STATE=getMsg HTTP/1.1" 200 27
116.224.253.72 - - [19/May/2021:11:01:45 +0800] "GET /xingrg/index.html?sysBaseUrl=http%3A%2F%2F180.169.147.146%3A18081%2Fxingrg%2F&costTime=1701×tamp=1621388534472 HTTP/1.1" 200 17177
116.224.253.72 - - [19/May/2021:11:01:45 +0800] "GET /xingrg/javascript/jquery_easy_ui/themes/default/easyui.css HTTP/1.1" 304 -
116.224.253.72 - - [19/May/2021:11:01:45 +0800] "GET /xingrg/javascript/jquery_easy_ui/themes/icon.css HTTP/1.1" 304 -
116.224.253.72 - - [19/May/2021:11:01:45 +0800] "GET /xingrg/css/form.css HTTP/1.1" 304 -
116.224.253.72 - - [19/May/2021:11:01:45 +0800] "GET /xingrg/javascript/jquery-1.4.2.min.js HTTP/1.1" 304 -
116.224.253.72 - - [19/May/2021:11:01:45 +0800] "GET /xingrg/javascript/jquery_easy_ui/jquery.easyui.min.js HTTP/1.1" 304 -
116.224.253.72 - - [19/May/2021:11:01:45 +0800] "GET /xingrg/javascript/jquery_easy_ui/easyui-lang-zh_CN.js HTTP/1.1" 304 -
116.224.253.72 - - [19/May/2021:11:01:45 +0800] "GET /xingrg/javascript/jquery.form.js HTTP/1.1" 304 -
116.224.253.72 - - [19/May/2021:11:01:45 +0800] "GET /xingrg/javascript/jquery.utils.js HTTP/1.1" 304 -
116.224.253.72 - - [19/May/2021:11:01:45 +0800] "GET /xingrg/javascript/jquery.timers.js HTTP/1.1" 304 -
116.224.253.72 - - [19/May/2021:11:01:45 +0800] "GET /xingrg/images/blue/jxLogo.png HTTP/1.1" 304 -
116.224.253.72 - - [19/May/2021:11:01:45 +0800] "GET /xingrg/images/blue/navBackgound.jpg HTTP/1.1" 304 -
116.224.253.72 - - [19/May/2021:11:01:45 +0800] "GET /xingrg/javascript/jquery_easy_ui/themes/icons/settle_new.png HTTP/1.1" 304 -
116.224.253.72 - - [19/May/2021:11:01:45 +0800] "GET /xingrg/images/blue/pingpu.png HTTP/1.1" 304 -
116.224.253.72 - - [19/May/2021:11:01:45 +0800] "GET /xingrg/javascript/jquery_easy_ui/themes/default/images/tabs_leftarrow.png HTTP/1.1" 304 -
116.224.253.72 - - [19/May/2021:11:01:45 +0800] "GET /xingrg/javascript/jquery_easy_ui/themes/default/images/tabs_rightarrow.png HTTP/1.1" 304 -
116.224.253.72 - - [19/May/2021:11:01:45 +0800] "GET /xingrg/javascript/jquery_easy_ui/themes/default/images/panel_tool_collapse.gif HTTP/1.1" 304 -
116.224.253.72 - - [19/May/2021:11:01:45 +0800] "GET /xingrg/check_reg.html?_=1621393285139 HTTP/1.1" 200 22
116.224.253.72 - - [19/May/2021:11:01:45 +0800] "GET /xingrg/all/function/internal_message.html?_=1621393285139&CODE_STATE=count HTTP/1.1" 200 11
116.224.253.72 - - [19/May/2021:11:01:45 +0800] "POST /xingrg/all/common/load_tree.html?tree=area_rest_tree_json&manage=1 HTTP/1.1" 200 476
116.224.253.72 - - [19/May/2021:11:01:45 +0800] "POST /xingrg/load_menu.html HTTP/1.1" 200 5138
116.224.253.72 - - [19/May/2021:11:01:49 +0800] "GET /xingrg/kc/buy/cgsh_order_list.html HTTP/1.1" 200 46257
116.224.253.72 - - [19/May/2021:11:01:52 +0800] "POST /xingrg/kc/buy/cgsh_list_operate.html HTTP/1.1" 200 876
101.85.52.2 - - [19/May/2021:11:01:54 +0800] "GET /xingrg/all/function/internal_message.html?_=1621393308895&CODE_STATE=getMsg HTTP/1.1" 200 27
116.224.253.72 - - [19/May/2021:11:01:54 +0800] "GET /xingrg/kc/buy/cgsh_order_add.html HTTP/1.1" 200 61645
116.224.253.72 - - [19/May/2021:11:01:54 +0800] "GET /xingrg/javascript/easyui/themes/default/validatebox.css HTTP/1.1" 404 1104
116.224.253.72 - - [19/May/2021:11:01:54 +0800] "POST /xingrg/kc/buy/cgsh_order_operate.html HTTP/1.1" 200 8245
101.85.52.2 - - [19/May/2021:11:01:55 +0800] "GET /xingrg/check_reg.html?_=1621393309563 HTTP/1.1" 200 22
58.40.7.146 - - [19/May/2021:11:01:56 +0800] "GET /xingrg/all/function/internal_message.html?_=1621393314694&CODE_STATE=getMsg HTTP/1.1" 302 -
116.224.253.72 - - [19/May/2021:11:01:56 +0800] "GET /xingrg/javascript/auto/indicator.gif HTTP/1.1" 404 1066
116.235.222.38 - - [19/May/2021:11:01:57 +0800] "GET /xingrg/all/function/internal_message.html?_=1621393312085&CODE_STATE=getMsg HTTP/1.1" 200 27
116.232.48.118 - - [19/May/2021:11:01:58 +0800] "GET /xingrg/all/function/internal_message.html?_=1621393319096&CODE_STATE=getMsg HTTP/1.1" 200 27
116.232.48.118 - - [19/May/2021:11:01:58 +0800] "GET /xingrg/check_reg.html?_=1621393319097 HTTP/1.1" 200 22
61.165.42.208 - - [19/May/2021:11:01:58 +0800] "GET /xingrg/all/function/internal_message.html?_=1621393299638&CODE_STATE=getMsg HTTP/1.1" 200 27
120.253.135.82 - - [19/May/2021:11:02:01 +0800] "GET /xingrg/all/function/internal_message.html?_=1621393373325&CODE_STATE=getMsg HTTP/1.1" 200 27
101.85.52.2 - - [19/May/2021:11:02:02 +0800] "GET /xingrg/kc/buy/cgsh_order_operate.html?command=get_materiel&rest_code=00145&code=00101002048&supplier_code=00100438&order_time=2021-05-14 HTTP/1.1" 200 399
117.185.32.26 - - [19/May/2021:11:02:03 +0800] "GET /xingrg/check_reg.html?_=1621393316860 HTTP/1.1" 200 22
120.204.17.72 - - [19/May/2021:11:02:05 +0800] "GET /xingrg/all/function/internal_message.html?_=1621393259534&CODE_STATE=getMsg HTTP/1.1" 302 -
117.185.32.26 - - [19/May/2021:11:02:06 +0800] "GET /xingrg/all/function/internal_message.html?_=1621393319540&CODE_STATE=getMsg HTTP/1.1" 200 27
120.204.17.72 - - [19/May/2021:11:02:06 +0800] "GET /xingrg/login.html HTTP/1.1" 200 7641
116.224.253.72 - - [19/May/2021:11:02:07 +0800] "GET /xingrg/all/function/internal_message.html?_=1621393326764&CODE_STATE=getMsg HTTP/1.1" 200 27
116.224.253.72 - - [19/May/2021:11:02:07 +0800] "GET /xingrg/kc/buy/cgsh_order_operate.html?command=get_materiel&rest_code=00151&code=00101007055&supplier_code=00100151&order_time=2021-05-19 HTTP/1.1" 200 409
180.169.147.146 - - [19/May/2021:11:02:09 +0800] "GET /xingrg/check_reg.html?_=1621393330254 HTTP/1.1" 200 22
180.169.147.146 - - [19/May/2021:11:02:09 +0800] "GET /xingrg/all/function/internal_message.html?_=1621393330260&CODE_STATE=getMsg HTTP/1.1" 200 27
180.161.124.236 - - [19/May/2021:11:02:09 +0800] "GET /xingrg/all/function/internal_message.html?_=1621393287317&CODE_STATE=getMsg HTTP/1.1" 200 27
114.86.187.76 - - [19/May/2021:11:02:15 +0800] "GET /xingrg/all/function/internal_message.html?_=1621393332767&CODE_STATE=getMsg HTTP/1.1" 200 27
116.235.95.160 - - [19/May/2021:11:02:16 +0800] "GET /xingrg/all/function/internal_message.html?_=1621393425174&CODE_STATE=getMsg HTTP/1.1" 200 27
117.185.32.26 - - [19/May/2021:11:02:17 +0800] "GET /xingrg/kc/buy/cgsh_order_operate.html?command=get_materiel&rest_code=00106&code=00101006064&supplier_code=00100329&order_time=2021-05-19 HTTP/1.1" 200 421
116.230.114.112 - - [19/May/2021:11:02:22 +0800] "GET /xingrg/all/function/internal_message.html?_=1621393350624&CODE_STATE=getMsg HTTP/1.1" 200 27
116.230.110.80 - - [19/May/2021:11:02:24 +0800] "GET /xingrg/all/function/internal_message.html?_=1621393343212&CODE_STATE=getMsg HTTP/1.1" 200 27
61.165.42.208 - - [19/May/2021:11:02:25 +0800] "GET /xingrg/kc/buy/cgsh_order_operate.html?command=get_materiel&rest_code=00105&code=00101001141&supplier_code=00100090&order_time=2021-05-19 HTTP/1.1" 200 413
101.85.52.2 - - [19/May/2021:11:02:27 +0800] "GET /xingrg/kc/buy/cgsh_order_operate.html?command=get_materiel&rest_code=00145&code=00102002167&supplier_code=00100438&order_time=2021-05-14 HTTP/1.1" 200 409
58.37.225.51 - - [19/May/2021:11:02:29 +0800] "GET /xingrg/login.html HTTP/1.1" 200 7641
58.37.225.51 - - [19/May/2021:11:02:29 +0800] "GET /xingrg/images/blue/jxLogo.png HTTP/1.1" 200 6156
58.37.225.51 - - [19/May/2021:11:02:29 +0800] "GET /xingrg/images/blue/hj.png HTTP/1.1" 200 1014
58.37.225.51 - - [19/May/2021:11:02:29 +0800] "GET /xingrg/images/blue/srbg.png HTTP/1.1" 200 138
58.37.225.51 - - [19/May/2021:11:02:29 +0800] "GET /xingrg/images/blue/login_bg.png HTTP/1.1" 200 22101
58.37.225.51 - - [19/May/2021:11:02:29 +0800] "GET /favicon.ico HTTP/1.1" 404 -
58.37.225.51 - - [19/May/2021:11:02:32 +0800] "POST /xingrg/login.do HTTP/1.1" 302 -
58.37.225.51 - - [19/May/2021:11:02:32 +0800] "GET /xingrg/index.html?sysBaseUrl=http%3A%2F%2F180.169.147.146%3A18081%2Fxingrg%2F&costTime=1166×tamp=1621393352168 HTTP/1.1" 200 17179
58.37.225.51 - - [19/May/2021:11:02:32 +0800] "GET /xingrg/css/form.css HTTP/1.1" 200 893
58.37.225.51 - - [19/May/2021:11:02:32 +0800] "GET /xingrg/javascript/jquery_easy_ui/themes/icon.css HTTP/1.1" 200 3949
58.37.225.51 - - [19/May/2021:11:02:32 +0800] "GET /xingrg/javascript/jquery-1.4.2.min.js HTTP/1.1" 200 72205
58.37.225.51 - - [19/May/2021:11:02:32 +0800] "GET /xingrg/javascript/jquery_easy_ui/jquery.easyui.min.js HTTP/1.1" 200 213662
58.37.225.51 - - [19/May/2021:11:02:32 +0800] "GET /xingrg/javascript/jquery_easy_ui/easyui-lang-zh_CN.js HTTP/1.1" 200 1900
58.37.225.51 - - [19/May/2021:11:02:32 +0800] "GET /xingrg/javascript/jquery.timers.js HTTP/1.1" 200 3532
58.37.225.51 - - [19/May/2021:11:02:32 +0800] "GET /xingrg/javascript/jquery_easy_ui/themes/default/easyui.css HTTP/1.1" 200 26500
58.37.225.51 - - [19/May/2021:11:02:32 +0800] "GET /xingrg/javascript/jquery.utils.js HTTP/1.1" 200 11805
58.37.225.51 - - [19/May/2021:11:02:32 +0800] "GET /xingrg/javascript/jquery.form.js HTTP/1.1" 200 23110
58.37.225.51 - - [19/May/2021:11:02:32 +0800] "GET /favicon.ico HTTP/1.1" 404 -
58.37.225.51 - - [19/May/2021:11:02:32 +0800] "GET /xingrg/javascript/jquery_easy_ui/themes/icons/settle_new.png HTTP/1.1" 200 826
58.37.225.51 - - [19/May/2021:11:02:32 +0800] "GET /xingrg/images/blue/navBackgound.jpg HTTP/1.1" 200 12378
58.37.225.51 - - [19/May/2021:11:02:32 +0800] "GET /xingrg/check_reg.html?_=1621393305885 HTTP/1.1" 200 22
58.37.225.51 - - [19/May/2021:11:02:32 +0800] "GET /xingrg/images/blue/pingpu.png HTTP/1.1" 200 231
58.37.225.51 - - [19/May/2021:11:02:32 +0800] "GET /xingrg/javascript/jquery_easy_ui/themes/default/images/tabs_leftarrow.png HTTP/1.1" 200 389
58.37.225.51 - - [19/May/2021:11:02:32 +0800] "GET /xingrg/javascript/jquery_easy_ui/themes/default/images/tabs_rightarrow.png HTTP/1.1" 200 395
58.37.225.51 - - [19/May/2021:11:02:32 +0800] "GET /xingrg/javascript/jquery_easy_ui/themes/default/images/panel_tool_collapse.gif HTTP/1.1" 200 246
58.37.225.51 - - [19/May/2021:11:02:32 +0800] "GET /xingrg/all/function/internal_message.html?_=1621393305885&CODE_STATE=count HTTP/1.1" 200 11
58.37.225.51 - - [19/May/2021:11:02:32 +0800] "POST /xingrg/all/common/load_tree.html?tree=area_rest_tree_json&manage=1 HTTP/1.1" 200 351
58.37.225.51 - - [19/May/2021:11:02:32 +0800] "GET /xingrg/javascript/jquery_easy_ui/themes/default/images/tree_arrows.gif HTTP/1.1" 200 1043
58.37.225.51 - - [19/May/2021:11:02:32 +0800] "POST /xingrg/load_menu.html HTTP/1.1" 200 5138
58.37.225.51 - - [19/May/2021:11:02:32 +0800] "GET /xingrg/javascript/jquery_easy_ui/themes/default/images/tree_folder_open.gif HTTP/1.1" 200 956
58.37.225.51 - - [19/May/2021:11:02:32 +0800] "GET /xingrg/javascript/jquery_easy_ui/themes/icons/storage_new.png HTTP/1.1" 200 853
58.37.225.51 - - [19/May/2021:11:02:32 +0800] "GET /xingrg/javascript/jquery_easy_ui/themes/icons/search_new.png HTTP/1.1" 200 586
58.37.225.51 - - [19/May/2021:11:02:32 +0800] "GET /xingrg/javascript/jquery_easy_ui/themes/icons/forms_new.png HTTP/1.1" 200 350
58.37.225.51 - - [19/May/2021:11:02:32 +0800] "GET /xingrg/javascript/jquery_easy_ui/themes/default/images/tree_folder.gif HTTP/1.1" 200 952
58.37.225.51 - - [19/May/2021:11:02:32 +0800] "GET /xingrg/javascript/jquery_easy_ui/themes/default/images/tree_file.gif HTTP/1.1" 200 118
58.37.225.51 - - [19/May/2021:11:02:34 +0800] "GET /xingrg/javascript/jquery_easy_ui/themes/default/images/tabs_close.gif HTTP/1.1" 200 829
58.37.225.51 - - [19/May/2021:11:02:34 +0800] "GET /xingrg/kc/buy/buy_main.html HTTP/1.1" 200 12412
58.37.225.51 - - [19/May/2021:11:02:34 +0800] "GET /xingrg/css/new_ie.css HTTP/1.1" 404 1036
58.37.225.51 - - [19/May/2021:11:02:34 +0800] "GET /xingrg/javascript/pic_change.js HTTP/1.1" 200 4739
58.37.225.51 - - [19/May/2021:11:02:34 +0800] "GET /xingrg/javascript/ToolTips.js HTTP/1.1" 200 5615
58.37.225.51 - - [19/May/2021:11:02:34 +0800] "GET /xingrg/javascript/jquery_ui/jquery-ui.min.js HTTP/1.1" 200 186181
58.37.225.51 - - [19/May/2021:11:02:34 +0800] "GET /xingrg/images/blue/button/cgfkd.gif HTTP/1.1" 200 2075
58.37.225.51 - - [19/May/2021:11:02:34 +0800] "GET /xingrg/images/blue/button/cgxqd.gif HTTP/1.1" 200 2619
58.37.225.51 - - [19/May/2021:11:02:34 +0800] "GET /xingrg/images/blue/button/cgydd.gif HTTP/1.1" 200 2712
58.37.225.51 - - [19/May/2021:11:02:34 +0800] "GET /xingrg/css/blue.css HTTP/1.1" 200 15949
58.37.225.51 - - [19/May/2021:11:02:34 +0800] "GET /xingrg/javascript/jquery_ui/themes/humanity/humanity.css HTTP/1.1" 200 27801
58.37.225.51 - - [19/May/2021:11:02:34 +0800] "GET /xingrg/javascript/myfunction.js HTTP/1.1" 200 24559
58.37.225.51 - - [19/May/2021:11:02:34 +0800] "GET /xingrg/images/blue/button/ckthd.gif HTTP/1.1" 200 2045
58.37.225.51 - - [19/May/2021:11:02:34 +0800] "GET /xingrg/images/blue/pic_form2.gif HTTP/1.1" 200 1853
58.37.225.51 - - [19/May/2021:11:02:34 +0800] "GET /xingrg/images/blue/button/kc.gif HTTP/1.1" 200 2160
58.37.225.51 - - [19/May/2021:11:02:34 +0800] "GET /xingrg/images/blue/button/cgshd.gif HTTP/1.1" 200 2618
58.37.225.51 - - [19/May/2021:11:02:34 +0800] "GET /xingrg/images/blue/button/right_ah.jpg HTTP/1.1" 200 1744
58.37.225.51 - - [19/May/2021:11:02:34 +0800] "GET /xingrg/images/blue/bg_dotted.jpg HTTP/1.1" 200 319
58.37.225.51 - - [19/May/2021:11:02:34 +0800] "GET /xingrg/javascript/jquery_ui/themes/humanity/images/ui-bg_inset-soft_100_f4f0ec_1x100.png HTTP/1.1" 200 141
58.37.225.51 - - [19/May/2021:11:02:34 +0800] "GET /xingrg/images/blue/button/down_ah.jpg HTTP/1.1" 200 1732
58.37.225.51 - - [19/May/2021:11:02:34 +0800] "GET /xingrg/javascript/jquery_ui/themes/humanity/images/ui-iconsnew.jpg HTTP/1.1" 200 337
58.37.225.51 - - [19/May/2021:11:02:34 +0800] "GET /xingrg/javascript/jquery_ui/themes/humanity/images/ui-bg_glass_70_ede4d4_1x400.png HTTP/1.1" 200 161
58.37.225.51 - - [19/May/2021:11:02:34 +0800] "GET /xingrg/javascript/jquery_ui/themes/humanity/images/ui-icons_ffffff_256x240.png HTTP/1.1" 200 4369
58.37.225.51 - - [19/May/2021:11:02:34 +0800] "GET /xingrg/javascript/jquery_ui/themes/humanity/images/ui-icons_c47a23_256x240.png HTTP/1.1" 200 5355
222.69.131.59 - - [19/May/2021:11:02:38 +0800] "GET /xingrg/all/function/internal_message.html?_=1621393356569&CODE_STATE=getMsg HTTP/1.1" 200 27
101.85.52.2 - - [19/May/2021:11:02:40 +0800] "GET /xingrg/kc/buy/cgsh_order_operate.html?command=get_materiel&rest_code=00145&code=00101018011&supplier_code=00100438&order_time=2021-05-14 HTTP/1.1" 200 413
117.185.32.26 - - [19/May/2021:11:02:43 +0800] "GET /xingrg/check_reg.html?_=1621393882493 HTTP/1.1" 200 22
117.185.32.26 - - [19/May/2021:11:02:43 +0800] "GET /xingrg/all/function/internal_message.html?_=1621393882495&CODE_STATE=getMsg HTTP/1.1" 200 27
116.235.222.38 - - [19/May/2021:11:02:44 +0800] "GET /xingrg/all/function/internal_message.html?_=1621393359503&CODE_STATE=getMsg HTTP/1.1" 200 27
116.224.253.72 - - [19/May/2021:11:02:45 +0800] "GET /xingrg/all/function/internal_message.html?_=1621393345144&CODE_STATE=getMsg HTTP/1.1" 200 27
101.85.52.2 - - [19/May/2021:11:02:48 +0800] "POST /xingrg/kc/buy/cgsh_order_operate.html HTTP/1.1" 200 37
101.85.52.2 - - [19/May/2021:11:02:49 +0800] "POST /xingrg/kc/buy/cgsh_order_operate.html HTTP/1.1" 200 3838
180.161.124.236 - - [19/May/2021:11:02:50 +0800] "GET /xingrg/check_reg.html?_=1621393328972 HTTP/1.1" 200 22
101.85.52.2 - - [19/May/2021:11:02:51 +0800] "GET /xingrg/kc/print/load_data.html?order_code=212021051908448&kc_code=cgsh&condition= HTTP/1.1" 200 1132
117.185.32.26 - - [19/May/2021:11:02:53 +0800] "POST /xingrg/kc/buy/cgsh_order_operate.html HTTP/1.1" 200 37
101.85.52.2 - - [19/May/2021:11:02:54 +0800] "GET /xingrg/all/function/internal_message.html?_=1621393369039&CODE_STATE=getMsg HTTP/1.1" 200 27
58.40.7.146 - - [19/May/2021:11:02:56 +0800] "GET /xingrg/all/function/internal_message.html?_=1621393374699&CODE_STATE=getMsg HTTP/1.1" 302 -
116.235.222.38 - - [19/May/2021:11:02:56 +0800] "GET /xingrg/all/function/internal_message.html?_=1621393372108&CODE_STATE=getMsg HTTP/1.1" 200 27
101.85.52.2 - - [19/May/2021:11:02:57 +0800] "GET /xingrg/kc/buy/cgsh_order_add.html HTTP/1.1" 200 61185
101.85.52.2 - - [19/May/2021:11:02:57 +0800] "POST /xingrg/kc/buy/cgsh_order_operate.html HTTP/1.1" 200 8245
101.85.52.2 - - [19/May/2021:11:02:57 +0800] "GET /xingrg/javascript/easyui/themes/default/validatebox.css HTTP/1.1" 404 1104
116.232.48.118 - - [19/May/2021:11:02:58 +0800] "GET /xingrg/all/function/internal_message.html?_=1621393379096&CODE_STATE=getMsg HTTP/1.1" 200 27
61.165.42.208 - - [19/May/2021:11:02:58 +0800] "GET /xingrg/all/function/internal_message.html?_=1621393359646&CODE_STATE=getMsg HTTP/1.1" 200 27
61.165.42.208 - - [19/May/2021:11:02:58 +0800] "GET /xingrg/check_reg.html?_=1621393359650 HTTP/1.1" 200 22
120.253.135.82 - - [19/May/2021:11:03:01 +0800] "GET /xingrg/all/function/internal_message.html?_=1621393433404&CODE_STATE=getMsg HTTP/1.1" 200 27
117.185.32.26 - - [19/May/2021:11:03:01 +0800] "POST /xingrg/kc/buy/cgsh_order_operate.html HTTP/1.1" 200 12
117.185.32.26 - - [19/May/2021:11:03:03 +0800] "GET /xingrg/kc/buy/cgsh_order_info.html?code=212021051908449 HTTP/1.1" 200 56897
117.185.32.26 - - [19/May/2021:11:03:03 +0800] "GET /xingrg/javascript/easyui/themes/default/validatebox.css HTTP/1.1" 404 1104
117.185.32.26 - - [19/May/2021:11:03:04 +0800] "POST /xingrg/kc/buy/cgsh_order_operate.html HTTP/1.1" 200 619
183.192.164.214 - - [19/May/2021:11:03:04 +0800] "GET /xingrg/check_reg.html?_=1621393316860 HTTP/1.1" 302 -
183.192.164.214 - - [19/May/2021:11:03:06 +0800] "GET /xingrg/login.html HTTP/1.1" 200 7641
117.185.32.26 - - [19/May/2021:11:03:06 +0800] "GET /xingrg/all/function/internal_message.html?_=1621393379508&CODE_STATE=getMsg HTTP/1.1" 200 27
116.224.253.72 - - [19/May/2021:11:03:07 +0800] "GET /xingrg/all/function/internal_message.html?_=1621393386753&CODE_STATE=getMsg HTTP/1.1" 200 27
117.185.32.26 - - [19/May/2021:11:03:08 +0800] "GET /xingrg/kc/print/load_data.html?order_code=212021051908449&kc_code=cgsh&condition= HTTP/1.1" 200 717
180.169.147.146 - - [19/May/2021:11:03:09 +0800] "GET /xingrg/all/function/internal_message.html?_=1621393390278&CODE_STATE=getMsg HTTP/1.1" 200 27
180.161.124.236 - - [19/May/2021:11:03:09 +0800] "GET /xingrg/all/function/internal_message.html?_=1621393347330&CODE_STATE=getMsg HTTP/1.1" 200 27
58.37.225.51 - - [19/May/2021:11:03:12 +0800] "GET /xingrg/images/yd/bt.gif HTTP/1.1" 404 1040
101.85.52.2 - - [19/May/2021:11:03:13 +0800] "GET /xingrg/kc/buy/cgsh_order_operate.html?command=get_materiel&rest_code=00145&code=00101001111&supplier_code=00100185&order_time=2021-05-14 HTTP/1.1" 200 409
58.37.225.51 - - [19/May/2021:11:03:13 +0800] "GET /xingrg/css/base.css HTTP/1.1" 200 2811
58.37.225.51 - - [19/May/2021:11:03:13 +0800] "GET /xingrg/css/site.css HTTP/1.1" 200 7541
58.37.225.51 - - [19/May/2021:11:03:13 +0800] "GET /xingrg/javascript/jquery_tools/datebox.css HTTP/1.1" 200 2597
58.37.225.51 - - [19/May/2021:11:03:13 +0800] "GET /xingrg/kc/buy/cgsh_order_list.html HTTP/1.1" 200 46259
58.37.225.51 - - [19/May/2021:11:03:13 +0800] "GET /xingrg/javascript/jquery_tools/fix.css HTTP/1.1" 200 1702
58.37.225.51 - - [19/May/2021:11:03:13 +0800] "GET /xingrg/javascript/easyui/themes/icon.css HTTP/1.1" 200 4483
58.37.225.51 - - [19/May/2021:11:03:13 +0800] "GET /xingrg/javascript/auto/jquery.autocomplete.css HTTP/1.1" 200 587
58.37.225.51 - - [19/May/2021:11:03:13 +0800] "GET /xingrg/javascript/jquery_tools/table.css HTTP/1.1" 200 1032
58.37.225.51 - - [19/May/2021:11:03:13 +0800] "GET /xingrg/javascript/jquery_tools/jquery.tools.min.js HTTP/1.1" 200 138801
58.37.225.51 - - [19/May/2021:11:03:13 +0800] "GET /xingrg/javascript/jquery_tools/jquery.tools.hotkey.js HTTP/1.1" 200 3242
58.37.225.51 - - [19/May/2021:11:03:13 +0800] "GET /xingrg/javascript/jquery_tools/jquery.tools.table.js HTTP/1.1" 200 6994
58.37.225.51 - - [19/May/2021:11:03:13 +0800] "GET /xingrg/javascript/jquery_tools/jquery.tools.extend.js HTTP/1.1" 200 15385
58.37.225.51 - - [19/May/2021:11:03:13 +0800] "GET /xingrg/javascript/jquery_tools/list_manager.js HTTP/1.1" 200 3652
58.37.225.51 - - [19/May/2021:11:03:13 +0800] "GET /xingrg/javascript/jquery.cookie.js HTTP/1.1" 200 5513
58.37.225.51 - - [19/May/2021:11:03:13 +0800] "GET /xingrg/javascript/print/LodopFuncs.js HTTP/1.1" 200 5121
58.37.225.51 - - [19/May/2021:11:03:13 +0800] "GET /xingrg/javascript/easyui/easyloader.js HTTP/1.1" 200 5975
58.37.225.51 - - [19/May/2021:11:03:13 +0800] "GET /xingrg/javascript/auto/jquery.autocomplete.js HTTP/1.1" 200 21624
58.37.225.51 - - [19/May/2021:11:03:13 +0800] "GET /xingrg/javascript/easyui/themes/default/easyui.css HTTP/1.1" 200 30432
58.37.225.51 - - [19/May/2021:11:03:13 +0800] "GET /xingrg/javascript/easyui/themes/icons/import_new.png HTTP/1.1" 200 1247
58.37.225.51 - - [19/May/2021:11:03:13 +0800] "GET /xingrg/javascript/easyui/themes/icons/field_new.png HTTP/1.1" 200 1097
58.37.225.51 - - [19/May/2021:11:03:13 +0800] "GET /xingrg/javascript/easyui/themes/icons/check_new.png HTTP/1.1" 200 3224
58.37.225.51 - - [19/May/2021:11:03:13 +0800] "GET /xingrg/javascript/easyui/themes/icons/edit_add_new.png HTTP/1.1" 200 2997
58.37.225.51 - - [19/May/2021:11:03:13 +0800] "GET /xingrg/javascript/easyui/themes/icons/cance_new.png HTTP/1.1" 200 3986
58.37.225.51 - - [19/May/2021:11:03:13 +0800] "GET /xingrg/javascript/easyui/plugins/jquery.parser.js HTTP/1.1" 200 1142
58.37.225.51 - - [19/May/2021:11:03:13 +0800] "GET /xingrg/images/control/ajaxLoader.gif HTTP/1.1" 200 4659
114.86.187.76 - - [19/May/2021:11:03:15 +0800] "GET /xingrg/all/function/internal_message.html?_=1621393392766&CODE_STATE=getMsg HTTP/1.1" 200 27
58.37.225.51 - - [19/May/2021:11:03:15 +0800] "POST /xingrg/kc/buy/cgsh_list_operate.html HTTP/1.1" 200 876
116.235.95.160 - - [19/May/2021:11:03:16 +0800] "GET /xingrg/all/function/internal_message.html?_=1621393485186&CODE_STATE=getMsg HTTP/1.1" 200 27
116.230.114.112 - - [19/May/2021:11:03:22 +0800] "GET /xingrg/all/function/internal_message.html?_=1621393410628&CODE_STATE=getMsg HTTP/1.1" 200 27
58.37.225.51 - - [19/May/2021:11:03:23 +0800] "GET /xingrg/javascript/easyui/themes/default/images/button_plain_hover.png HTTP/1.1" 200 144
58.37.225.51 - - [19/May/2021:11:03:24 +0800] "GET /xingrg/javascript/convert.js HTTP/1.1" 200 1239
58.37.225.51 - - [19/May/2021:11:03:24 +0800] "GET /xingrg/javascript/json2.js HTTP/1.1" 200 11259
58.37.225.51 - - [19/May/2021:11:03:24 +0800] "GET /xingrg/javascript/jquery_tools/order_manager.js HTTP/1.1" 200 11183
58.37.225.51 - - [19/May/2021:11:03:24 +0800] "GET /xingrg/javascript/print/kc_print.js HTTP/1.1" 200 11415
58.37.225.51 - - [19/May/2021:11:03:24 +0800] "GET /xingrg/kc/buy/cgsh_order_add.html HTTP/1.1" 200 61997
180.161.124.236 - - [19/May/2021:11:03:24 +0800] "GET /xingrg/check_reg.html?_=1621393363104 HTTP/1.1" 200 22
116.230.110.80 - - [19/May/2021:11:03:24 +0800] "GET /xingrg/all/function/internal_message.html?_=1621393403193&CODE_STATE=getMsg HTTP/1.1" 200 27
58.37.225.51 - - [19/May/2021:11:03:24 +0800] "GET /xingrg/words/20210518171239_words.js HTTP/1.1" 200 814871
58.37.225.51 - - [19/May/2021:11:03:24 +0800] "GET /xingrg/javascript/easyui/themes/icons/ok.png HTTP/1.1" 200 883
58.37.225.51 - - [19/May/2021:11:03:24 +0800] "GET /xingrg/javascript/easyui/themes/icons/template_new.png HTTP/1.1" 200 3956
58.37.225.51 - - [19/May/2021:11:03:24 +0800] "GET /xingrg/javascript/easyui/themes/icons/print.png HTTP/1.1" 200 1057
58.37.225.51 - - [19/May/2021:11:03:24 +0800] "GET /xingrg/javascript/easyui/themes/icons/copy_new.png HTTP/1.1" 200 815
58.37.225.51 - - [19/May/2021:11:03:24 +0800] "GET /xingrg/javascript/easyui/themes/default/images/menu_downarrow.png HTTP/1.1" 200 173
58.37.225.51 - - [19/May/2021:11:03:24 +0800] "GET /xingrg/javascript/easyui/themes/icons/cancel.png HTTP/1.1" 200 1133
116.230.110.80 - - [19/May/2021:11:03:25 +0800] "GET /xingrg/check_reg.html?_=1621393403653 HTTP/1.1" 200 22
58.37.225.51 - - [19/May/2021:11:03:25 +0800] "POST /xingrg/kc/buy/cgsh_order_operate.html HTTP/1.1" 200 8245
58.37.225.51 - - [19/May/2021:11:03:25 +0800] "GET /xingrg/javascript/easyui/themes/default/validatebox.css HTTP/1.1" 404 1104
58.37.225.51 - - [19/May/2021:11:03:25 +0800] "GET /xingrg/javascript/easyui/plugins/jquery.validatebox.js HTTP/1.1" 200 6103
58.37.225.51 - - [19/May/2021:11:03:25 +0800] "GET /xingrg/javascript/easyui/plugins/jquery.numberbox.js HTTP/1.1" 200 5213
58.37.225.51 - - [19/May/2021:11:03:25 +0800] "GET /xingrg/javascript/easyui/themes/icons/edit_remove.png HTTP/1.1" 200 625
58.37.225.51 - - [19/May/2021:11:03:25 +0800] "GET /xingrg/all/common/auto_word.html?type=employee&rest_code=00141 HTTP/1.1" 200 201
58.37.225.51 - - [19/May/2021:11:03:25 +0800] "GET /xingrg/all/common/auto_word.html?type=employee&rest_code=00141 HTTP/1.1" 200 201
101.85.52.2 - - [19/May/2021:11:03:31 +0800] "GET /xingrg/kc/buy/cgsh_order_operate.html?command=get_materiel&rest_code=00145&code=00101010161&supplier_code=00100185&order_time=2021-05-14 HTTP/1.1" 200 409
58.37.225.51 - - [19/May/2021:11:03:31 +0800] "GET /xingrg/javascript/auto/indicator.gif HTTP/1.1" 404 1066
58.37.225.51 - - [19/May/2021:11:03:32 +0800] "GET /xingrg/javascript/jquery_tools/images/prev.gif HTTP/1.1" 404 1086
58.37.225.51 - - [19/May/2021:11:03:32 +0800] "GET /xingrg/javascript/jquery_tools/images/next.gif HTTP/1.1" 404 1086
58.37.225.51 - - [19/May/2021:11:03:32 +0800] "GET /xingrg/all/function/internal_message.html?_=1621393365893&CODE_STATE=getMsg HTTP/1.1" 200 27
222.69.131.59 - - [19/May/2021:11:03:38 +0800] "GET /xingrg/all/function/internal_message.html?_=1621393416539&CODE_STATE=getMsg HTTP/1.1" 200 27
101.85.52.2 - - [19/May/2021:11:03:38 +0800] "GET /xingrg/kc/buy/cgsh_order_operate.html?command=get_materiel&rest_code=00145&code=00101005032&supplier_code=00100185&order_time=2021-05-14 HTTP/1.1" 200 409
58.37.225.51 - - [19/May/2021:11:03:38 +0800] "GET /xingrg/kc/buy/cgsh_order_operate.html?command=get_materiel&rest_code=00141&code=00101010628&supplier_code=00100327&order_time=2021-05-19 HTTP/1.1" 200 412
222.69.131.59 - - [19/May/2021:11:03:38 +0800] "GET /xingrg/check_reg.html?_=1621393417231 HTTP/1.1" 200 22
117.185.32.26 - - [19/May/2021:11:03:43 +0800] "GET /xingrg/all/function/internal_message.html?_=1621393942496&CODE_STATE=getMsg HTTP/1.1" 200 27
116.235.222.38 - - [19/May/2021:11:03:44 +0800] "GET /xingrg/all/function/internal_message.html?_=1621393419552&CODE_STATE=getMsg HTTP/1.1" 200 27
116.224.253.72 - - [19/May/2021:11:03:45 +0800] "GET /xingrg/all/function/internal_message.html?_=1621393405158&CODE_STATE=getMsg HTTP/1.1" 200 27
101.85.52.2 - - [19/May/2021:11:03:46 +0800] "POST /xingrg/kc/buy/cgsh_order_operate.html HTTP/1.1" 200 37
58.37.225.51 - - [19/May/2021:11:03:49 +0800] "POST /xingrg/kc/buy/cgsh_order_operate.html HTTP/1.1" 200 37
58.37.225.51 - - [19/May/2021:11:03:55 +0800] "POST /xingrg/kc/buy/cgsh_order_operate.html HTTP/1.1" 200 12
180.161.124.236 - - [19/May/2021:11:03:55 +0800] "GET /xingrg/kc/base/wldb_order_operate.html?command=get_materiel&rest_code=00102&base_code=0010477&code=00102002457 HTTP/1.1" 200 454
58.40.7.146 - - [19/May/2021:11:03:56 +0800] "GET /xingrg/all/function/internal_message.html?_=1621393434685&CODE_STATE=getMsg HTTP/1.1" 302 -
58.37.225.51 - - [19/May/2021:11:03:56 +0800] "GET /xingrg/kc/buy/cgsh_order_info.html?code=212021051908451 HTTP/1.1" 200 56899
116.235.222.38 - - [19/May/2021:11:03:56 +0800] "GET /xingrg/check_reg.html?_=1621393432064 HTTP/1.1" 200 22
116.235.222.38 - - [19/May/2021:11:03:57 +0800] "GET /xingrg/all/function/internal_message.html?_=1621393432081&CODE_STATE=getMsg HTTP/1.1" 200 27
58.37.225.51 - - [19/May/2021:11:03:57 +0800] "GET /xingrg/javascript/easyui/themes/default/validatebox.css HTTP/1.1" 404 1104
58.37.225.51 - - [19/May/2021:11:03:57 +0800] "POST /xingrg/kc/buy/cgsh_order_operate.html HTTP/1.1" 200 619
116.232.48.118 - - [19/May/2021:11:03:58 +0800] "GET /xingrg/all/function/internal_message.html?_=1621393439098&CODE_STATE=getMsg HTTP/1.1" 200 27
61.165.42.208 - - [19/May/2021:11:03:58 +0800] "GET /xingrg/all/function/internal_message.html?_=1621393419639&CODE_STATE=getMsg HTTP/1.1" 200 27
58.37.225.51 - - [19/May/2021:11:03:58 +0800] "GET /xingrg/kc/print/load_config.html?kc_code=cgsh HTTP/1.1" 200 1845
58.37.225.51 - - [19/May/2021:11:03:59 +0800] "GET /xingrg/kc/print/load_data.html?order_code=212021051908451&kc_code=cgsh&condition= HTTP/1.1" 200 710
120.253.135.82 - - [19/May/2021:11:04:01 +0800] "GET /xingrg/all/function/internal_message.html?_=1621393493415&CODE_STATE=getMsg HTTP/1.1" 200 27
180.161.124.236 - - [19/May/2021:11:04:02 +0800] "GET /xingrg/kc/base/wldb_order_operate.html?command=get_materiel&rest_code=00102&base_code=0010477&code=00102002118 HTTP/1.1" 200 452
101.85.52.2 - - [19/May/2021:11:04:03 +0800] "POST /xingrg/kc/buy/cgsh_order_operate.html HTTP/1.1" 200 3829
58.37.225.51 - - [19/May/2021:11:04:04 +0800] "GET /xingrg/kc/buy/cgsh_order_add.html HTTP/1.1" 200 61997
58.37.225.51 - - [19/May/2021:11:04:04 +0800] "POST /xingrg/kc/buy/cgsh_order_operate.html HTTP/1.1" 200 8245
58.37.225.51 - - [19/May/2021:11:04:04 +0800] "GET /xingrg/javascript/easyui/themes/default/validatebox.css HTTP/1.1" 404 1104
117.185.32.26 - - [19/May/2021:11:04:06 +0800] "GET /xingrg/all/function/internal_message.html?_=1621393439479&CODE_STATE=getMsg HTTP/1.1" 200 27
116.224.253.72 - - [19/May/2021:11:04:07 +0800] "GET /xingrg/check_reg.html?_=1621393446763 HTTP/1.1" 200 22
116.224.253.72 - - [19/May/2021:11:04:07 +0800] "GET /xingrg/all/function/internal_message.html?_=1621393446767&CODE_STATE=getMsg HTTP/1.1" 200 27
180.169.147.146 - - [19/May/2021:11:04:09 +0800] "GET /xingrg/all/function/internal_message.html?_=1621393450281&CODE_STATE=getMsg HTTP/1.1" 200 27
180.161.124.236 - - [19/May/2021:11:04:09 +0800] "GET /xingrg/all/function/internal_message.html?_=1621393407446&CODE_STATE=getMsg HTTP/1.1" 200 27
101.85.52.2 - - [19/May/2021:11:04:09 +0800] "GET /xingrg/kc/print/load_data.html?order_code=212021051908450&kc_code=cgsh&condition= HTTP/1.1" 200 1130
180.161.124.236 - - [19/May/2021:11:04:10 +0800] "GET /xingrg/kc/base/wldb_order_operate.html?command=get_materiel&rest_code=00102&base_code=0010477&code=00102004006 HTTP/1.1" 200 442
101.85.52.2 - - [19/May/2021:11:04:14 +0800] "GET /xingrg/kc/buy/cgsh_order_add.html HTTP/1.1" 200 61185
101.85.52.2 - - [19/May/2021:11:04:14 +0800] "POST /xingrg/kc/buy/cgsh_order_operate.html HTTP/1.1" 200 8245
101.85.52.2 - - [19/May/2021:11:04:14 +0800] "GET /xingrg/javascript/easyui/themes/default/validatebox.css HTTP/1.1" 404 1104
114.86.187.76 - - [19/May/2021:11:04:15 +0800] "GET /xingrg/all/function/internal_message.html?_=1621393452764&CODE_STATE=getMsg HTTP/1.1" 200 27
116.235.95.160 - - [19/May/2021:11:04:16 +0800] "GET /xingrg/all/function/internal_message.html?_=1621393545180&CODE_STATE=getMsg HTTP/1.1" 200 27
58.37.225.51 - - [19/May/2021:11:04:17 +0800] "GET /xingrg/kc/buy/cgsh_order_operate.html?command=get_materiel&rest_code=00141&code=00101008164&supplier_code=00100326&order_time=2021-05-19 HTTP/1.1" 200 432
180.161.124.236 - - [19/May/2021:11:04:22 +0800] "GET /xingrg/kc/base/wldb_order_operate.html?command=get_materiel&rest_code=00102&base_code=0010477&code=00102004026 HTTP/1.1" 200 442
116.230.114.112 - - [19/May/2021:11:04:22 +0800] "GET /xingrg/all/function/internal_message.html?_=1621393470925&CODE_STATE=getMsg HTTP/1.1" 200 27
116.230.110.80 - - [19/May/2021:11:04:24 +0800] "GET /xingrg/all/function/internal_message.html?_=1621393463173&CODE_STATE=getMsg HTTP/1.1" 200 27
180.161.124.236 - - [19/May/2021:11:04:28 +0800] "GET /xingrg/kc/base/wldb_order_operate.html?command=get_materiel&rest_code=00102&base_code=0010477&code=00102004030 HTTP/1.1" 200 442
58.37.225.51 - - [19/May/2021:11:04:32 +0800] "GET /xingrg/all/function/internal_message.html?_=1621393425889&CODE_STATE=getMsg HTTP/1.1" 200 27
116.230.114.112 - - [19/May/2021:11:04:34 +0800] "GET /xingrg/check_reg.html?_=1621393483157 HTTP/1.1" 200 22
222.69.131.59 - - [19/May/2021:11:04:38 +0800] "GET /xingrg/all/function/internal_message.html?_=1621393476520&CODE_STATE=getMsg HTTP/1.1" 200 27
58.37.225.51 - - [19/May/2021:11:04:40 +0800] "GET /xingrg/kc/buy/cgsh_order_operate.html?command=get_materiel&rest_code=00141&code=00101010696&supplier_code=00100326&order_time=2021-05-19 HTTP/1.1" 200 397
180.161.124.236 - - [19/May/2021:11:04:42 +0800] "GET /xingrg/kc/base/wldb_order_operate.html?command=get_materiel&rest_code=00102&base_code=0010477&code=00102002453 HTTP/1.1" 200 434
117.185.32.26 - - [19/May/2021:11:04:43 +0800] "GET /xingrg/all/function/internal_message.html?_=1621394002501&CODE_STATE=getMsg HTTP/1.1" 200 27
116.235.222.38 - - [19/May/2021:11:04:44 +0800] "GET /xingrg/all/function/internal_message.html?_=1621393479607&CODE_STATE=getMsg HTTP/1.1" 200 27
116.224.253.72 - - [19/May/2021:11:04:45 +0800] "GET /xingrg/all/function/internal_message.html?_=1621393465182&CODE_STATE=getMsg HTTP/1.1" 200 27
101.85.52.2 - - [19/May/2021:11:04:46 +0800] "GET /xingrg/kc/buy/cgsh_order_operate.html?command=get_materiel&rest_code=00145&code=00101008024&supplier_code=00100007&order_time=2021-05-14 HTTP/1.1" 200 408
58.37.225.51 - - [19/May/2021:11:04:54 +0800] "POST /xingrg/kc/buy/cgsh_order_operate.html HTTP/1.1" 200 37
101.85.52.2 - - [19/May/2021:11:04:54 +0800] "GET /xingrg/all/function/internal_message.html?_=1621393489055&CODE_STATE=getMsg HTTP/1.1" 200 27
101.85.52.2 - - [19/May/2021:11:04:55 +0800] "GET /xingrg/kc/buy/cgsh_order_operate.html?command=get_materiel&rest_code=00145&code=00101015070&supplier_code=00100007&order_time=2021-05-14 HTTP/1.1" 200 413
58.40.7.146 - - [19/May/2021:11:04:56 +0800] "GET /xingrg/all/function/internal_message.html?_=1621393494701&CODE_STATE=getMsg HTTP/1.1" 302 -
116.235.222.38 - - [19/May/2021:11:04:56 +0800] "GET /xingrg/all/function/internal_message.html?_=1621393492060&CODE_STATE=getMsg HTTP/1.1" 200 27
116.232.48.118 - - [19/May/2021:11:04:58 +0800] "GET /xingrg/all/function/internal_message.html?_=1621393499100&CODE_STATE=getMsg HTTP/1.1" 200 27
61.165.42.208 - - [19/May/2021:11:04:58 +0800] "GET /xingrg/all/function/internal_message.html?_=1621393479640&CODE_STATE=getMsg HTTP/1.1" 200 27
120.253.135.82 - - [19/May/2021:11:04:58 +0800] "GET /xingrg/check_reg.html?_=1621393551079 HTTP/1.1" 200 22
58.37.225.51 - - [19/May/2021:11:04:59 +0800] "POST /xingrg/kc/buy/cgsh_order_operate.html HTTP/1.1" 200 12
101.85.52.2 - - [19/May/2021:11:05:00 +0800] "GET /xingrg/kc/buy/cgsh_order_operate.html?command=get_materiel&rest_code=00145&code=00101012059&supplier_code=00100007&order_time=2021-05-14 HTTP/1.1" 200 412
120.253.135.82 - - [19/May/2021:11:05:01 +0800] "GET /xingrg/all/function/internal_message.html?_=1621393553428&CODE_STATE=getMsg HTTP/1.1" 200 27
58.37.225.51 - - [19/May/2021:11:05:01 +0800] "GET /xingrg/kc/buy/cgsh_order_info.html?code=212021051908452 HTTP/1.1" 200 56903
58.37.225.51 - - [19/May/2021:11:05:01 +0800] "GET /xingrg/javascript/easyui/themes/default/validatebox.css HTTP/1.1" 404 1104
58.37.225.51 - - [19/May/2021:11:05:02 +0800] "POST /xingrg/kc/buy/cgsh_order_operate.html HTTP/1.1" 200 1210
58.37.225.51 - - [19/May/2021:11:05:03 +0800] "GET /xingrg/kc/print/load_data.html?order_code=212021051908452&kc_code=cgsh&condition= HTTP/1.1" 200 943
180.169.147.146 - - [19/May/2021:11:05:05 +0800] "GET /xingrg/check_reg.html?_=1621393500295 HTTP/1.1" 200 22
117.185.32.26 - - [19/May/2021:11:05:06 +0800] "GET /xingrg/all/function/internal_message.html?_=1621393499447&CODE_STATE=getMsg HTTP/1.1" 200 27
116.224.253.72 - - [19/May/2021:11:05:07 +0800] "GET /xingrg/all/function/internal_message.html?_=1621393506753&CODE_STATE=getMsg HTTP/1.1" 200 27
180.169.147.146 - - [19/May/2021:11:05:09 +0800] "GET /xingrg/all/function/internal_message.html?_=1621393510267&CODE_STATE=getMsg HTTP/1.1" 200 27
58.37.225.51 - - [19/May/2021:11:05:09 +0800] "GET /xingrg/kc/buy/cgsh_order_add.html HTTP/1.1" 200 61997
180.161.124.236 - - [19/May/2021:11:05:09 +0800] "GET /xingrg/all/function/internal_message.html?_=1621393467451&CODE_STATE=getMsg HTTP/1.1" 200 27
58.37.225.51 - - [19/May/2021:11:05:09 +0800] "POST /xingrg/kc/buy/cgsh_order_operate.html HTTP/1.1" 200 8245
58.37.225.51 - - [19/May/2021:11:05:09 +0800] "GET /xingrg/javascript/easyui/themes/default/validatebox.css HTTP/1.1" 404 1104
183.192.164.214 - - [19/May/2021:11:05:09 +0800] "GET /xingrg/all/function/internal_message.html?_=1621393439479&CODE_STATE=getMsg HTTP/1.1" 302 -
101.85.52.2 - - [19/May/2021:11:05:13 +0800] "GET /xingrg/kc/buy/cgsh_order_operate.html?command=get_materiel&rest_code=00145&code=00101008521&supplier_code=00100007&order_time=2021-05-14 HTTP/1.1" 200 395
183.192.164.214 - - [19/May/2021:11:05:14 +0800] "GET /xingrg/login.html HTTP/1.1" 200 7641
114.86.187.76 - - [19/May/2021:11:05:15 +0800] "GET /xingrg/all/function/internal_message.html?_=1621393512763&CODE_STATE=getMsg HTTP/1.1" 200 27
58.37.225.51 - - [19/May/2021:11:05:16 +0800] "GET /xingrg/kc/buy/cgsh_order_operate.html?command=get_materiel&rest_code=00141&code=00101001037&supplier_code=00100090&order_time=2021-05-19 HTTP/1.1" 200 414
116.235.95.160 - - [19/May/2021:11:05:16 +0800] "GET /xingrg/all/function/internal_message.html?_=1621393605174&CODE_STATE=getMsg HTTP/1.1" 200 27
116.230.114.112 - - [19/May/2021:11:05:22 +0800] "GET /xingrg/all/function/internal_message.html?_=1621393530936&CODE_STATE=getMsg HTTP/1.1" 200 27
116.230.110.80 - - [19/May/2021:11:05:24 +0800] "GET /xingrg/all/function/internal_message.html?_=1621393523150&CODE_STATE=getMsg HTTP/1.1" 200 27
58.37.225.51 - - [19/May/2021:11:05:26 +0800] "GET /xingrg/kc/buy/cgsh_order_operate.html?command=get_materiel&rest_code=00141&code=00101004065&supplier_code=00100090&order_time=2021-05-19 HTTP/1.1" 200 413
61.165.42.208 - - [19/May/2021:11:05:28 +0800] "GET /xingrg/kc/buy/cgsh_order_operate.html?command=get_materiel&rest_code=00105&code=00101001140&supplier_code=00100090&order_time=2021-05-19 HTTP/1.1" 200 415
58.37.225.51 - - [19/May/2021:11:05:32 +0800] "GET /xingrg/kc/buy/cgsh_order_operate.html?command=get_materiel&rest_code=00141&code=00101004011&supplier_code=00100090&order_time=2021-05-19 HTTP/1.1" 200 413
58.37.225.51 - - [19/May/2021:11:05:32 +0800] "GET /xingrg/all/function/internal_message.html?_=1621393485897&CODE_STATE=getMsg HTTP/1.1" 200 27
222.69.131.59 - - [19/May/2021:11:05:38 +0800] "GET /xingrg/all/function/internal_message.html?_=1621393536506&CODE_STATE=getMsg HTTP/1.1" 200 27
58.37.225.51 - - [19/May/2021:11:05:40 +0800] "GET /xingrg/kc/buy/cgsh_order_operate.html?command=get_materiel&rest_code=00141&code=00101001093&supplier_code=00100090&order_time=2021-05-19 HTTP/1.1" 200 411
117.185.32.26 - - [19/May/2021:11:05:41 +0800] "GET /xingrg/kc/buy/cgsh_order_add.html HTTP/1.1" 200 61991
117.185.32.26 - - [19/May/2021:11:05:41 +0800] "POST /xingrg/kc/buy/cgsh_order_operate.html HTTP/1.1" 200 8245
117.185.32.26 - - [19/May/2021:11:05:42 +0800] "GET /xingrg/javascript/easyui/themes/default/validatebox.css HTTP/1.1" 404 1104
117.185.32.26 - - [19/May/2021:11:05:43 +0800] "GET /xingrg/all/function/internal_message.html?_=1621394062512&CODE_STATE=getMsg HTTP/1.1" 200 27
116.235.222.38 - - [19/May/2021:11:05:44 +0800] "GET /xingrg/check_reg.html?_=1621393539501 HTTP/1.1" 200 22
116.235.222.38 - - [19/May/2021:11:05:44 +0800] "GET /xingrg/all/function/internal_message.html?_=1621393539669&CODE_STATE=getMsg HTTP/1.1" 200 27
116.224.253.72 - - [19/May/2021:11:05:45 +0800] "GET /xingrg/all/function/internal_message.html?_=1621393525185&CODE_STATE=getMsg HTTP/1.1" 200 27
117.185.32.26 - - [19/May/2021:11:05:45 +0800] "GET /xingrg/javascript/easyui/themes/default/tree.css HTTP/1.1" 404 1090
117.185.32.26 - - [19/May/2021:11:05:46 +0800] "POST /xingrg/all/common/load_tree.html?tree=supplier_tree_json&isDelete=1 HTTP/1.1" 200 55318
58.37.225.51 - - [19/May/2021:11:05:49 +0800] "GET /xingrg/kc/buy/cgsh_order_operate.html?command=get_materiel&rest_code=00141&code=00101001125&supplier_code=00100090&order_time=2021-05-19 HTTP/1.1" 200 415
101.85.52.2 - - [19/May/2021:11:05:54 +0800] "GET /xingrg/all/function/internal_message.html?_=1621393549029&CODE_STATE=getMsg HTTP/1.1" 200 27
58.40.7.146 - - [19/May/2021:11:05:56 +0800] "GET /xingrg/check_reg.html?_=1621393554689 HTTP/1.1" 302 -
58.40.7.146 - - [19/May/2021:11:05:56 +0800] "GET /xingrg/all/function/internal_message.html?_=1621393554690&CODE_STATE=getMsg HTTP/1.1" 302 -
116.235.222.38 - - [19/May/2021:11:05:56 +0800] "GET /xingrg/all/function/internal_message.html?_=1621393552043&CODE_STATE=getMsg HTTP/1.1" 200 27
116.232.48.118 - - [19/May/2021:11:05:58 +0800] "GET /xingrg/all/function/internal_message.html?_=1621393559101&CODE_STATE=getMsg HTTP/1.1" 200 27
61.165.42.208 - - [19/May/2021:11:05:58 +0800] "GET /xingrg/all/function/internal_message.html?_=1621393539640&CODE_STATE=getMsg HTTP/1.1" 200 27
58.37.225.51 - - [19/May/2021:11:06:00 +0800] "GET /xingrg/kc/buy/cgsh_order_operate.html?command=get_materiel&rest_code=00141&code=00101001025&supplier_code=00100090&order_time=2021-05-19 HTTP/1.1" 200 417
120.253.135.82 - - [19/May/2021:11:06:01 +0800] "GET /xingrg/all/function/internal_message.html?_=1621393613442&CODE_STATE=getMsg HTTP/1.1" 200 27
61.165.42.208 - - [19/May/2021:11:06:02 +0800] "GET /xingrg/kc/buy/cgsh_order_operate.html?command=get_materiel&rest_code=00105&code=00101001125&supplier_code=00100090&order_time=2021-05-19 HTTP/1.1" 200 415
117.185.32.26 - - [19/May/2021:11:06:06 +0800] "GET /xingrg/all/function/internal_message.html?_=1621393559419&CODE_STATE=getMsg HTTP/1.1" 200 27
116.224.253.72 - - [19/May/2021:11:06:07 +0800] "GET /xingrg/all/function/internal_message.html?_=1621393566783&CODE_STATE=getMsg HTTP/1.1" 200 27
180.161.124.236 - - [19/May/2021:11:06:08 +0800] "GET /xingrg/kc/base/wldb_order_operate.html?command=get_materiel&rest_code=00102&base_code=0010477&code=00102002477 HTTP/1.1" 200 439
180.169.147.146 - - [19/May/2021:11:06:09 +0800] "GET /xingrg/all/function/internal_message.html?_=1621393570278&CODE_STATE=getMsg HTTP/1.1" 200 27
180.161.124.236 - - [19/May/2021:11:06:09 +0800] "GET /xingrg/all/function/internal_message.html?_=1621393527464&CODE_STATE=getMsg HTTP/1.1" 200 27
114.86.187.76 - - [19/May/2021:11:06:15 +0800] "GET /xingrg/all/function/internal_message.html?_=1621393572762&CODE_STATE=getMsg HTTP/1.1" 200 27
114.86.187.76 - - [19/May/2021:11:06:15 +0800] "GET /xingrg/check_reg.html?_=1621393572764 HTTP/1.1" 200 22
116.235.95.160 - - [19/May/2021:11:06:16 +0800] "GET /xingrg/all/function/internal_message.html?_=1621393665185&CODE_STATE=getMsg HTTP/1.1" 200 27
117.131.5.26 - - [19/May/2021:11:06:16 +0800] "GET /xingrg/check_reg.html?_=1621393665187 HTTP/1.1" 200 22
116.235.95.160 - - [19/May/2021:11:06:18 +0800] "POST /xingrg/services/DataTransmitService HTTP/1.1" 200 524
116.235.95.160 - - [19/May/2021:11:06:19 +0800] "POST /xingrg/services/DataTransmitService HTTP/1.1" 200 2235
116.235.95.160 - - [19/May/2021:11:06:20 +0800] "POST /xingrg/services/DataTransmitService HTTP/1.1" 200 130508
58.37.225.51 - - [19/May/2021:11:06:21 +0800] "GET /xingrg/kc/buy/cgsh_order_operate.html?command=get_materiel&rest_code=00141&code=00101001180&supplier_code=00100090&order_time=2021-05-19 HTTP/1.1" 200 416
116.230.114.112 - - [19/May/2021:11:06:22 +0800] "GET /xingrg/all/function/internal_message.html?_=1621393590954&CODE_STATE=getMsg HTTP/1.1" 200 27
116.230.110.80 - - [19/May/2021:11:06:24 +0800] "GET /xingrg/all/function/internal_message.html?_=1621393583120&CODE_STATE=getMsg HTTP/1.1" 200 27
61.165.42.208 - - [19/May/2021:11:06:26 +0800] "GET /xingrg/kc/buy/cgsh_order_operate.html?command=get_materiel&rest_code=00105&code=00101001044&supplier_code=00100090&order_time=2021-05-19 HTTP/1.1" 200 411
101.85.52.2 - - [19/May/2021:11:06:27 +0800] "GET /xingrg/kc/buy/cgsh_order_operate.html?command=get_materiel&rest_code=00145&code=00101008355&supplier_code=00100007&order_time=2021-05-14 HTTP/1.1" 200 408
58.37.225.51 - - [19/May/2021:11:06:32 +0800] "GET /xingrg/all/function/internal_message.html?_=1621393545901&CODE_STATE=getMsg HTTP/1.1" 200 27
117.185.32.26 - - [19/May/2021:11:06:35 +0800] "GET /xingrg/kc/buy/cgsh_order_operate.html?command=get_materiel&rest_code=00106&code=00101008589&supplier_code=00100347&order_time=2021-05-19 HTTP/1.1" 200 395
101.85.52.2 - - [19/May/2021:11:06:37 +0800] "GET /xingrg/kc/buy/cgsh_order_operate.html?command=get_materiel&rest_code=00145&code=00101012070&supplier_code=00100007&order_time=2021-05-14 HTTP/1.1" 200 398
222.69.131.59 - - [19/May/2021:11:06:38 +0800] "GET /xingrg/all/function/internal_message.html?_=1621393596478&CODE_STATE=getMsg HTTP/1.1" 200 27
58.37.225.51 - - [19/May/2021:11:06:41 +0800] "POST /xingrg/kc/buy/cgsh_order_operate.html HTTP/1.1" 200 37
117.184.7.30 - - [19/May/2021:11:06:42 +0800] "GET /favicon.ico HTTP/1.1" 404 -
117.185.32.26 - - [19/May/2021:11:06:43 +0800] "GET /xingrg/all/function/internal_message.html?_=1621394122508&CODE_STATE=getMsg HTTP/1.1" 200 27
116.235.222.38 - - [19/May/2021:11:06:44 +0800] "GET /xingrg/all/function/internal_message.html?_=1621393599723&CODE_STATE=getMsg HTTP/1.1" 200 27
116.224.253.72 - - [19/May/2021:11:06:45 +0800] "GET /xingrg/check_reg.html?_=1621393585146 HTTP/1.1" 200 22
116.224.253.72 - - [19/May/2021:11:06:45 +0800] "GET /xingrg/all/function/internal_message.html?_=1621393585198&CODE_STATE=getMsg HTTP/1.1" 200 27
180.169.147.146 - - [19/May/2021:11:06:48 +0800] "GET /favicon.ico HTTP/1.1" 404 -
101.85.52.2 - - [19/May/2021:11:06:50 +0800] "GET /xingrg/kc/buy/cgsh_order_operate.html?command=get_materiel&rest_code=00145&code=00101008357&supplier_code=00100007&order_time=2021-05-14 HTTP/1.1" 200 408
180.161.124.236 - - [19/May/2021:11:06:52 +0800] "POST /xingrg/kc/base/wldb_order_operate.html HTTP/1.1" 200 37
61.165.42.208 - - [19/May/2021:11:06:53 +0800] "GET /xingrg/kc/buy/cgsh_order_operate.html?command=get_materiel&rest_code=00105&code=00101001169&supplier_code=00100090&order_time=2021-05-19 HTTP/1.1" 200 415
180.161.124.236 - - [19/May/2021:11:06:53 +0800] "POST /xingrg/kc/base/wldb_order_operate.html HTTP/1.1" 200 4611
101.85.52.2 - - [19/May/2021:11:06:54 +0800] "GET /xingrg/all/function/internal_message.html?_=1621393609011&CODE_STATE=getMsg HTTP/1.1" 200 27
101.85.52.2 - - [19/May/2021:11:06:55 +0800] "GET /xingrg/check_reg.html?_=1621393609544 HTTP/1.1" 200 22
58.40.7.146 - - [19/May/2021:11:06:56 +0800] "GET /xingrg/all/function/internal_message.html?_=1621393614693&CODE_STATE=getMsg HTTP/1.1" 302 -
117.184.7.30 - - [19/May/2021:11:06:56 +0800] "GET /xingrg/login.html HTTP/1.1" 200 7641
58.37.225.51 - - [19/May/2021:11:06:56 +0800] "POST /xingrg/kc/buy/cgsh_order_operate.html HTTP/1.1" 200 12
116.235.222.38 - - [19/May/2021:11:06:56 +0800] "GET /xingrg/all/function/internal_message.html?_=1621393612028&CODE_STATE=getMsg HTTP/1.1" 200 27
117.184.7.30 - - [19/May/2021:11:06:57 +0800] "GET /favicon.ico HTTP/1.1" 404 -
116.232.48.118 - - [19/May/2021:11:06:58 +0800] "GET /xingrg/all/function/internal_message.html?_=1621393619103&CODE_STATE=getMsg HTTP/1.1" 200 27
