117.131.5.26 - - [17/May/2021:09:53:03 +0800] "POST /xingrg/dwr/call/plaincall/AjaxCheckService.setItemNumber.dwr HTTP/1.1" 200 77
116.235.95.160 - - [17/May/2021:09:53:04 +0800] "POST /xingrg/dwr/call/plaincall/AjaxCheckService.setItemNumber.dwr HTTP/1.1" 200 77
116.230.110.80 - - [17/May/2021:09:53:05 +0800] "POST /xingrg/login.do HTTP/1.1" 302 -
116.230.110.80 - - [17/May/2021:09:53:05 +0800] "GET /xingrg/index.html?sysBaseUrl=http%3A%2F%2F180.169.147.146%3A18081%2Fxingrg%2F&costTime=39×tamp=1621216385855 HTTP/1.1" 200 17179
116.230.110.80 - - [17/May/2021:09:53:05 +0800] "GET /favicon.ico HTTP/1.1" 404 -
116.230.110.80 - - [17/May/2021:09:53:06 +0800] "POST /xingrg/all/common/load_tree.html?tree=area_rest_tree_json&manage=1 HTTP/1.1" 200 351
116.230.110.80 - - [17/May/2021:09:53:06 +0800] "GET /xingrg/all/function/internal_message.html?_=1621216385836&CODE_STATE=count HTTP/1.1" 200 11
116.230.110.80 - - [17/May/2021:09:53:06 +0800] "GET /xingrg/check_reg.html?_=1621216385837 HTTP/1.1" 200 22
116.230.110.80 - - [17/May/2021:09:53:06 +0800] "POST /xingrg/load_menu.html HTTP/1.1" 200 5138
116.235.95.160 - - [17/May/2021:09:53:06 +0800] "POST /xingrg/dwr/call/plaincall/AjaxCheckService.setItemNumber.dwr HTTP/1.1" 200 77
180.169.147.146 - - [17/May/2021:09:53:06 +0800] "GET /xingrg/all/function/internal_message.html?_=1621216387990&CODE_STATE=getMsg HTTP/1.1" 200 27
114.88.163.218 - - [17/May/2021:09:53:07 +0800] "GET /xingrg/all/function/internal_message.html?_=1621216384201&CODE_STATE=getMsg HTTP/1.1" 200 27
116.230.110.80 - - [17/May/2021:09:53:08 +0800] "GET /xingrg/kc/buy/cgsh_order_list.html HTTP/1.1" 200 46259
117.131.5.26 - - [17/May/2021:09:53:09 +0800] "POST /xingrg/dwr/call/plaincall/AjaxCheckService.setItemNumber.dwr HTTP/1.1" 200 77
114.88.163.218 - - [17/May/2021:09:53:09 +0800] "GET /xingrg/kc/buy/cgsh_order_operate.html?command=get_materiel&rest_code=00111&code=00101008101&supplier_code=00100005&order_time=2021-05-17 HTTP/1.1" 200 412
116.235.95.160 - - [17/May/2021:09:53:11 +0800] "POST /xingrg/dwr/call/plaincall/AjaxCheckService.setItemNumber.dwr HTTP/1.1" 200 77
116.230.110.80 - - [17/May/2021:09:53:11 +0800] "POST /xingrg/kc/buy/cgsh_list_operate.html HTTP/1.1" 200 2408
114.86.187.76 - - [17/May/2021:09:53:12 +0800] "GET /xingrg/all/function/internal_message.html?_=1621216393615&CODE_STATE=getMsg HTTP/1.1" 200 27
116.230.110.80 - - [17/May/2021:09:53:14 +0800] "GET /xingrg/kc/buy/cgsh_order_add.html HTTP/1.1" 200 61959
116.230.110.80 - - [17/May/2021:09:53:15 +0800] "POST /xingrg/kc/buy/cgsh_order_operate.html HTTP/1.1" 200 8245
116.230.110.80 - - [17/May/2021:09:53:15 +0800] "GET /xingrg/all/common/auto_word.html?type=employee&rest_code=00155 HTTP/1.1" 200 155
116.230.110.80 - - [17/May/2021:09:53:15 +0800] "GET /xingrg/all/common/auto_word.html?type=employee&rest_code=00155 HTTP/1.1" 200 155
116.230.110.80 - - [17/May/2021:09:53:15 +0800] "GET /xingrg/javascript/easyui/themes/default/validatebox.css HTTP/1.1" 404 1104
116.230.110.80 - - [17/May/2021:09:53:15 +0800] "GET /xingrg/javascript/auto/indicator.gif HTTP/1.1" 404 1066
116.230.110.80 - - [17/May/2021:09:53:17 +0800] "GET /xingrg/javascript/jquery_tools/images/prev.gif HTTP/1.1" 404 1086
116.230.110.80 - - [17/May/2021:09:53:17 +0800] "GET /xingrg/javascript/jquery_tools/images/next.gif HTTP/1.1" 404 1086
116.235.95.160 - - [17/May/2021:09:53:17 +0800] "GET /xingrg/all/function/internal_message.html?_=1621216486749&CODE_STATE=getMsg HTTP/1.1" 200 27
117.131.5.26 - - [17/May/2021:09:53:19 +0800] "POST /xingrg/dwr/call/plaincall/AjaxCheckService.setItemNumber.dwr HTTP/1.1" 200 77
114.88.163.218 - - [17/May/2021:09:53:19 +0800] "GET /xingrg/kc/buy/cgsh_order_operate.html?command=get_materiel&rest_code=00111&code=00101008323&supplier_code=00100005&order_time=2021-05-17 HTTP/1.1" 200 408
180.161.124.236 - - [17/May/2021:09:53:19 +0800] "GET /xingrg/check_reg.html?_=1621216358872 HTTP/1.1" 200 22
116.235.95.160 - - [17/May/2021:09:53:19 +0800] "POST /xingrg/dwr/call/plaincall/AjaxCheckService.setItemNumber.dwr HTTP/1.1" 200 77
116.235.95.160 - - [17/May/2021:09:53:20 +0800] "POST /xingrg/dwr/call/plaincall/AjaxCheckService.setItemNumber.dwr HTTP/1.1" 200 77
117.131.5.26 - - [17/May/2021:09:53:21 +0800] "POST /xingrg/dwr/call/plaincall/AjaxCheckService.setItemNumber.dwr HTTP/1.1" 200 77
116.230.110.80 - - [17/May/2021:09:53:21 +0800] "GET /xingrg/kc/buy/cgsh_order_operate.html?command=get_materiel&rest_code=00155&code=00101007068&supplier_code=00100012&order_time=2021-05-17 HTTP/1.1" 200 409
61.165.42.208 - - [17/May/2021:09:53:22 +0800] "GET /xingrg/all/function/internal_message.html?_=1621216404050&CODE_STATE=getMsg HTTP/1.1" 200 27
116.235.95.160 - - [17/May/2021:09:53:22 +0800] "POST /xingrg/dwr/call/plaincall/AjaxCheckService.setItemNumber.dwr HTTP/1.1" 200 77
116.235.95.160 - - [17/May/2021:09:53:24 +0800] "POST /xingrg/dwr/call/plaincall/AjaxCheckService.setItemNumber.dwr HTTP/1.1" 200 77
116.230.110.80 - - [17/May/2021:09:53:32 +0800] "GET /xingrg/kc/buy/cgsh_order_operate.html?command=get_materiel&rest_code=00155&code=00101006027&supplier_code=00100012&order_time=2021-05-17 HTTP/1.1" 200 409
116.224.253.72 - - [17/May/2021:09:53:36 +0800] "GET /xingrg/all/function/internal_message.html?_=1621216400028&CODE_STATE=getMsg HTTP/1.1" 200 27
117.131.5.26 - - [17/May/2021:09:53:40 +0800] "POST /xingrg/dwr/call/plaincall/AjaxCheckService.setItemNumber.dwr HTTP/1.1" 200 77
116.230.114.112 - - [17/May/2021:09:53:41 +0800] "GET /xingrg/all/function/internal_message.html?_=1621216422688&CODE_STATE=getMsg HTTP/1.1" 200 27
116.235.95.160 - - [17/May/2021:09:53:44 +0800] "POST /xingrg/dwr/call/plaincall/AjaxCheckService.setItemNumber.dwr HTTP/1.1" 200 78
58.37.225.51 - - [17/May/2021:09:53:44 +0800] "GET /xingrg/all/function/internal_message.html?_=1621216428910&CODE_STATE=getMsg HTTP/1.1" 200 27
116.235.95.160 - - [17/May/2021:09:53:45 +0800] "POST /xingrg/dwr/call/plaincall/AjaxCheckService.setItemNumber.dwr HTTP/1.1" 200 78
114.86.230.59 - - [17/May/2021:09:53:45 +0800] "GET /xingrg/all/function/internal_message.html?_=1621216427377&CODE_STATE=getMsg HTTP/1.1" 200 27
116.224.253.72 - - [17/May/2021:09:53:47 +0800] "GET /xingrg/all/function/internal_message.html?_=1621216427694&CODE_STATE=getMsg HTTP/1.1" 200 27
114.88.163.218 - - [17/May/2021:09:53:48 +0800] "GET /xingrg/kc/buy/cgsh_order_operate.html?command=get_materiel&rest_code=00111&code=00101008499&supplier_code=00100005&order_time=2021-05-17 HTTP/1.1" 200 403
117.131.5.26 - - [17/May/2021:09:53:49 +0800] "POST /xingrg/dwr/call/plaincall/AjaxCheckService.setItemNumber.dwr HTTP/1.1" 200 78
222.69.130.128 - - [17/May/2021:09:53:49 +0800] "GET /xingrg/all/function/internal_message.html?_=1621216427980&CODE_STATE=getMsg HTTP/1.1" 200 27
120.253.135.82 - - [17/May/2021:09:53:50 +0800] "GET /xingrg/check_reg.html?_=1621216486338 HTTP/1.1" 200 22
117.185.32.26 - - [17/May/2021:09:53:54 +0800] "GET /xingrg/all/function/internal_message.html?_=1621216429953&CODE_STATE=getMsg HTTP/1.1" 200 27
117.185.32.26 - - [17/May/2021:09:53:54 +0800] "GET /xingrg/check_reg.html?_=1621216429956 HTTP/1.1" 200 22
61.165.42.208 - - [17/May/2021:09:53:54 +0800] "GET /xingrg/all/function/internal_message.html?_=1621216416676&CODE_STATE=getMsg HTTP/1.1" 200 27
61.165.42.208 - - [17/May/2021:09:53:54 +0800] "GET /xingrg/check_reg.html?_=1621216416679 HTTP/1.1" 200 22
120.204.17.73 - - [17/May/2021:09:53:54 +0800] "GET /xingrg/all/function/internal_message.html?_=1621216369950&CODE_STATE=getMsg HTTP/1.1" 302 -
180.169.147.146 - - [17/May/2021:09:53:54 +0800] "GET /xingrg/all/function/internal_message.html?_=1621216434323&CODE_STATE=getMsg HTTP/1.1" 302 -
116.235.95.160 - - [17/May/2021:09:53:55 +0800] "POST /xingrg/dwr/call/plaincall/AjaxCheckService.setItemNumber.dwr HTTP/1.1" 200 78
114.88.163.218 - - [17/May/2021:09:53:56 +0800] "GET /xingrg/kc/buy/cgsh_order_operate.html?command=get_materiel&rest_code=00111&code=00101008109&supplier_code=00100005&order_time=2021-05-17 HTTP/1.1" 200 413
117.185.32.26 - - [17/May/2021:09:53:56 +0800] "GET /xingrg/all/function/internal_message.html?_=1621216959731&CODE_STATE=getMsg HTTP/1.1" 200 27
116.235.95.160 - - [17/May/2021:09:53:58 +0800] "POST /xingrg/dwr/call/plaincall/AjaxCheckService.setItemNumber.dwr HTTP/1.1" 200 78
120.204.17.73 - - [17/May/2021:09:53:58 +0800] "GET /xingrg/login.html HTTP/1.1" 200 7641
114.88.163.218 - - [17/May/2021:09:53:58 +0800] "POST /xingrg/kc/buy/cgsh_order_operate.html HTTP/1.1" 200 2065
180.169.147.146 - - [17/May/2021:09:53:58 +0800] "GET /xingrg/all/function/internal_message.html?_=1621216438721&CODE_STATE=getMsg HTTP/1.1" 200 27
120.253.135.82 - - [17/May/2021:09:53:59 +0800] "GET /xingrg/all/function/internal_message.html?_=1621216495381&CODE_STATE=getMsg HTTP/1.1" 200 27
117.131.5.26 - - [17/May/2021:09:53:59 +0800] "POST /xingrg/dwr/call/plaincall/AjaxCheckService.setItemNumber.dwr HTTP/1.1" 200 78
58.37.225.51 - - [17/May/2021:09:54:00 +0800] "GET /xingrg/all/function/internal_message.html?_=1621216396380&CODE_STATE=getMsg HTTP/1.1" 200 27
120.253.135.82 - - [17/May/2021:09:54:01 +0800] "GET /xingrg/all/function/internal_message.html?_=1621216563470&CODE_STATE=getMsg HTTP/1.1" 200 27
116.235.95.160 - - [17/May/2021:09:54:01 +0800] "POST /xingrg/dwr/call/plaincall/AjaxCheckService.setItemNumber.dwr HTTP/1.1" 200 78
116.235.95.160 - - [17/May/2021:09:54:02 +0800] "POST /xingrg/dwr/call/plaincall/AjaxCheckService.setItemNumber.dwr HTTP/1.1" 200 78
117.131.5.26 - - [17/May/2021:09:54:03 +0800] "POST /xingrg/dwr/call/plaincall/AjaxCheckService.setItemNumber.dwr HTTP/1.1" 200 78
114.88.163.218 - - [17/May/2021:09:54:03 +0800] "GET /xingrg/kc/buy/cgsh_order_operate.html?command=get_materiel&rest_code=00111&code=00101008236&supplier_code=00100005&order_time=2021-05-17 HTTP/1.1" 200 416
116.230.110.80 - - [17/May/2021:09:54:06 +0800] "GET /xingrg/all/function/internal_message.html?_=1621216445855&CODE_STATE=getMsg HTTP/1.1" 200 27
180.169.147.146 - - [17/May/2021:09:54:06 +0800] "GET /xingrg/all/function/internal_message.html?_=1621216447995&CODE_STATE=getMsg HTTP/1.1" 200 27
114.88.163.218 - - [17/May/2021:09:54:07 +0800] "GET /xingrg/all/function/internal_message.html?_=1621216444199&CODE_STATE=getMsg HTTP/1.1" 200 27
114.86.187.76 - - [17/May/2021:09:54:09 +0800] "GET /xingrg/check_reg.html?_=1621216450689 HTTP/1.1" 200 22
114.86.187.76 - - [17/May/2021:09:54:12 +0800] "GET /xingrg/all/function/internal_message.html?_=1621216453624&CODE_STATE=getMsg HTTP/1.1" 200 27
116.235.95.160 - - [17/May/2021:09:54:17 +0800] "GET /xingrg/all/function/internal_message.html?_=1621216546724&CODE_STATE=getMsg HTTP/1.1" 200 27
61.165.42.208 - - [17/May/2021:09:54:22 +0800] "GET /xingrg/all/function/internal_message.html?_=1621216464045&CODE_STATE=getMsg HTTP/1.1" 200 27
61.165.42.208 - - [17/May/2021:09:54:23 +0800] "GET /xingrg/check_reg.html?_=1621216464959 HTTP/1.1" 200 22
116.230.110.80 - - [17/May/2021:09:54:23 +0800] "GET /xingrg/kc/buy/cgsh_order_operate.html?command=get_materiel&rest_code=00155&code=00101006006&supplier_code=00100012&order_time=2021-05-17 HTTP/1.1" 200 409
116.224.253.72 - - [17/May/2021:09:54:25 +0800] "POST /xingrg/all/user/operate.html HTTP/1.1" 200 36
116.224.253.72 - - [17/May/2021:09:54:25 +0800] "GET /xingrg/javascript/jquery_easy_ui/themes/default/easyui.css HTTP/1.1" 304 -
116.224.253.72 - - [17/May/2021:09:54:25 +0800] "GET /xingrg/index.html?sysBaseUrl=http%3A%2F%2F180.169.147.146%3A18081%2Fxingrg%2F&costTime=47×tamp=1621125200828 HTTP/1.1" 200 17179
116.224.253.72 - - [17/May/2021:09:54:25 +0800] "GET /xingrg/javascript/jquery_easy_ui/themes/icon.css HTTP/1.1" 304 -
116.224.253.72 - - [17/May/2021:09:54:25 +0800] "GET /xingrg/css/form.css HTTP/1.1" 304 -
116.224.253.72 - - [17/May/2021:09:54:25 +0800] "GET /xingrg/javascript/jquery-1.4.2.min.js HTTP/1.1" 304 -
116.224.253.72 - - [17/May/2021:09:54:25 +0800] "GET /xingrg/javascript/jquery_easy_ui/jquery.easyui.min.js HTTP/1.1" 304 -
116.224.253.72 - - [17/May/2021:09:54:25 +0800] "GET /xingrg/javascript/jquery_easy_ui/easyui-lang-zh_CN.js HTTP/1.1" 304 -
116.224.253.72 - - [17/May/2021:09:54:25 +0800] "GET /xingrg/javascript/jquery.form.js HTTP/1.1" 304 -
116.224.253.72 - - [17/May/2021:09:54:25 +0800] "GET /xingrg/javascript/jquery.utils.js HTTP/1.1" 304 -
116.224.253.72 - - [17/May/2021:09:54:25 +0800] "GET /xingrg/javascript/jquery.timers.js HTTP/1.1" 304 -
116.224.253.72 - - [17/May/2021:09:54:25 +0800] "GET /xingrg/images/blue/jxLogo.png HTTP/1.1" 304 -
116.224.253.72 - - [17/May/2021:09:54:25 +0800] "GET /xingrg/images/blue/navBackgound.jpg HTTP/1.1" 304 -
116.224.253.72 - - [17/May/2021:09:54:25 +0800] "GET /xingrg/javascript/jquery_easy_ui/themes/icons/settle_new.png HTTP/1.1" 304 -
116.224.253.72 - - [17/May/2021:09:54:25 +0800] "POST /xingrg/all/common/load_tree.html?tree=area_rest_tree_json&manage=1 HTTP/1.1" 200 476
116.224.253.72 - - [17/May/2021:09:54:25 +0800] "GET /xingrg/all/function/internal_message.html?_=1621216465954&CODE_STATE=count HTTP/1.1" 200 11
116.224.253.72 - - [17/May/2021:09:54:25 +0800] "GET /xingrg/check_reg.html?_=1621216465955 HTTP/1.1" 200 22
116.224.253.72 - - [17/May/2021:09:54:25 +0800] "GET /xingrg/javascript/jquery_easy_ui/themes/default/images/panel_tool_collapse.gif HTTP/1.1" 304 -
116.224.253.72 - - [17/May/2021:09:54:25 +0800] "GET /xingrg/javascript/jquery_easy_ui/themes/default/images/tabs_rightarrow.png HTTP/1.1" 304 -
116.224.253.72 - - [17/May/2021:09:54:25 +0800] "GET /xingrg/javascript/jquery_easy_ui/themes/default/images/tabs_leftarrow.png HTTP/1.1" 304 -
116.224.253.72 - - [17/May/2021:09:54:25 +0800] "GET /xingrg/images/blue/pingpu.png HTTP/1.1" 304 -
116.224.253.72 - - [17/May/2021:09:54:25 +0800] "POST /xingrg/load_menu.html HTTP/1.1" 200 5138
116.224.253.72 - - [17/May/2021:09:54:27 +0800] "GET /xingrg/kc/buy/cgsh_order_list.html HTTP/1.1" 200 46259
116.224.253.72 - - [17/May/2021:09:54:29 +0800] "POST /xingrg/kc/buy/cgsh_list_operate.html HTTP/1.1" 200 1706
116.235.95.160 - - [17/May/2021:09:54:30 +0800] "POST /xingrg/dwr/call/plaincall/AjaxCheckService.setItemNumber.dwr HTTP/1.1" 200 78
116.224.253.72 - - [17/May/2021:09:54:30 +0800] "POST /xingrg/kc/buy/cgsh_list_operate.html HTTP/1.1" 200 576
114.88.163.218 - - [17/May/2021:09:54:31 +0800] "GET /xingrg/kc/buy/cgsh_order_operate.html?command=get_materiel&rest_code=00111&code=00101008125&supplier_code=00100005&order_time=2021-05-17 HTTP/1.1" 200 413
116.224.253.72 - - [17/May/2021:09:54:31 +0800] "GET /xingrg/kc/buy/cgsh_order_info.html?code=212021051707370 HTTP/1.1" 200 61936
116.224.253.72 - - [17/May/2021:09:54:32 +0800] "GET /xingrg/javascript/easyui/themes/default/validatebox.css HTTP/1.1" 404 1104
116.224.253.72 - - [17/May/2021:09:54:32 +0800] "POST /xingrg/kc/buy/cgsh_order_operate.html HTTP/1.1" 200 18054
117.131.5.26 - - [17/May/2021:09:54:34 +0800] "POST /xingrg/dwr/call/plaincall/AjaxCheckService.setItemNumber.dwr HTTP/1.1" 200 78
116.230.110.80 - - [17/May/2021:09:54:34 +0800] "POST /xingrg/kc/buy/cgsh_order_operate.html HTTP/1.1" 200 37
116.230.110.80 - - [17/May/2021:09:54:35 +0800] "POST /xingrg/kc/buy/cgsh_order_operate.html HTTP/1.1" 200 3242
116.230.110.80 - - [17/May/2021:09:54:36 +0800] "GET /xingrg/kc/print/load_config.html?kc_code=cgsh HTTP/1.1" 200 1845
116.230.110.80 - - [17/May/2021:09:54:36 +0800] "GET /xingrg/kc/print/load_data.html?order_code=212021051707387&kc_code=cgsh&condition= HTTP/1.1" 200 988
116.224.253.72 - - [17/May/2021:09:54:36 +0800] "GET /xingrg/all/function/internal_message.html?_=1621216460131&CODE_STATE=getMsg HTTP/1.1" 200 27
116.235.95.160 - - [17/May/2021:09:54:37 +0800] "POST /xingrg/dwr/call/plaincall/AjaxCheckService.setItemNumber.dwr HTTP/1.1" 200 78
116.230.114.112 - - [17/May/2021:09:54:41 +0800] "GET /xingrg/all/function/internal_message.html?_=1621216482858&CODE_STATE=getMsg HTTP/1.1" 200 27
114.88.163.218 - - [17/May/2021:09:54:44 +0800] "GET /xingrg/kc/buy/cgsh_order_operate.html?command=get_materiel&rest_code=00111&code=00101008356&supplier_code=00100005&order_time=2021-05-17 HTTP/1.1" 200 408
58.37.225.51 - - [17/May/2021:09:54:44 +0800] "GET /xingrg/all/function/internal_message.html?_=1621216488925&CODE_STATE=getMsg HTTP/1.1" 200 27
114.86.230.59 - - [17/May/2021:09:54:45 +0800] "GET /xingrg/all/function/internal_message.html?_=1621216487378&CODE_STATE=getMsg HTTP/1.1" 200 27
114.86.230.59 - - [17/May/2021:09:54:45 +0800] "GET /xingrg/check_reg.html?_=1621216487378 HTTP/1.1" 200 22
116.230.110.80 - - [17/May/2021:09:54:47 +0800] "GET /xingrg/kc/print/load_data.html?order_code=212021051707387&kc_code=cgsh HTTP/1.1" 200 988
222.69.130.128 - - [17/May/2021:09:54:49 +0800] "GET /xingrg/all/function/internal_message.html?_=1621216487968&CODE_STATE=getMsg HTTP/1.1" 200 27
117.185.32.26 - - [17/May/2021:09:54:54 +0800] "GET /xingrg/all/function/internal_message.html?_=1621216489955&CODE_STATE=getMsg HTTP/1.1" 200 27
61.165.42.208 - - [17/May/2021:09:54:54 +0800] "GET /xingrg/all/function/internal_message.html?_=1621216476680&CODE_STATE=getMsg HTTP/1.1" 200 27
180.169.147.146 - - [17/May/2021:09:54:54 +0800] "GET /xingrg/all/function/internal_message.html?_=1621216494336&CODE_STATE=getMsg HTTP/1.1" 302 -
117.185.32.26 - - [17/May/2021:09:54:56 +0800] "GET /xingrg/all/function/internal_message.html?_=1621217019716&CODE_STATE=getMsg HTTP/1.1" 200 27
114.88.163.218 - - [17/May/2021:09:54:57 +0800] "GET /xingrg/kc/buy/cgsh_order_operate.html?command=get_materiel&rest_code=00111&code=00101015004&supplier_code=00100005&order_time=2021-05-17 HTTP/1.1" 200 408
180.169.147.146 - - [17/May/2021:09:54:58 +0800] "GET /xingrg/all/function/internal_message.html?_=1621216498723&CODE_STATE=getMsg HTTP/1.1" 200 27
120.253.135.82 - - [17/May/2021:09:54:59 +0800] "GET /xingrg/all/function/internal_message.html?_=1621216555396&CODE_STATE=getMsg HTTP/1.1" 200 27
58.37.225.51 - - [17/May/2021:09:55:00 +0800] "GET /xingrg/all/function/internal_message.html?_=1621216456369&CODE_STATE=getMsg HTTP/1.1" 200 27
180.161.124.236 - - [17/May/2021:09:55:00 +0800] "POST /xingrg/kc/buy/cgsh_order_operate.html HTTP/1.1" 200 37
120.253.135.82 - - [17/May/2021:09:55:01 +0800] "GET /xingrg/all/function/internal_message.html?_=1621216623489&CODE_STATE=getMsg HTTP/1.1" 200 27
116.235.95.160 - - [17/May/2021:09:55:02 +0800] "POST /xingrg/dwr/call/plaincall/AjaxCheckService.setItemNumber.dwr HTTP/1.1" 200 78
180.161.124.236 - - [17/May/2021:09:55:05 +0800] "POST /xingrg/kc/buy/cgsh_order_operate.html HTTP/1.1" 200 23315
117.131.5.26 - - [17/May/2021:09:55:05 +0800] "POST /xingrg/dwr/call/plaincall/AjaxCheckService.setItemNumber.dwr HTTP/1.1" 200 78
116.230.110.80 - - [17/May/2021:09:55:06 +0800] "GET /xingrg/all/function/internal_message.html?_=1621216505842&CODE_STATE=getMsg HTTP/1.1" 200 27
180.169.147.146 - - [17/May/2021:09:55:06 +0800] "GET /xingrg/all/function/internal_message.html?_=1621216507998&CODE_STATE=getMsg HTTP/1.1" 200 27
116.224.253.72 - - [17/May/2021:09:55:07 +0800] "GET /xingrg/kc/buy/cgsh_order_add.html HTTP/1.1" 200 61645
116.224.253.72 - - [17/May/2021:09:55:07 +0800] "POST /xingrg/kc/buy/cgsh_order_operate.html HTTP/1.1" 200 8245
116.224.253.72 - - [17/May/2021:09:55:07 +0800] "GET /xingrg/javascript/easyui/themes/default/validatebox.css HTTP/1.1" 404 1104
114.88.163.218 - - [17/May/2021:09:55:07 +0800] "GET /xingrg/all/function/internal_message.html?_=1621216504201&CODE_STATE=getMsg HTTP/1.1" 200 27
114.88.163.218 - - [17/May/2021:09:55:07 +0800] "GET /xingrg/check_reg.html?_=1621216504204 HTTP/1.1" 200 22
114.86.187.76 - - [17/May/2021:09:55:12 +0800] "GET /xingrg/all/function/internal_message.html?_=1621216513638&CODE_STATE=getMsg HTTP/1.1" 200 27
180.161.124.236 - - [17/May/2021:09:55:12 +0800] "POST /xingrg/kc/buy/cgsh_list_operate.html HTTP/1.1" 200 2385
114.88.163.218 - - [17/May/2021:09:55:14 +0800] "GET /xingrg/kc/buy/cgsh_order_operate.html?command=get_materiel&rest_code=00111&code=00101008223&supplier_code=00100005&order_time=2021-05-17 HTTP/1.1" 200 412
116.235.95.160 - - [17/May/2021:09:55:15 +0800] "POST /xingrg/dwr/call/plaincall/AjaxCheckService.setItemNumber.dwr HTTP/1.1" 200 78
116.235.95.160 - - [17/May/2021:09:55:17 +0800] "POST /xingrg/dwr/call/plaincall/AjaxCheckService.setItemNumber.dwr HTTP/1.1" 200 78
117.131.5.26 - - [17/May/2021:09:55:17 +0800] "GET /xingrg/all/function/internal_message.html?_=1621216606716&CODE_STATE=getMsg HTTP/1.1" 200 27
116.235.95.160 - - [17/May/2021:09:55:17 +0800] "GET /xingrg/check_reg.html?_=1621216606781 HTTP/1.1" 200 22
116.235.95.160 - - [17/May/2021:09:55:18 +0800] "POST /xingrg/dwr/call/plaincall/AjaxCheckService.setItemNumber.dwr HTTP/1.1" 200 78
114.88.163.218 - - [17/May/2021:09:55:21 +0800] "POST /xingrg/kc/buy/cgsh_order_operate.html HTTP/1.1" 200 2065
61.165.42.208 - - [17/May/2021:09:55:22 +0800] "GET /xingrg/all/function/internal_message.html?_=1621216524014&CODE_STATE=getMsg HTTP/1.1" 200 27
116.230.114.112 - - [17/May/2021:09:55:24 +0800] "GET /xingrg/check_reg.html?_=1621216525632 HTTP/1.1" 200 22
116.224.253.72 - - [17/May/2021:09:55:25 +0800] "GET /xingrg/all/function/internal_message.html?_=1621216525969&CODE_STATE=getMsg HTTP/1.1" 200 27
116.224.253.72 - - [17/May/2021:09:55:36 +0800] "GET /xingrg/all/function/internal_message.html?_=1621216520132&CODE_STATE=getMsg HTTP/1.1" 200 27
116.230.114.112 - - [17/May/2021:09:55:41 +0800] "GET /xingrg/all/function/internal_message.html?_=1621216542871&CODE_STATE=getMsg HTTP/1.1" 200 27
58.37.225.51 - - [17/May/2021:09:55:44 +0800] "GET /xingrg/all/function/internal_message.html?_=1621216548911&CODE_STATE=getMsg HTTP/1.1" 200 27
180.161.124.236 - - [17/May/2021:09:55:45 +0800] "POST /xingrg/kc/buy/cgsh_list_operate.html HTTP/1.1" 200 556
114.86.230.59 - - [17/May/2021:09:55:45 +0800] "GET /xingrg/all/function/internal_message.html?_=1621216547381&CODE_STATE=getMsg HTTP/1.1" 200 27
180.161.124.236 - - [17/May/2021:09:55:47 +0800] "GET /xingrg/kc/buy/cgsh_order_info.html?code=212021051707361 HTTP/1.1" 200 61959
180.161.124.236 - - [17/May/2021:09:55:48 +0800] "GET /xingrg/javascript/easyui/themes/default/validatebox.css HTTP/1.1" 404 1104
180.161.124.236 - - [17/May/2021:09:55:48 +0800] "POST /xingrg/kc/buy/cgsh_order_operate.html HTTP/1.1" 200 17410
222.69.130.128 - - [17/May/2021:09:55:49 +0800] "GET /xingrg/all/function/internal_message.html?_=1621216547953&CODE_STATE=getMsg HTTP/1.1" 200 27
116.224.253.72 - - [17/May/2021:09:55:50 +0800] "GET /xingrg/kc/buy/cgsh_order_operate.html?command=get_materiel&rest_code=00151&code=00102002383&supplier_code=00100151&order_time=2021-05-17 HTTP/1.1" 200 408
117.185.32.26 - - [17/May/2021:09:55:54 +0800] "GET /xingrg/all/function/internal_message.html?_=1621216549957&CODE_STATE=getMsg HTTP/1.1" 200 27
61.165.42.208 - - [17/May/2021:09:55:54 +0800] "GET /xingrg/all/function/internal_message.html?_=1621216536679&CODE_STATE=getMsg HTTP/1.1" 200 27
114.88.163.218 - - [17/May/2021:09:55:54 +0800] "GET /xingrg/kc/buy/cgsh_order_operate.html?command=get_materiel&rest_code=00111&code=00101008036&supplier_code=00100005&order_time=2021-05-17 HTTP/1.1" 200 408
180.169.147.146 - - [17/May/2021:09:55:54 +0800] "GET /xingrg/all/function/internal_message.html?_=1621216554334&CODE_STATE=getMsg HTTP/1.1" 302 -
117.185.32.26 - - [17/May/2021:09:55:56 +0800] "GET /xingrg/all/function/internal_message.html?_=1621217079727&CODE_STATE=getMsg HTTP/1.1" 200 27
120.253.135.82 - - [17/May/2021:09:55:59 +0800] "GET /xingrg/all/function/internal_message.html?_=1621216615473&CODE_STATE=getMsg HTTP/1.1" 200 27
58.37.225.51 - - [17/May/2021:09:56:00 +0800] "GET /xingrg/all/function/internal_message.html?_=1621216516375&CODE_STATE=getMsg HTTP/1.1" 200 27
120.253.135.82 - - [17/May/2021:09:56:01 +0800] "GET /xingrg/all/function/internal_message.html?_=1621216683499&CODE_STATE=getMsg HTTP/1.1" 200 27
116.230.110.80 - - [17/May/2021:09:56:06 +0800] "GET /xingrg/all/function/internal_message.html?_=1621216565851&CODE_STATE=getMsg HTTP/1.1" 200 27
180.169.147.146 - - [17/May/2021:09:56:06 +0800] "GET /xingrg/all/function/internal_message.html?_=1621216568002&CODE_STATE=getMsg HTTP/1.1" 200 27
114.88.163.218 - - [17/May/2021:09:56:07 +0800] "GET /xingrg/all/function/internal_message.html?_=1621216564200&CODE_STATE=getMsg HTTP/1.1" 200 27
180.161.124.236 - - [17/May/2021:09:56:08 +0800] "POST /xingrg/kc/buy/cgsh_list_operate.html HTTP/1.1" 200 2385
180.161.124.236 - - [17/May/2021:09:56:09 +0800] "POST /xingrg/kc/buy/cgsh_list_operate.html HTTP/1.1" 200 570
114.88.163.218 - - [17/May/2021:09:56:10 +0800] "GET /xingrg/kc/buy/cgsh_order_operate.html?command=get_materiel&rest_code=00111&code=00101008350&supplier_code=00100005&order_time=2021-05-17 HTTP/1.1" 200 408
180.161.124.236 - - [17/May/2021:09:56:10 +0800] "GET /xingrg/kc/buy/cgsh_order_info.html?code=212021051707363 HTTP/1.1" 200 61959
180.161.124.236 - - [17/May/2021:09:56:10 +0800] "GET /xingrg/javascript/easyui/themes/default/validatebox.css HTTP/1.1" 404 1104
180.161.124.236 - - [17/May/2021:09:56:11 +0800] "POST /xingrg/kc/buy/cgsh_order_operate.html HTTP/1.1" 200 23315
116.224.253.72 - - [17/May/2021:09:56:11 +0800] "GET /xingrg/kc/buy/cgsh_order_operate.html?command=get_materiel&rest_code=00151&code=00102009121&supplier_code=00100151&order_time=2021-05-17 HTTP/1.1" 200 412
114.86.187.76 - - [17/May/2021:09:56:12 +0800] "GET /xingrg/all/function/internal_message.html?_=1621216573651&CODE_STATE=getMsg HTTP/1.1" 200 27
117.131.5.26 - - [17/May/2021:09:56:17 +0800] "GET /xingrg/all/function/internal_message.html?_=1621216666696&CODE_STATE=getMsg HTTP/1.1" 200 27
116.235.95.160 - - [17/May/2021:09:56:19 +0800] "POST /xingrg/dwr/call/plaincall/AjaxCheckService.setItemNumber.dwr HTTP/1.1" 200 78
117.185.32.26 - - [17/May/2021:09:56:19 +0800] "GET /xingrg/check_reg.html?_=1621217102364 HTTP/1.1" 200 22
61.165.42.208 - - [17/May/2021:09:56:22 +0800] "GET /xingrg/all/function/internal_message.html?_=1621216583985&CODE_STATE=getMsg HTTP/1.1" 200 27
117.131.5.26 - - [17/May/2021:09:56:22 +0800] "POST /xingrg/dwr/call/plaincall/AjaxCheckService.setItemNumber.dwr HTTP/1.1" 200 78
116.224.253.72 - - [17/May/2021:09:56:24 +0800] "POST /xingrg/kc/buy/cgsh_order_operate.html HTTP/1.1" 200 37
180.161.124.236 - - [17/May/2021:09:56:24 +0800] "POST /xingrg/kc/buy/cgsh_order_operate.html HTTP/1.1" 200 37
116.224.253.72 - - [17/May/2021:09:56:25 +0800] "GET /xingrg/kc/buy/cgsh_order_operate.html?command=get_materiel&rest_code=00151&code=00102009305&supplier_code=00100151&order_time=2021-05-17 HTTP/1.1" 200 424
114.88.163.218 - - [17/May/2021:09:56:25 +0800] "GET /xingrg/kc/buy/cgsh_order_operate.html?command=get_materiel&rest_code=00111&code=00101008209&supplier_code=00100005&order_time=2021-05-17 HTTP/1.1" 200 408
116.224.253.72 - - [17/May/2021:09:56:25 +0800] "GET /xingrg/all/function/internal_message.html?_=1621216585955&CODE_STATE=getMsg HTTP/1.1" 200 27
116.235.95.160 - - [17/May/2021:09:56:26 +0800] "POST /xingrg/dwr/call/plaincall/AjaxCheckService.setItemNumber.dwr HTTP/1.1" 200 78
58.221.95.50 - - [17/May/2021:09:56:26 +0800] "GET /xingrg/check_reg.html?_=1621216583504 HTTP/1.1" 302 -
116.224.253.72 - - [17/May/2021:09:56:27 +0800] "POST /xingrg/kc/buy/cgsh_order_operate.html HTTP/1.1" 200 12
117.131.5.26 - - [17/May/2021:09:56:27 +0800] "POST /xingrg/dwr/call/plaincall/AjaxCheckService.setItemNumber.dwr HTTP/1.1" 200 78
116.224.253.72 - - [17/May/2021:09:56:28 +0800] "GET /xingrg/kc/buy/cgsh_order_info.html?code=212021051707370 HTTP/1.1" 200 56829
116.224.253.72 - - [17/May/2021:09:56:28 +0800] "GET /xingrg/javascript/easyui/themes/default/validatebox.css HTTP/1.1" 404 1104
116.224.253.72 - - [17/May/2021:09:56:28 +0800] "POST /xingrg/kc/buy/cgsh_order_operate.html HTTP/1.1" 200 15991
116.235.95.160 - - [17/May/2021:09:56:29 +0800] "POST /xingrg/dwr/call/plaincall/AjaxCheckService.setItemNumber.dwr HTTP/1.1" 200 78
116.224.253.72 - - [17/May/2021:09:56:30 +0800] "GET /xingrg/kc/print/load_data.html?order_code=212021051707370&kc_code=cgsh&condition= HTTP/1.1" 200 6597
117.131.5.26 - - [17/May/2021:09:56:32 +0800] "POST /xingrg/dwr/call/plaincall/AjaxCheckService.setItemNumber.dwr HTTP/1.1" 200 78
116.235.95.160 - - [17/May/2021:09:56:34 +0800] "POST /xingrg/dwr/call/plaincall/AjaxCheckService.setItemNumber.dwr HTTP/1.1" 200 78
116.224.253.72 - - [17/May/2021:09:56:36 +0800] "GET /xingrg/all/function/internal_message.html?_=1621216580146&CODE_STATE=getMsg HTTP/1.1" 200 27
117.131.5.26 - - [17/May/2021:09:56:37 +0800] "POST /xingrg/dwr/call/plaincall/AjaxCheckService.setItemNumber.dwr HTTP/1.1" 200 78
116.235.95.160 - - [17/May/2021:09:56:37 +0800] "POST /xingrg/dwr/call/plaincall/AjaxCheckService.setItemNumber.dwr HTTP/1.1" 200 78
117.131.5.26 - - [17/May/2021:09:56:39 +0800] "POST /xingrg/dwr/call/plaincall/AjaxCheckService.setItemNumber.dwr HTTP/1.1" 200 78
116.224.253.72 - - [17/May/2021:09:56:40 +0800] "GET /xingrg/kc/buy/cgsh_order_operate.html?command=get_materiel&rest_code=00151&code=00102002489&supplier_code=00100151&order_time=2021-05-17 HTTP/1.1" 200 413
116.230.114.112 - - [17/May/2021:09:56:41 +0800] "GET /xingrg/all/function/internal_message.html?_=1621216602884&CODE_STATE=getMsg HTTP/1.1" 200 27
116.235.95.160 - - [17/May/2021:09:56:42 +0800] "POST /xingrg/dwr/call/plaincall/AjaxCheckService.setItemNumber.dwr HTTP/1.1" 200 78
114.88.163.218 - - [17/May/2021:09:56:44 +0800] "GET /xingrg/kc/buy/cgsh_order_operate.html?command=get_materiel&rest_code=00111&code=00101008212&supplier_code=00100005&order_time=2021-05-17 HTTP/1.1" 200 412
58.37.225.51 - - [17/May/2021:09:56:44 +0800] "GET /xingrg/check_reg.html?_=1621216608911 HTTP/1.1" 200 22
58.37.225.51 - - [17/May/2021:09:56:44 +0800] "GET /xingrg/all/function/internal_message.html?_=1621216608910&CODE_STATE=getMsg HTTP/1.1" 200 27
117.131.5.26 - - [17/May/2021:09:56:45 +0800] "POST /xingrg/dwr/call/plaincall/AjaxCheckService.setItemNumber.dwr HTTP/1.1" 200 78
114.86.230.59 - - [17/May/2021:09:56:45 +0800] "GET /xingrg/all/function/internal_message.html?_=1621216607387&CODE_STATE=getMsg HTTP/1.1" 200 27
116.224.253.72 - - [17/May/2021:09:56:46 +0800] "GET /xingrg/kc/base/check_order_list.html HTTP/1.1" 200 16104
116.224.253.72 - - [17/May/2021:09:56:46 +0800] "POST /xingrg/kc/base/check_list_operate.html HTTP/1.1" 200 1902
222.69.130.128 - - [17/May/2021:09:56:49 +0800] "GET /xingrg/all/function/internal_message.html?_=1621216607925&CODE_STATE=getMsg HTTP/1.1" 200 27
116.224.253.72 - - [17/May/2021:09:56:50 +0800] "GET /xingrg/kc/base/check_order_info.html?code=452021051600155 HTTP/1.1" 200 26364
116.224.253.72 - - [17/May/2021:09:56:50 +0800] "GET /xingrg/dwr/interface/AjaxComOrderService.js HTTP/1.1" 200 18264
116.224.253.72 - - [17/May/2021:09:56:50 +0800] "GET /xingrg/dwr/interface/AjaxCheckService.js HTTP/1.1" 200 14003
116.224.253.72 - - [17/May/2021:09:56:50 +0800] "GET /xingrg/dwr/engine.js HTTP/1.1" 200 43631
116.224.253.72 - - [17/May/2021:09:56:50 +0800] "POST /xingrg/dwr/call/plaincall/AjaxCheckService.loadOrderItems.dwr HTTP/1.1" 200 128913
61.165.42.208 - - [17/May/2021:09:56:53 +0800] "GET /xingrg/kc/buy/cgsh_order_add.html HTTP/1.1" 200 62038
61.165.42.208 - - [17/May/2021:09:56:53 +0800] "GET /xingrg/javascript/easyui/themes/default/validatebox.css HTTP/1.1" 404 1104
61.165.42.208 - - [17/May/2021:09:56:53 +0800] "POST /xingrg/kc/buy/cgsh_order_operate.html HTTP/1.1" 200 8245
117.185.32.26 - - [17/May/2021:09:56:54 +0800] "GET /xingrg/all/function/internal_message.html?_=1621216609942&CODE_STATE=getMsg HTTP/1.1" 200 27
61.165.42.208 - - [17/May/2021:09:56:54 +0800] "GET /xingrg/all/function/internal_message.html?_=1621216596680&CODE_STATE=getMsg HTTP/1.1" 200 27
101.89.239.232 - - [17/May/2021:09:56:54 +0800] "GET /xingrg/all/function/internal_message.html?_=1621216548911&CODE_STATE=getMsg HTTP/1.1" 302 -
180.169.147.146 - - [17/May/2021:09:56:54 +0800] "GET /xingrg/all/function/internal_message.html?_=1621216614330&CODE_STATE=getMsg HTTP/1.1" 302 -
114.88.163.218 - - [17/May/2021:09:56:54 +0800] "POST /xingrg/kc/buy/cgsh_order_operate.html HTTP/1.1" 200 2065
116.235.222.38 - - [17/May/2021:09:56:55 +0800] "POST /xingrg/kc/buy/cgsh_order_operate.html HTTP/1.1" 200 48763
101.89.239.232 - - [17/May/2021:09:56:56 +0800] "GET /xingrg/login.html HTTP/1.1" 200 7641
117.185.32.26 - - [17/May/2021:09:56:56 +0800] "GET /xingrg/all/function/internal_message.html?_=1621217139699&CODE_STATE=getMsg HTTP/1.1" 200 27
120.253.135.82 - - [17/May/2021:09:56:59 +0800] "GET /xingrg/all/function/internal_message.html?_=1621216675485&CODE_STATE=getMsg HTTP/1.1" 200 27
120.253.135.82 - - [17/May/2021:09:56:59 +0800] "GET /xingrg/check_reg.html?_=1621216742170 HTTP/1.1" 200 22
58.37.225.51 - - [17/May/2021:09:57:00 +0800] "GET /xingrg/all/function/internal_message.html?_=1621216576376&CODE_STATE=getMsg HTTP/1.1" 200 27
58.37.225.51 - - [17/May/2021:09:57:00 +0800] "GET /xingrg/check_reg.html?_=1621216576378 HTTP/1.1" 200 22
120.253.135.82 - - [17/May/2021:09:57:01 +0800] "GET /xingrg/all/function/internal_message.html?_=1621216743513&CODE_STATE=getMsg HTTP/1.1" 200 27
180.161.124.236 - - [17/May/2021:09:57:01 +0800] "POST /xingrg/kc/buy/cgsh_order_operate.html HTTP/1.1" 200 12
114.88.163.218 - - [17/May/2021:09:57:04 +0800] "POST /xingrg/kc/buy/cgsh_order_operate.html HTTP/1.1" 200 37
61.165.42.208 - - [17/May/2021:09:57:05 +0800] "GET /xingrg/kc/buy/cgsh_order_operate.html?command=get_materiel&rest_code=00105&code=00101001167&supplier_code=00100314&order_time=2021-05-17 HTTP/1.1" 200 409
116.230.110.80 - - [17/May/2021:09:57:06 +0800] "GET /xingrg/all/function/internal_message.html?_=1621216625844&CODE_STATE=getMsg HTTP/1.1" 200 27
116.235.222.38 - - [17/May/2021:09:57:06 +0800] "GET /xingrg/all/function/internal_message.html?_=1621216626531&CODE_STATE=getMsg HTTP/1.1" 200 27
180.169.147.146 - - [17/May/2021:09:57:06 +0800] "GET /xingrg/all/function/internal_message.html?_=1621216628004&CODE_STATE=getMsg HTTP/1.1" 200 27
180.169.147.146 - - [17/May/2021:09:57:06 +0800] "GET /xingrg/check_reg.html?_=1621216628008 HTTP/1.1" 200 22
180.161.124.236 - - [17/May/2021:09:57:07 +0800] "GET /xingrg/kc/buy/cgsh_order_info.html?code=212021051707363 HTTP/1.1" 200 56850
114.88.163.218 - - [17/May/2021:09:57:08 +0800] "GET /xingrg/all/function/internal_message.html?_=1621216624775&CODE_STATE=getMsg HTTP/1.1" 200 27
114.88.163.218 - - [17/May/2021:09:57:08 +0800] "POST /xingrg/kc/buy/cgsh_order_operate.html HTTP/1.1" 200 33972
180.161.124.236 - - [17/May/2021:09:57:09 +0800] "GET /xingrg/javascript/easyui/themes/default/validatebox.css HTTP/1.1" 404 1104
114.88.163.218 - - [17/May/2021:09:57:10 +0800] "GET /xingrg/kc/print/load_config.html?kc_code=cgsh HTTP/1.1" 200 1845
114.88.163.218 - - [17/May/2021:09:57:10 +0800] "GET /xingrg/kc/print/load_data.html?order_code=212021051707388&kc_code=cgsh&condition= HTTP/1.1" 200 12530
180.161.124.236 - - [17/May/2021:09:57:10 +0800] "POST /xingrg/kc/buy/cgsh_order_operate.html HTTP/1.1" 200 21260
114.86.187.76 - - [17/May/2021:09:57:12 +0800] "GET /xingrg/all/function/internal_message.html?_=1621216633672&CODE_STATE=getMsg HTTP/1.1" 200 27
116.235.95.160 - - [17/May/2021:09:57:17 +0800] "GET /xingrg/all/function/internal_message.html?_=1621216726671&CODE_STATE=getMsg HTTP/1.1" 200 27
114.88.163.218 - - [17/May/2021:09:57:19 +0800] "GET /xingrg/kc/buy/cgsh_order_add.html HTTP/1.1" 200 61991
114.88.163.218 - - [17/May/2021:09:57:20 +0800] "POST /xingrg/kc/buy/cgsh_order_operate.html HTTP/1.1" 200 8245
114.88.163.218 - - [17/May/2021:09:57:20 +0800] "GET /xingrg/javascript/easyui/themes/default/validatebox.css HTTP/1.1" 404 1104
116.224.253.72 - - [17/May/2021:09:57:20 +0800] "GET /xingrg/kc/buy/cgsh_order_operate.html?command=get_materiel&rest_code=00151&code=00102008101&supplier_code=00100151&order_time=2021-05-17 HTTP/1.1" 200 414
117.131.5.26 - - [17/May/2021:09:57:21 +0800] "POST /xingrg/dwr/call/plaincall/AjaxCheckService.setItemNumber.dwr HTTP/1.1" 200 78
61.165.42.208 - - [17/May/2021:09:57:22 +0800] "GET /xingrg/all/function/internal_message.html?_=1621216643971&CODE_STATE=getMsg HTTP/1.1" 200 27
116.235.95.160 - - [17/May/2021:09:57:24 +0800] "POST /xingrg/dwr/call/plaincall/AjaxCheckService.setItemNumber.dwr HTTP/1.1" 200 78
117.131.5.26 - - [17/May/2021:09:57:25 +0800] "POST /xingrg/dwr/call/plaincall/AjaxCheckService.setItemNumber.dwr HTTP/1.1" 200 78
116.224.253.72 - - [17/May/2021:09:57:25 +0800] "GET /xingrg/all/function/internal_message.html?_=1621216645972&CODE_STATE=getMsg HTTP/1.1" 200 27
180.161.124.236 - - [17/May/2021:09:57:26 +0800] "POST /xingrg/kc/buy/cgsh_list_operate.html HTTP/1.1" 200 2031
116.224.253.72 - - [17/May/2021:09:57:28 +0800] "GET /xingrg/check_reg.html?_=1621216631735 HTTP/1.1" 200 22
180.161.124.236 - - [17/May/2021:09:57:28 +0800] "POST /xingrg/kc/buy/cgsh_list_operate.html HTTP/1.1" 200 556
180.161.124.236 - - [17/May/2021:09:57:29 +0800] "GET /xingrg/kc/buy/cgsh_order_info.html?code=212021051707361 HTTP/1.1" 200 61959
116.235.95.160 - - [17/May/2021:09:57:29 +0800] "POST /xingrg/dwr/call/plaincall/AjaxCheckService.setItemNumber.dwr HTTP/1.1" 200 78
180.161.124.236 - - [17/May/2021:09:57:29 +0800] "GET /xingrg/javascript/easyui/themes/default/validatebox.css HTTP/1.1" 404 1104
180.161.124.236 - - [17/May/2021:09:57:30 +0800] "POST /xingrg/kc/buy/cgsh_order_operate.html HTTP/1.1" 200 17410
117.131.5.26 - - [17/May/2021:09:57:31 +0800] "POST /xingrg/dwr/call/plaincall/AjaxCheckService.setItemNumber.dwr HTTP/1.1" 200 78
116.235.95.160 - - [17/May/2021:09:57:34 +0800] "POST /xingrg/dwr/call/plaincall/AjaxCheckService.setItemNumber.dwr HTTP/1.1" 200 78
180.161.124.236 - - [17/May/2021:09:57:36 +0800] "POST /xingrg/kc/buy/cgsh_order_operate.html HTTP/1.1" 200 37
117.131.5.26 - - [17/May/2021:09:57:36 +0800] "POST /xingrg/dwr/call/plaincall/AjaxCheckService.setItemNumber.dwr HTTP/1.1" 200 78
116.224.253.72 - - [17/May/2021:09:57:36 +0800] "GET /xingrg/all/function/internal_message.html?_=1621216640160&CODE_STATE=getMsg HTTP/1.1" 200 27
114.88.163.218 - - [17/May/2021:09:57:37 +0800] "GET /xingrg/kc/buy/cgsh_order_operate.html?command=get_materiel&rest_code=00111&code=00101007061&supplier_code=00100004&order_time=2021-05-17 HTTP/1.1" 200 409
116.224.253.72 - - [17/May/2021:09:57:37 +0800] "GET /xingrg/kc/buy/cgsh_order_operate.html?command=get_materiel&rest_code=00151&code=00102008041&supplier_code=00100151&order_time=2021-05-17 HTTP/1.1" 200 409
116.235.95.160 - - [17/May/2021:09:57:38 +0800] "POST /xingrg/dwr/call/plaincall/AjaxCheckService.setItemNumber.dwr HTTP/1.1" 200 78
180.161.124.236 - - [17/May/2021:09:57:39 +0800] "POST /xingrg/kc/buy/cgsh_order_operate.html HTTP/1.1" 200 12
117.131.5.26 - - [17/May/2021:09:57:40 +0800] "POST /xingrg/dwr/call/plaincall/AjaxCheckService.setItemNumber.dwr HTTP/1.1" 200 78
180.161.124.236 - - [17/May/2021:09:57:41 +0800] "GET /xingrg/kc/buy/cgsh_order_info.html?code=212021051707361 HTTP/1.1" 200 56850
116.230.114.112 - - [17/May/2021:09:57:41 +0800] "GET /xingrg/all/function/internal_message.html?_=1621216663033&CODE_STATE=getMsg HTTP/1.1" 200 27
180.161.124.236 - - [17/May/2021:09:57:42 +0800] "GET /xingrg/javascript/easyui/themes/default/validatebox.css HTTP/1.1" 404 1104
116.235.95.160 - - [17/May/2021:09:57:42 +0800] "POST /xingrg/dwr/call/plaincall/AjaxCheckService.setItemNumber.dwr HTTP/1.1" 200 78
180.161.124.236 - - [17/May/2021:09:57:43 +0800] "POST /xingrg/kc/buy/cgsh_order_operate.html HTTP/1.1" 200 15348
58.37.225.51 - - [17/May/2021:09:57:44 +0800] "GET /xingrg/all/function/internal_message.html?_=1621216668925&CODE_STATE=getMsg HTTP/1.1" 200 27
117.131.5.26 - - [17/May/2021:09:57:45 +0800] "POST /xingrg/dwr/call/plaincall/AjaxCheckService.setItemNumber.dwr HTTP/1.1" 200 78
114.86.230.59 - - [17/May/2021:09:57:45 +0800] "GET /xingrg/all/function/internal_message.html?_=1621216667386&CODE_STATE=getMsg HTTP/1.1" 200 27
61.165.42.208 - - [17/May/2021:09:57:46 +0800] "POST /xingrg/kc/buy/cgsh_order_operate.html HTTP/1.1" 200 37
116.235.95.160 - - [17/May/2021:09:57:47 +0800] "POST /xingrg/dwr/call/plaincall/AjaxCheckService.setItemNumber.dwr HTTP/1.1" 200 78
61.165.42.208 - - [17/May/2021:09:57:47 +0800] "POST /xingrg/kc/buy/cgsh_order_operate.html HTTP/1.1" 200 2658
180.161.124.236 - - [17/May/2021:09:57:47 +0800] "POST /xingrg/kc/buy/cgsh_list_operate.html HTTP/1.1" 200 1679
114.88.163.218 - - [17/May/2021:09:57:48 +0800] "GET /xingrg/kc/buy/cgsh_order_operate.html?command=get_materiel&rest_code=00111&code=00101007085&supplier_code=00100004&order_time=2021-05-17 HTTP/1.1" 200 413
61.165.42.208 - - [17/May/2021:09:57:48 +0800] "GET /xingrg/kc/print/load_data.html?order_code=212021051707389&kc_code=cgsh&condition= HTTP/1.1" 200 669
117.131.5.26 - - [17/May/2021:09:57:49 +0800] "POST /xingrg/dwr/call/plaincall/AjaxCheckService.setItemNumber.dwr HTTP/1.1" 200 78
180.161.124.236 - - [17/May/2021:09:57:49 +0800] "POST /xingrg/kc/buy/cgsh_list_operate.html HTTP/1.1" 200 571
222.69.130.128 - - [17/May/2021:09:57:49 +0800] "GET /xingrg/all/function/internal_message.html?_=1621216667911&CODE_STATE=getMsg HTTP/1.1" 200 27
180.161.124.236 - - [17/May/2021:09:57:49 +0800] "GET /xingrg/kc/buy/cgsh_order_info.html?code=212021051707367 HTTP/1.1" 200 61959
222.69.130.128 - - [17/May/2021:09:57:50 +0800] "GET /xingrg/check_reg.html?_=1621216668347 HTTP/1.1" 200 22
180.161.124.236 - - [17/May/2021:09:57:50 +0800] "GET /xingrg/javascript/easyui/themes/default/validatebox.css HTTP/1.1" 404 1104
180.161.124.236 - - [17/May/2021:09:57:50 +0800] "POST /xingrg/kc/buy/cgsh_order_operate.html HTTP/1.1" 200 7979
61.129.6.145 - - [17/May/2021:09:57:52 +0800] "GET /xingrg/all/function/internal_message.html?_=1621216608910&CODE_STATE=getMsg HTTP/1.1" 302 -
61.165.42.208 - - [17/May/2021:09:57:52 +0800] "GET /xingrg/kc/buy/cgsh_order_add.html HTTP/1.1" 200 62038
61.165.42.208 - - [17/May/2021:09:57:52 +0800] "POST /xingrg/kc/buy/cgsh_order_operate.html HTTP/1.1" 200 8245
61.165.42.208 - - [17/May/2021:09:57:52 +0800] "GET /xingrg/javascript/easyui/themes/default/validatebox.css HTTP/1.1" 404 1104
117.185.32.26 - - [17/May/2021:09:57:54 +0800] "GET /xingrg/all/function/internal_message.html?_=1621216669943&CODE_STATE=getMsg HTTP/1.1" 200 27
61.151.178.249 - - [17/May/2021:09:57:54 +0800] "GET /xingrg/check_reg.html?_=1621216608911 HTTP/1.1" 302 -
61.165.42.208 - - [17/May/2021:09:57:54 +0800] "GET /xingrg/all/function/internal_message.html?_=1621216656679&CODE_STATE=getMsg HTTP/1.1" 200 27
180.169.147.146 - - [17/May/2021:09:57:54 +0800] "GET /xingrg/check_reg.html?_=1621216674342 HTTP/1.1" 302 -
180.169.147.146 - - [17/May/2021:09:57:54 +0800] "GET /xingrg/all/function/internal_message.html?_=1621216674345&CODE_STATE=getMsg HTTP/1.1" 302 -
180.161.124.236 - - [17/May/2021:09:57:55 +0800] "POST /xingrg/kc/buy/cgsh_order_operate.html HTTP/1.1" 200 37
117.185.32.26 - - [17/May/2021:09:57:56 +0800] "GET /xingrg/all/function/internal_message.html?_=1621217199683&CODE_STATE=getMsg HTTP/1.1" 200 27
61.129.6.145 - - [17/May/2021:09:57:56 +0800] "GET /xingrg/login.html HTTP/1.1" 200 7641
61.151.178.249 - - [17/May/2021:09:57:58 +0800] "GET /xingrg/login.html HTTP/1.1" 200 7641
120.253.135.82 - - [17/May/2021:09:57:59 +0800] "GET /xingrg/all/function/internal_message.html?_=1621216735553&CODE_STATE=getMsg HTTP/1.1" 200 27
58.37.225.51 - - [17/May/2021:09:58:00 +0800] "GET /xingrg/all/function/internal_message.html?_=1621216636380&CODE_STATE=getMsg HTTP/1.1" 200 27
120.253.135.82 - - [17/May/2021:09:58:01 +0800] "GET /xingrg/all/function/internal_message.html?_=1621216803526&CODE_STATE=getMsg HTTP/1.1" 200 27
61.165.42.208 - - [17/May/2021:09:58:02 +0800] "GET /xingrg/kc/buy/cgsh_order_operate.html?command=get_materiel&rest_code=00105&code=00101018007&supplier_code=00100314&order_time=2021-05-17 HTTP/1.1" 200 409
180.161.124.236 - - [17/May/2021:09:58:03 +0800] "POST /xingrg/kc/buy/cgsh_order_operate.html HTTP/1.1" 200 12
183.192.164.71 - - [17/May/2021:09:58:04 +0800] "GET /xingrg/all/function/internal_message.html?_=1621216609942&CODE_STATE=getMsg HTTP/1.1" 302 -
116.224.253.72 - - [17/May/2021:09:58:05 +0800] "GET /xingrg/kc/buy/cgsh_order_operate.html?command=get_materiel&rest_code=00151&code=00102010459&supplier_code=00100151&order_time=2021-05-17 HTTP/1.1" 200 416
116.230.110.80 - - [17/May/2021:09:58:06 +0800] "GET /xingrg/check_reg.html?_=1621216685859 HTTP/1.1" 200 22
116.230.110.80 - - [17/May/2021:09:58:06 +0800] "GET /xingrg/all/function/internal_message.html?_=1621216685862&CODE_STATE=getMsg HTTP/1.1" 200 27
116.235.222.38 - - [17/May/2021:09:58:06 +0800] "GET /xingrg/all/function/internal_message.html?_=1621216686488&CODE_STATE=getMsg HTTP/1.1" 200 27
180.161.124.236 - - [17/May/2021:09:58:06 +0800] "GET /xingrg/kc/buy/cgsh_order_info.html?code=212021051707367 HTTP/1.1" 200 56850
180.169.147.146 - - [17/May/2021:09:58:06 +0800] "GET /xingrg/all/function/internal_message.html?_=1621216687994&CODE_STATE=getMsg HTTP/1.1" 200 27
114.88.163.218 - - [17/May/2021:09:58:08 +0800] "GET /xingrg/all/function/internal_message.html?_=1621216684768&CODE_STATE=getMsg HTTP/1.1" 200 27
180.161.124.236 - - [17/May/2021:09:58:08 +0800] "GET /xingrg/javascript/easyui/themes/default/validatebox.css HTTP/1.1" 404 1104
180.161.124.236 - - [17/May/2021:09:58:08 +0800] "POST /xingrg/kc/buy/cgsh_order_operate.html HTTP/1.1" 200 5924
183.192.164.71 - - [17/May/2021:09:58:09 +0800] "GET /xingrg/login.html HTTP/1.1" 200 7641
114.86.187.76 - - [17/May/2021:09:58:12 +0800] "GET /xingrg/all/function/internal_message.html?_=1621216693680&CODE_STATE=getMsg HTTP/1.1" 200 27
114.88.163.218 - - [17/May/2021:09:58:14 +0800] "POST /xingrg/kc/buy/cgsh_order_operate.html HTTP/1.1" 200 37
114.88.163.218 - - [17/May/2021:09:58:15 +0800] "POST /xingrg/kc/buy/cgsh_order_operate.html HTTP/1.1" 200 3246
116.235.95.160 - - [17/May/2021:09:58:17 +0800] "POST /xingrg/dwr/call/plaincall/AjaxCheckService.setItemNumber.dwr HTTP/1.1" 200 78
117.131.5.26 - - [17/May/2021:09:58:17 +0800] "GET /xingrg/all/function/internal_message.html?_=1621216786797&CODE_STATE=getMsg HTTP/1.1" 200 27
180.161.124.236 - - [17/May/2021:09:58:19 +0800] "GET /xingrg/check_reg.html?_=1621216658865 HTTP/1.1" 200 22
116.224.253.72 - - [17/May/2021:09:58:19 +0800] "GET /xingrg/kc/buy/cgsh_order_operate.html?command=get_materiel&rest_code=00151&code=00102008072&supplier_code=00100151&order_time=2021-05-17 HTTP/1.1" 200 408
116.235.95.160 - - [17/May/2021:09:58:20 +0800] "POST /xingrg/dwr/call/plaincall/AjaxCheckService.setItemNumber.dwr HTTP/1.1" 200 78
117.131.5.26 - - [17/May/2021:09:58:21 +0800] "POST /xingrg/dwr/call/plaincall/AjaxCheckService.setItemNumber.dwr HTTP/1.1" 200 78
61.165.42.208 - - [17/May/2021:09:58:22 +0800] "GET /xingrg/all/function/internal_message.html?_=1621216703950&CODE_STATE=getMsg HTTP/1.1" 200 27
116.235.95.160 - - [17/May/2021:09:58:23 +0800] "POST /xingrg/dwr/call/plaincall/AjaxCheckService.setItemNumber.dwr HTTP/1.1" 200 78
116.224.253.72 - - [17/May/2021:09:58:25 +0800] "GET /xingrg/all/function/internal_message.html?_=1621216705997&CODE_STATE=getMsg HTTP/1.1" 200 27
117.131.5.26 - - [17/May/2021:09:58:26 +0800] "POST /xingrg/dwr/call/plaincall/AjaxCheckService.setItemNumber.dwr HTTP/1.1" 200 78
116.235.95.160 - - [17/May/2021:09:58:31 +0800] "POST /xingrg/dwr/call/plaincall/AjaxCheckService.setItemNumber.dwr HTTP/1.1" 200 78
117.131.5.26 - - [17/May/2021:09:58:32 +0800] "POST /xingrg/dwr/call/plaincall/AjaxCheckService.setItemNumber.dwr HTTP/1.1" 200 78
61.165.42.208 - - [17/May/2021:09:58:34 +0800] "POST /xingrg/kc/buy/cgsh_order_operate.html HTTP/1.1" 200 37
61.165.42.208 - - [17/May/2021:09:58:35 +0800] "POST /xingrg/kc/buy/cgsh_order_operate.html HTTP/1.1" 200 2652
116.224.253.72 - - [17/May/2021:09:58:36 +0800] "GET /xingrg/all/function/internal_message.html?_=1621216700237&CODE_STATE=getMsg HTTP/1.1" 200 27
61.165.42.208 - - [17/May/2021:09:58:37 +0800] "GET /xingrg/kc/print/load_data.html?order_code=212021051707391&kc_code=cgsh&condition= HTTP/1.1" 200 658
116.235.95.160 - - [17/May/2021:09:58:41 +0800] "POST /xingrg/dwr/call/plaincall/AjaxCheckService.setItemNumber.dwr HTTP/1.1" 200 78
117.131.5.26 - - [17/May/2021:09:58:41 +0800] "POST /xingrg/dwr/call/plaincall/AjaxCheckService.setItemNumber.dwr HTTP/1.1" 200 78
116.230.114.112 - - [17/May/2021:09:58:41 +0800] "GET /xingrg/all/function/internal_message.html?_=1621216723036&CODE_STATE=getMsg HTTP/1.1" 200 27
61.165.42.208 - - [17/May/2021:09:58:42 +0800] "GET /xingrg/kc/buy/cgsh_order_add.html HTTP/1.1" 200 62038
61.165.42.208 - - [17/May/2021:09:58:42 +0800] "GET /xingrg/javascript/easyui/themes/default/validatebox.css HTTP/1.1" 404 1104
61.165.42.208 - - [17/May/2021:09:58:42 +0800] "POST /xingrg/kc/buy/cgsh_order_operate.html HTTP/1.1" 200 8245
116.235.95.160 - - [17/May/2021:09:58:43 +0800] "POST /xingrg/dwr/call/plaincall/AjaxCheckService.setItemNumber.dwr HTTP/1.1" 200 78
117.131.5.26 - - [17/May/2021:09:58:44 +0800] "POST /xingrg/dwr/call/plaincall/AjaxCheckService.setItemNumber.dwr HTTP/1.1" 200 78
58.37.225.51 - - [17/May/2021:09:58:44 +0800] "GET /xingrg/all/function/internal_message.html?_=1621216728924&CODE_STATE=getMsg HTTP/1.1" 200 27
114.86.230.59 - - [17/May/2021:09:58:45 +0800] "GET /xingrg/all/function/internal_message.html?_=1621216727389&CODE_STATE=getMsg HTTP/1.1" 200 27
116.235.95.160 - - [17/May/2021:09:58:45 +0800] "POST /xingrg/dwr/call/plaincall/AjaxCheckService.setItemNumber.dwr HTTP/1.1" 200 78
117.131.5.26 - - [17/May/2021:09:58:49 +0800] "POST /xingrg/dwr/call/plaincall/AjaxCheckService.setItemNumber.dwr HTTP/1.1" 200 78
222.69.130.128 - - [17/May/2021:09:58:49 +0800] "GET /xingrg/all/function/internal_message.html?_=1621216727908&CODE_STATE=getMsg HTTP/1.1" 200 27
116.235.95.160 - - [17/May/2021:09:58:49 +0800] "POST /xingrg/dwr/call/plaincall/AjaxCheckService.setItemNumber.dwr HTTP/1.1" 200 78
120.253.135.82 - - [17/May/2021:09:58:50 +0800] "GET /xingrg/check_reg.html?_=1621216786343 HTTP/1.1" 200 22
