116.224.253.72 - - [17/May/2021:06:08:43 +0800] "GET /xingrg/all/function/internal_message.html?_=1621202906689&CODE_STATE=getMsg HTTP/1.1" 200 27
58.37.225.51 - - [17/May/2021:06:08:44 +0800] "GET /xingrg/all/function/internal_message.html?_=1621202928374&CODE_STATE=getMsg HTTP/1.1" 200 27
120.253.135.82 - - [17/May/2021:06:08:49 +0800] "GET /xingrg/check_reg.html?_=1621202985669 HTTP/1.1" 200 22
120.253.135.82 - - [17/May/2021:06:08:52 +0800] "GET /xingrg/all/function/internal_message.html?_=1621202988237&CODE_STATE=getMsg HTTP/1.1" 200 27
120.253.135.82 - - [17/May/2021:06:08:58 +0800] "POST /xingrg/kc/pszx/mdps_list_operate.html HTTP/1.1" 200 2438
117.185.32.26 - - [17/May/2021:06:08:59 +0800] "GET /xingrg/all/function/internal_message.html?_=1621203462749&CODE_STATE=getMsg HTTP/1.1" 200 27
120.253.135.82 - - [17/May/2021:06:09:00 +0800] "POST /xingrg/kc/pszx/mdps_list_operate.html HTTP/1.1" 200 205
120.253.135.82 - - [17/May/2021:06:09:01 +0800] "POST /xingrg/kc/pszx/mdps_list_operate.html HTTP/1.1" 200 635
120.253.135.82 - - [17/May/2021:06:09:03 +0800] "POST /xingrg/kc/pszx/mdps_list_operate.html HTTP/1.1" 200 621
180.169.147.146 - - [17/May/2021:06:09:06 +0800] "GET /xingrg/check_reg.html?_=1621202945175 HTTP/1.1" 200 22
116.230.114.112 - - [17/May/2021:06:09:09 +0800] "GET /xingrg/check_reg.html?_=1621202950431 HTTP/1.1" 302 -
120.253.135.82 - - [17/May/2021:06:09:11 +0800] "GET /xingrg/all/function/internal_message.html?_=1621202732951&CODE_STATE=getMsg HTTP/1.1" 200 27
116.230.114.112 - - [17/May/2021:06:09:20 +0800] "GET /xingrg/all/function/internal_message.html?_=1621202961537&CODE_STATE=getMsg HTTP/1.1" 302 -
120.253.135.82 - - [17/May/2021:06:09:24 +0800] "POST /xingrg/kc/pszx/mdps_list_operate.html HTTP/1.1" 200 3864
120.253.135.82 - - [17/May/2021:06:09:26 +0800] "POST /xingrg/kc/pszx/mdps_list_operate.html HTTP/1.1" 200 205
120.253.135.82 - - [17/May/2021:06:09:28 +0800] "POST /xingrg/kc/pszx/mdps_list_operate.html HTTP/1.1" 200 605
120.253.135.82 - - [17/May/2021:06:09:30 +0800] "POST /xingrg/kc/pszx/mdps_list_operate.html HTTP/1.1" 200 212
116.224.253.72 - - [17/May/2021:06:09:31 +0800] "GET /xingrg/all/function/internal_message.html?_=1621202971902&CODE_STATE=getMsg HTTP/1.1" 200 27
116.230.114.112 - - [17/May/2021:06:09:36 +0800] "GET /xingrg/all/function/internal_message.html?_=1621202977058&CODE_STATE=getMsg HTTP/1.1" 200 27
120.253.135.82 - - [17/May/2021:06:09:41 +0800] "POST /xingrg/kc/pszx/mdps_list_operate.html HTTP/1.1" 200 204
116.224.253.72 - - [17/May/2021:06:09:43 +0800] "GET /xingrg/all/function/internal_message.html?_=1621202966737&CODE_STATE=getMsg HTTP/1.1" 200 27
58.37.225.51 - - [17/May/2021:06:09:44 +0800] "GET /xingrg/all/function/internal_message.html?_=1621202988373&CODE_STATE=getMsg HTTP/1.1" 200 27
120.253.135.82 - - [17/May/2021:06:09:51 +0800] "POST /xingrg/kc/pszx/mdps_list_operate.html HTTP/1.1" 200 385
120.253.135.82 - - [17/May/2021:06:09:52 +0800] "GET /xingrg/all/function/internal_message.html?_=1621203048257&CODE_STATE=getMsg HTTP/1.1" 200 27
120.253.135.82 - - [17/May/2021:06:09:52 +0800] "GET /xingrg/kc/pszx/mdps_order_info.html?code=312021051700439 HTTP/1.1" 200 23925
120.253.135.82 - - [17/May/2021:06:09:52 +0800] "GET /xingrg/javascript/easyui/themes/default/validatebox.css HTTP/1.1" 404 1104
120.253.135.82 - - [17/May/2021:06:09:52 +0800] "POST /xingrg/kc/pszx/mdps_order_operate.html HTTP/1.1" 200 3290
120.253.135.82 - - [17/May/2021:06:09:57 +0800] "GET /xingrg/css/images/panel_loading.gif HTTP/1.1" 200 1737
120.253.135.82 - - [17/May/2021:06:09:57 +0800] "POST /xingrg/all/common/load_combo.html?type=base HTTP/1.1" 200 1075
117.185.32.26 - - [17/May/2021:06:09:59 +0800] "GET /xingrg/all/function/internal_message.html?_=1621203522732&CODE_STATE=getMsg HTTP/1.1" 200 27
116.224.253.72 - - [17/May/2021:06:10:01 +0800] "GET /xingrg/check_reg.html?_=1621202984552 HTTP/1.1" 200 22
120.253.135.82 - - [17/May/2021:06:10:02 +0800] "POST /xingrg/kc/pszx/mdps_order_operate.html HTTP/1.1" 200 37
120.253.135.82 - - [17/May/2021:06:10:03 +0800] "GET /xingrg/kc/pszx/mdps_order_info.html?code=312021051700439 HTTP/1.1" 200 23925
120.253.135.82 - - [17/May/2021:06:10:03 +0800] "GET /xingrg/javascript/easyui/themes/default/validatebox.css HTTP/1.1" 404 1104
120.253.135.82 - - [17/May/2021:06:10:03 +0800] "POST /xingrg/kc/pszx/mdps_order_operate.html HTTP/1.1" 200 3315
120.253.135.82 - - [17/May/2021:06:10:11 +0800] "GET /xingrg/all/function/internal_message.html?_=1621202792964&CODE_STATE=getMsg HTTP/1.1" 200 27
116.230.114.112 - - [17/May/2021:06:10:20 +0800] "GET /xingrg/all/function/internal_message.html?_=1621203021545&CODE_STATE=getMsg HTTP/1.1" 302 -
120.253.135.82 - - [17/May/2021:06:10:23 +0800] "POST /xingrg/kc/pszx/mdps_order_operate.html HTTP/1.1" 200 37
116.230.114.112 - - [17/May/2021:06:10:24 +0800] "GET /xingrg/check_reg.html?_=1621203024828 HTTP/1.1" 200 22
120.253.135.82 - - [17/May/2021:06:10:24 +0800] "GET /xingrg/kc/pszx/mdps_order_info.html?code=312021051700439 HTTP/1.1" 200 23925
120.253.135.82 - - [17/May/2021:06:10:24 +0800] "GET /xingrg/javascript/easyui/themes/default/validatebox.css HTTP/1.1" 404 1104
120.253.135.82 - - [17/May/2021:06:10:24 +0800] "POST /xingrg/kc/pszx/mdps_order_operate.html HTTP/1.1" 200 3315
120.253.135.82 - - [17/May/2021:06:10:29 +0800] "GET /xingrg/kc/pszx/mdps_order_info.html?code=312021051700439 HTTP/1.1" 200 23925
120.253.135.82 - - [17/May/2021:06:10:29 +0800] "GET /xingrg/javascript/easyui/themes/default/validatebox.css HTTP/1.1" 404 1104
120.253.135.82 - - [17/May/2021:06:10:29 +0800] "POST /xingrg/kc/pszx/mdps_order_operate.html HTTP/1.1" 200 3315
116.224.253.72 - - [17/May/2021:06:10:31 +0800] "GET /xingrg/all/function/internal_message.html?_=1621203031920&CODE_STATE=getMsg HTTP/1.1" 200 27
120.253.135.82 - - [17/May/2021:06:10:33 +0800] "POST /xingrg/kc/pszx/mdps_list_operate.html HTTP/1.1" 200 3864
120.253.135.82 - - [17/May/2021:06:10:35 +0800] "POST /xingrg/kc/pszx/mdps_list_operate.html HTTP/1.1" 200 631
116.230.114.112 - - [17/May/2021:06:10:36 +0800] "GET /xingrg/all/function/internal_message.html?_=1621203037068&CODE_STATE=getMsg HTTP/1.1" 200 27
120.253.135.82 - - [17/May/2021:06:10:39 +0800] "POST /xingrg/kc/pszx/mdps_list_operate.html HTTP/1.1" 200 294
116.224.253.72 - - [17/May/2021:06:10:43 +0800] "GET /xingrg/all/function/internal_message.html?_=1621203026750&CODE_STATE=getMsg HTTP/1.1" 200 27
120.253.135.82 - - [17/May/2021:06:10:43 +0800] "GET /xingrg/kc/pszx/mdps_order_info.html?code=312021051700440 HTTP/1.1" 200 23925
120.253.135.82 - - [17/May/2021:06:10:43 +0800] "GET /xingrg/javascript/easyui/themes/default/validatebox.css HTTP/1.1" 404 1104
120.253.135.82 - - [17/May/2021:06:10:43 +0800] "POST /xingrg/kc/pszx/mdps_order_operate.html HTTP/1.1" 200 6284
58.37.225.51 - - [17/May/2021:06:10:44 +0800] "GET /xingrg/all/function/internal_message.html?_=1621203048371&CODE_STATE=getMsg HTTP/1.1" 200 27
120.253.135.82 - - [17/May/2021:06:10:47 +0800] "POST /xingrg/kc/pszx/mdps_order_operate.html HTTP/1.1" 200 37
120.253.135.82 - - [17/May/2021:06:10:49 +0800] "GET /xingrg/kc/pszx/mdps_order_info.html?code=312021051700440 HTTP/1.1" 200 23925
120.253.135.82 - - [17/May/2021:06:10:49 +0800] "GET /xingrg/javascript/easyui/themes/default/validatebox.css HTTP/1.1" 404 1104
120.253.135.82 - - [17/May/2021:06:10:49 +0800] "POST /xingrg/kc/pszx/mdps_order_operate.html HTTP/1.1" 200 6358
120.253.135.82 - - [17/May/2021:06:10:52 +0800] "GET /xingrg/all/function/internal_message.html?_=1621203108264&CODE_STATE=getMsg HTTP/1.1" 200 27
117.185.32.26 - - [17/May/2021:06:10:59 +0800] "GET /xingrg/all/function/internal_message.html?_=1621203582715&CODE_STATE=getMsg HTTP/1.1" 200 27
120.253.135.82 - - [17/May/2021:06:11:09 +0800] "GET /xingrg/check_reg.html?_=1621202850513 HTTP/1.1" 200 22
120.253.135.82 - - [17/May/2021:06:11:11 +0800] "GET /xingrg/all/function/internal_message.html?_=1621202852979&CODE_STATE=getMsg HTTP/1.1" 200 27
58.37.225.51 - - [17/May/2021:06:11:17 +0800] "POST /xingrg/services/DataTransmitService HTTP/1.1" 200 524
117.185.32.26 - - [17/May/2021:06:11:18 +0800] "GET /xingrg/check_reg.html?_=1621203601329 HTTP/1.1" 200 22
58.37.225.51 - - [17/May/2021:06:11:18 +0800] "POST /xingrg/services/DataTransmitService HTTP/1.1" 200 501
116.230.114.112 - - [17/May/2021:06:11:20 +0800] "GET /xingrg/all/function/internal_message.html?_=1621203081566&CODE_STATE=getMsg HTTP/1.1" 302 -
116.224.253.72 - - [17/May/2021:06:11:31 +0800] "GET /xingrg/check_reg.html?_=1621203091920 HTTP/1.1" 200 22
116.224.253.72 - - [17/May/2021:06:11:31 +0800] "GET /xingrg/all/function/internal_message.html?_=1621203091922&CODE_STATE=getMsg HTTP/1.1" 200 27
116.230.114.112 - - [17/May/2021:06:11:36 +0800] "GET /xingrg/all/function/internal_message.html?_=1621203097082&CODE_STATE=getMsg HTTP/1.1" 200 27
116.224.253.72 - - [17/May/2021:06:11:43 +0800] "GET /xingrg/all/function/internal_message.html?_=1621203086761&CODE_STATE=getMsg HTTP/1.1" 200 27
58.37.225.51 - - [17/May/2021:06:11:44 +0800] "GET /xingrg/all/function/internal_message.html?_=1621203108370&CODE_STATE=getMsg HTTP/1.1" 200 27
58.37.225.51 - - [17/May/2021:06:11:44 +0800] "GET /xingrg/check_reg.html?_=1621203108371 HTTP/1.1" 200 22
120.253.135.82 - - [17/May/2021:06:11:45 +0800] "POST /xingrg/kc/pszx/mdps_order_operate.html HTTP/1.1" 200 37
120.253.135.82 - - [17/May/2021:06:11:46 +0800] "GET /xingrg/kc/pszx/mdps_order_info.html?code=312021051700440 HTTP/1.1" 200 23925
120.253.135.82 - - [17/May/2021:06:11:47 +0800] "GET /xingrg/javascript/easyui/themes/default/validatebox.css HTTP/1.1" 404 1104
120.253.135.82 - - [17/May/2021:06:11:47 +0800] "POST /xingrg/kc/pszx/mdps_order_operate.html HTTP/1.1" 200 5854
120.253.135.82 - - [17/May/2021:06:11:48 +0800] "POST /xingrg/kc/pszx/mdps_list_operate.html HTTP/1.1" 200 3864
120.253.135.82 - - [17/May/2021:06:11:50 +0800] "POST /xingrg/kc/pszx/mdps_list_operate.html HTTP/1.1" 200 294
120.253.135.82 - - [17/May/2021:06:11:50 +0800] "GET /xingrg/kc/pszx/mdps_order_info.html?code=312021051600437 HTTP/1.1" 200 23925
120.253.135.82 - - [17/May/2021:06:11:51 +0800] "POST /xingrg/kc/pszx/mdps_order_operate.html HTTP/1.1" 200 2807
120.253.135.82 - - [17/May/2021:06:11:51 +0800] "GET /xingrg/javascript/easyui/themes/default/validatebox.css HTTP/1.1" 404 1104
120.253.135.82 - - [17/May/2021:06:11:52 +0800] "GET /xingrg/all/function/internal_message.html?_=1621203168326&CODE_STATE=getMsg HTTP/1.1" 200 27
117.185.32.26 - - [17/May/2021:06:11:59 +0800] "GET /xingrg/all/function/internal_message.html?_=1621203642693&CODE_STATE=getMsg HTTP/1.1" 200 27
120.253.135.82 - - [17/May/2021:06:11:59 +0800] "GET /xingrg/kc/pszx/mdps_order_operate.html?command=get_materiel&pszx_code=00101&rest_code=00108&base_code=0010246&code=00101019750 HTTP/1.1" 200 441
120.253.135.82 - - [17/May/2021:06:12:01 +0800] "POST /xingrg/all/common/load_select.html HTTP/1.1" 200 25
120.253.135.82 - - [17/May/2021:06:12:03 +0800] "GET /xingrg/kc/pszx/mdps_order_operate.html?command=get_materiel_price&pszx_code=00101&rest_code=00108&base_code=0010246&code=00101019750&unit_code=00100050&order_time=2021-05-16 HTTP/1.1" 200 34
120.253.135.82 - - [17/May/2021:06:12:09 +0800] "POST /xingrg/kc/pszx/mdps_order_operate.html HTTP/1.1" 200 37
120.253.135.82 - - [17/May/2021:06:12:10 +0800] "GET /xingrg/kc/pszx/mdps_order_info.html?code=312021051600437 HTTP/1.1" 200 23925
120.253.135.82 - - [17/May/2021:06:12:11 +0800] "POST /xingrg/kc/pszx/mdps_order_operate.html HTTP/1.1" 200 3307
120.253.135.82 - - [17/May/2021:06:12:11 +0800] "GET /xingrg/javascript/easyui/themes/default/validatebox.css HTTP/1.1" 404 1104
120.253.135.82 - - [17/May/2021:06:12:11 +0800] "GET /xingrg/all/function/internal_message.html?_=1621202912997&CODE_STATE=getMsg HTTP/1.1" 200 27
120.253.135.82 - - [17/May/2021:06:12:12 +0800] "POST /xingrg/kc/pszx/mdps_list_operate.html HTTP/1.1" 200 3864
116.230.114.112 - - [17/May/2021:06:12:20 +0800] "GET /xingrg/all/function/internal_message.html?_=1621203141572&CODE_STATE=getMsg HTTP/1.1" 302 -
116.224.253.72 - - [17/May/2021:06:12:31 +0800] "GET /xingrg/all/function/internal_message.html?_=1621203151921&CODE_STATE=getMsg HTTP/1.1" 200 27
116.230.114.112 - - [17/May/2021:06:12:36 +0800] "GET /xingrg/all/function/internal_message.html?_=1621203157105&CODE_STATE=getMsg HTTP/1.1" 200 27
117.131.5.26 - - [17/May/2021:06:12:41 +0800] "POST /xingrg/services/DataTransmitService HTTP/1.1" 200 524
117.131.5.26 - - [17/May/2021:06:12:41 +0800] "POST /xingrg/services/DataTransmitService HTTP/1.1" 200 501
116.224.253.72 - - [17/May/2021:06:12:43 +0800] "GET /xingrg/all/function/internal_message.html?_=1621203146805&CODE_STATE=getMsg HTTP/1.1" 200 27
58.37.225.51 - - [17/May/2021:06:12:44 +0800] "GET /xingrg/all/function/internal_message.html?_=1621203168370&CODE_STATE=getMsg HTTP/1.1" 200 27
120.253.135.82 - - [17/May/2021:06:12:52 +0800] "GET /xingrg/all/function/internal_message.html?_=1621203228340&CODE_STATE=getMsg HTTP/1.1" 200 27
117.185.32.26 - - [17/May/2021:06:12:59 +0800] "GET /xingrg/all/function/internal_message.html?_=1621203702677&CODE_STATE=getMsg HTTP/1.1" 200 27
120.253.135.82 - - [17/May/2021:06:13:05 +0800] "POST /xingrg/kc/pszx/mdps_list_operate.html HTTP/1.1" 200 385
120.253.135.82 - - [17/May/2021:06:13:06 +0800] "GET /xingrg/kc/pszx/mdps_order_info.html?code=312021051700439 HTTP/1.1" 200 23925
120.253.135.82 - - [17/May/2021:06:13:07 +0800] "POST /xingrg/kc/pszx/mdps_order_operate.html HTTP/1.1" 200 3315
120.253.135.82 - - [17/May/2021:06:13:07 +0800] "GET /xingrg/javascript/easyui/themes/default/validatebox.css HTTP/1.1" 404 1104
120.253.135.82 - - [17/May/2021:06:13:11 +0800] "GET /xingrg/all/function/internal_message.html?_=1621202973006&CODE_STATE=getMsg HTTP/1.1" 200 27
120.253.135.82 - - [17/May/2021:06:13:11 +0800] "GET /xingrg/kc/print/load_config.html?kc_code=mdps HTTP/1.1" 200 2396
120.253.135.82 - - [17/May/2021:06:13:11 +0800] "GET /xingrg/kc/print/load_data.html?order_code=312021051700439&kc_code=mdps&condition= HTTP/1.1" 200 1164
120.253.135.82 - - [17/May/2021:06:13:19 +0800] "POST /xingrg/kc/pszx/mdps_list_operate.html HTTP/1.1" 200 3864
116.230.114.112 - - [17/May/2021:06:13:21 +0800] "GET /xingrg/all/function/internal_message.html?_=1621203201593&CODE_STATE=getMsg HTTP/1.1" 302 -
120.253.135.82 - - [17/May/2021:06:13:22 +0800] "POST /xingrg/kc/pszx/mdps_list_operate.html HTTP/1.1" 200 627
120.253.135.82 - - [17/May/2021:06:13:23 +0800] "GET /xingrg/kc/pszx/mdps_order_info.html?code=312021051700440 HTTP/1.1" 200 23925
120.253.135.82 - - [17/May/2021:06:13:23 +0800] "POST /xingrg/kc/pszx/mdps_order_operate.html HTTP/1.1" 200 5854
120.253.135.82 - - [17/May/2021:06:13:23 +0800] "GET /xingrg/javascript/easyui/themes/default/validatebox.css HTTP/1.1" 404 1104
120.253.135.82 - - [17/May/2021:06:13:30 +0800] "GET /xingrg/kc/print/load_data.html?order_code=312021051700440&kc_code=mdps&condition= HTTP/1.1" 200 2372
116.224.253.72 - - [17/May/2021:06:13:31 +0800] "GET /xingrg/all/function/internal_message.html?_=1621203211920&CODE_STATE=getMsg HTTP/1.1" 200 27
120.253.135.82 - - [17/May/2021:06:13:36 +0800] "POST /xingrg/kc/pszx/mdps_list_operate.html HTTP/1.1" 200 3864
116.230.114.112 - - [17/May/2021:06:13:36 +0800] "GET /xingrg/all/function/internal_message.html?_=1621203217110&CODE_STATE=getMsg HTTP/1.1" 200 27
116.224.253.72 - - [17/May/2021:06:13:43 +0800] "GET /xingrg/all/function/internal_message.html?_=1621203206819&CODE_STATE=getMsg HTTP/1.1" 200 27
58.37.225.51 - - [17/May/2021:06:13:44 +0800] "GET /xingrg/all/function/internal_message.html?_=1621203228396&CODE_STATE=getMsg HTTP/1.1" 200 27
120.253.135.82 - - [17/May/2021:06:13:49 +0800] "GET /xingrg/check_reg.html?_=1621203285719 HTTP/1.1" 200 22
120.253.135.82 - - [17/May/2021:06:13:52 +0800] "GET /xingrg/all/function/internal_message.html?_=1621203288353&CODE_STATE=getMsg HTTP/1.1" 200 27
180.161.124.236 - - [17/May/2021:06:13:54 +0800] "POST /xingrg/services/DataTransmitService HTTP/1.1" 200 524
117.185.32.26 - - [17/May/2021:06:13:59 +0800] "GET /xingrg/all/function/internal_message.html?_=1621203762677&CODE_STATE=getMsg HTTP/1.1" 200 27
180.161.124.236 - - [17/May/2021:06:14:03 +0800] "POST /xingrg/services/DataTransmitService HTTP/1.1" 200 501
180.161.124.236 - - [17/May/2021:06:14:03 +0800] "POST /xingrg/services/DataTransmitService HTTP/1.1" 200 501
180.161.124.236 - - [17/May/2021:06:14:05 +0800] "POST /xingrg/services/DataTransmitService HTTP/1.1" 200 501
180.161.124.236 - - [17/May/2021:06:14:06 +0800] "POST /xingrg/services/DataTransmitService HTTP/1.1" 200 501
180.161.124.236 - - [17/May/2021:06:14:06 +0800] "POST /xingrg/services/DataTransmitService HTTP/1.1" 200 501
180.161.124.236 - - [17/May/2021:06:14:06 +0800] "POST /xingrg/services/DataTransmitService HTTP/1.1" 200 501
180.169.147.146 - - [17/May/2021:06:14:06 +0800] "GET /xingrg/check_reg.html?_=1621203245148 HTTP/1.1" 200 22
180.161.124.236 - - [17/May/2021:06:14:07 +0800] "POST /xingrg/services/DataTransmitService HTTP/1.1" 200 501
180.161.124.236 - - [17/May/2021:06:14:07 +0800] "POST /xingrg/services/DataTransmitService HTTP/1.1" 200 501
180.161.124.236 - - [17/May/2021:06:14:08 +0800] "POST /xingrg/services/DataTransmitService HTTP/1.1" 200 501
180.161.124.236 - - [17/May/2021:06:14:08 +0800] "POST /xingrg/services/DataTransmitService HTTP/1.1" 200 412
116.230.114.112 - - [17/May/2021:06:14:09 +0800] "GET /xingrg/check_reg.html?_=1621203250434 HTTP/1.1" 302 -
120.253.135.82 - - [17/May/2021:06:14:11 +0800] "GET /xingrg/all/function/internal_message.html?_=1621203033064&CODE_STATE=getMsg HTTP/1.1" 200 27
116.230.114.112 - - [17/May/2021:06:14:21 +0800] "GET /xingrg/all/function/internal_message.html?_=1621203261600&CODE_STATE=getMsg HTTP/1.1" 302 -
116.224.253.72 - - [17/May/2021:06:14:31 +0800] "GET /xingrg/all/function/internal_message.html?_=1621203271949&CODE_STATE=getMsg HTTP/1.1" 200 27
116.230.114.112 - - [17/May/2021:06:14:36 +0800] "GET /xingrg/all/function/internal_message.html?_=1621203277142&CODE_STATE=getMsg HTTP/1.1" 200 27
116.224.253.72 - - [17/May/2021:06:14:43 +0800] "GET /xingrg/all/function/internal_message.html?_=1621203266863&CODE_STATE=getMsg HTTP/1.1" 200 27
58.37.225.51 - - [17/May/2021:06:14:44 +0800] "GET /xingrg/all/function/internal_message.html?_=1621203288395&CODE_STATE=getMsg HTTP/1.1" 200 27
120.253.135.82 - - [17/May/2021:06:14:52 +0800] "GET /xingrg/all/function/internal_message.html?_=1621203348366&CODE_STATE=getMsg HTTP/1.1" 200 27
117.185.32.26 - - [17/May/2021:06:14:59 +0800] "GET /xingrg/all/function/internal_message.html?_=1621203822651&CODE_STATE=getMsg HTTP/1.1" 200 27
116.224.253.72 - - [17/May/2021:06:15:01 +0800] "GET /xingrg/check_reg.html?_=1621203284563 HTTP/1.1" 200 22
120.253.135.82 - - [17/May/2021:06:15:11 +0800] "GET /xingrg/all/function/internal_message.html?_=1621203093080&CODE_STATE=getMsg HTTP/1.1" 200 27
120.253.135.82 - - [17/May/2021:06:15:15 +0800] "GET /xingrg/kc/pszx/mdqp_order_list.html?state=10 HTTP/1.1" 200 16399
120.253.135.82 - - [17/May/2021:06:15:15 +0800] "GET /xingrg/dwr/interface/AjaxReportQueryService.js HTTP/1.1" 200 13203
120.253.135.82 - - [17/May/2021:06:15:15 +0800] "GET /xingrg/dwr/interface/AjaxQqpsService.js HTTP/1.1" 200 16326
120.253.135.82 - - [17/May/2021:06:15:15 +0800] "GET /xingrg/dwr/engine.js HTTP/1.1" 200 43631
120.253.135.82 - - [17/May/2021:06:15:18 +0800] "GET /xingrg/kc/pszx/mdqp_order_info.html?code=302021051600352 HTTP/1.1" 200 13350
120.253.135.82 - - [17/May/2021:06:15:18 +0800] "GET /xingrg/dwr/interface/AjaxQqpsService.js HTTP/1.1" 200 16326
120.253.135.82 - - [17/May/2021:06:15:18 +0800] "GET /xingrg/dwr/interface/AjaxComOrderService.js HTTP/1.1" 200 18264
120.253.135.82 - - [17/May/2021:06:15:18 +0800] "GET /xingrg/dwr/engine.js HTTP/1.1" 200 43631
120.253.135.82 - - [17/May/2021:06:15:18 +0800] "POST /xingrg/dwr/call/plaincall/AjaxQqpsService.loadMaterielItems.dwr HTTP/1.1" 200 2618
116.230.114.112 - - [17/May/2021:06:15:21 +0800] "GET /xingrg/all/function/internal_message.html?_=1621203321619&CODE_STATE=getMsg HTTP/1.1" 302 -
116.230.114.112 - - [17/May/2021:06:15:24 +0800] "GET /xingrg/check_reg.html?_=1621203324828 HTTP/1.1" 200 22
120.253.135.82 - - [17/May/2021:06:15:26 +0800] "GET /xingrg/images/yd/bt.gif HTTP/1.1" 404 1040
120.253.135.82 - - [17/May/2021:06:15:26 +0800] "GET /xingrg/images/yd/bt2.gif HTTP/1.1" 404 1042
120.253.135.82 - - [17/May/2021:06:15:27 +0800] "GET /xingrg/kc/pszx/mdqp_order_list.html?isBack=1 HTTP/1.1" 302 -
120.253.135.82 - - [17/May/2021:06:15:27 +0800] "GET /xingrg/kc/pszx/mdqp_order_list.html?state=10 HTTP/1.1" 200 16399
120.253.135.82 - - [17/May/2021:06:15:28 +0800] "GET /xingrg/dwr/interface/AjaxReportQueryService.js HTTP/1.1" 200 13203
120.253.135.82 - - [17/May/2021:06:15:28 +0800] "GET /xingrg/dwr/interface/AjaxQqpsService.js HTTP/1.1" 200 16326
120.253.135.82 - - [17/May/2021:06:15:28 +0800] "GET /xingrg/dwr/engine.js HTTP/1.1" 200 43631
120.253.135.82 - - [17/May/2021:06:15:29 +0800] "GET /xingrg/kc/pszx/mdqp_order_info.html?code=302021051600354 HTTP/1.1" 200 13350
120.253.135.82 - - [17/May/2021:06:15:29 +0800] "GET /xingrg/dwr/interface/AjaxComOrderService.js HTTP/1.1" 200 18264
120.253.135.82 - - [17/May/2021:06:15:29 +0800] "GET /xingrg/dwr/interface/AjaxQqpsService.js HTTP/1.1" 200 16326
120.253.135.82 - - [17/May/2021:06:15:29 +0800] "GET /xingrg/dwr/engine.js HTTP/1.1" 200 43631
120.253.135.82 - - [17/May/2021:06:15:30 +0800] "POST /xingrg/dwr/call/plaincall/AjaxQqpsService.loadMaterielItems.dwr HTTP/1.1" 200 1708
116.224.253.72 - - [17/May/2021:06:15:31 +0800] "GET /xingrg/all/function/internal_message.html?_=1621203331950&CODE_STATE=getMsg HTTP/1.1" 200 27
116.230.114.112 - - [17/May/2021:06:15:36 +0800] "GET /xingrg/all/function/internal_message.html?_=1621203337152&CODE_STATE=getMsg HTTP/1.1" 200 27
120.253.135.82 - - [17/May/2021:06:15:39 +0800] "GET /xingrg/kc/pszx/mdqp_order_list.html?isBack=1 HTTP/1.1" 302 -
120.253.135.82 - - [17/May/2021:06:15:39 +0800] "GET /xingrg/kc/pszx/mdqp_order_list.html?state=10 HTTP/1.1" 200 16399
120.253.135.82 - - [17/May/2021:06:15:39 +0800] "GET /xingrg/dwr/interface/AjaxQqpsService.js HTTP/1.1" 200 16326
120.253.135.82 - - [17/May/2021:06:15:39 +0800] "GET /xingrg/dwr/interface/AjaxReportQueryService.js HTTP/1.1" 200 13203
120.253.135.82 - - [17/May/2021:06:15:39 +0800] "GET /xingrg/dwr/engine.js HTTP/1.1" 200 43631
120.253.135.82 - - [17/May/2021:06:15:42 +0800] "GET /xingrg/kc/pszx/mdqp_order_info.html?code=302021051600355 HTTP/1.1" 200 13350
120.253.135.82 - - [17/May/2021:06:15:42 +0800] "GET /xingrg/dwr/interface/AjaxComOrderService.js HTTP/1.1" 200 18264
120.253.135.82 - - [17/May/2021:06:15:42 +0800] "GET /xingrg/dwr/interface/AjaxQqpsService.js HTTP/1.1" 200 16326
120.253.135.82 - - [17/May/2021:06:15:42 +0800] "GET /xingrg/dwr/engine.js HTTP/1.1" 200 43631
120.253.135.82 - - [17/May/2021:06:15:42 +0800] "POST /xingrg/dwr/call/plaincall/AjaxQqpsService.loadMaterielItems.dwr HTTP/1.1" 200 2314
116.224.253.72 - - [17/May/2021:06:15:43 +0800] "GET /xingrg/all/function/internal_message.html?_=1621203326879&CODE_STATE=getMsg HTTP/1.1" 200 27
58.37.225.51 - - [17/May/2021:06:15:44 +0800] "GET /xingrg/all/function/internal_message.html?_=1621203348394&CODE_STATE=getMsg HTTP/1.1" 200 27
120.253.135.82 - - [17/May/2021:06:15:51 +0800] "GET /xingrg/kc/pszx/mdqp_order_list.html?isBack=1 HTTP/1.1" 302 -
120.253.135.82 - - [17/May/2021:06:15:51 +0800] "GET /xingrg/kc/pszx/mdqp_order_list.html?state=10 HTTP/1.1" 200 16399
120.253.135.82 - - [17/May/2021:06:15:51 +0800] "GET /xingrg/dwr/interface/AjaxQqpsService.js HTTP/1.1" 200 16326
120.253.135.82 - - [17/May/2021:06:15:51 +0800] "GET /xingrg/dwr/interface/AjaxReportQueryService.js HTTP/1.1" 200 13203
120.253.135.82 - - [17/May/2021:06:15:51 +0800] "GET /xingrg/dwr/engine.js HTTP/1.1" 200 43631
120.253.135.82 - - [17/May/2021:06:15:52 +0800] "GET /xingrg/all/function/internal_message.html?_=1621203408379&CODE_STATE=getMsg HTTP/1.1" 200 27
120.253.135.82 - - [17/May/2021:06:15:53 +0800] "GET /xingrg/kc/pszx/mdqp_order_info.html?code=302021051600356 HTTP/1.1" 200 13350
120.253.135.82 - - [17/May/2021:06:15:53 +0800] "GET /xingrg/dwr/interface/AjaxComOrderService.js HTTP/1.1" 200 18264
120.253.135.82 - - [17/May/2021:06:15:53 +0800] "GET /xingrg/dwr/interface/AjaxQqpsService.js HTTP/1.1" 200 16326
120.253.135.82 - - [17/May/2021:06:15:53 +0800] "GET /xingrg/dwr/engine.js HTTP/1.1" 200 43631
120.253.135.82 - - [17/May/2021:06:15:54 +0800] "POST /xingrg/dwr/call/plaincall/AjaxQqpsService.loadMaterielItems.dwr HTTP/1.1" 200 369
120.253.135.82 - - [17/May/2021:06:15:56 +0800] "GET /xingrg/kc/pszx/mdqp_order_list.html?isBack=1 HTTP/1.1" 302 -
120.253.135.82 - - [17/May/2021:06:15:56 +0800] "GET /xingrg/kc/pszx/mdqp_order_list.html?state=10 HTTP/1.1" 200 16399
120.253.135.82 - - [17/May/2021:06:15:56 +0800] "GET /xingrg/dwr/interface/AjaxReportQueryService.js HTTP/1.1" 200 13203
120.253.135.82 - - [17/May/2021:06:15:56 +0800] "GET /xingrg/dwr/interface/AjaxQqpsService.js HTTP/1.1" 200 16326
120.253.135.82 - - [17/May/2021:06:15:56 +0800] "GET /xingrg/dwr/engine.js HTTP/1.1" 200 43631
117.185.32.26 - - [17/May/2021:06:15:59 +0800] "GET /xingrg/all/function/internal_message.html?_=1621203882636&CODE_STATE=getMsg HTTP/1.1" 200 27
120.253.135.82 - - [17/May/2021:06:16:08 +0800] "GET /xingrg/kc/pszx/jzcl_ps.html HTTP/1.1" 200 7683
120.253.135.82 - - [17/May/2021:06:16:09 +0800] "POST /xingrg/all/common/load_tree.html?tree=area_rest_tree_json HTTP/1.1" 200 3344
120.253.135.82 - - [17/May/2021:06:16:09 +0800] "GET /xingrg/check_reg.html?_=1621203150712 HTTP/1.1" 200 22
120.253.135.82 - - [17/May/2021:06:16:09 +0800] "POST /xingrg/kc/pszx/jzcl_ps_operate.html HTTP/1.1" 200 7652
120.253.135.82 - - [17/May/2021:06:16:09 +0800] "POST /xingrg/kc/pszx/jzcl_ps_operate.html HTTP/1.1" 200 7652
120.253.135.82 - - [17/May/2021:06:16:11 +0800] "GET /xingrg/all/function/internal_message.html?_=1621203153093&CODE_STATE=getMsg HTTP/1.1" 200 27
117.185.32.26 - - [17/May/2021:06:16:18 +0800] "GET /xingrg/check_reg.html?_=1621203901358 HTTP/1.1" 200 22
120.253.135.82 - - [17/May/2021:06:16:20 +0800] "POST /xingrg/kc/pszx/jzcl_ps_operate.html HTTP/1.1" 200 4
116.230.114.112 - - [17/May/2021:06:16:21 +0800] "GET /xingrg/all/function/internal_message.html?_=1621203381627&CODE_STATE=getMsg HTTP/1.1" 302 -
120.253.135.82 - - [17/May/2021:06:16:22 +0800] "GET /xingrg/kc/pszx/mdps_order_list.html HTTP/1.1" 200 20793
120.253.135.82 - - [17/May/2021:06:16:23 +0800] "POST /xingrg/kc/pszx/mdps_list_operate.html HTTP/1.1" 200 5306
116.224.253.72 - - [17/May/2021:06:16:31 +0800] "GET /xingrg/check_reg.html?_=1621203391955 HTTP/1.1" 200 22
116.224.253.72 - - [17/May/2021:06:16:31 +0800] "GET /xingrg/all/function/internal_message.html?_=1621203391969&CODE_STATE=getMsg HTTP/1.1" 200 27
116.230.114.112 - - [17/May/2021:06:16:36 +0800] "GET /xingrg/all/function/internal_message.html?_=1621203397165&CODE_STATE=getMsg HTTP/1.1" 200 27
120.253.135.82 - - [17/May/2021:06:16:36 +0800] "POST /xingrg/kc/pszx/mdps_list_operate.html HTTP/1.1" 200 2808
120.253.135.82 - - [17/May/2021:06:16:38 +0800] "POST /xingrg/kc/pszx/mdps_list_operate.html HTTP/1.1" 200 583
120.253.135.82 - - [17/May/2021:06:16:39 +0800] "GET /xingrg/kc/pszx/mdps_order_info.html?code=312021051700442 HTTP/1.1" 200 23931
120.253.135.82 - - [17/May/2021:06:16:39 +0800] "GET /xingrg/javascript/easyui/themes/default/validatebox.css HTTP/1.1" 404 1104
120.253.135.82 - - [17/May/2021:06:16:39 +0800] "POST /xingrg/kc/pszx/mdps_order_operate.html HTTP/1.1" 200 5705
120.253.135.82 - - [17/May/2021:06:16:42 +0800] "POST /xingrg/kc/pszx/mdps_order_operate.html HTTP/1.1" 200 37
116.224.253.72 - - [17/May/2021:06:16:43 +0800] "GET /xingrg/all/function/internal_message.html?_=1621203386891&CODE_STATE=getMsg HTTP/1.1" 200 27
120.253.135.82 - - [17/May/2021:06:16:43 +0800] "GET /xingrg/kc/pszx/mdps_order_info.html?code=312021051700442 HTTP/1.1" 200 23931
120.253.135.82 - - [17/May/2021:06:16:43 +0800] "GET /xingrg/javascript/easyui/themes/default/validatebox.css HTTP/1.1" 404 1104
120.253.135.82 - - [17/May/2021:06:16:43 +0800] "POST /xingrg/kc/pszx/mdps_order_operate.html HTTP/1.1" 200 5765
58.37.225.51 - - [17/May/2021:06:16:44 +0800] "GET /xingrg/all/function/internal_message.html?_=1621203408394&CODE_STATE=getMsg HTTP/1.1" 200 27
58.37.225.51 - - [17/May/2021:06:16:44 +0800] "GET /xingrg/check_reg.html?_=1621203408394 HTTP/1.1" 200 22
120.253.135.82 - - [17/May/2021:06:16:52 +0800] "GET /xingrg/all/function/internal_message.html?_=1621203468441&CODE_STATE=getMsg HTTP/1.1" 200 27
120.253.135.82 - - [17/May/2021:06:16:55 +0800] "POST /xingrg/kc/pszx/mdps_order_operate.html HTTP/1.1" 200 37
120.253.135.82 - - [17/May/2021:06:16:56 +0800] "GET /xingrg/kc/pszx/mdps_order_info.html?code=312021051700442 HTTP/1.1" 200 23931
120.253.135.82 - - [17/May/2021:06:16:56 +0800] "GET /xingrg/javascript/easyui/themes/default/validatebox.css HTTP/1.1" 404 1104
120.253.135.82 - - [17/May/2021:06:16:56 +0800] "POST /xingrg/kc/pszx/mdps_order_operate.html HTTP/1.1" 200 5765
117.185.32.26 - - [17/May/2021:06:16:59 +0800] "GET /xingrg/all/function/internal_message.html?_=1621203942607&CODE_STATE=getMsg HTTP/1.1" 200 27
120.253.135.82 - - [17/May/2021:06:17:08 +0800] "GET /xingrg/kc/pszx/mdps_order_operate.html?command=get_materiel&pszx_code=00101&rest_code=00104&base_code=0010246&code=00101018012 HTTP/1.1" 200 475
120.253.135.82 - - [17/May/2021:06:17:11 +0800] "POST /xingrg/all/common/load_select.html HTTP/1.1" 200 25
120.253.135.82 - - [17/May/2021:06:17:11 +0800] "GET /xingrg/all/function/internal_message.html?_=1621203213106&CODE_STATE=getMsg HTTP/1.1" 200 27
120.253.135.82 - - [17/May/2021:06:17:13 +0800] "GET /xingrg/kc/pszx/mdps_order_operate.html?command=get_materiel_price&pszx_code=00101&rest_code=00104&base_code=0010246&code=00101018012&unit_code=00100078&order_time=2021-05-18 HTTP/1.1" 200 35
116.230.114.112 - - [17/May/2021:06:17:21 +0800] "GET /xingrg/all/function/internal_message.html?_=1621203441647&CODE_STATE=getMsg HTTP/1.1" 302 -
120.253.135.82 - - [17/May/2021:06:17:26 +0800] "POST /xingrg/kc/pszx/mdps_order_operate.html HTTP/1.1" 200 37
120.253.135.82 - - [17/May/2021:06:17:27 +0800] "GET /xingrg/kc/pszx/mdps_order_info.html?code=312021051700442 HTTP/1.1" 200 23931
120.253.135.82 - - [17/May/2021:06:17:27 +0800] "POST /xingrg/kc/pszx/mdps_order_operate.html HTTP/1.1" 200 5768
120.253.135.82 - - [17/May/2021:06:17:27 +0800] "GET /xingrg/javascript/easyui/themes/default/validatebox.css HTTP/1.1" 404 1104
116.224.253.72 - - [17/May/2021:06:17:31 +0800] "GET /xingrg/all/function/internal_message.html?_=1621203451958&CODE_STATE=getMsg HTTP/1.1" 200 27
116.230.114.112 - - [17/May/2021:06:17:36 +0800] "GET /xingrg/all/function/internal_message.html?_=1621203457189&CODE_STATE=getMsg HTTP/1.1" 200 27
116.224.253.72 - - [17/May/2021:06:17:43 +0800] "GET /xingrg/all/function/internal_message.html?_=1621203446934&CODE_STATE=getMsg HTTP/1.1" 200 27
58.37.225.51 - - [17/May/2021:06:17:44 +0800] "GET /xingrg/all/function/internal_message.html?_=1621203468394&CODE_STATE=getMsg HTTP/1.1" 200 27
120.253.135.82 - - [17/May/2021:06:17:52 +0800] "GET /xingrg/all/function/internal_message.html?_=1621203528453&CODE_STATE=getMsg HTTP/1.1" 200 27
117.185.32.26 - - [17/May/2021:06:17:59 +0800] "GET /xingrg/all/function/internal_message.html?_=1621204002595&CODE_STATE=getMsg HTTP/1.1" 200 27
120.253.135.82 - - [17/May/2021:06:18:11 +0800] "GET /xingrg/all/function/internal_message.html?_=1621203273120&CODE_STATE=getMsg HTTP/1.1" 200 27
116.230.114.112 - - [17/May/2021:06:18:21 +0800] "GET /xingrg/all/function/internal_message.html?_=1621203501654&CODE_STATE=getMsg HTTP/1.1" 302 -
116.224.253.72 - - [17/May/2021:06:18:31 +0800] "GET /xingrg/all/function/internal_message.html?_=1621203511958&CODE_STATE=getMsg HTTP/1.1" 200 27
116.230.114.112 - - [17/May/2021:06:18:36 +0800] "GET /xingrg/all/function/internal_message.html?_=1621203517193&CODE_STATE=getMsg HTTP/1.1" 200 27
116.224.253.72 - - [17/May/2021:06:18:43 +0800] "GET /xingrg/all/function/internal_message.html?_=1621203506950&CODE_STATE=getMsg HTTP/1.1" 200 27
58.37.225.51 - - [17/May/2021:06:18:44 +0800] "GET /xingrg/all/function/internal_message.html?_=1621203528394&CODE_STATE=getMsg HTTP/1.1" 200 27
120.253.135.82 - - [17/May/2021:06:18:49 +0800] "GET /xingrg/check_reg.html?_=1621203585776 HTTP/1.1" 200 22
120.253.135.82 - - [17/May/2021:06:18:52 +0800] "GET /xingrg/all/function/internal_message.html?_=1621203588467&CODE_STATE=getMsg HTTP/1.1" 200 27
117.185.32.26 - - [17/May/2021:06:18:59 +0800] "GET /xingrg/all/function/internal_message.html?_=1621204062580&CODE_STATE=getMsg HTTP/1.1" 200 27
180.169.147.146 - - [17/May/2021:06:19:06 +0800] "GET /xingrg/check_reg.html?_=1621203545170 HTTP/1.1" 200 22
116.230.114.112 - - [17/May/2021:06:19:09 +0800] "GET /xingrg/check_reg.html?_=1621203550449 HTTP/1.1" 302 -
120.253.135.82 - - [17/May/2021:06:19:11 +0800] "GET /xingrg/all/function/internal_message.html?_=1621203333134&CODE_STATE=getMsg HTTP/1.1" 200 27
116.230.114.112 - - [17/May/2021:06:19:21 +0800] "GET /xingrg/all/function/internal_message.html?_=1621203561674&CODE_STATE=getMsg HTTP/1.1" 302 -
116.224.253.72 - - [17/May/2021:06:19:31 +0800] "GET /xingrg/all/function/internal_message.html?_=1621203571976&CODE_STATE=getMsg HTTP/1.1" 200 27
116.230.114.112 - - [17/May/2021:06:19:36 +0800] "GET /xingrg/all/function/internal_message.html?_=1621203577220&CODE_STATE=getMsg HTTP/1.1" 200 27
116.224.253.72 - - [17/May/2021:06:19:43 +0800] "GET /xingrg/all/function/internal_message.html?_=1621203566992&CODE_STATE=getMsg HTTP/1.1" 200 27
61.129.6.227 - - [17/May/2021:06:19:44 +0800] "GET /xingrg/all/function/internal_message.html?_=1621203528394&CODE_STATE=getMsg HTTP/1.1" 302 -
61.129.6.227 - - [17/May/2021:06:19:44 +0800] "GET /xingrg/login.html HTTP/1.1" 200 7641
58.37.225.51 - - [17/May/2021:06:19:44 +0800] "GET /xingrg/all/function/internal_message.html?_=1621203588393&CODE_STATE=getMsg HTTP/1.1" 200 27
120.253.135.82 - - [17/May/2021:06:19:52 +0800] "GET /xingrg/all/function/internal_message.html?_=1621203648480&CODE_STATE=getMsg HTTP/1.1" 200 27
120.253.135.82 - - [17/May/2021:06:19:56 +0800] "POST /xingrg/kc/pszx/mdps_order_operate.html HTTP/1.1" 200 37
120.253.135.82 - - [17/May/2021:06:19:57 +0800] "GET /xingrg/kc/pszx/mdps_order_info.html?code=312021051700442 HTTP/1.1" 200 23931
120.253.135.82 - - [17/May/2021:06:19:57 +0800] "POST /xingrg/kc/pszx/mdps_order_operate.html HTTP/1.1" 200 5768
120.253.135.82 - - [17/May/2021:06:19:57 +0800] "GET /xingrg/javascript/easyui/themes/default/validatebox.css HTTP/1.1" 404 1104
117.185.32.26 - - [17/May/2021:06:19:59 +0800] "GET /xingrg/all/function/internal_message.html?_=1621204122582&CODE_STATE=getMsg HTTP/1.1" 200 27
116.224.253.72 - - [17/May/2021:06:20:01 +0800] "GET /xingrg/check_reg.html?_=1621203584565 HTTP/1.1" 200 22
120.253.135.82 - - [17/May/2021:06:20:05 +0800] "GET /xingrg/kc/pszx/mdps_order_info.html?code=312021051700442 HTTP/1.1" 200 23931
120.253.135.82 - - [17/May/2021:06:20:05 +0800] "GET /xingrg/javascript/easyui/themes/default/validatebox.css HTTP/1.1" 404 1104
120.253.135.82 - - [17/May/2021:06:20:05 +0800] "POST /xingrg/kc/pszx/mdps_order_operate.html HTTP/1.1" 200 5768
120.253.135.82 - - [17/May/2021:06:20:08 +0800] "POST /xingrg/kc/pszx/mdps_list_operate.html HTTP/1.1" 200 2808
120.253.135.82 - - [17/May/2021:06:20:10 +0800] "POST /xingrg/kc/pszx/mdps_list_operate.html HTTP/1.1" 200 202
120.253.135.82 - - [17/May/2021:06:20:11 +0800] "GET /xingrg/kc/pszx/mdps_order_info.html?code=312021051700443 HTTP/1.1" 200 23931
120.253.135.82 - - [17/May/2021:06:20:11 +0800] "POST /xingrg/kc/pszx/mdps_order_operate.html HTTP/1.1" 200 2286
120.253.135.82 - - [17/May/2021:06:20:11 +0800] "GET /xingrg/javascript/easyui/themes/default/validatebox.css HTTP/1.1" 404 1104
120.253.135.82 - - [17/May/2021:06:20:11 +0800] "GET /xingrg/all/function/internal_message.html?_=1621203393148&CODE_STATE=getMsg HTTP/1.1" 200 27
120.253.135.82 - - [17/May/2021:06:20:13 +0800] "POST /xingrg/all/common/load_combo.html?type=base HTTP/1.1" 200 1075
120.253.135.82 - - [17/May/2021:06:20:19 +0800] "POST /xingrg/kc/pszx/mdps_order_operate.html HTTP/1.1" 200 37
120.253.135.82 - - [17/May/2021:06:20:20 +0800] "GET /xingrg/kc/pszx/mdps_order_info.html?code=312021051700443 HTTP/1.1" 200 23929
116.230.114.112 - - [17/May/2021:06:20:21 +0800] "GET /xingrg/all/function/internal_message.html?_=1621203621681&CODE_STATE=getMsg HTTP/1.1" 302 -
120.253.135.82 - - [17/May/2021:06:20:21 +0800] "POST /xingrg/kc/pszx/mdps_order_operate.html HTTP/1.1" 200 2294
120.253.135.82 - - [17/May/2021:06:20:21 +0800] "GET /xingrg/javascript/easyui/themes/default/validatebox.css HTTP/1.1" 404 1104
120.253.135.82 - - [17/May/2021:06:20:23 +0800] "POST /xingrg/kc/pszx/mdps_list_operate.html HTTP/1.1" 200 2805
116.230.114.112 - - [17/May/2021:06:20:24 +0800] "GET /xingrg/check_reg.html?_=1621203624833 HTTP/1.1" 200 22
120.253.135.82 - - [17/May/2021:06:20:25 +0800] "POST /xingrg/kc/pszx/mdps_list_operate.html HTTP/1.1" 200 616
120.253.135.82 - - [17/May/2021:06:20:26 +0800] "GET /xingrg/kc/pszx/mdps_order_info.html?code=312021051700444 HTTP/1.1" 200 23931
120.253.135.82 - - [17/May/2021:06:20:26 +0800] "GET /xingrg/javascript/easyui/themes/default/validatebox.css HTTP/1.1" 404 1104
120.253.135.82 - - [17/May/2021:06:20:26 +0800] "POST /xingrg/kc/pszx/mdps_order_operate.html HTTP/1.1" 200 4721
120.253.135.82 - - [17/May/2021:06:20:28 +0800] "POST /xingrg/all/common/load_combo.html?type=base HTTP/1.1" 200 1075
116.224.253.72 - - [17/May/2021:06:20:31 +0800] "GET /xingrg/all/function/internal_message.html?_=1621203631983&CODE_STATE=getMsg HTTP/1.1" 200 27
120.253.135.82 - - [17/May/2021:06:20:32 +0800] "POST /xingrg/kc/pszx/mdps_order_operate.html HTTP/1.1" 200 37
120.253.135.82 - - [17/May/2021:06:20:33 +0800] "GET /xingrg/kc/pszx/mdps_order_info.html?code=312021051700444 HTTP/1.1" 200 23931
120.253.135.82 - - [17/May/2021:06:20:34 +0800] "GET /xingrg/javascript/easyui/themes/default/validatebox.css HTTP/1.1" 404 1104
120.253.135.82 - - [17/May/2021:06:20:34 +0800] "POST /xingrg/kc/pszx/mdps_order_operate.html HTTP/1.1" 200 4768
116.230.114.112 - - [17/May/2021:06:20:36 +0800] "GET /xingrg/all/function/internal_message.html?_=1621203637236&CODE_STATE=getMsg HTTP/1.1" 200 27
116.224.253.72 - - [17/May/2021:06:20:43 +0800] "GET /xingrg/all/function/internal_message.html?_=1621203626993&CODE_STATE=getMsg HTTP/1.1" 200 27
58.37.225.51 - - [17/May/2021:06:20:44 +0800] "GET /xingrg/all/function/internal_message.html?_=1621203648392&CODE_STATE=getMsg HTTP/1.1" 200 27
120.253.135.82 - - [17/May/2021:06:20:52 +0800] "GET /xingrg/all/function/internal_message.html?_=1621203708495&CODE_STATE=getMsg HTTP/1.1" 200 27
120.253.135.82 - - [17/May/2021:06:20:55 +0800] "GET /xingrg/kc/pszx/mdps_order_operate.html?command=get_materiel&pszx_code=00101&rest_code=00104&base_code=0010250&code=00101017003 HTTP/1.1" 200 447
117.185.32.26 - - [17/May/2021:06:20:59 +0800] "GET /xingrg/all/function/internal_message.html?_=1621204182553&CODE_STATE=getMsg HTTP/1.1" 200 27
120.253.135.82 - - [17/May/2021:06:21:06 +0800] "GET /xingrg/kc/pszx/mdps_order_operate.html?command=get_materiel&pszx_code=00101&rest_code=00104&base_code=0010250&code=00102002940 HTTP/1.1" 200 433
120.253.135.82 - - [17/May/2021:06:21:09 +0800] "GET /xingrg/check_reg.html?_=1621203450716 HTTP/1.1" 200 22
120.253.135.82 - - [17/May/2021:06:21:11 +0800] "GET /xingrg/all/function/internal_message.html?_=1621203453160&CODE_STATE=getMsg HTTP/1.1" 200 27
120.253.135.82 - - [17/May/2021:06:21:14 +0800] "POST /xingrg/kc/pszx/mdps_order_operate.html HTTP/1.1" 200 37
120.253.135.82 - - [17/May/2021:06:21:15 +0800] "GET /xingrg/kc/pszx/mdps_order_info.html?code=312021051700444 HTTP/1.1" 200 23931
120.253.135.82 - - [17/May/2021:06:21:15 +0800] "POST /xingrg/kc/pszx/mdps_order_operate.html HTTP/1.1" 200 4778
120.253.135.82 - - [17/May/2021:06:21:15 +0800] "GET /xingrg/javascript/easyui/themes/default/validatebox.css HTTP/1.1" 404 1104
120.253.135.82 - - [17/May/2021:06:21:17 +0800] "POST /xingrg/kc/pszx/mdps_list_operate.html HTTP/1.1" 200 2806
117.185.32.26 - - [17/May/2021:06:21:18 +0800] "GET /xingrg/check_reg.html?_=1621204201384 HTTP/1.1" 200 22
120.253.135.82 - - [17/May/2021:06:21:19 +0800] "POST /xingrg/kc/pszx/mdps_list_operate.html HTTP/1.1" 200 648
120.253.135.82 - - [17/May/2021:06:21:20 +0800] "GET /xingrg/kc/pszx/mdps_order_info.html?code=312021051700445 HTTP/1.1" 200 23931
116.230.114.112 - - [17/May/2021:06:21:21 +0800] "GET /xingrg/all/function/internal_message.html?_=1621203681702&CODE_STATE=getMsg HTTP/1.1" 302 -
120.253.135.82 - - [17/May/2021:06:21:21 +0800] "POST /xingrg/kc/pszx/mdps_order_operate.html HTTP/1.1" 200 5874
120.253.135.82 - - [17/May/2021:06:21:21 +0800] "GET /xingrg/javascript/easyui/themes/default/validatebox.css HTTP/1.1" 404 1104
120.253.135.82 - - [17/May/2021:06:21:24 +0800] "POST /xingrg/kc/pszx/mdps_order_operate.html HTTP/1.1" 200 37
120.253.135.82 - - [17/May/2021:06:21:25 +0800] "GET /xingrg/kc/pszx/mdps_order_info.html?code=312021051700445 HTTP/1.1" 200 23931
120.253.135.82 - - [17/May/2021:06:21:25 +0800] "GET /xingrg/javascript/easyui/themes/default/validatebox.css HTTP/1.1" 404 1104
120.253.135.82 - - [17/May/2021:06:21:25 +0800] "POST /xingrg/kc/pszx/mdps_order_operate.html HTTP/1.1" 200 5940
116.224.253.72 - - [17/May/2021:06:21:31 +0800] "GET /xingrg/check_reg.html?_=1621203691993 HTTP/1.1" 200 22
116.224.253.72 - - [17/May/2021:06:21:31 +0800] "GET /xingrg/all/function/internal_message.html?_=1621203691996&CODE_STATE=getMsg HTTP/1.1" 200 27
120.253.135.82 - - [17/May/2021:06:21:32 +0800] "POST /xingrg/all/common/load_select.html HTTP/1.1" 200 25
120.253.135.82 - - [17/May/2021:06:21:34 +0800] "GET /xingrg/kc/pszx/mdps_order_operate.html?command=get_materiel_price&pszx_code=00101&rest_code=00104&base_code=0010246&code=00101019133&unit_code=00100189&order_time=2021-05-18 HTTP/1.1" 200 34
116.230.114.112 - - [17/May/2021:06:21:36 +0800] "GET /xingrg/all/function/internal_message.html?_=1621203697250&CODE_STATE=getMsg HTTP/1.1" 200 27
116.224.253.72 - - [17/May/2021:06:21:43 +0800] "GET /xingrg/all/function/internal_message.html?_=1621203687006&CODE_STATE=getMsg HTTP/1.1" 200 27
61.151.178.217 - - [17/May/2021:06:21:44 +0800] "GET /xingrg/all/function/internal_message.html?_=1621203648392&CODE_STATE=getMsg HTTP/1.1" 302 -
61.151.178.217 - - [17/May/2021:06:21:44 +0800] "GET /xingrg/login.html HTTP/1.1" 200 7641
58.37.225.51 - - [17/May/2021:06:21:44 +0800] "GET /xingrg/all/function/internal_message.html?_=1621203708392&CODE_STATE=getMsg HTTP/1.1" 200 27
58.37.225.51 - - [17/May/2021:06:21:44 +0800] "GET /xingrg/check_reg.html?_=1621203708393 HTTP/1.1" 200 22
120.253.135.82 - - [17/May/2021:06:21:52 +0800] "GET /xingrg/all/function/internal_message.html?_=1621203768557&CODE_STATE=getMsg HTTP/1.1" 200 27
120.253.135.82 - - [17/May/2021:06:21:55 +0800] "POST /xingrg/kc/pszx/mdps_order_operate.html HTTP/1.1" 200 37
120.253.135.82 - - [17/May/2021:06:21:56 +0800] "GET /xingrg/kc/pszx/mdps_order_info.html?code=312021051700445 HTTP/1.1" 200 23931
120.253.135.82 - - [17/May/2021:06:21:57 +0800] "POST /xingrg/kc/pszx/mdps_order_operate.html HTTP/1.1" 200 5936
120.253.135.82 - - [17/May/2021:06:21:57 +0800] "GET /xingrg/javascript/easyui/themes/default/validatebox.css HTTP/1.1" 404 1104
117.185.32.26 - - [17/May/2021:06:21:59 +0800] "GET /xingrg/all/function/internal_message.html?_=1621204242537&CODE_STATE=getMsg HTTP/1.1" 200 27
120.253.135.82 - - [17/May/2021:06:21:59 +0800] "POST /xingrg/kc/pszx/mdps_list_operate.html HTTP/1.1" 200 2805
120.253.135.82 - - [17/May/2021:06:22:06 +0800] "GET /xingrg/kc/pszx/mdqp_order_list.html?state=10 HTTP/1.1" 200 15862
120.253.135.82 - - [17/May/2021:06:22:06 +0800] "GET /xingrg/dwr/interface/AjaxReportQueryService.js HTTP/1.1" 200 13203
120.253.135.82 - - [17/May/2021:06:22:06 +0800] "GET /xingrg/dwr/interface/AjaxQqpsService.js HTTP/1.1" 200 16326
120.253.135.82 - - [17/May/2021:06:22:06 +0800] "GET /xingrg/dwr/engine.js HTTP/1.1" 200 43631
120.253.135.82 - - [17/May/2021:06:22:11 +0800] "GET /xingrg/all/function/internal_message.html?_=1621203513253&CODE_STATE=getMsg HTTP/1.1" 200 27
120.253.135.82 - - [17/May/2021:06:22:16 +0800] "GET /xingrg/kc/pszx/jzcl_ps.html HTTP/1.1" 200 7683
120.253.135.82 - - [17/May/2021:06:22:16 +0800] "POST /xingrg/all/common/load_tree.html?tree=area_rest_tree_json HTTP/1.1" 200 3344
120.253.135.82 - - [17/May/2021:06:22:16 +0800] "POST /xingrg/kc/pszx/jzcl_ps_operate.html HTTP/1.1" 200 5921
120.253.135.82 - - [17/May/2021:06:22:16 +0800] "POST /xingrg/kc/pszx/jzcl_ps_operate.html HTTP/1.1" 200 5921
116.230.114.112 - - [17/May/2021:06:22:21 +0800] "GET /xingrg/all/function/internal_message.html?_=1621203741708&CODE_STATE=getMsg HTTP/1.1" 302 -
120.253.135.82 - - [17/May/2021:06:22:26 +0800] "POST /xingrg/kc/pszx/jzcl_ps_operate.html HTTP/1.1" 200 4
120.253.135.82 - - [17/May/2021:06:22:27 +0800] "GET /xingrg/kc/pszx/mdps_order_list.html HTTP/1.1" 200 20793
120.253.135.82 - - [17/May/2021:06:22:28 +0800] "POST /xingrg/kc/pszx/mdps_list_operate.html HTTP/1.1" 200 5393
116.224.253.72 - - [17/May/2021:06:22:31 +0800] "GET /xingrg/all/function/internal_message.html?_=1621203751983&CODE_STATE=getMsg HTTP/1.1" 200 27
116.230.114.112 - - [17/May/2021:06:22:36 +0800] "GET /xingrg/all/function/internal_message.html?_=1621203757274&CODE_STATE=getMsg HTTP/1.1" 200 27
120.253.135.82 - - [17/May/2021:06:22:42 +0800] "POST /xingrg/kc/pszx/mdps_list_operate.html HTTP/1.1" 200 3550
116.224.253.72 - - [17/May/2021:06:22:43 +0800] "GET /xingrg/all/function/internal_message.html?_=1621203747048&CODE_STATE=getMsg HTTP/1.1" 200 27
120.253.135.82 - - [17/May/2021:06:22:44 +0800] "POST /xingrg/kc/pszx/mdps_list_operate.html HTTP/1.1" 200 530
61.151.178.249 - - [17/May/2021:06:22:44 +0800] "GET /xingrg/check_reg.html?_=1621203708393 HTTP/1.1" 302 -
61.151.178.249 - - [17/May/2021:06:22:44 +0800] "GET /xingrg/login.html HTTP/1.1" 200 7641
58.37.225.51 - - [17/May/2021:06:22:44 +0800] "GET /xingrg/all/function/internal_message.html?_=1621203768392&CODE_STATE=getMsg HTTP/1.1" 200 27
120.253.135.82 - - [17/May/2021:06:22:46 +0800] "POST /xingrg/kc/pszx/mdps_list_operate.html HTTP/1.1" 200 215
120.253.135.82 - - [17/May/2021:06:22:49 +0800] "GET /xingrg/kc/pszx/mdps_order_info.html?code=312021051700446 HTTP/1.1" 200 23931
120.253.135.82 - - [17/May/2021:06:22:49 +0800] "GET /xingrg/javascript/easyui/themes/default/validatebox.css HTTP/1.1" 404 1104
120.253.135.82 - - [17/May/2021:06:22:49 +0800] "POST /xingrg/kc/pszx/mdps_order_operate.html HTTP/1.1" 200 4237
120.253.135.82 - - [17/May/2021:06:22:52 +0800] "GET /xingrg/all/function/internal_message.html?_=1621203828568&CODE_STATE=getMsg HTTP/1.1" 200 27
120.253.135.82 - - [17/May/2021:06:22:52 +0800] "POST /xingrg/kc/pszx/mdps_order_operate.html HTTP/1.1" 200 37
120.253.135.82 - - [17/May/2021:06:22:53 +0800] "GET /xingrg/kc/pszx/mdps_order_info.html?code=312021051700446 HTTP/1.1" 200 23931
120.253.135.82 - - [17/May/2021:06:22:53 +0800] "GET /xingrg/javascript/easyui/themes/default/validatebox.css HTTP/1.1" 404 1104
120.253.135.82 - - [17/May/2021:06:22:53 +0800] "POST /xingrg/kc/pszx/mdps_order_operate.html HTTP/1.1" 200 4275
117.185.32.26 - - [17/May/2021:06:22:59 +0800] "GET /xingrg/all/function/internal_message.html?_=1621204302521&CODE_STATE=getMsg HTTP/1.1" 200 27
120.253.135.82 - - [17/May/2021:06:23:11 +0800] "GET /xingrg/all/function/internal_message.html?_=1621203573266&CODE_STATE=getMsg HTTP/1.1" 200 27
116.230.114.112 - - [17/May/2021:06:23:21 +0800] "GET /xingrg/all/function/internal_message.html?_=1621203801729&CODE_STATE=getMsg HTTP/1.1" 302 -
120.253.135.82 - - [17/May/2021:06:23:23 +0800] "POST /xingrg/kc/pszx/mdps_order_operate.html HTTP/1.1" 200 37
120.253.135.82 - - [17/May/2021:06:23:25 +0800] "GET /xingrg/kc/pszx/mdps_order_info.html?code=312021051700446 HTTP/1.1" 200 23931
120.253.135.82 - - [17/May/2021:06:23:26 +0800] "GET /xingrg/javascript/easyui/themes/default/validatebox.css HTTP/1.1" 404 1104
120.253.135.82 - - [17/May/2021:06:23:26 +0800] "POST /xingrg/kc/pszx/mdps_order_operate.html HTTP/1.1" 200 4274
116.224.253.72 - - [17/May/2021:06:23:31 +0800] "GET /xingrg/all/function/internal_message.html?_=1621203811980&CODE_STATE=getMsg HTTP/1.1" 200 27
116.230.114.112 - - [17/May/2021:06:23:36 +0800] "GET /xingrg/all/function/internal_message.html?_=1621203817276&CODE_STATE=getMsg HTTP/1.1" 200 27
116.224.253.72 - - [17/May/2021:06:23:43 +0800] "GET /xingrg/all/function/internal_message.html?_=1621203807049&CODE_STATE=getMsg HTTP/1.1" 200 27
58.37.225.51 - - [17/May/2021:06:23:44 +0800] "GET /xingrg/all/function/internal_message.html?_=1621203828390&CODE_STATE=getMsg HTTP/1.1" 200 27
117.185.32.26 - - [17/May/2021:06:23:48 +0800] "POST /xingrg/services/DataTransmitService HTTP/1.1" 200 524
117.185.32.26 - - [17/May/2021:06:23:48 +0800] "POST /xingrg/services/DataTransmitService HTTP/1.1" 200 501
120.253.135.82 - - [17/May/2021:06:23:49 +0800] "GET /xingrg/check_reg.html?_=1621203885829 HTTP/1.1" 200 22
120.253.135.82 - - [17/May/2021:06:23:52 +0800] "GET /xingrg/all/function/internal_message.html?_=1621203888581&CODE_STATE=getMsg HTTP/1.1" 200 27
117.185.32.26 - - [17/May/2021:06:23:59 +0800] "GET /xingrg/all/function/internal_message.html?_=1621204362507&CODE_STATE=getMsg HTTP/1.1" 200 27
180.169.147.146 - - [17/May/2021:06:24:06 +0800] "GET /xingrg/check_reg.html?_=1621203845150 HTTP/1.1" 200 22
116.230.114.112 - - [17/May/2021:06:24:09 +0800] "GET /xingrg/check_reg.html?_=1621203850445 HTTP/1.1" 302 -
120.253.135.82 - - [17/May/2021:06:24:11 +0800] "GET /xingrg/all/function/internal_message.html?_=1621203633342&CODE_STATE=getMsg HTTP/1.1" 200 27
