114.88.163.218 - - [17/May/2021:09:38:17 +0800] "GET /xingrg/kc/buy/cgsh_order_operate.html?command=get_materiel&rest_code=00111&code=00101008296&supplier_code=00100005&order_time=2021-05-17 HTTP/1.1" 200 435
180.161.124.236 - - [17/May/2021:09:38:19 +0800] "GET /xingrg/check_reg.html?_=1621215458850 HTTP/1.1" 200 22
114.86.230.59 - - [17/May/2021:09:38:21 +0800] "GET /xingrg/javascript/easyui/themes/default/images/button_plain_hover.png HTTP/1.1" 200 144
114.86.230.59 - - [17/May/2021:09:38:21 +0800] "GET /xingrg/kc/buy/cgsh_order_add.html HTTP/1.1" 200 62032
114.86.230.59 - - [17/May/2021:09:38:21 +0800] "GET /xingrg/javascript/easyui/themes/icons/template_new.png HTTP/1.1" 200 3956
114.86.230.59 - - [17/May/2021:09:38:21 +0800] "GET /xingrg/javascript/easyui/themes/icons/ok.png HTTP/1.1" 200 883
114.86.230.59 - - [17/May/2021:09:38:21 +0800] "POST /xingrg/kc/buy/cgsh_order_operate.html HTTP/1.1" 200 8245
114.86.230.59 - - [17/May/2021:09:38:21 +0800] "GET /xingrg/all/common/auto_word.html?type=employee&rest_code=00109 HTTP/1.1" 200 205
114.86.230.59 - - [17/May/2021:09:38:21 +0800] "GET /xingrg/all/common/auto_word.html?type=employee&rest_code=00109 HTTP/1.1" 200 205
114.86.230.59 - - [17/May/2021:09:38:21 +0800] "GET /xingrg/javascript/easyui/themes/default/validatebox.css HTTP/1.1" 404 1104
61.165.42.208 - - [17/May/2021:09:38:22 +0800] "GET /xingrg/all/function/internal_message.html?_=1621215504408&CODE_STATE=getMsg HTTP/1.1" 200 27
222.69.130.128 - - [17/May/2021:09:38:23 +0800] "GET /xingrg/kc/buy/cgsh_order_operate.html?command=get_materiel&rest_code=00149&code=00101008355&supplier_code=00100005&order_time=2021-05-17 HTTP/1.1" 200 408
116.235.222.38 - - [17/May/2021:09:38:24 +0800] "GET /xingrg/kc/buy/cgsh_order_operate.html?command=get_materiel&rest_code=00107&code=00101008296&supplier_code=00100006&order_time=2021-05-17 HTTP/1.1" 200 435
222.69.130.128 - - [17/May/2021:09:38:28 +0800] "POST /xingrg/kc/buy/cgsh_order_operate.html HTTP/1.1" 200 2065
114.88.163.218 - - [17/May/2021:09:38:29 +0800] "GET /xingrg/kc/buy/cgsh_order_operate.html?command=get_materiel&rest_code=00111&code=00101008349&supplier_code=00100005&order_time=2021-05-17 HTTP/1.1" 200 412
116.230.110.80 - - [17/May/2021:09:38:29 +0800] "GET /xingrg/all/function/internal_message.html?_=1621215509673&CODE_STATE=getMsg HTTP/1.1" 200 27
116.230.110.80 - - [17/May/2021:09:38:29 +0800] "GET /xingrg/check_reg.html?_=1621215509677 HTTP/1.1" 200 22
222.69.130.128 - - [17/May/2021:09:38:33 +0800] "GET /xingrg/kc/buy/cgsh_order_operate.html?command=get_materiel&rest_code=00149&code=00101008144&supplier_code=00100005&order_time=2021-05-17 HTTP/1.1" 200 412
116.235.222.38 - - [17/May/2021:09:38:35 +0800] "GET /xingrg/kc/buy/cgsh_order_operate.html?command=get_materiel&rest_code=00107&code=00101008096&supplier_code=00100006&order_time=2021-05-17 HTTP/1.1" 200 412
116.224.253.72 - - [17/May/2021:09:38:36 +0800] "GET /xingrg/all/function/internal_message.html?_=1621215499390&CODE_STATE=getMsg HTTP/1.1" 200 27
116.230.114.112 - - [17/May/2021:09:38:40 +0800] "GET /xingrg/all/function/internal_message.html?_=1621215521549&CODE_STATE=getMsg HTTP/1.1" 200 27
58.37.225.51 - - [17/May/2021:09:38:44 +0800] "GET /xingrg/all/function/internal_message.html?_=1621215528873&CODE_STATE=getMsg HTTP/1.1" 200 27
114.86.230.59 - - [17/May/2021:09:38:45 +0800] "GET /xingrg/all/function/internal_message.html?_=1621215527337&CODE_STATE=getMsg HTTP/1.1" 200 27
116.235.222.38 - - [17/May/2021:09:38:48 +0800] "GET /xingrg/kc/buy/cgsh_order_operate.html?command=get_materiel&rest_code=00107&code=00101008180&supplier_code=00100006&order_time=2021-05-17 HTTP/1.1" 200 412
222.69.130.128 - - [17/May/2021:09:38:50 +0800] "GET /xingrg/all/function/internal_message.html?_=1621215528246&CODE_STATE=getMsg HTTP/1.1" 200 27
222.69.130.128 - - [17/May/2021:09:38:50 +0800] "GET /xingrg/kc/buy/cgsh_order_operate.html?command=get_materiel&rest_code=00149&code=00101008264&supplier_code=00100005&order_time=2021-05-17 HTTP/1.1" 200 412
120.253.135.82 - - [17/May/2021:09:38:50 +0800] "GET /xingrg/check_reg.html?_=1621215586319 HTTP/1.1" 200 22
114.88.163.218 - - [17/May/2021:09:38:52 +0800] "GET /xingrg/kc/buy/cgsh_order_operate.html?command=get_materiel&rest_code=00111&code=00101008244&supplier_code=00100005&order_time=2021-05-17 HTTP/1.1" 200 408
117.185.32.26 - - [17/May/2021:09:38:53 +0800] "GET /xingrg/check_reg.html?_=1621215529925 HTTP/1.1" 200 22
117.185.32.26 - - [17/May/2021:09:38:53 +0800] "GET /xingrg/all/function/internal_message.html?_=1621215529927&CODE_STATE=getMsg HTTP/1.1" 200 27
61.165.42.208 - - [17/May/2021:09:38:54 +0800] "GET /xingrg/check_reg.html?_=1621215516658 HTTP/1.1" 200 22
61.165.42.208 - - [17/May/2021:09:38:54 +0800] "GET /xingrg/all/function/internal_message.html?_=1621215516661&CODE_STATE=getMsg HTTP/1.1" 200 27
180.169.147.146 - - [17/May/2021:09:38:54 +0800] "GET /xingrg/all/function/internal_message.html?_=1621215534298&CODE_STATE=getMsg HTTP/1.1" 302 -
117.185.32.26 - - [17/May/2021:09:38:56 +0800] "GET /xingrg/all/function/internal_message.html?_=1621216059917&CODE_STATE=getMsg HTTP/1.1" 200 27
180.169.147.146 - - [17/May/2021:09:38:58 +0800] "GET /xingrg/all/function/internal_message.html?_=1621215538722&CODE_STATE=getMsg HTTP/1.1" 200 27
120.253.135.82 - - [17/May/2021:09:38:59 +0800] "GET /xingrg/all/function/internal_message.html?_=1621215594883&CODE_STATE=getMsg HTTP/1.1" 200 27
120.253.135.82 - - [17/May/2021:09:39:00 +0800] "GET /xingrg/all/function/internal_message.html?_=1621215663269&CODE_STATE=getMsg HTTP/1.1" 200 27
116.224.253.72 - - [17/May/2021:09:39:01 +0800] "GET /xingrg/all/function/internal_message.html?_=1621215541510&CODE_STATE=getMsg HTTP/1.1" 200 27
222.69.130.128 - - [17/May/2021:09:39:01 +0800] "GET /xingrg/kc/buy/cgsh_order_operate.html?command=get_materiel&rest_code=00149&code=00101009030&supplier_code=00100005&order_time=2021-05-17 HTTP/1.1" 200 412
114.88.163.218 - - [17/May/2021:09:39:01 +0800] "GET /xingrg/kc/buy/cgsh_order_operate.html?command=get_materiel&rest_code=00111&code=00101008131&supplier_code=00100005&order_time=2021-05-17 HTTP/1.1" 200 408
116.235.222.38 - - [17/May/2021:09:39:04 +0800] "GET /xingrg/all/function/internal_message.html?_=1621215544579&CODE_STATE=getMsg HTTP/1.1" 200 27
180.169.147.146 - - [17/May/2021:09:39:06 +0800] "GET /xingrg/all/function/internal_message.html?_=1621215548004&CODE_STATE=getMsg HTTP/1.1" 200 27
180.169.147.146 - - [17/May/2021:09:39:06 +0800] "GET /xingrg/check_reg.html?_=1621215545054 HTTP/1.1" 200 22
114.88.163.218 - - [17/May/2021:09:39:07 +0800] "GET /xingrg/all/function/internal_message.html?_=1621215544180&CODE_STATE=getMsg HTTP/1.1" 200 27
114.86.187.76 - - [17/May/2021:09:39:09 +0800] "GET /xingrg/check_reg.html?_=1621215550671 HTTP/1.1" 200 22
114.86.187.76 - - [17/May/2021:09:39:11 +0800] "GET /xingrg/all/function/internal_message.html?_=1621215553423&CODE_STATE=getMsg HTTP/1.1" 200 27
222.69.130.128 - - [17/May/2021:09:39:12 +0800] "GET /xingrg/kc/buy/cgsh_order_operate.html?command=get_materiel&rest_code=00149&code=00101008356&supplier_code=00100005&order_time=2021-05-17 HTTP/1.1" 200 408
116.235.95.160 - - [17/May/2021:09:39:17 +0800] "GET /xingrg/all/function/internal_message.html?_=1621215646510&CODE_STATE=getMsg HTTP/1.1" 200 27
114.88.163.218 - - [17/May/2021:09:39:17 +0800] "GET /xingrg/kc/buy/cgsh_order_operate.html?command=get_materiel&rest_code=00111&code=00101008092&supplier_code=00100005&order_time=2021-05-17 HTTP/1.1" 200 412
61.165.42.208 - - [17/May/2021:09:39:22 +0800] "GET /xingrg/all/function/internal_message.html?_=1621215564379&CODE_STATE=getMsg HTTP/1.1" 200 27
58.37.225.51 - - [17/May/2021:09:39:23 +0800] "GET /xingrg/check_reg.html?_=1621215519421 HTTP/1.1" 302 -
61.165.42.208 - - [17/May/2021:09:39:23 +0800] "GET /xingrg/check_reg.html?_=1621215565008 HTTP/1.1" 200 22
114.86.230.59 - - [17/May/2021:09:39:25 +0800] "GET /xingrg/javascript/jquery_tools/images/prev.gif HTTP/1.1" 404 1086
114.86.230.59 - - [17/May/2021:09:39:25 +0800] "GET /xingrg/javascript/jquery_tools/images/next.gif HTTP/1.1" 404 1086
222.69.130.128 - - [17/May/2021:09:39:28 +0800] "POST /xingrg/kc/buy/cgsh_order_operate.html HTTP/1.1" 200 2065
116.230.110.80 - - [17/May/2021:09:39:29 +0800] "GET /xingrg/all/function/internal_message.html?_=1621215569677&CODE_STATE=getMsg HTTP/1.1" 200 27
114.88.163.218 - - [17/May/2021:09:39:30 +0800] "GET /xingrg/kc/buy/cgsh_order_operate.html?command=get_materiel&rest_code=00111&code=00101015070&supplier_code=00100005&order_time=2021-05-17 HTTP/1.1" 200 412
114.86.230.59 - - [17/May/2021:09:39:32 +0800] "GET /xingrg/kc/buy/cgsh_order_operate.html?command=get_materiel&rest_code=00109&code=00101008248&supplier_code=00100005&order_time=2021-05-17 HTTP/1.1" 200 412
222.69.130.128 - - [17/May/2021:09:39:35 +0800] "GET /xingrg/kc/buy/cgsh_order_operate.html?command=get_materiel&rest_code=00149&code=00101008439&supplier_code=00100005&order_time=2021-05-17 HTTP/1.1" 200 399
116.224.253.72 - - [17/May/2021:09:39:36 +0800] "GET /xingrg/all/function/internal_message.html?_=1621215559400&CODE_STATE=getMsg HTTP/1.1" 200 27
114.86.230.59 - - [17/May/2021:09:39:37 +0800] "GET /xingrg/kc/buy/cgsh_order_operate.html?command=get_materiel&rest_code=00109&code=00101008155&supplier_code=00100005&order_time=2021-05-17 HTTP/1.1" 200 408
116.235.222.38 - - [17/May/2021:09:39:38 +0800] "POST /xingrg/kc/buy/cgsh_order_operate.html HTTP/1.1" 200 2065
114.88.163.218 - - [17/May/2021:09:39:39 +0800] "GET /xingrg/kc/buy/cgsh_order_operate.html?command=get_materiel&rest_code=00111&code=00101008010&supplier_code=00100005&order_time=2021-05-17 HTTP/1.1" 200 412
116.230.114.112 - - [17/May/2021:09:39:40 +0800] "GET /xingrg/all/function/internal_message.html?_=1621215581716&CODE_STATE=getMsg HTTP/1.1" 200 27
114.86.230.59 - - [17/May/2021:09:39:43 +0800] "GET /xingrg/kc/buy/cgsh_order_operate.html?command=get_materiel&rest_code=00109&code=00101008049&supplier_code=00100005&order_time=2021-05-17 HTTP/1.1" 200 408
58.37.225.51 - - [17/May/2021:09:39:44 +0800] "GET /xingrg/all/function/internal_message.html?_=1621215588874&CODE_STATE=getMsg HTTP/1.1" 200 27
114.86.230.59 - - [17/May/2021:09:39:45 +0800] "GET /xingrg/check_reg.html?_=1621215587342 HTTP/1.1" 200 22
114.86.230.59 - - [17/May/2021:09:39:45 +0800] "GET /xingrg/all/function/internal_message.html?_=1621215587340&CODE_STATE=getMsg HTTP/1.1" 200 27
114.86.230.59 - - [17/May/2021:09:39:49 +0800] "GET /xingrg/kc/buy/cgsh_order_operate.html?command=get_materiel&rest_code=00109&code=00101008358&supplier_code=00100005&order_time=2021-05-17 HTTP/1.1" 200 412
222.69.130.128 - - [17/May/2021:09:39:49 +0800] "GET /xingrg/all/function/internal_message.html?_=1621215588215&CODE_STATE=getMsg HTTP/1.1" 200 27
114.88.163.218 - - [17/May/2021:09:39:50 +0800] "GET /xingrg/kc/buy/cgsh_order_operate.html?command=get_materiel&rest_code=00111&code=00101008306&supplier_code=00100005&order_time=2021-05-17 HTTP/1.1" 200 412
114.86.187.76 - - [17/May/2021:09:39:50 +0800] "POST /xingrg/dwr/call/plaincall/AjaxCheckService.setItemNumber.dwr HTTP/1.1" 200 76
117.185.32.26 - - [17/May/2021:09:39:53 +0800] "GET /xingrg/all/function/internal_message.html?_=1621215589926&CODE_STATE=getMsg HTTP/1.1" 200 27
61.165.42.208 - - [17/May/2021:09:39:54 +0800] "GET /xingrg/all/function/internal_message.html?_=1621215576647&CODE_STATE=getMsg HTTP/1.1" 200 27
180.169.147.146 - - [17/May/2021:09:39:54 +0800] "GET /xingrg/all/function/internal_message.html?_=1621215594298&CODE_STATE=getMsg HTTP/1.1" 302 -
117.185.32.26 - - [17/May/2021:09:39:56 +0800] "GET /xingrg/all/function/internal_message.html?_=1621216119902&CODE_STATE=getMsg HTTP/1.1" 200 27
222.69.130.128 - - [17/May/2021:09:39:57 +0800] "GET /xingrg/kc/buy/cgsh_order_operate.html?command=get_materiel&rest_code=00149&code=00101008360&supplier_code=00100005&order_time=2021-05-17 HTTP/1.1" 200 412
180.169.147.146 - - [17/May/2021:09:39:58 +0800] "GET /xingrg/all/function/internal_message.html?_=1621215598724&CODE_STATE=getMsg HTTP/1.1" 200 27
120.253.135.82 - - [17/May/2021:09:39:59 +0800] "GET /xingrg/all/function/internal_message.html?_=1621215654894&CODE_STATE=getMsg HTTP/1.1" 200 27
120.253.135.82 - - [17/May/2021:09:40:00 +0800] "GET /xingrg/all/function/internal_message.html?_=1621215723285&CODE_STATE=getMsg HTTP/1.1" 200 27
116.224.253.72 - - [17/May/2021:09:40:01 +0800] "GET /xingrg/all/function/internal_message.html?_=1621215601509&CODE_STATE=getMsg HTTP/1.1" 200 27
116.235.222.38 - - [17/May/2021:09:40:04 +0800] "GET /xingrg/all/function/internal_message.html?_=1621215604578&CODE_STATE=getMsg HTTP/1.1" 200 27
116.224.253.72 - - [17/May/2021:09:40:06 +0800] "POST /xingrg/dwr/call/plaincall/AjaxCheckService.checkOrder.dwr HTTP/1.1" 200 79
116.224.253.72 - - [17/May/2021:09:40:06 +0800] "GET /xingrg/kc/base/check_order_info.html?code=452021051600159 HTTP/1.1" 200 22860
116.224.253.72 - - [17/May/2021:09:40:06 +0800] "GET /xingrg/dwr/interface/AjaxComOrderService.js HTTP/1.1" 200 18264
116.224.253.72 - - [17/May/2021:09:40:06 +0800] "GET /xingrg/dwr/interface/AjaxCheckService.js HTTP/1.1" 200 14003
116.224.253.72 - - [17/May/2021:09:40:06 +0800] "GET /xingrg/dwr/engine.js HTTP/1.1" 200 43631
180.169.147.146 - - [17/May/2021:09:40:06 +0800] "GET /xingrg/all/function/internal_message.html?_=1621215607973&CODE_STATE=getMsg HTTP/1.1" 200 27
116.224.253.72 - - [17/May/2021:09:40:07 +0800] "POST /xingrg/dwr/call/plaincall/AjaxCheckService.loadOrderItems.dwr HTTP/1.1" 200 7533
114.88.163.218 - - [17/May/2021:09:40:07 +0800] "GET /xingrg/all/function/internal_message.html?_=1621215604171&CODE_STATE=getMsg HTTP/1.1" 200 27
114.88.163.218 - - [17/May/2021:09:40:07 +0800] "GET /xingrg/check_reg.html?_=1621215604173 HTTP/1.1" 200 22
116.224.253.72 - - [17/May/2021:09:40:09 +0800] "GET /xingrg/kc/base/check_order_list.html?isBack=1 HTTP/1.1" 200 16104
116.224.253.72 - - [17/May/2021:09:40:09 +0800] "POST /xingrg/kc/base/check_list_operate.html HTTP/1.1" 200 2238
114.88.163.218 - - [17/May/2021:09:40:10 +0800] "GET /xingrg/kc/buy/cgsh_order_operate.html?command=get_materiel&rest_code=00111&code=00101008283&supplier_code=00100005&order_time=2021-05-17 HTTP/1.1" 200 408
114.86.187.76 - - [17/May/2021:09:40:11 +0800] "GET /xingrg/all/function/internal_message.html?_=1621215613438&CODE_STATE=getMsg HTTP/1.1" 200 27
116.224.253.72 - - [17/May/2021:09:40:11 +0800] "GET /xingrg/kc/base/check_order_info.html?code=452021051600158 HTTP/1.1" 200 26364
116.224.253.72 - - [17/May/2021:09:40:11 +0800] "GET /xingrg/dwr/interface/AjaxCheckService.js HTTP/1.1" 200 14003
116.224.253.72 - - [17/May/2021:09:40:11 +0800] "GET /xingrg/dwr/interface/AjaxComOrderService.js HTTP/1.1" 200 18264
116.224.253.72 - - [17/May/2021:09:40:12 +0800] "GET /xingrg/dwr/engine.js HTTP/1.1" 200 43631
116.224.253.72 - - [17/May/2021:09:40:12 +0800] "POST /xingrg/dwr/call/plaincall/AjaxCheckService.loadOrderItems.dwr HTTP/1.1" 200 38614
222.69.130.128 - - [17/May/2021:09:40:16 +0800] "GET /xingrg/kc/buy/cgsh_order_operate.html?command=get_materiel&rest_code=00149&code=00101008059&supplier_code=00100005&order_time=2021-05-17 HTTP/1.1" 200 408
114.86.230.59 - - [17/May/2021:09:40:17 +0800] "GET /xingrg/kc/buy/cgsh_order_operate.html?command=get_materiel&rest_code=00109&code=00101008141&supplier_code=00100005&order_time=2021-05-17 HTTP/1.1" 200 412
116.235.95.160 - - [17/May/2021:09:40:17 +0800] "GET /xingrg/all/function/internal_message.html?_=1621215706516&CODE_STATE=getMsg HTTP/1.1" 200 27
114.88.163.218 - - [17/May/2021:09:40:17 +0800] "GET /xingrg/kc/buy/cgsh_order_operate.html?command=get_materiel&rest_code=00111&code=00101008001&supplier_code=00100005&order_time=2021-05-17 HTTP/1.1" 200 413
116.235.95.160 - - [17/May/2021:09:40:17 +0800] "GET /xingrg/check_reg.html?_=1621215706621 HTTP/1.1" 200 22
114.86.230.59 - - [17/May/2021:09:40:22 +0800] "GET /xingrg/kc/buy/cgsh_order_operate.html?command=get_materiel&rest_code=00109&code=00101008126&supplier_code=00100005&order_time=2021-05-17 HTTP/1.1" 200 412
61.165.42.208 - - [17/May/2021:09:40:22 +0800] "GET /xingrg/all/function/internal_message.html?_=1621215624348&CODE_STATE=getMsg HTTP/1.1" 200 27
116.230.114.112 - - [17/May/2021:09:40:24 +0800] "GET /xingrg/check_reg.html?_=1621215625619 HTTP/1.1" 200 22
114.86.230.59 - - [17/May/2021:09:40:28 +0800] "GET /xingrg/kc/buy/cgsh_order_operate.html?command=get_materiel&rest_code=00109&code=00101008361&supplier_code=00100005&order_time=2021-05-17 HTTP/1.1" 200 408
116.224.253.72 - - [17/May/2021:09:40:29 +0800] "POST /xingrg/dwr/call/plaincall/AjaxCheckService.setItemNumber.dwr HTTP/1.1" 200 76
222.69.130.128 - - [17/May/2021:09:40:29 +0800] "GET /xingrg/kc/buy/cgsh_order_operate.html?command=get_materiel&rest_code=00149&code=00101008558&supplier_code=00100005&order_time=2021-05-17 HTTP/1.1" 200 395
116.235.222.38 - - [17/May/2021:09:40:29 +0800] "GET /xingrg/kc/buy/cgsh_order_operate.html?command=get_materiel&rest_code=00107&code=00101008155&supplier_code=00100006&order_time=2021-05-17 HTTP/1.1" 200 408
116.230.110.80 - - [17/May/2021:09:40:29 +0800] "GET /xingrg/all/function/internal_message.html?_=1621215629658&CODE_STATE=getMsg HTTP/1.1" 200 27
114.88.163.218 - - [17/May/2021:09:40:30 +0800] "GET /xingrg/kc/buy/cgsh_order_operate.html?command=get_materiel&rest_code=00111&code=00101008149&supplier_code=00100005&order_time=2021-05-17 HTTP/1.1" 200 408
116.224.253.72 - - [17/May/2021:09:40:30 +0800] "POST /xingrg/dwr/call/plaincall/AjaxCheckService.setItemNumber.dwr HTTP/1.1" 200 76
114.86.230.59 - - [17/May/2021:09:40:33 +0800] "GET /xingrg/kc/buy/cgsh_order_operate.html?command=get_materiel&rest_code=00109&code=00101008270&supplier_code=00100005&order_time=2021-05-17 HTTP/1.1" 200 412
116.224.253.72 - - [17/May/2021:09:40:37 +0800] "POST /xingrg/dwr/call/plaincall/AjaxCheckService.setItemNumber.dwr HTTP/1.1" 200 76
114.86.230.59 - - [17/May/2021:09:40:38 +0800] "GET /xingrg/kc/buy/cgsh_order_operate.html?command=get_materiel&rest_code=00109&code=00101008298&supplier_code=00100005&order_time=2021-05-17 HTTP/1.1" 200 412
116.224.253.72 - - [17/May/2021:09:40:39 +0800] "GET /xingrg/all/function/internal_message.html?_=1621215619522&CODE_STATE=getMsg HTTP/1.1" 200 27
116.224.253.72 - - [17/May/2021:09:40:39 +0800] "POST /xingrg/dwr/call/plaincall/AjaxCheckService.setItemNumber.dwr HTTP/1.1" 200 76
116.230.114.112 - - [17/May/2021:09:40:40 +0800] "GET /xingrg/all/function/internal_message.html?_=1621215641731&CODE_STATE=getMsg HTTP/1.1" 200 27
116.224.253.72 - - [17/May/2021:09:40:40 +0800] "POST /xingrg/dwr/call/plaincall/AjaxCheckService.setItemNumber.dwr HTTP/1.1" 200 76
116.224.253.72 - - [17/May/2021:09:40:41 +0800] "POST /xingrg/dwr/call/plaincall/AjaxCheckService.setItemNumber.dwr HTTP/1.1" 200 76
116.224.253.72 - - [17/May/2021:09:40:42 +0800] "POST /xingrg/dwr/call/plaincall/AjaxCheckService.setItemNumber.dwr HTTP/1.1" 200 76
114.86.230.59 - - [17/May/2021:09:40:43 +0800] "GET /xingrg/kc/buy/cgsh_order_operate.html?command=get_materiel&rest_code=00109&code=00101008185&supplier_code=00100005&order_time=2021-05-17 HTTP/1.1" 200 428
116.224.253.72 - - [17/May/2021:09:40:43 +0800] "POST /xingrg/dwr/call/plaincall/AjaxCheckService.setItemNumber.dwr HTTP/1.1" 200 76
114.88.163.218 - - [17/May/2021:09:40:44 +0800] "GET /xingrg/kc/buy/cgsh_order_operate.html?command=get_materiel&rest_code=00111&code=00101008351&supplier_code=00100005&order_time=2021-05-17 HTTP/1.1" 200 408
58.37.225.51 - - [17/May/2021:09:40:44 +0800] "GET /xingrg/all/function/internal_message.html?_=1621215648872&CODE_STATE=getMsg HTTP/1.1" 200 27
114.86.230.59 - - [17/May/2021:09:40:45 +0800] "GET /xingrg/all/function/internal_message.html?_=1621215647343&CODE_STATE=getMsg HTTP/1.1" 200 27
116.224.253.72 - - [17/May/2021:09:40:49 +0800] "POST /xingrg/dwr/call/plaincall/AjaxCheckService.setItemNumber.dwr HTTP/1.1" 200 76
114.86.230.59 - - [17/May/2021:09:40:49 +0800] "GET /xingrg/kc/buy/cgsh_order_operate.html?command=get_materiel&rest_code=00109&code=00101008155&supplier_code=00100005&order_time=2021-05-17 HTTP/1.1" 200 408
116.235.222.38 - - [17/May/2021:09:40:49 +0800] "GET /xingrg/kc/buy/cgsh_order_operate.html?command=get_materiel&rest_code=00107&code=00101008141&supplier_code=00100006&order_time=2021-05-17 HTTP/1.1" 200 412
222.69.130.128 - - [17/May/2021:09:40:49 +0800] "GET /xingrg/all/function/internal_message.html?_=1621215648198&CODE_STATE=getMsg HTTP/1.1" 200 27
116.224.253.72 - - [17/May/2021:09:40:50 +0800] "POST /xingrg/dwr/call/plaincall/AjaxCheckService.setItemNumber.dwr HTTP/1.1" 200 77
116.224.253.72 - - [17/May/2021:09:40:53 +0800] "POST /xingrg/dwr/call/plaincall/AjaxCheckService.setItemNumber.dwr HTTP/1.1" 200 77
117.185.32.26 - - [17/May/2021:09:40:53 +0800] "GET /xingrg/all/function/internal_message.html?_=1621215649924&CODE_STATE=getMsg HTTP/1.1" 200 27
114.86.230.59 - - [17/May/2021:09:40:54 +0800] "GET /xingrg/kc/buy/cgsh_order_operate.html?command=get_materiel&rest_code=00109&code=00101008080&supplier_code=00100005&order_time=2021-05-17 HTTP/1.1" 200 416
61.165.42.208 - - [17/May/2021:09:40:54 +0800] "GET /xingrg/all/function/internal_message.html?_=1621215636646&CODE_STATE=getMsg HTTP/1.1" 200 27
116.224.253.72 - - [17/May/2021:09:40:54 +0800] "POST /xingrg/dwr/call/plaincall/AjaxCheckService.setItemNumber.dwr HTTP/1.1" 200 77
180.169.147.146 - - [17/May/2021:09:40:54 +0800] "GET /xingrg/all/function/internal_message.html?_=1621215654303&CODE_STATE=getMsg HTTP/1.1" 302 -
114.86.187.76 - - [17/May/2021:09:40:55 +0800] "GET /xingrg/javascript/jquery_easy_ui/themes/default/images/button_plain_hover.png HTTP/1.1" 304 -
222.69.130.128 - - [17/May/2021:09:40:56 +0800] "GET /xingrg/kc/buy/cgsh_order_operate.html?command=get_materiel&rest_code=00149&code=00101008357&supplier_code=00100005&order_time=2021-05-17 HTTP/1.1" 200 408
117.185.32.26 - - [17/May/2021:09:40:56 +0800] "GET /xingrg/all/function/internal_message.html?_=1621216179885&CODE_STATE=getMsg HTTP/1.1" 200 27
114.88.163.218 - - [17/May/2021:09:40:58 +0800] "GET /xingrg/kc/buy/cgsh_order_operate.html?command=get_materiel&rest_code=00111&code=00101008110&supplier_code=00100005&order_time=2021-05-17 HTTP/1.1" 200 408
180.169.147.146 - - [17/May/2021:09:40:58 +0800] "GET /xingrg/all/function/internal_message.html?_=1621215658726&CODE_STATE=getMsg HTTP/1.1" 200 27
114.86.187.76 - - [17/May/2021:09:40:58 +0800] "POST /xingrg/dwr/call/plaincall/AjaxCheckService.checkOrder.dwr HTTP/1.1" 200 78
116.224.253.72 - - [17/May/2021:09:40:58 +0800] "POST /xingrg/dwr/call/plaincall/AjaxCheckService.setItemNumber.dwr HTTP/1.1" 200 77
120.253.135.82 - - [17/May/2021:09:40:59 +0800] "GET /xingrg/all/function/internal_message.html?_=1621215714955&CODE_STATE=getMsg HTTP/1.1" 200 27
116.224.253.72 - - [17/May/2021:09:41:00 +0800] "POST /xingrg/dwr/call/plaincall/AjaxCheckService.setItemNumber.dwr HTTP/1.1" 200 77
114.86.187.76 - - [17/May/2021:09:41:00 +0800] "GET /xingrg/kc/base/check_order_info.html?code=452021051600140 HTTP/1.1" 200 22854
114.86.187.76 - - [17/May/2021:09:41:00 +0800] "GET /xingrg/css/blue.css HTTP/1.1" 304 -
114.86.187.76 - - [17/May/2021:09:41:00 +0800] "GET /xingrg/javascript/Calendar.js HTTP/1.1" 304 -
114.86.187.76 - - [17/May/2021:09:41:00 +0800] "GET /xingrg/javascript/jquery_easy_ui/jquery.easyui.min.js HTTP/1.1" 304 -
114.86.187.76 - - [17/May/2021:09:41:00 +0800] "GET /xingrg/css/table.css HTTP/1.1" 304 -
114.86.187.76 - - [17/May/2021:09:41:00 +0800] "GET /xingrg/javascript/jquery_easy_ui/themes/default/easyui.css HTTP/1.1" 304 -
114.86.187.76 - - [17/May/2021:09:41:00 +0800] "GET /xingrg/javascript/pic_change.js HTTP/1.1" 304 -
114.86.187.76 - - [17/May/2021:09:41:00 +0800] "GET /xingrg/dwr/util.js HTTP/1.1" 304 -
114.86.187.76 - - [17/May/2021:09:41:00 +0800] "GET /xingrg/javascript/jquery.utils.js HTTP/1.1" 304 -
114.86.187.76 - - [17/May/2021:09:41:00 +0800] "GET /xingrg/javascript/jquery_easy_ui/themes/icon.css HTTP/1.1" 304 -
114.86.187.76 - - [17/May/2021:09:41:00 +0800] "GET /xingrg/javascript/AjaxInfoList.js HTTP/1.1" 304 -
114.86.187.76 - - [17/May/2021:09:41:00 +0800] "GET /xingrg/javascript/jquery-1.4.2.min.js HTTP/1.1" 304 -
114.86.187.76 - - [17/May/2021:09:41:00 +0800] "GET /xingrg/javascript/convert.js HTTP/1.1" 304 -
114.86.187.76 - - [17/May/2021:09:41:00 +0800] "GET /xingrg/javascript/print/kc_print.js HTTP/1.1" 304 -
114.86.187.76 - - [17/May/2021:09:41:00 +0800] "GET /xingrg/javascript/print/LodopFuncs.js HTTP/1.1" 304 -
114.86.187.76 - - [17/May/2021:09:41:00 +0800] "GET /xingrg/javascript/myfunction.js HTTP/1.1" 304 -
114.86.187.76 - - [17/May/2021:09:41:00 +0800] "GET /xingrg/dwr/interface/AjaxComOrderService.js HTTP/1.1" 200 18264
114.86.187.76 - - [17/May/2021:09:41:00 +0800] "GET /xingrg/dwr/interface/AjaxCheckService.js HTTP/1.1" 200 14003
114.86.187.76 - - [17/May/2021:09:41:00 +0800] "GET /xingrg/dwr/engine.js HTTP/1.1" 200 43631
114.86.230.59 - - [17/May/2021:09:41:00 +0800] "GET /xingrg/kc/buy/cgsh_order_operate.html?command=get_materiel&rest_code=00109&code=00101008351&supplier_code=00100005&order_time=2021-05-17 HTTP/1.1" 200 408
114.86.187.76 - - [17/May/2021:09:41:00 +0800] "GET /xingrg/javascript/jquery_easy_ui/themes/icons/exam_new.png HTTP/1.1" 304 -
114.86.187.76 - - [17/May/2021:09:41:00 +0800] "GET /xingrg/javascript/jquery_easy_ui/themes/icons/print.png HTTP/1.1" 304 -
114.86.187.76 - - [17/May/2021:09:41:00 +0800] "GET /xingrg/javascript/jquery_easy_ui/themes/default/images/menu_downarrow.png HTTP/1.1" 304 -
114.86.187.76 - - [17/May/2021:09:41:00 +0800] "GET /xingrg/javascript/jquery_easy_ui/themes/icons/back_new.png HTTP/1.1" 304 -
120.253.135.82 - - [17/May/2021:09:41:00 +0800] "GET /xingrg/all/function/internal_message.html?_=1621215783295&CODE_STATE=getMsg HTTP/1.1" 200 27
114.86.187.76 - - [17/May/2021:09:41:01 +0800] "POST /xingrg/dwr/call/plaincall/AjaxCheckService.loadOrderItems.dwr HTTP/1.1" 200 56993
116.224.253.72 - - [17/May/2021:09:41:01 +0800] "GET /xingrg/all/function/internal_message.html?_=1621215661531&CODE_STATE=getMsg HTTP/1.1" 200 27
116.224.253.72 - - [17/May/2021:09:41:01 +0800] "GET /xingrg/check_reg.html?_=1621215661538 HTTP/1.1" 200 22
222.69.130.128 - - [17/May/2021:09:41:01 +0800] "POST /xingrg/kc/buy/cgsh_order_operate.html HTTP/1.1" 200 2065
116.224.253.72 - - [17/May/2021:09:41:01 +0800] "POST /xingrg/dwr/call/plaincall/AjaxCheckService.setItemNumber.dwr HTTP/1.1" 200 77
116.235.222.38 - - [17/May/2021:09:41:02 +0800] "GET /xingrg/check_reg.html?_=1621215662277 HTTP/1.1" 200 22
114.88.163.218 - - [17/May/2021:09:41:02 +0800] "POST /xingrg/kc/buy/cgsh_order_operate.html HTTP/1.1" 200 2065
116.224.253.72 - - [17/May/2021:09:41:03 +0800] "POST /xingrg/dwr/call/plaincall/AjaxCheckService.setItemNumber.dwr HTTP/1.1" 200 77
114.86.187.76 - - [17/May/2021:09:41:03 +0800] "GET /xingrg/kc/base/check_order_list.html HTTP/1.1" 200 16104
116.235.222.38 - - [17/May/2021:09:41:03 +0800] "GET /xingrg/kc/buy/cgsh_order_operate.html?command=get_materiel&rest_code=00107&code=00101008126&supplier_code=00100006&order_time=2021-05-17 HTTP/1.1" 200 412
114.86.187.76 - - [17/May/2021:09:41:03 +0800] "GET /xingrg/css/base.css HTTP/1.1" 304 -
114.86.187.76 - - [17/May/2021:09:41:03 +0800] "GET /xingrg/css/site.css HTTP/1.1" 304 -
114.86.187.76 - - [17/May/2021:09:41:03 +0800] "GET /xingrg/javascript/jquery_tools/datebox.css HTTP/1.1" 304 -
114.86.187.76 - - [17/May/2021:09:41:03 +0800] "GET /xingrg/javascript/easyui/themes/icon.css HTTP/1.1" 304 -
114.86.187.76 - - [17/May/2021:09:41:03 +0800] "GET /xingrg/javascript/easyui/themes/default/easyui.css HTTP/1.1" 304 -
114.86.187.76 - - [17/May/2021:09:41:03 +0800] "GET /xingrg/javascript/jquery_tools/fix.css HTTP/1.1" 304 -
114.86.187.76 - - [17/May/2021:09:41:03 +0800] "GET /xingrg/javascript/auto/jquery.autocomplete.css HTTP/1.1" 304 -
114.86.187.76 - - [17/May/2021:09:41:03 +0800] "GET /xingrg/javascript/jquery_tools/table.css HTTP/1.1" 304 -
114.86.187.76 - - [17/May/2021:09:41:03 +0800] "GET /xingrg/javascript/jquery_tools/jquery.tools.extend.js HTTP/1.1" 304 -
114.86.187.76 - - [17/May/2021:09:41:03 +0800] "GET /xingrg/javascript/jquery_tools/jquery.tools.min.js HTTP/1.1" 304 -
114.86.187.76 - - [17/May/2021:09:41:03 +0800] "GET /xingrg/javascript/jquery_tools/jquery.tools.hotkey.js HTTP/1.1" 304 -
114.86.187.76 - - [17/May/2021:09:41:03 +0800] "GET /xingrg/javascript/jquery_tools/jquery.tools.table.js HTTP/1.1" 304 -
114.86.187.76 - - [17/May/2021:09:41:03 +0800] "GET /xingrg/javascript/auto/jquery.autocomplete.js HTTP/1.1" 304 -
114.86.187.76 - - [17/May/2021:09:41:03 +0800] "GET /xingrg/javascript/easyui/easyloader.js HTTP/1.1" 304 -
114.86.187.76 - - [17/May/2021:09:41:03 +0800] "GET /xingrg/javascript/jquery.utils.js HTTP/1.1" 304 -
114.86.187.76 - - [17/May/2021:09:41:03 +0800] "GET /xingrg/javascript/jquery_tools/list_manager.js HTTP/1.1" 304 -
114.86.187.76 - - [17/May/2021:09:41:03 +0800] "GET /xingrg/javascript/jquery.cookie.js HTTP/1.1" 304 -
114.86.187.76 - - [17/May/2021:09:41:03 +0800] "GET /xingrg/javascript/easyui/themes/icons/edit_add_new.png HTTP/1.1" 304 -
114.86.187.76 - - [17/May/2021:09:41:03 +0800] "GET /xingrg/javascript/easyui/themes/icons/cance_new.png HTTP/1.1" 304 -
114.86.187.76 - - [17/May/2021:09:41:03 +0800] "GET /xingrg/javascript/easyui/themes/icons/field_new.png HTTP/1.1" 304 -
114.86.187.76 - - [17/May/2021:09:41:03 +0800] "GET /xingrg/javascript/easyui/themes/icons/check_new.png HTTP/1.1" 304 -
114.86.187.76 - - [17/May/2021:09:41:04 +0800] "GET /xingrg/javascript/easyui/plugins/jquery.parser.js HTTP/1.1" 304 -
114.86.187.76 - - [17/May/2021:09:41:04 +0800] "POST /xingrg/kc/base/check_list_operate.html HTTP/1.1" 200 781
116.235.222.38 - - [17/May/2021:09:41:04 +0800] "GET /xingrg/all/function/internal_message.html?_=1621215664542&CODE_STATE=getMsg HTTP/1.1" 200 27
116.224.253.72 - - [17/May/2021:09:41:04 +0800] "POST /xingrg/dwr/call/plaincall/AjaxCheckService.setItemNumber.dwr HTTP/1.1" 200 77
222.69.130.128 - - [17/May/2021:09:41:05 +0800] "GET /xingrg/kc/buy/cgsh_order_operate.html?command=get_materiel&rest_code=00149&code=00101008069&supplier_code=00100005&order_time=2021-05-17 HTTP/1.1" 200 412
116.224.253.72 - - [17/May/2021:09:41:06 +0800] "POST /xingrg/dwr/call/plaincall/AjaxCheckService.setItemNumber.dwr HTTP/1.1" 200 77
180.169.147.146 - - [17/May/2021:09:41:06 +0800] "GET /xingrg/all/function/internal_message.html?_=1621215667980&CODE_STATE=getMsg HTTP/1.1" 200 27
114.86.230.59 - - [17/May/2021:09:41:06 +0800] "GET /xingrg/kc/buy/cgsh_order_operate.html?command=get_materiel&rest_code=00109&code=00101008110&supplier_code=00100005&order_time=2021-05-17 HTTP/1.1" 200 408
116.235.222.38 - - [17/May/2021:09:41:07 +0800] "POST /xingrg/kc/buy/cgsh_order_operate.html HTTP/1.1" 200 2065
114.88.163.218 - - [17/May/2021:09:41:07 +0800] "GET /xingrg/all/function/internal_message.html?_=1621215664176&CODE_STATE=getMsg HTTP/1.1" 200 27
116.224.253.72 - - [17/May/2021:09:41:08 +0800] "POST /xingrg/dwr/call/plaincall/AjaxCheckService.setItemNumber.dwr HTTP/1.1" 200 77
114.88.163.218 - - [17/May/2021:09:41:09 +0800] "GET /xingrg/kc/buy/cgsh_order_operate.html?command=get_materiel&rest_code=00111&code=00101008038&supplier_code=00100005&order_time=2021-05-17 HTTP/1.1" 200 412
116.224.253.72 - - [17/May/2021:09:41:09 +0800] "POST /xingrg/dwr/call/plaincall/AjaxCheckService.setItemNumber.dwr HTTP/1.1" 200 77
116.224.253.72 - - [17/May/2021:09:41:11 +0800] "POST /xingrg/dwr/call/plaincall/AjaxCheckService.setItemNumber.dwr HTTP/1.1" 200 77
114.86.187.76 - - [17/May/2021:09:41:11 +0800] "GET /xingrg/all/function/internal_message.html?_=1621215673458&CODE_STATE=getMsg HTTP/1.1" 200 27
114.86.230.59 - - [17/May/2021:09:41:12 +0800] "GET /xingrg/javascript/auto/indicator.gif HTTP/1.1" 404 1066
116.224.253.72 - - [17/May/2021:09:41:12 +0800] "POST /xingrg/dwr/call/plaincall/AjaxCheckService.setItemNumber.dwr HTTP/1.1" 200 77
222.69.130.128 - - [17/May/2021:09:41:15 +0800] "GET /xingrg/kc/buy/cgsh_order_operate.html?command=get_materiel&rest_code=00149&code=00101008286&supplier_code=00100005&order_time=2021-05-17 HTTP/1.1" 200 408
116.235.95.160 - - [17/May/2021:09:41:17 +0800] "GET /xingrg/all/function/internal_message.html?_=1621215766515&CODE_STATE=getMsg HTTP/1.1" 200 27
114.88.163.218 - - [17/May/2021:09:41:18 +0800] "GET /xingrg/kc/buy/cgsh_order_operate.html?command=get_materiel&rest_code=00111&code=00101008264&supplier_code=00100005&order_time=2021-05-17 HTTP/1.1" 200 412
117.185.32.26 - - [17/May/2021:09:41:19 +0800] "GET /xingrg/check_reg.html?_=1621216202288 HTTP/1.1" 200 22
222.69.130.128 - - [17/May/2021:09:41:21 +0800] "GET /xingrg/kc/buy/cgsh_order_operate.html?command=get_materiel&rest_code=00149&code=00101008131&supplier_code=00100005&order_time=2021-05-17 HTTP/1.1" 200 408
61.165.42.208 - - [17/May/2021:09:41:22 +0800] "GET /xingrg/all/function/internal_message.html?_=1621215684319&CODE_STATE=getMsg HTTP/1.1" 200 27
116.224.253.72 - - [17/May/2021:09:41:25 +0800] "POST /xingrg/dwr/call/plaincall/AjaxCheckService.setItemNumber.dwr HTTP/1.1" 200 77
114.88.163.218 - - [17/May/2021:09:41:28 +0800] "GET /xingrg/kc/buy/cgsh_order_operate.html?command=get_materiel&rest_code=00111&code=00101008024&supplier_code=00100005&order_time=2021-05-17 HTTP/1.1" 200 408
116.224.253.72 - - [17/May/2021:09:41:29 +0800] "POST /xingrg/dwr/call/plaincall/AjaxCheckService.setItemNumber.dwr HTTP/1.1" 200 77
222.69.130.128 - - [17/May/2021:09:41:29 +0800] "GET /xingrg/kc/buy/cgsh_order_operate.html?command=get_materiel&rest_code=00149&code=00101008005&supplier_code=00100005&order_time=2021-05-17 HTTP/1.1" 200 412
116.230.110.80 - - [17/May/2021:09:41:29 +0800] "GET /xingrg/all/function/internal_message.html?_=1621215689677&CODE_STATE=getMsg HTTP/1.1" 200 27
114.86.230.59 - - [17/May/2021:09:41:30 +0800] "GET /xingrg/kc/buy/cgsh_order_operate.html?command=get_materiel&rest_code=00109&code=00101008163&supplier_code=00100005&order_time=2021-05-17 HTTP/1.1" 200 408
116.224.253.72 - - [17/May/2021:09:41:31 +0800] "POST /xingrg/dwr/call/plaincall/AjaxCheckService.setItemNumber.dwr HTTP/1.1" 200 77
116.224.253.72 - - [17/May/2021:09:41:32 +0800] "POST /xingrg/dwr/call/plaincall/AjaxCheckService.setItemNumber.dwr HTTP/1.1" 200 77
114.86.230.59 - - [17/May/2021:09:41:35 +0800] "GET /xingrg/kc/buy/cgsh_order_operate.html?command=get_materiel&rest_code=00109&code=00101008144&supplier_code=00100005&order_time=2021-05-17 HTTP/1.1" 200 412
116.224.253.72 - - [17/May/2021:09:41:36 +0800] "GET /xingrg/all/function/internal_message.html?_=1621215679536&CODE_STATE=getMsg HTTP/1.1" 200 27
114.88.163.218 - - [17/May/2021:09:41:36 +0800] "GET /xingrg/kc/buy/cgsh_order_operate.html?command=get_materiel&rest_code=00111&code=00101008137&supplier_code=00100005&order_time=2021-05-17 HTTP/1.1" 200 408
116.224.253.72 - - [17/May/2021:09:41:38 +0800] "POST /xingrg/dwr/call/plaincall/AjaxCheckService.setItemNumber.dwr HTTP/1.1" 200 77
222.69.130.128 - - [17/May/2021:09:41:38 +0800] "GET /xingrg/kc/buy/cgsh_order_operate.html?command=get_materiel&rest_code=00149&code=00101008353&supplier_code=00100005&order_time=2021-05-17 HTTP/1.1" 200 408
116.224.253.72 - - [17/May/2021:09:41:39 +0800] "POST /xingrg/dwr/call/plaincall/AjaxCheckService.setItemNumber.dwr HTTP/1.1" 200 77
116.230.114.112 - - [17/May/2021:09:41:40 +0800] "GET /xingrg/all/function/internal_message.html?_=1621215701745&CODE_STATE=getMsg HTTP/1.1" 200 27
116.224.253.72 - - [17/May/2021:09:41:41 +0800] "POST /xingrg/dwr/call/plaincall/AjaxCheckService.setItemNumber.dwr HTTP/1.1" 200 77
114.86.230.59 - - [17/May/2021:09:41:41 +0800] "GET /xingrg/kc/buy/cgsh_order_operate.html?command=get_materiel&rest_code=00109&code=00101008264&supplier_code=00100005&order_time=2021-05-17 HTTP/1.1" 200 412
116.224.253.72 - - [17/May/2021:09:41:42 +0800] "POST /xingrg/dwr/call/plaincall/AjaxCheckService.setItemNumber.dwr HTTP/1.1" 200 77
116.224.253.72 - - [17/May/2021:09:41:44 +0800] "POST /xingrg/dwr/call/plaincall/AjaxCheckService.setItemNumber.dwr HTTP/1.1" 200 77
58.37.225.51 - - [17/May/2021:09:41:44 +0800] "GET /xingrg/all/function/internal_message.html?_=1621215708870&CODE_STATE=getMsg HTTP/1.1" 200 27
58.37.225.51 - - [17/May/2021:09:41:44 +0800] "GET /xingrg/check_reg.html?_=1621215708871 HTTP/1.1" 200 22
114.86.230.59 - - [17/May/2021:09:41:45 +0800] "GET /xingrg/all/function/internal_message.html?_=1621215707349&CODE_STATE=getMsg HTTP/1.1" 200 27
222.69.130.128 - - [17/May/2021:09:41:45 +0800] "POST /xingrg/kc/buy/cgsh_order_operate.html HTTP/1.1" 200 2065
116.224.253.72 - - [17/May/2021:09:41:45 +0800] "POST /xingrg/dwr/call/plaincall/AjaxCheckService.setItemNumber.dwr HTTP/1.1" 200 77
116.224.253.72 - - [17/May/2021:09:41:47 +0800] "POST /xingrg/dwr/call/plaincall/AjaxCheckService.setItemNumber.dwr HTTP/1.1" 200 77
114.86.230.59 - - [17/May/2021:09:41:47 +0800] "GET /xingrg/kc/buy/cgsh_order_operate.html?command=get_materiel&rest_code=00109&code=00101008300&supplier_code=00100005&order_time=2021-05-17 HTTP/1.1" 200 412
114.88.163.218 - - [17/May/2021:09:41:47 +0800] "GET /xingrg/kc/buy/cgsh_order_operate.html?command=get_materiel&rest_code=00111&code=00101008360&supplier_code=00100005&order_time=2021-05-17 HTTP/1.1" 200 412
116.224.253.72 - - [17/May/2021:09:41:47 +0800] "POST /xingrg/dwr/call/plaincall/AjaxCheckService.setItemNumber.dwr HTTP/1.1" 200 77
116.224.253.72 - - [17/May/2021:09:41:48 +0800] "POST /xingrg/dwr/call/plaincall/AjaxCheckService.setItemNumber.dwr HTTP/1.1" 200 77
222.69.130.128 - - [17/May/2021:09:41:49 +0800] "GET /xingrg/all/function/internal_message.html?_=1621215708171&CODE_STATE=getMsg HTTP/1.1" 200 27
222.69.130.128 - - [17/May/2021:09:41:50 +0800] "GET /xingrg/kc/buy/cgsh_order_operate.html?command=get_materiel&rest_code=00149&code=00101008208&supplier_code=00100005&order_time=2021-05-17 HTTP/1.1" 200 409
116.224.253.72 - - [17/May/2021:09:41:50 +0800] "POST /xingrg/dwr/call/plaincall/AjaxCheckService.setItemNumber.dwr HTTP/1.1" 200 77
117.185.32.26 - - [17/May/2021:09:41:54 +0800] "GET /xingrg/all/function/internal_message.html?_=1621215709921&CODE_STATE=getMsg HTTP/1.1" 200 27
61.165.42.208 - - [17/May/2021:09:41:54 +0800] "GET /xingrg/all/function/internal_message.html?_=1621215696647&CODE_STATE=getMsg HTTP/1.1" 200 27
116.224.253.72 - - [17/May/2021:09:41:54 +0800] "POST /xingrg/dwr/call/plaincall/AjaxCheckService.setItemNumber.dwr HTTP/1.1" 200 77
180.169.147.146 - - [17/May/2021:09:41:54 +0800] "GET /xingrg/all/function/internal_message.html?_=1621215714295&CODE_STATE=getMsg HTTP/1.1" 302 -
116.224.253.72 - - [17/May/2021:09:41:55 +0800] "POST /xingrg/dwr/call/plaincall/AjaxCheckService.setItemNumber.dwr HTTP/1.1" 200 77
117.185.32.26 - - [17/May/2021:09:41:56 +0800] "GET /xingrg/all/function/internal_message.html?_=1621216239870&CODE_STATE=getMsg HTTP/1.1" 200 27
114.86.230.59 - - [17/May/2021:09:41:56 +0800] "GET /xingrg/kc/buy/cgsh_order_operate.html?command=get_materiel&rest_code=00109&code=00101008137&supplier_code=00100005&order_time=2021-05-17 HTTP/1.1" 200 408
116.224.253.72 - - [17/May/2021:09:41:57 +0800] "POST /xingrg/dwr/call/plaincall/AjaxCheckService.setItemNumber.dwr HTTP/1.1" 200 77
58.37.225.51 - - [17/May/2021:09:41:58 +0800] "GET /xingrg/kc/base/check_order_info.html?code=452021051600166 HTTP/1.1" 302 -
58.37.225.51 - - [17/May/2021:09:41:58 +0800] "GET /xingrg/login.html HTTP/1.1" 200 7641
58.37.225.51 - - [17/May/2021:09:41:58 +0800] "GET /xingrg/login.html HTTP/1.1" 200 7641
58.37.225.51 - - [17/May/2021:09:41:58 +0800] "GET /favicon.ico HTTP/1.1" 404 -
114.86.230.59 - - [17/May/2021:09:41:58 +0800] "POST /xingrg/kc/buy/cgsh_order_operate.html HTTP/1.1" 200 2065
180.169.147.146 - - [17/May/2021:09:41:58 +0800] "GET /xingrg/all/function/internal_message.html?_=1621215718728&CODE_STATE=getMsg HTTP/1.1" 200 27
120.253.135.82 - - [17/May/2021:09:41:59 +0800] "GET /xingrg/all/function/internal_message.html?_=1621215774968&CODE_STATE=getMsg HTTP/1.1" 200 27
116.224.253.72 - - [17/May/2021:09:41:59 +0800] "POST /xingrg/dwr/call/plaincall/AjaxCheckService.setItemNumber.dwr HTTP/1.1" 200 77
120.253.135.82 - - [17/May/2021:09:41:59 +0800] "GET /xingrg/check_reg.html?_=1621215842113 HTTP/1.1" 200 22
58.37.225.51 - - [17/May/2021:09:41:59 +0800] "POST /xingrg/login.do HTTP/1.1" 302 -
58.37.225.51 - - [17/May/2021:09:41:59 +0800] "GET /xingrg/index.html?sysBaseUrl=http%3A%2F%2F180.169.147.146%3A18081%2Fxingrg%2F&costTime=40×tamp=1621215719832 HTTP/1.1" 200 17179
58.37.225.51 - - [17/May/2021:09:41:59 +0800] "POST /xingrg/all/common/load_tree.html?tree=area_rest_tree_json&manage=1 HTTP/1.1" 200 351
58.37.225.51 - - [17/May/2021:09:42:00 +0800] "GET /xingrg/all/function/internal_message.html?_=1621215676357&CODE_STATE=count HTTP/1.1" 200 11
58.37.225.51 - - [17/May/2021:09:42:00 +0800] "GET /xingrg/check_reg.html?_=1621215676358 HTTP/1.1" 200 22
58.37.225.51 - - [17/May/2021:09:42:00 +0800] "GET /favicon.ico HTTP/1.1" 404 -
58.37.225.51 - - [17/May/2021:09:42:00 +0800] "POST /xingrg/load_menu.html HTTP/1.1" 200 5138
116.224.253.72 - - [17/May/2021:09:42:00 +0800] "POST /xingrg/dwr/call/plaincall/AjaxCheckService.setItemNumber.dwr HTTP/1.1" 200 77
120.253.135.82 - - [17/May/2021:09:42:00 +0800] "GET /xingrg/all/function/internal_message.html?_=1621215843307&CODE_STATE=getMsg HTTP/1.1" 200 27
116.224.253.72 - - [17/May/2021:09:42:01 +0800] "GET /xingrg/all/function/internal_message.html?_=1621215721535&CODE_STATE=getMsg HTTP/1.1" 200 27
58.37.225.51 - - [17/May/2021:09:42:01 +0800] "GET /xingrg/kc/base/base_main.html HTTP/1.1" 200 12142
116.224.253.72 - - [17/May/2021:09:42:02 +0800] "POST /xingrg/dwr/call/plaincall/AjaxCheckService.setItemNumber.dwr HTTP/1.1" 200 77
114.86.230.59 - - [17/May/2021:09:42:02 +0800] "POST /xingrg/kc/buy/cgsh_order_operate.html HTTP/1.1" 200 37
58.37.225.51 - - [17/May/2021:09:42:03 +0800] "GET /xingrg/kc/base/check_order_list.html HTTP/1.1" 200 16104
58.37.225.51 - - [17/May/2021:09:42:03 +0800] "POST /xingrg/kc/base/check_list_operate.html HTTP/1.1" 200 1566
222.69.130.128 - - [17/May/2021:09:42:03 +0800] "GET /xingrg/kc/buy/cgsh_order_operate.html?command=get_materiel&rest_code=00149&code=00101008234&supplier_code=00100005&order_time=2021-05-17 HTTP/1.1" 200 408
58.37.225.51 - - [17/May/2021:09:42:04 +0800] "GET /xingrg/kc/base/check_order_info.html?code=452021051600166 HTTP/1.1" 200 26442
58.37.225.51 - - [17/May/2021:09:42:04 +0800] "GET /xingrg/dwr/interface/AjaxComOrderService.js HTTP/1.1" 200 18264
58.37.225.51 - - [17/May/2021:09:42:04 +0800] "GET /xingrg/dwr/interface/AjaxCheckService.js HTTP/1.1" 200 14003
58.37.225.51 - - [17/May/2021:09:42:04 +0800] "GET /xingrg/dwr/engine.js HTTP/1.1" 200 43631
58.37.225.51 - - [17/May/2021:09:42:04 +0800] "POST /xingrg/dwr/call/plaincall/AjaxCheckService.loadOrderItems.dwr HTTP/1.1" 200 174453
116.235.222.38 - - [17/May/2021:09:42:04 +0800] "GET /xingrg/all/function/internal_message.html?_=1621215724519&CODE_STATE=getMsg HTTP/1.1" 200 27
114.86.230.59 - - [17/May/2021:09:42:06 +0800] "POST /xingrg/kc/buy/cgsh_order_operate.html HTTP/1.1" 200 13311
180.169.147.146 - - [17/May/2021:09:42:06 +0800] "GET /xingrg/all/function/internal_message.html?_=1621215727981&CODE_STATE=getMsg HTTP/1.1" 200 27
180.169.147.146 - - [17/May/2021:09:42:06 +0800] "GET /xingrg/check_reg.html?_=1621215728033 HTTP/1.1" 200 22
116.224.253.72 - - [17/May/2021:09:42:07 +0800] "POST /xingrg/dwr/call/plaincall/AjaxCheckService.setItemNumber.dwr HTTP/1.1" 200 77
114.88.163.218 - - [17/May/2021:09:42:07 +0800] "GET /xingrg/all/function/internal_message.html?_=1621215724181&CODE_STATE=getMsg HTTP/1.1" 200 27
116.224.253.72 - - [17/May/2021:09:42:09 +0800] "POST /xingrg/dwr/call/plaincall/AjaxCheckService.setItemNumber.dwr HTTP/1.1" 200 77
114.88.163.218 - - [17/May/2021:09:42:09 +0800] "POST /xingrg/kc/buy/cgsh_order_operate.html HTTP/1.1" 200 2065
116.224.253.72 - - [17/May/2021:09:42:10 +0800] "POST /xingrg/dwr/call/plaincall/AjaxCheckService.setItemNumber.dwr HTTP/1.1" 200 77
114.86.187.76 - - [17/May/2021:09:42:11 +0800] "GET /xingrg/all/function/internal_message.html?_=1621215733474&CODE_STATE=getMsg HTTP/1.1" 200 27
116.224.253.72 - - [17/May/2021:09:42:12 +0800] "POST /xingrg/dwr/call/plaincall/AjaxCheckService.setItemNumber.dwr HTTP/1.1" 200 77
116.224.253.72 - - [17/May/2021:09:42:13 +0800] "POST /xingrg/dwr/call/plaincall/AjaxCheckService.setItemNumber.dwr HTTP/1.1" 200 77
58.37.225.51 - - [17/May/2021:09:42:14 +0800] "POST /xingrg/dwr/call/plaincall/AjaxCheckService.setItemNumber.dwr HTTP/1.1" 200 76
116.224.253.72 - - [17/May/2021:09:42:14 +0800] "POST /xingrg/dwr/call/plaincall/AjaxCheckService.setItemNumber.dwr HTTP/1.1" 200 77
58.37.225.51 - - [17/May/2021:09:42:15 +0800] "POST /xingrg/dwr/call/plaincall/AjaxCheckService.setItemNumber.dwr HTTP/1.1" 200 76
222.69.130.128 - - [17/May/2021:09:42:16 +0800] "GET /xingrg/kc/buy/cgsh_order_operate.html?command=get_materiel&rest_code=00149&code=00101008330&supplier_code=00100005&order_time=2021-05-17 HTTP/1.1" 200 408
116.224.253.72 - - [17/May/2021:09:42:16 +0800] "POST /xingrg/dwr/call/plaincall/AjaxCheckService.setItemNumber.dwr HTTP/1.1" 200 77
116.235.95.160 - - [17/May/2021:09:42:17 +0800] "GET /xingrg/all/function/internal_message.html?_=1621215826511&CODE_STATE=getMsg HTTP/1.1" 200 27
116.235.222.38 - - [17/May/2021:09:42:19 +0800] "GET /xingrg/kc/buy/cgsh_order_operate.html?command=get_materiel&rest_code=00107&code=00101009113&supplier_code=00100006&order_time=2021-05-17 HTTP/1.1" 200 398
61.165.42.208 - - [17/May/2021:09:42:22 +0800] "GET /xingrg/all/function/internal_message.html?_=1621215744299&CODE_STATE=getMsg HTTP/1.1" 200 27
58.37.225.51 - - [17/May/2021:09:42:25 +0800] "POST /xingrg/dwr/call/plaincall/AjaxCheckService.setItemNumber.dwr HTTP/1.1" 200 76
58.37.225.51 - - [17/May/2021:09:42:26 +0800] "POST /xingrg/dwr/call/plaincall/AjaxCheckService.setItemNumber.dwr HTTP/1.1" 200 76
58.37.225.51 - - [17/May/2021:09:42:27 +0800] "POST /xingrg/dwr/call/plaincall/AjaxCheckService.setItemNumber.dwr HTTP/1.1" 200 76
116.224.253.72 - - [17/May/2021:09:42:28 +0800] "GET /xingrg/check_reg.html?_=1621215731628 HTTP/1.1" 200 22
222.69.130.128 - - [17/May/2021:09:42:29 +0800] "GET /xingrg/kc/buy/cgsh_order_operate.html?command=get_materiel&rest_code=00149&code=00101008298&supplier_code=00100005&order_time=2021-05-17 HTTP/1.1" 200 412
58.37.225.51 - - [17/May/2021:09:42:29 +0800] "POST /xingrg/dwr/call/plaincall/AjaxCheckService.setItemNumber.dwr HTTP/1.1" 200 76
116.230.110.80 - - [17/May/2021:09:42:29 +0800] "GET /xingrg/all/function/internal_message.html?_=1621215749668&CODE_STATE=getMsg HTTP/1.1" 200 27
58.37.225.51 - - [17/May/2021:09:42:31 +0800] "POST /xingrg/dwr/call/plaincall/AjaxCheckService.setItemNumber.dwr HTTP/1.1" 200 76
58.37.225.51 - - [17/May/2021:09:42:33 +0800] "POST /xingrg/dwr/call/plaincall/AjaxCheckService.setItemNumber.dwr HTTP/1.1" 200 76
58.37.225.51 - - [17/May/2021:09:42:35 +0800] "POST /xingrg/dwr/call/plaincall/AjaxCheckService.setItemNumber.dwr HTTP/1.1" 200 76
116.224.253.72 - - [17/May/2021:09:42:36 +0800] "GET /xingrg/all/function/internal_message.html?_=1621215739550&CODE_STATE=getMsg HTTP/1.1" 200 27
58.37.225.51 - - [17/May/2021:09:42:36 +0800] "POST /xingrg/dwr/call/plaincall/AjaxCheckService.setItemNumber.dwr HTTP/1.1" 200 77
58.37.225.51 - - [17/May/2021:09:42:37 +0800] "POST /xingrg/dwr/call/plaincall/AjaxCheckService.setItemNumber.dwr HTTP/1.1" 200 77
58.37.225.51 - - [17/May/2021:09:42:37 +0800] "POST /xingrg/dwr/call/plaincall/AjaxCheckService.setItemNumber.dwr HTTP/1.1" 200 77
58.37.225.51 - - [17/May/2021:09:42:38 +0800] "POST /xingrg/dwr/call/plaincall/AjaxCheckService.setItemNumber.dwr HTTP/1.1" 200 77
58.37.225.51 - - [17/May/2021:09:42:38 +0800] "POST /xingrg/dwr/call/plaincall/AjaxCheckService.setItemNumber.dwr HTTP/1.1" 200 77
58.37.225.51 - - [17/May/2021:09:42:39 +0800] "POST /xingrg/dwr/call/plaincall/AjaxCheckService.setItemNumber.dwr HTTP/1.1" 200 77
58.37.225.51 - - [17/May/2021:09:42:40 +0800] "POST /xingrg/dwr/call/plaincall/AjaxCheckService.setItemNumber.dwr HTTP/1.1" 200 77
116.230.114.112 - - [17/May/2021:09:42:40 +0800] "GET /xingrg/all/function/internal_message.html?_=1621215761922&CODE_STATE=getMsg HTTP/1.1" 200 27
58.37.225.51 - - [17/May/2021:09:42:41 +0800] "POST /xingrg/dwr/call/plaincall/AjaxCheckService.setItemNumber.dwr HTTP/1.1" 200 77
58.37.225.51 - - [17/May/2021:09:42:42 +0800] "POST /xingrg/dwr/call/plaincall/AjaxCheckService.setItemNumber.dwr HTTP/1.1" 200 77
58.37.225.51 - - [17/May/2021:09:42:43 +0800] "POST /xingrg/dwr/call/plaincall/AjaxCheckService.setItemNumber.dwr HTTP/1.1" 200 77
58.37.225.51 - - [17/May/2021:09:42:44 +0800] "POST /xingrg/dwr/call/plaincall/AjaxCheckService.setItemNumber.dwr HTTP/1.1" 200 77
58.37.225.51 - - [17/May/2021:09:42:44 +0800] "GET /xingrg/all/function/internal_message.html?_=1621215768896&CODE_STATE=getMsg HTTP/1.1" 200 27
58.37.225.51 - - [17/May/2021:09:42:45 +0800] "POST /xingrg/dwr/call/plaincall/AjaxCheckService.setItemNumber.dwr HTTP/1.1" 200 77
114.86.230.59 - - [17/May/2021:09:42:45 +0800] "GET /xingrg/all/function/internal_message.html?_=1621215767349&CODE_STATE=getMsg HTTP/1.1" 200 27
58.37.225.51 - - [17/May/2021:09:42:45 +0800] "POST /xingrg/dwr/call/plaincall/AjaxCheckService.setItemNumber.dwr HTTP/1.1" 200 77
58.37.225.51 - - [17/May/2021:09:42:46 +0800] "POST /xingrg/dwr/call/plaincall/AjaxCheckService.setItemNumber.dwr HTTP/1.1" 200 77
58.37.225.51 - - [17/May/2021:09:42:47 +0800] "POST /xingrg/dwr/call/plaincall/AjaxCheckService.setItemNumber.dwr HTTP/1.1" 200 77
222.69.130.128 - - [17/May/2021:09:42:48 +0800] "GET /xingrg/kc/buy/cgsh_order_operate.html?command=get_materiel&rest_code=00149&code=00101008043&supplier_code=00100005&order_time=2021-05-17 HTTP/1.1" 200 416
58.37.225.51 - - [17/May/2021:09:42:48 +0800] "POST /xingrg/dwr/call/plaincall/AjaxCheckService.setItemNumber.dwr HTTP/1.1" 200 77
