117.185.32.26 - - [17/May/2021:09:46:54 +0800] "GET /xingrg/all/function/internal_message.html?_=1621216009952&CODE_STATE=getMsg HTTP/1.1" 200 27
116.235.95.160 - - [17/May/2021:09:46:54 +0800] "POST /xingrg/dwr/call/plaincall/AjaxCheckService.setItemNumber.dwr HTTP/1.1" 200 78
58.37.225.51 - - [17/May/2021:09:46:54 +0800] "POST /xingrg/dwr/call/plaincall/AjaxCheckService.setItemNumber.dwr HTTP/1.1" 200 78
61.165.42.208 - - [17/May/2021:09:46:54 +0800] "GET /xingrg/all/function/internal_message.html?_=1621215996676&CODE_STATE=getMsg HTTP/1.1" 200 27
180.169.147.146 - - [17/May/2021:09:46:54 +0800] "GET /xingrg/all/function/internal_message.html?_=1621216014314&CODE_STATE=getMsg HTTP/1.1" 302 -
58.37.225.51 - - [17/May/2021:09:46:55 +0800] "POST /xingrg/dwr/call/plaincall/AjaxCheckService.setItemNumber.dwr HTTP/1.1" 200 78
116.235.222.38 - - [17/May/2021:09:46:55 +0800] "POST /xingrg/kc/buy/cgsh_order_operate.html HTTP/1.1" 200 37
116.235.95.160 - - [17/May/2021:09:46:56 +0800] "POST /xingrg/dwr/call/plaincall/AjaxCheckService.setItemNumber.dwr HTTP/1.1" 200 78
117.185.32.26 - - [17/May/2021:09:46:56 +0800] "GET /xingrg/all/function/internal_message.html?_=1621216539817&CODE_STATE=getMsg HTTP/1.1" 200 27
58.37.225.51 - - [17/May/2021:09:46:57 +0800] "POST /xingrg/dwr/call/plaincall/AjaxCheckService.setItemNumber.dwr HTTP/1.1" 200 78
58.37.225.51 - - [17/May/2021:09:46:57 +0800] "POST /xingrg/dwr/call/plaincall/AjaxCheckService.setItemNumber.dwr HTTP/1.1" 200 78
180.169.147.146 - - [17/May/2021:09:46:58 +0800] "GET /xingrg/all/function/internal_message.html?_=1621216018721&CODE_STATE=getMsg HTTP/1.1" 200 27
58.37.225.51 - - [17/May/2021:09:46:59 +0800] "POST /xingrg/dwr/call/plaincall/AjaxCheckService.setItemNumber.dwr HTTP/1.1" 200 78
120.253.135.82 - - [17/May/2021:09:46:59 +0800] "GET /xingrg/all/function/internal_message.html?_=1621216075146&CODE_STATE=getMsg HTTP/1.1" 200 27
58.37.225.51 - - [17/May/2021:09:46:59 +0800] "POST /xingrg/dwr/call/plaincall/AjaxCheckService.setItemNumber.dwr HTTP/1.1" 200 78
120.253.135.82 - - [17/May/2021:09:46:59 +0800] "GET /xingrg/check_reg.html?_=1621216142125 HTTP/1.1" 200 22
58.37.225.51 - - [17/May/2021:09:46:59 +0800] "POST /xingrg/dwr/call/plaincall/AjaxCheckService.setItemNumber.dwr HTTP/1.1" 200 78
116.235.95.160 - - [17/May/2021:09:46:59 +0800] "POST /xingrg/dwr/call/plaincall/AjaxCheckService.setItemNumber.dwr HTTP/1.1" 200 78
58.37.225.51 - - [17/May/2021:09:47:00 +0800] "GET /xingrg/check_reg.html?_=1621215976375 HTTP/1.1" 200 22
58.37.225.51 - - [17/May/2021:09:47:00 +0800] "GET /xingrg/all/function/internal_message.html?_=1621215976376&CODE_STATE=getMsg HTTP/1.1" 200 27
58.37.225.51 - - [17/May/2021:09:47:00 +0800] "POST /xingrg/dwr/call/plaincall/AjaxCheckService.setItemNumber.dwr HTTP/1.1" 200 78
120.253.135.82 - - [17/May/2021:09:47:00 +0800] "GET /xingrg/all/function/internal_message.html?_=1621216143376&CODE_STATE=getMsg HTTP/1.1" 200 27
116.224.253.72 - - [17/May/2021:09:47:01 +0800] "GET /xingrg/kc/buy/cgsh_order_list.html HTTP/1.1" 200 46257
116.235.95.160 - - [17/May/2021:09:47:01 +0800] "POST /xingrg/dwr/call/plaincall/AjaxCheckService.setItemNumber.dwr HTTP/1.1" 200 78
58.37.225.51 - - [17/May/2021:09:47:02 +0800] "POST /xingrg/dwr/call/plaincall/AjaxCheckService.setItemNumber.dwr HTTP/1.1" 200 78
58.37.225.51 - - [17/May/2021:09:47:03 +0800] "POST /xingrg/dwr/call/plaincall/AjaxCheckService.setItemNumber.dwr HTTP/1.1" 200 78
116.224.253.72 - - [17/May/2021:09:47:03 +0800] "POST /xingrg/kc/buy/cgsh_list_operate.html HTTP/1.1" 200 2085
58.37.225.51 - - [17/May/2021:09:47:04 +0800] "POST /xingrg/dwr/call/plaincall/AjaxCheckService.setItemNumber.dwr HTTP/1.1" 200 78
58.37.225.51 - - [17/May/2021:09:47:04 +0800] "POST /xingrg/dwr/call/plaincall/AjaxCheckService.setItemNumber.dwr HTTP/1.1" 200 78
116.235.95.160 - - [17/May/2021:09:47:05 +0800] "POST /xingrg/dwr/call/plaincall/AjaxCheckService.setItemNumber.dwr HTTP/1.1" 200 78
58.37.225.51 - - [17/May/2021:09:47:05 +0800] "POST /xingrg/dwr/call/plaincall/AjaxCheckService.setItemNumber.dwr HTTP/1.1" 200 78
116.224.253.72 - - [17/May/2021:09:47:05 +0800] "POST /xingrg/kc/buy/cgsh_list_operate.html HTTP/1.1" 200 579
58.37.225.51 - - [17/May/2021:09:47:06 +0800] "POST /xingrg/dwr/call/plaincall/AjaxCheckService.setItemNumber.dwr HTTP/1.1" 200 78
58.37.225.51 - - [17/May/2021:09:47:06 +0800] "POST /xingrg/dwr/call/plaincall/AjaxCheckService.setItemNumber.dwr HTTP/1.1" 200 78
180.169.147.146 - - [17/May/2021:09:47:06 +0800] "GET /xingrg/all/function/internal_message.html?_=1621216027983&CODE_STATE=getMsg HTTP/1.1" 200 27
180.169.147.146 - - [17/May/2021:09:47:06 +0800] "GET /xingrg/check_reg.html?_=1621216028019 HTTP/1.1" 200 22
58.37.225.51 - - [17/May/2021:09:47:07 +0800] "POST /xingrg/dwr/call/plaincall/AjaxCheckService.setItemNumber.dwr HTTP/1.1" 200 78
114.88.163.218 - - [17/May/2021:09:47:07 +0800] "GET /xingrg/all/function/internal_message.html?_=1621216024178&CODE_STATE=getMsg HTTP/1.1" 200 27
58.37.225.51 - - [17/May/2021:09:47:08 +0800] "POST /xingrg/dwr/call/plaincall/AjaxCheckService.setItemNumber.dwr HTTP/1.1" 200 78
116.235.95.160 - - [17/May/2021:09:47:08 +0800] "POST /xingrg/dwr/call/plaincall/AjaxCheckService.setItemNumber.dwr HTTP/1.1" 200 78
58.37.225.51 - - [17/May/2021:09:47:09 +0800] "POST /xingrg/dwr/call/plaincall/AjaxCheckService.setItemNumber.dwr HTTP/1.1" 200 78
116.224.253.72 - - [17/May/2021:09:47:09 +0800] "GET /xingrg/kc/buy/cgsh_order_info.html?code=212021051707374 HTTP/1.1" 200 61654
116.224.253.72 - - [17/May/2021:09:47:09 +0800] "GET /xingrg/javascript/easyui/themes/default/validatebox.css HTTP/1.1" 404 1104
58.37.225.51 - - [17/May/2021:09:47:09 +0800] "POST /xingrg/dwr/call/plaincall/AjaxCheckService.setItemNumber.dwr HTTP/1.1" 200 78
116.224.253.72 - - [17/May/2021:09:47:10 +0800] "POST /xingrg/kc/buy/cgsh_order_operate.html HTTP/1.1" 200 6276
58.37.225.51 - - [17/May/2021:09:47:10 +0800] "POST /xingrg/dwr/call/plaincall/AjaxCheckService.setItemNumber.dwr HTTP/1.1" 200 78
58.37.225.51 - - [17/May/2021:09:47:11 +0800] "POST /xingrg/dwr/call/plaincall/AjaxCheckService.setItemNumber.dwr HTTP/1.1" 200 78
114.86.187.76 - - [17/May/2021:09:47:11 +0800] "GET /xingrg/all/function/internal_message.html?_=1621216033534&CODE_STATE=getMsg HTTP/1.1" 200 27
58.37.225.51 - - [17/May/2021:09:47:12 +0800] "POST /xingrg/dwr/call/plaincall/AjaxCheckService.setItemNumber.dwr HTTP/1.1" 200 78
58.37.225.51 - - [17/May/2021:09:47:12 +0800] "POST /xingrg/dwr/call/plaincall/AjaxCheckService.setItemNumber.dwr HTTP/1.1" 200 78
116.235.95.160 - - [17/May/2021:09:47:13 +0800] "POST /xingrg/dwr/call/plaincall/AjaxCheckService.setItemNumber.dwr HTTP/1.1" 200 78
58.37.225.51 - - [17/May/2021:09:47:13 +0800] "POST /xingrg/dwr/call/plaincall/AjaxCheckService.setItemNumber.dwr HTTP/1.1" 200 78
58.37.225.51 - - [17/May/2021:09:47:13 +0800] "POST /xingrg/dwr/call/plaincall/AjaxCheckService.setItemNumber.dwr HTTP/1.1" 200 78
58.37.225.51 - - [17/May/2021:09:47:15 +0800] "POST /xingrg/dwr/call/plaincall/AjaxCheckService.setItemNumber.dwr HTTP/1.1" 200 78
116.235.95.160 - - [17/May/2021:09:47:17 +0800] "GET /xingrg/all/function/internal_message.html?_=1621216126516&CODE_STATE=getMsg HTTP/1.1" 200 27
58.37.225.51 - - [17/May/2021:09:47:21 +0800] "POST /xingrg/dwr/call/plaincall/AjaxCheckService.setItemNumber.dwr HTTP/1.1" 200 78
61.165.42.208 - - [17/May/2021:09:47:22 +0800] "GET /xingrg/all/function/internal_message.html?_=1621216044178&CODE_STATE=getMsg HTTP/1.1" 200 27
58.37.225.51 - - [17/May/2021:09:47:23 +0800] "POST /xingrg/dwr/call/plaincall/AjaxCheckService.setItemNumber.dwr HTTP/1.1" 200 78
58.37.225.51 - - [17/May/2021:09:47:23 +0800] "POST /xingrg/dwr/call/plaincall/AjaxCheckService.setItemNumber.dwr HTTP/1.1" 200 78
58.37.225.51 - - [17/May/2021:09:47:24 +0800] "POST /xingrg/dwr/call/plaincall/AjaxCheckService.setItemNumber.dwr HTTP/1.1" 200 78
58.37.225.51 - - [17/May/2021:09:47:24 +0800] "POST /xingrg/dwr/call/plaincall/AjaxCheckService.setItemNumber.dwr HTTP/1.1" 200 78
58.37.225.51 - - [17/May/2021:09:47:26 +0800] "POST /xingrg/dwr/call/plaincall/AjaxCheckService.setItemNumber.dwr HTTP/1.1" 200 78
58.37.225.51 - - [17/May/2021:09:47:26 +0800] "POST /xingrg/dwr/call/plaincall/AjaxCheckService.setItemNumber.dwr HTTP/1.1" 200 78
58.37.225.51 - - [17/May/2021:09:47:28 +0800] "POST /xingrg/dwr/call/plaincall/AjaxCheckService.setItemNumber.dwr HTTP/1.1" 200 78
116.224.253.72 - - [17/May/2021:09:47:28 +0800] "GET /xingrg/check_reg.html?_=1621216031630 HTTP/1.1" 200 22
58.37.225.51 - - [17/May/2021:09:47:29 +0800] "POST /xingrg/dwr/call/plaincall/AjaxCheckService.setItemNumber.dwr HTTP/1.1" 200 78
116.230.110.80 - - [17/May/2021:09:47:29 +0800] "GET /xingrg/all/function/internal_message.html?_=1621216049669&CODE_STATE=getMsg HTTP/1.1" 200 27
58.37.225.51 - - [17/May/2021:09:47:35 +0800] "POST /xingrg/dwr/call/plaincall/AjaxCheckService.checkOrder.dwr HTTP/1.1" 200 80
116.224.253.72 - - [17/May/2021:09:47:36 +0800] "GET /xingrg/all/function/internal_message.html?_=1621216039789&CODE_STATE=getMsg HTTP/1.1" 200 27
58.37.225.51 - - [17/May/2021:09:47:36 +0800] "GET /xingrg/kc/base/check_order_info.html?code=452021051600166 HTTP/1.1" 200 22860
58.37.225.51 - - [17/May/2021:09:47:36 +0800] "GET /xingrg/dwr/interface/AjaxCheckService.js HTTP/1.1" 200 14003
58.37.225.51 - - [17/May/2021:09:47:36 +0800] "GET /xingrg/dwr/interface/AjaxComOrderService.js HTTP/1.1" 200 18264
58.37.225.51 - - [17/May/2021:09:47:36 +0800] "GET /xingrg/dwr/engine.js HTTP/1.1" 200 43631
116.235.95.160 - - [17/May/2021:09:47:38 +0800] "POST /xingrg/dwr/call/plaincall/AjaxCheckService.checkOrder.dwr HTTP/1.1" 200 80
116.230.114.112 - - [17/May/2021:09:47:41 +0800] "GET /xingrg/all/function/internal_message.html?_=1621216062310&CODE_STATE=getMsg HTTP/1.1" 200 27
116.235.95.160 - - [17/May/2021:09:47:41 +0800] "GET /xingrg/kc/base/check_order_info.html?code=452021051600180 HTTP/1.1" 200 22860
116.235.95.160 - - [17/May/2021:09:47:41 +0800] "GET /xingrg/dwr/interface/AjaxComOrderService.js HTTP/1.1" 200 18264
117.131.5.26 - - [17/May/2021:09:47:41 +0800] "GET /xingrg/dwr/interface/AjaxCheckService.js HTTP/1.1" 200 14003
116.235.95.160 - - [17/May/2021:09:47:41 +0800] "GET /xingrg/dwr/engine.js HTTP/1.1" 200 43631
58.37.225.51 - - [17/May/2021:09:47:42 +0800] "POST /xingrg/dwr/call/plaincall/AjaxCheckService.loadOrderItems.dwr HTTP/1.1" 200 78280
58.37.225.51 - - [17/May/2021:09:47:44 +0800] "GET /xingrg/all/function/internal_message.html?_=1621216068887&CODE_STATE=getMsg HTTP/1.1" 200 27
114.86.230.59 - - [17/May/2021:09:47:45 +0800] "GET /xingrg/all/function/internal_message.html?_=1621216067360&CODE_STATE=getMsg HTTP/1.1" 200 27
116.235.95.160 - - [17/May/2021:09:47:46 +0800] "GET /xingrg/javascript/jquery_easy_ui/themes/icons/exam_new.png HTTP/1.1" 200 756
116.235.95.160 - - [17/May/2021:09:47:46 +0800] "POST /xingrg/dwr/call/plaincall/AjaxCheckService.loadOrderItems.dwr HTTP/1.1" 200 70155
116.224.253.72 - - [17/May/2021:09:47:47 +0800] "GET /xingrg/all/function/internal_message.html?_=1621216067649&CODE_STATE=getMsg HTTP/1.1" 200 27
222.69.130.128 - - [17/May/2021:09:47:49 +0800] "GET /xingrg/all/function/internal_message.html?_=1621216068081&CODE_STATE=getMsg HTTP/1.1" 200 27
222.69.130.128 - - [17/May/2021:09:47:50 +0800] "GET /xingrg/check_reg.html?_=1621216068350 HTTP/1.1" 200 22
117.185.32.26 - - [17/May/2021:09:47:54 +0800] "GET /xingrg/all/function/internal_message.html?_=1621216069953&CODE_STATE=getMsg HTTP/1.1" 200 27
61.165.42.208 - - [17/May/2021:09:47:54 +0800] "GET /xingrg/all/function/internal_message.html?_=1621216056676&CODE_STATE=getMsg HTTP/1.1" 200 27
116.224.253.72 - - [17/May/2021:09:47:54 +0800] "GET /xingrg/javascript/auto/indicator.gif HTTP/1.1" 404 1066
180.169.147.146 - - [17/May/2021:09:47:54 +0800] "GET /xingrg/check_reg.html?_=1621216074320 HTTP/1.1" 302 -
180.169.147.146 - - [17/May/2021:09:47:54 +0800] "GET /xingrg/all/function/internal_message.html?_=1621216074320&CODE_STATE=getMsg HTTP/1.1" 302 -
117.185.32.26 - - [17/May/2021:09:47:56 +0800] "GET /xingrg/all/function/internal_message.html?_=1621216599802&CODE_STATE=getMsg HTTP/1.1" 200 27
180.169.147.146 - - [17/May/2021:09:47:58 +0800] "GET /xingrg/all/function/internal_message.html?_=1621216078724&CODE_STATE=getMsg HTTP/1.1" 200 27
180.169.147.146 - - [17/May/2021:09:47:58 +0800] "GET /xingrg/check_reg.html?_=1621216078726 HTTP/1.1" 200 22
120.253.135.82 - - [17/May/2021:09:47:59 +0800] "GET /xingrg/all/function/internal_message.html?_=1621216135207&CODE_STATE=getMsg HTTP/1.1" 200 27
120.204.17.73 - - [17/May/2021:09:48:00 +0800] "GET /xingrg/all/function/internal_message.html?_=1621216009952&CODE_STATE=getMsg HTTP/1.1" 302 -
58.37.225.51 - - [17/May/2021:09:48:00 +0800] "GET /xingrg/all/function/internal_message.html?_=1621216036392&CODE_STATE=getMsg HTTP/1.1" 200 27
117.131.5.26 - - [17/May/2021:09:48:00 +0800] "GET /xingrg/kc/base/check_order_info.html?code=452021051600179 HTTP/1.1" 200 26398
116.235.95.160 - - [17/May/2021:09:48:00 +0800] "GET /xingrg/dwr/interface/AjaxComOrderService.js HTTP/1.1" 200 18264
116.235.95.160 - - [17/May/2021:09:48:00 +0800] "GET /xingrg/dwr/interface/AjaxCheckService.js HTTP/1.1" 200 14003
120.253.135.82 - - [17/May/2021:09:48:00 +0800] "GET /xingrg/all/function/internal_message.html?_=1621216203390&CODE_STATE=getMsg HTTP/1.1" 200 27
117.131.5.26 - - [17/May/2021:09:48:00 +0800] "GET /xingrg/dwr/engine.js HTTP/1.1" 200 43631
116.235.95.160 - - [17/May/2021:09:48:01 +0800] "POST /xingrg/dwr/call/plaincall/AjaxCheckService.loadOrderItems.dwr HTTP/1.1" 200 158589
120.204.17.73 - - [17/May/2021:09:48:01 +0800] "GET /xingrg/login.html HTTP/1.1" 200 7641
180.169.147.146 - - [17/May/2021:09:48:06 +0800] "GET /xingrg/all/function/internal_message.html?_=1621216087989&CODE_STATE=getMsg HTTP/1.1" 200 27
114.88.163.218 - - [17/May/2021:09:48:07 +0800] "GET /xingrg/all/function/internal_message.html?_=1621216084172&CODE_STATE=getMsg HTTP/1.1" 200 27
116.224.253.72 - - [17/May/2021:09:48:08 +0800] "POST /xingrg/kc/buy/cgsh_order_operate.html HTTP/1.1" 200 37
116.235.95.160 - - [17/May/2021:09:48:10 +0800] "POST /xingrg/dwr/call/plaincall/AjaxCheckService.setItemNumber.dwr HTTP/1.1" 200 76
116.224.253.72 - - [17/May/2021:09:48:11 +0800] "POST /xingrg/kc/buy/cgsh_order_operate.html HTTP/1.1" 200 12
114.86.187.76 - - [17/May/2021:09:48:11 +0800] "GET /xingrg/all/function/internal_message.html?_=1621216093555&CODE_STATE=getMsg HTTP/1.1" 200 27
116.224.253.72 - - [17/May/2021:09:48:12 +0800] "GET /xingrg/kc/buy/cgsh_order_info.html?code=212021051707374 HTTP/1.1" 200 56547
117.131.5.26 - - [17/May/2021:09:48:12 +0800] "POST /xingrg/dwr/call/plaincall/AjaxCheckService.setItemNumber.dwr HTTP/1.1" 200 76
116.224.253.72 - - [17/May/2021:09:48:13 +0800] "GET /xingrg/javascript/easyui/themes/default/validatebox.css HTTP/1.1" 404 1104
116.235.95.160 - - [17/May/2021:09:48:13 +0800] "POST /xingrg/dwr/call/plaincall/AjaxCheckService.setItemNumber.dwr HTTP/1.1" 200 76
116.224.253.72 - - [17/May/2021:09:48:13 +0800] "POST /xingrg/kc/buy/cgsh_order_operate.html HTTP/1.1" 200 4216
116.224.253.72 - - [17/May/2021:09:48:15 +0800] "GET /xingrg/kc/print/load_data.html?order_code=212021051707374&kc_code=cgsh&condition= HTTP/1.1" 200 2127
116.235.95.160 - - [17/May/2021:09:48:16 +0800] "POST /xingrg/dwr/call/plaincall/AjaxCheckService.setItemNumber.dwr HTTP/1.1" 200 76
117.131.5.26 - - [17/May/2021:09:48:17 +0800] "GET /xingrg/all/function/internal_message.html?_=1621216186533&CODE_STATE=getMsg HTTP/1.1" 200 27
180.161.124.236 - - [17/May/2021:09:48:19 +0800] "GET /xingrg/check_reg.html?_=1621216058860 HTTP/1.1" 200 22
116.235.95.160 - - [17/May/2021:09:48:20 +0800] "POST /xingrg/dwr/call/plaincall/AjaxCheckService.setItemNumber.dwr HTTP/1.1" 200 76
116.235.95.160 - - [17/May/2021:09:48:20 +0800] "POST /xingrg/dwr/call/plaincall/AjaxCheckService.setItemNumber.dwr HTTP/1.1" 200 76
117.131.5.26 - - [17/May/2021:09:48:22 +0800] "POST /xingrg/dwr/call/plaincall/AjaxCheckService.setItemNumber.dwr HTTP/1.1" 200 76
61.165.42.208 - - [17/May/2021:09:48:22 +0800] "GET /xingrg/all/function/internal_message.html?_=1621216104157&CODE_STATE=getMsg HTTP/1.1" 200 27
116.230.110.80 - - [17/May/2021:09:48:29 +0800] "GET /xingrg/all/function/internal_message.html?_=1621216109679&CODE_STATE=getMsg HTTP/1.1" 200 27
116.230.110.80 - - [17/May/2021:09:48:29 +0800] "GET /xingrg/check_reg.html?_=1621216109680 HTTP/1.1" 200 22
116.235.95.160 - - [17/May/2021:09:48:30 +0800] "POST /xingrg/dwr/call/plaincall/AjaxCheckService.setItemNumber.dwr HTTP/1.1" 200 76
116.235.95.160 - - [17/May/2021:09:48:31 +0800] "POST /xingrg/dwr/call/plaincall/AjaxCheckService.setItemNumber.dwr HTTP/1.1" 200 76
116.224.253.72 - - [17/May/2021:09:48:33 +0800] "POST /xingrg/kc/buy/cgsh_list_operate.html HTTP/1.1" 200 560
116.224.253.72 - - [17/May/2021:09:48:34 +0800] "GET /xingrg/kc/buy/cgsh_order_info.html?code=212021051707372 HTTP/1.1" 200 61654
116.224.253.72 - - [17/May/2021:09:48:34 +0800] "GET /xingrg/javascript/easyui/themes/default/validatebox.css HTTP/1.1" 404 1104
116.224.253.72 - - [17/May/2021:09:48:35 +0800] "POST /xingrg/kc/buy/cgsh_order_operate.html HTTP/1.1" 200 15804
117.131.5.26 - - [17/May/2021:09:48:35 +0800] "POST /xingrg/dwr/call/plaincall/AjaxCheckService.setItemNumber.dwr HTTP/1.1" 200 77
116.224.253.72 - - [17/May/2021:09:48:36 +0800] "GET /xingrg/all/function/internal_message.html?_=1621216099803&CODE_STATE=getMsg HTTP/1.1" 200 27
116.235.95.160 - - [17/May/2021:09:48:39 +0800] "POST /xingrg/dwr/call/plaincall/AjaxCheckService.setItemNumber.dwr HTTP/1.1" 200 77
116.230.114.112 - - [17/May/2021:09:48:41 +0800] "GET /xingrg/all/function/internal_message.html?_=1621216122324&CODE_STATE=getMsg HTTP/1.1" 200 27
116.235.95.160 - - [17/May/2021:09:48:42 +0800] "POST /xingrg/dwr/call/plaincall/AjaxCheckService.setItemNumber.dwr HTTP/1.1" 200 77
117.131.5.26 - - [17/May/2021:09:48:44 +0800] "POST /xingrg/dwr/call/plaincall/AjaxCheckService.setItemNumber.dwr HTTP/1.1" 200 77
58.37.225.51 - - [17/May/2021:09:48:44 +0800] "GET /xingrg/all/function/internal_message.html?_=1621216128889&CODE_STATE=getMsg HTTP/1.1" 200 27
114.86.230.59 - - [17/May/2021:09:48:45 +0800] "GET /xingrg/all/function/internal_message.html?_=1621216127363&CODE_STATE=getMsg HTTP/1.1" 200 27
116.224.253.72 - - [17/May/2021:09:48:47 +0800] "GET /xingrg/all/function/internal_message.html?_=1621216127659&CODE_STATE=getMsg HTTP/1.1" 200 27
116.235.95.160 - - [17/May/2021:09:48:47 +0800] "POST /xingrg/dwr/call/plaincall/AjaxCheckService.setItemNumber.dwr HTTP/1.1" 200 77
222.69.130.128 - - [17/May/2021:09:48:49 +0800] "GET /xingrg/all/function/internal_message.html?_=1621216128054&CODE_STATE=getMsg HTTP/1.1" 200 27
120.253.135.82 - - [17/May/2021:09:48:50 +0800] "GET /xingrg/check_reg.html?_=1621216186328 HTTP/1.1" 200 22
116.235.95.160 - - [17/May/2021:09:48:51 +0800] "POST /xingrg/dwr/call/plaincall/AjaxCheckService.setItemNumber.dwr HTTP/1.1" 200 77
117.185.32.26 - - [17/May/2021:09:48:54 +0800] "GET /xingrg/all/function/internal_message.html?_=1621216129954&CODE_STATE=getMsg HTTP/1.1" 200 27
117.185.32.26 - - [17/May/2021:09:48:54 +0800] "GET /xingrg/check_reg.html?_=1621216129952 HTTP/1.1" 200 22
61.165.42.208 - - [17/May/2021:09:48:54 +0800] "GET /xingrg/check_reg.html?_=1621216116677 HTTP/1.1" 200 22
61.165.42.208 - - [17/May/2021:09:48:54 +0800] "GET /xingrg/all/function/internal_message.html?_=1621216116680&CODE_STATE=getMsg HTTP/1.1" 200 27
180.169.147.146 - - [17/May/2021:09:48:54 +0800] "GET /xingrg/all/function/internal_message.html?_=1621216134321&CODE_STATE=getMsg HTTP/1.1" 302 -
114.88.163.218 - - [17/May/2021:09:48:55 +0800] "GET /xingrg/kc/buy/cgsh_order_operate.html?command=get_materiel&rest_code=00111&code=00101008298&supplier_code=00100005&order_time=2021-05-17 HTTP/1.1" 200 412
117.131.5.26 - - [17/May/2021:09:48:56 +0800] "POST /xingrg/dwr/call/plaincall/AjaxCheckService.setItemNumber.dwr HTTP/1.1" 200 77
117.185.32.26 - - [17/May/2021:09:48:56 +0800] "GET /xingrg/all/function/internal_message.html?_=1621216659786&CODE_STATE=getMsg HTTP/1.1" 200 27
116.235.95.160 - - [17/May/2021:09:48:57 +0800] "POST /xingrg/dwr/call/plaincall/AjaxCheckService.setItemNumber.dwr HTTP/1.1" 200 77
180.169.147.146 - - [17/May/2021:09:48:58 +0800] "GET /xingrg/all/function/internal_message.html?_=1621216138727&CODE_STATE=getMsg HTTP/1.1" 200 27
120.253.135.82 - - [17/May/2021:09:48:59 +0800] "GET /xingrg/all/function/internal_message.html?_=1621216195219&CODE_STATE=getMsg HTTP/1.1" 200 27
114.88.163.218 - - [17/May/2021:09:48:59 +0800] "POST /xingrg/kc/buy/cgsh_order_operate.html HTTP/1.1" 200 2065
58.37.225.51 - - [17/May/2021:09:49:00 +0800] "GET /xingrg/all/function/internal_message.html?_=1621216096382&CODE_STATE=getMsg HTTP/1.1" 200 27
116.235.95.160 - - [17/May/2021:09:49:00 +0800] "POST /xingrg/dwr/call/plaincall/AjaxCheckService.setItemNumber.dwr HTTP/1.1" 200 77
120.253.135.82 - - [17/May/2021:09:49:00 +0800] "GET /xingrg/all/function/internal_message.html?_=1621216263403&CODE_STATE=getMsg HTTP/1.1" 200 27
117.131.5.26 - - [17/May/2021:09:49:03 +0800] "POST /xingrg/dwr/call/plaincall/AjaxCheckService.setItemNumber.dwr HTTP/1.1" 200 77
116.235.95.160 - - [17/May/2021:09:49:05 +0800] "POST /xingrg/dwr/call/plaincall/AjaxCheckService.setItemNumber.dwr HTTP/1.1" 200 77
180.169.147.146 - - [17/May/2021:09:49:06 +0800] "GET /xingrg/all/function/internal_message.html?_=1621216147992&CODE_STATE=getMsg HTTP/1.1" 200 27
114.88.163.218 - - [17/May/2021:09:49:06 +0800] "GET /xingrg/kc/buy/cgsh_order_operate.html?command=get_materiel&rest_code=00111&code=00101008089&supplier_code=00100005&order_time=2021-05-17 HTTP/1.1" 200 408
114.88.163.218 - - [17/May/2021:09:49:07 +0800] "GET /xingrg/all/function/internal_message.html?_=1621216144178&CODE_STATE=getMsg HTTP/1.1" 200 27
116.235.95.160 - - [17/May/2021:09:49:08 +0800] "POST /xingrg/dwr/call/plaincall/AjaxCheckService.setItemNumber.dwr HTTP/1.1" 200 77
114.86.187.76 - - [17/May/2021:09:49:09 +0800] "GET /xingrg/check_reg.html?_=1621216150678 HTTP/1.1" 200 22
117.131.5.26 - - [17/May/2021:09:49:11 +0800] "POST /xingrg/dwr/call/plaincall/AjaxCheckService.setItemNumber.dwr HTTP/1.1" 200 77
114.86.187.76 - - [17/May/2021:09:49:11 +0800] "GET /xingrg/all/function/internal_message.html?_=1621216153557&CODE_STATE=getMsg HTTP/1.1" 200 27
116.235.95.160 - - [17/May/2021:09:49:14 +0800] "POST /xingrg/dwr/call/plaincall/AjaxCheckService.setItemNumber.dwr HTTP/1.1" 200 77
117.131.5.26 - - [17/May/2021:09:49:17 +0800] "GET /xingrg/all/function/internal_message.html?_=1621216246563&CODE_STATE=getMsg HTTP/1.1" 200 27
116.235.95.160 - - [17/May/2021:09:49:17 +0800] "POST /xingrg/dwr/call/plaincall/AjaxCheckService.setItemNumber.dwr HTTP/1.1" 200 77
116.235.95.160 - - [17/May/2021:09:49:21 +0800] "POST /xingrg/dwr/call/plaincall/AjaxCheckService.setItemNumber.dwr HTTP/1.1" 200 77
61.165.42.208 - - [17/May/2021:09:49:22 +0800] "GET /xingrg/all/function/internal_message.html?_=1621216164136&CODE_STATE=getMsg HTTP/1.1" 200 27
61.165.42.208 - - [17/May/2021:09:49:23 +0800] "GET /xingrg/check_reg.html?_=1621216164959 HTTP/1.1" 200 22
117.131.5.26 - - [17/May/2021:09:49:27 +0800] "POST /xingrg/dwr/call/plaincall/AjaxCheckService.setItemNumber.dwr HTTP/1.1" 200 77
116.235.95.160 - - [17/May/2021:09:49:29 +0800] "POST /xingrg/dwr/call/plaincall/AjaxCheckService.setItemNumber.dwr HTTP/1.1" 200 77
116.230.110.80 - - [17/May/2021:09:49:29 +0800] "GET /xingrg/all/function/internal_message.html?_=1621216169673&CODE_STATE=getMsg HTTP/1.1" 200 27
116.235.95.160 - - [17/May/2021:09:49:32 +0800] "POST /xingrg/dwr/call/plaincall/AjaxCheckService.setItemNumber.dwr HTTP/1.1" 200 77
117.131.5.26 - - [17/May/2021:09:49:34 +0800] "POST /xingrg/dwr/call/plaincall/AjaxCheckService.setItemNumber.dwr HTTP/1.1" 200 77
116.235.95.160 - - [17/May/2021:09:49:35 +0800] "POST /xingrg/dwr/call/plaincall/AjaxCheckService.setItemNumber.dwr HTTP/1.1" 200 77
116.224.253.72 - - [17/May/2021:09:49:36 +0800] "GET /xingrg/all/function/internal_message.html?_=1621216159903&CODE_STATE=getMsg HTTP/1.1" 200 27
116.230.114.112 - - [17/May/2021:09:49:41 +0800] "GET /xingrg/all/function/internal_message.html?_=1621216182492&CODE_STATE=getMsg HTTP/1.1" 200 27
116.235.95.160 - - [17/May/2021:09:49:43 +0800] "POST /xingrg/dwr/call/plaincall/AjaxCheckService.setItemNumber.dwr HTTP/1.1" 200 77
114.88.163.218 - - [17/May/2021:09:49:44 +0800] "GET /xingrg/kc/buy/cgsh_order_operate.html?command=get_materiel&rest_code=00111&code=00101008365&supplier_code=00100005&order_time=2021-05-17 HTTP/1.1" 200 412
58.37.225.51 - - [17/May/2021:09:49:44 +0800] "GET /xingrg/all/function/internal_message.html?_=1621216188888&CODE_STATE=getMsg HTTP/1.1" 200 27
114.86.230.59 - - [17/May/2021:09:49:45 +0800] "GET /xingrg/all/function/internal_message.html?_=1621216187368&CODE_STATE=getMsg HTTP/1.1" 200 27
114.86.230.59 - - [17/May/2021:09:49:45 +0800] "GET /xingrg/check_reg.html?_=1621216187369 HTTP/1.1" 200 22
117.131.5.26 - - [17/May/2021:09:49:45 +0800] "POST /xingrg/dwr/call/plaincall/AjaxCheckService.setItemNumber.dwr HTTP/1.1" 200 77
116.224.253.72 - - [17/May/2021:09:49:47 +0800] "GET /xingrg/all/function/internal_message.html?_=1621216187664&CODE_STATE=getMsg HTTP/1.1" 200 27
116.235.95.160 - - [17/May/2021:09:49:48 +0800] "POST /xingrg/dwr/call/plaincall/AjaxCheckService.setItemNumber.dwr HTTP/1.1" 200 77
222.69.130.128 - - [17/May/2021:09:49:49 +0800] "GET /xingrg/all/function/internal_message.html?_=1621216188030&CODE_STATE=getMsg HTTP/1.1" 200 27
116.235.95.160 - - [17/May/2021:09:49:53 +0800] "POST /xingrg/dwr/call/plaincall/AjaxCheckService.setItemNumber.dwr HTTP/1.1" 200 77
117.185.32.26 - - [17/May/2021:09:49:54 +0800] "GET /xingrg/all/function/internal_message.html?_=1621216189952&CODE_STATE=getMsg HTTP/1.1" 200 27
61.165.42.208 - - [17/May/2021:09:49:54 +0800] "GET /xingrg/all/function/internal_message.html?_=1621216176679&CODE_STATE=getMsg HTTP/1.1" 200 27
180.169.147.146 - - [17/May/2021:09:49:54 +0800] "GET /xingrg/all/function/internal_message.html?_=1621216194322&CODE_STATE=getMsg HTTP/1.1" 302 -
117.185.32.26 - - [17/May/2021:09:49:56 +0800] "GET /xingrg/all/function/internal_message.html?_=1621216719797&CODE_STATE=getMsg HTTP/1.1" 200 27
180.169.147.146 - - [17/May/2021:09:49:58 +0800] "GET /xingrg/all/function/internal_message.html?_=1621216198729&CODE_STATE=getMsg HTTP/1.1" 200 27
120.253.135.82 - - [17/May/2021:09:49:59 +0800] "GET /xingrg/all/function/internal_message.html?_=1621216255234&CODE_STATE=getMsg HTTP/1.1" 200 27
58.37.225.51 - - [17/May/2021:09:50:00 +0800] "GET /xingrg/all/function/internal_message.html?_=1621216156376&CODE_STATE=getMsg HTTP/1.1" 200 27
120.253.135.82 - - [17/May/2021:09:50:01 +0800] "GET /xingrg/all/function/internal_message.html?_=1621216323422&CODE_STATE=getMsg HTTP/1.1" 200 27
116.224.253.72 - - [17/May/2021:09:50:03 +0800] "POST /xingrg/kc/buy/cgsh_order_operate.html HTTP/1.1" 200 37
114.88.163.218 - - [17/May/2021:09:50:05 +0800] "GET /xingrg/kc/buy/cgsh_order_operate.html?command=get_materiel&rest_code=00111&code=00101008355&supplier_code=00100005&order_time=2021-05-17 HTTP/1.1" 200 408
116.224.253.72 - - [17/May/2021:09:50:06 +0800] "POST /xingrg/kc/buy/cgsh_order_operate.html HTTP/1.1" 200 12
180.169.147.146 - - [17/May/2021:09:50:06 +0800] "GET /xingrg/all/function/internal_message.html?_=1621216207994&CODE_STATE=getMsg HTTP/1.1" 200 27
116.224.253.72 - - [17/May/2021:09:50:07 +0800] "GET /xingrg/kc/buy/cgsh_order_info.html?code=212021051707372 HTTP/1.1" 200 56547
116.224.253.72 - - [17/May/2021:09:50:07 +0800] "GET /xingrg/javascript/easyui/themes/default/validatebox.css HTTP/1.1" 404 1104
114.88.163.218 - - [17/May/2021:09:50:07 +0800] "GET /xingrg/check_reg.html?_=1621216204174 HTTP/1.1" 200 22
114.88.163.218 - - [17/May/2021:09:50:07 +0800] "GET /xingrg/all/function/internal_message.html?_=1621216204177&CODE_STATE=getMsg HTTP/1.1" 200 27
116.224.253.72 - - [17/May/2021:09:50:07 +0800] "POST /xingrg/kc/buy/cgsh_order_operate.html HTTP/1.1" 200 13749
116.224.253.72 - - [17/May/2021:09:50:09 +0800] "GET /xingrg/kc/print/load_data.html?order_code=212021051707372&kc_code=cgsh&condition= HTTP/1.1" 200 5822
114.86.187.76 - - [17/May/2021:09:50:11 +0800] "GET /xingrg/all/function/internal_message.html?_=1621216213570&CODE_STATE=getMsg HTTP/1.1" 200 27
222.69.130.128 - - [17/May/2021:09:50:13 +0800] "GET /favicon.ico HTTP/1.1" 404 -
116.235.95.160 - - [17/May/2021:09:50:17 +0800] "GET /xingrg/check_reg.html?_=1621216306809 HTTP/1.1" 200 22
116.235.95.160 - - [17/May/2021:09:50:17 +0800] "GET /xingrg/all/function/internal_message.html?_=1621216306808&CODE_STATE=getMsg HTTP/1.1" 200 27
117.131.5.26 - - [17/May/2021:09:50:18 +0800] "POST /xingrg/dwr/call/plaincall/AjaxCheckService.setItemNumber.dwr HTTP/1.1" 200 77
116.235.95.160 - - [17/May/2021:09:50:19 +0800] "POST /xingrg/dwr/call/plaincall/AjaxCheckService.setItemNumber.dwr HTTP/1.1" 200 77
61.165.42.208 - - [17/May/2021:09:50:22 +0800] "GET /xingrg/all/function/internal_message.html?_=1621216224113&CODE_STATE=getMsg HTTP/1.1" 200 27
116.230.114.112 - - [17/May/2021:09:50:24 +0800] "GET /xingrg/check_reg.html?_=1621216225629 HTTP/1.1" 200 22
114.88.163.218 - - [17/May/2021:09:50:26 +0800] "GET /xingrg/kc/buy/cgsh_order_operate.html?command=get_materiel&rest_code=00111&code=00101008085&supplier_code=00100005&order_time=2021-05-17 HTTP/1.1" 200 412
116.235.95.160 - - [17/May/2021:09:50:27 +0800] "POST /xingrg/dwr/call/plaincall/AjaxCheckService.setItemNumber.dwr HTTP/1.1" 200 77
117.131.5.26 - - [17/May/2021:09:50:28 +0800] "POST /xingrg/dwr/call/plaincall/AjaxCheckService.setItemNumber.dwr HTTP/1.1" 200 77
116.230.110.80 - - [17/May/2021:09:50:29 +0800] "GET /xingrg/all/function/internal_message.html?_=1621216229664&CODE_STATE=getMsg HTTP/1.1" 200 27
116.235.95.160 - - [17/May/2021:09:50:32 +0800] "POST /xingrg/dwr/call/plaincall/AjaxCheckService.setItemNumber.dwr HTTP/1.1" 200 77
116.235.95.160 - - [17/May/2021:09:50:34 +0800] "POST /xingrg/dwr/call/plaincall/AjaxCheckService.setItemNumber.dwr HTTP/1.1" 200 77
116.224.253.72 - - [17/May/2021:09:50:36 +0800] "GET /xingrg/all/function/internal_message.html?_=1621216219909&CODE_STATE=getMsg HTTP/1.1" 200 27
117.131.5.26 - - [17/May/2021:09:50:38 +0800] "POST /xingrg/dwr/call/plaincall/AjaxCheckService.setItemNumber.dwr HTTP/1.1" 200 77
116.235.95.160 - - [17/May/2021:09:50:39 +0800] "POST /xingrg/dwr/call/plaincall/AjaxCheckService.setItemNumber.dwr HTTP/1.1" 200 77
116.230.114.112 - - [17/May/2021:09:50:41 +0800] "GET /xingrg/all/function/internal_message.html?_=1621216242507&CODE_STATE=getMsg HTTP/1.1" 200 27
61.151.178.217 - - [17/May/2021:09:50:44 +0800] "GET /xingrg/all/function/internal_message.html?_=1621216188888&CODE_STATE=getMsg HTTP/1.1" 302 -
58.37.225.51 - - [17/May/2021:09:50:44 +0800] "GET /xingrg/all/function/internal_message.html?_=1621216248887&CODE_STATE=getMsg HTTP/1.1" 200 27
114.86.230.59 - - [17/May/2021:09:50:45 +0800] "GET /xingrg/all/function/internal_message.html?_=1621216247371&CODE_STATE=getMsg HTTP/1.1" 200 27
61.151.178.217 - - [17/May/2021:09:50:46 +0800] "GET /xingrg/login.html HTTP/1.1" 200 7641
114.88.163.218 - - [17/May/2021:09:50:47 +0800] "GET /xingrg/kc/buy/cgsh_order_operate.html?command=get_materiel&rest_code=00111&code=00101008436&supplier_code=00100005&order_time=2021-05-17 HTTP/1.1" 200 398
116.224.253.72 - - [17/May/2021:09:50:47 +0800] "GET /xingrg/all/function/internal_message.html?_=1621216247668&CODE_STATE=getMsg HTTP/1.1" 200 27
222.69.130.128 - - [17/May/2021:09:50:49 +0800] "GET /xingrg/all/function/internal_message.html?_=1621216248026&CODE_STATE=getMsg HTTP/1.1" 200 27
117.185.32.26 - - [17/May/2021:09:50:54 +0800] "GET /xingrg/all/function/internal_message.html?_=1621216249951&CODE_STATE=getMsg HTTP/1.1" 200 27
61.165.42.208 - - [17/May/2021:09:50:54 +0800] "GET /xingrg/all/function/internal_message.html?_=1621216236679&CODE_STATE=getMsg HTTP/1.1" 200 27
180.169.147.146 - - [17/May/2021:09:50:54 +0800] "GET /xingrg/all/function/internal_message.html?_=1621216254314&CODE_STATE=getMsg HTTP/1.1" 302 -
117.185.32.26 - - [17/May/2021:09:50:56 +0800] "GET /xingrg/all/function/internal_message.html?_=1621216779780&CODE_STATE=getMsg HTTP/1.1" 200 27
180.169.147.146 - - [17/May/2021:09:50:58 +0800] "GET /xingrg/all/function/internal_message.html?_=1621216258715&CODE_STATE=getMsg HTTP/1.1" 200 27
120.253.135.82 - - [17/May/2021:09:50:59 +0800] "GET /xingrg/all/function/internal_message.html?_=1621216315292&CODE_STATE=getMsg HTTP/1.1" 200 27
114.88.163.218 - - [17/May/2021:09:50:59 +0800] "POST /xingrg/kc/buy/cgsh_order_operate.html HTTP/1.1" 200 2065
58.37.225.51 - - [17/May/2021:09:51:00 +0800] "GET /xingrg/all/function/internal_message.html?_=1621216216372&CODE_STATE=getMsg HTTP/1.1" 200 27
120.253.135.82 - - [17/May/2021:09:51:01 +0800] "GET /xingrg/all/function/internal_message.html?_=1621216383430&CODE_STATE=getMsg HTTP/1.1" 200 27
180.169.147.146 - - [17/May/2021:09:51:06 +0800] "GET /xingrg/all/function/internal_message.html?_=1621216267981&CODE_STATE=getMsg HTTP/1.1" 200 27
114.88.163.218 - - [17/May/2021:09:51:07 +0800] "GET /xingrg/all/function/internal_message.html?_=1621216264178&CODE_STATE=getMsg HTTP/1.1" 200 27
116.235.95.160 - - [17/May/2021:09:51:11 +0800] "POST /xingrg/dwr/call/plaincall/AjaxCheckService.setItemNumber.dwr HTTP/1.1" 200 77
114.86.187.76 - - [17/May/2021:09:51:11 +0800] "GET /xingrg/all/function/internal_message.html?_=1621216273584&CODE_STATE=getMsg HTTP/1.1" 200 27
117.131.5.26 - - [17/May/2021:09:51:13 +0800] "POST /xingrg/dwr/call/plaincall/AjaxCheckService.setItemNumber.dwr HTTP/1.1" 200 77
116.235.95.160 - - [17/May/2021:09:51:13 +0800] "POST /xingrg/dwr/call/plaincall/AjaxCheckService.setItemNumber.dwr HTTP/1.1" 200 77
116.235.95.160 - - [17/May/2021:09:51:14 +0800] "POST /xingrg/dwr/call/plaincall/AjaxCheckService.setItemNumber.dwr HTTP/1.1" 200 77
116.235.95.160 - - [17/May/2021:09:51:17 +0800] "GET /xingrg/all/function/internal_message.html?_=1621216366789&CODE_STATE=getMsg HTTP/1.1" 200 27
117.131.5.26 - - [17/May/2021:09:51:18 +0800] "POST /xingrg/dwr/call/plaincall/AjaxCheckService.setItemNumber.dwr HTTP/1.1" 200 77
117.185.32.26 - - [17/May/2021:09:51:19 +0800] "GET /xingrg/check_reg.html?_=1621216802338 HTTP/1.1" 200 22
116.235.95.160 - - [17/May/2021:09:51:19 +0800] "POST /xingrg/dwr/call/plaincall/AjaxCheckService.setItemNumber.dwr HTTP/1.1" 200 77
61.165.42.208 - - [17/May/2021:09:51:22 +0800] "GET /xingrg/all/function/internal_message.html?_=1621216284088&CODE_STATE=getMsg HTTP/1.1" 200 27
116.235.95.160 - - [17/May/2021:09:51:23 +0800] "POST /xingrg/dwr/call/plaincall/AjaxCheckService.setItemNumber.dwr HTTP/1.1" 200 77
117.131.5.26 - - [17/May/2021:09:51:26 +0800] "POST /xingrg/dwr/call/plaincall/AjaxCheckService.setItemNumber.dwr HTTP/1.1" 200 77
116.235.95.160 - - [17/May/2021:09:51:27 +0800] "POST /xingrg/dwr/call/plaincall/AjaxCheckService.setItemNumber.dwr HTTP/1.1" 200 77
116.230.110.80 - - [17/May/2021:09:51:29 +0800] "GET /xingrg/all/function/internal_message.html?_=1621216289666&CODE_STATE=getMsg HTTP/1.1" 200 27
116.235.95.160 - - [17/May/2021:09:51:31 +0800] "POST /xingrg/dwr/call/plaincall/AjaxCheckService.setItemNumber.dwr HTTP/1.1" 200 77
117.131.5.26 - - [17/May/2021:09:51:33 +0800] "POST /xingrg/dwr/call/plaincall/AjaxCheckService.setItemNumber.dwr HTTP/1.1" 200 77
116.235.95.160 - - [17/May/2021:09:51:35 +0800] "POST /xingrg/dwr/call/plaincall/AjaxCheckService.setItemNumber.dwr HTTP/1.1" 200 77
116.224.253.72 - - [17/May/2021:09:51:36 +0800] "GET /xingrg/all/function/internal_message.html?_=1621216280012&CODE_STATE=getMsg HTTP/1.1" 200 27
116.235.95.160 - - [17/May/2021:09:51:37 +0800] "POST /xingrg/dwr/call/plaincall/AjaxCheckService.setItemNumber.dwr HTTP/1.1" 200 77
117.131.5.26 - - [17/May/2021:09:51:40 +0800] "POST /xingrg/dwr/call/plaincall/AjaxCheckService.setItemNumber.dwr HTTP/1.1" 200 77
116.235.95.160 - - [17/May/2021:09:51:40 +0800] "POST /xingrg/dwr/call/plaincall/AjaxCheckService.setItemNumber.dwr HTTP/1.1" 200 77
116.230.110.80 - - [17/May/2021:09:51:40 +0800] "POST /xingrg/kc/buy/cgsh_order_operate.html HTTP/1.1" 200 37
116.230.114.112 - - [17/May/2021:09:51:41 +0800] "GET /xingrg/all/function/internal_message.html?_=1621216302521&CODE_STATE=getMsg HTTP/1.1" 200 27
116.235.95.160 - - [17/May/2021:09:51:41 +0800] "POST /xingrg/dwr/call/plaincall/AjaxCheckService.setItemNumber.dwr HTTP/1.1" 200 77
116.230.110.80 - - [17/May/2021:09:51:42 +0800] "POST /xingrg/kc/buy/cgsh_order_operate.html HTTP/1.1" 200 22772
117.131.5.26 - - [17/May/2021:09:51:43 +0800] "POST /xingrg/dwr/call/plaincall/AjaxCheckService.setItemNumber.dwr HTTP/1.1" 200 77
116.224.253.72 - - [17/May/2021:09:51:43 +0800] "POST /xingrg/kc/buy/cgsh_list_operate.html HTTP/1.1" 200 876
116.230.110.80 - - [17/May/2021:09:51:44 +0800] "GET /xingrg/kc/print/load_data.html?order_code=212021051707386&kc_code=cgsh&condition= HTTP/1.1" 200 8336
58.37.225.51 - - [17/May/2021:09:51:44 +0800] "GET /xingrg/all/function/internal_message.html?_=1621216308886&CODE_STATE=getMsg HTTP/1.1" 200 27
58.37.225.51 - - [17/May/2021:09:51:44 +0800] "GET /xingrg/check_reg.html?_=1621216308887 HTTP/1.1" 200 22
114.86.230.59 - - [17/May/2021:09:51:45 +0800] "GET /xingrg/all/function/internal_message.html?_=1621216307370&CODE_STATE=getMsg HTTP/1.1" 200 27
116.235.95.160 - - [17/May/2021:09:51:46 +0800] "POST /xingrg/dwr/call/plaincall/AjaxCheckService.setItemNumber.dwr HTTP/1.1" 200 77
101.89.29.97 - - [17/May/2021:09:51:46 +0800] "GET /xingrg/all/function/internal_message.html?_=1621216248887&CODE_STATE=getMsg HTTP/1.1" 302 -
116.235.95.160 - - [17/May/2021:09:51:47 +0800] "POST /xingrg/dwr/call/plaincall/AjaxCheckService.setItemNumber.dwr HTTP/1.1" 200 77
116.224.253.72 - - [17/May/2021:09:51:47 +0800] "GET /xingrg/check_reg.html?_=1621216307681 HTTP/1.1" 200 22
116.224.253.72 - - [17/May/2021:09:51:47 +0800] "GET /xingrg/all/function/internal_message.html?_=1621216307692&CODE_STATE=getMsg HTTP/1.1" 200 27
101.89.29.97 - - [17/May/2021:09:51:47 +0800] "GET /xingrg/login.html HTTP/1.1" 200 7641
117.131.5.26 - - [17/May/2021:09:51:48 +0800] "POST /xingrg/dwr/call/plaincall/AjaxCheckService.setItemNumber.dwr HTTP/1.1" 200 77
222.69.130.128 - - [17/May/2021:09:51:49 +0800] "GET /xingrg/all/function/internal_message.html?_=1621216308001&CODE_STATE=getMsg HTTP/1.1" 200 27
116.235.95.160 - - [17/May/2021:09:51:50 +0800] "POST /xingrg/dwr/call/plaincall/AjaxCheckService.setItemNumber.dwr HTTP/1.1" 200 77
116.230.110.80 - - [17/May/2021:09:51:51 +0800] "GET /xingrg/kc/print/load_data.html?order_code=212021051707386&kc_code=cgsh HTTP/1.1" 200 8336
116.235.95.160 - - [17/May/2021:09:51:53 +0800] "POST /xingrg/dwr/call/plaincall/AjaxCheckService.setItemNumber.dwr HTTP/1.1" 200 77
117.131.5.26 - - [17/May/2021:09:51:53 +0800] "POST /xingrg/dwr/call/plaincall/AjaxCheckService.setItemNumber.dwr HTTP/1.1" 200 77
117.185.32.26 - - [17/May/2021:09:51:54 +0800] "GET /xingrg/all/function/internal_message.html?_=1621216309950&CODE_STATE=getMsg HTTP/1.1" 200 27
61.165.42.208 - - [17/May/2021:09:51:54 +0800] "GET /xingrg/all/function/internal_message.html?_=1621216296677&CODE_STATE=getMsg HTTP/1.1" 200 27
116.235.95.160 - - [17/May/2021:09:51:54 +0800] "POST /xingrg/dwr/call/plaincall/AjaxCheckService.setItemNumber.dwr HTTP/1.1" 200 77
180.169.147.146 - - [17/May/2021:09:51:54 +0800] "GET /xingrg/all/function/internal_message.html?_=1621216314324&CODE_STATE=getMsg HTTP/1.1" 302 -
117.185.32.26 - - [17/May/2021:09:51:56 +0800] "GET /xingrg/all/function/internal_message.html?_=1621216839764&CODE_STATE=getMsg HTTP/1.1" 200 27
61.165.42.208 - - [17/May/2021:09:51:57 +0800] "POST /xingrg/services/DataTransmitService HTTP/1.1" 200 524
180.169.147.146 - - [17/May/2021:09:51:58 +0800] "GET /xingrg/all/function/internal_message.html?_=1621216318718&CODE_STATE=getMsg HTTP/1.1" 200 27
120.253.135.82 - - [17/May/2021:09:51:59 +0800] "GET /xingrg/all/function/internal_message.html?_=1621216375308&CODE_STATE=getMsg HTTP/1.1" 200 27
120.253.135.82 - - [17/May/2021:09:51:59 +0800] "GET /xingrg/check_reg.html?_=1621216442149 HTTP/1.1" 200 22
58.37.225.51 - - [17/May/2021:09:52:00 +0800] "GET /xingrg/all/function/internal_message.html?_=1621216276374&CODE_STATE=getMsg HTTP/1.1" 200 27
58.37.225.51 - - [17/May/2021:09:52:00 +0800] "GET /xingrg/check_reg.html?_=1621216276375 HTTP/1.1" 200 22
120.253.135.82 - - [17/May/2021:09:52:01 +0800] "GET /xingrg/all/function/internal_message.html?_=1621216443443&CODE_STATE=getMsg HTTP/1.1" 200 27
183.192.164.97 - - [17/May/2021:09:52:01 +0800] "GET /xingrg/all/function/internal_message.html?_=1621216249951&CODE_STATE=getMsg HTTP/1.1" 302 -
180.161.124.236 - - [17/May/2021:09:52:02 +0800] "POST /xingrg/kc/buy/cgsh_list_operate.html HTTP/1.1" 200 2385
116.230.110.80 - - [17/May/2021:09:52:04 +0800] "GET /xingrg/kc/buy/cgsh_order_add.html HTTP/1.1" 200 61959
116.235.95.160 - - [17/May/2021:09:52:04 +0800] "POST /xingrg/dwr/call/plaincall/AjaxCheckService.setItemNumber.dwr HTTP/1.1" 200 77
116.230.110.80 - - [17/May/2021:09:52:04 +0800] "POST /xingrg/kc/buy/cgsh_order_operate.html HTTP/1.1" 200 8245
116.230.110.80 - - [17/May/2021:09:52:04 +0800] "GET /xingrg/javascript/easyui/themes/default/validatebox.css HTTP/1.1" 404 1104
117.131.5.26 - - [17/May/2021:09:52:05 +0800] "POST /xingrg/dwr/call/plaincall/AjaxCheckService.setItemNumber.dwr HTTP/1.1" 200 77
61.165.42.208 - - [17/May/2021:09:52:06 +0800] "POST /xingrg/services/DataTransmitService HTTP/1.1" 200 501
61.165.42.208 - - [17/May/2021:09:52:06 +0800] "POST /xingrg/services/DataTransmitService HTTP/1.1" 200 501
116.235.95.160 - - [17/May/2021:09:52:06 +0800] "POST /xingrg/dwr/call/plaincall/AjaxCheckService.setItemNumber.dwr HTTP/1.1" 200 77
180.169.147.146 - - [17/May/2021:09:52:06 +0800] "GET /xingrg/all/function/internal_message.html?_=1621216327985&CODE_STATE=getMsg HTTP/1.1" 200 27
180.169.147.146 - - [17/May/2021:09:52:06 +0800] "GET /xingrg/check_reg.html?_=1621216328005 HTTP/1.1" 200 22
61.165.42.208 - - [17/May/2021:09:52:07 +0800] "POST /xingrg/services/DataTransmitService HTTP/1.1" 200 501
114.88.163.218 - - [17/May/2021:09:52:07 +0800] "GET /xingrg/all/function/internal_message.html?_=1621216324199&CODE_STATE=getMsg HTTP/1.1" 200 27
183.192.164.97 - - [17/May/2021:09:52:08 +0800] "GET /xingrg/login.html HTTP/1.1" 200 7641
61.165.42.208 - - [17/May/2021:09:52:08 +0800] "POST /xingrg/services/DataTransmitService HTTP/1.1" 200 501
61.165.42.208 - - [17/May/2021:09:52:09 +0800] "POST /xingrg/services/DataTransmitService HTTP/1.1" 200 501
61.165.42.208 - - [17/May/2021:09:52:09 +0800] "POST /xingrg/services/DataTransmitService HTTP/1.1" 200 501
61.165.42.208 - - [17/May/2021:09:52:09 +0800] "POST /xingrg/services/DataTransmitService HTTP/1.1" 200 501
116.235.95.160 - - [17/May/2021:09:52:11 +0800] "POST /xingrg/dwr/call/plaincall/AjaxCheckService.setItemNumber.dwr HTTP/1.1" 200 77
61.165.42.208 - - [17/May/2021:09:52:11 +0800] "POST /xingrg/services/DataTransmitService HTTP/1.1" 200 501
114.86.187.76 - - [17/May/2021:09:52:12 +0800] "GET /xingrg/all/function/internal_message.html?_=1621216333600&CODE_STATE=getMsg HTTP/1.1" 200 27
61.165.42.208 - - [17/May/2021:09:52:12 +0800] "POST /xingrg/services/DataTransmitService HTTP/1.1" 200 501
117.131.5.26 - - [17/May/2021:09:52:14 +0800] "POST /xingrg/dwr/call/plaincall/AjaxCheckService.setItemNumber.dwr HTTP/1.1" 200 77
116.230.110.80 - - [17/May/2021:09:52:14 +0800] "GET /xingrg/kc/buy/cgsh_order_operate.html?command=get_materiel&rest_code=00155&code=00101009024&supplier_code=00100012&order_time=2021-05-17 HTTP/1.1" 200 423
61.165.42.208 - - [17/May/2021:09:52:15 +0800] "POST /xingrg/services/DataTransmitService HTTP/1.1" 200 412
116.235.95.160 - - [17/May/2021:09:52:17 +0800] "POST /xingrg/dwr/call/plaincall/AjaxCheckService.setItemNumber.dwr HTTP/1.1" 200 77
116.235.95.160 - - [17/May/2021:09:52:17 +0800] "GET /xingrg/all/function/internal_message.html?_=1621216426767&CODE_STATE=getMsg HTTP/1.1" 200 27
117.131.5.26 - - [17/May/2021:09:52:18 +0800] "POST /xingrg/dwr/call/plaincall/AjaxCheckService.setItemNumber.dwr HTTP/1.1" 200 77
116.235.95.160 - - [17/May/2021:09:52:20 +0800] "POST /xingrg/dwr/call/plaincall/AjaxCheckService.setItemNumber.dwr HTTP/1.1" 200 77
61.165.42.208 - - [17/May/2021:09:52:22 +0800] "GET /xingrg/all/function/internal_message.html?_=1621216344069&CODE_STATE=getMsg HTTP/1.1" 200 27
116.235.95.160 - - [17/May/2021:09:52:22 +0800] "POST /xingrg/dwr/call/plaincall/AjaxCheckService.setItemNumber.dwr HTTP/1.1" 200 77
117.131.5.26 - - [17/May/2021:09:52:24 +0800] "POST /xingrg/dwr/call/plaincall/AjaxCheckService.setItemNumber.dwr HTTP/1.1" 200 77
116.235.95.160 - - [17/May/2021:09:52:27 +0800] "POST /xingrg/dwr/call/plaincall/AjaxCheckService.setItemNumber.dwr HTTP/1.1" 200 77
180.161.124.236 - - [17/May/2021:09:52:27 +0800] "POST /xingrg/kc/buy/cgsh_list_operate.html HTTP/1.1" 200 570
180.161.124.236 - - [17/May/2021:09:52:28 +0800] "GET /xingrg/kc/buy/cgsh_order_info.html?code=212021051707363 HTTP/1.1" 200 61959
116.224.253.72 - - [17/May/2021:09:52:28 +0800] "GET /xingrg/check_reg.html?_=1621216331733 HTTP/1.1" 200 22
180.161.124.236 - - [17/May/2021:09:52:29 +0800] "GET /xingrg/javascript/easyui/themes/default/validatebox.css HTTP/1.1" 404 1104
180.161.124.236 - - [17/May/2021:09:52:29 +0800] "GET /xingrg/javascript/jquery_tools/images/next.gif HTTP/1.1" 404 1086
180.161.124.236 - - [17/May/2021:09:52:29 +0800] "GET /xingrg/javascript/jquery_tools/images/prev.gif HTTP/1.1" 404 1086
180.161.124.236 - - [17/May/2021:09:52:29 +0800] "POST /xingrg/kc/buy/cgsh_order_operate.html HTTP/1.1" 200 23315
116.235.95.160 - - [17/May/2021:09:52:29 +0800] "POST /xingrg/dwr/call/plaincall/AjaxCheckService.setItemNumber.dwr HTTP/1.1" 200 77
116.230.110.80 - - [17/May/2021:09:52:29 +0800] "GET /xingrg/all/function/internal_message.html?_=1621216349679&CODE_STATE=getMsg HTTP/1.1" 200 27
117.131.5.26 - - [17/May/2021:09:52:31 +0800] "POST /xingrg/dwr/call/plaincall/AjaxCheckService.setItemNumber.dwr HTTP/1.1" 200 77
116.235.95.160 - - [17/May/2021:09:52:35 +0800] "POST /xingrg/dwr/call/plaincall/AjaxCheckService.setItemNumber.dwr HTTP/1.1" 200 77
116.224.253.72 - - [17/May/2021:09:52:36 +0800] "GET /xingrg/all/function/internal_message.html?_=1621216340014&CODE_STATE=getMsg HTTP/1.1" 200 27
116.235.95.160 - - [17/May/2021:09:52:38 +0800] "POST /xingrg/dwr/call/plaincall/AjaxCheckService.setItemNumber.dwr HTTP/1.1" 200 77
117.131.5.26 - - [17/May/2021:09:52:40 +0800] "POST /xingrg/dwr/call/plaincall/AjaxCheckService.setItemNumber.dwr HTTP/1.1" 200 77
116.230.114.112 - - [17/May/2021:09:52:41 +0800] "GET /xingrg/all/function/internal_message.html?_=1621216362678&CODE_STATE=getMsg HTTP/1.1" 200 27
116.235.95.160 - - [17/May/2021:09:52:42 +0800] "POST /xingrg/dwr/call/plaincall/AjaxCheckService.setItemNumber.dwr HTTP/1.1" 200 77
58.37.225.51 - - [17/May/2021:09:52:44 +0800] "GET /xingrg/all/function/internal_message.html?_=1621216368912&CODE_STATE=getMsg HTTP/1.1" 200 27
116.235.95.160 - - [17/May/2021:09:52:45 +0800] "POST /xingrg/dwr/call/plaincall/AjaxCheckService.setItemNumber.dwr HTTP/1.1" 200 77
114.86.230.59 - - [17/May/2021:09:52:45 +0800] "GET /xingrg/all/function/internal_message.html?_=1621216367373&CODE_STATE=getMsg HTTP/1.1" 200 27
101.89.19.149 - - [17/May/2021:09:52:46 +0800] "GET /xingrg/check_reg.html?_=1621216308887 HTTP/1.1" 302 -
116.224.253.72 - - [17/May/2021:09:52:47 +0800] "GET /xingrg/all/function/internal_message.html?_=1621216367678&CODE_STATE=getMsg HTTP/1.1" 200 27
222.69.130.128 - - [17/May/2021:09:52:49 +0800] "GET /xingrg/all/function/internal_message.html?_=1621216367985&CODE_STATE=getMsg HTTP/1.1" 200 27
222.69.130.128 - - [17/May/2021:09:52:50 +0800] "GET /xingrg/check_reg.html?_=1621216368345 HTTP/1.1" 200 22
101.89.19.149 - - [17/May/2021:09:52:52 +0800] "GET /xingrg/login.html HTTP/1.1" 200 7641
117.185.32.26 - - [17/May/2021:09:52:54 +0800] "GET /xingrg/all/function/internal_message.html?_=1621216369950&CODE_STATE=getMsg HTTP/1.1" 200 27
61.165.42.208 - - [17/May/2021:09:52:54 +0800] "GET /xingrg/all/function/internal_message.html?_=1621216356676&CODE_STATE=getMsg HTTP/1.1" 200 27
180.169.147.146 - - [17/May/2021:09:52:54 +0800] "GET /xingrg/all/function/internal_message.html?_=1621216374314&CODE_STATE=getMsg HTTP/1.1" 302 -
180.169.147.146 - - [17/May/2021:09:52:54 +0800] "GET /xingrg/check_reg.html?_=1621216374316 HTTP/1.1" 302 -
117.185.32.26 - - [17/May/2021:09:52:56 +0800] "GET /xingrg/all/function/internal_message.html?_=1621216899748&CODE_STATE=getMsg HTTP/1.1" 200 27
180.169.147.146 - - [17/May/2021:09:52:58 +0800] "GET /xingrg/all/function/internal_message.html?_=1621216378719&CODE_STATE=getMsg HTTP/1.1" 200 27
180.169.147.146 - - [17/May/2021:09:52:58 +0800] "GET /xingrg/check_reg.html?_=1621216378720 HTTP/1.1" 200 22
116.230.110.80 - - [17/May/2021:09:52:59 +0800] "GET /xingrg/login.html HTTP/1.1" 200 7641
120.253.135.82 - - [17/May/2021:09:52:59 +0800] "GET /xingrg/all/function/internal_message.html?_=1621216435379&CODE_STATE=getMsg HTTP/1.1" 200 27
117.131.5.26 - - [17/May/2021:09:52:59 +0800] "POST /xingrg/dwr/call/plaincall/AjaxCheckService.setItemNumber.dwr HTTP/1.1" 200 77
116.230.110.80 - - [17/May/2021:09:52:59 +0800] "GET /favicon.ico HTTP/1.1" 404 -
58.37.225.51 - - [17/May/2021:09:53:00 +0800] "GET /xingrg/all/function/internal_message.html?_=1621216336382&CODE_STATE=getMsg HTTP/1.1" 200 27
120.253.135.82 - - [17/May/2021:09:53:01 +0800] "GET /xingrg/all/function/internal_message.html?_=1621216503457&CODE_STATE=getMsg HTTP/1.1" 200 27
116.235.95.160 - - [17/May/2021:09:53:01 +0800] "POST /xingrg/dwr/call/plaincall/AjaxCheckService.setItemNumber.dwr HTTP/1.1" 200 77
116.235.95.160 - - [17/May/2021:09:53:03 +0800] "POST /xingrg/dwr/call/plaincall/AjaxCheckService.setItemNumber.dwr HTTP/1.1" 200 77
