116.230.110.80 - - [17/May/2021:09:21:30 +0800] "POST /xingrg/dwr/call/plaincall/AjaxCheckService.setItemNumber.dwr HTTP/1.1" 200 78
116.230.110.80 - - [17/May/2021:09:21:31 +0800] "POST /xingrg/dwr/call/plaincall/AjaxCheckService.setItemNumber.dwr HTTP/1.1" 200 78
222.69.130.128 - - [17/May/2021:09:21:31 +0800] "POST /xingrg/services/DataTransmitService HTTP/1.1" 200 501
114.86.187.76 - - [17/May/2021:09:21:31 +0800] "POST /xingrg/dwr/call/plaincall/AjaxCheckService.setItemNumber.dwr HTTP/1.1" 200 78
114.86.187.76 - - [17/May/2021:09:21:32 +0800] "POST /xingrg/dwr/call/plaincall/AjaxCheckService.setItemNumber.dwr HTTP/1.1" 200 78
114.86.187.76 - - [17/May/2021:09:21:32 +0800] "POST /xingrg/dwr/call/plaincall/AjaxCheckService.setItemNumber.dwr HTTP/1.1" 200 78
114.86.187.76 - - [17/May/2021:09:21:33 +0800] "POST /xingrg/dwr/call/plaincall/AjaxCheckService.setItemNumber.dwr HTTP/1.1" 200 78
114.86.187.76 - - [17/May/2021:09:21:34 +0800] "POST /xingrg/dwr/call/plaincall/AjaxCheckService.setItemNumber.dwr HTTP/1.1" 200 78
116.235.95.160 - - [17/May/2021:09:21:34 +0800] "POST /xingrg/dwr/call/plaincall/AjaxCheckService.setItemNumber.dwr HTTP/1.1" 200 78
114.86.187.76 - - [17/May/2021:09:21:34 +0800] "POST /xingrg/dwr/call/plaincall/AjaxCheckService.setItemNumber.dwr HTTP/1.1" 200 78
116.224.253.72 - - [17/May/2021:09:21:35 +0800] "GET /xingrg/all/function/internal_message.html?_=1621214478548&CODE_STATE=getMsg HTTP/1.1" 200 27
114.86.187.76 - - [17/May/2021:09:21:35 +0800] "POST /xingrg/dwr/call/plaincall/AjaxCheckService.setItemNumber.dwr HTTP/1.1" 200 78
116.230.110.80 - - [17/May/2021:09:21:36 +0800] "POST /xingrg/dwr/call/plaincall/AjaxCheckService.setItemNumber.dwr HTTP/1.1" 200 78
114.86.187.76 - - [17/May/2021:09:21:36 +0800] "POST /xingrg/dwr/call/plaincall/AjaxCheckService.setItemNumber.dwr HTTP/1.1" 200 78
116.230.110.80 - - [17/May/2021:09:21:36 +0800] "POST /xingrg/dwr/call/plaincall/AjaxCheckService.setItemNumber.dwr HTTP/1.1" 200 78
114.86.187.76 - - [17/May/2021:09:21:36 +0800] "POST /xingrg/dwr/call/plaincall/AjaxCheckService.setItemNumber.dwr HTTP/1.1" 200 78
116.230.114.112 - - [17/May/2021:09:21:37 +0800] "GET /xingrg/javascript/jquery_tools/images/prev.gif HTTP/1.1" 404 1086
116.230.114.112 - - [17/May/2021:09:21:37 +0800] "GET /xingrg/javascript/jquery_tools/images/next.gif HTTP/1.1" 404 1086
116.230.110.80 - - [17/May/2021:09:21:37 +0800] "POST /xingrg/dwr/call/plaincall/AjaxCheckService.setItemNumber.dwr HTTP/1.1" 200 78
116.230.110.80 - - [17/May/2021:09:21:37 +0800] "POST /xingrg/dwr/call/plaincall/AjaxCheckService.setItemNumber.dwr HTTP/1.1" 200 78
116.230.110.80 - - [17/May/2021:09:21:37 +0800] "POST /xingrg/dwr/call/plaincall/AjaxCheckService.setItemNumber.dwr HTTP/1.1" 200 78
114.86.187.76 - - [17/May/2021:09:21:38 +0800] "POST /xingrg/dwr/call/plaincall/AjaxCheckService.setItemNumber.dwr HTTP/1.1" 200 78
114.86.187.76 - - [17/May/2021:09:21:38 +0800] "POST /xingrg/dwr/call/plaincall/AjaxCheckService.setItemNumber.dwr HTTP/1.1" 200 78
116.230.110.80 - - [17/May/2021:09:21:38 +0800] "POST /xingrg/dwr/call/plaincall/AjaxCheckService.setItemNumber.dwr HTTP/1.1" 200 78
116.224.253.72 - - [17/May/2021:09:21:38 +0800] "GET /xingrg/kc/buy/cgsh_order_operate.html?command=get_materiel&rest_code=00151&code=00101009010&supplier_code=00100424&order_time=2021-05-17 HTTP/1.1" 200 412
116.230.110.80 - - [17/May/2021:09:21:38 +0800] "POST /xingrg/dwr/call/plaincall/AjaxCheckService.setItemNumber.dwr HTTP/1.1" 200 78
117.131.5.26 - - [17/May/2021:09:21:39 +0800] "POST /xingrg/dwr/call/plaincall/AjaxCheckService.setItemNumber.dwr HTTP/1.1" 200 78
114.86.187.76 - - [17/May/2021:09:21:39 +0800] "POST /xingrg/dwr/call/plaincall/AjaxCheckService.setItemNumber.dwr HTTP/1.1" 200 78
116.230.110.80 - - [17/May/2021:09:21:39 +0800] "POST /xingrg/dwr/call/plaincall/AjaxCheckService.setItemNumber.dwr HTTP/1.1" 200 78
114.86.187.76 - - [17/May/2021:09:21:39 +0800] "POST /xingrg/dwr/call/plaincall/AjaxCheckService.setItemNumber.dwr HTTP/1.1" 200 78
116.230.110.80 - - [17/May/2021:09:21:39 +0800] "POST /xingrg/dwr/call/plaincall/AjaxCheckService.setItemNumber.dwr HTTP/1.1" 200 78
116.230.114.112 - - [17/May/2021:09:21:39 +0800] "GET /xingrg/all/function/internal_message.html?_=1621214501000&CODE_STATE=getMsg HTTP/1.1" 200 27
116.230.110.80 - - [17/May/2021:09:21:40 +0800] "POST /xingrg/dwr/call/plaincall/AjaxCheckService.setItemNumber.dwr HTTP/1.1" 200 78
116.230.110.80 - - [17/May/2021:09:21:40 +0800] "POST /xingrg/dwr/call/plaincall/AjaxCheckService.setItemNumber.dwr HTTP/1.1" 200 78
114.86.187.76 - - [17/May/2021:09:21:40 +0800] "POST /xingrg/dwr/call/plaincall/AjaxCheckService.setItemNumber.dwr HTTP/1.1" 200 78
116.230.110.80 - - [17/May/2021:09:21:40 +0800] "POST /xingrg/dwr/call/plaincall/AjaxCheckService.setItemNumber.dwr HTTP/1.1" 200 78
114.86.187.76 - - [17/May/2021:09:21:40 +0800] "POST /xingrg/dwr/call/plaincall/AjaxCheckService.setItemNumber.dwr HTTP/1.1" 200 78
116.235.95.160 - - [17/May/2021:09:21:41 +0800] "POST /xingrg/dwr/call/plaincall/AjaxCheckService.setItemNumber.dwr HTTP/1.1" 200 78
116.230.110.80 - - [17/May/2021:09:21:41 +0800] "POST /xingrg/dwr/call/plaincall/AjaxCheckService.setItemNumber.dwr HTTP/1.1" 200 78
114.86.187.76 - - [17/May/2021:09:21:41 +0800] "POST /xingrg/dwr/call/plaincall/AjaxCheckService.setItemNumber.dwr HTTP/1.1" 200 78
116.230.110.80 - - [17/May/2021:09:21:41 +0800] "POST /xingrg/dwr/call/plaincall/AjaxCheckService.setItemNumber.dwr HTTP/1.1" 200 78
116.230.110.80 - - [17/May/2021:09:21:42 +0800] "POST /xingrg/dwr/call/plaincall/AjaxCheckService.setItemNumber.dwr HTTP/1.1" 200 78
114.86.187.76 - - [17/May/2021:09:21:42 +0800] "POST /xingrg/dwr/call/plaincall/AjaxCheckService.setItemNumber.dwr HTTP/1.1" 200 78
116.230.110.80 - - [17/May/2021:09:21:42 +0800] "POST /xingrg/dwr/call/plaincall/AjaxCheckService.setItemNumber.dwr HTTP/1.1" 200 78
114.86.187.76 - - [17/May/2021:09:21:42 +0800] "POST /xingrg/dwr/call/plaincall/AjaxCheckService.setItemNumber.dwr HTTP/1.1" 200 78
116.230.110.80 - - [17/May/2021:09:21:43 +0800] "POST /xingrg/dwr/call/plaincall/AjaxCheckService.setItemNumber.dwr HTTP/1.1" 200 78
117.131.5.26 - - [17/May/2021:09:21:43 +0800] "POST /xingrg/dwr/call/plaincall/AjaxCheckService.setItemNumber.dwr HTTP/1.1" 200 78
114.86.187.76 - - [17/May/2021:09:21:43 +0800] "POST /xingrg/dwr/call/plaincall/AjaxCheckService.setItemNumber.dwr HTTP/1.1" 200 78
116.230.110.80 - - [17/May/2021:09:21:43 +0800] "POST /xingrg/dwr/call/plaincall/AjaxCheckService.setItemNumber.dwr HTTP/1.1" 200 78
114.86.187.76 - - [17/May/2021:09:21:44 +0800] "POST /xingrg/dwr/call/plaincall/AjaxCheckService.setItemNumber.dwr HTTP/1.1" 200 78
116.230.110.80 - - [17/May/2021:09:21:44 +0800] "POST /xingrg/dwr/call/plaincall/AjaxCheckService.setItemNumber.dwr HTTP/1.1" 200 78
114.86.187.76 - - [17/May/2021:09:21:44 +0800] "POST /xingrg/dwr/call/plaincall/AjaxCheckService.setItemNumber.dwr HTTP/1.1" 200 78
58.37.225.51 - - [17/May/2021:09:21:44 +0800] "GET /xingrg/check_reg.html?_=1621214508842 HTTP/1.1" 200 22
58.37.225.51 - - [17/May/2021:09:21:44 +0800] "GET /xingrg/all/function/internal_message.html?_=1621214508843&CODE_STATE=getMsg HTTP/1.1" 200 27
116.230.110.80 - - [17/May/2021:09:21:45 +0800] "POST /xingrg/dwr/call/plaincall/AjaxCheckService.setItemNumber.dwr HTTP/1.1" 200 78
114.86.187.76 - - [17/May/2021:09:21:45 +0800] "POST /xingrg/dwr/call/plaincall/AjaxCheckService.setItemNumber.dwr HTTP/1.1" 200 78
116.230.110.80 - - [17/May/2021:09:21:45 +0800] "POST /xingrg/dwr/call/plaincall/AjaxCheckService.setItemNumber.dwr HTTP/1.1" 200 78
114.86.187.76 - - [17/May/2021:09:21:46 +0800] "POST /xingrg/dwr/call/plaincall/AjaxCheckService.setItemNumber.dwr HTTP/1.1" 200 78
114.86.187.76 - - [17/May/2021:09:21:46 +0800] "POST /xingrg/dwr/call/plaincall/AjaxCheckService.setItemNumber.dwr HTTP/1.1" 200 78
116.230.110.80 - - [17/May/2021:09:21:46 +0800] "POST /xingrg/dwr/call/plaincall/AjaxCheckService.setItemNumber.dwr HTTP/1.1" 200 78
114.86.187.76 - - [17/May/2021:09:21:46 +0800] "POST /xingrg/dwr/call/plaincall/AjaxCheckService.setItemNumber.dwr HTTP/1.1" 200 78
116.230.110.80 - - [17/May/2021:09:21:46 +0800] "POST /xingrg/dwr/call/plaincall/AjaxCheckService.setItemNumber.dwr HTTP/1.1" 200 78
114.86.187.76 - - [17/May/2021:09:21:47 +0800] "POST /xingrg/dwr/call/plaincall/AjaxCheckService.setItemNumber.dwr HTTP/1.1" 200 78
116.230.110.80 - - [17/May/2021:09:21:47 +0800] "POST /xingrg/dwr/call/plaincall/AjaxCheckService.setItemNumber.dwr HTTP/1.1" 200 78
116.230.114.112 - - [17/May/2021:09:21:48 +0800] "GET /xingrg/kc/buy/cgsh_order_operate.html?command=get_materiel&rest_code=00146&code=00101008210&supplier_code=00100005&order_time=2021-05-17 HTTP/1.1" 200 408
116.235.95.160 - - [17/May/2021:09:21:48 +0800] "POST /xingrg/dwr/call/plaincall/AjaxCheckService.setItemNumber.dwr HTTP/1.1" 200 78
116.230.110.80 - - [17/May/2021:09:21:50 +0800] "POST /xingrg/dwr/call/plaincall/AjaxCheckService.setItemNumber.dwr HTTP/1.1" 200 78
222.69.130.128 - - [17/May/2021:09:21:50 +0800] "GET /xingrg/all/function/internal_message.html?_=1621214508429&CODE_STATE=getMsg HTTP/1.1" 200 27
114.86.187.76 - - [17/May/2021:09:21:50 +0800] "POST /xingrg/dwr/call/plaincall/AjaxCheckService.setItemNumber.dwr HTTP/1.1" 200 78
116.224.253.72 - - [17/May/2021:09:21:51 +0800] "GET /xingrg/kc/buy/cgsh_order_operate.html?command=get_materiel&rest_code=00151&code=00101009121&supplier_code=00100424&order_time=2021-05-17 HTTP/1.1" 200 410
117.131.5.26 - - [17/May/2021:09:21:54 +0800] "POST /xingrg/dwr/call/plaincall/AjaxCheckService.setItemNumber.dwr HTTP/1.1" 200 78
222.69.130.128 - - [17/May/2021:09:21:54 +0800] "POST /xingrg/services/DataTransmitService HTTP/1.1" 200 501
61.165.42.208 - - [17/May/2021:09:21:54 +0800] "GET /xingrg/all/function/internal_message.html?_=1621214496648&CODE_STATE=getMsg HTTP/1.1" 200 27
116.230.110.80 - - [17/May/2021:09:21:54 +0800] "POST /xingrg/dwr/call/plaincall/AjaxCheckService.setItemNumber.dwr HTTP/1.1" 200 78
116.224.253.72 - - [17/May/2021:09:21:56 +0800] "GET /xingrg/kc/buy/cgsh_order_operate.html?command=get_materiel&rest_code=00151&code=00101009124&supplier_code=00100424&order_time=2021-05-17 HTTP/1.1" 200 402
117.185.32.26 - - [17/May/2021:09:21:57 +0800] "GET /xingrg/all/function/internal_message.html?_=1621215040118&CODE_STATE=getMsg HTTP/1.1" 200 27
222.69.130.128 - - [17/May/2021:09:21:58 +0800] "POST /xingrg/services/DataTransmitService HTTP/1.1" 200 501
222.69.130.128 - - [17/May/2021:09:21:58 +0800] "POST /xingrg/services/DataTransmitService HTTP/1.1" 200 501
120.253.135.82 - - [17/May/2021:09:21:58 +0800] "GET /xingrg/all/function/internal_message.html?_=1621214574260&CODE_STATE=getMsg HTTP/1.1" 200 27
120.253.135.82 - - [17/May/2021:09:21:59 +0800] "GET /xingrg/check_reg.html?_=1621214642074 HTTP/1.1" 200 22
116.235.95.160 - - [17/May/2021:09:22:00 +0800] "POST /xingrg/dwr/call/plaincall/AjaxCheckService.setItemNumber.dwr HTTP/1.1" 200 78
120.253.135.82 - - [17/May/2021:09:22:00 +0800] "GET /xingrg/all/function/internal_message.html?_=1621214643020&CODE_STATE=getMsg HTTP/1.1" 200 27
117.131.5.26 - - [17/May/2021:09:22:03 +0800] "POST /xingrg/dwr/call/plaincall/AjaxCheckService.setItemNumber.dwr HTTP/1.1" 200 78
116.235.222.38 - - [17/May/2021:09:22:05 +0800] "GET /xingrg/all/function/internal_message.html?_=1621214524860&CODE_STATE=getMsg HTTP/1.1" 200 27
116.230.110.80 - - [17/May/2021:09:22:05 +0800] "POST /xingrg/dwr/call/plaincall/AjaxCheckService.setItemNumber.dwr HTTP/1.1" 200 78
180.169.147.146 - - [17/May/2021:09:22:06 +0800] "POST /xingrg/login.do HTTP/1.1" 302 -
180.169.147.146 - - [17/May/2021:09:22:06 +0800] "GET /xingrg/index.html?sysBaseUrl=http%3A%2F%2F180.169.147.146%3A18081%2Fxingrg%2F&costTime=45×tamp=1621214526507 HTTP/1.1" 200 17503
180.169.147.146 - - [17/May/2021:09:22:06 +0800] "GET /favicon.ico HTTP/1.1" 404 -
180.169.147.146 - - [17/May/2021:09:22:06 +0800] "POST /xingrg/all/common/load_tree.html?tree=area_rest_tree_json&manage=1 HTTP/1.1" 200 3216
180.169.147.146 - - [17/May/2021:09:22:06 +0800] "GET /xingrg/all/function/internal_message.html?_=1621214527933&CODE_STATE=count HTTP/1.1" 200 11
180.169.147.146 - - [17/May/2021:09:22:06 +0800] "GET /xingrg/check_reg.html?_=1621214527933 HTTP/1.1" 200 22
180.169.147.146 - - [17/May/2021:09:22:06 +0800] "POST /xingrg/load_menu.html HTTP/1.1" 200 11564
114.88.163.218 - - [17/May/2021:09:22:07 +0800] "GET /xingrg/all/function/internal_message.html?_=1621214524143&CODE_STATE=getMsg HTTP/1.1" 200 27
116.230.114.112 - - [17/May/2021:09:22:08 +0800] "GET /xingrg/kc/buy/cgsh_order_operate.html?command=get_materiel&rest_code=00146&code=00101008207&supplier_code=00100005&order_time=2021-05-17 HTTP/1.1" 200 408
222.69.130.128 - - [17/May/2021:09:22:09 +0800] "POST /xingrg/services/DataTransmitService HTTP/1.1" 200 501
222.69.130.128 - - [17/May/2021:09:22:10 +0800] "POST /xingrg/services/DataTransmitService HTTP/1.1" 200 501
116.224.253.72 - - [17/May/2021:09:22:10 +0800] "POST /xingrg/kc/buy/cgsh_order_operate.html HTTP/1.1" 200 37
222.69.130.128 - - [17/May/2021:09:22:11 +0800] "POST /xingrg/services/DataTransmitService HTTP/1.1" 200 501
114.86.187.76 - - [17/May/2021:09:22:11 +0800] "GET /xingrg/all/function/internal_message.html?_=1621214533084&CODE_STATE=getMsg HTTP/1.1" 200 27
116.224.253.72 - - [17/May/2021:09:22:11 +0800] "POST /xingrg/kc/buy/cgsh_order_operate.html HTTP/1.1" 200 5679
222.69.130.128 - - [17/May/2021:09:22:15 +0800] "POST /xingrg/services/DataTransmitService HTTP/1.1" 200 412
116.235.95.160 - - [17/May/2021:09:22:17 +0800] "GET /xingrg/all/function/internal_message.html?_=1621214626494&CODE_STATE=getMsg HTTP/1.1" 200 27
117.131.5.26 - - [17/May/2021:09:22:20 +0800] "POST /xingrg/dwr/call/plaincall/AjaxCheckService.setItemNumber.dwr HTTP/1.1" 200 78
116.224.253.72 - - [17/May/2021:09:22:21 +0800] "GET /xingrg/all/function/internal_message.html?_=1621214541999&CODE_STATE=getMsg HTTP/1.1" 200 27
222.69.130.128 - - [17/May/2021:09:22:21 +0800] "GET /xingrg/javascript/auto/indicator.gif HTTP/1.1" 404 1066
61.165.42.208 - - [17/May/2021:09:22:23 +0800] "GET /xingrg/all/function/internal_message.html?_=1621214544816&CODE_STATE=getMsg HTTP/1.1" 200 27
116.224.253.72 - - [17/May/2021:09:22:28 +0800] "GET /xingrg/check_reg.html?_=1621214531501 HTTP/1.1" 200 22
116.230.110.80 - - [17/May/2021:09:22:28 +0800] "POST /xingrg/dwr/call/plaincall/AjaxCheckService.setItemNumber.dwr HTTP/1.1" 200 78
116.230.110.80 - - [17/May/2021:09:22:29 +0800] "GET /xingrg/all/function/internal_message.html?_=1621214549665&CODE_STATE=getMsg HTTP/1.1" 200 27
222.69.130.128 - - [17/May/2021:09:22:31 +0800] "GET /xingrg/javascript/jquery_tools/images/prev.gif HTTP/1.1" 404 1086
222.69.130.128 - - [17/May/2021:09:22:31 +0800] "GET /xingrg/javascript/jquery_tools/images/next.gif HTTP/1.1" 404 1086
116.224.253.72 - - [17/May/2021:09:22:35 +0800] "GET /xingrg/all/function/internal_message.html?_=1621214538561&CODE_STATE=getMsg HTTP/1.1" 200 27
116.230.114.112 - - [17/May/2021:09:22:39 +0800] "GET /xingrg/all/function/internal_message.html?_=1621214561004&CODE_STATE=getMsg HTTP/1.1" 200 27
222.69.130.128 - - [17/May/2021:09:22:40 +0800] "GET /xingrg/kc/buy/cgsh_order_operate.html?command=get_materiel&rest_code=00149&code=00101007125&supplier_code=00100205&order_time=2021-05-17 HTTP/1.1" 200 407
116.230.110.80 - - [17/May/2021:09:22:41 +0800] "POST /xingrg/dwr/call/plaincall/AjaxCheckService.setItemNumber.dwr HTTP/1.1" 200 78
58.37.225.51 - - [17/May/2021:09:22:44 +0800] "GET /xingrg/all/function/internal_message.html?_=1621214568842&CODE_STATE=getMsg HTTP/1.1" 200 27
222.69.130.128 - - [17/May/2021:09:22:50 +0800] "GET /xingrg/check_reg.html?_=1621214568368 HTTP/1.1" 200 22
222.69.130.128 - - [17/May/2021:09:22:50 +0800] "GET /xingrg/all/function/internal_message.html?_=1621214568418&CODE_STATE=getMsg HTTP/1.1" 200 27
180.169.147.146 - - [17/May/2021:09:22:52 +0800] "GET /xingrg/index.html?sysBaseUrl=http%3A%2F%2F180.169.147.146%3A18081%2Fxingrg%2F&costTime=39×tamp=1592034574635 HTTP/1.1" 302 -
180.169.147.146 - - [17/May/2021:09:22:52 +0800] "GET /xingrg/login.html HTTP/1.1" 200 7641
180.169.147.146 - - [17/May/2021:09:22:52 +0800] "GET /xingrg/images/blue/jxLogo.png HTTP/1.1" 200 6156
180.169.147.146 - - [17/May/2021:09:22:52 +0800] "GET /xingrg/images/blue/hj.png HTTP/1.1" 200 1014
180.169.147.146 - - [17/May/2021:09:22:52 +0800] "GET /xingrg/images/blue/login_bg.png HTTP/1.1" 200 22101
180.169.147.146 - - [17/May/2021:09:22:52 +0800] "GET /xingrg/images/blue/srbg.png HTTP/1.1" 200 138
180.169.147.146 - - [17/May/2021:09:22:52 +0800] "GET /favicon.ico HTTP/1.1" 404 -
222.69.130.128 - - [17/May/2021:09:22:53 +0800] "GET /xingrg/kc/buy/cgsh_order_operate.html?command=get_materiel&rest_code=00149&code=00101007043&supplier_code=00100205&order_time=2021-05-17 HTTP/1.1" 200 409
61.165.42.208 - - [17/May/2021:09:22:54 +0800] "GET /xingrg/all/function/internal_message.html?_=1621214556648&CODE_STATE=getMsg HTTP/1.1" 200 27
180.169.147.146 - - [17/May/2021:09:22:54 +0800] "POST /xingrg/login.do HTTP/1.1" 302 -
180.169.147.146 - - [17/May/2021:09:22:54 +0800] "GET /xingrg/index.html?sysBaseUrl=http%3A%2F%2F180.169.147.146%3A18081%2Fxingrg%2F&costTime=43×tamp=1621214574442 HTTP/1.1" 200 17503
180.169.147.146 - - [17/May/2021:09:22:54 +0800] "GET /xingrg/javascript/jquery_easy_ui/themes/icon.css HTTP/1.1" 200 3949
180.169.147.146 - - [17/May/2021:09:22:54 +0800] "GET /xingrg/css/form.css HTTP/1.1" 200 893
180.169.147.146 - - [17/May/2021:09:22:54 +0800] "GET /xingrg/javascript/jquery_easy_ui/themes/default/easyui.css HTTP/1.1" 200 26500
180.169.147.146 - - [17/May/2021:09:22:54 +0800] "GET /xingrg/javascript/jquery-1.4.2.min.js HTTP/1.1" 200 72205
180.169.147.146 - - [17/May/2021:09:22:54 +0800] "GET /xingrg/javascript/jquery_easy_ui/easyui-lang-zh_CN.js HTTP/1.1" 200 1900
180.169.147.146 - - [17/May/2021:09:22:54 +0800] "GET /xingrg/javascript/jquery_easy_ui/jquery.easyui.min.js HTTP/1.1" 200 213662
180.169.147.146 - - [17/May/2021:09:22:54 +0800] "GET /xingrg/javascript/jquery.utils.js HTTP/1.1" 200 11805
180.169.147.146 - - [17/May/2021:09:22:54 +0800] "GET /xingrg/javascript/jquery.timers.js HTTP/1.1" 200 3532
180.169.147.146 - - [17/May/2021:09:22:54 +0800] "GET /xingrg/javascript/jquery.form.js HTTP/1.1" 200 23110
180.169.147.146 - - [17/May/2021:09:22:54 +0800] "GET /favicon.ico HTTP/1.1" 404 -
180.169.147.146 - - [17/May/2021:09:22:54 +0800] "GET /xingrg/javascript/jquery_easy_ui/themes/icons/settle_new.png HTTP/1.1" 200 826
180.169.147.146 - - [17/May/2021:09:22:54 +0800] "GET /xingrg/images/blue/navBackgound.jpg HTTP/1.1" 200 12378
180.169.147.146 - - [17/May/2021:09:22:54 +0800] "POST /xingrg/all/common/load_tree.html?tree=area_rest_tree_json&manage=1 HTTP/1.1" 200 3344
180.169.147.146 - - [17/May/2021:09:22:54 +0800] "GET /xingrg/all/function/internal_message.html?_=1621214574250&CODE_STATE=count HTTP/1.1" 200 11
180.169.147.146 - - [17/May/2021:09:22:54 +0800] "GET /xingrg/check_reg.html?_=1621214574251 HTTP/1.1" 200 22
180.169.147.146 - - [17/May/2021:09:22:54 +0800] "GET /xingrg/images/blue/pingpu.png HTTP/1.1" 200 231
180.169.147.146 - - [17/May/2021:09:22:54 +0800] "GET /xingrg/javascript/jquery_easy_ui/themes/default/images/tabs_leftarrow.png HTTP/1.1" 200 389
180.169.147.146 - - [17/May/2021:09:22:54 +0800] "GET /xingrg/javascript/jquery_easy_ui/themes/default/images/tabs_rightarrow.png HTTP/1.1" 200 395
180.169.147.146 - - [17/May/2021:09:22:54 +0800] "GET /xingrg/javascript/jquery_easy_ui/themes/default/images/panel_tool_collapse.gif HTTP/1.1" 200 246
180.169.147.146 - - [17/May/2021:09:22:54 +0800] "GET /xingrg/javascript/jquery_easy_ui/themes/default/images/panel_tool_expand.gif HTTP/1.1" 200 247
180.169.147.146 - - [17/May/2021:09:22:54 +0800] "POST /xingrg/load_menu.html HTTP/1.1" 200 11564
180.169.147.146 - - [17/May/2021:09:22:55 +0800] "GET /xingrg/javascript/jquery_easy_ui/themes/default/images/tree_arrows.gif HTTP/1.1" 200 1043
180.169.147.146 - - [17/May/2021:09:22:55 +0800] "GET /xingrg/javascript/jquery_easy_ui/themes/default/images/tree_folder_open.gif HTTP/1.1" 200 956
180.169.147.146 - - [17/May/2021:09:22:55 +0800] "GET /xingrg/javascript/jquery_easy_ui/themes/icons/search_new.png HTTP/1.1" 200 586
180.169.147.146 - - [17/May/2021:09:22:55 +0800] "GET /xingrg/javascript/jquery_easy_ui/themes/icons/storage_new.png HTTP/1.1" 200 853
180.169.147.146 - - [17/May/2021:09:22:55 +0800] "GET /xingrg/javascript/jquery_easy_ui/themes/icons/delivery_new.png HTTP/1.1" 200 700
180.169.147.146 - - [17/May/2021:09:22:55 +0800] "GET /xingrg/javascript/jquery_easy_ui/themes/icons/checkout_new.png HTTP/1.1" 200 744
180.169.147.146 - - [17/May/2021:09:22:55 +0800] "GET /xingrg/javascript/jquery_easy_ui/themes/icons/setting_new.png HTTP/1.1" 200 450
180.169.147.146 - - [17/May/2021:09:22:55 +0800] "GET /xingrg/javascript/jquery_easy_ui/themes/icons/forms_new.png HTTP/1.1" 200 350
180.169.147.146 - - [17/May/2021:09:22:55 +0800] "GET /xingrg/javascript/jquery_easy_ui/themes/default/images/tree_file.gif HTTP/1.1" 200 118
180.169.147.146 - - [17/May/2021:09:22:55 +0800] "GET /xingrg/javascript/jquery_easy_ui/themes/icons/systemset_new.png HTTP/1.1" 200 606
180.169.147.146 - - [17/May/2021:09:22:55 +0800] "GET /xingrg/javascript/jquery_easy_ui/themes/default/images/tree_folder.gif HTTP/1.1" 200 952
180.169.147.146 - - [17/May/2021:09:22:56 +0800] "POST /xingrg/load_menu.html HTTP/1.1" 200 10797
117.185.32.26 - - [17/May/2021:09:22:57 +0800] "GET /xingrg/all/function/internal_message.html?_=1621215100102&CODE_STATE=getMsg HTTP/1.1" 200 27
180.169.147.146 - - [17/May/2021:09:22:57 +0800] "GET /xingrg/all/report/report_query.html?fileName=dma/new_5.0/yingye/order_list.xml HTTP/1.1" 200 55281
180.169.147.146 - - [17/May/2021:09:22:57 +0800] "GET /xingrg/javascript/jquery_easy_ui/themes/default/images/tabs_close.gif HTTP/1.1" 200 829
180.169.147.146 - - [17/May/2021:09:22:57 +0800] "GET /xingrg/css/blue.css HTTP/1.1" 200 15949
180.169.147.146 - - [17/May/2021:09:22:57 +0800] "GET /xingrg/javascript/multi_select/jqueryMultiSelect.css HTTP/1.1" 200 951
180.169.147.146 - - [17/May/2021:09:22:57 +0800] "GET /xingrg/javascript/calendar/timePicker.css HTTP/1.1" 200 523
180.169.147.146 - - [17/May/2021:09:22:57 +0800] "GET /xingrg/javascript/bigrid/fix.css HTTP/1.1" 200 1702
180.169.147.146 - - [17/May/2021:09:22:57 +0800] "GET /xingrg/javascript/pic_change.js HTTP/1.1" 200 4739
180.169.147.146 - - [17/May/2021:09:22:57 +0800] "GET /xingrg/dwr/interface/AjaxReportQueryService.js HTTP/1.1" 200 13203
180.169.147.146 - - [17/May/2021:09:22:57 +0800] "GET /xingrg/dwr/engine.js HTTP/1.1" 200 43631
180.169.147.146 - - [17/May/2021:09:22:57 +0800] "GET /xingrg/javascript/myfunction.js HTTP/1.1" 200 24559
180.169.147.146 - - [17/May/2021:09:22:57 +0800] "GET /xingrg/dwr/util.js HTTP/1.1" 200 35990
180.169.147.146 - - [17/May/2021:09:22:57 +0800] "GET /xingrg/javascript/jqueryMultiSelect.js HTTP/1.1" 200 11866
180.169.147.146 - - [17/May/2021:09:22:57 +0800] "GET /xingrg/javascript/calendar/jquery.timePicker.min.js HTTP/1.1" 200 2997
180.169.147.146 - - [17/May/2021:09:22:57 +0800] "GET /xingrg/javascript/bigrid/fix.js HTTP/1.1" 200 6439
180.169.147.146 - - [17/May/2021:09:22:57 +0800] "GET /xingrg/javascript/Calendar.js HTTP/1.1" 200 31561
180.169.147.146 - - [17/May/2021:09:22:57 +0800] "GET /xingrg/images/blue/button/advanceover.gif HTTP/1.1" 200 1347
180.169.147.146 - - [17/May/2021:09:22:57 +0800] "GET /xingrg/images/control/loading.gif HTTP/1.1" 200 13463
180.169.147.146 - - [17/May/2021:09:22:57 +0800] "GET /xingrg/images/blue/button/back2over.gif HTTP/1.1" 200 1335
180.169.147.146 - - [17/May/2021:09:22:57 +0800] "GET /xingrg/images/blue/button/advance2over.gif HTTP/1.1" 200 1336
180.169.147.146 - - [17/May/2021:09:22:57 +0800] "GET /xingrg/images/blue/button/backover.gif HTTP/1.1" 200 1348
180.169.147.146 - - [17/May/2021:09:22:57 +0800] "GET /xingrg/javascript/jquery_easy_ui/themes/icons/help.png HTTP/1.1" 200 1187
180.169.147.146 - - [17/May/2021:09:22:57 +0800] "GET /xingrg/javascript/jquery_easy_ui/themes/default/images/menu_downarrow.png HTTP/1.1" 200 173
180.169.147.146 - - [17/May/2021:09:22:57 +0800] "POST /xingrg/dwr/call/plaincall/AjaxReportQueryService.getFixDate.dwr HTTP/1.1" 200 111
180.169.147.146 - - [17/May/2021:09:22:57 +0800] "GET /xingrg/javascript/jquery_easy_ui/themes/default/images/button_a_bg.gif HTTP/1.1" 200 1194
180.169.147.146 - - [17/May/2021:09:22:57 +0800] "GET /xingrg/javascript/jquery_easy_ui/themes/default/images/menu.gif HTTP/1.1" 200 834
180.169.147.146 - - [17/May/2021:09:22:57 +0800] "GET /xingrg/javascript/jquery_easy_ui/themes/icons/pencil.png HTTP/1.1" 200 713
180.169.147.146 - - [17/May/2021:09:22:57 +0800] "GET /xingrg/javascript/jquery_easy_ui/themes/icons/print.png HTTP/1.1" 200 1057
180.169.147.146 - - [17/May/2021:09:22:57 +0800] "GET /xingrg/javascript/jquery_easy_ui/themes/default/images/menu_rightarrow.png HTTP/1.1" 200 3617
180.169.147.146 - - [17/May/2021:09:22:57 +0800] "GET /xingrg/javascript/jquery_easy_ui/themes/default/images/combo_arrow_dot.gif HTTP/1.1" 200 79
180.169.147.146 - - [17/May/2021:09:22:57 +0800] "POST /xingrg/all/common/load_tree.html?tree=area_station_tree_json&manage=1 HTTP/1.1" 200 3240
180.169.147.146 - - [17/May/2021:09:22:57 +0800] "GET /xingrg/javascript/jquery_easy_ui/themes/icons/rest.png HTTP/1.1" 200 695
180.169.147.146 - - [17/May/2021:09:22:57 +0800] "GET /xingrg/javascript/jquery_easy_ui/themes/default/images/tree_checkbox_0.gif HTTP/1.1" 200 168
180.169.147.146 - - [17/May/2021:09:22:57 +0800] "POST /xingrg/dwr/call/plaincall/AjaxReportQueryService.getInitString.dwr HTTP/1.1" 200 76
180.169.147.146 - - [17/May/2021:09:22:58 +0800] "GET /xingrg/javascript/multi_select/dropdown.gif HTTP/1.1" 200 61
180.169.147.146 - - [17/May/2021:09:22:58 +0800] "GET /xingrg/javascript/jquery_easy_ui/themes/icons/area.png HTTP/1.1" 200 262
180.169.147.146 - - [17/May/2021:09:22:58 +0800] "GET /xingrg/javascript/jquery_easy_ui/themes/icons/manage.png HTTP/1.1" 200 696
120.253.135.82 - - [17/May/2021:09:22:58 +0800] "GET /xingrg/all/function/internal_message.html?_=1621214634328&CODE_STATE=getMsg HTTP/1.1" 200 27
180.169.147.146 - - [17/May/2021:09:22:59 +0800] "POST /xingrg/dwr/call/plaincall/AjaxReportQueryService.getFixDate.dwr HTTP/1.1" 200 111
120.253.135.82 - - [17/May/2021:09:23:00 +0800] "GET /xingrg/all/function/internal_message.html?_=1621214703035&CODE_STATE=getMsg HTTP/1.1" 200 27
116.235.222.38 - - [17/May/2021:09:23:04 +0800] "GET /xingrg/all/function/internal_message.html?_=1621214584844&CODE_STATE=getMsg HTTP/1.1" 200 27
180.169.147.146 - - [17/May/2021:09:23:06 +0800] "GET /xingrg/all/function/internal_message.html?_=1621214587980&CODE_STATE=getMsg HTTP/1.1" 200 27
180.169.147.146 - - [17/May/2021:09:23:07 +0800] "GET /xingrg/javascript/jquery_easy_ui/themes/default/images/tree_checkbox_1.gif HTTP/1.1" 200 174
180.169.147.146 - - [17/May/2021:09:23:07 +0800] "GET /xingrg/javascript/jquery_easy_ui/themes/default/images/tree_checkbox_2.gif HTTP/1.1" 200 181
180.169.147.146 - - [17/May/2021:09:23:07 +0800] "POST /xingrg/dwr/call/plaincall/AjaxReportQueryService.queryInitializeString.dwr HTTP/1.1" 200 253
116.230.114.112 - - [17/May/2021:09:23:07 +0800] "GET /xingrg/kc/buy/cgsh_order_operate.html?command=get_materiel&rest_code=00146&code=00101008004&supplier_code=00100005&order_time=2021-05-17 HTTP/1.1" 200 437
180.169.147.146 - - [17/May/2021:09:23:07 +0800] "POST /xingrg/dwr/call/plaincall/AjaxReportQueryService.refreshCache.dwr HTTP/1.1" 200 78
114.88.163.218 - - [17/May/2021:09:23:07 +0800] "GET /xingrg/all/function/internal_message.html?_=1621214584136&CODE_STATE=getMsg HTTP/1.1" 200 27
180.169.147.146 - - [17/May/2021:09:23:08 +0800] "POST /xingrg/all/report/load_report_page.html HTTP/1.1" 200 208339
180.169.147.146 - - [17/May/2021:09:23:08 +0800] "GET /xingrg/images/blue/button/back2.gif HTTP/1.1" 200 1339
180.169.147.146 - - [17/May/2021:09:23:08 +0800] "GET /xingrg/images/blue/button/back.gif HTTP/1.1" 200 1352
180.169.147.146 - - [17/May/2021:09:23:08 +0800] "GET /xingrg/servlets/image?cache=0.7041117975507253&image=px HTTP/1.1" 200 807
222.69.130.128 - - [17/May/2021:09:23:10 +0800] "GET /xingrg/kc/buy/cgsh_order_operate.html?command=get_materiel&rest_code=00149&code=00101007061&supplier_code=00100205&order_time=2021-05-17 HTTP/1.1" 200 411
180.169.147.146 - - [17/May/2021:09:23:10 +0800] "POST /xingrg/all/report/load_report_page.html HTTP/1.1" 200 35722
180.169.147.146 - - [17/May/2021:09:23:10 +0800] "GET /xingrg/images/blue/button/advance.gif HTTP/1.1" 200 1354
180.169.147.146 - - [17/May/2021:09:23:10 +0800] "GET /xingrg/images/blue/button/advance2.gif HTTP/1.1" 200 1338
180.169.147.146 - - [17/May/2021:09:23:10 +0800] "GET /xingrg/servlets/image?cache=0.5044315631849082&image=px HTTP/1.1" 200 807
114.86.187.76 - - [17/May/2021:09:23:11 +0800] "GET /xingrg/all/function/internal_message.html?_=1621214593105&CODE_STATE=getMsg HTTP/1.1" 200 27
116.235.95.160 - - [17/May/2021:09:23:17 +0800] "GET /xingrg/all/function/internal_message.html?_=1621214686495&CODE_STATE=getMsg HTTP/1.1" 200 27
180.161.124.236 - - [17/May/2021:09:23:19 +0800] "GET /xingrg/check_reg.html?_=1621214558829 HTTP/1.1" 200 22
116.224.253.72 - - [17/May/2021:09:23:21 +0800] "GET /xingrg/check_reg.html?_=1621214601998 HTTP/1.1" 200 22
116.224.253.72 - - [17/May/2021:09:23:21 +0800] "GET /xingrg/all/function/internal_message.html?_=1621214602010&CODE_STATE=getMsg HTTP/1.1" 200 27
61.165.42.208 - - [17/May/2021:09:23:23 +0800] "GET /xingrg/all/function/internal_message.html?_=1621214604792&CODE_STATE=getMsg HTTP/1.1" 200 27
116.224.253.72 - - [17/May/2021:09:23:23 +0800] "GET /xingrg/kc/buy/cgsh_order_list.html HTTP/1.1" 200 46257
116.230.114.112 - - [17/May/2021:09:23:25 +0800] "GET /xingrg/kc/buy/cgsh_order_operate.html?command=get_materiel&rest_code=00146&code=00101008067&supplier_code=00100005&order_time=2021-05-17 HTTP/1.1" 200 416
116.224.253.72 - - [17/May/2021:09:23:26 +0800] "POST /xingrg/kc/buy/cgsh_list_operate.html HTTP/1.1" 200 2085
116.230.110.80 - - [17/May/2021:09:23:29 +0800] "GET /xingrg/check_reg.html?_=1621214609673 HTTP/1.1" 200 22
116.230.110.80 - - [17/May/2021:09:23:29 +0800] "GET /xingrg/all/function/internal_message.html?_=1621214609676&CODE_STATE=getMsg HTTP/1.1" 200 27
116.224.253.72 - - [17/May/2021:09:23:32 +0800] "POST /xingrg/kc/buy/cgsh_list_operate.html HTTP/1.1" 200 560
116.230.114.112 - - [17/May/2021:09:23:34 +0800] "GET /xingrg/kc/buy/cgsh_order_operate.html?command=get_materiel&rest_code=00146&code=00101008321&supplier_code=00100005&order_time=2021-05-17 HTTP/1.1" 200 412
116.224.253.72 - - [17/May/2021:09:23:35 +0800] "GET /xingrg/all/function/internal_message.html?_=1621214598574&CODE_STATE=getMsg HTTP/1.1" 200 27
116.224.253.72 - - [17/May/2021:09:23:35 +0800] "POST /xingrg/kc/buy/cgsh_list_operate.html HTTP/1.1" 200 579
180.169.147.146 - - [17/May/2021:09:23:38 +0800] "GET /favicon.ico HTTP/1.1" 404 -
116.224.253.72 - - [17/May/2021:09:23:39 +0800] "GET /xingrg/kc/buy/cgsh_order_info.html?code=212021051707374 HTTP/1.1" 200 61654
116.230.114.112 - - [17/May/2021:09:23:39 +0800] "GET /xingrg/all/function/internal_message.html?_=1621214621017&CODE_STATE=getMsg HTTP/1.1" 200 27
116.224.253.72 - - [17/May/2021:09:23:40 +0800] "GET /xingrg/javascript/easyui/themes/default/validatebox.css HTTP/1.1" 404 1104
116.224.253.72 - - [17/May/2021:09:23:40 +0800] "POST /xingrg/kc/buy/cgsh_order_operate.html HTTP/1.1" 200 5679
58.37.225.51 - - [17/May/2021:09:23:44 +0800] "GET /xingrg/all/function/internal_message.html?_=1621214628841&CODE_STATE=getMsg HTTP/1.1" 200 27
116.230.114.112 - - [17/May/2021:09:23:47 +0800] "GET /xingrg/kc/buy/cgsh_order_operate.html?command=get_materiel&rest_code=00146&code=00101008270&supplier_code=00100005&order_time=2021-05-17 HTTP/1.1" 200 412
222.69.130.128 - - [17/May/2021:09:23:50 +0800] "GET /xingrg/all/function/internal_message.html?_=1621214628398&CODE_STATE=getMsg HTTP/1.1" 200 27
120.253.135.82 - - [17/May/2021:09:23:50 +0800] "GET /xingrg/check_reg.html?_=1621214686303 HTTP/1.1" 200 22
61.165.42.208 - - [17/May/2021:09:23:54 +0800] "GET /xingrg/all/function/internal_message.html?_=1621214616660&CODE_STATE=getMsg HTTP/1.1" 200 27
61.165.42.208 - - [17/May/2021:09:23:54 +0800] "GET /xingrg/check_reg.html?_=1621214616663 HTTP/1.1" 200 22
180.169.147.146 - - [17/May/2021:09:23:54 +0800] "GET /xingrg/all/function/internal_message.html?_=1621214634258&CODE_STATE=getMsg HTTP/1.1" 200 27
116.230.114.112 - - [17/May/2021:09:23:55 +0800] "GET /xingrg/kc/buy/cgsh_order_operate.html?command=get_materiel&rest_code=00146&code=00101008213&supplier_code=00100005&order_time=2021-05-17 HTTP/1.1" 200 412
117.185.32.26 - - [17/May/2021:09:23:57 +0800] "GET /xingrg/all/function/internal_message.html?_=1621215160086&CODE_STATE=getMsg HTTP/1.1" 200 27
120.253.135.82 - - [17/May/2021:09:23:58 +0800] "GET /xingrg/all/function/internal_message.html?_=1621214694335&CODE_STATE=getMsg HTTP/1.1" 200 27
120.253.135.82 - - [17/May/2021:09:24:00 +0800] "GET /xingrg/all/function/internal_message.html?_=1621214763048&CODE_STATE=getMsg HTTP/1.1" 200 27
116.235.222.38 - - [17/May/2021:09:24:04 +0800] "GET /xingrg/all/function/internal_message.html?_=1621214644814&CODE_STATE=getMsg HTTP/1.1" 200 27
116.230.114.112 - - [17/May/2021:09:24:05 +0800] "GET /xingrg/kc/buy/cgsh_order_operate.html?command=get_materiel&rest_code=00146&code=00101008017&supplier_code=00100005&order_time=2021-05-17 HTTP/1.1" 200 416
180.169.147.146 - - [17/May/2021:09:24:06 +0800] "GET /xingrg/all/function/internal_message.html?_=1621214647951&CODE_STATE=getMsg HTTP/1.1" 200 27
180.169.147.146 - - [17/May/2021:09:24:06 +0800] "GET /xingrg/check_reg.html?_=1621214645038 HTTP/1.1" 200 22
114.88.163.218 - - [17/May/2021:09:24:07 +0800] "GET /xingrg/all/function/internal_message.html?_=1621214644138&CODE_STATE=getMsg HTTP/1.1" 200 27
114.86.187.76 - - [17/May/2021:09:24:08 +0800] "GET /xingrg/check_reg.html?_=1621214650588 HTTP/1.1" 200 22
114.86.187.76 - - [17/May/2021:09:24:11 +0800] "GET /xingrg/all/function/internal_message.html?_=1621214653122&CODE_STATE=getMsg HTTP/1.1" 200 27
222.69.130.128 - - [17/May/2021:09:24:13 +0800] "GET /xingrg/kc/buy/cgsh_order_operate.html?command=get_materiel&rest_code=00149&code=00101007038&supplier_code=00100205&order_time=2021-05-17 HTTP/1.1" 200 440
116.230.114.112 - - [17/May/2021:09:24:14 +0800] "GET /xingrg/kc/buy/cgsh_order_operate.html?command=get_materiel&rest_code=00146&code=00101008027&supplier_code=00100005&order_time=2021-05-17 HTTP/1.1" 200 427
116.235.95.160 - - [17/May/2021:09:24:17 +0800] "GET /xingrg/all/function/internal_message.html?_=1621214746505&CODE_STATE=getMsg HTTP/1.1" 200 27
116.224.253.72 - - [17/May/2021:09:24:21 +0800] "GET /xingrg/kc/buy/cgsh_order_operate.html?command=get_materiel&rest_code=00151&code=00101009004&supplier_code=00100424&order_time=2021-05-17 HTTP/1.1" 200 409
116.224.253.72 - - [17/May/2021:09:24:21 +0800] "GET /xingrg/all/function/internal_message.html?_=1621214662007&CODE_STATE=getMsg HTTP/1.1" 200 27
61.165.42.208 - - [17/May/2021:09:24:23 +0800] "GET /xingrg/all/function/internal_message.html?_=1621214664762&CODE_STATE=getMsg HTTP/1.1" 200 27
58.37.225.51 - - [17/May/2021:09:24:23 +0800] "GET /xingrg/check_reg.html?_=1621214619478 HTTP/1.1" 302 -
61.165.42.208 - - [17/May/2021:09:24:23 +0800] "GET /xingrg/check_reg.html?_=1621214665062 HTTP/1.1" 200 22
116.224.253.72 - - [17/May/2021:09:24:29 +0800] "POST /xingrg/kc/buy/cgsh_order_operate.html HTTP/1.1" 200 37
222.69.130.128 - - [17/May/2021:09:24:29 +0800] "POST /xingrg/kc/buy/cgsh_order_operate.html HTTP/1.1" 200 88
116.230.110.80 - - [17/May/2021:09:24:29 +0800] "GET /xingrg/all/function/internal_message.html?_=1621214669677&CODE_STATE=getMsg HTTP/1.1" 200 27
116.230.114.112 - - [17/May/2021:09:24:30 +0800] "GET /xingrg/kc/buy/cgsh_order_operate.html?command=get_materiel&rest_code=00146&code=00101008132&supplier_code=00100005&order_time=2021-05-17 HTTP/1.1" 200 408
116.224.253.72 - - [17/May/2021:09:24:30 +0800] "POST /xingrg/kc/buy/cgsh_order_operate.html HTTP/1.1" 200 6276
116.224.253.72 - - [17/May/2021:09:24:33 +0800] "GET /xingrg/kc/buy/cgsh_order_list.html HTTP/1.1" 200 46257
116.224.253.72 - - [17/May/2021:09:24:35 +0800] "GET /xingrg/all/function/internal_message.html?_=1621214658673&CODE_STATE=getMsg HTTP/1.1" 200 27
116.224.253.72 - - [17/May/2021:09:24:35 +0800] "POST /xingrg/kc/buy/cgsh_list_operate.html HTTP/1.1" 200 2085
58.221.95.50 - - [17/May/2021:09:24:35 +0800] "GET /xingrg/check_reg.html?_=1621214675672 HTTP/1.1" 302 -
116.224.253.72 - - [17/May/2021:09:24:36 +0800] "POST /xingrg/kc/buy/cgsh_list_operate.html HTTP/1.1" 200 560
222.69.130.128 - - [17/May/2021:09:24:37 +0800] "POST /xingrg/kc/buy/cgsh_order_operate.html HTTP/1.1" 200 37
116.224.253.72 - - [17/May/2021:09:24:38 +0800] "GET /xingrg/kc/buy/cgsh_order_info.html?code=212021051707372 HTTP/1.1" 200 61654
116.224.253.72 - - [17/May/2021:09:24:38 +0800] "GET /xingrg/javascript/easyui/themes/default/validatebox.css HTTP/1.1" 404 1104
116.224.253.72 - - [17/May/2021:09:24:39 +0800] "POST /xingrg/kc/buy/cgsh_order_operate.html HTTP/1.1" 200 15802
116.230.114.112 - - [17/May/2021:09:24:39 +0800] "GET /xingrg/all/function/internal_message.html?_=1621214681031&CODE_STATE=getMsg HTTP/1.1" 200 27
222.69.130.128 - - [17/May/2021:09:24:41 +0800] "POST /xingrg/kc/buy/cgsh_order_operate.html HTTP/1.1" 200 12
116.230.114.112 - - [17/May/2021:09:24:42 +0800] "GET /xingrg/kc/buy/cgsh_order_operate.html?command=get_materiel&rest_code=00146&code=00101008257&supplier_code=00100005&order_time=2021-05-17 HTTP/1.1" 200 416
222.69.130.128 - - [17/May/2021:09:24:42 +0800] "GET /xingrg/kc/buy/cgsh_order_info.html?code=212021051707376 HTTP/1.1" 200 56944
222.69.130.128 - - [17/May/2021:09:24:43 +0800] "GET /xingrg/javascript/easyui/themes/default/validatebox.css HTTP/1.1" 404 1104
222.69.130.128 - - [17/May/2021:09:24:43 +0800] "POST /xingrg/kc/buy/cgsh_order_operate.html HTTP/1.1" 200 2961
58.37.225.51 - - [17/May/2021:09:24:44 +0800] "GET /xingrg/all/function/internal_message.html?_=1621214688840&CODE_STATE=getMsg HTTP/1.1" 200 27
222.69.130.128 - - [17/May/2021:09:24:45 +0800] "GET /xingrg/kc/print/load_config.html?kc_code=cgsh HTTP/1.1" 200 1845
222.69.130.128 - - [17/May/2021:09:24:45 +0800] "GET /xingrg/kc/print/load_data.html?order_code=212021051707376&kc_code=cgsh&condition= HTTP/1.1" 200 1582
116.235.95.160 - - [17/May/2021:09:24:46 +0800] "POST /xingrg/dwr/call/plaincall/AjaxCheckService.setItemNumber.dwr HTTP/1.1" 200 78
114.88.163.218 - - [17/May/2021:09:24:48 +0800] "GET /xingrg/javascript/auto/indicator.gif HTTP/1.1" 404 1066
114.88.163.218 - - [17/May/2021:09:24:49 +0800] "GET /xingrg/javascript/jquery_tools/images/prev.gif HTTP/1.1" 404 1086
114.88.163.218 - - [17/May/2021:09:24:49 +0800] "GET /xingrg/javascript/jquery_tools/images/next.gif HTTP/1.1" 404 1086
222.69.130.128 - - [17/May/2021:09:24:50 +0800] "GET /xingrg/all/function/internal_message.html?_=1621214688379&CODE_STATE=getMsg HTTP/1.1" 200 27
116.230.114.112 - - [17/May/2021:09:24:52 +0800] "GET /xingrg/kc/buy/cgsh_order_operate.html?command=get_materiel&rest_code=00146&code=00101008244&supplier_code=00100005&order_time=2021-05-17 HTTP/1.1" 200 408
61.165.42.208 - - [17/May/2021:09:24:54 +0800] "GET /xingrg/all/function/internal_message.html?_=1621214676649&CODE_STATE=getMsg HTTP/1.1" 200 27
180.169.147.146 - - [17/May/2021:09:24:54 +0800] "GET /xingrg/all/function/internal_message.html?_=1621214694278&CODE_STATE=getMsg HTTP/1.1" 200 27
117.185.32.26 - - [17/May/2021:09:24:57 +0800] "GET /xingrg/all/function/internal_message.html?_=1621215220071&CODE_STATE=getMsg HTTP/1.1" 200 27
116.235.222.38 - - [17/May/2021:09:24:57 +0800] "GET /xingrg/kc/buy/cgsh_order_add.html HTTP/1.1" 200 62079
114.88.163.218 - - [17/May/2021:09:24:57 +0800] "GET /xingrg/kc/buy/cgsh_order_operate.html?command=get_materiel&rest_code=00111&code=00101008132&supplier_code=00100005&order_time=2021-05-17 HTTP/1.1" 200 408
116.235.222.38 - - [17/May/2021:09:24:58 +0800] "GET /xingrg/javascript/easyui/themes/default/validatebox.css HTTP/1.1" 404 1104
120.253.135.82 - - [17/May/2021:09:24:58 +0800] "GET /xingrg/all/function/internal_message.html?_=1621214754348&CODE_STATE=getMsg HTTP/1.1" 200 27
116.235.222.38 - - [17/May/2021:09:24:58 +0800] "POST /xingrg/kc/buy/cgsh_order_operate.html HTTP/1.1" 200 8245
116.235.95.160 - - [17/May/2021:09:24:59 +0800] "POST /xingrg/dwr/call/plaincall/AjaxCheckService.setItemNumber.dwr HTTP/1.1" 200 78
116.230.110.80 - - [17/May/2021:09:25:00 +0800] "GET /xingrg/kc/base/check_order_info.html?code=452021051600168 HTTP/1.1" 200 26366
116.230.110.80 - - [17/May/2021:09:25:00 +0800] "GET /xingrg/dwr/interface/AjaxComOrderService.js HTTP/1.1" 200 18264
116.230.110.80 - - [17/May/2021:09:25:00 +0800] "GET /xingrg/dwr/interface/AjaxCheckService.js HTTP/1.1" 200 14003
116.230.110.80 - - [17/May/2021:09:25:00 +0800] "GET /xingrg/dwr/engine.js HTTP/1.1" 200 43631
120.253.135.82 - - [17/May/2021:09:25:00 +0800] "GET /xingrg/all/function/internal_message.html?_=1621214823069&CODE_STATE=getMsg HTTP/1.1" 200 27
116.235.222.38 - - [17/May/2021:09:25:00 +0800] "GET /xingrg/javascript/easyui/themes/default/tree.css HTTP/1.1" 404 1090
116.235.222.38 - - [17/May/2021:09:25:00 +0800] "POST /xingrg/all/common/load_tree.html?tree=supplier_tree_json&isDelete=1 HTTP/1.1" 200 55318
116.230.110.80 - - [17/May/2021:09:25:00 +0800] "POST /xingrg/dwr/call/plaincall/AjaxCheckService.loadOrderItems.dwr HTTP/1.1" 200 35883
116.230.114.112 - - [17/May/2021:09:25:02 +0800] "GET /xingrg/kc/buy/cgsh_order_operate.html?command=get_materiel&rest_code=00146&code=00101008112&supplier_code=00100005&order_time=2021-05-17 HTTP/1.1" 200 412
116.235.222.38 - - [17/May/2021:09:25:04 +0800] "GET /xingrg/all/function/internal_message.html?_=1621214704808&CODE_STATE=getMsg HTTP/1.1" 200 27
180.169.147.146 - - [17/May/2021:09:25:06 +0800] "GET /xingrg/all/function/internal_message.html?_=1621214707937&CODE_STATE=getMsg HTTP/1.1" 200 27
116.230.110.80 - - [17/May/2021:09:25:07 +0800] "GET /xingrg/kc/base/check_order_info.html?code=452021051600170 HTTP/1.1" 200 26366
116.230.110.80 - - [17/May/2021:09:25:07 +0800] "GET /xingrg/dwr/interface/AjaxCheckService.js HTTP/1.1" 200 14003
116.230.110.80 - - [17/May/2021:09:25:07 +0800] "GET /xingrg/dwr/interface/AjaxComOrderService.js HTTP/1.1" 200 18264
116.230.110.80 - - [17/May/2021:09:25:07 +0800] "GET /xingrg/dwr/engine.js HTTP/1.1" 200 43631
116.230.110.80 - - [17/May/2021:09:25:07 +0800] "POST /xingrg/dwr/call/plaincall/AjaxCheckService.loadOrderItems.dwr HTTP/1.1" 200 92926
114.88.163.218 - - [17/May/2021:09:25:07 +0800] "GET /xingrg/check_reg.html?_=1621214704139 HTTP/1.1" 200 22
114.88.163.218 - - [17/May/2021:09:25:07 +0800] "GET /xingrg/all/function/internal_message.html?_=1621214704141&CODE_STATE=getMsg HTTP/1.1" 200 27
114.86.187.76 - - [17/May/2021:09:25:11 +0800] "GET /xingrg/all/function/internal_message.html?_=1621214713121&CODE_STATE=getMsg HTTP/1.1" 200 27
114.88.163.218 - - [17/May/2021:09:25:15 +0800] "POST /xingrg/kc/buy/cgsh_list_operate.html HTTP/1.1" 200 571
116.235.95.160 - - [17/May/2021:09:25:17 +0800] "GET /xingrg/check_reg.html?_=1621214806486 HTTP/1.1" 200 22
116.235.95.160 - - [17/May/2021:09:25:17 +0800] "GET /xingrg/all/function/internal_message.html?_=1621214806488&CODE_STATE=getMsg HTTP/1.1" 200 27
116.235.222.38 - - [17/May/2021:09:25:18 +0800] "GET /xingrg/kc/buy/cgsh_order_operate.html?command=get_materiel&rest_code=00107&code=00101008323&supplier_code=00100006&order_time=2021-05-17 HTTP/1.1" 200 408
116.224.253.72 - - [17/May/2021:09:25:21 +0800] "GET /xingrg/all/function/internal_message.html?_=1621214722012&CODE_STATE=getMsg HTTP/1.1" 200 27
61.165.42.208 - - [17/May/2021:09:25:23 +0800] "GET /xingrg/all/function/internal_message.html?_=1621214724731&CODE_STATE=getMsg HTTP/1.1" 200 27
116.230.114.112 - - [17/May/2021:09:25:24 +0800] "GET /xingrg/check_reg.html?_=1621214725601 HTTP/1.1" 200 22
116.230.114.112 - - [17/May/2021:09:25:24 +0800] "GET /xingrg/kc/buy/cgsh_order_operate.html?command=get_materiel&rest_code=00146&code=00101008354&supplier_code=00100005&order_time=2021-05-17 HTTP/1.1" 200 412
222.69.130.128 - - [17/May/2021:09:25:27 +0800] "GET /xingrg/kc/buy/cgsh_order_add.html HTTP/1.1" 200 62044
222.69.130.128 - - [17/May/2021:09:25:28 +0800] "POST /xingrg/kc/buy/cgsh_order_operate.html HTTP/1.1" 200 8245
222.69.130.128 - - [17/May/2021:09:25:28 +0800] "GET /xingrg/javascript/easyui/themes/default/validatebox.css HTTP/1.1" 404 1104
116.235.222.38 - - [17/May/2021:09:25:29 +0800] "GET /xingrg/kc/buy/cgsh_order_operate.html?command=get_materiel&rest_code=00107&code=00101008044&supplier_code=00100006&order_time=2021-05-17 HTTP/1.1" 200 408
116.230.110.80 - - [17/May/2021:09:25:29 +0800] "GET /xingrg/kc/base/check_order_info.html?code=452021051600171 HTTP/1.1" 200 26366
116.230.110.80 - - [17/May/2021:09:25:29 +0800] "GET /xingrg/dwr/interface/AjaxCheckService.js HTTP/1.1" 200 14003
116.230.110.80 - - [17/May/2021:09:25:29 +0800] "GET /xingrg/dwr/interface/AjaxComOrderService.js HTTP/1.1" 200 18264
116.230.110.80 - - [17/May/2021:09:25:29 +0800] "GET /xingrg/dwr/engine.js HTTP/1.1" 200 43631
116.230.110.80 - - [17/May/2021:09:25:29 +0800] "GET /xingrg/all/function/internal_message.html?_=1621214729673&CODE_STATE=getMsg HTTP/1.1" 200 27
116.230.110.80 - - [17/May/2021:09:25:30 +0800] "POST /xingrg/dwr/call/plaincall/AjaxCheckService.loadOrderItems.dwr HTTP/1.1" 200 21143
114.88.163.218 - - [17/May/2021:09:25:33 +0800] "POST /xingrg/kc/buy/cgsh_list_operate.html HTTP/1.1" 200 4
116.230.114.112 - - [17/May/2021:09:25:33 +0800] "GET /xingrg/kc/buy/cgsh_order_operate.html?command=get_materiel&rest_code=00146&code=00101008338&supplier_code=00100005&order_time=2021-05-17 HTTP/1.1" 200 408
116.224.253.72 - - [17/May/2021:09:25:35 +0800] "GET /xingrg/all/function/internal_message.html?_=1621214718680&CODE_STATE=getMsg HTTP/1.1" 200 27
114.88.163.218 - - [17/May/2021:09:25:35 +0800] "POST /xingrg/kc/buy/cgsh_list_operate.html HTTP/1.1" 200 876
116.230.110.80 - - [17/May/2021:09:25:35 +0800] "GET /xingrg/kc/base/check_order_info.html?code=452021051600172 HTTP/1.1" 200 26366
116.230.110.80 - - [17/May/2021:09:25:35 +0800] "GET /xingrg/dwr/interface/AjaxCheckService.js HTTP/1.1" 200 14003
116.230.110.80 - - [17/May/2021:09:25:35 +0800] "GET /xingrg/dwr/interface/AjaxComOrderService.js HTTP/1.1" 200 18264
116.230.110.80 - - [17/May/2021:09:25:36 +0800] "GET /xingrg/dwr/engine.js HTTP/1.1" 200 43631
116.230.110.80 - - [17/May/2021:09:25:36 +0800] "POST /xingrg/dwr/call/plaincall/AjaxCheckService.loadOrderItems.dwr HTTP/1.1" 200 14873
116.235.222.38 - - [17/May/2021:09:25:39 +0800] "GET /xingrg/kc/buy/cgsh_order_operate.html?command=get_materiel&rest_code=00107&code=00101008210&supplier_code=00100006&order_time=2021-05-17 HTTP/1.1" 200 408
116.230.114.112 - - [17/May/2021:09:25:39 +0800] "GET /xingrg/all/function/internal_message.html?_=1621214741044&CODE_STATE=getMsg HTTP/1.1" 200 27
116.230.110.80 - - [17/May/2021:09:25:40 +0800] "GET /xingrg/kc/base/check_order_info.html?code=452021051600173 HTTP/1.1" 200 26366
116.230.110.80 - - [17/May/2021:09:25:41 +0800] "GET /xingrg/dwr/interface/AjaxCheckService.js HTTP/1.1" 200 14003
116.230.110.80 - - [17/May/2021:09:25:41 +0800] "GET /xingrg/dwr/interface/AjaxComOrderService.js HTTP/1.1" 200 18264
116.230.110.80 - - [17/May/2021:09:25:41 +0800] "GET /xingrg/dwr/engine.js HTTP/1.1" 200 43631
116.230.110.80 - - [17/May/2021:09:25:41 +0800] "POST /xingrg/dwr/call/plaincall/AjaxCheckService.loadOrderItems.dwr HTTP/1.1" 200 106268
116.230.114.112 - - [17/May/2021:09:25:44 +0800] "GET /xingrg/kc/buy/cgsh_order_operate.html?command=get_materiel&rest_code=00146&code=00101008361&supplier_code=00100005&order_time=2021-05-17 HTTP/1.1" 200 408
58.37.225.51 - - [17/May/2021:09:25:44 +0800] "GET /xingrg/all/function/internal_message.html?_=1621214748839&CODE_STATE=getMsg HTTP/1.1" 200 27
114.88.163.218 - - [17/May/2021:09:25:48 +0800] "GET /xingrg/kc/buy/cgsh_order_add.html HTTP/1.1" 200 61991
114.88.163.218 - - [17/May/2021:09:25:48 +0800] "POST /xingrg/kc/buy/cgsh_order_operate.html HTTP/1.1" 200 8245
114.88.163.218 - - [17/May/2021:09:25:48 +0800] "GET /xingrg/javascript/easyui/themes/default/validatebox.css HTTP/1.1" 404 1104
116.224.253.72 - - [17/May/2021:09:25:49 +0800] "POST /xingrg/kc/buy/cgsh_order_operate.html HTTP/1.1" 200 37
116.235.222.38 - - [17/May/2021:09:25:49 +0800] "GET /xingrg/kc/buy/cgsh_order_operate.html?command=get_materiel&rest_code=00107&code=00101008331&supplier_code=00100006&order_time=2021-05-17 HTTP/1.1" 200 416
222.69.130.128 - - [17/May/2021:09:25:50 +0800] "GET /xingrg/all/function/internal_message.html?_=1621214748376&CODE_STATE=getMsg HTTP/1.1" 200 27
116.224.253.72 - - [17/May/2021:09:25:50 +0800] "POST /xingrg/kc/buy/cgsh_order_operate.html HTTP/1.1" 200 15804
222.69.130.128 - - [17/May/2021:09:25:51 +0800] "GET /xingrg/kc/buy/cgsh_order_operate.html?command=get_materiel&rest_code=00149&code=00102012036&supplier_code=00100198&order_time=2021-05-17 HTTP/1.1" 200 428
61.165.42.208 - - [17/May/2021:09:25:54 +0800] "GET /xingrg/all/function/internal_message.html?_=1621214736649&CODE_STATE=getMsg HTTP/1.1" 200 27
180.169.147.146 - - [17/May/2021:09:25:54 +0800] "GET /xingrg/all/function/internal_message.html?_=1621214754267&CODE_STATE=getMsg HTTP/1.1" 200 27
117.185.32.26 - - [17/May/2021:09:25:57 +0800] "GET /xingrg/all/function/internal_message.html?_=1621215280082&CODE_STATE=getMsg HTTP/1.1" 200 27
120.253.135.82 - - [17/May/2021:09:25:58 +0800] "GET /xingrg/all/function/internal_message.html?_=1621214814420&CODE_STATE=getMsg HTTP/1.1" 200 27
222.69.130.128 - - [17/May/2021:09:25:59 +0800] "POST /xingrg/kc/buy/cgsh_order_operate.html HTTP/1.1" 200 37
