61.165.42.208 - - [17/May/2021:08:59:09 +0800] "GET /xingrg/kc/buy/cgsh_order_operate.html?command=get_materiel&rest_code=00105&code=00101008353&supplier_code=00100203&order_time=2021-05-17 HTTP/1.1" 200 408
180.161.124.236 - - [17/May/2021:08:59:14 +0800] "GET /xingrg/kc/buy/cgsh_order_operate.html?command=get_materiel&rest_code=00102&code=00101008036&supplier_code=00100008&order_time=2021-05-17 HTTP/1.1" 200 408
116.235.95.160 - - [17/May/2021:08:59:17 +0800] "GET /xingrg/all/function/internal_message.html?_=1621213246458&CODE_STATE=getMsg HTTP/1.1" 200 27
61.165.42.208 - - [17/May/2021:08:59:19 +0800] "GET /xingrg/kc/buy/cgsh_order_operate.html?command=get_materiel&rest_code=00105&code=00101008004&supplier_code=00100203&order_time=2021-05-17 HTTP/1.1" 200 437
116.224.253.72 - - [17/May/2021:08:59:21 +0800] "GET /xingrg/all/function/internal_message.html?_=1621213161855&CODE_STATE=getMsg HTTP/1.1" 200 27
61.165.42.208 - - [17/May/2021:08:59:23 +0800] "GET /xingrg/check_reg.html?_=1621213165128 HTTP/1.1" 200 22
61.165.42.208 - - [17/May/2021:08:59:23 +0800] "GET /xingrg/all/function/internal_message.html?_=1621213165199&CODE_STATE=getMsg HTTP/1.1" 200 27
180.161.124.236 - - [17/May/2021:08:59:25 +0800] "GET /xingrg/kc/buy/cgsh_order_operate.html?command=get_materiel&rest_code=00102&code=00101008131&supplier_code=00100008&order_time=2021-05-17 HTTP/1.1" 200 408
61.165.42.208 - - [17/May/2021:08:59:29 +0800] "GET /xingrg/kc/buy/cgsh_order_operate.html?command=get_materiel&rest_code=00105&code=00101008350&supplier_code=00100203&order_time=2021-05-17 HTTP/1.1" 200 408
116.230.110.80 - - [17/May/2021:08:59:29 +0800] "GET /xingrg/all/function/internal_message.html?_=1621213167786&CODE_STATE=getMsg HTTP/1.1" 200 27
180.161.124.236 - - [17/May/2021:08:59:37 +0800] "GET /xingrg/kc/buy/cgsh_order_operate.html?command=get_materiel&rest_code=00102&code=00101008318&supplier_code=00100008&order_time=2021-05-17 HTTP/1.1" 200 408
116.230.114.112 - - [17/May/2021:08:59:39 +0800] "GET /xingrg/all/function/internal_message.html?_=1621213180581&CODE_STATE=getMsg HTTP/1.1" 200 27
101.91.62.65 - - [17/May/2021:08:59:44 +0800] "GET /xingrg/all/function/internal_message.html?_=1621213128793&CODE_STATE=getMsg HTTP/1.1" 302 -
180.161.124.236 - - [17/May/2021:08:59:44 +0800] "GET /xingrg/kc/buy/cgsh_order_operate.html?command=get_materiel&rest_code=00102&code=00101008352&supplier_code=00100008&order_time=2021-05-17 HTTP/1.1" 200 412
58.37.225.51 - - [17/May/2021:08:59:44 +0800] "GET /xingrg/all/function/internal_message.html?_=1621213188792&CODE_STATE=getMsg HTTP/1.1" 200 27
101.91.62.65 - - [17/May/2021:08:59:45 +0800] "GET /xingrg/login.html HTTP/1.1" 200 7641
116.224.253.72 - - [17/May/2021:08:59:47 +0800] "GET /xingrg/all/function/internal_message.html?_=1621213170889&CODE_STATE=getMsg HTTP/1.1" 200 27
180.161.124.236 - - [17/May/2021:08:59:49 +0800] "POST /xingrg/kc/buy/cgsh_order_operate.html HTTP/1.1" 200 2065
222.69.130.128 - - [17/May/2021:08:59:49 +0800] "GET /xingrg/all/function/internal_message.html?_=1621213188056&CODE_STATE=getMsg HTTP/1.1" 200 27
61.165.42.208 - - [17/May/2021:08:59:54 +0800] "GET /xingrg/all/function/internal_message.html?_=1621213176624&CODE_STATE=getMsg HTTP/1.1" 200 27
61.165.42.208 - - [17/May/2021:08:59:55 +0800] "GET /xingrg/kc/buy/cgsh_order_operate.html?command=get_materiel&rest_code=00105&code=00101008261&supplier_code=00100203&order_time=2021-05-17 HTTP/1.1" 200 408
180.161.124.236 - - [17/May/2021:08:59:57 +0800] "GET /xingrg/kc/buy/cgsh_order_operate.html?command=get_materiel&rest_code=00102&code=00101008005&supplier_code=00100008&order_time=2021-05-17 HTTP/1.1" 200 412
117.185.32.26 - - [17/May/2021:08:59:57 +0800] "GET /xingrg/all/function/internal_message.html?_=1621213720414&CODE_STATE=getMsg HTTP/1.1" 200 27
120.253.135.82 - - [17/May/2021:08:59:57 +0800] "GET /xingrg/all/function/internal_message.html?_=1621213253525&CODE_STATE=getMsg HTTP/1.1" 200 27
120.253.135.82 - - [17/May/2021:09:00:00 +0800] "GET /xingrg/all/function/internal_message.html?_=1621213322728&CODE_STATE=getMsg HTTP/1.1" 200 27
116.224.253.72 - - [17/May/2021:09:00:01 +0800] "GET /xingrg/check_reg.html?_=1621213184737 HTTP/1.1" 200 22
61.165.42.208 - - [17/May/2021:09:00:07 +0800] "GET /xingrg/kc/buy/cgsh_order_operate.html?command=get_materiel&rest_code=00105&code=00101008331&supplier_code=00100203&order_time=2021-05-17 HTTP/1.1" 200 416
116.230.110.80 - - [17/May/2021:09:00:15 +0800] "GET /xingrg/kc/buy/cgsh_order_add.html HTTP/1.1" 200 61959
116.230.110.80 - - [17/May/2021:09:00:15 +0800] "POST /xingrg/kc/buy/cgsh_order_operate.html HTTP/1.1" 200 8245
116.230.110.80 - - [17/May/2021:09:00:15 +0800] "GET /xingrg/javascript/easyui/themes/default/validatebox.css HTTP/1.1" 404 1104
116.235.95.160 - - [17/May/2021:09:00:17 +0800] "GET /xingrg/all/function/internal_message.html?_=1621213306457&CODE_STATE=getMsg HTTP/1.1" 200 27
117.131.5.26 - - [17/May/2021:09:00:17 +0800] "GET /xingrg/check_reg.html?_=1621213306458 HTTP/1.1" 200 22
61.165.42.208 - - [17/May/2021:09:00:18 +0800] "GET /xingrg/kc/buy/cgsh_order_operate.html?command=get_materiel&rest_code=00105&code=00101008141&supplier_code=00100203&order_time=2021-05-17 HTTP/1.1" 200 412
116.224.253.72 - - [17/May/2021:09:00:21 +0800] "GET /xingrg/all/function/internal_message.html?_=1621213221873&CODE_STATE=getMsg HTTP/1.1" 200 27
222.69.130.128 - - [17/May/2021:09:00:21 +0800] "GET /xingrg/kc/base/check_order_list.html HTTP/1.1" 200 16104
222.69.130.128 - - [17/May/2021:09:00:22 +0800] "POST /xingrg/kc/base/check_list_operate.html HTTP/1.1" 200 1884
61.165.42.208 - - [17/May/2021:09:00:23 +0800] "GET /xingrg/all/function/internal_message.html?_=1621213225275&CODE_STATE=getMsg HTTP/1.1" 200 27
116.230.110.80 - - [17/May/2021:09:00:24 +0800] "GET /xingrg/kc/buy/cgsh_order_operate.html?command=get_materiel&rest_code=00155&code=00101002027&supplier_code=00100199&order_time=2021-05-17 HTTP/1.1" 200 433
116.230.114.112 - - [17/May/2021:09:00:24 +0800] "GET /xingrg/check_reg.html?_=1621213225572 HTTP/1.1" 200 22
222.69.130.128 - - [17/May/2021:09:00:25 +0800] "GET /xingrg/kc/base/check_order_info.html?code=452021051600118 HTTP/1.1" 200 26475
222.69.130.128 - - [17/May/2021:09:00:25 +0800] "GET /xingrg/dwr/interface/AjaxComOrderService.js HTTP/1.1" 200 18264
222.69.130.128 - - [17/May/2021:09:00:25 +0800] "GET /xingrg/dwr/interface/AjaxCheckService.js HTTP/1.1" 200 14003
222.69.130.128 - - [17/May/2021:09:00:25 +0800] "GET /xingrg/dwr/engine.js HTTP/1.1" 200 43631
222.69.130.128 - - [17/May/2021:09:00:25 +0800] "POST /xingrg/dwr/call/plaincall/AjaxCheckService.loadOrderItems.dwr HTTP/1.1" 200 222937
61.165.42.208 - - [17/May/2021:09:00:27 +0800] "GET /xingrg/kc/buy/cgsh_order_operate.html?command=get_materiel&rest_code=00105&code=00101008126&supplier_code=00100203&order_time=2021-05-17 HTTP/1.1" 200 412
116.230.110.80 - - [17/May/2021:09:00:29 +0800] "GET /xingrg/all/function/internal_message.html?_=1621213227770&CODE_STATE=getMsg HTTP/1.1" 200 27
222.69.130.128 - - [17/May/2021:09:00:31 +0800] "POST /xingrg/dwr/call/plaincall/AjaxCheckService.setItemNumber.dwr HTTP/1.1" 200 76
222.69.130.128 - - [17/May/2021:09:00:32 +0800] "POST /xingrg/dwr/call/plaincall/AjaxCheckService.setItemNumber.dwr HTTP/1.1" 200 76
222.69.130.128 - - [17/May/2021:09:00:32 +0800] "POST /xingrg/dwr/call/plaincall/AjaxCheckService.setItemNumber.dwr HTTP/1.1" 200 76
222.69.130.128 - - [17/May/2021:09:00:33 +0800] "POST /xingrg/dwr/call/plaincall/AjaxCheckService.setItemNumber.dwr HTTP/1.1" 200 76
116.230.110.80 - - [17/May/2021:09:00:33 +0800] "GET /xingrg/kc/buy/cgsh_order_operate.html?command=get_materiel&rest_code=00155&code=00101001110&supplier_code=00100199&order_time=2021-05-17 HTTP/1.1" 200 408
222.69.130.128 - - [17/May/2021:09:00:34 +0800] "POST /xingrg/dwr/call/plaincall/AjaxCheckService.setItemNumber.dwr HTTP/1.1" 200 76
222.69.130.128 - - [17/May/2021:09:00:34 +0800] "POST /xingrg/dwr/call/plaincall/AjaxCheckService.setItemNumber.dwr HTTP/1.1" 200 76
61.165.42.208 - - [17/May/2021:09:00:34 +0800] "GET /xingrg/kc/buy/cgsh_order_operate.html?command=get_materiel&rest_code=00105&code=00101008118&supplier_code=00100203&order_time=2021-05-17 HTTP/1.1" 200 418
180.161.124.236 - - [17/May/2021:09:00:34 +0800] "GET /xingrg/kc/buy/cgsh_order_operate.html?command=get_materiel&rest_code=00102&code=00101008197&supplier_code=00100008&order_time=2021-05-17 HTTP/1.1" 200 416
222.69.130.128 - - [17/May/2021:09:00:35 +0800] "POST /xingrg/dwr/call/plaincall/AjaxCheckService.setItemNumber.dwr HTTP/1.1" 200 76
116.235.222.38 - - [17/May/2021:09:00:36 +0800] "GET /xingrg/login.html HTTP/1.1" 200 7641
222.69.130.128 - - [17/May/2021:09:00:36 +0800] "POST /xingrg/dwr/call/plaincall/AjaxCheckService.setItemNumber.dwr HTTP/1.1" 200 76
222.69.130.128 - - [17/May/2021:09:00:36 +0800] "POST /xingrg/dwr/call/plaincall/AjaxCheckService.setItemNumber.dwr HTTP/1.1" 200 76
222.69.130.128 - - [17/May/2021:09:00:37 +0800] "POST /xingrg/dwr/call/plaincall/AjaxCheckService.setItemNumber.dwr HTTP/1.1" 200 77
222.69.130.128 - - [17/May/2021:09:00:37 +0800] "POST /xingrg/dwr/call/plaincall/AjaxCheckService.setItemNumber.dwr HTTP/1.1" 200 77
116.235.222.38 - - [17/May/2021:09:00:37 +0800] "GET /favicon.ico HTTP/1.1" 404 -
222.69.130.128 - - [17/May/2021:09:00:37 +0800] "POST /xingrg/dwr/call/plaincall/AjaxCheckService.setItemNumber.dwr HTTP/1.1" 200 77
116.230.110.80 - - [17/May/2021:09:00:38 +0800] "GET /xingrg/kc/buy/cgsh_order_operate.html?command=get_materiel&rest_code=00155&code=00101001111&supplier_code=00100199&order_time=2021-05-17 HTTP/1.1" 200 429
222.69.130.128 - - [17/May/2021:09:00:38 +0800] "POST /xingrg/dwr/call/plaincall/AjaxCheckService.setItemNumber.dwr HTTP/1.1" 200 77
116.230.114.112 - - [17/May/2021:09:00:39 +0800] "GET /xingrg/all/function/internal_message.html?_=1621213240595&CODE_STATE=getMsg HTTP/1.1" 200 27
222.69.130.128 - - [17/May/2021:09:00:39 +0800] "POST /xingrg/dwr/call/plaincall/AjaxCheckService.setItemNumber.dwr HTTP/1.1" 200 77
222.69.130.128 - - [17/May/2021:09:00:39 +0800] "POST /xingrg/dwr/call/plaincall/AjaxCheckService.setItemNumber.dwr HTTP/1.1" 200 77
222.69.130.128 - - [17/May/2021:09:00:40 +0800] "POST /xingrg/dwr/call/plaincall/AjaxCheckService.setItemNumber.dwr HTTP/1.1" 200 77
222.69.130.128 - - [17/May/2021:09:00:40 +0800] "POST /xingrg/dwr/call/plaincall/AjaxCheckService.setItemNumber.dwr HTTP/1.1" 200 77
61.165.42.208 - - [17/May/2021:09:00:42 +0800] "GET /xingrg/kc/buy/cgsh_order_operate.html?command=get_materiel&rest_code=00105&code=00101008213&supplier_code=00100203&order_time=2021-05-17 HTTP/1.1" 200 412
222.69.130.128 - - [17/May/2021:09:00:43 +0800] "POST /xingrg/dwr/call/plaincall/AjaxCheckService.setItemNumber.dwr HTTP/1.1" 200 77
180.161.124.236 - - [17/May/2021:09:00:44 +0800] "GET /xingrg/kc/buy/cgsh_order_operate.html?command=get_materiel&rest_code=00102&code=00101008033&supplier_code=00100008&order_time=2021-05-17 HTTP/1.1" 200 408
222.69.130.128 - - [17/May/2021:09:00:44 +0800] "POST /xingrg/dwr/call/plaincall/AjaxCheckService.setItemNumber.dwr HTTP/1.1" 200 77
58.37.225.51 - - [17/May/2021:09:00:44 +0800] "GET /xingrg/all/function/internal_message.html?_=1621213248791&CODE_STATE=getMsg HTTP/1.1" 200 27
222.69.130.128 - - [17/May/2021:09:00:44 +0800] "POST /xingrg/dwr/call/plaincall/AjaxCheckService.setItemNumber.dwr HTTP/1.1" 200 77
222.69.130.128 - - [17/May/2021:09:00:45 +0800] "POST /xingrg/dwr/call/plaincall/AjaxCheckService.setItemNumber.dwr HTTP/1.1" 200 77
222.69.130.128 - - [17/May/2021:09:00:46 +0800] "POST /xingrg/dwr/call/plaincall/AjaxCheckService.setItemNumber.dwr HTTP/1.1" 200 77
222.69.130.128 - - [17/May/2021:09:00:46 +0800] "POST /xingrg/dwr/call/plaincall/AjaxCheckService.setItemNumber.dwr HTTP/1.1" 200 77
222.69.130.128 - - [17/May/2021:09:00:46 +0800] "POST /xingrg/dwr/call/plaincall/AjaxCheckService.setItemNumber.dwr HTTP/1.1" 200 77
116.230.110.80 - - [17/May/2021:09:00:47 +0800] "GET /xingrg/kc/buy/cgsh_order_operate.html?command=get_materiel&rest_code=00155&code=00101004038&supplier_code=00100199&order_time=2021-05-17 HTTP/1.1" 200 429
222.69.130.128 - - [17/May/2021:09:00:47 +0800] "POST /xingrg/dwr/call/plaincall/AjaxCheckService.setItemNumber.dwr HTTP/1.1" 200 77
116.224.253.72 - - [17/May/2021:09:00:47 +0800] "GET /xingrg/all/function/internal_message.html?_=1621213230899&CODE_STATE=getMsg HTTP/1.1" 200 27
180.161.124.236 - - [17/May/2021:09:00:47 +0800] "POST /xingrg/kc/buy/cgsh_order_operate.html HTTP/1.1" 200 2065
222.69.130.128 - - [17/May/2021:09:00:48 +0800] "POST /xingrg/dwr/call/plaincall/AjaxCheckService.setItemNumber.dwr HTTP/1.1" 200 77
222.69.130.128 - - [17/May/2021:09:00:48 +0800] "POST /xingrg/dwr/call/plaincall/AjaxCheckService.setItemNumber.dwr HTTP/1.1" 200 77
222.69.130.128 - - [17/May/2021:09:00:49 +0800] "POST /xingrg/dwr/call/plaincall/AjaxCheckService.setItemNumber.dwr HTTP/1.1" 200 77
222.69.130.128 - - [17/May/2021:09:00:49 +0800] "GET /xingrg/all/function/internal_message.html?_=1621213248071&CODE_STATE=getMsg HTTP/1.1" 200 27
222.69.130.128 - - [17/May/2021:09:00:50 +0800] "POST /xingrg/dwr/call/plaincall/AjaxCheckService.setItemNumber.dwr HTTP/1.1" 200 77
61.165.42.208 - - [17/May/2021:09:00:50 +0800] "GET /xingrg/kc/buy/cgsh_order_operate.html?command=get_materiel&rest_code=00105&code=00101008166&supplier_code=00100203&order_time=2021-05-17 HTTP/1.1" 200 432
222.69.130.128 - - [17/May/2021:09:00:51 +0800] "POST /xingrg/dwr/call/plaincall/AjaxCheckService.setItemNumber.dwr HTTP/1.1" 200 77
222.69.130.128 - - [17/May/2021:09:00:52 +0800] "POST /xingrg/dwr/call/plaincall/AjaxCheckService.setItemNumber.dwr HTTP/1.1" 200 77
61.165.42.208 - - [17/May/2021:09:00:52 +0800] "POST /xingrg/kc/buy/cgsh_order_operate.html HTTP/1.1" 200 2065
222.69.130.128 - - [17/May/2021:09:00:53 +0800] "POST /xingrg/dwr/call/plaincall/AjaxCheckService.setItemNumber.dwr HTTP/1.1" 200 77
222.69.130.128 - - [17/May/2021:09:00:53 +0800] "POST /xingrg/dwr/call/plaincall/AjaxCheckService.setItemNumber.dwr HTTP/1.1" 200 77
180.161.124.236 - - [17/May/2021:09:00:53 +0800] "GET /xingrg/kc/buy/cgsh_order_operate.html?command=get_materiel&rest_code=00102&code=00101008125&supplier_code=00100008&order_time=2021-05-17 HTTP/1.1" 200 413
222.69.130.128 - - [17/May/2021:09:00:54 +0800] "POST /xingrg/dwr/call/plaincall/AjaxCheckService.setItemNumber.dwr HTTP/1.1" 200 77
61.165.42.208 - - [17/May/2021:09:00:54 +0800] "GET /xingrg/all/function/internal_message.html?_=1621213236625&CODE_STATE=getMsg HTTP/1.1" 200 27
222.69.130.128 - - [17/May/2021:09:00:54 +0800] "POST /xingrg/dwr/call/plaincall/AjaxCheckService.setItemNumber.dwr HTTP/1.1" 200 77
222.69.130.128 - - [17/May/2021:09:00:55 +0800] "POST /xingrg/dwr/call/plaincall/AjaxCheckService.setItemNumber.dwr HTTP/1.1" 200 77
222.69.130.128 - - [17/May/2021:09:00:56 +0800] "POST /xingrg/dwr/call/plaincall/AjaxCheckService.setItemNumber.dwr HTTP/1.1" 200 77
222.69.130.128 - - [17/May/2021:09:00:56 +0800] "POST /xingrg/dwr/call/plaincall/AjaxCheckService.setItemNumber.dwr HTTP/1.1" 200 77
116.230.110.80 - - [17/May/2021:09:00:57 +0800] "POST /xingrg/kc/buy/cgsh_order_operate.html HTTP/1.1" 200 37
117.185.32.26 - - [17/May/2021:09:00:57 +0800] "GET /xingrg/all/function/internal_message.html?_=1621213780399&CODE_STATE=getMsg HTTP/1.1" 200 27
222.69.130.128 - - [17/May/2021:09:00:57 +0800] "POST /xingrg/dwr/call/plaincall/AjaxCheckService.setItemNumber.dwr HTTP/1.1" 200 77
120.253.135.82 - - [17/May/2021:09:00:57 +0800] "GET /xingrg/all/function/internal_message.html?_=1621213313585&CODE_STATE=getMsg HTTP/1.1" 200 27
61.165.42.208 - - [17/May/2021:09:00:58 +0800] "GET /xingrg/kc/buy/cgsh_order_operate.html?command=get_materiel&rest_code=00105&code=00101010136&supplier_code=00100203&order_time=2021-05-17 HTTP/1.1" 200 428
116.230.110.80 - - [17/May/2021:09:00:58 +0800] "POST /xingrg/kc/buy/cgsh_order_operate.html HTTP/1.1" 200 3843
222.69.130.128 - - [17/May/2021:09:00:58 +0800] "POST /xingrg/dwr/call/plaincall/AjaxCheckService.setItemNumber.dwr HTTP/1.1" 200 77
116.230.110.80 - - [17/May/2021:09:00:59 +0800] "GET /xingrg/kc/print/load_data.html?order_code=212021051707362&kc_code=cgsh&condition= HTTP/1.1" 200 1121
116.235.222.38 - - [17/May/2021:09:00:59 +0800] "POST /xingrg/login.do HTTP/1.1" 302 -
116.235.222.38 - - [17/May/2021:09:00:59 +0800] "GET /xingrg/index.html?sysBaseUrl=http%3A%2F%2F180.169.147.146%3A18081%2Fxingrg%2F&costTime=62×tamp=1621213259104 HTTP/1.1" 200 17179
222.69.130.128 - - [17/May/2021:09:00:59 +0800] "POST /xingrg/dwr/call/plaincall/AjaxCheckService.setItemNumber.dwr HTTP/1.1" 200 77
120.253.135.82 - - [17/May/2021:09:01:00 +0800] "GET /xingrg/all/function/internal_message.html?_=1621213382735&CODE_STATE=getMsg HTTP/1.1" 200 27
222.69.130.128 - - [17/May/2021:09:01:00 +0800] "POST /xingrg/dwr/call/plaincall/AjaxCheckService.setItemNumber.dwr HTTP/1.1" 200 77
116.235.222.38 - - [17/May/2021:09:01:00 +0800] "GET /favicon.ico HTTP/1.1" 404 -
222.69.130.128 - - [17/May/2021:09:01:00 +0800] "POST /xingrg/dwr/call/plaincall/AjaxCheckService.setItemNumber.dwr HTTP/1.1" 200 77
116.235.222.38 - - [17/May/2021:09:01:01 +0800] "POST /xingrg/all/common/load_tree.html?tree=area_rest_tree_json&manage=1 HTTP/1.1" 200 476
222.69.130.128 - - [17/May/2021:09:01:01 +0800] "POST /xingrg/dwr/call/plaincall/AjaxCheckService.setItemNumber.dwr HTTP/1.1" 200 77
222.69.130.128 - - [17/May/2021:09:01:02 +0800] "POST /xingrg/dwr/call/plaincall/AjaxCheckService.setItemNumber.dwr HTTP/1.1" 200 77
116.235.222.38 - - [17/May/2021:09:01:02 +0800] "GET /xingrg/check_reg.html?_=1621213262129 HTTP/1.1" 200 22
116.235.222.38 - - [17/May/2021:09:01:02 +0800] "GET /xingrg/all/function/internal_message.html?_=1621213262108&CODE_STATE=count HTTP/1.1" 200 11
116.235.222.38 - - [17/May/2021:09:01:02 +0800] "POST /xingrg/load_menu.html HTTP/1.1" 200 5138
180.161.124.236 - - [17/May/2021:09:01:02 +0800] "GET /xingrg/kc/buy/cgsh_order_operate.html?command=get_materiel&rest_code=00102&code=00101008013&supplier_code=00100008&order_time=2021-05-17 HTTP/1.1" 200 408
222.69.130.128 - - [17/May/2021:09:01:03 +0800] "POST /xingrg/dwr/call/plaincall/AjaxCheckService.setItemNumber.dwr HTTP/1.1" 200 77
222.69.130.128 - - [17/May/2021:09:01:03 +0800] "POST /xingrg/dwr/call/plaincall/AjaxCheckService.setItemNumber.dwr HTTP/1.1" 200 77
222.69.130.128 - - [17/May/2021:09:01:06 +0800] "POST /xingrg/dwr/call/plaincall/AjaxCheckService.setItemNumber.dwr HTTP/1.1" 200 77
180.161.124.236 - - [17/May/2021:09:01:12 +0800] "GET /xingrg/kc/buy/cgsh_order_operate.html?command=get_materiel&rest_code=00102&code=00101008114&supplier_code=00100008&order_time=2021-05-17 HTTP/1.1" 200 412
116.235.222.38 - - [17/May/2021:09:01:13 +0800] "GET /xingrg/kc/buy/buy_main.html HTTP/1.1" 200 12412
116.235.222.38 - - [17/May/2021:09:01:13 +0800] "GET /xingrg/css/new_ie.css HTTP/1.1" 404 1036
116.235.222.38 - - [17/May/2021:09:01:15 +0800] "GET /xingrg/images/yd/bt.gif HTTP/1.1" 404 1040
116.235.222.38 - - [17/May/2021:09:01:16 +0800] "GET /xingrg/kc/buy/cgsh_order_list.html HTTP/1.1" 200 46259
117.131.5.26 - - [17/May/2021:09:01:17 +0800] "GET /xingrg/all/function/internal_message.html?_=1621213366456&CODE_STATE=getMsg HTTP/1.1" 200 27
222.69.130.128 - - [17/May/2021:09:01:18 +0800] "POST /xingrg/dwr/call/plaincall/AjaxCheckService.setItemNumber.dwr HTTP/1.1" 200 77
222.69.130.128 - - [17/May/2021:09:01:18 +0800] "POST /xingrg/dwr/call/plaincall/AjaxCheckService.setItemNumber.dwr HTTP/1.1" 200 77
117.185.32.26 - - [17/May/2021:09:01:19 +0800] "GET /xingrg/check_reg.html?_=1621213802086 HTTP/1.1" 200 22
222.69.130.128 - - [17/May/2021:09:01:19 +0800] "POST /xingrg/dwr/call/plaincall/AjaxCheckService.setItemNumber.dwr HTTP/1.1" 200 77
116.235.222.38 - - [17/May/2021:09:01:19 +0800] "POST /xingrg/kc/buy/cgsh_list_operate.html HTTP/1.1" 200 876
222.69.130.128 - - [17/May/2021:09:01:19 +0800] "POST /xingrg/dwr/call/plaincall/AjaxCheckService.setItemNumber.dwr HTTP/1.1" 200 77
116.224.253.72 - - [17/May/2021:09:01:21 +0800] "GET /xingrg/all/function/internal_message.html?_=1621213281868&CODE_STATE=getMsg HTTP/1.1" 200 27
180.161.124.236 - - [17/May/2021:09:01:21 +0800] "GET /xingrg/kc/buy/cgsh_order_operate.html?command=get_materiel&rest_code=00102&code=00101008208&supplier_code=00100008&order_time=2021-05-17 HTTP/1.1" 200 409
222.69.130.128 - - [17/May/2021:09:01:22 +0800] "POST /xingrg/dwr/call/plaincall/AjaxCheckService.setItemNumber.dwr HTTP/1.1" 200 77
222.69.130.128 - - [17/May/2021:09:01:22 +0800] "POST /xingrg/dwr/call/plaincall/AjaxCheckService.setItemNumber.dwr HTTP/1.1" 200 77
222.69.130.128 - - [17/May/2021:09:01:23 +0800] "POST /xingrg/dwr/call/plaincall/AjaxCheckService.setItemNumber.dwr HTTP/1.1" 200 77
61.165.42.208 - - [17/May/2021:09:01:23 +0800] "GET /xingrg/all/function/internal_message.html?_=1621213285248&CODE_STATE=getMsg HTTP/1.1" 200 27
222.69.130.128 - - [17/May/2021:09:01:24 +0800] "POST /xingrg/dwr/call/plaincall/AjaxCheckService.setItemNumber.dwr HTTP/1.1" 200 77
116.235.222.38 - - [17/May/2021:09:01:24 +0800] "GET /xingrg/kc/buy/cgsh_order_add.html HTTP/1.1" 200 62079
222.69.130.128 - - [17/May/2021:09:01:24 +0800] "POST /xingrg/dwr/call/plaincall/AjaxCheckService.setItemNumber.dwr HTTP/1.1" 200 77
116.235.222.38 - - [17/May/2021:09:01:24 +0800] "GET /xingrg/words/20210516143837_words.js HTTP/1.1" 304 -
222.69.130.128 - - [17/May/2021:09:01:25 +0800] "POST /xingrg/dwr/call/plaincall/AjaxCheckService.setItemNumber.dwr HTTP/1.1" 200 77
116.235.222.38 - - [17/May/2021:09:01:25 +0800] "GET /xingrg/all/common/auto_word.html?type=employee&rest_code=00107 HTTP/1.1" 200 101
116.235.222.38 - - [17/May/2021:09:01:25 +0800] "GET /xingrg/all/common/auto_word.html?type=employee&rest_code=00107 HTTP/1.1" 200 101
116.235.222.38 - - [17/May/2021:09:01:25 +0800] "GET /xingrg/javascript/easyui/themes/default/validatebox.css HTTP/1.1" 404 1104
116.235.222.38 - - [17/May/2021:09:01:25 +0800] "POST /xingrg/kc/buy/cgsh_order_operate.html HTTP/1.1" 200 8245
222.69.130.128 - - [17/May/2021:09:01:25 +0800] "POST /xingrg/dwr/call/plaincall/AjaxCheckService.setItemNumber.dwr HTTP/1.1" 200 77
222.69.130.128 - - [17/May/2021:09:01:26 +0800] "POST /xingrg/dwr/call/plaincall/AjaxCheckService.setItemNumber.dwr HTTP/1.1" 200 77
222.69.130.128 - - [17/May/2021:09:01:26 +0800] "POST /xingrg/dwr/call/plaincall/AjaxCheckService.setItemNumber.dwr HTTP/1.1" 200 77
222.69.130.128 - - [17/May/2021:09:01:27 +0800] "POST /xingrg/dwr/call/plaincall/AjaxCheckService.setItemNumber.dwr HTTP/1.1" 200 77
116.235.222.38 - - [17/May/2021:09:01:28 +0800] "GET /xingrg/javascript/easyui/themes/default/tree.css HTTP/1.1" 404 1090
222.69.130.128 - - [17/May/2021:09:01:28 +0800] "POST /xingrg/dwr/call/plaincall/AjaxCheckService.setItemNumber.dwr HTTP/1.1" 200 77
116.235.222.38 - - [17/May/2021:09:01:28 +0800] "POST /xingrg/all/common/load_tree.html?tree=supplier_tree_json&isDelete=1 HTTP/1.1" 200 55318
222.69.130.128 - - [17/May/2021:09:01:29 +0800] "POST /xingrg/dwr/call/plaincall/AjaxCheckService.setItemNumber.dwr HTTP/1.1" 200 77
222.69.130.128 - - [17/May/2021:09:01:29 +0800] "POST /xingrg/dwr/call/plaincall/AjaxCheckService.setItemNumber.dwr HTTP/1.1" 200 77
116.230.110.80 - - [17/May/2021:09:01:29 +0800] "GET /xingrg/all/function/internal_message.html?_=1621213287796&CODE_STATE=getMsg HTTP/1.1" 200 27
222.69.130.128 - - [17/May/2021:09:01:30 +0800] "POST /xingrg/dwr/call/plaincall/AjaxCheckService.setItemNumber.dwr HTTP/1.1" 200 77
222.69.130.128 - - [17/May/2021:09:01:31 +0800] "POST /xingrg/dwr/call/plaincall/AjaxCheckService.setItemNumber.dwr HTTP/1.1" 200 77
180.161.124.236 - - [17/May/2021:09:01:31 +0800] "GET /xingrg/kc/buy/cgsh_order_operate.html?command=get_materiel&rest_code=00102&code=00101008133&supplier_code=00100008&order_time=2021-05-17 HTTP/1.1" 200 408
222.69.130.128 - - [17/May/2021:09:01:31 +0800] "POST /xingrg/dwr/call/plaincall/AjaxCheckService.setItemNumber.dwr HTTP/1.1" 200 77
222.69.130.128 - - [17/May/2021:09:01:32 +0800] "POST /xingrg/dwr/call/plaincall/AjaxCheckService.setItemNumber.dwr HTTP/1.1" 200 77
222.69.130.128 - - [17/May/2021:09:01:32 +0800] "POST /xingrg/dwr/call/plaincall/AjaxCheckService.setItemNumber.dwr HTTP/1.1" 200 77
222.69.130.128 - - [17/May/2021:09:01:33 +0800] "POST /xingrg/dwr/call/plaincall/AjaxCheckService.setItemNumber.dwr HTTP/1.1" 200 77
180.161.124.236 - - [17/May/2021:09:01:33 +0800] "POST /xingrg/kc/buy/cgsh_order_operate.html HTTP/1.1" 200 2065
222.69.130.128 - - [17/May/2021:09:01:33 +0800] "POST /xingrg/dwr/call/plaincall/AjaxCheckService.setItemNumber.dwr HTTP/1.1" 200 77
222.69.130.128 - - [17/May/2021:09:01:34 +0800] "POST /xingrg/dwr/call/plaincall/AjaxCheckService.setItemNumber.dwr HTTP/1.1" 200 77
222.69.130.128 - - [17/May/2021:09:01:35 +0800] "POST /xingrg/dwr/call/plaincall/AjaxCheckService.setItemNumber.dwr HTTP/1.1" 200 77
222.69.130.128 - - [17/May/2021:09:01:35 +0800] "POST /xingrg/dwr/call/plaincall/AjaxCheckService.setItemNumber.dwr HTTP/1.1" 200 77
222.69.130.128 - - [17/May/2021:09:01:36 +0800] "POST /xingrg/dwr/call/plaincall/AjaxCheckService.setItemNumber.dwr HTTP/1.1" 200 77
222.69.130.128 - - [17/May/2021:09:01:37 +0800] "POST /xingrg/dwr/call/plaincall/AjaxCheckService.setItemNumber.dwr HTTP/1.1" 200 77
222.69.130.128 - - [17/May/2021:09:01:37 +0800] "POST /xingrg/dwr/call/plaincall/AjaxCheckService.setItemNumber.dwr HTTP/1.1" 200 77
222.69.130.128 - - [17/May/2021:09:01:38 +0800] "POST /xingrg/dwr/call/plaincall/AjaxCheckService.setItemNumber.dwr HTTP/1.1" 200 77
222.69.130.128 - - [17/May/2021:09:01:39 +0800] "POST /xingrg/dwr/call/plaincall/AjaxCheckService.setItemNumber.dwr HTTP/1.1" 200 77
116.230.114.112 - - [17/May/2021:09:01:39 +0800] "GET /xingrg/all/function/internal_message.html?_=1621213300608&CODE_STATE=getMsg HTTP/1.1" 200 27
180.161.124.236 - - [17/May/2021:09:01:39 +0800] "GET /xingrg/kc/buy/cgsh_order_operate.html?command=get_materiel&rest_code=00102&code=00101015065&supplier_code=00100008&order_time=2021-05-17 HTTP/1.1" 200 413
222.69.130.128 - - [17/May/2021:09:01:39 +0800] "POST /xingrg/dwr/call/plaincall/AjaxCheckService.setItemNumber.dwr HTTP/1.1" 200 77
222.69.130.128 - - [17/May/2021:09:01:42 +0800] "POST /xingrg/dwr/call/plaincall/AjaxCheckService.setItemNumber.dwr HTTP/1.1" 200 77
222.69.130.128 - - [17/May/2021:09:01:44 +0800] "POST /xingrg/dwr/call/plaincall/AjaxCheckService.setItemNumber.dwr HTTP/1.1" 200 77
58.37.225.51 - - [17/May/2021:09:01:44 +0800] "GET /xingrg/all/function/internal_message.html?_=1621213308789&CODE_STATE=getMsg HTTP/1.1" 200 27
58.37.225.51 - - [17/May/2021:09:01:44 +0800] "GET /xingrg/check_reg.html?_=1621213308790 HTTP/1.1" 200 22
222.69.130.128 - - [17/May/2021:09:01:45 +0800] "POST /xingrg/dwr/call/plaincall/AjaxCheckService.setItemNumber.dwr HTTP/1.1" 200 77
222.69.130.128 - - [17/May/2021:09:01:46 +0800] "POST /xingrg/dwr/call/plaincall/AjaxCheckService.setItemNumber.dwr HTTP/1.1" 200 77
222.69.130.128 - - [17/May/2021:09:01:47 +0800] "POST /xingrg/dwr/call/plaincall/AjaxCheckService.setItemNumber.dwr HTTP/1.1" 200 77
116.224.253.72 - - [17/May/2021:09:01:47 +0800] "GET /xingrg/all/function/internal_message.html?_=1621213290912&CODE_STATE=getMsg HTTP/1.1" 200 27
222.69.130.128 - - [17/May/2021:09:01:47 +0800] "POST /xingrg/dwr/call/plaincall/AjaxCheckService.setItemNumber.dwr HTTP/1.1" 200 77
222.69.130.128 - - [17/May/2021:09:01:48 +0800] "POST /xingrg/dwr/call/plaincall/AjaxCheckService.setItemNumber.dwr HTTP/1.1" 200 77
116.235.222.38 - - [17/May/2021:09:01:49 +0800] "GET /xingrg/javascript/auto/indicator.gif HTTP/1.1" 404 1066
222.69.130.128 - - [17/May/2021:09:01:49 +0800] "POST /xingrg/dwr/call/plaincall/AjaxCheckService.setItemNumber.dwr HTTP/1.1" 200 77
222.69.130.128 - - [17/May/2021:09:01:49 +0800] "POST /xingrg/dwr/call/plaincall/AjaxCheckService.setItemNumber.dwr HTTP/1.1" 200 77
180.161.124.236 - - [17/May/2021:09:01:49 +0800] "GET /xingrg/kc/buy/cgsh_order_operate.html?command=get_materiel&rest_code=00102&code=00101015066&supplier_code=00100008&order_time=2021-05-17 HTTP/1.1" 200 413
222.69.130.128 - - [17/May/2021:09:01:50 +0800] "GET /xingrg/all/function/internal_message.html?_=1621213308357&CODE_STATE=getMsg HTTP/1.1" 200 27
222.69.130.128 - - [17/May/2021:09:01:50 +0800] "POST /xingrg/dwr/call/plaincall/AjaxCheckService.setItemNumber.dwr HTTP/1.1" 200 77
222.69.130.128 - - [17/May/2021:09:01:51 +0800] "POST /xingrg/dwr/call/plaincall/AjaxCheckService.setItemNumber.dwr HTTP/1.1" 200 77
222.69.130.128 - - [17/May/2021:09:01:53 +0800] "POST /xingrg/dwr/call/plaincall/AjaxCheckService.setItemNumber.dwr HTTP/1.1" 200 77
222.69.130.128 - - [17/May/2021:09:01:54 +0800] "POST /xingrg/dwr/call/plaincall/AjaxCheckService.setItemNumber.dwr HTTP/1.1" 200 77
61.165.42.208 - - [17/May/2021:09:01:54 +0800] "GET /xingrg/all/function/internal_message.html?_=1621213296625&CODE_STATE=getMsg HTTP/1.1" 200 27
222.69.130.128 - - [17/May/2021:09:01:54 +0800] "POST /xingrg/dwr/call/plaincall/AjaxCheckService.setItemNumber.dwr HTTP/1.1" 200 77
222.69.130.128 - - [17/May/2021:09:01:56 +0800] "POST /xingrg/dwr/call/plaincall/AjaxCheckService.setItemNumber.dwr HTTP/1.1" 200 77
117.185.32.26 - - [17/May/2021:09:01:57 +0800] "GET /xingrg/all/function/internal_message.html?_=1621213840398&CODE_STATE=getMsg HTTP/1.1" 200 27
120.253.135.82 - - [17/May/2021:09:01:57 +0800] "GET /xingrg/all/function/internal_message.html?_=1621213373599&CODE_STATE=getMsg HTTP/1.1" 200 27
180.161.124.236 - - [17/May/2021:09:01:58 +0800] "POST /xingrg/kc/buy/cgsh_order_operate.html HTTP/1.1" 200 37
120.253.135.82 - - [17/May/2021:09:01:59 +0800] "GET /xingrg/check_reg.html?_=1621213442044 HTTP/1.1" 200 22
116.235.222.38 - - [17/May/2021:09:01:59 +0800] "GET /xingrg/kc/buy/cgsh_order_operate.html?command=get_materiel&rest_code=00107&code=00101007075&supplier_code=00100002&order_time=2021-05-17 HTTP/1.1" 200 428
120.253.135.82 - - [17/May/2021:09:02:00 +0800] "GET /xingrg/all/function/internal_message.html?_=1621213442748&CODE_STATE=getMsg HTTP/1.1" 200 27
180.161.124.236 - - [17/May/2021:09:02:00 +0800] "POST /xingrg/kc/buy/cgsh_order_operate.html HTTP/1.1" 200 23315
101.93.222.235 - - [17/May/2021:09:02:02 +0800] "POST /xingrg/services/DataTransmitService HTTP/1.1" 200 524
116.235.222.38 - - [17/May/2021:09:02:02 +0800] "GET /xingrg/all/function/internal_message.html?_=1621213322372&CODE_STATE=getMsg HTTP/1.1" 200 27
101.93.222.235 - - [17/May/2021:09:02:04 +0800] "POST /xingrg/services/DataTransmitService HTTP/1.1" 200 501
101.93.222.235 - - [17/May/2021:09:02:04 +0800] "POST /xingrg/services/DataTransmitService HTTP/1.1" 200 501
101.93.222.235 - - [17/May/2021:09:02:05 +0800] "POST /xingrg/services/DataTransmitService HTTP/1.1" 200 501
101.93.222.235 - - [17/May/2021:09:02:05 +0800] "POST /xingrg/services/DataTransmitService HTTP/1.1" 200 501
101.93.222.235 - - [17/May/2021:09:02:05 +0800] "POST /xingrg/services/DataTransmitService HTTP/1.1" 200 501
101.93.222.235 - - [17/May/2021:09:02:06 +0800] "POST /xingrg/services/DataTransmitService HTTP/1.1" 200 501
101.93.222.235 - - [17/May/2021:09:02:06 +0800] "POST /xingrg/services/DataTransmitService HTTP/1.1" 200 501
101.93.222.235 - - [17/May/2021:09:02:06 +0800] "POST /xingrg/services/DataTransmitService HTTP/1.1" 200 501
101.93.222.235 - - [17/May/2021:09:02:06 +0800] "POST /xingrg/services/DataTransmitService HTTP/1.1" 200 501
101.93.222.235 - - [17/May/2021:09:02:06 +0800] "POST /xingrg/services/DataTransmitService HTTP/1.1" 200 501
101.93.222.235 - - [17/May/2021:09:02:07 +0800] "POST /xingrg/services/DataTransmitService HTTP/1.1" 200 412
116.235.222.38 - - [17/May/2021:09:02:14 +0800] "GET /xingrg/kc/buy/cgsh_order_operate.html?command=get_materiel&rest_code=00107&code=00101007052&supplier_code=00100002&order_time=2021-05-17 HTTP/1.1" 200 409
116.224.253.72 - - [17/May/2021:09:02:14 +0800] "GET /xingrg/css/site.css HTTP/1.1" 304 -
116.224.253.72 - - [17/May/2021:09:02:14 +0800] "GET /xingrg/css/base.css HTTP/1.1" 304 -
116.224.253.72 - - [17/May/2021:09:02:14 +0800] "GET /xingrg/javascript/jquery_tools/datebox.css HTTP/1.1" 304 -
116.224.253.72 - - [17/May/2021:09:02:14 +0800] "GET /xingrg/javascript/easyui/themes/icon.css HTTP/1.1" 304 -
116.224.253.72 - - [17/May/2021:09:02:14 +0800] "GET /xingrg/javascript/easyui/themes/default/easyui.css HTTP/1.1" 304 -
116.224.253.72 - - [17/May/2021:09:02:14 +0800] "GET /xingrg/javascript/jquery_tools/fix.css HTTP/1.1" 304 -
116.224.253.72 - - [17/May/2021:09:02:14 +0800] "GET /xingrg/javascript/jquery_tools/table.css HTTP/1.1" 304 -
116.224.253.72 - - [17/May/2021:09:02:14 +0800] "GET /xingrg/javascript/pic_change.js HTTP/1.1" 304 -
116.224.253.72 - - [17/May/2021:09:02:14 +0800] "GET /xingrg/javascript/jquery_tools/jquery.tools.min.js HTTP/1.1" 304 -
116.224.253.72 - - [17/May/2021:09:02:14 +0800] "GET /xingrg/javascript/jquery_tools/jquery.tools.extend.js HTTP/1.1" 304 -
116.224.253.72 - - [17/May/2021:09:02:14 +0800] "GET /xingrg/javascript/jquery_tools/jquery.tools.hotkey.js HTTP/1.1" 304 -
116.224.253.72 - - [17/May/2021:09:02:14 +0800] "GET /xingrg/javascript/jquery_tools/jquery.tools.table.js HTTP/1.1" 304 -
116.224.253.72 - - [17/May/2021:09:02:14 +0800] "GET /xingrg/javascript/auto/jquery.autocomplete.js HTTP/1.1" 304 -
116.224.253.72 - - [17/May/2021:09:02:14 +0800] "GET /xingrg/javascript/jquery.utils.js HTTP/1.1" 304 -
116.224.253.72 - - [17/May/2021:09:02:14 +0800] "GET /xingrg/javascript/easyui/easyloader.js HTTP/1.1" 304 -
116.224.253.72 - - [17/May/2021:09:02:14 +0800] "GET /xingrg/kc/buy/cgsh_order_add.html HTTP/1.1" 200 61927
116.224.253.72 - - [17/May/2021:09:02:14 +0800] "GET /xingrg/javascript/jquery_tools/order_manager.js HTTP/1.1" 304 -
116.224.253.72 - - [17/May/2021:09:02:14 +0800] "GET /xingrg/javascript/convert.js HTTP/1.1" 304 -
116.224.253.72 - - [17/May/2021:09:02:14 +0800] "GET /xingrg/javascript/json2.js HTTP/1.1" 304 -
116.224.253.72 - - [17/May/2021:09:02:14 +0800] "GET /xingrg/javascript/jquery.cookie.js HTTP/1.1" 304 -
116.224.253.72 - - [17/May/2021:09:02:14 +0800] "GET /xingrg/javascript/auto/jquery.autocomplete.css HTTP/1.1" 304 -
116.224.253.72 - - [17/May/2021:09:02:14 +0800] "GET /xingrg/javascript/print/kc_print.js HTTP/1.1" 304 -
116.224.253.72 - - [17/May/2021:09:02:14 +0800] "GET /xingrg/javascript/print/LodopFuncs.js HTTP/1.1" 304 -
116.224.253.72 - - [17/May/2021:09:02:14 +0800] "GET /xingrg/words/20210516143837_words.js HTTP/1.1" 200 814358
116.224.253.72 - - [17/May/2021:09:02:14 +0800] "GET /xingrg/javascript/easyui/plugins/jquery.parser.js HTTP/1.1" 304 -
116.224.253.72 - - [17/May/2021:09:02:14 +0800] "POST /xingrg/kc/buy/cgsh_order_operate.html HTTP/1.1" 200 8245
116.224.253.72 - - [17/May/2021:09:02:15 +0800] "GET /xingrg/all/common/auto_word.html?type=employee&rest_code=00150 HTTP/1.1" 200 205
116.224.253.72 - - [17/May/2021:09:02:15 +0800] "GET /xingrg/all/common/auto_word.html?type=employee&rest_code=00150 HTTP/1.1" 200 205
116.224.253.72 - - [17/May/2021:09:02:15 +0800] "GET /xingrg/javascript/easyui/themes/default/validatebox.css HTTP/1.1" 404 1104
116.224.253.72 - - [17/May/2021:09:02:15 +0800] "GET /xingrg/javascript/easyui/plugins/jquery.validatebox.js HTTP/1.1" 304 -
116.224.253.72 - - [17/May/2021:09:02:15 +0800] "GET /xingrg/javascript/easyui/plugins/jquery.numberbox.js HTTP/1.1" 304 -
117.131.5.26 - - [17/May/2021:09:02:17 +0800] "GET /xingrg/all/function/internal_message.html?_=1621213426452&CODE_STATE=getMsg HTTP/1.1" 200 27
180.161.124.236 - - [17/May/2021:09:02:19 +0800] "POST /xingrg/kc/buy/cgsh_order_operate.html HTTP/1.1" 200 37
180.161.124.236 - - [17/May/2021:09:02:21 +0800] "POST /xingrg/kc/buy/cgsh_order_operate.html HTTP/1.1" 200 23315
116.224.253.72 - - [17/May/2021:09:02:21 +0800] "GET /xingrg/all/function/internal_message.html?_=1621213341871&CODE_STATE=getMsg HTTP/1.1" 200 27
61.165.42.208 - - [17/May/2021:09:02:23 +0800] "GET /xingrg/all/function/internal_message.html?_=1621213345311&CODE_STATE=getMsg HTTP/1.1" 200 27
116.224.253.72 - - [17/May/2021:09:02:25 +0800] "GET /xingrg/kc/buy/cgsh_order_operate.html?command=get_materiel&rest_code=00150&code=00101011001&supplier_code=00100047&order_time=2021-05-17 HTTP/1.1" 200 423
116.230.110.80 - - [17/May/2021:09:02:29 +0800] "GET /xingrg/all/function/internal_message.html?_=1621213347798&CODE_STATE=getMsg HTTP/1.1" 200 27
180.161.124.236 - - [17/May/2021:09:02:30 +0800] "GET /xingrg/kc/buy/cgsh_order_add.html HTTP/1.1" 200 61950
180.161.124.236 - - [17/May/2021:09:02:32 +0800] "POST /xingrg/kc/buy/cgsh_order_operate.html HTTP/1.1" 200 8245
180.161.124.236 - - [17/May/2021:09:02:32 +0800] "GET /xingrg/javascript/easyui/themes/default/validatebox.css HTTP/1.1" 404 1104
180.161.124.236 - - [17/May/2021:09:02:34 +0800] "GET /xingrg/javascript/easyui/themes/default/tree.css HTTP/1.1" 404 1090
180.161.124.236 - - [17/May/2021:09:02:34 +0800] "POST /xingrg/all/common/load_tree.html?tree=supplier_tree_json&isDelete=1 HTTP/1.1" 200 55318
116.224.253.72 - - [17/May/2021:09:02:36 +0800] "POST /xingrg/kc/buy/cgsh_order_operate.html HTTP/1.1" 200 37
116.235.222.38 - - [17/May/2021:09:02:39 +0800] "GET /xingrg/kc/buy/cgsh_order_operate.html?command=get_materiel&rest_code=00107&code=00101007104&supplier_code=00100002&order_time=2021-05-17 HTTP/1.1" 200 408
116.224.253.72 - - [17/May/2021:09:02:39 +0800] "POST /xingrg/kc/buy/cgsh_order_operate.html HTTP/1.1" 200 12
116.230.114.112 - - [17/May/2021:09:02:39 +0800] "GET /xingrg/all/function/internal_message.html?_=1621213360634&CODE_STATE=getMsg HTTP/1.1" 200 27
116.224.253.72 - - [17/May/2021:09:02:40 +0800] "GET /xingrg/kc/buy/cgsh_order_info.html?code=212021051707364 HTTP/1.1" 200 56833
116.224.253.72 - - [17/May/2021:09:02:41 +0800] "GET /xingrg/javascript/easyui/themes/default/validatebox.css HTTP/1.1" 404 1104
116.224.253.72 - - [17/May/2021:09:02:41 +0800] "POST /xingrg/kc/buy/cgsh_order_operate.html HTTP/1.1" 200 616
116.224.253.72 - - [17/May/2021:09:02:44 +0800] "GET /xingrg/kc/print/load_config.html?kc_code=cgsh HTTP/1.1" 200 1845
61.151.207.205 - - [17/May/2021:09:02:44 +0800] "GET /xingrg/check_reg.html?_=1621213308790 HTTP/1.1" 302 -
116.224.253.72 - - [17/May/2021:09:02:44 +0800] "GET /xingrg/kc/print/load_data.html?order_code=212021051707364&kc_code=cgsh&condition= HTTP/1.1" 200 783
58.37.225.51 - - [17/May/2021:09:02:44 +0800] "GET /xingrg/all/function/internal_message.html?_=1621213368789&CODE_STATE=getMsg HTTP/1.1" 200 27
101.91.62.89 - - [17/May/2021:09:02:45 +0800] "GET /xingrg/all/function/internal_message.html?_=1621213308789&CODE_STATE=getMsg HTTP/1.1" 302 -
61.151.207.205 - - [17/May/2021:09:02:45 +0800] "GET /xingrg/login.html HTTP/1.1" 200 7641
116.224.253.72 - - [17/May/2021:09:02:47 +0800] "GET /xingrg/all/function/internal_message.html?_=1621213351081&CODE_STATE=getMsg HTTP/1.1" 200 27
101.91.62.89 - - [17/May/2021:09:02:47 +0800] "GET /xingrg/login.html HTTP/1.1" 200 7641
116.235.222.38 - - [17/May/2021:09:02:48 +0800] "GET /xingrg/kc/buy/cgsh_order_operate.html?command=get_materiel&rest_code=00107&code=00101007045&supplier_code=00100002&order_time=2021-05-17 HTTP/1.1" 200 409
222.69.130.128 - - [17/May/2021:09:02:49 +0800] "GET /xingrg/check_reg.html?_=1621213368070 HTTP/1.1" 200 22
222.69.130.128 - - [17/May/2021:09:02:50 +0800] "GET /xingrg/all/function/internal_message.html?_=1621213368345&CODE_STATE=getMsg HTTP/1.1" 200 27
116.224.253.72 - - [17/May/2021:09:02:50 +0800] "GET /xingrg/kc/buy/cgsh_order_add.html HTTP/1.1" 200 61927
116.224.253.72 - - [17/May/2021:09:02:50 +0800] "POST /xingrg/kc/buy/cgsh_order_operate.html HTTP/1.1" 200 8245
116.224.253.72 - - [17/May/2021:09:02:50 +0800] "GET /xingrg/javascript/easyui/themes/default/validatebox.css HTTP/1.1" 404 1104
61.165.42.208 - - [17/May/2021:09:02:52 +0800] "GET /xingrg/javascript/jquery_easy_ui/themes/default/images/tabs_active.png HTTP/1.1" 304 -
61.165.42.208 - - [17/May/2021:09:02:54 +0800] "GET /xingrg/all/function/internal_message.html?_=1621213356629&CODE_STATE=getMsg HTTP/1.1" 200 27
180.161.124.236 - - [17/May/2021:09:02:54 +0800] "GET /xingrg/kc/buy/cgsh_order_operate.html?command=get_materiel&rest_code=00102&code=00101008126&supplier_code=00100008&order_time=2021-05-17 HTTP/1.1" 200 414
116.235.222.38 - - [17/May/2021:09:02:56 +0800] "POST /xingrg/kc/buy/cgsh_order_operate.html HTTP/1.1" 200 37
117.185.32.26 - - [17/May/2021:09:02:57 +0800] "GET /xingrg/all/function/internal_message.html?_=1621213900394&CODE_STATE=getMsg HTTP/1.1" 200 27
120.253.135.82 - - [17/May/2021:09:02:57 +0800] "GET /xingrg/all/function/internal_message.html?_=1621213433658&CODE_STATE=getMsg HTTP/1.1" 200 27
116.235.222.38 - - [17/May/2021:09:02:57 +0800] "POST /xingrg/kc/buy/cgsh_order_operate.html HTTP/1.1" 200 4410
116.235.222.38 - - [17/May/2021:09:02:59 +0800] "GET /xingrg/kc/print/load_config.html?kc_code=cgsh HTTP/1.1" 200 1845
116.235.222.38 - - [17/May/2021:09:03:00 +0800] "GET /xingrg/kc/print/load_data.html?order_code=212021051707365&kc_code=cgsh&condition= HTTP/1.1" 200 1385
120.253.135.82 - - [17/May/2021:09:03:00 +0800] "GET /xingrg/all/function/internal_message.html?_=1621213502763&CODE_STATE=getMsg HTTP/1.1" 200 27
180.161.124.236 - - [17/May/2021:09:03:03 +0800] "GET /xingrg/kc/buy/cgsh_order_operate.html?command=get_materiel&rest_code=00102&code=00101008087&supplier_code=00100008&order_time=2021-05-17 HTTP/1.1" 200 412
116.235.222.38 - - [17/May/2021:09:03:05 +0800] "GET /xingrg/all/function/internal_message.html?_=1621213385109&CODE_STATE=getMsg HTTP/1.1" 200 27
180.161.124.236 - - [17/May/2021:09:03:10 +0800] "GET /xingrg/kc/buy/cgsh_order_operate.html?command=get_materiel&rest_code=00102&code=00101008137&supplier_code=00100008&order_time=2021-05-17 HTTP/1.1" 200 408
116.235.222.38 - - [17/May/2021:09:03:13 +0800] "GET /xingrg/kc/buy/cgsh_order_add.html HTTP/1.1" 200 62079
116.235.222.38 - - [17/May/2021:09:03:14 +0800] "GET /xingrg/javascript/easyui/themes/default/validatebox.css HTTP/1.1" 404 1104
116.235.222.38 - - [17/May/2021:09:03:14 +0800] "POST /xingrg/kc/buy/cgsh_order_operate.html HTTP/1.1" 200 8245
117.131.5.26 - - [17/May/2021:09:03:17 +0800] "GET /xingrg/all/function/internal_message.html?_=1621213486467&CODE_STATE=getMsg HTTP/1.1" 200 27
180.161.124.236 - - [17/May/2021:09:03:18 +0800] "GET /xingrg/kc/buy/cgsh_order_operate.html?command=get_materiel&rest_code=00102&code=00101008270&supplier_code=00100008&order_time=2021-05-17 HTTP/1.1" 200 412
180.161.124.236 - - [17/May/2021:09:03:19 +0800] "GET /xingrg/check_reg.html?_=1621213358180 HTTP/1.1" 200 22
116.224.253.72 - - [17/May/2021:09:03:21 +0800] "GET /xingrg/check_reg.html?_=1621213401869 HTTP/1.1" 200 22
116.224.253.72 - - [17/May/2021:09:03:21 +0800] "GET /xingrg/all/function/internal_message.html?_=1621213401895&CODE_STATE=getMsg HTTP/1.1" 200 27
61.165.42.208 - - [17/May/2021:09:03:23 +0800] "GET /xingrg/all/function/internal_message.html?_=1621213405201&CODE_STATE=getMsg HTTP/1.1" 200 27
116.235.222.38 - - [17/May/2021:09:03:23 +0800] "GET /xingrg/javascript/easyui/themes/default/tree.css HTTP/1.1" 404 1090
116.235.222.38 - - [17/May/2021:09:03:23 +0800] "POST /xingrg/all/common/load_tree.html?tree=supplier_tree_json&isDelete=1 HTTP/1.1" 200 55318
116.230.110.80 - - [17/May/2021:09:03:29 +0800] "GET /xingrg/check_reg.html?_=1621213407779 HTTP/1.1" 200 22
116.230.110.80 - - [17/May/2021:09:03:29 +0800] "GET /xingrg/all/function/internal_message.html?_=1621213407783&CODE_STATE=getMsg HTTP/1.1" 200 27
116.230.114.112 - - [17/May/2021:09:03:39 +0800] "GET /xingrg/all/function/internal_message.html?_=1621213420637&CODE_STATE=getMsg HTTP/1.1" 200 27
58.37.225.51 - - [17/May/2021:09:03:44 +0800] "GET /xingrg/all/function/internal_message.html?_=1621213428788&CODE_STATE=getMsg HTTP/1.1" 200 27
116.224.253.72 - - [17/May/2021:09:03:47 +0800] "GET /xingrg/all/function/internal_message.html?_=1621213411133&CODE_STATE=getMsg HTTP/1.1" 200 27
222.69.130.128 - - [17/May/2021:09:03:50 +0800] "GET /xingrg/all/function/internal_message.html?_=1621213428317&CODE_STATE=getMsg HTTP/1.1" 200 27
120.253.135.82 - - [17/May/2021:09:03:50 +0800] "GET /xingrg/check_reg.html?_=1621213486281 HTTP/1.1" 200 22
61.165.42.208 - - [17/May/2021:09:03:54 +0800] "GET /xingrg/check_reg.html?_=1621213416623 HTTP/1.1" 200 22
61.165.42.208 - - [17/May/2021:09:03:54 +0800] "GET /xingrg/all/function/internal_message.html?_=1621213416624&CODE_STATE=getMsg HTTP/1.1" 200 27
180.161.124.236 - - [17/May/2021:09:03:54 +0800] "GET /xingrg/kc/buy/cgsh_order_operate.html?command=get_materiel&rest_code=00102&code=00101008175&supplier_code=00100008&order_time=2021-05-17 HTTP/1.1" 200 412
117.185.32.26 - - [17/May/2021:09:03:57 +0800] "GET /xingrg/all/function/internal_message.html?_=1621213960367&CODE_STATE=getMsg HTTP/1.1" 200 27
120.253.135.82 - - [17/May/2021:09:03:57 +0800] "GET /xingrg/all/function/internal_message.html?_=1621213493672&CODE_STATE=getMsg HTTP/1.1" 200 27
120.253.135.82 - - [17/May/2021:09:04:00 +0800] "GET /xingrg/all/function/internal_message.html?_=1621213562776&CODE_STATE=getMsg HTTP/1.1" 200 27
116.235.222.38 - - [17/May/2021:09:04:00 +0800] "GET /xingrg/kc/buy/cgsh_order_operate.html?command=get_materiel&rest_code=00107&code=00101006113&supplier_code=00100010&order_time=2021-05-17 HTTP/1.1" 200 413
116.235.222.38 - - [17/May/2021:09:04:05 +0800] "GET /xingrg/all/function/internal_message.html?_=1621213445143&CODE_STATE=getMsg HTTP/1.1" 200 27
180.169.147.146 - - [17/May/2021:09:04:06 +0800] "GET /xingrg/check_reg.html?_=1621213445043 HTTP/1.1" 200 22
116.224.253.72 - - [17/May/2021:09:04:16 +0800] "GET /xingrg/kc/buy/cgsh_order_operate.html?command=get_materiel&rest_code=00150&code=00101008248&supplier_code=00100007&order_time=2021-05-17 HTTP/1.1" 200 412
117.131.5.26 - - [17/May/2021:09:04:17 +0800] "GET /xingrg/all/function/internal_message.html?_=1621213546464&CODE_STATE=getMsg HTTP/1.1" 200 27
180.161.124.236 - - [17/May/2021:09:04:19 +0800] "GET /xingrg/kc/buy/cgsh_order_operate.html?command=get_materiel&rest_code=00102&code=00101008223&supplier_code=00100008&order_time=2021-05-17 HTTP/1.1" 200 412
116.224.253.72 - - [17/May/2021:09:04:21 +0800] "GET /xingrg/all/function/internal_message.html?_=1621213461890&CODE_STATE=getMsg HTTP/1.1" 200 27
116.235.222.38 - - [17/May/2021:09:04:23 +0800] "GET /xingrg/kc/buy/cgsh_order_operate.html?command=get_materiel&rest_code=00107&code=00101006109&supplier_code=00100010&order_time=2021-05-17 HTTP/1.1" 200 409
61.165.42.208 - - [17/May/2021:09:04:25 +0800] "POST /xingrg/kc/buy/cgsh_order_operate.html HTTP/1.1" 200 37
116.224.253.72 - - [17/May/2021:09:04:26 +0800] "GET /xingrg/kc/buy/cgsh_order_operate.html?command=get_materiel&rest_code=00150&code=00101012051&supplier_code=00100007&order_time=2021-05-17 HTTP/1.1" 200 427
116.230.110.80 - - [17/May/2021:09:04:29 +0800] "GET /xingrg/all/function/internal_message.html?_=1621213467780&CODE_STATE=getMsg HTTP/1.1" 200 27
61.165.42.208 - - [17/May/2021:09:04:30 +0800] "POST /xingrg/kc/buy/cgsh_order_operate.html HTTP/1.1" 200 20409
116.224.253.72 - - [17/May/2021:09:04:36 +0800] "GET /xingrg/kc/buy/cgsh_order_operate.html?command=get_materiel&rest_code=00150&code=00101008125&supplier_code=00100007&order_time=2021-05-17 HTTP/1.1" 200 413
180.161.124.236 - - [17/May/2021:09:04:37 +0800] "GET /xingrg/kc/buy/cgsh_order_operate.html?command=get_materiel&rest_code=00102&code=00101008041&supplier_code=00100008&order_time=2021-05-17 HTTP/1.1" 200 408
116.235.222.38 - - [17/May/2021:09:04:38 +0800] "GET /xingrg/kc/buy/cgsh_order_operate.html?command=get_materiel&rest_code=00107&code=00101006065&supplier_code=00100010&order_time=2021-05-17 HTTP/1.1" 200 409
116.230.114.112 - - [17/May/2021:09:04:39 +0800] "GET /xingrg/all/function/internal_message.html?_=1621213480658&CODE_STATE=getMsg HTTP/1.1" 200 27
58.37.225.51 - - [17/May/2021:09:04:44 +0800] "GET /xingrg/all/function/internal_message.html?_=1621213488787&CODE_STATE=getMsg HTTP/1.1" 200 27
180.161.124.236 - - [17/May/2021:09:04:45 +0800] "POST /xingrg/kc/buy/cgsh_order_operate.html HTTP/1.1" 200 37
116.224.253.72 - - [17/May/2021:09:04:46 +0800] "GET /xingrg/kc/buy/cgsh_order_operate.html?command=get_materiel&rest_code=00150&code=00101008156&supplier_code=00100007&order_time=2021-05-17 HTTP/1.1" 200 414
180.161.124.236 - - [17/May/2021:09:04:47 +0800] "POST /xingrg/kc/buy/cgsh_order_operate.html HTTP/1.1" 200 7979
180.169.147.146 - - [17/May/2021:09:04:47 +0800] "GET /favicon.ico HTTP/1.1" 404 -
116.224.253.72 - - [17/May/2021:09:04:47 +0800] "GET /xingrg/all/function/internal_message.html?_=1621213471139&CODE_STATE=getMsg HTTP/1.1" 200 27
116.235.222.38 - - [17/May/2021:09:04:48 +0800] "GET /xingrg/kc/buy/cgsh_order_operate.html?command=get_materiel&rest_code=00107&code=00101006112&supplier_code=00100010&order_time=2021-05-17 HTTP/1.1" 200 409
222.69.130.128 - - [17/May/2021:09:04:49 +0800] "POST /xingrg/dwr/call/plaincall/AjaxCheckService.setItemNumber.dwr HTTP/1.1" 200 77
222.69.130.128 - - [17/May/2021:09:04:50 +0800] "GET /xingrg/all/function/internal_message.html?_=1621213488484&CODE_STATE=getMsg HTTP/1.1" 200 27
222.69.130.128 - - [17/May/2021:09:04:50 +0800] "POST /xingrg/dwr/call/plaincall/AjaxCheckService.setItemNumber.dwr HTTP/1.1" 200 77
222.69.130.128 - - [17/May/2021:09:04:50 +0800] "POST /xingrg/dwr/call/plaincall/AjaxCheckService.setItemNumber.dwr HTTP/1.1" 200 77
222.69.130.128 - - [17/May/2021:09:04:51 +0800] "POST /xingrg/dwr/call/plaincall/AjaxCheckService.setItemNumber.dwr HTTP/1.1" 200 78
222.69.130.128 - - [17/May/2021:09:04:51 +0800] "POST /xingrg/dwr/call/plaincall/AjaxCheckService.setItemNumber.dwr HTTP/1.1" 200 78
222.69.130.128 - - [17/May/2021:09:04:52 +0800] "POST /xingrg/dwr/call/plaincall/AjaxCheckService.setItemNumber.dwr HTTP/1.1" 200 78
222.69.130.128 - - [17/May/2021:09:04:52 +0800] "POST /xingrg/dwr/call/plaincall/AjaxCheckService.setItemNumber.dwr HTTP/1.1" 200 78
