117.185.32.26 - - [17/May/2021:06:39:59 +0800] "GET /xingrg/all/function/internal_message.html?_=1621205322278&CODE_STATE=getMsg HTTP/1.1" 200 27
120.253.135.82 - - [17/May/2021:06:40:00 +0800] "POST /xingrg/kc/pszx/mdps_order_operate.html HTTP/1.1" 200 37
116.224.253.72 - - [17/May/2021:06:40:01 +0800] "GET /xingrg/check_reg.html?_=1621204784590 HTTP/1.1" 200 22
120.253.135.82 - - [17/May/2021:06:40:01 +0800] "GET /xingrg/kc/pszx/mdps_order_info.html?code=312021051700452 HTTP/1.1" 200 23931
120.253.135.82 - - [17/May/2021:06:40:01 +0800] "GET /xingrg/javascript/easyui/themes/default/validatebox.css HTTP/1.1" 404 1104
120.253.135.82 - - [17/May/2021:06:40:01 +0800] "POST /xingrg/kc/pszx/mdps_order_operate.html HTTP/1.1" 200 4247
120.253.135.82 - - [17/May/2021:06:40:12 +0800] "GET /xingrg/all/function/internal_message.html?_=1621204593933&CODE_STATE=getMsg HTTP/1.1" 200 27
120.253.135.82 - - [17/May/2021:06:40:19 +0800] "GET /xingrg/kc/pszx/mdps_order_operate.html?command=get_materiel&pszx_code=00101&rest_code=00149&base_code=0010246&code=00101013067 HTTP/1.1" 200 437
116.230.114.112 - - [17/May/2021:06:40:21 +0800] "GET /xingrg/all/function/internal_message.html?_=1621204821953&CODE_STATE=getMsg HTTP/1.1" 302 -
116.230.114.112 - - [17/May/2021:06:40:24 +0800] "GET /xingrg/check_reg.html?_=1621204824860 HTTP/1.1" 200 22
116.224.253.72 - - [17/May/2021:06:40:31 +0800] "GET /xingrg/all/function/internal_message.html?_=1621204832101&CODE_STATE=getMsg HTTP/1.1" 200 27
120.253.135.82 - - [17/May/2021:06:40:31 +0800] "POST /xingrg/kc/pszx/mdps_order_operate.html HTTP/1.1" 200 37
120.253.135.82 - - [17/May/2021:06:40:32 +0800] "GET /xingrg/kc/pszx/mdps_order_info.html?code=312021051700452 HTTP/1.1" 200 23931
120.253.135.82 - - [17/May/2021:06:40:33 +0800] "POST /xingrg/kc/pszx/mdps_order_operate.html HTTP/1.1" 200 4235
120.253.135.82 - - [17/May/2021:06:40:33 +0800] "GET /xingrg/javascript/easyui/themes/default/validatebox.css HTTP/1.1" 404 1104
116.230.114.112 - - [17/May/2021:06:40:36 +0800] "GET /xingrg/all/function/internal_message.html?_=1621204837554&CODE_STATE=getMsg HTTP/1.1" 200 27
116.224.253.72 - - [17/May/2021:06:40:43 +0800] "GET /xingrg/all/function/internal_message.html?_=1621204827467&CODE_STATE=getMsg HTTP/1.1" 200 27
58.37.225.51 - - [17/May/2021:06:40:44 +0800] "GET /xingrg/all/function/internal_message.html?_=1621204848445&CODE_STATE=getMsg HTTP/1.1" 200 27
120.253.135.82 - - [17/May/2021:06:40:52 +0800] "GET /xingrg/all/function/internal_message.html?_=1621204908953&CODE_STATE=getMsg HTTP/1.1" 200 27
117.185.32.26 - - [17/May/2021:06:40:59 +0800] "GET /xingrg/all/function/internal_message.html?_=1621205382263&CODE_STATE=getMsg HTTP/1.1" 200 27
120.253.135.82 - - [17/May/2021:06:41:09 +0800] "GET /xingrg/check_reg.html?_=1621204650736 HTTP/1.1" 200 22
120.253.135.82 - - [17/May/2021:06:41:12 +0800] "GET /xingrg/all/function/internal_message.html?_=1621204653947&CODE_STATE=getMsg HTTP/1.1" 200 27
117.185.32.26 - - [17/May/2021:06:41:18 +0800] "GET /xingrg/check_reg.html?_=1621205401473 HTTP/1.1" 200 22
116.230.114.112 - - [17/May/2021:06:41:21 +0800] "GET /xingrg/all/function/internal_message.html?_=1621204881973&CODE_STATE=getMsg HTTP/1.1" 302 -
120.253.135.82 - - [17/May/2021:06:41:29 +0800] "POST /xingrg/kc/pszx/mdps_order_operate.html HTTP/1.1" 200 37
120.253.135.82 - - [17/May/2021:06:41:30 +0800] "GET /xingrg/kc/pszx/mdps_order_info.html?code=312021051700452 HTTP/1.1" 200 23931
120.253.135.82 - - [17/May/2021:06:41:31 +0800] "POST /xingrg/kc/pszx/mdps_order_operate.html HTTP/1.1" 200 4235
120.253.135.82 - - [17/May/2021:06:41:31 +0800] "GET /xingrg/javascript/easyui/themes/default/validatebox.css HTTP/1.1" 404 1104
116.224.253.72 - - [17/May/2021:06:41:31 +0800] "GET /xingrg/all/function/internal_message.html?_=1621204892099&CODE_STATE=getMsg HTTP/1.1" 200 27
116.224.253.72 - - [17/May/2021:06:41:31 +0800] "GET /xingrg/check_reg.html?_=1621204892113 HTTP/1.1" 200 22
116.230.114.112 - - [17/May/2021:06:41:36 +0800] "GET /xingrg/all/function/internal_message.html?_=1621204897568&CODE_STATE=getMsg HTTP/1.1" 200 27
116.224.253.72 - - [17/May/2021:06:41:43 +0800] "GET /xingrg/all/function/internal_message.html?_=1621204887481&CODE_STATE=getMsg HTTP/1.1" 200 27
58.37.225.51 - - [17/May/2021:06:41:44 +0800] "GET /xingrg/all/function/internal_message.html?_=1621204908445&CODE_STATE=getMsg HTTP/1.1" 200 27
58.37.225.51 - - [17/May/2021:06:41:44 +0800] "GET /xingrg/check_reg.html?_=1621204908447 HTTP/1.1" 200 22
120.253.135.82 - - [17/May/2021:06:41:52 +0800] "GET /xingrg/all/function/internal_message.html?_=1621204969018&CODE_STATE=getMsg HTTP/1.1" 200 27
120.253.135.82 - - [17/May/2021:06:41:54 +0800] "POST /xingrg/kc/pszx/mdps_order_operate.html HTTP/1.1" 200 37
120.253.135.82 - - [17/May/2021:06:41:55 +0800] "GET /xingrg/kc/pszx/mdps_order_info.html?code=312021051700452 HTTP/1.1" 200 23931
120.253.135.82 - - [17/May/2021:06:41:55 +0800] "POST /xingrg/kc/pszx/mdps_order_operate.html HTTP/1.1" 200 4235
120.253.135.82 - - [17/May/2021:06:41:55 +0800] "GET /xingrg/javascript/easyui/themes/default/validatebox.css HTTP/1.1" 404 1104
117.185.32.26 - - [17/May/2021:06:41:59 +0800] "GET /xingrg/all/function/internal_message.html?_=1621205442242&CODE_STATE=getMsg HTTP/1.1" 200 27
120.253.135.82 - - [17/May/2021:06:41:59 +0800] "POST /xingrg/kc/pszx/mdps_list_operate.html HTTP/1.1" 200 5039
120.253.135.82 - - [17/May/2021:06:42:01 +0800] "POST /xingrg/kc/pszx/mdps_list_operate.html HTTP/1.1" 200 315
120.253.135.82 - - [17/May/2021:06:42:02 +0800] "GET /xingrg/kc/pszx/mdps_order_info.html?code=312021051700453 HTTP/1.1" 200 23931
120.253.135.82 - - [17/May/2021:06:42:03 +0800] "POST /xingrg/kc/pszx/mdps_order_operate.html HTTP/1.1" 200 2828
120.253.135.82 - - [17/May/2021:06:42:03 +0800] "GET /xingrg/javascript/easyui/themes/default/validatebox.css HTTP/1.1" 404 1104
120.253.135.82 - - [17/May/2021:06:42:12 +0800] "POST /xingrg/kc/pszx/mdps_order_operate.html HTTP/1.1" 200 37
120.253.135.82 - - [17/May/2021:06:42:12 +0800] "GET /xingrg/kc/pszx/mdps_order_info.html?code=312021051700453 HTTP/1.1" 200 23931
120.253.135.82 - - [17/May/2021:06:42:13 +0800] "POST /xingrg/kc/pszx/mdps_order_operate.html HTTP/1.1" 200 2844
120.253.135.82 - - [17/May/2021:06:42:13 +0800] "GET /xingrg/javascript/easyui/themes/default/validatebox.css HTTP/1.1" 404 1104
120.253.135.82 - - [17/May/2021:06:42:13 +0800] "GET /xingrg/all/function/internal_message.html?_=1621204715084&CODE_STATE=getMsg HTTP/1.1" 200 27
120.253.135.82 - - [17/May/2021:06:42:16 +0800] "POST /xingrg/kc/pszx/mdps_list_operate.html HTTP/1.1" 200 5039
120.253.135.82 - - [17/May/2021:06:42:18 +0800] "POST /xingrg/kc/pszx/mdps_list_operate.html HTTP/1.1" 200 278
120.253.135.82 - - [17/May/2021:06:42:21 +0800] "GET /xingrg/kc/pszx/mdps_order_info.html?code=312021051700454 HTTP/1.1" 200 23931
116.230.114.112 - - [17/May/2021:06:42:21 +0800] "GET /xingrg/all/function/internal_message.html?_=1621204941980&CODE_STATE=getMsg HTTP/1.1" 302 -
120.253.135.82 - - [17/May/2021:06:42:21 +0800] "POST /xingrg/kc/pszx/mdps_order_operate.html HTTP/1.1" 200 2746
120.253.135.82 - - [17/May/2021:06:42:21 +0800] "GET /xingrg/javascript/easyui/themes/default/validatebox.css HTTP/1.1" 404 1104
120.253.135.82 - - [17/May/2021:06:42:27 +0800] "POST /xingrg/kc/pszx/mdps_order_operate.html HTTP/1.1" 200 37
120.253.135.82 - - [17/May/2021:06:42:28 +0800] "GET /xingrg/kc/pszx/mdps_order_info.html?code=312021051700454 HTTP/1.1" 200 23931
120.253.135.82 - - [17/May/2021:06:42:28 +0800] "POST /xingrg/kc/pszx/mdps_order_operate.html HTTP/1.1" 200 2760
120.253.135.82 - - [17/May/2021:06:42:28 +0800] "GET /xingrg/javascript/easyui/themes/default/validatebox.css HTTP/1.1" 404 1104
116.224.253.72 - - [17/May/2021:06:42:31 +0800] "GET /xingrg/all/function/internal_message.html?_=1621204952112&CODE_STATE=getMsg HTTP/1.1" 200 27
120.253.135.82 - - [17/May/2021:06:42:33 +0800] "POST /xingrg/kc/pszx/mdps_list_operate.html HTTP/1.1" 200 5039
116.230.114.112 - - [17/May/2021:06:42:36 +0800] "GET /xingrg/all/function/internal_message.html?_=1621204957592&CODE_STATE=getMsg HTTP/1.1" 200 27
120.253.135.82 - - [17/May/2021:06:42:37 +0800] "GET /xingrg/kc/pszx/ps_main.html HTTP/1.1" 200 13401
120.253.135.82 - - [17/May/2021:06:42:37 +0800] "GET /xingrg/images/yd/bt.gif HTTP/1.1" 404 1040
120.253.135.82 - - [17/May/2021:06:42:39 +0800] "GET /xingrg/kc/pszx/mdqp_order_list.html HTTP/1.1" 200 42182
120.253.135.82 - - [17/May/2021:06:42:39 +0800] "GET /xingrg/dwr/interface/AjaxReportQueryService.js HTTP/1.1" 200 13203
120.253.135.82 - - [17/May/2021:06:42:39 +0800] "GET /xingrg/dwr/interface/AjaxQqpsService.js HTTP/1.1" 200 16326
120.253.135.82 - - [17/May/2021:06:42:39 +0800] "GET /xingrg/dwr/engine.js HTTP/1.1" 200 43631
120.253.135.82 - - [17/May/2021:06:42:43 +0800] "GET /xingrg/kc/pszx/mdqp_order_info.html?code=302021051600345 HTTP/1.1" 200 12913
120.253.135.82 - - [17/May/2021:06:42:43 +0800] "GET /xingrg/dwr/interface/AjaxQqpsService.js HTTP/1.1" 200 16326
120.253.135.82 - - [17/May/2021:06:42:43 +0800] "GET /xingrg/dwr/interface/AjaxComOrderService.js HTTP/1.1" 200 18264
120.253.135.82 - - [17/May/2021:06:42:43 +0800] "GET /xingrg/dwr/engine.js HTTP/1.1" 200 43631
116.224.253.72 - - [17/May/2021:06:42:44 +0800] "GET /xingrg/all/function/internal_message.html?_=1621204947525&CODE_STATE=getMsg HTTP/1.1" 200 27
120.253.135.82 - - [17/May/2021:06:42:44 +0800] "POST /xingrg/dwr/call/plaincall/AjaxQqpsService.loadMaterielItems.dwr HTTP/1.1" 200 606
58.37.225.51 - - [17/May/2021:06:42:44 +0800] "GET /xingrg/all/function/internal_message.html?_=1621204968446&CODE_STATE=getMsg HTTP/1.1" 200 27
120.253.135.82 - - [17/May/2021:06:42:51 +0800] "GET /xingrg/kc/pszx/mdqp_order_list.html?isBack=1 HTTP/1.1" 200 42209
120.253.135.82 - - [17/May/2021:06:42:51 +0800] "GET /xingrg/dwr/interface/AjaxQqpsService.js HTTP/1.1" 200 16326
120.253.135.82 - - [17/May/2021:06:42:51 +0800] "GET /xingrg/dwr/interface/AjaxReportQueryService.js HTTP/1.1" 200 13203
120.253.135.82 - - [17/May/2021:06:42:51 +0800] "GET /xingrg/dwr/engine.js HTTP/1.1" 200 43631
120.253.135.82 - - [17/May/2021:06:42:52 +0800] "GET /xingrg/all/function/internal_message.html?_=1621205029027&CODE_STATE=getMsg HTTP/1.1" 200 27
117.185.32.26 - - [17/May/2021:06:42:59 +0800] "GET /xingrg/all/function/internal_message.html?_=1621205502227&CODE_STATE=getMsg HTTP/1.1" 200 27
120.253.135.82 - - [17/May/2021:06:43:13 +0800] "GET /xingrg/all/function/internal_message.html?_=1621204775098&CODE_STATE=getMsg HTTP/1.1" 200 27
116.230.114.112 - - [17/May/2021:06:43:21 +0800] "GET /xingrg/all/function/internal_message.html?_=1621205002001&CODE_STATE=getMsg HTTP/1.1" 302 -
116.224.253.72 - - [17/May/2021:06:43:31 +0800] "GET /xingrg/all/function/internal_message.html?_=1621205012112&CODE_STATE=getMsg HTTP/1.1" 200 27
116.230.117.165 - - [17/May/2021:06:43:34 +0800] "POST /xingrg/services/DataTransmitService HTTP/1.1" 200 524
116.230.114.112 - - [17/May/2021:06:43:36 +0800] "GET /xingrg/all/function/internal_message.html?_=1621205017595&CODE_STATE=getMsg HTTP/1.1" 200 27
116.224.253.72 - - [17/May/2021:06:43:44 +0800] "GET /xingrg/all/function/internal_message.html?_=1621205007539&CODE_STATE=getMsg HTTP/1.1" 200 27
58.37.225.51 - - [17/May/2021:06:43:44 +0800] "GET /xingrg/all/function/internal_message.html?_=1621205028446&CODE_STATE=getMsg HTTP/1.1" 200 27
120.253.135.82 - - [17/May/2021:06:43:49 +0800] "GET /xingrg/check_reg.html?_=1621205086053 HTTP/1.1" 200 22
120.253.135.82 - - [17/May/2021:06:43:52 +0800] "GET /xingrg/all/function/internal_message.html?_=1621205089041&CODE_STATE=getMsg HTTP/1.1" 200 27
117.185.32.26 - - [17/May/2021:06:43:59 +0800] "GET /xingrg/all/function/internal_message.html?_=1621205562238&CODE_STATE=getMsg HTTP/1.1" 200 27
120.253.135.82 - - [17/May/2021:06:44:02 +0800] "GET /xingrg/kc/pszx/mdps_order_list.html?orderType=0 HTTP/1.1" 200 20793
120.253.135.82 - - [17/May/2021:06:44:02 +0800] "POST /xingrg/kc/pszx/mdps_list_operate.html HTTP/1.1" 200 5463
180.169.147.146 - - [17/May/2021:06:44:06 +0800] "GET /xingrg/check_reg.html?_=1621205045131 HTTP/1.1" 200 22
120.253.135.82 - - [17/May/2021:06:44:09 +0800] "POST /xingrg/kc/pszx/mdps_list_operate.html HTTP/1.1" 200 5039
116.230.114.112 - - [17/May/2021:06:44:09 +0800] "GET /xingrg/check_reg.html?_=1621205050483 HTTP/1.1" 302 -
120.253.135.82 - - [17/May/2021:06:44:11 +0800] "POST /xingrg/kc/pszx/mdps_list_operate.html HTTP/1.1" 200 278
120.253.135.82 - - [17/May/2021:06:44:12 +0800] "GET /xingrg/kc/pszx/mdps_order_info.html?code=312021051700454 HTTP/1.1" 200 23931
120.253.135.82 - - [17/May/2021:06:44:12 +0800] "POST /xingrg/kc/pszx/mdps_order_operate.html HTTP/1.1" 200 2760
120.253.135.82 - - [17/May/2021:06:44:13 +0800] "GET /xingrg/javascript/easyui/themes/default/validatebox.css HTTP/1.1" 404 1104
120.253.135.82 - - [17/May/2021:06:44:13 +0800] "GET /xingrg/all/function/internal_message.html?_=1621204835111&CODE_STATE=getMsg HTTP/1.1" 200 27
120.253.135.82 - - [17/May/2021:06:44:17 +0800] "POST /xingrg/kc/pszx/mdps_order_operate.html HTTP/1.1" 200 37
120.253.135.82 - - [17/May/2021:06:44:18 +0800] "GET /xingrg/kc/pszx/mdps_order_info.html?code=312021051700454 HTTP/1.1" 200 23931
120.253.135.82 - - [17/May/2021:06:44:19 +0800] "GET /xingrg/javascript/easyui/themes/default/validatebox.css HTTP/1.1" 404 1104
120.253.135.82 - - [17/May/2021:06:44:19 +0800] "POST /xingrg/kc/pszx/mdps_order_operate.html HTTP/1.1" 200 2760
116.230.114.112 - - [17/May/2021:06:44:21 +0800] "GET /xingrg/all/function/internal_message.html?_=1621205062007&CODE_STATE=getMsg HTTP/1.1" 302 -
116.224.253.72 - - [17/May/2021:06:44:31 +0800] "GET /xingrg/all/function/internal_message.html?_=1621205072111&CODE_STATE=getMsg HTTP/1.1" 200 27
116.230.114.112 - - [17/May/2021:06:44:36 +0800] "GET /xingrg/all/function/internal_message.html?_=1621205077617&CODE_STATE=getMsg HTTP/1.1" 200 27
116.224.253.72 - - [17/May/2021:06:44:44 +0800] "GET /xingrg/all/function/internal_message.html?_=1621205067583&CODE_STATE=getMsg HTTP/1.1" 200 27
58.37.225.51 - - [17/May/2021:06:44:44 +0800] "GET /xingrg/all/function/internal_message.html?_=1621205088445&CODE_STATE=getMsg HTTP/1.1" 200 27
120.253.135.82 - - [17/May/2021:06:44:52 +0800] "GET /xingrg/all/function/internal_message.html?_=1621205149055&CODE_STATE=getMsg HTTP/1.1" 200 27
117.185.32.26 - - [17/May/2021:06:44:59 +0800] "GET /xingrg/all/function/internal_message.html?_=1621205622222&CODE_STATE=getMsg HTTP/1.1" 200 27
120.253.135.82 - - [17/May/2021:06:44:59 +0800] "POST /xingrg/kc/pszx/mdps_list_operate.html HTTP/1.1" 200 458
120.253.135.82 - - [17/May/2021:06:45:01 +0800] "GET /xingrg/kc/pszx/mdps_order_info.html?code=312021051700455 HTTP/1.1" 200 23931
116.224.253.72 - - [17/May/2021:06:45:01 +0800] "GET /xingrg/check_reg.html?_=1621205084595 HTTP/1.1" 200 22
120.253.135.82 - - [17/May/2021:06:45:01 +0800] "GET /xingrg/javascript/easyui/themes/default/validatebox.css HTTP/1.1" 404 1104
120.253.135.82 - - [17/May/2021:06:45:01 +0800] "POST /xingrg/kc/pszx/mdps_order_operate.html HTTP/1.1" 200 3769
120.253.135.82 - - [17/May/2021:06:45:08 +0800] "POST /xingrg/kc/pszx/mdps_order_operate.html HTTP/1.1" 200 37
120.253.135.82 - - [17/May/2021:06:45:09 +0800] "GET /xingrg/kc/pszx/mdps_order_info.html?code=312021051700455 HTTP/1.1" 200 23931
120.253.135.82 - - [17/May/2021:06:45:09 +0800] "GET /xingrg/javascript/easyui/themes/default/validatebox.css HTTP/1.1" 404 1104
120.253.135.82 - - [17/May/2021:06:45:09 +0800] "POST /xingrg/kc/pszx/mdps_order_operate.html HTTP/1.1" 200 3797
120.253.135.82 - - [17/May/2021:06:45:12 +0800] "POST /xingrg/all/common/load_combo.html?type=base HTTP/1.1" 200 1075
120.253.135.82 - - [17/May/2021:06:45:13 +0800] "GET /xingrg/all/function/internal_message.html?_=1621204895125&CODE_STATE=getMsg HTTP/1.1" 200 27
120.253.135.82 - - [17/May/2021:06:45:17 +0800] "POST /xingrg/kc/pszx/mdps_order_operate.html HTTP/1.1" 200 37
120.253.135.82 - - [17/May/2021:06:45:18 +0800] "GET /xingrg/kc/pszx/mdps_order_info.html?code=312021051700455 HTTP/1.1" 200 23931
120.253.135.82 - - [17/May/2021:06:45:18 +0800] "GET /xingrg/javascript/easyui/themes/default/validatebox.css HTTP/1.1" 404 1104
120.253.135.82 - - [17/May/2021:06:45:18 +0800] "POST /xingrg/kc/pszx/mdps_order_operate.html HTTP/1.1" 200 3806
116.230.114.112 - - [17/May/2021:06:45:21 +0800] "GET /xingrg/all/function/internal_message.html?_=1621205122028&CODE_STATE=getMsg HTTP/1.1" 302 -
116.230.114.112 - - [17/May/2021:06:45:24 +0800] "GET /xingrg/check_reg.html?_=1621205124861 HTTP/1.1" 200 22
116.224.253.72 - - [17/May/2021:06:45:31 +0800] "GET /xingrg/all/function/internal_message.html?_=1621205132114&CODE_STATE=getMsg HTTP/1.1" 200 27
120.253.135.82 - - [17/May/2021:06:45:33 +0800] "POST /xingrg/kc/pszx/mdps_order_operate.html HTTP/1.1" 200 37
120.253.135.82 - - [17/May/2021:06:45:33 +0800] "GET /xingrg/kc/pszx/mdps_order_info.html?code=312021051700455 HTTP/1.1" 200 23931
120.253.135.82 - - [17/May/2021:06:45:34 +0800] "POST /xingrg/kc/pszx/mdps_order_operate.html HTTP/1.1" 200 3807
120.253.135.82 - - [17/May/2021:06:45:34 +0800] "GET /xingrg/javascript/easyui/themes/default/validatebox.css HTTP/1.1" 404 1104
116.230.114.112 - - [17/May/2021:06:45:36 +0800] "GET /xingrg/all/function/internal_message.html?_=1621205137623&CODE_STATE=getMsg HTTP/1.1" 200 27
120.253.135.82 - - [17/May/2021:06:45:39 +0800] "POST /xingrg/kc/pszx/mdps_order_operate.html HTTP/1.1" 200 37
120.253.135.82 - - [17/May/2021:06:45:39 +0800] "GET /xingrg/kc/pszx/mdps_order_info.html?code=312021051700455 HTTP/1.1" 200 23931
120.253.135.82 - - [17/May/2021:06:45:40 +0800] "GET /xingrg/javascript/easyui/themes/default/validatebox.css HTTP/1.1" 404 1104
120.253.135.82 - - [17/May/2021:06:45:40 +0800] "POST /xingrg/kc/pszx/mdps_order_operate.html HTTP/1.1" 200 3807
120.253.135.82 - - [17/May/2021:06:45:41 +0800] "POST /xingrg/kc/pszx/mdps_list_operate.html HTTP/1.1" 200 5039
116.224.253.72 - - [17/May/2021:06:45:44 +0800] "GET /xingrg/all/function/internal_message.html?_=1621205127597&CODE_STATE=getMsg HTTP/1.1" 200 27
120.253.135.82 - - [17/May/2021:06:45:44 +0800] "POST /xingrg/kc/pszx/mdps_list_operate.html HTTP/1.1" 200 205
101.89.29.86 - - [17/May/2021:06:45:44 +0800] "GET /xingrg/all/function/internal_message.html?_=1621205088445&CODE_STATE=getMsg HTTP/1.1" 302 -
58.37.225.51 - - [17/May/2021:06:45:44 +0800] "GET /xingrg/all/function/internal_message.html?_=1621205148443&CODE_STATE=getMsg HTTP/1.1" 200 27
120.253.135.82 - - [17/May/2021:06:45:45 +0800] "GET /xingrg/kc/pszx/mdps_order_info.html?code=312021051700456 HTTP/1.1" 200 23931
101.89.29.86 - - [17/May/2021:06:45:45 +0800] "GET /xingrg/login.html HTTP/1.1" 200 7641
120.253.135.82 - - [17/May/2021:06:45:45 +0800] "GET /xingrg/javascript/easyui/themes/default/validatebox.css HTTP/1.1" 404 1104
120.253.135.82 - - [17/May/2021:06:45:45 +0800] "POST /xingrg/kc/pszx/mdps_order_operate.html HTTP/1.1" 200 2277
120.253.135.82 - - [17/May/2021:06:45:52 +0800] "GET /xingrg/all/function/internal_message.html?_=1621205209068&CODE_STATE=getMsg HTTP/1.1" 200 27
120.253.135.82 - - [17/May/2021:06:45:56 +0800] "POST /xingrg/kc/pszx/mdps_list_operate.html HTTP/1.1" 200 5039
120.253.135.82 - - [17/May/2021:06:45:58 +0800] "POST /xingrg/kc/pszx/mdps_list_operate.html HTTP/1.1" 200 458
120.253.135.82 - - [17/May/2021:06:45:58 +0800] "GET /xingrg/kc/pszx/mdps_order_info.html?code=312021051700455 HTTP/1.1" 200 23931
117.185.32.26 - - [17/May/2021:06:45:59 +0800] "GET /xingrg/all/function/internal_message.html?_=1621205682206&CODE_STATE=getMsg HTTP/1.1" 200 27
120.253.135.82 - - [17/May/2021:06:45:59 +0800] "POST /xingrg/kc/pszx/mdps_order_operate.html HTTP/1.1" 200 3807
120.253.135.82 - - [17/May/2021:06:45:59 +0800] "GET /xingrg/javascript/easyui/themes/default/validatebox.css HTTP/1.1" 404 1104
120.253.135.82 - - [17/May/2021:06:46:09 +0800] "GET /xingrg/check_reg.html?_=1621204950741 HTTP/1.1" 200 22
120.253.135.82 - - [17/May/2021:06:46:09 +0800] "GET /xingrg/kc/pszx/mdps_order_operate.html?command=get_materiel&pszx_code=00101&rest_code=00149&base_code=0010250&code=00102010886 HTTP/1.1" 200 439
120.253.135.82 - - [17/May/2021:06:46:13 +0800] "GET /xingrg/all/function/internal_message.html?_=1621204955139&CODE_STATE=getMsg HTTP/1.1" 200 27
117.185.32.26 - - [17/May/2021:06:46:18 +0800] "GET /xingrg/check_reg.html?_=1621205701490 HTTP/1.1" 200 22
120.253.135.82 - - [17/May/2021:06:46:18 +0800] "POST /xingrg/kc/pszx/mdps_order_operate.html HTTP/1.1" 200 37
120.253.135.82 - - [17/May/2021:06:46:19 +0800] "GET /xingrg/kc/pszx/mdps_order_info.html?code=312021051700455 HTTP/1.1" 200 23931
120.253.135.82 - - [17/May/2021:06:46:20 +0800] "POST /xingrg/kc/pszx/mdps_order_operate.html HTTP/1.1" 200 4299
120.253.135.82 - - [17/May/2021:06:46:20 +0800] "GET /xingrg/javascript/easyui/themes/default/validatebox.css HTTP/1.1" 404 1104
116.230.114.112 - - [17/May/2021:06:46:21 +0800] "GET /xingrg/all/function/internal_message.html?_=1621205182034&CODE_STATE=getMsg HTTP/1.1" 302 -
120.253.135.82 - - [17/May/2021:06:46:22 +0800] "POST /xingrg/kc/pszx/mdps_list_operate.html HTTP/1.1" 200 5040
120.253.135.82 - - [17/May/2021:06:46:26 +0800] "GET /xingrg/kc/buy/buy_main.html HTTP/1.1" 200 12341
120.253.135.82 - - [17/May/2021:06:46:26 +0800] "GET /xingrg/css/new_ie.css HTTP/1.1" 404 1036
120.253.135.82 - - [17/May/2021:06:46:26 +0800] "GET /xingrg/javascript/jquery_ui/jquery-ui.min.js HTTP/1.1" 200 186181
120.253.135.82 - - [17/May/2021:06:46:26 +0800] "GET /xingrg/javascript/jquery_ui/themes/humanity/humanity.css HTTP/1.1" 200 27801
120.253.135.82 - - [17/May/2021:06:46:26 +0800] "GET /xingrg/images/blue/button/cgxqd.gif HTTP/1.1" 200 2619
120.253.135.82 - - [17/May/2021:06:46:26 +0800] "GET /xingrg/images/blue/button/cgshd.gif HTTP/1.1" 200 2618
120.253.135.82 - - [17/May/2021:06:46:26 +0800] "GET /xingrg/javascript/jquery_ui/themes/humanity/images/ui-bg_inset-soft_100_f4f0ec_1x100.png HTTP/1.1" 200 141
120.253.135.82 - - [17/May/2021:06:46:26 +0800] "GET /xingrg/images/blue/button/cgfkd.gif HTTP/1.1" 200 2075
120.253.135.82 - - [17/May/2021:06:46:26 +0800] "GET /xingrg/images/blue/button/right_ah.jpg HTTP/1.1" 200 1744
120.253.135.82 - - [17/May/2021:06:46:26 +0800] "GET /xingrg/images/blue/button/kc.gif HTTP/1.1" 200 2160
120.253.135.82 - - [17/May/2021:06:46:26 +0800] "GET /xingrg/images/blue/button/ckthd.gif HTTP/1.1" 200 2045
120.253.135.82 - - [17/May/2021:06:46:26 +0800] "GET /xingrg/javascript/jquery_ui/themes/humanity/images/ui-iconsnew.jpg HTTP/1.1" 200 337
120.253.135.82 - - [17/May/2021:06:46:26 +0800] "GET /xingrg/javascript/jquery_ui/themes/humanity/images/ui-bg_glass_70_ede4d4_1x400.png HTTP/1.1" 200 161
120.253.135.82 - - [17/May/2021:06:46:26 +0800] "GET /xingrg/javascript/jquery_ui/themes/humanity/images/ui-icons_c47a23_256x240.png HTTP/1.1" 200 5355
120.253.135.82 - - [17/May/2021:06:46:26 +0800] "GET /xingrg/javascript/jquery_ui/themes/humanity/images/ui-icons_ffffff_256x240.png HTTP/1.1" 200 4369
120.253.135.82 - - [17/May/2021:06:46:26 +0800] "GET /xingrg/images/yd/bt.gif HTTP/1.1" 404 1040
120.253.135.82 - - [17/May/2021:06:46:27 +0800] "GET /xingrg/kc/buy/cgsh_order_list.html HTTP/1.1" 200 46253
120.253.135.82 - - [17/May/2021:06:46:29 +0800] "POST /xingrg/kc/buy/cgsh_list_operate.html HTTP/1.1" 200 876
120.253.135.82 - - [17/May/2021:06:46:30 +0800] "GET /xingrg/kc/buy/cgsh_order_add.html HTTP/1.1" 200 61051
120.253.135.82 - - [17/May/2021:06:46:30 +0800] "GET /xingrg/javascript/easyui/themes/icons/template_new.png HTTP/1.1" 200 3956
120.253.135.82 - - [17/May/2021:06:46:30 +0800] "POST /xingrg/kc/buy/cgsh_order_operate.html HTTP/1.1" 200 8245
120.253.135.82 - - [17/May/2021:06:46:30 +0800] "GET /xingrg/all/common/auto_word.html?type=employee&rest_code=00101 HTTP/1.1" 200 1077
120.253.135.82 - - [17/May/2021:06:46:30 +0800] "GET /xingrg/all/common/auto_word.html?type=employee&rest_code=00101 HTTP/1.1" 200 1077
120.253.135.82 - - [17/May/2021:06:46:30 +0800] "GET /xingrg/javascript/easyui/themes/default/validatebox.css HTTP/1.1" 404 1104
116.224.253.72 - - [17/May/2021:06:46:31 +0800] "GET /xingrg/check_reg.html?_=1621205192136 HTTP/1.1" 200 22
116.224.253.72 - - [17/May/2021:06:46:31 +0800] "GET /xingrg/all/function/internal_message.html?_=1621205192138&CODE_STATE=getMsg HTTP/1.1" 200 27
116.230.114.112 - - [17/May/2021:06:46:36 +0800] "GET /xingrg/all/function/internal_message.html?_=1621205197636&CODE_STATE=getMsg HTTP/1.1" 200 27
120.253.135.82 - - [17/May/2021:06:46:37 +0800] "GET /xingrg/kc/buy/cgsh_order_operate.html?command=get_materiel&rest_code=00101&code=00102010886&supplier_code=&order_time=2021-05-17 HTTP/1.1" 200 439
116.224.253.72 - - [17/May/2021:06:46:44 +0800] "GET /xingrg/all/function/internal_message.html?_=1621205187612&CODE_STATE=getMsg HTTP/1.1" 200 27
120.253.135.82 - - [17/May/2021:06:46:44 +0800] "GET /xingrg/kc/pszx/mdps_order_list.html?orderType=0 HTTP/1.1" 200 20793
58.37.225.51 - - [17/May/2021:06:46:44 +0800] "GET /xingrg/check_reg.html?_=1621205208469 HTTP/1.1" 200 22
58.37.225.51 - - [17/May/2021:06:46:44 +0800] "GET /xingrg/all/function/internal_message.html?_=1621205208468&CODE_STATE=getMsg HTTP/1.1" 200 27
120.253.135.82 - - [17/May/2021:06:46:44 +0800] "POST /xingrg/kc/pszx/mdps_list_operate.html HTTP/1.1" 200 5463
120.253.135.82 - - [17/May/2021:06:46:53 +0800] "GET /xingrg/all/function/internal_message.html?_=1621205269131&CODE_STATE=getMsg HTTP/1.1" 200 27
120.253.135.82 - - [17/May/2021:06:46:56 +0800] "POST /xingrg/kc/pszx/mdps_list_operate.html HTTP/1.1" 200 5040
117.185.32.26 - - [17/May/2021:06:46:59 +0800] "GET /xingrg/all/function/internal_message.html?_=1621205742192&CODE_STATE=getMsg HTTP/1.1" 200 27
120.253.135.82 - - [17/May/2021:06:47:05 +0800] "POST /xingrg/kc/pszx/mdps_list_operate.html HTTP/1.1" 200 205
120.253.135.82 - - [17/May/2021:06:47:10 +0800] "GET /xingrg/kc/pszx/mdps_order_info.html?code=312021051700456 HTTP/1.1" 200 23931
120.253.135.82 - - [17/May/2021:06:47:10 +0800] "POST /xingrg/kc/pszx/mdps_order_operate.html HTTP/1.1" 200 2277
120.253.135.82 - - [17/May/2021:06:47:10 +0800] "GET /xingrg/javascript/easyui/themes/default/validatebox.css HTTP/1.1" 404 1104
120.253.135.82 - - [17/May/2021:06:47:13 +0800] "GET /xingrg/all/function/internal_message.html?_=1621205015152&CODE_STATE=getMsg HTTP/1.1" 200 27
116.230.114.112 - - [17/May/2021:06:47:21 +0800] "GET /xingrg/all/function/internal_message.html?_=1621205242055&CODE_STATE=getMsg HTTP/1.1" 302 -
120.253.135.82 - - [17/May/2021:06:47:26 +0800] "GET /xingrg/kc/pszx/mdps_order_operate.html?command=get_materiel&pszx_code=00101&rest_code=00149&base_code=0010246&code=00101029073 HTTP/1.1" 200 478
120.253.135.82 - - [17/May/2021:06:47:28 +0800] "POST /xingrg/all/common/load_select.html HTTP/1.1" 200 25
120.253.135.82 - - [17/May/2021:06:47:30 +0800] "GET /xingrg/kc/pszx/mdps_order_operate.html?command=get_materiel_price&pszx_code=00101&rest_code=00149&base_code=0010246&code=00101029073&unit_code=00100179&order_time=2021-05-18 HTTP/1.1" 200 35
116.224.253.72 - - [17/May/2021:06:47:31 +0800] "GET /xingrg/all/function/internal_message.html?_=1621205252144&CODE_STATE=getMsg HTTP/1.1" 200 27
116.230.114.112 - - [17/May/2021:06:47:36 +0800] "GET /xingrg/all/function/internal_message.html?_=1621205257659&CODE_STATE=getMsg HTTP/1.1" 200 27
120.253.135.82 - - [17/May/2021:06:47:43 +0800] "POST /xingrg/kc/pszx/mdps_order_operate.html HTTP/1.1" 200 37
120.253.135.82 - - [17/May/2021:06:47:43 +0800] "GET /xingrg/kc/pszx/mdps_order_info.html?code=312021051700456 HTTP/1.1" 200 23931
116.224.253.72 - - [17/May/2021:06:47:44 +0800] "GET /xingrg/all/function/internal_message.html?_=1621205247652&CODE_STATE=getMsg HTTP/1.1" 200 27
120.253.135.82 - - [17/May/2021:06:47:44 +0800] "GET /xingrg/javascript/easyui/themes/default/validatebox.css HTTP/1.1" 404 1104
120.253.135.82 - - [17/May/2021:06:47:44 +0800] "POST /xingrg/kc/pszx/mdps_order_operate.html HTTP/1.1" 200 2328
58.37.225.51 - - [17/May/2021:06:47:44 +0800] "GET /xingrg/all/function/internal_message.html?_=1621205268467&CODE_STATE=getMsg HTTP/1.1" 200 27
120.253.135.82 - - [17/May/2021:06:47:51 +0800] "GET /xingrg/kc/pszx/mdps_order_info.html?code=312021051700456 HTTP/1.1" 200 23931
120.253.135.82 - - [17/May/2021:06:47:52 +0800] "GET /xingrg/javascript/easyui/themes/default/validatebox.css HTTP/1.1" 404 1104
120.253.135.82 - - [17/May/2021:06:47:52 +0800] "POST /xingrg/kc/pszx/mdps_order_operate.html HTTP/1.1" 200 2328
120.253.135.82 - - [17/May/2021:06:47:53 +0800] "GET /xingrg/all/function/internal_message.html?_=1621205329141&CODE_STATE=getMsg HTTP/1.1" 200 27
120.253.135.82 - - [17/May/2021:06:47:54 +0800] "POST /xingrg/kc/pszx/mdps_list_operate.html HTTP/1.1" 200 5039
120.253.135.82 - - [17/May/2021:06:47:56 +0800] "POST /xingrg/kc/pszx/mdps_list_operate.html HTTP/1.1" 200 537
120.253.135.82 - - [17/May/2021:06:47:57 +0800] "GET /xingrg/kc/pszx/mdps_order_info.html?code=312021051700455 HTTP/1.1" 200 23931
120.253.135.82 - - [17/May/2021:06:47:58 +0800] "POST /xingrg/kc/pszx/mdps_order_operate.html HTTP/1.1" 200 4299
120.253.135.82 - - [17/May/2021:06:47:58 +0800] "GET /xingrg/javascript/easyui/themes/default/validatebox.css HTTP/1.1" 404 1104
117.185.32.26 - - [17/May/2021:06:47:59 +0800] "GET /xingrg/all/function/internal_message.html?_=1621205802175&CODE_STATE=getMsg HTTP/1.1" 200 27
120.253.135.82 - - [17/May/2021:06:48:01 +0800] "POST /xingrg/kc/pszx/mdps_list_operate.html HTTP/1.1" 200 5039
120.253.135.82 - - [17/May/2021:06:48:04 +0800] "POST /xingrg/kc/pszx/mdps_list_operate.html HTTP/1.1" 200 575
120.253.135.82 - - [17/May/2021:06:48:06 +0800] "POST /xingrg/kc/pszx/mdps_list_operate.html HTTP/1.1" 200 287
120.253.135.82 - - [17/May/2021:06:48:08 +0800] "POST /xingrg/kc/pszx/mdps_list_operate.html HTTP/1.1" 200 511
120.253.135.82 - - [17/May/2021:06:48:11 +0800] "POST /xingrg/kc/pszx/mdps_list_operate.html HTTP/1.1" 200 315
120.253.135.82 - - [17/May/2021:06:48:11 +0800] "GET /xingrg/kc/pszx/mdps_order_info.html?code=312021051700453 HTTP/1.1" 200 23931
120.253.135.82 - - [17/May/2021:06:48:12 +0800] "POST /xingrg/kc/pszx/mdps_order_operate.html HTTP/1.1" 200 2844
120.253.135.82 - - [17/May/2021:06:48:12 +0800] "GET /xingrg/javascript/easyui/themes/default/validatebox.css HTTP/1.1" 404 1104
120.253.135.82 - - [17/May/2021:06:48:13 +0800] "GET /xingrg/all/function/internal_message.html?_=1621205075166&CODE_STATE=getMsg HTTP/1.1" 200 27
120.253.135.82 - - [17/May/2021:06:48:15 +0800] "POST /xingrg/all/common/load_combo.html?type=base HTTP/1.1" 200 1075
116.230.114.112 - - [17/May/2021:06:48:21 +0800] "GET /xingrg/all/function/internal_message.html?_=1621205302062&CODE_STATE=getMsg HTTP/1.1" 302 -
120.253.135.82 - - [17/May/2021:06:48:21 +0800] "POST /xingrg/kc/pszx/mdps_order_operate.html HTTP/1.1" 200 37
120.253.135.82 - - [17/May/2021:06:48:22 +0800] "GET /xingrg/kc/pszx/mdps_order_info.html?code=312021051700453 HTTP/1.1" 200 23929
120.253.135.82 - - [17/May/2021:06:48:23 +0800] "GET /xingrg/javascript/easyui/themes/default/validatebox.css HTTP/1.1" 404 1104
120.253.135.82 - - [17/May/2021:06:48:23 +0800] "POST /xingrg/kc/pszx/mdps_order_operate.html HTTP/1.1" 200 2844
120.253.135.82 - - [17/May/2021:06:48:30 +0800] "POST /xingrg/kc/pszx/mdps_order_operate.html HTTP/1.1" 200 37
120.253.135.82 - - [17/May/2021:06:48:31 +0800] "GET /xingrg/kc/pszx/mdps_order_info.html?code=312021051700453 HTTP/1.1" 200 23929
116.224.253.72 - - [17/May/2021:06:48:31 +0800] "GET /xingrg/all/function/internal_message.html?_=1621205312149&CODE_STATE=getMsg HTTP/1.1" 200 27
120.253.135.82 - - [17/May/2021:06:48:31 +0800] "GET /xingrg/javascript/easyui/themes/default/validatebox.css HTTP/1.1" 404 1104
120.253.135.82 - - [17/May/2021:06:48:31 +0800] "POST /xingrg/kc/pszx/mdps_order_operate.html HTTP/1.1" 200 2304
120.253.135.82 - - [17/May/2021:06:48:33 +0800] "POST /xingrg/kc/pszx/mdps_list_operate.html HTTP/1.1" 200 5036
120.253.135.82 - - [17/May/2021:06:48:36 +0800] "POST /xingrg/kc/pszx/mdps_list_operate.html HTTP/1.1" 200 575
116.230.114.112 - - [17/May/2021:06:48:36 +0800] "GET /xingrg/all/function/internal_message.html?_=1621205317663&CODE_STATE=getMsg HTTP/1.1" 200 27
120.253.135.82 - - [17/May/2021:06:48:38 +0800] "POST /xingrg/kc/pszx/mdps_list_operate.html HTTP/1.1" 200 233
120.253.135.82 - - [17/May/2021:06:48:41 +0800] "GET /xingrg/kc/pszx/mdps_order_info.html?code=312021051700457 HTTP/1.1" 200 23931
120.253.135.82 - - [17/May/2021:06:48:42 +0800] "GET /xingrg/javascript/easyui/themes/default/validatebox.css HTTP/1.1" 404 1104
120.253.135.82 - - [17/May/2021:06:48:42 +0800] "POST /xingrg/kc/pszx/mdps_order_operate.html HTTP/1.1" 200 6658
116.224.253.72 - - [17/May/2021:06:48:44 +0800] "GET /xingrg/all/function/internal_message.html?_=1621205307654&CODE_STATE=getMsg HTTP/1.1" 200 27
58.40.7.146 - - [17/May/2021:06:48:44 +0800] "POST /xingrg/services/DataTransmitService HTTP/1.1" 200 524
58.37.225.51 - - [17/May/2021:06:48:44 +0800] "GET /xingrg/all/function/internal_message.html?_=1621205328466&CODE_STATE=getMsg HTTP/1.1" 200 27
120.253.135.82 - - [17/May/2021:06:48:45 +0800] "POST /xingrg/kc/pszx/mdps_order_operate.html HTTP/1.1" 200 37
120.253.135.82 - - [17/May/2021:06:48:46 +0800] "GET /xingrg/kc/pszx/mdps_order_info.html?code=312021051700457 HTTP/1.1" 200 23931
120.253.135.82 - - [17/May/2021:06:48:46 +0800] "GET /xingrg/javascript/easyui/themes/default/validatebox.css HTTP/1.1" 404 1104
120.253.135.82 - - [17/May/2021:06:48:46 +0800] "POST /xingrg/kc/pszx/mdps_order_operate.html HTTP/1.1" 200 6733
120.253.135.82 - - [17/May/2021:06:48:50 +0800] "GET /xingrg/check_reg.html?_=1621205386103 HTTP/1.1" 200 22
120.253.135.82 - - [17/May/2021:06:48:53 +0800] "GET /xingrg/all/function/internal_message.html?_=1621205389187&CODE_STATE=getMsg HTTP/1.1" 200 27
117.185.32.26 - - [17/May/2021:06:48:59 +0800] "GET /xingrg/all/function/internal_message.html?_=1621205862159&CODE_STATE=getMsg HTTP/1.1" 200 27
180.169.147.146 - - [17/May/2021:06:49:06 +0800] "GET /xingrg/check_reg.html?_=1621205345147 HTTP/1.1" 200 22
116.230.114.112 - - [17/May/2021:06:49:09 +0800] "GET /xingrg/check_reg.html?_=1621205350492 HTTP/1.1" 302 -
120.253.135.82 - - [17/May/2021:06:49:13 +0800] "GET /xingrg/all/function/internal_message.html?_=1621205135179&CODE_STATE=getMsg HTTP/1.1" 200 27
116.230.114.112 - - [17/May/2021:06:49:21 +0800] "GET /xingrg/all/function/internal_message.html?_=1621205362081&CODE_STATE=getMsg HTTP/1.1" 302 -
116.224.253.72 - - [17/May/2021:06:49:31 +0800] "GET /xingrg/all/function/internal_message.html?_=1621205372150&CODE_STATE=getMsg HTTP/1.1" 200 27
116.230.114.112 - - [17/May/2021:06:49:36 +0800] "GET /xingrg/all/function/internal_message.html?_=1621205377692&CODE_STATE=getMsg HTTP/1.1" 200 27
116.224.253.72 - - [17/May/2021:06:49:44 +0800] "GET /xingrg/all/function/internal_message.html?_=1621205367698&CODE_STATE=getMsg HTTP/1.1" 200 27
58.37.225.51 - - [17/May/2021:06:49:44 +0800] "GET /xingrg/all/function/internal_message.html?_=1621205388480&CODE_STATE=getMsg HTTP/1.1" 200 27
120.253.135.82 - - [17/May/2021:06:49:53 +0800] "GET /xingrg/all/function/internal_message.html?_=1621205449201&CODE_STATE=getMsg HTTP/1.1" 200 27
117.185.32.26 - - [17/May/2021:06:49:59 +0800] "GET /xingrg/all/function/internal_message.html?_=1621205922170&CODE_STATE=getMsg HTTP/1.1" 200 27
116.224.253.72 - - [17/May/2021:06:50:01 +0800] "GET /xingrg/check_reg.html?_=1621205384601 HTTP/1.1" 200 22
120.253.135.82 - - [17/May/2021:06:50:13 +0800] "GET /xingrg/all/function/internal_message.html?_=1621205195193&CODE_STATE=getMsg HTTP/1.1" 200 27
116.230.114.112 - - [17/May/2021:06:50:21 +0800] "GET /xingrg/all/function/internal_message.html?_=1621205422089&CODE_STATE=getMsg HTTP/1.1" 302 -
116.230.114.112 - - [17/May/2021:06:50:24 +0800] "GET /xingrg/check_reg.html?_=1621205424867 HTTP/1.1" 200 22
116.224.253.72 - - [17/May/2021:06:50:31 +0800] "GET /xingrg/all/function/internal_message.html?_=1621205432162&CODE_STATE=getMsg HTTP/1.1" 200 27
116.230.114.112 - - [17/May/2021:06:50:36 +0800] "GET /xingrg/all/function/internal_message.html?_=1621205437721&CODE_STATE=getMsg HTTP/1.1" 200 27
116.224.253.72 - - [17/May/2021:06:50:44 +0800] "GET /xingrg/all/function/internal_message.html?_=1621205427713&CODE_STATE=getMsg HTTP/1.1" 200 27
58.37.225.51 - - [17/May/2021:06:50:44 +0800] "GET /xingrg/all/function/internal_message.html?_=1621205448479&CODE_STATE=getMsg HTTP/1.1" 200 27
120.253.135.82 - - [17/May/2021:06:50:53 +0800] "GET /xingrg/all/function/internal_message.html?_=1621205509261&CODE_STATE=getMsg HTTP/1.1" 200 27
117.185.32.26 - - [17/May/2021:06:50:58 +0800] "GET /xingrg/all/function/internal_message.html?_=1621205982153&CODE_STATE=getMsg HTTP/1.1" 200 27
120.253.135.82 - - [17/May/2021:06:51:09 +0800] "GET /xingrg/check_reg.html?_=1621205250923 HTTP/1.1" 200 22
120.253.135.82 - - [17/May/2021:06:51:13 +0800] "GET /xingrg/all/function/internal_message.html?_=1621205255284&CODE_STATE=getMsg HTTP/1.1" 200 27
117.185.32.26 - - [17/May/2021:06:51:18 +0800] "GET /xingrg/check_reg.html?_=1621206001514 HTTP/1.1" 200 22
116.230.114.112 - - [17/May/2021:06:51:21 +0800] "GET /xingrg/all/function/internal_message.html?_=1621205482109&CODE_STATE=getMsg HTTP/1.1" 302 -
116.224.253.72 - - [17/May/2021:06:51:31 +0800] "GET /xingrg/check_reg.html?_=1621205492161 HTTP/1.1" 200 22
116.224.253.72 - - [17/May/2021:06:51:31 +0800] "GET /xingrg/all/function/internal_message.html?_=1621205492163&CODE_STATE=getMsg HTTP/1.1" 200 27
116.230.114.112 - - [17/May/2021:06:51:36 +0800] "GET /xingrg/all/function/internal_message.html?_=1621205497734&CODE_STATE=getMsg HTTP/1.1" 200 27
116.224.253.72 - - [17/May/2021:06:51:44 +0800] "GET /xingrg/all/function/internal_message.html?_=1621205487726&CODE_STATE=getMsg HTTP/1.1" 200 27
58.37.225.51 - - [17/May/2021:06:51:44 +0800] "GET /xingrg/check_reg.html?_=1621205508478 HTTP/1.1" 200 22
58.37.225.51 - - [17/May/2021:06:51:44 +0800] "GET /xingrg/all/function/internal_message.html?_=1621205508480&CODE_STATE=getMsg HTTP/1.1" 200 27
120.253.135.82 - - [17/May/2021:06:51:53 +0800] "GET /xingrg/all/function/internal_message.html?_=1621205569275&CODE_STATE=getMsg HTTP/1.1" 200 27
117.185.32.26 - - [17/May/2021:06:51:58 +0800] "GET /xingrg/all/function/internal_message.html?_=1621206042133&CODE_STATE=getMsg HTTP/1.1" 200 27
120.253.135.82 - - [17/May/2021:06:52:13 +0800] "GET /xingrg/all/function/internal_message.html?_=1621205315298&CODE_STATE=getMsg HTTP/1.1" 200 27
116.230.114.112 - - [17/May/2021:06:52:21 +0800] "GET /xingrg/all/function/internal_message.html?_=1621205542116&CODE_STATE=getMsg HTTP/1.1" 302 -
117.184.7.26 - - [17/May/2021:06:52:22 +0800] "POST /xingrg/services/DataTransmitService HTTP/1.1" 200 524
116.224.253.72 - - [17/May/2021:06:52:31 +0800] "GET /xingrg/all/function/internal_message.html?_=1621205552174&CODE_STATE=getMsg HTTP/1.1" 200 27
116.230.114.112 - - [17/May/2021:06:52:36 +0800] "GET /xingrg/all/function/internal_message.html?_=1621205557768&CODE_STATE=getMsg HTTP/1.1" 200 27
116.224.253.72 - - [17/May/2021:06:52:44 +0800] "GET /xingrg/all/function/internal_message.html?_=1621205547767&CODE_STATE=getMsg HTTP/1.1" 200 27
58.37.225.51 - - [17/May/2021:06:52:44 +0800] "GET /xingrg/all/function/internal_message.html?_=1621205568479&CODE_STATE=getMsg HTTP/1.1" 200 27
120.253.135.82 - - [17/May/2021:06:52:53 +0800] "GET /xingrg/all/function/internal_message.html?_=1621205629332&CODE_STATE=getMsg HTTP/1.1" 200 27
117.185.32.26 - - [17/May/2021:06:52:58 +0800] "GET /xingrg/all/function/internal_message.html?_=1621206102116&CODE_STATE=getMsg HTTP/1.1" 200 27
120.253.135.82 - - [17/May/2021:06:53:14 +0800] "GET /xingrg/all/function/internal_message.html?_=1621205375490&CODE_STATE=getMsg HTTP/1.1" 200 27
116.230.114.112 - - [17/May/2021:06:53:21 +0800] "GET /xingrg/all/function/internal_message.html?_=1621205602136&CODE_STATE=getMsg HTTP/1.1" 302 -
120.253.135.82 - - [17/May/2021:06:53:31 +0800] "GET /xingrg/kc/pszx/mdps_order_operate.html?command=get_materiel&pszx_code=00101&rest_code=00149&base_code=0010246&code=00101013166 HTTP/1.1" 200 453
116.224.253.72 - - [17/May/2021:06:53:31 +0800] "GET /xingrg/all/function/internal_message.html?_=1621205612174&CODE_STATE=getMsg HTTP/1.1" 200 27
116.230.114.112 - - [17/May/2021:06:53:36 +0800] "GET /xingrg/all/function/internal_message.html?_=1621205617778&CODE_STATE=getMsg HTTP/1.1" 200 27
116.224.253.72 - - [17/May/2021:06:53:44 +0800] "GET /xingrg/all/function/internal_message.html?_=1621205607768&CODE_STATE=getMsg HTTP/1.1" 200 27
58.37.225.51 - - [17/May/2021:06:53:44 +0800] "GET /xingrg/all/function/internal_message.html?_=1621205628478&CODE_STATE=getMsg HTTP/1.1" 200 27
120.253.135.82 - - [17/May/2021:06:53:47 +0800] "POST /xingrg/kc/pszx/mdps_order_operate.html HTTP/1.1" 200 37
120.253.135.82 - - [17/May/2021:06:53:48 +0800] "GET /xingrg/kc/pszx/mdps_order_info.html?code=312021051700457 HTTP/1.1" 200 23931
120.253.135.82 - - [17/May/2021:06:53:49 +0800] "POST /xingrg/kc/pszx/mdps_order_operate.html HTTP/1.1" 200 6727
120.253.135.82 - - [17/May/2021:06:53:49 +0800] "GET /xingrg/javascript/easyui/themes/default/validatebox.css HTTP/1.1" 404 1104
120.253.135.82 - - [17/May/2021:06:53:50 +0800] "GET /xingrg/check_reg.html?_=1621205686112 HTTP/1.1" 200 22
120.253.135.82 - - [17/May/2021:06:53:53 +0800] "GET /xingrg/all/function/internal_message.html?_=1621205689348&CODE_STATE=getMsg HTTP/1.1" 200 27
117.185.32.26 - - [17/May/2021:06:53:58 +0800] "GET /xingrg/all/function/internal_message.html?_=1621206162096&CODE_STATE=getMsg HTTP/1.1" 200 27
180.169.147.146 - - [17/May/2021:06:54:06 +0800] "GET /xingrg/check_reg.html?_=1621205645120 HTTP/1.1" 200 22
116.230.114.112 - - [17/May/2021:06:54:09 +0800] "GET /xingrg/check_reg.html?_=1621205650494 HTTP/1.1" 302 -
120.253.135.82 - - [17/May/2021:06:54:14 +0800] "GET /xingrg/all/function/internal_message.html?_=1621205435497&CODE_STATE=getMsg HTTP/1.1" 200 27
116.230.114.112 - - [17/May/2021:06:54:16 +0800] "GET /xingrg/kc/base/check_order_list.html HTTP/1.1" 200 16104
116.230.114.112 - - [17/May/2021:06:54:17 +0800] "GET /xingrg/css/base.css HTTP/1.1" 304 -
116.230.114.112 - - [17/May/2021:06:54:17 +0800] "GET /xingrg/javascript/jquery_tools/datebox.css HTTP/1.1" 304 -
116.230.114.112 - - [17/May/2021:06:54:17 +0800] "GET /xingrg/javascript/jquery_tools/table.css HTTP/1.1" 304 -
116.230.114.112 - - [17/May/2021:06:54:17 +0800] "GET /xingrg/javascript/jquery_tools/jquery.tools.table.js HTTP/1.1" 304 -
116.230.114.112 - - [17/May/2021:06:54:17 +0800] "GET /xingrg/javascript/easyui/themes/default/easyui.css HTTP/1.1" 304 -
116.230.114.112 - - [17/May/2021:06:54:17 +0800] "GET /xingrg/javascript/easyui/themes/icon.css HTTP/1.1" 304 -
116.230.114.112 - - [17/May/2021:06:54:17 +0800] "GET /xingrg/javascript/jquery_tools/jquery.tools.min.js HTTP/1.1" 304 -
116.230.114.112 - - [17/May/2021:06:54:17 +0800] "GET /xingrg/javascript/jquery_tools/fix.css HTTP/1.1" 304 -
116.230.114.112 - - [17/May/2021:06:54:17 +0800] "GET /xingrg/javascript/jquery_tools/jquery.tools.hotkey.js HTTP/1.1" 304 -
116.230.114.112 - - [17/May/2021:06:54:17 +0800] "GET /xingrg/javascript/jquery_tools/jquery.tools.extend.js HTTP/1.1" 304 -
116.230.114.112 - - [17/May/2021:06:54:17 +0800] "GET /xingrg/javascript/auto/jquery.autocomplete.css HTTP/1.1" 304 -
116.230.114.112 - - [17/May/2021:06:54:17 +0800] "GET /xingrg/javascript/jquery_tools/list_manager.js HTTP/1.1" 304 -
116.230.114.112 - - [17/May/2021:06:54:17 +0800] "GET /xingrg/javascript/auto/jquery.autocomplete.js HTTP/1.1" 304 -
116.230.114.112 - - [17/May/2021:06:54:17 +0800] "GET /xingrg/javascript/jquery.utils.js HTTP/1.1" 304 -
116.230.114.112 - - [17/May/2021:06:54:17 +0800] "GET /xingrg/css/site.css HTTP/1.1" 304 -
116.230.114.112 - - [17/May/2021:06:54:17 +0800] "GET /xingrg/javascript/easyui/easyloader.js HTTP/1.1" 304 -
116.230.114.112 - - [17/May/2021:06:54:17 +0800] "GET /xingrg/javascript/jquery.cookie.js HTTP/1.1" 304 -
116.230.114.112 - - [17/May/2021:06:54:17 +0800] "GET /xingrg/javascript/easyui/plugins/jquery.parser.js HTTP/1.1" 304 -
116.230.114.112 - - [17/May/2021:06:54:17 +0800] "POST /xingrg/kc/base/check_list_operate.html HTTP/1.1" 200 3585
116.230.114.112 - - [17/May/2021:06:54:21 +0800] "GET /xingrg/css/blue.css HTTP/1.1" 304 -
116.230.114.112 - - [17/May/2021:06:54:21 +0800] "GET /xingrg/css/table.css HTTP/1.1" 304 -
116.230.114.112 - - [17/May/2021:06:54:21 +0800] "GET /xingrg/javascript/jquery_easy_ui/themes/icon.css HTTP/1.1" 304 -
116.230.114.112 - - [17/May/2021:06:54:21 +0800] "GET /xingrg/javascript/pic_change.js HTTP/1.1" 304 -
116.230.114.112 - - [17/May/2021:06:54:21 +0800] "GET /xingrg/javascript/jquery_easy_ui/themes/default/easyui.css HTTP/1.1" 304 -
116.230.114.112 - - [17/May/2021:06:54:21 +0800] "GET /xingrg/dwr/util.js HTTP/1.1" 304 -
116.230.114.112 - - [17/May/2021:06:54:21 +0800] "GET /xingrg/javascript/AjaxInfoList.js HTTP/1.1" 304 -
116.230.114.112 - - [17/May/2021:06:54:21 +0800] "GET /xingrg/javascript/jquery-1.4.2.min.js HTTP/1.1" 304 -
116.230.114.112 - - [17/May/2021:06:54:21 +0800] "GET /xingrg/javascript/myfunction.js HTTP/1.1" 304 -
116.230.114.112 - - [17/May/2021:06:54:21 +0800] "GET /xingrg/javascript/Calendar.js HTTP/1.1" 304 -
116.230.114.112 - - [17/May/2021:06:54:21 +0800] "GET /xingrg/javascript/jquery_easy_ui/jquery.easyui.min.js HTTP/1.1" 304 -
116.230.114.112 - - [17/May/2021:06:54:21 +0800] "GET /xingrg/javascript/convert.js HTTP/1.1" 304 -
116.230.114.112 - - [17/May/2021:06:54:21 +0800] "GET /xingrg/dwr/interface/AjaxCheckService.js HTTP/1.1" 200 14003
116.230.114.112 - - [17/May/2021:06:54:21 +0800] "GET /xingrg/kc/base/check_order_info.html?code=452021051600136 HTTP/1.1" 200 26362
116.230.114.112 - - [17/May/2021:06:54:21 +0800] "GET /xingrg/javascript/print/kc_print.js HTTP/1.1" 304 -
116.230.114.112 - - [17/May/2021:06:54:21 +0800] "GET /xingrg/javascript/print/LodopFuncs.js HTTP/1.1" 304 -
116.230.114.112 - - [17/May/2021:06:54:21 +0800] "GET /xingrg/dwr/interface/AjaxComOrderService.js HTTP/1.1" 200 18264
116.230.114.112 - - [17/May/2021:06:54:21 +0800] "GET /xingrg/dwr/engine.js HTTP/1.1" 200 43631
116.230.114.112 - - [17/May/2021:06:54:21 +0800] "GET /xingrg/javascript/jquery_easy_ui/themes/icons/check_new.png HTTP/1.1" 304 -
116.230.114.112 - - [17/May/2021:06:54:21 +0800] "GET /xingrg/javascript/jquery_easy_ui/themes/icons/cance_new.png HTTP/1.1" 304 -
116.230.114.112 - - [17/May/2021:06:54:21 +0800] "GET /xingrg/javascript/jquery_easy_ui/themes/icons/print.png HTTP/1.1" 304 -
116.230.114.112 - - [17/May/2021:06:54:21 +0800] "GET /xingrg/javascript/jquery_easy_ui/themes/icons/back_new.png HTTP/1.1" 304 -
116.230.114.112 - - [17/May/2021:06:54:21 +0800] "GET /xingrg/javascript/jquery_easy_ui/themes/default/images/menu_downarrow.png HTTP/1.1" 304 -
116.230.114.112 - - [17/May/2021:06:54:21 +0800] "GET /xingrg/all/function/internal_message.html?_=1621205662143&CODE_STATE=getMsg HTTP/1.1" 302 -
116.230.114.112 - - [17/May/2021:06:54:21 +0800] "POST /xingrg/dwr/call/plaincall/AjaxCheckService.loadOrderItems.dwr HTTP/1.1" 200 128819
116.230.114.112 - - [17/May/2021:06:54:21 +0800] "GET /xingrg/javascript/jquery_easy_ui/themes/icons/no.png HTTP/1.1" 304 -
116.224.253.72 - - [17/May/2021:06:54:31 +0800] "GET /xingrg/all/function/internal_message.html?_=1621205672174&CODE_STATE=getMsg HTTP/1.1" 200 27
116.230.114.112 - - [17/May/2021:06:54:32 +0800] "POST /xingrg/dwr/call/plaincall/AjaxCheckService.setItemNumber.dwr HTTP/1.1" 200 76
116.230.114.112 - - [17/May/2021:06:54:33 +0800] "POST /xingrg/dwr/call/plaincall/AjaxCheckService.setItemNumber.dwr HTTP/1.1" 200 76
116.230.114.112 - - [17/May/2021:06:54:34 +0800] "POST /xingrg/dwr/call/plaincall/AjaxCheckService.setItemNumber.dwr HTTP/1.1" 200 76
116.230.114.112 - - [17/May/2021:06:54:36 +0800] "POST /xingrg/dwr/call/plaincall/AjaxCheckService.setItemNumber.dwr HTTP/1.1" 200 76
116.230.114.112 - - [17/May/2021:06:54:36 +0800] "GET /xingrg/all/function/internal_message.html?_=1621205677791&CODE_STATE=getMsg HTTP/1.1" 200 27
116.230.114.112 - - [17/May/2021:06:54:37 +0800] "POST /xingrg/dwr/call/plaincall/AjaxCheckService.setItemNumber.dwr HTTP/1.1" 200 76
116.230.114.112 - - [17/May/2021:06:54:38 +0800] "POST /xingrg/dwr/call/plaincall/AjaxCheckService.setItemNumber.dwr HTTP/1.1" 200 76
116.230.114.112 - - [17/May/2021:06:54:39 +0800] "POST /xingrg/dwr/call/plaincall/AjaxCheckService.setItemNumber.dwr HTTP/1.1" 200 76
116.230.114.112 - - [17/May/2021:06:54:40 +0800] "POST /xingrg/dwr/call/plaincall/AjaxCheckService.setItemNumber.dwr HTTP/1.1" 200 76
116.230.114.112 - - [17/May/2021:06:54:43 +0800] "POST /xingrg/dwr/call/plaincall/AjaxCheckService.setItemNumber.dwr HTTP/1.1" 200 76
61.129.7.236 - - [17/May/2021:06:54:44 +0800] "GET /xingrg/all/function/internal_message.html?_=1621205628478&CODE_STATE=getMsg HTTP/1.1" 302 -
116.224.253.72 - - [17/May/2021:06:54:44 +0800] "GET /xingrg/all/function/internal_message.html?_=1621205667816&CODE_STATE=getMsg HTTP/1.1" 200 27
58.37.225.51 - - [17/May/2021:06:54:44 +0800] "GET /xingrg/all/function/internal_message.html?_=1621205688477&CODE_STATE=getMsg HTTP/1.1" 200 27
61.129.7.236 - - [17/May/2021:06:54:45 +0800] "GET /xingrg/login.html HTTP/1.1" 200 7641
116.230.114.112 - - [17/May/2021:06:54:45 +0800] "POST /xingrg/dwr/call/plaincall/AjaxCheckService.setItemNumber.dwr HTTP/1.1" 200 77
116.230.114.112 - - [17/May/2021:06:54:47 +0800] "POST /xingrg/dwr/call/plaincall/AjaxCheckService.setItemNumber.dwr HTTP/1.1" 200 77
116.230.114.112 - - [17/May/2021:06:54:49 +0800] "POST /xingrg/dwr/call/plaincall/AjaxCheckService.setItemNumber.dwr HTTP/1.1" 200 77
116.230.114.112 - - [17/May/2021:06:54:50 +0800] "POST /xingrg/dwr/call/plaincall/AjaxCheckService.setItemNumber.dwr HTTP/1.1" 200 77
116.230.114.112 - - [17/May/2021:06:54:50 +0800] "POST /xingrg/dwr/call/plaincall/AjaxCheckService.setItemNumber.dwr HTTP/1.1" 200 77
