61.165.42.208 - - [14/May/2021:10:19:07 +0800] "GET /xingrg/all/function/internal_message.html?_=1620958745693&CODE_STATE=getMsg HTTP/1.1" 200 27
114.83.217.136 - - [14/May/2021:10:19:07 +0800] "POST /xingrg/kc/buy/cgsh_list_operate.html HTTP/1.1" 200 1693
114.83.217.136 - - [14/May/2021:10:19:10 +0800] "POST /xingrg/kc/buy/cgsh_list_operate.html HTTP/1.1" 200 603
120.253.135.82 - - [14/May/2021:10:19:10 +0800] "GET /xingrg/all/function/internal_message.html?_=1620958871452&CODE_STATE=getMsg HTTP/1.1" 200 27
117.185.32.26 - - [14/May/2021:10:19:13 +0800] "GET /xingrg/all/function/internal_message.html?_=1620958748761&CODE_STATE=getMsg HTTP/1.1" 200 27
114.86.229.133 - - [14/May/2021:10:19:15 +0800] "POST /xingrg/all/report/report_print.html HTTP/1.1" 302 -
114.86.229.133 - - [14/May/2021:10:19:15 +0800] "GET /xingrg/servlets/html?sysBaseUrl=http%3A%2F%2F180.169.147.146%3A18081%2Fxingrg%2F&costTime=392×tamp=1620958755104 HTTP/1.1" 200 14722
114.86.229.133 - - [14/May/2021:10:19:15 +0800] "GET /xingrg/servlets/image?image=px HTTP/1.1" 200 807
58.37.225.51 - - [14/May/2021:10:19:16 +0800] "GET /xingrg/all/function/internal_message.html?_=1620958763259&CODE_STATE=getMsg HTTP/1.1" 200 27
58.37.225.51 - - [14/May/2021:10:19:16 +0800] "GET /xingrg/check_reg.html?_=1620958763261 HTTP/1.1" 200 22
116.224.253.72 - - [14/May/2021:10:19:23 +0800] "GET /xingrg/all/function/internal_message.html?_=1620958760955&CODE_STATE=getMsg HTTP/1.1" 200 27
180.169.147.146 - - [14/May/2021:10:19:23 +0800] "GET /xingrg/all/function/internal_message.html?_=1620958756340&CODE_STATE=getMsg HTTP/1.1" 200 27
120.253.135.82 - - [14/May/2021:10:19:23 +0800] "GET /xingrg/all/function/internal_message.html?_=1620958542529&CODE_STATE=getMsg HTTP/1.1" 200 27
116.230.76.31 - - [14/May/2021:10:19:24 +0800] "GET /xingrg/all/function/internal_message.html?_=1620958760199&CODE_STATE=getMsg HTTP/1.1" 200 27
116.230.76.31 - - [14/May/2021:10:19:24 +0800] "GET /xingrg/kc/buy/cgsh_order_operate.html?command=get_materiel&rest_code=00107&code=00101010391&supplier_code=00100323&order_time=2021-05-14 HTTP/1.1" 200 400
116.230.110.80 - - [14/May/2021:10:19:27 +0800] "GET /xingrg/all/function/internal_message.html?_=1620958764482&CODE_STATE=getMsg HTTP/1.1" 200 27
180.169.147.146 - - [14/May/2021:10:19:31 +0800] "GET /xingrg/all/function/internal_message.html?_=1620958771216&CODE_STATE=getMsg HTTP/1.1" 302 -
180.161.124.236 - - [14/May/2021:10:19:32 +0800] "GET /xingrg/check_reg.html?_=1620958770145 HTTP/1.1" 200 22
180.161.124.236 - - [14/May/2021:10:19:32 +0800] "GET /xingrg/all/function/internal_message.html?_=1620958770494&CODE_STATE=getMsg HTTP/1.1" 200 27
117.185.32.26 - - [14/May/2021:10:19:37 +0800] "GET /xingrg/kc/buy/buy_main.html HTTP/1.1" 200 12412
117.185.32.26 - - [14/May/2021:10:19:37 +0800] "GET /xingrg/css/new_ie.css HTTP/1.1" 404 1036
101.85.94.178 - - [14/May/2021:10:19:37 +0800] "GET /xingrg/all/function/internal_message.html?_=1620958274772&CODE_STATE=getMsg HTTP/1.1" 200 27
117.185.32.26 - - [14/May/2021:10:19:38 +0800] "GET /xingrg/images/yd/bt.gif HTTP/1.1" 404 1040
117.185.32.26 - - [14/May/2021:10:19:38 +0800] "GET /xingrg/kc/buy/cgsh_order_list.html HTTP/1.1" 200 46253
116.230.76.31 - - [14/May/2021:10:19:39 +0800] "GET /xingrg/kc/buy/cgsh_order_operate.html?command=get_materiel&rest_code=00107&code=00101007038&supplier_code=00100323&order_time=2021-05-14 HTTP/1.1" 200 441
114.86.229.133 - - [14/May/2021:10:19:40 +0800] "GET /xingrg/all/function/internal_message.html?_=1620958779199&CODE_STATE=getMsg HTTP/1.1" 200 27
117.185.32.26 - - [14/May/2021:10:19:40 +0800] "POST /xingrg/kc/buy/cgsh_list_operate.html HTTP/1.1" 200 1702
116.224.253.72 - - [14/May/2021:10:19:41 +0800] "GET /xingrg/all/function/internal_message.html?_=1620958765780&CODE_STATE=getMsg HTTP/1.1" 200 27
116.230.114.112 - - [14/May/2021:10:19:42 +0800] "GET /xingrg/all/function/internal_message.html?_=1620958794210&CODE_STATE=getMsg HTTP/1.1" 302 -
117.185.32.26 - - [14/May/2021:10:19:43 +0800] "POST /xingrg/kc/buy/cgsh_list_operate.html HTTP/1.1" 200 562
117.185.32.26 - - [14/May/2021:10:19:43 +0800] "GET /xingrg/kc/buy/cgsh_order_info.html?code=212021051405949 HTTP/1.1" 200 62008
117.185.32.26 - - [14/May/2021:10:19:43 +0800] "GET /xingrg/all/common/auto_word.html?type=employee&rest_code=00106 HTTP/1.1" 200 205
117.185.32.26 - - [14/May/2021:10:19:43 +0800] "GET /xingrg/all/common/auto_word.html?type=employee&rest_code=00106 HTTP/1.1" 200 205
117.185.32.26 - - [14/May/2021:10:19:43 +0800] "GET /xingrg/javascript/easyui/themes/default/validatebox.css HTTP/1.1" 404 1104
117.185.32.26 - - [14/May/2021:10:19:44 +0800] "POST /xingrg/kc/buy/cgsh_order_operate.html HTTP/1.1" 200 6774
116.230.114.112 - - [14/May/2021:10:19:47 +0800] "GET /xingrg/check_reg.html?_=1620958802711 HTTP/1.1" 200 22
117.185.32.26 - - [14/May/2021:10:19:49 +0800] "GET /xingrg/javascript/auto/indicator.gif HTTP/1.1" 404 1066
180.161.124.236 - - [14/May/2021:10:19:49 +0800] "GET /xingrg/all/function/internal_message.html?_=1620958744735&CODE_STATE=getMsg HTTP/1.1" 200 27
116.230.114.112 - - [14/May/2021:10:19:49 +0800] "GET /xingrg/all/function/internal_message.html?_=1620958804403&CODE_STATE=getMsg HTTP/1.1" 200 27
222.69.130.65 - - [14/May/2021:10:19:52 +0800] "GET /xingrg/all/function/internal_message.html?_=1620958787520&CODE_STATE=getMsg HTTP/1.1" 200 27
117.185.32.26 - - [14/May/2021:10:19:56 +0800] "POST /xingrg/kc/buy/cgsh_order_operate.html HTTP/1.1" 200 37
172.20.0.100 - - [14/May/2021:10:19:58 +0800] "GET /xingrg/all/function/internal_message.html?_=1620958795243&CODE_STATE=getMsg HTTP/1.1" 200 27
116.230.76.31 - - [14/May/2021:10:19:58 +0800] "POST /xingrg/kc/buy/cgsh_order_operate.html HTTP/1.1" 200 37
114.83.217.136 - - [14/May/2021:10:19:59 +0800] "GET /xingrg/all/function/internal_message.html?_=1620958799136&CODE_STATE=getMsg HTTP/1.1" 200 27
116.230.76.31 - - [14/May/2021:10:20:00 +0800] "POST /xingrg/kc/buy/cgsh_order_operate.html HTTP/1.1" 200 3858
116.230.76.31 - - [14/May/2021:10:20:01 +0800] "GET /xingrg/kc/print/load_data.html?order_code=212021051405954&kc_code=cgsh&condition= HTTP/1.1" 200 1140
117.185.32.26 - - [14/May/2021:10:20:02 +0800] "POST /xingrg/kc/buy/cgsh_order_operate.html HTTP/1.1" 200 12
114.83.217.136 - - [14/May/2021:10:20:02 +0800] "GET /xingrg/kc/buy/cgsh_order_info.html?code=212021051205359 HTTP/1.1" 200 61123
114.83.217.136 - - [14/May/2021:10:20:02 +0800] "GET /xingrg/words/20210513135050_words.js HTTP/1.1" 304 -
120.253.135.82 - - [14/May/2021:10:20:02 +0800] "GET /xingrg/all/function/internal_message.html?_=1620958859469&CODE_STATE=getMsg HTTP/1.1" 200 27
114.83.217.136 - - [14/May/2021:10:20:02 +0800] "GET /xingrg/all/common/auto_word.html?type=employee&rest_code=00154 HTTP/1.1" 200 101
114.83.217.136 - - [14/May/2021:10:20:02 +0800] "GET /xingrg/all/common/auto_word.html?type=employee&rest_code=00154 HTTP/1.1" 200 101
114.83.217.136 - - [14/May/2021:10:20:02 +0800] "GET /xingrg/javascript/easyui/themes/default/validatebox.css HTTP/1.1" 404 1104
114.83.217.136 - - [14/May/2021:10:20:03 +0800] "POST /xingrg/kc/buy/cgsh_order_operate.html HTTP/1.1" 200 6244
116.224.253.72 - - [14/May/2021:10:20:03 +0800] "POST /xingrg/dwr/call/plaincall/AjaxQqpsService.saveMaterielItem.dwr HTTP/1.1" 200 79
117.185.32.26 - - [14/May/2021:10:20:03 +0800] "GET /xingrg/kc/buy/cgsh_order_info.html?code=212021051405949 HTTP/1.1" 200 56903
117.185.32.26 - - [14/May/2021:10:20:03 +0800] "GET /xingrg/javascript/easyui/themes/default/validatebox.css HTTP/1.1" 404 1104
117.185.32.26 - - [14/May/2021:10:20:04 +0800] "POST /xingrg/kc/buy/cgsh_order_operate.html HTTP/1.1" 200 4723
117.185.32.26 - - [14/May/2021:10:20:06 +0800] "GET /xingrg/kc/print/load_config.html?kc_code=cgsh HTTP/1.1" 200 1845
114.86.187.76 - - [14/May/2021:10:20:06 +0800] "GET /xingrg/all/function/internal_message.html?_=1620958804171&CODE_STATE=getMsg HTTP/1.1" 200 27
117.185.32.26 - - [14/May/2021:10:20:06 +0800] "GET /xingrg/kc/print/load_data.html?order_code=212021051405949&kc_code=cgsh&condition= HTTP/1.1" 200 2285
116.230.76.31 - - [14/May/2021:10:20:06 +0800] "GET /xingrg/kc/buy/cgsh_order_add.html HTTP/1.1" 200 62079
61.165.42.208 - - [14/May/2021:10:20:06 +0800] "GET /xingrg/all/function/internal_message.html?_=1620958805661&CODE_STATE=getMsg HTTP/1.1" 200 27
116.230.76.31 - - [14/May/2021:10:20:07 +0800] "GET /xingrg/javascript/easyui/themes/default/validatebox.css HTTP/1.1" 404 1104
116.230.76.31 - - [14/May/2021:10:20:07 +0800] "POST /xingrg/kc/buy/cgsh_order_operate.html HTTP/1.1" 200 8245
61.165.42.208 - - [14/May/2021:10:20:07 +0800] "GET /xingrg/check_reg.html?_=1620958806505 HTTP/1.1" 200 22
180.169.147.146 - - [14/May/2021:10:20:09 +0800] "GET /xingrg/kc/buy/buy_main.html HTTP/1.1" 200 12412
180.169.147.146 - - [14/May/2021:10:20:09 +0800] "GET /xingrg/css/new_ie.css HTTP/1.1" 404 1036
116.230.76.31 - - [14/May/2021:10:20:09 +0800] "GET /xingrg/javascript/easyui/themes/default/tree.css HTTP/1.1" 404 1090
116.230.76.31 - - [14/May/2021:10:20:09 +0800] "POST /xingrg/all/common/load_tree.html?tree=supplier_tree_json&isDelete=1 HTTP/1.1" 200 55318
180.169.147.146 - - [14/May/2021:10:20:09 +0800] "GET /xingrg/images/yd/bt.gif HTTP/1.1" 404 1040
180.169.147.146 - - [14/May/2021:10:20:10 +0800] "GET /xingrg/kc/buy/cgsh_order_list.html HTTP/1.1" 200 46259
120.253.135.82 - - [14/May/2021:10:20:10 +0800] "GET /xingrg/all/function/internal_message.html?_=1620958931465&CODE_STATE=getMsg HTTP/1.1" 200 27
117.185.32.26 - - [14/May/2021:10:20:13 +0800] "GET /xingrg/all/function/internal_message.html?_=1620958808770&CODE_STATE=getMsg HTTP/1.1" 200 27
58.37.225.51 - - [14/May/2021:10:20:16 +0800] "GET /xingrg/all/function/internal_message.html?_=1620958823261&CODE_STATE=getMsg HTTP/1.1" 200 27
116.224.253.72 - - [14/May/2021:10:20:23 +0800] "GET /xingrg/all/function/internal_message.html?_=1620958820959&CODE_STATE=getMsg HTTP/1.1" 200 27
116.224.253.72 - - [14/May/2021:10:20:23 +0800] "POST /xingrg/dwr/call/plaincall/AjaxQqpsService.getMaterielByCode.dwr HTTP/1.1" 200 3663
180.169.147.146 - - [14/May/2021:10:20:23 +0800] "GET /xingrg/all/function/internal_message.html?_=1620958816349&CODE_STATE=getMsg HTTP/1.1" 200 27
120.253.135.82 - - [14/May/2021:10:20:23 +0800] "GET /xingrg/all/function/internal_message.html?_=1620958602551&CODE_STATE=getMsg HTTP/1.1" 200 27
116.230.76.31 - - [14/May/2021:10:20:24 +0800] "GET /xingrg/all/function/internal_message.html?_=1620958820176&CODE_STATE=getMsg HTTP/1.1" 200 27
116.230.110.80 - - [14/May/2021:10:20:27 +0800] "GET /xingrg/all/function/internal_message.html?_=1620958824478&CODE_STATE=getMsg HTTP/1.1" 200 27
116.230.114.112 - - [14/May/2021:10:20:29 +0800] "GET /xingrg/check_reg.html?_=1620958841537 HTTP/1.1" 302 -
117.185.32.26 - - [14/May/2021:10:20:30 +0800] "GET /xingrg/login.html HTTP/1.1" 200 7641
117.185.32.26 - - [14/May/2021:10:20:30 +0800] "GET /favicon.ico HTTP/1.1" 404 -
180.169.147.146 - - [14/May/2021:10:20:31 +0800] "GET /xingrg/check_reg.html?_=1620958831217 HTTP/1.1" 302 -
180.169.147.146 - - [14/May/2021:10:20:31 +0800] "GET /xingrg/all/function/internal_message.html?_=1620958831225&CODE_STATE=getMsg HTTP/1.1" 302 -
116.224.253.72 - - [14/May/2021:10:20:31 +0800] "POST /xingrg/dwr/call/plaincall/AjaxQqpsService.saveMaterielItem.dwr HTTP/1.1" 200 79
180.161.124.236 - - [14/May/2021:10:20:32 +0800] "GET /xingrg/all/function/internal_message.html?_=1620958830509&CODE_STATE=getMsg HTTP/1.1" 200 27
117.185.32.26 - - [14/May/2021:10:20:33 +0800] "POST /xingrg/login.do HTTP/1.1" 302 -
117.185.32.26 - - [14/May/2021:10:20:33 +0800] "GET /xingrg/index.html?sysBaseUrl=http%3A%2F%2F180.169.147.146%3A18081%2Fxingrg%2F&costTime=50×tamp=1620958833386 HTTP/1.1" 200 17503
117.185.32.26 - - [14/May/2021:10:20:33 +0800] "GET /favicon.ico HTTP/1.1" 404 -
117.185.32.26 - - [14/May/2021:10:20:33 +0800] "POST /xingrg/all/common/load_tree.html?tree=area_rest_tree_json&manage=1 HTTP/1.1" 200 3216
117.185.32.26 - - [14/May/2021:10:20:33 +0800] "GET /xingrg/check_reg.html?_=1620958829387 HTTP/1.1" 200 22
117.185.32.26 - - [14/May/2021:10:20:33 +0800] "GET /xingrg/all/function/internal_message.html?_=1620958829386&CODE_STATE=count HTTP/1.1" 200 11
117.185.32.26 - - [14/May/2021:10:20:33 +0800] "POST /xingrg/load_menu.html HTTP/1.1" 200 11564
116.224.253.72 - - [14/May/2021:10:20:34 +0800] "POST /xingrg/dwr/call/plaincall/AjaxQqpsService.getMaterielByCode.dwr HTTP/1.1" 200 3654
58.221.95.50 - - [14/May/2021:10:20:35 +0800] "GET /xingrg/check_reg.html?_=1620958832706 HTTP/1.1" 302 -
101.85.94.178 - - [14/May/2021:10:20:37 +0800] "GET /xingrg/all/function/internal_message.html?_=1620958334770&CODE_STATE=getMsg HTTP/1.1" 200 27
117.185.32.26 - - [14/May/2021:10:20:39 +0800] "POST /xingrg/all/user/operate.html HTTP/1.1" 200 36
117.185.32.26 - - [14/May/2021:10:20:39 +0800] "GET /xingrg/javascript/jquery_easy_ui/themes/default/easyui.css HTTP/1.1" 304 -
117.185.32.26 - - [14/May/2021:10:20:39 +0800] "GET /xingrg/index.html?sysBaseUrl=http%3A%2F%2F180.169.147.146%3A18081%2Fxingrg%2F&costTime=50×tamp=1620958833386 HTTP/1.1" 200 17503
117.185.32.26 - - [14/May/2021:10:20:39 +0800] "GET /xingrg/javascript/jquery_easy_ui/themes/icon.css HTTP/1.1" 304 -
117.185.32.26 - - [14/May/2021:10:20:39 +0800] "GET /xingrg/css/form.css HTTP/1.1" 304 -
117.185.32.26 - - [14/May/2021:10:20:39 +0800] "GET /xingrg/javascript/jquery-1.4.2.min.js HTTP/1.1" 304 -
117.185.32.26 - - [14/May/2021:10:20:39 +0800] "GET /xingrg/javascript/jquery_easy_ui/jquery.easyui.min.js HTTP/1.1" 304 -
117.185.32.26 - - [14/May/2021:10:20:39 +0800] "GET /xingrg/javascript/jquery_easy_ui/easyui-lang-zh_CN.js HTTP/1.1" 304 -
117.185.32.26 - - [14/May/2021:10:20:39 +0800] "GET /xingrg/javascript/jquery.form.js HTTP/1.1" 304 -
117.185.32.26 - - [14/May/2021:10:20:39 +0800] "GET /xingrg/javascript/jquery.utils.js HTTP/1.1" 304 -
117.185.32.26 - - [14/May/2021:10:20:39 +0800] "GET /xingrg/javascript/jquery.timers.js HTTP/1.1" 304 -
117.185.32.26 - - [14/May/2021:10:20:39 +0800] "GET /xingrg/images/blue/jxLogo.png HTTP/1.1" 304 -
117.185.32.26 - - [14/May/2021:10:20:39 +0800] "GET /xingrg/javascript/jquery_easy_ui/themes/icons/settle_new.png HTTP/1.1" 304 -
117.185.32.26 - - [14/May/2021:10:20:39 +0800] "GET /xingrg/images/blue/navBackgound.jpg HTTP/1.1" 304 -
117.185.32.26 - - [14/May/2021:10:20:39 +0800] "POST /xingrg/all/common/load_tree.html?tree=area_rest_tree_json&manage=1 HTTP/1.1" 200 3216
117.185.32.26 - - [14/May/2021:10:20:39 +0800] "GET /xingrg/all/function/internal_message.html?_=1620958835095&CODE_STATE=count HTTP/1.1" 200 11
117.185.32.26 - - [14/May/2021:10:20:39 +0800] "GET /xingrg/check_reg.html?_=1620958835096 HTTP/1.1" 200 22
117.185.32.26 - - [14/May/2021:10:20:39 +0800] "GET /xingrg/javascript/jquery_easy_ui/themes/default/images/panel_tool_expand.gif HTTP/1.1" 304 -
117.185.32.26 - - [14/May/2021:10:20:39 +0800] "GET /xingrg/javascript/jquery_easy_ui/themes/default/images/tabs_rightarrow.png HTTP/1.1" 304 -
117.185.32.26 - - [14/May/2021:10:20:39 +0800] "GET /xingrg/images/blue/pingpu.png HTTP/1.1" 304 -
117.185.32.26 - - [14/May/2021:10:20:39 +0800] "GET /xingrg/javascript/jquery_easy_ui/themes/default/images/panel_tool_collapse.gif HTTP/1.1" 304 -
117.185.32.26 - - [14/May/2021:10:20:39 +0800] "GET /xingrg/javascript/jquery_easy_ui/themes/default/images/tabs_leftarrow.png HTTP/1.1" 304 -
117.185.32.26 - - [14/May/2021:10:20:39 +0800] "POST /xingrg/load_menu.html HTTP/1.1" 200 9959
117.185.32.26 - - [14/May/2021:10:20:39 +0800] "GET /xingrg/javascript/jquery_easy_ui/themes/default/images/tree_arrows.gif HTTP/1.1" 304 -
114.86.229.133 - - [14/May/2021:10:20:40 +0800] "GET /xingrg/all/function/internal_message.html?_=1620958839199&CODE_STATE=getMsg HTTP/1.1" 200 27
117.185.32.26 - - [14/May/2021:10:20:41 +0800] "GET /xingrg/kc/buy/buy_main.html HTTP/1.1" 200 12412
117.185.32.26 - - [14/May/2021:10:20:41 +0800] "GET /xingrg/css/new_ie.css HTTP/1.1" 404 1036
116.224.253.72 - - [14/May/2021:10:20:41 +0800] "POST /xingrg/dwr/call/plaincall/AjaxQqpsService.saveMaterielItem.dwr HTTP/1.1" 200 79
117.185.32.26 - - [14/May/2021:10:20:41 +0800] "GET /xingrg/images/yd/bt.gif HTTP/1.1" 404 1040
116.224.253.72 - - [14/May/2021:10:20:41 +0800] "GET /xingrg/all/function/internal_message.html?_=1620958825793&CODE_STATE=getMsg HTTP/1.1" 200 27
117.185.32.26 - - [14/May/2021:10:20:42 +0800] "GET /xingrg/kc/buy/cgsh_order_list.html HTTP/1.1" 200 46508
116.230.114.112 - - [14/May/2021:10:20:42 +0800] "GET /xingrg/all/function/internal_message.html?_=1620958854216&CODE_STATE=getMsg HTTP/1.1" 302 -
120.204.17.73 - - [14/May/2021:10:20:43 +0800] "GET /xingrg/kc/buy/cgsh_order_info.html?code=212021051405949 HTTP/1.1" 302 -
117.185.32.26 - - [14/May/2021:10:20:43 +0800] "POST /xingrg/kc/buy/cgsh_list_operate.html HTTP/1.1" 200 876
120.204.17.73 - - [14/May/2021:10:20:44 +0800] "GET /xingrg/login.html HTTP/1.1" 200 7641
116.224.253.72 - - [14/May/2021:10:20:45 +0800] "POST /xingrg/dwr/call/plaincall/AjaxQqpsService.checkOrder.dwr HTTP/1.1" 200 79
117.185.32.26 - - [14/May/2021:10:20:47 +0800] "POST /xingrg/kc/buy/cgsh_list_operate.html HTTP/1.1" 200 5937
116.224.253.72 - - [14/May/2021:10:20:48 +0800] "GET /xingrg/kc/mdqp/qqps_order_info.html?code=302021051400279 HTTP/1.1" 200 26409
116.224.253.72 - - [14/May/2021:10:20:48 +0800] "GET /xingrg/dwr/interface/AjaxComOrderService.js HTTP/1.1" 200 18264
116.224.253.72 - - [14/May/2021:10:20:48 +0800] "GET /xingrg/dwr/interface/AjaxQqpsService.js HTTP/1.1" 200 16326
116.224.253.72 - - [14/May/2021:10:20:48 +0800] "GET /xingrg/dwr/engine.js HTTP/1.1" 200 43631
120.253.135.82 - - [14/May/2021:10:20:48 +0800] "GET /xingrg/check_reg.html?_=1620958904990 HTTP/1.1" 200 22
180.161.124.236 - - [14/May/2021:10:20:49 +0800] "GET /xingrg/all/function/internal_message.html?_=1620958804751&CODE_STATE=getMsg HTTP/1.1" 200 27
116.230.114.112 - - [14/May/2021:10:20:49 +0800] "GET /xingrg/all/function/internal_message.html?_=1620958864417&CODE_STATE=getMsg HTTP/1.1" 200 27
116.224.253.72 - - [14/May/2021:10:20:49 +0800] "POST /xingrg/dwr/call/plaincall/AjaxQqpsService.loadMaterielItems.dwr HTTP/1.1" 200 10142
117.185.32.26 - - [14/May/2021:10:20:51 +0800] "POST /xingrg/kc/buy/cgsh_list_operate.html HTTP/1.1" 200 562
222.69.130.65 - - [14/May/2021:10:20:52 +0800] "GET /xingrg/all/function/internal_message.html?_=1620958847505&CODE_STATE=getMsg HTTP/1.1" 200 27
117.185.32.26 - - [14/May/2021:10:20:52 +0800] "GET /xingrg/kc/buy/cgsh_order_info.html?code=212021051405949 HTTP/1.1" 200 57160
117.185.32.26 - - [14/May/2021:10:20:52 +0800] "GET /xingrg/javascript/easyui/themes/default/validatebox.css HTTP/1.1" 404 1104
117.185.32.26 - - [14/May/2021:10:20:53 +0800] "POST /xingrg/kc/buy/cgsh_order_operate.html HTTP/1.1" 200 4723
117.185.32.26 - - [14/May/2021:10:20:55 +0800] "POST /xingrg/kc/buy/cgsh_order_operate.html HTTP/1.1" 200 12
117.185.32.26 - - [14/May/2021:10:20:56 +0800] "GET /xingrg/kc/buy/cgsh_order_info.html?code=212021051405949 HTTP/1.1" 200 62008
117.185.32.26 - - [14/May/2021:10:20:57 +0800] "GET /xingrg/javascript/easyui/themes/default/validatebox.css HTTP/1.1" 404 1104
117.185.32.26 - - [14/May/2021:10:20:57 +0800] "GET /xingrg/all/common/auto_word.html?type=employee&rest_code=00106 HTTP/1.1" 200 205
117.185.32.26 - - [14/May/2021:10:20:57 +0800] "GET /xingrg/all/common/auto_word.html?type=employee&rest_code=00106 HTTP/1.1" 200 205
117.185.32.26 - - [14/May/2021:10:20:57 +0800] "POST /xingrg/kc/buy/cgsh_order_operate.html HTTP/1.1" 200 6777
172.20.0.100 - - [14/May/2021:10:20:58 +0800] "GET /xingrg/all/function/internal_message.html?_=1620958855229&CODE_STATE=getMsg HTTP/1.1" 200 27
117.185.32.26 - - [14/May/2021:10:20:59 +0800] "GET /xingrg/login.html HTTP/1.1" 200 7641
114.83.217.136 - - [14/May/2021:10:20:59 +0800] "GET /xingrg/all/function/internal_message.html?_=1620958859143&CODE_STATE=getMsg HTTP/1.1" 200 27
117.185.32.26 - - [14/May/2021:10:20:59 +0800] "GET /favicon.ico HTTP/1.1" 404 -
120.253.135.82 - - [14/May/2021:10:21:02 +0800] "GET /xingrg/all/function/internal_message.html?_=1620958919479&CODE_STATE=getMsg HTTP/1.1" 200 27
116.224.253.72 - - [14/May/2021:10:21:04 +0800] "GET /xingrg/images/yd/bt.gif HTTP/1.1" 404 1040
116.224.253.72 - - [14/May/2021:10:21:04 +0800] "GET /xingrg/images/yd/bt2.gif HTTP/1.1" 404 1042
120.204.17.72 - - [14/May/2021:10:21:06 +0800] "GET /xingrg/kc/print/load_data.html?order_code=212021051405949&kc_code=cgsh&condition= HTTP/1.1" 302 -
114.86.187.76 - - [14/May/2021:10:21:06 +0800] "GET /xingrg/all/function/internal_message.html?_=1620958864184&CODE_STATE=getMsg HTTP/1.1" 200 27
61.165.42.208 - - [14/May/2021:10:21:06 +0800] "GET /xingrg/all/function/internal_message.html?_=1620958865663&CODE_STATE=getMsg HTTP/1.1" 200 27
120.204.17.72 - - [14/May/2021:10:21:07 +0800] "GET /xingrg/login.html HTTP/1.1" 200 7641
116.224.253.72 - - [14/May/2021:10:21:08 +0800] "POST /xingrg/dwr/call/plaincall/AjaxQqpsService.uncheckOrder.dwr HTTP/1.1" 200 78
180.169.147.146 - - [14/May/2021:10:21:09 +0800] "POST /xingrg/kc/buy/cgsh_list_operate.html HTTP/1.1" 200 5371
116.224.253.72 - - [14/May/2021:10:21:10 +0800] "GET /xingrg/css/blue.css HTTP/1.1" 304 -
116.224.253.72 - - [14/May/2021:10:21:10 +0800] "GET /xingrg/javascript/auto/jquery.autocomplete.css HTTP/1.1" 304 -
116.224.253.72 - - [14/May/2021:10:21:10 +0800] "GET /xingrg/javascript/jquery_easy_ui/themes/icon.css HTTP/1.1" 304 -
116.224.253.72 - - [14/May/2021:10:21:10 +0800] "GET /xingrg/javascript/jquery-1.4.2.min.js HTTP/1.1" 304 -
116.224.253.72 - - [14/May/2021:10:21:10 +0800] "GET /xingrg/javascript/jquery_easy_ui/jquery.easyui.min.js HTTP/1.1" 304 -
116.224.253.72 - - [14/May/2021:10:21:10 +0800] "GET /xingrg/javascript/auto/jquery.autocomplete.js HTTP/1.1" 304 -
116.224.253.72 - - [14/May/2021:10:21:10 +0800] "GET /xingrg/javascript/jquery_easy_ui/easyui-lang-zh_CN.js HTTP/1.1" 304 -
116.224.253.72 - - [14/May/2021:10:21:10 +0800] "GET /xingrg/javascript/tools/jquery.qtip-1.0.0-rc3.min.js HTTP/1.1" 304 -
116.224.253.72 - - [14/May/2021:10:21:10 +0800] "GET /xingrg/javascript/pic_change.js HTTP/1.1" 304 -
116.224.253.72 - - [14/May/2021:10:21:10 +0800] "GET /xingrg/kc/mdqp/qqps_order_info.html?code=302021051400279 HTTP/1.1" 200 28164
116.224.253.72 - - [14/May/2021:10:21:10 +0800] "GET /xingrg/dwr/util.js HTTP/1.1" 304 -
116.224.253.72 - - [14/May/2021:10:21:10 +0800] "GET /xingrg/javascript/jquery.utils.js HTTP/1.1" 304 -
116.224.253.72 - - [14/May/2021:10:21:10 +0800] "GET /xingrg/javascript/Calendar.js HTTP/1.1" 304 -
116.224.253.72 - - [14/May/2021:10:21:10 +0800] "GET /xingrg/javascript/myfunction.js HTTP/1.1" 304 -
116.224.253.72 - - [14/May/2021:10:21:10 +0800] "GET /xingrg/javascript/Grid.js HTTP/1.1" 304 -
116.224.253.72 - - [14/May/2021:10:21:10 +0800] "GET /xingrg/javascript/AjaxInfoList.js HTTP/1.1" 304 -
116.224.253.72 - - [14/May/2021:10:21:10 +0800] "GET /xingrg/javascript/ToolTips.js HTTP/1.1" 304 -
116.224.253.72 - - [14/May/2021:10:21:10 +0800] "GET /xingrg/javascript/print/kc_print.js HTTP/1.1" 304 -
116.224.253.72 - - [14/May/2021:10:21:10 +0800] "GET /xingrg/javascript/print/LodopFuncs.js HTTP/1.1" 304 -
116.224.253.72 - - [14/May/2021:10:21:10 +0800] "GET /xingrg/javascript/jquery_easy_ui/themes/icon.css HTTP/1.1" 304 -
116.224.253.72 - - [14/May/2021:10:21:10 +0800] "GET /xingrg/javascript/jquery_easy_ui/themes/default/easyui.css HTTP/1.1" 304 -
116.224.253.72 - - [14/May/2021:10:21:10 +0800] "GET /xingrg/dwr/interface/AjaxComOrderService.js HTTP/1.1" 200 18264
116.224.253.72 - - [14/May/2021:10:21:10 +0800] "GET /xingrg/dwr/interface/AjaxQqpsService.js HTTP/1.1" 200 16326
116.224.253.72 - - [14/May/2021:10:21:10 +0800] "GET /xingrg/dwr/engine.js HTTP/1.1" 200 43631
116.224.253.72 - - [14/May/2021:10:21:10 +0800] "GET /xingrg/words/20210513135050_words.js HTTP/1.1" 304 -
116.224.253.72 - - [14/May/2021:10:21:10 +0800] "GET /xingrg/javascript/jquery_easy_ui/themes/icons/template_new.png HTTP/1.1" 304 -
116.224.253.72 - - [14/May/2021:10:21:10 +0800] "GET /xingrg/javascript/jquery_easy_ui/themes/icons/edit_add_new.png HTTP/1.1" 304 -
116.224.253.72 - - [14/May/2021:10:21:10 +0800] "GET /xingrg/javascript/jquery_easy_ui/themes/icons/copy_new.png HTTP/1.1" 304 -
116.224.253.72 - - [14/May/2021:10:21:10 +0800] "GET /xingrg/javascript/jquery_easy_ui/themes/icons/check_new.png HTTP/1.1" 304 -
116.224.253.72 - - [14/May/2021:10:21:10 +0800] "GET /xingrg/javascript/jquery_easy_ui/themes/icons/ok.png HTTP/1.1" 304 -
116.224.253.72 - - [14/May/2021:10:21:10 +0800] "GET /xingrg/javascript/jquery_easy_ui/themes/icons/cance_new.png HTTP/1.1" 304 -
116.224.253.72 - - [14/May/2021:10:21:10 +0800] "GET /xingrg/javascript/jquery_easy_ui/themes/icons/print.png HTTP/1.1" 304 -
116.224.253.72 - - [14/May/2021:10:21:10 +0800] "GET /xingrg/javascript/jquery_easy_ui/themes/default/images/menu_downarrow.png HTTP/1.1" 304 -
116.224.253.72 - - [14/May/2021:10:21:10 +0800] "GET /xingrg/javascript/jquery_easy_ui/themes/icons/back_new.png HTTP/1.1" 304 -
116.224.253.72 - - [14/May/2021:10:21:10 +0800] "GET /xingrg/javascript/jquery_easy_ui/themes/default/images/combo_arrow_dot.gif HTTP/1.1" 304 -
116.224.253.72 - - [14/May/2021:10:21:10 +0800] "GET /xingrg/images/blue/button/kc_tab_add.gif HTTP/1.1" 304 -
116.224.253.72 - - [14/May/2021:10:21:10 +0800] "GET /xingrg/images/blue/button/kc_tab_edit.gif HTTP/1.1" 304 -
116.224.253.72 - - [14/May/2021:10:21:10 +0800] "GET /xingrg/images/blue/button/kc_tab_save.gif HTTP/1.1" 304 -
116.224.253.72 - - [14/May/2021:10:21:10 +0800] "GET /xingrg/images/blue/button/kc_tab_del.gif HTTP/1.1" 304 -
116.224.253.72 - - [14/May/2021:10:21:10 +0800] "GET /xingrg/images/blue/kc_tab_mid.gif HTTP/1.1" 304 -
116.224.253.72 - - [14/May/2021:10:21:10 +0800] "GET /xingrg/images/blue/kc_tab_left.gif HTTP/1.1" 304 -
116.224.253.72 - - [14/May/2021:10:21:10 +0800] "GET /xingrg/images/blue/kc_tab_right.gif HTTP/1.1" 304 -
116.224.253.72 - - [14/May/2021:10:21:10 +0800] "GET /xingrg/images/blue/kc_tab2_left.gif HTTP/1.1" 304 -
116.224.253.72 - - [14/May/2021:10:21:10 +0800] "GET /xingrg/images/blue/kc_tab2_right.gif HTTP/1.1" 304 -
116.224.253.72 - - [14/May/2021:10:21:10 +0800] "GET /xingrg/images/blue/wait.gif HTTP/1.1" 304 -
116.224.253.72 - - [14/May/2021:10:21:10 +0800] "POST /xingrg/dwr/call/plaincall/AjaxQqpsService.loadMaterielItems.dwr HTTP/1.1" 200 10142
120.253.135.82 - - [14/May/2021:10:21:10 +0800] "GET /xingrg/all/function/internal_message.html?_=1620958991487&CODE_STATE=getMsg HTTP/1.1" 200 27
117.185.32.26 - - [14/May/2021:10:21:12 +0800] "POST /xingrg/login.do HTTP/1.1" 302 -
117.185.32.26 - - [14/May/2021:10:21:12 +0800] "GET /xingrg/index.html?sysBaseUrl=http%3A%2F%2F180.169.147.146%3A18081%2Fxingrg%2F&costTime=101×tamp=1620958872374 HTTP/1.1" 200 17173
117.185.32.26 - - [14/May/2021:10:21:12 +0800] "POST /xingrg/all/common/load_tree.html?tree=area_rest_tree_json&manage=1 HTTP/1.1" 200 342
117.185.32.26 - - [14/May/2021:10:21:12 +0800] "GET /xingrg/check_reg.html?_=1620958868223 HTTP/1.1" 200 22
117.185.32.26 - - [14/May/2021:10:21:12 +0800] "GET /xingrg/all/function/internal_message.html?_=1620958868222&CODE_STATE=count HTTP/1.1" 200 11
117.185.32.26 - - [14/May/2021:10:21:12 +0800] "POST /xingrg/load_menu.html HTTP/1.1" 200 5138
117.185.32.26 - - [14/May/2021:10:21:12 +0800] "GET /favicon.ico HTTP/1.1" 404 -
116.224.253.72 - - [14/May/2021:10:21:13 +0800] "GET /xingrg/javascript/auto/indicator.gif HTTP/1.1" 404 1066
117.185.32.26 - - [14/May/2021:10:21:15 +0800] "GET /xingrg/kc/buy/buy_main.html HTTP/1.1" 200 12412
117.185.32.26 - - [14/May/2021:10:21:15 +0800] "GET /xingrg/css/new_ie.css HTTP/1.1" 404 1036
117.185.32.26 - - [14/May/2021:10:21:16 +0800] "GET /xingrg/images/yd/bt.gif HTTP/1.1" 404 1040
58.37.225.51 - - [14/May/2021:10:21:16 +0800] "GET /xingrg/all/function/internal_message.html?_=1620958883264&CODE_STATE=getMsg HTTP/1.1" 200 27
117.185.32.26 - - [14/May/2021:10:21:16 +0800] "GET /xingrg/kc/buy/cgsh_order_list.html HTTP/1.1" 200 46253
116.224.253.72 - - [14/May/2021:10:21:17 +0800] "POST /xingrg/dwr/call/plaincall/AjaxQqpsService.getMaterielByCode.dwr HTTP/1.1" 200 3674
117.185.32.26 - - [14/May/2021:10:21:18 +0800] "POST /xingrg/kc/buy/cgsh_list_operate.html HTTP/1.1" 200 1702
116.224.253.72 - - [14/May/2021:10:21:20 +0800] "GET /xingrg/images/yd/bt.gif HTTP/1.1" 404 1040
116.224.253.72 - - [14/May/2021:10:21:20 +0800] "GET /xingrg/images/yd/bt2.gif HTTP/1.1" 404 1042
117.185.32.26 - - [14/May/2021:10:21:20 +0800] "POST /xingrg/kc/buy/cgsh_list_operate.html HTTP/1.1" 200 562
117.185.32.26 - - [14/May/2021:10:21:21 +0800] "GET /xingrg/kc/buy/cgsh_order_info.html?code=212021051405949 HTTP/1.1" 200 62008
117.185.32.26 - - [14/May/2021:10:21:21 +0800] "GET /xingrg/all/common/auto_word.html?type=employee&rest_code=00106 HTTP/1.1" 200 205
117.185.32.26 - - [14/May/2021:10:21:21 +0800] "GET /xingrg/javascript/easyui/themes/default/validatebox.css HTTP/1.1" 404 1104
117.185.32.26 - - [14/May/2021:10:21:21 +0800] "GET /xingrg/all/common/auto_word.html?type=employee&rest_code=00106 HTTP/1.1" 200 205
117.185.32.26 - - [14/May/2021:10:21:22 +0800] "POST /xingrg/kc/buy/cgsh_order_operate.html HTTP/1.1" 200 6777
116.224.253.72 - - [14/May/2021:10:21:23 +0800] "POST /xingrg/dwr/call/plaincall/AjaxQqpsService.saveMaterielItem.dwr HTTP/1.1" 200 78
116.224.253.72 - - [14/May/2021:10:21:23 +0800] "GET /xingrg/all/function/internal_message.html?_=1620958880966&CODE_STATE=getMsg HTTP/1.1" 200 27
180.169.147.146 - - [14/May/2021:10:21:23 +0800] "GET /xingrg/all/function/internal_message.html?_=1620958876327&CODE_STATE=getMsg HTTP/1.1" 200 27
120.253.135.82 - - [14/May/2021:10:21:23 +0800] "GET /xingrg/all/function/internal_message.html?_=1620958662556&CODE_STATE=getMsg HTTP/1.1" 200 27
116.230.76.31 - - [14/May/2021:10:21:24 +0800] "GET /xingrg/all/function/internal_message.html?_=1620958880144&CODE_STATE=getMsg HTTP/1.1" 200 27
117.185.32.26 - - [14/May/2021:10:21:26 +0800] "GET /xingrg/javascript/auto/indicator.gif HTTP/1.1" 404 1066
116.230.110.80 - - [14/May/2021:10:21:27 +0800] "GET /xingrg/check_reg.html?_=1620958884474 HTTP/1.1" 200 22
116.230.110.80 - - [14/May/2021:10:21:27 +0800] "GET /xingrg/all/function/internal_message.html?_=1620958884475&CODE_STATE=getMsg HTTP/1.1" 200 27
116.224.253.72 - - [14/May/2021:10:21:29 +0800] "POST /xingrg/dwr/call/plaincall/AjaxQqpsService.checkOrder.dwr HTTP/1.1" 200 78
116.224.253.72 - - [14/May/2021:10:21:30 +0800] "GET /xingrg/kc/mdqp/qqps_order_info.html?code=302021051400279 HTTP/1.1" 200 26409
116.224.253.72 - - [14/May/2021:10:21:30 +0800] "GET /xingrg/dwr/interface/AjaxComOrderService.js HTTP/1.1" 200 18264
116.224.253.72 - - [14/May/2021:10:21:30 +0800] "GET /xingrg/dwr/interface/AjaxQqpsService.js HTTP/1.1" 200 16326
116.224.253.72 - - [14/May/2021:10:21:30 +0800] "GET /xingrg/dwr/engine.js HTTP/1.1" 200 43631
180.169.147.146 - - [14/May/2021:10:21:31 +0800] "GET /xingrg/all/function/internal_message.html?_=1620958891213&CODE_STATE=getMsg HTTP/1.1" 302 -
116.224.253.72 - - [14/May/2021:10:21:31 +0800] "POST /xingrg/dwr/call/plaincall/AjaxQqpsService.loadMaterielItems.dwr HTTP/1.1" 200 10485
116.224.253.72 - - [14/May/2021:10:21:31 +0800] "GET /xingrg/images/yd/bt.gif HTTP/1.1" 404 1040
116.224.253.72 - - [14/May/2021:10:21:31 +0800] "GET /xingrg/images/yd/bt2.gif HTTP/1.1" 404 1042
180.161.124.236 - - [14/May/2021:10:21:32 +0800] "GET /xingrg/all/function/internal_message.html?_=1620958890522&CODE_STATE=getMsg HTTP/1.1" 200 27
117.185.32.26 - - [14/May/2021:10:21:34 +0800] "POST /xingrg/kc/buy/cgsh_order_operate.html HTTP/1.1" 200 37
116.224.253.72 - - [14/May/2021:10:21:36 +0800] "POST /xingrg/all/user/operate.html HTTP/1.1" 200 36
101.85.94.178 - - [14/May/2021:10:21:37 +0800] "GET /xingrg/all/function/internal_message.html?_=1620958394769&CODE_STATE=getMsg HTTP/1.1" 200 27
101.85.94.178 - - [14/May/2021:10:21:37 +0800] "GET /xingrg/check_reg.html?_=1620958394770 HTTP/1.1" 200 22
116.224.253.72 - - [14/May/2021:10:21:38 +0800] "GET /xingrg/javascript/jquery_easy_ui/themes/default/easyui.css HTTP/1.1" 304 -
116.224.253.72 - - [14/May/2021:10:21:38 +0800] "GET /xingrg/javascript/jquery_easy_ui/themes/icon.css HTTP/1.1" 304 -
116.224.253.72 - - [14/May/2021:10:21:38 +0800] "GET /xingrg/index.html?sysBaseUrl=http%3A%2F%2F180.169.147.146%3A18081%2Fxingrg%2F&costTime=43×tamp=1620953906902 HTTP/1.1" 200 17177
116.224.253.72 - - [14/May/2021:10:21:38 +0800] "GET /xingrg/css/form.css HTTP/1.1" 304 -
116.224.253.72 - - [14/May/2021:10:21:38 +0800] "GET /xingrg/javascript/jquery-1.4.2.min.js HTTP/1.1" 304 -
117.185.32.26 - - [14/May/2021:10:21:38 +0800] "POST /xingrg/kc/buy/cgsh_order_operate.html HTTP/1.1" 200 12
116.224.253.72 - - [14/May/2021:10:21:38 +0800] "GET /xingrg/javascript/jquery_easy_ui/jquery.easyui.min.js HTTP/1.1" 304 -
116.224.253.72 - - [14/May/2021:10:21:38 +0800] "GET /xingrg/javascript/jquery_easy_ui/easyui-lang-zh_CN.js HTTP/1.1" 304 -
116.224.253.72 - - [14/May/2021:10:21:38 +0800] "GET /xingrg/javascript/jquery.form.js HTTP/1.1" 304 -
116.224.253.72 - - [14/May/2021:10:21:38 +0800] "GET /xingrg/javascript/jquery.utils.js HTTP/1.1" 304 -
116.224.253.72 - - [14/May/2021:10:21:38 +0800] "GET /xingrg/javascript/jquery.timers.js HTTP/1.1" 304 -
116.224.253.72 - - [14/May/2021:10:21:38 +0800] "GET /xingrg/images/blue/jxLogo.png HTTP/1.1" 304 -
116.224.253.72 - - [14/May/2021:10:21:38 +0800] "GET /xingrg/images/blue/navBackgound.jpg HTTP/1.1" 304 -
116.224.253.72 - - [14/May/2021:10:21:38 +0800] "GET /xingrg/javascript/jquery_easy_ui/themes/icons/settle_new.png HTTP/1.1" 304 -
116.224.253.72 - - [14/May/2021:10:21:38 +0800] "GET /xingrg/images/blue/pingpu.png HTTP/1.1" 304 -
116.224.253.72 - - [14/May/2021:10:21:38 +0800] "POST /xingrg/all/common/load_tree.html?tree=area_rest_tree_json&manage=1 HTTP/1.1" 200 476
116.224.253.72 - - [14/May/2021:10:21:38 +0800] "GET /xingrg/javascript/jquery_easy_ui/themes/default/images/tabs_rightarrow.png HTTP/1.1" 304 -
116.224.253.72 - - [14/May/2021:10:21:38 +0800] "GET /xingrg/javascript/jquery_easy_ui/themes/default/images/tabs_leftarrow.png HTTP/1.1" 304 -
116.224.253.72 - - [14/May/2021:10:21:38 +0800] "GET /xingrg/javascript/jquery_easy_ui/themes/default/images/panel_tool_collapse.gif HTTP/1.1" 304 -
116.224.253.72 - - [14/May/2021:10:21:38 +0800] "GET /xingrg/all/function/internal_message.html?_=1620958882343&CODE_STATE=count HTTP/1.1" 200 11
116.224.253.72 - - [14/May/2021:10:21:38 +0800] "GET /xingrg/check_reg.html?_=1620958882343 HTTP/1.1" 200 22
116.224.253.72 - - [14/May/2021:10:21:38 +0800] "POST /xingrg/load_menu.html HTTP/1.1" 200 5138
114.86.229.133 - - [14/May/2021:10:21:40 +0800] "GET /xingrg/all/function/internal_message.html?_=1620958899190&CODE_STATE=getMsg HTTP/1.1" 200 27
117.185.32.26 - - [14/May/2021:10:21:40 +0800] "GET /xingrg/kc/buy/cgsh_order_info.html?code=212021051405949 HTTP/1.1" 200 56903
117.185.32.26 - - [14/May/2021:10:21:40 +0800] "GET /xingrg/javascript/easyui/themes/default/validatebox.css HTTP/1.1" 404 1104
116.224.253.72 - - [14/May/2021:10:21:40 +0800] "GET /xingrg/kc/mdqp/qqps_order_list.html HTTP/1.1" 200 9222
116.224.253.72 - - [14/May/2021:10:21:40 +0800] "GET /xingrg/dwr/interface/AjaxReportQueryService.js HTTP/1.1" 200 13203
116.224.253.72 - - [14/May/2021:10:21:40 +0800] "GET /xingrg/dwr/interface/AjaxQqpsService.js HTTP/1.1" 200 16326
116.224.253.72 - - [14/May/2021:10:21:40 +0800] "GET /xingrg/dwr/engine.js HTTP/1.1" 200 43631
117.185.32.26 - - [14/May/2021:10:21:41 +0800] "POST /xingrg/kc/buy/cgsh_order_operate.html HTTP/1.1" 200 4726
116.230.114.112 - - [14/May/2021:10:21:42 +0800] "GET /xingrg/all/function/internal_message.html?_=1620958914236&CODE_STATE=getMsg HTTP/1.1" 302 -
116.224.253.72 - - [14/May/2021:10:21:43 +0800] "GET /xingrg/dwr/interface/AjaxComOrderService.js HTTP/1.1" 200 18264
116.224.253.72 - - [14/May/2021:10:21:43 +0800] "GET /xingrg/dwr/interface/AjaxQqpsService.js HTTP/1.1" 200 16326
116.224.253.72 - - [14/May/2021:10:21:43 +0800] "GET /xingrg/kc/mdqp/qqps_order_add.html HTTP/1.1" 200 27499
116.224.253.72 - - [14/May/2021:10:21:43 +0800] "GET /xingrg/dwr/engine.js HTTP/1.1" 200 43631
120.204.17.70 - - [14/May/2021:10:21:44 +0800] "GET /xingrg/check_reg.html?_=1620958835096 HTTP/1.1" 302 -
117.185.32.26 - - [14/May/2021:10:21:47 +0800] "GET /xingrg/kc/print/load_config.html?kc_code=cgsh HTTP/1.1" 200 1845
120.204.17.72 - - [14/May/2021:10:21:47 +0800] "GET /xingrg/all/function/internal_message.html?_=1620958835095&CODE_STATE=count HTTP/1.1" 302 -
117.185.32.26 - - [14/May/2021:10:21:47 +0800] "GET /xingrg/kc/print/load_data.html?order_code=212021051405949&kc_code=cgsh&condition= HTTP/1.1" 200 2288
180.161.124.236 - - [14/May/2021:10:21:48 +0800] "GET /xingrg/check_reg.html?_=1620958863734 HTTP/1.1" 200 22
120.204.17.70 - - [14/May/2021:10:21:48 +0800] "GET /xingrg/login.html HTTP/1.1" 200 7641
180.161.124.236 - - [14/May/2021:10:21:49 +0800] "GET /xingrg/all/function/internal_message.html?_=1620958864765&CODE_STATE=getMsg HTTP/1.1" 200 27
114.83.217.136 - - [14/May/2021:10:21:49 +0800] "GET /xingrg/javascript/auto/indicator.gif HTTP/1.1" 404 1066
116.230.114.112 - - [14/May/2021:10:21:49 +0800] "GET /xingrg/all/function/internal_message.html?_=1620958924431&CODE_STATE=getMsg HTTP/1.1" 200 27
120.204.17.72 - - [14/May/2021:10:21:49 +0800] "GET /xingrg/login.html HTTP/1.1" 200 7641
222.69.130.65 - - [14/May/2021:10:21:52 +0800] "GET /xingrg/all/function/internal_message.html?_=1620958907497&CODE_STATE=getMsg HTTP/1.1" 200 27
116.224.253.72 - - [14/May/2021:10:21:53 +0800] "POST /xingrg/dwr/call/plaincall/AjaxQqpsService.saveOrder.dwr HTTP/1.1" 200 78
116.224.253.72 - - [14/May/2021:10:21:54 +0800] "GET /xingrg/javascript/auto/indicator.gif HTTP/1.1" 404 1066
116.224.253.72 - - [14/May/2021:10:21:56 +0800] "POST /xingrg/dwr/call/plaincall/AjaxQqpsService.getMaterielByCode.dwr HTTP/1.1" 200 2277
172.20.0.100 - - [14/May/2021:10:21:58 +0800] "GET /xingrg/all/function/internal_message.html?_=1620958915233&CODE_STATE=getMsg HTTP/1.1" 200 27
114.83.217.136 - - [14/May/2021:10:21:59 +0800] "GET /xingrg/all/function/internal_message.html?_=1620958919127&CODE_STATE=getMsg HTTP/1.1" 200 27
116.224.253.72 - - [14/May/2021:10:22:00 +0800] "POST /xingrg/dwr/call/plaincall/AjaxQqpsService.saveMaterielItem.dwr HTTP/1.1" 200 78
114.83.217.136 - - [14/May/2021:10:22:01 +0800] "GET /xingrg/kc/buy/cgsh_order_operate.html?command=get_materiel&rest_code=00154&code=00102001074&supplier_code=00100073&order_time=2021-05-12 HTTP/1.1" 200 432
120.253.135.82 - - [14/May/2021:10:22:02 +0800] "GET /xingrg/all/function/internal_message.html?_=1620958979491&CODE_STATE=getMsg HTTP/1.1" 200 27
116.224.253.72 - - [14/May/2021:10:22:04 +0800] "POST /xingrg/dwr/call/plaincall/AjaxQqpsService.getMaterielByCode.dwr HTTP/1.1" 200 2247
114.86.187.76 - - [14/May/2021:10:22:06 +0800] "GET /xingrg/check_reg.html?_=1620958923399 HTTP/1.1" 200 22
120.253.135.82 - - [14/May/2021:10:22:06 +0800] "GET /xingrg/check_reg.html?_=1620959047236 HTTP/1.1" 200 22
61.165.42.208 - - [14/May/2021:10:22:06 +0800] "GET /xingrg/all/function/internal_message.html?_=1620958925640&CODE_STATE=getMsg HTTP/1.1" 200 27
114.86.187.76 - - [14/May/2021:10:22:06 +0800] "GET /xingrg/all/function/internal_message.html?_=1620958924197&CODE_STATE=getMsg HTTP/1.1" 200 27
116.224.253.72 - - [14/May/2021:10:22:09 +0800] "POST /xingrg/dwr/call/plaincall/AjaxQqpsService.saveMaterielItem.dwr HTTP/1.1" 200 78
120.253.135.82 - - [14/May/2021:10:22:10 +0800] "GET /xingrg/all/function/internal_message.html?_=1620959051492&CODE_STATE=getMsg HTTP/1.1" 200 27
117.185.32.26 - - [14/May/2021:10:22:10 +0800] "GET /xingrg/kc/buy/cgsh_order_add.html HTTP/1.1" 200 61997
117.185.32.26 - - [14/May/2021:10:22:11 +0800] "GET /xingrg/javascript/easyui/themes/default/validatebox.css HTTP/1.1" 404 1104
117.185.32.26 - - [14/May/2021:10:22:11 +0800] "POST /xingrg/kc/buy/cgsh_order_operate.html HTTP/1.1" 200 8245
183.192.164.97 - - [14/May/2021:10:22:11 +0800] "GET /xingrg/all/function/internal_message.html?_=1620958868222&CODE_STATE=count HTTP/1.1" 302 -
117.185.32.26 - - [14/May/2021:10:22:12 +0800] "GET /xingrg/all/function/internal_message.html?_=1620958928225&CODE_STATE=getMsg HTTP/1.1" 200 27
116.224.253.72 - - [14/May/2021:10:22:12 +0800] "POST /xingrg/dwr/call/plaincall/AjaxQqpsService.checkOrder.dwr HTTP/1.1" 200 78
183.192.164.97 - - [14/May/2021:10:22:14 +0800] "GET /xingrg/login.html HTTP/1.1" 200 7641
116.224.253.72 - - [14/May/2021:10:22:15 +0800] "GET /xingrg/kc/mdqp/qqps_order_info.html?code=302021051400280 HTTP/1.1" 200 25906
116.224.253.72 - - [14/May/2021:10:22:15 +0800] "GET /xingrg/dwr/interface/AjaxQqpsService.js HTTP/1.1" 200 16326
116.224.253.72 - - [14/May/2021:10:22:15 +0800] "GET /xingrg/dwr/interface/AjaxComOrderService.js HTTP/1.1" 200 18264
116.224.253.72 - - [14/May/2021:10:22:15 +0800] "GET /xingrg/dwr/engine.js HTTP/1.1" 200 43631
116.224.253.72 - - [14/May/2021:10:22:15 +0800] "POST /xingrg/dwr/call/plaincall/AjaxQqpsService.loadMaterielItems.dwr HTTP/1.1" 200 664
58.37.225.51 - - [14/May/2021:10:22:16 +0800] "GET /xingrg/all/function/internal_message.html?_=1620958943266&CODE_STATE=getMsg HTTP/1.1" 200 27
116.224.253.72 - - [14/May/2021:10:22:23 +0800] "GET /xingrg/all/function/internal_message.html?_=1620958940972&CODE_STATE=getMsg HTTP/1.1" 200 27
120.253.135.82 - - [14/May/2021:10:22:23 +0800] "GET /xingrg/check_reg.html?_=1620958722436 HTTP/1.1" 200 22
180.169.147.146 - - [14/May/2021:10:22:23 +0800] "GET /xingrg/all/function/internal_message.html?_=1620958936284&CODE_STATE=getMsg HTTP/1.1" 200 27
120.253.135.82 - - [14/May/2021:10:22:23 +0800] "GET /xingrg/all/function/internal_message.html?_=1620958722570&CODE_STATE=getMsg HTTP/1.1" 200 27
116.230.76.31 - - [14/May/2021:10:22:24 +0800] "GET /xingrg/all/function/internal_message.html?_=1620958940137&CODE_STATE=getMsg HTTP/1.1" 200 27
116.230.110.80 - - [14/May/2021:10:22:27 +0800] "GET /xingrg/all/function/internal_message.html?_=1620958944491&CODE_STATE=getMsg HTTP/1.1" 200 27
117.185.32.26 - - [14/May/2021:10:22:30 +0800] "GET /xingrg/javascript/easyui/themes/default/tree.css HTTP/1.1" 404 1090
117.185.32.26 - - [14/May/2021:10:22:30 +0800] "POST /xingrg/all/common/load_tree.html?tree=supplier_tree_json&isDelete=1 HTTP/1.1" 200 55318
180.169.147.146 - - [14/May/2021:10:22:31 +0800] "GET /xingrg/all/function/internal_message.html?_=1620958951216&CODE_STATE=getMsg HTTP/1.1" 302 -
180.161.124.236 - - [14/May/2021:10:22:32 +0800] "GET /xingrg/all/function/internal_message.html?_=1620958950554&CODE_STATE=getMsg HTTP/1.1" 200 27
101.85.94.178 - - [14/May/2021:10:22:37 +0800] "GET /xingrg/all/function/internal_message.html?_=1620958454768&CODE_STATE=getMsg HTTP/1.1" 200 27
116.224.253.72 - - [14/May/2021:10:22:38 +0800] "GET /xingrg/all/function/internal_message.html?_=1620958942357&CODE_STATE=getMsg HTTP/1.1" 200 27
114.86.229.133 - - [14/May/2021:10:22:40 +0800] "GET /xingrg/check_reg.html?_=1620958959194 HTTP/1.1" 200 22
114.86.229.133 - - [14/May/2021:10:22:40 +0800] "GET /xingrg/all/function/internal_message.html?_=1620958959201&CODE_STATE=getMsg HTTP/1.1" 200 27
116.230.114.112 - - [14/May/2021:10:22:42 +0800] "GET /xingrg/all/function/internal_message.html?_=1620958974243&CODE_STATE=getMsg HTTP/1.1" 302 -
116.230.110.80 - - [14/May/2021:10:22:44 +0800] "GET /favicon.ico HTTP/1.1" 404 -
222.69.130.65 - - [14/May/2021:10:22:46 +0800] "GET /xingrg/check_reg.html?_=1620958962196 HTTP/1.1" 200 22
180.161.124.236 - - [14/May/2021:10:22:49 +0800] "GET /xingrg/all/function/internal_message.html?_=1620958924785&CODE_STATE=getMsg HTTP/1.1" 200 27
116.230.114.112 - - [14/May/2021:10:22:49 +0800] "GET /xingrg/all/function/internal_message.html?_=1620958984589&CODE_STATE=getMsg HTTP/1.1" 200 27
222.69.130.65 - - [14/May/2021:10:22:52 +0800] "GET /xingrg/all/function/internal_message.html?_=1620958967476&CODE_STATE=getMsg HTTP/1.1" 200 27
117.185.32.26 - - [14/May/2021:10:22:53 +0800] "GET /xingrg/kc/buy/cgsh_order_operate.html?command=get_materiel&rest_code=00106&code=00101009050&supplier_code=00100022&order_time=2021-05-14 HTTP/1.1" 200 410
172.20.0.100 - - [14/May/2021:10:22:58 +0800] "GET /xingrg/all/function/internal_message.html?_=1620958975235&CODE_STATE=getMsg HTTP/1.1" 200 27
172.20.0.100 - - [14/May/2021:10:22:58 +0800] "GET /xingrg/check_reg.html?_=1620958975236 HTTP/1.1" 200 22
114.83.217.136 - - [14/May/2021:10:22:59 +0800] "GET /xingrg/all/function/internal_message.html?_=1620958979139&CODE_STATE=getMsg HTTP/1.1" 200 27
116.224.253.72 - - [14/May/2021:10:23:01 +0800] "POST /xingrg/all/user/operate.html HTTP/1.1" 200 36
116.224.253.72 - - [14/May/2021:10:23:01 +0800] "GET /xingrg/index.html?sysBaseUrl=http%3A%2F%2F180.169.147.146%3A18081%2Fxingrg%2F&costTime=43×tamp=1620953906902 HTTP/1.1" 200 17179
116.224.253.72 - - [14/May/2021:10:23:01 +0800] "GET /xingrg/javascript/jquery_easy_ui/themes/default/easyui.css HTTP/1.1" 304 -
116.224.253.72 - - [14/May/2021:10:23:01 +0800] "GET /xingrg/javascript/jquery_easy_ui/themes/icon.css HTTP/1.1" 304 -
116.224.253.72 - - [14/May/2021:10:23:01 +0800] "GET /xingrg/css/form.css HTTP/1.1" 304 -
116.224.253.72 - - [14/May/2021:10:23:01 +0800] "GET /xingrg/javascript/jquery-1.4.2.min.js HTTP/1.1" 304 -
116.224.253.72 - - [14/May/2021:10:23:01 +0800] "GET /xingrg/javascript/jquery_easy_ui/jquery.easyui.min.js HTTP/1.1" 304 -
116.224.253.72 - - [14/May/2021:10:23:01 +0800] "GET /xingrg/javascript/jquery_easy_ui/easyui-lang-zh_CN.js HTTP/1.1" 304 -
116.224.253.72 - - [14/May/2021:10:23:01 +0800] "GET /xingrg/javascript/jquery.form.js HTTP/1.1" 304 -
116.224.253.72 - - [14/May/2021:10:23:01 +0800] "GET /xingrg/javascript/jquery.utils.js HTTP/1.1" 304 -
116.224.253.72 - - [14/May/2021:10:23:01 +0800] "GET /xingrg/javascript/jquery.timers.js HTTP/1.1" 304 -
116.224.253.72 - - [14/May/2021:10:23:01 +0800] "GET /xingrg/images/blue/navBackgound.jpg HTTP/1.1" 304 -
116.224.253.72 - - [14/May/2021:10:23:01 +0800] "GET /xingrg/images/blue/jxLogo.png HTTP/1.1" 304 -
116.224.253.72 - - [14/May/2021:10:23:01 +0800] "GET /xingrg/javascript/jquery_easy_ui/themes/icons/settle_new.png HTTP/1.1" 304 -
116.224.253.72 - - [14/May/2021:10:23:02 +0800] "GET /xingrg/images/blue/pingpu.png HTTP/1.1" 304 -
116.224.253.72 - - [14/May/2021:10:23:02 +0800] "GET /xingrg/javascript/jquery_easy_ui/themes/default/images/tabs_leftarrow.png HTTP/1.1" 304 -
116.224.253.72 - - [14/May/2021:10:23:02 +0800] "POST /xingrg/all/common/load_tree.html?tree=area_rest_tree_json&manage=1 HTTP/1.1" 200 476
116.224.253.72 - - [14/May/2021:10:23:02 +0800] "GET /xingrg/javascript/jquery_easy_ui/themes/default/images/tabs_rightarrow.png HTTP/1.1" 304 -
116.224.253.72 - - [14/May/2021:10:23:02 +0800] "GET /xingrg/javascript/jquery_easy_ui/themes/default/images/panel_tool_collapse.gif HTTP/1.1" 304 -
116.224.253.72 - - [14/May/2021:10:23:02 +0800] "GET /xingrg/all/function/internal_message.html?_=1620958966078&CODE_STATE=count HTTP/1.1" 200 11
116.224.253.72 - - [14/May/2021:10:23:02 +0800] "GET /xingrg/check_reg.html?_=1620958966079 HTTP/1.1" 200 22
116.224.253.72 - - [14/May/2021:10:23:02 +0800] "POST /xingrg/load_menu.html HTTP/1.1" 200 5138
120.253.135.82 - - [14/May/2021:10:23:02 +0800] "GET /xingrg/all/function/internal_message.html?_=1620959039511&CODE_STATE=getMsg HTTP/1.1" 200 27
116.224.253.72 - - [14/May/2021:10:23:05 +0800] "GET /xingrg/kc/mdqp/qqps_order_list.html HTTP/1.1" 200 9676
116.224.253.72 - - [14/May/2021:10:23:05 +0800] "GET /xingrg/dwr/interface/AjaxReportQueryService.js HTTP/1.1" 200 13203
116.224.253.72 - - [14/May/2021:10:23:05 +0800] "GET /xingrg/dwr/interface/AjaxQqpsService.js HTTP/1.1" 200 16326
116.224.253.72 - - [14/May/2021:10:23:05 +0800] "GET /xingrg/dwr/engine.js HTTP/1.1" 200 43631
61.165.42.208 - - [14/May/2021:10:23:06 +0800] "GET /xingrg/all/function/internal_message.html?_=1620958985610&CODE_STATE=getMsg HTTP/1.1" 200 27
114.86.187.76 - - [14/May/2021:10:23:06 +0800] "GET /xingrg/all/function/internal_message.html?_=1620958984215&CODE_STATE=getMsg HTTP/1.1" 200 27
116.224.253.72 - - [14/May/2021:10:23:07 +0800] "GET /xingrg/kc/mdqp/qqps_order_info.html?code=302021051400279 HTTP/1.1" 200 26409
116.224.253.72 - - [14/May/2021:10:23:07 +0800] "GET /xingrg/dwr/interface/AjaxQqpsService.js HTTP/1.1" 200 16326
116.224.253.72 - - [14/May/2021:10:23:07 +0800] "GET /xingrg/dwr/interface/AjaxComOrderService.js HTTP/1.1" 200 18264
116.224.253.72 - - [14/May/2021:10:23:07 +0800] "GET /xingrg/dwr/engine.js HTTP/1.1" 200 43631
116.224.253.72 - - [14/May/2021:10:23:08 +0800] "POST /xingrg/dwr/call/plaincall/AjaxQqpsService.loadMaterielItems.dwr HTTP/1.1" 200 10485
120.204.17.73 - - [14/May/2021:10:23:09 +0800] "GET /xingrg/kc/buy/cgsh_order_add.html HTTP/1.1" 302 -
116.224.253.72 - - [14/May/2021:10:23:10 +0800] "POST /xingrg/dwr/call/plaincall/AjaxQqpsService.uncheckOrder.dwr HTTP/1.1" 200 78
120.253.135.82 - - [14/May/2021:10:23:10 +0800] "GET /xingrg/all/function/internal_message.html?_=1620959111506&CODE_STATE=getMsg HTTP/1.1" 200 27
116.224.253.72 - - [14/May/2021:10:23:11 +0800] "GET /xingrg/css/blue.css HTTP/1.1" 304 -
116.224.253.72 - - [14/May/2021:10:23:11 +0800] "GET /xingrg/kc/mdqp/qqps_order_info.html?code=302021051400279 HTTP/1.1" 200 28164
116.224.253.72 - - [14/May/2021:10:23:11 +0800] "GET /xingrg/javascript/auto/jquery.autocomplete.css HTTP/1.1" 304 -
116.224.253.72 - - [14/May/2021:10:23:11 +0800] "GET /xingrg/javascript/jquery-1.4.2.min.js HTTP/1.1" 304 -
116.224.253.72 - - [14/May/2021:10:23:11 +0800] "GET /xingrg/javascript/myfunction.js HTTP/1.1" 304 -
116.224.253.72 - - [14/May/2021:10:23:11 +0800] "GET /xingrg/javascript/Calendar.js HTTP/1.1" 304 -
116.224.253.72 - - [14/May/2021:10:23:11 +0800] "GET /xingrg/javascript/AjaxInfoList.js HTTP/1.1" 304 -
116.224.253.72 - - [14/May/2021:10:23:11 +0800] "GET /xingrg/javascript/jquery_easy_ui/easyui-lang-zh_CN.js HTTP/1.1" 304 -
