180.169.147.146 - - [14/May/2021:10:29:23 +0800] "POST /xingrg/dwr/call/plaincall/AjaxBaseInfoService.getMaterielInfo.dwr HTTP/1.1" 200 600
180.169.147.146 - - [14/May/2021:10:29:23 +0800] "POST /xingrg/all/common/load_tree.html?tree=area_rest_tree_json&defaultRests=undefined HTTP/1.1" 200 3344
116.224.253.72 - - [14/May/2021:10:29:23 +0800] "GET /xingrg/all/function/internal_message.html?_=1620959361021&CODE_STATE=getMsg HTTP/1.1" 200 27
120.253.135.82 - - [14/May/2021:10:29:24 +0800] "GET /xingrg/all/function/internal_message.html?_=1620959142665&CODE_STATE=getMsg HTTP/1.1" 200 27
116.230.76.31 - - [14/May/2021:10:29:24 +0800] "GET /xingrg/all/function/internal_message.html?_=1620959359965&CODE_STATE=getMsg HTTP/1.1" 200 27
116.230.110.80 - - [14/May/2021:10:29:27 +0800] "GET /xingrg/all/function/internal_message.html?_=1620959364486&CODE_STATE=getMsg HTTP/1.1" 200 27
116.224.253.72 - - [14/May/2021:10:29:28 +0800] "POST /xingrg/kc/buy/cgsh_order_operate.html HTTP/1.1" 200 12
180.169.147.146 - - [14/May/2021:10:29:29 +0800] "POST /xingrg/dwr/call/plaincall/AjaxBaseInfoService.getMateriels.dwr HTTP/1.1" 200 2952
116.224.253.72 - - [14/May/2021:10:29:29 +0800] "GET /xingrg/kc/buy/cgsh_order_info.html?code=212021051405957 HTTP/1.1" 200 61916
116.224.253.72 - - [14/May/2021:10:29:29 +0800] "GET /xingrg/javascript/easyui/themes/default/validatebox.css HTTP/1.1" 404 1104
116.224.253.72 - - [14/May/2021:10:29:30 +0800] "POST /xingrg/kc/buy/cgsh_order_operate.html HTTP/1.1" 200 2666
180.169.147.146 - - [14/May/2021:10:29:31 +0800] "GET /xingrg/system/info/materiel_info.html?code=00101005&isAdd=1 HTTP/1.1" 200 34647
180.169.147.146 - - [14/May/2021:10:29:31 +0800] "GET /xingrg/dwr/engine.js HTTP/1.1" 200 43631
180.169.147.146 - - [14/May/2021:10:29:31 +0800] "GET /favicon.ico HTTP/1.1" 404 -
180.169.147.146 - - [14/May/2021:10:29:31 +0800] "POST /xingrg/all/common/load_tree.html?tree=area_rest_tree_json HTTP/1.1" 200 3344
180.169.147.146 - - [14/May/2021:10:29:31 +0800] "POST /xingrg/dwr/call/plaincall/AjaxBaseInfoService.getMaterielInfo.dwr HTTP/1.1" 200 216
180.169.147.146 - - [14/May/2021:10:29:31 +0800] "POST /xingrg/all/common/load_tree.html?tree=area_rest_tree_json&defaultRests=undefined HTTP/1.1" 200 3344
180.161.124.236 - - [14/May/2021:10:29:31 +0800] "GET /xingrg/check_reg.html?_=1620959370179 HTTP/1.1" 200 22
180.161.124.236 - - [14/May/2021:10:29:32 +0800] "GET /xingrg/all/function/internal_message.html?_=1620959370662&CODE_STATE=getMsg HTTP/1.1" 200 27
101.85.94.178 - - [14/May/2021:10:29:37 +0800] "GET /xingrg/all/function/internal_message.html?_=1620958874776&CODE_STATE=getMsg HTTP/1.1" 200 27
114.86.229.133 - - [14/May/2021:10:29:40 +0800] "GET /xingrg/all/function/internal_message.html?_=1620959379216&CODE_STATE=getMsg HTTP/1.1" 200 27
116.224.253.72 - - [14/May/2021:10:29:41 +0800] "GET /xingrg/kc/mdqp/qqps_order_add.html HTTP/1.1" 200 28002
116.224.253.72 - - [14/May/2021:10:29:41 +0800] "GET /xingrg/dwr/interface/AjaxComOrderService.js HTTP/1.1" 200 18264
116.224.253.72 - - [14/May/2021:10:29:41 +0800] "GET /xingrg/dwr/interface/AjaxQqpsService.js HTTP/1.1" 200 16326
116.224.253.72 - - [14/May/2021:10:29:41 +0800] "GET /xingrg/dwr/engine.js HTTP/1.1" 200 43631
180.169.147.146 - - [14/May/2021:10:29:42 +0800] "POST /xingrg/dwr/call/plaincall/AjaxGetFirstChart.getFirstChart.dwr HTTP/1.1" 200 80
116.230.114.112 - - [14/May/2021:10:29:42 +0800] "GET /xingrg/all/function/internal_message.html?_=1620959394346&CODE_STATE=getMsg HTTP/1.1" 302 -
180.169.147.146 - - [14/May/2021:10:29:46 +0800] "POST /xingrg/dwr/call/plaincall/AjaxBaseInfoService.changeUnitGroup.dwr HTTP/1.1" 200 243
116.224.253.72 - - [14/May/2021:10:29:48 +0800] "GET /xingrg/kc/buy/cgsh_order_add.html HTTP/1.1" 200 61915
116.230.114.112 - - [14/May/2021:10:29:48 +0800] "GET /xingrg/check_reg.html?_=1620959403004 HTTP/1.1" 200 22
116.224.253.72 - - [14/May/2021:10:29:48 +0800] "POST /xingrg/kc/buy/cgsh_order_operate.html HTTP/1.1" 200 8245
116.224.253.72 - - [14/May/2021:10:29:48 +0800] "GET /xingrg/javascript/easyui/themes/default/validatebox.css HTTP/1.1" 404 1104
180.161.124.236 - - [14/May/2021:10:29:48 +0800] "GET /xingrg/all/function/internal_message.html?_=1620959344882&CODE_STATE=getMsg HTTP/1.1" 200 27
116.230.114.112 - - [14/May/2021:10:29:49 +0800] "GET /xingrg/all/function/internal_message.html?_=1620959404820&CODE_STATE=getMsg HTTP/1.1" 200 27
180.169.147.146 - - [14/May/2021:10:29:50 +0800] "POST /xingrg/dwr/call/plaincall/AjaxBaseInfoService.saveMateriel.dwr HTTP/1.1" 200 108
180.169.147.146 - - [14/May/2021:10:29:51 +0800] "POST /xingrg/dwr/call/plaincall/AjaxBaseInfoService.getMateriels.dwr HTTP/1.1" 200 2952
222.69.130.65 - - [14/May/2021:10:29:51 +0800] "GET /xingrg/all/function/internal_message.html?_=1620959387336&CODE_STATE=getMsg HTTP/1.1" 200 27
180.161.124.236 - - [14/May/2021:10:29:53 +0800] "GET /xingrg/javascript/easyui/plugins/jquery.draggable.js HTTP/1.1" 304 -
180.161.124.236 - - [14/May/2021:10:29:53 +0800] "GET /xingrg/css/images/panel_loading.gif HTTP/1.1" 304 -
180.169.147.146 - - [14/May/2021:10:29:53 +0800] "GET /xingrg/system/info/materiel_info.html?code=00101005&isAdd=1 HTTP/1.1" 200 34647
180.169.147.146 - - [14/May/2021:10:29:53 +0800] "GET /xingrg/dwr/interface/AjaxGetFirstChart.js HTTP/1.1" 200 631
180.169.147.146 - - [14/May/2021:10:29:53 +0800] "GET /xingrg/dwr/interface/AjaxBaseInfoService.js HTTP/1.1" 200 21363
180.169.147.146 - - [14/May/2021:10:29:53 +0800] "GET /xingrg/dwr/interface/AjaxComOrderService.js HTTP/1.1" 200 18264
180.169.147.146 - - [14/May/2021:10:29:53 +0800] "GET /xingrg/dwr/engine.js HTTP/1.1" 200 43631
180.169.147.146 - - [14/May/2021:10:29:53 +0800] "POST /xingrg/all/common/load_tree.html?tree=area_rest_tree_json HTTP/1.1" 200 3344
180.169.147.146 - - [14/May/2021:10:29:53 +0800] "POST /xingrg/dwr/call/plaincall/AjaxBaseInfoService.getMaterielInfo.dwr HTTP/1.1" 200 216
180.169.147.146 - - [14/May/2021:10:29:53 +0800] "POST /xingrg/all/common/load_tree.html?tree=area_rest_tree_json&defaultRests=undefined HTTP/1.1" 200 3344
180.161.124.236 - - [14/May/2021:10:29:53 +0800] "GET /xingrg/javascript/easyui/plugins/jquery.droppable.js HTTP/1.1" 304 -
116.224.253.72 - - [14/May/2021:10:29:53 +0800] "POST /xingrg/dwr/call/plaincall/AjaxQqpsService.saveOrder.dwr HTTP/1.1" 200 78
180.161.124.236 - - [14/May/2021:10:29:54 +0800] "GET /xingrg/javascript/easyui/themes/default/tree.css HTTP/1.1" 404 1090
180.161.124.236 - - [14/May/2021:10:29:54 +0800] "GET /xingrg/javascript/easyui/plugins/jquery.tree.js HTTP/1.1" 304 -
180.161.124.236 - - [14/May/2021:10:29:54 +0800] "POST /xingrg/all/common/load_tree.html?tree=supplier_tree_json&isDelete=1 HTTP/1.1" 200 55318
180.169.147.146 - - [14/May/2021:10:29:54 +0800] "GET /xingrg/all/function/internal_message.html?_=1620959394834&CODE_STATE=getMsg HTTP/1.1" 200 27
172.20.0.100 - - [14/May/2021:10:29:58 +0800] "GET /xingrg/all/function/internal_message.html?_=1620959395240&CODE_STATE=getMsg HTTP/1.1" 200 27
116.224.253.72 - - [14/May/2021:10:29:58 +0800] "GET /xingrg/javascript/auto/indicator.gif HTTP/1.1" 404 1066
180.161.124.236 - - [14/May/2021:10:29:58 +0800] "GET /xingrg/javascript/easyui/themes/default/images/tree_arrows.gif HTTP/1.1" 304 -
180.161.124.236 - - [14/May/2021:10:29:59 +0800] "GET /xingrg/javascript/easyui/themes/default/images/tree_folder_open.gif HTTP/1.1" 304 -
114.83.217.136 - - [14/May/2021:10:29:59 +0800] "GET /xingrg/all/function/internal_message.html?_=1620959399133&CODE_STATE=getMsg HTTP/1.1" 200 27
180.161.124.236 - - [14/May/2021:10:29:59 +0800] "GET /xingrg/javascript/easyui/themes/default/images/tree_folder.gif HTTP/1.1" 304 -
180.161.124.236 - - [14/May/2021:10:29:59 +0800] "GET /xingrg/javascript/easyui/themes/default/images/tree_file.gif HTTP/1.1" 304 -
116.224.253.72 - - [14/May/2021:10:30:01 +0800] "POST /xingrg/dwr/call/plaincall/AjaxQqpsService.getMaterielByCode.dwr HTTP/1.1" 200 3634
116.224.253.72 - - [14/May/2021:10:30:02 +0800] "GET /xingrg/all/function/internal_message.html?_=1620959386164&CODE_STATE=getMsg HTTP/1.1" 200 27
120.253.135.82 - - [14/May/2021:10:30:02 +0800] "GET /xingrg/all/function/internal_message.html?_=1620959459621&CODE_STATE=getMsg HTTP/1.1" 200 27
116.224.253.72 - - [14/May/2021:10:30:03 +0800] "POST /xingrg/dwr/call/plaincall/AjaxQqpsService.saveMaterielItem.dwr HTTP/1.1" 200 78
61.165.42.208 - - [14/May/2021:10:30:06 +0800] "GET /xingrg/all/function/internal_message.html?_=1620959405436&CODE_STATE=getMsg HTTP/1.1" 200 27
114.86.187.76 - - [14/May/2021:10:30:07 +0800] "GET /xingrg/all/function/internal_message.html?_=1620959404494&CODE_STATE=getMsg HTTP/1.1" 200 27
61.165.42.208 - - [14/May/2021:10:30:07 +0800] "GET /xingrg/check_reg.html?_=1620959406531 HTTP/1.1" 200 22
180.161.124.236 - - [14/May/2021:10:30:09 +0800] "GET /xingrg/javascript/auto/indicator.gif HTTP/1.1" 404 1066
120.253.135.82 - - [14/May/2021:10:30:11 +0800] "GET /xingrg/all/function/internal_message.html?_=1620959531616&CODE_STATE=getMsg HTTP/1.1" 200 27
120.204.17.73 - - [14/May/2021:10:30:11 +0800] "GET /xingrg/all/function/internal_message.html?_=1620959348277&CODE_STATE=getMsg HTTP/1.1" 302 -
180.161.124.236 - - [14/May/2021:10:30:12 +0800] "GET /xingrg/kc/buy/cgsh_order_operate.html?command=get_materiel&rest_code=00102&code=00101009010&supplier_code=00100424&order_time=2021-05-14 HTTP/1.1" 200 412
120.204.17.73 - - [14/May/2021:10:30:12 +0800] "GET /xingrg/login.html HTTP/1.1" 200 7641
117.185.32.26 - - [14/May/2021:10:30:12 +0800] "GET /xingrg/all/function/internal_message.html?_=1620959408248&CODE_STATE=getMsg HTTP/1.1" 200 27
116.224.253.72 - - [14/May/2021:10:30:13 +0800] "POST /xingrg/dwr/call/plaincall/AjaxQqpsService.getMaterielByCode.dwr HTTP/1.1" 200 3632
58.37.225.51 - - [14/May/2021:10:30:16 +0800] "GET /xingrg/all/function/internal_message.html?_=1620959423283&CODE_STATE=getMsg HTTP/1.1" 200 27
180.161.124.236 - - [14/May/2021:10:30:22 +0800] "GET /xingrg/kc/buy/cgsh_order_operate.html?command=get_materiel&rest_code=00102&code=00101009011&supplier_code=00100424&order_time=2021-05-14 HTTP/1.1" 200 416
116.224.253.72 - - [14/May/2021:10:30:23 +0800] "GET /xingrg/all/function/internal_message.html?_=1620959421038&CODE_STATE=getMsg HTTP/1.1" 200 27
120.253.135.82 - - [14/May/2021:10:30:24 +0800] "GET /xingrg/all/function/internal_message.html?_=1620959202689&CODE_STATE=getMsg HTTP/1.1" 200 27
116.230.76.31 - - [14/May/2021:10:30:24 +0800] "GET /xingrg/all/function/internal_message.html?_=1620959419947&CODE_STATE=getMsg HTTP/1.1" 200 27
116.230.110.80 - - [14/May/2021:10:30:27 +0800] "GET /xingrg/all/function/internal_message.html?_=1620959424483&CODE_STATE=getMsg HTTP/1.1" 200 27
116.224.253.72 - - [14/May/2021:10:30:28 +0800] "POST /xingrg/dwr/call/plaincall/AjaxQqpsService.saveMaterielItem.dwr HTTP/1.1" 200 78
116.230.114.112 - - [14/May/2021:10:30:29 +0800] "GET /xingrg/check_reg.html?_=1620959441559 HTTP/1.1" 302 -
180.161.124.236 - - [14/May/2021:10:30:29 +0800] "GET /xingrg/kc/buy/cgsh_order_operate.html?command=get_materiel&rest_code=00102&code=00101009109&supplier_code=00100424&order_time=2021-05-14 HTTP/1.1" 200 399
180.161.124.236 - - [14/May/2021:10:30:32 +0800] "GET /xingrg/all/function/internal_message.html?_=1620959430676&CODE_STATE=getMsg HTTP/1.1" 200 27
58.221.95.50 - - [14/May/2021:10:30:35 +0800] "GET /xingrg/check_reg.html?_=1620959432689 HTTP/1.1" 302 -
101.85.94.178 - - [14/May/2021:10:30:37 +0800] "GET /xingrg/all/function/internal_message.html?_=1620958934775&CODE_STATE=getMsg HTTP/1.1" 200 27
114.86.229.133 - - [14/May/2021:10:30:40 +0800] "GET /xingrg/all/function/internal_message.html?_=1620959439222&CODE_STATE=getMsg HTTP/1.1" 200 27
116.224.253.72 - - [14/May/2021:10:30:41 +0800] "POST /xingrg/dwr/call/plaincall/AjaxQqpsService.checkOrder.dwr HTTP/1.1" 200 78
116.230.114.112 - - [14/May/2021:10:30:42 +0800] "GET /xingrg/all/function/internal_message.html?_=1620959454352&CODE_STATE=getMsg HTTP/1.1" 302 -
117.185.32.26 - - [14/May/2021:10:30:42 +0800] "POST /xingrg/kc/buy/cgsh_order_operate.html HTTP/1.1" 200 75
116.224.253.72 - - [14/May/2021:10:30:42 +0800] "GET /xingrg/kc/mdqp/qqps_order_info.html?code=302021051400282 HTTP/1.1" 200 26409
116.224.253.72 - - [14/May/2021:10:30:42 +0800] "GET /xingrg/dwr/interface/AjaxQqpsService.js HTTP/1.1" 200 16326
116.224.253.72 - - [14/May/2021:10:30:42 +0800] "GET /xingrg/dwr/interface/AjaxComOrderService.js HTTP/1.1" 200 18264
116.224.253.72 - - [14/May/2021:10:30:42 +0800] "GET /xingrg/dwr/engine.js HTTP/1.1" 200 43631
116.224.253.72 - - [14/May/2021:10:30:43 +0800] "GET /xingrg/words/20210514102950_words.js HTTP/1.1" 200 812663
116.224.253.72 - - [14/May/2021:10:30:43 +0800] "POST /xingrg/dwr/call/plaincall/AjaxQqpsService.loadMaterielItems.dwr HTTP/1.1" 200 652
120.253.135.82 - - [14/May/2021:10:30:48 +0800] "GET /xingrg/check_reg.html?_=1620959504997 HTTP/1.1" 200 22
116.224.253.72 - - [14/May/2021:10:30:49 +0800] "GET /xingrg/kc/mdqp/qqps_order_list.html?isBack=1 HTTP/1.1" 200 10521
116.224.253.72 - - [14/May/2021:10:30:49 +0800] "GET /xingrg/dwr/interface/AjaxReportQueryService.js HTTP/1.1" 200 13203
116.224.253.72 - - [14/May/2021:10:30:49 +0800] "GET /xingrg/dwr/interface/AjaxQqpsService.js HTTP/1.1" 200 16326
116.224.253.72 - - [14/May/2021:10:30:49 +0800] "GET /xingrg/dwr/engine.js HTTP/1.1" 200 43631
180.161.124.236 - - [14/May/2021:10:30:49 +0800] "GET /xingrg/all/function/internal_message.html?_=1620959405681&CODE_STATE=getMsg HTTP/1.1" 200 27
117.185.32.26 - - [14/May/2021:10:30:49 +0800] "POST /xingrg/kc/buy/cgsh_order_operate.html HTTP/1.1" 200 37
116.230.114.112 - - [14/May/2021:10:30:49 +0800] "GET /xingrg/all/function/internal_message.html?_=1620959464835&CODE_STATE=getMsg HTTP/1.1" 200 27
117.185.32.26 - - [14/May/2021:10:30:50 +0800] "POST /xingrg/kc/buy/cgsh_order_operate.html HTTP/1.1" 200 5638
222.69.130.65 - - [14/May/2021:10:30:51 +0800] "GET /xingrg/all/function/internal_message.html?_=1620959447313&CODE_STATE=getMsg HTTP/1.1" 200 27
180.161.124.236 - - [14/May/2021:10:30:52 +0800] "GET /xingrg/kc/buy/cgsh_order_operate.html?command=get_materiel&rest_code=00102&code=00101009016&supplier_code=00100424&order_time=2021-05-14 HTTP/1.1" 200 412
180.169.147.146 - - [14/May/2021:10:30:54 +0800] "GET /xingrg/all/function/internal_message.html?_=1620959454836&CODE_STATE=getMsg HTTP/1.1" 200 27
116.224.253.72 - - [14/May/2021:10:30:55 +0800] "GET /xingrg/kc/buy/cgsh_order_operate.html?command=get_materiel&rest_code=00150&code=00102006423&supplier_code=&order_time=2021-05-14 HTTP/1.1" 200 412
172.20.0.100 - - [14/May/2021:10:30:58 +0800] "GET /xingrg/all/function/internal_message.html?_=1620959455245&CODE_STATE=getMsg HTTP/1.1" 200 27
114.83.217.136 - - [14/May/2021:10:30:59 +0800] "GET /xingrg/all/function/internal_message.html?_=1620959459128&CODE_STATE=getMsg HTTP/1.1" 200 27
180.161.124.236 - - [14/May/2021:10:31:01 +0800] "GET /xingrg/kc/buy/cgsh_order_operate.html?command=get_materiel&rest_code=00102&code=00101009013&supplier_code=00100424&order_time=2021-05-14 HTTP/1.1" 200 420
116.224.253.72 - - [14/May/2021:10:31:02 +0800] "GET /xingrg/all/function/internal_message.html?_=1620959446179&CODE_STATE=getMsg HTTP/1.1" 200 27
120.253.135.82 - - [14/May/2021:10:31:02 +0800] "GET /xingrg/all/function/internal_message.html?_=1620959519630&CODE_STATE=getMsg HTTP/1.1" 200 27
61.165.42.208 - - [14/May/2021:10:31:06 +0800] "GET /xingrg/all/function/internal_message.html?_=1620959465417&CODE_STATE=getMsg HTTP/1.1" 200 27
116.224.253.72 - - [14/May/2021:10:31:06 +0800] "GET /xingrg/kc/buy/cgsh_order_operate.html?command=get_materiel&rest_code=00150&code=00102006868&supplier_code=&order_time=2021-05-14 HTTP/1.1" 200 408
114.86.187.76 - - [14/May/2021:10:31:07 +0800] "GET /xingrg/all/function/internal_message.html?_=1620959464506&CODE_STATE=getMsg HTTP/1.1" 200 27
180.161.124.236 - - [14/May/2021:10:31:10 +0800] "GET /xingrg/kc/buy/cgsh_order_operate.html?command=get_materiel&rest_code=00102&code=00101009007&supplier_code=00100424&order_time=2021-05-14 HTTP/1.1" 200 408
120.253.135.82 - - [14/May/2021:10:31:11 +0800] "GET /xingrg/all/function/internal_message.html?_=1620959591646&CODE_STATE=getMsg HTTP/1.1" 200 27
117.185.32.26 - - [14/May/2021:10:31:12 +0800] "GET /xingrg/all/function/internal_message.html?_=1620959468257&CODE_STATE=getMsg HTTP/1.1" 200 27
117.185.32.26 - - [14/May/2021:10:31:12 +0800] "GET /xingrg/check_reg.html?_=1620959468256 HTTP/1.1" 200 22
58.37.225.51 - - [14/May/2021:10:31:16 +0800] "GET /xingrg/all/function/internal_message.html?_=1620959483285&CODE_STATE=getMsg HTTP/1.1" 200 27
116.224.253.72 - - [14/May/2021:10:31:23 +0800] "GET /xingrg/all/function/internal_message.html?_=1620959481033&CODE_STATE=getMsg HTTP/1.1" 200 27
180.169.147.146 - - [14/May/2021:10:31:23 +0800] "GET /xingrg/all/function/internal_message.html?_=1620959476173&CODE_STATE=getMsg HTTP/1.1" 200 27
120.253.135.82 - - [14/May/2021:10:31:24 +0800] "GET /xingrg/all/function/internal_message.html?_=1620959262692&CODE_STATE=getMsg HTTP/1.1" 200 27
116.230.76.31 - - [14/May/2021:10:31:24 +0800] "GET /xingrg/all/function/internal_message.html?_=1620959479927&CODE_STATE=getMsg HTTP/1.1" 200 27
116.230.110.80 - - [14/May/2021:10:31:27 +0800] "GET /xingrg/check_reg.html?_=1620959484481 HTTP/1.1" 200 22
116.230.110.80 - - [14/May/2021:10:31:27 +0800] "GET /xingrg/all/function/internal_message.html?_=1620959484490&CODE_STATE=getMsg HTTP/1.1" 200 27
180.161.124.236 - - [14/May/2021:10:31:31 +0800] "GET /xingrg/kc/buy/cgsh_order_operate.html?command=get_materiel&rest_code=00102&code=00101009063&supplier_code=00100424&order_time=2021-05-14 HTTP/1.1" 200 410
180.161.124.236 - - [14/May/2021:10:31:32 +0800] "GET /xingrg/all/function/internal_message.html?_=1620959490689&CODE_STATE=getMsg HTTP/1.1" 200 27
101.85.94.178 - - [14/May/2021:10:31:37 +0800] "GET /xingrg/all/function/internal_message.html?_=1620958994775&CODE_STATE=getMsg HTTP/1.1" 200 27
101.85.94.178 - - [14/May/2021:10:31:37 +0800] "GET /xingrg/check_reg.html?_=1620958994776 HTTP/1.1" 200 22
116.224.253.72 - - [14/May/2021:10:31:39 +0800] "GET /xingrg/kc/buy/cgsh_order_operate.html?command=get_materiel&rest_code=00150&code=00102005704&supplier_code=&order_time=2021-05-14 HTTP/1.1" 200 428
114.86.229.133 - - [14/May/2021:10:31:40 +0800] "GET /xingrg/all/function/internal_message.html?_=1620959499214&CODE_STATE=getMsg HTTP/1.1" 200 27
180.169.147.146 - - [14/May/2021:10:31:41 +0800] "POST /xingrg/kc/buy/cgsh_order_operate.html HTTP/1.1" 200 37
116.230.114.112 - - [14/May/2021:10:31:42 +0800] "GET /xingrg/all/function/internal_message.html?_=1620959514373&CODE_STATE=getMsg HTTP/1.1" 302 -
180.169.147.146 - - [14/May/2021:10:31:42 +0800] "POST /xingrg/kc/buy/cgsh_order_operate.html HTTP/1.1" 200 5071
180.161.124.236 - - [14/May/2021:10:31:47 +0800] "GET /xingrg/check_reg.html?_=1620959463762 HTTP/1.1" 200 22
180.161.124.236 - - [14/May/2021:10:31:49 +0800] "GET /xingrg/all/function/internal_message.html?_=1620959465793&CODE_STATE=getMsg HTTP/1.1" 200 27
116.230.114.112 - - [14/May/2021:10:31:49 +0800] "GET /xingrg/all/function/internal_message.html?_=1620959524848&CODE_STATE=getMsg HTTP/1.1" 200 27
222.69.130.65 - - [14/May/2021:10:31:51 +0800] "GET /xingrg/all/function/internal_message.html?_=1620959507301&CODE_STATE=getMsg HTTP/1.1" 200 27
180.169.147.146 - - [14/May/2021:10:31:54 +0800] "GET /xingrg/all/function/internal_message.html?_=1620959514822&CODE_STATE=getMsg HTTP/1.1" 200 27
116.224.253.72 - - [14/May/2021:10:31:56 +0800] "GET /xingrg/kc/buy/cgsh_order_operate.html?command=get_materiel&rest_code=00150&code=00102005703&supplier_code=&order_time=2021-05-14 HTTP/1.1" 200 420
172.20.0.100 - - [14/May/2021:10:31:58 +0800] "GET /xingrg/all/function/internal_message.html?_=1620959515234&CODE_STATE=getMsg HTTP/1.1" 200 27
180.161.124.236 - - [14/May/2021:10:31:59 +0800] "GET /xingrg/kc/buy/cgsh_order_operate.html?command=get_materiel&rest_code=00102&code=00101009004&supplier_code=00100424&order_time=2021-05-14 HTTP/1.1" 200 409
114.83.217.136 - - [14/May/2021:10:31:59 +0800] "GET /xingrg/all/function/internal_message.html?_=1620959519137&CODE_STATE=getMsg HTTP/1.1" 200 27
116.224.253.72 - - [14/May/2021:10:32:02 +0800] "GET /xingrg/all/function/internal_message.html?_=1620959506191&CODE_STATE=getMsg HTTP/1.1" 200 27
120.253.135.82 - - [14/May/2021:10:32:02 +0800] "GET /xingrg/all/function/internal_message.html?_=1620959579643&CODE_STATE=getMsg HTTP/1.1" 200 27
114.86.187.76 - - [14/May/2021:10:32:06 +0800] "GET /xingrg/check_reg.html?_=1620959523583 HTTP/1.1" 200 22
120.253.135.82 - - [14/May/2021:10:32:06 +0800] "GET /xingrg/check_reg.html?_=1620959647253 HTTP/1.1" 200 22
61.165.42.208 - - [14/May/2021:10:32:06 +0800] "GET /xingrg/all/function/internal_message.html?_=1620959525397&CODE_STATE=getMsg HTTP/1.1" 200 27
114.86.187.76 - - [14/May/2021:10:32:07 +0800] "GET /xingrg/all/function/internal_message.html?_=1620959524522&CODE_STATE=getMsg HTTP/1.1" 200 27
180.161.124.236 - - [14/May/2021:10:32:08 +0800] "GET /xingrg/kc/buy/cgsh_order_operate.html?command=get_materiel&rest_code=00102&code=00101009062&supplier_code=00100424&order_time=2021-05-14 HTTP/1.1" 200 432
120.253.135.82 - - [14/May/2021:10:32:11 +0800] "GET /xingrg/all/function/internal_message.html?_=1620959651658&CODE_STATE=getMsg HTTP/1.1" 200 27
117.185.32.26 - - [14/May/2021:10:32:12 +0800] "GET /xingrg/all/function/internal_message.html?_=1620959528240&CODE_STATE=getMsg HTTP/1.1" 200 27
58.37.225.51 - - [14/May/2021:10:32:16 +0800] "GET /xingrg/all/function/internal_message.html?_=1620959543290&CODE_STATE=getMsg HTTP/1.1" 200 27
180.161.124.236 - - [14/May/2021:10:32:20 +0800] "POST /xingrg/kc/buy/cgsh_order_operate.html HTTP/1.1" 200 37
116.224.253.72 - - [14/May/2021:10:32:23 +0800] "GET /xingrg/all/function/internal_message.html?_=1620959541029&CODE_STATE=getMsg HTTP/1.1" 200 27
180.169.147.146 - - [14/May/2021:10:32:23 +0800] "GET /xingrg/all/function/internal_message.html?_=1620959536145&CODE_STATE=getMsg HTTP/1.1" 200 27
120.253.135.82 - - [14/May/2021:10:32:23 +0800] "GET /xingrg/check_reg.html?_=1620959322446 HTTP/1.1" 200 22
120.253.135.82 - - [14/May/2021:10:32:24 +0800] "GET /xingrg/all/function/internal_message.html?_=1620959322706&CODE_STATE=getMsg HTTP/1.1" 200 27
116.230.110.80 - - [14/May/2021:10:32:27 +0800] "GET /xingrg/all/function/internal_message.html?_=1620959544478&CODE_STATE=getMsg HTTP/1.1" 200 27
180.161.124.236 - - [14/May/2021:10:32:28 +0800] "POST /xingrg/kc/buy/cgsh_order_operate.html HTTP/1.1" 200 9784
116.230.76.31 - - [14/May/2021:10:32:30 +0800] "GET /xingrg/all/function/internal_message.html?_=1620959539899&CODE_STATE=getMsg HTTP/1.1" 200 27
180.161.124.236 - - [14/May/2021:10:32:32 +0800] "GET /xingrg/all/function/internal_message.html?_=1620959550721&CODE_STATE=getMsg HTTP/1.1" 200 27
101.85.94.178 - - [14/May/2021:10:32:37 +0800] "GET /xingrg/all/function/internal_message.html?_=1620959054774&CODE_STATE=getMsg HTTP/1.1" 200 27
114.86.229.133 - - [14/May/2021:10:32:40 +0800] "GET /xingrg/all/function/internal_message.html?_=1620959559221&CODE_STATE=getMsg HTTP/1.1" 200 27
114.86.229.133 - - [14/May/2021:10:32:40 +0800] "GET /xingrg/check_reg.html?_=1620959559231 HTTP/1.1" 200 22
222.69.130.65 - - [14/May/2021:10:32:41 +0800] "GET /xingrg/kc/buy/cgsh_order_add.html HTTP/1.1" 200 62044
222.69.130.65 - - [14/May/2021:10:32:42 +0800] "GET /xingrg/words/20210514102950_words.js HTTP/1.1" 200 812663
117.185.32.26 - - [14/May/2021:10:32:42 +0800] "POST /xingrg/kc/buy/cgsh_order_operate.html HTTP/1.1" 200 37
116.230.114.112 - - [14/May/2021:10:32:42 +0800] "GET /xingrg/all/function/internal_message.html?_=1620959574379&CODE_STATE=getMsg HTTP/1.1" 302 -
222.69.130.65 - - [14/May/2021:10:32:42 +0800] "POST /xingrg/kc/buy/cgsh_order_operate.html HTTP/1.1" 200 8245
222.69.130.65 - - [14/May/2021:10:32:42 +0800] "GET /xingrg/javascript/easyui/themes/default/validatebox.css HTTP/1.1" 404 1104
180.169.147.146 - - [14/May/2021:10:32:45 +0800] "POST /xingrg/kc/buy/cgsh_list_operate.html HTTP/1.1" 200 5533
117.185.32.26 - - [14/May/2021:10:32:45 +0800] "POST /xingrg/kc/buy/cgsh_order_operate.html HTTP/1.1" 200 5638
222.69.130.65 - - [14/May/2021:10:32:46 +0800] "GET /xingrg/check_reg.html?_=1620959562329 HTTP/1.1" 200 22
117.185.32.26 - - [14/May/2021:10:32:47 +0800] "GET /xingrg/kc/buy/cgsh_order_add.html HTTP/1.1" 200 61997
117.185.32.26 - - [14/May/2021:10:32:47 +0800] "GET /xingrg/words/20210514102950_words.js HTTP/1.1" 200 812663
117.185.32.26 - - [14/May/2021:10:32:48 +0800] "POST /xingrg/kc/buy/cgsh_order_operate.html HTTP/1.1" 200 8245
117.185.32.26 - - [14/May/2021:10:32:49 +0800] "GET /xingrg/javascript/easyui/themes/default/validatebox.css HTTP/1.1" 404 1104
117.185.32.26 - - [14/May/2021:10:32:49 +0800] "GET /xingrg/javascript/easyui/themes/default/tree.css HTTP/1.1" 404 1090
117.185.32.26 - - [14/May/2021:10:32:49 +0800] "POST /xingrg/all/common/load_tree.html?tree=supplier_tree_json&isDelete=1 HTTP/1.1" 200 55318
116.230.114.112 - - [14/May/2021:10:32:50 +0800] "GET /xingrg/all/function/internal_message.html?_=1620959585012&CODE_STATE=getMsg HTTP/1.1" 200 27
180.161.124.236 - - [14/May/2021:10:32:50 +0800] "GET /xingrg/all/function/internal_message.html?_=1620959525803&CODE_STATE=getMsg HTTP/1.1" 200 27
222.69.130.65 - - [14/May/2021:10:32:51 +0800] "GET /xingrg/all/function/internal_message.html?_=1620959567287&CODE_STATE=getMsg HTTP/1.1" 200 27
180.169.147.146 - - [14/May/2021:10:32:54 +0800] "GET /xingrg/all/function/internal_message.html?_=1620959574824&CODE_STATE=getMsg HTTP/1.1" 200 27
172.20.0.100 - - [14/May/2021:10:32:58 +0800] "GET /xingrg/all/function/internal_message.html?_=1620959575241&CODE_STATE=getMsg HTTP/1.1" 200 27
172.20.0.100 - - [14/May/2021:10:32:58 +0800] "GET /xingrg/check_reg.html?_=1620959575243 HTTP/1.1" 200 22
222.69.130.65 - - [14/May/2021:10:32:58 +0800] "GET /xingrg/kc/buy/cgsh_order_operate.html?command=get_materiel&rest_code=00149&code=00101002027&supplier_code=00100039&order_time=2021-05-14 HTTP/1.1" 200 435
114.83.217.136 - - [14/May/2021:10:32:59 +0800] "GET /xingrg/all/function/internal_message.html?_=1620959579127&CODE_STATE=getMsg HTTP/1.1" 200 27
116.224.253.72 - - [14/May/2021:10:33:02 +0800] "GET /xingrg/check_reg.html?_=1620959566084 HTTP/1.1" 200 22
116.224.253.72 - - [14/May/2021:10:33:02 +0800] "GET /xingrg/all/function/internal_message.html?_=1620959566205&CODE_STATE=getMsg HTTP/1.1" 200 27
120.253.135.82 - - [14/May/2021:10:33:02 +0800] "GET /xingrg/all/function/internal_message.html?_=1620959639664&CODE_STATE=getMsg HTTP/1.1" 200 27
61.165.42.208 - - [14/May/2021:10:33:06 +0800] "GET /xingrg/all/function/internal_message.html?_=1620959585369&CODE_STATE=getMsg HTTP/1.1" 200 27
114.86.187.76 - - [14/May/2021:10:33:07 +0800] "GET /xingrg/all/function/internal_message.html?_=1620959584544&CODE_STATE=getMsg HTTP/1.1" 200 27
180.169.147.146 - - [14/May/2021:10:33:07 +0800] "POST /xingrg/dwr/call/plaincall/AjaxBaseInfoService.getMateriels.dwr HTTP/1.1" 200 2936
180.169.147.146 - - [14/May/2021:10:33:09 +0800] "GET /xingrg/system/info/materiel_info.html?code=00101008&isAdd=1 HTTP/1.1" 200 34647
180.169.147.146 - - [14/May/2021:10:33:09 +0800] "GET /xingrg/dwr/engine.js HTTP/1.1" 200 43631
180.169.147.146 - - [14/May/2021:10:33:09 +0800] "POST /xingrg/all/common/load_tree.html?tree=area_rest_tree_json HTTP/1.1" 200 3344
180.169.147.146 - - [14/May/2021:10:33:09 +0800] "GET /favicon.ico HTTP/1.1" 404 -
180.169.147.146 - - [14/May/2021:10:33:09 +0800] "POST /xingrg/dwr/call/plaincall/AjaxBaseInfoService.getMaterielInfo.dwr HTTP/1.1" 200 210
180.169.147.146 - - [14/May/2021:10:33:09 +0800] "POST /xingrg/all/common/load_tree.html?tree=area_rest_tree_json&defaultRests=undefined HTTP/1.1" 200 3344
120.253.135.82 - - [14/May/2021:10:33:11 +0800] "GET /xingrg/all/function/internal_message.html?_=1620959711672&CODE_STATE=getMsg HTTP/1.1" 200 27
117.185.32.26 - - [14/May/2021:10:33:12 +0800] "GET /xingrg/all/function/internal_message.html?_=1620959588276&CODE_STATE=getMsg HTTP/1.1" 200 27
58.37.225.51 - - [14/May/2021:10:33:16 +0800] "GET /xingrg/all/function/internal_message.html?_=1620959603290&CODE_STATE=getMsg HTTP/1.1" 200 27
222.69.130.65 - - [14/May/2021:10:33:17 +0800] "GET /xingrg/kc/buy/cgsh_order_operate.html?command=get_materiel&rest_code=00149&code=00101002022&supplier_code=00100039&order_time=2021-05-14 HTTP/1.1" 200 428
180.169.147.146 - - [14/May/2021:10:33:17 +0800] "POST /xingrg/dwr/call/plaincall/AjaxGetFirstChart.getFirstChart.dwr HTTP/1.1" 200 84
180.169.147.146 - - [14/May/2021:10:33:20 +0800] "POST /xingrg/dwr/call/plaincall/AjaxBaseInfoService.changeUnitGroup.dwr HTTP/1.1" 200 243
116.230.76.31 - - [14/May/2021:10:33:22 +0800] "GET /xingrg/check_reg.html?_=1620959598501 HTTP/1.1" 200 22
116.224.253.72 - - [14/May/2021:10:33:23 +0800] "GET /xingrg/all/function/internal_message.html?_=1620959601032&CODE_STATE=getMsg HTTP/1.1" 200 27
116.224.253.72 - - [14/May/2021:10:33:23 +0800] "GET /xingrg/check_reg.html?_=1620959601036 HTTP/1.1" 200 22
180.169.147.146 - - [14/May/2021:10:33:23 +0800] "GET /xingrg/all/function/internal_message.html?_=1620959596134&CODE_STATE=getMsg HTTP/1.1" 200 27
116.230.76.31 - - [14/May/2021:10:33:24 +0800] "GET /xingrg/all/function/internal_message.html?_=1620959599880&CODE_STATE=getMsg HTTP/1.1" 200 27
120.253.135.82 - - [14/May/2021:10:33:24 +0800] "GET /xingrg/all/function/internal_message.html?_=1620959382720&CODE_STATE=getMsg HTTP/1.1" 200 27
116.230.110.80 - - [14/May/2021:10:33:27 +0800] "GET /xingrg/all/function/internal_message.html?_=1620959604477&CODE_STATE=getMsg HTTP/1.1" 200 27
180.161.124.236 - - [14/May/2021:10:33:32 +0800] "GET /xingrg/all/function/internal_message.html?_=1620959610731&CODE_STATE=getMsg HTTP/1.1" 200 27
180.169.147.146 - - [14/May/2021:10:33:35 +0800] "POST /xingrg/kc/buy/cgsh_list_operate.html HTTP/1.1" 200 5530
101.85.94.178 - - [14/May/2021:10:33:37 +0800] "GET /xingrg/all/function/internal_message.html?_=1620959114775&CODE_STATE=getMsg HTTP/1.1" 200 27
117.184.7.26 - - [14/May/2021:10:33:38 +0800] "GET /favicon.ico HTTP/1.1" 404 -
222.69.130.65 - - [14/May/2021:10:33:39 +0800] "GET /xingrg/kc/buy/cgsh_order_operate.html?command=get_materiel&rest_code=00149&code=00101001075&supplier_code=00100039&order_time=2021-05-14 HTTP/1.1" 200 409
114.86.229.133 - - [14/May/2021:10:33:40 +0800] "GET /xingrg/all/function/internal_message.html?_=1620959619216&CODE_STATE=getMsg HTTP/1.1" 200 27
116.230.114.112 - - [14/May/2021:10:33:42 +0800] "GET /xingrg/all/function/internal_message.html?_=1620959634402&CODE_STATE=getMsg HTTP/1.1" 302 -
180.169.147.146 - - [14/May/2021:10:33:44 +0800] "GET /xingrg/check_reg.html?_=1620959616940 HTTP/1.1" 200 22
180.161.124.236 - - [14/May/2021:10:33:49 +0800] "GET /xingrg/all/function/internal_message.html?_=1620959585817&CODE_STATE=getMsg HTTP/1.1" 200 27
116.230.114.112 - - [14/May/2021:10:33:50 +0800] "GET /xingrg/all/function/internal_message.html?_=1620959645016&CODE_STATE=getMsg HTTP/1.1" 200 27
222.69.130.65 - - [14/May/2021:10:33:51 +0800] "GET /xingrg/all/function/internal_message.html?_=1620959627262&CODE_STATE=getMsg HTTP/1.1" 200 27
180.169.147.146 - - [14/May/2021:10:33:54 +0800] "GET /xingrg/check_reg.html?_=1620959634827 HTTP/1.1" 200 22
180.169.147.146 - - [14/May/2021:10:33:54 +0800] "GET /xingrg/all/function/internal_message.html?_=1620959634829&CODE_STATE=getMsg HTTP/1.1" 200 27
172.20.0.100 - - [14/May/2021:10:33:58 +0800] "GET /xingrg/all/function/internal_message.html?_=1620959635245&CODE_STATE=getMsg HTTP/1.1" 200 27
114.83.217.136 - - [14/May/2021:10:33:59 +0800] "GET /xingrg/all/function/internal_message.html?_=1620959639128&CODE_STATE=getMsg HTTP/1.1" 200 27
114.83.217.136 - - [14/May/2021:10:33:59 +0800] "GET /xingrg/check_reg.html?_=1620959639134 HTTP/1.1" 200 22
222.69.130.65 - - [14/May/2021:10:34:02 +0800] "GET /xingrg/kc/buy/cgsh_order_operate.html?command=get_materiel&rest_code=00149&code=00101003025&supplier_code=00100039&order_time=2021-05-14 HTTP/1.1" 200 411
116.224.253.72 - - [14/May/2021:10:34:02 +0800] "GET /xingrg/all/function/internal_message.html?_=1620959626219&CODE_STATE=getMsg HTTP/1.1" 200 27
120.253.135.82 - - [14/May/2021:10:34:02 +0800] "GET /xingrg/all/function/internal_message.html?_=1620959699671&CODE_STATE=getMsg HTTP/1.1" 200 27
61.165.42.208 - - [14/May/2021:10:34:06 +0800] "GET /xingrg/all/function/internal_message.html?_=1620959645386&CODE_STATE=getMsg HTTP/1.1" 200 27
114.86.187.76 - - [14/May/2021:10:34:07 +0800] "GET /xingrg/all/function/internal_message.html?_=1620959644546&CODE_STATE=getMsg HTTP/1.1" 200 27
117.185.32.26 - - [14/May/2021:10:34:08 +0800] "GET /xingrg/kc/buy/buy_main.html HTTP/1.1" 200 12412
117.185.32.26 - - [14/May/2021:10:34:08 +0800] "GET /xingrg/css/new_ie.css HTTP/1.1" 404 1036
117.185.32.26 - - [14/May/2021:10:34:10 +0800] "GET /xingrg/images/yd/bt.gif HTTP/1.1" 404 1040
120.253.135.82 - - [14/May/2021:10:34:11 +0800] "GET /xingrg/all/function/internal_message.html?_=1620959771705&CODE_STATE=getMsg HTTP/1.1" 200 27
117.185.32.26 - - [14/May/2021:10:34:11 +0800] "GET /xingrg/kc/buy/cgsh_order_list.html HTTP/1.1" 200 46253
117.185.32.26 - - [14/May/2021:10:34:12 +0800] "GET /xingrg/all/function/internal_message.html?_=1620959648253&CODE_STATE=getMsg HTTP/1.1" 200 27
117.185.32.26 - - [14/May/2021:10:34:13 +0800] "POST /xingrg/kc/buy/cgsh_list_operate.html HTTP/1.1" 200 1715
58.37.225.51 - - [14/May/2021:10:34:16 +0800] "GET /xingrg/all/function/internal_message.html?_=1620959663293&CODE_STATE=getMsg HTTP/1.1" 200 27
58.37.225.51 - - [14/May/2021:10:34:16 +0800] "GET /xingrg/check_reg.html?_=1620959663297 HTTP/1.1" 200 22
117.185.32.26 - - [14/May/2021:10:34:19 +0800] "POST /xingrg/kc/buy/cgsh_list_operate.html HTTP/1.1" 200 602
117.185.32.26 - - [14/May/2021:10:34:20 +0800] "GET /xingrg/kc/buy/cgsh_order_info.html?code=212021051405959 HTTP/1.1" 200 62018
117.185.32.26 - - [14/May/2021:10:34:20 +0800] "GET /xingrg/javascript/easyui/themes/default/validatebox.css HTTP/1.1" 404 1104
117.185.32.26 - - [14/May/2021:10:34:21 +0800] "POST /xingrg/kc/buy/cgsh_order_operate.html HTTP/1.1" 200 5638
116.224.253.72 - - [14/May/2021:10:34:23 +0800] "GET /xingrg/all/function/internal_message.html?_=1620959661033&CODE_STATE=getMsg HTTP/1.1" 200 27
180.169.147.146 - - [14/May/2021:10:34:23 +0800] "GET /xingrg/all/function/internal_message.html?_=1620959656112&CODE_STATE=getMsg HTTP/1.1" 200 27
120.253.135.82 - - [14/May/2021:10:34:24 +0800] "GET /xingrg/all/function/internal_message.html?_=1620959442732&CODE_STATE=getMsg HTTP/1.1" 200 27
116.230.76.31 - - [14/May/2021:10:34:24 +0800] "GET /xingrg/all/function/internal_message.html?_=1620959659891&CODE_STATE=getMsg HTTP/1.1" 200 27
114.83.217.136 - - [14/May/2021:10:34:24 +0800] "GET /xingrg/kc/buy/cgsh_order_operate.html?command=get_materiel&rest_code=00154&code=00102003394&supplier_code=00100073&order_time=2021-05-12 HTTP/1.1" 200 424
116.230.110.80 - - [14/May/2021:10:34:27 +0800] "GET /xingrg/all/function/internal_message.html?_=1620959664478&CODE_STATE=getMsg HTTP/1.1" 200 27
222.69.130.65 - - [14/May/2021:10:34:31 +0800] "GET /xingrg/kc/buy/cgsh_order_operate.html?command=get_materiel&rest_code=00149&code=00101001060&supplier_code=00100039&order_time=2021-05-14 HTTP/1.1" 200 421
180.161.124.236 - - [14/May/2021:10:34:31 +0800] "GET /xingrg/check_reg.html?_=1620959670205 HTTP/1.1" 200 22
180.161.124.236 - - [14/May/2021:10:34:32 +0800] "GET /xingrg/all/function/internal_message.html?_=1620959670745&CODE_STATE=getMsg HTTP/1.1" 200 27
101.85.94.178 - - [14/May/2021:10:34:37 +0800] "GET /xingrg/all/function/internal_message.html?_=1620959174774&CODE_STATE=getMsg HTTP/1.1" 200 27
114.86.229.133 - - [14/May/2021:10:34:40 +0800] "GET /xingrg/all/function/internal_message.html?_=1620959679223&CODE_STATE=getMsg HTTP/1.1" 200 27
116.230.114.112 - - [14/May/2021:10:34:42 +0800] "GET /xingrg/all/function/internal_message.html?_=1620959694406&CODE_STATE=getMsg HTTP/1.1" 302 -
222.69.130.65 - - [14/May/2021:10:34:48 +0800] "GET /xingrg/kc/buy/cgsh_order_operate.html?command=get_materiel&rest_code=00149&code=00101005037&supplier_code=00100039&order_time=2021-05-14 HTTP/1.1" 200 409
116.230.114.112 - - [14/May/2021:10:34:48 +0800] "GET /xingrg/check_reg.html?_=1620959703154 HTTP/1.1" 200 22
180.161.124.236 - - [14/May/2021:10:34:49 +0800] "GET /xingrg/all/function/internal_message.html?_=1620959645994&CODE_STATE=getMsg HTTP/1.1" 200 27
116.230.114.112 - - [14/May/2021:10:34:50 +0800] "GET /xingrg/all/function/internal_message.html?_=1620959705029&CODE_STATE=getMsg HTTP/1.1" 200 27
222.69.130.65 - - [14/May/2021:10:34:51 +0800] "GET /xingrg/all/function/internal_message.html?_=1620959687239&CODE_STATE=getMsg HTTP/1.1" 200 27
180.169.147.146 - - [14/May/2021:10:34:54 +0800] "GET /xingrg/all/function/internal_message.html?_=1620959694827&CODE_STATE=getMsg HTTP/1.1" 200 27
180.169.147.146 - - [14/May/2021:10:34:55 +0800] "POST /xingrg/kc/buy/cgsh_list_operate.html HTTP/1.1" 200 2831
180.169.147.146 - - [14/May/2021:10:34:57 +0800] "POST /xingrg/dwr/call/plaincall/AjaxBaseInfoService.saveMateriel.dwr HTTP/1.1" 200 109
180.169.147.146 - - [14/May/2021:10:34:57 +0800] "POST /xingrg/dwr/call/plaincall/AjaxBaseInfoService.getMateriels.dwr HTTP/1.1" 200 2936
172.20.0.100 - - [14/May/2021:10:34:58 +0800] "GET /xingrg/all/function/internal_message.html?_=1620959695232&CODE_STATE=getMsg HTTP/1.1" 200 27
114.83.217.136 - - [14/May/2021:10:34:59 +0800] "GET /xingrg/all/function/internal_message.html?_=1620959699141&CODE_STATE=getMsg HTTP/1.1" 200 27
180.169.147.146 - - [14/May/2021:10:34:59 +0800] "GET /xingrg/system/info/materiel_info.html?code=00101008&isAdd=1 HTTP/1.1" 200 34647
180.169.147.146 - - [14/May/2021:10:34:59 +0800] "GET /xingrg/dwr/interface/AjaxGetFirstChart.js HTTP/1.1" 200 631
180.169.147.146 - - [14/May/2021:10:34:59 +0800] "GET /xingrg/dwr/interface/AjaxBaseInfoService.js HTTP/1.1" 200 21363
180.169.147.146 - - [14/May/2021:10:34:59 +0800] "GET /xingrg/dwr/interface/AjaxComOrderService.js HTTP/1.1" 200 18264
180.169.147.146 - - [14/May/2021:10:34:59 +0800] "GET /xingrg/dwr/engine.js HTTP/1.1" 200 43631
180.169.147.146 - - [14/May/2021:10:34:59 +0800] "POST /xingrg/all/common/load_tree.html?tree=area_rest_tree_json HTTP/1.1" 200 3344
180.169.147.146 - - [14/May/2021:10:34:59 +0800] "POST /xingrg/dwr/call/plaincall/AjaxBaseInfoService.getMaterielInfo.dwr HTTP/1.1" 200 210
180.169.147.146 - - [14/May/2021:10:34:59 +0800] "POST /xingrg/all/common/load_tree.html?tree=area_rest_tree_json&defaultRests=undefined HTTP/1.1" 200 3344
116.224.253.72 - - [14/May/2021:10:35:02 +0800] "GET /xingrg/all/function/internal_message.html?_=1620959686232&CODE_STATE=getMsg HTTP/1.1" 200 27
120.253.135.82 - - [14/May/2021:10:35:02 +0800] "GET /xingrg/all/function/internal_message.html?_=1620959759690&CODE_STATE=getMsg HTTP/1.1" 200 27
61.165.42.208 - - [14/May/2021:10:35:06 +0800] "GET /xingrg/all/function/internal_message.html?_=1620959705362&CODE_STATE=getMsg HTTP/1.1" 200 27
114.86.187.76 - - [14/May/2021:10:35:07 +0800] "GET /xingrg/all/function/internal_message.html?_=1620959704629&CODE_STATE=getMsg HTTP/1.1" 200 27
61.165.42.208 - - [14/May/2021:10:35:07 +0800] "GET /xingrg/check_reg.html?_=1620959706533 HTTP/1.1" 200 22
120.253.135.82 - - [14/May/2021:10:35:11 +0800] "GET /xingrg/all/function/internal_message.html?_=1620959831716&CODE_STATE=getMsg HTTP/1.1" 200 27
117.185.32.26 - - [14/May/2021:10:35:12 +0800] "GET /xingrg/all/function/internal_message.html?_=1620959708256&CODE_STATE=getMsg HTTP/1.1" 200 27
222.69.130.65 - - [14/May/2021:10:35:13 +0800] "GET /xingrg/kc/buy/cgsh_order_operate.html?command=get_materiel&rest_code=00149&code=00101001010&supplier_code=00100039&order_time=2021-05-14 HTTP/1.1" 200 409
58.37.225.51 - - [14/May/2021:10:35:16 +0800] "GET /xingrg/all/function/internal_message.html?_=1620959723295&CODE_STATE=getMsg HTTP/1.1" 200 27
116.224.253.72 - - [14/May/2021:10:35:23 +0800] "GET /xingrg/all/function/internal_message.html?_=1620959721060&CODE_STATE=getMsg HTTP/1.1" 200 27
180.169.147.146 - - [14/May/2021:10:35:23 +0800] "GET /xingrg/all/function/internal_message.html?_=1620959716103&CODE_STATE=getMsg HTTP/1.1" 200 27
116.230.76.31 - - [14/May/2021:10:35:24 +0800] "GET /xingrg/all/function/internal_message.html?_=1620959719866&CODE_STATE=getMsg HTTP/1.1" 200 27
120.253.135.82 - - [14/May/2021:10:35:24 +0800] "GET /xingrg/all/function/internal_message.html?_=1620959502756&CODE_STATE=getMsg HTTP/1.1" 200 27
116.230.110.80 - - [14/May/2021:10:35:27 +0800] "GET /xingrg/all/function/internal_message.html?_=1620959724477&CODE_STATE=getMsg HTTP/1.1" 200 27
116.230.114.112 - - [14/May/2021:10:35:29 +0800] "GET /xingrg/check_reg.html?_=1620959741573 HTTP/1.1" 302 -
180.161.124.236 - - [14/May/2021:10:35:32 +0800] "GET /xingrg/all/function/internal_message.html?_=1620959730759&CODE_STATE=getMsg HTTP/1.1" 200 27
58.221.95.50 - - [14/May/2021:10:35:35 +0800] "GET /xingrg/check_reg.html?_=1620959732699 HTTP/1.1" 302 -
101.85.94.178 - - [14/May/2021:10:35:37 +0800] "GET /xingrg/all/function/internal_message.html?_=1620959234773&CODE_STATE=getMsg HTTP/1.1" 200 27
114.83.217.136 - - [14/May/2021:10:35:38 +0800] "POST /xingrg/kc/buy/cgsh_order_operate.html HTTP/1.1" 200 37
114.86.229.133 - - [14/May/2021:10:35:40 +0800] "GET /xingrg/all/function/internal_message.html?_=1620959739225&CODE_STATE=getMsg HTTP/1.1" 200 27
114.83.217.136 - - [14/May/2021:10:35:42 +0800] "POST /xingrg/kc/buy/cgsh_order_operate.html HTTP/1.1" 200 12
116.230.114.112 - - [14/May/2021:10:35:42 +0800] "GET /xingrg/all/function/internal_message.html?_=1620959754427&CODE_STATE=getMsg HTTP/1.1" 302 -
114.83.217.136 - - [14/May/2021:10:35:43 +0800] "GET /xingrg/kc/buy/cgsh_order_info.html?code=212021051205359 HTTP/1.1" 200 56017
114.83.217.136 - - [14/May/2021:10:35:43 +0800] "GET /xingrg/words/20210514103457_words.js HTTP/1.1" 200 812732
114.83.217.136 - - [14/May/2021:10:35:44 +0800] "GET /xingrg/javascript/easyui/themes/default/validatebox.css HTTP/1.1" 404 1104
222.69.130.65 - - [14/May/2021:10:35:45 +0800] "POST /xingrg/kc/buy/cgsh_order_operate.html HTTP/1.1" 200 37
114.83.217.136 - - [14/May/2021:10:35:45 +0800] "POST /xingrg/kc/buy/cgsh_order_operate.html HTTP/1.1" 200 5983
114.83.217.136 - - [14/May/2021:10:35:47 +0800] "GET /xingrg/kc/print/load_config.html?kc_code=cgsh HTTP/1.1" 200 1845
120.253.135.82 - - [14/May/2021:10:35:48 +0800] "GET /xingrg/check_reg.html?_=1620959805009 HTTP/1.1" 200 22
180.161.124.236 - - [14/May/2021:10:35:49 +0800] "GET /xingrg/all/function/internal_message.html?_=1620959705999&CODE_STATE=getMsg HTTP/1.1" 200 27
116.230.110.80 - - [14/May/2021:10:35:49 +0800] "GET /xingrg/kc/buy/cgsh_order_add.html HTTP/1.1" 200 61959
116.230.110.80 - - [14/May/2021:10:35:49 +0800] "GET /xingrg/words/20210514103457_words.js HTTP/1.1" 200 812732
116.230.114.112 - - [14/May/2021:10:35:50 +0800] "GET /xingrg/all/function/internal_message.html?_=1620959765042&CODE_STATE=getMsg HTTP/1.1" 200 27
114.83.217.136 - - [14/May/2021:10:35:50 +0800] "GET /xingrg/kc/print/load_data.html?order_code=212021051205359&kc_code=cgsh&condition= HTTP/1.1" 200 2278
116.230.110.80 - - [14/May/2021:10:35:50 +0800] "POST /xingrg/kc/buy/cgsh_order_operate.html HTTP/1.1" 200 8245
116.230.110.80 - - [14/May/2021:10:35:50 +0800] "GET /xingrg/javascript/easyui/themes/default/validatebox.css HTTP/1.1" 404 1104
222.69.130.65 - - [14/May/2021:10:35:51 +0800] "GET /xingrg/all/function/internal_message.html?_=1620959747212&CODE_STATE=getMsg HTTP/1.1" 200 27
180.169.147.146 - - [14/May/2021:10:35:54 +0800] "GET /xingrg/all/function/internal_message.html?_=1620959754833&CODE_STATE=getMsg HTTP/1.1" 200 27
180.161.124.236 - - [14/May/2021:10:35:55 +0800] "POST /xingrg/kc/buy/cgsh_order_operate.html HTTP/1.1" 200 836
222.69.130.65 - - [14/May/2021:10:35:56 +0800] "POST /xingrg/kc/buy/cgsh_order_operate.html HTTP/1.1" 200 12
172.20.0.100 - - [14/May/2021:10:35:58 +0800] "GET /xingrg/all/function/internal_message.html?_=1620959755234&CODE_STATE=getMsg HTTP/1.1" 200 27
222.69.130.65 - - [14/May/2021:10:35:58 +0800] "GET /xingrg/kc/buy/cgsh_order_info.html?code=212021051405961 HTTP/1.1" 200 56946
222.69.130.65 - - [14/May/2021:10:35:58 +0800] "GET /xingrg/words/20210514103457_words.js HTTP/1.1" 200 812732
222.69.130.65 - - [14/May/2021:10:35:59 +0800] "GET /xingrg/javascript/easyui/themes/default/validatebox.css HTTP/1.1" 404 1104
61.165.42.208 - - [14/May/2021:10:35:59 +0800] "POST /xingrg/all/common/load_select.html HTTP/1.1" 200 12
222.69.130.65 - - [14/May/2021:10:35:59 +0800] "POST /xingrg/kc/buy/cgsh_order_operate.html HTTP/1.1" 200 4165
114.83.217.136 - - [14/May/2021:10:35:59 +0800] "GET /xingrg/all/function/internal_message.html?_=1620959759673&CODE_STATE=getMsg HTTP/1.1" 200 27
116.224.253.72 - - [14/May/2021:10:36:02 +0800] "GET /xingrg/all/function/internal_message.html?_=1620959746248&CODE_STATE=getMsg HTTP/1.1" 200 27
120.253.135.82 - - [14/May/2021:10:36:02 +0800] "GET /xingrg/all/function/internal_message.html?_=1620959819697&CODE_STATE=getMsg HTTP/1.1" 200 27
180.161.124.236 - - [14/May/2021:10:36:02 +0800] "POST /xingrg/kc/buy/cgsh_order_operate.html HTTP/1.1" 200 37
114.83.217.136 - - [14/May/2021:10:36:05 +0800] "GET /xingrg/kc/buy/cgsh_order_info.html?code=212021051205359 HTTP/1.1" 200 56017
180.161.124.236 - - [14/May/2021:10:36:05 +0800] "POST /xingrg/kc/buy/cgsh_order_operate.html HTTP/1.1" 200 9784
114.83.217.136 - - [14/May/2021:10:36:05 +0800] "GET /xingrg/words/20210514103457_words.js HTTP/1.1" 304 -
114.83.217.136 - - [14/May/2021:10:36:05 +0800] "GET /xingrg/javascript/easyui/themes/default/validatebox.css HTTP/1.1" 404 1104
61.165.42.208 - - [14/May/2021:10:36:06 +0800] "GET /xingrg/kc/buy/cgsh_order_operate.html?command=get_materiel_price&rest_code=00105&code=00101008305&unit_code=00100004&supplier_code=00100203&order_time=2021-05-14 HTTP/1.1" 200 27
114.83.217.136 - - [14/May/2021:10:36:06 +0800] "POST /xingrg/kc/buy/cgsh_order_operate.html HTTP/1.1" 200 5983
61.165.42.208 - - [14/May/2021:10:36:06 +0800] "GET /xingrg/all/function/internal_message.html?_=1620959765328&CODE_STATE=getMsg HTTP/1.1" 200 27
114.86.187.76 - - [14/May/2021:10:36:07 +0800] "GET /xingrg/all/function/internal_message.html?_=1620959764636&CODE_STATE=getMsg HTTP/1.1" 200 27
120.253.135.82 - - [14/May/2021:10:36:11 +0800] "GET /xingrg/all/function/internal_message.html?_=1620959891745&CODE_STATE=getMsg HTTP/1.1" 200 27
117.185.32.26 - - [14/May/2021:10:36:12 +0800] "GET /xingrg/check_reg.html?_=1620959768263 HTTP/1.1" 200 22
117.185.32.26 - - [14/May/2021:10:36:12 +0800] "GET /xingrg/all/function/internal_message.html?_=1620959768265&CODE_STATE=getMsg HTTP/1.1" 200 27
180.169.147.146 - - [14/May/2021:10:36:15 +0800] "POST /xingrg/kc/buy/cgsh_list_operate.html HTTP/1.1" 200 5533
58.37.225.51 - - [14/May/2021:10:36:16 +0800] "GET /xingrg/all/function/internal_message.html?_=1620959783298&CODE_STATE=getMsg HTTP/1.1" 200 27
116.230.110.80 - - [14/May/2021:10:36:19 +0800] "GET /xingrg/kc/buy/cgsh_order_operate.html?command=get_materiel&rest_code=00155&code=00101001051&supplier_code=00100094&order_time=2021-05-14 HTTP/1.1" 200 422
116.224.253.72 - - [14/May/2021:10:36:23 +0800] "GET /xingrg/all/function/internal_message.html?_=1620959781071&CODE_STATE=getMsg HTTP/1.1" 200 27
114.83.217.136 - - [14/May/2021:10:36:23 +0800] "GET /xingrg/login.html HTTP/1.1" 200 7641
180.169.147.146 - - [14/May/2021:10:36:23 +0800] "GET /xingrg/all/function/internal_message.html?_=1620959776089&CODE_STATE=getMsg HTTP/1.1" 200 27
114.83.217.136 - - [14/May/2021:10:36:23 +0800] "GET /favicon.ico HTTP/1.1" 404 -
116.230.76.31 - - [14/May/2021:10:36:24 +0800] "GET /xingrg/all/function/internal_message.html?_=1620959779848&CODE_STATE=getMsg HTTP/1.1" 200 27
120.253.135.82 - - [14/May/2021:10:36:24 +0800] "GET /xingrg/all/function/internal_message.html?_=1620959562760&CODE_STATE=getMsg HTTP/1.1" 200 27
116.230.110.80 - - [14/May/2021:10:36:26 +0800] "POST /xingrg/kc/buy/cgsh_order_operate.html HTTP/1.1" 200 37
116.230.110.80 - - [14/May/2021:10:36:27 +0800] "POST /xingrg/kc/buy/cgsh_order_operate.html HTTP/1.1" 200 2669
116.230.110.80 - - [14/May/2021:10:36:27 +0800] "GET /xingrg/all/function/internal_message.html?_=1620959784485&CODE_STATE=getMsg HTTP/1.1" 200 27
116.230.110.80 - - [14/May/2021:10:36:27 +0800] "GET /xingrg/check_reg.html?_=1620959784488 HTTP/1.1" 200 22
116.230.110.80 - - [14/May/2021:10:36:28 +0800] "GET /xingrg/kc/print/load_data.html?order_code=212021051405962&kc_code=cgsh&condition= HTTP/1.1" 200 762
114.83.217.136 - - [14/May/2021:10:36:30 +0800] "POST /xingrg/login.do HTTP/1.1" 302 -
114.83.217.136 - - [14/May/2021:10:36:30 +0800] "GET /xingrg/index.html?sysBaseUrl=http%3A%2F%2F180.169.147.146%3A18081%2Fxingrg%2F&costTime=41×tamp=1620959790516 HTTP/1.1" 200 17179
114.83.217.136 - - [14/May/2021:10:36:30 +0800] "GET /favicon.ico HTTP/1.1" 404 -
114.83.217.136 - - [14/May/2021:10:36:30 +0800] "POST /xingrg/all/common/load_tree.html?tree=area_rest_tree_json&manage=1 HTTP/1.1" 200 351
114.83.217.136 - - [14/May/2021:10:36:30 +0800] "GET /xingrg/all/function/internal_message.html?_=1620959790736&CODE_STATE=count HTTP/1.1" 200 11
114.83.217.136 - - [14/May/2021:10:36:30 +0800] "GET /xingrg/check_reg.html?_=1620959790740 HTTP/1.1" 200 22
114.83.217.136 - - [14/May/2021:10:36:30 +0800] "POST /xingrg/load_menu.html HTTP/1.1" 200 5138
180.161.124.236 - - [14/May/2021:10:36:32 +0800] "GET /xingrg/all/function/internal_message.html?_=1620959790773&CODE_STATE=getMsg HTTP/1.1" 200 27
116.230.110.80 - - [14/May/2021:10:36:32 +0800] "GET /xingrg/kc/buy/cgsh_order_add.html HTTP/1.1" 200 61959
116.230.110.80 - - [14/May/2021:10:36:32 +0800] "GET /xingrg/words/20210514103457_words.js HTTP/1.1" 304 -
116.230.110.80 - - [14/May/2021:10:36:32 +0800] "POST /xingrg/kc/buy/cgsh_order_operate.html HTTP/1.1" 200 8245
