180.169.147.146 - - [14/May/2021:10:15:31 +0800] "GET /xingrg/javascript/jquery_easy_ui/jquery.easyui.min.js HTTP/1.1" 304 -
180.169.147.146 - - [14/May/2021:10:15:31 +0800] "GET /xingrg/javascript/jquery_easy_ui/easyui-lang-zh_CN.js HTTP/1.1" 304 -
180.169.147.146 - - [14/May/2021:10:15:31 +0800] "GET /xingrg/javascript/jquery.form.js HTTP/1.1" 304 -
180.169.147.146 - - [14/May/2021:10:15:31 +0800] "GET /xingrg/javascript/jquery.utils.js HTTP/1.1" 304 -
180.169.147.146 - - [14/May/2021:10:15:31 +0800] "GET /xingrg/javascript/jquery.timers.js HTTP/1.1" 304 -
180.169.147.146 - - [14/May/2021:10:15:31 +0800] "GET /xingrg/images/blue/jxLogo.png HTTP/1.1" 304 -
180.169.147.146 - - [14/May/2021:10:15:31 +0800] "GET /xingrg/images/blue/navBackgound.jpg HTTP/1.1" 304 -
180.169.147.146 - - [14/May/2021:10:15:31 +0800] "GET /xingrg/javascript/jquery_easy_ui/themes/icons/settle_new.png HTTP/1.1" 304 -
180.169.147.146 - - [14/May/2021:10:15:31 +0800] "POST /xingrg/all/common/load_tree.html?tree=area_rest_tree_json&manage=1 HTTP/1.1" 200 3216
180.169.147.146 - - [14/May/2021:10:15:31 +0800] "GET /xingrg/all/function/internal_message.html?_=1620958531205&CODE_STATE=count HTTP/1.1" 200 11
180.169.147.146 - - [14/May/2021:10:15:31 +0800] "GET /xingrg/check_reg.html?_=1620958531206 HTTP/1.1" 200 22
180.169.147.146 - - [14/May/2021:10:15:31 +0800] "GET /xingrg/images/blue/pingpu.png HTTP/1.1" 304 -
180.169.147.146 - - [14/May/2021:10:15:31 +0800] "GET /xingrg/javascript/jquery_easy_ui/themes/default/images/tabs_rightarrow.png HTTP/1.1" 304 -
180.169.147.146 - - [14/May/2021:10:15:31 +0800] "GET /xingrg/javascript/jquery_easy_ui/themes/default/images/tabs_leftarrow.png HTTP/1.1" 304 -
180.169.147.146 - - [14/May/2021:10:15:31 +0800] "GET /xingrg/javascript/jquery_easy_ui/themes/default/images/panel_tool_expand.gif HTTP/1.1" 304 -
180.169.147.146 - - [14/May/2021:10:15:31 +0800] "GET /xingrg/javascript/jquery_easy_ui/themes/default/images/panel_tool_collapse.gif HTTP/1.1" 304 -
180.169.147.146 - - [14/May/2021:10:15:31 +0800] "POST /xingrg/load_menu.html HTTP/1.1" 200 9959
116.224.253.72 - - [14/May/2021:10:15:31 +0800] "GET /xingrg/kc/base/wldb_order_list.html HTTP/1.1" 200 18985
180.161.124.236 - - [14/May/2021:10:15:31 +0800] "GET /xingrg/all/function/internal_message.html?_=1620958530409&CODE_STATE=getMsg HTTP/1.1" 200 27
116.224.253.72 - - [14/May/2021:10:15:32 +0800] "POST /xingrg/kc/base/wldb_list_operate.html HTTP/1.1" 200 928
116.224.253.72 - - [14/May/2021:10:15:32 +0800] "GET /xingrg/kc/base/wldb_order_add.html HTTP/1.1" 200 30148
116.224.253.72 - - [14/May/2021:10:15:33 +0800] "GET /xingrg/all/common/auto_word.html?type=base&rest_code=00150 HTTP/1.1" 200 1653
116.224.253.72 - - [14/May/2021:10:15:33 +0800] "GET /xingrg/all/common/auto_word.html?type=base&rest_code=00150 HTTP/1.1" 200 1653
116.224.253.72 - - [14/May/2021:10:15:33 +0800] "GET /xingrg/javascript/easyui/themes/default/validatebox.css HTTP/1.1" 404 1104
116.224.253.72 - - [14/May/2021:10:15:33 +0800] "POST /xingrg/kc/base/wldb_order_operate.html HTTP/1.1" 200 6806
58.221.95.50 - - [14/May/2021:10:15:35 +0800] "GET /xingrg/check_reg.html?_=1620958532736 HTTP/1.1" 302 -
101.85.94.178 - - [14/May/2021:10:15:37 +0800] "GET /xingrg/all/function/internal_message.html?_=1620958034750&CODE_STATE=getMsg HTTP/1.1" 200 27
116.224.253.72 - - [14/May/2021:10:15:38 +0800] "GET /xingrg/kc/base/wldb_order_operate.html?command=get_materiel&rest_code=00150&base_code=0010445&code=00101013010 HTTP/1.1" 200 436
180.169.147.146 - - [14/May/2021:10:15:41 +0800] "GET /xingrg/kc/buy/cgsh_order_list.html HTTP/1.1" 200 46514
116.224.253.72 - - [14/May/2021:10:15:41 +0800] "GET /xingrg/all/function/internal_message.html?_=1620958525725&CODE_STATE=getMsg HTTP/1.1" 200 27
116.230.114.112 - - [14/May/2021:10:15:42 +0800] "GET /xingrg/all/function/internal_message.html?_=1620958554155&CODE_STATE=getMsg HTTP/1.1" 302 -
116.224.253.72 - - [14/May/2021:10:15:42 +0800] "POST /xingrg/services/DataTransmitService HTTP/1.1" 200 524
116.224.253.72 - - [14/May/2021:10:15:43 +0800] "POST /xingrg/services/DataTransmitService HTTP/1.1" 200 1995
116.230.76.31 - - [14/May/2021:10:15:43 +0800] "POST /xingrg/kc/buy/cgsh_order_operate.html HTTP/1.1" 200 37
116.224.253.72 - - [14/May/2021:10:15:44 +0800] "POST /xingrg/services/DataTransmitService HTTP/1.1" 200 88204
116.230.76.31 - - [14/May/2021:10:15:45 +0800] "POST /xingrg/kc/buy/cgsh_order_operate.html HTTP/1.1" 200 2663
120.253.135.82 - - [14/May/2021:10:15:48 +0800] "GET /xingrg/check_reg.html?_=1620958604980 HTTP/1.1" 200 22
180.161.124.236 - - [14/May/2021:10:15:48 +0800] "GET /xingrg/all/function/internal_message.html?_=1620958504667&CODE_STATE=getMsg HTTP/1.1" 200 27
116.230.76.31 - - [14/May/2021:10:15:48 +0800] "GET /xingrg/kc/print/load_data.html?order_code=212021051405951&kc_code=cgsh&condition= HTTP/1.1" 200 679
116.230.114.112 - - [14/May/2021:10:15:49 +0800] "GET /xingrg/all/function/internal_message.html?_=1620958564209&CODE_STATE=getMsg HTTP/1.1" 200 27
114.86.229.133 - - [14/May/2021:10:15:51 +0800] "GET /xingrg/all/function/internal_message.html?_=1620958551010&CODE_STATE=getMsg HTTP/1.1" 200 27
222.69.130.65 - - [14/May/2021:10:15:52 +0800] "GET /xingrg/all/function/internal_message.html?_=1620958547584&CODE_STATE=getMsg HTTP/1.1" 200 27
172.20.0.100 - - [14/May/2021:10:15:58 +0800] "GET /xingrg/all/function/internal_message.html?_=1620958555225&CODE_STATE=getMsg HTTP/1.1" 200 27
120.253.135.82 - - [14/May/2021:10:16:02 +0800] "GET /xingrg/all/function/internal_message.html?_=1620958619411&CODE_STATE=getMsg HTTP/1.1" 200 27
116.230.76.31 - - [14/May/2021:10:16:03 +0800] "GET /xingrg/kc/buy/cgsh_order_add.html HTTP/1.1" 200 62079
116.230.76.31 - - [14/May/2021:10:16:04 +0800] "GET /xingrg/javascript/easyui/themes/default/validatebox.css HTTP/1.1" 404 1104
116.230.76.31 - - [14/May/2021:10:16:04 +0800] "POST /xingrg/kc/buy/cgsh_order_operate.html HTTP/1.1" 200 8245
114.86.187.76 - - [14/May/2021:10:16:06 +0800] "GET /xingrg/all/function/internal_message.html?_=1620958564041&CODE_STATE=getMsg HTTP/1.1" 200 27
61.165.42.208 - - [14/May/2021:10:16:07 +0800] "GET /xingrg/all/function/internal_message.html?_=1620958565767&CODE_STATE=getMsg HTTP/1.1" 200 27
120.253.135.82 - - [14/May/2021:10:16:10 +0800] "GET /xingrg/all/function/internal_message.html?_=1620958691396&CODE_STATE=getMsg HTTP/1.1" 200 27
58.37.225.51 - - [14/May/2021:10:16:16 +0800] "GET /xingrg/all/function/internal_message.html?_=1620958583253&CODE_STATE=getMsg HTTP/1.1" 200 27
116.230.76.31 - - [14/May/2021:10:16:19 +0800] "GET /xingrg/javascript/easyui/themes/default/tree.css HTTP/1.1" 404 1090
116.230.76.31 - - [14/May/2021:10:16:20 +0800] "POST /xingrg/all/common/load_tree.html?tree=supplier_tree_json&isDelete=1 HTTP/1.1" 200 55318
117.185.32.26 - - [14/May/2021:10:16:21 +0800] "GET /xingrg/all/function/internal_message.html?_=1620958576780&CODE_STATE=getMsg HTTP/1.1" 200 27
180.169.147.146 - - [14/May/2021:10:16:22 +0800] "POST /xingrg/kc/buy/cgsh_list_operate.html HTTP/1.1" 200 5371
116.224.253.72 - - [14/May/2021:10:16:23 +0800] "GET /xingrg/all/function/internal_message.html?_=1620958580944&CODE_STATE=getMsg HTTP/1.1" 200 27
120.253.135.82 - - [14/May/2021:10:16:23 +0800] "GET /xingrg/all/function/internal_message.html?_=1620958362473&CODE_STATE=getMsg HTTP/1.1" 200 27
180.169.147.146 - - [14/May/2021:10:16:23 +0800] "GET /xingrg/all/function/internal_message.html?_=1620958576423&CODE_STATE=getMsg HTTP/1.1" 200 27
116.230.76.31 - - [14/May/2021:10:16:24 +0800] "GET /xingrg/all/function/internal_message.html?_=1620958580248&CODE_STATE=getMsg HTTP/1.1" 200 27
116.230.110.80 - - [14/May/2021:10:16:27 +0800] "GET /xingrg/all/function/internal_message.html?_=1620958584472&CODE_STATE=getMsg HTTP/1.1" 200 27
116.230.110.80 - - [14/May/2021:10:16:27 +0800] "GET /xingrg/check_reg.html?_=1620958584473 HTTP/1.1" 200 22
180.169.147.146 - - [14/May/2021:10:16:31 +0800] "GET /xingrg/all/function/internal_message.html?_=1620958591212&CODE_STATE=getMsg HTTP/1.1" 200 27
180.161.124.236 - - [14/May/2021:10:16:31 +0800] "GET /xingrg/all/function/internal_message.html?_=1620958590424&CODE_STATE=getMsg HTTP/1.1" 200 27
180.169.147.146 - - [14/May/2021:10:16:35 +0800] "GET /xingrg/javascript/auto/indicator.gif HTTP/1.1" 404 1066
101.85.94.178 - - [14/May/2021:10:16:37 +0800] "GET /xingrg/all/function/internal_message.html?_=1620958094749&CODE_STATE=getMsg HTTP/1.1" 200 27
101.85.94.178 - - [14/May/2021:10:16:37 +0800] "GET /xingrg/check_reg.html?_=1620958094750 HTTP/1.1" 200 22
180.169.147.146 - - [14/May/2021:10:16:39 +0800] "POST /xingrg/kc/buy/cgsh_list_operate.html HTTP/1.1" 200 5855
116.224.253.72 - - [14/May/2021:10:16:41 +0800] "GET /xingrg/all/function/internal_message.html?_=1620958585739&CODE_STATE=getMsg HTTP/1.1" 200 27
116.230.114.112 - - [14/May/2021:10:16:42 +0800] "GET /xingrg/all/function/internal_message.html?_=1620958614162&CODE_STATE=getMsg HTTP/1.1" 302 -
114.86.229.133 - - [14/May/2021:10:16:42 +0800] "POST /xingrg/services/DataTransmitService HTTP/1.1" 200 524
114.86.229.133 - - [14/May/2021:10:16:42 +0800] "POST /xingrg/services/DataTransmitService HTTP/1.1" 200 501
116.230.76.31 - - [14/May/2021:10:16:42 +0800] "GET /xingrg/kc/buy/cgsh_order_operate.html?command=get_materiel&rest_code=00107&code=00101019095&supplier_code=00100337&order_time=2021-05-14 HTTP/1.1" 200 451
116.224.253.72 - - [14/May/2021:10:16:44 +0800] "POST /xingrg/dwr/call/plaincall/AjaxQqpsService.getMaterielByCode.dwr HTTP/1.1" 200 3674
116.224.253.72 - - [14/May/2021:10:16:46 +0800] "POST /xingrg/dwr/call/plaincall/AjaxQqpsService.saveMaterielItem.dwr HTTP/1.1" 200 79
180.161.124.236 - - [14/May/2021:10:16:47 +0800] "GET /xingrg/check_reg.html?_=1620958563712 HTTP/1.1" 200 22
180.161.124.236 - - [14/May/2021:10:16:48 +0800] "GET /xingrg/all/function/internal_message.html?_=1620958564680&CODE_STATE=getMsg HTTP/1.1" 200 27
116.230.114.112 - - [14/May/2021:10:16:49 +0800] "GET /xingrg/all/function/internal_message.html?_=1620958624223&CODE_STATE=getMsg HTTP/1.1" 200 27
114.86.229.133 - - [14/May/2021:10:16:51 +0800] "GET /xingrg/all/function/internal_message.html?_=1620958611014&CODE_STATE=getMsg HTTP/1.1" 200 27
222.69.130.65 - - [14/May/2021:10:16:52 +0800] "GET /xingrg/all/function/internal_message.html?_=1620958607569&CODE_STATE=getMsg HTTP/1.1" 200 27
116.224.253.72 - - [14/May/2021:10:16:52 +0800] "POST /xingrg/dwr/call/plaincall/AjaxQqpsService.getMaterielByCode.dwr HTTP/1.1" 200 3674
116.224.253.72 - - [14/May/2021:10:16:54 +0800] "POST /xingrg/dwr/call/plaincall/AjaxQqpsService.saveMaterielItem.dwr HTTP/1.1" 200 79
172.20.0.100 - - [14/May/2021:10:16:58 +0800] "GET /xingrg/all/function/internal_message.html?_=1620958615229&CODE_STATE=getMsg HTTP/1.1" 200 27
116.224.253.72 - - [14/May/2021:10:16:59 +0800] "POST /xingrg/dwr/call/plaincall/AjaxQqpsService.getMaterielByCode.dwr HTTP/1.1" 200 3677
116.230.76.31 - - [14/May/2021:10:17:01 +0800] "GET /xingrg/kc/buy/cgsh_order_operate.html?command=get_materiel&rest_code=00107&code=00101019376&supplier_code=00100337&order_time=2021-05-14 HTTP/1.1" 200 461
116.224.253.72 - - [14/May/2021:10:17:01 +0800] "POST /xingrg/dwr/call/plaincall/AjaxQqpsService.saveMaterielItem.dwr HTTP/1.1" 200 79
120.253.135.82 - - [14/May/2021:10:17:02 +0800] "GET /xingrg/all/function/internal_message.html?_=1620958679425&CODE_STATE=getMsg HTTP/1.1" 200 27
116.224.253.72 - - [14/May/2021:10:17:04 +0800] "POST /xingrg/dwr/call/plaincall/AjaxQqpsService.getMaterielByCode.dwr HTTP/1.1" 200 3676
114.86.187.76 - - [14/May/2021:10:17:06 +0800] "GET /xingrg/check_reg.html?_=1620958623329 HTTP/1.1" 200 22
120.253.135.82 - - [14/May/2021:10:17:06 +0800] "GET /xingrg/check_reg.html?_=1620958747228 HTTP/1.1" 200 22
114.86.187.76 - - [14/May/2021:10:17:06 +0800] "GET /xingrg/all/function/internal_message.html?_=1620958624063&CODE_STATE=getMsg HTTP/1.1" 200 27
61.165.42.208 - - [14/May/2021:10:17:07 +0800] "GET /xingrg/all/function/internal_message.html?_=1620958625744&CODE_STATE=getMsg HTTP/1.1" 200 27
114.86.229.133 - - [14/May/2021:10:17:07 +0800] "POST /xingrg/services/DataTransmitService HTTP/1.1" 200 524
114.86.229.133 - - [14/May/2021:10:17:08 +0800] "POST /xingrg/services/DataTransmitService HTTP/1.1" 200 2487
120.253.135.82 - - [14/May/2021:10:17:10 +0800] "GET /xingrg/all/function/internal_message.html?_=1620958751408&CODE_STATE=getMsg HTTP/1.1" 200 27
180.161.124.236 - - [14/May/2021:10:17:12 +0800] "GET /xingrg/kc/buy/cgsh_order_list.html HTTP/1.1" 200 46253
180.161.124.236 - - [14/May/2021:10:17:13 +0800] "POST /xingrg/kc/buy/cgsh_list_operate.html HTTP/1.1" 200 1694
116.224.253.72 - - [14/May/2021:10:17:14 +0800] "POST /xingrg/dwr/call/plaincall/AjaxQqpsService.saveMaterielItem.dwr HTTP/1.1" 200 79
180.161.124.236 - - [14/May/2021:10:17:15 +0800] "POST /xingrg/kc/buy/cgsh_list_operate.html HTTP/1.1" 200 384
58.37.225.51 - - [14/May/2021:10:17:16 +0800] "GET /xingrg/all/function/internal_message.html?_=1620958643251&CODE_STATE=getMsg HTTP/1.1" 200 27
180.161.124.236 - - [14/May/2021:10:17:16 +0800] "GET /xingrg/kc/buy/cgsh_order_info.html?code=212021051305864 HTTP/1.1" 200 61968
180.161.124.236 - - [14/May/2021:10:17:16 +0800] "GET /xingrg/javascript/pic_change.js HTTP/1.1" 304 -
180.161.124.236 - - [14/May/2021:10:17:16 +0800] "GET /xingrg/javascript/jquery_tools/order_manager.js HTTP/1.1" 304 -
180.161.124.236 - - [14/May/2021:10:17:16 +0800] "GET /xingrg/javascript/convert.js HTTP/1.1" 304 -
180.161.124.236 - - [14/May/2021:10:17:16 +0800] "GET /xingrg/javascript/json2.js HTTP/1.1" 304 -
180.161.124.236 - - [14/May/2021:10:17:16 +0800] "GET /xingrg/javascript/print/kc_print.js HTTP/1.1" 304 -
180.161.124.236 - - [14/May/2021:10:17:16 +0800] "GET /xingrg/words/20210513135050_words.js HTTP/1.1" 304 -
180.161.124.236 - - [14/May/2021:10:17:17 +0800] "GET /xingrg/all/common/auto_word.html?type=employee&rest_code=00102 HTTP/1.1" 200 189
180.161.124.236 - - [14/May/2021:10:17:17 +0800] "GET /xingrg/all/common/auto_word.html?type=employee&rest_code=00102 HTTP/1.1" 200 189
180.161.124.236 - - [14/May/2021:10:17:17 +0800] "GET /xingrg/javascript/easyui/themes/default/validatebox.css HTTP/1.1" 404 1104
180.161.124.236 - - [14/May/2021:10:17:17 +0800] "GET /xingrg/javascript/easyui/plugins/jquery.validatebox.js HTTP/1.1" 304 -
180.161.124.236 - - [14/May/2021:10:17:17 +0800] "GET /xingrg/javascript/easyui/plugins/jquery.numberbox.js HTTP/1.1" 304 -
180.161.124.236 - - [14/May/2021:10:17:17 +0800] "POST /xingrg/kc/buy/cgsh_order_operate.html HTTP/1.1" 200 3907
180.161.124.236 - - [14/May/2021:10:17:19 +0800] "GET /xingrg/javascript/auto/indicator.gif HTTP/1.1" 404 1066
116.224.253.72 - - [14/May/2021:10:17:19 +0800] "POST /xingrg/dwr/call/plaincall/AjaxQqpsService.getMaterielByCode.dwr HTTP/1.1" 200 3664
114.86.229.133 - - [14/May/2021:10:17:19 +0800] "POST /xingrg/services/DataTransmitService HTTP/1.1" 200 524
114.86.229.133 - - [14/May/2021:10:17:20 +0800] "POST /xingrg/services/DataTransmitService HTTP/1.1" 200 501
117.185.32.26 - - [14/May/2021:10:17:21 +0800] "GET /xingrg/all/function/internal_message.html?_=1620958636761&CODE_STATE=getMsg HTTP/1.1" 200 27
116.230.76.31 - - [14/May/2021:10:17:21 +0800] "POST /xingrg/kc/buy/cgsh_order_operate.html HTTP/1.1" 200 37
116.224.253.72 - - [14/May/2021:10:17:22 +0800] "POST /xingrg/dwr/call/plaincall/AjaxQqpsService.saveMaterielItem.dwr HTTP/1.1" 200 79
116.230.76.31 - - [14/May/2021:10:17:22 +0800] "POST /xingrg/kc/buy/cgsh_order_operate.html HTTP/1.1" 200 3309
116.224.253.72 - - [14/May/2021:10:17:23 +0800] "GET /xingrg/all/function/internal_message.html?_=1620958640936&CODE_STATE=getMsg HTTP/1.1" 200 27
120.253.135.82 - - [14/May/2021:10:17:23 +0800] "GET /xingrg/check_reg.html?_=1620958422424 HTTP/1.1" 200 22
120.253.135.82 - - [14/May/2021:10:17:23 +0800] "GET /xingrg/all/function/internal_message.html?_=1620958422502&CODE_STATE=getMsg HTTP/1.1" 200 27
180.169.147.146 - - [14/May/2021:10:17:23 +0800] "GET /xingrg/all/function/internal_message.html?_=1620958636392&CODE_STATE=getMsg HTTP/1.1" 200 27
116.230.76.31 - - [14/May/2021:10:17:24 +0800] "GET /xingrg/all/function/internal_message.html?_=1620958640225&CODE_STATE=getMsg HTTP/1.1" 200 27
116.230.76.31 - - [14/May/2021:10:17:24 +0800] "GET /xingrg/kc/print/load_data.html?order_code=212021051405952&kc_code=cgsh&condition= HTTP/1.1" 200 954
180.161.124.236 - - [14/May/2021:10:17:25 +0800] "POST /xingrg/kc/buy/cgsh_order_operate.html HTTP/1.1" 200 37
116.224.253.72 - - [14/May/2021:10:17:26 +0800] "POST /xingrg/dwr/call/plaincall/AjaxQqpsService.getMaterielByCode.dwr HTTP/1.1" 200 3651
180.161.124.236 - - [14/May/2021:10:17:26 +0800] "POST /xingrg/kc/buy/cgsh_order_operate.html HTTP/1.1" 200 3907
116.230.110.80 - - [14/May/2021:10:17:27 +0800] "GET /xingrg/all/function/internal_message.html?_=1620958644481&CODE_STATE=getMsg HTTP/1.1" 200 27
116.230.76.31 - - [14/May/2021:10:17:29 +0800] "GET /xingrg/kc/buy/cgsh_order_add.html HTTP/1.1" 200 62079
116.230.76.31 - - [14/May/2021:10:17:30 +0800] "GET /xingrg/javascript/easyui/themes/default/validatebox.css HTTP/1.1" 404 1104
116.230.76.31 - - [14/May/2021:10:17:30 +0800] "POST /xingrg/kc/buy/cgsh_order_operate.html HTTP/1.1" 200 8245
117.185.32.26 - - [14/May/2021:10:17:31 +0800] "GET /xingrg/login.html HTTP/1.1" 200 7641
180.169.147.146 - - [14/May/2021:10:17:31 +0800] "GET /xingrg/all/function/internal_message.html?_=1620958651210&CODE_STATE=getMsg HTTP/1.1" 200 27
116.230.76.31 - - [14/May/2021:10:17:31 +0800] "GET /xingrg/javascript/easyui/themes/default/tree.css HTTP/1.1" 404 1090
114.86.229.133 - - [14/May/2021:10:17:31 +0800] "POST /xingrg/services/DataTransmitService HTTP/1.1" 200 524
116.230.76.31 - - [14/May/2021:10:17:31 +0800] "POST /xingrg/all/common/load_tree.html?tree=supplier_tree_json&isDelete=1 HTTP/1.1" 200 55318
180.161.124.236 - - [14/May/2021:10:17:31 +0800] "GET /xingrg/all/function/internal_message.html?_=1620958650437&CODE_STATE=getMsg HTTP/1.1" 200 27
117.185.32.26 - - [14/May/2021:10:17:32 +0800] "GET /favicon.ico HTTP/1.1" 404 -
114.86.229.133 - - [14/May/2021:10:17:33 +0800] "GET /xingrg/kc/base/base_main.html HTTP/1.1" 200 12142
114.86.229.133 - - [14/May/2021:10:17:33 +0800] "GET /xingrg/images/blue/button/wlsy.gif HTTP/1.1" 200 2536
114.86.229.133 - - [14/May/2021:10:17:33 +0800] "GET /xingrg/images/blue/button/ckpd.gif HTTP/1.1" 200 2051
114.86.229.133 - - [14/May/2021:10:17:33 +0800] "GET /xingrg/images/blue/button/ckdb.gif HTTP/1.1" 200 1950
114.86.229.133 - - [14/May/2021:10:17:33 +0800] "GET /xingrg/images/blue/button/yddb.gif HTTP/1.1" 200 2040
114.86.229.133 - - [14/May/2021:10:17:33 +0800] "GET /xingrg/images/blue/button/top_left.jpg HTTP/1.1" 200 1632
114.86.229.133 - - [14/May/2021:10:17:33 +0800] "GET /xingrg/images/blue/button/top_right.jpg HTTP/1.1" 200 1708
114.86.229.133 - - [14/May/2021:10:17:33 +0800] "GET /xingrg/images/blue/button/left_ah.jpg HTTP/1.1" 200 1643
114.86.229.133 - - [14/May/2021:10:17:33 +0800] "GET /xingrg/images/blue/button/down.jpg HTTP/1.1" 200 1560
114.86.229.133 - - [14/May/2021:10:17:33 +0800] "GET /xingrg/images/blue/button/bottom_left.jpg HTTP/1.1" 200 1524
114.86.229.133 - - [14/May/2021:10:17:33 +0800] "GET /xingrg/images/blue/button/bottom_right.jpg HTTP/1.1" 200 1436
114.86.229.133 - - [14/May/2021:10:17:34 +0800] "GET /xingrg/kc/report/report_main.html HTTP/1.1" 200 7345
114.86.229.133 - - [14/May/2021:10:17:34 +0800] "GET /xingrg/javascript/jquery_easy_ui/themes/icons/back_new.png HTTP/1.1" 200 3414
114.86.229.133 - - [14/May/2021:10:17:37 +0800] "GET /xingrg/index.html?sysBaseUrl=http%3A%2F%2F180.169.147.146%3A18081%2Fxingrg%2F&costTime=53×tamp=1620956691587 HTTP/1.1" 200 17173
114.86.229.133 - - [14/May/2021:10:17:37 +0800] "GET /xingrg/javascript/jquery-1.4.2.min.js HTTP/1.1" 200 72205
114.86.229.133 - - [14/May/2021:10:17:37 +0800] "GET /xingrg/css/form.css HTTP/1.1" 200 893
114.86.229.133 - - [14/May/2021:10:17:37 +0800] "GET /xingrg/javascript/jquery_easy_ui/themes/icon.css HTTP/1.1" 200 3949
114.86.229.133 - - [14/May/2021:10:17:37 +0800] "GET /xingrg/javascript/jquery_easy_ui/jquery.easyui.min.js HTTP/1.1" 200 213662
114.86.229.133 - - [14/May/2021:10:17:37 +0800] "GET /xingrg/javascript/jquery.timers.js HTTP/1.1" 200 3532
114.86.229.133 - - [14/May/2021:10:17:37 +0800] "GET /xingrg/javascript/jquery_easy_ui/easyui-lang-zh_CN.js HTTP/1.1" 200 1900
114.86.229.133 - - [14/May/2021:10:17:37 +0800] "GET /xingrg/images/blue/jxLogo.png HTTP/1.1" 200 6156
114.86.229.133 - - [14/May/2021:10:17:37 +0800] "GET /xingrg/javascript/jquery_easy_ui/themes/default/easyui.css HTTP/1.1" 200 26500
114.86.229.133 - - [14/May/2021:10:17:37 +0800] "GET /xingrg/javascript/jquery.utils.js HTTP/1.1" 200 11805
114.86.229.133 - - [14/May/2021:10:17:37 +0800] "GET /xingrg/javascript/jquery.form.js HTTP/1.1" 200 23110
114.86.229.133 - - [14/May/2021:10:17:37 +0800] "POST /xingrg/all/common/load_tree.html?tree=area_rest_tree_json&manage=1 HTTP/1.1" 200 342
114.86.229.133 - - [14/May/2021:10:17:37 +0800] "GET /xingrg/all/function/internal_message.html?_=1620958656415&CODE_STATE=count HTTP/1.1" 200 11
114.86.229.133 - - [14/May/2021:10:17:37 +0800] "GET /xingrg/check_reg.html?_=1620958656415 HTTP/1.1" 200 22
114.86.229.133 - - [14/May/2021:10:17:37 +0800] "GET /xingrg/javascript/jquery_easy_ui/themes/icons/settle_new.png HTTP/1.1" 200 826
114.86.229.133 - - [14/May/2021:10:17:37 +0800] "GET /xingrg/images/blue/pingpu.png HTTP/1.1" 200 231
114.86.229.133 - - [14/May/2021:10:17:37 +0800] "GET /xingrg/javascript/jquery_easy_ui/themes/default/images/tabs_leftarrow.png HTTP/1.1" 200 389
114.86.229.133 - - [14/May/2021:10:17:37 +0800] "GET /xingrg/javascript/jquery_easy_ui/themes/default/images/tabs_rightarrow.png HTTP/1.1" 200 395
114.86.229.133 - - [14/May/2021:10:17:37 +0800] "GET /xingrg/javascript/jquery_easy_ui/themes/default/images/panel_tool_collapse.gif HTTP/1.1" 200 246
114.86.229.133 - - [14/May/2021:10:17:37 +0800] "GET /xingrg/images/blue/navBackgound.jpg HTTP/1.1" 200 12378
114.86.229.133 - - [14/May/2021:10:17:37 +0800] "GET /xingrg/javascript/jquery_easy_ui/themes/default/images/tree_folder_open.gif HTTP/1.1" 200 956
114.86.229.133 - - [14/May/2021:10:17:37 +0800] "GET /xingrg/javascript/jquery_easy_ui/themes/default/images/tree_arrows.gif HTTP/1.1" 200 1043
114.86.229.133 - - [14/May/2021:10:17:37 +0800] "GET /xingrg/javascript/jquery_easy_ui/themes/icons/area.png HTTP/1.1" 200 262
114.86.229.133 - - [14/May/2021:10:17:37 +0800] "GET /xingrg/javascript/jquery_easy_ui/themes/icons/rest.png HTTP/1.1" 200 695
114.86.229.133 - - [14/May/2021:10:17:37 +0800] "POST /xingrg/load_menu.html HTTP/1.1" 200 5138
114.86.229.133 - - [14/May/2021:10:17:37 +0800] "GET /xingrg/javascript/jquery_easy_ui/themes/default/images/tree_folder.gif HTTP/1.1" 200 952
114.86.229.133 - - [14/May/2021:10:17:37 +0800] "GET /xingrg/javascript/jquery_easy_ui/themes/icons/search_new.png HTTP/1.1" 200 586
114.86.229.133 - - [14/May/2021:10:17:37 +0800] "GET /xingrg/javascript/jquery_easy_ui/themes/icons/forms_new.png HTTP/1.1" 200 350
114.86.229.133 - - [14/May/2021:10:17:37 +0800] "GET /xingrg/javascript/jquery_easy_ui/themes/icons/storage_new.png HTTP/1.1" 200 853
114.86.229.133 - - [14/May/2021:10:17:37 +0800] "GET /xingrg/javascript/jquery_easy_ui/themes/default/images/tree_file.gif HTTP/1.1" 200 118
101.85.94.178 - - [14/May/2021:10:17:37 +0800] "GET /xingrg/all/function/internal_message.html?_=1620958154774&CODE_STATE=getMsg HTTP/1.1" 200 27
114.86.229.133 - - [14/May/2021:10:17:39 +0800] "GET /xingrg/index.html?sysBaseUrl=http%3A%2F%2F180.169.147.146%3A18081%2Fxingrg%2F&costTime=53×tamp=1620956691587 HTTP/1.1" 200 17173
114.86.229.133 - - [14/May/2021:10:17:40 +0800] "POST /xingrg/all/common/load_tree.html?tree=area_rest_tree_json&manage=1 HTTP/1.1" 200 342
117.185.32.26 - - [14/May/2021:10:17:40 +0800] "POST /xingrg/login.do HTTP/1.1" 302 -
114.86.229.133 - - [14/May/2021:10:17:40 +0800] "GET /xingrg/all/function/internal_message.html?_=1620958659182&CODE_STATE=count HTTP/1.1" 200 11
114.86.229.133 - - [14/May/2021:10:17:40 +0800] "GET /xingrg/check_reg.html?_=1620958659182 HTTP/1.1" 200 22
117.185.32.26 - - [14/May/2021:10:17:40 +0800] "GET /xingrg/index.html?sysBaseUrl=http%3A%2F%2F180.169.147.146%3A18081%2Fxingrg%2F&costTime=48×tamp=1620958660095 HTTP/1.1" 200 17503
114.86.229.133 - - [14/May/2021:10:17:40 +0800] "POST /xingrg/load_menu.html HTTP/1.1" 200 5138
117.185.32.26 - - [14/May/2021:10:17:40 +0800] "POST /xingrg/all/common/load_tree.html?tree=area_rest_tree_json&manage=1 HTTP/1.1" 200 3216
117.185.32.26 - - [14/May/2021:10:17:40 +0800] "GET /xingrg/all/function/internal_message.html?_=1620958656161&CODE_STATE=count HTTP/1.1" 200 11
117.185.32.26 - - [14/May/2021:10:17:40 +0800] "GET /xingrg/check_reg.html?_=1620958656164 HTTP/1.1" 200 22
117.185.32.26 - - [14/May/2021:10:17:40 +0800] "GET /xingrg/javascript/jquery_easy_ui/themes/default/images/panel_tool_expand.gif HTTP/1.1" 200 247
117.185.32.26 - - [14/May/2021:10:17:40 +0800] "POST /xingrg/load_menu.html HTTP/1.1" 200 11564
117.185.32.26 - - [14/May/2021:10:17:40 +0800] "GET /favicon.ico HTTP/1.1" 404 -
114.86.229.133 - - [14/May/2021:10:17:41 +0800] "GET /xingrg/kc/report/report_main.html HTTP/1.1" 200 7345
114.86.229.133 - - [14/May/2021:10:17:41 +0800] "GET /xingrg/javascript/jquery_easy_ui/themes/default/images/tabs_close.gif HTTP/1.1" 200 829
114.86.229.133 - - [14/May/2021:10:17:41 +0800] "GET /xingrg/css/blue.css HTTP/1.1" 200 15949
114.86.229.133 - - [14/May/2021:10:17:41 +0800] "GET /xingrg/javascript/pic_change.js HTTP/1.1" 200 4739
114.86.229.133 - - [14/May/2021:10:17:41 +0800] "GET /xingrg/javascript/jquery_ui/themes/humanity/humanity.css HTTP/1.1" 200 27801
114.86.229.133 - - [14/May/2021:10:17:41 +0800] "GET /xingrg/javascript/json2.js HTTP/1.1" 200 11259
114.86.229.133 - - [14/May/2021:10:17:41 +0800] "GET /xingrg/javascript/myfunction.js HTTP/1.1" 200 24559
117.185.32.26 - - [14/May/2021:10:17:41 +0800] "GET /xingrg/javascript/jquery_easy_ui/themes/icons/delivery_new.png HTTP/1.1" 200 700
114.86.229.133 - - [14/May/2021:10:17:41 +0800] "GET /xingrg/javascript/jquery_easy_ui/themes/icons/back_new.png HTTP/1.1" 200 3414
117.185.32.26 - - [14/May/2021:10:17:41 +0800] "GET /xingrg/javascript/jquery_easy_ui/themes/icons/checkout_new.png HTTP/1.1" 200 744
117.185.32.26 - - [14/May/2021:10:17:41 +0800] "GET /xingrg/javascript/jquery_easy_ui/themes/icons/setting_new.png HTTP/1.1" 200 450
117.185.32.26 - - [14/May/2021:10:17:41 +0800] "GET /xingrg/javascript/jquery_easy_ui/themes/icons/systemset_new.png HTTP/1.1" 200 606
116.224.253.72 - - [14/May/2021:10:17:41 +0800] "GET /xingrg/all/function/internal_message.html?_=1620958645753&CODE_STATE=getMsg HTTP/1.1" 200 27
116.230.114.112 - - [14/May/2021:10:17:42 +0800] "GET /xingrg/all/function/internal_message.html?_=1620958674183&CODE_STATE=getMsg HTTP/1.1" 302 -
117.185.32.26 - - [14/May/2021:10:17:43 +0800] "GET /xingrg/javascript/jquery_easy_ui/themes/icons/manage.png HTTP/1.1" 200 696
117.185.32.26 - - [14/May/2021:10:17:43 +0800] "GET /xingrg/javascript/jquery_easy_ui/themes/default/images/button_span_bg.gif HTTP/1.1" 200 2061
117.185.32.26 - - [14/May/2021:10:17:43 +0800] "GET /xingrg/javascript/jquery_easy_ui/themes/default/images/panel_tools.gif HTTP/1.1" 200 737
117.185.32.26 - - [14/May/2021:10:17:43 +0800] "GET /xingrg/javascript/jquery_easy_ui/themes/icons/ok.png HTTP/1.1" 200 883
117.185.32.26 - - [14/May/2021:10:17:43 +0800] "GET /xingrg/javascript/jquery_easy_ui/themes/default/images/panel_title.png HTTP/1.1" 200 266
117.185.32.26 - - [14/May/2021:10:17:45 +0800] "POST /xingrg/all/user/operate.html HTTP/1.1" 200 36
117.185.32.26 - - [14/May/2021:10:17:45 +0800] "GET /xingrg/index.html?sysBaseUrl=http%3A%2F%2F180.169.147.146%3A18081%2Fxingrg%2F&costTime=48×tamp=1620958660095 HTTP/1.1" 200 17503
117.185.32.26 - - [14/May/2021:10:17:45 +0800] "GET /xingrg/javascript/jquery_easy_ui/themes/default/easyui.css HTTP/1.1" 304 -
117.185.32.26 - - [14/May/2021:10:17:45 +0800] "GET /xingrg/javascript/jquery_easy_ui/themes/icon.css HTTP/1.1" 304 -
117.185.32.26 - - [14/May/2021:10:17:45 +0800] "GET /xingrg/css/form.css HTTP/1.1" 304 -
117.185.32.26 - - [14/May/2021:10:17:45 +0800] "GET /xingrg/javascript/jquery-1.4.2.min.js HTTP/1.1" 304 -
117.185.32.26 - - [14/May/2021:10:17:45 +0800] "GET /xingrg/javascript/jquery_easy_ui/jquery.easyui.min.js HTTP/1.1" 304 -
117.185.32.26 - - [14/May/2021:10:17:45 +0800] "GET /xingrg/javascript/jquery_easy_ui/easyui-lang-zh_CN.js HTTP/1.1" 304 -
117.185.32.26 - - [14/May/2021:10:17:45 +0800] "GET /xingrg/javascript/jquery.form.js HTTP/1.1" 304 -
117.185.32.26 - - [14/May/2021:10:17:45 +0800] "GET /xingrg/javascript/jquery.utils.js HTTP/1.1" 304 -
117.185.32.26 - - [14/May/2021:10:17:45 +0800] "GET /xingrg/javascript/jquery.timers.js HTTP/1.1" 304 -
117.185.32.26 - - [14/May/2021:10:17:45 +0800] "GET /xingrg/images/blue/jxLogo.png HTTP/1.1" 304 -
117.185.32.26 - - [14/May/2021:10:17:46 +0800] "POST /xingrg/all/common/load_tree.html?tree=area_rest_tree_json&manage=1 HTTP/1.1" 200 3216
117.185.32.26 - - [14/May/2021:10:17:46 +0800] "GET /xingrg/all/function/internal_message.html?_=1620958661635&CODE_STATE=count HTTP/1.1" 200 11
117.185.32.26 - - [14/May/2021:10:17:46 +0800] "GET /xingrg/javascript/jquery_easy_ui/themes/default/images/panel_tool_collapse.gif HTTP/1.1" 304 -
117.185.32.26 - - [14/May/2021:10:17:46 +0800] "GET /xingrg/check_reg.html?_=1620958661636 HTTP/1.1" 200 22
117.185.32.26 - - [14/May/2021:10:17:46 +0800] "GET /xingrg/javascript/jquery_easy_ui/themes/default/images/tabs_leftarrow.png HTTP/1.1" 304 -
117.185.32.26 - - [14/May/2021:10:17:46 +0800] "GET /xingrg/javascript/jquery_easy_ui/themes/default/images/tabs_rightarrow.png HTTP/1.1" 304 -
117.185.32.26 - - [14/May/2021:10:17:46 +0800] "GET /xingrg/images/blue/pingpu.png HTTP/1.1" 304 -
117.185.32.26 - - [14/May/2021:10:17:46 +0800] "GET /xingrg/javascript/jquery_easy_ui/themes/default/images/panel_tool_expand.gif HTTP/1.1" 304 -
117.185.32.26 - - [14/May/2021:10:17:46 +0800] "GET /xingrg/javascript/jquery_easy_ui/themes/icons/settle_new.png HTTP/1.1" 304 -
117.185.32.26 - - [14/May/2021:10:17:46 +0800] "GET /xingrg/images/blue/navBackgound.jpg HTTP/1.1" 304 -
117.185.32.26 - - [14/May/2021:10:17:46 +0800] "POST /xingrg/load_menu.html HTTP/1.1" 200 9959
117.185.32.26 - - [14/May/2021:10:17:46 +0800] "GET /xingrg/javascript/jquery_easy_ui/themes/default/images/tree_arrows.gif HTTP/1.1" 304 -
117.185.32.26 - - [14/May/2021:10:17:46 +0800] "GET /xingrg/javascript/jquery_easy_ui/themes/default/images/tree_file.gif HTTP/1.1" 304 -
117.185.32.26 - - [14/May/2021:10:17:46 +0800] "GET /xingrg/javascript/jquery_easy_ui/themes/icons/systemset_new.png HTTP/1.1" 304 -
117.185.32.26 - - [14/May/2021:10:17:46 +0800] "GET /xingrg/javascript/jquery_easy_ui/themes/icons/setting_new.png HTTP/1.1" 304 -
117.185.32.26 - - [14/May/2021:10:17:46 +0800] "GET /xingrg/javascript/jquery_easy_ui/themes/icons/forms_new.png HTTP/1.1" 304 -
117.185.32.26 - - [14/May/2021:10:17:46 +0800] "GET /xingrg/javascript/jquery_easy_ui/themes/icons/storage_new.png HTTP/1.1" 304 -
117.185.32.26 - - [14/May/2021:10:17:46 +0800] "GET /xingrg/javascript/jquery_easy_ui/themes/icons/checkout_new.png HTTP/1.1" 304 -
117.185.32.26 - - [14/May/2021:10:17:46 +0800] "GET /xingrg/javascript/jquery_easy_ui/themes/default/images/tree_folder.gif HTTP/1.1" 304 -
117.185.32.26 - - [14/May/2021:10:17:46 +0800] "GET /xingrg/javascript/jquery_easy_ui/themes/icons/search_new.png HTTP/1.1" 304 -
117.185.32.26 - - [14/May/2021:10:17:46 +0800] "GET /xingrg/javascript/jquery_easy_ui/themes/default/images/tree_folder_open.gif HTTP/1.1" 304 -
222.69.130.65 - - [14/May/2021:10:17:46 +0800] "GET /xingrg/check_reg.html?_=1620958662179 HTTP/1.1" 200 22
117.185.32.26 - - [14/May/2021:10:17:47 +0800] "GET /xingrg/kc/buy/buy_main.html HTTP/1.1" 200 12412
117.185.32.26 - - [14/May/2021:10:17:47 +0800] "GET /xingrg/css/new_ie.css HTTP/1.1" 404 1036
117.185.32.26 - - [14/May/2021:10:17:47 +0800] "GET /xingrg/images/yd/bt.gif HTTP/1.1" 404 1040
117.185.32.26 - - [14/May/2021:10:17:48 +0800] "GET /xingrg/kc/buy/cgsh_order_list.html HTTP/1.1" 200 46508
180.161.124.236 - - [14/May/2021:10:17:48 +0800] "GET /xingrg/all/function/internal_message.html?_=1620958624693&CODE_STATE=getMsg HTTP/1.1" 200 27
116.230.114.112 - - [14/May/2021:10:17:49 +0800] "GET /xingrg/all/function/internal_message.html?_=1620958684381&CODE_STATE=getMsg HTTP/1.1" 200 27
117.185.32.26 - - [14/May/2021:10:17:49 +0800] "POST /xingrg/kc/buy/cgsh_list_operate.html HTTP/1.1" 200 876
222.69.130.65 - - [14/May/2021:10:17:52 +0800] "GET /xingrg/all/function/internal_message.html?_=1620958667555&CODE_STATE=getMsg HTTP/1.1" 200 27
116.230.76.31 - - [14/May/2021:10:17:55 +0800] "GET /xingrg/kc/buy/cgsh_order_operate.html?command=get_materiel&rest_code=00107&code=00101007144&supplier_code=00100322&order_time=2021-05-14 HTTP/1.1" 200 428
117.185.32.26 - - [14/May/2021:10:17:55 +0800] "POST /xingrg/kc/buy/cgsh_list_operate.html HTTP/1.1" 200 5937
172.20.0.100 - - [14/May/2021:10:17:58 +0800] "GET /xingrg/all/function/internal_message.html?_=1620958675233&CODE_STATE=getMsg HTTP/1.1" 200 27
172.20.0.100 - - [14/May/2021:10:17:58 +0800] "GET /xingrg/check_reg.html?_=1620958675235 HTTP/1.1" 200 22
117.185.32.26 - - [14/May/2021:10:17:58 +0800] "POST /xingrg/kc/buy/cgsh_list_operate.html HTTP/1.1" 200 562
117.185.32.26 - - [14/May/2021:10:17:58 +0800] "GET /xingrg/kc/buy/cgsh_order_info.html?code=212021051405949 HTTP/1.1" 200 57160
117.185.32.26 - - [14/May/2021:10:17:59 +0800] "GET /xingrg/javascript/easyui/themes/default/validatebox.css HTTP/1.1" 404 1104
117.185.32.26 - - [14/May/2021:10:17:59 +0800] "POST /xingrg/kc/buy/cgsh_order_operate.html HTTP/1.1" 200 4720
114.86.229.133 - - [14/May/2021:10:18:02 +0800] "POST /xingrg/services/DataTransmitService HTTP/1.1" 200 501
117.185.32.26 - - [14/May/2021:10:18:02 +0800] "POST /xingrg/kc/buy/cgsh_order_operate.html HTTP/1.1" 200 12
114.86.229.133 - - [14/May/2021:10:18:02 +0800] "POST /xingrg/services/DataTransmitService HTTP/1.1" 200 501
120.253.135.82 - - [14/May/2021:10:18:02 +0800] "GET /xingrg/all/function/internal_message.html?_=1620958739443&CODE_STATE=getMsg HTTP/1.1" 200 27
117.185.32.26 - - [14/May/2021:10:18:03 +0800] "GET /xingrg/kc/buy/cgsh_order_info.html?code=212021051405949 HTTP/1.1" 200 62008
117.185.32.26 - - [14/May/2021:10:18:03 +0800] "GET /xingrg/all/common/auto_word.html?type=employee&rest_code=00106 HTTP/1.1" 200 205
117.185.32.26 - - [14/May/2021:10:18:03 +0800] "GET /xingrg/all/common/auto_word.html?type=employee&rest_code=00106 HTTP/1.1" 200 205
117.185.32.26 - - [14/May/2021:10:18:03 +0800] "GET /xingrg/javascript/easyui/themes/default/validatebox.css HTTP/1.1" 404 1104
114.86.229.133 - - [14/May/2021:10:18:04 +0800] "POST /xingrg/services/DataTransmitService HTTP/1.1" 200 501
116.230.76.31 - - [14/May/2021:10:18:06 +0800] "POST /xingrg/kc/buy/cgsh_order_operate.html HTTP/1.1" 200 37
117.185.32.26 - - [14/May/2021:10:18:06 +0800] "POST /xingrg/kc/buy/cgsh_order_operate.html HTTP/1.1" 200 6774
114.86.187.76 - - [14/May/2021:10:18:06 +0800] "GET /xingrg/all/function/internal_message.html?_=1620958684066&CODE_STATE=getMsg HTTP/1.1" 200 27
61.165.42.208 - - [14/May/2021:10:18:07 +0800] "GET /xingrg/all/function/internal_message.html?_=1620958685717&CODE_STATE=getMsg HTTP/1.1" 200 27
114.86.229.133 - - [14/May/2021:10:18:07 +0800] "POST /xingrg/services/DataTransmitService HTTP/1.1" 200 501
114.86.229.133 - - [14/May/2021:10:18:07 +0800] "POST /xingrg/services/DataTransmitService HTTP/1.1" 200 501
114.86.229.133 - - [14/May/2021:10:18:07 +0800] "POST /xingrg/services/DataTransmitService HTTP/1.1" 200 501
114.86.229.133 - - [14/May/2021:10:18:08 +0800] "POST /xingrg/services/DataTransmitService HTTP/1.1" 200 501
116.230.76.31 - - [14/May/2021:10:18:08 +0800] "POST /xingrg/kc/buy/cgsh_order_operate.html HTTP/1.1" 200 2679
117.185.32.26 - - [14/May/2021:10:18:08 +0800] "GET /xingrg/login.html HTTP/1.1" 200 7641
114.86.229.133 - - [14/May/2021:10:18:09 +0800] "POST /xingrg/services/DataTransmitService HTTP/1.1" 200 501
117.185.32.26 - - [14/May/2021:10:18:09 +0800] "GET /favicon.ico HTTP/1.1" 404 -
114.86.229.133 - - [14/May/2021:10:18:10 +0800] "POST /xingrg/services/DataTransmitService HTTP/1.1" 200 501
120.253.135.82 - - [14/May/2021:10:18:10 +0800] "GET /xingrg/all/function/internal_message.html?_=1620958811422&CODE_STATE=getMsg HTTP/1.1" 200 27
116.230.76.31 - - [14/May/2021:10:18:11 +0800] "GET /xingrg/kc/print/load_data.html?order_code=212021051405953&kc_code=cgsh&condition= HTTP/1.1" 200 682
117.185.32.26 - - [14/May/2021:10:18:12 +0800] "POST /xingrg/login.do HTTP/1.1" 302 -
117.185.32.26 - - [14/May/2021:10:18:12 +0800] "GET /xingrg/index.html?sysBaseUrl=http%3A%2F%2F180.169.147.146%3A18081%2Fxingrg%2F&costTime=43×tamp=1620958692728 HTTP/1.1" 200 17173
117.185.32.26 - - [14/May/2021:10:18:13 +0800] "GET /favicon.ico HTTP/1.1" 404 -
117.185.32.26 - - [14/May/2021:10:18:13 +0800] "POST /xingrg/all/common/load_tree.html?tree=area_rest_tree_json&manage=1 HTTP/1.1" 200 342
117.185.32.26 - - [14/May/2021:10:18:13 +0800] "GET /xingrg/check_reg.html?_=1620958688754 HTTP/1.1" 200 22
117.185.32.26 - - [14/May/2021:10:18:13 +0800] "GET /xingrg/all/function/internal_message.html?_=1620958688753&CODE_STATE=count HTTP/1.1" 200 11
117.185.32.26 - - [14/May/2021:10:18:13 +0800] "POST /xingrg/load_menu.html HTTP/1.1" 200 5138
114.86.229.133 - - [14/May/2021:10:18:14 +0800] "POST /xingrg/services/DataTransmitService HTTP/1.1" 200 412
58.37.225.51 - - [14/May/2021:10:18:16 +0800] "GET /xingrg/all/function/internal_message.html?_=1620958703254&CODE_STATE=getMsg HTTP/1.1" 200 27
116.230.76.31 - - [14/May/2021:10:18:16 +0800] "GET /xingrg/kc/buy/cgsh_order_add.html HTTP/1.1" 200 62079
116.230.76.31 - - [14/May/2021:10:18:17 +0800] "GET /xingrg/javascript/easyui/themes/default/validatebox.css HTTP/1.1" 404 1104
116.230.76.31 - - [14/May/2021:10:18:17 +0800] "POST /xingrg/kc/buy/cgsh_order_operate.html HTTP/1.1" 200 8245
114.86.229.133 - - [14/May/2021:10:18:17 +0800] "GET /xingrg/all/report/report_query.html?fileName=kc/buy/gys_amount.xml&rh=99999 HTTP/1.1" 200 52006
114.86.229.133 - - [14/May/2021:10:18:17 +0800] "GET /xingrg/javascript/multi_select/jqueryMultiSelect.css HTTP/1.1" 200 951
114.86.229.133 - - [14/May/2021:10:18:17 +0800] "GET /xingrg/javascript/calendar/timePicker.css HTTP/1.1" 200 523
114.86.229.133 - - [14/May/2021:10:18:17 +0800] "GET /xingrg/javascript/bigrid/fix.css HTTP/1.1" 200 1702
114.86.229.133 - - [14/May/2021:10:18:17 +0800] "GET /xingrg/javascript/bigrid/fix.js HTTP/1.1" 200 6439
114.86.229.133 - - [14/May/2021:10:18:17 +0800] "GET /xingrg/dwr/interface/AjaxReportQueryService.js HTTP/1.1" 200 13203
114.86.229.133 - - [14/May/2021:10:18:17 +0800] "GET /xingrg/javascript/jqueryMultiSelect.js HTTP/1.1" 200 11866
114.86.229.133 - - [14/May/2021:10:18:17 +0800] "GET /xingrg/dwr/util.js HTTP/1.1" 200 35990
114.86.229.133 - - [14/May/2021:10:18:17 +0800] "GET /xingrg/javascript/calendar/jquery.timePicker.min.js HTTP/1.1" 200 2997
114.86.229.133 - - [14/May/2021:10:18:17 +0800] "GET /xingrg/dwr/engine.js HTTP/1.1" 200 43631
114.86.229.133 - - [14/May/2021:10:18:17 +0800] "GET /xingrg/javascript/Calendar.js HTTP/1.1" 200 31561
114.86.229.133 - - [14/May/2021:10:18:17 +0800] "GET /xingrg/images/blue/button/advanceover.gif HTTP/1.1" 200 1347
114.86.229.133 - - [14/May/2021:10:18:17 +0800] "GET /xingrg/images/blue/button/back2over.gif HTTP/1.1" 200 1335
114.86.229.133 - - [14/May/2021:10:18:17 +0800] "GET /xingrg/images/blue/button/advance2over.gif HTTP/1.1" 200 1336
114.86.229.133 - - [14/May/2021:10:18:17 +0800] "GET /xingrg/images/blue/button/backover.gif HTTP/1.1" 200 1348
114.86.229.133 - - [14/May/2021:10:18:17 +0800] "GET /xingrg/images/control/loading.gif HTTP/1.1" 200 13463
114.86.229.133 - - [14/May/2021:10:18:18 +0800] "GET /xingrg/javascript/jquery_easy_ui/themes/icons/help.png HTTP/1.1" 200 1187
114.86.229.133 - - [14/May/2021:10:18:18 +0800] "GET /xingrg/javascript/jquery_easy_ui/themes/default/images/menu_downarrow.png HTTP/1.1" 200 173
114.86.229.133 - - [14/May/2021:10:18:18 +0800] "GET /xingrg/javascript/jquery_easy_ui/themes/default/images/menu.gif HTTP/1.1" 200 834
114.86.229.133 - - [14/May/2021:10:18:18 +0800] "GET /xingrg/javascript/jquery_easy_ui/themes/default/images/button_a_bg.gif HTTP/1.1" 200 1194
114.86.229.133 - - [14/May/2021:10:18:18 +0800] "GET /xingrg/javascript/jquery_easy_ui/themes/icons/pencil.png HTTP/1.1" 200 713
114.86.229.133 - - [14/May/2021:10:18:18 +0800] "GET /xingrg/javascript/jquery_easy_ui/themes/icons/print.png HTTP/1.1" 200 1057
114.86.229.133 - - [14/May/2021:10:18:18 +0800] "POST /xingrg/dwr/call/plaincall/AjaxReportQueryService.getFixDate.dwr HTTP/1.1" 200 111
114.86.229.133 - - [14/May/2021:10:18:18 +0800] "GET /xingrg/javascript/jquery_easy_ui/themes/default/images/menu_rightarrow.png HTTP/1.1" 200 3617
114.86.229.133 - - [14/May/2021:10:18:18 +0800] "GET /xingrg/javascript/jquery_easy_ui/themes/default/images/combo_arrow_dot.gif HTTP/1.1" 200 79
114.86.229.133 - - [14/May/2021:10:18:18 +0800] "POST /xingrg/all/common/load_tree.html?tree=supplier_tree_json&manage=1 HTTP/1.1" 200 56175
114.86.229.133 - - [14/May/2021:10:18:18 +0800] "GET /xingrg/javascript/jquery_easy_ui/themes/default/images/tree_checkbox_0.gif HTTP/1.1" 200 168
116.230.76.31 - - [14/May/2021:10:18:18 +0800] "GET /xingrg/javascript/easyui/themes/default/tree.css HTTP/1.1" 404 1090
114.86.229.133 - - [14/May/2021:10:18:18 +0800] "POST /xingrg/all/common/load_tree.html?tree=materiel_sort_tree_json HTTP/1.1" 200 8666
114.86.229.133 - - [14/May/2021:10:18:19 +0800] "POST /xingrg/dwr/call/plaincall/AjaxReportQueryService.getInitString.dwr HTTP/1.1" 200 1014
116.230.76.31 - - [14/May/2021:10:18:19 +0800] "POST /xingrg/all/common/load_tree.html?tree=supplier_tree_json&isDelete=1 HTTP/1.1" 200 55318
114.86.229.133 - - [14/May/2021:10:18:19 +0800] "GET /xingrg/javascript/multi_select/dropdown.gif HTTP/1.1" 200 61
116.230.76.31 - - [14/May/2021:10:18:22 +0800] "GET /xingrg/check_reg.html?_=1620958698481 HTTP/1.1" 200 22
116.224.253.72 - - [14/May/2021:10:18:23 +0800] "GET /xingrg/all/function/internal_message.html?_=1620958700948&CODE_STATE=getMsg HTTP/1.1" 200 27
116.224.253.72 - - [14/May/2021:10:18:23 +0800] "GET /xingrg/check_reg.html?_=1620958700966 HTTP/1.1" 200 22
183.192.164.214 - - [14/May/2021:10:18:23 +0800] "GET /xingrg/all/function/internal_message.html?_=1620958636761&CODE_STATE=getMsg HTTP/1.1" 302 -
120.253.135.82 - - [14/May/2021:10:18:23 +0800] "GET /xingrg/all/function/internal_message.html?_=1620958482515&CODE_STATE=getMsg HTTP/1.1" 200 27
180.169.147.146 - - [14/May/2021:10:18:23 +0800] "GET /xingrg/all/function/internal_message.html?_=1620958696365&CODE_STATE=getMsg HTTP/1.1" 200 27
116.230.76.31 - - [14/May/2021:10:18:24 +0800] "GET /xingrg/all/function/internal_message.html?_=1620958700216&CODE_STATE=getMsg HTTP/1.1" 200 27
183.192.164.214 - - [14/May/2021:10:18:26 +0800] "GET /xingrg/login.html HTTP/1.1" 200 7641
114.86.229.133 - - [14/May/2021:10:18:26 +0800] "POST /xingrg/services/DataTransmitService HTTP/1.1" 200 524
114.86.229.133 - - [14/May/2021:10:18:26 +0800] "POST /xingrg/services/DataTransmitService HTTP/1.1" 200 501
114.86.229.133 - - [14/May/2021:10:18:26 +0800] "POST /xingrg/services/DataTransmitService HTTP/1.1" 200 501
116.230.110.80 - - [14/May/2021:10:18:27 +0800] "GET /xingrg/all/function/internal_message.html?_=1620958704482&CODE_STATE=getMsg HTTP/1.1" 200 27
114.86.229.133 - - [14/May/2021:10:18:28 +0800] "GET /xingrg/javascript/jquery_easy_ui/themes/default/images/button_plain_hover.png HTTP/1.1" 200 252
114.86.229.133 - - [14/May/2021:10:18:29 +0800] "POST /xingrg/dwr/call/plaincall/AjaxReportQueryService.refreshCache.dwr HTTP/1.1" 200 78
114.86.229.133 - - [14/May/2021:10:18:29 +0800] "POST /xingrg/services/DataTransmitService HTTP/1.1" 200 412
180.169.147.146 - - [14/May/2021:10:18:31 +0800] "GET /xingrg/all/function/internal_message.html?_=1620958711225&CODE_STATE=getMsg HTTP/1.1" 302 -
114.86.229.133 - - [14/May/2021:10:18:31 +0800] "POST /xingrg/all/report/load_report_page.html HTTP/1.1" 200 149360
114.86.229.133 - - [14/May/2021:10:18:31 +0800] "GET /xingrg/servlets/image?cache=0.6696939566833595&image=px HTTP/1.1" 200 807
180.161.124.236 - - [14/May/2021:10:18:31 +0800] "GET /xingrg/all/function/internal_message.html?_=1620958710468&CODE_STATE=getMsg HTTP/1.1" 200 27
101.85.94.178 - - [14/May/2021:10:18:37 +0800] "GET /xingrg/all/function/internal_message.html?_=1620958214772&CODE_STATE=getMsg HTTP/1.1" 200 27
114.86.229.133 - - [14/May/2021:10:18:40 +0800] "GET /xingrg/all/function/internal_message.html?_=1620958719190&CODE_STATE=getMsg HTTP/1.1" 200 27
116.230.76.31 - - [14/May/2021:10:18:40 +0800] "GET /xingrg/kc/buy/cgsh_order_operate.html?command=get_materiel&rest_code=00107&code=00101001109&supplier_code=00100323&order_time=2021-05-14 HTTP/1.1" 200 415
116.224.253.72 - - [14/May/2021:10:18:40 +0800] "GET /xingrg/check_reg.html?_=1620958705008 HTTP/1.1" 200 22
116.224.253.72 - - [14/May/2021:10:18:41 +0800] "GET /xingrg/all/function/internal_message.html?_=1620958705766&CODE_STATE=getMsg HTTP/1.1" 200 27
116.230.114.112 - - [14/May/2021:10:18:42 +0800] "GET /xingrg/all/function/internal_message.html?_=1620958734189&CODE_STATE=getMsg HTTP/1.1" 302 -
183.192.164.214 - - [14/May/2021:10:18:43 +0800] "GET /xingrg/index.html?sysBaseUrl=http://180.169.147.146:18081/xingrg/&costTime=48×tamp=1620958660095 HTTP/1.1" 302 -
180.169.147.146 - - [14/May/2021:10:18:44 +0800] "GET /xingrg/check_reg.html?_=1620958716945 HTTP/1.1" 200 22
183.192.164.214 - - [14/May/2021:10:18:46 +0800] "GET /xingrg/login.html HTTP/1.1" 200 7641
180.161.124.236 - - [14/May/2021:10:18:48 +0800] "GET /xingrg/all/function/internal_message.html?_=1620958684708&CODE_STATE=getMsg HTTP/1.1" 200 27
114.83.217.136 - - [14/May/2021:10:18:48 +0800] "GET /xingrg/login.html HTTP/1.1" 200 7641
114.83.217.136 - - [14/May/2021:10:18:48 +0800] "GET /favicon.ico HTTP/1.1" 404 -
116.230.114.112 - - [14/May/2021:10:18:49 +0800] "GET /xingrg/all/function/internal_message.html?_=1620958744391&CODE_STATE=getMsg HTTP/1.1" 200 27
116.224.253.72 - - [14/May/2021:10:18:51 +0800] "POST /xingrg/dwr/call/plaincall/AjaxQqpsService.saveMaterielItem.dwr HTTP/1.1" 200 79
222.69.130.65 - - [14/May/2021:10:18:52 +0800] "GET /xingrg/all/function/internal_message.html?_=1620958727540&CODE_STATE=getMsg HTTP/1.1" 200 27
116.224.253.72 - - [14/May/2021:10:18:54 +0800] "POST /xingrg/dwr/call/plaincall/AjaxQqpsService.getMaterielByCode.dwr HTTP/1.1" 200 3630
114.86.229.133 - - [14/May/2021:10:18:57 +0800] "GET /xingrg/all/report/report_query.html?isQuery=1&fileName=kc/buy/wlcg_cate_hz.xml&queryString=(CONVERT(char(10)%252Ca.order_time%252C%2520120)%253E%253D'2021-05-01')%2520and%2520(CONVERT(char(10)%252Ca.order_time%252C%2520120)%253C%253D'2021-05-10')%2520and%2520(a.number%253E0%2520and%2520a.supplier_code%253D'00100404')&queryText=%25E3%2580%2590%25E9%2587%2587%25E8%25B4%25AD%25E6%2597%25A5%25E6%259C%259F%253A2021-05-01%2520%25E8%2587%25B3%25202021-05-10%25E3%2580%2591%2520%25E5%25B9%25B6%25E4%25B8%2594%2520%25E3%2580%2590%25E4%25BE%259B%25E5%25BA%2594%25E5%2595%2586%253D%25E4%25B8%258A%25E6%25B5%25B7%25E7%25AB%25AF%25E6%2587%25BF%25E8%25B4%25B8%25E6%2598%2593%25E6%259C%2589%25E9%2599%2590%25E5%2585%25AC%25E5%258F%25B8%25E3%2580%2591 HTTP/1.1" 200 54386
114.86.229.133 - - [14/May/2021:10:18:57 +0800] "GET /xingrg/dwr/interface/AjaxReportQueryService.js HTTP/1.1" 200 13203
114.86.229.133 - - [14/May/2021:10:18:57 +0800] "GET /xingrg/dwr/engine.js HTTP/1.1" 200 43631
172.20.0.100 - - [14/May/2021:10:18:58 +0800] "GET /xingrg/all/function/internal_message.html?_=1620958735237&CODE_STATE=getMsg HTTP/1.1" 200 27
114.83.217.136 - - [14/May/2021:10:18:58 +0800] "POST /xingrg/login.do HTTP/1.1" 302 -
114.86.229.133 - - [14/May/2021:10:18:58 +0800] "POST /xingrg/all/report/load_report_page.html HTTP/1.1" 200 8716
114.86.229.133 - - [14/May/2021:10:18:58 +0800] "GET /xingrg/servlets/image?cache=0.9333696389110807&image=px HTTP/1.1" 200 807
114.83.217.136 - - [14/May/2021:10:18:58 +0800] "GET /xingrg/index.html?sysBaseUrl=http%3A%2F%2F180.169.147.146%3A18081%2Fxingrg%2F&costTime=127×tamp=1620958738805 HTTP/1.1" 200 17179
114.83.217.136 - - [14/May/2021:10:18:59 +0800] "GET /favicon.ico HTTP/1.1" 404 -
114.83.217.136 - - [14/May/2021:10:18:59 +0800] "POST /xingrg/all/common/load_tree.html?tree=area_rest_tree_json&manage=1 HTTP/1.1" 200 351
114.83.217.136 - - [14/May/2021:10:18:59 +0800] "GET /xingrg/all/function/internal_message.html?_=1620958739120&CODE_STATE=count HTTP/1.1" 200 11
114.83.217.136 - - [14/May/2021:10:18:59 +0800] "GET /xingrg/check_reg.html?_=1620958739122 HTTP/1.1" 200 22
114.83.217.136 - - [14/May/2021:10:18:59 +0800] "POST /xingrg/load_menu.html HTTP/1.1" 200 5138
120.253.135.82 - - [14/May/2021:10:19:02 +0800] "GET /xingrg/all/function/internal_message.html?_=1620958799452&CODE_STATE=getMsg HTTP/1.1" 200 27
116.230.76.31 - - [14/May/2021:10:19:02 +0800] "GET /xingrg/kc/buy/cgsh_order_operate.html?command=get_materiel&rest_code=00107&code=00101007044&supplier_code=00100323&order_time=2021-05-14 HTTP/1.1" 200 422
114.86.229.133 - - [14/May/2021:10:19:05 +0800] "POST /xingrg/all/report/load_report_page.html HTTP/1.1" 200 13062
114.86.229.133 - - [14/May/2021:10:19:05 +0800] "GET /xingrg/servlets/image?cache=0.7302914009663628&image=px HTTP/1.1" 200 807
114.83.217.136 - - [14/May/2021:10:19:06 +0800] "GET /xingrg/kc/buy/cgsh_order_list.html HTTP/1.1" 200 46259
114.86.187.76 - - [14/May/2021:10:19:06 +0800] "GET /xingrg/all/function/internal_message.html?_=1620958744083&CODE_STATE=getMsg HTTP/1.1" 200 27
