116.224.253.72 - - [14/May/2021:09:28:10 +0800] "GET /xingrg/javascript/easyui/themes/default/validatebox.css HTTP/1.1" 404 1104
116.224.253.72 - - [14/May/2021:09:28:11 +0800] "POST /xingrg/kc/buy/cgsh_order_operate.html HTTP/1.1" 200 21532
116.224.253.72 - - [14/May/2021:09:28:12 +0800] "GET /xingrg/kc/print/load_config.html?kc_code=cgsh HTTP/1.1" 200 1845
116.224.253.72 - - [14/May/2021:09:28:12 +0800] "GET /xingrg/kc/print/load_data.html?order_code=212021051405921&kc_code=cgsh&condition= HTTP/1.1" 200 8814
114.86.229.133 - - [14/May/2021:09:28:13 +0800] "GET /xingrg/all/function/internal_message.html?_=1620955692249&CODE_STATE=getMsg HTTP/1.1" 200 27
114.86.229.133 - - [14/May/2021:09:28:13 +0800] "POST /xingrg/kc/buy/cgsh_order_operate.html HTTP/1.1" 200 15086
116.230.76.31 - - [14/May/2021:09:28:16 +0800] "GET /xingrg/kc/buy/cgsh_order_operate.html?command=get_materiel&rest_code=00107&code=00101008098&supplier_code=00100006&order_time=2021-05-14 HTTP/1.1" 200 412
58.37.225.51 - - [14/May/2021:09:28:17 +0800] "GET /xingrg/all/function/internal_message.html?_=1620955704050&CODE_STATE=getMsg HTTP/1.1" 200 27
117.185.32.26 - - [14/May/2021:09:28:21 +0800] "GET /xingrg/check_reg.html?_=1620955696818 HTTP/1.1" 200 22
117.185.32.26 - - [14/May/2021:09:28:21 +0800] "GET /xingrg/all/function/internal_message.html?_=1620955696834&CODE_STATE=getMsg HTTP/1.1" 200 27
116.230.76.31 - - [14/May/2021:09:28:22 +0800] "GET /xingrg/check_reg.html?_=1620955698441 HTTP/1.1" 200 22
116.230.76.31 - - [14/May/2021:09:28:22 +0800] "GET /xingrg/all/function/internal_message.html?_=1620955698525&CODE_STATE=getMsg HTTP/1.1" 200 27
116.224.253.72 - - [14/May/2021:09:28:24 +0800] "POST /xingrg/kc/buy/cgsh_list_operate.html HTTP/1.1" 200 568
180.169.147.146 - - [14/May/2021:09:28:24 +0800] "GET /xingrg/all/function/internal_message.html?_=1620955697312&CODE_STATE=getMsg HTTP/1.1" 200 27
180.169.147.146 - - [14/May/2021:09:28:24 +0800] "GET /xingrg/all/function/internal_message.html?_=1620955704776&CODE_STATE=getMsg HTTP/1.1" 200 27
116.224.253.72 - - [14/May/2021:09:28:25 +0800] "GET /xingrg/kc/buy/cgsh_order_info.html?code=212021051405919 HTTP/1.1" 200 61642
116.230.110.80 - - [14/May/2021:09:28:25 +0800] "GET /xingrg/all/function/internal_message.html?_=1620955703167&CODE_STATE=getMsg HTTP/1.1" 200 27
116.224.253.72 - - [14/May/2021:09:28:26 +0800] "GET /xingrg/javascript/easyui/themes/default/validatebox.css HTTP/1.1" 404 1104
116.224.253.72 - - [14/May/2021:09:28:26 +0800] "POST /xingrg/kc/buy/cgsh_order_operate.html HTTP/1.1" 200 37
116.224.253.72 - - [14/May/2021:09:28:26 +0800] "POST /xingrg/kc/buy/cgsh_order_operate.html HTTP/1.1" 200 6871
222.69.130.65 - - [14/May/2021:09:28:28 +0800] "POST /xingrg/kc/buy/cgsh_order_operate.html HTTP/1.1" 200 37
116.224.253.72 - - [14/May/2021:09:28:28 +0800] "POST /xingrg/kc/buy/cgsh_order_operate.html HTTP/1.1" 200 22804
116.230.76.31 - - [14/May/2021:09:28:29 +0800] "GET /xingrg/kc/buy/cgsh_order_operate.html?command=get_materiel&rest_code=00107&code=00101008005&supplier_code=00100006&order_time=2021-05-14 HTTP/1.1" 200 412
114.86.229.133 - - [14/May/2021:09:28:30 +0800] "GET /xingrg/kc/buy/cgsh_order_operate.html?command=get_materiel&rest_code=00109&code=00101008069&supplier_code=00100005&order_time=2021-05-14 HTTP/1.1" 200 412
116.230.76.31 - - [14/May/2021:09:28:33 +0800] "POST /xingrg/kc/buy/cgsh_order_operate.html HTTP/1.1" 200 2065
116.224.253.72 - - [14/May/2021:09:28:34 +0800] "POST /xingrg/kc/buy/cgsh_order_operate.html HTTP/1.1" 200 37
114.86.229.133 - - [14/May/2021:09:28:36 +0800] "GET /xingrg/all/function/internal_message.html?_=1620955715613&CODE_STATE=getMsg HTTP/1.1" 200 27
116.224.253.72 - - [14/May/2021:09:28:37 +0800] "POST /xingrg/kc/buy/cgsh_order_operate.html HTTP/1.1" 200 12
114.86.229.133 - - [14/May/2021:09:28:37 +0800] "GET /xingrg/kc/buy/cgsh_order_operate.html?command=get_materiel&rest_code=00109&code=00101008286&supplier_code=00100005&order_time=2021-05-14 HTTP/1.1" 200 408
222.69.130.65 - - [14/May/2021:09:28:39 +0800] "POST /xingrg/kc/buy/cgsh_order_operate.html HTTP/1.1" 200 12
116.224.253.72 - - [14/May/2021:09:28:39 +0800] "GET /xingrg/kc/buy/cgsh_order_info.html?code=212021051405919 HTTP/1.1" 200 56535
116.224.253.72 - - [14/May/2021:09:28:40 +0800] "GET /xingrg/javascript/easyui/themes/default/validatebox.css HTTP/1.1" 404 1104
116.224.253.72 - - [14/May/2021:09:28:40 +0800] "GET /xingrg/check_reg.html?_=1620955704275 HTTP/1.1" 200 22
116.224.253.72 - - [14/May/2021:09:28:40 +0800] "GET /xingrg/all/function/internal_message.html?_=1620955704276&CODE_STATE=getMsg HTTP/1.1" 200 27
116.224.253.72 - - [14/May/2021:09:28:40 +0800] "POST /xingrg/kc/buy/cgsh_order_operate.html HTTP/1.1" 200 4817
116.230.114.112 - - [14/May/2021:09:28:41 +0800] "GET /xingrg/all/function/internal_message.html?_=1620955733510&CODE_STATE=getMsg HTTP/1.1" 302 -
222.69.130.65 - - [14/May/2021:09:28:41 +0800] "GET /xingrg/kc/buy/cgsh_order_info.html?code=212021051405927 HTTP/1.1" 200 56944
222.69.130.65 - - [14/May/2021:09:28:41 +0800] "GET /xingrg/javascript/easyui/themes/default/validatebox.css HTTP/1.1" 404 1104
116.230.76.31 - - [14/May/2021:09:28:41 +0800] "GET /xingrg/kc/buy/cgsh_order_operate.html?command=get_materiel&rest_code=00107&code=00101008364&supplier_code=00100006&order_time=2021-05-14 HTTP/1.1" 200 413
116.224.253.72 - - [14/May/2021:09:28:41 +0800] "GET /xingrg/kc/print/load_data.html?order_code=212021051405919&kc_code=cgsh&condition= HTTP/1.1" 200 2347
222.69.130.65 - - [14/May/2021:09:28:42 +0800] "POST /xingrg/kc/buy/cgsh_order_operate.html HTTP/1.1" 200 2953
180.169.147.146 - - [14/May/2021:09:28:44 +0800] "GET /xingrg/check_reg.html?_=1620955716982 HTTP/1.1" 200 22
114.86.229.133 - - [14/May/2021:09:28:44 +0800] "GET /xingrg/kc/buy/cgsh_order_operate.html?command=get_materiel&rest_code=00109&code=00101008036&supplier_code=00100005&order_time=2021-05-14 HTTP/1.1" 200 408
222.69.130.65 - - [14/May/2021:09:28:46 +0800] "GET /xingrg/kc/print/load_data.html?order_code=212021051405927&kc_code=cgsh&condition= HTTP/1.1" 200 1571
116.230.114.112 - - [14/May/2021:09:28:47 +0800] "GET /xingrg/all/function/internal_message.html?_=1620955741932&CODE_STATE=getMsg HTTP/1.1" 200 27
180.161.124.236 - - [14/May/2021:09:28:47 +0800] "GET /xingrg/all/function/internal_message.html?_=1620955683904&CODE_STATE=getMsg HTTP/1.1" 200 27
116.224.253.72 - - [14/May/2021:09:28:49 +0800] "POST /xingrg/all/user/operate.html HTTP/1.1" 200 36
116.224.253.72 - - [14/May/2021:09:28:49 +0800] "GET /xingrg/index.html?sysBaseUrl=http%3A%2F%2F180.169.147.146%3A18081%2Fxingrg%2F&costTime=40×tamp=1620955447514 HTTP/1.1" 200 17179
116.224.253.72 - - [14/May/2021:09:28:49 +0800] "GET /xingrg/javascript/jquery_easy_ui/themes/default/easyui.css HTTP/1.1" 304 -
116.224.253.72 - - [14/May/2021:09:28:49 +0800] "GET /xingrg/javascript/jquery_easy_ui/themes/icon.css HTTP/1.1" 304 -
116.224.253.72 - - [14/May/2021:09:28:49 +0800] "GET /xingrg/css/form.css HTTP/1.1" 304 -
116.224.253.72 - - [14/May/2021:09:28:49 +0800] "GET /xingrg/javascript/jquery-1.4.2.min.js HTTP/1.1" 304 -
116.224.253.72 - - [14/May/2021:09:28:49 +0800] "GET /xingrg/javascript/jquery_easy_ui/jquery.easyui.min.js HTTP/1.1" 304 -
116.224.253.72 - - [14/May/2021:09:28:49 +0800] "GET /xingrg/javascript/jquery_easy_ui/easyui-lang-zh_CN.js HTTP/1.1" 304 -
116.224.253.72 - - [14/May/2021:09:28:49 +0800] "GET /xingrg/javascript/jquery.form.js HTTP/1.1" 304 -
116.224.253.72 - - [14/May/2021:09:28:49 +0800] "GET /xingrg/javascript/jquery.utils.js HTTP/1.1" 304 -
116.224.253.72 - - [14/May/2021:09:28:49 +0800] "GET /xingrg/javascript/jquery.timers.js HTTP/1.1" 304 -
116.224.253.72 - - [14/May/2021:09:28:49 +0800] "GET /xingrg/images/blue/jxLogo.png HTTP/1.1" 304 -
116.224.253.72 - - [14/May/2021:09:28:49 +0800] "GET /xingrg/javascript/jquery_easy_ui/themes/icons/settle_new.png HTTP/1.1" 304 -
116.224.253.72 - - [14/May/2021:09:28:49 +0800] "GET /xingrg/images/blue/navBackgound.jpg HTTP/1.1" 304 -
116.224.253.72 - - [14/May/2021:09:28:49 +0800] "POST /xingrg/all/common/load_tree.html?tree=area_rest_tree_json&manage=1 HTTP/1.1" 200 476
116.224.253.72 - - [14/May/2021:09:28:49 +0800] "GET /xingrg/all/function/internal_message.html?_=1620955727345&CODE_STATE=count HTTP/1.1" 200 11
116.224.253.72 - - [14/May/2021:09:28:49 +0800] "GET /xingrg/check_reg.html?_=1620955727346 HTTP/1.1" 200 22
116.224.253.72 - - [14/May/2021:09:28:49 +0800] "GET /xingrg/images/blue/pingpu.png HTTP/1.1" 304 -
116.224.253.72 - - [14/May/2021:09:28:49 +0800] "GET /xingrg/javascript/jquery_easy_ui/themes/default/images/tabs_leftarrow.png HTTP/1.1" 304 -
116.224.253.72 - - [14/May/2021:09:28:49 +0800] "GET /xingrg/javascript/jquery_easy_ui/themes/default/images/tabs_rightarrow.png HTTP/1.1" 304 -
116.224.253.72 - - [14/May/2021:09:28:49 +0800] "GET /xingrg/javascript/jquery_easy_ui/themes/default/images/panel_tool_collapse.gif HTTP/1.1" 304 -
116.224.253.72 - - [14/May/2021:09:28:49 +0800] "POST /xingrg/load_menu.html HTTP/1.1" 200 5138
114.86.229.133 - - [14/May/2021:09:28:51 +0800] "GET /xingrg/kc/buy/cgsh_order_operate.html?command=get_materiel&rest_code=00109&code=00101008318&supplier_code=00100005&order_time=2021-05-14 HTTP/1.1" 200 408
116.224.253.72 - - [14/May/2021:09:28:51 +0800] "GET /xingrg/kc/buy/cgsh_order_list.html HTTP/1.1" 200 46259
116.230.76.31 - - [14/May/2021:09:28:52 +0800] "GET /xingrg/kc/buy/cgsh_order_operate.html?command=get_materiel&rest_code=00107&code=00101008264&supplier_code=00100006&order_time=2021-05-14 HTTP/1.1" 200 412
222.69.130.65 - - [14/May/2021:09:28:52 +0800] "GET /xingrg/all/function/internal_message.html?_=1620955728404&CODE_STATE=getMsg HTTP/1.1" 200 27
116.224.253.72 - - [14/May/2021:09:28:53 +0800] "POST /xingrg/kc/buy/cgsh_list_operate.html HTTP/1.1" 200 2070
114.86.187.76 - - [14/May/2021:09:28:55 +0800] "GET /xingrg/kc/buy/cgsh_order_operate.html?command=get_materiel&rest_code=00148&code=00101036001&supplier_code=00100151&order_time=2021-05-14 HTTP/1.1" 200 423
114.86.229.133 - - [14/May/2021:09:28:56 +0800] "GET /xingrg/kc/buy/cgsh_order_operate.html?command=get_materiel&rest_code=00109&code=00101008098&supplier_code=00100005&order_time=2021-05-14 HTTP/1.1" 200 412
116.224.253.72 - - [14/May/2021:09:28:56 +0800] "POST /xingrg/kc/buy/cgsh_list_operate.html HTTP/1.1" 200 496
114.86.229.133 - - [14/May/2021:09:28:58 +0800] "POST /xingrg/kc/buy/cgsh_order_operate.html HTTP/1.1" 200 2065
172.20.0.100 - - [14/May/2021:09:28:58 +0800] "GET /xingrg/all/function/internal_message.html?_=1620955735217&CODE_STATE=getMsg HTTP/1.1" 200 27
116.224.253.72 - - [14/May/2021:09:28:58 +0800] "GET /xingrg/kc/buy/cgsh_order_info.html?code=212021051405917 HTTP/1.1" 200 61924
116.224.253.72 - - [14/May/2021:09:28:59 +0800] "GET /xingrg/all/common/auto_word.html?type=employee&rest_code=00150 HTTP/1.1" 200 205
116.224.253.72 - - [14/May/2021:09:28:59 +0800] "GET /xingrg/all/common/auto_word.html?type=employee&rest_code=00150 HTTP/1.1" 200 205
116.224.253.72 - - [14/May/2021:09:28:59 +0800] "GET /xingrg/javascript/easyui/themes/default/validatebox.css HTTP/1.1" 404 1104
116.224.253.72 - - [14/May/2021:09:28:59 +0800] "POST /xingrg/kc/buy/cgsh_order_operate.html HTTP/1.1" 200 5021
114.86.229.133 - - [14/May/2021:09:29:01 +0800] "GET /xingrg/kc/buy/cgsh_order_operate.html?command=get_materiel&rest_code=00109&code=00101008312&supplier_code=00100005&order_time=2021-05-14 HTTP/1.1" 200 412
120.253.135.82 - - [14/May/2021:09:29:01 +0800] "GET /xingrg/all/function/internal_message.html?_=1620955798726&CODE_STATE=getMsg HTTP/1.1" 200 27
116.224.253.72 - - [14/May/2021:09:29:02 +0800] "GET /xingrg/javascript/auto/indicator.gif HTTP/1.1" 404 1066
114.86.187.76 - - [14/May/2021:09:29:05 +0800] "GET /xingrg/all/function/internal_message.html?_=1620955743040&CODE_STATE=getMsg HTTP/1.1" 200 27
116.224.253.72 - - [14/May/2021:09:29:06 +0800] "GET /xingrg/kc/buy/cgsh_order_operate.html?command=get_materiel&rest_code=00150&code=00101009124&supplier_code=00100424&order_time=2021-05-14 HTTP/1.1" 200 402
114.86.229.133 - - [14/May/2021:09:29:07 +0800] "GET /xingrg/kc/buy/cgsh_order_operate.html?command=get_materiel&rest_code=00109&code=00101008095&supplier_code=00100005&order_time=2021-05-14 HTTP/1.1" 200 412
61.165.42.208 - - [14/May/2021:09:29:07 +0800] "GET /xingrg/all/function/internal_message.html?_=1620955746440&CODE_STATE=getMsg HTTP/1.1" 200 27
116.230.76.31 - - [14/May/2021:09:29:08 +0800] "GET /xingrg/kc/buy/cgsh_order_operate.html?command=get_materiel&rest_code=00107&code=00101008067&supplier_code=00100006&order_time=2021-05-14 HTTP/1.1" 200 416
120.253.135.82 - - [14/May/2021:09:29:09 +0800] "GET /xingrg/all/function/internal_message.html?_=1620955870427&CODE_STATE=getMsg HTTP/1.1" 200 27
116.224.253.72 - - [14/May/2021:09:29:12 +0800] "POST /xingrg/kc/buy/cgsh_order_operate.html HTTP/1.1" 200 37
114.86.187.76 - - [14/May/2021:09:29:13 +0800] "GET /xingrg/javascript/easyui/themes/default/images/button_plain_hover.png HTTP/1.1" 304 -
114.86.187.76 - - [14/May/2021:09:29:13 +0800] "GET /xingrg/javascript/easyui/themes/default/images/button_plain_hover.png HTTP/1.1" 304 -
114.86.187.76 - - [14/May/2021:09:29:13 +0800] "GET /xingrg/javascript/easyui/themes/default/images/button_plain_hover.png HTTP/1.1" 304 -
114.86.187.76 - - [14/May/2021:09:29:16 +0800] "POST /xingrg/kc/buy/cgsh_order_operate.html HTTP/1.1" 200 37
114.86.229.133 - - [14/May/2021:09:29:16 +0800] "GET /xingrg/kc/buy/cgsh_order_operate.html?command=get_materiel&rest_code=00109&code=00101008196&supplier_code=00100005&order_time=2021-05-14 HTTP/1.1" 200 416
114.86.187.76 - - [14/May/2021:09:29:17 +0800] "POST /xingrg/kc/buy/cgsh_order_operate.html HTTP/1.1" 200 2661
58.37.225.51 - - [14/May/2021:09:29:17 +0800] "GET /xingrg/all/function/internal_message.html?_=1620955764054&CODE_STATE=getMsg HTTP/1.1" 200 27
58.37.225.51 - - [14/May/2021:09:29:17 +0800] "GET /xingrg/check_reg.html?_=1620955764055 HTTP/1.1" 200 22
61.165.42.208 - - [14/May/2021:09:29:20 +0800] "GET /xingrg/kc/buy/cgsh_order_list.html HTTP/1.1" 200 46253
117.185.32.26 - - [14/May/2021:09:29:21 +0800] "GET /xingrg/all/function/internal_message.html?_=1620955756817&CODE_STATE=getMsg HTTP/1.1" 200 27
116.224.253.72 - - [14/May/2021:09:29:21 +0800] "POST /xingrg/kc/buy/cgsh_order_operate.html HTTP/1.1" 200 37
116.230.76.31 - - [14/May/2021:09:29:21 +0800] "GET /xingrg/kc/buy/cgsh_order_operate.html?command=get_materiel&rest_code=00107&code=00101008297&supplier_code=00100006&order_time=2021-05-14 HTTP/1.1" 200 412
114.86.229.133 - - [14/May/2021:09:29:22 +0800] "GET /xingrg/kc/buy/cgsh_order_operate.html?command=get_materiel&rest_code=00109&code=00101008197&supplier_code=00100005&order_time=2021-05-14 HTTP/1.1" 200 416
116.230.76.31 - - [14/May/2021:09:29:22 +0800] "GET /xingrg/all/function/internal_message.html?_=1620955758499&CODE_STATE=getMsg HTTP/1.1" 200 27
180.169.147.146 - - [14/May/2021:09:29:24 +0800] "GET /xingrg/all/function/internal_message.html?_=1620955757283&CODE_STATE=getMsg HTTP/1.1" 200 27
180.169.147.146 - - [14/May/2021:09:29:24 +0800] "GET /xingrg/all/function/internal_message.html?_=1620955764776&CODE_STATE=getMsg HTTP/1.1" 200 27
116.230.110.80 - - [14/May/2021:09:29:25 +0800] "GET /xingrg/all/function/internal_message.html?_=1620955763159&CODE_STATE=getMsg HTTP/1.1" 200 27
116.230.110.80 - - [14/May/2021:09:29:25 +0800] "GET /xingrg/check_reg.html?_=1620955763190 HTTP/1.1" 200 22
116.224.253.72 - - [14/May/2021:09:29:26 +0800] "POST /xingrg/kc/buy/cgsh_order_operate.html HTTP/1.1" 200 25758
61.165.42.208 - - [14/May/2021:09:29:26 +0800] "POST /xingrg/kc/buy/cgsh_list_operate.html HTTP/1.1" 200 146
114.86.229.133 - - [14/May/2021:09:29:27 +0800] "GET /xingrg/kc/buy/cgsh_order_operate.html?command=get_materiel&rest_code=00109&code=00101008010&supplier_code=00100005&order_time=2021-05-14 HTTP/1.1" 200 412
116.224.253.72 - - [14/May/2021:09:29:28 +0800] "POST /xingrg/kc/buy/cgsh_order_operate.html HTTP/1.1" 200 12
114.86.229.133 - - [14/May/2021:09:29:29 +0800] "POST /xingrg/kc/buy/cgsh_order_operate.html HTTP/1.1" 200 2065
116.224.253.72 - - [14/May/2021:09:29:29 +0800] "GET /xingrg/kc/buy/cgsh_order_info.html?code=212021051405917 HTTP/1.1" 200 56817
116.224.253.72 - - [14/May/2021:09:29:29 +0800] "GET /xingrg/javascript/easyui/themes/default/validatebox.css HTTP/1.1" 404 1104
116.230.76.31 - - [14/May/2021:09:29:30 +0800] "POST /xingrg/kc/buy/cgsh_order_operate.html HTTP/1.1" 200 37
116.224.253.72 - - [14/May/2021:09:29:30 +0800] "POST /xingrg/kc/buy/cgsh_order_operate.html HTTP/1.1" 200 2974
116.224.253.72 - - [14/May/2021:09:29:32 +0800] "GET /xingrg/kc/print/load_data.html?order_code=212021051405917&kc_code=cgsh&condition= HTTP/1.1" 200 1609
114.86.229.133 - - [14/May/2021:09:29:33 +0800] "GET /xingrg/kc/buy/cgsh_order_operate.html?command=get_materiel&rest_code=00109&code=00101008080&supplier_code=00100005&order_time=2021-05-14 HTTP/1.1" 200 416
116.230.76.31 - - [14/May/2021:09:29:33 +0800] "POST /xingrg/kc/buy/cgsh_order_operate.html HTTP/1.1" 200 41118
114.86.229.133 - - [14/May/2021:09:29:36 +0800] "GET /xingrg/all/function/internal_message.html?_=1620955775619&CODE_STATE=getMsg HTTP/1.1" 200 27
114.86.229.133 - - [14/May/2021:09:29:39 +0800] "GET /xingrg/kc/buy/cgsh_order_operate.html?command=get_materiel&rest_code=00109&code=00101008244&supplier_code=00100005&order_time=2021-05-14 HTTP/1.1" 200 408
116.224.253.72 - - [14/May/2021:09:29:39 +0800] "POST /xingrg/kc/buy/cgsh_list_operate.html HTTP/1.1" 200 1708
116.224.253.72 - - [14/May/2021:09:29:40 +0800] "GET /xingrg/all/function/internal_message.html?_=1620955764290&CODE_STATE=getMsg HTTP/1.1" 200 27
116.224.253.72 - - [14/May/2021:09:29:41 +0800] "POST /xingrg/kc/buy/cgsh_list_operate.html HTTP/1.1" 200 566
116.230.114.112 - - [14/May/2021:09:29:41 +0800] "GET /xingrg/all/function/internal_message.html?_=1620955793531&CODE_STATE=getMsg HTTP/1.1" 302 -
114.86.229.133 - - [14/May/2021:09:29:45 +0800] "GET /xingrg/kc/buy/cgsh_order_operate.html?command=get_materiel&rest_code=00109&code=00101008028&supplier_code=00100005&order_time=2021-05-14 HTTP/1.1" 200 412
116.224.253.72 - - [14/May/2021:09:29:46 +0800] "GET /xingrg/kc/buy/cgsh_order_info.html?code=212021051405908 HTTP/1.1" 200 61936
116.224.253.72 - - [14/May/2021:09:29:46 +0800] "GET /xingrg/javascript/easyui/themes/default/validatebox.css HTTP/1.1" 404 1104
116.230.114.112 - - [14/May/2021:09:29:46 +0800] "GET /xingrg/check_reg.html?_=1620955801694 HTTP/1.1" 200 22
116.224.253.72 - - [14/May/2021:09:29:47 +0800] "POST /xingrg/kc/buy/cgsh_order_operate.html HTTP/1.1" 200 25758
116.230.114.112 - - [14/May/2021:09:29:47 +0800] "GET /xingrg/all/function/internal_message.html?_=1620955801946&CODE_STATE=getMsg HTTP/1.1" 200 27
180.161.124.236 - - [14/May/2021:09:29:47 +0800] "GET /xingrg/all/function/internal_message.html?_=1620955743929&CODE_STATE=getMsg HTTP/1.1" 200 27
116.224.253.72 - - [14/May/2021:09:29:49 +0800] "GET /xingrg/all/function/internal_message.html?_=1620955787363&CODE_STATE=getMsg HTTP/1.1" 200 27
114.86.229.133 - - [14/May/2021:09:29:50 +0800] "GET /xingrg/kc/buy/cgsh_order_operate.html?command=get_materiel&rest_code=00109&code=00101008308&supplier_code=00100005&order_time=2021-05-14 HTTP/1.1" 200 420
222.69.130.65 - - [14/May/2021:09:29:52 +0800] "GET /xingrg/all/function/internal_message.html?_=1620955788378&CODE_STATE=getMsg HTTP/1.1" 200 27
116.230.76.31 - - [14/May/2021:09:29:55 +0800] "POST /xingrg/kc/buy/cgsh_order_operate.html HTTP/1.1" 200 37
114.86.229.133 - - [14/May/2021:09:29:56 +0800] "GET /xingrg/kc/buy/cgsh_order_operate.html?command=get_materiel&rest_code=00109&code=00101008026&supplier_code=00100005&order_time=2021-05-14 HTTP/1.1" 200 409
116.230.76.31 - - [14/May/2021:09:29:58 +0800] "POST /xingrg/kc/buy/cgsh_order_operate.html HTTP/1.1" 200 41118
172.20.0.100 - - [14/May/2021:09:29:58 +0800] "GET /xingrg/all/function/internal_message.html?_=1620955795209&CODE_STATE=getMsg HTTP/1.1" 200 27
120.253.135.82 - - [14/May/2021:09:30:01 +0800] "GET /xingrg/all/function/internal_message.html?_=1620955858746&CODE_STATE=getMsg HTTP/1.1" 200 27
116.230.76.31 - - [14/May/2021:09:30:02 +0800] "POST /xingrg/kc/buy/cgsh_order_operate.html HTTP/1.1" 200 37
114.86.229.133 - - [14/May/2021:09:30:03 +0800] "GET /xingrg/kc/buy/cgsh_order_operate.html?command=get_materiel&rest_code=00109&code=00101008096&supplier_code=00100005&order_time=2021-05-14 HTTP/1.1" 200 412
116.224.253.72 - - [14/May/2021:09:30:05 +0800] "POST /xingrg/kc/buy/cgsh_order_operate.html HTTP/1.1" 200 37
114.86.187.76 - - [14/May/2021:09:30:05 +0800] "GET /xingrg/all/function/internal_message.html?_=1620955803054&CODE_STATE=getMsg HTTP/1.1" 200 27
114.86.229.133 - - [14/May/2021:09:30:05 +0800] "POST /xingrg/kc/buy/cgsh_order_operate.html HTTP/1.1" 200 2065
116.224.253.72 - - [14/May/2021:09:30:06 +0800] "POST /xingrg/kc/buy/cgsh_order_operate.html HTTP/1.1" 200 28709
61.165.42.208 - - [14/May/2021:09:30:07 +0800] "GET /xingrg/all/function/internal_message.html?_=1620955806489&CODE_STATE=getMsg HTTP/1.1" 200 27
61.165.42.208 - - [14/May/2021:09:30:07 +0800] "GET /xingrg/check_reg.html?_=1620955806493 HTTP/1.1" 200 22
120.253.135.82 - - [14/May/2021:09:30:09 +0800] "GET /xingrg/all/function/internal_message.html?_=1620955930443&CODE_STATE=getMsg HTTP/1.1" 200 27
114.86.229.133 - - [14/May/2021:09:30:09 +0800] "GET /xingrg/kc/buy/cgsh_order_operate.html?command=get_materiel&rest_code=00109&code=00101008290&supplier_code=00100005&order_time=2021-05-14 HTTP/1.1" 200 416
116.230.76.31 - - [14/May/2021:09:30:15 +0800] "POST /xingrg/kc/buy/cgsh_order_operate.html HTTP/1.1" 200 41118
114.86.229.133 - - [14/May/2021:09:30:16 +0800] "GET /xingrg/kc/buy/cgsh_order_operate.html?command=get_materiel&rest_code=00109&code=00101008264&supplier_code=00100005&order_time=2021-05-14 HTTP/1.1" 200 412
58.37.225.51 - - [14/May/2021:09:30:17 +0800] "GET /xingrg/all/function/internal_message.html?_=1620955824057&CODE_STATE=getMsg HTTP/1.1" 200 27
116.230.76.31 - - [14/May/2021:09:30:20 +0800] "POST /xingrg/kc/buy/cgsh_order_operate.html HTTP/1.1" 200 37
117.185.32.26 - - [14/May/2021:09:30:21 +0800] "GET /xingrg/all/function/internal_message.html?_=1620955816819&CODE_STATE=getMsg HTTP/1.1" 200 27
116.230.110.80 - - [14/May/2021:09:30:22 +0800] "POST /xingrg/kc/buy/cgsh_order_operate.html HTTP/1.1" 200 37
116.230.76.31 - - [14/May/2021:09:30:22 +0800] "POST /xingrg/kc/buy/cgsh_order_operate.html HTTP/1.1" 200 41118
116.230.76.31 - - [14/May/2021:09:30:23 +0800] "GET /xingrg/all/function/internal_message.html?_=1620955818980&CODE_STATE=getMsg HTTP/1.1" 200 27
116.230.110.80 - - [14/May/2021:09:30:23 +0800] "POST /xingrg/kc/buy/cgsh_order_operate.html HTTP/1.1" 200 8040
114.86.229.133 - - [14/May/2021:09:30:24 +0800] "GET /xingrg/kc/buy/cgsh_order_operate.html?command=get_materiel&rest_code=00109&code=00101008286&supplier_code=00100005&order_time=2021-05-14 HTTP/1.1" 200 408
180.169.147.146 - - [14/May/2021:09:30:24 +0800] "GET /xingrg/all/function/internal_message.html?_=1620955817255&CODE_STATE=getMsg HTTP/1.1" 200 27
180.169.147.146 - - [14/May/2021:09:30:24 +0800] "GET /xingrg/all/function/internal_message.html?_=1620955824764&CODE_STATE=getMsg HTTP/1.1" 200 27
116.230.76.31 - - [14/May/2021:09:30:25 +0800] "GET /xingrg/kc/print/load_config.html?kc_code=cgsh HTTP/1.1" 200 1845
116.230.76.31 - - [14/May/2021:09:30:25 +0800] "GET /xingrg/kc/print/load_data.html?order_code=212021051405922&kc_code=cgsh&condition= HTTP/1.1" 200 15227
116.230.110.80 - - [14/May/2021:09:30:25 +0800] "GET /xingrg/all/function/internal_message.html?_=1620955823154&CODE_STATE=getMsg HTTP/1.1" 200 27
61.165.42.208 - - [14/May/2021:09:30:27 +0800] "GET /xingrg/kc/buy/cgsh_order_list.html HTTP/1.1" 200 46253
116.230.114.112 - - [14/May/2021:09:30:29 +0800] "GET /xingrg/check_reg.html?_=1620955841482 HTTP/1.1" 302 -
114.86.229.133 - - [14/May/2021:09:30:29 +0800] "GET /xingrg/kc/buy/cgsh_order_operate.html?command=get_materiel&rest_code=00109&code=00101008213&supplier_code=00100005&order_time=2021-05-14 HTTP/1.1" 200 412
61.165.42.208 - - [14/May/2021:09:30:30 +0800] "POST /xingrg/kc/buy/cgsh_list_operate.html HTTP/1.1" 200 2770
61.165.42.208 - - [14/May/2021:09:30:31 +0800] "POST /xingrg/kc/buy/cgsh_list_operate.html HTTP/1.1" 200 2770
114.86.229.133 - - [14/May/2021:09:30:35 +0800] "GET /xingrg/kc/buy/cgsh_order_operate.html?command=get_materiel&rest_code=00109&code=00101008220&supplier_code=00100005&order_time=2021-05-14 HTTP/1.1" 200 412
58.221.95.50 - - [14/May/2021:09:30:35 +0800] "GET /xingrg/check_reg.html?_=1620955832735 HTTP/1.1" 302 -
114.86.229.133 - - [14/May/2021:09:30:36 +0800] "GET /xingrg/all/function/internal_message.html?_=1620955835619&CODE_STATE=getMsg HTTP/1.1" 200 27
114.86.229.133 - - [14/May/2021:09:30:36 +0800] "POST /xingrg/kc/buy/cgsh_order_operate.html HTTP/1.1" 200 2065
114.86.187.76 - - [14/May/2021:09:30:39 +0800] "GET /xingrg/javascript/easyui/themes/default/images/button_plain_hover.png HTTP/1.1" 304 -
114.86.187.76 - - [14/May/2021:09:30:39 +0800] "GET /xingrg/javascript/easyui/themes/default/images/button_plain_hover.png HTTP/1.1" 304 -
114.86.187.76 - - [14/May/2021:09:30:40 +0800] "GET /xingrg/kc/buy/cgsh_order_add.html HTTP/1.1" 200 61991
114.86.187.76 - - [14/May/2021:09:30:40 +0800] "GET /xingrg/javascript/jquery_tools/datebox.css HTTP/1.1" 304 -
114.86.187.76 - - [14/May/2021:09:30:40 +0800] "GET /xingrg/css/base.css HTTP/1.1" 304 -
114.86.187.76 - - [14/May/2021:09:30:40 +0800] "GET /xingrg/javascript/easyui/themes/default/easyui.css HTTP/1.1" 304 -
114.86.187.76 - - [14/May/2021:09:30:40 +0800] "GET /xingrg/css/site.css HTTP/1.1" 304 -
114.86.187.76 - - [14/May/2021:09:30:40 +0800] "GET /xingrg/javascript/auto/jquery.autocomplete.css HTTP/1.1" 304 -
114.86.187.76 - - [14/May/2021:09:30:40 +0800] "GET /xingrg/javascript/auto/jquery.autocomplete.js HTTP/1.1" 304 -
114.86.187.76 - - [14/May/2021:09:30:40 +0800] "GET /xingrg/javascript/jquery_tools/fix.css HTTP/1.1" 304 -
114.86.187.76 - - [14/May/2021:09:30:40 +0800] "GET /xingrg/javascript/easyui/themes/icon.css HTTP/1.1" 304 -
114.86.187.76 - - [14/May/2021:09:30:40 +0800] "GET /xingrg/javascript/jquery_tools/table.css HTTP/1.1" 304 -
114.86.187.76 - - [14/May/2021:09:30:40 +0800] "GET /xingrg/javascript/pic_change.js HTTP/1.1" 304 -
114.86.187.76 - - [14/May/2021:09:30:40 +0800] "GET /xingrg/javascript/json2.js HTTP/1.1" 304 -
114.86.187.76 - - [14/May/2021:09:30:40 +0800] "GET /xingrg/javascript/jquery_tools/jquery.tools.min.js HTTP/1.1" 304 -
114.86.187.76 - - [14/May/2021:09:30:40 +0800] "GET /xingrg/javascript/jquery_tools/jquery.tools.extend.js HTTP/1.1" 304 -
114.86.187.76 - - [14/May/2021:09:30:40 +0800] "GET /xingrg/javascript/easyui/easyloader.js HTTP/1.1" 304 -
114.86.187.76 - - [14/May/2021:09:30:40 +0800] "GET /xingrg/javascript/jquery_tools/order_manager.js HTTP/1.1" 304 -
114.86.187.76 - - [14/May/2021:09:30:40 +0800] "GET /xingrg/javascript/jquery_tools/jquery.tools.table.js HTTP/1.1" 304 -
114.86.187.76 - - [14/May/2021:09:30:40 +0800] "GET /xingrg/javascript/jquery.utils.js HTTP/1.1" 304 -
114.86.187.76 - - [14/May/2021:09:30:40 +0800] "GET /xingrg/javascript/convert.js HTTP/1.1" 304 -
114.86.187.76 - - [14/May/2021:09:30:40 +0800] "GET /xingrg/javascript/print/kc_print.js HTTP/1.1" 304 -
114.86.187.76 - - [14/May/2021:09:30:40 +0800] "GET /xingrg/javascript/jquery.cookie.js HTTP/1.1" 304 -
114.86.187.76 - - [14/May/2021:09:30:40 +0800] "GET /xingrg/javascript/print/LodopFuncs.js HTTP/1.1" 304 -
114.86.187.76 - - [14/May/2021:09:30:40 +0800] "GET /xingrg/javascript/jquery_tools/jquery.tools.hotkey.js HTTP/1.1" 304 -
114.86.187.76 - - [14/May/2021:09:30:40 +0800] "GET /xingrg/words/20210513135050_words.js HTTP/1.1" 304 -
114.86.187.76 - - [14/May/2021:09:30:40 +0800] "GET /xingrg/javascript/easyui/themes/icons/copy_new.png HTTP/1.1" 304 -
114.86.187.76 - - [14/May/2021:09:30:40 +0800] "GET /xingrg/javascript/easyui/themes/icons/template_new.png HTTP/1.1" 304 -
114.86.187.76 - - [14/May/2021:09:30:40 +0800] "GET /xingrg/javascript/easyui/themes/icons/ok.png HTTP/1.1" 304 -
114.86.187.76 - - [14/May/2021:09:30:40 +0800] "GET /xingrg/javascript/easyui/themes/default/images/menu_downarrow.png HTTP/1.1" 304 -
114.86.187.76 - - [14/May/2021:09:30:40 +0800] "GET /xingrg/javascript/easyui/themes/icons/print.png HTTP/1.1" 304 -
114.86.187.76 - - [14/May/2021:09:30:40 +0800] "GET /xingrg/javascript/easyui/themes/icons/cancel.png HTTP/1.1" 304 -
114.86.187.76 - - [14/May/2021:09:30:40 +0800] "GET /xingrg/javascript/easyui/plugins/jquery.parser.js HTTP/1.1" 304 -
114.86.187.76 - - [14/May/2021:09:30:40 +0800] "POST /xingrg/kc/buy/cgsh_order_operate.html HTTP/1.1" 200 8245
114.86.187.76 - - [14/May/2021:09:30:40 +0800] "GET /xingrg/all/common/auto_word.html?type=employee&rest_code=00148 HTTP/1.1" 200 197
114.86.187.76 - - [14/May/2021:09:30:40 +0800] "GET /xingrg/all/common/auto_word.html?type=employee&rest_code=00148 HTTP/1.1" 200 197
114.86.187.76 - - [14/May/2021:09:30:40 +0800] "GET /xingrg/javascript/easyui/themes/default/validatebox.css HTTP/1.1" 404 1104
114.86.187.76 - - [14/May/2021:09:30:40 +0800] "GET /xingrg/javascript/easyui/plugins/jquery.validatebox.js HTTP/1.1" 304 -
114.86.187.76 - - [14/May/2021:09:30:40 +0800] "GET /xingrg/javascript/easyui/plugins/jquery.numberbox.js HTTP/1.1" 304 -
116.230.114.112 - - [14/May/2021:09:30:41 +0800] "GET /xingrg/all/function/internal_message.html?_=1620955853537&CODE_STATE=getMsg HTTP/1.1" 302 -
114.86.187.76 - - [14/May/2021:09:30:42 +0800] "GET /xingrg/javascript/pic_change.js HTTP/1.1" 304 -
114.86.187.76 - - [14/May/2021:09:30:42 +0800] "GET /xingrg/javascript/jquery_tools/jquery.tools.min.js HTTP/1.1" 304 -
114.86.187.76 - - [14/May/2021:09:30:42 +0800] "GET /xingrg/javascript/jquery_tools/jquery.tools.extend.js HTTP/1.1" 304 -
114.86.187.76 - - [14/May/2021:09:30:42 +0800] "GET /xingrg/javascript/jquery_tools/jquery.tools.hotkey.js HTTP/1.1" 304 -
114.86.187.76 - - [14/May/2021:09:30:42 +0800] "GET /xingrg/javascript/jquery_tools/jquery.tools.table.js HTTP/1.1" 304 -
114.86.187.76 - - [14/May/2021:09:30:42 +0800] "GET /xingrg/javascript/auto/jquery.autocomplete.js HTTP/1.1" 304 -
114.86.187.76 - - [14/May/2021:09:30:42 +0800] "GET /xingrg/javascript/easyui/easyloader.js HTTP/1.1" 304 -
114.86.187.76 - - [14/May/2021:09:30:42 +0800] "GET /xingrg/javascript/jquery.utils.js HTTP/1.1" 304 -
114.86.187.76 - - [14/May/2021:09:30:42 +0800] "GET /xingrg/javascript/jquery_tools/order_manager.js HTTP/1.1" 304 -
114.86.187.76 - - [14/May/2021:09:30:42 +0800] "GET /xingrg/javascript/json2.js HTTP/1.1" 304 -
114.86.187.76 - - [14/May/2021:09:30:42 +0800] "GET /xingrg/javascript/print/LodopFuncs.js HTTP/1.1" 304 -
114.86.187.76 - - [14/May/2021:09:30:42 +0800] "GET /xingrg/javascript/jquery.cookie.js HTTP/1.1" 304 -
114.86.187.76 - - [14/May/2021:09:30:42 +0800] "GET /xingrg/javascript/print/kc_print.js HTTP/1.1" 304 -
114.86.187.76 - - [14/May/2021:09:30:42 +0800] "GET /xingrg/javascript/easyui/plugins/jquery.parser.js HTTP/1.1" 304 -
114.86.187.76 - - [14/May/2021:09:30:42 +0800] "GET /xingrg/javascript/easyui/plugins/jquery.validatebox.js HTTP/1.1" 304 -
114.86.187.76 - - [14/May/2021:09:30:42 +0800] "GET /xingrg/javascript/easyui/plugins/jquery.numberbox.js HTTP/1.1" 304 -
114.86.187.76 - - [14/May/2021:09:30:42 +0800] "GET /xingrg/words/20210513135050_words.js HTTP/1.1" 304 -
114.86.187.76 - - [14/May/2021:09:30:42 +0800] "GET /xingrg/javascript/convert.js HTTP/1.1" 304 -
61.165.42.208 - - [14/May/2021:09:30:43 +0800] "POST /xingrg/kc/buy/cgsh_list_operate.html HTTP/1.1" 200 579
61.165.42.208 - - [14/May/2021:09:30:44 +0800] "GET /xingrg/kc/buy/cgsh_order_info.html?code=212021051405894 HTTP/1.1" 200 62041
116.224.253.72 - - [14/May/2021:09:30:44 +0800] "POST /xingrg/kc/buy/cgsh_order_operate.html HTTP/1.1" 200 37
114.86.229.133 - - [14/May/2021:09:30:44 +0800] "GET /xingrg/kc/buy/cgsh_order_operate.html?command=get_materiel&rest_code=00109&code=00101015012&supplier_code=00100005&order_time=2021-05-14 HTTP/1.1" 200 23
61.165.42.208 - - [14/May/2021:09:30:44 +0800] "GET /xingrg/javascript/easyui/themes/default/validatebox.css HTTP/1.1" 404 1104
61.165.42.208 - - [14/May/2021:09:30:45 +0800] "POST /xingrg/kc/buy/cgsh_order_operate.html HTTP/1.1" 200 60013
116.224.253.72 - - [14/May/2021:09:30:45 +0800] "POST /xingrg/kc/buy/cgsh_order_operate.html HTTP/1.1" 200 29888
116.230.114.112 - - [14/May/2021:09:30:47 +0800] "GET /xingrg/all/function/internal_message.html?_=1620955861960&CODE_STATE=getMsg HTTP/1.1" 200 27
180.161.124.236 - - [14/May/2021:09:30:47 +0800] "GET /xingrg/all/function/internal_message.html?_=1620955803931&CODE_STATE=getMsg HTTP/1.1" 200 27
120.253.135.82 - - [14/May/2021:09:30:48 +0800] "GET /xingrg/check_reg.html?_=1620955904935 HTTP/1.1" 200 22
116.224.253.72 - - [14/May/2021:09:30:49 +0800] "GET /xingrg/all/function/internal_message.html?_=1620955847374&CODE_STATE=getMsg HTTP/1.1" 200 27
114.86.229.133 - - [14/May/2021:09:30:51 +0800] "GET /xingrg/kc/buy/cgsh_order_operate.html?command=get_materiel&rest_code=00109&code=00101015012&supplier_code=00100005&order_time=2021-05-14 HTTP/1.1" 200 412
116.230.117.165 - - [14/May/2021:09:30:52 +0800] "POST /xingrg/services/DataTransmitService HTTP/1.1" 200 524
116.230.117.165 - - [14/May/2021:09:30:52 +0800] "POST /xingrg/services/DataTransmitService HTTP/1.1" 200 501
222.69.130.65 - - [14/May/2021:09:30:52 +0800] "GET /xingrg/all/function/internal_message.html?_=1620955848358&CODE_STATE=getMsg HTTP/1.1" 200 27
114.86.187.76 - - [14/May/2021:09:30:53 +0800] "GET /xingrg/kc/buy/cgsh_order_operate.html?command=get_materiel&rest_code=00148&code=00101019556&supplier_code=00100151&order_time=2021-05-14 HTTP/1.1" 200 414
116.230.110.80 - - [14/May/2021:09:30:55 +0800] "GET /xingrg/kc/buy/cgsh_order_add.html HTTP/1.1" 200 61959
116.230.110.80 - - [14/May/2021:09:30:55 +0800] "POST /xingrg/kc/buy/cgsh_order_operate.html HTTP/1.1" 200 8245
116.230.110.80 - - [14/May/2021:09:30:55 +0800] "GET /xingrg/javascript/easyui/themes/default/validatebox.css HTTP/1.1" 404 1104
116.230.117.165 - - [14/May/2021:09:30:56 +0800] "POST /xingrg/services/DataTransmitService HTTP/1.1" 200 524
172.20.0.100 - - [14/May/2021:09:30:58 +0800] "GET /xingrg/all/function/internal_message.html?_=1620955855211&CODE_STATE=getMsg HTTP/1.1" 200 27
114.86.229.133 - - [14/May/2021:09:31:00 +0800] "GET /xingrg/kc/buy/cgsh_order_operate.html?command=get_materiel&rest_code=00109&code=00101008017&supplier_code=00100005&order_time=2021-05-14 HTTP/1.1" 200 416
116.230.117.165 - - [14/May/2021:09:31:00 +0800] "POST /xingrg/services/DataTransmitService HTTP/1.1" 200 501
116.230.117.165 - - [14/May/2021:09:31:00 +0800] "POST /xingrg/services/DataTransmitService HTTP/1.1" 200 501
120.253.135.82 - - [14/May/2021:09:31:01 +0800] "GET /xingrg/all/function/internal_message.html?_=1620955918752&CODE_STATE=getMsg HTTP/1.1" 200 27
116.230.117.165 - - [14/May/2021:09:31:01 +0800] "POST /xingrg/services/DataTransmitService HTTP/1.1" 200 501
116.224.253.72 - - [14/May/2021:09:31:03 +0800] "POST /xingrg/kc/buy/cgsh_order_operate.html HTTP/1.1" 200 37
116.230.117.165 - - [14/May/2021:09:31:03 +0800] "POST /xingrg/services/DataTransmitService HTTP/1.1" 200 501
116.230.117.165 - - [14/May/2021:09:31:03 +0800] "POST /xingrg/services/DataTransmitService HTTP/1.1" 200 501
116.230.117.165 - - [14/May/2021:09:31:04 +0800] "POST /xingrg/services/DataTransmitService HTTP/1.1" 200 501
116.224.253.72 - - [14/May/2021:09:31:04 +0800] "POST /xingrg/kc/buy/cgsh_order_operate.html HTTP/1.1" 200 29888
116.230.117.165 - - [14/May/2021:09:31:04 +0800] "POST /xingrg/services/DataTransmitService HTTP/1.1" 200 501
116.230.117.165 - - [14/May/2021:09:31:04 +0800] "POST /xingrg/services/DataTransmitService HTTP/1.1" 200 501
114.86.187.76 - - [14/May/2021:09:31:05 +0800] "GET /xingrg/all/function/internal_message.html?_=1620955863073&CODE_STATE=getMsg HTTP/1.1" 200 27
114.86.229.133 - - [14/May/2021:09:31:06 +0800] "POST /xingrg/kc/buy/cgsh_order_operate.html HTTP/1.1" 200 37
116.230.110.80 - - [14/May/2021:09:31:07 +0800] "GET /xingrg/kc/buy/cgsh_order_operate.html?command=get_materiel&rest_code=00155&code=00101008248&supplier_code=00100005&order_time=2021-05-14 HTTP/1.1" 200 23
61.165.42.208 - - [14/May/2021:09:31:07 +0800] "GET /xingrg/all/function/internal_message.html?_=1620955866471&CODE_STATE=getMsg HTTP/1.1" 200 27
114.86.229.133 - - [14/May/2021:09:31:08 +0800] "POST /xingrg/kc/buy/cgsh_order_operate.html HTTP/1.1" 200 27522
116.230.117.165 - - [14/May/2021:09:31:08 +0800] "POST /xingrg/services/DataTransmitService HTTP/1.1" 200 412
120.253.135.82 - - [14/May/2021:09:31:09 +0800] "GET /xingrg/all/function/internal_message.html?_=1620955990469&CODE_STATE=getMsg HTTP/1.1" 200 27
116.224.253.72 - - [14/May/2021:09:31:13 +0800] "GET /xingrg/kc/buy/cgsh_order_list.html HTTP/1.1" 200 46259
116.230.110.80 - - [14/May/2021:09:31:14 +0800] "GET /xingrg/login.html HTTP/1.1" 200 7641
116.230.110.80 - - [14/May/2021:09:31:14 +0800] "GET /favicon.ico HTTP/1.1" 404 -
116.224.253.72 - - [14/May/2021:09:31:15 +0800] "POST /xingrg/kc/buy/cgsh_list_operate.html HTTP/1.1" 200 1709
116.224.253.72 - - [14/May/2021:09:31:17 +0800] "POST /xingrg/kc/buy/cgsh_list_operate.html HTTP/1.1" 200 566
58.37.225.51 - - [14/May/2021:09:31:17 +0800] "GET /xingrg/all/function/internal_message.html?_=1620955884056&CODE_STATE=getMsg HTTP/1.1" 200 27
116.224.253.72 - - [14/May/2021:09:31:18 +0800] "GET /xingrg/kc/buy/cgsh_order_info.html?code=212021051405908 HTTP/1.1" 200 61936
116.224.253.72 - - [14/May/2021:09:31:18 +0800] "GET /xingrg/javascript/easyui/themes/default/validatebox.css HTTP/1.1" 404 1104
116.224.253.72 - - [14/May/2021:09:31:19 +0800] "POST /xingrg/kc/buy/cgsh_order_operate.html HTTP/1.1" 200 29888
117.185.32.26 - - [14/May/2021:09:31:21 +0800] "GET /xingrg/all/function/internal_message.html?_=1620955876819&CODE_STATE=getMsg HTTP/1.1" 200 27
116.230.76.31 - - [14/May/2021:09:31:23 +0800] "GET /xingrg/all/function/internal_message.html?_=1620955878897&CODE_STATE=getMsg HTTP/1.1" 200 27
180.169.147.146 - - [14/May/2021:09:31:24 +0800] "GET /xingrg/all/function/internal_message.html?_=1620955877258&CODE_STATE=getMsg HTTP/1.1" 200 27
180.169.147.146 - - [14/May/2021:09:31:24 +0800] "GET /xingrg/all/function/internal_message.html?_=1620955884765&CODE_STATE=getMsg HTTP/1.1" 200 27
180.169.147.146 - - [14/May/2021:09:31:24 +0800] "GET /xingrg/check_reg.html?_=1620955884767 HTTP/1.1" 200 22
116.230.110.80 - - [14/May/2021:09:31:27 +0800] "POST /xingrg/login.do HTTP/1.1" 302 -
116.230.110.80 - - [14/May/2021:09:31:27 +0800] "GET /xingrg/index.html?sysBaseUrl=http%3A%2F%2F180.169.147.146%3A18081%2Fxingrg%2F&costTime=39×tamp=1620955887009 HTTP/1.1" 200 17179
116.230.110.80 - - [14/May/2021:09:31:27 +0800] "GET /favicon.ico HTTP/1.1" 404 -
116.230.110.80 - - [14/May/2021:09:31:27 +0800] "POST /xingrg/all/common/load_tree.html?tree=area_rest_tree_json&manage=1 HTTP/1.1" 200 351
116.230.110.80 - - [14/May/2021:09:31:27 +0800] "GET /xingrg/all/function/internal_message.html?_=1620955884462&CODE_STATE=count HTTP/1.1" 200 11
116.230.110.80 - - [14/May/2021:09:31:27 +0800] "GET /xingrg/check_reg.html?_=1620955884464 HTTP/1.1" 200 22
116.230.110.80 - - [14/May/2021:09:31:27 +0800] "POST /xingrg/load_menu.html HTTP/1.1" 200 5138
116.230.110.80 - - [14/May/2021:09:31:29 +0800] "GET /xingrg/kc/buy/cgsh_order_list.html HTTP/1.1" 200 46259
116.230.110.80 - - [14/May/2021:09:31:32 +0800] "POST /xingrg/kc/buy/cgsh_list_operate.html HTTP/1.1" 200 2410
114.86.229.133 - - [14/May/2021:09:31:36 +0800] "GET /xingrg/all/function/internal_message.html?_=1620955895621&CODE_STATE=getMsg HTTP/1.1" 200 27
114.86.229.133 - - [14/May/2021:09:31:36 +0800] "GET /xingrg/check_reg.html?_=1620955895624 HTTP/1.1" 200 22
116.224.253.72 - - [14/May/2021:09:31:38 +0800] "GET /xingrg/all/function/internal_message.html?_=1620955882553&CODE_STATE=getMsg HTTP/1.1" 200 27
116.230.110.80 - - [14/May/2021:09:31:38 +0800] "POST /xingrg/kc/buy/cgsh_list_operate.html HTTP/1.1" 200 2410
116.230.110.80 - - [14/May/2021:09:31:39 +0800] "POST /xingrg/kc/buy/cgsh_list_operate.html HTTP/1.1" 200 579
116.230.110.80 - - [14/May/2021:09:31:39 +0800] "GET /xingrg/kc/buy/cgsh_order_info.html?code=212021051405926 HTTP/1.1" 200 61968
116.230.110.80 - - [14/May/2021:09:31:40 +0800] "GET /xingrg/all/common/auto_word.html?type=employee&rest_code=00155 HTTP/1.1" 200 155
116.230.110.80 - - [14/May/2021:09:31:40 +0800] "GET /xingrg/all/common/auto_word.html?type=employee&rest_code=00155 HTTP/1.1" 200 155
116.230.110.80 - - [14/May/2021:09:31:40 +0800] "GET /xingrg/javascript/easyui/themes/default/validatebox.css HTTP/1.1" 404 1104
116.230.110.80 - - [14/May/2021:09:31:40 +0800] "POST /xingrg/kc/buy/cgsh_order_operate.html HTTP/1.1" 200 8040
116.230.114.112 - - [14/May/2021:09:31:41 +0800] "GET /xingrg/all/function/internal_message.html?_=1620955913557&CODE_STATE=getMsg HTTP/1.1" 302 -
116.230.110.80 - - [14/May/2021:09:31:44 +0800] "GET /xingrg/kc/buy/cgsh_order_add.html HTTP/1.1" 200 61959
116.230.110.80 - - [14/May/2021:09:31:44 +0800] "POST /xingrg/kc/buy/cgsh_order_operate.html HTTP/1.1" 200 8245
116.230.110.80 - - [14/May/2021:09:31:44 +0800] "GET /xingrg/javascript/easyui/themes/default/validatebox.css HTTP/1.1" 404 1104
180.161.124.236 - - [14/May/2021:09:31:47 +0800] "GET /xingrg/check_reg.html?_=1620955863385 HTTP/1.1" 200 22
116.230.114.112 - - [14/May/2021:09:31:47 +0800] "GET /xingrg/all/function/internal_message.html?_=1620955921974&CODE_STATE=getMsg HTTP/1.1" 200 27
180.161.124.236 - - [14/May/2021:09:31:47 +0800] "GET /xingrg/all/function/internal_message.html?_=1620955863944&CODE_STATE=getMsg HTTP/1.1" 200 27
116.230.110.80 - - [14/May/2021:09:31:48 +0800] "GET /xingrg/javascript/auto/indicator.gif HTTP/1.1" 404 1066
116.224.253.72 - - [14/May/2021:09:31:49 +0800] "GET /xingrg/all/function/internal_message.html?_=1620955907365&CODE_STATE=getMsg HTTP/1.1" 200 27
116.230.110.80 - - [14/May/2021:09:31:49 +0800] "GET /xingrg/javascript/jquery_tools/images/prev.gif HTTP/1.1" 404 1086
116.230.110.80 - - [14/May/2021:09:31:49 +0800] "GET /xingrg/javascript/jquery_tools/images/next.gif HTTP/1.1" 404 1086
114.86.187.76 - - [14/May/2021:09:31:52 +0800] "GET /xingrg/kc/buy/cgsh_order_operate.html?command=get_materiel&rest_code=00148&code=00101029005&supplier_code=00100151&order_time=2021-05-14 HTTP/1.1" 200 435
222.69.130.65 - - [14/May/2021:09:31:52 +0800] "GET /xingrg/all/function/internal_message.html?_=1620955908332&CODE_STATE=getMsg HTTP/1.1" 200 27
116.230.110.80 - - [14/May/2021:09:31:56 +0800] "GET /xingrg/kc/buy/cgsh_order_operate.html?command=get_materiel&rest_code=00155&code=00101008248&supplier_code=00100005&order_time=2021-05-14 HTTP/1.1" 200 412
172.20.0.100 - - [14/May/2021:09:31:58 +0800] "GET /xingrg/all/function/internal_message.html?_=1620955915214&CODE_STATE=getMsg HTTP/1.1" 200 27
120.253.135.82 - - [14/May/2021:09:32:01 +0800] "GET /xingrg/all/function/internal_message.html?_=1620955978766&CODE_STATE=getMsg HTTP/1.1" 200 27
116.230.110.80 - - [14/May/2021:09:32:04 +0800] "GET /xingrg/kc/buy/cgsh_order_operate.html?command=get_materiel&rest_code=00155&code=00101008072&supplier_code=00100005&order_time=2021-05-14 HTTP/1.1" 200 408
114.86.187.76 - - [14/May/2021:09:32:05 +0800] "GET /xingrg/check_reg.html?_=1620955922948 HTTP/1.1" 200 22
114.86.187.76 - - [14/May/2021:09:32:05 +0800] "GET /xingrg/all/function/internal_message.html?_=1620955923094&CODE_STATE=getMsg HTTP/1.1" 200 27
120.253.135.82 - - [14/May/2021:09:32:06 +0800] "GET /xingrg/check_reg.html?_=1620956047178 HTTP/1.1" 200 22
61.165.42.208 - - [14/May/2021:09:32:07 +0800] "GET /xingrg/all/function/internal_message.html?_=1620955926468&CODE_STATE=getMsg HTTP/1.1" 200 27
116.230.110.80 - - [14/May/2021:09:32:09 +0800] "GET /xingrg/kc/buy/cgsh_order_operate.html?command=get_materiel&rest_code=00155&code=00101008350&supplier_code=00100005&order_time=2021-05-14 HTTP/1.1" 200 408
120.253.135.82 - - [14/May/2021:09:32:09 +0800] "GET /xingrg/all/function/internal_message.html?_=1620956050484&CODE_STATE=getMsg HTTP/1.1" 200 27
116.230.110.80 - - [14/May/2021:09:32:13 +0800] "GET /xingrg/kc/buy/cgsh_order_operate.html?command=get_materiel&rest_code=00155&code=00101008358&supplier_code=00100005&order_time=2021-05-14 HTTP/1.1" 200 412
114.86.229.133 - - [14/May/2021:09:32:14 +0800] "GET /xingrg/kc/buy/cgsh_order_operate.html?command=get_materiel&rest_code=00109&code=00101008112&supplier_code=00100005&order_time=2021-05-14 HTTP/1.1" 200 412
58.37.225.51 - - [14/May/2021:09:32:17 +0800] "GET /xingrg/all/function/internal_message.html?_=1620955944059&CODE_STATE=getMsg HTTP/1.1" 200 27
116.230.110.80 - - [14/May/2021:09:32:18 +0800] "GET /xingrg/kc/buy/cgsh_order_operate.html?command=get_materiel&rest_code=00155&code=00101008003&supplier_code=00100005&order_time=2021-05-14 HTTP/1.1" 200 408
117.185.32.26 - - [14/May/2021:09:32:21 +0800] "GET /xingrg/all/function/internal_message.html?_=1620955936817&CODE_STATE=getMsg HTTP/1.1" 200 27
116.230.76.31 - - [14/May/2021:09:32:23 +0800] "GET /xingrg/all/function/internal_message.html?_=1620955938875&CODE_STATE=getMsg HTTP/1.1" 200 27
180.169.147.146 - - [14/May/2021:09:32:24 +0800] "GET /xingrg/all/function/internal_message.html?_=1620955937229&CODE_STATE=getMsg HTTP/1.1" 200 27
180.169.147.146 - - [14/May/2021:09:32:24 +0800] "GET /xingrg/all/function/internal_message.html?_=1620955944765&CODE_STATE=getMsg HTTP/1.1" 200 27
116.230.110.80 - - [14/May/2021:09:32:24 +0800] "GET /xingrg/kc/buy/cgsh_order_operate.html?command=get_materiel&rest_code=00155&code=00101008355&supplier_code=00100005&order_time=2021-05-14 HTTP/1.1" 200 408
116.230.110.80 - - [14/May/2021:09:32:27 +0800] "GET /xingrg/all/function/internal_message.html?_=1620955944475&CODE_STATE=getMsg HTTP/1.1" 200 27
116.230.110.80 - - [14/May/2021:09:32:34 +0800] "GET /xingrg/kc/buy/cgsh_order_operate.html?command=get_materiel&rest_code=00155&code=00101008298&supplier_code=00100005&order_time=2021-05-14 HTTP/1.1" 200 412
114.86.229.133 - - [14/May/2021:09:32:36 +0800] "GET /xingrg/all/function/internal_message.html?_=1620955955621&CODE_STATE=getMsg HTTP/1.1" 200 27
116.224.253.72 - - [14/May/2021:09:32:38 +0800] "GET /xingrg/all/function/internal_message.html?_=1620955942782&CODE_STATE=getMsg HTTP/1.1" 200 27
116.230.110.80 - - [14/May/2021:09:32:39 +0800] "GET /xingrg/kc/buy/cgsh_order_operate.html?command=get_materiel&rest_code=00155&code=00101008155&supplier_code=00100005&order_time=2021-05-14 HTTP/1.1" 200 408
116.230.114.112 - - [14/May/2021:09:32:41 +0800] "GET /xingrg/all/function/internal_message.html?_=1620955973563&CODE_STATE=getMsg HTTP/1.1" 302 -
116.224.253.72 - - [14/May/2021:09:32:42 +0800] "POST /xingrg/kc/buy/cgsh_order_operate.html HTTP/1.1" 200 37
116.224.253.72 - - [14/May/2021:09:32:46 +0800] "POST /xingrg/kc/buy/cgsh_order_operate.html HTTP/1.1" 200 12
222.69.130.65 - - [14/May/2021:09:32:46 +0800] "GET /xingrg/check_reg.html?_=1620955962014 HTTP/1.1" 200 22
116.224.253.72 - - [14/May/2021:09:32:46 +0800] "GET /xingrg/kc/buy/cgsh_order_info.html?code=212021051405908 HTTP/1.1" 200 56829
116.230.110.80 - - [14/May/2021:09:32:47 +0800] "GET /xingrg/kc/buy/cgsh_order_operate.html?command=get_materiel&rest_code=00155&code=00101008331&supplier_code=00100005&order_time=2021-05-14 HTTP/1.1" 200 416
116.224.253.72 - - [14/May/2021:09:32:47 +0800] "GET /xingrg/javascript/easyui/themes/default/validatebox.css HTTP/1.1" 404 1104
116.230.114.112 - - [14/May/2021:09:32:47 +0800] "GET /xingrg/all/function/internal_message.html?_=1620955981987&CODE_STATE=getMsg HTTP/1.1" 200 27
180.161.124.236 - - [14/May/2021:09:32:47 +0800] "GET /xingrg/all/function/internal_message.html?_=1620955923958&CODE_STATE=getMsg HTTP/1.1" 200 27
116.224.253.72 - - [14/May/2021:09:32:47 +0800] "POST /xingrg/kc/buy/cgsh_order_operate.html HTTP/1.1" 200 27832
116.224.253.72 - - [14/May/2021:09:32:49 +0800] "GET /xingrg/kc/print/load_data.html?order_code=212021051405908&kc_code=cgsh&condition= HTTP/1.1" 200 11087
116.224.253.72 - - [14/May/2021:09:32:50 +0800] "GET /xingrg/all/function/internal_message.html?_=1620955968499&CODE_STATE=getMsg HTTP/1.1" 200 27
114.86.187.76 - - [14/May/2021:09:32:51 +0800] "GET /xingrg/kc/buy/cgsh_order_operate.html?command=get_materiel&rest_code=00148&code=00101031006&supplier_code=00100151&order_time=2021-05-14 HTTP/1.1" 200 418
222.69.130.65 - - [14/May/2021:09:32:52 +0800] "GET /xingrg/all/function/internal_message.html?_=1620955968301&CODE_STATE=getMsg HTTP/1.1" 200 27
116.230.110.80 - - [14/May/2021:09:32:54 +0800] "GET /xingrg/kc/buy/cgsh_order_operate.html?command=get_materiel&rest_code=00155&code=00101008349&supplier_code=00100005&order_time=2021-05-14 HTTP/1.1" 200 412
116.224.253.72 - - [14/May/2021:09:32:55 +0800] "POST /xingrg/kc/buy/cgsh_list_operate.html HTTP/1.1" 200 876
172.20.0.100 - - [14/May/2021:09:32:58 +0800] "GET /xingrg/all/function/internal_message.html?_=1620955975219&CODE_STATE=getMsg HTTP/1.1" 200 27
172.20.0.100 - - [14/May/2021:09:32:58 +0800] "GET /xingrg/check_reg.html?_=1620955975220 HTTP/1.1" 200 22
116.230.110.80 - - [14/May/2021:09:33:00 +0800] "GET /xingrg/kc/buy/cgsh_order_operate.html?command=get_materiel&rest_code=00155&code=00101008149&supplier_code=00100005&order_time=2021-05-14 HTTP/1.1" 200 408
120.253.135.82 - - [14/May/2021:09:33:01 +0800] "GET /xingrg/all/function/internal_message.html?_=1620956038787&CODE_STATE=getMsg HTTP/1.1" 200 27
114.86.187.76 - - [14/May/2021:09:33:04 +0800] "GET /xingrg/kc/buy/cgsh_order_operate.html?command=get_materiel&rest_code=00148&code=00101031006&supplier_code=00100151&order_time=2021-05-14 HTTP/1.1" 200 418
116.230.110.80 - - [14/May/2021:09:33:05 +0800] "GET /xingrg/kc/buy/cgsh_order_operate.html?command=get_materiel&rest_code=00155&code=00101008354&supplier_code=00100005&order_time=2021-05-14 HTTP/1.1" 200 412
