58.37.225.51 - - [14/May/2021:11:03:15 +0800] "POST /xingrg/kc/buy/cgsh_order_operate.html HTTP/1.1" 200 2065
58.37.225.51 - - [14/May/2021:11:03:16 +0800] "GET /xingrg/all/function/internal_message.html?_=1620961403364&CODE_STATE=getMsg HTTP/1.1" 200 27
58.37.225.51 - - [14/May/2021:11:03:16 +0800] "POST /xingrg/kc/buy/cgsh_order_operate.html HTTP/1.1" 200 37
116.235.95.160 - - [14/May/2021:11:03:17 +0800] "GET /xingrg/kc/buy/cgsh_order_add.html HTTP/1.1" 200 61997
116.235.95.160 - - [14/May/2021:11:03:17 +0800] "GET /xingrg/words/20210514103457_words.js HTTP/1.1" 200 812732
116.235.95.160 - - [14/May/2021:11:03:17 +0800] "POST /xingrg/kc/buy/cgsh_order_operate.html HTTP/1.1" 200 8245
116.235.95.160 - - [14/May/2021:11:03:17 +0800] "GET /xingrg/all/common/auto_word.html?type=employee&rest_code=00104 HTTP/1.1" 200 97
116.235.95.160 - - [14/May/2021:11:03:17 +0800] "GET /xingrg/all/common/auto_word.html?type=employee&rest_code=00104 HTTP/1.1" 200 97
116.235.95.160 - - [14/May/2021:11:03:17 +0800] "GET /xingrg/javascript/easyui/themes/default/validatebox.css HTTP/1.1" 404 1104
116.235.95.160 - - [14/May/2021:11:03:18 +0800] "GET /xingrg/javascript/auto/indicator.gif HTTP/1.1" 404 1066
58.37.225.51 - - [14/May/2021:11:03:20 +0800] "GET /xingrg/kc/buy/cgsh_order_operate.html?command=get_materiel&rest_code=00141&code=00101008298&supplier_code=00100007&order_time=2021-05-14 HTTP/1.1" 200 412
58.37.225.51 - - [14/May/2021:11:03:20 +0800] "POST /xingrg/kc/buy/cgsh_order_operate.html HTTP/1.1" 200 12
117.185.32.26 - - [14/May/2021:11:03:21 +0800] "GET /xingrg/kc/buy/cgsh_order_operate.html?command=get_materiel&rest_code=00106&code=00101008137&supplier_code=00100007&order_time=2021-05-14 HTTP/1.1" 200 408
58.37.225.51 - - [14/May/2021:11:03:21 +0800] "GET /xingrg/kc/buy/cgsh_order_info.html?code=212021051405999 HTTP/1.1" 200 56903
58.37.225.51 - - [14/May/2021:11:03:21 +0800] "GET /xingrg/javascript/easyui/themes/default/validatebox.css HTTP/1.1" 404 1104
58.37.225.51 - - [14/May/2021:11:03:22 +0800] "POST /xingrg/kc/buy/cgsh_order_operate.html HTTP/1.1" 200 7137
116.230.76.31 - - [14/May/2021:11:03:22 +0800] "GET /xingrg/check_reg.html?_=1620961398545 HTTP/1.1" 200 22
117.185.32.26 - - [14/May/2021:11:03:22 +0800] "GET /xingrg/all/function/internal_message.html?_=1620961926511&CODE_STATE=getMsg HTTP/1.1" 200 27
58.37.225.51 - - [14/May/2021:11:03:22 +0800] "GET /xingrg/kc/print/load_data.html?order_code=212021051405999&kc_code=cgsh&condition= HTTP/1.1" 200 3207
180.169.147.146 - - [14/May/2021:11:03:23 +0800] "GET /xingrg/all/function/internal_message.html?_=1620961395533&CODE_STATE=getMsg HTTP/1.1" 200 27
116.230.76.31 - - [14/May/2021:11:03:23 +0800] "GET /xingrg/all/function/internal_message.html?_=1620961399268&CODE_STATE=getMsg HTTP/1.1" 200 27
180.161.124.236 - - [14/May/2021:11:03:24 +0800] "GET /xingrg/kc/base/wldb_order_operate.html?command=get_materiel&rest_code=00102&base_code=0010476&code=00101019079 HTTP/1.1" 200 465
58.37.225.51 - - [14/May/2021:11:03:26 +0800] "GET /xingrg/kc/buy/cgsh_order_add.html HTTP/1.1" 200 61997
58.37.225.51 - - [14/May/2021:11:03:26 +0800] "POST /xingrg/kc/buy/cgsh_order_operate.html HTTP/1.1" 200 8245
58.37.225.51 - - [14/May/2021:11:03:26 +0800] "GET /xingrg/javascript/easyui/themes/default/validatebox.css HTTP/1.1" 404 1104
116.230.110.80 - - [14/May/2021:11:03:27 +0800] "GET /xingrg/all/function/internal_message.html?_=1620961404106&CODE_STATE=getMsg HTTP/1.1" 200 27
58.37.225.51 - - [14/May/2021:11:03:27 +0800] "GET /xingrg/all/function/internal_message.html?_=1620961362555&CODE_STATE=getMsg HTTP/1.1" 200 27
117.185.32.26 - - [14/May/2021:11:03:27 +0800] "GET /xingrg/kc/buy/cgsh_order_operate.html?command=get_materiel&rest_code=00106&code=00101008410&supplier_code=00100007&order_time=2021-05-14 HTTP/1.1" 200 399
58.37.225.51 - - [14/May/2021:11:03:27 +0800] "GET /xingrg/kc/buy/cgsh_order_operate.html?command=get_materiel&rest_code=00141&code=00101008276&supplier_code=00100007&order_time=2021-05-14 HTTP/1.1" 200 412
180.161.124.236 - - [14/May/2021:11:03:29 +0800] "GET /xingrg/kc/base/wldb_order_operate.html?command=get_materiel&rest_code=00102&base_code=0010476&code=00101019306 HTTP/1.1" 200 462
116.230.114.112 - - [14/May/2021:11:03:32 +0800] "GET /xingrg/all/function/internal_message.html?_=1620961427389&CODE_STATE=getMsg HTTP/1.1" 200 27
58.37.225.51 - - [14/May/2021:11:03:33 +0800] "GET /xingrg/kc/buy/cgsh_order_operate.html?command=get_materiel&rest_code=00141&code=00101008304&supplier_code=00100007&order_time=2021-05-14 HTTP/1.1" 200 412
58.37.225.51 - - [14/May/2021:11:03:33 +0800] "GET /xingrg/kc/buy/cgsh_order_operate.html?command=get_materiel&rest_code=00141&code=00101004020&supplier_code=00100312&order_time=2021-05-14 HTTP/1.1" 200 409
120.204.17.73 - - [14/May/2021:11:03:35 +0800] "GET /xingrg/kc/buy/cgsh_order_operate.html?command=get_materiel&rest_code=00106&code=00101008355&supplier_code=00100007&order_time=2021-05-14 HTTP/1.1" 302 -
117.185.32.26 - - [14/May/2021:11:03:35 +0800] "GET /xingrg/kc/buy/cgsh_order_operate.html?command=get_materiel&rest_code=00106&code=00101008360&supplier_code=00100007&order_time=2021-05-14 HTTP/1.1" 200 412
120.204.17.73 - - [14/May/2021:11:03:36 +0800] "GET /xingrg/login.html HTTP/1.1" 200 7641
117.185.32.26 - - [14/May/2021:11:03:37 +0800] "POST /xingrg/kc/buy/cgsh_order_operate.html HTTP/1.1" 200 2065
101.85.94.178 - - [14/May/2021:11:03:37 +0800] "GET /xingrg/all/function/internal_message.html?_=1620960914829&CODE_STATE=getMsg HTTP/1.1" 200 27
116.224.253.72 - - [14/May/2021:11:03:38 +0800] "GET /xingrg/all/function/internal_message.html?_=1620961415966&CODE_STATE=getMsg HTTP/1.1" 200 27
58.37.225.51 - - [14/May/2021:11:03:40 +0800] "GET /xingrg/kc/buy/cgsh_order_operate.html?command=get_materiel&rest_code=00141&code=00101001023&supplier_code=00100312&order_time=2021-05-14 HTTP/1.1" 200 415
116.230.114.112 - - [14/May/2021:11:03:42 +0800] "GET /xingrg/all/function/internal_message.html?_=1620961434808&CODE_STATE=getMsg HTTP/1.1" 302 -
117.185.32.26 - - [14/May/2021:11:03:42 +0800] "GET /xingrg/kc/buy/cgsh_order_operate.html?command=get_materiel&rest_code=00106&code=00101008069&supplier_code=00100007&order_time=2021-05-14 HTTP/1.1" 200 412
180.169.147.146 - - [14/May/2021:11:03:44 +0800] "GET /xingrg/check_reg.html?_=1620961416929 HTTP/1.1" 200 22
116.235.95.160 - - [14/May/2021:11:03:47 +0800] "GET /xingrg/javascript/jquery_tools/images/prev.gif HTTP/1.1" 404 1086
116.235.95.160 - - [14/May/2021:11:03:47 +0800] "GET /xingrg/javascript/jquery_tools/images/next.gif HTTP/1.1" 404 1086
180.169.147.146 - - [14/May/2021:11:03:48 +0800] "GET /xingrg/system/info/materiel_manager.html HTTP/1.1" 200 19497
180.169.147.146 - - [14/May/2021:11:03:48 +0800] "GET /xingrg/dwr/interface/AjaxBaseInfoService.js HTTP/1.1" 200 21363
180.169.147.146 - - [14/May/2021:11:03:48 +0800] "GET /xingrg/dwr/interface/AjaxComOrderService.js HTTP/1.1" 200 18264
180.169.147.146 - - [14/May/2021:11:03:48 +0800] "GET /xingrg/dwr/engine.js HTTP/1.1" 200 43631
180.169.147.146 - - [14/May/2021:11:03:48 +0800] "POST /xingrg/dwr/call/plaincall/AjaxBaseInfoService.getSubMaterielSorts.dwr HTTP/1.1" 200 219
180.169.147.146 - - [14/May/2021:11:03:49 +0800] "POST /xingrg/dwr/call/plaincall/AjaxBaseInfoService.getMateriels.dwr HTTP/1.1" 200 2929
58.37.225.51 - - [14/May/2021:11:03:49 +0800] "GET /xingrg/kc/buy/cgsh_order_operate.html?command=get_materiel&rest_code=00141&code=00101001138&supplier_code=00100312&order_time=2021-05-14 HTTP/1.1" 200 433
117.185.32.26 - - [14/May/2021:11:03:50 +0800] "GET /xingrg/kc/buy/cgsh_order_operate.html?command=get_materiel&rest_code=00106&code=00101008286&supplier_code=00100007&order_time=2021-05-14 HTTP/1.1" 200 408
180.169.147.146 - - [14/May/2021:11:03:51 +0800] "GET /xingrg/check_reg.html?_=1620961430978 HTTP/1.1" 200 22
180.169.147.146 - - [14/May/2021:11:03:51 +0800] "GET /xingrg/all/function/internal_message.html?_=1620961430981&CODE_STATE=getMsg HTTP/1.1" 200 27
222.69.130.65 - - [14/May/2021:11:03:51 +0800] "GET /xingrg/all/function/internal_message.html?_=1620961426709&CODE_STATE=getMsg HTTP/1.1" 200 27
61.165.42.208 - - [14/May/2021:11:03:51 +0800] "GET /xingrg/kc/buy/cgsh_order_operate.html?command=get_materiel&rest_code=00105&code=00101006199&supplier_code=00100330&order_time=2021-05-14 HTTP/1.1" 200 414
116.230.114.112 - - [14/May/2021:11:03:51 +0800] "GET /xingrg/all/function/internal_message.html?_=1620961446350&CODE_STATE=getMsg HTTP/1.1" 200 27
58.37.225.51 - - [14/May/2021:11:03:52 +0800] "GET /xingrg/kc/buy/cgsh_order_operate.html?command=get_materiel&rest_code=00141&code=00101008283&supplier_code=00100007&order_time=2021-05-14 HTTP/1.1" 200 408
116.235.95.160 - - [14/May/2021:11:03:53 +0800] "GET /xingrg/kc/buy/cgsh_order_operate.html?command=get_materiel&rest_code=00104&code=00101001160&supplier_code=00100040&order_time=2021-05-14 HTTP/1.1" 200 408
58.37.225.51 - - [14/May/2021:11:03:56 +0800] "GET /xingrg/kc/buy/cgsh_order_operate.html?command=get_materiel&rest_code=00141&code=00101001096&supplier_code=00100312&order_time=2021-05-14 HTTP/1.1" 200 413
180.161.124.236 - - [14/May/2021:11:03:56 +0800] "GET /xingrg/kc/base/wldb_order_operate.html?command=get_materiel&rest_code=00102&base_code=0010476&code=00101019142 HTTP/1.1" 200 450
117.185.32.26 - - [14/May/2021:11:03:58 +0800] "GET /xingrg/kc/buy/cgsh_order_operate.html?command=get_materiel&rest_code=00106&code=00101008036&supplier_code=00100007&order_time=2021-05-14 HTTP/1.1" 200 408
172.20.0.100 - - [14/May/2021:11:03:58 +0800] "GET /xingrg/all/function/internal_message.html?_=1620961435243&CODE_STATE=getMsg HTTP/1.1" 200 27
58.37.225.51 - - [14/May/2021:11:03:58 +0800] "GET /xingrg/kc/buy/cgsh_order_operate.html?command=get_materiel&rest_code=00141&code=00101008372&supplier_code=00100007&order_time=2021-05-14 HTTP/1.1" 200 410
58.37.225.51 - - [14/May/2021:11:04:01 +0800] "POST /xingrg/kc/buy/cgsh_order_operate.html HTTP/1.1" 200 2065
180.161.124.236 - - [14/May/2021:11:04:02 +0800] "GET /xingrg/kc/base/wldb_order_operate.html?command=get_materiel&rest_code=00102&base_code=0010476&code=00101016059 HTTP/1.1" 200 430
116.224.253.72 - - [14/May/2021:11:04:02 +0800] "GET /xingrg/all/function/internal_message.html?_=1620961426627&CODE_STATE=getMsg HTTP/1.1" 200 27
183.192.164.71 - - [14/May/2021:11:04:02 +0800] "GET /xingrg/kc/buy/cgsh_order_operate.html?command=get_materiel&rest_code=00106&code=00101008356&supplier_code=00100007&order_time=2021-05-14 HTTP/1.1" 302 -
183.192.164.71 - - [14/May/2021:11:04:03 +0800] "GET /xingrg/login.html HTTP/1.1" 200 7641
120.253.135.82 - - [14/May/2021:11:04:03 +0800] "GET /xingrg/all/function/internal_message.html?_=1620961500093&CODE_STATE=getMsg HTTP/1.1" 200 27
61.165.42.208 - - [14/May/2021:11:04:06 +0800] "GET /xingrg/all/function/internal_message.html?_=1620961444705&CODE_STATE=getMsg HTTP/1.1" 200 27
61.165.42.208 - - [14/May/2021:11:04:06 +0800] "POST /xingrg/kc/buy/cgsh_order_operate.html HTTP/1.1" 200 37
117.185.32.26 - - [14/May/2021:11:04:07 +0800] "GET /xingrg/kc/buy/cgsh_order_operate.html?command=get_materiel&rest_code=00106&code=00101008131&supplier_code=00100007&order_time=2021-05-14 HTTP/1.1" 200 408
116.235.95.160 - - [14/May/2021:11:04:07 +0800] "GET /xingrg/all/function/internal_message.html?_=1620961533577&CODE_STATE=getMsg HTTP/1.1" 200 27
61.165.42.208 - - [14/May/2021:11:04:07 +0800] "POST /xingrg/kc/buy/cgsh_order_operate.html HTTP/1.1" 200 5050
58.37.225.51 - - [14/May/2021:11:04:07 +0800] "GET /xingrg/kc/buy/cgsh_order_operate.html?command=get_materiel&rest_code=00141&code=00101008080&supplier_code=00100007&order_time=2021-05-14 HTTP/1.1" 200 417
61.165.42.208 - - [14/May/2021:11:04:08 +0800] "GET /xingrg/kc/print/load_data.html?order_code=212021051406000&kc_code=cgsh&condition= HTTP/1.1" 200 1595
180.161.124.236 - - [14/May/2021:11:04:09 +0800] "GET /xingrg/check_reg.html?_=1620961405712 HTTP/1.1" 200 22
180.161.124.236 - - [14/May/2021:11:04:09 +0800] "GET /xingrg/all/function/internal_message.html?_=1620961405879&CODE_STATE=getMsg HTTP/1.1" 200 27
58.37.225.51 - - [14/May/2021:11:04:10 +0800] "GET /xingrg/kc/buy/cgsh_order_operate.html?command=get_materiel&rest_code=00141&code=00101001156&supplier_code=00100312&order_time=2021-05-14 HTTP/1.1" 200 409
114.86.229.133 - - [14/May/2021:11:04:11 +0800] "GET /xingrg/all/function/internal_message.html?_=1620961450252&CODE_STATE=getMsg HTTP/1.1" 200 27
183.192.164.71 - - [14/May/2021:11:04:11 +0800] "GET /xingrg/kc/buy/cgsh_order_operate.html?command=get_materiel&rest_code=00106&code=00101008300&supplier_code=00100007&order_time=2021-05-14 HTTP/1.1" 302 -
120.253.135.82 - - [14/May/2021:11:04:11 +0800] "GET /xingrg/all/function/internal_message.html?_=1620961572230&CODE_STATE=getMsg HTTP/1.1" 200 27
117.185.32.26 - - [14/May/2021:11:04:12 +0800] "GET /xingrg/all/function/internal_message.html?_=1620961448352&CODE_STATE=getMsg HTTP/1.1" 200 27
116.235.95.160 - - [14/May/2021:11:04:13 +0800] "GET /xingrg/kc/buy/cgsh_order_operate.html?command=get_materiel&rest_code=00104&code=00101005037&supplier_code=00100040&order_time=2021-05-14 HTTP/1.1" 200 409
61.165.42.208 - - [14/May/2021:11:04:13 +0800] "GET /xingrg/kc/buy/cgsh_order_add.html HTTP/1.1" 200 62038
61.165.42.208 - - [14/May/2021:11:04:13 +0800] "POST /xingrg/kc/buy/cgsh_order_operate.html HTTP/1.1" 200 8245
61.165.42.208 - - [14/May/2021:11:04:13 +0800] "GET /xingrg/javascript/easyui/themes/default/validatebox.css HTTP/1.1" 404 1104
183.192.164.71 - - [14/May/2021:11:04:14 +0800] "GET /xingrg/login.html HTTP/1.1" 200 7641
117.185.32.26 - - [14/May/2021:11:04:15 +0800] "GET /xingrg/kc/buy/cgsh_order_operate.html?command=get_materiel&rest_code=00106&code=00101008352&supplier_code=00100007&order_time=2021-05-14 HTTP/1.1" 200 412
58.37.225.51 - - [14/May/2021:11:04:16 +0800] "GET /xingrg/kc/buy/cgsh_order_operate.html?command=get_materiel&rest_code=00141&code=00101001260&supplier_code=00100312&order_time=2021-05-14 HTTP/1.1" 200 395
58.37.225.51 - - [14/May/2021:11:04:16 +0800] "GET /xingrg/all/function/internal_message.html?_=1620961463369&CODE_STATE=getMsg HTTP/1.1" 200 27
58.37.225.51 - - [14/May/2021:11:04:16 +0800] "GET /xingrg/check_reg.html?_=1620961463372 HTTP/1.1" 200 22
117.185.32.26 - - [14/May/2021:11:04:18 +0800] "POST /xingrg/kc/buy/cgsh_order_operate.html HTTP/1.1" 200 2065
58.37.225.51 - - [14/May/2021:11:04:20 +0800] "GET /xingrg/kc/buy/cgsh_order_operate.html?command=get_materiel&rest_code=00141&code=00101008323&supplier_code=00100007&order_time=2021-05-14 HTTP/1.1" 200 408
180.161.124.236 - - [14/May/2021:11:04:21 +0800] "POST /xingrg/kc/base/wldb_order_operate.html HTTP/1.1" 200 37
58.37.225.51 - - [14/May/2021:11:04:22 +0800] "GET /xingrg/kc/buy/cgsh_order_operate.html?command=get_materiel&rest_code=00141&code=00101001253&supplier_code=00100312&order_time=2021-05-14 HTTP/1.1" 200 393
117.185.32.26 - - [14/May/2021:11:04:22 +0800] "GET /xingrg/all/function/internal_message.html?_=1620961986538&CODE_STATE=getMsg HTTP/1.1" 200 27
180.169.147.146 - - [14/May/2021:11:04:23 +0800] "GET /xingrg/all/function/internal_message.html?_=1620961455503&CODE_STATE=getMsg HTTP/1.1" 200 27
61.165.42.208 - - [14/May/2021:11:04:23 +0800] "GET /xingrg/kc/buy/cgsh_order_operate.html?command=get_materiel&rest_code=00105&code=00101001167&supplier_code=00100314&order_time=2021-05-14 HTTP/1.1" 200 411
116.230.76.31 - - [14/May/2021:11:04:23 +0800] "GET /xingrg/all/function/internal_message.html?_=1620961459239&CODE_STATE=getMsg HTTP/1.1" 200 27
180.161.124.236 - - [14/May/2021:11:04:23 +0800] "POST /xingrg/kc/base/wldb_order_operate.html HTTP/1.1" 200 12
180.161.124.236 - - [14/May/2021:11:04:23 +0800] "POST /xingrg/kc/base/wldb_order_operate.html HTTP/1.1" 200 5178
180.161.124.236 - - [14/May/2021:11:04:25 +0800] "GET /xingrg/kc/base/wldb_order_info.html?code=422021051401477 HTTP/1.1" 200 26015
117.185.32.26 - - [14/May/2021:11:04:25 +0800] "GET /xingrg/kc/buy/cgsh_order_operate.html?command=get_materiel&rest_code=00106&code=00101008005&supplier_code=00100007&order_time=2021-05-14 HTTP/1.1" 200 412
180.161.124.236 - - [14/May/2021:11:04:26 +0800] "POST /xingrg/kc/base/wldb_order_operate.html HTTP/1.1" 200 3405
180.161.124.236 - - [14/May/2021:11:04:26 +0800] "GET /xingrg/javascript/easyui/themes/default/validatebox.css HTTP/1.1" 404 1104
116.230.110.80 - - [14/May/2021:11:04:27 +0800] "GET /xingrg/all/function/internal_message.html?_=1620961464084&CODE_STATE=getMsg HTTP/1.1" 200 27
114.86.187.76 - - [14/May/2021:11:04:27 +0800] "GET /xingrg/all/function/internal_message.html?_=1620961445386&CODE_STATE=getMsg HTTP/1.1" 200 27
58.37.225.51 - - [14/May/2021:11:04:27 +0800] "GET /xingrg/all/function/internal_message.html?_=1620961422523&CODE_STATE=getMsg HTTP/1.1" 200 27
180.161.124.236 - - [14/May/2021:11:04:28 +0800] "GET /xingrg/kc/base/wldb_order_add.html HTTP/1.1" 200 30138
58.37.225.51 - - [14/May/2021:11:04:28 +0800] "GET /xingrg/kc/buy/cgsh_order_operate.html?command=get_materiel&rest_code=00141&code=00101008337&supplier_code=00100007&order_time=2021-05-14 HTTP/1.1" 200 408
180.161.124.236 - - [14/May/2021:11:04:30 +0800] "POST /xingrg/kc/base/wldb_order_operate.html HTTP/1.1" 200 6806
180.161.124.236 - - [14/May/2021:11:04:31 +0800] "GET /xingrg/javascript/easyui/themes/default/validatebox.css HTTP/1.1" 404 1104
180.161.124.236 - - [14/May/2021:11:04:31 +0800] "POST /xingrg/all/common/load_combo.html?type=base HTTP/1.1" 200 3060
116.230.114.112 - - [14/May/2021:11:04:32 +0800] "GET /xingrg/all/function/internal_message.html?_=1620961487402&CODE_STATE=getMsg HTTP/1.1" 200 27
116.230.114.112 - - [14/May/2021:11:04:32 +0800] "GET /xingrg/kc/buy/cgsh_order_add.html HTTP/1.1" 200 61997
116.230.114.112 - - [14/May/2021:11:04:33 +0800] "POST /xingrg/kc/buy/cgsh_order_operate.html HTTP/1.1" 200 8245
116.230.114.112 - - [14/May/2021:11:04:33 +0800] "GET /xingrg/javascript/easyui/themes/default/validatebox.css HTTP/1.1" 404 1104
180.161.124.236 - - [14/May/2021:11:04:33 +0800] "POST /xingrg/all/common/load_combo.html?type=base HTTP/1.1" 200 3060
61.165.42.208 - - [14/May/2021:11:04:36 +0800] "POST /xingrg/kc/buy/cgsh_order_operate.html HTTP/1.1" 200 64
101.85.94.178 - - [14/May/2021:11:04:37 +0800] "GET /xingrg/all/function/internal_message.html?_=1620960974828&CODE_STATE=getMsg HTTP/1.1" 200 27
116.224.253.72 - - [14/May/2021:11:04:38 +0800] "GET /xingrg/all/function/internal_message.html?_=1620961475953&CODE_STATE=getMsg HTTP/1.1" 200 27
116.224.253.72 - - [14/May/2021:11:04:38 +0800] "GET /xingrg/check_reg.html?_=1620961476253 HTTP/1.1" 200 22
180.161.124.236 - - [14/May/2021:11:04:40 +0800] "GET /xingrg/kc/base/wldb_order_operate.html?command=get_materiel&rest_code=00102&base_code=0010476&code=00101016019 HTTP/1.1" 200 451
120.204.17.72 - - [14/May/2021:11:04:41 +0800] "GET /xingrg/kc/buy/cgsh_order_operate.html?command=get_materiel&rest_code=00106&code=00101008069&supplier_code=00100007&order_time=2021-05-14 HTTP/1.1" 302 -
117.185.32.26 - - [14/May/2021:11:04:41 +0800] "GET /xingrg/kc/buy/cgsh_order_operate.html?command=get_materiel&rest_code=00106&code=00101008353&supplier_code=00100007&order_time=2021-05-14 HTTP/1.1" 200 23
120.204.17.72 - - [14/May/2021:11:04:42 +0800] "GET /xingrg/login.html HTTP/1.1" 200 7641
116.230.114.112 - - [14/May/2021:11:04:42 +0800] "GET /xingrg/all/function/internal_message.html?_=1620961494814&CODE_STATE=getMsg HTTP/1.1" 302 -
58.37.225.51 - - [14/May/2021:11:04:44 +0800] "GET /xingrg/kc/buy/cgsh_order_operate.html?command=get_materiel&rest_code=00141&code=00101008331&supplier_code=00100007&order_time=2021-05-14 HTTP/1.1" 200 23
180.161.124.236 - - [14/May/2021:11:04:45 +0800] "GET /xingrg/kc/base/wldb_order_operate.html?command=get_materiel&rest_code=00102&base_code=0010476&code=00101019222 HTTP/1.1" 200 453
58.37.225.51 - - [14/May/2021:11:04:45 +0800] "POST /xingrg/kc/buy/cgsh_order_operate.html HTTP/1.1" 200 37
116.235.95.160 - - [14/May/2021:11:04:45 +0800] "POST /xingrg/kc/buy/cgsh_order_operate.html HTTP/1.1" 200 88
61.165.42.208 - - [14/May/2021:11:04:46 +0800] "POST /xingrg/kc/buy/cgsh_order_operate.html HTTP/1.1" 200 37
117.185.32.26 - - [14/May/2021:11:04:47 +0800] "POST /xingrg/kc/buy/cgsh_order_operate.html HTTP/1.1" 200 88
61.165.42.208 - - [14/May/2021:11:04:48 +0800] "POST /xingrg/kc/buy/cgsh_order_operate.html HTTP/1.1" 200 2659
116.230.114.112 - - [14/May/2021:11:04:49 +0800] "GET /xingrg/check_reg.html?_=1620961503938 HTTP/1.1" 200 22
116.230.114.112 - - [14/May/2021:11:04:49 +0800] "GET /xingrg/kc/buy/cgsh_order_operate.html?command=get_materiel&rest_code=00146&code=00101001167&supplier_code=00100314&order_time=2021-05-14 HTTP/1.1" 200 411
61.165.42.208 - - [14/May/2021:11:04:49 +0800] "GET /xingrg/kc/print/load_data.html?order_code=212021051406004&kc_code=cgsh&condition= HTTP/1.1" 200 670
58.37.225.51 - - [14/May/2021:11:04:49 +0800] "POST /xingrg/kc/buy/cgsh_order_operate.html HTTP/1.1" 200 12
180.161.124.236 - - [14/May/2021:11:04:50 +0800] "GET /xingrg/kc/base/wldb_order_operate.html?command=get_materiel&rest_code=00102&base_code=0010476&code=00101013018 HTTP/1.1" 200 429
58.37.225.51 - - [14/May/2021:11:04:50 +0800] "GET /xingrg/kc/buy/cgsh_order_info.html?code=212021051406002 HTTP/1.1" 200 56903
180.169.147.146 - - [14/May/2021:11:04:51 +0800] "GET /xingrg/all/function/internal_message.html?_=1620961490981&CODE_STATE=getMsg HTTP/1.1" 200 27
58.37.225.51 - - [14/May/2021:11:04:51 +0800] "GET /xingrg/javascript/easyui/themes/default/validatebox.css HTTP/1.1" 404 1104
222.69.130.65 - - [14/May/2021:11:04:51 +0800] "GET /xingrg/all/function/internal_message.html?_=1620961486696&CODE_STATE=getMsg HTTP/1.1" 200 27
116.230.114.112 - - [14/May/2021:11:04:51 +0800] "GET /xingrg/all/function/internal_message.html?_=1620961506357&CODE_STATE=getMsg HTTP/1.1" 200 27
58.37.225.51 - - [14/May/2021:11:04:51 +0800] "POST /xingrg/kc/buy/cgsh_order_operate.html HTTP/1.1" 200 3570
61.165.42.208 - - [14/May/2021:11:04:54 +0800] "GET /xingrg/kc/buy/cgsh_order_add.html HTTP/1.1" 200 62038
61.165.42.208 - - [14/May/2021:11:04:54 +0800] "POST /xingrg/kc/buy/cgsh_order_operate.html HTTP/1.1" 200 8245
61.165.42.208 - - [14/May/2021:11:04:54 +0800] "GET /xingrg/javascript/easyui/themes/default/validatebox.css HTTP/1.1" 404 1104
180.161.124.236 - - [14/May/2021:11:04:55 +0800] "GET /xingrg/kc/base/wldb_order_operate.html?command=get_materiel&rest_code=00102&base_code=0010476&code=00101019130 HTTP/1.1" 200 471
58.37.225.51 - - [14/May/2021:11:04:57 +0800] "GET /xingrg/kc/print/load_data.html?order_code=212021051406002&kc_code=cgsh&condition= HTTP/1.1" 200 2278
172.20.0.100 - - [14/May/2021:11:04:58 +0800] "GET /xingrg/all/function/internal_message.html?_=1620961495222&CODE_STATE=getMsg HTTP/1.1" 200 27
116.235.95.160 - - [14/May/2021:11:05:02 +0800] "POST /xingrg/kc/buy/cgsh_order_operate.html HTTP/1.1" 200 37
116.224.253.72 - - [14/May/2021:11:05:02 +0800] "GET /xingrg/all/function/internal_message.html?_=1620961486640&CODE_STATE=getMsg HTTP/1.1" 200 27
117.185.32.26 - - [14/May/2021:11:05:02 +0800] "POST /xingrg/kc/buy/cgsh_order_operate.html HTTP/1.1" 200 88
120.253.135.82 - - [14/May/2021:11:05:03 +0800] "GET /xingrg/all/function/internal_message.html?_=1620961560113&CODE_STATE=getMsg HTTP/1.1" 200 27
116.230.114.112 - - [14/May/2021:11:05:04 +0800] "POST /xingrg/kc/buy/cgsh_order_operate.html HTTP/1.1" 200 37
116.235.95.160 - - [14/May/2021:11:05:04 +0800] "POST /xingrg/kc/buy/cgsh_order_operate.html HTTP/1.1" 200 3242
58.37.225.51 - - [14/May/2021:11:05:04 +0800] "GET /xingrg/kc/buy/cgsh_order_operate.html?command=get_materiel&rest_code=00141&code=00101008331&supplier_code=00100007&order_time=2021-05-14 HTTP/1.1" 200 416
116.235.95.160 - - [14/May/2021:11:05:05 +0800] "GET /xingrg/kc/print/load_config.html?kc_code=cgsh HTTP/1.1" 200 1845
61.165.42.208 - - [14/May/2021:11:05:05 +0800] "GET /xingrg/kc/buy/cgsh_order_operate.html?command=get_materiel&rest_code=00105&code=00101001141&supplier_code=00100327&order_time=2021-05-14 HTTP/1.1" 200 413
116.235.95.160 - - [14/May/2021:11:05:05 +0800] "GET /xingrg/kc/print/load_data.html?order_code=212021051406006&kc_code=cgsh&condition= HTTP/1.1" 200 977
180.161.124.236 - - [14/May/2021:11:05:05 +0800] "GET /xingrg/kc/base/wldb_order_operate.html?command=get_materiel&rest_code=00102&base_code=0010476&code=00101019391 HTTP/1.1" 200 471
61.165.42.208 - - [14/May/2021:11:05:05 +0800] "GET /xingrg/all/function/internal_message.html?_=1620961504683&CODE_STATE=getMsg HTTP/1.1" 200 27
58.37.225.51 - - [14/May/2021:11:05:06 +0800] "GET /xingrg/login.html HTTP/1.1" 200 7641
58.37.225.51 - - [14/May/2021:11:05:07 +0800] "GET /favicon.ico HTTP/1.1" 404 -
116.235.95.160 - - [14/May/2021:11:05:07 +0800] "GET /xingrg/all/function/internal_message.html?_=1620961593644&CODE_STATE=getMsg HTTP/1.1" 200 27
61.165.42.208 - - [14/May/2021:11:05:07 +0800] "GET /xingrg/check_reg.html?_=1620961506589 HTTP/1.1" 200 22
117.185.32.26 - - [14/May/2021:11:05:07 +0800] "POST /xingrg/kc/buy/cgsh_order_operate.html HTTP/1.1" 200 37
116.230.114.112 - - [14/May/2021:11:05:07 +0800] "POST /xingrg/kc/buy/cgsh_order_operate.html HTTP/1.1" 200 2656
114.86.187.76 - - [14/May/2021:11:05:08 +0800] "GET /xingrg/all/function/internal_message.html?_=1620961505470&CODE_STATE=getMsg HTTP/1.1" 200 27
58.37.225.51 - - [14/May/2021:11:05:08 +0800] "POST /xingrg/login.do HTTP/1.1" 302 -
58.37.225.51 - - [14/May/2021:11:05:08 +0800] "GET /xingrg/index.html?sysBaseUrl=http%3A%2F%2F180.169.147.146%3A18081%2Fxingrg%2F&costTime=82×tamp=1620961508321 HTTP/1.1" 200 17179
58.37.225.51 - - [14/May/2021:11:05:08 +0800] "GET /favicon.ico HTTP/1.1" 404 -
58.37.225.51 - - [14/May/2021:11:05:08 +0800] "POST /xingrg/all/common/load_tree.html?tree=area_rest_tree_json&manage=1 HTTP/1.1" 200 351
58.37.225.51 - - [14/May/2021:11:05:08 +0800] "GET /xingrg/check_reg.html?_=1620961463859 HTTP/1.1" 200 22
58.37.225.51 - - [14/May/2021:11:05:08 +0800] "GET /xingrg/all/function/internal_message.html?_=1620961463858&CODE_STATE=count HTTP/1.1" 200 11
58.37.225.51 - - [14/May/2021:11:05:08 +0800] "POST /xingrg/load_menu.html HTTP/1.1" 200 5138
58.37.225.51 - - [14/May/2021:11:05:09 +0800] "GET /xingrg/kc/buy/buy_main.html HTTP/1.1" 200 12412
58.37.225.51 - - [14/May/2021:11:05:09 +0800] "GET /xingrg/css/new_ie.css HTTP/1.1" 404 1036
180.161.124.236 - - [14/May/2021:11:05:09 +0800] "GET /xingrg/all/function/internal_message.html?_=1620961466071&CODE_STATE=getMsg HTTP/1.1" 200 27
58.37.225.51 - - [14/May/2021:11:05:09 +0800] "GET /xingrg/images/yd/bt.gif HTTP/1.1" 404 1040
58.37.225.51 - - [14/May/2021:11:05:10 +0800] "GET /xingrg/kc/buy/cgsh_order_list.html HTTP/1.1" 200 46259
117.185.32.26 - - [14/May/2021:11:05:10 +0800] "POST /xingrg/kc/buy/cgsh_order_operate.html HTTP/1.1" 200 16839
114.86.229.133 - - [14/May/2021:11:05:11 +0800] "GET /xingrg/all/function/internal_message.html?_=1620961510257&CODE_STATE=getMsg HTTP/1.1" 200 27
58.37.225.51 - - [14/May/2021:11:05:11 +0800] "POST /xingrg/kc/buy/cgsh_list_operate.html HTTP/1.1" 200 876
116.235.95.160 - - [14/May/2021:11:05:11 +0800] "GET /xingrg/kc/buy/cgsh_order_add.html HTTP/1.1" 200 61997
120.253.135.82 - - [14/May/2021:11:05:11 +0800] "GET /xingrg/all/function/internal_message.html?_=1620961632232&CODE_STATE=getMsg HTTP/1.1" 200 27
116.235.95.160 - - [14/May/2021:11:05:11 +0800] "GET /xingrg/javascript/easyui/themes/default/validatebox.css HTTP/1.1" 404 1104
116.235.95.160 - - [14/May/2021:11:05:11 +0800] "POST /xingrg/kc/buy/cgsh_order_operate.html HTTP/1.1" 200 8245
58.37.225.51 - - [14/May/2021:11:05:12 +0800] "GET /xingrg/kc/buy/cgsh_order_add.html HTTP/1.1" 200 61997
58.37.225.51 - - [14/May/2021:11:05:12 +0800] "GET /xingrg/words/20210514103457_words.js HTTP/1.1" 304 -
58.37.225.51 - - [14/May/2021:11:05:12 +0800] "POST /xingrg/kc/buy/cgsh_order_operate.html HTTP/1.1" 200 8245
58.37.225.51 - - [14/May/2021:11:05:12 +0800] "GET /xingrg/all/common/auto_word.html?type=employee&rest_code=00141 HTTP/1.1" 200 201
58.37.225.51 - - [14/May/2021:11:05:12 +0800] "GET /xingrg/javascript/easyui/themes/default/validatebox.css HTTP/1.1" 404 1104
58.37.225.51 - - [14/May/2021:11:05:12 +0800] "GET /xingrg/all/common/auto_word.html?type=employee&rest_code=00141 HTTP/1.1" 200 201
180.161.124.236 - - [14/May/2021:11:05:12 +0800] "GET /xingrg/kc/base/wldb_order_operate.html?command=get_materiel&rest_code=00102&base_code=0010476&code=00101019405 HTTP/1.1" 200 468
117.185.32.26 - - [14/May/2021:11:05:12 +0800] "GET /xingrg/all/function/internal_message.html?_=1620961508342&CODE_STATE=getMsg HTTP/1.1" 200 27
58.37.225.51 - - [14/May/2021:11:05:13 +0800] "GET /xingrg/kc/buy/cgsh_order_operate.html?command=get_materiel&rest_code=00141&code=00101008350&supplier_code=00100007&order_time=2021-05-14 HTTP/1.1" 200 408
116.230.114.112 - - [14/May/2021:11:05:14 +0800] "POST /xingrg/kc/buy/cgsh_order_operate.html HTTP/1.1" 200 37
58.37.225.51 - - [14/May/2021:11:05:15 +0800] "POST /xingrg/kc/buy/cgsh_order_operate.html HTTP/1.1" 200 2065
58.37.225.51 - - [14/May/2021:11:05:15 +0800] "GET /xingrg/javascript/jquery_tools/images/next.gif HTTP/1.1" 404 1086
58.37.225.51 - - [14/May/2021:11:05:15 +0800] "GET /xingrg/javascript/jquery_tools/images/prev.gif HTTP/1.1" 404 1086
116.230.114.112 - - [14/May/2021:11:05:15 +0800] "POST /xingrg/kc/buy/cgsh_order_operate.html HTTP/1.1" 200 2656
117.185.32.26 - - [14/May/2021:11:05:16 +0800] "GET /xingrg/login.html HTTP/1.1" 200 7641
58.37.225.51 - - [14/May/2021:11:05:16 +0800] "GET /xingrg/all/function/internal_message.html?_=1620961523370&CODE_STATE=getMsg HTTP/1.1" 200 27
116.230.114.112 - - [14/May/2021:11:05:17 +0800] "GET /xingrg/kc/print/load_data.html?order_code=212021051406008&kc_code=cgsh&condition= HTTP/1.1" 200 678
117.185.32.26 - - [14/May/2021:11:05:17 +0800] "GET /favicon.ico HTTP/1.1" 404 -
180.161.124.236 - - [14/May/2021:11:05:18 +0800] "GET /xingrg/kc/base/wldb_order_operate.html?command=get_materiel&rest_code=00102&base_code=0010476&code=00101019315 HTTP/1.1" 200 461
61.165.42.208 - - [14/May/2021:11:05:19 +0800] "GET /xingrg/kc/buy/cgsh_order_operate.html?command=get_materiel&rest_code=00105&code=00101010143&supplier_code=00100327&order_time=2021-05-14 HTTP/1.1" 200 413
58.37.225.51 - - [14/May/2021:11:05:20 +0800] "GET /xingrg/kc/buy/cgsh_order_operate.html?command=get_materiel&rest_code=00141&code=00101008110&supplier_code=00100007&order_time=2021-05-14 HTTP/1.1" 200 408
58.37.225.51 - - [14/May/2021:11:05:20 +0800] "POST /xingrg/kc/buy/cgsh_list_operate.html HTTP/1.1" 200 4833
116.230.114.112 - - [14/May/2021:11:05:21 +0800] "GET /xingrg/kc/buy/cgsh_order_add.html HTTP/1.1" 200 61997
116.230.114.112 - - [14/May/2021:11:05:21 +0800] "POST /xingrg/kc/buy/cgsh_order_operate.html HTTP/1.1" 200 8245
116.230.114.112 - - [14/May/2021:11:05:21 +0800] "GET /xingrg/javascript/easyui/themes/default/validatebox.css HTTP/1.1" 404 1104
117.185.32.26 - - [14/May/2021:11:05:22 +0800] "GET /xingrg/all/function/internal_message.html?_=1620962046536&CODE_STATE=getMsg HTTP/1.1" 200 27
117.185.32.26 - - [14/May/2021:11:05:22 +0800] "GET /xingrg/check_reg.html?_=1620962046537 HTTP/1.1" 200 22
180.169.147.146 - - [14/May/2021:11:05:23 +0800] "GET /xingrg/all/function/internal_message.html?_=1620961515477&CODE_STATE=getMsg HTTP/1.1" 200 27
180.161.124.236 - - [14/May/2021:11:05:24 +0800] "GET /xingrg/kc/base/wldb_order_operate.html?command=get_materiel&rest_code=00102&base_code=0010476&code=00101019127 HTTP/1.1" 200 466
116.230.76.31 - - [14/May/2021:11:05:24 +0800] "GET /xingrg/all/function/internal_message.html?_=1620961519224&CODE_STATE=getMsg HTTP/1.1" 200 27
117.185.32.26 - - [14/May/2021:11:05:24 +0800] "POST /xingrg/login.do HTTP/1.1" 302 -
117.185.32.26 - - [14/May/2021:11:05:24 +0800] "GET /xingrg/index.html?sysBaseUrl=http%3A%2F%2F180.169.147.146%3A18081%2Fxingrg%2F&costTime=39×tamp=1620961524620 HTTP/1.1" 200 17173
117.185.32.26 - - [14/May/2021:11:05:24 +0800] "GET /favicon.ico HTTP/1.1" 404 -
58.37.225.51 - - [14/May/2021:11:05:24 +0800] "POST /xingrg/kc/buy/cgsh_list_operate.html HTTP/1.1" 200 569
117.185.32.26 - - [14/May/2021:11:05:25 +0800] "POST /xingrg/all/common/load_tree.html?tree=area_rest_tree_json&manage=1 HTTP/1.1" 200 342
117.185.32.26 - - [14/May/2021:11:05:25 +0800] "GET /xingrg/all/function/internal_message.html?_=1620961520619&CODE_STATE=count HTTP/1.1" 200 11
117.185.32.26 - - [14/May/2021:11:05:25 +0800] "GET /xingrg/check_reg.html?_=1620961520620 HTTP/1.1" 200 22
117.185.32.26 - - [14/May/2021:11:05:25 +0800] "POST /xingrg/load_menu.html HTTP/1.1" 200 5138
58.37.225.51 - - [14/May/2021:11:05:25 +0800] "GET /xingrg/kc/buy/cgsh_order_info.html?code=212021051406002 HTTP/1.1" 200 56903
58.37.225.51 - - [14/May/2021:11:05:25 +0800] "GET /xingrg/javascript/easyui/themes/default/validatebox.css HTTP/1.1" 404 1104
58.37.225.51 - - [14/May/2021:11:05:25 +0800] "POST /xingrg/kc/buy/cgsh_order_operate.html HTTP/1.1" 200 3570
58.37.225.51 - - [14/May/2021:11:05:26 +0800] "GET /xingrg/kc/print/load_config.html?kc_code=cgsh HTTP/1.1" 200 1845
58.37.225.51 - - [14/May/2021:11:05:26 +0800] "GET /xingrg/kc/print/load_data.html?order_code=212021051406002&kc_code=cgsh&condition= HTTP/1.1" 200 1849
61.165.42.208 - - [14/May/2021:11:05:26 +0800] "GET /xingrg/kc/buy/cgsh_order_operate.html?command=get_materiel&rest_code=00105&code=00101008402&supplier_code=00100327&order_time=2021-05-14 HTTP/1.1" 200 410
116.230.110.80 - - [14/May/2021:11:05:27 +0800] "GET /xingrg/all/function/internal_message.html?_=1620961524072&CODE_STATE=getMsg HTTP/1.1" 200 27
58.37.225.51 - - [14/May/2021:11:05:28 +0800] "GET /xingrg/kc/buy/cgsh_order_operate.html?command=get_materiel&rest_code=00141&code=00101008095&supplier_code=00100007&order_time=2021-05-14 HTTP/1.1" 200 412
180.161.124.236 - - [14/May/2021:11:05:28 +0800] "GET /xingrg/kc/base/wldb_order_operate.html?command=get_materiel&rest_code=00102&base_code=0010476&code=00101019131 HTTP/1.1" 200 453
116.230.114.112 - - [14/May/2021:11:05:29 +0800] "GET /xingrg/check_reg.html?_=1620961541606 HTTP/1.1" 302 -
58.37.225.51 - - [14/May/2021:11:05:31 +0800] "GET /xingrg/kc/buy/cgsh_order_add.html HTTP/1.1" 200 61997
58.37.225.51 - - [14/May/2021:11:05:31 +0800] "POST /xingrg/kc/buy/cgsh_order_operate.html HTTP/1.1" 200 8245
58.37.225.51 - - [14/May/2021:11:05:31 +0800] "GET /xingrg/javascript/easyui/themes/default/validatebox.css HTTP/1.1" 404 1104
116.230.114.112 - - [14/May/2021:11:05:32 +0800] "GET /xingrg/all/function/internal_message.html?_=1620961547416&CODE_STATE=getMsg HTTP/1.1" 200 27
58.37.225.51 - - [14/May/2021:11:05:32 +0800] "GET /xingrg/javascript/auto/indicator.gif HTTP/1.1" 404 1066
61.165.42.208 - - [14/May/2021:11:05:33 +0800] "GET /xingrg/kc/buy/cgsh_order_operate.html?command=get_materiel&rest_code=00105&code=00101010628&supplier_code=00100327&order_time=2021-05-14 HTTP/1.1" 200 412
116.230.114.112 - - [14/May/2021:11:05:33 +0800] "GET /xingrg/kc/buy/cgsh_order_operate.html?command=get_materiel&rest_code=00146&code=00101010111&supplier_code=00100327&order_time=2021-05-14 HTTP/1.1" 200 417
58.37.225.51 - - [14/May/2021:11:05:34 +0800] "GET /xingrg/kc/buy/cgsh_order_operate.html?command=get_materiel&rest_code=00141&code=00101008223&supplier_code=00100007&order_time=2021-05-14 HTTP/1.1" 200 412
58.221.95.50 - - [14/May/2021:11:05:35 +0800] "GET /xingrg/check_reg.html?_=1620961532707 HTTP/1.1" 302 -
180.161.124.236 - - [14/May/2021:11:05:37 +0800] "GET /xingrg/kc/base/wldb_order_operate.html?command=get_materiel&rest_code=00102&base_code=0010476&code=00101019074 HTTP/1.1" 200 454
101.85.94.178 - - [14/May/2021:11:05:37 +0800] "GET /xingrg/all/function/internal_message.html?_=1620961034827&CODE_STATE=getMsg HTTP/1.1" 200 27
58.37.225.51 - - [14/May/2021:11:05:37 +0800] "GET /xingrg/kc/buy/cgsh_order_operate.html?command=get_materiel&rest_code=00141&code=00101010079&supplier_code=00100336&order_time=2021-05-14 HTTP/1.1" 200 413
116.235.95.160 - - [14/May/2021:11:05:38 +0800] "GET /xingrg/kc/buy/cgsh_order_operate.html?command=get_materiel&rest_code=00104&code=00101006111&supplier_code=00100012&order_time=2021-05-14 HTTP/1.1" 200 409
116.224.253.72 - - [14/May/2021:11:05:38 +0800] "GET /xingrg/all/function/internal_message.html?_=1620961535932&CODE_STATE=getMsg HTTP/1.1" 200 27
58.37.225.51 - - [14/May/2021:11:05:39 +0800] "GET /xingrg/kc/buy/cgsh_order_operate.html?command=get_materiel&rest_code=00141&code=00101008286&supplier_code=00100007&order_time=2021-05-14 HTTP/1.1" 200 408
61.165.42.208 - - [14/May/2021:11:05:40 +0800] "GET /xingrg/kc/buy/cgsh_order_operate.html?command=get_materiel&rest_code=00105&code=00101008486&supplier_code=00100327&order_time=2021-05-14 HTTP/1.1" 200 400
117.185.32.26 - - [14/May/2021:11:05:42 +0800] "GET /xingrg/kc/buy/buy_main.html HTTP/1.1" 200 12412
117.185.32.26 - - [14/May/2021:11:05:42 +0800] "GET /xingrg/css/new_ie.css HTTP/1.1" 404 1036
180.161.124.236 - - [14/May/2021:11:05:42 +0800] "GET /xingrg/kc/base/wldb_order_operate.html?command=get_materiel&rest_code=00102&base_code=0010476&code=00101019438 HTTP/1.1" 200 447
116.230.114.112 - - [14/May/2021:11:05:42 +0800] "GET /xingrg/all/function/internal_message.html?_=1620961554834&CODE_STATE=getMsg HTTP/1.1" 302 -
117.185.32.26 - - [14/May/2021:11:05:43 +0800] "GET /xingrg/images/yd/bt.gif HTTP/1.1" 404 1040
58.37.225.51 - - [14/May/2021:11:05:44 +0800] "POST /xingrg/kc/buy/cgsh_order_operate.html HTTP/1.1" 200 37
117.185.32.26 - - [14/May/2021:11:05:44 +0800] "GET /xingrg/kc/buy/cgsh_order_list.html HTTP/1.1" 200 46253
58.37.225.51 - - [14/May/2021:11:05:45 +0800] "GET /xingrg/kc/buy/cgsh_order_operate.html?command=get_materiel&rest_code=00141&code=00101008353&supplier_code=00100007&order_time=2021-05-14 HTTP/1.1" 200 408
58.37.225.51 - - [14/May/2021:11:05:47 +0800] "POST /xingrg/kc/buy/cgsh_order_operate.html HTTP/1.1" 200 2065
120.253.135.82 - - [14/May/2021:11:05:48 +0800] "GET /xingrg/check_reg.html?_=1620961605036 HTTP/1.1" 200 22
116.230.114.112 - - [14/May/2021:11:05:48 +0800] "GET /xingrg/kc/buy/cgsh_order_operate.html?command=get_materiel&rest_code=00146&code=00101012104&supplier_code=00100327&order_time=2021-05-14 HTTP/1.1" 200 393
180.161.124.236 - - [14/May/2021:11:05:48 +0800] "GET /xingrg/kc/base/wldb_order_operate.html?command=get_materiel&rest_code=00102&base_code=0010476&code=00101019066 HTTP/1.1" 200 441
117.185.32.26 - - [14/May/2021:11:05:48 +0800] "POST /xingrg/kc/buy/cgsh_list_operate.html HTTP/1.1" 200 3595
61.165.42.208 - - [14/May/2021:11:05:49 +0800] "GET /xingrg/kc/buy/cgsh_order_operate.html?command=get_materiel&rest_code=00105&code=00101010111&supplier_code=00100327&order_time=2021-05-14 HTTP/1.1" 200 417
180.162.112.86 - - [14/May/2021:11:05:49 +0800] "GET /xingrg HTTP/1.1" 302 -
58.37.225.51 - - [14/May/2021:11:05:50 +0800] "POST /xingrg/kc/buy/cgsh_order_operate.html HTTP/1.1" 200 12
116.235.95.160 - - [14/May/2021:11:05:50 +0800] "GET /xingrg/kc/buy/cgsh_order_operate.html?command=get_materiel&rest_code=00104&code=00101006113&supplier_code=00100012&order_time=2021-05-14 HTTP/1.1" 200 413
180.169.147.146 - - [14/May/2021:11:05:51 +0800] "GET /xingrg/all/function/internal_message.html?_=1620961550989&CODE_STATE=getMsg HTTP/1.1" 200 27
222.69.130.65 - - [14/May/2021:11:05:51 +0800] "GET /xingrg/all/function/internal_message.html?_=1620961546665&CODE_STATE=getMsg HTTP/1.1" 200 27
58.37.225.51 - - [14/May/2021:11:05:51 +0800] "GET /xingrg/kc/buy/cgsh_order_operate.html?command=get_materiel&rest_code=00141&code=00101008236&supplier_code=00100007&order_time=2021-05-14 HTTP/1.1" 200 416
116.230.114.112 - - [14/May/2021:11:05:51 +0800] "GET /xingrg/all/function/internal_message.html?_=1620961566372&CODE_STATE=getMsg HTTP/1.1" 200 27
180.162.112.86 - - [14/May/2021:11:05:51 +0800] "GET /favicon.ico HTTP/1.1" 404 -
180.162.112.86 - - [14/May/2021:11:05:51 +0800] "GET /xingrg/index.html HTTP/1.1" 302 -
180.162.112.86 - - [14/May/2021:11:05:51 +0800] "GET /xingrg/login.html HTTP/1.1" 200 7641
58.37.225.51 - - [14/May/2021:11:05:51 +0800] "GET /xingrg/kc/buy/cgsh_order_info.html?code=212021051406010 HTTP/1.1" 200 56899
180.169.147.146 - - [14/May/2021:11:05:52 +0800] "POST /xingrg/dwr/call/plaincall/AjaxBaseInfoService.searchMateriels.dwr HTTP/1.1" 200 152
58.37.225.51 - - [14/May/2021:11:05:52 +0800] "GET /xingrg/javascript/easyui/themes/default/validatebox.css HTTP/1.1" 404 1104
180.162.112.86 - - [14/May/2021:11:05:52 +0800] "GET /favicon.ico HTTP/1.1" 404 -
58.37.225.51 - - [14/May/2021:11:05:52 +0800] "POST /xingrg/kc/buy/cgsh_order_operate.html HTTP/1.1" 200 607
117.185.32.26 - - [14/May/2021:11:05:52 +0800] "GET /xingrg/kc/buy/buy_main.html HTTP/1.1" 200 12412
117.185.32.26 - - [14/May/2021:11:05:52 +0800] "GET /xingrg/css/new_ie.css HTTP/1.1" 404 1036
58.37.225.51 - - [14/May/2021:11:05:53 +0800] "GET /xingrg/kc/print/load_data.html?order_code=212021051406010&kc_code=cgsh&condition= HTTP/1.1" 200 708
117.185.32.26 - - [14/May/2021:11:05:53 +0800] "GET /xingrg/images/yd/bt.gif HTTP/1.1" 404 1040
117.185.32.26 - - [14/May/2021:11:05:54 +0800] "GET /xingrg/kc/buy/cgsh_order_list.html HTTP/1.1" 200 46253
61.165.42.208 - - [14/May/2021:11:05:55 +0800] "POST /xingrg/kc/buy/cgsh_order_operate.html HTTP/1.1" 200 37
61.165.42.208 - - [14/May/2021:11:05:56 +0800] "POST /xingrg/kc/buy/cgsh_order_operate.html HTTP/1.1" 200 5640
58.37.225.51 - - [14/May/2021:11:05:56 +0800] "GET /xingrg/kc/buy/cgsh_order_add.html HTTP/1.1" 200 61997
58.37.225.51 - - [14/May/2021:11:05:57 +0800] "POST /xingrg/kc/buy/cgsh_order_operate.html HTTP/1.1" 200 8245
58.37.225.51 - - [14/May/2021:11:05:57 +0800] "GET /xingrg/javascript/easyui/themes/default/validatebox.css HTTP/1.1" 404 1104
117.185.32.26 - - [14/May/2021:11:05:57 +0800] "POST /xingrg/kc/buy/cgsh_list_operate.html HTTP/1.1" 200 2047
61.165.42.208 - - [14/May/2021:11:05:57 +0800] "GET /xingrg/kc/print/load_data.html?order_code=212021051406011&kc_code=cgsh&condition= HTTP/1.1" 200 1820
180.169.147.146 - - [14/May/2021:11:05:57 +0800] "POST /xingrg/all/common/load_tree.html?tree=area_rest_tree_json&manage=1 HTTP/1.1" 200 3216
180.169.147.146 - - [14/May/2021:11:05:57 +0800] "GET /xingrg/all/function/internal_message.html?_=1620961557668&CODE_STATE=count HTTP/1.1" 200 11
180.169.147.146 - - [14/May/2021:11:05:57 +0800] "GET /xingrg/check_reg.html?_=1620961557669 HTTP/1.1" 200 22
180.169.147.146 - - [14/May/2021:11:05:57 +0800] "POST /xingrg/load_menu.html HTTP/1.1" 200 9959
180.169.147.146 - - [14/May/2021:11:05:57 +0800] "GET /favicon.ico HTTP/1.1" 404 -
58.37.225.51 - - [14/May/2021:11:05:57 +0800] "GET /xingrg/kc/buy/cgsh_order_operate.html?command=get_materiel&rest_code=00141&code=00101008597&supplier_code=00100007&order_time=2021-05-14 HTTP/1.1" 200 403
172.20.0.100 - - [14/May/2021:11:05:58 +0800] "GET /xingrg/all/function/internal_message.html?_=1620961555224&CODE_STATE=getMsg HTTP/1.1" 200 27
117.185.32.26 - - [14/May/2021:11:05:58 +0800] "POST /xingrg/kc/buy/cgsh_list_operate.html HTTP/1.1" 200 567
117.185.32.26 - - [14/May/2021:11:05:59 +0800] "GET /xingrg/kc/buy/cgsh_order_info.html?code=212021051406009 HTTP/1.1" 200 62006
117.185.32.26 - - [14/May/2021:11:05:59 +0800] "GET /xingrg/words/20210514103457_words.js HTTP/1.1" 304 -
117.185.32.26 - - [14/May/2021:11:05:59 +0800] "GET /xingrg/javascript/easyui/themes/default/validatebox.css HTTP/1.1" 404 1104
117.185.32.26 - - [14/May/2021:11:05:59 +0800] "GET /xingrg/all/common/auto_word.html?type=employee&rest_code=00106 HTTP/1.1" 200 205
117.185.32.26 - - [14/May/2021:11:05:59 +0800] "GET /xingrg/all/common/auto_word.html?type=employee&rest_code=00106 HTTP/1.1" 200 205
117.185.32.26 - - [14/May/2021:11:06:00 +0800] "POST /xingrg/kc/buy/cgsh_order_operate.html HTTP/1.1" 200 16839
180.169.147.146 - - [14/May/2021:11:06:00 +0800] "GET /xingrg/system/info/materiel_manager.html HTTP/1.1" 200 19497
180.169.147.146 - - [14/May/2021:11:06:00 +0800] "GET /xingrg/dwr/interface/AjaxBaseInfoService.js HTTP/1.1" 200 21363
180.169.147.146 - - [14/May/2021:11:06:00 +0800] "GET /xingrg/dwr/interface/AjaxComOrderService.js HTTP/1.1" 200 18264
180.169.147.146 - - [14/May/2021:11:06:00 +0800] "GET /xingrg/dwr/engine.js HTTP/1.1" 200 43631
180.169.147.146 - - [14/May/2021:11:06:00 +0800] "POST /xingrg/dwr/call/plaincall/AjaxBaseInfoService.getSubMaterielSorts.dwr HTTP/1.1" 200 219
61.165.42.208 - - [14/May/2021:11:06:01 +0800] "GET /xingrg/kc/buy/cgsh_order_add.html HTTP/1.1" 200 62038
180.169.147.146 - - [14/May/2021:11:06:01 +0800] "POST /xingrg/dwr/call/plaincall/AjaxBaseInfoService.getMateriels.dwr HTTP/1.1" 200 2929
61.165.42.208 - - [14/May/2021:11:06:01 +0800] "POST /xingrg/kc/buy/cgsh_order_operate.html HTTP/1.1" 200 8245
61.165.42.208 - - [14/May/2021:11:06:01 +0800] "GET /xingrg/javascript/easyui/themes/default/validatebox.css HTTP/1.1" 404 1104
116.224.253.72 - - [14/May/2021:11:06:02 +0800] "GET /xingrg/all/function/internal_message.html?_=1620961546655&CODE_STATE=getMsg HTTP/1.1" 200 27
116.230.110.80 - - [14/May/2021:11:06:02 +0800] "GET /xingrg/kc/buy/cgsh_order_list.html HTTP/1.1" 200 46259
120.253.135.82 - - [14/May/2021:11:06:03 +0800] "GET /xingrg/all/function/internal_message.html?_=1620961620121&CODE_STATE=getMsg HTTP/1.1" 200 27
58.37.225.51 - - [14/May/2021:11:06:04 +0800] "GET /xingrg/kc/buy/cgsh_order_operate.html?command=get_materiel&rest_code=00141&code=00101008168&supplier_code=00100007&order_time=2021-05-14 HTTP/1.1" 200 413
61.165.42.208 - - [14/May/2021:11:06:04 +0800] "GET /xingrg/javascript/easyui/themes/default/tree.css HTTP/1.1" 404 1090
61.165.42.208 - - [14/May/2021:11:06:04 +0800] "POST /xingrg/all/common/load_tree.html?tree=supplier_tree_json&isDelete=1 HTTP/1.1" 200 55318
180.162.112.86 - - [14/May/2021:11:06:05 +0800] "GET /xingrg HTTP/1.1" 302 -
180.162.112.86 - - [14/May/2021:11:06:05 +0800] "GET /xingrg/index.html HTTP/1.1" 302 -
180.162.112.86 - - [14/May/2021:11:06:05 +0800] "GET /favicon.ico HTTP/1.1" 404 -
117.185.32.26 - - [14/May/2021:11:06:05 +0800] "GET /xingrg/javascript/auto/indicator.gif HTTP/1.1" 404 1066
180.162.112.86 - - [14/May/2021:11:06:05 +0800] "GET /xingrg/login.html HTTP/1.1" 200 7641
61.165.42.208 - - [14/May/2021:11:06:05 +0800] "GET /xingrg/all/function/internal_message.html?_=1620961564664&CODE_STATE=getMsg HTTP/1.1" 200 27
58.37.225.51 - - [14/May/2021:11:06:06 +0800] "GET /xingrg/kc/buy/cgsh_order_operate.html?command=get_materiel&rest_code=00141&code=00101008291&supplier_code=00100338&order_time=2021-05-14 HTTP/1.1" 200 410
180.162.112.86 - - [14/May/2021:11:06:06 +0800] "GET /favicon.ico HTTP/1.1" 404 -
180.169.147.146 - - [14/May/2021:11:06:06 +0800] "POST /xingrg/dwr/call/plaincall/AjaxBaseInfoService.searchMateriels.dwr HTTP/1.1" 200 319
180.169.147.146 - - [14/May/2021:11:06:08 +0800] "GET /xingrg/system/info/materiel_info.html?code=01015053 HTTP/1.1" 200 34647
180.169.147.146 - - [14/May/2021:11:06:08 +0800] "GET /xingrg/dwr/engine.js HTTP/1.1" 200 43631
114.86.187.76 - - [14/May/2021:11:06:08 +0800] "GET /xingrg/all/function/internal_message.html?_=1620961565491&CODE_STATE=getMsg HTTP/1.1" 200 27
180.169.147.146 - - [14/May/2021:11:06:08 +0800] "POST /xingrg/all/common/load_tree.html?tree=area_rest_tree_json HTTP/1.1" 200 3344
180.169.147.146 - - [14/May/2021:11:06:08 +0800] "GET /favicon.ico HTTP/1.1" 404 -
180.169.147.146 - - [14/May/2021:11:06:08 +0800] "POST /xingrg/dwr/call/plaincall/AjaxBaseInfoService.getMaterielInfo.dwr HTTP/1.1" 200 580
180.169.147.146 - - [14/May/2021:11:06:08 +0800] "POST /xingrg/all/common/load_tree.html?tree=area_rest_tree_json&defaultRests=undefined HTTP/1.1" 200 3344
58.37.225.51 - - [14/May/2021:11:06:08 +0800] "GET /xingrg/all/function/internal_message.html?_=1620961523883&CODE_STATE=getMsg HTTP/1.1" 200 27
116.235.95.160 - - [14/May/2021:11:06:09 +0800] "POST /xingrg/kc/buy/cgsh_order_operate.html HTTP/1.1" 200 37
180.161.124.236 - - [14/May/2021:11:06:09 +0800] "GET /xingrg/all/function/internal_message.html?_=1620961526078&CODE_STATE=getMsg HTTP/1.1" 200 27
117.185.32.26 - - [14/May/2021:11:06:10 +0800] "GET /xingrg/kc/buy/cgsh_order_operate.html?command=get_materiel&rest_code=00106&code=00101008353&supplier_code=00100007&order_time=2021-05-14 HTTP/1.1" 200 408
116.235.95.160 - - [14/May/2021:11:06:10 +0800] "POST /xingrg/kc/buy/cgsh_order_operate.html HTTP/1.1" 200 3248
114.86.229.133 - - [14/May/2021:11:06:11 +0800] "GET /xingrg/all/function/internal_message.html?_=1620961570257&CODE_STATE=getMsg HTTP/1.1" 200 27
120.253.135.82 - - [14/May/2021:11:06:11 +0800] "GET /xingrg/all/function/internal_message.html?_=1620961692255&CODE_STATE=getMsg HTTP/1.1" 200 27
116.235.95.160 - - [14/May/2021:11:06:11 +0800] "GET /xingrg/kc/print/load_data.html?order_code=212021051406012&kc_code=cgsh&condition= HTTP/1.1" 200 994
183.192.164.71 - - [14/May/2021:11:06:12 +0800] "GET /xingrg/all/function/internal_message.html?_=1620961508342&CODE_STATE=getMsg HTTP/1.1" 302 -
183.192.164.71 - - [14/May/2021:11:06:12 +0800] "GET /xingrg/login.html HTTP/1.1" 200 7641
58.37.225.51 - - [14/May/2021:11:06:15 +0800] "GET /xingrg/kc/buy/cgsh_order_operate.html?command=get_materiel&rest_code=00141&code=00101008041&supplier_code=00100007&order_time=2021-05-14 HTTP/1.1" 200 408
61.165.42.208 - - [14/May/2021:11:06:15 +0800] "GET /xingrg/kc/buy/cgsh_order_operate.html?command=get_materiel&rest_code=00105&code=00101006164&supplier_code=00100326&order_time=2021-05-14 HTTP/1.1" 200 415
58.37.225.51 - - [14/May/2021:11:06:16 +0800] "GET /xingrg/all/function/internal_message.html?_=1620961583369&CODE_STATE=getMsg HTTP/1.1" 200 27
58.37.225.51 - - [14/May/2021:11:06:18 +0800] "POST /xingrg/kc/buy/cgsh_order_operate.html HTTP/1.1" 200 37
180.161.124.236 - - [14/May/2021:11:06:19 +0800] "POST /xingrg/kc/base/wldb_order_operate.html HTTP/1.1" 200 37
116.230.114.112 - - [14/May/2021:11:06:19 +0800] "GET /xingrg/kc/buy/cgsh_order_operate.html?command=get_materiel&rest_code=00146&code=00101020212&supplier_code=00100327&order_time=2021-05-14 HTTP/1.1" 200 408
