116.230.76.31 - - [14/May/2021:09:22:29 +0800] "GET /xingrg/kc/buy/cgsh_order_operate.html?command=get_materiel&rest_code=00107&code=00101008126&supplier_code=00100006&order_time=2021-05-14 HTTP/1.1" 200 412
116.224.253.72 - - [14/May/2021:09:22:35 +0800] "GET /xingrg/kc/buy/cgsh_order_operate.html?command=get_materiel&rest_code=00151&code=00101008098&supplier_code=00100007&order_time=2021-05-14 HTTP/1.1" 200 412
114.86.229.133 - - [14/May/2021:09:22:36 +0800] "GET /xingrg/all/function/internal_message.html?_=1620955355596&CODE_STATE=getMsg HTTP/1.1" 200 27
116.224.253.72 - - [14/May/2021:09:22:38 +0800] "POST /xingrg/kc/buy/cgsh_order_operate.html HTTP/1.1" 200 37
116.230.76.31 - - [14/May/2021:09:22:39 +0800] "POST /xingrg/kc/buy/cgsh_order_operate.html HTTP/1.1" 200 2065
116.224.253.72 - - [14/May/2021:09:22:39 +0800] "POST /xingrg/kc/buy/cgsh_order_operate.html HTTP/1.1" 200 10963
116.224.253.72 - - [14/May/2021:09:22:39 +0800] "GET /xingrg/kc/buy/cgsh_order_operate.html?command=get_materiel&rest_code=00151&code=00101008300&supplier_code=00100007&order_time=2021-05-14 HTTP/1.1" 200 412
116.230.114.112 - - [14/May/2021:09:22:41 +0800] "GET /xingrg/all/function/internal_message.html?_=1620955373428&CODE_STATE=getMsg HTTP/1.1" 302 -
116.230.114.112 - - [14/May/2021:09:22:44 +0800] "GET /xingrg/kc/buy/cgsh_order_operate.html?command=get_materiel&rest_code=00146&code=00101008350&supplier_code=00100005&order_time=2021-05-14 HTTP/1.1" 200 408
222.69.130.65 - - [14/May/2021:09:22:46 +0800] "GET /xingrg/check_reg.html?_=1620955361981 HTTP/1.1" 200 22
116.224.253.72 - - [14/May/2021:09:22:46 +0800] "GET /xingrg/kc/buy/cgsh_order_operate.html?command=get_materiel&rest_code=00151&code=00101008286&supplier_code=00100007&order_time=2021-05-14 HTTP/1.1" 200 408
116.230.114.112 - - [14/May/2021:09:22:47 +0800] "GET /xingrg/all/function/internal_message.html?_=1620955381710&CODE_STATE=getMsg HTTP/1.1" 200 27
180.161.124.236 - - [14/May/2021:09:22:47 +0800] "GET /xingrg/all/function/internal_message.html?_=1620955323811&CODE_STATE=getMsg HTTP/1.1" 200 27
116.224.253.72 - - [14/May/2021:09:22:48 +0800] "POST /xingrg/kc/buy/cgsh_order_operate.html HTTP/1.1" 200 2065
222.69.130.65 - - [14/May/2021:09:22:53 +0800] "GET /xingrg/all/function/internal_message.html?_=1620955368512&CODE_STATE=getMsg HTTP/1.1" 200 27
116.230.76.31 - - [14/May/2021:09:22:54 +0800] "GET /xingrg/kc/buy/cgsh_order_operate.html?command=get_materiel&rest_code=00107&code=00101008270&supplier_code=00100006&order_time=2021-05-14 HTTP/1.1" 200 23
172.20.0.100 - - [14/May/2021:09:22:58 +0800] "GET /xingrg/check_reg.html?_=1620955375206 HTTP/1.1" 200 22
172.20.0.100 - - [14/May/2021:09:22:58 +0800] "GET /xingrg/all/function/internal_message.html?_=1620955375208&CODE_STATE=getMsg HTTP/1.1" 200 27
116.230.114.112 - - [14/May/2021:09:22:59 +0800] "POST /xingrg/kc/buy/cgsh_order_operate.html HTTP/1.1" 200 37
116.224.253.72 - - [14/May/2021:09:22:59 +0800] "GET /xingrg/kc/buy/cgsh_order_operate.html?command=get_materiel&rest_code=00151&code=00101016080&supplier_code=00100007&order_time=2021-05-14 HTTP/1.1" 200 23
120.253.135.82 - - [14/May/2021:09:23:01 +0800] "GET /xingrg/all/function/internal_message.html?_=1620955438647&CODE_STATE=getMsg HTTP/1.1" 200 27
116.224.253.72 - - [14/May/2021:09:23:04 +0800] "POST /xingrg/kc/buy/cgsh_order_operate.html HTTP/1.1" 200 37
114.86.187.76 - - [14/May/2021:09:23:05 +0800] "GET /xingrg/all/function/internal_message.html?_=1620955382942&CODE_STATE=getMsg HTTP/1.1" 200 27
116.224.253.72 - - [14/May/2021:09:23:05 +0800] "POST /xingrg/kc/buy/cgsh_order_operate.html HTTP/1.1" 200 12863
116.230.114.112 - - [14/May/2021:09:23:06 +0800] "POST /xingrg/kc/buy/cgsh_order_operate.html HTTP/1.1" 200 46406
61.165.42.208 - - [14/May/2021:09:23:07 +0800] "GET /xingrg/all/function/internal_message.html?_=1620955386446&CODE_STATE=getMsg HTTP/1.1" 200 27
116.230.114.112 - - [14/May/2021:09:23:09 +0800] "GET /xingrg/kc/print/load_config.html?kc_code=cgsh HTTP/1.1" 200 1845
116.230.114.112 - - [14/May/2021:09:23:09 +0800] "GET /xingrg/kc/print/load_data.html?order_code=212021051405913&kc_code=cgsh&condition= HTTP/1.1" 200 17234
120.253.135.82 - - [14/May/2021:09:23:09 +0800] "GET /xingrg/all/function/internal_message.html?_=1620955510316&CODE_STATE=getMsg HTTP/1.1" 200 27
116.230.76.31 - - [14/May/2021:09:23:11 +0800] "GET /xingrg/all/function/internal_message.html?_=1620955386950&CODE_STATE=getMsg HTTP/1.1" 200 27
116.230.76.31 - - [14/May/2021:09:23:12 +0800] "POST /xingrg/kc/buy/cgsh_order_operate.html HTTP/1.1" 200 37
116.224.253.72 - - [14/May/2021:09:23:12 +0800] "GET /xingrg/login.html HTTP/1.1" 200 7641
116.224.253.72 - - [14/May/2021:09:23:13 +0800] "GET /favicon.ico HTTP/1.1" 404 -
116.230.76.31 - - [14/May/2021:09:23:14 +0800] "POST /xingrg/kc/buy/cgsh_order_operate.html HTTP/1.1" 200 27489
58.37.225.51 - - [14/May/2021:09:23:17 +0800] "GET /xingrg/all/function/internal_message.html?_=1620955404040&CODE_STATE=getMsg HTTP/1.1" 200 27
116.230.76.31 - - [14/May/2021:09:23:17 +0800] "GET /xingrg/login.html HTTP/1.1" 200 7641
116.230.76.31 - - [14/May/2021:09:23:18 +0800] "GET /favicon.ico HTTP/1.1" 404 -
116.224.253.72 - - [14/May/2021:09:23:20 +0800] "POST /xingrg/login.do HTTP/1.1" 302 -
116.224.253.72 - - [14/May/2021:09:23:20 +0800] "GET /xingrg/index.html?sysBaseUrl=http%3A%2F%2F180.169.147.146%3A18081%2Fxingrg%2F&costTime=40×tamp=1620955400011 HTTP/1.1" 200 17177
116.224.253.72 - - [14/May/2021:09:23:20 +0800] "GET /favicon.ico HTTP/1.1" 404 -
116.224.253.72 - - [14/May/2021:09:23:20 +0800] "POST /xingrg/all/common/load_tree.html?tree=area_rest_tree_json&manage=1 HTTP/1.1" 200 476
116.224.253.72 - - [14/May/2021:09:23:20 +0800] "GET /xingrg/check_reg.html?_=1620955398258 HTTP/1.1" 200 22
116.224.253.72 - - [14/May/2021:09:23:20 +0800] "GET /xingrg/all/function/internal_message.html?_=1620955398258&CODE_STATE=count HTTP/1.1" 200 11
116.224.253.72 - - [14/May/2021:09:23:20 +0800] "POST /xingrg/load_menu.html HTTP/1.1" 200 5138
116.230.114.112 - - [14/May/2021:09:23:20 +0800] "GET /xingrg/kc/buy/cgsh_order_add.html HTTP/1.1" 200 61997
116.230.114.112 - - [14/May/2021:09:23:20 +0800] "POST /xingrg/kc/buy/cgsh_order_operate.html HTTP/1.1" 200 8245
116.230.114.112 - - [14/May/2021:09:23:21 +0800] "GET /xingrg/javascript/easyui/themes/default/validatebox.css HTTP/1.1" 404 1104
117.185.32.26 - - [14/May/2021:09:23:21 +0800] "GET /xingrg/check_reg.html?_=1620955396815 HTTP/1.1" 200 22
117.185.32.26 - - [14/May/2021:09:23:21 +0800] "GET /xingrg/all/function/internal_message.html?_=1620955396819&CODE_STATE=getMsg HTTP/1.1" 200 27
116.230.76.31 - - [14/May/2021:09:23:22 +0800] "POST /xingrg/login.do HTTP/1.1" 302 -
116.230.76.31 - - [14/May/2021:09:23:22 +0800] "GET /xingrg/index.html?sysBaseUrl=http%3A%2F%2F180.169.147.146%3A18081%2Fxingrg%2F&costTime=40×tamp=1620955402052 HTTP/1.1" 200 17179
116.224.253.72 - - [14/May/2021:09:23:22 +0800] "GET /xingrg/kc/buy/cgsh_order_list.html HTTP/1.1" 200 46257
116.230.76.31 - - [14/May/2021:09:23:22 +0800] "POST /xingrg/all/common/load_tree.html?tree=area_rest_tree_json&manage=1 HTTP/1.1" 200 476
116.230.76.31 - - [14/May/2021:09:23:22 +0800] "GET /xingrg/check_reg.html?_=1620955398397 HTTP/1.1" 200 22
116.230.76.31 - - [14/May/2021:09:23:22 +0800] "GET /xingrg/all/function/internal_message.html?_=1620955398385&CODE_STATE=count HTTP/1.1" 200 11
116.230.76.31 - - [14/May/2021:09:23:22 +0800] "POST /xingrg/load_menu.html HTTP/1.1" 200 5138
116.230.76.31 - - [14/May/2021:09:23:22 +0800] "GET /favicon.ico HTTP/1.1" 404 -
116.224.253.72 - - [14/May/2021:09:23:24 +0800] "POST /xingrg/kc/buy/cgsh_list_operate.html HTTP/1.1" 200 2052
180.169.147.146 - - [14/May/2021:09:23:24 +0800] "GET /xingrg/all/function/internal_message.html?_=1620955397419&CODE_STATE=getMsg HTTP/1.1" 200 27
180.169.147.146 - - [14/May/2021:09:23:24 +0800] "GET /xingrg/all/function/internal_message.html?_=1620955404764&CODE_STATE=getMsg HTTP/1.1" 200 27
116.230.110.80 - - [14/May/2021:09:23:25 +0800] "GET /xingrg/all/function/internal_message.html?_=1620955403155&CODE_STATE=getMsg HTTP/1.1" 200 27
116.224.253.72 - - [14/May/2021:09:23:27 +0800] "POST /xingrg/kc/buy/cgsh_list_operate.html HTTP/1.1" 200 561
116.224.253.72 - - [14/May/2021:09:23:27 +0800] "GET /xingrg/check_reg.html?_=1620955391487 HTTP/1.1" 200 22
120.204.17.70 - - [14/May/2021:09:23:27 +0800] "GET /xingrg/all/function/internal_message.html?_=1620955336815&CODE_STATE=getMsg HTTP/1.1" 302 -
116.224.253.72 - - [14/May/2021:09:23:27 +0800] "GET /xingrg/kc/buy/cgsh_order_info.html?code=212021051405921 HTTP/1.1" 200 61642
116.224.253.72 - - [14/May/2021:09:23:28 +0800] "GET /xingrg/all/function/internal_message.html?_=1620955392149&CODE_STATE=getMsg HTTP/1.1" 200 27
116.224.253.72 - - [14/May/2021:09:23:28 +0800] "GET /xingrg/all/common/auto_word.html?type=employee&rest_code=00151 HTTP/1.1" 200 243
116.224.253.72 - - [14/May/2021:09:23:28 +0800] "GET /xingrg/all/common/auto_word.html?type=employee&rest_code=00151 HTTP/1.1" 200 243
116.224.253.72 - - [14/May/2021:09:23:28 +0800] "GET /xingrg/javascript/easyui/themes/default/validatebox.css HTTP/1.1" 404 1104
116.224.253.72 - - [14/May/2021:09:23:28 +0800] "POST /xingrg/kc/buy/cgsh_order_operate.html HTTP/1.1" 200 12863
116.230.76.31 - - [14/May/2021:09:23:28 +0800] "GET /xingrg/kc/buy/buy_main.html HTTP/1.1" 200 12412
116.230.76.31 - - [14/May/2021:09:23:28 +0800] "GET /xingrg/css/new_ie.css HTTP/1.1" 404 1036
116.230.76.31 - - [14/May/2021:09:23:29 +0800] "GET /xingrg/images/yd/bt.gif HTTP/1.1" 404 1040
116.230.76.31 - - [14/May/2021:09:23:30 +0800] "GET /xingrg/kc/buy/cgsh_order_list.html HTTP/1.1" 200 46259
116.224.253.72 - - [14/May/2021:09:23:31 +0800] "GET /xingrg/javascript/auto/indicator.gif HTTP/1.1" 404 1066
120.204.17.70 - - [14/May/2021:09:23:34 +0800] "GET /xingrg/login.html HTTP/1.1" 200 7641
116.230.114.112 - - [14/May/2021:09:23:35 +0800] "GET /xingrg/kc/buy/cgsh_order_operate.html?command=get_materiel&rest_code=00146&code=00101016080&supplier_code=00100033&order_time=2021-05-14 HTTP/1.1" 200 408
114.86.229.133 - - [14/May/2021:09:23:36 +0800] "GET /xingrg/all/function/internal_message.html?_=1620955415601&CODE_STATE=getMsg HTTP/1.1" 200 27
116.224.253.72 - - [14/May/2021:09:23:40 +0800] "POST /xingrg/kc/buy/cgsh_order_operate.html HTTP/1.1" 200 37
116.224.253.72 - - [14/May/2021:09:23:40 +0800] "GET /xingrg/kc/buy/cgsh_order_operate.html?command=get_materiel&rest_code=00151&code=00101016080&supplier_code=00100007&order_time=2021-05-14 HTTP/1.1" 200 23
116.230.114.112 - - [14/May/2021:09:23:41 +0800] "GET /xingrg/all/function/internal_message.html?_=1620955433450&CODE_STATE=getMsg HTTP/1.1" 302 -
116.230.76.31 - - [14/May/2021:09:23:41 +0800] "POST /xingrg/kc/buy/cgsh_list_operate.html HTTP/1.1" 200 2385
116.224.253.72 - - [14/May/2021:09:23:42 +0800] "POST /xingrg/kc/buy/cgsh_order_operate.html HTTP/1.1" 200 13930
116.230.76.31 - - [14/May/2021:09:23:44 +0800] "POST /xingrg/kc/buy/cgsh_list_operate.html HTTP/1.1" 200 568
180.169.147.146 - - [14/May/2021:09:23:44 +0800] "GET /xingrg/check_reg.html?_=1620955416976 HTTP/1.1" 200 22
116.230.76.31 - - [14/May/2021:09:23:45 +0800] "GET /xingrg/kc/buy/cgsh_order_info.html?code=212021051405922 HTTP/1.1" 200 62088
116.230.76.31 - - [14/May/2021:09:23:45 +0800] "GET /xingrg/all/common/auto_word.html?type=employee&rest_code=00107 HTTP/1.1" 200 101
116.230.76.31 - - [14/May/2021:09:23:45 +0800] "GET /xingrg/javascript/easyui/themes/default/validatebox.css HTTP/1.1" 404 1104
116.230.76.31 - - [14/May/2021:09:23:45 +0800] "GET /xingrg/all/common/auto_word.html?type=employee&rest_code=00107 HTTP/1.1" 200 101
116.230.76.31 - - [14/May/2021:09:23:46 +0800] "POST /xingrg/kc/buy/cgsh_order_operate.html HTTP/1.1" 200 27489
116.230.114.112 - - [14/May/2021:09:23:46 +0800] "GET /xingrg/kc/buy/cgsh_order_operate.html?command=get_materiel&rest_code=00146&code=00101012025&supplier_code=00100033&order_time=2021-05-14 HTTP/1.1" 200 412
116.230.114.112 - - [14/May/2021:09:23:47 +0800] "GET /xingrg/all/function/internal_message.html?_=1620955441724&CODE_STATE=getMsg HTTP/1.1" 200 27
180.161.124.236 - - [14/May/2021:09:23:47 +0800] "GET /xingrg/all/function/internal_message.html?_=1620955383821&CODE_STATE=getMsg HTTP/1.1" 200 27
222.69.130.65 - - [14/May/2021:09:23:53 +0800] "GET /xingrg/all/function/internal_message.html?_=1620955428487&CODE_STATE=getMsg HTTP/1.1" 200 27
116.230.114.112 - - [14/May/2021:09:23:55 +0800] "GET /xingrg/kc/buy/cgsh_order_operate.html?command=get_materiel&rest_code=00146&code=00101012051&supplier_code=00100033&order_time=2021-05-14 HTTP/1.1" 200 427
116.224.253.72 - - [14/May/2021:09:23:57 +0800] "GET /xingrg/login.html HTTP/1.1" 200 7641
116.224.253.72 - - [14/May/2021:09:23:57 +0800] "GET /favicon.ico HTTP/1.1" 404 -
172.20.0.100 - - [14/May/2021:09:23:58 +0800] "GET /xingrg/all/function/internal_message.html?_=1620955435212&CODE_STATE=getMsg HTTP/1.1" 200 27
116.230.76.31 - - [14/May/2021:09:23:59 +0800] "GET /xingrg/javascript/auto/indicator.gif HTTP/1.1" 404 1066
120.253.135.82 - - [14/May/2021:09:24:01 +0800] "GET /xingrg/all/function/internal_message.html?_=1620955498657&CODE_STATE=getMsg HTTP/1.1" 200 27
116.230.76.31 - - [14/May/2021:09:24:04 +0800] "GET /xingrg/kc/buy/cgsh_order_operate.html?command=get_materiel&rest_code=00107&code=00101008270&supplier_code=00100006&order_time=2021-05-14 HTTP/1.1" 200 412
116.230.114.112 - - [14/May/2021:09:24:05 +0800] "GET /xingrg/kc/buy/cgsh_order_operate.html?command=get_materiel&rest_code=00146&code=00101016025&supplier_code=00100033&order_time=2021-05-14 HTTP/1.1" 200 408
114.86.187.76 - - [14/May/2021:09:24:05 +0800] "GET /xingrg/all/function/internal_message.html?_=1620955442965&CODE_STATE=getMsg HTTP/1.1" 200 27
180.169.147.146 - - [14/May/2021:09:24:06 +0800] "POST /xingrg/load_menu.html HTTP/1.1" 200 10483
180.169.147.146 - - [14/May/2021:09:24:07 +0800] "GET /xingrg/all/report/report_query.html?fileName=dma/new_5.0/yingye/order_list.xml HTTP/1.1" 200 55281
180.169.147.146 - - [14/May/2021:09:24:07 +0800] "GET /xingrg/dwr/interface/AjaxReportQueryService.js HTTP/1.1" 200 13203
180.169.147.146 - - [14/May/2021:09:24:07 +0800] "GET /xingrg/dwr/engine.js HTTP/1.1" 200 43631
180.169.147.146 - - [14/May/2021:09:24:07 +0800] "POST /xingrg/dwr/call/plaincall/AjaxReportQueryService.getFixDate.dwr HTTP/1.1" 200 111
116.224.253.72 - - [14/May/2021:09:24:07 +0800] "POST /xingrg/login.do HTTP/1.1" 302 -
116.224.253.72 - - [14/May/2021:09:24:07 +0800] "GET /xingrg/index.html?sysBaseUrl=http%3A%2F%2F180.169.147.146%3A18081%2Fxingrg%2F&costTime=40×tamp=1620955447514 HTTP/1.1" 200 17177
180.169.147.146 - - [14/May/2021:09:24:07 +0800] "POST /xingrg/all/common/load_tree.html?tree=area_station_tree_json&manage=1 HTTP/1.1" 200 3114
116.224.253.72 - - [14/May/2021:09:24:07 +0800] "GET /favicon.ico HTTP/1.1" 404 -
61.165.42.208 - - [14/May/2021:09:24:07 +0800] "GET /xingrg/all/function/internal_message.html?_=1620955446449&CODE_STATE=getMsg HTTP/1.1" 200 27
180.169.147.146 - - [14/May/2021:09:24:07 +0800] "POST /xingrg/dwr/call/plaincall/AjaxReportQueryService.getInitString.dwr HTTP/1.1" 200 76
116.224.253.72 - - [14/May/2021:09:24:07 +0800] "POST /xingrg/all/common/load_tree.html?tree=area_rest_tree_json&manage=1 HTTP/1.1" 200 476
116.224.253.72 - - [14/May/2021:09:24:08 +0800] "GET /xingrg/all/function/internal_message.html?_=1620955445911&CODE_STATE=count HTTP/1.1" 200 11
116.224.253.72 - - [14/May/2021:09:24:08 +0800] "GET /xingrg/check_reg.html?_=1620955445913 HTTP/1.1" 200 22
116.224.253.72 - - [14/May/2021:09:24:08 +0800] "POST /xingrg/load_menu.html HTTP/1.1" 200 5138
120.253.135.82 - - [14/May/2021:09:24:09 +0800] "GET /xingrg/all/function/internal_message.html?_=1620955570340&CODE_STATE=getMsg HTTP/1.1" 200 27
180.169.147.146 - - [14/May/2021:09:24:10 +0800] "POST /xingrg/dwr/call/plaincall/AjaxReportQueryService.getFixDate.dwr HTTP/1.1" 200 111
116.224.253.72 - - [14/May/2021:09:24:10 +0800] "GET /xingrg/kc/buy/cgsh_order_list.html HTTP/1.1" 200 46257
116.224.253.72 - - [14/May/2021:09:24:12 +0800] "POST /xingrg/kc/buy/cgsh_list_operate.html HTTP/1.1" 200 2052
180.169.147.146 - - [14/May/2021:09:24:13 +0800] "POST /xingrg/dwr/call/plaincall/AjaxReportQueryService.queryInitializeString.dwr HTTP/1.1" 200 76
116.230.110.80 - - [14/May/2021:09:24:13 +0800] "GET /xingrg/kc/buy/cgsh_order_add.html HTTP/1.1" 200 61959
116.230.110.80 - - [14/May/2021:09:24:14 +0800] "POST /xingrg/kc/buy/cgsh_order_operate.html HTTP/1.1" 200 8245
116.230.110.80 - - [14/May/2021:09:24:14 +0800] "GET /xingrg/javascript/easyui/themes/default/validatebox.css HTTP/1.1" 404 1104
116.224.253.72 - - [14/May/2021:09:24:14 +0800] "POST /xingrg/kc/buy/cgsh_list_operate.html HTTP/1.1" 200 561
180.169.147.146 - - [14/May/2021:09:24:14 +0800] "POST /xingrg/dwr/call/plaincall/AjaxReportQueryService.refreshCache.dwr HTTP/1.1" 200 78
116.224.253.72 - - [14/May/2021:09:24:15 +0800] "GET /xingrg/kc/buy/cgsh_order_info.html?code=212021051405921 HTTP/1.1" 200 61642
180.169.147.146 - - [14/May/2021:09:24:15 +0800] "POST /xingrg/all/report/load_report_page.html HTTP/1.1" 200 89
116.224.253.72 - - [14/May/2021:09:24:15 +0800] "GET /xingrg/all/common/auto_word.html?type=employee&rest_code=00151 HTTP/1.1" 200 243
116.224.253.72 - - [14/May/2021:09:24:15 +0800] "GET /xingrg/all/common/auto_word.html?type=employee&rest_code=00151 HTTP/1.1" 200 243
116.224.253.72 - - [14/May/2021:09:24:15 +0800] "GET /xingrg/javascript/easyui/themes/default/validatebox.css HTTP/1.1" 404 1104
116.224.253.72 - - [14/May/2021:09:24:15 +0800] "POST /xingrg/kc/buy/cgsh_order_operate.html HTTP/1.1" 200 12863
58.37.225.51 - - [14/May/2021:09:24:17 +0800] "GET /xingrg/all/function/internal_message.html?_=1620955464040&CODE_STATE=getMsg HTTP/1.1" 200 27
58.37.225.51 - - [14/May/2021:09:24:17 +0800] "GET /xingrg/check_reg.html?_=1620955464047 HTTP/1.1" 200 22
116.224.253.72 - - [14/May/2021:09:24:17 +0800] "GET /xingrg/javascript/auto/indicator.gif HTTP/1.1" 404 1066
180.169.147.146 - - [14/May/2021:09:24:20 +0800] "POST /xingrg/dwr/call/plaincall/AjaxReportQueryService.getFixDate.dwr HTTP/1.1" 200 111
117.185.32.26 - - [14/May/2021:09:24:21 +0800] "GET /xingrg/all/function/internal_message.html?_=1620955456818&CODE_STATE=getMsg HTTP/1.1" 200 27
180.169.147.146 - - [14/May/2021:09:24:21 +0800] "GET /xingrg/javascript/multi_select/dropdown_hover.gif HTTP/1.1" 304 -
116.230.114.112 - - [14/May/2021:09:24:22 +0800] "POST /xingrg/kc/buy/cgsh_order_operate.html HTTP/1.1" 200 37
116.224.253.72 - - [14/May/2021:09:24:22 +0800] "GET /xingrg/kc/buy/cgsh_order_operate.html?command=get_materiel&rest_code=00151&code=00101016080&supplier_code=00100007&order_time=2021-05-14 HTTP/1.1" 200 408
120.204.17.70 - - [14/May/2021:09:24:22 +0800] "GET /xingrg/check_reg.html?_=1620955396815 HTTP/1.1" 302 -
116.230.76.31 - - [14/May/2021:09:24:22 +0800] "GET /xingrg/all/function/internal_message.html?_=1620955458408&CODE_STATE=getMsg HTTP/1.1" 200 27
180.169.147.146 - - [14/May/2021:09:24:23 +0800] "POST /xingrg/dwr/call/plaincall/AjaxReportQueryService.refreshCache.dwr HTTP/1.1" 200 78
116.230.76.31 - - [14/May/2021:09:24:23 +0800] "GET /xingrg/kc/buy/cgsh_order_operate.html?command=get_materiel&rest_code=00107&code=00101008169&supplier_code=00100006&order_time=2021-05-14 HTTP/1.1" 200 412
180.169.147.146 - - [14/May/2021:09:24:23 +0800] "POST /xingrg/all/report/load_report_page.html HTTP/1.1" 200 89
222.69.130.65 - - [14/May/2021:09:24:23 +0800] "GET /xingrg/kc/buy/cgsh_order_add.html HTTP/1.1" 200 62044
222.69.130.65 - - [14/May/2021:09:24:23 +0800] "POST /xingrg/kc/buy/cgsh_order_operate.html HTTP/1.1" 200 8245
222.69.130.65 - - [14/May/2021:09:24:24 +0800] "GET /xingrg/javascript/easyui/themes/default/validatebox.css HTTP/1.1" 404 1104
180.169.147.146 - - [14/May/2021:09:24:24 +0800] "GET /xingrg/all/function/internal_message.html?_=1620955457389&CODE_STATE=getMsg HTTP/1.1" 200 27
180.169.147.146 - - [14/May/2021:09:24:24 +0800] "GET /xingrg/all/function/internal_message.html?_=1620955464774&CODE_STATE=getMsg HTTP/1.1" 200 27
120.204.17.70 - - [14/May/2021:09:24:24 +0800] "GET /xingrg/login.html HTTP/1.1" 200 7641
116.230.114.112 - - [14/May/2021:09:24:25 +0800] "POST /xingrg/kc/buy/cgsh_order_operate.html HTTP/1.1" 200 5007
116.230.110.80 - - [14/May/2021:09:24:25 +0800] "GET /xingrg/all/function/internal_message.html?_=1620955463204&CODE_STATE=getMsg HTTP/1.1" 200 27
116.230.110.80 - - [14/May/2021:09:24:25 +0800] "GET /xingrg/check_reg.html?_=1620955463208 HTTP/1.1" 200 22
116.230.114.112 - - [14/May/2021:09:24:26 +0800] "GET /xingrg/kc/print/load_data.html?order_code=212021051405924&kc_code=cgsh&condition= HTTP/1.1" 200 1595
222.69.130.65 - - [14/May/2021:09:24:27 +0800] "GET /xingrg/javascript/auto/indicator.gif HTTP/1.1" 404 1066
116.224.253.72 - - [14/May/2021:09:24:28 +0800] "GET /xingrg/all/function/internal_message.html?_=1620955452162&CODE_STATE=getMsg HTTP/1.1" 200 27
222.69.130.65 - - [14/May/2021:09:24:28 +0800] "GET /xingrg/javascript/jquery_tools/images/prev.gif HTTP/1.1" 404 1086
222.69.130.65 - - [14/May/2021:09:24:28 +0800] "GET /xingrg/javascript/jquery_tools/images/next.gif HTTP/1.1" 404 1086
116.230.114.112 - - [14/May/2021:09:24:31 +0800] "GET /xingrg/kc/buy/cgsh_order_add.html HTTP/1.1" 200 61997
116.230.114.112 - - [14/May/2021:09:24:31 +0800] "POST /xingrg/kc/buy/cgsh_order_operate.html HTTP/1.1" 200 8245
116.230.114.112 - - [14/May/2021:09:24:31 +0800] "GET /xingrg/javascript/easyui/themes/default/validatebox.css HTTP/1.1" 404 1104
116.230.110.80 - - [14/May/2021:09:24:32 +0800] "GET /xingrg/kc/buy/cgsh_order_operate.html?command=get_materiel&rest_code=00155&code=00101006056&supplier_code=00100012&order_time=2021-05-14 HTTP/1.1" 200 413
116.224.253.72 - - [14/May/2021:09:24:36 +0800] "GET /xingrg/kc/buy/cgsh_order_operate.html?command=get_materiel&rest_code=00151&code=00101008088&supplier_code=00100007&order_time=2021-05-14 HTTP/1.1" 200 408
114.86.229.133 - - [14/May/2021:09:24:36 +0800] "GET /xingrg/all/function/internal_message.html?_=1620955475601&CODE_STATE=getMsg HTTP/1.1" 200 27
116.224.253.72 - - [14/May/2021:09:24:40 +0800] "GET /xingrg/kc/buy/cgsh_order_operate.html?command=get_materiel&rest_code=00151&code=00101016025&supplier_code=00100007&order_time=2021-05-14 HTTP/1.1" 200 408
116.230.76.31 - - [14/May/2021:09:24:41 +0800] "GET /xingrg/kc/buy/cgsh_order_operate.html?command=get_materiel&rest_code=00107&code=00101008350&supplier_code=00100006&order_time=2021-05-14 HTTP/1.1" 200 408
116.230.114.112 - - [14/May/2021:09:24:41 +0800] "GET /xingrg/all/function/internal_message.html?_=1620955493455&CODE_STATE=getMsg HTTP/1.1" 302 -
222.69.130.65 - - [14/May/2021:09:24:43 +0800] "GET /xingrg/kc/buy/cgsh_order_add.html HTTP/1.1" 200 62044
116.230.110.80 - - [14/May/2021:09:24:43 +0800] "GET /xingrg/kc/buy/cgsh_order_operate.html?command=get_materiel&rest_code=00155&code=00101006109&supplier_code=00100012&order_time=2021-05-14 HTTP/1.1" 200 409
222.69.130.65 - - [14/May/2021:09:24:43 +0800] "POST /xingrg/kc/buy/cgsh_order_operate.html HTTP/1.1" 200 8245
222.69.130.65 - - [14/May/2021:09:24:43 +0800] "GET /xingrg/javascript/easyui/themes/default/validatebox.css HTTP/1.1" 404 1104
116.224.253.72 - - [14/May/2021:09:24:46 +0800] "GET /xingrg/kc/buy/cgsh_order_operate.html?command=get_materiel&rest_code=00151&code=00101008362&supplier_code=00100007&order_time=2021-05-14 HTTP/1.1" 200 408
116.230.114.112 - - [14/May/2021:09:24:46 +0800] "GET /xingrg/check_reg.html?_=1620955501550 HTTP/1.1" 200 22
116.230.114.112 - - [14/May/2021:09:24:47 +0800] "GET /xingrg/all/function/internal_message.html?_=1620955501738&CODE_STATE=getMsg HTTP/1.1" 200 27
180.161.124.236 - - [14/May/2021:09:24:48 +0800] "GET /xingrg/all/function/internal_message.html?_=1620955443846&CODE_STATE=getMsg HTTP/1.1" 200 27
222.69.130.65 - - [14/May/2021:09:24:51 +0800] "GET /xingrg/kc/buy/cgsh_order_operate.html?command=get_materiel&rest_code=00149&code=00101004065&supplier_code=00100083&order_time=2021-05-14 HTTP/1.1" 200 436
116.224.253.72 - - [14/May/2021:09:24:51 +0800] "GET /xingrg/kc/buy/cgsh_order_operate.html?command=get_materiel&rest_code=00151&code=00101008017&supplier_code=00100007&order_time=2021-05-14 HTTP/1.1" 200 416
116.224.253.72 - - [14/May/2021:09:24:52 +0800] "POST /xingrg/kc/buy/cgsh_order_operate.html HTTP/1.1" 200 2065
116.230.110.80 - - [14/May/2021:09:24:52 +0800] "GET /xingrg/kc/buy/cgsh_order_operate.html?command=get_materiel&rest_code=00155&code=00101006124&supplier_code=00100012&order_time=2021-05-14 HTTP/1.1" 200 429
222.69.130.65 - - [14/May/2021:09:24:53 +0800] "GET /xingrg/all/function/internal_message.html?_=1620955488473&CODE_STATE=getMsg HTTP/1.1" 200 27
172.20.0.100 - - [14/May/2021:09:24:58 +0800] "GET /xingrg/all/function/internal_message.html?_=1620955495215&CODE_STATE=getMsg HTTP/1.1" 200 27
116.230.76.31 - - [14/May/2021:09:24:58 +0800] "GET /xingrg/kc/buy/cgsh_order_operate.html?command=get_materiel&rest_code=00107&code=00101008084&supplier_code=00100006&order_time=2021-05-14 HTTP/1.1" 200 412
116.224.253.72 - - [14/May/2021:09:24:58 +0800] "GET /xingrg/kc/buy/cgsh_order_operate.html?command=get_materiel&rest_code=00151&code=00101008137&supplier_code=00100007&order_time=2021-05-14 HTTP/1.1" 200 408
116.230.76.31 - - [14/May/2021:09:25:01 +0800] "POST /xingrg/kc/buy/cgsh_order_operate.html HTTP/1.1" 200 2065
120.253.135.82 - - [14/May/2021:09:25:01 +0800] "GET /xingrg/all/function/internal_message.html?_=1620955558675&CODE_STATE=getMsg HTTP/1.1" 200 27
116.230.110.80 - - [14/May/2021:09:25:03 +0800] "GET /xingrg/kc/buy/cgsh_order_operate.html?command=get_materiel&rest_code=00155&code=00101006144&supplier_code=00100012&order_time=2021-05-14 HTTP/1.1" 200 409
222.69.130.65 - - [14/May/2021:09:25:04 +0800] "GET /xingrg/kc/buy/cgsh_order_operate.html?command=get_materiel&rest_code=00149&code=00101004067&supplier_code=00100083&order_time=2021-05-14 HTTP/1.1" 200 433
116.224.253.72 - - [14/May/2021:09:25:05 +0800] "GET /xingrg/kc/buy/cgsh_order_operate.html?command=get_materiel&rest_code=00151&code=00101008096&supplier_code=00100007&order_time=2021-05-14 HTTP/1.1" 200 412
114.86.187.76 - - [14/May/2021:09:25:05 +0800] "GET /xingrg/all/function/internal_message.html?_=1620955502974&CODE_STATE=getMsg HTTP/1.1" 200 27
61.165.42.208 - - [14/May/2021:09:25:07 +0800] "GET /xingrg/all/function/internal_message.html?_=1620955506447&CODE_STATE=getMsg HTTP/1.1" 200 27
61.165.42.208 - - [14/May/2021:09:25:07 +0800] "GET /xingrg/check_reg.html?_=1620955506450 HTTP/1.1" 200 22
116.224.253.72 - - [14/May/2021:09:25:08 +0800] "GET /xingrg/all/function/internal_message.html?_=1620955505954&CODE_STATE=getMsg HTTP/1.1" 200 27
120.253.135.82 - - [14/May/2021:09:25:09 +0800] "GET /xingrg/all/function/internal_message.html?_=1620955630343&CODE_STATE=getMsg HTTP/1.1" 200 27
116.224.253.72 - - [14/May/2021:09:25:09 +0800] "GET /xingrg/kc/buy/cgsh_order_operate.html?command=get_materiel&rest_code=00151&code=00101008072&supplier_code=00100007&order_time=2021-05-14 HTTP/1.1" 200 408
222.69.130.65 - - [14/May/2021:09:25:12 +0800] "GET /xingrg/kc/buy/cgsh_order_operate.html?command=get_materiel&rest_code=00149&code=00101004103&supplier_code=00100083&order_time=2021-05-14 HTTP/1.1" 200 401
116.230.110.80 - - [14/May/2021:09:25:14 +0800] "GET /xingrg/kc/buy/cgsh_order_operate.html?command=get_materiel&rest_code=00155&code=00101006194&supplier_code=00100012&order_time=2021-05-14 HTTP/1.1" 200 413
114.86.229.133 - - [14/May/2021:09:25:15 +0800] "GET /xingrg/kc/buy/buy_main.html HTTP/1.1" 200 12412
114.86.229.133 - - [14/May/2021:09:25:15 +0800] "GET /xingrg/css/new_ie.css HTTP/1.1" 404 1036
58.37.225.51 - - [14/May/2021:09:25:17 +0800] "GET /xingrg/all/function/internal_message.html?_=1620955524043&CODE_STATE=getMsg HTTP/1.1" 200 27
116.224.253.72 - - [14/May/2021:09:25:18 +0800] "GET /xingrg/kc/buy/cgsh_order_operate.html?command=get_materiel&rest_code=00151&code=00101008131&supplier_code=00100007&order_time=2021-05-14 HTTP/1.1" 200 408
114.86.229.133 - - [14/May/2021:09:25:19 +0800] "GET /xingrg/kc/buy/cgsh_order_list.html HTTP/1.1" 200 46253
114.86.229.133 - - [14/May/2021:09:25:20 +0800] "POST /xingrg/kc/buy/cgsh_list_operate.html HTTP/1.1" 200 1680
117.185.32.26 - - [14/May/2021:09:25:21 +0800] "GET /xingrg/all/function/internal_message.html?_=1620955516818&CODE_STATE=getMsg HTTP/1.1" 200 27
114.86.229.133 - - [14/May/2021:09:25:22 +0800] "POST /xingrg/kc/buy/cgsh_list_operate.html HTTP/1.1" 200 564
116.230.76.31 - - [14/May/2021:09:25:22 +0800] "GET /xingrg/all/function/internal_message.html?_=1620955518411&CODE_STATE=getMsg HTTP/1.1" 200 27
114.86.229.133 - - [14/May/2021:09:25:23 +0800] "GET /xingrg/kc/buy/cgsh_order_info.html?code=212021051405923 HTTP/1.1" 200 62041
116.224.253.72 - - [14/May/2021:09:25:23 +0800] "GET /xingrg/kc/buy/cgsh_order_operate.html?command=get_materiel&rest_code=00151&code=00101015046&supplier_code=00100007&order_time=2021-05-14 HTTP/1.1" 200 413
114.86.229.133 - - [14/May/2021:09:25:23 +0800] "GET /xingrg/javascript/easyui/themes/default/validatebox.css HTTP/1.1" 404 1104
114.86.229.133 - - [14/May/2021:09:25:23 +0800] "GET /xingrg/all/common/auto_word.html?type=employee&rest_code=00109 HTTP/1.1" 200 205
114.86.229.133 - - [14/May/2021:09:25:23 +0800] "GET /xingrg/all/common/auto_word.html?type=employee&rest_code=00109 HTTP/1.1" 200 205
114.86.229.133 - - [14/May/2021:09:25:23 +0800] "POST /xingrg/kc/buy/cgsh_order_operate.html HTTP/1.1" 200 7397
222.69.130.65 - - [14/May/2021:09:25:23 +0800] "GET /xingrg/kc/buy/cgsh_order_operate.html?command=get_materiel&rest_code=00149&code=00101004033&supplier_code=00100083&order_time=2021-05-14 HTTP/1.1" 200 439
180.169.147.146 - - [14/May/2021:09:25:24 +0800] "GET /xingrg/all/function/internal_message.html?_=1620955517391&CODE_STATE=getMsg HTTP/1.1" 200 27
180.169.147.146 - - [14/May/2021:09:25:24 +0800] "GET /xingrg/all/function/internal_message.html?_=1620955524763&CODE_STATE=getMsg HTTP/1.1" 200 27
116.230.110.80 - - [14/May/2021:09:25:25 +0800] "GET /xingrg/kc/buy/cgsh_order_operate.html?command=get_materiel&rest_code=00155&code=00101006130&supplier_code=00100012&order_time=2021-05-14 HTTP/1.1" 200 427
116.230.76.31 - - [14/May/2021:09:25:25 +0800] "GET /xingrg/kc/buy/cgsh_order_operate.html?command=get_materiel&rest_code=00107&code=00101008119&supplier_code=00100006&order_time=2021-05-14 HTTP/1.1" 200 412
116.224.253.72 - - [14/May/2021:09:25:25 +0800] "POST /xingrg/kc/buy/cgsh_order_operate.html HTTP/1.1" 200 2065
116.230.110.80 - - [14/May/2021:09:25:25 +0800] "GET /xingrg/all/function/internal_message.html?_=1620955523180&CODE_STATE=getMsg HTTP/1.1" 200 27
116.224.253.72 - - [14/May/2021:09:25:28 +0800] "GET /xingrg/all/function/internal_message.html?_=1620955512176&CODE_STATE=getMsg HTTP/1.1" 200 27
116.230.114.112 - - [14/May/2021:09:25:29 +0800] "GET /xingrg/check_reg.html?_=1620955541480 HTTP/1.1" 302 -
116.224.253.72 - - [14/May/2021:09:25:30 +0800] "GET /xingrg/kc/buy/cgsh_order_operate.html?command=get_materiel&rest_code=00151&code=00101008069&supplier_code=00100007&order_time=2021-05-14 HTTP/1.1" 200 412
222.69.130.65 - - [14/May/2021:09:25:33 +0800] "POST /xingrg/kc/buy/cgsh_order_operate.html HTTP/1.1" 200 37
58.221.95.50 - - [14/May/2021:09:25:35 +0800] "GET /xingrg/check_reg.html?_=1620955532764 HTTP/1.1" 302 -
116.224.253.72 - - [14/May/2021:09:25:35 +0800] "GET /xingrg/kc/buy/cgsh_order_operate.html?command=get_materiel&rest_code=00151&code=00101008036&supplier_code=00100007&order_time=2021-05-14 HTTP/1.1" 200 408
114.86.229.133 - - [14/May/2021:09:25:35 +0800] "GET /xingrg/kc/buy/cgsh_order_operate.html?command=get_materiel&rest_code=00109&code=00101008166&supplier_code=00100005&order_time=2021-05-14 HTTP/1.1" 200 432
114.86.229.133 - - [14/May/2021:09:25:36 +0800] "GET /xingrg/all/function/internal_message.html?_=1620955535604&CODE_STATE=getMsg HTTP/1.1" 200 27
116.230.76.31 - - [14/May/2021:09:25:37 +0800] "GET /xingrg/kc/buy/cgsh_order_operate.html?command=get_materiel&rest_code=00107&code=00101008286&supplier_code=00100006&order_time=2021-05-14 HTTP/1.1" 200 408
222.69.130.65 - - [14/May/2021:09:25:38 +0800] "POST /xingrg/kc/buy/cgsh_order_operate.html HTTP/1.1" 200 12
116.230.114.112 - - [14/May/2021:09:25:41 +0800] "GET /xingrg/all/function/internal_message.html?_=1620955553476&CODE_STATE=getMsg HTTP/1.1" 302 -
114.86.229.133 - - [14/May/2021:09:25:42 +0800] "GET /xingrg/kc/buy/cgsh_order_operate.html?command=get_materiel&rest_code=00109&code=00101008256&supplier_code=00100005&order_time=2021-05-14 HTTP/1.1" 200 412
116.224.253.72 - - [14/May/2021:09:25:45 +0800] "GET /xingrg/kc/buy/cgsh_order_operate.html?command=get_materiel&rest_code=00151&code=00101008033&supplier_code=00100007&order_time=2021-05-14 HTTP/1.1" 200 408
180.169.147.146 - - [14/May/2021:09:25:46 +0800] "GET /favicon.ico HTTP/1.1" 404 -
222.69.130.65 - - [14/May/2021:09:25:46 +0800] "GET /xingrg/kc/buy/cgsh_order_info.html?code=212021051405925 HTTP/1.1" 200 56944
222.69.130.65 - - [14/May/2021:09:25:46 +0800] "GET /xingrg/javascript/easyui/themes/default/validatebox.css HTTP/1.1" 404 1104
116.230.114.112 - - [14/May/2021:09:25:47 +0800] "GET /xingrg/all/function/internal_message.html?_=1620955561751&CODE_STATE=getMsg HTTP/1.1" 200 27
116.230.76.31 - - [14/May/2021:09:25:47 +0800] "GET /xingrg/kc/buy/cgsh_order_operate.html?command=get_materiel&rest_code=00107&code=00101008114&supplier_code=00100006&order_time=2021-05-14 HTTP/1.1" 200 412
114.86.229.133 - - [14/May/2021:09:25:47 +0800] "GET /xingrg/kc/buy/cgsh_order_operate.html?command=get_materiel&rest_code=00109&code=00101008155&supplier_code=00100005&order_time=2021-05-14 HTTP/1.1" 200 408
222.69.130.65 - - [14/May/2021:09:25:47 +0800] "POST /xingrg/kc/buy/cgsh_order_operate.html HTTP/1.1" 200 2419
120.253.135.82 - - [14/May/2021:09:25:48 +0800] "GET /xingrg/check_reg.html?_=1620955604925 HTTP/1.1" 200 22
180.161.124.236 - - [14/May/2021:09:25:48 +0800] "GET /xingrg/all/function/internal_message.html?_=1620955503872&CODE_STATE=getMsg HTTP/1.1" 200 27
116.230.110.80 - - [14/May/2021:09:25:49 +0800] "GET /xingrg/kc/buy/cgsh_order_operate.html?command=get_materiel&rest_code=00155&code=00101006129&supplier_code=00100012&order_time=2021-05-14 HTTP/1.1" 200 431
222.69.130.65 - - [14/May/2021:09:25:49 +0800] "GET /xingrg/kc/print/load_data.html?order_code=212021051405925&kc_code=cgsh&condition= HTTP/1.1" 200 1436
222.69.130.65 - - [14/May/2021:09:25:53 +0800] "GET /xingrg/all/function/internal_message.html?_=1620955548453&CODE_STATE=getMsg HTTP/1.1" 200 27
114.86.229.133 - - [14/May/2021:09:25:53 +0800] "GET /xingrg/kc/buy/cgsh_order_operate.html?command=get_materiel&rest_code=00109&code=00101008185&supplier_code=00100005&order_time=2021-05-14 HTTP/1.1" 200 428
116.224.253.72 - - [14/May/2021:09:25:54 +0800] "GET /xingrg/kc/buy/cgsh_order_operate.html?command=get_materiel&rest_code=00151&code=00101008286&supplier_code=00100007&order_time=2021-05-14 HTTP/1.1" 200 408
222.69.130.65 - - [14/May/2021:09:25:54 +0800] "GET /xingrg/kc/buy/cgsh_order_add.html HTTP/1.1" 200 62044
222.69.130.65 - - [14/May/2021:09:25:54 +0800] "POST /xingrg/kc/buy/cgsh_order_operate.html HTTP/1.1" 200 8245
222.69.130.65 - - [14/May/2021:09:25:54 +0800] "GET /xingrg/javascript/easyui/themes/default/validatebox.css HTTP/1.1" 404 1104
114.86.229.133 - - [14/May/2021:09:25:54 +0800] "POST /xingrg/kc/buy/cgsh_order_operate.html HTTP/1.1" 200 2065
116.230.76.31 - - [14/May/2021:09:25:58 +0800] "GET /xingrg/kc/buy/cgsh_order_operate.html?command=get_materiel&rest_code=00107&code=00101015044&supplier_code=00100006&order_time=2021-05-14 HTTP/1.1" 200 408
172.20.0.100 - - [14/May/2021:09:25:58 +0800] "GET /xingrg/all/function/internal_message.html?_=1620955555218&CODE_STATE=getMsg HTTP/1.1" 200 27
116.230.110.80 - - [14/May/2021:09:25:58 +0800] "GET /xingrg/kc/buy/cgsh_order_operate.html?command=get_materiel&rest_code=00155&code=00101006168&supplier_code=00100012&order_time=2021-05-14 HTTP/1.1" 200 421
116.230.76.31 - - [14/May/2021:09:26:01 +0800] "POST /xingrg/kc/buy/cgsh_order_operate.html HTTP/1.1" 200 2065
120.253.135.82 - - [14/May/2021:09:26:01 +0800] "GET /xingrg/all/function/internal_message.html?_=1620955618684&CODE_STATE=getMsg HTTP/1.1" 200 27
114.86.229.133 - - [14/May/2021:09:26:02 +0800] "GET /xingrg/kc/buy/cgsh_order_operate.html?command=get_materiel&rest_code=00109&code=00101008351&supplier_code=00100005&order_time=2021-05-14 HTTP/1.1" 200 408
116.224.253.72 - - [14/May/2021:09:26:04 +0800] "POST /xingrg/kc/buy/cgsh_order_operate.html HTTP/1.1" 200 2065
114.86.187.76 - - [14/May/2021:09:26:05 +0800] "GET /xingrg/all/function/internal_message.html?_=1620955562996&CODE_STATE=getMsg HTTP/1.1" 200 27
61.165.42.208 - - [14/May/2021:09:26:07 +0800] "GET /xingrg/all/function/internal_message.html?_=1620955566440&CODE_STATE=getMsg HTTP/1.1" 200 27
116.224.253.72 - - [14/May/2021:09:26:08 +0800] "GET /xingrg/all/function/internal_message.html?_=1620955565951&CODE_STATE=getMsg HTTP/1.1" 200 27
114.86.229.133 - - [14/May/2021:09:26:08 +0800] "GET /xingrg/kc/buy/cgsh_order_operate.html?command=get_materiel&rest_code=00109&code=00101008110&supplier_code=00100005&order_time=2021-05-14 HTTP/1.1" 200 408
116.230.76.31 - - [14/May/2021:09:26:09 +0800] "GET /xingrg/kc/buy/cgsh_order_operate.html?command=get_materiel&rest_code=00107&code=00101015038&supplier_code=00100006&order_time=2021-05-14 HTTP/1.1" 200 419
116.224.253.72 - - [14/May/2021:09:26:09 +0800] "GET /xingrg/kc/buy/cgsh_order_operate.html?command=get_materiel&rest_code=00151&code=00101008355&supplier_code=00100007&order_time=2021-05-14 HTTP/1.1" 200 408
120.253.135.82 - - [14/May/2021:09:26:09 +0800] "GET /xingrg/all/function/internal_message.html?_=1620955690369&CODE_STATE=getMsg HTTP/1.1" 200 27
114.86.229.133 - - [14/May/2021:09:26:13 +0800] "GET /xingrg/kc/buy/cgsh_order_operate.html?command=get_materiel&rest_code=00109&code=00101008096&supplier_code=00100005&order_time=2021-05-14 HTTP/1.1" 200 412
222.69.130.65 - - [14/May/2021:09:26:16 +0800] "GET /xingrg/kc/buy/cgsh_order_operate.html?command=get_materiel&rest_code=00149&code=00101007076&supplier_code=00100205&order_time=2021-05-14 HTTP/1.1" 200 427
116.224.253.72 - - [14/May/2021:09:26:17 +0800] "GET /xingrg/kc/buy/cgsh_order_operate.html?command=get_materiel&rest_code=00151&code=00101015038&supplier_code=00100007&order_time=2021-05-14 HTTP/1.1" 200 419
58.37.225.51 - - [14/May/2021:09:26:17 +0800] "GET /xingrg/all/function/internal_message.html?_=1620955584046&CODE_STATE=getMsg HTTP/1.1" 200 27
114.86.229.133 - - [14/May/2021:09:26:19 +0800] "GET /xingrg/kc/buy/cgsh_order_operate.html?command=get_materiel&rest_code=00109&code=00101008163&supplier_code=00100005&order_time=2021-05-14 HTTP/1.1" 200 408
117.185.32.26 - - [14/May/2021:09:26:21 +0800] "GET /xingrg/all/function/internal_message.html?_=1620955576819&CODE_STATE=getMsg HTTP/1.1" 200 27
116.230.76.31 - - [14/May/2021:09:26:22 +0800] "GET /xingrg/kc/buy/cgsh_order_operate.html?command=get_materiel&rest_code=00107&code=00101020152&supplier_code=00100006&order_time=2021-05-14 HTTP/1.1" 200 416
116.230.76.31 - - [14/May/2021:09:26:22 +0800] "GET /xingrg/all/function/internal_message.html?_=1620955578432&CODE_STATE=getMsg HTTP/1.1" 200 27
180.169.147.146 - - [14/May/2021:09:26:24 +0800] "GET /xingrg/all/function/internal_message.html?_=1620955577361&CODE_STATE=getMsg HTTP/1.1" 200 27
180.169.147.146 - - [14/May/2021:09:26:24 +0800] "GET /xingrg/check_reg.html?_=1620955584775 HTTP/1.1" 200 22
180.169.147.146 - - [14/May/2021:09:26:24 +0800] "GET /xingrg/all/function/internal_message.html?_=1620955584771&CODE_STATE=getMsg HTTP/1.1" 200 27
114.86.229.133 - - [14/May/2021:09:26:25 +0800] "GET /xingrg/javascript/auto/indicator.gif HTTP/1.1" 404 1066
116.230.110.80 - - [14/May/2021:09:26:25 +0800] "GET /xingrg/all/function/internal_message.html?_=1620955583163&CODE_STATE=getMsg HTTP/1.1" 200 27
114.86.229.133 - - [14/May/2021:09:26:26 +0800] "GET /xingrg/kc/buy/cgsh_order_operate.html?command=get_materiel&rest_code=00109&code=00101008355&supplier_code=00100005&order_time=2021-05-14 HTTP/1.1" 200 408
116.224.253.72 - - [14/May/2021:09:26:26 +0800] "POST /xingrg/kc/buy/cgsh_order_operate.html HTTP/1.1" 200 37
116.224.253.72 - - [14/May/2021:09:26:28 +0800] "GET /xingrg/all/function/internal_message.html?_=1620955572190&CODE_STATE=getMsg HTTP/1.1" 200 27
116.224.253.72 - - [14/May/2021:09:26:28 +0800] "POST /xingrg/kc/buy/cgsh_order_operate.html HTTP/1.1" 200 23588
222.69.130.65 - - [14/May/2021:09:26:30 +0800] "GET /xingrg/kc/buy/cgsh_order_operate.html?command=get_materiel&rest_code=00149&code=00101007125&supplier_code=00100205&order_time=2021-05-14 HTTP/1.1" 200 406
114.86.229.133 - - [14/May/2021:09:26:30 +0800] "POST /xingrg/kc/buy/cgsh_order_operate.html HTTP/1.1" 200 2065
114.86.229.133 - - [14/May/2021:09:26:36 +0800] "GET /xingrg/all/function/internal_message.html?_=1620955595608&CODE_STATE=getMsg HTTP/1.1" 200 27
114.86.229.133 - - [14/May/2021:09:26:36 +0800] "GET /xingrg/check_reg.html?_=1620955595610 HTTP/1.1" 200 22
114.86.229.133 - - [14/May/2021:09:26:39 +0800] "GET /xingrg/kc/buy/cgsh_order_operate.html?command=get_materiel&rest_code=00109&code=00101008144&supplier_code=00100005&order_time=2021-05-14 HTTP/1.1" 200 412
116.224.253.72 - - [14/May/2021:09:26:39 +0800] "POST /xingrg/kc/buy/cgsh_order_operate.html HTTP/1.1" 200 37
116.230.76.31 - - [14/May/2021:09:26:40 +0800] "GET /xingrg/kc/buy/cgsh_order_operate.html?command=get_materiel&rest_code=00107&code=00101008284&supplier_code=00100006&order_time=2021-05-14 HTTP/1.1" 200 413
222.69.130.65 - - [14/May/2021:09:26:41 +0800] "GET /xingrg/kc/buy/cgsh_order_operate.html?command=get_materiel&rest_code=00149&code=00101007092&supplier_code=00100205&order_time=2021-05-14 HTTP/1.1" 200 411
116.230.114.112 - - [14/May/2021:09:26:41 +0800] "GET /xingrg/all/function/internal_message.html?_=1620955613482&CODE_STATE=getMsg HTTP/1.1" 302 -
116.224.253.72 - - [14/May/2021:09:26:41 +0800] "POST /xingrg/kc/buy/cgsh_order_operate.html HTTP/1.1" 200 16898
116.230.114.112 - - [14/May/2021:09:26:47 +0800] "GET /xingrg/all/function/internal_message.html?_=1620955621765&CODE_STATE=getMsg HTTP/1.1" 200 27
180.161.124.236 - - [14/May/2021:09:26:47 +0800] "GET /xingrg/check_reg.html?_=1620955563375 HTTP/1.1" 200 22
180.161.124.236 - - [14/May/2021:09:26:47 +0800] "GET /xingrg/all/function/internal_message.html?_=1620955563877&CODE_STATE=getMsg HTTP/1.1" 200 27
114.86.229.133 - - [14/May/2021:09:26:50 +0800] "GET /xingrg/kc/buy/cgsh_order_operate.html?command=get_materiel&rest_code=00109&code=00101008264&supplier_code=00100005&order_time=2021-05-14 HTTP/1.1" 200 412
116.230.76.31 - - [14/May/2021:09:26:52 +0800] "GET /xingrg/kc/buy/cgsh_order_operate.html?command=get_materiel&rest_code=00107&code=00101008145&supplier_code=00100006&order_time=2021-05-14 HTTP/1.1" 200 417
222.69.130.65 - - [14/May/2021:09:26:52 +0800] "GET /xingrg/all/function/internal_message.html?_=1620955608425&CODE_STATE=getMsg HTTP/1.1" 200 27
114.86.229.133 - - [14/May/2021:09:26:56 +0800] "GET /xingrg/kc/buy/cgsh_order_operate.html?command=get_materiel&rest_code=00109&code=00101008439&supplier_code=00100005&order_time=2021-05-14 HTTP/1.1" 200 399
172.20.0.100 - - [14/May/2021:09:26:58 +0800] "GET /xingrg/all/function/internal_message.html?_=1620955615206&CODE_STATE=getMsg HTTP/1.1" 200 27
114.86.229.133 - - [14/May/2021:09:27:01 +0800] "GET /xingrg/kc/buy/cgsh_order_operate.html?command=get_materiel&rest_code=00109&code=00101008264&supplier_code=00100005&order_time=2021-05-14 HTTP/1.1" 200 412
120.253.135.82 - - [14/May/2021:09:27:01 +0800] "GET /xingrg/all/function/internal_message.html?_=1620955678697&CODE_STATE=getMsg HTTP/1.1" 200 27
222.69.130.65 - - [14/May/2021:09:27:03 +0800] "GET /xingrg/kc/buy/cgsh_order_operate.html?command=get_materiel&rest_code=00149&code=00101007061&supplier_code=00100205&order_time=2021-05-14 HTTP/1.1" 200 409
114.86.187.76 - - [14/May/2021:09:27:05 +0800] "GET /xingrg/check_reg.html?_=1620955622934 HTTP/1.1" 200 22
114.86.187.76 - - [14/May/2021:09:27:05 +0800] "GET /xingrg/all/function/internal_message.html?_=1620955623023&CODE_STATE=getMsg HTTP/1.1" 200 27
116.230.76.31 - - [14/May/2021:09:27:06 +0800] "GET /xingrg/kc/buy/cgsh_order_operate.html?command=get_materiel&rest_code=00107&code=00101009013&supplier_code=00100006&order_time=2021-05-14 HTTP/1.1" 200 420
120.253.135.82 - - [14/May/2021:09:27:06 +0800] "GET /xingrg/check_reg.html?_=1620955747174 HTTP/1.1" 200 22
61.165.42.208 - - [14/May/2021:09:27:07 +0800] "GET /xingrg/all/function/internal_message.html?_=1620955626450&CODE_STATE=getMsg HTTP/1.1" 200 27
116.224.253.72 - - [14/May/2021:09:27:08 +0800] "GET /xingrg/all/function/internal_message.html?_=1620955625955&CODE_STATE=getMsg HTTP/1.1" 200 27
114.86.229.133 - - [14/May/2021:09:27:09 +0800] "POST /xingrg/kc/buy/cgsh_order_operate.html HTTP/1.1" 200 37
120.253.135.82 - - [14/May/2021:09:27:09 +0800] "GET /xingrg/all/function/internal_message.html?_=1620955750386&CODE_STATE=getMsg HTTP/1.1" 200 27
116.230.76.31 - - [14/May/2021:09:27:09 +0800] "POST /xingrg/kc/buy/cgsh_order_operate.html HTTP/1.1" 200 2065
58.37.225.51 - - [14/May/2021:09:27:17 +0800] "GET /xingrg/all/function/internal_message.html?_=1620955644047&CODE_STATE=getMsg HTTP/1.1" 200 27
116.230.110.80 - - [14/May/2021:09:27:18 +0800] "POST /xingrg/kc/buy/cgsh_order_operate.html HTTP/1.1" 200 37
116.230.110.80 - - [14/May/2021:09:27:19 +0800] "POST /xingrg/kc/buy/cgsh_order_operate.html HTTP/1.1" 200 8040
116.230.76.31 - - [14/May/2021:09:27:20 +0800] "GET /xingrg/kc/buy/cgsh_order_operate.html?command=get_materiel&rest_code=00107&code=00101008323&supplier_code=00100006&order_time=2021-05-14 HTTP/1.1" 200 408
117.185.32.26 - - [14/May/2021:09:27:21 +0800] "GET /xingrg/all/function/internal_message.html?_=1620955636818&CODE_STATE=getMsg HTTP/1.1" 200 27
116.230.110.80 - - [14/May/2021:09:27:21 +0800] "GET /xingrg/kc/print/load_data.html?order_code=212021051405926&kc_code=cgsh&condition= HTTP/1.1" 200 2846
120.204.17.72 - - [14/May/2021:09:27:21 +0800] "GET /xingrg/all/function/internal_message.html?_=1620955576819&CODE_STATE=getMsg HTTP/1.1" 302 -
116.230.76.31 - - [14/May/2021:09:27:22 +0800] "GET /xingrg/all/function/internal_message.html?_=1620955638407&CODE_STATE=getMsg HTTP/1.1" 200 27
120.204.17.72 - - [14/May/2021:09:27:23 +0800] "GET /xingrg/login.html HTTP/1.1" 200 7641
180.169.147.146 - - [14/May/2021:09:27:24 +0800] "GET /xingrg/all/function/internal_message.html?_=1620955637334&CODE_STATE=getMsg HTTP/1.1" 200 27
180.169.147.146 - - [14/May/2021:09:27:24 +0800] "GET /xingrg/all/function/internal_message.html?_=1620955644775&CODE_STATE=getMsg HTTP/1.1" 200 27
116.230.110.80 - - [14/May/2021:09:27:25 +0800] "GET /xingrg/all/function/internal_message.html?_=1620955643162&CODE_STATE=getMsg HTTP/1.1" 200 27
116.224.253.72 - - [14/May/2021:09:27:28 +0800] "GET /xingrg/all/function/internal_message.html?_=1620955632203&CODE_STATE=getMsg HTTP/1.1" 200 27
116.224.253.72 - - [14/May/2021:09:27:41 +0800] "POST /xingrg/kc/buy/cgsh_order_operate.html HTTP/1.1" 200 37
116.230.114.112 - - [14/May/2021:09:27:41 +0800] "GET /xingrg/all/function/internal_message.html?_=1620955673504&CODE_STATE=getMsg HTTP/1.1" 302 -
116.224.253.72 - - [14/May/2021:09:27:42 +0800] "POST /xingrg/kc/buy/cgsh_order_operate.html HTTP/1.1" 200 19850
222.69.130.65 - - [14/May/2021:09:27:46 +0800] "GET /xingrg/check_reg.html?_=1620955662003 HTTP/1.1" 200 22
116.230.110.80 - - [14/May/2021:09:27:46 +0800] "GET /xingrg/kc/print/load_data.html?order_code=212021051405926&kc_code=cgsh HTTP/1.1" 200 2846
116.230.114.112 - - [14/May/2021:09:27:47 +0800] "GET /xingrg/all/function/internal_message.html?_=1620955681933&CODE_STATE=getMsg HTTP/1.1" 200 27
180.161.124.236 - - [14/May/2021:09:27:47 +0800] "GET /xingrg/all/function/internal_message.html?_=1620955623890&CODE_STATE=getMsg HTTP/1.1" 200 27
222.69.130.65 - - [14/May/2021:09:27:52 +0800] "GET /xingrg/all/function/internal_message.html?_=1620955668406&CODE_STATE=getMsg HTTP/1.1" 200 27
116.230.76.31 - - [14/May/2021:09:27:55 +0800] "GET /xingrg/kc/buy/cgsh_order_operate.html?command=get_materiel&rest_code=00107&code=00101008146&supplier_code=00100006&order_time=2021-05-14 HTTP/1.1" 200 416
172.20.0.100 - - [14/May/2021:09:27:58 +0800] "GET /xingrg/all/function/internal_message.html?_=1620955675211&CODE_STATE=getMsg HTTP/1.1" 200 27
172.20.0.100 - - [14/May/2021:09:27:58 +0800] "GET /xingrg/check_reg.html?_=1620955675214 HTTP/1.1" 200 22
120.253.135.82 - - [14/May/2021:09:28:01 +0800] "GET /xingrg/all/function/internal_message.html?_=1620955738716&CODE_STATE=getMsg HTTP/1.1" 200 27
114.86.187.76 - - [14/May/2021:09:28:05 +0800] "GET /xingrg/all/function/internal_message.html?_=1620955683026&CODE_STATE=getMsg HTTP/1.1" 200 27
116.224.253.72 - - [14/May/2021:09:28:06 +0800] "POST /xingrg/kc/buy/cgsh_order_operate.html HTTP/1.1" 200 37
61.165.42.208 - - [14/May/2021:09:28:07 +0800] "GET /xingrg/all/function/internal_message.html?_=1620955686453&CODE_STATE=getMsg HTTP/1.1" 200 27
116.224.253.72 - - [14/May/2021:09:28:08 +0800] "GET /xingrg/all/function/internal_message.html?_=1620955685942&CODE_STATE=getMsg HTTP/1.1" 200 27
222.69.130.65 - - [14/May/2021:09:28:08 +0800] "GET /xingrg/kc/buy/cgsh_order_operate.html?command=get_materiel&rest_code=00149&code=00101007059&supplier_code=00100205&order_time=2021-05-14 HTTP/1.1" 200 411
116.224.253.72 - - [14/May/2021:09:28:09 +0800] "POST /xingrg/kc/buy/cgsh_order_operate.html HTTP/1.1" 200 12
120.253.135.82 - - [14/May/2021:09:28:09 +0800] "GET /xingrg/all/function/internal_message.html?_=1620955810400&CODE_STATE=getMsg HTTP/1.1" 200 27
116.224.253.72 - - [14/May/2021:09:28:10 +0800] "GET /xingrg/kc/buy/cgsh_order_info.html?code=212021051405921 HTTP/1.1" 200 56535
