58.37.228.113 - - [13/May/2021:11:52:07 +0800] "GET /xingrg/kc/print/load_data.html?order_code=212021051305637&kc_code=cgsh&condition= HTTP/1.1" 200 1853
116.230.114.112 - - [13/May/2021:11:52:07 +0800] "POST /xingrg/kc/buy/cgsh_order_operate.html HTTP/1.1" 200 3855
101.85.94.178 - - [13/May/2021:11:52:09 +0800] "POST /xingrg/kc/buy/cgsh_order_operate.html HTTP/1.1" 200 37
101.85.94.178 - - [13/May/2021:11:52:10 +0800] "GET /xingrg/all/function/internal_message.html?_=1620877429695&CODE_STATE=getMsg HTTP/1.1" 200 27
116.224.253.72 - - [13/May/2021:11:52:10 +0800] "GET /xingrg/all/function/internal_message.html?_=1620877916230&CODE_STATE=getMsg HTTP/1.1" 200 27
101.85.94.178 - - [13/May/2021:11:52:10 +0800] "POST /xingrg/kc/buy/cgsh_order_operate.html HTTP/1.1" 200 14446
58.37.228.113 - - [13/May/2021:11:52:10 +0800] "GET /xingrg/kc/buy/cgsh_order_add.html HTTP/1.1" 200 62035
58.37.228.113 - - [13/May/2021:11:52:11 +0800] "POST /xingrg/kc/buy/cgsh_order_operate.html HTTP/1.1" 200 8245
58.37.228.113 - - [13/May/2021:11:52:11 +0800] "GET /xingrg/javascript/easyui/themes/default/validatebox.css HTTP/1.1" 404 1104
61.165.42.208 - - [13/May/2021:11:52:11 +0800] "GET /xingrg/all/function/internal_message.html?_=1620877929565&CODE_STATE=getMsg HTTP/1.1" 200 27
116.230.114.112 - - [13/May/2021:11:52:11 +0800] "GET /xingrg/all/function/internal_message.html?_=1620877943127&CODE_STATE=getMsg HTTP/1.1" 200 27
101.85.94.178 - - [13/May/2021:11:52:11 +0800] "GET /xingrg/javascript/jquery_easy_ui/themes/default/images/tabs_active.png HTTP/1.1" 200 2894
116.230.114.112 - - [13/May/2021:11:52:13 +0800] "GET /xingrg/kc/print/load_data.html?order_code=212021051305639&kc_code=cgsh&condition= HTTP/1.1" 200 1147
116.230.110.80 - - [13/May/2021:11:52:14 +0800] "GET /xingrg/all/function/internal_message.html?_=1620877932395&CODE_STATE=getMsg HTTP/1.1" 200 27
117.184.7.26 - - [13/May/2021:11:52:14 +0800] "GET /xingrg/kc/buy/cgsh_order_operate.html?command=get_materiel&rest_code=00108&code=00101008210&supplier_code=00100008&order_time=2021-05-13 HTTP/1.1" 200 408
101.85.94.178 - - [13/May/2021:11:52:15 +0800] "POST /xingrg/kc/buy/cgsh_list_operate.html HTTP/1.1" 200 1690
116.230.76.31 - - [13/May/2021:11:52:17 +0800] "POST /xingrg/kc/buy/cgsh_list_operate.html HTTP/1.1" 200 5048
114.86.225.153 - - [13/May/2021:11:52:17 +0800] "GET /xingrg/all/function/internal_message.html?_=1620877936039&CODE_STATE=getMsg HTTP/1.1" 200 27
116.230.76.31 - - [13/May/2021:11:52:19 +0800] "POST /xingrg/kc/buy/cgsh_list_operate.html HTTP/1.1" 200 5048
61.151.178.217 - - [13/May/2021:11:52:20 +0800] "GET /xingrg/all/function/internal_message.html?_=1620877884736&CODE_STATE=getMsg HTTP/1.1" 302 -
58.37.228.113 - - [13/May/2021:11:52:20 +0800] "GET /xingrg/all/function/internal_message.html?_=1620877944738&CODE_STATE=getMsg HTTP/1.1" 200 27
61.151.178.217 - - [13/May/2021:11:52:20 +0800] "GET /xingrg/login.html HTTP/1.1" 200 7641
180.169.147.146 - - [13/May/2021:11:52:21 +0800] "GET /xingrg/all/function/internal_message.html?_=1620877941429&CODE_STATE=getMsg HTTP/1.1" 200 27
117.185.32.26 - - [13/May/2021:11:52:23 +0800] "GET /xingrg/all/function/internal_message.html?_=1620878468664&CODE_STATE=getMsg HTTP/1.1" 200 27
180.161.124.236 - - [13/May/2021:11:52:23 +0800] "GET /xingrg/all/function/internal_message.html?_=1620877900585&CODE_STATE=getMsg HTTP/1.1" 200 27
58.37.228.113 - - [13/May/2021:11:52:24 +0800] "GET /xingrg/kc/buy/cgsh_order_operate.html?command=get_materiel&rest_code=00141&code=00101027001&supplier_code=00100017&order_time=2021-05-13 HTTP/1.1" 200 469
180.162.112.86 - - [13/May/2021:11:52:25 +0800] "GET /xingrg/all/function/internal_message.html?_=1620877672517&CODE_STATE=getMsg HTTP/1.1" 200 27
222.69.129.194 - - [13/May/2021:11:52:25 +0800] "GET /xingrg/all/function/internal_message.html?_=1620877942773&CODE_STATE=getMsg HTTP/1.1" 200 27
101.93.222.235 - - [13/May/2021:11:52:25 +0800] "GET /xingrg/all/function/internal_message.html?_=1620877943903&CODE_STATE=getMsg HTTP/1.1" 200 27
101.93.222.235 - - [13/May/2021:11:52:26 +0800] "GET /xingrg/kc/base/base_main.html HTTP/1.1" 200 12142
116.224.253.72 - - [13/May/2021:11:52:27 +0800] "GET /xingrg/all/function/internal_message.html?_=1620877932802&CODE_STATE=getMsg HTTP/1.1" 200 27
180.169.147.146 - - [13/May/2021:11:52:27 +0800] "GET /xingrg/all/function/internal_message.html?_=1620877941341&CODE_STATE=getMsg HTTP/1.1" 302 -
116.230.114.112 - - [13/May/2021:11:52:28 +0800] "GET /xingrg/kc/buy/cgsh_order_add.html HTTP/1.1" 200 62035
117.185.32.26 - - [13/May/2021:11:52:28 +0800] "GET /xingrg/kc/buy/cgsh_order_operate.html?command=get_materiel&rest_code=00106&code=00101007074&supplier_code=00100325&order_time=2021-05-13 HTTP/1.1" 200 417
116.235.95.160 - - [13/May/2021:11:52:28 +0800] "GET /xingrg/kc/buy/cgsh_order_operate.html?command=get_materiel&rest_code=00104&code=00101008144&supplier_code=00100005&order_time=2021-05-13 HTTP/1.1" 200 412
101.93.222.235 - - [13/May/2021:11:52:29 +0800] "GET /xingrg/kc/mdqp/qp_main.html HTTP/1.1" 200 10633
101.93.222.235 - - [13/May/2021:11:52:29 +0800] "GET /xingrg/images/blue/button/qqpsd.gif HTTP/1.1" 304 -
101.93.222.235 - - [13/May/2021:11:52:29 +0800] "GET /xingrg/images/blue/button/psshd.gif HTTP/1.1" 304 -
101.93.222.235 - - [13/May/2021:11:52:29 +0800] "GET /xingrg/images/blue/button/pszx.gif HTTP/1.1" 304 -
116.235.95.160 - - [13/May/2021:11:52:29 +0800] "GET /xingrg/all/function/internal_message.html?_=1620878036442&CODE_STATE=getMsg HTTP/1.1" 200 27
116.230.114.112 - - [13/May/2021:11:52:29 +0800] "POST /xingrg/kc/buy/cgsh_order_operate.html HTTP/1.1" 200 8245
116.230.114.112 - - [13/May/2021:11:52:30 +0800] "GET /xingrg/javascript/easyui/themes/default/validatebox.css HTTP/1.1" 404 1104
116.230.76.31 - - [13/May/2021:11:52:30 +0800] "GET /xingrg/check_reg.html?_=1620877948421 HTTP/1.1" 200 22
116.230.76.31 - - [13/May/2021:11:52:30 +0800] "GET /xingrg/all/function/internal_message.html?_=1620877948423&CODE_STATE=getMsg HTTP/1.1" 200 27
114.88.162.5 - - [13/May/2021:11:52:30 +0800] "GET /xingrg/all/function/internal_message.html?_=1620877947696&CODE_STATE=getMsg HTTP/1.1" 200 27
117.184.7.26 - - [13/May/2021:11:52:32 +0800] "GET /xingrg/kc/buy/cgsh_order_operate.html?command=get_materiel&rest_code=00108&code=00101008132&supplier_code=00100008&order_time=2021-05-13 HTTP/1.1" 200 408
58.37.228.113 - - [13/May/2021:11:52:33 +0800] "GET /xingrg/all/function/internal_message.html?_=1620877911266&CODE_STATE=getMsg HTTP/1.1" 200 27
116.230.76.31 - - [13/May/2021:11:52:35 +0800] "POST /xingrg/kc/buy/cgsh_list_operate.html HTTP/1.1" 200 3632
101.93.222.235 - - [13/May/2021:11:52:36 +0800] "GET /xingrg/kc/mdqp/pssh_order_list.html HTTP/1.1" 200 17567
101.93.222.235 - - [13/May/2021:11:52:36 +0800] "POST /xingrg/kc/mdqp/pssh_list_operate.html HTTP/1.1" 200 5096
116.230.76.31 - - [13/May/2021:11:52:37 +0800] "POST /xingrg/kc/buy/cgsh_list_operate.html HTTP/1.1" 200 579
116.230.76.31 - - [13/May/2021:11:52:38 +0800] "GET /xingrg/kc/buy/cgsh_order_info.html?code=212021051305483 HTTP/1.1" 200 62130
101.93.222.235 - - [13/May/2021:11:52:38 +0800] "POST /xingrg/kc/mdqp/pssh_list_operate.html HTTP/1.1" 200 786
116.230.76.31 - - [13/May/2021:11:52:38 +0800] "GET /xingrg/words/20210513111537_words.js HTTP/1.1" 304 -
116.230.76.31 - - [13/May/2021:11:52:38 +0800] "GET /xingrg/javascript/easyui/themes/default/validatebox.css HTTP/1.1" 404 1104
58.37.228.113 - - [13/May/2021:11:52:39 +0800] "GET /xingrg/kc/buy/cgsh_order_operate.html?command=get_materiel&rest_code=00141&code=00101026165&supplier_code=00100017&order_time=2021-05-13 HTTP/1.1" 200 430
116.230.76.31 - - [13/May/2021:11:52:39 +0800] "POST /xingrg/kc/buy/cgsh_order_operate.html HTTP/1.1" 200 6820
101.93.222.235 - - [13/May/2021:11:52:40 +0800] "GET /xingrg/javascript/jquery_tools/images/next.gif HTTP/1.1" 404 1086
101.93.222.235 - - [13/May/2021:11:52:40 +0800] "GET /xingrg/javascript/jquery_tools/images/prev.gif HTTP/1.1" 404 1086
101.93.222.235 - - [13/May/2021:11:52:40 +0800] "GET /xingrg/kc/mdqp/pssh_order_info.html?code=312021051200340 HTTP/1.1" 200 17281
101.93.222.235 - - [13/May/2021:11:52:40 +0800] "GET /xingrg/javascript/jquery_tools/jquery-1.4.2.min.js HTTP/1.1" 404 1094
101.93.222.235 - - [13/May/2021:11:52:40 +0800] "GET /xingrg/javascript/jquery_tools/order_manager.js HTTP/1.1" 304 -
101.93.222.235 - - [13/May/2021:11:52:40 +0800] "GET /xingrg/javascript/convert.js HTTP/1.1" 304 -
101.93.222.235 - - [13/May/2021:11:52:40 +0800] "GET /xingrg/javascript/print/kc_print.js HTTP/1.1" 304 -
101.93.222.235 - - [13/May/2021:11:52:40 +0800] "GET /xingrg/javascript/json2.js HTTP/1.1" 304 -
101.93.222.235 - - [13/May/2021:11:52:40 +0800] "GET /xingrg/words/20210513111537_words.js HTTP/1.1" 200 812439
101.93.222.235 - - [13/May/2021:11:52:40 +0800] "GET /xingrg/javascript/easyui/themes/icons/ok.png HTTP/1.1" 304 -
101.93.222.235 - - [13/May/2021:11:52:40 +0800] "GET /xingrg/javascript/easyui/themes/icons/print.png HTTP/1.1" 304 -
101.93.222.235 - - [13/May/2021:11:52:40 +0800] "GET /xingrg/javascript/easyui/themes/icons/back_new.png HTTP/1.1" 304 -
101.93.222.235 - - [13/May/2021:11:52:40 +0800] "GET /xingrg/javascript/easyui/themes/default/images/menu_downarrow.png HTTP/1.1" 304 -
180.161.124.236 - - [13/May/2021:11:52:40 +0800] "GET /xingrg/check_reg.html?_=1620877917586 HTTP/1.1" 200 22
101.93.222.235 - - [13/May/2021:11:52:40 +0800] "POST /xingrg/kc/mdqp/pssh_order_operate.html HTTP/1.1" 200 5798
101.93.222.235 - - [13/May/2021:11:52:40 +0800] "GET /xingrg/all/common/auto_word.html?type=base&rest_code=00147&rest_code=00147 HTTP/1.1" 200 1707
101.93.222.235 - - [13/May/2021:11:52:40 +0800] "GET /xingrg/javascript/easyui/themes/default/validatebox.css HTTP/1.1" 404 1104
101.93.222.235 - - [13/May/2021:11:52:40 +0800] "GET /xingrg/javascript/easyui/plugins/jquery.validatebox.js HTTP/1.1" 304 -
101.93.222.235 - - [13/May/2021:11:52:40 +0800] "GET /xingrg/all/common/auto_word.html?type=employee&rest_code=00147 HTTP/1.1" 200 101
101.93.222.235 - - [13/May/2021:11:52:40 +0800] "GET /xingrg/javascript/easyui/plugins/jquery.numberbox.js HTTP/1.1" 304 -
116.230.76.31 - - [13/May/2021:11:52:42 +0800] "GET /xingrg/javascript/auto/indicator.gif HTTP/1.1" 404 1066
116.230.114.112 - - [13/May/2021:11:52:42 +0800] "GET /xingrg/kc/buy/cgsh_order_operate.html?command=get_materiel&rest_code=00146&code=00101002007&supplier_code=00100442&order_time=2021-05-13 HTTP/1.1" 200 409
101.93.222.235 - - [13/May/2021:11:52:43 +0800] "GET /xingrg/javascript/easyui/themes/default/images/button_plain_hover.png HTTP/1.1" 304 -
180.169.147.146 - - [13/May/2021:11:52:45 +0800] "GET /xingrg/all/function/internal_message.html?_=1620877963287&CODE_STATE=getMsg HTTP/1.1" 200 27
101.93.222.235 - - [13/May/2021:11:52:51 +0800] "GET /xingrg/kc/mdqp/pssh_order_list.html?isBack=1 HTTP/1.1" 200 17567
101.93.222.235 - - [13/May/2021:11:52:51 +0800] "POST /xingrg/kc/mdqp/pssh_list_operate.html HTTP/1.1" 200 5096
117.184.7.26 - - [13/May/2021:11:52:51 +0800] "GET /xingrg/check_reg.html?_=1620877948556 HTTP/1.1" 200 22
117.184.7.26 - - [13/May/2021:11:52:51 +0800] "GET /xingrg/all/function/internal_message.html?_=1620877948558&CODE_STATE=getMsg HTTP/1.1" 200 27
101.93.222.235 - - [13/May/2021:11:52:52 +0800] "POST /xingrg/kc/mdqp/pssh_list_operate.html HTTP/1.1" 200 786
101.93.222.235 - - [13/May/2021:11:52:53 +0800] "GET /xingrg/kc/mdqp/pssh_order_info.html?code=312021051200340 HTTP/1.1" 200 17281
101.93.222.235 - - [13/May/2021:11:52:53 +0800] "GET /xingrg/javascript/jquery_tools/jquery-1.4.2.min.js HTTP/1.1" 404 1094
101.93.222.235 - - [13/May/2021:11:52:53 +0800] "POST /xingrg/kc/mdqp/pssh_order_operate.html HTTP/1.1" 200 5798
101.93.222.235 - - [13/May/2021:11:52:54 +0800] "GET /xingrg/javascript/easyui/themes/default/validatebox.css HTTP/1.1" 404 1104
58.37.228.113 - - [13/May/2021:11:52:54 +0800] "GET /xingrg/kc/buy/cgsh_order_operate.html?command=get_materiel&rest_code=00141&code=00101028012&supplier_code=00100017&order_time=2021-05-13 HTTP/1.1" 200 477
117.184.7.26 - - [13/May/2021:11:52:54 +0800] "GET /xingrg/kc/buy/cgsh_order_operate.html?command=get_materiel&rest_code=00108&code=00101008257&supplier_code=00100008&order_time=2021-05-13 HTTP/1.1" 200 416
101.93.222.235 - - [13/May/2021:11:52:56 +0800] "GET /xingrg/kc/mdqp/pssh_order_list.html?isBack=1 HTTP/1.1" 200 17567
101.93.222.235 - - [13/May/2021:11:52:56 +0800] "POST /xingrg/kc/mdqp/pssh_list_operate.html HTTP/1.1" 200 5096
101.85.94.178 - - [13/May/2021:11:52:56 +0800] "GET /xingrg HTTP/1.1" 302 -
116.230.76.31 - - [13/May/2021:11:52:57 +0800] "POST /xingrg/kc/buy/cgsh_order_operate.html HTTP/1.1" 200 64
101.93.222.235 - - [13/May/2021:11:52:57 +0800] "POST /xingrg/kc/mdqp/pssh_list_operate.html HTTP/1.1" 200 798
101.85.94.178 - - [13/May/2021:11:52:57 +0800] "GET /xingrg/index.html HTTP/1.1" 302 -
101.85.94.178 - - [13/May/2021:11:52:57 +0800] "GET /xingrg/login.html HTTP/1.1" 200 7641
101.85.94.178 - - [13/May/2021:11:52:57 +0800] "GET /favicon.ico HTTP/1.1" 404 -
116.230.114.112 - - [13/May/2021:11:52:58 +0800] "POST /xingrg/kc/buy/cgsh_order_operate.html HTTP/1.1" 200 37
101.85.94.178 - - [13/May/2021:11:52:59 +0800] "GET /favicon.ico HTTP/1.1" 404 -
116.230.114.112 - - [13/May/2021:11:52:59 +0800] "POST /xingrg/kc/buy/cgsh_order_operate.html HTTP/1.1" 200 2656
101.93.222.235 - - [13/May/2021:11:53:00 +0800] "POST /xingrg/kc/mdqp/pssh_list_operate.html HTTP/1.1" 200 259
120.253.135.82 - - [13/May/2021:11:53:01 +0800] "GET /xingrg/all/function/internal_message.html?_=1620877760161&CODE_STATE=getMsg HTTP/1.1" 200 27
116.230.76.31 - - [13/May/2021:11:53:01 +0800] "POST /xingrg/kc/buy/cgsh_order_operate.html HTTP/1.1" 200 37
116.230.76.31 - - [13/May/2021:11:53:03 +0800] "POST /xingrg/kc/buy/cgsh_order_operate.html HTTP/1.1" 200 6814
116.230.114.112 - - [13/May/2021:11:53:04 +0800] "GET /xingrg/kc/print/load_data.html?order_code=212021051305640&kc_code=cgsh&condition= HTTP/1.1" 200 681
101.93.222.235 - - [13/May/2021:11:53:04 +0800] "POST /xingrg/kc/mdqp/pssh_list_operate.html HTTP/1.1" 200 641
116.224.253.72 - - [13/May/2021:11:53:05 +0800] "GET /xingrg/all/function/internal_message.html?_=1620877983665&CODE_STATE=getMsg HTTP/1.1" 200 27
101.93.222.235 - - [13/May/2021:11:53:06 +0800] "POST /xingrg/kc/mdqp/pssh_list_operate.html HTTP/1.1" 200 448
101.85.94.178 - - [13/May/2021:11:53:07 +0800] "POST /xingrg/login.do HTTP/1.1" 302 -
101.85.94.178 - - [13/May/2021:11:53:07 +0800] "GET /xingrg/index.html?sysBaseUrl=http%3A%2F%2F180.169.147.146%3A18081%2Fxingrg%2F&costTime=39×tamp=1620877987282 HTTP/1.1" 200 17179
101.93.222.235 - - [13/May/2021:11:53:07 +0800] "POST /xingrg/kc/mdqp/pssh_list_operate.html HTTP/1.1" 200 764
101.85.94.178 - - [13/May/2021:11:53:08 +0800] "GET /favicon.ico HTTP/1.1" 404 -
101.85.94.178 - - [13/May/2021:11:53:08 +0800] "POST /xingrg/all/common/load_tree.html?tree=area_rest_tree_json&manage=1 HTTP/1.1" 200 351
101.85.94.178 - - [13/May/2021:11:53:08 +0800] "GET /xingrg/all/function/internal_message.html?_=1620877487747&CODE_STATE=count HTTP/1.1" 200 11
101.85.94.178 - - [13/May/2021:11:53:08 +0800] "GET /xingrg/check_reg.html?_=1620877487748 HTTP/1.1" 200 22
101.85.94.178 - - [13/May/2021:11:53:08 +0800] "POST /xingrg/load_menu.html HTTP/1.1" 200 5138
101.93.222.235 - - [13/May/2021:11:53:10 +0800] "POST /xingrg/kc/mdqp/pssh_list_operate.html HTTP/1.1" 200 260
116.224.253.72 - - [13/May/2021:11:53:10 +0800] "GET /xingrg/all/function/internal_message.html?_=1620877976231&CODE_STATE=getMsg HTTP/1.1" 200 27
61.165.42.208 - - [13/May/2021:11:53:11 +0800] "GET /xingrg/all/function/internal_message.html?_=1620877989551&CODE_STATE=getMsg HTTP/1.1" 200 27
116.230.114.112 - - [13/May/2021:11:53:11 +0800] "GET /xingrg/all/function/internal_message.html?_=1620878003139&CODE_STATE=getMsg HTTP/1.1" 200 27
116.230.110.80 - - [13/May/2021:11:53:14 +0800] "GET /xingrg/all/function/internal_message.html?_=1620877992398&CODE_STATE=getMsg HTTP/1.1" 200 27
101.93.222.235 - - [13/May/2021:11:53:14 +0800] "GET /xingrg/kc/mdqp/pssh_order_info.html?code=312021051200342 HTTP/1.1" 200 17277
101.93.222.235 - - [13/May/2021:11:53:14 +0800] "POST /xingrg/kc/mdqp/pssh_list_operate.html HTTP/1.1" 200 4621
101.93.222.235 - - [13/May/2021:11:53:14 +0800] "GET /xingrg/javascript/jquery_tools/jquery-1.4.2.min.js HTTP/1.1" 404 1094
101.93.222.235 - - [13/May/2021:11:53:15 +0800] "POST /xingrg/kc/mdqp/pssh_order_operate.html HTTP/1.1" 200 11130
101.93.222.235 - - [13/May/2021:11:53:15 +0800] "GET /xingrg/javascript/easyui/themes/default/validatebox.css HTTP/1.1" 404 1104
117.184.7.26 - - [13/May/2021:11:53:17 +0800] "GET /xingrg/kc/buy/cgsh_order_operate.html?command=get_materiel&rest_code=00108&code=00101008331&supplier_code=00100008&order_time=2021-05-13 HTTP/1.1" 200 416
116.230.114.112 - - [13/May/2021:11:53:17 +0800] "GET /xingrg/kc/buy/cgsh_order_add.html HTTP/1.1" 200 62035
114.86.225.153 - - [13/May/2021:11:53:17 +0800] "GET /xingrg/all/function/internal_message.html?_=1620877996042&CODE_STATE=getMsg HTTP/1.1" 200 27
101.85.94.178 - - [13/May/2021:11:53:18 +0800] "GET /xingrg/kc/buy/cgsh_order_list.html HTTP/1.1" 200 46297
116.230.114.112 - - [13/May/2021:11:53:18 +0800] "POST /xingrg/kc/buy/cgsh_order_operate.html HTTP/1.1" 200 8245
116.230.114.112 - - [13/May/2021:11:53:19 +0800] "GET /xingrg/javascript/easyui/themes/default/validatebox.css HTTP/1.1" 404 1104
58.37.228.113 - - [13/May/2021:11:53:19 +0800] "GET /xingrg/kc/buy/cgsh_order_operate.html?command=get_materiel&rest_code=00141&code=00101028008&supplier_code=00100017&order_time=2021-05-13 HTTP/1.1" 200 449
101.85.94.178 - - [13/May/2021:11:53:20 +0800] "POST /xingrg/kc/buy/cgsh_list_operate.html HTTP/1.1" 200 1690
58.37.228.113 - - [13/May/2021:11:53:20 +0800] "GET /xingrg/all/function/internal_message.html?_=1620878004744&CODE_STATE=getMsg HTTP/1.1" 200 27
180.169.147.146 - - [13/May/2021:11:53:21 +0800] "GET /xingrg/all/function/internal_message.html?_=1620878001430&CODE_STATE=getMsg HTTP/1.1" 200 27
117.185.32.26 - - [13/May/2021:11:53:23 +0800] "GET /xingrg/all/function/internal_message.html?_=1620878528635&CODE_STATE=getMsg HTTP/1.1" 200 27
117.185.32.26 - - [13/May/2021:11:53:23 +0800] "GET /xingrg/check_reg.html?_=1620878528777 HTTP/1.1" 200 22
180.161.124.236 - - [13/May/2021:11:53:23 +0800] "GET /xingrg/all/function/internal_message.html?_=1620877960596&CODE_STATE=getMsg HTTP/1.1" 200 27
180.169.147.146 - - [13/May/2021:11:53:23 +0800] "GET /favicon.ico HTTP/1.1" 404 -
180.162.112.86 - - [13/May/2021:11:53:25 +0800] "GET /xingrg/all/function/internal_message.html?_=1620877732532&CODE_STATE=getMsg HTTP/1.1" 200 27
222.69.129.194 - - [13/May/2021:11:53:25 +0800] "GET /xingrg/all/function/internal_message.html?_=1620878002757&CODE_STATE=getMsg HTTP/1.1" 200 27
101.93.222.235 - - [13/May/2021:11:53:25 +0800] "GET /xingrg/all/function/internal_message.html?_=1620878003909&CODE_STATE=getMsg HTTP/1.1" 200 27
116.224.253.72 - - [13/May/2021:11:53:27 +0800] "GET /xingrg/all/function/internal_message.html?_=1620877992831&CODE_STATE=getMsg HTTP/1.1" 200 27
180.169.147.146 - - [13/May/2021:11:53:27 +0800] "GET /xingrg/all/function/internal_message.html?_=1620878001350&CODE_STATE=getMsg HTTP/1.1" 302 -
222.69.129.194 - - [13/May/2021:11:53:27 +0800] "GET /xingrg/check_reg.html?_=1620878004804 HTTP/1.1" 200 22
116.235.95.160 - - [13/May/2021:11:53:29 +0800] "GET /xingrg/all/function/internal_message.html?_=1620878096412&CODE_STATE=getMsg HTTP/1.1" 200 27
116.230.76.31 - - [13/May/2021:11:53:30 +0800] "GET /xingrg/all/function/internal_message.html?_=1620878008424&CODE_STATE=getMsg HTTP/1.1" 200 27
114.88.162.5 - - [13/May/2021:11:53:31 +0800] "GET /xingrg/all/function/internal_message.html?_=1620878007705&CODE_STATE=getMsg HTTP/1.1" 200 27
58.221.95.50 - - [13/May/2021:11:53:33 +0800] "GET /xingrg/check_reg.html?_=1620878010948 HTTP/1.1" 302 -
58.37.228.113 - - [13/May/2021:11:53:33 +0800] "GET /xingrg/all/function/internal_message.html?_=1620877971251&CODE_STATE=getMsg HTTP/1.1" 200 27
101.93.222.235 - - [13/May/2021:11:53:35 +0800] "POST /xingrg/kc/mdqp/pssh_list_operate.html HTTP/1.1" 200 4621
101.93.222.235 - - [13/May/2021:11:53:38 +0800] "POST /xingrg/kc/mdqp/pssh_list_operate.html HTTP/1.1" 200 260
58.37.228.113 - - [13/May/2021:11:53:39 +0800] "GET /xingrg/kc/buy/cgsh_order_operate.html?command=get_materiel&rest_code=00141&code=00101029002&supplier_code=00100017&order_time=2021-05-13 HTTP/1.1" 200 450
101.93.222.235 - - [13/May/2021:11:53:41 +0800] "POST /xingrg/kc/mdqp/pssh_list_operate.html HTTP/1.1" 200 255
116.230.114.112 - - [13/May/2021:11:53:41 +0800] "GET /xingrg/kc/buy/cgsh_order_operate.html?command=get_materiel&rest_code=00146&code=00101006001&supplier_code=00100404&order_time=2021-05-13 HTTP/1.1" 200 428
101.93.222.235 - - [13/May/2021:11:53:43 +0800] "POST /xingrg/kc/mdqp/pssh_list_operate.html HTTP/1.1" 200 789
180.169.147.146 - - [13/May/2021:11:53:45 +0800] "GET /xingrg/all/function/internal_message.html?_=1620878023284&CODE_STATE=getMsg HTTP/1.1" 200 27
101.93.222.235 - - [13/May/2021:11:53:45 +0800] "GET /xingrg/kc/mdqp/pssh_order_info.html?code=312021051100321 HTTP/1.1" 200 17250
101.93.222.235 - - [13/May/2021:11:53:45 +0800] "GET /xingrg/javascript/jquery_tools/jquery-1.4.2.min.js HTTP/1.1" 404 1094
101.93.222.235 - - [13/May/2021:11:53:45 +0800] "POST /xingrg/kc/mdqp/pssh_order_operate.html HTTP/1.1" 200 4216
101.93.222.235 - - [13/May/2021:11:53:45 +0800] "GET /xingrg/javascript/easyui/themes/default/validatebox.css HTTP/1.1" 404 1104
58.37.228.113 - - [13/May/2021:11:53:48 +0800] "GET /xingrg/kc/buy/cgsh_order_operate.html?command=get_materiel&rest_code=00141&code=00101029022&supplier_code=00100017&order_time=2021-05-13 HTTP/1.1" 200 471
117.184.7.26 - - [13/May/2021:11:53:51 +0800] "GET /xingrg/all/function/internal_message.html?_=1620878008546&CODE_STATE=getMsg HTTP/1.1" 200 27
101.93.222.235 - - [13/May/2021:11:53:53 +0800] "GET /xingrg/kc/mdqp/qqps_order_list.html HTTP/1.1" 200 9222
101.93.222.235 - - [13/May/2021:11:53:53 +0800] "GET /xingrg/javascript/Calendar.js HTTP/1.1" 304 -
101.93.222.235 - - [13/May/2021:11:53:53 +0800] "GET /xingrg/dwr/interface/AjaxReportQueryService.js HTTP/1.1" 200 13203
101.93.222.235 - - [13/May/2021:11:53:53 +0800] "GET /xingrg/dwr/engine.js HTTP/1.1" 200 43631
101.93.222.235 - - [13/May/2021:11:53:53 +0800] "GET /xingrg/dwr/interface/AjaxQqpsService.js HTTP/1.1" 200 16326
101.93.222.235 - - [13/May/2021:11:53:53 +0800] "GET /xingrg/dwr/util.js HTTP/1.1" 200 35990
101.93.222.235 - - [13/May/2021:11:53:53 +0800] "GET /xingrg/javascript/jquery_easy_ui/themes/icons/edit_add_new.png HTTP/1.1" 304 -
101.93.222.235 - - [13/May/2021:11:53:53 +0800] "GET /xingrg/javascript/jquery_easy_ui/themes/icons/cance_new.png HTTP/1.1" 304 -
101.93.222.235 - - [13/May/2021:11:53:53 +0800] "GET /xingrg/javascript/jquery_easy_ui/themes/icons/check_new.png HTTP/1.1" 304 -
101.93.222.235 - - [13/May/2021:11:53:53 +0800] "GET /xingrg/javascript/jquery_easy_ui/themes/icons/uncheck_new.png HTTP/1.1" 304 -
101.93.222.235 - - [13/May/2021:11:53:54 +0800] "GET /xingrg/kc/mdqp/pssh_order_list.html HTTP/1.1" 200 17567
101.93.222.235 - - [13/May/2021:11:53:54 +0800] "POST /xingrg/kc/mdqp/pssh_list_operate.html HTTP/1.1" 200 5096
58.37.228.113 - - [13/May/2021:11:53:58 +0800] "GET /xingrg/kc/buy/cgsh_order_operate.html?command=get_materiel&rest_code=00141&code=00101029005&supplier_code=00100017&order_time=2021-05-13 HTTP/1.1" 200 435
120.253.135.82 - - [13/May/2021:11:54:01 +0800] "GET /xingrg/all/function/internal_message.html?_=1620877820173&CODE_STATE=getMsg HTTP/1.1" 200 27
101.93.222.235 - - [13/May/2021:11:54:03 +0800] "POST /xingrg/kc/mdqp/pssh_list_operate.html HTTP/1.1" 200 764
116.224.253.72 - - [13/May/2021:11:54:05 +0800] "GET /xingrg/all/function/internal_message.html?_=1620878043672&CODE_STATE=getMsg HTTP/1.1" 200 27
101.93.222.235 - - [13/May/2021:11:54:07 +0800] "POST /xingrg/kc/mdqp/pssh_list_operate.html HTTP/1.1" 200 260
101.85.94.178 - - [13/May/2021:11:54:08 +0800] "GET /xingrg/all/function/internal_message.html?_=1620877547770&CODE_STATE=getMsg HTTP/1.1" 200 27
116.224.253.72 - - [13/May/2021:11:54:08 +0800] "GET /xingrg/check_reg.html?_=1620878034198 HTTP/1.1" 200 22
117.184.7.26 - - [13/May/2021:11:54:10 +0800] "GET /xingrg/kc/buy/cgsh_order_operate.html?command=get_materiel&rest_code=00108&code=00101008350&supplier_code=00100008&order_time=2021-05-13 HTTP/1.1" 200 408
116.224.253.72 - - [13/May/2021:11:54:10 +0800] "GET /xingrg/all/function/internal_message.html?_=1620878036245&CODE_STATE=getMsg HTTP/1.1" 200 27
101.93.222.235 - - [13/May/2021:11:54:10 +0800] "POST /xingrg/kc/mdqp/pssh_list_operate.html HTTP/1.1" 200 597
61.165.42.208 - - [13/May/2021:11:54:11 +0800] "GET /xingrg/all/function/internal_message.html?_=1620878049556&CODE_STATE=getMsg HTTP/1.1" 200 27
116.230.114.112 - - [13/May/2021:11:54:11 +0800] "GET /xingrg/all/function/internal_message.html?_=1620878063153&CODE_STATE=getMsg HTTP/1.1" 200 27
101.93.222.235 - - [13/May/2021:11:54:12 +0800] "GET /xingrg/kc/mdqp/pssh_order_info.html?code=312021051200341 HTTP/1.1" 200 17277
101.93.222.235 - - [13/May/2021:11:54:12 +0800] "GET /xingrg/javascript/jquery_tools/jquery-1.4.2.min.js HTTP/1.1" 404 1094
101.93.222.235 - - [13/May/2021:11:54:12 +0800] "POST /xingrg/kc/mdqp/pssh_order_operate.html HTTP/1.1" 200 2144
101.93.222.235 - - [13/May/2021:11:54:12 +0800] "GET /xingrg/javascript/easyui/themes/default/validatebox.css HTTP/1.1" 404 1104
116.230.110.80 - - [13/May/2021:11:54:14 +0800] "GET /xingrg/all/function/internal_message.html?_=1620878052400&CODE_STATE=getMsg HTTP/1.1" 200 27
116.230.110.80 - - [13/May/2021:11:54:14 +0800] "GET /xingrg/check_reg.html?_=1620878052404 HTTP/1.1" 200 22
101.93.222.235 - - [13/May/2021:11:54:16 +0800] "GET /xingrg/kc/mdqp/pssh_order_list.html?isBack=1 HTTP/1.1" 200 17567
101.93.222.235 - - [13/May/2021:11:54:16 +0800] "POST /xingrg/kc/mdqp/pssh_list_operate.html HTTP/1.1" 200 5096
116.230.114.112 - - [13/May/2021:11:54:16 +0800] "POST /xingrg/kc/buy/cgsh_order_operate.html HTTP/1.1" 200 37
114.86.225.153 - - [13/May/2021:11:54:17 +0800] "GET /xingrg/all/function/internal_message.html?_=1620878056045&CODE_STATE=getMsg HTTP/1.1" 200 27
116.230.114.112 - - [13/May/2021:11:54:18 +0800] "POST /xingrg/kc/buy/cgsh_order_operate.html HTTP/1.1" 200 2675
58.37.228.113 - - [13/May/2021:11:54:20 +0800] "GET /xingrg/all/function/internal_message.html?_=1620878064746&CODE_STATE=getMsg HTTP/1.1" 200 27
58.37.228.113 - - [13/May/2021:11:54:20 +0800] "GET /xingrg/kc/buy/cgsh_order_operate.html?command=get_materiel&rest_code=00141&code=00101029017&supplier_code=00100017&order_time=2021-05-13 HTTP/1.1" 200 467
180.169.147.146 - - [13/May/2021:11:54:21 +0800] "GET /xingrg/all/function/internal_message.html?_=1620878061434&CODE_STATE=getMsg HTTP/1.1" 200 27
116.230.114.112 - - [13/May/2021:11:54:21 +0800] "GET /xingrg/kc/print/load_data.html?order_code=212021051305641&kc_code=cgsh&condition= HTTP/1.1" 200 715
117.185.32.26 - - [13/May/2021:11:54:23 +0800] "GET /xingrg/all/function/internal_message.html?_=1620878588605&CODE_STATE=getMsg HTTP/1.1" 200 27
180.161.124.236 - - [13/May/2021:11:54:23 +0800] "GET /xingrg/all/function/internal_message.html?_=1620878020608&CODE_STATE=getMsg HTTP/1.1" 200 27
180.162.112.86 - - [13/May/2021:11:54:25 +0800] "GET /xingrg/all/function/internal_message.html?_=1620877792517&CODE_STATE=getMsg HTTP/1.1" 200 27
222.69.129.194 - - [13/May/2021:11:54:25 +0800] "GET /xingrg/all/function/internal_message.html?_=1620878062746&CODE_STATE=getMsg HTTP/1.1" 200 27
101.93.222.235 - - [13/May/2021:11:54:25 +0800] "GET /xingrg/all/function/internal_message.html?_=1620878063910&CODE_STATE=getMsg HTTP/1.1" 200 27
116.224.253.72 - - [13/May/2021:11:54:27 +0800] "GET /xingrg/all/function/internal_message.html?_=1620878052843&CODE_STATE=getMsg HTTP/1.1" 200 27
180.169.147.146 - - [13/May/2021:11:54:27 +0800] "GET /xingrg/all/function/internal_message.html?_=1620878061345&CODE_STATE=getMsg HTTP/1.1" 302 -
116.235.95.160 - - [13/May/2021:11:54:29 +0800] "GET /xingrg/all/function/internal_message.html?_=1620878156381&CODE_STATE=getMsg HTTP/1.1" 200 27
116.230.76.31 - - [13/May/2021:11:54:30 +0800] "GET /xingrg/all/function/internal_message.html?_=1620878068430&CODE_STATE=getMsg HTTP/1.1" 200 27
114.88.162.5 - - [13/May/2021:11:54:31 +0800] "GET /xingrg/all/function/internal_message.html?_=1620878067705&CODE_STATE=getMsg HTTP/1.1" 200 27
58.37.228.113 - - [13/May/2021:11:54:33 +0800] "GET /xingrg/all/function/internal_message.html?_=1620878031263&CODE_STATE=getMsg HTTP/1.1" 200 27
58.37.228.113 - - [13/May/2021:11:54:35 +0800] "GET /xingrg/kc/buy/cgsh_order_operate.html?command=get_materiel&rest_code=00141&code=00101029010&supplier_code=00100017&order_time=2021-05-13 HTTP/1.1" 200 439
180.162.112.86 - - [13/May/2021:11:54:40 +0800] "GET /xingrg/kc/buy/buy_main.html HTTP/1.1" 200 12412
180.162.112.86 - - [13/May/2021:11:54:40 +0800] "GET /xingrg/css/new_ie.css HTTP/1.1" 404 1036
58.37.228.113 - - [13/May/2021:11:54:43 +0800] "POST /xingrg/kc/buy/cgsh_order_operate.html HTTP/1.1" 200 37
180.162.112.86 - - [13/May/2021:11:54:43 +0800] "GET /xingrg/images/yd/bt.gif HTTP/1.1" 404 1040
180.169.147.146 - - [13/May/2021:11:54:45 +0800] "GET /xingrg/all/function/internal_message.html?_=1620878083277&CODE_STATE=getMsg HTTP/1.1" 200 27
58.37.228.113 - - [13/May/2021:11:54:46 +0800] "POST /xingrg/kc/buy/cgsh_order_operate.html HTTP/1.1" 200 12
117.185.32.26 - - [13/May/2021:11:54:46 +0800] "GET /xingrg/kc/buy/cgsh_order_operate.html?command=get_materiel&rest_code=00106&code=00101001039&supplier_code=00100325&order_time=2021-05-13 HTTP/1.1" 200 423
180.162.112.86 - - [13/May/2021:11:54:47 +0800] "GET /xingrg/kc/buy/cgsh_order_list.html HTTP/1.1" 200 46297
180.162.112.86 - - [13/May/2021:11:54:50 +0800] "POST /xingrg/kc/buy/cgsh_list_operate.html HTTP/1.1" 200 2427
117.184.7.26 - - [13/May/2021:11:54:51 +0800] "GET /xingrg/all/function/internal_message.html?_=1620878068558&CODE_STATE=getMsg HTTP/1.1" 200 27
180.162.112.86 - - [13/May/2021:11:54:53 +0800] "POST /xingrg/kc/buy/cgsh_list_operate.html HTTP/1.1" 200 562
58.37.228.113 - - [13/May/2021:11:54:54 +0800] "GET /xingrg/kc/buy/cgsh_order_info.html?code=212021051305642 HTTP/1.1" 200 56935
58.37.228.113 - - [13/May/2021:11:54:54 +0800] "GET /xingrg/javascript/easyui/themes/default/validatebox.css HTTP/1.1" 404 1104
180.162.112.86 - - [13/May/2021:11:54:54 +0800] "GET /xingrg/kc/buy/cgsh_order_info.html?code=212021051305487 HTTP/1.1" 200 61114
58.37.228.113 - - [13/May/2021:11:54:54 +0800] "POST /xingrg/kc/buy/cgsh_order_operate.html HTTP/1.1" 200 5617
180.162.112.86 - - [13/May/2021:11:54:55 +0800] "GET /xingrg/javascript/easyui/themes/default/validatebox.css HTTP/1.1" 404 1104
180.162.112.86 - - [13/May/2021:11:54:55 +0800] "POST /xingrg/kc/buy/cgsh_order_operate.html HTTP/1.1" 200 14448
58.37.228.113 - - [13/May/2021:11:54:57 +0800] "GET /xingrg/kc/print/load_data.html?order_code=212021051305642&kc_code=cgsh&condition= HTTP/1.1" 200 2851
120.253.135.82 - - [13/May/2021:11:55:00 +0800] "GET /xingrg/check_reg.html?_=1620877879878 HTTP/1.1" 200 22
120.253.135.82 - - [13/May/2021:11:55:01 +0800] "GET /xingrg/all/function/internal_message.html?_=1620877880186&CODE_STATE=getMsg HTTP/1.1" 200 27
180.162.112.86 - - [13/May/2021:11:55:04 +0800] "GET /xingrg/javascript/auto/indicator.gif HTTP/1.1" 404 1066
116.224.253.72 - - [13/May/2021:11:55:05 +0800] "GET /xingrg/all/function/internal_message.html?_=1620878103663&CODE_STATE=getMsg HTTP/1.1" 200 27
116.224.253.72 - - [13/May/2021:11:55:05 +0800] "GET /xingrg/check_reg.html?_=1620878103664 HTTP/1.1" 200 22
117.184.7.26 - - [13/May/2021:11:55:06 +0800] "GET /xingrg/kc/buy/cgsh_order_operate.html?command=get_materiel&rest_code=00108&code=00101008244&supplier_code=00100008&order_time=2021-05-13 HTTP/1.1" 200 408
101.85.94.178 - - [13/May/2021:11:55:08 +0800] "GET /xingrg/all/function/internal_message.html?_=1620877607755&CODE_STATE=getMsg HTTP/1.1" 200 27
180.162.112.86 - - [13/May/2021:11:55:09 +0800] "GET /xingrg/kc/buy/cgsh_order_operate.html?command=get_materiel&rest_code=00143&code=00101008205&supplier_code=00100161&order_time=2021-05-13 HTTP/1.1" 200 412
116.224.253.72 - - [13/May/2021:11:55:10 +0800] "GET /xingrg/all/function/internal_message.html?_=1620878096258&CODE_STATE=getMsg HTTP/1.1" 200 27
61.165.42.208 - - [13/May/2021:11:55:11 +0800] "GET /xingrg/all/function/internal_message.html?_=1620878109562&CODE_STATE=getMsg HTTP/1.1" 200 27
61.165.42.208 - - [13/May/2021:11:55:11 +0800] "GET /xingrg/check_reg.html?_=1620878109566 HTTP/1.1" 200 22
116.230.114.112 - - [13/May/2021:11:55:11 +0800] "GET /xingrg/all/function/internal_message.html?_=1620878123597&CODE_STATE=getMsg HTTP/1.1" 200 27
116.230.110.80 - - [13/May/2021:11:55:14 +0800] "GET /xingrg/all/function/internal_message.html?_=1620878112397&CODE_STATE=getMsg HTTP/1.1" 200 27
114.86.225.153 - - [13/May/2021:11:55:17 +0800] "GET /xingrg/all/function/internal_message.html?_=1620878116044&CODE_STATE=getMsg HTTP/1.1" 200 27
114.86.225.153 - - [13/May/2021:11:55:17 +0800] "GET /xingrg/check_reg.html?_=1620878116044 HTTP/1.1" 200 22
58.37.228.113 - - [13/May/2021:11:55:20 +0800] "GET /xingrg/all/function/internal_message.html?_=1620878124749&CODE_STATE=getMsg HTTP/1.1" 200 27
180.169.147.146 - - [13/May/2021:11:55:21 +0800] "GET /xingrg/all/function/internal_message.html?_=1620878121438&CODE_STATE=getMsg HTTP/1.1" 200 27
180.169.147.146 - - [13/May/2021:11:55:21 +0800] "GET /xingrg/check_reg.html?_=1620878121443 HTTP/1.1" 200 22
180.162.112.86 - - [13/May/2021:11:55:21 +0800] "POST /xingrg/kc/buy/cgsh_order_operate.html HTTP/1.1" 200 37
117.185.32.26 - - [13/May/2021:11:55:23 +0800] "GET /xingrg/all/function/internal_message.html?_=1620878648587&CODE_STATE=getMsg HTTP/1.1" 200 27
180.162.112.86 - - [13/May/2021:11:55:23 +0800] "POST /xingrg/kc/buy/cgsh_order_operate.html HTTP/1.1" 200 15038
180.161.124.236 - - [13/May/2021:11:55:24 +0800] "GET /xingrg/all/function/internal_message.html?_=1620878081169&CODE_STATE=getMsg HTTP/1.1" 200 27
180.162.112.86 - - [13/May/2021:11:55:25 +0800] "GET /xingrg/all/function/internal_message.html?_=1620877852545&CODE_STATE=getMsg HTTP/1.1" 200 27
222.69.129.194 - - [13/May/2021:11:55:25 +0800] "GET /xingrg/all/function/internal_message.html?_=1620878122733&CODE_STATE=getMsg HTTP/1.1" 200 27
101.93.222.235 - - [13/May/2021:11:55:25 +0800] "GET /xingrg/check_reg.html?_=1620878123910 HTTP/1.1" 200 22
101.93.222.235 - - [13/May/2021:11:55:25 +0800] "GET /xingrg/all/function/internal_message.html?_=1620878123912&CODE_STATE=getMsg HTTP/1.1" 200 27
180.169.147.146 - - [13/May/2021:11:55:27 +0800] "GET /xingrg/all/function/internal_message.html?_=1620878121353&CODE_STATE=getMsg HTTP/1.1" 302 -
116.224.253.72 - - [13/May/2021:11:55:27 +0800] "GET /xingrg/all/function/internal_message.html?_=1620878112885&CODE_STATE=getMsg HTTP/1.1" 200 27
116.235.95.160 - - [13/May/2021:11:55:29 +0800] "GET /xingrg/all/function/internal_message.html?_=1620878216352&CODE_STATE=getMsg HTTP/1.1" 200 27
116.230.76.31 - - [13/May/2021:11:55:30 +0800] "GET /xingrg/all/function/internal_message.html?_=1620878128440&CODE_STATE=getMsg HTTP/1.1" 200 27
114.88.162.5 - - [13/May/2021:11:55:31 +0800] "GET /xingrg/all/function/internal_message.html?_=1620878127705&CODE_STATE=getMsg HTTP/1.1" 200 27
58.37.228.113 - - [13/May/2021:11:55:33 +0800] "GET /xingrg/all/function/internal_message.html?_=1620878091238&CODE_STATE=getMsg HTTP/1.1" 200 27
117.184.7.26 - - [13/May/2021:11:55:34 +0800] "GET /xingrg/kc/buy/cgsh_order_operate.html?command=get_materiel&rest_code=00108&code=00101008185&supplier_code=00100008&order_time=2021-05-13 HTTP/1.1" 200 428
117.185.32.26 - - [13/May/2021:11:55:40 +0800] "POST /xingrg/kc/buy/cgsh_order_operate.html HTTP/1.1" 200 37
117.185.32.26 - - [13/May/2021:11:55:43 +0800] "POST /xingrg/kc/buy/cgsh_order_operate.html HTTP/1.1" 200 12
117.185.32.26 - - [13/May/2021:11:55:44 +0800] "GET /xingrg/kc/buy/cgsh_order_info.html?code=212021051305643 HTTP/1.1" 200 56935
117.185.32.26 - - [13/May/2021:11:55:44 +0800] "GET /xingrg/words/20210513111537_words.js HTTP/1.1" 304 -
117.185.32.26 - - [13/May/2021:11:55:44 +0800] "GET /xingrg/javascript/easyui/themes/default/validatebox.css HTTP/1.1" 404 1104
117.185.32.26 - - [13/May/2021:11:55:44 +0800] "POST /xingrg/kc/buy/cgsh_order_operate.html HTTP/1.1" 200 1217
180.169.147.146 - - [13/May/2021:11:55:45 +0800] "GET /xingrg/check_reg.html?_=1620878143290 HTTP/1.1" 200 22
180.169.147.146 - - [13/May/2021:11:55:45 +0800] "GET /xingrg/all/function/internal_message.html?_=1620878143288&CODE_STATE=getMsg HTTP/1.1" 200 27
117.185.32.26 - - [13/May/2021:11:55:48 +0800] "GET /xingrg/kc/print/load_data.html?order_code=212021051305643&kc_code=cgsh&condition= HTTP/1.1" 200 948
117.184.7.26 - - [13/May/2021:11:55:51 +0800] "GET /xingrg/all/function/internal_message.html?_=1620878128549&CODE_STATE=getMsg HTTP/1.1" 200 27
117.184.7.26 - - [13/May/2021:11:56:00 +0800] "GET /xingrg/kc/buy/cgsh_order_operate.html?command=get_materiel&rest_code=00108&code=00101008354&supplier_code=00100008&order_time=2021-05-13 HTTP/1.1" 200 412
120.253.135.82 - - [13/May/2021:11:56:01 +0800] "GET /xingrg/all/function/internal_message.html?_=1620877940199&CODE_STATE=getMsg HTTP/1.1" 200 27
117.185.32.26 - - [13/May/2021:11:56:04 +0800] "GET /xingrg/kc/buy/cgsh_order_add.html HTTP/1.1" 200 62029
117.185.32.26 - - [13/May/2021:11:56:04 +0800] "POST /xingrg/kc/buy/cgsh_order_operate.html HTTP/1.1" 200 8245
117.185.32.26 - - [13/May/2021:11:56:04 +0800] "GET /xingrg/javascript/easyui/themes/default/validatebox.css HTTP/1.1" 404 1104
116.224.253.72 - - [13/May/2021:11:56:05 +0800] "GET /xingrg/all/function/internal_message.html?_=1620878163671&CODE_STATE=getMsg HTTP/1.1" 200 27
116.224.253.72 - - [13/May/2021:11:56:05 +0800] "GET /xingrg/check_reg.html?_=1620878151311 HTTP/1.1" 200 22
117.185.32.26 - - [13/May/2021:11:56:07 +0800] "GET /xingrg/javascript/easyui/themes/default/tree.css HTTP/1.1" 404 1090
116.230.114.112 - - [13/May/2021:11:56:07 +0800] "GET /xingrg/kc/buy/cgsh_order_add.html HTTP/1.1" 200 62035
117.185.32.26 - - [13/May/2021:11:56:07 +0800] "POST /xingrg/all/common/load_tree.html?tree=supplier_tree_json&isDelete=1 HTTP/1.1" 200 55318
101.85.94.178 - - [13/May/2021:11:56:08 +0800] "GET /xingrg/all/function/internal_message.html?_=1620877667757&CODE_STATE=getMsg HTTP/1.1" 200 27
116.230.114.112 - - [13/May/2021:11:56:08 +0800] "POST /xingrg/kc/buy/cgsh_order_operate.html HTTP/1.1" 200 8245
116.230.114.112 - - [13/May/2021:11:56:08 +0800] "GET /xingrg/javascript/easyui/themes/default/validatebox.css HTTP/1.1" 404 1104
116.224.253.72 - - [13/May/2021:11:56:10 +0800] "GET /xingrg/all/function/internal_message.html?_=1620878156273&CODE_STATE=getMsg HTTP/1.1" 200 27
61.165.42.208 - - [13/May/2021:11:56:11 +0800] "GET /xingrg/all/function/internal_message.html?_=1620878169556&CODE_STATE=getMsg HTTP/1.1" 200 27
116.230.114.112 - - [13/May/2021:11:56:12 +0800] "GET /xingrg/all/function/internal_message.html?_=1620878183879&CODE_STATE=getMsg HTTP/1.1" 200 27
116.230.110.80 - - [13/May/2021:11:56:14 +0800] "GET /xingrg/all/function/internal_message.html?_=1620878172399&CODE_STATE=getMsg HTTP/1.1" 200 27
117.184.7.26 - - [13/May/2021:11:56:16 +0800] "GET /xingrg/kc/buy/cgsh_order_operate.html?command=get_materiel&rest_code=00108&code=00101008312&supplier_code=00100008&order_time=2021-05-13 HTTP/1.1" 200 412
114.86.225.153 - - [13/May/2021:11:56:17 +0800] "GET /xingrg/all/function/internal_message.html?_=1620878176047&CODE_STATE=getMsg HTTP/1.1" 200 27
58.37.228.113 - - [13/May/2021:11:56:20 +0800] "GET /xingrg/all/function/internal_message.html?_=1620878184749&CODE_STATE=getMsg HTTP/1.1" 200 27
58.37.228.113 - - [13/May/2021:11:56:20 +0800] "GET /xingrg/check_reg.html?_=1620878184751 HTTP/1.1" 200 22
180.169.147.146 - - [13/May/2021:11:56:21 +0800] "GET /xingrg/all/function/internal_message.html?_=1620878181445&CODE_STATE=getMsg HTTP/1.1" 200 27
116.230.114.112 - - [13/May/2021:11:56:22 +0800] "GET /xingrg/kc/buy/cgsh_order_operate.html?command=get_materiel&rest_code=00146&code=00101007032&supplier_code=00100328&order_time=2021-05-13 HTTP/1.1" 200 413
117.185.32.26 - - [13/May/2021:11:56:23 +0800] "GET /xingrg/all/function/internal_message.html?_=1620878708589&CODE_STATE=getMsg HTTP/1.1" 200 27
180.161.124.236 - - [13/May/2021:11:56:24 +0800] "GET /xingrg/all/function/internal_message.html?_=1620878141183&CODE_STATE=getMsg HTTP/1.1" 200 27
180.162.112.86 - - [13/May/2021:11:56:25 +0800] "GET /xingrg/all/function/internal_message.html?_=1620877912546&CODE_STATE=getMsg HTTP/1.1" 200 27
180.162.112.86 - - [13/May/2021:11:56:25 +0800] "GET /xingrg/check_reg.html?_=1620877912542 HTTP/1.1" 200 22
222.69.129.194 - - [13/May/2021:11:56:25 +0800] "GET /xingrg/all/function/internal_message.html?_=1620878182717&CODE_STATE=getMsg HTTP/1.1" 200 27
101.93.222.235 - - [13/May/2021:11:56:25 +0800] "GET /xingrg/all/function/internal_message.html?_=1620878183905&CODE_STATE=getMsg HTTP/1.1" 200 27
180.169.147.146 - - [13/May/2021:11:56:27 +0800] "GET /xingrg/check_reg.html?_=1620878181376 HTTP/1.1" 302 -
180.169.147.146 - - [13/May/2021:11:56:27 +0800] "GET /xingrg/all/function/internal_message.html?_=1620878181378&CODE_STATE=getMsg HTTP/1.1" 302 -
116.224.253.72 - - [13/May/2021:11:56:27 +0800] "GET /xingrg/all/function/internal_message.html?_=1620878172887&CODE_STATE=getMsg HTTP/1.1" 200 27
116.235.95.160 - - [13/May/2021:11:56:29 +0800] "GET /xingrg/all/function/internal_message.html?_=1620878276323&CODE_STATE=getMsg HTTP/1.1" 200 27
116.235.95.160 - - [13/May/2021:11:56:30 +0800] "GET /xingrg/check_reg.html?_=1620878276569 HTTP/1.1" 200 22
116.230.76.31 - - [13/May/2021:11:56:30 +0800] "GET /xingrg/all/function/internal_message.html?_=1620878188427&CODE_STATE=getMsg HTTP/1.1" 200 27
114.88.162.5 - - [13/May/2021:11:56:31 +0800] "GET /xingrg/all/function/internal_message.html?_=1620878187705&CODE_STATE=getMsg HTTP/1.1" 200 27
114.88.162.5 - - [13/May/2021:11:56:31 +0800] "GET /xingrg/check_reg.html?_=1620878187708 HTTP/1.1" 200 22
117.185.32.26 - - [13/May/2021:11:56:31 +0800] "GET /xingrg/kc/buy/cgsh_order_operate.html?command=get_materiel&rest_code=00106&code=00101016028&supplier_code=00100337&order_time=2021-05-13 HTTP/1.1" 200 431
58.37.228.113 - - [13/May/2021:11:56:33 +0800] "GET /xingrg/all/function/internal_message.html?_=1620878151210&CODE_STATE=getMsg HTTP/1.1" 200 27
58.37.228.113 - - [13/May/2021:11:56:34 +0800] "GET /xingrg/check_reg.html?_=1620878151984 HTTP/1.1" 200 22
116.230.114.112 - - [13/May/2021:11:56:37 +0800] "POST /xingrg/kc/buy/cgsh_order_operate.html HTTP/1.1" 200 37
116.230.114.112 - - [13/May/2021:11:56:38 +0800] "POST /xingrg/kc/buy/cgsh_order_operate.html HTTP/1.1" 200 2657
116.230.114.112 - - [13/May/2021:11:56:41 +0800] "GET /xingrg/kc/print/load_data.html?order_code=212021051305644&kc_code=cgsh&condition= HTTP/1.1" 200 685
180.169.147.146 - - [13/May/2021:11:56:45 +0800] "GET /xingrg/all/function/internal_message.html?_=1620878203289&CODE_STATE=getMsg HTTP/1.1" 200 27
117.184.7.26 - - [13/May/2021:11:56:48 +0800] "GET /xingrg/kc/buy/cgsh_order_operate.html?command=get_materiel&rest_code=00108&code=00101008351&supplier_code=00100008&order_time=2021-05-13 HTTP/1.1" 200 408
117.185.32.26 - - [13/May/2021:11:56:51 +0800] "POST /xingrg/kc/buy/cgsh_order_operate.html HTTP/1.1" 200 37
117.184.7.26 - - [13/May/2021:11:56:51 +0800] "GET /xingrg/all/function/internal_message.html?_=1620878188550&CODE_STATE=getMsg HTTP/1.1" 200 27
180.169.147.146 - - [13/May/2021:11:56:52 +0800] "GET /favicon.ico HTTP/1.1" 404 -
116.230.114.112 - - [13/May/2021:11:56:55 +0800] "GET /xingrg/check_reg.html?_=1620878226720 HTTP/1.1" 200 22
116.230.114.112 - - [13/May/2021:11:56:55 +0800] "GET /xingrg/kc/buy/cgsh_order_add.html HTTP/1.1" 200 62035
116.230.114.112 - - [13/May/2021:11:56:56 +0800] "POST /xingrg/kc/buy/cgsh_order_operate.html HTTP/1.1" 200 8245
116.230.114.112 - - [13/May/2021:11:56:56 +0800] "GET /xingrg/javascript/easyui/themes/default/validatebox.css HTTP/1.1" 404 1104
117.185.32.26 - - [13/May/2021:11:56:59 +0800] "POST /xingrg/kc/buy/cgsh_order_operate.html HTTP/1.1" 200 12
117.185.32.26 - - [13/May/2021:11:57:00 +0800] "GET /xingrg/kc/buy/cgsh_order_info.html?code=212021051305645 HTTP/1.1" 200 56933
117.185.32.26 - - [13/May/2021:11:57:00 +0800] "GET /xingrg/javascript/easyui/themes/default/validatebox.css HTTP/1.1" 404 1104
117.185.32.26 - - [13/May/2021:11:57:00 +0800] "POST /xingrg/kc/buy/cgsh_order_operate.html HTTP/1.1" 200 605
120.253.135.82 - - [13/May/2021:11:57:01 +0800] "GET /xingrg/all/function/internal_message.html?_=1620878000213&CODE_STATE=getMsg HTTP/1.1" 200 27
117.185.32.26 - - [13/May/2021:11:57:03 +0800] "GET /xingrg/kc/print/load_data.html?order_code=212021051305645&kc_code=cgsh&condition= HTTP/1.1" 200 696
116.224.253.72 - - [13/May/2021:11:57:05 +0800] "GET /xingrg/all/function/internal_message.html?_=1620878223687&CODE_STATE=getMsg HTTP/1.1" 200 27
101.85.94.178 - - [13/May/2021:11:57:08 +0800] "GET /xingrg/all/function/internal_message.html?_=1620877727757&CODE_STATE=getMsg HTTP/1.1" 200 27
116.224.253.72 - - [13/May/2021:11:57:10 +0800] "GET /xingrg/all/function/internal_message.html?_=1620878216395&CODE_STATE=getMsg HTTP/1.1" 200 27
61.165.42.208 - - [13/May/2021:11:57:11 +0800] "GET /xingrg/all/function/internal_message.html?_=1620878229559&CODE_STATE=getMsg HTTP/1.1" 200 27
116.230.114.112 - - [13/May/2021:11:57:12 +0800] "GET /xingrg/all/function/internal_message.html?_=1620878243880&CODE_STATE=getMsg HTTP/1.1" 200 27
116.230.114.112 - - [13/May/2021:11:57:13 +0800] "GET /xingrg/kc/buy/cgsh_order_operate.html?command=get_materiel&rest_code=00146&code=00101010695&supplier_code=00100430&order_time=2021-05-13 HTTP/1.1" 200 397
116.230.110.80 - - [13/May/2021:11:57:14 +0800] "GET /xingrg/all/function/internal_message.html?_=1620878232396&CODE_STATE=getMsg HTTP/1.1" 200 27
117.185.32.26 - - [13/May/2021:11:57:15 +0800] "GET /xingrg/kc/buy/cgsh_order_add.html HTTP/1.1" 200 62029
117.185.32.26 - - [13/May/2021:11:57:16 +0800] "POST /xingrg/kc/buy/cgsh_order_operate.html HTTP/1.1" 200 8245
117.185.32.26 - - [13/May/2021:11:57:16 +0800] "GET /xingrg/javascript/easyui/themes/default/validatebox.css HTTP/1.1" 404 1104
114.86.225.153 - - [13/May/2021:11:57:17 +0800] "GET /xingrg/all/function/internal_message.html?_=1620878236050&CODE_STATE=getMsg HTTP/1.1" 200 27
117.185.32.26 - - [13/May/2021:11:57:18 +0800] "GET /xingrg/javascript/easyui/themes/default/tree.css HTTP/1.1" 404 1090
117.185.32.26 - - [13/May/2021:11:57:18 +0800] "POST /xingrg/all/common/load_tree.html?tree=supplier_tree_json&isDelete=1 HTTP/1.1" 200 55318
58.37.228.113 - - [13/May/2021:11:57:20 +0800] "GET /xingrg/all/function/internal_message.html?_=1620878244753&CODE_STATE=getMsg HTTP/1.1" 200 27
180.169.147.146 - - [13/May/2021:11:57:21 +0800] "GET /xingrg/all/function/internal_message.html?_=1620878241431&CODE_STATE=getMsg HTTP/1.1" 200 27
117.185.32.26 - - [13/May/2021:11:57:23 +0800] "GET /xingrg/all/function/internal_message.html?_=1620878768575&CODE_STATE=getMsg HTTP/1.1" 200 27
180.161.124.236 - - [13/May/2021:11:57:24 +0800] "GET /xingrg/all/function/internal_message.html?_=1620878201685&CODE_STATE=getMsg HTTP/1.1" 200 27
180.162.112.86 - - [13/May/2021:11:57:25 +0800] "GET /xingrg/all/function/internal_message.html?_=1620877972545&CODE_STATE=getMsg HTTP/1.1" 200 27
222.69.129.194 - - [13/May/2021:11:57:25 +0800] "GET /xingrg/all/function/internal_message.html?_=1620878242711&CODE_STATE=getMsg HTTP/1.1" 200 27
101.93.222.235 - - [13/May/2021:11:57:25 +0800] "GET /xingrg/all/function/internal_message.html?_=1620878243902&CODE_STATE=getMsg HTTP/1.1" 200 27
117.184.7.26 - - [13/May/2021:11:57:26 +0800] "GET /xingrg/kc/buy/cgsh_order_operate.html?command=get_materiel&rest_code=00108&code=00101008186&supplier_code=00100008&order_time=2021-05-13 HTTP/1.1" 200 408
180.169.147.146 - - [13/May/2021:11:57:27 +0800] "GET /xingrg/all/function/internal_message.html?_=1620878241370&CODE_STATE=getMsg HTTP/1.1" 302 -
116.224.253.72 - - [13/May/2021:11:57:27 +0800] "GET /xingrg/all/function/internal_message.html?_=1620878232900&CODE_STATE=getMsg HTTP/1.1" 200 27
116.235.95.160 - - [13/May/2021:11:57:29 +0800] "GET /xingrg/all/function/internal_message.html?_=1620878336292&CODE_STATE=getMsg HTTP/1.1" 200 27
116.230.76.31 - - [13/May/2021:11:57:30 +0800] "GET /xingrg/all/function/internal_message.html?_=1620878248431&CODE_STATE=getMsg HTTP/1.1" 200 27
116.230.76.31 - - [13/May/2021:11:57:30 +0800] "GET /xingrg/check_reg.html?_=1620878248433 HTTP/1.1" 200 22
114.88.162.5 - - [13/May/2021:11:57:31 +0800] "GET /xingrg/all/function/internal_message.html?_=1620878247709&CODE_STATE=getMsg HTTP/1.1" 200 27
58.37.228.113 - - [13/May/2021:11:57:33 +0800] "GET /xingrg/all/function/internal_message.html?_=1620878211184&CODE_STATE=getMsg HTTP/1.1" 200 27
180.161.124.236 - - [13/May/2021:11:57:40 +0800] "GET /xingrg/check_reg.html?_=1620878217596 HTTP/1.1" 200 22
117.185.32.26 - - [13/May/2021:11:57:43 +0800] "GET /xingrg/kc/buy/cgsh_order_operate.html?command=get_materiel&rest_code=00106&code=00101010079&supplier_code=00100336&order_time=2021-05-13 HTTP/1.1" 200 413
180.169.147.146 - - [13/May/2021:11:57:45 +0800] "GET /xingrg/all/function/internal_message.html?_=1620878263285&CODE_STATE=getMsg HTTP/1.1" 200 27
117.184.7.26 - - [13/May/2021:11:57:51 +0800] "GET /xingrg/all/function/internal_message.html?_=1620878248553&CODE_STATE=getMsg HTTP/1.1" 200 27
117.184.7.26 - - [13/May/2021:11:57:51 +0800] "GET /xingrg/check_reg.html?_=1620878248556 HTTP/1.1" 200 22
117.185.32.26 - - [13/May/2021:11:57:56 +0800] "POST /xingrg/kc/buy/cgsh_order_operate.html HTTP/1.1" 200 37
101.93.222.235 - - [13/May/2021:11:57:58 +0800] "POST /xingrg/kc/mdqp/pssh_list_operate.html HTTP/1.1" 200 1771
