114.83.217.136 - - [13/May/2021:10:52:12 +0800] "GET /xingrg/all/function/internal_message.html?_=1620874332217&CODE_STATE=getMsg HTTP/1.1" 200 27
116.230.110.80 - - [13/May/2021:10:52:14 +0800] "GET /xingrg/all/function/internal_message.html?_=1620874332398&CODE_STATE=getMsg HTTP/1.1" 200 27
114.86.225.153 - - [13/May/2021:10:52:17 +0800] "GET /xingrg/all/function/internal_message.html?_=1620874335879&CODE_STATE=getMsg HTTP/1.1" 200 27
61.165.42.208 - - [13/May/2021:10:52:20 +0800] "GET /xingrg/kc/buy/cgsh_order_operate.html?command=get_materiel&rest_code=00105&code=00101009007&supplier_code=00100024&order_time=2021-05-13 HTTP/1.1" 200 408
58.37.228.113 - - [13/May/2021:10:52:20 +0800] "GET /xingrg/all/function/internal_message.html?_=1620874344596&CODE_STATE=getMsg HTTP/1.1" 200 27
180.169.147.146 - - [13/May/2021:10:52:20 +0800] "GET /xingrg/all/function/internal_message.html?_=1620874341361&CODE_STATE=getMsg HTTP/1.1" 200 27
117.185.32.26 - - [13/May/2021:10:52:23 +0800] "GET /xingrg/all/function/internal_message.html?_=1620874868580&CODE_STATE=getMsg HTTP/1.1" 200 27
180.162.112.86 - - [13/May/2021:10:52:25 +0800] "GET /xingrg/all/function/internal_message.html?_=1620874072458&CODE_STATE=getMsg HTTP/1.1" 200 27
116.224.253.72 - - [13/May/2021:10:52:25 +0800] "GET /xingrg/all/function/internal_message.html?_=1620874331455&CODE_STATE=getMsg HTTP/1.1" 200 27
222.69.129.194 - - [13/May/2021:10:52:25 +0800] "GET /xingrg/all/function/internal_message.html?_=1620874343403&CODE_STATE=getMsg HTTP/1.1" 200 27
180.169.147.146 - - [13/May/2021:10:52:26 +0800] "GET /xingrg/all/function/internal_message.html?_=1620874341107&CODE_STATE=getMsg HTTP/1.1" 200 27
61.165.42.208 - - [13/May/2021:10:52:28 +0800] "GET /xingrg/kc/buy/cgsh_order_operate.html?command=get_materiel&rest_code=00105&code=00101009010&supplier_code=00100024&order_time=2021-05-13 HTTP/1.1" 200 412
58.37.228.113 - - [13/May/2021:10:52:34 +0800] "GET /xingrg/all/function/internal_message.html?_=1620874311878&CODE_STATE=getMsg HTTP/1.1" 200 27
180.161.124.236 - - [13/May/2021:10:52:39 +0800] "GET /xingrg/check_reg.html?_=1620874315867 HTTP/1.1" 200 22
116.224.253.72 - - [13/May/2021:10:52:41 +0800] "GET /xingrg/all/function/internal_message.html?_=1620874359753&CODE_STATE=getMsg HTTP/1.1" 200 27
61.165.42.208 - - [13/May/2021:10:52:43 +0800] "GET /xingrg/all/function/internal_message.html?_=1620874361692&CODE_STATE=getMsg HTTP/1.1" 200 27
116.224.253.72 - - [13/May/2021:10:52:45 +0800] "GET /xingrg/kc/buy/cgsh_order_operate.html?command=get_materiel&rest_code=00150&code=00101001145&supplier_code=00100314&order_time=2021-05-13 HTTP/1.1" 200 415
222.69.129.194 - - [13/May/2021:10:52:46 +0800] "GET /xingrg/kc/buy/cgsh_order_add.html HTTP/1.1" 200 62082
222.69.129.194 - - [13/May/2021:10:52:46 +0800] "GET /xingrg/javascript/easyui/themes/default/validatebox.css HTTP/1.1" 404 1104
222.69.129.194 - - [13/May/2021:10:52:46 +0800] "POST /xingrg/kc/buy/cgsh_order_operate.html HTTP/1.1" 200 8245
180.161.124.236 - - [13/May/2021:10:52:51 +0800] "GET /xingrg/all/function/internal_message.html?_=1620874328565&CODE_STATE=getMsg HTTP/1.1" 200 27
116.224.253.72 - - [13/May/2021:10:52:56 +0800] "POST /xingrg/kc/buy/cgsh_order_operate.html HTTP/1.1" 200 37
114.88.162.5 - - [13/May/2021:10:52:56 +0800] "GET /xingrg/all/function/internal_message.html?_=1620874373460&CODE_STATE=getMsg HTTP/1.1" 200 27
222.69.129.194 - - [13/May/2021:10:53:01 +0800] "GET /xingrg/kc/buy/cgsh_order_operate.html?command=get_materiel&rest_code=00149&code=00101001167&supplier_code=00100314&order_time=2021-05-12 HTTP/1.1" 200 411
116.230.76.31 - - [13/May/2021:10:53:03 +0800] "GET /xingrg/all/function/internal_message.html?_=1620874381826&CODE_STATE=getMsg HTTP/1.1" 200 27
116.230.114.112 - - [13/May/2021:10:53:04 +0800] "GET /xingrg/all/function/internal_message.html?_=1620874396078&CODE_STATE=getMsg HTTP/1.1" 200 27
116.224.253.72 - - [13/May/2021:10:53:08 +0800] "GET /xingrg/all/function/internal_message.html?_=1620874374153&CODE_STATE=getMsg HTTP/1.1" 200 27
114.83.217.136 - - [13/May/2021:10:53:12 +0800] "GET /xingrg/all/function/internal_message.html?_=1620874392219&CODE_STATE=getMsg HTTP/1.1" 200 27
116.230.110.80 - - [13/May/2021:10:53:14 +0800] "GET /xingrg/all/function/internal_message.html?_=1620874392391&CODE_STATE=getMsg HTTP/1.1" 200 27
61.165.42.208 - - [13/May/2021:10:53:16 +0800] "POST /xingrg/kc/buy/cgsh_order_operate.html HTTP/1.1" 200 37
114.86.225.153 - - [13/May/2021:10:53:17 +0800] "GET /xingrg/all/function/internal_message.html?_=1620874395882&CODE_STATE=getMsg HTTP/1.1" 200 27
61.165.42.208 - - [13/May/2021:10:53:18 +0800] "POST /xingrg/kc/buy/cgsh_order_operate.html HTTP/1.1" 200 6218
61.165.42.208 - - [13/May/2021:10:53:19 +0800] "GET /xingrg/kc/print/load_data.html?order_code=212021051305520&kc_code=cgsh&condition= HTTP/1.1" 200 2049
61.151.178.164 - - [13/May/2021:10:53:20 +0800] "GET /xingrg/all/function/internal_message.html?_=1620874344596&CODE_STATE=getMsg HTTP/1.1" 302 -
58.37.228.113 - - [13/May/2021:10:53:20 +0800] "GET /xingrg/all/function/internal_message.html?_=1620874404598&CODE_STATE=getMsg HTTP/1.1" 200 27
61.151.178.164 - - [13/May/2021:10:53:20 +0800] "GET /xingrg/login.html HTTP/1.1" 200 7641
180.169.147.146 - - [13/May/2021:10:53:20 +0800] "GET /xingrg/all/function/internal_message.html?_=1620874401362&CODE_STATE=getMsg HTTP/1.1" 200 27
117.185.32.26 - - [13/May/2021:10:53:23 +0800] "GET /xingrg/all/function/internal_message.html?_=1620874928578&CODE_STATE=getMsg HTTP/1.1" 200 27
117.185.32.26 - - [13/May/2021:10:53:23 +0800] "GET /xingrg/check_reg.html?_=1620874928579 HTTP/1.1" 200 22
222.69.129.194 - - [13/May/2021:10:53:23 +0800] "POST /xingrg/kc/buy/cgsh_order_operate.html HTTP/1.1" 200 37
180.162.112.86 - - [13/May/2021:10:53:25 +0800] "GET /xingrg/all/function/internal_message.html?_=1620874132458&CODE_STATE=getMsg HTTP/1.1" 200 27
116.224.253.72 - - [13/May/2021:10:53:25 +0800] "GET /xingrg/all/function/internal_message.html?_=1620874391498&CODE_STATE=getMsg HTTP/1.1" 200 27
222.69.129.194 - - [13/May/2021:10:53:25 +0800] "GET /xingrg/all/function/internal_message.html?_=1620874403393&CODE_STATE=getMsg HTTP/1.1" 200 27
222.69.129.194 - - [13/May/2021:10:53:26 +0800] "POST /xingrg/kc/buy/cgsh_order_operate.html HTTP/1.1" 200 12
180.169.147.146 - - [13/May/2021:10:53:26 +0800] "GET /xingrg/all/function/internal_message.html?_=1620874401102&CODE_STATE=getMsg HTTP/1.1" 200 27
61.165.42.208 - - [13/May/2021:10:53:30 +0800] "GET /xingrg/kc/buy/cgsh_order_add.html HTTP/1.1" 200 62076
61.165.42.208 - - [13/May/2021:10:53:30 +0800] "POST /xingrg/kc/buy/cgsh_order_operate.html HTTP/1.1" 200 8245
61.165.42.208 - - [13/May/2021:10:53:30 +0800] "GET /xingrg/javascript/easyui/themes/default/validatebox.css HTTP/1.1" 404 1104
117.185.32.26 - - [13/May/2021:10:53:30 +0800] "POST /xingrg/kc/buy/cgsh_order_operate.html HTTP/1.1" 200 37
58.221.95.50 - - [13/May/2021:10:53:33 +0800] "GET /xingrg/check_reg.html?_=1620874410943 HTTP/1.1" 302 -
117.185.32.26 - - [13/May/2021:10:53:33 +0800] "POST /xingrg/kc/buy/cgsh_order_operate.html HTTP/1.1" 200 12
222.69.129.194 - - [13/May/2021:10:53:33 +0800] "GET /xingrg/kc/buy/cgsh_order_info.html?code=212021051305521 HTTP/1.1" 200 56986
222.69.129.194 - - [13/May/2021:10:53:33 +0800] "GET /xingrg/javascript/easyui/themes/default/validatebox.css HTTP/1.1" 404 1104
222.69.129.194 - - [13/May/2021:10:53:34 +0800] "POST /xingrg/kc/buy/cgsh_order_operate.html HTTP/1.1" 200 608
58.37.228.113 - - [13/May/2021:10:53:34 +0800] "GET /xingrg/all/function/internal_message.html?_=1620874371871&CODE_STATE=getMsg HTTP/1.1" 200 27
117.185.32.26 - - [13/May/2021:10:53:35 +0800] "GET /xingrg/kc/buy/cgsh_order_info.html?code=212021051305522 HTTP/1.1" 200 56933
222.69.129.194 - - [13/May/2021:10:53:35 +0800] "GET /xingrg/kc/print/load_data.html?order_code=212021051305521&kc_code=cgsh&condition= HTTP/1.1" 200 707
117.185.32.26 - - [13/May/2021:10:53:35 +0800] "GET /xingrg/javascript/easyui/themes/default/validatebox.css HTTP/1.1" 404 1104
117.185.32.26 - - [13/May/2021:10:53:36 +0800] "POST /xingrg/kc/buy/cgsh_order_operate.html HTTP/1.1" 200 1203
117.185.32.26 - - [13/May/2021:10:53:40 +0800] "GET /xingrg/kc/print/load_data.html?order_code=212021051305522&kc_code=cgsh&condition= HTTP/1.1" 200 981
222.69.129.194 - - [13/May/2021:10:53:40 +0800] "GET /xingrg/kc/buy/cgsh_order_add.html HTTP/1.1" 200 62082
222.69.129.194 - - [13/May/2021:10:53:40 +0800] "POST /xingrg/kc/buy/cgsh_order_operate.html HTTP/1.1" 200 8245
222.69.129.194 - - [13/May/2021:10:53:40 +0800] "GET /xingrg/javascript/easyui/themes/default/validatebox.css HTTP/1.1" 404 1104
114.88.162.5 - - [13/May/2021:10:53:40 +0800] "GET /xingrg/kc/buy/cgsh_order_operate.html?command=get_materiel&rest_code=00111&code=00101002009&supplier_code=00100094&order_time=2021-05-13 HTTP/1.1" 200 414
61.165.42.208 - - [13/May/2021:10:53:43 +0800] "GET /xingrg/all/function/internal_message.html?_=1620874422254&CODE_STATE=getMsg HTTP/1.1" 200 27
61.165.42.208 - - [13/May/2021:10:53:43 +0800] "GET /xingrg/check_reg.html?_=1620874422255 HTTP/1.1" 200 22
117.185.32.26 - - [13/May/2021:10:53:48 +0800] "GET /xingrg/kc/buy/cgsh_order_add.html HTTP/1.1" 200 62029
117.185.32.26 - - [13/May/2021:10:53:48 +0800] "POST /xingrg/kc/buy/cgsh_order_operate.html HTTP/1.1" 200 8245
117.185.32.26 - - [13/May/2021:10:53:48 +0800] "GET /xingrg/javascript/easyui/themes/default/validatebox.css HTTP/1.1" 404 1104
222.69.129.194 - - [13/May/2021:10:53:48 +0800] "GET /xingrg/kc/buy/cgsh_order_operate.html?command=get_materiel&rest_code=00149&code=00101001141&supplier_code=00100327&order_time=2021-05-12 HTTP/1.1" 200 413
117.185.32.26 - - [13/May/2021:10:53:50 +0800] "GET /xingrg/javascript/easyui/themes/default/tree.css HTTP/1.1" 404 1090
117.185.32.26 - - [13/May/2021:10:53:50 +0800] "POST /xingrg/all/common/load_tree.html?tree=supplier_tree_json&isDelete=1 HTTP/1.1" 200 55318
116.224.253.72 - - [13/May/2021:10:53:51 +0800] "POST /xingrg/kc/buy/cgsh_order_operate.html HTTP/1.1" 200 12
180.161.124.236 - - [13/May/2021:10:53:51 +0800] "GET /xingrg/all/function/internal_message.html?_=1620874388587&CODE_STATE=getMsg HTTP/1.1" 200 27
116.224.253.72 - - [13/May/2021:10:53:52 +0800] "GET /xingrg/kc/buy/cgsh_order_info.html?code=212021051305519 HTTP/1.1" 200 56857
116.224.253.72 - - [13/May/2021:10:53:52 +0800] "GET /xingrg/javascript/easyui/themes/default/validatebox.css HTTP/1.1" 404 1104
116.224.253.72 - - [13/May/2021:10:53:53 +0800] "POST /xingrg/kc/buy/cgsh_order_operate.html HTTP/1.1" 200 612
114.88.162.5 - - [13/May/2021:10:53:53 +0800] "GET /xingrg/kc/buy/cgsh_order_operate.html?command=get_materiel&rest_code=00111&code=00101002042&supplier_code=00100094&order_time=2021-05-13 HTTP/1.1" 200 416
116.224.253.72 - - [13/May/2021:10:53:54 +0800] "GET /xingrg/kc/print/load_data.html?order_code=212021051305519&kc_code=cgsh&condition= HTTP/1.1" 200 714
114.88.162.5 - - [13/May/2021:10:53:56 +0800] "GET /xingrg/all/function/internal_message.html?_=1620874433435&CODE_STATE=getMsg HTTP/1.1" 200 27
116.224.253.72 - - [13/May/2021:10:53:58 +0800] "GET /xingrg/kc/buy/cgsh_order_add.html HTTP/1.1" 200 61953
222.69.129.194 - - [13/May/2021:10:53:58 +0800] "GET /xingrg/kc/buy/cgsh_order_operate.html?command=get_materiel&rest_code=00149&code=00101010569&supplier_code=00100327&order_time=2021-05-12 HTTP/1.1" 200 397
116.224.253.72 - - [13/May/2021:10:53:59 +0800] "POST /xingrg/kc/buy/cgsh_order_operate.html HTTP/1.1" 200 8245
116.224.253.72 - - [13/May/2021:10:53:59 +0800] "GET /xingrg/javascript/easyui/themes/default/validatebox.css HTTP/1.1" 404 1104
116.230.76.31 - - [13/May/2021:10:54:03 +0800] "GET /xingrg/all/function/internal_message.html?_=1620874441802&CODE_STATE=getMsg HTTP/1.1" 200 27
116.230.114.112 - - [13/May/2021:10:54:04 +0800] "GET /xingrg/all/function/internal_message.html?_=1620874456082&CODE_STATE=getMsg HTTP/1.1" 200 27
222.69.129.194 - - [13/May/2021:10:54:06 +0800] "GET /xingrg/kc/buy/cgsh_order_operate.html?command=get_materiel&rest_code=00149&code=00101008171&supplier_code=00100327&order_time=2021-05-12 HTTP/1.1" 200 421
116.224.253.72 - - [13/May/2021:10:54:06 +0800] "GET /xingrg/kc/buy/cgsh_order_operate.html?command=get_materiel&rest_code=00150&code=00101001264&supplier_code=00100090&order_time=2021-05-13 HTTP/1.1" 200 396
116.224.253.72 - - [13/May/2021:10:54:07 +0800] "GET /xingrg/check_reg.html?_=1620874432862 HTTP/1.1" 200 22
117.185.32.26 - - [13/May/2021:10:54:07 +0800] "GET /xingrg/kc/buy/cgsh_order_operate.html?command=get_materiel&rest_code=00106&code=00101002006&supplier_code=00100091&order_time=2021-05-13 HTTP/1.1" 200 414
116.224.253.72 - - [13/May/2021:10:54:08 +0800] "GET /xingrg/all/function/internal_message.html?_=1620874434167&CODE_STATE=getMsg HTTP/1.1" 200 27
114.83.217.136 - - [13/May/2021:10:54:12 +0800] "GET /xingrg/all/function/internal_message.html?_=1620874452220&CODE_STATE=getMsg HTTP/1.1" 200 27
116.230.110.80 - - [13/May/2021:10:54:14 +0800] "GET /xingrg/all/function/internal_message.html?_=1620874452399&CODE_STATE=getMsg HTTP/1.1" 200 27
116.230.110.80 - - [13/May/2021:10:54:14 +0800] "GET /xingrg/check_reg.html?_=1620874452400 HTTP/1.1" 200 22
114.88.162.5 - - [13/May/2021:10:54:14 +0800] "POST /xingrg/kc/buy/cgsh_order_operate.html HTTP/1.1" 200 37
222.69.129.194 - - [13/May/2021:10:54:14 +0800] "GET /xingrg/kc/buy/cgsh_order_operate.html?command=get_materiel&rest_code=00149&code=00101008402&supplier_code=00100327&order_time=2021-05-12 HTTP/1.1" 200 410
114.88.162.5 - - [13/May/2021:10:54:16 +0800] "POST /xingrg/kc/buy/cgsh_order_operate.html HTTP/1.1" 200 3263
116.224.253.72 - - [13/May/2021:10:54:17 +0800] "GET /xingrg/kc/buy/cgsh_order_operate.html?command=get_materiel&rest_code=00150&code=00101001152&supplier_code=00100090&order_time=2021-05-13 HTTP/1.1" 200 412
114.88.162.5 - - [13/May/2021:10:54:17 +0800] "GET /xingrg/kc/print/load_data.html?order_code=212021051305523&kc_code=cgsh&condition= HTTP/1.1" 200 985
114.86.225.153 - - [13/May/2021:10:54:17 +0800] "GET /xingrg/all/function/internal_message.html?_=1620874455881&CODE_STATE=getMsg HTTP/1.1" 200 27
58.37.228.113 - - [13/May/2021:10:54:20 +0800] "GET /xingrg/all/function/internal_message.html?_=1620874464601&CODE_STATE=getMsg HTTP/1.1" 200 27
180.169.147.146 - - [13/May/2021:10:54:20 +0800] "GET /xingrg/all/function/internal_message.html?_=1620874461365&CODE_STATE=getMsg HTTP/1.1" 200 27
101.91.62.89 - - [13/May/2021:10:54:21 +0800] "GET /xingrg/all/function/internal_message.html?_=1620874404598&CODE_STATE=getMsg HTTP/1.1" 302 -
117.185.32.26 - - [13/May/2021:10:54:23 +0800] "GET /xingrg/all/function/internal_message.html?_=1620874988595&CODE_STATE=getMsg HTTP/1.1" 200 27
116.224.253.72 - - [13/May/2021:10:54:24 +0800] "GET /xingrg/kc/buy/cgsh_order_operate.html?command=get_materiel&rest_code=00150&code=00101001140&supplier_code=00100090&order_time=2021-05-13 HTTP/1.1" 200 413
180.162.112.86 - - [13/May/2021:10:54:25 +0800] "GET /xingrg/all/function/internal_message.html?_=1620874192464&CODE_STATE=getMsg HTTP/1.1" 200 27
116.224.253.72 - - [13/May/2021:10:54:25 +0800] "GET /xingrg/all/function/internal_message.html?_=1620874451514&CODE_STATE=getMsg HTTP/1.1" 200 27
180.169.147.146 - - [13/May/2021:10:54:26 +0800] "GET /xingrg/all/function/internal_message.html?_=1620874461111&CODE_STATE=getMsg HTTP/1.1" 200 27
114.88.162.5 - - [13/May/2021:10:54:27 +0800] "GET /xingrg/kc/buy/cgsh_order_add.html HTTP/1.1" 200 62029
114.88.162.5 - - [13/May/2021:10:54:28 +0800] "POST /xingrg/kc/buy/cgsh_order_operate.html HTTP/1.1" 200 8245
114.88.162.5 - - [13/May/2021:10:54:28 +0800] "GET /xingrg/javascript/easyui/themes/default/validatebox.css HTTP/1.1" 404 1104
222.69.129.194 - - [13/May/2021:10:54:28 +0800] "POST /xingrg/kc/buy/cgsh_order_operate.html HTTP/1.1" 200 37
101.91.62.89 - - [13/May/2021:10:54:30 +0800] "GET /xingrg/login.html HTTP/1.1" 200 7641
222.69.129.194 - - [13/May/2021:10:54:30 +0800] "POST /xingrg/kc/buy/cgsh_order_operate.html HTTP/1.1" 200 12
116.224.253.72 - - [13/May/2021:10:54:31 +0800] "GET /xingrg/kc/buy/cgsh_order_operate.html?command=get_materiel&rest_code=00150&code=00101001125&supplier_code=00100090&order_time=2021-05-13 HTTP/1.1" 200 415
61.165.42.208 - - [13/May/2021:10:54:31 +0800] "GET /xingrg/kc/buy/cgsh_order_operate.html?command=get_materiel&rest_code=00105&code=00102009662&supplier_code=00100347&order_time=2021-05-13 HTTP/1.1" 200 408
222.69.129.194 - - [13/May/2021:10:54:31 +0800] "GET /xingrg/kc/buy/cgsh_order_info.html?code=212021051305524 HTTP/1.1" 200 56984
222.69.129.194 - - [13/May/2021:10:54:32 +0800] "GET /xingrg/javascript/easyui/themes/default/validatebox.css HTTP/1.1" 404 1104
222.69.129.194 - - [13/May/2021:10:54:32 +0800] "POST /xingrg/kc/buy/cgsh_order_operate.html HTTP/1.1" 200 2390
58.37.228.113 - - [13/May/2021:10:54:34 +0800] "GET /xingrg/all/function/internal_message.html?_=1620874431870&CODE_STATE=getMsg HTTP/1.1" 200 27
222.69.129.194 - - [13/May/2021:10:54:35 +0800] "GET /xingrg/kc/print/load_data.html?order_code=212021051305524&kc_code=cgsh&condition= HTTP/1.1" 200 1394
116.230.110.80 - - [13/May/2021:10:54:35 +0800] "GET /xingrg/kc/buy/cgsh_order_add.html HTTP/1.1" 200 61997
116.230.110.80 - - [13/May/2021:10:54:36 +0800] "GET /xingrg/javascript/easyui/themes/default/validatebox.css HTTP/1.1" 404 1104
116.230.110.80 - - [13/May/2021:10:54:36 +0800] "POST /xingrg/kc/buy/cgsh_order_operate.html HTTP/1.1" 200 8245
117.185.32.26 - - [13/May/2021:10:54:37 +0800] "GET /xingrg/kc/buy/cgsh_order_operate.html?command=get_materiel&rest_code=00106&code=00101010309&supplier_code=00100091&order_time=2021-05-13 HTTP/1.1" 200 423
222.69.129.194 - - [13/May/2021:10:54:39 +0800] "GET /xingrg/kc/buy/cgsh_order_add.html HTTP/1.1" 200 62082
222.69.129.194 - - [13/May/2021:10:54:39 +0800] "POST /xingrg/kc/buy/cgsh_order_operate.html HTTP/1.1" 200 8245
222.69.129.194 - - [13/May/2021:10:54:39 +0800] "GET /xingrg/javascript/easyui/themes/default/validatebox.css HTTP/1.1" 404 1104
114.88.162.5 - - [13/May/2021:10:54:41 +0800] "GET /xingrg/kc/buy/cgsh_order_operate.html?command=get_materiel&rest_code=00111&code=00101007074&supplier_code=00100325&order_time=2021-05-13 HTTP/1.1" 200 417
116.224.253.72 - - [13/May/2021:10:54:41 +0800] "GET /xingrg/all/function/internal_message.html?_=1620874479778&CODE_STATE=getMsg HTTP/1.1" 200 27
116.224.253.72 - - [13/May/2021:10:54:42 +0800] "GET /xingrg/kc/buy/cgsh_order_operate.html?command=get_materiel&rest_code=00150&code=00101001169&supplier_code=00100090&order_time=2021-05-13 HTTP/1.1" 200 415
116.230.110.80 - - [13/May/2021:10:54:43 +0800] "GET /xingrg/kc/buy/cgsh_order_operate.html?command=get_materiel&rest_code=00155&code=00101001115&supplier_code=00100089&order_time=2021-05-13 HTTP/1.1" 200 413
61.165.42.208 - - [13/May/2021:10:54:43 +0800] "GET /xingrg/all/function/internal_message.html?_=1620874482251&CODE_STATE=getMsg HTTP/1.1" 200 27
180.161.124.236 - - [13/May/2021:10:54:51 +0800] "GET /xingrg/all/function/internal_message.html?_=1620874448882&CODE_STATE=getMsg HTTP/1.1" 200 27
114.88.162.5 - - [13/May/2021:10:54:52 +0800] "POST /xingrg/kc/buy/cgsh_order_operate.html HTTP/1.1" 200 64
116.230.110.80 - - [13/May/2021:10:54:54 +0800] "POST /xingrg/kc/buy/cgsh_order_operate.html HTTP/1.1" 200 37
114.88.162.5 - - [13/May/2021:10:54:56 +0800] "GET /xingrg/all/function/internal_message.html?_=1620874493399&CODE_STATE=getMsg HTTP/1.1" 200 27
114.88.162.5 - - [13/May/2021:10:54:57 +0800] "POST /xingrg/kc/buy/cgsh_order_operate.html HTTP/1.1" 200 37
116.230.110.80 - - [13/May/2021:10:54:57 +0800] "POST /xingrg/kc/buy/cgsh_order_operate.html HTTP/1.1" 200 2659
114.88.162.5 - - [13/May/2021:10:54:58 +0800] "POST /xingrg/kc/buy/cgsh_order_operate.html HTTP/1.1" 200 2662
222.69.129.194 - - [13/May/2021:10:54:58 +0800] "GET /xingrg/kc/buy/cgsh_order_operate.html?command=get_materiel&rest_code=00149&code=00101006164&supplier_code=00100326&order_time=2021-05-12 HTTP/1.1" 200 415
114.88.162.5 - - [13/May/2021:10:55:00 +0800] "GET /xingrg/kc/print/load_data.html?order_code=212021051305527&kc_code=cgsh&condition= HTTP/1.1" 200 675
116.230.110.80 - - [13/May/2021:10:55:01 +0800] "GET /xingrg/kc/print/load_data.html?order_code=212021051305525&kc_code=cgsh&condition= HTTP/1.1" 200 754
116.230.76.31 - - [13/May/2021:10:55:03 +0800] "GET /xingrg/all/function/internal_message.html?_=1620874501775&CODE_STATE=getMsg HTTP/1.1" 200 27
116.224.253.72 - - [13/May/2021:10:55:04 +0800] "POST /xingrg/kc/buy/cgsh_order_operate.html HTTP/1.1" 200 37
116.230.114.112 - - [13/May/2021:10:55:04 +0800] "GET /xingrg/all/function/internal_message.html?_=1620874516494&CODE_STATE=getMsg HTTP/1.1" 200 27
222.69.129.194 - - [13/May/2021:10:55:06 +0800] "GET /xingrg/kc/buy/cgsh_order_operate.html?command=get_materiel&rest_code=00149&code=00101007168&supplier_code=00100326&order_time=2021-05-12 HTTP/1.1" 200 396
116.224.253.72 - - [13/May/2021:10:55:06 +0800] "POST /xingrg/kc/buy/cgsh_order_operate.html HTTP/1.1" 200 12
116.224.253.72 - - [13/May/2021:10:55:07 +0800] "GET /xingrg/kc/buy/cgsh_order_info.html?code=212021051305528 HTTP/1.1" 200 56859
116.224.253.72 - - [13/May/2021:10:55:08 +0800] "GET /xingrg/javascript/easyui/themes/default/validatebox.css HTTP/1.1" 404 1104
116.224.253.72 - - [13/May/2021:10:55:08 +0800] "GET /xingrg/all/function/internal_message.html?_=1620874494180&CODE_STATE=getMsg HTTP/1.1" 200 27
116.224.253.72 - - [13/May/2021:10:55:08 +0800] "POST /xingrg/kc/buy/cgsh_order_operate.html HTTP/1.1" 200 2989
116.224.253.72 - - [13/May/2021:10:55:09 +0800] "GET /xingrg/kc/print/load_data.html?order_code=212021051305528&kc_code=cgsh&condition= HTTP/1.1" 200 1688
114.83.217.136 - - [13/May/2021:10:55:12 +0800] "GET /xingrg/all/function/internal_message.html?_=1620874512207&CODE_STATE=getMsg HTTP/1.1" 200 27
222.69.129.194 - - [13/May/2021:10:55:14 +0800] "GET /xingrg/kc/buy/cgsh_order_operate.html?command=get_materiel&rest_code=00149&code=00101020030&supplier_code=00100326&order_time=2021-05-12 HTTP/1.1" 200 417
116.224.253.72 - - [13/May/2021:10:55:14 +0800] "GET /xingrg/kc/buy/cgsh_order_add.html HTTP/1.1" 200 61953
116.230.110.80 - - [13/May/2021:10:55:14 +0800] "GET /xingrg/all/function/internal_message.html?_=1620874512409&CODE_STATE=getMsg HTTP/1.1" 200 27
116.224.253.72 - - [13/May/2021:10:55:14 +0800] "POST /xingrg/kc/buy/cgsh_order_operate.html HTTP/1.1" 200 8245
116.224.253.72 - - [13/May/2021:10:55:14 +0800] "GET /xingrg/javascript/easyui/themes/default/validatebox.css HTTP/1.1" 404 1104
117.185.32.26 - - [13/May/2021:10:55:16 +0800] "POST /xingrg/kc/buy/cgsh_order_operate.html HTTP/1.1" 200 37
114.86.225.153 - - [13/May/2021:10:55:17 +0800] "GET /xingrg/all/function/internal_message.html?_=1620874515884&CODE_STATE=getMsg HTTP/1.1" 200 27
114.86.225.153 - - [13/May/2021:10:55:17 +0800] "GET /xingrg/check_reg.html?_=1620874515885 HTTP/1.1" 200 22
116.230.110.80 - - [13/May/2021:10:55:18 +0800] "GET /xingrg/kc/buy/cgsh_order_add.html HTTP/1.1" 200 61997
116.230.110.80 - - [13/May/2021:10:55:18 +0800] "POST /xingrg/kc/buy/cgsh_order_operate.html HTTP/1.1" 200 8245
116.230.110.80 - - [13/May/2021:10:55:18 +0800] "GET /xingrg/javascript/easyui/themes/default/validatebox.css HTTP/1.1" 404 1104
114.88.162.5 - - [13/May/2021:10:55:19 +0800] "GET /xingrg/kc/buy/cgsh_order_add.html HTTP/1.1" 200 62029
114.88.162.5 - - [13/May/2021:10:55:19 +0800] "GET /xingrg/javascript/easyui/themes/default/validatebox.css HTTP/1.1" 404 1104
114.88.162.5 - - [13/May/2021:10:55:19 +0800] "POST /xingrg/kc/buy/cgsh_order_operate.html HTTP/1.1" 200 8245
58.37.228.113 - - [13/May/2021:10:55:20 +0800] "GET /xingrg/all/function/internal_message.html?_=1620874524606&CODE_STATE=getMsg HTTP/1.1" 200 27
180.169.147.146 - - [13/May/2021:10:55:20 +0800] "GET /xingrg/check_reg.html?_=1620874521367 HTTP/1.1" 200 22
180.169.147.146 - - [13/May/2021:10:55:20 +0800] "GET /xingrg/all/function/internal_message.html?_=1620874521372&CODE_STATE=getMsg HTTP/1.1" 200 27
117.185.32.26 - - [13/May/2021:10:55:21 +0800] "POST /xingrg/kc/buy/cgsh_order_operate.html HTTP/1.1" 200 12
222.69.129.194 - - [13/May/2021:10:55:21 +0800] "GET /xingrg/kc/buy/cgsh_order_operate.html?command=get_materiel&rest_code=00149&code=00101010567&supplier_code=00100326&order_time=2021-05-12 HTTP/1.1" 200 399
117.185.32.26 - - [13/May/2021:10:55:21 +0800] "GET /xingrg/kc/buy/cgsh_order_info.html?code=212021051305529 HTTP/1.1" 200 56935
117.185.32.26 - - [13/May/2021:10:55:22 +0800] "GET /xingrg/javascript/easyui/themes/default/validatebox.css HTTP/1.1" 404 1104
117.185.32.26 - - [13/May/2021:10:55:22 +0800] "POST /xingrg/kc/buy/cgsh_order_operate.html HTTP/1.1" 200 1213
116.224.253.72 - - [13/May/2021:10:55:22 +0800] "GET /xingrg/kc/buy/cgsh_order_operate.html?command=get_materiel&rest_code=00150&code=00101004067&supplier_code=00100312&order_time=2021-05-13 HTTP/1.1" 200 435
117.185.32.26 - - [13/May/2021:10:55:23 +0800] "GET /xingrg/all/function/internal_message.html?_=1620875048605&CODE_STATE=getMsg HTTP/1.1" 200 27
180.162.112.86 - - [13/May/2021:10:55:25 +0800] "GET /xingrg/all/function/internal_message.html?_=1620874252462&CODE_STATE=getMsg HTTP/1.1" 200 27
117.185.32.26 - - [13/May/2021:10:55:25 +0800] "GET /xingrg/kc/print/load_data.html?order_code=212021051305529&kc_code=cgsh&condition= HTTP/1.1" 200 1011
116.224.253.72 - - [13/May/2021:10:55:25 +0800] "GET /xingrg/all/function/internal_message.html?_=1620874511556&CODE_STATE=getMsg HTTP/1.1" 200 27
222.69.129.194 - - [13/May/2021:10:55:26 +0800] "GET /xingrg/all/function/internal_message.html?_=1620874523537&CODE_STATE=getMsg HTTP/1.1" 200 27
116.230.110.80 - - [13/May/2021:10:55:26 +0800] "GET /xingrg/kc/buy/cgsh_order_operate.html?command=get_materiel&rest_code=00155&code=00101001051&supplier_code=00100094&order_time=2021-05-13 HTTP/1.1" 200 422
180.169.147.146 - - [13/May/2021:10:55:26 +0800] "GET /xingrg/all/function/internal_message.html?_=1620874521103&CODE_STATE=getMsg HTTP/1.1" 200 27
222.69.129.194 - - [13/May/2021:10:55:29 +0800] "GET /xingrg/kc/buy/cgsh_order_operate.html?command=get_materiel&rest_code=00149&code=00101007111&supplier_code=00100326&order_time=2021-05-12 HTTP/1.1" 200 417
114.88.162.5 - - [13/May/2021:10:55:31 +0800] "GET /xingrg/kc/buy/cgsh_order_operate.html?command=get_materiel&rest_code=00111&code=00101001109&supplier_code=00100266&order_time=2021-05-13 HTTP/1.1" 200 415
58.37.228.113 - - [13/May/2021:10:55:34 +0800] "GET /xingrg/all/function/internal_message.html?_=1620874491868&CODE_STATE=getMsg HTTP/1.1" 200 27
116.224.253.72 - - [13/May/2021:10:55:41 +0800] "GET /xingrg/all/function/internal_message.html?_=1620874539762&CODE_STATE=getMsg HTTP/1.1" 200 27
222.69.129.194 - - [13/May/2021:10:55:43 +0800] "POST /xingrg/kc/buy/cgsh_order_operate.html HTTP/1.1" 200 37
116.230.110.80 - - [13/May/2021:10:55:43 +0800] "GET /xingrg/kc/buy/cgsh_order_operate.html?command=get_materiel&rest_code=00155&code=00101004066&supplier_code=00100094&order_time=2021-05-13 HTTP/1.1" 200 414
116.224.253.72 - - [13/May/2021:10:55:43 +0800] "GET /xingrg/kc/buy/cgsh_order_operate.html?command=get_materiel&rest_code=00150&code=00101004059&supplier_code=00100312&order_time=2021-05-13 HTTP/1.1" 200 413
61.165.42.208 - - [13/May/2021:10:55:43 +0800] "GET /xingrg/all/function/internal_message.html?_=1620874542221&CODE_STATE=getMsg HTTP/1.1" 200 27
117.185.32.26 - - [13/May/2021:10:55:49 +0800] "GET /xingrg/kc/buy/cgsh_order_add.html HTTP/1.1" 200 62029
117.185.32.26 - - [13/May/2021:10:55:50 +0800] "GET /xingrg/javascript/easyui/themes/default/validatebox.css HTTP/1.1" 404 1104
117.185.32.26 - - [13/May/2021:10:55:50 +0800] "POST /xingrg/kc/buy/cgsh_order_operate.html HTTP/1.1" 200 8245
180.161.124.236 - - [13/May/2021:10:55:51 +0800] "GET /xingrg/all/function/internal_message.html?_=1620874508892&CODE_STATE=getMsg HTTP/1.1" 200 27
117.185.32.26 - - [13/May/2021:10:55:52 +0800] "GET /xingrg/javascript/easyui/themes/default/tree.css HTTP/1.1" 404 1090
120.253.135.82 - - [13/May/2021:10:55:52 +0800] "GET /xingrg/check_reg.html?_=1620874331537 HTTP/1.1" 200 22
117.185.32.26 - - [13/May/2021:10:55:52 +0800] "POST /xingrg/all/common/load_tree.html?tree=supplier_tree_json&isDelete=1 HTTP/1.1" 200 55318
116.230.110.80 - - [13/May/2021:10:55:54 +0800] "POST /xingrg/kc/buy/cgsh_order_operate.html HTTP/1.1" 200 37
222.69.129.194 - - [13/May/2021:10:55:56 +0800] "POST /xingrg/kc/buy/cgsh_order_operate.html HTTP/1.1" 200 12
114.88.162.5 - - [13/May/2021:10:55:56 +0800] "GET /xingrg/all/function/internal_message.html?_=1620874553410&CODE_STATE=getMsg HTTP/1.1" 200 27
116.230.110.80 - - [13/May/2021:10:55:56 +0800] "POST /xingrg/kc/buy/cgsh_order_operate.html HTTP/1.1" 200 3266
116.224.253.72 - - [13/May/2021:10:55:58 +0800] "GET /xingrg/kc/buy/cgsh_order_operate.html?command=get_materiel&rest_code=00150&code=00101004030&supplier_code=00100312&order_time=2021-05-13 HTTP/1.1" 200 429
116.230.110.80 - - [13/May/2021:10:55:58 +0800] "GET /xingrg/kc/print/load_data.html?order_code=212021051305531&kc_code=cgsh&condition= HTTP/1.1" 200 999
222.69.129.194 - - [13/May/2021:10:55:58 +0800] "GET /xingrg/kc/buy/cgsh_order_info.html?code=212021051305530 HTTP/1.1" 200 56988
222.69.129.194 - - [13/May/2021:10:55:58 +0800] "GET /xingrg/javascript/easyui/themes/default/validatebox.css HTTP/1.1" 404 1104
222.69.129.194 - - [13/May/2021:10:56:00 +0800] "POST /xingrg/kc/buy/cgsh_order_operate.html HTTP/1.1" 200 2987
114.88.162.5 - - [13/May/2021:10:56:00 +0800] "GET /xingrg/kc/buy/cgsh_order_operate.html?command=get_materiel&rest_code=00111&code=00101006026&supplier_code=00100266&order_time=2021-05-13 HTTP/1.1" 200 409
222.69.129.194 - - [13/May/2021:10:56:02 +0800] "GET /xingrg/kc/print/load_data.html?order_code=212021051305530&kc_code=cgsh&condition= HTTP/1.1" 200 1633
116.230.110.80 - - [13/May/2021:10:56:02 +0800] "GET /xingrg/kc/buy/cgsh_order_add.html HTTP/1.1" 200 61997
116.230.110.80 - - [13/May/2021:10:56:02 +0800] "POST /xingrg/kc/buy/cgsh_order_operate.html HTTP/1.1" 200 8245
116.230.110.80 - - [13/May/2021:10:56:02 +0800] "GET /xingrg/javascript/easyui/themes/default/validatebox.css HTTP/1.1" 404 1104
116.230.76.31 - - [13/May/2021:10:56:03 +0800] "GET /xingrg/all/function/internal_message.html?_=1620874561757&CODE_STATE=getMsg HTTP/1.1" 200 27
116.230.114.112 - - [13/May/2021:10:56:04 +0800] "GET /xingrg/all/function/internal_message.html?_=1620874576499&CODE_STATE=getMsg HTTP/1.1" 200 27
116.224.253.72 - - [13/May/2021:10:56:05 +0800] "GET /xingrg/check_reg.html?_=1620874551248 HTTP/1.1" 200 22
222.69.129.194 - - [13/May/2021:10:56:07 +0800] "GET /xingrg/kc/buy/cgsh_order_add.html HTTP/1.1" 200 62082
222.69.129.194 - - [13/May/2021:10:56:08 +0800] "POST /xingrg/kc/buy/cgsh_order_operate.html HTTP/1.1" 200 8245
222.69.129.194 - - [13/May/2021:10:56:08 +0800] "GET /xingrg/javascript/easyui/themes/default/validatebox.css HTTP/1.1" 404 1104
116.224.253.72 - - [13/May/2021:10:56:08 +0800] "GET /xingrg/all/function/internal_message.html?_=1620874554193&CODE_STATE=getMsg HTTP/1.1" 200 27
114.88.162.5 - - [13/May/2021:10:56:09 +0800] "GET /xingrg/kc/buy/cgsh_order_operate.html?command=get_materiel&rest_code=00111&code=00101008113&supplier_code=00100266&order_time=2021-05-13 HTTP/1.1" 200 413
116.224.253.72 - - [13/May/2021:10:56:12 +0800] "POST /xingrg/kc/buy/cgsh_order_operate.html HTTP/1.1" 200 37
114.83.217.136 - - [13/May/2021:10:56:12 +0800] "GET /xingrg/all/function/internal_message.html?_=1620874572208&CODE_STATE=getMsg HTTP/1.1" 200 27
114.83.217.136 - - [13/May/2021:10:56:12 +0800] "GET /xingrg/check_reg.html?_=1620874572214 HTTP/1.1" 200 22
116.230.110.80 - - [13/May/2021:10:56:13 +0800] "GET /xingrg/kc/buy/cgsh_order_operate.html?command=get_materiel&rest_code=00155&code=00101002006&supplier_code=00100091&order_time=2021-05-13 HTTP/1.1" 200 414
116.230.110.80 - - [13/May/2021:10:56:14 +0800] "GET /xingrg/all/function/internal_message.html?_=1620874572426&CODE_STATE=getMsg HTTP/1.1" 200 27
116.224.253.72 - - [13/May/2021:10:56:15 +0800] "POST /xingrg/kc/buy/cgsh_order_operate.html HTTP/1.1" 200 12
117.185.32.26 - - [13/May/2021:10:56:15 +0800] "GET /xingrg/kc/buy/cgsh_order_operate.html?command=get_materiel&rest_code=00106&code=00101010607&supplier_code=00100404&order_time=2021-05-13 HTTP/1.1" 200 406
116.224.253.72 - - [13/May/2021:10:56:16 +0800] "GET /xingrg/kc/buy/cgsh_order_info.html?code=212021051305532 HTTP/1.1" 200 56859
116.224.253.72 - - [13/May/2021:10:56:16 +0800] "GET /xingrg/javascript/easyui/themes/default/validatebox.css HTTP/1.1" 404 1104
114.86.225.153 - - [13/May/2021:10:56:17 +0800] "GET /xingrg/all/function/internal_message.html?_=1620874575887&CODE_STATE=getMsg HTTP/1.1" 200 27
58.37.228.113 - - [13/May/2021:10:56:20 +0800] "GET /xingrg/all/function/internal_message.html?_=1620874584605&CODE_STATE=getMsg HTTP/1.1" 200 27
58.37.228.113 - - [13/May/2021:10:56:20 +0800] "GET /xingrg/check_reg.html?_=1620874584606 HTTP/1.1" 200 22
116.224.253.72 - - [13/May/2021:10:56:20 +0800] "POST /xingrg/kc/buy/cgsh_order_operate.html HTTP/1.1" 200 15
180.169.147.146 - - [13/May/2021:10:56:20 +0800] "GET /xingrg/all/function/internal_message.html?_=1620874581374&CODE_STATE=getMsg HTTP/1.1" 200 27
117.185.32.26 - - [13/May/2021:10:56:23 +0800] "GET /xingrg/all/function/internal_message.html?_=1620875108609&CODE_STATE=getMsg HTTP/1.1" 200 27
180.162.112.86 - - [13/May/2021:10:56:25 +0800] "GET /xingrg/check_reg.html?_=1620874312461 HTTP/1.1" 200 22
180.162.112.86 - - [13/May/2021:10:56:25 +0800] "GET /xingrg/all/function/internal_message.html?_=1620874312464&CODE_STATE=getMsg HTTP/1.1" 200 27
114.88.162.5 - - [13/May/2021:10:56:25 +0800] "POST /xingrg/kc/buy/cgsh_order_operate.html HTTP/1.1" 200 37
116.224.253.72 - - [13/May/2021:10:56:25 +0800] "GET /xingrg/kc/print/load_data.html?order_code=212021051305532&kc_code=cgsh&condition= HTTP/1.1" 200 1167
116.230.110.80 - - [13/May/2021:10:56:25 +0800] "POST /xingrg/kc/buy/cgsh_order_operate.html HTTP/1.1" 200 88
116.224.253.72 - - [13/May/2021:10:56:25 +0800] "GET /xingrg/all/function/internal_message.html?_=1620874571572&CODE_STATE=getMsg HTTP/1.1" 200 27
222.69.129.194 - - [13/May/2021:10:56:26 +0800] "GET /xingrg/all/function/internal_message.html?_=1620874583519&CODE_STATE=getMsg HTTP/1.1" 200 27
180.169.147.146 - - [13/May/2021:10:56:26 +0800] "GET /xingrg/check_reg.html?_=1620874581114 HTTP/1.1" 200 22
180.169.147.146 - - [13/May/2021:10:56:26 +0800] "GET /xingrg/all/function/internal_message.html?_=1620874581113&CODE_STATE=getMsg HTTP/1.1" 200 27
116.230.110.80 - - [13/May/2021:10:56:28 +0800] "POST /xingrg/kc/buy/cgsh_order_operate.html HTTP/1.1" 200 37
114.88.162.5 - - [13/May/2021:10:56:28 +0800] "POST /xingrg/kc/buy/cgsh_order_operate.html HTTP/1.1" 200 3841
61.165.42.208 - - [13/May/2021:10:56:29 +0800] "GET /xingrg/kc/buy/cgsh_order_list.html HTTP/1.1" 200 46291
116.230.110.80 - - [13/May/2021:10:56:29 +0800] "POST /xingrg/kc/buy/cgsh_order_operate.html HTTP/1.1" 200 2662
116.230.110.80 - - [13/May/2021:10:56:30 +0800] "GET /xingrg/kc/print/load_data.html?order_code=212021051305535&kc_code=cgsh&condition= HTTP/1.1" 200 751
114.88.162.5 - - [13/May/2021:10:56:30 +0800] "GET /xingrg/kc/print/load_data.html?order_code=212021051305533&kc_code=cgsh&condition= HTTP/1.1" 200 1118
58.37.228.113 - - [13/May/2021:10:56:34 +0800] "GET /xingrg/all/function/internal_message.html?_=1620874551871&CODE_STATE=getMsg HTTP/1.1" 200 27
58.37.228.113 - - [13/May/2021:10:56:34 +0800] "GET /xingrg/check_reg.html?_=1620874551872 HTTP/1.1" 200 22
116.230.110.80 - - [13/May/2021:10:56:35 +0800] "GET /xingrg/kc/buy/cgsh_order_add.html HTTP/1.1" 200 61997
116.230.110.80 - - [13/May/2021:10:56:35 +0800] "POST /xingrg/kc/buy/cgsh_order_operate.html HTTP/1.1" 200 8245
116.230.110.80 - - [13/May/2021:10:56:35 +0800] "GET /xingrg/javascript/easyui/themes/default/validatebox.css HTTP/1.1" 404 1104
116.224.253.72 - - [13/May/2021:10:56:37 +0800] "GET /xingrg/kc/buy/cgsh_order_add.html HTTP/1.1" 200 61953
116.224.253.72 - - [13/May/2021:10:56:38 +0800] "GET /xingrg/javascript/easyui/themes/default/validatebox.css HTTP/1.1" 404 1104
116.224.253.72 - - [13/May/2021:10:56:38 +0800] "POST /xingrg/kc/buy/cgsh_order_operate.html HTTP/1.1" 200 8245
116.224.253.72 - - [13/May/2021:10:56:41 +0800] "GET /xingrg/all/function/internal_message.html?_=1620874599788&CODE_STATE=getMsg HTTP/1.1" 200 27
116.224.253.72 - - [13/May/2021:10:56:41 +0800] "GET /xingrg/check_reg.html?_=1620874599791 HTTP/1.1" 200 22
116.230.110.80 - - [13/May/2021:10:56:42 +0800] "GET /xingrg/kc/buy/cgsh_order_operate.html?command=get_materiel&rest_code=00155&code=00101003006&supplier_code=00100092&order_time=2021-05-13 HTTP/1.1" 200 432
114.88.162.5 - - [13/May/2021:10:56:43 +0800] "GET /xingrg/kc/buy/cgsh_order_add.html HTTP/1.1" 200 62029
114.88.162.5 - - [13/May/2021:10:56:43 +0800] "POST /xingrg/kc/buy/cgsh_order_operate.html HTTP/1.1" 200 8245
114.88.162.5 - - [13/May/2021:10:56:43 +0800] "GET /xingrg/javascript/easyui/themes/default/validatebox.css HTTP/1.1" 404 1104
61.165.42.208 - - [13/May/2021:10:56:43 +0800] "GET /xingrg/all/function/internal_message.html?_=1620874602205&CODE_STATE=getMsg HTTP/1.1" 200 27
61.165.42.208 - - [13/May/2021:10:56:50 +0800] "POST /xingrg/kc/buy/cgsh_list_operate.html HTTP/1.1" 200 5207
116.230.110.80 - - [13/May/2021:10:56:50 +0800] "POST /xingrg/kc/buy/cgsh_order_operate.html HTTP/1.1" 200 37
116.230.110.80 - - [13/May/2021:10:56:51 +0800] "POST /xingrg/kc/buy/cgsh_order_operate.html HTTP/1.1" 200 2660
180.161.124.236 - - [13/May/2021:10:56:52 +0800] "GET /xingrg/all/function/internal_message.html?_=1620874568901&CODE_STATE=getMsg HTTP/1.1" 200 27
116.230.110.80 - - [13/May/2021:10:56:52 +0800] "GET /xingrg/kc/print/load_data.html?order_code=212021051305536&kc_code=cgsh&condition= HTTP/1.1" 200 740
114.88.162.5 - - [13/May/2021:10:56:53 +0800] "GET /xingrg/kc/buy/cgsh_order_operate.html?command=get_materiel&rest_code=00111&code=00101001023&supplier_code=00100439&order_time=2021-05-13 HTTP/1.1" 200 415
180.161.124.236 - - [13/May/2021:10:56:53 +0800] "GET /xingrg/css/base.css HTTP/1.1" 304 -
180.161.124.236 - - [13/May/2021:10:56:53 +0800] "GET /xingrg/css/site.css HTTP/1.1" 304 -
180.161.124.236 - - [13/May/2021:10:56:53 +0800] "GET /xingrg/javascript/auto/jquery.autocomplete.css HTTP/1.1" 304 -
180.161.124.236 - - [13/May/2021:10:56:53 +0800] "GET /xingrg/javascript/jquery_tools/datebox.css HTTP/1.1" 304 -
180.161.124.236 - - [13/May/2021:10:56:53 +0800] "GET /xingrg/javascript/easyui/themes/default/easyui.css HTTP/1.1" 304 -
180.161.124.236 - - [13/May/2021:10:56:53 +0800] "GET /xingrg/javascript/easyui/themes/icon.css HTTP/1.1" 304 -
180.161.124.236 - - [13/May/2021:10:56:53 +0800] "GET /xingrg/javascript/jquery_tools/fix.css HTTP/1.1" 304 -
180.161.124.236 - - [13/May/2021:10:56:53 +0800] "GET /xingrg/javascript/jquery_tools/table.css HTTP/1.1" 304 -
180.161.124.236 - - [13/May/2021:10:56:53 +0800] "GET /xingrg/javascript/jquery_tools/jquery.tools.min.js HTTP/1.1" 304 -
180.161.124.236 - - [13/May/2021:10:56:54 +0800] "GET /xingrg/javascript/jquery_tools/jquery.tools.extend.js HTTP/1.1" 304 -
180.161.124.236 - - [13/May/2021:10:56:54 +0800] "GET /xingrg/javascript/jquery_tools/jquery.tools.hotkey.js HTTP/1.1" 304 -
180.161.124.236 - - [13/May/2021:10:56:54 +0800] "GET /xingrg/javascript/jquery_tools/jquery.tools.table.js HTTP/1.1" 304 -
180.161.124.236 - - [13/May/2021:10:56:54 +0800] "GET /xingrg/javascript/jquery_tools/list_manager.js HTTP/1.1" 304 -
180.161.124.236 - - [13/May/2021:10:56:54 +0800] "GET /xingrg/javascript/auto/jquery.autocomplete.js HTTP/1.1" 304 -
180.161.124.236 - - [13/May/2021:10:56:54 +0800] "GET /xingrg/javascript/print/LodopFuncs.js HTTP/1.1" 304 -
180.161.124.236 - - [13/May/2021:10:56:54 +0800] "GET /xingrg/javascript/jquery.cookie.js HTTP/1.1" 304 -
180.161.124.236 - - [13/May/2021:10:56:54 +0800] "GET /xingrg/javascript/easyui/easyloader.js HTTP/1.1" 304 -
180.161.124.236 - - [13/May/2021:10:56:54 +0800] "GET /xingrg/javascript/jquery.utils.js HTTP/1.1" 304 -
180.161.124.236 - - [13/May/2021:10:56:54 +0800] "GET /xingrg/kc/base/wldb_order_list.html HTTP/1.1" 200 19017
116.230.114.112 - - [13/May/2021:10:56:55 +0800] "GET /xingrg/check_reg.html?_=1620874626656 HTTP/1.1" 200 22
114.88.162.5 - - [13/May/2021:10:56:56 +0800] "GET /xingrg/all/function/internal_message.html?_=1620874613430&CODE_STATE=getMsg HTTP/1.1" 200 27
114.88.162.5 - - [13/May/2021:10:56:57 +0800] "GET /xingrg/check_reg.html?_=1620874613790 HTTP/1.1" 200 22
180.161.124.236 - - [13/May/2021:10:56:58 +0800] "GET /favicon.ico HTTP/1.1" 404 -
180.161.124.236 - - [13/May/2021:10:56:59 +0800] "GET /xingrg/javascript/easyui/themes/icons/edit_add_new.png HTTP/1.1" 304 -
180.161.124.236 - - [13/May/2021:10:56:59 +0800] "GET /xingrg/javascript/easyui/themes/icons/cance_new.png HTTP/1.1" 304 -
180.161.124.236 - - [13/May/2021:10:56:59 +0800] "GET /xingrg/javascript/easyui/themes/icons/check_new.png HTTP/1.1" 304 -
180.161.124.236 - - [13/May/2021:10:56:59 +0800] "GET /xingrg/javascript/easyui/themes/icons/field_new.png HTTP/1.1" 304 -
180.161.124.236 - - [13/May/2021:10:56:59 +0800] "GET /xingrg/javascript/easyui/themes/icons/import_new.png HTTP/1.1" 304 -
180.161.124.236 - - [13/May/2021:10:56:59 +0800] "GET /xingrg/javascript/easyui/plugins/jquery.parser.js HTTP/1.1" 304 -
180.161.124.236 - - [13/May/2021:10:56:59 +0800] "GET /xingrg/images/control/ajaxLoader.gif HTTP/1.1" 304 -
180.161.124.236 - - [13/May/2021:10:57:00 +0800] "POST /xingrg/kc/base/wldb_list_operate.html HTTP/1.1" 200 928
116.230.76.31 - - [13/May/2021:10:57:02 +0800] "GET /xingrg/check_reg.html?_=1620874620867 HTTP/1.1" 200 22
116.230.76.31 - - [13/May/2021:10:57:03 +0800] "GET /xingrg/all/function/internal_message.html?_=1620874621757&CODE_STATE=getMsg HTTP/1.1" 200 27
117.185.32.26 - - [13/May/2021:10:57:04 +0800] "POST /xingrg/kc/buy/cgsh_order_operate.html HTTP/1.1" 200 37
116.230.114.112 - - [13/May/2021:10:57:04 +0800] "GET /xingrg/all/function/internal_message.html?_=1620874636514&CODE_STATE=getMsg HTTP/1.1" 200 27
117.185.32.26 - - [13/May/2021:10:57:08 +0800] "POST /xingrg/kc/buy/cgsh_order_operate.html HTTP/1.1" 200 12
116.224.253.72 - - [13/May/2021:10:57:08 +0800] "GET /xingrg/all/function/internal_message.html?_=1620874614322&CODE_STATE=getMsg HTTP/1.1" 200 27
117.185.32.26 - - [13/May/2021:10:57:08 +0800] "GET /xingrg/kc/buy/cgsh_order_info.html?code=212021051305537 HTTP/1.1" 200 56937
117.185.32.26 - - [13/May/2021:10:57:09 +0800] "GET /xingrg/javascript/easyui/themes/default/validatebox.css HTTP/1.1" 404 1104
117.185.32.26 - - [13/May/2021:10:57:09 +0800] "POST /xingrg/kc/buy/cgsh_order_operate.html HTTP/1.1" 200 618
114.83.217.136 - - [13/May/2021:10:57:12 +0800] "GET /xingrg/all/function/internal_message.html?_=1620874632215&CODE_STATE=getMsg HTTP/1.1" 200 27
117.185.32.26 - - [13/May/2021:10:57:12 +0800] "GET /xingrg/kc/print/load_data.html?order_code=212021051305537&kc_code=cgsh&condition= HTTP/1.1" 200 728
116.230.110.80 - - [13/May/2021:10:57:14 +0800] "GET /xingrg/all/function/internal_message.html?_=1620874632407&CODE_STATE=getMsg HTTP/1.1" 200 27
61.165.42.208 - - [13/May/2021:10:57:17 +0800] "POST /xingrg/kc/buy/cgsh_list_operate.html HTTP/1.1" 200 3735
114.86.225.153 - - [13/May/2021:10:57:17 +0800] "GET /xingrg/all/function/internal_message.html?_=1620874635892&CODE_STATE=getMsg HTTP/1.1" 200 27
117.185.32.26 - - [13/May/2021:10:57:19 +0800] "GET /xingrg/kc/buy/cgsh_order_add.html HTTP/1.1" 200 62029
117.185.32.26 - - [13/May/2021:10:57:19 +0800] "POST /xingrg/kc/buy/cgsh_order_operate.html HTTP/1.1" 200 8245
117.185.32.26 - - [13/May/2021:10:57:19 +0800] "GET /xingrg/javascript/easyui/themes/default/validatebox.css HTTP/1.1" 404 1104
58.37.228.113 - - [13/May/2021:10:57:20 +0800] "GET /xingrg/all/function/internal_message.html?_=1620874644607&CODE_STATE=getMsg HTTP/1.1" 200 27
61.165.42.208 - - [13/May/2021:10:57:20 +0800] "POST /xingrg/kc/buy/cgsh_list_operate.html HTTP/1.1" 200 580
180.169.147.146 - - [13/May/2021:10:57:20 +0800] "GET /xingrg/all/function/internal_message.html?_=1620874641361&CODE_STATE=getMsg HTTP/1.1" 200 27
117.185.32.26 - - [13/May/2021:10:57:21 +0800] "GET /xingrg/javascript/easyui/themes/default/tree.css HTTP/1.1" 404 1090
61.165.42.208 - - [13/May/2021:10:57:21 +0800] "GET /xingrg/kc/buy/cgsh_order_info.html?code=212021051305520 HTTP/1.1" 200 62085
117.185.32.26 - - [13/May/2021:10:57:21 +0800] "POST /xingrg/all/common/load_tree.html?tree=supplier_tree_json&isDelete=1 HTTP/1.1" 200 55318
61.165.42.208 - - [13/May/2021:10:57:21 +0800] "GET /xingrg/javascript/easyui/themes/default/validatebox.css HTTP/1.1" 404 1104
61.165.42.208 - - [13/May/2021:10:57:21 +0800] "POST /xingrg/kc/buy/cgsh_order_operate.html HTTP/1.1" 200 6218
117.185.32.26 - - [13/May/2021:10:57:23 +0800] "GET /xingrg/all/function/internal_message.html?_=1620875168613&CODE_STATE=getMsg HTTP/1.1" 200 27
180.161.124.236 - - [13/May/2021:10:57:23 +0800] "GET /xingrg/kc/base/wldb_order_list.html HTTP/1.1" 200 19017
180.161.124.236 - - [13/May/2021:10:57:23 +0800] "POST /xingrg/kc/base/wldb_list_operate.html HTTP/1.1" 200 928
180.162.112.86 - - [13/May/2021:10:57:25 +0800] "GET /xingrg/all/function/internal_message.html?_=1620874372466&CODE_STATE=getMsg HTTP/1.1" 200 27
116.224.253.72 - - [13/May/2021:10:57:25 +0800] "GET /xingrg/all/function/internal_message.html?_=1620874631586&CODE_STATE=getMsg HTTP/1.1" 200 27
180.161.124.236 - - [13/May/2021:10:57:25 +0800] "GET /xingrg/kc/base/wldb_order_add.html HTTP/1.1" 200 30176
222.69.129.194 - - [13/May/2021:10:57:26 +0800] "GET /xingrg/all/function/internal_message.html?_=1620874643492&CODE_STATE=getMsg HTTP/1.1" 200 27
180.161.124.236 - - [13/May/2021:10:57:26 +0800] "POST /xingrg/kc/base/wldb_order_operate.html HTTP/1.1" 200 6806
180.169.147.146 - - [13/May/2021:10:57:26 +0800] "GET /xingrg/all/function/internal_message.html?_=1620874641133&CODE_STATE=getMsg HTTP/1.1" 200 27
180.161.124.236 - - [13/May/2021:10:57:27 +0800] "GET /xingrg/all/common/auto_word.html?type=base&rest_code=00102 HTTP/1.1" 200 1711
180.161.124.236 - - [13/May/2021:10:57:27 +0800] "GET /xingrg/all/common/auto_word.html?type=base&rest_code=00102 HTTP/1.1" 200 1711
180.161.124.236 - - [13/May/2021:10:57:28 +0800] "GET /xingrg/javascript/easyui/themes/default/validatebox.css HTTP/1.1" 404 1104
180.161.124.236 - - [13/May/2021:10:57:30 +0800] "POST /xingrg/all/common/load_combo.html?type=base HTTP/1.1" 200 3060
61.165.42.208 - - [13/May/2021:10:57:31 +0800] "POST /xingrg/kc/buy/cgsh_order_operate.html HTTP/1.1" 200 37
61.165.42.208 - - [13/May/2021:10:57:32 +0800] "POST /xingrg/kc/buy/cgsh_order_operate.html HTTP/1.1" 200 5619
180.161.124.236 - - [13/May/2021:10:57:34 +0800] "POST /xingrg/all/common/load_combo.html?type=base HTTP/1.1" 200 3060
58.37.228.113 - - [13/May/2021:10:57:34 +0800] "GET /xingrg/all/function/internal_message.html?_=1620874611879&CODE_STATE=getMsg HTTP/1.1" 200 27
61.165.42.208 - - [13/May/2021:10:57:34 +0800] "GET /xingrg/index.html?sysBaseUrl=http%3A%2F%2F180.169.147.146%3A18081%2Fxingrg%2F&costTime=36×tamp=1585222720700 HTTP/1.1" 200 17173
61.165.42.208 - - [13/May/2021:10:57:35 +0800] "GET /favicon.ico HTTP/1.1" 404 -
61.165.42.208 - - [13/May/2021:10:57:35 +0800] "GET /xingrg/check_reg.html?_=1620874653368 HTTP/1.1" 200 22
61.165.42.208 - - [13/May/2021:10:57:35 +0800] "GET /xingrg/all/function/internal_message.html?_=1620874653368&CODE_STATE=count HTTP/1.1" 200 11
61.165.42.208 - - [13/May/2021:10:57:35 +0800] "POST /xingrg/all/common/load_tree.html?tree=area_rest_tree_json&manage=1 HTTP/1.1" 200 3344
61.165.42.208 - - [13/May/2021:10:57:35 +0800] "POST /xingrg/load_menu.html HTTP/1.1" 200 5138
61.165.42.208 - - [13/May/2021:10:57:37 +0800] "GET /xingrg/kc/buy/cgsh_order_list.html HTTP/1.1" 200 46291
180.161.124.236 - - [13/May/2021:10:57:38 +0800] "GET /xingrg/check_reg.html?_=1620874615873 HTTP/1.1" 200 22
117.185.32.26 - - [13/May/2021:10:57:39 +0800] "GET /xingrg/kc/buy/cgsh_order_operate.html?command=get_materiel&rest_code=00106&code=00101003003&supplier_code=00100094&order_time=2021-05-13 HTTP/1.1" 200 414
116.224.253.72 - - [13/May/2021:10:57:41 +0800] "GET /xingrg/all/function/internal_message.html?_=1620874659766&CODE_STATE=getMsg HTTP/1.1" 200 27
180.161.124.236 - - [13/May/2021:10:57:43 +0800] "GET /xingrg/kc/base/wldb_order_operate.html?command=get_materiel&rest_code=00102&base_code=0010476&code=00101013011 HTTP/1.1" 200 451
114.88.162.5 - - [13/May/2021:10:57:50 +0800] "GET /xingrg/kc/buy/cgsh_order_operate.html?command=get_materiel&rest_code=00111&code=00101001138&supplier_code=00100439&order_time=2021-05-13 HTTP/1.1" 200 435
180.161.124.236 - - [13/May/2021:10:57:50 +0800] "GET /xingrg/kc/base/wldb_order_operate.html?command=get_materiel&rest_code=00102&base_code=0010476&code=00101019405 HTTP/1.1" 200 468
180.161.124.236 - - [13/May/2021:10:57:52 +0800] "GET /xingrg/all/function/internal_message.html?_=1620874628927&CODE_STATE=getMsg HTTP/1.1" 200 27
116.230.110.80 - - [13/May/2021:10:57:52 +0800] "GET /xingrg/kc/buy/cgsh_order_add.html HTTP/1.1" 200 61997
116.230.110.80 - - [13/May/2021:10:57:52 +0800] "POST /xingrg/kc/buy/cgsh_order_operate.html HTTP/1.1" 200 8245
116.230.110.80 - - [13/May/2021:10:57:52 +0800] "GET /xingrg/javascript/easyui/themes/default/validatebox.css HTTP/1.1" 404 1104
114.88.162.5 - - [13/May/2021:10:57:56 +0800] "GET /xingrg/all/function/internal_message.html?_=1620874673406&CODE_STATE=getMsg HTTP/1.1" 200 27
61.165.42.208 - - [13/May/2021:10:57:58 +0800] "POST /xingrg/kc/buy/cgsh_list_operate.html HTTP/1.1" 200 5207
114.88.162.5 - - [13/May/2021:10:58:00 +0800] "POST /xingrg/kc/buy/cgsh_order_operate.html HTTP/1.1" 200 37
114.88.162.5 - - [13/May/2021:10:58:02 +0800] "POST /xingrg/kc/buy/cgsh_order_operate.html HTTP/1.1" 200 3258
