116.224.253.72 - - [13/May/2021:11:26:05 +0800] "GET /xingrg/all/function/internal_message.html?_=1620876363666&CODE_STATE=getMsg HTTP/1.1" 200 27
116.224.253.72 - - [13/May/2021:11:26:05 +0800] "GET /xingrg/check_reg.html?_=1620876351279 HTTP/1.1" 200 22
116.224.253.72 - - [13/May/2021:11:26:09 +0800] "GET /xingrg/all/function/internal_message.html?_=1620876355241&CODE_STATE=getMsg HTTP/1.1" 200 27
116.230.114.112 - - [13/May/2021:11:26:09 +0800] "GET /xingrg/all/function/internal_message.html?_=1620876381241&CODE_STATE=getMsg HTTP/1.1" 200 27
61.165.42.208 - - [13/May/2021:11:26:11 +0800] "GET /xingrg/all/function/internal_message.html?_=1620876369535&CODE_STATE=getMsg HTTP/1.1" 200 27
114.83.217.136 - - [13/May/2021:11:26:12 +0800] "GET /xingrg/check_reg.html?_=1620876372261 HTTP/1.1" 200 22
114.83.217.136 - - [13/May/2021:11:26:12 +0800] "GET /xingrg/all/function/internal_message.html?_=1620876372265&CODE_STATE=getMsg HTTP/1.1" 200 27
116.230.110.80 - - [13/May/2021:11:26:14 +0800] "GET /xingrg/all/function/internal_message.html?_=1620876372402&CODE_STATE=getMsg HTTP/1.1" 200 27
180.161.124.236 - - [13/May/2021:11:26:14 +0800] "GET /xingrg/all/function/internal_message.html?_=1620876331868&CODE_STATE=getMsg HTTP/1.1" 200 27
58.37.228.113 - - [13/May/2021:11:26:14 +0800] "POST /xingrg/kc/buy/cgsh_order_operate.html HTTP/1.1" 200 37
58.37.228.113 - - [13/May/2021:11:26:17 +0800] "POST /xingrg/kc/buy/cgsh_order_operate.html HTTP/1.1" 200 12
114.86.225.153 - - [13/May/2021:11:26:17 +0800] "GET /xingrg/all/function/internal_message.html?_=1620876375970&CODE_STATE=getMsg HTTP/1.1" 200 27
58.37.228.113 - - [13/May/2021:11:26:18 +0800] "GET /xingrg/kc/buy/cgsh_order_info.html?code=212021051305606 HTTP/1.1" 200 56935
58.37.228.113 - - [13/May/2021:11:26:18 +0800] "GET /xingrg/words/20210513111537_words.js HTTP/1.1" 304 -
58.37.228.113 - - [13/May/2021:11:26:19 +0800] "GET /xingrg/javascript/easyui/themes/default/validatebox.css HTTP/1.1" 404 1104
58.37.228.113 - - [13/May/2021:11:26:19 +0800] "POST /xingrg/kc/buy/cgsh_order_operate.html HTTP/1.1" 200 2375
58.37.228.113 - - [13/May/2021:11:26:20 +0800] "GET /xingrg/all/function/internal_message.html?_=1620876384679&CODE_STATE=getMsg HTTP/1.1" 200 27
58.37.228.113 - - [13/May/2021:11:26:20 +0800] "GET /xingrg/check_reg.html?_=1620876384682 HTTP/1.1" 200 22
58.37.228.113 - - [13/May/2021:11:26:20 +0800] "GET /xingrg/kc/print/load_config.html?kc_code=cgsh HTTP/1.1" 200 1845
58.37.228.113 - - [13/May/2021:11:26:20 +0800] "GET /xingrg/kc/print/load_data.html?order_code=212021051305606&kc_code=cgsh&condition= HTTP/1.1" 200 1413
180.169.147.146 - - [13/May/2021:11:26:20 +0800] "GET /xingrg/all/function/internal_message.html?_=1620876381388&CODE_STATE=getMsg HTTP/1.1" 200 27
117.185.32.26 - - [13/May/2021:11:26:23 +0800] "GET /xingrg/all/function/internal_message.html?_=1620876908728&CODE_STATE=getMsg HTTP/1.1" 200 27
180.162.112.86 - - [13/May/2021:11:26:25 +0800] "GET /xingrg/check_reg.html?_=1620876112493 HTTP/1.1" 200 22
180.162.112.86 - - [13/May/2021:11:26:25 +0800] "GET /xingrg/all/function/internal_message.html?_=1620876112496&CODE_STATE=getMsg HTTP/1.1" 200 27
222.69.129.194 - - [13/May/2021:11:26:25 +0800] "GET /xingrg/all/function/internal_message.html?_=1620876383221&CODE_STATE=getMsg HTTP/1.1" 200 27
116.224.253.72 - - [13/May/2021:11:26:26 +0800] "GET /xingrg/all/function/internal_message.html?_=1620876372229&CODE_STATE=getMsg HTTP/1.1" 200 27
180.169.147.146 - - [13/May/2021:11:26:27 +0800] "GET /xingrg/all/function/internal_message.html?_=1620876381235&CODE_STATE=getMsg HTTP/1.1" 200 27
180.169.147.146 - - [13/May/2021:11:26:27 +0800] "GET /xingrg/check_reg.html?_=1620876381234 HTTP/1.1" 200 22
116.235.95.160 - - [13/May/2021:11:26:29 +0800] "GET /xingrg/all/function/internal_message.html?_=1620876476530&CODE_STATE=getMsg HTTP/1.1" 200 27
116.235.95.160 - - [13/May/2021:11:26:29 +0800] "GET /xingrg/check_reg.html?_=1620876476529 HTTP/1.1" 200 22
116.230.76.31 - - [13/May/2021:11:26:30 +0800] "GET /xingrg/all/function/internal_message.html?_=1620876388251&CODE_STATE=getMsg HTTP/1.1" 200 27
114.88.162.5 - - [13/May/2021:11:26:30 +0800] "GET /xingrg/check_reg.html?_=1620876387668 HTTP/1.1" 200 22
114.88.162.5 - - [13/May/2021:11:26:30 +0800] "GET /xingrg/all/function/internal_message.html?_=1620876387671&CODE_STATE=getMsg HTTP/1.1" 200 27
61.151.178.164 - - [13/May/2021:11:26:32 +0800] "GET /xingrg/kc/buy/cgsh_order_operate.html?command=get_materiel&rest_code=00141&code=00101009066&supplier_code=00100022&order_time=2021-05-13 HTTP/1.1" 302 -
58.37.228.113 - - [13/May/2021:11:26:34 +0800] "GET /xingrg/all/function/internal_message.html?_=1620876351753&CODE_STATE=getMsg HTTP/1.1" 200 27
58.37.228.113 - - [13/May/2021:11:26:34 +0800] "GET /xingrg/check_reg.html?_=1620876351933 HTTP/1.1" 200 22
61.151.178.164 - - [13/May/2021:11:26:35 +0800] "GET /xingrg/login.html HTTP/1.1" 200 7641
180.169.147.146 - - [13/May/2021:11:26:45 +0800] "GET /xingrg/all/function/internal_message.html?_=1620876403292&CODE_STATE=getMsg HTTP/1.1" 200 27
116.230.114.112 - - [13/May/2021:11:26:55 +0800] "GET /xingrg/check_reg.html?_=1620876426687 HTTP/1.1" 200 22
116.224.253.72 - - [13/May/2021:11:27:05 +0800] "GET /xingrg/check_reg.html?_=1620876423659 HTTP/1.1" 200 22
116.224.253.72 - - [13/May/2021:11:27:05 +0800] "GET /xingrg/all/function/internal_message.html?_=1620876423666&CODE_STATE=getMsg HTTP/1.1" 200 27
61.151.178.165 - - [13/May/2021:11:27:08 +0800] "GET /xingrg/kc/buy/cgsh_order_operate.html?command=get_materiel&rest_code=00141&code=00101009039&supplier_code=00100022&order_time=2021-05-13 HTTP/1.1" 302 -
116.230.114.112 - - [13/May/2021:11:27:09 +0800] "GET /xingrg/all/function/internal_message.html?_=1620876441243&CODE_STATE=getMsg HTTP/1.1" 200 27
116.224.253.72 - - [13/May/2021:11:27:09 +0800] "GET /xingrg/all/function/internal_message.html?_=1620876415359&CODE_STATE=getMsg HTTP/1.1" 200 27
61.151.178.165 - - [13/May/2021:11:27:10 +0800] "GET /xingrg/login.html HTTP/1.1" 200 7641
61.165.42.208 - - [13/May/2021:11:27:11 +0800] "GET /xingrg/all/function/internal_message.html?_=1620876429536&CODE_STATE=getMsg HTTP/1.1" 200 27
114.83.217.136 - - [13/May/2021:11:27:12 +0800] "GET /xingrg/all/function/internal_message.html?_=1620876432266&CODE_STATE=getMsg HTTP/1.1" 200 27
116.230.110.80 - - [13/May/2021:11:27:14 +0800] "GET /xingrg/all/function/internal_message.html?_=1620876432399&CODE_STATE=getMsg HTTP/1.1" 200 27
180.161.124.236 - - [13/May/2021:11:27:15 +0800] "GET /xingrg/all/function/internal_message.html?_=1620876392492&CODE_STATE=getMsg HTTP/1.1" 200 27
114.86.225.153 - - [13/May/2021:11:27:17 +0800] "GET /xingrg/all/function/internal_message.html?_=1620876435969&CODE_STATE=getMsg HTTP/1.1" 200 27
61.129.8.179 - - [13/May/2021:11:27:20 +0800] "GET /xingrg/check_reg.html?_=1620876384682 HTTP/1.1" 302 -
58.37.228.113 - - [13/May/2021:11:27:20 +0800] "GET /xingrg/all/function/internal_message.html?_=1620876444682&CODE_STATE=getMsg HTTP/1.1" 200 27
61.129.8.179 - - [13/May/2021:11:27:20 +0800] "GET /xingrg/login.html HTTP/1.1" 200 7641
180.169.147.146 - - [13/May/2021:11:27:20 +0800] "GET /xingrg/all/function/internal_message.html?_=1620876441391&CODE_STATE=getMsg HTTP/1.1" 200 27
117.185.32.26 - - [13/May/2021:11:27:23 +0800] "GET /xingrg/all/function/internal_message.html?_=1620876968730&CODE_STATE=getMsg HTTP/1.1" 200 27
180.162.112.86 - - [13/May/2021:11:27:25 +0800] "GET /xingrg/all/function/internal_message.html?_=1620876172496&CODE_STATE=getMsg HTTP/1.1" 200 27
222.69.129.194 - - [13/May/2021:11:27:25 +0800] "GET /xingrg/all/function/internal_message.html?_=1620876443196&CODE_STATE=getMsg HTTP/1.1" 200 27
101.89.239.120 - - [13/May/2021:11:27:25 +0800] "GET /xingrg/kc/print/load_data.html?order_code=212021051305606&kc_code=cgsh&condition= HTTP/1.1" 302 -
117.185.32.26 - - [13/May/2021:11:27:26 +0800] "POST /xingrg/all/common/load_select.html HTTP/1.1" 200 12
116.224.253.72 - - [13/May/2021:11:27:26 +0800] "GET /xingrg/all/function/internal_message.html?_=1620876432243&CODE_STATE=getMsg HTTP/1.1" 200 27
180.169.147.146 - - [13/May/2021:11:27:27 +0800] "GET /xingrg/all/function/internal_message.html?_=1620876441247&CODE_STATE=getMsg HTTP/1.1" 200 27
116.235.95.160 - - [13/May/2021:11:27:29 +0800] "GET /xingrg/all/function/internal_message.html?_=1620876536526&CODE_STATE=getMsg HTTP/1.1" 200 27
116.230.76.31 - - [13/May/2021:11:27:30 +0800] "GET /xingrg/check_reg.html?_=1620876448259 HTTP/1.1" 200 22
116.230.76.31 - - [13/May/2021:11:27:30 +0800] "GET /xingrg/all/function/internal_message.html?_=1620876448262&CODE_STATE=getMsg HTTP/1.1" 200 27
117.185.32.26 - - [13/May/2021:11:27:30 +0800] "GET /xingrg/kc/buy/cgsh_order_operate.html?command=get_materiel_price&rest_code=00106&code=00101019293&unit_code=00100020&supplier_code=00100329&order_time=2021-05-13 HTTP/1.1" 200 27
101.89.239.120 - - [13/May/2021:11:27:30 +0800] "GET /xingrg/login.html HTTP/1.1" 200 7641
114.88.162.5 - - [13/May/2021:11:27:30 +0800] "GET /xingrg/all/function/internal_message.html?_=1620876447656&CODE_STATE=getMsg HTTP/1.1" 200 27
58.37.228.113 - - [13/May/2021:11:27:34 +0800] "GET /xingrg/all/function/internal_message.html?_=1620876411730&CODE_STATE=getMsg HTTP/1.1" 200 27
180.161.124.236 - - [13/May/2021:11:27:40 +0800] "GET /xingrg/check_reg.html?_=1620876417564 HTTP/1.1" 200 22
180.169.147.146 - - [13/May/2021:11:27:45 +0800] "GET /xingrg/all/function/internal_message.html?_=1620876463280&CODE_STATE=getMsg HTTP/1.1" 200 27
116.224.253.72 - - [13/May/2021:11:28:05 +0800] "GET /xingrg/all/function/internal_message.html?_=1620876483666&CODE_STATE=getMsg HTTP/1.1" 200 27
116.230.114.112 - - [13/May/2021:11:28:09 +0800] "GET /xingrg/all/function/internal_message.html?_=1620876501255&CODE_STATE=getMsg HTTP/1.1" 200 27
116.224.253.72 - - [13/May/2021:11:28:09 +0800] "GET /xingrg/all/function/internal_message.html?_=1620876475362&CODE_STATE=getMsg HTTP/1.1" 200 27
61.165.42.208 - - [13/May/2021:11:28:11 +0800] "GET /xingrg/all/function/internal_message.html?_=1620876489535&CODE_STATE=getMsg HTTP/1.1" 200 27
114.83.217.136 - - [13/May/2021:11:28:12 +0800] "GET /xingrg/all/function/internal_message.html?_=1620876492268&CODE_STATE=getMsg HTTP/1.1" 200 27
116.230.110.80 - - [13/May/2021:11:28:14 +0800] "GET /xingrg/all/function/internal_message.html?_=1620876492394&CODE_STATE=getMsg HTTP/1.1" 200 27
180.161.124.236 - - [13/May/2021:11:28:15 +0800] "GET /xingrg/all/function/internal_message.html?_=1620876452503&CODE_STATE=getMsg HTTP/1.1" 200 27
114.86.225.153 - - [13/May/2021:11:28:17 +0800] "GET /xingrg/all/function/internal_message.html?_=1620876495972&CODE_STATE=getMsg HTTP/1.1" 200 27
101.89.239.230 - - [13/May/2021:11:28:20 +0800] "GET /xingrg/all/function/internal_message.html?_=1620876444682&CODE_STATE=getMsg HTTP/1.1" 302 -
58.37.228.113 - - [13/May/2021:11:28:20 +0800] "GET /xingrg/all/function/internal_message.html?_=1620876504681&CODE_STATE=getMsg HTTP/1.1" 200 27
101.89.239.230 - - [13/May/2021:11:28:20 +0800] "GET /xingrg/login.html HTTP/1.1" 200 7641
180.169.147.146 - - [13/May/2021:11:28:20 +0800] "GET /xingrg/all/function/internal_message.html?_=1620876501392&CODE_STATE=getMsg HTTP/1.1" 200 27
117.185.32.26 - - [13/May/2021:11:28:24 +0800] "POST /xingrg/kc/buy/cgsh_order_operate.html HTTP/1.1" 200 37
180.162.112.86 - - [13/May/2021:11:28:25 +0800] "GET /xingrg/all/function/internal_message.html?_=1620876232496&CODE_STATE=getMsg HTTP/1.1" 200 27
222.69.129.194 - - [13/May/2021:11:28:25 +0800] "GET /xingrg/all/function/internal_message.html?_=1620876503185&CODE_STATE=getMsg HTTP/1.1" 200 27
116.224.253.72 - - [13/May/2021:11:28:26 +0800] "GET /xingrg/all/function/internal_message.html?_=1620876492283&CODE_STATE=getMsg HTTP/1.1" 200 27
180.169.147.146 - - [13/May/2021:11:28:27 +0800] "GET /xingrg/all/function/internal_message.html?_=1620876501236&CODE_STATE=getMsg HTTP/1.1" 200 27
222.69.129.194 - - [13/May/2021:11:28:27 +0800] "GET /xingrg/check_reg.html?_=1620876504814 HTTP/1.1" 200 22
117.185.32.26 - - [13/May/2021:11:28:27 +0800] "POST /xingrg/kc/buy/cgsh_order_operate.html HTTP/1.1" 200 12
117.185.32.26 - - [13/May/2021:11:28:28 +0800] "GET /xingrg/kc/buy/cgsh_order_info.html?code=212021051305607 HTTP/1.1" 200 56935
117.185.32.26 - - [13/May/2021:11:28:29 +0800] "GET /xingrg/words/20210513111537_words.js HTTP/1.1" 200 812439
117.185.32.26 - - [13/May/2021:11:28:29 +0800] "GET /xingrg/javascript/easyui/themes/default/validatebox.css HTTP/1.1" 404 1104
116.235.95.160 - - [13/May/2021:11:28:29 +0800] "GET /xingrg/all/function/internal_message.html?_=1620876596528&CODE_STATE=getMsg HTTP/1.1" 200 27
117.185.32.26 - - [13/May/2021:11:28:30 +0800] "POST /xingrg/kc/buy/cgsh_order_operate.html HTTP/1.1" 200 632
116.230.76.31 - - [13/May/2021:11:28:30 +0800] "GET /xingrg/all/function/internal_message.html?_=1620876508261&CODE_STATE=getMsg HTTP/1.1" 200 27
114.88.162.5 - - [13/May/2021:11:28:30 +0800] "GET /xingrg/all/function/internal_message.html?_=1620876507656&CODE_STATE=getMsg HTTP/1.1" 200 27
61.129.6.174 - - [13/May/2021:11:28:31 +0800] "GET /xingrg/all/function/internal_message.html?_=1620876024662&CODE_STATE=getMsg HTTP/1.1" 302 -
58.221.95.50 - - [13/May/2021:11:28:33 +0800] "GET /xingrg/check_reg.html?_=1620876510970 HTTP/1.1" 302 -
58.37.228.113 - - [13/May/2021:11:28:34 +0800] "GET /xingrg/all/function/internal_message.html?_=1620876471711&CODE_STATE=getMsg HTTP/1.1" 200 27
114.88.162.5 - - [13/May/2021:11:28:37 +0800] "GET /xingrg/kc/buy/cgsh_order_add.html HTTP/1.1" 200 62029
114.88.162.5 - - [13/May/2021:11:28:37 +0800] "POST /xingrg/kc/buy/cgsh_order_operate.html HTTP/1.1" 200 8245
114.88.162.5 - - [13/May/2021:11:28:37 +0800] "GET /xingrg/javascript/easyui/themes/default/validatebox.css HTTP/1.1" 404 1104
61.129.6.174 - - [13/May/2021:11:28:38 +0800] "GET /xingrg/login.html HTTP/1.1" 200 7641
117.185.32.26 - - [13/May/2021:11:28:40 +0800] "GET /xingrg/kc/print/load_data.html?order_code=212021051305607&kc_code=cgsh&condition= HTTP/1.1" 200 724
114.88.162.5 - - [13/May/2021:11:28:40 +0800] "GET /xingrg/javascript/jquery_tools/images/prev.gif HTTP/1.1" 404 1086
114.88.162.5 - - [13/May/2021:11:28:40 +0800] "GET /xingrg/javascript/jquery_tools/images/next.gif HTTP/1.1" 404 1086
180.169.147.146 - - [13/May/2021:11:28:45 +0800] "GET /xingrg/all/function/internal_message.html?_=1620876523286&CODE_STATE=getMsg HTTP/1.1" 200 27
114.88.162.5 - - [13/May/2021:11:28:50 +0800] "GET /xingrg/kc/buy/cgsh_order_operate.html?command=get_materiel&rest_code=00111&code=00101001060&supplier_code=00100042&order_time=2021-05-13 HTTP/1.1" 200 419
114.88.162.5 - - [13/May/2021:11:29:01 +0800] "GET /xingrg/kc/buy/cgsh_order_operate.html?command=get_materiel&rest_code=00111&code=00101010161&supplier_code=00100042&order_time=2021-05-13 HTTP/1.1" 200 409
116.224.253.72 - - [13/May/2021:11:29:05 +0800] "GET /xingrg/all/function/internal_message.html?_=1620876543669&CODE_STATE=getMsg HTTP/1.1" 200 27
116.224.253.72 - - [13/May/2021:11:29:07 +0800] "GET /xingrg/check_reg.html?_=1620876533638 HTTP/1.1" 200 22
116.224.253.72 - - [13/May/2021:11:29:09 +0800] "GET /xingrg/all/function/internal_message.html?_=1620876535375&CODE_STATE=getMsg HTTP/1.1" 200 27
116.230.114.112 - - [13/May/2021:11:29:10 +0800] "GET /xingrg/all/function/internal_message.html?_=1620876561657&CODE_STATE=getMsg HTTP/1.1" 200 27
114.88.162.5 - - [13/May/2021:11:29:11 +0800] "GET /xingrg/kc/buy/cgsh_order_operate.html?command=get_materiel&rest_code=00111&code=00101006067&supplier_code=00100042&order_time=2021-05-13 HTTP/1.1" 200 409
61.165.42.208 - - [13/May/2021:11:29:11 +0800] "GET /xingrg/all/function/internal_message.html?_=1620876549536&CODE_STATE=getMsg HTTP/1.1" 200 27
114.83.217.136 - - [13/May/2021:11:29:12 +0800] "GET /xingrg/all/function/internal_message.html?_=1620876552269&CODE_STATE=getMsg HTTP/1.1" 200 27
116.230.110.80 - - [13/May/2021:11:29:14 +0800] "GET /xingrg/all/function/internal_message.html?_=1620876552400&CODE_STATE=getMsg HTTP/1.1" 200 27
116.230.110.80 - - [13/May/2021:11:29:14 +0800] "GET /xingrg/check_reg.html?_=1620876552406 HTTP/1.1" 200 22
180.161.124.236 - - [13/May/2021:11:29:15 +0800] "GET /xingrg/all/function/internal_message.html?_=1620876512518&CODE_STATE=getMsg HTTP/1.1" 200 27
114.86.225.153 - - [13/May/2021:11:29:17 +0800] "GET /xingrg/all/function/internal_message.html?_=1620876555975&CODE_STATE=getMsg HTTP/1.1" 200 27
58.37.228.113 - - [13/May/2021:11:29:20 +0800] "GET /xingrg/all/function/internal_message.html?_=1620876564684&CODE_STATE=getMsg HTTP/1.1" 200 27
180.169.147.146 - - [13/May/2021:11:29:20 +0800] "GET /xingrg/all/function/internal_message.html?_=1620876561406&CODE_STATE=getMsg HTTP/1.1" 200 27
114.88.162.5 - - [13/May/2021:11:29:21 +0800] "GET /xingrg/kc/buy/cgsh_order_operate.html?command=get_materiel&rest_code=00111&code=00101018007&supplier_code=00100042&order_time=2021-05-13 HTTP/1.1" 200 409
117.185.32.26 - - [13/May/2021:11:29:23 +0800] "GET /xingrg/all/function/internal_message.html?_=1620877088765&CODE_STATE=getMsg HTTP/1.1" 200 27
180.162.112.86 - - [13/May/2021:11:29:25 +0800] "GET /xingrg/all/function/internal_message.html?_=1620876292497&CODE_STATE=getMsg HTTP/1.1" 200 27
61.129.6.251 - - [13/May/2021:11:29:25 +0800] "GET /xingrg/all/function/internal_message.html?_=1620876504681&CODE_STATE=getMsg HTTP/1.1" 302 -
222.69.129.194 - - [13/May/2021:11:29:25 +0800] "GET /xingrg/all/function/internal_message.html?_=1620876563162&CODE_STATE=getMsg HTTP/1.1" 200 27
116.224.253.72 - - [13/May/2021:11:29:26 +0800] "GET /xingrg/all/function/internal_message.html?_=1620876552286&CODE_STATE=getMsg HTTP/1.1" 200 27
180.169.147.146 - - [13/May/2021:11:29:27 +0800] "GET /xingrg/all/function/internal_message.html?_=1620876561274&CODE_STATE=getMsg HTTP/1.1" 200 27
61.129.6.251 - - [13/May/2021:11:29:27 +0800] "GET /xingrg/login.html HTTP/1.1" 200 7641
116.235.95.160 - - [13/May/2021:11:29:29 +0800] "GET /xingrg/all/function/internal_message.html?_=1620876656529&CODE_STATE=getMsg HTTP/1.1" 200 27
116.230.76.31 - - [13/May/2021:11:29:30 +0800] "GET /xingrg/all/function/internal_message.html?_=1620876568261&CODE_STATE=getMsg HTTP/1.1" 200 27
114.88.162.5 - - [13/May/2021:11:29:30 +0800] "GET /xingrg/all/function/internal_message.html?_=1620876567684&CODE_STATE=getMsg HTTP/1.1" 200 27
114.88.162.5 - - [13/May/2021:11:29:31 +0800] "GET /xingrg/kc/buy/cgsh_order_operate.html?command=get_materiel&rest_code=00111&code=00101005037&supplier_code=00100042&order_time=2021-05-13 HTTP/1.1" 200 409
58.37.228.113 - - [13/May/2021:11:29:34 +0800] "GET /xingrg/all/function/internal_message.html?_=1620876531693&CODE_STATE=getMsg HTTP/1.1" 200 27
114.88.162.5 - - [13/May/2021:11:29:40 +0800] "GET /xingrg/kc/buy/cgsh_order_operate.html?command=get_materiel&rest_code=00111&code=00101001111&supplier_code=00100042&order_time=2021-05-13 HTTP/1.1" 200 429
180.169.147.146 - - [13/May/2021:11:29:45 +0800] "GET /xingrg/all/function/internal_message.html?_=1620876583282&CODE_STATE=getMsg HTTP/1.1" 200 27
114.88.162.5 - - [13/May/2021:11:29:58 +0800] "POST /xingrg/kc/buy/cgsh_order_operate.html HTTP/1.1" 200 37
114.88.162.5 - - [13/May/2021:11:29:59 +0800] "POST /xingrg/kc/buy/cgsh_order_operate.html HTTP/1.1" 200 5608
114.88.162.5 - - [13/May/2021:11:30:01 +0800] "GET /xingrg/kc/print/load_data.html?order_code=212021051305608&kc_code=cgsh&condition= HTTP/1.1" 200 1821
116.224.253.72 - - [13/May/2021:11:30:05 +0800] "GET /xingrg/all/function/internal_message.html?_=1620876603673&CODE_STATE=getMsg HTTP/1.1" 200 27
116.224.253.72 - - [13/May/2021:11:30:09 +0800] "GET /xingrg/all/function/internal_message.html?_=1620876595389&CODE_STATE=getMsg HTTP/1.1" 200 27
116.230.114.112 - - [13/May/2021:11:30:10 +0800] "GET /xingrg/all/function/internal_message.html?_=1620876621657&CODE_STATE=getMsg HTTP/1.1" 200 27
61.165.42.208 - - [13/May/2021:11:30:11 +0800] "GET /xingrg/check_reg.html?_=1620876609564 HTTP/1.1" 200 22
61.165.42.208 - - [13/May/2021:11:30:11 +0800] "GET /xingrg/all/function/internal_message.html?_=1620876609566&CODE_STATE=getMsg HTTP/1.1" 200 27
114.83.217.136 - - [13/May/2021:11:30:12 +0800] "GET /xingrg/all/function/internal_message.html?_=1620876612271&CODE_STATE=getMsg HTTP/1.1" 200 27
116.230.110.80 - - [13/May/2021:11:30:14 +0800] "GET /xingrg/all/function/internal_message.html?_=1620876612399&CODE_STATE=getMsg HTTP/1.1" 200 27
180.161.124.236 - - [13/May/2021:11:30:16 +0800] "GET /xingrg/all/function/internal_message.html?_=1620876573019&CODE_STATE=getMsg HTTP/1.1" 200 27
114.86.225.153 - - [13/May/2021:11:30:17 +0800] "GET /xingrg/all/function/internal_message.html?_=1620876615980&CODE_STATE=getMsg HTTP/1.1" 200 27
114.86.225.153 - - [13/May/2021:11:30:17 +0800] "GET /xingrg/check_reg.html?_=1620876615981 HTTP/1.1" 200 22
58.37.228.113 - - [13/May/2021:11:30:20 +0800] "GET /xingrg/all/function/internal_message.html?_=1620876624686&CODE_STATE=getMsg HTTP/1.1" 200 27
180.169.147.146 - - [13/May/2021:11:30:20 +0800] "GET /xingrg/all/function/internal_message.html?_=1620876621407&CODE_STATE=getMsg HTTP/1.1" 200 27
180.169.147.146 - - [13/May/2021:11:30:20 +0800] "GET /xingrg/check_reg.html?_=1620876621411 HTTP/1.1" 200 22
117.185.32.26 - - [13/May/2021:11:30:23 +0800] "GET /xingrg/all/function/internal_message.html?_=1620877148739&CODE_STATE=getMsg HTTP/1.1" 200 27
180.162.112.86 - - [13/May/2021:11:30:25 +0800] "GET /xingrg/all/function/internal_message.html?_=1620876352504&CODE_STATE=getMsg HTTP/1.1" 200 27
222.69.129.194 - - [13/May/2021:11:30:25 +0800] "GET /xingrg/all/function/internal_message.html?_=1620876623136&CODE_STATE=getMsg HTTP/1.1" 200 27
116.224.253.72 - - [13/May/2021:11:30:26 +0800] "GET /xingrg/all/function/internal_message.html?_=1620876612328&CODE_STATE=getMsg HTTP/1.1" 200 27
180.169.147.146 - - [13/May/2021:11:30:27 +0800] "GET /xingrg/all/function/internal_message.html?_=1620876621270&CODE_STATE=getMsg HTTP/1.1" 200 27
116.235.95.160 - - [13/May/2021:11:30:29 +0800] "GET /xingrg/all/function/internal_message.html?_=1620876716533&CODE_STATE=getMsg HTTP/1.1" 200 27
116.230.76.31 - - [13/May/2021:11:30:30 +0800] "GET /xingrg/all/function/internal_message.html?_=1620876628279&CODE_STATE=getMsg HTTP/1.1" 200 27
114.88.162.5 - - [13/May/2021:11:30:30 +0800] "GET /xingrg/all/function/internal_message.html?_=1620876627693&CODE_STATE=getMsg HTTP/1.1" 200 27
58.37.228.113 - - [13/May/2021:11:30:34 +0800] "GET /xingrg/all/function/internal_message.html?_=1620876591676&CODE_STATE=getMsg HTTP/1.1" 200 27
116.230.114.112 - - [13/May/2021:11:30:44 +0800] "GET /xingrg/kc/buy/cgsh_order_add.html HTTP/1.1" 200 62035
180.169.147.146 - - [13/May/2021:11:30:45 +0800] "GET /xingrg/all/function/internal_message.html?_=1620876643290&CODE_STATE=getMsg HTTP/1.1" 200 27
180.169.147.146 - - [13/May/2021:11:30:45 +0800] "GET /xingrg/check_reg.html?_=1620876643291 HTTP/1.1" 200 22
116.230.114.112 - - [13/May/2021:11:30:45 +0800] "GET /xingrg/words/20210513111537_words.js HTTP/1.1" 200 812439
116.230.114.112 - - [13/May/2021:11:30:46 +0800] "POST /xingrg/kc/buy/cgsh_order_operate.html HTTP/1.1" 200 8245
116.230.114.112 - - [13/May/2021:11:30:46 +0800] "GET /xingrg/javascript/easyui/themes/default/validatebox.css HTTP/1.1" 404 1104
58.37.228.113 - - [13/May/2021:11:30:50 +0800] "GET /xingrg/kc/buy/cgsh_order_add.html HTTP/1.1" 200 62035
58.37.228.113 - - [13/May/2021:11:30:50 +0800] "POST /xingrg/kc/buy/cgsh_order_operate.html HTTP/1.1" 200 8245
58.37.228.113 - - [13/May/2021:11:30:50 +0800] "GET /xingrg/javascript/easyui/themes/default/validatebox.css HTTP/1.1" 404 1104
116.230.114.112 - - [13/May/2021:11:30:58 +0800] "GET /xingrg/kc/buy/cgsh_order_operate.html?command=get_materiel&rest_code=00146&code=00101006055&supplier_code=00100012&order_time=2021-05-13 HTTP/1.1" 200 409
116.235.95.160 - - [13/May/2021:11:31:00 +0800] "GET /xingrg/kc/buy/cgsh_order_operate.html?command=get_materiel&rest_code=00104&code=00101015012&supplier_code=00100058&order_time=2021-05-13 HTTP/1.1" 200 413
116.224.253.72 - - [13/May/2021:11:31:05 +0800] "GET /xingrg/all/function/internal_message.html?_=1620876663673&CODE_STATE=getMsg HTTP/1.1" 200 27
116.224.253.72 - - [13/May/2021:11:31:05 +0800] "GET /xingrg/check_reg.html?_=1620876651288 HTTP/1.1" 200 22
58.37.228.113 - - [13/May/2021:11:31:07 +0800] "GET /xingrg/kc/buy/cgsh_order_operate.html?command=get_materiel&rest_code=00141&code=00101001130&supplier_code=00100313&order_time=2021-05-13 HTTP/1.1" 200 413
116.224.253.72 - - [13/May/2021:11:31:09 +0800] "GET /xingrg/all/function/internal_message.html?_=1620876655402&CODE_STATE=getMsg HTTP/1.1" 200 27
116.230.114.112 - - [13/May/2021:11:31:10 +0800] "GET /xingrg/all/function/internal_message.html?_=1620876681672&CODE_STATE=getMsg HTTP/1.1" 200 27
61.165.42.208 - - [13/May/2021:11:31:11 +0800] "GET /xingrg/all/function/internal_message.html?_=1620876669539&CODE_STATE=getMsg HTTP/1.1" 200 27
114.83.217.136 - - [13/May/2021:11:31:12 +0800] "GET /xingrg/check_reg.html?_=1620876672273 HTTP/1.1" 200 22
114.83.217.136 - - [13/May/2021:11:31:12 +0800] "GET /xingrg/all/function/internal_message.html?_=1620876672278&CODE_STATE=getMsg HTTP/1.1" 200 27
116.235.95.160 - - [13/May/2021:11:31:13 +0800] "POST /xingrg/kc/buy/cgsh_order_operate.html HTTP/1.1" 200 37
116.235.95.160 - - [13/May/2021:11:31:14 +0800] "POST /xingrg/kc/buy/cgsh_order_operate.html HTTP/1.1" 200 3246
116.230.110.80 - - [13/May/2021:11:31:14 +0800] "GET /xingrg/all/function/internal_message.html?_=1620876672396&CODE_STATE=getMsg HTTP/1.1" 200 27
116.235.95.160 - - [13/May/2021:11:31:15 +0800] "GET /xingrg/kc/print/load_config.html?kc_code=cgsh HTTP/1.1" 200 1845
116.235.95.160 - - [13/May/2021:11:31:15 +0800] "GET /xingrg/kc/print/load_data.html?order_code=212021051305609&kc_code=cgsh&condition= HTTP/1.1" 200 897
180.161.124.236 - - [13/May/2021:11:31:16 +0800] "GET /xingrg/all/function/internal_message.html?_=1620876633027&CODE_STATE=getMsg HTTP/1.1" 200 27
114.86.225.153 - - [13/May/2021:11:31:17 +0800] "GET /xingrg/all/function/internal_message.html?_=1620876675983&CODE_STATE=getMsg HTTP/1.1" 200 27
58.37.228.113 - - [13/May/2021:11:31:19 +0800] "GET /xingrg/kc/buy/cgsh_order_operate.html?command=get_materiel&rest_code=00141&code=00101001135&supplier_code=00100313&order_time=2021-05-13 HTTP/1.1" 200 435
58.37.228.113 - - [13/May/2021:11:31:20 +0800] "GET /xingrg/all/function/internal_message.html?_=1620876684689&CODE_STATE=getMsg HTTP/1.1" 200 27
58.37.228.113 - - [13/May/2021:11:31:20 +0800] "GET /xingrg/check_reg.html?_=1620876684692 HTTP/1.1" 200 22
180.169.147.146 - - [13/May/2021:11:31:21 +0800] "GET /xingrg/all/function/internal_message.html?_=1620876681414&CODE_STATE=getMsg HTTP/1.1" 200 27
117.185.32.26 - - [13/May/2021:11:31:23 +0800] "GET /xingrg/all/function/internal_message.html?_=1620877208722&CODE_STATE=getMsg HTTP/1.1" 200 27
180.162.112.86 - - [13/May/2021:11:31:25 +0800] "GET /xingrg/all/function/internal_message.html?_=1620876412505&CODE_STATE=getMsg HTTP/1.1" 200 27
180.162.112.86 - - [13/May/2021:11:31:25 +0800] "GET /xingrg/check_reg.html?_=1620876412503 HTTP/1.1" 200 22
222.69.129.194 - - [13/May/2021:11:31:25 +0800] "GET /xingrg/all/function/internal_message.html?_=1620876683125&CODE_STATE=getMsg HTTP/1.1" 200 27
116.224.253.72 - - [13/May/2021:11:31:26 +0800] "GET /xingrg/all/function/internal_message.html?_=1620876672344&CODE_STATE=getMsg HTTP/1.1" 200 27
180.169.147.146 - - [13/May/2021:11:31:27 +0800] "GET /xingrg/check_reg.html?_=1620876681262 HTTP/1.1" 200 22
180.169.147.146 - - [13/May/2021:11:31:27 +0800] "GET /xingrg/all/function/internal_message.html?_=1620876681264&CODE_STATE=getMsg HTTP/1.1" 200 27
116.230.114.112 - - [13/May/2021:11:31:27 +0800] "GET /xingrg/kc/buy/cgsh_order_operate.html?command=get_materiel&rest_code=00146&code=00101006065&supplier_code=00100012&order_time=2021-05-13 HTTP/1.1" 200 409
116.235.95.160 - - [13/May/2021:11:31:29 +0800] "GET /xingrg/check_reg.html?_=1620876776545 HTTP/1.1" 200 22
116.235.95.160 - - [13/May/2021:11:31:29 +0800] "GET /xingrg/all/function/internal_message.html?_=1620876776546&CODE_STATE=getMsg HTTP/1.1" 200 27
116.230.76.31 - - [13/May/2021:11:31:30 +0800] "GET /xingrg/all/function/internal_message.html?_=1620876688279&CODE_STATE=getMsg HTTP/1.1" 200 27
114.88.162.5 - - [13/May/2021:11:31:30 +0800] "GET /xingrg/check_reg.html?_=1620876687692 HTTP/1.1" 200 22
114.88.162.5 - - [13/May/2021:11:31:30 +0800] "GET /xingrg/all/function/internal_message.html?_=1620876687696&CODE_STATE=getMsg HTTP/1.1" 200 27
58.37.228.113 - - [13/May/2021:11:31:34 +0800] "GET /xingrg/all/function/internal_message.html?_=1620876651681&CODE_STATE=getMsg HTTP/1.1" 200 27
58.37.228.113 - - [13/May/2021:11:31:34 +0800] "GET /xingrg/check_reg.html?_=1620876651939 HTTP/1.1" 200 22
58.37.228.113 - - [13/May/2021:11:31:36 +0800] "GET /xingrg/kc/buy/cgsh_order_operate.html?command=get_materiel&rest_code=00141&code=00101002060&supplier_code=00100313&order_time=2021-05-13 HTTP/1.1" 200 392
116.230.114.112 - - [13/May/2021:11:31:38 +0800] "GET /xingrg/kc/buy/cgsh_order_operate.html?command=get_materiel&rest_code=00146&code=00101006109&supplier_code=00100012&order_time=2021-05-13 HTTP/1.1" 200 409
114.88.162.5 - - [13/May/2021:11:31:39 +0800] "GET /xingrg/kc/buy/cgsh_order_add.html HTTP/1.1" 200 62029
114.88.162.5 - - [13/May/2021:11:31:40 +0800] "POST /xingrg/kc/buy/cgsh_order_operate.html HTTP/1.1" 200 8245
114.88.162.5 - - [13/May/2021:11:31:40 +0800] "GET /xingrg/javascript/easyui/themes/default/validatebox.css HTTP/1.1" 404 1104
180.169.147.146 - - [13/May/2021:11:31:45 +0800] "GET /xingrg/all/function/internal_message.html?_=1620876703281&CODE_STATE=getMsg HTTP/1.1" 200 27
58.37.228.113 - - [13/May/2021:11:31:48 +0800] "GET /xingrg/kc/buy/cgsh_order_operate.html?command=get_materiel&rest_code=00141&code=00101001096&supplier_code=00100313&order_time=2021-05-13 HTTP/1.1" 200 413
116.230.114.112 - - [13/May/2021:11:31:50 +0800] "GET /xingrg/kc/buy/cgsh_order_operate.html?command=get_materiel&rest_code=00146&code=00101006111&supplier_code=00100012&order_time=2021-05-13 HTTP/1.1" 200 409
116.230.114.112 - - [13/May/2021:11:31:55 +0800] "GET /xingrg/check_reg.html?_=1620876726700 HTTP/1.1" 200 22
58.37.228.113 - - [13/May/2021:11:32:00 +0800] "GET /xingrg/kc/buy/cgsh_order_operate.html?command=get_materiel&rest_code=00141&code=00101001162&supplier_code=00100313&order_time=2021-05-13 HTTP/1.1" 200 413
114.88.162.5 - - [13/May/2021:11:32:01 +0800] "GET /xingrg/kc/buy/cgsh_order_operate.html?command=get_materiel&rest_code=00111&code=00101029018&supplier_code=00100017&order_time=2021-05-13 HTTP/1.1" 200 447
116.230.114.112 - - [13/May/2021:11:32:02 +0800] "GET /xingrg/kc/buy/cgsh_order_operate.html?command=get_materiel&rest_code=00146&code=00101006144&supplier_code=00100012&order_time=2021-05-13 HTTP/1.1" 200 409
116.224.253.72 - - [13/May/2021:11:32:05 +0800] "GET /xingrg/check_reg.html?_=1620876723674 HTTP/1.1" 200 22
116.224.253.72 - - [13/May/2021:11:32:05 +0800] "GET /xingrg/all/function/internal_message.html?_=1620876723678&CODE_STATE=getMsg HTTP/1.1" 200 27
116.224.253.72 - - [13/May/2021:11:32:09 +0800] "GET /xingrg/all/function/internal_message.html?_=1620876715531&CODE_STATE=getMsg HTTP/1.1" 200 27
116.230.114.112 - - [13/May/2021:11:32:10 +0800] "GET /xingrg/all/function/internal_message.html?_=1620876741685&CODE_STATE=getMsg HTTP/1.1" 200 27
61.165.42.208 - - [13/May/2021:11:32:11 +0800] "GET /xingrg/all/function/internal_message.html?_=1620876729526&CODE_STATE=getMsg HTTP/1.1" 200 27
114.83.217.136 - - [13/May/2021:11:32:12 +0800] "GET /xingrg/all/function/internal_message.html?_=1620876732263&CODE_STATE=getMsg HTTP/1.1" 200 27
116.230.110.80 - - [13/May/2021:11:32:14 +0800] "GET /xingrg/all/function/internal_message.html?_=1620876732400&CODE_STATE=getMsg HTTP/1.1" 200 27
58.37.228.113 - - [13/May/2021:11:32:15 +0800] "GET /xingrg/kc/buy/cgsh_order_operate.html?command=get_materiel&rest_code=00141&code=00101001194&supplier_code=00100313&order_time=2021-05-13 HTTP/1.1" 200 401
116.230.114.112 - - [13/May/2021:11:32:16 +0800] "GET /xingrg/kc/buy/cgsh_order_operate.html?command=get_materiel&rest_code=00146&code=00101006174&supplier_code=00100012&order_time=2021-05-13 HTTP/1.1" 200 414
180.161.124.236 - - [13/May/2021:11:32:17 +0800] "GET /xingrg/all/function/internal_message.html?_=1620876694214&CODE_STATE=getMsg HTTP/1.1" 200 27
114.86.225.153 - - [13/May/2021:11:32:17 +0800] "GET /xingrg/all/function/internal_message.html?_=1620876735986&CODE_STATE=getMsg HTTP/1.1" 200 27
117.185.32.26 - - [13/May/2021:11:32:18 +0800] "GET /xingrg/kc/buy/cgsh_order_add.html HTTP/1.1" 200 62029
117.185.32.26 - - [13/May/2021:11:32:18 +0800] "GET /xingrg/words/20210513111537_words.js HTTP/1.1" 304 -
117.185.32.26 - - [13/May/2021:11:32:18 +0800] "POST /xingrg/kc/buy/cgsh_order_operate.html HTTP/1.1" 200 8245
117.185.32.26 - - [13/May/2021:11:32:18 +0800] "GET /xingrg/javascript/easyui/themes/default/validatebox.css HTTP/1.1" 404 1104
61.129.8.179 - - [13/May/2021:11:32:20 +0800] "GET /xingrg/all/function/internal_message.html?_=1620876684689&CODE_STATE=getMsg HTTP/1.1" 302 -
58.37.228.113 - - [13/May/2021:11:32:20 +0800] "GET /xingrg/all/function/internal_message.html?_=1620876744691&CODE_STATE=getMsg HTTP/1.1" 200 27
117.185.32.26 - - [13/May/2021:11:32:20 +0800] "GET /xingrg/kc/buy/cgsh_order_add.html HTTP/1.1" 200 62029
61.129.8.179 - - [13/May/2021:11:32:20 +0800] "GET /xingrg/login.html HTTP/1.1" 200 7641
117.185.32.26 - - [13/May/2021:11:32:20 +0800] "POST /xingrg/kc/buy/cgsh_order_operate.html HTTP/1.1" 200 8245
117.185.32.26 - - [13/May/2021:11:32:20 +0800] "GET /xingrg/javascript/easyui/themes/default/validatebox.css HTTP/1.1" 404 1104
180.169.147.146 - - [13/May/2021:11:32:21 +0800] "GET /xingrg/all/function/internal_message.html?_=1620876741416&CODE_STATE=getMsg HTTP/1.1" 200 27
117.185.32.26 - - [13/May/2021:11:32:23 +0800] "GET /xingrg/all/function/internal_message.html?_=1620877268720&CODE_STATE=getMsg HTTP/1.1" 200 27
180.162.112.86 - - [13/May/2021:11:32:25 +0800] "GET /xingrg/all/function/internal_message.html?_=1620876472504&CODE_STATE=getMsg HTTP/1.1" 200 27
222.69.129.194 - - [13/May/2021:11:32:25 +0800] "GET /xingrg/all/function/internal_message.html?_=1620876743113&CODE_STATE=getMsg HTTP/1.1" 200 27
116.224.253.72 - - [13/May/2021:11:32:26 +0800] "GET /xingrg/all/function/internal_message.html?_=1620876732357&CODE_STATE=getMsg HTTP/1.1" 200 27
180.169.147.146 - - [13/May/2021:11:32:27 +0800] "GET /xingrg/all/function/internal_message.html?_=1620876741271&CODE_STATE=getMsg HTTP/1.1" 200 27
114.88.162.5 - - [13/May/2021:11:32:27 +0800] "GET /xingrg/kc/buy/cgsh_order_operate.html?command=get_materiel&rest_code=00111&code=00101027001&supplier_code=00100017&order_time=2021-05-13 HTTP/1.1" 200 469
116.235.95.160 - - [13/May/2021:11:32:29 +0800] "POST /xingrg/kc/buy/cgsh_order_operate.html HTTP/1.1" 200 37
116.230.76.31 - - [13/May/2021:11:32:30 +0800] "GET /xingrg/check_reg.html?_=1620876748289 HTTP/1.1" 200 22
116.230.76.31 - - [13/May/2021:11:32:30 +0800] "GET /xingrg/all/function/internal_message.html?_=1620876748290&CODE_STATE=getMsg HTTP/1.1" 200 27
116.235.95.160 - - [13/May/2021:11:32:30 +0800] "POST /xingrg/kc/buy/cgsh_order_operate.html HTTP/1.1" 200 3246
114.88.162.5 - - [13/May/2021:11:32:30 +0800] "GET /xingrg/all/function/internal_message.html?_=1620876747694&CODE_STATE=getMsg HTTP/1.1" 200 27
116.235.95.160 - - [13/May/2021:11:32:31 +0800] "GET /xingrg/kc/buy/cgsh_order_add.html HTTP/1.1" 200 62035
117.185.32.26 - - [13/May/2021:11:32:32 +0800] "GET /xingrg/javascript/easyui/themes/default/tree.css HTTP/1.1" 404 1090
116.235.95.160 - - [13/May/2021:11:32:32 +0800] "POST /xingrg/kc/buy/cgsh_order_operate.html HTTP/1.1" 200 8245
117.131.5.26 - - [13/May/2021:11:32:32 +0800] "GET /xingrg/javascript/easyui/themes/default/validatebox.css HTTP/1.1" 404 1104
117.185.32.26 - - [13/May/2021:11:32:32 +0800] "POST /xingrg/all/common/load_tree.html?tree=supplier_tree_json&isDelete=1 HTTP/1.1" 200 55318
116.235.95.160 - - [13/May/2021:11:32:33 +0800] "GET /xingrg/javascript/easyui/themes/default/tree.css HTTP/1.1" 404 1090
116.235.95.160 - - [13/May/2021:11:32:33 +0800] "POST /xingrg/all/common/load_tree.html?tree=supplier_tree_json&isDelete=1 HTTP/1.1" 200 55318
58.37.228.113 - - [13/May/2021:11:32:34 +0800] "GET /xingrg/all/function/internal_message.html?_=1620876711627&CODE_STATE=getMsg HTTP/1.1" 200 27
116.230.114.112 - - [13/May/2021:11:32:36 +0800] "POST /xingrg/kc/buy/cgsh_order_operate.html HTTP/1.1" 200 37
116.230.114.112 - - [13/May/2021:11:32:38 +0800] "POST /xingrg/kc/buy/cgsh_order_operate.html HTTP/1.1" 200 5606
180.161.124.236 - - [13/May/2021:11:32:40 +0800] "GET /xingrg/check_reg.html?_=1620876717567 HTTP/1.1" 200 22
114.84.4.65 - - [13/May/2021:11:32:41 +0800] "POST /xingrg/services/DataTransmitService HTTP/1.1" 200 524
116.230.114.112 - - [13/May/2021:11:32:41 +0800] "GET /xingrg/kc/print/load_data.html?order_code=212021051305610&kc_code=cgsh&condition= HTTP/1.1" 200 1885
58.37.228.113 - - [13/May/2021:11:32:43 +0800] "GET /xingrg/kc/buy/cgsh_order_operate.html?command=get_materiel&rest_code=00141&code=00101001161&supplier_code=00100313&order_time=2021-05-13 HTTP/1.1" 200 409
180.169.147.146 - - [13/May/2021:11:32:45 +0800] "GET /xingrg/all/function/internal_message.html?_=1620876763292&CODE_STATE=getMsg HTTP/1.1" 200 27
114.88.162.5 - - [13/May/2021:11:32:46 +0800] "GET /xingrg/kc/buy/cgsh_order_operate.html?command=get_materiel&rest_code=00111&code=00101025022&supplier_code=00100017&order_time=2021-05-13 HTTP/1.1" 200 483
114.84.4.65 - - [13/May/2021:11:32:47 +0800] "POST /xingrg/services/DataTransmitService HTTP/1.1" 200 501
58.37.228.113 - - [13/May/2021:11:32:55 +0800] "GET /xingrg/kc/buy/cgsh_order_operate.html?command=get_materiel&rest_code=00141&code=00101005043&supplier_code=00100313&order_time=2021-05-13 HTTP/1.1" 200 417
116.230.114.112 - - [13/May/2021:11:32:56 +0800] "GET /xingrg/kc/buy/cgsh_order_add.html HTTP/1.1" 200 62035
116.230.114.112 - - [13/May/2021:11:32:57 +0800] "POST /xingrg/kc/buy/cgsh_order_operate.html HTTP/1.1" 200 8245
116.230.114.112 - - [13/May/2021:11:32:57 +0800] "GET /xingrg/javascript/easyui/themes/default/validatebox.css HTTP/1.1" 404 1104
116.224.253.72 - - [13/May/2021:11:33:05 +0800] "GET /xingrg/all/function/internal_message.html?_=1620876783707&CODE_STATE=getMsg HTTP/1.1" 200 27
116.224.253.72 - - [13/May/2021:11:33:09 +0800] "GET /xingrg/all/function/internal_message.html?_=1620876775539&CODE_STATE=getMsg HTTP/1.1" 200 27
116.230.114.112 - - [13/May/2021:11:33:10 +0800] "GET /xingrg/all/function/internal_message.html?_=1620876801698&CODE_STATE=getMsg HTTP/1.1" 200 27
61.165.42.208 - - [13/May/2021:11:33:11 +0800] "GET /xingrg/all/function/internal_message.html?_=1620876789535&CODE_STATE=getMsg HTTP/1.1" 200 27
114.83.217.136 - - [13/May/2021:11:33:12 +0800] "GET /xingrg/all/function/internal_message.html?_=1620876792292&CODE_STATE=getMsg HTTP/1.1" 200 27
116.230.110.80 - - [13/May/2021:11:33:14 +0800] "GET /xingrg/all/function/internal_message.html?_=1620876792393&CODE_STATE=getMsg HTTP/1.1" 200 27
180.161.124.236 - - [13/May/2021:11:33:17 +0800] "GET /xingrg/all/function/internal_message.html?_=1620876754224&CODE_STATE=getMsg HTTP/1.1" 200 27
114.88.162.5 - - [13/May/2021:11:33:17 +0800] "GET /xingrg/kc/buy/cgsh_order_operate.html?command=get_materiel&rest_code=00111&code=00101029022&supplier_code=00100017&order_time=2021-05-13 HTTP/1.1" 200 471
114.86.225.153 - - [13/May/2021:11:33:17 +0800] "GET /xingrg/all/function/internal_message.html?_=1620876795989&CODE_STATE=getMsg HTTP/1.1" 200 27
58.37.228.113 - - [13/May/2021:11:33:20 +0800] "GET /xingrg/all/function/internal_message.html?_=1620876804693&CODE_STATE=getMsg HTTP/1.1" 200 27
116.230.114.112 - - [13/May/2021:11:33:20 +0800] "GET /xingrg/kc/buy/cgsh_order_operate.html?command=get_materiel&rest_code=00146&code=00101001099&supplier_code=00100199&order_time=2021-05-13 HTTP/1.1" 200 409
180.169.147.146 - - [13/May/2021:11:33:20 +0800] "GET /xingrg/all/function/internal_message.html?_=1620876801401&CODE_STATE=getMsg HTTP/1.1" 200 27
117.185.32.26 - - [13/May/2021:11:33:23 +0800] "GET /xingrg/all/function/internal_message.html?_=1620877328703&CODE_STATE=getMsg HTTP/1.1" 200 27
117.185.32.26 - - [13/May/2021:11:33:23 +0800] "GET /xingrg/check_reg.html?_=1620877328783 HTTP/1.1" 200 22
180.162.112.86 - - [13/May/2021:11:33:25 +0800] "GET /xingrg/all/function/internal_message.html?_=1620876532503&CODE_STATE=getMsg HTTP/1.1" 200 27
222.69.129.194 - - [13/May/2021:11:33:25 +0800] "GET /xingrg/all/function/internal_message.html?_=1620876803101&CODE_STATE=getMsg HTTP/1.1" 200 27
116.224.253.72 - - [13/May/2021:11:33:26 +0800] "GET /xingrg/all/function/internal_message.html?_=1620876792400&CODE_STATE=getMsg HTTP/1.1" 200 27
180.169.147.146 - - [13/May/2021:11:33:27 +0800] "GET /xingrg/all/function/internal_message.html?_=1620876801269&CODE_STATE=getMsg HTTP/1.1" 200 27
222.69.129.194 - - [13/May/2021:11:33:27 +0800] "GET /xingrg/check_reg.html?_=1620876804802 HTTP/1.1" 200 22
116.235.95.160 - - [13/May/2021:11:33:29 +0800] "GET /xingrg/all/function/internal_message.html?_=1620876896560&CODE_STATE=getMsg HTTP/1.1" 200 27
116.230.76.31 - - [13/May/2021:11:33:30 +0800] "GET /xingrg/all/function/internal_message.html?_=1620876808290&CODE_STATE=getMsg HTTP/1.1" 200 27
114.88.162.5 - - [13/May/2021:11:33:30 +0800] "GET /xingrg/all/function/internal_message.html?_=1620876807688&CODE_STATE=getMsg HTTP/1.1" 200 27
58.37.228.113 - - [13/May/2021:11:33:32 +0800] "GET /xingrg/kc/buy/cgsh_order_operate.html?command=get_materiel&rest_code=00141&code=00101008108&supplier_code=00100313&order_time=2021-05-13 HTTP/1.1" 200 412
58.221.95.50 - - [13/May/2021:11:33:33 +0800] "GET /xingrg/check_reg.html?_=1620876810950 HTTP/1.1" 302 -
58.37.228.113 - - [13/May/2021:11:33:34 +0800] "GET /xingrg/all/function/internal_message.html?_=1620876771596&CODE_STATE=getMsg HTTP/1.1" 200 27
116.230.114.112 - - [13/May/2021:11:33:37 +0800] "GET /xingrg/kc/buy/cgsh_order_operate.html?command=get_materiel&rest_code=00146&code=00101004038&supplier_code=00100199&order_time=2021-05-13 HTTP/1.1" 200 431
180.169.147.146 - - [13/May/2021:11:33:45 +0800] "GET /xingrg/all/function/internal_message.html?_=1620876823285&CODE_STATE=getMsg HTTP/1.1" 200 27
58.37.228.113 - - [13/May/2021:11:33:52 +0800] "GET /xingrg/kc/buy/cgsh_order_operate.html?command=get_materiel&rest_code=00141&code=00102026001&supplier_code=00100313&order_time=2021-05-13 HTTP/1.1" 200 409
116.235.95.160 - - [13/May/2021:11:33:53 +0800] "GET /xingrg/kc/buy/cgsh_order_operate.html?command=get_materiel&rest_code=00104&code=00101012001&supplier_code=00100036&order_time=2021-05-13 HTTP/1.1" 200 408
116.230.114.112 - - [13/May/2021:11:33:58 +0800] "GET /xingrg/kc/buy/cgsh_order_operate.html?command=get_materiel&rest_code=00146&code=00101002022&supplier_code=00100199&order_time=2021-05-13 HTTP/1.1" 200 428
116.224.253.72 - - [13/May/2021:11:34:05 +0800] "GET /xingrg/all/function/internal_message.html?_=1620876843705&CODE_STATE=getMsg HTTP/1.1" 200 27
116.224.253.72 - - [13/May/2021:11:34:08 +0800] "GET /xingrg/check_reg.html?_=1620876833751 HTTP/1.1" 200 22
116.235.95.160 - - [13/May/2021:11:34:08 +0800] "GET /xingrg/kc/buy/cgsh_order_operate.html?command=get_materiel&rest_code=00104&code=00101010136&supplier_code=00100036&order_time=2021-05-13 HTTP/1.1" 200 428
116.224.253.72 - - [13/May/2021:11:34:09 +0800] "GET /xingrg/all/function/internal_message.html?_=1620876835553&CODE_STATE=getMsg HTTP/1.1" 200 27
116.230.114.112 - - [13/May/2021:11:34:10 +0800] "GET /xingrg/all/function/internal_message.html?_=1620876861711&CODE_STATE=getMsg HTTP/1.1" 200 27
61.165.42.208 - - [13/May/2021:11:34:11 +0800] "GET /xingrg/all/function/internal_message.html?_=1620876849531&CODE_STATE=getMsg HTTP/1.1" 200 27
114.83.217.136 - - [13/May/2021:11:34:12 +0800] "GET /xingrg/all/function/internal_message.html?_=1620876852292&CODE_STATE=getMsg HTTP/1.1" 200 27
116.230.110.80 - - [13/May/2021:11:34:14 +0800] "GET /xingrg/all/function/internal_message.html?_=1620876852405&CODE_STATE=getMsg HTTP/1.1" 200 27
116.230.110.80 - - [13/May/2021:11:34:14 +0800] "GET /xingrg/check_reg.html?_=1620876852409 HTTP/1.1" 200 22
180.161.124.236 - - [13/May/2021:11:34:17 +0800] "GET /xingrg/all/function/internal_message.html?_=1620876814239&CODE_STATE=getMsg HTTP/1.1" 200 27
114.86.225.153 - - [13/May/2021:11:34:17 +0800] "GET /xingrg/all/function/internal_message.html?_=1620876855988&CODE_STATE=getMsg HTTP/1.1" 200 27
116.230.114.112 - - [13/May/2021:11:34:19 +0800] "GET /xingrg/kc/buy/cgsh_order_operate.html?command=get_materiel&rest_code=00146&code=00101004030&supplier_code=00100199&order_time=2021-05-13 HTTP/1.1" 200 429
61.151.207.158 - - [13/May/2021:11:34:20 +0800] "GET /xingrg/all/function/internal_message.html?_=1620876804693&CODE_STATE=getMsg HTTP/1.1" 302 -
58.37.228.113 - - [13/May/2021:11:34:20 +0800] "GET /xingrg/all/function/internal_message.html?_=1620876864696&CODE_STATE=getMsg HTTP/1.1" 200 27
180.169.147.146 - - [13/May/2021:11:34:21 +0800] "GET /xingrg/all/function/internal_message.html?_=1620876861416&CODE_STATE=getMsg HTTP/1.1" 200 27
61.151.207.158 - - [13/May/2021:11:34:21 +0800] "GET /xingrg/login.html HTTP/1.1" 200 7641
117.185.32.26 - - [13/May/2021:11:34:23 +0800] "GET /xingrg/all/function/internal_message.html?_=1620877388672&CODE_STATE=getMsg HTTP/1.1" 200 27
180.162.112.86 - - [13/May/2021:11:34:25 +0800] "GET /xingrg/all/function/internal_message.html?_=1620876592501&CODE_STATE=getMsg HTTP/1.1" 200 27
58.37.228.113 - - [13/May/2021:11:34:25 +0800] "POST /xingrg/kc/buy/cgsh_order_operate.html HTTP/1.1" 200 37
222.69.129.194 - - [13/May/2021:11:34:25 +0800] "GET /xingrg/all/function/internal_message.html?_=1620876863073&CODE_STATE=getMsg HTTP/1.1" 200 27
116.224.253.72 - - [13/May/2021:11:34:26 +0800] "GET /xingrg/all/function/internal_message.html?_=1620876852415&CODE_STATE=getMsg HTTP/1.1" 200 27
180.169.147.146 - - [13/May/2021:11:34:27 +0800] "GET /xingrg/all/function/internal_message.html?_=1620876861259&CODE_STATE=getMsg HTTP/1.1" 200 27
58.37.228.113 - - [13/May/2021:11:34:28 +0800] "POST /xingrg/kc/buy/cgsh_order_operate.html HTTP/1.1" 200 12
58.37.228.113 - - [13/May/2021:11:34:28 +0800] "GET /xingrg/kc/buy/cgsh_order_info.html?code=212021051305611 HTTP/1.1" 200 56941
58.37.228.113 - - [13/May/2021:11:34:28 +0800] "GET /xingrg/javascript/easyui/themes/default/validatebox.css HTTP/1.1" 404 1104
114.88.162.5 - - [13/May/2021:11:34:29 +0800] "GET /xingrg/kc/buy/cgsh_order_operate.html?command=get_materiel&rest_code=00111&code=00101026082&supplier_code=00100017&order_time=2021-05-13 HTTP/1.1" 200 458
58.37.228.113 - - [13/May/2021:11:34:29 +0800] "POST /xingrg/kc/buy/cgsh_order_operate.html HTTP/1.1" 200 7136
116.235.95.160 - - [13/May/2021:11:34:29 +0800] "GET /xingrg/all/function/internal_message.html?_=1620876956533&CODE_STATE=getMsg HTTP/1.1" 200 27
116.230.76.31 - - [13/May/2021:11:34:30 +0800] "GET /xingrg/all/function/internal_message.html?_=1620876868289&CODE_STATE=getMsg HTTP/1.1" 200 27
58.37.228.113 - - [13/May/2021:11:34:30 +0800] "GET /xingrg/kc/print/load_data.html?order_code=212021051305611&kc_code=cgsh&condition= HTTP/1.1" 200 3201
114.88.162.5 - - [13/May/2021:11:34:30 +0800] "GET /xingrg/all/function/internal_message.html?_=1620876867684&CODE_STATE=getMsg HTTP/1.1" 200 27
58.37.228.113 - - [13/May/2021:11:34:33 +0800] "GET /xingrg/kc/buy/cgsh_order_add.html HTTP/1.1" 200 62035
58.37.228.113 - - [13/May/2021:11:34:34 +0800] "POST /xingrg/kc/buy/cgsh_order_operate.html HTTP/1.1" 200 8245
58.37.228.113 - - [13/May/2021:11:34:34 +0800] "GET /xingrg/javascript/easyui/themes/default/validatebox.css HTTP/1.1" 404 1104
58.37.228.113 - - [13/May/2021:11:34:34 +0800] "GET /xingrg/all/function/internal_message.html?_=1620876831576&CODE_STATE=getMsg HTTP/1.1" 200 27
116.235.95.160 - - [13/May/2021:11:34:38 +0800] "GET /xingrg/kc/buy/cgsh_order_operate.html?command=get_materiel&rest_code=00104&code=00101016053&supplier_code=00100036&order_time=2021-05-13 HTTP/1.1" 200 408
180.169.147.146 - - [13/May/2021:11:34:45 +0800] "GET /xingrg/all/function/internal_message.html?_=1620876883286&CODE_STATE=getMsg HTTP/1.1" 200 27
58.37.228.113 - - [13/May/2021:11:34:46 +0800] "GET /xingrg/kc/buy/cgsh_order_operate.html?command=get_materiel&rest_code=00141&code=00101004038&supplier_code=00100347&order_time=2021-05-13 HTTP/1.1" 200 429
116.230.114.112 - - [13/May/2021:11:34:50 +0800] "POST /xingrg/kc/buy/cgsh_order_operate.html HTTP/1.1" 200 37
116.230.114.112 - - [13/May/2021:11:34:52 +0800] "POST /xingrg/kc/buy/cgsh_order_operate.html HTTP/1.1" 200 5013
116.235.95.160 - - [13/May/2021:11:34:52 +0800] "GET /xingrg/kc/buy/cgsh_order_operate.html?command=get_materiel&rest_code=00104&code=00101010035&supplier_code=00100036&order_time=2021-05-13 HTTP/1.1" 200 413
116.230.114.112 - - [13/May/2021:11:34:54 +0800] "GET /xingrg/kc/print/load_data.html?order_code=212021051305612&kc_code=cgsh&condition= HTTP/1.1" 200 1561
120.253.135.82 - - [13/May/2021:11:34:57 +0800] "GET /xingrg/login.html HTTP/1.1" 200 7641
120.253.135.82 - - [13/May/2021:11:34:57 +0800] "GET /xingrg/images/blue/jxLogo.png HTTP/1.1" 304 -
120.253.135.82 - - [13/May/2021:11:34:57 +0800] "GET /xingrg/images/blue/login_bg.png HTTP/1.1" 304 -
120.253.135.82 - - [13/May/2021:11:34:57 +0800] "GET /xingrg/images/blue/hj.png HTTP/1.1" 304 -
120.253.135.82 - - [13/May/2021:11:34:57 +0800] "GET /favicon.ico HTTP/1.1" 404 -
120.253.135.82 - - [13/May/2021:11:34:57 +0800] "GET /xingrg/images/blue/srbg.png HTTP/1.1" 304 -
120.253.135.82 - - [13/May/2021:11:35:00 +0800] "POST /xingrg/login.do HTTP/1.1" 302 -
120.253.135.82 - - [13/May/2021:11:35:00 +0800] "GET /xingrg/javascript/jquery_easy_ui/themes/default/easyui.css HTTP/1.1" 304 -
