114.88.162.5 - - [13/May/2021:10:09:55 +0800] "GET /xingrg/kc/buy/cgsh_order_operate.html?command=get_materiel&rest_code=00111&code=00101012025&supplier_code=00100037&order_time=2021-05-13 HTTP/1.1" 200 412
61.165.42.208 - - [13/May/2021:10:09:57 +0800] "GET /xingrg/kc/buy/cgsh_order_operate.html?command=get_materiel&rest_code=00105&code=00101001169&supplier_code=00100319&order_time=2021-05-13 HTTP/1.1" 200 414
116.230.114.112 - - [13/May/2021:10:10:01 +0800] "GET /xingrg/all/function/internal_message.html?_=1620871812911&CODE_STATE=getMsg HTTP/1.1" 200 27
116.230.110.80 - - [13/May/2021:10:10:01 +0800] "GET /xingrg/kc/buy/cgsh_order_list.html HTTP/1.1" 200 46297
116.230.76.31 - - [13/May/2021:10:10:02 +0800] "GET /xingrg/all/function/internal_message.html?_=1620871800129&CODE_STATE=getMsg HTTP/1.1" 200 27
120.253.135.82 - - [13/May/2021:10:10:02 +0800] "GET /xingrg/all/function/internal_message.html?_=1620871582270&CODE_STATE=getMsg HTTP/1.1" 200 27
114.88.162.5 - - [13/May/2021:10:10:03 +0800] "GET /xingrg/kc/buy/cgsh_order_operate.html?command=get_materiel&rest_code=00111&code=00101016025&supplier_code=00100037&order_time=2021-05-13 HTTP/1.1" 200 408
116.230.110.80 - - [13/May/2021:10:10:04 +0800] "POST /xingrg/kc/buy/cgsh_list_operate.html HTTP/1.1" 200 2409
116.224.253.72 - - [13/May/2021:10:10:06 +0800] "GET /xingrg/all/function/internal_message.html?_=1620871792633&CODE_STATE=getMsg HTTP/1.1" 200 27
116.230.76.31 - - [13/May/2021:10:10:07 +0800] "GET /xingrg/kc/base/wldb_order_operate.html?command=get_materiel_price&rest_code=00107&base_code=0010151&code=00101019359&unit_code=00100129 HTTP/1.1" 200 34
116.230.110.80 - - [13/May/2021:10:10:07 +0800] "POST /xingrg/kc/buy/cgsh_list_operate.html HTTP/1.1" 200 489
116.230.110.80 - - [13/May/2021:10:10:07 +0800] "GET /xingrg/kc/buy/cgsh_order_info.html?code=212021051305447 HTTP/1.1" 200 62006
116.230.110.80 - - [13/May/2021:10:10:07 +0800] "GET /xingrg/javascript/easyui/themes/default/validatebox.css HTTP/1.1" 404 1104
116.230.110.80 - - [13/May/2021:10:10:08 +0800] "POST /xingrg/kc/buy/cgsh_order_operate.html HTTP/1.1" 200 5007
61.165.42.208 - - [13/May/2021:10:10:10 +0800] "POST /xingrg/kc/buy/cgsh_order_operate.html HTTP/1.1" 200 37
116.230.110.80 - - [13/May/2021:10:10:10 +0800] "GET /xingrg/kc/print/load_data.html?order_code=212021051305447&kc_code=cgsh HTTP/1.1" 200 1654
116.230.76.31 - - [13/May/2021:10:10:10 +0800] "POST /xingrg/kc/base/wldb_order_operate.html HTTP/1.1" 200 37
116.230.76.31 - - [13/May/2021:10:10:11 +0800] "POST /xingrg/kc/base/wldb_order_operate.html HTTP/1.1" 200 6717
61.165.42.208 - - [13/May/2021:10:10:11 +0800] "POST /xingrg/kc/buy/cgsh_order_operate.html HTTP/1.1" 200 4450
61.165.42.208 - - [13/May/2021:10:10:12 +0800] "GET /xingrg/kc/print/load_data.html?order_code=212021051305451&kc_code=cgsh&condition= HTTP/1.1" 200 1356
116.230.110.80 - - [13/May/2021:10:10:14 +0800] "GET /xingrg/all/function/internal_message.html?_=1620871809646&CODE_STATE=getMsg HTTP/1.1" 200 27
114.88.162.5 - - [13/May/2021:10:10:15 +0800] "GET /xingrg/kc/buy/cgsh_order_operate.html?command=get_materiel&rest_code=00111&code=00101011004&supplier_code=00100037&order_time=2021-05-13 HTTP/1.1" 200 412
61.165.42.208 - - [13/May/2021:10:10:16 +0800] "GET /xingrg/kc/buy/cgsh_order_add.html HTTP/1.1" 200 62076
61.165.42.208 - - [13/May/2021:10:10:17 +0800] "POST /xingrg/kc/buy/cgsh_order_operate.html HTTP/1.1" 200 8245
61.165.42.208 - - [13/May/2021:10:10:17 +0800] "GET /xingrg/javascript/easyui/themes/default/validatebox.css HTTP/1.1" 404 1104
114.86.225.153 - - [13/May/2021:10:10:17 +0800] "GET /xingrg/all/function/internal_message.html?_=1620871815763&CODE_STATE=getMsg HTTP/1.1" 200 27
114.86.225.153 - - [13/May/2021:10:10:17 +0800] "GET /xingrg/check_reg.html?_=1620871815764 HTTP/1.1" 200 22
58.37.228.113 - - [13/May/2021:10:10:20 +0800] "GET /xingrg/all/function/internal_message.html?_=1620871824716&CODE_STATE=getMsg HTTP/1.1" 200 27
117.185.32.26 - - [13/May/2021:10:10:22 +0800] "GET /xingrg/all/function/internal_message.html?_=1620872348386&CODE_STATE=getMsg HTTP/1.1" 200 27
116.230.76.31 - - [13/May/2021:10:10:24 +0800] "GET /xingrg/kc/base/wldb_order_info.html?code=422021051301352 HTTP/1.1" 200 30197
116.224.253.72 - - [13/May/2021:10:10:24 +0800] "GET /xingrg/all/function/internal_message.html?_=1620871810523&CODE_STATE=getMsg HTTP/1.1" 200 27
116.230.76.31 - - [13/May/2021:10:10:24 +0800] "GET /xingrg/javascript/easyui/themes/default/validatebox.css HTTP/1.1" 404 1104
116.230.76.31 - - [13/May/2021:10:10:25 +0800] "POST /xingrg/kc/base/wldb_order_operate.html HTTP/1.1" 200 6717
114.88.162.5 - - [13/May/2021:10:10:25 +0800] "GET /xingrg/kc/buy/cgsh_order_operate.html?command=get_materiel&rest_code=00111&code=00101007061&supplier_code=00100037&order_time=2021-05-13 HTTP/1.1" 200 409
222.69.129.194 - - [13/May/2021:10:10:26 +0800] "GET /xingrg/all/function/internal_message.html?_=1620871823876&CODE_STATE=getMsg HTTP/1.1" 200 27
61.165.42.208 - - [13/May/2021:10:10:26 +0800] "GET /xingrg/kc/buy/cgsh_order_operate.html?command=get_materiel&rest_code=00105&code=00101002007&supplier_code=00100442&order_time=2021-05-13 HTTP/1.1" 200 409
116.230.76.31 - - [13/May/2021:10:10:29 +0800] "GET /xingrg/kc/buy/buy_main.html HTTP/1.1" 200 12412
116.230.76.31 - - [13/May/2021:10:10:29 +0800] "GET /xingrg/css/new_ie.css HTTP/1.1" 404 1036
116.230.76.31 - - [13/May/2021:10:10:30 +0800] "GET /xingrg/images/yd/bt.gif HTTP/1.1" 404 1040
116.230.76.31 - - [13/May/2021:10:10:30 +0800] "GET /xingrg/kc/buy/cgsh_order_list.html HTTP/1.1" 200 46297
180.169.147.146 - - [13/May/2021:10:10:32 +0800] "GET /xingrg/all/function/internal_message.html?_=1620871832593&CODE_STATE=getMsg HTTP/1.1" 200 27
116.230.76.31 - - [13/May/2021:10:10:33 +0800] "POST /xingrg/kc/buy/cgsh_list_operate.html HTTP/1.1" 200 2036
114.88.162.5 - - [13/May/2021:10:10:37 +0800] "GET /xingrg/all/function/internal_message.html?_=1620871834191&CODE_STATE=getMsg HTTP/1.1" 200 27
61.165.42.208 - - [13/May/2021:10:10:38 +0800] "GET /xingrg/kc/buy/cgsh_order_operate.html?command=get_materiel&rest_code=00105&code=00101002048&supplier_code=00100442&order_time=2021-05-13 HTTP/1.1" 200 401
116.230.76.31 - - [13/May/2021:10:10:39 +0800] "GET /xingrg/kc/buy/cgsh_order_add.html HTTP/1.1" 200 62117
114.88.162.5 - - [13/May/2021:10:10:39 +0800] "POST /xingrg/kc/buy/cgsh_order_operate.html HTTP/1.1" 200 2065
116.230.76.31 - - [13/May/2021:10:10:39 +0800] "GET /xingrg/javascript/easyui/themes/default/validatebox.css HTTP/1.1" 404 1104
116.230.76.31 - - [13/May/2021:10:10:40 +0800] "POST /xingrg/kc/buy/cgsh_order_operate.html HTTP/1.1" 200 8245
116.224.253.72 - - [13/May/2021:10:10:41 +0800] "GET /xingrg/all/function/internal_message.html?_=1620871839886&CODE_STATE=getMsg HTTP/1.1" 200 27
61.165.42.208 - - [13/May/2021:10:10:43 +0800] "GET /xingrg/all/function/internal_message.html?_=1620871841624&CODE_STATE=getMsg HTTP/1.1" 200 27
180.161.124.236 - - [13/May/2021:10:10:44 +0800] "GET /xingrg/all/function/internal_message.html?_=1620871801365&CODE_STATE=getMsg HTTP/1.1" 200 27
114.88.162.5 - - [13/May/2021:10:10:47 +0800] "GET /xingrg/kc/buy/cgsh_order_operate.html?command=get_materiel&rest_code=00111&code=00101006062&supplier_code=00100037&order_time=2021-05-13 HTTP/1.1" 200 409
61.165.42.208 - - [13/May/2021:10:10:51 +0800] "POST /xingrg/kc/buy/cgsh_order_operate.html HTTP/1.1" 200 37
61.165.42.208 - - [13/May/2021:10:10:53 +0800] "POST /xingrg/kc/buy/cgsh_order_operate.html HTTP/1.1" 200 3250
116.230.76.31 - - [13/May/2021:10:10:53 +0800] "GET /xingrg/javascript/easyui/themes/default/tree.css HTTP/1.1" 404 1090
116.230.76.31 - - [13/May/2021:10:10:53 +0800] "POST /xingrg/all/common/load_tree.html?tree=supplier_tree_json&isDelete=1 HTTP/1.1" 200 55318
61.165.42.208 - - [13/May/2021:10:10:54 +0800] "GET /xingrg/kc/print/load_data.html?order_code=212021051305452&kc_code=cgsh&condition= HTTP/1.1" 200 897
61.165.42.208 - - [13/May/2021:10:11:00 +0800] "GET /xingrg/kc/buy/cgsh_order_add.html HTTP/1.1" 200 62076
61.165.42.208 - - [13/May/2021:10:11:01 +0800] "GET /xingrg/javascript/easyui/themes/default/validatebox.css HTTP/1.1" 404 1104
61.165.42.208 - - [13/May/2021:10:11:01 +0800] "POST /xingrg/kc/buy/cgsh_order_operate.html HTTP/1.1" 200 8245
116.230.114.112 - - [13/May/2021:10:11:01 +0800] "GET /xingrg/all/function/internal_message.html?_=1620871873144&CODE_STATE=getMsg HTTP/1.1" 200 27
116.230.76.31 - - [13/May/2021:10:11:02 +0800] "GET /xingrg/all/function/internal_message.html?_=1620871860120&CODE_STATE=getMsg HTTP/1.1" 200 27
120.253.135.82 - - [13/May/2021:10:11:02 +0800] "GET /xingrg/all/function/internal_message.html?_=1620871642282&CODE_STATE=getMsg HTTP/1.1" 200 27
116.224.253.72 - - [13/May/2021:10:11:05 +0800] "GET /xingrg/check_reg.html?_=1620871851200 HTTP/1.1" 200 22
116.224.253.72 - - [13/May/2021:10:11:06 +0800] "GET /xingrg/all/function/internal_message.html?_=1620871852647&CODE_STATE=getMsg HTTP/1.1" 200 27
61.165.42.208 - - [13/May/2021:10:11:14 +0800] "GET /xingrg/kc/buy/cgsh_order_operate.html?command=get_materiel&rest_code=00105&code=00101002009&supplier_code=00100088&order_time=2021-05-13 HTTP/1.1" 200 416
116.230.110.80 - - [13/May/2021:10:11:14 +0800] "GET /xingrg/all/function/internal_message.html?_=1620871869627&CODE_STATE=getMsg HTTP/1.1" 200 27
114.88.162.5 - - [13/May/2021:10:11:14 +0800] "GET /xingrg/kc/buy/cgsh_order_operate.html?command=get_materiel&rest_code=00111&code=00101006055&supplier_code=00100037&order_time=2021-05-13 HTTP/1.1" 200 409
116.230.76.31 - - [13/May/2021:10:11:17 +0800] "GET /xingrg/kc/buy/cgsh_order_operate.html?command=get_materiel&rest_code=00107&code=00101018019&supplier_code=00100041&order_time=2021-05-13 HTTP/1.1" 200 421
114.86.225.153 - - [13/May/2021:10:11:17 +0800] "GET /xingrg/all/function/internal_message.html?_=1620871875765&CODE_STATE=getMsg HTTP/1.1" 200 27
58.37.228.113 - - [13/May/2021:10:11:20 +0800] "GET /xingrg/all/function/internal_message.html?_=1620871884716&CODE_STATE=getMsg HTTP/1.1" 200 27
58.37.228.113 - - [13/May/2021:10:11:20 +0800] "GET /xingrg/check_reg.html?_=1620871884721 HTTP/1.1" 200 22
180.169.147.146 - - [13/May/2021:10:11:22 +0800] "GET /xingrg/images/yd/bt.gif HTTP/1.1" 404 1040
117.185.32.26 - - [13/May/2021:10:11:22 +0800] "GET /xingrg/all/function/internal_message.html?_=1620872408414&CODE_STATE=getMsg HTTP/1.1" 200 27
180.169.147.146 - - [13/May/2021:10:11:24 +0800] "GET /xingrg/kc/report/report_main.html HTTP/1.1" 302 -
180.169.147.146 - - [13/May/2021:10:11:24 +0800] "GET /xingrg/login.html HTTP/1.1" 200 7641
180.169.147.146 - - [13/May/2021:10:11:24 +0800] "GET /xingrg/login.html HTTP/1.1" 200 7641
180.169.147.146 - - [13/May/2021:10:11:24 +0800] "GET /favicon.ico HTTP/1.1" 404 -
116.224.253.72 - - [13/May/2021:10:11:24 +0800] "GET /xingrg/all/function/internal_message.html?_=1620871870540&CODE_STATE=getMsg HTTP/1.1" 200 27
180.169.147.146 - - [13/May/2021:10:11:26 +0800] "POST /xingrg/login.do HTTP/1.1" 302 -
180.169.147.146 - - [13/May/2021:10:11:26 +0800] "GET /xingrg/index.html?sysBaseUrl=http%3A%2F%2F180.169.147.146%3A18081%2Fxingrg%2F&costTime=110×tamp=1620871886402 HTTP/1.1" 200 17179
222.69.129.194 - - [13/May/2021:10:11:26 +0800] "GET /xingrg/all/function/internal_message.html?_=1620871883859&CODE_STATE=getMsg HTTP/1.1" 200 27
180.169.147.146 - - [13/May/2021:10:11:26 +0800] "POST /xingrg/all/common/load_tree.html?tree=area_rest_tree_json&manage=1 HTTP/1.1" 200 351
180.169.147.146 - - [13/May/2021:10:11:26 +0800] "GET /xingrg/all/function/internal_message.html?_=1620871880908&CODE_STATE=count HTTP/1.1" 200 11
180.169.147.146 - - [13/May/2021:10:11:26 +0800] "GET /xingrg/check_reg.html?_=1620871880909 HTTP/1.1" 200 22
180.169.147.146 - - [13/May/2021:10:11:26 +0800] "POST /xingrg/load_menu.html HTTP/1.1" 200 5138
180.169.147.146 - - [13/May/2021:10:11:26 +0800] "GET /favicon.ico HTTP/1.1" 404 -
180.169.147.146 - - [13/May/2021:10:11:27 +0800] "GET /xingrg/kc/report/report_main.html HTTP/1.1" 200 7345
180.169.147.146 - - [13/May/2021:10:11:29 +0800] "GET /xingrg/all/report/report_query.html?fileName=kc/buy/gys_amount.xml&rh=99999 HTTP/1.1" 200 52006
180.169.147.146 - - [13/May/2021:10:11:29 +0800] "GET /xingrg/dwr/interface/AjaxReportQueryService.js HTTP/1.1" 200 13203
180.169.147.146 - - [13/May/2021:10:11:29 +0800] "GET /xingrg/dwr/engine.js HTTP/1.1" 200 43631
180.169.147.146 - - [13/May/2021:10:11:29 +0800] "POST /xingrg/dwr/call/plaincall/AjaxReportQueryService.getFixDate.dwr HTTP/1.1" 200 111
180.169.147.146 - - [13/May/2021:10:11:29 +0800] "POST /xingrg/all/common/load_tree.html?tree=supplier_tree_json&manage=1 HTTP/1.1" 200 56175
180.169.147.146 - - [13/May/2021:10:11:30 +0800] "POST /xingrg/all/common/load_tree.html?tree=materiel_sort_tree_json HTTP/1.1" 200 8666
61.165.42.208 - - [13/May/2021:10:11:30 +0800] "POST /xingrg/kc/buy/cgsh_order_operate.html HTTP/1.1" 200 37
180.169.147.146 - - [13/May/2021:10:11:30 +0800] "POST /xingrg/dwr/call/plaincall/AjaxReportQueryService.getInitString.dwr HTTP/1.1" 200 1035
61.165.42.208 - - [13/May/2021:10:11:31 +0800] "POST /xingrg/kc/buy/cgsh_order_operate.html HTTP/1.1" 200 2663
180.169.147.146 - - [13/May/2021:10:11:32 +0800] "GET /xingrg/all/function/internal_message.html?_=1620871892600&CODE_STATE=getMsg HTTP/1.1" 200 27
180.169.147.146 - - [13/May/2021:10:11:32 +0800] "GET /xingrg/check_reg.html?_=1620871892603 HTTP/1.1" 200 22
101.89.29.86 - - [13/May/2021:10:11:32 +0800] "GET /xingrg/all/function/internal_message.html?_=1620871824716&CODE_STATE=getMsg HTTP/1.1" 302 -
61.165.42.208 - - [13/May/2021:10:11:32 +0800] "GET /xingrg/kc/print/load_data.html?order_code=212021051305453&kc_code=cgsh&condition= HTTP/1.1" 200 742
116.230.76.31 - - [13/May/2021:10:11:33 +0800] "GET /xingrg/kc/buy/cgsh_order_operate.html?command=get_materiel&rest_code=00107&code=00101001010&supplier_code=00100041&order_time=2021-05-13 HTTP/1.1" 200 409
114.88.162.5 - - [13/May/2021:10:11:37 +0800] "GET /xingrg/all/function/internal_message.html?_=1620871894178&CODE_STATE=getMsg HTTP/1.1" 200 27
61.165.42.208 - - [13/May/2021:10:11:37 +0800] "GET /xingrg/kc/buy/cgsh_order_add.html HTTP/1.1" 200 62076
61.165.42.208 - - [13/May/2021:10:11:38 +0800] "GET /xingrg/javascript/easyui/themes/default/validatebox.css HTTP/1.1" 404 1104
61.165.42.208 - - [13/May/2021:10:11:38 +0800] "POST /xingrg/kc/buy/cgsh_order_operate.html HTTP/1.1" 200 8245
101.89.29.86 - - [13/May/2021:10:11:40 +0800] "GET /xingrg/login.html HTTP/1.1" 200 7641
116.224.253.72 - - [13/May/2021:10:11:41 +0800] "GET /xingrg/check_reg.html?_=1620871899513 HTTP/1.1" 200 22
116.224.253.72 - - [13/May/2021:10:11:41 +0800] "GET /xingrg/all/function/internal_message.html?_=1620871899860&CODE_STATE=getMsg HTTP/1.1" 200 27
61.165.42.208 - - [13/May/2021:10:11:43 +0800] "GET /xingrg/all/function/internal_message.html?_=1620871901609&CODE_STATE=getMsg HTTP/1.1" 200 27
180.161.124.236 - - [13/May/2021:10:11:44 +0800] "GET /xingrg/all/function/internal_message.html?_=1620871861612&CODE_STATE=getMsg HTTP/1.1" 200 27
61.165.42.208 - - [13/May/2021:10:11:47 +0800] "GET /xingrg/kc/buy/cgsh_order_operate.html?command=get_materiel&rest_code=00105&code=00101003025&supplier_code=00100093&order_time=2021-05-13 HTTP/1.1" 200 411
114.88.162.5 - - [13/May/2021:10:11:48 +0800] "GET /xingrg/kc/buy/cgsh_order_operate.html?command=get_materiel&rest_code=00111&code=00101020153&supplier_code=00100037&order_time=2021-05-13 HTTP/1.1" 200 408
116.230.114.112 - - [13/May/2021:10:11:48 +0800] "GET /xingrg/check_reg.html?_=1620871919803 HTTP/1.1" 200 22
116.230.76.31 - - [13/May/2021:10:11:51 +0800] "POST /xingrg/kc/buy/cgsh_order_operate.html HTTP/1.1" 200 37
116.230.76.31 - - [13/May/2021:10:11:53 +0800] "POST /xingrg/kc/buy/cgsh_order_operate.html HTTP/1.1" 200 3257
61.165.42.208 - - [13/May/2021:10:11:59 +0800] "POST /xingrg/kc/buy/cgsh_order_operate.html HTTP/1.1" 200 37
61.165.42.208 - - [13/May/2021:10:12:00 +0800] "POST /xingrg/kc/buy/cgsh_order_operate.html HTTP/1.1" 200 2653
116.230.114.112 - - [13/May/2021:10:12:01 +0800] "GET /xingrg/all/function/internal_message.html?_=1620871933156&CODE_STATE=getMsg HTTP/1.1" 200 27
61.165.42.208 - - [13/May/2021:10:12:02 +0800] "GET /xingrg/kc/print/load_data.html?order_code=212021051305455&kc_code=cgsh&condition= HTTP/1.1" 200 713
116.230.76.31 - - [13/May/2021:10:12:02 +0800] "GET /xingrg/all/function/internal_message.html?_=1620871920096&CODE_STATE=getMsg HTTP/1.1" 200 27
120.253.135.82 - - [13/May/2021:10:12:02 +0800] "GET /xingrg/all/function/internal_message.html?_=1620871702300&CODE_STATE=getMsg HTTP/1.1" 200 27
116.230.76.31 - - [13/May/2021:10:12:02 +0800] "GET /xingrg/check_reg.html?_=1620871920754 HTTP/1.1" 200 22
180.169.147.146 - - [13/May/2021:10:12:02 +0800] "GET /favicon.ico HTTP/1.1" 404 -
114.88.162.5 - - [13/May/2021:10:12:04 +0800] "GET /xingrg/kc/buy/cgsh_order_operate.html?command=get_materiel&rest_code=00111&code=00101016080&supplier_code=00100037&order_time=2021-05-13 HTTP/1.1" 200 408
61.165.42.208 - - [13/May/2021:10:12:05 +0800] "GET /xingrg/kc/buy/cgsh_order_add.html HTTP/1.1" 200 62076
61.165.42.208 - - [13/May/2021:10:12:05 +0800] "POST /xingrg/kc/buy/cgsh_order_operate.html HTTP/1.1" 200 8245
61.165.42.208 - - [13/May/2021:10:12:05 +0800] "GET /xingrg/javascript/easyui/themes/default/validatebox.css HTTP/1.1" 404 1104
116.224.253.72 - - [13/May/2021:10:12:06 +0800] "GET /xingrg/all/function/internal_message.html?_=1620871912766&CODE_STATE=getMsg HTTP/1.1" 200 27
116.230.76.31 - - [13/May/2021:10:12:12 +0800] "POST /xingrg/kc/buy/cgsh_order_operate.html HTTP/1.1" 200 37
116.230.76.31 - - [13/May/2021:10:12:13 +0800] "POST /xingrg/kc/buy/cgsh_order_operate.html HTTP/1.1" 200 3257
61.165.42.208 - - [13/May/2021:10:12:13 +0800] "GET /xingrg/kc/buy/cgsh_order_operate.html?command=get_materiel&rest_code=00105&code=00101008061&supplier_code=00100339&order_time=2021-05-13 HTTP/1.1" 200 423
116.230.110.80 - - [13/May/2021:10:12:14 +0800] "GET /xingrg/all/function/internal_message.html?_=1620871929617&CODE_STATE=getMsg HTTP/1.1" 200 27
116.230.76.31 - - [13/May/2021:10:12:14 +0800] "GET /xingrg/kc/print/load_data.html?order_code=212021051305454&kc_code=cgsh&condition= HTTP/1.1" 200 920
114.86.225.153 - - [13/May/2021:10:12:17 +0800] "GET /xingrg/all/function/internal_message.html?_=1620871935769&CODE_STATE=getMsg HTTP/1.1" 200 27
116.230.76.31 - - [13/May/2021:10:12:19 +0800] "GET /xingrg/kc/buy/cgsh_order_add.html HTTP/1.1" 200 62117
116.230.76.31 - - [13/May/2021:10:12:20 +0800] "GET /xingrg/javascript/easyui/themes/default/validatebox.css HTTP/1.1" 404 1104
116.230.76.31 - - [13/May/2021:10:12:20 +0800] "POST /xingrg/kc/buy/cgsh_order_operate.html HTTP/1.1" 200 8245
58.37.228.113 - - [13/May/2021:10:12:20 +0800] "GET /xingrg/all/function/internal_message.html?_=1620871944719&CODE_STATE=getMsg HTTP/1.1" 200 27
117.185.32.26 - - [13/May/2021:10:12:22 +0800] "GET /xingrg/all/function/internal_message.html?_=1620872468407&CODE_STATE=getMsg HTTP/1.1" 200 27
61.165.42.208 - - [13/May/2021:10:12:22 +0800] "POST /xingrg/kc/buy/cgsh_order_operate.html HTTP/1.1" 200 37
180.169.147.146 - - [13/May/2021:10:12:24 +0800] "POST /xingrg/dwr/call/plaincall/AjaxReportQueryService.refreshCache.dwr HTTP/1.1" 200 78
61.165.42.208 - - [13/May/2021:10:12:24 +0800] "POST /xingrg/kc/buy/cgsh_order_operate.html HTTP/1.1" 200 2666
116.224.253.72 - - [13/May/2021:10:12:24 +0800] "GET /xingrg/all/function/internal_message.html?_=1620871930554&CODE_STATE=getMsg HTTP/1.1" 200 27
114.88.162.5 - - [13/May/2021:10:12:24 +0800] "GET /xingrg/kc/buy/cgsh_order_operate.html?command=get_materiel&rest_code=00111&code=00101011001&supplier_code=00100037&order_time=2021-05-13 HTTP/1.1" 200 423
180.169.147.146 - - [13/May/2021:10:12:25 +0800] "POST /xingrg/all/report/load_report_page.html HTTP/1.1" 200 8932
180.169.147.146 - - [13/May/2021:10:12:25 +0800] "GET /xingrg/servlets/image?cache=0.44504596889569914&image=px HTTP/1.1" 200 807
61.165.42.208 - - [13/May/2021:10:12:25 +0800] "GET /xingrg/kc/print/load_data.html?order_code=212021051305456&kc_code=cgsh&condition= HTTP/1.1" 200 676
222.69.129.194 - - [13/May/2021:10:12:26 +0800] "GET /xingrg/all/function/internal_message.html?_=1620871943845&CODE_STATE=getMsg HTTP/1.1" 200 27
180.169.147.146 - - [13/May/2021:10:12:26 +0800] "GET /xingrg/all/function/internal_message.html?_=1620871940913&CODE_STATE=getMsg HTTP/1.1" 200 27
180.169.147.146 - - [13/May/2021:10:12:27 +0800] "GET /xingrg/all/report/report_query.html?isQuery=1&fileName=kc/buy/wlcg_cate_hz.xml&queryString=(CONVERT(char(10)%252Ca.order_time%252C%2520120)%253E%253D'2021-02-19')%2520and%2520(CONVERT(char(10)%252Ca.order_time%252C%2520120)%253C%253D'2021-05-31')%2520and%2520(a.supplier_code%2520in%2520('00100038'))%2520and%2520(a.number%253E0%2520and%2520a.supplier_code%253D'00100038')&queryText=%25E3%2580%2590%25E9%2587%2587%25E8%25B4%25AD%25E6%2597%25A5%25E6%259C%259F%253A2021-02-19%2520%25E8%2587%25B3%25202021-05-31%25E3%2580%2591%2520%25E5%25B9%25B6%25E4%25B8%2594%2520%2520%25E3%2580%2590%25E4%25BE%259B%25E5%25BA%2594%25E5%2595%2586%2520%253D%2520%25E6%25B2%25B3%25E9%25B2%259C%25EF%25BC%2588%25E6%25B1%25AA%25E5%25BF%2597%25E6%259C%2580%25EF%25BC%2589%25E3%2580%2591%2520%25E5%25B9%25B6%25E4%25B8%2594%2520%25E3%2580%2590%25E4%25BE%259B%25E5%25BA%2594%25E5%2595%2586%253D%25E6%25B2%25B3%25E9%25B2%259C%25EF%25BC%2588%25E6%25B1%25AA%25E5%25BF%2597%25E6%259C%2580%25EF%25BC%2589%25E3%2580%2591 HTTP/1.1" 200 54480
180.169.147.146 - - [13/May/2021:10:12:27 +0800] "GET /xingrg/dwr/interface/AjaxReportQueryService.js HTTP/1.1" 200 13203
180.169.147.146 - - [13/May/2021:10:12:27 +0800] "GET /xingrg/dwr/engine.js HTTP/1.1" 200 43631
180.169.147.146 - - [13/May/2021:10:12:28 +0800] "POST /xingrg/all/report/load_report_page.html HTTP/1.1" 200 8717
180.169.147.146 - - [13/May/2021:10:12:28 +0800] "GET /xingrg/servlets/image?cache=0.6638831042668144&image=px HTTP/1.1" 200 807
61.165.42.208 - - [13/May/2021:10:12:29 +0800] "GET /xingrg/kc/buy/cgsh_order_add.html HTTP/1.1" 200 62076
61.165.42.208 - - [13/May/2021:10:12:29 +0800] "GET /xingrg/javascript/easyui/themes/default/validatebox.css HTTP/1.1" 404 1104
61.165.42.208 - - [13/May/2021:10:12:29 +0800] "POST /xingrg/kc/buy/cgsh_order_operate.html HTTP/1.1" 200 8245
114.88.162.5 - - [13/May/2021:10:12:31 +0800] "POST /xingrg/kc/buy/cgsh_order_operate.html HTTP/1.1" 200 2065
180.169.147.146 - - [13/May/2021:10:12:32 +0800] "POST /xingrg/all/report/load_report_page.html HTTP/1.1" 200 59663
180.169.147.146 - - [13/May/2021:10:12:32 +0800] "GET /xingrg/all/function/internal_message.html?_=1620871952603&CODE_STATE=getMsg HTTP/1.1" 200 27
180.169.147.146 - - [13/May/2021:10:12:32 +0800] "GET /xingrg/servlets/image?cache=0.4369430781216177&image=px HTTP/1.1" 200 807
116.230.76.31 - - [13/May/2021:10:12:32 +0800] "GET /xingrg/javascript/jquery_easy_ui/themes/default/images/tabs_active.png HTTP/1.1" 200 2894
116.230.76.31 - - [13/May/2021:10:12:33 +0800] "GET /xingrg/javascript/easyui/themes/default/tree.css HTTP/1.1" 404 1090
116.230.76.31 - - [13/May/2021:10:12:33 +0800] "POST /xingrg/all/common/load_tree.html?tree=supplier_tree_json&isDelete=1 HTTP/1.1" 200 55318
180.169.147.146 - - [13/May/2021:10:12:36 +0800] "POST /xingrg/all/report/load_report_page.html HTTP/1.1" 200 17522
180.169.147.146 - - [13/May/2021:10:12:36 +0800] "GET /xingrg/servlets/image?cache=0.47226692212687704&image=px HTTP/1.1" 200 807
114.88.162.5 - - [13/May/2021:10:12:37 +0800] "GET /xingrg/all/function/internal_message.html?_=1620871954214&CODE_STATE=getMsg HTTP/1.1" 200 27
114.88.162.5 - - [13/May/2021:10:12:38 +0800] "GET /xingrg/kc/buy/cgsh_order_operate.html?command=get_materiel&rest_code=00111&code=00101006177&supplier_code=00100037&order_time=2021-05-13 HTTP/1.1" 200 409
180.161.124.236 - - [13/May/2021:10:12:38 +0800] "GET /xingrg/check_reg.html?_=1620871915827 HTTP/1.1" 200 22
116.224.253.72 - - [13/May/2021:10:12:41 +0800] "GET /xingrg/all/function/internal_message.html?_=1620871959849&CODE_STATE=getMsg HTTP/1.1" 200 27
61.165.42.208 - - [13/May/2021:10:12:43 +0800] "GET /xingrg/all/function/internal_message.html?_=1620871961651&CODE_STATE=getMsg HTTP/1.1" 200 27
180.161.124.236 - - [13/May/2021:10:12:44 +0800] "GET /xingrg/all/function/internal_message.html?_=1620871921625&CODE_STATE=getMsg HTTP/1.1" 200 27
180.169.147.146 - - [13/May/2021:10:12:44 +0800] "GET /xingrg/all/report/report_query.html?fileName=kc/buy/yfk_hz_supplier.xml HTTP/1.1" 200 53943
180.169.147.146 - - [13/May/2021:10:12:44 +0800] "GET /xingrg/dwr/interface/AjaxReportQueryService.js HTTP/1.1" 200 13203
180.169.147.146 - - [13/May/2021:10:12:44 +0800] "GET /xingrg/dwr/engine.js HTTP/1.1" 200 43631
180.169.147.146 - - [13/May/2021:10:12:44 +0800] "POST /xingrg/dwr/call/plaincall/AjaxReportQueryService.getFixDate.dwr HTTP/1.1" 200 111
180.169.147.146 - - [13/May/2021:10:12:45 +0800] "POST /xingrg/all/common/load_tree.html?tree=supplier_tree_json&manage=1 HTTP/1.1" 200 56175
116.230.76.31 - - [13/May/2021:10:12:54 +0800] "GET /xingrg/kc/buy/cgsh_order_operate.html?command=get_materiel&rest_code=00107&code=00101010628&supplier_code=00100327&order_time=2021-05-13 HTTP/1.1" 200 412
114.88.162.5 - - [13/May/2021:10:13:00 +0800] "POST /xingrg/kc/buy/cgsh_order_operate.html HTTP/1.1" 200 37
116.230.114.112 - - [13/May/2021:10:13:01 +0800] "GET /xingrg/all/function/internal_message.html?_=1620871993170&CODE_STATE=getMsg HTTP/1.1" 200 27
116.230.76.31 - - [13/May/2021:10:13:02 +0800] "GET /xingrg/all/function/internal_message.html?_=1620871980076&CODE_STATE=getMsg HTTP/1.1" 200 27
116.230.76.31 - - [13/May/2021:10:13:02 +0800] "POST /xingrg/kc/buy/cgsh_order_operate.html HTTP/1.1" 200 37
114.88.162.5 - - [13/May/2021:10:13:02 +0800] "POST /xingrg/kc/buy/cgsh_order_operate.html HTTP/1.1" 200 16858
120.253.135.82 - - [13/May/2021:10:13:02 +0800] "GET /xingrg/all/function/internal_message.html?_=1620871762311&CODE_STATE=getMsg HTTP/1.1" 200 27
116.230.76.31 - - [13/May/2021:10:13:04 +0800] "POST /xingrg/kc/buy/cgsh_order_operate.html HTTP/1.1" 200 2671
180.169.147.146 - - [13/May/2021:10:13:05 +0800] "POST /xingrg/dwr/call/plaincall/AjaxReportQueryService.refreshCache.dwr HTTP/1.1" 200 78
180.169.147.146 - - [13/May/2021:10:13:05 +0800] "POST /xingrg/all/report/load_report_page.html HTTP/1.1" 200 10354
180.169.147.146 - - [13/May/2021:10:13:06 +0800] "GET /xingrg/servlets/image?cache=0.8955268719792778&image=px HTTP/1.1" 200 807
116.230.76.31 - - [13/May/2021:10:13:06 +0800] "GET /xingrg/kc/print/load_data.html?order_code=212021051305458&kc_code=cgsh&condition= HTTP/1.1" 200 675
114.88.162.5 - - [13/May/2021:10:13:06 +0800] "GET /xingrg/kc/print/load_data.html?order_code=212021051305457&kc_code=cgsh&condition= HTTP/1.1" 200 6078
116.224.253.72 - - [13/May/2021:10:13:06 +0800] "GET /xingrg/all/function/internal_message.html?_=1620871972768&CODE_STATE=getMsg HTTP/1.1" 200 27
180.169.147.146 - - [13/May/2021:10:13:07 +0800] "GET /xingrg/all/report/report_query.html?isQuery=1&fileName=kc/buy/gys_order.xml&queryString=(a.supplier_code%3D'00100038')%20and%20(CONVERT(char(10)%2Ca.order_time%2C%20120)%3E%3D'2021-02-18')%20and%20('2021-05-31'%3E%3DCONVERT(char(10)%2Ca.order_time%2C%20120))&queryText=%E3%80%90%E6%9F%A5%E8%AF%A2%E6%97%A5%E6%9C%9F%3A2021-02-18%20%E8%87%B3%202021-05-31%E3%80%91%20%E5%B9%B6%E4%B8%94%20%20%E3%80%90%E4%BE%9B%E5%BA%94%E5%95%86%20%3D%20%E6%B2%B3%E9%B2%9C%EF%BC%88%E6%B1%AA%E5%BF%97%E6%9C%80%EF%BC%89%E3%80%91%20%E3%80%90%E4%BE%9B%E5%BA%94%E5%95%86%20%3D%20%E6%B2%B3%E9%B2%9C%EF%BC%88%E6%B1%AA%E5%BF%97%E6%9C%80%EF%BC%89%E3%80%91&rand=0.7994287095169926 HTTP/1.1" 200 51518
180.169.147.146 - - [13/May/2021:10:13:07 +0800] "GET /xingrg/all/report/report_query.html?isQuery=1&fileName=kc/buy/gys_order.xml&queryString=(a.supplier_code%3D'00100038')%20and%20(CONVERT(char(10)%2Ca.order_time%2C%20120)%3E%3D'2021-02-18')%20and%20('2021-05-31'%3E%3DCONVERT(char(10)%2Ca.order_time%2C%20120))&queryText=%E3%80%90%E6%9F%A5%E8%AF%A2%E6%97%A5%E6%9C%9F%3A2021-02-18%20%E8%87%B3%202021-05-31%E3%80%91%20%E5%B9%B6%E4%B8%94%20%20%E3%80%90%E4%BE%9B%E5%BA%94%E5%95%86%20%3D%20%E6%B2%B3%E9%B2%9C%EF%BC%88%E6%B1%AA%E5%BF%97%E6%9C%80%EF%BC%89%E3%80%91%20%E3%80%90%E4%BE%9B%E5%BA%94%E5%95%86%20%3D%20%E6%B2%B3%E9%B2%9C%EF%BC%88%E6%B1%AA%E5%BF%97%E6%9C%80%EF%BC%89%E3%80%91&rand=0.7994287095169926 HTTP/1.1" 200 51518
180.169.147.146 - - [13/May/2021:10:13:07 +0800] "GET /xingrg/dwr/interface/AjaxReportQueryService.js HTTP/1.1" 200 13203
180.169.147.146 - - [13/May/2021:10:13:07 +0800] "GET /xingrg/dwr/engine.js HTTP/1.1" 200 43631
180.169.147.146 - - [13/May/2021:10:13:07 +0800] "POST /xingrg/all/report/load_report_page.html HTTP/1.1" 200 71299
180.169.147.146 - - [13/May/2021:10:13:07 +0800] "GET /xingrg/servlets/image?cache=0.7898551523810525&image=px HTTP/1.1" 200 807
116.230.76.31 - - [13/May/2021:10:13:10 +0800] "GET /xingrg/kc/buy/cgsh_order_add.html HTTP/1.1" 200 62117
116.230.76.31 - - [13/May/2021:10:13:11 +0800] "GET /xingrg/words/20210512180717_words.js HTTP/1.1" 304 -
116.230.76.31 - - [13/May/2021:10:13:11 +0800] "POST /xingrg/kc/buy/cgsh_order_operate.html HTTP/1.1" 200 8245
116.230.76.31 - - [13/May/2021:10:13:11 +0800] "GET /xingrg/javascript/easyui/themes/default/validatebox.css HTTP/1.1" 404 1104
116.230.76.31 - - [13/May/2021:10:13:13 +0800] "GET /xingrg/javascript/easyui/themes/default/tree.css HTTP/1.1" 404 1090
116.230.76.31 - - [13/May/2021:10:13:13 +0800] "POST /xingrg/all/common/load_tree.html?tree=supplier_tree_json&isDelete=1 HTTP/1.1" 200 55318
116.230.110.80 - - [13/May/2021:10:13:14 +0800] "GET /xingrg/all/function/internal_message.html?_=1620871989634&CODE_STATE=getMsg HTTP/1.1" 200 27
61.165.42.208 - - [13/May/2021:10:13:14 +0800] "GET /xingrg/kc/buy/cgsh_order_operate.html?command=get_materiel&rest_code=00105&code=00101012060&supplier_code=00100338&order_time=2021-05-13 HTTP/1.1" 200 408
114.86.225.153 - - [13/May/2021:10:13:17 +0800] "GET /xingrg/all/function/internal_message.html?_=1620871995770&CODE_STATE=getMsg HTTP/1.1" 200 27
58.37.228.113 - - [13/May/2021:10:13:20 +0800] "GET /xingrg/all/function/internal_message.html?_=1620872004503&CODE_STATE=getMsg HTTP/1.1" 200 27
117.185.32.26 - - [13/May/2021:10:13:22 +0800] "GET /xingrg/all/function/internal_message.html?_=1620872528414&CODE_STATE=getMsg HTTP/1.1" 200 27
117.185.32.26 - - [13/May/2021:10:13:22 +0800] "GET /xingrg/check_reg.html?_=1620872528415 HTTP/1.1" 200 22
61.165.42.208 - - [13/May/2021:10:13:24 +0800] "POST /xingrg/kc/buy/cgsh_order_operate.html HTTP/1.1" 200 37
116.224.253.72 - - [13/May/2021:10:13:24 +0800] "GET /xingrg/all/function/internal_message.html?_=1620871990592&CODE_STATE=getMsg HTTP/1.1" 200 27
61.165.42.208 - - [13/May/2021:10:13:25 +0800] "POST /xingrg/kc/buy/cgsh_order_operate.html HTTP/1.1" 200 2651
222.69.129.194 - - [13/May/2021:10:13:26 +0800] "GET /xingrg/all/function/internal_message.html?_=1620872003843&CODE_STATE=getMsg HTTP/1.1" 200 27
180.169.147.146 - - [13/May/2021:10:13:26 +0800] "GET /xingrg/all/function/internal_message.html?_=1620872000958&CODE_STATE=getMsg HTTP/1.1" 200 27
222.69.129.194 - - [13/May/2021:10:13:27 +0800] "GET /xingrg/check_reg.html?_=1620872004768 HTTP/1.1" 200 22
61.165.42.208 - - [13/May/2021:10:13:27 +0800] "GET /xingrg/kc/print/load_data.html?order_code=212021051305459&kc_code=cgsh&condition= HTTP/1.1" 200 663
180.169.147.146 - - [13/May/2021:10:13:32 +0800] "GET /xingrg/all/function/internal_message.html?_=1620872012607&CODE_STATE=getMsg HTTP/1.1" 200 27
58.221.95.50 - - [13/May/2021:10:13:33 +0800] "GET /xingrg/check_reg.html?_=1620872010959 HTTP/1.1" 302 -
61.165.42.208 - - [13/May/2021:10:13:33 +0800] "GET /xingrg/kc/buy/cgsh_order_add.html HTTP/1.1" 200 62076
61.165.42.208 - - [13/May/2021:10:13:34 +0800] "GET /xingrg/javascript/easyui/themes/default/validatebox.css HTTP/1.1" 404 1104
61.165.42.208 - - [13/May/2021:10:13:34 +0800] "POST /xingrg/kc/buy/cgsh_order_operate.html HTTP/1.1" 200 8245
114.88.162.5 - - [13/May/2021:10:13:37 +0800] "GET /xingrg/all/function/internal_message.html?_=1620872014203&CODE_STATE=getMsg HTTP/1.1" 200 27
116.224.253.72 - - [13/May/2021:10:13:41 +0800] "GET /xingrg/all/function/internal_message.html?_=1620872019836&CODE_STATE=getMsg HTTP/1.1" 200 27
61.165.42.208 - - [13/May/2021:10:13:43 +0800] "GET /xingrg/check_reg.html?_=1620872021640 HTTP/1.1" 200 22
61.165.42.208 - - [13/May/2021:10:13:43 +0800] "GET /xingrg/all/function/internal_message.html?_=1620872021643&CODE_STATE=getMsg HTTP/1.1" 200 27
180.161.124.236 - - [13/May/2021:10:13:44 +0800] "GET /xingrg/all/function/internal_message.html?_=1620871981640&CODE_STATE=getMsg HTTP/1.1" 200 27
61.165.42.208 - - [13/May/2021:10:13:47 +0800] "GET /xingrg/kc/buy/cgsh_order_operate.html?command=get_materiel&rest_code=00105&code=00101006001&supplier_code=00100404&order_time=2021-05-13 HTTP/1.1" 200 428
180.169.147.146 - - [13/May/2021:10:13:49 +0800] "GET /xingrg/all/report/report_query.html?isQuery=1&fileName=kc/buy/gys_order.xml&queryString=(a.supplier_code%3D'00100038')%20and%20(CONVERT(char(10)%2Ca.order_time%2C%20120)%3E%3D'2021-02-18')%20and%20('2021-05-31'%3E%3DCONVERT(char(10)%2Ca.order_time%2C%20120))&queryText=%E3%80%90%E6%9F%A5%E8%AF%A2%E6%97%A5%E6%9C%9F%3A2021-02-18%20%E8%87%B3%202021-05-31%E3%80%91%20%E5%B9%B6%E4%B8%94%20%20%E3%80%90%E4%BE%9B%E5%BA%94%E5%95%86%20%3D%20%E6%B2%B3%E9%B2%9C%EF%BC%88%E6%B1%AA%E5%BF%97%E6%9C%80%EF%BC%89%E3%80%91%20%E3%80%90%E4%BE%9B%E5%BA%94%E5%95%86%20%3D%20%E6%B2%B3%E9%B2%9C%EF%BC%88%E6%B1%AA%E5%BF%97%E6%9C%80%EF%BC%89%E3%80%91&rand=0.4370522688254989 HTTP/1.1" 200 51518
180.169.147.146 - - [13/May/2021:10:13:49 +0800] "GET /xingrg/all/report/report_query.html?isQuery=1&fileName=kc/buy/gys_order.xml&queryString=(a.supplier_code%3D'00100038')%20and%20(CONVERT(char(10)%2Ca.order_time%2C%20120)%3E%3D'2021-02-18')%20and%20('2021-05-31'%3E%3DCONVERT(char(10)%2Ca.order_time%2C%20120))&queryText=%E3%80%90%E6%9F%A5%E8%AF%A2%E6%97%A5%E6%9C%9F%3A2021-02-18%20%E8%87%B3%202021-05-31%E3%80%91%20%E5%B9%B6%E4%B8%94%20%20%E3%80%90%E4%BE%9B%E5%BA%94%E5%95%86%20%3D%20%E6%B2%B3%E9%B2%9C%EF%BC%88%E6%B1%AA%E5%BF%97%E6%9C%80%EF%BC%89%E3%80%91%20%E3%80%90%E4%BE%9B%E5%BA%94%E5%95%86%20%3D%20%E6%B2%B3%E9%B2%9C%EF%BC%88%E6%B1%AA%E5%BF%97%E6%9C%80%EF%BC%89%E3%80%91&rand=0.4370522688254989 HTTP/1.1" 200 51518
180.169.147.146 - - [13/May/2021:10:13:49 +0800] "GET /xingrg/dwr/interface/AjaxReportQueryService.js HTTP/1.1" 200 13203
180.169.147.146 - - [13/May/2021:10:13:49 +0800] "GET /xingrg/dwr/engine.js HTTP/1.1" 200 43631
180.169.147.146 - - [13/May/2021:10:13:49 +0800] "POST /xingrg/all/report/load_report_page.html HTTP/1.1" 200 71299
180.169.147.146 - - [13/May/2021:10:13:49 +0800] "GET /xingrg/servlets/image?cache=0.8556824824284406&image=px HTTP/1.1" 200 807
61.165.42.208 - - [13/May/2021:10:14:01 +0800] "POST /xingrg/kc/buy/cgsh_order_operate.html HTTP/1.1" 200 37
116.230.114.112 - - [13/May/2021:10:14:01 +0800] "GET /xingrg/all/function/internal_message.html?_=1620872053403&CODE_STATE=getMsg HTTP/1.1" 200 27
116.230.76.31 - - [13/May/2021:10:14:02 +0800] "GET /xingrg/all/function/internal_message.html?_=1620872040065&CODE_STATE=getMsg HTTP/1.1" 200 27
116.230.76.31 - - [13/May/2021:10:14:02 +0800] "POST /xingrg/kc/buy/cgsh_list_operate.html HTTP/1.1" 200 2737
116.230.76.31 - - [13/May/2021:10:14:02 +0800] "POST /xingrg/kc/buy/cgsh_list_operate.html HTTP/1.1" 200 2737
116.230.76.31 - - [13/May/2021:10:14:02 +0800] "POST /xingrg/kc/buy/cgsh_list_operate.html HTTP/1.1" 200 2737
61.165.42.208 - - [13/May/2021:10:14:02 +0800] "POST /xingrg/kc/buy/cgsh_order_operate.html HTTP/1.1" 200 2674
120.253.135.82 - - [13/May/2021:10:14:02 +0800] "GET /xingrg/check_reg.html?_=1620871822125 HTTP/1.1" 200 22
120.253.135.82 - - [13/May/2021:10:14:02 +0800] "GET /xingrg/all/function/internal_message.html?_=1620871822324&CODE_STATE=getMsg HTTP/1.1" 200 27
116.230.76.31 - - [13/May/2021:10:14:05 +0800] "POST /xingrg/kc/buy/cgsh_list_operate.html HTTP/1.1" 200 214
61.165.42.208 - - [13/May/2021:10:14:05 +0800] "GET /xingrg/kc/print/load_data.html?order_code=212021051305460&kc_code=cgsh&condition= HTTP/1.1" 200 703
116.230.76.31 - - [13/May/2021:10:14:05 +0800] "GET /xingrg/kc/buy/cgsh_order_info.html?code=212021051305458 HTTP/1.1" 200 62126
116.224.253.72 - - [13/May/2021:10:14:06 +0800] "GET /xingrg/check_reg.html?_=1620872031954 HTTP/1.1" 200 22
116.230.76.31 - - [13/May/2021:10:14:06 +0800] "GET /xingrg/javascript/easyui/themes/default/validatebox.css HTTP/1.1" 404 1104
116.230.76.31 - - [13/May/2021:10:14:06 +0800] "POST /xingrg/kc/buy/cgsh_order_operate.html HTTP/1.1" 200 2671
116.224.253.72 - - [13/May/2021:10:14:06 +0800] "GET /xingrg/all/function/internal_message.html?_=1620872032780&CODE_STATE=getMsg HTTP/1.1" 200 27
61.165.42.208 - - [13/May/2021:10:14:09 +0800] "GET /xingrg/kc/buy/cgsh_order_add.html HTTP/1.1" 200 62076
61.165.42.208 - - [13/May/2021:10:14:09 +0800] "GET /xingrg/javascript/easyui/themes/default/validatebox.css HTTP/1.1" 404 1104
61.165.42.208 - - [13/May/2021:10:14:09 +0800] "POST /xingrg/kc/buy/cgsh_order_operate.html HTTP/1.1" 200 8245
116.230.76.31 - - [13/May/2021:10:14:12 +0800] "GET /xingrg/kc/buy/cgsh_order_add.html HTTP/1.1" 200 62117
116.230.76.31 - - [13/May/2021:10:14:13 +0800] "GET /xingrg/javascript/easyui/themes/default/validatebox.css HTTP/1.1" 404 1104
116.230.76.31 - - [13/May/2021:10:14:13 +0800] "POST /xingrg/kc/buy/cgsh_order_operate.html HTTP/1.1" 200 8245
116.230.110.80 - - [13/May/2021:10:14:14 +0800] "GET /xingrg/all/function/internal_message.html?_=1620872049622&CODE_STATE=getMsg HTTP/1.1" 200 27
116.230.110.80 - - [13/May/2021:10:14:14 +0800] "GET /xingrg/check_reg.html?_=1620872049625 HTTP/1.1" 200 22
116.230.76.31 - - [13/May/2021:10:14:14 +0800] "GET /xingrg/javascript/easyui/themes/default/tree.css HTTP/1.1" 404 1090
116.230.76.31 - - [13/May/2021:10:14:15 +0800] "POST /xingrg/all/common/load_tree.html?tree=supplier_tree_json&isDelete=1 HTTP/1.1" 200 55318
114.86.225.153 - - [13/May/2021:10:14:17 +0800] "GET /xingrg/all/function/internal_message.html?_=1620872055777&CODE_STATE=getMsg HTTP/1.1" 200 27
61.165.42.208 - - [13/May/2021:10:14:20 +0800] "GET /xingrg/kc/buy/cgsh_order_operate.html?command=get_materiel&rest_code=00105&code=00101007032&supplier_code=00100328&order_time=2021-05-13 HTTP/1.1" 200 413
58.37.228.113 - - [13/May/2021:10:14:20 +0800] "GET /xingrg/all/function/internal_message.html?_=1620872064507&CODE_STATE=getMsg HTTP/1.1" 200 27
101.89.239.216 - - [13/May/2021:10:14:21 +0800] "GET /xingrg/all/function/internal_message.html?_=1620872004503&CODE_STATE=getMsg HTTP/1.1" 302 -
180.169.147.146 - - [13/May/2021:10:14:21 +0800] "GET /xingrg/all/report/report_query.html?isQuery=1&fileName=kc/buy/gys_order.xml&queryString=(a.supplier_code%3D'00100038')%20and%20(CONVERT(char(10)%2Ca.order_time%2C%20120)%3E%3D'2021-02-18')%20and%20('2021-05-31'%3E%3DCONVERT(char(10)%2Ca.order_time%2C%20120))&queryText=%E3%80%90%E6%9F%A5%E8%AF%A2%E6%97%A5%E6%9C%9F%3A2021-02-18%20%E8%87%B3%202021-05-31%E3%80%91%20%E5%B9%B6%E4%B8%94%20%20%E3%80%90%E4%BE%9B%E5%BA%94%E5%95%86%20%3D%20%E6%B2%B3%E9%B2%9C%EF%BC%88%E6%B1%AA%E5%BF%97%E6%9C%80%EF%BC%89%E3%80%91%20%E3%80%90%E4%BE%9B%E5%BA%94%E5%95%86%20%3D%20%E6%B2%B3%E9%B2%9C%EF%BC%88%E6%B1%AA%E5%BF%97%E6%9C%80%EF%BC%89%E3%80%91&rand=0.48708105608896634 HTTP/1.1" 200 51518
180.169.147.146 - - [13/May/2021:10:14:21 +0800] "GET /xingrg/all/report/report_query.html?isQuery=1&fileName=kc/buy/gys_order.xml&queryString=(a.supplier_code%3D'00100038')%20and%20(CONVERT(char(10)%2Ca.order_time%2C%20120)%3E%3D'2021-02-18')%20and%20('2021-05-31'%3E%3DCONVERT(char(10)%2Ca.order_time%2C%20120))&queryText=%E3%80%90%E6%9F%A5%E8%AF%A2%E6%97%A5%E6%9C%9F%3A2021-02-18%20%E8%87%B3%202021-05-31%E3%80%91%20%E5%B9%B6%E4%B8%94%20%20%E3%80%90%E4%BE%9B%E5%BA%94%E5%95%86%20%3D%20%E6%B2%B3%E9%B2%9C%EF%BC%88%E6%B1%AA%E5%BF%97%E6%9C%80%EF%BC%89%E3%80%91%20%E3%80%90%E4%BE%9B%E5%BA%94%E5%95%86%20%3D%20%E6%B2%B3%E9%B2%9C%EF%BC%88%E6%B1%AA%E5%BF%97%E6%9C%80%EF%BC%89%E3%80%91&rand=0.48708105608896634 HTTP/1.1" 200 51518
180.169.147.146 - - [13/May/2021:10:14:21 +0800] "GET /xingrg/dwr/interface/AjaxReportQueryService.js HTTP/1.1" 200 13203
180.169.147.146 - - [13/May/2021:10:14:21 +0800] "GET /xingrg/dwr/engine.js HTTP/1.1" 200 43631
180.169.147.146 - - [13/May/2021:10:14:22 +0800] "POST /xingrg/all/report/load_report_page.html HTTP/1.1" 200 71299
180.169.147.146 - - [13/May/2021:10:14:22 +0800] "GET /xingrg/servlets/image?cache=0.8580460333386564&image=px HTTP/1.1" 200 807
117.185.32.26 - - [13/May/2021:10:14:22 +0800] "GET /xingrg/all/function/internal_message.html?_=1620872588414&CODE_STATE=getMsg HTTP/1.1" 200 27
116.224.253.72 - - [13/May/2021:10:14:24 +0800] "GET /xingrg/all/function/internal_message.html?_=1620872050596&CODE_STATE=getMsg HTTP/1.1" 200 27
101.89.239.216 - - [13/May/2021:10:14:25 +0800] "GET /xingrg/login.html HTTP/1.1" 200 7641
222.69.129.194 - - [13/May/2021:10:14:26 +0800] "GET /xingrg/all/function/internal_message.html?_=1620872063831&CODE_STATE=getMsg HTTP/1.1" 200 27
180.169.147.146 - - [13/May/2021:10:14:26 +0800] "GET /xingrg/all/function/internal_message.html?_=1620872060945&CODE_STATE=getMsg HTTP/1.1" 200 27
61.165.42.208 - - [13/May/2021:10:14:28 +0800] "POST /xingrg/kc/buy/cgsh_order_operate.html HTTP/1.1" 200 37
61.165.42.208 - - [13/May/2021:10:14:29 +0800] "POST /xingrg/kc/buy/cgsh_order_operate.html HTTP/1.1" 200 2657
180.169.147.146 - - [13/May/2021:10:14:32 +0800] "GET /xingrg/all/function/internal_message.html?_=1620872072594&CODE_STATE=getMsg HTTP/1.1" 200 27
61.165.42.208 - - [13/May/2021:10:14:32 +0800] "GET /xingrg/kc/print/load_data.html?order_code=212021051305461&kc_code=cgsh&condition= HTTP/1.1" 200 676
180.169.147.146 - - [13/May/2021:10:14:34 +0800] "POST /xingrg/dwr/call/plaincall/AjaxReportQueryService.refreshCache.dwr HTTP/1.1" 200 78
180.169.147.146 - - [13/May/2021:10:14:35 +0800] "POST /xingrg/all/report/load_report_page.html HTTP/1.1" 200 10352
180.169.147.146 - - [13/May/2021:10:14:35 +0800] "GET /xingrg/servlets/image?cache=0.5550549668348395&image=px HTTP/1.1" 200 807
61.165.42.208 - - [13/May/2021:10:14:36 +0800] "GET /xingrg/kc/buy/cgsh_order_add.html HTTP/1.1" 200 62076
180.169.147.146 - - [13/May/2021:10:14:36 +0800] "GET /xingrg/all/report/report_query.html?isQuery=1&fileName=kc/buy/gys_order.xml&queryString=(a.supplier_code%3D'00100038')%20and%20(CONVERT(char(10)%2Ca.order_time%2C%20120)%3E%3D'2021-02-18')%20and%20('2021-02-28'%3E%3DCONVERT(char(10)%2Ca.order_time%2C%20120))&queryText=%E3%80%90%E6%9F%A5%E8%AF%A2%E6%97%A5%E6%9C%9F%3A2021-02-18%20%E8%87%B3%202021-02-28%E3%80%91%20%E5%B9%B6%E4%B8%94%20%20%E3%80%90%E4%BE%9B%E5%BA%94%E5%95%86%20%3D%20%E6%B2%B3%E9%B2%9C%EF%BC%88%E6%B1%AA%E5%BF%97%E6%9C%80%EF%BC%89%E3%80%91%20%E3%80%90%E4%BE%9B%E5%BA%94%E5%95%86%20%3D%20%E6%B2%B3%E9%B2%9C%EF%BC%88%E6%B1%AA%E5%BF%97%E6%9C%80%EF%BC%89%E3%80%91&rand=0.05061572843840395 HTTP/1.1" 200 51518
180.169.147.146 - - [13/May/2021:10:14:36 +0800] "GET /xingrg/all/report/report_query.html?isQuery=1&fileName=kc/buy/gys_order.xml&queryString=(a.supplier_code%3D'00100038')%20and%20(CONVERT(char(10)%2Ca.order_time%2C%20120)%3E%3D'2021-02-18')%20and%20('2021-02-28'%3E%3DCONVERT(char(10)%2Ca.order_time%2C%20120))&queryText=%E3%80%90%E6%9F%A5%E8%AF%A2%E6%97%A5%E6%9C%9F%3A2021-02-18%20%E8%87%B3%202021-02-28%E3%80%91%20%E5%B9%B6%E4%B8%94%20%20%E3%80%90%E4%BE%9B%E5%BA%94%E5%95%86%20%3D%20%E6%B2%B3%E9%B2%9C%EF%BC%88%E6%B1%AA%E5%BF%97%E6%9C%80%EF%BC%89%E3%80%91%20%E3%80%90%E4%BE%9B%E5%BA%94%E5%95%86%20%3D%20%E6%B2%B3%E9%B2%9C%EF%BC%88%E6%B1%AA%E5%BF%97%E6%9C%80%EF%BC%89%E3%80%91&rand=0.05061572843840395 HTTP/1.1" 200 51518
61.165.42.208 - - [13/May/2021:10:14:36 +0800] "POST /xingrg/kc/buy/cgsh_order_operate.html HTTP/1.1" 200 8245
180.169.147.146 - - [13/May/2021:10:14:36 +0800] "GET /xingrg/dwr/interface/AjaxReportQueryService.js HTTP/1.1" 200 13203
61.165.42.208 - - [13/May/2021:10:14:36 +0800] "GET /xingrg/javascript/easyui/themes/default/validatebox.css HTTP/1.1" 404 1104
180.169.147.146 - - [13/May/2021:10:14:36 +0800] "GET /xingrg/dwr/engine.js HTTP/1.1" 200 43631
180.169.147.146 - - [13/May/2021:10:14:37 +0800] "POST /xingrg/all/report/load_report_page.html HTTP/1.1" 200 37392
180.169.147.146 - - [13/May/2021:10:14:37 +0800] "GET /xingrg/servlets/image?cache=0.4023298204719524&image=px HTTP/1.1" 200 807
114.88.162.5 - - [13/May/2021:10:14:37 +0800] "GET /xingrg/check_reg.html?_=1620872074197 HTTP/1.1" 200 22
114.88.162.5 - - [13/May/2021:10:14:37 +0800] "GET /xingrg/all/function/internal_message.html?_=1620872074199&CODE_STATE=getMsg HTTP/1.1" 200 27
116.230.76.31 - - [13/May/2021:10:14:38 +0800] "GET /xingrg/kc/buy/cgsh_order_operate.html?command=get_materiel&rest_code=00107&code=00101001140&supplier_code=00100090&order_time=2021-05-13 HTTP/1.1" 200 413
116.224.253.72 - - [13/May/2021:10:14:41 +0800] "GET /xingrg/all/function/internal_message.html?_=1620872079844&CODE_STATE=getMsg HTTP/1.1" 200 27
61.165.42.208 - - [13/May/2021:10:14:43 +0800] "GET /xingrg/all/function/internal_message.html?_=1620872081623&CODE_STATE=getMsg HTTP/1.1" 200 27
180.169.147.146 - - [13/May/2021:10:14:44 +0800] "GET /xingrg/kc/buy/cgsh_order_info.html?isLook=1&code=212021022308803 HTTP/1.1" 200 56899
180.169.147.146 - - [13/May/2021:10:14:44 +0800] "GET /xingrg/words/20210512180717_words.js HTTP/1.1" 200 812382
180.161.124.236 - - [13/May/2021:10:14:44 +0800] "GET /xingrg/all/function/internal_message.html?_=1620872041870&CODE_STATE=getMsg HTTP/1.1" 200 27
180.169.147.146 - - [13/May/2021:10:14:45 +0800] "GET /favicon.ico HTTP/1.1" 404 -
180.169.147.146 - - [13/May/2021:10:14:45 +0800] "GET /xingrg/javascript/easyui/themes/default/validatebox.css HTTP/1.1" 404 1104
180.169.147.146 - - [13/May/2021:10:14:45 +0800] "POST /xingrg/kc/buy/cgsh_order_operate.html HTTP/1.1" 200 1195
61.165.42.208 - - [13/May/2021:10:14:50 +0800] "GET /xingrg/kc/buy/cgsh_order_operate.html?command=get_materiel&rest_code=00105&code=00101010051&supplier_code=00100430&order_time=2021-05-13 HTTP/1.1" 200 419
180.169.147.146 - - [13/May/2021:10:14:51 +0800] "GET /xingrg/kc/buy/cgsh_order_info.html?isLook=1&code=212021022007511 HTTP/1.1" 200 56899
180.169.147.146 - - [13/May/2021:10:14:51 +0800] "GET /favicon.ico HTTP/1.1" 404 -
180.169.147.146 - - [13/May/2021:10:14:51 +0800] "GET /xingrg/javascript/easyui/themes/default/validatebox.css HTTP/1.1" 404 1104
180.169.147.146 - - [13/May/2021:10:14:51 +0800] "POST /xingrg/kc/buy/cgsh_order_operate.html HTTP/1.1" 200 1785
58.37.228.113 - - [13/May/2021:10:14:52 +0800] "GET /xingrg/kc/buy/cgsh_order_operate.html?command=get_materiel&rest_code=00141&code=00101007048&supplier_code=00100004&order_time=2021-05-13 HTTP/1.1" 200 408
58.37.228.113 - - [13/May/2021:10:15:00 +0800] "GET /xingrg/kc/buy/cgsh_order_operate.html?command=get_materiel&rest_code=00141&code=00101007061&supplier_code=00100004&order_time=2021-05-13 HTTP/1.1" 200 409
116.230.114.112 - - [13/May/2021:10:15:01 +0800] "GET /xingrg/all/function/internal_message.html?_=1620872113416&CODE_STATE=getMsg HTTP/1.1" 200 27
116.230.76.31 - - [13/May/2021:10:15:02 +0800] "GET /xingrg/all/function/internal_message.html?_=1620872100045&CODE_STATE=getMsg HTTP/1.1" 200 27
120.253.135.82 - - [13/May/2021:10:15:02 +0800] "GET /xingrg/all/function/internal_message.html?_=1620871882337&CODE_STATE=getMsg HTTP/1.1" 200 27
61.165.42.208 - - [13/May/2021:10:15:06 +0800] "POST /xingrg/kc/buy/cgsh_order_operate.html HTTP/1.1" 200 37
116.224.253.72 - - [13/May/2021:10:15:07 +0800] "GET /xingrg/all/function/internal_message.html?_=1620872092794&CODE_STATE=getMsg HTTP/1.1" 200 27
61.165.42.208 - - [13/May/2021:10:15:07 +0800] "POST /xingrg/kc/buy/cgsh_order_operate.html HTTP/1.1" 200 2664
116.230.76.31 - - [13/May/2021:10:15:07 +0800] "GET /xingrg/kc/buy/cgsh_order_operate.html?command=get_materiel&rest_code=00107&code=00101001180&supplier_code=00100090&order_time=2021-05-13 HTTP/1.1" 200 417
61.165.42.208 - - [13/May/2021:10:15:09 +0800] "GET /xingrg/kc/print/load_data.html?order_code=212021051305462&kc_code=cgsh&condition= HTTP/1.1" 200 656
58.37.228.113 - - [13/May/2021:10:15:11 +0800] "GET /xingrg/kc/buy/cgsh_order_operate.html?command=get_materiel&rest_code=00141&code=00101007049&supplier_code=00100004&order_time=2021-05-13 HTTP/1.1" 200 409
116.230.110.80 - - [13/May/2021:10:15:14 +0800] "GET /xingrg/all/function/internal_message.html?_=1620872109614&CODE_STATE=getMsg HTTP/1.1" 200 27
114.86.225.153 - - [13/May/2021:10:15:17 +0800] "GET /xingrg/all/function/internal_message.html?_=1620872115780&CODE_STATE=getMsg HTTP/1.1" 200 27
114.86.225.153 - - [13/May/2021:10:15:17 +0800] "GET /xingrg/check_reg.html?_=1620872115780 HTTP/1.1" 200 22
58.37.228.113 - - [13/May/2021:10:15:20 +0800] "GET /xingrg/all/function/internal_message.html?_=1620872125151&CODE_STATE=getMsg HTTP/1.1" 200 27
117.185.32.26 - - [13/May/2021:10:15:22 +0800] "GET /xingrg/all/function/internal_message.html?_=1620872648413&CODE_STATE=getMsg HTTP/1.1" 200 27
58.37.228.113 - - [13/May/2021:10:15:23 +0800] "POST /xingrg/kc/buy/cgsh_order_operate.html HTTP/1.1" 200 37
116.230.76.31 - - [13/May/2021:10:15:24 +0800] "GET /xingrg/kc/buy/cgsh_order_operate.html?command=get_materiel&rest_code=00107&code=00101001044&supplier_code=00100090&order_time=2021-05-13 HTTP/1.1" 200 411
116.224.253.72 - - [13/May/2021:10:15:24 +0800] "GET /xingrg/all/function/internal_message.html?_=1620872110636&CODE_STATE=getMsg HTTP/1.1" 200 27
222.69.129.194 - - [13/May/2021:10:15:26 +0800] "GET /xingrg/all/function/internal_message.html?_=1620872123819&CODE_STATE=getMsg HTTP/1.1" 200 27
180.169.147.146 - - [13/May/2021:10:15:26 +0800] "GET /xingrg/all/function/internal_message.html?_=1620872120921&CODE_STATE=getMsg HTTP/1.1" 200 27
58.37.228.113 - - [13/May/2021:10:15:27 +0800] "POST /xingrg/kc/buy/cgsh_order_operate.html HTTP/1.1" 200 12
