117.185.32.26 - - [13/May/2021:11:41:38 +0800] "GET /xingrg/kc/buy/cgsh_order_operate.html?command=get_materiel&rest_code=00106&code=00101006199&supplier_code=00100330&order_time=2021-05-13 HTTP/1.1" 200 414
114.88.162.5 - - [13/May/2021:11:41:40 +0800] "GET /xingrg/kc/buy/cgsh_order_operate.html?command=get_materiel&rest_code=00111&code=00101029010&supplier_code=00100017&order_time=2021-05-13 HTTP/1.1" 200 439
180.169.147.146 - - [13/May/2021:11:41:45 +0800] "GET /xingrg/all/function/internal_message.html?_=1620877303285&CODE_STATE=getMsg HTTP/1.1" 200 27
116.230.114.112 - - [13/May/2021:11:41:48 +0800] "GET /xingrg/kc/buy/cgsh_order_operate.html?command=get_materiel&rest_code=00146&code=00101007049&supplier_code=00100002&order_time=2021-05-13 HTTP/1.1" 200 409
117.185.32.26 - - [13/May/2021:11:41:54 +0800] "GET /xingrg/kc/buy/cgsh_order_operate.html?command=get_materiel&rest_code=00106&code=00101018004&supplier_code=00100330&order_time=2021-05-13 HTTP/1.1" 200 409
116.230.114.112 - - [13/May/2021:11:41:55 +0800] "GET /xingrg/check_reg.html?_=1620877326704 HTTP/1.1" 200 22
114.88.162.5 - - [13/May/2021:11:41:55 +0800] "GET /xingrg/kc/buy/cgsh_order_operate.html?command=get_materiel&rest_code=00111&code=00101029002&supplier_code=00100017&order_time=2021-05-13 HTTP/1.1" 200 450
120.253.135.82 - - [13/May/2021:11:42:00 +0800] "GET /xingrg/all/function/internal_message.html?_=1620877099946&CODE_STATE=getMsg HTTP/1.1" 200 27
116.224.253.72 - - [13/May/2021:11:42:05 +0800] "GET /xingrg/check_reg.html?_=1620877323758 HTTP/1.1" 200 22
116.224.253.72 - - [13/May/2021:11:42:05 +0800] "GET /xingrg/all/function/internal_message.html?_=1620877323760&CODE_STATE=getMsg HTTP/1.1" 200 27
116.230.114.112 - - [13/May/2021:11:42:05 +0800] "GET /xingrg/kc/buy/cgsh_order_operate.html?command=get_materiel&rest_code=00146&code=00101007048&supplier_code=00100002&order_time=2021-05-13 HTTP/1.1" 200 410
117.185.32.26 - - [13/May/2021:11:42:07 +0800] "POST /xingrg/kc/buy/cgsh_order_operate.html HTTP/1.1" 200 37
116.224.253.72 - - [13/May/2021:11:42:10 +0800] "GET /xingrg/all/function/internal_message.html?_=1620877315887&CODE_STATE=getMsg HTTP/1.1" 200 27
116.230.114.112 - - [13/May/2021:11:42:10 +0800] "GET /xingrg/all/function/internal_message.html?_=1620877342164&CODE_STATE=getMsg HTTP/1.1" 200 27
61.165.42.208 - - [13/May/2021:11:42:11 +0800] "GET /xingrg/all/function/internal_message.html?_=1620877329532&CODE_STATE=getMsg HTTP/1.1" 200 27
117.185.32.26 - - [13/May/2021:11:42:13 +0800] "POST /xingrg/kc/buy/cgsh_order_operate.html HTTP/1.1" 200 12
116.230.110.80 - - [13/May/2021:11:42:14 +0800] "GET /xingrg/all/function/internal_message.html?_=1620877332410&CODE_STATE=getMsg HTTP/1.1" 200 27
114.88.162.5 - - [13/May/2021:11:42:15 +0800] "POST /xingrg/kc/buy/cgsh_order_operate.html HTTP/1.1" 200 37
117.185.32.26 - - [13/May/2021:11:42:16 +0800] "GET /xingrg/kc/buy/cgsh_order_info.html?code=212021051305621 HTTP/1.1" 200 56937
117.185.32.26 - - [13/May/2021:11:42:16 +0800] "GET /xingrg/javascript/easyui/themes/default/validatebox.css HTTP/1.1" 404 1104
117.185.32.26 - - [13/May/2021:11:42:16 +0800] "POST /xingrg/kc/buy/cgsh_order_operate.html HTTP/1.1" 200 1787
114.88.162.5 - - [13/May/2021:11:42:17 +0800] "POST /xingrg/kc/buy/cgsh_order_operate.html HTTP/1.1" 200 8978
114.86.225.153 - - [13/May/2021:11:42:17 +0800] "GET /xingrg/all/function/internal_message.html?_=1620877336010&CODE_STATE=getMsg HTTP/1.1" 200 27
117.185.32.26 - - [13/May/2021:11:42:19 +0800] "GET /xingrg/kc/print/load_data.html?order_code=212021051305621&kc_code=cgsh&condition= HTTP/1.1" 200 1154
114.88.162.5 - - [13/May/2021:11:42:20 +0800] "GET /xingrg/kc/print/load_data.html?order_code=212021051305622&kc_code=cgsh&condition= HTTP/1.1" 200 3370
58.37.228.113 - - [13/May/2021:11:42:20 +0800] "GET /xingrg/all/function/internal_message.html?_=1620877344715&CODE_STATE=getMsg HTTP/1.1" 200 27
180.169.147.146 - - [13/May/2021:11:42:21 +0800] "GET /xingrg/all/function/internal_message.html?_=1620877341427&CODE_STATE=getMsg HTTP/1.1" 200 27
180.161.124.236 - - [13/May/2021:11:42:21 +0800] "GET /xingrg/all/function/internal_message.html?_=1620877298395&CODE_STATE=getMsg HTTP/1.1" 200 27
117.185.32.26 - - [13/May/2021:11:42:23 +0800] "GET /xingrg/all/function/internal_message.html?_=1620877868793&CODE_STATE=getMsg HTTP/1.1" 200 27
117.185.32.26 - - [13/May/2021:11:42:25 +0800] "GET /xingrg/kc/buy/cgsh_order_add.html HTTP/1.1" 200 62029
180.162.112.86 - - [13/May/2021:11:42:25 +0800] "GET /xingrg/all/function/internal_message.html?_=1620877072520&CODE_STATE=getMsg HTTP/1.1" 200 27
116.230.114.112 - - [13/May/2021:11:42:25 +0800] "POST /xingrg/kc/buy/cgsh_order_operate.html HTTP/1.1" 200 37
222.69.129.194 - - [13/May/2021:11:42:25 +0800] "GET /xingrg/all/function/internal_message.html?_=1620877342911&CODE_STATE=getMsg HTTP/1.1" 200 27
117.185.32.26 - - [13/May/2021:11:42:25 +0800] "POST /xingrg/kc/buy/cgsh_order_operate.html HTTP/1.1" 200 8245
117.185.32.26 - - [13/May/2021:11:42:25 +0800] "GET /xingrg/javascript/easyui/themes/default/validatebox.css HTTP/1.1" 404 1104
116.230.114.112 - - [13/May/2021:11:42:26 +0800] "POST /xingrg/kc/buy/cgsh_order_operate.html HTTP/1.1" 200 4422
116.224.253.72 - - [13/May/2021:11:42:26 +0800] "GET /xingrg/all/function/internal_message.html?_=1620877332603&CODE_STATE=getMsg HTTP/1.1" 200 27
180.169.147.146 - - [13/May/2021:11:42:27 +0800] "GET /xingrg/all/function/internal_message.html?_=1620877341303&CODE_STATE=getMsg HTTP/1.1" 200 27
117.131.5.26 - - [13/May/2021:11:42:29 +0800] "GET /xingrg/all/function/internal_message.html?_=1620877436361&CODE_STATE=getMsg HTTP/1.1" 200 27
116.230.114.112 - - [13/May/2021:11:42:29 +0800] "GET /xingrg/kc/print/load_data.html?order_code=212021051305623&kc_code=cgsh&condition= HTTP/1.1" 200 1419
116.230.76.31 - - [13/May/2021:11:42:30 +0800] "GET /xingrg/all/function/internal_message.html?_=1620877348339&CODE_STATE=getMsg HTTP/1.1" 200 27
116.230.76.31 - - [13/May/2021:11:42:30 +0800] "GET /xingrg/check_reg.html?_=1620877348341 HTTP/1.1" 200 22
117.185.32.26 - - [13/May/2021:11:42:30 +0800] "GET /xingrg/javascript/easyui/themes/default/tree.css HTTP/1.1" 404 1090
117.185.32.26 - - [13/May/2021:11:42:30 +0800] "POST /xingrg/all/common/load_tree.html?tree=supplier_tree_json&isDelete=1 HTTP/1.1" 200 55318
114.88.162.5 - - [13/May/2021:11:42:30 +0800] "GET /xingrg/all/function/internal_message.html?_=1620877347695&CODE_STATE=getMsg HTTP/1.1" 200 27
58.37.228.113 - - [13/May/2021:11:42:34 +0800] "GET /xingrg/all/function/internal_message.html?_=1620877311414&CODE_STATE=getMsg HTTP/1.1" 200 27
180.161.124.236 - - [13/May/2021:11:42:40 +0800] "GET /xingrg/check_reg.html?_=1620877317578 HTTP/1.1" 200 22
180.169.147.146 - - [13/May/2021:11:42:45 +0800] "GET /xingrg/all/function/internal_message.html?_=1620877363282&CODE_STATE=getMsg HTTP/1.1" 200 27
114.88.162.5 - - [13/May/2021:11:42:49 +0800] "GET /xingrg/kc/buy/cgsh_order_add.html HTTP/1.1" 200 62029
114.88.162.5 - - [13/May/2021:11:42:50 +0800] "POST /xingrg/kc/buy/cgsh_order_operate.html HTTP/1.1" 200 8245
114.88.162.5 - - [13/May/2021:11:42:50 +0800] "GET /xingrg/javascript/easyui/themes/default/validatebox.css HTTP/1.1" 404 1104
117.185.32.26 - - [13/May/2021:11:42:58 +0800] "GET /xingrg/kc/buy/cgsh_order_operate.html?command=get_materiel&rest_code=00106&code=00101007173&supplier_code=00100343&order_time=2021-05-13 HTTP/1.1" 200 397
120.253.135.82 - - [13/May/2021:11:43:00 +0800] "GET /xingrg/all/function/internal_message.html?_=1620877159965&CODE_STATE=getMsg HTTP/1.1" 200 27
114.88.162.5 - - [13/May/2021:11:43:02 +0800] "GET /xingrg/kc/buy/cgsh_order_operate.html?command=get_materiel&rest_code=00111&code=00101006057&supplier_code=00100012&order_time=2021-05-13 HTTP/1.1" 200 413
101.85.94.178 - - [13/May/2021:11:43:04 +0800] "GET /xingrg HTTP/1.1" 302 -
101.85.94.178 - - [13/May/2021:11:43:04 +0800] "GET /xingrg/ HTTP/1.1" 200 292
116.224.253.72 - - [13/May/2021:11:43:05 +0800] "GET /xingrg/all/function/internal_message.html?_=1620877383761&CODE_STATE=getMsg HTTP/1.1" 200 27
101.85.94.178 - - [13/May/2021:11:43:06 +0800] "GET /xingrg/index.html HTTP/1.1" 302 -
101.85.94.178 - - [13/May/2021:11:43:06 +0800] "GET /favicon.ico HTTP/1.1" 404 -
101.85.94.178 - - [13/May/2021:11:43:06 +0800] "GET /xingrg/login.html HTTP/1.1" 200 7641
101.85.94.178 - - [13/May/2021:11:43:06 +0800] "GET /xingrg/images/blue/jxLogo.png HTTP/1.1" 200 6156
101.85.94.178 - - [13/May/2021:11:43:06 +0800] "GET /xingrg/images/blue/hj.png HTTP/1.1" 200 1014
101.85.94.178 - - [13/May/2021:11:43:06 +0800] "GET /xingrg/images/blue/login_bg.png HTTP/1.1" 200 22101
101.85.94.178 - - [13/May/2021:11:43:06 +0800] "GET /xingrg/images/blue/srbg.png HTTP/1.1" 200 138
101.85.94.178 - - [13/May/2021:11:43:06 +0800] "GET /favicon.ico HTTP/1.1" 404 -
101.85.94.178 - - [13/May/2021:11:43:08 +0800] "POST /xingrg/login.do HTTP/1.1" 302 -
101.85.94.178 - - [13/May/2021:11:43:08 +0800] "GET /xingrg/index.html?sysBaseUrl=http%3A%2F%2F180.169.147.146%3A18081%2Fxingrg%2F&costTime=38×tamp=1620877388817 HTTP/1.1" 200 17179
101.85.94.178 - - [13/May/2021:11:43:08 +0800] "GET /xingrg/javascript/jquery_easy_ui/themes/icon.css HTTP/1.1" 200 3949
101.85.94.178 - - [13/May/2021:11:43:08 +0800] "GET /xingrg/css/form.css HTTP/1.1" 200 893
101.85.94.178 - - [13/May/2021:11:43:08 +0800] "GET /xingrg/javascript/jquery_easy_ui/easyui-lang-zh_CN.js HTTP/1.1" 200 1900
101.85.94.178 - - [13/May/2021:11:43:08 +0800] "GET /xingrg/javascript/jquery_easy_ui/jquery.easyui.min.js HTTP/1.1" 200 213662
101.85.94.178 - - [13/May/2021:11:43:08 +0800] "GET /xingrg/javascript/jquery-1.4.2.min.js HTTP/1.1" 200 72205
101.85.94.178 - - [13/May/2021:11:43:08 +0800] "GET /xingrg/javascript/jquery.timers.js HTTP/1.1" 200 3532
101.85.94.178 - - [13/May/2021:11:43:08 +0800] "GET /xingrg/javascript/jquery_easy_ui/themes/default/easyui.css HTTP/1.1" 200 26500
101.85.94.178 - - [13/May/2021:11:43:08 +0800] "GET /xingrg/javascript/jquery.form.js HTTP/1.1" 200 23110
101.85.94.178 - - [13/May/2021:11:43:08 +0800] "GET /xingrg/javascript/jquery.utils.js HTTP/1.1" 200 11805
101.85.94.178 - - [13/May/2021:11:43:09 +0800] "GET /favicon.ico HTTP/1.1" 404 -
101.85.94.178 - - [13/May/2021:11:43:09 +0800] "GET /xingrg/javascript/jquery_easy_ui/themes/icons/settle_new.png HTTP/1.1" 200 826
101.85.94.178 - - [13/May/2021:11:43:09 +0800] "GET /xingrg/images/blue/navBackgound.jpg HTTP/1.1" 200 12378
101.85.94.178 - - [13/May/2021:11:43:09 +0800] "POST /xingrg/all/common/load_tree.html?tree=area_rest_tree_json&manage=1 HTTP/1.1" 200 351
116.224.253.72 - - [13/May/2021:11:43:10 +0800] "GET /xingrg/all/function/internal_message.html?_=1620877375892&CODE_STATE=getMsg HTTP/1.1" 200 27
101.85.94.178 - - [13/May/2021:11:43:10 +0800] "GET /xingrg/check_reg.html?_=1620876889633 HTTP/1.1" 200 22
101.85.94.178 - - [13/May/2021:11:43:10 +0800] "GET /xingrg/all/function/internal_message.html?_=1620876889632&CODE_STATE=count HTTP/1.1" 200 11
101.85.94.178 - - [13/May/2021:11:43:10 +0800] "GET /xingrg/images/blue/pingpu.png HTTP/1.1" 200 231
101.85.94.178 - - [13/May/2021:11:43:10 +0800] "GET /xingrg/javascript/jquery_easy_ui/themes/default/images/tabs_leftarrow.png HTTP/1.1" 200 389
101.85.94.178 - - [13/May/2021:11:43:10 +0800] "GET /xingrg/javascript/jquery_easy_ui/themes/default/images/panel_tool_collapse.gif HTTP/1.1" 200 246
101.85.94.178 - - [13/May/2021:11:43:10 +0800] "GET /xingrg/javascript/jquery_easy_ui/themes/default/images/tabs_rightarrow.png HTTP/1.1" 200 395
101.85.94.178 - - [13/May/2021:11:43:10 +0800] "GET /xingrg/javascript/jquery_easy_ui/themes/default/images/tree_arrows.gif HTTP/1.1" 200 1043
101.85.94.178 - - [13/May/2021:11:43:10 +0800] "POST /xingrg/load_menu.html HTTP/1.1" 200 5138
116.230.114.112 - - [13/May/2021:11:43:10 +0800] "GET /xingrg/all/function/internal_message.html?_=1620877402575&CODE_STATE=getMsg HTTP/1.1" 200 27
101.85.94.178 - - [13/May/2021:11:43:10 +0800] "GET /xingrg/javascript/jquery_easy_ui/themes/default/images/tree_folder_open.gif HTTP/1.1" 200 956
101.85.94.178 - - [13/May/2021:11:43:10 +0800] "GET /xingrg/javascript/jquery_easy_ui/themes/icons/storage_new.png HTTP/1.1" 200 853
101.85.94.178 - - [13/May/2021:11:43:10 +0800] "GET /xingrg/javascript/jquery_easy_ui/themes/icons/forms_new.png HTTP/1.1" 200 350
101.85.94.178 - - [13/May/2021:11:43:10 +0800] "GET /xingrg/javascript/jquery_easy_ui/themes/icons/search_new.png HTTP/1.1" 200 586
101.85.94.178 - - [13/May/2021:11:43:10 +0800] "GET /xingrg/javascript/jquery_easy_ui/themes/default/images/tree_file.gif HTTP/1.1" 200 118
101.85.94.178 - - [13/May/2021:11:43:10 +0800] "GET /xingrg/javascript/jquery_easy_ui/themes/default/images/tree_folder.gif HTTP/1.1" 200 952
61.165.42.208 - - [13/May/2021:11:43:11 +0800] "GET /xingrg/all/function/internal_message.html?_=1620877389537&CODE_STATE=getMsg HTTP/1.1" 200 27
116.230.110.80 - - [13/May/2021:11:43:14 +0800] "GET /xingrg/all/function/internal_message.html?_=1620877392405&CODE_STATE=getMsg HTTP/1.1" 200 27
117.185.32.26 - - [13/May/2021:11:43:15 +0800] "POST /xingrg/kc/buy/cgsh_order_operate.html HTTP/1.1" 200 37
101.85.94.178 - - [13/May/2021:11:43:16 +0800] "GET /xingrg/javascript/jquery_easy_ui/themes/default/images/button_plain_hover.png HTTP/1.1" 200 252
114.88.162.5 - - [13/May/2021:11:43:17 +0800] "GET /xingrg/kc/buy/cgsh_order_operate.html?command=get_materiel&rest_code=00111&code=00101006111&supplier_code=00100012&order_time=2021-05-13 HTTP/1.1" 200 409
114.86.225.153 - - [13/May/2021:11:43:17 +0800] "GET /xingrg/all/function/internal_message.html?_=1620877396012&CODE_STATE=getMsg HTTP/1.1" 200 27
117.185.32.26 - - [13/May/2021:11:43:18 +0800] "POST /xingrg/kc/buy/cgsh_order_operate.html HTTP/1.1" 200 12
117.185.32.26 - - [13/May/2021:11:43:19 +0800] "GET /xingrg/kc/buy/cgsh_order_info.html?code=212021051305624 HTTP/1.1" 200 56935
117.185.32.26 - - [13/May/2021:11:43:20 +0800] "GET /xingrg/javascript/easyui/themes/default/validatebox.css HTTP/1.1" 404 1104
58.37.228.113 - - [13/May/2021:11:43:20 +0800] "GET /xingrg/all/function/internal_message.html?_=1620877404717&CODE_STATE=getMsg HTTP/1.1" 200 27
117.185.32.26 - - [13/May/2021:11:43:20 +0800] "POST /xingrg/kc/buy/cgsh_order_operate.html HTTP/1.1" 200 605
180.169.147.146 - - [13/May/2021:11:43:21 +0800] "GET /xingrg/all/function/internal_message.html?_=1620877401430&CODE_STATE=getMsg HTTP/1.1" 200 27
180.161.124.236 - - [13/May/2021:11:43:21 +0800] "GET /xingrg/all/function/internal_message.html?_=1620877358402&CODE_STATE=getMsg HTTP/1.1" 200 27
116.230.114.112 - - [13/May/2021:11:43:21 +0800] "GET /xingrg/kc/buy/cgsh_order_add.html HTTP/1.1" 200 62035
117.185.32.26 - - [13/May/2021:11:43:23 +0800] "GET /xingrg/all/function/internal_message.html?_=1620877928772&CODE_STATE=getMsg HTTP/1.1" 200 27
117.185.32.26 - - [13/May/2021:11:43:23 +0800] "GET /xingrg/check_reg.html?_=1620877928774 HTTP/1.1" 200 22
116.230.114.112 - - [13/May/2021:11:43:23 +0800] "POST /xingrg/kc/buy/cgsh_order_operate.html HTTP/1.1" 200 8245
116.230.114.112 - - [13/May/2021:11:43:23 +0800] "GET /xingrg/javascript/easyui/themes/default/validatebox.css HTTP/1.1" 404 1104
117.185.32.26 - - [13/May/2021:11:43:23 +0800] "GET /xingrg/kc/print/load_data.html?order_code=212021051305624&kc_code=cgsh&condition= HTTP/1.1" 200 703
180.162.112.86 - - [13/May/2021:11:43:25 +0800] "GET /xingrg/all/function/internal_message.html?_=1620877132521&CODE_STATE=getMsg HTTP/1.1" 200 27
222.69.129.194 - - [13/May/2021:11:43:25 +0800] "GET /xingrg/all/function/internal_message.html?_=1620877402899&CODE_STATE=getMsg HTTP/1.1" 200 27
114.88.162.5 - - [13/May/2021:11:43:26 +0800] "GET /xingrg/kc/buy/cgsh_order_operate.html?command=get_materiel&rest_code=00111&code=00101006065&supplier_code=00100012&order_time=2021-05-13 HTTP/1.1" 200 409
116.224.253.72 - - [13/May/2021:11:43:26 +0800] "GET /xingrg/all/function/internal_message.html?_=1620877392644&CODE_STATE=getMsg HTTP/1.1" 200 27
180.169.147.146 - - [13/May/2021:11:43:27 +0800] "GET /xingrg/all/function/internal_message.html?_=1620877401320&CODE_STATE=getMsg HTTP/1.1" 200 27
222.69.129.194 - - [13/May/2021:11:43:27 +0800] "GET /xingrg/check_reg.html?_=1620877404805 HTTP/1.1" 200 22
117.131.5.26 - - [13/May/2021:11:43:29 +0800] "GET /xingrg/all/function/internal_message.html?_=1620877496335&CODE_STATE=getMsg HTTP/1.1" 200 27
116.230.76.31 - - [13/May/2021:11:43:30 +0800] "GET /xingrg/all/function/internal_message.html?_=1620877408370&CODE_STATE=getMsg HTTP/1.1" 200 27
114.88.162.5 - - [13/May/2021:11:43:30 +0800] "GET /xingrg/all/function/internal_message.html?_=1620877407683&CODE_STATE=getMsg HTTP/1.1" 200 27
58.221.95.50 - - [13/May/2021:11:43:33 +0800] "GET /xingrg/check_reg.html?_=1620877410949 HTTP/1.1" 302 -
58.37.228.113 - - [13/May/2021:11:43:34 +0800] "GET /xingrg/all/function/internal_message.html?_=1620877371395&CODE_STATE=getMsg HTTP/1.1" 200 27
114.88.162.5 - - [13/May/2021:11:43:38 +0800] "GET /xingrg/kc/buy/cgsh_order_operate.html?command=get_materiel&rest_code=00111&code=00101006055&supplier_code=00100012&order_time=2021-05-13 HTTP/1.1" 200 409
116.230.114.112 - - [13/May/2021:11:43:39 +0800] "GET /xingrg/kc/buy/cgsh_order_operate.html?command=get_materiel&rest_code=00146&code=00101001167&supplier_code=00100314&order_time=2021-05-13 HTTP/1.1" 200 411
180.169.147.146 - - [13/May/2021:11:43:45 +0800] "GET /xingrg/all/function/internal_message.html?_=1620877423289&CODE_STATE=getMsg HTTP/1.1" 200 27
114.88.162.5 - - [13/May/2021:11:43:51 +0800] "GET /xingrg/kc/buy/cgsh_order_operate.html?command=get_materiel&rest_code=00111&code=00101006056&supplier_code=00100012&order_time=2021-05-13 HTTP/1.1" 200 413
116.230.114.112 - - [13/May/2021:11:43:55 +0800] "POST /xingrg/kc/buy/cgsh_order_operate.html HTTP/1.1" 200 37
116.230.114.112 - - [13/May/2021:11:43:57 +0800] "POST /xingrg/kc/buy/cgsh_order_operate.html HTTP/1.1" 200 2658
116.230.114.112 - - [13/May/2021:11:44:00 +0800] "GET /xingrg/kc/print/load_data.html?order_code=212021051305625&kc_code=cgsh&condition= HTTP/1.1" 200 678
120.253.135.82 - - [13/May/2021:11:44:00 +0800] "GET /xingrg/all/function/internal_message.html?_=1620877219974&CODE_STATE=getMsg HTTP/1.1" 200 27
114.88.162.5 - - [13/May/2021:11:44:04 +0800] "GET /xingrg/kc/buy/cgsh_order_operate.html?command=get_materiel&rest_code=00111&code=00101006113&supplier_code=00100012&order_time=2021-05-13 HTTP/1.1" 200 413
116.224.253.72 - - [13/May/2021:11:44:05 +0800] "GET /xingrg/all/function/internal_message.html?_=1620877443771&CODE_STATE=getMsg HTTP/1.1" 200 27
116.224.253.72 - - [13/May/2021:11:44:08 +0800] "GET /xingrg/check_reg.html?_=1620877433962 HTTP/1.1" 200 22
116.224.253.72 - - [13/May/2021:11:44:10 +0800] "GET /xingrg/all/function/internal_message.html?_=1620877435907&CODE_STATE=getMsg HTTP/1.1" 200 27
101.85.94.178 - - [13/May/2021:11:44:10 +0800] "GET /xingrg/all/function/internal_message.html?_=1620876949641&CODE_STATE=getMsg HTTP/1.1" 200 27
116.230.114.112 - - [13/May/2021:11:44:10 +0800] "GET /xingrg/all/function/internal_message.html?_=1620877462582&CODE_STATE=getMsg HTTP/1.1" 200 27
61.165.42.208 - - [13/May/2021:11:44:11 +0800] "GET /xingrg/all/function/internal_message.html?_=1620877449532&CODE_STATE=getMsg HTTP/1.1" 200 27
116.230.114.112 - - [13/May/2021:11:44:13 +0800] "GET /xingrg/kc/buy/cgsh_order_add.html HTTP/1.1" 200 62035
116.230.110.80 - - [13/May/2021:11:44:14 +0800] "GET /xingrg/check_reg.html?_=1620877452397 HTTP/1.1" 200 22
116.230.110.80 - - [13/May/2021:11:44:14 +0800] "GET /xingrg/all/function/internal_message.html?_=1620877452401&CODE_STATE=getMsg HTTP/1.1" 200 27
116.230.114.112 - - [13/May/2021:11:44:15 +0800] "POST /xingrg/kc/buy/cgsh_order_operate.html HTTP/1.1" 200 8245
116.230.114.112 - - [13/May/2021:11:44:15 +0800] "GET /xingrg/javascript/easyui/themes/default/validatebox.css HTTP/1.1" 404 1104
114.86.225.153 - - [13/May/2021:11:44:17 +0800] "GET /xingrg/all/function/internal_message.html?_=1620877456015&CODE_STATE=getMsg HTTP/1.1" 200 27
58.37.228.113 - - [13/May/2021:11:44:20 +0800] "GET /xingrg/all/function/internal_message.html?_=1620877464722&CODE_STATE=getMsg HTTP/1.1" 200 27
114.88.162.5 - - [13/May/2021:11:44:20 +0800] "GET /xingrg/kc/buy/cgsh_order_operate.html?command=get_materiel&rest_code=00111&code=00101006027&supplier_code=00100012&order_time=2021-05-13 HTTP/1.1" 200 409
180.169.147.146 - - [13/May/2021:11:44:20 +0800] "GET /xingrg/all/function/internal_message.html?_=1620877461416&CODE_STATE=getMsg HTTP/1.1" 200 27
180.161.124.236 - - [13/May/2021:11:44:21 +0800] "GET /xingrg/all/function/internal_message.html?_=1620877418414&CODE_STATE=getMsg HTTP/1.1" 200 27
117.185.32.26 - - [13/May/2021:11:44:23 +0800] "GET /xingrg/all/function/internal_message.html?_=1620877988750&CODE_STATE=getMsg HTTP/1.1" 200 27
180.162.112.86 - - [13/May/2021:11:44:25 +0800] "GET /xingrg/all/function/internal_message.html?_=1620877192519&CODE_STATE=getMsg HTTP/1.1" 200 27
222.69.129.194 - - [13/May/2021:11:44:25 +0800] "GET /xingrg/all/function/internal_message.html?_=1620877462886&CODE_STATE=getMsg HTTP/1.1" 200 27
116.224.253.72 - - [13/May/2021:11:44:26 +0800] "GET /xingrg/all/function/internal_message.html?_=1620877452648&CODE_STATE=getMsg HTTP/1.1" 200 27
180.169.147.146 - - [13/May/2021:11:44:27 +0800] "GET /xingrg/all/function/internal_message.html?_=1620877461315&CODE_STATE=getMsg HTTP/1.1" 200 27
116.230.114.112 - - [13/May/2021:11:44:28 +0800] "GET /xingrg/kc/buy/cgsh_order_operate.html?command=get_materiel&rest_code=00146&code=00101004051&supplier_code=00100312&order_time=2021-05-13 HTTP/1.1" 200 429
117.131.5.26 - - [13/May/2021:11:44:29 +0800] "GET /xingrg/all/function/internal_message.html?_=1620877556307&CODE_STATE=getMsg HTTP/1.1" 200 27
116.230.76.31 - - [13/May/2021:11:44:30 +0800] "GET /xingrg/all/function/internal_message.html?_=1620877468376&CODE_STATE=getMsg HTTP/1.1" 200 27
114.88.162.5 - - [13/May/2021:11:44:30 +0800] "GET /xingrg/all/function/internal_message.html?_=1620877467695&CODE_STATE=getMsg HTTP/1.1" 200 27
58.37.228.113 - - [13/May/2021:11:44:33 +0800] "GET /xingrg/all/function/internal_message.html?_=1620877431373&CODE_STATE=getMsg HTTP/1.1" 200 27
116.230.114.112 - - [13/May/2021:11:44:43 +0800] "GET /xingrg/kc/buy/cgsh_order_operate.html?command=get_materiel&rest_code=00146&code=00101004029&supplier_code=00100312&order_time=2021-05-13 HTTP/1.1" 200 413
180.169.147.146 - - [13/May/2021:11:44:45 +0800] "GET /xingrg/all/function/internal_message.html?_=1620877483279&CODE_STATE=getMsg HTTP/1.1" 200 27
116.230.114.112 - - [13/May/2021:11:44:52 +0800] "GET /xingrg/kc/buy/cgsh_order_operate.html?command=get_materiel&rest_code=00146&code=00101004049&supplier_code=00100312&order_time=2021-05-13 HTTP/1.1" 200 415
120.253.135.82 - - [13/May/2021:11:45:00 +0800] "GET /xingrg/check_reg.html?_=1620877279868 HTTP/1.1" 200 22
120.253.135.82 - - [13/May/2021:11:45:00 +0800] "GET /xingrg/all/function/internal_message.html?_=1620877279988&CODE_STATE=getMsg HTTP/1.1" 200 27
116.224.253.72 - - [13/May/2021:11:45:04 +0800] "GET /xingrg/index.html?sysBaseUrl=http%3A%2F%2F180.169.147.146%3A18081%2Fxingrg%2F&costTime=40×tamp=1620866541619 HTTP/1.1" 200 17179
116.224.253.72 - - [13/May/2021:11:45:04 +0800] "GET /xingrg/javascript/jquery_easy_ui/themes/default/easyui.css HTTP/1.1" 304 -
116.224.253.72 - - [13/May/2021:11:45:04 +0800] "GET /xingrg/javascript/jquery_easy_ui/themes/icon.css HTTP/1.1" 304 -
116.224.253.72 - - [13/May/2021:11:45:04 +0800] "GET /xingrg/css/form.css HTTP/1.1" 304 -
116.224.253.72 - - [13/May/2021:11:45:04 +0800] "GET /xingrg/javascript/jquery-1.4.2.min.js HTTP/1.1" 304 -
116.224.253.72 - - [13/May/2021:11:45:04 +0800] "GET /xingrg/javascript/jquery_easy_ui/jquery.easyui.min.js HTTP/1.1" 304 -
116.224.253.72 - - [13/May/2021:11:45:04 +0800] "GET /xingrg/javascript/jquery_easy_ui/easyui-lang-zh_CN.js HTTP/1.1" 304 -
116.224.253.72 - - [13/May/2021:11:45:04 +0800] "GET /xingrg/javascript/jquery.form.js HTTP/1.1" 304 -
116.224.253.72 - - [13/May/2021:11:45:04 +0800] "GET /xingrg/javascript/jquery.utils.js HTTP/1.1" 304 -
116.224.253.72 - - [13/May/2021:11:45:05 +0800] "GET /xingrg/javascript/jquery.timers.js HTTP/1.1" 304 -
116.224.253.72 - - [13/May/2021:11:45:05 +0800] "GET /xingrg/images/blue/jxLogo.png HTTP/1.1" 304 -
116.224.253.72 - - [13/May/2021:11:45:05 +0800] "GET /xingrg/javascript/jquery_easy_ui/themes/icons/settle_new.png HTTP/1.1" 304 -
116.224.253.72 - - [13/May/2021:11:45:05 +0800] "GET /xingrg/images/blue/navBackgound.jpg HTTP/1.1" 304 -
116.224.253.72 - - [13/May/2021:11:45:05 +0800] "POST /xingrg/all/common/load_tree.html?tree=area_rest_tree_json&manage=1 HTTP/1.1" 200 476
116.224.253.72 - - [13/May/2021:11:45:05 +0800] "GET /xingrg/all/function/internal_message.html?_=1620877503615&CODE_STATE=count HTTP/1.1" 200 11
116.224.253.72 - - [13/May/2021:11:45:05 +0800] "GET /xingrg/check_reg.html?_=1620877503616 HTTP/1.1" 200 22
116.224.253.72 - - [13/May/2021:11:45:05 +0800] "GET /xingrg/images/blue/pingpu.png HTTP/1.1" 304 -
116.224.253.72 - - [13/May/2021:11:45:05 +0800] "GET /xingrg/javascript/jquery_easy_ui/themes/default/images/tabs_rightarrow.png HTTP/1.1" 304 -
116.224.253.72 - - [13/May/2021:11:45:05 +0800] "GET /xingrg/javascript/jquery_easy_ui/themes/default/images/panel_tool_collapse.gif HTTP/1.1" 304 -
116.224.253.72 - - [13/May/2021:11:45:05 +0800] "GET /xingrg/javascript/jquery_easy_ui/themes/default/images/tabs_leftarrow.png HTTP/1.1" 304 -
116.224.253.72 - - [13/May/2021:11:45:05 +0800] "POST /xingrg/load_menu.html HTTP/1.1" 200 5138
116.224.253.72 - - [13/May/2021:11:45:07 +0800] "GET /xingrg/kc/buy/cgsh_order_list.html HTTP/1.1" 200 46297
116.230.114.112 - - [13/May/2021:11:45:08 +0800] "GET /xingrg/kc/buy/cgsh_order_operate.html?command=get_materiel&rest_code=00146&code=00101004059&supplier_code=00100312&order_time=2021-05-13 HTTP/1.1" 200 413
116.224.253.72 - - [13/May/2021:11:45:08 +0800] "POST /xingrg/kc/buy/cgsh_list_operate.html HTTP/1.1" 200 1678
117.185.32.26 - - [13/May/2021:11:45:09 +0800] "GET /xingrg/kc/buy/cgsh_order_add.html HTTP/1.1" 200 62029
116.224.253.72 - - [13/May/2021:11:45:10 +0800] "GET /xingrg/kc/buy/cgsh_order_add.html HTTP/1.1" 200 61953
117.185.32.26 - - [13/May/2021:11:45:10 +0800] "GET /xingrg/words/20210513111537_words.js HTTP/1.1" 304 -
116.224.253.72 - - [13/May/2021:11:45:10 +0800] "GET /xingrg/words/20210513111537_words.js HTTP/1.1" 304 -
117.185.32.26 - - [13/May/2021:11:45:10 +0800] "POST /xingrg/kc/buy/cgsh_order_operate.html HTTP/1.1" 200 8245
117.185.32.26 - - [13/May/2021:11:45:10 +0800] "GET /xingrg/javascript/easyui/themes/default/validatebox.css HTTP/1.1" 404 1104
116.224.253.72 - - [13/May/2021:11:45:10 +0800] "GET /xingrg/all/function/internal_message.html?_=1620877495920&CODE_STATE=getMsg HTTP/1.1" 200 27
101.85.94.178 - - [13/May/2021:11:45:10 +0800] "GET /xingrg/all/function/internal_message.html?_=1620877009641&CODE_STATE=getMsg HTTP/1.1" 200 27
116.224.253.72 - - [13/May/2021:11:45:10 +0800] "POST /xingrg/kc/buy/cgsh_order_operate.html HTTP/1.1" 200 8245
116.224.253.72 - - [13/May/2021:11:45:10 +0800] "GET /xingrg/javascript/easyui/themes/default/validatebox.css HTTP/1.1" 404 1104
116.230.114.112 - - [13/May/2021:11:45:10 +0800] "GET /xingrg/all/function/internal_message.html?_=1620877522597&CODE_STATE=getMsg HTTP/1.1" 200 27
61.165.42.208 - - [13/May/2021:11:45:11 +0800] "GET /xingrg/check_reg.html?_=1620877509536 HTTP/1.1" 200 22
61.165.42.208 - - [13/May/2021:11:45:11 +0800] "GET /xingrg/all/function/internal_message.html?_=1620877509539&CODE_STATE=getMsg HTTP/1.1" 200 27
117.185.32.26 - - [13/May/2021:11:45:11 +0800] "GET /xingrg/javascript/easyui/themes/default/tree.css HTTP/1.1" 404 1090
117.185.32.26 - - [13/May/2021:11:45:11 +0800] "POST /xingrg/all/common/load_tree.html?tree=supplier_tree_json&isDelete=1 HTTP/1.1" 200 55318
116.230.110.80 - - [13/May/2021:11:45:14 +0800] "GET /xingrg/all/function/internal_message.html?_=1620877512394&CODE_STATE=getMsg HTTP/1.1" 200 27
114.86.225.153 - - [13/May/2021:11:45:17 +0800] "GET /xingrg/all/function/internal_message.html?_=1620877516021&CODE_STATE=getMsg HTTP/1.1" 200 27
114.86.225.153 - - [13/May/2021:11:45:17 +0800] "GET /xingrg/check_reg.html?_=1620877516022 HTTP/1.1" 200 22
58.37.228.113 - - [13/May/2021:11:45:20 +0800] "GET /xingrg/all/function/internal_message.html?_=1620877524722&CODE_STATE=getMsg HTTP/1.1" 200 27
180.169.147.146 - - [13/May/2021:11:45:20 +0800] "GET /xingrg/all/function/internal_message.html?_=1620877521417&CODE_STATE=getMsg HTTP/1.1" 200 27
180.169.147.146 - - [13/May/2021:11:45:20 +0800] "GET /xingrg/check_reg.html?_=1620877521422 HTTP/1.1" 200 22
180.161.124.236 - - [13/May/2021:11:45:22 +0800] "GET /xingrg/all/function/internal_message.html?_=1620877478948&CODE_STATE=getMsg HTTP/1.1" 200 27
117.185.32.26 - - [13/May/2021:11:45:23 +0800] "GET /xingrg/all/function/internal_message.html?_=1620878048737&CODE_STATE=getMsg HTTP/1.1" 200 27
116.230.114.112 - - [13/May/2021:11:45:24 +0800] "GET /xingrg/kc/buy/cgsh_order_operate.html?command=get_materiel&rest_code=00146&code=00101004050&supplier_code=00100312&order_time=2021-05-13 HTTP/1.1" 200 409
180.162.112.86 - - [13/May/2021:11:45:25 +0800] "GET /xingrg/all/function/internal_message.html?_=1620877252518&CODE_STATE=getMsg HTTP/1.1" 200 27
222.69.129.194 - - [13/May/2021:11:45:25 +0800] "GET /xingrg/all/function/internal_message.html?_=1620877522870&CODE_STATE=getMsg HTTP/1.1" 200 27
116.224.253.72 - - [13/May/2021:11:45:27 +0800] "GET /xingrg/all/function/internal_message.html?_=1620877512686&CODE_STATE=getMsg HTTP/1.1" 200 27
180.169.147.146 - - [13/May/2021:11:45:27 +0800] "GET /xingrg/all/function/internal_message.html?_=1620877521323&CODE_STATE=getMsg HTTP/1.1" 200 27
117.131.5.26 - - [13/May/2021:11:45:27 +0800] "GET /xingrg/kc/buy/cgsh_order_add.html HTTP/1.1" 200 62035
117.131.5.26 - - [13/May/2021:11:45:27 +0800] "GET /xingrg/javascript/easyui/themes/default/validatebox.css HTTP/1.1" 404 1104
117.131.5.26 - - [13/May/2021:11:45:27 +0800] "POST /xingrg/kc/buy/cgsh_order_operate.html HTTP/1.1" 200 8245
117.131.5.26 - - [13/May/2021:11:45:28 +0800] "GET /xingrg/javascript/easyui/themes/default/tree.css HTTP/1.1" 404 1090
116.235.95.160 - - [13/May/2021:11:45:28 +0800] "POST /xingrg/all/common/load_tree.html?tree=supplier_tree_json&isDelete=1 HTTP/1.1" 200 55318
116.235.95.160 - - [13/May/2021:11:45:29 +0800] "GET /xingrg/all/function/internal_message.html?_=1620877616552&CODE_STATE=getMsg HTTP/1.1" 200 27
116.230.76.31 - - [13/May/2021:11:45:30 +0800] "GET /xingrg/all/function/internal_message.html?_=1620877528382&CODE_STATE=getMsg HTTP/1.1" 200 27
114.88.162.5 - - [13/May/2021:11:45:30 +0800] "GET /xingrg/all/function/internal_message.html?_=1620877527690&CODE_STATE=getMsg HTTP/1.1" 200 27
58.37.228.113 - - [13/May/2021:11:45:33 +0800] "GET /xingrg/all/function/internal_message.html?_=1620877491353&CODE_STATE=getMsg HTTP/1.1" 200 27
117.185.32.26 - - [13/May/2021:11:45:34 +0800] "GET /xingrg/kc/buy/cgsh_order_operate.html?command=get_materiel&rest_code=00106&code=00101001145&supplier_code=00100314&order_time=2021-05-13 HTTP/1.1" 200 415
116.230.114.112 - - [13/May/2021:11:45:37 +0800] "GET /xingrg/kc/buy/cgsh_order_operate.html?command=get_materiel&rest_code=00146&code=00101004020&supplier_code=00100312&order_time=2021-05-13 HTTP/1.1" 200 409
180.169.147.146 - - [13/May/2021:11:45:45 +0800] "GET /xingrg/all/function/internal_message.html?_=1620877543288&CODE_STATE=getMsg HTTP/1.1" 200 27
180.169.147.146 - - [13/May/2021:11:45:45 +0800] "GET /xingrg/check_reg.html?_=1620877543289 HTTP/1.1" 200 22
117.184.7.26 - - [13/May/2021:11:45:46 +0800] "GET /xingrg/login.html HTTP/1.1" 200 7641
117.184.7.26 - - [13/May/2021:11:45:48 +0800] "GET /favicon.ico HTTP/1.1" 404 -
116.230.114.112 - - [13/May/2021:11:45:50 +0800] "GET /xingrg/kc/buy/cgsh_order_operate.html?command=get_materiel&rest_code=00146&code=00101001023&supplier_code=00100312&order_time=2021-05-13 HTTP/1.1" 200 413
116.235.95.160 - - [13/May/2021:11:45:51 +0800] "GET /xingrg/kc/buy/cgsh_order_operate.html?command=get_materiel&rest_code=00104&code=00101020131&supplier_code=00100005&order_time=2021-05-13 HTTP/1.1" 200 416
117.184.7.26 - - [13/May/2021:11:45:57 +0800] "POST /xingrg/login.do HTTP/1.1" 302 -
117.184.7.26 - - [13/May/2021:11:45:57 +0800] "GET /xingrg/index.html?sysBaseUrl=http%3A%2F%2F180.169.147.146%3A18081%2Fxingrg%2F&costTime=43×tamp=1620877557386 HTTP/1.1" 200 17419
117.184.7.26 - - [13/May/2021:11:45:58 +0800] "GET /favicon.ico HTTP/1.1" 404 -
117.184.7.26 - - [13/May/2021:11:45:58 +0800] "POST /xingrg/all/common/load_tree.html?tree=area_rest_tree_json&manage=1 HTTP/1.1" 200 470
117.184.7.26 - - [13/May/2021:11:45:58 +0800] "GET /xingrg/all/function/internal_message.html?_=1620877534963&CODE_STATE=count HTTP/1.1" 200 11
117.184.7.26 - - [13/May/2021:11:45:58 +0800] "GET /xingrg/check_reg.html?_=1620877534964 HTTP/1.1" 200 22
117.184.7.26 - - [13/May/2021:11:45:58 +0800] "POST /xingrg/load_menu.html HTTP/1.1" 200 9959
120.253.135.82 - - [13/May/2021:11:46:00 +0800] "GET /xingrg/all/function/internal_message.html?_=1620877340002&CODE_STATE=getMsg HTTP/1.1" 200 27
117.185.32.26 - - [13/May/2021:11:46:02 +0800] "POST /xingrg/kc/buy/cgsh_order_operate.html HTTP/1.1" 200 37
117.185.32.26 - - [13/May/2021:11:46:05 +0800] "POST /xingrg/kc/buy/cgsh_order_operate.html HTTP/1.1" 200 12
116.224.253.72 - - [13/May/2021:11:46:05 +0800] "GET /xingrg/all/function/internal_message.html?_=1620877563621&CODE_STATE=getMsg HTTP/1.1" 200 27
116.224.253.72 - - [13/May/2021:11:46:05 +0800] "GET /xingrg/check_reg.html?_=1620877551307 HTTP/1.1" 200 22
117.185.32.26 - - [13/May/2021:11:46:06 +0800] "GET /xingrg/kc/buy/cgsh_order_info.html?code=212021051305626 HTTP/1.1" 200 56933
117.185.32.26 - - [13/May/2021:11:46:06 +0800] "GET /xingrg/javascript/easyui/themes/default/validatebox.css HTTP/1.1" 404 1104
117.185.32.26 - - [13/May/2021:11:46:07 +0800] "POST /xingrg/kc/buy/cgsh_order_operate.html HTTP/1.1" 200 612
116.235.95.160 - - [13/May/2021:11:46:09 +0800] "GET /xingrg/kc/buy/cgsh_order_operate.html?command=get_materiel&rest_code=00104&code=00101008126&supplier_code=00100005&order_time=2021-05-13 HTTP/1.1" 200 412
117.185.32.26 - - [13/May/2021:11:46:09 +0800] "GET /xingrg/kc/print/load_data.html?order_code=212021051305626&kc_code=cgsh&condition= HTTP/1.1" 200 705
101.85.94.178 - - [13/May/2021:11:46:10 +0800] "GET /xingrg/all/function/internal_message.html?_=1620877069640&CODE_STATE=getMsg HTTP/1.1" 200 27
116.224.253.72 - - [13/May/2021:11:46:10 +0800] "GET /xingrg/all/function/internal_message.html?_=1620877555933&CODE_STATE=getMsg HTTP/1.1" 200 27
116.230.114.112 - - [13/May/2021:11:46:10 +0800] "GET /xingrg/kc/buy/cgsh_order_operate.html?command=get_materiel&rest_code=00146&code=00101001039&supplier_code=00100312&order_time=2021-05-13 HTTP/1.1" 200 424
116.230.114.112 - - [13/May/2021:11:46:10 +0800] "GET /xingrg/all/function/internal_message.html?_=1620877582608&CODE_STATE=getMsg HTTP/1.1" 200 27
61.165.42.208 - - [13/May/2021:11:46:11 +0800] "GET /xingrg/all/function/internal_message.html?_=1620877569528&CODE_STATE=getMsg HTTP/1.1" 200 27
116.230.110.80 - - [13/May/2021:11:46:14 +0800] "GET /xingrg/all/function/internal_message.html?_=1620877572402&CODE_STATE=getMsg HTTP/1.1" 200 27
114.88.162.5 - - [13/May/2021:11:46:17 +0800] "POST /xingrg/kc/buy/cgsh_order_operate.html HTTP/1.1" 200 37
114.86.225.153 - - [13/May/2021:11:46:17 +0800] "GET /xingrg/all/function/internal_message.html?_=1620877576020&CODE_STATE=getMsg HTTP/1.1" 200 27
114.88.162.5 - - [13/May/2021:11:46:18 +0800] "POST /xingrg/kc/buy/cgsh_order_operate.html HTTP/1.1" 200 6205
114.88.162.5 - - [13/May/2021:11:46:19 +0800] "GET /xingrg/kc/print/load_data.html?order_code=212021051305627&kc_code=cgsh&condition= HTTP/1.1" 200 2111
61.129.7.236 - - [13/May/2021:11:46:20 +0800] "GET /xingrg/all/function/internal_message.html?_=1620877524722&CODE_STATE=getMsg HTTP/1.1" 302 -
58.37.228.113 - - [13/May/2021:11:46:20 +0800] "GET /xingrg/all/function/internal_message.html?_=1620877584724&CODE_STATE=getMsg HTTP/1.1" 200 27
58.37.228.113 - - [13/May/2021:11:46:20 +0800] "GET /xingrg/check_reg.html?_=1620877584728 HTTP/1.1" 200 22
61.129.7.236 - - [13/May/2021:11:46:20 +0800] "GET /xingrg/login.html HTTP/1.1" 200 7641
180.169.147.146 - - [13/May/2021:11:46:21 +0800] "GET /xingrg/all/function/internal_message.html?_=1620877581421&CODE_STATE=getMsg HTTP/1.1" 200 27
180.161.124.236 - - [13/May/2021:11:46:22 +0800] "GET /xingrg/all/function/internal_message.html?_=1620877538972&CODE_STATE=getMsg HTTP/1.1" 200 27
116.230.114.112 - - [13/May/2021:11:46:22 +0800] "GET /xingrg/kc/buy/cgsh_order_operate.html?command=get_materiel&rest_code=00146&code=00101001096&supplier_code=00100312&order_time=2021-05-13 HTTP/1.1" 200 413
117.185.32.26 - - [13/May/2021:11:46:23 +0800] "GET /xingrg/all/function/internal_message.html?_=1620878108727&CODE_STATE=getMsg HTTP/1.1" 200 27
180.162.112.86 - - [13/May/2021:11:46:25 +0800] "GET /xingrg/all/function/internal_message.html?_=1620877312519&CODE_STATE=getMsg HTTP/1.1" 200 27
180.162.112.86 - - [13/May/2021:11:46:25 +0800] "GET /xingrg/check_reg.html?_=1620877312520 HTTP/1.1" 200 22
222.69.129.194 - - [13/May/2021:11:46:25 +0800] "GET /xingrg/all/function/internal_message.html?_=1620877582855&CODE_STATE=getMsg HTTP/1.1" 200 27
116.224.253.72 - - [13/May/2021:11:46:27 +0800] "GET /xingrg/all/function/internal_message.html?_=1620877572688&CODE_STATE=getMsg HTTP/1.1" 200 27
180.169.147.146 - - [13/May/2021:11:46:27 +0800] "GET /xingrg/check_reg.html?_=1620877581317 HTTP/1.1" 200 22
180.169.147.146 - - [13/May/2021:11:46:27 +0800] "GET /xingrg/all/function/internal_message.html?_=1620877581319&CODE_STATE=getMsg HTTP/1.1" 200 27
116.235.95.160 - - [13/May/2021:11:46:29 +0800] "GET /xingrg/all/function/internal_message.html?_=1620877676526&CODE_STATE=getMsg HTTP/1.1" 200 27
116.235.95.160 - - [13/May/2021:11:46:29 +0800] "GET /xingrg/check_reg.html?_=1620877676574 HTTP/1.1" 200 22
117.185.32.26 - - [13/May/2021:11:46:30 +0800] "GET /xingrg/kc/buy/cgsh_order_add.html HTTP/1.1" 200 62029
116.230.76.31 - - [13/May/2021:11:46:30 +0800] "GET /xingrg/all/function/internal_message.html?_=1620877588381&CODE_STATE=getMsg HTTP/1.1" 200 27
117.185.32.26 - - [13/May/2021:11:46:30 +0800] "POST /xingrg/kc/buy/cgsh_order_operate.html HTTP/1.1" 200 8245
117.185.32.26 - - [13/May/2021:11:46:30 +0800] "GET /xingrg/javascript/easyui/themes/default/validatebox.css HTTP/1.1" 404 1104
114.88.162.5 - - [13/May/2021:11:46:30 +0800] "GET /xingrg/all/function/internal_message.html?_=1620877587697&CODE_STATE=getMsg HTTP/1.1" 200 27
114.88.162.5 - - [13/May/2021:11:46:30 +0800] "GET /xingrg/check_reg.html?_=1620877587700 HTTP/1.1" 200 22
117.185.32.26 - - [13/May/2021:11:46:32 +0800] "GET /xingrg/javascript/easyui/themes/default/tree.css HTTP/1.1" 404 1090
117.185.32.26 - - [13/May/2021:11:46:32 +0800] "POST /xingrg/all/common/load_tree.html?tree=supplier_tree_json&isDelete=1 HTTP/1.1" 200 55318
58.37.228.113 - - [13/May/2021:11:46:33 +0800] "GET /xingrg/all/function/internal_message.html?_=1620877551331&CODE_STATE=getMsg HTTP/1.1" 200 27
58.37.228.113 - - [13/May/2021:11:46:34 +0800] "GET /xingrg/check_reg.html?_=1620877551961 HTTP/1.1" 200 22
116.230.114.112 - - [13/May/2021:11:46:40 +0800] "GET /xingrg/kc/buy/cgsh_order_operate.html?command=get_materiel&rest_code=00146&code=00101005001&supplier_code=00100312&order_time=2021-05-13 HTTP/1.1" 200 421
180.169.147.146 - - [13/May/2021:11:46:45 +0800] "GET /xingrg/all/function/internal_message.html?_=1620877603284&CODE_STATE=getMsg HTTP/1.1" 200 27
116.230.114.112 - - [13/May/2021:11:46:55 +0800] "GET /xingrg/check_reg.html?_=1620877626709 HTTP/1.1" 200 22
117.184.7.26 - - [13/May/2021:11:46:58 +0800] "GET /xingrg/all/function/internal_message.html?_=1620877594984&CODE_STATE=getMsg HTTP/1.1" 200 27
120.253.135.82 - - [13/May/2021:11:47:00 +0800] "GET /xingrg/all/function/internal_message.html?_=1620877400014&CODE_STATE=getMsg HTTP/1.1" 200 27
116.224.253.72 - - [13/May/2021:11:47:05 +0800] "GET /xingrg/all/function/internal_message.html?_=1620877623629&CODE_STATE=getMsg HTTP/1.1" 200 27
101.85.94.178 - - [13/May/2021:11:47:10 +0800] "GET /xingrg/all/function/internal_message.html?_=1620877129637&CODE_STATE=getMsg HTTP/1.1" 200 27
116.224.253.72 - - [13/May/2021:11:47:10 +0800] "GET /xingrg/all/function/internal_message.html?_=1620877616061&CODE_STATE=getMsg HTTP/1.1" 200 27
116.230.114.112 - - [13/May/2021:11:47:10 +0800] "GET /xingrg/all/function/internal_message.html?_=1620877642621&CODE_STATE=getMsg HTTP/1.1" 200 27
61.165.42.208 - - [13/May/2021:11:47:11 +0800] "GET /xingrg/all/function/internal_message.html?_=1620877629525&CODE_STATE=getMsg HTTP/1.1" 200 27
117.185.32.26 - - [13/May/2021:11:47:11 +0800] "GET /xingrg/kc/buy/cgsh_order_operate.html?command=get_materiel&rest_code=00106&code=00101007032&supplier_code=00100328&order_time=2021-05-13 HTTP/1.1" 200 413
116.235.95.160 - - [13/May/2021:11:47:12 +0800] "GET /xingrg/kc/buy/cgsh_order_operate.html?command=get_materiel&rest_code=00104&code=00101008350&supplier_code=00100005&order_time=2021-05-13 HTTP/1.1" 200 408
116.230.110.80 - - [13/May/2021:11:47:14 +0800] "GET /xingrg/all/function/internal_message.html?_=1620877632388&CODE_STATE=getMsg HTTP/1.1" 200 27
114.86.225.153 - - [13/May/2021:11:47:17 +0800] "GET /xingrg/all/function/internal_message.html?_=1620877636023&CODE_STATE=getMsg HTTP/1.1" 200 27
58.37.228.113 - - [13/May/2021:11:47:20 +0800] "GET /xingrg/all/function/internal_message.html?_=1620877644726&CODE_STATE=getMsg HTTP/1.1" 200 27
180.169.147.146 - - [13/May/2021:11:47:21 +0800] "GET /xingrg/all/function/internal_message.html?_=1620877641422&CODE_STATE=getMsg HTTP/1.1" 200 27
180.161.124.236 - - [13/May/2021:11:47:22 +0800] "GET /xingrg/all/function/internal_message.html?_=1620877599504&CODE_STATE=getMsg HTTP/1.1" 200 27
117.185.32.26 - - [13/May/2021:11:47:23 +0800] "GET /xingrg/all/function/internal_message.html?_=1620878168707&CODE_STATE=getMsg HTTP/1.1" 200 27
180.162.112.86 - - [13/May/2021:11:47:25 +0800] "GET /xingrg/all/function/internal_message.html?_=1620877372519&CODE_STATE=getMsg HTTP/1.1" 200 27
222.69.129.194 - - [13/May/2021:11:47:25 +0800] "GET /xingrg/all/function/internal_message.html?_=1620877642839&CODE_STATE=getMsg HTTP/1.1" 200 27
116.224.253.72 - - [13/May/2021:11:47:27 +0800] "GET /xingrg/all/function/internal_message.html?_=1620877632701&CODE_STATE=getMsg HTTP/1.1" 200 27
180.169.147.146 - - [13/May/2021:11:47:27 +0800] "GET /xingrg/all/function/internal_message.html?_=1620877641327&CODE_STATE=getMsg HTTP/1.1" 200 27
116.235.95.160 - - [13/May/2021:11:47:27 +0800] "GET /xingrg/kc/buy/cgsh_order_operate.html?command=get_materiel&rest_code=00104&code=00101008290&supplier_code=00100005&order_time=2021-05-13 HTTP/1.1" 200 416
116.235.95.160 - - [13/May/2021:11:47:29 +0800] "GET /xingrg/all/function/internal_message.html?_=1620877736489&CODE_STATE=getMsg HTTP/1.1" 200 27
116.230.76.31 - - [13/May/2021:11:47:30 +0800] "GET /xingrg/check_reg.html?_=1620877648390 HTTP/1.1" 200 22
116.230.76.31 - - [13/May/2021:11:47:30 +0800] "GET /xingrg/all/function/internal_message.html?_=1620877648393&CODE_STATE=getMsg HTTP/1.1" 200 27
114.88.162.5 - - [13/May/2021:11:47:30 +0800] "GET /xingrg/all/function/internal_message.html?_=1620877647705&CODE_STATE=getMsg HTTP/1.1" 200 27
116.230.114.112 - - [13/May/2021:11:47:33 +0800] "POST /xingrg/kc/buy/cgsh_order_operate.html HTTP/1.1" 200 37
58.37.228.113 - - [13/May/2021:11:47:33 +0800] "GET /xingrg/all/function/internal_message.html?_=1620877611303&CODE_STATE=getMsg HTTP/1.1" 200 27
116.230.114.112 - - [13/May/2021:11:47:35 +0800] "POST /xingrg/kc/buy/cgsh_order_operate.html HTTP/1.1" 200 8025
116.230.114.112 - - [13/May/2021:11:47:38 +0800] "GET /xingrg/kc/print/load_data.html?order_code=212021051305628&kc_code=cgsh&condition= HTTP/1.1" 200 2748
180.161.124.236 - - [13/May/2021:11:47:40 +0800] "GET /xingrg/check_reg.html?_=1620877617583 HTTP/1.1" 200 22
117.185.32.26 - - [13/May/2021:11:47:41 +0800] "POST /xingrg/kc/buy/cgsh_order_operate.html HTTP/1.1" 200 37
180.169.147.146 - - [13/May/2021:11:47:45 +0800] "GET /xingrg/all/function/internal_message.html?_=1620877663271&CODE_STATE=getMsg HTTP/1.1" 200 27
117.185.32.26 - - [13/May/2021:11:47:47 +0800] "POST /xingrg/kc/buy/cgsh_order_operate.html HTTP/1.1" 200 12
117.184.7.26 - - [13/May/2021:11:47:47 +0800] "GET /xingrg/kc/buy/buy_main.html HTTP/1.1" 200 12412
117.184.7.26 - - [13/May/2021:11:47:47 +0800] "GET /xingrg/css/new_ie.css HTTP/1.1" 404 1036
117.185.32.26 - - [13/May/2021:11:47:48 +0800] "GET /xingrg/kc/buy/cgsh_order_info.html?code=212021051305629 HTTP/1.1" 200 56935
117.185.32.26 - - [13/May/2021:11:47:48 +0800] "GET /xingrg/javascript/easyui/themes/default/validatebox.css HTTP/1.1" 404 1104
117.185.32.26 - - [13/May/2021:11:47:49 +0800] "POST /xingrg/kc/buy/cgsh_order_operate.html HTTP/1.1" 200 608
117.184.7.26 - - [13/May/2021:11:47:51 +0800] "POST /xingrg/all/user/operate.html HTTP/1.1" 200 36
117.184.7.26 - - [13/May/2021:11:47:51 +0800] "GET /xingrg/index.html?sysBaseUrl=http%3A%2F%2F180.169.147.146%3A18081%2Fxingrg%2F&costTime=43×tamp=1620877557386 HTTP/1.1" 200 17413
117.184.7.26 - - [13/May/2021:11:47:51 +0800] "GET /xingrg/javascript/jquery_easy_ui/themes/default/easyui.css HTTP/1.1" 304 -
117.184.7.26 - - [13/May/2021:11:47:51 +0800] "GET /xingrg/javascript/jquery_easy_ui/themes/icon.css HTTP/1.1" 304 -
117.184.7.26 - - [13/May/2021:11:47:51 +0800] "GET /xingrg/css/form.css HTTP/1.1" 304 -
117.184.7.26 - - [13/May/2021:11:47:51 +0800] "GET /xingrg/javascript/jquery-1.4.2.min.js HTTP/1.1" 304 -
116.235.95.160 - - [13/May/2021:11:47:51 +0800] "GET /xingrg/kc/buy/cgsh_order_operate.html?command=get_materiel&rest_code=00104&code=00101008239&supplier_code=00100005&order_time=2021-05-13 HTTP/1.1" 200 416
117.184.7.26 - - [13/May/2021:11:47:51 +0800] "GET /xingrg/javascript/jquery_easy_ui/jquery.easyui.min.js HTTP/1.1" 304 -
117.184.7.26 - - [13/May/2021:11:47:51 +0800] "GET /xingrg/javascript/jquery_easy_ui/easyui-lang-zh_CN.js HTTP/1.1" 304 -
117.184.7.26 - - [13/May/2021:11:47:51 +0800] "GET /xingrg/javascript/jquery.form.js HTTP/1.1" 304 -
117.184.7.26 - - [13/May/2021:11:47:51 +0800] "GET /xingrg/javascript/jquery.utils.js HTTP/1.1" 304 -
117.184.7.26 - - [13/May/2021:11:47:51 +0800] "GET /xingrg/javascript/jquery.timers.js HTTP/1.1" 304 -
117.184.7.26 - - [13/May/2021:11:47:51 +0800] "GET /xingrg/images/blue/jxLogo.png HTTP/1.1" 304 -
117.184.7.26 - - [13/May/2021:11:47:51 +0800] "GET /xingrg/images/blue/navBackgound.jpg HTTP/1.1" 304 -
117.184.7.26 - - [13/May/2021:11:47:51 +0800] "GET /xingrg/javascript/jquery_easy_ui/themes/icons/settle_new.png HTTP/1.1" 304 -
117.185.32.26 - - [13/May/2021:11:47:51 +0800] "GET /xingrg/kc/print/load_data.html?order_code=212021051305629&kc_code=cgsh&condition= HTTP/1.1" 200 706
117.184.7.26 - - [13/May/2021:11:47:51 +0800] "POST /xingrg/all/common/load_tree.html?tree=area_rest_tree_json&manage=1 HTTP/1.1" 200 470
117.184.7.26 - - [13/May/2021:11:47:51 +0800] "GET /xingrg/all/function/internal_message.html?_=1620877648537&CODE_STATE=count HTTP/1.1" 200 11
117.184.7.26 - - [13/May/2021:11:47:51 +0800] "GET /xingrg/check_reg.html?_=1620877648538 HTTP/1.1" 200 22
117.184.7.26 - - [13/May/2021:11:47:51 +0800] "GET /xingrg/javascript/jquery_easy_ui/themes/default/images/panel_tool_collapse.gif HTTP/1.1" 304 -
117.184.7.26 - - [13/May/2021:11:47:51 +0800] "GET /xingrg/images/blue/pingpu.png HTTP/1.1" 304 -
117.184.7.26 - - [13/May/2021:11:47:51 +0800] "GET /xingrg/javascript/jquery_easy_ui/themes/default/images/tabs_leftarrow.png HTTP/1.1" 304 -
117.184.7.26 - - [13/May/2021:11:47:51 +0800] "GET /xingrg/javascript/jquery_easy_ui/themes/default/images/tabs_rightarrow.png HTTP/1.1" 304 -
117.184.7.26 - - [13/May/2021:11:47:51 +0800] "GET /xingrg/javascript/jquery_easy_ui/themes/default/images/panel_tool_expand.gif HTTP/1.1" 304 -
117.184.7.26 - - [13/May/2021:11:47:52 +0800] "POST /xingrg/load_menu.html HTTP/1.1" 200 9959
117.184.7.26 - - [13/May/2021:11:47:53 +0800] "GET /xingrg/kc/buy/buy_main.html HTTP/1.1" 200 12412
117.184.7.26 - - [13/May/2021:11:47:53 +0800] "GET /xingrg/css/new_ie.css HTTP/1.1" 404 1036
116.230.114.112 - - [13/May/2021:11:47:54 +0800] "GET /xingrg/kc/buy/cgsh_order_add.html HTTP/1.1" 200 62035
117.184.7.26 - - [13/May/2021:11:47:54 +0800] "GET /xingrg/images/yd/bt.gif HTTP/1.1" 404 1040
101.85.94.178 - - [13/May/2021:11:47:54 +0800] "GET /xingrg/javascript/jquery_easy_ui/themes/default/images/tabs_close.gif HTTP/1.1" 200 829
101.85.94.178 - - [13/May/2021:11:47:54 +0800] "GET /xingrg/css/base.css HTTP/1.1" 200 2811
101.85.94.178 - - [13/May/2021:11:47:54 +0800] "GET /xingrg/javascript/jquery_tools/datebox.css HTTP/1.1" 200 2597
101.85.94.178 - - [13/May/2021:11:47:54 +0800] "GET /xingrg/javascript/jquery_tools/fix.css HTTP/1.1" 200 1702
101.85.94.178 - - [13/May/2021:11:47:54 +0800] "GET /xingrg/javascript/easyui/themes/icon.css HTTP/1.1" 200 4483
101.85.94.178 - - [13/May/2021:11:47:54 +0800] "GET /xingrg/javascript/auto/jquery.autocomplete.css HTTP/1.1" 200 587
101.85.94.178 - - [13/May/2021:11:47:54 +0800] "GET /xingrg/javascript/jquery_tools/jquery.tools.hotkey.js HTTP/1.1" 200 3242
101.85.94.178 - - [13/May/2021:11:47:54 +0800] "GET /xingrg/css/site.css HTTP/1.1" 200 7541
101.85.94.178 - - [13/May/2021:11:47:54 +0800] "GET /xingrg/kc/buy/cgsh_order_list.html HTTP/1.1" 200 46297
101.85.94.178 - - [13/May/2021:11:47:54 +0800] "GET /xingrg/javascript/jquery_tools/jquery.tools.min.js HTTP/1.1" 200 138801
101.85.94.178 - - [13/May/2021:11:47:54 +0800] "GET /xingrg/javascript/jquery_tools/jquery.tools.table.js HTTP/1.1" 200 6994
101.85.94.178 - - [13/May/2021:11:47:54 +0800] "GET /xingrg/javascript/jquery_tools/table.css HTTP/1.1" 200 1032
