116.224.253.72 - - [13/May/2021:09:01:33 +0800] "GET /xingrg/index.html?sysBaseUrl=http%3A%2F%2F180.169.147.146%3A18081%2Fxingrg%2F&costTime=40×tamp=1620866541619 HTTP/1.1" 200 17179
116.224.253.72 - - [13/May/2021:09:01:33 +0800] "GET /xingrg/javascript/jquery_easy_ui/themes/default/easyui.css HTTP/1.1" 304 -
116.224.253.72 - - [13/May/2021:09:01:33 +0800] "GET /xingrg/javascript/jquery_easy_ui/themes/icon.css HTTP/1.1" 304 -
116.224.253.72 - - [13/May/2021:09:01:33 +0800] "GET /xingrg/css/form.css HTTP/1.1" 304 -
116.224.253.72 - - [13/May/2021:09:01:33 +0800] "GET /xingrg/javascript/jquery-1.4.2.min.js HTTP/1.1" 304 -
116.224.253.72 - - [13/May/2021:09:01:33 +0800] "GET /xingrg/javascript/jquery_easy_ui/jquery.easyui.min.js HTTP/1.1" 304 -
116.224.253.72 - - [13/May/2021:09:01:33 +0800] "GET /xingrg/javascript/jquery_easy_ui/easyui-lang-zh_CN.js HTTP/1.1" 304 -
116.224.253.72 - - [13/May/2021:09:01:33 +0800] "GET /xingrg/javascript/jquery.form.js HTTP/1.1" 304 -
116.224.253.72 - - [13/May/2021:09:01:33 +0800] "GET /xingrg/javascript/jquery.utils.js HTTP/1.1" 304 -
116.224.253.72 - - [13/May/2021:09:01:33 +0800] "GET /xingrg/javascript/jquery.timers.js HTTP/1.1" 304 -
116.224.253.72 - - [13/May/2021:09:01:33 +0800] "GET /xingrg/images/blue/jxLogo.png HTTP/1.1" 304 -
116.224.253.72 - - [13/May/2021:09:01:33 +0800] "GET /xingrg/images/blue/navBackgound.jpg HTTP/1.1" 304 -
116.224.253.72 - - [13/May/2021:09:01:33 +0800] "GET /xingrg/javascript/jquery_easy_ui/themes/icons/settle_new.png HTTP/1.1" 304 -
116.224.253.72 - - [13/May/2021:09:01:33 +0800] "POST /xingrg/all/common/load_tree.html?tree=area_rest_tree_json&manage=1 HTTP/1.1" 200 476
116.224.253.72 - - [13/May/2021:09:01:33 +0800] "GET /xingrg/all/function/internal_message.html?_=1620867692403&CODE_STATE=count HTTP/1.1" 200 11
116.224.253.72 - - [13/May/2021:09:01:33 +0800] "GET /xingrg/check_reg.html?_=1620867692405 HTTP/1.1" 200 22
116.224.253.72 - - [13/May/2021:09:01:33 +0800] "GET /xingrg/javascript/jquery_easy_ui/themes/default/images/tabs_leftarrow.png HTTP/1.1" 304 -
116.224.253.72 - - [13/May/2021:09:01:33 +0800] "GET /xingrg/javascript/jquery_easy_ui/themes/default/images/tabs_rightarrow.png HTTP/1.1" 304 -
116.224.253.72 - - [13/May/2021:09:01:33 +0800] "GET /xingrg/javascript/jquery_easy_ui/themes/default/images/panel_tool_collapse.gif HTTP/1.1" 304 -
116.224.253.72 - - [13/May/2021:09:01:33 +0800] "GET /xingrg/images/blue/pingpu.png HTTP/1.1" 304 -
116.224.253.72 - - [13/May/2021:09:01:33 +0800] "POST /xingrg/load_menu.html HTTP/1.1" 200 5138
116.224.253.72 - - [13/May/2021:09:01:37 +0800] "GET /xingrg/kc/buy/cgsh_order_list.html HTTP/1.1" 200 46297
116.224.253.72 - - [13/May/2021:09:01:38 +0800] "POST /xingrg/kc/buy/cgsh_list_operate.html HTTP/1.1" 200 876
116.224.253.72 - - [13/May/2021:09:01:38 +0800] "GET /xingrg/kc/buy/cgsh_order_add.html HTTP/1.1" 200 61953
116.224.253.72 - - [13/May/2021:09:01:39 +0800] "GET /xingrg/css/base.css HTTP/1.1" 304 -
116.224.253.72 - - [13/May/2021:09:01:39 +0800] "GET /xingrg/javascript/jquery_tools/datebox.css HTTP/1.1" 304 -
116.224.253.72 - - [13/May/2021:09:01:39 +0800] "GET /xingrg/javascript/jquery_tools/fix.css HTTP/1.1" 304 -
116.224.253.72 - - [13/May/2021:09:01:39 +0800] "GET /xingrg/css/site.css HTTP/1.1" 304 -
116.224.253.72 - - [13/May/2021:09:01:39 +0800] "GET /xingrg/javascript/easyui/themes/default/easyui.css HTTP/1.1" 304 -
116.224.253.72 - - [13/May/2021:09:01:39 +0800] "GET /xingrg/javascript/easyui/themes/icon.css HTTP/1.1" 304 -
116.224.253.72 - - [13/May/2021:09:01:39 +0800] "GET /xingrg/javascript/jquery_tools/jquery.tools.extend.js HTTP/1.1" 304 -
116.224.253.72 - - [13/May/2021:09:01:39 +0800] "GET /xingrg/javascript/jquery_tools/jquery.tools.min.js HTTP/1.1" 304 -
116.224.253.72 - - [13/May/2021:09:01:39 +0800] "GET /xingrg/javascript/auto/jquery.autocomplete.css HTTP/1.1" 304 -
116.224.253.72 - - [13/May/2021:09:01:39 +0800] "GET /xingrg/javascript/jquery_tools/jquery.tools.hotkey.js HTTP/1.1" 304 -
116.224.253.72 - - [13/May/2021:09:01:39 +0800] "GET /xingrg/javascript/jquery_tools/jquery.tools.table.js HTTP/1.1" 304 -
116.224.253.72 - - [13/May/2021:09:01:39 +0800] "GET /xingrg/javascript/jquery_tools/list_manager.js HTTP/1.1" 304 -
116.224.253.72 - - [13/May/2021:09:01:39 +0800] "GET /xingrg/javascript/auto/jquery.autocomplete.js HTTP/1.1" 304 -
116.224.253.72 - - [13/May/2021:09:01:39 +0800] "GET /xingrg/javascript/easyui/easyloader.js HTTP/1.1" 304 -
116.224.253.72 - - [13/May/2021:09:01:39 +0800] "GET /xingrg/javascript/jquery.cookie.js HTTP/1.1" 304 -
116.224.253.72 - - [13/May/2021:09:01:39 +0800] "GET /xingrg/javascript/jquery_tools/table.css HTTP/1.1" 304 -
116.224.253.72 - - [13/May/2021:09:01:39 +0800] "GET /xingrg/javascript/print/LodopFuncs.js HTTP/1.1" 304 -
116.224.253.72 - - [13/May/2021:09:01:39 +0800] "GET /xingrg/kc/buy/cgsh_order_list.html HTTP/1.1" 200 46297
180.161.124.236 - - [13/May/2021:09:01:39 +0800] "GET /xingrg/all/function/internal_message.html?_=1620867656029&CODE_STATE=getMsg HTTP/1.1" 200 27
116.224.253.72 - - [13/May/2021:09:01:39 +0800] "GET /xingrg/javascript/easyui/plugins/jquery.parser.js HTTP/1.1" 304 -
116.224.253.72 - - [13/May/2021:09:01:39 +0800] "GET /xingrg/javascript/easyui/themes/default/validatebox.css HTTP/1.1" 404 1104
116.224.253.72 - - [13/May/2021:09:01:39 +0800] "POST /xingrg/kc/buy/cgsh_order_operate.html HTTP/1.1" 200 8245
116.224.253.72 - - [13/May/2021:09:01:39 +0800] "POST /xingrg/kc/buy/cgsh_list_operate.html HTTP/1.1" 200 876
222.69.129.194 - - [13/May/2021:09:01:39 +0800] "GET /xingrg/kc/buy/cgsh_order_operate.html?command=get_materiel&rest_code=00149&code=00101008132&supplier_code=00100005&order_time=2021-05-13 HTTP/1.1" 200 408
116.224.253.72 - - [13/May/2021:09:01:40 +0800] "GET /xingrg/javascript/auto/indicator.gif HTTP/1.1" 404 1066
116.224.253.72 - - [13/May/2021:09:01:42 +0800] "GET /xingrg/javascript/pic_change.js HTTP/1.1" 304 -
116.224.253.72 - - [13/May/2021:09:01:42 +0800] "GET /xingrg/javascript/jquery_tools/order_manager.js HTTP/1.1" 304 -
116.224.253.72 - - [13/May/2021:09:01:42 +0800] "GET /xingrg/javascript/convert.js HTTP/1.1" 304 -
116.224.253.72 - - [13/May/2021:09:01:43 +0800] "GET /xingrg/javascript/json2.js HTTP/1.1" 304 -
116.224.253.72 - - [13/May/2021:09:01:43 +0800] "GET /xingrg/javascript/print/kc_print.js HTTP/1.1" 304 -
116.224.253.72 - - [13/May/2021:09:01:43 +0800] "GET /xingrg/kc/buy/cgsh_order_add.html HTTP/1.1" 200 61965
116.224.253.72 - - [13/May/2021:09:01:43 +0800] "GET /xingrg/words/20210512180717_words.js HTTP/1.1" 200 812382
61.165.42.208 - - [13/May/2021:09:01:43 +0800] "GET /xingrg/all/function/internal_message.html?_=1620867701573&CODE_STATE=getMsg HTTP/1.1" 200 27
61.165.42.208 - - [13/May/2021:09:01:43 +0800] "GET /xingrg/kc/buy/cgsh_order_operate.html?command=get_materiel&rest_code=00105&code=00101007081&supplier_code=00100002&order_time=2021-05-13 HTTP/1.1" 200 413
116.224.253.72 - - [13/May/2021:09:01:43 +0800] "POST /xingrg/kc/buy/cgsh_order_operate.html HTTP/1.1" 200 8245
116.224.253.72 - - [13/May/2021:09:01:43 +0800] "GET /xingrg/all/common/auto_word.html?type=employee&rest_code=00150 HTTP/1.1" 200 205
116.224.253.72 - - [13/May/2021:09:01:43 +0800] "GET /xingrg/all/common/auto_word.html?type=employee&rest_code=00150 HTTP/1.1" 200 205
116.224.253.72 - - [13/May/2021:09:01:43 +0800] "GET /xingrg/javascript/easyui/themes/default/validatebox.css HTTP/1.1" 404 1104
116.224.253.72 - - [13/May/2021:09:01:43 +0800] "GET /xingrg/javascript/easyui/plugins/jquery.validatebox.js HTTP/1.1" 304 -
116.224.253.72 - - [13/May/2021:09:01:43 +0800] "GET /xingrg/javascript/easyui/plugins/jquery.numberbox.js HTTP/1.1" 304 -
116.224.253.72 - - [13/May/2021:09:01:44 +0800] "GET /xingrg/javascript/auto/indicator.gif HTTP/1.1" 404 1066
116.224.253.72 - - [13/May/2021:09:01:48 +0800] "GET /xingrg/kc/buy/cgsh_order_operate.html?command=get_materiel&rest_code=00150&code=00101008091&supplier_code=00100007&order_time=2021-05-13 HTTP/1.1" 200 412
116.230.114.112 - - [13/May/2021:09:01:48 +0800] "GET /xingrg/check_reg.html?_=1620867719507 HTTP/1.1" 200 22
116.224.253.72 - - [13/May/2021:09:01:51 +0800] "GET /xingrg/kc/buy/cgsh_order_operate.html?command=get_materiel&rest_code=00150&code=00101011005&supplier_code=00100047&order_time=2021-05-13 HTTP/1.1" 200 428
61.165.42.208 - - [13/May/2021:09:01:53 +0800] "POST /xingrg/kc/buy/cgsh_order_operate.html HTTP/1.1" 200 37
222.69.129.194 - - [13/May/2021:09:01:55 +0800] "GET /xingrg/kc/buy/cgsh_order_operate.html?command=get_materiel&rest_code=00149&code=00101008257&supplier_code=00100005&order_time=2021-05-13 HTTP/1.1" 200 416
116.230.114.112 - - [13/May/2021:09:01:55 +0800] "GET /xingrg/all/function/internal_message.html?_=1620867727276&CODE_STATE=getMsg HTTP/1.1" 200 27
61.165.42.208 - - [13/May/2021:09:01:56 +0800] "POST /xingrg/kc/buy/cgsh_order_operate.html HTTP/1.1" 200 3834
116.224.253.72 - - [13/May/2021:09:01:57 +0800] "GET /xingrg/kc/buy/cgsh_order_operate.html?command=get_materiel&rest_code=00150&code=00101008132&supplier_code=00100007&order_time=2021-05-13 HTTP/1.1" 200 408
116.224.253.72 - - [13/May/2021:09:02:01 +0800] "POST /xingrg/kc/buy/cgsh_order_operate.html HTTP/1.1" 200 37
116.230.76.31 - - [13/May/2021:09:02:02 +0800] "GET /xingrg/check_reg.html?_=1620867720342 HTTP/1.1" 200 22
116.230.76.31 - - [13/May/2021:09:02:02 +0800] "GET /xingrg/all/function/internal_message.html?_=1620867720351&CODE_STATE=getMsg HTTP/1.1" 200 27
222.69.129.194 - - [13/May/2021:09:02:04 +0800] "GET /xingrg/kc/buy/cgsh_order_operate.html?command=get_materiel&rest_code=00149&code=00101008155&supplier_code=00100005&order_time=2021-05-13 HTTP/1.1" 200 408
116.224.253.72 - - [13/May/2021:09:02:04 +0800] "POST /xingrg/kc/buy/cgsh_order_operate.html HTTP/1.1" 200 12
116.224.253.72 - - [13/May/2021:09:02:05 +0800] "GET /xingrg/kc/buy/cgsh_order_info.html?code=212021051305414 HTTP/1.1" 200 56871
116.224.253.72 - - [13/May/2021:09:02:06 +0800] "GET /xingrg/javascript/easyui/themes/default/validatebox.css HTTP/1.1" 404 1104
116.224.253.72 - - [13/May/2021:09:02:06 +0800] "POST /xingrg/kc/buy/cgsh_order_operate.html HTTP/1.1" 200 606
116.224.253.72 - - [13/May/2021:09:02:07 +0800] "GET /xingrg/kc/print/load_config.html?kc_code=cgsh HTTP/1.1" 200 1845
116.224.253.72 - - [13/May/2021:09:02:07 +0800] "GET /xingrg/kc/print/load_data.html?order_code=212021051305414&kc_code=cgsh&condition= HTTP/1.1" 200 783
180.169.147.146 - - [13/May/2021:09:02:17 +0800] "GET /xingrg/all/function/internal_message.html?_=1620867737392&CODE_STATE=getMsg HTTP/1.1" 200 27
116.224.253.72 - - [13/May/2021:09:02:17 +0800] "GET /xingrg/kc/buy/cgsh_order_operate.html?command=get_materiel&rest_code=00150&code=00101008257&supplier_code=00100007&order_time=2021-05-13 HTTP/1.1" 200 416
222.69.129.194 - - [13/May/2021:09:02:20 +0800] "GET /xingrg/kc/buy/cgsh_order_operate.html?command=get_materiel&rest_code=00149&code=00101008331&supplier_code=00100005&order_time=2021-05-13 HTTP/1.1" 200 416
116.224.253.72 - - [13/May/2021:09:02:22 +0800] "GET /xingrg/kc/buy/cgsh_order_add.html HTTP/1.1" 200 61965
116.224.253.72 - - [13/May/2021:09:02:22 +0800] "POST /xingrg/kc/buy/cgsh_order_operate.html HTTP/1.1" 200 8245
116.224.253.72 - - [13/May/2021:09:02:22 +0800] "GET /xingrg/javascript/easyui/themes/default/validatebox.css HTTP/1.1" 404 1104
116.224.253.72 - - [13/May/2021:09:02:23 +0800] "GET /xingrg/all/function/internal_message.html?_=1620867729041&CODE_STATE=getMsg HTTP/1.1" 200 27
222.69.129.194 - - [13/May/2021:09:02:26 +0800] "GET /xingrg/all/function/internal_message.html?_=1620867744277&CODE_STATE=getMsg HTTP/1.1" 200 27
222.69.129.194 - - [13/May/2021:09:02:29 +0800] "GET /xingrg/kc/buy/cgsh_order_operate.html?command=get_materiel&rest_code=00149&code=00101008349&supplier_code=00100005&order_time=2021-05-13 HTTP/1.1" 200 412
116.224.253.72 - - [13/May/2021:09:02:33 +0800] "GET /xingrg/kc/buy/cgsh_order_operate.html?command=get_materiel&rest_code=00150&code=00101008332&supplier_code=00100007&order_time=2021-05-13 HTTP/1.1" 200 412
116.224.253.72 - - [13/May/2021:09:02:33 +0800] "GET /xingrg/all/function/internal_message.html?_=1620867739056&CODE_STATE=getMsg HTTP/1.1" 200 27
116.224.253.72 - - [13/May/2021:09:02:33 +0800] "GET /xingrg/all/function/internal_message.html?_=1620867752412&CODE_STATE=getMsg HTTP/1.1" 200 27
116.224.253.72 - - [13/May/2021:09:02:35 +0800] "GET /xingrg/kc/buy/cgsh_order_operate.html?command=get_materiel&rest_code=00150&code=00101009001&supplier_code=00100424&order_time=2021-05-13 HTTP/1.1" 200 416
180.161.124.236 - - [13/May/2021:09:02:37 +0800] "GET /xingrg/check_reg.html?_=1620867714182 HTTP/1.1" 200 22
180.161.124.236 - - [13/May/2021:09:02:39 +0800] "GET /xingrg/all/function/internal_message.html?_=1620867716041&CODE_STATE=getMsg HTTP/1.1" 200 27
222.69.129.194 - - [13/May/2021:09:02:40 +0800] "GET /xingrg/kc/buy/cgsh_order_operate.html?command=get_materiel&rest_code=00149&code=00101008350&supplier_code=00100005&order_time=2021-05-13 HTTP/1.1" 200 408
116.224.253.72 - - [13/May/2021:09:02:42 +0800] "GET /xingrg/kc/buy/cgsh_order_operate.html?command=get_materiel&rest_code=00150&code=00101020139&supplier_code=00100007&order_time=2021-05-13 HTTP/1.1" 200 452
61.165.42.208 - - [13/May/2021:09:02:43 +0800] "GET /xingrg/all/function/internal_message.html?_=1620867761573&CODE_STATE=getMsg HTTP/1.1" 200 27
116.224.253.72 - - [13/May/2021:09:02:46 +0800] "GET /xingrg/kc/buy/cgsh_order_operate.html?command=get_materiel&rest_code=00150&code=00101009062&supplier_code=00100424&order_time=2021-05-13 HTTP/1.1" 200 432
116.224.253.72 - - [13/May/2021:09:02:53 +0800] "GET /xingrg/kc/buy/cgsh_order_operate.html?command=get_materiel&rest_code=00150&code=00101009011&supplier_code=00100424&order_time=2021-05-13 HTTP/1.1" 200 416
116.230.114.112 - - [13/May/2021:09:02:56 +0800] "GET /xingrg/all/function/internal_message.html?_=1620867787289&CODE_STATE=getMsg HTTP/1.1" 200 27
61.165.42.208 - - [13/May/2021:09:02:56 +0800] "GET /xingrg/kc/print/load_data.html?order_code=212021051305413&kc_code=cgsh&condition= HTTP/1.1" 200 1184
222.69.129.194 - - [13/May/2021:09:02:57 +0800] "GET /xingrg/kc/buy/cgsh_order_operate.html?command=get_materiel&rest_code=00149&code=00101008185&supplier_code=00100005&order_time=2021-05-13 HTTP/1.1" 200 428
116.224.253.72 - - [13/May/2021:09:02:59 +0800] "GET /xingrg/kc/buy/cgsh_order_operate.html?command=get_materiel&rest_code=00150&code=00101009124&supplier_code=00100424&order_time=2021-05-13 HTTP/1.1" 200 402
116.230.76.31 - - [13/May/2021:09:03:02 +0800] "GET /xingrg/all/function/internal_message.html?_=1620867780353&CODE_STATE=getMsg HTTP/1.1" 200 27
116.224.253.72 - - [13/May/2021:09:03:07 +0800] "GET /xingrg/kc/buy/cgsh_order_operate.html?command=get_materiel&rest_code=00150&code=00101009016&supplier_code=00100424&order_time=2021-05-13 HTTP/1.1" 200 412
222.69.129.194 - - [13/May/2021:09:03:13 +0800] "GET /xingrg/kc/buy/cgsh_order_operate.html?command=get_materiel&rest_code=00149&code=00101008354&supplier_code=00100005&order_time=2021-05-13 HTTP/1.1" 200 412
116.224.253.72 - - [13/May/2021:09:03:13 +0800] "POST /xingrg/all/common/load_select.html HTTP/1.1" 200 25
222.69.129.194 - - [13/May/2021:09:03:16 +0800] "POST /xingrg/kc/buy/cgsh_order_operate.html HTTP/1.1" 200 2065
116.224.253.72 - - [13/May/2021:09:03:16 +0800] "GET /xingrg/kc/buy/cgsh_order_operate.html?command=get_materiel_price&rest_code=00150&code=00101020139&unit_code=00100041&supplier_code=00100007&order_time=2021-05-13 HTTP/1.1" 200 29
180.169.147.146 - - [13/May/2021:09:03:17 +0800] "GET /xingrg/all/function/internal_message.html?_=1620867797395&CODE_STATE=getMsg HTTP/1.1" 200 27
222.69.129.194 - - [13/May/2021:09:03:22 +0800] "GET /xingrg/kc/buy/cgsh_order_operate.html?command=get_materiel&rest_code=00149&code=00101008010&supplier_code=00100005&order_time=2021-05-13 HTTP/1.1" 200 412
116.224.253.72 - - [13/May/2021:09:03:23 +0800] "GET /xingrg/all/function/internal_message.html?_=1620867789074&CODE_STATE=getMsg HTTP/1.1" 200 27
116.224.253.72 - - [13/May/2021:09:03:26 +0800] "GET /xingrg/kc/buy/cgsh_order_operate.html?command=get_materiel&rest_code=00150&code=00101008010&supplier_code=00100007&order_time=2021-05-13 HTTP/1.1" 200 412
222.69.129.194 - - [13/May/2021:09:03:26 +0800] "GET /xingrg/all/function/internal_message.html?_=1620867804277&CODE_STATE=getMsg HTTP/1.1" 200 27
222.69.129.194 - - [13/May/2021:09:03:26 +0800] "GET /xingrg/check_reg.html?_=1620867804281 HTTP/1.1" 200 22
222.69.129.194 - - [13/May/2021:09:03:32 +0800] "GET /xingrg/kc/buy/cgsh_order_operate.html?command=get_materiel&rest_code=00149&code=00101008028&supplier_code=00100005&order_time=2021-05-13 HTTP/1.1" 200 412
58.221.95.50 - - [13/May/2021:09:03:33 +0800] "GET /xingrg/check_reg.html?_=1620867812762 HTTP/1.1" 302 -
116.224.253.72 - - [13/May/2021:09:03:33 +0800] "GET /xingrg/all/function/internal_message.html?_=1620867799069&CODE_STATE=getMsg HTTP/1.1" 200 27
116.224.253.72 - - [13/May/2021:09:03:33 +0800] "GET /xingrg/all/function/internal_message.html?_=1620867812430&CODE_STATE=getMsg HTTP/1.1" 200 27
180.161.124.236 - - [13/May/2021:09:03:39 +0800] "GET /xingrg/all/function/internal_message.html?_=1620867776054&CODE_STATE=getMsg HTTP/1.1" 200 27
222.69.129.194 - - [13/May/2021:09:03:42 +0800] "GET /xingrg/kc/buy/cgsh_order_operate.html?command=get_materiel&rest_code=00149&code=00101008186&supplier_code=00100005&order_time=2021-05-13 HTTP/1.1" 200 408
61.165.42.208 - - [13/May/2021:09:03:43 +0800] "GET /xingrg/all/function/internal_message.html?_=1620867821555&CODE_STATE=getMsg HTTP/1.1" 200 27
61.165.42.208 - - [13/May/2021:09:03:43 +0800] "GET /xingrg/check_reg.html?_=1620867821557 HTTP/1.1" 200 22
116.224.253.72 - - [13/May/2021:09:03:45 +0800] "GET /xingrg/kc/buy/cgsh_order_operate.html?command=get_materiel&rest_code=00150&code=00101009013&supplier_code=00100424&order_time=2021-05-13 HTTP/1.1" 200 420
116.224.253.72 - - [13/May/2021:09:03:52 +0800] "POST /xingrg/kc/buy/cgsh_order_operate.html HTTP/1.1" 200 37
116.224.253.72 - - [13/May/2021:09:03:53 +0800] "GET /xingrg/kc/buy/cgsh_order_operate.html?command=get_materiel&rest_code=00150&code=00101008185&supplier_code=00100007&order_time=2021-05-13 HTTP/1.1" 200 428
116.224.253.72 - - [13/May/2021:09:03:54 +0800] "POST /xingrg/kc/buy/cgsh_order_operate.html HTTP/1.1" 200 6820
222.69.129.194 - - [13/May/2021:09:03:54 +0800] "GET /xingrg/kc/buy/cgsh_order_operate.html?command=get_materiel&rest_code=00149&code=00101008038&supplier_code=00100005&order_time=2021-05-13 HTTP/1.1" 200 412
116.230.114.112 - - [13/May/2021:09:03:56 +0800] "GET /xingrg/all/function/internal_message.html?_=1620867847507&CODE_STATE=getMsg HTTP/1.1" 200 27
116.224.253.72 - - [13/May/2021:09:04:01 +0800] "GET /xingrg/kc/buy/cgsh_order_operate.html?command=get_materiel&rest_code=00150&code=00101008026&supplier_code=00100007&order_time=2021-05-13 HTTP/1.1" 200 409
116.230.76.31 - - [13/May/2021:09:04:02 +0800] "GET /xingrg/all/function/internal_message.html?_=1620867840357&CODE_STATE=getMsg HTTP/1.1" 200 27
222.69.129.194 - - [13/May/2021:09:04:02 +0800] "GET /xingrg/kc/buy/cgsh_order_operate.html?command=get_materiel&rest_code=00149&code=00101008283&supplier_code=00100005&order_time=2021-05-13 HTTP/1.1" 200 408
116.224.253.72 - - [13/May/2021:09:04:04 +0800] "POST /xingrg/all/user/operate.html HTTP/1.1" 200 36
116.224.253.72 - - [13/May/2021:09:04:04 +0800] "GET /xingrg/javascript/jquery_easy_ui/themes/default/easyui.css HTTP/1.1" 304 -
116.224.253.72 - - [13/May/2021:09:04:04 +0800] "GET /xingrg/index.html?sysBaseUrl=http%3A%2F%2F180.169.147.146%3A18081%2Fxingrg%2F&costTime=43×tamp=1620867632426 HTTP/1.1" 200 17177
116.224.253.72 - - [13/May/2021:09:04:04 +0800] "GET /xingrg/javascript/jquery_easy_ui/themes/icon.css HTTP/1.1" 304 -
116.224.253.72 - - [13/May/2021:09:04:04 +0800] "GET /xingrg/css/form.css HTTP/1.1" 304 -
116.224.253.72 - - [13/May/2021:09:04:04 +0800] "GET /xingrg/javascript/jquery-1.4.2.min.js HTTP/1.1" 304 -
116.224.253.72 - - [13/May/2021:09:04:04 +0800] "GET /xingrg/javascript/jquery_easy_ui/jquery.easyui.min.js HTTP/1.1" 304 -
116.224.253.72 - - [13/May/2021:09:04:04 +0800] "GET /xingrg/javascript/jquery_easy_ui/easyui-lang-zh_CN.js HTTP/1.1" 304 -
116.224.253.72 - - [13/May/2021:09:04:04 +0800] "GET /xingrg/javascript/jquery.form.js HTTP/1.1" 304 -
116.224.253.72 - - [13/May/2021:09:04:04 +0800] "GET /xingrg/javascript/jquery.utils.js HTTP/1.1" 304 -
116.224.253.72 - - [13/May/2021:09:04:04 +0800] "GET /xingrg/javascript/jquery.timers.js HTTP/1.1" 304 -
116.224.253.72 - - [13/May/2021:09:04:04 +0800] "GET /xingrg/images/blue/navBackgound.jpg HTTP/1.1" 304 -
116.224.253.72 - - [13/May/2021:09:04:04 +0800] "GET /xingrg/images/blue/jxLogo.png HTTP/1.1" 304 -
116.224.253.72 - - [13/May/2021:09:04:04 +0800] "GET /xingrg/javascript/jquery_easy_ui/themes/icons/settle_new.png HTTP/1.1" 304 -
116.224.253.72 - - [13/May/2021:09:04:04 +0800] "POST /xingrg/all/common/load_tree.html?tree=area_rest_tree_json&manage=1 HTTP/1.1" 200 476
116.224.253.72 - - [13/May/2021:09:04:04 +0800] "GET /xingrg/images/blue/pingpu.png HTTP/1.1" 304 -
116.224.253.72 - - [13/May/2021:09:04:04 +0800] "GET /xingrg/javascript/jquery_easy_ui/themes/default/images/tabs_leftarrow.png HTTP/1.1" 304 -
116.224.253.72 - - [13/May/2021:09:04:04 +0800] "GET /xingrg/javascript/jquery_easy_ui/themes/default/images/tabs_rightarrow.png HTTP/1.1" 304 -
116.224.253.72 - - [13/May/2021:09:04:04 +0800] "GET /xingrg/javascript/jquery_easy_ui/themes/default/images/panel_tool_collapse.gif HTTP/1.1" 304 -
116.224.253.72 - - [13/May/2021:09:04:04 +0800] "GET /xingrg/all/function/internal_message.html?_=1620867830637&CODE_STATE=count HTTP/1.1" 200 11
116.224.253.72 - - [13/May/2021:09:04:04 +0800] "GET /xingrg/check_reg.html?_=1620867830638 HTTP/1.1" 200 22
116.224.253.72 - - [13/May/2021:09:04:04 +0800] "POST /xingrg/load_menu.html HTTP/1.1" 200 5138
116.224.253.72 - - [13/May/2021:09:04:07 +0800] "GET /xingrg/kc/buy/cgsh_order_list.html HTTP/1.1" 200 46295
222.69.129.194 - - [13/May/2021:09:04:07 +0800] "POST /xingrg/kc/buy/cgsh_order_operate.html HTTP/1.1" 200 2065
116.224.253.72 - - [13/May/2021:09:04:08 +0800] "POST /xingrg/kc/buy/cgsh_list_operate.html HTTP/1.1" 200 876
116.224.253.72 - - [13/May/2021:09:04:09 +0800] "GET /xingrg/kc/buy/cgsh_order_add.html HTTP/1.1" 200 61683
116.224.253.72 - - [13/May/2021:09:04:09 +0800] "POST /xingrg/kc/buy/cgsh_order_operate.html HTTP/1.1" 200 8245
116.224.253.72 - - [13/May/2021:09:04:09 +0800] "GET /xingrg/all/common/auto_word.html?type=employee&rest_code=00151 HTTP/1.1" 200 243
116.224.253.72 - - [13/May/2021:09:04:09 +0800] "GET /xingrg/all/common/auto_word.html?type=employee&rest_code=00151 HTTP/1.1" 200 243
116.224.253.72 - - [13/May/2021:09:04:10 +0800] "GET /xingrg/javascript/easyui/themes/default/validatebox.css HTTP/1.1" 404 1104
116.224.253.72 - - [13/May/2021:09:04:11 +0800] "GET /xingrg/javascript/auto/indicator.gif HTTP/1.1" 404 1066
222.69.129.194 - - [13/May/2021:09:04:14 +0800] "GET /xingrg/kc/buy/cgsh_order_operate.html?command=get_materiel&rest_code=00149&code=00101008163&supplier_code=00100005&order_time=2021-05-13 HTTP/1.1" 200 408
116.224.253.72 - - [13/May/2021:09:04:14 +0800] "GET /xingrg/kc/buy/cgsh_order_operate.html?command=get_materiel&rest_code=00150&code=00101008096&supplier_code=00100007&order_time=2021-05-13 HTTP/1.1" 200 412
180.169.147.146 - - [13/May/2021:09:04:17 +0800] "GET /xingrg/all/function/internal_message.html?_=1620867857395&CODE_STATE=getMsg HTTP/1.1" 200 27
116.224.253.72 - - [13/May/2021:09:04:19 +0800] "GET /xingrg/kc/buy/cgsh_order_operate.html?command=get_materiel&rest_code=00151&code=00101011005&supplier_code=00100047&order_time=2021-05-13 HTTP/1.1" 200 428
222.69.129.194 - - [13/May/2021:09:04:22 +0800] "GET /xingrg/kc/buy/cgsh_order_operate.html?command=get_materiel&rest_code=00149&code=00101008224&supplier_code=00100005&order_time=2021-05-13 HTTP/1.1" 200 416
116.224.253.72 - - [13/May/2021:09:04:23 +0800] "GET /xingrg/all/function/internal_message.html?_=1620867849084&CODE_STATE=getMsg HTTP/1.1" 200 27
116.224.253.72 - - [13/May/2021:09:04:24 +0800] "GET /xingrg/kc/buy/cgsh_order_operate.html?command=get_materiel&rest_code=00150&code=00101008199&supplier_code=00100007&order_time=2021-05-13 HTTP/1.1" 200 408
222.69.129.194 - - [13/May/2021:09:04:26 +0800] "GET /xingrg/all/function/internal_message.html?_=1620867864281&CODE_STATE=getMsg HTTP/1.1" 200 27
116.224.253.72 - - [13/May/2021:09:04:28 +0800] "GET /xingrg/kc/buy/cgsh_order_operate.html?command=get_materiel&rest_code=00151&code=00101011001&supplier_code=00100047&order_time=2021-05-13 HTTP/1.1" 200 423
116.224.253.72 - - [13/May/2021:09:04:30 +0800] "GET /xingrg/kc/buy/cgsh_order_operate.html?command=get_materiel&rest_code=00150&code=00101008163&supplier_code=00100007&order_time=2021-05-13 HTTP/1.1" 200 408
222.69.129.194 - - [13/May/2021:09:04:32 +0800] "GET /xingrg/kc/buy/cgsh_order_operate.html?command=get_materiel&rest_code=00149&code=00101008211&supplier_code=00100005&order_time=2021-05-13 HTTP/1.1" 200 412
116.224.253.72 - - [13/May/2021:09:04:33 +0800] "GET /xingrg/all/function/internal_message.html?_=1620867872431&CODE_STATE=getMsg HTTP/1.1" 200 27
116.224.253.72 - - [13/May/2021:09:04:34 +0800] "GET /xingrg/kc/buy/cgsh_order_operate.html?command=get_materiel&rest_code=00151&code=00101011010&supplier_code=00100047&order_time=2021-05-13 HTTP/1.1" 200 439
116.224.253.72 - - [13/May/2021:09:04:38 +0800] "GET /xingrg/kc/buy/cgsh_order_operate.html?command=get_materiel&rest_code=00150&code=00101008141&supplier_code=00100007&order_time=2021-05-13 HTTP/1.1" 200 412
180.169.147.146 - - [13/May/2021:09:04:39 +0800] "GET /xingrg/kc/report/report_main.html HTTP/1.1" 200 9370
180.161.124.236 - - [13/May/2021:09:04:39 +0800] "GET /xingrg/all/function/internal_message.html?_=1620867836069&CODE_STATE=getMsg HTTP/1.1" 200 27
180.169.147.146 - - [13/May/2021:09:04:40 +0800] "GET /xingrg/all/report/report_query.html?fileName=kc/buy/gys_amount_base_rest.xml HTTP/1.1" 200 51664
180.169.147.146 - - [13/May/2021:09:04:40 +0800] "GET /xingrg/dwr/interface/AjaxReportQueryService.js HTTP/1.1" 200 13203
180.169.147.146 - - [13/May/2021:09:04:40 +0800] "GET /xingrg/dwr/engine.js HTTP/1.1" 200 43631
180.169.147.146 - - [13/May/2021:09:04:40 +0800] "POST /xingrg/dwr/call/plaincall/AjaxReportQueryService.getFixDate.dwr HTTP/1.1" 200 111
180.169.147.146 - - [13/May/2021:09:04:40 +0800] "POST /xingrg/all/common/load_tree.html?tree=area_rest_tree_json&manage=1 HTTP/1.1" 200 3216
180.169.147.146 - - [13/May/2021:09:04:41 +0800] "POST /xingrg/all/common/load_tree.html?tree=supplier_tree_json&manage=1 HTTP/1.1" 200 56175
61.165.42.208 - - [13/May/2021:09:04:43 +0800] "GET /xingrg/all/function/internal_message.html?_=1620867881548&CODE_STATE=getMsg HTTP/1.1" 200 27
180.169.147.146 - - [13/May/2021:09:04:43 +0800] "POST /xingrg/dwr/call/plaincall/AjaxReportQueryService.getFixDate.dwr HTTP/1.1" 200 111
116.230.76.31 - - [13/May/2021:09:04:44 +0800] "GET /xingrg/kc/buy/cgsh_order_add.html HTTP/1.1" 200 62117
116.224.253.72 - - [13/May/2021:09:04:44 +0800] "GET /xingrg/kc/buy/cgsh_order_operate.html?command=get_materiel&rest_code=00150&code=00101008126&supplier_code=00100007&order_time=2021-05-13 HTTP/1.1" 200 412
116.230.76.31 - - [13/May/2021:09:04:45 +0800] "GET /xingrg/javascript/easyui/themes/default/validatebox.css HTTP/1.1" 404 1104
116.230.76.31 - - [13/May/2021:09:04:45 +0800] "POST /xingrg/kc/buy/cgsh_order_operate.html HTTP/1.1" 200 8245
116.230.76.31 - - [13/May/2021:09:04:46 +0800] "GET /xingrg/javascript/easyui/themes/default/tree.css HTTP/1.1" 404 1090
116.224.253.72 - - [13/May/2021:09:04:46 +0800] "POST /xingrg/kc/buy/cgsh_order_operate.html HTTP/1.1" 200 37
222.69.129.194 - - [13/May/2021:09:04:46 +0800] "GET /xingrg/kc/buy/cgsh_order_operate.html?command=get_materiel&rest_code=00149&code=00101008370&supplier_code=00100005&order_time=2021-05-13 HTTP/1.1" 200 412
116.230.76.31 - - [13/May/2021:09:04:46 +0800] "POST /xingrg/all/common/load_tree.html?tree=supplier_tree_json&isDelete=1 HTTP/1.1" 200 55318
116.224.253.72 - - [13/May/2021:09:04:49 +0800] "POST /xingrg/kc/buy/cgsh_order_operate.html HTTP/1.1" 200 12
116.224.253.72 - - [13/May/2021:09:04:50 +0800] "GET /xingrg/kc/buy/cgsh_order_operate.html?command=get_materiel&rest_code=00150&code=00101008087&supplier_code=00100007&order_time=2021-05-13 HTTP/1.1" 200 412
116.224.253.72 - - [13/May/2021:09:04:51 +0800] "GET /xingrg/kc/buy/cgsh_order_info.html?code=212021051305416 HTTP/1.1" 200 56589
116.224.253.72 - - [13/May/2021:09:04:52 +0800] "GET /xingrg/javascript/easyui/themes/default/validatebox.css HTTP/1.1" 404 1104
116.224.253.72 - - [13/May/2021:09:04:52 +0800] "POST /xingrg/kc/buy/cgsh_order_operate.html HTTP/1.1" 200 1828
180.169.147.146 - - [13/May/2021:09:04:53 +0800] "POST /xingrg/dwr/call/plaincall/AjaxReportQueryService.refreshCache.dwr HTTP/1.1" 200 78
116.224.253.72 - - [13/May/2021:09:04:54 +0800] "GET /xingrg/kc/print/load_data.html?order_code=212021051305416&kc_code=cgsh&condition= HTTP/1.1" 200 1268
222.69.129.194 - - [13/May/2021:09:04:55 +0800] "GET /xingrg/kc/buy/cgsh_order_operate.html?command=get_materiel&rest_code=00149&code=00101008087&supplier_code=00100005&order_time=2021-05-13 HTTP/1.1" 200 412
180.169.147.146 - - [13/May/2021:09:04:56 +0800] "POST /xingrg/all/report/load_report_page.html HTTP/1.1" 200 48205
180.169.147.146 - - [13/May/2021:09:04:56 +0800] "GET /xingrg/servlets/image?cache=0.8649355309731868&image=px HTTP/1.1" 200 807
116.230.114.112 - - [13/May/2021:09:04:56 +0800] "GET /xingrg/all/function/internal_message.html?_=1620867907519&CODE_STATE=getMsg HTTP/1.1" 200 27
116.224.253.72 - - [13/May/2021:09:04:57 +0800] "GET /xingrg/kc/buy/cgsh_order_operate.html?command=get_materiel&rest_code=00150&code=00101008361&supplier_code=00100007&order_time=2021-05-13 HTTP/1.1" 200 408
180.169.147.146 - - [13/May/2021:09:05:00 +0800] "POST /xingrg/all/report/report_print.html HTTP/1.1" 200 7168
116.230.76.31 - - [13/May/2021:09:05:02 +0800] "GET /xingrg/all/function/internal_message.html?_=1620867900362&CODE_STATE=getMsg HTTP/1.1" 200 27
222.69.129.194 - - [13/May/2021:09:05:04 +0800] "POST /xingrg/kc/buy/cgsh_order_operate.html HTTP/1.1" 200 2065
116.224.253.72 - - [13/May/2021:09:05:04 +0800] "GET /xingrg/all/function/internal_message.html?_=1620867890642&CODE_STATE=getMsg HTTP/1.1" 200 27
116.224.253.72 - - [13/May/2021:09:05:09 +0800] "GET /xingrg/kc/buy/cgsh_order_operate.html?command=get_materiel&rest_code=00150&code=00101008144&supplier_code=00100007&order_time=2021-05-13 HTTP/1.1" 200 412
222.69.129.194 - - [13/May/2021:09:05:12 +0800] "GET /xingrg/kc/buy/cgsh_order_operate.html?command=get_materiel&rest_code=00149&code=00101008355&supplier_code=00100005&order_time=2021-05-13 HTTP/1.1" 200 408
116.224.253.72 - - [13/May/2021:09:05:15 +0800] "GET /xingrg/kc/buy/cgsh_order_operate.html?command=get_materiel&rest_code=00150&code=00101008264&supplier_code=00100007&order_time=2021-05-13 HTTP/1.1" 200 412
180.169.147.146 - - [13/May/2021:09:05:17 +0800] "GET /xingrg/check_reg.html?_=1620867917395 HTTP/1.1" 200 22
180.169.147.146 - - [13/May/2021:09:05:17 +0800] "GET /xingrg/all/function/internal_message.html?_=1620867917401&CODE_STATE=getMsg HTTP/1.1" 200 27
116.224.253.72 - - [13/May/2021:09:05:23 +0800] "GET /xingrg/all/function/internal_message.html?_=1620867909125&CODE_STATE=getMsg HTTP/1.1" 200 27
222.69.129.194 - - [13/May/2021:09:05:25 +0800] "GET /xingrg/kc/buy/cgsh_order_operate.html?command=get_materiel&rest_code=00149&code=00101008144&supplier_code=00100005&order_time=2021-05-13 HTTP/1.1" 200 412
222.69.129.194 - - [13/May/2021:09:05:26 +0800] "GET /xingrg/all/function/internal_message.html?_=1620867924256&CODE_STATE=getMsg HTTP/1.1" 200 27
116.224.253.72 - - [13/May/2021:09:05:33 +0800] "GET /xingrg/all/function/internal_message.html?_=1620867932438&CODE_STATE=getMsg HTTP/1.1" 200 27
180.161.124.236 - - [13/May/2021:09:05:39 +0800] "GET /xingrg/all/function/internal_message.html?_=1620867896303&CODE_STATE=getMsg HTTP/1.1" 200 27
222.69.129.194 - - [13/May/2021:09:05:39 +0800] "GET /xingrg/kc/buy/cgsh_order_operate.html?command=get_materiel&rest_code=00149&code=00101008264&supplier_code=00100005&order_time=2021-05-13 HTTP/1.1" 200 412
61.165.42.208 - - [13/May/2021:09:05:43 +0800] "GET /xingrg/all/function/internal_message.html?_=1620867941548&CODE_STATE=getMsg HTTP/1.1" 200 27
116.224.253.72 - - [13/May/2021:09:05:47 +0800] "GET /xingrg/kc/buy/cgsh_order_add.html HTTP/1.1" 200 61683
116.224.253.72 - - [13/May/2021:09:05:47 +0800] "POST /xingrg/kc/buy/cgsh_order_operate.html HTTP/1.1" 200 8245
116.224.253.72 - - [13/May/2021:09:05:47 +0800] "GET /xingrg/javascript/easyui/themes/default/validatebox.css HTTP/1.1" 404 1104
222.69.129.194 - - [13/May/2021:09:05:48 +0800] "GET /xingrg/kc/buy/cgsh_order_operate.html?command=get_materiel&rest_code=00149&code=00101008024&supplier_code=00100005&order_time=2021-05-13 HTTP/1.1" 200 408
116.224.253.72 - - [13/May/2021:09:05:49 +0800] "GET /xingrg/kc/buy/cgsh_order_operate.html?command=get_materiel&rest_code=00150&code=00101008321&supplier_code=00100007&order_time=2021-05-13 HTTP/1.1" 200 412
116.230.114.112 - - [13/May/2021:09:05:56 +0800] "GET /xingrg/all/function/internal_message.html?_=1620867967721&CODE_STATE=getMsg HTTP/1.1" 200 27
116.230.76.31 - - [13/May/2021:09:06:02 +0800] "GET /xingrg/all/function/internal_message.html?_=1620867960370&CODE_STATE=getMsg HTTP/1.1" 200 27
222.69.129.194 - - [13/May/2021:09:06:03 +0800] "GET /xingrg/kc/buy/cgsh_order_operate.html?command=get_materiel&rest_code=00149&code=00101008356&supplier_code=00100005&order_time=2021-05-13 HTTP/1.1" 200 408
116.224.253.72 - - [13/May/2021:09:06:04 +0800] "GET /xingrg/all/function/internal_message.html?_=1620867950656&CODE_STATE=getMsg HTTP/1.1" 200 27
116.224.253.72 - - [13/May/2021:09:06:05 +0800] "GET /xingrg/check_reg.html?_=1620867951129 HTTP/1.1" 200 22
222.69.129.194 - - [13/May/2021:09:06:05 +0800] "POST /xingrg/kc/buy/cgsh_order_operate.html HTTP/1.1" 200 2065
116.230.76.31 - - [13/May/2021:09:06:05 +0800] "GET /xingrg/kc/buy/cgsh_order_operate.html?command=get_materiel&rest_code=00107&code=00101012029&supplier_code=00100033&order_time=2021-05-13 HTTP/1.1" 200 412
180.169.147.146 - - [13/May/2021:09:06:17 +0800] "GET /xingrg/all/function/internal_message.html?_=1620867977402&CODE_STATE=getMsg HTTP/1.1" 200 27
222.69.129.194 - - [13/May/2021:09:06:17 +0800] "GET /xingrg/kc/buy/cgsh_order_operate.html?command=get_materiel&rest_code=00149&code=00101008300&supplier_code=00100005&order_time=2021-05-13 HTTP/1.1" 200 412
116.224.253.72 - - [13/May/2021:09:06:23 +0800] "GET /xingrg/all/function/internal_message.html?_=1620867969141&CODE_STATE=getMsg HTTP/1.1" 200 27
222.69.129.194 - - [13/May/2021:09:06:26 +0800] "GET /xingrg/kc/buy/cgsh_order_operate.html?command=get_materiel&rest_code=00149&code=00101008439&supplier_code=00100005&order_time=2021-05-13 HTTP/1.1" 200 399
222.69.129.194 - - [13/May/2021:09:06:26 +0800] "GET /xingrg/all/function/internal_message.html?_=1620867984229&CODE_STATE=getMsg HTTP/1.1" 200 27
116.230.76.31 - - [13/May/2021:09:06:29 +0800] "GET /xingrg/kc/buy/cgsh_order_operate.html?command=get_materiel&rest_code=00107&code=00101020153&supplier_code=00100033&order_time=2021-05-13 HTTP/1.1" 200 408
116.224.253.72 - - [13/May/2021:09:06:33 +0800] "GET /xingrg/check_reg.html?_=1620867992424 HTTP/1.1" 200 22
116.224.253.72 - - [13/May/2021:09:06:33 +0800] "GET /xingrg/all/function/internal_message.html?_=1620867992429&CODE_STATE=getMsg HTTP/1.1" 200 27
116.224.253.72 - - [13/May/2021:09:06:37 +0800] "GET /xingrg/kc/buy/cgsh_order_operate.html?command=get_materiel&rest_code=00150&code=00101008356&supplier_code=00100007&order_time=2021-05-13 HTTP/1.1" 200 408
116.230.76.31 - - [13/May/2021:09:06:38 +0800] "GET /xingrg/kc/buy/cgsh_order_operate.html?command=get_materiel&rest_code=00107&code=00101010136&supplier_code=00100033&order_time=2021-05-13 HTTP/1.1" 200 428
180.161.124.236 - - [13/May/2021:09:06:39 +0800] "GET /xingrg/all/function/internal_message.html?_=1620867956314&CODE_STATE=getMsg HTTP/1.1" 200 27
61.165.42.208 - - [13/May/2021:09:06:43 +0800] "GET /xingrg/all/function/internal_message.html?_=1620868001548&CODE_STATE=getMsg HTTP/1.1" 200 27
222.69.129.194 - - [13/May/2021:09:06:44 +0800] "GET /xingrg/kc/buy/cgsh_order_operate.html?command=get_materiel&rest_code=00149&code=00101008059&supplier_code=00100005&order_time=2021-05-13 HTTP/1.1" 200 408
116.230.76.31 - - [13/May/2021:09:06:45 +0800] "GET /xingrg/kc/buy/cgsh_order_operate.html?command=get_materiel&rest_code=00107&code=00101012024&supplier_code=00100033&order_time=2021-05-13 HTTP/1.1" 200 408
116.230.114.112 - - [13/May/2021:09:06:48 +0800] "GET /xingrg/check_reg.html?_=1620868019512 HTTP/1.1" 200 22
116.230.114.112 - - [13/May/2021:09:06:56 +0800] "GET /xingrg/all/function/internal_message.html?_=1620868027733&CODE_STATE=getMsg HTTP/1.1" 200 27
222.69.129.194 - - [13/May/2021:09:06:57 +0800] "GET /xingrg/kc/buy/cgsh_order_operate.html?command=get_materiel&rest_code=00149&code=00101008223&supplier_code=00100005&order_time=2021-05-13 HTTP/1.1" 200 412
222.69.129.194 - - [13/May/2021:09:07:00 +0800] "POST /xingrg/kc/buy/cgsh_order_operate.html HTTP/1.1" 200 2065
116.230.76.31 - - [13/May/2021:09:07:01 +0800] "GET /xingrg/kc/buy/cgsh_order_operate.html?command=get_materiel&rest_code=00107&code=00101010248&supplier_code=00100033&order_time=2021-05-13 HTTP/1.1" 200 430
116.230.76.31 - - [13/May/2021:09:07:02 +0800] "GET /xingrg/all/function/internal_message.html?_=1620868020381&CODE_STATE=getMsg HTTP/1.1" 200 27
116.230.76.31 - - [13/May/2021:09:07:02 +0800] "GET /xingrg/check_reg.html?_=1620868020387 HTTP/1.1" 200 22
116.224.253.72 - - [13/May/2021:09:07:04 +0800] "GET /xingrg/all/function/internal_message.html?_=1620868010692&CODE_STATE=getMsg HTTP/1.1" 200 27
222.69.129.194 - - [13/May/2021:09:07:06 +0800] "GET /xingrg/kc/buy/cgsh_order_operate.html?command=get_materiel&rest_code=00149&code=00101008558&supplier_code=00100005&order_time=2021-05-13 HTTP/1.1" 200 395
116.230.76.31 - - [13/May/2021:09:07:14 +0800] "GET /xingrg/kc/buy/cgsh_order_operate.html?command=get_materiel&rest_code=00107&code=00101016080&supplier_code=00100033&order_time=2021-05-13 HTTP/1.1" 200 408
180.169.147.146 - - [13/May/2021:09:07:17 +0800] "GET /xingrg/all/function/internal_message.html?_=1620868037400&CODE_STATE=getMsg HTTP/1.1" 200 27
116.230.76.31 - - [13/May/2021:09:07:20 +0800] "POST /xingrg/kc/buy/cgsh_order_operate.html HTTP/1.1" 200 37
116.230.76.31 - - [13/May/2021:09:07:22 +0800] "POST /xingrg/kc/buy/cgsh_order_operate.html HTTP/1.1" 200 5618
116.224.253.72 - - [13/May/2021:09:07:23 +0800] "GET /xingrg/all/function/internal_message.html?_=1620868029155&CODE_STATE=getMsg HTTP/1.1" 200 27
116.230.76.31 - - [13/May/2021:09:07:24 +0800] "GET /xingrg/kc/print/load_data.html?order_code=212021051305417&kc_code=cgsh&condition= HTTP/1.1" 200 1842
116.224.253.72 - - [13/May/2021:09:07:25 +0800] "GET /xingrg/kc/buy/cgsh_order_operate.html?command=get_materiel&rest_code=00150&code=00101008300&supplier_code=00100007&order_time=2021-05-13 HTTP/1.1" 200 412
222.69.129.194 - - [13/May/2021:09:07:26 +0800] "GET /xingrg/all/function/internal_message.html?_=1620868044210&CODE_STATE=getMsg HTTP/1.1" 200 27
222.69.129.194 - - [13/May/2021:09:07:32 +0800] "GET /xingrg/kc/buy/cgsh_order_operate.html?command=get_materiel&rest_code=00149&code=00101008013&supplier_code=00100005&order_time=2021-05-13 HTTP/1.1" 200 408
116.224.253.72 - - [13/May/2021:09:07:33 +0800] "GET /xingrg/kc/buy/cgsh_order_operate.html?command=get_materiel&rest_code=00150&code=00101008362&supplier_code=00100007&order_time=2021-05-13 HTTP/1.1" 200 408
116.224.253.72 - - [13/May/2021:09:07:33 +0800] "GET /xingrg/all/function/internal_message.html?_=1620868052500&CODE_STATE=getMsg HTTP/1.1" 200 27
116.224.253.72 - - [13/May/2021:09:07:35 +0800] "POST /xingrg/kc/buy/cgsh_order_operate.html HTTP/1.1" 200 2065
180.161.124.236 - - [13/May/2021:09:07:37 +0800] "GET /xingrg/check_reg.html?_=1620868014375 HTTP/1.1" 200 22
180.161.124.236 - - [13/May/2021:09:07:39 +0800] "GET /xingrg/all/function/internal_message.html?_=1620868016327&CODE_STATE=getMsg HTTP/1.1" 200 27
116.224.253.72 - - [13/May/2021:09:07:39 +0800] "GET /xingrg/kc/buy/cgsh_order_operate.html?command=get_materiel&rest_code=00150&code=00101008360&supplier_code=00100007&order_time=2021-05-13 HTTP/1.1" 200 412
116.224.253.72 - - [13/May/2021:09:07:40 +0800] "GET /xingrg/kc/buy/cgsh_order_operate.html?command=get_materiel&rest_code=00151&code=00101012060&supplier_code=00100007&order_time=2021-05-13 HTTP/1.1" 200 408
222.69.129.194 - - [13/May/2021:09:07:41 +0800] "GET /xingrg/kc/buy/cgsh_order_operate.html?command=get_materiel&rest_code=00149&code=00101008357&supplier_code=00100005&order_time=2021-05-13 HTTP/1.1" 200 408
61.165.42.208 - - [13/May/2021:09:07:43 +0800] "GET /xingrg/all/function/internal_message.html?_=1620868061549&CODE_STATE=getMsg HTTP/1.1" 200 27
116.224.253.72 - - [13/May/2021:09:07:47 +0800] "GET /xingrg/kc/buy/cgsh_order_operate.html?command=get_materiel&rest_code=00150&code=00101008357&supplier_code=00100007&order_time=2021-05-13 HTTP/1.1" 200 408
116.224.253.72 - - [13/May/2021:09:07:50 +0800] "GET /xingrg/kc/buy/cgsh_order_operate.html?command=get_materiel&rest_code=00151&code=00101016038&supplier_code=00100007&order_time=2021-05-13 HTTP/1.1" 200 408
222.69.129.194 - - [13/May/2021:09:07:50 +0800] "GET /xingrg/kc/buy/cgsh_order_operate.html?command=get_materiel&rest_code=00149&code=00101008069&supplier_code=00100005&order_time=2021-05-13 HTTP/1.1" 200 412
116.224.253.72 - - [13/May/2021:09:07:53 +0800] "GET /xingrg/kc/buy/cgsh_order_operate.html?command=get_materiel&rest_code=00150&code=00101008036&supplier_code=00100007&order_time=2021-05-13 HTTP/1.1" 200 408
61.165.42.208 - - [13/May/2021:09:07:54 +0800] "GET /xingrg/kc/buy/cgsh_order_add.html HTTP/1.1" 200 62076
61.165.42.208 - - [13/May/2021:09:07:54 +0800] "POST /xingrg/kc/buy/cgsh_order_operate.html HTTP/1.1" 200 8245
61.165.42.208 - - [13/May/2021:09:07:54 +0800] "GET /xingrg/javascript/easyui/themes/default/validatebox.css HTTP/1.1" 404 1104
116.224.253.72 - - [13/May/2021:09:07:55 +0800] "GET /xingrg/kc/buy/cgsh_order_operate.html?command=get_materiel&rest_code=00151&code=00101008323&supplier_code=00100007&order_time=2021-05-13 HTTP/1.1" 200 408
116.230.114.112 - - [13/May/2021:09:07:56 +0800] "GET /xingrg/all/function/internal_message.html?_=1620868087748&CODE_STATE=getMsg HTTP/1.1" 200 27
61.165.42.208 - - [13/May/2021:09:08:02 +0800] "GET /xingrg/kc/buy/cgsh_order_operate.html?command=get_materiel&rest_code=00105&code=00101016071&supplier_code=00100034&order_time=2021-05-13 HTTP/1.1" 200 416
116.230.76.31 - - [13/May/2021:09:08:02 +0800] "GET /xingrg/all/function/internal_message.html?_=1620868080369&CODE_STATE=getMsg HTTP/1.1" 200 27
116.224.253.72 - - [13/May/2021:09:08:03 +0800] "GET /xingrg/kc/buy/cgsh_order_operate.html?command=get_materiel&rest_code=00151&code=00101008067&supplier_code=00100007&order_time=2021-05-13 HTTP/1.1" 200 416
116.224.253.72 - - [13/May/2021:09:08:04 +0800] "GET /xingrg/kc/buy/cgsh_order_operate.html?command=get_materiel&rest_code=00150&code=00101008131&supplier_code=00100007&order_time=2021-05-13 HTTP/1.1" 200 408
116.224.253.72 - - [13/May/2021:09:08:04 +0800] "GET /xingrg/all/function/internal_message.html?_=1620868070698&CODE_STATE=getMsg HTTP/1.1" 200 27
180.169.147.146 - - [13/May/2021:09:08:08 +0800] "POST /xingrg/all/user/operate.html HTTP/1.1" 200 36
180.169.147.146 - - [13/May/2021:09:08:08 +0800] "GET /xingrg/index.html?sysBaseUrl=http%3A%2F%2F180.169.147.146%3A18081%2Fxingrg%2F&costTime=42×tamp=1620867316738 HTTP/1.1" 200 17509
180.169.147.146 - - [13/May/2021:09:08:08 +0800] "GET /xingrg/javascript/jquery_easy_ui/themes/default/easyui.css HTTP/1.1" 304 -
180.169.147.146 - - [13/May/2021:09:08:08 +0800] "GET /xingrg/javascript/jquery_easy_ui/themes/icon.css HTTP/1.1" 304 -
180.169.147.146 - - [13/May/2021:09:08:08 +0800] "GET /xingrg/css/form.css HTTP/1.1" 304 -
180.169.147.146 - - [13/May/2021:09:08:08 +0800] "GET /xingrg/javascript/jquery-1.4.2.min.js HTTP/1.1" 304 -
180.169.147.146 - - [13/May/2021:09:08:08 +0800] "GET /xingrg/javascript/jquery_easy_ui/jquery.easyui.min.js HTTP/1.1" 304 -
180.169.147.146 - - [13/May/2021:09:08:08 +0800] "GET /xingrg/javascript/jquery_easy_ui/easyui-lang-zh_CN.js HTTP/1.1" 304 -
180.169.147.146 - - [13/May/2021:09:08:08 +0800] "GET /xingrg/javascript/jquery.form.js HTTP/1.1" 304 -
180.169.147.146 - - [13/May/2021:09:08:08 +0800] "GET /xingrg/javascript/jquery.utils.js HTTP/1.1" 304 -
180.169.147.146 - - [13/May/2021:09:08:08 +0800] "GET /xingrg/javascript/jquery.timers.js HTTP/1.1" 304 -
180.169.147.146 - - [13/May/2021:09:08:08 +0800] "GET /xingrg/images/blue/jxLogo.png HTTP/1.1" 304 -
180.169.147.146 - - [13/May/2021:09:08:08 +0800] "GET /xingrg/javascript/jquery_easy_ui/themes/icons/settle_new.png HTTP/1.1" 304 -
180.169.147.146 - - [13/May/2021:09:08:08 +0800] "GET /xingrg/images/blue/navBackgound.jpg HTTP/1.1" 304 -
180.169.147.146 - - [13/May/2021:09:08:08 +0800] "POST /xingrg/all/common/load_tree.html?tree=area_rest_tree_json&manage=1 HTTP/1.1" 200 3216
180.169.147.146 - - [13/May/2021:09:08:08 +0800] "GET /xingrg/all/function/internal_message.html?_=1620868089142&CODE_STATE=count HTTP/1.1" 200 11
180.169.147.146 - - [13/May/2021:09:08:08 +0800] "GET /xingrg/check_reg.html?_=1620868089142 HTTP/1.1" 200 22
180.169.147.146 - - [13/May/2021:09:08:08 +0800] "GET /xingrg/images/blue/pingpu.png HTTP/1.1" 304 -
180.169.147.146 - - [13/May/2021:09:08:08 +0800] "GET /xingrg/javascript/jquery_easy_ui/themes/default/images/panel_tool_collapse.gif HTTP/1.1" 304 -
180.169.147.146 - - [13/May/2021:09:08:08 +0800] "GET /xingrg/javascript/jquery_easy_ui/themes/default/images/panel_tool_expand.gif HTTP/1.1" 304 -
180.169.147.146 - - [13/May/2021:09:08:08 +0800] "GET /xingrg/javascript/jquery_easy_ui/themes/default/images/tabs_leftarrow.png HTTP/1.1" 304 -
180.169.147.146 - - [13/May/2021:09:08:08 +0800] "GET /xingrg/javascript/jquery_easy_ui/themes/default/images/tabs_rightarrow.png HTTP/1.1" 304 -
180.169.147.146 - - [13/May/2021:09:08:08 +0800] "POST /xingrg/load_menu.html HTTP/1.1" 200 9959
180.169.147.146 - - [13/May/2021:09:08:11 +0800] "GET /xingrg/kc/buy/cgsh_order_list.html HTTP/1.1" 200 46552
222.69.129.194 - - [13/May/2021:09:08:13 +0800] "GET /xingrg/kc/buy/cgsh_order_operate.html?command=get_materiel&rest_code=00149&code=00101008286&supplier_code=00100005&order_time=2021-05-13 HTTP/1.1" 200 408
222.69.129.194 - - [13/May/2021:09:08:16 +0800] "POST /xingrg/kc/buy/cgsh_order_operate.html HTTP/1.1" 200 2065
116.224.253.72 - - [13/May/2021:09:08:16 +0800] "GET /xingrg/kc/buy/cgsh_order_operate.html?command=get_materiel&rest_code=00150&code=00101008108&supplier_code=00100007&order_time=2021-05-13 HTTP/1.1" 200 412
116.224.253.72 - - [13/May/2021:09:08:21 +0800] "POST /xingrg/kc/buy/cgsh_order_operate.html HTTP/1.1" 200 2065
61.165.42.208 - - [13/May/2021:09:08:22 +0800] "POST /xingrg/kc/buy/cgsh_order_operate.html HTTP/1.1" 200 37
116.224.253.72 - - [13/May/2021:09:08:23 +0800] "GET /xingrg/all/function/internal_message.html?_=1620868089195&CODE_STATE=getMsg HTTP/1.1" 200 27
61.165.42.208 - - [13/May/2021:09:08:23 +0800] "POST /xingrg/kc/buy/cgsh_order_operate.html HTTP/1.1" 200 2658
222.69.129.194 - - [13/May/2021:09:08:23 +0800] "GET /xingrg/kc/buy/cgsh_order_operate.html?command=get_materiel&rest_code=00149&code=00101008036&supplier_code=00100005&order_time=2021-05-13 HTTP/1.1" 200 408
61.165.42.208 - - [13/May/2021:09:08:25 +0800] "GET /xingrg/kc/print/load_data.html?order_code=212021051305418&kc_code=cgsh&condition= HTTP/1.1" 200 703
222.69.129.194 - - [13/May/2021:09:08:27 +0800] "GET /xingrg/all/function/internal_message.html?_=1620868104784&CODE_STATE=getMsg HTTP/1.1" 200 27
222.69.129.194 - - [13/May/2021:09:08:27 +0800] "GET /xingrg/check_reg.html?_=1620868104786 HTTP/1.1" 200 22
116.224.253.72 - - [13/May/2021:09:08:28 +0800] "GET /xingrg/kc/buy/cgsh_order_operate.html?command=get_materiel&rest_code=00150&code=00101008318&supplier_code=00100007&order_time=2021-05-13 HTTP/1.1" 200 408
61.165.42.208 - - [13/May/2021:09:08:28 +0800] "GET /xingrg/kc/buy/cgsh_order_add.html HTTP/1.1" 200 62076
61.165.42.208 - - [13/May/2021:09:08:28 +0800] "POST /xingrg/kc/buy/cgsh_order_operate.html HTTP/1.1" 200 8245
61.165.42.208 - - [13/May/2021:09:08:29 +0800] "GET /xingrg/javascript/easyui/themes/default/validatebox.css HTTP/1.1" 404 1104
58.221.95.50 - - [13/May/2021:09:08:33 +0800] "GET /xingrg/check_reg.html?_=1620868112731 HTTP/1.1" 302 -
116.224.253.72 - - [13/May/2021:09:08:33 +0800] "GET /xingrg/all/function/internal_message.html?_=1620868112512&CODE_STATE=getMsg HTTP/1.1" 200 27
116.224.253.72 - - [13/May/2021:09:08:34 +0800] "GET /xingrg/kc/buy/cgsh_order_operate.html?command=get_materiel&rest_code=00151&code=00101008207&supplier_code=00100007&order_time=2021-05-13 HTTP/1.1" 200 408
222.69.129.194 - - [13/May/2021:09:08:35 +0800] "GET /xingrg/kc/buy/cgsh_order_operate.html?command=get_materiel&rest_code=00149&code=00101008131&supplier_code=00100005&order_time=2021-05-13 HTTP/1.1" 200 408
180.169.147.146 - - [13/May/2021:09:08:36 +0800] "POST /xingrg/kc/buy/cgsh_list_operate.html HTTP/1.1" 200 5180
180.161.124.236 - - [13/May/2021:09:08:39 +0800] "GET /xingrg/all/function/internal_message.html?_=1620868076351&CODE_STATE=getMsg HTTP/1.1" 200 27
61.165.42.208 - - [13/May/2021:09:08:41 +0800] "GET /xingrg/kc/buy/cgsh_order_operate.html?command=get_materiel&rest_code=00105&code=00101006087&supplier_code=00100012&order_time=2021-05-13 HTTP/1.1" 200 409
