58.37.228.113 - - [13/May/2021:11:18:46 +0800] "GET /xingrg/kc/buy/cgsh_order_operate.html?command=get_materiel&rest_code=00141&code=00101007085&supplier_code=00100328&order_time=2021-05-13 HTTP/1.1" 200 413
116.224.253.72 - - [13/May/2021:11:18:46 +0800] "POST /xingrg/kc/buy/cgsh_order_operate.html HTTP/1.1" 200 8245
116.224.253.72 - - [13/May/2021:11:18:47 +0800] "GET /xingrg/javascript/easyui/themes/default/validatebox.css HTTP/1.1" 404 1104
222.69.129.194 - - [13/May/2021:11:18:48 +0800] "POST /xingrg/kc/buy/cgsh_order_operate.html HTTP/1.1" 200 12
116.224.253.72 - - [13/May/2021:11:18:48 +0800] "GET /xingrg/javascript/auto/indicator.gif HTTP/1.1" 404 1066
222.69.129.194 - - [13/May/2021:11:18:49 +0800] "GET /xingrg/kc/buy/cgsh_order_info.html?code=212021051305593 HTTP/1.1" 200 56988
222.69.129.194 - - [13/May/2021:11:18:49 +0800] "GET /xingrg/words/20210513111537_words.js HTTP/1.1" 304 -
222.69.129.194 - - [13/May/2021:11:18:49 +0800] "GET /xingrg/javascript/easyui/themes/default/validatebox.css HTTP/1.1" 404 1104
180.162.112.86 - - [13/May/2021:11:18:49 +0800] "GET /xingrg/kc/buy/cgsh_order_info.html?code=212021050703136 HTTP/1.1" 200 56016
222.69.129.194 - - [13/May/2021:11:18:50 +0800] "POST /xingrg/kc/buy/cgsh_order_operate.html HTTP/1.1" 200 1804
180.162.112.86 - - [13/May/2021:11:18:50 +0800] "GET /xingrg/javascript/easyui/themes/default/validatebox.css HTTP/1.1" 404 1104
180.162.112.86 - - [13/May/2021:11:18:50 +0800] "POST /xingrg/kc/buy/cgsh_order_operate.html HTTP/1.1" 200 4778
222.69.129.194 - - [13/May/2021:11:18:51 +0800] "GET /xingrg/kc/print/load_data.html?order_code=212021051305593&kc_code=cgsh&condition= HTTP/1.1" 200 1242
58.37.228.113 - - [13/May/2021:11:18:56 +0800] "GET /xingrg/kc/buy/cgsh_order_operate.html?command=get_materiel&rest_code=00141&code=00101007077&supplier_code=00100328&order_time=2021-05-13 HTTP/1.1" 200 415
120.253.135.82 - - [13/May/2021:11:18:56 +0800] "POST /xingrg/kc/pszx/mdps_order_operate.html HTTP/1.1" 200 37
120.253.135.82 - - [13/May/2021:11:18:58 +0800] "POST /xingrg/kc/pszx/mdps_order_operate.html HTTP/1.1" 200 12
222.69.129.194 - - [13/May/2021:11:18:58 +0800] "GET /xingrg/kc/buy/cgsh_order_add.html HTTP/1.1" 200 62082
222.69.129.194 - - [13/May/2021:11:18:58 +0800] "POST /xingrg/kc/buy/cgsh_order_operate.html HTTP/1.1" 200 8245
222.69.129.194 - - [13/May/2021:11:18:58 +0800] "GET /xingrg/javascript/easyui/themes/default/validatebox.css HTTP/1.1" 404 1104
120.253.135.82 - - [13/May/2021:11:19:01 +0800] "GET /xingrg/kc/pszx/mdps_order_info.html?code=312021051100322 HTTP/1.1" 200 19591
116.230.110.80 - - [13/May/2021:11:19:01 +0800] "GET /xingrg/kc/buy/cgsh_order_operate.html?command=get_materiel&rest_code=00155&code=00101015109&supplier_code=00100037&order_time=2021-05-13 HTTP/1.1" 200 395
120.253.135.82 - - [13/May/2021:11:19:01 +0800] "POST /xingrg/kc/pszx/mdps_order_operate.html HTTP/1.1" 200 3992
120.253.135.82 - - [13/May/2021:11:19:01 +0800] "GET /xingrg/javascript/easyui/themes/default/validatebox.css HTTP/1.1" 404 1104
120.253.135.82 - - [13/May/2021:11:19:03 +0800] "POST /xingrg/kc/pszx/mdps_list_operate.html HTTP/1.1" 200 1689
116.230.76.31 - - [13/May/2021:11:19:03 +0800] "GET /xingrg/all/function/internal_message.html?_=1620875941378&CODE_STATE=getMsg HTTP/1.1" 200 27
116.224.253.72 - - [13/May/2021:11:19:05 +0800] "GET /xingrg/all/function/internal_message.html?_=1620875943613&CODE_STATE=getMsg HTTP/1.1" 200 27
116.224.253.72 - - [13/May/2021:11:19:07 +0800] "GET /xingrg/check_reg.html?_=1620875933425 HTTP/1.1" 200 22
58.37.228.113 - - [13/May/2021:11:19:08 +0800] "POST /xingrg/kc/buy/cgsh_order_operate.html HTTP/1.1" 200 37
116.230.114.112 - - [13/May/2021:11:19:08 +0800] "GET /xingrg/all/function/internal_message.html?_=1620875960055&CODE_STATE=getMsg HTTP/1.1" 200 27
116.224.253.72 - - [13/May/2021:11:19:09 +0800] "GET /xingrg/all/function/internal_message.html?_=1620875935037&CODE_STATE=getMsg HTTP/1.1" 200 27
222.69.129.194 - - [13/May/2021:11:19:09 +0800] "GET /xingrg/kc/buy/cgsh_order_operate.html?command=get_materiel&rest_code=00149&code=00101006001&supplier_code=00100404&order_time=2021-05-12 HTTP/1.1" 200 426
58.37.228.113 - - [13/May/2021:11:19:10 +0800] "POST /xingrg/kc/buy/cgsh_order_operate.html HTTP/1.1" 200 12
61.165.42.208 - - [13/May/2021:11:19:11 +0800] "GET /xingrg/all/function/internal_message.html?_=1620875949528&CODE_STATE=getMsg HTTP/1.1" 200 27
58.37.228.113 - - [13/May/2021:11:19:11 +0800] "GET /xingrg/kc/buy/cgsh_order_info.html?code=212021051305594 HTTP/1.1" 200 56941
58.37.228.113 - - [13/May/2021:11:19:12 +0800] "GET /xingrg/javascript/easyui/themes/default/validatebox.css HTTP/1.1" 404 1104
58.37.228.113 - - [13/May/2021:11:19:12 +0800] "POST /xingrg/kc/buy/cgsh_order_operate.html HTTP/1.1" 200 1202
114.83.217.136 - - [13/May/2021:11:19:12 +0800] "GET /xingrg/all/function/internal_message.html?_=1620875952273&CODE_STATE=getMsg HTTP/1.1" 200 27
58.37.228.113 - - [13/May/2021:11:19:13 +0800] "GET /xingrg/kc/print/load_data.html?order_code=212021051305594&kc_code=cgsh&condition= HTTP/1.1" 200 942
180.161.124.236 - - [13/May/2021:11:19:13 +0800] "GET /xingrg/all/function/internal_message.html?_=1620875910275&CODE_STATE=getMsg HTTP/1.1" 200 27
180.162.112.86 - - [13/May/2021:11:19:14 +0800] "POST /xingrg/kc/buy/cgsh_list_operate.html HTTP/1.1" 200 5658
116.230.110.80 - - [13/May/2021:11:19:14 +0800] "GET /xingrg/all/function/internal_message.html?_=1620875952394&CODE_STATE=getMsg HTTP/1.1" 200 27
116.230.110.80 - - [13/May/2021:11:19:14 +0800] "GET /xingrg/check_reg.html?_=1620875952399 HTTP/1.1" 200 22
58.37.228.113 - - [13/May/2021:11:19:16 +0800] "GET /xingrg/kc/buy/cgsh_order_add.html HTTP/1.1" 200 62035
58.37.228.113 - - [13/May/2021:11:19:16 +0800] "GET /xingrg/javascript/easyui/themes/default/validatebox.css HTTP/1.1" 404 1104
58.37.228.113 - - [13/May/2021:11:19:16 +0800] "POST /xingrg/kc/buy/cgsh_order_operate.html HTTP/1.1" 200 8245
114.86.225.153 - - [13/May/2021:11:19:17 +0800] "GET /xingrg/all/function/internal_message.html?_=1620875955948&CODE_STATE=getMsg HTTP/1.1" 200 27
116.230.110.80 - - [13/May/2021:11:19:19 +0800] "GET /xingrg/kc/buy/cgsh_order_operate.html?command=get_materiel&rest_code=00155&code=00101015035&supplier_code=00100037&order_time=2021-05-13 HTTP/1.1" 200 410
58.37.228.113 - - [13/May/2021:11:19:20 +0800] "GET /xingrg/all/function/internal_message.html?_=1620875964659&CODE_STATE=getMsg HTTP/1.1" 200 27
180.169.147.146 - - [13/May/2021:11:19:20 +0800] "GET /xingrg/all/function/internal_message.html?_=1620875961384&CODE_STATE=getMsg HTTP/1.1" 200 27
222.69.129.194 - - [13/May/2021:11:19:22 +0800] "POST /xingrg/kc/buy/cgsh_order_operate.html HTTP/1.1" 200 37
117.185.32.26 - - [13/May/2021:11:19:23 +0800] "GET /xingrg/all/function/internal_message.html?_=1620876488697&CODE_STATE=getMsg HTTP/1.1" 200 27
180.162.112.86 - - [13/May/2021:11:19:25 +0800] "GET /xingrg/all/function/internal_message.html?_=1620875692495&CODE_STATE=getMsg HTTP/1.1" 200 27
222.69.129.194 - - [13/May/2021:11:19:25 +0800] "GET /xingrg/all/function/internal_message.html?_=1620875963371&CODE_STATE=getMsg HTTP/1.1" 200 27
116.224.253.72 - - [13/May/2021:11:19:26 +0800] "GET /xingrg/all/function/internal_message.html?_=1620875952071&CODE_STATE=getMsg HTTP/1.1" 200 27
116.230.110.80 - - [13/May/2021:11:19:26 +0800] "GET /xingrg/kc/buy/cgsh_order_operate.html?command=get_materiel&rest_code=00155&code=00101012032&supplier_code=00100037&order_time=2021-05-13 HTTP/1.1" 200 416
58.37.228.113 - - [13/May/2021:11:19:26 +0800] "GET /xingrg/kc/buy/cgsh_order_operate.html?command=get_materiel&rest_code=00141&code=00101010695&supplier_code=00100430&order_time=2021-05-13 HTTP/1.1" 200 397
180.169.147.146 - - [13/May/2021:11:19:27 +0800] "GET /xingrg/all/function/internal_message.html?_=1620875961205&CODE_STATE=getMsg HTTP/1.1" 200 27
222.69.129.194 - - [13/May/2021:11:19:27 +0800] "POST /xingrg/kc/buy/cgsh_order_operate.html HTTP/1.1" 200 12
222.69.129.194 - - [13/May/2021:11:19:28 +0800] "GET /xingrg/kc/buy/cgsh_order_info.html?code=212021051305595 HTTP/1.1" 200 56990
222.69.129.194 - - [13/May/2021:11:19:28 +0800] "GET /xingrg/words/20210513111537_words.js HTTP/1.1" 304 -
222.69.129.194 - - [13/May/2021:11:19:29 +0800] "GET /xingrg/javascript/easyui/themes/default/validatebox.css HTTP/1.1" 404 1104
222.69.129.194 - - [13/May/2021:11:19:29 +0800] "POST /xingrg/kc/buy/cgsh_order_operate.html HTTP/1.1" 200 625
116.235.95.160 - - [13/May/2021:11:19:29 +0800] "GET /xingrg/all/function/internal_message.html?_=1620876056531&CODE_STATE=getMsg HTTP/1.1" 200 27
114.88.162.5 - - [13/May/2021:11:19:30 +0800] "GET /xingrg/all/function/internal_message.html?_=1620875967676&CODE_STATE=getMsg HTTP/1.1" 200 27
120.253.135.82 - - [13/May/2021:11:19:31 +0800] "GET /xingrg/kc/pszx/mdqp_order_list.html?state=10 HTTP/1.1" 200 10171
120.253.135.82 - - [13/May/2021:11:19:31 +0800] "GET /xingrg/dwr/interface/AjaxReportQueryService.js HTTP/1.1" 200 13203
120.253.135.82 - - [13/May/2021:11:19:31 +0800] "GET /xingrg/dwr/interface/AjaxQqpsService.js HTTP/1.1" 200 16326
222.69.129.194 - - [13/May/2021:11:19:31 +0800] "GET /xingrg/kc/print/load_data.html?order_code=212021051305595&kc_code=cgsh&condition= HTTP/1.1" 200 744
120.253.135.82 - - [13/May/2021:11:19:31 +0800] "GET /xingrg/dwr/engine.js HTTP/1.1" 200 43631
58.37.228.113 - - [13/May/2021:11:19:34 +0800] "GET /xingrg/all/function/internal_message.html?_=1620875931912&CODE_STATE=getMsg HTTP/1.1" 200 27
120.253.135.82 - - [13/May/2021:11:19:35 +0800] "GET /xingrg/kc/report/report_main.html HTTP/1.1" 200 9370
116.230.110.80 - - [13/May/2021:11:19:35 +0800] "GET /xingrg/kc/buy/cgsh_order_operate.html?command=get_materiel&rest_code=00155&code=00101011003&supplier_code=00100037&order_time=2021-05-13 HTTP/1.1" 200 412
222.69.129.194 - - [13/May/2021:11:19:36 +0800] "GET /xingrg/kc/buy/cgsh_order_add.html HTTP/1.1" 200 62082
222.69.129.194 - - [13/May/2021:11:19:36 +0800] "POST /xingrg/kc/buy/cgsh_order_operate.html HTTP/1.1" 200 8245
222.69.129.194 - - [13/May/2021:11:19:36 +0800] "GET /xingrg/javascript/easyui/themes/default/validatebox.css HTTP/1.1" 404 1104
120.253.135.82 - - [13/May/2021:11:19:37 +0800] "GET /xingrg/kc/pszx/mdqp_order_list.html?state=10 HTTP/1.1" 200 10171
120.253.135.82 - - [13/May/2021:11:19:38 +0800] "GET /xingrg/dwr/interface/AjaxQqpsService.js HTTP/1.1" 200 16326
120.253.135.82 - - [13/May/2021:11:19:38 +0800] "GET /xingrg/dwr/interface/AjaxReportQueryService.js HTTP/1.1" 200 13203
120.253.135.82 - - [13/May/2021:11:19:38 +0800] "GET /xingrg/dwr/engine.js HTTP/1.1" 200 43631
58.37.228.113 - - [13/May/2021:11:19:39 +0800] "POST /xingrg/kc/buy/cgsh_order_operate.html HTTP/1.1" 200 37
58.37.228.113 - - [13/May/2021:11:19:42 +0800] "POST /xingrg/kc/buy/cgsh_order_operate.html HTTP/1.1" 200 12
58.37.228.113 - - [13/May/2021:11:19:43 +0800] "GET /xingrg/kc/buy/cgsh_order_info.html?code=212021051305596 HTTP/1.1" 200 56929
58.37.228.113 - - [13/May/2021:11:19:44 +0800] "GET /xingrg/javascript/easyui/themes/default/validatebox.css HTTP/1.1" 404 1104
58.37.228.113 - - [13/May/2021:11:19:44 +0800] "POST /xingrg/kc/buy/cgsh_order_operate.html HTTP/1.1" 200 606
180.169.147.146 - - [13/May/2021:11:19:45 +0800] "GET /xingrg/all/function/internal_message.html?_=1620875983283&CODE_STATE=getMsg HTTP/1.1" 200 27
116.230.110.80 - - [13/May/2021:11:19:46 +0800] "GET /xingrg/kc/buy/cgsh_order_operate.html?command=get_materiel&rest_code=00155&code=00101012003&supplier_code=00100037&order_time=2021-05-13 HTTP/1.1" 200 413
222.69.129.194 - - [13/May/2021:11:19:47 +0800] "GET /xingrg/kc/buy/cgsh_order_operate.html?command=get_materiel&rest_code=00149&code=00101003006&supplier_code=00100092&order_time=2021-05-12 HTTP/1.1" 200 430
58.37.228.113 - - [13/May/2021:11:19:48 +0800] "GET /xingrg/kc/print/load_data.html?order_code=212021051305596&kc_code=cgsh&condition= HTTP/1.1" 200 686
58.37.228.113 - - [13/May/2021:11:19:51 +0800] "GET /xingrg/kc/buy/cgsh_order_add.html HTTP/1.1" 200 62035
58.37.228.113 - - [13/May/2021:11:19:51 +0800] "GET /xingrg/javascript/easyui/themes/default/validatebox.css HTTP/1.1" 404 1104
58.37.228.113 - - [13/May/2021:11:19:51 +0800] "POST /xingrg/kc/buy/cgsh_order_operate.html HTTP/1.1" 200 8245
116.230.110.80 - - [13/May/2021:11:19:53 +0800] "GET /xingrg/kc/buy/cgsh_order_operate.html?command=get_materiel&rest_code=00155&code=00101016025&supplier_code=00100037&order_time=2021-05-13 HTTP/1.1" 200 408
58.37.228.113 - - [13/May/2021:11:20:02 +0800] "GET /xingrg/kc/buy/cgsh_order_operate.html?command=get_materiel&rest_code=00141&code=00101012013&supplier_code=00100323&order_time=2021-05-13 HTTP/1.1" 200 412
116.230.76.31 - - [13/May/2021:11:20:03 +0800] "GET /xingrg/all/function/internal_message.html?_=1620876001356&CODE_STATE=getMsg HTTP/1.1" 200 27
222.69.129.194 - - [13/May/2021:11:20:05 +0800] "POST /xingrg/kc/buy/cgsh_order_operate.html HTTP/1.1" 200 37
116.224.253.72 - - [13/May/2021:11:20:05 +0800] "GET /xingrg/all/function/internal_message.html?_=1620876003618&CODE_STATE=getMsg HTTP/1.1" 200 27
116.230.114.112 - - [13/May/2021:11:20:08 +0800] "GET /xingrg/all/function/internal_message.html?_=1620876020055&CODE_STATE=getMsg HTTP/1.1" 200 27
116.224.253.72 - - [13/May/2021:11:20:09 +0800] "GET /xingrg/all/function/internal_message.html?_=1620875995051&CODE_STATE=getMsg HTTP/1.1" 200 27
61.165.42.208 - - [13/May/2021:11:20:11 +0800] "GET /xingrg/check_reg.html?_=1620876009527 HTTP/1.1" 200 22
61.165.42.208 - - [13/May/2021:11:20:11 +0800] "GET /xingrg/all/function/internal_message.html?_=1620876009530&CODE_STATE=getMsg HTTP/1.1" 200 27
222.69.129.194 - - [13/May/2021:11:20:11 +0800] "POST /xingrg/kc/buy/cgsh_order_operate.html HTTP/1.1" 200 12
222.69.129.194 - - [13/May/2021:11:20:12 +0800] "GET /xingrg/kc/buy/cgsh_order_info.html?code=212021051305597 HTTP/1.1" 200 56986
222.69.129.194 - - [13/May/2021:11:20:12 +0800] "GET /xingrg/words/20210513111537_words.js HTTP/1.1" 304 -
222.69.129.194 - - [13/May/2021:11:20:12 +0800] "GET /xingrg/javascript/easyui/themes/default/validatebox.css HTTP/1.1" 404 1104
114.83.217.136 - - [13/May/2021:11:20:12 +0800] "GET /xingrg/all/function/internal_message.html?_=1620876012274&CODE_STATE=getMsg HTTP/1.1" 200 27
222.69.129.194 - - [13/May/2021:11:20:13 +0800] "POST /xingrg/kc/buy/cgsh_order_operate.html HTTP/1.1" 200 610
180.161.124.236 - - [13/May/2021:11:20:13 +0800] "GET /xingrg/all/function/internal_message.html?_=1620875970764&CODE_STATE=getMsg HTTP/1.1" 200 27
222.69.129.194 - - [13/May/2021:11:20:14 +0800] "GET /xingrg/kc/print/load_data.html?order_code=212021051305597&kc_code=cgsh&condition= HTTP/1.1" 200 766
116.230.110.80 - - [13/May/2021:11:20:14 +0800] "GET /xingrg/all/function/internal_message.html?_=1620876012395&CODE_STATE=getMsg HTTP/1.1" 200 27
114.86.225.153 - - [13/May/2021:11:20:17 +0800] "GET /xingrg/all/function/internal_message.html?_=1620876015954&CODE_STATE=getMsg HTTP/1.1" 200 27
114.86.225.153 - - [13/May/2021:11:20:17 +0800] "GET /xingrg/check_reg.html?_=1620876015954 HTTP/1.1" 200 22
222.69.129.194 - - [13/May/2021:11:20:18 +0800] "GET /xingrg/kc/buy/cgsh_order_add.html HTTP/1.1" 200 62082
222.69.129.194 - - [13/May/2021:11:20:19 +0800] "POST /xingrg/kc/buy/cgsh_order_operate.html HTTP/1.1" 200 8245
222.69.129.194 - - [13/May/2021:11:20:19 +0800] "GET /xingrg/javascript/easyui/themes/default/validatebox.css HTTP/1.1" 404 1104
58.37.228.113 - - [13/May/2021:11:20:20 +0800] "GET /xingrg/kc/buy/cgsh_order_operate.html?command=get_materiel&rest_code=00141&code=00101006113&supplier_code=00100323&order_time=2021-05-13 HTTP/1.1" 200 413
58.37.228.113 - - [13/May/2021:11:20:20 +0800] "GET /xingrg/all/function/internal_message.html?_=1620876024662&CODE_STATE=getMsg HTTP/1.1" 200 27
116.230.110.80 - - [13/May/2021:11:20:20 +0800] "GET /xingrg/kc/buy/cgsh_order_operate.html?command=get_materiel&rest_code=00155&code=00101009037&supplier_code=00100037&order_time=2021-05-13 HTTP/1.1" 200 415
180.169.147.146 - - [13/May/2021:11:20:20 +0800] "GET /xingrg/all/function/internal_message.html?_=1620876021388&CODE_STATE=getMsg HTTP/1.1" 200 27
180.169.147.146 - - [13/May/2021:11:20:20 +0800] "GET /xingrg/check_reg.html?_=1620876021393 HTTP/1.1" 200 22
117.185.32.26 - - [13/May/2021:11:20:23 +0800] "GET /xingrg/all/function/internal_message.html?_=1620876548697&CODE_STATE=getMsg HTTP/1.1" 200 27
180.162.112.86 - - [13/May/2021:11:20:25 +0800] "GET /xingrg/all/function/internal_message.html?_=1620875752506&CODE_STATE=getMsg HTTP/1.1" 200 27
222.69.129.194 - - [13/May/2021:11:20:25 +0800] "GET /xingrg/all/function/internal_message.html?_=1620876023357&CODE_STATE=getMsg HTTP/1.1" 200 27
116.224.253.72 - - [13/May/2021:11:20:26 +0800] "GET /xingrg/all/function/internal_message.html?_=1620876012114&CODE_STATE=getMsg HTTP/1.1" 200 27
180.169.147.146 - - [13/May/2021:11:20:27 +0800] "GET /xingrg/all/function/internal_message.html?_=1620876021213&CODE_STATE=getMsg HTTP/1.1" 200 27
116.230.110.80 - - [13/May/2021:11:20:29 +0800] "GET /xingrg/kc/buy/cgsh_order_operate.html?command=get_materiel&rest_code=00155&code=00101015038&supplier_code=00100037&order_time=2021-05-13 HTTP/1.1" 200 418
116.235.95.160 - - [13/May/2021:11:20:29 +0800] "GET /xingrg/all/function/internal_message.html?_=1620876116529&CODE_STATE=getMsg HTTP/1.1" 200 27
114.88.162.5 - - [13/May/2021:11:20:30 +0800] "GET /xingrg/all/function/internal_message.html?_=1620876027677&CODE_STATE=getMsg HTTP/1.1" 200 27
114.88.162.5 - - [13/May/2021:11:20:31 +0800] "POST /xingrg/kc/buy/cgsh_order_operate.html HTTP/1.1" 200 37
114.88.162.5 - - [13/May/2021:11:20:32 +0800] "POST /xingrg/kc/buy/cgsh_order_operate.html HTTP/1.1" 200 6195
222.69.129.194 - - [13/May/2021:11:20:34 +0800] "GET /xingrg/kc/buy/cgsh_order_operate.html?command=get_materiel&rest_code=00149&code=00101004063&supplier_code=00100085&order_time=2021-05-12 HTTP/1.1" 200 414
114.88.162.5 - - [13/May/2021:11:20:34 +0800] "GET /xingrg/kc/print/load_config.html?kc_code=cgsh HTTP/1.1" 200 1845
114.88.162.5 - - [13/May/2021:11:20:34 +0800] "GET /xingrg/kc/print/load_data.html?order_code=212021051305583&kc_code=cgsh&condition= HTTP/1.1" 200 2001
58.37.228.113 - - [13/May/2021:11:20:34 +0800] "GET /xingrg/all/function/internal_message.html?_=1620875991882&CODE_STATE=getMsg HTTP/1.1" 200 27
58.37.228.113 - - [13/May/2021:11:20:36 +0800] "GET /xingrg/kc/buy/cgsh_order_operate.html?command=get_materiel&rest_code=00141&code=00101001095&supplier_code=00100323&order_time=2021-05-13 HTTP/1.1" 200 413
222.69.129.194 - - [13/May/2021:11:20:42 +0800] "GET /xingrg/kc/buy/cgsh_order_operate.html?command=get_materiel&rest_code=00149&code=00101004034&supplier_code=00100085&order_time=2021-05-12 HTTP/1.1" 200 416
116.230.110.80 - - [13/May/2021:11:20:43 +0800] "GET /xingrg/kc/buy/cgsh_order_operate.html?command=get_materiel&rest_code=00155&code=00101009059&supplier_code=00100037&order_time=2021-05-13 HTTP/1.1" 200 409
180.169.147.146 - - [13/May/2021:11:20:45 +0800] "GET /xingrg/all/function/internal_message.html?_=1620876043285&CODE_STATE=getMsg HTTP/1.1" 200 27
180.169.147.146 - - [13/May/2021:11:20:45 +0800] "GET /xingrg/check_reg.html?_=1620876043286 HTTP/1.1" 200 22
116.230.110.80 - - [13/May/2021:11:20:55 +0800] "GET /xingrg/kc/buy/cgsh_order_operate.html?command=get_materiel&rest_code=00155&code=00101009057&supplier_code=00100037&order_time=2021-05-13 HTTP/1.1" 200 408
58.37.228.113 - - [13/May/2021:11:20:57 +0800] "POST /xingrg/kc/buy/cgsh_order_operate.html HTTP/1.1" 200 37
222.69.129.194 - - [13/May/2021:11:21:02 +0800] "POST /xingrg/kc/buy/cgsh_order_operate.html HTTP/1.1" 200 37
116.230.76.31 - - [13/May/2021:11:21:03 +0800] "GET /xingrg/all/function/internal_message.html?_=1620876061341&CODE_STATE=getMsg HTTP/1.1" 200 27
58.37.228.113 - - [13/May/2021:11:21:03 +0800] "POST /xingrg/kc/buy/cgsh_order_operate.html HTTP/1.1" 200 12
58.37.228.113 - - [13/May/2021:11:21:04 +0800] "GET /xingrg/kc/buy/cgsh_order_info.html?code=212021051305598 HTTP/1.1" 200 56940
116.230.110.80 - - [13/May/2021:11:21:04 +0800] "GET /xingrg/kc/buy/cgsh_order_operate.html?command=get_materiel&rest_code=00155&code=00101010136&supplier_code=00100037&order_time=2021-05-13 HTTP/1.1" 200 428
58.37.228.113 - - [13/May/2021:11:21:04 +0800] "GET /xingrg/javascript/easyui/themes/default/validatebox.css HTTP/1.1" 404 1104
58.37.228.113 - - [13/May/2021:11:21:04 +0800] "POST /xingrg/kc/buy/cgsh_order_operate.html HTTP/1.1" 200 1791
116.224.253.72 - - [13/May/2021:11:21:05 +0800] "GET /xingrg/all/function/internal_message.html?_=1620876063616&CODE_STATE=getMsg HTTP/1.1" 200 27
116.224.253.72 - - [13/May/2021:11:21:05 +0800] "GET /xingrg/check_reg.html?_=1620876051278 HTTP/1.1" 200 22
58.37.228.113 - - [13/May/2021:11:21:05 +0800] "GET /xingrg/kc/print/load_data.html?order_code=212021051305598&kc_code=cgsh&condition= HTTP/1.1" 200 1164
222.69.129.194 - - [13/May/2021:11:21:06 +0800] "POST /xingrg/kc/buy/cgsh_order_operate.html HTTP/1.1" 200 12
222.69.129.194 - - [13/May/2021:11:21:07 +0800] "GET /xingrg/kc/buy/cgsh_order_info.html?code=212021051305599 HTTP/1.1" 200 56986
222.69.129.194 - - [13/May/2021:11:21:08 +0800] "GET /xingrg/words/20210513111537_words.js HTTP/1.1" 304 -
222.69.129.194 - - [13/May/2021:11:21:08 +0800] "GET /xingrg/javascript/easyui/themes/default/validatebox.css HTTP/1.1" 404 1104
222.69.129.194 - - [13/May/2021:11:21:08 +0800] "POST /xingrg/kc/buy/cgsh_order_operate.html HTTP/1.1" 200 614
116.230.114.112 - - [13/May/2021:11:21:08 +0800] "GET /xingrg/all/function/internal_message.html?_=1620876080435&CODE_STATE=getMsg HTTP/1.1" 200 27
116.224.253.72 - - [13/May/2021:11:21:09 +0800] "GET /xingrg/all/function/internal_message.html?_=1620876055063&CODE_STATE=getMsg HTTP/1.1" 200 27
58.37.228.113 - - [13/May/2021:11:21:10 +0800] "GET /xingrg/kc/buy/cgsh_order_add.html HTTP/1.1" 200 62035
58.37.228.113 - - [13/May/2021:11:21:11 +0800] "GET /xingrg/javascript/easyui/themes/default/validatebox.css HTTP/1.1" 404 1104
58.37.228.113 - - [13/May/2021:11:21:11 +0800] "POST /xingrg/kc/buy/cgsh_order_operate.html HTTP/1.1" 200 8245
61.165.42.208 - - [13/May/2021:11:21:11 +0800] "GET /xingrg/all/function/internal_message.html?_=1620876069530&CODE_STATE=getMsg HTTP/1.1" 200 27
116.230.110.80 - - [13/May/2021:11:21:12 +0800] "GET /xingrg/kc/buy/cgsh_order_operate.html?command=get_materiel&rest_code=00155&code=00101011005&supplier_code=00100037&order_time=2021-05-13 HTTP/1.1" 200 429
114.83.217.136 - - [13/May/2021:11:21:12 +0800] "GET /xingrg/check_reg.html?_=1620876072261 HTTP/1.1" 200 22
114.83.217.136 - - [13/May/2021:11:21:12 +0800] "GET /xingrg/all/function/internal_message.html?_=1620876072265&CODE_STATE=getMsg HTTP/1.1" 200 27
222.69.129.194 - - [13/May/2021:11:21:12 +0800] "GET /xingrg/kc/print/load_data.html?order_code=212021051305599&kc_code=cgsh&condition= HTTP/1.1" 200 773
180.161.124.236 - - [13/May/2021:11:21:13 +0800] "GET /xingrg/all/function/internal_message.html?_=1620876030771&CODE_STATE=getMsg HTTP/1.1" 200 27
116.230.110.80 - - [13/May/2021:11:21:14 +0800] "POST /xingrg/kc/buy/cgsh_order_operate.html HTTP/1.1" 200 2065
116.230.110.80 - - [13/May/2021:11:21:14 +0800] "GET /xingrg/all/function/internal_message.html?_=1620876072387&CODE_STATE=getMsg HTTP/1.1" 200 27
222.69.129.194 - - [13/May/2021:11:21:17 +0800] "GET /xingrg/kc/buy/cgsh_order_add.html HTTP/1.1" 200 62082
58.37.228.113 - - [13/May/2021:11:21:17 +0800] "GET /xingrg/kc/buy/cgsh_order_operate.html?command=get_materiel&rest_code=00141&code=00101002006&supplier_code=00100091&order_time=2021-05-13 HTTP/1.1" 200 414
222.69.129.194 - - [13/May/2021:11:21:17 +0800] "POST /xingrg/kc/buy/cgsh_order_operate.html HTTP/1.1" 200 8245
222.69.129.194 - - [13/May/2021:11:21:17 +0800] "GET /xingrg/javascript/easyui/themes/default/validatebox.css HTTP/1.1" 404 1104
114.86.225.153 - - [13/May/2021:11:21:17 +0800] "GET /xingrg/all/function/internal_message.html?_=1620876075953&CODE_STATE=getMsg HTTP/1.1" 200 27
58.37.228.113 - - [13/May/2021:11:21:20 +0800] "GET /xingrg/all/function/internal_message.html?_=1620876084664&CODE_STATE=getMsg HTTP/1.1" 200 27
58.37.228.113 - - [13/May/2021:11:21:20 +0800] "GET /xingrg/check_reg.html?_=1620876084666 HTTP/1.1" 200 22
180.169.147.146 - - [13/May/2021:11:21:20 +0800] "GET /xingrg/all/function/internal_message.html?_=1620876081392&CODE_STATE=getMsg HTTP/1.1" 200 27
117.185.32.26 - - [13/May/2021:11:21:23 +0800] "GET /xingrg/all/function/internal_message.html?_=1620876608697&CODE_STATE=getMsg HTTP/1.1" 200 27
180.162.112.86 - - [13/May/2021:11:21:25 +0800] "GET /xingrg/all/function/internal_message.html?_=1620875812495&CODE_STATE=getMsg HTTP/1.1" 200 27
180.162.112.86 - - [13/May/2021:11:21:25 +0800] "GET /xingrg/check_reg.html?_=1620875812492 HTTP/1.1" 200 22
222.69.129.194 - - [13/May/2021:11:21:25 +0800] "GET /xingrg/all/function/internal_message.html?_=1620876083343&CODE_STATE=getMsg HTTP/1.1" 200 27
116.224.253.72 - - [13/May/2021:11:21:26 +0800] "GET /xingrg/all/function/internal_message.html?_=1620876072130&CODE_STATE=getMsg HTTP/1.1" 200 27
180.169.147.146 - - [13/May/2021:11:21:27 +0800] "GET /xingrg/check_reg.html?_=1620876081212 HTTP/1.1" 200 22
180.169.147.146 - - [13/May/2021:11:21:27 +0800] "GET /xingrg/all/function/internal_message.html?_=1620876081214&CODE_STATE=getMsg HTTP/1.1" 200 27
58.37.228.113 - - [13/May/2021:11:21:27 +0800] "GET /xingrg/kc/buy/cgsh_order_operate.html?command=get_materiel&rest_code=00141&code=00101002034&supplier_code=00100091&order_time=2021-05-13 HTTP/1.1" 200 409
222.69.129.194 - - [13/May/2021:11:21:29 +0800] "GET /xingrg/kc/buy/cgsh_order_operate.html?command=get_materiel&rest_code=00149&code=00101002006&supplier_code=00100091&order_time=2021-05-12 HTTP/1.1" 200 414
116.235.95.160 - - [13/May/2021:11:21:29 +0800] "GET /xingrg/check_reg.html?_=1620876176525 HTTP/1.1" 200 22
117.131.5.26 - - [13/May/2021:11:21:29 +0800] "GET /xingrg/all/function/internal_message.html?_=1620876176526&CODE_STATE=getMsg HTTP/1.1" 200 27
114.88.162.5 - - [13/May/2021:11:21:30 +0800] "GET /xingrg/check_reg.html?_=1620876087664 HTTP/1.1" 200 22
114.88.162.5 - - [13/May/2021:11:21:30 +0800] "GET /xingrg/all/function/internal_message.html?_=1620876087667&CODE_STATE=getMsg HTTP/1.1" 200 27
58.37.228.113 - - [13/May/2021:11:21:34 +0800] "GET /xingrg/all/function/internal_message.html?_=1620876051870&CODE_STATE=getMsg HTTP/1.1" 200 27
58.37.228.113 - - [13/May/2021:11:21:34 +0800] "GET /xingrg/check_reg.html?_=1620876051940 HTTP/1.1" 200 22
58.37.228.113 - - [13/May/2021:11:21:35 +0800] "POST /xingrg/kc/buy/cgsh_order_operate.html HTTP/1.1" 200 37
222.69.129.194 - - [13/May/2021:11:21:37 +0800] "POST /xingrg/kc/buy/cgsh_order_operate.html HTTP/1.1" 200 37
58.37.228.113 - - [13/May/2021:11:21:38 +0800] "POST /xingrg/kc/buy/cgsh_order_operate.html HTTP/1.1" 200 12
58.37.228.113 - - [13/May/2021:11:21:39 +0800] "GET /xingrg/kc/buy/cgsh_order_info.html?code=212021051305600 HTTP/1.1" 200 56941
58.37.228.113 - - [13/May/2021:11:21:39 +0800] "GET /xingrg/javascript/easyui/themes/default/validatebox.css HTTP/1.1" 404 1104
58.37.228.113 - - [13/May/2021:11:21:40 +0800] "POST /xingrg/kc/buy/cgsh_order_operate.html HTTP/1.1" 200 1202
58.37.228.113 - - [13/May/2021:11:21:41 +0800] "GET /xingrg/kc/print/load_data.html?order_code=212021051305600&kc_code=cgsh&condition= HTTP/1.1" 200 1012
116.230.110.80 - - [13/May/2021:11:21:44 +0800] "POST /xingrg/kc/buy/cgsh_order_operate.html HTTP/1.1" 200 37
58.37.228.113 - - [13/May/2021:11:21:44 +0800] "GET /xingrg/kc/buy/cgsh_order_add.html HTTP/1.1" 200 62035
58.37.228.113 - - [13/May/2021:11:21:44 +0800] "POST /xingrg/kc/buy/cgsh_order_operate.html HTTP/1.1" 200 8245
58.37.228.113 - - [13/May/2021:11:21:44 +0800] "GET /xingrg/javascript/easyui/themes/default/validatebox.css HTTP/1.1" 404 1104
180.169.147.146 - - [13/May/2021:11:21:45 +0800] "GET /xingrg/all/function/internal_message.html?_=1620876103286&CODE_STATE=getMsg HTTP/1.1" 200 27
222.69.129.194 - - [13/May/2021:11:21:47 +0800] "POST /xingrg/kc/buy/cgsh_order_operate.html HTTP/1.1" 200 12
222.69.129.194 - - [13/May/2021:11:21:49 +0800] "GET /xingrg/kc/buy/cgsh_order_info.html?code=212021051305601 HTTP/1.1" 200 56988
222.69.129.194 - - [13/May/2021:11:21:49 +0800] "GET /xingrg/words/20210513111537_words.js HTTP/1.1" 304 -
222.69.129.194 - - [13/May/2021:11:21:49 +0800] "GET /xingrg/javascript/easyui/themes/default/validatebox.css HTTP/1.1" 404 1104
222.69.129.194 - - [13/May/2021:11:21:49 +0800] "POST /xingrg/kc/buy/cgsh_order_operate.html HTTP/1.1" 200 611
116.230.114.112 - - [13/May/2021:11:21:55 +0800] "GET /xingrg/check_reg.html?_=1620876126681 HTTP/1.1" 200 22
116.230.110.80 - - [13/May/2021:11:21:57 +0800] "POST /xingrg/kc/buy/cgsh_order_operate.html HTTP/1.1" 200 13327
116.230.110.80 - - [13/May/2021:11:21:59 +0800] "GET /xingrg/kc/print/load_data.html?order_code=212021051305602&kc_code=cgsh&condition= HTTP/1.1" 200 4764
222.69.129.194 - - [13/May/2021:11:22:00 +0800] "GET /xingrg/kc/print/load_data.html?order_code=212021051305601&kc_code=cgsh&condition= HTTP/1.1" 200 778
116.230.76.31 - - [13/May/2021:11:22:02 +0800] "GET /xingrg/check_reg.html?_=1620876121001 HTTP/1.1" 200 22
58.37.228.113 - - [13/May/2021:11:22:03 +0800] "GET /xingrg/kc/buy/cgsh_order_operate.html?command=get_materiel&rest_code=00141&code=00101010636&supplier_code=00100411&order_time=2021-05-13 HTTP/1.1" 200 400
116.230.76.31 - - [13/May/2021:11:22:03 +0800] "GET /xingrg/all/function/internal_message.html?_=1620876121322&CODE_STATE=getMsg HTTP/1.1" 200 27
116.224.253.72 - - [13/May/2021:11:22:05 +0800] "GET /xingrg/check_reg.html?_=1620876123614 HTTP/1.1" 200 22
116.224.253.72 - - [13/May/2021:11:22:05 +0800] "GET /xingrg/all/function/internal_message.html?_=1620876123617&CODE_STATE=getMsg HTTP/1.1" 200 27
116.230.114.112 - - [13/May/2021:11:22:08 +0800] "GET /xingrg/all/function/internal_message.html?_=1620876140442&CODE_STATE=getMsg HTTP/1.1" 200 27
116.224.253.72 - - [13/May/2021:11:22:09 +0800] "GET /xingrg/all/function/internal_message.html?_=1620876115188&CODE_STATE=getMsg HTTP/1.1" 200 27
61.165.42.208 - - [13/May/2021:11:22:11 +0800] "GET /xingrg/all/function/internal_message.html?_=1620876129529&CODE_STATE=getMsg HTTP/1.1" 200 27
114.83.217.136 - - [13/May/2021:11:22:12 +0800] "GET /xingrg/all/function/internal_message.html?_=1620876132267&CODE_STATE=getMsg HTTP/1.1" 200 27
180.161.124.236 - - [13/May/2021:11:22:14 +0800] "GET /xingrg/all/function/internal_message.html?_=1620876091387&CODE_STATE=getMsg HTTP/1.1" 200 27
116.230.110.80 - - [13/May/2021:11:22:14 +0800] "GET /xingrg/all/function/internal_message.html?_=1620876132410&CODE_STATE=getMsg HTTP/1.1" 200 27
114.86.225.153 - - [13/May/2021:11:22:17 +0800] "GET /xingrg/all/function/internal_message.html?_=1620876135956&CODE_STATE=getMsg HTTP/1.1" 200 27
58.37.228.113 - - [13/May/2021:11:22:20 +0800] "GET /xingrg/all/function/internal_message.html?_=1620876144666&CODE_STATE=getMsg HTTP/1.1" 200 27
180.169.147.146 - - [13/May/2021:11:22:21 +0800] "GET /xingrg/all/function/internal_message.html?_=1620876141395&CODE_STATE=getMsg HTTP/1.1" 200 27
116.230.76.31 - - [13/May/2021:11:22:21 +0800] "POST /xingrg/kc/buy/cgsh_order_operate.html HTTP/1.1" 200 37
117.185.32.26 - - [13/May/2021:11:22:23 +0800] "GET /xingrg/all/function/internal_message.html?_=1620876668729&CODE_STATE=getMsg HTTP/1.1" 200 27
58.37.228.113 - - [13/May/2021:11:22:23 +0800] "POST /xingrg/kc/buy/cgsh_order_operate.html HTTP/1.1" 200 37
116.230.76.31 - - [13/May/2021:11:22:23 +0800] "POST /xingrg/kc/buy/cgsh_order_operate.html HTTP/1.1" 200 5040
180.162.112.86 - - [13/May/2021:11:22:25 +0800] "GET /xingrg/all/function/internal_message.html?_=1620875872495&CODE_STATE=getMsg HTTP/1.1" 200 27
58.37.228.113 - - [13/May/2021:11:22:25 +0800] "POST /xingrg/kc/buy/cgsh_order_operate.html HTTP/1.1" 200 12
222.69.129.194 - - [13/May/2021:11:22:25 +0800] "GET /xingrg/all/function/internal_message.html?_=1620876143317&CODE_STATE=getMsg HTTP/1.1" 200 27
116.230.76.31 - - [13/May/2021:11:22:26 +0800] "GET /xingrg/login.html HTTP/1.1" 200 7641
116.224.253.72 - - [13/May/2021:11:22:26 +0800] "GET /xingrg/all/function/internal_message.html?_=1620876132144&CODE_STATE=getMsg HTTP/1.1" 200 27
180.169.147.146 - - [13/May/2021:11:22:27 +0800] "GET /xingrg/all/function/internal_message.html?_=1620876141204&CODE_STATE=getMsg HTTP/1.1" 200 27
58.37.228.113 - - [13/May/2021:11:22:27 +0800] "GET /xingrg/kc/buy/cgsh_order_info.html?code=212021051305604 HTTP/1.1" 200 56939
116.230.76.31 - - [13/May/2021:11:22:27 +0800] "GET /favicon.ico HTTP/1.1" 404 -
58.37.228.113 - - [13/May/2021:11:22:27 +0800] "GET /xingrg/javascript/easyui/themes/default/validatebox.css HTTP/1.1" 404 1104
58.37.228.113 - - [13/May/2021:11:22:27 +0800] "POST /xingrg/kc/buy/cgsh_order_operate.html HTTP/1.1" 200 608
58.37.228.113 - - [13/May/2021:11:22:28 +0800] "GET /xingrg/kc/print/load_data.html?order_code=212021051305604&kc_code=cgsh&condition= HTTP/1.1" 200 706
116.230.76.31 - - [13/May/2021:11:22:29 +0800] "POST /xingrg/login.do HTTP/1.1" 302 -
116.230.76.31 - - [13/May/2021:11:22:29 +0800] "GET /xingrg/index.html?sysBaseUrl=http%3A%2F%2F180.169.147.146%3A18081%2Fxingrg%2F&costTime=40×tamp=1620876149186 HTTP/1.1" 200 17179
116.230.76.31 - - [13/May/2021:11:22:29 +0800] "GET /favicon.ico HTTP/1.1" 404 -
116.235.95.160 - - [13/May/2021:11:22:29 +0800] "GET /xingrg/all/function/internal_message.html?_=1620876236526&CODE_STATE=getMsg HTTP/1.1" 200 27
116.230.76.31 - - [13/May/2021:11:22:30 +0800] "POST /xingrg/all/common/load_tree.html?tree=area_rest_tree_json&manage=1 HTTP/1.1" 200 476
116.230.76.31 - - [13/May/2021:11:22:30 +0800] "GET /xingrg/all/function/internal_message.html?_=1620876148214&CODE_STATE=count HTTP/1.1" 200 11
116.230.76.31 - - [13/May/2021:11:22:30 +0800] "GET /xingrg/check_reg.html?_=1620876148230 HTTP/1.1" 200 22
116.230.76.31 - - [13/May/2021:11:22:30 +0800] "POST /xingrg/load_menu.html HTTP/1.1" 200 5138
114.88.162.5 - - [13/May/2021:11:22:30 +0800] "GET /xingrg/all/function/internal_message.html?_=1620876147679&CODE_STATE=getMsg HTTP/1.1" 200 27
116.230.76.31 - - [13/May/2021:11:22:32 +0800] "GET /xingrg/kc/buy/buy_main.html HTTP/1.1" 200 12412
116.230.76.31 - - [13/May/2021:11:22:32 +0800] "GET /xingrg/css/new_ie.css HTTP/1.1" 404 1036
116.230.76.31 - - [13/May/2021:11:22:32 +0800] "GET /xingrg/images/yd/bt.gif HTTP/1.1" 404 1040
116.230.76.31 - - [13/May/2021:11:22:33 +0800] "GET /xingrg/kc/buy/cgsh_order_list.html HTTP/1.1" 200 46297
58.37.228.113 - - [13/May/2021:11:22:34 +0800] "GET /xingrg/all/function/internal_message.html?_=1620876111840&CODE_STATE=getMsg HTTP/1.1" 200 27
180.161.124.236 - - [13/May/2021:11:22:40 +0800] "GET /xingrg/check_reg.html?_=1620876117553 HTTP/1.1" 200 22
180.169.147.146 - - [13/May/2021:11:22:45 +0800] "GET /xingrg/all/function/internal_message.html?_=1620876163286&CODE_STATE=getMsg HTTP/1.1" 200 27
116.230.76.31 - - [13/May/2021:11:22:46 +0800] "POST /xingrg/kc/buy/cgsh_list_operate.html HTTP/1.1" 200 5048
116.230.76.31 - - [13/May/2021:11:23:02 +0800] "POST /xingrg/kc/buy/cgsh_list_operate.html HTTP/1.1" 200 3280
116.224.253.72 - - [13/May/2021:11:23:05 +0800] "GET /xingrg/all/function/internal_message.html?_=1620876183636&CODE_STATE=getMsg HTTP/1.1" 200 27
116.230.76.31 - - [13/May/2021:11:23:07 +0800] "POST /xingrg/kc/buy/cgsh_list_operate.html HTTP/1.1" 200 508
116.230.76.31 - - [13/May/2021:11:23:08 +0800] "GET /xingrg/kc/buy/cgsh_order_info.html?code=212021051305603 HTTP/1.1" 200 62118
116.230.76.31 - - [13/May/2021:11:23:08 +0800] "GET /xingrg/words/20210513111537_words.js HTTP/1.1" 200 812439
116.230.114.112 - - [13/May/2021:11:23:08 +0800] "GET /xingrg/all/function/internal_message.html?_=1620876200455&CODE_STATE=getMsg HTTP/1.1" 200 27
116.230.76.31 - - [13/May/2021:11:23:09 +0800] "GET /xingrg/all/common/auto_word.html?type=employee&rest_code=00107 HTTP/1.1" 200 101
116.230.76.31 - - [13/May/2021:11:23:09 +0800] "GET /xingrg/javascript/easyui/themes/default/validatebox.css HTTP/1.1" 404 1104
116.230.76.31 - - [13/May/2021:11:23:09 +0800] "GET /xingrg/all/common/auto_word.html?type=employee&rest_code=00107 HTTP/1.1" 200 101
116.224.253.72 - - [13/May/2021:11:23:09 +0800] "GET /xingrg/all/function/internal_message.html?_=1620876175200&CODE_STATE=getMsg HTTP/1.1" 200 27
116.230.76.31 - - [13/May/2021:11:23:09 +0800] "POST /xingrg/kc/buy/cgsh_order_operate.html HTTP/1.1" 200 5040
61.165.42.208 - - [13/May/2021:11:23:11 +0800] "GET /xingrg/all/function/internal_message.html?_=1620876189530&CODE_STATE=getMsg HTTP/1.1" 200 27
114.83.217.136 - - [13/May/2021:11:23:12 +0800] "GET /xingrg/all/function/internal_message.html?_=1620876192270&CODE_STATE=getMsg HTTP/1.1" 200 27
180.161.124.236 - - [13/May/2021:11:23:14 +0800] "GET /xingrg/all/function/internal_message.html?_=1620876151390&CODE_STATE=getMsg HTTP/1.1" 200 27
116.230.110.80 - - [13/May/2021:11:23:14 +0800] "GET /xingrg/all/function/internal_message.html?_=1620876192389&CODE_STATE=getMsg HTTP/1.1" 200 27
114.86.225.153 - - [13/May/2021:11:23:17 +0800] "GET /xingrg/all/function/internal_message.html?_=1620876195958&CODE_STATE=getMsg HTTP/1.1" 200 27
58.37.228.113 - - [13/May/2021:11:23:20 +0800] "GET /xingrg/all/function/internal_message.html?_=1620876204672&CODE_STATE=getMsg HTTP/1.1" 200 27
180.169.147.146 - - [13/May/2021:11:23:20 +0800] "GET /xingrg/all/function/internal_message.html?_=1620876201396&CODE_STATE=getMsg HTTP/1.1" 200 27
116.230.76.31 - - [13/May/2021:11:23:21 +0800] "GET /xingrg/javascript/auto/indicator.gif HTTP/1.1" 404 1066
117.185.32.26 - - [13/May/2021:11:23:23 +0800] "GET /xingrg/check_reg.html?_=1620876728731 HTTP/1.1" 200 22
117.185.32.26 - - [13/May/2021:11:23:23 +0800] "GET /xingrg/all/function/internal_message.html?_=1620876728733&CODE_STATE=getMsg HTTP/1.1" 200 27
116.230.76.31 - - [13/May/2021:11:23:23 +0800] "GET /xingrg/kc/buy/cgsh_order_operate.html?command=get_materiel&rest_code=00107&code=00101005071&supplier_code=00100347&order_time=2021-05-13 HTTP/1.1" 200 399
180.162.112.86 - - [13/May/2021:11:23:25 +0800] "GET /xingrg/all/function/internal_message.html?_=1620875932494&CODE_STATE=getMsg HTTP/1.1" 200 27
222.69.129.194 - - [13/May/2021:11:23:25 +0800] "GET /xingrg/all/function/internal_message.html?_=1620876203296&CODE_STATE=getMsg HTTP/1.1" 200 27
116.224.253.72 - - [13/May/2021:11:23:26 +0800] "GET /xingrg/all/function/internal_message.html?_=1620876192181&CODE_STATE=getMsg HTTP/1.1" 200 27
180.169.147.146 - - [13/May/2021:11:23:27 +0800] "GET /xingrg/all/function/internal_message.html?_=1620876201241&CODE_STATE=getMsg HTTP/1.1" 200 27
222.69.129.194 - - [13/May/2021:11:23:27 +0800] "GET /xingrg/check_reg.html?_=1620876204818 HTTP/1.1" 200 22
116.235.95.160 - - [13/May/2021:11:23:29 +0800] "GET /xingrg/all/function/internal_message.html?_=1620876296522&CODE_STATE=getMsg HTTP/1.1" 200 27
116.230.76.31 - - [13/May/2021:11:23:30 +0800] "GET /xingrg/all/function/internal_message.html?_=1620876208238&CODE_STATE=getMsg HTTP/1.1" 200 27
114.88.162.5 - - [13/May/2021:11:23:30 +0800] "GET /xingrg/all/function/internal_message.html?_=1620876207665&CODE_STATE=getMsg HTTP/1.1" 200 27
58.221.95.50 - - [13/May/2021:11:23:33 +0800] "GET /xingrg/check_reg.html?_=1620876210946 HTTP/1.1" 302 -
58.37.228.113 - - [13/May/2021:11:23:34 +0800] "GET /xingrg/all/function/internal_message.html?_=1620876171819&CODE_STATE=getMsg HTTP/1.1" 200 27
116.230.76.31 - - [13/May/2021:11:23:41 +0800] "POST /xingrg/kc/buy/cgsh_order_operate.html HTTP/1.1" 200 37
116.230.76.31 - - [13/May/2021:11:23:42 +0800] "POST /xingrg/kc/buy/cgsh_order_operate.html HTTP/1.1" 200 5634
116.230.76.31 - - [13/May/2021:11:23:43 +0800] "GET /xingrg/kc/print/load_config.html?kc_code=cgsh HTTP/1.1" 200 1845
116.230.76.31 - - [13/May/2021:11:23:43 +0800] "GET /xingrg/kc/print/load_data.html?order_code=212021051305603&kc_code=cgsh&condition= HTTP/1.1" 200 1803
180.169.147.146 - - [13/May/2021:11:23:45 +0800] "GET /xingrg/all/function/internal_message.html?_=1620876223283&CODE_STATE=getMsg HTTP/1.1" 200 27
116.230.76.31 - - [13/May/2021:11:23:46 +0800] "GET /xingrg/kc/buy/cgsh_order_add.html HTTP/1.1" 200 62117
116.230.76.31 - - [13/May/2021:11:23:47 +0800] "GET /xingrg/javascript/easyui/themes/default/validatebox.css HTTP/1.1" 404 1104
116.230.76.31 - - [13/May/2021:11:23:47 +0800] "POST /xingrg/kc/buy/cgsh_order_operate.html HTTP/1.1" 200 8245
116.230.76.31 - - [13/May/2021:11:23:48 +0800] "GET /xingrg/javascript/easyui/themes/default/tree.css HTTP/1.1" 404 1090
116.230.76.31 - - [13/May/2021:11:23:49 +0800] "POST /xingrg/all/common/load_tree.html?tree=supplier_tree_json&isDelete=1 HTTP/1.1" 200 55318
116.224.253.72 - - [13/May/2021:11:24:05 +0800] "GET /xingrg/all/function/internal_message.html?_=1620876243634&CODE_STATE=getMsg HTTP/1.1" 200 27
116.224.253.72 - - [13/May/2021:11:24:07 +0800] "GET /xingrg/check_reg.html?_=1620876233526 HTTP/1.1" 200 22
116.230.114.112 - - [13/May/2021:11:24:09 +0800] "GET /xingrg/all/function/internal_message.html?_=1620876260851&CODE_STATE=getMsg HTTP/1.1" 200 27
116.224.253.72 - - [13/May/2021:11:24:09 +0800] "GET /xingrg/all/function/internal_message.html?_=1620876235214&CODE_STATE=getMsg HTTP/1.1" 200 27
61.165.42.208 - - [13/May/2021:11:24:11 +0800] "GET /xingrg/all/function/internal_message.html?_=1620876249531&CODE_STATE=getMsg HTTP/1.1" 200 27
114.83.217.136 - - [13/May/2021:11:24:12 +0800] "GET /xingrg/all/function/internal_message.html?_=1620876252271&CODE_STATE=getMsg HTTP/1.1" 200 27
116.230.76.31 - - [13/May/2021:11:24:13 +0800] "GET /xingrg/kc/buy/cgsh_order_operate.html?command=get_materiel&rest_code=00107&code=00101011010&supplier_code=00100049&order_time=2021-05-13 HTTP/1.1" 200 439
180.161.124.236 - - [13/May/2021:11:24:14 +0800] "GET /xingrg/all/function/internal_message.html?_=1620876211403&CODE_STATE=getMsg HTTP/1.1" 200 27
116.230.110.80 - - [13/May/2021:11:24:14 +0800] "GET /xingrg/check_reg.html?_=1620876252403 HTTP/1.1" 200 22
116.230.110.80 - - [13/May/2021:11:24:14 +0800] "GET /xingrg/all/function/internal_message.html?_=1620876252400&CODE_STATE=getMsg HTTP/1.1" 200 27
114.86.225.153 - - [13/May/2021:11:24:17 +0800] "GET /xingrg/all/function/internal_message.html?_=1620876255964&CODE_STATE=getMsg HTTP/1.1" 200 27
61.151.178.225 - - [13/May/2021:11:24:20 +0800] "GET /xingrg/all/function/internal_message.html?_=1620876204672&CODE_STATE=getMsg HTTP/1.1" 302 -
58.37.228.113 - - [13/May/2021:11:24:20 +0800] "GET /xingrg/all/function/internal_message.html?_=1620876264672&CODE_STATE=getMsg HTTP/1.1" 200 27
61.151.178.225 - - [13/May/2021:11:24:20 +0800] "GET /xingrg/login.html HTTP/1.1" 200 7641
180.169.147.146 - - [13/May/2021:11:24:20 +0800] "GET /xingrg/all/function/internal_message.html?_=1620876261398&CODE_STATE=getMsg HTTP/1.1" 200 27
117.185.32.26 - - [13/May/2021:11:24:23 +0800] "GET /xingrg/all/function/internal_message.html?_=1620876788728&CODE_STATE=getMsg HTTP/1.1" 200 27
180.162.112.86 - - [13/May/2021:11:24:25 +0800] "GET /xingrg/all/function/internal_message.html?_=1620875992494&CODE_STATE=getMsg HTTP/1.1" 200 27
222.69.129.194 - - [13/May/2021:11:24:25 +0800] "GET /xingrg/all/function/internal_message.html?_=1620876263272&CODE_STATE=getMsg HTTP/1.1" 200 27
116.224.253.72 - - [13/May/2021:11:24:26 +0800] "GET /xingrg/all/function/internal_message.html?_=1620876252186&CODE_STATE=getMsg HTTP/1.1" 200 27
180.169.147.146 - - [13/May/2021:11:24:27 +0800] "GET /xingrg/all/function/internal_message.html?_=1620876261230&CODE_STATE=getMsg HTTP/1.1" 200 27
116.235.95.160 - - [13/May/2021:11:24:29 +0800] "GET /xingrg/all/function/internal_message.html?_=1620876356533&CODE_STATE=getMsg HTTP/1.1" 200 27
116.230.76.31 - - [13/May/2021:11:24:30 +0800] "GET /xingrg/all/function/internal_message.html?_=1620876268261&CODE_STATE=getMsg HTTP/1.1" 200 27
114.88.162.5 - - [13/May/2021:11:24:30 +0800] "GET /xingrg/all/function/internal_message.html?_=1620876267666&CODE_STATE=getMsg HTTP/1.1" 200 27
116.230.76.31 - - [13/May/2021:11:24:33 +0800] "GET /xingrg/kc/buy/cgsh_order_operate.html?command=get_materiel&rest_code=00107&code=00101020144&supplier_code=00100049&order_time=2021-05-13 HTTP/1.1" 200 448
58.37.228.113 - - [13/May/2021:11:24:34 +0800] "GET /xingrg/all/function/internal_message.html?_=1620876231803&CODE_STATE=getMsg HTTP/1.1" 200 27
114.86.187.76 - - [13/May/2021:11:24:34 +0800] "POST /xingrg/services/DataTransmitService HTTP/1.1" 200 524
116.230.76.31 - - [13/May/2021:11:24:42 +0800] "POST /xingrg/kc/buy/cgsh_order_operate.html HTTP/1.1" 200 37
116.230.76.31 - - [13/May/2021:11:24:43 +0800] "POST /xingrg/kc/buy/cgsh_order_operate.html HTTP/1.1" 200 3265
180.169.147.146 - - [13/May/2021:11:24:45 +0800] "GET /xingrg/all/function/internal_message.html?_=1620876283289&CODE_STATE=getMsg HTTP/1.1" 200 27
116.230.76.31 - - [13/May/2021:11:24:46 +0800] "GET /xingrg/kc/print/load_data.html?order_code=212021051305605&kc_code=cgsh&condition= HTTP/1.1" 200 955
116.224.253.72 - - [13/May/2021:11:25:05 +0800] "GET /xingrg/all/function/internal_message.html?_=1620876303634&CODE_STATE=getMsg HTTP/1.1" 200 27
116.230.114.112 - - [13/May/2021:11:25:09 +0800] "GET /xingrg/all/function/internal_message.html?_=1620876320856&CODE_STATE=getMsg HTTP/1.1" 200 27
116.224.253.72 - - [13/May/2021:11:25:09 +0800] "GET /xingrg/all/function/internal_message.html?_=1620876295227&CODE_STATE=getMsg HTTP/1.1" 200 27
58.37.228.113 - - [13/May/2021:11:25:10 +0800] "GET /xingrg/kc/buy/cgsh_order_add.html HTTP/1.1" 200 62035
58.37.228.113 - - [13/May/2021:11:25:10 +0800] "GET /xingrg/words/20210513111537_words.js HTTP/1.1" 200 812439
58.37.228.113 - - [13/May/2021:11:25:11 +0800] "POST /xingrg/kc/buy/cgsh_order_operate.html HTTP/1.1" 200 8245
58.37.228.113 - - [13/May/2021:11:25:11 +0800] "GET /xingrg/all/common/auto_word.html?type=employee&rest_code=00141 HTTP/1.1" 200 201
58.37.228.113 - - [13/May/2021:11:25:11 +0800] "GET /xingrg/all/common/auto_word.html?type=employee&rest_code=00141 HTTP/1.1" 200 201
58.37.228.113 - - [13/May/2021:11:25:11 +0800] "GET /xingrg/javascript/easyui/themes/default/validatebox.css HTTP/1.1" 404 1104
61.165.42.208 - - [13/May/2021:11:25:11 +0800] "GET /xingrg/check_reg.html?_=1620876309531 HTTP/1.1" 200 22
61.165.42.208 - - [13/May/2021:11:25:11 +0800] "GET /xingrg/all/function/internal_message.html?_=1620876309534&CODE_STATE=getMsg HTTP/1.1" 200 27
114.83.217.136 - - [13/May/2021:11:25:12 +0800] "GET /xingrg/all/function/internal_message.html?_=1620876312273&CODE_STATE=getMsg HTTP/1.1" 200 27
116.230.110.80 - - [13/May/2021:11:25:14 +0800] "GET /xingrg/all/function/internal_message.html?_=1620876312401&CODE_STATE=getMsg HTTP/1.1" 200 27
180.161.124.236 - - [13/May/2021:11:25:14 +0800] "GET /xingrg/all/function/internal_message.html?_=1620876271865&CODE_STATE=getMsg HTTP/1.1" 200 27
114.86.225.153 - - [13/May/2021:11:25:17 +0800] "GET /xingrg/all/function/internal_message.html?_=1620876315967&CODE_STATE=getMsg HTTP/1.1" 200 27
114.86.225.153 - - [13/May/2021:11:25:17 +0800] "GET /xingrg/check_reg.html?_=1620876315968 HTTP/1.1" 200 22
58.37.228.113 - - [13/May/2021:11:25:20 +0800] "GET /xingrg/kc/buy/cgsh_order_operate.html?command=get_materiel&rest_code=00141&code=00101009113&supplier_code=00100022&order_time=2021-05-13 HTTP/1.1" 200 398
58.37.228.113 - - [13/May/2021:11:25:20 +0800] "GET /xingrg/all/function/internal_message.html?_=1620876324677&CODE_STATE=getMsg HTTP/1.1" 200 27
180.169.147.146 - - [13/May/2021:11:25:20 +0800] "GET /xingrg/check_reg.html?_=1620876321398 HTTP/1.1" 200 22
180.169.147.146 - - [13/May/2021:11:25:20 +0800] "GET /xingrg/all/function/internal_message.html?_=1620876321401&CODE_STATE=getMsg HTTP/1.1" 200 27
117.185.32.26 - - [13/May/2021:11:25:23 +0800] "GET /xingrg/all/function/internal_message.html?_=1620876848735&CODE_STATE=getMsg HTTP/1.1" 200 27
180.162.112.86 - - [13/May/2021:11:25:25 +0800] "GET /xingrg/all/function/internal_message.html?_=1620876052493&CODE_STATE=getMsg HTTP/1.1" 200 27
222.69.129.194 - - [13/May/2021:11:25:25 +0800] "GET /xingrg/all/function/internal_message.html?_=1620876323247&CODE_STATE=getMsg HTTP/1.1" 200 27
116.224.253.72 - - [13/May/2021:11:25:26 +0800] "GET /xingrg/all/function/internal_message.html?_=1620876312227&CODE_STATE=getMsg HTTP/1.1" 200 27
180.169.147.146 - - [13/May/2021:11:25:27 +0800] "GET /xingrg/all/function/internal_message.html?_=1620876321241&CODE_STATE=getMsg HTTP/1.1" 200 27
116.235.95.160 - - [13/May/2021:11:25:29 +0800] "GET /xingrg/all/function/internal_message.html?_=1620876416531&CODE_STATE=getMsg HTTP/1.1" 200 27
116.230.76.31 - - [13/May/2021:11:25:30 +0800] "GET /xingrg/all/function/internal_message.html?_=1620876328254&CODE_STATE=getMsg HTTP/1.1" 200 27
114.88.162.5 - - [13/May/2021:11:25:30 +0800] "GET /xingrg/all/function/internal_message.html?_=1620876327667&CODE_STATE=getMsg HTTP/1.1" 200 27
58.37.228.113 - - [13/May/2021:11:25:33 +0800] "GET /xingrg/kc/buy/cgsh_order_operate.html?command=get_materiel&rest_code=00141&code=00101009066&supplier_code=00100022&order_time=2021-05-13 HTTP/1.1" 200 417
58.37.228.113 - - [13/May/2021:11:25:34 +0800] "GET /xingrg/all/function/internal_message.html?_=1620876291777&CODE_STATE=getMsg HTTP/1.1" 200 27
180.169.147.146 - - [13/May/2021:11:25:45 +0800] "GET /xingrg/check_reg.html?_=1620876343289 HTTP/1.1" 200 22
180.169.147.146 - - [13/May/2021:11:25:45 +0800] "GET /xingrg/all/function/internal_message.html?_=1620876343291&CODE_STATE=getMsg HTTP/1.1" 200 27
58.37.228.113 - - [13/May/2021:11:25:51 +0800] "GET /xingrg/kc/buy/cgsh_order_operate.html?command=get_materiel&rest_code=00141&code=00101009010&supplier_code=00100022&order_time=2021-05-13 HTTP/1.1" 200 414
58.37.228.113 - - [13/May/2021:11:26:03 +0800] "GET /xingrg/kc/buy/cgsh_order_operate.html?command=get_materiel&rest_code=00141&code=00101009039&supplier_code=00100022&order_time=2021-05-13 HTTP/1.1" 200 408
