58.37.228.113 - - [13/May/2021:11:12:32 +0800] "GET /xingrg/kc/print/load_data.html?order_code=212021051305573&kc_code=cgsh&condition= HTTP/1.1" 200 765
120.253.135.82 - - [13/May/2021:11:12:33 +0800] "GET /xingrg/kc/pszx/mdps_order_info.html?code=312021051200349 HTTP/1.1" 200 19591
120.253.135.82 - - [13/May/2021:11:12:34 +0800] "POST /xingrg/kc/pszx/mdps_order_operate.html HTTP/1.1" 200 2496
120.253.135.82 - - [13/May/2021:11:12:34 +0800] "GET /xingrg/javascript/easyui/themes/default/validatebox.css HTTP/1.1" 404 1104
58.37.228.113 - - [13/May/2021:11:12:34 +0800] "GET /xingrg/all/function/internal_message.html?_=1620875511953&CODE_STATE=getMsg HTTP/1.1" 200 27
61.165.42.208 - - [13/May/2021:11:12:35 +0800] "GET /xingrg/all/function/internal_message.html?_=1620875553396&CODE_STATE=getMsg HTTP/1.1" 200 27
61.165.42.208 - - [13/May/2021:11:12:35 +0800] "GET /xingrg/check_reg.html?_=1620875553399 HTTP/1.1" 200 22
116.224.253.72 - - [13/May/2021:11:12:35 +0800] "GET /xingrg/kc/buy/cgsh_order_add.html HTTP/1.1" 200 61671
61.165.42.208 - - [13/May/2021:11:12:35 +0800] "GET /xingrg/kc/base/wldb_order_operate.html?command=get_materiel&rest_code=00105&base_code=0010507&code=00101019339 HTTP/1.1" 200 454
116.224.253.72 - - [13/May/2021:11:12:35 +0800] "POST /xingrg/kc/buy/cgsh_order_operate.html HTTP/1.1" 200 8245
116.224.253.72 - - [13/May/2021:11:12:35 +0800] "GET /xingrg/javascript/easyui/themes/default/validatebox.css HTTP/1.1" 404 1104
120.253.135.82 - - [13/May/2021:11:12:36 +0800] "POST /xingrg/kc/pszx/mdps_list_operate.html HTTP/1.1" 200 2808
120.253.135.82 - - [13/May/2021:11:12:39 +0800] "POST /xingrg/kc/pszx/mdps_list_operate.html HTTP/1.1" 200 205
61.165.42.208 - - [13/May/2021:11:12:39 +0800] "POST /xingrg/kc/base/wldb_order_operate.html HTTP/1.1" 200 37
61.165.42.208 - - [13/May/2021:11:12:39 +0800] "POST /xingrg/kc/base/wldb_order_operate.html HTTP/1.1" 200 2209
120.253.135.82 - - [13/May/2021:11:12:40 +0800] "GET /xingrg/kc/pszx/mdps_order_info.html?code=312021051300363 HTTP/1.1" 200 23931
61.165.42.208 - - [13/May/2021:11:12:40 +0800] "GET /xingrg/kc/base/wldb_order_info.html?code=422021051301365 HTTP/1.1" 200 30195
120.253.135.82 - - [13/May/2021:11:12:40 +0800] "GET /xingrg/javascript/easyui/themes/default/validatebox.css HTTP/1.1" 404 1104
61.165.42.208 - - [13/May/2021:11:12:40 +0800] "GET /xingrg/javascript/easyui/themes/default/validatebox.css HTTP/1.1" 404 1104
120.253.135.82 - - [13/May/2021:11:12:40 +0800] "POST /xingrg/kc/pszx/mdps_order_operate.html HTTP/1.1" 200 2279
180.161.124.236 - - [13/May/2021:11:12:40 +0800] "GET /xingrg/check_reg.html?_=1620875517542 HTTP/1.1" 200 22
61.165.42.208 - - [13/May/2021:11:12:40 +0800] "POST /xingrg/kc/base/wldb_order_operate.html HTTP/1.1" 200 2209
222.69.129.194 - - [13/May/2021:11:12:42 +0800] "POST /xingrg/kc/buy/cgsh_order_operate.html HTTP/1.1" 200 37
116.230.110.80 - - [13/May/2021:11:12:42 +0800] "GET /xingrg/kc/buy/cgsh_order_operate.html?command=get_materiel&rest_code=00155&code=00101001135&supplier_code=00100313&order_time=2021-05-13 HTTP/1.1" 200 433
222.69.129.194 - - [13/May/2021:11:12:45 +0800] "POST /xingrg/kc/buy/cgsh_order_operate.html HTTP/1.1" 200 12
180.169.147.146 - - [13/May/2021:11:12:45 +0800] "GET /xingrg/all/function/internal_message.html?_=1620875563288&CODE_STATE=getMsg HTTP/1.1" 200 27
120.253.135.82 - - [13/May/2021:11:12:46 +0800] "POST /xingrg/kc/pszx/mdps_order_operate.html HTTP/1.1" 200 37
61.165.42.208 - - [13/May/2021:11:12:47 +0800] "GET /xingrg/kc/base/wldb_order_add.html HTTP/1.1" 200 30180
222.69.129.194 - - [13/May/2021:11:12:47 +0800] "GET /xingrg/kc/buy/cgsh_order_info.html?code=212021051305574 HTTP/1.1" 200 56988
222.69.129.194 - - [13/May/2021:11:12:47 +0800] "GET /xingrg/javascript/easyui/themes/default/validatebox.css HTTP/1.1" 404 1104
61.165.42.208 - - [13/May/2021:11:12:47 +0800] "POST /xingrg/kc/base/wldb_order_operate.html HTTP/1.1" 200 6806
61.165.42.208 - - [13/May/2021:11:12:47 +0800] "GET /xingrg/javascript/easyui/themes/default/validatebox.css HTTP/1.1" 404 1104
120.253.135.82 - - [13/May/2021:11:12:47 +0800] "POST /xingrg/kc/pszx/mdps_order_operate.html HTTP/1.1" 200 12
222.69.129.194 - - [13/May/2021:11:12:47 +0800] "POST /xingrg/kc/buy/cgsh_order_operate.html HTTP/1.1" 200 618
222.69.129.194 - - [13/May/2021:11:12:49 +0800] "GET /xingrg/kc/print/load_data.html?order_code=212021051305574&kc_code=cgsh&condition= HTTP/1.1" 200 725
61.165.42.208 - - [13/May/2021:11:12:49 +0800] "POST /xingrg/all/common/load_combo.html?type=base HTTP/1.1" 200 3236
116.224.253.72 - - [13/May/2021:11:12:50 +0800] "GET /xingrg/kc/buy/cgsh_order_operate.html?command=get_materiel&rest_code=00151&code=00101010188&supplier_code=00100266&order_time=2021-05-13 HTTP/1.1" 200 430
222.69.129.194 - - [13/May/2021:11:12:53 +0800] "GET /xingrg/kc/buy/cgsh_order_add.html HTTP/1.1" 200 62082
222.69.129.194 - - [13/May/2021:11:12:53 +0800] "POST /xingrg/kc/buy/cgsh_order_operate.html HTTP/1.1" 200 8245
222.69.129.194 - - [13/May/2021:11:12:53 +0800] "GET /xingrg/javascript/easyui/themes/default/validatebox.css HTTP/1.1" 404 1104
120.253.135.82 - - [13/May/2021:11:12:54 +0800] "GET /xingrg/kc/pszx/mdps_order_info.html?code=312021051300363 HTTP/1.1" 200 19591
120.253.135.82 - - [13/May/2021:11:12:55 +0800] "GET /xingrg/javascript/easyui/themes/default/validatebox.css HTTP/1.1" 404 1104
120.253.135.82 - - [13/May/2021:11:12:55 +0800] "POST /xingrg/kc/pszx/mdps_order_operate.html HTTP/1.1" 200 500
114.88.162.5 - - [13/May/2021:11:12:56 +0800] "GET /xingrg/all/function/internal_message.html?_=1620875573112&CODE_STATE=getMsg HTTP/1.1" 200 27
116.230.110.80 - - [13/May/2021:11:12:57 +0800] "GET /xingrg/kc/buy/cgsh_order_operate.html?command=get_materiel&rest_code=00155&code=00101001106&supplier_code=00100313&order_time=2021-05-13 HTTP/1.1" 200 419
120.253.135.82 - - [13/May/2021:11:12:58 +0800] "POST /xingrg/kc/pszx/mdps_list_operate.html HTTP/1.1" 200 2437
61.165.42.208 - - [13/May/2021:11:12:59 +0800] "GET /xingrg/kc/base/wldb_order_operate.html?command=get_materiel&rest_code=00105&base_code=0010507&code=00101013139 HTTP/1.1" 200 449
120.253.135.82 - - [13/May/2021:11:13:01 +0800] "POST /xingrg/kc/pszx/mdps_list_operate.html HTTP/1.1" 200 633
120.253.135.82 - - [13/May/2021:11:13:01 +0800] "GET /xingrg/kc/pszx/mdps_order_info.html?code=312021051200355 HTTP/1.1" 200 23931
120.253.135.82 - - [13/May/2021:11:13:02 +0800] "POST /xingrg/kc/pszx/mdps_order_operate.html HTTP/1.1" 200 15666
120.253.135.82 - - [13/May/2021:11:13:02 +0800] "GET /xingrg/javascript/easyui/themes/default/validatebox.css HTTP/1.1" 404 1104
116.224.253.72 - - [13/May/2021:11:13:03 +0800] "GET /xingrg/kc/buy/cgsh_order_operate.html?command=get_materiel&rest_code=00151&code=00101006060&supplier_code=00100266&order_time=2021-05-13 HTTP/1.1" 200 409
116.230.76.31 - - [13/May/2021:11:13:03 +0800] "GET /xingrg/all/function/internal_message.html?_=1620875581465&CODE_STATE=getMsg HTTP/1.1" 200 27
116.230.110.80 - - [13/May/2021:11:13:04 +0800] "GET /xingrg/kc/buy/cgsh_order_operate.html?command=get_materiel&rest_code=00155&code=00101001096&supplier_code=00100313&order_time=2021-05-13 HTTP/1.1" 200 413
120.253.135.82 - - [13/May/2021:11:13:04 +0800] "POST /xingrg/kc/pszx/mdps_order_operate.html HTTP/1.1" 200 37
120.253.135.82 - - [13/May/2021:11:13:06 +0800] "POST /xingrg/kc/pszx/mdps_order_operate.html HTTP/1.1" 200 12
222.69.129.194 - - [13/May/2021:11:13:07 +0800] "GET /xingrg/kc/buy/cgsh_order_operate.html?command=get_materiel&rest_code=00149&code=00101010063&supplier_code=00100323&order_time=2021-05-12 HTTP/1.1" 200 409
116.230.114.112 - - [13/May/2021:11:13:07 +0800] "GET /xingrg/all/function/internal_message.html?_=1620875598884&CODE_STATE=getMsg HTTP/1.1" 200 27
61.165.42.208 - - [13/May/2021:11:13:08 +0800] "GET /xingrg/kc/base/wldb_order_operate.html?command=get_materiel&rest_code=00105&base_code=0010507&code=00101019313 HTTP/1.1" 200 443
116.224.253.72 - - [13/May/2021:11:13:09 +0800] "GET /xingrg/all/function/internal_message.html?_=1620875574845&CODE_STATE=getMsg HTTP/1.1" 200 27
180.161.124.236 - - [13/May/2021:11:13:12 +0800] "GET /xingrg/all/function/internal_message.html?_=1620875549164&CODE_STATE=getMsg HTTP/1.1" 200 27
114.83.217.136 - - [13/May/2021:11:13:12 +0800] "GET /xingrg/all/function/internal_message.html?_=1620875592243&CODE_STATE=getMsg HTTP/1.1" 200 27
116.230.110.80 - - [13/May/2021:11:13:13 +0800] "GET /xingrg/kc/buy/cgsh_order_operate.html?command=get_materiel&rest_code=00155&code=00101001016&supplier_code=00100313&order_time=2021-05-13 HTTP/1.1" 200 415
120.253.135.82 - - [13/May/2021:11:13:14 +0800] "GET /xingrg/kc/pszx/mdps_order_info.html?code=312021051200355 HTTP/1.1" 200 19591
120.253.135.82 - - [13/May/2021:11:13:14 +0800] "POST /xingrg/kc/pszx/mdps_order_operate.html HTTP/1.1" 200 13780
120.253.135.82 - - [13/May/2021:11:13:14 +0800] "GET /xingrg/javascript/easyui/themes/default/validatebox.css HTTP/1.1" 404 1104
116.230.110.80 - - [13/May/2021:11:13:14 +0800] "GET /xingrg/all/function/internal_message.html?_=1620875592404&CODE_STATE=getMsg HTTP/1.1" 200 27
120.253.135.82 - - [13/May/2021:11:13:15 +0800] "POST /xingrg/kc/pszx/mdps_list_operate.html HTTP/1.1" 200 2064
116.224.253.72 - - [13/May/2021:11:13:15 +0800] "GET /xingrg/kc/buy/cgsh_order_operate.html?command=get_materiel&rest_code=00151&code=00101010497&supplier_code=00100266&order_time=2021-05-13 HTTP/1.1" 200 405
116.224.253.72 - - [13/May/2021:11:13:16 +0800] "GET /xingrg/all/function/internal_message.html?_=1620875594863&CODE_STATE=getMsg HTTP/1.1" 200 27
120.253.135.82 - - [13/May/2021:11:13:17 +0800] "POST /xingrg/kc/pszx/mdps_list_operate.html HTTP/1.1" 200 546
114.86.225.153 - - [13/May/2021:11:13:17 +0800] "GET /xingrg/all/function/internal_message.html?_=1620875595935&CODE_STATE=getMsg HTTP/1.1" 200 27
120.253.135.82 - - [13/May/2021:11:13:18 +0800] "GET /xingrg/kc/pszx/mdps_order_info.html?code=312021051200348 HTTP/1.1" 200 23931
120.253.135.82 - - [13/May/2021:11:13:19 +0800] "GET /xingrg/javascript/easyui/themes/default/validatebox.css HTTP/1.1" 404 1104
120.253.135.82 - - [13/May/2021:11:13:19 +0800] "POST /xingrg/kc/pszx/mdps_order_operate.html HTTP/1.1" 200 4324
58.37.228.113 - - [13/May/2021:11:13:20 +0800] "GET /xingrg/all/function/internal_message.html?_=1620875604646&CODE_STATE=getMsg HTTP/1.1" 200 27
180.169.147.146 - - [13/May/2021:11:13:20 +0800] "GET /xingrg/all/function/internal_message.html?_=1620875601382&CODE_STATE=getMsg HTTP/1.1" 200 27
116.230.110.80 - - [13/May/2021:11:13:23 +0800] "GET /xingrg/kc/buy/cgsh_order_operate.html?command=get_materiel&rest_code=00155&code=00102026001&supplier_code=00100313&order_time=2021-05-13 HTTP/1.1" 200 409
117.185.32.26 - - [13/May/2021:11:13:23 +0800] "GET /xingrg/all/function/internal_message.html?_=1620876128679&CODE_STATE=getMsg HTTP/1.1" 200 27
117.185.32.26 - - [13/May/2021:11:13:23 +0800] "GET /xingrg/check_reg.html?_=1620876128681 HTTP/1.1" 200 22
120.253.135.82 - - [13/May/2021:11:13:24 +0800] "POST /xingrg/kc/pszx/mdps_order_operate.html HTTP/1.1" 200 37
180.162.112.86 - - [13/May/2021:11:13:25 +0800] "GET /xingrg/all/function/internal_message.html?_=1620875332493&CODE_STATE=getMsg HTTP/1.1" 200 27
120.253.135.82 - - [13/May/2021:11:13:25 +0800] "POST /xingrg/kc/pszx/mdps_order_operate.html HTTP/1.1" 200 12
222.69.129.194 - - [13/May/2021:11:13:25 +0800] "GET /xingrg/all/function/internal_message.html?_=1620875603402&CODE_STATE=getMsg HTTP/1.1" 200 27
116.224.253.72 - - [13/May/2021:11:13:26 +0800] "GET /xingrg/all/function/internal_message.html?_=1620875591954&CODE_STATE=getMsg HTTP/1.1" 200 27
116.224.253.72 - - [13/May/2021:11:13:26 +0800] "GET /xingrg/kc/buy/cgsh_order_operate.html?command=get_materiel&rest_code=00151&code=00101010496&supplier_code=00100266&order_time=2021-05-13 HTTP/1.1" 200 419
180.169.147.146 - - [13/May/2021:11:13:26 +0800] "GET /xingrg/all/function/internal_message.html?_=1620875601183&CODE_STATE=getMsg HTTP/1.1" 200 27
222.69.129.194 - - [13/May/2021:11:13:27 +0800] "GET /xingrg/check_reg.html?_=1620875604838 HTTP/1.1" 200 22
222.69.129.194 - - [13/May/2021:11:13:27 +0800] "GET /xingrg/kc/buy/cgsh_order_operate.html?command=get_materiel&rest_code=00149&code=00101006173&supplier_code=00100323&order_time=2021-05-12 HTTP/1.1" 200 419
116.235.95.160 - - [13/May/2021:11:13:29 +0800] "GET /xingrg/all/function/internal_message.html?_=1620875696519&CODE_STATE=getMsg HTTP/1.1" 200 27
58.221.95.50 - - [13/May/2021:11:13:33 +0800] "GET /xingrg/check_reg.html?_=1620875610947 HTTP/1.1" 302 -
120.253.135.82 - - [13/May/2021:11:13:33 +0800] "GET /xingrg/kc/pszx/mdps_order_info.html?code=312021051200348 HTTP/1.1" 200 19591
120.253.135.82 - - [13/May/2021:11:13:34 +0800] "POST /xingrg/kc/pszx/mdps_order_operate.html HTTP/1.1" 200 2530
120.253.135.82 - - [13/May/2021:11:13:34 +0800] "GET /xingrg/javascript/easyui/themes/default/validatebox.css HTTP/1.1" 404 1104
58.37.228.113 - - [13/May/2021:11:13:34 +0800] "GET /xingrg/all/function/internal_message.html?_=1620875571923&CODE_STATE=getMsg HTTP/1.1" 200 27
61.165.42.208 - - [13/May/2021:11:13:35 +0800] "GET /xingrg/all/function/internal_message.html?_=1620875613373&CODE_STATE=getMsg HTTP/1.1" 200 27
120.253.135.82 - - [13/May/2021:11:13:35 +0800] "POST /xingrg/kc/pszx/mdps_list_operate.html HTTP/1.1" 200 1692
61.165.42.208 - - [13/May/2021:11:13:35 +0800] "GET /xingrg/kc/base/wldb_order_operate.html?command=get_materiel&rest_code=00105&base_code=0010507&code=00101013172 HTTP/1.1" 200 430
116.224.253.72 - - [13/May/2021:11:13:36 +0800] "GET /xingrg/kc/buy/cgsh_order_operate.html?command=get_materiel&rest_code=00151&code=00101021014&supplier_code=00100266&order_time=2021-05-13 HTTP/1.1" 200 400
120.253.135.82 - - [13/May/2021:11:13:36 +0800] "POST /xingrg/kc/pszx/mdps_list_operate.html HTTP/1.1" 200 294
222.69.129.194 - - [13/May/2021:11:13:42 +0800] "GET /xingrg/kc/buy/cgsh_order_operate.html?command=get_materiel&rest_code=00149&code=00101020062&supplier_code=00100323&order_time=2021-05-12 HTTP/1.1" 200 413
58.37.228.113 - - [13/May/2021:11:13:43 +0800] "GET /xingrg/kc/buy/cgsh_order_add.html HTTP/1.1" 200 62035
58.37.228.113 - - [13/May/2021:11:13:43 +0800] "POST /xingrg/kc/buy/cgsh_order_operate.html HTTP/1.1" 200 8245
58.37.228.113 - - [13/May/2021:11:13:43 +0800] "GET /xingrg/javascript/easyui/themes/default/validatebox.css HTTP/1.1" 404 1104
172.20.0.100 - - [13/May/2021:11:13:45 +0800] "GET /xingrg/login.html HTTP/1.1" 200 7636
172.20.0.100 - - [13/May/2021:11:13:45 +0800] "GET /xingrg/images/blue/jxLogo.png HTTP/1.1" 200 6156
180.169.147.146 - - [13/May/2021:11:13:45 +0800] "GET /xingrg/all/function/internal_message.html?_=1620875623290&CODE_STATE=getMsg HTTP/1.1" 200 27
172.20.0.100 - - [13/May/2021:11:13:45 +0800] "GET /xingrg/images/blue/hj.png HTTP/1.1" 200 1014
172.20.0.100 - - [13/May/2021:11:13:45 +0800] "GET /xingrg/images/blue/login_bg.png HTTP/1.1" 200 22101
172.20.0.100 - - [13/May/2021:11:13:45 +0800] "GET /xingrg/images/blue/srbg.png HTTP/1.1" 200 138
172.20.0.100 - - [13/May/2021:11:13:45 +0800] "GET /favicon.ico HTTP/1.1" 404 -
116.224.253.72 - - [13/May/2021:11:13:46 +0800] "GET /xingrg/kc/buy/cgsh_order_operate.html?command=get_materiel&rest_code=00151&code=00101037159&supplier_code=00100266&order_time=2021-05-13 HTTP/1.1" 200 406
116.230.110.80 - - [13/May/2021:11:13:50 +0800] "POST /xingrg/kc/buy/cgsh_order_operate.html HTTP/1.1" 200 37
172.20.0.100 - - [13/May/2021:11:13:51 +0800] "POST /xingrg/login.do HTTP/1.1" 302 -
172.20.0.100 - - [13/May/2021:11:13:51 +0800] "GET /xingrg/javascript/jquery_easy_ui/themes/icon.css HTTP/1.1" 200 3949
172.20.0.100 - - [13/May/2021:11:13:51 +0800] "GET /xingrg/javascript/jquery_easy_ui/themes/default/easyui.css HTTP/1.1" 200 26500
172.20.0.100 - - [13/May/2021:11:13:51 +0800] "GET /xingrg/css/form.css HTTP/1.1" 200 893
172.20.0.100 - - [13/May/2021:11:13:51 +0800] "GET /xingrg/javascript/jquery-1.4.2.min.js HTTP/1.1" 200 72205
172.20.0.100 - - [13/May/2021:11:13:51 +0800] "GET /xingrg/javascript/jquery_easy_ui/jquery.easyui.min.js HTTP/1.1" 200 213662
172.20.0.100 - - [13/May/2021:11:13:51 +0800] "GET /xingrg/javascript/jquery_easy_ui/easyui-lang-zh_CN.js HTTP/1.1" 200 1900
172.20.0.100 - - [13/May/2021:11:13:51 +0800] "GET /xingrg/javascript/jquery.timers.js HTTP/1.1" 200 3532
172.20.0.100 - - [13/May/2021:11:13:51 +0800] "GET /xingrg/javascript/jquery.form.js HTTP/1.1" 200 23110
172.20.0.100 - - [13/May/2021:11:13:51 +0800] "GET /xingrg/javascript/jquery.utils.js HTTP/1.1" 200 11805
172.20.0.100 - - [13/May/2021:11:13:51 +0800] "GET /xingrg/index.html?sysBaseUrl=http%3A%2F%2F172.20.0.8%3A18081%2Fxingrg%2F&costTime=151×tamp=1620875631028 HTTP/1.1" 200 17448
172.20.0.100 - - [13/May/2021:11:13:51 +0800] "GET /favicon.ico HTTP/1.1" 404 -
172.20.0.100 - - [13/May/2021:11:13:51 +0800] "GET /xingrg/javascript/jquery_easy_ui/themes/icons/settle_new.png HTTP/1.1" 200 826
172.20.0.100 - - [13/May/2021:11:13:51 +0800] "GET /xingrg/images/blue/navBackgound.jpg HTTP/1.1" 200 12378
172.20.0.100 - - [13/May/2021:11:13:51 +0800] "POST /xingrg/all/common/load_tree.html?tree=area_rest_tree_json&manage=1 HTTP/1.1" 200 3344
172.20.0.100 - - [13/May/2021:11:13:51 +0800] "GET /xingrg/check_reg.html?_=1620875630088 HTTP/1.1" 200 22
172.20.0.100 - - [13/May/2021:11:13:51 +0800] "GET /xingrg/all/function/internal_message.html?_=1620875630087&CODE_STATE=count HTTP/1.1" 200 11
172.20.0.100 - - [13/May/2021:11:13:51 +0800] "GET /xingrg/images/blue/pingpu.png HTTP/1.1" 200 231
172.20.0.100 - - [13/May/2021:11:13:51 +0800] "GET /xingrg/javascript/jquery_easy_ui/themes/default/images/tabs_leftarrow.png HTTP/1.1" 200 389
172.20.0.100 - - [13/May/2021:11:13:51 +0800] "GET /xingrg/javascript/jquery_easy_ui/themes/default/images/tabs_rightarrow.png HTTP/1.1" 200 395
172.20.0.100 - - [13/May/2021:11:13:51 +0800] "GET /xingrg/javascript/jquery_easy_ui/themes/default/images/panel_tool_expand.gif HTTP/1.1" 200 247
172.20.0.100 - - [13/May/2021:11:13:51 +0800] "GET /xingrg/javascript/jquery_easy_ui/themes/default/images/panel_tool_collapse.gif HTTP/1.1" 200 246
172.20.0.100 - - [13/May/2021:11:13:51 +0800] "POST /xingrg/load_menu.html HTTP/1.1" 200 11529
172.20.0.100 - - [13/May/2021:11:13:51 +0800] "GET /xingrg/javascript/jquery_easy_ui/themes/default/images/tree_arrows.gif HTTP/1.1" 200 1043
172.20.0.100 - - [13/May/2021:11:13:51 +0800] "GET /xingrg/javascript/jquery_easy_ui/themes/default/images/tree_folder_open.gif HTTP/1.1" 200 956
172.20.0.100 - - [13/May/2021:11:13:51 +0800] "GET /xingrg/javascript/jquery_easy_ui/themes/icons/search_new.png HTTP/1.1" 200 586
172.20.0.100 - - [13/May/2021:11:13:51 +0800] "GET /xingrg/javascript/jquery_easy_ui/themes/icons/delivery_new.png HTTP/1.1" 200 700
172.20.0.100 - - [13/May/2021:11:13:51 +0800] "GET /xingrg/javascript/jquery_easy_ui/themes/icons/storage_new.png HTTP/1.1" 200 853
172.20.0.100 - - [13/May/2021:11:13:51 +0800] "GET /xingrg/javascript/jquery_easy_ui/themes/icons/checkout_new.png HTTP/1.1" 200 744
172.20.0.100 - - [13/May/2021:11:13:51 +0800] "GET /xingrg/javascript/jquery_easy_ui/themes/icons/forms_new.png HTTP/1.1" 200 350
172.20.0.100 - - [13/May/2021:11:13:51 +0800] "GET /xingrg/javascript/jquery_easy_ui/themes/icons/setting_new.png HTTP/1.1" 200 450
172.20.0.100 - - [13/May/2021:11:13:51 +0800] "GET /xingrg/javascript/jquery_easy_ui/themes/icons/systemset_new.png HTTP/1.1" 200 606
172.20.0.100 - - [13/May/2021:11:13:51 +0800] "GET /xingrg/javascript/jquery_easy_ui/themes/default/images/tree_file.gif HTTP/1.1" 200 118
172.20.0.100 - - [13/May/2021:11:13:51 +0800] "GET /xingrg/javascript/jquery_easy_ui/themes/default/images/tree_folder.gif HTTP/1.1" 200 952
116.230.110.80 - - [13/May/2021:11:13:52 +0800] "POST /xingrg/kc/buy/cgsh_order_operate.html HTTP/1.1" 200 6829
116.230.110.80 - - [13/May/2021:11:13:53 +0800] "GET /xingrg/kc/print/load_data.html?order_code=212021051305575&kc_code=cgsh&condition= HTTP/1.1" 200 2280
172.20.0.100 - - [13/May/2021:11:13:53 +0800] "GET /xingrg/javascript/jquery_easy_ui/themes/icons/area.png HTTP/1.1" 200 262
172.20.0.100 - - [13/May/2021:11:13:53 +0800] "GET /xingrg/javascript/jquery_easy_ui/themes/icons/manage.png HTTP/1.1" 200 696
172.20.0.100 - - [13/May/2021:11:13:53 +0800] "GET /xingrg/javascript/jquery_easy_ui/themes/icons/rest.png HTTP/1.1" 200 695
172.20.0.100 - - [13/May/2021:11:13:53 +0800] "GET /xingrg/javascript/jquery_easy_ui/themes/default/images/button_a_bg.gif HTTP/1.1" 200 1194
172.20.0.100 - - [13/May/2021:11:13:53 +0800] "GET /xingrg/javascript/jquery_easy_ui/themes/default/images/button_span_bg.gif HTTP/1.1" 200 2061
172.20.0.100 - - [13/May/2021:11:13:53 +0800] "GET /xingrg/javascript/jquery_easy_ui/themes/icons/ok.png HTTP/1.1" 200 883
172.20.0.100 - - [13/May/2021:11:13:53 +0800] "GET /xingrg/javascript/jquery_easy_ui/themes/default/images/panel_title.png HTTP/1.1" 200 266
172.20.0.100 - - [13/May/2021:11:13:53 +0800] "GET /xingrg/javascript/jquery_easy_ui/themes/default/images/panel_tools.gif HTTP/1.1" 200 737
61.165.42.208 - - [13/May/2021:11:13:55 +0800] "POST /xingrg/kc/base/wldb_order_operate.html HTTP/1.1" 200 37
114.88.162.5 - - [13/May/2021:11:13:56 +0800] "GET /xingrg/all/function/internal_message.html?_=1620875633085&CODE_STATE=getMsg HTTP/1.1" 200 27
61.165.42.208 - - [13/May/2021:11:13:56 +0800] "POST /xingrg/kc/base/wldb_order_operate.html HTTP/1.1" 200 3627
58.37.228.113 - - [13/May/2021:11:13:56 +0800] "GET /xingrg/kc/buy/cgsh_order_operate.html?command=get_materiel&rest_code=00141&code=00101001060&supplier_code=00100442&order_time=2021-05-13 HTTP/1.1" 200 421
61.165.42.208 - - [13/May/2021:11:14:00 +0800] "GET /xingrg/kc/base/wldb_order_info.html?code=422021051301366 HTTP/1.1" 200 30195
61.165.42.208 - - [13/May/2021:11:14:00 +0800] "GET /xingrg/javascript/easyui/themes/default/validatebox.css HTTP/1.1" 404 1104
61.165.42.208 - - [13/May/2021:11:14:00 +0800] "POST /xingrg/kc/base/wldb_order_operate.html HTTP/1.1" 200 3627
172.20.0.100 - - [13/May/2021:11:14:01 +0800] "GET /xingrg/images/control/ajaxLoader.gif HTTP/1.1" 200 4659
172.20.0.100 - - [13/May/2021:11:14:01 +0800] "POST /xingrg/all/user/operate.html HTTP/1.1" 200 36
172.20.0.100 - - [13/May/2021:11:14:01 +0800] "GET /xingrg/index.html?sysBaseUrl=http%3A%2F%2F172.20.0.8%3A18081%2Fxingrg%2F&costTime=151×tamp=1620875631028 HTTP/1.1" 200 17454
172.20.0.100 - - [13/May/2021:11:14:01 +0800] "GET /xingrg/javascript/jquery_easy_ui/themes/default/easyui.css HTTP/1.1" 304 -
172.20.0.100 - - [13/May/2021:11:14:01 +0800] "GET /xingrg/javascript/jquery_easy_ui/themes/icon.css HTTP/1.1" 304 -
172.20.0.100 - - [13/May/2021:11:14:01 +0800] "GET /xingrg/css/form.css HTTP/1.1" 304 -
172.20.0.100 - - [13/May/2021:11:14:01 +0800] "GET /xingrg/javascript/jquery-1.4.2.min.js HTTP/1.1" 304 -
172.20.0.100 - - [13/May/2021:11:14:01 +0800] "GET /xingrg/javascript/jquery_easy_ui/jquery.easyui.min.js HTTP/1.1" 304 -
222.69.129.194 - - [13/May/2021:11:14:01 +0800] "GET /xingrg/kc/buy/cgsh_order_operate.html?command=get_materiel&rest_code=00149&code=00101001109&supplier_code=00100323&order_time=2021-05-12 HTTP/1.1" 200 415
172.20.0.100 - - [13/May/2021:11:14:01 +0800] "GET /xingrg/javascript/jquery_easy_ui/easyui-lang-zh_CN.js HTTP/1.1" 304 -
172.20.0.100 - - [13/May/2021:11:14:01 +0800] "GET /xingrg/javascript/jquery.form.js HTTP/1.1" 304 -
172.20.0.100 - - [13/May/2021:11:14:01 +0800] "GET /xingrg/javascript/jquery.utils.js HTTP/1.1" 304 -
172.20.0.100 - - [13/May/2021:11:14:01 +0800] "GET /xingrg/javascript/jquery.timers.js HTTP/1.1" 304 -
172.20.0.100 - - [13/May/2021:11:14:01 +0800] "GET /xingrg/images/blue/jxLogo.png HTTP/1.1" 304 -
172.20.0.100 - - [13/May/2021:11:14:01 +0800] "GET /xingrg/images/blue/navBackgound.jpg HTTP/1.1" 304 -
172.20.0.100 - - [13/May/2021:11:14:01 +0800] "GET /xingrg/javascript/jquery_easy_ui/themes/icons/settle_new.png HTTP/1.1" 304 -
172.20.0.100 - - [13/May/2021:11:14:01 +0800] "POST /xingrg/all/common/load_tree.html?tree=area_rest_tree_json&manage=1 HTTP/1.1" 200 3344
172.20.0.100 - - [13/May/2021:11:14:01 +0800] "GET /xingrg/all/function/internal_message.html?_=1620875640556&CODE_STATE=count HTTP/1.1" 200 11
172.20.0.100 - - [13/May/2021:11:14:01 +0800] "GET /xingrg/check_reg.html?_=1620875640557 HTTP/1.1" 200 22
172.20.0.100 - - [13/May/2021:11:14:01 +0800] "GET /xingrg/javascript/jquery_easy_ui/themes/default/images/tabs_leftarrow.png HTTP/1.1" 304 -
172.20.0.100 - - [13/May/2021:11:14:01 +0800] "GET /xingrg/javascript/jquery_easy_ui/themes/default/images/tabs_rightarrow.png HTTP/1.1" 304 -
172.20.0.100 - - [13/May/2021:11:14:01 +0800] "GET /xingrg/images/blue/pingpu.png HTTP/1.1" 304 -
172.20.0.100 - - [13/May/2021:11:14:01 +0800] "GET /xingrg/javascript/jquery_easy_ui/themes/default/images/panel_tool_expand.gif HTTP/1.1" 304 -
172.20.0.100 - - [13/May/2021:11:14:01 +0800] "GET /xingrg/javascript/jquery_easy_ui/themes/default/images/panel_tool_collapse.gif HTTP/1.1" 304 -
172.20.0.100 - - [13/May/2021:11:14:01 +0800] "POST /xingrg/load_menu.html HTTP/1.1" 200 9924
116.230.110.80 - - [13/May/2021:11:14:02 +0800] "GET /xingrg/kc/buy/cgsh_order_add.html HTTP/1.1" 200 61997
116.230.110.80 - - [13/May/2021:11:14:02 +0800] "POST /xingrg/kc/buy/cgsh_order_operate.html HTTP/1.1" 200 8245
116.230.110.80 - - [13/May/2021:11:14:02 +0800] "GET /xingrg/javascript/easyui/themes/default/validatebox.css HTTP/1.1" 404 1104
116.230.76.31 - - [13/May/2021:11:14:03 +0800] "GET /xingrg/all/function/internal_message.html?_=1620875641454&CODE_STATE=getMsg HTTP/1.1" 200 27
172.20.0.100 - - [13/May/2021:11:14:04 +0800] "GET /xingrg/javascript/jquery_easy_ui/themes/default/images/tabs_close.gif HTTP/1.1" 200 829
172.20.0.100 - - [13/May/2021:11:14:04 +0800] "GET /xingrg/kc/buy/cgsh_order_list.html HTTP/1.1" 200 46532
172.20.0.100 - - [13/May/2021:11:14:04 +0800] "GET /xingrg/css/base.css HTTP/1.1" 200 2811
172.20.0.100 - - [13/May/2021:11:14:04 +0800] "GET /xingrg/css/site.css HTTP/1.1" 200 7541
172.20.0.100 - - [13/May/2021:11:14:04 +0800] "GET /xingrg/javascript/jquery_tools/datebox.css HTTP/1.1" 200 2597
172.20.0.100 - - [13/May/2021:11:14:04 +0800] "GET /xingrg/javascript/easyui/themes/icon.css HTTP/1.1" 200 4483
172.20.0.100 - - [13/May/2021:11:14:04 +0800] "GET /xingrg/javascript/easyui/themes/default/easyui.css HTTP/1.1" 200 30432
172.20.0.100 - - [13/May/2021:11:14:04 +0800] "GET /xingrg/javascript/auto/jquery.autocomplete.css HTTP/1.1" 200 587
172.20.0.100 - - [13/May/2021:11:14:04 +0800] "GET /xingrg/javascript/jquery_tools/fix.css HTTP/1.1" 200 1702
172.20.0.100 - - [13/May/2021:11:14:04 +0800] "GET /xingrg/javascript/jquery_tools/table.css HTTP/1.1" 200 1032
172.20.0.100 - - [13/May/2021:11:14:04 +0800] "GET /xingrg/javascript/jquery_tools/jquery.tools.min.js HTTP/1.1" 200 138801
172.20.0.100 - - [13/May/2021:11:14:04 +0800] "GET /xingrg/javascript/jquery_tools/jquery.tools.extend.js HTTP/1.1" 200 15385
172.20.0.100 - - [13/May/2021:11:14:04 +0800] "GET /xingrg/javascript/jquery_tools/jquery.tools.hotkey.js HTTP/1.1" 200 3242
172.20.0.100 - - [13/May/2021:11:14:04 +0800] "GET /xingrg/javascript/jquery_tools/jquery.tools.table.js HTTP/1.1" 200 6994
172.20.0.100 - - [13/May/2021:11:14:04 +0800] "GET /xingrg/javascript/jquery_tools/list_manager.js HTTP/1.1" 200 3652
172.20.0.100 - - [13/May/2021:11:14:04 +0800] "GET /xingrg/javascript/auto/jquery.autocomplete.js HTTP/1.1" 200 21624
172.20.0.100 - - [13/May/2021:11:14:04 +0800] "GET /xingrg/javascript/easyui/easyloader.js HTTP/1.1" 200 5975
172.20.0.100 - - [13/May/2021:11:14:04 +0800] "GET /xingrg/javascript/jquery.cookie.js HTTP/1.1" 200 5513
172.20.0.100 - - [13/May/2021:11:14:04 +0800] "GET /xingrg/javascript/print/LodopFuncs.js HTTP/1.1" 200 5121
172.20.0.100 - - [13/May/2021:11:14:04 +0800] "GET /xingrg/javascript/easyui/themes/icons/import_new.png HTTP/1.1" 200 1247
172.20.0.100 - - [13/May/2021:11:14:04 +0800] "GET /xingrg/javascript/easyui/themes/icons/field_new.png HTTP/1.1" 200 1097
172.20.0.100 - - [13/May/2021:11:14:04 +0800] "GET /xingrg/javascript/easyui/themes/icons/edit_add_new.png HTTP/1.1" 200 2997
172.20.0.100 - - [13/May/2021:11:14:04 +0800] "GET /xingrg/javascript/easyui/themes/icons/check_new.png HTTP/1.1" 200 3224
172.20.0.100 - - [13/May/2021:11:14:04 +0800] "GET /xingrg/javascript/easyui/themes/icons/cance_new.png HTTP/1.1" 200 3986
172.20.0.100 - - [13/May/2021:11:14:04 +0800] "GET /xingrg/javascript/easyui/themes/icons/uncheck_new.png HTTP/1.1" 200 3197
172.20.0.100 - - [13/May/2021:11:14:04 +0800] "GET /xingrg/javascript/easyui/plugins/jquery.parser.js HTTP/1.1" 200 1142
172.20.0.100 - - [13/May/2021:11:14:05 +0800] "POST /xingrg/kc/buy/cgsh_list_operate.html HTTP/1.1" 200 876
116.224.253.72 - - [13/May/2021:11:14:07 +0800] "GET /xingrg/check_reg.html?_=1620875633312 HTTP/1.1" 200 22
116.230.114.112 - - [13/May/2021:11:14:07 +0800] "GET /xingrg/all/function/internal_message.html?_=1620875659260&CODE_STATE=getMsg HTTP/1.1" 200 27
116.224.253.72 - - [13/May/2021:11:14:08 +0800] "GET /xingrg/kc/buy/cgsh_order_operate.html?command=get_materiel&rest_code=00151&code=00101010498&supplier_code=00100266&order_time=2021-05-13 HTTP/1.1" 200 406
116.224.253.72 - - [13/May/2021:11:14:09 +0800] "GET /xingrg/all/function/internal_message.html?_=1620875634859&CODE_STATE=getMsg HTTP/1.1" 200 27
120.253.135.82 - - [13/May/2021:11:14:10 +0800] "POST /xingrg/kc/pszx/mdps_list_operate.html HTTP/1.1" 200 3552
58.37.228.113 - - [13/May/2021:11:14:11 +0800] "GET /xingrg/kc/buy/cgsh_order_operate.html?command=get_materiel&rest_code=00141&code=00101002047&supplier_code=00100442&order_time=2021-05-13 HTTP/1.1" 200 405
180.161.124.236 - - [13/May/2021:11:14:12 +0800] "GET /xingrg/all/function/internal_message.html?_=1620875609177&CODE_STATE=getMsg HTTP/1.1" 200 27
116.230.110.80 - - [13/May/2021:11:14:12 +0800] "GET /xingrg/kc/buy/cgsh_order_operate.html?command=get_materiel&rest_code=00155&code=00101001045&supplier_code=00100439&order_time=2021-05-13 HTTP/1.1" 200 421
114.83.217.136 - - [13/May/2021:11:14:12 +0800] "GET /xingrg/all/function/internal_message.html?_=1620875652245&CODE_STATE=getMsg HTTP/1.1" 200 27
172.20.0.100 - - [13/May/2021:11:14:13 +0800] "GET /xingrg/system/info/materiel_manager.html HTTP/1.1" 200 19442
172.20.0.100 - - [13/May/2021:11:14:13 +0800] "GET /xingrg/css/blue.css HTTP/1.1" 200 15949
172.20.0.100 - - [13/May/2021:11:14:13 +0800] "GET /xingrg/css/xtree.css HTTP/1.1" 200 880
172.20.0.100 - - [13/May/2021:11:14:13 +0800] "GET /xingrg/javascript/jquery_ui/themes/base/base.css HTTP/1.1" 200 28568
172.20.0.100 - - [13/May/2021:11:14:13 +0800] "GET /xingrg/javascript/pic_change.js HTTP/1.1" 200 4739
172.20.0.100 - - [13/May/2021:11:14:13 +0800] "GET /xingrg/dwr/interface/AjaxBaseInfoService.js HTTP/1.1" 200 21363
172.20.0.100 - - [13/May/2021:11:14:13 +0800] "GET /xingrg/dwr/interface/AjaxComOrderService.js HTTP/1.1" 200 18264
172.20.0.100 - - [13/May/2021:11:14:13 +0800] "GET /xingrg/dwr/engine.js HTTP/1.1" 200 43631
172.20.0.100 - - [13/May/2021:11:14:13 +0800] "GET /xingrg/dwr/util.js HTTP/1.1" 200 35990
172.20.0.100 - - [13/May/2021:11:14:13 +0800] "GET /xingrg/javascript/Calendar.js HTTP/1.1" 200 31561
172.20.0.100 - - [13/May/2021:11:14:13 +0800] "GET /xingrg/javascript/myfunction.js HTTP/1.1" 200 24559
172.20.0.100 - - [13/May/2021:11:14:13 +0800] "GET /xingrg/javascript/Grid.js HTTP/1.1" 200 58908
172.20.0.100 - - [13/May/2021:11:14:13 +0800] "GET /xingrg/javascript/ToolTips.js HTTP/1.1" 200 5615
172.20.0.100 - - [13/May/2021:11:14:13 +0800] "GET /xingrg/javascript/xtree.js HTTP/1.1" 200 26582
172.20.0.100 - - [13/May/2021:11:14:14 +0800] "GET /xingrg/images/xtree/openfoldericon.png HTTP/1.1" 200 232
172.20.0.100 - - [13/May/2021:11:14:14 +0800] "GET /xingrg/javascript/jquery_easy_ui/themes/icons/import_new.png HTTP/1.1" 200 1247
172.20.0.100 - - [13/May/2021:11:14:14 +0800] "GET /xingrg/javascript/jquery_easy_ui/themes/icons/print_new.png HTTP/1.1" 200 3580
172.20.0.100 - - [13/May/2021:11:14:14 +0800] "GET /xingrg/javascript/jquery_easy_ui/themes/icons/back_new.png HTTP/1.1" 200 3414
172.20.0.100 - - [13/May/2021:11:14:14 +0800] "GET /xingrg/images/blue/wait.gif HTTP/1.1" 200 1100
172.20.0.100 - - [13/May/2021:11:14:14 +0800] "POST /xingrg/dwr/call/plaincall/AjaxBaseInfoService.getSubMaterielSorts.dwr HTTP/1.1" 200 219
172.20.0.100 - - [13/May/2021:11:14:14 +0800] "GET /xingrg/images/xtree/Lplus.png HTTP/1.1" 200 224
172.20.0.100 - - [13/May/2021:11:14:14 +0800] "GET /xingrg/images/xtree/foldericon.png HTTP/1.1" 200 229
172.20.0.100 - - [13/May/2021:11:14:14 +0800] "GET /xingrg/images/xtree/Tplus.png HTTP/1.1" 200 222
172.20.0.100 - - [13/May/2021:11:14:14 +0800] "POST /xingrg/dwr/call/plaincall/AjaxBaseInfoService.getMateriels.dwr HTTP/1.1" 200 2929
116.230.110.80 - - [13/May/2021:11:14:14 +0800] "GET /xingrg/all/function/internal_message.html?_=1620875652401&CODE_STATE=getMsg HTTP/1.1" 200 27
116.230.110.80 - - [13/May/2021:11:14:14 +0800] "GET /xingrg/check_reg.html?_=1620875652403 HTTP/1.1" 200 22
61.165.42.208 - - [13/May/2021:11:14:15 +0800] "GET /xingrg/kc/buy/cgsh_order_list.html HTTP/1.1" 200 46291
120.253.135.82 - - [13/May/2021:11:14:15 +0800] "POST /xingrg/kc/pszx/mdps_list_operate.html HTTP/1.1" 200 404
120.253.135.82 - - [13/May/2021:11:14:16 +0800] "GET /xingrg/kc/pszx/mdps_order_info.html?code=312021051200332 HTTP/1.1" 200 23931
116.224.253.72 - - [13/May/2021:11:14:16 +0800] "GET /xingrg/all/function/internal_message.html?_=1620875654871&CODE_STATE=getMsg HTTP/1.1" 200 27
120.253.135.82 - - [13/May/2021:11:14:16 +0800] "POST /xingrg/kc/pszx/mdps_order_operate.html HTTP/1.1" 200 3343
120.253.135.82 - - [13/May/2021:11:14:16 +0800] "GET /xingrg/javascript/easyui/themes/default/validatebox.css HTTP/1.1" 404 1104
116.224.253.72 - - [13/May/2021:11:14:17 +0800] "GET /xingrg/kc/buy/cgsh_order_operate.html?command=get_materiel&rest_code=00151&code=00101010398&supplier_code=00100266&order_time=2021-05-13 HTTP/1.1" 200 407
114.86.225.153 - - [13/May/2021:11:14:17 +0800] "GET /xingrg/all/function/internal_message.html?_=1620875655938&CODE_STATE=getMsg HTTP/1.1" 200 27
172.20.0.100 - - [13/May/2021:11:14:18 +0800] "POST /xingrg/dwr/call/plaincall/AjaxBaseInfoService.getSubMaterielSorts.dwr HTTP/1.1" 200 3635
172.20.0.100 - - [13/May/2021:11:14:18 +0800] "GET /xingrg/images/xtree/I.png HTTP/1.1" 200 148
172.20.0.100 - - [13/May/2021:11:14:18 +0800] "GET /xingrg/images/xtree/L.png HTTP/1.1" 200 153
172.20.0.100 - - [13/May/2021:11:14:18 +0800] "GET /xingrg/images/xtree/file.png HTTP/1.1" 200 251
172.20.0.100 - - [13/May/2021:11:14:18 +0800] "GET /xingrg/images/xtree/T.png HTTP/1.1" 200 152
172.20.0.100 - - [13/May/2021:11:14:18 +0800] "GET /xingrg/images/xtree/Tminus.png HTTP/1.1" 200 207
172.20.0.100 - - [13/May/2021:11:14:18 +0800] "POST /xingrg/dwr/call/plaincall/AjaxBaseInfoService.getMateriels.dwr HTTP/1.1" 200 2928
222.69.129.194 - - [13/May/2021:11:14:18 +0800] "GET /xingrg/kc/buy/cgsh_order_operate.html?command=get_materiel&rest_code=00149&code=00101010155&supplier_code=00100323&order_time=2021-05-12 HTTP/1.1" 200 413
116.230.110.80 - - [13/May/2021:11:14:19 +0800] "GET /xingrg/kc/buy/cgsh_order_operate.html?command=get_materiel&rest_code=00155&code=00101001047&supplier_code=00100439&order_time=2021-05-13 HTTP/1.1" 200 421
58.37.228.113 - - [13/May/2021:11:14:20 +0800] "GET /xingrg/all/function/internal_message.html?_=1620875664648&CODE_STATE=getMsg HTTP/1.1" 200 27
120.253.135.82 - - [13/May/2021:11:14:20 +0800] "POST /xingrg/kc/pszx/mdps_order_operate.html HTTP/1.1" 200 37
180.169.147.146 - - [13/May/2021:11:14:20 +0800] "GET /xingrg/all/function/internal_message.html?_=1620875661384&CODE_STATE=getMsg HTTP/1.1" 200 27
120.253.135.82 - - [13/May/2021:11:14:21 +0800] "POST /xingrg/kc/pszx/mdps_order_operate.html HTTP/1.1" 200 12
117.185.32.26 - - [13/May/2021:11:14:23 +0800] "GET /xingrg/all/function/internal_message.html?_=1620876188671&CODE_STATE=getMsg HTTP/1.1" 200 27
120.253.135.82 - - [13/May/2021:11:14:23 +0800] "GET /xingrg/kc/pszx/mdps_order_info.html?code=312021051200332 HTTP/1.1" 200 19591
120.253.135.82 - - [13/May/2021:11:14:23 +0800] "POST /xingrg/kc/pszx/mdps_order_operate.html HTTP/1.1" 200 1556
120.253.135.82 - - [13/May/2021:11:14:23 +0800] "GET /xingrg/javascript/easyui/themes/default/validatebox.css HTTP/1.1" 404 1104
180.162.112.86 - - [13/May/2021:11:14:25 +0800] "GET /xingrg/all/function/internal_message.html?_=1620875392491&CODE_STATE=getMsg HTTP/1.1" 200 27
116.230.110.80 - - [13/May/2021:11:14:25 +0800] "POST /xingrg/kc/buy/cgsh_order_operate.html HTTP/1.1" 200 37
222.69.129.194 - - [13/May/2021:11:14:25 +0800] "GET /xingrg/all/function/internal_message.html?_=1620875663385&CODE_STATE=getMsg HTTP/1.1" 200 27
116.224.253.72 - - [13/May/2021:11:14:26 +0800] "GET /xingrg/all/function/internal_message.html?_=1620875651957&CODE_STATE=getMsg HTTP/1.1" 200 27
116.230.110.80 - - [13/May/2021:11:14:26 +0800] "POST /xingrg/kc/buy/cgsh_order_operate.html HTTP/1.1" 200 3271
180.169.147.146 - - [13/May/2021:11:14:26 +0800] "GET /xingrg/all/function/internal_message.html?_=1620875661177&CODE_STATE=getMsg HTTP/1.1" 200 27
116.230.110.80 - - [13/May/2021:11:14:27 +0800] "GET /xingrg/kc/print/load_data.html?order_code=212021051305576&kc_code=cgsh&condition= HTTP/1.1" 200 935
116.235.95.160 - - [13/May/2021:11:14:29 +0800] "GET /xingrg/all/function/internal_message.html?_=1620875756524&CODE_STATE=getMsg HTTP/1.1" 200 27
116.224.253.72 - - [13/May/2021:11:14:32 +0800] "GET /xingrg/kc/buy/cgsh_order_operate.html?command=get_materiel&rest_code=00151&code=00101010659&supplier_code=00100266&order_time=2021-05-13 HTTP/1.1" 200 403
116.230.110.80 - - [13/May/2021:11:14:33 +0800] "GET /xingrg/kc/buy/cgsh_order_add.html HTTP/1.1" 200 61997
116.230.110.80 - - [13/May/2021:11:14:33 +0800] "POST /xingrg/kc/buy/cgsh_order_operate.html HTTP/1.1" 200 8245
116.230.110.80 - - [13/May/2021:11:14:33 +0800] "GET /xingrg/javascript/easyui/themes/default/validatebox.css HTTP/1.1" 404 1104
58.37.228.113 - - [13/May/2021:11:14:34 +0800] "GET /xingrg/all/function/internal_message.html?_=1620875631951&CODE_STATE=getMsg HTTP/1.1" 200 27
61.165.42.208 - - [13/May/2021:11:14:35 +0800] "GET /xingrg/all/function/internal_message.html?_=1620875673389&CODE_STATE=getMsg HTTP/1.1" 200 27
120.253.135.82 - - [13/May/2021:11:14:35 +0800] "POST /xingrg/kc/pszx/mdps_list_operate.html HTTP/1.1" 200 3181
61.165.42.208 - - [13/May/2021:11:14:36 +0800] "POST /xingrg/kc/buy/cgsh_list_operate.html HTTP/1.1" 200 5207
120.253.135.82 - - [13/May/2021:11:14:39 +0800] "POST /xingrg/kc/pszx/mdps_list_operate.html HTTP/1.1" 200 622
120.253.135.82 - - [13/May/2021:11:14:40 +0800] "GET /xingrg/kc/pszx/mdps_order_info.html?code=312021051200335 HTTP/1.1" 200 23931
120.253.135.82 - - [13/May/2021:11:14:40 +0800] "GET /xingrg/javascript/easyui/themes/default/validatebox.css HTTP/1.1" 404 1104
120.253.135.82 - - [13/May/2021:11:14:40 +0800] "POST /xingrg/kc/pszx/mdps_order_operate.html HTTP/1.1" 200 9781
222.69.129.194 - - [13/May/2021:11:14:41 +0800] "GET /xingrg/kc/buy/cgsh_order_operate.html?command=get_materiel&rest_code=00149&code=00101007039&supplier_code=00100323&order_time=2021-05-12 HTTP/1.1" 200 413
116.230.110.80 - - [13/May/2021:11:14:41 +0800] "GET /xingrg/kc/buy/cgsh_order_operate.html?command=get_materiel&rest_code=00155&code=00101010695&supplier_code=00100430&order_time=2021-05-13 HTTP/1.1" 200 397
120.253.135.82 - - [13/May/2021:11:14:44 +0800] "POST /xingrg/kc/pszx/mdps_order_operate.html HTTP/1.1" 200 37
180.169.147.146 - - [13/May/2021:11:14:45 +0800] "GET /xingrg/all/function/internal_message.html?_=1620875683293&CODE_STATE=getMsg HTTP/1.1" 200 27
120.253.135.82 - - [13/May/2021:11:14:45 +0800] "POST /xingrg/kc/pszx/mdps_order_operate.html HTTP/1.1" 200 12
116.230.110.80 - - [13/May/2021:11:14:48 +0800] "POST /xingrg/kc/buy/cgsh_order_operate.html HTTP/1.1" 200 37
116.230.110.80 - - [13/May/2021:11:14:49 +0800] "POST /xingrg/kc/buy/cgsh_order_operate.html HTTP/1.1" 200 2656
116.230.110.80 - - [13/May/2021:11:14:50 +0800] "GET /xingrg/kc/print/load_data.html?order_code=212021051305577&kc_code=cgsh&condition= HTTP/1.1" 200 660
120.253.135.82 - - [13/May/2021:11:14:50 +0800] "GET /xingrg/kc/pszx/mdps_order_info.html?code=312021051200335 HTTP/1.1" 200 19591
120.253.135.82 - - [13/May/2021:11:14:51 +0800] "POST /xingrg/kc/pszx/mdps_order_operate.html HTTP/1.1" 200 7924
120.253.135.82 - - [13/May/2021:11:14:51 +0800] "GET /xingrg/javascript/easyui/themes/default/validatebox.css HTTP/1.1" 404 1104
61.165.42.208 - - [13/May/2021:11:14:51 +0800] "GET /xingrg/kc/buy/cgsh_order_add.html HTTP/1.1" 200 62076
61.165.42.208 - - [13/May/2021:11:14:52 +0800] "GET /xingrg/javascript/easyui/themes/default/validatebox.css HTTP/1.1" 404 1104
61.165.42.208 - - [13/May/2021:11:14:52 +0800] "POST /xingrg/kc/buy/cgsh_order_operate.html HTTP/1.1" 200 8245
120.253.135.82 - - [13/May/2021:11:14:53 +0800] "POST /xingrg/kc/pszx/mdps_list_operate.html HTTP/1.1" 200 2809
116.230.110.80 - - [13/May/2021:11:14:53 +0800] "GET /xingrg/kc/buy/cgsh_order_add.html HTTP/1.1" 200 61997
116.230.110.80 - - [13/May/2021:11:14:53 +0800] "POST /xingrg/kc/buy/cgsh_order_operate.html HTTP/1.1" 200 8245
116.230.110.80 - - [13/May/2021:11:14:53 +0800] "GET /xingrg/javascript/easyui/themes/default/validatebox.css HTTP/1.1" 404 1104
114.88.162.5 - - [13/May/2021:11:14:56 +0800] "GET /xingrg/all/function/internal_message.html?_=1620875693086&CODE_STATE=getMsg HTTP/1.1" 200 27
222.69.129.194 - - [13/May/2021:11:14:56 +0800] "GET /xingrg/kc/buy/cgsh_order_operate.html?command=get_materiel&rest_code=00149&code=00101020115&supplier_code=00100323&order_time=2021-05-12 HTTP/1.1" 200 409
172.20.0.100 - - [13/May/2021:11:15:01 +0800] "GET /xingrg/all/function/internal_message.html?_=1620875700574&CODE_STATE=getMsg HTTP/1.1" 200 27
120.253.135.82 - - [13/May/2021:11:15:01 +0800] "POST /xingrg/kc/pszx/mdps_list_operate.html HTTP/1.1" 200 673
116.224.253.72 - - [13/May/2021:11:15:02 +0800] "POST /xingrg/kc/buy/cgsh_order_operate.html HTTP/1.1" 200 37
120.253.135.82 - - [13/May/2021:11:15:03 +0800] "GET /xingrg/kc/pszx/mdps_order_info.html?code=312021051200334 HTTP/1.1" 200 23931
116.230.76.31 - - [13/May/2021:11:15:03 +0800] "GET /xingrg/all/function/internal_message.html?_=1620875701427&CODE_STATE=getMsg HTTP/1.1" 200 27
120.253.135.82 - - [13/May/2021:11:15:03 +0800] "GET /xingrg/javascript/easyui/themes/default/validatebox.css HTTP/1.1" 404 1104
120.253.135.82 - - [13/May/2021:11:15:03 +0800] "POST /xingrg/kc/pszx/mdps_order_operate.html HTTP/1.1" 200 16808
116.230.110.80 - - [13/May/2021:11:15:04 +0800] "GET /xingrg/kc/buy/cgsh_order_operate.html?command=get_materiel&rest_code=00155&code=00101001060&supplier_code=00100442&order_time=2021-05-13 HTTP/1.1" 200 419
116.224.253.72 - - [13/May/2021:11:15:06 +0800] "POST /xingrg/kc/buy/cgsh_order_operate.html HTTP/1.1" 200 12
58.37.228.113 - - [13/May/2021:11:15:06 +0800] "GET /xingrg/kc/buy/cgsh_order_operate.html?command=get_materiel&rest_code=00141&code=00101002007&supplier_code=00100442&order_time=2021-05-13 HTTP/1.1" 200 409
116.224.253.72 - - [13/May/2021:11:15:07 +0800] "GET /xingrg/kc/buy/cgsh_order_info.html?code=212021051305578 HTTP/1.1" 200 56579
116.230.114.112 - - [13/May/2021:11:15:07 +0800] "GET /xingrg/all/function/internal_message.html?_=1620875719269&CODE_STATE=getMsg HTTP/1.1" 200 27
116.224.253.72 - - [13/May/2021:11:15:07 +0800] "GET /xingrg/javascript/easyui/themes/default/validatebox.css HTTP/1.1" 404 1104
116.224.253.72 - - [13/May/2021:11:15:08 +0800] "POST /xingrg/kc/buy/cgsh_order_operate.html HTTP/1.1" 200 5440
116.224.253.72 - - [13/May/2021:11:15:09 +0800] "GET /xingrg/all/function/internal_message.html?_=1620875694873&CODE_STATE=getMsg HTTP/1.1" 200 27
116.224.253.72 - - [13/May/2021:11:15:10 +0800] "GET /xingrg/kc/print/load_data.html?order_code=212021051305578&kc_code=cgsh&condition= HTTP/1.1" 200 2615
61.165.42.208 - - [13/May/2021:11:15:10 +0800] "GET /xingrg/index.html?sysBaseUrl=http%3A%2F%2F180.169.147.146%3A18081%2Fxingrg%2F&costTime=36×tamp=1585222720700 HTTP/1.1" 200 17173
61.165.42.208 - - [13/May/2021:11:15:11 +0800] "POST /xingrg/all/common/load_tree.html?tree=area_rest_tree_json&manage=1 HTTP/1.1" 200 3344
61.165.42.208 - - [13/May/2021:11:15:11 +0800] "GET /xingrg/check_reg.html?_=1620875709522 HTTP/1.1" 200 22
61.165.42.208 - - [13/May/2021:11:15:11 +0800] "GET /xingrg/all/function/internal_message.html?_=1620875709521&CODE_STATE=count HTTP/1.1" 200 11
61.165.42.208 - - [13/May/2021:11:15:11 +0800] "GET /favicon.ico HTTP/1.1" 404 -
61.165.42.208 - - [13/May/2021:11:15:11 +0800] "POST /xingrg/load_menu.html HTTP/1.1" 200 5138
180.161.124.236 - - [13/May/2021:11:15:12 +0800] "GET /xingrg/all/function/internal_message.html?_=1620875669717&CODE_STATE=getMsg HTTP/1.1" 200 27
114.83.217.136 - - [13/May/2021:11:15:12 +0800] "GET /xingrg/all/function/internal_message.html?_=1620875712247&CODE_STATE=getMsg HTTP/1.1" 200 27
116.230.110.80 - - [13/May/2021:11:15:13 +0800] "POST /xingrg/kc/buy/cgsh_order_operate.html HTTP/1.1" 200 37
61.165.42.208 - - [13/May/2021:11:15:14 +0800] "GET /xingrg/kc/buy/cgsh_order_list.html HTTP/1.1" 200 46291
116.230.110.80 - - [13/May/2021:11:15:14 +0800] "POST /xingrg/kc/buy/cgsh_order_operate.html HTTP/1.1" 200 2669
116.230.110.80 - - [13/May/2021:11:15:14 +0800] "GET /xingrg/all/function/internal_message.html?_=1620875712397&CODE_STATE=getMsg HTTP/1.1" 200 27
116.230.110.80 - - [13/May/2021:11:15:15 +0800] "GET /xingrg/kc/print/load_data.html?order_code=212021051305579&kc_code=cgsh&condition= HTTP/1.1" 200 692
116.224.253.72 - - [13/May/2021:11:15:15 +0800] "GET /xingrg/kc/buy/cgsh_order_add.html HTTP/1.1" 200 61671
116.224.253.72 - - [13/May/2021:11:15:16 +0800] "POST /xingrg/kc/buy/cgsh_order_operate.html HTTP/1.1" 200 8245
116.224.253.72 - - [13/May/2021:11:15:16 +0800] "GET /xingrg/check_reg.html?_=1620875714930 HTTP/1.1" 200 22
116.224.253.72 - - [13/May/2021:11:15:16 +0800] "GET /xingrg/all/function/internal_message.html?_=1620875714977&CODE_STATE=getMsg HTTP/1.1" 200 27
116.224.253.72 - - [13/May/2021:11:15:16 +0800] "GET /xingrg/javascript/easyui/themes/default/validatebox.css HTTP/1.1" 404 1104
222.69.129.194 - - [13/May/2021:11:15:17 +0800] "POST /xingrg/kc/buy/cgsh_order_operate.html HTTP/1.1" 200 37
114.86.225.153 - - [13/May/2021:11:15:17 +0800] "GET /xingrg/all/function/internal_message.html?_=1620875715937&CODE_STATE=getMsg HTTP/1.1" 200 27
114.86.225.153 - - [13/May/2021:11:15:17 +0800] "GET /xingrg/check_reg.html?_=1620875715941 HTTP/1.1" 200 22
116.230.110.80 - - [13/May/2021:11:15:19 +0800] "GET /xingrg/kc/buy/cgsh_order_add.html HTTP/1.1" 200 61997
116.230.110.80 - - [13/May/2021:11:15:19 +0800] "POST /xingrg/kc/buy/cgsh_order_operate.html HTTP/1.1" 200 8245
116.230.110.80 - - [13/May/2021:11:15:19 +0800] "GET /xingrg/javascript/easyui/themes/default/validatebox.css HTTP/1.1" 404 1104
61.151.178.217 - - [13/May/2021:11:15:20 +0800] "GET /xingrg/all/function/internal_message.html?_=1620875664648&CODE_STATE=getMsg HTTP/1.1" 302 -
58.37.228.113 - - [13/May/2021:11:15:20 +0800] "GET /xingrg/all/function/internal_message.html?_=1620875724651&CODE_STATE=getMsg HTTP/1.1" 200 27
61.151.178.217 - - [13/May/2021:11:15:20 +0800] "GET /xingrg/login.html HTTP/1.1" 200 7641
180.169.147.146 - - [13/May/2021:11:15:20 +0800] "GET /xingrg/check_reg.html?_=1620875721386 HTTP/1.1" 200 22
180.169.147.146 - - [13/May/2021:11:15:20 +0800] "GET /xingrg/all/function/internal_message.html?_=1620875721390&CODE_STATE=getMsg HTTP/1.1" 200 27
222.69.129.194 - - [13/May/2021:11:15:21 +0800] "POST /xingrg/kc/buy/cgsh_order_operate.html HTTP/1.1" 200 12
117.185.32.26 - - [13/May/2021:11:15:23 +0800] "GET /xingrg/all/function/internal_message.html?_=1620876248672&CODE_STATE=getMsg HTTP/1.1" 200 27
120.253.135.82 - - [13/May/2021:11:15:23 +0800] "POST /xingrg/kc/pszx/mdps_order_operate.html HTTP/1.1" 200 37
172.20.0.100 - - [13/May/2021:11:15:25 +0800] "POST /xingrg/dwr/call/plaincall/AjaxBaseInfoService.getMateriels.dwr HTTP/1.1" 200 2952
180.162.112.86 - - [13/May/2021:11:15:25 +0800] "GET /xingrg/all/function/internal_message.html?_=1620875452489&CODE_STATE=getMsg HTTP/1.1" 200 27
120.253.135.82 - - [13/May/2021:11:15:25 +0800] "POST /xingrg/kc/pszx/mdps_order_operate.html HTTP/1.1" 200 12
172.20.0.100 - - [13/May/2021:11:15:26 +0800] "GET /xingrg/system/info/materiel_info.html?code=00101005&isAdd=1 HTTP/1.1" 200 34622
172.20.0.100 - - [13/May/2021:11:15:26 +0800] "GET /xingrg/dwr/interface/AjaxGetFirstChart.js HTTP/1.1" 200 631
172.20.0.100 - - [13/May/2021:11:15:26 +0800] "GET /xingrg/dwr/engine.js HTTP/1.1" 200 43631
116.230.110.80 - - [13/May/2021:11:15:26 +0800] "GET /xingrg/kc/buy/cgsh_order_operate.html?command=get_materiel&rest_code=00155&code=00101004047&supplier_code=00100312&order_time=2021-05-13 HTTP/1.1" 200 436
172.20.0.100 - - [13/May/2021:11:15:26 +0800] "GET /xingrg/javascript/checkform.js HTTP/1.1" 200 18351
116.224.253.72 - - [13/May/2021:11:15:26 +0800] "GET /xingrg/kc/buy/cgsh_order_operate.html?command=get_materiel&rest_code=00151&code=00101010130&supplier_code=00100325&order_time=2021-05-13 HTTP/1.1" 200 415
116.224.253.72 - - [13/May/2021:11:15:26 +0800] "GET /xingrg/all/function/internal_message.html?_=1620875711996&CODE_STATE=getMsg HTTP/1.1" 200 27
172.20.0.100 - - [13/May/2021:11:15:26 +0800] "POST /xingrg/all/common/load_tree.html?tree=area_rest_tree_json HTTP/1.1" 200 3344
172.20.0.100 - - [13/May/2021:11:15:26 +0800] "GET /favicon.ico HTTP/1.1" 404 -
172.20.0.100 - - [13/May/2021:11:15:26 +0800] "POST /xingrg/dwr/call/plaincall/AjaxBaseInfoService.getMaterielInfo.dwr HTTP/1.1" 200 216
172.20.0.100 - - [13/May/2021:11:15:26 +0800] "POST /xingrg/all/common/load_tree.html?tree=area_rest_tree_json&defaultRests=undefined HTTP/1.1" 200 3344
172.20.0.100 - - [13/May/2021:11:15:26 +0800] "GET /xingrg/javascript/jquery_easy_ui/themes/default/images/tree_checkbox_0.gif HTTP/1.1" 200 168
