114.86.225.153 - - [13/May/2021:09:52:17 +0800] "POST /xingrg/kc/buy/cgsh_list_operate.html HTTP/1.1" 200 3445
114.86.225.153 - - [13/May/2021:09:52:17 +0800] "GET /xingrg/all/function/internal_message.html?_=1620870735716&CODE_STATE=getMsg HTTP/1.1" 200 27
101.91.62.89 - - [13/May/2021:09:52:20 +0800] "GET /xingrg/all/function/internal_message.html?_=1620870684671&CODE_STATE=getMsg HTTP/1.1" 302 -
58.37.228.113 - - [13/May/2021:09:52:20 +0800] "GET /xingrg/all/function/internal_message.html?_=1620870744674&CODE_STATE=getMsg HTTP/1.1" 200 27
101.91.62.89 - - [13/May/2021:09:52:21 +0800] "GET /xingrg/login.html HTTP/1.1" 200 7641
116.224.253.72 - - [13/May/2021:09:52:24 +0800] "GET /xingrg/all/function/internal_message.html?_=1620870730109&CODE_STATE=getMsg HTTP/1.1" 200 27
222.69.129.194 - - [13/May/2021:09:52:26 +0800] "GET /xingrg/all/function/internal_message.html?_=1620870744115&CODE_STATE=getMsg HTTP/1.1" 200 27
180.169.147.146 - - [13/May/2021:09:52:32 +0800] "GET /xingrg/all/function/internal_message.html?_=1620870752581&CODE_STATE=getMsg HTTP/1.1" 200 27
116.230.114.112 - - [13/May/2021:09:52:32 +0800] "GET /xingrg/kc/buy/cgsh_order_list.html HTTP/1.1" 200 46297
116.230.114.112 - - [13/May/2021:09:52:34 +0800] "POST /xingrg/kc/buy/cgsh_list_operate.html HTTP/1.1" 200 1696
116.230.114.112 - - [13/May/2021:09:52:37 +0800] "POST /xingrg/kc/buy/cgsh_list_operate.html HTTP/1.1" 200 499
114.88.162.5 - - [13/May/2021:09:52:37 +0800] "GET /xingrg/all/function/internal_message.html?_=1620870754193&CODE_STATE=getMsg HTTP/1.1" 200 27
116.230.114.112 - - [13/May/2021:09:52:38 +0800] "GET /xingrg/kc/buy/cgsh_order_info.html?code=212021051305404 HTTP/1.1" 200 62048
116.230.114.112 - - [13/May/2021:09:52:38 +0800] "GET /xingrg/javascript/easyui/themes/default/validatebox.css HTTP/1.1" 404 1104
180.161.124.236 - - [13/May/2021:09:52:38 +0800] "GET /xingrg/check_reg.html?_=1620870715804 HTTP/1.1" 200 22
116.230.114.112 - - [13/May/2021:09:52:39 +0800] "POST /xingrg/kc/buy/cgsh_order_operate.html HTTP/1.1" 200 5044
116.224.253.72 - - [13/May/2021:09:52:40 +0800] "GET /xingrg/all/function/internal_message.html?_=1620870759396&CODE_STATE=getMsg HTTP/1.1" 200 27
180.161.124.236 - - [13/May/2021:09:52:42 +0800] "GET /xingrg/all/function/internal_message.html?_=1620870719516&CODE_STATE=getMsg HTTP/1.1" 200 27
61.165.42.208 - - [13/May/2021:09:52:43 +0800] "GET /xingrg/all/function/internal_message.html?_=1620870761593&CODE_STATE=getMsg HTTP/1.1" 200 27
114.88.162.5 - - [13/May/2021:09:52:44 +0800] "GET /xingrg/kc/buy/cgsh_order_operate.html?command=get_materiel&rest_code=00111&code=00101008236&supplier_code=00100005&order_time=2021-05-13 HTTP/1.1" 200 416
114.88.162.5 - - [13/May/2021:09:52:58 +0800] "GET /xingrg/kc/buy/cgsh_order_operate.html?command=get_materiel&rest_code=00111&code=00101008150&supplier_code=00100005&order_time=2021-05-13 HTTP/1.1" 200 408
116.230.114.112 - - [13/May/2021:09:53:00 +0800] "GET /xingrg/all/function/internal_message.html?_=1620870792056&CODE_STATE=getMsg HTTP/1.1" 200 27
116.230.76.31 - - [13/May/2021:09:53:02 +0800] "GET /xingrg/all/function/internal_message.html?_=1620870780337&CODE_STATE=getMsg HTTP/1.1" 200 27
114.88.162.5 - - [13/May/2021:09:53:03 +0800] "POST /xingrg/kc/buy/cgsh_order_operate.html HTTP/1.1" 200 2065
116.224.253.72 - - [13/May/2021:09:53:06 +0800] "GET /xingrg/all/function/internal_message.html?_=1620870772075&CODE_STATE=getMsg HTTP/1.1" 200 27
114.88.162.5 - - [13/May/2021:09:53:08 +0800] "GET /xingrg/kc/buy/cgsh_order_operate.html?command=get_materiel&rest_code=00111&code=00101015004&supplier_code=00100005&order_time=2021-05-13 HTTP/1.1" 200 408
116.230.114.112 - - [13/May/2021:09:53:09 +0800] "POST /xingrg/kc/buy/cgsh_order_operate.html HTTP/1.1" 200 37
116.230.114.112 - - [13/May/2021:09:53:13 +0800] "POST /xingrg/kc/buy/cgsh_order_operate.html HTTP/1.1" 200 12
116.230.114.112 - - [13/May/2021:09:53:14 +0800] "GET /xingrg/kc/buy/cgsh_order_info.html?code=212021051305404 HTTP/1.1" 200 56941
116.230.114.112 - - [13/May/2021:09:53:15 +0800] "GET /xingrg/javascript/easyui/themes/default/validatebox.css HTTP/1.1" 404 1104
116.230.114.112 - - [13/May/2021:09:53:15 +0800] "POST /xingrg/kc/buy/cgsh_order_operate.html HTTP/1.1" 200 2993
114.88.162.5 - - [13/May/2021:09:53:16 +0800] "GET /xingrg/kc/buy/cgsh_order_operate.html?command=get_materiel&rest_code=00111&code=00101008069&supplier_code=00100005&order_time=2021-05-13 HTTP/1.1" 200 412
114.86.225.153 - - [13/May/2021:09:53:17 +0800] "GET /xingrg/all/function/internal_message.html?_=1620870795720&CODE_STATE=getMsg HTTP/1.1" 200 27
58.37.228.113 - - [13/May/2021:09:53:20 +0800] "GET /xingrg/all/function/internal_message.html?_=1620870804676&CODE_STATE=getMsg HTTP/1.1" 200 27
116.224.253.72 - - [13/May/2021:09:53:24 +0800] "GET /xingrg/all/function/internal_message.html?_=1620870790152&CODE_STATE=getMsg HTTP/1.1" 200 27
222.69.129.194 - - [13/May/2021:09:53:26 +0800] "GET /xingrg/all/function/internal_message.html?_=1620870804099&CODE_STATE=getMsg HTTP/1.1" 200 27
222.69.129.194 - - [13/May/2021:09:53:27 +0800] "GET /xingrg/check_reg.html?_=1620870804740 HTTP/1.1" 200 22
180.169.147.146 - - [13/May/2021:09:53:32 +0800] "GET /xingrg/all/function/internal_message.html?_=1620870812582&CODE_STATE=getMsg HTTP/1.1" 200 27
58.221.95.50 - - [13/May/2021:09:53:33 +0800] "GET /xingrg/check_reg.html?_=1620870810955 HTTP/1.1" 302 -
114.88.162.5 - - [13/May/2021:09:53:37 +0800] "GET /xingrg/all/function/internal_message.html?_=1620870814169&CODE_STATE=getMsg HTTP/1.1" 200 27
116.224.253.72 - - [13/May/2021:09:53:40 +0800] "GET /xingrg/all/function/internal_message.html?_=1620870819404&CODE_STATE=getMsg HTTP/1.1" 200 27
180.161.124.236 - - [13/May/2021:09:53:42 +0800] "GET /xingrg/all/function/internal_message.html?_=1620870779527&CODE_STATE=getMsg HTTP/1.1" 200 27
61.165.42.208 - - [13/May/2021:09:53:43 +0800] "GET /xingrg/check_reg.html?_=1620870821580 HTTP/1.1" 200 22
61.165.42.208 - - [13/May/2021:09:53:43 +0800] "GET /xingrg/all/function/internal_message.html?_=1620870821582&CODE_STATE=getMsg HTTP/1.1" 200 27
116.230.114.112 - - [13/May/2021:09:54:00 +0800] "GET /xingrg/all/function/internal_message.html?_=1620870852069&CODE_STATE=getMsg HTTP/1.1" 200 27
116.230.76.31 - - [13/May/2021:09:54:02 +0800] "GET /xingrg/all/function/internal_message.html?_=1620870840326&CODE_STATE=getMsg HTTP/1.1" 200 27
116.224.253.72 - - [13/May/2021:09:54:05 +0800] "GET /xingrg/check_reg.html?_=1620870831531 HTTP/1.1" 200 22
116.224.253.72 - - [13/May/2021:09:54:06 +0800] "GET /xingrg/all/function/internal_message.html?_=1620870832087&CODE_STATE=getMsg HTTP/1.1" 200 27
114.86.225.153 - - [13/May/2021:09:54:17 +0800] "GET /xingrg/all/function/internal_message.html?_=1620870855723&CODE_STATE=getMsg HTTP/1.1" 200 27
58.37.228.113 - - [13/May/2021:09:54:20 +0800] "GET /xingrg/all/function/internal_message.html?_=1620870864676&CODE_STATE=getMsg HTTP/1.1" 200 27
101.89.29.97 - - [13/May/2021:09:54:22 +0800] "GET /xingrg/all/function/internal_message.html?_=1620870804676&CODE_STATE=getMsg HTTP/1.1" 302 -
116.224.253.72 - - [13/May/2021:09:54:24 +0800] "GET /xingrg/all/function/internal_message.html?_=1620870850153&CODE_STATE=getMsg HTTP/1.1" 200 27
101.89.29.97 - - [13/May/2021:09:54:25 +0800] "GET /xingrg/login.html HTTP/1.1" 200 7641
222.69.129.194 - - [13/May/2021:09:54:26 +0800] "GET /xingrg/all/function/internal_message.html?_=1620870864084&CODE_STATE=getMsg HTTP/1.1" 200 27
180.169.147.146 - - [13/May/2021:09:54:32 +0800] "GET /xingrg/all/function/internal_message.html?_=1620870872573&CODE_STATE=getMsg HTTP/1.1" 200 27
114.88.162.5 - - [13/May/2021:09:54:37 +0800] "GET /xingrg/check_reg.html?_=1620870874150 HTTP/1.1" 200 22
114.88.162.5 - - [13/May/2021:09:54:37 +0800] "GET /xingrg/all/function/internal_message.html?_=1620870874154&CODE_STATE=getMsg HTTP/1.1" 200 27
116.224.253.72 - - [13/May/2021:09:54:40 +0800] "GET /xingrg/all/function/internal_message.html?_=1620870879406&CODE_STATE=getMsg HTTP/1.1" 200 27
180.161.124.236 - - [13/May/2021:09:54:42 +0800] "GET /xingrg/all/function/internal_message.html?_=1620870839742&CODE_STATE=getMsg HTTP/1.1" 200 27
61.165.42.208 - - [13/May/2021:09:54:43 +0800] "GET /xingrg/all/function/internal_message.html?_=1620870881582&CODE_STATE=getMsg HTTP/1.1" 200 27
116.230.114.112 - - [13/May/2021:09:55:00 +0800] "GET /xingrg/all/function/internal_message.html?_=1620870912083&CODE_STATE=getMsg HTTP/1.1" 200 27
116.230.76.31 - - [13/May/2021:09:55:02 +0800] "GET /xingrg/all/function/internal_message.html?_=1620870900317&CODE_STATE=getMsg HTTP/1.1" 200 27
116.224.253.72 - - [13/May/2021:09:55:06 +0800] "GET /xingrg/all/function/internal_message.html?_=1620870892102&CODE_STATE=getMsg HTTP/1.1" 200 27
114.86.225.153 - - [13/May/2021:09:55:17 +0800] "GET /xingrg/all/function/internal_message.html?_=1620870915785&CODE_STATE=getMsg HTTP/1.1" 200 27
114.86.225.153 - - [13/May/2021:09:55:17 +0800] "GET /xingrg/check_reg.html?_=1620870915787 HTTP/1.1" 200 22
58.37.228.113 - - [13/May/2021:09:55:20 +0800] "GET /xingrg/all/function/internal_message.html?_=1620870924678&CODE_STATE=getMsg HTTP/1.1" 200 27
116.224.253.72 - - [13/May/2021:09:55:24 +0800] "GET /xingrg/all/function/internal_message.html?_=1620870910191&CODE_STATE=getMsg HTTP/1.1" 200 27
222.69.129.194 - - [13/May/2021:09:55:26 +0800] "GET /xingrg/all/function/internal_message.html?_=1620870924094&CODE_STATE=getMsg HTTP/1.1" 200 27
180.169.147.146 - - [13/May/2021:09:55:32 +0800] "GET /xingrg/all/function/internal_message.html?_=1620870932576&CODE_STATE=getMsg HTTP/1.1" 200 27
114.88.162.5 - - [13/May/2021:09:55:37 +0800] "GET /xingrg/all/function/internal_message.html?_=1620870934153&CODE_STATE=getMsg HTTP/1.1" 200 27
116.224.253.72 - - [13/May/2021:09:55:40 +0800] "GET /xingrg/all/function/internal_message.html?_=1620870939419&CODE_STATE=getMsg HTTP/1.1" 200 27
180.161.124.236 - - [13/May/2021:09:55:42 +0800] "GET /xingrg/all/function/internal_message.html?_=1620870899756&CODE_STATE=getMsg HTTP/1.1" 200 27
61.165.42.208 - - [13/May/2021:09:55:43 +0800] "GET /xingrg/all/function/internal_message.html?_=1620870941583&CODE_STATE=getMsg HTTP/1.1" 200 27
116.230.114.112 - - [13/May/2021:09:56:00 +0800] "GET /xingrg/all/function/internal_message.html?_=1620870972306&CODE_STATE=getMsg HTTP/1.1" 200 27
116.230.76.31 - - [13/May/2021:09:56:02 +0800] "GET /xingrg/all/function/internal_message.html?_=1620870960306&CODE_STATE=getMsg HTTP/1.1" 200 27
116.224.253.72 - - [13/May/2021:09:56:05 +0800] "GET /xingrg/check_reg.html?_=1620870951186 HTTP/1.1" 200 22
116.224.253.72 - - [13/May/2021:09:56:06 +0800] "GET /xingrg/all/function/internal_message.html?_=1620870952114&CODE_STATE=getMsg HTTP/1.1" 200 27
114.86.225.153 - - [13/May/2021:09:56:17 +0800] "GET /xingrg/all/function/internal_message.html?_=1620870975788&CODE_STATE=getMsg HTTP/1.1" 200 27
58.37.228.113 - - [13/May/2021:09:56:20 +0800] "GET /xingrg/all/function/internal_message.html?_=1620870984681&CODE_STATE=getMsg HTTP/1.1" 200 27
58.37.228.113 - - [13/May/2021:09:56:20 +0800] "GET /xingrg/check_reg.html?_=1620870984684 HTTP/1.1" 200 22
101.91.62.65 - - [13/May/2021:09:56:22 +0800] "GET /xingrg/all/function/internal_message.html?_=1620870924678&CODE_STATE=getMsg HTTP/1.1" 302 -
116.224.253.72 - - [13/May/2021:09:56:24 +0800] "GET /xingrg/all/function/internal_message.html?_=1620870970196&CODE_STATE=getMsg HTTP/1.1" 200 27
101.91.62.65 - - [13/May/2021:09:56:25 +0800] "GET /xingrg/login.html HTTP/1.1" 200 7641
222.69.129.194 - - [13/May/2021:09:56:26 +0800] "GET /xingrg/all/function/internal_message.html?_=1620870984078&CODE_STATE=getMsg HTTP/1.1" 200 27
114.84.4.65 - - [13/May/2021:09:56:29 +0800] "POST /xingrg/services/DataTransmitService HTTP/1.1" 200 524
180.169.147.146 - - [13/May/2021:09:56:32 +0800] "GET /xingrg/check_reg.html?_=1620870992577 HTTP/1.1" 200 22
180.169.147.146 - - [13/May/2021:09:56:32 +0800] "GET /xingrg/all/function/internal_message.html?_=1620870992582&CODE_STATE=getMsg HTTP/1.1" 200 27
114.88.162.5 - - [13/May/2021:09:56:37 +0800] "GET /xingrg/all/function/internal_message.html?_=1620870994146&CODE_STATE=getMsg HTTP/1.1" 200 27
116.224.253.72 - - [13/May/2021:09:56:40 +0800] "GET /xingrg/check_reg.html?_=1620870999418 HTTP/1.1" 200 22
116.224.253.72 - - [13/May/2021:09:56:40 +0800] "GET /xingrg/all/function/internal_message.html?_=1620870999421&CODE_STATE=getMsg HTTP/1.1" 200 27
180.161.124.236 - - [13/May/2021:09:56:43 +0800] "GET /xingrg/all/function/internal_message.html?_=1620870959992&CODE_STATE=getMsg HTTP/1.1" 200 27
61.165.42.208 - - [13/May/2021:09:56:43 +0800] "GET /xingrg/all/function/internal_message.html?_=1620871001584&CODE_STATE=getMsg HTTP/1.1" 200 27
116.230.114.112 - - [13/May/2021:09:56:48 +0800] "GET /xingrg/check_reg.html?_=1620871019570 HTTP/1.1" 200 22
116.230.114.112 - - [13/May/2021:09:57:00 +0800] "GET /xingrg/all/function/internal_message.html?_=1620871032313&CODE_STATE=getMsg HTTP/1.1" 200 27
116.230.76.31 - - [13/May/2021:09:57:02 +0800] "GET /xingrg/all/function/internal_message.html?_=1620871020291&CODE_STATE=getMsg HTTP/1.1" 200 27
116.230.76.31 - - [13/May/2021:09:57:02 +0800] "GET /xingrg/check_reg.html?_=1620871020678 HTTP/1.1" 200 22
116.224.253.72 - - [13/May/2021:09:57:06 +0800] "GET /xingrg/all/function/internal_message.html?_=1620871012242&CODE_STATE=getMsg HTTP/1.1" 200 27
114.88.162.5 - - [13/May/2021:09:57:09 +0800] "POST /xingrg/kc/buy/cgsh_order_operate.html HTTP/1.1" 200 37
114.88.162.5 - - [13/May/2021:09:57:10 +0800] "POST /xingrg/kc/buy/cgsh_order_operate.html HTTP/1.1" 200 39291
114.86.225.153 - - [13/May/2021:09:57:17 +0800] "GET /xingrg/all/function/internal_message.html?_=1620871035791&CODE_STATE=getMsg HTTP/1.1" 200 27
58.37.228.113 - - [13/May/2021:09:57:20 +0800] "GET /xingrg/all/function/internal_message.html?_=1620871044683&CODE_STATE=getMsg HTTP/1.1" 200 27
116.224.253.72 - - [13/May/2021:09:57:24 +0800] "GET /xingrg/all/function/internal_message.html?_=1620871030209&CODE_STATE=getMsg HTTP/1.1" 200 27
222.69.129.194 - - [13/May/2021:09:57:26 +0800] "GET /xingrg/all/function/internal_message.html?_=1620871044061&CODE_STATE=getMsg HTTP/1.1" 200 27
116.230.114.112 - - [13/May/2021:09:57:27 +0800] "POST /xingrg/kc/buy/cgsh_list_operate.html HTTP/1.1" 200 876
116.230.114.112 - - [13/May/2021:09:57:29 +0800] "GET /xingrg/kc/buy/cgsh_order_add.html HTTP/1.1" 200 62035
116.230.114.112 - - [13/May/2021:09:57:29 +0800] "POST /xingrg/kc/buy/cgsh_order_operate.html HTTP/1.1" 200 8245
116.230.114.112 - - [13/May/2021:09:57:30 +0800] "GET /xingrg/javascript/easyui/themes/default/validatebox.css HTTP/1.1" 404 1104
180.169.147.146 - - [13/May/2021:09:57:32 +0800] "GET /xingrg/all/function/internal_message.html?_=1620871052582&CODE_STATE=getMsg HTTP/1.1" 200 27
114.88.162.5 - - [13/May/2021:09:57:37 +0800] "GET /xingrg/all/function/internal_message.html?_=1620871054154&CODE_STATE=getMsg HTTP/1.1" 200 27
180.161.124.236 - - [13/May/2021:09:57:38 +0800] "GET /xingrg/check_reg.html?_=1620871015808 HTTP/1.1" 200 22
116.224.253.72 - - [13/May/2021:09:57:40 +0800] "GET /xingrg/all/function/internal_message.html?_=1620871059421&CODE_STATE=getMsg HTTP/1.1" 200 27
180.161.124.236 - - [13/May/2021:09:57:43 +0800] "GET /xingrg/all/function/internal_message.html?_=1620871020002&CODE_STATE=getMsg HTTP/1.1" 200 27
61.165.42.208 - - [13/May/2021:09:57:43 +0800] "GET /xingrg/all/function/internal_message.html?_=1620871061584&CODE_STATE=getMsg HTTP/1.1" 200 27
116.230.114.112 - - [13/May/2021:09:57:48 +0800] "GET /xingrg/kc/buy/cgsh_order_operate.html?command=get_materiel&rest_code=00146&code=00101008261&supplier_code=00100005&order_time=2021-05-13 HTTP/1.1" 200 408
120.253.135.82 - - [13/May/2021:09:57:54 +0800] "GET /xingrg/login.html HTTP/1.1" 200 7641
120.253.135.82 - - [13/May/2021:09:57:55 +0800] "GET /xingrg/images/blue/jxLogo.png HTTP/1.1" 304 -
120.253.135.82 - - [13/May/2021:09:57:55 +0800] "GET /xingrg/images/blue/login_bg.png HTTP/1.1" 304 -
120.253.135.82 - - [13/May/2021:09:57:55 +0800] "GET /xingrg/images/blue/hj.png HTTP/1.1" 304 -
120.253.135.82 - - [13/May/2021:09:57:55 +0800] "GET /favicon.ico HTTP/1.1" 404 -
120.253.135.82 - - [13/May/2021:09:57:55 +0800] "GET /xingrg/images/blue/srbg.png HTTP/1.1" 304 -
120.253.135.82 - - [13/May/2021:09:57:58 +0800] "POST /xingrg/login.do HTTP/1.1" 302 -
120.253.135.82 - - [13/May/2021:09:57:58 +0800] "GET /xingrg/index.html?sysBaseUrl=http%3A%2F%2F180.169.147.146%3A18081%2Fxingrg%2F&costTime=39×tamp=1620871078334 HTTP/1.1" 200 17173
120.253.135.82 - - [13/May/2021:09:57:58 +0800] "GET /xingrg/javascript/jquery_easy_ui/themes/default/easyui.css HTTP/1.1" 304 -
120.253.135.82 - - [13/May/2021:09:57:58 +0800] "GET /xingrg/javascript/jquery_easy_ui/themes/icon.css HTTP/1.1" 304 -
120.253.135.82 - - [13/May/2021:09:57:58 +0800] "GET /xingrg/css/form.css HTTP/1.1" 304 -
120.253.135.82 - - [13/May/2021:09:57:58 +0800] "GET /xingrg/javascript/jquery.timers.js HTTP/1.1" 304 -
120.253.135.82 - - [13/May/2021:09:57:58 +0800] "GET /xingrg/javascript/jquery.utils.js HTTP/1.1" 304 -
120.253.135.82 - - [13/May/2021:09:57:58 +0800] "GET /xingrg/javascript/jquery_easy_ui/easyui-lang-zh_CN.js HTTP/1.1" 304 -
120.253.135.82 - - [13/May/2021:09:57:58 +0800] "GET /xingrg/javascript/jquery.form.js HTTP/1.1" 304 -
120.253.135.82 - - [13/May/2021:09:57:58 +0800] "GET /xingrg/javascript/jquery-1.4.2.min.js HTTP/1.1" 304 -
120.253.135.82 - - [13/May/2021:09:57:58 +0800] "GET /xingrg/javascript/jquery_easy_ui/jquery.easyui.min.js HTTP/1.1" 304 -
120.253.135.82 - - [13/May/2021:09:57:58 +0800] "GET /xingrg/images/blue/navBackgound.jpg HTTP/1.1" 304 -
120.253.135.82 - - [13/May/2021:09:57:58 +0800] "GET /xingrg/javascript/jquery_easy_ui/themes/icons/settle_new.png HTTP/1.1" 304 -
120.253.135.82 - - [13/May/2021:09:57:58 +0800] "GET /xingrg/javascript/jquery_easy_ui/themes/default/images/tabs_leftarrow.png HTTP/1.1" 304 -
120.253.135.82 - - [13/May/2021:09:57:58 +0800] "GET /xingrg/images/blue/pingpu.png HTTP/1.1" 304 -
120.253.135.82 - - [13/May/2021:09:57:58 +0800] "GET /xingrg/javascript/jquery_easy_ui/themes/default/images/tabs_rightarrow.png HTTP/1.1" 304 -
120.253.135.82 - - [13/May/2021:09:57:58 +0800] "GET /xingrg/javascript/jquery_easy_ui/themes/default/images/panel_tool_collapse.gif HTTP/1.1" 304 -
120.253.135.82 - - [13/May/2021:09:57:58 +0800] "POST /xingrg/all/common/load_tree.html?tree=area_rest_tree_json&manage=1 HTTP/1.1" 200 344
120.253.135.82 - - [13/May/2021:09:57:58 +0800] "GET /xingrg/all/function/internal_message.html?_=1620870858407&CODE_STATE=count HTTP/1.1" 200 11
120.253.135.82 - - [13/May/2021:09:57:58 +0800] "GET /favicon.ico HTTP/1.1" 404 -
120.253.135.82 - - [13/May/2021:09:57:58 +0800] "GET /xingrg/check_reg.html?_=1620870858408 HTTP/1.1" 200 22
120.253.135.82 - - [13/May/2021:09:57:58 +0800] "GET /xingrg/javascript/jquery_easy_ui/themes/default/images/tree_arrows.gif HTTP/1.1" 304 -
120.253.135.82 - - [13/May/2021:09:57:58 +0800] "POST /xingrg/load_menu.html HTTP/1.1" 200 6743
120.253.135.82 - - [13/May/2021:09:57:58 +0800] "GET /xingrg/javascript/jquery_easy_ui/themes/icons/delivery_new.png HTTP/1.1" 304 -
120.253.135.82 - - [13/May/2021:09:57:58 +0800] "GET /xingrg/javascript/jquery_easy_ui/themes/default/images/tree_file.gif HTTP/1.1" 304 -
120.253.135.82 - - [13/May/2021:09:57:58 +0800] "GET /xingrg/javascript/jquery_easy_ui/themes/icons/storage_new.png HTTP/1.1" 304 -
120.253.135.82 - - [13/May/2021:09:57:58 +0800] "GET /xingrg/javascript/jquery_easy_ui/themes/default/images/tree_folder.gif HTTP/1.1" 304 -
120.253.135.82 - - [13/May/2021:09:57:58 +0800] "GET /xingrg/javascript/jquery_easy_ui/themes/default/images/tree_folder_open.gif HTTP/1.1" 304 -
120.253.135.82 - - [13/May/2021:09:57:58 +0800] "GET /xingrg/javascript/jquery_easy_ui/themes/icons/forms_new.png HTTP/1.1" 304 -
120.253.135.82 - - [13/May/2021:09:57:58 +0800] "GET /xingrg/javascript/jquery_easy_ui/themes/icons/search_new.png HTTP/1.1" 304 -
116.230.114.112 - - [13/May/2021:09:58:00 +0800] "GET /xingrg/all/function/internal_message.html?_=1620871092326&CODE_STATE=getMsg HTTP/1.1" 200 27
116.230.76.31 - - [13/May/2021:09:58:02 +0800] "GET /xingrg/all/function/internal_message.html?_=1620871080271&CODE_STATE=getMsg HTTP/1.1" 200 27
120.253.135.82 - - [13/May/2021:09:58:02 +0800] "GET /xingrg/javascript/jquery_easy_ui/themes/default/images/tabs_close.gif HTTP/1.1" 304 -
120.253.135.82 - - [13/May/2021:09:58:02 +0800] "GET /xingrg/kc/pszx/mdqp_order_list.html?state=10 HTTP/1.1" 200 10171
120.253.135.82 - - [13/May/2021:09:58:02 +0800] "GET /xingrg/javascript/myfunction.js HTTP/1.1" 304 -
120.253.135.82 - - [13/May/2021:09:58:02 +0800] "GET /xingrg/css/blue.css HTTP/1.1" 304 -
120.253.135.82 - - [13/May/2021:09:58:02 +0800] "GET /xingrg/javascript/Calendar.js HTTP/1.1" 304 -
120.253.135.82 - - [13/May/2021:09:58:02 +0800] "GET /xingrg/dwr/util.js HTTP/1.1" 304 -
120.253.135.82 - - [13/May/2021:09:58:02 +0800] "GET /xingrg/javascript/pic_change.js HTTP/1.1" 304 -
120.253.135.82 - - [13/May/2021:09:58:02 +0800] "GET /xingrg/dwr/interface/AjaxQqpsService.js HTTP/1.1" 200 16326
120.253.135.82 - - [13/May/2021:09:58:02 +0800] "GET /xingrg/dwr/interface/AjaxReportQueryService.js HTTP/1.1" 200 13203
120.253.135.82 - - [13/May/2021:09:58:02 +0800] "GET /xingrg/dwr/engine.js HTTP/1.1" 200 43631
120.253.135.82 - - [13/May/2021:09:58:02 +0800] "GET /xingrg/javascript/jquery_easy_ui/themes/icons/back_new.png HTTP/1.1" 304 -
120.253.135.82 - - [13/May/2021:09:58:02 +0800] "GET /xingrg/javascript/jquery_easy_ui/themes/icons/uncheck_new.png HTTP/1.1" 304 -
120.253.135.82 - - [13/May/2021:09:58:03 +0800] "GET /xingrg/javascript/jquery_easy_ui/themes/icons/check_new.png HTTP/1.1" 304 -
120.253.135.82 - - [13/May/2021:09:58:06 +0800] "GET /xingrg/javascript/jquery_easy_ui/themes/icons/area.png HTTP/1.1" 304 -
120.253.135.82 - - [13/May/2021:09:58:06 +0800] "GET /xingrg/javascript/jquery_easy_ui/themes/icons/manage.png HTTP/1.1" 304 -
116.224.253.72 - - [13/May/2021:09:58:06 +0800] "GET /xingrg/all/function/internal_message.html?_=1620871072252&CODE_STATE=getMsg HTTP/1.1" 200 27
116.230.114.112 - - [13/May/2021:09:58:07 +0800] "GET /xingrg/kc/buy/cgsh_order_operate.html?command=get_materiel&rest_code=00146&code=00101008083&supplier_code=00100005&order_time=2021-05-13 HTTP/1.1" 200 427
117.185.32.26 - - [13/May/2021:09:58:11 +0800] "GET /xingrg/login.html HTTP/1.1" 200 7641
116.230.114.112 - - [13/May/2021:09:58:14 +0800] "POST /xingrg/all/common/load_select.html HTTP/1.1" 200 25
117.185.32.26 - - [13/May/2021:09:58:17 +0800] "GET /favicon.ico HTTP/1.1" 404 -
114.86.225.153 - - [13/May/2021:09:58:17 +0800] "GET /xingrg/all/function/internal_message.html?_=1620871095790&CODE_STATE=getMsg HTTP/1.1" 200 27
116.230.114.112 - - [13/May/2021:09:58:18 +0800] "GET /xingrg/kc/buy/cgsh_order_operate.html?command=get_materiel_price&rest_code=00146&code=00101008083&unit_code=00100026&supplier_code=00100005&order_time=2021-05-13 HTTP/1.1" 200 27
117.185.32.26 - - [13/May/2021:09:58:19 +0800] "POST /xingrg/login.do HTTP/1.1" 302 -
117.185.32.26 - - [13/May/2021:09:58:19 +0800] "GET /xingrg/index.html?sysBaseUrl=http%3A%2F%2F180.169.147.146%3A18081%2Fxingrg%2F&costTime=39×tamp=1620871099615 HTTP/1.1" 200 17173
58.37.228.113 - - [13/May/2021:09:58:20 +0800] "GET /xingrg/all/function/internal_message.html?_=1620871104685&CODE_STATE=getMsg HTTP/1.1" 200 27
117.185.32.26 - - [13/May/2021:09:58:21 +0800] "GET /favicon.ico HTTP/1.1" 404 -
117.185.32.26 - - [13/May/2021:09:58:22 +0800] "POST /xingrg/all/common/load_tree.html?tree=area_rest_tree_json&manage=1 HTTP/1.1" 200 342
117.185.32.26 - - [13/May/2021:09:58:22 +0800] "GET /xingrg/all/function/internal_message.html?_=1620871628340&CODE_STATE=count HTTP/1.1" 200 11
117.185.32.26 - - [13/May/2021:09:58:22 +0800] "GET /xingrg/check_reg.html?_=1620871628342 HTTP/1.1" 200 22
117.185.32.26 - - [13/May/2021:09:58:22 +0800] "POST /xingrg/load_menu.html HTTP/1.1" 200 5138
116.224.253.72 - - [13/May/2021:09:58:24 +0800] "GET /xingrg/all/function/internal_message.html?_=1620871090247&CODE_STATE=getMsg HTTP/1.1" 200 27
117.185.32.26 - - [13/May/2021:09:58:24 +0800] "GET /xingrg/kc/buy/buy_main.html HTTP/1.1" 200 12412
117.185.32.26 - - [13/May/2021:09:58:25 +0800] "GET /xingrg/css/new_ie.css HTTP/1.1" 404 1036
222.69.129.194 - - [13/May/2021:09:58:26 +0800] "GET /xingrg/all/function/internal_message.html?_=1620871104045&CODE_STATE=getMsg HTTP/1.1" 200 27
117.185.32.26 - - [13/May/2021:09:58:27 +0800] "GET /xingrg/images/yd/bt.gif HTTP/1.1" 404 1040
222.69.129.194 - - [13/May/2021:09:58:27 +0800] "GET /xingrg/check_reg.html?_=1620871104750 HTTP/1.1" 200 22
117.185.32.26 - - [13/May/2021:09:58:27 +0800] "GET /xingrg/kc/buy/cgsh_order_list.html HTTP/1.1" 200 46291
120.253.135.82 - - [13/May/2021:09:58:28 +0800] "GET /xingrg/javascript/jquery_easy_ui/themes/default/images/button_plain_hover.png HTTP/1.1" 304 -
116.230.114.112 - - [13/May/2021:09:58:29 +0800] "GET /xingrg/kc/buy/cgsh_order_operate.html?command=get_materiel&rest_code=00146&code=00101008087&supplier_code=00100005&order_time=2021-05-13 HTTP/1.1" 200 412
180.169.147.146 - - [13/May/2021:09:58:32 +0800] "GET /xingrg/all/function/internal_message.html?_=1620871112582&CODE_STATE=getMsg HTTP/1.1" 200 27
58.221.95.50 - - [13/May/2021:09:58:33 +0800] "GET /xingrg/check_reg.html?_=1620871110975 HTTP/1.1" 302 -
114.88.162.5 - - [13/May/2021:09:58:37 +0800] "GET /xingrg/all/function/internal_message.html?_=1620871114154&CODE_STATE=getMsg HTTP/1.1" 200 27
117.185.32.26 - - [13/May/2021:09:58:38 +0800] "POST /xingrg/kc/buy/cgsh_list_operate.html HTTP/1.1" 200 876
116.230.114.112 - - [13/May/2021:09:58:39 +0800] "GET /xingrg/kc/buy/cgsh_order_operate.html?command=get_materiel&rest_code=00146&code=00101008024&supplier_code=00100005&order_time=2021-05-13 HTTP/1.1" 200 408
116.224.253.72 - - [13/May/2021:09:58:40 +0800] "GET /xingrg/all/function/internal_message.html?_=1620871119436&CODE_STATE=getMsg HTTP/1.1" 200 27
180.161.124.236 - - [13/May/2021:09:58:43 +0800] "GET /xingrg/all/function/internal_message.html?_=1620871080016&CODE_STATE=getMsg HTTP/1.1" 200 27
61.165.42.208 - - [13/May/2021:09:58:43 +0800] "GET /xingrg/check_reg.html?_=1620871121586 HTTP/1.1" 200 22
61.165.42.208 - - [13/May/2021:09:58:43 +0800] "GET /xingrg/all/function/internal_message.html?_=1620871121589&CODE_STATE=getMsg HTTP/1.1" 200 27
117.185.32.26 - - [13/May/2021:09:58:45 +0800] "GET /xingrg/kc/buy/cgsh_order_add.html HTTP/1.1" 200 62029
117.185.32.26 - - [13/May/2021:09:58:45 +0800] "GET /xingrg/words/20210512180717_words.js HTTP/1.1" 304 -
117.185.32.26 - - [13/May/2021:09:58:46 +0800] "POST /xingrg/kc/buy/cgsh_order_operate.html HTTP/1.1" 200 8245
117.185.32.26 - - [13/May/2021:09:58:46 +0800] "GET /xingrg/all/common/auto_word.html?type=employee&rest_code=00106 HTTP/1.1" 200 205
117.185.32.26 - - [13/May/2021:09:58:46 +0800] "GET /xingrg/javascript/easyui/themes/default/validatebox.css HTTP/1.1" 404 1104
117.185.32.26 - - [13/May/2021:09:58:46 +0800] "GET /xingrg/all/common/auto_word.html?type=employee&rest_code=00106 HTTP/1.1" 200 205
117.185.32.26 - - [13/May/2021:09:58:47 +0800] "GET /xingrg/javascript/easyui/themes/default/tree.css HTTP/1.1" 404 1090
117.185.32.26 - - [13/May/2021:09:58:48 +0800] "POST /xingrg/all/common/load_tree.html?tree=supplier_tree_json&isDelete=1 HTTP/1.1" 200 55318
116.230.114.112 - - [13/May/2021:09:58:52 +0800] "GET /xingrg/kc/buy/cgsh_order_operate.html?command=get_materiel&rest_code=00146&code=00101008115&supplier_code=00100005&order_time=2021-05-13 HTTP/1.1" 200 412
120.253.135.82 - - [13/May/2021:09:58:59 +0800] "GET /xingrg/login.html HTTP/1.1" 200 7641
120.253.135.82 - - [13/May/2021:09:58:59 +0800] "GET /xingrg/images/blue/jxLogo.png HTTP/1.1" 304 -
120.253.135.82 - - [13/May/2021:09:58:59 +0800] "GET /xingrg/images/blue/hj.png HTTP/1.1" 304 -
120.253.135.82 - - [13/May/2021:09:58:59 +0800] "GET /xingrg/images/blue/login_bg.png HTTP/1.1" 304 -
120.253.135.82 - - [13/May/2021:09:58:59 +0800] "GET /favicon.ico HTTP/1.1" 404 -
120.253.135.82 - - [13/May/2021:09:58:59 +0800] "GET /xingrg/images/blue/srbg.png HTTP/1.1" 304 -
116.230.114.112 - - [13/May/2021:09:59:00 +0800] "GET /xingrg/all/function/internal_message.html?_=1620871152340&CODE_STATE=getMsg HTTP/1.1" 200 27
120.253.135.82 - - [13/May/2021:09:59:02 +0800] "POST /xingrg/login.do HTTP/1.1" 302 -
120.253.135.82 - - [13/May/2021:09:59:02 +0800] "GET /xingrg/index.html?sysBaseUrl=http%3A%2F%2F180.169.147.146%3A18081%2Fxingrg%2F&costTime=38×tamp=1620871142116 HTTP/1.1" 200 17173
120.253.135.82 - - [13/May/2021:09:59:02 +0800] "GET /xingrg/javascript/jquery_easy_ui/themes/icon.css HTTP/1.1" 304 -
120.253.135.82 - - [13/May/2021:09:59:02 +0800] "GET /xingrg/javascript/jquery.timers.js HTTP/1.1" 304 -
120.253.135.82 - - [13/May/2021:09:59:02 +0800] "GET /xingrg/javascript/jquery-1.4.2.min.js HTTP/1.1" 304 -
120.253.135.82 - - [13/May/2021:09:59:02 +0800] "GET /xingrg/javascript/jquery.utils.js HTTP/1.1" 304 -
120.253.135.82 - - [13/May/2021:09:59:02 +0800] "GET /xingrg/javascript/jquery_easy_ui/jquery.easyui.min.js HTTP/1.1" 304 -
120.253.135.82 - - [13/May/2021:09:59:02 +0800] "GET /xingrg/javascript/jquery_easy_ui/themes/default/easyui.css HTTP/1.1" 304 -
120.253.135.82 - - [13/May/2021:09:59:02 +0800] "GET /xingrg/css/form.css HTTP/1.1" 304 -
120.253.135.82 - - [13/May/2021:09:59:02 +0800] "GET /xingrg/javascript/jquery.form.js HTTP/1.1" 304 -
120.253.135.82 - - [13/May/2021:09:59:02 +0800] "GET /xingrg/javascript/jquery_easy_ui/easyui-lang-zh_CN.js HTTP/1.1" 304 -
116.230.76.31 - - [13/May/2021:09:59:02 +0800] "GET /xingrg/all/function/internal_message.html?_=1620871140257&CODE_STATE=getMsg HTTP/1.1" 200 27
120.253.135.82 - - [13/May/2021:09:59:02 +0800] "GET /xingrg/images/blue/navBackgound.jpg HTTP/1.1" 304 -
120.253.135.82 - - [13/May/2021:09:59:02 +0800] "GET /xingrg/javascript/jquery_easy_ui/themes/icons/settle_new.png HTTP/1.1" 304 -
120.253.135.82 - - [13/May/2021:09:59:02 +0800] "POST /xingrg/all/common/load_tree.html?tree=area_rest_tree_json&manage=1 HTTP/1.1" 200 344
120.253.135.82 - - [13/May/2021:09:59:02 +0800] "GET /xingrg/images/blue/pingpu.png HTTP/1.1" 304 -
120.253.135.82 - - [13/May/2021:09:59:02 +0800] "GET /xingrg/javascript/jquery_easy_ui/themes/default/images/tabs_leftarrow.png HTTP/1.1" 304 -
120.253.135.82 - - [13/May/2021:09:59:02 +0800] "GET /xingrg/javascript/jquery_easy_ui/themes/default/images/tabs_rightarrow.png HTTP/1.1" 304 -
120.253.135.82 - - [13/May/2021:09:59:02 +0800] "GET /xingrg/javascript/jquery_easy_ui/themes/default/images/panel_tool_collapse.gif HTTP/1.1" 304 -
120.253.135.82 - - [13/May/2021:09:59:02 +0800] "GET /xingrg/all/function/internal_message.html?_=1620870922113&CODE_STATE=count HTTP/1.1" 200 11
120.253.135.82 - - [13/May/2021:09:59:02 +0800] "GET /xingrg/check_reg.html?_=1620870922114 HTTP/1.1" 200 22
120.253.135.82 - - [13/May/2021:09:59:02 +0800] "GET /xingrg/javascript/jquery_easy_ui/themes/default/images/tree_arrows.gif HTTP/1.1" 304 -
120.253.135.82 - - [13/May/2021:09:59:02 +0800] "POST /xingrg/load_menu.html HTTP/1.1" 200 6743
120.253.135.82 - - [13/May/2021:09:59:02 +0800] "GET /favicon.ico HTTP/1.1" 404 -
120.253.135.82 - - [13/May/2021:09:59:02 +0800] "GET /xingrg/javascript/jquery_easy_ui/themes/default/images/tree_folder_open.gif HTTP/1.1" 304 -
120.253.135.82 - - [13/May/2021:09:59:02 +0800] "GET /xingrg/javascript/jquery_easy_ui/themes/icons/search_new.png HTTP/1.1" 304 -
120.253.135.82 - - [13/May/2021:09:59:02 +0800] "GET /xingrg/javascript/jquery_easy_ui/themes/default/images/tree_folder.gif HTTP/1.1" 304 -
120.253.135.82 - - [13/May/2021:09:59:02 +0800] "GET /xingrg/javascript/jquery_easy_ui/themes/icons/forms_new.png HTTP/1.1" 304 -
120.253.135.82 - - [13/May/2021:09:59:02 +0800] "GET /xingrg/javascript/jquery_easy_ui/themes/default/images/tree_file.gif HTTP/1.1" 304 -
120.253.135.82 - - [13/May/2021:09:59:02 +0800] "GET /xingrg/javascript/jquery_easy_ui/themes/icons/delivery_new.png HTTP/1.1" 304 -
120.253.135.82 - - [13/May/2021:09:59:02 +0800] "GET /xingrg/javascript/jquery_easy_ui/themes/icons/storage_new.png HTTP/1.1" 304 -
120.253.135.82 - - [13/May/2021:09:59:05 +0800] "GET /xingrg/javascript/jquery_easy_ui/themes/default/images/tabs_close.gif HTTP/1.1" 304 -
120.253.135.82 - - [13/May/2021:09:59:05 +0800] "GET /xingrg/kc/pszx/mdqp_order_list.html?state=10 HTTP/1.1" 200 10171
120.253.135.82 - - [13/May/2021:09:59:05 +0800] "GET /xingrg/css/blue.css HTTP/1.1" 304 -
120.253.135.82 - - [13/May/2021:09:59:05 +0800] "GET /xingrg/dwr/util.js HTTP/1.1" 304 -
120.253.135.82 - - [13/May/2021:09:59:05 +0800] "GET /xingrg/javascript/pic_change.js HTTP/1.1" 304 -
120.253.135.82 - - [13/May/2021:09:59:05 +0800] "GET /xingrg/javascript/Calendar.js HTTP/1.1" 304 -
120.253.135.82 - - [13/May/2021:09:59:05 +0800] "GET /xingrg/javascript/myfunction.js HTTP/1.1" 304 -
120.253.135.82 - - [13/May/2021:09:59:05 +0800] "GET /xingrg/dwr/interface/AjaxQqpsService.js HTTP/1.1" 200 16326
120.253.135.82 - - [13/May/2021:09:59:05 +0800] "GET /xingrg/dwr/interface/AjaxReportQueryService.js HTTP/1.1" 200 13203
120.253.135.82 - - [13/May/2021:09:59:05 +0800] "GET /xingrg/dwr/engine.js HTTP/1.1" 200 43631
120.253.135.82 - - [13/May/2021:09:59:05 +0800] "GET /xingrg/javascript/jquery_easy_ui/themes/icons/check_new.png HTTP/1.1" 304 -
120.253.135.82 - - [13/May/2021:09:59:05 +0800] "GET /xingrg/javascript/jquery_easy_ui/themes/icons/uncheck_new.png HTTP/1.1" 304 -
120.253.135.82 - - [13/May/2021:09:59:05 +0800] "GET /xingrg/javascript/jquery_easy_ui/themes/icons/back_new.png HTTP/1.1" 304 -
116.224.253.72 - - [13/May/2021:09:59:05 +0800] "GET /xingrg/check_reg.html?_=1620871131635 HTTP/1.1" 200 22
116.224.253.72 - - [13/May/2021:09:59:06 +0800] "GET /xingrg/all/function/internal_message.html?_=1620871132264&CODE_STATE=getMsg HTTP/1.1" 200 27
117.185.32.26 - - [13/May/2021:09:59:06 +0800] "GET /xingrg/javascript/auto/indicator.gif HTTP/1.1" 404 1066
120.253.135.82 - - [13/May/2021:09:59:07 +0800] "GET /xingrg/css/base.css HTTP/1.1" 304 -
120.253.135.82 - - [13/May/2021:09:59:07 +0800] "GET /xingrg/javascript/auto/jquery.autocomplete.css HTTP/1.1" 304 -
120.253.135.82 - - [13/May/2021:09:59:07 +0800] "GET /xingrg/javascript/jquery_tools/jquery.tools.hotkey.js HTTP/1.1" 304 -
120.253.135.82 - - [13/May/2021:09:59:07 +0800] "GET /xingrg/javascript/easyui/themes/icon.css HTTP/1.1" 304 -
120.253.135.82 - - [13/May/2021:09:59:07 +0800] "GET /xingrg/javascript/jquery_tools/fix.css HTTP/1.1" 304 -
120.253.135.82 - - [13/May/2021:09:59:07 +0800] "GET /xingrg/css/site.css HTTP/1.1" 304 -
120.253.135.82 - - [13/May/2021:09:59:07 +0800] "GET /xingrg/javascript/jquery_tools/datebox.css HTTP/1.1" 304 -
120.253.135.82 - - [13/May/2021:09:59:07 +0800] "GET /xingrg/javascript/easyui/themes/default/easyui.css HTTP/1.1" 304 -
120.253.135.82 - - [13/May/2021:09:59:07 +0800] "GET /xingrg/kc/pszx/mdps_order_list.html?orderType=0 HTTP/1.1" 200 20831
120.253.135.82 - - [13/May/2021:09:59:07 +0800] "GET /xingrg/javascript/jquery_tools/jquery.tools.min.js HTTP/1.1" 304 -
120.253.135.82 - - [13/May/2021:09:59:07 +0800] "GET /xingrg/javascript/auto/jquery.autocomplete.js HTTP/1.1" 304 -
120.253.135.82 - - [13/May/2021:09:59:07 +0800] "GET /xingrg/javascript/jquery_tools/list_manager.js HTTP/1.1" 304 -
120.253.135.82 - - [13/May/2021:09:59:07 +0800] "GET /xingrg/javascript/jquery_tools/jquery.tools.table.js HTTP/1.1" 304 -
120.253.135.82 - - [13/May/2021:09:59:07 +0800] "GET /xingrg/javascript/jquery.cookie.js HTTP/1.1" 304 -
120.253.135.82 - - [13/May/2021:09:59:07 +0800] "GET /xingrg/javascript/jquery_tools/jquery.tools.extend.js HTTP/1.1" 304 -
120.253.135.82 - - [13/May/2021:09:59:07 +0800] "GET /xingrg/javascript/easyui/easyloader.js HTTP/1.1" 304 -
120.253.135.82 - - [13/May/2021:09:59:07 +0800] "GET /xingrg/javascript/print/LodopFuncs.js HTTP/1.1" 304 -
120.253.135.82 - - [13/May/2021:09:59:07 +0800] "GET /xingrg/javascript/jquery_tools/table.css HTTP/1.1" 304 -
120.253.135.82 - - [13/May/2021:09:59:07 +0800] "GET /xingrg/javascript/easyui/themes/icons/edit_add_new.png HTTP/1.1" 304 -
120.253.135.82 - - [13/May/2021:09:59:07 +0800] "GET /xingrg/javascript/easyui/themes/icons/check_new.png HTTP/1.1" 304 -
120.253.135.82 - - [13/May/2021:09:59:07 +0800] "GET /xingrg/javascript/easyui/themes/icons/cance_new.png HTTP/1.1" 304 -
120.253.135.82 - - [13/May/2021:09:59:07 +0800] "GET /xingrg/javascript/easyui/themes/icons/uncheck_new.png HTTP/1.1" 304 -
120.253.135.82 - - [13/May/2021:09:59:07 +0800] "GET /xingrg/javascript/easyui/themes/icons/field_new.png HTTP/1.1" 304 -
120.253.135.82 - - [13/May/2021:09:59:07 +0800] "GET /xingrg/javascript/easyui/themes/icons/import_new.png HTTP/1.1" 304 -
120.253.135.82 - - [13/May/2021:09:59:07 +0800] "GET /xingrg/javascript/easyui/plugins/jquery.parser.js HTTP/1.1" 304 -
120.253.135.82 - - [13/May/2021:09:59:07 +0800] "GET /xingrg/images/control/ajaxLoader.gif HTTP/1.1" 304 -
120.253.135.82 - - [13/May/2021:09:59:08 +0800] "GET /xingrg/javascript/jquery_easy_ui/themes/icons/manage.png HTTP/1.1" 304 -
120.253.135.82 - - [13/May/2021:09:59:08 +0800] "GET /xingrg/javascript/jquery_easy_ui/themes/icons/area.png HTTP/1.1" 304 -
120.253.135.82 - - [13/May/2021:09:59:08 +0800] "POST /xingrg/kc/pszx/mdps_list_operate.html HTTP/1.1" 200 5466
117.185.32.26 - - [13/May/2021:09:59:10 +0800] "GET /xingrg/kc/buy/cgsh_order_operate.html?command=get_materiel&rest_code=00106&code=00101016025&supplier_code=00100032&order_time=2021-05-13 HTTP/1.1" 200 408
120.253.135.82 - - [13/May/2021:09:59:10 +0800] "GET /xingrg/javascript/auto/indicator.gif HTTP/1.1" 404 1066
116.230.114.112 - - [13/May/2021:09:59:11 +0800] "GET /xingrg/kc/buy/cgsh_order_operate.html?command=get_materiel&rest_code=00146&code=00101008269&supplier_code=00100005&order_time=2021-05-13 HTTP/1.1" 200 417
120.253.135.82 - - [13/May/2021:09:59:16 +0800] "POST /xingrg/kc/pszx/mdps_list_operate.html HTTP/1.1" 200 3552
114.86.225.153 - - [13/May/2021:09:59:17 +0800] "GET /xingrg/all/function/internal_message.html?_=1620871155734&CODE_STATE=getMsg HTTP/1.1" 200 27
120.253.135.82 - - [13/May/2021:09:59:19 +0800] "POST /xingrg/kc/pszx/mdps_list_operate.html HTTP/1.1" 200 367
58.37.228.113 - - [13/May/2021:09:59:20 +0800] "GET /xingrg/all/function/internal_message.html?_=1620871164691&CODE_STATE=getMsg HTTP/1.1" 200 27
116.230.114.112 - - [13/May/2021:09:59:21 +0800] "GET /xingrg/kc/buy/cgsh_order_operate.html?command=get_materiel&rest_code=00146&code=00101008017&supplier_code=00100005&order_time=2021-05-13 HTTP/1.1" 200 416
120.253.135.82 - - [13/May/2021:09:59:21 +0800] "POST /xingrg/kc/pszx/mdps_list_operate.html HTTP/1.1" 200 623
61.151.178.236 - - [13/May/2021:09:59:21 +0800] "GET /xingrg/all/function/internal_message.html?_=1620871104685&CODE_STATE=getMsg HTTP/1.1" 302 -
117.185.32.26 - - [13/May/2021:09:59:22 +0800] "GET /xingrg/all/function/internal_message.html?_=1620871688357&CODE_STATE=getMsg HTTP/1.1" 200 27
120.253.135.82 - - [13/May/2021:09:59:22 +0800] "POST /xingrg/kc/pszx/mdps_list_operate.html HTTP/1.1" 200 445
61.151.178.236 - - [13/May/2021:09:59:23 +0800] "GET /xingrg/login.html HTTP/1.1" 200 7641
116.224.253.72 - - [13/May/2021:09:59:24 +0800] "GET /xingrg/all/function/internal_message.html?_=1620871150251&CODE_STATE=getMsg HTTP/1.1" 200 27
120.253.135.82 - - [13/May/2021:09:59:24 +0800] "POST /xingrg/kc/pszx/mdps_list_operate.html HTTP/1.1" 200 673
222.69.129.194 - - [13/May/2021:09:59:26 +0800] "GET /xingrg/all/function/internal_message.html?_=1620871164031&CODE_STATE=getMsg HTTP/1.1" 200 27
120.253.135.82 - - [13/May/2021:09:59:28 +0800] "POST /xingrg/kc/pszx/mdps_list_operate.html HTTP/1.1" 200 622
120.253.135.82 - - [13/May/2021:09:59:30 +0800] "GET /xingrg/kc/pszx/mdps_order_info.html?code=312021051200335 HTTP/1.1" 200 23931
120.253.135.82 - - [13/May/2021:09:59:30 +0800] "GET /xingrg/javascript/json2.js HTTP/1.1" 304 -
120.253.135.82 - - [13/May/2021:09:59:30 +0800] "GET /xingrg/javascript/convert.js HTTP/1.1" 304 -
120.253.135.82 - - [13/May/2021:09:59:30 +0800] "GET /xingrg/javascript/jquery_tools/order_manager.js HTTP/1.1" 304 -
120.253.135.82 - - [13/May/2021:09:59:30 +0800] "GET /xingrg/javascript/print/kc_print.js HTTP/1.1" 304 -
120.253.135.82 - - [13/May/2021:09:59:30 +0800] "GET /xingrg/words/20210512180717_words.js HTTP/1.1" 304 -
120.253.135.82 - - [13/May/2021:09:59:30 +0800] "GET /xingrg/javascript/easyui/themes/icons/print.png HTTP/1.1" 304 -
120.253.135.82 - - [13/May/2021:09:59:30 +0800] "GET /xingrg/javascript/easyui/themes/icons/cancel.png HTTP/1.1" 304 -
120.253.135.82 - - [13/May/2021:09:59:30 +0800] "GET /xingrg/javascript/easyui/themes/icons/copy_new.png HTTP/1.1" 304 -
120.253.135.82 - - [13/May/2021:09:59:30 +0800] "GET /xingrg/javascript/easyui/themes/icons/ok.png HTTP/1.1" 304 -
120.253.135.82 - - [13/May/2021:09:59:30 +0800] "GET /xingrg/javascript/easyui/themes/default/images/menu_downarrow.png HTTP/1.1" 304 -
120.253.135.82 - - [13/May/2021:09:59:30 +0800] "GET /xingrg/all/common/auto_word.html?type=base&rest_code=00101 HTTP/1.1" 200 613
120.253.135.82 - - [13/May/2021:09:59:30 +0800] "GET /xingrg/javascript/easyui/themes/default/validatebox.css HTTP/1.1" 404 1104
120.253.135.82 - - [13/May/2021:09:59:30 +0800] "GET /xingrg/javascript/easyui/plugins/jquery.validatebox.js HTTP/1.1" 304 -
120.253.135.82 - - [13/May/2021:09:59:30 +0800] "GET /xingrg/javascript/easyui/plugins/jquery.numberbox.js HTTP/1.1" 304 -
120.253.135.82 - - [13/May/2021:09:59:30 +0800] "POST /xingrg/kc/pszx/mdps_order_operate.html HTTP/1.1" 200 9781
120.253.135.82 - - [13/May/2021:09:59:30 +0800] "GET /xingrg/javascript/easyui/themes/icons/edit_remove.png HTTP/1.1" 304 -
180.169.147.146 - - [13/May/2021:09:59:32 +0800] "GET /xingrg/all/function/internal_message.html?_=1620871172589&CODE_STATE=getMsg HTTP/1.1" 200 27
120.253.135.82 - - [13/May/2021:09:59:32 +0800] "GET /xingrg/javascript/easyui/themes/default/images/button_plain_hover.png HTTP/1.1" 304 -
117.185.32.26 - - [13/May/2021:09:59:33 +0800] "GET /xingrg/kc/buy/cgsh_order_operate.html?command=get_materiel&rest_code=00106&code=00101002022&supplier_code=00100032&order_time=2021-05-13 HTTP/1.1" 200 428
120.253.135.82 - - [13/May/2021:09:59:36 +0800] "POST /xingrg/kc/pszx/mdps_list_operate.html HTTP/1.1" 200 404
114.88.162.5 - - [13/May/2021:09:59:37 +0800] "GET /xingrg/check_reg.html?_=1620871174155 HTTP/1.1" 200 22
114.88.162.5 - - [13/May/2021:09:59:37 +0800] "GET /xingrg/all/function/internal_message.html?_=1620871174159&CODE_STATE=getMsg HTTP/1.1" 200 27
120.253.135.82 - - [13/May/2021:09:59:37 +0800] "GET /xingrg/kc/pszx/mdps_order_info.html?code=312021051200332 HTTP/1.1" 200 23931
120.253.135.82 - - [13/May/2021:09:59:38 +0800] "POST /xingrg/kc/pszx/mdps_order_operate.html HTTP/1.1" 200 3343
120.253.135.82 - - [13/May/2021:09:59:38 +0800] "GET /xingrg/javascript/easyui/themes/default/validatebox.css HTTP/1.1" 404 1104
116.224.253.72 - - [13/May/2021:09:59:40 +0800] "GET /xingrg/all/function/internal_message.html?_=1620871179439&CODE_STATE=getMsg HTTP/1.1" 200 27
120.253.135.82 - - [13/May/2021:09:59:42 +0800] "POST /xingrg/kc/pszx/mdps_list_operate.html HTTP/1.1" 200 3552
61.165.42.208 - - [13/May/2021:09:59:43 +0800] "GET /xingrg/all/function/internal_message.html?_=1620871181588&CODE_STATE=getMsg HTTP/1.1" 200 27
180.161.124.236 - - [13/May/2021:09:59:47 +0800] "GET /xingrg/all/function/internal_message.html?_=1620871140305&CODE_STATE=getMsg HTTP/1.1" 200 27
116.230.114.112 - - [13/May/2021:10:00:00 +0800] "GET /xingrg/all/function/internal_message.html?_=1620871212354&CODE_STATE=getMsg HTTP/1.1" 200 27
117.185.32.26 - - [13/May/2021:10:00:01 +0800] "GET /xingrg/kc/buy/cgsh_order_operate.html?command=get_materiel&rest_code=00106&code=00101010248&supplier_code=00100032&order_time=2021-05-13 HTTP/1.1" 200 430
116.230.76.31 - - [13/May/2021:10:00:02 +0800] "GET /xingrg/all/function/internal_message.html?_=1620871200252&CODE_STATE=getMsg HTTP/1.1" 200 27
120.253.135.82 - - [13/May/2021:10:00:02 +0800] "GET /xingrg/all/function/internal_message.html?_=1620870982138&CODE_STATE=getMsg HTTP/1.1" 200 27
116.224.253.72 - - [13/May/2021:10:00:06 +0800] "GET /xingrg/all/function/internal_message.html?_=1620871192279&CODE_STATE=getMsg HTTP/1.1" 200 27
114.88.162.5 - - [13/May/2021:10:00:16 +0800] "GET /xingrg/kc/print/load_config.html?kc_code=cgsh HTTP/1.1" 200 1845
114.88.162.5 - - [13/May/2021:10:00:16 +0800] "GET /xingrg/kc/print/load_data.html?order_code=212021051305437&kc_code=cgsh&condition= HTTP/1.1" 200 14537
117.185.32.26 - - [13/May/2021:10:00:17 +0800] "GET /xingrg/kc/buy/cgsh_order_operate.html?command=get_materiel&rest_code=00106&code=00101010161&supplier_code=00100032&order_time=2021-05-13 HTTP/1.1" 200 409
114.86.225.153 - - [13/May/2021:10:00:17 +0800] "GET /xingrg/all/function/internal_message.html?_=1620871215740&CODE_STATE=getMsg HTTP/1.1" 200 27
114.86.225.153 - - [13/May/2021:10:00:17 +0800] "GET /xingrg/check_reg.html?_=1620871215740 HTTP/1.1" 200 22
61.151.207.158 - - [13/May/2021:10:00:20 +0800] "GET /xingrg/all/function/internal_message.html?_=1620871164691&CODE_STATE=getMsg HTTP/1.1" 302 -
61.151.207.158 - - [13/May/2021:10:00:20 +0800] "GET /xingrg/login.html HTTP/1.1" 200 7641
58.37.228.113 - - [13/May/2021:10:00:20 +0800] "GET /xingrg/all/function/internal_message.html?_=1620871224691&CODE_STATE=getMsg HTTP/1.1" 200 27
117.185.32.26 - - [13/May/2021:10:00:22 +0800] "GET /xingrg/all/function/internal_message.html?_=1620871748358&CODE_STATE=getMsg HTTP/1.1" 200 27
116.224.253.72 - - [13/May/2021:10:00:24 +0800] "GET /xingrg/all/function/internal_message.html?_=1620871210294&CODE_STATE=getMsg HTTP/1.1" 200 27
222.69.129.194 - - [13/May/2021:10:00:26 +0800] "GET /xingrg/all/function/internal_message.html?_=1620871224014&CODE_STATE=getMsg HTTP/1.1" 200 27
61.165.42.208 - - [13/May/2021:10:00:31 +0800] "POST /xingrg/services/DataTransmitService HTTP/1.1" 401 565
61.165.42.208 - - [13/May/2021:10:00:31 +0800] "POST /xingrg/services/DataTransmitService HTTP/1.1" 200 478
61.165.42.208 - - [13/May/2021:10:00:31 +0800] "POST /xingrg/services/DataTransmitService HTTP/1.1" 200 1320
61.165.42.208 - - [13/May/2021:10:00:31 +0800] "POST /xingrg/services/DataTransmitService HTTP/1.1" 200 478
61.165.42.208 - - [13/May/2021:10:00:31 +0800] "POST /xingrg/services/DataTransmitService HTTP/1.1" 200 1320
61.165.42.208 - - [13/May/2021:10:00:31 +0800] "POST /xingrg/services/DataTransmitService HTTP/1.1" 200 524
61.165.42.208 - - [13/May/2021:10:00:32 +0800] "POST /xingrg/services/DataTransmitService HTTP/1.1" 200 2235
180.169.147.146 - - [13/May/2021:10:00:32 +0800] "GET /xingrg/all/function/internal_message.html?_=1620871232589&CODE_STATE=getMsg HTTP/1.1" 200 27
61.165.42.208 - - [13/May/2021:10:00:32 +0800] "POST /xingrg/services/DataTransmitService HTTP/1.1" 200 45454
61.165.42.208 - - [13/May/2021:10:00:32 +0800] "POST /xingrg/services/DataTransmitService HTTP/1.1" 200 19237
117.185.32.26 - - [13/May/2021:10:00:32 +0800] "GET /xingrg/kc/buy/cgsh_order_operate.html?command=get_materiel&rest_code=00106&code=00101016017&supplier_code=00100032&order_time=2021-05-13 HTTP/1.1" 200 408
114.88.162.5 - - [13/May/2021:10:00:37 +0800] "GET /xingrg/all/function/internal_message.html?_=1620871234179&CODE_STATE=getMsg HTTP/1.1" 200 27
116.224.253.72 - - [13/May/2021:10:00:40 +0800] "GET /xingrg/all/function/internal_message.html?_=1620871239451&CODE_STATE=getMsg HTTP/1.1" 200 27
117.185.32.26 - - [13/May/2021:10:00:42 +0800] "GET /xingrg/kc/buy/cgsh_order_operate.html?command=get_materiel&rest_code=00106&code=00101012051&supplier_code=00100032&order_time=2021-05-13 HTTP/1.1" 200 427
61.165.42.208 - - [13/May/2021:10:00:43 +0800] "GET /xingrg/all/function/internal_message.html?_=1620871241590&CODE_STATE=getMsg HTTP/1.1" 200 27
180.161.124.236 - - [13/May/2021:10:00:43 +0800] "GET /xingrg/all/function/internal_message.html?_=1620871200307&CODE_STATE=getMsg HTTP/1.1" 200 27
116.230.114.112 - - [13/May/2021:10:01:00 +0800] "GET /xingrg/all/function/internal_message.html?_=1620871272367&CODE_STATE=getMsg HTTP/1.1" 200 27
116.230.76.31 - - [13/May/2021:10:01:02 +0800] "GET /xingrg/all/function/internal_message.html?_=1620871260236&CODE_STATE=getMsg HTTP/1.1" 200 27
120.253.135.82 - - [13/May/2021:10:01:02 +0800] "GET /xingrg/all/function/internal_message.html?_=1620871042148&CODE_STATE=getMsg HTTP/1.1" 200 27
116.224.253.72 - - [13/May/2021:10:01:05 +0800] "GET /xingrg/check_reg.html?_=1620871251186 HTTP/1.1" 200 22
116.224.253.72 - - [13/May/2021:10:01:06 +0800] "GET /xingrg/all/function/internal_message.html?_=1620871252293&CODE_STATE=getMsg HTTP/1.1" 200 27
117.185.32.26 - - [13/May/2021:10:01:08 +0800] "GET /xingrg/kc/buy/cgsh_order_operate.html?command=get_materiel&rest_code=00106&code=00101016105&supplier_code=00100032&order_time=2021-05-13 HTTP/1.1" 200 409
114.86.225.153 - - [13/May/2021:10:01:17 +0800] "GET /xingrg/all/function/internal_message.html?_=1620871275739&CODE_STATE=getMsg HTTP/1.1" 200 27
58.37.228.113 - - [13/May/2021:10:01:20 +0800] "GET /xingrg/all/function/internal_message.html?_=1620871284693&CODE_STATE=getMsg HTTP/1.1" 200 27
58.37.228.113 - - [13/May/2021:10:01:20 +0800] "GET /xingrg/check_reg.html?_=1620871284702 HTTP/1.1" 200 22
117.185.32.26 - - [13/May/2021:10:01:22 +0800] "GET /xingrg/all/function/internal_message.html?_=1620871808358&CODE_STATE=getMsg HTTP/1.1" 200 27
116.224.253.72 - - [13/May/2021:10:01:24 +0800] "GET /xingrg/all/function/internal_message.html?_=1620871270310&CODE_STATE=getMsg HTTP/1.1" 200 27
222.69.129.194 - - [13/May/2021:10:01:26 +0800] "GET /xingrg/all/function/internal_message.html?_=1620871283998&CODE_STATE=getMsg HTTP/1.1" 200 27
114.88.162.5 - - [13/May/2021:10:01:29 +0800] "GET /xingrg/kc/buy/cgsh_order_add.html HTTP/1.1" 200 62029
