58.37.228.113 - - [12/May/2021:10:15:21 +0800] "GET /xingrg/kc/buy/cgsh_order_operate.html?command=get_materiel&rest_code=00141&code=00101008017&supplier_code=00100007&order_time=2021-05-12 HTTP/1.1" 200 416
101.89.239.216 - - [12/May/2021:10:15:22 +0800] "GET /xingrg/login.html HTTP/1.1" 200 7641
61.165.42.208 - - [12/May/2021:10:15:22 +0800] "GET /xingrg/kc/buy/cgsh_order_add.html HTTP/1.1" 200 62076
61.165.42.208 - - [12/May/2021:10:15:22 +0800] "POST /xingrg/kc/buy/cgsh_order_operate.html HTTP/1.1" 200 8245
61.165.42.208 - - [12/May/2021:10:15:22 +0800] "GET /xingrg/javascript/easyui/themes/default/validatebox.css HTTP/1.1" 404 1104
58.37.228.113 - - [12/May/2021:10:15:27 +0800] "GET /xingrg/kc/buy/cgsh_order_operate.html?command=get_materiel&rest_code=00141&code=00101008003&supplier_code=00100007&order_time=2021-05-12 HTTP/1.1" 200 408
120.253.135.82 - - [12/May/2021:10:15:29 +0800] "GET /xingrg/all/function/internal_message.html?_=1620785509781&CODE_STATE=getMsg HTTP/1.1" 200 27
116.230.114.112 - - [12/May/2021:10:15:29 +0800] "GET /xingrg/all/function/internal_message.html?_=1620785737877&CODE_STATE=getMsg HTTP/1.1" 200 27
58.37.228.113 - - [12/May/2021:10:15:32 +0800] "GET /xingrg/kc/buy/cgsh_order_operate.html?command=get_materiel&rest_code=00141&code=00101008300&supplier_code=00100007&order_time=2021-05-12 HTTP/1.1" 200 412
116.233.74.48 - - [12/May/2021:10:15:34 +0800] "GET /xingrg/all/function/internal_message.html?_=1620785732804&CODE_STATE=getMsg HTTP/1.1" 200 27
61.151.207.141 - - [12/May/2021:10:15:34 +0800] "GET /xingrg/kc/buy/cgsh_order_operate.html?command=get_materiel&rest_code=00141&code=00101008261&supplier_code=00100007&order_time=2021-05-12 HTTP/1.1" 302 -
58.37.228.113 - - [12/May/2021:10:15:35 +0800] "POST /xingrg/kc/buy/cgsh_order_operate.html HTTP/1.1" 200 2065
61.151.207.141 - - [12/May/2021:10:15:36 +0800] "GET /xingrg/login.html HTTP/1.1" 200 7641
61.165.42.208 - - [12/May/2021:10:15:36 +0800] "GET /xingrg/kc/buy/cgsh_order_operate.html?command=get_materiel&rest_code=00105&code=00101003033&supplier_code=00100092&order_time=2021-05-12 HTTP/1.1" 200 424
58.37.228.113 - - [12/May/2021:10:15:40 +0800] "POST /xingrg/kc/buy/cgsh_order_operate.html HTTP/1.1" 200 37
58.37.228.113 - - [12/May/2021:10:15:42 +0800] "POST /xingrg/kc/buy/cgsh_order_operate.html HTTP/1.1" 200 22121
117.185.32.26 - - [12/May/2021:10:15:42 +0800] "GET /xingrg/kc/buy/cgsh_order_operate.html?command=get_materiel&rest_code=00106&code=00101009112&supplier_code=00100022&order_time=2021-05-12 HTTP/1.1" 200 411
61.165.42.208 - - [12/May/2021:10:15:47 +0800] "GET /xingrg/kc/buy/cgsh_order_operate.html?command=get_materiel&rest_code=00105&code=00101003035&supplier_code=00100092&order_time=2021-05-12 HTTP/1.1" 200 411
101.89.29.86 - - [12/May/2021:10:15:47 +0800] "GET /xingrg/kc/buy/cgsh_order_operate.html?command=get_materiel&rest_code=00141&code=00101008132&supplier_code=00100007&order_time=2021-05-12 HTTP/1.1" 302 -
101.89.29.86 - - [12/May/2021:10:15:49 +0800] "GET /xingrg/login.html HTTP/1.1" 200 7641
58.40.7.146 - - [12/May/2021:10:15:50 +0800] "GET /xingrg/all/function/internal_message.html?_=1620785749090&CODE_STATE=getMsg HTTP/1.1" 200 27
180.169.147.146 - - [12/May/2021:10:15:55 +0800] "GET /xingrg/all/function/internal_message.html?_=1620785756133&CODE_STATE=getMsg HTTP/1.1" 200 27
180.162.112.86 - - [12/May/2021:10:15:59 +0800] "GET /xingrg/all/function/internal_message.html?_=1620785489673&CODE_STATE=getMsg HTTP/1.1" 200 27
117.185.32.26 - - [12/May/2021:10:16:00 +0800] "GET /xingrg/all/function/internal_message.html?_=1620785758937&CODE_STATE=getMsg HTTP/1.1" 200 27
117.185.32.26 - - [12/May/2021:10:16:01 +0800] "GET /xingrg/kc/buy/cgsh_order_operate.html?command=get_materiel&rest_code=00106&code=00101009003&supplier_code=00100022&order_time=2021-05-12 HTTP/1.1" 200 410
116.224.253.72 - - [12/May/2021:10:16:06 +0800] "GET /xingrg/all/function/internal_message.html?_=1620785753651&CODE_STATE=getMsg HTTP/1.1" 200 27
116.224.253.72 - - [12/May/2021:10:16:09 +0800] "GET /xingrg/all/function/internal_message.html?_=1620785768386&CODE_STATE=getMsg HTTP/1.1" 200 27
180.161.124.236 - - [12/May/2021:10:16:09 +0800] "GET /xingrg/all/function/internal_message.html?_=1620785725806&CODE_STATE=getMsg HTTP/1.1" 200 27
61.165.42.208 - - [12/May/2021:10:16:10 +0800] "POST /xingrg/kc/buy/cgsh_order_operate.html HTTP/1.1" 200 37
120.204.17.70 - - [12/May/2021:10:16:11 +0800] "GET /xingrg/all/function/internal_message.html?_=1620785698950&CODE_STATE=getMsg HTTP/1.1" 302 -
120.253.135.82 - - [12/May/2021:10:16:12 +0800] "GET /xingrg/all/function/internal_message.html?_=1620785832833&CODE_STATE=getMsg HTTP/1.1" 200 27
61.165.42.208 - - [12/May/2021:10:16:13 +0800] "POST /xingrg/kc/buy/cgsh_order_operate.html HTTP/1.1" 200 3264
116.230.76.31 - - [12/May/2021:10:16:13 +0800] "GET /xingrg/all/function/internal_message.html?_=1620785766628&CODE_STATE=getMsg HTTP/1.1" 200 27
61.165.42.208 - - [12/May/2021:10:16:14 +0800] "GET /xingrg/kc/print/load_data.html?order_code=212021051205070&kc_code=cgsh&condition= HTTP/1.1" 200 963
120.204.17.70 - - [12/May/2021:10:16:17 +0800] "GET /xingrg/login.html HTTP/1.1" 200 7641
58.37.228.113 - - [12/May/2021:10:16:20 +0800] "GET /xingrg/all/function/internal_message.html?_=1620785781868&CODE_STATE=getMsg HTTP/1.1" 200 27
61.165.42.208 - - [12/May/2021:10:16:20 +0800] "GET /xingrg/all/function/internal_message.html?_=1620785780185&CODE_STATE=getMsg HTTP/1.1" 200 27
61.165.42.208 - - [12/May/2021:10:16:21 +0800] "GET /xingrg/kc/buy/cgsh_order_add.html HTTP/1.1" 200 62076
61.165.42.208 - - [12/May/2021:10:16:22 +0800] "POST /xingrg/kc/buy/cgsh_order_operate.html HTTP/1.1" 200 8245
61.165.42.208 - - [12/May/2021:10:16:22 +0800] "GET /xingrg/javascript/easyui/themes/default/validatebox.css HTTP/1.1" 404 1104
120.253.135.82 - - [12/May/2021:10:16:29 +0800] "GET /xingrg/all/function/internal_message.html?_=1620785569795&CODE_STATE=getMsg HTTP/1.1" 200 27
116.230.114.112 - - [12/May/2021:10:16:29 +0800] "GET /xingrg/all/function/internal_message.html?_=1620785797891&CODE_STATE=getMsg HTTP/1.1" 200 27
61.165.42.208 - - [12/May/2021:10:16:30 +0800] "GET /xingrg/kc/buy/cgsh_order_operate.html?command=get_materiel&rest_code=00105&code=00101004011&supplier_code=00100086&order_time=2021-05-12 HTTP/1.1" 200 434
116.233.74.48 - - [12/May/2021:10:16:34 +0800] "GET /xingrg/all/function/internal_message.html?_=1620785792809&CODE_STATE=getMsg HTTP/1.1" 200 27
58.40.7.146 - - [12/May/2021:10:16:36 +0800] "GET /xingrg/login.html HTTP/1.1" 200 7641
58.40.7.146 - - [12/May/2021:10:16:36 +0800] "GET /xingrg/images/blue/jxLogo.png HTTP/1.1" 200 6156
58.40.7.146 - - [12/May/2021:10:16:37 +0800] "GET /xingrg/images/blue/login_bg.png HTTP/1.1" 200 22101
58.40.7.146 - - [12/May/2021:10:16:37 +0800] "GET /xingrg/images/blue/hj.png HTTP/1.1" 200 1014
58.40.7.146 - - [12/May/2021:10:16:37 +0800] "GET /xingrg/images/blue/srbg.png HTTP/1.1" 200 138
58.40.7.146 - - [12/May/2021:10:16:37 +0800] "GET /favicon.ico HTTP/1.1" 404 -
180.97.118.221 - - [12/May/2021:10:16:37 +0800] "GET /xingrg/kc/buy/cgsh_order_operate.html?command=get_materiel&rest_code=00141&code=00101008300&supplier_code=00100007&order_time=2021-05-12 HTTP/1.1" 302 -
117.185.32.26 - - [12/May/2021:10:16:38 +0800] "POST /xingrg/kc/buy/cgsh_order_operate.html HTTP/1.1" 200 37
61.165.42.208 - - [12/May/2021:10:16:41 +0800] "POST /xingrg/kc/buy/cgsh_order_operate.html HTTP/1.1" 200 37
58.40.7.146 - - [12/May/2021:10:16:42 +0800] "POST /xingrg/login.do HTTP/1.1" 302 -
58.40.7.146 - - [12/May/2021:10:16:42 +0800] "GET /xingrg/index.html?sysBaseUrl=http%3A%2F%2F180.169.147.146%3A18081%2Fxingrg%2F&costTime=50×tamp=1620785802489 HTTP/1.1" 200 17419
58.40.7.146 - - [12/May/2021:10:16:42 +0800] "GET /xingrg/javascript/jquery_easy_ui/themes/icon.css HTTP/1.1" 200 3949
58.40.7.146 - - [12/May/2021:10:16:42 +0800] "GET /xingrg/javascript/jquery-1.4.2.min.js HTTP/1.1" 200 72205
58.40.7.146 - - [12/May/2021:10:16:42 +0800] "GET /xingrg/css/form.css HTTP/1.1" 200 893
58.40.7.146 - - [12/May/2021:10:16:42 +0800] "GET /xingrg/javascript/jquery_easy_ui/jquery.easyui.min.js HTTP/1.1" 200 213662
58.40.7.146 - - [12/May/2021:10:16:42 +0800] "GET /xingrg/javascript/jquery_easy_ui/easyui-lang-zh_CN.js HTTP/1.1" 200 1900
58.40.7.146 - - [12/May/2021:10:16:42 +0800] "GET /xingrg/javascript/jquery.utils.js HTTP/1.1" 200 11805
58.40.7.146 - - [12/May/2021:10:16:42 +0800] "GET /xingrg/javascript/jquery.timers.js HTTP/1.1" 200 3532
58.40.7.146 - - [12/May/2021:10:16:42 +0800] "GET /xingrg/javascript/jquery_easy_ui/themes/default/easyui.css HTTP/1.1" 200 26500
58.40.7.146 - - [12/May/2021:10:16:42 +0800] "GET /xingrg/javascript/jquery.form.js HTTP/1.1" 200 23110
58.40.7.146 - - [12/May/2021:10:16:42 +0800] "GET /favicon.ico HTTP/1.1" 404 -
58.40.7.146 - - [12/May/2021:10:16:42 +0800] "GET /xingrg/javascript/jquery_easy_ui/themes/icons/settle_new.png HTTP/1.1" 200 826
58.40.7.146 - - [12/May/2021:10:16:42 +0800] "GET /xingrg/images/blue/navBackgound.jpg HTTP/1.1" 200 12378
58.40.7.146 - - [12/May/2021:10:16:42 +0800] "POST /xingrg/all/common/load_tree.html?tree=area_rest_tree_json&manage=1 HTTP/1.1" 200 476
58.40.7.146 - - [12/May/2021:10:16:42 +0800] "GET /xingrg/all/function/internal_message.html?_=1620785801453&CODE_STATE=count HTTP/1.1" 200 11
58.40.7.146 - - [12/May/2021:10:16:42 +0800] "GET /xingrg/check_reg.html?_=1620785801454 HTTP/1.1" 200 22
58.40.7.146 - - [12/May/2021:10:16:42 +0800] "GET /xingrg/images/blue/pingpu.png HTTP/1.1" 200 231
58.40.7.146 - - [12/May/2021:10:16:42 +0800] "GET /xingrg/javascript/jquery_easy_ui/themes/default/images/tabs_leftarrow.png HTTP/1.1" 200 389
58.40.7.146 - - [12/May/2021:10:16:42 +0800] "GET /xingrg/javascript/jquery_easy_ui/themes/default/images/tabs_rightarrow.png HTTP/1.1" 200 395
58.40.7.146 - - [12/May/2021:10:16:42 +0800] "GET /xingrg/javascript/jquery_easy_ui/themes/default/images/panel_tool_expand.gif HTTP/1.1" 200 247
58.40.7.146 - - [12/May/2021:10:16:42 +0800] "GET /xingrg/javascript/jquery_easy_ui/themes/default/images/panel_tool_collapse.gif HTTP/1.1" 200 246
58.40.7.146 - - [12/May/2021:10:16:43 +0800] "POST /xingrg/load_menu.html HTTP/1.1" 200 9959
58.40.7.146 - - [12/May/2021:10:16:43 +0800] "GET /xingrg/javascript/jquery_easy_ui/themes/default/images/tree_arrows.gif HTTP/1.1" 200 1043
58.40.7.146 - - [12/May/2021:10:16:43 +0800] "GET /xingrg/javascript/jquery_easy_ui/themes/default/images/tree_folder_open.gif HTTP/1.1" 200 956
58.40.7.146 - - [12/May/2021:10:16:43 +0800] "GET /xingrg/javascript/jquery_easy_ui/themes/icons/search_new.png HTTP/1.1" 200 586
58.40.7.146 - - [12/May/2021:10:16:43 +0800] "GET /xingrg/javascript/jquery_easy_ui/themes/default/images/tree_folder.gif HTTP/1.1" 200 952
58.40.7.146 - - [12/May/2021:10:16:43 +0800] "GET /xingrg/javascript/jquery_easy_ui/themes/icons/storage_new.png HTTP/1.1" 200 853
58.40.7.146 - - [12/May/2021:10:16:43 +0800] "GET /xingrg/javascript/jquery_easy_ui/themes/icons/checkout_new.png HTTP/1.1" 200 744
58.40.7.146 - - [12/May/2021:10:16:43 +0800] "GET /xingrg/javascript/jquery_easy_ui/themes/icons/forms_new.png HTTP/1.1" 200 350
58.40.7.146 - - [12/May/2021:10:16:43 +0800] "GET /xingrg/javascript/jquery_easy_ui/themes/icons/setting_new.png HTTP/1.1" 200 450
58.40.7.146 - - [12/May/2021:10:16:43 +0800] "GET /xingrg/javascript/jquery_easy_ui/themes/icons/systemset_new.png HTTP/1.1" 200 606
58.40.7.146 - - [12/May/2021:10:16:43 +0800] "GET /xingrg/javascript/jquery_easy_ui/themes/default/images/tree_file.gif HTTP/1.1" 200 118
61.165.42.208 - - [12/May/2021:10:16:43 +0800] "POST /xingrg/kc/buy/cgsh_order_operate.html HTTP/1.1" 200 2657
117.185.32.26 - - [12/May/2021:10:16:43 +0800] "POST /xingrg/kc/buy/cgsh_order_operate.html HTTP/1.1" 200 12
180.97.118.221 - - [12/May/2021:10:16:43 +0800] "GET /xingrg/login.html HTTP/1.1" 200 7641
61.165.42.208 - - [12/May/2021:10:16:44 +0800] "GET /xingrg/kc/print/load_data.html?order_code=212021051205072&kc_code=cgsh&condition= HTTP/1.1" 200 733
58.40.7.146 - - [12/May/2021:10:16:45 +0800] "GET /xingrg/javascript/jquery_easy_ui/themes/default/images/tabs_active.png HTTP/1.1" 200 2894
58.40.7.146 - - [12/May/2021:10:16:46 +0800] "POST /xingrg/load_menu.html HTTP/1.1" 200 9242
58.40.7.146 - - [12/May/2021:10:16:48 +0800] "GET /xingrg/all/report/report_query.html?fileName=dma/new_5.0/yingye/order_list.xml HTTP/1.1" 200 55281
58.40.7.146 - - [12/May/2021:10:16:48 +0800] "GET /xingrg/javascript/jquery_easy_ui/themes/default/images/tabs_close.gif HTTP/1.1" 200 829
61.165.42.208 - - [12/May/2021:10:16:48 +0800] "GET /xingrg/kc/buy/cgsh_order_add.html HTTP/1.1" 200 62076
58.40.7.146 - - [12/May/2021:10:16:48 +0800] "GET /xingrg/javascript/multi_select/jqueryMultiSelect.css HTTP/1.1" 200 951
58.40.7.146 - - [12/May/2021:10:16:48 +0800] "GET /xingrg/css/blue.css HTTP/1.1" 200 15949
58.40.7.146 - - [12/May/2021:10:16:48 +0800] "GET /xingrg/javascript/calendar/timePicker.css HTTP/1.1" 200 523
58.40.7.146 - - [12/May/2021:10:16:48 +0800] "GET /xingrg/javascript/bigrid/fix.css HTTP/1.1" 200 1702
58.40.7.146 - - [12/May/2021:10:16:48 +0800] "GET /xingrg/javascript/pic_change.js HTTP/1.1" 200 4739
58.40.7.146 - - [12/May/2021:10:16:48 +0800] "GET /xingrg/dwr/interface/AjaxReportQueryService.js HTTP/1.1" 200 13203
58.40.7.146 - - [12/May/2021:10:16:48 +0800] "GET /xingrg/javascript/myfunction.js HTTP/1.1" 200 24559
58.40.7.146 - - [12/May/2021:10:16:48 +0800] "GET /xingrg/dwr/util.js HTTP/1.1" 200 35990
58.40.7.146 - - [12/May/2021:10:16:48 +0800] "GET /xingrg/dwr/engine.js HTTP/1.1" 200 43631
58.40.7.146 - - [12/May/2021:10:16:48 +0800] "GET /xingrg/javascript/calendar/jquery.timePicker.min.js HTTP/1.1" 200 2997
58.40.7.146 - - [12/May/2021:10:16:48 +0800] "GET /xingrg/javascript/bigrid/fix.js HTTP/1.1" 200 6439
58.40.7.146 - - [12/May/2021:10:16:48 +0800] "GET /xingrg/javascript/jqueryMultiSelect.js HTTP/1.1" 200 11866
58.40.7.146 - - [12/May/2021:10:16:48 +0800] "GET /xingrg/javascript/Calendar.js HTTP/1.1" 200 31561
58.40.7.146 - - [12/May/2021:10:16:48 +0800] "GET /xingrg/images/blue/button/advanceover.gif HTTP/1.1" 200 1347
58.40.7.146 - - [12/May/2021:10:16:48 +0800] "GET /xingrg/images/blue/button/advance2over.gif HTTP/1.1" 200 1336
58.40.7.146 - - [12/May/2021:10:16:48 +0800] "GET /xingrg/images/blue/button/back2over.gif HTTP/1.1" 200 1335
58.40.7.146 - - [12/May/2021:10:16:48 +0800] "GET /xingrg/images/control/loading.gif HTTP/1.1" 200 13463
58.40.7.146 - - [12/May/2021:10:16:48 +0800] "GET /xingrg/images/blue/button/backover.gif HTTP/1.1" 200 1348
58.40.7.146 - - [12/May/2021:10:16:48 +0800] "GET /xingrg/javascript/jquery_easy_ui/themes/icons/help.png HTTP/1.1" 200 1187
58.40.7.146 - - [12/May/2021:10:16:48 +0800] "GET /xingrg/javascript/jquery_easy_ui/themes/default/images/menu_downarrow.png HTTP/1.1" 200 173
58.40.7.146 - - [12/May/2021:10:16:48 +0800] "GET /xingrg/javascript/jquery_easy_ui/themes/default/images/button_a_bg.gif HTTP/1.1" 200 1194
58.40.7.146 - - [12/May/2021:10:16:48 +0800] "GET /xingrg/javascript/jquery_easy_ui/themes/default/images/menu.gif HTTP/1.1" 200 834
58.40.7.146 - - [12/May/2021:10:16:48 +0800] "GET /xingrg/javascript/jquery_easy_ui/themes/icons/print.png HTTP/1.1" 200 1057
58.40.7.146 - - [12/May/2021:10:16:48 +0800] "GET /xingrg/javascript/jquery_easy_ui/themes/icons/pencil.png HTTP/1.1" 200 713
58.40.7.146 - - [12/May/2021:10:16:48 +0800] "POST /xingrg/dwr/call/plaincall/AjaxReportQueryService.getFixDate.dwr HTTP/1.1" 200 111
58.40.7.146 - - [12/May/2021:10:16:48 +0800] "GET /xingrg/javascript/jquery_easy_ui/themes/default/images/menu_rightarrow.png HTTP/1.1" 200 3617
61.165.42.208 - - [12/May/2021:10:16:48 +0800] "POST /xingrg/kc/buy/cgsh_order_operate.html HTTP/1.1" 200 8245
61.165.42.208 - - [12/May/2021:10:16:48 +0800] "GET /xingrg/javascript/easyui/themes/default/validatebox.css HTTP/1.1" 404 1104
58.40.7.146 - - [12/May/2021:10:16:48 +0800] "GET /xingrg/javascript/jquery_easy_ui/themes/default/images/combo_arrow_dot.gif HTTP/1.1" 200 79
58.40.7.146 - - [12/May/2021:10:16:48 +0800] "POST /xingrg/all/common/load_tree.html?tree=area_station_tree_json&manage=1 HTTP/1.1" 200 468
58.40.7.146 - - [12/May/2021:10:16:48 +0800] "GET /xingrg/javascript/jquery_easy_ui/themes/default/images/tree_checkbox_0.gif HTTP/1.1" 200 168
58.40.7.146 - - [12/May/2021:10:16:48 +0800] "GET /xingrg/javascript/jquery_easy_ui/themes/icons/rest.png HTTP/1.1" 200 695
58.40.7.146 - - [12/May/2021:10:16:48 +0800] "POST /xingrg/dwr/call/plaincall/AjaxReportQueryService.getInitString.dwr HTTP/1.1" 200 76
58.40.7.146 - - [12/May/2021:10:16:48 +0800] "GET /xingrg/javascript/multi_select/dropdown.gif HTTP/1.1" 200 61
58.40.7.146 - - [12/May/2021:10:16:49 +0800] "GET /xingrg/javascript/jquery_easy_ui/themes/icons/area.png HTTP/1.1" 200 262
58.40.7.146 - - [12/May/2021:10:16:49 +0800] "GET /xingrg/javascript/multi_select/dropdown_hover.gif HTTP/1.1" 200 61
117.185.32.26 - - [12/May/2021:10:16:49 +0800] "GET /xingrg/kc/buy/cgsh_order_info.html?code=212021051205071 HTTP/1.1" 200 56937
117.185.32.26 - - [12/May/2021:10:16:50 +0800] "GET /xingrg/javascript/easyui/themes/default/validatebox.css HTTP/1.1" 404 1104
58.40.7.146 - - [12/May/2021:10:16:50 +0800] "GET /xingrg/all/function/internal_message.html?_=1620785809083&CODE_STATE=getMsg HTTP/1.1" 200 27
117.185.32.26 - - [12/May/2021:10:16:50 +0800] "POST /xingrg/kc/buy/cgsh_order_operate.html HTTP/1.1" 200 2985
120.253.135.82 - - [12/May/2021:10:16:51 +0800] "GET /xingrg/check_reg.html?_=1620785871393 HTTP/1.1" 200 22
58.40.7.146 - - [12/May/2021:10:16:51 +0800] "POST /xingrg/dwr/call/plaincall/AjaxReportQueryService.getFixDate.dwr HTTP/1.1" 200 111
117.185.32.26 - - [12/May/2021:10:16:53 +0800] "GET /xingrg/kc/print/load_data.html?order_code=212021051205071&kc_code=cgsh&condition= HTTP/1.1" 200 1646
58.40.7.146 - - [12/May/2021:10:16:53 +0800] "GET /xingrg/javascript/jquery_easy_ui/themes/default/images/tree_checkbox_1.gif HTTP/1.1" 200 174
58.40.7.146 - - [12/May/2021:10:16:53 +0800] "GET /xingrg/javascript/jquery_easy_ui/themes/default/images/tree_checkbox_2.gif HTTP/1.1" 200 181
58.40.7.146 - - [12/May/2021:10:16:53 +0800] "POST /xingrg/dwr/call/plaincall/AjaxReportQueryService.queryInitializeString.dwr HTTP/1.1" 200 76
58.40.7.146 - - [12/May/2021:10:16:54 +0800] "GET /xingrg/javascript/jquery_easy_ui/themes/default/images/button_plain_hover.png HTTP/1.1" 200 252
58.40.7.146 - - [12/May/2021:10:16:55 +0800] "POST /xingrg/dwr/call/plaincall/AjaxReportQueryService.refreshCache.dwr HTTP/1.1" 200 78
180.169.147.146 - - [12/May/2021:10:16:55 +0800] "GET /xingrg/all/function/internal_message.html?_=1620785816135&CODE_STATE=getMsg HTTP/1.1" 200 27
58.40.7.146 - - [12/May/2021:10:16:55 +0800] "POST /xingrg/all/report/load_report_page.html HTTP/1.1" 200 89
117.185.32.26 - - [12/May/2021:10:16:58 +0800] "GET /xingrg/kc/print/load_data.html?order_code=212021051205071&kc_code=cgsh HTTP/1.1" 200 1646
61.165.42.208 - - [12/May/2021:10:16:58 +0800] "GET /xingrg/kc/buy/cgsh_order_operate.html?command=get_materiel&rest_code=00105&code=00101002009&supplier_code=00100088&order_time=2021-05-12 HTTP/1.1" 200 416
180.162.112.86 - - [12/May/2021:10:16:59 +0800] "GET /xingrg/all/function/internal_message.html?_=1620785549672&CODE_STATE=getMsg HTTP/1.1" 200 27
180.162.112.86 - - [12/May/2021:10:16:59 +0800] "GET /xingrg/check_reg.html?_=1620785549769 HTTP/1.1" 200 22
117.185.32.26 - - [12/May/2021:10:17:00 +0800] "GET /xingrg/all/function/internal_message.html?_=1620785818941&CODE_STATE=getMsg HTTP/1.1" 200 27
116.230.76.31 - - [12/May/2021:10:17:03 +0800] "GET /xingrg/check_reg.html?_=1620785816725 HTTP/1.1" 200 22
116.224.253.72 - - [12/May/2021:10:17:06 +0800] "GET /xingrg/all/function/internal_message.html?_=1620785813665&CODE_STATE=getMsg HTTP/1.1" 200 27
180.161.124.236 - - [12/May/2021:10:17:08 +0800] "GET /xingrg/all/function/internal_message.html?_=1620785785814&CODE_STATE=getMsg HTTP/1.1" 200 27
116.224.253.72 - - [12/May/2021:10:17:09 +0800] "GET /xingrg/all/function/internal_message.html?_=1620785828402&CODE_STATE=getMsg HTTP/1.1" 200 27
120.253.135.82 - - [12/May/2021:10:17:12 +0800] "GET /xingrg/all/function/internal_message.html?_=1620785892842&CODE_STATE=getMsg HTTP/1.1" 200 27
116.230.76.31 - - [12/May/2021:10:17:13 +0800] "GET /xingrg/all/function/internal_message.html?_=1620785826600&CODE_STATE=getMsg HTTP/1.1" 200 27
58.37.228.113 - - [12/May/2021:10:17:20 +0800] "GET /xingrg/all/function/internal_message.html?_=1620785841797&CODE_STATE=getMsg HTTP/1.1" 200 27
61.165.42.208 - - [12/May/2021:10:17:20 +0800] "GET /xingrg/all/function/internal_message.html?_=1620785840189&CODE_STATE=getMsg HTTP/1.1" 200 27
116.224.253.72 - - [12/May/2021:10:17:21 +0800] "POST /xingrg/services/DataTransmitService HTTP/1.1" 200 524
116.224.253.72 - - [12/May/2021:10:17:29 +0800] "POST /xingrg/services/DataTransmitService HTTP/1.1" 200 501
116.224.253.72 - - [12/May/2021:10:17:29 +0800] "POST /xingrg/services/DataTransmitService HTTP/1.1" 200 501
120.253.135.82 - - [12/May/2021:10:17:29 +0800] "GET /xingrg/all/function/internal_message.html?_=1620785629815&CODE_STATE=getMsg HTTP/1.1" 200 27
116.230.114.112 - - [12/May/2021:10:17:29 +0800] "GET /xingrg/all/function/internal_message.html?_=1620785857938&CODE_STATE=getMsg HTTP/1.1" 200 27
116.224.253.72 - - [12/May/2021:10:17:30 +0800] "POST /xingrg/services/DataTransmitService HTTP/1.1" 200 501
116.224.253.72 - - [12/May/2021:10:17:32 +0800] "POST /xingrg/services/DataTransmitService HTTP/1.1" 200 501
116.224.253.72 - - [12/May/2021:10:17:32 +0800] "POST /xingrg/services/DataTransmitService HTTP/1.1" 200 501
116.224.253.72 - - [12/May/2021:10:17:32 +0800] "POST /xingrg/services/DataTransmitService HTTP/1.1" 200 501
116.224.253.72 - - [12/May/2021:10:17:32 +0800] "POST /xingrg/services/DataTransmitService HTTP/1.1" 200 501
116.224.253.72 - - [12/May/2021:10:17:32 +0800] "POST /xingrg/services/DataTransmitService HTTP/1.1" 200 501
116.224.253.72 - - [12/May/2021:10:17:33 +0800] "POST /xingrg/services/DataTransmitService HTTP/1.1" 200 501
116.233.74.48 - - [12/May/2021:10:17:34 +0800] "GET /xingrg/all/function/internal_message.html?_=1620785852808&CODE_STATE=getMsg HTTP/1.1" 200 27
116.224.253.72 - - [12/May/2021:10:17:34 +0800] "POST /xingrg/services/DataTransmitService HTTP/1.1" 200 412
58.40.7.146 - - [12/May/2021:10:17:42 +0800] "GET /xingrg/all/function/internal_message.html?_=1620785861459&CODE_STATE=getMsg HTTP/1.1" 200 27
61.165.42.208 - - [12/May/2021:10:17:47 +0800] "GET /xingrg/kc/buy/cgsh_order_operate.html?command=get_materiel&rest_code=00105&code=00101002035&supplier_code=00100088&order_time=2021-05-12 HTTP/1.1" 200 416
58.40.7.146 - - [12/May/2021:10:17:50 +0800] "GET /xingrg/all/function/internal_message.html?_=1620785869088&CODE_STATE=getMsg HTTP/1.1" 200 27
180.169.147.146 - - [12/May/2021:10:17:55 +0800] "GET /xingrg/all/function/internal_message.html?_=1620785876122&CODE_STATE=getMsg HTTP/1.1" 200 27
58.40.7.146 - - [12/May/2021:10:17:58 +0800] "POST /xingrg/dwr/call/plaincall/AjaxReportQueryService.refreshCache.dwr HTTP/1.1" 200 78
58.40.7.146 - - [12/May/2021:10:17:59 +0800] "POST /xingrg/all/report/load_report_page.html HTTP/1.1" 200 197099
58.40.7.146 - - [12/May/2021:10:17:59 +0800] "GET /xingrg/servlets/image?cache=0.5035492984414373&image=px HTTP/1.1" 200 807
180.162.112.86 - - [12/May/2021:10:17:59 +0800] "GET /xingrg/all/function/internal_message.html?_=1620785609676&CODE_STATE=getMsg HTTP/1.1" 200 27
117.185.32.26 - - [12/May/2021:10:18:00 +0800] "GET /xingrg/check_reg.html?_=1620785878948 HTTP/1.1" 200 22
117.185.32.26 - - [12/May/2021:10:18:00 +0800] "GET /xingrg/all/function/internal_message.html?_=1620785878952&CODE_STATE=getMsg HTTP/1.1" 200 27
116.224.253.72 - - [12/May/2021:10:18:06 +0800] "GET /xingrg/all/function/internal_message.html?_=1620785873711&CODE_STATE=getMsg HTTP/1.1" 200 27
180.161.124.236 - - [12/May/2021:10:18:08 +0800] "GET /xingrg/all/function/internal_message.html?_=1620785845884&CODE_STATE=getMsg HTTP/1.1" 200 27
116.224.253.72 - - [12/May/2021:10:18:09 +0800] "GET /xingrg/all/function/internal_message.html?_=1620785888400&CODE_STATE=getMsg HTTP/1.1" 200 27
120.253.135.82 - - [12/May/2021:10:18:12 +0800] "GET /xingrg/all/function/internal_message.html?_=1620785952854&CODE_STATE=getMsg HTTP/1.1" 200 27
116.230.76.31 - - [12/May/2021:10:18:13 +0800] "GET /xingrg/all/function/internal_message.html?_=1620785886585&CODE_STATE=getMsg HTTP/1.1" 200 27
58.37.228.113 - - [12/May/2021:10:18:20 +0800] "GET /xingrg/all/function/internal_message.html?_=1620785901787&CODE_STATE=getMsg HTTP/1.1" 200 27
61.165.42.208 - - [12/May/2021:10:18:20 +0800] "GET /xingrg/all/function/internal_message.html?_=1620785900238&CODE_STATE=getMsg HTTP/1.1" 200 27
61.165.42.208 - - [12/May/2021:10:18:24 +0800] "POST /xingrg/kc/buy/cgsh_order_operate.html HTTP/1.1" 200 37
61.165.42.208 - - [12/May/2021:10:18:25 +0800] "POST /xingrg/kc/buy/cgsh_order_operate.html HTTP/1.1" 200 3263
120.253.135.82 - - [12/May/2021:10:18:29 +0800] "GET /xingrg/all/function/internal_message.html?_=1620785689822&CODE_STATE=getMsg HTTP/1.1" 200 27
116.230.114.112 - - [12/May/2021:10:18:29 +0800] "GET /xingrg/all/function/internal_message.html?_=1620785917949&CODE_STATE=getMsg HTTP/1.1" 200 27
116.233.74.48 - - [12/May/2021:10:18:34 +0800] "GET /xingrg/all/function/internal_message.html?_=1620785912811&CODE_STATE=getMsg HTTP/1.1" 200 27
58.40.7.146 - - [12/May/2021:10:18:42 +0800] "GET /xingrg/all/function/internal_message.html?_=1620785921479&CODE_STATE=getMsg HTTP/1.1" 200 27
58.40.7.146 - - [12/May/2021:10:18:50 +0800] "GET /xingrg/all/function/internal_message.html?_=1620785929091&CODE_STATE=getMsg HTTP/1.1" 200 27
180.169.147.146 - - [12/May/2021:10:18:55 +0800] "GET /xingrg/all/function/internal_message.html?_=1620785936139&CODE_STATE=getMsg HTTP/1.1" 200 27
61.165.42.208 - - [12/May/2021:10:18:57 +0800] "POST /xingrg/kc/buy/cgsh_order_operate.html HTTP/1.1" 200 37
61.165.42.208 - - [12/May/2021:10:18:58 +0800] "POST /xingrg/kc/buy/cgsh_order_operate.html HTTP/1.1" 200 3263
180.162.112.86 - - [12/May/2021:10:18:59 +0800] "GET /xingrg/all/function/internal_message.html?_=1620785669681&CODE_STATE=getMsg HTTP/1.1" 200 27
61.165.42.208 - - [12/May/2021:10:19:00 +0800] "GET /xingrg/kc/print/load_data.html?order_code=212021051205073&kc_code=cgsh&condition= HTTP/1.1" 200 982
117.185.32.26 - - [12/May/2021:10:19:00 +0800] "GET /xingrg/all/function/internal_message.html?_=1620785938937&CODE_STATE=getMsg HTTP/1.1" 200 27
116.224.253.72 - - [12/May/2021:10:19:06 +0800] "GET /xingrg/all/function/internal_message.html?_=1620785933723&CODE_STATE=getMsg HTTP/1.1" 200 27
180.161.124.236 - - [12/May/2021:10:19:08 +0800] "GET /xingrg/all/function/internal_message.html?_=1620785905887&CODE_STATE=getMsg HTTP/1.1" 200 27
116.224.253.72 - - [12/May/2021:10:19:09 +0800] "GET /xingrg/all/function/internal_message.html?_=1620785948399&CODE_STATE=getMsg HTTP/1.1" 200 27
116.224.253.72 - - [12/May/2021:10:19:09 +0800] "GET /xingrg/check_reg.html?_=1620785948400 HTTP/1.1" 200 22
120.253.135.82 - - [12/May/2021:10:19:12 +0800] "GET /xingrg/all/function/internal_message.html?_=1620786012888&CODE_STATE=getMsg HTTP/1.1" 200 27
116.230.76.31 - - [12/May/2021:10:19:13 +0800] "GET /xingrg/all/function/internal_message.html?_=1620785946571&CODE_STATE=getMsg HTTP/1.1" 200 27
58.37.228.113 - - [12/May/2021:10:19:20 +0800] "GET /xingrg/all/function/internal_message.html?_=1620785961794&CODE_STATE=getMsg HTTP/1.1" 200 27
61.165.42.208 - - [12/May/2021:10:19:20 +0800] "GET /xingrg/all/function/internal_message.html?_=1620785960201&CODE_STATE=getMsg HTTP/1.1" 200 27
61.165.42.208 - - [12/May/2021:10:19:26 +0800] "GET /xingrg/kc/buy/cgsh_order_add.html HTTP/1.1" 200 62076
61.165.42.208 - - [12/May/2021:10:19:26 +0800] "POST /xingrg/kc/buy/cgsh_order_operate.html HTTP/1.1" 200 8245
61.165.42.208 - - [12/May/2021:10:19:26 +0800] "GET /xingrg/javascript/easyui/themes/default/validatebox.css HTTP/1.1" 404 1104
120.253.135.82 - - [12/May/2021:10:19:29 +0800] "GET /xingrg/check_reg.html?_=1620785749655 HTTP/1.1" 200 22
120.253.135.82 - - [12/May/2021:10:19:29 +0800] "GET /xingrg/all/function/internal_message.html?_=1620785749836&CODE_STATE=getMsg HTTP/1.1" 200 27
116.230.114.112 - - [12/May/2021:10:19:29 +0800] "GET /xingrg/all/function/internal_message.html?_=1620785977997&CODE_STATE=getMsg HTTP/1.1" 200 27
116.233.74.48 - - [12/May/2021:10:19:34 +0800] "GET /xingrg/all/function/internal_message.html?_=1620785972813&CODE_STATE=getMsg HTTP/1.1" 200 27
116.233.75.209 - - [12/May/2021:10:19:34 +0800] "GET /xingrg/check_reg.html?_=1620785972814 HTTP/1.1" 200 22
61.165.42.208 - - [12/May/2021:10:19:40 +0800] "GET /xingrg/kc/buy/cgsh_order_operate.html?command=get_materiel&rest_code=00105&code=00101007032&supplier_code=00100328&order_time=2021-05-12 HTTP/1.1" 200 413
58.40.7.146 - - [12/May/2021:10:19:42 +0800] "GET /xingrg/all/function/internal_message.html?_=1620785981473&CODE_STATE=getMsg HTTP/1.1" 200 27
61.165.42.208 - - [12/May/2021:10:19:49 +0800] "POST /xingrg/kc/buy/cgsh_order_operate.html HTTP/1.1" 200 37
61.165.42.208 - - [12/May/2021:10:19:50 +0800] "POST /xingrg/kc/buy/cgsh_order_operate.html HTTP/1.1" 200 2658
58.40.7.146 - - [12/May/2021:10:19:50 +0800] "GET /xingrg/check_reg.html?_=1620785989097 HTTP/1.1" 200 22
58.40.7.146 - - [12/May/2021:10:19:50 +0800] "GET /xingrg/all/function/internal_message.html?_=1620785989099&CODE_STATE=getMsg HTTP/1.1" 200 27
61.165.42.208 - - [12/May/2021:10:19:51 +0800] "GET /xingrg/kc/print/load_data.html?order_code=212021051205074&kc_code=cgsh&condition= HTTP/1.1" 200 671
180.169.147.146 - - [12/May/2021:10:19:55 +0800] "GET /xingrg/check_reg.html?_=1620785996126 HTTP/1.1" 200 22
180.169.147.146 - - [12/May/2021:10:19:55 +0800] "GET /xingrg/all/function/internal_message.html?_=1620785996130&CODE_STATE=getMsg HTTP/1.1" 200 27
61.165.42.208 - - [12/May/2021:10:19:55 +0800] "GET /xingrg/kc/buy/cgsh_order_add.html HTTP/1.1" 200 62076
61.165.42.208 - - [12/May/2021:10:19:55 +0800] "POST /xingrg/kc/buy/cgsh_order_operate.html HTTP/1.1" 200 8245
61.165.42.208 - - [12/May/2021:10:19:56 +0800] "GET /xingrg/javascript/easyui/themes/default/validatebox.css HTTP/1.1" 404 1104
180.162.112.86 - - [12/May/2021:10:19:59 +0800] "GET /xingrg/all/function/internal_message.html?_=1620785729681&CODE_STATE=getMsg HTTP/1.1" 200 27
117.185.32.26 - - [12/May/2021:10:20:00 +0800] "GET /xingrg/all/function/internal_message.html?_=1620785998935&CODE_STATE=getMsg HTTP/1.1" 200 27
116.224.253.72 - - [12/May/2021:10:20:04 +0800] "GET /xingrg/check_reg.html?_=1620785992368 HTTP/1.1" 200 22
120.204.17.73 - - [12/May/2021:10:20:04 +0800] "GET /xingrg/all/function/internal_message.html?_=1620785938937&CODE_STATE=getMsg HTTP/1.1" 302 -
116.224.253.72 - - [12/May/2021:10:20:06 +0800] "GET /xingrg/all/function/internal_message.html?_=1620785993736&CODE_STATE=getMsg HTTP/1.1" 200 27
120.204.17.73 - - [12/May/2021:10:20:06 +0800] "GET /xingrg/login.html HTTP/1.1" 200 7641
58.221.95.50 - - [12/May/2021:10:20:07 +0800] "GET /xingrg/check_reg.html?_=1620786006507 HTTP/1.1" 302 -
61.165.42.208 - - [12/May/2021:10:20:07 +0800] "GET /xingrg/kc/buy/cgsh_order_operate.html?command=get_materiel&rest_code=00105&code=00101007057&supplier_code=00100323&order_time=2021-05-12 HTTP/1.1" 200 413
180.161.124.236 - - [12/May/2021:10:20:08 +0800] "GET /xingrg/check_reg.html?_=1620785965411 HTTP/1.1" 200 22
180.161.124.236 - - [12/May/2021:10:20:08 +0800] "GET /xingrg/all/function/internal_message.html?_=1620785965908&CODE_STATE=getMsg HTTP/1.1" 200 27
116.224.253.72 - - [12/May/2021:10:20:09 +0800] "GET /xingrg/all/function/internal_message.html?_=1620786008400&CODE_STATE=getMsg HTTP/1.1" 200 27
120.253.135.82 - - [12/May/2021:10:20:12 +0800] "GET /xingrg/all/function/internal_message.html?_=1620786072897&CODE_STATE=getMsg HTTP/1.1" 200 27
116.230.76.31 - - [12/May/2021:10:20:13 +0800] "GET /xingrg/all/function/internal_message.html?_=1620786006558&CODE_STATE=getMsg HTTP/1.1" 200 27
61.165.42.208 - - [12/May/2021:10:20:18 +0800] "GET /xingrg/kc/buy/cgsh_order_operate.html?command=get_materiel&rest_code=00105&code=00101010589&supplier_code=00100323&order_time=2021-05-12 HTTP/1.1" 200 399
58.37.228.113 - - [12/May/2021:10:20:20 +0800] "GET /xingrg/check_reg.html?_=1620786021795 HTTP/1.1" 200 22
58.37.228.113 - - [12/May/2021:10:20:20 +0800] "GET /xingrg/all/function/internal_message.html?_=1620786021797&CODE_STATE=getMsg HTTP/1.1" 200 27
61.165.42.208 - - [12/May/2021:10:20:20 +0800] "GET /xingrg/all/function/internal_message.html?_=1620786020201&CODE_STATE=getMsg HTTP/1.1" 200 27
61.165.42.208 - - [12/May/2021:10:20:20 +0800] "GET /xingrg/check_reg.html?_=1620786020203 HTTP/1.1" 200 22
116.230.114.112 - - [12/May/2021:10:20:21 +0800] "GET /xingrg/check_reg.html?_=1620786029180 HTTP/1.1" 200 22
61.165.42.208 - - [12/May/2021:10:20:27 +0800] "GET /xingrg/kc/buy/cgsh_order_operate.html?command=get_materiel&rest_code=00105&code=00101001079&supplier_code=00100323&order_time=2021-05-12 HTTP/1.1" 200 415
120.253.135.82 - - [12/May/2021:10:20:29 +0800] "GET /xingrg/all/function/internal_message.html?_=1620785809849&CODE_STATE=getMsg HTTP/1.1" 200 27
116.230.114.112 - - [12/May/2021:10:20:29 +0800] "GET /xingrg/all/function/internal_message.html?_=1620786038008&CODE_STATE=getMsg HTTP/1.1" 200 27
116.233.75.209 - - [12/May/2021:10:20:34 +0800] "GET /xingrg/all/function/internal_message.html?_=1620786032816&CODE_STATE=getMsg HTTP/1.1" 200 27
58.40.7.146 - - [12/May/2021:10:20:42 +0800] "GET /xingrg/all/function/internal_message.html?_=1620786041464&CODE_STATE=getMsg HTTP/1.1" 200 27
183.192.164.214 - - [12/May/2021:10:20:44 +0800] "GET /xingrg/kc/buy/cgsh_order_operate.html?command=get_materiel&rest_code=00106&code=00101009003&supplier_code=00100022&order_time=2021-05-12 HTTP/1.1" 302 -
183.192.164.214 - - [12/May/2021:10:20:47 +0800] "GET /xingrg/login.html HTTP/1.1" 200 7641
61.165.42.208 - - [12/May/2021:10:20:48 +0800] "GET /xingrg/kc/buy/cgsh_order_operate.html?command=get_materiel&rest_code=00105&code=00101006060&supplier_code=00100323&order_time=2021-05-12 HTTP/1.1" 200 409
58.40.7.146 - - [12/May/2021:10:20:50 +0800] "GET /xingrg/all/function/internal_message.html?_=1620786049091&CODE_STATE=getMsg HTTP/1.1" 200 27
180.169.147.146 - - [12/May/2021:10:20:55 +0800] "GET /xingrg/all/function/internal_message.html?_=1620786056130&CODE_STATE=getMsg HTTP/1.1" 200 27
101.89.29.94 - - [12/May/2021:10:20:58 +0800] "GET /xingrg/all/function/internal_message.html?_=1620785781868&CODE_STATE=getMsg HTTP/1.1" 302 -
180.162.112.86 - - [12/May/2021:10:20:59 +0800] "GET /xingrg/all/function/internal_message.html?_=1620785789682&CODE_STATE=getMsg HTTP/1.1" 200 27
117.185.32.26 - - [12/May/2021:10:21:00 +0800] "GET /xingrg/all/function/internal_message.html?_=1620786058950&CODE_STATE=getMsg HTTP/1.1" 200 27
101.89.29.94 - - [12/May/2021:10:21:05 +0800] "GET /xingrg/login.html HTTP/1.1" 200 7641
116.224.253.72 - - [12/May/2021:10:21:06 +0800] "GET /xingrg/all/function/internal_message.html?_=1620786053749&CODE_STATE=getMsg HTTP/1.1" 200 27
180.161.124.236 - - [12/May/2021:10:21:08 +0800] "GET /xingrg/all/function/internal_message.html?_=1620786025920&CODE_STATE=getMsg HTTP/1.1" 200 27
116.224.253.72 - - [12/May/2021:10:21:09 +0800] "GET /xingrg/all/function/internal_message.html?_=1620786068425&CODE_STATE=getMsg HTTP/1.1" 200 27
61.165.42.208 - - [12/May/2021:10:21:10 +0800] "GET /xingrg/kc/buy/cgsh_order_operate.html?command=get_materiel&rest_code=00105&code=00101013145&supplier_code=00100323&order_time=2021-05-12 HTTP/1.1" 200 409
120.253.135.82 - - [12/May/2021:10:21:12 +0800] "GET /xingrg/all/function/internal_message.html?_=1620786132932&CODE_STATE=getMsg HTTP/1.1" 200 27
116.230.76.31 - - [12/May/2021:10:21:13 +0800] "GET /xingrg/all/function/internal_message.html?_=1620786066526&CODE_STATE=getMsg HTTP/1.1" 200 27
58.37.228.113 - - [12/May/2021:10:21:20 +0800] "GET /xingrg/all/function/internal_message.html?_=1620786081787&CODE_STATE=getMsg HTTP/1.1" 200 27
61.165.42.208 - - [12/May/2021:10:21:20 +0800] "GET /xingrg/all/function/internal_message.html?_=1620786080240&CODE_STATE=getMsg HTTP/1.1" 200 27
61.129.6.151 - - [12/May/2021:10:21:21 +0800] "GET /xingrg/all/function/internal_message.html?_=1620786021797&CODE_STATE=getMsg HTTP/1.1" 302 -
61.129.6.151 - - [12/May/2021:10:21:22 +0800] "GET /xingrg/login.html HTTP/1.1" 200 7641
120.253.135.82 - - [12/May/2021:10:21:29 +0800] "GET /xingrg/all/function/internal_message.html?_=1620785869863&CODE_STATE=getMsg HTTP/1.1" 200 27
116.230.114.112 - - [12/May/2021:10:21:29 +0800] "GET /xingrg/all/function/internal_message.html?_=1620786098022&CODE_STATE=getMsg HTTP/1.1" 200 27
116.233.75.209 - - [12/May/2021:10:21:34 +0800] "GET /xingrg/all/function/internal_message.html?_=1620786092821&CODE_STATE=getMsg HTTP/1.1" 200 27
58.40.7.146 - - [12/May/2021:10:21:42 +0800] "GET /xingrg/check_reg.html?_=1620786101478 HTTP/1.1" 200 22
58.40.7.146 - - [12/May/2021:10:21:42 +0800] "GET /xingrg/all/function/internal_message.html?_=1620786101480&CODE_STATE=getMsg HTTP/1.1" 200 27
116.230.110.80 - - [12/May/2021:10:21:45 +0800] "GET /xingrg/login.html HTTP/1.1" 200 7641
116.230.110.80 - - [12/May/2021:10:21:45 +0800] "GET /favicon.ico HTTP/1.1" 404 -
58.40.7.146 - - [12/May/2021:10:21:50 +0800] "GET /xingrg/all/function/internal_message.html?_=1620786109095&CODE_STATE=getMsg HTTP/1.1" 200 27
120.253.135.82 - - [12/May/2021:10:21:51 +0800] "GET /xingrg/check_reg.html?_=1620786171404 HTTP/1.1" 200 22
180.169.147.146 - - [12/May/2021:10:21:55 +0800] "GET /xingrg/all/function/internal_message.html?_=1620786116135&CODE_STATE=getMsg HTTP/1.1" 200 27
61.165.42.208 - - [12/May/2021:10:21:59 +0800] "GET /xingrg/kc/buy/cgsh_order_operate.html?command=get_materiel&rest_code=00105&code=00101012072&supplier_code=00100323&order_time=2021-05-12 HTTP/1.1" 200 391
180.162.112.86 - - [12/May/2021:10:21:59 +0800] "GET /xingrg/all/function/internal_message.html?_=1620785849682&CODE_STATE=getMsg HTTP/1.1" 200 27
180.162.112.86 - - [12/May/2021:10:21:59 +0800] "GET /xingrg/check_reg.html?_=1620785849746 HTTP/1.1" 200 22
117.185.32.26 - - [12/May/2021:10:22:00 +0800] "GET /xingrg/all/function/internal_message.html?_=1620786118935&CODE_STATE=getMsg HTTP/1.1" 200 27
116.230.76.31 - - [12/May/2021:10:22:03 +0800] "GET /xingrg/check_reg.html?_=1620786116715 HTTP/1.1" 200 22
116.230.110.80 - - [12/May/2021:10:22:04 +0800] "POST /xingrg/login.do HTTP/1.1" 302 -
116.230.110.80 - - [12/May/2021:10:22:04 +0800] "GET /xingrg/index.html?sysBaseUrl=http%3A%2F%2F180.169.147.146%3A18081%2Fxingrg%2F&costTime=45×tamp=1620786124460 HTTP/1.1" 200 17179
116.230.110.80 - - [12/May/2021:10:22:04 +0800] "GET /favicon.ico HTTP/1.1" 404 -
116.230.110.80 - - [12/May/2021:10:22:04 +0800] "POST /xingrg/all/common/load_tree.html?tree=area_rest_tree_json&manage=1 HTTP/1.1" 200 351
116.230.110.80 - - [12/May/2021:10:22:04 +0800] "GET /xingrg/all/function/internal_message.html?_=1620786122619&CODE_STATE=count HTTP/1.1" 200 11
116.230.110.80 - - [12/May/2021:10:22:04 +0800] "GET /xingrg/check_reg.html?_=1620786122619 HTTP/1.1" 200 22
116.230.110.80 - - [12/May/2021:10:22:05 +0800] "POST /xingrg/load_menu.html HTTP/1.1" 200 5138
116.224.253.72 - - [12/May/2021:10:22:06 +0800] "GET /xingrg/all/function/internal_message.html?_=1620786113763&CODE_STATE=getMsg HTTP/1.1" 200 27
180.161.124.236 - - [12/May/2021:10:22:08 +0800] "GET /xingrg/all/function/internal_message.html?_=1620786085928&CODE_STATE=getMsg HTTP/1.1" 200 27
116.224.253.72 - - [12/May/2021:10:22:09 +0800] "GET /xingrg/all/function/internal_message.html?_=1620786128430&CODE_STATE=getMsg HTTP/1.1" 200 27
61.165.42.208 - - [12/May/2021:10:22:09 +0800] "GET /xingrg/kc/buy/cgsh_order_operate.html?command=get_materiel&rest_code=00105&code=00101010001&supplier_code=00100323&order_time=2021-05-12 HTTP/1.1" 200 416
120.253.135.82 - - [12/May/2021:10:22:12 +0800] "GET /xingrg/all/function/internal_message.html?_=1620786192941&CODE_STATE=getMsg HTTP/1.1" 200 27
116.230.76.31 - - [12/May/2021:10:22:13 +0800] "GET /xingrg/all/function/internal_message.html?_=1620786126498&CODE_STATE=getMsg HTTP/1.1" 200 27
61.165.42.208 - - [12/May/2021:10:22:18 +0800] "GET /xingrg/kc/buy/cgsh_order_operate.html?command=get_materiel&rest_code=00105&code=00101016128&supplier_code=00100323&order_time=2021-05-12 HTTP/1.1" 200 414
58.37.228.113 - - [12/May/2021:10:22:20 +0800] "GET /xingrg/all/function/internal_message.html?_=1620786141814&CODE_STATE=getMsg HTTP/1.1" 200 27
61.165.42.208 - - [12/May/2021:10:22:20 +0800] "GET /xingrg/all/function/internal_message.html?_=1620786140208&CODE_STATE=getMsg HTTP/1.1" 200 27
61.165.42.208 - - [12/May/2021:10:22:27 +0800] "GET /xingrg/kc/buy/cgsh_order_operate.html?command=get_materiel&rest_code=00105&code=00101012010&supplier_code=00100323&order_time=2021-05-12 HTTP/1.1" 200 409
120.253.135.82 - - [12/May/2021:10:22:29 +0800] "GET /xingrg/all/function/internal_message.html?_=1620785929881&CODE_STATE=getMsg HTTP/1.1" 200 27
116.230.114.112 - - [12/May/2021:10:22:29 +0800] "GET /xingrg/all/function/internal_message.html?_=1620786158080&CODE_STATE=getMsg HTTP/1.1" 200 27
61.129.6.151 - - [12/May/2021:10:22:30 +0800] "GET /xingrg/all/function/internal_message.html?_=1620786081787&CODE_STATE=getMsg HTTP/1.1" 302 -
116.233.75.209 - - [12/May/2021:10:22:34 +0800] "GET /xingrg/all/function/internal_message.html?_=1620786152824&CODE_STATE=getMsg HTTP/1.1" 200 27
61.129.6.151 - - [12/May/2021:10:22:34 +0800] "GET /xingrg/login.html HTTP/1.1" 200 7641
116.230.76.31 - - [12/May/2021:10:22:36 +0800] "GET /xingrg/kc/buy/cgsh_order_add.html HTTP/1.1" 200 62117
116.230.76.31 - - [12/May/2021:10:22:37 +0800] "POST /xingrg/kc/buy/cgsh_order_operate.html HTTP/1.1" 200 8245
116.230.76.31 - - [12/May/2021:10:22:37 +0800] "GET /xingrg/javascript/easyui/themes/default/validatebox.css HTTP/1.1" 404 1104
61.165.42.208 - - [12/May/2021:10:22:38 +0800] "POST /xingrg/kc/buy/cgsh_order_operate.html HTTP/1.1" 200 37
116.230.76.31 - - [12/May/2021:10:22:40 +0800] "GET /xingrg/javascript/easyui/themes/default/tree.css HTTP/1.1" 404 1090
116.230.76.31 - - [12/May/2021:10:22:40 +0800] "POST /xingrg/all/common/load_tree.html?tree=supplier_tree_json&isDelete=1 HTTP/1.1" 200 55318
61.165.42.208 - - [12/May/2021:10:22:41 +0800] "POST /xingrg/kc/buy/cgsh_order_operate.html HTTP/1.1" 200 5625
58.40.7.146 - - [12/May/2021:10:22:42 +0800] "GET /xingrg/all/function/internal_message.html?_=1620786161477&CODE_STATE=getMsg HTTP/1.1" 200 27
61.165.42.208 - - [12/May/2021:10:22:43 +0800] "GET /xingrg/kc/print/load_data.html?order_code=212021051205075&kc_code=cgsh&condition= HTTP/1.1" 200 1796
58.40.7.146 - - [12/May/2021:10:22:50 +0800] "GET /xingrg/all/function/internal_message.html?_=1620786169081&CODE_STATE=getMsg HTTP/1.1" 200 27
180.169.147.146 - - [12/May/2021:10:22:55 +0800] "GET /xingrg/all/function/internal_message.html?_=1620786176137&CODE_STATE=getMsg HTTP/1.1" 200 27
116.230.76.31 - - [12/May/2021:10:22:58 +0800] "GET /xingrg/kc/buy/cgsh_order_operate.html?command=get_materiel&rest_code=00107&code=00101006001&supplier_code=00100404&order_time=2021-05-12 HTTP/1.1" 200 428
117.185.32.26 - - [12/May/2021:10:23:00 +0800] "GET /xingrg/all/function/internal_message.html?_=1620786178950&CODE_STATE=getMsg HTTP/1.1" 200 27
117.185.32.26 - - [12/May/2021:10:23:00 +0800] "GET /xingrg/check_reg.html?_=1620786178952 HTTP/1.1" 200 22
116.230.110.80 - - [12/May/2021:10:23:05 +0800] "GET /xingrg/all/function/internal_message.html?_=1620786182628&CODE_STATE=getMsg HTTP/1.1" 200 27
180.161.124.236 - - [12/May/2021:10:23:08 +0800] "GET /xingrg/all/function/internal_message.html?_=1620786145999&CODE_STATE=getMsg HTTP/1.1" 200 27
116.224.253.72 - - [12/May/2021:10:23:09 +0800] "GET /xingrg/all/function/internal_message.html?_=1620786188435&CODE_STATE=getMsg HTTP/1.1" 200 27
116.230.117.165 - - [12/May/2021:10:23:09 +0800] "POST /xingrg/services/DataTransmitService HTTP/1.1" 200 524
61.165.42.208 - - [12/May/2021:10:23:09 +0800] "GET /favicon.ico HTTP/1.1" 404 -
116.230.117.165 - - [12/May/2021:10:23:09 +0800] "POST /xingrg/services/DataTransmitService HTTP/1.1" 200 501
116.230.76.31 - - [12/May/2021:10:23:12 +0800] "POST /xingrg/kc/buy/cgsh_order_operate.html HTTP/1.1" 200 37
120.253.135.82 - - [12/May/2021:10:23:12 +0800] "GET /xingrg/all/function/internal_message.html?_=1620786252954&CODE_STATE=getMsg HTTP/1.1" 200 27
116.230.76.31 - - [12/May/2021:10:23:13 +0800] "GET /xingrg/all/function/internal_message.html?_=1620786186474&CODE_STATE=getMsg HTTP/1.1" 200 27
116.230.76.31 - - [12/May/2021:10:23:13 +0800] "POST /xingrg/kc/buy/cgsh_order_operate.html HTTP/1.1" 200 2675
116.230.76.31 - - [12/May/2021:10:23:15 +0800] "GET /xingrg/kc/print/load_data.html?order_code=212021051205076&kc_code=cgsh&condition= HTTP/1.1" 200 706
61.165.42.208 - - [12/May/2021:10:23:18 +0800] "GET /xingrg/kc/buy/cgsh_order_add.html HTTP/1.1" 200 62076
61.165.42.208 - - [12/May/2021:10:23:19 +0800] "POST /xingrg/kc/buy/cgsh_order_operate.html HTTP/1.1" 200 8245
61.165.42.208 - - [12/May/2021:10:23:19 +0800] "GET /xingrg/javascript/easyui/themes/default/validatebox.css HTTP/1.1" 404 1104
58.37.228.113 - - [12/May/2021:10:23:20 +0800] "GET /xingrg/all/function/internal_message.html?_=1620786201817&CODE_STATE=getMsg HTTP/1.1" 200 27
61.165.42.208 - - [12/May/2021:10:23:20 +0800] "GET /xingrg/all/function/internal_message.html?_=1620786200199&CODE_STATE=getMsg HTTP/1.1" 200 27
116.230.76.31 - - [12/May/2021:10:23:21 +0800] "GET /xingrg/kc/buy/cgsh_order_add.html HTTP/1.1" 200 62117
116.230.76.31 - - [12/May/2021:10:23:21 +0800] "GET /xingrg/javascript/easyui/themes/default/validatebox.css HTTP/1.1" 404 1104
116.230.76.31 - - [12/May/2021:10:23:21 +0800] "POST /xingrg/kc/buy/cgsh_order_operate.html HTTP/1.1" 200 8245
116.230.76.31 - - [12/May/2021:10:23:22 +0800] "GET /xingrg/javascript/easyui/themes/default/tree.css HTTP/1.1" 404 1090
116.230.76.31 - - [12/May/2021:10:23:23 +0800] "POST /xingrg/all/common/load_tree.html?tree=supplier_tree_json&isDelete=1 HTTP/1.1" 200 55318
120.253.135.82 - - [12/May/2021:10:23:29 +0800] "GET /xingrg/all/function/internal_message.html?_=1620785989891&CODE_STATE=getMsg HTTP/1.1" 200 27
61.165.42.208 - - [12/May/2021:10:23:29 +0800] "GET /xingrg/kc/buy/cgsh_order_operate.html?command=get_materiel&rest_code=00105&code=00101007144&supplier_code=00100322&order_time=2021-05-12 HTTP/1.1" 200 428
116.230.114.112 - - [12/May/2021:10:23:29 +0800] "GET /xingrg/all/function/internal_message.html?_=1620786218095&CODE_STATE=getMsg HTTP/1.1" 200 27
116.233.75.209 - - [12/May/2021:10:23:34 +0800] "GET /xingrg/all/function/internal_message.html?_=1620786212823&CODE_STATE=getMsg HTTP/1.1" 200 27
61.165.42.208 - - [12/May/2021:10:23:42 +0800] "GET /xingrg/kc/buy/cgsh_order_operate.html?command=get_materiel&rest_code=00105&code=00101010534&supplier_code=00100322&order_time=2021-05-12 HTTP/1.1" 200 428
116.230.76.31 - - [12/May/2021:10:23:42 +0800] "GET /xingrg/kc/buy/cgsh_order_operate.html?command=get_materiel&rest_code=00107&code=00101007032&supplier_code=00100328&order_time=2021-05-12 HTTP/1.1" 200 413
58.40.7.146 - - [12/May/2021:10:23:42 +0800] "GET /xingrg/all/function/internal_message.html?_=1620786221464&CODE_STATE=getMsg HTTP/1.1" 200 27
116.230.76.31 - - [12/May/2021:10:23:50 +0800] "POST /xingrg/kc/buy/cgsh_order_operate.html HTTP/1.1" 200 37
58.40.7.146 - - [12/May/2021:10:23:50 +0800] "GET /xingrg/all/function/internal_message.html?_=1620786229084&CODE_STATE=getMsg HTTP/1.1" 200 27
116.230.76.31 - - [12/May/2021:10:23:51 +0800] "POST /xingrg/kc/buy/cgsh_order_operate.html HTTP/1.1" 200 2657
116.230.76.31 - - [12/May/2021:10:23:52 +0800] "GET /xingrg/kc/print/load_data.html?order_code=212021051205077&kc_code=cgsh&condition= HTTP/1.1" 200 676
180.169.147.146 - - [12/May/2021:10:23:55 +0800] "GET /xingrg/all/function/internal_message.html?_=1620786236139&CODE_STATE=getMsg HTTP/1.1" 200 27
116.230.76.31 - - [12/May/2021:10:23:56 +0800] "GET /xingrg/kc/buy/cgsh_order_add.html HTTP/1.1" 200 62117
116.230.76.31 - - [12/May/2021:10:23:57 +0800] "GET /xingrg/javascript/easyui/themes/default/validatebox.css HTTP/1.1" 404 1104
116.230.76.31 - - [12/May/2021:10:23:57 +0800] "POST /xingrg/kc/buy/cgsh_order_operate.html HTTP/1.1" 200 8245
116.230.76.31 - - [12/May/2021:10:23:58 +0800] "GET /xingrg/javascript/easyui/themes/default/tree.css HTTP/1.1" 404 1090
116.230.76.31 - - [12/May/2021:10:23:58 +0800] "POST /xingrg/all/common/load_tree.html?tree=supplier_tree_json&isDelete=1 HTTP/1.1" 200 55318
117.185.32.26 - - [12/May/2021:10:24:00 +0800] "GET /xingrg/all/function/internal_message.html?_=1620786238936&CODE_STATE=getMsg HTTP/1.1" 200 27
61.165.42.208 - - [12/May/2021:10:24:02 +0800] "POST /xingrg/kc/buy/cgsh_order_operate.html HTTP/1.1" 200 37
61.165.42.208 - - [12/May/2021:10:24:04 +0800] "POST /xingrg/kc/buy/cgsh_order_operate.html HTTP/1.1" 200 3293
116.230.110.80 - - [12/May/2021:10:24:05 +0800] "GET /xingrg/all/function/internal_message.html?_=1620786242628&CODE_STATE=getMsg HTTP/1.1" 200 27
120.204.17.70 - - [12/May/2021:10:24:05 +0800] "GET /xingrg/check_reg.html?_=1620786178952 HTTP/1.1" 302 -
61.165.42.208 - - [12/May/2021:10:24:07 +0800] "GET /xingrg/kc/print/load_data.html?order_code=212021051205078&kc_code=cgsh&condition= HTTP/1.1" 200 928
120.204.17.70 - - [12/May/2021:10:24:08 +0800] "GET /xingrg/login.html HTTP/1.1" 200 7641
180.161.124.236 - - [12/May/2021:10:24:08 +0800] "GET /xingrg/all/function/internal_message.html?_=1620786206002&CODE_STATE=getMsg HTTP/1.1" 200 27
116.224.253.72 - - [12/May/2021:10:24:09 +0800] "GET /xingrg/all/function/internal_message.html?_=1620786248435&CODE_STATE=getMsg HTTP/1.1" 200 27
116.224.253.72 - - [12/May/2021:10:24:09 +0800] "GET /xingrg/check_reg.html?_=1620786248439 HTTP/1.1" 200 22
