114.86.187.76 - - [12/May/2021:10:54:46 +0800] "GET /xingrg/javascript/easyui/plugins/jquery.numberbox.js HTTP/1.1" 304 -
114.86.187.76 - - [12/May/2021:10:54:46 +0800] "GET /xingrg/javascript/easyui/plugins/jquery.parser.js HTTP/1.1" 304 -
114.86.187.76 - - [12/May/2021:10:54:46 +0800] "GET /xingrg/words/20210511134341_words.js HTTP/1.1" 304 -
114.86.187.76 - - [12/May/2021:10:54:46 +0800] "GET /xingrg/javascript/convert.js HTTP/1.1" 304 -
117.185.32.26 - - [12/May/2021:10:54:47 +0800] "GET /xingrg/kc/buy/cgsh_order_add.html HTTP/1.1" 200 62029
117.185.32.26 - - [12/May/2021:10:54:47 +0800] "POST /xingrg/kc/buy/cgsh_order_operate.html HTTP/1.1" 200 8245
117.185.32.26 - - [12/May/2021:10:54:47 +0800] "GET /xingrg/javascript/easyui/themes/default/validatebox.css HTTP/1.1" 404 1104
117.185.32.26 - - [12/May/2021:10:54:49 +0800] "GET /xingrg/javascript/easyui/themes/default/tree.css HTTP/1.1" 404 1090
117.185.32.26 - - [12/May/2021:10:54:49 +0800] "POST /xingrg/all/common/load_tree.html?tree=supplier_tree_json&isDelete=1 HTTP/1.1" 200 55318
116.224.253.72 - - [12/May/2021:10:54:50 +0800] "POST /xingrg/kc/buy/cgsh_order_operate.html HTTP/1.1" 200 37
58.37.228.113 - - [12/May/2021:10:54:52 +0800] "GET /xingrg/kc/buy/cgsh_order_operate.html?command=get_materiel&rest_code=00141&code=00101004051&supplier_code=00100312&order_time=2021-05-12 HTTP/1.1" 200 429
116.224.253.72 - - [12/May/2021:10:54:52 +0800] "POST /xingrg/kc/buy/cgsh_order_operate.html HTTP/1.1" 200 12
180.161.124.236 - - [12/May/2021:10:54:53 +0800] "GET /xingrg/javascript/jquery_easy_ui/themes/default/images/tabs_active.png HTTP/1.1" 304 -
117.131.5.26 - - [12/May/2021:10:54:53 +0800] "GET /xingrg/login.html HTTP/1.1" 200 7641
117.131.5.26 - - [12/May/2021:10:54:54 +0800] "GET /favicon.ico HTTP/1.1" 404 -
116.224.253.72 - - [12/May/2021:10:54:54 +0800] "GET /xingrg/kc/buy/cgsh_order_info.html?code=212021051205162 HTTP/1.1" 200 56855
101.85.94.178 - - [12/May/2021:10:54:54 +0800] "GET /xingrg/all/function/internal_message.html?_=1620787595362&CODE_STATE=getMsg HTTP/1.1" 200 27
101.85.94.178 - - [12/May/2021:10:54:54 +0800] "GET /xingrg/check_reg.html?_=1620787595363 HTTP/1.1" 200 22
116.224.253.72 - - [12/May/2021:10:54:54 +0800] "GET /xingrg/javascript/easyui/themes/default/validatebox.css HTTP/1.1" 404 1104
116.224.253.72 - - [12/May/2021:10:54:54 +0800] "POST /xingrg/kc/buy/cgsh_order_operate.html HTTP/1.1" 200 3568
120.253.135.82 - - [12/May/2021:10:54:55 +0800] "GET /xingrg/all/function/internal_message.html?_=1620787875505&CODE_STATE=getMsg HTTP/1.1" 200 27
180.169.147.146 - - [12/May/2021:10:54:55 +0800] "GET /xingrg/all/function/internal_message.html?_=1620788096159&CODE_STATE=getMsg HTTP/1.1" 200 27
180.169.147.146 - - [12/May/2021:10:54:55 +0800] "GET /xingrg/check_reg.html?_=1620788096163 HTTP/1.1" 200 22
114.86.187.76 - - [12/May/2021:10:54:55 +0800] "GET /xingrg/kc/buy/cgsh_order_operate.html?command=get_materiel&rest_code=00148&code=00101010347&supplier_code=00100404&order_time=2021-05-12 HTTP/1.1" 200 425
116.224.253.72 - - [12/May/2021:10:54:57 +0800] "GET /xingrg/kc/print/load_data.html?order_code=212021051205162&kc_code=cgsh&condition= HTTP/1.1" 200 1848
61.129.6.145 - - [12/May/2021:10:54:58 +0800] "GET /xingrg/kc/print/load_data.html?order_code=212021051205157&kc_code=cgsh&condition= HTTP/1.1" 302 -
58.37.228.113 - - [12/May/2021:10:54:58 +0800] "GET /xingrg/kc/buy/cgsh_order_operate.html?command=get_materiel&rest_code=00141&code=00101001096&supplier_code=00100312&order_time=2021-05-12 HTTP/1.1" 200 413
61.129.6.145 - - [12/May/2021:10:55:00 +0800] "GET /xingrg/login.html HTTP/1.1" 200 7641
117.185.32.26 - - [12/May/2021:10:55:00 +0800] "GET /xingrg/all/function/internal_message.html?_=1620788098998&CODE_STATE=getMsg HTTP/1.1" 200 27
116.224.253.72 - - [12/May/2021:10:55:02 +0800] "GET /xingrg/kc/buy/cgsh_order_add.html HTTP/1.1" 200 61953
116.224.253.72 - - [12/May/2021:10:55:02 +0800] "GET /xingrg/javascript/easyui/themes/default/validatebox.css HTTP/1.1" 404 1104
116.224.253.72 - - [12/May/2021:10:55:02 +0800] "POST /xingrg/kc/buy/cgsh_order_operate.html HTTP/1.1" 200 8245
58.37.228.113 - - [12/May/2021:10:55:05 +0800] "GET /xingrg/kc/buy/cgsh_order_operate.html?command=get_materiel&rest_code=00141&code=00101001016&supplier_code=00100312&order_time=2021-05-12 HTTP/1.1" 200 415
114.86.187.76 - - [12/May/2021:10:55:06 +0800] "GET /xingrg/kc/buy/cgsh_order_operate.html?command=get_materiel&rest_code=00148&code=00101006147&supplier_code=00100404&order_time=2021-05-12 HTTP/1.1" 200 426
180.161.124.236 - - [12/May/2021:10:55:08 +0800] "GET /xingrg/check_reg.html?_=1620788065973 HTTP/1.1" 200 22
116.224.253.72 - - [12/May/2021:10:55:09 +0800] "GET /xingrg/all/function/internal_message.html?_=1620788108530&CODE_STATE=getMsg HTTP/1.1" 200 27
101.91.62.65 - - [12/May/2021:10:55:10 +0800] "GET /xingrg/kc/buy/cgsh_order_operate.html?command=get_materiel&rest_code=00141&code=00101004067&supplier_code=00100312&order_time=2021-05-12 HTTP/1.1" 302 -
116.224.253.72 - - [12/May/2021:10:55:12 +0800] "GET /xingrg/kc/buy/cgsh_order_operate.html?command=get_materiel&rest_code=00150&code=00101010162&supplier_code=00100323&order_time=2021-05-12 HTTP/1.1" 200 419
58.37.228.113 - - [12/May/2021:10:55:12 +0800] "GET /xingrg/kc/buy/cgsh_order_operate.html?command=get_materiel&rest_code=00141&code=00101001156&supplier_code=00100312&order_time=2021-05-12 HTTP/1.1" 200 409
120.253.135.82 - - [12/May/2021:10:55:13 +0800] "GET /xingrg/all/function/internal_message.html?_=1620788173638&CODE_STATE=getMsg HTTP/1.1" 200 27
117.185.32.26 - - [12/May/2021:10:55:13 +0800] "GET /xingrg/kc/buy/cgsh_order_operate.html?command=get_materiel&rest_code=00106&code=00101004011&supplier_code=00100088&order_time=2021-05-12 HTTP/1.1" 200 434
117.131.5.26 - - [12/May/2021:10:55:13 +0800] "POST /xingrg/login.do HTTP/1.1" 302 -
117.131.5.26 - - [12/May/2021:10:55:13 +0800] "GET /xingrg/index.html?sysBaseUrl=http%3A%2F%2F180.169.147.146%3A18081%2Fxingrg%2F&costTime=40×tamp=1620788113953 HTTP/1.1" 200 17179
117.131.5.26 - - [12/May/2021:10:55:14 +0800] "POST /xingrg/all/common/load_tree.html?tree=area_rest_tree_json&manage=1 HTTP/1.1" 200 351
117.131.5.26 - - [12/May/2021:10:55:14 +0800] "POST /xingrg/load_menu.html HTTP/1.1" 200 5138
116.235.95.160 - - [12/May/2021:10:55:14 +0800] "GET /favicon.ico HTTP/1.1" 404 -
117.131.5.26 - - [12/May/2021:10:55:14 +0800] "GET /xingrg/check_reg.html?_=1620788200970 HTTP/1.1" 200 22
116.235.95.160 - - [12/May/2021:10:55:14 +0800] "GET /xingrg/all/function/internal_message.html?_=1620788200969&CODE_STATE=count HTTP/1.1" 200 11
116.230.76.31 - - [12/May/2021:10:55:15 +0800] "GET /xingrg/all/function/internal_message.html?_=1620788108241&CODE_STATE=getMsg HTTP/1.1" 200 27
116.230.110.80 - - [12/May/2021:10:55:16 +0800] "GET /xingrg/all/function/internal_message.html?_=1620788113911&CODE_STATE=getMsg HTTP/1.1" 200 27
101.91.62.65 - - [12/May/2021:10:55:17 +0800] "GET /xingrg/login.html HTTP/1.1" 200 7641
114.86.187.76 - - [12/May/2021:10:55:18 +0800] "GET /xingrg/all/function/internal_message.html?_=1620788116907&CODE_STATE=getMsg HTTP/1.1" 200 27
117.185.32.26 - - [12/May/2021:10:55:18 +0800] "GET /xingrg/all/function/internal_message.html?_=1620788645773&CODE_STATE=getMsg HTTP/1.1" 200 27
101.91.62.89 - - [12/May/2021:10:55:19 +0800] "GET /xingrg/all/function/internal_message.html?_=1620788061735&CODE_STATE=getMsg HTTP/1.1" 302 -
58.37.228.113 - - [12/May/2021:10:55:19 +0800] "GET /xingrg/all/function/internal_message.html?_=1620788121706&CODE_STATE=getMsg HTTP/1.1" 200 27
58.37.228.113 - - [12/May/2021:10:55:20 +0800] "GET /xingrg/check_reg.html?_=1620788121881 HTTP/1.1" 200 22
58.37.228.113 - - [12/May/2021:10:55:20 +0800] "GET /xingrg/kc/buy/cgsh_order_operate.html?command=get_materiel&rest_code=00141&code=00101001162&supplier_code=00100312&order_time=2021-05-12 HTTP/1.1" 200 415
61.165.42.208 - - [12/May/2021:10:55:20 +0800] "GET /xingrg/check_reg.html?_=1620788120229 HTTP/1.1" 200 22
61.165.42.208 - - [12/May/2021:10:55:20 +0800] "GET /xingrg/all/function/internal_message.html?_=1620788120230&CODE_STATE=getMsg HTTP/1.1" 200 27
101.91.62.89 - - [12/May/2021:10:55:20 +0800] "GET /xingrg/login.html HTTP/1.1" 200 7641
116.230.114.112 - - [12/May/2021:10:55:21 +0800] "GET /xingrg/check_reg.html?_=1620788129216 HTTP/1.1" 200 22
117.131.5.26 - - [12/May/2021:10:55:21 +0800] "GET /xingrg/kc/buy/cgsh_order_list.html HTTP/1.1" 200 46297
114.86.187.76 - - [12/May/2021:10:55:26 +0800] "GET /xingrg/javascript/easyui/themes/default/images/button_plain_hover.png HTTP/1.1" 304 -
114.86.187.76 - - [12/May/2021:10:55:26 +0800] "GET /xingrg/javascript/easyui/themes/default/images/button_plain_hover.png HTTP/1.1" 304 -
116.235.95.160 - - [12/May/2021:10:55:27 +0800] "POST /xingrg/kc/buy/cgsh_list_operate.html HTTP/1.1" 200 3510
114.86.187.76 - - [12/May/2021:10:55:28 +0800] "POST /xingrg/kc/buy/cgsh_order_operate.html HTTP/1.1" 200 37
116.235.95.160 - - [12/May/2021:10:55:29 +0800] "GET /xingrg/kc/buy/cgsh_order_add.html HTTP/1.1" 200 62035
117.131.5.26 - - [12/May/2021:10:55:29 +0800] "POST /xingrg/kc/buy/cgsh_order_operate.html HTTP/1.1" 200 8245
116.224.253.72 - - [12/May/2021:10:55:29 +0800] "GET /xingrg/kc/buy/cgsh_order_operate.html?command=get_materiel&rest_code=00150&code=00101001261&supplier_code=00100323&order_time=2021-05-12 HTTP/1.1" 200 398
117.131.5.26 - - [12/May/2021:10:55:29 +0800] "GET /xingrg/all/common/auto_word.html?type=employee&rest_code=00104 HTTP/1.1" 200 143
116.235.95.160 - - [12/May/2021:10:55:29 +0800] "GET /xingrg/all/common/auto_word.html?type=employee&rest_code=00104 HTTP/1.1" 200 143
116.235.95.160 - - [12/May/2021:10:55:29 +0800] "GET /xingrg/javascript/easyui/themes/default/validatebox.css HTTP/1.1" 404 1104
180.161.124.236 - - [12/May/2021:10:55:29 +0800] "GET /xingrg/all/function/internal_message.html?_=1620788086828&CODE_STATE=getMsg HTTP/1.1" 200 27
58.37.228.113 - - [12/May/2021:10:55:30 +0800] "GET /xingrg/kc/buy/cgsh_order_operate.html?command=get_materiel&rest_code=00141&code=00101004023&supplier_code=00100312&order_time=2021-05-12 HTTP/1.1" 200 409
117.131.5.26 - - [12/May/2021:10:55:30 +0800] "GET /xingrg/javascript/auto/indicator.gif HTTP/1.1" 404 1066
116.230.114.112 - - [12/May/2021:10:55:30 +0800] "GET /xingrg/all/function/internal_message.html?_=1620788138920&CODE_STATE=getMsg HTTP/1.1" 200 27
116.224.253.72 - - [12/May/2021:10:55:31 +0800] "GET /xingrg/all/function/internal_message.html?_=1620788118953&CODE_STATE=getMsg HTTP/1.1" 200 27
114.86.187.76 - - [12/May/2021:10:55:32 +0800] "POST /xingrg/kc/buy/cgsh_order_operate.html HTTP/1.1" 200 2672
116.233.76.142 - - [12/May/2021:10:55:34 +0800] "GET /xingrg/all/function/internal_message.html?_=1620788132902&CODE_STATE=getMsg HTTP/1.1" 200 27
117.185.32.26 - - [12/May/2021:10:55:35 +0800] "GET /favicon.ico HTTP/1.1" 404 -
61.151.178.249 - - [12/May/2021:10:55:37 +0800] "GET /xingrg/kc/buy/cgsh_order_operate.html?command=get_materiel&rest_code=00141&code=00101004030&supplier_code=00100312&order_time=2021-05-12 HTTP/1.1" 302 -
61.151.178.249 - - [12/May/2021:10:55:38 +0800] "GET /xingrg/login.html HTTP/1.1" 200 7641
120.253.135.82 - - [12/May/2021:10:55:41 +0800] "POST /xingrg/kc/pszx/mdps_list_operate.html HTTP/1.1" 200 2063
180.161.124.236 - - [12/May/2021:10:55:43 +0800] "GET /xingrg/kc/base/wldb_order_list.html HTTP/1.1" 200 19017
114.86.187.76 - - [12/May/2021:10:55:43 +0800] "GET /xingrg/javascript/easyui/themes/default/images/button_plain_hover.png HTTP/1.1" 304 -
114.86.187.76 - - [12/May/2021:10:55:43 +0800] "GET /xingrg/javascript/easyui/themes/default/images/button_plain_hover.png HTTP/1.1" 304 -
114.86.187.76 - - [12/May/2021:10:55:43 +0800] "GET /xingrg/javascript/easyui/themes/default/images/button_plain_hover.png HTTP/1.1" 304 -
180.161.124.236 - - [12/May/2021:10:55:43 +0800] "POST /xingrg/kc/base/wldb_list_operate.html HTTP/1.1" 200 928
116.235.95.160 - - [12/May/2021:10:55:44 +0800] "GET /xingrg/javascript/jquery_tools/images/prev.gif HTTP/1.1" 404 1086
117.131.5.26 - - [12/May/2021:10:55:44 +0800] "GET /xingrg/javascript/jquery_tools/images/next.gif HTTP/1.1" 404 1086
114.86.187.76 - - [12/May/2021:10:55:46 +0800] "GET /xingrg/css/base.css HTTP/1.1" 304 -
114.86.187.76 - - [12/May/2021:10:55:46 +0800] "GET /xingrg/css/site.css HTTP/1.1" 304 -
114.86.187.76 - - [12/May/2021:10:55:46 +0800] "GET /xingrg/javascript/jquery_tools/datebox.css HTTP/1.1" 304 -
114.86.187.76 - - [12/May/2021:10:55:46 +0800] "GET /xingrg/javascript/easyui/themes/default/easyui.css HTTP/1.1" 304 -
114.86.187.76 - - [12/May/2021:10:55:46 +0800] "GET /xingrg/javascript/easyui/themes/icon.css HTTP/1.1" 304 -
114.86.187.76 - - [12/May/2021:10:55:46 +0800] "GET /xingrg/javascript/auto/jquery.autocomplete.css HTTP/1.1" 304 -
114.86.187.76 - - [12/May/2021:10:55:46 +0800] "GET /xingrg/javascript/jquery_tools/fix.css HTTP/1.1" 304 -
114.86.187.76 - - [12/May/2021:10:55:46 +0800] "GET /xingrg/javascript/jquery_tools/table.css HTTP/1.1" 304 -
114.86.187.76 - - [12/May/2021:10:55:46 +0800] "GET /xingrg/kc/buy/cgsh_order_add.html HTTP/1.1" 200 62029
114.86.187.76 - - [12/May/2021:10:55:46 +0800] "GET /xingrg/javascript/pic_change.js HTTP/1.1" 304 -
114.86.187.76 - - [12/May/2021:10:55:46 +0800] "GET /xingrg/javascript/jquery_tools/jquery.tools.extend.js HTTP/1.1" 304 -
114.86.187.76 - - [12/May/2021:10:55:46 +0800] "GET /xingrg/javascript/jquery_tools/jquery.tools.min.js HTTP/1.1" 304 -
114.86.187.76 - - [12/May/2021:10:55:46 +0800] "GET /xingrg/javascript/jquery_tools/jquery.tools.table.js HTTP/1.1" 304 -
114.86.187.76 - - [12/May/2021:10:55:46 +0800] "GET /xingrg/javascript/auto/jquery.autocomplete.js HTTP/1.1" 304 -
114.86.187.76 - - [12/May/2021:10:55:46 +0800] "GET /xingrg/javascript/jquery_tools/jquery.tools.hotkey.js HTTP/1.1" 304 -
114.86.187.76 - - [12/May/2021:10:55:46 +0800] "GET /xingrg/javascript/easyui/easyloader.js HTTP/1.1" 304 -
114.86.187.76 - - [12/May/2021:10:55:46 +0800] "GET /xingrg/javascript/jquery.utils.js HTTP/1.1" 304 -
114.86.187.76 - - [12/May/2021:10:55:46 +0800] "GET /xingrg/javascript/jquery_tools/order_manager.js HTTP/1.1" 304 -
114.86.187.76 - - [12/May/2021:10:55:46 +0800] "GET /xingrg/javascript/convert.js HTTP/1.1" 304 -
114.86.187.76 - - [12/May/2021:10:55:46 +0800] "GET /xingrg/javascript/json2.js HTTP/1.1" 304 -
114.86.187.76 - - [12/May/2021:10:55:46 +0800] "GET /xingrg/javascript/jquery.cookie.js HTTP/1.1" 304 -
114.86.187.76 - - [12/May/2021:10:55:46 +0800] "GET /xingrg/javascript/print/kc_print.js HTTP/1.1" 304 -
114.86.187.76 - - [12/May/2021:10:55:46 +0800] "GET /xingrg/javascript/print/LodopFuncs.js HTTP/1.1" 304 -
114.86.187.76 - - [12/May/2021:10:55:46 +0800] "GET /xingrg/words/20210511134341_words.js HTTP/1.1" 304 -
114.86.187.76 - - [12/May/2021:10:55:46 +0800] "GET /xingrg/javascript/easyui/themes/icons/copy_new.png HTTP/1.1" 304 -
114.86.187.76 - - [12/May/2021:10:55:46 +0800] "GET /xingrg/javascript/easyui/themes/icons/template_new.png HTTP/1.1" 304 -
114.86.187.76 - - [12/May/2021:10:55:46 +0800] "GET /xingrg/javascript/easyui/themes/icons/ok.png HTTP/1.1" 304 -
114.86.187.76 - - [12/May/2021:10:55:46 +0800] "GET /xingrg/javascript/easyui/themes/default/images/menu_downarrow.png HTTP/1.1" 304 -
114.86.187.76 - - [12/May/2021:10:55:46 +0800] "GET /xingrg/javascript/easyui/themes/icons/print.png HTTP/1.1" 304 -
114.86.187.76 - - [12/May/2021:10:55:46 +0800] "GET /xingrg/javascript/easyui/themes/icons/cancel.png HTTP/1.1" 304 -
114.86.187.76 - - [12/May/2021:10:55:46 +0800] "GET /xingrg/javascript/easyui/plugins/jquery.parser.js HTTP/1.1" 304 -
114.86.187.76 - - [12/May/2021:10:55:46 +0800] "POST /xingrg/kc/buy/cgsh_order_operate.html HTTP/1.1" 200 8245
114.86.187.76 - - [12/May/2021:10:55:46 +0800] "GET /xingrg/javascript/easyui/themes/default/images/button_plain_hover.png HTTP/1.1" 304 -
114.86.187.76 - - [12/May/2021:10:55:46 +0800] "GET /xingrg/all/common/auto_word.html?type=employee&rest_code=00148 HTTP/1.1" 200 197
114.86.187.76 - - [12/May/2021:10:55:46 +0800] "GET /xingrg/all/common/auto_word.html?type=employee&rest_code=00148 HTTP/1.1" 200 197
114.86.187.76 - - [12/May/2021:10:55:46 +0800] "GET /xingrg/javascript/easyui/themes/default/images/button_plain_hover.png HTTP/1.1" 304 -
114.86.187.76 - - [12/May/2021:10:55:46 +0800] "GET /xingrg/javascript/easyui/themes/default/validatebox.css HTTP/1.1" 404 1104
114.86.187.76 - - [12/May/2021:10:55:46 +0800] "GET /xingrg/javascript/easyui/plugins/jquery.validatebox.js HTTP/1.1" 304 -
114.86.187.76 - - [12/May/2021:10:55:46 +0800] "GET /xingrg/javascript/easyui/plugins/jquery.numberbox.js HTTP/1.1" 304 -
180.161.124.236 - - [12/May/2021:10:55:47 +0800] "GET /xingrg/kc/base/wldb_order_add.html HTTP/1.1" 200 30176
180.161.124.236 - - [12/May/2021:10:55:47 +0800] "POST /xingrg/kc/base/wldb_order_operate.html HTTP/1.1" 200 6806
180.161.124.236 - - [12/May/2021:10:55:48 +0800] "GET /xingrg/all/common/auto_word.html?type=base&rest_code=00102 HTTP/1.1" 200 1711
180.161.124.236 - - [12/May/2021:10:55:48 +0800] "GET /xingrg/all/common/auto_word.html?type=base&rest_code=00102 HTTP/1.1" 200 1711
180.161.124.236 - - [12/May/2021:10:55:48 +0800] "GET /xingrg/javascript/easyui/themes/default/validatebox.css HTTP/1.1" 404 1104
180.161.124.236 - - [12/May/2021:10:55:49 +0800] "POST /xingrg/all/common/load_combo.html?type=base HTTP/1.1" 200 3060
116.224.253.72 - - [12/May/2021:10:55:49 +0800] "GET /xingrg/kc/buy/cgsh_order_operate.html?command=get_materiel&rest_code=00150&code=00101002029&supplier_code=00100323&order_time=2021-05-12 HTTP/1.1" 200 414
114.86.187.76 - - [12/May/2021:10:55:49 +0800] "GET /xingrg/javascript/jquery_tools/jquery.tools.min.js HTTP/1.1" 304 -
114.86.187.76 - - [12/May/2021:10:55:49 +0800] "GET /xingrg/javascript/pic_change.js HTTP/1.1" 304 -
114.86.187.76 - - [12/May/2021:10:55:49 +0800] "GET /xingrg/javascript/jquery_tools/jquery.tools.extend.js HTTP/1.1" 304 -
114.86.187.76 - - [12/May/2021:10:55:49 +0800] "GET /xingrg/javascript/jquery_tools/jquery.tools.hotkey.js HTTP/1.1" 304 -
114.86.187.76 - - [12/May/2021:10:55:49 +0800] "GET /xingrg/javascript/auto/jquery.autocomplete.js HTTP/1.1" 304 -
114.86.187.76 - - [12/May/2021:10:55:49 +0800] "GET /xingrg/javascript/jquery_tools/jquery.tools.table.js HTTP/1.1" 304 -
114.86.187.76 - - [12/May/2021:10:55:49 +0800] "GET /xingrg/javascript/easyui/easyloader.js HTTP/1.1" 304 -
114.86.187.76 - - [12/May/2021:10:55:49 +0800] "GET /xingrg/javascript/jquery.utils.js HTTP/1.1" 304 -
114.86.187.76 - - [12/May/2021:10:55:49 +0800] "GET /xingrg/javascript/jquery_tools/order_manager.js HTTP/1.1" 304 -
114.86.187.76 - - [12/May/2021:10:55:49 +0800] "GET /xingrg/javascript/json2.js HTTP/1.1" 304 -
114.86.187.76 - - [12/May/2021:10:55:49 +0800] "GET /xingrg/javascript/jquery.cookie.js HTTP/1.1" 304 -
114.86.187.76 - - [12/May/2021:10:55:49 +0800] "GET /xingrg/javascript/print/LodopFuncs.js HTTP/1.1" 304 -
114.86.187.76 - - [12/May/2021:10:55:49 +0800] "GET /xingrg/javascript/easyui/plugins/jquery.parser.js HTTP/1.1" 304 -
114.86.187.76 - - [12/May/2021:10:55:49 +0800] "GET /xingrg/javascript/print/kc_print.js HTTP/1.1" 304 -
114.86.187.76 - - [12/May/2021:10:55:49 +0800] "GET /xingrg/javascript/easyui/plugins/jquery.validatebox.js HTTP/1.1" 304 -
114.86.187.76 - - [12/May/2021:10:55:49 +0800] "GET /xingrg/javascript/easyui/plugins/jquery.numberbox.js HTTP/1.1" 304 -
114.86.187.76 - - [12/May/2021:10:55:49 +0800] "GET /xingrg/words/20210511134341_words.js HTTP/1.1" 304 -
114.86.187.76 - - [12/May/2021:10:55:49 +0800] "GET /xingrg/javascript/convert.js HTTP/1.1" 304 -
180.161.124.236 - - [12/May/2021:10:55:53 +0800] "POST /xingrg/all/common/load_combo.html?type=base HTTP/1.1" 200 3060
114.86.187.76 - - [12/May/2021:10:55:53 +0800] "GET /xingrg/kc/buy/cgsh_order_operate.html?command=get_materiel&rest_code=00148&code=00101007085&supplier_code=00100328&order_time=2021-05-12 HTTP/1.1" 200 413
114.86.187.76 - - [12/May/2021:10:55:53 +0800] "GET /xingrg/javascript/easyui/themes/default/images/button_plain_hover.png HTTP/1.1" 304 -
117.131.5.26 - - [12/May/2021:10:55:54 +0800] "GET /xingrg/kc/buy/cgsh_order_operate.html?command=get_materiel&rest_code=00104&code=00101002039&supplier_code=00100087&order_time=2021-05-12 HTTP/1.1" 200 419
101.85.94.178 - - [12/May/2021:10:55:54 +0800] "GET /xingrg/all/function/internal_message.html?_=1620787655362&CODE_STATE=getMsg HTTP/1.1" 200 27
120.253.135.82 - - [12/May/2021:10:55:55 +0800] "GET /xingrg/all/function/internal_message.html?_=1620787935527&CODE_STATE=getMsg HTTP/1.1" 200 27
180.169.147.146 - - [12/May/2021:10:55:55 +0800] "GET /xingrg/all/function/internal_message.html?_=1620788156164&CODE_STATE=getMsg HTTP/1.1" 200 27
58.37.228.113 - - [12/May/2021:10:55:58 +0800] "POST /xingrg/kc/buy/cgsh_order_operate.html HTTP/1.1" 200 37
61.151.178.177 - - [12/May/2021:10:55:59 +0800] "GET /xingrg/kc/buy/cgsh_order_operate.html?command=get_materiel&rest_code=00141&code=00101001096&supplier_code=00100312&order_time=2021-05-12 HTTP/1.1" 302 -
117.185.32.26 - - [12/May/2021:10:56:00 +0800] "GET /xingrg/all/function/internal_message.html?_=1620788158998&CODE_STATE=getMsg HTTP/1.1" 200 27
116.224.253.72 - - [12/May/2021:10:56:01 +0800] "GET /xingrg/kc/buy/cgsh_order_operate.html?command=get_materiel&rest_code=00150&code=00101010005&supplier_code=00100323&order_time=2021-05-12 HTTP/1.1" 200 410
61.151.178.177 - - [12/May/2021:10:56:02 +0800] "GET /xingrg/login.html HTTP/1.1" 200 7641
117.185.32.26 - - [12/May/2021:10:56:02 +0800] "GET /xingrg/kc/buy/cgsh_order_operate.html?command=get_materiel&rest_code=00106&code=00101002042&supplier_code=00100088&order_time=2021-05-12 HTTP/1.1" 200 416
114.86.187.76 - - [12/May/2021:10:56:03 +0800] "GET /xingrg/check_reg.html?_=1620788161952 HTTP/1.1" 200 22
58.37.228.113 - - [12/May/2021:10:56:05 +0800] "POST /xingrg/kc/buy/cgsh_order_operate.html HTTP/1.1" 200 12
180.161.124.236 - - [12/May/2021:10:56:05 +0800] "GET /xingrg/kc/base/wldb_order_operate.html?command=get_materiel&rest_code=00102&base_code=0010476&code=00101013044 HTTP/1.1" 200 448
58.37.228.113 - - [12/May/2021:10:56:06 +0800] "GET /xingrg/kc/buy/cgsh_order_info.html?code=212021051205164 HTTP/1.1" 200 56941
58.37.228.113 - - [12/May/2021:10:56:06 +0800] "GET /xingrg/javascript/easyui/themes/default/validatebox.css HTTP/1.1" 404 1104
58.37.228.113 - - [12/May/2021:10:56:07 +0800] "POST /xingrg/kc/buy/cgsh_order_operate.html HTTP/1.1" 200 6534
58.37.228.113 - - [12/May/2021:10:56:08 +0800] "GET /xingrg/kc/print/load_data.html?order_code=212021051205164&kc_code=cgsh&condition= HTTP/1.1" 200 2973
116.224.253.72 - - [12/May/2021:10:56:09 +0800] "GET /xingrg/all/function/internal_message.html?_=1620788168522&CODE_STATE=getMsg HTTP/1.1" 200 27
58.37.228.113 - - [12/May/2021:10:56:11 +0800] "GET /xingrg/kc/buy/cgsh_order_add.html HTTP/1.1" 200 62035
58.37.228.113 - - [12/May/2021:10:56:12 +0800] "POST /xingrg/kc/buy/cgsh_order_operate.html HTTP/1.1" 200 8245
58.37.228.113 - - [12/May/2021:10:56:12 +0800] "GET /xingrg/javascript/easyui/themes/default/validatebox.css HTTP/1.1" 404 1104
114.86.187.76 - - [12/May/2021:10:56:12 +0800] "GET /xingrg/kc/buy/cgsh_order_operate.html?command=get_materiel&rest_code=00148&code=00101007085&supplier_code=00100328&order_time=2021-05-12 HTTP/1.1" 200 413
114.86.187.76 - - [12/May/2021:10:56:12 +0800] "GET /xingrg/javascript/easyui/themes/default/images/button_plain_hover.png HTTP/1.1" 304 -
120.253.135.82 - - [12/May/2021:10:56:13 +0800] "GET /xingrg/all/function/internal_message.html?_=1620788233672&CODE_STATE=getMsg HTTP/1.1" 200 27
116.235.95.160 - - [12/May/2021:10:56:14 +0800] "GET /xingrg/all/function/internal_message.html?_=1620788260963&CODE_STATE=getMsg HTTP/1.1" 200 27
116.230.76.31 - - [12/May/2021:10:56:15 +0800] "GET /xingrg/all/function/internal_message.html?_=1620788168226&CODE_STATE=getMsg HTTP/1.1" 200 27
116.230.110.80 - - [12/May/2021:10:56:16 +0800] "GET /xingrg/all/function/internal_message.html?_=1620788173900&CODE_STATE=getMsg HTTP/1.1" 200 27
114.86.187.76 - - [12/May/2021:10:56:16 +0800] "GET /xingrg/javascript/easyui/themes/default/images/button_plain_hover.png HTTP/1.1" 304 -
114.86.187.76 - - [12/May/2021:10:56:16 +0800] "GET /xingrg/javascript/easyui/themes/default/images/button_plain_hover.png HTTP/1.1" 304 -
180.161.124.236 - - [12/May/2021:10:56:16 +0800] "GET /xingrg/kc/base/wldb_order_operate.html?command=get_materiel&rest_code=00102&base_code=0010476&code=00101019184 HTTP/1.1" 200 442
114.86.187.76 - - [12/May/2021:10:56:16 +0800] "GET /xingrg/javascript/easyui/themes/default/images/button_plain_hover.png HTTP/1.1" 304 -
114.86.187.76 - - [12/May/2021:10:56:16 +0800] "GET /xingrg/javascript/easyui/themes/default/images/button_plain_hover.png HTTP/1.1" 304 -
114.86.187.76 - - [12/May/2021:10:56:16 +0800] "GET /xingrg/javascript/easyui/themes/default/images/button_plain_hover.png HTTP/1.1" 304 -
117.185.32.26 - - [12/May/2021:10:56:18 +0800] "GET /xingrg/check_reg.html?_=1620788705753 HTTP/1.1" 200 22
114.86.187.76 - - [12/May/2021:10:56:18 +0800] "GET /xingrg/all/function/internal_message.html?_=1620788176921&CODE_STATE=getMsg HTTP/1.1" 200 27
117.185.32.26 - - [12/May/2021:10:56:18 +0800] "GET /xingrg/all/function/internal_message.html?_=1620788705756&CODE_STATE=getMsg HTTP/1.1" 200 27
117.131.5.26 - - [12/May/2021:10:56:19 +0800] "POST /xingrg/kc/buy/cgsh_order_operate.html HTTP/1.1" 200 37
114.86.187.76 - - [12/May/2021:10:56:19 +0800] "POST /xingrg/kc/buy/cgsh_order_operate.html HTTP/1.1" 200 88
58.37.228.113 - - [12/May/2021:10:56:19 +0800] "GET /xingrg/all/function/internal_message.html?_=1620788181720&CODE_STATE=getMsg HTTP/1.1" 200 27
116.224.253.72 - - [12/May/2021:10:56:20 +0800] "GET /xingrg/kc/buy/cgsh_order_operate.html?command=get_materiel&rest_code=00150&code=00101010163&supplier_code=00100323&order_time=2021-05-12 HTTP/1.1" 200 408
61.165.42.208 - - [12/May/2021:10:56:20 +0800] "GET /xingrg/all/function/internal_message.html?_=1620788180228&CODE_STATE=getMsg HTTP/1.1" 200 27
61.151.178.217 - - [12/May/2021:10:56:20 +0800] "GET /xingrg/check_reg.html?_=1620788121881 HTTP/1.1" 302 -
117.131.5.26 - - [12/May/2021:10:56:20 +0800] "POST /xingrg/kc/buy/cgsh_order_operate.html HTTP/1.1" 200 2666
114.86.187.76 - - [12/May/2021:10:56:21 +0800] "GET /xingrg/javascript/easyui/themes/default/images/button_plain_hover.png HTTP/1.1" 304 -
114.86.187.76 - - [12/May/2021:10:56:21 +0800] "GET /xingrg/javascript/easyui/themes/default/images/button_plain_hover.png HTTP/1.1" 304 -
114.86.187.76 - - [12/May/2021:10:56:21 +0800] "GET /xingrg/javascript/easyui/themes/default/images/button_plain_hover.png HTTP/1.1" 304 -
180.161.124.236 - - [12/May/2021:10:56:21 +0800] "GET /xingrg/kc/base/wldb_order_operate.html?command=get_materiel&rest_code=00102&base_code=0010476&code=00101019400 HTTP/1.1" 200 450
61.151.178.217 - - [12/May/2021:10:56:21 +0800] "GET /xingrg/login.html HTTP/1.1" 200 7641
114.86.187.76 - - [12/May/2021:10:56:23 +0800] "POST /xingrg/kc/buy/cgsh_order_operate.html HTTP/1.1" 200 37
116.235.95.160 - - [12/May/2021:10:56:24 +0800] "GET /xingrg/kc/print/load_config.html?kc_code=cgsh HTTP/1.1" 200 1845
117.131.5.26 - - [12/May/2021:10:56:24 +0800] "GET /xingrg/kc/print/load_data.html?order_code=212021051205165&kc_code=cgsh&condition= HTTP/1.1" 200 733
114.86.187.76 - - [12/May/2021:10:56:24 +0800] "POST /xingrg/kc/buy/cgsh_order_operate.html HTTP/1.1" 200 3249
180.161.124.236 - - [12/May/2021:10:56:28 +0800] "GET /xingrg/kc/base/wldb_order_operate.html?command=get_materiel&rest_code=00102&base_code=0010476&code=00101013182 HTTP/1.1" 200 430
180.161.124.236 - - [12/May/2021:10:56:29 +0800] "GET /xingrg/all/function/internal_message.html?_=1620788146842&CODE_STATE=getMsg HTTP/1.1" 200 27
116.230.114.112 - - [12/May/2021:10:56:30 +0800] "GET /xingrg/all/function/internal_message.html?_=1620788198933&CODE_STATE=getMsg HTTP/1.1" 200 27
116.224.253.72 - - [12/May/2021:10:56:31 +0800] "GET /xingrg/all/function/internal_message.html?_=1620788178968&CODE_STATE=getMsg HTTP/1.1" 200 27
116.224.253.72 - - [12/May/2021:10:56:31 +0800] "GET /xingrg/kc/buy/cgsh_order_operate.html?command=get_materiel&rest_code=00150&code=00101008214&supplier_code=00100323&order_time=2021-05-12 HTTP/1.1" 200 409
117.131.5.26 - - [12/May/2021:10:56:33 +0800] "GET /xingrg/kc/buy/cgsh_order_add.html HTTP/1.1" 200 62035
116.235.95.160 - - [12/May/2021:10:56:33 +0800] "POST /xingrg/kc/buy/cgsh_order_operate.html HTTP/1.1" 200 8245
117.131.5.26 - - [12/May/2021:10:56:33 +0800] "GET /xingrg/javascript/easyui/themes/default/validatebox.css HTTP/1.1" 404 1104
116.233.76.142 - - [12/May/2021:10:56:34 +0800] "GET /xingrg/all/function/internal_message.html?_=1620788192905&CODE_STATE=getMsg HTTP/1.1" 200 27
117.185.32.26 - - [12/May/2021:10:56:37 +0800] "POST /xingrg/kc/buy/cgsh_order_operate.html HTTP/1.1" 200 37
180.161.124.236 - - [12/May/2021:10:56:38 +0800] "POST /xingrg/kc/base/wldb_order_operate.html HTTP/1.1" 200 37
117.185.32.26 - - [12/May/2021:10:56:39 +0800] "POST /xingrg/kc/buy/cgsh_order_operate.html HTTP/1.1" 200 12
116.224.253.72 - - [12/May/2021:10:56:39 +0800] "GET /xingrg/kc/buy/cgsh_order_operate.html?command=get_materiel&rest_code=00150&code=00101007051&supplier_code=00100323&order_time=2021-05-12 HTTP/1.1" 200 413
180.161.124.236 - - [12/May/2021:10:56:40 +0800] "POST /xingrg/kc/base/wldb_order_operate.html HTTP/1.1" 200 12
180.161.124.236 - - [12/May/2021:10:56:40 +0800] "POST /xingrg/kc/base/wldb_order_operate.html HTTP/1.1" 200 3162
117.185.32.26 - - [12/May/2021:10:56:41 +0800] "GET /xingrg/kc/buy/cgsh_order_info.html?code=212021051205168 HTTP/1.1" 200 56933
117.185.32.26 - - [12/May/2021:10:56:41 +0800] "GET /xingrg/javascript/easyui/themes/default/validatebox.css HTTP/1.1" 404 1104
58.37.228.113 - - [12/May/2021:10:56:41 +0800] "GET /xingrg/kc/buy/cgsh_order_operate.html?command=get_materiel&rest_code=00141&code=00101004065&supplier_code=00100086&order_time=2021-05-12 HTTP/1.1" 200 434
180.161.124.236 - - [12/May/2021:10:56:41 +0800] "GET /xingrg/kc/base/wldb_order_info.html?code=422021051201275 HTTP/1.1" 200 26053
117.185.32.26 - - [12/May/2021:10:56:41 +0800] "POST /xingrg/kc/buy/cgsh_order_operate.html HTTP/1.1" 200 1211
180.161.124.236 - - [12/May/2021:10:56:43 +0800] "POST /xingrg/kc/base/wldb_order_operate.html HTTP/1.1" 200 1435
180.161.124.236 - - [12/May/2021:10:56:43 +0800] "GET /xingrg/javascript/easyui/themes/default/validatebox.css HTTP/1.1" 404 1104
117.185.32.26 - - [12/May/2021:10:56:44 +0800] "GET /xingrg/kc/print/load_data.html?order_code=212021051205168&kc_code=cgsh&condition= HTTP/1.1" 200 1009
180.161.124.236 - - [12/May/2021:10:56:46 +0800] "GET /xingrg/kc/base/wldb_order_add.html HTTP/1.1" 200 30176
180.161.124.236 - - [12/May/2021:10:56:48 +0800] "POST /xingrg/kc/base/wldb_order_operate.html HTTP/1.1" 200 6806
180.161.124.236 - - [12/May/2021:10:56:48 +0800] "GET /xingrg/javascript/easyui/themes/default/validatebox.css HTTP/1.1" 404 1104
180.161.124.236 - - [12/May/2021:10:56:49 +0800] "POST /xingrg/all/common/load_combo.html?type=base HTTP/1.1" 200 3060
120.253.135.82 - - [12/May/2021:10:56:51 +0800] "GET /xingrg/check_reg.html?_=1620788271466 HTTP/1.1" 200 22
180.161.124.236 - - [12/May/2021:10:56:52 +0800] "POST /xingrg/all/common/load_combo.html?type=base HTTP/1.1" 200 3060
58.37.228.113 - - [12/May/2021:10:56:53 +0800] "POST /xingrg/kc/buy/cgsh_order_operate.html HTTP/1.1" 200 37
117.131.5.26 - - [12/May/2021:10:56:54 +0800] "GET /xingrg/kc/buy/cgsh_order_operate.html?command=get_materiel&rest_code=00104&code=00101003035&supplier_code=00100092&order_time=2021-05-12 HTTP/1.1" 200 411
101.85.94.178 - - [12/May/2021:10:56:54 +0800] "GET /xingrg/all/function/internal_message.html?_=1620787715361&CODE_STATE=getMsg HTTP/1.1" 200 27
120.253.135.82 - - [12/May/2021:10:56:55 +0800] "GET /xingrg/all/function/internal_message.html?_=1620787995533&CODE_STATE=getMsg HTTP/1.1" 200 27
180.169.147.146 - - [12/May/2021:10:56:55 +0800] "GET /xingrg/all/function/internal_message.html?_=1620788216165&CODE_STATE=getMsg HTTP/1.1" 200 27
117.185.32.26 - - [12/May/2021:10:56:58 +0800] "GET /xingrg/kc/buy/cgsh_order_add.html HTTP/1.1" 200 62029
117.185.32.26 - - [12/May/2021:10:56:58 +0800] "GET /xingrg/javascript/easyui/themes/default/validatebox.css HTTP/1.1" 404 1104
117.185.32.26 - - [12/May/2021:10:56:58 +0800] "POST /xingrg/kc/buy/cgsh_order_operate.html HTTP/1.1" 200 8245
117.185.32.26 - - [12/May/2021:10:57:00 +0800] "GET /xingrg/javascript/easyui/themes/default/tree.css HTTP/1.1" 404 1090
117.185.32.26 - - [12/May/2021:10:57:00 +0800] "POST /xingrg/all/common/load_tree.html?tree=supplier_tree_json&isDelete=1 HTTP/1.1" 200 55318
117.185.32.26 - - [12/May/2021:10:57:00 +0800] "GET /xingrg/all/function/internal_message.html?_=1620788218998&CODE_STATE=getMsg HTTP/1.1" 200 27
116.224.253.72 - - [12/May/2021:10:57:01 +0800] "GET /xingrg/kc/buy/cgsh_order_operate.html?command=get_materiel&rest_code=00150&code=00101007036&supplier_code=00100323&order_time=2021-05-12 HTTP/1.1" 200 423
58.37.228.113 - - [12/May/2021:10:57:02 +0800] "POST /xingrg/kc/buy/cgsh_order_operate.html HTTP/1.1" 200 12
180.161.124.236 - - [12/May/2021:10:57:02 +0800] "GET /xingrg/kc/base/wldb_order_operate.html?command=get_materiel&rest_code=00102&base_code=0010476&code=00101019530 HTTP/1.1" 200 480
116.230.76.31 - - [12/May/2021:10:57:03 +0800] "GET /xingrg/check_reg.html?_=1620788216634 HTTP/1.1" 200 22
58.37.228.113 - - [12/May/2021:10:57:03 +0800] "GET /xingrg/kc/buy/cgsh_order_info.html?code=212021051205169 HTTP/1.1" 200 56941
58.37.228.113 - - [12/May/2021:10:57:04 +0800] "GET /xingrg/javascript/easyui/themes/default/validatebox.css HTTP/1.1" 404 1104
116.230.110.80 - - [12/May/2021:10:57:05 +0800] "GET /xingrg/check_reg.html?_=1620788222669 HTTP/1.1" 200 22
58.37.228.113 - - [12/May/2021:10:57:05 +0800] "POST /xingrg/kc/buy/cgsh_order_operate.html HTTP/1.1" 200 610
180.161.124.236 - - [12/May/2021:10:57:08 +0800] "GET /xingrg/kc/base/wldb_order_operate.html?command=get_materiel&rest_code=00102&base_code=0010476&code=00101016065 HTTP/1.1" 200 469
116.224.253.72 - - [12/May/2021:10:57:09 +0800] "GET /xingrg/all/function/internal_message.html?_=1620788228491&CODE_STATE=getMsg HTTP/1.1" 200 27
180.97.118.219 - - [12/May/2021:10:57:10 +0800] "GET /xingrg/kc/buy/cgsh_order_info.html?code=212021051205164 HTTP/1.1" 302 -
180.97.118.219 - - [12/May/2021:10:57:13 +0800] "GET /xingrg/login.html HTTP/1.1" 200 7641
58.37.228.113 - - [12/May/2021:10:57:13 +0800] "GET /xingrg/kc/print/load_data.html?order_code=212021051205169&kc_code=cgsh&condition= HTTP/1.1" 200 777
120.253.135.82 - - [12/May/2021:10:57:13 +0800] "GET /xingrg/all/function/internal_message.html?_=1620788293681&CODE_STATE=getMsg HTTP/1.1" 200 27
180.161.124.236 - - [12/May/2021:10:57:13 +0800] "GET /xingrg/kc/base/wldb_order_operate.html?command=get_materiel&rest_code=00102&base_code=0010476&code=00101016001 HTTP/1.1" 200 457
116.235.95.160 - - [12/May/2021:10:57:14 +0800] "GET /xingrg/all/function/internal_message.html?_=1620788320987&CODE_STATE=getMsg HTTP/1.1" 200 27
116.230.76.31 - - [12/May/2021:10:57:15 +0800] "GET /xingrg/all/function/internal_message.html?_=1620788228196&CODE_STATE=getMsg HTTP/1.1" 200 27
101.91.62.99 - - [12/May/2021:10:57:16 +0800] "GET /xingrg/check_reg.html?_=1620787821882 HTTP/1.1" 302 -
116.230.110.80 - - [12/May/2021:10:57:16 +0800] "GET /xingrg/all/function/internal_message.html?_=1620788233879&CODE_STATE=getMsg HTTP/1.1" 200 27
117.185.32.26 - - [12/May/2021:10:57:18 +0800] "GET /xingrg/all/function/internal_message.html?_=1620788765737&CODE_STATE=getMsg HTTP/1.1" 200 27
114.86.187.76 - - [12/May/2021:10:57:18 +0800] "GET /xingrg/all/function/internal_message.html?_=1620788236934&CODE_STATE=getMsg HTTP/1.1" 200 27
58.37.228.113 - - [12/May/2021:10:57:18 +0800] "GET /xingrg/kc/buy/cgsh_order_add.html HTTP/1.1" 200 62035
58.37.228.113 - - [12/May/2021:10:57:19 +0800] "POST /xingrg/kc/buy/cgsh_order_operate.html HTTP/1.1" 200 8245
58.37.228.113 - - [12/May/2021:10:57:19 +0800] "GET /xingrg/javascript/easyui/themes/default/validatebox.css HTTP/1.1" 404 1104
180.161.124.236 - - [12/May/2021:10:57:19 +0800] "GET /xingrg/kc/base/wldb_order_operate.html?command=get_materiel&rest_code=00102&base_code=0010476&code=00101019015 HTTP/1.1" 200 436
58.37.228.113 - - [12/May/2021:10:57:19 +0800] "GET /xingrg/all/function/internal_message.html?_=1620788241681&CODE_STATE=getMsg HTTP/1.1" 200 27
61.165.42.208 - - [12/May/2021:10:57:20 +0800] "GET /xingrg/all/function/internal_message.html?_=1620788240227&CODE_STATE=getMsg HTTP/1.1" 200 27
117.131.5.26 - - [12/May/2021:10:57:22 +0800] "POST /xingrg/kc/buy/cgsh_order_operate.html HTTP/1.1" 200 37
101.91.62.99 - - [12/May/2021:10:57:23 +0800] "GET /xingrg/login.html HTTP/1.1" 200 7641
117.185.32.26 - - [12/May/2021:10:57:24 +0800] "GET /xingrg/kc/buy/cgsh_order_operate.html?command=get_materiel&rest_code=00106&code=00101003033&supplier_code=00100092&order_time=2021-05-12 HTTP/1.1" 200 424
116.235.95.160 - - [12/May/2021:10:57:25 +0800] "POST /xingrg/kc/buy/cgsh_order_operate.html HTTP/1.1" 200 2660
117.131.5.26 - - [12/May/2021:10:57:27 +0800] "GET /xingrg/kc/print/load_data.html?order_code=212021051205170&kc_code=cgsh&condition= HTTP/1.1" 200 737
120.253.135.82 - - [12/May/2021:10:57:28 +0800] "GET /xingrg/javascript/jquery_tools/images/prev.gif HTTP/1.1" 404 1086
120.253.135.82 - - [12/May/2021:10:57:28 +0800] "GET /xingrg/javascript/jquery_tools/images/next.gif HTTP/1.1" 404 1086
58.37.228.113 - - [12/May/2021:10:57:29 +0800] "GET /xingrg/kc/buy/cgsh_order_operate.html?command=get_materiel&rest_code=00141&code=00101010161&supplier_code=00100334&order_time=2021-05-12 HTTP/1.1" 200 409
180.161.124.236 - - [12/May/2021:10:57:29 +0800] "GET /xingrg/all/function/internal_message.html?_=1620788206856&CODE_STATE=getMsg HTTP/1.1" 200 27
116.230.114.112 - - [12/May/2021:10:57:30 +0800] "GET /xingrg/all/function/internal_message.html?_=1620788258969&CODE_STATE=getMsg HTTP/1.1" 200 27
180.161.124.236 - - [12/May/2021:10:57:30 +0800] "GET /xingrg/kc/base/wldb_order_operate.html?command=get_materiel&rest_code=00102&base_code=0010476&code=00101019222 HTTP/1.1" 200 453
116.224.253.72 - - [12/May/2021:10:57:31 +0800] "GET /xingrg/all/function/internal_message.html?_=1620788239055&CODE_STATE=getMsg HTTP/1.1" 200 27
116.235.95.160 - - [12/May/2021:10:57:32 +0800] "GET /xingrg/kc/buy/cgsh_order_add.html HTTP/1.1" 200 62035
116.235.95.160 - - [12/May/2021:10:57:32 +0800] "GET /xingrg/javascript/easyui/themes/default/validatebox.css HTTP/1.1" 404 1104
117.131.5.26 - - [12/May/2021:10:57:32 +0800] "POST /xingrg/kc/buy/cgsh_order_operate.html HTTP/1.1" 200 8245
116.233.76.142 - - [12/May/2021:10:57:34 +0800] "GET /xingrg/all/function/internal_message.html?_=1620788252907&CODE_STATE=getMsg HTTP/1.1" 200 27
120.253.135.82 - - [12/May/2021:10:57:35 +0800] "GET /xingrg/kc/buy/cgsh_order_list.html HTTP/1.1" 200 46291
120.253.135.82 - - [12/May/2021:10:57:35 +0800] "POST /xingrg/kc/buy/cgsh_list_operate.html HTTP/1.1" 200 876
116.224.253.72 - - [12/May/2021:10:57:36 +0800] "GET /xingrg/kc/buy/cgsh_order_operate.html?command=get_materiel&rest_code=00150&code=00101010289&supplier_code=00100323&order_time=2021-05-12 HTTP/1.1" 200 447
120.253.135.82 - - [12/May/2021:10:57:37 +0800] "GET /xingrg/kc/buy/cgsh_order_add.html HTTP/1.1" 200 61089
180.161.124.236 - - [12/May/2021:10:57:37 +0800] "GET /xingrg/kc/base/wldb_order_operate.html?command=get_materiel&rest_code=00102&base_code=0010476&code=00101013011 HTTP/1.1" 200 451
120.253.135.82 - - [12/May/2021:10:57:37 +0800] "GET /xingrg/javascript/easyui/themes/icons/template_new.png HTTP/1.1" 304 -
120.253.135.82 - - [12/May/2021:10:57:37 +0800] "POST /xingrg/kc/buy/cgsh_order_operate.html HTTP/1.1" 200 8245
120.253.135.82 - - [12/May/2021:10:57:38 +0800] "GET /xingrg/all/common/auto_word.html?type=employee&rest_code=00101 HTTP/1.1" 200 1077
120.253.135.82 - - [12/May/2021:10:57:38 +0800] "GET /xingrg/all/common/auto_word.html?type=employee&rest_code=00101 HTTP/1.1" 200 1077
120.253.135.82 - - [12/May/2021:10:57:38 +0800] "GET /xingrg/javascript/easyui/themes/default/validatebox.css HTTP/1.1" 404 1104
180.161.124.236 - - [12/May/2021:10:57:44 +0800] "GET /xingrg/kc/base/wldb_order_operate.html?command=get_materiel&rest_code=00102&base_code=0010476&code=00101019391 HTTP/1.1" 200 471
58.37.228.113 - - [12/May/2021:10:57:45 +0800] "POST /xingrg/kc/buy/cgsh_order_operate.html HTTP/1.1" 200 37
58.37.228.113 - - [12/May/2021:10:57:48 +0800] "POST /xingrg/kc/buy/cgsh_order_operate.html HTTP/1.1" 200 12
58.37.228.113 - - [12/May/2021:10:57:48 +0800] "GET /xingrg/kc/buy/cgsh_order_info.html?code=212021051205171 HTTP/1.1" 200 56941
116.224.253.72 - - [12/May/2021:10:57:48 +0800] "GET /xingrg/kc/buy/cgsh_order_operate.html?command=get_materiel&rest_code=00150&code=00101012074&supplier_code=00100323&order_time=2021-05-12 HTTP/1.1" 200 416
58.37.228.113 - - [12/May/2021:10:57:49 +0800] "GET /xingrg/javascript/easyui/themes/default/validatebox.css HTTP/1.1" 404 1104
58.37.228.113 - - [12/May/2021:10:57:49 +0800] "POST /xingrg/kc/buy/cgsh_order_operate.html HTTP/1.1" 200 604
58.37.228.113 - - [12/May/2021:10:57:50 +0800] "GET /xingrg/kc/print/load_data.html?order_code=212021051205171&kc_code=cgsh&condition= HTTP/1.1" 200 711
180.161.124.236 - - [12/May/2021:10:57:53 +0800] "GET /xingrg/kc/base/wldb_order_operate.html?command=get_materiel&rest_code=00102&base_code=0010476&code=00101019130 HTTP/1.1" 200 471
101.85.94.178 - - [12/May/2021:10:57:54 +0800] "GET /xingrg/all/function/internal_message.html?_=1620787775375&CODE_STATE=getMsg HTTP/1.1" 200 27
58.37.228.113 - - [12/May/2021:10:57:54 +0800] "GET /xingrg/kc/buy/cgsh_order_add.html HTTP/1.1" 200 62035
120.253.135.82 - - [12/May/2021:10:57:55 +0800] "GET /xingrg/all/function/internal_message.html?_=1620788055624&CODE_STATE=getMsg HTTP/1.1" 200 27
58.37.228.113 - - [12/May/2021:10:57:55 +0800] "POST /xingrg/kc/buy/cgsh_order_operate.html HTTP/1.1" 200 8245
58.37.228.113 - - [12/May/2021:10:57:55 +0800] "GET /xingrg/javascript/easyui/themes/default/validatebox.css HTTP/1.1" 404 1104
180.169.147.146 - - [12/May/2021:10:57:55 +0800] "GET /xingrg/all/function/internal_message.html?_=1620788276151&CODE_STATE=getMsg HTTP/1.1" 200 27
117.131.5.26 - - [12/May/2021:10:57:55 +0800] "GET /xingrg/kc/buy/cgsh_order_operate.html?command=get_materiel&rest_code=00104&code=00101010079&supplier_code=00100336&order_time=2021-05-12 HTTP/1.1" 200 413
180.161.124.236 - - [12/May/2021:10:58:00 +0800] "GET /xingrg/kc/base/wldb_order_operate.html?command=get_materiel&rest_code=00102&base_code=0010476&code=00101019134 HTTP/1.1" 200 466
117.185.32.26 - - [12/May/2021:10:58:00 +0800] "GET /xingrg/check_reg.html?_=1620788278995 HTTP/1.1" 200 22
117.185.32.26 - - [12/May/2021:10:58:00 +0800] "GET /xingrg/all/function/internal_message.html?_=1620788278997&CODE_STATE=getMsg HTTP/1.1" 200 27
117.185.32.26 - - [12/May/2021:10:58:03 +0800] "GET /xingrg/kc/buy/cgsh_order_operate.html?command=get_materiel&rest_code=00106&code=00101003006&supplier_code=00100092&order_time=2021-05-12 HTTP/1.1" 200 430
120.253.135.82 - - [12/May/2021:10:58:03 +0800] "GET /xingrg/css/images/panel_loading.gif HTTP/1.1" 304 -
120.253.135.82 - - [12/May/2021:10:58:03 +0800] "POST /xingrg/all/common/load_combo.html?type=employee HTTP/1.1" 200 1928
180.161.124.236 - - [12/May/2021:10:58:05 +0800] "GET /xingrg/kc/base/wldb_order_operate.html?command=get_materiel&rest_code=00102&base_code=0010476&code=00101019127 HTTP/1.1" 200 466
58.37.228.113 - - [12/May/2021:10:58:07 +0800] "GET /xingrg/kc/buy/cgsh_order_operate.html?command=get_materiel&rest_code=00141&code=00101013036&supplier_code=00100337&order_time=2021-05-12 HTTP/1.1" 200 428
116.224.253.72 - - [12/May/2021:10:58:09 +0800] "GET /xingrg/all/function/internal_message.html?_=1620788288476&CODE_STATE=getMsg HTTP/1.1" 200 27
180.161.124.236 - - [12/May/2021:10:58:12 +0800] "GET /xingrg/kc/base/wldb_order_operate.html?command=get_materiel&rest_code=00102&base_code=0010476&code=00101019527 HTTP/1.1" 200 473
180.161.124.236 - - [12/May/2021:10:58:12 +0800] "GET /xingrg/login.html HTTP/1.1" 200 7641
180.161.124.236 - - [12/May/2021:10:58:12 +0800] "GET /favicon.ico HTTP/1.1" 404 -
120.253.135.82 - - [12/May/2021:10:58:13 +0800] "GET /xingrg/all/function/internal_message.html?_=1620788353695&CODE_STATE=getMsg HTTP/1.1" 200 27
101.89.28.68 - - [12/May/2021:10:58:13 +0800] "GET /xingrg/kc/print/load_data.html?order_code=212021051205169&kc_code=cgsh&condition= HTTP/1.1" 302 -
180.161.124.236 - - [12/May/2021:10:58:13 +0800] "POST /xingrg/login.do HTTP/1.1" 302 -
180.161.124.236 - - [12/May/2021:10:58:13 +0800] "GET /xingrg/index.html?sysBaseUrl=http%3A%2F%2F180.169.147.146%3A18081%2Fxingrg%2F&costTime=39×tamp=1620788293805 HTTP/1.1" 200 17173
180.161.124.236 - - [12/May/2021:10:58:13 +0800] "GET /xingrg/javascript/jquery_easy_ui/themes/default/easyui.css HTTP/1.1" 304 -
180.161.124.236 - - [12/May/2021:10:58:13 +0800] "GET /xingrg/javascript/jquery_easy_ui/jquery.easyui.min.js HTTP/1.1" 304 -
180.161.124.236 - - [12/May/2021:10:58:13 +0800] "GET /xingrg/css/form.css HTTP/1.1" 304 -
180.161.124.236 - - [12/May/2021:10:58:13 +0800] "GET /xingrg/javascript/jquery-1.4.2.min.js HTTP/1.1" 304 -
180.161.124.236 - - [12/May/2021:10:58:13 +0800] "GET /xingrg/javascript/jquery_easy_ui/themes/icon.css HTTP/1.1" 304 -
180.161.124.236 - - [12/May/2021:10:58:13 +0800] "GET /xingrg/javascript/jquery.form.js HTTP/1.1" 304 -
180.161.124.236 - - [12/May/2021:10:58:13 +0800] "GET /xingrg/javascript/jquery_easy_ui/easyui-lang-zh_CN.js HTTP/1.1" 304 -
180.161.124.236 - - [12/May/2021:10:58:13 +0800] "GET /xingrg/javascript/jquery.utils.js HTTP/1.1" 304 -
180.161.124.236 - - [12/May/2021:10:58:13 +0800] "GET /xingrg/javascript/jquery.timers.js HTTP/1.1" 304 -
180.161.124.236 - - [12/May/2021:10:58:14 +0800] "GET /favicon.ico HTTP/1.1" 404 -
180.161.124.236 - - [12/May/2021:10:58:14 +0800] "POST /xingrg/all/common/load_tree.html?tree=area_rest_tree_json&manage=1 HTTP/1.1" 200 342
117.131.5.26 - - [12/May/2021:10:58:14 +0800] "GET /xingrg/all/function/internal_message.html?_=1620788380970&CODE_STATE=getMsg HTTP/1.1" 200 27
180.161.124.236 - - [12/May/2021:10:58:14 +0800] "GET /xingrg/all/function/internal_message.html?_=1620788294101&CODE_STATE=count HTTP/1.1" 200 11
180.161.124.236 - - [12/May/2021:10:58:14 +0800] "GET /xingrg/check_reg.html?_=1620788294103 HTTP/1.1" 200 22
180.161.124.236 - - [12/May/2021:10:58:14 +0800] "POST /xingrg/load_menu.html HTTP/1.1" 200 5138
116.230.76.31 - - [12/May/2021:10:58:15 +0800] "GET /xingrg/all/function/internal_message.html?_=1620788288175&CODE_STATE=getMsg HTTP/1.1" 200 27
101.89.28.68 - - [12/May/2021:10:58:16 +0800] "GET /xingrg/login.html HTTP/1.1" 200 7641
116.230.110.80 - - [12/May/2021:10:58:16 +0800] "GET /xingrg/all/function/internal_message.html?_=1620788293865&CODE_STATE=getMsg HTTP/1.1" 200 27
180.161.124.236 - - [12/May/2021:10:58:16 +0800] "GET /xingrg/css/base.css HTTP/1.1" 304 -
180.161.124.236 - - [12/May/2021:10:58:16 +0800] "GET /xingrg/css/site.css HTTP/1.1" 304 -
180.161.124.236 - - [12/May/2021:10:58:16 +0800] "GET /xingrg/javascript/jquery_tools/datebox.css HTTP/1.1" 304 -
180.161.124.236 - - [12/May/2021:10:58:16 +0800] "GET /xingrg/kc/buy/cgsh_order_list.html HTTP/1.1" 200 46291
180.161.124.236 - - [12/May/2021:10:58:16 +0800] "GET /xingrg/javascript/easyui/themes/default/easyui.css HTTP/1.1" 304 -
180.161.124.236 - - [12/May/2021:10:58:16 +0800] "GET /xingrg/javascript/easyui/themes/icon.css HTTP/1.1" 304 -
180.161.124.236 - - [12/May/2021:10:58:16 +0800] "GET /xingrg/javascript/auto/jquery.autocomplete.css HTTP/1.1" 304 -
180.161.124.236 - - [12/May/2021:10:58:16 +0800] "GET /xingrg/javascript/jquery_tools/fix.css HTTP/1.1" 304 -
180.161.124.236 - - [12/May/2021:10:58:16 +0800] "GET /xingrg/javascript/jquery_tools/table.css HTTP/1.1" 304 -
180.161.124.236 - - [12/May/2021:10:58:16 +0800] "GET /xingrg/javascript/jquery_tools/jquery.tools.min.js HTTP/1.1" 304 -
180.161.124.236 - - [12/May/2021:10:58:16 +0800] "GET /xingrg/javascript/jquery_tools/jquery.tools.extend.js HTTP/1.1" 304 -
180.161.124.236 - - [12/May/2021:10:58:16 +0800] "GET /xingrg/javascript/jquery_tools/jquery.tools.hotkey.js HTTP/1.1" 304 -
180.161.124.236 - - [12/May/2021:10:58:16 +0800] "GET /xingrg/javascript/jquery_tools/jquery.tools.table.js HTTP/1.1" 304 -
180.161.124.236 - - [12/May/2021:10:58:16 +0800] "GET /xingrg/javascript/jquery_tools/list_manager.js HTTP/1.1" 304 -
180.161.124.236 - - [12/May/2021:10:58:16 +0800] "GET /xingrg/javascript/auto/jquery.autocomplete.js HTTP/1.1" 304 -
180.161.124.236 - - [12/May/2021:10:58:16 +0800] "GET /xingrg/javascript/easyui/easyloader.js HTTP/1.1" 304 -
180.161.124.236 - - [12/May/2021:10:58:16 +0800] "GET /xingrg/javascript/jquery.cookie.js HTTP/1.1" 304 -
180.161.124.236 - - [12/May/2021:10:58:16 +0800] "GET /xingrg/javascript/print/LodopFuncs.js HTTP/1.1" 304 -
180.161.124.236 - - [12/May/2021:10:58:17 +0800] "GET /xingrg/javascript/easyui/plugins/jquery.parser.js HTTP/1.1" 304 -
58.37.228.113 - - [12/May/2021:10:58:17 +0800] "POST /xingrg/kc/buy/cgsh_order_operate.html HTTP/1.1" 200 37
180.161.124.236 - - [12/May/2021:10:58:18 +0800] "POST /xingrg/kc/buy/cgsh_list_operate.html HTTP/1.1" 200 876
114.86.187.76 - - [12/May/2021:10:58:18 +0800] "GET /xingrg/all/function/internal_message.html?_=1620788296949&CODE_STATE=getMsg HTTP/1.1" 200 27
58.37.228.113 - - [12/May/2021:10:58:19 +0800] "GET /xingrg/all/function/internal_message.html?_=1620788301653&CODE_STATE=getMsg HTTP/1.1" 200 27
180.161.124.236 - - [12/May/2021:10:58:20 +0800] "GET /xingrg/kc/base/wldb_order_operate.html?command=get_materiel&rest_code=00102&base_code=0010476&code=00101019183 HTTP/1.1" 200 433
61.165.42.208 - - [12/May/2021:10:58:20 +0800] "GET /xingrg/all/function/internal_message.html?_=1620788300229&CODE_STATE=getMsg HTTP/1.1" 200 27
