58.37.228.113 - - [12/May/2021:10:49:35 +0800] "GET /xingrg/kc/print/load_data.html?order_code=212021051205133&kc_code=cgsh&condition= HTTP/1.1" 200 705
180.161.124.236 - - [12/May/2021:10:49:35 +0800] "GET /xingrg/kc/buy/cgsh_order_add.html HTTP/1.1" 200 61988
180.161.124.236 - - [12/May/2021:10:49:37 +0800] "POST /xingrg/kc/buy/cgsh_order_operate.html HTTP/1.1" 200 8245
180.161.124.236 - - [12/May/2021:10:49:37 +0800] "GET /xingrg/javascript/easyui/themes/default/validatebox.css HTTP/1.1" 404 1104
117.131.5.26 - - [12/May/2021:10:49:39 +0800] "POST /xingrg/kc/buy/cgsh_order_operate.html HTTP/1.1" 200 2665
114.86.187.76 - - [12/May/2021:10:49:40 +0800] "GET /xingrg/javascript/easyui/themes/default/images/button_plain_hover.png HTTP/1.1" 304 -
114.86.187.76 - - [12/May/2021:10:49:40 +0800] "GET /xingrg/javascript/easyui/themes/default/images/button_plain_hover.png HTTP/1.1" 304 -
114.86.187.76 - - [12/May/2021:10:49:40 +0800] "GET /xingrg/javascript/easyui/themes/default/images/button_plain_hover.png HTTP/1.1" 304 -
114.86.187.76 - - [12/May/2021:10:49:40 +0800] "GET /xingrg/javascript/easyui/themes/default/images/button_plain_hover.png HTTP/1.1" 304 -
114.86.187.76 - - [12/May/2021:10:49:40 +0800] "GET /xingrg/javascript/easyui/themes/default/images/button_plain_hover.png HTTP/1.1" 304 -
114.86.187.76 - - [12/May/2021:10:49:40 +0800] "GET /xingrg/javascript/easyui/themes/default/images/button_plain_hover.png HTTP/1.1" 304 -
114.86.187.76 - - [12/May/2021:10:49:40 +0800] "GET /xingrg/javascript/easyui/themes/default/images/button_plain_hover.png HTTP/1.1" 304 -
114.86.187.76 - - [12/May/2021:10:49:40 +0800] "GET /xingrg/javascript/easyui/themes/default/images/button_plain_hover.png HTTP/1.1" 304 -
114.86.187.76 - - [12/May/2021:10:49:40 +0800] "GET /xingrg/javascript/easyui/themes/default/images/button_plain_hover.png HTTP/1.1" 304 -
114.86.187.76 - - [12/May/2021:10:49:40 +0800] "GET /xingrg/javascript/easyui/themes/default/images/button_plain_hover.png HTTP/1.1" 304 -
117.131.5.26 - - [12/May/2021:10:49:40 +0800] "GET /xingrg/kc/print/load_data.html?order_code=212021051205134&kc_code=cgsh&condition= HTTP/1.1" 200 745
114.86.187.76 - - [12/May/2021:10:49:41 +0800] "GET /xingrg/javascript/easyui/themes/default/images/button_plain_hover.png HTTP/1.1" 304 -
114.86.187.76 - - [12/May/2021:10:49:43 +0800] "POST /xingrg/kc/buy/cgsh_order_operate.html HTTP/1.1" 200 37
116.224.253.72 - - [12/May/2021:10:49:44 +0800] "GET /xingrg/kc/buy/cgsh_order_add.html HTTP/1.1" 200 61953
58.37.228.113 - - [12/May/2021:10:49:44 +0800] "GET /xingrg/kc/buy/cgsh_order_add.html HTTP/1.1" 200 62035
116.224.253.72 - - [12/May/2021:10:49:45 +0800] "POST /xingrg/kc/buy/cgsh_order_operate.html HTTP/1.1" 200 8245
116.224.253.72 - - [12/May/2021:10:49:45 +0800] "GET /xingrg/javascript/easyui/themes/default/validatebox.css HTTP/1.1" 404 1104
58.37.228.113 - - [12/May/2021:10:49:45 +0800] "POST /xingrg/kc/buy/cgsh_order_operate.html HTTP/1.1" 200 8245
58.37.228.113 - - [12/May/2021:10:49:45 +0800] "GET /xingrg/javascript/easyui/themes/default/validatebox.css HTTP/1.1" 404 1104
114.86.187.76 - - [12/May/2021:10:49:46 +0800] "POST /xingrg/kc/buy/cgsh_order_operate.html HTTP/1.1" 200 3246
180.161.124.236 - - [12/May/2021:10:49:47 +0800] "GET /xingrg/javascript/easyui/themes/default/tree.css HTTP/1.1" 404 1090
180.161.124.236 - - [12/May/2021:10:49:47 +0800] "POST /xingrg/all/common/load_tree.html?tree=supplier_tree_json&isDelete=1 HTTP/1.1" 200 55318
116.230.110.80 - - [12/May/2021:10:49:49 +0800] "GET /xingrg/kc/buy/cgsh_order_operate.html?command=get_materiel&rest_code=00155&code=00101016067&supplier_code=00100329&order_time=2021-05-12 HTTP/1.1" 200 412
117.131.5.26 - - [12/May/2021:10:49:50 +0800] "GET /xingrg/kc/buy/cgsh_order_add.html HTTP/1.1" 200 62035
117.131.5.26 - - [12/May/2021:10:49:51 +0800] "POST /xingrg/kc/buy/cgsh_order_operate.html HTTP/1.1" 200 8245
116.235.95.160 - - [12/May/2021:10:49:51 +0800] "GET /xingrg/javascript/easyui/themes/default/validatebox.css HTTP/1.1" 404 1104
101.85.94.178 - - [12/May/2021:10:49:54 +0800] "GET /xingrg/all/function/internal_message.html?_=1620787295382&CODE_STATE=getMsg HTTP/1.1" 200 27
101.85.94.178 - - [12/May/2021:10:49:54 +0800] "GET /xingrg/check_reg.html?_=1620787295381 HTTP/1.1" 200 22
180.169.147.146 - - [12/May/2021:10:49:55 +0800] "GET /xingrg/check_reg.html?_=1620787796159 HTTP/1.1" 200 22
180.169.147.146 - - [12/May/2021:10:49:55 +0800] "GET /xingrg/all/function/internal_message.html?_=1620787796163&CODE_STATE=getMsg HTTP/1.1" 200 27
114.86.187.76 - - [12/May/2021:10:49:57 +0800] "GET /xingrg/javascript/easyui/themes/default/images/button_plain_hover.png HTTP/1.1" 304 -
114.86.187.76 - - [12/May/2021:10:49:57 +0800] "GET /xingrg/javascript/easyui/themes/default/images/button_plain_hover.png HTTP/1.1" 304 -
114.86.187.76 - - [12/May/2021:10:49:57 +0800] "GET /xingrg/javascript/easyui/themes/default/images/button_plain_hover.png HTTP/1.1" 304 -
116.230.110.80 - - [12/May/2021:10:49:58 +0800] "GET /xingrg/kc/buy/cgsh_order_operate.html?command=get_materiel&rest_code=00155&code=00101010275&supplier_code=00100329&order_time=2021-05-12 HTTP/1.1" 200 427
117.185.32.26 - - [12/May/2021:10:50:00 +0800] "GET /xingrg/all/function/internal_message.html?_=1620787798994&CODE_STATE=getMsg HTTP/1.1" 200 27
58.37.228.113 - - [12/May/2021:10:50:01 +0800] "GET /xingrg/kc/buy/cgsh_order_operate.html?command=get_materiel&rest_code=00141&code=00101007173&supplier_code=00100343&order_time=2021-05-12 HTTP/1.1" 200 397
117.131.5.26 - - [12/May/2021:10:50:01 +0800] "GET /xingrg/all/function/internal_message.html?_=1620787888537&CODE_STATE=getMsg HTTP/1.1" 200 27
116.224.253.72 - - [12/May/2021:10:50:02 +0800] "GET /xingrg/kc/buy/cgsh_order_operate.html?command=get_materiel&rest_code=00150&code=00101010079&supplier_code=00100336&order_time=2021-05-12 HTTP/1.1" 200 413
114.86.187.76 - - [12/May/2021:10:50:03 +0800] "GET /xingrg/all/function/internal_message.html?_=1620787802294&CODE_STATE=getMsg HTTP/1.1" 200 27
116.230.110.80 - - [12/May/2021:10:50:04 +0800] "POST /xingrg/kc/buy/cgsh_order_operate.html HTTP/1.1" 200 37
116.230.110.80 - - [12/May/2021:10:50:06 +0800] "POST /xingrg/kc/buy/cgsh_order_operate.html HTTP/1.1" 200 3867
116.230.110.80 - - [12/May/2021:10:50:07 +0800] "GET /xingrg/kc/print/load_data.html?order_code=212021051205136&kc_code=cgsh&condition= HTTP/1.1" 200 1161
180.161.124.236 - - [12/May/2021:10:50:08 +0800] "GET /xingrg/check_reg.html?_=1620787765689 HTTP/1.1" 200 22
117.131.5.26 - - [12/May/2021:10:50:08 +0800] "GET /xingrg/kc/buy/cgsh_order_operate.html?command=get_materiel&rest_code=00104&code=00101002006&supplier_code=00100091&order_time=2021-05-12 HTTP/1.1" 200 414
116.224.253.72 - - [12/May/2021:10:50:09 +0800] "GET /xingrg/all/function/internal_message.html?_=1620787808573&CODE_STATE=getMsg HTTP/1.1" 200 27
114.86.187.76 - - [12/May/2021:10:50:11 +0800] "GET /xingrg/javascript/easyui/themes/default/images/button_plain_hover.png HTTP/1.1" 304 -
114.86.187.76 - - [12/May/2021:10:50:11 +0800] "GET /xingrg/javascript/easyui/themes/default/images/button_plain_hover.png HTTP/1.1" 304 -
114.86.187.76 - - [12/May/2021:10:50:11 +0800] "GET /xingrg/javascript/easyui/themes/default/images/button_plain_hover.png HTTP/1.1" 304 -
114.86.187.76 - - [12/May/2021:10:50:11 +0800] "GET /xingrg/javascript/easyui/themes/default/images/button_plain_hover.png HTTP/1.1" 304 -
114.86.187.76 - - [12/May/2021:10:50:11 +0800] "GET /xingrg/javascript/easyui/themes/default/images/button_plain_hover.png HTTP/1.1" 304 -
172.20.0.100 - - [12/May/2021:10:50:11 +0800] "GET /xingrg/all/function/internal_message.html?_=1620787811044&CODE_STATE=getMsg HTTP/1.1" 200 27
114.86.187.76 - - [12/May/2021:10:50:11 +0800] "GET /xingrg/kc/buy/cgsh_order_add.html HTTP/1.1" 200 62029
114.86.187.76 - - [12/May/2021:10:50:11 +0800] "GET /xingrg/css/base.css HTTP/1.1" 304 -
114.86.187.76 - - [12/May/2021:10:50:11 +0800] "GET /xingrg/javascript/easyui/themes/icon.css HTTP/1.1" 304 -
114.86.187.76 - - [12/May/2021:10:50:11 +0800] "GET /xingrg/javascript/easyui/themes/default/easyui.css HTTP/1.1" 304 -
114.86.187.76 - - [12/May/2021:10:50:11 +0800] "GET /xingrg/css/site.css HTTP/1.1" 304 -
114.86.187.76 - - [12/May/2021:10:50:11 +0800] "GET /xingrg/javascript/auto/jquery.autocomplete.css HTTP/1.1" 304 -
114.86.187.76 - - [12/May/2021:10:50:11 +0800] "GET /xingrg/javascript/jquery_tools/fix.css HTTP/1.1" 304 -
114.86.187.76 - - [12/May/2021:10:50:11 +0800] "GET /xingrg/javascript/jquery_tools/datebox.css HTTP/1.1" 304 -
114.86.187.76 - - [12/May/2021:10:50:11 +0800] "GET /xingrg/javascript/jquery_tools/table.css HTTP/1.1" 304 -
114.86.187.76 - - [12/May/2021:10:50:11 +0800] "GET /xingrg/javascript/jquery_tools/jquery.tools.extend.js HTTP/1.1" 304 -
114.86.187.76 - - [12/May/2021:10:50:11 +0800] "GET /xingrg/javascript/jquery_tools/jquery.tools.min.js HTTP/1.1" 304 -
114.86.187.76 - - [12/May/2021:10:50:11 +0800] "GET /xingrg/javascript/jquery_tools/jquery.tools.table.js HTTP/1.1" 304 -
114.86.187.76 - - [12/May/2021:10:50:11 +0800] "GET /xingrg/javascript/auto/jquery.autocomplete.js HTTP/1.1" 304 -
114.86.187.76 - - [12/May/2021:10:50:11 +0800] "GET /xingrg/javascript/jquery_tools/order_manager.js HTTP/1.1" 304 -
114.86.187.76 - - [12/May/2021:10:50:11 +0800] "GET /xingrg/javascript/easyui/easyloader.js HTTP/1.1" 304 -
114.86.187.76 - - [12/May/2021:10:50:11 +0800] "GET /xingrg/javascript/jquery.utils.js HTTP/1.1" 304 -
114.86.187.76 - - [12/May/2021:10:50:11 +0800] "GET /xingrg/javascript/pic_change.js HTTP/1.1" 304 -
114.86.187.76 - - [12/May/2021:10:50:11 +0800] "GET /xingrg/javascript/json2.js HTTP/1.1" 304 -
114.86.187.76 - - [12/May/2021:10:50:11 +0800] "GET /xingrg/javascript/print/LodopFuncs.js HTTP/1.1" 304 -
114.86.187.76 - - [12/May/2021:10:50:11 +0800] "GET /xingrg/javascript/print/kc_print.js HTTP/1.1" 304 -
114.86.187.76 - - [12/May/2021:10:50:11 +0800] "GET /xingrg/javascript/jquery.cookie.js HTTP/1.1" 304 -
114.86.187.76 - - [12/May/2021:10:50:11 +0800] "GET /xingrg/javascript/jquery_tools/jquery.tools.hotkey.js HTTP/1.1" 304 -
114.86.187.76 - - [12/May/2021:10:50:11 +0800] "GET /xingrg/javascript/convert.js HTTP/1.1" 304 -
114.86.187.76 - - [12/May/2021:10:50:11 +0800] "GET /xingrg/words/20210511134341_words.js HTTP/1.1" 304 -
114.86.187.76 - - [12/May/2021:10:50:12 +0800] "GET /xingrg/javascript/easyui/themes/icons/copy_new.png HTTP/1.1" 304 -
114.86.187.76 - - [12/May/2021:10:50:12 +0800] "GET /xingrg/javascript/easyui/themes/icons/template_new.png HTTP/1.1" 304 -
114.86.187.76 - - [12/May/2021:10:50:12 +0800] "GET /xingrg/javascript/easyui/themes/icons/ok.png HTTP/1.1" 304 -
114.86.187.76 - - [12/May/2021:10:50:12 +0800] "GET /xingrg/javascript/easyui/themes/default/images/menu_downarrow.png HTTP/1.1" 304 -
114.86.187.76 - - [12/May/2021:10:50:12 +0800] "GET /xingrg/javascript/easyui/themes/icons/print.png HTTP/1.1" 304 -
114.86.187.76 - - [12/May/2021:10:50:12 +0800] "GET /xingrg/javascript/easyui/themes/icons/cancel.png HTTP/1.1" 304 -
114.86.187.76 - - [12/May/2021:10:50:12 +0800] "GET /xingrg/javascript/easyui/plugins/jquery.parser.js HTTP/1.1" 304 -
114.86.187.76 - - [12/May/2021:10:50:12 +0800] "POST /xingrg/kc/buy/cgsh_order_operate.html HTTP/1.1" 200 8245
114.86.187.76 - - [12/May/2021:10:50:12 +0800] "GET /xingrg/javascript/easyui/themes/default/images/button_plain_hover.png HTTP/1.1" 304 -
114.86.187.76 - - [12/May/2021:10:50:12 +0800] "GET /xingrg/all/common/auto_word.html?type=employee&rest_code=00148 HTTP/1.1" 200 197
114.86.187.76 - - [12/May/2021:10:50:12 +0800] "GET /xingrg/all/common/auto_word.html?type=employee&rest_code=00148 HTTP/1.1" 200 197
114.86.187.76 - - [12/May/2021:10:50:12 +0800] "GET /xingrg/javascript/easyui/themes/default/images/button_plain_hover.png HTTP/1.1" 304 -
114.86.187.76 - - [12/May/2021:10:50:12 +0800] "GET /xingrg/javascript/easyui/themes/default/validatebox.css HTTP/1.1" 404 1104
114.86.187.76 - - [12/May/2021:10:50:12 +0800] "GET /xingrg/javascript/easyui/plugins/jquery.validatebox.js HTTP/1.1" 304 -
114.86.187.76 - - [12/May/2021:10:50:12 +0800] "GET /xingrg/javascript/easyui/plugins/jquery.numberbox.js HTTP/1.1" 304 -
120.253.135.82 - - [12/May/2021:10:50:13 +0800] "GET /xingrg/all/function/internal_message.html?_=1620787873523&CODE_STATE=getMsg HTTP/1.1" 200 27
58.37.228.113 - - [12/May/2021:10:50:13 +0800] "POST /xingrg/kc/buy/cgsh_order_operate.html HTTP/1.1" 200 37
116.230.110.80 - - [12/May/2021:10:50:13 +0800] "GET /xingrg/kc/buy/cgsh_order_add.html HTTP/1.1" 200 61997
114.86.187.76 - - [12/May/2021:10:50:14 +0800] "GET /xingrg/javascript/jquery_tools/jquery.tools.min.js HTTP/1.1" 304 -
114.86.187.76 - - [12/May/2021:10:50:14 +0800] "GET /xingrg/javascript/pic_change.js HTTP/1.1" 304 -
114.86.187.76 - - [12/May/2021:10:50:14 +0800] "GET /xingrg/javascript/jquery_tools/jquery.tools.hotkey.js HTTP/1.1" 304 -
114.86.187.76 - - [12/May/2021:10:50:14 +0800] "GET /xingrg/javascript/jquery_tools/jquery.tools.table.js HTTP/1.1" 304 -
114.86.187.76 - - [12/May/2021:10:50:14 +0800] "GET /xingrg/javascript/jquery_tools/jquery.tools.extend.js HTTP/1.1" 304 -
114.86.187.76 - - [12/May/2021:10:50:14 +0800] "GET /xingrg/javascript/auto/jquery.autocomplete.js HTTP/1.1" 304 -
114.86.187.76 - - [12/May/2021:10:50:14 +0800] "GET /xingrg/javascript/easyui/easyloader.js HTTP/1.1" 304 -
114.86.187.76 - - [12/May/2021:10:50:14 +0800] "GET /xingrg/javascript/jquery.utils.js HTTP/1.1" 304 -
114.86.187.76 - - [12/May/2021:10:50:14 +0800] "GET /xingrg/javascript/jquery_tools/order_manager.js HTTP/1.1" 304 -
114.86.187.76 - - [12/May/2021:10:50:14 +0800] "GET /xingrg/javascript/json2.js HTTP/1.1" 304 -
114.86.187.76 - - [12/May/2021:10:50:14 +0800] "GET /xingrg/javascript/print/LodopFuncs.js HTTP/1.1" 304 -
114.86.187.76 - - [12/May/2021:10:50:14 +0800] "GET /xingrg/javascript/jquery.cookie.js HTTP/1.1" 304 -
114.86.187.76 - - [12/May/2021:10:50:14 +0800] "GET /xingrg/javascript/print/kc_print.js HTTP/1.1" 304 -
114.86.187.76 - - [12/May/2021:10:50:14 +0800] "GET /xingrg/javascript/easyui/plugins/jquery.validatebox.js HTTP/1.1" 304 -
114.86.187.76 - - [12/May/2021:10:50:14 +0800] "GET /xingrg/javascript/easyui/plugins/jquery.parser.js HTTP/1.1" 304 -
114.86.187.76 - - [12/May/2021:10:50:14 +0800] "GET /xingrg/javascript/easyui/plugins/jquery.numberbox.js HTTP/1.1" 304 -
114.86.187.76 - - [12/May/2021:10:50:14 +0800] "GET /xingrg/javascript/convert.js HTTP/1.1" 304 -
114.86.187.76 - - [12/May/2021:10:50:14 +0800] "GET /xingrg/words/20210511134341_words.js HTTP/1.1" 304 -
116.230.110.80 - - [12/May/2021:10:50:14 +0800] "POST /xingrg/kc/buy/cgsh_order_operate.html HTTP/1.1" 200 8245
116.230.110.80 - - [12/May/2021:10:50:14 +0800] "GET /xingrg/javascript/easyui/themes/default/validatebox.css HTTP/1.1" 404 1104
116.230.76.31 - - [12/May/2021:10:50:15 +0800] "GET /xingrg/all/function/internal_message.html?_=1620787808321&CODE_STATE=getMsg HTTP/1.1" 200 27
116.230.110.80 - - [12/May/2021:10:50:16 +0800] "GET /xingrg/all/function/internal_message.html?_=1620787813995&CODE_STATE=getMsg HTTP/1.1" 200 27
114.86.187.76 - - [12/May/2021:10:50:18 +0800] "GET /xingrg/kc/buy/cgsh_order_operate.html?command=get_materiel&rest_code=00148&code=00101001140&supplier_code=00100090&order_time=2021-05-12 HTTP/1.1" 200 415
114.86.187.76 - - [12/May/2021:10:50:18 +0800] "GET /xingrg/javascript/easyui/themes/default/images/button_plain_hover.png HTTP/1.1" 304 -
58.37.228.113 - - [12/May/2021:10:50:18 +0800] "POST /xingrg/kc/buy/cgsh_order_operate.html HTTP/1.1" 200 12
58.37.228.113 - - [12/May/2021:10:50:19 +0800] "GET /xingrg/kc/buy/cgsh_order_info.html?code=212021051205137 HTTP/1.1" 200 56941
61.151.178.166 - - [12/May/2021:10:50:19 +0800] "GET /xingrg/all/function/internal_message.html?_=1620787761850&CODE_STATE=getMsg HTTP/1.1" 302 -
58.37.228.113 - - [12/May/2021:10:50:19 +0800] "GET /xingrg/javascript/easyui/themes/default/validatebox.css HTTP/1.1" 404 1104
58.37.228.113 - - [12/May/2021:10:50:20 +0800] "GET /xingrg/all/function/internal_message.html?_=1620787821835&CODE_STATE=getMsg HTTP/1.1" 200 27
58.37.228.113 - - [12/May/2021:10:50:20 +0800] "GET /xingrg/check_reg.html?_=1620787821882 HTTP/1.1" 200 22
58.37.228.113 - - [12/May/2021:10:50:20 +0800] "POST /xingrg/kc/buy/cgsh_order_operate.html HTTP/1.1" 200 605
61.165.42.208 - - [12/May/2021:10:50:20 +0800] "GET /xingrg/all/function/internal_message.html?_=1620787820225&CODE_STATE=getMsg HTTP/1.1" 200 27
61.165.42.208 - - [12/May/2021:10:50:20 +0800] "GET /xingrg/check_reg.html?_=1620787820229 HTTP/1.1" 200 22
116.230.114.112 - - [12/May/2021:10:50:21 +0800] "GET /xingrg/check_reg.html?_=1620787829217 HTTP/1.1" 200 22
61.151.178.166 - - [12/May/2021:10:50:21 +0800] "GET /xingrg/login.html HTTP/1.1" 200 7641
58.37.228.113 - - [12/May/2021:10:50:21 +0800] "GET /xingrg/kc/print/load_data.html?order_code=212021051205137&kc_code=cgsh&condition= HTTP/1.1" 200 712
116.230.110.80 - - [12/May/2021:10:50:23 +0800] "GET /xingrg/kc/buy/cgsh_order_operate.html?command=get_materiel&rest_code=00155&code=00101006001&supplier_code=00100404&order_time=2021-05-12 HTTP/1.1" 200 428
58.37.228.113 - - [12/May/2021:10:50:24 +0800] "GET /xingrg/kc/buy/cgsh_order_add.html HTTP/1.1" 200 62035
58.37.228.113 - - [12/May/2021:10:50:24 +0800] "GET /xingrg/javascript/easyui/themes/default/validatebox.css HTTP/1.1" 404 1104
58.37.228.113 - - [12/May/2021:10:50:24 +0800] "POST /xingrg/kc/buy/cgsh_order_operate.html HTTP/1.1" 200 8245
180.161.124.236 - - [12/May/2021:10:50:27 +0800] "GET /xingrg/all/function/internal_message.html?_=1620787784873&CODE_STATE=getMsg HTTP/1.1" 200 27
116.224.253.72 - - [12/May/2021:10:50:27 +0800] "POST /xingrg/kc/buy/cgsh_order_operate.html HTTP/1.1" 200 37
114.86.187.76 - - [12/May/2021:10:50:28 +0800] "GET /xingrg/kc/buy/cgsh_order_operate.html?command=get_materiel&rest_code=00148&code=00101001125&supplier_code=00100090&order_time=2021-05-12 HTTP/1.1" 200 415
114.86.187.76 - - [12/May/2021:10:50:28 +0800] "GET /xingrg/javascript/easyui/themes/default/images/button_plain_hover.png HTTP/1.1" 304 -
116.230.114.112 - - [12/May/2021:10:50:30 +0800] "GET /xingrg/all/function/internal_message.html?_=1620787838820&CODE_STATE=getMsg HTTP/1.1" 200 27
116.224.253.72 - - [12/May/2021:10:50:30 +0800] "POST /xingrg/kc/buy/cgsh_order_operate.html HTTP/1.1" 200 12
116.224.253.72 - - [12/May/2021:10:50:31 +0800] "GET /xingrg/all/function/internal_message.html?_=1620787818823&CODE_STATE=getMsg HTTP/1.1" 200 27
116.224.253.72 - - [12/May/2021:10:50:31 +0800] "GET /xingrg/kc/buy/cgsh_order_info.html?code=212021051205138 HTTP/1.1" 200 56855
116.224.253.72 - - [12/May/2021:10:50:32 +0800] "GET /xingrg/javascript/easyui/themes/default/validatebox.css HTTP/1.1" 404 1104
116.224.253.72 - - [12/May/2021:10:50:32 +0800] "POST /xingrg/kc/buy/cgsh_order_operate.html HTTP/1.1" 200 607
117.131.5.26 - - [12/May/2021:10:50:32 +0800] "GET /xingrg/kc/buy/cgsh_order_operate.html?command=get_materiel&rest_code=00104&code=00101002034&supplier_code=00100091&order_time=2021-05-12 HTTP/1.1" 200 409
116.224.253.72 - - [12/May/2021:10:50:33 +0800] "GET /xingrg/kc/print/load_data.html?order_code=212021051205138&kc_code=cgsh&condition= HTTP/1.1" 200 708
114.86.187.76 - - [12/May/2021:10:50:33 +0800] "GET /xingrg/javascript/easyui/themes/default/images/button_plain_hover.png HTTP/1.1" 304 -
114.86.187.76 - - [12/May/2021:10:50:33 +0800] "GET /xingrg/javascript/easyui/themes/default/images/button_plain_hover.png HTTP/1.1" 304 -
116.233.76.142 - - [12/May/2021:10:50:34 +0800] "GET /xingrg/all/function/internal_message.html?_=1620787832890&CODE_STATE=getMsg HTTP/1.1" 200 27
114.86.187.76 - - [12/May/2021:10:50:34 +0800] "GET /xingrg/javascript/easyui/themes/default/images/button_plain_hover.png HTTP/1.1" 304 -
114.86.187.76 - - [12/May/2021:10:50:34 +0800] "GET /xingrg/javascript/easyui/themes/default/images/button_plain_hover.png HTTP/1.1" 304 -
114.86.187.76 - - [12/May/2021:10:50:34 +0800] "GET /xingrg/javascript/easyui/themes/default/images/button_plain_hover.png HTTP/1.1" 304 -
114.86.187.76 - - [12/May/2021:10:50:34 +0800] "GET /xingrg/javascript/easyui/themes/default/images/button_plain_hover.png HTTP/1.1" 304 -
114.86.187.76 - - [12/May/2021:10:50:34 +0800] "GET /xingrg/javascript/easyui/themes/default/images/button_plain_hover.png HTTP/1.1" 304 -
114.86.187.76 - - [12/May/2021:10:50:34 +0800] "GET /xingrg/javascript/easyui/themes/default/images/button_plain_hover.png HTTP/1.1" 304 -
114.86.187.76 - - [12/May/2021:10:50:34 +0800] "GET /xingrg/javascript/easyui/themes/default/images/button_plain_hover.png HTTP/1.1" 304 -
114.86.187.76 - - [12/May/2021:10:50:35 +0800] "GET /xingrg/javascript/easyui/themes/default/images/button_plain_hover.png HTTP/1.1" 304 -
114.86.187.76 - - [12/May/2021:10:50:35 +0800] "GET /xingrg/javascript/easyui/themes/default/images/button_plain_hover.png HTTP/1.1" 304 -
116.230.110.80 - - [12/May/2021:10:50:36 +0800] "POST /xingrg/kc/buy/cgsh_order_operate.html HTTP/1.1" 200 37
116.224.253.72 - - [12/May/2021:10:50:37 +0800] "GET /xingrg/kc/buy/cgsh_order_add.html HTTP/1.1" 200 61953
116.224.253.72 - - [12/May/2021:10:50:38 +0800] "POST /xingrg/kc/buy/cgsh_order_operate.html HTTP/1.1" 200 8245
116.224.253.72 - - [12/May/2021:10:50:38 +0800] "GET /xingrg/javascript/easyui/themes/default/validatebox.css HTTP/1.1" 404 1104
114.86.187.76 - - [12/May/2021:10:50:38 +0800] "POST /xingrg/kc/buy/cgsh_order_operate.html HTTP/1.1" 200 37
116.230.110.80 - - [12/May/2021:10:50:38 +0800] "POST /xingrg/kc/buy/cgsh_order_operate.html HTTP/1.1" 200 2675
116.230.110.80 - - [12/May/2021:10:50:39 +0800] "GET /xingrg/kc/print/load_data.html?order_code=212021051205139&kc_code=cgsh&condition= HTTP/1.1" 200 712
114.86.187.76 - - [12/May/2021:10:50:40 +0800] "POST /xingrg/kc/buy/cgsh_order_operate.html HTTP/1.1" 200 3259
117.131.5.26 - - [12/May/2021:10:50:43 +0800] "POST /xingrg/kc/buy/cgsh_order_operate.html HTTP/1.1" 200 37
117.131.5.26 - - [12/May/2021:10:50:45 +0800] "POST /xingrg/kc/buy/cgsh_order_operate.html HTTP/1.1" 200 3252
117.131.5.26 - - [12/May/2021:10:50:47 +0800] "GET /xingrg/kc/print/load_data.html?order_code=212021051205141&kc_code=cgsh&condition= HTTP/1.1" 200 973
180.161.124.236 - - [12/May/2021:10:50:50 +0800] "GET /xingrg/kc/buy/cgsh_order_operate.html?command=get_materiel&rest_code=00102&code=00101009011&supplier_code=00100424&order_time=2021-05-12 HTTP/1.1" 200 416
116.230.110.80 - - [12/May/2021:10:50:50 +0800] "GET /xingrg/kc/buy/cgsh_order_add.html HTTP/1.1" 200 61997
116.230.110.80 - - [12/May/2021:10:50:50 +0800] "POST /xingrg/kc/buy/cgsh_order_operate.html HTTP/1.1" 200 8245
116.230.110.80 - - [12/May/2021:10:50:50 +0800] "GET /xingrg/javascript/easyui/themes/default/validatebox.css HTTP/1.1" 404 1104
58.37.228.113 - - [12/May/2021:10:50:52 +0800] "GET /xingrg/kc/buy/cgsh_order_operate.html?command=get_materiel&rest_code=00141&code=00101010569&supplier_code=00100327&order_time=2021-05-12 HTTP/1.1" 200 397
114.86.187.76 - - [12/May/2021:10:50:53 +0800] "GET /xingrg/javascript/easyui/themes/default/images/button_plain_hover.png HTTP/1.1" 304 -
114.86.187.76 - - [12/May/2021:10:50:53 +0800] "GET /xingrg/javascript/easyui/themes/default/images/button_plain_hover.png HTTP/1.1" 304 -
101.85.94.178 - - [12/May/2021:10:50:54 +0800] "GET /xingrg/all/function/internal_message.html?_=1620787355365&CODE_STATE=getMsg HTTP/1.1" 200 27
114.86.187.76 - - [12/May/2021:10:50:54 +0800] "GET /xingrg/kc/buy/cgsh_order_add.html HTTP/1.1" 200 62029
114.86.187.76 - - [12/May/2021:10:50:54 +0800] "GET /xingrg/css/site.css HTTP/1.1" 304 -
114.86.187.76 - - [12/May/2021:10:50:54 +0800] "GET /xingrg/css/base.css HTTP/1.1" 304 -
114.86.187.76 - - [12/May/2021:10:50:54 +0800] "GET /xingrg/javascript/jquery_tools/datebox.css HTTP/1.1" 304 -
114.86.187.76 - - [12/May/2021:10:50:54 +0800] "GET /xingrg/javascript/easyui/themes/default/easyui.css HTTP/1.1" 304 -
114.86.187.76 - - [12/May/2021:10:50:54 +0800] "GET /xingrg/javascript/jquery_tools/fix.css HTTP/1.1" 304 -
114.86.187.76 - - [12/May/2021:10:50:54 +0800] "GET /xingrg/javascript/auto/jquery.autocomplete.css HTTP/1.1" 304 -
114.86.187.76 - - [12/May/2021:10:50:54 +0800] "GET /xingrg/javascript/easyui/themes/icon.css HTTP/1.1" 304 -
114.86.187.76 - - [12/May/2021:10:50:54 +0800] "GET /xingrg/javascript/jquery_tools/jquery.tools.extend.js HTTP/1.1" 304 -
114.86.187.76 - - [12/May/2021:10:50:54 +0800] "GET /xingrg/javascript/jquery_tools/jquery.tools.hotkey.js HTTP/1.1" 304 -
114.86.187.76 - - [12/May/2021:10:50:54 +0800] "GET /xingrg/javascript/jquery_tools/jquery.tools.min.js HTTP/1.1" 304 -
114.86.187.76 - - [12/May/2021:10:50:54 +0800] "GET /xingrg/javascript/auto/jquery.autocomplete.js HTTP/1.1" 304 -
114.86.187.76 - - [12/May/2021:10:50:54 +0800] "GET /xingrg/javascript/jquery_tools/jquery.tools.table.js HTTP/1.1" 304 -
114.86.187.76 - - [12/May/2021:10:50:54 +0800] "GET /xingrg/javascript/easyui/easyloader.js HTTP/1.1" 304 -
114.86.187.76 - - [12/May/2021:10:50:54 +0800] "GET /xingrg/javascript/jquery_tools/table.css HTTP/1.1" 304 -
114.86.187.76 - - [12/May/2021:10:50:54 +0800] "GET /xingrg/javascript/jquery.utils.js HTTP/1.1" 304 -
114.86.187.76 - - [12/May/2021:10:50:54 +0800] "GET /xingrg/javascript/pic_change.js HTTP/1.1" 304 -
114.86.187.76 - - [12/May/2021:10:50:54 +0800] "GET /xingrg/javascript/jquery_tools/order_manager.js HTTP/1.1" 304 -
114.86.187.76 - - [12/May/2021:10:50:54 +0800] "GET /xingrg/javascript/jquery.cookie.js HTTP/1.1" 304 -
114.86.187.76 - - [12/May/2021:10:50:54 +0800] "GET /xingrg/javascript/json2.js HTTP/1.1" 304 -
114.86.187.76 - - [12/May/2021:10:50:54 +0800] "GET /xingrg/javascript/print/kc_print.js HTTP/1.1" 304 -
114.86.187.76 - - [12/May/2021:10:50:54 +0800] "GET /xingrg/javascript/convert.js HTTP/1.1" 304 -
114.86.187.76 - - [12/May/2021:10:50:54 +0800] "GET /xingrg/javascript/print/LodopFuncs.js HTTP/1.1" 304 -
114.86.187.76 - - [12/May/2021:10:50:54 +0800] "GET /xingrg/words/20210511134341_words.js HTTP/1.1" 304 -
114.86.187.76 - - [12/May/2021:10:50:54 +0800] "GET /xingrg/javascript/easyui/themes/icons/copy_new.png HTTP/1.1" 304 -
114.86.187.76 - - [12/May/2021:10:50:54 +0800] "GET /xingrg/javascript/easyui/themes/icons/ok.png HTTP/1.1" 304 -
114.86.187.76 - - [12/May/2021:10:50:54 +0800] "GET /xingrg/javascript/easyui/themes/icons/template_new.png HTTP/1.1" 304 -
114.86.187.76 - - [12/May/2021:10:50:54 +0800] "GET /xingrg/javascript/easyui/themes/icons/print.png HTTP/1.1" 304 -
114.86.187.76 - - [12/May/2021:10:50:54 +0800] "GET /xingrg/javascript/easyui/themes/default/images/menu_downarrow.png HTTP/1.1" 304 -
114.86.187.76 - - [12/May/2021:10:50:54 +0800] "GET /xingrg/javascript/easyui/themes/icons/cancel.png HTTP/1.1" 304 -
114.86.187.76 - - [12/May/2021:10:50:54 +0800] "GET /xingrg/javascript/easyui/plugins/jquery.parser.js HTTP/1.1" 304 -
114.86.187.76 - - [12/May/2021:10:50:54 +0800] "POST /xingrg/kc/buy/cgsh_order_operate.html HTTP/1.1" 200 8245
114.86.187.76 - - [12/May/2021:10:50:54 +0800] "GET /xingrg/javascript/easyui/themes/default/images/button_plain_hover.png HTTP/1.1" 304 -
114.86.187.76 - - [12/May/2021:10:50:54 +0800] "GET /xingrg/all/common/auto_word.html?type=employee&rest_code=00148 HTTP/1.1" 200 197
114.86.187.76 - - [12/May/2021:10:50:54 +0800] "GET /xingrg/all/common/auto_word.html?type=employee&rest_code=00148 HTTP/1.1" 200 197
114.86.187.76 - - [12/May/2021:10:50:54 +0800] "GET /xingrg/javascript/easyui/themes/default/images/button_plain_hover.png HTTP/1.1" 304 -
114.86.187.76 - - [12/May/2021:10:50:54 +0800] "GET /xingrg/javascript/easyui/themes/default/validatebox.css HTTP/1.1" 404 1104
114.86.187.76 - - [12/May/2021:10:50:54 +0800] "GET /xingrg/javascript/easyui/plugins/jquery.validatebox.js HTTP/1.1" 304 -
114.86.187.76 - - [12/May/2021:10:50:54 +0800] "GET /xingrg/javascript/easyui/plugins/jquery.numberbox.js HTTP/1.1" 304 -
180.169.147.146 - - [12/May/2021:10:50:55 +0800] "GET /xingrg/all/function/internal_message.html?_=1620787856149&CODE_STATE=getMsg HTTP/1.1" 200 27
114.86.187.76 - - [12/May/2021:10:50:57 +0800] "GET /xingrg/javascript/pic_change.js HTTP/1.1" 304 -
114.86.187.76 - - [12/May/2021:10:50:57 +0800] "GET /xingrg/javascript/jquery_tools/jquery.tools.min.js HTTP/1.1" 304 -
114.86.187.76 - - [12/May/2021:10:50:57 +0800] "GET /xingrg/javascript/jquery_tools/jquery.tools.extend.js HTTP/1.1" 304 -
114.86.187.76 - - [12/May/2021:10:50:57 +0800] "GET /xingrg/javascript/jquery_tools/jquery.tools.hotkey.js HTTP/1.1" 304 -
114.86.187.76 - - [12/May/2021:10:50:57 +0800] "GET /xingrg/javascript/auto/jquery.autocomplete.js HTTP/1.1" 304 -
114.86.187.76 - - [12/May/2021:10:50:57 +0800] "GET /xingrg/javascript/easyui/easyloader.js HTTP/1.1" 304 -
114.86.187.76 - - [12/May/2021:10:50:57 +0800] "GET /xingrg/javascript/jquery_tools/jquery.tools.table.js HTTP/1.1" 304 -
114.86.187.76 - - [12/May/2021:10:50:57 +0800] "GET /xingrg/javascript/jquery.utils.js HTTP/1.1" 304 -
114.86.187.76 - - [12/May/2021:10:50:57 +0800] "GET /xingrg/javascript/json2.js HTTP/1.1" 304 -
114.86.187.76 - - [12/May/2021:10:50:57 +0800] "GET /xingrg/javascript/jquery_tools/order_manager.js HTTP/1.1" 304 -
114.86.187.76 - - [12/May/2021:10:50:57 +0800] "GET /xingrg/javascript/jquery.cookie.js HTTP/1.1" 304 -
114.86.187.76 - - [12/May/2021:10:50:57 +0800] "GET /xingrg/javascript/print/LodopFuncs.js HTTP/1.1" 304 -
114.86.187.76 - - [12/May/2021:10:50:57 +0800] "GET /xingrg/javascript/print/kc_print.js HTTP/1.1" 304 -
114.86.187.76 - - [12/May/2021:10:50:57 +0800] "GET /xingrg/javascript/easyui/plugins/jquery.parser.js HTTP/1.1" 304 -
114.86.187.76 - - [12/May/2021:10:50:57 +0800] "GET /xingrg/javascript/easyui/plugins/jquery.validatebox.js HTTP/1.1" 304 -
114.86.187.76 - - [12/May/2021:10:50:57 +0800] "GET /xingrg/javascript/easyui/plugins/jquery.numberbox.js HTTP/1.1" 304 -
114.86.187.76 - - [12/May/2021:10:50:57 +0800] "GET /xingrg/words/20210511134341_words.js HTTP/1.1" 304 -
114.86.187.76 - - [12/May/2021:10:50:57 +0800] "GET /xingrg/javascript/convert.js HTTP/1.1" 304 -
117.131.5.26 - - [12/May/2021:10:50:57 +0800] "GET /xingrg/kc/buy/cgsh_order_add.html HTTP/1.1" 200 62035
117.131.5.26 - - [12/May/2021:10:50:57 +0800] "POST /xingrg/kc/buy/cgsh_order_operate.html HTTP/1.1" 200 8245
117.131.5.26 - - [12/May/2021:10:50:57 +0800] "GET /xingrg/javascript/easyui/themes/default/validatebox.css HTTP/1.1" 404 1104
116.230.110.80 - - [12/May/2021:10:50:58 +0800] "GET /xingrg/kc/buy/cgsh_order_operate.html?command=get_materiel&rest_code=00155&code=00101001051&supplier_code=00100094&order_time=2021-05-12 HTTP/1.1" 200 422
117.185.32.26 - - [12/May/2021:10:51:00 +0800] "GET /xingrg/all/function/internal_message.html?_=1620787858994&CODE_STATE=getMsg HTTP/1.1" 200 27
120.204.17.73 - - [12/May/2021:10:51:01 +0800] "GET /xingrg/all/function/internal_message.html?_=1620787798994&CODE_STATE=getMsg HTTP/1.1" 302 -
117.131.5.26 - - [12/May/2021:10:51:01 +0800] "GET /xingrg/all/function/internal_message.html?_=1620787948516&CODE_STATE=getMsg HTTP/1.1" 200 27
117.185.32.26 - - [12/May/2021:10:51:01 +0800] "GET /xingrg/login.html HTTP/1.1" 200 7641
114.86.187.76 - - [12/May/2021:10:51:02 +0800] "GET /xingrg/kc/buy/cgsh_order_operate.html?command=get_materiel&rest_code=00148&code=00101001029&supplier_code=00100312&order_time=2021-05-12 HTTP/1.1" 200 413
114.86.187.76 - - [12/May/2021:10:51:02 +0800] "GET /xingrg/javascript/easyui/themes/default/images/button_plain_hover.png HTTP/1.1" 304 -
114.86.187.76 - - [12/May/2021:10:51:03 +0800] "GET /xingrg/check_reg.html?_=1620787861940 HTTP/1.1" 200 22
120.204.17.73 - - [12/May/2021:10:51:03 +0800] "GET /xingrg/login.html HTTP/1.1" 200 7641
114.86.187.76 - - [12/May/2021:10:51:03 +0800] "GET /xingrg/all/function/internal_message.html?_=1620787862298&CODE_STATE=getMsg HTTP/1.1" 200 27
58.37.228.113 - - [12/May/2021:10:51:04 +0800] "POST /xingrg/kc/buy/cgsh_order_operate.html HTTP/1.1" 200 37
117.185.32.26 - - [12/May/2021:10:51:04 +0800] "GET /favicon.ico HTTP/1.1" 404 -
116.230.110.80 - - [12/May/2021:10:51:06 +0800] "POST /xingrg/kc/buy/cgsh_order_operate.html HTTP/1.1" 200 37
114.86.187.76 - - [12/May/2021:10:51:08 +0800] "GET /xingrg/javascript/easyui/themes/default/images/button_plain_hover.png HTTP/1.1" 304 -
116.230.110.80 - - [12/May/2021:10:51:08 +0800] "POST /xingrg/kc/buy/cgsh_order_operate.html HTTP/1.1" 200 2669
58.37.228.113 - - [12/May/2021:10:51:09 +0800] "POST /xingrg/kc/buy/cgsh_order_operate.html HTTP/1.1" 200 12
116.230.110.80 - - [12/May/2021:10:51:09 +0800] "GET /xingrg/kc/print/load_data.html?order_code=212021051205143&kc_code=cgsh&condition= HTTP/1.1" 200 762
116.224.253.72 - - [12/May/2021:10:51:09 +0800] "GET /xingrg/all/function/internal_message.html?_=1620787868564&CODE_STATE=getMsg HTTP/1.1" 200 27
58.37.228.113 - - [12/May/2021:10:51:10 +0800] "GET /xingrg/kc/buy/cgsh_order_info.html?code=212021051205142 HTTP/1.1" 200 56937
58.37.228.113 - - [12/May/2021:10:51:10 +0800] "GET /xingrg/javascript/easyui/themes/default/validatebox.css HTTP/1.1" 404 1104
58.37.228.113 - - [12/May/2021:10:51:11 +0800] "POST /xingrg/kc/buy/cgsh_order_operate.html HTTP/1.1" 200 606
58.37.228.113 - - [12/May/2021:10:51:12 +0800] "GET /xingrg/kc/print/load_data.html?order_code=212021051205142&kc_code=cgsh&condition= HTTP/1.1" 200 707
120.253.135.82 - - [12/May/2021:10:51:13 +0800] "GET /xingrg/all/function/internal_message.html?_=1620787933565&CODE_STATE=getMsg HTTP/1.1" 200 27
114.86.187.76 - - [12/May/2021:10:51:14 +0800] "GET /xingrg/kc/buy/cgsh_order_operate.html?command=get_materiel&rest_code=00148&code=00101004090&supplier_code=00100312&order_time=2021-05-12 HTTP/1.1" 200 391
116.230.110.80 - - [12/May/2021:10:51:14 +0800] "GET /xingrg/kc/buy/cgsh_order_add.html HTTP/1.1" 200 61997
116.230.110.80 - - [12/May/2021:10:51:15 +0800] "POST /xingrg/kc/buy/cgsh_order_operate.html HTTP/1.1" 200 8245
116.230.110.80 - - [12/May/2021:10:51:15 +0800] "GET /xingrg/javascript/easyui/themes/default/validatebox.css HTTP/1.1" 404 1104
116.230.76.31 - - [12/May/2021:10:51:15 +0800] "GET /xingrg/all/function/internal_message.html?_=1620787868308&CODE_STATE=getMsg HTTP/1.1" 200 27
116.224.253.72 - - [12/May/2021:10:51:15 +0800] "GET /xingrg/kc/buy/cgsh_order_operate.html?command=get_materiel&rest_code=00150&code=00101001029&supplier_code=00100312&order_time=2021-05-12 HTTP/1.1" 200 415
58.37.228.113 - - [12/May/2021:10:51:15 +0800] "GET /xingrg/kc/buy/cgsh_order_add.html HTTP/1.1" 200 62035
58.37.228.113 - - [12/May/2021:10:51:16 +0800] "GET /xingrg/javascript/easyui/themes/default/validatebox.css HTTP/1.1" 404 1104
58.37.228.113 - - [12/May/2021:10:51:16 +0800] "POST /xingrg/kc/buy/cgsh_order_operate.html HTTP/1.1" 200 8245
116.230.110.80 - - [12/May/2021:10:51:16 +0800] "GET /xingrg/all/function/internal_message.html?_=1620787873981&CODE_STATE=getMsg HTTP/1.1" 200 27
117.185.32.26 - - [12/May/2021:10:51:17 +0800] "POST /xingrg/login.do HTTP/1.1" 302 -
117.185.32.26 - - [12/May/2021:10:51:17 +0800] "GET /xingrg/index.html?sysBaseUrl=http%3A%2F%2F180.169.147.146%3A18081%2Fxingrg%2F&costTime=40×tamp=1620787877161 HTTP/1.1" 200 17173
117.185.32.26 - - [12/May/2021:10:51:17 +0800] "GET /favicon.ico HTTP/1.1" 404 -
117.185.32.26 - - [12/May/2021:10:51:18 +0800] "POST /xingrg/all/common/load_tree.html?tree=area_rest_tree_json&manage=1 HTTP/1.1" 200 342
117.185.32.26 - - [12/May/2021:10:51:18 +0800] "GET /xingrg/all/function/internal_message.html?_=1620788405751&CODE_STATE=count HTTP/1.1" 200 11
117.185.32.26 - - [12/May/2021:10:51:18 +0800] "GET /xingrg/check_reg.html?_=1620788405752 HTTP/1.1" 200 22
117.185.32.26 - - [12/May/2021:10:51:18 +0800] "POST /xingrg/load_menu.html HTTP/1.1" 200 5138
61.129.6.251 - - [12/May/2021:10:51:19 +0800] "GET /xingrg/all/function/internal_message.html?_=1620787821835&CODE_STATE=getMsg HTTP/1.1" 302 -
58.37.228.113 - - [12/May/2021:10:51:20 +0800] "GET /xingrg/all/function/internal_message.html?_=1620787881817&CODE_STATE=getMsg HTTP/1.1" 200 27
61.165.42.208 - - [12/May/2021:10:51:20 +0800] "GET /xingrg/all/function/internal_message.html?_=1620787880228&CODE_STATE=getMsg HTTP/1.1" 200 27
61.129.6.251 - - [12/May/2021:10:51:20 +0800] "GET /xingrg/login.html HTTP/1.1" 200 7641
101.91.62.65 - - [12/May/2021:10:51:21 +0800] "GET /xingrg/kc/print/load_data.html?order_code=212021051205137&kc_code=cgsh&condition= HTTP/1.1" 302 -
101.91.62.65 - - [12/May/2021:10:51:22 +0800] "GET /xingrg/login.html HTTP/1.1" 200 7641
114.86.187.76 - - [12/May/2021:10:51:23 +0800] "GET /xingrg/kc/buy/cgsh_order_operate.html?command=get_materiel&rest_code=00148&code=00101004046&supplier_code=00100312&order_time=2021-05-12 HTTP/1.1" 200 420
180.161.124.236 - - [12/May/2021:10:51:24 +0800] "GET /xingrg/kc/buy/cgsh_order_operate.html?command=get_materiel&rest_code=00102&code=00101009124&supplier_code=00100424&order_time=2021-05-12 HTTP/1.1" 200 402
116.230.110.80 - - [12/May/2021:10:51:26 +0800] "GET /xingrg/kc/buy/cgsh_order_operate.html?command=get_materiel&rest_code=00155&code=00101004034&supplier_code=00100085&order_time=2021-05-12 HTTP/1.1" 200 416
116.224.253.72 - - [12/May/2021:10:51:27 +0800] "GET /xingrg/kc/buy/cgsh_order_operate.html?command=get_materiel&rest_code=00150&code=00101001257&supplier_code=00100312&order_time=2021-05-12 HTTP/1.1" 200 399
180.161.124.236 - - [12/May/2021:10:51:27 +0800] "GET /xingrg/all/function/internal_message.html?_=1620787844947&CODE_STATE=getMsg HTTP/1.1" 200 27
117.185.32.26 - - [12/May/2021:10:51:28 +0800] "GET /xingrg/kc/buy/buy_main.html HTTP/1.1" 200 12412
117.185.32.26 - - [12/May/2021:10:51:28 +0800] "GET /xingrg/css/new_ie.css HTTP/1.1" 404 1036
116.230.114.112 - - [12/May/2021:10:51:30 +0800] "GET /xingrg/all/function/internal_message.html?_=1620787898835&CODE_STATE=getMsg HTTP/1.1" 200 27
117.131.5.26 - - [12/May/2021:10:51:31 +0800] "GET /xingrg/kc/buy/cgsh_order_operate.html?command=get_materiel&rest_code=00104&code=00101001127&supplier_code=00100442&order_time=2021-05-12 HTTP/1.1" 200 431
116.224.253.72 - - [12/May/2021:10:51:31 +0800] "GET /xingrg/all/function/internal_message.html?_=1620787878836&CODE_STATE=getMsg HTTP/1.1" 200 27
58.37.228.113 - - [12/May/2021:10:51:32 +0800] "GET /xingrg/kc/buy/cgsh_order_operate.html?command=get_materiel&rest_code=00141&code=00101010501&supplier_code=00100326&order_time=2021-05-12 HTTP/1.1" 200 396
114.86.187.76 - - [12/May/2021:10:51:33 +0800] "GET /xingrg/kc/buy/cgsh_order_operate.html?command=get_materiel&rest_code=00148&code=00101004030&supplier_code=00100312&order_time=2021-05-12 HTTP/1.1" 200 427
116.233.76.142 - - [12/May/2021:10:51:34 +0800] "GET /xingrg/all/function/internal_message.html?_=1620787892891&CODE_STATE=getMsg HTTP/1.1" 200 27
116.224.253.72 - - [12/May/2021:10:51:34 +0800] "GET /xingrg/kc/buy/cgsh_order_operate.html?command=get_materiel&rest_code=00150&code=00101004023&supplier_code=00100312&order_time=2021-05-12 HTTP/1.1" 200 409
180.161.124.236 - - [12/May/2021:10:51:35 +0800] "GET /xingrg/kc/buy/cgsh_order_operate.html?command=get_materiel&rest_code=00102&code=00101009013&supplier_code=00100424&order_time=2021-05-12 HTTP/1.1" 200 420
117.185.32.26 - - [12/May/2021:10:51:36 +0800] "GET /xingrg/kc/mdqp/qp_main.html HTTP/1.1" 200 10633
116.230.110.80 - - [12/May/2021:10:51:36 +0800] "POST /xingrg/kc/buy/cgsh_order_operate.html HTTP/1.1" 200 37
117.185.32.26 - - [12/May/2021:10:51:37 +0800] "GET /xingrg/kc/buy/buy_main.html HTTP/1.1" 200 12412
117.185.32.26 - - [12/May/2021:10:51:37 +0800] "GET /xingrg/css/new_ie.css HTTP/1.1" 404 1036
116.230.110.80 - - [12/May/2021:10:51:38 +0800] "POST /xingrg/kc/buy/cgsh_order_operate.html HTTP/1.1" 200 2662
117.185.32.26 - - [12/May/2021:10:51:38 +0800] "GET /xingrg/images/yd/bt.gif HTTP/1.1" 404 1040
116.230.110.80 - - [12/May/2021:10:51:39 +0800] "GET /xingrg/kc/print/load_data.html?order_code=212021051205144&kc_code=cgsh&condition= HTTP/1.1" 200 741
117.185.32.26 - - [12/May/2021:10:51:39 +0800] "GET /xingrg/kc/buy/cgsh_order_list.html HTTP/1.1" 200 46291
114.86.187.76 - - [12/May/2021:10:51:39 +0800] "GET /xingrg/kc/buy/cgsh_order_operate.html?command=get_materiel&rest_code=00148&code=00101001156&supplier_code=00100312&order_time=2021-05-12 HTTP/1.1" 200 409
117.185.32.26 - - [12/May/2021:10:51:41 +0800] "POST /xingrg/kc/buy/cgsh_list_operate.html HTTP/1.1" 200 876
180.161.124.236 - - [12/May/2021:10:51:42 +0800] "GET /xingrg/kc/buy/cgsh_order_operate.html?command=get_materiel&rest_code=00102&code=00101009109&supplier_code=00100424&order_time=2021-05-12 HTTP/1.1" 200 399
116.230.110.80 - - [12/May/2021:10:51:45 +0800] "GET /xingrg/kc/buy/cgsh_order_add.html HTTP/1.1" 200 61997
116.230.110.80 - - [12/May/2021:10:51:45 +0800] "POST /xingrg/kc/buy/cgsh_order_operate.html HTTP/1.1" 200 8245
116.230.110.80 - - [12/May/2021:10:51:45 +0800] "GET /xingrg/javascript/easyui/themes/default/validatebox.css HTTP/1.1" 404 1104
58.37.228.113 - - [12/May/2021:10:51:47 +0800] "POST /xingrg/kc/buy/cgsh_order_operate.html HTTP/1.1" 200 37
117.185.32.26 - - [12/May/2021:10:51:47 +0800] "GET /xingrg/kc/buy/cgsh_order_add.html HTTP/1.1" 200 62029
117.185.32.26 - - [12/May/2021:10:51:47 +0800] "GET /xingrg/words/20210511134341_words.js HTTP/1.1" 304 -
117.185.32.26 - - [12/May/2021:10:51:48 +0800] "POST /xingrg/kc/buy/cgsh_order_operate.html HTTP/1.1" 200 8245
117.185.32.26 - - [12/May/2021:10:51:48 +0800] "GET /xingrg/all/common/auto_word.html?type=employee&rest_code=00106 HTTP/1.1" 200 205
117.185.32.26 - - [12/May/2021:10:51:48 +0800] "GET /xingrg/javascript/easyui/themes/default/validatebox.css HTTP/1.1" 404 1104
117.185.32.26 - - [12/May/2021:10:51:48 +0800] "GET /xingrg/all/common/auto_word.html?type=employee&rest_code=00106 HTTP/1.1" 200 205
114.86.187.76 - - [12/May/2021:10:51:48 +0800] "GET /xingrg/kc/buy/cgsh_order_operate.html?command=get_materiel&rest_code=00148&code=00101004024&supplier_code=00100312&order_time=2021-05-12 HTTP/1.1" 200 411
117.131.5.26 - - [12/May/2021:10:51:49 +0800] "GET /xingrg/kc/buy/cgsh_order_operate.html?command=get_materiel&rest_code=00104&code=00101002007&supplier_code=00100442&order_time=2021-05-12 HTTP/1.1" 200 409
58.37.228.113 - - [12/May/2021:10:51:50 +0800] "POST /xingrg/kc/buy/cgsh_order_operate.html HTTP/1.1" 200 12
120.253.135.82 - - [12/May/2021:10:51:51 +0800] "GET /xingrg/check_reg.html?_=1620787971468 HTTP/1.1" 200 22
58.37.228.113 - - [12/May/2021:10:51:51 +0800] "GET /xingrg/kc/buy/cgsh_order_info.html?code=212021051205145 HTTP/1.1" 200 56941
58.37.228.113 - - [12/May/2021:10:51:52 +0800] "GET /xingrg/javascript/easyui/themes/default/validatebox.css HTTP/1.1" 404 1104
58.37.228.113 - - [12/May/2021:10:51:52 +0800] "POST /xingrg/kc/buy/cgsh_order_operate.html HTTP/1.1" 200 603
116.230.110.80 - - [12/May/2021:10:51:53 +0800] "GET /xingrg/kc/buy/cgsh_order_operate.html?command=get_materiel&rest_code=00155&code=00101002038&supplier_code=00100087&order_time=2021-05-12 HTTP/1.1" 200 434
58.37.228.113 - - [12/May/2021:10:51:53 +0800] "GET /xingrg/kc/print/load_data.html?order_code=212021051205145&kc_code=cgsh&condition= HTTP/1.1" 200 703
101.85.94.178 - - [12/May/2021:10:51:54 +0800] "GET /xingrg/all/function/internal_message.html?_=1620787415366&CODE_STATE=getMsg HTTP/1.1" 200 27
180.169.147.146 - - [12/May/2021:10:51:55 +0800] "GET /xingrg/all/function/internal_message.html?_=1620787916150&CODE_STATE=getMsg HTTP/1.1" 200 27
101.89.239.232 - - [12/May/2021:10:51:56 +0800] "GET /xingrg/kc/buy/cgsh_order_operate.html?command=get_materiel&rest_code=00141&code=00101010569&supplier_code=00100327&order_time=2021-05-12 HTTP/1.1" 302 -
58.37.228.113 - - [12/May/2021:10:51:56 +0800] "GET /xingrg/kc/buy/cgsh_order_add.html HTTP/1.1" 200 62035
58.37.228.113 - - [12/May/2021:10:51:56 +0800] "GET /xingrg/javascript/easyui/themes/default/validatebox.css HTTP/1.1" 404 1104
58.37.228.113 - - [12/May/2021:10:51:56 +0800] "POST /xingrg/kc/buy/cgsh_order_operate.html HTTP/1.1" 200 8245
101.89.239.232 - - [12/May/2021:10:51:57 +0800] "GET /xingrg/login.html HTTP/1.1" 200 7641
116.224.253.72 - - [12/May/2021:10:51:58 +0800] "POST /xingrg/kc/buy/cgsh_order_operate.html HTTP/1.1" 200 37
114.86.187.76 - - [12/May/2021:10:51:59 +0800] "GET /xingrg/javascript/easyui/themes/default/images/button_plain_hover.png HTTP/1.1" 304 -
114.86.187.76 - - [12/May/2021:10:51:59 +0800] "GET /xingrg/javascript/easyui/themes/default/images/button_plain_hover.png HTTP/1.1" 304 -
117.185.32.26 - - [12/May/2021:10:52:00 +0800] "GET /xingrg/all/function/internal_message.html?_=1620787918992&CODE_STATE=getMsg HTTP/1.1" 200 27
117.185.32.26 - - [12/May/2021:10:52:01 +0800] "GET /xingrg/javascript/easyui/themes/default/tree.css HTTP/1.1" 404 1090
117.185.32.26 - - [12/May/2021:10:52:01 +0800] "POST /xingrg/all/common/load_tree.html?tree=supplier_tree_json&isDelete=1 HTTP/1.1" 200 55318
117.131.5.26 - - [12/May/2021:10:52:01 +0800] "GET /xingrg/check_reg.html?_=1620788008464 HTTP/1.1" 200 22
117.131.5.26 - - [12/May/2021:10:52:01 +0800] "GET /xingrg/all/function/internal_message.html?_=1620788008496&CODE_STATE=getMsg HTTP/1.1" 200 27
114.86.187.76 - - [12/May/2021:10:52:01 +0800] "POST /xingrg/kc/buy/cgsh_order_operate.html HTTP/1.1" 200 37
116.224.253.72 - - [12/May/2021:10:52:02 +0800] "POST /xingrg/kc/buy/cgsh_order_operate.html HTTP/1.1" 200 12
180.161.124.236 - - [12/May/2021:10:52:02 +0800] "GET /xingrg/kc/buy/cgsh_order_operate.html?command=get_materiel&rest_code=00102&code=00101009031&supplier_code=00100424&order_time=2021-05-12 HTTP/1.1" 200 408
116.224.253.72 - - [12/May/2021:10:52:03 +0800] "GET /xingrg/kc/buy/cgsh_order_info.html?code=212021051205146 HTTP/1.1" 200 56859
116.230.76.31 - - [12/May/2021:10:52:03 +0800] "GET /xingrg/check_reg.html?_=1620787916646 HTTP/1.1" 200 22
116.224.253.72 - - [12/May/2021:10:52:03 +0800] "GET /xingrg/javascript/easyui/themes/default/validatebox.css HTTP/1.1" 404 1104
116.230.110.80 - - [12/May/2021:10:52:04 +0800] "POST /xingrg/kc/buy/cgsh_order_operate.html HTTP/1.1" 200 37
116.224.253.72 - - [12/May/2021:10:52:04 +0800] "POST /xingrg/kc/buy/cgsh_order_operate.html HTTP/1.1" 200 1795
114.86.187.76 - - [12/May/2021:10:52:05 +0800] "POST /xingrg/kc/buy/cgsh_order_operate.html HTTP/1.1" 200 5025
116.230.110.80 - - [12/May/2021:10:52:05 +0800] "POST /xingrg/kc/buy/cgsh_order_operate.html HTTP/1.1" 200 2661
116.224.253.72 - - [12/May/2021:10:52:06 +0800] "GET /xingrg/kc/print/load_data.html?order_code=212021051205146&kc_code=cgsh&condition= HTTP/1.1" 200 1164
116.230.110.80 - - [12/May/2021:10:52:07 +0800] "GET /xingrg/kc/print/load_data.html?order_code=212021051205148&kc_code=cgsh&condition= HTTP/1.1" 200 731
116.224.253.72 - - [12/May/2021:10:52:09 +0800] "GET /xingrg/all/function/internal_message.html?_=1620787928571&CODE_STATE=getMsg HTTP/1.1" 200 27
61.129.6.227 - - [12/May/2021:10:52:10 +0800] "GET /xingrg/kc/buy/cgsh_order_info.html?code=212021051205142 HTTP/1.1" 302 -
116.224.253.72 - - [12/May/2021:10:52:11 +0800] "GET /xingrg/kc/buy/cgsh_order_add.html HTTP/1.1" 200 61953
116.224.253.72 - - [12/May/2021:10:52:12 +0800] "POST /xingrg/kc/buy/cgsh_order_operate.html HTTP/1.1" 200 8245
116.224.253.72 - - [12/May/2021:10:52:12 +0800] "GET /xingrg/javascript/easyui/themes/default/validatebox.css HTTP/1.1" 404 1104
61.129.6.227 - - [12/May/2021:10:52:13 +0800] "GET /xingrg/login.html HTTP/1.1" 200 7641
120.253.135.82 - - [12/May/2021:10:52:13 +0800] "GET /xingrg/all/function/internal_message.html?_=1620787993581&CODE_STATE=getMsg HTTP/1.1" 200 27
58.37.228.113 - - [12/May/2021:10:52:13 +0800] "GET /xingrg/kc/buy/cgsh_order_operate.html?command=get_materiel&rest_code=00141&code=00101001037&supplier_code=00100090&order_time=2021-05-12 HTTP/1.1" 200 414
116.230.76.31 - - [12/May/2021:10:52:15 +0800] "GET /xingrg/all/function/internal_message.html?_=1620787928287&CODE_STATE=getMsg HTTP/1.1" 200 27
116.230.110.80 - - [12/May/2021:10:52:16 +0800] "GET /xingrg/all/function/internal_message.html?_=1620787933963&CODE_STATE=getMsg HTTP/1.1" 200 27
116.230.110.80 - - [12/May/2021:10:52:17 +0800] "GET /xingrg/kc/buy/cgsh_order_add.html HTTP/1.1" 200 61997
114.86.187.76 - - [12/May/2021:10:52:17 +0800] "GET /xingrg/javascript/easyui/themes/default/images/button_plain_hover.png HTTP/1.1" 304 -
114.86.187.76 - - [12/May/2021:10:52:17 +0800] "GET /xingrg/javascript/easyui/themes/default/images/button_plain_hover.png HTTP/1.1" 304 -
116.230.110.80 - - [12/May/2021:10:52:17 +0800] "POST /xingrg/kc/buy/cgsh_order_operate.html HTTP/1.1" 200 8245
116.230.110.80 - - [12/May/2021:10:52:17 +0800] "GET /xingrg/javascript/easyui/themes/default/validatebox.css HTTP/1.1" 404 1104
114.86.187.76 - - [12/May/2021:10:52:18 +0800] "GET /xingrg/all/function/internal_message.html?_=1620787936867&CODE_STATE=getMsg HTTP/1.1" 200 27
117.185.32.26 - - [12/May/2021:10:52:18 +0800] "GET /xingrg/all/function/internal_message.html?_=1620788465767&CODE_STATE=getMsg HTTP/1.1" 200 27
58.37.228.113 - - [12/May/2021:10:52:20 +0800] "GET /xingrg/all/function/internal_message.html?_=1620787941782&CODE_STATE=getMsg HTTP/1.1" 200 27
114.86.187.76 - - [12/May/2021:10:52:20 +0800] "GET /xingrg/css/base.css HTTP/1.1" 304 -
114.86.187.76 - - [12/May/2021:10:52:20 +0800] "GET /xingrg/css/site.css HTTP/1.1" 304 -
114.86.187.76 - - [12/May/2021:10:52:20 +0800] "GET /xingrg/javascript/jquery_tools/datebox.css HTTP/1.1" 304 -
114.86.187.76 - - [12/May/2021:10:52:20 +0800] "GET /xingrg/javascript/easyui/themes/icon.css HTTP/1.1" 304 -
114.86.187.76 - - [12/May/2021:10:52:20 +0800] "GET /xingrg/javascript/jquery_tools/fix.css HTTP/1.1" 304 -
114.86.187.76 - - [12/May/2021:10:52:20 +0800] "GET /xingrg/javascript/auto/jquery.autocomplete.css HTTP/1.1" 304 -
114.86.187.76 - - [12/May/2021:10:52:20 +0800] "GET /xingrg/javascript/jquery_tools/table.css HTTP/1.1" 304 -
114.86.187.76 - - [12/May/2021:10:52:20 +0800] "GET /xingrg/javascript/jquery_tools/jquery.tools.hotkey.js HTTP/1.1" 304 -
