116.232.50.121 - - [09/May/2021:09:13:36 +0800] "GET /xingrg/javascript/jquery_easy_ui/themes/default/images/tabs_close.gif HTTP/1.1" 200 829
116.232.50.121 - - [09/May/2021:09:13:36 +0800] "GET /xingrg/kc/buy/buy_main.html HTTP/1.1" 200 12412
116.232.50.121 - - [09/May/2021:09:13:36 +0800] "GET /xingrg/css/new_ie.css HTTP/1.1" 404 1036
116.232.50.121 - - [09/May/2021:09:13:36 +0800] "GET /xingrg/javascript/pic_change.js HTTP/1.1" 200 4739
116.232.50.121 - - [09/May/2021:09:13:36 +0800] "GET /xingrg/javascript/ToolTips.js HTTP/1.1" 200 5615
116.232.50.121 - - [09/May/2021:09:13:36 +0800] "GET /xingrg/css/blue.css HTTP/1.1" 200 15949
116.232.50.121 - - [09/May/2021:09:13:36 +0800] "GET /xingrg/javascript/jquery_ui/jquery-ui.min.js HTTP/1.1" 200 186181
116.232.50.121 - - [09/May/2021:09:13:36 +0800] "GET /xingrg/images/blue/button/cgxqd.gif HTTP/1.1" 200 2619
116.232.50.121 - - [09/May/2021:09:13:36 +0800] "GET /xingrg/images/blue/button/cgydd.gif HTTP/1.1" 200 2712
116.232.50.121 - - [09/May/2021:09:13:36 +0800] "GET /xingrg/images/blue/button/cgshd.gif HTTP/1.1" 200 2618
116.232.50.121 - - [09/May/2021:09:13:36 +0800] "GET /xingrg/images/blue/button/cgfkd.gif HTTP/1.1" 200 2075
116.232.50.121 - - [09/May/2021:09:13:36 +0800] "GET /xingrg/javascript/jquery_ui/themes/humanity/humanity.css HTTP/1.1" 200 27801
116.232.50.121 - - [09/May/2021:09:13:36 +0800] "GET /xingrg/javascript/myfunction.js HTTP/1.1" 200 24559
116.232.50.121 - - [09/May/2021:09:13:36 +0800] "GET /xingrg/images/blue/button/kc.gif HTTP/1.1" 200 2160
116.232.50.121 - - [09/May/2021:09:13:36 +0800] "GET /xingrg/images/blue/button/ckthd.gif HTTP/1.1" 200 2045
116.232.50.121 - - [09/May/2021:09:13:36 +0800] "GET /xingrg/images/blue/pic_form2.gif HTTP/1.1" 200 1853
116.232.50.121 - - [09/May/2021:09:13:36 +0800] "GET /xingrg/images/blue/button/right_ah.jpg HTTP/1.1" 200 1744
116.232.50.121 - - [09/May/2021:09:13:36 +0800] "GET /xingrg/images/blue/button/down_ah.jpg HTTP/1.1" 200 1732
116.232.50.121 - - [09/May/2021:09:13:36 +0800] "GET /xingrg/images/blue/bg_dotted.jpg HTTP/1.1" 200 319
116.232.50.121 - - [09/May/2021:09:13:36 +0800] "GET /xingrg/javascript/jquery_ui/themes/humanity/images/ui-bg_inset-soft_100_f4f0ec_1x100.png HTTP/1.1" 200 141
116.232.50.121 - - [09/May/2021:09:13:36 +0800] "GET /xingrg/javascript/jquery_ui/themes/humanity/images/ui-icons_c47a23_256x240.png HTTP/1.1" 200 5355
116.230.114.112 - - [09/May/2021:09:13:37 +0800] "GET /xingrg/all/function/internal_message.html?_=1620522838204&CODE_STATE=getMsg HTTP/1.1" 200 27
116.232.50.121 - - [09/May/2021:09:13:37 +0800] "GET /xingrg/kc/buy/cgsh_order_list.html HTTP/1.1" 200 46250
116.232.50.121 - - [09/May/2021:09:13:37 +0800] "GET /xingrg/css/base.css HTTP/1.1" 200 2811
116.232.50.121 - - [09/May/2021:09:13:37 +0800] "GET /xingrg/css/site.css HTTP/1.1" 200 7541
116.232.50.121 - - [09/May/2021:09:13:37 +0800] "GET /xingrg/javascript/jquery_tools/datebox.css HTTP/1.1" 200 2597
116.232.50.121 - - [09/May/2021:09:13:37 +0800] "GET /xingrg/javascript/easyui/themes/icon.css HTTP/1.1" 200 4483
116.232.50.121 - - [09/May/2021:09:13:38 +0800] "GET /xingrg/javascript/auto/jquery.autocomplete.css HTTP/1.1" 200 587
116.232.50.121 - - [09/May/2021:09:13:38 +0800] "GET /xingrg/javascript/jquery_tools/fix.css HTTP/1.1" 200 1702
116.232.50.121 - - [09/May/2021:09:13:38 +0800] "GET /xingrg/javascript/jquery_tools/table.css HTTP/1.1" 200 1032
116.232.50.121 - - [09/May/2021:09:13:38 +0800] "GET /xingrg/javascript/jquery_tools/jquery.tools.min.js HTTP/1.1" 200 138801
116.232.50.121 - - [09/May/2021:09:13:38 +0800] "GET /xingrg/javascript/jquery_tools/jquery.tools.hotkey.js HTTP/1.1" 200 3242
116.232.50.121 - - [09/May/2021:09:13:38 +0800] "GET /xingrg/javascript/jquery_tools/jquery.tools.table.js HTTP/1.1" 200 6994
116.232.50.121 - - [09/May/2021:09:13:38 +0800] "GET /xingrg/javascript/jquery_tools/list_manager.js HTTP/1.1" 200 3652
116.232.50.121 - - [09/May/2021:09:13:38 +0800] "GET /xingrg/javascript/easyui/themes/default/easyui.css HTTP/1.1" 200 30432
116.232.50.121 - - [09/May/2021:09:13:38 +0800] "GET /xingrg/javascript/jquery_tools/jquery.tools.extend.js HTTP/1.1" 200 15385
116.232.50.121 - - [09/May/2021:09:13:38 +0800] "GET /xingrg/javascript/easyui/easyloader.js HTTP/1.1" 200 5975
116.232.50.121 - - [09/May/2021:09:13:38 +0800] "GET /xingrg/javascript/jquery.cookie.js HTTP/1.1" 200 5513
116.232.50.121 - - [09/May/2021:09:13:38 +0800] "GET /xingrg/javascript/print/LodopFuncs.js HTTP/1.1" 200 5121
116.232.50.121 - - [09/May/2021:09:13:38 +0800] "GET /xingrg/javascript/auto/jquery.autocomplete.js HTTP/1.1" 200 21624
116.232.50.121 - - [09/May/2021:09:13:38 +0800] "GET /xingrg/javascript/easyui/themes/icons/edit_add_new.png HTTP/1.1" 200 2997
116.232.50.121 - - [09/May/2021:09:13:38 +0800] "GET /xingrg/javascript/easyui/themes/icons/cance_new.png HTTP/1.1" 200 3986
116.232.50.121 - - [09/May/2021:09:13:38 +0800] "GET /xingrg/javascript/easyui/themes/icons/check_new.png HTTP/1.1" 200 3224
116.232.50.121 - - [09/May/2021:09:13:38 +0800] "GET /xingrg/javascript/easyui/themes/icons/field_new.png HTTP/1.1" 200 1097
116.232.50.121 - - [09/May/2021:09:13:38 +0800] "GET /xingrg/javascript/easyui/themes/icons/import_new.png HTTP/1.1" 200 1247
116.232.50.121 - - [09/May/2021:09:13:38 +0800] "GET /xingrg/javascript/easyui/plugins/jquery.parser.js HTTP/1.1" 200 1142
116.232.50.121 - - [09/May/2021:09:13:38 +0800] "GET /xingrg/images/control/ajaxLoader.gif HTTP/1.1" 200 4659
116.232.50.121 - - [09/May/2021:09:13:39 +0800] "POST /xingrg/kc/buy/cgsh_list_operate.html HTTP/1.1" 200 876
116.232.50.121 - - [09/May/2021:09:13:39 +0800] "GET /xingrg/javascript/easyui/themes/default/images/button_plain_hover.png HTTP/1.1" 200 144
116.232.50.121 - - [09/May/2021:09:13:40 +0800] "GET /xingrg/javascript/convert.js HTTP/1.1" 200 1239
116.232.50.121 - - [09/May/2021:09:13:40 +0800] "GET /xingrg/javascript/jquery_tools/order_manager.js HTTP/1.1" 200 11183
116.232.50.121 - - [09/May/2021:09:13:40 +0800] "GET /xingrg/javascript/json2.js HTTP/1.1" 200 11259
116.232.50.121 - - [09/May/2021:09:13:40 +0800] "GET /xingrg/javascript/print/kc_print.js HTTP/1.1" 200 11415
116.232.50.121 - - [09/May/2021:09:13:40 +0800] "GET /xingrg/javascript/easyui/themes/icons/copy_new.png HTTP/1.1" 200 815
116.232.50.121 - - [09/May/2021:09:13:40 +0800] "GET /xingrg/javascript/easyui/themes/icons/template_new.png HTTP/1.1" 200 3956
116.232.50.121 - - [09/May/2021:09:13:40 +0800] "GET /xingrg/javascript/easyui/themes/icons/ok.png HTTP/1.1" 200 883
116.232.50.121 - - [09/May/2021:09:13:40 +0800] "GET /xingrg/javascript/easyui/themes/icons/print.png HTTP/1.1" 200 1057
116.232.50.121 - - [09/May/2021:09:13:40 +0800] "GET /xingrg/javascript/easyui/themes/default/images/menu_downarrow.png HTTP/1.1" 200 173
116.232.50.121 - - [09/May/2021:09:13:40 +0800] "GET /xingrg/words/20210508174830_words.js HTTP/1.1" 200 811656
116.232.50.121 - - [09/May/2021:09:13:40 +0800] "GET /xingrg/kc/buy/cgsh_order_add.html HTTP/1.1" 200 62029
116.232.50.121 - - [09/May/2021:09:13:40 +0800] "GET /xingrg/javascript/easyui/themes/icons/cancel.png HTTP/1.1" 200 1133
116.232.50.121 - - [09/May/2021:09:13:41 +0800] "GET /xingrg/all/common/auto_word.html?type=employee&rest_code=00109 HTTP/1.1" 200 205
116.232.50.121 - - [09/May/2021:09:13:41 +0800] "POST /xingrg/kc/buy/cgsh_order_operate.html HTTP/1.1" 200 8245
116.232.50.121 - - [09/May/2021:09:13:41 +0800] "GET /xingrg/javascript/easyui/themes/default/validatebox.css HTTP/1.1" 404 1104
116.232.50.121 - - [09/May/2021:09:13:41 +0800] "GET /xingrg/javascript/easyui/plugins/jquery.validatebox.js HTTP/1.1" 200 6103
116.232.50.121 - - [09/May/2021:09:13:41 +0800] "GET /xingrg/javascript/easyui/themes/icons/edit_remove.png HTTP/1.1" 200 625
116.232.50.121 - - [09/May/2021:09:13:41 +0800] "GET /xingrg/all/common/auto_word.html?type=employee&rest_code=00109 HTTP/1.1" 200 205
116.232.50.121 - - [09/May/2021:09:13:41 +0800] "GET /xingrg/javascript/easyui/plugins/jquery.numberbox.js HTTP/1.1" 200 5213
116.230.76.31 - - [09/May/2021:09:13:41 +0800] "GET /xingrg/all/function/internal_message.html?_=1620522816966&CODE_STATE=getMsg HTTP/1.1" 200 27
116.232.50.121 - - [09/May/2021:09:13:43 +0800] "GET /xingrg/javascript/jquery_tools/images/prev.gif HTTP/1.1" 404 1086
116.232.50.121 - - [09/May/2021:09:13:43 +0800] "GET /xingrg/javascript/jquery_tools/images/next.gif HTTP/1.1" 404 1086
116.230.110.80 - - [09/May/2021:09:13:46 +0800] "GET /xingrg/all/function/internal_message.html?_=1620522819477&CODE_STATE=getMsg HTTP/1.1" 200 27
120.253.135.82 - - [09/May/2021:09:13:47 +0800] "GET /xingrg/check_reg.html?_=1620522888593 HTTP/1.1" 200 22
58.40.7.146 - - [09/May/2021:09:13:48 +0800] "GET /xingrg/all/function/internal_message.html?_=1620522823956&CODE_STATE=getMsg HTTP/1.1" 200 27
116.232.50.121 - - [09/May/2021:09:13:48 +0800] "GET /xingrg/kc/buy/cgsh_order_operate.html?command=get_materiel&rest_code=00109&code=00101008261&supplier_code=00100005&order_time=2021-05-09 HTTP/1.1" 200 408
116.224.253.72 - - [09/May/2021:09:13:48 +0800] "GET /xingrg/kc/buy/cgsh_order_operate.html?command=get_materiel&rest_code=00151&code=00101006084&supplier_code=00100096&order_time=2021-05-09 HTTP/1.1" 200 413
222.69.131.186 - - [09/May/2021:09:13:50 +0800] "POST /xingrg/services/DataTransmitService HTTP/1.1" 200 501
222.69.131.186 - - [09/May/2021:09:13:51 +0800] "POST /xingrg/services/DataTransmitService HTTP/1.1" 200 501
114.88.167.174 - - [09/May/2021:09:13:53 +0800] "GET /xingrg/all/function/internal_message.html?_=1620522825928&CODE_STATE=getMsg HTTP/1.1" 200 27
116.232.50.121 - - [09/May/2021:09:13:53 +0800] "GET /xingrg/kc/buy/cgsh_order_operate.html?command=get_materiel&rest_code=00109&code=00101008331&supplier_code=00100005&order_time=2021-05-09 HTTP/1.1" 200 416
116.224.253.72 - - [09/May/2021:09:13:55 +0800] "GET /xingrg/kc/buy/cgsh_order_operate.html?command=get_materiel&rest_code=00150&code=00101008101&supplier_code=00100007&order_time=2021-05-09 HTTP/1.1" 200 412
116.224.253.72 - - [09/May/2021:09:13:55 +0800] "GET /xingrg/all/function/internal_message.html?_=1620522831477&CODE_STATE=getMsg HTTP/1.1" 200 27
222.69.131.186 - - [09/May/2021:09:13:55 +0800] "GET /xingrg/kc/buy/cgsh_order_operate.html?command=get_materiel&rest_code=00149&code=00101008286&supplier_code=00100005&order_time=2021-05-09 HTTP/1.1" 200 408
116.232.50.121 - - [09/May/2021:09:13:59 +0800] "GET /xingrg/kc/buy/cgsh_order_operate.html?command=get_materiel&rest_code=00109&code=00101008351&supplier_code=00100005&order_time=2021-05-09 HTTP/1.1" 200 408
222.69.131.186 - - [09/May/2021:09:14:01 +0800] "POST /xingrg/services/DataTransmitService HTTP/1.1" 200 501
116.230.76.31 - - [09/May/2021:09:14:05 +0800] "GET /xingrg/all/function/internal_message.html?_=1620522840536&CODE_STATE=getMsg HTTP/1.1" 200 27
61.165.42.208 - - [09/May/2021:09:14:05 +0800] "GET /xingrg/all/function/internal_message.html?_=1620522841746&CODE_STATE=getMsg HTTP/1.1" 200 27
116.224.253.72 - - [09/May/2021:09:14:07 +0800] "POST /xingrg/kc/buy/cgsh_order_operate.html HTTP/1.1" 200 37
116.224.253.72 - - [09/May/2021:09:14:08 +0800] "POST /xingrg/kc/buy/cgsh_order_operate.html HTTP/1.1" 200 32205
222.69.131.186 - - [09/May/2021:09:14:11 +0800] "GET /xingrg/kc/buy/cgsh_order_operate.html?command=get_materiel&rest_code=00149&code=00101008036&supplier_code=00100005&order_time=2021-05-09 HTTP/1.1" 200 408
222.69.131.186 - - [09/May/2021:09:14:12 +0800] "POST /xingrg/services/DataTransmitService HTTP/1.1" 200 501
116.232.50.121 - - [09/May/2021:09:14:14 +0800] "GET /xingrg/kc/buy/cgsh_order_operate.html?command=get_materiel&rest_code=00109&code=00101008199&supplier_code=00100005&order_time=2021-05-09 HTTP/1.1" 200 408
222.69.131.186 - - [09/May/2021:09:14:14 +0800] "POST /xingrg/services/DataTransmitService HTTP/1.1" 200 501
222.69.131.186 - - [09/May/2021:09:14:14 +0800] "POST /xingrg/services/DataTransmitService HTTP/1.1" 200 501
116.224.253.72 - - [09/May/2021:09:14:16 +0800] "GET /xingrg/all/function/internal_message.html?_=1620522844729&CODE_STATE=getMsg HTTP/1.1" 200 27
222.69.131.186 - - [09/May/2021:09:14:19 +0800] "POST /xingrg/services/DataTransmitService HTTP/1.1" 200 501
116.232.50.121 - - [09/May/2021:09:14:20 +0800] "GET /xingrg/kc/buy/cgsh_order_operate.html?command=get_materiel&rest_code=00109&code=00101008003&supplier_code=00100005&order_time=2021-05-09 HTTP/1.1" 200 408
222.69.131.186 - - [09/May/2021:09:14:20 +0800] "GET /xingrg/kc/buy/cgsh_order_operate.html?command=get_materiel&rest_code=00149&code=00101008131&supplier_code=00100005&order_time=2021-05-09 HTTP/1.1" 200 408
222.69.131.186 - - [09/May/2021:09:14:20 +0800] "POST /xingrg/services/DataTransmitService HTTP/1.1" 200 501
222.69.131.186 - - [09/May/2021:09:14:20 +0800] "POST /xingrg/services/DataTransmitService HTTP/1.1" 200 501
222.69.131.186 - - [09/May/2021:09:14:21 +0800] "GET /xingrg/all/function/internal_message.html?_=1620522857438&CODE_STATE=getMsg HTTP/1.1" 200 27
222.69.131.186 - - [09/May/2021:09:14:24 +0800] "POST /xingrg/kc/buy/cgsh_order_operate.html HTTP/1.1" 200 2065
222.69.131.186 - - [09/May/2021:09:14:24 +0800] "POST /xingrg/services/DataTransmitService HTTP/1.1" 200 412
116.232.50.121 - - [09/May/2021:09:14:27 +0800] "GET /xingrg/kc/buy/cgsh_order_operate.html?command=get_materiel&rest_code=00109&code=00101008355&supplier_code=00100005&order_time=2021-05-09 HTTP/1.1" 200 408
222.69.131.186 - - [09/May/2021:09:14:29 +0800] "GET /xingrg/kc/buy/cgsh_order_operate.html?command=get_materiel&rest_code=00149&code=00101008098&supplier_code=00100005&order_time=2021-05-09 HTTP/1.1" 200 412
120.253.135.82 - - [09/May/2021:09:14:31 +0800] "GET /xingrg/all/function/internal_message.html?_=1620522931986&CODE_STATE=getMsg HTTP/1.1" 200 27
116.232.50.121 - - [09/May/2021:09:14:32 +0800] "GET /xingrg/kc/buy/cgsh_order_operate.html?command=get_materiel&rest_code=00109&code=00101008361&supplier_code=00100005&order_time=2021-05-09 HTTP/1.1" 200 408
116.232.50.121 - - [09/May/2021:09:14:35 +0800] "GET /xingrg/all/function/internal_message.html?_=1620522870830&CODE_STATE=getMsg HTTP/1.1" 200 27
116.232.50.121 - - [09/May/2021:09:14:36 +0800] "GET /xingrg/kc/buy/cgsh_order_operate.html?command=get_materiel&rest_code=00109&code=00101008312&supplier_code=00100005&order_time=2021-05-09 HTTP/1.1" 200 412
222.69.131.186 - - [09/May/2021:09:14:37 +0800] "GET /xingrg/kc/buy/cgsh_order_operate.html?command=get_materiel&rest_code=00149&code=00101008005&supplier_code=00100005&order_time=2021-05-09 HTTP/1.1" 200 412
116.230.114.112 - - [09/May/2021:09:14:37 +0800] "GET /xingrg/all/function/internal_message.html?_=1620522898218&CODE_STATE=getMsg HTTP/1.1" 200 27
116.230.76.31 - - [09/May/2021:09:14:41 +0800] "GET /xingrg/all/function/internal_message.html?_=1620522876956&CODE_STATE=getMsg HTTP/1.1" 200 27
116.232.50.121 - - [09/May/2021:09:14:42 +0800] "GET /xingrg/kc/buy/cgsh_order_operate.html?command=get_materiel&rest_code=00109&code=00101008256&supplier_code=00100005&order_time=2021-05-09 HTTP/1.1" 200 412
116.230.110.80 - - [09/May/2021:09:14:46 +0800] "GET /xingrg/all/function/internal_message.html?_=1620522879477&CODE_STATE=getMsg HTTP/1.1" 200 27
116.232.50.121 - - [09/May/2021:09:14:47 +0800] "GET /xingrg/kc/buy/cgsh_order_operate.html?command=get_materiel&rest_code=00109&code=00101008185&supplier_code=00100005&order_time=2021-05-09 HTTP/1.1" 200 428
58.40.7.146 - - [09/May/2021:09:14:48 +0800] "GET /xingrg/all/function/internal_message.html?_=1620522883958&CODE_STATE=getMsg HTTP/1.1" 200 27
222.69.131.186 - - [09/May/2021:09:14:51 +0800] "GET /xingrg/kc/buy/cgsh_order_operate.html?command=get_materiel&rest_code=00149&code=00101008353&supplier_code=00100005&order_time=2021-05-09 HTTP/1.1" 200 408
116.232.50.121 - - [09/May/2021:09:14:52 +0800] "GET /xingrg/kc/buy/cgsh_order_operate.html?command=get_materiel&rest_code=00109&code=00101008354&supplier_code=00100005&order_time=2021-05-09 HTTP/1.1" 200 412
114.88.167.174 - - [09/May/2021:09:14:53 +0800] "GET /xingrg/all/function/internal_message.html?_=1620522885931&CODE_STATE=getMsg HTTP/1.1" 200 27
116.224.253.72 - - [09/May/2021:09:14:55 +0800] "GET /xingrg/all/function/internal_message.html?_=1620522891488&CODE_STATE=getMsg HTTP/1.1" 200 27
116.232.50.121 - - [09/May/2021:09:14:59 +0800] "GET /xingrg/kc/buy/cgsh_order_operate.html?command=get_materiel&rest_code=00109&code=00101008110&supplier_code=00100005&order_time=2021-05-09 HTTP/1.1" 200 408
222.69.131.186 - - [09/May/2021:09:15:00 +0800] "GET /xingrg/kc/buy/cgsh_order_operate.html?command=get_materiel&rest_code=00149&code=00101008213&supplier_code=00100005&order_time=2021-05-09 HTTP/1.1" 200 412
116.230.76.31 - - [09/May/2021:09:15:05 +0800] "GET /xingrg/all/function/internal_message.html?_=1620522900520&CODE_STATE=getMsg HTTP/1.1" 200 27
61.165.42.208 - - [09/May/2021:09:15:05 +0800] "GET /xingrg/all/function/internal_message.html?_=1620522901745&CODE_STATE=getMsg HTTP/1.1" 200 27
61.165.42.208 - - [09/May/2021:09:15:05 +0800] "GET /xingrg/check_reg.html?_=1620522901748 HTTP/1.1" 200 22
116.230.114.112 - - [09/May/2021:09:15:07 +0800] "GET /xingrg/check_reg.html?_=1620522928897 HTTP/1.1" 200 22
222.69.131.186 - - [09/May/2021:09:15:11 +0800] "POST /xingrg/kc/buy/cgsh_order_operate.html HTTP/1.1" 200 2065
116.224.253.72 - - [09/May/2021:09:15:16 +0800] "GET /xingrg/all/function/internal_message.html?_=1620522904742&CODE_STATE=getMsg HTTP/1.1" 200 27
222.69.131.186 - - [09/May/2021:09:15:19 +0800] "GET /xingrg/kc/buy/cgsh_order_operate.html?command=get_materiel&rest_code=00149&code=00101010136&supplier_code=00100005&order_time=2021-05-09 HTTP/1.1" 200 408
222.69.131.186 - - [09/May/2021:09:15:21 +0800] "GET /xingrg/all/function/internal_message.html?_=1620522917440&CODE_STATE=getMsg HTTP/1.1" 200 27
222.69.131.186 - - [09/May/2021:09:15:21 +0800] "GET /xingrg/check_reg.html?_=1620522917472 HTTP/1.1" 200 22
116.232.50.121 - - [09/May/2021:09:15:22 +0800] "GET /xingrg/kc/buy/cgsh_order_operate.html?command=get_materiel&rest_code=00109&code=00101008096&supplier_code=00100005&order_time=2021-05-09 HTTP/1.1" 200 412
222.69.131.186 - - [09/May/2021:09:15:28 +0800] "GET /xingrg/kc/buy/cgsh_order_operate.html?command=get_materiel&rest_code=00149&code=00101010384&supplier_code=00100005&order_time=2021-05-09 HTTP/1.1" 200 394
116.232.50.121 - - [09/May/2021:09:15:28 +0800] "GET /xingrg/kc/buy/cgsh_order_operate.html?command=get_materiel&rest_code=00109&code=00101008038&supplier_code=00100005&order_time=2021-05-09 HTTP/1.1" 200 412
120.253.135.82 - - [09/May/2021:09:15:31 +0800] "GET /xingrg/all/function/internal_message.html?_=1620522991999&CODE_STATE=getMsg HTTP/1.1" 200 27
116.232.50.121 - - [09/May/2021:09:15:33 +0800] "GET /xingrg/kc/buy/cgsh_order_operate.html?command=get_materiel&rest_code=00109&code=00101008163&supplier_code=00100005&order_time=2021-05-09 HTTP/1.1" 200 408
116.232.50.121 - - [09/May/2021:09:15:35 +0800] "GET /xingrg/all/function/internal_message.html?_=1620522930835&CODE_STATE=getMsg HTTP/1.1" 200 27
116.230.114.112 - - [09/May/2021:09:15:37 +0800] "GET /xingrg/all/function/internal_message.html?_=1620522958231&CODE_STATE=getMsg HTTP/1.1" 200 27
116.230.76.31 - - [09/May/2021:09:15:40 +0800] "GET /xingrg/check_reg.html?_=1620522935866 HTTP/1.1" 200 22
116.230.76.31 - - [09/May/2021:09:15:41 +0800] "GET /xingrg/all/function/internal_message.html?_=1620522936932&CODE_STATE=getMsg HTTP/1.1" 200 27
116.232.50.121 - - [09/May/2021:09:15:42 +0800] "GET /xingrg/kc/buy/cgsh_order_operate.html?command=get_materiel&rest_code=00109&code=00101008355&supplier_code=00100005&order_time=2021-05-09 HTTP/1.1" 200 408
116.230.110.80 - - [09/May/2021:09:15:46 +0800] "GET /xingrg/all/function/internal_message.html?_=1620522939469&CODE_STATE=getMsg HTTP/1.1" 200 27
116.230.110.80 - - [09/May/2021:09:15:46 +0800] "GET /xingrg/check_reg.html?_=1620522939473 HTTP/1.1" 200 22
116.232.50.121 - - [09/May/2021:09:15:47 +0800] "GET /xingrg/kc/buy/cgsh_order_operate.html?command=get_materiel&rest_code=00109&code=00101008144&supplier_code=00100005&order_time=2021-05-09 HTTP/1.1" 200 412
58.40.7.146 - - [09/May/2021:09:15:48 +0800] "GET /xingrg/all/function/internal_message.html?_=1620522943961&CODE_STATE=getMsg HTTP/1.1" 200 27
58.40.7.146 - - [09/May/2021:09:15:48 +0800] "GET /xingrg/check_reg.html?_=1620522943963 HTTP/1.1" 200 22
116.232.50.121 - - [09/May/2021:09:15:52 +0800] "GET /xingrg/kc/buy/cgsh_order_operate.html?command=get_materiel&rest_code=00109&code=00101008264&supplier_code=00100005&order_time=2021-05-09 HTTP/1.1" 200 412
114.88.167.174 - - [09/May/2021:09:15:53 +0800] "GET /xingrg/all/function/internal_message.html?_=1620522945970&CODE_STATE=getMsg HTTP/1.1" 200 27
116.224.253.72 - - [09/May/2021:09:15:55 +0800] "GET /xingrg/all/function/internal_message.html?_=1620522951497&CODE_STATE=getMsg HTTP/1.1" 200 27
116.232.50.121 - - [09/May/2021:09:15:57 +0800] "GET /xingrg/kc/buy/cgsh_order_operate.html?command=get_materiel&rest_code=00109&code=00101008270&supplier_code=00100005&order_time=2021-05-09 HTTP/1.1" 200 412
116.232.50.121 - - [09/May/2021:09:16:00 +0800] "POST /xingrg/kc/buy/cgsh_order_operate.html HTTP/1.1" 200 2065
116.230.76.31 - - [09/May/2021:09:16:04 +0800] "GET /xingrg/check_reg.html?_=1620522959632 HTTP/1.1" 200 22
116.230.76.31 - - [09/May/2021:09:16:05 +0800] "GET /xingrg/all/function/internal_message.html?_=1620522960512&CODE_STATE=getMsg HTTP/1.1" 200 27
61.165.42.208 - - [09/May/2021:09:16:05 +0800] "GET /xingrg/all/function/internal_message.html?_=1620522961749&CODE_STATE=getMsg HTTP/1.1" 200 27
116.230.114.112 - - [09/May/2021:09:16:09 +0800] "GET /xingrg/kc/buy/cgsh_order_operate.html?command=get_materiel&rest_code=00146&code=00101008141&supplier_code=00100005&order_time=2021-05-09 HTTP/1.1" 200 414
116.232.50.121 - - [09/May/2021:09:16:09 +0800] "GET /xingrg/kc/buy/cgsh_order_operate.html?command=get_materiel&rest_code=00109&code=00101008357&supplier_code=00100005&order_time=2021-05-09 HTTP/1.1" 200 408
116.224.253.72 - - [09/May/2021:09:16:11 +0800] "POST /xingrg/kc/buy/cgsh_order_operate.html HTTP/1.1" 200 37
222.69.131.186 - - [09/May/2021:09:16:13 +0800] "GET /xingrg/kc/buy/cgsh_order_operate.html?command=get_materiel&rest_code=00149&code=00101019155&supplier_code=00100005&order_time=2021-05-09 HTTP/1.1" 200 476
116.224.253.72 - - [09/May/2021:09:16:16 +0800] "GET /xingrg/all/function/internal_message.html?_=1620522964755&CODE_STATE=getMsg HTTP/1.1" 200 27
116.232.50.121 - - [09/May/2021:09:16:17 +0800] "GET /xingrg/kc/buy/cgsh_order_operate.html?command=get_materiel&rest_code=00109&code=00101008230&supplier_code=00100005&order_time=2021-05-09 HTTP/1.1" 200 408
116.224.253.72 - - [09/May/2021:09:16:18 +0800] "POST /xingrg/kc/buy/cgsh_order_operate.html HTTP/1.1" 200 12
116.224.253.72 - - [09/May/2021:09:16:18 +0800] "GET /xingrg/kc/buy/cgsh_order_info.html?code=212021050903645 HTTP/1.1" 200 56522
116.224.253.72 - - [09/May/2021:09:16:19 +0800] "GET /xingrg/javascript/easyui/themes/default/validatebox.css HTTP/1.1" 404 1104
116.224.253.72 - - [09/May/2021:09:16:19 +0800] "POST /xingrg/kc/buy/cgsh_order_operate.html HTTP/1.1" 200 4206
116.224.253.72 - - [09/May/2021:09:16:21 +0800] "POST /xingrg/kc/buy/cgsh_order_operate.html HTTP/1.1" 200 37
116.224.253.72 - - [09/May/2021:09:16:21 +0800] "GET /xingrg/kc/print/load_data.html?order_code=212021050903645&kc_code=cgsh&condition= HTTP/1.1" 200 2078
222.69.131.186 - - [09/May/2021:09:16:21 +0800] "GET /xingrg/all/function/internal_message.html?_=1620522977471&CODE_STATE=getMsg HTTP/1.1" 200 27
116.230.114.112 - - [09/May/2021:09:16:22 +0800] "GET /xingrg/kc/buy/cgsh_order_operate.html?command=get_materiel&rest_code=00146&code=00101008087&supplier_code=00100005&order_time=2021-05-09 HTTP/1.1" 200 412
116.224.253.72 - - [09/May/2021:09:16:22 +0800] "POST /xingrg/kc/buy/cgsh_order_operate.html HTTP/1.1" 200 32209
222.69.131.186 - - [09/May/2021:09:16:24 +0800] "GET /xingrg/kc/buy/cgsh_order_operate.html?command=get_materiel&rest_code=00149&code=00101008122&supplier_code=00100005&order_time=2021-05-09 HTTP/1.1" 200 413
120.253.135.82 - - [09/May/2021:09:16:31 +0800] "GET /xingrg/all/function/internal_message.html?_=1620523052042&CODE_STATE=getMsg HTTP/1.1" 200 27
222.69.131.186 - - [09/May/2021:09:16:35 +0800] "GET /xingrg/kc/buy/cgsh_order_operate.html?command=get_materiel&rest_code=00149&code=00101008150&supplier_code=00100005&order_time=2021-05-09 HTTP/1.1" 200 409
116.230.114.112 - - [09/May/2021:09:16:35 +0800] "GET /xingrg/kc/buy/cgsh_order_operate.html?command=get_materiel&rest_code=00146&code=00101008321&supplier_code=00100005&order_time=2021-05-09 HTTP/1.1" 200 412
116.232.50.121 - - [09/May/2021:09:16:36 +0800] "GET /xingrg/all/function/internal_message.html?_=1620522990835&CODE_STATE=getMsg HTTP/1.1" 200 27
116.224.253.72 - - [09/May/2021:09:16:36 +0800] "POST /xingrg/all/user/operate.html HTTP/1.1" 200 36
116.224.253.72 - - [09/May/2021:09:16:36 +0800] "GET /xingrg/index.html?sysBaseUrl=http%3A%2F%2F180.169.147.146%3A18081%2Fxingrg%2F&costTime=43×tamp=1620522474887 HTTP/1.1" 200 17179
116.224.253.72 - - [09/May/2021:09:16:36 +0800] "GET /xingrg/javascript/jquery_easy_ui/themes/default/easyui.css HTTP/1.1" 304 -
116.224.253.72 - - [09/May/2021:09:16:36 +0800] "GET /xingrg/javascript/jquery_easy_ui/themes/icon.css HTTP/1.1" 304 -
116.224.253.72 - - [09/May/2021:09:16:36 +0800] "GET /xingrg/css/form.css HTTP/1.1" 304 -
116.224.253.72 - - [09/May/2021:09:16:36 +0800] "GET /xingrg/javascript/jquery-1.4.2.min.js HTTP/1.1" 304 -
116.224.253.72 - - [09/May/2021:09:16:36 +0800] "GET /xingrg/javascript/jquery_easy_ui/jquery.easyui.min.js HTTP/1.1" 304 -
116.224.253.72 - - [09/May/2021:09:16:36 +0800] "GET /xingrg/javascript/jquery_easy_ui/easyui-lang-zh_CN.js HTTP/1.1" 304 -
116.224.253.72 - - [09/May/2021:09:16:36 +0800] "GET /xingrg/javascript/jquery.form.js HTTP/1.1" 304 -
116.224.253.72 - - [09/May/2021:09:16:36 +0800] "GET /xingrg/javascript/jquery.utils.js HTTP/1.1" 304 -
116.224.253.72 - - [09/May/2021:09:16:36 +0800] "GET /xingrg/javascript/jquery.timers.js HTTP/1.1" 304 -
116.224.253.72 - - [09/May/2021:09:16:36 +0800] "GET /xingrg/images/blue/jxLogo.png HTTP/1.1" 304 -
116.224.253.72 - - [09/May/2021:09:16:36 +0800] "GET /xingrg/javascript/jquery_easy_ui/themes/icons/settle_new.png HTTP/1.1" 304 -
116.224.253.72 - - [09/May/2021:09:16:36 +0800] "GET /xingrg/images/blue/navBackgound.jpg HTTP/1.1" 304 -
116.224.253.72 - - [09/May/2021:09:16:37 +0800] "POST /xingrg/all/common/load_tree.html?tree=area_rest_tree_json&manage=1 HTTP/1.1" 200 476
116.224.253.72 - - [09/May/2021:09:16:37 +0800] "GET /xingrg/all/function/internal_message.html?_=1620522993176&CODE_STATE=count HTTP/1.1" 200 11
116.224.253.72 - - [09/May/2021:09:16:37 +0800] "GET /xingrg/check_reg.html?_=1620522993177 HTTP/1.1" 200 22
116.224.253.72 - - [09/May/2021:09:16:37 +0800] "GET /xingrg/javascript/jquery_easy_ui/themes/default/images/panel_tool_collapse.gif HTTP/1.1" 304 -
116.224.253.72 - - [09/May/2021:09:16:37 +0800] "GET /xingrg/javascript/jquery_easy_ui/themes/default/images/tabs_leftarrow.png HTTP/1.1" 304 -
116.224.253.72 - - [09/May/2021:09:16:37 +0800] "GET /xingrg/javascript/jquery_easy_ui/themes/default/images/tabs_rightarrow.png HTTP/1.1" 304 -
116.224.253.72 - - [09/May/2021:09:16:37 +0800] "GET /xingrg/images/blue/pingpu.png HTTP/1.1" 304 -
116.224.253.72 - - [09/May/2021:09:16:37 +0800] "POST /xingrg/load_menu.html HTTP/1.1" 200 5138
116.230.114.112 - - [09/May/2021:09:16:37 +0800] "GET /xingrg/all/function/internal_message.html?_=1620523018245&CODE_STATE=getMsg HTTP/1.1" 200 27
222.69.131.186 - - [09/May/2021:09:16:38 +0800] "POST /xingrg/kc/buy/cgsh_order_operate.html HTTP/1.1" 200 2065
116.224.253.72 - - [09/May/2021:09:16:39 +0800] "GET /xingrg/kc/buy/cgsh_order_list.html HTTP/1.1" 200 46256
116.232.50.121 - - [09/May/2021:09:16:39 +0800] "GET /xingrg/javascript/auto/indicator.gif HTTP/1.1" 404 1066
114.88.167.174 - - [09/May/2021:09:16:39 +0800] "GET /xingrg/check_reg.html?_=1620522992463 HTTP/1.1" 200 22
116.224.253.72 - - [09/May/2021:09:16:40 +0800] "POST /xingrg/kc/buy/cgsh_list_operate.html HTTP/1.1" 200 1709
116.232.50.121 - - [09/May/2021:09:16:41 +0800] "GET /xingrg/kc/buy/cgsh_order_operate.html?command=get_materiel&rest_code=00109&code=00101008069&supplier_code=00100005&order_time=2021-05-09 HTTP/1.1" 200 412
222.69.131.186 - - [09/May/2021:09:16:44 +0800] "GET /xingrg/kc/buy/cgsh_order_operate.html?command=get_materiel&rest_code=00149&code=00101015006&supplier_code=00100005&order_time=2021-05-09 HTTP/1.1" 200 413
116.230.114.112 - - [09/May/2021:09:16:45 +0800] "GET /xingrg/kc/buy/cgsh_order_operate.html?command=get_materiel&rest_code=00146&code=00101008270&supplier_code=00100005&order_time=2021-05-09 HTTP/1.1" 200 412
116.230.110.80 - - [09/May/2021:09:16:46 +0800] "GET /xingrg/all/function/internal_message.html?_=1620522999477&CODE_STATE=getMsg HTTP/1.1" 200 27
116.224.253.72 - - [09/May/2021:09:16:46 +0800] "GET /xingrg/kc/buy/cgsh_order_add.html HTTP/1.1" 200 61912
116.224.253.72 - - [09/May/2021:09:16:47 +0800] "POST /xingrg/kc/buy/cgsh_order_operate.html HTTP/1.1" 200 8245
116.224.253.72 - - [09/May/2021:09:16:47 +0800] "GET /xingrg/all/common/auto_word.html?type=employee&rest_code=00150 HTTP/1.1" 200 205
116.224.253.72 - - [09/May/2021:09:16:47 +0800] "GET /xingrg/javascript/easyui/themes/default/validatebox.css HTTP/1.1" 404 1104
116.224.253.72 - - [09/May/2021:09:16:47 +0800] "GET /xingrg/all/common/auto_word.html?type=employee&rest_code=00150 HTTP/1.1" 200 205
116.232.50.121 - - [09/May/2021:09:16:47 +0800] "GET /xingrg/kc/buy/cgsh_order_operate.html?command=get_materiel&rest_code=00109&code=00101008286&supplier_code=00100005&order_time=2021-05-09 HTTP/1.1" 200 408
58.40.7.146 - - [09/May/2021:09:16:48 +0800] "GET /xingrg/all/function/internal_message.html?_=1620523003966&CODE_STATE=getMsg HTTP/1.1" 200 27
116.224.253.72 - - [09/May/2021:09:16:49 +0800] "GET /xingrg/javascript/auto/indicator.gif HTTP/1.1" 404 1066
114.88.167.174 - - [09/May/2021:09:16:53 +0800] "GET /xingrg/all/function/internal_message.html?_=1620523005973&CODE_STATE=getMsg HTTP/1.1" 200 27
222.69.131.186 - - [09/May/2021:09:16:53 +0800] "GET /xingrg/kc/buy/cgsh_order_operate.html?command=get_materiel&rest_code=00149&code=00101015024&supplier_code=00100005&order_time=2021-05-09 HTTP/1.1" 200 413
116.230.114.112 - - [09/May/2021:09:16:54 +0800] "GET /xingrg/kc/buy/cgsh_order_operate.html?command=get_materiel&rest_code=00146&code=00101008213&supplier_code=00100005&order_time=2021-05-09 HTTP/1.1" 200 412
116.232.50.121 - - [09/May/2021:09:16:55 +0800] "GET /xingrg/kc/buy/cgsh_order_operate.html?command=get_materiel&rest_code=00109&code=00101008131&supplier_code=00100005&order_time=2021-05-09 HTTP/1.1" 200 408
116.232.50.121 - - [09/May/2021:09:16:57 +0800] "POST /xingrg/kc/buy/cgsh_order_operate.html HTTP/1.1" 200 2065
116.232.50.121 - - [09/May/2021:09:17:01 +0800] "GET /xingrg/kc/buy/cgsh_order_operate.html?command=get_materiel&rest_code=00109&code=00101008352&supplier_code=00100005&order_time=2021-05-09 HTTP/1.1" 200 412
222.69.131.186 - - [09/May/2021:09:17:02 +0800] "GET /xingrg/kc/buy/cgsh_order_operate.html?command=get_materiel&rest_code=00149&code=00101008183&supplier_code=00100005&order_time=2021-05-09 HTTP/1.1" 200 413
116.230.114.112 - - [09/May/2021:09:17:04 +0800] "GET /xingrg/kc/buy/cgsh_order_operate.html?command=get_materiel&rest_code=00146&code=00101008017&supplier_code=00100005&order_time=2021-05-09 HTTP/1.1" 200 416
116.230.76.31 - - [09/May/2021:09:17:05 +0800] "GET /xingrg/all/function/internal_message.html?_=1620523020496&CODE_STATE=getMsg HTTP/1.1" 200 27
61.165.42.208 - - [09/May/2021:09:17:05 +0800] "GET /xingrg/all/function/internal_message.html?_=1620523021749&CODE_STATE=getMsg HTTP/1.1" 200 27
116.232.50.121 - - [09/May/2021:09:17:08 +0800] "GET /xingrg/kc/buy/cgsh_order_operate.html?command=get_materiel&rest_code=00109&code=00101008098&supplier_code=00100005&order_time=2021-05-09 HTTP/1.1" 200 412
116.230.114.112 - - [09/May/2021:09:17:14 +0800] "GET /xingrg/kc/buy/cgsh_order_operate.html?command=get_materiel&rest_code=00146&code=00101008027&supplier_code=00100005&order_time=2021-05-09 HTTP/1.1" 200 427
116.232.50.121 - - [09/May/2021:09:17:15 +0800] "GET /xingrg/kc/buy/cgsh_order_operate.html?command=get_materiel&rest_code=00109&code=00101008005&supplier_code=00100005&order_time=2021-05-09 HTTP/1.1" 200 412
116.224.253.72 - - [09/May/2021:09:17:16 +0800] "GET /xingrg/all/function/internal_message.html?_=1620523024770&CODE_STATE=getMsg HTTP/1.1" 200 27
116.232.50.121 - - [09/May/2021:09:17:20 +0800] "GET /xingrg/kc/buy/cgsh_order_operate.html?command=get_materiel&rest_code=00109&code=00101008353&supplier_code=00100005&order_time=2021-05-09 HTTP/1.1" 200 408
222.69.131.186 - - [09/May/2021:09:17:24 +0800] "POST /xingrg/kc/buy/cgsh_order_operate.html HTTP/1.1" 200 37
116.230.114.112 - - [09/May/2021:09:17:25 +0800] "GET /xingrg/kc/buy/cgsh_order_operate.html?command=get_materiel&rest_code=00146&code=00101008132&supplier_code=00100005&order_time=2021-05-09 HTTP/1.1" 200 408
116.232.50.121 - - [09/May/2021:09:17:26 +0800] "GET /xingrg/kc/buy/cgsh_order_operate.html?command=get_materiel&rest_code=00109&code=00101008312&supplier_code=00100005&order_time=2021-05-09 HTTP/1.1" 200 412
116.232.50.121 - - [09/May/2021:09:17:28 +0800] "POST /xingrg/kc/buy/cgsh_order_operate.html HTTP/1.1" 200 2065
120.253.135.82 - - [09/May/2021:09:17:31 +0800] "GET /xingrg/all/function/internal_message.html?_=1620523112058&CODE_STATE=getMsg HTTP/1.1" 200 27
116.232.50.121 - - [09/May/2021:09:17:31 +0800] "GET /xingrg/kc/buy/cgsh_order_operate.html?command=get_materiel&rest_code=00109&code=00101008095&supplier_code=00100005&order_time=2021-05-09 HTTP/1.1" 200 412
116.232.50.121 - - [09/May/2021:09:17:35 +0800] "GET /xingrg/all/function/internal_message.html?_=1620523050842&CODE_STATE=getMsg HTTP/1.1" 200 27
116.230.114.112 - - [09/May/2021:09:17:36 +0800] "GET /xingrg/kc/buy/cgsh_order_operate.html?command=get_materiel&rest_code=00146&code=00101008349&supplier_code=00100005&order_time=2021-05-09 HTTP/1.1" 200 412
116.224.253.72 - - [09/May/2021:09:17:37 +0800] "GET /xingrg/all/function/internal_message.html?_=1620523053182&CODE_STATE=getMsg HTTP/1.1" 200 27
116.230.114.112 - - [09/May/2021:09:17:37 +0800] "GET /xingrg/all/function/internal_message.html?_=1620523078258&CODE_STATE=getMsg HTTP/1.1" 200 27
116.232.50.121 - - [09/May/2021:09:17:38 +0800] "GET /xingrg/kc/buy/cgsh_order_operate.html?command=get_materiel&rest_code=00109&code=00101008196&supplier_code=00100005&order_time=2021-05-09 HTTP/1.1" 200 416
116.224.253.72 - - [09/May/2021:09:17:42 +0800] "GET /xingrg/kc/buy/cgsh_order_operate.html?command=get_materiel&rest_code=00150&code=00101016017&supplier_code=00100096&order_time=2021-05-09 HTTP/1.1" 200 410
116.232.50.121 - - [09/May/2021:09:17:43 +0800] "GET /xingrg/kc/buy/cgsh_order_operate.html?command=get_materiel&rest_code=00109&code=00101008197&supplier_code=00100005&order_time=2021-05-09 HTTP/1.1" 200 416
222.69.131.186 - - [09/May/2021:09:17:43 +0800] "POST /xingrg/kc/buy/cgsh_order_operate.html HTTP/1.1" 200 29880
116.230.110.80 - - [09/May/2021:09:17:46 +0800] "GET /xingrg/all/function/internal_message.html?_=1620523059487&CODE_STATE=getMsg HTTP/1.1" 200 27
58.40.7.146 - - [09/May/2021:09:17:48 +0800] "GET /xingrg/all/function/internal_message.html?_=1620523063969&CODE_STATE=getMsg HTTP/1.1" 200 27
116.232.50.121 - - [09/May/2021:09:17:50 +0800] "GET /xingrg/kc/buy/cgsh_order_operate.html?command=get_materiel&rest_code=00109&code=00101008221&supplier_code=00100005&order_time=2021-05-09 HTTP/1.1" 200 412
114.88.167.174 - - [09/May/2021:09:17:53 +0800] "GET /xingrg/all/function/internal_message.html?_=1620523065988&CODE_STATE=getMsg HTTP/1.1" 200 27
116.232.50.121 - - [09/May/2021:09:17:57 +0800] "GET /xingrg/kc/buy/cgsh_order_operate.html?command=get_materiel&rest_code=00109&code=00101008176&supplier_code=00100005&order_time=2021-05-09 HTTP/1.1" 200 413
116.224.253.72 - - [09/May/2021:09:17:58 +0800] "GET /xingrg/kc/buy/cgsh_order_operate.html?command=get_materiel&rest_code=00150&code=00101012033&supplier_code=00100096&order_time=2021-05-09 HTTP/1.1" 200 426
116.224.253.72 - - [09/May/2021:09:18:00 +0800] "GET /xingrg/check_reg.html?_=1620523068186 HTTP/1.1" 200 22
116.232.50.121 - - [09/May/2021:09:18:04 +0800] "POST /xingrg/kc/buy/cgsh_order_operate.html HTTP/1.1" 200 2065
116.230.76.31 - - [09/May/2021:09:18:05 +0800] "GET /xingrg/all/function/internal_message.html?_=1620523080486&CODE_STATE=getMsg HTTP/1.1" 200 27
116.224.253.72 - - [09/May/2021:09:18:05 +0800] "GET /xingrg/kc/buy/cgsh_order_operate.html?command=get_materiel&rest_code=00150&code=00101012059&supplier_code=00100096&order_time=2021-05-09 HTTP/1.1" 200 432
61.165.42.208 - - [09/May/2021:09:18:05 +0800] "GET /xingrg/all/function/internal_message.html?_=1620523081777&CODE_STATE=getMsg HTTP/1.1" 200 27
116.224.253.72 - - [09/May/2021:09:18:08 +0800] "POST /xingrg/all/user/operate.html HTTP/1.1" 200 36
116.232.50.121 - - [09/May/2021:09:18:08 +0800] "GET /xingrg/kc/buy/cgsh_order_operate.html?command=get_materiel&rest_code=00109&code=00101008132&supplier_code=00100005&order_time=2021-05-09 HTTP/1.1" 200 408
116.224.253.72 - - [09/May/2021:09:18:09 +0800] "GET /xingrg/index.html?sysBaseUrl=http%3A%2F%2F180.169.147.146%3A18081%2Fxingrg%2F&costTime=43×tamp=1620466916912 HTTP/1.1" 200 17177
116.224.253.72 - - [09/May/2021:09:18:09 +0800] "GET /xingrg/javascript/jquery_easy_ui/themes/default/easyui.css HTTP/1.1" 304 -
116.224.253.72 - - [09/May/2021:09:18:09 +0800] "GET /xingrg/javascript/jquery_easy_ui/themes/icon.css HTTP/1.1" 304 -
116.224.253.72 - - [09/May/2021:09:18:09 +0800] "GET /xingrg/css/form.css HTTP/1.1" 304 -
116.224.253.72 - - [09/May/2021:09:18:09 +0800] "GET /xingrg/javascript/jquery-1.4.2.min.js HTTP/1.1" 304 -
116.224.253.72 - - [09/May/2021:09:18:09 +0800] "GET /xingrg/javascript/jquery_easy_ui/jquery.easyui.min.js HTTP/1.1" 304 -
116.224.253.72 - - [09/May/2021:09:18:09 +0800] "GET /xingrg/javascript/jquery_easy_ui/easyui-lang-zh_CN.js HTTP/1.1" 304 -
116.224.253.72 - - [09/May/2021:09:18:09 +0800] "GET /xingrg/javascript/jquery.form.js HTTP/1.1" 304 -
116.224.253.72 - - [09/May/2021:09:18:09 +0800] "GET /xingrg/javascript/jquery.utils.js HTTP/1.1" 304 -
116.224.253.72 - - [09/May/2021:09:18:09 +0800] "GET /xingrg/javascript/jquery.timers.js HTTP/1.1" 304 -
116.224.253.72 - - [09/May/2021:09:18:09 +0800] "GET /xingrg/images/blue/jxLogo.png HTTP/1.1" 304 -
116.224.253.72 - - [09/May/2021:09:18:09 +0800] "GET /xingrg/images/blue/navBackgound.jpg HTTP/1.1" 304 -
116.224.253.72 - - [09/May/2021:09:18:09 +0800] "GET /xingrg/javascript/jquery_easy_ui/themes/icons/settle_new.png HTTP/1.1" 304 -
116.224.253.72 - - [09/May/2021:09:18:09 +0800] "GET /xingrg/images/blue/pingpu.png HTTP/1.1" 304 -
116.224.253.72 - - [09/May/2021:09:18:09 +0800] "POST /xingrg/all/common/load_tree.html?tree=area_rest_tree_json&manage=1 HTTP/1.1" 200 476
116.224.253.72 - - [09/May/2021:09:18:09 +0800] "GET /xingrg/javascript/jquery_easy_ui/themes/default/images/tabs_leftarrow.png HTTP/1.1" 304 -
116.224.253.72 - - [09/May/2021:09:18:09 +0800] "GET /xingrg/javascript/jquery_easy_ui/themes/default/images/tabs_rightarrow.png HTTP/1.1" 304 -
116.224.253.72 - - [09/May/2021:09:18:09 +0800] "GET /xingrg/javascript/jquery_easy_ui/themes/default/images/panel_tool_collapse.gif HTTP/1.1" 304 -
116.224.253.72 - - [09/May/2021:09:18:09 +0800] "GET /xingrg/all/function/internal_message.html?_=1620523077399&CODE_STATE=count HTTP/1.1" 200 11
116.224.253.72 - - [09/May/2021:09:18:09 +0800] "GET /xingrg/check_reg.html?_=1620523077400 HTTP/1.1" 200 22
116.224.253.72 - - [09/May/2021:09:18:09 +0800] "POST /xingrg/load_menu.html HTTP/1.1" 200 5138
116.230.114.112 - - [09/May/2021:09:18:09 +0800] "GET /xingrg/kc/buy/cgsh_order_operate.html?command=get_materiel&rest_code=00146&code=00101008244&supplier_code=00100005&order_time=2021-05-09 HTTP/1.1" 200 408
116.224.253.72 - - [09/May/2021:09:18:12 +0800] "GET /xingrg/javascript/jquery_tools/list_manager.js HTTP/1.1" 304 -
116.224.253.72 - - [09/May/2021:09:18:12 +0800] "GET /xingrg/kc/buy/cgsh_order_list.html HTTP/1.1" 200 46254
116.224.253.72 - - [09/May/2021:09:18:13 +0800] "POST /xingrg/kc/buy/cgsh_list_operate.html HTTP/1.1" 200 876
116.224.253.72 - - [09/May/2021:09:18:14 +0800] "GET /xingrg/kc/buy/cgsh_order_add.html HTTP/1.1" 200 61642
116.224.253.72 - - [09/May/2021:09:18:14 +0800] "POST /xingrg/kc/buy/cgsh_order_operate.html HTTP/1.1" 200 8245
116.224.253.72 - - [09/May/2021:09:18:14 +0800] "GET /xingrg/all/common/auto_word.html?type=employee&rest_code=00151 HTTP/1.1" 200 243
116.224.253.72 - - [09/May/2021:09:18:14 +0800] "GET /xingrg/all/common/auto_word.html?type=employee&rest_code=00151 HTTP/1.1" 200 243
116.224.253.72 - - [09/May/2021:09:18:14 +0800] "GET /xingrg/javascript/easyui/themes/default/validatebox.css HTTP/1.1" 404 1104
116.232.50.121 - - [09/May/2021:09:18:15 +0800] "GET /xingrg/kc/buy/cgsh_order_operate.html?command=get_materiel&rest_code=00109&code=00101008350&supplier_code=00100005&order_time=2021-05-09 HTTP/1.1" 200 408
116.224.253.72 - - [09/May/2021:09:18:17 +0800] "GET /xingrg/javascript/auto/indicator.gif HTTP/1.1" 404 1066
222.69.131.186 - - [09/May/2021:09:18:21 +0800] "GET /xingrg/all/function/internal_message.html?_=1620523097462&CODE_STATE=getMsg HTTP/1.1" 200 27
116.232.50.121 - - [09/May/2021:09:18:22 +0800] "GET /xingrg/kc/buy/cgsh_order_operate.html?command=get_materiel&rest_code=00109&code=00101008244&supplier_code=00100005&order_time=2021-05-09 HTTP/1.1" 200 408
116.230.114.112 - - [09/May/2021:09:18:24 +0800] "GET /xingrg/kc/buy/cgsh_order_operate.html?command=get_materiel&rest_code=00146&code=00101008028&supplier_code=00100005&order_time=2021-05-09 HTTP/1.1" 200 412
116.232.50.121 - - [09/May/2021:09:18:28 +0800] "GET /xingrg/kc/buy/cgsh_order_operate.html?command=get_materiel&rest_code=00109&code=00101008354&supplier_code=00100005&order_time=2021-05-09 HTTP/1.1" 200 412
120.253.135.82 - - [09/May/2021:09:18:31 +0800] "GET /xingrg/all/function/internal_message.html?_=1620523172101&CODE_STATE=getMsg HTTP/1.1" 200 27
116.232.50.121 - - [09/May/2021:09:18:33 +0800] "GET /xingrg/kc/buy/cgsh_order_operate.html?command=get_materiel&rest_code=00109&code=00101008096&supplier_code=00100005&order_time=2021-05-09 HTTP/1.1" 200 412
116.230.114.112 - - [09/May/2021:09:18:33 +0800] "GET /xingrg/kc/buy/cgsh_order_operate.html?command=get_materiel&rest_code=00146&code=00101008186&supplier_code=00100005&order_time=2021-05-09 HTTP/1.1" 200 408
116.224.253.72 - - [09/May/2021:09:18:34 +0800] "GET /xingrg/kc/buy/cgsh_order_operate.html?command=get_materiel&rest_code=00151&code=00101008323&supplier_code=00100007&order_time=2021-05-09 HTTP/1.1" 200 408
116.232.50.121 - - [09/May/2021:09:18:35 +0800] "GET /xingrg/all/function/internal_message.html?_=1620523110842&CODE_STATE=getMsg HTTP/1.1" 200 27
116.232.50.121 - - [09/May/2021:09:18:35 +0800] "GET /xingrg/check_reg.html?_=1620523110843 HTTP/1.1" 200 22
116.232.50.121 - - [09/May/2021:09:18:35 +0800] "POST /xingrg/kc/buy/cgsh_order_operate.html HTTP/1.1" 200 2065
116.224.253.72 - - [09/May/2021:09:18:37 +0800] "GET /xingrg/all/function/internal_message.html?_=1620523113191&CODE_STATE=getMsg HTTP/1.1" 200 27
116.230.114.112 - - [09/May/2021:09:18:37 +0800] "GET /xingrg/all/function/internal_message.html?_=1620523138272&CODE_STATE=getMsg HTTP/1.1" 200 27
116.232.50.121 - - [09/May/2021:09:18:40 +0800] "GET /xingrg/kc/buy/cgsh_order_operate.html?command=get_materiel&rest_code=00109&code=00101008290&supplier_code=00100005&order_time=2021-05-09 HTTP/1.1" 200 416
180.161.124.236 - - [09/May/2021:09:18:40 +0800] "GET /favicon.ico HTTP/1.1" 404 -
180.161.124.236 - - [09/May/2021:09:18:40 +0800] "GET /favicon.ico HTTP/1.1" 404 -
180.161.124.236 - - [09/May/2021:09:18:41 +0800] "GET /favicon.ico HTTP/1.1" 404 -
180.161.124.236 - - [09/May/2021:09:18:41 +0800] "GET /favicon.ico HTTP/1.1" 404 -
180.161.124.236 - - [09/May/2021:09:18:42 +0800] "GET /favicon.ico HTTP/1.1" 404 -
180.161.124.236 - - [09/May/2021:09:18:43 +0800] "GET /favicon.ico HTTP/1.1" 404 -
180.161.124.236 - - [09/May/2021:09:18:43 +0800] "GET /favicon.ico HTTP/1.1" 404 -
180.161.124.236 - - [09/May/2021:09:18:44 +0800] "GET /favicon.ico HTTP/1.1" 404 -
116.224.253.72 - - [09/May/2021:09:18:44 +0800] "GET /xingrg/kc/buy/cgsh_order_operate.html?command=get_materiel&rest_code=00150&code=00101012032&supplier_code=00100096&order_time=2021-05-09 HTTP/1.1" 200 416
180.161.124.236 - - [09/May/2021:09:18:44 +0800] "GET /favicon.ico HTTP/1.1" 404 -
116.230.114.112 - - [09/May/2021:09:18:45 +0800] "GET /xingrg/kc/buy/cgsh_order_operate.html?command=get_materiel&rest_code=00146&code=00101008038&supplier_code=00100005&order_time=2021-05-09 HTTP/1.1" 200 412
116.230.110.80 - - [09/May/2021:09:18:46 +0800] "GET /xingrg/all/function/internal_message.html?_=1620523119475&CODE_STATE=getMsg HTTP/1.1" 200 27
180.161.124.236 - - [09/May/2021:09:18:46 +0800] "GET /xingrg/login.html HTTP/1.1" 200 7641
116.224.253.72 - - [09/May/2021:09:18:47 +0800] "GET /xingrg/kc/buy/cgsh_order_operate.html?command=get_materiel&rest_code=00151&code=00101008257&supplier_code=00100007&order_time=2021-05-09 HTTP/1.1" 200 416
180.161.124.236 - - [09/May/2021:09:18:47 +0800] "GET /xingrg/images/blue/jxLogo.png HTTP/1.1" 304 -
180.161.124.236 - - [09/May/2021:09:18:47 +0800] "GET /xingrg/images/blue/login_bg.png HTTP/1.1" 304 -
180.161.124.236 - - [09/May/2021:09:18:47 +0800] "GET /xingrg/images/blue/hj.png HTTP/1.1" 304 -
120.253.135.82 - - [09/May/2021:09:18:47 +0800] "GET /xingrg/check_reg.html?_=1620523188598 HTTP/1.1" 200 22
180.161.124.236 - - [09/May/2021:09:18:47 +0800] "GET /xingrg/images/blue/srbg.png HTTP/1.1" 304 -
180.161.124.236 - - [09/May/2021:09:18:48 +0800] "GET /favicon.ico HTTP/1.1" 404 -
116.232.50.121 - - [09/May/2021:09:18:48 +0800] "GET /xingrg/kc/buy/cgsh_order_operate.html?command=get_materiel&rest_code=00109&code=00101008358&supplier_code=00100005&order_time=2021-05-09 HTTP/1.1" 200 412
58.40.7.146 - - [09/May/2021:09:18:48 +0800] "GET /xingrg/all/function/internal_message.html?_=1620523123956&CODE_STATE=getMsg HTTP/1.1" 200 27
116.224.253.72 - - [09/May/2021:09:18:50 +0800] "GET /xingrg/kc/buy/cgsh_order_operate.html?command=get_materiel&rest_code=00150&code=00101001084&supplier_code=00100096&order_time=2021-05-09 HTTP/1.1" 200 415
114.88.167.174 - - [09/May/2021:09:18:53 +0800] "GET /xingrg/all/function/internal_message.html?_=1620523126024&CODE_STATE=getMsg HTTP/1.1" 200 27
116.232.50.121 - - [09/May/2021:09:18:54 +0800] "GET /xingrg/kc/buy/cgsh_order_operate.html?command=get_materiel&rest_code=00109&code=00101008225&supplier_code=00100005&order_time=2021-05-09 HTTP/1.1" 200 416
116.232.50.121 - - [09/May/2021:09:19:02 +0800] "GET /xingrg/kc/buy/cgsh_order_operate.html?command=get_materiel&rest_code=00109&code=00101008338&supplier_code=00100005&order_time=2021-05-09 HTTP/1.1" 200 408
116.230.76.31 - - [09/May/2021:09:19:05 +0800] "GET /xingrg/all/function/internal_message.html?_=1620523140469&CODE_STATE=getMsg HTTP/1.1" 200 27
61.165.42.208 - - [09/May/2021:09:19:05 +0800] "GET /xingrg/all/function/internal_message.html?_=1620523141776&CODE_STATE=getMsg HTTP/1.1" 200 27
116.232.50.121 - - [09/May/2021:09:19:09 +0800] "GET /xingrg/kc/buy/cgsh_order_operate.html?command=get_materiel&rest_code=00109&code=00101008220&supplier_code=00100005&order_time=2021-05-09 HTTP/1.1" 200 412
116.224.253.72 - - [09/May/2021:09:19:09 +0800] "GET /xingrg/all/function/internal_message.html?_=1620523137436&CODE_STATE=getMsg HTTP/1.1" 200 27
116.224.253.72 - - [09/May/2021:09:19:11 +0800] "GET /xingrg/kc/buy/cgsh_order_operate.html?command=get_materiel&rest_code=00150&code=00101006068&supplier_code=00100096&order_time=2021-05-09 HTTP/1.1" 200 409
116.224.253.72 - - [09/May/2021:09:19:15 +0800] "GET /xingrg/kc/buy/cgsh_order_operate.html?command=get_materiel&rest_code=00151&code=00101008067&supplier_code=00100007&order_time=2021-05-09 HTTP/1.1" 200 416
116.232.50.121 - - [09/May/2021:09:19:17 +0800] "POST /xingrg/kc/buy/cgsh_order_operate.html HTTP/1.1" 200 2065
222.69.131.186 - - [09/May/2021:09:19:21 +0800] "GET /xingrg/all/function/internal_message.html?_=1620523157450&CODE_STATE=getMsg HTTP/1.1" 200 27
116.232.50.121 - - [09/May/2021:09:19:23 +0800] "GET /xingrg/kc/buy/cgsh_order_operate.html?command=get_materiel&rest_code=00109&code=00101008017&supplier_code=00100005&order_time=2021-05-09 HTTP/1.1" 200 416
116.224.253.72 - - [09/May/2021:09:19:26 +0800] "GET /xingrg/kc/buy/cgsh_order_operate.html?command=get_materiel&rest_code=00150&code=00101006130&supplier_code=00100096&order_time=2021-05-09 HTTP/1.1" 200 427
120.253.135.82 - - [09/May/2021:09:19:31 +0800] "GET /xingrg/all/function/internal_message.html?_=1620523232116&CODE_STATE=getMsg HTTP/1.1" 200 27
116.232.50.121 - - [09/May/2021:09:19:34 +0800] "GET /xingrg/kc/buy/cgsh_order_operate.html?command=get_materiel&rest_code=00109&code=00101008502&supplier_code=00100005&order_time=2021-05-09 HTTP/1.1" 200 398
116.232.50.121 - - [09/May/2021:09:19:35 +0800] "GET /xingrg/all/function/internal_message.html?_=1620523170847&CODE_STATE=getMsg HTTP/1.1" 200 27
116.224.253.72 - - [09/May/2021:09:19:37 +0800] "GET /xingrg/all/function/internal_message.html?_=1620523173210&CODE_STATE=getMsg HTTP/1.1" 200 27
116.230.114.112 - - [09/May/2021:09:19:37 +0800] "GET /xingrg/all/function/internal_message.html?_=1620523198285&CODE_STATE=getMsg HTTP/1.1" 200 27
116.224.253.72 - - [09/May/2021:09:19:41 +0800] "GET /xingrg/kc/buy/cgsh_order_operate.html?command=get_materiel&rest_code=00151&code=00101008318&supplier_code=00100007&order_time=2021-05-09 HTTP/1.1" 200 408
