180.161.124.236 - - [09/May/2021:10:50:14 +0800] "GET /xingrg/kc/buy/cgsh_order_info.html?code=212021050903685 HTTP/1.1" 200 61946
61.165.42.208 - - [09/May/2021:10:50:14 +0800] "POST /xingrg/kc/buy/cgsh_order_operate.html HTTP/1.1" 200 37
116.230.114.112 - - [09/May/2021:10:50:14 +0800] "POST /xingrg/kc/buy/cgsh_order_operate.html HTTP/1.1" 200 4428
116.224.253.72 - - [09/May/2021:10:50:14 +0800] "POST /xingrg/kc/buy/cgsh_order_operate.html HTTP/1.1" 200 12
180.161.124.236 - - [09/May/2021:10:50:14 +0800] "GET /xingrg/javascript/easyui/themes/default/validatebox.css HTTP/1.1" 404 1104
116.230.110.80 - - [09/May/2021:10:50:14 +0800] "GET /xingrg/kc/buy/cgsh_order_add.html HTTP/1.1" 200 61956
180.161.124.236 - - [09/May/2021:10:50:14 +0800] "POST /xingrg/kc/buy/cgsh_order_operate.html HTTP/1.1" 200 6817
116.224.253.72 - - [09/May/2021:10:50:14 +0800] "GET /xingrg/kc/buy/cgsh_order_info.html?code=212021050903748 HTTP/1.1" 200 56818
116.230.110.80 - - [09/May/2021:10:50:15 +0800] "POST /xingrg/kc/buy/cgsh_order_operate.html HTTP/1.1" 200 8245
116.230.110.80 - - [09/May/2021:10:50:15 +0800] "GET /xingrg/javascript/easyui/themes/default/validatebox.css HTTP/1.1" 404 1104
117.185.32.26 - - [09/May/2021:10:50:15 +0800] "GET /xingrg/kc/buy/cgsh_order_operate.html?command=get_materiel&rest_code=00106&code=00101010044&supplier_code=00100347&order_time=2021-05-09 HTTP/1.1" 200 409
180.169.147.146 - - [09/May/2021:10:50:15 +0800] "GET /xingrg/all/function/internal_message.html?_=1620528610494&CODE_STATE=getMsg HTTP/1.1" 200 27
116.224.253.72 - - [09/May/2021:10:50:15 +0800] "GET /xingrg/javascript/easyui/themes/default/validatebox.css HTTP/1.1" 404 1104
61.165.42.208 - - [09/May/2021:10:50:15 +0800] "POST /xingrg/kc/buy/cgsh_order_operate.html HTTP/1.1" 200 3848
116.230.76.31 - - [09/May/2021:10:50:15 +0800] "GET /xingrg/kc/buy/cgsh_order_operate.html?command=get_materiel&rest_code=00107&code=00101010636&supplier_code=00100411&order_time=2021-05-09 HTTP/1.1" 200 400
116.224.253.72 - - [09/May/2021:10:50:15 +0800] "POST /xingrg/kc/buy/cgsh_order_operate.html HTTP/1.1" 200 2389
116.230.114.112 - - [09/May/2021:10:50:15 +0800] "GET /xingrg/kc/print/load_data.html?order_code=212021050903750&kc_code=cgsh&condition= HTTP/1.1" 200 1346
61.165.42.208 - - [09/May/2021:10:50:16 +0800] "GET /xingrg/kc/print/load_data.html?order_code=212021050903751&kc_code=cgsh&condition= HTTP/1.1" 200 1107
116.224.253.72 - - [09/May/2021:10:50:17 +0800] "GET /xingrg/kc/print/load_data.html?order_code=212021050903748&kc_code=cgsh&condition= HTTP/1.1" 200 1400
180.161.124.236 - - [09/May/2021:10:50:17 +0800] "GET /xingrg/all/function/internal_message.html?_=1620528615530&CODE_STATE=getMsg HTTP/1.1" 200 27
61.165.42.208 - - [09/May/2021:10:50:19 +0800] "GET /xingrg/kc/buy/cgsh_order_add.html HTTP/1.1" 200 62035
116.224.253.72 - - [09/May/2021:10:50:19 +0800] "GET /xingrg/kc/buy/cgsh_order_operate.html?command=get_materiel&rest_code=00150&code=00101037239&supplier_code=00100323&order_time=2021-05-09 HTTP/1.1" 200 396
61.165.42.208 - - [09/May/2021:10:50:20 +0800] "POST /xingrg/kc/buy/cgsh_order_operate.html HTTP/1.1" 200 8245
61.165.42.208 - - [09/May/2021:10:50:20 +0800] "GET /xingrg/javascript/easyui/themes/default/validatebox.css HTTP/1.1" 404 1104
116.224.253.72 - - [09/May/2021:10:50:21 +0800] "GET /xingrg/kc/buy/cgsh_order_add.html HTTP/1.1" 200 61912
116.224.253.72 - - [09/May/2021:10:50:22 +0800] "POST /xingrg/kc/buy/cgsh_order_operate.html HTTP/1.1" 200 8245
117.185.32.26 - - [09/May/2021:10:50:22 +0800] "GET /xingrg/all/function/internal_message.html?_=1620528613036&CODE_STATE=getMsg HTTP/1.1" 200 27
116.224.253.72 - - [09/May/2021:10:50:22 +0800] "GET /xingrg/javascript/easyui/themes/default/validatebox.css HTTP/1.1" 404 1104
117.185.32.26 - - [09/May/2021:10:50:22 +0800] "GET /xingrg/kc/buy/cgsh_order_operate.html?command=get_materiel&rest_code=00106&code=00101010045&supplier_code=00100347&order_time=2021-05-09 HTTP/1.1" 200 420
116.230.76.31 - - [09/May/2021:10:50:24 +0800] "POST /xingrg/kc/buy/cgsh_order_operate.html HTTP/1.1" 200 37
116.230.114.112 - - [09/May/2021:10:50:26 +0800] "GET /xingrg/kc/buy/cgsh_order_add.html HTTP/1.1" 200 61994
116.224.253.72 - - [09/May/2021:10:50:26 +0800] "GET /xingrg/check_reg.html?_=1620528623046 HTTP/1.1" 200 22
116.224.253.72 - - [09/May/2021:10:50:26 +0800] "GET /xingrg/all/function/internal_message.html?_=1620528623050&CODE_STATE=getMsg HTTP/1.1" 200 27
116.230.114.112 - - [09/May/2021:10:50:27 +0800] "POST /xingrg/kc/buy/cgsh_order_operate.html HTTP/1.1" 200 8245
116.230.114.112 - - [09/May/2021:10:50:27 +0800] "GET /xingrg/javascript/easyui/themes/default/validatebox.css HTTP/1.1" 404 1104
116.230.110.80 - - [09/May/2021:10:50:27 +0800] "GET /xingrg/kc/buy/cgsh_order_operate.html?command=get_materiel&rest_code=00155&code=00101001140&supplier_code=00100090&order_time=2021-05-09 HTTP/1.1" 200 415
61.165.42.208 - - [09/May/2021:10:50:28 +0800] "GET /xingrg/kc/buy/cgsh_order_operate.html?command=get_materiel&rest_code=00105&code=00101001115&supplier_code=00100089&order_time=2021-05-09 HTTP/1.1" 200 415
116.224.253.72 - - [09/May/2021:10:50:28 +0800] "GET /xingrg/kc/buy/cgsh_order_operate.html?command=get_materiel&rest_code=00150&code=00101008113&supplier_code=00100323&order_time=2021-05-09 HTTP/1.1" 200 413
116.230.76.31 - - [09/May/2021:10:50:30 +0800] "POST /xingrg/kc/buy/cgsh_order_operate.html HTTP/1.1" 200 2659
116.230.76.31 - - [09/May/2021:10:50:31 +0800] "GET /xingrg/kc/print/load_data.html?order_code=212021050903752&kc_code=cgsh&condition= HTTP/1.1" 200 666
120.253.135.82 - - [09/May/2021:10:50:33 +0800] "GET /xingrg/all/function/internal_message.html?_=1620528694460&CODE_STATE=getMsg HTTP/1.1" 200 27
116.230.76.31 - - [09/May/2021:10:50:35 +0800] "GET /xingrg/kc/buy/cgsh_order_add.html HTTP/1.1" 200 62076
116.230.76.31 - - [09/May/2021:10:50:36 +0800] "GET /xingrg/javascript/easyui/themes/default/validatebox.css HTTP/1.1" 404 1104
116.230.76.31 - - [09/May/2021:10:50:36 +0800] "POST /xingrg/kc/buy/cgsh_order_operate.html HTTP/1.1" 200 8245
116.230.110.80 - - [09/May/2021:10:50:36 +0800] "POST /xingrg/kc/buy/cgsh_order_operate.html HTTP/1.1" 200 37
116.230.76.31 - - [09/May/2021:10:50:37 +0800] "GET /xingrg/javascript/easyui/themes/default/tree.css HTTP/1.1" 404 1090
116.230.76.31 - - [09/May/2021:10:50:37 +0800] "POST /xingrg/all/common/load_tree.html?tree=supplier_tree_json&isDelete=1 HTTP/1.1" 200 55318
116.230.110.80 - - [09/May/2021:10:50:38 +0800] "POST /xingrg/kc/buy/cgsh_order_operate.html HTTP/1.1" 200 2662
117.185.32.26 - - [09/May/2021:10:50:39 +0800] "GET /xingrg/kc/buy/cgsh_order_operate.html?command=get_materiel&rest_code=00106&code=00101008585&supplier_code=00100347&order_time=2021-05-09 HTTP/1.1" 200 394
61.165.42.208 - - [09/May/2021:10:50:40 +0800] "POST /xingrg/kc/buy/cgsh_order_operate.html HTTP/1.1" 200 37
116.230.110.80 - - [09/May/2021:10:50:40 +0800] "GET /xingrg/kc/print/load_data.html?order_code=212021050903753&kc_code=cgsh&condition= HTTP/1.1" 200 748
120.253.135.82 - - [09/May/2021:10:50:42 +0800] "GET /xingrg/all/function/internal_message.html?_=1620528419859&CODE_STATE=getMsg HTTP/1.1" 200 27
61.165.42.208 - - [09/May/2021:10:50:42 +0800] "POST /xingrg/kc/buy/cgsh_order_operate.html HTTP/1.1" 200 2658
116.224.253.72 - - [09/May/2021:10:50:44 +0800] "GET /xingrg/kc/buy/cgsh_order_operate.html?command=get_materiel&rest_code=00150&code=00101006155&supplier_code=00100323&order_time=2021-05-09 HTTP/1.1" 200 415
116.230.114.112 - - [09/May/2021:10:50:44 +0800] "GET /xingrg/all/function/internal_message.html?_=1620528665731&CODE_STATE=getMsg HTTP/1.1" 200 27
61.165.42.208 - - [09/May/2021:10:50:44 +0800] "GET /xingrg/kc/print/load_data.html?order_code=212021050903754&kc_code=cgsh&condition= HTTP/1.1" 200 736
116.230.114.112 - - [09/May/2021:10:50:44 +0800] "GET /xingrg/kc/buy/cgsh_order_operate.html?command=get_materiel&rest_code=00146&code=00101009050&supplier_code=00100023&order_time=2021-05-09 HTTP/1.1" 200 408
180.161.124.236 - - [09/May/2021:10:50:45 +0800] "POST /xingrg/kc/mdqp/pssh_list_operate.html HTTP/1.1" 200 366
180.161.124.236 - - [09/May/2021:10:50:45 +0800] "POST /xingrg/kc/mdqp/pssh_list_operate.html HTTP/1.1" 200 729
117.185.32.26 - - [09/May/2021:10:50:47 +0800] "GET /xingrg/kc/buy/cgsh_order_operate.html?command=get_materiel&rest_code=00106&code=00101012046&supplier_code=00100347&order_time=2021-05-09 HTTP/1.1" 200 417
180.161.124.236 - - [09/May/2021:10:50:47 +0800] "GET /xingrg/all/function/internal_message.html?_=1620528930536&CODE_STATE=getMsg HTTP/1.1" 200 27
58.40.7.146 - - [09/May/2021:10:50:48 +0800] "GET /xingrg/all/function/internal_message.html?_=1620528644053&CODE_STATE=getMsg HTTP/1.1" 200 27
58.40.7.146 - - [09/May/2021:10:50:48 +0800] "GET /xingrg/check_reg.html?_=1620528644055 HTTP/1.1" 200 22
61.165.42.208 - - [09/May/2021:10:50:49 +0800] "GET /xingrg/kc/buy/cgsh_order_add.html HTTP/1.1" 200 62035
61.165.42.208 - - [09/May/2021:10:50:49 +0800] "POST /xingrg/kc/buy/cgsh_order_operate.html HTTP/1.1" 200 8245
61.165.42.208 - - [09/May/2021:10:50:49 +0800] "GET /xingrg/javascript/easyui/themes/default/validatebox.css HTTP/1.1" 404 1104
222.69.131.186 - - [09/May/2021:10:50:52 +0800] "GET /xingrg/all/function/internal_message.html?_=1620528648154&CODE_STATE=getMsg HTTP/1.1" 200 27
117.185.32.26 - - [09/May/2021:10:50:52 +0800] "GET /xingrg/kc/buy/cgsh_order_operate.html?command=get_materiel&rest_code=00106&code=00101012101&supplier_code=00100347&order_time=2021-05-09 HTTP/1.1" 200 404
180.169.147.146 - - [09/May/2021:10:50:54 +0800] "GET /xingrg/all/function/internal_message.html?_=1620528648923&CODE_STATE=getMsg HTTP/1.1" 200 27
180.169.147.146 - - [09/May/2021:10:50:54 +0800] "GET /xingrg/all/function/internal_message.html?_=1620528642652&CODE_STATE=getMsg HTTP/1.1" 200 27
180.169.147.146 - - [09/May/2021:10:50:55 +0800] "GET /xingrg/check_reg.html?_=1620528643102 HTTP/1.1" 200 22
114.86.187.76 - - [09/May/2021:10:50:55 +0800] "GET /xingrg/login.html HTTP/1.1" 200 7641
114.86.187.76 - - [09/May/2021:10:50:56 +0800] "GET /xingrg/images/blue/jxLogo.png HTTP/1.1" 200 6156
114.86.187.76 - - [09/May/2021:10:50:56 +0800] "GET /xingrg/images/blue/hj.png HTTP/1.1" 200 1014
114.86.187.76 - - [09/May/2021:10:50:56 +0800] "GET /xingrg/images/blue/login_bg.png HTTP/1.1" 200 22101
114.86.187.76 - - [09/May/2021:10:50:56 +0800] "GET /xingrg/images/blue/srbg.png HTTP/1.1" 200 138
114.86.187.76 - - [09/May/2021:10:50:56 +0800] "GET /favicon.ico HTTP/1.1" 404 -
116.230.76.31 - - [09/May/2021:10:50:57 +0800] "GET /xingrg/kc/buy/cgsh_order_operate.html?command=get_materiel&rest_code=00107&code=00102002195&supplier_code=00100347&order_time=2021-05-09 HTTP/1.1" 200 413
61.165.42.208 - - [09/May/2021:10:50:58 +0800] "GET /xingrg/kc/buy/cgsh_order_operate.html?command=get_materiel&rest_code=00105&code=00101008061&supplier_code=00100339&order_time=2021-05-09 HTTP/1.1" 200 423
114.88.167.174 - - [09/May/2021:10:51:00 +0800] "GET /xingrg/all/function/internal_message.html?_=1620528652945&CODE_STATE=getMsg HTTP/1.1" 200 27
116.230.110.80 - - [09/May/2021:10:51:03 +0800] "GET /xingrg/check_reg.html?_=1620528658538 HTTP/1.1" 200 22
116.230.110.80 - - [09/May/2021:10:51:03 +0800] "GET /xingrg/all/function/internal_message.html?_=1620528658540&CODE_STATE=getMsg HTTP/1.1" 200 27
116.224.253.72 - - [09/May/2021:10:51:03 +0800] "POST /xingrg/kc/buy/cgsh_order_operate.html HTTP/1.1" 200 37
116.230.114.112 - - [09/May/2021:10:51:03 +0800] "GET /xingrg/kc/buy/cgsh_order_operate.html?command=get_materiel&rest_code=00146&code=00101009062&supplier_code=00100023&order_time=2021-05-09 HTTP/1.1" 200 412
61.165.42.208 - - [09/May/2021:10:51:08 +0800] "POST /xingrg/kc/buy/cgsh_order_operate.html HTTP/1.1" 200 37
116.224.253.72 - - [09/May/2021:10:51:08 +0800] "POST /xingrg/kc/buy/cgsh_order_operate.html HTTP/1.1" 200 12
116.224.253.72 - - [09/May/2021:10:51:09 +0800] "GET /xingrg/kc/buy/cgsh_order_info.html?code=212021050903755 HTTP/1.1" 200 56833
61.165.42.208 - - [09/May/2021:10:51:09 +0800] "POST /xingrg/kc/buy/cgsh_order_operate.html HTTP/1.1" 200 2666
116.224.253.72 - - [09/May/2021:10:51:09 +0800] "GET /xingrg/javascript/easyui/themes/default/validatebox.css HTTP/1.1" 404 1104
117.185.32.26 - - [09/May/2021:10:51:10 +0800] "GET /xingrg/kc/buy/cgsh_order_operate.html?command=get_materiel&rest_code=00106&code=00101005022&supplier_code=00100347&order_time=2021-05-09 HTTP/1.1" 200 417
116.224.253.72 - - [09/May/2021:10:51:10 +0800] "POST /xingrg/kc/buy/cgsh_order_operate.html HTTP/1.1" 200 2984
116.224.253.72 - - [09/May/2021:10:51:10 +0800] "GET /xingrg/all/function/internal_message.html?_=1620528658499&CODE_STATE=getMsg HTTP/1.1" 200 27
61.165.42.208 - - [09/May/2021:10:51:11 +0800] "GET /xingrg/kc/print/load_data.html?order_code=212021050903756&kc_code=cgsh&condition= HTTP/1.1" 200 676
116.224.253.72 - - [09/May/2021:10:51:12 +0800] "GET /xingrg/kc/buy/cgsh_order_add.html HTTP/1.1" 200 61924
116.224.253.72 - - [09/May/2021:10:51:12 +0800] "POST /xingrg/kc/buy/cgsh_order_operate.html HTTP/1.1" 200 8245
116.224.253.72 - - [09/May/2021:10:51:13 +0800] "GET /xingrg/javascript/easyui/themes/default/validatebox.css HTTP/1.1" 404 1104
116.230.76.31 - - [09/May/2021:10:51:13 +0800] "GET /xingrg/all/function/internal_message.html?_=1620528668488&CODE_STATE=getMsg HTTP/1.1" 200 27
180.169.147.146 - - [09/May/2021:10:51:15 +0800] "GET /xingrg/all/function/internal_message.html?_=1620528670491&CODE_STATE=getMsg HTTP/1.1" 200 27
180.161.124.236 - - [09/May/2021:10:51:18 +0800] "GET /xingrg/all/function/internal_message.html?_=1620528675549&CODE_STATE=getMsg HTTP/1.1" 200 27
117.185.32.26 - - [09/May/2021:10:51:22 +0800] "GET /xingrg/all/function/internal_message.html?_=1620528673119&CODE_STATE=getMsg HTTP/1.1" 200 27
117.185.32.26 - - [09/May/2021:10:51:23 +0800] "GET /xingrg/kc/buy/cgsh_order_operate.html?command=get_materiel&rest_code=00106&code=00101020133&supplier_code=00100347&order_time=2021-05-09 HTTP/1.1" 200 417
116.230.114.112 - - [09/May/2021:10:51:24 +0800] "GET /xingrg/kc/buy/cgsh_order_operate.html?command=get_materiel&rest_code=00146&code=00101009016&supplier_code=00100023&order_time=2021-05-09 HTTP/1.1" 200 412
116.224.253.72 - - [09/May/2021:10:51:26 +0800] "GET /xingrg/all/function/internal_message.html?_=1620528683037&CODE_STATE=getMsg HTTP/1.1" 200 27
120.253.135.82 - - [09/May/2021:10:51:33 +0800] "GET /xingrg/all/function/internal_message.html?_=1620528754518&CODE_STATE=getMsg HTTP/1.1" 200 27
114.88.167.174 - - [09/May/2021:10:51:36 +0800] "GET /xingrg/kc/buy/cgsh_order_operate.html?command=get_materiel&rest_code=00111&code=00101007057&supplier_code=00100266&order_time=2021-05-09 HTTP/1.1" 200 413
117.185.32.26 - - [09/May/2021:10:51:36 +0800] "GET /xingrg/kc/buy/cgsh_order_operate.html?command=get_materiel&rest_code=00106&code=00101008589&supplier_code=00100347&order_time=2021-05-09 HTTP/1.1" 200 395
116.224.253.72 - - [09/May/2021:10:51:37 +0800] "GET /xingrg/javascript/jquery_tools/images/prev.gif HTTP/1.1" 404 1086
116.224.253.72 - - [09/May/2021:10:51:37 +0800] "GET /xingrg/javascript/jquery_tools/images/next.gif HTTP/1.1" 404 1086
61.165.42.208 - - [09/May/2021:10:51:41 +0800] "GET /xingrg/kc/buy/cgsh_order_add.html HTTP/1.1" 200 62035
61.165.42.208 - - [09/May/2021:10:51:41 +0800] "POST /xingrg/kc/buy/cgsh_order_operate.html HTTP/1.1" 200 8245
61.165.42.208 - - [09/May/2021:10:51:41 +0800] "GET /xingrg/javascript/easyui/themes/default/validatebox.css HTTP/1.1" 404 1104
120.253.135.82 - - [09/May/2021:10:51:42 +0800] "GET /xingrg/all/function/internal_message.html?_=1620528479874&CODE_STATE=getMsg HTTP/1.1" 200 27
117.185.32.26 - - [09/May/2021:10:51:44 +0800] "POST /xingrg/kc/buy/cgsh_order_operate.html HTTP/1.1" 200 37
116.230.114.112 - - [09/May/2021:10:51:44 +0800] "GET /xingrg/all/function/internal_message.html?_=1620528725744&CODE_STATE=getMsg HTTP/1.1" 200 27
116.230.76.31 - - [09/May/2021:10:51:44 +0800] "GET /xingrg/kc/buy/cgsh_order_operate.html?command=get_materiel&rest_code=00107&code=00101010502&supplier_code=00100347&order_time=2021-05-09 HTTP/1.1" 200 396
116.230.114.112 - - [09/May/2021:10:51:44 +0800] "GET /xingrg/kc/buy/cgsh_order_operate.html?command=get_materiel&rest_code=00146&code=00101008323&supplier_code=00100023&order_time=2021-05-09 HTTP/1.1" 200 409
116.224.253.72 - - [09/May/2021:10:51:45 +0800] "POST /xingrg/kc/buy/cgsh_list_operate.html HTTP/1.1" 200 5277
117.185.32.26 - - [09/May/2021:10:51:46 +0800] "POST /xingrg/kc/buy/cgsh_order_operate.html HTTP/1.1" 200 6229
180.161.124.236 - - [09/May/2021:10:51:47 +0800] "GET /xingrg/all/function/internal_message.html?_=1620528990555&CODE_STATE=getMsg HTTP/1.1" 200 27
116.224.253.72 - - [09/May/2021:10:51:48 +0800] "POST /xingrg/kc/buy/cgsh_list_operate.html HTTP/1.1" 200 506
58.40.7.146 - - [09/May/2021:10:51:48 +0800] "GET /xingrg/all/function/internal_message.html?_=1620528704057&CODE_STATE=getMsg HTTP/1.1" 200 27
114.88.167.174 - - [09/May/2021:10:51:51 +0800] "GET /xingrg/kc/buy/cgsh_order_operate.html?command=get_materiel&rest_code=00111&code=00101012041&supplier_code=00100266&order_time=2021-05-09 HTTP/1.1" 200 418
116.224.253.72 - - [09/May/2021:10:51:52 +0800] "GET /xingrg/kc/buy/cgsh_order_info.html?code=212021050903755 HTTP/1.1" 200 56833
116.224.253.72 - - [09/May/2021:10:51:52 +0800] "GET /xingrg/javascript/easyui/themes/default/validatebox.css HTTP/1.1" 404 1104
222.69.131.186 - - [09/May/2021:10:51:52 +0800] "GET /xingrg/all/function/internal_message.html?_=1620528708155&CODE_STATE=getMsg HTTP/1.1" 200 27
116.224.253.72 - - [09/May/2021:10:51:52 +0800] "POST /xingrg/kc/buy/cgsh_order_operate.html HTTP/1.1" 200 2984
180.169.147.146 - - [09/May/2021:10:51:54 +0800] "GET /xingrg/all/function/internal_message.html?_=1620528708929&CODE_STATE=getMsg HTTP/1.1" 200 27
180.169.147.146 - - [09/May/2021:10:51:54 +0800] "GET /xingrg/all/function/internal_message.html?_=1620528702629&CODE_STATE=getMsg HTTP/1.1" 200 27
116.224.253.72 - - [09/May/2021:10:51:55 +0800] "GET /xingrg/kc/print/load_data.html?order_code=212021050903755&kc_code=cgsh&condition= HTTP/1.1" 200 1651
61.165.42.208 - - [09/May/2021:10:51:56 +0800] "GET /xingrg/kc/buy/cgsh_order_operate.html?command=get_materiel&rest_code=00105&code=00101004034&supplier_code=00100085&order_time=2021-05-09 HTTP/1.1" 200 414
114.88.167.174 - - [09/May/2021:10:52:00 +0800] "GET /xingrg/all/function/internal_message.html?_=1620528712978&CODE_STATE=getMsg HTTP/1.1" 200 27
116.230.110.80 - - [09/May/2021:10:52:03 +0800] "GET /xingrg/all/function/internal_message.html?_=1620528718535&CODE_STATE=getMsg HTTP/1.1" 200 27
116.224.253.72 - - [09/May/2021:10:52:05 +0800] "GET /xingrg/kc/buy/cgsh_order_add.html HTTP/1.1" 200 61924
116.224.253.72 - - [09/May/2021:10:52:05 +0800] "POST /xingrg/kc/buy/cgsh_order_operate.html HTTP/1.1" 200 8245
116.224.253.72 - - [09/May/2021:10:52:05 +0800] "GET /xingrg/javascript/easyui/themes/default/validatebox.css HTTP/1.1" 404 1104
61.165.42.208 - - [09/May/2021:10:52:06 +0800] "GET /xingrg/all/function/internal_message.html?_=1620528721896&CODE_STATE=getMsg HTTP/1.1" 200 27
180.161.124.236 - - [09/May/2021:10:52:07 +0800] "POST /xingrg/kc/buy/cgsh_order_operate.html HTTP/1.1" 200 37
61.165.42.208 - - [09/May/2021:10:52:08 +0800] "POST /xingrg/kc/buy/cgsh_order_operate.html HTTP/1.1" 200 37
114.88.167.174 - - [09/May/2021:10:52:08 +0800] "GET /xingrg/kc/buy/cgsh_order_operate.html?command=get_materiel&rest_code=00111&code=00101007038&supplier_code=00100266&order_time=2021-05-09 HTTP/1.1" 200 441
116.230.76.31 - - [09/May/2021:10:52:08 +0800] "GET /xingrg/kc/buy/cgsh_order_operate.html?command=get_materiel&rest_code=00107&code=00101001008&supplier_code=00100347&order_time=2021-05-09 HTTP/1.1" 200 415
116.230.114.112 - - [09/May/2021:10:52:09 +0800] "GET /xingrg/kc/buy/cgsh_order_operate.html?command=get_materiel&rest_code=00146&code=00101009059&supplier_code=00100023&order_time=2021-05-09 HTTP/1.1" 200 409
61.165.42.208 - - [09/May/2021:10:52:10 +0800] "POST /xingrg/kc/buy/cgsh_order_operate.html HTTP/1.1" 200 2664
116.224.253.72 - - [09/May/2021:10:52:10 +0800] "GET /xingrg/all/function/internal_message.html?_=1620528718509&CODE_STATE=getMsg HTTP/1.1" 200 27
116.230.76.31 - - [09/May/2021:10:52:13 +0800] "GET /xingrg/all/function/internal_message.html?_=1620528728466&CODE_STATE=getMsg HTTP/1.1" 200 27
61.165.42.208 - - [09/May/2021:10:52:14 +0800] "GET /xingrg/kc/print/load_data.html?order_code=212021050903758&kc_code=cgsh&condition= HTTP/1.1" 200 732
180.161.124.236 - - [09/May/2021:10:52:14 +0800] "POST /xingrg/kc/buy/cgsh_order_operate.html HTTP/1.1" 200 8009
180.169.147.146 - - [09/May/2021:10:52:15 +0800] "GET /xingrg/check_reg.html?_=1620528730494 HTTP/1.1" 200 22
180.169.147.146 - - [09/May/2021:10:52:15 +0800] "GET /xingrg/all/function/internal_message.html?_=1620528730497&CODE_STATE=getMsg HTTP/1.1" 200 27
61.165.42.208 - - [09/May/2021:10:52:17 +0800] "GET /xingrg/kc/buy/cgsh_order_add.html HTTP/1.1" 200 62035
61.165.42.208 - - [09/May/2021:10:52:17 +0800] "GET /xingrg/javascript/easyui/themes/default/validatebox.css HTTP/1.1" 404 1104
61.165.42.208 - - [09/May/2021:10:52:17 +0800] "POST /xingrg/kc/buy/cgsh_order_operate.html HTTP/1.1" 200 8245
180.161.124.236 - - [09/May/2021:10:52:18 +0800] "GET /xingrg/all/function/internal_message.html?_=1620528735563&CODE_STATE=getMsg HTTP/1.1" 200 27
116.230.114.112 - - [09/May/2021:10:52:19 +0800] "GET /xingrg/kc/buy/cgsh_order_operate.html?command=get_materiel&rest_code=00146&code=00101009010&supplier_code=00100023&order_time=2021-05-09 HTTP/1.1" 200 412
116.224.253.72 - - [09/May/2021:10:52:20 +0800] "GET /xingrg/kc/buy/cgsh_order_operate.html?command=get_materiel&rest_code=00150&code=00101020133&supplier_code=00100347&order_time=2021-05-09 HTTP/1.1" 200 417
117.185.32.26 - - [09/May/2021:10:52:22 +0800] "GET /xingrg/all/function/internal_message.html?_=1620528733127&CODE_STATE=getMsg HTTP/1.1" 200 27
116.230.76.31 - - [09/May/2021:10:52:26 +0800] "POST /xingrg/kc/buy/cgsh_order_operate.html HTTP/1.1" 200 37
116.224.253.72 - - [09/May/2021:10:52:26 +0800] "GET /xingrg/all/function/internal_message.html?_=1620528743029&CODE_STATE=getMsg HTTP/1.1" 200 27
61.165.42.208 - - [09/May/2021:10:52:27 +0800] "GET /xingrg/kc/buy/cgsh_order_operate.html?command=get_materiel&rest_code=00105&code=00101001125&supplier_code=00100319&order_time=2021-05-09 HTTP/1.1" 200 415
116.230.76.31 - - [09/May/2021:10:52:27 +0800] "POST /xingrg/kc/buy/cgsh_order_operate.html HTTP/1.1" 200 3847
116.230.76.31 - - [09/May/2021:10:52:28 +0800] "GET /xingrg/kc/print/load_data.html?order_code=212021050903759&kc_code=cgsh&condition= HTTP/1.1" 200 1115
120.253.135.82 - - [09/May/2021:10:52:33 +0800] "GET /xingrg/all/function/internal_message.html?_=1620528814534&CODE_STATE=getMsg HTTP/1.1" 200 27
117.131.5.26 - - [09/May/2021:10:52:35 +0800] "POST /xingrg/services/DataTransmitService HTTP/1.1" 200 524
117.131.5.26 - - [09/May/2021:10:52:38 +0800] "POST /xingrg/services/DataTransmitService HTTP/1.1" 200 501
61.165.42.208 - - [09/May/2021:10:52:38 +0800] "GET /xingrg/kc/buy/cgsh_order_operate.html?command=get_materiel&rest_code=00105&code=00101001044&supplier_code=00100319&order_time=2021-05-09 HTTP/1.1" 200 409
116.230.76.31 - - [09/May/2021:10:52:40 +0800] "GET /xingrg/kc/buy/cgsh_order_add.html HTTP/1.1" 200 62076
116.230.76.31 - - [09/May/2021:10:52:41 +0800] "GET /xingrg/javascript/easyui/themes/default/validatebox.css HTTP/1.1" 404 1104
116.230.76.31 - - [09/May/2021:10:52:41 +0800] "POST /xingrg/kc/buy/cgsh_order_operate.html HTTP/1.1" 200 8245
120.253.135.82 - - [09/May/2021:10:52:42 +0800] "GET /xingrg/all/function/internal_message.html?_=1620528539886&CODE_STATE=getMsg HTTP/1.1" 200 27
116.230.76.31 - - [09/May/2021:10:52:42 +0800] "GET /xingrg/javascript/easyui/themes/default/tree.css HTTP/1.1" 404 1090
116.230.76.31 - - [09/May/2021:10:52:43 +0800] "POST /xingrg/all/common/load_tree.html?tree=supplier_tree_json&isDelete=1 HTTP/1.1" 200 55318
116.230.114.112 - - [09/May/2021:10:52:44 +0800] "GET /xingrg/all/function/internal_message.html?_=1620528785758&CODE_STATE=getMsg HTTP/1.1" 200 27
116.224.253.72 - - [09/May/2021:10:52:45 +0800] "POST /xingrg/kc/buy/cgsh_order_operate.html HTTP/1.1" 200 37
180.161.124.236 - - [09/May/2021:10:52:46 +0800] "POST /xingrg/kc/buy/cgsh_order_operate.html HTTP/1.1" 200 37
61.165.42.208 - - [09/May/2021:10:52:46 +0800] "GET /xingrg/kc/buy/cgsh_order_operate.html?command=get_materiel&rest_code=00105&code=00101001169&supplier_code=00100319&order_time=2021-05-09 HTTP/1.1" 200 415
58.40.7.146 - - [09/May/2021:10:52:48 +0800] "GET /xingrg/all/function/internal_message.html?_=1620528764060&CODE_STATE=getMsg HTTP/1.1" 200 27
116.224.253.72 - - [09/May/2021:10:52:49 +0800] "POST /xingrg/kc/buy/cgsh_order_operate.html HTTP/1.1" 200 12
116.224.253.72 - - [09/May/2021:10:52:49 +0800] "GET /xingrg/kc/buy/cgsh_order_info.html?code=212021050903760 HTTP/1.1" 200 56822
116.224.253.72 - - [09/May/2021:10:52:50 +0800] "GET /xingrg/javascript/easyui/themes/default/validatebox.css HTTP/1.1" 404 1104
116.224.253.72 - - [09/May/2021:10:52:50 +0800] "POST /xingrg/kc/buy/cgsh_order_operate.html HTTP/1.1" 200 612
116.224.253.72 - - [09/May/2021:10:52:52 +0800] "GET /xingrg/kc/print/load_data.html?order_code=212021050903760&kc_code=cgsh&condition= HTTP/1.1" 200 719
222.69.131.186 - - [09/May/2021:10:52:52 +0800] "GET /xingrg/check_reg.html?_=1620528768174 HTTP/1.1" 200 22
222.69.131.186 - - [09/May/2021:10:52:52 +0800] "GET /xingrg/all/function/internal_message.html?_=1620528768183&CODE_STATE=getMsg HTTP/1.1" 200 27
117.131.5.26 - - [09/May/2021:10:52:53 +0800] "POST /xingrg/services/DataTransmitService HTTP/1.1" 200 524
116.230.114.112 - - [09/May/2021:10:52:54 +0800] "GET /xingrg/kc/buy/cgsh_order_operate.html?command=get_materiel&rest_code=00146&code=00101009007&supplier_code=00100023&order_time=2021-05-09 HTTP/1.1" 200 408
180.169.147.146 - - [09/May/2021:10:52:54 +0800] "GET /xingrg/all/function/internal_message.html?_=1620528762608&CODE_STATE=getMsg HTTP/1.1" 200 27
180.169.147.146 - - [09/May/2021:10:52:54 +0800] "GET /xingrg/all/function/internal_message.html?_=1620528768933&CODE_STATE=getMsg HTTP/1.1" 200 27
117.131.5.26 - - [09/May/2021:10:52:55 +0800] "POST /xingrg/services/DataTransmitService HTTP/1.1" 200 501
117.131.5.26 - - [09/May/2021:10:52:55 +0800] "POST /xingrg/services/DataTransmitService HTTP/1.1" 200 501
117.131.5.26 - - [09/May/2021:10:52:58 +0800] "POST /xingrg/services/DataTransmitService HTTP/1.1" 200 501
114.88.167.174 - - [09/May/2021:10:52:59 +0800] "GET /xingrg/kc/buy/cgsh_order_operate.html?command=get_materiel&rest_code=00111&code=00101007032&supplier_code=00100266&order_time=2021-05-09 HTTP/1.1" 200 413
114.88.167.174 - - [09/May/2021:10:53:00 +0800] "GET /xingrg/all/function/internal_message.html?_=1620528772988&CODE_STATE=getMsg HTTP/1.1" 200 27
117.131.5.26 - - [09/May/2021:10:53:01 +0800] "POST /xingrg/services/DataTransmitService HTTP/1.1" 200 501
117.131.5.26 - - [09/May/2021:10:53:01 +0800] "POST /xingrg/services/DataTransmitService HTTP/1.1" 200 501
117.131.5.26 - - [09/May/2021:10:53:01 +0800] "POST /xingrg/services/DataTransmitService HTTP/1.1" 200 501
117.131.5.26 - - [09/May/2021:10:53:02 +0800] "POST /xingrg/services/DataTransmitService HTTP/1.1" 200 501
117.131.5.26 - - [09/May/2021:10:53:02 +0800] "POST /xingrg/services/DataTransmitService HTTP/1.1" 200 501
117.131.5.26 - - [09/May/2021:10:53:02 +0800] "POST /xingrg/services/DataTransmitService HTTP/1.1" 200 501
116.230.110.80 - - [09/May/2021:10:53:03 +0800] "GET /xingrg/all/function/internal_message.html?_=1620528778515&CODE_STATE=getMsg HTTP/1.1" 200 27
61.165.42.208 - - [09/May/2021:10:53:04 +0800] "POST /xingrg/kc/buy/cgsh_order_operate.html HTTP/1.1" 200 37
180.161.124.236 - - [09/May/2021:10:53:04 +0800] "POST /xingrg/kc/buy/cgsh_order_operate.html HTTP/1.1" 200 12
117.131.5.26 - - [09/May/2021:10:53:05 +0800] "POST /xingrg/services/DataTransmitService HTTP/1.1" 200 412
61.165.42.208 - - [09/May/2021:10:53:06 +0800] "GET /xingrg/all/function/internal_message.html?_=1620528781866&CODE_STATE=getMsg HTTP/1.1" 200 27
61.165.42.208 - - [09/May/2021:10:53:06 +0800] "POST /xingrg/kc/buy/cgsh_order_operate.html HTTP/1.1" 200 3851
180.161.124.236 - - [09/May/2021:10:53:06 +0800] "GET /xingrg/kc/buy/cgsh_order_info.html?code=212021050903685 HTTP/1.1" 200 56837
180.161.124.236 - - [09/May/2021:10:53:08 +0800] "GET /xingrg/all/function/internal_message.html?_=1620529070842&CODE_STATE=getMsg HTTP/1.1" 200 27
180.161.124.236 - - [09/May/2021:10:53:08 +0800] "GET /xingrg/javascript/easyui/themes/default/validatebox.css HTTP/1.1" 404 1104
116.224.253.72 - - [09/May/2021:10:53:08 +0800] "GET /xingrg/kc/buy/cgsh_order_add.html HTTP/1.1" 200 61924
116.224.253.72 - - [09/May/2021:10:53:09 +0800] "POST /xingrg/kc/buy/cgsh_order_operate.html HTTP/1.1" 200 8245
116.224.253.72 - - [09/May/2021:10:53:09 +0800] "GET /xingrg/javascript/easyui/themes/default/validatebox.css HTTP/1.1" 404 1104
116.230.114.112 - - [09/May/2021:10:53:10 +0800] "POST /xingrg/kc/buy/cgsh_order_operate.html HTTP/1.1" 200 37
180.161.124.236 - - [09/May/2021:10:53:10 +0800] "POST /xingrg/kc/buy/cgsh_order_operate.html HTTP/1.1" 200 5954
61.165.42.208 - - [09/May/2021:10:53:10 +0800] "GET /xingrg/kc/print/load_data.html?order_code=212021050903761&kc_code=cgsh&condition= HTTP/1.1" 200 1124
116.224.253.72 - - [09/May/2021:10:53:10 +0800] "GET /xingrg/all/function/internal_message.html?_=1620528778524&CODE_STATE=getMsg HTTP/1.1" 200 27
116.224.253.72 - - [09/May/2021:10:53:11 +0800] "GET /xingrg/kc/buy/cgsh_order_add.html HTTP/1.1" 200 61912
180.161.124.236 - - [09/May/2021:10:53:12 +0800] "GET /xingrg/kc/print/load_data.html?order_code=212021050903685&kc_code=cgsh&condition= HTTP/1.1" 200 2707
116.224.253.72 - - [09/May/2021:10:53:12 +0800] "POST /xingrg/kc/buy/cgsh_order_operate.html HTTP/1.1" 200 8245
116.224.253.72 - - [09/May/2021:10:53:12 +0800] "GET /xingrg/javascript/easyui/themes/default/validatebox.css HTTP/1.1" 404 1104
116.230.114.112 - - [09/May/2021:10:53:12 +0800] "POST /xingrg/kc/buy/cgsh_order_operate.html HTTP/1.1" 200 6198
116.230.76.31 - - [09/May/2021:10:53:12 +0800] "GET /xingrg/check_reg.html?_=1620528788372 HTTP/1.1" 200 22
116.230.76.31 - - [09/May/2021:10:53:13 +0800] "GET /xingrg/all/function/internal_message.html?_=1620528788450&CODE_STATE=getMsg HTTP/1.1" 200 27
61.165.42.208 - - [09/May/2021:10:53:13 +0800] "GET /xingrg/kc/buy/cgsh_order_add.html HTTP/1.1" 200 62035
61.165.42.208 - - [09/May/2021:10:53:14 +0800] "GET /xingrg/javascript/easyui/themes/default/validatebox.css HTTP/1.1" 404 1104
61.165.42.208 - - [09/May/2021:10:53:14 +0800] "POST /xingrg/kc/buy/cgsh_order_operate.html HTTP/1.1" 200 8245
116.230.114.112 - - [09/May/2021:10:53:15 +0800] "GET /xingrg/kc/print/load_data.html?order_code=212021050903762&kc_code=cgsh&condition= HTTP/1.1" 200 2034
180.169.147.146 - - [09/May/2021:10:53:15 +0800] "GET /xingrg/all/function/internal_message.html?_=1620528790489&CODE_STATE=getMsg HTTP/1.1" 200 27
180.161.124.236 - - [09/May/2021:10:53:18 +0800] "GET /xingrg/all/function/internal_message.html?_=1620528795587&CODE_STATE=getMsg HTTP/1.1" 200 27
116.224.253.72 - - [09/May/2021:10:53:21 +0800] "GET /xingrg/kc/buy/cgsh_order_operate.html?command=get_materiel&rest_code=00150&code=00101002038&supplier_code=00100087&order_time=2021-05-09 HTTP/1.1" 200 436
117.131.5.26 - - [09/May/2021:10:53:22 +0800] "POST /xingrg/services/DataTransmitService HTTP/1.1" 200 524
117.185.32.26 - - [09/May/2021:10:53:22 +0800] "GET /xingrg/all/function/internal_message.html?_=1620528793071&CODE_STATE=getMsg HTTP/1.1" 200 27
116.224.253.72 - - [09/May/2021:10:53:22 +0800] "GET /xingrg/kc/buy/cgsh_order_operate.html?command=get_materiel&rest_code=00150&code=00101004034&supplier_code=00100085&order_time=2021-05-09 HTTP/1.1" 200 416
117.131.5.26 - - [09/May/2021:10:53:22 +0800] "POST /xingrg/services/DataTransmitService HTTP/1.1" 200 501
180.161.124.236 - - [09/May/2021:10:53:24 +0800] "POST /xingrg/kc/buy/cgsh_list_operate.html HTTP/1.1" 200 1666
61.165.42.208 - - [09/May/2021:10:53:25 +0800] "GET /xingrg/kc/buy/cgsh_order_operate.html?command=get_materiel&rest_code=00105&code=00101016054&supplier_code=00100338&order_time=2021-05-09 HTTP/1.1" 200 409
116.224.253.72 - - [09/May/2021:10:53:26 +0800] "GET /xingrg/all/function/internal_message.html?_=1620528803051&CODE_STATE=getMsg HTTP/1.1" 200 27
180.161.124.236 - - [09/May/2021:10:53:30 +0800] "POST /xingrg/kc/buy/cgsh_list_operate.html HTTP/1.1" 200 561
180.161.124.236 - - [09/May/2021:10:53:31 +0800] "GET /xingrg/kc/buy/cgsh_order_info.html?code=212021050903714 HTTP/1.1" 200 61946
180.161.124.236 - - [09/May/2021:10:53:32 +0800] "GET /xingrg/javascript/easyui/themes/default/validatebox.css HTTP/1.1" 404 1104
180.161.124.236 - - [09/May/2021:10:53:33 +0800] "POST /xingrg/kc/buy/cgsh_order_operate.html HTTP/1.1" 200 12692
116.230.110.80 - - [09/May/2021:10:53:33 +0800] "GET /xingrg/kc/buy/cgsh_order_add.html HTTP/1.1" 200 61956
116.230.110.80 - - [09/May/2021:10:53:33 +0800] "POST /xingrg/kc/buy/cgsh_order_operate.html HTTP/1.1" 200 8245
116.230.110.80 - - [09/May/2021:10:53:33 +0800] "GET /xingrg/javascript/easyui/themes/default/validatebox.css HTTP/1.1" 404 1104
120.253.135.82 - - [09/May/2021:10:53:34 +0800] "GET /xingrg/all/function/internal_message.html?_=1620528874582&CODE_STATE=getMsg HTTP/1.1" 200 27
116.224.253.72 - - [09/May/2021:10:53:37 +0800] "POST /xingrg/kc/buy/cgsh_order_operate.html HTTP/1.1" 200 37
116.224.253.72 - - [09/May/2021:10:53:37 +0800] "GET /xingrg/kc/buy/cgsh_order_operate.html?command=get_materiel&rest_code=00150&code=00101002002&supplier_code=00100087&order_time=2021-05-09 HTTP/1.1" 200 420
61.165.42.208 - - [09/May/2021:10:53:39 +0800] "GET /xingrg/kc/buy/cgsh_order_operate.html?command=get_materiel&rest_code=00105&code=00101019547&supplier_code=00100338&order_time=2021-05-09 HTTP/1.1" 200 437
116.224.253.72 - - [09/May/2021:10:53:42 +0800] "POST /xingrg/kc/buy/cgsh_order_operate.html HTTP/1.1" 200 12
120.253.135.82 - - [09/May/2021:10:53:42 +0800] "GET /xingrg/check_reg.html?_=1620528599358 HTTP/1.1" 200 22
120.253.135.82 - - [09/May/2021:10:53:42 +0800] "GET /xingrg/all/function/internal_message.html?_=1620528599900&CODE_STATE=getMsg HTTP/1.1" 200 27
116.224.253.72 - - [09/May/2021:10:53:43 +0800] "GET /xingrg/kc/buy/cgsh_order_info.html?code=212021050903763 HTTP/1.1" 200 56832
116.224.253.72 - - [09/May/2021:10:53:43 +0800] "GET /xingrg/javascript/easyui/themes/default/validatebox.css HTTP/1.1" 404 1104
116.230.110.80 - - [09/May/2021:10:53:43 +0800] "GET /xingrg/kc/buy/cgsh_order_operate.html?command=get_materiel&rest_code=00155&code=00101012101&supplier_code=00100347&order_time=2021-05-09 HTTP/1.1" 200 404
116.224.253.72 - - [09/May/2021:10:53:44 +0800] "POST /xingrg/kc/buy/cgsh_order_operate.html HTTP/1.1" 200 614
116.230.114.112 - - [09/May/2021:10:53:44 +0800] "GET /xingrg/all/function/internal_message.html?_=1620528846035&CODE_STATE=getMsg HTTP/1.1" 200 27
120.253.135.82 - - [09/May/2021:10:53:48 +0800] "GET /xingrg/check_reg.html?_=1620528888701 HTTP/1.1" 200 22
58.40.7.146 - - [09/May/2021:10:53:48 +0800] "GET /xingrg/all/function/internal_message.html?_=1620528824046&CODE_STATE=getMsg HTTP/1.1" 200 27
116.224.253.72 - - [09/May/2021:10:53:48 +0800] "GET /xingrg/kc/print/load_data.html?order_code=212021050903763&kc_code=cgsh&condition= HTTP/1.1" 200 794
180.161.124.236 - - [09/May/2021:10:53:50 +0800] "POST /xingrg/kc/buy/cgsh_order_operate.html HTTP/1.1" 200 37
222.69.131.186 - - [09/May/2021:10:53:52 +0800] "GET /xingrg/all/function/internal_message.html?_=1620528828181&CODE_STATE=getMsg HTTP/1.1" 200 27
116.224.253.72 - - [09/May/2021:10:53:54 +0800] "POST /xingrg/kc/buy/cgsh_order_operate.html HTTP/1.1" 200 37
116.224.253.72 - - [09/May/2021:10:53:54 +0800] "GET /xingrg/kc/buy/cgsh_order_add.html HTTP/1.1" 200 61924
116.224.253.72 - - [09/May/2021:10:53:54 +0800] "POST /xingrg/kc/buy/cgsh_order_operate.html HTTP/1.1" 200 8245
180.169.147.146 - - [09/May/2021:10:53:54 +0800] "GET /xingrg/all/function/internal_message.html?_=1620528822577&CODE_STATE=getMsg HTTP/1.1" 200 27
180.169.147.146 - - [09/May/2021:10:53:54 +0800] "GET /xingrg/all/function/internal_message.html?_=1620528828907&CODE_STATE=getMsg HTTP/1.1" 200 27
116.224.253.72 - - [09/May/2021:10:53:54 +0800] "GET /xingrg/javascript/easyui/themes/default/validatebox.css HTTP/1.1" 404 1104
116.230.110.80 - - [09/May/2021:10:53:56 +0800] "GET /xingrg/kc/buy/cgsh_order_operate.html?command=get_materiel&rest_code=00155&code=00102002167&supplier_code=00100347&order_time=2021-05-09 HTTP/1.1" 200 409
116.224.253.72 - - [09/May/2021:10:53:57 +0800] "POST /xingrg/kc/buy/cgsh_order_operate.html HTTP/1.1" 200 12
61.165.42.208 - - [09/May/2021:10:53:59 +0800] "GET /xingrg/kc/buy/cgsh_order_operate.html?command=get_materiel&rest_code=00105&code=00101012060&supplier_code=00100338&order_time=2021-05-09 HTTP/1.1" 200 408
114.88.167.174 - - [09/May/2021:10:54:00 +0800] "GET /xingrg/all/function/internal_message.html?_=1620528833000&CODE_STATE=getMsg HTTP/1.1" 200 27
180.161.124.236 - - [09/May/2021:10:54:02 +0800] "POST /xingrg/kc/buy/cgsh_order_operate.html HTTP/1.1" 200 12
116.224.253.72 - - [09/May/2021:10:54:02 +0800] "GET /xingrg/kc/buy/cgsh_order_info.html?code=212021050903764 HTTP/1.1" 200 56814
116.224.253.72 - - [09/May/2021:10:54:02 +0800] "GET /xingrg/javascript/easyui/themes/default/validatebox.css HTTP/1.1" 404 1104
61.165.42.208 - - [09/May/2021:10:54:06 +0800] "GET /xingrg/all/function/internal_message.html?_=1620528841867&CODE_STATE=getMsg HTTP/1.1" 200 27
116.224.253.72 - - [09/May/2021:10:54:06 +0800] "GET /xingrg/kc/buy/cgsh_order_operate.html?command=get_materiel&rest_code=00150&code=00101008147&supplier_code=00100440&order_time=2021-05-09 HTTP/1.1" 200 23
180.161.124.236 - - [09/May/2021:10:54:06 +0800] "GET /xingrg/kc/buy/cgsh_order_info.html?code=212021050903714 HTTP/1.1" 200 56837
180.161.124.236 - - [09/May/2021:10:54:07 +0800] "GET /xingrg/javascript/easyui/themes/default/validatebox.css HTTP/1.1" 404 1104
180.161.124.236 - - [09/May/2021:10:54:08 +0800] "GET /xingrg/all/function/internal_message.html?_=1620529130864&CODE_STATE=getMsg HTTP/1.1" 200 27
116.224.253.72 - - [09/May/2021:10:54:10 +0800] "GET /xingrg/check_reg.html?_=1620528838462 HTTP/1.1" 200 22
116.224.253.72 - - [09/May/2021:10:54:10 +0800] "GET /xingrg/all/function/internal_message.html?_=1620528838536&CODE_STATE=getMsg HTTP/1.1" 200 27
116.224.253.72 - - [09/May/2021:10:54:10 +0800] "POST /xingrg/kc/buy/cgsh_order_operate.html HTTP/1.1" 200 15
116.230.76.31 - - [09/May/2021:10:54:12 +0800] "GET /xingrg/all/function/internal_message.html?_=1620528848428&CODE_STATE=getMsg HTTP/1.1" 200 27
180.169.147.146 - - [09/May/2021:10:54:13 +0800] "GET /xingrg/javascript/jquery_easy_ui/themes/default/images/tabs_close.gif HTTP/1.1" 200 829
180.169.147.146 - - [09/May/2021:10:54:13 +0800] "GET /xingrg/kc/report/report_main.html HTTP/1.1" 200 7345
180.169.147.146 - - [09/May/2021:10:54:13 +0800] "GET /xingrg/css/blue.css HTTP/1.1" 200 15949
180.169.147.146 - - [09/May/2021:10:54:13 +0800] "GET /xingrg/javascript/jquery_ui/themes/humanity/humanity.css HTTP/1.1" 200 27801
180.169.147.146 - - [09/May/2021:10:54:13 +0800] "GET /xingrg/javascript/pic_change.js HTTP/1.1" 200 4739
180.169.147.146 - - [09/May/2021:10:54:13 +0800] "GET /xingrg/javascript/myfunction.js HTTP/1.1" 200 24559
180.169.147.146 - - [09/May/2021:10:54:13 +0800] "GET /xingrg/javascript/json2.js HTTP/1.1" 200 11259
180.169.147.146 - - [09/May/2021:10:54:13 +0800] "GET /xingrg/javascript/jquery_easy_ui/themes/icons/back_new.png HTTP/1.1" 200 3414
61.165.42.208 - - [09/May/2021:10:54:13 +0800] "POST /xingrg/kc/buy/cgsh_order_operate.html HTTP/1.1" 200 37
180.161.124.236 - - [09/May/2021:10:54:13 +0800] "POST /xingrg/kc/buy/cgsh_order_operate.html HTTP/1.1" 200 10636
116.224.253.72 - - [09/May/2021:10:54:13 +0800] "GET /xingrg/kc/print/load_data.html?order_code=212021050903764&kc_code=cgsh&condition= HTTP/1.1" 200 1000
116.230.110.80 - - [09/May/2021:10:54:13 +0800] "POST /xingrg/kc/buy/cgsh_order_operate.html HTTP/1.1" 200 88
180.169.147.146 - - [09/May/2021:10:54:14 +0800] "GET /xingrg/kc/info/info_main.html HTTP/1.1" 200 6010
180.169.147.146 - - [09/May/2021:10:54:14 +0800] "GET /xingrg/javascript/ToolTips.js HTTP/1.1" 200 5615
180.169.147.146 - - [09/May/2021:10:54:14 +0800] "GET /xingrg/images/blue/cldwgl.gif HTTP/1.1" 200 2487
180.169.147.146 - - [09/May/2021:10:54:14 +0800] "GET /xingrg/images/blue/clxx.gif HTTP/1.1" 200 1916
180.169.147.146 - - [09/May/2021:10:54:14 +0800] "GET /xingrg/images/blue/ckxx.gif HTTP/1.1" 200 2041
180.169.147.146 - - [09/May/2021:10:54:14 +0800] "GET /xingrg/images/blue/gysxxgl.gif HTTP/1.1" 200 1945
180.169.147.146 - - [09/May/2021:10:54:14 +0800] "GET /xingrg/images/blue/gyslbgl.gif HTTP/1.1" 200 1480
180.169.147.146 - - [09/May/2021:10:54:14 +0800] "GET /xingrg/images/blue/gyscljg.gif HTTP/1.1" 200 2081
180.169.147.146 - - [09/May/2021:10:54:14 +0800] "GET /xingrg/images/blue/button/cgxqd.gif HTTP/1.1" 200 2619
180.169.147.146 - - [09/May/2021:10:54:15 +0800] "GET /xingrg/all/function/internal_message.html?_=1620528850490&CODE_STATE=getMsg HTTP/1.1" 200 27
61.165.42.208 - - [09/May/2021:10:54:16 +0800] "POST /xingrg/kc/buy/cgsh_order_operate.html HTTP/1.1" 200 3857
180.169.147.146 - - [09/May/2021:10:54:16 +0800] "GET /xingrg/system/info/materiel_manager.html HTTP/1.1" 200 19497
180.169.147.146 - - [09/May/2021:10:54:16 +0800] "GET /xingrg/css/xtree.css HTTP/1.1" 200 880
180.169.147.146 - - [09/May/2021:10:54:16 +0800] "GET /xingrg/javascript/jquery_ui/themes/base/base.css HTTP/1.1" 200 28568
180.169.147.146 - - [09/May/2021:10:54:16 +0800] "GET /xingrg/dwr/interface/AjaxBaseInfoService.js HTTP/1.1" 200 21363
180.169.147.146 - - [09/May/2021:10:54:16 +0800] "GET /xingrg/dwr/interface/AjaxComOrderService.js HTTP/1.1" 200 18264
180.169.147.146 - - [09/May/2021:10:54:16 +0800] "GET /xingrg/dwr/util.js HTTP/1.1" 200 35990
180.169.147.146 - - [09/May/2021:10:54:16 +0800] "GET /xingrg/dwr/engine.js HTTP/1.1" 200 43631
180.169.147.146 - - [09/May/2021:10:54:16 +0800] "GET /xingrg/javascript/Grid.js HTTP/1.1" 200 58908
180.169.147.146 - - [09/May/2021:10:54:16 +0800] "GET /xingrg/javascript/Calendar.js HTTP/1.1" 200 31561
180.169.147.146 - - [09/May/2021:10:54:16 +0800] "GET /xingrg/javascript/print/LodopFuncs.js HTTP/1.1" 200 5121
180.169.147.146 - - [09/May/2021:10:54:16 +0800] "GET /xingrg/javascript/xtree.js HTTP/1.1" 200 26582
180.169.147.146 - - [09/May/2021:10:54:17 +0800] "GET /xingrg/images/xtree/openfoldericon.png HTTP/1.1" 200 232
180.169.147.146 - - [09/May/2021:10:54:17 +0800] "GET /xingrg/javascript/jquery_easy_ui/themes/icons/import_new.png HTTP/1.1" 200 1247
180.169.147.146 - - [09/May/2021:10:54:17 +0800] "GET /xingrg/javascript/jquery_easy_ui/themes/icons/print_new.png HTTP/1.1" 200 3580
180.169.147.146 - - [09/May/2021:10:54:17 +0800] "GET /xingrg/images/blue/wait.gif HTTP/1.1" 200 1100
180.169.147.146 - - [09/May/2021:10:54:17 +0800] "POST /xingrg/dwr/call/plaincall/AjaxBaseInfoService.getSubMaterielSorts.dwr HTTP/1.1" 200 219
180.169.147.146 - - [09/May/2021:10:54:17 +0800] "GET /xingrg/images/xtree/Lplus.png HTTP/1.1" 200 224
180.169.147.146 - - [09/May/2021:10:54:17 +0800] "GET /xingrg/images/xtree/foldericon.png HTTP/1.1" 200 229
180.169.147.146 - - [09/May/2021:10:54:17 +0800] "GET /xingrg/images/xtree/Tplus.png HTTP/1.1" 200 222
61.165.42.208 - - [09/May/2021:10:54:17 +0800] "GET /xingrg/kc/print/load_data.html?order_code=212021050903765&kc_code=cgsh&condition= HTTP/1.1" 200 1140
180.169.147.146 - - [09/May/2021:10:54:17 +0800] "POST /xingrg/dwr/call/plaincall/AjaxBaseInfoService.getMateriels.dwr HTTP/1.1" 200 2929
180.161.124.236 - - [09/May/2021:10:54:17 +0800] "GET /xingrg/check_reg.html?_=1620528855514 HTTP/1.1" 200 22
180.161.124.236 - - [09/May/2021:10:54:18 +0800] "GET /xingrg/all/function/internal_message.html?_=1620528855590&CODE_STATE=getMsg HTTP/1.1" 200 27
116.224.253.72 - - [09/May/2021:10:54:18 +0800] "GET /xingrg/kc/buy/cgsh_order_add.html HTTP/1.1" 200 61912
116.224.253.72 - - [09/May/2021:10:54:18 +0800] "POST /xingrg/kc/buy/cgsh_order_operate.html HTTP/1.1" 200 8245
116.224.253.72 - - [09/May/2021:10:54:18 +0800] "GET /xingrg/javascript/easyui/themes/default/validatebox.css HTTP/1.1" 404 1104
180.169.147.146 - - [09/May/2021:10:54:19 +0800] "POST /xingrg/dwr/call/plaincall/AjaxBaseInfoService.getSubMaterielSorts.dwr HTTP/1.1" 200 3635
180.169.147.146 - - [09/May/2021:10:54:19 +0800] "GET /xingrg/images/xtree/I.png HTTP/1.1" 200 148
180.169.147.146 - - [09/May/2021:10:54:19 +0800] "GET /xingrg/images/xtree/L.png HTTP/1.1" 200 153
180.169.147.146 - - [09/May/2021:10:54:19 +0800] "GET /xingrg/images/xtree/file.png HTTP/1.1" 200 251
180.169.147.146 - - [09/May/2021:10:54:19 +0800] "GET /xingrg/images/xtree/T.png HTTP/1.1" 200 152
180.169.147.146 - - [09/May/2021:10:54:19 +0800] "GET /xingrg/images/xtree/Tminus.png HTTP/1.1" 200 207
180.169.147.146 - - [09/May/2021:10:54:19 +0800] "POST /xingrg/dwr/call/plaincall/AjaxBaseInfoService.getMateriels.dwr HTTP/1.1" 200 2928
116.230.110.80 - - [09/May/2021:10:54:20 +0800] "POST /xingrg/kc/buy/cgsh_order_operate.html HTTP/1.1" 200 37
61.165.42.208 - - [09/May/2021:10:54:21 +0800] "GET /xingrg/kc/buy/cgsh_order_add.html HTTP/1.1" 200 62035
61.165.42.208 - - [09/May/2021:10:54:21 +0800] "GET /xingrg/javascript/easyui/themes/default/validatebox.css HTTP/1.1" 404 1104
61.165.42.208 - - [09/May/2021:10:54:21 +0800] "POST /xingrg/kc/buy/cgsh_order_operate.html HTTP/1.1" 200 8245
116.224.253.72 - - [09/May/2021:10:54:22 +0800] "GET /xingrg/kc/buy/cgsh_order_operate.html?command=get_materiel&rest_code=00150&code=00101008146&supplier_code=00100440&order_time=2021-05-09 HTTP/1.1" 200 416
117.185.32.26 - - [09/May/2021:10:54:22 +0800] "GET /xingrg/all/function/internal_message.html?_=1620528853048&CODE_STATE=getMsg HTTP/1.1" 200 27
116.224.253.72 - - [09/May/2021:10:54:25 +0800] "GET /xingrg/kc/buy/cgsh_order_operate.html?command=get_materiel&rest_code=00150&code=00101007085&supplier_code=00100328&order_time=2021-05-09 HTTP/1.1" 200 413
116.224.253.72 - - [09/May/2021:10:54:26 +0800] "GET /xingrg/all/function/internal_message.html?_=1620528863056&CODE_STATE=getMsg HTTP/1.1" 200 27
116.224.253.72 - - [09/May/2021:10:54:30 +0800] "POST /xingrg/kc/buy/cgsh_order_operate.html HTTP/1.1" 200 37
116.224.253.72 - - [09/May/2021:10:54:32 +0800] "POST /xingrg/kc/buy/cgsh_order_operate.html HTTP/1.1" 200 2661
61.165.42.208 - - [09/May/2021:10:54:32 +0800] "GET /xingrg/kc/buy/cgsh_order_operate.html?command=get_materiel&rest_code=00105&code=00101004011&supplier_code=00100086&order_time=2021-05-09 HTTP/1.1" 200 434
180.169.147.146 - - [09/May/2021:10:54:33 +0800] "POST /xingrg/dwr/call/plaincall/AjaxBaseInfoService.getMateriels.dwr HTTP/1.1" 200 3026
120.253.135.82 - - [09/May/2021:10:54:34 +0800] "GET /xingrg/all/function/internal_message.html?_=1620528934594&CODE_STATE=getMsg HTTP/1.1" 200 27
180.161.124.236 - - [09/May/2021:10:54:34 +0800] "GET /xingrg/check_reg.html?_=1620529157066 HTTP/1.1" 200 22
180.169.147.146 - - [09/May/2021:10:54:34 +0800] "GET /xingrg/system/info/materiel_info.html?code=00101010&isAdd=1 HTTP/1.1" 200 34647
180.169.147.146 - - [09/May/2021:10:54:34 +0800] "GET /xingrg/dwr/interface/AjaxGetFirstChart.js HTTP/1.1" 200 631
180.169.147.146 - - [09/May/2021:10:54:34 +0800] "GET /xingrg/dwr/engine.js HTTP/1.1" 200 43631
180.169.147.146 - - [09/May/2021:10:54:34 +0800] "GET /xingrg/javascript/checkform.js HTTP/1.1" 200 18351
180.169.147.146 - - [09/May/2021:10:54:34 +0800] "GET /favicon.ico HTTP/1.1" 404 -
180.169.147.146 - - [09/May/2021:10:54:34 +0800] "POST /xingrg/all/common/load_tree.html?tree=area_rest_tree_json HTTP/1.1" 200 3344
180.169.147.146 - - [09/May/2021:10:54:34 +0800] "POST /xingrg/dwr/call/plaincall/AjaxBaseInfoService.getMaterielInfo.dwr HTTP/1.1" 200 210
180.169.147.146 - - [09/May/2021:10:54:34 +0800] "GET /xingrg/javascript/jquery_easy_ui/themes/default/images/tree_checkbox_0.gif HTTP/1.1" 200 168
180.169.147.146 - - [09/May/2021:10:54:34 +0800] "POST /xingrg/all/common/load_tree.html?tree=area_rest_tree_json&defaultRests=undefined HTTP/1.1" 200 3344
116.224.253.72 - - [09/May/2021:10:54:37 +0800] "POST /xingrg/kc/buy/cgsh_list_operate.html HTTP/1.1" 200 5464
116.224.253.72 - - [09/May/2021:10:54:40 +0800] "POST /xingrg/kc/buy/cgsh_order_operate.html HTTP/1.1" 200 37
116.230.110.80 - - [09/May/2021:10:54:40 +0800] "POST /xingrg/kc/buy/cgsh_order_operate.html HTTP/1.1" 200 3248
116.230.110.80 - - [09/May/2021:10:54:41 +0800] "GET /xingrg/kc/print/load_data.html?order_code=212021050903767&kc_code=cgsh&condition= HTTP/1.1" 200 884
120.253.135.82 - - [09/May/2021:10:54:42 +0800] "GET /xingrg/all/function/internal_message.html?_=1620528659913&CODE_STATE=getMsg HTTP/1.1" 200 27
116.230.114.112 - - [09/May/2021:10:54:44 +0800] "GET /xingrg/all/function/internal_message.html?_=1620528906050&CODE_STATE=getMsg HTTP/1.1" 200 27
116.224.253.72 - - [09/May/2021:10:54:44 +0800] "POST /xingrg/kc/buy/cgsh_order_operate.html HTTP/1.1" 200 12
116.224.253.72 - - [09/May/2021:10:54:45 +0800] "GET /xingrg/kc/buy/cgsh_order_info.html?code=212021050903769 HTTP/1.1" 200 56818
116.224.253.72 - - [09/May/2021:10:54:46 +0800] "GET /xingrg/javascript/easyui/themes/default/validatebox.css HTTP/1.1" 404 1104
116.224.253.72 - - [09/May/2021:10:54:47 +0800] "POST /xingrg/kc/buy/cgsh_order_operate.html HTTP/1.1" 200 607
116.224.253.72 - - [09/May/2021:10:54:48 +0800] "GET /xingrg/kc/print/load_data.html?order_code=212021050903769&kc_code=cgsh&condition= HTTP/1.1" 200 708
58.40.7.146 - - [09/May/2021:10:54:48 +0800] "GET /xingrg/all/function/internal_message.html?_=1620528884048&CODE_STATE=getMsg HTTP/1.1" 200 27
