120.253.135.82 - - [09/May/2021:10:11:07 +0800] "GET /xingrg/dwr/engine.js HTTP/1.1" 200 43631
120.253.135.82 - - [09/May/2021:10:11:09 +0800] "GET /xingrg/kc/pszx/mdqp_order_info.html?code=302021050900168 HTTP/1.1" 200 13350
120.253.135.82 - - [09/May/2021:10:11:09 +0800] "GET /xingrg/dwr/interface/AjaxComOrderService.js HTTP/1.1" 200 18264
120.253.135.82 - - [09/May/2021:10:11:09 +0800] "GET /xingrg/dwr/interface/AjaxQqpsService.js HTTP/1.1" 200 16326
120.253.135.82 - - [09/May/2021:10:11:09 +0800] "GET /xingrg/dwr/engine.js HTTP/1.1" 200 43631
120.253.135.82 - - [09/May/2021:10:11:09 +0800] "POST /xingrg/dwr/call/plaincall/AjaxQqpsService.loadMaterielItems.dwr HTTP/1.1" 200 12220
117.185.32.26 - - [09/May/2021:10:11:14 +0800] "GET /xingrg/kc/buy/cgsh_order_operate.html?command=get_materiel&rest_code=00106&code=00101006109&supplier_code=00100015&order_time=2021-05-09 HTTP/1.1" 200 409
180.169.147.146 - - [09/May/2021:10:11:15 +0800] "GET /xingrg/all/function/internal_message.html?_=1620526270418&CODE_STATE=getMsg HTTP/1.1" 200 27
116.230.76.31 - - [09/May/2021:10:11:15 +0800] "GET /xingrg/kc/buy/cgsh_order_operate.html?command=get_materiel&rest_code=00107&code=00101001115&supplier_code=00100089&order_time=2021-05-09 HTTP/1.1" 200 415
222.69.131.186 - - [09/May/2021:10:11:21 +0800] "GET /xingrg/all/function/internal_message.html?_=1620526276527&CODE_STATE=getMsg HTTP/1.1" 200 27
116.230.76.31 - - [09/May/2021:10:11:32 +0800] "POST /xingrg/kc/buy/cgsh_order_operate.html HTTP/1.1" 200 37
120.253.135.82 - - [09/May/2021:10:11:32 +0800] "GET /xingrg/all/function/internal_message.html?_=1620526353507&CODE_STATE=getMsg HTTP/1.1" 200 27
116.230.76.31 - - [09/May/2021:10:11:35 +0800] "POST /xingrg/kc/buy/cgsh_order_operate.html HTTP/1.1" 200 2659
116.232.54.232 - - [09/May/2021:10:11:35 +0800] "GET /xingrg/all/function/internal_message.html?_=1620526290979&CODE_STATE=getMsg HTTP/1.1" 200 27
116.230.76.31 - - [09/May/2021:10:11:37 +0800] "GET /xingrg/kc/print/load_data.html?order_code=212021050903680&kc_code=cgsh&condition= HTTP/1.1" 200 742
101.85.94.178 - - [09/May/2021:10:11:37 +0800] "GET /xingrg/all/function/internal_message.html?_=1620525801206&CODE_STATE=getMsg HTTP/1.1" 200 27
117.185.32.26 - - [09/May/2021:10:11:39 +0800] "GET /xingrg/kc/buy/cgsh_order_operate.html?command=get_materiel&rest_code=00106&code=00101006112&supplier_code=00100015&order_time=2021-05-09 HTTP/1.1" 200 409
116.230.114.112 - - [09/May/2021:10:11:40 +0800] "GET /xingrg/all/function/internal_message.html?_=1620526321815&CODE_STATE=getMsg HTTP/1.1" 200 27
116.230.76.31 - - [09/May/2021:10:11:41 +0800] "GET /xingrg/kc/buy/cgsh_order_add.html HTTP/1.1" 200 62076
116.230.76.31 - - [09/May/2021:10:11:42 +0800] "GET /xingrg/javascript/easyui/themes/default/validatebox.css HTTP/1.1" 404 1104
116.230.76.31 - - [09/May/2021:10:11:42 +0800] "POST /xingrg/kc/buy/cgsh_order_operate.html HTTP/1.1" 200 8245
116.230.76.31 - - [09/May/2021:10:11:43 +0800] "GET /xingrg/javascript/easyui/themes/default/tree.css HTTP/1.1" 404 1090
116.230.76.31 - - [09/May/2021:10:11:43 +0800] "POST /xingrg/all/common/load_tree.html?tree=supplier_tree_json&isDelete=1 HTTP/1.1" 200 55318
180.161.124.236 - - [09/May/2021:10:11:44 +0800] "GET /xingrg/all/function/internal_message.html?_=1620526587124&CODE_STATE=getMsg HTTP/1.1" 200 27
116.230.110.80 - - [09/May/2021:10:11:46 +0800] "GET /xingrg/all/function/internal_message.html?_=1620526301482&CODE_STATE=getMsg HTTP/1.1" 200 27
58.40.7.146 - - [09/May/2021:10:11:48 +0800] "GET /xingrg/all/function/internal_message.html?_=1620526303981&CODE_STATE=getMsg HTTP/1.1" 200 27
120.253.135.82 - - [09/May/2021:10:11:53 +0800] "GET /xingrg/all/function/internal_message.html?_=1620526090889&CODE_STATE=getMsg HTTP/1.1" 200 27
117.185.32.26 - - [09/May/2021:10:11:54 +0800] "GET /xingrg/kc/buy/cgsh_order_operate.html?command=get_materiel&rest_code=00106&code=00101010658&supplier_code=00100015&order_time=2021-05-09 HTTP/1.1" 200 395
180.169.147.146 - - [09/May/2021:10:11:54 +0800] "GET /xingrg/all/function/internal_message.html?_=1620526308912&CODE_STATE=getMsg HTTP/1.1" 200 27
117.185.32.26 - - [09/May/2021:10:11:56 +0800] "GET /xingrg/all/function/internal_message.html?_=1620526307532&CODE_STATE=getMsg HTTP/1.1" 200 27
116.224.253.72 - - [09/May/2021:10:12:04 +0800] "GET /xingrg/all/function/internal_message.html?_=1620526320591&CODE_STATE=getMsg HTTP/1.1" 200 27
116.230.76.31 - - [09/May/2021:10:12:05 +0800] "GET /xingrg/all/function/internal_message.html?_=1620526320495&CODE_STATE=getMsg HTTP/1.1" 200 27
116.224.253.72 - - [09/May/2021:10:12:05 +0800] "GET /xingrg/all/function/internal_message.html?_=1620526313613&CODE_STATE=getMsg HTTP/1.1" 200 27
61.165.42.208 - - [09/May/2021:10:12:06 +0800] "GET /xingrg/all/function/internal_message.html?_=1620526321834&CODE_STATE=getMsg HTTP/1.1" 200 27
116.230.76.31 - - [09/May/2021:10:12:06 +0800] "GET /xingrg/kc/buy/cgsh_order_operate.html?command=get_materiel&rest_code=00107&code=00101006001&supplier_code=00100404&order_time=2021-05-09 HTTP/1.1" 200 428
120.253.135.82 - - [09/May/2021:10:12:14 +0800] "GET /xingrg/images/yd/bt.gif HTTP/1.1" 404 1040
120.253.135.82 - - [09/May/2021:10:12:14 +0800] "GET /xingrg/images/yd/bt2.gif HTTP/1.1" 404 1042
180.169.147.146 - - [09/May/2021:10:12:15 +0800] "GET /xingrg/check_reg.html?_=1620526330414 HTTP/1.1" 200 22
180.169.147.146 - - [09/May/2021:10:12:15 +0800] "GET /xingrg/all/function/internal_message.html?_=1620526330414&CODE_STATE=getMsg HTTP/1.1" 200 27
116.230.76.31 - - [09/May/2021:10:12:19 +0800] "POST /xingrg/kc/buy/cgsh_order_operate.html HTTP/1.1" 200 37
116.230.76.31 - - [09/May/2021:10:12:20 +0800] "POST /xingrg/kc/buy/cgsh_order_operate.html HTTP/1.1" 200 2675
222.69.131.186 - - [09/May/2021:10:12:20 +0800] "GET /xingrg/all/function/internal_message.html?_=1620526336524&CODE_STATE=getMsg HTTP/1.1" 200 27
116.230.76.31 - - [09/May/2021:10:12:21 +0800] "GET /xingrg/kc/print/load_data.html?order_code=212021050903681&kc_code=cgsh&condition= HTTP/1.1" 200 706
116.224.253.72 - - [09/May/2021:10:12:23 +0800] "POST /xingrg/kc/buy/cgsh_order_operate.html HTTP/1.1" 200 37
116.230.76.31 - - [09/May/2021:10:12:25 +0800] "GET /xingrg/kc/buy/cgsh_order_add.html HTTP/1.1" 200 62076
116.230.76.31 - - [09/May/2021:10:12:26 +0800] "GET /xingrg/javascript/easyui/themes/default/validatebox.css HTTP/1.1" 404 1104
116.230.76.31 - - [09/May/2021:10:12:26 +0800] "POST /xingrg/kc/buy/cgsh_order_operate.html HTTP/1.1" 200 8245
117.185.32.26 - - [09/May/2021:10:12:27 +0800] "POST /xingrg/kc/buy/cgsh_order_operate.html HTTP/1.1" 200 37
116.230.76.31 - - [09/May/2021:10:12:27 +0800] "GET /xingrg/javascript/easyui/themes/default/tree.css HTTP/1.1" 404 1090
116.224.253.72 - - [09/May/2021:10:12:27 +0800] "POST /xingrg/kc/buy/cgsh_order_operate.html HTTP/1.1" 200 12
116.230.76.31 - - [09/May/2021:10:12:27 +0800] "POST /xingrg/all/common/load_tree.html?tree=supplier_tree_json&isDelete=1 HTTP/1.1" 200 55318
117.185.32.26 - - [09/May/2021:10:12:29 +0800] "POST /xingrg/kc/buy/cgsh_order_operate.html HTTP/1.1" 200 12
116.224.253.72 - - [09/May/2021:10:12:29 +0800] "GET /xingrg/kc/buy/cgsh_order_info.html?code=212021050903682 HTTP/1.1" 200 56524
116.224.253.72 - - [09/May/2021:10:12:30 +0800] "GET /xingrg/javascript/easyui/themes/default/validatebox.css HTTP/1.1" 404 1104
116.224.253.72 - - [09/May/2021:10:12:30 +0800] "POST /xingrg/kc/buy/cgsh_order_operate.html HTTP/1.1" 200 2457
117.185.32.26 - - [09/May/2021:10:12:31 +0800] "GET /xingrg/kc/buy/cgsh_order_info.html?code=212021050903683 HTTP/1.1" 200 56898
116.224.253.72 - - [09/May/2021:10:12:31 +0800] "GET /xingrg/kc/print/load_data.html?order_code=212021050903682&kc_code=cgsh&condition= HTTP/1.1" 200 1433
117.185.32.26 - - [09/May/2021:10:12:32 +0800] "GET /xingrg/javascript/easyui/themes/default/validatebox.css HTTP/1.1" 404 1104
117.185.32.26 - - [09/May/2021:10:12:32 +0800] "POST /xingrg/kc/buy/cgsh_order_operate.html HTTP/1.1" 200 3578
120.253.135.82 - - [09/May/2021:10:12:32 +0800] "GET /xingrg/all/function/internal_message.html?_=1620526413524&CODE_STATE=getMsg HTTP/1.1" 200 27
117.185.32.26 - - [09/May/2021:10:12:33 +0800] "GET /xingrg/kc/print/load_config.html?kc_code=cgsh HTTP/1.1" 200 1845
117.185.32.26 - - [09/May/2021:10:12:33 +0800] "GET /xingrg/kc/print/load_data.html?order_code=212021050903683&kc_code=cgsh&condition= HTTP/1.1" 200 1931
116.224.253.72 - - [09/May/2021:10:12:35 +0800] "GET /xingrg/kc/base/wldb_order_list.html HTTP/1.1" 200 18982
116.232.54.232 - - [09/May/2021:10:12:35 +0800] "GET /xingrg/all/function/internal_message.html?_=1620526350982&CODE_STATE=getMsg HTTP/1.1" 200 27
116.224.253.72 - - [09/May/2021:10:12:35 +0800] "POST /xingrg/kc/base/wldb_list_operate.html HTTP/1.1" 200 928
101.85.94.178 - - [09/May/2021:10:12:37 +0800] "GET /xingrg/all/function/internal_message.html?_=1620525861207&CODE_STATE=getMsg HTTP/1.1" 200 27
101.85.94.178 - - [09/May/2021:10:12:37 +0800] "GET /xingrg/check_reg.html?_=1620525861210 HTTP/1.1" 200 22
116.224.253.72 - - [09/May/2021:10:12:38 +0800] "GET /xingrg/javascript/jquery_tools/images/prev.gif HTTP/1.1" 404 1086
116.224.253.72 - - [09/May/2021:10:12:38 +0800] "GET /xingrg/javascript/jquery_tools/images/next.gif HTTP/1.1" 404 1086
116.230.114.112 - - [09/May/2021:10:12:40 +0800] "GET /xingrg/all/function/internal_message.html?_=1620526382096&CODE_STATE=getMsg HTTP/1.1" 200 27
117.185.32.26 - - [09/May/2021:10:12:42 +0800] "GET /xingrg/kc/print/load_data.html?order_code=212021050903683&kc_code=cgsh HTTP/1.1" 200 1931
180.161.124.236 - - [09/May/2021:10:12:44 +0800] "GET /xingrg/all/function/internal_message.html?_=1620526647142&CODE_STATE=getMsg HTTP/1.1" 200 27
116.230.76.31 - - [09/May/2021:10:12:45 +0800] "GET /xingrg/kc/buy/cgsh_order_operate.html?command=get_materiel&rest_code=00107&code=00101013145&supplier_code=00100323&order_time=2021-05-09 HTTP/1.1" 200 410
116.230.110.80 - - [09/May/2021:10:12:46 +0800] "GET /xingrg/all/function/internal_message.html?_=1620526361495&CODE_STATE=getMsg HTTP/1.1" 200 27
58.40.7.146 - - [09/May/2021:10:12:48 +0800] "GET /xingrg/all/function/internal_message.html?_=1620526363985&CODE_STATE=getMsg HTTP/1.1" 200 27
120.253.135.82 - - [09/May/2021:10:12:53 +0800] "GET /xingrg/all/function/internal_message.html?_=1620526150902&CODE_STATE=getMsg HTTP/1.1" 200 27
116.224.253.72 - - [09/May/2021:10:12:54 +0800] "POST /xingrg/kc/base/wldb_list_operate.html HTTP/1.1" 200 4388
180.169.147.146 - - [09/May/2021:10:12:54 +0800] "GET /xingrg/all/function/internal_message.html?_=1620526368920&CODE_STATE=getMsg HTTP/1.1" 200 27
116.224.253.72 - - [09/May/2021:10:12:56 +0800] "POST /xingrg/kc/base/wldb_list_operate.html HTTP/1.1" 200 209
116.224.253.72 - - [09/May/2021:10:12:57 +0800] "GET /xingrg/kc/base/wldb_order_info.html?code=422021050200194 HTTP/1.1" 200 26031
116.224.253.72 - - [09/May/2021:10:12:57 +0800] "GET /xingrg/javascript/easyui/themes/default/validatebox.css HTTP/1.1" 404 1104
116.224.253.72 - - [09/May/2021:10:12:57 +0800] "POST /xingrg/kc/base/wldb_order_operate.html HTTP/1.1" 200 487
116.224.253.72 - - [09/May/2021:10:13:00 +0800] "GET /xingrg/kc/print/load_config.html?kc_code=wldb HTTP/1.1" 200 2173
116.224.253.72 - - [09/May/2021:10:13:00 +0800] "GET /xingrg/kc/print/load_data.html?order_code=422021050200194&kc_code=wldb&condition= HTTP/1.1" 200 617
116.224.253.72 - - [09/May/2021:10:13:04 +0800] "GET /xingrg/all/function/internal_message.html?_=1620526380609&CODE_STATE=getMsg HTTP/1.1" 200 27
116.230.76.31 - - [09/May/2021:10:13:05 +0800] "GET /xingrg/all/function/internal_message.html?_=1620526380479&CODE_STATE=getMsg HTTP/1.1" 200 27
116.224.253.72 - - [09/May/2021:10:13:05 +0800] "GET /xingrg/check_reg.html?_=1620526373299 HTTP/1.1" 200 22
116.224.253.72 - - [09/May/2021:10:13:05 +0800] "GET /xingrg/all/function/internal_message.html?_=1620526373627&CODE_STATE=getMsg HTTP/1.1" 200 27
61.165.42.208 - - [09/May/2021:10:13:06 +0800] "GET /xingrg/all/function/internal_message.html?_=1620526381836&CODE_STATE=getMsg HTTP/1.1" 200 27
180.169.147.146 - - [09/May/2021:10:13:15 +0800] "GET /xingrg/all/function/internal_message.html?_=1620526390409&CODE_STATE=getMsg HTTP/1.1" 200 27
117.185.32.26 - - [09/May/2021:10:13:19 +0800] "GET /xingrg/all/function/internal_message.html?_=1620526390390&CODE_STATE=getMsg HTTP/1.1" 200 27
222.69.131.186 - - [09/May/2021:10:13:20 +0800] "GET /xingrg/all/function/internal_message.html?_=1620526396501&CODE_STATE=getMsg HTTP/1.1" 200 27
120.253.135.82 - - [09/May/2021:10:13:29 +0800] "GET /xingrg/kc/pszx/mdqp_order_list.html?isBack=1 HTTP/1.1" 302 -
120.253.135.82 - - [09/May/2021:10:13:29 +0800] "GET /xingrg/kc/pszx/mdqp_order_list.html?state=10 HTTP/1.1" 200 11836
120.253.135.82 - - [09/May/2021:10:13:29 +0800] "GET /xingrg/dwr/interface/AjaxQqpsService.js HTTP/1.1" 200 16326
120.253.135.82 - - [09/May/2021:10:13:29 +0800] "GET /xingrg/dwr/interface/AjaxReportQueryService.js HTTP/1.1" 200 13203
120.253.135.82 - - [09/May/2021:10:13:29 +0800] "GET /xingrg/dwr/engine.js HTTP/1.1" 200 43631
120.253.135.82 - - [09/May/2021:10:13:32 +0800] "GET /xingrg/all/function/internal_message.html?_=1620526473564&CODE_STATE=getMsg HTTP/1.1" 200 27
116.232.54.232 - - [09/May/2021:10:13:35 +0800] "GET /xingrg/all/function/internal_message.html?_=1620526410985&CODE_STATE=getMsg HTTP/1.1" 200 27
116.232.54.232 - - [09/May/2021:10:13:35 +0800] "GET /xingrg/check_reg.html?_=1620526410986 HTTP/1.1" 200 22
116.230.76.31 - - [09/May/2021:10:13:37 +0800] "GET /xingrg/kc/buy/cgsh_order_operate.html?command=get_materiel&rest_code=00107&code=00101037239&supplier_code=00100323&order_time=2021-05-09 HTTP/1.1" 200 396
101.85.94.178 - - [09/May/2021:10:13:37 +0800] "GET /xingrg/all/function/internal_message.html?_=1620525921209&CODE_STATE=getMsg HTTP/1.1" 200 27
116.230.114.112 - - [09/May/2021:10:13:41 +0800] "GET /xingrg/all/function/internal_message.html?_=1620526442107&CODE_STATE=getMsg HTTP/1.1" 200 27
180.161.124.236 - - [09/May/2021:10:13:44 +0800] "GET /xingrg/all/function/internal_message.html?_=1620526707442&CODE_STATE=getMsg HTTP/1.1" 200 27
116.230.110.80 - - [09/May/2021:10:13:46 +0800] "GET /xingrg/all/function/internal_message.html?_=1620526421497&CODE_STATE=getMsg HTTP/1.1" 200 27
120.253.135.82 - - [09/May/2021:10:13:48 +0800] "GET /xingrg/check_reg.html?_=1620526488653 HTTP/1.1" 200 22
58.40.7.146 - - [09/May/2021:10:13:48 +0800] "GET /xingrg/all/function/internal_message.html?_=1620526423989&CODE_STATE=getMsg HTTP/1.1" 200 27
116.230.76.31 - - [09/May/2021:10:13:53 +0800] "GET /xingrg/kc/buy/cgsh_order_operate.html?command=get_materiel&rest_code=00107&code=00101006060&supplier_code=00100323&order_time=2021-05-09 HTTP/1.1" 200 409
120.253.135.82 - - [09/May/2021:10:13:53 +0800] "GET /xingrg/all/function/internal_message.html?_=1620526210916&CODE_STATE=getMsg HTTP/1.1" 200 27
180.169.147.146 - - [09/May/2021:10:13:54 +0800] "GET /xingrg/all/function/internal_message.html?_=1620526428926&CODE_STATE=getMsg HTTP/1.1" 200 27
117.185.32.26 - - [09/May/2021:10:13:57 +0800] "GET /xingrg/kc/buy/cgsh_order_add.html HTTP/1.1" 200 61994
117.185.32.26 - - [09/May/2021:10:13:58 +0800] "GET /xingrg/javascript/easyui/themes/default/validatebox.css HTTP/1.1" 404 1104
117.185.32.26 - - [09/May/2021:10:13:58 +0800] "POST /xingrg/kc/buy/cgsh_order_operate.html HTTP/1.1" 200 8245
117.185.32.26 - - [09/May/2021:10:13:59 +0800] "GET /xingrg/javascript/easyui/themes/default/tree.css HTTP/1.1" 404 1090
117.185.32.26 - - [09/May/2021:10:14:00 +0800] "POST /xingrg/all/common/load_tree.html?tree=supplier_tree_json&isDelete=1 HTTP/1.1" 200 55318
116.224.253.72 - - [09/May/2021:10:14:04 +0800] "GET /xingrg/check_reg.html?_=1620526440604 HTTP/1.1" 200 22
116.224.253.72 - - [09/May/2021:10:14:04 +0800] "GET /xingrg/all/function/internal_message.html?_=1620526440608&CODE_STATE=getMsg HTTP/1.1" 200 27
180.169.147.146 - - [09/May/2021:10:14:04 +0800] "GET /xingrg/index.html?sysBaseUrl=http%3A%2F%2F180.169.147.146%3A18081%2Fxingrg%2F&costTime=185×tamp=1615458382968 HTTP/1.1" 302 -
180.169.147.146 - - [09/May/2021:10:14:05 +0800] "GET /xingrg/login.html HTTP/1.1" 200 7641
116.230.76.31 - - [09/May/2021:10:14:05 +0800] "GET /xingrg/all/function/internal_message.html?_=1620526440469&CODE_STATE=getMsg HTTP/1.1" 200 27
116.224.253.72 - - [09/May/2021:10:14:05 +0800] "GET /xingrg/all/function/internal_message.html?_=1620526433641&CODE_STATE=getMsg HTTP/1.1" 200 27
61.165.42.208 - - [09/May/2021:10:14:06 +0800] "GET /xingrg/all/function/internal_message.html?_=1620526441837&CODE_STATE=getMsg HTTP/1.1" 200 27
180.169.147.146 - - [09/May/2021:10:14:07 +0800] "GET /favicon.ico HTTP/1.1" 404 -
180.161.124.236 - - [09/May/2021:10:14:08 +0800] "GET /xingrg/kc/buy/cgsh_order_operate.html?command=get_materiel&rest_code=00102&code=00101002022&supplier_code=00100151&order_time=2021-05-09 HTTP/1.1" 200 428
180.169.147.146 - - [09/May/2021:10:14:09 +0800] "POST /xingrg/login.do HTTP/1.1" 302 -
180.169.147.146 - - [09/May/2021:10:14:09 +0800] "GET /xingrg/index.html?sysBaseUrl=http%3A%2F%2F180.169.147.146%3A18081%2Fxingrg%2F&costTime=43×tamp=1620526449813 HTTP/1.1" 200 17179
180.169.147.146 - - [09/May/2021:10:14:10 +0800] "GET /favicon.ico HTTP/1.1" 404 -
180.169.147.146 - - [09/May/2021:10:14:10 +0800] "POST /xingrg/all/common/load_tree.html?tree=area_rest_tree_json&manage=1 HTTP/1.1" 200 351
180.169.147.146 - - [09/May/2021:10:14:10 +0800] "GET /xingrg/all/function/internal_message.html?_=1620526438524&CODE_STATE=count HTTP/1.1" 200 11
180.169.147.146 - - [09/May/2021:10:14:10 +0800] "GET /xingrg/check_reg.html?_=1620526438525 HTTP/1.1" 200 22
180.169.147.146 - - [09/May/2021:10:14:10 +0800] "POST /xingrg/load_menu.html HTTP/1.1" 200 5138
117.185.32.26 - - [09/May/2021:10:14:11 +0800] "GET /xingrg/kc/buy/cgsh_order_operate.html?command=get_materiel&rest_code=00106&code=00101007125&supplier_code=00100002&order_time=2021-05-09 HTTP/1.1" 200 408
180.169.147.146 - - [09/May/2021:10:14:13 +0800] "GET /xingrg/kc/buy/buy_main.html HTTP/1.1" 200 12412
180.169.147.146 - - [09/May/2021:10:14:13 +0800] "GET /xingrg/css/new_ie.css HTTP/1.1" 404 1036
180.169.147.146 - - [09/May/2021:10:14:15 +0800] "GET /xingrg/all/function/internal_message.html?_=1620526450410&CODE_STATE=getMsg HTTP/1.1" 200 27
180.169.147.146 - - [09/May/2021:10:14:16 +0800] "GET /xingrg/images/yd/bt.gif HTTP/1.1" 404 1040
180.169.147.146 - - [09/May/2021:10:14:17 +0800] "GET /xingrg/kc/buy/cgsh_order_list.html HTTP/1.1" 200 46256
117.185.32.26 - - [09/May/2021:10:14:19 +0800] "GET /xingrg/all/function/internal_message.html?_=1620526450369&CODE_STATE=getMsg HTTP/1.1" 200 27
222.69.131.186 - - [09/May/2021:10:14:20 +0800] "GET /xingrg/all/function/internal_message.html?_=1620526456490&CODE_STATE=getMsg HTTP/1.1" 200 27
117.185.32.26 - - [09/May/2021:10:14:22 +0800] "GET /xingrg/kc/buy/cgsh_order_operate.html?command=get_materiel&rest_code=00106&code=00101007049&supplier_code=00100002&order_time=2021-05-09 HTTP/1.1" 200 409
117.185.32.26 - - [09/May/2021:10:14:30 +0800] "GET /xingrg/kc/buy/cgsh_order_operate.html?command=get_materiel&rest_code=00106&code=00101007059&supplier_code=00100002&order_time=2021-05-09 HTTP/1.1" 200 411
116.230.76.31 - - [09/May/2021:10:14:32 +0800] "GET /xingrg/kc/buy/cgsh_order_operate.html?command=get_materiel&rest_code=00107&code=00101006061&supplier_code=00100323&order_time=2021-05-09 HTTP/1.1" 200 409
120.253.135.82 - - [09/May/2021:10:14:32 +0800] "GET /xingrg/all/function/internal_message.html?_=1620526533567&CODE_STATE=getMsg HTTP/1.1" 200 27
180.161.124.236 - - [09/May/2021:10:14:33 +0800] "GET /xingrg/check_reg.html?_=1620526755900 HTTP/1.1" 200 22
116.232.54.232 - - [09/May/2021:10:14:35 +0800] "GET /xingrg/all/function/internal_message.html?_=1620526470987&CODE_STATE=getMsg HTTP/1.1" 200 27
101.85.94.178 - - [09/May/2021:10:14:37 +0800] "GET /xingrg/all/function/internal_message.html?_=1620525981209&CODE_STATE=getMsg HTTP/1.1" 200 27
117.185.32.26 - - [09/May/2021:10:14:41 +0800] "GET /xingrg/kc/buy/cgsh_order_operate.html?command=get_materiel&rest_code=00106&code=00101007077&supplier_code=00100002&order_time=2021-05-09 HTTP/1.1" 200 415
116.230.114.112 - - [09/May/2021:10:14:41 +0800] "GET /xingrg/all/function/internal_message.html?_=1620526502405&CODE_STATE=getMsg HTTP/1.1" 200 27
180.169.147.146 - - [09/May/2021:10:14:43 +0800] "POST /xingrg/kc/buy/cgsh_list_operate.html HTTP/1.1" 200 5270
180.161.124.236 - - [09/May/2021:10:14:44 +0800] "GET /xingrg/all/function/internal_message.html?_=1620526767447&CODE_STATE=getMsg HTTP/1.1" 200 27
116.230.76.31 - - [09/May/2021:10:14:46 +0800] "GET /xingrg/kc/buy/cgsh_order_operate.html?command=get_materiel&rest_code=00107&code=00101001109&supplier_code=00100323&order_time=2021-05-09 HTTP/1.1" 200 415
116.230.110.80 - - [09/May/2021:10:14:46 +0800] "GET /xingrg/all/function/internal_message.html?_=1620526481498&CODE_STATE=getMsg HTTP/1.1" 200 27
61.165.42.208 - - [09/May/2021:10:14:47 +0800] "GET /xingrg/kc/buy/cgsh_order_add.html HTTP/1.1" 200 62035
61.165.42.208 - - [09/May/2021:10:14:48 +0800] "POST /xingrg/kc/buy/cgsh_order_operate.html HTTP/1.1" 200 8245
61.165.42.208 - - [09/May/2021:10:14:48 +0800] "GET /xingrg/javascript/easyui/themes/default/validatebox.css HTTP/1.1" 404 1104
58.40.7.146 - - [09/May/2021:10:14:48 +0800] "GET /xingrg/all/function/internal_message.html?_=1620526483992&CODE_STATE=getMsg HTTP/1.1" 200 27
120.253.135.82 - - [09/May/2021:10:14:53 +0800] "GET /xingrg/all/function/internal_message.html?_=1620526270930&CODE_STATE=getMsg HTTP/1.1" 200 27
117.185.32.26 - - [09/May/2021:10:14:53 +0800] "POST /xingrg/kc/buy/cgsh_order_operate.html HTTP/1.1" 200 37
180.169.147.146 - - [09/May/2021:10:14:54 +0800] "GET /xingrg/check_reg.html?_=1620526488923 HTTP/1.1" 200 22
180.169.147.146 - - [09/May/2021:10:14:54 +0800] "GET /xingrg/all/function/internal_message.html?_=1620526488928&CODE_STATE=getMsg HTTP/1.1" 200 27
117.185.32.26 - - [09/May/2021:10:14:56 +0800] "GET /xingrg/check_reg.html?_=1620526487540 HTTP/1.1" 200 22
117.185.32.26 - - [09/May/2021:10:14:57 +0800] "POST /xingrg/kc/buy/cgsh_order_operate.html HTTP/1.1" 200 12
116.230.76.31 - - [09/May/2021:10:14:57 +0800] "GET /xingrg/kc/buy/cgsh_order_operate.html?command=get_materiel&rest_code=00107&code=00101010220&supplier_code=00100323&order_time=2021-05-09 HTTP/1.1" 200 431
61.165.42.208 - - [09/May/2021:10:14:58 +0800] "GET /xingrg/kc/buy/cgsh_order_operate.html?command=get_materiel&rest_code=00105&code=00101018007&supplier_code=00100330&order_time=2021-05-09 HTTP/1.1" 200 409
117.185.32.26 - - [09/May/2021:10:14:58 +0800] "GET /xingrg/kc/buy/cgsh_order_info.html?code=212021050903684 HTTP/1.1" 200 56898
117.185.32.26 - - [09/May/2021:10:14:59 +0800] "GET /xingrg/javascript/easyui/themes/default/validatebox.css HTTP/1.1" 404 1104
180.161.124.236 - - [09/May/2021:10:15:00 +0800] "POST /xingrg/kc/buy/cgsh_order_operate.html HTTP/1.1" 200 37
117.185.32.26 - - [09/May/2021:10:15:00 +0800] "POST /xingrg/kc/buy/cgsh_order_operate.html HTTP/1.1" 200 2373
117.185.32.26 - - [09/May/2021:10:15:01 +0800] "GET /xingrg/kc/print/load_data.html?order_code=212021050903684&kc_code=cgsh&condition= HTTP/1.1" 200 1448
180.161.124.236 - - [09/May/2021:10:15:01 +0800] "POST /xingrg/kc/buy/cgsh_order_operate.html HTTP/1.1" 200 6819
116.224.253.72 - - [09/May/2021:10:15:04 +0800] "GET /xingrg/all/function/internal_message.html?_=1620526500599&CODE_STATE=getMsg HTTP/1.1" 200 27
116.230.76.31 - - [09/May/2021:10:15:05 +0800] "GET /xingrg/all/function/internal_message.html?_=1620526500435&CODE_STATE=getMsg HTTP/1.1" 200 27
116.224.253.72 - - [09/May/2021:10:15:05 +0800] "GET /xingrg/all/function/internal_message.html?_=1620526493660&CODE_STATE=getMsg HTTP/1.1" 200 27
61.165.42.208 - - [09/May/2021:10:15:06 +0800] "GET /xingrg/all/function/internal_message.html?_=1620526501847&CODE_STATE=getMsg HTTP/1.1" 200 27
61.165.42.208 - - [09/May/2021:10:15:06 +0800] "GET /xingrg/check_reg.html?_=1620526501850 HTTP/1.1" 200 22
116.230.114.112 - - [09/May/2021:10:15:07 +0800] "GET /xingrg/check_reg.html?_=1620526528961 HTTP/1.1" 200 22
117.185.32.26 - - [09/May/2021:10:15:09 +0800] "GET /xingrg/kc/print/load_data.html?order_code=212021050903684&kc_code=cgsh HTTP/1.1" 200 1448
180.169.147.146 - - [09/May/2021:10:15:10 +0800] "GET /xingrg/all/function/internal_message.html?_=1620526498538&CODE_STATE=getMsg HTTP/1.1" 200 27
61.165.42.208 - - [09/May/2021:10:15:15 +0800] "GET /xingrg/kc/buy/cgsh_order_operate.html?command=get_materiel&rest_code=00105&code=00101018019&supplier_code=00100330&order_time=2021-05-09 HTTP/1.1" 200 421
180.169.147.146 - - [09/May/2021:10:15:15 +0800] "GET /xingrg/all/function/internal_message.html?_=1620526510426&CODE_STATE=getMsg HTTP/1.1" 200 27
61.165.42.208 - - [09/May/2021:10:15:20 +0800] "POST /xingrg/kc/buy/cgsh_order_operate.html HTTP/1.1" 200 37
222.69.131.186 - - [09/May/2021:10:15:20 +0800] "GET /xingrg/all/function/internal_message.html?_=1620526516476&CODE_STATE=getMsg HTTP/1.1" 200 27
61.165.42.208 - - [09/May/2021:10:15:21 +0800] "POST /xingrg/kc/buy/cgsh_order_operate.html HTTP/1.1" 200 3251
58.22.0.166 - - [09/May/2021:10:15:22 +0800] "GET /favicon.ico HTTP/1.1" 404 -
222.69.131.186 - - [09/May/2021:10:15:22 +0800] "GET /xingrg/check_reg.html?_=1620526517667 HTTP/1.1" 200 22
116.230.76.31 - - [09/May/2021:10:15:22 +0800] "GET /xingrg/kc/buy/cgsh_order_operate.html?command=get_materiel&rest_code=00107&code=00101007015&supplier_code=00100323&order_time=2021-05-09 HTTP/1.1" 200 422
117.185.32.26 - - [09/May/2021:10:15:22 +0800] "GET /xingrg/all/function/internal_message.html?_=1620526513411&CODE_STATE=getMsg HTTP/1.1" 200 27
61.165.42.208 - - [09/May/2021:10:15:23 +0800] "GET /xingrg/kc/print/load_data.html?order_code=212021050903686&kc_code=cgsh&condition= HTTP/1.1" 200 906
61.165.42.208 - - [09/May/2021:10:15:26 +0800] "GET /xingrg/kc/buy/cgsh_order_add.html HTTP/1.1" 200 62035
61.165.42.208 - - [09/May/2021:10:15:26 +0800] "POST /xingrg/kc/buy/cgsh_order_operate.html HTTP/1.1" 200 8245
61.165.42.208 - - [09/May/2021:10:15:26 +0800] "GET /xingrg/javascript/easyui/themes/default/validatebox.css HTTP/1.1" 404 1104
116.232.54.232 - - [09/May/2021:10:15:27 +0800] "GET /favicon.ico HTTP/1.1" 404 -
120.253.135.82 - - [09/May/2021:10:15:32 +0800] "GET /xingrg/all/function/internal_message.html?_=1620526593580&CODE_STATE=getMsg HTTP/1.1" 200 27
116.232.54.232 - - [09/May/2021:10:15:35 +0800] "GET /xingrg/all/function/internal_message.html?_=1620526530993&CODE_STATE=getMsg HTTP/1.1" 200 27
61.165.42.208 - - [09/May/2021:10:15:36 +0800] "GET /xingrg/kc/buy/cgsh_order_operate.html?command=get_materiel&rest_code=00105&code=00101001167&supplier_code=00100314&order_time=2021-05-09 HTTP/1.1" 200 410
101.85.94.178 - - [09/May/2021:10:15:37 +0800] "GET /xingrg/all/function/internal_message.html?_=1620526041208&CODE_STATE=getMsg HTTP/1.1" 200 27
116.230.114.112 - - [09/May/2021:10:15:41 +0800] "GET /xingrg/all/function/internal_message.html?_=1620526562416&CODE_STATE=getMsg HTTP/1.1" 200 27
180.161.124.236 - - [09/May/2021:10:15:44 +0800] "GET /xingrg/all/function/internal_message.html?_=1620526827466&CODE_STATE=getMsg HTTP/1.1" 200 27
116.230.110.80 - - [09/May/2021:10:15:46 +0800] "GET /xingrg/check_reg.html?_=1620526541499 HTTP/1.1" 200 22
116.230.110.80 - - [09/May/2021:10:15:46 +0800] "GET /xingrg/all/function/internal_message.html?_=1620526541503&CODE_STATE=getMsg HTTP/1.1" 200 27
58.40.7.146 - - [09/May/2021:10:15:48 +0800] "GET /xingrg/check_reg.html?_=1620526543979 HTTP/1.1" 200 22
58.40.7.146 - - [09/May/2021:10:15:48 +0800] "GET /xingrg/all/function/internal_message.html?_=1620526543980&CODE_STATE=getMsg HTTP/1.1" 200 27
61.165.42.208 - - [09/May/2021:10:15:49 +0800] "POST /xingrg/kc/buy/cgsh_order_operate.html HTTP/1.1" 200 37
61.165.42.208 - - [09/May/2021:10:15:50 +0800] "POST /xingrg/kc/buy/cgsh_order_operate.html HTTP/1.1" 200 2657
61.165.42.208 - - [09/May/2021:10:15:51 +0800] "GET /xingrg/kc/print/load_data.html?order_code=212021050903687&kc_code=cgsh&condition= HTTP/1.1" 200 670
120.253.135.82 - - [09/May/2021:10:15:51 +0800] "GET /xingrg/kc/pszx/mdqp_order_list.html?state=10 HTTP/1.1" 200 11836
120.253.135.82 - - [09/May/2021:10:15:51 +0800] "GET /xingrg/dwr/engine.js HTTP/1.1" 200 43631
120.253.135.82 - - [09/May/2021:10:15:51 +0800] "GET /xingrg/dwr/interface/AjaxReportQueryService.js HTTP/1.1" 200 13203
120.253.135.82 - - [09/May/2021:10:15:51 +0800] "GET /xingrg/dwr/interface/AjaxQqpsService.js HTTP/1.1" 200 16326
120.253.135.82 - - [09/May/2021:10:15:53 +0800] "GET /xingrg/check_reg.html?_=1620526330383 HTTP/1.1" 200 22
120.253.135.82 - - [09/May/2021:10:15:53 +0800] "GET /xingrg/all/function/internal_message.html?_=1620526330942&CODE_STATE=getMsg HTTP/1.1" 200 27
180.169.147.146 - - [09/May/2021:10:15:54 +0800] "GET /xingrg/all/function/internal_message.html?_=1620526548923&CODE_STATE=getMsg HTTP/1.1" 200 27
116.230.76.31 - - [09/May/2021:10:15:58 +0800] "GET /xingrg/kc/buy/cgsh_order_operate.html?command=get_materiel&rest_code=00107&code=00101007107&supplier_code=00100323&order_time=2021-05-09 HTTP/1.1" 200 421
61.165.42.208 - - [09/May/2021:10:15:59 +0800] "GET /xingrg/kc/buy/cgsh_order_add.html HTTP/1.1" 200 62035
61.165.42.208 - - [09/May/2021:10:15:59 +0800] "POST /xingrg/kc/buy/cgsh_order_operate.html HTTP/1.1" 200 8245
61.165.42.208 - - [09/May/2021:10:15:59 +0800] "GET /xingrg/javascript/easyui/themes/default/validatebox.css HTTP/1.1" 404 1104
116.224.253.72 - - [09/May/2021:10:16:04 +0800] "GET /xingrg/all/function/internal_message.html?_=1620526560599&CODE_STATE=getMsg HTTP/1.1" 200 27
116.230.76.31 - - [09/May/2021:10:16:04 +0800] "GET /xingrg/check_reg.html?_=1620526560250 HTTP/1.1" 200 22
116.230.76.31 - - [09/May/2021:10:16:05 +0800] "GET /xingrg/all/function/internal_message.html?_=1620526560427&CODE_STATE=getMsg HTTP/1.1" 200 27
61.165.42.208 - - [09/May/2021:10:16:06 +0800] "GET /xingrg/all/function/internal_message.html?_=1620526561845&CODE_STATE=getMsg HTTP/1.1" 200 27
180.169.147.146 - - [09/May/2021:10:16:10 +0800] "GET /xingrg/all/function/internal_message.html?_=1620526558537&CODE_STATE=getMsg HTTP/1.1" 200 27
61.165.42.208 - - [09/May/2021:10:16:11 +0800] "GET /xingrg/kc/buy/cgsh_order_operate.html?command=get_materiel&rest_code=00105&code=00101010111&supplier_code=00100327&order_time=2021-05-09 HTTP/1.1" 200 417
180.169.147.146 - - [09/May/2021:10:16:15 +0800] "GET /xingrg/all/function/internal_message.html?_=1620526570420&CODE_STATE=getMsg HTTP/1.1" 200 27
222.69.131.186 - - [09/May/2021:10:16:20 +0800] "GET /xingrg/all/function/internal_message.html?_=1620526576461&CODE_STATE=getMsg HTTP/1.1" 200 27
117.185.32.26 - - [09/May/2021:10:16:22 +0800] "GET /xingrg/all/function/internal_message.html?_=1620526573392&CODE_STATE=getMsg HTTP/1.1" 200 27
116.230.76.31 - - [09/May/2021:10:16:23 +0800] "POST /xingrg/kc/buy/cgsh_order_operate.html HTTP/1.1" 200 37
180.161.124.236 - - [09/May/2021:10:16:24 +0800] "POST /xingrg/kc/buy/cgsh_order_operate.html HTTP/1.1" 200 37
61.165.42.208 - - [09/May/2021:10:16:25 +0800] "GET /xingrg/kc/buy/cgsh_order_operate.html?command=get_materiel&rest_code=00105&code=00101008171&supplier_code=00100327&order_time=2021-05-09 HTTP/1.1" 200 423
116.230.76.31 - - [09/May/2021:10:16:26 +0800] "POST /xingrg/kc/buy/cgsh_order_operate.html HTTP/1.1" 200 7405
116.230.76.31 - - [09/May/2021:10:16:28 +0800] "GET /xingrg/kc/print/load_data.html?order_code=212021050903688&kc_code=cgsh&condition= HTTP/1.1" 200 2488
61.165.42.208 - - [09/May/2021:10:16:32 +0800] "POST /xingrg/kc/buy/cgsh_order_operate.html HTTP/1.1" 200 37
180.161.124.236 - - [09/May/2021:10:16:32 +0800] "POST /xingrg/kc/buy/cgsh_order_operate.html HTTP/1.1" 200 6817
116.230.76.31 - - [09/May/2021:10:16:32 +0800] "GET /xingrg/kc/buy/cgsh_order_add.html HTTP/1.1" 200 62076
120.253.135.82 - - [09/May/2021:10:16:33 +0800] "GET /xingrg/all/function/internal_message.html?_=1620526653623&CODE_STATE=getMsg HTTP/1.1" 200 27
116.230.76.31 - - [09/May/2021:10:16:33 +0800] "GET /xingrg/words/20210508174830_words.js HTTP/1.1" 304 -
116.230.76.31 - - [09/May/2021:10:16:33 +0800] "GET /xingrg/javascript/easyui/themes/default/validatebox.css HTTP/1.1" 404 1104
116.230.76.31 - - [09/May/2021:10:16:33 +0800] "POST /xingrg/kc/buy/cgsh_order_operate.html HTTP/1.1" 200 8245
116.230.76.31 - - [09/May/2021:10:16:34 +0800] "GET /xingrg/javascript/easyui/themes/default/tree.css HTTP/1.1" 404 1090
61.165.42.208 - - [09/May/2021:10:16:34 +0800] "POST /xingrg/kc/buy/cgsh_order_operate.html HTTP/1.1" 200 3261
116.230.76.31 - - [09/May/2021:10:16:34 +0800] "POST /xingrg/all/common/load_tree.html?tree=supplier_tree_json&isDelete=1 HTTP/1.1" 200 55318
116.232.54.232 - - [09/May/2021:10:16:35 +0800] "GET /xingrg/all/function/internal_message.html?_=1620526590996&CODE_STATE=getMsg HTTP/1.1" 200 27
101.85.94.178 - - [09/May/2021:10:16:37 +0800] "GET /xingrg/all/function/internal_message.html?_=1620526101208&CODE_STATE=getMsg HTTP/1.1" 200 27
61.165.42.208 - - [09/May/2021:10:16:38 +0800] "GET /xingrg/kc/print/load_data.html?order_code=212021050903689&kc_code=cgsh&condition= HTTP/1.1" 200 902
116.230.114.112 - - [09/May/2021:10:16:41 +0800] "GET /xingrg/all/function/internal_message.html?_=1620526622429&CODE_STATE=getMsg HTTP/1.1" 200 27
61.165.42.208 - - [09/May/2021:10:16:42 +0800] "GET /xingrg/kc/buy/cgsh_order_add.html HTTP/1.1" 200 62035
61.165.42.208 - - [09/May/2021:10:16:42 +0800] "POST /xingrg/kc/buy/cgsh_order_operate.html HTTP/1.1" 200 8245
61.165.42.208 - - [09/May/2021:10:16:42 +0800] "GET /xingrg/javascript/easyui/themes/default/validatebox.css HTTP/1.1" 404 1104
180.161.124.236 - - [09/May/2021:10:16:44 +0800] "GET /xingrg/all/function/internal_message.html?_=1620526887485&CODE_STATE=getMsg HTTP/1.1" 200 27
116.230.110.80 - - [09/May/2021:10:16:46 +0800] "GET /xingrg/all/function/internal_message.html?_=1620526601493&CODE_STATE=getMsg HTTP/1.1" 200 27
58.40.7.146 - - [09/May/2021:10:16:48 +0800] "GET /xingrg/all/function/internal_message.html?_=1620526603982&CODE_STATE=getMsg HTTP/1.1" 200 27
180.169.147.146 - - [09/May/2021:10:16:54 +0800] "GET /xingrg/all/function/internal_message.html?_=1620526608921&CODE_STATE=getMsg HTTP/1.1" 200 27
61.165.42.208 - - [09/May/2021:10:16:56 +0800] "GET /xingrg/kc/buy/cgsh_order_operate.html?command=get_materiel&rest_code=00105&code=00101010569&supplier_code=00100327&order_time=2021-05-09 HTTP/1.1" 200 397
116.224.253.72 - - [09/May/2021:10:17:04 +0800] "GET /xingrg/all/function/internal_message.html?_=1620526620618&CODE_STATE=getMsg HTTP/1.1" 200 27
116.230.76.31 - - [09/May/2021:10:17:04 +0800] "GET /xingrg/all/function/internal_message.html?_=1620526620409&CODE_STATE=getMsg HTTP/1.1" 200 27
116.230.76.31 - - [09/May/2021:10:17:05 +0800] "GET /xingrg/kc/buy/cgsh_order_operate.html?command=get_materiel&rest_code=00107&code=00101009036&supplier_code=00100335&order_time=2021-05-09 HTTP/1.1" 200 415
61.165.42.208 - - [09/May/2021:10:17:06 +0800] "GET /xingrg/all/function/internal_message.html?_=1620526621843&CODE_STATE=getMsg HTTP/1.1" 200 27
61.165.42.208 - - [09/May/2021:10:17:07 +0800] "GET /xingrg/kc/buy/cgsh_order_operate.html?command=get_materiel&rest_code=00105&code=00101010628&supplier_code=00100327&order_time=2021-05-09 HTTP/1.1" 200 412
180.169.147.146 - - [09/May/2021:10:17:10 +0800] "GET /xingrg/all/function/internal_message.html?_=1620526618538&CODE_STATE=getMsg HTTP/1.1" 200 27
180.169.147.146 - - [09/May/2021:10:17:15 +0800] "GET /xingrg/all/function/internal_message.html?_=1620526630426&CODE_STATE=getMsg HTTP/1.1" 200 27
180.169.147.146 - - [09/May/2021:10:17:15 +0800] "GET /xingrg/check_reg.html?_=1620526630427 HTTP/1.1" 200 22
116.230.76.31 - - [09/May/2021:10:17:15 +0800] "POST /xingrg/kc/buy/cgsh_order_operate.html HTTP/1.1" 200 37
116.230.76.31 - - [09/May/2021:10:17:17 +0800] "POST /xingrg/kc/buy/cgsh_order_operate.html HTTP/1.1" 200 2659
61.165.42.208 - - [09/May/2021:10:17:19 +0800] "POST /xingrg/kc/buy/cgsh_order_operate.html HTTP/1.1" 200 37
116.230.76.31 - - [09/May/2021:10:17:19 +0800] "GET /xingrg/kc/print/load_data.html?order_code=212021050903690&kc_code=cgsh&condition= HTTP/1.1" 200 672
222.69.131.186 - - [09/May/2021:10:17:20 +0800] "GET /xingrg/all/function/internal_message.html?_=1620526636452&CODE_STATE=getMsg HTTP/1.1" 200 27
61.165.42.208 - - [09/May/2021:10:17:21 +0800] "POST /xingrg/kc/buy/cgsh_order_operate.html HTTP/1.1" 200 3857
117.185.32.26 - - [09/May/2021:10:17:22 +0800] "GET /xingrg/all/function/internal_message.html?_=1620526633369&CODE_STATE=getMsg HTTP/1.1" 200 27
120.253.135.82 - - [09/May/2021:10:17:33 +0800] "GET /xingrg/all/function/internal_message.html?_=1620526713637&CODE_STATE=getMsg HTTP/1.1" 200 27
116.230.76.31 - - [09/May/2021:10:17:33 +0800] "GET /xingrg/kc/buy/cgsh_order_add.html HTTP/1.1" 200 62076
116.230.76.31 - - [09/May/2021:10:17:33 +0800] "GET /xingrg/javascript/easyui/themes/default/validatebox.css HTTP/1.1" 404 1104
116.230.76.31 - - [09/May/2021:10:17:34 +0800] "POST /xingrg/kc/buy/cgsh_order_operate.html HTTP/1.1" 200 8245
116.230.76.31 - - [09/May/2021:10:17:35 +0800] "GET /xingrg/javascript/easyui/themes/default/tree.css HTTP/1.1" 404 1090
116.232.54.232 - - [09/May/2021:10:17:35 +0800] "GET /xingrg/all/function/internal_message.html?_=1620526650995&CODE_STATE=getMsg HTTP/1.1" 200 27
116.230.76.31 - - [09/May/2021:10:17:35 +0800] "POST /xingrg/all/common/load_tree.html?tree=supplier_tree_json&isDelete=1 HTTP/1.1" 200 55318
101.85.94.178 - - [09/May/2021:10:17:37 +0800] "GET /xingrg/all/function/internal_message.html?_=1620526161232&CODE_STATE=getMsg HTTP/1.1" 200 27
101.85.94.178 - - [09/May/2021:10:17:37 +0800] "GET /xingrg/check_reg.html?_=1620526161233 HTTP/1.1" 200 22
116.230.114.112 - - [09/May/2021:10:17:41 +0800] "GET /xingrg/all/function/internal_message.html?_=1620526682690&CODE_STATE=getMsg HTTP/1.1" 200 27
180.161.124.236 - - [09/May/2021:10:17:44 +0800] "GET /xingrg/all/function/internal_message.html?_=1620526947487&CODE_STATE=getMsg HTTP/1.1" 200 27
116.230.110.80 - - [09/May/2021:10:17:46 +0800] "GET /xingrg/all/function/internal_message.html?_=1620526661487&CODE_STATE=getMsg HTTP/1.1" 200 27
58.40.7.146 - - [09/May/2021:10:17:48 +0800] "GET /xingrg/all/function/internal_message.html?_=1620526663986&CODE_STATE=getMsg HTTP/1.1" 200 27
180.169.147.146 - - [09/May/2021:10:17:54 +0800] "GET /xingrg/all/function/internal_message.html?_=1620526668918&CODE_STATE=getMsg HTTP/1.1" 200 27
116.224.253.72 - - [09/May/2021:10:18:04 +0800] "GET /xingrg/all/function/internal_message.html?_=1620526680619&CODE_STATE=getMsg HTTP/1.1" 200 27
116.230.76.31 - - [09/May/2021:10:18:04 +0800] "GET /xingrg/kc/buy/cgsh_order_operate.html?command=get_materiel&rest_code=00107&code=00101004063&supplier_code=00100085&order_time=2021-05-09 HTTP/1.1" 200 416
116.230.76.31 - - [09/May/2021:10:18:05 +0800] "GET /xingrg/all/function/internal_message.html?_=1620526680433&CODE_STATE=getMsg HTTP/1.1" 200 27
61.165.42.208 - - [09/May/2021:10:18:06 +0800] "GET /xingrg/all/function/internal_message.html?_=1620526681872&CODE_STATE=getMsg HTTP/1.1" 200 27
180.169.147.146 - - [09/May/2021:10:18:10 +0800] "GET /xingrg/all/function/internal_message.html?_=1620526678538&CODE_STATE=getMsg HTTP/1.1" 200 27
180.169.147.146 - - [09/May/2021:10:18:15 +0800] "GET /xingrg/all/function/internal_message.html?_=1620526690432&CODE_STATE=getMsg HTTP/1.1" 200 27
116.230.76.31 - - [09/May/2021:10:18:20 +0800] "GET /xingrg/kc/buy/cgsh_order_operate.html?command=get_materiel&rest_code=00107&code=00101004034&supplier_code=00100085&order_time=2021-05-09 HTTP/1.1" 200 416
222.69.131.186 - - [09/May/2021:10:18:20 +0800] "GET /xingrg/all/function/internal_message.html?_=1620526696441&CODE_STATE=getMsg HTTP/1.1" 200 27
117.185.32.26 - - [09/May/2021:10:18:22 +0800] "GET /xingrg/all/function/internal_message.html?_=1620526693340&CODE_STATE=getMsg HTTP/1.1" 200 27
120.253.135.82 - - [09/May/2021:10:18:33 +0800] "GET /xingrg/all/function/internal_message.html?_=1620526773679&CODE_STATE=getMsg HTTP/1.1" 200 27
116.232.54.232 - - [09/May/2021:10:18:35 +0800] "GET /xingrg/all/function/internal_message.html?_=1620526710998&CODE_STATE=getMsg HTTP/1.1" 200 27
116.232.54.232 - - [09/May/2021:10:18:35 +0800] "GET /xingrg/check_reg.html?_=1620526710999 HTTP/1.1" 200 22
101.85.94.178 - - [09/May/2021:10:18:37 +0800] "GET /xingrg/all/function/internal_message.html?_=1620526221231&CODE_STATE=getMsg HTTP/1.1" 200 27
116.230.114.112 - - [09/May/2021:10:18:41 +0800] "GET /xingrg/all/function/internal_message.html?_=1620526742690&CODE_STATE=getMsg HTTP/1.1" 200 27
180.161.124.236 - - [09/May/2021:10:18:45 +0800] "GET /xingrg/all/function/internal_message.html?_=1620527007508&CODE_STATE=getMsg HTTP/1.1" 200 27
116.230.110.80 - - [09/May/2021:10:18:46 +0800] "GET /xingrg/all/function/internal_message.html?_=1620526721498&CODE_STATE=getMsg HTTP/1.1" 200 27
120.253.135.82 - - [09/May/2021:10:18:48 +0800] "GET /xingrg/check_reg.html?_=1620526788662 HTTP/1.1" 200 22
58.40.7.146 - - [09/May/2021:10:18:48 +0800] "GET /xingrg/all/function/internal_message.html?_=1620526723989&CODE_STATE=getMsg HTTP/1.1" 200 27
116.230.76.31 - - [09/May/2021:10:18:49 +0800] "POST /xingrg/kc/buy/cgsh_order_operate.html HTTP/1.1" 200 37
116.230.76.31 - - [09/May/2021:10:18:52 +0800] "POST /xingrg/kc/buy/cgsh_order_operate.html HTTP/1.1" 200 2662
180.169.147.146 - - [09/May/2021:10:18:54 +0800] "GET /xingrg/all/function/internal_message.html?_=1620526728919&CODE_STATE=getMsg HTTP/1.1" 200 27
116.230.76.31 - - [09/May/2021:10:18:56 +0800] "GET /xingrg/kc/print/load_data.html?order_code=212021050903692&kc_code=cgsh&condition= HTTP/1.1" 200 735
116.224.253.72 - - [09/May/2021:10:19:04 +0800] "GET /xingrg/all/function/internal_message.html?_=1620526740619&CODE_STATE=getMsg HTTP/1.1" 200 27
116.224.253.72 - - [09/May/2021:10:19:04 +0800] "GET /xingrg/check_reg.html?_=1620526740621 HTTP/1.1" 200 22
61.165.42.208 - - [09/May/2021:10:19:04 +0800] "GET /xingrg/kc/print/load_data.html?order_code=212021050903691&kc_code=cgsh&condition= HTTP/1.1" 200 1133
116.230.76.31 - - [09/May/2021:10:19:05 +0800] "GET /xingrg/all/function/internal_message.html?_=1620526740431&CODE_STATE=getMsg HTTP/1.1" 200 27
61.165.42.208 - - [09/May/2021:10:19:06 +0800] "GET /xingrg/all/function/internal_message.html?_=1620526741873&CODE_STATE=getMsg HTTP/1.1" 200 27
116.230.76.31 - - [09/May/2021:10:19:07 +0800] "GET /xingrg/kc/buy/cgsh_order_add.html HTTP/1.1" 200 62076
116.230.76.31 - - [09/May/2021:10:19:09 +0800] "POST /xingrg/kc/buy/cgsh_order_operate.html HTTP/1.1" 200 8245
116.230.76.31 - - [09/May/2021:10:19:09 +0800] "GET /xingrg/javascript/easyui/themes/default/validatebox.css HTTP/1.1" 404 1104
180.169.147.146 - - [09/May/2021:10:19:10 +0800] "GET /xingrg/check_reg.html?_=1620526738538 HTTP/1.1" 200 22
180.169.147.146 - - [09/May/2021:10:19:10 +0800] "GET /xingrg/all/function/internal_message.html?_=1620526738540&CODE_STATE=getMsg HTTP/1.1" 200 27
61.165.42.208 - - [09/May/2021:10:19:11 +0800] "GET /xingrg/kc/buy/cgsh_order_add.html HTTP/1.1" 200 62035
61.165.42.208 - - [09/May/2021:10:19:11 +0800] "POST /xingrg/kc/buy/cgsh_order_operate.html HTTP/1.1" 200 8245
61.165.42.208 - - [09/May/2021:10:19:11 +0800] "GET /xingrg/javascript/easyui/themes/default/validatebox.css HTTP/1.1" 404 1104
180.169.147.146 - - [09/May/2021:10:19:15 +0800] "GET /xingrg/all/function/internal_message.html?_=1620526750428&CODE_STATE=getMsg HTTP/1.1" 200 27
222.69.131.186 - - [09/May/2021:10:19:16 +0800] "GET /xingrg/kc/buy/cgsh_order_add.html HTTP/1.1" 200 62041
222.69.131.186 - - [09/May/2021:10:19:17 +0800] "POST /xingrg/kc/buy/cgsh_order_operate.html HTTP/1.1" 200 8245
222.69.131.186 - - [09/May/2021:10:19:17 +0800] "GET /xingrg/javascript/easyui/themes/default/validatebox.css HTTP/1.1" 404 1104
222.69.131.186 - - [09/May/2021:10:19:20 +0800] "GET /xingrg/all/function/internal_message.html?_=1620526756427&CODE_STATE=getMsg HTTP/1.1" 200 27
117.185.32.26 - - [09/May/2021:10:19:22 +0800] "GET /xingrg/all/function/internal_message.html?_=1620526753315&CODE_STATE=getMsg HTTP/1.1" 200 27
120.253.135.82 - - [09/May/2021:10:19:33 +0800] "GET /xingrg/all/function/internal_message.html?_=1620526833681&CODE_STATE=getMsg HTTP/1.1" 200 27
180.161.124.236 - - [09/May/2021:10:19:34 +0800] "GET /xingrg/check_reg.html?_=1620527055912 HTTP/1.1" 200 22
116.232.54.232 - - [09/May/2021:10:19:35 +0800] "GET /xingrg/all/function/internal_message.html?_=1620526771001&CODE_STATE=getMsg HTTP/1.1" 200 27
101.85.94.178 - - [09/May/2021:10:19:37 +0800] "GET /xingrg/all/function/internal_message.html?_=1620526281230&CODE_STATE=getMsg HTTP/1.1" 200 27
116.230.114.112 - - [09/May/2021:10:19:41 +0800] "GET /xingrg/all/function/internal_message.html?_=1620526802947&CODE_STATE=getMsg HTTP/1.1" 200 27
180.161.124.236 - - [09/May/2021:10:19:45 +0800] "GET /xingrg/all/function/internal_message.html?_=1620527067525&CODE_STATE=getMsg HTTP/1.1" 200 27
116.230.110.80 - - [09/May/2021:10:19:46 +0800] "GET /xingrg/all/function/internal_message.html?_=1620526781490&CODE_STATE=getMsg HTTP/1.1" 200 27
58.40.7.146 - - [09/May/2021:10:19:48 +0800] "GET /xingrg/all/function/internal_message.html?_=1620526783991&CODE_STATE=getMsg HTTP/1.1" 200 27
114.88.167.174 - - [09/May/2021:10:19:49 +0800] "GET /xingrg/login.html HTTP/1.1" 200 7641
114.88.167.174 - - [09/May/2021:10:19:49 +0800] "GET /xingrg/images/blue/jxLogo.png HTTP/1.1" 304 -
114.88.167.174 - - [09/May/2021:10:19:49 +0800] "GET /xingrg/images/blue/login_bg.png HTTP/1.1" 304 -
114.88.167.174 - - [09/May/2021:10:19:49 +0800] "GET /xingrg/images/blue/hj.png HTTP/1.1" 304 -
114.88.167.174 - - [09/May/2021:10:19:49 +0800] "GET /xingrg/images/blue/srbg.png HTTP/1.1" 304 -
114.88.167.174 - - [09/May/2021:10:19:49 +0800] "GET /favicon.ico HTTP/1.1" 404 -
180.169.147.146 - - [09/May/2021:10:19:54 +0800] "GET /xingrg/all/function/internal_message.html?_=1620526788917&CODE_STATE=getMsg HTTP/1.1" 200 27
180.169.147.146 - - [09/May/2021:10:19:54 +0800] "GET /xingrg/check_reg.html?_=1620526788923 HTTP/1.1" 200 22
117.185.32.26 - - [09/May/2021:10:19:56 +0800] "GET /xingrg/check_reg.html?_=1620526787544 HTTP/1.1" 200 22
114.88.167.174 - - [09/May/2021:10:19:58 +0800] "POST /xingrg/login.do HTTP/1.1" 302 -
114.88.167.174 - - [09/May/2021:10:19:58 +0800] "GET /xingrg/javascript/jquery_easy_ui/themes/icon.css HTTP/1.1" 304 -
114.88.167.174 - - [09/May/2021:10:19:58 +0800] "GET /xingrg/css/form.css HTTP/1.1" 304 -
114.88.167.174 - - [09/May/2021:10:19:58 +0800] "GET /xingrg/index.html?sysBaseUrl=http%3A%2F%2F180.169.147.146%3A18081%2Fxingrg%2F&costTime=39×tamp=1620526798792 HTTP/1.1" 200 17173
114.88.167.174 - - [09/May/2021:10:19:58 +0800] "GET /xingrg/javascript/jquery_easy_ui/themes/default/easyui.css HTTP/1.1" 304 -
114.88.167.174 - - [09/May/2021:10:19:58 +0800] "GET /xingrg/javascript/jquery-1.4.2.min.js HTTP/1.1" 304 -
114.88.167.174 - - [09/May/2021:10:19:58 +0800] "GET /xingrg/javascript/jquery_easy_ui/jquery.easyui.min.js HTTP/1.1" 304 -
114.88.167.174 - - [09/May/2021:10:19:58 +0800] "GET /xingrg/javascript/jquery.utils.js HTTP/1.1" 304 -
114.88.167.174 - - [09/May/2021:10:19:58 +0800] "GET /xingrg/javascript/jquery_easy_ui/easyui-lang-zh_CN.js HTTP/1.1" 304 -
114.88.167.174 - - [09/May/2021:10:19:58 +0800] "GET /xingrg/javascript/jquery.form.js HTTP/1.1" 304 -
114.88.167.174 - - [09/May/2021:10:19:58 +0800] "GET /xingrg/javascript/jquery.timers.js HTTP/1.1" 304 -
114.88.167.174 - - [09/May/2021:10:19:58 +0800] "GET /xingrg/images/blue/navBackgound.jpg HTTP/1.1" 304 -
114.88.167.174 - - [09/May/2021:10:19:58 +0800] "GET /xingrg/javascript/jquery_easy_ui/themes/icons/settle_new.png HTTP/1.1" 304 -
114.88.167.174 - - [09/May/2021:10:19:58 +0800] "GET /favicon.ico HTTP/1.1" 404 -
114.88.167.174 - - [09/May/2021:10:19:58 +0800] "POST /xingrg/all/common/load_tree.html?tree=area_rest_tree_json&manage=1 HTTP/1.1" 200 342
114.88.167.174 - - [09/May/2021:10:19:58 +0800] "GET /xingrg/images/blue/pingpu.png HTTP/1.1" 304 -
114.88.167.174 - - [09/May/2021:10:19:58 +0800] "GET /xingrg/javascript/jquery_easy_ui/themes/default/images/tabs_leftarrow.png HTTP/1.1" 304 -
114.88.167.174 - - [09/May/2021:10:19:58 +0800] "GET /xingrg/javascript/jquery_easy_ui/themes/default/images/tabs_rightarrow.png HTTP/1.1" 304 -
114.88.167.174 - - [09/May/2021:10:19:59 +0800] "GET /xingrg/javascript/jquery_easy_ui/themes/default/images/panel_tool_collapse.gif HTTP/1.1" 304 -
114.88.167.174 - - [09/May/2021:10:19:59 +0800] "GET /xingrg/all/function/internal_message.html?_=1620526791919&CODE_STATE=count HTTP/1.1" 200 11
114.88.167.174 - - [09/May/2021:10:19:59 +0800] "GET /xingrg/check_reg.html?_=1620526791920 HTTP/1.1" 200 22
114.88.167.174 - - [09/May/2021:10:19:59 +0800] "POST /xingrg/load_menu.html HTTP/1.1" 200 5138
114.88.167.174 - - [09/May/2021:10:19:59 +0800] "GET /xingrg/javascript/jquery_easy_ui/themes/default/images/tree_arrows.gif HTTP/1.1" 304 -
114.88.167.174 - - [09/May/2021:10:19:59 +0800] "GET /xingrg/javascript/jquery_easy_ui/themes/default/images/tree_folder_open.gif HTTP/1.1" 304 -
114.88.167.174 - - [09/May/2021:10:19:59 +0800] "GET /xingrg/javascript/jquery_easy_ui/themes/icons/search_new.png HTTP/1.1" 304 -
114.88.167.174 - - [09/May/2021:10:19:59 +0800] "GET /xingrg/javascript/jquery_easy_ui/themes/default/images/tree_folder.gif HTTP/1.1" 304 -
114.88.167.174 - - [09/May/2021:10:19:59 +0800] "GET /xingrg/javascript/jquery_easy_ui/themes/icons/forms_new.png HTTP/1.1" 304 -
114.88.167.174 - - [09/May/2021:10:19:59 +0800] "GET /xingrg/javascript/jquery_easy_ui/themes/icons/storage_new.png HTTP/1.1" 304 -
114.88.167.174 - - [09/May/2021:10:19:59 +0800] "GET /xingrg/javascript/jquery_easy_ui/themes/default/images/tree_file.gif HTTP/1.1" 304 -
114.88.167.174 - - [09/May/2021:10:20:02 +0800] "GET /xingrg/kc/buy/buy_main.html HTTP/1.1" 200 12412
