180.169.147.146 - - [09/May/2021:11:25:54 +0800] "GET /xingrg/all/function/internal_message.html?_=1620530748927&CODE_STATE=getMsg HTTP/1.1" 200 27
180.169.147.146 - - [09/May/2021:11:25:55 +0800] "GET /xingrg/check_reg.html?_=1620530743082 HTTP/1.1" 200 22
180.161.124.236 - - [09/May/2021:11:25:55 +0800] "GET /xingrg/words/20210509112445_words.js HTTP/1.1" 200 811812
180.161.124.236 - - [09/May/2021:11:25:55 +0800] "GET /xingrg/all/function/internal_message.html?_=1620531038374&CODE_STATE=getMsg HTTP/1.1" 200 27
222.69.131.186 - - [09/May/2021:11:25:55 +0800] "GET /xingrg/all/function/internal_message.html?_=1620530751574&CODE_STATE=getMsg HTTP/1.1" 200 27
180.161.124.236 - - [09/May/2021:11:25:57 +0800] "POST /xingrg/kc/base/wldb_order_operate.html HTTP/1.1" 200 5328
180.161.124.236 - - [09/May/2021:11:25:57 +0800] "GET /xingrg/javascript/easyui/themes/default/validatebox.css HTTP/1.1" 404 1104
58.37.228.113 - - [09/May/2021:11:25:58 +0800] "GET /xingrg/kc/buy/cgsh_order_operate.html?command=get_materiel&rest_code=00141&code=00101004013&supplier_code=00100312&order_time=2021-05-09 HTTP/1.1" 200 415
180.169.147.146 - - [09/May/2021:11:25:58 +0800] "GET /favicon.ico HTTP/1.1" 404 -
117.185.32.26 - - [09/May/2021:11:25:58 +0800] "POST /xingrg/kc/buy/cgsh_order_operate.html HTTP/1.1" 200 12
117.185.32.26 - - [09/May/2021:11:25:59 +0800] "GET /xingrg/kc/buy/cgsh_order_info.html?code=212021050903757 HTTP/1.1" 200 56890
114.88.167.174 - - [09/May/2021:11:25:59 +0800] "GET /xingrg/kc/buy/cgsh_order_add.html HTTP/1.1" 200 61988
117.185.32.26 - - [09/May/2021:11:26:00 +0800] "GET /xingrg/javascript/easyui/themes/default/validatebox.css HTTP/1.1" 404 1104
114.88.167.174 - - [09/May/2021:11:26:00 +0800] "GET /xingrg/words/20210509112445_words.js HTTP/1.1" 200 811812
117.185.32.26 - - [09/May/2021:11:26:00 +0800] "POST /xingrg/kc/buy/cgsh_order_operate.html HTTP/1.1" 200 4176
114.88.167.174 - - [09/May/2021:11:26:01 +0800] "POST /xingrg/kc/buy/cgsh_order_operate.html HTTP/1.1" 200 8245
114.88.167.174 - - [09/May/2021:11:26:01 +0800] "GET /xingrg/javascript/easyui/themes/default/validatebox.css HTTP/1.1" 404 1104
222.69.131.186 - - [09/May/2021:11:26:01 +0800] "GET /xingrg/kc/buy/cgsh_order_add.html HTTP/1.1" 200 62041
222.69.131.186 - - [09/May/2021:11:26:01 +0800] "GET /xingrg/words/20210509112445_words.js HTTP/1.1" 304 -
222.69.131.186 - - [09/May/2021:11:26:01 +0800] "POST /xingrg/kc/buy/cgsh_order_operate.html HTTP/1.1" 200 8245
222.69.131.186 - - [09/May/2021:11:26:01 +0800] "GET /xingrg/javascript/easyui/themes/default/validatebox.css HTTP/1.1" 404 1104
117.185.32.26 - - [09/May/2021:11:26:02 +0800] "GET /xingrg/kc/print/load_data.html?order_code=212021050903757&kc_code=cgsh&condition= HTTP/1.1" 200 2071
114.88.167.174 - - [09/May/2021:11:26:02 +0800] "GET /xingrg/all/function/internal_message.html?_=1620530754918&CODE_STATE=getMsg HTTP/1.1" 200 27
116.230.110.80 - - [09/May/2021:11:26:02 +0800] "GET /xingrg/all/function/internal_message.html?_=1620530757416&CODE_STATE=getMsg HTTP/1.1" 200 27
114.86.231.5 - - [09/May/2021:11:26:05 +0800] "GET /xingrg/all/function/internal_message.html?_=1620530759380&CODE_STATE=getMsg HTTP/1.1" 200 27
180.161.124.236 - - [09/May/2021:11:26:07 +0800] "GET /xingrg/kc/base/wldb_order_add.html HTTP/1.1" 200 30135
58.37.228.113 - - [09/May/2021:11:26:09 +0800] "GET /xingrg/kc/buy/cgsh_order_operate.html?command=get_materiel&rest_code=00141&code=00101001023&supplier_code=00100312&order_time=2021-05-09 HTTP/1.1" 200 415
180.161.124.236 - - [09/May/2021:11:26:09 +0800] "POST /xingrg/kc/base/wldb_order_operate.html HTTP/1.1" 200 6806
117.185.32.26 - - [09/May/2021:11:26:10 +0800] "GET /xingrg/kc/buy/cgsh_order_add.html HTTP/1.1" 200 61994
180.161.124.236 - - [09/May/2021:11:26:10 +0800] "GET /xingrg/javascript/easyui/themes/default/validatebox.css HTTP/1.1" 404 1104
117.185.32.26 - - [09/May/2021:11:26:11 +0800] "GET /xingrg/javascript/easyui/themes/default/validatebox.css HTTP/1.1" 404 1104
180.161.124.236 - - [09/May/2021:11:26:11 +0800] "POST /xingrg/all/common/load_combo.html?type=base HTTP/1.1" 200 3060
117.185.32.26 - - [09/May/2021:11:26:11 +0800] "POST /xingrg/kc/buy/cgsh_order_operate.html HTTP/1.1" 200 8245
117.185.32.26 - - [09/May/2021:11:26:12 +0800] "GET /xingrg/javascript/easyui/themes/default/tree.css HTTP/1.1" 404 1090
116.230.76.31 - - [09/May/2021:11:26:13 +0800] "GET /xingrg/all/function/internal_message.html?_=1620530768530&CODE_STATE=getMsg HTTP/1.1" 200 27
117.185.32.26 - - [09/May/2021:11:26:13 +0800] "POST /xingrg/all/common/load_tree.html?tree=supplier_tree_json&isDelete=1 HTTP/1.1" 200 55318
222.69.131.186 - - [09/May/2021:11:26:14 +0800] "GET /xingrg/kc/buy/cgsh_order_operate.html?command=get_materiel&rest_code=00149&code=00101001125&supplier_code=00100319&order_time=2021-05-09 HTTP/1.1" 200 415
180.161.124.236 - - [09/May/2021:11:26:15 +0800] "POST /xingrg/all/common/load_combo.html?type=base HTTP/1.1" 200 3060
114.88.167.174 - - [09/May/2021:11:26:18 +0800] "GET /xingrg/kc/buy/cgsh_order_operate.html?command=get_materiel&rest_code=00111&code=00101001060&supplier_code=00100042&order_time=2021-05-09 HTTP/1.1" 200 419
180.161.124.236 - - [09/May/2021:11:26:18 +0800] "GET /xingrg/all/function/internal_message.html?_=1620530776040&CODE_STATE=getMsg HTTP/1.1" 200 27
116.224.253.72 - - [09/May/2021:11:26:20 +0800] "POST /xingrg/services/DataTransmitService HTTP/1.1" 200 524
116.224.253.72 - - [09/May/2021:11:26:20 +0800] "POST /xingrg/services/DataTransmitService HTTP/1.1" 200 412
117.185.32.26 - - [09/May/2021:11:26:21 +0800] "GET /xingrg/all/function/internal_message.html?_=1620530772381&CODE_STATE=getMsg HTTP/1.1" 200 27
58.37.228.113 - - [09/May/2021:11:26:26 +0800] "GET /xingrg/kc/buy/cgsh_order_operate.html?command=get_materiel&rest_code=00141&code=00101004020&supplier_code=00100312&order_time=2021-05-09 HTTP/1.1" 200 409
180.161.124.236 - - [09/May/2021:11:26:30 +0800] "POST /xingrg/kc/base/wldb_order_operate.html HTTP/1.1" 200 37
61.165.42.208 - - [09/May/2021:11:26:31 +0800] "GET /xingrg/all/function/internal_message.html?_=1620530787585&CODE_STATE=getMsg HTTP/1.1" 200 27
180.161.124.236 - - [09/May/2021:11:26:32 +0800] "POST /xingrg/kc/base/wldb_order_operate.html HTTP/1.1" 200 12
180.161.124.236 - - [09/May/2021:11:26:32 +0800] "POST /xingrg/kc/base/wldb_order_operate.html HTTP/1.1" 200 2201
117.185.32.26 - - [09/May/2021:11:26:32 +0800] "GET /xingrg/kc/buy/cgsh_order_operate.html?command=get_materiel&rest_code=00106&code=00101001140&supplier_code=00100090&order_time=2021-05-09 HTTP/1.1" 200 413
58.37.228.113 - - [09/May/2021:11:26:33 +0800] "GET /xingrg/kc/buy/cgsh_order_operate.html?command=get_materiel&rest_code=00141&code=00101001138&supplier_code=00100312&order_time=2021-05-09 HTTP/1.1" 200 433
120.253.135.82 - - [09/May/2021:11:26:34 +0800] "GET /xingrg/all/function/internal_message.html?_=1620530855449&CODE_STATE=getMsg HTTP/1.1" 200 27
58.37.228.113 - - [09/May/2021:11:26:39 +0800] "GET /xingrg/kc/buy/cgsh_order_operate.html?command=get_materiel&rest_code=00141&code=00101001096&supplier_code=00100312&order_time=2021-05-09 HTTP/1.1" 200 413
58.37.228.113 - - [09/May/2021:11:26:39 +0800] "GET /xingrg/all/function/internal_message.html?_=1620530756419&CODE_STATE=getMsg HTTP/1.1" 200 27
114.88.167.174 - - [09/May/2021:11:26:39 +0800] "GET /xingrg/kc/buy/cgsh_order_operate.html?command=get_materiel&rest_code=00111&code=00101010161&supplier_code=00100042&order_time=2021-05-09 HTTP/1.1" 200 409
180.161.124.236 - - [09/May/2021:11:26:40 +0800] "GET /xingrg/kc/base/wldb_order_info.html?code=422021050900965 HTTP/1.1" 200 26011
180.161.124.236 - - [09/May/2021:11:26:42 +0800] "POST /xingrg/kc/base/wldb_order_operate.html HTTP/1.1" 200 496
180.161.124.236 - - [09/May/2021:11:26:42 +0800] "GET /xingrg/javascript/easyui/themes/default/validatebox.css HTTP/1.1" 404 1104
117.185.32.26 - - [09/May/2021:11:26:45 +0800] "GET /xingrg/kc/buy/cgsh_order_operate.html?command=get_materiel&rest_code=00106&code=00101001093&supplier_code=00100090&order_time=2021-05-09 HTTP/1.1" 200 411
116.224.253.72 - - [09/May/2021:11:26:46 +0800] "GET /xingrg/all/function/internal_message.html?_=1620530793916&CODE_STATE=getMsg HTTP/1.1" 200 27
116.230.114.112 - - [09/May/2021:11:26:48 +0800] "GET /xingrg/all/function/internal_message.html?_=1620530829324&CODE_STATE=getMsg HTTP/1.1" 200 27
58.40.7.146 - - [09/May/2021:11:26:48 +0800] "GET /xingrg/all/function/internal_message.html?_=1620530804063&CODE_STATE=getMsg HTTP/1.1" 200 27
114.86.187.76 - - [09/May/2021:11:26:49 +0800] "GET /xingrg/check_reg.html?_=1620530804405 HTTP/1.1" 200 22
222.69.131.186 - - [09/May/2021:11:26:49 +0800] "POST /xingrg/kc/buy/cgsh_order_operate.html HTTP/1.1" 200 37
116.224.253.72 - - [09/May/2021:11:26:49 +0800] "GET /xingrg/all/function/internal_message.html?_=1620530805484&CODE_STATE=getMsg HTTP/1.1" 200 27
116.224.253.72 - - [09/May/2021:11:26:49 +0800] "GET /xingrg/check_reg.html?_=1620530805485 HTTP/1.1" 200 22
114.86.187.76 - - [09/May/2021:11:26:49 +0800] "GET /xingrg/all/function/internal_message.html?_=1620530804775&CODE_STATE=getMsg HTTP/1.1" 200 27
114.88.167.174 - - [09/May/2021:11:26:50 +0800] "GET /xingrg/kc/buy/cgsh_order_operate.html?command=get_materiel&rest_code=00111&code=00101006067&supplier_code=00100042&order_time=2021-05-09 HTTP/1.1" 200 409
58.37.228.113 - - [09/May/2021:11:26:51 +0800] "GET /xingrg/kc/buy/cgsh_order_operate.html?command=get_materiel&rest_code=00141&code=00101001029&supplier_code=00100312&order_time=2021-05-09 HTTP/1.1" 200 415
222.69.131.186 - - [09/May/2021:11:26:53 +0800] "POST /xingrg/kc/buy/cgsh_order_operate.html HTTP/1.1" 200 12
180.169.147.146 - - [09/May/2021:11:26:54 +0800] "GET /xingrg/all/function/internal_message.html?_=1620530801979&CODE_STATE=getMsg HTTP/1.1" 200 27
222.69.131.186 - - [09/May/2021:11:26:54 +0800] "GET /xingrg/kc/buy/cgsh_order_info.html?code=212021050903817 HTTP/1.1" 200 56947
180.169.147.146 - - [09/May/2021:11:26:54 +0800] "GET /xingrg/all/function/internal_message.html?_=1620530808925&CODE_STATE=getMsg HTTP/1.1" 200 27
222.69.131.186 - - [09/May/2021:11:26:54 +0800] "GET /xingrg/words/20210509112445_words.js HTTP/1.1" 304 -
222.69.131.186 - - [09/May/2021:11:26:55 +0800] "GET /xingrg/javascript/easyui/themes/default/validatebox.css HTTP/1.1" 404 1104
222.69.131.186 - - [09/May/2021:11:26:55 +0800] "POST /xingrg/kc/buy/cgsh_order_operate.html HTTP/1.1" 200 613
222.69.131.186 - - [09/May/2021:11:26:55 +0800] "GET /xingrg/all/function/internal_message.html?_=1620530811555&CODE_STATE=getMsg HTTP/1.1" 200 27
180.161.124.236 - - [09/May/2021:11:26:56 +0800] "GET /xingrg/all/function/internal_message.html?_=1620531099666&CODE_STATE=getMsg HTTP/1.1" 200 27
117.185.32.26 - - [09/May/2021:11:26:57 +0800] "POST /xingrg/kc/buy/cgsh_order_operate.html HTTP/1.1" 200 37
222.69.131.186 - - [09/May/2021:11:26:58 +0800] "GET /xingrg/kc/print/load_data.html?order_code=212021050903817&kc_code=cgsh&condition= HTTP/1.1" 200 721
117.185.32.26 - - [09/May/2021:11:27:00 +0800] "POST /xingrg/kc/buy/cgsh_order_operate.html HTTP/1.1" 200 12
117.185.32.26 - - [09/May/2021:11:27:01 +0800] "GET /xingrg/kc/buy/cgsh_order_info.html?code=212021050903818 HTTP/1.1" 200 56902
114.88.167.174 - - [09/May/2021:11:27:02 +0800] "GET /xingrg/all/function/internal_message.html?_=1620530814932&CODE_STATE=getMsg HTTP/1.1" 200 27
117.185.32.26 - - [09/May/2021:11:27:02 +0800] "GET /xingrg/javascript/easyui/themes/default/validatebox.css HTTP/1.1" 404 1104
116.230.110.80 - - [09/May/2021:11:27:02 +0800] "GET /xingrg/check_reg.html?_=1620530817406 HTTP/1.1" 200 22
116.230.110.80 - - [09/May/2021:11:27:02 +0800] "GET /xingrg/all/function/internal_message.html?_=1620530817410&CODE_STATE=getMsg HTTP/1.1" 200 27
117.185.32.26 - - [09/May/2021:11:27:02 +0800] "POST /xingrg/kc/buy/cgsh_order_operate.html HTTP/1.1" 200 1207
117.185.32.26 - - [09/May/2021:11:27:03 +0800] "GET /xingrg/kc/print/load_data.html?order_code=212021050903818&kc_code=cgsh&condition= HTTP/1.1" 200 1016
58.37.228.113 - - [09/May/2021:11:27:04 +0800] "GET /xingrg/kc/buy/cgsh_order_operate.html?command=get_materiel&rest_code=00141&code=00101004023&supplier_code=00100312&order_time=2021-05-09 HTTP/1.1" 200 409
222.69.131.186 - - [09/May/2021:11:27:09 +0800] "GET /xingrg/kc/buy/cgsh_order_add.html HTTP/1.1" 200 62041
222.69.131.186 - - [09/May/2021:11:27:09 +0800] "GET /xingrg/words/20210509112445_words.js HTTP/1.1" 304 -
222.69.131.186 - - [09/May/2021:11:27:09 +0800] "POST /xingrg/kc/buy/cgsh_order_operate.html HTTP/1.1" 200 8245
222.69.131.186 - - [09/May/2021:11:27:09 +0800] "GET /xingrg/javascript/easyui/themes/default/validatebox.css HTTP/1.1" 404 1104
117.185.32.26 - - [09/May/2021:11:27:12 +0800] "GET /xingrg/kc/buy/cgsh_order_add.html HTTP/1.1" 200 61994
116.230.76.31 - - [09/May/2021:11:27:13 +0800] "GET /xingrg/all/function/internal_message.html?_=1620530828546&CODE_STATE=getMsg HTTP/1.1" 200 27
117.185.32.26 - - [09/May/2021:11:27:14 +0800] "GET /xingrg/javascript/easyui/themes/default/validatebox.css HTTP/1.1" 404 1104
117.185.32.26 - - [09/May/2021:11:27:14 +0800] "POST /xingrg/kc/buy/cgsh_order_operate.html HTTP/1.1" 200 8245
58.37.228.113 - - [09/May/2021:11:27:14 +0800] "POST /xingrg/kc/buy/cgsh_order_operate.html HTTP/1.1" 200 37
117.185.32.26 - - [09/May/2021:11:27:17 +0800] "GET /xingrg/javascript/easyui/themes/default/tree.css HTTP/1.1" 404 1090
117.185.32.26 - - [09/May/2021:11:27:17 +0800] "POST /xingrg/all/common/load_tree.html?tree=supplier_tree_json&isDelete=1 HTTP/1.1" 200 55318
114.88.167.174 - - [09/May/2021:11:27:17 +0800] "POST /xingrg/kc/buy/cgsh_order_operate.html HTTP/1.1" 200 37
58.37.228.113 - - [09/May/2021:11:27:18 +0800] "POST /xingrg/kc/buy/cgsh_order_operate.html HTTP/1.1" 200 12
180.161.124.236 - - [09/May/2021:11:27:18 +0800] "GET /xingrg/all/function/internal_message.html?_=1620530836060&CODE_STATE=getMsg HTTP/1.1" 200 27
58.37.228.113 - - [09/May/2021:11:27:19 +0800] "GET /xingrg/kc/buy/cgsh_order_info.html?code=212021050903819 HTTP/1.1" 200 56900
58.37.228.113 - - [09/May/2021:11:27:19 +0800] "GET /xingrg/words/20210509112445_words.js HTTP/1.1" 200 811812
58.37.228.113 - - [09/May/2021:11:27:20 +0800] "GET /xingrg/javascript/easyui/themes/default/validatebox.css HTTP/1.1" 404 1104
58.37.228.113 - - [09/May/2021:11:27:20 +0800] "POST /xingrg/kc/buy/cgsh_order_operate.html HTTP/1.1" 200 7142
117.185.32.26 - - [09/May/2021:11:27:21 +0800] "GET /xingrg/all/function/internal_message.html?_=1620530832366&CODE_STATE=getMsg HTTP/1.1" 200 27
58.37.228.113 - - [09/May/2021:11:27:21 +0800] "GET /xingrg/kc/print/load_data.html?order_code=212021050903819&kc_code=cgsh&condition= HTTP/1.1" 200 3213
222.69.131.186 - - [09/May/2021:11:27:26 +0800] "GET /xingrg/kc/buy/cgsh_order_operate.html?command=get_materiel&rest_code=00149&code=00101009036&supplier_code=00100335&order_time=2021-05-09 HTTP/1.1" 200 415
58.37.228.113 - - [09/May/2021:11:27:27 +0800] "GET /xingrg/kc/buy/cgsh_order_add.html HTTP/1.1" 200 61994
58.37.228.113 - - [09/May/2021:11:27:27 +0800] "POST /xingrg/kc/buy/cgsh_order_operate.html HTTP/1.1" 200 8245
58.37.228.113 - - [09/May/2021:11:27:28 +0800] "GET /xingrg/javascript/easyui/themes/default/validatebox.css HTTP/1.1" 404 1104
114.88.167.174 - - [09/May/2021:11:27:31 +0800] "POST /xingrg/kc/buy/cgsh_order_operate.html HTTP/1.1" 200 5041
61.165.42.208 - - [09/May/2021:11:27:31 +0800] "GET /xingrg/all/function/internal_message.html?_=1620530847585&CODE_STATE=getMsg HTTP/1.1" 200 27
114.88.167.174 - - [09/May/2021:11:27:33 +0800] "GET /xingrg/kc/print/load_data.html?order_code=212021050903820&kc_code=cgsh&condition= HTTP/1.1" 200 1615
120.253.135.82 - - [09/May/2021:11:27:34 +0800] "GET /xingrg/all/function/internal_message.html?_=1620530915462&CODE_STATE=getMsg HTTP/1.1" 200 27
114.88.167.174 - - [09/May/2021:11:27:38 +0800] "GET /xingrg/kc/buy/cgsh_order_add.html HTTP/1.1" 200 61988
114.88.167.174 - - [09/May/2021:11:27:39 +0800] "POST /xingrg/kc/buy/cgsh_order_operate.html HTTP/1.1" 200 8245
114.88.167.174 - - [09/May/2021:11:27:39 +0800] "GET /xingrg/javascript/easyui/themes/default/validatebox.css HTTP/1.1" 404 1104
58.37.228.113 - - [09/May/2021:11:27:39 +0800] "GET /xingrg/all/function/internal_message.html?_=1620530816410&CODE_STATE=getMsg HTTP/1.1" 200 27
58.37.228.113 - - [09/May/2021:11:27:41 +0800] "GET /xingrg/kc/buy/cgsh_order_operate.html?command=get_materiel&rest_code=00141&code=00101010695&supplier_code=00100430&order_time=2021-05-09 HTTP/1.1" 200 394
116.224.253.72 - - [09/May/2021:11:27:45 +0800] "GET /xingrg/check_reg.html?_=1620530853578 HTTP/1.1" 200 22
116.224.253.72 - - [09/May/2021:11:27:46 +0800] "GET /xingrg/all/function/internal_message.html?_=1620530853929&CODE_STATE=getMsg HTTP/1.1" 200 27
116.230.114.112 - - [09/May/2021:11:27:48 +0800] "GET /xingrg/all/function/internal_message.html?_=1620530889671&CODE_STATE=getMsg HTTP/1.1" 200 27
58.40.7.146 - - [09/May/2021:11:27:48 +0800] "GET /xingrg/all/function/internal_message.html?_=1620530864065&CODE_STATE=getMsg HTTP/1.1" 200 27
116.224.253.72 - - [09/May/2021:11:27:49 +0800] "GET /xingrg/all/function/internal_message.html?_=1620530865471&CODE_STATE=getMsg HTTP/1.1" 200 27
114.86.187.76 - - [09/May/2021:11:27:49 +0800] "GET /xingrg/all/function/internal_message.html?_=1620530864788&CODE_STATE=getMsg HTTP/1.1" 200 27
114.88.167.174 - - [09/May/2021:11:27:52 +0800] "GET /xingrg/kc/buy/cgsh_order_operate.html?command=get_materiel&rest_code=00111&code=00101002027&supplier_code=00100199&order_time=2021-05-09 HTTP/1.1" 200 435
222.69.131.186 - - [09/May/2021:11:27:53 +0800] "GET /xingrg/check_reg.html?_=1620530869107 HTTP/1.1" 200 22
114.86.231.5 - - [09/May/2021:11:27:53 +0800] "GET /xingrg/all/function/internal_message.html?_=1620530819383&CODE_STATE=getMsg HTTP/1.1" 200 27
180.169.147.146 - - [09/May/2021:11:27:54 +0800] "GET /xingrg/all/function/internal_message.html?_=1620530861949&CODE_STATE=getMsg HTTP/1.1" 200 27
180.169.147.146 - - [09/May/2021:11:27:54 +0800] "GET /xingrg/all/function/internal_message.html?_=1620530868928&CODE_STATE=getMsg HTTP/1.1" 200 27
222.69.131.186 - - [09/May/2021:11:27:55 +0800] "GET /xingrg/all/function/internal_message.html?_=1620530871534&CODE_STATE=getMsg HTTP/1.1" 200 27
180.161.124.236 - - [09/May/2021:11:27:57 +0800] "GET /xingrg/all/function/internal_message.html?_=1620531160128&CODE_STATE=getMsg HTTP/1.1" 200 27
116.224.253.72 - - [09/May/2021:11:27:59 +0800] "GET /xingrg/index.html?sysBaseUrl=http%3A%2F%2F180.169.147.146%3A18081%2Fxingrg%2F&costTime=43×tamp=1620522474887 HTTP/1.1" 200 17179
116.224.253.72 - - [09/May/2021:11:27:59 +0800] "GET /xingrg/javascript/jquery_easy_ui/themes/default/easyui.css HTTP/1.1" 304 -
116.224.253.72 - - [09/May/2021:11:27:59 +0800] "GET /xingrg/javascript/jquery_easy_ui/themes/icon.css HTTP/1.1" 304 -
116.224.253.72 - - [09/May/2021:11:27:59 +0800] "GET /xingrg/css/form.css HTTP/1.1" 304 -
116.224.253.72 - - [09/May/2021:11:27:59 +0800] "GET /xingrg/javascript/jquery-1.4.2.min.js HTTP/1.1" 304 -
116.224.253.72 - - [09/May/2021:11:27:59 +0800] "GET /xingrg/javascript/jquery_easy_ui/jquery.easyui.min.js HTTP/1.1" 304 -
116.224.253.72 - - [09/May/2021:11:27:59 +0800] "GET /xingrg/javascript/jquery_easy_ui/easyui-lang-zh_CN.js HTTP/1.1" 304 -
116.224.253.72 - - [09/May/2021:11:27:59 +0800] "GET /xingrg/javascript/jquery.form.js HTTP/1.1" 304 -
116.224.253.72 - - [09/May/2021:11:27:59 +0800] "GET /xingrg/javascript/jquery.utils.js HTTP/1.1" 304 -
116.224.253.72 - - [09/May/2021:11:27:59 +0800] "GET /xingrg/javascript/jquery.timers.js HTTP/1.1" 304 -
116.224.253.72 - - [09/May/2021:11:27:59 +0800] "GET /xingrg/images/blue/jxLogo.png HTTP/1.1" 304 -
116.224.253.72 - - [09/May/2021:11:27:59 +0800] "GET /xingrg/images/blue/navBackgound.jpg HTTP/1.1" 304 -
116.224.253.72 - - [09/May/2021:11:27:59 +0800] "GET /xingrg/javascript/jquery_easy_ui/themes/icons/settle_new.png HTTP/1.1" 304 -
116.224.253.72 - - [09/May/2021:11:27:59 +0800] "POST /xingrg/all/common/load_tree.html?tree=area_rest_tree_json&manage=1 HTTP/1.1" 200 476
116.224.253.72 - - [09/May/2021:11:27:59 +0800] "GET /xingrg/all/function/internal_message.html?_=1620530875711&CODE_STATE=count HTTP/1.1" 200 11
116.224.253.72 - - [09/May/2021:11:27:59 +0800] "GET /xingrg/images/blue/pingpu.png HTTP/1.1" 304 -
116.224.253.72 - - [09/May/2021:11:27:59 +0800] "GET /xingrg/check_reg.html?_=1620530875714 HTTP/1.1" 200 22
116.224.253.72 - - [09/May/2021:11:27:59 +0800] "GET /xingrg/javascript/jquery_easy_ui/themes/default/images/tabs_leftarrow.png HTTP/1.1" 304 -
116.224.253.72 - - [09/May/2021:11:27:59 +0800] "GET /xingrg/javascript/jquery_easy_ui/themes/default/images/panel_tool_collapse.gif HTTP/1.1" 304 -
116.224.253.72 - - [09/May/2021:11:27:59 +0800] "GET /xingrg/javascript/jquery_easy_ui/themes/default/images/tabs_rightarrow.png HTTP/1.1" 304 -
116.224.253.72 - - [09/May/2021:11:27:59 +0800] "POST /xingrg/load_menu.html HTTP/1.1" 200 5138
116.224.253.72 - - [09/May/2021:11:28:01 +0800] "GET /xingrg/kc/buy/cgsh_order_list.html HTTP/1.1" 200 46256
114.88.167.174 - - [09/May/2021:11:28:02 +0800] "GET /xingrg/all/function/internal_message.html?_=1620530874945&CODE_STATE=getMsg HTTP/1.1" 200 27
116.230.110.80 - - [09/May/2021:11:28:02 +0800] "GET /xingrg/all/function/internal_message.html?_=1620530877413&CODE_STATE=getMsg HTTP/1.1" 200 27
222.69.131.186 - - [09/May/2021:11:28:02 +0800] "POST /xingrg/kc/buy/cgsh_order_operate.html HTTP/1.1" 200 37
58.37.228.113 - - [09/May/2021:11:28:03 +0800] "GET /xingrg/kc/buy/cgsh_order_operate.html?command=get_materiel&rest_code=00141&code=00101004108&supplier_code=00100430&order_time=2021-05-09 HTTP/1.1" 200 394
116.224.253.72 - - [09/May/2021:11:28:03 +0800] "POST /xingrg/kc/buy/cgsh_list_operate.html HTTP/1.1" 200 1706
114.88.167.174 - - [09/May/2021:11:28:04 +0800] "GET /xingrg/kc/buy/cgsh_order_operate.html?command=get_materiel&rest_code=00111&code=00101002007&supplier_code=00100199&order_time=2021-05-09 HTTP/1.1" 200 409
116.224.253.72 - - [09/May/2021:11:28:05 +0800] "POST /xingrg/kc/buy/cgsh_list_operate.html HTTP/1.1" 200 525
116.224.253.72 - - [09/May/2021:11:28:05 +0800] "GET /xingrg/kc/buy/cgsh_order_info.html?code=212021050903812 HTTP/1.1" 200 61933
116.224.253.72 - - [09/May/2021:11:28:05 +0800] "GET /xingrg/words/20210509112445_words.js HTTP/1.1" 200 811812
222.69.131.186 - - [09/May/2021:11:28:06 +0800] "POST /xingrg/kc/buy/cgsh_order_operate.html HTTP/1.1" 200 12
116.224.253.72 - - [09/May/2021:11:28:06 +0800] "GET /xingrg/javascript/easyui/themes/default/validatebox.css HTTP/1.1" 404 1104
116.224.253.72 - - [09/May/2021:11:28:06 +0800] "POST /xingrg/kc/buy/cgsh_order_operate.html HTTP/1.1" 200 5041
222.69.131.186 - - [09/May/2021:11:28:06 +0800] "GET /xingrg/kc/buy/cgsh_order_info.html?code=212021050903821 HTTP/1.1" 200 56943
222.69.131.186 - - [09/May/2021:11:28:07 +0800] "GET /xingrg/words/20210509112445_words.js HTTP/1.1" 304 -
222.69.131.186 - - [09/May/2021:11:28:07 +0800] "GET /xingrg/javascript/easyui/themes/default/validatebox.css HTTP/1.1" 404 1104
222.69.131.186 - - [09/May/2021:11:28:07 +0800] "POST /xingrg/kc/buy/cgsh_order_operate.html HTTP/1.1" 200 608
222.69.131.186 - - [09/May/2021:11:28:10 +0800] "GET /xingrg/kc/print/load_data.html?order_code=212021050903821&kc_code=cgsh&condition= HTTP/1.1" 200 702
116.224.253.72 - - [09/May/2021:11:28:12 +0800] "GET /xingrg/javascript/auto/indicator.gif HTTP/1.1" 404 1066
116.230.76.31 - - [09/May/2021:11:28:13 +0800] "GET /xingrg/check_reg.html?_=1620530888546 HTTP/1.1" 200 22
116.230.76.31 - - [09/May/2021:11:28:13 +0800] "GET /xingrg/all/function/internal_message.html?_=1620530888548&CODE_STATE=getMsg HTTP/1.1" 200 27
58.37.228.113 - - [09/May/2021:11:28:14 +0800] "GET /xingrg/kc/buy/cgsh_order_operate.html?command=get_materiel&rest_code=00141&code=00102026001&supplier_code=00100430&order_time=2021-05-09 HTTP/1.1" 200 409
116.224.253.72 - - [09/May/2021:11:28:16 +0800] "GET /xingrg/kc/buy/cgsh_order_operate.html?command=get_materiel&rest_code=00150&code=00101015115&supplier_code=00100450&order_time=2021-05-09 HTTP/1.1" 200 398
222.69.131.186 - - [09/May/2021:11:28:16 +0800] "GET /xingrg/kc/buy/cgsh_order_add.html HTTP/1.1" 200 62041
222.69.131.186 - - [09/May/2021:11:28:16 +0800] "POST /xingrg/kc/buy/cgsh_order_operate.html HTTP/1.1" 200 8245
222.69.131.186 - - [09/May/2021:11:28:16 +0800] "GET /xingrg/javascript/easyui/themes/default/validatebox.css HTTP/1.1" 404 1104
114.88.167.174 - - [09/May/2021:11:28:17 +0800] "GET /xingrg/kc/buy/cgsh_order_operate.html?command=get_materiel&rest_code=00111&code=00101002006&supplier_code=00100199&order_time=2021-05-09 HTTP/1.1" 200 414
117.185.32.26 - - [09/May/2021:11:28:17 +0800] "GET /xingrg/kc/buy/cgsh_order_operate.html?command=get_materiel&rest_code=00106&code=00101010607&supplier_code=00100404&order_time=2021-05-09 HTTP/1.1" 200 407
180.161.124.236 - - [09/May/2021:11:28:18 +0800] "GET /xingrg/all/function/internal_message.html?_=1620530896068&CODE_STATE=getMsg HTTP/1.1" 200 27
58.37.228.113 - - [09/May/2021:11:28:21 +0800] "POST /xingrg/kc/buy/cgsh_order_operate.html HTTP/1.1" 200 37
117.185.32.26 - - [09/May/2021:11:28:21 +0800] "GET /xingrg/all/function/internal_message.html?_=1620530892341&CODE_STATE=getMsg HTTP/1.1" 200 27
116.224.253.72 - - [09/May/2021:11:28:28 +0800] "POST /xingrg/kc/buy/cgsh_order_operate.html HTTP/1.1" 200 205
58.37.228.113 - - [09/May/2021:11:28:29 +0800] "POST /xingrg/kc/buy/cgsh_order_operate.html HTTP/1.1" 200 12
58.37.228.113 - - [09/May/2021:11:28:29 +0800] "GET /xingrg/kc/buy/cgsh_order_info.html?code=212021050903822 HTTP/1.1" 200 56888
58.37.228.113 - - [09/May/2021:11:28:29 +0800] "GET /xingrg/javascript/easyui/themes/default/validatebox.css HTTP/1.1" 404 1104
222.69.131.186 - - [09/May/2021:11:28:30 +0800] "GET /xingrg/kc/buy/cgsh_order_operate.html?command=get_materiel&rest_code=00149&code=00101005037&supplier_code=00100334&order_time=2021-05-09 HTTP/1.1" 200 409
58.37.228.113 - - [09/May/2021:11:28:30 +0800] "POST /xingrg/kc/buy/cgsh_order_operate.html HTTP/1.1" 200 1792
61.165.42.208 - - [09/May/2021:11:28:31 +0800] "GET /xingrg/check_reg.html?_=1620530907586 HTTP/1.1" 200 22
61.165.42.208 - - [09/May/2021:11:28:31 +0800] "GET /xingrg/all/function/internal_message.html?_=1620530907589&CODE_STATE=getMsg HTTP/1.1" 200 27
114.88.167.174 - - [09/May/2021:11:28:32 +0800] "POST /xingrg/kc/buy/cgsh_order_operate.html HTTP/1.1" 200 37
58.37.228.113 - - [09/May/2021:11:28:32 +0800] "GET /xingrg/kc/print/load_data.html?order_code=212021050903822&kc_code=cgsh&condition= HTTP/1.1" 200 1134
116.224.253.72 - - [09/May/2021:11:28:34 +0800] "POST /xingrg/kc/buy/cgsh_order_operate.html HTTP/1.1" 200 37
114.88.167.174 - - [09/May/2021:11:28:34 +0800] "POST /xingrg/kc/buy/cgsh_order_operate.html HTTP/1.1" 200 3850
120.253.135.82 - - [09/May/2021:11:28:35 +0800] "GET /xingrg/all/function/internal_message.html?_=1620530975503&CODE_STATE=getMsg HTTP/1.1" 200 27
180.161.124.236 - - [09/May/2021:11:28:35 +0800] "GET /xingrg/check_reg.html?_=1620531198044 HTTP/1.1" 200 22
116.224.253.72 - - [09/May/2021:11:28:35 +0800] "POST /xingrg/kc/buy/cgsh_order_operate.html HTTP/1.1" 200 5633
114.88.167.174 - - [09/May/2021:11:28:36 +0800] "GET /xingrg/kc/print/load_data.html?order_code=212021050903823&kc_code=cgsh&condition= HTTP/1.1" 200 1131
58.37.228.113 - - [09/May/2021:11:28:36 +0800] "GET /xingrg/kc/buy/cgsh_order_add.html HTTP/1.1" 200 61994
58.37.228.113 - - [09/May/2021:11:28:37 +0800] "POST /xingrg/kc/buy/cgsh_order_operate.html HTTP/1.1" 200 8245
58.37.228.113 - - [09/May/2021:11:28:37 +0800] "GET /xingrg/javascript/easyui/themes/default/validatebox.css HTTP/1.1" 404 1104
116.224.253.72 - - [09/May/2021:11:28:39 +0800] "POST /xingrg/kc/buy/cgsh_order_operate.html HTTP/1.1" 200 37
58.37.228.113 - - [09/May/2021:11:28:39 +0800] "GET /xingrg/all/function/internal_message.html?_=1620530876419&CODE_STATE=getMsg HTTP/1.1" 200 27
114.88.167.174 - - [09/May/2021:11:28:41 +0800] "GET /xingrg/kc/buy/cgsh_order_add.html HTTP/1.1" 200 61988
222.69.131.186 - - [09/May/2021:11:28:42 +0800] "POST /xingrg/kc/buy/cgsh_order_operate.html HTTP/1.1" 200 37
114.88.167.174 - - [09/May/2021:11:28:42 +0800] "POST /xingrg/kc/buy/cgsh_order_operate.html HTTP/1.1" 200 8245
114.88.167.174 - - [09/May/2021:11:28:42 +0800] "GET /xingrg/javascript/easyui/themes/default/validatebox.css HTTP/1.1" 404 1104
116.224.253.72 - - [09/May/2021:11:28:43 +0800] "POST /xingrg/kc/buy/cgsh_order_operate.html HTTP/1.1" 200 12
222.69.131.186 - - [09/May/2021:11:28:45 +0800] "POST /xingrg/kc/buy/cgsh_order_operate.html HTTP/1.1" 200 12
116.224.253.72 - - [09/May/2021:11:28:45 +0800] "GET /xingrg/kc/buy/cgsh_order_info.html?code=212021050903812 HTTP/1.1" 200 56826
116.224.253.72 - - [09/May/2021:11:28:45 +0800] "GET /xingrg/words/20210509112445_words.js HTTP/1.1" 304 -
116.224.253.72 - - [09/May/2021:11:28:45 +0800] "GET /xingrg/javascript/easyui/themes/default/validatebox.css HTTP/1.1" 404 1104
58.37.228.113 - - [09/May/2021:11:28:45 +0800] "GET /xingrg/kc/buy/cgsh_order_operate.html?command=get_materiel&rest_code=00141&code=00101002038&supplier_code=00100087&order_time=2021-05-09 HTTP/1.1" 200 434
116.224.253.72 - - [09/May/2021:11:28:46 +0800] "GET /xingrg/all/function/internal_message.html?_=1620530913942&CODE_STATE=getMsg HTTP/1.1" 200 27
116.224.253.72 - - [09/May/2021:11:28:46 +0800] "POST /xingrg/kc/buy/cgsh_order_operate.html HTTP/1.1" 200 3581
222.69.131.186 - - [09/May/2021:11:28:46 +0800] "GET /xingrg/kc/buy/cgsh_order_info.html?code=212021050903824 HTTP/1.1" 200 56947
222.69.131.186 - - [09/May/2021:11:28:46 +0800] "GET /xingrg/words/20210509112445_words.js HTTP/1.1" 304 -
222.69.131.186 - - [09/May/2021:11:28:46 +0800] "GET /xingrg/javascript/easyui/themes/default/validatebox.css HTTP/1.1" 404 1104
222.69.131.186 - - [09/May/2021:11:28:47 +0800] "POST /xingrg/kc/buy/cgsh_order_operate.html HTTP/1.1" 200 603
116.224.253.72 - - [09/May/2021:11:28:47 +0800] "GET /xingrg/kc/print/load_data.html?order_code=212021050903812&kc_code=cgsh&condition= HTTP/1.1" 200 1862
120.253.135.82 - - [09/May/2021:11:28:48 +0800] "GET /xingrg/check_reg.html?_=1620530988741 HTTP/1.1" 200 22
116.230.114.112 - - [09/May/2021:11:28:48 +0800] "GET /xingrg/all/function/internal_message.html?_=1620530949678&CODE_STATE=getMsg HTTP/1.1" 200 27
58.40.7.146 - - [09/May/2021:11:28:48 +0800] "GET /xingrg/all/function/internal_message.html?_=1620530924069&CODE_STATE=getMsg HTTP/1.1" 200 27
114.86.187.76 - - [09/May/2021:11:28:49 +0800] "GET /xingrg/all/function/internal_message.html?_=1620530924809&CODE_STATE=getMsg HTTP/1.1" 200 27
222.69.131.186 - - [09/May/2021:11:28:51 +0800] "GET /xingrg/kc/print/load_data.html?order_code=212021050903824&kc_code=cgsh&condition= HTTP/1.1" 200 710
180.169.147.146 - - [09/May/2021:11:28:54 +0800] "GET /xingrg/all/function/internal_message.html?_=1620530921930&CODE_STATE=getMsg HTTP/1.1" 200 27
180.169.147.146 - - [09/May/2021:11:28:54 +0800] "GET /xingrg/all/function/internal_message.html?_=1620530928925&CODE_STATE=getMsg HTTP/1.1" 200 27
222.69.131.186 - - [09/May/2021:11:28:55 +0800] "GET /xingrg/all/function/internal_message.html?_=1620530931516&CODE_STATE=getMsg HTTP/1.1" 200 27
114.86.231.5 - - [09/May/2021:11:28:55 +0800] "GET /xingrg/kc/buy/cgsh_order_operate.html?command=get_materiel&rest_code=00109&code=00102005159&supplier_code=00100076&order_time=2021-05-09 HTTP/1.1" 200 414
222.69.131.186 - - [09/May/2021:11:28:56 +0800] "GET /xingrg/kc/buy/cgsh_order_add.html HTTP/1.1" 200 62041
222.69.131.186 - - [09/May/2021:11:28:57 +0800] "POST /xingrg/kc/buy/cgsh_order_operate.html HTTP/1.1" 200 8245
222.69.131.186 - - [09/May/2021:11:28:57 +0800] "GET /xingrg/javascript/easyui/themes/default/validatebox.css HTTP/1.1" 404 1104
180.161.124.236 - - [09/May/2021:11:28:57 +0800] "GET /xingrg/all/function/internal_message.html?_=1620531220143&CODE_STATE=getMsg HTTP/1.1" 200 27
58.37.228.113 - - [09/May/2021:11:28:57 +0800] "GET /xingrg/kc/buy/cgsh_order_operate.html?command=get_materiel&rest_code=00141&code=00101002039&supplier_code=00100087&order_time=2021-05-09 HTTP/1.1" 200 419
114.86.231.5 - - [09/May/2021:11:28:59 +0800] "GET /xingrg/check_reg.html?_=1620530879387 HTTP/1.1" 200 22
116.224.253.72 - - [09/May/2021:11:28:59 +0800] "GET /xingrg/all/function/internal_message.html?_=1620530935736&CODE_STATE=getMsg HTTP/1.1" 200 27
114.88.167.174 - - [09/May/2021:11:29:02 +0800] "GET /xingrg/all/function/internal_message.html?_=1620530934958&CODE_STATE=getMsg HTTP/1.1" 200 27
116.230.110.80 - - [09/May/2021:11:29:02 +0800] "GET /xingrg/all/function/internal_message.html?_=1620530937416&CODE_STATE=getMsg HTTP/1.1" 200 27
58.37.228.113 - - [09/May/2021:11:29:04 +0800] "POST /xingrg/kc/buy/cgsh_order_operate.html HTTP/1.1" 200 37
222.69.131.186 - - [09/May/2021:11:29:05 +0800] "GET /xingrg/kc/buy/cgsh_order_operate.html?command=get_materiel&rest_code=00149&code=00101001096&supplier_code=00100312&order_time=2021-05-09 HTTP/1.1" 200 413
58.37.228.113 - - [09/May/2021:11:29:06 +0800] "POST /xingrg/kc/buy/cgsh_order_operate.html HTTP/1.1" 200 12
58.37.228.113 - - [09/May/2021:11:29:06 +0800] "GET /xingrg/kc/buy/cgsh_order_info.html?code=212021050903825 HTTP/1.1" 200 56896
58.37.228.113 - - [09/May/2021:11:29:07 +0800] "GET /xingrg/javascript/easyui/themes/default/validatebox.css HTTP/1.1" 404 1104
58.37.228.113 - - [09/May/2021:11:29:07 +0800] "POST /xingrg/kc/buy/cgsh_order_operate.html HTTP/1.1" 200 1214
58.37.228.113 - - [09/May/2021:11:29:08 +0800] "GET /xingrg/kc/print/load_data.html?order_code=212021050903825&kc_code=cgsh&condition= HTTP/1.1" 200 1003
114.86.231.5 - - [09/May/2021:11:29:08 +0800] "GET /xingrg/kc/buy/cgsh_order_operate.html?command=get_materiel&rest_code=00109&code=00102005326&supplier_code=00100076&order_time=2021-05-09 HTTP/1.1" 200 414
114.88.167.174 - - [09/May/2021:11:29:09 +0800] "GET /xingrg/kc/buy/cgsh_order_operate.html?command=get_materiel&rest_code=00111&code=00101007061&supplier_code=00100004&order_time=2021-05-09 HTTP/1.1" 200 409
58.37.228.113 - - [09/May/2021:11:29:12 +0800] "GET /xingrg/kc/buy/cgsh_order_add.html HTTP/1.1" 200 61994
58.37.228.113 - - [09/May/2021:11:29:12 +0800] "POST /xingrg/kc/buy/cgsh_order_operate.html HTTP/1.1" 200 8245
58.37.228.113 - - [09/May/2021:11:29:12 +0800] "GET /xingrg/javascript/easyui/themes/default/validatebox.css HTTP/1.1" 404 1104
180.169.147.146 - - [09/May/2021:11:29:12 +0800] "GET /favicon.ico HTTP/1.1" 404 -
116.230.76.31 - - [09/May/2021:11:29:13 +0800] "GET /xingrg/all/function/internal_message.html?_=1620530948556&CODE_STATE=getMsg HTTP/1.1" 200 27
222.69.131.186 - - [09/May/2021:11:29:16 +0800] "GET /xingrg/kc/buy/cgsh_order_operate.html?command=get_materiel&rest_code=00149&code=00101005017&supplier_code=00100312&order_time=2021-05-09 HTTP/1.1" 200 409
180.161.124.236 - - [09/May/2021:11:29:17 +0800] "GET /xingrg/check_reg.html?_=1620530955556 HTTP/1.1" 200 22
180.161.124.236 - - [09/May/2021:11:29:18 +0800] "GET /xingrg/all/function/internal_message.html?_=1620530956086&CODE_STATE=getMsg HTTP/1.1" 200 27
58.37.228.113 - - [09/May/2021:11:29:20 +0800] "GET /xingrg/kc/buy/cgsh_order_operate.html?command=get_materiel&rest_code=00141&code=00101010161&supplier_code=00100334&order_time=2021-05-09 HTTP/1.1" 200 409
117.185.32.26 - - [09/May/2021:11:29:21 +0800] "GET /xingrg/all/function/internal_message.html?_=1620530952315&CODE_STATE=getMsg HTTP/1.1" 200 27
180.169.147.146 - - [09/May/2021:11:29:22 +0800] "GET /favicon.ico HTTP/1.1" 404 -
114.86.231.5 - - [09/May/2021:11:29:22 +0800] "GET /xingrg/kc/buy/cgsh_order_operate.html?command=get_materiel&rest_code=00109&code=00102006547&supplier_code=00100076&order_time=2021-05-09 HTTP/1.1" 200 403
58.37.228.113 - - [09/May/2021:11:29:29 +0800] "POST /xingrg/kc/buy/cgsh_order_operate.html HTTP/1.1" 200 37
222.69.131.186 - - [09/May/2021:11:29:31 +0800] "GET /xingrg/kc/buy/cgsh_order_operate.html?command=get_materiel&rest_code=00149&code=00101004023&supplier_code=00100312&order_time=2021-05-09 HTTP/1.1" 200 409
61.165.42.208 - - [09/May/2021:11:29:31 +0800] "GET /xingrg/all/function/internal_message.html?_=1620530967588&CODE_STATE=getMsg HTTP/1.1" 200 27
58.37.228.113 - - [09/May/2021:11:29:32 +0800] "POST /xingrg/kc/buy/cgsh_order_operate.html HTTP/1.1" 200 12
58.37.228.113 - - [09/May/2021:11:29:33 +0800] "GET /xingrg/kc/buy/cgsh_order_info.html?code=212021050903826 HTTP/1.1" 200 56900
58.37.228.113 - - [09/May/2021:11:29:33 +0800] "GET /xingrg/javascript/easyui/themes/default/validatebox.css HTTP/1.1" 404 1104
58.37.228.113 - - [09/May/2021:11:29:33 +0800] "POST /xingrg/kc/buy/cgsh_order_operate.html HTTP/1.1" 200 605
58.37.228.113 - - [09/May/2021:11:29:34 +0800] "GET /xingrg/kc/print/load_data.html?order_code=212021050903826&kc_code=cgsh&condition= HTTP/1.1" 200 714
120.253.135.82 - - [09/May/2021:11:29:35 +0800] "GET /xingrg/all/function/internal_message.html?_=1620531035506&CODE_STATE=getMsg HTTP/1.1" 200 27
117.185.32.26 - - [09/May/2021:11:29:36 +0800] "POST /xingrg/kc/buy/cgsh_order_operate.html HTTP/1.1" 200 37
114.86.231.5 - - [09/May/2021:11:29:36 +0800] "GET /xingrg/kc/buy/cgsh_order_operate.html?command=get_materiel&rest_code=00109&code=00102008115&supplier_code=00100076&order_time=2021-05-09 HTTP/1.1" 200 433
58.37.228.113 - - [09/May/2021:11:29:37 +0800] "GET /xingrg/kc/buy/cgsh_order_add.html HTTP/1.1" 200 61994
58.37.228.113 - - [09/May/2021:11:29:37 +0800] "POST /xingrg/kc/buy/cgsh_order_operate.html HTTP/1.1" 200 8245
58.37.228.113 - - [09/May/2021:11:29:37 +0800] "GET /xingrg/javascript/easyui/themes/default/validatebox.css HTTP/1.1" 404 1104
117.185.32.26 - - [09/May/2021:11:29:38 +0800] "POST /xingrg/kc/buy/cgsh_order_operate.html HTTP/1.1" 200 12
117.185.32.26 - - [09/May/2021:11:29:39 +0800] "GET /xingrg/kc/buy/cgsh_order_info.html?code=212021050903827 HTTP/1.1" 200 56904
58.37.228.113 - - [09/May/2021:11:29:39 +0800] "GET /xingrg/all/function/internal_message.html?_=1620530936460&CODE_STATE=getMsg HTTP/1.1" 200 27
58.37.228.113 - - [09/May/2021:11:29:39 +0800] "GET /xingrg/check_reg.html?_=1620530936460 HTTP/1.1" 200 22
117.185.32.26 - - [09/May/2021:11:29:40 +0800] "GET /xingrg/javascript/easyui/themes/default/validatebox.css HTTP/1.1" 404 1104
117.185.32.26 - - [09/May/2021:11:29:41 +0800] "POST /xingrg/kc/buy/cgsh_order_operate.html HTTP/1.1" 200 615
117.185.32.26 - - [09/May/2021:11:29:42 +0800] "GET /xingrg/kc/print/load_data.html?order_code=212021050903827&kc_code=cgsh&condition= HTTP/1.1" 200 731
114.88.167.174 - - [09/May/2021:11:29:42 +0800] "GET /xingrg/kc/buy/cgsh_order_operate.html?command=get_materiel&rest_code=00111&code=00101007077&supplier_code=00100004&order_time=2021-05-09 HTTP/1.1" 200 415
114.86.231.5 - - [09/May/2021:11:29:43 +0800] "GET /xingrg/kc/buy/cgsh_order_operate.html?command=get_materiel&rest_code=00109&code=00102006787&supplier_code=00100076&order_time=2021-05-09 HTTP/1.1" 200 398
58.37.228.113 - - [09/May/2021:11:29:44 +0800] "GET /xingrg/kc/buy/cgsh_order_operate.html?command=get_materiel&rest_code=00141&code=00101003006&supplier_code=00100092&order_time=2021-05-09 HTTP/1.1" 200 432
116.224.253.72 - - [09/May/2021:11:29:46 +0800] "GET /xingrg/all/function/internal_message.html?_=1620530973956&CODE_STATE=getMsg HTTP/1.1" 200 27
222.69.131.186 - - [09/May/2021:11:29:47 +0800] "POST /xingrg/kc/buy/cgsh_order_operate.html HTTP/1.1" 200 37
116.230.114.112 - - [09/May/2021:11:29:48 +0800] "GET /xingrg/all/function/internal_message.html?_=1620531010032&CODE_STATE=getMsg HTTP/1.1" 200 27
58.40.7.146 - - [09/May/2021:11:29:48 +0800] "GET /xingrg/all/function/internal_message.html?_=1620530984073&CODE_STATE=getMsg HTTP/1.1" 200 27
114.86.187.76 - - [09/May/2021:11:29:49 +0800] "GET /xingrg/all/function/internal_message.html?_=1620530984817&CODE_STATE=getMsg HTTP/1.1" 200 27
222.69.131.186 - - [09/May/2021:11:29:50 +0800] "POST /xingrg/kc/buy/cgsh_order_operate.html HTTP/1.1" 200 12
222.69.131.186 - - [09/May/2021:11:29:51 +0800] "GET /xingrg/kc/buy/cgsh_order_info.html?code=212021050903828 HTTP/1.1" 200 56947
222.69.131.186 - - [09/May/2021:11:29:51 +0800] "GET /xingrg/words/20210509112445_words.js HTTP/1.1" 304 -
222.69.131.186 - - [09/May/2021:11:29:51 +0800] "GET /xingrg/javascript/easyui/themes/default/validatebox.css HTTP/1.1" 404 1104
222.69.131.186 - - [09/May/2021:11:29:52 +0800] "POST /xingrg/kc/buy/cgsh_order_operate.html HTTP/1.1" 200 1785
117.185.32.26 - - [09/May/2021:11:29:53 +0800] "GET /xingrg/kc/buy/cgsh_order_add.html HTTP/1.1" 200 61994
58.37.228.113 - - [09/May/2021:11:29:53 +0800] "POST /xingrg/kc/buy/cgsh_order_operate.html HTTP/1.1" 200 37
180.169.147.146 - - [09/May/2021:11:29:54 +0800] "GET /xingrg/all/function/internal_message.html?_=1620530981941&CODE_STATE=getMsg HTTP/1.1" 200 27
180.169.147.146 - - [09/May/2021:11:29:54 +0800] "GET /xingrg/check_reg.html?_=1620530988917 HTTP/1.1" 200 22
180.169.147.146 - - [09/May/2021:11:29:54 +0800] "GET /xingrg/all/function/internal_message.html?_=1620530988922&CODE_STATE=getMsg HTTP/1.1" 200 27
117.185.32.26 - - [09/May/2021:11:29:55 +0800] "GET /xingrg/javascript/easyui/themes/default/validatebox.css HTTP/1.1" 404 1104
117.185.32.26 - - [09/May/2021:11:29:55 +0800] "POST /xingrg/kc/buy/cgsh_order_operate.html HTTP/1.1" 200 8245
222.69.131.186 - - [09/May/2021:11:29:55 +0800] "GET /xingrg/kc/print/load_data.html?order_code=212021050903828&kc_code=cgsh&condition= HTTP/1.1" 200 1156
222.69.131.186 - - [09/May/2021:11:29:55 +0800] "GET /xingrg/all/function/internal_message.html?_=1620530991512&CODE_STATE=getMsg HTTP/1.1" 200 27
114.88.167.174 - - [09/May/2021:11:29:56 +0800] "GET /xingrg/kc/buy/cgsh_order_operate.html?command=get_materiel&rest_code=00111&code=00101007049&supplier_code=00100004&order_time=2021-05-09 HTTP/1.1" 200 409
114.86.231.5 - - [09/May/2021:11:29:57 +0800] "GET /xingrg/kc/buy/cgsh_order_operate.html?command=get_materiel&rest_code=00109&code=00102002458&supplier_code=00100076&order_time=2021-05-09 HTTP/1.1" 200 436
180.161.124.236 - - [09/May/2021:11:29:57 +0800] "GET /xingrg/all/function/internal_message.html?_=1620531280159&CODE_STATE=getMsg HTTP/1.1" 200 27
58.37.228.113 - - [09/May/2021:11:29:58 +0800] "POST /xingrg/kc/buy/cgsh_order_operate.html HTTP/1.1" 200 12
117.185.32.26 - - [09/May/2021:11:29:58 +0800] "GET /xingrg/check_reg.html?_=1620530988754 HTTP/1.1" 200 22
58.37.228.113 - - [09/May/2021:11:29:58 +0800] "GET /xingrg/kc/buy/cgsh_order_info.html?code=212021050903829 HTTP/1.1" 200 56898
58.37.228.113 - - [09/May/2021:11:29:58 +0800] "GET /xingrg/javascript/easyui/themes/default/validatebox.css HTTP/1.1" 404 1104
58.37.228.113 - - [09/May/2021:11:29:59 +0800] "POST /xingrg/kc/buy/cgsh_order_operate.html HTTP/1.1" 200 609
116.224.253.72 - - [09/May/2021:11:29:59 +0800] "GET /xingrg/all/function/internal_message.html?_=1620530995722&CODE_STATE=getMsg HTTP/1.1" 200 27
58.37.228.113 - - [09/May/2021:11:30:00 +0800] "GET /xingrg/kc/print/load_data.html?order_code=212021050903829&kc_code=cgsh&condition= HTTP/1.1" 200 761
114.88.167.174 - - [09/May/2021:11:30:00 +0800] "GET /xingrg/check_reg.html?_=1620530993230 HTTP/1.1" 200 22
222.69.131.186 - - [09/May/2021:11:30:00 +0800] "GET /xingrg/kc/buy/cgsh_order_add.html HTTP/1.1" 200 62041
222.69.131.186 - - [09/May/2021:11:30:00 +0800] "POST /xingrg/kc/buy/cgsh_order_operate.html HTTP/1.1" 200 8245
222.69.131.186 - - [09/May/2021:11:30:00 +0800] "GET /xingrg/javascript/easyui/themes/default/validatebox.css HTTP/1.1" 404 1104
114.88.167.174 - - [09/May/2021:11:30:02 +0800] "GET /xingrg/all/function/internal_message.html?_=1620530994973&CODE_STATE=getMsg HTTP/1.1" 200 27
116.230.110.80 - - [09/May/2021:11:30:02 +0800] "GET /xingrg/all/function/internal_message.html?_=1620530997408&CODE_STATE=getMsg HTTP/1.1" 200 27
58.37.228.113 - - [09/May/2021:11:30:05 +0800] "GET /xingrg/kc/buy/cgsh_order_add.html HTTP/1.1" 200 61994
58.37.228.113 - - [09/May/2021:11:30:05 +0800] "GET /xingrg/javascript/easyui/themes/default/validatebox.css HTTP/1.1" 404 1104
58.37.228.113 - - [09/May/2021:11:30:05 +0800] "POST /xingrg/kc/buy/cgsh_order_operate.html HTTP/1.1" 200 8245
116.230.114.112 - - [09/May/2021:11:30:08 +0800] "GET /xingrg/check_reg.html?_=1620531029348 HTTP/1.1" 200 22
114.88.167.174 - - [09/May/2021:11:30:10 +0800] "POST /xingrg/kc/buy/cgsh_order_operate.html HTTP/1.1" 200 37
114.88.167.174 - - [09/May/2021:11:30:11 +0800] "POST /xingrg/kc/buy/cgsh_order_operate.html HTTP/1.1" 200 4425
58.37.228.113 - - [09/May/2021:11:30:12 +0800] "GET /xingrg/kc/buy/cgsh_order_operate.html?command=get_materiel&rest_code=00141&code=00101001115&supplier_code=00100089&order_time=2021-05-09 HTTP/1.1" 200 415
116.230.76.31 - - [09/May/2021:11:30:13 +0800] "GET /xingrg/all/function/internal_message.html?_=1620531008554&CODE_STATE=getMsg HTTP/1.1" 200 27
114.88.167.174 - - [09/May/2021:11:30:13 +0800] "GET /xingrg/kc/print/load_data.html?order_code=212021050903830&kc_code=cgsh&condition= HTTP/1.1" 200 1398
222.69.131.186 - - [09/May/2021:11:30:13 +0800] "GET /xingrg/kc/buy/cgsh_order_operate.html?command=get_materiel&rest_code=00149&code=00101010079&supplier_code=00100336&order_time=2021-05-09 HTTP/1.1" 200 413
114.86.231.5 - - [09/May/2021:11:30:17 +0800] "POST /xingrg/kc/buy/cgsh_order_operate.html HTTP/1.1" 200 37
180.161.124.236 - - [09/May/2021:11:30:18 +0800] "GET /xingrg/all/function/internal_message.html?_=1620531016096&CODE_STATE=getMsg HTTP/1.1" 200 27
58.37.228.113 - - [09/May/2021:11:30:21 +0800] "POST /xingrg/kc/buy/cgsh_order_operate.html HTTP/1.1" 200 37
117.185.32.26 - - [09/May/2021:11:30:21 +0800] "GET /xingrg/all/function/internal_message.html?_=1620531012288&CODE_STATE=getMsg HTTP/1.1" 200 27
114.86.231.5 - - [09/May/2021:11:30:22 +0800] "POST /xingrg/kc/buy/cgsh_order_operate.html HTTP/1.1" 200 5641
58.37.228.113 - - [09/May/2021:11:30:23 +0800] "POST /xingrg/kc/buy/cgsh_order_operate.html HTTP/1.1" 200 12
58.37.228.113 - - [09/May/2021:11:30:24 +0800] "GET /xingrg/kc/buy/cgsh_order_info.html?code=212021050903832 HTTP/1.1" 200 56898
58.37.228.113 - - [09/May/2021:11:30:24 +0800] "GET /xingrg/javascript/easyui/themes/default/validatebox.css HTTP/1.1" 404 1104
114.88.167.174 - - [09/May/2021:11:30:25 +0800] "GET /xingrg/kc/buy/cgsh_order_add.html HTTP/1.1" 200 61988
222.69.131.186 - - [09/May/2021:11:30:25 +0800] "POST /xingrg/kc/buy/cgsh_order_operate.html HTTP/1.1" 200 37
58.37.228.113 - - [09/May/2021:11:30:25 +0800] "POST /xingrg/kc/buy/cgsh_order_operate.html HTTP/1.1" 200 609
114.88.167.174 - - [09/May/2021:11:30:26 +0800] "POST /xingrg/kc/buy/cgsh_order_operate.html HTTP/1.1" 200 8245
114.88.167.174 - - [09/May/2021:11:30:26 +0800] "GET /xingrg/javascript/easyui/themes/default/validatebox.css HTTP/1.1" 404 1104
58.37.228.113 - - [09/May/2021:11:30:26 +0800] "GET /xingrg/kc/print/load_data.html?order_code=212021050903832&kc_code=cgsh&condition= HTTP/1.1" 200 783
222.69.131.186 - - [09/May/2021:11:30:28 +0800] "POST /xingrg/kc/buy/cgsh_order_operate.html HTTP/1.1" 200 12
114.86.231.5 - - [09/May/2021:11:30:28 +0800] "GET /xingrg/kc/print/load_config.html?kc_code=cgsh HTTP/1.1" 200 1845
222.69.131.186 - - [09/May/2021:11:30:29 +0800] "GET /xingrg/kc/buy/cgsh_order_info.html?code=212021050903833 HTTP/1.1" 200 56943
222.69.131.186 - - [09/May/2021:11:30:29 +0800] "GET /xingrg/words/20210509112445_words.js HTTP/1.1" 304 -
222.69.131.186 - - [09/May/2021:11:30:29 +0800] "GET /xingrg/javascript/easyui/themes/default/validatebox.css HTTP/1.1" 404 1104
58.37.228.113 - - [09/May/2021:11:30:30 +0800] "GET /xingrg/kc/buy/cgsh_order_add.html HTTP/1.1" 200 61994
222.69.131.186 - - [09/May/2021:11:30:30 +0800] "POST /xingrg/kc/buy/cgsh_order_operate.html HTTP/1.1" 200 607
58.37.228.113 - - [09/May/2021:11:30:30 +0800] "GET /xingrg/javascript/easyui/themes/default/validatebox.css HTTP/1.1" 404 1104
58.37.228.113 - - [09/May/2021:11:30:30 +0800] "POST /xingrg/kc/buy/cgsh_order_operate.html HTTP/1.1" 200 8245
114.86.231.5 - - [09/May/2021:11:30:31 +0800] "GET /xingrg/kc/print/load_data.html?order_code=212021050903831&kc_code=cgsh&condition= HTTP/1.1" 200 1831
61.165.42.208 - - [09/May/2021:11:30:31 +0800] "GET /xingrg/all/function/internal_message.html?_=1620531027588&CODE_STATE=getMsg HTTP/1.1" 200 27
222.69.131.186 - - [09/May/2021:11:30:32 +0800] "GET /xingrg/kc/print/load_data.html?order_code=212021050903833&kc_code=cgsh&condition= HTTP/1.1" 200 708
120.253.135.82 - - [09/May/2021:11:30:35 +0800] "GET /xingrg/all/function/internal_message.html?_=1620531095519&CODE_STATE=getMsg HTTP/1.1" 200 27
114.88.167.174 - - [09/May/2021:11:30:36 +0800] "GET /xingrg/kc/buy/cgsh_order_operate.html?command=get_materiel&rest_code=00111&code=00101006184&supplier_code=00100012&order_time=2021-05-09 HTTP/1.1" 200 408
58.37.228.113 - - [09/May/2021:11:30:39 +0800] "GET /xingrg/all/function/internal_message.html?_=1620530996445&CODE_STATE=getMsg HTTP/1.1" 200 27
58.37.228.113 - - [09/May/2021:11:30:41 +0800] "GET /xingrg/kc/buy/cgsh_order_operate.html?command=get_materiel&rest_code=00141&code=00101006001&supplier_code=00100404&order_time=2021-05-09 HTTP/1.1" 200 426
222.69.131.186 - - [09/May/2021:11:30:41 +0800] "GET /xingrg/kc/buy/cgsh_order_add.html HTTP/1.1" 200 62041
222.69.131.186 - - [09/May/2021:11:30:42 +0800] "POST /xingrg/kc/buy/cgsh_order_operate.html HTTP/1.1" 200 8245
222.69.131.186 - - [09/May/2021:11:30:42 +0800] "GET /xingrg/javascript/easyui/themes/default/validatebox.css HTTP/1.1" 404 1104
116.224.253.72 - - [09/May/2021:11:30:46 +0800] "GET /xingrg/all/function/internal_message.html?_=1620531033986&CODE_STATE=getMsg HTTP/1.1" 200 27
114.88.167.174 - - [09/May/2021:11:30:47 +0800] "GET /xingrg/kc/buy/cgsh_order_operate.html?command=get_materiel&rest_code=00111&code=00101006055&supplier_code=00100012&order_time=2021-05-09 HTTP/1.1" 200 409
116.230.114.112 - - [09/May/2021:11:30:48 +0800] "GET /xingrg/all/function/internal_message.html?_=1620531070034&CODE_STATE=getMsg HTTP/1.1" 200 27
