180.169.147.146 - - [09/May/2021:10:04:49 +0800] "GET /xingrg/javascript/jquery-1.4.2.min.js HTTP/1.1" 200 72205
180.169.147.146 - - [09/May/2021:10:04:49 +0800] "GET /xingrg/javascript/jquery_easy_ui/jquery.easyui.min.js HTTP/1.1" 200 213662
180.169.147.146 - - [09/May/2021:10:04:49 +0800] "GET /xingrg/javascript/jquery_easy_ui/easyui-lang-zh_CN.js HTTP/1.1" 200 1900
180.169.147.146 - - [09/May/2021:10:04:49 +0800] "GET /xingrg/index.html?sysBaseUrl=http%3A%2F%2F180.169.147.146%3A18081%2Fxingrg%2F&costTime=130×tamp=1620525889696 HTTP/1.1" 200 17503
180.169.147.146 - - [09/May/2021:10:04:49 +0800] "GET /xingrg/javascript/jquery.utils.js HTTP/1.1" 200 11805
180.169.147.146 - - [09/May/2021:10:04:49 +0800] "GET /xingrg/javascript/jquery.form.js HTTP/1.1" 200 23110
180.169.147.146 - - [09/May/2021:10:04:49 +0800] "GET /xingrg/javascript/jquery.timers.js HTTP/1.1" 200 3532
180.169.147.146 - - [09/May/2021:10:04:49 +0800] "GET /xingrg/javascript/jquery_easy_ui/themes/icons/settle_new.png HTTP/1.1" 200 826
180.169.147.146 - - [09/May/2021:10:04:49 +0800] "GET /xingrg/images/blue/navBackgound.jpg HTTP/1.1" 200 12378
180.169.147.146 - - [09/May/2021:10:04:49 +0800] "GET /favicon.ico HTTP/1.1" 404 -
180.169.147.146 - - [09/May/2021:10:04:49 +0800] "POST /xingrg/all/common/load_tree.html?tree=area_rest_tree_json&manage=1 HTTP/1.1" 200 3344
180.169.147.146 - - [09/May/2021:10:04:49 +0800] "GET /xingrg/check_reg.html?_=1620525884133 HTTP/1.1" 200 22
180.169.147.146 - - [09/May/2021:10:04:49 +0800] "GET /xingrg/all/function/internal_message.html?_=1620525884131&CODE_STATE=count HTTP/1.1" 200 11
180.169.147.146 - - [09/May/2021:10:04:49 +0800] "GET /xingrg/images/blue/pingpu.png HTTP/1.1" 200 231
180.169.147.146 - - [09/May/2021:10:04:49 +0800] "GET /xingrg/javascript/jquery_easy_ui/themes/default/images/tabs_leftarrow.png HTTP/1.1" 200 389
180.169.147.146 - - [09/May/2021:10:04:49 +0800] "GET /xingrg/javascript/jquery_easy_ui/themes/default/images/tabs_rightarrow.png HTTP/1.1" 200 395
180.169.147.146 - - [09/May/2021:10:04:49 +0800] "GET /xingrg/javascript/jquery_easy_ui/themes/default/images/panel_tool_expand.gif HTTP/1.1" 200 247
180.169.147.146 - - [09/May/2021:10:04:49 +0800] "GET /xingrg/javascript/jquery_easy_ui/themes/default/images/panel_tool_collapse.gif HTTP/1.1" 200 246
180.169.147.146 - - [09/May/2021:10:04:50 +0800] "POST /xingrg/load_menu.html HTTP/1.1" 200 11443
180.169.147.146 - - [09/May/2021:10:04:50 +0800] "GET /xingrg/javascript/jquery_easy_ui/themes/default/images/tree_arrows.gif HTTP/1.1" 200 1043
180.169.147.146 - - [09/May/2021:10:04:50 +0800] "GET /xingrg/javascript/jquery_easy_ui/themes/default/images/tree_folder_open.gif HTTP/1.1" 200 956
180.169.147.146 - - [09/May/2021:10:04:50 +0800] "GET /xingrg/javascript/jquery_easy_ui/themes/icons/search_new.png HTTP/1.1" 200 586
180.169.147.146 - - [09/May/2021:10:04:50 +0800] "GET /xingrg/javascript/jquery_easy_ui/themes/icons/delivery_new.png HTTP/1.1" 200 700
180.169.147.146 - - [09/May/2021:10:04:50 +0800] "GET /xingrg/javascript/jquery_easy_ui/themes/icons/storage_new.png HTTP/1.1" 200 853
180.169.147.146 - - [09/May/2021:10:04:50 +0800] "GET /xingrg/javascript/jquery_easy_ui/themes/icons/checkout_new.png HTTP/1.1" 200 744
180.169.147.146 - - [09/May/2021:10:04:50 +0800] "GET /xingrg/javascript/jquery_easy_ui/themes/icons/forms_new.png HTTP/1.1" 200 350
180.169.147.146 - - [09/May/2021:10:04:50 +0800] "GET /xingrg/javascript/jquery_easy_ui/themes/icons/setting_new.png HTTP/1.1" 200 450
180.169.147.146 - - [09/May/2021:10:04:50 +0800] "GET /xingrg/javascript/jquery_easy_ui/themes/icons/systemset_new.png HTTP/1.1" 200 606
180.169.147.146 - - [09/May/2021:10:04:50 +0800] "GET /xingrg/javascript/jquery_easy_ui/themes/default/images/tree_file.gif HTTP/1.1" 200 118
180.169.147.146 - - [09/May/2021:10:04:50 +0800] "GET /xingrg/javascript/jquery_easy_ui/themes/default/images/tree_folder.gif HTTP/1.1" 200 952
180.169.147.146 - - [09/May/2021:10:04:52 +0800] "GET /xingrg/javascript/jquery_easy_ui/themes/icons/area.png HTTP/1.1" 200 262
180.169.147.146 - - [09/May/2021:10:04:52 +0800] "GET /xingrg/javascript/jquery_easy_ui/themes/icons/manage.png HTTP/1.1" 200 696
180.169.147.146 - - [09/May/2021:10:04:52 +0800] "GET /xingrg/javascript/jquery_easy_ui/themes/icons/rest.png HTTP/1.1" 200 695
180.169.147.146 - - [09/May/2021:10:04:52 +0800] "GET /xingrg/javascript/jquery_easy_ui/themes/default/images/button_a_bg.gif HTTP/1.1" 200 1194
180.169.147.146 - - [09/May/2021:10:04:52 +0800] "GET /xingrg/javascript/jquery_easy_ui/themes/default/images/button_span_bg.gif HTTP/1.1" 200 2061
180.169.147.146 - - [09/May/2021:10:04:52 +0800] "GET /xingrg/javascript/jquery_easy_ui/themes/icons/ok.png HTTP/1.1" 200 883
180.169.147.146 - - [09/May/2021:10:04:52 +0800] "GET /xingrg/javascript/jquery_easy_ui/themes/default/images/panel_title.png HTTP/1.1" 200 266
180.169.147.146 - - [09/May/2021:10:04:52 +0800] "GET /xingrg/javascript/jquery_easy_ui/themes/default/images/panel_tools.gif HTTP/1.1" 200 737
120.253.135.82 - - [09/May/2021:10:04:53 +0800] "GET /xingrg/all/function/internal_message.html?_=1620525670731&CODE_STATE=getMsg HTTP/1.1" 200 27
180.169.147.146 - - [09/May/2021:10:04:54 +0800] "GET /xingrg/images/control/ajaxLoader.gif HTTP/1.1" 200 4659
180.169.147.146 - - [09/May/2021:10:04:54 +0800] "POST /xingrg/all/user/operate.html HTTP/1.1" 200 36
180.169.147.146 - - [09/May/2021:10:04:54 +0800] "GET /xingrg/javascript/jquery_easy_ui/themes/default/easyui.css HTTP/1.1" 304 -
180.169.147.146 - - [09/May/2021:10:04:54 +0800] "GET /xingrg/index.html?sysBaseUrl=http%3A%2F%2F180.169.147.146%3A18081%2Fxingrg%2F&costTime=130×tamp=1620525889696 HTTP/1.1" 200 17503
180.169.147.146 - - [09/May/2021:10:04:54 +0800] "GET /xingrg/javascript/jquery_easy_ui/themes/icon.css HTTP/1.1" 304 -
180.169.147.146 - - [09/May/2021:10:04:54 +0800] "GET /xingrg/css/form.css HTTP/1.1" 304 -
180.169.147.146 - - [09/May/2021:10:04:54 +0800] "GET /xingrg/javascript/jquery-1.4.2.min.js HTTP/1.1" 304 -
180.169.147.146 - - [09/May/2021:10:04:54 +0800] "GET /xingrg/javascript/jquery_easy_ui/jquery.easyui.min.js HTTP/1.1" 304 -
180.169.147.146 - - [09/May/2021:10:04:54 +0800] "GET /xingrg/javascript/jquery_easy_ui/easyui-lang-zh_CN.js HTTP/1.1" 304 -
180.169.147.146 - - [09/May/2021:10:04:54 +0800] "GET /xingrg/javascript/jquery.form.js HTTP/1.1" 304 -
180.169.147.146 - - [09/May/2021:10:04:54 +0800] "GET /xingrg/javascript/jquery.utils.js HTTP/1.1" 304 -
180.169.147.146 - - [09/May/2021:10:04:54 +0800] "GET /xingrg/javascript/jquery.timers.js HTTP/1.1" 304 -
180.169.147.146 - - [09/May/2021:10:04:54 +0800] "GET /xingrg/images/blue/jxLogo.png HTTP/1.1" 304 -
180.169.147.146 - - [09/May/2021:10:04:54 +0800] "GET /xingrg/images/blue/navBackgound.jpg HTTP/1.1" 304 -
180.169.147.146 - - [09/May/2021:10:04:54 +0800] "GET /xingrg/javascript/jquery_easy_ui/themes/icons/settle_new.png HTTP/1.1" 304 -
180.169.147.146 - - [09/May/2021:10:04:54 +0800] "POST /xingrg/all/common/load_tree.html?tree=area_rest_tree_json&manage=1 HTTP/1.1" 200 3344
180.169.147.146 - - [09/May/2021:10:04:54 +0800] "GET /xingrg/all/function/internal_message.html?_=1620525888901&CODE_STATE=count HTTP/1.1" 200 11
180.169.147.146 - - [09/May/2021:10:04:54 +0800] "GET /xingrg/check_reg.html?_=1620525888902 HTTP/1.1" 200 22
180.169.147.146 - - [09/May/2021:10:04:54 +0800] "GET /xingrg/javascript/jquery_easy_ui/themes/default/images/tabs_rightarrow.png HTTP/1.1" 304 -
180.169.147.146 - - [09/May/2021:10:04:54 +0800] "GET /xingrg/javascript/jquery_easy_ui/themes/default/images/tabs_leftarrow.png HTTP/1.1" 304 -
180.169.147.146 - - [09/May/2021:10:04:54 +0800] "GET /xingrg/javascript/jquery_easy_ui/themes/default/images/panel_tool_collapse.gif HTTP/1.1" 304 -
180.169.147.146 - - [09/May/2021:10:04:54 +0800] "GET /xingrg/javascript/jquery_easy_ui/themes/default/images/panel_tool_expand.gif HTTP/1.1" 304 -
180.169.147.146 - - [09/May/2021:10:04:54 +0800] "GET /xingrg/images/blue/pingpu.png HTTP/1.1" 304 -
180.169.147.146 - - [09/May/2021:10:04:54 +0800] "POST /xingrg/load_menu.html HTTP/1.1" 200 9959
116.230.76.31 - - [09/May/2021:10:05:01 +0800] "GET /xingrg/kc/buy/cgsh_order_operate.html?command=get_materiel&rest_code=00107&code=00101001044&supplier_code=00100090&order_time=2021-05-09 HTTP/1.1" 200 411
116.224.253.72 - - [09/May/2021:10:05:04 +0800] "GET /xingrg/all/function/internal_message.html?_=1620525900546&CODE_STATE=getMsg HTTP/1.1" 200 27
116.230.76.31 - - [09/May/2021:10:05:04 +0800] "GET /xingrg/all/function/internal_message.html?_=1620525899905&CODE_STATE=getMsg HTTP/1.1" 200 27
116.224.253.72 - - [09/May/2021:10:05:05 +0800] "GET /xingrg/all/function/internal_message.html?_=1620525893519&CODE_STATE=getMsg HTTP/1.1" 200 27
61.165.42.208 - - [09/May/2021:10:05:06 +0800] "GET /xingrg/check_reg.html?_=1620525901842 HTTP/1.1" 200 22
61.165.42.208 - - [09/May/2021:10:05:06 +0800] "GET /xingrg/all/function/internal_message.html?_=1620525901841&CODE_STATE=getMsg HTTP/1.1" 200 27
116.230.114.112 - - [09/May/2021:10:05:07 +0800] "GET /xingrg/check_reg.html?_=1620525928945 HTTP/1.1" 200 22
180.169.147.146 - - [09/May/2021:10:05:15 +0800] "GET /xingrg/all/function/internal_message.html?_=1620525910393&CODE_STATE=getMsg HTTP/1.1" 200 27
116.230.76.31 - - [09/May/2021:10:05:19 +0800] "POST /xingrg/kc/buy/cgsh_order_operate.html HTTP/1.1" 200 37
116.230.76.31 - - [09/May/2021:10:05:20 +0800] "POST /xingrg/kc/buy/cgsh_order_operate.html HTTP/1.1" 200 4449
222.69.131.186 - - [09/May/2021:10:05:21 +0800] "GET /xingrg/all/function/internal_message.html?_=1620525916653&CODE_STATE=getMsg HTTP/1.1" 200 27
222.69.131.186 - - [09/May/2021:10:05:22 +0800] "GET /xingrg/check_reg.html?_=1620525917639 HTTP/1.1" 200 22
116.230.76.31 - - [09/May/2021:10:05:24 +0800] "GET /xingrg/kc/print/load_data.html?order_code=212021050903673&kc_code=cgsh&condition= HTTP/1.1" 200 1427
116.230.76.31 - - [09/May/2021:10:05:31 +0800] "GET /xingrg/kc/buy/cgsh_order_add.html HTTP/1.1" 200 62076
116.230.76.31 - - [09/May/2021:10:05:31 +0800] "POST /xingrg/kc/buy/cgsh_order_operate.html HTTP/1.1" 200 8245
116.230.76.31 - - [09/May/2021:10:05:31 +0800] "GET /xingrg/javascript/easyui/themes/default/validatebox.css HTTP/1.1" 404 1104
120.253.135.82 - - [09/May/2021:10:05:32 +0800] "GET /xingrg/all/function/internal_message.html?_=1620525993334&CODE_STATE=getMsg HTTP/1.1" 200 27
116.232.54.232 - - [09/May/2021:10:05:35 +0800] "GET /xingrg/all/function/internal_message.html?_=1620525930964&CODE_STATE=getMsg HTTP/1.1" 200 27
101.85.94.178 - - [09/May/2021:10:05:37 +0800] "GET /xingrg/all/function/internal_message.html?_=1620525441208&CODE_STATE=getMsg HTTP/1.1" 200 27
61.165.42.208 - - [09/May/2021:10:05:38 +0800] "GET /xingrg/kc/buy/cgsh_order_operate.html?command=get_materiel&rest_code=00105&code=00101008118&supplier_code=00100203&order_time=2021-05-09 HTTP/1.1" 200 418
116.230.114.112 - - [09/May/2021:10:05:40 +0800] "GET /xingrg/all/function/internal_message.html?_=1620525961468&CODE_STATE=getMsg HTTP/1.1" 200 27
116.230.76.31 - - [09/May/2021:10:05:41 +0800] "GET /xingrg/javascript/easyui/themes/default/tree.css HTTP/1.1" 404 1090
116.230.76.31 - - [09/May/2021:10:05:41 +0800] "POST /xingrg/all/common/load_tree.html?tree=supplier_tree_json&isDelete=1 HTTP/1.1" 200 55318
180.161.124.236 - - [09/May/2021:10:05:44 +0800] "GET /xingrg/all/function/internal_message.html?_=1620526227043&CODE_STATE=getMsg HTTP/1.1" 200 27
116.230.110.80 - - [09/May/2021:10:05:46 +0800] "GET /xingrg/check_reg.html?_=1620525941495 HTTP/1.1" 200 22
116.230.110.80 - - [09/May/2021:10:05:46 +0800] "GET /xingrg/all/function/internal_message.html?_=1620525941498&CODE_STATE=getMsg HTTP/1.1" 200 27
58.40.7.146 - - [09/May/2021:10:05:48 +0800] "GET /xingrg/all/function/internal_message.html?_=1620525943979&CODE_STATE=getMsg HTTP/1.1" 200 27
58.40.7.146 - - [09/May/2021:10:05:48 +0800] "GET /xingrg/check_reg.html?_=1620525943980 HTTP/1.1" 200 22
120.253.135.82 - - [09/May/2021:10:05:53 +0800] "GET /xingrg/check_reg.html?_=1620525730370 HTTP/1.1" 200 22
120.253.135.82 - - [09/May/2021:10:05:53 +0800] "GET /xingrg/all/function/internal_message.html?_=1620525730745&CODE_STATE=getMsg HTTP/1.1" 200 27
180.169.147.146 - - [09/May/2021:10:05:54 +0800] "GET /xingrg/all/function/internal_message.html?_=1620525948932&CODE_STATE=getMsg HTTP/1.1" 200 27
116.224.253.72 - - [09/May/2021:10:06:04 +0800] "GET /xingrg/all/function/internal_message.html?_=1620525960546&CODE_STATE=getMsg HTTP/1.1" 200 27
116.230.76.31 - - [09/May/2021:10:06:04 +0800] "GET /xingrg/check_reg.html?_=1620525959914 HTTP/1.1" 200 22
116.230.76.31 - - [09/May/2021:10:06:04 +0800] "GET /xingrg/all/function/internal_message.html?_=1620525959967&CODE_STATE=getMsg HTTP/1.1" 200 27
116.224.253.72 - - [09/May/2021:10:06:05 +0800] "GET /xingrg/all/function/internal_message.html?_=1620525953534&CODE_STATE=getMsg HTTP/1.1" 200 27
61.165.42.208 - - [09/May/2021:10:06:05 +0800] "GET /xingrg/all/function/internal_message.html?_=1620525961817&CODE_STATE=getMsg HTTP/1.1" 200 27
180.169.147.146 - - [09/May/2021:10:06:15 +0800] "GET /xingrg/all/function/internal_message.html?_=1620525970410&CODE_STATE=getMsg HTTP/1.1" 200 27
116.230.76.31 - - [09/May/2021:10:06:17 +0800] "GET /xingrg/kc/buy/cgsh_order_operate.html?command=get_materiel&rest_code=00107&code=00101010051&supplier_code=00100430&order_time=2021-05-09 HTTP/1.1" 200 416
222.69.131.186 - - [09/May/2021:10:06:21 +0800] "GET /xingrg/all/function/internal_message.html?_=1620525976641&CODE_STATE=getMsg HTTP/1.1" 200 27
120.253.135.82 - - [09/May/2021:10:06:32 +0800] "GET /xingrg/all/function/internal_message.html?_=1620526053384&CODE_STATE=getMsg HTTP/1.1" 200 27
116.232.54.232 - - [09/May/2021:10:06:35 +0800] "GET /xingrg/all/function/internal_message.html?_=1620525990969&CODE_STATE=getMsg HTTP/1.1" 200 27
101.85.94.178 - - [09/May/2021:10:06:37 +0800] "GET /xingrg/all/function/internal_message.html?_=1620525501206&CODE_STATE=getMsg HTTP/1.1" 200 27
116.224.253.72 - - [09/May/2021:10:06:40 +0800] "GET /xingrg/kc/buy/cgsh_order_add.html HTTP/1.1" 200 61630
116.230.114.112 - - [09/May/2021:10:06:40 +0800] "GET /xingrg/all/function/internal_message.html?_=1620526021482&CODE_STATE=getMsg HTTP/1.1" 200 27
116.224.253.72 - - [09/May/2021:10:06:40 +0800] "POST /xingrg/kc/buy/cgsh_order_operate.html HTTP/1.1" 200 8245
116.224.253.72 - - [09/May/2021:10:06:40 +0800] "GET /xingrg/javascript/easyui/themes/default/validatebox.css HTTP/1.1" 404 1104
116.224.253.72 - - [09/May/2021:10:06:41 +0800] "GET /xingrg/javascript/auto/indicator.gif HTTP/1.1" 404 1066
180.161.124.236 - - [09/May/2021:10:06:44 +0800] "GET /xingrg/all/function/internal_message.html?_=1620526287062&CODE_STATE=getMsg HTTP/1.1" 200 27
116.230.110.80 - - [09/May/2021:10:06:46 +0800] "GET /xingrg/all/function/internal_message.html?_=1620526001487&CODE_STATE=getMsg HTTP/1.1" 200 27
58.40.7.146 - - [09/May/2021:10:06:48 +0800] "GET /xingrg/all/function/internal_message.html?_=1620526003982&CODE_STATE=getMsg HTTP/1.1" 200 27
120.253.135.82 - - [09/May/2021:10:06:53 +0800] "GET /xingrg/all/function/internal_message.html?_=1620525790759&CODE_STATE=getMsg HTTP/1.1" 200 27
180.169.147.146 - - [09/May/2021:10:06:54 +0800] "GET /xingrg/all/function/internal_message.html?_=1620526008918&CODE_STATE=getMsg HTTP/1.1" 200 27
120.253.135.82 - - [09/May/2021:10:06:56 +0800] "GET /xingrg/kc/pszx/mdqp_order_info.html?code=302021050900170 HTTP/1.1" 200 13346
120.253.135.82 - - [09/May/2021:10:06:56 +0800] "GET /xingrg/dwr/interface/AjaxComOrderService.js HTTP/1.1" 200 18264
120.253.135.82 - - [09/May/2021:10:06:56 +0800] "GET /xingrg/dwr/interface/AjaxQqpsService.js HTTP/1.1" 200 16326
120.253.135.82 - - [09/May/2021:10:06:56 +0800] "GET /xingrg/dwr/engine.js HTTP/1.1" 200 43631
120.253.135.82 - - [09/May/2021:10:06:57 +0800] "POST /xingrg/dwr/call/plaincall/AjaxQqpsService.loadMaterielItems.dwr HTTP/1.1" 200 354
120.253.135.82 - - [09/May/2021:10:06:57 +0800] "GET /xingrg/images/yd/bt.gif HTTP/1.1" 404 1040
120.253.135.82 - - [09/May/2021:10:06:57 +0800] "GET /xingrg/images/yd/bt2.gif HTTP/1.1" 404 1042
120.253.135.82 - - [09/May/2021:10:06:58 +0800] "GET /xingrg/kc/pszx/mdqp_order_list.html?isBack=1 HTTP/1.1" 302 -
120.253.135.82 - - [09/May/2021:10:06:59 +0800] "GET /xingrg/kc/pszx/mdqp_order_list.html?state=10 HTTP/1.1" 200 11836
120.253.135.82 - - [09/May/2021:10:06:59 +0800] "GET /xingrg/dwr/interface/AjaxReportQueryService.js HTTP/1.1" 200 13203
120.253.135.82 - - [09/May/2021:10:06:59 +0800] "GET /xingrg/dwr/interface/AjaxQqpsService.js HTTP/1.1" 200 16326
120.253.135.82 - - [09/May/2021:10:06:59 +0800] "GET /xingrg/dwr/engine.js HTTP/1.1" 200 43631
120.253.135.82 - - [09/May/2021:10:07:01 +0800] "GET /xingrg/kc/pszx/mdqp_order_info.html?code=302021050900169 HTTP/1.1" 200 13346
120.253.135.82 - - [09/May/2021:10:07:01 +0800] "GET /xingrg/dwr/interface/AjaxComOrderService.js HTTP/1.1" 200 18264
120.253.135.82 - - [09/May/2021:10:07:01 +0800] "GET /xingrg/dwr/interface/AjaxQqpsService.js HTTP/1.1" 200 16326
120.253.135.82 - - [09/May/2021:10:07:01 +0800] "GET /xingrg/dwr/engine.js HTTP/1.1" 200 43631
120.253.135.82 - - [09/May/2021:10:07:01 +0800] "POST /xingrg/dwr/call/plaincall/AjaxQqpsService.loadMaterielItems.dwr HTTP/1.1" 200 1023
116.224.253.72 - - [09/May/2021:10:07:04 +0800] "GET /xingrg/all/function/internal_message.html?_=1620526020557&CODE_STATE=getMsg HTTP/1.1" 200 27
116.230.76.31 - - [09/May/2021:10:07:04 +0800] "GET /xingrg/all/function/internal_message.html?_=1620526019948&CODE_STATE=getMsg HTTP/1.1" 200 27
180.161.124.236 - - [09/May/2021:10:07:04 +0800] "GET /xingrg/kc/buy/cgsh_order_operate.html?command=get_materiel&rest_code=00102&code=00101005037&supplier_code=00100151&order_time=2021-05-09 HTTP/1.1" 200 409
116.224.253.72 - - [09/May/2021:10:07:05 +0800] "GET /xingrg/all/function/internal_message.html?_=1620526013546&CODE_STATE=getMsg HTTP/1.1" 200 27
61.165.42.208 - - [09/May/2021:10:07:06 +0800] "GET /xingrg/all/function/internal_message.html?_=1620526021826&CODE_STATE=getMsg HTTP/1.1" 200 27
117.185.32.26 - - [09/May/2021:10:07:06 +0800] "GET /favicon.ico HTTP/1.1" 404 -
116.224.253.72 - - [09/May/2021:10:07:06 +0800] "GET /xingrg/kc/buy/cgsh_order_operate.html?command=get_materiel&rest_code=00151&code=00102032031&supplier_code=00100097&order_time=2021-05-09 HTTP/1.1" 200 403
180.169.147.146 - - [09/May/2021:10:07:15 +0800] "GET /xingrg/all/function/internal_message.html?_=1620526030403&CODE_STATE=getMsg HTTP/1.1" 200 27
180.169.147.146 - - [09/May/2021:10:07:15 +0800] "GET /xingrg/check_reg.html?_=1620526030407 HTTP/1.1" 200 22
222.69.131.186 - - [09/May/2021:10:07:21 +0800] "GET /xingrg/all/function/internal_message.html?_=1620526036613&CODE_STATE=getMsg HTTP/1.1" 200 27
117.185.32.26 - - [09/May/2021:10:07:23 +0800] "GET /xingrg/login.html HTTP/1.1" 200 7641
120.253.135.82 - - [09/May/2021:10:07:32 +0800] "GET /xingrg/all/function/internal_message.html?_=1620526113392&CODE_STATE=getMsg HTTP/1.1" 200 27
116.232.54.232 - - [09/May/2021:10:07:35 +0800] "GET /xingrg/all/function/internal_message.html?_=1620526050968&CODE_STATE=getMsg HTTP/1.1" 200 27
101.85.94.178 - - [09/May/2021:10:07:37 +0800] "GET /xingrg/all/function/internal_message.html?_=1620525561205&CODE_STATE=getMsg HTTP/1.1" 200 27
101.85.94.178 - - [09/May/2021:10:07:37 +0800] "GET /xingrg/check_reg.html?_=1620525561207 HTTP/1.1" 200 22
117.185.32.26 - - [09/May/2021:10:07:39 +0800] "GET /favicon.ico HTTP/1.1" 404 -
116.230.114.112 - - [09/May/2021:10:07:40 +0800] "GET /xingrg/all/function/internal_message.html?_=1620526081773&CODE_STATE=getMsg HTTP/1.1" 200 27
117.185.32.26 - - [09/May/2021:10:07:42 +0800] "POST /xingrg/login.do HTTP/1.1" 302 -
117.185.32.26 - - [09/May/2021:10:07:42 +0800] "GET /xingrg/index.html?sysBaseUrl=http%3A%2F%2F180.169.147.146%3A18081%2Fxingrg%2F&costTime=44×tamp=1620526062119 HTTP/1.1" 200 17173
117.185.32.26 - - [09/May/2021:10:07:43 +0800] "POST /xingrg/all/common/load_tree.html?tree=area_rest_tree_json&manage=1 HTTP/1.1" 200 342
180.161.124.236 - - [09/May/2021:10:07:43 +0800] "GET /xingrg/kc/buy/cgsh_order_operate.html?command=get_materiel&rest_code=00102&code=00101001060&supplier_code=00100151&order_time=2021-05-09 HTTP/1.1" 200 420
180.161.124.236 - - [09/May/2021:10:07:44 +0800] "GET /xingrg/all/function/internal_message.html?_=1620526347079&CODE_STATE=getMsg HTTP/1.1" 200 27
117.185.32.26 - - [09/May/2021:10:07:44 +0800] "GET /xingrg/all/function/internal_message.html?_=1620526055318&CODE_STATE=count HTTP/1.1" 200 11
117.185.32.26 - - [09/May/2021:10:07:44 +0800] "GET /xingrg/check_reg.html?_=1620526055319 HTTP/1.1" 200 22
117.185.32.26 - - [09/May/2021:10:07:44 +0800] "GET /xingrg/javascript/jquery_easy_ui/themes/default/images/panel_tool_collapse.gif HTTP/1.1" 200 246
117.185.32.26 - - [09/May/2021:10:07:44 +0800] "POST /xingrg/load_menu.html HTTP/1.1" 200 5138
117.185.32.26 - - [09/May/2021:10:07:44 +0800] "GET /favicon.ico HTTP/1.1" 404 -
116.230.110.80 - - [09/May/2021:10:07:46 +0800] "GET /xingrg/all/function/internal_message.html?_=1620526061500&CODE_STATE=getMsg HTTP/1.1" 200 27
58.40.7.146 - - [09/May/2021:10:07:48 +0800] "GET /xingrg/all/function/internal_message.html?_=1620526063985&CODE_STATE=getMsg HTTP/1.1" 200 27
117.185.32.26 - - [09/May/2021:10:07:49 +0800] "GET /xingrg/kc/buy/buy_main.html HTTP/1.1" 200 12412
117.185.32.26 - - [09/May/2021:10:07:49 +0800] "GET /xingrg/css/new_ie.css HTTP/1.1" 404 1036
117.185.32.26 - - [09/May/2021:10:07:51 +0800] "GET /xingrg/images/yd/bt.gif HTTP/1.1" 404 1040
117.185.32.26 - - [09/May/2021:10:07:52 +0800] "GET /xingrg/kc/buy/cgsh_order_list.html HTTP/1.1" 200 46250
120.253.135.82 - - [09/May/2021:10:07:53 +0800] "GET /xingrg/all/function/internal_message.html?_=1620525850772&CODE_STATE=getMsg HTTP/1.1" 200 27
180.169.147.146 - - [09/May/2021:10:07:54 +0800] "GET /xingrg/all/function/internal_message.html?_=1620526068925&CODE_STATE=getMsg HTTP/1.1" 200 27
117.185.32.26 - - [09/May/2021:10:07:56 +0800] "POST /xingrg/kc/buy/cgsh_list_operate.html HTTP/1.1" 200 876
117.185.32.26 - - [09/May/2021:10:07:59 +0800] "GET /xingrg/kc/buy/cgsh_order_add.html HTTP/1.1" 200 61994
117.185.32.26 - - [09/May/2021:10:07:59 +0800] "GET /xingrg/words/20210508174830_words.js HTTP/1.1" 304 -
117.185.32.26 - - [09/May/2021:10:08:01 +0800] "GET /xingrg/all/common/auto_word.html?type=employee&rest_code=00106 HTTP/1.1" 200 205
117.185.32.26 - - [09/May/2021:10:08:01 +0800] "GET /xingrg/javascript/easyui/themes/default/validatebox.css HTTP/1.1" 404 1104
117.185.32.26 - - [09/May/2021:10:08:01 +0800] "GET /xingrg/all/common/auto_word.html?type=employee&rest_code=00106 HTTP/1.1" 200 205
117.185.32.26 - - [09/May/2021:10:08:01 +0800] "POST /xingrg/kc/buy/cgsh_order_operate.html HTTP/1.1" 200 8245
117.185.32.26 - - [09/May/2021:10:08:02 +0800] "GET /xingrg/javascript/easyui/themes/default/tree.css HTTP/1.1" 404 1090
117.185.32.26 - - [09/May/2021:10:08:02 +0800] "POST /xingrg/all/common/load_tree.html?tree=supplier_tree_json&isDelete=1 HTTP/1.1" 200 55318
116.224.253.72 - - [09/May/2021:10:08:04 +0800] "GET /xingrg/all/function/internal_message.html?_=1620526080572&CODE_STATE=getMsg HTTP/1.1" 200 27
116.230.76.31 - - [09/May/2021:10:08:04 +0800] "GET /xingrg/all/function/internal_message.html?_=1620526079933&CODE_STATE=getMsg HTTP/1.1" 200 27
116.224.253.72 - - [09/May/2021:10:08:05 +0800] "GET /xingrg/check_reg.html?_=1620526073295 HTTP/1.1" 200 22
116.224.253.72 - - [09/May/2021:10:08:05 +0800] "GET /xingrg/all/function/internal_message.html?_=1620526073560&CODE_STATE=getMsg HTTP/1.1" 200 27
61.165.42.208 - - [09/May/2021:10:08:06 +0800] "GET /xingrg/all/function/internal_message.html?_=1620526081818&CODE_STATE=getMsg HTTP/1.1" 200 27
116.230.76.31 - - [09/May/2021:10:08:13 +0800] "POST /xingrg/kc/buy/cgsh_order_operate.html HTTP/1.1" 200 37
117.185.32.26 - - [09/May/2021:10:08:14 +0800] "GET /xingrg/javascript/auto/indicator.gif HTTP/1.1" 404 1066
116.230.76.31 - - [09/May/2021:10:08:15 +0800] "POST /xingrg/kc/buy/cgsh_order_operate.html HTTP/1.1" 200 2666
180.169.147.146 - - [09/May/2021:10:08:15 +0800] "GET /xingrg/all/function/internal_message.html?_=1620526090408&CODE_STATE=getMsg HTTP/1.1" 200 27
117.185.32.26 - - [09/May/2021:10:08:17 +0800] "GET /xingrg/kc/buy/cgsh_order_operate.html?command=get_materiel&rest_code=00106&code=00101006084&supplier_code=00100016&order_time=2021-05-09 HTTP/1.1" 200 415
116.230.76.31 - - [09/May/2021:10:08:17 +0800] "GET /xingrg/kc/buy/cgsh_order_add.html HTTP/1.1" 200 62076
116.230.76.31 - - [09/May/2021:10:08:18 +0800] "GET /xingrg/javascript/easyui/themes/default/validatebox.css HTTP/1.1" 404 1104
116.230.76.31 - - [09/May/2021:10:08:18 +0800] "POST /xingrg/kc/buy/cgsh_order_operate.html HTTP/1.1" 200 8245
116.230.76.31 - - [09/May/2021:10:08:20 +0800] "GET /xingrg/javascript/easyui/themes/default/tree.css HTTP/1.1" 404 1090
116.230.76.31 - - [09/May/2021:10:08:20 +0800] "POST /xingrg/all/common/load_tree.html?tree=supplier_tree_json&isDelete=1 HTTP/1.1" 200 55318
222.69.131.186 - - [09/May/2021:10:08:21 +0800] "GET /xingrg/all/function/internal_message.html?_=1620526096596&CODE_STATE=getMsg HTTP/1.1" 200 27
120.204.17.72 - - [09/May/2021:10:08:22 +0800] "GET /xingrg/login.html HTTP/1.1" 200 7641
117.185.32.26 - - [09/May/2021:10:08:26 +0800] "GET /xingrg/kc/buy/cgsh_order_operate.html?command=get_materiel&rest_code=00106&code=00101006094&supplier_code=00100016&order_time=2021-05-09 HTTP/1.1" 200 410
120.253.135.82 - - [09/May/2021:10:08:32 +0800] "GET /xingrg/all/function/internal_message.html?_=1620526173438&CODE_STATE=getMsg HTTP/1.1" 200 27
180.161.124.236 - - [09/May/2021:10:08:33 +0800] "GET /xingrg/kc/buy/cgsh_order_operate.html?command=get_materiel&rest_code=00102&code=00101002027&supplier_code=00100151&order_time=2021-05-09 HTTP/1.1" 200 433
116.232.54.232 - - [09/May/2021:10:08:35 +0800] "GET /xingrg/all/function/internal_message.html?_=1620526110971&CODE_STATE=getMsg HTTP/1.1" 200 27
116.232.54.232 - - [09/May/2021:10:08:35 +0800] "GET /xingrg/check_reg.html?_=1620526110971 HTTP/1.1" 200 22
101.85.94.178 - - [09/May/2021:10:08:37 +0800] "GET /xingrg/all/function/internal_message.html?_=1620525621206&CODE_STATE=getMsg HTTP/1.1" 200 27
116.230.114.112 - - [09/May/2021:10:08:40 +0800] "GET /xingrg/all/function/internal_message.html?_=1620526141775&CODE_STATE=getMsg HTTP/1.1" 200 27
117.185.32.26 - - [09/May/2021:10:08:44 +0800] "GET /xingrg/all/function/internal_message.html?_=1620526115347&CODE_STATE=getMsg HTTP/1.1" 200 27
120.204.17.73 - - [09/May/2021:10:08:45 +0800] "GET /xingrg/check_reg.html?_=1620526055319 HTTP/1.1" 302 -
180.161.124.236 - - [09/May/2021:10:08:45 +0800] "GET /xingrg/all/function/internal_message.html?_=1620526407083&CODE_STATE=getMsg HTTP/1.1" 200 27
120.204.17.73 - - [09/May/2021:10:08:45 +0800] "GET /xingrg/login.html HTTP/1.1" 200 7641
116.230.76.31 - - [09/May/2021:10:08:45 +0800] "GET /xingrg/kc/buy/cgsh_order_operate.html?command=get_materiel&rest_code=00107&code=00101007032&supplier_code=00100328&order_time=2021-05-09 HTTP/1.1" 200 413
116.230.110.80 - - [09/May/2021:10:08:46 +0800] "GET /xingrg/all/function/internal_message.html?_=1620526121498&CODE_STATE=getMsg HTTP/1.1" 200 27
120.253.135.82 - - [09/May/2021:10:08:48 +0800] "GET /xingrg/check_reg.html?_=1620526188647 HTTP/1.1" 200 22
58.40.7.146 - - [09/May/2021:10:08:48 +0800] "GET /xingrg/all/function/internal_message.html?_=1620526123987&CODE_STATE=getMsg HTTP/1.1" 200 27
116.224.253.72 - - [09/May/2021:10:08:49 +0800] "GET /xingrg/kc/buy/cgsh_order_operate.html?command=get_materiel&rest_code=00151&code=00102002919&supplier_code=00100097&order_time=2021-05-09 HTTP/1.1" 200 406
183.192.164.97 - - [09/May/2021:10:08:50 +0800] "GET /xingrg/kc/buy/buy_main.html HTTP/1.1" 302 -
183.192.164.71 - - [09/May/2021:10:08:51 +0800] "GET /xingrg/kc/buy/cgsh_order_list.html HTTP/1.1" 302 -
116.230.76.31 - - [09/May/2021:10:08:52 +0800] "POST /xingrg/kc/buy/cgsh_order_operate.html HTTP/1.1" 200 37
183.192.164.71 - - [09/May/2021:10:08:52 +0800] "GET /xingrg/login.html HTTP/1.1" 200 7641
183.192.164.97 - - [09/May/2021:10:08:52 +0800] "GET /xingrg/login.html HTTP/1.1" 200 7641
120.253.135.82 - - [09/May/2021:10:08:53 +0800] "GET /xingrg/all/function/internal_message.html?_=1620525910785&CODE_STATE=getMsg HTTP/1.1" 200 27
116.230.76.31 - - [09/May/2021:10:08:53 +0800] "POST /xingrg/kc/buy/cgsh_order_operate.html HTTP/1.1" 200 2657
180.169.147.146 - - [09/May/2021:10:08:54 +0800] "GET /xingrg/all/function/internal_message.html?_=1620526128921&CODE_STATE=getMsg HTTP/1.1" 200 27
116.230.76.31 - - [09/May/2021:10:08:55 +0800] "GET /xingrg/kc/print/load_data.html?order_code=212021050903675&kc_code=cgsh&condition= HTTP/1.1" 200 676
120.204.17.73 - - [09/May/2021:10:08:59 +0800] "GET /xingrg/kc/buy/cgsh_order_add.html HTTP/1.1" 302 -
120.204.17.73 - - [09/May/2021:10:09:00 +0800] "GET /xingrg/login.html HTTP/1.1" 200 7641
116.230.76.31 - - [09/May/2021:10:09:00 +0800] "GET /xingrg/kc/buy/cgsh_order_add.html HTTP/1.1" 200 62076
116.230.76.31 - - [09/May/2021:10:09:01 +0800] "GET /xingrg/javascript/easyui/themes/default/validatebox.css HTTP/1.1" 404 1104
116.230.76.31 - - [09/May/2021:10:09:01 +0800] "POST /xingrg/kc/buy/cgsh_order_operate.html HTTP/1.1" 200 8245
116.230.76.31 - - [09/May/2021:10:09:02 +0800] "GET /xingrg/javascript/easyui/themes/default/tree.css HTTP/1.1" 404 1090
116.230.76.31 - - [09/May/2021:10:09:02 +0800] "POST /xingrg/all/common/load_tree.html?tree=supplier_tree_json&isDelete=1 HTTP/1.1" 200 55318
116.224.253.72 - - [09/May/2021:10:09:04 +0800] "GET /xingrg/all/function/internal_message.html?_=1620526140567&CODE_STATE=getMsg HTTP/1.1" 200 27
116.224.253.72 - - [09/May/2021:10:09:04 +0800] "GET /xingrg/check_reg.html?_=1620526140571 HTTP/1.1" 200 22
183.192.164.97 - - [09/May/2021:10:09:05 +0800] "GET /xingrg/all/common/auto_word.html?type=employee&rest_code=00106 HTTP/1.1" 302 -
116.230.76.31 - - [09/May/2021:10:09:05 +0800] "GET /xingrg/all/function/internal_message.html?_=1620526140545&CODE_STATE=getMsg HTTP/1.1" 200 27
116.224.253.72 - - [09/May/2021:10:09:05 +0800] "GET /xingrg/all/function/internal_message.html?_=1620526133573&CODE_STATE=getMsg HTTP/1.1" 200 27
117.185.32.26 - - [09/May/2021:10:09:05 +0800] "POST /xingrg/kc/buy/cgsh_order_operate.html HTTP/1.1" 200 37
61.165.42.208 - - [09/May/2021:10:09:06 +0800] "GET /xingrg/all/function/internal_message.html?_=1620526141823&CODE_STATE=getMsg HTTP/1.1" 200 27
183.192.164.97 - - [09/May/2021:10:09:07 +0800] "GET /xingrg/login.html HTTP/1.1" 200 7641
117.185.32.26 - - [09/May/2021:10:09:08 +0800] "POST /xingrg/kc/buy/cgsh_order_operate.html HTTP/1.1" 200 12
117.185.32.26 - - [09/May/2021:10:09:09 +0800] "GET /xingrg/kc/buy/cgsh_order_info.html?code=212021050903676 HTTP/1.1" 200 56898
117.185.32.26 - - [09/May/2021:10:09:10 +0800] "GET /xingrg/javascript/easyui/themes/default/validatebox.css HTTP/1.1" 404 1104
117.185.32.26 - - [09/May/2021:10:09:11 +0800] "POST /xingrg/kc/buy/cgsh_order_operate.html HTTP/1.1" 200 1198
117.185.32.26 - - [09/May/2021:10:09:12 +0800] "GET /xingrg/kc/print/load_config.html?kc_code=cgsh HTTP/1.1" 200 1845
117.185.32.26 - - [09/May/2021:10:09:12 +0800] "GET /xingrg/kc/print/load_data.html?order_code=212021050903676&kc_code=cgsh&condition= HTTP/1.1" 200 987
180.169.147.146 - - [09/May/2021:10:09:15 +0800] "GET /xingrg/all/function/internal_message.html?_=1620526150407&CODE_STATE=getMsg HTTP/1.1" 200 27
222.69.131.186 - - [09/May/2021:10:09:21 +0800] "GET /xingrg/all/function/internal_message.html?_=1620526156581&CODE_STATE=getMsg HTTP/1.1" 200 27
117.185.32.26 - - [09/May/2021:10:09:25 +0800] "GET /xingrg/kc/buy/cgsh_order_add.html HTTP/1.1" 200 61994
117.185.32.26 - - [09/May/2021:10:09:26 +0800] "GET /xingrg/javascript/easyui/themes/default/validatebox.css HTTP/1.1" 404 1104
117.185.32.26 - - [09/May/2021:10:09:26 +0800] "POST /xingrg/kc/buy/cgsh_order_operate.html HTTP/1.1" 200 8245
116.230.76.31 - - [09/May/2021:10:09:27 +0800] "GET /xingrg/kc/buy/cgsh_order_operate.html?command=get_materiel&rest_code=00107&code=00101001127&supplier_code=00100442&order_time=2021-05-09 HTTP/1.1" 200 431
120.204.17.73 - - [09/May/2021:10:09:28 +0800] "GET /xingrg/kc/buy/cgsh_order_operate.html?command=get_materiel&rest_code=00106&code=00101006094&supplier_code=00100016&order_time=2021-05-09 HTTP/1.1" 302 -
117.185.32.26 - - [09/May/2021:10:09:30 +0800] "GET /xingrg/javascript/easyui/themes/default/tree.css HTTP/1.1" 404 1090
117.185.32.26 - - [09/May/2021:10:09:30 +0800] "POST /xingrg/all/common/load_tree.html?tree=supplier_tree_json&isDelete=1 HTTP/1.1" 200 55318
120.204.17.73 - - [09/May/2021:10:09:32 +0800] "GET /xingrg/login.html HTTP/1.1" 200 7641
120.253.135.82 - - [09/May/2021:10:09:32 +0800] "GET /xingrg/all/function/internal_message.html?_=1620526233452&CODE_STATE=getMsg HTTP/1.1" 200 27
180.161.124.236 - - [09/May/2021:10:09:33 +0800] "GET /xingrg/check_reg.html?_=1620526455901 HTTP/1.1" 200 22
116.232.54.232 - - [09/May/2021:10:09:35 +0800] "GET /xingrg/all/function/internal_message.html?_=1620526170974&CODE_STATE=getMsg HTTP/1.1" 200 27
101.85.94.178 - - [09/May/2021:10:09:37 +0800] "GET /xingrg/all/function/internal_message.html?_=1620525681205&CODE_STATE=getMsg HTTP/1.1" 200 27
180.161.124.236 - - [09/May/2021:10:09:38 +0800] "GET /xingrg/kc/buy/cgsh_order_operate.html?command=get_materiel&rest_code=00102&code=00101001052&supplier_code=00100151&order_time=2021-05-09 HTTP/1.1" 200 428
116.230.114.112 - - [09/May/2021:10:09:40 +0800] "GET /xingrg/all/function/internal_message.html?_=1620526201787&CODE_STATE=getMsg HTTP/1.1" 200 27
116.230.76.31 - - [09/May/2021:10:09:43 +0800] "POST /xingrg/kc/buy/cgsh_order_operate.html HTTP/1.1" 200 64
180.161.124.236 - - [09/May/2021:10:09:44 +0800] "GET /xingrg/all/function/internal_message.html?_=1620526467100&CODE_STATE=getMsg HTTP/1.1" 200 27
117.185.32.26 - - [09/May/2021:10:09:44 +0800] "GET /xingrg/all/function/internal_message.html?_=1620526175327&CODE_STATE=getMsg HTTP/1.1" 200 27
61.165.42.208 - - [09/May/2021:10:09:46 +0800] "POST /xingrg/kc/buy/cgsh_order_operate.html HTTP/1.1" 200 37
117.185.32.26 - - [09/May/2021:10:09:46 +0800] "GET /xingrg/kc/buy/cgsh_order_operate.html?command=get_materiel&rest_code=00106&code=00101006111&supplier_code=00100015&order_time=2021-05-09 HTTP/1.1" 200 23
116.230.110.80 - - [09/May/2021:10:09:46 +0800] "GET /xingrg/all/function/internal_message.html?_=1620526181488&CODE_STATE=getMsg HTTP/1.1" 200 27
116.230.76.31 - - [09/May/2021:10:09:47 +0800] "POST /xingrg/kc/buy/cgsh_order_operate.html HTTP/1.1" 200 37
58.40.7.146 - - [09/May/2021:10:09:48 +0800] "GET /xingrg/all/function/internal_message.html?_=1620526183976&CODE_STATE=getMsg HTTP/1.1" 200 27
116.230.76.31 - - [09/May/2021:10:09:49 +0800] "POST /xingrg/kc/buy/cgsh_order_operate.html HTTP/1.1" 200 2676
61.165.42.208 - - [09/May/2021:10:09:50 +0800] "POST /xingrg/kc/buy/cgsh_order_operate.html HTTP/1.1" 200 53514
116.230.76.31 - - [09/May/2021:10:09:51 +0800] "GET /xingrg/kc/print/load_data.html?order_code=212021050903678&kc_code=cgsh&condition= HTTP/1.1" 200 690
61.165.42.208 - - [09/May/2021:10:09:52 +0800] "GET /xingrg/kc/print/load_data.html?order_code=212021050903636&kc_code=cgsh&condition= HTTP/1.1" 200 19845
117.185.32.26 - - [09/May/2021:10:09:53 +0800] "GET /xingrg/login.html HTTP/1.1" 200 7641
120.253.135.82 - - [09/May/2021:10:09:53 +0800] "GET /xingrg/all/function/internal_message.html?_=1620525970840&CODE_STATE=getMsg HTTP/1.1" 200 27
180.169.147.146 - - [09/May/2021:10:09:54 +0800] "GET /xingrg/check_reg.html?_=1620526188922 HTTP/1.1" 200 22
180.169.147.146 - - [09/May/2021:10:09:54 +0800] "GET /xingrg/all/function/internal_message.html?_=1620526188927&CODE_STATE=getMsg HTTP/1.1" 200 27
117.185.32.26 - - [09/May/2021:10:09:55 +0800] "GET /favicon.ico HTTP/1.1" 404 -
116.230.76.31 - - [09/May/2021:10:09:56 +0800] "GET /xingrg/kc/buy/cgsh_order_add.html HTTP/1.1" 200 62076
117.185.32.26 - - [09/May/2021:10:09:56 +0800] "POST /xingrg/login.do HTTP/1.1" 302 -
117.185.32.26 - - [09/May/2021:10:09:56 +0800] "GET /xingrg/index.html?sysBaseUrl=http%3A%2F%2F180.169.147.146%3A18081%2Fxingrg%2F&costTime=40×tamp=1620526196283 HTTP/1.1" 200 17173
117.185.32.26 - - [09/May/2021:10:09:56 +0800] "POST /xingrg/all/common/load_tree.html?tree=area_rest_tree_json&manage=1 HTTP/1.1" 200 342
117.185.32.26 - - [09/May/2021:10:09:56 +0800] "GET /xingrg/javascript/jquery_easy_ui/themes/default/images/panel_tool_collapse.gif HTTP/1.1" 200 246
116.230.76.31 - - [09/May/2021:10:09:56 +0800] "POST /xingrg/kc/buy/cgsh_order_operate.html HTTP/1.1" 200 8245
117.185.32.26 - - [09/May/2021:10:09:56 +0800] "GET /xingrg/all/function/internal_message.html?_=1620526187526&CODE_STATE=count HTTP/1.1" 200 11
117.185.32.26 - - [09/May/2021:10:09:56 +0800] "GET /xingrg/check_reg.html?_=1620526187527 HTTP/1.1" 200 22
117.185.32.26 - - [09/May/2021:10:09:56 +0800] "POST /xingrg/load_menu.html HTTP/1.1" 200 5138
116.230.76.31 - - [09/May/2021:10:09:56 +0800] "GET /xingrg/javascript/easyui/themes/default/validatebox.css HTTP/1.1" 404 1104
117.185.32.26 - - [09/May/2021:10:09:57 +0800] "GET /favicon.ico HTTP/1.1" 404 -
117.185.32.26 - - [09/May/2021:10:09:58 +0800] "GET /xingrg/css/new_ie.css HTTP/1.1" 404 1036
117.185.32.26 - - [09/May/2021:10:09:58 +0800] "GET /xingrg/kc/buy/buy_main.html HTTP/1.1" 200 12412
116.230.76.31 - - [09/May/2021:10:09:58 +0800] "GET /xingrg/javascript/easyui/themes/default/tree.css HTTP/1.1" 404 1090
116.230.76.31 - - [09/May/2021:10:09:58 +0800] "POST /xingrg/all/common/load_tree.html?tree=supplier_tree_json&isDelete=1 HTTP/1.1" 200 55318
117.185.32.26 - - [09/May/2021:10:09:58 +0800] "GET /xingrg/images/yd/bt.gif HTTP/1.1" 404 1040
117.185.32.26 - - [09/May/2021:10:09:59 +0800] "GET /xingrg/kc/buy/cgsh_order_list.html HTTP/1.1" 200 46250
117.185.32.26 - - [09/May/2021:10:10:00 +0800] "POST /xingrg/kc/buy/cgsh_list_operate.html HTTP/1.1" 200 876
117.185.32.26 - - [09/May/2021:10:10:01 +0800] "GET /xingrg/kc/buy/cgsh_order_add.html HTTP/1.1" 200 61994
117.185.32.26 - - [09/May/2021:10:10:02 +0800] "GET /xingrg/all/common/auto_word.html?type=employee&rest_code=00106 HTTP/1.1" 200 205
117.185.32.26 - - [09/May/2021:10:10:02 +0800] "GET /xingrg/all/common/auto_word.html?type=employee&rest_code=00106 HTTP/1.1" 200 205
117.185.32.26 - - [09/May/2021:10:10:02 +0800] "GET /xingrg/javascript/easyui/themes/default/validatebox.css HTTP/1.1" 404 1104
117.185.32.26 - - [09/May/2021:10:10:02 +0800] "POST /xingrg/kc/buy/cgsh_order_operate.html HTTP/1.1" 200 8245
117.185.32.26 - - [09/May/2021:10:10:03 +0800] "GET /xingrg/javascript/easyui/themes/default/tree.css HTTP/1.1" 404 1090
117.185.32.26 - - [09/May/2021:10:10:03 +0800] "POST /xingrg/all/common/load_tree.html?tree=supplier_tree_json&isDelete=1 HTTP/1.1" 200 55318
116.224.253.72 - - [09/May/2021:10:10:04 +0800] "GET /xingrg/all/function/internal_message.html?_=1620526200626&CODE_STATE=getMsg HTTP/1.1" 200 27
116.230.76.31 - - [09/May/2021:10:10:05 +0800] "GET /xingrg/all/function/internal_message.html?_=1620526200531&CODE_STATE=getMsg HTTP/1.1" 200 27
116.224.253.72 - - [09/May/2021:10:10:05 +0800] "GET /xingrg/all/function/internal_message.html?_=1620526193586&CODE_STATE=getMsg HTTP/1.1" 200 27
61.165.42.208 - - [09/May/2021:10:10:06 +0800] "GET /xingrg/all/function/internal_message.html?_=1620526201848&CODE_STATE=getMsg HTTP/1.1" 200 27
61.165.42.208 - - [09/May/2021:10:10:06 +0800] "GET /xingrg/check_reg.html?_=1620526201850 HTTP/1.1" 200 22
116.230.114.112 - - [09/May/2021:10:10:07 +0800] "GET /xingrg/check_reg.html?_=1620526228947 HTTP/1.1" 200 22
183.192.164.71 - - [09/May/2021:10:10:08 +0800] "GET /xingrg/kc/buy/cgsh_order_info.html?code=212021050903676 HTTP/1.1" 302 -
183.192.164.71 - - [09/May/2021:10:10:10 +0800] "GET /xingrg/login.html HTTP/1.1" 200 7641
117.185.32.26 - - [09/May/2021:10:10:11 +0800] "GET /xingrg/javascript/auto/indicator.gif HTTP/1.1" 404 1066
183.192.164.97 - - [09/May/2021:10:10:13 +0800] "GET /xingrg/kc/print/load_data.html?order_code=212021050903676&kc_code=cgsh&condition= HTTP/1.1" 302 -
183.192.164.71 - - [09/May/2021:10:10:14 +0800] "GET /xingrg/kc/print/load_config.html?kc_code=cgsh HTTP/1.1" 302 -
183.192.164.97 - - [09/May/2021:10:10:14 +0800] "GET /xingrg/login.html HTTP/1.1" 200 7641
183.192.164.71 - - [09/May/2021:10:10:14 +0800] "GET /xingrg/login.html HTTP/1.1" 200 7641
180.169.147.146 - - [09/May/2021:10:10:15 +0800] "GET /xingrg/all/function/internal_message.html?_=1620526210399&CODE_STATE=getMsg HTTP/1.1" 200 27
117.185.32.26 - - [09/May/2021:10:10:16 +0800] "GET /xingrg/kc/buy/cgsh_order_operate.html?command=get_materiel&rest_code=00106&code=00101006111&supplier_code=00100015&order_time=2021-05-09 HTTP/1.1" 200 409
116.230.76.31 - - [09/May/2021:10:10:17 +0800] "GET /xingrg/kc/buy/cgsh_order_operate.html?command=get_materiel&rest_code=00107&code=00101004049&supplier_code=00100312&order_time=2021-05-09 HTTP/1.1" 200 413
116.224.253.72 - - [09/May/2021:10:10:19 +0800] "GET /xingrg/kc/buy/cgsh_order_operate.html?command=get_materiel&rest_code=00151&code=00102002426&supplier_code=00100097&order_time=2021-05-09 HTTP/1.1" 200 420
180.161.124.236 - - [09/May/2021:10:10:20 +0800] "GET /xingrg/kc/buy/cgsh_order_operate.html?command=get_materiel&rest_code=00102&code=00101002048&supplier_code=00100151&order_time=2021-05-09 HTTP/1.1" 200 399
222.69.131.186 - - [09/May/2021:10:10:21 +0800] "GET /xingrg/all/function/internal_message.html?_=1620526216554&CODE_STATE=getMsg HTTP/1.1" 200 27
222.69.131.186 - - [09/May/2021:10:10:22 +0800] "GET /xingrg/check_reg.html?_=1620526217634 HTTP/1.1" 200 22
117.185.32.26 - - [09/May/2021:10:10:31 +0800] "GET /xingrg/kc/buy/cgsh_order_operate.html?command=get_materiel&rest_code=00106&code=00101006129&supplier_code=00100015&order_time=2021-05-09 HTTP/1.1" 200 433
120.253.135.82 - - [09/May/2021:10:10:32 +0800] "GET /xingrg/all/function/internal_message.html?_=1620526293464&CODE_STATE=getMsg HTTP/1.1" 200 27
116.230.76.31 - - [09/May/2021:10:10:32 +0800] "GET /xingrg/kc/buy/cgsh_order_operate.html?command=get_materiel&rest_code=00107&code=00101004057&supplier_code=00100312&order_time=2021-05-09 HTTP/1.1" 200 429
116.232.54.232 - - [09/May/2021:10:10:35 +0800] "GET /xingrg/all/function/internal_message.html?_=1620526230977&CODE_STATE=getMsg HTTP/1.1" 200 27
101.85.94.178 - - [09/May/2021:10:10:37 +0800] "GET /xingrg/all/function/internal_message.html?_=1620525741204&CODE_STATE=getMsg HTTP/1.1" 200 27
117.185.32.26 - - [09/May/2021:10:10:39 +0800] "GET /xingrg/kc/buy/cgsh_order_operate.html?command=get_materiel&rest_code=00106&code=00101006130&supplier_code=00100015&order_time=2021-05-09 HTTP/1.1" 200 429
116.230.114.112 - - [09/May/2021:10:10:40 +0800] "GET /xingrg/all/function/internal_message.html?_=1620526261802&CODE_STATE=getMsg HTTP/1.1" 200 27
183.192.164.214 - - [09/May/2021:10:10:41 +0800] "GET /xingrg/kc/buy/cgsh_order_operate.html?command=get_materiel&rest_code=00106&code=00101006111&supplier_code=00100015&order_time=2021-05-09 HTTP/1.1" 302 -
116.230.76.31 - - [09/May/2021:10:10:41 +0800] "GET /xingrg/kc/buy/cgsh_order_operate.html?command=get_materiel&rest_code=00107&code=00101005041&supplier_code=00100312&order_time=2021-05-09 HTTP/1.1" 200 409
183.192.164.214 - - [09/May/2021:10:10:42 +0800] "GET /xingrg/login.html HTTP/1.1" 200 7641
120.204.17.70 - - [09/May/2021:10:10:44 +0800] "GET /xingrg/all/function/internal_message.html?_=1620526175327&CODE_STATE=getMsg HTTP/1.1" 302 -
180.161.124.236 - - [09/May/2021:10:10:44 +0800] "GET /xingrg/all/function/internal_message.html?_=1620526527121&CODE_STATE=getMsg HTTP/1.1" 200 27
116.230.110.80 - - [09/May/2021:10:10:46 +0800] "GET /xingrg/all/function/internal_message.html?_=1620526241489&CODE_STATE=getMsg HTTP/1.1" 200 27
116.230.110.80 - - [09/May/2021:10:10:46 +0800] "GET /xingrg/check_reg.html?_=1620526241493 HTTP/1.1" 200 22
120.204.17.70 - - [09/May/2021:10:10:46 +0800] "GET /xingrg/login.html HTTP/1.1" 200 7641
58.40.7.146 - - [09/May/2021:10:10:48 +0800] "GET /xingrg/all/function/internal_message.html?_=1620526243978&CODE_STATE=getMsg HTTP/1.1" 200 27
58.40.7.146 - - [09/May/2021:10:10:48 +0800] "GET /xingrg/check_reg.html?_=1620526243980 HTTP/1.1" 200 22
116.230.76.31 - - [09/May/2021:10:10:51 +0800] "POST /xingrg/kc/buy/cgsh_order_operate.html HTTP/1.1" 200 37
116.224.253.72 - - [09/May/2021:10:10:51 +0800] "GET /xingrg/kc/buy/cgsh_order_operate.html?command=get_materiel&rest_code=00151&code=00102002425&supplier_code=00100097&order_time=2021-05-09 HTTP/1.1" 200 422
120.253.135.82 - - [09/May/2021:10:10:53 +0800] "GET /xingrg/check_reg.html?_=1620526030376 HTTP/1.1" 200 22
120.253.135.82 - - [09/May/2021:10:10:53 +0800] "GET /xingrg/all/function/internal_message.html?_=1620526030874&CODE_STATE=getMsg HTTP/1.1" 200 27
116.230.76.31 - - [09/May/2021:10:10:54 +0800] "POST /xingrg/kc/buy/cgsh_order_operate.html HTTP/1.1" 200 3842
180.169.147.146 - - [09/May/2021:10:10:54 +0800] "GET /xingrg/all/function/internal_message.html?_=1620526248932&CODE_STATE=getMsg HTTP/1.1" 200 27
120.253.135.82 - - [09/May/2021:10:10:55 +0800] "GET /xingrg/kc/pszx/mdqp_order_list.html?isBack=1 HTTP/1.1" 302 -
120.253.135.82 - - [09/May/2021:10:10:55 +0800] "GET /xingrg/kc/pszx/mdqp_order_list.html?state=10 HTTP/1.1" 200 11836
120.253.135.82 - - [09/May/2021:10:10:55 +0800] "GET /xingrg/dwr/interface/AjaxReportQueryService.js HTTP/1.1" 200 13203
120.253.135.82 - - [09/May/2021:10:10:55 +0800] "GET /xingrg/dwr/interface/AjaxQqpsService.js HTTP/1.1" 200 16326
120.253.135.82 - - [09/May/2021:10:10:55 +0800] "GET /xingrg/dwr/engine.js HTTP/1.1" 200 43631
116.230.76.31 - - [09/May/2021:10:10:55 +0800] "GET /xingrg/kc/print/load_data.html?order_code=212021050903679&kc_code=cgsh&condition= HTTP/1.1" 200 1125
117.185.32.26 - - [09/May/2021:10:10:56 +0800] "GET /xingrg/all/function/internal_message.html?_=1620526247538&CODE_STATE=getMsg HTTP/1.1" 200 27
117.185.32.26 - - [09/May/2021:10:10:57 +0800] "GET /xingrg/kc/buy/cgsh_order_operate.html?command=get_materiel&rest_code=00106&code=00101006133&supplier_code=00100015&order_time=2021-05-09 HTTP/1.1" 200 415
180.161.124.236 - - [09/May/2021:10:10:59 +0800] "GET /xingrg/kc/buy/cgsh_order_operate.html?command=get_materiel&rest_code=00102&code=00101010161&supplier_code=00100151&order_time=2021-05-09 HTTP/1.1" 200 409
116.230.76.31 - - [09/May/2021:10:11:00 +0800] "GET /xingrg/kc/buy/cgsh_order_add.html HTTP/1.1" 200 62076
116.230.76.31 - - [09/May/2021:10:11:00 +0800] "GET /xingrg/javascript/easyui/themes/default/validatebox.css HTTP/1.1" 404 1104
116.230.76.31 - - [09/May/2021:10:11:00 +0800] "POST /xingrg/kc/buy/cgsh_order_operate.html HTTP/1.1" 200 8245
120.253.135.82 - - [09/May/2021:10:11:01 +0800] "GET /xingrg/kc/pszx/mdqp_order_info.html?code=302021050900169 HTTP/1.1" 200 13346
120.253.135.82 - - [09/May/2021:10:11:01 +0800] "GET /xingrg/dwr/interface/AjaxComOrderService.js HTTP/1.1" 200 18264
120.253.135.82 - - [09/May/2021:10:11:01 +0800] "GET /xingrg/dwr/interface/AjaxQqpsService.js HTTP/1.1" 200 16326
120.253.135.82 - - [09/May/2021:10:11:01 +0800] "GET /xingrg/dwr/engine.js HTTP/1.1" 200 43631
120.253.135.82 - - [09/May/2021:10:11:01 +0800] "POST /xingrg/dwr/call/plaincall/AjaxQqpsService.loadMaterielItems.dwr HTTP/1.1" 200 1023
116.230.76.31 - - [09/May/2021:10:11:01 +0800] "GET /xingrg/javascript/easyui/themes/default/tree.css HTTP/1.1" 404 1090
116.230.76.31 - - [09/May/2021:10:11:01 +0800] "POST /xingrg/all/common/load_tree.html?tree=supplier_tree_json&isDelete=1 HTTP/1.1" 200 55318
120.253.135.82 - - [09/May/2021:10:11:03 +0800] "GET /xingrg/kc/pszx/mdqp_order_list.html?isBack=1 HTTP/1.1" 302 -
120.253.135.82 - - [09/May/2021:10:11:03 +0800] "GET /xingrg/kc/pszx/mdqp_order_list.html?state=10 HTTP/1.1" 200 11836
120.253.135.82 - - [09/May/2021:10:11:03 +0800] "GET /xingrg/dwr/interface/AjaxQqpsService.js HTTP/1.1" 200 16326
120.253.135.82 - - [09/May/2021:10:11:03 +0800] "GET /xingrg/dwr/interface/AjaxReportQueryService.js HTTP/1.1" 200 13203
120.253.135.82 - - [09/May/2021:10:11:03 +0800] "GET /xingrg/dwr/engine.js HTTP/1.1" 200 43631
116.224.253.72 - - [09/May/2021:10:11:04 +0800] "GET /xingrg/all/function/internal_message.html?_=1620526260596&CODE_STATE=getMsg HTTP/1.1" 200 27
116.230.76.31 - - [09/May/2021:10:11:04 +0800] "GET /xingrg/check_reg.html?_=1620526260249 HTTP/1.1" 200 22
120.253.135.82 - - [09/May/2021:10:11:04 +0800] "GET /xingrg/kc/pszx/mdqp_order_info.html?code=302021050900170 HTTP/1.1" 200 13346
120.253.135.82 - - [09/May/2021:10:11:05 +0800] "GET /xingrg/dwr/interface/AjaxComOrderService.js HTTP/1.1" 200 18264
120.253.135.82 - - [09/May/2021:10:11:05 +0800] "GET /xingrg/dwr/interface/AjaxQqpsService.js HTTP/1.1" 200 16326
120.253.135.82 - - [09/May/2021:10:11:05 +0800] "GET /xingrg/dwr/engine.js HTTP/1.1" 200 43631
116.230.76.31 - - [09/May/2021:10:11:05 +0800] "GET /xingrg/all/function/internal_message.html?_=1620526260505&CODE_STATE=getMsg HTTP/1.1" 200 27
120.253.135.82 - - [09/May/2021:10:11:05 +0800] "POST /xingrg/dwr/call/plaincall/AjaxQqpsService.loadMaterielItems.dwr HTTP/1.1" 200 354
116.224.253.72 - - [09/May/2021:10:11:05 +0800] "GET /xingrg/all/function/internal_message.html?_=1620526253602&CODE_STATE=getMsg HTTP/1.1" 200 27
61.165.42.208 - - [09/May/2021:10:11:06 +0800] "GET /xingrg/all/function/internal_message.html?_=1620526261834&CODE_STATE=getMsg HTTP/1.1" 200 27
120.253.135.82 - - [09/May/2021:10:11:07 +0800] "GET /xingrg/kc/pszx/mdqp_order_list.html?isBack=1 HTTP/1.1" 302 -
120.253.135.82 - - [09/May/2021:10:11:07 +0800] "GET /xingrg/kc/pszx/mdqp_order_list.html?state=10 HTTP/1.1" 200 11836
120.253.135.82 - - [09/May/2021:10:11:07 +0800] "GET /xingrg/dwr/interface/AjaxQqpsService.js HTTP/1.1" 200 16326
120.253.135.82 - - [09/May/2021:10:11:07 +0800] "GET /xingrg/dwr/interface/AjaxReportQueryService.js HTTP/1.1" 200 13203
