116.224.253.72 - - [09/May/2021:08:52:38 +0800] "GET /xingrg/kc/buy/cgsh_order_operate.html?command=get_materiel&rest_code=00150&code=00101008087&supplier_code=00100007&order_time=2021-05-09 HTTP/1.1" 200 412
116.230.76.31 - - [09/May/2021:08:52:40 +0800] "GET /xingrg/kc/buy/cgsh_order_operate.html?command=get_materiel&rest_code=00107&code=00101008085&supplier_code=00100006&order_time=2021-05-09 HTTP/1.1" 200 412
116.230.76.31 - - [09/May/2021:08:52:40 +0800] "GET /xingrg/all/function/internal_message.html?_=1620521555691&CODE_STATE=getMsg HTTP/1.1" 200 27
61.165.42.208 - - [09/May/2021:08:52:43 +0800] "GET /xingrg/kc/buy/cgsh_order_operate.html?command=get_materiel&rest_code=00105&code=00101015006&supplier_code=00100203&order_time=2021-05-09 HTTP/1.1" 200 413
116.224.253.72 - - [09/May/2021:08:52:45 +0800] "GET /xingrg/kc/buy/cgsh_order_operate.html?command=get_materiel&rest_code=00150&code=00101008361&supplier_code=00100007&order_time=2021-05-09 HTTP/1.1" 200 408
58.40.7.146 - - [09/May/2021:08:52:48 +0800] "GET /xingrg/all/function/internal_message.html?_=1620521563958&CODE_STATE=getMsg HTTP/1.1" 200 27
116.230.76.31 - - [09/May/2021:08:52:51 +0800] "GET /xingrg/kc/buy/cgsh_order_operate.html?command=get_materiel&rest_code=00107&code=00101008119&supplier_code=00100006&order_time=2021-05-09 HTTP/1.1" 200 412
114.88.167.174 - - [09/May/2021:08:52:52 +0800] "GET /xingrg/all/function/internal_message.html?_=1620521565476&CODE_STATE=getMsg HTTP/1.1" 200 27
116.224.253.72 - - [09/May/2021:08:52:54 +0800] "GET /xingrg/kc/buy/cgsh_order_operate.html?command=get_materiel&rest_code=00150&code=00101008355&supplier_code=00100007&order_time=2021-05-09 HTTP/1.1" 200 408
116.230.110.80 - - [09/May/2021:08:52:59 +0800] "GET /xingrg/all/function/internal_message.html?_=1620521572708&CODE_STATE=getMsg HTTP/1.1" 200 27
116.224.253.72 - - [09/May/2021:08:53:00 +0800] "GET /xingrg/check_reg.html?_=1620521568159 HTTP/1.1" 200 22
116.224.253.72 - - [09/May/2021:08:53:00 +0800] "GET /xingrg/kc/buy/cgsh_order_operate.html?command=get_materiel&rest_code=00150&code=00101008144&supplier_code=00100007&order_time=2021-05-09 HTTP/1.1" 200 412
116.230.76.31 - - [09/May/2021:08:53:05 +0800] "GET /xingrg/kc/buy/cgsh_order_operate.html?command=get_materiel&rest_code=00107&code=00101008096&supplier_code=00100006&order_time=2021-05-09 HTTP/1.1" 200 412
61.165.42.208 - - [09/May/2021:08:53:05 +0800] "GET /xingrg/all/function/internal_message.html?_=1620521581806&CODE_STATE=getMsg HTTP/1.1" 200 27
116.224.253.72 - - [09/May/2021:08:53:10 +0800] "GET /xingrg/kc/buy/cgsh_order_operate.html?command=get_materiel&rest_code=00150&code=00101008356&supplier_code=00100007&order_time=2021-05-09 HTTP/1.1" 200 408
61.165.42.208 - - [09/May/2021:08:53:11 +0800] "GET /xingrg/kc/buy/cgsh_order_operate.html?command=get_materiel&rest_code=00105&code=00101008114&supplier_code=00100203&order_time=2021-05-09 HTTP/1.1" 200 412
116.230.76.31 - - [09/May/2021:08:53:15 +0800] "GET /xingrg/kc/buy/cgsh_order_operate.html?command=get_materiel&rest_code=00107&code=00101008038&supplier_code=00100006&order_time=2021-05-09 HTTP/1.1" 200 412
116.224.253.72 - - [09/May/2021:08:53:15 +0800] "GET /xingrg/all/function/internal_message.html?_=1620521583773&CODE_STATE=getMsg HTTP/1.1" 200 27
61.165.42.208 - - [09/May/2021:08:53:18 +0800] "GET /xingrg/kc/buy/cgsh_order_operate.html?command=get_materiel&rest_code=00105&code=00101008123&supplier_code=00100203&order_time=2021-05-09 HTTP/1.1" 200 412
116.224.253.72 - - [09/May/2021:08:53:18 +0800] "GET /xingrg/kc/buy/cgsh_order_operate.html?command=get_materiel&rest_code=00150&code=00101008016&supplier_code=00100007&order_time=2021-05-09 HTTP/1.1" 200 418
116.230.76.31 - - [09/May/2021:08:53:25 +0800] "GET /xingrg/kc/buy/cgsh_order_operate.html?command=get_materiel&rest_code=00107&code=00101008358&supplier_code=00100006&order_time=2021-05-09 HTTP/1.1" 200 412
116.224.253.72 - - [09/May/2021:08:53:30 +0800] "GET /xingrg/kc/buy/cgsh_order_operate.html?command=get_materiel&rest_code=00150&code=00101008272&supplier_code=00100007&order_time=2021-05-09 HTTP/1.1" 200 412
61.165.42.208 - - [09/May/2021:08:53:30 +0800] "GET /xingrg/kc/buy/cgsh_order_operate.html?command=get_materiel&rest_code=00105&code=00101015038&supplier_code=00100203&order_time=2021-05-09 HTTP/1.1" 200 418
120.253.135.82 - - [09/May/2021:08:53:30 +0800] "GET /xingrg/all/function/internal_message.html?_=1620521671508&CODE_STATE=getMsg HTTP/1.1" 200 27
116.224.253.72 - - [09/May/2021:08:53:36 +0800] "GET /xingrg/kc/buy/cgsh_order_operate.html?command=get_materiel&rest_code=00150&code=00101008137&supplier_code=00100007&order_time=2021-05-09 HTTP/1.1" 200 408
116.230.114.112 - - [09/May/2021:08:53:37 +0800] "GET /xingrg/all/function/internal_message.html?_=1620521637932&CODE_STATE=getMsg HTTP/1.1" 200 27
116.230.76.31 - - [09/May/2021:08:53:37 +0800] "GET /xingrg/kc/buy/cgsh_order_operate.html?command=get_materiel&rest_code=00107&code=00101008283&supplier_code=00100006&order_time=2021-05-09 HTTP/1.1" 200 408
61.165.42.208 - - [09/May/2021:08:53:38 +0800] "GET /xingrg/kc/buy/cgsh_order_operate.html?command=get_materiel&rest_code=00105&code=00101015046&supplier_code=00100203&order_time=2021-05-09 HTTP/1.1" 200 412
116.230.76.31 - - [09/May/2021:08:53:40 +0800] "GET /xingrg/all/function/internal_message.html?_=1620521615674&CODE_STATE=getMsg HTTP/1.1" 200 27
116.224.253.72 - - [09/May/2021:08:53:45 +0800] "GET /xingrg/kc/buy/cgsh_order_operate.html?command=get_materiel&rest_code=00150&code=00101008133&supplier_code=00100007&order_time=2021-05-09 HTTP/1.1" 200 408
61.165.42.208 - - [09/May/2021:08:53:46 +0800] "GET /xingrg/kc/buy/cgsh_order_operate.html?command=get_materiel&rest_code=00105&code=00101008122&supplier_code=00100203&order_time=2021-05-09 HTTP/1.1" 200 413
116.230.76.31 - - [09/May/2021:08:53:46 +0800] "GET /xingrg/kc/buy/cgsh_order_operate.html?command=get_materiel&rest_code=00107&code=00101008355&supplier_code=00100006&order_time=2021-05-09 HTTP/1.1" 200 408
120.253.135.82 - - [09/May/2021:08:53:47 +0800] "GET /xingrg/check_reg.html?_=1620521688565 HTTP/1.1" 200 22
58.40.7.146 - - [09/May/2021:08:53:48 +0800] "GET /xingrg/all/function/internal_message.html?_=1620521623961&CODE_STATE=getMsg HTTP/1.1" 200 27
114.88.167.174 - - [09/May/2021:08:53:52 +0800] "GET /xingrg/all/function/internal_message.html?_=1620521625512&CODE_STATE=getMsg HTTP/1.1" 200 27
61.165.42.208 - - [09/May/2021:08:53:53 +0800] "GET /xingrg/kc/buy/cgsh_order_operate.html?command=get_materiel&rest_code=00105&code=00101008236&supplier_code=00100203&order_time=2021-05-09 HTTP/1.1" 200 416
116.224.253.72 - - [09/May/2021:08:53:55 +0800] "GET /xingrg/kc/buy/cgsh_order_operate.html?command=get_materiel&rest_code=00150&code=00101008357&supplier_code=00100007&order_time=2021-05-09 HTTP/1.1" 200 408
116.230.76.31 - - [09/May/2021:08:53:56 +0800] "GET /xingrg/kc/buy/cgsh_order_operate.html?command=get_materiel&rest_code=00107&code=00101008144&supplier_code=00100006&order_time=2021-05-09 HTTP/1.1" 200 412
116.230.110.80 - - [09/May/2021:08:53:59 +0800] "GET /xingrg/all/function/internal_message.html?_=1620521632691&CODE_STATE=getMsg HTTP/1.1" 200 27
61.165.42.208 - - [09/May/2021:08:54:00 +0800] "GET /xingrg/kc/buy/cgsh_order_operate.html?command=get_materiel&rest_code=00105&code=00101008168&supplier_code=00100203&order_time=2021-05-09 HTTP/1.1" 200 413
116.224.253.72 - - [09/May/2021:08:54:01 +0800] "GET /xingrg/kc/buy/cgsh_order_operate.html?command=get_materiel&rest_code=00150&code=00101008286&supplier_code=00100007&order_time=2021-05-09 HTTP/1.1" 200 408
61.165.42.208 - - [09/May/2021:08:54:05 +0800] "GET /xingrg/all/function/internal_message.html?_=1620521641777&CODE_STATE=getMsg HTTP/1.1" 200 27
116.230.76.31 - - [09/May/2021:08:54:09 +0800] "GET /xingrg/kc/buy/cgsh_order_operate.html?command=get_materiel&rest_code=00107&code=00101008146&supplier_code=00100006&order_time=2021-05-09 HTTP/1.1" 200 418
116.224.253.72 - - [09/May/2021:08:54:14 +0800] "POST /xingrg/kc/buy/cgsh_order_operate.html HTTP/1.1" 200 37
116.224.253.72 - - [09/May/2021:08:54:15 +0800] "POST /xingrg/kc/buy/cgsh_order_operate.html HTTP/1.1" 200 13886
116.224.253.72 - - [09/May/2021:08:54:16 +0800] "GET /xingrg/all/function/internal_message.html?_=1620521643907&CODE_STATE=getMsg HTTP/1.1" 200 27
116.224.253.72 - - [09/May/2021:08:54:22 +0800] "GET /xingrg/kc/buy/cgsh_order_operate.html?command=get_materiel&rest_code=00150&code=00101008108&supplier_code=00100007&order_time=2021-05-09 HTTP/1.1" 200 412
61.165.42.208 - - [09/May/2021:08:54:23 +0800] "GET /xingrg/kc/buy/cgsh_order_operate.html?command=get_materiel&rest_code=00105&code=00101008354&supplier_code=00100203&order_time=2021-05-09 HTTP/1.1" 200 412
61.165.42.208 - - [09/May/2021:08:54:25 +0800] "POST /xingrg/kc/buy/cgsh_order_operate.html HTTP/1.1" 200 2065
61.165.42.208 - - [09/May/2021:08:54:27 +0800] "POST /xingrg/kc/buy/cgsh_order_operate.html HTTP/1.1" 200 2065
116.230.76.31 - - [09/May/2021:08:54:29 +0800] "GET /xingrg/kc/buy/cgsh_order_operate.html?command=get_materiel&rest_code=00107&code=00101008357&supplier_code=00100006&order_time=2021-05-09 HTTP/1.1" 200 408
120.253.135.82 - - [09/May/2021:08:54:30 +0800] "GET /xingrg/all/function/internal_message.html?_=1620521731511&CODE_STATE=getMsg HTTP/1.1" 200 27
116.224.253.72 - - [09/May/2021:08:54:32 +0800] "GET /xingrg/kc/buy/cgsh_order_operate.html?command=get_materiel&rest_code=00150&code=00101008318&supplier_code=00100007&order_time=2021-05-09 HTTP/1.1" 200 408
116.230.114.112 - - [09/May/2021:08:54:37 +0800] "GET /xingrg/all/function/internal_message.html?_=1620521697951&CODE_STATE=getMsg HTTP/1.1" 200 27
116.230.76.31 - - [09/May/2021:08:54:37 +0800] "GET /xingrg/kc/buy/cgsh_order_operate.html?command=get_materiel&rest_code=00107&code=00101008131&supplier_code=00100006&order_time=2021-05-09 HTTP/1.1" 200 408
61.165.42.208 - - [09/May/2021:08:54:40 +0800] "GET /xingrg/kc/buy/cgsh_order_operate.html?command=get_materiel&rest_code=00105&code=00101008221&supplier_code=00100203&order_time=2021-05-09 HTTP/1.1" 200 412
116.230.76.31 - - [09/May/2021:08:54:40 +0800] "GET /xingrg/all/function/internal_message.html?_=1620521675784&CODE_STATE=getMsg HTTP/1.1" 200 27
116.224.253.72 - - [09/May/2021:08:54:42 +0800] "GET /xingrg/kc/buy/cgsh_order_operate.html?command=get_materiel&rest_code=00150&code=00101008371&supplier_code=00100007&order_time=2021-05-09 HTTP/1.1" 200 412
61.165.42.208 - - [09/May/2021:08:54:47 +0800] "GET /xingrg/kc/buy/cgsh_order_operate.html?command=get_materiel&rest_code=00105&code=00101008333&supplier_code=00100203&order_time=2021-05-09 HTTP/1.1" 200 412
58.40.7.146 - - [09/May/2021:08:54:48 +0800] "GET /xingrg/all/function/internal_message.html?_=1620521683948&CODE_STATE=getMsg HTTP/1.1" 200 27
116.230.76.31 - - [09/May/2021:08:54:48 +0800] "GET /xingrg/kc/buy/cgsh_order_operate.html?command=get_materiel&rest_code=00107&code=00101008005&supplier_code=00100006&order_time=2021-05-09 HTTP/1.1" 200 412
116.224.253.72 - - [09/May/2021:08:54:49 +0800] "GET /xingrg/kc/buy/cgsh_order_operate.html?command=get_materiel&rest_code=00150&code=00101008005&supplier_code=00100007&order_time=2021-05-09 HTTP/1.1" 200 412
114.88.167.174 - - [09/May/2021:08:54:52 +0800] "GET /xingrg/all/function/internal_message.html?_=1620521685519&CODE_STATE=getMsg HTTP/1.1" 200 27
61.165.42.208 - - [09/May/2021:08:54:53 +0800] "GET /xingrg/kc/buy/cgsh_order_operate.html?command=get_materiel&rest_code=00105&code=00101008003&supplier_code=00100203&order_time=2021-05-09 HTTP/1.1" 200 408
116.224.253.72 - - [09/May/2021:08:54:57 +0800] "GET /xingrg/kc/buy/cgsh_order_operate.html?command=get_materiel&rest_code=00150&code=00101008271&supplier_code=00100007&order_time=2021-05-09 HTTP/1.1" 200 408
116.230.110.80 - - [09/May/2021:08:54:59 +0800] "GET /xingrg/all/function/internal_message.html?_=1620521692666&CODE_STATE=getMsg HTTP/1.1" 200 27
61.165.42.208 - - [09/May/2021:08:55:01 +0800] "GET /xingrg/kc/buy/cgsh_order_operate.html?command=get_materiel&rest_code=00105&code=00101008067&supplier_code=00100203&order_time=2021-05-09 HTTP/1.1" 200 416
116.224.253.72 - - [09/May/2021:08:55:03 +0800] "POST /xingrg/kc/buy/cgsh_order_operate.html HTTP/1.1" 200 37
116.230.76.31 - - [09/May/2021:08:55:04 +0800] "GET /xingrg/kc/buy/cgsh_order_operate.html?command=get_materiel&rest_code=00107&code=00101008223&supplier_code=00100006&order_time=2021-05-09 HTTP/1.1" 200 412
116.224.253.72 - - [09/May/2021:08:55:05 +0800] "POST /xingrg/kc/buy/cgsh_order_operate.html HTTP/1.1" 200 16845
61.165.42.208 - - [09/May/2021:08:55:05 +0800] "GET /xingrg/all/function/internal_message.html?_=1620521701747&CODE_STATE=getMsg HTTP/1.1" 200 27
61.165.42.208 - - [09/May/2021:08:55:05 +0800] "GET /xingrg/check_reg.html?_=1620521701797 HTTP/1.1" 200 22
116.230.114.112 - - [09/May/2021:08:55:07 +0800] "GET /xingrg/check_reg.html?_=1620521728849 HTTP/1.1" 200 22
61.165.42.208 - - [09/May/2021:08:55:10 +0800] "GET /xingrg/kc/buy/cgsh_order_operate.html?command=get_materiel&rest_code=00105&code=00101008059&supplier_code=00100203&order_time=2021-05-09 HTTP/1.1" 200 408
116.224.253.72 - - [09/May/2021:08:55:11 +0800] "GET /xingrg/kc/buy/cgsh_order_operate.html?command=get_materiel&rest_code=00150&code=00101008353&supplier_code=00100007&order_time=2021-05-09 HTTP/1.1" 200 408
116.224.253.72 - - [09/May/2021:08:55:16 +0800] "GET /xingrg/all/function/internal_message.html?_=1620521703909&CODE_STATE=getMsg HTTP/1.1" 200 27
222.69.131.186 - - [09/May/2021:08:55:19 +0800] "GET /xingrg/login.html?sysBaseUrl=http%3A%2F%2F180.169.147.146%3A18081%2Fxingrg%2F&costTime=31×tamp=1615347190560 HTTP/1.1" 200 7641
222.69.131.186 - - [09/May/2021:08:55:19 +0800] "GET /favicon.ico HTTP/1.1" 404 -
61.165.42.208 - - [09/May/2021:08:55:20 +0800] "GET /xingrg/kc/buy/cgsh_order_operate.html?command=get_materiel&rest_code=00105&code=00101008357&supplier_code=00100203&order_time=2021-05-09 HTTP/1.1" 200 408
222.69.131.186 - - [09/May/2021:08:55:21 +0800] "POST /xingrg/login.do HTTP/1.1" 302 -
222.69.131.186 - - [09/May/2021:08:55:21 +0800] "GET /xingrg/index.html?sysBaseUrl=http%3A%2F%2F180.169.147.146%3A18081%2Fxingrg%2F&costTime=52×tamp=1620521721510 HTTP/1.1" 200 17179
222.69.131.186 - - [09/May/2021:08:55:21 +0800] "GET /favicon.ico HTTP/1.1" 404 -
222.69.131.186 - - [09/May/2021:08:55:21 +0800] "POST /xingrg/all/common/load_tree.html?tree=area_rest_tree_json&manage=1 HTTP/1.1" 200 351
116.224.253.72 - - [09/May/2021:08:55:21 +0800] "GET /xingrg/kc/buy/cgsh_order_operate.html?command=get_materiel&rest_code=00150&code=00101008095&supplier_code=00100007&order_time=2021-05-09 HTTP/1.1" 200 412
222.69.131.186 - - [09/May/2021:08:55:21 +0800] "GET /xingrg/all/function/internal_message.html?_=1620521717363&CODE_STATE=count HTTP/1.1" 200 11
222.69.131.186 - - [09/May/2021:08:55:21 +0800] "GET /xingrg/check_reg.html?_=1620521717363 HTTP/1.1" 200 22
222.69.131.186 - - [09/May/2021:08:55:21 +0800] "POST /xingrg/load_menu.html HTTP/1.1" 200 5138
120.253.135.82 - - [09/May/2021:08:55:30 +0800] "GET /xingrg/all/function/internal_message.html?_=1620521791525&CODE_STATE=getMsg HTTP/1.1" 200 27
116.224.253.72 - - [09/May/2021:08:55:32 +0800] "GET /xingrg/kc/buy/cgsh_order_operate.html?command=get_materiel&rest_code=00150&code=00101008110&supplier_code=00100007&order_time=2021-05-09 HTTP/1.1" 200 408
61.165.42.208 - - [09/May/2021:08:55:33 +0800] "GET /xingrg/kc/buy/cgsh_order_operate.html?command=get_materiel&rest_code=00105&code=00101008069&supplier_code=00100203&order_time=2021-05-09 HTTP/1.1" 200 412
116.230.114.112 - - [09/May/2021:08:55:37 +0800] "GET /xingrg/all/function/internal_message.html?_=1620521757959&CODE_STATE=getMsg HTTP/1.1" 200 27
116.224.253.72 - - [09/May/2021:08:55:38 +0800] "GET /xingrg/kc/buy/cgsh_order_operate.html?command=get_materiel&rest_code=00150&code=00101008283&supplier_code=00100007&order_time=2021-05-09 HTTP/1.1" 200 408
116.230.76.31 - - [09/May/2021:08:55:40 +0800] "GET /xingrg/check_reg.html?_=1620521735587 HTTP/1.1" 200 22
116.230.76.31 - - [09/May/2021:08:55:40 +0800] "GET /xingrg/all/function/internal_message.html?_=1620521735761&CODE_STATE=getMsg HTTP/1.1" 200 27
180.161.124.236 - - [09/May/2021:08:55:43 +0800] "GET /xingrg/check_reg.html?_=1620522026005 HTTP/1.1" 302 -
116.224.253.72 - - [09/May/2021:08:55:44 +0800] "GET /xingrg/kc/buy/cgsh_order_operate.html?command=get_materiel&rest_code=00150&code=00101008298&supplier_code=00100007&order_time=2021-05-09 HTTP/1.1" 200 412
58.40.7.146 - - [09/May/2021:08:55:48 +0800] "GET /xingrg/all/function/internal_message.html?_=1620521743951&CODE_STATE=getMsg HTTP/1.1" 200 27
58.40.7.146 - - [09/May/2021:08:55:48 +0800] "GET /xingrg/check_reg.html?_=1620521743953 HTTP/1.1" 200 22
116.224.253.72 - - [09/May/2021:08:55:50 +0800] "POST /xingrg/kc/buy/cgsh_order_operate.html HTTP/1.1" 200 37
114.88.167.174 - - [09/May/2021:08:55:52 +0800] "GET /xingrg/all/function/internal_message.html?_=1620521745554&CODE_STATE=getMsg HTTP/1.1" 200 27
61.165.42.208 - - [09/May/2021:08:55:53 +0800] "GET /xingrg/kc/buy/cgsh_order_operate.html?command=get_materiel&rest_code=00105&code=00101016082&supplier_code=00100203&order_time=2021-05-09 HTTP/1.1" 200 427
116.224.253.72 - - [09/May/2021:08:55:54 +0800] "POST /xingrg/kc/buy/cgsh_order_operate.html HTTP/1.1" 200 19788
116.230.110.80 - - [09/May/2021:08:55:59 +0800] "GET /xingrg/all/function/internal_message.html?_=1620521752652&CODE_STATE=getMsg HTTP/1.1" 200 27
116.230.110.80 - - [09/May/2021:08:55:59 +0800] "GET /xingrg/check_reg.html?_=1620521752906 HTTP/1.1" 200 22
61.165.42.208 - - [09/May/2021:08:56:01 +0800] "GET /xingrg/kc/buy/cgsh_order_operate.html?command=get_materiel&rest_code=00105&code=00101008131&supplier_code=00100203&order_time=2021-05-09 HTTP/1.1" 200 408
222.69.131.186 - - [09/May/2021:08:56:03 +0800] "GET /xingrg/kc/buy/cgsh_order_list.html HTTP/1.1" 200 46256
222.69.131.186 - - [09/May/2021:08:56:04 +0800] "POST /xingrg/kc/buy/cgsh_list_operate.html HTTP/1.1" 200 876
61.165.42.208 - - [09/May/2021:08:56:05 +0800] "GET /xingrg/all/function/internal_message.html?_=1620521761727&CODE_STATE=getMsg HTTP/1.1" 200 27
61.165.42.208 - - [09/May/2021:08:56:09 +0800] "GET /xingrg/kc/buy/cgsh_order_operate.html?command=get_materiel&rest_code=00105&code=00101010136&supplier_code=00100203&order_time=2021-05-09 HTTP/1.1" 200 408
222.69.131.186 - - [09/May/2021:08:56:11 +0800] "GET /xingrg/kc/buy/cgsh_order_add.html HTTP/1.1" 200 62041
222.69.131.186 - - [09/May/2021:08:56:11 +0800] "GET /xingrg/words/20210508174830_words.js HTTP/1.1" 200 811656
222.69.131.186 - - [09/May/2021:08:56:12 +0800] "POST /xingrg/kc/buy/cgsh_order_operate.html HTTP/1.1" 200 8245
222.69.131.186 - - [09/May/2021:08:56:12 +0800] "GET /xingrg/all/common/auto_word.html?type=employee&rest_code=00149 HTTP/1.1" 200 197
222.69.131.186 - - [09/May/2021:08:56:12 +0800] "GET /xingrg/all/common/auto_word.html?type=employee&rest_code=00149 HTTP/1.1" 200 197
222.69.131.186 - - [09/May/2021:08:56:12 +0800] "GET /xingrg/javascript/easyui/themes/default/validatebox.css HTTP/1.1" 404 1104
116.224.253.72 - - [09/May/2021:08:56:13 +0800] "GET /xingrg/kc/buy/cgsh_order_operate.html?command=get_materiel&rest_code=00150&code=00101008331&supplier_code=00100007&order_time=2021-05-09 HTTP/1.1" 200 416
116.230.76.31 - - [09/May/2021:08:56:15 +0800] "GET /xingrg/kc/buy/cgsh_order_operate.html?command=get_materiel&rest_code=00107&code=00101008132&supplier_code=00100006&order_time=2021-05-09 HTTP/1.1" 200 408
116.224.253.72 - - [09/May/2021:08:56:16 +0800] "GET /xingrg/all/function/internal_message.html?_=1620521763922&CODE_STATE=getMsg HTTP/1.1" 200 27
61.165.42.208 - - [09/May/2021:08:56:17 +0800] "GET /xingrg/kc/buy/cgsh_order_operate.html?command=get_materiel&rest_code=00105&code=00101008098&supplier_code=00100203&order_time=2021-05-09 HTTP/1.1" 200 412
222.69.131.186 - - [09/May/2021:08:56:21 +0800] "GET /xingrg/all/function/internal_message.html?_=1620521777382&CODE_STATE=getMsg HTTP/1.1" 200 27
116.230.76.31 - - [09/May/2021:08:56:26 +0800] "GET /xingrg/kc/buy/cgsh_order_operate.html?command=get_materiel&rest_code=00107&code=00101008244&supplier_code=00100006&order_time=2021-05-09 HTTP/1.1" 200 408
120.253.135.82 - - [09/May/2021:08:56:30 +0800] "GET /xingrg/all/function/internal_message.html?_=1620521851579&CODE_STATE=getMsg HTTP/1.1" 200 27
116.230.76.31 - - [09/May/2021:08:56:36 +0800] "GET /xingrg/kc/buy/cgsh_order_operate.html?command=get_materiel&rest_code=00107&code=00101008028&supplier_code=00100006&order_time=2021-05-09 HTTP/1.1" 200 412
116.230.114.112 - - [09/May/2021:08:56:37 +0800] "GET /xingrg/all/function/internal_message.html?_=1620521817973&CODE_STATE=getMsg HTTP/1.1" 200 27
116.230.76.31 - - [09/May/2021:08:56:39 +0800] "POST /xingrg/kc/buy/cgsh_order_operate.html HTTP/1.1" 200 2065
61.165.42.208 - - [09/May/2021:08:56:39 +0800] "POST /xingrg/kc/buy/cgsh_order_operate.html HTTP/1.1" 200 2065
114.88.167.174 - - [09/May/2021:08:56:39 +0800] "GET /xingrg/check_reg.html?_=1620521792443 HTTP/1.1" 200 22
116.230.76.31 - - [09/May/2021:08:56:40 +0800] "GET /xingrg/all/function/internal_message.html?_=1620521795743&CODE_STATE=getMsg HTTP/1.1" 200 27
116.230.76.31 - - [09/May/2021:08:56:46 +0800] "GET /xingrg/kc/buy/cgsh_order_operate.html?command=get_materiel&rest_code=00107&code=00101008298&supplier_code=00100006&order_time=2021-05-09 HTTP/1.1" 200 412
58.40.7.146 - - [09/May/2021:08:56:48 +0800] "GET /xingrg/all/function/internal_message.html?_=1620521803956&CODE_STATE=getMsg HTTP/1.1" 200 27
114.88.167.174 - - [09/May/2021:08:56:52 +0800] "GET /xingrg/all/function/internal_message.html?_=1620521805561&CODE_STATE=getMsg HTTP/1.1" 200 27
61.165.42.208 - - [09/May/2021:08:56:55 +0800] "POST /xingrg/kc/buy/cgsh_order_operate.html HTTP/1.1" 200 37
61.165.42.208 - - [09/May/2021:08:56:56 +0800] "POST /xingrg/kc/buy/cgsh_order_operate.html HTTP/1.1" 200 52909
61.165.42.208 - - [09/May/2021:08:56:58 +0800] "GET /xingrg/kc/buy/cgsh_order_add.html HTTP/1.1" 200 62035
116.230.110.80 - - [09/May/2021:08:56:59 +0800] "GET /xingrg/all/function/internal_message.html?_=1620521812636&CODE_STATE=getMsg HTTP/1.1" 200 27
61.165.42.208 - - [09/May/2021:08:56:59 +0800] "GET /xingrg/javascript/easyui/themes/default/validatebox.css HTTP/1.1" 404 1104
61.165.42.208 - - [09/May/2021:08:56:59 +0800] "POST /xingrg/kc/buy/cgsh_order_operate.html HTTP/1.1" 200 8245
116.230.76.31 - - [09/May/2021:08:57:05 +0800] "GET /xingrg/kc/buy/cgsh_order_operate.html?command=get_materiel&rest_code=00107&code=00101008201&supplier_code=00100006&order_time=2021-05-09 HTTP/1.1" 200 412
61.165.42.208 - - [09/May/2021:08:57:05 +0800] "GET /xingrg/all/function/internal_message.html?_=1620521821768&CODE_STATE=getMsg HTTP/1.1" 200 27
61.165.42.208 - - [09/May/2021:08:57:08 +0800] "POST /xingrg/services/DataTransmitService HTTP/1.1" 200 524
61.165.42.208 - - [09/May/2021:08:57:09 +0800] "POST /xingrg/services/DataTransmitService HTTP/1.1" 200 501
61.165.42.208 - - [09/May/2021:08:57:09 +0800] "GET /xingrg/kc/buy/cgsh_order_operate.html?command=get_materiel&rest_code=00105&code=00102002453&supplier_code=00100070&order_time=2021-05-09 HTTP/1.1" 200 434
116.224.253.72 - - [09/May/2021:08:57:16 +0800] "GET /xingrg/all/function/internal_message.html?_=1620521823936&CODE_STATE=getMsg HTTP/1.1" 200 27
116.230.76.31 - - [09/May/2021:08:57:19 +0800] "GET /xingrg/kc/buy/cgsh_order_operate.html?command=get_materiel&rest_code=00107&code=00101008185&supplier_code=00100006&order_time=2021-05-09 HTTP/1.1" 200 428
222.69.131.186 - - [09/May/2021:08:57:21 +0800] "GET /xingrg/all/function/internal_message.html?_=1620521837373&CODE_STATE=getMsg HTTP/1.1" 200 27
61.165.42.208 - - [09/May/2021:08:57:22 +0800] "GET /xingrg/kc/buy/cgsh_order_operate.html?command=get_materiel&rest_code=00105&code=00102002334&supplier_code=00100070&order_time=2021-05-09 HTTP/1.1" 200 431
61.165.42.208 - - [09/May/2021:08:57:28 +0800] "POST /xingrg/kc/buy/cgsh_order_operate.html HTTP/1.1" 200 37
61.165.42.208 - - [09/May/2021:08:57:29 +0800] "POST /xingrg/kc/buy/cgsh_order_operate.html HTTP/1.1" 200 3265
120.253.135.82 - - [09/May/2021:08:57:30 +0800] "GET /xingrg/all/function/internal_message.html?_=1620521911584&CODE_STATE=getMsg HTTP/1.1" 200 27
61.165.42.208 - - [09/May/2021:08:57:31 +0800] "GET /xingrg/kc/print/load_config.html?kc_code=cgsh HTTP/1.1" 200 1845
61.165.42.208 - - [09/May/2021:08:57:31 +0800] "GET /xingrg/kc/print/load_data.html?order_code=212021050903637&kc_code=cgsh&condition= HTTP/1.1" 200 918
116.230.76.31 - - [09/May/2021:08:57:32 +0800] "GET /xingrg/kc/buy/cgsh_order_operate.html?command=get_materiel&rest_code=00107&code=00101008361&supplier_code=00100006&order_time=2021-05-09 HTTP/1.1" 200 408
116.230.76.31 - - [09/May/2021:08:57:34 +0800] "POST /xingrg/kc/buy/cgsh_order_operate.html HTTP/1.1" 200 2065
61.165.42.208 - - [09/May/2021:08:57:36 +0800] "POST /xingrg/services/DataTransmitService HTTP/1.1" 200 524
116.230.114.112 - - [09/May/2021:08:57:37 +0800] "GET /xingrg/all/function/internal_message.html?_=1620521877990&CODE_STATE=getMsg HTTP/1.1" 200 27
180.161.124.236 - - [09/May/2021:08:57:41 +0800] "GET /favicon.ico HTTP/1.1" 404 -
180.161.124.236 - - [09/May/2021:08:57:41 +0800] "GET /favicon.ico HTTP/1.1" 404 -
116.230.76.31 - - [09/May/2021:08:57:41 +0800] "GET /xingrg/all/function/internal_message.html?_=1620521857166&CODE_STATE=getMsg HTTP/1.1" 200 27
180.161.124.236 - - [09/May/2021:08:57:42 +0800] "GET /favicon.ico HTTP/1.1" 404 -
180.161.124.236 - - [09/May/2021:08:57:42 +0800] "GET /favicon.ico HTTP/1.1" 404 -
61.165.42.208 - - [09/May/2021:08:57:45 +0800] "POST /xingrg/services/DataTransmitService HTTP/1.1" 200 501
61.165.42.208 - - [09/May/2021:08:57:45 +0800] "POST /xingrg/services/DataTransmitService HTTP/1.1" 200 501
61.165.42.208 - - [09/May/2021:08:57:46 +0800] "POST /xingrg/services/DataTransmitService HTTP/1.1" 200 501
61.165.42.208 - - [09/May/2021:08:57:47 +0800] "POST /xingrg/services/DataTransmitService HTTP/1.1" 200 501
61.165.42.208 - - [09/May/2021:08:57:47 +0800] "POST /xingrg/services/DataTransmitService HTTP/1.1" 200 501
61.165.42.208 - - [09/May/2021:08:57:48 +0800] "POST /xingrg/services/DataTransmitService HTTP/1.1" 200 501
58.40.7.146 - - [09/May/2021:08:57:48 +0800] "GET /xingrg/all/function/internal_message.html?_=1620521863959&CODE_STATE=getMsg HTTP/1.1" 200 27
61.165.42.208 - - [09/May/2021:08:57:48 +0800] "GET /xingrg/kc/buy/cgsh_order_add.html HTTP/1.1" 200 62035
61.165.42.208 - - [09/May/2021:08:57:48 +0800] "POST /xingrg/services/DataTransmitService HTTP/1.1" 200 501
61.165.42.208 - - [09/May/2021:08:57:48 +0800] "GET /xingrg/javascript/easyui/themes/default/validatebox.css HTTP/1.1" 404 1104
61.165.42.208 - - [09/May/2021:08:57:48 +0800] "POST /xingrg/kc/buy/cgsh_order_operate.html HTTP/1.1" 200 8245
61.165.42.208 - - [09/May/2021:08:57:49 +0800] "POST /xingrg/services/DataTransmitService HTTP/1.1" 200 501
61.165.42.208 - - [09/May/2021:08:57:50 +0800] "POST /xingrg/services/DataTransmitService HTTP/1.1" 200 501
116.230.76.31 - - [09/May/2021:08:57:50 +0800] "GET /xingrg/kc/buy/cgsh_order_operate.html?command=get_materiel&rest_code=00107&code=00101008067&supplier_code=00100006&order_time=2021-05-09 HTTP/1.1" 200 416
61.165.42.208 - - [09/May/2021:08:57:51 +0800] "POST /xingrg/services/DataTransmitService HTTP/1.1" 200 412
114.88.167.174 - - [09/May/2021:08:57:52 +0800] "GET /xingrg/all/function/internal_message.html?_=1620521865576&CODE_STATE=getMsg HTTP/1.1" 200 27
61.165.42.208 - - [09/May/2021:08:57:56 +0800] "POST /xingrg/services/DataTransmitService HTTP/1.1" 200 524
61.165.42.208 - - [09/May/2021:08:57:57 +0800] "POST /xingrg/services/DataTransmitService HTTP/1.1" 200 2235
61.165.42.208 - - [09/May/2021:08:57:57 +0800] "GET /xingrg/kc/buy/cgsh_order_operate.html?command=get_materiel&rest_code=00105&code=00101011005&supplier_code=00100052&order_time=2021-05-09 HTTP/1.1" 200 428
61.165.42.208 - - [09/May/2021:08:57:57 +0800] "POST /xingrg/services/DataTransmitService HTTP/1.1" 200 137108
116.230.110.80 - - [09/May/2021:08:57:59 +0800] "GET /xingrg/all/function/internal_message.html?_=1620521872610&CODE_STATE=getMsg HTTP/1.1" 200 27
116.224.253.72 - - [09/May/2021:08:58:00 +0800] "GET /xingrg/check_reg.html?_=1620521868164 HTTP/1.1" 200 22
116.230.76.31 - - [09/May/2021:08:58:01 +0800] "GET /xingrg/kc/buy/cgsh_order_operate.html?command=get_materiel&rest_code=00107&code=00101008300&supplier_code=00100006&order_time=2021-05-09 HTTP/1.1" 200 412
222.69.131.186 - - [09/May/2021:08:58:05 +0800] "GET /xingrg/javascript/auto/indicator.gif HTTP/1.1" 404 1066
61.165.42.208 - - [09/May/2021:08:58:05 +0800] "GET /xingrg/all/function/internal_message.html?_=1620521881736&CODE_STATE=getMsg HTTP/1.1" 200 27
222.69.131.186 - - [09/May/2021:08:58:06 +0800] "GET /xingrg/javascript/jquery_tools/images/prev.gif HTTP/1.1" 404 1086
222.69.131.186 - - [09/May/2021:08:58:06 +0800] "GET /xingrg/javascript/jquery_tools/images/next.gif HTTP/1.1" 404 1086
116.224.253.72 - - [09/May/2021:08:58:16 +0800] "GET /xingrg/all/function/internal_message.html?_=1620521883949&CODE_STATE=getMsg HTTP/1.1" 200 27
116.230.76.31 - - [09/May/2021:08:58:21 +0800] "GET /xingrg/kc/buy/cgsh_order_operate.html?command=get_materiel&rest_code=00107&code=00101008286&supplier_code=00100006&order_time=2021-05-09 HTTP/1.1" 200 408
222.69.131.186 - - [09/May/2021:08:58:21 +0800] "GET /xingrg/all/function/internal_message.html?_=1620521897378&CODE_STATE=getMsg HTTP/1.1" 200 27
61.165.42.208 - - [09/May/2021:08:58:27 +0800] "GET /xingrg/kc/buy/cgsh_order_operate.html?command=get_materiel&rest_code=00105&code=00101011010&supplier_code=00100052&order_time=2021-05-09 HTTP/1.1" 200 418
222.69.131.186 - - [09/May/2021:08:58:27 +0800] "GET /xingrg/kc/buy/cgsh_order_operate.html?command=get_materiel&rest_code=00149&code=00101007125&supplier_code=00100205&order_time=2021-05-09 HTTP/1.1" 200 408
120.253.135.82 - - [09/May/2021:08:58:30 +0800] "GET /xingrg/all/function/internal_message.html?_=1620521971630&CODE_STATE=getMsg HTTP/1.1" 200 27
61.165.42.208 - - [09/May/2021:08:58:35 +0800] "POST /xingrg/kc/buy/cgsh_order_operate.html HTTP/1.1" 200 37
61.165.42.208 - - [09/May/2021:08:58:36 +0800] "POST /xingrg/kc/buy/cgsh_order_operate.html HTTP/1.1" 200 3259
116.230.114.112 - - [09/May/2021:08:58:37 +0800] "GET /xingrg/all/function/internal_message.html?_=1620521937999&CODE_STATE=getMsg HTTP/1.1" 200 27
61.165.42.208 - - [09/May/2021:08:58:37 +0800] "GET /xingrg/kc/print/load_data.html?order_code=212021050903638&kc_code=cgsh&condition= HTTP/1.1" 200 953
61.165.42.208 - - [09/May/2021:08:58:41 +0800] "GET /xingrg/kc/buy/cgsh_order_add.html HTTP/1.1" 200 62035
61.165.42.208 - - [09/May/2021:08:58:41 +0800] "POST /xingrg/kc/buy/cgsh_order_operate.html HTTP/1.1" 200 8245
61.165.42.208 - - [09/May/2021:08:58:41 +0800] "GET /xingrg/javascript/easyui/themes/default/validatebox.css HTTP/1.1" 404 1104
116.230.76.31 - - [09/May/2021:08:58:41 +0800] "GET /xingrg/all/function/internal_message.html?_=1620521917157&CODE_STATE=getMsg HTTP/1.1" 200 27
116.230.76.31 - - [09/May/2021:08:58:42 +0800] "GET /xingrg/kc/buy/cgsh_order_operate.html?command=get_materiel&rest_code=00107&code=00101008296&supplier_code=00100006&order_time=2021-05-09 HTTP/1.1" 200 435
222.69.131.186 - - [09/May/2021:08:58:43 +0800] "GET /xingrg/kc/buy/cgsh_order_operate.html?command=get_materiel&rest_code=00149&code=00101007081&supplier_code=00100205&order_time=2021-05-09 HTTP/1.1" 200 413
116.230.76.31 - - [09/May/2021:08:58:45 +0800] "POST /xingrg/kc/buy/cgsh_order_operate.html HTTP/1.1" 200 2065
120.253.135.82 - - [09/May/2021:08:58:47 +0800] "GET /xingrg/check_reg.html?_=1620521988576 HTTP/1.1" 200 22
58.40.7.146 - - [09/May/2021:08:58:48 +0800] "GET /xingrg/all/function/internal_message.html?_=1620521923961&CODE_STATE=getMsg HTTP/1.1" 200 27
61.165.42.208 - - [09/May/2021:08:58:49 +0800] "GET /xingrg/kc/buy/cgsh_order_operate.html?command=get_materiel&rest_code=00105&code=00101002027&supplier_code=00100397&order_time=2021-05-09 HTTP/1.1" 200 433
114.88.167.174 - - [09/May/2021:08:58:52 +0800] "GET /xingrg/all/function/internal_message.html?_=1620521925615&CODE_STATE=getMsg HTTP/1.1" 200 27
116.230.76.31 - - [09/May/2021:08:58:55 +0800] "GET /xingrg/kc/buy/cgsh_order_operate.html?command=get_materiel&rest_code=00107&code=00101008353&supplier_code=00100006&order_time=2021-05-09 HTTP/1.1" 200 408
116.230.110.80 - - [09/May/2021:08:58:59 +0800] "GET /xingrg/all/function/internal_message.html?_=1620521932589&CODE_STATE=getMsg HTTP/1.1" 200 27
61.165.42.208 - - [09/May/2021:08:59:02 +0800] "GET /xingrg/kc/buy/cgsh_order_operate.html?command=get_materiel&rest_code=00105&code=00101002022&supplier_code=00100397&order_time=2021-05-09 HTTP/1.1" 200 428
61.165.42.208 - - [09/May/2021:08:59:05 +0800] "GET /xingrg/all/function/internal_message.html?_=1620521941764&CODE_STATE=getMsg HTTP/1.1" 200 27
116.230.76.31 - - [09/May/2021:08:59:10 +0800] "GET /xingrg/kc/buy/cgsh_order_operate.html?command=get_materiel&rest_code=00107&code=00101008261&supplier_code=00100006&order_time=2021-05-09 HTTP/1.1" 200 408
116.224.253.72 - - [09/May/2021:08:59:16 +0800] "GET /xingrg/all/function/internal_message.html?_=1620521943964&CODE_STATE=getMsg HTTP/1.1" 200 27
61.165.42.208 - - [09/May/2021:08:59:16 +0800] "GET /xingrg/kc/buy/cgsh_order_operate.html?command=get_materiel&rest_code=00105&code=00101001010&supplier_code=00100397&order_time=2021-05-09 HTTP/1.1" 200 409
116.230.110.80 - - [09/May/2021:08:59:19 +0800] "GET /xingrg/kc/buy/cgsh_order_add.html HTTP/1.1" 200 61956
116.230.110.80 - - [09/May/2021:08:59:19 +0800] "POST /xingrg/kc/buy/cgsh_order_operate.html HTTP/1.1" 200 8245
116.230.110.80 - - [09/May/2021:08:59:19 +0800] "GET /xingrg/javascript/easyui/themes/default/validatebox.css HTTP/1.1" 404 1104
222.69.131.186 - - [09/May/2021:08:59:21 +0800] "GET /xingrg/all/function/internal_message.html?_=1620521957392&CODE_STATE=getMsg HTTP/1.1" 200 27
116.230.76.31 - - [09/May/2021:08:59:25 +0800] "GET /xingrg/kc/buy/cgsh_order_operate.html?command=get_materiel&rest_code=00107&code=00101008210&supplier_code=00100006&order_time=2021-05-09 HTTP/1.1" 200 408
222.69.131.186 - - [09/May/2021:08:59:27 +0800] "GET /xingrg/kc/buy/cgsh_order_operate.html?command=get_materiel&rest_code=00149&code=00101007061&supplier_code=00100205&order_time=2021-05-09 HTTP/1.1" 200 411
116.230.110.80 - - [09/May/2021:08:59:29 +0800] "GET /xingrg/kc/buy/cgsh_order_operate.html?command=get_materiel&rest_code=00155&code=00101010161&supplier_code=00100199&order_time=2021-05-09 HTTP/1.1" 200 409
120.253.135.82 - - [09/May/2021:08:59:30 +0800] "GET /xingrg/all/function/internal_message.html?_=1620522031644&CODE_STATE=getMsg HTTP/1.1" 200 27
116.230.76.31 - - [09/May/2021:08:59:34 +0800] "GET /xingrg/kc/buy/cgsh_order_operate.html?command=get_materiel&rest_code=00107&code=00101008312&supplier_code=00100006&order_time=2021-05-09 HTTP/1.1" 200 412
116.230.114.112 - - [09/May/2021:08:59:37 +0800] "GET /xingrg/all/function/internal_message.html?_=1620521998014&CODE_STATE=getMsg HTTP/1.1" 200 27
116.230.110.80 - - [09/May/2021:08:59:37 +0800] "GET /xingrg/kc/buy/cgsh_order_operate.html?command=get_materiel&rest_code=00155&code=00101002041&supplier_code=00100199&order_time=2021-05-09 HTTP/1.1" 200 409
222.69.131.186 - - [09/May/2021:08:59:40 +0800] "GET /xingrg/kc/buy/cgsh_order_operate.html?command=get_materiel&rest_code=00149&code=00101007082&supplier_code=00100205&order_time=2021-05-09 HTTP/1.1" 200 428
116.230.76.31 - - [09/May/2021:08:59:41 +0800] "GET /xingrg/all/function/internal_message.html?_=1620521977147&CODE_STATE=getMsg HTTP/1.1" 200 27
116.230.110.80 - - [09/May/2021:08:59:43 +0800] "GET /xingrg/kc/buy/cgsh_order_operate.html?command=get_materiel&rest_code=00155&code=00101002027&supplier_code=00100199&order_time=2021-05-09 HTTP/1.1" 200 433
61.165.42.208 - - [09/May/2021:08:59:43 +0800] "GET /xingrg/kc/buy/cgsh_order_operate.html?command=get_materiel&rest_code=00105&code=00101001061&supplier_code=00100397&order_time=2021-05-09 HTTP/1.1" 200 417
116.230.76.31 - - [09/May/2021:08:59:47 +0800] "POST /xingrg/kc/buy/cgsh_order_operate.html HTTP/1.1" 200 2065
58.40.7.146 - - [09/May/2021:08:59:48 +0800] "GET /xingrg/all/function/internal_message.html?_=1620521983964&CODE_STATE=getMsg HTTP/1.1" 200 27
114.88.167.174 - - [09/May/2021:08:59:52 +0800] "GET /xingrg/all/function/internal_message.html?_=1620521985634&CODE_STATE=getMsg HTTP/1.1" 200 27
61.165.42.208 - - [09/May/2021:08:59:53 +0800] "POST /xingrg/kc/buy/cgsh_order_operate.html HTTP/1.1" 200 37
61.165.42.208 - - [09/May/2021:08:59:54 +0800] "POST /xingrg/kc/buy/cgsh_order_operate.html HTTP/1.1" 200 5029
116.230.110.80 - - [09/May/2021:08:59:54 +0800] "GET /xingrg/kc/buy/cgsh_order_operate.html?command=get_materiel&rest_code=00155&code=00101001075&supplier_code=00100199&order_time=2021-05-09 HTTP/1.1" 200 409
116.230.110.80 - - [09/May/2021:08:59:59 +0800] "GET /xingrg/all/function/internal_message.html?_=1620521992572&CODE_STATE=getMsg HTTP/1.1" 200 27
116.230.110.80 - - [09/May/2021:09:00:01 +0800] "GET /xingrg/kc/buy/cgsh_order_operate.html?command=get_materiel&rest_code=00155&code=00101001044&supplier_code=00100199&order_time=2021-05-09 HTTP/1.1" 200 409
222.69.131.186 - - [09/May/2021:09:00:04 +0800] "GET /xingrg/kc/buy/cgsh_order_operate.html?command=get_materiel&rest_code=00149&code=00101007048&supplier_code=00100205&order_time=2021-05-09 HTTP/1.1" 200 408
61.165.42.208 - - [09/May/2021:09:00:05 +0800] "GET /xingrg/all/function/internal_message.html?_=1620522001768&CODE_STATE=getMsg HTTP/1.1" 200 27
61.165.42.208 - - [09/May/2021:09:00:05 +0800] "GET /xingrg/check_reg.html?_=1620522001799 HTTP/1.1" 200 22
116.230.76.31 - - [09/May/2021:09:00:07 +0800] "GET /xingrg/kc/buy/cgsh_order_operate.html?command=get_materiel&rest_code=00107&code=00101008332&supplier_code=00100006&order_time=2021-05-09 HTTP/1.1" 200 412
116.230.110.80 - - [09/May/2021:09:00:12 +0800] "POST /xingrg/kc/buy/cgsh_order_operate.html HTTP/1.1" 200 37
116.230.110.80 - - [09/May/2021:09:00:13 +0800] "POST /xingrg/kc/buy/cgsh_order_operate.html HTTP/1.1" 200 5014
116.230.110.80 - - [09/May/2021:09:00:14 +0800] "GET /xingrg/kc/print/load_data.html?order_code=212021050903640&kc_code=cgsh&condition= HTTP/1.1" 200 1562
116.224.253.72 - - [09/May/2021:09:00:16 +0800] "GET /xingrg/all/function/internal_message.html?_=1620522004079&CODE_STATE=getMsg HTTP/1.1" 200 27
222.69.131.186 - - [09/May/2021:09:00:16 +0800] "GET /xingrg/kc/buy/cgsh_order_operate.html?command=get_materiel&rest_code=00149&code=00101007059&supplier_code=00100205&order_time=2021-05-09 HTTP/1.1" 200 411
222.69.131.186 - - [09/May/2021:09:00:21 +0800] "GET /xingrg/check_reg.html?_=1620522017389 HTTP/1.1" 200 22
222.69.131.186 - - [09/May/2021:09:00:21 +0800] "GET /xingrg/all/function/internal_message.html?_=1620522017393&CODE_STATE=getMsg HTTP/1.1" 200 27
222.69.131.186 - - [09/May/2021:09:00:28 +0800] "POST /xingrg/kc/buy/cgsh_order_operate.html HTTP/1.1" 200 37
116.230.76.31 - - [09/May/2021:09:00:30 +0800] "GET /xingrg/kc/buy/cgsh_order_operate.html?command=get_materiel&rest_code=00107&code=00101008084&supplier_code=00100006&order_time=2021-05-09 HTTP/1.1" 200 412
120.253.135.82 - - [09/May/2021:09:00:30 +0800] "GET /xingrg/all/function/internal_message.html?_=1620522091656&CODE_STATE=getMsg HTTP/1.1" 200 27
222.69.131.186 - - [09/May/2021:09:00:32 +0800] "POST /xingrg/kc/buy/cgsh_order_operate.html HTTP/1.1" 200 12
116.230.76.31 - - [09/May/2021:09:00:40 +0800] "GET /xingrg/check_reg.html?_=1620522035636 HTTP/1.1" 200 22
116.230.76.31 - - [09/May/2021:09:00:40 +0800] "GET /xingrg/kc/buy/cgsh_order_operate.html?command=get_materiel&rest_code=00107&code=00101008003&supplier_code=00100006&order_time=2021-05-09 HTTP/1.1" 200 408
116.230.76.31 - - [09/May/2021:09:00:41 +0800] "GET /xingrg/all/function/internal_message.html?_=1620522037134&CODE_STATE=getMsg HTTP/1.1" 200 27
116.230.114.112 - - [09/May/2021:09:00:46 +0800] "GET /xingrg/all/function/internal_message.html?_=1620522058029&CODE_STATE=getMsg HTTP/1.1" 200 27
58.40.7.146 - - [09/May/2021:09:00:48 +0800] "GET /xingrg/check_reg.html?_=1620522043949 HTTP/1.1" 200 22
58.40.7.146 - - [09/May/2021:09:00:48 +0800] "GET /xingrg/all/function/internal_message.html?_=1620522043951&CODE_STATE=getMsg HTTP/1.1" 200 27
116.230.114.112 - - [09/May/2021:09:00:50 +0800] "GET /xingrg/check_reg.html?_=1620522028854 HTTP/1.1" 200 22
114.88.167.174 - - [09/May/2021:09:00:52 +0800] "GET /xingrg/all/function/internal_message.html?_=1620522045672&CODE_STATE=getMsg HTTP/1.1" 200 27
116.230.76.31 - - [09/May/2021:09:00:52 +0800] "GET /xingrg/kc/buy/cgsh_order_operate.html?command=get_materiel&rest_code=00107&code=00101008126&supplier_code=00100006&order_time=2021-05-09 HTTP/1.1" 200 412
116.230.76.31 - - [09/May/2021:09:00:56 +0800] "POST /xingrg/kc/buy/cgsh_order_operate.html HTTP/1.1" 200 2065
116.230.110.80 - - [09/May/2021:09:00:59 +0800] "GET /xingrg/all/function/internal_message.html?_=1620522052560&CODE_STATE=getMsg HTTP/1.1" 200 27
116.230.110.80 - - [09/May/2021:09:00:59 +0800] "GET /xingrg/check_reg.html?_=1620522052907 HTTP/1.1" 200 22
222.69.131.186 - - [09/May/2021:09:00:59 +0800] "GET /xingrg/kc/buy/cgsh_order_info.html?code=212021050903641 HTTP/1.1" 200 56941
222.69.131.186 - - [09/May/2021:09:01:00 +0800] "GET /xingrg/javascript/easyui/themes/default/validatebox.css HTTP/1.1" 404 1104
222.69.131.186 - - [09/May/2021:09:01:00 +0800] "POST /xingrg/kc/buy/cgsh_order_operate.html HTTP/1.1" 200 3571
222.69.131.186 - - [09/May/2021:09:01:03 +0800] "GET /xingrg/kc/print/load_config.html?kc_code=cgsh HTTP/1.1" 200 1845
222.69.131.186 - - [09/May/2021:09:01:03 +0800] "GET /xingrg/kc/print/load_data.html?order_code=212021050903641&kc_code=cgsh&condition= HTTP/1.1" 200 1822
61.165.42.208 - - [09/May/2021:09:01:05 +0800] "GET /xingrg/all/function/internal_message.html?_=1620522061740&CODE_STATE=getMsg HTTP/1.1" 200 27
116.230.76.31 - - [09/May/2021:09:01:06 +0800] "GET /xingrg/kc/buy/cgsh_order_operate.html?command=get_materiel&rest_code=00107&code=00101008270&supplier_code=00100006&order_time=2021-05-09 HTTP/1.1" 200 412
116.224.253.72 - - [09/May/2021:09:01:16 +0800] "GET /xingrg/all/function/internal_message.html?_=1620522064084&CODE_STATE=getMsg HTTP/1.1" 200 27
116.230.76.31 - - [09/May/2021:09:01:17 +0800] "GET /xingrg/kc/buy/cgsh_order_operate.html?command=get_materiel&rest_code=00107&code=00101008098&supplier_code=00100006&order_time=2021-05-09 HTTP/1.1" 200 412
222.69.131.186 - - [09/May/2021:09:01:21 +0800] "GET /xingrg/all/function/internal_message.html?_=1620522077389&CODE_STATE=getMsg HTTP/1.1" 200 27
116.230.76.31 - - [09/May/2021:09:01:27 +0800] "GET /xingrg/kc/buy/cgsh_order_operate.html?command=get_materiel&rest_code=00107&code=00101008100&supplier_code=00100006&order_time=2021-05-09 HTTP/1.1" 200 410
120.253.135.82 - - [09/May/2021:09:01:31 +0800] "GET /xingrg/all/function/internal_message.html?_=1620522151698&CODE_STATE=getMsg HTTP/1.1" 200 27
116.230.114.112 - - [09/May/2021:09:01:37 +0800] "GET /xingrg/all/function/internal_message.html?_=1620522118040&CODE_STATE=getMsg HTTP/1.1" 200 27
114.88.167.174 - - [09/May/2021:09:01:39 +0800] "GET /xingrg/check_reg.html?_=1620522092450 HTTP/1.1" 200 22
116.230.76.31 - - [09/May/2021:09:01:41 +0800] "GET /xingrg/all/function/internal_message.html?_=1620522097125&CODE_STATE=getMsg HTTP/1.1" 200 27
58.40.7.146 - - [09/May/2021:09:01:48 +0800] "GET /xingrg/all/function/internal_message.html?_=1620522103954&CODE_STATE=getMsg HTTP/1.1" 200 27
114.88.167.174 - - [09/May/2021:09:01:52 +0800] "GET /xingrg/all/function/internal_message.html?_=1620522105677&CODE_STATE=getMsg HTTP/1.1" 200 27
116.230.110.80 - - [09/May/2021:09:01:59 +0800] "GET /xingrg/all/function/internal_message.html?_=1620522112549&CODE_STATE=getMsg HTTP/1.1" 200 27
116.230.76.31 - - [09/May/2021:09:02:01 +0800] "GET /xingrg/kc/buy/cgsh_order_operate.html?command=get_materiel&rest_code=00107&code=00101008350&supplier_code=00100006&order_time=2021-05-09 HTTP/1.1" 200 408
116.230.76.31 - - [09/May/2021:09:02:05 +0800] "POST /xingrg/kc/buy/cgsh_order_operate.html HTTP/1.1" 200 2065
61.165.42.208 - - [09/May/2021:09:02:05 +0800] "GET /xingrg/all/function/internal_message.html?_=1620522121742&CODE_STATE=getMsg HTTP/1.1" 200 27
116.230.76.31 - - [09/May/2021:09:02:15 +0800] "GET /xingrg/kc/buy/cgsh_order_operate.html?command=get_materiel&rest_code=00107&code=00101008105&supplier_code=00100006&order_time=2021-05-09 HTTP/1.1" 200 412
116.224.253.72 - - [09/May/2021:09:02:16 +0800] "GET /xingrg/all/function/internal_message.html?_=1620522124210&CODE_STATE=getMsg HTTP/1.1" 200 27
222.69.131.186 - - [09/May/2021:09:02:21 +0800] "GET /xingrg/all/function/internal_message.html?_=1620522137393&CODE_STATE=getMsg HTTP/1.1" 200 27
120.253.135.82 - - [09/May/2021:09:02:31 +0800] "GET /xingrg/all/function/internal_message.html?_=1620522211715&CODE_STATE=getMsg HTTP/1.1" 200 27
116.230.114.112 - - [09/May/2021:09:02:37 +0800] "GET /xingrg/all/function/internal_message.html?_=1620522178056&CODE_STATE=getMsg HTTP/1.1" 200 27
116.230.76.31 - - [09/May/2021:09:02:39 +0800] "GET /xingrg/kc/buy/cgsh_order_operate.html?command=get_materiel&rest_code=00107&code=00101008356&supplier_code=00100006&order_time=2021-05-09 HTTP/1.1" 200 408
116.230.76.31 - - [09/May/2021:09:02:41 +0800] "GET /xingrg/all/function/internal_message.html?_=1620522157186&CODE_STATE=getMsg HTTP/1.1" 200 27
58.40.7.146 - - [09/May/2021:09:02:48 +0800] "GET /xingrg/all/function/internal_message.html?_=1620522163956&CODE_STATE=getMsg HTTP/1.1" 200 27
222.69.131.186 - - [09/May/2021:09:02:51 +0800] "GET /xingrg/kc/buy/cgsh_order_add.html HTTP/1.1" 200 62041
222.69.131.186 - - [09/May/2021:09:02:51 +0800] "POST /xingrg/kc/buy/cgsh_order_operate.html HTTP/1.1" 200 8245
222.69.131.186 - - [09/May/2021:09:02:51 +0800] "GET /xingrg/javascript/easyui/themes/default/validatebox.css HTTP/1.1" 404 1104
114.88.167.174 - - [09/May/2021:09:02:52 +0800] "GET /xingrg/all/function/internal_message.html?_=1620522165689&CODE_STATE=getMsg HTTP/1.1" 200 27
116.230.76.31 - - [09/May/2021:09:02:54 +0800] "GET /xingrg/kc/buy/cgsh_order_operate.html?command=get_materiel&rest_code=00107&code=00101015006&supplier_code=00100006&order_time=2021-05-09 HTTP/1.1" 200 413
116.230.110.80 - - [09/May/2021:09:02:59 +0800] "GET /xingrg/all/function/internal_message.html?_=1620522172533&CODE_STATE=getMsg HTTP/1.1" 200 27
116.224.253.72 - - [09/May/2021:09:03:00 +0800] "GET /xingrg/check_reg.html?_=1620522168167 HTTP/1.1" 200 22
116.230.76.31 - - [09/May/2021:09:03:05 +0800] "GET /xingrg/kc/buy/cgsh_order_operate.html?command=get_materiel&rest_code=00107&code=00101008041&supplier_code=00100006&order_time=2021-05-09 HTTP/1.1" 200 408
61.165.42.208 - - [09/May/2021:09:03:05 +0800] "GET /xingrg/all/function/internal_message.html?_=1620522181743&CODE_STATE=getMsg HTTP/1.1" 200 27
116.230.76.31 - - [09/May/2021:09:03:11 +0800] "POST /xingrg/kc/buy/cgsh_order_operate.html HTTP/1.1" 200 2065
116.224.253.72 - - [09/May/2021:09:03:16 +0800] "GET /xingrg/all/function/internal_message.html?_=1620522184220&CODE_STATE=getMsg HTTP/1.1" 200 27
116.230.76.31 - - [09/May/2021:09:03:19 +0800] "GET /xingrg/kc/buy/cgsh_order_operate.html?command=get_materiel&rest_code=00107&code=00101008284&supplier_code=00100006&order_time=2021-05-09 HTTP/1.1" 200 413
222.69.131.186 - - [09/May/2021:09:03:21 +0800] "GET /xingrg/all/function/internal_message.html?_=1620522197397&CODE_STATE=getMsg HTTP/1.1" 200 27
116.230.76.31 - - [09/May/2021:09:03:29 +0800] "GET /xingrg/kc/buy/cgsh_order_operate.html?command=get_materiel&rest_code=00107&code=00101008114&supplier_code=00100006&order_time=2021-05-09 HTTP/1.1" 200 412
120.253.135.82 - - [09/May/2021:09:03:31 +0800] "GET /xingrg/all/function/internal_message.html?_=1620522271754&CODE_STATE=getMsg HTTP/1.1" 200 27
116.230.114.112 - - [09/May/2021:09:03:37 +0800] "GET /xingrg/all/function/internal_message.html?_=1620522238075&CODE_STATE=getMsg HTTP/1.1" 200 27
116.232.50.121 - - [09/May/2021:09:03:38 +0800] "GET /favicon.ico HTTP/1.1" 404 -
116.230.76.31 - - [09/May/2021:09:03:41 +0800] "GET /xingrg/all/function/internal_message.html?_=1620522217159&CODE_STATE=getMsg HTTP/1.1" 200 27
116.230.76.31 - - [09/May/2021:09:03:44 +0800] "GET /xingrg/kc/buy/cgsh_order_operate.html?command=get_materiel&rest_code=00107&code=00101015062&supplier_code=00100006&order_time=2021-05-09 HTTP/1.1" 200 412
222.69.131.186 - - [09/May/2021:09:03:46 +0800] "GET /xingrg/kc/buy/cgsh_order_operate.html?command=get_materiel&rest_code=00149&code=00101011003&supplier_code=00100051&order_time=2021-05-09 HTTP/1.1" 200 413
120.253.135.82 - - [09/May/2021:09:03:47 +0800] "GET /xingrg/check_reg.html?_=1620522288579 HTTP/1.1" 200 22
58.40.7.146 - - [09/May/2021:09:03:48 +0800] "GET /xingrg/all/function/internal_message.html?_=1620522223959&CODE_STATE=getMsg HTTP/1.1" 200 27
114.88.167.174 - - [09/May/2021:09:03:52 +0800] "GET /xingrg/all/function/internal_message.html?_=1620522225729&CODE_STATE=getMsg HTTP/1.1" 200 27
222.69.131.186 - - [09/May/2021:09:03:54 +0800] "GET /xingrg/kc/buy/cgsh_order_operate.html?command=get_materiel&rest_code=00149&code=00101034053&supplier_code=00100051&order_time=2021-05-09 HTTP/1.1" 200 403
116.230.76.31 - - [09/May/2021:09:03:56 +0800] "GET /xingrg/kc/buy/cgsh_order_operate.html?command=get_materiel&rest_code=00107&code=00101015044&supplier_code=00100006&order_time=2021-05-09 HTTP/1.1" 200 408
116.230.110.80 - - [09/May/2021:09:03:59 +0800] "GET /xingrg/all/function/internal_message.html?_=1620522232515&CODE_STATE=getMsg HTTP/1.1" 200 27
222.69.131.186 - - [09/May/2021:09:04:04 +0800] "GET /xingrg/kc/buy/cgsh_order_operate.html?command=get_materiel&rest_code=00149&code=00101011010&supplier_code=00100051&order_time=2021-05-09 HTTP/1.1" 200 418
