116.224.253.72 - - [09/May/2021:09:28:25 +0800] "GET /xingrg/kc/mdqp/qqps_order_add.html HTTP/1.1" 200 28002
180.161.124.236 - - [09/May/2021:09:28:26 +0800] "POST /xingrg/kc/buy/cgsh_order_operate.html HTTP/1.1" 200 37
116.230.114.112 - - [09/May/2021:09:28:27 +0800] "GET /xingrg/kc/buy/cgsh_order_operate.html?command=get_materiel&rest_code=00146&code=00101008360&supplier_code=00100005&order_time=2021-05-09 HTTP/1.1" 200 412
180.161.124.236 - - [09/May/2021:09:28:28 +0800] "POST /xingrg/kc/buy/cgsh_order_operate.html HTTP/1.1" 200 7401
116.232.50.121 - - [09/May/2021:09:28:28 +0800] "GET /xingrg/kc/buy/cgsh_order_operate.html?command=get_materiel&rest_code=00109&code=00101008155&supplier_code=00100005&order_time=2021-05-09 HTTP/1.1" 200 408
222.69.131.186 - - [09/May/2021:09:28:29 +0800] "GET /xingrg/kc/buy/cgsh_order_add.html HTTP/1.1" 200 62041
222.69.131.186 - - [09/May/2021:09:28:29 +0800] "POST /xingrg/kc/buy/cgsh_order_operate.html HTTP/1.1" 200 8245
222.69.131.186 - - [09/May/2021:09:28:29 +0800] "GET /xingrg/javascript/easyui/themes/default/validatebox.css HTTP/1.1" 404 1104
180.161.124.236 - - [09/May/2021:09:28:30 +0800] "GET /xingrg/javascript/jquery_easy_ui/themes/default/images/tabs_active.png HTTP/1.1" 304 -
120.253.135.82 - - [09/May/2021:09:28:31 +0800] "GET /xingrg/all/function/internal_message.html?_=1620523772371&CODE_STATE=getMsg HTTP/1.1" 200 27
180.161.124.236 - - [09/May/2021:09:28:33 +0800] "GET /xingrg/all/function/internal_message.html?_=1620523995920&CODE_STATE=getMsg HTTP/1.1" 200 27
116.232.50.121 - - [09/May/2021:09:28:35 +0800] "GET /xingrg/all/function/internal_message.html?_=1620523710871&CODE_STATE=getMsg HTTP/1.1" 200 27
116.232.50.121 - - [09/May/2021:09:28:35 +0800] "GET /xingrg/check_reg.html?_=1620523710872 HTTP/1.1" 200 22
116.232.50.121 - - [09/May/2021:09:28:35 +0800] "GET /xingrg/kc/buy/cgsh_order_operate.html?command=get_materiel&rest_code=00109&code=00101008350&supplier_code=00100005&order_time=2021-05-09 HTTP/1.1" 200 408
116.224.253.72 - - [09/May/2021:09:28:35 +0800] "POST /xingrg/dwr/call/plaincall/AjaxQqpsService.saveOrder.dwr HTTP/1.1" 200 78
180.161.124.236 - - [09/May/2021:09:28:36 +0800] "POST /xingrg/kc/buy/cgsh_list_operate.html HTTP/1.1" 200 2004
116.224.253.72 - - [09/May/2021:09:28:37 +0800] "GET /xingrg/all/function/internal_message.html?_=1620523713252&CODE_STATE=getMsg HTTP/1.1" 200 27
116.224.253.72 - - [09/May/2021:09:28:37 +0800] "GET /xingrg/javascript/auto/indicator.gif HTTP/1.1" 404 1066
116.230.114.112 - - [09/May/2021:09:28:37 +0800] "GET /xingrg/all/function/internal_message.html?_=1620523738812&CODE_STATE=getMsg HTTP/1.1" 200 27
116.224.253.72 - - [09/May/2021:09:28:39 +0800] "POST /xingrg/dwr/call/plaincall/AjaxQqpsService.getMaterielByCode.dwr HTTP/1.1" 200 3583
116.224.253.72 - - [09/May/2021:09:28:42 +0800] "POST /xingrg/dwr/call/plaincall/AjaxQqpsService.saveMaterielItem.dwr HTTP/1.1" 200 78
114.88.167.174 - - [09/May/2021:09:28:45 +0800] "POST /xingrg/kc/buy/cgsh_list_operate.html HTTP/1.1" 200 280
116.230.110.80 - - [09/May/2021:09:28:46 +0800] "GET /xingrg/all/function/internal_message.html?_=1620523721485&CODE_STATE=getMsg HTTP/1.1" 200 27
222.69.131.186 - - [09/May/2021:09:28:47 +0800] "GET /xingrg/kc/buy/cgsh_order_operate.html?command=get_materiel&rest_code=00149&code=00101004033&supplier_code=00100083&order_time=2021-05-09 HTTP/1.1" 200 439
120.253.135.82 - - [09/May/2021:09:28:47 +0800] "GET /xingrg/check_reg.html?_=1620523788604 HTTP/1.1" 200 22
58.40.7.146 - - [09/May/2021:09:28:48 +0800] "GET /xingrg/all/function/internal_message.html?_=1620523723972&CODE_STATE=getMsg HTTP/1.1" 200 27
116.232.50.121 - - [09/May/2021:09:28:50 +0800] "GET /xingrg/kc/buy/cgsh_order_operate.html?command=get_materiel&rest_code=00109&code=00101008223&supplier_code=00100005&order_time=2021-05-09 HTTP/1.1" 200 412
116.230.114.112 - - [09/May/2021:09:28:51 +0800] "GET /xingrg/kc/buy/cgsh_order_operate.html?command=get_materiel&rest_code=00146&code=00101008196&supplier_code=00100005&order_time=2021-05-09 HTTP/1.1" 200 416
120.253.135.82 - - [09/May/2021:09:28:52 +0800] "GET /xingrg/all/function/internal_message.html?_=1620523509933&CODE_STATE=getMsg HTTP/1.1" 200 27
180.161.124.236 - - [09/May/2021:09:28:56 +0800] "POST /xingrg/kc/buy/cgsh_list_operate.html HTTP/1.1" 200 584
116.224.253.72 - - [09/May/2021:09:28:58 +0800] "POST /xingrg/dwr/call/plaincall/AjaxQqpsService.getMaterielByCode.dwr HTTP/1.1" 200 3583
116.232.50.121 - - [09/May/2021:09:28:59 +0800] "POST /xingrg/kc/buy/cgsh_order_operate.html HTTP/1.1" 200 2065
180.161.124.236 - - [09/May/2021:09:28:59 +0800] "GET /xingrg/kc/buy/cgsh_order_info.html?code=212021050903650 HTTP/1.1" 200 61946
222.69.131.186 - - [09/May/2021:09:29:00 +0800] "GET /xingrg/kc/buy/cgsh_order_operate.html?command=get_materiel&rest_code=00149&code=00101004011&supplier_code=00100083&order_time=2021-05-09 HTTP/1.1" 200 434
180.161.124.236 - - [09/May/2021:09:29:01 +0800] "GET /xingrg/javascript/easyui/themes/default/validatebox.css HTTP/1.1" 404 1104
180.161.124.236 - - [09/May/2021:09:29:01 +0800] "POST /xingrg/kc/buy/cgsh_order_operate.html HTTP/1.1" 200 9208
116.230.114.112 - - [09/May/2021:09:29:02 +0800] "GET /xingrg/kc/buy/cgsh_order_operate.html?command=get_materiel&rest_code=00146&code=00101008197&supplier_code=00100005&order_time=2021-05-09 HTTP/1.1" 200 416
116.230.76.31 - - [09/May/2021:09:29:04 +0800] "GET /xingrg/all/function/internal_message.html?_=1620523740316&CODE_STATE=getMsg HTTP/1.1" 200 27
61.165.42.208 - - [09/May/2021:09:29:05 +0800] "GET /xingrg/all/function/internal_message.html?_=1620523741771&CODE_STATE=getMsg HTTP/1.1" 200 27
116.232.50.121 - - [09/May/2021:09:29:06 +0800] "GET /xingrg/kc/buy/cgsh_order_operate.html?command=get_materiel&rest_code=00109&code=00101008286&supplier_code=00100005&order_time=2021-05-09 HTTP/1.1" 200 408
222.69.131.186 - - [09/May/2021:09:29:11 +0800] "GET /xingrg/kc/buy/cgsh_order_operate.html?command=get_materiel&rest_code=00149&code=00101004067&supplier_code=00100083&order_time=2021-05-09 HTTP/1.1" 200 433
180.161.124.236 - - [09/May/2021:09:29:11 +0800] "POST /xingrg/kc/buy/cgsh_list_operate.html HTTP/1.1" 200 2004
116.224.253.72 - - [09/May/2021:09:29:11 +0800] "POST /xingrg/dwr/call/plaincall/AjaxQqpsService.saveMaterielItem.dwr HTTP/1.1" 200 78
116.232.50.121 - - [09/May/2021:09:29:13 +0800] "GET /xingrg/kc/buy/cgsh_order_operate.html?command=get_materiel&rest_code=00109&code=00101008353&supplier_code=00100005&order_time=2021-05-09 HTTP/1.1" 200 408
180.169.147.146 - - [09/May/2021:09:29:15 +0800] "GET /xingrg/all/function/internal_message.html?_=1620523750362&CODE_STATE=getMsg HTTP/1.1" 200 27
180.161.124.236 - - [09/May/2021:09:29:15 +0800] "POST /xingrg/kc/buy/cgsh_list_operate.html HTTP/1.1" 200 584
180.161.124.236 - - [09/May/2021:09:29:16 +0800] "GET /xingrg/kc/buy/cgsh_order_info.html?code=212021050903650 HTTP/1.1" 200 61946
180.161.124.236 - - [09/May/2021:09:29:16 +0800] "GET /xingrg/javascript/easyui/themes/default/validatebox.css HTTP/1.1" 404 1104
180.161.124.236 - - [09/May/2021:09:29:17 +0800] "POST /xingrg/kc/buy/cgsh_order_operate.html HTTP/1.1" 200 9208
116.230.114.112 - - [09/May/2021:09:29:18 +0800] "POST /xingrg/kc/buy/cgsh_order_operate.html HTTP/1.1" 200 2065
116.224.253.72 - - [09/May/2021:09:29:18 +0800] "GET /xingrg/all/function/internal_message.html?_=1620523746758&CODE_STATE=getMsg HTTP/1.1" 200 27
114.88.167.174 - - [09/May/2021:09:29:20 +0800] "GET /xingrg/all/function/internal_message.html?_=1620523753474&CODE_STATE=getMsg HTTP/1.1" 200 27
222.69.131.186 - - [09/May/2021:09:29:21 +0800] "GET /xingrg/all/function/internal_message.html?_=1620523757267&CODE_STATE=getMsg HTTP/1.1" 200 27
116.224.253.72 - - [09/May/2021:09:29:23 +0800] "POST /xingrg/dwr/call/plaincall/AjaxQqpsService.checkOrder.dwr HTTP/1.1" 200 78
116.224.253.72 - - [09/May/2021:09:29:25 +0800] "GET /xingrg/kc/mdqp/qqps_order_info.html?code=302021050900167 HTTP/1.1" 200 26409
116.224.253.72 - - [09/May/2021:09:29:25 +0800] "GET /xingrg/dwr/interface/AjaxQqpsService.js HTTP/1.1" 200 16326
116.224.253.72 - - [09/May/2021:09:29:25 +0800] "GET /xingrg/dwr/interface/AjaxComOrderService.js HTTP/1.1" 200 18264
116.224.253.72 - - [09/May/2021:09:29:25 +0800] "GET /xingrg/dwr/engine.js HTTP/1.1" 200 43631
222.69.131.186 - - [09/May/2021:09:29:25 +0800] "GET /xingrg/kc/buy/cgsh_order_operate.html?command=get_materiel&rest_code=00149&code=00101004057&supplier_code=00100083&order_time=2021-05-09 HTTP/1.1" 200 429
116.230.114.112 - - [09/May/2021:09:29:25 +0800] "GET /xingrg/kc/buy/cgsh_order_operate.html?command=get_materiel&rest_code=00146&code=00101008069&supplier_code=00100005&order_time=2021-05-09 HTTP/1.1" 200 412
116.224.253.72 - - [09/May/2021:09:29:25 +0800] "POST /xingrg/dwr/call/plaincall/AjaxQqpsService.loadMaterielItems.dwr HTTP/1.1" 200 585
116.232.50.121 - - [09/May/2021:09:29:26 +0800] "GET /xingrg/kc/buy/cgsh_order_operate.html?command=get_materiel&rest_code=00109&code=00101008168&supplier_code=00100005&order_time=2021-05-09 HTTP/1.1" 200 413
116.224.253.72 - - [09/May/2021:09:29:30 +0800] "GET /xingrg/kc/mdqp/qqps_order_add.html HTTP/1.1" 200 28002
116.224.253.72 - - [09/May/2021:09:29:30 +0800] "GET /xingrg/dwr/interface/AjaxComOrderService.js HTTP/1.1" 200 18264
116.224.253.72 - - [09/May/2021:09:29:30 +0800] "GET /xingrg/dwr/interface/AjaxQqpsService.js HTTP/1.1" 200 16326
116.224.253.72 - - [09/May/2021:09:29:30 +0800] "GET /xingrg/dwr/engine.js HTTP/1.1" 200 43631
120.253.135.82 - - [09/May/2021:09:29:31 +0800] "GET /xingrg/all/function/internal_message.html?_=1620523832377&CODE_STATE=getMsg HTTP/1.1" 200 27
180.161.124.236 - - [09/May/2021:09:29:33 +0800] "GET /xingrg/check_reg.html?_=1620524055847 HTTP/1.1" 200 22
180.161.124.236 - - [09/May/2021:09:29:33 +0800] "GET /xingrg/all/function/internal_message.html?_=1620524055940&CODE_STATE=getMsg HTTP/1.1" 200 27
116.232.50.121 - - [09/May/2021:09:29:35 +0800] "GET /xingrg/all/function/internal_message.html?_=1620523770867&CODE_STATE=getMsg HTTP/1.1" 200 27
116.224.253.72 - - [09/May/2021:09:29:37 +0800] "GET /xingrg/all/function/internal_message.html?_=1620523773260&CODE_STATE=getMsg HTTP/1.1" 200 27
116.230.114.112 - - [09/May/2021:09:29:37 +0800] "GET /xingrg/all/function/internal_message.html?_=1620523798826&CODE_STATE=getMsg HTTP/1.1" 200 27
222.69.131.186 - - [09/May/2021:09:29:40 +0800] "POST /xingrg/kc/buy/cgsh_order_operate.html HTTP/1.1" 200 37
180.161.124.236 - - [09/May/2021:09:29:41 +0800] "POST /xingrg/kc/buy/cgsh_order_operate.html HTTP/1.1" 200 37
222.69.131.186 - - [09/May/2021:09:29:43 +0800] "POST /xingrg/kc/buy/cgsh_order_operate.html HTTP/1.1" 200 12
116.230.114.112 - - [09/May/2021:09:29:44 +0800] "GET /xingrg/kc/buy/cgsh_order_operate.html?command=get_materiel&rest_code=00146&code=00101008036&supplier_code=00100005&order_time=2021-05-09 HTTP/1.1" 200 408
180.161.124.236 - - [09/May/2021:09:29:44 +0800] "POST /xingrg/kc/buy/cgsh_order_operate.html HTTP/1.1" 200 9209
222.69.131.186 - - [09/May/2021:09:29:45 +0800] "GET /xingrg/kc/buy/cgsh_order_info.html?code=212021050903654 HTTP/1.1" 200 56941
116.224.253.72 - - [09/May/2021:09:29:45 +0800] "POST /xingrg/dwr/call/plaincall/AjaxQqpsService.saveOrder.dwr HTTP/1.1" 200 78
222.69.131.186 - - [09/May/2021:09:29:45 +0800] "GET /xingrg/javascript/easyui/themes/default/validatebox.css HTTP/1.1" 404 1104
222.69.131.186 - - [09/May/2021:09:29:45 +0800] "POST /xingrg/kc/buy/cgsh_order_operate.html HTTP/1.1" 200 2413
116.230.110.80 - - [09/May/2021:09:29:46 +0800] "GET /xingrg/all/function/internal_message.html?_=1620523781508&CODE_STATE=getMsg HTTP/1.1" 200 27
116.224.253.72 - - [09/May/2021:09:29:48 +0800] "GET /xingrg/javascript/auto/indicator.gif HTTP/1.1" 404 1066
58.40.7.146 - - [09/May/2021:09:29:48 +0800] "GET /xingrg/all/function/internal_message.html?_=1620523783974&CODE_STATE=getMsg HTTP/1.1" 200 27
222.69.131.186 - - [09/May/2021:09:29:48 +0800] "GET /xingrg/kc/print/load_data.html?order_code=212021050903654&kc_code=cgsh&condition= HTTP/1.1" 200 1423
116.224.253.72 - - [09/May/2021:09:29:51 +0800] "POST /xingrg/dwr/call/plaincall/AjaxQqpsService.getMaterielByCode.dwr HTTP/1.1" 200 3658
180.161.124.236 - - [09/May/2021:09:29:52 +0800] "POST /xingrg/kc/buy/cgsh_list_operate.html HTTP/1.1" 200 2004
120.253.135.82 - - [09/May/2021:09:29:52 +0800] "GET /xingrg/all/function/internal_message.html?_=1620523569943&CODE_STATE=getMsg HTTP/1.1" 200 27
180.161.124.236 - - [09/May/2021:09:29:54 +0800] "POST /xingrg/kc/buy/cgsh_list_operate.html HTTP/1.1" 200 568
116.232.50.121 - - [09/May/2021:09:29:55 +0800] "GET /xingrg/kc/buy/cgsh_order_operate.html?command=get_materiel&rest_code=00109&code=00101008114&supplier_code=00100005&order_time=2021-05-09 HTTP/1.1" 200 412
222.69.131.186 - - [09/May/2021:09:29:55 +0800] "GET /xingrg/kc/buy/cgsh_order_add.html HTTP/1.1" 200 62041
180.161.124.236 - - [09/May/2021:09:29:55 +0800] "GET /xingrg/kc/buy/cgsh_order_info.html?code=212021050903653 HTTP/1.1" 200 61946
222.69.131.186 - - [09/May/2021:09:29:56 +0800] "POST /xingrg/kc/buy/cgsh_order_operate.html HTTP/1.1" 200 8245
222.69.131.186 - - [09/May/2021:09:29:56 +0800] "GET /xingrg/javascript/easyui/themes/default/validatebox.css HTTP/1.1" 404 1104
180.161.124.236 - - [09/May/2021:09:29:56 +0800] "GET /xingrg/javascript/easyui/themes/default/validatebox.css HTTP/1.1" 404 1104
180.161.124.236 - - [09/May/2021:09:29:56 +0800] "POST /xingrg/kc/buy/cgsh_order_operate.html HTTP/1.1" 200 7401
116.224.253.72 - - [09/May/2021:09:29:57 +0800] "POST /xingrg/dwr/call/plaincall/AjaxQqpsService.saveMaterielItem.dwr HTTP/1.1" 200 78
116.224.253.72 - - [09/May/2021:09:30:01 +0800] "POST /xingrg/dwr/call/plaincall/AjaxQqpsService.getMaterielByCode.dwr HTTP/1.1" 200 3633
116.232.50.121 - - [09/May/2021:09:30:01 +0800] "GET /xingrg/kc/buy/cgsh_order_operate.html?command=get_materiel&rest_code=00109&code=00101008290&supplier_code=00100005&order_time=2021-05-09 HTTP/1.1" 200 416
116.230.110.80 - - [09/May/2021:09:30:02 +0800] "GET /xingrg/kc/buy/cgsh_order_add.html HTTP/1.1" 200 61956
116.230.110.80 - - [09/May/2021:09:30:02 +0800] "POST /xingrg/kc/buy/cgsh_order_operate.html HTTP/1.1" 200 8245
116.230.110.80 - - [09/May/2021:09:30:02 +0800] "GET /xingrg/javascript/easyui/themes/default/validatebox.css HTTP/1.1" 404 1104
116.230.110.80 - - [09/May/2021:09:30:04 +0800] "GET /xingrg/javascript/auto/indicator.gif HTTP/1.1" 404 1066
116.230.76.31 - - [09/May/2021:09:30:04 +0800] "GET /xingrg/all/function/internal_message.html?_=1620523800301&CODE_STATE=getMsg HTTP/1.1" 200 27
116.230.110.80 - - [09/May/2021:09:30:05 +0800] "GET /xingrg/javascript/jquery_tools/images/prev.gif HTTP/1.1" 404 1086
116.230.110.80 - - [09/May/2021:09:30:05 +0800] "GET /xingrg/javascript/jquery_tools/images/next.gif HTTP/1.1" 404 1086
61.165.42.208 - - [09/May/2021:09:30:05 +0800] "GET /xingrg/all/function/internal_message.html?_=1620523801771&CODE_STATE=getMsg HTTP/1.1" 200 27
61.165.42.208 - - [09/May/2021:09:30:05 +0800] "GET /xingrg/check_reg.html?_=1620523801774 HTTP/1.1" 200 22
116.230.114.112 - - [09/May/2021:09:30:07 +0800] "GET /xingrg/kc/buy/cgsh_order_operate.html?command=get_materiel&rest_code=00146&code=00101008318&supplier_code=00100005&order_time=2021-05-09 HTTP/1.1" 200 408
116.230.114.112 - - [09/May/2021:09:30:07 +0800] "GET /xingrg/check_reg.html?_=1620523828908 HTTP/1.1" 200 22
116.224.253.72 - - [09/May/2021:09:30:08 +0800] "POST /xingrg/dwr/call/plaincall/AjaxQqpsService.saveMaterielItem.dwr HTTP/1.1" 200 78
116.230.114.112 - - [09/May/2021:09:30:10 +0800] "POST /xingrg/kc/buy/cgsh_order_operate.html HTTP/1.1" 200 2065
116.230.110.80 - - [09/May/2021:09:30:12 +0800] "GET /xingrg/kc/buy/cgsh_order_operate.html?command=get_materiel&rest_code=00155&code=00101012025&supplier_code=00100037&order_time=2021-05-09 HTTP/1.1" 200 412
116.232.50.121 - - [09/May/2021:09:30:13 +0800] "POST /xingrg/kc/buy/cgsh_order_operate.html HTTP/1.1" 200 2065
116.224.253.72 - - [09/May/2021:09:30:14 +0800] "POST /xingrg/dwr/call/plaincall/AjaxQqpsService.getMaterielByCode.dwr HTTP/1.1" 200 3584
180.169.147.146 - - [09/May/2021:09:30:15 +0800] "GET /xingrg/all/function/internal_message.html?_=1620523810366&CODE_STATE=getMsg HTTP/1.1" 200 27
116.232.50.121 - - [09/May/2021:09:30:18 +0800] "GET /xingrg/kc/buy/cgsh_order_operate.html?command=get_materiel&rest_code=00109&code=00101008109&supplier_code=00100005&order_time=2021-05-09 HTTP/1.1" 200 413
116.230.114.112 - - [09/May/2021:09:30:18 +0800] "GET /xingrg/kc/buy/cgsh_order_operate.html?command=get_materiel&rest_code=00146&code=00101008352&supplier_code=00100005&order_time=2021-05-09 HTTP/1.1" 200 412
116.224.253.72 - - [09/May/2021:09:30:18 +0800] "GET /xingrg/all/function/internal_message.html?_=1620523806771&CODE_STATE=getMsg HTTP/1.1" 200 27
114.88.167.174 - - [09/May/2021:09:30:20 +0800] "GET /xingrg/check_reg.html?_=1620523813330 HTTP/1.1" 200 22
114.88.167.174 - - [09/May/2021:09:30:20 +0800] "GET /xingrg/all/function/internal_message.html?_=1620523813482&CODE_STATE=getMsg HTTP/1.1" 200 27
116.230.110.80 - - [09/May/2021:09:30:21 +0800] "GET /xingrg/kc/buy/cgsh_order_operate.html?command=get_materiel&rest_code=00155&code=00101012019&supplier_code=00100037&order_time=2021-05-09 HTTP/1.1" 200 412
222.69.131.186 - - [09/May/2021:09:30:21 +0800] "GET /xingrg/all/function/internal_message.html?_=1620523817256&CODE_STATE=getMsg HTTP/1.1" 200 27
222.69.131.186 - - [09/May/2021:09:30:22 +0800] "GET /xingrg/check_reg.html?_=1620523817533 HTTP/1.1" 200 22
180.161.124.236 - - [09/May/2021:09:30:27 +0800] "POST /xingrg/kc/buy/cgsh_order_operate.html HTTP/1.1" 200 37
116.232.50.121 - - [09/May/2021:09:30:27 +0800] "GET /xingrg/kc/buy/cgsh_order_operate.html?command=get_materiel&rest_code=00109&code=00101008338&supplier_code=00100005&order_time=2021-05-09 HTTP/1.1" 200 408
116.224.253.72 - - [09/May/2021:09:30:28 +0800] "POST /xingrg/dwr/call/plaincall/AjaxQqpsService.saveMaterielItem.dwr HTTP/1.1" 200 78
116.230.114.112 - - [09/May/2021:09:30:28 +0800] "GET /xingrg/kc/buy/cgsh_order_operate.html?command=get_materiel&rest_code=00146&code=00101008098&supplier_code=00100005&order_time=2021-05-09 HTTP/1.1" 200 412
120.253.135.82 - - [09/May/2021:09:30:31 +0800] "GET /xingrg/all/function/internal_message.html?_=1620523892393&CODE_STATE=getMsg HTTP/1.1" 200 27
180.161.124.236 - - [09/May/2021:09:30:32 +0800] "POST /xingrg/services/DataTransmitService HTTP/1.1" 200 524
116.224.253.72 - - [09/May/2021:09:30:35 +0800] "POST /xingrg/dwr/call/plaincall/AjaxQqpsService.getMaterielByCode.dwr HTTP/1.1" 200 3584
116.232.50.121 - - [09/May/2021:09:30:35 +0800] "GET /xingrg/all/function/internal_message.html?_=1620523830869&CODE_STATE=getMsg HTTP/1.1" 200 27
116.224.253.72 - - [09/May/2021:09:30:37 +0800] "GET /xingrg/all/function/internal_message.html?_=1620523833252&CODE_STATE=getMsg HTTP/1.1" 200 27
180.161.124.236 - - [09/May/2021:09:30:37 +0800] "POST /xingrg/kc/buy/cgsh_order_operate.html HTTP/1.1" 200 7405
116.230.114.112 - - [09/May/2021:09:30:37 +0800] "GET /xingrg/all/function/internal_message.html?_=1620523858841&CODE_STATE=getMsg HTTP/1.1" 200 27
116.232.50.121 - - [09/May/2021:09:30:38 +0800] "GET /xingrg/kc/buy/cgsh_order_operate.html?command=get_materiel&rest_code=00109&code=00101015044&supplier_code=00100005&order_time=2021-05-09 HTTP/1.1" 200 408
116.230.114.112 - - [09/May/2021:09:30:40 +0800] "GET /xingrg/kc/buy/cgsh_order_operate.html?command=get_materiel&rest_code=00146&code=00101008005&supplier_code=00100005&order_time=2021-05-09 HTTP/1.1" 200 412
116.230.110.80 - - [09/May/2021:09:30:44 +0800] "GET /xingrg/kc/buy/cgsh_order_operate.html?command=get_materiel&rest_code=00155&code=00101012012&supplier_code=00100037&order_time=2021-05-09 HTTP/1.1" 200 414
116.232.50.121 - - [09/May/2021:09:30:45 +0800] "GET /xingrg/kc/buy/cgsh_order_operate.html?command=get_materiel&rest_code=00109&code=00101015066&supplier_code=00100005&order_time=2021-05-09 HTTP/1.1" 200 413
116.230.110.80 - - [09/May/2021:09:30:46 +0800] "GET /xingrg/check_reg.html?_=1620523841492 HTTP/1.1" 200 22
116.230.110.80 - - [09/May/2021:09:30:46 +0800] "GET /xingrg/all/function/internal_message.html?_=1620523841497&CODE_STATE=getMsg HTTP/1.1" 200 27
58.40.7.146 - - [09/May/2021:09:30:48 +0800] "GET /xingrg/check_reg.html?_=1620523843961 HTTP/1.1" 200 22
58.40.7.146 - - [09/May/2021:09:30:48 +0800] "GET /xingrg/all/function/internal_message.html?_=1620523843964&CODE_STATE=getMsg HTTP/1.1" 200 27
116.230.110.80 - - [09/May/2021:09:30:50 +0800] "GET /xingrg/kc/buy/cgsh_order_operate.html?command=get_materiel&rest_code=00155&code=00101012051&supplier_code=00100037&order_time=2021-05-09 HTTP/1.1" 200 427
116.232.50.121 - - [09/May/2021:09:30:52 +0800] "GET /xingrg/kc/buy/cgsh_order_operate.html?command=get_materiel&rest_code=00109&code=00101008150&supplier_code=00100005&order_time=2021-05-09 HTTP/1.1" 200 409
120.253.135.82 - - [09/May/2021:09:30:52 +0800] "GET /xingrg/check_reg.html?_=1620523629890 HTTP/1.1" 200 22
120.253.135.82 - - [09/May/2021:09:30:52 +0800] "GET /xingrg/all/function/internal_message.html?_=1620523629958&CODE_STATE=getMsg HTTP/1.1" 200 27
180.161.124.236 - - [09/May/2021:09:30:55 +0800] "GET /xingrg/all/function/internal_message.html?_=1620524137929&CODE_STATE=getMsg HTTP/1.1" 200 27
116.224.253.72 - - [09/May/2021:09:30:55 +0800] "POST /xingrg/dwr/call/plaincall/AjaxQqpsService.saveMaterielItem.dwr HTTP/1.1" 200 78
116.232.50.121 - - [09/May/2021:09:30:57 +0800] "POST /xingrg/kc/buy/cgsh_order_operate.html HTTP/1.1" 200 2065
180.161.124.236 - - [09/May/2021:09:30:57 +0800] "POST /xingrg/kc/buy/cgsh_list_operate.html HTTP/1.1" 200 2004
116.230.110.80 - - [09/May/2021:09:30:59 +0800] "GET /xingrg/kc/buy/cgsh_order_operate.html?command=get_materiel&rest_code=00155&code=00101015012&supplier_code=00100037&order_time=2021-05-09 HTTP/1.1" 200 412
116.230.114.112 - - [09/May/2021:09:31:02 +0800] "GET /xingrg/kc/buy/cgsh_order_operate.html?command=get_materiel&rest_code=00146&code=00101008291&supplier_code=00100005&order_time=2021-05-09 HTTP/1.1" 200 408
116.224.253.72 - - [09/May/2021:09:31:04 +0800] "POST /xingrg/dwr/call/plaincall/AjaxQqpsService.getMaterielByCode.dwr HTTP/1.1" 200 3671
116.230.76.31 - - [09/May/2021:09:31:04 +0800] "GET /xingrg/check_reg.html?_=1620523859723 HTTP/1.1" 200 22
116.230.76.31 - - [09/May/2021:09:31:04 +0800] "GET /xingrg/all/function/internal_message.html?_=1620523860285&CODE_STATE=getMsg HTTP/1.1" 200 27
116.230.114.112 - - [09/May/2021:09:31:05 +0800] "POST /xingrg/kc/buy/cgsh_order_operate.html HTTP/1.1" 200 2065
116.224.253.72 - - [09/May/2021:09:31:05 +0800] "POST /xingrg/dwr/call/plaincall/AjaxQqpsService.saveMaterielItem.dwr HTTP/1.1" 200 79
61.165.42.208 - - [09/May/2021:09:31:05 +0800] "GET /xingrg/all/function/internal_message.html?_=1620523861773&CODE_STATE=getMsg HTTP/1.1" 200 27
116.230.110.80 - - [09/May/2021:09:31:07 +0800] "GET /xingrg/kc/buy/cgsh_order_operate.html?command=get_materiel&rest_code=00155&code=00101009059&supplier_code=00100037&order_time=2021-05-09 HTTP/1.1" 200 409
116.232.50.121 - - [09/May/2021:09:31:11 +0800] "GET /xingrg/kc/buy/cgsh_order_operate.html?command=get_materiel&rest_code=00109&code=00101008350&supplier_code=00100005&order_time=2021-05-09 HTTP/1.1" 200 408
116.230.114.112 - - [09/May/2021:09:31:12 +0800] "GET /xingrg/kc/buy/cgsh_order_operate.html?command=get_materiel&rest_code=00146&code=00101008312&supplier_code=00100005&order_time=2021-05-09 HTTP/1.1" 200 412
116.224.253.72 - - [09/May/2021:09:31:14 +0800] "POST /xingrg/dwr/call/plaincall/AjaxQqpsService.getMaterielByCode.dwr HTTP/1.1" 200 3680
180.169.147.146 - - [09/May/2021:09:31:15 +0800] "GET /xingrg/all/function/internal_message.html?_=1620523870369&CODE_STATE=getMsg HTTP/1.1" 200 27
116.224.253.72 - - [09/May/2021:09:31:15 +0800] "POST /xingrg/dwr/call/plaincall/AjaxQqpsService.saveMaterielItem.dwr HTTP/1.1" 200 79
116.224.253.72 - - [09/May/2021:09:31:18 +0800] "GET /xingrg/all/function/internal_message.html?_=1620523866785&CODE_STATE=getMsg HTTP/1.1" 200 27
114.88.167.174 - - [09/May/2021:09:31:20 +0800] "GET /xingrg/all/function/internal_message.html?_=1620523873495&CODE_STATE=getMsg HTTP/1.1" 200 27
222.69.131.186 - - [09/May/2021:09:31:21 +0800] "GET /xingrg/all/function/internal_message.html?_=1620523877236&CODE_STATE=getMsg HTTP/1.1" 200 27
116.224.253.72 - - [09/May/2021:09:31:22 +0800] "POST /xingrg/dwr/call/plaincall/AjaxQqpsService.getMaterielByCode.dwr HTTP/1.1" 200 3632
116.230.114.112 - - [09/May/2021:09:31:23 +0800] "GET /xingrg/kc/buy/cgsh_order_operate.html?command=get_materiel&rest_code=00146&code=00101008298&supplier_code=00100005&order_time=2021-05-09 HTTP/1.1" 200 412
116.230.110.80 - - [09/May/2021:09:31:23 +0800] "GET /xingrg/kc/buy/cgsh_order_operate.html?command=get_materiel&rest_code=00155&code=00101015107&supplier_code=00100037&order_time=2021-05-09 HTTP/1.1" 200 397
180.161.124.236 - - [09/May/2021:09:31:31 +0800] "POST /xingrg/kc/buy/cgsh_list_operate.html HTTP/1.1" 200 584
120.253.135.82 - - [09/May/2021:09:31:31 +0800] "GET /xingrg/all/function/internal_message.html?_=1620523952444&CODE_STATE=getMsg HTTP/1.1" 200 27
116.230.114.112 - - [09/May/2021:09:31:33 +0800] "POST /xingrg/kc/buy/cgsh_order_operate.html HTTP/1.1" 200 37
116.232.50.121 - - [09/May/2021:09:31:35 +0800] "GET /xingrg/all/function/internal_message.html?_=1620523890876&CODE_STATE=getMsg HTTP/1.1" 200 27
180.161.124.236 - - [09/May/2021:09:31:35 +0800] "GET /xingrg/kc/buy/cgsh_order_info.html?code=212021050903650 HTTP/1.1" 200 61946
116.230.114.112 - - [09/May/2021:09:31:36 +0800] "POST /xingrg/kc/buy/cgsh_order_operate.html HTTP/1.1" 200 41108
180.161.124.236 - - [09/May/2021:09:31:36 +0800] "GET /xingrg/javascript/easyui/themes/default/validatebox.css HTTP/1.1" 404 1104
180.161.124.236 - - [09/May/2021:09:31:36 +0800] "POST /xingrg/kc/buy/cgsh_order_operate.html HTTP/1.1" 200 9209
116.224.253.72 - - [09/May/2021:09:31:37 +0800] "GET /xingrg/all/function/internal_message.html?_=1620523893270&CODE_STATE=getMsg HTTP/1.1" 200 27
116.224.253.72 - - [09/May/2021:09:31:37 +0800] "GET /xingrg/check_reg.html?_=1620523893273 HTTP/1.1" 200 22
116.230.114.112 - - [09/May/2021:09:31:37 +0800] "GET /xingrg/all/function/internal_message.html?_=1620523918854&CODE_STATE=getMsg HTTP/1.1" 200 27
180.161.124.236 - - [09/May/2021:09:31:41 +0800] "POST /xingrg/kc/buy/cgsh_order_operate.html HTTP/1.1" 200 37
116.230.110.80 - - [09/May/2021:09:31:46 +0800] "GET /xingrg/all/function/internal_message.html?_=1620523901492&CODE_STATE=getMsg HTTP/1.1" 200 27
116.232.50.121 - - [09/May/2021:09:31:46 +0800] "GET /xingrg/kc/buy/cgsh_order_operate.html?command=get_materiel&rest_code=00109&code=00101008357&supplier_code=00100005&order_time=2021-05-09 HTTP/1.1" 200 408
180.161.124.236 - - [09/May/2021:09:31:48 +0800] "POST /xingrg/kc/buy/cgsh_order_operate.html HTTP/1.1" 200 12
58.40.7.146 - - [09/May/2021:09:31:48 +0800] "GET /xingrg/all/function/internal_message.html?_=1620523903964&CODE_STATE=getMsg HTTP/1.1" 200 27
116.232.50.121 - - [09/May/2021:09:31:51 +0800] "GET /xingrg/kc/buy/cgsh_order_operate.html?command=get_materiel&rest_code=00109&code=00101008010&supplier_code=00100005&order_time=2021-05-09 HTTP/1.1" 200 412
120.253.135.82 - - [09/May/2021:09:31:52 +0800] "GET /xingrg/all/function/internal_message.html?_=1620523689971&CODE_STATE=getMsg HTTP/1.1" 200 27
116.232.50.121 - - [09/May/2021:09:31:57 +0800] "GET /xingrg/kc/buy/cgsh_order_operate.html?command=get_materiel&rest_code=00109&code=00101008313&supplier_code=00100005&order_time=2021-05-09 HTTP/1.1" 200 412
116.224.253.72 - - [09/May/2021:09:31:58 +0800] "POST /xingrg/dwr/call/plaincall/AjaxQqpsService.saveMaterielItem.dwr HTTP/1.1" 200 79
120.253.135.82 - - [09/May/2021:09:32:00 +0800] "GET /xingrg/kc/report/report_main.html HTTP/1.1" 200 9370
120.253.135.82 - - [09/May/2021:09:32:00 +0800] "POST /xingrg/kc/pszx/mdps_list_operate.html HTTP/1.1" 200 3573
120.253.135.82 - - [09/May/2021:09:32:01 +0800] "GET /xingrg/kc/base/kc_stocks.html HTTP/1.1" 200 16380
120.253.135.82 - - [09/May/2021:09:32:01 +0800] "GET /xingrg/javascript/easyui/themes/default/tree.css HTTP/1.1" 404 1090
120.253.135.82 - - [09/May/2021:09:32:01 +0800] "POST /xingrg/all/common/load_tree.html?tree=materiel_sort_tree_json HTTP/1.1" 200 8666
120.253.135.82 - - [09/May/2021:09:32:02 +0800] "POST /xingrg/all/common/load_combo.html?type=base HTTP/1.1" 200 1075
116.232.50.121 - - [09/May/2021:09:32:03 +0800] "GET /xingrg/kc/buy/cgsh_order_operate.html?command=get_materiel&rest_code=00109&code=00101008350&supplier_code=00100005&order_time=2021-05-09 HTTP/1.1" 200 408
116.230.76.31 - - [09/May/2021:09:32:04 +0800] "GET /xingrg/all/function/internal_message.html?_=1620523920272&CODE_STATE=getMsg HTTP/1.1" 200 27
61.165.42.208 - - [09/May/2021:09:32:05 +0800] "GET /xingrg/all/function/internal_message.html?_=1620523921774&CODE_STATE=getMsg HTTP/1.1" 200 27
116.232.50.121 - - [09/May/2021:09:32:07 +0800] "POST /xingrg/kc/buy/cgsh_order_operate.html HTTP/1.1" 200 2065
120.253.135.82 - - [09/May/2021:09:32:10 +0800] "POST /xingrg/kc/base/stock_operate.html HTTP/1.1" 200 4116
116.224.253.72 - - [09/May/2021:09:32:12 +0800] "POST /xingrg/dwr/call/plaincall/AjaxQqpsService.getMaterielByCode.dwr HTTP/1.1" 200 3614
116.232.50.121 - - [09/May/2021:09:32:14 +0800] "GET /xingrg/kc/buy/cgsh_order_operate.html?command=get_materiel&rest_code=00109&code=00101008036&supplier_code=00100005&order_time=2021-05-09 HTTP/1.1" 200 408
180.169.147.146 - - [09/May/2021:09:32:15 +0800] "GET /xingrg/check_reg.html?_=1620523930367 HTTP/1.1" 200 22
180.169.147.146 - - [09/May/2021:09:32:15 +0800] "GET /xingrg/all/function/internal_message.html?_=1620523930368&CODE_STATE=getMsg HTTP/1.1" 200 27
116.224.253.72 - - [09/May/2021:09:32:18 +0800] "POST /xingrg/dwr/call/plaincall/AjaxQqpsService.saveMaterielItem.dwr HTTP/1.1" 200 79
116.224.253.72 - - [09/May/2021:09:32:18 +0800] "GET /xingrg/all/function/internal_message.html?_=1620523926799&CODE_STATE=getMsg HTTP/1.1" 200 27
116.232.50.121 - - [09/May/2021:09:32:19 +0800] "GET /xingrg/kc/buy/cgsh_order_operate.html?command=get_materiel&rest_code=00109&code=00101008041&supplier_code=00100005&order_time=2021-05-09 HTTP/1.1" 200 408
120.253.135.82 - - [09/May/2021:09:32:20 +0800] "POST /xingrg/kc/base/stock_operate.html HTTP/1.1" 200 1740
114.88.167.174 - - [09/May/2021:09:32:20 +0800] "GET /xingrg/all/function/internal_message.html?_=1620523933508&CODE_STATE=getMsg HTTP/1.1" 200 27
222.69.131.186 - - [09/May/2021:09:32:21 +0800] "GET /xingrg/all/function/internal_message.html?_=1620523937216&CODE_STATE=getMsg HTTP/1.1" 200 27
116.232.50.121 - - [09/May/2021:09:32:24 +0800] "GET /xingrg/kc/buy/cgsh_order_operate.html?command=get_materiel&rest_code=00109&code=00101008353&supplier_code=00100005&order_time=2021-05-09 HTTP/1.1" 200 408
120.253.135.82 - - [09/May/2021:09:32:25 +0800] "GET /xingrg/kc/base/stock_detail.html?m=00101019374 HTTP/1.1" 200 6353
120.253.135.82 - - [09/May/2021:09:32:25 +0800] "GET /xingrg/javascript/jquery_easy_ui/themes/default/images/button_a_bg.gif HTTP/1.1" 304 -
120.253.135.82 - - [09/May/2021:09:32:25 +0800] "GET /xingrg/javascript/jquery_easy_ui/themes/icons/search.png HTTP/1.1" 304 -
120.253.135.82 - - [09/May/2021:09:32:25 +0800] "GET /xingrg/javascript/jquery_easy_ui/themes/default/images/menu.gif HTTP/1.1" 304 -
120.253.135.82 - - [09/May/2021:09:32:25 +0800] "GET /xingrg/javascript/jquery_easy_ui/themes/default/images/menu_downarrow.png HTTP/1.1" 304 -
120.253.135.82 - - [09/May/2021:09:32:25 +0800] "GET /xingrg/javascript/jquery_easy_ui/themes/default/images/button_span_bg.gif HTTP/1.1" 304 -
120.253.135.82 - - [09/May/2021:09:32:25 +0800] "GET /xingrg/javascript/jquery_easy_ui/themes/icons/print.png HTTP/1.1" 304 -
120.253.135.82 - - [09/May/2021:09:32:25 +0800] "GET /xingrg/javascript/jquery_easy_ui/themes/default/images/calendar_prevmonth.gif HTTP/1.1" 304 -
120.253.135.82 - - [09/May/2021:09:32:25 +0800] "GET /xingrg/javascript/jquery_easy_ui/themes/default/images/calendar_nextyear.gif HTTP/1.1" 304 -
120.253.135.82 - - [09/May/2021:09:32:25 +0800] "GET /xingrg/javascript/jquery_easy_ui/themes/default/images/calendar_prevyear.gif HTTP/1.1" 304 -
120.253.135.82 - - [09/May/2021:09:32:25 +0800] "GET /xingrg/javascript/jquery_easy_ui/themes/default/images/calendar_nextmonth.gif HTTP/1.1" 304 -
120.253.135.82 - - [09/May/2021:09:32:27 +0800] "GET /xingrg/kc/base/stock_operate.html?_=1620523724229&command=get_report_file&start_day=20210501 HTTP/1.1" 200 53
120.253.135.82 - - [09/May/2021:09:32:27 +0800] "GET /xingrg/javascript/multi_select/jqueryMultiSelect.css HTTP/1.1" 304 -
120.253.135.82 - - [09/May/2021:09:32:27 +0800] "GET /xingrg/javascript/bigrid/fix.css HTTP/1.1" 304 -
120.253.135.82 - - [09/May/2021:09:32:27 +0800] "GET /xingrg/javascript/calendar/timePicker.css HTTP/1.1" 304 -
120.253.135.82 - - [09/May/2021:09:32:27 +0800] "GET /xingrg/all/report/report_query.html?isQuery=1&onlyBody=1&rh=2000&fileName=kc/base/kc_stock_detail_new.xml&queryString=(1=1)&queryText=&tableQueryString=init_table$sp1$$sp$crk_table$sp1$order_day%20between%2020210501%20and%2020210531&varString=start_day:20210501,materiel_code:00101019374,cost_id:3117,end_date:20210331 HTTP/1.1" 200 48701
222.69.131.186 - - [09/May/2021:09:32:27 +0800] "GET /xingrg/kc/buy/cgsh_order_operate.html?command=get_materiel&rest_code=00149&code=00101006113&supplier_code=00100012&order_time=2021-05-09 HTTP/1.1" 200 413
120.253.135.82 - - [09/May/2021:09:32:27 +0800] "GET /xingrg/dwr/interface/AjaxReportQueryService.js HTTP/1.1" 200 13203
120.253.135.82 - - [09/May/2021:09:32:27 +0800] "GET /xingrg/javascript/calendar/jquery.timePicker.min.js HTTP/1.1" 304 -
120.253.135.82 - - [09/May/2021:09:32:27 +0800] "GET /xingrg/javascript/jqueryMultiSelect.js HTTP/1.1" 304 -
120.253.135.82 - - [09/May/2021:09:32:27 +0800] "GET /xingrg/javascript/bigrid/fix.js HTTP/1.1" 304 -
116.224.253.72 - - [09/May/2021:09:32:27 +0800] "POST /xingrg/dwr/call/plaincall/AjaxQqpsService.getMaterielByCode.dwr HTTP/1.1" 200 3649
120.253.135.82 - - [09/May/2021:09:32:27 +0800] "GET /xingrg/dwr/engine.js HTTP/1.1" 200 43631
120.253.135.82 - - [09/May/2021:09:32:27 +0800] "GET /xingrg/images/control/loading.gif HTTP/1.1" 304 -
120.253.135.82 - - [09/May/2021:09:32:27 +0800] "GET /xingrg/javascript/jquery_easy_ui/themes/icons/help.png HTTP/1.1" 304 -
120.253.135.82 - - [09/May/2021:09:32:27 +0800] "GET /xingrg/images/blue/button/advance2over.gif HTTP/1.1" 304 -
120.253.135.82 - - [09/May/2021:09:32:27 +0800] "GET /xingrg/images/blue/button/back2over.gif HTTP/1.1" 304 -
120.253.135.82 - - [09/May/2021:09:32:27 +0800] "GET /xingrg/images/blue/button/advanceover.gif HTTP/1.1" 304 -
120.253.135.82 - - [09/May/2021:09:32:27 +0800] "GET /xingrg/images/blue/button/backover.gif HTTP/1.1" 304 -
120.253.135.82 - - [09/May/2021:09:32:27 +0800] "POST /xingrg/all/report/load_report_page.html HTTP/1.1" 200 34901
120.253.135.82 - - [09/May/2021:09:32:27 +0800] "GET /xingrg/servlets/image?cache=0.5232207344648616&image=px HTTP/1.1" 200 807
116.224.253.72 - - [09/May/2021:09:32:28 +0800] "POST /xingrg/dwr/call/plaincall/AjaxQqpsService.saveMaterielItem.dwr HTTP/1.1" 200 79
116.232.54.232 - - [09/May/2021:09:32:31 +0800] "GET /xingrg/kc/buy/cgsh_order_operate.html?command=get_materiel&rest_code=00109&code=00101008209&supplier_code=00100005&order_time=2021-05-09 HTTP/1.1" 200 408
120.253.135.82 - - [09/May/2021:09:32:31 +0800] "GET /xingrg/all/function/internal_message.html?_=1620524012449&CODE_STATE=getMsg HTTP/1.1" 200 27
116.224.253.72 - - [09/May/2021:09:32:34 +0800] "POST /xingrg/dwr/call/plaincall/AjaxQqpsService.getMaterielByCode.dwr HTTP/1.1" 200 3584
116.232.54.232 - - [09/May/2021:09:32:35 +0800] "GET /xingrg/all/function/internal_message.html?_=1620523950875&CODE_STATE=getMsg HTTP/1.1" 200 27
116.224.253.72 - - [09/May/2021:09:32:36 +0800] "POST /xingrg/dwr/call/plaincall/AjaxQqpsService.saveMaterielItem.dwr HTTP/1.1" 200 79
116.224.253.72 - - [09/May/2021:09:32:37 +0800] "GET /xingrg/all/function/internal_message.html?_=1620523953277&CODE_STATE=getMsg HTTP/1.1" 200 27
120.253.135.82 - - [09/May/2021:09:32:37 +0800] "GET /xingrg/kc/guide/show_order.html?code=312021050100030&type=31 HTTP/1.1" 302 -
120.253.135.82 - - [09/May/2021:09:32:37 +0800] "GET /xingrg/kc/pszx/mdps_order_info.html?code=312021050100030&sysBaseUrl=http%3A%2F%2F180.169.147.146%3A18081%2Fxingrg%2F&costTime=0×tamp=1620523957680 HTTP/1.1" 200 19585
116.230.114.112 - - [09/May/2021:09:32:37 +0800] "GET /xingrg/all/function/internal_message.html?_=1620523978867&CODE_STATE=getMsg HTTP/1.1" 200 27
120.253.135.82 - - [09/May/2021:09:32:38 +0800] "GET /favicon.ico HTTP/1.1" 404 -
120.253.135.82 - - [09/May/2021:09:32:38 +0800] "GET /xingrg/javascript/easyui/themes/default/validatebox.css HTTP/1.1" 404 1104
120.253.135.82 - - [09/May/2021:09:32:38 +0800] "POST /xingrg/kc/pszx/mdps_order_operate.html HTTP/1.1" 200 22910
222.69.131.186 - - [09/May/2021:09:32:40 +0800] "GET /xingrg/kc/buy/cgsh_order_operate.html?command=get_materiel&rest_code=00149&code=00101006057&supplier_code=00100012&order_time=2021-05-09 HTTP/1.1" 200 413
116.232.54.232 - - [09/May/2021:09:32:44 +0800] "GET /xingrg/kc/buy/cgsh_order_operate.html?command=get_materiel&rest_code=00109&code=00101008300&supplier_code=00100005&order_time=2021-05-09 HTTP/1.1" 200 412
116.224.253.72 - - [09/May/2021:09:32:45 +0800] "POST /xingrg/dwr/call/plaincall/AjaxQqpsService.getMaterielByCode.dwr HTTP/1.1" 200 3654
116.230.110.80 - - [09/May/2021:09:32:46 +0800] "GET /xingrg/all/function/internal_message.html?_=1620523961491&CODE_STATE=getMsg HTTP/1.1" 200 27
58.40.7.146 - - [09/May/2021:09:32:48 +0800] "GET /xingrg/all/function/internal_message.html?_=1620523963969&CODE_STATE=getMsg HTTP/1.1" 200 27
116.232.54.232 - - [09/May/2021:09:32:49 +0800] "POST /xingrg/kc/buy/cgsh_order_operate.html HTTP/1.1" 200 2065
222.69.131.186 - - [09/May/2021:09:32:50 +0800] "GET /xingrg/kc/buy/cgsh_order_operate.html?command=get_materiel&rest_code=00149&code=00101006130&supplier_code=00100012&order_time=2021-05-09 HTTP/1.1" 200 427
116.224.253.72 - - [09/May/2021:09:32:51 +0800] "POST /xingrg/dwr/call/plaincall/AjaxQqpsService.saveMaterielItem.dwr HTTP/1.1" 200 79
120.253.135.82 - - [09/May/2021:09:32:52 +0800] "GET /xingrg/all/function/internal_message.html?_=1620523750009&CODE_STATE=getMsg HTTP/1.1" 200 27
61.165.42.208 - - [09/May/2021:09:32:53 +0800] "GET /xingrg/kc/buy/cgsh_order_add.html HTTP/1.1" 200 62035
61.165.42.208 - - [09/May/2021:09:32:54 +0800] "GET /xingrg/javascript/easyui/themes/default/validatebox.css HTTP/1.1" 404 1104
61.165.42.208 - - [09/May/2021:09:32:54 +0800] "POST /xingrg/kc/buy/cgsh_order_operate.html HTTP/1.1" 200 8245
116.232.54.232 - - [09/May/2021:09:32:54 +0800] "GET /xingrg/kc/buy/cgsh_order_operate.html?command=get_materiel&rest_code=00109&code=00101008137&supplier_code=00100005&order_time=2021-05-09 HTTP/1.1" 200 408
222.69.131.186 - - [09/May/2021:09:33:00 +0800] "POST /xingrg/kc/buy/cgsh_order_operate.html HTTP/1.1" 200 37
116.230.76.31 - - [09/May/2021:09:33:04 +0800] "GET /xingrg/all/function/internal_message.html?_=1620523980243&CODE_STATE=getMsg HTTP/1.1" 200 27
61.165.42.208 - - [09/May/2021:09:33:05 +0800] "GET /xingrg/all/function/internal_message.html?_=1620523981804&CODE_STATE=getMsg HTTP/1.1" 200 27
116.230.110.80 - - [09/May/2021:09:33:13 +0800] "GET /xingrg/kc/buy/cgsh_order_operate.html?command=get_materiel&rest_code=00155&code=00101037151&supplier_code=00100037&order_time=2021-05-09 HTTP/1.1" 200 407
222.69.131.186 - - [09/May/2021:09:33:14 +0800] "POST /xingrg/kc/buy/cgsh_order_operate.html HTTP/1.1" 200 12
180.169.147.146 - - [09/May/2021:09:33:15 +0800] "GET /xingrg/all/function/internal_message.html?_=1620523990366&CODE_STATE=getMsg HTTP/1.1" 200 27
120.253.135.82 - - [09/May/2021:09:33:17 +0800] "GET /xingrg/kc/base/stock_operate.html?_=1620523774325&command=get_report_file&start_day=20210401 HTTP/1.1" 200 53
120.253.135.82 - - [09/May/2021:09:33:17 +0800] "GET /xingrg/all/report/report_query.html?isQuery=1&onlyBody=1&rh=2000&fileName=kc/base/kc_stock_detail_new.xml&queryString=(1=1)&queryText=&tableQueryString=init_table$sp1$$sp$crk_table$sp1$order_day%20between%2020210401%20and%2020210531&varString=start_day:20210401,materiel_code:00101019374,cost_id:3117,end_date:20210331 HTTP/1.1" 200 48701
120.253.135.82 - - [09/May/2021:09:33:17 +0800] "GET /xingrg/dwr/interface/AjaxReportQueryService.js HTTP/1.1" 200 13203
120.253.135.82 - - [09/May/2021:09:33:17 +0800] "GET /xingrg/dwr/engine.js HTTP/1.1" 200 43631
120.253.135.82 - - [09/May/2021:09:33:17 +0800] "POST /xingrg/all/report/load_report_page.html HTTP/1.1" 200 88705
120.253.135.82 - - [09/May/2021:09:33:17 +0800] "GET /xingrg/servlets/image?cache=0.4310331462020389&image=px HTTP/1.1" 200 807
116.224.253.72 - - [09/May/2021:09:33:18 +0800] "GET /xingrg/check_reg.html?_=1620523986754 HTTP/1.1" 200 22
116.224.253.72 - - [09/May/2021:09:33:19 +0800] "GET /xingrg/all/function/internal_message.html?_=1620523986812&CODE_STATE=getMsg HTTP/1.1" 200 27
116.232.54.232 - - [09/May/2021:09:33:19 +0800] "POST /xingrg/kc/buy/cgsh_order_operate.html HTTP/1.1" 200 37
222.69.131.186 - - [09/May/2021:09:33:20 +0800] "GET /xingrg/kc/buy/cgsh_order_info.html?code=212021050903656 HTTP/1.1" 200 56943
222.69.131.186 - - [09/May/2021:09:33:20 +0800] "GET /xingrg/javascript/easyui/themes/default/validatebox.css HTTP/1.1" 404 1104
114.88.167.174 - - [09/May/2021:09:33:20 +0800] "GET /xingrg/all/function/internal_message.html?_=1620523993540&CODE_STATE=getMsg HTTP/1.1" 200 27
222.69.131.186 - - [09/May/2021:09:33:20 +0800] "POST /xingrg/kc/buy/cgsh_order_operate.html HTTP/1.1" 200 1809
116.232.54.232 - - [09/May/2021:09:33:21 +0800] "POST /xingrg/kc/buy/cgsh_order_operate.html HTTP/1.1" 200 49336
222.69.131.186 - - [09/May/2021:09:33:21 +0800] "GET /xingrg/all/function/internal_message.html?_=1620523997202&CODE_STATE=getMsg HTTP/1.1" 200 27
222.69.131.186 - - [09/May/2021:09:33:23 +0800] "GET /xingrg/kc/print/load_data.html?order_code=212021050903656&kc_code=cgsh&condition= HTTP/1.1" 200 1270
116.232.54.232 - - [09/May/2021:09:33:23 +0800] "GET /xingrg/kc/print/load_config.html?kc_code=cgsh HTTP/1.1" 200 1845
116.232.54.232 - - [09/May/2021:09:33:23 +0800] "GET /xingrg/kc/print/load_data.html?order_code=212021050903657&kc_code=cgsh&condition= HTTP/1.1" 200 18312
116.224.253.72 - - [09/May/2021:09:33:24 +0800] "POST /xingrg/dwr/call/plaincall/AjaxQqpsService.getMaterielByCode.dwr HTTP/1.1" 200 3668
116.224.253.72 - - [09/May/2021:09:33:25 +0800] "POST /xingrg/dwr/call/plaincall/AjaxQqpsService.saveMaterielItem.dwr HTTP/1.1" 200 79
116.230.110.80 - - [09/May/2021:09:33:29 +0800] "GET /xingrg/kc/buy/cgsh_order_operate.html?command=get_materiel&rest_code=00155&code=00101015110&supplier_code=00100037&order_time=2021-05-09 HTTP/1.1" 200 398
116.224.253.72 - - [09/May/2021:09:33:31 +0800] "POST /xingrg/dwr/call/plaincall/AjaxQqpsService.getMaterielByCode.dwr HTTP/1.1" 200 3666
120.253.135.82 - - [09/May/2021:09:33:31 +0800] "GET /xingrg/all/function/internal_message.html?_=1620524072502&CODE_STATE=getMsg HTTP/1.1" 200 27
120.253.135.82 - - [09/May/2021:09:33:32 +0800] "GET /xingrg/kc/pszx/mdqp_order_list.html?state=10 HTTP/1.1" 200 10615
120.253.135.82 - - [09/May/2021:09:33:32 +0800] "GET /xingrg/dwr/interface/AjaxQqpsService.js HTTP/1.1" 200 16326
120.253.135.82 - - [09/May/2021:09:33:32 +0800] "GET /xingrg/dwr/interface/AjaxReportQueryService.js HTTP/1.1" 200 13203
120.253.135.82 - - [09/May/2021:09:33:32 +0800] "GET /xingrg/dwr/engine.js HTTP/1.1" 200 43631
116.232.54.232 - - [09/May/2021:09:33:33 +0800] "GET /xingrg/kc/buy/cgsh_order_add.html HTTP/1.1" 200 62029
116.232.54.232 - - [09/May/2021:09:33:33 +0800] "POST /xingrg/kc/buy/cgsh_order_operate.html HTTP/1.1" 200 8245
116.232.54.232 - - [09/May/2021:09:33:33 +0800] "GET /xingrg/all/common/auto_word.html?type=employee&rest_code=00109 HTTP/1.1" 200 205
116.232.54.232 - - [09/May/2021:09:33:33 +0800] "GET /xingrg/all/common/auto_word.html?type=employee&rest_code=00109 HTTP/1.1" 200 205
116.232.54.232 - - [09/May/2021:09:33:33 +0800] "GET /xingrg/javascript/easyui/themes/default/validatebox.css HTTP/1.1" 404 1104
116.232.54.232 - - [09/May/2021:09:33:35 +0800] "GET /xingrg/all/function/internal_message.html?_=1620524010877&CODE_STATE=getMsg HTTP/1.1" 200 27
116.232.54.232 - - [09/May/2021:09:33:35 +0800] "GET /xingrg/check_reg.html?_=1620524010879 HTTP/1.1" 200 22
116.224.253.72 - - [09/May/2021:09:33:35 +0800] "POST /xingrg/dwr/call/plaincall/AjaxQqpsService.saveMaterielItem.dwr HTTP/1.1" 200 79
120.253.135.82 - - [09/May/2021:09:33:36 +0800] "GET /xingrg/kc/pszx/mdqp_order_info.html?code=302021050900167 HTTP/1.1" 200 13350
120.253.135.82 - - [09/May/2021:09:33:36 +0800] "GET /xingrg/javascript/AjaxInfoList.js HTTP/1.1" 304 -
120.253.135.82 - - [09/May/2021:09:33:36 +0800] "GET /xingrg/javascript/Grid.js HTTP/1.1" 200 58908
120.253.135.82 - - [09/May/2021:09:33:36 +0800] "GET /xingrg/dwr/interface/AjaxComOrderService.js HTTP/1.1" 200 18264
120.253.135.82 - - [09/May/2021:09:33:36 +0800] "GET /xingrg/javascript/checkform.js HTTP/1.1" 200 18351
120.253.135.82 - - [09/May/2021:09:33:36 +0800] "GET /xingrg/javascript/tools/jquery.qtip-1.0.0-rc3.min.js HTTP/1.1" 200 38404
120.253.135.82 - - [09/May/2021:09:33:36 +0800] "GET /xingrg/javascript/ToolTips.js HTTP/1.1" 200 5615
120.253.135.82 - - [09/May/2021:09:33:36 +0800] "GET /xingrg/dwr/interface/AjaxQqpsService.js HTTP/1.1" 200 16326
120.253.135.82 - - [09/May/2021:09:33:36 +0800] "GET /xingrg/dwr/engine.js HTTP/1.1" 200 43631
120.253.135.82 - - [09/May/2021:09:33:36 +0800] "GET /xingrg/images/blue/button/kc_tab_edit.gif HTTP/1.1" 200 551
120.253.135.82 - - [09/May/2021:09:33:36 +0800] "GET /xingrg/images/blue/button/kc_tab_save.gif HTTP/1.1" 200 777
120.253.135.82 - - [09/May/2021:09:33:36 +0800] "GET /xingrg/images/blue/kc_tab_mid.gif HTTP/1.1" 200 44
120.253.135.82 - - [09/May/2021:09:33:36 +0800] "GET /xingrg/images/blue/kc_tab2_left.gif HTTP/1.1" 200 625
120.253.135.82 - - [09/May/2021:09:33:36 +0800] "GET /xingrg/images/blue/kc_tab2_right.gif HTTP/1.1" 200 192
120.253.135.82 - - [09/May/2021:09:33:36 +0800] "GET /xingrg/images/blue/kc_tab_right.gif HTTP/1.1" 200 643
120.253.135.82 - - [09/May/2021:09:33:36 +0800] "GET /xingrg/images/blue/kc_tab_left.gif HTTP/1.1" 200 188
120.253.135.82 - - [09/May/2021:09:33:36 +0800] "GET /xingrg/images/blue/wait.gif HTTP/1.1" 200 1100
120.253.135.82 - - [09/May/2021:09:33:37 +0800] "POST /xingrg/dwr/call/plaincall/AjaxQqpsService.loadMaterielItems.dwr HTTP/1.1" 200 585
222.69.131.186 - - [09/May/2021:09:33:37 +0800] "GET /xingrg/kc/buy/cgsh_order_add.html HTTP/1.1" 200 62041
116.224.253.72 - - [09/May/2021:09:33:37 +0800] "GET /xingrg/all/function/internal_message.html?_=1620524013277&CODE_STATE=getMsg HTTP/1.1" 200 27
222.69.131.186 - - [09/May/2021:09:33:37 +0800] "GET /xingrg/javascript/easyui/themes/default/validatebox.css HTTP/1.1" 404 1104
222.69.131.186 - - [09/May/2021:09:33:37 +0800] "POST /xingrg/kc/buy/cgsh_order_operate.html HTTP/1.1" 200 8245
116.230.114.112 - - [09/May/2021:09:33:37 +0800] "GET /xingrg/all/function/internal_message.html?_=1620524038881&CODE_STATE=getMsg HTTP/1.1" 200 27
120.253.135.82 - - [09/May/2021:09:33:40 +0800] "GET /xingrg/javascript/jquery_easy_ui/themes/default/images/button_plain_hover.png HTTP/1.1" 304 -
180.161.124.236 - - [09/May/2021:09:33:41 +0800] "GET /xingrg/kc/buy/cgsh_order_info.html?code=212021050903650 HTTP/1.1" 200 56837
120.253.135.82 - - [09/May/2021:09:33:41 +0800] "GET /xingrg/kc/pszx/mdqp_order_list.html?isBack=1 HTTP/1.1" 302 -
120.253.135.82 - - [09/May/2021:09:33:41 +0800] "GET /xingrg/kc/pszx/mdqp_order_list.html?state=10 HTTP/1.1" 200 10615
120.253.135.82 - - [09/May/2021:09:33:41 +0800] "GET /xingrg/dwr/interface/AjaxReportQueryService.js HTTP/1.1" 200 13203
120.253.135.82 - - [09/May/2021:09:33:41 +0800] "GET /xingrg/dwr/interface/AjaxQqpsService.js HTTP/1.1" 200 16326
120.253.135.82 - - [09/May/2021:09:33:41 +0800] "GET /xingrg/dwr/engine.js HTTP/1.1" 200 43631
116.224.253.72 - - [09/May/2021:09:33:41 +0800] "POST /xingrg/dwr/call/plaincall/AjaxQqpsService.getMaterielByCode.dwr HTTP/1.1" 200 3653
180.161.124.236 - - [09/May/2021:09:33:41 +0800] "GET /xingrg/all/function/internal_message.html?_=1620524304387&CODE_STATE=getMsg HTTP/1.1" 200 27
180.161.124.236 - - [09/May/2021:09:33:41 +0800] "GET /xingrg/javascript/easyui/themes/default/validatebox.css HTTP/1.1" 404 1104
180.161.124.236 - - [09/May/2021:09:33:42 +0800] "POST /xingrg/kc/buy/cgsh_order_operate.html HTTP/1.1" 200 7134
116.230.110.80 - - [09/May/2021:09:33:42 +0800] "GET /xingrg/kc/buy/cgsh_order_operate.html?command=get_materiel&rest_code=00155&code=00101009011&supplier_code=00100037&order_time=2021-05-09 HTTP/1.1" 200 416
116.224.253.72 - - [09/May/2021:09:33:44 +0800] "POST /xingrg/dwr/call/plaincall/AjaxQqpsService.saveMaterielItem.dwr HTTP/1.1" 200 79
116.230.110.80 - - [09/May/2021:09:33:46 +0800] "GET /xingrg/all/function/internal_message.html?_=1620524021495&CODE_STATE=getMsg HTTP/1.1" 200 27
120.253.135.82 - - [09/May/2021:09:33:47 +0800] "GET /xingrg/check_reg.html?_=1620524088609 HTTP/1.1" 200 22
58.40.7.146 - - [09/May/2021:09:33:48 +0800] "GET /xingrg/all/function/internal_message.html?_=1620524023972&CODE_STATE=getMsg HTTP/1.1" 200 27
116.230.110.80 - - [09/May/2021:09:33:50 +0800] "GET /xingrg/kc/buy/cgsh_order_operate.html?command=get_materiel&rest_code=00155&code=00101009113&supplier_code=00100037&order_time=2021-05-09 HTTP/1.1" 200 398
120.253.135.82 - - [09/May/2021:09:33:52 +0800] "GET /xingrg/all/function/internal_message.html?_=1620523810014&CODE_STATE=getMsg HTTP/1.1" 200 27
