172.20.0.100 - - [07/May/2021:09:00:54 +0800] "GET /xingrg/javascript/Calendar.js HTTP/1.1" 200 31561
172.20.0.100 - - [07/May/2021:09:00:54 +0800] "GET /xingrg/images/blue/button/advanceover.gif HTTP/1.1" 200 1347
172.20.0.100 - - [07/May/2021:09:00:54 +0800] "GET /xingrg/images/blue/button/advance2over.gif HTTP/1.1" 200 1336
172.20.0.100 - - [07/May/2021:09:00:54 +0800] "GET /xingrg/images/control/loading.gif HTTP/1.1" 200 13463
172.20.0.100 - - [07/May/2021:09:00:54 +0800] "GET /xingrg/images/blue/button/back2over.gif HTTP/1.1" 200 1335
172.20.0.100 - - [07/May/2021:09:00:54 +0800] "GET /xingrg/images/blue/button/backover.gif HTTP/1.1" 200 1348
172.20.0.100 - - [07/May/2021:09:00:54 +0800] "GET /xingrg/javascript/jquery_easy_ui/themes/icons/help.png HTTP/1.1" 200 1187
172.20.0.100 - - [07/May/2021:09:00:54 +0800] "GET /xingrg/javascript/jquery_easy_ui/themes/default/images/menu_downarrow.png HTTP/1.1" 200 173
172.20.0.100 - - [07/May/2021:09:00:54 +0800] "GET /xingrg/javascript/jquery_easy_ui/themes/default/images/button_a_bg.gif HTTP/1.1" 200 1194
172.20.0.100 - - [07/May/2021:09:00:54 +0800] "GET /xingrg/javascript/jquery_easy_ui/themes/default/images/menu.gif HTTP/1.1" 200 834
172.20.0.100 - - [07/May/2021:09:00:54 +0800] "GET /xingrg/javascript/jquery_easy_ui/themes/icons/print.png HTTP/1.1" 200 1057
172.20.0.100 - - [07/May/2021:09:00:54 +0800] "GET /xingrg/javascript/jquery_easy_ui/themes/icons/pencil.png HTTP/1.1" 200 713
172.20.0.100 - - [07/May/2021:09:00:54 +0800] "GET /xingrg/javascript/jquery_easy_ui/themes/default/images/menu_rightarrow.png HTTP/1.1" 200 3617
172.20.0.100 - - [07/May/2021:09:00:54 +0800] "POST /xingrg/dwr/call/plaincall/AjaxReportQueryService.getFixDate.dwr HTTP/1.1" 200 111
172.20.0.100 - - [07/May/2021:09:00:54 +0800] "GET /xingrg/javascript/jquery_easy_ui/themes/default/images/combo_arrow_dot.gif HTTP/1.1" 200 79
172.20.0.100 - - [07/May/2021:09:00:54 +0800] "POST /xingrg/all/common/load_tree.html?tree=area_station_tree_json&manage=1 HTTP/1.1" 200 3240
172.20.0.100 - - [07/May/2021:09:00:54 +0800] "GET /xingrg/javascript/jquery_easy_ui/themes/default/images/tree_checkbox_0.gif HTTP/1.1" 200 168
172.20.0.100 - - [07/May/2021:09:00:54 +0800] "GET /xingrg/javascript/jquery_easy_ui/themes/icons/rest.png HTTP/1.1" 200 695
180.169.147.146 - - [07/May/2021:09:00:54 +0800] "GET /xingrg/all/function/internal_message.html?_=1620349246371&CODE_STATE=getMsg HTTP/1.1" 200 27
172.20.0.100 - - [07/May/2021:09:00:54 +0800] "POST /xingrg/dwr/call/plaincall/AjaxReportQueryService.getInitString.dwr HTTP/1.1" 200 76
172.20.0.100 - - [07/May/2021:09:00:54 +0800] "GET /xingrg/javascript/multi_select/dropdown.gif HTTP/1.1" 200 61
172.20.0.100 - - [07/May/2021:09:00:55 +0800] "GET /xingrg/javascript/jquery_easy_ui/themes/icons/area.png HTTP/1.1" 200 262
172.20.0.100 - - [07/May/2021:09:00:55 +0800] "GET /xingrg/javascript/jquery_easy_ui/themes/icons/manage.png HTTP/1.1" 200 696
116.230.114.112 - - [07/May/2021:09:00:55 +0800] "GET /xingrg/all/function/internal_message.html?_=1620349269704&CODE_STATE=getMsg HTTP/1.1" 200 27
180.169.147.146 - - [07/May/2021:09:00:57 +0800] "GET /xingrg/all/function/internal_message.html?_=1620349254000&CODE_STATE=getMsg HTTP/1.1" 200 27
58.40.7.146 - - [07/May/2021:09:01:06 +0800] "GET /xingrg/all/function/internal_message.html?_=1620349263182&CODE_STATE=getMsg HTTP/1.1" 200 27
222.69.128.148 - - [07/May/2021:09:01:07 +0800] "GET /xingrg/all/function/internal_message.html?_=1620349263232&CODE_STATE=getMsg HTTP/1.1" 200 27
116.224.253.72 - - [07/May/2021:09:01:10 +0800] "GET /xingrg/all/function/internal_message.html?_=1620349267617&CODE_STATE=getMsg HTTP/1.1" 200 27
116.224.253.72 - - [07/May/2021:09:01:10 +0800] "GET /xingrg/check_reg.html?_=1620349262189 HTTP/1.1" 200 22
116.224.253.72 - - [07/May/2021:09:01:11 +0800] "GET /xingrg/all/function/internal_message.html?_=1620349262495&CODE_STATE=getMsg HTTP/1.1" 200 27
61.165.42.208 - - [07/May/2021:09:01:22 +0800] "GET /xingrg/check_reg.html?_=1620349279501 HTTP/1.1" 200 22
61.165.42.208 - - [07/May/2021:09:01:22 +0800] "GET /xingrg/all/function/internal_message.html?_=1620349279503&CODE_STATE=getMsg HTTP/1.1" 200 27
116.230.76.31 - - [07/May/2021:09:01:28 +0800] "GET /xingrg/all/function/internal_message.html?_=1620349279052&CODE_STATE=getMsg HTTP/1.1" 200 27
120.253.135.82 - - [07/May/2021:09:01:38 +0800] "GET /xingrg/all/function/internal_message.html?_=1620349301757&CODE_STATE=getMsg HTTP/1.1" 200 27
172.20.0.100 - - [07/May/2021:09:01:47 +0800] "GET /xingrg/all/function/internal_message.html?_=1620349304224&CODE_STATE=getMsg HTTP/1.1" 200 27
172.20.0.100 - - [07/May/2021:09:01:49 +0800] "GET /xingrg/all/report/report_query.html?fileName=dma/new_5.0/yingye/yh.xml&rw=900 HTTP/1.1" 200 52481
172.20.0.100 - - [07/May/2021:09:01:49 +0800] "GET /xingrg/dwr/interface/AjaxReportQueryService.js HTTP/1.1" 200 13203
172.20.0.100 - - [07/May/2021:09:01:49 +0800] "GET /xingrg/dwr/engine.js HTTP/1.1" 200 43631
172.20.0.100 - - [07/May/2021:09:01:49 +0800] "POST /xingrg/dwr/call/plaincall/AjaxReportQueryService.getFixDate.dwr HTTP/1.1" 200 111
172.20.0.100 - - [07/May/2021:09:01:49 +0800] "POST /xingrg/all/common/load_tree.html?tree=area_station_tree_json&manage=1 HTTP/1.1" 200 3240
180.161.124.236 - - [07/May/2021:09:01:50 +0800] "GET /xingrg/check_reg.html?_=1620349593465 HTTP/1.1" 200 22
180.161.124.236 - - [07/May/2021:09:01:50 +0800] "GET /xingrg/all/function/internal_message.html?_=1620349593615&CODE_STATE=getMsg HTTP/1.1" 200 27
180.169.147.146 - - [07/May/2021:09:01:54 +0800] "GET /xingrg/all/function/internal_message.html?_=1620349306352&CODE_STATE=getMsg HTTP/1.1" 200 27
116.230.114.112 - - [07/May/2021:09:01:55 +0800] "GET /xingrg/all/function/internal_message.html?_=1620349329710&CODE_STATE=getMsg HTTP/1.1" 200 27
180.169.147.146 - - [07/May/2021:09:01:57 +0800] "GET /xingrg/check_reg.html?_=1620349314001 HTTP/1.1" 200 22
180.169.147.146 - - [07/May/2021:09:01:57 +0800] "GET /xingrg/all/function/internal_message.html?_=1620349314002&CODE_STATE=getMsg HTTP/1.1" 200 27
222.69.128.148 - - [07/May/2021:09:02:03 +0800] "GET /xingrg/kc/buy/cgsh_order_add.html HTTP/1.1" 200 62410
222.69.128.148 - - [07/May/2021:09:02:04 +0800] "POST /xingrg/kc/buy/cgsh_order_operate.html HTTP/1.1" 200 8245
222.69.128.148 - - [07/May/2021:09:02:04 +0800] "GET /xingrg/javascript/easyui/themes/default/validatebox.css HTTP/1.1" 404 1104
58.40.7.146 - - [07/May/2021:09:02:06 +0800] "GET /xingrg/all/function/internal_message.html?_=1620349323186&CODE_STATE=getMsg HTTP/1.1" 200 27
222.69.128.148 - - [07/May/2021:09:02:07 +0800] "GET /xingrg/all/function/internal_message.html?_=1620349323233&CODE_STATE=getMsg HTTP/1.1" 200 27
58.221.95.50 - - [07/May/2021:09:02:09 +0800] "GET /xingrg/check_reg.html?_=1620349327763 HTTP/1.1" 302 -
116.224.253.72 - - [07/May/2021:09:02:10 +0800] "GET /xingrg/all/function/internal_message.html?_=1620349327620&CODE_STATE=getMsg HTTP/1.1" 200 27
116.224.253.72 - - [07/May/2021:09:02:10 +0800] "GET /xingrg/check_reg.html?_=1620349327622 HTTP/1.1" 200 22
116.224.253.72 - - [07/May/2021:09:02:11 +0800] "GET /xingrg/all/function/internal_message.html?_=1620349322507&CODE_STATE=getMsg HTTP/1.1" 200 27
222.69.128.148 - - [07/May/2021:09:02:13 +0800] "GET /xingrg/kc/buy/cgsh_order_operate.html?command=get_materiel&rest_code=00149&code=00101007082&supplier_code=00100205&order_time=2021-05-07 HTTP/1.1" 200 427
61.165.42.208 - - [07/May/2021:09:02:22 +0800] "GET /xingrg/all/function/internal_message.html?_=1620349339480&CODE_STATE=getMsg HTTP/1.1" 200 27
116.230.76.31 - - [07/May/2021:09:02:28 +0800] "GET /xingrg/check_reg.html?_=1620349339058 HTTP/1.1" 200 22
116.230.76.31 - - [07/May/2021:09:02:28 +0800] "GET /xingrg/all/function/internal_message.html?_=1620349339060&CODE_STATE=getMsg HTTP/1.1" 200 27
222.69.128.148 - - [07/May/2021:09:02:33 +0800] "POST /xingrg/kc/buy/cgsh_order_operate.html HTTP/1.1" 200 37
222.69.128.148 - - [07/May/2021:09:02:38 +0800] "POST /xingrg/kc/buy/cgsh_order_operate.html HTTP/1.1" 200 12
120.253.135.82 - - [07/May/2021:09:02:38 +0800] "GET /xingrg/all/function/internal_message.html?_=1620349361758&CODE_STATE=getMsg HTTP/1.1" 200 27
222.69.128.148 - - [07/May/2021:09:02:47 +0800] "GET /xingrg/kc/buy/cgsh_order_info.html?code=212021050702822 HTTP/1.1" 200 57310
222.69.128.148 - - [07/May/2021:09:02:47 +0800] "GET /xingrg/css/base.css HTTP/1.1" 200 2811
222.69.128.148 - - [07/May/2021:09:02:47 +0800] "GET /xingrg/css/site.css HTTP/1.1" 200 7541
222.69.128.148 - - [07/May/2021:09:02:47 +0800] "GET /xingrg/javascript/jquery_tools/datebox.css HTTP/1.1" 200 2597
222.69.128.148 - - [07/May/2021:09:02:47 +0800] "GET /xingrg/javascript/easyui/themes/icon.css HTTP/1.1" 200 4483
222.69.128.148 - - [07/May/2021:09:02:47 +0800] "GET /xingrg/javascript/jquery_tools/fix.css HTTP/1.1" 200 1702
222.69.128.148 - - [07/May/2021:09:02:47 +0800] "GET /xingrg/javascript/auto/jquery.autocomplete.css HTTP/1.1" 200 587
222.69.128.148 - - [07/May/2021:09:02:47 +0800] "GET /xingrg/javascript/pic_change.js HTTP/1.1" 200 4739
222.69.128.148 - - [07/May/2021:09:02:47 +0800] "GET /xingrg/javascript/jquery_tools/table.css HTTP/1.1" 200 1032
222.69.128.148 - - [07/May/2021:09:02:47 +0800] "GET /xingrg/javascript/jquery_tools/jquery.tools.min.js HTTP/1.1" 200 138801
222.69.128.148 - - [07/May/2021:09:02:47 +0800] "GET /xingrg/javascript/jquery_tools/jquery.tools.hotkey.js HTTP/1.1" 200 3242
222.69.128.148 - - [07/May/2021:09:02:47 +0800] "GET /xingrg/javascript/jquery_tools/jquery.tools.table.js HTTP/1.1" 200 6994
222.69.128.148 - - [07/May/2021:09:02:47 +0800] "GET /xingrg/javascript/easyui/easyloader.js HTTP/1.1" 200 5975
222.69.128.148 - - [07/May/2021:09:02:47 +0800] "GET /xingrg/javascript/jquery_tools/jquery.tools.extend.js HTTP/1.1" 200 15385
222.69.128.148 - - [07/May/2021:09:02:47 +0800] "GET /xingrg/javascript/convert.js HTTP/1.1" 200 1239
222.69.128.148 - - [07/May/2021:09:02:47 +0800] "GET /xingrg/javascript/easyui/themes/default/easyui.css HTTP/1.1" 200 30432
222.69.128.148 - - [07/May/2021:09:02:47 +0800] "GET /xingrg/javascript/jquery.utils.js HTTP/1.1" 200 11805
222.69.128.148 - - [07/May/2021:09:02:47 +0800] "GET /xingrg/javascript/jquery.cookie.js HTTP/1.1" 200 5513
222.69.128.148 - - [07/May/2021:09:02:47 +0800] "GET /xingrg/javascript/jquery_tools/order_manager.js HTTP/1.1" 200 11183
222.69.128.148 - - [07/May/2021:09:02:47 +0800] "GET /xingrg/javascript/print/LodopFuncs.js HTTP/1.1" 200 5121
222.69.128.148 - - [07/May/2021:09:02:47 +0800] "GET /xingrg/javascript/auto/jquery.autocomplete.js HTTP/1.1" 200 21624
222.69.128.148 - - [07/May/2021:09:02:47 +0800] "GET /xingrg/javascript/print/kc_print.js HTTP/1.1" 200 11415
222.69.128.148 - - [07/May/2021:09:02:47 +0800] "GET /xingrg/javascript/json2.js HTTP/1.1" 200 11259
222.69.128.148 - - [07/May/2021:09:02:47 +0800] "GET /xingrg/words/20210506180335_words.js HTTP/1.1" 200 811323
222.69.128.148 - - [07/May/2021:09:02:47 +0800] "GET /xingrg/javascript/easyui/plugins/jquery.parser.js HTTP/1.1" 200 1142
222.69.128.148 - - [07/May/2021:09:02:47 +0800] "GET /xingrg/javascript/easyui/themes/default/validatebox.css HTTP/1.1" 404 1104
222.69.128.148 - - [07/May/2021:09:02:47 +0800] "GET /xingrg/javascript/easyui/plugins/jquery.validatebox.js HTTP/1.1" 200 6103
222.69.128.148 - - [07/May/2021:09:02:47 +0800] "GET /xingrg/javascript/easyui/plugins/jquery.numberbox.js HTTP/1.1" 200 5213
222.69.128.148 - - [07/May/2021:09:02:48 +0800] "POST /xingrg/kc/buy/cgsh_order_operate.html HTTP/1.1" 200 626
180.161.124.236 - - [07/May/2021:09:02:50 +0800] "GET /xingrg/all/function/internal_message.html?_=1620349653637&CODE_STATE=getMsg HTTP/1.1" 200 27
222.69.128.148 - - [07/May/2021:09:02:51 +0800] "GET /xingrg/kc/print/load_config.html?kc_code=cgsh HTTP/1.1" 200 1845
222.69.128.148 - - [07/May/2021:09:02:51 +0800] "GET /xingrg/kc/print/load_data.html?order_code=212021050702822&kc_code=cgsh&condition= HTTP/1.1" 200 717
180.169.147.146 - - [07/May/2021:09:02:54 +0800] "GET /xingrg/all/function/internal_message.html?_=1620349366363&CODE_STATE=getMsg HTTP/1.1" 200 27
116.230.114.112 - - [07/May/2021:09:02:55 +0800] "GET /xingrg/all/function/internal_message.html?_=1620349389840&CODE_STATE=getMsg HTTP/1.1" 200 27
222.69.128.148 - - [07/May/2021:09:02:57 +0800] "GET /xingrg/kc/buy/cgsh_order_add.html HTTP/1.1" 200 62410
180.169.147.146 - - [07/May/2021:09:02:57 +0800] "GET /xingrg/all/function/internal_message.html?_=1620349373992&CODE_STATE=getMsg HTTP/1.1" 200 27
222.69.128.148 - - [07/May/2021:09:02:57 +0800] "POST /xingrg/kc/buy/cgsh_order_operate.html HTTP/1.1" 200 8245
222.69.128.148 - - [07/May/2021:09:02:57 +0800] "GET /xingrg/all/common/auto_word.html?type=employee&rest_code=00149 HTTP/1.1" 200 197
222.69.128.148 - - [07/May/2021:09:02:57 +0800] "GET /xingrg/javascript/easyui/themes/default/validatebox.css HTTP/1.1" 404 1104
222.69.128.148 - - [07/May/2021:09:02:57 +0800] "GET /xingrg/all/common/auto_word.html?type=employee&rest_code=00149 HTTP/1.1" 200 197
116.230.114.112 - - [07/May/2021:09:03:01 +0800] "GET /xingrg/check_reg.html?_=1620349396092 HTTP/1.1" 200 22
58.40.7.146 - - [07/May/2021:09:03:06 +0800] "GET /xingrg/all/function/internal_message.html?_=1620349383189&CODE_STATE=getMsg HTTP/1.1" 200 27
222.69.128.148 - - [07/May/2021:09:03:07 +0800] "GET /xingrg/check_reg.html?_=1620349383258 HTTP/1.1" 200 22
222.69.128.148 - - [07/May/2021:09:03:07 +0800] "GET /xingrg/all/function/internal_message.html?_=1620349383265&CODE_STATE=getMsg HTTP/1.1" 200 27
116.224.253.72 - - [07/May/2021:09:03:10 +0800] "GET /xingrg/all/function/internal_message.html?_=1620349387613&CODE_STATE=getMsg HTTP/1.1" 200 27
116.224.253.72 - - [07/May/2021:09:03:11 +0800] "GET /xingrg/all/function/internal_message.html?_=1620349382521&CODE_STATE=getMsg HTTP/1.1" 200 27
180.169.147.146 - - [07/May/2021:09:03:11 +0800] "GET /xingrg/check_reg.html?_=1620349382892 HTTP/1.1" 200 22
222.69.128.148 - - [07/May/2021:09:03:15 +0800] "GET /xingrg/kc/buy/cgsh_order_operate.html?command=get_materiel&rest_code=00149&code=00101011005&supplier_code=00100051&order_time=2021-05-07 HTTP/1.1" 200 428
61.165.42.208 - - [07/May/2021:09:03:22 +0800] "GET /xingrg/all/function/internal_message.html?_=1620349399452&CODE_STATE=getMsg HTTP/1.1" 200 27
222.69.128.148 - - [07/May/2021:09:03:23 +0800] "GET /xingrg/kc/buy/cgsh_order_operate.html?command=get_materiel&rest_code=00149&code=00101011001&supplier_code=00100051&order_time=2021-05-07 HTTP/1.1" 200 423
116.230.76.31 - - [07/May/2021:09:03:28 +0800] "GET /xingrg/all/function/internal_message.html?_=1620349399042&CODE_STATE=getMsg HTTP/1.1" 200 27
222.69.128.148 - - [07/May/2021:09:03:33 +0800] "POST /xingrg/kc/buy/cgsh_order_operate.html HTTP/1.1" 200 37
172.20.0.100 - - [07/May/2021:09:03:36 +0800] "GET /xingrg/check_reg.html?_=1620349413811 HTTP/1.1" 302 -
172.20.0.100 - - [07/May/2021:09:03:36 +0800] "GET /xingrg/login.html HTTP/1.1" 200 7636
222.69.128.148 - - [07/May/2021:09:03:38 +0800] "POST /xingrg/kc/buy/cgsh_order_operate.html HTTP/1.1" 200 12
120.253.135.82 - - [07/May/2021:09:03:38 +0800] "GET /xingrg/all/function/internal_message.html?_=1620349421784&CODE_STATE=getMsg HTTP/1.1" 200 27
222.69.128.148 - - [07/May/2021:09:03:46 +0800] "GET /xingrg/kc/buy/cgsh_order_info.html?code=212021050702823 HTTP/1.1" 200 57312
222.69.128.148 - - [07/May/2021:09:03:46 +0800] "GET /xingrg/javascript/easyui/themes/default/validatebox.css HTTP/1.1" 404 1104
222.69.128.148 - - [07/May/2021:09:03:46 +0800] "POST /xingrg/kc/buy/cgsh_order_operate.html HTTP/1.1" 200 1207
222.69.128.148 - - [07/May/2021:09:03:50 +0800] "GET /xingrg/kc/print/load_data.html?order_code=212021050702823&kc_code=cgsh&condition= HTTP/1.1" 200 958
180.161.124.236 - - [07/May/2021:09:03:50 +0800] "GET /xingrg/all/function/internal_message.html?_=1620349713643&CODE_STATE=getMsg HTTP/1.1" 200 27
180.169.147.146 - - [07/May/2021:09:03:54 +0800] "GET /xingrg/all/function/internal_message.html?_=1620349426343&CODE_STATE=getMsg HTTP/1.1" 200 27
116.230.114.112 - - [07/May/2021:09:03:55 +0800] "GET /xingrg/all/function/internal_message.html?_=1620349449847&CODE_STATE=getMsg HTTP/1.1" 200 27
180.169.147.146 - - [07/May/2021:09:03:57 +0800] "GET /xingrg/all/function/internal_message.html?_=1620349433985&CODE_STATE=getMsg HTTP/1.1" 200 27
58.40.7.146 - - [07/May/2021:09:04:06 +0800] "GET /xingrg/all/function/internal_message.html?_=1620349443192&CODE_STATE=getMsg HTTP/1.1" 200 27
58.40.7.146 - - [07/May/2021:09:04:06 +0800] "GET /xingrg/check_reg.html?_=1620349443194 HTTP/1.1" 200 22
222.69.128.148 - - [07/May/2021:09:04:07 +0800] "GET /xingrg/all/function/internal_message.html?_=1620349443241&CODE_STATE=getMsg HTTP/1.1" 200 27
116.224.253.72 - - [07/May/2021:09:04:10 +0800] "GET /xingrg/all/function/internal_message.html?_=1620349447640&CODE_STATE=getMsg HTTP/1.1" 200 27
117.184.7.26 - - [07/May/2021:09:04:10 +0800] "GET /xingrg/check_reg.html?_=1620349437466 HTTP/1.1" 302 -
116.224.253.72 - - [07/May/2021:09:04:11 +0800] "GET /xingrg/all/function/internal_message.html?_=1620349442602&CODE_STATE=getMsg HTTP/1.1" 200 27
120.253.135.82 - - [07/May/2021:09:04:19 +0800] "GET /xingrg/check_reg.html?_=1620349462303 HTTP/1.1" 200 22
61.165.42.208 - - [07/May/2021:09:04:22 +0800] "GET /xingrg/all/function/internal_message.html?_=1620349459429&CODE_STATE=getMsg HTTP/1.1" 200 27
116.230.76.31 - - [07/May/2021:09:04:28 +0800] "GET /xingrg/all/function/internal_message.html?_=1620349459049&CODE_STATE=getMsg HTTP/1.1" 200 27
120.253.135.82 - - [07/May/2021:09:04:38 +0800] "GET /xingrg/all/function/internal_message.html?_=1620349481801&CODE_STATE=getMsg HTTP/1.1" 200 27
222.69.128.148 - - [07/May/2021:09:04:41 +0800] "GET /xingrg/kc/buy/cgsh_order_add.html HTTP/1.1" 200 62410
222.69.128.148 - - [07/May/2021:09:04:42 +0800] "POST /xingrg/kc/buy/cgsh_order_operate.html HTTP/1.1" 200 8245
222.69.128.148 - - [07/May/2021:09:04:42 +0800] "GET /xingrg/javascript/easyui/themes/default/validatebox.css HTTP/1.1" 404 1104
180.161.124.236 - - [07/May/2021:09:04:50 +0800] "GET /xingrg/all/function/internal_message.html?_=1620349773664&CODE_STATE=getMsg HTTP/1.1" 200 27
180.161.124.236 - - [07/May/2021:09:04:52 +0800] "GET /xingrg/javascript/jquery_easy_ui/themes/icons/rest.png HTTP/1.1" 304 -
180.161.124.236 - - [07/May/2021:09:04:52 +0800] "GET /xingrg/javascript/jquery_easy_ui/themes/icons/area.png HTTP/1.1" 304 -
180.161.124.236 - - [07/May/2021:09:04:52 +0800] "GET /xingrg/javascript/easyui/themes/default/images/button_plain_hover.png HTTP/1.1" 304 -
222.69.128.148 - - [07/May/2021:09:04:54 +0800] "GET /xingrg/kc/buy/cgsh_order_operate.html?command=get_materiel&rest_code=00149&code=00101008261&supplier_code=00100005&order_time=2021-05-07 HTTP/1.1" 200 408
180.169.147.146 - - [07/May/2021:09:04:54 +0800] "GET /xingrg/all/function/internal_message.html?_=1620349486311&CODE_STATE=getMsg HTTP/1.1" 200 27
116.230.114.112 - - [07/May/2021:09:04:55 +0800] "GET /xingrg/all/function/internal_message.html?_=1620349509861&CODE_STATE=getMsg HTTP/1.1" 200 27
180.169.147.146 - - [07/May/2021:09:04:57 +0800] "GET /xingrg/all/function/internal_message.html?_=1620349494005&CODE_STATE=getMsg HTTP/1.1" 200 27
180.161.124.236 - - [07/May/2021:09:05:03 +0800] "GET /xingrg/javascript/easyui/themes/default/images/button_plain_hover.png HTTP/1.1" 304 -
180.161.124.236 - - [07/May/2021:09:05:04 +0800] "GET /xingrg/javascript/pic_change.js HTTP/1.1" 304 -
180.161.124.236 - - [07/May/2021:09:05:04 +0800] "GET /xingrg/javascript/jquery_tools/order_manager.js HTTP/1.1" 304 -
180.161.124.236 - - [07/May/2021:09:05:04 +0800] "GET /xingrg/javascript/convert.js HTTP/1.1" 304 -
180.161.124.236 - - [07/May/2021:09:05:04 +0800] "GET /xingrg/javascript/json2.js HTTP/1.1" 304 -
180.161.124.236 - - [07/May/2021:09:05:04 +0800] "GET /xingrg/javascript/print/kc_print.js HTTP/1.1" 304 -
180.161.124.236 - - [07/May/2021:09:05:04 +0800] "GET /xingrg/kc/buy/cgsh_order_add.html HTTP/1.1" 200 62316
180.161.124.236 - - [07/May/2021:09:05:04 +0800] "GET /xingrg/words/20210506180335_words.js HTTP/1.1" 200 811323
180.161.124.236 - - [07/May/2021:09:05:04 +0800] "GET /xingrg/javascript/easyui/themes/icons/copy_new.png HTTP/1.1" 304 -
180.161.124.236 - - [07/May/2021:09:05:04 +0800] "GET /xingrg/javascript/easyui/themes/icons/template_new.png HTTP/1.1" 304 -
180.161.124.236 - - [07/May/2021:09:05:04 +0800] "GET /xingrg/javascript/easyui/themes/icons/ok.png HTTP/1.1" 304 -
180.161.124.236 - - [07/May/2021:09:05:04 +0800] "GET /xingrg/javascript/easyui/themes/icons/print.png HTTP/1.1" 304 -
180.161.124.236 - - [07/May/2021:09:05:04 +0800] "GET /xingrg/javascript/easyui/themes/icons/cancel.png HTTP/1.1" 304 -
180.161.124.236 - - [07/May/2021:09:05:04 +0800] "GET /xingrg/javascript/easyui/themes/default/images/menu_downarrow.png HTTP/1.1" 304 -
180.161.124.236 - - [07/May/2021:09:05:06 +0800] "POST /xingrg/kc/buy/cgsh_order_operate.html HTTP/1.1" 200 8245
180.161.124.236 - - [07/May/2021:09:05:06 +0800] "GET /xingrg/javascript/easyui/themes/icons/edit_remove.png HTTP/1.1" 304 -
58.40.7.146 - - [07/May/2021:09:05:06 +0800] "GET /xingrg/all/function/internal_message.html?_=1620349503197&CODE_STATE=getMsg HTTP/1.1" 200 27
180.161.124.236 - - [07/May/2021:09:05:06 +0800] "GET /xingrg/all/common/auto_word.html?type=employee&rest_code=00102 HTTP/1.1" 200 189
180.161.124.236 - - [07/May/2021:09:05:06 +0800] "GET /xingrg/all/common/auto_word.html?type=employee&rest_code=00102 HTTP/1.1" 200 189
180.161.124.236 - - [07/May/2021:09:05:06 +0800] "GET /xingrg/javascript/easyui/themes/default/validatebox.css HTTP/1.1" 404 1104
180.161.124.236 - - [07/May/2021:09:05:06 +0800] "GET /xingrg/javascript/easyui/plugins/jquery.validatebox.js HTTP/1.1" 304 -
180.161.124.236 - - [07/May/2021:09:05:06 +0800] "GET /xingrg/javascript/easyui/plugins/jquery.numberbox.js HTTP/1.1" 304 -
222.69.128.148 - - [07/May/2021:09:05:07 +0800] "GET /xingrg/all/function/internal_message.html?_=1620349503253&CODE_STATE=getMsg HTTP/1.1" 200 27
180.161.124.236 - - [07/May/2021:09:05:07 +0800] "GET /xingrg/javascript/auto/indicator.gif HTTP/1.1" 404 1066
222.69.128.148 - - [07/May/2021:09:05:09 +0800] "GET /xingrg/kc/buy/cgsh_order_operate.html?command=get_materiel&rest_code=00149&code=00101008132&supplier_code=00100005&order_time=2021-05-07 HTTP/1.1" 200 408
116.224.253.72 - - [07/May/2021:09:05:10 +0800] "GET /xingrg/all/function/internal_message.html?_=1620349507647&CODE_STATE=getMsg HTTP/1.1" 200 27
116.224.253.72 - - [07/May/2021:09:05:11 +0800] "GET /xingrg/all/function/internal_message.html?_=1620349502611&CODE_STATE=getMsg HTTP/1.1" 200 27
180.161.124.236 - - [07/May/2021:09:05:14 +0800] "GET /xingrg/kc/buy/cgsh_order_operate.html?command=get_materiel&rest_code=00102&code=00101006019&supplier_code=00100096&order_time=2021-05-07 HTTP/1.1" 200 417
61.165.42.208 - - [07/May/2021:09:05:22 +0800] "GET /xingrg/all/function/internal_message.html?_=1620349519405&CODE_STATE=getMsg HTTP/1.1" 200 27
222.69.128.148 - - [07/May/2021:09:05:25 +0800] "GET /xingrg/kc/buy/cgsh_order_operate.html?command=get_materiel&rest_code=00149&code=00101008257&supplier_code=00100005&order_time=2021-05-07 HTTP/1.1" 200 416
116.230.76.31 - - [07/May/2021:09:05:28 +0800] "GET /xingrg/all/function/internal_message.html?_=1620349519043&CODE_STATE=getMsg HTTP/1.1" 200 27
180.161.124.236 - - [07/May/2021:09:05:30 +0800] "GET /xingrg/kc/buy/cgsh_order_operate.html?command=get_materiel&rest_code=00102&code=00101006112&supplier_code=00100096&order_time=2021-05-07 HTTP/1.1" 200 411
222.69.128.148 - - [07/May/2021:09:05:36 +0800] "GET /xingrg/kc/buy/cgsh_order_operate.html?command=get_materiel&rest_code=00149&code=00101008155&supplier_code=00100005&order_time=2021-05-07 HTTP/1.1" 200 408
120.253.135.82 - - [07/May/2021:09:05:38 +0800] "GET /xingrg/all/function/internal_message.html?_=1620349541815&CODE_STATE=getMsg HTTP/1.1" 200 27
180.161.124.236 - - [07/May/2021:09:05:50 +0800] "GET /xingrg/all/function/internal_message.html?_=1620349833670&CODE_STATE=getMsg HTTP/1.1" 200 27
180.169.147.146 - - [07/May/2021:09:05:54 +0800] "GET /xingrg/all/function/internal_message.html?_=1620349546283&CODE_STATE=getMsg HTTP/1.1" 200 27
116.233.74.89 - - [07/May/2021:09:05:55 +0800] "GET /favicon.ico HTTP/1.1" 404 -
116.230.114.112 - - [07/May/2021:09:05:55 +0800] "GET /xingrg/all/function/internal_message.html?_=1620349569998&CODE_STATE=getMsg HTTP/1.1" 200 27
222.69.128.148 - - [07/May/2021:09:05:56 +0800] "GET /xingrg/kc/buy/cgsh_order_operate.html?command=get_materiel&rest_code=00149&code=00101008350&supplier_code=00100005&order_time=2021-05-07 HTTP/1.1" 200 408
180.169.147.146 - - [07/May/2021:09:05:57 +0800] "GET /xingrg/all/function/internal_message.html?_=1620349553984&CODE_STATE=getMsg HTTP/1.1" 200 27
58.40.7.146 - - [07/May/2021:09:06:06 +0800] "GET /xingrg/all/function/internal_message.html?_=1620349563182&CODE_STATE=getMsg HTTP/1.1" 200 27
222.69.128.148 - - [07/May/2021:09:06:07 +0800] "GET /xingrg/all/function/internal_message.html?_=1620349563249&CODE_STATE=getMsg HTTP/1.1" 200 27
116.224.253.72 - - [07/May/2021:09:06:10 +0800] "GET /xingrg/all/function/internal_message.html?_=1620349567656&CODE_STATE=getMsg HTTP/1.1" 200 27
116.224.253.72 - - [07/May/2021:09:06:10 +0800] "GET /xingrg/check_reg.html?_=1620349562260 HTTP/1.1" 200 22
116.224.253.72 - - [07/May/2021:09:06:11 +0800] "GET /xingrg/all/function/internal_message.html?_=1620349562625&CODE_STATE=getMsg HTTP/1.1" 200 27
222.69.128.148 - - [07/May/2021:09:06:11 +0800] "GET /xingrg/kc/buy/cgsh_order_operate.html?command=get_materiel&rest_code=00149&code=00101008049&supplier_code=00100005&order_time=2021-05-07 HTTP/1.1" 200 408
61.165.42.208 - - [07/May/2021:09:06:22 +0800] "GET /xingrg/all/function/internal_message.html?_=1620349579462&CODE_STATE=getMsg HTTP/1.1" 200 27
61.165.42.208 - - [07/May/2021:09:06:22 +0800] "GET /xingrg/check_reg.html?_=1620349579542 HTTP/1.1" 200 22
116.230.76.31 - - [07/May/2021:09:06:28 +0800] "GET /xingrg/all/function/internal_message.html?_=1620349579057&CODE_STATE=getMsg HTTP/1.1" 200 27
114.88.167.174 - - [07/May/2021:09:06:29 +0800] "GET /xingrg/login.html HTTP/1.1" 200 7641
114.88.167.174 - - [07/May/2021:09:06:29 +0800] "GET /xingrg/images/blue/login_bg.png HTTP/1.1" 304 -
114.88.167.174 - - [07/May/2021:09:06:29 +0800] "GET /xingrg/images/blue/hj.png HTTP/1.1" 304 -
114.88.167.174 - - [07/May/2021:09:06:29 +0800] "GET /xingrg/images/blue/srbg.png HTTP/1.1" 304 -
114.88.167.174 - - [07/May/2021:09:06:29 +0800] "GET /favicon.ico HTTP/1.1" 404 -
116.224.253.72 - - [07/May/2021:09:06:34 +0800] "GET /xingrg/kc/buy/cgsh_order_operate.html?command=get_materiel&rest_code=00151&code=00101008353&supplier_code=00100007&order_time=2021-05-07 HTTP/1.1" 200 408
222.69.128.148 - - [07/May/2021:09:06:35 +0800] "GET /xingrg/kc/buy/cgsh_order_operate.html?command=get_materiel&rest_code=00149&code=00101008185&supplier_code=00100005&order_time=2021-05-07 HTTP/1.1" 200 428
120.253.135.82 - - [07/May/2021:09:06:38 +0800] "GET /xingrg/all/function/internal_message.html?_=1620349601841&CODE_STATE=getMsg HTTP/1.1" 200 27
114.88.167.174 - - [07/May/2021:09:06:39 +0800] "POST /xingrg/login.do HTTP/1.1" 302 -
114.88.167.174 - - [07/May/2021:09:06:39 +0800] "GET /xingrg/javascript/jquery_easy_ui/themes/default/easyui.css HTTP/1.1" 304 -
114.88.167.174 - - [07/May/2021:09:06:39 +0800] "GET /xingrg/index.html?sysBaseUrl=http%3A%2F%2F180.169.147.146%3A18081%2Fxingrg%2F&costTime=40×tamp=1620349599205 HTTP/1.1" 200 17173
114.88.167.174 - - [07/May/2021:09:06:39 +0800] "GET /xingrg/javascript/jquery_easy_ui/themes/icon.css HTTP/1.1" 304 -
114.88.167.174 - - [07/May/2021:09:06:39 +0800] "GET /xingrg/css/form.css HTTP/1.1" 304 -
114.88.167.174 - - [07/May/2021:09:06:39 +0800] "GET /xingrg/javascript/jquery-1.4.2.min.js HTTP/1.1" 304 -
114.88.167.174 - - [07/May/2021:09:06:39 +0800] "GET /xingrg/javascript/jquery_easy_ui/easyui-lang-zh_CN.js HTTP/1.1" 304 -
114.88.167.174 - - [07/May/2021:09:06:39 +0800] "GET /xingrg/javascript/jquery.form.js HTTP/1.1" 304 -
114.88.167.174 - - [07/May/2021:09:06:39 +0800] "GET /xingrg/javascript/jquery.timers.js HTTP/1.1" 304 -
114.88.167.174 - - [07/May/2021:09:06:39 +0800] "GET /xingrg/javascript/jquery_easy_ui/jquery.easyui.min.js HTTP/1.1" 304 -
114.88.167.174 - - [07/May/2021:09:06:39 +0800] "GET /xingrg/javascript/jquery.utils.js HTTP/1.1" 304 -
114.88.167.174 - - [07/May/2021:09:06:39 +0800] "POST /xingrg/all/common/load_tree.html?tree=area_rest_tree_json&manage=1 HTTP/1.1" 200 342
114.88.167.174 - - [07/May/2021:09:06:39 +0800] "GET /favicon.ico HTTP/1.1" 404 -
114.88.167.174 - - [07/May/2021:09:06:39 +0800] "GET /xingrg/check_reg.html?_=1620349594935 HTTP/1.1" 200 22
114.88.167.174 - - [07/May/2021:09:06:39 +0800] "GET /xingrg/all/function/internal_message.html?_=1620349594934&CODE_STATE=count HTTP/1.1" 200 11
114.88.167.174 - - [07/May/2021:09:06:39 +0800] "GET /xingrg/javascript/jquery_easy_ui/themes/default/images/tree_arrows.gif HTTP/1.1" 304 -
114.88.167.174 - - [07/May/2021:09:06:39 +0800] "POST /xingrg/load_menu.html HTTP/1.1" 200 5138
114.88.167.174 - - [07/May/2021:09:06:39 +0800] "GET /xingrg/javascript/jquery_easy_ui/themes/default/images/tree_folder_open.gif HTTP/1.1" 304 -
114.88.167.174 - - [07/May/2021:09:06:39 +0800] "GET /xingrg/javascript/jquery_easy_ui/themes/icons/search_new.png HTTP/1.1" 304 -
114.88.167.174 - - [07/May/2021:09:06:39 +0800] "GET /xingrg/javascript/jquery_easy_ui/themes/default/images/tree_folder.gif HTTP/1.1" 304 -
114.88.167.174 - - [07/May/2021:09:06:39 +0800] "GET /xingrg/javascript/jquery_easy_ui/themes/icons/storage_new.png HTTP/1.1" 304 -
114.88.167.174 - - [07/May/2021:09:06:39 +0800] "GET /xingrg/javascript/jquery_easy_ui/themes/icons/forms_new.png HTTP/1.1" 304 -
114.88.167.174 - - [07/May/2021:09:06:39 +0800] "GET /xingrg/javascript/jquery_easy_ui/themes/default/images/tree_file.gif HTTP/1.1" 304 -
222.69.128.148 - - [07/May/2021:09:06:45 +0800] "GET /xingrg/kc/buy/cgsh_order_operate.html?command=get_materiel&rest_code=00149&code=00101008096&supplier_code=00100005&order_time=2021-05-07 HTTP/1.1" 200 412
114.88.167.174 - - [07/May/2021:09:06:45 +0800] "GET /xingrg/kc/buy/buy_main.html HTTP/1.1" 200 12412
114.88.167.174 - - [07/May/2021:09:06:45 +0800] "GET /xingrg/javascript/jquery_easy_ui/themes/default/images/tabs_close.gif HTTP/1.1" 304 -
114.88.167.174 - - [07/May/2021:09:06:45 +0800] "GET /xingrg/css/blue.css HTTP/1.1" 304 -
114.88.167.174 - - [07/May/2021:09:06:45 +0800] "GET /xingrg/css/new_ie.css HTTP/1.1" 404 1036
114.88.167.174 - - [07/May/2021:09:06:45 +0800] "GET /xingrg/javascript/ToolTips.js HTTP/1.1" 304 -
114.88.167.174 - - [07/May/2021:09:06:45 +0800] "GET /xingrg/javascript/myfunction.js HTTP/1.1" 304 -
114.88.167.174 - - [07/May/2021:09:06:45 +0800] "GET /xingrg/javascript/jquery_ui/themes/humanity/humanity.css HTTP/1.1" 304 -
114.88.167.174 - - [07/May/2021:09:06:45 +0800] "GET /xingrg/javascript/pic_change.js HTTP/1.1" 304 -
114.88.167.174 - - [07/May/2021:09:06:45 +0800] "GET /xingrg/javascript/jquery_ui/jquery-ui.min.js HTTP/1.1" 304 -
114.88.167.174 - - [07/May/2021:09:06:46 +0800] "GET /xingrg/images/blue/button/cgxqd.gif HTTP/1.1" 304 -
114.88.167.174 - - [07/May/2021:09:06:46 +0800] "GET /xingrg/images/blue/button/cgydd.gif HTTP/1.1" 304 -
114.88.167.174 - - [07/May/2021:09:06:46 +0800] "GET /xingrg/images/blue/button/cgshd.gif HTTP/1.1" 304 -
114.88.167.174 - - [07/May/2021:09:06:46 +0800] "GET /xingrg/images/blue/button/ckthd.gif HTTP/1.1" 304 -
114.88.167.174 - - [07/May/2021:09:06:46 +0800] "GET /xingrg/images/blue/button/cgfkd.gif HTTP/1.1" 304 -
114.88.167.174 - - [07/May/2021:09:06:46 +0800] "GET /xingrg/images/blue/button/kc.gif HTTP/1.1" 304 -
114.88.167.174 - - [07/May/2021:09:06:46 +0800] "GET /xingrg/images/blue/pic_form2.gif HTTP/1.1" 304 -
114.88.167.174 - - [07/May/2021:09:06:46 +0800] "GET /xingrg/javascript/jquery_ui/themes/humanity/images/ui-bg_inset-soft_100_f4f0ec_1x100.png HTTP/1.1" 304 -
114.88.167.174 - - [07/May/2021:09:06:46 +0800] "GET /xingrg/images/blue/bg_dotted.jpg HTTP/1.1" 304 -
114.88.167.174 - - [07/May/2021:09:06:46 +0800] "GET /xingrg/images/blue/button/right_ah.jpg HTTP/1.1" 304 -
114.88.167.174 - - [07/May/2021:09:06:46 +0800] "GET /xingrg/images/blue/button/down_ah.jpg HTTP/1.1" 304 -
114.88.167.174 - - [07/May/2021:09:06:46 +0800] "GET /xingrg/javascript/jquery_ui/themes/humanity/images/ui-iconsnew.jpg HTTP/1.1" 304 -
114.88.167.174 - - [07/May/2021:09:06:46 +0800] "GET /xingrg/javascript/jquery_ui/themes/humanity/images/ui-icons_ffffff_256x240.png HTTP/1.1" 304 -
114.88.167.174 - - [07/May/2021:09:06:46 +0800] "GET /xingrg/javascript/jquery_ui/themes/humanity/images/ui-icons_c47a23_256x240.png HTTP/1.1" 304 -
114.88.167.174 - - [07/May/2021:09:06:46 +0800] "GET /xingrg/javascript/jquery_ui/themes/humanity/images/ui-bg_glass_70_ede4d4_1x400.png HTTP/1.1" 304 -
114.88.167.174 - - [07/May/2021:09:06:46 +0800] "GET /xingrg/images/yd/bt.gif HTTP/1.1" 404 1040
114.88.167.174 - - [07/May/2021:09:06:47 +0800] "GET /xingrg/javascript/jquery_easy_ui/themes/icons/area.png HTTP/1.1" 304 -
114.88.167.174 - - [07/May/2021:09:06:47 +0800] "GET /xingrg/javascript/jquery_easy_ui/themes/icons/rest.png HTTP/1.1" 304 -
114.88.167.174 - - [07/May/2021:09:06:47 +0800] "GET /xingrg/kc/buy/cgsh_order_list.html HTTP/1.1" 200 46619
114.88.167.174 - - [07/May/2021:09:06:47 +0800] "GET /xingrg/css/site.css HTTP/1.1" 304 -
114.88.167.174 - - [07/May/2021:09:06:47 +0800] "GET /xingrg/javascript/auto/jquery.autocomplete.css HTTP/1.1" 304 -
114.88.167.174 - - [07/May/2021:09:06:47 +0800] "GET /xingrg/javascript/easyui/themes/default/easyui.css HTTP/1.1" 304 -
114.88.167.174 - - [07/May/2021:09:06:47 +0800] "GET /xingrg/css/base.css HTTP/1.1" 304 -
114.88.167.174 - - [07/May/2021:09:06:47 +0800] "GET /xingrg/javascript/jquery_tools/datebox.css HTTP/1.1" 304 -
114.88.167.174 - - [07/May/2021:09:06:47 +0800] "GET /xingrg/javascript/easyui/themes/icon.css HTTP/1.1" 304 -
114.88.167.174 - - [07/May/2021:09:06:47 +0800] "GET /xingrg/javascript/jquery_tools/jquery.tools.hotkey.js HTTP/1.1" 304 -
114.88.167.174 - - [07/May/2021:09:06:47 +0800] "GET /xingrg/javascript/jquery_tools/list_manager.js HTTP/1.1" 304 -
114.88.167.174 - - [07/May/2021:09:06:47 +0800] "GET /xingrg/javascript/jquery_tools/jquery.tools.table.js HTTP/1.1" 304 -
114.88.167.174 - - [07/May/2021:09:06:47 +0800] "GET /xingrg/javascript/jquery_tools/table.css HTTP/1.1" 304 -
114.88.167.174 - - [07/May/2021:09:06:47 +0800] "GET /xingrg/javascript/jquery_tools/jquery.tools.min.js HTTP/1.1" 304 -
114.88.167.174 - - [07/May/2021:09:06:47 +0800] "GET /xingrg/javascript/jquery_tools/jquery.tools.extend.js HTTP/1.1" 304 -
114.88.167.174 - - [07/May/2021:09:06:47 +0800] "GET /xingrg/javascript/auto/jquery.autocomplete.js HTTP/1.1" 304 -
114.88.167.174 - - [07/May/2021:09:06:47 +0800] "GET /xingrg/javascript/jquery.cookie.js HTTP/1.1" 304 -
114.88.167.174 - - [07/May/2021:09:06:47 +0800] "GET /xingrg/javascript/easyui/easyloader.js HTTP/1.1" 304 -
114.88.167.174 - - [07/May/2021:09:06:47 +0800] "GET /xingrg/javascript/print/LodopFuncs.js HTTP/1.1" 304 -
114.88.167.174 - - [07/May/2021:09:06:47 +0800] "GET /xingrg/javascript/jquery_tools/fix.css HTTP/1.1" 304 -
114.88.167.174 - - [07/May/2021:09:06:48 +0800] "GET /xingrg/javascript/easyui/themes/icons/cance_new.png HTTP/1.1" 304 -
114.88.167.174 - - [07/May/2021:09:06:48 +0800] "GET /xingrg/javascript/easyui/themes/icons/edit_add_new.png HTTP/1.1" 304 -
114.88.167.174 - - [07/May/2021:09:06:48 +0800] "GET /xingrg/javascript/easyui/themes/icons/import_new.png HTTP/1.1" 304 -
114.88.167.174 - - [07/May/2021:09:06:48 +0800] "GET /xingrg/javascript/easyui/themes/icons/check_new.png HTTP/1.1" 304 -
114.88.167.174 - - [07/May/2021:09:06:48 +0800] "GET /xingrg/javascript/easyui/themes/icons/field_new.png HTTP/1.1" 304 -
114.88.167.174 - - [07/May/2021:09:06:48 +0800] "GET /xingrg/javascript/easyui/plugins/jquery.parser.js HTTP/1.1" 304 -
114.88.167.174 - - [07/May/2021:09:06:48 +0800] "GET /xingrg/images/control/ajaxLoader.gif HTTP/1.1" 304 -
180.161.124.236 - - [07/May/2021:09:06:50 +0800] "GET /xingrg/check_reg.html?_=1620349893507 HTTP/1.1" 200 22
180.161.124.236 - - [07/May/2021:09:06:50 +0800] "GET /xingrg/all/function/internal_message.html?_=1620349893682&CODE_STATE=getMsg HTTP/1.1" 200 27
116.224.253.72 - - [07/May/2021:09:06:51 +0800] "POST /xingrg/kc/buy/cgsh_order_operate.html HTTP/1.1" 200 37
180.169.147.146 - - [07/May/2021:09:06:54 +0800] "GET /xingrg/all/function/internal_message.html?_=1620349606253&CODE_STATE=getMsg HTTP/1.1" 200 27
116.230.114.112 - - [07/May/2021:09:06:55 +0800] "GET /xingrg/all/function/internal_message.html?_=1620349630013&CODE_STATE=getMsg HTTP/1.1" 200 27
116.224.253.72 - - [07/May/2021:09:06:56 +0800] "POST /xingrg/kc/buy/cgsh_order_operate.html HTTP/1.1" 200 18804
180.169.147.146 - - [07/May/2021:09:06:57 +0800] "GET /xingrg/all/function/internal_message.html?_=1620349613988&CODE_STATE=getMsg HTTP/1.1" 200 27
180.169.147.146 - - [07/May/2021:09:06:57 +0800] "GET /xingrg/check_reg.html?_=1620349613989 HTTP/1.1" 200 22
114.88.167.174 - - [07/May/2021:09:06:57 +0800] "GET /xingrg/javascript/jquery_tools/images/prev.gif HTTP/1.1" 404 1086
114.88.167.174 - - [07/May/2021:09:06:57 +0800] "GET /xingrg/javascript/jquery_tools/images/next.gif HTTP/1.1" 404 1086
58.40.7.146 - - [07/May/2021:09:07:06 +0800] "GET /xingrg/all/function/internal_message.html?_=1620349623184&CODE_STATE=getMsg HTTP/1.1" 200 27
180.161.124.236 - - [07/May/2021:09:07:07 +0800] "GET /xingrg/kc/buy/cgsh_order_operate.html?command=get_materiel&rest_code=00102&code=00101006115&supplier_code=00100096&order_time=2021-05-07 HTTP/1.1" 200 408
222.69.128.148 - - [07/May/2021:09:07:07 +0800] "GET /xingrg/all/function/internal_message.html?_=1620349623252&CODE_STATE=getMsg HTTP/1.1" 200 27
114.88.167.174 - - [07/May/2021:09:07:08 +0800] "POST /xingrg/kc/buy/cgsh_list_operate.html HTTP/1.1" 200 5180
58.221.95.50 - - [07/May/2021:09:07:09 +0800] "GET /xingrg/check_reg.html?_=1620349627743 HTTP/1.1" 302 -
116.224.253.72 - - [07/May/2021:09:07:10 +0800] "GET /xingrg/all/function/internal_message.html?_=1620349627671&CODE_STATE=getMsg HTTP/1.1" 200 27
116.224.253.72 - - [07/May/2021:09:07:10 +0800] "GET /xingrg/check_reg.html?_=1620349627681 HTTP/1.1" 200 22
222.69.128.148 - - [07/May/2021:09:07:11 +0800] "GET /xingrg/kc/buy/cgsh_order_operate.html?command=get_materiel&rest_code=00149&code=00101008038&supplier_code=00100005&order_time=2021-05-07 HTTP/1.1" 200 412
116.224.253.72 - - [07/May/2021:09:07:11 +0800] "GET /xingrg/all/function/internal_message.html?_=1620349622637&CODE_STATE=getMsg HTTP/1.1" 200 27
114.88.167.174 - - [07/May/2021:09:07:17 +0800] "GET /xingrg/javascript/easyui/plugins/jquery.draggable.js HTTP/1.1" 304 -
114.88.167.174 - - [07/May/2021:09:07:17 +0800] "GET /xingrg/javascript/easyui/plugins/jquery.droppable.js HTTP/1.1" 304 -
114.88.167.174 - - [07/May/2021:09:07:17 +0800] "GET /xingrg/javascript/easyui/themes/default/tree.css HTTP/1.1" 404 1090
114.88.167.174 - - [07/May/2021:09:07:17 +0800] "GET /xingrg/javascript/easyui/plugins/jquery.tree.js HTTP/1.1" 304 -
114.88.167.174 - - [07/May/2021:09:07:18 +0800] "POST /xingrg/all/common/load_tree.html?tree=supplier_tree_json&manage=1 HTTP/1.1" 200 56175
180.161.124.236 - - [07/May/2021:09:07:18 +0800] "GET /xingrg/kc/buy/cgsh_order_operate.html?command=get_materiel&rest_code=00102&code=00101012029&supplier_code=00100096&order_time=2021-05-07 HTTP/1.1" 200 412
222.69.128.148 - - [07/May/2021:09:07:21 +0800] "GET /xingrg/kc/buy/cgsh_order_operate.html?command=get_materiel&rest_code=00149&code=00101008358&supplier_code=00100005&order_time=2021-05-07 HTTP/1.1" 200 412
61.165.42.208 - - [07/May/2021:09:07:22 +0800] "GET /xingrg/all/function/internal_message.html?_=1620349639434&CODE_STATE=getMsg HTTP/1.1" 200 27
116.230.76.31 - - [07/May/2021:09:07:28 +0800] "GET /xingrg/all/function/internal_message.html?_=1620349639049&CODE_STATE=getMsg HTTP/1.1" 200 27
116.230.76.31 - - [07/May/2021:09:07:28 +0800] "GET /xingrg/check_reg.html?_=1620349639053 HTTP/1.1" 200 22
180.161.124.236 - - [07/May/2021:09:07:29 +0800] "GET /xingrg/kc/buy/cgsh_order_operate.html?command=get_materiel&rest_code=00102&code=00101007081&supplier_code=00100096&order_time=2021-05-07 HTTP/1.1" 200 413
222.69.128.148 - - [07/May/2021:09:07:33 +0800] "GET /xingrg/kc/buy/cgsh_order_operate.html?command=get_materiel&rest_code=00149&code=00101008283&supplier_code=00100005&order_time=2021-05-07 HTTP/1.1" 200 408
120.253.135.82 - - [07/May/2021:09:07:38 +0800] "GET /xingrg/all/function/internal_message.html?_=1620349661858&CODE_STATE=getMsg HTTP/1.1" 200 27
114.88.167.174 - - [07/May/2021:09:07:39 +0800] "GET /xingrg/all/function/internal_message.html?_=1620349654948&CODE_STATE=getMsg HTTP/1.1" 200 27
114.88.167.174 - - [07/May/2021:09:07:40 +0800] "POST /xingrg/kc/buy/cgsh_list_operate.html HTTP/1.1" 200 5505
180.161.124.236 - - [07/May/2021:09:07:40 +0800] "GET /xingrg/kc/buy/cgsh_order_operate.html?command=get_materiel&rest_code=00102&code=00101007059&supplier_code=00100096&order_time=2021-05-07 HTTP/1.1" 200 411
222.69.128.148 - - [07/May/2021:09:07:48 +0800] "GET /xingrg/kc/buy/cgsh_order_operate.html?command=get_materiel&rest_code=00149&code=00101008126&supplier_code=00100005&order_time=2021-05-07 HTTP/1.1" 200 412
180.161.124.236 - - [07/May/2021:09:07:51 +0800] "GET /xingrg/all/function/internal_message.html?_=1620349953697&CODE_STATE=getMsg HTTP/1.1" 200 27
180.161.124.236 - - [07/May/2021:09:07:54 +0800] "GET /xingrg/kc/buy/cgsh_order_operate.html?command=get_materiel&rest_code=00102&code=00101012030&supplier_code=00100096&order_time=2021-05-07 HTTP/1.1" 200 435
180.169.147.146 - - [07/May/2021:09:07:54 +0800] "GET /xingrg/all/function/internal_message.html?_=1620349666221&CODE_STATE=getMsg HTTP/1.1" 200 27
116.230.114.112 - - [07/May/2021:09:07:55 +0800] "GET /xingrg/all/function/internal_message.html?_=1620349690130&CODE_STATE=getMsg HTTP/1.1" 200 27
222.69.128.148 - - [07/May/2021:09:07:56 +0800] "GET /xingrg/kc/buy/cgsh_order_operate.html?command=get_materiel&rest_code=00149&code=00101008361&supplier_code=00100005&order_time=2021-05-07 HTTP/1.1" 200 408
180.169.147.146 - - [07/May/2021:09:07:57 +0800] "GET /xingrg/all/function/internal_message.html?_=1620349673995&CODE_STATE=getMsg HTTP/1.1" 200 27
116.230.114.112 - - [07/May/2021:09:08:01 +0800] "GET /xingrg/check_reg.html?_=1620349696096 HTTP/1.1" 200 22
222.69.128.148 - - [07/May/2021:09:08:05 +0800] "GET /xingrg/kc/buy/cgsh_order_operate.html?command=get_materiel&rest_code=00149&code=00101008355&supplier_code=00100005&order_time=2021-05-07 HTTP/1.1" 200 408
58.40.7.146 - - [07/May/2021:09:08:06 +0800] "GET /xingrg/all/function/internal_message.html?_=1620349683187&CODE_STATE=getMsg HTTP/1.1" 200 27
222.69.128.148 - - [07/May/2021:09:08:07 +0800] "GET /xingrg/all/function/internal_message.html?_=1620349683260&CODE_STATE=getMsg HTTP/1.1" 200 27
222.69.128.148 - - [07/May/2021:09:08:07 +0800] "GET /xingrg/check_reg.html?_=1620349683265 HTTP/1.1" 200 22
116.224.253.72 - - [07/May/2021:09:08:10 +0800] "GET /xingrg/all/function/internal_message.html?_=1620349687676&CODE_STATE=getMsg HTTP/1.1" 200 27
180.169.147.146 - - [07/May/2021:09:08:11 +0800] "GET /xingrg/check_reg.html?_=1620349682900 HTTP/1.1" 200 22
116.224.253.72 - - [07/May/2021:09:08:11 +0800] "GET /xingrg/all/function/internal_message.html?_=1620349682756&CODE_STATE=getMsg HTTP/1.1" 200 27
61.165.42.208 - - [07/May/2021:09:08:22 +0800] "GET /xingrg/all/function/internal_message.html?_=1620349699401&CODE_STATE=getMsg HTTP/1.1" 200 27
222.69.128.148 - - [07/May/2021:09:08:24 +0800] "GET /xingrg/kc/buy/cgsh_order_operate.html?command=get_materiel&rest_code=00149&code=00101008144&supplier_code=00100005&order_time=2021-05-07 HTTP/1.1" 200 414
116.230.76.31 - - [07/May/2021:09:08:28 +0800] "GET /xingrg/all/function/internal_message.html?_=1620349699047&CODE_STATE=getMsg HTTP/1.1" 200 27
172.20.0.100 - - [07/May/2021:09:08:36 +0800] "GET /xingrg/check_reg.html?_=1620349713789 HTTP/1.1" 302 -
120.253.135.82 - - [07/May/2021:09:08:38 +0800] "GET /xingrg/all/function/internal_message.html?_=1620349721884&CODE_STATE=getMsg HTTP/1.1" 200 27
114.88.167.174 - - [07/May/2021:09:08:39 +0800] "GET /xingrg/all/function/internal_message.html?_=1620349714961&CODE_STATE=getMsg HTTP/1.1" 200 27
222.69.128.148 - - [07/May/2021:09:08:40 +0800] "GET /xingrg/kc/buy/cgsh_order_operate.html?command=get_materiel&rest_code=00149&code=00101008264&supplier_code=00100005&order_time=2021-05-07 HTTP/1.1" 200 412
222.69.128.148 - - [07/May/2021:09:08:47 +0800] "GET /xingrg/kc/buy/cgsh_order_operate.html?command=get_materiel&rest_code=00149&code=00101008024&supplier_code=00100005&order_time=2021-05-07 HTTP/1.1" 200 408
222.69.128.148 - - [07/May/2021:09:08:50 +0800] "POST /xingrg/kc/buy/cgsh_order_operate.html HTTP/1.1" 200 2065
180.161.124.236 - - [07/May/2021:09:08:50 +0800] "GET /xingrg/all/function/internal_message.html?_=1620350013710&CODE_STATE=getMsg HTTP/1.1" 200 27
180.169.147.146 - - [07/May/2021:09:08:54 +0800] "GET /xingrg/all/function/internal_message.html?_=1620349726216&CODE_STATE=getMsg HTTP/1.1" 200 27
222.69.128.148 - - [07/May/2021:09:08:55 +0800] "GET /xingrg/kc/buy/cgsh_order_operate.html?command=get_materiel&rest_code=00149&code=00101008356&supplier_code=00100005&order_time=2021-05-07 HTTP/1.1" 200 408
116.230.114.112 - - [07/May/2021:09:08:55 +0800] "GET /xingrg/all/function/internal_message.html?_=1620349750133&CODE_STATE=getMsg HTTP/1.1" 200 27
180.169.147.146 - - [07/May/2021:09:08:57 +0800] "GET /xingrg/all/function/internal_message.html?_=1620349733996&CODE_STATE=getMsg HTTP/1.1" 200 27
58.40.7.146 - - [07/May/2021:09:09:06 +0800] "GET /xingrg/all/function/internal_message.html?_=1620349743188&CODE_STATE=getMsg HTTP/1.1" 200 27
58.40.7.146 - - [07/May/2021:09:09:06 +0800] "GET /xingrg/check_reg.html?_=1620349743190 HTTP/1.1" 200 22
116.233.75.217 - - [07/May/2021:09:09:06 +0800] "GET /favicon.ico HTTP/1.1" 404 -
222.69.128.148 - - [07/May/2021:09:09:07 +0800] "GET /xingrg/all/function/internal_message.html?_=1620349743265&CODE_STATE=getMsg HTTP/1.1" 200 27
116.224.253.72 - - [07/May/2021:09:09:10 +0800] "GET /xingrg/all/function/internal_message.html?_=1620349747665&CODE_STATE=getMsg HTTP/1.1" 200 27
117.184.7.26 - - [07/May/2021:09:09:10 +0800] "GET /xingrg/check_reg.html?_=1620349737443 HTTP/1.1" 302 -
116.224.253.72 - - [07/May/2021:09:09:11 +0800] "GET /xingrg/all/function/internal_message.html?_=1620349742760&CODE_STATE=getMsg HTTP/1.1" 200 27
222.69.128.148 - - [07/May/2021:09:09:14 +0800] "GET /xingrg/kc/buy/cgsh_order_operate.html?command=get_materiel&rest_code=00149&code=00101008360&supplier_code=00100005&order_time=2021-05-07 HTTP/1.1" 200 412
120.253.135.82 - - [07/May/2021:09:09:19 +0800] "GET /xingrg/check_reg.html?_=1620349762307 HTTP/1.1" 200 22
61.165.42.208 - - [07/May/2021:09:09:22 +0800] "GET /xingrg/all/function/internal_message.html?_=1620349759377&CODE_STATE=getMsg HTTP/1.1" 200 27
116.230.76.31 - - [07/May/2021:09:09:28 +0800] "GET /xingrg/all/function/internal_message.html?_=1620349759052&CODE_STATE=getMsg HTTP/1.1" 200 27
180.161.124.236 - - [07/May/2021:09:09:31 +0800] "GET /xingrg/kc/buy/cgsh_order_operate.html?command=get_materiel&rest_code=00102&code=00101016080&supplier_code=00100096&order_time=2021-05-07 HTTP/1.1" 200 408
120.253.135.82 - - [07/May/2021:09:09:38 +0800] "GET /xingrg/all/function/internal_message.html?_=1620349781901&CODE_STATE=getMsg HTTP/1.1" 200 27
114.88.167.174 - - [07/May/2021:09:09:39 +0800] "GET /xingrg/all/function/internal_message.html?_=1620349774975&CODE_STATE=getMsg HTTP/1.1" 200 27
222.69.128.148 - - [07/May/2021:09:09:39 +0800] "GET /xingrg/kc/buy/cgsh_order_operate.html?command=get_materiel&rest_code=00149&code=00101008357&supplier_code=00100005&order_time=2021-05-07 HTTP/1.1" 200 408
180.161.124.236 - - [07/May/2021:09:09:49 +0800] "GET /xingrg/kc/buy/cgsh_order_operate.html?command=get_materiel&rest_code=00102&code=00101006109&supplier_code=00100096&order_time=2021-05-07 HTTP/1.1" 200 409
180.161.124.236 - - [07/May/2021:09:09:50 +0800] "GET /xingrg/all/function/internal_message.html?_=1620350073723&CODE_STATE=getMsg HTTP/1.1" 200 27
180.169.147.146 - - [07/May/2021:09:09:54 +0800] "GET /xingrg/all/function/internal_message.html?_=1620349786196&CODE_STATE=getMsg HTTP/1.1" 200 27
116.230.114.112 - - [07/May/2021:09:09:55 +0800] "GET /xingrg/all/function/internal_message.html?_=1620349810146&CODE_STATE=getMsg HTTP/1.1" 200 27
180.169.147.146 - - [07/May/2021:09:09:57 +0800] "GET /xingrg/all/function/internal_message.html?_=1620349793984&CODE_STATE=getMsg HTTP/1.1" 200 27
222.69.128.148 - - [07/May/2021:09:09:58 +0800] "GET /xingrg/kc/buy/cgsh_order_operate.html?command=get_materiel&rest_code=00149&code=00101008069&supplier_code=00100005&order_time=2021-05-07 HTTP/1.1" 200 412
222.69.128.148 - - [07/May/2021:09:10:03 +0800] "POST /xingrg/kc/buy/cgsh_order_operate.html HTTP/1.1" 200 2065
61.165.42.208 - - [07/May/2021:09:10:04 +0800] "POST /xingrg/kc/buy/cgsh_order_operate.html HTTP/1.1" 200 37
61.165.42.208 - - [07/May/2021:09:10:06 +0800] "POST /xingrg/kc/buy/cgsh_order_operate.html HTTP/1.1" 200 26919
58.40.7.146 - - [07/May/2021:09:10:06 +0800] "GET /xingrg/all/function/internal_message.html?_=1620349803194&CODE_STATE=getMsg HTTP/1.1" 200 27
222.69.128.148 - - [07/May/2021:09:10:07 +0800] "GET /xingrg/all/function/internal_message.html?_=1620349803263&CODE_STATE=getMsg HTTP/1.1" 200 27
222.69.128.148 - - [07/May/2021:09:10:08 +0800] "GET /xingrg/kc/buy/cgsh_order_operate.html?command=get_materiel&rest_code=00149&code=00101008286&supplier_code=00100005&order_time=2021-05-07 HTTP/1.1" 200 408
