117.184.7.26 - - [07/May/2021:09:38:20 +0800] "POST /xingrg/kc/base/yddb_list_operate.html HTTP/1.1" 200 4284
61.165.42.208 - - [07/May/2021:09:38:22 +0800] "GET /xingrg/all/function/internal_message.html?_=1620351498753&CODE_STATE=getMsg HTTP/1.1" 200 27
117.184.7.26 - - [07/May/2021:09:38:23 +0800] "POST /xingrg/kc/base/yddb_list_operate.html HTTP/1.1" 200 201
116.233.74.89 - - [07/May/2021:09:38:24 +0800] "GET /xingrg/kc/buy/cgsh_order_operate.html?command=get_materiel&rest_code=00109&code=00101008350&supplier_code=00100005&order_time=2021-05-07 HTTP/1.1" 200 408
117.184.7.26 - - [07/May/2021:09:38:25 +0800] "GET /xingrg/kc/base/yddb_order_info.html?code=482021050300027 HTTP/1.1" 200 31457
117.184.7.26 - - [07/May/2021:09:38:25 +0800] "GET /xingrg/dwr/interface/AjaxComOrderService.js HTTP/1.1" 200 18264
117.184.7.26 - - [07/May/2021:09:38:25 +0800] "GET /xingrg/dwr/interface/AjaxYddbService.js HTTP/1.1" 200 13201
117.184.7.26 - - [07/May/2021:09:38:25 +0800] "GET /xingrg/dwr/util.js HTTP/1.1" 304 -
117.184.7.26 - - [07/May/2021:09:38:25 +0800] "GET /xingrg/dwr/engine.js HTTP/1.1" 200 43631
117.184.7.26 - - [07/May/2021:09:38:26 +0800] "POST /xingrg/dwr/call/plaincall/AjaxYddbService.loadMaterielItems.dwr HTTP/1.1" 200 393
116.230.76.31 - - [07/May/2021:09:38:28 +0800] "GET /xingrg/all/function/internal_message.html?_=1620351499181&CODE_STATE=getMsg HTTP/1.1" 200 27
117.184.7.26 - - [07/May/2021:09:38:30 +0800] "GET /xingrg/kc/base/yddb_order_report.html?fileType=printReport.do&code=482021050300027&reportName=ck_order_report&subName=yddb HTTP/1.1" 302 -
117.184.7.26 - - [07/May/2021:09:38:30 +0800] "GET /xingrg/printReport.do?sysBaseUrl=http%3A%2F%2F180.169.147.146%3A18081%2Fxingrg%2F&costTime=77×tamp=1620351510033 HTTP/1.1" 200 1138
116.230.76.31 - - [07/May/2021:09:38:30 +0800] "GET /xingrg/kc/buy/cgsh_order_operate.html?command=get_materiel&rest_code=00107&code=00101018011&supplier_code=00100330&order_time=2021-05-07 HTTP/1.1" 200 413
117.184.7.26 - - [07/May/2021:09:38:31 +0800] "GET /favicon.ico HTTP/1.1" 404 -
116.233.74.89 - - [07/May/2021:09:38:35 +0800] "GET /xingrg/kc/buy/cgsh_order_operate.html?command=get_materiel&rest_code=00109&code=00101008355&supplier_code=00100005&order_time=2021-05-07 HTTP/1.1" 200 408
172.20.0.100 - - [07/May/2021:09:38:36 +0800] "GET /xingrg/check_reg.html?_=1620351513631 HTTP/1.1" 302 -
120.253.135.82 - - [07/May/2021:09:38:39 +0800] "GET /xingrg/all/function/internal_message.html?_=1620351522445&CODE_STATE=getMsg HTTP/1.1" 200 27
117.184.7.26 - - [07/May/2021:09:38:39 +0800] "GET /xingrg/applets/default.class HTTP/1.1" 404 1050
117.184.7.26 - - [07/May/2021:09:38:39 +0800] "GET /xingrg/applets/default.class HTTP/1.1" 404 1050
117.184.7.26 - - [07/May/2021:09:38:40 +0800] "GET /xingrg/applets/applet.jar HTTP/1.1" 304 -
116.233.74.89 - - [07/May/2021:09:38:41 +0800] "GET /xingrg/kc/buy/cgsh_order_operate.html?command=get_materiel&rest_code=00109&code=00101008357&supplier_code=00100005&order_time=2021-05-07 HTTP/1.1" 200 408
116.230.76.31 - - [07/May/2021:09:38:42 +0800] "GET /xingrg/kc/buy/cgsh_order_operate.html?command=get_materiel&rest_code=00107&code=00101006067&supplier_code=00100330&order_time=2021-05-07 HTTP/1.1" 200 409
117.184.7.26 - - [07/May/2021:09:38:42 +0800] "GET /xingrg/servlets/printview HTTP/1.1" 200 11756
117.184.7.26 - - [07/May/2021:09:38:42 +0800] "GET /xingrg/applets/net/sf/jasperreports/engine/export/JRPrintServiceExporter.class HTTP/1.1" 404 1150
117.184.7.26 - - [07/May/2021:09:38:42 +0800] "GET /xingrg/applets/net/sf/jasperreports/engine/export/JRPrintServiceExporter.class HTTP/1.1" 404 1150
117.184.7.26 - - [07/May/2021:09:38:46 +0800] "GET /xingrg/applets/META-INF/services/javax.xml.parsers.DocumentBuilderFactory HTTP/1.1" 404 1140
117.184.7.26 - - [07/May/2021:09:38:46 +0800] "GET /xingrg/applets/jasperreports.properties HTTP/1.1" 404 1072
117.184.7.26 - - [07/May/2021:09:38:46 +0800] "GET /xingrg/applets/jasperreports.properties HTTP/1.1" 404 1072
117.184.7.26 - - [07/May/2021:09:38:46 +0800] "GET /xingrg/applets/jasperreports.properties HTTP/1.1" 404 1072
116.233.74.89 - - [07/May/2021:09:38:47 +0800] "GET /xingrg/kc/buy/cgsh_order_operate.html?command=get_materiel&rest_code=00109&code=00101008362&supplier_code=00100005&order_time=2021-05-07 HTTP/1.1" 200 408
117.184.7.26 - - [07/May/2021:09:38:47 +0800] "GET /xingrg/applets/META-INF/services/javax.xml.parsers.DocumentBuilderFactory HTTP/1.1" 404 1140
116.233.74.89 - - [07/May/2021:09:38:49 +0800] "POST /xingrg/kc/buy/cgsh_order_operate.html HTTP/1.1" 200 2065
116.233.74.89 - - [07/May/2021:09:38:50 +0800] "GET /xingrg/all/function/internal_message.html?_=1620351529301&CODE_STATE=getMsg HTTP/1.1" 200 27
116.233.74.89 - - [07/May/2021:09:38:50 +0800] "GET /xingrg/check_reg.html?_=1620351529304 HTTP/1.1" 200 22
116.230.76.31 - - [07/May/2021:09:38:52 +0800] "GET /xingrg/kc/buy/cgsh_order_operate.html?command=get_materiel&rest_code=00107&code=00101018007&supplier_code=00100330&order_time=2021-05-07 HTTP/1.1" 200 409
180.161.124.236 - - [07/May/2021:09:38:52 +0800] "GET /xingrg/all/function/internal_message.html?_=1620351815396&CODE_STATE=getMsg HTTP/1.1" 200 27
116.224.253.72 - - [07/May/2021:09:38:52 +0800] "GET /xingrg/all/function/internal_message.html?_=1620351524118&CODE_STATE=getMsg HTTP/1.1" 200 27
180.169.147.146 - - [07/May/2021:09:38:53 +0800] "GET /xingrg/all/function/internal_message.html?_=1620351529560&CODE_STATE=getMsg HTTP/1.1" 200 27
116.233.74.89 - - [07/May/2021:09:38:53 +0800] "GET /xingrg/kc/buy/cgsh_order_operate.html?command=get_materiel&rest_code=00109&code=00101020139&supplier_code=00100005&order_time=2021-05-07 HTTP/1.1" 200 435
180.169.147.146 - - [07/May/2021:09:38:54 +0800] "GET /xingrg/all/function/internal_message.html?_=1620351525579&CODE_STATE=getMsg HTTP/1.1" 200 27
116.233.74.89 - - [07/May/2021:09:38:56 +0800] "POST /xingrg/all/common/load_select.html HTTP/1.1" 200 25
180.169.147.146 - - [07/May/2021:09:38:57 +0800] "GET /xingrg/all/function/internal_message.html?_=1620351533990&CODE_STATE=getMsg HTTP/1.1" 200 27
116.230.76.31 - - [07/May/2021:09:38:59 +0800] "POST /xingrg/kc/buy/cgsh_order_operate.html HTTP/1.1" 200 37
117.184.7.26 - - [07/May/2021:09:39:00 +0800] "GET /xingrg/all/function/internal_message.html?_=1620351527852&CODE_STATE=getMsg HTTP/1.1" 200 27
116.233.74.89 - - [07/May/2021:09:39:00 +0800] "GET /xingrg/kc/buy/cgsh_order_operate.html?command=get_materiel_price&rest_code=00109&code=00101020139&unit_code=00100040&supplier_code=00100005&order_time=2021-05-07 HTTP/1.1" 200 27
180.169.147.146 - - [07/May/2021:09:39:02 +0800] "GET /xingrg/check_reg.html?_=1620351538806 HTTP/1.1" 200 22
180.169.147.146 - - [07/May/2021:09:39:02 +0800] "GET /xingrg/all/function/internal_message.html?_=1620351538810&CODE_STATE=getMsg HTTP/1.1" 200 27
116.230.76.31 - - [07/May/2021:09:39:04 +0800] "POST /xingrg/kc/buy/cgsh_order_operate.html HTTP/1.1" 200 3833
58.40.7.146 - - [07/May/2021:09:39:06 +0800] "GET /xingrg/all/function/internal_message.html?_=1620351543203&CODE_STATE=getMsg HTTP/1.1" 200 27
58.40.7.146 - - [07/May/2021:09:39:06 +0800] "GET /xingrg/check_reg.html?_=1620351543205 HTTP/1.1" 200 22
116.230.114.112 - - [07/May/2021:09:39:06 +0800] "GET /xingrg/all/function/internal_message.html?_=1620351561070&CODE_STATE=getMsg HTTP/1.1" 200 27
222.69.128.148 - - [07/May/2021:09:39:07 +0800] "GET /xingrg/all/function/internal_message.html?_=1620351543355&CODE_STATE=getMsg HTTP/1.1" 200 27
116.230.76.31 - - [07/May/2021:09:39:08 +0800] "GET /xingrg/kc/print/load_data.html?order_code=212021050702839&kc_code=cgsh&condition= HTTP/1.1" 200 1121
116.233.74.89 - - [07/May/2021:09:39:11 +0800] "GET /xingrg/kc/buy/cgsh_order_operate.html?command=get_materiel&rest_code=00109&code=00101008350&supplier_code=00100005&order_time=2021-05-07 HTTP/1.1" 200 408
116.224.253.72 - - [07/May/2021:09:39:15 +0800] "GET /xingrg/all/function/internal_message.html?_=1620351552548&CODE_STATE=getMsg HTTP/1.1" 200 27
120.253.135.82 - - [07/May/2021:09:39:19 +0800] "GET /xingrg/check_reg.html?_=1620351562360 HTTP/1.1" 200 22
116.230.76.31 - - [07/May/2021:09:39:19 +0800] "GET /xingrg/kc/buy/cgsh_order_add.html HTTP/1.1" 200 62445
116.230.76.31 - - [07/May/2021:09:39:20 +0800] "GET /xingrg/javascript/easyui/themes/default/validatebox.css HTTP/1.1" 404 1104
116.230.76.31 - - [07/May/2021:09:39:20 +0800] "POST /xingrg/kc/buy/cgsh_order_operate.html HTTP/1.1" 200 8245
116.233.74.89 - - [07/May/2021:09:39:20 +0800] "POST /xingrg/kc/buy/cgsh_order_operate.html HTTP/1.1" 200 37
116.230.76.31 - - [07/May/2021:09:39:21 +0800] "GET /xingrg/javascript/easyui/themes/default/tree.css HTTP/1.1" 404 1090
116.230.76.31 - - [07/May/2021:09:39:21 +0800] "POST /xingrg/all/common/load_tree.html?tree=supplier_tree_json&isDelete=1 HTTP/1.1" 200 55318
61.165.42.208 - - [07/May/2021:09:39:22 +0800] "GET /xingrg/all/function/internal_message.html?_=1620351558728&CODE_STATE=getMsg HTTP/1.1" 200 27
116.233.74.89 - - [07/May/2021:09:39:22 +0800] "POST /xingrg/kc/buy/cgsh_order_operate.html HTTP/1.1" 200 27508
116.233.74.89 - - [07/May/2021:09:39:25 +0800] "GET /xingrg/kc/print/load_config.html?kc_code=cgsh HTTP/1.1" 200 1845
116.233.74.89 - - [07/May/2021:09:39:25 +0800] "GET /xingrg/kc/print/load_data.html?order_code=212021050702837&kc_code=cgsh&condition= HTTP/1.1" 200 10109
180.169.147.146 - - [07/May/2021:09:39:27 +0800] "GET /xingrg/index.html?sysBaseUrl=http%3A%2F%2F180.169.147.146%3A18081%2Fxingrg%2F&costTime=39×tamp=1592034574635 HTTP/1.1" 302 -
180.169.147.146 - - [07/May/2021:09:39:27 +0800] "GET /xingrg/login.html HTTP/1.1" 200 7641
116.230.76.31 - - [07/May/2021:09:39:28 +0800] "GET /xingrg/all/function/internal_message.html?_=1620351559159&CODE_STATE=getMsg HTTP/1.1" 200 27
180.169.147.146 - - [07/May/2021:09:39:28 +0800] "GET /favicon.ico HTTP/1.1" 404 -
117.185.32.26 - - [07/May/2021:09:39:30 +0800] "GET /favicon.ico HTTP/1.1" 404 -
117.185.32.26 - - [07/May/2021:09:39:30 +0800] "GET /xingrg/all/function/internal_message.html?_=1620351547537&CODE_STATE=getMsg HTTP/1.1" 302 -
180.169.147.146 - - [07/May/2021:09:39:32 +0800] "POST /xingrg/login.do HTTP/1.1" 200 2421
180.169.147.146 - - [07/May/2021:09:39:32 +0800] "GET /favicon.ico HTTP/1.1" 404 -
180.169.147.146 - - [07/May/2021:09:39:34 +0800] "GET /xingrg/login.html HTTP/1.1" 200 7641
180.169.147.146 - - [07/May/2021:09:39:34 +0800] "GET /favicon.ico HTTP/1.1" 404 -
180.169.147.146 - - [07/May/2021:09:39:38 +0800] "POST /xingrg/login.do HTTP/1.1" 302 -
180.169.147.146 - - [07/May/2021:09:39:38 +0800] "GET /xingrg/index.html?sysBaseUrl=http%3A%2F%2F180.169.147.146%3A18081%2Fxingrg%2F&costTime=41×tamp=1620351578676 HTTP/1.1" 200 17503
116.230.76.31 - - [07/May/2021:09:39:39 +0800] "GET /xingrg/kc/buy/cgsh_order_operate.html?command=get_materiel&rest_code=00107&code=00101006038&supplier_code=00100342&order_time=2021-05-07 HTTP/1.1" 200 423
120.253.135.82 - - [07/May/2021:09:39:39 +0800] "GET /xingrg/all/function/internal_message.html?_=1620351582448&CODE_STATE=getMsg HTTP/1.1" 200 27
180.169.147.146 - - [07/May/2021:09:39:39 +0800] "POST /xingrg/all/common/load_tree.html?tree=area_rest_tree_json&manage=1 HTTP/1.1" 200 3344
180.169.147.146 - - [07/May/2021:09:39:39 +0800] "GET /xingrg/all/function/internal_message.html?_=1620351584559&CODE_STATE=count HTTP/1.1" 200 11
180.169.147.146 - - [07/May/2021:09:39:39 +0800] "GET /xingrg/check_reg.html?_=1620351584561 HTTP/1.1" 200 22
180.169.147.146 - - [07/May/2021:09:39:39 +0800] "GET /favicon.ico HTTP/1.1" 404 -
180.169.147.146 - - [07/May/2021:09:39:39 +0800] "POST /xingrg/load_menu.html HTTP/1.1" 200 11443
180.169.147.146 - - [07/May/2021:09:39:45 +0800] "POST /xingrg/all/user/operate.html HTTP/1.1" 200 36
180.169.147.146 - - [07/May/2021:09:39:45 +0800] "GET /xingrg/index.html?sysBaseUrl=http%3A%2F%2F180.169.147.146%3A18081%2Fxingrg%2F&costTime=41×tamp=1620351578676 HTTP/1.1" 200 17509
180.169.147.146 - - [07/May/2021:09:39:45 +0800] "GET /xingrg/javascript/jquery_easy_ui/themes/default/easyui.css HTTP/1.1" 304 -
180.169.147.146 - - [07/May/2021:09:39:45 +0800] "GET /xingrg/javascript/jquery_easy_ui/themes/icon.css HTTP/1.1" 304 -
180.169.147.146 - - [07/May/2021:09:39:45 +0800] "GET /xingrg/css/form.css HTTP/1.1" 304 -
180.169.147.146 - - [07/May/2021:09:39:45 +0800] "GET /xingrg/javascript/jquery-1.4.2.min.js HTTP/1.1" 304 -
180.169.147.146 - - [07/May/2021:09:39:45 +0800] "GET /xingrg/javascript/jquery_easy_ui/jquery.easyui.min.js HTTP/1.1" 304 -
180.169.147.146 - - [07/May/2021:09:39:45 +0800] "GET /xingrg/javascript/jquery_easy_ui/easyui-lang-zh_CN.js HTTP/1.1" 304 -
180.169.147.146 - - [07/May/2021:09:39:45 +0800] "GET /xingrg/javascript/jquery.form.js HTTP/1.1" 304 -
180.169.147.146 - - [07/May/2021:09:39:45 +0800] "GET /xingrg/javascript/jquery.utils.js HTTP/1.1" 304 -
180.169.147.146 - - [07/May/2021:09:39:45 +0800] "GET /xingrg/javascript/jquery.timers.js HTTP/1.1" 304 -
180.169.147.146 - - [07/May/2021:09:39:45 +0800] "GET /xingrg/images/blue/jxLogo.png HTTP/1.1" 304 -
180.169.147.146 - - [07/May/2021:09:39:45 +0800] "POST /xingrg/all/common/load_tree.html?tree=area_rest_tree_json&manage=1 HTTP/1.1" 200 3344
180.169.147.146 - - [07/May/2021:09:39:45 +0800] "GET /xingrg/all/function/internal_message.html?_=1620351590564&CODE_STATE=count HTTP/1.1" 200 11
180.169.147.146 - - [07/May/2021:09:39:45 +0800] "GET /xingrg/check_reg.html?_=1620351590565 HTTP/1.1" 200 22
180.169.147.146 - - [07/May/2021:09:39:45 +0800] "GET /xingrg/javascript/jquery_easy_ui/themes/default/images/panel_tool_expand.gif HTTP/1.1" 304 -
180.169.147.146 - - [07/May/2021:09:39:45 +0800] "GET /xingrg/javascript/jquery_easy_ui/themes/default/images/panel_tool_collapse.gif HTTP/1.1" 304 -
180.169.147.146 - - [07/May/2021:09:39:45 +0800] "GET /xingrg/javascript/jquery_easy_ui/themes/default/images/tabs_rightarrow.png HTTP/1.1" 304 -
180.169.147.146 - - [07/May/2021:09:39:45 +0800] "GET /xingrg/javascript/jquery_easy_ui/themes/default/images/tabs_leftarrow.png HTTP/1.1" 304 -
180.169.147.146 - - [07/May/2021:09:39:45 +0800] "GET /xingrg/images/blue/pingpu.png HTTP/1.1" 304 -
180.169.147.146 - - [07/May/2021:09:39:45 +0800] "GET /xingrg/javascript/jquery_easy_ui/themes/icons/settle_new.png HTTP/1.1" 304 -
180.169.147.146 - - [07/May/2021:09:39:45 +0800] "GET /xingrg/images/blue/navBackgound.jpg HTTP/1.1" 304 -
180.169.147.146 - - [07/May/2021:09:39:45 +0800] "POST /xingrg/load_menu.html HTTP/1.1" 200 9959
180.169.147.146 - - [07/May/2021:09:39:46 +0800] "POST /xingrg/load_menu.html HTTP/1.1" 200 9695
180.169.147.146 - - [07/May/2021:09:39:48 +0800] "GET /xingrg/all/report/report_query.html?fileName=dma/new_5.0/menu/menu_category_hz.xml HTTP/1.1" 200 53064
180.169.147.146 - - [07/May/2021:09:39:48 +0800] "GET /xingrg/dwr/interface/AjaxReportQueryService.js HTTP/1.1" 200 13203
180.169.147.146 - - [07/May/2021:09:39:48 +0800] "GET /xingrg/dwr/engine.js HTTP/1.1" 200 43631
180.169.147.146 - - [07/May/2021:09:39:48 +0800] "GET /xingrg/dwr/util.js HTTP/1.1" 304 -
180.169.147.146 - - [07/May/2021:09:39:49 +0800] "POST /xingrg/dwr/call/plaincall/AjaxReportQueryService.getFixDate.dwr HTTP/1.1" 200 111
180.169.147.146 - - [07/May/2021:09:39:49 +0800] "POST /xingrg/all/common/load_tree.html?tree=area_station_tree_json&manage=1 HTTP/1.1" 200 3240
116.230.76.31 - - [07/May/2021:09:39:49 +0800] "POST /xingrg/kc/buy/cgsh_order_operate.html HTTP/1.1" 200 37
116.230.76.31 - - [07/May/2021:09:39:50 +0800] "POST /xingrg/kc/buy/cgsh_order_operate.html HTTP/1.1" 200 2667
116.233.74.89 - - [07/May/2021:09:39:50 +0800] "GET /xingrg/all/function/internal_message.html?_=1620351589299&CODE_STATE=getMsg HTTP/1.1" 200 27
180.169.147.146 - - [07/May/2021:09:39:50 +0800] "GET /xingrg/all/report/report_query.html?fileName=dma/new_5.0/yingye/syy_order_list.xml HTTP/1.1" 200 51832
180.169.147.146 - - [07/May/2021:09:39:50 +0800] "GET /xingrg/dwr/interface/AjaxReportQueryService.js HTTP/1.1" 200 13203
180.169.147.146 - - [07/May/2021:09:39:50 +0800] "GET /xingrg/dwr/engine.js HTTP/1.1" 200 43631
180.169.147.146 - - [07/May/2021:09:39:50 +0800] "POST /xingrg/dwr/call/plaincall/AjaxReportQueryService.getFixDate.dwr HTTP/1.1" 200 111
180.169.147.146 - - [07/May/2021:09:39:51 +0800] "POST /xingrg/all/common/load_tree.html?tree=area_station_tree_json&manage=1 HTTP/1.1" 200 3240
116.230.76.31 - - [07/May/2021:09:39:51 +0800] "GET /xingrg/kc/print/load_data.html?order_code=212021050702840&kc_code=cgsh&condition= HTTP/1.1" 200 693
116.224.253.72 - - [07/May/2021:09:39:52 +0800] "GET /xingrg/all/function/internal_message.html?_=1620351584132&CODE_STATE=getMsg HTTP/1.1" 200 27
116.233.74.89 - - [07/May/2021:09:39:53 +0800] "GET /xingrg/kc/buy/cgsh_order_add.html HTTP/1.1" 200 62398
180.169.147.146 - - [07/May/2021:09:39:53 +0800] "POST /xingrg/dwr/call/plaincall/AjaxReportQueryService.getFixDate.dwr HTTP/1.1" 200 111
116.233.74.89 - - [07/May/2021:09:39:53 +0800] "POST /xingrg/kc/buy/cgsh_order_operate.html HTTP/1.1" 200 8245
116.233.74.89 - - [07/May/2021:09:39:53 +0800] "GET /xingrg/all/common/auto_word.html?type=employee&rest_code=00109 HTTP/1.1" 200 205
116.233.74.89 - - [07/May/2021:09:39:53 +0800] "GET /xingrg/all/common/auto_word.html?type=employee&rest_code=00109 HTTP/1.1" 200 205
116.233.74.89 - - [07/May/2021:09:39:53 +0800] "GET /xingrg/javascript/easyui/themes/default/validatebox.css HTTP/1.1" 404 1104
180.161.124.236 - - [07/May/2021:09:39:53 +0800] "GET /xingrg/all/function/internal_message.html?_=1620351875535&CODE_STATE=getMsg HTTP/1.1" 200 27
180.169.147.146 - - [07/May/2021:09:39:53 +0800] "GET /xingrg/all/function/internal_message.html?_=1620351589557&CODE_STATE=getMsg HTTP/1.1" 200 27
180.169.147.146 - - [07/May/2021:09:39:54 +0800] "GET /xingrg/all/function/internal_message.html?_=1620351585558&CODE_STATE=getMsg HTTP/1.1" 200 27
116.230.76.31 - - [07/May/2021:09:39:55 +0800] "GET /xingrg/kc/buy/cgsh_order_add.html HTTP/1.1" 200 62445
116.230.76.31 - - [07/May/2021:09:39:56 +0800] "GET /xingrg/javascript/easyui/themes/default/validatebox.css HTTP/1.1" 404 1104
116.230.76.31 - - [07/May/2021:09:39:56 +0800] "POST /xingrg/kc/buy/cgsh_order_operate.html HTTP/1.1" 200 8245
180.169.147.146 - - [07/May/2021:09:39:56 +0800] "POST /xingrg/dwr/call/plaincall/AjaxReportQueryService.refreshCache.dwr HTTP/1.1" 200 78
116.230.76.31 - - [07/May/2021:09:39:56 +0800] "GET /xingrg/javascript/easyui/themes/default/tree.css HTTP/1.1" 404 1090
116.230.76.31 - - [07/May/2021:09:39:57 +0800] "POST /xingrg/all/common/load_tree.html?tree=supplier_tree_json&isDelete=1 HTTP/1.1" 200 55318
180.169.147.146 - - [07/May/2021:09:39:57 +0800] "POST /xingrg/all/report/load_report_page.html HTTP/1.1" 200 41815
180.169.147.146 - - [07/May/2021:09:39:57 +0800] "GET /xingrg/servlets/image?cache=0.4865327899347468&image=px HTTP/1.1" 200 807
180.169.147.146 - - [07/May/2021:09:39:57 +0800] "GET /xingrg/all/function/internal_message.html?_=1620351593986&CODE_STATE=getMsg HTTP/1.1" 200 27
117.184.7.26 - - [07/May/2021:09:40:00 +0800] "GET /xingrg/all/function/internal_message.html?_=1620351587821&CODE_STATE=getMsg HTTP/1.1" 200 27
180.169.147.146 - - [07/May/2021:09:40:02 +0800] "GET /xingrg/all/function/internal_message.html?_=1620351598823&CODE_STATE=getMsg HTTP/1.1" 200 27
58.40.7.146 - - [07/May/2021:09:40:06 +0800] "GET /xingrg/all/function/internal_message.html?_=1620351603209&CODE_STATE=getMsg HTTP/1.1" 200 27
116.230.114.112 - - [07/May/2021:09:40:07 +0800] "GET /xingrg/all/function/internal_message.html?_=1620351621292&CODE_STATE=getMsg HTTP/1.1" 200 27
222.69.128.148 - - [07/May/2021:09:40:07 +0800] "GET /xingrg/all/function/internal_message.html?_=1620351603355&CODE_STATE=getMsg HTTP/1.1" 200 27
117.185.32.26 - - [07/May/2021:09:40:14 +0800] "GET /xingrg/all/function/internal_message.html?_=1620351607684&CODE_STATE=getMsg HTTP/1.1" 302 -
116.224.253.72 - - [07/May/2021:09:40:15 +0800] "GET /xingrg/all/function/internal_message.html?_=1620351612564&CODE_STATE=getMsg HTTP/1.1" 200 27
61.165.42.208 - - [07/May/2021:09:40:22 +0800] "GET /xingrg/all/function/internal_message.html?_=1620351618707&CODE_STATE=getMsg HTTP/1.1" 200 27
116.230.76.31 - - [07/May/2021:09:40:27 +0800] "GET /xingrg/kc/buy/cgsh_order_operate.html?command=get_materiel&rest_code=00107&code=00101006164&supplier_code=00100326&order_time=2021-05-07 HTTP/1.1" 200 415
116.230.76.31 - - [07/May/2021:09:40:28 +0800] "GET /xingrg/all/function/internal_message.html?_=1620351619198&CODE_STATE=getMsg HTTP/1.1" 200 27
116.230.76.31 - - [07/May/2021:09:40:36 +0800] "POST /xingrg/kc/buy/cgsh_order_operate.html HTTP/1.1" 200 37
116.230.76.31 - - [07/May/2021:09:40:38 +0800] "POST /xingrg/kc/buy/cgsh_order_operate.html HTTP/1.1" 200 2660
120.253.135.82 - - [07/May/2021:09:40:39 +0800] "GET /xingrg/all/function/internal_message.html?_=1620351642462&CODE_STATE=getMsg HTTP/1.1" 200 27
116.230.76.31 - - [07/May/2021:09:40:39 +0800] "GET /xingrg/kc/print/load_data.html?order_code=212021050702841&kc_code=cgsh&condition= HTTP/1.1" 200 679
116.230.76.31 - - [07/May/2021:09:40:44 +0800] "GET /xingrg/kc/buy/cgsh_order_add.html HTTP/1.1" 200 62445
116.230.76.31 - - [07/May/2021:09:40:45 +0800] "GET /xingrg/javascript/easyui/themes/default/validatebox.css HTTP/1.1" 404 1104
116.230.76.31 - - [07/May/2021:09:40:45 +0800] "POST /xingrg/kc/buy/cgsh_order_operate.html HTTP/1.1" 200 8245
180.169.147.146 - - [07/May/2021:09:40:45 +0800] "GET /xingrg/all/function/internal_message.html?_=1620351650577&CODE_STATE=getMsg HTTP/1.1" 200 27
120.253.135.82 - - [07/May/2021:09:40:46 +0800] "GET /xingrg/check_reg.html?_=1620351423578 HTTP/1.1" 200 22
116.230.76.31 - - [07/May/2021:09:40:46 +0800] "GET /xingrg/javascript/easyui/themes/default/tree.css HTTP/1.1" 404 1090
120.204.17.68 - - [07/May/2021:09:40:46 +0800] "GET /xingrg/all/function/internal_message.html?_=1620351547537&CODE_STATE=getMsg HTTP/1.1" 302 -
116.230.76.31 - - [07/May/2021:09:40:46 +0800] "POST /xingrg/all/common/load_tree.html?tree=supplier_tree_json&isDelete=1 HTTP/1.1" 200 55318
116.233.74.89 - - [07/May/2021:09:40:50 +0800] "GET /xingrg/all/function/internal_message.html?_=1620351649303&CODE_STATE=getMsg HTTP/1.1" 200 27
120.204.17.68 - - [07/May/2021:09:40:50 +0800] "GET /xingrg/login.html HTTP/1.1" 200 7641
180.161.124.236 - - [07/May/2021:09:40:52 +0800] "GET /xingrg/all/function/internal_message.html?_=1620351935548&CODE_STATE=getMsg HTTP/1.1" 200 27
116.224.253.72 - - [07/May/2021:09:40:52 +0800] "GET /xingrg/all/function/internal_message.html?_=1620351644150&CODE_STATE=getMsg HTTP/1.1" 200 27
180.169.147.146 - - [07/May/2021:09:40:53 +0800] "GET /xingrg/all/function/internal_message.html?_=1620351649546&CODE_STATE=getMsg HTTP/1.1" 200 27
180.169.147.146 - - [07/May/2021:09:40:54 +0800] "GET /xingrg/all/function/internal_message.html?_=1620351645539&CODE_STATE=getMsg HTTP/1.1" 200 27
180.169.147.146 - - [07/May/2021:09:40:57 +0800] "GET /xingrg/all/function/internal_message.html?_=1620351653989&CODE_STATE=getMsg HTTP/1.1" 200 27
117.184.7.26 - - [07/May/2021:09:41:00 +0800] "GET /xingrg/all/function/internal_message.html?_=1620351647804&CODE_STATE=getMsg HTTP/1.1" 200 27
180.169.147.146 - - [07/May/2021:09:41:02 +0800] "GET /xingrg/all/function/internal_message.html?_=1620351658810&CODE_STATE=getMsg HTTP/1.1" 200 27
58.40.7.146 - - [07/May/2021:09:41:06 +0800] "GET /xingrg/all/function/internal_message.html?_=1620351663196&CODE_STATE=getMsg HTTP/1.1" 200 27
116.230.76.31 - - [07/May/2021:09:41:06 +0800] "GET /xingrg/kc/buy/cgsh_order_operate.html?command=get_materiel&rest_code=00107&code=00101004067&supplier_code=00100312&order_time=2021-05-07 HTTP/1.1" 200 435
116.230.114.112 - - [07/May/2021:09:41:07 +0800] "GET /xingrg/all/function/internal_message.html?_=1620351681301&CODE_STATE=getMsg HTTP/1.1" 200 27
222.69.128.148 - - [07/May/2021:09:41:07 +0800] "GET /xingrg/all/function/internal_message.html?_=1620351663368&CODE_STATE=getMsg HTTP/1.1" 200 27
117.185.32.26 - - [07/May/2021:09:41:14 +0800] "GET /xingrg/all/function/internal_message.html?_=1620351667490&CODE_STATE=getMsg HTTP/1.1" 302 -
116.224.253.72 - - [07/May/2021:09:41:15 +0800] "GET /xingrg/all/function/internal_message.html?_=1620351672566&CODE_STATE=getMsg HTTP/1.1" 200 27
61.165.42.208 - - [07/May/2021:09:41:22 +0800] "GET /xingrg/all/function/internal_message.html?_=1620351678712&CODE_STATE=getMsg HTTP/1.1" 200 27
61.165.42.208 - - [07/May/2021:09:41:22 +0800] "GET /xingrg/check_reg.html?_=1620351679604 HTTP/1.1" 200 22
116.230.76.31 - - [07/May/2021:09:41:24 +0800] "GET /xingrg/kc/buy/cgsh_order_operate.html?command=get_materiel&rest_code=00107&code=00101004027&supplier_code=00100312&order_time=2021-05-07 HTTP/1.1" 200 409
116.230.76.31 - - [07/May/2021:09:41:28 +0800] "GET /xingrg/all/function/internal_message.html?_=1620351679181&CODE_STATE=getMsg HTTP/1.1" 200 27
117.185.32.26 - - [07/May/2021:09:41:34 +0800] "GET /xingrg/check_reg.html?_=1620351687953 HTTP/1.1" 302 -
116.230.76.31 - - [07/May/2021:09:41:36 +0800] "GET /xingrg/kc/buy/cgsh_order_operate.html?command=get_materiel&rest_code=00107&code=00101001029&supplier_code=00100312&order_time=2021-05-07 HTTP/1.1" 200 413
120.253.135.82 - - [07/May/2021:09:41:39 +0800] "GET /xingrg/all/function/internal_message.html?_=1620351702486&CODE_STATE=getMsg HTTP/1.1" 200 27
180.169.147.146 - - [07/May/2021:09:41:45 +0800] "GET /xingrg/all/function/internal_message.html?_=1620351710575&CODE_STATE=getMsg HTTP/1.1" 200 27
116.230.76.31 - - [07/May/2021:09:41:47 +0800] "GET /xingrg/kc/buy/cgsh_order_operate.html?command=get_materiel&rest_code=00107&code=00101001138&supplier_code=00100312&order_time=2021-05-07 HTTP/1.1" 200 435
116.233.74.89 - - [07/May/2021:09:41:50 +0800] "GET /xingrg/all/function/internal_message.html?_=1620351709308&CODE_STATE=getMsg HTTP/1.1" 200 27
180.161.124.236 - - [07/May/2021:09:41:52 +0800] "GET /xingrg/check_reg.html?_=1620351994756 HTTP/1.1" 200 22
116.224.253.72 - - [07/May/2021:09:41:52 +0800] "GET /xingrg/all/function/internal_message.html?_=1620351704160&CODE_STATE=getMsg HTTP/1.1" 200 27
180.161.124.236 - - [07/May/2021:09:41:53 +0800] "GET /xingrg/all/function/internal_message.html?_=1620351995570&CODE_STATE=getMsg HTTP/1.1" 200 27
180.169.147.146 - - [07/May/2021:09:41:53 +0800] "GET /xingrg/all/function/internal_message.html?_=1620351709559&CODE_STATE=getMsg HTTP/1.1" 200 27
180.169.147.146 - - [07/May/2021:09:41:54 +0800] "GET /xingrg/all/function/internal_message.html?_=1620351705513&CODE_STATE=getMsg HTTP/1.1" 200 27
180.169.147.146 - - [07/May/2021:09:41:57 +0800] "GET /xingrg/all/function/internal_message.html?_=1620351713989&CODE_STATE=getMsg HTTP/1.1" 200 27
180.169.147.146 - - [07/May/2021:09:41:57 +0800] "GET /xingrg/check_reg.html?_=1620351713991 HTTP/1.1" 200 22
117.184.7.26 - - [07/May/2021:09:42:00 +0800] "GET /xingrg/all/function/internal_message.html?_=1620351707774&CODE_STATE=getMsg HTTP/1.1" 200 27
117.184.7.26 - - [07/May/2021:09:42:01 +0800] "GET /xingrg/check_reg.html?_=1620351708150 HTTP/1.1" 200 22
180.169.147.146 - - [07/May/2021:09:42:02 +0800] "GET /xingrg/all/function/internal_message.html?_=1620351718823&CODE_STATE=getMsg HTTP/1.1" 200 27
116.230.76.31 - - [07/May/2021:09:42:06 +0800] "POST /xingrg/kc/buy/cgsh_order_operate.html HTTP/1.1" 200 37
58.40.7.146 - - [07/May/2021:09:42:06 +0800] "GET /xingrg/all/function/internal_message.html?_=1620351723199&CODE_STATE=getMsg HTTP/1.1" 200 27
116.230.114.112 - - [07/May/2021:09:42:07 +0800] "GET /xingrg/all/function/internal_message.html?_=1620351741528&CODE_STATE=getMsg HTTP/1.1" 200 27
116.230.76.31 - - [07/May/2021:09:42:07 +0800] "POST /xingrg/kc/buy/cgsh_order_operate.html HTTP/1.1" 200 4441
222.69.128.148 - - [07/May/2021:09:42:07 +0800] "GET /xingrg/all/function/internal_message.html?_=1620351723367&CODE_STATE=getMsg HTTP/1.1" 200 27
116.230.76.31 - - [07/May/2021:09:42:08 +0800] "GET /xingrg/kc/print/load_data.html?order_code=212021050702842&kc_code=cgsh&condition= HTTP/1.1" 200 1359
116.230.76.31 - - [07/May/2021:09:42:12 +0800] "GET /xingrg/kc/buy/cgsh_order_add.html HTTP/1.1" 200 62445
116.230.76.31 - - [07/May/2021:09:42:13 +0800] "POST /xingrg/kc/buy/cgsh_order_operate.html HTTP/1.1" 200 8245
116.230.76.31 - - [07/May/2021:09:42:13 +0800] "GET /xingrg/javascript/easyui/themes/default/validatebox.css HTTP/1.1" 404 1104
117.185.32.26 - - [07/May/2021:09:42:14 +0800] "GET /xingrg/all/function/internal_message.html?_=1620351727647&CODE_STATE=getMsg HTTP/1.1" 302 -
116.224.253.72 - - [07/May/2021:09:42:15 +0800] "GET /xingrg/check_reg.html?_=1620351732567 HTTP/1.1" 200 22
116.224.253.72 - - [07/May/2021:09:42:15 +0800] "GET /xingrg/all/function/internal_message.html?_=1620351732571&CODE_STATE=getMsg HTTP/1.1" 200 27
116.224.253.72 - - [07/May/2021:09:42:21 +0800] "GET /xingrg/kc/buy/cgsh_order_list.html HTTP/1.1" 200 46623
61.165.42.208 - - [07/May/2021:09:42:22 +0800] "GET /xingrg/all/function/internal_message.html?_=1620351738689&CODE_STATE=getMsg HTTP/1.1" 200 27
116.224.253.72 - - [07/May/2021:09:42:23 +0800] "POST /xingrg/kc/buy/cgsh_list_operate.html HTTP/1.1" 200 2085
116.230.76.31 - - [07/May/2021:09:42:28 +0800] "GET /xingrg/all/function/internal_message.html?_=1620351739162&CODE_STATE=getMsg HTTP/1.1" 200 27
116.230.76.31 - - [07/May/2021:09:42:28 +0800] "GET /xingrg/check_reg.html?_=1620351739225 HTTP/1.1" 200 22
116.224.253.72 - - [07/May/2021:09:42:33 +0800] "POST /xingrg/kc/buy/cgsh_list_operate.html HTTP/1.1" 200 273
222.69.128.148 - - [07/May/2021:09:42:34 +0800] "POST /xingrg/dwr/call/plaincall/AjaxReportQueryService.refreshCache.dwr HTTP/1.1" 200 78
116.224.253.72 - - [07/May/2021:09:42:34 +0800] "GET /xingrg/kc/buy/cgsh_order_info.html?code=212021050702828 HTTP/1.1" 200 62020
116.224.253.72 - - [07/May/2021:09:42:34 +0800] "GET /xingrg/javascript/easyui/themes/default/validatebox.css HTTP/1.1" 404 1104
116.224.253.72 - - [07/May/2021:09:42:35 +0800] "POST /xingrg/kc/buy/cgsh_order_operate.html HTTP/1.1" 200 3262
222.69.128.148 - - [07/May/2021:09:42:35 +0800] "POST /xingrg/all/report/load_report_page.html HTTP/1.1" 200 56883
222.69.128.148 - - [07/May/2021:09:42:35 +0800] "GET /xingrg/servlets/image?cache=0.40413969584330744&image=px HTTP/1.1" 200 807
222.69.128.148 - - [07/May/2021:09:42:38 +0800] "POST /xingrg/all/report/report_print.html HTTP/1.1" 302 -
222.69.128.148 - - [07/May/2021:09:42:38 +0800] "GET /xingrg/servlets/html?sysBaseUrl=http%3A%2F%2F180.169.147.146%3A18081%2Fxingrg%2F&costTime=170×tamp=1620351758434 HTTP/1.1" 200 55380
222.69.128.148 - - [07/May/2021:09:42:38 +0800] "GET /xingrg/servlets/image?image=px HTTP/1.1" 200 807
222.69.128.148 - - [07/May/2021:09:42:38 +0800] "GET /favicon.ico HTTP/1.1" 404 -
120.253.135.82 - - [07/May/2021:09:42:39 +0800] "GET /xingrg/all/function/internal_message.html?_=1620351762490&CODE_STATE=getMsg HTTP/1.1" 200 27
116.230.76.31 - - [07/May/2021:09:42:39 +0800] "GET /xingrg/javascript/easyui/themes/default/tree.css HTTP/1.1" 404 1090
116.230.76.31 - - [07/May/2021:09:42:39 +0800] "POST /xingrg/all/common/load_tree.html?tree=supplier_tree_json&isDelete=1 HTTP/1.1" 200 55318
180.169.147.146 - - [07/May/2021:09:42:45 +0800] "GET /xingrg/all/function/internal_message.html?_=1620351770574&CODE_STATE=getMsg HTTP/1.1" 200 27
116.224.253.72 - - [07/May/2021:09:42:45 +0800] "POST /xingrg/kc/buy/cgsh_order_operate.html HTTP/1.1" 200 37
116.224.253.72 - - [07/May/2021:09:42:48 +0800] "POST /xingrg/kc/buy/cgsh_order_operate.html HTTP/1.1" 200 12
116.224.253.72 - - [07/May/2021:09:42:48 +0800] "GET /xingrg/kc/buy/cgsh_order_info.html?code=212021050702828 HTTP/1.1" 200 56913
116.224.253.72 - - [07/May/2021:09:42:49 +0800] "GET /xingrg/javascript/easyui/themes/default/validatebox.css HTTP/1.1" 404 1104
116.224.253.72 - - [07/May/2021:09:42:49 +0800] "POST /xingrg/kc/buy/cgsh_order_operate.html HTTP/1.1" 200 1212
116.233.74.89 - - [07/May/2021:09:42:50 +0800] "GET /xingrg/all/function/internal_message.html?_=1620351769311&CODE_STATE=getMsg HTTP/1.1" 200 27
116.224.253.72 - - [07/May/2021:09:42:50 +0800] "GET /xingrg/kc/print/load_data.html?order_code=212021050702828&kc_code=cgsh&condition= HTTP/1.1" 200 952
116.224.253.72 - - [07/May/2021:09:42:52 +0800] "GET /xingrg/check_reg.html?_=1620351763866 HTTP/1.1" 200 22
116.224.253.72 - - [07/May/2021:09:42:52 +0800] "GET /xingrg/all/function/internal_message.html?_=1620351764173&CODE_STATE=getMsg HTTP/1.1" 200 27
180.161.124.236 - - [07/May/2021:09:42:53 +0800] "GET /xingrg/all/function/internal_message.html?_=1620352055576&CODE_STATE=getMsg HTTP/1.1" 200 27
180.169.147.146 - - [07/May/2021:09:42:53 +0800] "GET /xingrg/check_reg.html?_=1620351769543 HTTP/1.1" 200 22
180.169.147.146 - - [07/May/2021:09:42:53 +0800] "GET /xingrg/all/function/internal_message.html?_=1620351769548&CODE_STATE=getMsg HTTP/1.1" 200 27
180.169.147.146 - - [07/May/2021:09:42:53 +0800] "GET /xingrg/all/function/internal_message.html?_=1620351765482&CODE_STATE=getMsg HTTP/1.1" 200 27
180.169.147.146 - - [07/May/2021:09:42:57 +0800] "GET /xingrg/all/function/internal_message.html?_=1620351773991&CODE_STATE=getMsg HTTP/1.1" 200 27
117.184.7.26 - - [07/May/2021:09:43:00 +0800] "GET /xingrg/all/function/internal_message.html?_=1620351767746&CODE_STATE=getMsg HTTP/1.1" 200 27
116.230.114.112 - - [07/May/2021:09:43:02 +0800] "GET /xingrg/check_reg.html?_=1620351796352 HTTP/1.1" 200 22
180.169.147.146 - - [07/May/2021:09:43:02 +0800] "GET /xingrg/all/function/internal_message.html?_=1620351778824&CODE_STATE=getMsg HTTP/1.1" 200 27
116.224.253.72 - - [07/May/2021:09:43:04 +0800] "POST /xingrg/all/user/operate.html HTTP/1.1" 200 36
116.224.253.72 - - [07/May/2021:09:43:05 +0800] "GET /xingrg/index.html?sysBaseUrl=http%3A%2F%2F180.169.147.146%3A18081%2Fxingrg%2F&costTime=44×tamp=1620098786122 HTTP/1.1" 200 17179
116.224.253.72 - - [07/May/2021:09:43:05 +0800] "GET /xingrg/javascript/jquery_easy_ui/themes/default/easyui.css HTTP/1.1" 304 -
116.224.253.72 - - [07/May/2021:09:43:05 +0800] "GET /xingrg/javascript/jquery_easy_ui/themes/icon.css HTTP/1.1" 304 -
116.224.253.72 - - [07/May/2021:09:43:05 +0800] "GET /xingrg/css/form.css HTTP/1.1" 304 -
116.224.253.72 - - [07/May/2021:09:43:05 +0800] "GET /xingrg/javascript/jquery-1.4.2.min.js HTTP/1.1" 304 -
116.224.253.72 - - [07/May/2021:09:43:05 +0800] "GET /xingrg/javascript/jquery_easy_ui/jquery.easyui.min.js HTTP/1.1" 304 -
116.224.253.72 - - [07/May/2021:09:43:05 +0800] "GET /xingrg/javascript/jquery_easy_ui/easyui-lang-zh_CN.js HTTP/1.1" 304 -
116.224.253.72 - - [07/May/2021:09:43:05 +0800] "GET /xingrg/javascript/jquery.form.js HTTP/1.1" 304 -
116.224.253.72 - - [07/May/2021:09:43:05 +0800] "GET /xingrg/javascript/jquery.utils.js HTTP/1.1" 304 -
116.224.253.72 - - [07/May/2021:09:43:05 +0800] "GET /xingrg/javascript/jquery.timers.js HTTP/1.1" 304 -
116.224.253.72 - - [07/May/2021:09:43:05 +0800] "GET /xingrg/images/blue/jxLogo.png HTTP/1.1" 304 -
116.224.253.72 - - [07/May/2021:09:43:05 +0800] "GET /xingrg/javascript/jquery_easy_ui/themes/icons/settle_new.png HTTP/1.1" 304 -
116.224.253.72 - - [07/May/2021:09:43:05 +0800] "GET /xingrg/images/blue/navBackgound.jpg HTTP/1.1" 304 -
116.224.253.72 - - [07/May/2021:09:43:05 +0800] "POST /xingrg/all/common/load_tree.html?tree=area_rest_tree_json&manage=1 HTTP/1.1" 200 476
116.224.253.72 - - [07/May/2021:09:43:05 +0800] "GET /xingrg/all/function/internal_message.html?_=1620351782941&CODE_STATE=count HTTP/1.1" 200 11
116.224.253.72 - - [07/May/2021:09:43:05 +0800] "GET /xingrg/check_reg.html?_=1620351782942 HTTP/1.1" 200 22
116.224.253.72 - - [07/May/2021:09:43:05 +0800] "GET /xingrg/javascript/jquery_easy_ui/themes/default/images/panel_tool_collapse.gif HTTP/1.1" 304 -
116.224.253.72 - - [07/May/2021:09:43:05 +0800] "GET /xingrg/images/blue/pingpu.png HTTP/1.1" 304 -
116.224.253.72 - - [07/May/2021:09:43:05 +0800] "GET /xingrg/javascript/jquery_easy_ui/themes/default/images/tabs_leftarrow.png HTTP/1.1" 304 -
116.224.253.72 - - [07/May/2021:09:43:05 +0800] "GET /xingrg/javascript/jquery_easy_ui/themes/default/images/tabs_rightarrow.png HTTP/1.1" 304 -
116.224.253.72 - - [07/May/2021:09:43:05 +0800] "POST /xingrg/load_menu.html HTTP/1.1" 200 5138
58.40.7.146 - - [07/May/2021:09:43:06 +0800] "GET /xingrg/all/function/internal_message.html?_=1620351783201&CODE_STATE=getMsg HTTP/1.1" 200 27
116.230.114.112 - - [07/May/2021:09:43:07 +0800] "GET /xingrg/all/function/internal_message.html?_=1620351801530&CODE_STATE=getMsg HTTP/1.1" 200 27
116.224.253.72 - - [07/May/2021:09:43:07 +0800] "GET /xingrg/kc/buy/cgsh_order_list.html HTTP/1.1" 200 46625
222.69.128.148 - - [07/May/2021:09:43:07 +0800] "GET /xingrg/check_reg.html?_=1620351783384 HTTP/1.1" 200 22
222.69.128.148 - - [07/May/2021:09:43:07 +0800] "GET /xingrg/all/function/internal_message.html?_=1620351783381&CODE_STATE=getMsg HTTP/1.1" 200 27
116.224.253.72 - - [07/May/2021:09:43:09 +0800] "POST /xingrg/kc/buy/cgsh_list_operate.html HTTP/1.1" 200 1708
116.224.253.72 - - [07/May/2021:09:43:10 +0800] "POST /xingrg/kc/buy/cgsh_list_operate.html HTTP/1.1" 200 572
180.169.147.146 - - [07/May/2021:09:43:11 +0800] "GET /xingrg/check_reg.html?_=1620351782925 HTTP/1.1" 200 22
116.224.253.72 - - [07/May/2021:09:43:11 +0800] "GET /xingrg/kc/buy/cgsh_order_info.html?code=212021050702817 HTTP/1.1" 200 62302
116.224.253.72 - - [07/May/2021:09:43:12 +0800] "GET /xingrg/javascript/easyui/themes/default/validatebox.css HTTP/1.1" 404 1104
116.224.253.72 - - [07/May/2021:09:43:12 +0800] "POST /xingrg/kc/buy/cgsh_order_operate.html HTTP/1.1" 200 23343
116.230.76.31 - - [07/May/2021:09:43:13 +0800] "GET /xingrg/kc/buy/cgsh_order_operate.html?command=get_materiel&rest_code=00107&code=00101010108&supplier_code=00100336&order_time=2021-05-07 HTTP/1.1" 200 421
117.185.32.26 - - [07/May/2021:09:43:14 +0800] "GET /xingrg/all/function/internal_message.html?_=1620351787481&CODE_STATE=getMsg HTTP/1.1" 302 -
61.165.42.208 - - [07/May/2021:09:43:22 +0800] "GET /xingrg/all/function/internal_message.html?_=1620351798670&CODE_STATE=getMsg HTTP/1.1" 200 27
116.230.76.31 - - [07/May/2021:09:43:23 +0800] "POST /xingrg/kc/buy/cgsh_order_operate.html HTTP/1.1" 200 37
116.230.76.31 - - [07/May/2021:09:43:25 +0800] "POST /xingrg/kc/buy/cgsh_order_operate.html HTTP/1.1" 200 2665
116.230.76.31 - - [07/May/2021:09:43:28 +0800] "GET /xingrg/kc/print/load_data.html?order_code=212021050702843&kc_code=cgsh&condition= HTTP/1.1" 200 678
116.230.76.31 - - [07/May/2021:09:43:29 +0800] "GET /xingrg/all/function/internal_message.html?_=1620351799977&CODE_STATE=getMsg HTTP/1.1" 200 27
116.230.76.31 - - [07/May/2021:09:43:35 +0800] "GET /xingrg/kc/buy/cgsh_order_add.html HTTP/1.1" 200 62445
172.20.0.100 - - [07/May/2021:09:43:36 +0800] "GET /xingrg/check_reg.html?_=1620351813602 HTTP/1.1" 302 -
116.230.76.31 - - [07/May/2021:09:43:38 +0800] "GET /xingrg/javascript/easyui/themes/default/validatebox.css HTTP/1.1" 404 1104
116.230.76.31 - - [07/May/2021:09:43:38 +0800] "POST /xingrg/kc/buy/cgsh_order_operate.html HTTP/1.1" 200 8245
120.253.135.82 - - [07/May/2021:09:43:39 +0800] "GET /xingrg/all/function/internal_message.html?_=1620351822514&CODE_STATE=getMsg HTTP/1.1" 200 27
116.230.76.31 - - [07/May/2021:09:43:39 +0800] "GET /xingrg/javascript/easyui/themes/default/tree.css HTTP/1.1" 404 1090
116.230.76.31 - - [07/May/2021:09:43:40 +0800] "POST /xingrg/all/common/load_tree.html?tree=supplier_tree_json&isDelete=1 HTTP/1.1" 200 55318
180.169.147.146 - - [07/May/2021:09:43:45 +0800] "GET /xingrg/all/function/internal_message.html?_=1620351830581&CODE_STATE=getMsg HTTP/1.1" 200 27
116.224.253.72 - - [07/May/2021:09:43:52 +0800] "GET /xingrg/all/function/internal_message.html?_=1620351824186&CODE_STATE=getMsg HTTP/1.1" 200 27
180.161.124.236 - - [07/May/2021:09:43:53 +0800] "GET /xingrg/all/function/internal_message.html?_=1620352115598&CODE_STATE=getMsg HTTP/1.1" 200 27
180.169.147.146 - - [07/May/2021:09:43:53 +0800] "GET /xingrg/all/function/internal_message.html?_=1620351829545&CODE_STATE=getMsg HTTP/1.1" 200 27
180.169.147.146 - - [07/May/2021:09:43:54 +0800] "GET /xingrg/all/function/internal_message.html?_=1620351825479&CODE_STATE=getMsg HTTP/1.1" 200 27
180.169.147.146 - - [07/May/2021:09:43:57 +0800] "GET /xingrg/all/function/internal_message.html?_=1620351833979&CODE_STATE=getMsg HTTP/1.1" 200 27
117.184.7.26 - - [07/May/2021:09:44:00 +0800] "GET /xingrg/all/function/internal_message.html?_=1620351827731&CODE_STATE=getMsg HTTP/1.1" 200 27
180.169.147.146 - - [07/May/2021:09:44:02 +0800] "GET /xingrg/all/function/internal_message.html?_=1620351838816&CODE_STATE=getMsg HTTP/1.1" 200 27
180.169.147.146 - - [07/May/2021:09:44:02 +0800] "GET /xingrg/check_reg.html?_=1620351838812 HTTP/1.1" 200 22
116.224.253.72 - - [07/May/2021:09:44:05 +0800] "GET /xingrg/all/function/internal_message.html?_=1620351842948&CODE_STATE=getMsg HTTP/1.1" 200 27
58.40.7.146 - - [07/May/2021:09:44:06 +0800] "GET /xingrg/all/function/internal_message.html?_=1620351843205&CODE_STATE=getMsg HTTP/1.1" 200 27
58.40.7.146 - - [07/May/2021:09:44:06 +0800] "GET /xingrg/check_reg.html?_=1620351843207 HTTP/1.1" 200 22
116.230.114.112 - - [07/May/2021:09:44:07 +0800] "GET /xingrg/all/function/internal_message.html?_=1620351861544&CODE_STATE=getMsg HTTP/1.1" 200 27
222.69.128.148 - - [07/May/2021:09:44:07 +0800] "GET /xingrg/all/function/internal_message.html?_=1620351843372&CODE_STATE=getMsg HTTP/1.1" 200 27
116.230.76.31 - - [07/May/2021:09:44:12 +0800] "GET /xingrg/kc/buy/cgsh_order_operate.html?command=get_materiel&rest_code=00107&code=00101008061&supplier_code=00100339&order_time=2021-05-07 HTTP/1.1" 200 423
117.185.32.26 - - [07/May/2021:09:44:14 +0800] "GET /xingrg/all/function/internal_message.html?_=1620351847328&CODE_STATE=getMsg HTTP/1.1" 302 -
120.253.135.82 - - [07/May/2021:09:44:19 +0800] "GET /xingrg/check_reg.html?_=1620351862363 HTTP/1.1" 200 22
61.165.42.208 - - [07/May/2021:09:44:22 +0800] "GET /xingrg/all/function/internal_message.html?_=1620351858646&CODE_STATE=getMsg HTTP/1.1" 200 27
116.230.76.31 - - [07/May/2021:09:44:26 +0800] "POST /xingrg/kc/buy/cgsh_order_operate.html HTTP/1.1" 200 37
116.230.76.31 - - [07/May/2021:09:44:28 +0800] "POST /xingrg/kc/buy/cgsh_order_operate.html HTTP/1.1" 200 2666
116.230.76.31 - - [07/May/2021:09:44:30 +0800] "GET /xingrg/all/function/internal_message.html?_=1620351860056&CODE_STATE=getMsg HTTP/1.1" 200 27
180.169.147.146 - - [07/May/2021:09:44:30 +0800] "GET /xingrg/kc/base/check_order_list.html HTTP/1.1" 200 16732
180.169.147.146 - - [07/May/2021:09:44:30 +0800] "POST /xingrg/kc/base/check_list_operate.html HTTP/1.1" 200 4790
116.230.76.31 - - [07/May/2021:09:44:34 +0800] "GET /xingrg/kc/print/load_data.html?order_code=212021050702844&kc_code=cgsh&condition= HTTP/1.1" 200 676
180.169.147.146 - - [07/May/2021:09:44:35 +0800] "POST /xingrg/kc/base/check_list_operate.html HTTP/1.1" 200 2093
180.169.147.146 - - [07/May/2021:09:44:38 +0800] "GET /xingrg/kc/base/check_order_info.html?code=452021043000352 HTTP/1.1" 200 26366
180.169.147.146 - - [07/May/2021:09:44:38 +0800] "GET /xingrg/dwr/interface/AjaxComOrderService.js HTTP/1.1" 200 18264
180.169.147.146 - - [07/May/2021:09:44:38 +0800] "GET /xingrg/dwr/interface/AjaxCheckService.js HTTP/1.1" 200 14003
180.169.147.146 - - [07/May/2021:09:44:38 +0800] "GET /xingrg/dwr/engine.js HTTP/1.1" 200 43631
180.169.147.146 - - [07/May/2021:09:44:39 +0800] "POST /xingrg/dwr/call/plaincall/AjaxCheckService.loadOrderItems.dwr HTTP/1.1" 200 44072
120.253.135.82 - - [07/May/2021:09:44:39 +0800] "GET /xingrg/all/function/internal_message.html?_=1620351882531&CODE_STATE=getMsg HTTP/1.1" 200 27
116.230.76.31 - - [07/May/2021:09:44:41 +0800] "GET /xingrg/kc/buy/cgsh_order_add.html HTTP/1.1" 200 62445
116.230.76.31 - - [07/May/2021:09:44:45 +0800] "GET /xingrg/javascript/easyui/themes/default/validatebox.css HTTP/1.1" 404 1104
116.230.76.31 - - [07/May/2021:09:44:45 +0800] "POST /xingrg/kc/buy/cgsh_order_operate.html HTTP/1.1" 200 8245
180.169.147.146 - - [07/May/2021:09:44:45 +0800] "GET /xingrg/check_reg.html?_=1620351890582 HTTP/1.1" 200 22
180.169.147.146 - - [07/May/2021:09:44:45 +0800] "GET /xingrg/all/function/internal_message.html?_=1620351890587&CODE_STATE=getMsg HTTP/1.1" 200 27
116.230.76.31 - - [07/May/2021:09:44:46 +0800] "GET /xingrg/javascript/easyui/themes/default/tree.css HTTP/1.1" 404 1090
116.230.76.31 - - [07/May/2021:09:44:46 +0800] "POST /xingrg/all/common/load_tree.html?tree=supplier_tree_json&isDelete=1 HTTP/1.1" 200 55318
116.224.253.72 - - [07/May/2021:09:44:52 +0800] "GET /xingrg/all/function/internal_message.html?_=1620351884201&CODE_STATE=getMsg HTTP/1.1" 200 27
180.161.124.236 - - [07/May/2021:09:44:52 +0800] "GET /xingrg/all/function/internal_message.html?_=1620352175787&CODE_STATE=getMsg HTTP/1.1" 200 27
180.169.147.146 - - [07/May/2021:09:44:53 +0800] "GET /xingrg/all/function/internal_message.html?_=1620351889563&CODE_STATE=getMsg HTTP/1.1" 200 27
180.169.147.146 - - [07/May/2021:09:44:53 +0800] "GET /xingrg/all/function/internal_message.html?_=1620351885450&CODE_STATE=getMsg HTTP/1.1" 200 27
180.169.147.146 - - [07/May/2021:09:44:56 +0800] "POST /xingrg/dwr/call/plaincall/AjaxCheckService.setItemNumber.dwr HTTP/1.1" 200 76
180.169.147.146 - - [07/May/2021:09:44:57 +0800] "GET /xingrg/all/function/internal_message.html?_=1620351893991&CODE_STATE=getMsg HTTP/1.1" 200 27
180.169.147.146 - - [07/May/2021:09:44:58 +0800] "POST /xingrg/dwr/call/plaincall/AjaxCheckService.setItemNumber.dwr HTTP/1.1" 200 76
58.221.95.50 - - [07/May/2021:09:45:00 +0800] "GET /xingrg/check_reg.html?_=1620351897593 HTTP/1.1" 302 -
180.169.147.146 - - [07/May/2021:09:45:00 +0800] "POST /xingrg/dwr/call/plaincall/AjaxCheckService.setItemNumber.dwr HTTP/1.1" 200 76
117.184.7.26 - - [07/May/2021:09:45:00 +0800] "GET /xingrg/all/function/internal_message.html?_=1620351887701&CODE_STATE=getMsg HTTP/1.1" 200 27
180.169.147.146 - - [07/May/2021:09:45:02 +0800] "POST /xingrg/dwr/call/plaincall/AjaxCheckService.setItemNumber.dwr HTTP/1.1" 200 76
180.169.147.146 - - [07/May/2021:09:45:02 +0800] "GET /xingrg/all/function/internal_message.html?_=1620351898814&CODE_STATE=getMsg HTTP/1.1" 200 27
180.169.147.146 - - [07/May/2021:09:45:03 +0800] "POST /xingrg/dwr/call/plaincall/AjaxCheckService.setItemNumber.dwr HTTP/1.1" 200 76
116.224.253.72 - - [07/May/2021:09:45:05 +0800] "GET /xingrg/all/function/internal_message.html?_=1620351902950&CODE_STATE=getMsg HTTP/1.1" 200 27
116.224.253.72 - - [07/May/2021:09:45:06 +0800] "POST /xingrg/kc/buy/cgsh_order_operate.html HTTP/1.1" 200 37
58.40.7.146 - - [07/May/2021:09:45:06 +0800] "GET /xingrg/all/function/internal_message.html?_=1620351903210&CODE_STATE=getMsg HTTP/1.1" 200 27
116.224.253.72 - - [07/May/2021:09:45:07 +0800] "POST /xingrg/kc/buy/cgsh_order_operate.html HTTP/1.1" 200 23343
116.230.76.31 - - [07/May/2021:09:45:07 +0800] "GET /xingrg/kc/buy/cgsh_order_operate.html?command=get_materiel&rest_code=00107&code=00101002038&supplier_code=00100087&order_time=2021-05-07 HTTP/1.1" 200 434
116.230.114.112 - - [07/May/2021:09:45:07 +0800] "GET /xingrg/all/function/internal_message.html?_=1620351921745&CODE_STATE=getMsg HTTP/1.1" 200 27
222.69.128.148 - - [07/May/2021:09:45:07 +0800] "GET /xingrg/all/function/internal_message.html?_=1620351903374&CODE_STATE=getMsg HTTP/1.1" 200 27
180.169.147.146 - - [07/May/2021:09:45:08 +0800] "POST /xingrg/dwr/call/plaincall/AjaxCheckService.setItemNumber.dwr HTTP/1.1" 200 76
116.224.253.72 - - [07/May/2021:09:45:09 +0800] "GET /xingrg/kc/report/report_main.html HTTP/1.1" 200 7345
116.224.253.72 - - [07/May/2021:09:45:11 +0800] "GET /xingrg/kc/base/crk_hz.html HTTP/1.1" 200 11247
116.224.253.72 - - [07/May/2021:09:45:11 +0800] "POST /xingrg/kc/cost/cost_operate.html?command=get_base_tree HTTP/1.1" 200 3303
116.224.253.72 - - [07/May/2021:09:45:11 +0800] "POST /xingrg/all/common/load_tree.html?tree=materiel_sort_tree_json HTTP/1.1" 200 8666
116.224.253.72 - - [07/May/2021:09:45:11 +0800] "GET /xingrg/javascript/jquery_easy_ui/themes/default/images/combo_arrow_dot.gif HTTP/1.1" 304 -
180.169.147.146 - - [07/May/2021:09:45:12 +0800] "POST /xingrg/dwr/call/plaincall/AjaxCheckService.setItemNumber.dwr HTTP/1.1" 200 76
117.185.32.26 - - [07/May/2021:09:45:13 +0800] "GET /xingrg/all/function/internal_message.html?_=1620351907349&CODE_STATE=getMsg HTTP/1.1" 302 -
180.169.147.146 - - [07/May/2021:09:45:15 +0800] "POST /xingrg/dwr/call/plaincall/AjaxCheckService.setItemNumber.dwr HTTP/1.1" 200 76
116.224.253.72 - - [07/May/2021:09:45:18 +0800] "GET /xingrg/kc/base/crk_hz.html?_=1620351916291&command=get_cost_id&end_date=2021-05-31&start_date=2021-05-01 HTTP/1.1" 200 51
116.224.253.72 - - [07/May/2021:09:45:18 +0800] "GET /xingrg/dwr/interface/AjaxReportQueryService.js HTTP/1.1" 200 13203
116.224.253.72 - - [07/May/2021:09:45:18 +0800] "GET /xingrg/all/report/report_query.html?isQuery=1&onlyBody=1&rh=99999&rw=1800&varString=start:20210501,cost_id:3101,mid:20210401&fileName=kc/base/crk_hz_type_by_base.xml&queryString=%20a.base_code%20in%20('0010451')%20&queryText=ÈÕÆÚ£º2021-05-01ÖÁ2021-05-31%20²Ö¿â£ºÔÁ²Ë&tableQueryString=materiel_table$sp1$$sp$before_table$sp1$$sp$crk_table$sp1$order_day%20between%2020210501%20and%2020210531 HTTP/1.1" 200 49399
116.224.253.72 - - [07/May/2021:09:45:19 +0800] "GET /xingrg/dwr/engine.js HTTP/1.1" 200 43631
116.224.253.72 - - [07/May/2021:09:45:20 +0800] "POST /xingrg/all/report/load_report_page.html HTTP/1.1" 200 94998
116.224.253.72 - - [07/May/2021:09:45:20 +0800] "GET /xingrg/servlets/image?cache=0.014007482449209241&image=px HTTP/1.1" 200 807
116.230.76.31 - - [07/May/2021:09:45:21 +0800] "POST /xingrg/kc/buy/cgsh_order_operate.html HTTP/1.1" 200 37
61.165.42.208 - - [07/May/2021:09:45:21 +0800] "GET /xingrg/all/function/internal_message.html?_=1620351918618&CODE_STATE=getMsg HTTP/1.1" 200 27
116.230.76.31 - - [07/May/2021:09:45:22 +0800] "POST /xingrg/kc/buy/cgsh_order_operate.html HTTP/1.1" 200 2662
