180.169.147.146 - - [07/May/2021:10:02:26 +0800] "GET /xingrg/all/function/internal_message.html?_=1620352943371&CODE_STATE=getMsg HTTP/1.1" 200 27
114.86.187.76 - - [07/May/2021:10:02:27 +0800] "POST /xingrg/kc/buy/cgsh_order_operate.html HTTP/1.1" 200 37
61.165.42.208 - - [07/May/2021:10:02:27 +0800] "POST /xingrg/kc/buy/cgsh_order_operate.html HTTP/1.1" 200 3841
61.165.42.208 - - [07/May/2021:10:02:27 +0800] "GET /xingrg/kc/print/load_data.html?order_code=212021050702876&kc_code=cgsh&condition= HTTP/1.1" 200 1111
114.86.187.76 - - [07/May/2021:10:02:27 +0800] "POST /xingrg/kc/buy/cgsh_order_operate.html HTTP/1.1" 200 2662
116.230.76.31 - - [07/May/2021:10:02:28 +0800] "GET /xingrg/check_reg.html?_=1620352939231 HTTP/1.1" 200 22
116.230.76.31 - - [07/May/2021:10:02:28 +0800] "GET /xingrg/kc/base/wldb_order_operate.html?command=get_materiel&rest_code=00107&base_code=0010151&code=00101019438 HTTP/1.1" 200 448
116.230.76.31 - - [07/May/2021:10:02:29 +0800] "GET /xingrg/all/function/internal_message.html?_=1620352939992&CODE_STATE=getMsg HTTP/1.1" 200 27
116.224.253.72 - - [07/May/2021:10:02:31 +0800] "GET /xingrg/all/function/internal_message.html?_=1620352948600&CODE_STATE=getMsg HTTP/1.1" 200 27
116.230.76.31 - - [07/May/2021:10:02:33 +0800] "POST /xingrg/kc/base/wldb_order_operate.html HTTP/1.1" 200 37
116.230.76.31 - - [07/May/2021:10:02:33 +0800] "POST /xingrg/kc/base/wldb_order_operate.html HTTP/1.1" 200 6164
114.86.187.76 - - [07/May/2021:10:02:34 +0800] "GET /xingrg/javascript/easyui/themes/default/images/button_plain_hover.png HTTP/1.1" 304 -
114.86.187.76 - - [07/May/2021:10:02:34 +0800] "GET /xingrg/javascript/easyui/themes/default/images/button_plain_hover.png HTTP/1.1" 304 -
116.230.76.31 - - [07/May/2021:10:02:34 +0800] "GET /xingrg/kc/base/wldb_order_info.html?code=422021050700774 HTTP/1.1" 200 30527
116.230.110.80 - - [07/May/2021:10:02:35 +0800] "GET /xingrg/all/function/internal_message.html?_=1620352949849&CODE_STATE=getMsg HTTP/1.1" 200 27
116.230.76.31 - - [07/May/2021:10:02:35 +0800] "GET /xingrg/javascript/easyui/themes/default/validatebox.css HTTP/1.1" 404 1104
116.230.76.31 - - [07/May/2021:10:02:36 +0800] "POST /xingrg/kc/base/wldb_order_operate.html HTTP/1.1" 200 6164
114.86.187.76 - - [07/May/2021:10:02:36 +0800] "GET /xingrg/kc/buy/cgsh_order_list.html HTTP/1.1" 200 46625
114.86.187.76 - - [07/May/2021:10:02:36 +0800] "GET /xingrg/css/base.css HTTP/1.1" 304 -
114.86.187.76 - - [07/May/2021:10:02:36 +0800] "GET /xingrg/javascript/jquery_tools/datebox.css HTTP/1.1" 304 -
114.86.187.76 - - [07/May/2021:10:02:36 +0800] "GET /xingrg/javascript/easyui/themes/default/easyui.css HTTP/1.1" 304 -
114.86.187.76 - - [07/May/2021:10:02:36 +0800] "GET /xingrg/javascript/auto/jquery.autocomplete.css HTTP/1.1" 304 -
114.86.187.76 - - [07/May/2021:10:02:36 +0800] "GET /xingrg/javascript/easyui/themes/icon.css HTTP/1.1" 304 -
114.86.187.76 - - [07/May/2021:10:02:36 +0800] "GET /xingrg/css/site.css HTTP/1.1" 304 -
114.86.187.76 - - [07/May/2021:10:02:36 +0800] "GET /xingrg/javascript/jquery_tools/fix.css HTTP/1.1" 304 -
114.86.187.76 - - [07/May/2021:10:02:36 +0800] "GET /xingrg/javascript/jquery_tools/table.css HTTP/1.1" 304 -
114.86.187.76 - - [07/May/2021:10:02:36 +0800] "GET /xingrg/javascript/jquery_tools/jquery.tools.min.js HTTP/1.1" 304 -
114.86.187.76 - - [07/May/2021:10:02:36 +0800] "GET /xingrg/javascript/jquery_tools/jquery.tools.extend.js HTTP/1.1" 304 -
114.86.187.76 - - [07/May/2021:10:02:36 +0800] "GET /xingrg/javascript/jquery_tools/jquery.tools.hotkey.js HTTP/1.1" 304 -
114.86.187.76 - - [07/May/2021:10:02:36 +0800] "GET /xingrg/javascript/auto/jquery.autocomplete.js HTTP/1.1" 304 -
114.86.187.76 - - [07/May/2021:10:02:36 +0800] "GET /xingrg/javascript/jquery_tools/jquery.tools.table.js HTTP/1.1" 304 -
114.86.187.76 - - [07/May/2021:10:02:36 +0800] "GET /xingrg/javascript/jquery_tools/list_manager.js HTTP/1.1" 304 -
114.86.187.76 - - [07/May/2021:10:02:36 +0800] "GET /xingrg/javascript/easyui/easyloader.js HTTP/1.1" 304 -
114.86.187.76 - - [07/May/2021:10:02:36 +0800] "GET /xingrg/javascript/jquery.utils.js HTTP/1.1" 304 -
114.86.187.76 - - [07/May/2021:10:02:36 +0800] "GET /xingrg/javascript/jquery.cookie.js HTTP/1.1" 304 -
114.86.187.76 - - [07/May/2021:10:02:36 +0800] "GET /xingrg/javascript/print/LodopFuncs.js HTTP/1.1" 304 -
114.86.187.76 - - [07/May/2021:10:02:36 +0800] "GET /xingrg/javascript/easyui/plugins/jquery.parser.js HTTP/1.1" 304 -
114.86.187.76 - - [07/May/2021:10:02:38 +0800] "POST /xingrg/kc/buy/cgsh_list_operate.html HTTP/1.1" 200 1677
114.86.187.76 - - [07/May/2021:10:02:38 +0800] "GET /xingrg/all/function/internal_message.html?_=1620352954843&CODE_STATE=getMsg HTTP/1.1" 200 27
120.253.135.82 - - [07/May/2021:10:02:39 +0800] "GET /xingrg/all/function/internal_message.html?_=1620352962839&CODE_STATE=getMsg HTTP/1.1" 200 27
114.86.187.76 - - [07/May/2021:10:02:42 +0800] "GET /xingrg/javascript/easyui/themes/default/images/button_plain_hover.png HTTP/1.1" 304 -
114.86.187.76 - - [07/May/2021:10:02:42 +0800] "GET /xingrg/javascript/easyui/themes/default/images/button_plain_hover.png HTTP/1.1" 304 -
114.86.187.76 - - [07/May/2021:10:02:42 +0800] "GET /xingrg/javascript/easyui/themes/default/images/button_plain_hover.png HTTP/1.1" 304 -
114.86.187.76 - - [07/May/2021:10:02:43 +0800] "GET /xingrg/css/base.css HTTP/1.1" 304 -
114.86.187.76 - - [07/May/2021:10:02:43 +0800] "GET /xingrg/css/site.css HTTP/1.1" 304 -
114.86.187.76 - - [07/May/2021:10:02:43 +0800] "GET /xingrg/javascript/jquery_tools/datebox.css HTTP/1.1" 304 -
114.86.187.76 - - [07/May/2021:10:02:43 +0800] "GET /xingrg/javascript/easyui/themes/icon.css HTTP/1.1" 304 -
114.86.187.76 - - [07/May/2021:10:02:43 +0800] "GET /xingrg/javascript/easyui/themes/default/easyui.css HTTP/1.1" 304 -
114.86.187.76 - - [07/May/2021:10:02:43 +0800] "GET /xingrg/javascript/auto/jquery.autocomplete.css HTTP/1.1" 304 -
114.86.187.76 - - [07/May/2021:10:02:43 +0800] "GET /xingrg/javascript/jquery_tools/table.css HTTP/1.1" 304 -
114.86.187.76 - - [07/May/2021:10:02:43 +0800] "GET /xingrg/javascript/jquery_tools/fix.css HTTP/1.1" 304 -
114.86.187.76 - - [07/May/2021:10:02:43 +0800] "GET /xingrg/kc/buy/cgsh_order_add.html HTTP/1.1" 200 62357
114.86.187.76 - - [07/May/2021:10:02:43 +0800] "GET /xingrg/javascript/jquery_tools/jquery.tools.table.js HTTP/1.1" 304 -
114.86.187.76 - - [07/May/2021:10:02:43 +0800] "GET /xingrg/javascript/jquery_tools/jquery.tools.hotkey.js HTTP/1.1" 304 -
114.86.187.76 - - [07/May/2021:10:02:43 +0800] "GET /xingrg/javascript/jquery_tools/jquery.tools.extend.js HTTP/1.1" 304 -
114.86.187.76 - - [07/May/2021:10:02:43 +0800] "GET /xingrg/javascript/auto/jquery.autocomplete.js HTTP/1.1" 304 -
114.86.187.76 - - [07/May/2021:10:02:43 +0800] "GET /xingrg/javascript/jquery.utils.js HTTP/1.1" 304 -
114.86.187.76 - - [07/May/2021:10:02:43 +0800] "GET /xingrg/javascript/json2.js HTTP/1.1" 304 -
114.86.187.76 - - [07/May/2021:10:02:43 +0800] "GET /xingrg/javascript/jquery.cookie.js HTTP/1.1" 304 -
114.86.187.76 - - [07/May/2021:10:02:43 +0800] "GET /xingrg/javascript/print/kc_print.js HTTP/1.1" 304 -
114.86.187.76 - - [07/May/2021:10:02:43 +0800] "GET /xingrg/javascript/print/LodopFuncs.js HTTP/1.1" 304 -
114.86.187.76 - - [07/May/2021:10:02:43 +0800] "GET /xingrg/javascript/convert.js HTTP/1.1" 304 -
114.86.187.76 - - [07/May/2021:10:02:43 +0800] "GET /xingrg/javascript/jquery_tools/order_manager.js HTTP/1.1" 304 -
114.86.187.76 - - [07/May/2021:10:02:43 +0800] "GET /xingrg/javascript/easyui/easyloader.js HTTP/1.1" 304 -
114.86.187.76 - - [07/May/2021:10:02:43 +0800] "GET /xingrg/javascript/pic_change.js HTTP/1.1" 304 -
114.86.187.76 - - [07/May/2021:10:02:43 +0800] "GET /xingrg/javascript/jquery_tools/jquery.tools.min.js HTTP/1.1" 304 -
114.86.187.76 - - [07/May/2021:10:02:43 +0800] "GET /xingrg/words/20210506180335_words.js HTTP/1.1" 304 -
114.86.187.76 - - [07/May/2021:10:02:43 +0800] "GET /xingrg/javascript/easyui/themes/icons/copy_new.png HTTP/1.1" 304 -
114.86.187.76 - - [07/May/2021:10:02:43 +0800] "GET /xingrg/javascript/easyui/themes/icons/template_new.png HTTP/1.1" 304 -
114.86.187.76 - - [07/May/2021:10:02:43 +0800] "GET /xingrg/javascript/easyui/themes/icons/ok.png HTTP/1.1" 304 -
114.86.187.76 - - [07/May/2021:10:02:43 +0800] "GET /xingrg/javascript/easyui/themes/icons/print.png HTTP/1.1" 304 -
114.86.187.76 - - [07/May/2021:10:02:43 +0800] "GET /xingrg/javascript/easyui/themes/default/images/menu_downarrow.png HTTP/1.1" 304 -
114.86.187.76 - - [07/May/2021:10:02:43 +0800] "GET /xingrg/javascript/easyui/themes/icons/cancel.png HTTP/1.1" 304 -
114.86.187.76 - - [07/May/2021:10:02:43 +0800] "GET /xingrg/javascript/easyui/plugins/jquery.parser.js HTTP/1.1" 304 -
114.86.187.76 - - [07/May/2021:10:02:43 +0800] "GET /xingrg/all/common/auto_word.html?type=employee&rest_code=00148 HTTP/1.1" 200 197
114.86.187.76 - - [07/May/2021:10:02:43 +0800] "GET /xingrg/all/common/auto_word.html?type=employee&rest_code=00148 HTTP/1.1" 200 197
114.86.187.76 - - [07/May/2021:10:02:43 +0800] "GET /xingrg/javascript/easyui/themes/default/validatebox.css HTTP/1.1" 404 1104
114.86.187.76 - - [07/May/2021:10:02:43 +0800] "GET /xingrg/javascript/easyui/plugins/jquery.validatebox.js HTTP/1.1" 304 -
114.86.187.76 - - [07/May/2021:10:02:43 +0800] "GET /xingrg/javascript/easyui/plugins/jquery.numberbox.js HTTP/1.1" 304 -
116.230.76.31 - - [07/May/2021:10:02:43 +0800] "GET /xingrg/kc/base/wldb_order_operate.html?command=get_materiel&rest_code=00107&base_code=0010151&code=00101016007 HTTP/1.1" 200 449
114.86.187.76 - - [07/May/2021:10:02:43 +0800] "POST /xingrg/kc/buy/cgsh_order_operate.html HTTP/1.1" 200 8245
114.86.187.76 - - [07/May/2021:10:02:43 +0800] "GET /xingrg/javascript/easyui/themes/default/images/button_plain_hover.png HTTP/1.1" 304 -
180.169.147.146 - - [07/May/2021:10:02:45 +0800] "GET /xingrg/all/function/internal_message.html?_=1620352970625&CODE_STATE=getMsg HTTP/1.1" 200 27
117.185.32.26 - - [07/May/2021:10:02:45 +0800] "GET /xingrg/check_reg.html?_=1620352959255 HTTP/1.1" 200 22
117.185.32.26 - - [07/May/2021:10:02:45 +0800] "GET /xingrg/all/function/internal_message.html?_=1620352959251&CODE_STATE=getMsg HTTP/1.1" 200 27
114.86.187.76 - - [07/May/2021:10:02:50 +0800] "GET /xingrg/javascript/pic_change.js HTTP/1.1" 304 -
114.86.187.76 - - [07/May/2021:10:02:50 +0800] "GET /xingrg/javascript/jquery_tools/jquery.tools.hotkey.js HTTP/1.1" 304 -
114.86.187.76 - - [07/May/2021:10:02:50 +0800] "GET /xingrg/javascript/jquery_tools/jquery.tools.extend.js HTTP/1.1" 304 -
114.86.187.76 - - [07/May/2021:10:02:50 +0800] "GET /xingrg/javascript/jquery_tools/jquery.tools.table.js HTTP/1.1" 304 -
114.86.187.76 - - [07/May/2021:10:02:50 +0800] "GET /xingrg/javascript/easyui/easyloader.js HTTP/1.1" 304 -
114.86.187.76 - - [07/May/2021:10:02:50 +0800] "GET /xingrg/javascript/auto/jquery.autocomplete.js HTTP/1.1" 304 -
114.86.187.76 - - [07/May/2021:10:02:50 +0800] "GET /xingrg/javascript/jquery.utils.js HTTP/1.1" 304 -
114.86.187.76 - - [07/May/2021:10:02:50 +0800] "GET /xingrg/javascript/jquery_tools/order_manager.js HTTP/1.1" 304 -
114.86.187.76 - - [07/May/2021:10:02:50 +0800] "GET /xingrg/javascript/convert.js HTTP/1.1" 304 -
114.86.187.76 - - [07/May/2021:10:02:50 +0800] "GET /xingrg/javascript/jquery.cookie.js HTTP/1.1" 304 -
114.86.187.76 - - [07/May/2021:10:02:50 +0800] "GET /xingrg/javascript/print/kc_print.js HTTP/1.1" 304 -
114.86.187.76 - - [07/May/2021:10:02:50 +0800] "GET /xingrg/javascript/print/LodopFuncs.js HTTP/1.1" 304 -
114.86.187.76 - - [07/May/2021:10:02:50 +0800] "GET /xingrg/javascript/easyui/plugins/jquery.validatebox.js HTTP/1.1" 304 -
114.86.187.76 - - [07/May/2021:10:02:50 +0800] "GET /xingrg/javascript/easyui/plugins/jquery.parser.js HTTP/1.1" 304 -
114.86.187.76 - - [07/May/2021:10:02:50 +0800] "GET /xingrg/javascript/easyui/plugins/jquery.numberbox.js HTTP/1.1" 304 -
114.86.187.76 - - [07/May/2021:10:02:50 +0800] "GET /xingrg/words/20210506180335_words.js HTTP/1.1" 304 -
114.86.187.76 - - [07/May/2021:10:02:50 +0800] "GET /xingrg/javascript/jquery_tools/jquery.tools.min.js HTTP/1.1" 304 -
114.86.187.76 - - [07/May/2021:10:02:50 +0800] "GET /xingrg/javascript/json2.js HTTP/1.1" 304 -
116.224.253.72 - - [07/May/2021:10:02:52 +0800] "GET /xingrg/check_reg.html?_=1620352963894 HTTP/1.1" 200 22
116.224.253.72 - - [07/May/2021:10:02:53 +0800] "GET /xingrg/all/function/internal_message.html?_=1620352964444&CODE_STATE=getMsg HTTP/1.1" 200 27
180.161.124.236 - - [07/May/2021:10:02:53 +0800] "GET /xingrg/all/function/internal_message.html?_=1620353256331&CODE_STATE=getMsg HTTP/1.1" 200 27
180.169.147.146 - - [07/May/2021:10:02:53 +0800] "GET /xingrg/all/function/internal_message.html?_=1620352965050&CODE_STATE=getMsg HTTP/1.1" 200 27
180.169.147.146 - - [07/May/2021:10:02:53 +0800] "GET /xingrg/all/function/internal_message.html?_=1620352969555&CODE_STATE=getMsg HTTP/1.1" 200 27
180.169.147.146 - - [07/May/2021:10:02:53 +0800] "GET /xingrg/check_reg.html?_=1620352969562 HTTP/1.1" 200 22
120.204.17.72 - - [07/May/2021:10:02:56 +0800] "GET /xingrg/all/function/internal_message.html?_=1620352899243&CODE_STATE=getMsg HTTP/1.1" 302 -
116.230.76.31 - - [07/May/2021:10:02:56 +0800] "POST /xingrg/kc/base/wldb_order_operate.html HTTP/1.1" 200 37
116.230.76.31 - - [07/May/2021:10:02:57 +0800] "POST /xingrg/kc/base/wldb_order_operate.html HTTP/1.1" 200 6648
114.86.187.76 - - [07/May/2021:10:02:58 +0800] "GET /xingrg/kc/buy/cgsh_order_operate.html?command=get_materiel&rest_code=00148&code=00101001010&supplier_code=00100036&order_time=2021-05-07 HTTP/1.1" 200 409
114.86.187.76 - - [07/May/2021:10:02:58 +0800] "GET /xingrg/javascript/easyui/themes/default/images/button_plain_hover.png HTTP/1.1" 304 -
120.204.17.72 - - [07/May/2021:10:03:01 +0800] "GET /xingrg/login.html HTTP/1.1" 200 7641
116.230.114.112 - - [07/May/2021:10:03:02 +0800] "GET /xingrg/check_reg.html?_=1620352996378 HTTP/1.1" 200 22
58.40.7.146 - - [07/May/2021:10:03:06 +0800] "GET /xingrg/all/function/internal_message.html?_=1620352983204&CODE_STATE=getMsg HTTP/1.1" 200 27
222.69.128.148 - - [07/May/2021:10:03:07 +0800] "GET /xingrg/all/function/internal_message.html?_=1620352983443&CODE_STATE=getMsg HTTP/1.1" 200 27
222.69.128.148 - - [07/May/2021:10:03:07 +0800] "GET /xingrg/check_reg.html?_=1620352983448 HTTP/1.1" 200 22
180.169.147.146 - - [07/May/2021:10:03:08 +0800] "POST /xingrg/kc/base/check_list_operate.html HTTP/1.1" 200 4
114.86.187.76 - - [07/May/2021:10:03:08 +0800] "GET /xingrg/kc/buy/cgsh_order_operate.html?command=get_materiel&rest_code=00148&code=00101011001&supplier_code=00100036&order_time=2021-05-07 HTTP/1.1" 200 423
114.86.187.76 - - [07/May/2021:10:03:08 +0800] "GET /xingrg/javascript/easyui/themes/default/images/button_plain_hover.png HTTP/1.1" 304 -
116.230.114.112 - - [07/May/2021:10:03:09 +0800] "GET /xingrg/all/function/internal_message.html?_=1620353003333&CODE_STATE=getMsg HTTP/1.1" 200 27
116.230.76.31 - - [07/May/2021:10:03:09 +0800] "GET /xingrg/kc/base/wldb_order_info.html?code=422021050700774 HTTP/1.1" 200 30527
180.169.147.146 - - [07/May/2021:10:03:09 +0800] "POST /xingrg/kc/base/check_list_operate.html HTTP/1.1" 200 781
116.230.76.31 - - [07/May/2021:10:03:10 +0800] "GET /xingrg/javascript/easyui/themes/default/validatebox.css HTTP/1.1" 404 1104
116.230.76.31 - - [07/May/2021:10:03:10 +0800] "POST /xingrg/kc/base/wldb_order_operate.html HTTP/1.1" 200 6648
180.169.147.146 - - [07/May/2021:10:03:11 +0800] "GET /xingrg/check_reg.html?_=1620352982914 HTTP/1.1" 200 22
180.169.147.146 - - [07/May/2021:10:03:16 +0800] "GET /xingrg/kc/report/report_main.html HTTP/1.1" 200 7345
180.169.147.146 - - [07/May/2021:10:03:19 +0800] "GET /xingrg/kc/base/crk_hz.html HTTP/1.1" 200 11247
180.169.147.146 - - [07/May/2021:10:03:19 +0800] "POST /xingrg/kc/cost/cost_operate.html?command=get_base_tree HTTP/1.1" 200 2450
180.169.147.146 - - [07/May/2021:10:03:19 +0800] "POST /xingrg/all/common/load_tree.html?tree=materiel_sort_tree_json HTTP/1.1" 200 8666
61.165.42.208 - - [07/May/2021:10:03:21 +0800] "GET /xingrg/all/function/internal_message.html?_=1620352998218&CODE_STATE=getMsg HTTP/1.1" 200 27
180.169.147.146 - - [07/May/2021:10:03:22 +0800] "GET /xingrg/all/common/get_data_part.html?part=previousMonth&_=1620352998753 HTTP/1.1" 200 41
114.86.187.76 - - [07/May/2021:10:03:26 +0800] "GET /xingrg/javascript/easyui/themes/default/images/button_plain_hover.png HTTP/1.1" 304 -
180.169.147.146 - - [07/May/2021:10:03:26 +0800] "GET /xingrg/all/function/internal_message.html?_=1620353003368&CODE_STATE=getMsg HTTP/1.1" 200 27
116.230.76.31 - - [07/May/2021:10:03:29 +0800] "GET /xingrg/all/function/internal_message.html?_=1620352999973&CODE_STATE=getMsg HTTP/1.1" 200 27
116.224.253.72 - - [07/May/2021:10:03:31 +0800] "GET /xingrg/check_reg.html?_=1620353008599 HTTP/1.1" 200 22
116.224.253.72 - - [07/May/2021:10:03:31 +0800] "GET /xingrg/all/function/internal_message.html?_=1620353008602&CODE_STATE=getMsg HTTP/1.1" 200 27
116.230.76.31 - - [07/May/2021:10:03:31 +0800] "GET /xingrg/kc/base/wldb_order_add.html HTTP/1.1" 200 30510
116.230.76.31 - - [07/May/2021:10:03:32 +0800] "GET /xingrg/javascript/easyui/themes/default/validatebox.css HTTP/1.1" 404 1104
116.230.76.31 - - [07/May/2021:10:03:32 +0800] "POST /xingrg/kc/base/wldb_order_operate.html HTTP/1.1" 200 6806
116.230.76.31 - - [07/May/2021:10:03:33 +0800] "POST /xingrg/all/common/load_combo.html?type=base HTTP/1.1" 200 3324
116.230.110.80 - - [07/May/2021:10:03:35 +0800] "GET /xingrg/check_reg.html?_=1620353011896 HTTP/1.1" 200 22
116.230.110.80 - - [07/May/2021:10:03:35 +0800] "GET /xingrg/all/function/internal_message.html?_=1620353011897&CODE_STATE=getMsg HTTP/1.1" 200 27
114.86.187.76 - - [07/May/2021:10:03:35 +0800] "GET /xingrg/kc/buy/cgsh_order_operate.html?command=get_materiel&rest_code=00148&code=00101012082&supplier_code=00100036&order_time=2021-05-07 HTTP/1.1" 200 394
116.230.76.31 - - [07/May/2021:10:03:36 +0800] "POST /xingrg/all/common/load_combo.html?type=base HTTP/1.1" 200 3324
172.20.0.100 - - [07/May/2021:10:03:36 +0800] "GET /xingrg/check_reg.html?_=1620353013495 HTTP/1.1" 302 -
114.86.187.76 - - [07/May/2021:10:03:38 +0800] "GET /xingrg/all/function/internal_message.html?_=1620353014856&CODE_STATE=getMsg HTTP/1.1" 200 27
120.253.135.82 - - [07/May/2021:10:03:39 +0800] "GET /xingrg/all/function/internal_message.html?_=1620353022863&CODE_STATE=getMsg HTTP/1.1" 200 27
114.86.187.76 - - [07/May/2021:10:03:43 +0800] "GET /xingrg/kc/buy/cgsh_order_operate.html?command=get_materiel&rest_code=00148&code=00101012051&supplier_code=00100036&order_time=2021-05-07 HTTP/1.1" 200 427
114.86.187.76 - - [07/May/2021:10:03:45 +0800] "GET /xingrg/javascript/easyui/themes/default/images/button_plain_hover.png HTTP/1.1" 304 -
180.169.147.146 - - [07/May/2021:10:03:45 +0800] "GET /xingrg/all/function/internal_message.html?_=1620353030628&CODE_STATE=getMsg HTTP/1.1" 200 27
117.185.32.26 - - [07/May/2021:10:03:45 +0800] "GET /xingrg/all/function/internal_message.html?_=1620353019238&CODE_STATE=getMsg HTTP/1.1" 200 27
114.86.187.76 - - [07/May/2021:10:03:53 +0800] "GET /xingrg/kc/buy/cgsh_order_operate.html?command=get_materiel&rest_code=00148&code=00101011005&supplier_code=00100036&order_time=2021-05-07 HTTP/1.1" 200 429
116.224.253.72 - - [07/May/2021:10:03:53 +0800] "GET /xingrg/all/function/internal_message.html?_=1620353024459&CODE_STATE=getMsg HTTP/1.1" 200 27
180.161.124.236 - - [07/May/2021:10:03:53 +0800] "GET /xingrg/all/function/internal_message.html?_=1620353316344&CODE_STATE=getMsg HTTP/1.1" 200 27
180.169.147.146 - - [07/May/2021:10:03:53 +0800] "GET /xingrg/all/function/internal_message.html?_=1620353025028&CODE_STATE=getMsg HTTP/1.1" 200 27
180.169.147.146 - - [07/May/2021:10:03:53 +0800] "GET /xingrg/all/function/internal_message.html?_=1620353029554&CODE_STATE=getMsg HTTP/1.1" 200 27
116.230.76.31 - - [07/May/2021:10:04:02 +0800] "GET /xingrg/kc/base/wldb_order_operate.html?command=get_materiel&rest_code=00107&base_code=0010152&code=00102012040 HTTP/1.1" 200 452
114.86.187.76 - - [07/May/2021:10:04:03 +0800] "GET /xingrg/javascript/easyui/themes/default/images/button_plain_hover.png HTTP/1.1" 304 -
114.86.187.76 - - [07/May/2021:10:04:03 +0800] "GET /xingrg/javascript/easyui/themes/default/images/button_plain_hover.png HTTP/1.1" 304 -
114.86.187.76 - - [07/May/2021:10:04:03 +0800] "GET /xingrg/javascript/easyui/themes/default/images/button_plain_hover.png HTTP/1.1" 304 -
114.86.187.76 - - [07/May/2021:10:04:05 +0800] "POST /xingrg/kc/buy/cgsh_order_operate.html HTTP/1.1" 200 37
58.40.7.146 - - [07/May/2021:10:04:06 +0800] "GET /xingrg/all/function/internal_message.html?_=1620353043206&CODE_STATE=getMsg HTTP/1.1" 200 27
58.40.7.146 - - [07/May/2021:10:04:06 +0800] "GET /xingrg/check_reg.html?_=1620353043208 HTTP/1.1" 200 22
114.86.187.76 - - [07/May/2021:10:04:07 +0800] "POST /xingrg/kc/buy/cgsh_order_operate.html HTTP/1.1" 200 4438
222.69.128.148 - - [07/May/2021:10:04:07 +0800] "GET /xingrg/all/function/internal_message.html?_=1620353043438&CODE_STATE=getMsg HTTP/1.1" 200 27
114.86.187.76 - - [07/May/2021:10:04:08 +0800] "GET /xingrg/javascript/easyui/themes/default/images/button_plain_hover.png HTTP/1.1" 304 -
114.86.187.76 - - [07/May/2021:10:04:08 +0800] "GET /xingrg/javascript/easyui/themes/default/images/button_plain_hover.png HTTP/1.1" 304 -
114.86.187.76 - - [07/May/2021:10:04:08 +0800] "GET /xingrg/javascript/easyui/themes/default/images/button_plain_hover.png HTTP/1.1" 304 -
114.86.187.76 - - [07/May/2021:10:04:08 +0800] "GET /xingrg/javascript/easyui/themes/default/images/button_plain_hover.png HTTP/1.1" 304 -
114.86.187.76 - - [07/May/2021:10:04:08 +0800] "GET /xingrg/css/site.css HTTP/1.1" 304 -
114.86.187.76 - - [07/May/2021:10:04:08 +0800] "GET /xingrg/javascript/jquery_tools/datebox.css HTTP/1.1" 304 -
114.86.187.76 - - [07/May/2021:10:04:08 +0800] "GET /xingrg/javascript/easyui/themes/default/easyui.css HTTP/1.1" 304 -
114.86.187.76 - - [07/May/2021:10:04:08 +0800] "GET /xingrg/javascript/easyui/themes/icon.css HTTP/1.1" 304 -
114.86.187.76 - - [07/May/2021:10:04:08 +0800] "GET /xingrg/javascript/auto/jquery.autocomplete.css HTTP/1.1" 304 -
114.86.187.76 - - [07/May/2021:10:04:08 +0800] "GET /xingrg/javascript/jquery_tools/fix.css HTTP/1.1" 304 -
114.86.187.76 - - [07/May/2021:10:04:08 +0800] "GET /xingrg/javascript/jquery_tools/jquery.tools.extend.js HTTP/1.1" 304 -
114.86.187.76 - - [07/May/2021:10:04:08 +0800] "GET /xingrg/javascript/jquery_tools/jquery.tools.table.js HTTP/1.1" 304 -
114.86.187.76 - - [07/May/2021:10:04:08 +0800] "GET /xingrg/javascript/auto/jquery.autocomplete.js HTTP/1.1" 304 -
114.86.187.76 - - [07/May/2021:10:04:08 +0800] "GET /xingrg/javascript/easyui/easyloader.js HTTP/1.1" 304 -
114.86.187.76 - - [07/May/2021:10:04:08 +0800] "GET /xingrg/javascript/jquery.utils.js HTTP/1.1" 304 -
114.86.187.76 - - [07/May/2021:10:04:08 +0800] "GET /xingrg/kc/buy/cgsh_order_add.html HTTP/1.1" 200 62357
114.86.187.76 - - [07/May/2021:10:04:08 +0800] "GET /xingrg/javascript/jquery_tools/order_manager.js HTTP/1.1" 304 -
114.86.187.76 - - [07/May/2021:10:04:08 +0800] "GET /xingrg/javascript/convert.js HTTP/1.1" 304 -
114.86.187.76 - - [07/May/2021:10:04:08 +0800] "GET /xingrg/javascript/jquery_tools/jquery.tools.hotkey.js HTTP/1.1" 304 -
114.86.187.76 - - [07/May/2021:10:04:08 +0800] "GET /xingrg/javascript/jquery_tools/table.css HTTP/1.1" 304 -
114.86.187.76 - - [07/May/2021:10:04:08 +0800] "GET /xingrg/css/base.css HTTP/1.1" 304 -
114.86.187.76 - - [07/May/2021:10:04:08 +0800] "GET /xingrg/javascript/pic_change.js HTTP/1.1" 304 -
114.86.187.76 - - [07/May/2021:10:04:08 +0800] "GET /xingrg/javascript/jquery_tools/jquery.tools.min.js HTTP/1.1" 304 -
114.86.187.76 - - [07/May/2021:10:04:08 +0800] "GET /xingrg/javascript/jquery.cookie.js HTTP/1.1" 304 -
114.86.187.76 - - [07/May/2021:10:04:08 +0800] "GET /xingrg/javascript/print/LodopFuncs.js HTTP/1.1" 304 -
114.86.187.76 - - [07/May/2021:10:04:08 +0800] "GET /xingrg/javascript/print/kc_print.js HTTP/1.1" 304 -
114.86.187.76 - - [07/May/2021:10:04:08 +0800] "GET /xingrg/javascript/json2.js HTTP/1.1" 304 -
116.230.114.112 - - [07/May/2021:10:04:09 +0800] "GET /xingrg/all/function/internal_message.html?_=1620353063345&CODE_STATE=getMsg HTTP/1.1" 200 27
114.86.187.76 - - [07/May/2021:10:04:09 +0800] "GET /xingrg/words/20210506180335_words.js HTTP/1.1" 304 -
114.86.187.76 - - [07/May/2021:10:04:09 +0800] "GET /xingrg/javascript/easyui/themes/icons/copy_new.png HTTP/1.1" 304 -
114.86.187.76 - - [07/May/2021:10:04:09 +0800] "GET /xingrg/javascript/easyui/themes/icons/template_new.png HTTP/1.1" 304 -
114.86.187.76 - - [07/May/2021:10:04:09 +0800] "GET /xingrg/javascript/easyui/themes/icons/ok.png HTTP/1.1" 304 -
114.86.187.76 - - [07/May/2021:10:04:09 +0800] "GET /xingrg/javascript/easyui/themes/icons/print.png HTTP/1.1" 304 -
114.86.187.76 - - [07/May/2021:10:04:09 +0800] "GET /xingrg/javascript/easyui/themes/default/images/menu_downarrow.png HTTP/1.1" 304 -
114.86.187.76 - - [07/May/2021:10:04:09 +0800] "GET /xingrg/javascript/easyui/themes/icons/cancel.png HTTP/1.1" 304 -
114.86.187.76 - - [07/May/2021:10:04:09 +0800] "GET /xingrg/javascript/easyui/plugins/jquery.parser.js HTTP/1.1" 304 -
114.86.187.76 - - [07/May/2021:10:04:09 +0800] "POST /xingrg/kc/buy/cgsh_order_operate.html HTTP/1.1" 200 8245
114.86.187.76 - - [07/May/2021:10:04:09 +0800] "GET /xingrg/javascript/easyui/themes/default/images/button_plain_hover.png HTTP/1.1" 304 -
114.86.187.76 - - [07/May/2021:10:04:09 +0800] "GET /xingrg/all/common/auto_word.html?type=employee&rest_code=00148 HTTP/1.1" 200 197
114.86.187.76 - - [07/May/2021:10:04:09 +0800] "GET /xingrg/all/common/auto_word.html?type=employee&rest_code=00148 HTTP/1.1" 200 197
114.86.187.76 - - [07/May/2021:10:04:09 +0800] "GET /xingrg/javascript/easyui/themes/default/images/button_plain_hover.png HTTP/1.1" 304 -
114.86.187.76 - - [07/May/2021:10:04:09 +0800] "GET /xingrg/javascript/easyui/themes/default/validatebox.css HTTP/1.1" 404 1104
114.86.187.76 - - [07/May/2021:10:04:09 +0800] "GET /xingrg/javascript/easyui/plugins/jquery.validatebox.js HTTP/1.1" 304 -
114.86.187.76 - - [07/May/2021:10:04:09 +0800] "GET /xingrg/javascript/easyui/plugins/jquery.numberbox.js HTTP/1.1" 304 -
114.86.187.76 - - [07/May/2021:10:04:14 +0800] "GET /xingrg/javascript/pic_change.js HTTP/1.1" 304 -
114.86.187.76 - - [07/May/2021:10:04:14 +0800] "GET /xingrg/javascript/jquery_tools/jquery.tools.min.js HTTP/1.1" 304 -
114.86.187.76 - - [07/May/2021:10:04:14 +0800] "GET /xingrg/javascript/jquery_tools/jquery.tools.extend.js HTTP/1.1" 304 -
114.86.187.76 - - [07/May/2021:10:04:14 +0800] "GET /xingrg/javascript/jquery_tools/jquery.tools.hotkey.js HTTP/1.1" 304 -
114.86.187.76 - - [07/May/2021:10:04:14 +0800] "GET /xingrg/javascript/jquery_tools/jquery.tools.table.js HTTP/1.1" 304 -
114.86.187.76 - - [07/May/2021:10:04:14 +0800] "GET /xingrg/javascript/auto/jquery.autocomplete.js HTTP/1.1" 304 -
114.86.187.76 - - [07/May/2021:10:04:14 +0800] "GET /xingrg/javascript/jquery.utils.js HTTP/1.1" 304 -
114.86.187.76 - - [07/May/2021:10:04:14 +0800] "GET /xingrg/javascript/easyui/easyloader.js HTTP/1.1" 304 -
114.86.187.76 - - [07/May/2021:10:04:14 +0800] "GET /xingrg/javascript/jquery_tools/order_manager.js HTTP/1.1" 304 -
114.86.187.76 - - [07/May/2021:10:04:14 +0800] "GET /xingrg/javascript/json2.js HTTP/1.1" 304 -
114.86.187.76 - - [07/May/2021:10:04:14 +0800] "GET /xingrg/javascript/jquery.cookie.js HTTP/1.1" 304 -
114.86.187.76 - - [07/May/2021:10:04:14 +0800] "GET /xingrg/javascript/print/kc_print.js HTTP/1.1" 304 -
114.86.187.76 - - [07/May/2021:10:04:14 +0800] "GET /xingrg/javascript/print/LodopFuncs.js HTTP/1.1" 304 -
114.86.187.76 - - [07/May/2021:10:04:14 +0800] "GET /xingrg/javascript/easyui/plugins/jquery.numberbox.js HTTP/1.1" 304 -
114.86.187.76 - - [07/May/2021:10:04:14 +0800] "GET /xingrg/javascript/easyui/plugins/jquery.parser.js HTTP/1.1" 304 -
114.86.187.76 - - [07/May/2021:10:04:14 +0800] "GET /xingrg/javascript/easyui/plugins/jquery.validatebox.js HTTP/1.1" 304 -
114.86.187.76 - - [07/May/2021:10:04:14 +0800] "GET /xingrg/words/20210506180335_words.js HTTP/1.1" 304 -
114.86.187.76 - - [07/May/2021:10:04:14 +0800] "GET /xingrg/javascript/convert.js HTTP/1.1" 304 -
116.230.76.31 - - [07/May/2021:10:04:17 +0800] "GET /xingrg/kc/base/wldb_order_operate.html?command=get_materiel&rest_code=00107&base_code=0010152&code=00102002028 HTTP/1.1" 200 469
120.253.135.82 - - [07/May/2021:10:04:19 +0800] "GET /xingrg/check_reg.html?_=1620353062382 HTTP/1.1" 200 22
114.86.187.76 - - [07/May/2021:10:04:20 +0800] "GET /xingrg/kc/buy/cgsh_order_operate.html?command=get_materiel&rest_code=00148&code=00101006130&supplier_code=00100010&order_time=2021-05-07 HTTP/1.1" 200 427
114.86.187.76 - - [07/May/2021:10:04:20 +0800] "GET /xingrg/javascript/easyui/themes/default/images/button_plain_hover.png HTTP/1.1" 304 -
61.165.42.208 - - [07/May/2021:10:04:21 +0800] "GET /xingrg/all/function/internal_message.html?_=1620353058191&CODE_STATE=getMsg HTTP/1.1" 200 27
180.169.147.146 - - [07/May/2021:10:04:26 +0800] "GET /xingrg/all/function/internal_message.html?_=1620353063354&CODE_STATE=getMsg HTTP/1.1" 200 27
116.230.76.31 - - [07/May/2021:10:04:29 +0800] "GET /xingrg/all/function/internal_message.html?_=1620353059953&CODE_STATE=getMsg HTTP/1.1" 200 27
114.86.187.76 - - [07/May/2021:10:04:29 +0800] "GET /xingrg/kc/buy/cgsh_order_operate.html?command=get_materiel&rest_code=00148&code=00101006062&supplier_code=00100010&order_time=2021-05-07 HTTP/1.1" 200 409
114.86.187.76 - - [07/May/2021:10:04:29 +0800] "GET /xingrg/javascript/easyui/themes/default/images/button_plain_hover.png HTTP/1.1" 304 -
116.224.253.72 - - [07/May/2021:10:04:31 +0800] "GET /xingrg/all/function/internal_message.html?_=1620353068603&CODE_STATE=getMsg HTTP/1.1" 200 27
116.230.110.80 - - [07/May/2021:10:04:35 +0800] "GET /xingrg/all/function/internal_message.html?_=1620353071889&CODE_STATE=getMsg HTTP/1.1" 200 27
114.86.187.76 - - [07/May/2021:10:04:38 +0800] "GET /xingrg/all/function/internal_message.html?_=1620353074875&CODE_STATE=getMsg HTTP/1.1" 200 27
116.230.76.31 - - [07/May/2021:10:04:39 +0800] "POST /xingrg/kc/base/wldb_order_operate.html HTTP/1.1" 200 37
120.253.135.82 - - [07/May/2021:10:04:39 +0800] "GET /xingrg/all/function/internal_message.html?_=1620353082866&CODE_STATE=getMsg HTTP/1.1" 200 27
116.230.76.31 - - [07/May/2021:10:04:39 +0800] "POST /xingrg/kc/base/wldb_order_operate.html HTTP/1.1" 200 2713
116.230.76.31 - - [07/May/2021:10:04:40 +0800] "GET /xingrg/kc/base/wldb_order_info.html?code=422021050700775 HTTP/1.1" 200 30525
116.230.76.31 - - [07/May/2021:10:04:41 +0800] "GET /xingrg/javascript/easyui/themes/default/validatebox.css HTTP/1.1" 404 1104
116.230.76.31 - - [07/May/2021:10:04:41 +0800] "POST /xingrg/kc/base/wldb_order_operate.html HTTP/1.1" 200 2713
114.86.187.76 - - [07/May/2021:10:04:41 +0800] "GET /xingrg/javascript/easyui/themes/default/images/button_plain_hover.png HTTP/1.1" 304 -
116.230.76.31 - - [07/May/2021:10:04:43 +0800] "GET /xingrg/kc/base/wldb_order_add.html HTTP/1.1" 200 30510
116.230.76.31 - - [07/May/2021:10:04:44 +0800] "GET /xingrg/javascript/easyui/themes/default/validatebox.css HTTP/1.1" 404 1104
116.230.76.31 - - [07/May/2021:10:04:44 +0800] "POST /xingrg/kc/base/wldb_order_operate.html HTTP/1.1" 200 6806
116.230.76.31 - - [07/May/2021:10:04:45 +0800] "POST /xingrg/all/common/load_combo.html?type=base HTTP/1.1" 200 3324
180.169.147.146 - - [07/May/2021:10:04:45 +0800] "GET /xingrg/all/function/internal_message.html?_=1620353090637&CODE_STATE=getMsg HTTP/1.1" 200 27
180.169.147.146 - - [07/May/2021:10:04:45 +0800] "GET /xingrg/check_reg.html?_=1620353090642 HTTP/1.1" 200 22
117.185.32.26 - - [07/May/2021:10:04:45 +0800] "GET /xingrg/all/function/internal_message.html?_=1620353079242&CODE_STATE=getMsg HTTP/1.1" 200 27
116.230.76.31 - - [07/May/2021:10:04:48 +0800] "POST /xingrg/all/common/load_combo.html?type=base HTTP/1.1" 200 3324
183.192.164.214 - - [07/May/2021:10:04:49 +0800] "GET /xingrg/all/function/internal_message.html?_=1620353019238&CODE_STATE=getMsg HTTP/1.1" 302 -
114.86.187.76 - - [07/May/2021:10:04:51 +0800] "GET /xingrg/javascript/easyui/themes/default/images/button_plain_hover.png HTTP/1.1" 304 -
114.86.187.76 - - [07/May/2021:10:04:51 +0800] "GET /xingrg/javascript/easyui/themes/default/images/button_plain_hover.png HTTP/1.1" 304 -
116.224.253.72 - - [07/May/2021:10:04:53 +0800] "GET /xingrg/all/function/internal_message.html?_=1620353084472&CODE_STATE=getMsg HTTP/1.1" 200 27
180.161.124.236 - - [07/May/2021:10:04:53 +0800] "GET /xingrg/all/function/internal_message.html?_=1620353376358&CODE_STATE=getMsg HTTP/1.1" 200 27
183.192.164.214 - - [07/May/2021:10:04:53 +0800] "GET /xingrg/login.html HTTP/1.1" 200 7641
180.169.147.146 - - [07/May/2021:10:04:53 +0800] "GET /xingrg/all/function/internal_message.html?_=1620353085010&CODE_STATE=getMsg HTTP/1.1" 200 27
180.169.147.146 - - [07/May/2021:10:04:53 +0800] "GET /xingrg/all/function/internal_message.html?_=1620353089547&CODE_STATE=getMsg HTTP/1.1" 200 27
116.230.110.80 - - [07/May/2021:10:04:53 +0800] "GET /xingrg/kc/buy/cgsh_order_list.html HTTP/1.1" 200 46625
114.86.187.76 - - [07/May/2021:10:04:53 +0800] "POST /xingrg/kc/buy/cgsh_order_operate.html HTTP/1.1" 200 37
114.86.187.76 - - [07/May/2021:10:04:54 +0800] "POST /xingrg/kc/buy/cgsh_order_operate.html HTTP/1.1" 200 3262
183.192.164.97 - - [07/May/2021:10:04:54 +0800] "GET /xingrg/check_reg.html?_=1620352659247 HTTP/1.1" 302 -
116.230.110.80 - - [07/May/2021:10:04:55 +0800] "POST /xingrg/kc/buy/cgsh_list_operate.html HTTP/1.1" 200 876
116.230.110.80 - - [07/May/2021:10:04:56 +0800] "GET /xingrg/kc/buy/cgsh_order_add.html HTTP/1.1" 200 62325
116.230.110.80 - - [07/May/2021:10:04:56 +0800] "GET /xingrg/words/20210506180335_words.js HTTP/1.1" 200 811323
116.230.110.80 - - [07/May/2021:10:04:57 +0800] "POST /xingrg/kc/buy/cgsh_order_operate.html HTTP/1.1" 200 8245
116.230.110.80 - - [07/May/2021:10:04:57 +0800] "GET /xingrg/all/common/auto_word.html?type=employee&rest_code=00155 HTTP/1.1" 200 155
116.230.110.80 - - [07/May/2021:10:04:57 +0800] "GET /xingrg/javascript/easyui/themes/default/validatebox.css HTTP/1.1" 404 1104
116.230.110.80 - - [07/May/2021:10:04:57 +0800] "GET /xingrg/all/common/auto_word.html?type=employee&rest_code=00155 HTTP/1.1" 200 155
116.230.110.80 - - [07/May/2021:10:04:59 +0800] "GET /xingrg/javascript/auto/indicator.gif HTTP/1.1" 404 1066
58.221.95.50 - - [07/May/2021:10:04:59 +0800] "GET /xingrg/check_reg.html?_=1620353096482 HTTP/1.1" 302 -
116.230.76.31 - - [07/May/2021:10:05:00 +0800] "GET /xingrg/kc/base/wldb_order_operate.html?command=get_materiel&rest_code=00107&base_code=0010151&code=00101019063 HTTP/1.1" 200 448
114.86.187.76 - - [07/May/2021:10:05:00 +0800] "GET /xingrg/javascript/easyui/themes/default/images/button_plain_hover.png HTTP/1.1" 304 -
114.86.187.76 - - [07/May/2021:10:05:00 +0800] "GET /xingrg/javascript/easyui/themes/default/images/button_plain_hover.png HTTP/1.1" 304 -
114.86.187.76 - - [07/May/2021:10:05:01 +0800] "GET /xingrg/javascript/easyui/themes/default/images/button_plain_hover.png HTTP/1.1" 304 -
116.230.110.80 - - [07/May/2021:10:05:01 +0800] "GET /xingrg/javascript/jquery_tools/images/prev.gif HTTP/1.1" 404 1086
116.230.110.80 - - [07/May/2021:10:05:01 +0800] "GET /xingrg/javascript/jquery_tools/images/next.gif HTTP/1.1" 404 1086
114.86.187.76 - - [07/May/2021:10:05:01 +0800] "GET /xingrg/css/base.css HTTP/1.1" 304 -
114.86.187.76 - - [07/May/2021:10:05:01 +0800] "GET /xingrg/css/site.css HTTP/1.1" 304 -
114.86.187.76 - - [07/May/2021:10:05:01 +0800] "GET /xingrg/javascript/jquery_tools/datebox.css HTTP/1.1" 304 -
114.86.187.76 - - [07/May/2021:10:05:01 +0800] "GET /xingrg/javascript/easyui/themes/default/easyui.css HTTP/1.1" 304 -
114.86.187.76 - - [07/May/2021:10:05:01 +0800] "GET /xingrg/javascript/easyui/themes/icon.css HTTP/1.1" 304 -
114.86.187.76 - - [07/May/2021:10:05:01 +0800] "GET /xingrg/javascript/jquery_tools/fix.css HTTP/1.1" 304 -
114.86.187.76 - - [07/May/2021:10:05:01 +0800] "GET /xingrg/javascript/auto/jquery.autocomplete.css HTTP/1.1" 304 -
114.86.187.76 - - [07/May/2021:10:05:01 +0800] "GET /xingrg/javascript/jquery_tools/table.css HTTP/1.1" 304 -
114.86.187.76 - - [07/May/2021:10:05:01 +0800] "GET /xingrg/javascript/pic_change.js HTTP/1.1" 304 -
114.86.187.76 - - [07/May/2021:10:05:01 +0800] "GET /xingrg/kc/buy/cgsh_order_add.html HTTP/1.1" 200 62357
114.86.187.76 - - [07/May/2021:10:05:01 +0800] "GET /xingrg/javascript/jquery_tools/jquery.tools.min.js HTTP/1.1" 304 -
114.86.187.76 - - [07/May/2021:10:05:01 +0800] "GET /xingrg/javascript/jquery_tools/jquery.tools.extend.js HTTP/1.1" 304 -
114.86.187.76 - - [07/May/2021:10:05:01 +0800] "GET /xingrg/javascript/jquery_tools/jquery.tools.hotkey.js HTTP/1.1" 304 -
114.86.187.76 - - [07/May/2021:10:05:01 +0800] "GET /xingrg/javascript/auto/jquery.autocomplete.js HTTP/1.1" 304 -
114.86.187.76 - - [07/May/2021:10:05:01 +0800] "GET /xingrg/javascript/jquery_tools/jquery.tools.table.js HTTP/1.1" 304 -
114.86.187.76 - - [07/May/2021:10:05:01 +0800] "GET /xingrg/javascript/easyui/easyloader.js HTTP/1.1" 304 -
114.86.187.76 - - [07/May/2021:10:05:01 +0800] "GET /xingrg/javascript/jquery_tools/order_manager.js HTTP/1.1" 304 -
114.86.187.76 - - [07/May/2021:10:05:01 +0800] "GET /xingrg/javascript/json2.js HTTP/1.1" 304 -
114.86.187.76 - - [07/May/2021:10:05:01 +0800] "GET /xingrg/javascript/convert.js HTTP/1.1" 304 -
114.86.187.76 - - [07/May/2021:10:05:01 +0800] "GET /xingrg/javascript/jquery.utils.js HTTP/1.1" 304 -
114.86.187.76 - - [07/May/2021:10:05:01 +0800] "GET /xingrg/javascript/jquery.cookie.js HTTP/1.1" 304 -
114.86.187.76 - - [07/May/2021:10:05:01 +0800] "GET /xingrg/javascript/print/kc_print.js HTTP/1.1" 304 -
114.86.187.76 - - [07/May/2021:10:05:01 +0800] "GET /xingrg/javascript/print/LodopFuncs.js HTTP/1.1" 304 -
114.86.187.76 - - [07/May/2021:10:05:01 +0800] "GET /xingrg/words/20210506180335_words.js HTTP/1.1" 304 -
114.86.187.76 - - [07/May/2021:10:05:01 +0800] "GET /xingrg/javascript/easyui/themes/icons/copy_new.png HTTP/1.1" 304 -
114.86.187.76 - - [07/May/2021:10:05:01 +0800] "GET /xingrg/javascript/easyui/themes/icons/template_new.png HTTP/1.1" 304 -
114.86.187.76 - - [07/May/2021:10:05:01 +0800] "GET /xingrg/javascript/easyui/themes/icons/ok.png HTTP/1.1" 304 -
114.86.187.76 - - [07/May/2021:10:05:01 +0800] "GET /xingrg/javascript/easyui/themes/icons/print.png HTTP/1.1" 304 -
114.86.187.76 - - [07/May/2021:10:05:01 +0800] "GET /xingrg/javascript/easyui/themes/default/images/menu_downarrow.png HTTP/1.1" 304 -
114.86.187.76 - - [07/May/2021:10:05:01 +0800] "GET /xingrg/javascript/easyui/themes/icons/cancel.png HTTP/1.1" 304 -
114.86.187.76 - - [07/May/2021:10:05:01 +0800] "GET /xingrg/javascript/easyui/plugins/jquery.parser.js HTTP/1.1" 304 -
114.86.187.76 - - [07/May/2021:10:05:02 +0800] "GET /xingrg/all/common/auto_word.html?type=employee&rest_code=00148 HTTP/1.1" 200 197
114.86.187.76 - - [07/May/2021:10:05:02 +0800] "GET /xingrg/all/common/auto_word.html?type=employee&rest_code=00148 HTTP/1.1" 200 197
114.86.187.76 - - [07/May/2021:10:05:02 +0800] "GET /xingrg/javascript/easyui/themes/default/validatebox.css HTTP/1.1" 404 1104
114.86.187.76 - - [07/May/2021:10:05:02 +0800] "GET /xingrg/javascript/easyui/plugins/jquery.validatebox.js HTTP/1.1" 304 -
114.86.187.76 - - [07/May/2021:10:05:02 +0800] "GET /xingrg/javascript/easyui/plugins/jquery.numberbox.js HTTP/1.1" 304 -
114.86.187.76 - - [07/May/2021:10:05:02 +0800] "POST /xingrg/kc/buy/cgsh_order_operate.html HTTP/1.1" 200 8245
114.86.187.76 - - [07/May/2021:10:05:02 +0800] "GET /xingrg/javascript/easyui/themes/default/images/button_plain_hover.png HTTP/1.1" 304 -
114.86.187.76 - - [07/May/2021:10:05:03 +0800] "GET /xingrg/javascript/pic_change.js HTTP/1.1" 304 -
114.86.187.76 - - [07/May/2021:10:05:03 +0800] "GET /xingrg/javascript/jquery_tools/jquery.tools.extend.js HTTP/1.1" 304 -
114.86.187.76 - - [07/May/2021:10:05:03 +0800] "GET /xingrg/javascript/jquery_tools/jquery.tools.min.js HTTP/1.1" 304 -
114.86.187.76 - - [07/May/2021:10:05:03 +0800] "GET /xingrg/javascript/jquery_tools/jquery.tools.hotkey.js HTTP/1.1" 304 -
114.86.187.76 - - [07/May/2021:10:05:03 +0800] "GET /xingrg/javascript/jquery_tools/jquery.tools.table.js HTTP/1.1" 304 -
114.86.187.76 - - [07/May/2021:10:05:03 +0800] "GET /xingrg/javascript/easyui/easyloader.js HTTP/1.1" 304 -
114.86.187.76 - - [07/May/2021:10:05:03 +0800] "GET /xingrg/javascript/jquery.utils.js HTTP/1.1" 304 -
114.86.187.76 - - [07/May/2021:10:05:03 +0800] "GET /xingrg/javascript/jquery_tools/order_manager.js HTTP/1.1" 304 -
114.86.187.76 - - [07/May/2021:10:05:03 +0800] "GET /xingrg/javascript/convert.js HTTP/1.1" 304 -
114.86.187.76 - - [07/May/2021:10:05:03 +0800] "GET /xingrg/javascript/jquery.cookie.js HTTP/1.1" 304 -
114.86.187.76 - - [07/May/2021:10:05:03 +0800] "GET /xingrg/javascript/print/kc_print.js HTTP/1.1" 304 -
114.86.187.76 - - [07/May/2021:10:05:03 +0800] "GET /xingrg/javascript/auto/jquery.autocomplete.js HTTP/1.1" 304 -
114.86.187.76 - - [07/May/2021:10:05:03 +0800] "GET /xingrg/javascript/json2.js HTTP/1.1" 304 -
114.86.187.76 - - [07/May/2021:10:05:03 +0800] "GET /xingrg/javascript/easyui/plugins/jquery.parser.js HTTP/1.1" 304 -
114.86.187.76 - - [07/May/2021:10:05:03 +0800] "GET /xingrg/words/20210506180335_words.js HTTP/1.1" 304 -
114.86.187.76 - - [07/May/2021:10:05:03 +0800] "GET /xingrg/javascript/easyui/plugins/jquery.numberbox.js HTTP/1.1" 304 -
114.86.187.76 - - [07/May/2021:10:05:03 +0800] "GET /xingrg/javascript/easyui/plugins/jquery.validatebox.js HTTP/1.1" 304 -
114.86.187.76 - - [07/May/2021:10:05:03 +0800] "GET /xingrg/javascript/print/LodopFuncs.js HTTP/1.1" 304 -
183.192.164.97 - - [07/May/2021:10:05:04 +0800] "GET /xingrg/login.html HTTP/1.1" 200 7641
58.40.7.146 - - [07/May/2021:10:05:06 +0800] "GET /xingrg/all/function/internal_message.html?_=1620353103210&CODE_STATE=getMsg HTTP/1.1" 200 27
180.161.124.236 - - [07/May/2021:10:05:06 +0800] "GET /xingrg/javascript/jquery_easy_ui/themes/default/images/tabs_active.png HTTP/1.1" 304 -
222.69.128.148 - - [07/May/2021:10:05:07 +0800] "GET /xingrg/all/function/internal_message.html?_=1620353103435&CODE_STATE=getMsg HTTP/1.1" 200 27
116.230.114.112 - - [07/May/2021:10:05:09 +0800] "GET /xingrg/all/function/internal_message.html?_=1620353123550&CODE_STATE=getMsg HTTP/1.1" 200 27
116.230.110.80 - - [07/May/2021:10:05:11 +0800] "GET /xingrg/kc/buy/cgsh_order_operate.html?command=get_materiel&rest_code=00155&code=00101008248&supplier_code=00100005&order_time=2021-05-07 HTTP/1.1" 200 412
116.230.76.31 - - [07/May/2021:10:05:12 +0800] "GET /xingrg/kc/base/wldb_order_operate.html?command=get_materiel&rest_code=00107&base_code=0010151&code=00101019199 HTTP/1.1" 200 458
114.86.187.76 - - [07/May/2021:10:05:17 +0800] "GET /xingrg/kc/buy/cgsh_order_operate.html?command=get_materiel&rest_code=00148&code=00101007081&supplier_code=00100004&order_time=2021-05-07 HTTP/1.1" 200 413
114.86.187.76 - - [07/May/2021:10:05:17 +0800] "GET /xingrg/javascript/easyui/themes/default/images/button_plain_hover.png HTTP/1.1" 304 -
116.230.110.80 - - [07/May/2021:10:05:18 +0800] "GET /xingrg/kc/buy/cgsh_order_operate.html?command=get_materiel&rest_code=00155&code=00101008072&supplier_code=00100005&order_time=2021-05-07 HTTP/1.1" 200 408
61.165.42.208 - - [07/May/2021:10:05:21 +0800] "GET /xingrg/all/function/internal_message.html?_=1620353118170&CODE_STATE=getMsg HTTP/1.1" 200 27
116.230.110.80 - - [07/May/2021:10:05:23 +0800] "GET /xingrg/kc/buy/cgsh_order_operate.html?command=get_materiel&rest_code=00155&code=00101008155&supplier_code=00100005&order_time=2021-05-07 HTTP/1.1" 200 408
116.230.76.31 - - [07/May/2021:10:05:24 +0800] "GET /xingrg/kc/base/wldb_order_operate.html?command=get_materiel&rest_code=00107&base_code=0010151&code=00101019184 HTTP/1.1" 200 444
114.86.187.76 - - [07/May/2021:10:05:26 +0800] "GET /xingrg/javascript/easyui/themes/default/images/button_plain_hover.png HTTP/1.1" 304 -
180.169.147.146 - - [07/May/2021:10:05:26 +0800] "GET /xingrg/check_reg.html?_=1620353123364 HTTP/1.1" 200 22
180.169.147.146 - - [07/May/2021:10:05:26 +0800] "GET /xingrg/all/function/internal_message.html?_=1620353123368&CODE_STATE=getMsg HTTP/1.1" 200 27
114.86.187.76 - - [07/May/2021:10:05:26 +0800] "GET /xingrg/javascript/easyui/themes/default/images/button_plain_hover.png HTTP/1.1" 304 -
114.86.187.76 - - [07/May/2021:10:05:26 +0800] "GET /xingrg/javascript/easyui/themes/default/images/button_plain_hover.png HTTP/1.1" 304 -
114.86.187.76 - - [07/May/2021:10:05:26 +0800] "GET /xingrg/javascript/easyui/themes/default/images/button_plain_hover.png HTTP/1.1" 304 -
114.86.187.76 - - [07/May/2021:10:05:27 +0800] "GET /xingrg/javascript/easyui/themes/default/images/button_plain_hover.png HTTP/1.1" 304 -
114.86.187.76 - - [07/May/2021:10:05:27 +0800] "GET /xingrg/javascript/easyui/themes/default/images/button_plain_hover.png HTTP/1.1" 304 -
114.86.187.76 - - [07/May/2021:10:05:27 +0800] "GET /xingrg/javascript/easyui/themes/default/images/button_plain_hover.png HTTP/1.1" 304 -
114.86.187.76 - - [07/May/2021:10:05:27 +0800] "GET /xingrg/javascript/easyui/themes/default/images/button_plain_hover.png HTTP/1.1" 304 -
114.86.187.76 - - [07/May/2021:10:05:27 +0800] "GET /xingrg/javascript/easyui/themes/default/images/button_plain_hover.png HTTP/1.1" 304 -
114.86.187.76 - - [07/May/2021:10:05:27 +0800] "GET /xingrg/javascript/easyui/themes/default/images/button_plain_hover.png HTTP/1.1" 304 -
116.230.110.80 - - [07/May/2021:10:05:28 +0800] "GET /xingrg/kc/buy/cgsh_order_operate.html?command=get_materiel&rest_code=00155&code=00101008358&supplier_code=00100005&order_time=2021-05-07 HTTP/1.1" 200 412
116.230.76.31 - - [07/May/2021:10:05:29 +0800] "GET /xingrg/all/function/internal_message.html?_=1620353119937&CODE_STATE=getMsg HTTP/1.1" 200 27
114.86.187.76 - - [07/May/2021:10:05:30 +0800] "POST /xingrg/kc/buy/cgsh_order_operate.html HTTP/1.1" 200 37
114.86.187.76 - - [07/May/2021:10:05:31 +0800] "POST /xingrg/kc/buy/cgsh_order_operate.html HTTP/1.1" 200 2661
116.224.253.72 - - [07/May/2021:10:05:31 +0800] "GET /xingrg/all/function/internal_message.html?_=1620353128624&CODE_STATE=getMsg HTTP/1.1" 200 27
114.86.187.76 - - [07/May/2021:10:05:32 +0800] "GET /xingrg/javascript/easyui/themes/default/images/button_plain_hover.png HTTP/1.1" 304 -
114.86.187.76 - - [07/May/2021:10:05:32 +0800] "GET /xingrg/javascript/easyui/themes/default/images/button_plain_hover.png HTTP/1.1" 304 -
116.230.76.31 - - [07/May/2021:10:05:32 +0800] "GET /xingrg/kc/base/wldb_order_operate.html?command=get_materiel&rest_code=00107&base_code=0010151&code=00101019359 HTTP/1.1" 200 446
114.86.187.76 - - [07/May/2021:10:05:34 +0800] "GET /xingrg/css/site.css HTTP/1.1" 304 -
114.86.187.76 - - [07/May/2021:10:05:34 +0800] "GET /xingrg/javascript/jquery_tools/datebox.css HTTP/1.1" 304 -
114.86.187.76 - - [07/May/2021:10:05:34 +0800] "GET /xingrg/javascript/easyui/themes/default/easyui.css HTTP/1.1" 304 -
114.86.187.76 - - [07/May/2021:10:05:34 +0800] "GET /xingrg/javascript/auto/jquery.autocomplete.css HTTP/1.1" 304 -
114.86.187.76 - - [07/May/2021:10:05:34 +0800] "GET /xingrg/javascript/easyui/themes/icon.css HTTP/1.1" 304 -
114.86.187.76 - - [07/May/2021:10:05:34 +0800] "GET /xingrg/javascript/jquery_tools/fix.css HTTP/1.1" 304 -
114.86.187.76 - - [07/May/2021:10:05:34 +0800] "GET /xingrg/javascript/jquery_tools/table.css HTTP/1.1" 304 -
114.86.187.76 - - [07/May/2021:10:05:34 +0800] "GET /xingrg/css/base.css HTTP/1.1" 304 -
114.86.187.76 - - [07/May/2021:10:05:34 +0800] "GET /xingrg/javascript/jquery_tools/jquery.tools.hotkey.js HTTP/1.1" 304 -
114.86.187.76 - - [07/May/2021:10:05:34 +0800] "GET /xingrg/javascript/jquery_tools/jquery.tools.table.js HTTP/1.1" 304 -
114.86.187.76 - - [07/May/2021:10:05:34 +0800] "GET /xingrg/javascript/easyui/easyloader.js HTTP/1.1" 304 -
114.86.187.76 - - [07/May/2021:10:05:34 +0800] "GET /xingrg/javascript/jquery_tools/list_manager.js HTTP/1.1" 304 -
114.86.187.76 - - [07/May/2021:10:05:34 +0800] "GET /xingrg/kc/buy/cgsh_order_list.html HTTP/1.1" 200 46625
114.86.187.76 - - [07/May/2021:10:05:34 +0800] "GET /xingrg/javascript/auto/jquery.autocomplete.js HTTP/1.1" 304 -
114.86.187.76 - - [07/May/2021:10:05:34 +0800] "GET /xingrg/javascript/jquery.utils.js HTTP/1.1" 304 -
114.86.187.76 - - [07/May/2021:10:05:34 +0800] "GET /xingrg/javascript/jquery.cookie.js HTTP/1.1" 304 -
114.86.187.76 - - [07/May/2021:10:05:34 +0800] "GET /xingrg/javascript/print/LodopFuncs.js HTTP/1.1" 304 -
114.86.187.76 - - [07/May/2021:10:05:34 +0800] "GET /xingrg/javascript/jquery_tools/jquery.tools.min.js HTTP/1.1" 304 -
114.86.187.76 - - [07/May/2021:10:05:34 +0800] "GET /xingrg/javascript/jquery_tools/jquery.tools.extend.js HTTP/1.1" 304 -
114.86.187.76 - - [07/May/2021:10:05:34 +0800] "GET /xingrg/javascript/easyui/plugins/jquery.parser.js HTTP/1.1" 304 -
116.230.110.80 - - [07/May/2021:10:05:35 +0800] "GET /xingrg/kc/buy/cgsh_order_operate.html?command=get_materiel&rest_code=00155&code=00101008087&supplier_code=00100005&order_time=2021-05-07 HTTP/1.1" 200 412
116.230.110.80 - - [07/May/2021:10:05:35 +0800] "GET /xingrg/all/function/internal_message.html?_=1620353131911&CODE_STATE=getMsg HTTP/1.1" 200 27
114.86.187.76 - - [07/May/2021:10:05:38 +0800] "GET /xingrg/all/function/internal_message.html?_=1620353134916&CODE_STATE=getMsg HTTP/1.1" 200 27
114.86.187.76 - - [07/May/2021:10:05:38 +0800] "POST /xingrg/kc/buy/cgsh_list_operate.html HTTP/1.1" 200 2738
120.253.135.82 - - [07/May/2021:10:05:39 +0800] "GET /xingrg/all/function/internal_message.html?_=1620353142879&CODE_STATE=getMsg HTTP/1.1" 200 27
