180.161.124.236 - - [04/May/2021:10:37:20 +0800] "POST /xingrg/all/common/load_combo.html?type=base HTTP/1.1" 200 3060
180.161.124.236 - - [04/May/2021:10:37:22 +0800] "POST /xingrg/all/common/load_combo.html?type=base HTTP/1.1" 200 3060
114.83.218.88 - - [04/May/2021:10:37:25 +0800] "GET /xingrg/all/function/internal_message.html?_=1620095843839&CODE_STATE=getMsg HTTP/1.1" 200 27
180.161.124.236 - - [04/May/2021:10:37:29 +0800] "GET /xingrg/kc/base/wldb_order_operate.html?command=get_materiel&rest_code=00102&base_code=0010476&code=00101016019 HTTP/1.1" 200 451
114.86.187.76 - - [04/May/2021:10:37:29 +0800] "GET /xingrg/check_reg.html?_=1620095847691 HTTP/1.1" 200 22
114.86.187.76 - - [04/May/2021:10:37:29 +0800] "GET /xingrg/all/function/internal_message.html?_=1620095848055&CODE_STATE=getMsg HTTP/1.1" 200 27
114.88.167.174 - - [04/May/2021:10:37:29 +0800] "GET /xingrg/all/function/internal_message.html?_=1620095846328&CODE_STATE=getMsg HTTP/1.1" 200 27
114.88.167.174 - - [04/May/2021:10:37:33 +0800] "POST /xingrg/kc/buy/cgsh_order_operate.html HTTP/1.1" 200 37
117.184.7.26 - - [04/May/2021:10:37:34 +0800] "GET /xingrg/all/function/internal_message.html?_=1620095849870&CODE_STATE=getMsg HTTP/1.1" 200 27
58.221.95.50 - - [04/May/2021:10:37:35 +0800] "GET /xingrg/all/function/internal_message.html?_=1620095853686&CODE_STATE=getMsg HTTP/1.1" 200 27
114.88.167.174 - - [04/May/2021:10:37:35 +0800] "POST /xingrg/kc/buy/cgsh_order_operate.html HTTP/1.1" 200 2663
116.233.79.27 - - [04/May/2021:10:37:37 +0800] "GET /xingrg/all/function/internal_message.html?_=1620095856074&CODE_STATE=getMsg HTTP/1.1" 200 27
114.88.167.174 - - [04/May/2021:10:37:38 +0800] "GET /xingrg/kc/print/load_data.html?order_code=212021050401601&kc_code=cgsh&condition= HTTP/1.1" 200 680
180.169.147.146 - - [04/May/2021:10:37:42 +0800] "GET /xingrg/all/function/internal_message.html?_=1620095862446&CODE_STATE=getMsg HTTP/1.1" 200 27
116.230.114.112 - - [04/May/2021:10:37:42 +0800] "GET /xingrg/check_reg.html?_=1620095867035 HTTP/1.1" 200 22
116.230.76.31 - - [04/May/2021:10:37:43 +0800] "GET /xingrg/all/function/internal_message.html?_=1620095860987&CODE_STATE=getMsg HTTP/1.1" 200 27
114.88.167.174 - - [04/May/2021:10:37:44 +0800] "GET /xingrg/kc/buy/cgsh_order_add.html HTTP/1.1" 200 62357
180.161.124.236 - - [04/May/2021:10:37:45 +0800] "GET /xingrg/kc/base/wldb_order_operate.html?command=get_materiel&rest_code=00102&base_code=0010476&code=00101019015 HTTP/1.1" 200 437
116.230.114.112 - - [04/May/2021:10:37:45 +0800] "GET /xingrg/all/function/internal_message.html?_=1620095869753&CODE_STATE=getMsg HTTP/1.1" 200 27
114.88.167.174 - - [04/May/2021:10:37:45 +0800] "POST /xingrg/kc/buy/cgsh_order_operate.html HTTP/1.1" 200 8245
114.88.167.174 - - [04/May/2021:10:37:46 +0800] "GET /xingrg/javascript/easyui/themes/default/validatebox.css HTTP/1.1" 404 1104
180.169.147.146 - - [04/May/2021:10:37:46 +0800] "GET /xingrg/all/function/internal_message.html?_=1620095865948&CODE_STATE=getMsg HTTP/1.1" 200 27
116.230.110.80 - - [04/May/2021:10:37:47 +0800] "GET /xingrg/all/function/internal_message.html?_=1620095866250&CODE_STATE=getMsg HTTP/1.1" 200 27
116.230.110.80 - - [04/May/2021:10:37:47 +0800] "GET /xingrg/check_reg.html?_=1620095866253 HTTP/1.1" 200 22
120.253.135.82 - - [04/May/2021:10:37:49 +0800] "GET /xingrg/all/function/internal_message.html?_=1620095878184&CODE_STATE=getMsg HTTP/1.1" 200 27
180.161.124.236 - - [04/May/2021:10:37:50 +0800] "GET /xingrg/kc/base/wldb_order_operate.html?command=get_materiel&rest_code=00102&base_code=0010476&code=00101016076 HTTP/1.1" 200 477
61.165.42.208 - - [04/May/2021:10:37:50 +0800] "GET /xingrg/kc/print/load_data.html?order_code=212021050401600&kc_code=cgsh&condition= HTTP/1.1" 200 1795
101.85.94.178 - - [04/May/2021:10:37:52 +0800] "GET /xingrg/check_reg.html?_=1620095385906 HTTP/1.1" 200 22
101.85.94.178 - - [04/May/2021:10:37:52 +0800] "GET /xingrg/all/function/internal_message.html?_=1620095385908&CODE_STATE=getMsg HTTP/1.1" 200 27
120.253.135.82 - - [04/May/2021:10:37:52 +0800] "GET /xingrg/check_reg.html?_=1620095652005 HTTP/1.1" 200 22
120.253.135.82 - - [04/May/2021:10:37:53 +0800] "GET /xingrg/all/function/internal_message.html?_=1620095652668&CODE_STATE=getMsg HTTP/1.1" 200 27
180.161.124.236 - - [04/May/2021:10:37:54 +0800] "GET /xingrg/kc/base/wldb_order_operate.html?command=get_materiel&rest_code=00102&base_code=0010476&code=00101019187 HTTP/1.1" 200 465
180.161.124.236 - - [04/May/2021:10:37:54 +0800] "GET /xingrg/all/function/internal_message.html?_=1620096158741&CODE_STATE=getMsg HTTP/1.1" 200 27
61.165.42.208 - - [04/May/2021:10:37:55 +0800] "GET /xingrg/kc/buy/cgsh_order_add.html HTTP/1.1" 200 62404
61.165.42.208 - - [04/May/2021:10:37:56 +0800] "GET /xingrg/javascript/easyui/themes/default/validatebox.css HTTP/1.1" 404 1104
61.165.42.208 - - [04/May/2021:10:37:56 +0800] "POST /xingrg/kc/buy/cgsh_order_operate.html HTTP/1.1" 200 8245
114.88.167.174 - - [04/May/2021:10:38:01 +0800] "GET /xingrg/kc/buy/cgsh_order_operate.html?command=get_materiel&rest_code=00111&code=00101004046&supplier_code=00100312&order_time=2021-05-04 HTTP/1.1" 200 417
116.230.76.31 - - [04/May/2021:10:38:02 +0800] "GET /xingrg/javascript/easyui/themes/default/tree.css HTTP/1.1" 404 1090
116.230.76.31 - - [04/May/2021:10:38:02 +0800] "POST /xingrg/all/common/load_tree.html?tree=supplier_tree_json&isDelete=1 HTTP/1.1" 200 55318
180.161.124.236 - - [04/May/2021:10:38:03 +0800] "POST /xingrg/kc/base/wldb_order_operate.html HTTP/1.1" 200 37
61.165.42.208 - - [04/May/2021:10:38:05 +0800] "GET /xingrg/all/function/internal_message.html?_=1620095884294&CODE_STATE=getMsg HTTP/1.1" 200 27
180.161.124.236 - - [04/May/2021:10:38:05 +0800] "POST /xingrg/kc/base/wldb_order_operate.html HTTP/1.1" 200 12
180.161.124.236 - - [04/May/2021:10:38:05 +0800] "POST /xingrg/kc/base/wldb_order_operate.html HTTP/1.1" 200 4691
180.161.124.236 - - [04/May/2021:10:38:06 +0800] "GET /xingrg/kc/base/wldb_order_info.html?code=422021050400413 HTTP/1.1" 200 26381
61.165.42.208 - - [04/May/2021:10:38:07 +0800] "GET /xingrg/check_reg.html?_=1620095885999 HTTP/1.1" 200 22
180.161.124.236 - - [04/May/2021:10:38:07 +0800] "POST /xingrg/kc/base/wldb_order_operate.html HTTP/1.1" 200 2926
180.161.124.236 - - [04/May/2021:10:38:07 +0800] "GET /xingrg/javascript/easyui/themes/default/validatebox.css HTTP/1.1" 404 1104
111.227.226.56 - - [04/May/2021:10:38:09 +0800] "GET /xingrg/index.html?costTime=5261&sysBaseUrl=http://180.169.147.146:18081/xingrg/×tamp=1619842965924 HTTP/1.1" 302 -
180.161.124.236 - - [04/May/2021:10:38:09 +0800] "GET /xingrg/javascript/jquery_easy_ui/themes/default/images/tabs_active.png HTTP/1.1" 304 -
111.58.248.141 - - [04/May/2021:10:38:09 +0800] "GET /xingrg/login.html?costTime=3&sysBaseUrl=http://180.169.147.146:18081/xingrg/×tamp=1619866758710 HTTP/1.1" 200 7641
125.67.101.80 - - [04/May/2021:10:38:09 +0800] "GET /xingrg/login.html HTTP/1.1" 200 7641
183.209.96.84 - - [04/May/2021:10:38:09 +0800] "GET /xingrg/login.html?costTime=48&sysBaseUrl=http://180.169.147.146:18081/xingrg/×tamp=1619851085157 HTTP/1.1" 200 7641
182.46.165.143 - - [04/May/2021:10:38:09 +0800] "GET /xingrg/login.html?costTime=3&sysBaseUrl=http://180.169.147.146:18081/xingrg/×tamp=1619866758710 HTTP/1.1" 200 7641
124.115.104.122 - - [04/May/2021:10:38:10 +0800] "GET /xingrg/index.html?costTime=41&sysBaseUrl=http://180.169.147.146:18081/xingrg/×tamp=1619753083626 HTTP/1.1" 302 -
183.209.96.84 - - [04/May/2021:10:38:11 +0800] "GET /forum/thread-10992527-1-1.html HTTP/1.1" 404 -
114.88.167.174 - - [04/May/2021:10:38:13 +0800] "GET /xingrg/kc/buy/cgsh_order_operate.html?command=get_materiel&rest_code=00111&code=00101004030&supplier_code=00100312&order_time=2021-05-04 HTTP/1.1" 200 427
124.115.104.122 - - [04/May/2021:10:38:13 +0800] "GET /89wn_0pih59v_206576.ki6?b_xiangguan HTTP/1.1" 404 -
116.224.253.72 - - [04/May/2021:10:38:14 +0800] "GET /xingrg/all/function/internal_message.html?_=1620095890506&CODE_STATE=getMsg HTTP/1.1" 200 27
61.165.42.208 - - [04/May/2021:10:38:14 +0800] "GET /xingrg/kc/buy/cgsh_order_operate.html?command=get_materiel&rest_code=00105&code=00101010079&supplier_code=00100336&order_time=2021-05-04 HTTP/1.1" 200 413
125.67.101.80 - - [04/May/2021:10:38:15 +0800] "GET /vodsearch/%E7%88%B8%E7%88%B8----------8---.html HTTP/1.1" 404 -
116.224.253.72 - - [04/May/2021:10:38:15 +0800] "GET /xingrg/all/function/internal_message.html?_=1620095895020&CODE_STATE=getMsg HTTP/1.1" 200 27
124.115.104.122 - - [04/May/2021:10:38:16 +0800] "GET /PageWork/wFcEditBill.aspx?FC_mdlID=0304&sss=0.7494990165386624&wFc_mdfKeyValue=CR2020050020&wFc_openMethod=0 HTTP/1.1" 404 -
116.230.76.31 - - [04/May/2021:10:38:16 +0800] "GET /xingrg/javascript/auto/indicator.gif HTTP/1.1" 404 1066
114.88.167.174 - - [04/May/2021:10:38:19 +0800] "GET /xingrg/kc/buy/cgsh_order_operate.html?command=get_materiel&rest_code=00111&code=00101001029&supplier_code=00100312&order_time=2021-05-04 HTTP/1.1" 200 414
182.46.165.143 - - [04/May/2021:10:38:20 +0800] "GET /blizzard/hearthstone.html HTTP/1.1" 404 -
125.67.101.80 - - [04/May/2021:10:38:21 +0800] "GET /xzdj/slz_40605/cbsq/zxdt_53739/201710/t20171020_2450680.htm HTTP/1.1" 404 -
124.115.104.122 - - [04/May/2021:10:38:21 +0800] "GET /cdkey.fish?openid=00000000000000000000000055078E2B&pf=qzone HTTP/1.1" 404 -
116.230.76.31 - - [04/May/2021:10:38:23 +0800] "GET /xingrg/kc/buy/cgsh_order_operate.html?command=get_materiel&rest_code=00107&code=00101011010&supplier_code=00100049&order_time=2021-05-04 HTTP/1.1" 200 418
61.165.42.208 - - [04/May/2021:10:38:24 +0800] "POST /xingrg/kc/buy/cgsh_order_operate.html HTTP/1.1" 200 37
114.83.218.88 - - [04/May/2021:10:38:25 +0800] "GET /xingrg/all/function/internal_message.html?_=1620095903823&CODE_STATE=getMsg HTTP/1.1" 200 27
182.46.165.143 - - [04/May/2021:10:38:26 +0800] "GET /portal/usercenter/screen.htm?url=pMyResourceApply HTTP/1.1" 404 -
61.165.42.208 - - [04/May/2021:10:38:26 +0800] "POST /xingrg/kc/buy/cgsh_order_operate.html HTTP/1.1" 200 2657
114.86.187.76 - - [04/May/2021:10:38:29 +0800] "GET /xingrg/all/function/internal_message.html?_=1620095908070&CODE_STATE=getMsg HTTP/1.1" 200 27
114.88.167.174 - - [04/May/2021:10:38:29 +0800] "GET /xingrg/all/function/internal_message.html?_=1620095906342&CODE_STATE=getMsg HTTP/1.1" 200 27
182.46.165.143 - - [04/May/2021:10:38:29 +0800] "GET /content/2018/09/27/482068.html HTTP/1.1" 404 -
116.230.76.31 - - [04/May/2021:10:38:32 +0800] "POST /xingrg/kc/buy/cgsh_order_operate.html HTTP/1.1" 200 37
61.165.42.208 - - [04/May/2021:10:38:32 +0800] "GET /xingrg/kc/print/load_data.html?order_code=212021050401602&kc_code=cgsh&condition= HTTP/1.1" 200 664
182.46.165.143 - - [04/May/2021:10:38:34 +0800] "GET /admin/dz/gztj_history.jsp?tjjsrq=2021-04-29&tjksrq=2021-04-29 HTTP/1.1" 404 -
116.230.76.31 - - [04/May/2021:10:38:34 +0800] "POST /xingrg/kc/buy/cgsh_order_operate.html HTTP/1.1" 200 2664
117.184.7.26 - - [04/May/2021:10:38:34 +0800] "GET /xingrg/all/function/internal_message.html?_=1620095909860&CODE_STATE=getMsg HTTP/1.1" 200 27
58.221.95.50 - - [04/May/2021:10:38:35 +0800] "GET /xingrg/all/function/internal_message.html?_=1620095913689&CODE_STATE=getMsg HTTP/1.1" 200 27
58.221.95.50 - - [04/May/2021:10:38:35 +0800] "GET /xingrg/check_reg.html?_=1620095913693 HTTP/1.1" 200 22
116.230.76.31 - - [04/May/2021:10:38:35 +0800] "GET /xingrg/kc/print/load_config.html?kc_code=cgsh HTTP/1.1" 200 1845
116.230.76.31 - - [04/May/2021:10:38:35 +0800] "GET /xingrg/kc/print/load_data.html?order_code=212021050401603&kc_code=cgsh&condition= HTTP/1.1" 200 715
182.46.165.143 - - [04/May/2021:10:38:36 +0800] "GET /User/Register.aspx?ReturnUrl=http%3A%2F%2Fcd.haianedu.net%2FUser%2FContent%2FFavorite.aspx%3FAction%3Dadd%26Id%3D9954 HTTP/1.1" 404 -
116.233.79.27 - - [04/May/2021:10:38:37 +0800] "GET /xingrg/all/function/internal_message.html?_=1620095916096&CODE_STATE=getMsg HTTP/1.1" 200 27
116.233.79.27 - - [04/May/2021:10:38:37 +0800] "GET /xingrg/check_reg.html?_=1620095916097 HTTP/1.1" 200 22
182.46.165.143 - - [04/May/2021:10:38:38 +0800] "GET /167001/ HTTP/1.1" 404 -
182.46.165.143 - - [04/May/2021:10:38:39 +0800] "GET /vpqd/1003172.html HTTP/1.1" 404 -
183.209.96.84 - - [04/May/2021:10:38:39 +0800] "GET /baidu/shebei/?bd_vid=9635259233327968129&e_creative=46689138167&e_keywordid=229997747156&key=XunHuanShuiYangZhiSheBei HTTP/1.1" 404 -
114.88.167.174 - - [04/May/2021:10:38:40 +0800] "GET /xingrg/kc/buy/cgsh_order_operate.html?command=get_materiel&rest_code=00111&code=00101004020&supplier_code=00100312&order_time=2021-05-04 HTTP/1.1" 200 409
61.165.42.208 - - [04/May/2021:10:38:41 +0800] "GET /xingrg/kc/buy/cgsh_order_add.html HTTP/1.1" 200 62404
61.165.42.208 - - [04/May/2021:10:38:41 +0800] "POST /xingrg/kc/buy/cgsh_order_operate.html HTTP/1.1" 200 8245
61.165.42.208 - - [04/May/2021:10:38:41 +0800] "GET /xingrg/javascript/easyui/themes/default/validatebox.css HTTP/1.1" 404 1104
180.169.147.146 - - [04/May/2021:10:38:42 +0800] "GET /xingrg/all/function/internal_message.html?_=1620095922450&CODE_STATE=getMsg HTTP/1.1" 200 27
116.230.76.31 - - [04/May/2021:10:38:43 +0800] "GET /xingrg/check_reg.html?_=1620095921002 HTTP/1.1" 200 22
116.230.76.31 - - [04/May/2021:10:38:43 +0800] "GET /xingrg/all/function/internal_message.html?_=1620095921004&CODE_STATE=getMsg HTTP/1.1" 200 27
116.230.114.112 - - [04/May/2021:10:38:45 +0800] "GET /xingrg/all/function/internal_message.html?_=1620095929768&CODE_STATE=getMsg HTTP/1.1" 200 27
180.169.147.146 - - [04/May/2021:10:38:46 +0800] "GET /xingrg/all/function/internal_message.html?_=1620095925970&CODE_STATE=getMsg HTTP/1.1" 200 27
116.230.110.80 - - [04/May/2021:10:38:47 +0800] "GET /xingrg/all/function/internal_message.html?_=1620095926259&CODE_STATE=getMsg HTTP/1.1" 200 27
111.227.226.56 - - [04/May/2021:10:38:48 +0800] "GET /data_addData.action?addDataId=C310BC856C9FCC09FF70AAE4541BE0FD&ajId=384E23762359C456F03AD271AA9F3D70&applications=3225DB1FF5557613138EFD1818CBAE9D&fileTypeId=6555023453&resultStatus=1&tableFlag=JN&typeobj=%E5%85%B6%E4%BB%96 HTTP/1.1" 404 -
111.58.248.141 - - [04/May/2021:10:38:48 +0800] "GET /illegal?article_category=1&bd_vid=8097459155557253797&brd=1&renqun_youhua=1769590&sdclkid=ALo_152ibSDibJD6A- HTTP/1.1" 404 -
183.209.96.84 - - [04/May/2021:10:38:49 +0800] "GET /Member/Login?_=1619178464116&token=9501EE2C36DC604FDE9839F56CB19D20B4DFC2440A6BC67B070AE35BA21FFC3600A9389C88CC3A34 HTTP/1.1" 404 -
120.253.135.82 - - [04/May/2021:10:38:49 +0800] "GET /xingrg/all/function/internal_message.html?_=1620095938196&CODE_STATE=getMsg HTTP/1.1" 200 27
183.209.96.84 - - [04/May/2021:10:38:50 +0800] "GET /Ebooking/BookEdit/Hbl_Comfirm?ord_no=SH210501183&type=mbl HTTP/1.1" 404 -
101.85.94.178 - - [04/May/2021:10:38:52 +0800] "GET /xingrg/all/function/internal_message.html?_=1620095445906&CODE_STATE=getMsg HTTP/1.1" 200 27
182.46.165.143 - - [04/May/2021:10:38:52 +0800] "GET /html/sh01_pc.html?bd_vid=7346368403800130312&e_keywordid=234615734684&e_keywordid2=234615734684&keyword=%E4%B8%8A%E6%B5%B7%E6%B8%B8%E7%8E%A9%E6%94%BB%E7%95%A5&plan=01-SH-%E4%B8%8A%E6%B5%B7&unit=%E6%94%BB%E7%95%A5 HTTP/1.1" 404 -
120.253.135.82 - - [04/May/2021:10:38:53 +0800] "GET /xingrg/all/function/internal_message.html?_=1620095712680&CODE_STATE=getMsg HTTP/1.1" 200 27
183.209.96.84 - - [04/May/2021:10:38:55 +0800] "GET /viewb-27575-275753307.html HTTP/1.1" 404 -
183.209.96.84 - - [04/May/2021:10:38:55 +0800] "GET /web/index.php?a=passport&c=profile HTTP/1.1" 404 -
180.161.124.236 - - [04/May/2021:10:38:55 +0800] "GET /xingrg/all/function/internal_message.html?_=1620096219850&CODE_STATE=getMsg HTTP/1.1" 200 27
182.46.165.143 - - [04/May/2021:10:38:57 +0800] "GET /show-74506.html HTTP/1.1" 404 -
114.88.167.174 - - [04/May/2021:10:38:57 +0800] "POST /xingrg/kc/buy/cgsh_order_operate.html HTTP/1.1" 200 37
182.46.165.143 - - [04/May/2021:10:38:59 +0800] "GET /rsfw/sys/emapcomponent/pdf/web/index.do?file=/rsfw/sys/emapcomponent/file/getAttachmentFile/dd94b38c496a4236b1d0c31a3944ca9d.do?callerApp=zcpsxt HTTP/1.1" 404 -
114.88.167.174 - - [04/May/2021:10:39:00 +0800] "POST /xingrg/kc/buy/cgsh_order_operate.html HTTP/1.1" 200 4438
116.230.76.31 - - [04/May/2021:10:39:00 +0800] "GET /xingrg/kc/buy/cgsh_order_add.html HTTP/1.1" 200 62445
116.230.76.31 - - [04/May/2021:10:39:01 +0800] "GET /xingrg/javascript/easyui/themes/default/validatebox.css HTTP/1.1" 404 1104
116.230.76.31 - - [04/May/2021:10:39:01 +0800] "POST /xingrg/kc/buy/cgsh_order_operate.html HTTP/1.1" 200 8245
58.37.228.113 - - [04/May/2021:10:39:02 +0800] "GET /xingrg/kc/buy/cgsh_order_add.html HTTP/1.1" 200 62363
114.88.167.174 - - [04/May/2021:10:39:02 +0800] "GET /xingrg/kc/print/report_design.html?orderType=cgsh HTTP/1.1" 200 8625
58.37.228.113 - - [04/May/2021:10:39:02 +0800] "POST /xingrg/kc/buy/cgsh_order_operate.html HTTP/1.1" 200 8245
114.88.167.174 - - [04/May/2021:10:39:02 +0800] "GET /xingrg/css/design.css HTTP/1.1" 304 -
114.88.167.174 - - [04/May/2021:10:39:02 +0800] "GET /xingrg/javascript/easyui/jquery.easyui.min.js HTTP/1.1" 304 -
114.88.167.174 - - [04/May/2021:10:39:02 +0800] "GET /xingrg/javascript/easyui/themes/sunny/easyui.css HTTP/1.1" 304 -
114.88.167.174 - - [04/May/2021:10:39:02 +0800] "GET /xingrg/javascript/print/report.js HTTP/1.1" 304 -
114.88.167.174 - - [04/May/2021:10:39:02 +0800] "GET /xingrg/javascript/print/report.helper.js HTTP/1.1" 304 -
58.37.228.113 - - [04/May/2021:10:39:02 +0800] "GET /xingrg/javascript/easyui/themes/default/validatebox.css HTTP/1.1" 404 1104
116.230.76.31 - - [04/May/2021:10:39:02 +0800] "GET /xingrg/javascript/easyui/themes/default/tree.css HTTP/1.1" 404 1090
114.88.167.174 - - [04/May/2021:10:39:03 +0800] "GET /xingrg/javascript/easyui/themes/sunny/images/ui-bg_highlight-soft_100_feeebd_1x100.png HTTP/1.1" 304 -
114.88.167.174 - - [04/May/2021:10:39:03 +0800] "GET /xingrg/javascript/easyui/themes/sunny/images/ui-bg_gloss-wave_45_817865_500x100.png HTTP/1.1" 304 -
114.88.167.174 - - [04/May/2021:10:39:03 +0800] "GET /xingrg/javascript/easyui/themes/sunny/images/ui-icons_fadc7a_256x240.png HTTP/1.1" 304 -
114.88.167.174 - - [04/May/2021:10:39:03 +0800] "GET /xingrg/javascript/easyui/themes/sunny/images/blank.gif HTTP/1.1" 304 -
116.230.76.31 - - [04/May/2021:10:39:03 +0800] "POST /xingrg/all/common/load_tree.html?tree=supplier_tree_json&isDelete=1 HTTP/1.1" 200 55318
114.88.167.174 - - [04/May/2021:10:39:03 +0800] "GET /xingrg/javascript/easyui/themes/sunny/images/ui-icons_bd7b00_256x240.png HTTP/1.1" 304 -
114.88.167.174 - - [04/May/2021:10:39:03 +0800] "GET /xingrg/javascript/easyui/themes/sunny/images/ui-bg_gloss-wave_70_ffdd57_500x100.png HTTP/1.1" 304 -
114.88.167.174 - - [04/May/2021:10:39:03 +0800] "GET /xingrg/kc/print/design_operate.html?_=1620095939587&command=load_config&code=cgsh HTTP/1.1" 200 2747
114.88.167.174 - - [04/May/2021:10:39:03 +0800] "GET /favicon.ico HTTP/1.1" 404 -
114.88.167.174 - - [04/May/2021:10:39:03 +0800] "GET /xingrg/css/images/background.png HTTP/1.1" 304 -
61.165.42.208 - - [04/May/2021:10:39:05 +0800] "GET /xingrg/all/function/internal_message.html?_=1620095944150&CODE_STATE=getMsg HTTP/1.1" 200 27
114.88.167.174 - - [04/May/2021:10:39:06 +0800] "GET /xingrg/kc/print/load_data.html?order_code=212021050401604&kc_code=cgsh&condition= HTTP/1.1" 200 1356
182.46.165.143 - - [04/May/2021:10:39:06 +0800] "GET /proj/studentwork/courseListNew?menuRefId=15675&ptcode=34101 HTTP/1.1" 404 -
114.88.167.174 - - [04/May/2021:10:39:12 +0800] "GET /xingrg/kc/buy/cgsh_order_add.html HTTP/1.1" 200 62357
116.224.253.72 - - [04/May/2021:10:39:13 +0800] "GET /xingrg/check_reg.html?_=1620095949504 HTTP/1.1" 200 22
58.37.228.113 - - [04/May/2021:10:39:13 +0800] "GET /xingrg/kc/buy/cgsh_order_operate.html?command=get_materiel&rest_code=00141&code=00101007038&supplier_code=00100004&order_time=2021-05-04 HTTP/1.1" 200 441
116.224.253.72 - - [04/May/2021:10:39:14 +0800] "GET /xingrg/all/function/internal_message.html?_=1620095950519&CODE_STATE=getMsg HTTP/1.1" 200 27
114.88.167.174 - - [04/May/2021:10:39:14 +0800] "POST /xingrg/kc/buy/cgsh_order_operate.html HTTP/1.1" 200 8245
114.88.167.174 - - [04/May/2021:10:39:14 +0800] "GET /xingrg/javascript/easyui/themes/default/validatebox.css HTTP/1.1" 404 1104
116.224.253.72 - - [04/May/2021:10:39:15 +0800] "GET /xingrg/all/function/internal_message.html?_=1620095955019&CODE_STATE=getMsg HTTP/1.1" 200 27
116.230.76.31 - - [04/May/2021:10:39:17 +0800] "GET /xingrg/kc/buy/cgsh_order_operate.html?command=get_materiel&rest_code=00107&code=00101007075&supplier_code=00100002&order_time=2021-05-04 HTTP/1.1" 200 408
182.46.165.143 - - [04/May/2021:10:39:18 +0800] "GET /xsfw/sys/rychapp/*default/index.do?EMAP_LANG=zh&THEME=indigo&_sec_version_=1&gid_=ZTVvcVBzNVpoUUx2OVgwQmQvNGJFYlpETXoybk92TFlHMTFEbEE5bHp2QUdzdmRuL2VHY21vTmFqV3NWa0FZR1prWEYvUDBwdmtaMjFaSHREallXQ3c9PQ&t_s=1619331648030 HTTP/1.1" 404 -
182.46.165.143 - - [04/May/2021:10:39:18 +0800] "GET /s?__biz=MzI0NjIwNjA2MQ==&mid=2650429979&idx=2&sn=3757bf285945ef7b2d4195d0bb34b27a&chksm=f14c2119c63ba80f5f32ec87bbff484f4e59db2419356b979a7255f12bb491a6d7d9710daa7e&scene=27 HTTP/1.1" 404 -
114.88.167.174 - - [04/May/2021:10:39:22 +0800] "GET /xingrg/kc/buy/cgsh_order_operate.html?command=get_materiel&rest_code=00111&code=00101010079&supplier_code=00100336&order_time=2021-05-04 HTTP/1.1" 200 413
114.88.167.174 - - [04/May/2021:10:39:22 +0800] "GET /xingrg/check_reg.html?_=1620095958996 HTTP/1.1" 200 22
114.83.218.88 - - [04/May/2021:10:39:25 +0800] "GET /xingrg/all/function/internal_message.html?_=1620095963812&CODE_STATE=getMsg HTTP/1.1" 200 27
114.86.187.76 - - [04/May/2021:10:39:29 +0800] "GET /xingrg/all/function/internal_message.html?_=1620095968083&CODE_STATE=getMsg HTTP/1.1" 200 27
114.88.167.174 - - [04/May/2021:10:39:29 +0800] "GET /xingrg/all/function/internal_message.html?_=1620095966356&CODE_STATE=getMsg HTTP/1.1" 200 27
114.88.167.174 - - [04/May/2021:10:39:30 +0800] "POST /xingrg/kc/buy/cgsh_order_operate.html HTTP/1.1" 200 37
116.230.76.31 - - [04/May/2021:10:39:31 +0800] "GET /xingrg/kc/buy/cgsh_order_operate.html?command=get_materiel&rest_code=00107&code=00101007059&supplier_code=00100002&order_time=2021-05-04 HTTP/1.1" 200 409
58.37.228.113 - - [04/May/2021:10:39:31 +0800] "GET /xingrg/kc/buy/cgsh_order_operate.html?command=get_materiel&rest_code=00141&code=00101007076&supplier_code=00100004&order_time=2021-05-04 HTTP/1.1" 200 408
111.227.226.56 - - [04/May/2021:10:39:32 +0800] "GET /admin/houses/adddoctor.html?id=20163 HTTP/1.1" 404 -
111.58.248.141 - - [04/May/2021:10:39:32 +0800] "GET /type/1-7.html HTTP/1.1" 404 -
114.88.167.174 - - [04/May/2021:10:39:33 +0800] "POST /xingrg/kc/buy/cgsh_order_operate.html HTTP/1.1" 200 2658
117.184.7.26 - - [04/May/2021:10:39:34 +0800] "GET /xingrg/all/function/internal_message.html?_=1620095969864&CODE_STATE=getMsg HTTP/1.1" 200 27
117.184.7.26 - - [04/May/2021:10:39:34 +0800] "GET /xingrg/check_reg.html?_=1620095969868 HTTP/1.1" 200 22
58.221.95.50 - - [04/May/2021:10:39:35 +0800] "GET /xingrg/all/function/internal_message.html?_=1620095973705&CODE_STATE=getMsg HTTP/1.1" 200 27
114.88.167.174 - - [04/May/2021:10:39:35 +0800] "GET /xingrg/kc/print/load_data.html?order_code=212021050401605&kc_code=cgsh&condition= HTTP/1.1" 200 665
111.227.226.56 - - [04/May/2021:10:39:36 +0800] "GET /761978.htm HTTP/1.1" 404 -
111.58.248.141 - - [04/May/2021:10:39:36 +0800] "GET /761700.htm HTTP/1.1" 404 -
116.233.79.27 - - [04/May/2021:10:39:37 +0800] "GET /xingrg/all/function/internal_message.html?_=1620095976080&CODE_STATE=getMsg HTTP/1.1" 200 27
182.46.165.143 - - [04/May/2021:10:39:41 +0800] "GET /mtzhwx/2019/201903/%v9%90%93%v3%82%87%v5%81%94%v6%92%9v%vv%84%80%v5%0s%82201903007.html HTTP/1.1" 400 -
111.227.226.56 - - [04/May/2021:10:39:42 +0800] "GET /login?__time__=1619423863131&_app_encoding_tag_=1&service=http://me.daxingedu.cn/app/enter.do?id=ee47dc00cb3540ba883ccd0a811909e1&text=%u901A%u77E5%u516C%u544A HTTP/1.1" 404 -
111.58.248.141 - - [04/May/2021:10:39:42 +0800] "GET /wap/dy6_m_Article_Main.asp?ID=6919&ivk_sa=1024320u HTTP/1.1" 404 -
180.169.147.146 - - [04/May/2021:10:39:42 +0800] "GET /xingrg/all/function/internal_message.html?_=1620095982453&CODE_STATE=getMsg HTTP/1.1" 200 27
116.230.76.31 - - [04/May/2021:10:39:43 +0800] "GET /xingrg/all/function/internal_message.html?_=1620095980996&CODE_STATE=getMsg HTTP/1.1" 200 27
116.230.76.31 - - [04/May/2021:10:39:44 +0800] "GET /xingrg/kc/buy/cgsh_order_operate.html?command=get_materiel&rest_code=00107&code=00101007081&supplier_code=00100002&order_time=2021-05-04 HTTP/1.1" 200 413
111.227.226.56 - - [04/May/2021:10:39:44 +0800] "GET /NTRdrBookRetr.aspx?strKeyValue=%E9%AA%A8%E9%AB%93%E7%BA%A4%E7%BB%B4%E5%8C%96&strSort=asc&strType=text&strpageNum=10&tabletype=* HTTP/1.1" 404 -
111.58.248.141 - - [04/May/2021:10:39:44 +0800] "GET /?s=wrap+4d HTTP/1.1" 404 -
116.230.114.112 - - [04/May/2021:10:39:45 +0800] "GET /xingrg/all/function/internal_message.html?_=1620095989781&CODE_STATE=getMsg HTTP/1.1" 200 27
183.209.96.84 - - [04/May/2021:10:39:46 +0800] "GET /goods2etail/120302.html HTTP/1.1" 404 -
180.169.147.146 - - [04/May/2021:10:39:46 +0800] "GET /xingrg/all/function/internal_message.html?_=1620095985959&CODE_STATE=getMsg HTTP/1.1" 200 27
116.230.110.80 - - [04/May/2021:10:39:47 +0800] "GET /xingrg/all/function/internal_message.html?_=1620095986256&CODE_STATE=getMsg HTTP/1.1" 200 27
183.209.96.84 - - [04/May/2021:10:39:48 +0800] "GET /video/list/20/5.html HTTP/1.1" 404 -
58.37.228.113 - - [04/May/2021:10:39:49 +0800] "GET /xingrg/kc/buy/cgsh_order_operate.html?command=get_materiel&rest_code=00141&code=00101007049&supplier_code=00100004&order_time=2021-05-04 HTTP/1.1" 200 409
120.253.135.82 - - [04/May/2021:10:39:49 +0800] "GET /xingrg/all/function/internal_message.html?_=1620095998250&CODE_STATE=getMsg HTTP/1.1" 200 27
183.209.96.84 - - [04/May/2021:10:39:49 +0800] "GET /admin.php?a=index&m=login HTTP/1.1" 404 -
183.209.96.84 - - [04/May/2021:10:39:50 +0800] "GET /chushou/3_157538377.htm HTTP/1.1" 404 -
101.85.94.178 - - [04/May/2021:10:39:52 +0800] "GET /xingrg/all/function/internal_message.html?_=1620095505904&CODE_STATE=getMsg HTTP/1.1" 200 27
183.209.96.84 - - [04/May/2021:10:39:53 +0800] "GET /rent/s760185733 HTTP/1.1" 404 -
120.253.135.82 - - [04/May/2021:10:39:53 +0800] "GET /xingrg/all/function/internal_message.html?_=1620095772695&CODE_STATE=getMsg HTTP/1.1" 200 27
180.161.124.236 - - [04/May/2021:10:39:54 +0800] "GET /xingrg/check_reg.html?_=1620096278567 HTTP/1.1" 200 22
183.209.96.84 - - [04/May/2021:10:39:55 +0800] "GET /sysweb/frameList.jsp?AppSSOSessionID=12OIPLJU3ZHQK6PAC1S8STWRQQ82HWZM&serviceid=93&servicename=%E9%80%9A%E8%AE%AF%E5%BD%95 HTTP/1.1" 404 -
180.161.124.236 - - [04/May/2021:10:39:55 +0800] "GET /xingrg/all/function/internal_message.html?_=1620096279868&CODE_STATE=getMsg HTTP/1.1" 200 27
116.230.76.31 - - [04/May/2021:10:39:59 +0800] "POST /xingrg/kc/buy/cgsh_order_operate.html HTTP/1.1" 200 37
183.209.96.84 - - [04/May/2021:10:40:01 +0800] "GET /OA_HTML/OA.jsp?NtfId=556217&OAFunc=FND_WFNTF_DETAILS&_ti=877885306&addBreadCrumb=Y&oapc=20&oas=r9Xa8mjdraj8nTDhZ9ZLVA..&retainAM=Y HTTP/1.1" 404 -
116.230.76.31 - - [04/May/2021:10:40:01 +0800] "POST /xingrg/kc/buy/cgsh_order_operate.html HTTP/1.1" 200 3837
183.209.96.84 - - [04/May/2021:10:40:03 +0800] "GET /showtopic-4969630-1-1.html HTTP/1.1" 404 -
183.209.96.84 - - [04/May/2021:10:40:03 +0800] "GET /coursePlaySfpServlet.do?chapter_id=8&course_id=29&jkey=26409&position=0&turn=4 HTTP/1.1" 404 -
58.37.228.113 - - [04/May/2021:10:40:04 +0800] "GET /xingrg/kc/buy/cgsh_order_operate.html?command=get_materiel&rest_code=00141&code=00101007071&supplier_code=00100004&order_time=2021-05-04 HTTP/1.1" 200 417
183.209.96.84 - - [04/May/2021:10:40:05 +0800] "GET /chanpin/143755010.htm HTTP/1.1" 404 -
61.165.42.208 - - [04/May/2021:10:40:05 +0800] "GET /xingrg/all/function/internal_message.html?_=1620096004111&CODE_STATE=getMsg HTTP/1.1" 200 27
183.209.96.84 - - [04/May/2021:10:40:06 +0800] "GET /gongying/187757586.html HTTP/1.1" 404 -
183.209.96.84 - - [04/May/2021:10:40:06 +0800] "GET /?page_id=1237 HTTP/1.1" 404 -
183.209.96.84 - - [04/May/2021:10:40:07 +0800] "GET /Contract/ContractDetail.aspx?BODY_ID=961&CONTRACT_ID=668646 HTTP/1.1" 404 -
183.209.96.84 - - [04/May/2021:10:40:07 +0800] "GET /admin/paper/toPaperRecord?queryPaperRecord.cusId=253125 HTTP/1.1" 404 -
116.230.76.31 - - [04/May/2021:10:40:08 +0800] "GET /xingrg/kc/print/load_data.html?order_code=212021050401606&kc_code=cgsh&condition= HTTP/1.1" 200 1192
183.209.96.84 - - [04/May/2021:10:40:08 +0800] "GET /f71ht/admin_down_resource_add.asp?ID=317828&action=edit HTTP/1.1" 404 -
183.209.96.84 - - [04/May/2021:10:40:08 +0800] "GET /resource/anonym.jsp;jsessionid=94FBE9B41FAADABC986382984F77EF49 HTTP/1.1" 404 -
183.209.96.84 - - [04/May/2021:10:40:09 +0800] "GET /newnotice?id=83328 HTTP/1.1" 404 -
183.209.96.84 - - [04/May/2021:10:40:10 +0800] "GET /gds?action=data&do=pay_list HTTP/1.1" 404 -
111.227.226.56 - - [04/May/2021:10:40:11 +0800] "GET /all?code=EE02&id=1&type=2 HTTP/1.1" 404 -
111.58.248.141 - - [04/May/2021:10:40:11 +0800] "GET /all?code=EE&id=1&type=1 HTTP/1.1" 404 -
116.230.76.31 - - [04/May/2021:10:40:12 +0800] "GET /xingrg/kc/buy/cgsh_order_add.html HTTP/1.1" 200 62445
183.209.96.84 - - [04/May/2021:10:40:12 +0800] "GET /index.php/vod/type/id/1qqqqx/page/4.html HTTP/1.1" 404 -
116.230.76.31 - - [04/May/2021:10:40:12 +0800] "GET /xingrg/javascript/easyui/themes/default/validatebox.css HTTP/1.1" 404 1104
116.230.76.31 - - [04/May/2021:10:40:12 +0800] "POST /xingrg/kc/buy/cgsh_order_operate.html HTTP/1.1" 200 8245
111.227.226.56 - - [04/May/2021:10:40:13 +0800] "GET /feue.asp?Bobn/VWDajz.html HTTP/1.1" 404 -
58.37.228.113 - - [04/May/2021:10:40:13 +0800] "POST /xingrg/kc/buy/cgsh_order_operate.html HTTP/1.1" 200 37
116.230.76.31 - - [04/May/2021:10:40:14 +0800] "GET /xingrg/javascript/easyui/themes/default/tree.css HTTP/1.1" 404 1090
116.224.253.72 - - [04/May/2021:10:40:14 +0800] "GET /xingrg/all/function/internal_message.html?_=1620096010533&CODE_STATE=getMsg HTTP/1.1" 200 27
116.230.76.31 - - [04/May/2021:10:40:14 +0800] "POST /xingrg/all/common/load_tree.html?tree=supplier_tree_json&isDelete=1 HTTP/1.1" 200 55318
114.88.167.174 - - [04/May/2021:10:40:14 +0800] "GET /xingrg/kc/buy/cgsh_order_add.html HTTP/1.1" 200 62357
116.224.253.72 - - [04/May/2021:10:40:15 +0800] "GET /xingrg/check_reg.html?_=1620096015031 HTTP/1.1" 200 22
116.224.253.72 - - [04/May/2021:10:40:15 +0800] "GET /xingrg/all/function/internal_message.html?_=1620096015035&CODE_STATE=getMsg HTTP/1.1" 200 27
114.88.167.174 - - [04/May/2021:10:40:16 +0800] "POST /xingrg/kc/buy/cgsh_order_operate.html HTTP/1.1" 200 8245
58.37.228.113 - - [04/May/2021:10:40:16 +0800] "POST /xingrg/kc/buy/cgsh_order_operate.html HTTP/1.1" 200 12
114.88.167.174 - - [04/May/2021:10:40:16 +0800] "GET /xingrg/javascript/easyui/themes/default/validatebox.css HTTP/1.1" 404 1104
58.40.7.146 - - [04/May/2021:10:40:18 +0800] "GET /favicon.ico HTTP/1.1" 404 -
111.227.226.56 - - [04/May/2021:10:40:18 +0800] "GET /news/2018710/44582.shtm HTTP/1.1" 404 -
111.227.226.56 - - [04/May/2021:10:40:19 +0800] "GET /trr/category-1-b0-min600-max1300-attr0-5-goods_id-DESC.html HTTP/1.1" 404 -
111.227.226.56 - - [04/May/2021:10:40:19 +0800] "GET /login.jsp;jsessionid=15E88C81E4A5D8F02E17C8DD656DFC78 HTTP/1.1" 404 -
111.227.226.56 - - [04/May/2021:10:40:23 +0800] "GET /k/turmux filim sikix HTTP/1.1" 505 -
114.83.218.88 - - [04/May/2021:10:40:25 +0800] "GET /xingrg/all/function/internal_message.html?_=1620096023782&CODE_STATE=getMsg HTTP/1.1" 200 27
114.83.218.88 - - [04/May/2021:10:40:26 +0800] "GET /xingrg/check_reg.html?_=1620096025627 HTTP/1.1" 200 22
114.88.167.174 - - [04/May/2021:10:40:27 +0800] "GET /xingrg/kc/buy/cgsh_order_operate.html?command=get_materiel&rest_code=00111&code=00101006001&supplier_code=00100404&order_time=2021-05-04 HTTP/1.1" 200 428
116.230.76.31 - - [04/May/2021:10:40:28 +0800] "GET /xingrg/kc/buy/cgsh_order_operate.html?command=get_materiel&rest_code=00107&code=00101018008&supplier_code=00100010&order_time=2021-05-04 HTTP/1.1" 200 413
114.86.187.76 - - [04/May/2021:10:40:29 +0800] "GET /xingrg/all/function/internal_message.html?_=1620096028101&CODE_STATE=getMsg HTTP/1.1" 200 27
114.88.167.174 - - [04/May/2021:10:40:29 +0800] "GET /xingrg/all/function/internal_message.html?_=1620096026370&CODE_STATE=getMsg HTTP/1.1" 200 27
116.224.253.72 - - [04/May/2021:10:40:33 +0800] "POST /xingrg/all/user/operate.html HTTP/1.1" 200 36
116.224.253.72 - - [04/May/2021:10:40:33 +0800] "GET /xingrg/javascript/jquery_easy_ui/themes/default/easyui.css HTTP/1.1" 304 -
116.224.253.72 - - [04/May/2021:10:40:33 +0800] "GET /xingrg/index.html?sysBaseUrl=http%3A%2F%2F180.169.147.146%3A18081%2Fxingrg%2F&costTime=40×tamp=1620004181176 HTTP/1.1" 200 17177
116.224.253.72 - - [04/May/2021:10:40:33 +0800] "GET /xingrg/javascript/jquery_easy_ui/themes/icon.css HTTP/1.1" 304 -
116.224.253.72 - - [04/May/2021:10:40:33 +0800] "GET /xingrg/css/form.css HTTP/1.1" 304 -
116.224.253.72 - - [04/May/2021:10:40:33 +0800] "GET /xingrg/javascript/jquery-1.4.2.min.js HTTP/1.1" 304 -
116.224.253.72 - - [04/May/2021:10:40:33 +0800] "GET /xingrg/javascript/jquery_easy_ui/jquery.easyui.min.js HTTP/1.1" 304 -
116.224.253.72 - - [04/May/2021:10:40:33 +0800] "GET /xingrg/javascript/jquery_easy_ui/easyui-lang-zh_CN.js HTTP/1.1" 304 -
116.224.253.72 - - [04/May/2021:10:40:33 +0800] "GET /xingrg/javascript/jquery.form.js HTTP/1.1" 304 -
116.224.253.72 - - [04/May/2021:10:40:33 +0800] "GET /xingrg/javascript/jquery.utils.js HTTP/1.1" 304 -
116.224.253.72 - - [04/May/2021:10:40:33 +0800] "GET /xingrg/javascript/jquery.timers.js HTTP/1.1" 304 -
116.224.253.72 - - [04/May/2021:10:40:33 +0800] "GET /xingrg/images/blue/jxLogo.png HTTP/1.1" 304 -
116.224.253.72 - - [04/May/2021:10:40:33 +0800] "GET /xingrg/javascript/jquery_easy_ui/themes/icons/settle_new.png HTTP/1.1" 304 -
116.224.253.72 - - [04/May/2021:10:40:33 +0800] "GET /xingrg/images/blue/navBackgound.jpg HTTP/1.1" 304 -
116.224.253.72 - - [04/May/2021:10:40:33 +0800] "POST /xingrg/all/common/load_tree.html?tree=area_rest_tree_json&manage=1 HTTP/1.1" 200 476
116.224.253.72 - - [04/May/2021:10:40:33 +0800] "GET /xingrg/all/function/internal_message.html?_=1620096033210&CODE_STATE=count HTTP/1.1" 200 11
116.224.253.72 - - [04/May/2021:10:40:33 +0800] "GET /xingrg/check_reg.html?_=1620096033210 HTTP/1.1" 200 22
116.224.253.72 - - [04/May/2021:10:40:33 +0800] "GET /xingrg/javascript/jquery_easy_ui/themes/default/images/tabs_leftarrow.png HTTP/1.1" 304 -
116.224.253.72 - - [04/May/2021:10:40:33 +0800] "GET /xingrg/javascript/jquery_easy_ui/themes/default/images/panel_tool_collapse.gif HTTP/1.1" 304 -
116.224.253.72 - - [04/May/2021:10:40:33 +0800] "GET /xingrg/javascript/jquery_easy_ui/themes/default/images/tabs_rightarrow.png HTTP/1.1" 304 -
116.224.253.72 - - [04/May/2021:10:40:33 +0800] "GET /xingrg/images/blue/pingpu.png HTTP/1.1" 304 -
116.224.253.72 - - [04/May/2021:10:40:33 +0800] "POST /xingrg/load_menu.html HTTP/1.1" 200 5138
58.37.228.113 - - [04/May/2021:10:40:34 +0800] "GET /xingrg/kc/buy/cgsh_order_info.html?code=212021050401607 HTTP/1.1" 200 57265
58.37.228.113 - - [04/May/2021:10:40:34 +0800] "GET /xingrg/javascript/easyui/themes/default/validatebox.css HTTP/1.1" 404 1104
117.184.7.26 - - [04/May/2021:10:40:34 +0800] "GET /xingrg/all/function/internal_message.html?_=1620096029868&CODE_STATE=getMsg HTTP/1.1" 200 27
58.37.228.113 - - [04/May/2021:10:40:35 +0800] "POST /xingrg/kc/buy/cgsh_order_operate.html HTTP/1.1" 200 2389
58.221.95.50 - - [04/May/2021:10:40:35 +0800] "GET /xingrg/all/function/internal_message.html?_=1620096033706&CODE_STATE=getMsg HTTP/1.1" 200 27
116.224.253.72 - - [04/May/2021:10:40:35 +0800] "GET /xingrg/kc/buy/cgsh_order_list.html HTTP/1.1" 200 46623
58.37.228.113 - - [04/May/2021:10:40:36 +0800] "GET /xingrg/kc/print/load_data.html?order_code=212021050401607&kc_code=cgsh&condition= HTTP/1.1" 200 1441
116.224.253.72 - - [04/May/2021:10:40:36 +0800] "POST /xingrg/kc/buy/cgsh_list_operate.html HTTP/1.1" 200 876
116.233.79.27 - - [04/May/2021:10:40:37 +0800] "GET /xingrg/all/function/internal_message.html?_=1620096036106&CODE_STATE=getMsg HTTP/1.1" 200 27
116.224.253.72 - - [04/May/2021:10:40:37 +0800] "GET /xingrg/kc/buy/cgsh_order_add.html HTTP/1.1" 200 61999
116.224.253.72 - - [04/May/2021:10:40:37 +0800] "POST /xingrg/kc/buy/cgsh_order_operate.html HTTP/1.1" 200 8245
116.224.253.72 - - [04/May/2021:10:40:37 +0800] "GET /xingrg/javascript/easyui/themes/default/validatebox.css HTTP/1.1" 404 1104
116.230.76.31 - - [04/May/2021:10:40:39 +0800] "GET /xingrg/kc/buy/cgsh_order_operate.html?command=get_materiel&rest_code=00107&code=00101006184&supplier_code=00100010&order_time=2021-05-04 HTTP/1.1" 200 408
116.224.253.72 - - [04/May/2021:10:40:39 +0800] "GET /xingrg/javascript/auto/indicator.gif HTTP/1.1" 404 1066
58.37.228.113 - - [04/May/2021:10:40:40 +0800] "GET /xingrg/kc/buy/cgsh_order_add.html HTTP/1.1" 200 62363
58.37.228.113 - - [04/May/2021:10:40:40 +0800] "POST /xingrg/kc/buy/cgsh_order_operate.html HTTP/1.1" 200 8245
58.37.228.113 - - [04/May/2021:10:40:40 +0800] "GET /xingrg/javascript/easyui/themes/default/validatebox.css HTTP/1.1" 404 1104
180.169.147.146 - - [04/May/2021:10:40:42 +0800] "GET /xingrg/all/function/internal_message.html?_=1620096042455&CODE_STATE=getMsg HTTP/1.1" 200 27
180.169.147.146 - - [04/May/2021:10:40:42 +0800] "GET /xingrg/check_reg.html?_=1620096042458 HTTP/1.1" 200 22
116.230.76.31 - - [04/May/2021:10:40:43 +0800] "GET /xingrg/all/function/internal_message.html?_=1620096041001&CODE_STATE=getMsg HTTP/1.1" 200 27
116.230.114.112 - - [04/May/2021:10:40:45 +0800] "GET /xingrg/all/function/internal_message.html?_=1620096049843&CODE_STATE=getMsg HTTP/1.1" 200 27
116.224.253.72 - - [04/May/2021:10:40:46 +0800] "GET /xingrg/kc/buy/cgsh_order_operate.html?command=get_materiel&rest_code=00151&code=00101008328&supplier_code=00100338&order_time=2021-05-04 HTTP/1.1" 200 411
180.169.147.146 - - [04/May/2021:10:40:46 +0800] "GET /xingrg/all/function/internal_message.html?_=1620096045948&CODE_STATE=getMsg HTTP/1.1" 200 27
180.169.147.146 - - [04/May/2021:10:40:46 +0800] "GET /xingrg/check_reg.html?_=1620096045952 HTTP/1.1" 200 22
116.230.110.80 - - [04/May/2021:10:40:47 +0800] "GET /xingrg/all/function/internal_message.html?_=1620096046254&CODE_STATE=getMsg HTTP/1.1" 200 27
120.253.135.82 - - [04/May/2021:10:40:49 +0800] "GET /xingrg/all/function/internal_message.html?_=1620096058255&CODE_STATE=getMsg HTTP/1.1" 200 27
116.230.76.31 - - [04/May/2021:10:40:51 +0800] "GET /xingrg/kc/buy/cgsh_order_operate.html?command=get_materiel&rest_code=00107&code=00101006109&supplier_code=00100010&order_time=2021-05-04 HTTP/1.1" 200 409
101.85.94.178 - - [04/May/2021:10:40:52 +0800] "GET /xingrg/all/function/internal_message.html?_=1620095565910&CODE_STATE=getMsg HTTP/1.1" 200 27
114.88.167.174 - - [04/May/2021:10:40:54 +0800] "POST /xingrg/kc/buy/cgsh_order_operate.html HTTP/1.1" 200 37
180.161.124.236 - - [04/May/2021:10:40:55 +0800] "GET /xingrg/all/function/internal_message.html?_=1620096339876&CODE_STATE=getMsg HTTP/1.1" 200 27
114.88.167.174 - - [04/May/2021:10:40:58 +0800] "POST /xingrg/kc/buy/cgsh_order_operate.html HTTP/1.1" 200 2675
58.37.228.113 - - [04/May/2021:10:41:00 +0800] "GET /xingrg/kc/buy/cgsh_order_operate.html?command=get_materiel&rest_code=00141&code=00101008257&supplier_code=00100007&order_time=2021-05-04 HTTP/1.1" 200 416
116.230.76.31 - - [04/May/2021:10:41:04 +0800] "GET /xingrg/kc/buy/cgsh_order_operate.html?command=get_materiel&rest_code=00107&code=00101006111&supplier_code=00100010&order_time=2021-05-04 HTTP/1.1" 200 409
61.165.42.208 - - [04/May/2021:10:41:05 +0800] "GET /xingrg/all/function/internal_message.html?_=1620096064090&CODE_STATE=getMsg HTTP/1.1" 200 27
116.224.253.72 - - [04/May/2021:10:41:07 +0800] "GET /xingrg/kc/buy/cgsh_order_add.html HTTP/1.1" 200 62293
116.224.253.72 - - [04/May/2021:10:41:07 +0800] "POST /xingrg/kc/buy/cgsh_order_operate.html HTTP/1.1" 200 8245
116.224.253.72 - - [04/May/2021:10:41:08 +0800] "GET /xingrg/javascript/easyui/themes/default/validatebox.css HTTP/1.1" 404 1104
116.230.76.31 - - [04/May/2021:10:41:11 +0800] "POST /xingrg/kc/buy/cgsh_order_operate.html HTTP/1.1" 200 37
116.230.76.31 - - [04/May/2021:10:41:13 +0800] "POST /xingrg/kc/buy/cgsh_order_operate.html HTTP/1.1" 200 4427
116.224.253.72 - - [04/May/2021:10:41:14 +0800] "GET /xingrg/all/function/internal_message.html?_=1620096070547&CODE_STATE=getMsg HTTP/1.1" 200 27
116.230.76.31 - - [04/May/2021:10:41:14 +0800] "GET /xingrg/kc/print/load_data.html?order_code=212021050401609&kc_code=cgsh&condition= HTTP/1.1" 200 1394
116.230.76.31 - - [04/May/2021:10:41:22 +0800] "GET /xingrg/kc/buy/cgsh_order_add.html HTTP/1.1" 200 62445
116.230.76.31 - - [04/May/2021:10:41:23 +0800] "GET /xingrg/javascript/easyui/themes/default/validatebox.css HTTP/1.1" 404 1104
116.230.76.31 - - [04/May/2021:10:41:23 +0800] "POST /xingrg/kc/buy/cgsh_order_operate.html HTTP/1.1" 200 8245
116.230.76.31 - - [04/May/2021:10:41:24 +0800] "GET /xingrg/javascript/easyui/themes/default/tree.css HTTP/1.1" 404 1090
116.230.76.31 - - [04/May/2021:10:41:24 +0800] "POST /xingrg/all/common/load_tree.html?tree=supplier_tree_json&isDelete=1 HTTP/1.1" 200 55318
114.83.218.88 - - [04/May/2021:10:41:25 +0800] "GET /xingrg/all/function/internal_message.html?_=1620096083756&CODE_STATE=getMsg HTTP/1.1" 200 27
114.86.187.76 - - [04/May/2021:10:41:29 +0800] "GET /xingrg/all/function/internal_message.html?_=1620096088110&CODE_STATE=getMsg HTTP/1.1" 200 27
114.88.167.174 - - [04/May/2021:10:41:29 +0800] "GET /xingrg/all/function/internal_message.html?_=1620096086384&CODE_STATE=getMsg HTTP/1.1" 200 27
116.224.253.72 - - [04/May/2021:10:41:31 +0800] "GET /xingrg/kc/buy/cgsh_order_operate.html?command=get_materiel&rest_code=00150&code=00101002017&supplier_code=00100347&order_time=2021-05-04 HTTP/1.1" 200 408
58.37.228.113 - - [04/May/2021:10:41:33 +0800] "GET /xingrg/check_reg.html?_=1620096056480 HTTP/1.1" 200 22
116.224.253.72 - - [04/May/2021:10:41:33 +0800] "GET /xingrg/all/function/internal_message.html?_=1620096093223&CODE_STATE=getMsg HTTP/1.1" 200 27
117.184.7.26 - - [04/May/2021:10:41:34 +0800] "GET /xingrg/all/function/internal_message.html?_=1620096089866&CODE_STATE=getMsg HTTP/1.1" 200 27
58.221.95.50 - - [04/May/2021:10:41:35 +0800] "GET /xingrg/all/function/internal_message.html?_=1620096093707&CODE_STATE=getMsg HTTP/1.1" 200 27
116.233.79.27 - - [04/May/2021:10:41:37 +0800] "GET /xingrg/all/function/internal_message.html?_=1620096096097&CODE_STATE=getMsg HTTP/1.1" 200 27
116.230.76.31 - - [04/May/2021:10:41:38 +0800] "GET /xingrg/kc/buy/cgsh_order_operate.html?command=get_materiel&rest_code=00107&code=00101016105&supplier_code=00100033&order_time=2021-05-04 HTTP/1.1" 200 409
58.37.228.113 - - [04/May/2021:10:41:39 +0800] "GET /xingrg/kc/buy/cgsh_order_operate.html?command=get_materiel&rest_code=00141&code=00101008111&supplier_code=00100007&order_time=2021-05-04 HTTP/1.1" 200 412
180.169.147.146 - - [04/May/2021:10:41:42 +0800] "GET /xingrg/all/function/internal_message.html?_=1620096102458&CODE_STATE=getMsg HTTP/1.1" 200 27
116.230.76.31 - - [04/May/2021:10:41:43 +0800] "GET /xingrg/all/function/internal_message.html?_=1620096101004&CODE_STATE=getMsg HTTP/1.1" 200 27
116.230.114.112 - - [04/May/2021:10:41:45 +0800] "GET /xingrg/all/function/internal_message.html?_=1620096109855&CODE_STATE=getMsg HTTP/1.1" 200 27
180.169.147.146 - - [04/May/2021:10:41:46 +0800] "GET /xingrg/all/function/internal_message.html?_=1620096105963&CODE_STATE=getMsg HTTP/1.1" 200 27
116.224.253.72 - - [04/May/2021:10:41:47 +0800] "GET /xingrg/kc/buy/cgsh_order_operate.html?command=get_materiel&rest_code=00150&code=00101002042&supplier_code=00100347&order_time=2021-05-04 HTTP/1.1" 200 414
58.37.228.113 - - [04/May/2021:10:41:47 +0800] "GET /xingrg/kc/buy/cgsh_order_operate.html?command=get_materiel&rest_code=00141&code=00101008112&supplier_code=00100007&order_time=2021-05-04 HTTP/1.1" 200 414
116.230.110.80 - - [04/May/2021:10:41:47 +0800] "GET /xingrg/all/function/internal_message.html?_=1620096106256&CODE_STATE=getMsg HTTP/1.1" 200 27
116.230.76.31 - - [04/May/2021:10:41:48 +0800] "GET /xingrg/kc/buy/cgsh_order_operate.html?command=get_materiel&rest_code=00107&code=00101010136&supplier_code=00100033&order_time=2021-05-04 HTTP/1.1" 200 408
120.253.135.82 - - [04/May/2021:10:41:48 +0800] "GET /xingrg/check_reg.html?_=1620096117197 HTTP/1.1" 200 22
120.253.135.82 - - [04/May/2021:10:41:49 +0800] "GET /xingrg/all/function/internal_message.html?_=1620096118268&CODE_STATE=getMsg HTTP/1.1" 200 27
101.85.94.178 - - [04/May/2021:10:41:52 +0800] "GET /xingrg/all/function/internal_message.html?_=1620095625909&CODE_STATE=getMsg HTTP/1.1" 200 27
180.161.124.236 - - [04/May/2021:10:41:55 +0800] "GET /xingrg/all/function/internal_message.html?_=1620096399889&CODE_STATE=getMsg HTTP/1.1" 200 27
58.37.228.113 - - [04/May/2021:10:41:56 +0800] "GET /xingrg/kc/buy/cgsh_order_operate.html?command=get_materiel&rest_code=00141&code=00101008038&supplier_code=00100007&order_time=2021-05-04 HTTP/1.1" 200 412
116.230.76.31 - - [04/May/2021:10:41:57 +0800] "GET /xingrg/kc/buy/cgsh_order_operate.html?command=get_materiel&rest_code=00107&code=00101016025&supplier_code=00100033&order_time=2021-05-04 HTTP/1.1" 200 408
116.224.253.72 - - [04/May/2021:10:42:00 +0800] "POST /xingrg/kc/buy/cgsh_order_operate.html HTTP/1.1" 200 37
116.224.253.72 - - [04/May/2021:10:42:01 +0800] "GET /xingrg/kc/buy/cgsh_order_operate.html?command=get_materiel&rest_code=00150&code=00101006266&supplier_code=00100347&order_time=2021-05-04 HTTP/1.1" 200 408
58.37.228.113 - - [04/May/2021:10:42:02 +0800] "GET /xingrg/kc/buy/cgsh_order_operate.html?command=get_materiel&rest_code=00141&code=00101008163&supplier_code=00100007&order_time=2021-05-04 HTTP/1.1" 200 408
116.224.253.72 - - [04/May/2021:10:42:03 +0800] "POST /xingrg/kc/buy/cgsh_order_operate.html HTTP/1.1" 200 12
114.88.167.174 - - [04/May/2021:10:42:03 +0800] "GET /xingrg/kc/print/load_data.html?order_code=212021050401608&kc_code=cgsh&condition= HTTP/1.1" 200 706
116.224.253.72 - - [04/May/2021:10:42:04 +0800] "GET /xingrg/kc/buy/cgsh_order_info.html?code=212021050401610 HTTP/1.1" 200 56905
61.165.42.208 - - [04/May/2021:10:42:04 +0800] "GET /xingrg/kc/buy/cgsh_order_operate.html?command=get_materiel&rest_code=00105&code=00101029057&supplier_code=00100322&order_time=2021-05-04 HTTP/1.1" 200 413
116.224.253.72 - - [04/May/2021:10:42:04 +0800] "GET /xingrg/javascript/easyui/themes/default/validatebox.css HTTP/1.1" 404 1104
116.224.253.72 - - [04/May/2021:10:42:05 +0800] "POST /xingrg/kc/buy/cgsh_order_operate.html HTTP/1.1" 200 1204
61.165.42.208 - - [04/May/2021:10:42:05 +0800] "GET /xingrg/all/function/internal_message.html?_=1620096124068&CODE_STATE=getMsg HTTP/1.1" 200 27
180.162.112.86 - - [04/May/2021:10:42:07 +0800] "GET /xingrg HTTP/1.1" 302 -
116.224.253.72 - - [04/May/2021:10:42:08 +0800] "GET /xingrg/kc/print/load_data.html?order_code=212021050401610&kc_code=cgsh&condition= HTTP/1.1" 200 942
58.37.228.113 - - [04/May/2021:10:42:08 +0800] "GET /xingrg/kc/buy/cgsh_order_operate.html?command=get_materiel&rest_code=00141&code=00101008355&supplier_code=00100007&order_time=2021-05-04 HTTP/1.1" 200 408
116.230.76.31 - - [04/May/2021:10:42:09 +0800] "GET /xingrg/kc/buy/cgsh_order_operate.html?command=get_materiel&rest_code=00107&code=00101012025&supplier_code=00100033&order_time=2021-05-04 HTTP/1.1" 200 412
116.224.253.72 - - [04/May/2021:10:42:13 +0800] "GET /xingrg/kc/buy/cgsh_order_add.html HTTP/1.1" 200 61999
114.88.167.174 - - [04/May/2021:10:42:13 +0800] "GET /xingrg/kc/buy/cgsh_order_add.html HTTP/1.1" 200 62357
116.224.253.72 - - [04/May/2021:10:42:14 +0800] "POST /xingrg/kc/buy/cgsh_order_operate.html HTTP/1.1" 200 8245
116.224.253.72 - - [04/May/2021:10:42:14 +0800] "GET /xingrg/javascript/easyui/themes/default/validatebox.css HTTP/1.1" 404 1104
116.224.253.72 - - [04/May/2021:10:42:14 +0800] "GET /xingrg/all/function/internal_message.html?_=1620096130561&CODE_STATE=getMsg HTTP/1.1" 200 27
114.88.167.174 - - [04/May/2021:10:42:15 +0800] "POST /xingrg/kc/buy/cgsh_order_operate.html HTTP/1.1" 200 8245
114.88.167.174 - - [04/May/2021:10:42:15 +0800] "GET /xingrg/javascript/easyui/themes/default/validatebox.css HTTP/1.1" 404 1104
61.165.42.208 - - [04/May/2021:10:42:15 +0800] "GET /xingrg/kc/buy/cgsh_order_operate.html?command=get_materiel&rest_code=00105&code=00101029029&supplier_code=00100322&order_time=2021-05-04 HTTP/1.1" 200 459
58.37.228.113 - - [04/May/2021:10:42:20 +0800] "GET /xingrg/kc/buy/cgsh_order_operate.html?command=get_materiel&rest_code=00141&code=00101008264&supplier_code=00100007&order_time=2021-05-04 HTTP/1.1" 200 412
116.230.76.31 - - [04/May/2021:10:42:22 +0800] "POST /xingrg/kc/buy/cgsh_order_operate.html HTTP/1.1" 200 37
116.224.253.72 - - [04/May/2021:10:42:22 +0800] "GET /xingrg/kc/buy/cgsh_order_operate.html?command=get_materiel&rest_code=00151&code=00101010079&supplier_code=00100336&order_time=2021-05-04 HTTP/1.1" 200 413
116.224.253.72 - - [04/May/2021:10:42:22 +0800] "GET /xingrg/kc/buy/cgsh_order_operate.html?command=get_materiel&rest_code=00150&code=00101004038&supplier_code=00100347&order_time=2021-05-04 HTTP/1.1" 200 429
116.230.76.31 - - [04/May/2021:10:42:24 +0800] "POST /xingrg/kc/buy/cgsh_order_operate.html HTTP/1.1" 200 4421
114.83.218.88 - - [04/May/2021:10:42:25 +0800] "GET /xingrg/all/function/internal_message.html?_=1620096143751&CODE_STATE=getMsg HTTP/1.1" 200 27
116.230.76.31 - - [04/May/2021:10:42:25 +0800] "GET /xingrg/kc/print/load_data.html?order_code=212021050401611&kc_code=cgsh&condition= HTTP/1.1" 200 1375
