116.230.76.31 - - [04/May/2021:10:59:12 +0800] "GET /xingrg/kc/buy/cgsh_order_operate.html?command=get_materiel&rest_code=00107&code=00101008364&supplier_code=00100006&order_time=2021-05-04 HTTP/1.1" 200 413
116.224.253.72 - - [04/May/2021:10:59:13 +0800] "GET /xingrg/check_reg.html?_=1620097149607 HTTP/1.1" 200 22
114.88.167.174 - - [04/May/2021:10:59:13 +0800] "GET /xingrg/kc/print/load_data.html?order_code=212021050401658&kc_code=cgsh&condition= HTTP/1.1" 200 3172
117.185.32.26 - - [04/May/2021:10:59:14 +0800] "GET /xingrg/kc/buy/cgsh_order_operate.html?command=get_materiel&rest_code=00106&code=00101008213&supplier_code=00100007&order_time=2021-05-04 HTTP/1.1" 200 412
58.37.228.113 - - [04/May/2021:10:59:14 +0800] "GET /xingrg/kc/buy/cgsh_order_operate.html?command=get_materiel&rest_code=00141&code=00101004030&supplier_code=00100312&order_time=2021-05-04 HTTP/1.1" 200 427
61.165.42.208 - - [04/May/2021:10:59:16 +0800] "GET /xingrg/kc/buy/cgsh_order_operate.html?command=get_materiel&rest_code=00105&code=00101002035&supplier_code=00100088&order_time=2021-05-04 HTTP/1.1" 200 414
180.161.124.236 - - [04/May/2021:10:59:17 +0800] "GET /xingrg/all/function/internal_message.html?_=1620097441359&CODE_STATE=getMsg HTTP/1.1" 200 27
183.192.164.214 - - [04/May/2021:10:59:20 +0800] "GET /xingrg/kc/buy/cgsh_order_operate.html?command=get_materiel&rest_code=00106&code=00101008005&supplier_code=00100007&order_time=2021-05-04 HTTP/1.1" 302 -
114.86.187.76 - - [04/May/2021:10:59:20 +0800] "GET /xingrg/javascript/easyui/themes/default/images/button_plain_hover.png HTTP/1.1" 304 -
116.224.253.72 - - [04/May/2021:10:59:20 +0800] "GET /xingrg/all/function/internal_message.html?_=1620097156890&CODE_STATE=getMsg HTTP/1.1" 200 27
114.86.187.76 - - [04/May/2021:10:59:20 +0800] "GET /xingrg/javascript/easyui/themes/default/images/button_plain_hover.png HTTP/1.1" 304 -
114.86.187.76 - - [04/May/2021:10:59:20 +0800] "GET /xingrg/javascript/easyui/themes/default/images/button_plain_hover.png HTTP/1.1" 304 -
114.86.187.76 - - [04/May/2021:10:59:20 +0800] "GET /xingrg/javascript/easyui/themes/default/images/button_plain_hover.png HTTP/1.1" 304 -
114.86.187.76 - - [04/May/2021:10:59:20 +0800] "GET /xingrg/javascript/easyui/themes/default/images/button_plain_hover.png HTTP/1.1" 304 -
114.86.187.76 - - [04/May/2021:10:59:20 +0800] "GET /xingrg/javascript/easyui/themes/default/images/button_plain_hover.png HTTP/1.1" 304 -
114.86.187.76 - - [04/May/2021:10:59:20 +0800] "GET /xingrg/javascript/easyui/themes/default/images/button_plain_hover.png HTTP/1.1" 304 -
114.86.187.76 - - [04/May/2021:10:59:20 +0800] "GET /xingrg/javascript/easyui/themes/default/images/button_plain_hover.png HTTP/1.1" 304 -
116.224.253.72 - - [04/May/2021:10:59:20 +0800] "POST /xingrg/kc/buy/cgsh_order_operate.html HTTP/1.1" 200 37
114.86.187.76 - - [04/May/2021:10:59:21 +0800] "GET /xingrg/javascript/easyui/themes/default/images/button_plain_hover.png HTTP/1.1" 304 -
114.86.187.76 - - [04/May/2021:10:59:21 +0800] "GET /xingrg/javascript/easyui/themes/default/images/button_plain_hover.png HTTP/1.1" 304 -
114.88.167.174 - - [04/May/2021:10:59:21 +0800] "GET /xingrg/kc/buy/cgsh_order_add.html HTTP/1.1" 200 62357
117.185.32.26 - - [04/May/2021:10:59:21 +0800] "GET /xingrg/kc/buy/cgsh_order_operate.html?command=get_materiel&rest_code=00106&code=00101008207&supplier_code=00100007&order_time=2021-05-04 HTTP/1.1" 200 408
183.192.164.214 - - [04/May/2021:10:59:22 +0800] "GET /xingrg/login.html HTTP/1.1" 200 7641
120.253.135.82 - - [04/May/2021:10:59:23 +0800] "POST /xingrg/kc/pszx/mdps_order_operate.html HTTP/1.1" 200 37
114.88.167.174 - - [04/May/2021:10:59:23 +0800] "POST /xingrg/kc/buy/cgsh_order_operate.html HTTP/1.1" 200 8245
114.88.167.174 - - [04/May/2021:10:59:23 +0800] "GET /xingrg/check_reg.html?_=1620097160106 HTTP/1.1" 200 22
114.88.167.174 - - [04/May/2021:10:59:23 +0800] "GET /xingrg/javascript/easyui/themes/default/validatebox.css HTTP/1.1" 404 1104
114.86.187.76 - - [04/May/2021:10:59:23 +0800] "POST /xingrg/kc/buy/cgsh_order_operate.html HTTP/1.1" 200 37
114.83.218.88 - - [04/May/2021:10:59:24 +0800] "GET /xingrg/all/function/internal_message.html?_=1620097163451&CODE_STATE=getMsg HTTP/1.1" 200 27
58.37.228.113 - - [04/May/2021:10:59:24 +0800] "GET /xingrg/kc/buy/cgsh_order_operate.html?command=get_materiel&rest_code=00141&code=00101004059&supplier_code=00100312&order_time=2021-05-04 HTTP/1.1" 200 413
116.224.253.72 - - [04/May/2021:10:59:25 +0800] "POST /xingrg/kc/buy/cgsh_order_operate.html HTTP/1.1" 200 12
120.253.135.82 - - [04/May/2021:10:59:26 +0800] "POST /xingrg/kc/pszx/mdps_order_operate.html HTTP/1.1" 200 12
116.224.253.72 - - [04/May/2021:10:59:26 +0800] "GET /xingrg/kc/buy/cgsh_order_info.html?code=212021050401659 HTTP/1.1" 200 57203
114.86.187.76 - - [04/May/2021:10:59:26 +0800] "POST /xingrg/kc/buy/cgsh_order_operate.html HTTP/1.1" 200 2657
116.224.253.72 - - [04/May/2021:10:59:26 +0800] "GET /xingrg/javascript/easyui/themes/default/validatebox.css HTTP/1.1" 404 1104
116.224.253.72 - - [04/May/2021:10:59:27 +0800] "POST /xingrg/kc/buy/cgsh_order_operate.html HTTP/1.1" 200 611
180.169.147.146 - - [04/May/2021:10:59:27 +0800] "GET /xingrg/all/function/internal_message.html?_=1620097164088&CODE_STATE=getMsg HTTP/1.1" 200 27
120.253.135.82 - - [04/May/2021:10:59:27 +0800] "GET /xingrg/kc/pszx/mdps_order_info.html?code=312021050300107 HTTP/1.1" 200 19589
116.230.76.31 - - [04/May/2021:10:59:27 +0800] "GET /xingrg/kc/buy/cgsh_order_operate.html?command=get_materiel&rest_code=00107&code=00101008349&supplier_code=00100006&order_time=2021-05-04 HTTP/1.1" 200 412
120.253.135.82 - - [04/May/2021:10:59:27 +0800] "GET /xingrg/javascript/easyui/themes/default/validatebox.css HTTP/1.1" 404 1104
120.253.135.82 - - [04/May/2021:10:59:27 +0800] "POST /xingrg/kc/pszx/mdps_order_operate.html HTTP/1.1" 200 18881
114.86.187.76 - - [04/May/2021:10:59:29 +0800] "GET /xingrg/all/function/internal_message.html?_=1620097168417&CODE_STATE=getMsg HTTP/1.1" 200 27
116.224.253.72 - - [04/May/2021:10:59:30 +0800] "GET /xingrg/kc/print/load_data.html?order_code=212021050401659&kc_code=cgsh&condition= HTTP/1.1" 200 802
114.88.167.174 - - [04/May/2021:10:59:30 +0800] "GET /xingrg/all/function/internal_message.html?_=1620097166895&CODE_STATE=getMsg HTTP/1.1" 200 27
61.165.42.208 - - [04/May/2021:10:59:31 +0800] "GET /xingrg/kc/buy/cgsh_order_operate.html?command=get_materiel&rest_code=00105&code=00101003041&supplier_code=00100088&order_time=2021-05-04 HTTP/1.1" 200 416
120.253.135.82 - - [04/May/2021:10:59:31 +0800] "POST /xingrg/kc/pszx/mdps_list_operate.html HTTP/1.1" 200 2431
116.224.253.72 - - [04/May/2021:10:59:34 +0800] "GET /xingrg/all/function/internal_message.html?_=1620097173324&CODE_STATE=getMsg HTTP/1.1" 200 27
58.37.228.113 - - [04/May/2021:10:59:34 +0800] "GET /xingrg/kc/buy/cgsh_order_operate.html?command=get_materiel&rest_code=00141&code=00101004020&supplier_code=00100312&order_time=2021-05-04 HTTP/1.1" 200 409
120.204.17.70 - - [04/May/2021:10:59:34 +0800] "GET /xingrg/kc/buy/cgsh_order_operate.html?command=get_materiel&rest_code=00106&code=00101008010&supplier_code=00100007&order_time=2021-05-04 HTTP/1.1" 302 -
117.184.7.26 - - [04/May/2021:10:59:34 +0800] "GET /xingrg/check_reg.html?_=1620097169891 HTTP/1.1" 200 22
117.184.7.26 - - [04/May/2021:10:59:34 +0800] "GET /xingrg/all/function/internal_message.html?_=1620097169894&CODE_STATE=getMsg HTTP/1.1" 200 27
120.253.135.82 - - [04/May/2021:10:59:35 +0800] "GET /xingrg/all/function/internal_message.html?_=1620096954558&CODE_STATE=getMsg HTTP/1.1" 200 27
114.88.167.174 - - [04/May/2021:10:59:35 +0800] "GET /xingrg/kc/buy/cgsh_order_operate.html?command=get_materiel&rest_code=00111&code=00101012046&supplier_code=00100347&order_time=2021-05-04 HTTP/1.1" 200 417
58.221.95.50 - - [04/May/2021:10:59:35 +0800] "GET /xingrg/all/function/internal_message.html?_=1620097173764&CODE_STATE=getMsg HTTP/1.1" 200 27
120.204.17.70 - - [04/May/2021:10:59:35 +0800] "GET /xingrg/login.html HTTP/1.1" 200 7641
116.233.79.27 - - [04/May/2021:10:59:37 +0800] "GET /xingrg/all/function/internal_message.html?_=1620097176130&CODE_STATE=getMsg HTTP/1.1" 200 27
116.224.253.72 - - [04/May/2021:10:59:39 +0800] "GET /xingrg/kc/buy/cgsh_order_add.html HTTP/1.1" 200 62293
116.224.253.72 - - [04/May/2021:10:59:40 +0800] "POST /xingrg/kc/buy/cgsh_order_operate.html HTTP/1.1" 200 8245
116.224.253.72 - - [04/May/2021:10:59:40 +0800] "GET /xingrg/javascript/easyui/themes/default/validatebox.css HTTP/1.1" 404 1104
61.165.42.208 - - [04/May/2021:10:59:40 +0800] "POST /xingrg/kc/buy/cgsh_order_operate.html HTTP/1.1" 200 37
58.37.228.113 - - [04/May/2021:10:59:41 +0800] "GET /xingrg/kc/buy/cgsh_order_operate.html?command=get_materiel&rest_code=00141&code=00101004060&supplier_code=00100312&order_time=2021-05-04 HTTP/1.1" 200 413
180.169.147.146 - - [04/May/2021:10:59:42 +0800] "GET /xingrg/all/function/internal_message.html?_=1620097182475&CODE_STATE=getMsg HTTP/1.1" 200 27
61.165.42.208 - - [04/May/2021:10:59:42 +0800] "POST /xingrg/kc/buy/cgsh_order_operate.html HTTP/1.1" 200 3263
61.165.42.208 - - [04/May/2021:10:59:43 +0800] "GET /xingrg/kc/print/load_data.html?order_code=212021050401661&kc_code=cgsh&condition= HTTP/1.1" 200 979
116.230.76.31 - - [04/May/2021:10:59:43 +0800] "GET /xingrg/all/function/internal_message.html?_=1620097181094&CODE_STATE=getMsg HTTP/1.1" 200 27
114.88.167.174 - - [04/May/2021:10:59:44 +0800] "GET /xingrg/kc/buy/cgsh_order_operate.html?command=get_materiel&rest_code=00111&code=00101008585&supplier_code=00100347&order_time=2021-05-04 HTTP/1.1" 200 394
117.185.32.26 - - [04/May/2021:10:59:45 +0800] "GET /xingrg/kc/buy/cgsh_order_operate.html?command=get_materiel&rest_code=00106&code=00101008358&supplier_code=00100007&order_time=2021-05-04 HTTP/1.1" 200 412
116.230.114.112 - - [04/May/2021:10:59:46 +0800] "GET /xingrg/all/function/internal_message.html?_=1620097190224&CODE_STATE=getMsg HTTP/1.1" 200 27
180.169.147.146 - - [04/May/2021:10:59:46 +0800] "GET /xingrg/all/function/internal_message.html?_=1620097185950&CODE_STATE=getMsg HTTP/1.1" 200 27
116.230.110.80 - - [04/May/2021:10:59:47 +0800] "GET /xingrg/all/function/internal_message.html?_=1620097186250&CODE_STATE=getMsg HTTP/1.1" 200 27
116.224.253.72 - - [04/May/2021:10:59:49 +0800] "GET /xingrg/kc/buy/cgsh_order_operate.html?command=get_materiel&rest_code=00150&code=00101004067&supplier_code=00100312&order_time=2021-05-04 HTTP/1.1" 200 432
120.253.135.82 - - [04/May/2021:10:59:50 +0800] "GET /xingrg/all/function/internal_message.html?_=1620097198645&CODE_STATE=getMsg HTTP/1.1" 200 27
58.37.228.113 - - [04/May/2021:10:59:50 +0800] "GET /xingrg/kc/buy/cgsh_order_operate.html?command=get_materiel&rest_code=00141&code=00101004051&supplier_code=00100312&order_time=2021-05-04 HTTP/1.1" 200 409
101.85.94.178 - - [04/May/2021:10:59:52 +0800] "GET /xingrg/all/function/internal_message.html?_=1620096705935&CODE_STATE=getMsg HTTP/1.1" 200 27
180.161.124.236 - - [04/May/2021:10:59:54 +0800] "GET /xingrg/check_reg.html?_=1620097478890 HTTP/1.1" 200 22
120.204.17.70 - - [04/May/2021:10:59:55 +0800] "GET /xingrg/kc/buy/cgsh_order_operate.html?command=get_materiel&rest_code=00106&code=00101008248&supplier_code=00100007&order_time=2021-05-04 HTTP/1.1" 302 -
120.204.17.70 - - [04/May/2021:10:59:56 +0800] "GET /xingrg/login.html HTTP/1.1" 200 7641
61.165.42.208 - - [04/May/2021:10:59:57 +0800] "GET /xingrg/kc/buy/cgsh_order_add.html HTTP/1.1" 200 62404
114.88.167.174 - - [04/May/2021:10:59:58 +0800] "GET /xingrg/kc/buy/cgsh_order_operate.html?command=get_materiel&rest_code=00111&code=00101004038&supplier_code=00100347&order_time=2021-05-04 HTTP/1.1" 200 429
61.165.42.208 - - [04/May/2021:10:59:58 +0800] "POST /xingrg/kc/buy/cgsh_order_operate.html HTTP/1.1" 200 8245
61.165.42.208 - - [04/May/2021:10:59:58 +0800] "GET /xingrg/javascript/easyui/themes/default/validatebox.css HTTP/1.1" 404 1104
58.37.228.113 - - [04/May/2021:10:59:58 +0800] "GET /xingrg/kc/buy/cgsh_order_operate.html?command=get_materiel&rest_code=00141&code=00101001096&supplier_code=00100312&order_time=2021-05-04 HTTP/1.1" 200 413
116.224.253.72 - - [04/May/2021:11:00:01 +0800] "GET /xingrg/kc/buy/cgsh_order_operate.html?command=get_materiel&rest_code=00150&code=00101004027&supplier_code=00100312&order_time=2021-05-04 HTTP/1.1" 200 409
180.162.112.86 - - [04/May/2021:11:00:04 +0800] "GET /xingrg/all/function/internal_message.html?_=1620096944798&CODE_STATE=getMsg HTTP/1.1" 200 27
61.165.42.208 - - [04/May/2021:11:00:05 +0800] "GET /xingrg/all/function/internal_message.html?_=1620097203712&CODE_STATE=getMsg HTTP/1.1" 200 27
117.185.32.26 - - [04/May/2021:11:00:05 +0800] "GET /xingrg/kc/buy/cgsh_order_operate.html?command=get_materiel&rest_code=00106&code=00101008295&supplier_code=00100007&order_time=2021-05-04 HTTP/1.1" 200 412
117.185.32.26 - - [04/May/2021:11:00:05 +0800] "GET /xingrg/check_reg.html?_=1620097203089 HTTP/1.1" 200 22
117.185.32.26 - - [04/May/2021:11:00:05 +0800] "GET /xingrg/all/function/internal_message.html?_=1620097203090&CODE_STATE=getMsg HTTP/1.1" 200 27
58.37.228.113 - - [04/May/2021:11:00:08 +0800] "GET /xingrg/kc/buy/cgsh_order_operate.html?command=get_materiel&rest_code=00141&code=00101001138&supplier_code=00100312&order_time=2021-05-04 HTTP/1.1" 200 433
114.88.167.174 - - [04/May/2021:11:00:09 +0800] "GET /xingrg/kc/buy/cgsh_order_operate.html?command=get_materiel&rest_code=00111&code=00101005022&supplier_code=00100347&order_time=2021-05-04 HTTP/1.1" 200 417
116.230.76.31 - - [04/May/2021:11:00:11 +0800] "POST /xingrg/kc/buy/cgsh_order_operate.html HTTP/1.1" 200 2065
117.185.32.26 - - [04/May/2021:11:00:11 +0800] "GET /xingrg/kc/buy/cgsh_order_operate.html?command=get_materiel&rest_code=00106&code=00101008332&supplier_code=00100007&order_time=2021-05-04 HTTP/1.1" 200 412
117.185.32.26 - - [04/May/2021:11:00:14 +0800] "POST /xingrg/kc/buy/cgsh_order_operate.html HTTP/1.1" 200 2065
183.192.164.97 - - [04/May/2021:11:00:15 +0800] "GET /xingrg/kc/buy/cgsh_order_operate.html?command=get_materiel&rest_code=00106&code=00101008213&supplier_code=00100007&order_time=2021-05-04 HTTP/1.1" 302 -
183.192.164.97 - - [04/May/2021:11:00:16 +0800] "GET /xingrg/login.html HTTP/1.1" 200 7641
180.161.124.236 - - [04/May/2021:11:00:17 +0800] "GET /xingrg/all/function/internal_message.html?_=1620097501366&CODE_STATE=getMsg HTTP/1.1" 200 27
116.230.76.31 - - [04/May/2021:11:00:17 +0800] "GET /xingrg/kc/buy/cgsh_order_operate.html?command=get_materiel&rest_code=00107&code=00101008350&supplier_code=00100006&order_time=2021-05-04 HTTP/1.1" 200 408
116.224.253.72 - - [04/May/2021:11:00:20 +0800] "GET /xingrg/all/function/internal_message.html?_=1620097216904&CODE_STATE=getMsg HTTP/1.1" 200 27
61.165.42.208 - - [04/May/2021:11:00:22 +0800] "GET /xingrg/kc/buy/cgsh_order_operate.html?command=get_materiel&rest_code=00105&code=00101004011&supplier_code=00100086&order_time=2021-05-04 HTTP/1.1" 200 413
120.253.135.82 - - [04/May/2021:11:00:23 +0800] "POST /xingrg/kc/pszx/mdps_list_operate.html HTTP/1.1" 200 300
114.83.218.88 - - [04/May/2021:11:00:24 +0800] "GET /xingrg/all/function/internal_message.html?_=1620097223432&CODE_STATE=getMsg HTTP/1.1" 200 27
120.253.135.82 - - [04/May/2021:11:00:25 +0800] "POST /xingrg/kc/pszx/mdps_list_operate.html HTTP/1.1" 200 282
120.253.135.82 - - [04/May/2021:11:00:26 +0800] "POST /xingrg/kc/pszx/mdps_list_operate.html HTTP/1.1" 200 360
114.83.218.88 - - [04/May/2021:11:00:26 +0800] "GET /xingrg/check_reg.html?_=1620097225705 HTTP/1.1" 200 22
180.169.147.146 - - [04/May/2021:11:00:27 +0800] "GET /xingrg/all/function/internal_message.html?_=1620097224086&CODE_STATE=getMsg HTTP/1.1" 200 27
58.37.228.113 - - [04/May/2021:11:00:28 +0800] "POST /xingrg/kc/buy/cgsh_order_operate.html HTTP/1.1" 200 37
116.230.76.31 - - [04/May/2021:11:00:28 +0800] "GET /xingrg/kc/buy/cgsh_order_operate.html?command=get_materiel&rest_code=00107&code=00101008141&supplier_code=00100006&order_time=2021-05-04 HTTP/1.1" 200 414
114.86.187.76 - - [04/May/2021:11:00:29 +0800] "GET /xingrg/all/function/internal_message.html?_=1620097228431&CODE_STATE=getMsg HTTP/1.1" 200 27
114.88.167.174 - - [04/May/2021:11:00:30 +0800] "GET /xingrg/all/function/internal_message.html?_=1620097226906&CODE_STATE=getMsg HTTP/1.1" 200 27
116.224.253.72 - - [04/May/2021:11:00:32 +0800] "POST /xingrg/kc/buy/cgsh_order_operate.html HTTP/1.1" 200 37
58.37.228.113 - - [04/May/2021:11:00:32 +0800] "POST /xingrg/kc/buy/cgsh_order_operate.html HTTP/1.1" 200 12
117.185.32.26 - - [04/May/2021:11:00:33 +0800] "GET /xingrg/kc/buy/cgsh_order_operate.html?command=get_materiel&rest_code=00106&code=00101008035&supplier_code=00100007&order_time=2021-05-04 HTTP/1.1" 200 413
116.224.253.72 - - [04/May/2021:11:00:34 +0800] "GET /xingrg/check_reg.html?_=1620097233325 HTTP/1.1" 200 22
116.224.253.72 - - [04/May/2021:11:00:34 +0800] "GET /xingrg/all/function/internal_message.html?_=1620097233344&CODE_STATE=getMsg HTTP/1.1" 200 27
116.224.253.72 - - [04/May/2021:11:00:34 +0800] "POST /xingrg/kc/buy/cgsh_order_operate.html HTTP/1.1" 200 12
58.37.228.113 - - [04/May/2021:11:00:34 +0800] "GET /xingrg/kc/buy/cgsh_order_info.html?code=212021050401662 HTTP/1.1" 200 57269
117.184.7.26 - - [04/May/2021:11:00:34 +0800] "GET /xingrg/all/function/internal_message.html?_=1620097229881&CODE_STATE=getMsg HTTP/1.1" 200 27
58.37.228.113 - - [04/May/2021:11:00:34 +0800] "GET /xingrg/javascript/easyui/themes/default/validatebox.css HTTP/1.1" 404 1104
120.253.135.82 - - [04/May/2021:11:00:35 +0800] "GET /xingrg/all/function/internal_message.html?_=1620097014572&CODE_STATE=getMsg HTTP/1.1" 200 27
58.37.228.113 - - [04/May/2021:11:00:35 +0800] "POST /xingrg/kc/buy/cgsh_order_operate.html HTTP/1.1" 200 6526
58.221.95.50 - - [04/May/2021:11:00:35 +0800] "GET /xingrg/all/function/internal_message.html?_=1620097233761&CODE_STATE=getMsg HTTP/1.1" 200 27
116.224.253.72 - - [04/May/2021:11:00:35 +0800] "GET /xingrg/kc/buy/cgsh_order_info.html?code=212021050401663 HTTP/1.1" 200 57203
116.224.253.72 - - [04/May/2021:11:00:36 +0800] "GET /xingrg/javascript/easyui/themes/default/validatebox.css HTTP/1.1" 404 1104
58.37.228.113 - - [04/May/2021:11:00:36 +0800] "GET /xingrg/kc/print/load_data.html?order_code=212021050401662&kc_code=cgsh&condition= HTTP/1.1" 200 2969
116.224.253.72 - - [04/May/2021:11:00:36 +0800] "POST /xingrg/kc/buy/cgsh_order_operate.html HTTP/1.1" 200 1203
116.233.79.27 - - [04/May/2021:11:00:37 +0800] "GET /xingrg/all/function/internal_message.html?_=1620097236137&CODE_STATE=getMsg HTTP/1.1" 200 27
120.253.135.82 - - [04/May/2021:11:00:38 +0800] "GET /xingrg/kc/base/check_order_list.html HTTP/1.1" 200 16470
120.253.135.82 - - [04/May/2021:11:00:38 +0800] "POST /xingrg/kc/pszx/mdps_list_operate.html HTTP/1.1" 200 2431
116.224.253.72 - - [04/May/2021:11:00:38 +0800] "GET /xingrg/kc/print/load_data.html?order_code=212021050401663&kc_code=cgsh&condition= HTTP/1.1" 200 965
120.253.135.82 - - [04/May/2021:11:00:38 +0800] "POST /xingrg/kc/base/check_list_operate.html HTTP/1.1" 200 2889
58.37.228.113 - - [04/May/2021:11:00:39 +0800] "GET /xingrg/kc/buy/cgsh_order_add.html HTTP/1.1" 200 62363
58.37.228.113 - - [04/May/2021:11:00:40 +0800] "POST /xingrg/kc/buy/cgsh_order_operate.html HTTP/1.1" 200 8245
58.37.228.113 - - [04/May/2021:11:00:40 +0800] "GET /xingrg/javascript/easyui/themes/default/validatebox.css HTTP/1.1" 404 1104
180.169.147.146 - - [04/May/2021:11:00:42 +0800] "GET /xingrg/check_reg.html?_=1620097242477 HTTP/1.1" 200 22
180.169.147.146 - - [04/May/2021:11:00:42 +0800] "GET /xingrg/all/function/internal_message.html?_=1620097242480&CODE_STATE=getMsg HTTP/1.1" 200 27
116.224.253.72 - - [04/May/2021:11:00:43 +0800] "GET /xingrg/kc/buy/cgsh_order_add.html HTTP/1.1" 200 62293
116.224.253.72 - - [04/May/2021:11:00:43 +0800] "POST /xingrg/kc/buy/cgsh_order_operate.html HTTP/1.1" 200 8245
116.224.253.72 - - [04/May/2021:11:00:43 +0800] "GET /xingrg/javascript/easyui/themes/default/validatebox.css HTTP/1.1" 404 1104
116.230.76.31 - - [04/May/2021:11:00:43 +0800] "GET /xingrg/all/function/internal_message.html?_=1620097241105&CODE_STATE=getMsg HTTP/1.1" 200 27
116.230.114.112 - - [04/May/2021:11:00:46 +0800] "GET /xingrg/all/function/internal_message.html?_=1620097250265&CODE_STATE=getMsg HTTP/1.1" 200 27
180.169.147.146 - - [04/May/2021:11:00:46 +0800] "GET /xingrg/all/function/internal_message.html?_=1620097245967&CODE_STATE=getMsg HTTP/1.1" 200 27
180.169.147.146 - - [04/May/2021:11:00:46 +0800] "GET /xingrg/check_reg.html?_=1620097245973 HTTP/1.1" 200 22
116.230.110.80 - - [04/May/2021:11:00:47 +0800] "GET /xingrg/all/function/internal_message.html?_=1620097246258&CODE_STATE=getMsg HTTP/1.1" 200 27
58.37.228.113 - - [04/May/2021:11:00:49 +0800] "GET /xingrg/kc/buy/cgsh_order_operate.html?command=get_materiel&rest_code=00141&code=00101010079&supplier_code=00100336&order_time=2021-05-04 HTTP/1.1" 200 413
120.253.135.82 - - [04/May/2021:11:00:50 +0800] "GET /xingrg/all/function/internal_message.html?_=1620097258667&CODE_STATE=getMsg HTTP/1.1" 200 27
101.85.94.178 - - [04/May/2021:11:00:52 +0800] "GET /xingrg/all/function/internal_message.html?_=1620096765936&CODE_STATE=getMsg HTTP/1.1" 200 27
116.224.253.72 - - [04/May/2021:11:00:53 +0800] "GET /xingrg/kc/buy/cgsh_order_operate.html?command=get_materiel&rest_code=00150&code=00101003004&supplier_code=00100093&order_time=2021-05-04 HTTP/1.1" 200 420
58.37.228.113 - - [04/May/2021:11:00:56 +0800] "POST /xingrg/kc/buy/cgsh_order_operate.html HTTP/1.1" 200 37
116.230.76.31 - - [04/May/2021:11:00:57 +0800] "GET /xingrg/kc/buy/cgsh_order_operate.html?command=get_materiel&rest_code=00107&code=00101008098&supplier_code=00100006&order_time=2021-05-04 HTTP/1.1" 200 412
58.37.228.113 - - [04/May/2021:11:01:00 +0800] "POST /xingrg/kc/buy/cgsh_order_operate.html HTTP/1.1" 200 12
58.37.228.113 - - [04/May/2021:11:01:00 +0800] "GET /xingrg/kc/buy/cgsh_order_info.html?code=212021050401664 HTTP/1.1" 200 57265
58.37.228.113 - - [04/May/2021:11:01:01 +0800] "GET /xingrg/javascript/easyui/themes/default/validatebox.css HTTP/1.1" 404 1104
58.37.228.113 - - [04/May/2021:11:01:01 +0800] "POST /xingrg/kc/buy/cgsh_order_operate.html HTTP/1.1" 200 608
58.37.228.113 - - [04/May/2021:11:01:02 +0800] "GET /xingrg/kc/print/load_data.html?order_code=212021050401664&kc_code=cgsh&condition= HTTP/1.1" 200 703
180.162.112.86 - - [04/May/2021:11:01:04 +0800] "GET /xingrg/all/function/internal_message.html?_=1620097004802&CODE_STATE=getMsg HTTP/1.1" 200 27
120.253.135.82 - - [04/May/2021:11:01:04 +0800] "GET /xingrg/kc/base/wlsy_order_list.html?syType=1 HTTP/1.1" 200 17465
116.224.253.72 - - [04/May/2021:11:01:04 +0800] "POST /xingrg/kc/buy/cgsh_order_operate.html HTTP/1.1" 200 37
120.253.135.82 - - [04/May/2021:11:01:04 +0800] "POST /xingrg/kc/base/wlsy_list_operate.html?syType=1 HTTP/1.1" 200 862
61.165.42.208 - - [04/May/2021:11:01:05 +0800] "GET /xingrg/all/function/internal_message.html?_=1620097263807&CODE_STATE=getMsg HTTP/1.1" 200 27
114.88.167.174 - - [04/May/2021:11:01:05 +0800] "GET /xingrg/kc/buy/cgsh_order_operate.html?command=get_materiel&rest_code=00111&code=00102002167&supplier_code=00100347&order_time=2021-05-04 HTTP/1.1" 200 409
117.185.32.26 - - [04/May/2021:11:01:05 +0800] "GET /xingrg/all/function/internal_message.html?_=1620097263066&CODE_STATE=getMsg HTTP/1.1" 200 27
58.37.228.113 - - [04/May/2021:11:01:06 +0800] "GET /xingrg/kc/buy/cgsh_order_add.html HTTP/1.1" 200 62363
58.37.228.113 - - [04/May/2021:11:01:06 +0800] "POST /xingrg/kc/buy/cgsh_order_operate.html HTTP/1.1" 200 8245
58.37.228.113 - - [04/May/2021:11:01:06 +0800] "GET /xingrg/javascript/easyui/themes/default/validatebox.css HTTP/1.1" 404 1104
117.185.32.26 - - [04/May/2021:11:01:06 +0800] "GET /xingrg/kc/buy/cgsh_order_operate.html?command=get_materiel&rest_code=00106&code=00101008239&supplier_code=00100007&order_time=2021-05-04 HTTP/1.1" 200 416
120.253.135.82 - - [04/May/2021:11:01:07 +0800] "GET /xingrg/kc/base/wlsy_order_add.html?syType=1 HTTP/1.1" 200 28714
120.253.135.82 - - [04/May/2021:11:01:07 +0800] "GET /xingrg/javascript/easyui/themes/icons/template_new.png HTTP/1.1" 304 -
120.253.135.82 - - [04/May/2021:11:01:07 +0800] "POST /xingrg/kc/base/wlsy_order_operate.html HTTP/1.1" 200 6806
116.224.253.72 - - [04/May/2021:11:01:07 +0800] "POST /xingrg/kc/buy/cgsh_order_operate.html HTTP/1.1" 200 12
120.253.135.82 - - [04/May/2021:11:01:07 +0800] "GET /xingrg/javascript/easyui/themes/default/validatebox.css HTTP/1.1" 404 1104
116.224.253.72 - - [04/May/2021:11:01:08 +0800] "GET /xingrg/kc/buy/cgsh_order_info.html?code=212021050401665 HTTP/1.1" 200 57201
116.224.253.72 - - [04/May/2021:11:01:09 +0800] "GET /xingrg/javascript/easyui/themes/default/validatebox.css HTTP/1.1" 404 1104
116.224.253.72 - - [04/May/2021:11:01:09 +0800] "POST /xingrg/kc/buy/cgsh_order_operate.html HTTP/1.1" 200 617
116.224.253.72 - - [04/May/2021:11:01:10 +0800] "GET /xingrg/kc/print/load_data.html?order_code=212021050401665&kc_code=cgsh&condition= HTTP/1.1" 200 789
183.192.164.71 - - [04/May/2021:11:01:11 +0800] "GET /xingrg/kc/buy/cgsh_order_operate.html?command=get_materiel&rest_code=00106&code=00101008295&supplier_code=00100007&order_time=2021-05-04 HTTP/1.1" 302 -
114.88.167.174 - - [04/May/2021:11:01:16 +0800] "POST /xingrg/kc/buy/cgsh_order_operate.html HTTP/1.1" 200 37
116.224.253.72 - - [04/May/2021:11:01:16 +0800] "GET /xingrg/kc/buy/cgsh_order_add.html HTTP/1.1" 200 62293
116.224.253.72 - - [04/May/2021:11:01:16 +0800] "POST /xingrg/kc/buy/cgsh_order_operate.html HTTP/1.1" 200 8245
116.224.253.72 - - [04/May/2021:11:01:16 +0800] "GET /xingrg/javascript/easyui/themes/default/validatebox.css HTTP/1.1" 404 1104
58.37.228.113 - - [04/May/2021:11:01:17 +0800] "GET /xingrg/kc/buy/cgsh_order_operate.html?command=get_materiel&rest_code=00141&code=00101001060&supplier_code=00100442&order_time=2021-05-04 HTTP/1.1" 200 421
180.161.124.236 - - [04/May/2021:11:01:17 +0800] "GET /xingrg/all/function/internal_message.html?_=1620097561380&CODE_STATE=getMsg HTTP/1.1" 200 27
114.88.167.174 - - [04/May/2021:11:01:17 +0800] "POST /xingrg/kc/buy/cgsh_order_operate.html HTTP/1.1" 200 5026
114.88.167.174 - - [04/May/2021:11:01:18 +0800] "GET /xingrg/kc/print/load_data.html?order_code=212021050401666&kc_code=cgsh&condition= HTTP/1.1" 200 1559
116.224.253.72 - - [04/May/2021:11:01:20 +0800] "GET /xingrg/all/function/internal_message.html?_=1620097276917&CODE_STATE=getMsg HTTP/1.1" 200 27
183.192.164.71 - - [04/May/2021:11:01:21 +0800] "GET /xingrg/login.html HTTP/1.1" 200 7641
120.253.135.82 - - [04/May/2021:11:01:22 +0800] "GET /xingrg/javascript/easyui/plugins/jquery.draggable.js HTTP/1.1" 304 -
120.253.135.82 - - [04/May/2021:11:01:22 +0800] "GET /xingrg/css/images/panel_loading.gif HTTP/1.1" 304 -
120.253.135.82 - - [04/May/2021:11:01:22 +0800] "GET /xingrg/javascript/easyui/plugins/jquery.droppable.js HTTP/1.1" 304 -
120.253.135.82 - - [04/May/2021:11:01:22 +0800] "GET /xingrg/javascript/easyui/themes/default/tree.css HTTP/1.1" 404 1090
120.253.135.82 - - [04/May/2021:11:01:22 +0800] "GET /xingrg/javascript/easyui/plugins/jquery.tree.js HTTP/1.1" 304 -
120.253.135.82 - - [04/May/2021:11:01:22 +0800] "POST /xingrg/all/common/load_tree.html?tree=employee_tree_json HTTP/1.1" 200 23987
120.253.135.82 - - [04/May/2021:11:01:23 +0800] "GET /xingrg/javascript/easyui/themes/default/images/tree_arrows.gif HTTP/1.1" 304 -
120.253.135.82 - - [04/May/2021:11:01:23 +0800] "GET /xingrg/javascript/easyui/themes/default/images/tree_folder_open.gif HTTP/1.1" 304 -
120.253.135.82 - - [04/May/2021:11:01:23 +0800] "GET /xingrg/javascript/easyui/themes/icons/areas.png HTTP/1.1" 200 720
120.253.135.82 - - [04/May/2021:11:01:23 +0800] "GET /xingrg/javascript/easyui/themes/icons/rest.png HTTP/1.1" 304 -
120.253.135.82 - - [04/May/2021:11:01:23 +0800] "GET /xingrg/javascript/easyui/themes/icons/accept_new.png HTTP/1.1" 200 722
117.185.32.26 - - [04/May/2021:11:01:23 +0800] "GET /xingrg/kc/buy/cgsh_order_operate.html?command=get_materiel&rest_code=00106&code=00101008361&supplier_code=00100007&order_time=2021-05-04 HTTP/1.1" 200 408
114.83.218.88 - - [04/May/2021:11:01:24 +0800] "GET /xingrg/all/function/internal_message.html?_=1620097283415&CODE_STATE=getMsg HTTP/1.1" 200 27
116.224.253.72 - - [04/May/2021:11:01:25 +0800] "GET /xingrg/kc/buy/cgsh_order_operate.html?command=get_materiel&rest_code=00150&code=00101001145&supplier_code=00100314&order_time=2021-05-04 HTTP/1.1" 200 415
58.37.228.113 - - [04/May/2021:11:01:26 +0800] "POST /xingrg/kc/buy/cgsh_order_operate.html HTTP/1.1" 200 37
180.169.147.146 - - [04/May/2021:11:01:27 +0800] "GET /xingrg/check_reg.html?_=1620097284085 HTTP/1.1" 200 22
180.169.147.146 - - [04/May/2021:11:01:27 +0800] "GET /xingrg/all/function/internal_message.html?_=1620097284086&CODE_STATE=getMsg HTTP/1.1" 200 27
114.88.167.174 - - [04/May/2021:11:01:27 +0800] "GET /xingrg/kc/buy/cgsh_order_add.html HTTP/1.1" 200 62357
114.88.167.174 - - [04/May/2021:11:01:29 +0800] "POST /xingrg/kc/buy/cgsh_order_operate.html HTTP/1.1" 200 8245
114.88.167.174 - - [04/May/2021:11:01:29 +0800] "GET /xingrg/javascript/easyui/themes/default/validatebox.css HTTP/1.1" 404 1104
58.37.228.113 - - [04/May/2021:11:01:29 +0800] "POST /xingrg/kc/buy/cgsh_order_operate.html HTTP/1.1" 200 12
114.86.187.76 - - [04/May/2021:11:01:30 +0800] "GET /xingrg/all/function/internal_message.html?_=1620097288490&CODE_STATE=getMsg HTTP/1.1" 200 27
58.37.228.113 - - [04/May/2021:11:01:30 +0800] "GET /xingrg/kc/buy/cgsh_order_info.html?code=212021050401667 HTTP/1.1" 200 57267
114.88.167.174 - - [04/May/2021:11:01:30 +0800] "GET /xingrg/all/function/internal_message.html?_=1620097286920&CODE_STATE=getMsg HTTP/1.1" 200 27
58.37.228.113 - - [04/May/2021:11:01:30 +0800] "GET /xingrg/javascript/easyui/themes/default/validatebox.css HTTP/1.1" 404 1104
58.37.228.113 - - [04/May/2021:11:01:30 +0800] "POST /xingrg/kc/buy/cgsh_order_operate.html HTTP/1.1" 200 616
117.185.32.26 - - [04/May/2021:11:01:30 +0800] "GET /xingrg/kc/buy/cgsh_order_operate.html?command=get_materiel&rest_code=00106&code=00101008300&supplier_code=00100007&order_time=2021-05-04 HTTP/1.1" 200 412
58.37.228.113 - - [04/May/2021:11:01:31 +0800] "GET /xingrg/kc/print/load_data.html?order_code=212021050401667&kc_code=cgsh&condition= HTTP/1.1" 200 721
58.37.228.113 - - [04/May/2021:11:01:32 +0800] "GET /xingrg/check_reg.html?_=1620097256406 HTTP/1.1" 200 22
116.224.253.72 - - [04/May/2021:11:01:34 +0800] "GET /xingrg/all/function/internal_message.html?_=1620097293344&CODE_STATE=getMsg HTTP/1.1" 200 27
117.184.7.26 - - [04/May/2021:11:01:34 +0800] "GET /xingrg/all/function/internal_message.html?_=1620097289885&CODE_STATE=getMsg HTTP/1.1" 200 27
120.253.135.82 - - [04/May/2021:11:01:35 +0800] "GET /xingrg/check_reg.html?_=1620097074583 HTTP/1.1" 200 22
120.253.135.82 - - [04/May/2021:11:01:35 +0800] "GET /xingrg/all/function/internal_message.html?_=1620097074585&CODE_STATE=getMsg HTTP/1.1" 200 27
116.224.253.72 - - [04/May/2021:11:01:35 +0800] "POST /xingrg/kc/buy/cgsh_order_operate.html HTTP/1.1" 200 37
58.221.95.50 - - [04/May/2021:11:01:35 +0800] "GET /xingrg/all/function/internal_message.html?_=1620097293789&CODE_STATE=getMsg HTTP/1.1" 200 27
58.37.228.113 - - [04/May/2021:11:01:35 +0800] "GET /xingrg/kc/buy/cgsh_order_add.html HTTP/1.1" 200 62363
58.37.228.113 - - [04/May/2021:11:01:35 +0800] "POST /xingrg/kc/buy/cgsh_order_operate.html HTTP/1.1" 200 8245
58.37.228.113 - - [04/May/2021:11:01:36 +0800] "GET /xingrg/javascript/easyui/themes/default/validatebox.css HTTP/1.1" 404 1104
116.233.79.27 - - [04/May/2021:11:01:37 +0800] "GET /xingrg/all/function/internal_message.html?_=1620097296129&CODE_STATE=getMsg HTTP/1.1" 200 27
116.224.253.72 - - [04/May/2021:11:01:37 +0800] "POST /xingrg/kc/buy/cgsh_order_operate.html HTTP/1.1" 200 12
120.253.135.82 - - [04/May/2021:11:01:37 +0800] "GET /xingrg/kc/base/wlsy_order_operate.html?command=get_materiel&rest_code=00101&base_code=0010246&code=00101013205 HTTP/1.1" 200 436
116.224.253.72 - - [04/May/2021:11:01:38 +0800] "GET /xingrg/kc/buy/cgsh_order_info.html?code=212021050401668 HTTP/1.1" 200 57201
116.224.253.72 - - [04/May/2021:11:01:39 +0800] "GET /xingrg/javascript/easyui/themes/default/validatebox.css HTTP/1.1" 404 1104
116.224.253.72 - - [04/May/2021:11:01:39 +0800] "POST /xingrg/kc/buy/cgsh_order_operate.html HTTP/1.1" 200 610
116.224.253.72 - - [04/May/2021:11:01:40 +0800] "GET /xingrg/kc/print/load_data.html?order_code=212021050401668&kc_code=cgsh&condition= HTTP/1.1" 200 735
180.169.147.146 - - [04/May/2021:11:01:42 +0800] "GET /xingrg/all/function/internal_message.html?_=1620097302482&CODE_STATE=getMsg HTTP/1.1" 200 27
58.37.228.113 - - [04/May/2021:11:01:43 +0800] "GET /xingrg/kc/buy/cgsh_order_operate.html?command=get_materiel&rest_code=00141&code=00101007032&supplier_code=00100328&order_time=2021-05-04 HTTP/1.1" 200 413
114.88.167.174 - - [04/May/2021:11:01:43 +0800] "GET /xingrg/kc/buy/cgsh_order_operate.html?command=get_materiel&rest_code=00111&code=00101028020&supplier_code=00100017&order_time=2021-05-04 HTTP/1.1" 200 451
116.230.76.31 - - [04/May/2021:11:01:43 +0800] "GET /xingrg/all/function/internal_message.html?_=1620097301091&CODE_STATE=getMsg HTTP/1.1" 200 27
116.230.114.112 - - [04/May/2021:11:01:46 +0800] "GET /xingrg/all/function/internal_message.html?_=1620097310266&CODE_STATE=getMsg HTTP/1.1" 200 27
117.185.32.26 - - [04/May/2021:11:01:46 +0800] "GET /xingrg/kc/buy/cgsh_order_operate.html?command=get_materiel&rest_code=00106&code=00102016731&supplier_code=00100007&order_time=2021-05-04 HTTP/1.1" 200 396
180.169.147.146 - - [04/May/2021:11:01:46 +0800] "GET /xingrg/all/function/internal_message.html?_=1620097305948&CODE_STATE=getMsg HTTP/1.1" 200 27
116.230.110.80 - - [04/May/2021:11:01:47 +0800] "GET /xingrg/all/function/internal_message.html?_=1620097306261&CODE_STATE=getMsg HTTP/1.1" 200 27
120.253.135.82 - - [04/May/2021:11:01:48 +0800] "POST /xingrg/kc/base/wlsy_order_operate.html HTTP/1.1" 200 37
120.253.135.82 - - [04/May/2021:11:01:48 +0800] "POST /xingrg/kc/base/wlsy_order_operate.html HTTP/1.1" 200 2156
120.253.135.82 - - [04/May/2021:11:01:48 +0800] "GET /xingrg/check_reg.html?_=1620097317365 HTTP/1.1" 200 22
117.185.32.26 - - [04/May/2021:11:01:49 +0800] "POST /xingrg/kc/buy/cgsh_order_operate.html HTTP/1.1" 200 2065
58.37.228.113 - - [04/May/2021:11:01:49 +0800] "GET /xingrg/kc/buy/cgsh_order_operate.html?command=get_materiel&rest_code=00141&code=00101007085&supplier_code=00100328&order_time=2021-05-04 HTTP/1.1" 200 413
120.253.135.82 - - [04/May/2021:11:01:50 +0800] "GET /xingrg/all/function/internal_message.html?_=1620097318680&CODE_STATE=getMsg HTTP/1.1" 200 27
120.253.135.82 - - [04/May/2021:11:01:50 +0800] "POST /xingrg/kc/base/wlsy_list_operate.html?syType=1 HTTP/1.1" 200 1673
101.85.94.178 - - [04/May/2021:11:01:52 +0800] "GET /xingrg/all/function/internal_message.html?_=1620096825934&CODE_STATE=getMsg HTTP/1.1" 200 27
120.253.135.82 - - [04/May/2021:11:01:53 +0800] "POST /xingrg/kc/base/wlsy_list_operate.html?syType=1 HTTP/1.1" 200 198
120.253.135.82 - - [04/May/2021:11:01:54 +0800] "GET /xingrg/kc/base/wlsy_order_info.html?code=412021050400002 HTTP/1.1" 200 28810
120.253.135.82 - - [04/May/2021:11:01:55 +0800] "GET /xingrg/javascript/easyui/themes/default/validatebox.css HTTP/1.1" 404 1104
120.253.135.82 - - [04/May/2021:11:01:55 +0800] "POST /xingrg/kc/base/wlsy_order_operate.html HTTP/1.1" 200 2156
117.185.32.26 - - [04/May/2021:11:01:55 +0800] "POST /xingrg/kc/buy/cgsh_order_operate.html HTTP/1.1" 200 37
58.37.228.113 - - [04/May/2021:11:01:56 +0800] "GET /xingrg/kc/buy/cgsh_order_operate.html?command=get_materiel&rest_code=00141&code=00101007077&supplier_code=00100328&order_time=2021-05-04 HTTP/1.1" 200 415
120.253.135.82 - - [04/May/2021:11:01:59 +0800] "POST /xingrg/kc/base/wlsy_order_operate.html HTTP/1.1" 200 37
120.253.135.82 - - [04/May/2021:11:01:59 +0800] "POST /xingrg/kc/base/wlsy_order_operate.html HTTP/1.1" 200 2156
120.253.135.82 - - [04/May/2021:11:02:00 +0800] "POST /xingrg/kc/base/wlsy_order_operate.html HTTP/1.1" 200 12
120.253.135.82 - - [04/May/2021:11:02:02 +0800] "POST /xingrg/kc/base/wlsy_list_operate.html?syType=1 HTTP/1.1" 200 862
58.37.228.113 - - [04/May/2021:11:02:03 +0800] "POST /xingrg/kc/buy/cgsh_order_operate.html HTTP/1.1" 200 37
180.162.112.86 - - [04/May/2021:11:02:04 +0800] "GET /xingrg/all/function/internal_message.html?_=1620097064800&CODE_STATE=getMsg HTTP/1.1" 200 27
61.165.42.208 - - [04/May/2021:11:02:04 +0800] "GET /xingrg/all/function/internal_message.html?_=1620097323656&CODE_STATE=getMsg HTTP/1.1" 200 27
117.185.32.26 - - [04/May/2021:11:02:05 +0800] "GET /xingrg/all/function/internal_message.html?_=1620097323034&CODE_STATE=getMsg HTTP/1.1" 200 27
58.37.228.113 - - [04/May/2021:11:02:07 +0800] "POST /xingrg/kc/buy/cgsh_order_operate.html HTTP/1.1" 200 12
58.37.228.113 - - [04/May/2021:11:02:07 +0800] "GET /xingrg/kc/buy/cgsh_order_info.html?code=212021050401669 HTTP/1.1" 200 57269
58.37.228.113 - - [04/May/2021:11:02:08 +0800] "GET /xingrg/javascript/easyui/themes/default/validatebox.css HTTP/1.1" 404 1104
58.37.228.113 - - [04/May/2021:11:02:08 +0800] "POST /xingrg/kc/buy/cgsh_order_operate.html HTTP/1.1" 200 1794
58.37.228.113 - - [04/May/2021:11:02:09 +0800] "GET /xingrg/kc/print/load_data.html?order_code=212021050401669&kc_code=cgsh&condition= HTTP/1.1" 200 1174
114.88.167.174 - - [04/May/2021:11:02:11 +0800] "POST /xingrg/kc/buy/cgsh_order_operate.html HTTP/1.1" 200 37
116.224.253.72 - - [04/May/2021:11:02:11 +0800] "GET /xingrg/kc/buy/cgsh_order_operate.html?command=get_materiel&rest_code=00151&code=00101010412&supplier_code=00100266&order_time=2021-05-04 HTTP/1.1" 200 432
120.204.17.68 - - [04/May/2021:11:02:11 +0800] "GET /xingrg/kc/buy/cgsh_order_operate.html?command=get_materiel&rest_code=00106&code=00101008239&supplier_code=00100007&order_time=2021-05-04 HTTP/1.1" 302 -
58.37.228.113 - - [04/May/2021:11:02:12 +0800] "GET /xingrg/kc/buy/cgsh_order_add.html HTTP/1.1" 200 62363
58.37.228.113 - - [04/May/2021:11:02:12 +0800] "POST /xingrg/kc/buy/cgsh_order_operate.html HTTP/1.1" 200 8245
58.37.228.113 - - [04/May/2021:11:02:12 +0800] "GET /xingrg/javascript/easyui/themes/default/validatebox.css HTTP/1.1" 404 1104
114.88.167.174 - - [04/May/2021:11:02:14 +0800] "POST /xingrg/kc/buy/cgsh_order_operate.html HTTP/1.1" 200 2689
114.88.167.174 - - [04/May/2021:11:02:16 +0800] "GET /xingrg/kc/print/load_data.html?order_code=212021050401670&kc_code=cgsh&condition= HTTP/1.1" 200 756
180.161.124.236 - - [04/May/2021:11:02:17 +0800] "GET /xingrg/all/function/internal_message.html?_=1620097621854&CODE_STATE=getMsg HTTP/1.1" 200 27
120.204.17.68 - - [04/May/2021:11:02:17 +0800] "GET /xingrg/login.html HTTP/1.1" 200 7641
116.224.253.72 - - [04/May/2021:11:02:20 +0800] "GET /xingrg/all/function/internal_message.html?_=1620097336931&CODE_STATE=getMsg HTTP/1.1" 200 27
58.37.228.113 - - [04/May/2021:11:02:21 +0800] "GET /xingrg/kc/buy/cgsh_order_operate.html?command=get_materiel&rest_code=00141&code=00101003006&supplier_code=00100092&order_time=2021-05-04 HTTP/1.1" 200 432
114.83.218.88 - - [04/May/2021:11:02:24 +0800] "GET /xingrg/all/function/internal_message.html?_=1620097343389&CODE_STATE=getMsg HTTP/1.1" 200 27
116.224.253.72 - - [04/May/2021:11:02:25 +0800] "GET /xingrg/kc/buy/cgsh_order_operate.html?command=get_materiel&rest_code=00151&code=00101021013&supplier_code=00100266&order_time=2021-05-04 HTTP/1.1" 200 404
180.169.147.146 - - [04/May/2021:11:02:27 +0800] "GET /xingrg/all/function/internal_message.html?_=1620097344084&CODE_STATE=getMsg HTTP/1.1" 200 27
114.86.187.76 - - [04/May/2021:11:02:29 +0800] "GET /xingrg/check_reg.html?_=1620097347731 HTTP/1.1" 200 22
114.86.187.76 - - [04/May/2021:11:02:30 +0800] "GET /xingrg/all/function/internal_message.html?_=1620097348538&CODE_STATE=getMsg HTTP/1.1" 200 27
114.88.167.174 - - [04/May/2021:11:02:31 +0800] "GET /xingrg/all/function/internal_message.html?_=1620097346933&CODE_STATE=getMsg HTTP/1.1" 200 27
116.224.253.72 - - [04/May/2021:11:02:33 +0800] "GET /xingrg/kc/buy/cgsh_order_operate.html?command=get_materiel&rest_code=00151&code=00101001213&supplier_code=00100266&order_time=2021-05-04 HTTP/1.1" 200 424
116.224.253.72 - - [04/May/2021:11:02:34 +0800] "GET /xingrg/all/function/internal_message.html?_=1620097353344&CODE_STATE=getMsg HTTP/1.1" 200 27
117.184.7.26 - - [04/May/2021:11:02:34 +0800] "GET /xingrg/all/function/internal_message.html?_=1620097349884&CODE_STATE=getMsg HTTP/1.1" 200 27
120.253.135.82 - - [04/May/2021:11:02:35 +0800] "GET /xingrg/all/function/internal_message.html?_=1620097134598&CODE_STATE=getMsg HTTP/1.1" 200 27
58.221.95.50 - - [04/May/2021:11:02:35 +0800] "GET /xingrg/all/function/internal_message.html?_=1620097353791&CODE_STATE=getMsg HTTP/1.1" 200 27
116.233.79.27 - - [04/May/2021:11:02:37 +0800] "GET /xingrg/all/function/internal_message.html?_=1620097356144&CODE_STATE=getMsg HTTP/1.1" 200 27
58.37.228.113 - - [04/May/2021:11:02:39 +0800] "POST /xingrg/kc/buy/cgsh_order_operate.html HTTP/1.1" 200 37
116.224.253.72 - - [04/May/2021:11:02:42 +0800] "GET /xingrg/kc/buy/cgsh_order_operate.html?command=get_materiel&rest_code=00151&code=00101010659&supplier_code=00100266&order_time=2021-05-04 HTTP/1.1" 200 403
180.169.147.146 - - [04/May/2021:11:02:42 +0800] "GET /xingrg/all/function/internal_message.html?_=1620097362473&CODE_STATE=getMsg HTTP/1.1" 200 27
116.230.114.112 - - [04/May/2021:11:02:43 +0800] "GET /xingrg/check_reg.html?_=1620097367278 HTTP/1.1" 200 22
183.192.164.214 - - [04/May/2021:11:02:43 +0800] "GET /xingrg/kc/buy/cgsh_order_operate.html?command=get_materiel&rest_code=00106&code=00101008300&supplier_code=00100007&order_time=2021-05-04 HTTP/1.1" 302 -
58.37.228.113 - - [04/May/2021:11:02:43 +0800] "POST /xingrg/kc/buy/cgsh_order_operate.html HTTP/1.1" 200 12
58.37.228.113 - - [04/May/2021:11:02:44 +0800] "GET /xingrg/kc/buy/cgsh_order_info.html?code=212021050401671 HTTP/1.1" 200 57267
58.37.228.113 - - [04/May/2021:11:02:44 +0800] "GET /xingrg/javascript/easyui/themes/default/validatebox.css HTTP/1.1" 404 1104
58.37.228.113 - - [04/May/2021:11:02:44 +0800] "POST /xingrg/kc/buy/cgsh_order_operate.html HTTP/1.1" 200 611
116.230.76.31 - - [04/May/2021:11:02:45 +0800] "GET /xingrg/all/function/internal_message.html?_=1620097362761&CODE_STATE=getMsg HTTP/1.1" 200 27
58.37.228.113 - - [04/May/2021:11:02:45 +0800] "GET /xingrg/kc/print/load_data.html?order_code=212021050401671&kc_code=cgsh&condition= HTTP/1.1" 200 764
116.230.114.112 - - [04/May/2021:11:02:46 +0800] "GET /xingrg/all/function/internal_message.html?_=1620097370280&CODE_STATE=getMsg HTTP/1.1" 200 27
180.169.147.146 - - [04/May/2021:11:02:46 +0800] "GET /xingrg/all/function/internal_message.html?_=1620097365953&CODE_STATE=getMsg HTTP/1.1" 200 27
116.230.110.80 - - [04/May/2021:11:02:47 +0800] "GET /xingrg/check_reg.html?_=1620097366249 HTTP/1.1" 200 22
116.230.110.80 - - [04/May/2021:11:02:47 +0800] "GET /xingrg/all/function/internal_message.html?_=1620097366250&CODE_STATE=getMsg HTTP/1.1" 200 27
58.37.228.113 - - [04/May/2021:11:02:49 +0800] "GET /xingrg/kc/buy/cgsh_order_add.html HTTP/1.1" 200 62363
58.37.228.113 - - [04/May/2021:11:02:49 +0800] "GET /xingrg/javascript/easyui/themes/default/validatebox.css HTTP/1.1" 404 1104
58.37.228.113 - - [04/May/2021:11:02:49 +0800] "POST /xingrg/kc/buy/cgsh_order_operate.html HTTP/1.1" 200 8245
183.192.164.214 - - [04/May/2021:11:02:49 +0800] "GET /xingrg/login.html HTTP/1.1" 200 7641
120.253.135.82 - - [04/May/2021:11:02:50 +0800] "GET /xingrg/all/function/internal_message.html?_=1620097378694&CODE_STATE=getMsg HTTP/1.1" 200 27
101.85.94.178 - - [04/May/2021:11:02:52 +0800] "GET /xingrg/check_reg.html?_=1620096885934 HTTP/1.1" 200 22
101.85.94.178 - - [04/May/2021:11:02:52 +0800] "GET /xingrg/all/function/internal_message.html?_=1620096885932&CODE_STATE=getMsg HTTP/1.1" 200 27
58.37.228.113 - - [04/May/2021:11:02:59 +0800] "GET /xingrg/kc/buy/cgsh_order_operate.html?command=get_materiel&rest_code=00141&code=00101002034&supplier_code=00100091&order_time=2021-05-04 HTTP/1.1" 200 409
114.88.167.174 - - [04/May/2021:11:03:01 +0800] "POST /xingrg/kc/buy/cgsh_order_operate.html HTTP/1.1" 200 37
120.204.17.72 - - [04/May/2021:11:03:02 +0800] "GET /xingrg/kc/buy/cgsh_order_operate.html?command=get_materiel&rest_code=00106&code=00102016731&supplier_code=00100007&order_time=2021-05-04 HTTP/1.1" 302 -
114.88.167.174 - - [04/May/2021:11:03:02 +0800] "POST /xingrg/kc/buy/cgsh_order_operate.html HTTP/1.1" 200 2690
120.204.17.72 - - [04/May/2021:11:03:03 +0800] "GET /xingrg/login.html HTTP/1.1" 200 7641
180.162.112.86 - - [04/May/2021:11:03:04 +0800] "GET /xingrg/check_reg.html?_=1620097124803 HTTP/1.1" 200 22
180.162.112.86 - - [04/May/2021:11:03:04 +0800] "GET /xingrg/all/function/internal_message.html?_=1620097124800&CODE_STATE=getMsg HTTP/1.1" 200 27
61.165.42.208 - - [04/May/2021:11:03:04 +0800] "GET /xingrg/all/function/internal_message.html?_=1620097383634&CODE_STATE=getMsg HTTP/1.1" 200 27
117.185.32.26 - - [04/May/2021:11:03:05 +0800] "GET /xingrg/all/function/internal_message.html?_=1620097383002&CODE_STATE=getMsg HTTP/1.1" 200 27
58.37.228.113 - - [04/May/2021:11:03:05 +0800] "POST /xingrg/kc/buy/cgsh_order_operate.html HTTP/1.1" 200 37
61.165.42.208 - - [04/May/2021:11:03:07 +0800] "GET /xingrg/check_reg.html?_=1620097385945 HTTP/1.1" 200 22
116.230.76.31 - - [04/May/2021:11:03:10 +0800] "GET /xingrg/kc/buy/cgsh_order_operate.html?command=get_materiel&rest_code=00107&code=00101008359&supplier_code=00100006&order_time=2021-05-04 HTTP/1.1" 200 408
58.37.228.113 - - [04/May/2021:11:03:12 +0800] "POST /xingrg/kc/buy/cgsh_order_operate.html HTTP/1.1" 200 12
58.37.228.113 - - [04/May/2021:11:03:14 +0800] "GET /xingrg/kc/buy/cgsh_order_info.html?code=212021050401672 HTTP/1.1" 200 57269
58.37.228.113 - - [04/May/2021:11:03:14 +0800] "GET /xingrg/javascript/easyui/themes/default/validatebox.css HTTP/1.1" 404 1104
58.37.228.113 - - [04/May/2021:11:03:15 +0800] "POST /xingrg/kc/buy/cgsh_order_operate.html HTTP/1.1" 200 606
116.230.76.31 - - [04/May/2021:11:03:16 +0800] "POST /xingrg/kc/buy/cgsh_order_operate.html HTTP/1.1" 200 2065
180.161.124.236 - - [04/May/2021:11:03:17 +0800] "GET /xingrg/all/function/internal_message.html?_=1620097681882&CODE_STATE=getMsg HTTP/1.1" 200 27
116.224.253.72 - - [04/May/2021:11:03:19 +0800] "POST /xingrg/kc/buy/cgsh_order_operate.html HTTP/1.1" 200 37
116.224.253.72 - - [04/May/2021:11:03:20 +0800] "GET /xingrg/all/function/internal_message.html?_=1620097397100&CODE_STATE=getMsg HTTP/1.1" 200 27
120.253.135.82 - - [04/May/2021:11:03:21 +0800] "GET /favicon.ico HTTP/1.1" 404 -
116.224.253.72 - - [04/May/2021:11:03:21 +0800] "POST /xingrg/kc/buy/cgsh_order_operate.html HTTP/1.1" 200 5681
116.230.76.31 - - [04/May/2021:11:03:22 +0800] "GET /xingrg/kc/buy/cgsh_order_operate.html?command=get_materiel&rest_code=00107&code=00101008305&supplier_code=00100006&order_time=2021-05-04 HTTP/1.1" 200 412
114.83.218.88 - - [04/May/2021:11:03:24 +0800] "GET /xingrg/all/function/internal_message.html?_=1620097403372&CODE_STATE=getMsg HTTP/1.1" 200 27
180.169.147.146 - - [04/May/2021:11:03:27 +0800] "GET /xingrg/all/function/internal_message.html?_=1620097404084&CODE_STATE=getMsg HTTP/1.1" 200 27
116.224.253.72 - - [04/May/2021:11:03:28 +0800] "GET /xingrg/kc/buy/cgsh_order_add.html HTTP/1.1" 200 61999
116.224.253.72 - - [04/May/2021:11:03:28 +0800] "POST /xingrg/kc/buy/cgsh_order_operate.html HTTP/1.1" 200 8245
116.224.253.72 - - [04/May/2021:11:03:28 +0800] "GET /xingrg/javascript/easyui/themes/default/validatebox.css HTTP/1.1" 404 1104
114.86.187.76 - - [04/May/2021:11:03:30 +0800] "GET /xingrg/all/function/internal_message.html?_=1620097408550&CODE_STATE=getMsg HTTP/1.1" 200 27
116.224.253.72 - - [04/May/2021:11:03:34 +0800] "GET /xingrg/all/function/internal_message.html?_=1620097413354&CODE_STATE=getMsg HTTP/1.1" 200 27
117.184.7.26 - - [04/May/2021:11:03:34 +0800] "GET /xingrg/all/function/internal_message.html?_=1620097409885&CODE_STATE=getMsg HTTP/1.1" 200 27
120.253.135.82 - - [04/May/2021:11:03:35 +0800] "GET /xingrg/all/function/internal_message.html?_=1620097194613&CODE_STATE=getMsg HTTP/1.1" 200 27
58.221.95.50 - - [04/May/2021:11:03:35 +0800] "GET /xingrg/all/function/internal_message.html?_=1620097413795&CODE_STATE=getMsg HTTP/1.1" 200 27
58.221.95.50 - - [04/May/2021:11:03:35 +0800] "GET /xingrg/check_reg.html?_=1620097413799 HTTP/1.1" 200 22
116.233.79.27 - - [04/May/2021:11:03:37 +0800] "GET /xingrg/all/function/internal_message.html?_=1620097416154&CODE_STATE=getMsg HTTP/1.1" 200 27
116.233.79.27 - - [04/May/2021:11:03:37 +0800] "GET /xingrg/check_reg.html?_=1620097416155 HTTP/1.1" 200 22
120.253.135.82 - - [04/May/2021:11:03:41 +0800] "GET /xingrg/kc/pszx/mdqp_order_list.html?state=10 HTTP/1.1" 200 10171
120.253.135.82 - - [04/May/2021:11:03:41 +0800] "GET /xingrg/dwr/interface/AjaxQqpsService.js HTTP/1.1" 200 16326
120.253.135.82 - - [04/May/2021:11:03:41 +0800] "GET /xingrg/dwr/interface/AjaxReportQueryService.js HTTP/1.1" 200 13203
120.253.135.82 - - [04/May/2021:11:03:41 +0800] "GET /xingrg/dwr/engine.js HTTP/1.1" 200 43631
180.169.147.146 - - [04/May/2021:11:03:42 +0800] "GET /xingrg/all/function/internal_message.html?_=1620097422474&CODE_STATE=getMsg HTTP/1.1" 200 27
116.230.76.31 - - [04/May/2021:11:03:43 +0800] "GET /xingrg/check_reg.html?_=1620097421041 HTTP/1.1" 200 22
120.253.135.82 - - [04/May/2021:11:03:43 +0800] "GET /xingrg/kc/pszx/mdps_order_list.html?orderType=0 HTTP/1.1" 200 21159
120.253.135.82 - - [04/May/2021:11:03:44 +0800] "POST /xingrg/kc/pszx/mdps_list_operate.html HTTP/1.1" 200 5327
116.230.76.31 - - [04/May/2021:11:03:45 +0800] "GET /xingrg/all/function/internal_message.html?_=1620097422759&CODE_STATE=getMsg HTTP/1.1" 200 27
