116.230.110.80 - - [04/May/2021:09:01:55 +0800] "GET /xingrg/all/function/internal_message.html?_=1620090112615&CODE_STATE=getMsg HTTP/1.1" 200 27
116.224.253.72 - - [04/May/2021:09:02:01 +0800] "GET /xingrg/all/function/internal_message.html?_=1620090117578&CODE_STATE=getMsg HTTP/1.1" 200 27
61.165.42.208 - - [04/May/2021:09:02:07 +0800] "GET /xingrg/all/function/internal_message.html?_=1620090126216&CODE_STATE=getMsg HTTP/1.1" 200 27
180.161.124.236 - - [04/May/2021:09:02:10 +0800] "GET /xingrg/all/function/internal_message.html?_=1620090414052&CODE_STATE=getMsg HTTP/1.1" 200 27
116.224.253.72 - - [04/May/2021:09:02:12 +0800] "GET /xingrg/all/function/internal_message.html?_=1620090131431&CODE_STATE=getMsg HTTP/1.1" 200 27
114.83.218.88 - - [04/May/2021:09:02:26 +0800] "GET /xingrg/all/function/internal_message.html?_=1620090145259&CODE_STATE=getMsg HTTP/1.1" 200 27
116.230.114.112 - - [04/May/2021:09:02:42 +0800] "GET /xingrg/check_reg.html?_=1620090166620 HTTP/1.1" 200 22
116.230.114.112 - - [04/May/2021:09:02:44 +0800] "GET /xingrg/all/function/internal_message.html?_=1620090168042&CODE_STATE=getMsg HTTP/1.1" 200 27
120.253.135.82 - - [04/May/2021:09:02:47 +0800] "GET /xingrg/all/function/internal_message.html?_=1620090176116&CODE_STATE=getMsg HTTP/1.1" 200 27
116.230.110.80 - - [04/May/2021:09:02:55 +0800] "GET /xingrg/all/function/internal_message.html?_=1620090172595&CODE_STATE=getMsg HTTP/1.1" 200 27
116.230.110.80 - - [04/May/2021:09:02:59 +0800] "GET /xingrg/kc/buy/cgsh_order_list.html HTTP/1.1" 200 46625
116.224.253.72 - - [04/May/2021:09:03:01 +0800] "GET /xingrg/all/function/internal_message.html?_=1620090177593&CODE_STATE=getMsg HTTP/1.1" 200 27
116.230.110.80 - - [04/May/2021:09:03:02 +0800] "POST /xingrg/kc/buy/cgsh_list_operate.html HTTP/1.1" 200 2773
61.165.42.208 - - [04/May/2021:09:03:07 +0800] "GET /xingrg/all/function/internal_message.html?_=1620090186092&CODE_STATE=getMsg HTTP/1.1" 200 27
61.165.42.208 - - [04/May/2021:09:03:07 +0800] "GET /xingrg/check_reg.html?_=1620090186185 HTTP/1.1" 200 22
180.161.124.236 - - [04/May/2021:09:03:10 +0800] "GET /xingrg/all/function/internal_message.html?_=1620090474086&CODE_STATE=getMsg HTTP/1.1" 200 27
116.224.253.72 - - [04/May/2021:09:03:12 +0800] "GET /xingrg/all/function/internal_message.html?_=1620090191433&CODE_STATE=getMsg HTTP/1.1" 200 27
180.161.124.236 - - [04/May/2021:09:03:20 +0800] "POST /xingrg/services/DataTransmitService HTTP/1.1" 200 524
114.83.218.88 - - [04/May/2021:09:03:26 +0800] "GET /xingrg/all/function/internal_message.html?_=1620090205266&CODE_STATE=getMsg HTTP/1.1" 200 27
116.230.114.112 - - [04/May/2021:09:03:44 +0800] "GET /xingrg/all/function/internal_message.html?_=1620090228055&CODE_STATE=getMsg HTTP/1.1" 200 27
120.253.135.82 - - [04/May/2021:09:03:47 +0800] "GET /xingrg/all/function/internal_message.html?_=1620090236126&CODE_STATE=getMsg HTTP/1.1" 200 27
116.230.110.80 - - [04/May/2021:09:03:55 +0800] "GET /xingrg/all/function/internal_message.html?_=1620090232594&CODE_STATE=getMsg HTTP/1.1" 200 27
116.224.253.72 - - [04/May/2021:09:04:01 +0800] "GET /xingrg/check_reg.html?_=1620090237364 HTTP/1.1" 200 22
116.224.253.72 - - [04/May/2021:09:04:01 +0800] "GET /xingrg/all/function/internal_message.html?_=1620090237606&CODE_STATE=getMsg HTTP/1.1" 200 27
61.165.42.208 - - [04/May/2021:09:04:07 +0800] "GET /xingrg/all/function/internal_message.html?_=1620090246093&CODE_STATE=getMsg HTTP/1.1" 200 27
180.161.124.236 - - [04/May/2021:09:04:10 +0800] "GET /xingrg/all/function/internal_message.html?_=1620090534096&CODE_STATE=getMsg HTTP/1.1" 200 27
116.224.253.72 - - [04/May/2021:09:04:12 +0800] "GET /xingrg/all/function/internal_message.html?_=1620090251434&CODE_STATE=getMsg HTTP/1.1" 200 27
114.83.218.88 - - [04/May/2021:09:04:26 +0800] "GET /xingrg/all/function/internal_message.html?_=1620090265270&CODE_STATE=getMsg HTTP/1.1" 200 27
116.230.114.112 - - [04/May/2021:09:04:44 +0800] "GET /xingrg/all/function/internal_message.html?_=1620090288068&CODE_STATE=getMsg HTTP/1.1" 200 27
120.253.135.82 - - [04/May/2021:09:04:47 +0800] "GET /xingrg/all/function/internal_message.html?_=1620090296174&CODE_STATE=getMsg HTTP/1.1" 200 27
116.230.110.80 - - [04/May/2021:09:04:53 +0800] "GET /xingrg/check_reg.html?_=1620090290634 HTTP/1.1" 200 22
116.230.110.80 - - [04/May/2021:09:04:55 +0800] "GET /xingrg/all/function/internal_message.html?_=1620090292587&CODE_STATE=getMsg HTTP/1.1" 200 27
180.169.147.146 - - [04/May/2021:09:04:57 +0800] "GET /favicon.ico HTTP/1.1" 404 -
116.224.253.72 - - [04/May/2021:09:05:01 +0800] "GET /xingrg/all/function/internal_message.html?_=1620090297621&CODE_STATE=getMsg HTTP/1.1" 200 27
61.165.42.208 - - [04/May/2021:09:05:07 +0800] "GET /xingrg/all/function/internal_message.html?_=1620090306095&CODE_STATE=getMsg HTTP/1.1" 200 27
180.161.124.236 - - [04/May/2021:09:05:09 +0800] "GET /xingrg/check_reg.html?_=1620090593688 HTTP/1.1" 200 22
180.161.124.236 - - [04/May/2021:09:05:10 +0800] "GET /xingrg/all/function/internal_message.html?_=1620090594109&CODE_STATE=getMsg HTTP/1.1" 200 27
116.224.253.72 - - [04/May/2021:09:05:12 +0800] "GET /xingrg/all/function/internal_message.html?_=1620090311434&CODE_STATE=getMsg HTTP/1.1" 200 27
116.224.253.72 - - [04/May/2021:09:05:12 +0800] "GET /xingrg/check_reg.html?_=1620090311437 HTTP/1.1" 200 22
114.83.218.88 - - [04/May/2021:09:05:26 +0800] "GET /xingrg/all/function/internal_message.html?_=1620090325280&CODE_STATE=getMsg HTTP/1.1" 200 27
114.83.218.88 - - [04/May/2021:09:05:26 +0800] "GET /xingrg/check_reg.html?_=1620090325282 HTTP/1.1" 200 22
116.230.114.112 - - [04/May/2021:09:05:44 +0800] "GET /xingrg/all/function/internal_message.html?_=1620090348089&CODE_STATE=getMsg HTTP/1.1" 200 27
114.83.218.88 - - [04/May/2021:09:05:45 +0800] "GET /xingrg/kc/buy/cgsh_order_operate.html?command=get_materiel&rest_code=00149&code=00101008010&supplier_code=00100005&order_time=2021-05-04 HTTP/1.1" 200 412
120.253.135.82 - - [04/May/2021:09:05:47 +0800] "GET /xingrg/all/function/internal_message.html?_=1620090356185&CODE_STATE=getMsg HTTP/1.1" 200 27
116.230.110.80 - - [04/May/2021:09:05:55 +0800] "GET /xingrg/all/function/internal_message.html?_=1620090352561&CODE_STATE=getMsg HTTP/1.1" 200 27
116.224.253.72 - - [04/May/2021:09:06:01 +0800] "GET /xingrg/all/function/internal_message.html?_=1620090357634&CODE_STATE=getMsg HTTP/1.1" 200 27
61.165.42.208 - - [04/May/2021:09:06:07 +0800] "POST /xingrg/kc/buy/cgsh_order_operate.html HTTP/1.1" 200 37
61.165.42.208 - - [04/May/2021:09:06:08 +0800] "POST /xingrg/kc/buy/cgsh_order_operate.html HTTP/1.1" 200 36350
180.161.124.236 - - [04/May/2021:09:06:10 +0800] "GET /xingrg/all/function/internal_message.html?_=1620090654123&CODE_STATE=getMsg HTTP/1.1" 200 27
61.165.42.208 - - [04/May/2021:09:06:10 +0800] "GET /xingrg/kc/print/load_data.html?order_code=212021050401541&kc_code=cgsh&condition= HTTP/1.1" 200 13366
116.224.253.72 - - [04/May/2021:09:06:12 +0800] "GET /xingrg/all/function/internal_message.html?_=1620090371464&CODE_STATE=getMsg HTTP/1.1" 200 27
114.83.218.88 - - [04/May/2021:09:06:12 +0800] "GET /xingrg/kc/buy/cgsh_order_operate.html?command=get_materiel&rest_code=00149&code=00101008114&supplier_code=00100005&order_time=2021-05-04 HTTP/1.1" 200 412
61.165.42.208 - - [04/May/2021:09:06:14 +0800] "GET /xingrg/kc/buy/cgsh_order_add.html HTTP/1.1" 200 62404
61.165.42.208 - - [04/May/2021:09:06:15 +0800] "POST /xingrg/kc/buy/cgsh_order_operate.html HTTP/1.1" 200 8245
61.165.42.208 - - [04/May/2021:09:06:15 +0800] "GET /xingrg/javascript/easyui/themes/default/validatebox.css HTTP/1.1" 404 1104
114.83.218.88 - - [04/May/2021:09:06:25 +0800] "GET /xingrg/kc/buy/cgsh_order_operate.html?command=get_materiel&rest_code=00149&code=00101008305&supplier_code=00100005&order_time=2021-05-04 HTTP/1.1" 200 412
61.165.42.208 - - [04/May/2021:09:06:26 +0800] "GET /xingrg/kc/buy/cgsh_order_operate.html?command=get_materiel&rest_code=00105&code=00101007081&supplier_code=00100002&order_time=2021-05-04 HTTP/1.1" 200 413
114.83.218.88 - - [04/May/2021:09:06:26 +0800] "GET /xingrg/all/function/internal_message.html?_=1620090385290&CODE_STATE=getMsg HTTP/1.1" 200 27
116.230.114.112 - - [04/May/2021:09:06:44 +0800] "GET /xingrg/all/function/internal_message.html?_=1620090408096&CODE_STATE=getMsg HTTP/1.1" 200 27
114.83.218.88 - - [04/May/2021:09:06:47 +0800] "GET /xingrg/kc/buy/cgsh_order_operate.html?command=get_materiel&rest_code=00149&code=00101010146&supplier_code=00100005&order_time=2021-05-04 HTTP/1.1" 200 408
120.253.135.82 - - [04/May/2021:09:06:47 +0800] "GET /xingrg/all/function/internal_message.html?_=1620090416233&CODE_STATE=getMsg HTTP/1.1" 200 27
120.253.135.82 - - [04/May/2021:09:06:47 +0800] "GET /xingrg/check_reg.html?_=1620090416509 HTTP/1.1" 200 22
116.230.110.80 - - [04/May/2021:09:06:55 +0800] "GET /xingrg/all/function/internal_message.html?_=1620090412534&CODE_STATE=getMsg HTTP/1.1" 200 27
114.83.218.88 - - [04/May/2021:09:06:56 +0800] "POST /xingrg/kc/buy/cgsh_order_operate.html HTTP/1.1" 200 2065
116.233.79.27 - - [04/May/2021:09:06:58 +0800] "GET /xingrg/login.html HTTP/1.1" 200 7641
116.233.79.27 - - [04/May/2021:09:06:58 +0800] "GET /xingrg/images/blue/jxLogo.png HTTP/1.1" 200 6156
116.233.79.27 - - [04/May/2021:09:06:58 +0800] "GET /xingrg/images/blue/login_bg.png HTTP/1.1" 200 22101
116.233.79.27 - - [04/May/2021:09:06:58 +0800] "GET /xingrg/images/blue/hj.png HTTP/1.1" 200 1014
116.233.79.27 - - [04/May/2021:09:06:58 +0800] "GET /xingrg/images/blue/srbg.png HTTP/1.1" 200 138
116.233.79.27 - - [04/May/2021:09:06:58 +0800] "GET /favicon.ico HTTP/1.1" 404 -
116.224.253.72 - - [04/May/2021:09:07:01 +0800] "GET /xingrg/all/function/internal_message.html?_=1620090417728&CODE_STATE=getMsg HTTP/1.1" 200 27
61.165.42.208 - - [04/May/2021:09:07:02 +0800] "GET /xingrg/kc/buy/cgsh_order_operate.html?command=get_materiel&rest_code=00105&code=00101007048&supplier_code=00100002&order_time=2021-05-04 HTTP/1.1" 200 408
116.233.79.27 - - [04/May/2021:09:07:04 +0800] "POST /xingrg/login.do HTTP/1.1" 302 -
116.233.79.27 - - [04/May/2021:09:07:04 +0800] "GET /xingrg/index.html?sysBaseUrl=http%3A%2F%2F180.169.147.146%3A18081%2Fxingrg%2F&costTime=52×tamp=1620090424916 HTTP/1.1" 200 17173
116.233.79.27 - - [04/May/2021:09:07:04 +0800] "GET /xingrg/javascript/jquery-1.4.2.min.js HTTP/1.1" 200 72205
116.233.79.27 - - [04/May/2021:09:07:04 +0800] "GET /xingrg/css/form.css HTTP/1.1" 200 893
116.233.79.27 - - [04/May/2021:09:07:04 +0800] "GET /xingrg/javascript/jquery_easy_ui/themes/icon.css HTTP/1.1" 200 3949
116.233.79.27 - - [04/May/2021:09:07:04 +0800] "GET /xingrg/javascript/jquery_easy_ui/themes/default/easyui.css HTTP/1.1" 200 26500
116.233.79.27 - - [04/May/2021:09:07:05 +0800] "GET /xingrg/javascript/jquery_easy_ui/jquery.easyui.min.js HTTP/1.1" 200 213662
116.233.79.27 - - [04/May/2021:09:07:05 +0800] "GET /xingrg/javascript/jquery_easy_ui/easyui-lang-zh_CN.js HTTP/1.1" 200 1900
116.233.79.27 - - [04/May/2021:09:07:05 +0800] "GET /xingrg/javascript/jquery.timers.js HTTP/1.1" 200 3532
116.233.79.27 - - [04/May/2021:09:07:05 +0800] "GET /xingrg/javascript/jquery.form.js HTTP/1.1" 200 23110
116.233.79.27 - - [04/May/2021:09:07:05 +0800] "GET /xingrg/javascript/jquery.utils.js HTTP/1.1" 200 11805
116.233.79.27 - - [04/May/2021:09:07:05 +0800] "GET /xingrg/javascript/jquery_easy_ui/themes/icons/settle_new.png HTTP/1.1" 200 826
116.233.79.27 - - [04/May/2021:09:07:05 +0800] "GET /xingrg/images/blue/navBackgound.jpg HTTP/1.1" 200 12378
116.233.79.27 - - [04/May/2021:09:07:05 +0800] "GET /xingrg/images/blue/pingpu.png HTTP/1.1" 200 231
116.233.79.27 - - [04/May/2021:09:07:05 +0800] "GET /xingrg/javascript/jquery_easy_ui/themes/default/images/tabs_leftarrow.png HTTP/1.1" 200 389
116.233.79.27 - - [04/May/2021:09:07:05 +0800] "GET /xingrg/javascript/jquery_easy_ui/themes/default/images/tabs_rightarrow.png HTTP/1.1" 200 395
116.233.79.27 - - [04/May/2021:09:07:05 +0800] "POST /xingrg/all/common/load_tree.html?tree=area_rest_tree_json&manage=1 HTTP/1.1" 200 342
116.233.79.27 - - [04/May/2021:09:07:05 +0800] "GET /xingrg/javascript/jquery_easy_ui/themes/default/images/panel_tool_collapse.gif HTTP/1.1" 200 246
116.233.79.27 - - [04/May/2021:09:07:05 +0800] "GET /xingrg/check_reg.html?_=1620090423698 HTTP/1.1" 200 22
116.233.79.27 - - [04/May/2021:09:07:05 +0800] "GET /xingrg/all/function/internal_message.html?_=1620090423698&CODE_STATE=count HTTP/1.1" 200 11
116.233.79.27 - - [04/May/2021:09:07:05 +0800] "POST /xingrg/load_menu.html HTTP/1.1" 200 5138
116.233.79.27 - - [04/May/2021:09:07:05 +0800] "GET /xingrg/javascript/jquery_easy_ui/themes/default/images/tree_arrows.gif HTTP/1.1" 200 1043
116.233.79.27 - - [04/May/2021:09:07:05 +0800] "GET /xingrg/javascript/jquery_easy_ui/themes/default/images/tree_folder.gif HTTP/1.1" 200 952
116.233.79.27 - - [04/May/2021:09:07:05 +0800] "GET /xingrg/javascript/jquery_easy_ui/themes/default/images/tree_folder_open.gif HTTP/1.1" 200 956
116.233.79.27 - - [04/May/2021:09:07:05 +0800] "GET /xingrg/javascript/jquery_easy_ui/themes/icons/forms_new.png HTTP/1.1" 200 350
116.233.79.27 - - [04/May/2021:09:07:05 +0800] "GET /xingrg/javascript/jquery_easy_ui/themes/icons/storage_new.png HTTP/1.1" 200 853
116.233.79.27 - - [04/May/2021:09:07:05 +0800] "GET /xingrg/javascript/jquery_easy_ui/themes/icons/search_new.png HTTP/1.1" 200 586
116.233.79.27 - - [04/May/2021:09:07:06 +0800] "GET /xingrg/javascript/jquery_easy_ui/themes/default/images/tabs_close.gif HTTP/1.1" 200 829
116.233.79.27 - - [04/May/2021:09:07:06 +0800] "GET /xingrg/kc/buy/buy_main.html HTTP/1.1" 200 12412
116.233.79.27 - - [04/May/2021:09:07:06 +0800] "GET /xingrg/css/new_ie.css HTTP/1.1" 404 1036
116.233.79.27 - - [04/May/2021:09:07:06 +0800] "GET /xingrg/javascript/pic_change.js HTTP/1.1" 200 4739
116.233.79.27 - - [04/May/2021:09:07:06 +0800] "GET /xingrg/javascript/ToolTips.js HTTP/1.1" 200 5615
116.233.79.27 - - [04/May/2021:09:07:06 +0800] "GET /xingrg/css/blue.css HTTP/1.1" 200 15949
116.233.79.27 - - [04/May/2021:09:07:06 +0800] "GET /xingrg/javascript/jquery_ui/jquery-ui.min.js HTTP/1.1" 200 186181
116.233.79.27 - - [04/May/2021:09:07:06 +0800] "GET /xingrg/images/blue/button/cgxqd.gif HTTP/1.1" 200 2619
116.233.79.27 - - [04/May/2021:09:07:06 +0800] "GET /xingrg/images/blue/button/cgydd.gif HTTP/1.1" 200 2712
116.233.79.27 - - [04/May/2021:09:07:06 +0800] "GET /xingrg/javascript/jquery_ui/themes/humanity/humanity.css HTTP/1.1" 200 27801
116.233.79.27 - - [04/May/2021:09:07:06 +0800] "GET /xingrg/javascript/myfunction.js HTTP/1.1" 200 24559
116.233.79.27 - - [04/May/2021:09:07:06 +0800] "GET /xingrg/images/blue/button/cgshd.gif HTTP/1.1" 200 2618
116.233.79.27 - - [04/May/2021:09:07:06 +0800] "GET /xingrg/images/blue/button/cgfkd.gif HTTP/1.1" 200 2075
116.233.79.27 - - [04/May/2021:09:07:06 +0800] "GET /xingrg/images/blue/button/kc.gif HTTP/1.1" 200 2160
116.233.79.27 - - [04/May/2021:09:07:06 +0800] "GET /xingrg/images/blue/button/ckthd.gif HTTP/1.1" 200 2045
116.233.79.27 - - [04/May/2021:09:07:06 +0800] "GET /xingrg/images/blue/pic_form2.gif HTTP/1.1" 200 1853
116.233.79.27 - - [04/May/2021:09:07:06 +0800] "GET /xingrg/images/blue/button/down_ah.jpg HTTP/1.1" 200 1732
116.233.79.27 - - [04/May/2021:09:07:06 +0800] "GET /xingrg/images/blue/button/right_ah.jpg HTTP/1.1" 200 1744
116.233.79.27 - - [04/May/2021:09:07:06 +0800] "GET /xingrg/images/blue/bg_dotted.jpg HTTP/1.1" 200 319
116.233.79.27 - - [04/May/2021:09:07:06 +0800] "GET /xingrg/javascript/jquery_ui/themes/humanity/images/ui-bg_inset-soft_100_f4f0ec_1x100.png HTTP/1.1" 200 141
116.233.79.27 - - [04/May/2021:09:07:06 +0800] "GET /xingrg/javascript/jquery_ui/themes/humanity/images/ui-icons_c47a23_256x240.png HTTP/1.1" 200 5355
61.165.42.208 - - [04/May/2021:09:07:07 +0800] "GET /xingrg/all/function/internal_message.html?_=1620090426237&CODE_STATE=getMsg HTTP/1.1" 200 27
116.233.79.27 - - [04/May/2021:09:07:07 +0800] "GET /xingrg/kc/buy/cgsh_order_list.html HTTP/1.1" 200 46619
116.233.79.27 - - [04/May/2021:09:07:07 +0800] "GET /xingrg/css/base.css HTTP/1.1" 200 2811
116.233.79.27 - - [04/May/2021:09:07:07 +0800] "GET /xingrg/css/site.css HTTP/1.1" 200 7541
116.233.79.27 - - [04/May/2021:09:07:07 +0800] "GET /xingrg/javascript/jquery_tools/datebox.css HTTP/1.1" 200 2597
116.233.79.27 - - [04/May/2021:09:07:07 +0800] "GET /xingrg/javascript/auto/jquery.autocomplete.css HTTP/1.1" 200 587
116.233.79.27 - - [04/May/2021:09:07:07 +0800] "GET /xingrg/javascript/easyui/themes/icon.css HTTP/1.1" 200 4483
116.233.79.27 - - [04/May/2021:09:07:07 +0800] "GET /xingrg/javascript/jquery_tools/fix.css HTTP/1.1" 200 1702
116.233.79.27 - - [04/May/2021:09:07:07 +0800] "GET /xingrg/javascript/jquery_tools/table.css HTTP/1.1" 200 1032
116.233.79.27 - - [04/May/2021:09:07:07 +0800] "GET /xingrg/javascript/jquery_tools/jquery.tools.min.js HTTP/1.1" 200 138801
116.233.79.27 - - [04/May/2021:09:07:07 +0800] "GET /xingrg/javascript/jquery_tools/jquery.tools.hotkey.js HTTP/1.1" 200 3242
116.233.79.27 - - [04/May/2021:09:07:07 +0800] "GET /xingrg/javascript/easyui/themes/default/easyui.css HTTP/1.1" 200 30432
116.233.79.27 - - [04/May/2021:09:07:07 +0800] "GET /xingrg/javascript/jquery_tools/jquery.tools.extend.js HTTP/1.1" 200 15385
116.233.79.27 - - [04/May/2021:09:07:07 +0800] "GET /xingrg/javascript/jquery_tools/jquery.tools.table.js HTTP/1.1" 200 6994
116.233.79.27 - - [04/May/2021:09:07:07 +0800] "GET /xingrg/javascript/jquery_tools/list_manager.js HTTP/1.1" 200 3652
116.233.79.27 - - [04/May/2021:09:07:07 +0800] "GET /xingrg/javascript/easyui/easyloader.js HTTP/1.1" 200 5975
116.233.79.27 - - [04/May/2021:09:07:07 +0800] "GET /xingrg/javascript/jquery.cookie.js HTTP/1.1" 200 5513
116.233.79.27 - - [04/May/2021:09:07:07 +0800] "GET /xingrg/javascript/auto/jquery.autocomplete.js HTTP/1.1" 200 21624
116.233.79.27 - - [04/May/2021:09:07:07 +0800] "GET /xingrg/javascript/print/LodopFuncs.js HTTP/1.1" 200 5121
116.233.79.27 - - [04/May/2021:09:07:07 +0800] "GET /xingrg/javascript/easyui/themes/icons/edit_add_new.png HTTP/1.1" 200 2997
116.233.79.27 - - [04/May/2021:09:07:07 +0800] "GET /xingrg/javascript/easyui/themes/icons/check_new.png HTTP/1.1" 200 3224
116.233.79.27 - - [04/May/2021:09:07:07 +0800] "GET /xingrg/javascript/easyui/themes/icons/field_new.png HTTP/1.1" 200 1097
116.233.79.27 - - [04/May/2021:09:07:07 +0800] "GET /xingrg/javascript/easyui/themes/icons/cance_new.png HTTP/1.1" 200 3986
116.233.79.27 - - [04/May/2021:09:07:07 +0800] "GET /xingrg/javascript/easyui/themes/icons/import_new.png HTTP/1.1" 200 1247
116.233.79.27 - - [04/May/2021:09:07:07 +0800] "GET /xingrg/javascript/easyui/plugins/jquery.parser.js HTTP/1.1" 200 1142
116.233.79.27 - - [04/May/2021:09:07:07 +0800] "GET /xingrg/images/control/ajaxLoader.gif HTTP/1.1" 200 4659
116.233.79.27 - - [04/May/2021:09:07:08 +0800] "POST /xingrg/kc/buy/cgsh_list_operate.html HTTP/1.1" 200 876
180.161.124.236 - - [04/May/2021:09:07:10 +0800] "GET /xingrg/all/function/internal_message.html?_=1620090714136&CODE_STATE=getMsg HTTP/1.1" 200 27
114.83.218.88 - - [04/May/2021:09:07:11 +0800] "GET /xingrg/kc/buy/cgsh_order_operate.html?command=get_materiel&rest_code=00149&code=00101008236&supplier_code=00100005&order_time=2021-05-04 HTTP/1.1" 200 416
116.224.253.72 - - [04/May/2021:09:07:12 +0800] "GET /xingrg/all/function/internal_message.html?_=1620090431468&CODE_STATE=getMsg HTTP/1.1" 200 27
61.165.42.208 - - [04/May/2021:09:07:12 +0800] "GET /xingrg/kc/buy/cgsh_order_operate.html?command=get_materiel&rest_code=00105&code=00101007061&supplier_code=00100002&order_time=2021-05-04 HTTP/1.1" 200 409
116.233.79.27 - - [04/May/2021:09:07:15 +0800] "POST /xingrg/kc/buy/cgsh_list_operate.html HTTP/1.1" 200 5373
114.83.218.88 - - [04/May/2021:09:07:20 +0800] "GET /xingrg/kc/buy/cgsh_order_operate.html?command=get_materiel&rest_code=00149&code=00101008183&supplier_code=00100005&order_time=2021-05-04 HTTP/1.1" 200 413
116.233.79.27 - - [04/May/2021:09:07:21 +0800] "POST /xingrg/kc/buy/cgsh_list_operate.html HTTP/1.1" 200 9056
116.233.79.27 - - [04/May/2021:09:07:25 +0800] "POST /xingrg/kc/buy/cgsh_list_operate.html HTTP/1.1" 200 567
114.83.218.88 - - [04/May/2021:09:07:26 +0800] "GET /xingrg/all/function/internal_message.html?_=1620090445295&CODE_STATE=getMsg HTTP/1.1" 200 27
61.165.42.208 - - [04/May/2021:09:07:28 +0800] "GET /xingrg/kc/buy/cgsh_order_operate.html?command=get_materiel&rest_code=00105&code=00101007128&supplier_code=00100002&order_time=2021-05-04 HTTP/1.1" 200 406
114.83.218.88 - - [04/May/2021:09:07:33 +0800] "GET /xingrg/kc/buy/cgsh_order_operate.html?command=get_materiel&rest_code=00149&code=00101015006&supplier_code=00100005&order_time=2021-05-04 HTTP/1.1" 200 413
116.230.114.112 - - [04/May/2021:09:07:42 +0800] "GET /xingrg/check_reg.html?_=1620090466645 HTTP/1.1" 200 22
116.230.114.112 - - [04/May/2021:09:07:44 +0800] "GET /xingrg/all/function/internal_message.html?_=1620090468109&CODE_STATE=getMsg HTTP/1.1" 200 27
114.83.218.88 - - [04/May/2021:09:07:45 +0800] "GET /xingrg/kc/buy/cgsh_order_operate.html?command=get_materiel&rest_code=00149&code=00101015027&supplier_code=00100005&order_time=2021-05-04 HTTP/1.1" 200 417
120.253.135.82 - - [04/May/2021:09:07:47 +0800] "GET /xingrg/all/function/internal_message.html?_=1620090476243&CODE_STATE=getMsg HTTP/1.1" 200 27
61.165.42.208 - - [04/May/2021:09:07:48 +0800] "POST /xingrg/kc/buy/cgsh_order_operate.html HTTP/1.1" 200 37
61.165.42.208 - - [04/May/2021:09:07:49 +0800] "POST /xingrg/kc/buy/cgsh_order_operate.html HTTP/1.1" 200 4418
61.165.42.208 - - [04/May/2021:09:07:50 +0800] "GET /xingrg/kc/print/load_data.html?order_code=212021050401546&kc_code=cgsh&condition= HTTP/1.1" 200 1406
116.230.110.80 - - [04/May/2021:09:07:55 +0800] "GET /xingrg/all/function/internal_message.html?_=1620090473582&CODE_STATE=getMsg HTTP/1.1" 200 27
116.233.79.27 - - [04/May/2021:09:07:59 +0800] "POST /xingrg/kc/buy/cgsh_list_operate.html HTTP/1.1" 200 5665
114.83.218.88 - - [04/May/2021:09:08:01 +0800] "GET /xingrg/kc/buy/cgsh_order_operate.html?command=get_materiel&rest_code=00149&code=00101015024&supplier_code=00100005&order_time=2021-05-04 HTTP/1.1" 200 413
116.224.253.72 - - [04/May/2021:09:08:01 +0800] "GET /xingrg/all/function/internal_message.html?_=1620090477740&CODE_STATE=getMsg HTTP/1.1" 200 27
116.233.79.27 - - [04/May/2021:09:08:02 +0800] "POST /xingrg/kc/buy/cgsh_list_operate.html HTTP/1.1" 200 560
116.233.79.27 - - [04/May/2021:09:08:05 +0800] "GET /xingrg/all/function/internal_message.html?_=1620090483705&CODE_STATE=getMsg HTTP/1.1" 200 27
116.233.79.27 - - [04/May/2021:09:08:06 +0800] "GET /xingrg/javascript/easyui/themes/default/images/button_plain_hover.png HTTP/1.1" 200 144
61.165.42.208 - - [04/May/2021:09:08:07 +0800] "GET /xingrg/all/function/internal_message.html?_=1620090486084&CODE_STATE=getMsg HTTP/1.1" 200 27
61.165.42.208 - - [04/May/2021:09:08:07 +0800] "GET /xingrg/check_reg.html?_=1620090486174 HTTP/1.1" 200 22
116.233.79.27 - - [04/May/2021:09:08:09 +0800] "GET /xingrg/logout.do HTTP/1.1" 302 -
116.233.79.27 - - [04/May/2021:09:08:09 +0800] "GET /xingrg/login.html?sysBaseUrl=http%3A%2F%2F180.169.147.146%3A18081%2Fxingrg%2F&costTime=2×tamp=1620090489456 HTTP/1.1" 200 7641
180.161.124.236 - - [04/May/2021:09:08:10 +0800] "GET /xingrg/all/function/internal_message.html?_=1620090774192&CODE_STATE=getMsg HTTP/1.1" 200 27
116.224.253.72 - - [04/May/2021:09:08:12 +0800] "GET /xingrg/all/function/internal_message.html?_=1620090491478&CODE_STATE=getMsg HTTP/1.1" 200 27
116.233.79.27 - - [04/May/2021:09:08:14 +0800] "POST /xingrg/login.do HTTP/1.1" 302 -
116.233.79.27 - - [04/May/2021:09:08:14 +0800] "GET /xingrg/index.html?sysBaseUrl=http%3A%2F%2F180.169.147.146%3A18081%2Fxingrg%2F&costTime=48×tamp=1620090494029 HTTP/1.1" 200 17503
116.233.79.27 - - [04/May/2021:09:08:14 +0800] "GET /xingrg/javascript/jquery_easy_ui/themes/default/images/panel_tool_expand.gif HTTP/1.1" 200 247
116.233.79.27 - - [04/May/2021:09:08:14 +0800] "POST /xingrg/all/common/load_tree.html?tree=area_rest_tree_json&manage=1 HTTP/1.1" 200 3216
116.233.79.27 - - [04/May/2021:09:08:14 +0800] "GET /xingrg/check_reg.html?_=1620090492742 HTTP/1.1" 200 22
116.233.79.27 - - [04/May/2021:09:08:14 +0800] "GET /xingrg/all/function/internal_message.html?_=1620090492742&CODE_STATE=count HTTP/1.1" 200 11
116.233.79.27 - - [04/May/2021:09:08:14 +0800] "POST /xingrg/load_menu.html HTTP/1.1" 200 11564
116.233.79.27 - - [04/May/2021:09:08:14 +0800] "GET /xingrg/javascript/jquery_easy_ui/themes/icons/delivery_new.png HTTP/1.1" 200 700
116.233.79.27 - - [04/May/2021:09:08:14 +0800] "GET /xingrg/javascript/jquery_easy_ui/themes/icons/systemset_new.png HTTP/1.1" 200 606
116.233.79.27 - - [04/May/2021:09:08:14 +0800] "GET /xingrg/javascript/jquery_easy_ui/themes/icons/setting_new.png HTTP/1.1" 200 450
116.233.79.27 - - [04/May/2021:09:08:14 +0800] "GET /xingrg/javascript/jquery_easy_ui/themes/icons/checkout_new.png HTTP/1.1" 200 744
116.233.79.27 - - [04/May/2021:09:08:15 +0800] "GET /xingrg/javascript/jquery_easy_ui/themes/icons/area.png HTTP/1.1" 200 262
116.233.79.27 - - [04/May/2021:09:08:15 +0800] "GET /xingrg/javascript/jquery_easy_ui/themes/icons/manage.png HTTP/1.1" 200 696
116.233.79.27 - - [04/May/2021:09:08:15 +0800] "GET /xingrg/javascript/jquery_easy_ui/themes/icons/rest.png HTTP/1.1" 200 695
116.233.79.27 - - [04/May/2021:09:08:15 +0800] "GET /xingrg/javascript/jquery_easy_ui/themes/default/images/panel_title.png HTTP/1.1" 200 266
116.233.79.27 - - [04/May/2021:09:08:15 +0800] "GET /xingrg/javascript/jquery_easy_ui/themes/default/images/panel_tools.gif HTTP/1.1" 200 737
116.233.79.27 - - [04/May/2021:09:08:15 +0800] "GET /xingrg/javascript/jquery_easy_ui/themes/default/images/button_a_bg.gif HTTP/1.1" 200 1194
116.233.79.27 - - [04/May/2021:09:08:15 +0800] "GET /xingrg/javascript/jquery_easy_ui/themes/default/images/button_span_bg.gif HTTP/1.1" 200 2061
116.233.79.27 - - [04/May/2021:09:08:15 +0800] "GET /xingrg/javascript/jquery_easy_ui/themes/icons/ok.png HTTP/1.1" 200 883
116.233.79.27 - - [04/May/2021:09:08:18 +0800] "POST /xingrg/all/user/operate.html HTTP/1.1" 200 36
116.233.79.27 - - [04/May/2021:09:08:18 +0800] "GET /xingrg/index.html?sysBaseUrl=http%3A%2F%2F180.169.147.146%3A18081%2Fxingrg%2F&costTime=48×tamp=1620090494029 HTTP/1.1" 200 17503
116.233.79.27 - - [04/May/2021:09:08:18 +0800] "POST /xingrg/all/common/load_tree.html?tree=area_rest_tree_json&manage=1 HTTP/1.1" 200 3216
116.233.79.27 - - [04/May/2021:09:08:18 +0800] "GET /xingrg/all/function/internal_message.html?_=1620090496698&CODE_STATE=count HTTP/1.1" 200 11
116.233.79.27 - - [04/May/2021:09:08:18 +0800] "GET /xingrg/check_reg.html?_=1620090496699 HTTP/1.1" 200 22
116.233.79.27 - - [04/May/2021:09:08:18 +0800] "POST /xingrg/load_menu.html HTTP/1.1" 200 9959
116.233.79.27 - - [04/May/2021:09:08:19 +0800] "GET /xingrg/kc/buy/buy_main.html HTTP/1.1" 200 12412
116.233.79.27 - - [04/May/2021:09:08:19 +0800] "GET /xingrg/css/new_ie.css HTTP/1.1" 404 1036
116.233.79.27 - - [04/May/2021:09:08:20 +0800] "GET /xingrg/kc/buy/cgsh_order_list.html HTTP/1.1" 200 46874
116.233.79.27 - - [04/May/2021:09:08:20 +0800] "GET /xingrg/javascript/easyui/themes/icons/uncheck_new.png HTTP/1.1" 200 3197
116.233.79.27 - - [04/May/2021:09:08:21 +0800] "POST /xingrg/kc/buy/cgsh_list_operate.html HTTP/1.1" 200 876
114.83.218.88 - - [04/May/2021:09:08:26 +0800] "GET /xingrg/all/function/internal_message.html?_=1620090505297&CODE_STATE=getMsg HTTP/1.1" 200 27
116.233.79.27 - - [04/May/2021:09:08:28 +0800] "POST /xingrg/kc/buy/cgsh_list_operate.html HTTP/1.1" 200 9056
116.233.79.27 - - [04/May/2021:09:08:30 +0800] "POST /xingrg/kc/buy/cgsh_list_operate.html HTTP/1.1" 200 567
116.233.79.27 - - [04/May/2021:09:08:34 +0800] "POST /xingrg/kc/buy/cgsh_list_operate.html HTTP/1.1" 200 4
116.233.79.27 - - [04/May/2021:09:08:37 +0800] "POST /xingrg/kc/buy/cgsh_list_operate.html HTTP/1.1" 200 9059
116.230.114.112 - - [04/May/2021:09:08:44 +0800] "GET /xingrg/all/function/internal_message.html?_=1620090528124&CODE_STATE=getMsg HTTP/1.1" 200 27
116.233.79.27 - - [04/May/2021:09:08:44 +0800] "GET /xingrg/javascript/jquery_tools/images/prev.gif HTTP/1.1" 404 1086
116.233.79.27 - - [04/May/2021:09:08:44 +0800] "GET /xingrg/javascript/jquery_tools/images/next.gif HTTP/1.1" 404 1086
120.253.135.82 - - [04/May/2021:09:08:47 +0800] "GET /xingrg/all/function/internal_message.html?_=1620090536257&CODE_STATE=getMsg HTTP/1.1" 200 27
116.233.79.27 - - [04/May/2021:09:08:49 +0800] "POST /xingrg/kc/buy/cgsh_list_operate.html HTTP/1.1" 200 9027
116.230.110.80 - - [04/May/2021:09:08:55 +0800] "GET /xingrg/all/function/internal_message.html?_=1620090533559&CODE_STATE=getMsg HTTP/1.1" 200 27
116.233.79.27 - - [04/May/2021:09:08:58 +0800] "POST /xingrg/kc/buy/cgsh_list_operate.html HTTP/1.1" 200 9108
116.224.253.72 - - [04/May/2021:09:09:01 +0800] "GET /xingrg/check_reg.html?_=1620090537444 HTTP/1.1" 200 22
116.224.253.72 - - [04/May/2021:09:09:01 +0800] "GET /xingrg/all/function/internal_message.html?_=1620090537753&CODE_STATE=getMsg HTTP/1.1" 200 27
116.233.79.27 - - [04/May/2021:09:09:02 +0800] "POST /xingrg/kc/buy/cgsh_list_operate.html HTTP/1.1" 200 384
116.233.79.27 - - [04/May/2021:09:09:03 +0800] "GET /xingrg/kc/buy/cgsh_order_info.html?code=212021050100396 HTTP/1.1" 200 57564
116.233.79.27 - - [04/May/2021:09:09:03 +0800] "GET /xingrg/javascript/convert.js HTTP/1.1" 200 1239
116.233.79.27 - - [04/May/2021:09:09:03 +0800] "GET /xingrg/words/20210503145207_words.js HTTP/1.1" 200 810856
116.233.79.27 - - [04/May/2021:09:09:03 +0800] "GET /xingrg/javascript/jquery_tools/order_manager.js HTTP/1.1" 200 11183
116.233.79.27 - - [04/May/2021:09:09:03 +0800] "GET /xingrg/javascript/json2.js HTTP/1.1" 200 11259
116.233.79.27 - - [04/May/2021:09:09:03 +0800] "GET /xingrg/javascript/print/kc_print.js HTTP/1.1" 200 11415
116.233.79.27 - - [04/May/2021:09:09:03 +0800] "GET /xingrg/javascript/easyui/themes/default/images/menu_downarrow.png HTTP/1.1" 200 173
116.233.79.27 - - [04/May/2021:09:09:03 +0800] "GET /xingrg/javascript/easyui/themes/icons/cancel.png HTTP/1.1" 200 1133
116.233.79.27 - - [04/May/2021:09:09:03 +0800] "GET /xingrg/javascript/easyui/themes/icons/print.png HTTP/1.1" 200 1057
116.233.79.27 - - [04/May/2021:09:09:03 +0800] "GET /xingrg/javascript/easyui/themes/icons/copy_new.png HTTP/1.1" 200 815
116.233.79.27 - - [04/May/2021:09:09:03 +0800] "GET /xingrg/javascript/easyui/themes/default/validatebox.css HTTP/1.1" 404 1104
116.233.79.27 - - [04/May/2021:09:09:03 +0800] "GET /xingrg/javascript/easyui/plugins/jquery.validatebox.js HTTP/1.1" 200 6103
116.233.79.27 - - [04/May/2021:09:09:03 +0800] "GET /xingrg/javascript/easyui/plugins/jquery.numberbox.js HTTP/1.1" 200 5213
116.233.79.27 - - [04/May/2021:09:09:04 +0800] "POST /xingrg/kc/buy/cgsh_order_operate.html HTTP/1.1" 200 1860
116.233.79.27 - - [04/May/2021:09:09:04 +0800] "GET /xingrg/javascript/easyui/themes/icons/edit_remove.png HTTP/1.1" 200 625
116.233.79.27 - - [04/May/2021:09:09:06 +0800] "POST /xingrg/kc/buy/cgsh_order_operate.html HTTP/1.1" 200 12
61.165.42.208 - - [04/May/2021:09:09:07 +0800] "GET /xingrg/all/function/internal_message.html?_=1620090546054&CODE_STATE=getMsg HTTP/1.1" 200 27
116.233.79.27 - - [04/May/2021:09:09:07 +0800] "GET /xingrg/kc/buy/cgsh_order_info.html?code=212021050100396 HTTP/1.1" 200 62410
116.233.79.27 - - [04/May/2021:09:09:07 +0800] "GET /xingrg/javascript/easyui/themes/icons/template_new.png HTTP/1.1" 200 3956
116.233.79.27 - - [04/May/2021:09:09:07 +0800] "GET /xingrg/javascript/easyui/themes/icons/ok.png HTTP/1.1" 200 883
116.233.79.27 - - [04/May/2021:09:09:07 +0800] "GET /xingrg/javascript/easyui/themes/default/validatebox.css HTTP/1.1" 404 1104
116.233.79.27 - - [04/May/2021:09:09:07 +0800] "GET /xingrg/all/common/auto_word.html?type=employee&rest_code=00109 HTTP/1.1" 200 205
116.233.79.27 - - [04/May/2021:09:09:07 +0800] "GET /xingrg/all/common/auto_word.html?type=employee&rest_code=00109 HTTP/1.1" 200 205
116.233.79.27 - - [04/May/2021:09:09:08 +0800] "POST /xingrg/kc/buy/cgsh_order_operate.html HTTP/1.1" 200 3910
180.161.124.236 - - [04/May/2021:09:09:10 +0800] "GET /xingrg/all/function/internal_message.html?_=1620090834213&CODE_STATE=getMsg HTTP/1.1" 200 27
116.224.253.72 - - [04/May/2021:09:09:12 +0800] "GET /xingrg/all/function/internal_message.html?_=1620090551467&CODE_STATE=getMsg HTTP/1.1" 200 27
116.233.79.27 - - [04/May/2021:09:09:18 +0800] "GET /xingrg/all/function/internal_message.html?_=1620090557088&CODE_STATE=getMsg HTTP/1.1" 200 27
116.224.253.72 - - [04/May/2021:09:09:20 +0800] "GET /xingrg/kc/buy/cgsh_order_list.html HTTP/1.1" 200 46623
116.224.253.72 - - [04/May/2021:09:09:21 +0800] "POST /xingrg/kc/buy/cgsh_list_operate.html HTTP/1.1" 200 1706
116.224.253.72 - - [04/May/2021:09:09:22 +0800] "GET /xingrg/kc/buy/cgsh_order_add.html HTTP/1.1" 200 61999
116.224.253.72 - - [04/May/2021:09:09:23 +0800] "GET /xingrg/javascript/easyui/themes/default/validatebox.css HTTP/1.1" 404 1104
116.224.253.72 - - [04/May/2021:09:09:23 +0800] "POST /xingrg/kc/buy/cgsh_order_operate.html HTTP/1.1" 200 8245
114.83.218.88 - - [04/May/2021:09:09:26 +0800] "GET /xingrg/all/function/internal_message.html?_=1620090565295&CODE_STATE=getMsg HTTP/1.1" 200 27
58.221.95.50 - - [04/May/2021:09:09:30 +0800] "GET /xingrg/check_reg.html?_=1620090568940 HTTP/1.1" 302 -
58.221.95.50 - - [04/May/2021:09:09:30 +0800] "GET /xingrg/login.html HTTP/1.1" 200 7641
116.224.253.72 - - [04/May/2021:09:09:31 +0800] "GET /xingrg/kc/buy/cgsh_order_operate.html?command=get_materiel&rest_code=00151&code=00101011005&supplier_code=00100047&order_time=2021-05-04 HTTP/1.1" 200 428
114.83.218.88 - - [04/May/2021:09:09:38 +0800] "POST /xingrg/kc/buy/cgsh_order_operate.html HTTP/1.1" 200 37
116.224.253.72 - - [04/May/2021:09:09:40 +0800] "GET /xingrg/kc/buy/cgsh_order_operate.html?command=get_materiel&rest_code=00151&code=00101011001&supplier_code=00100047&order_time=2021-05-04 HTTP/1.1" 200 423
116.230.114.112 - - [04/May/2021:09:09:44 +0800] "GET /xingrg/all/function/internal_message.html?_=1620090588137&CODE_STATE=getMsg HTTP/1.1" 200 27
114.83.218.88 - - [04/May/2021:09:09:45 +0800] "POST /xingrg/kc/buy/cgsh_order_operate.html HTTP/1.1" 200 12
116.224.253.72 - - [04/May/2021:09:09:47 +0800] "POST /xingrg/kc/buy/cgsh_order_operate.html HTTP/1.1" 200 37
120.253.135.82 - - [04/May/2021:09:09:47 +0800] "GET /xingrg/all/function/internal_message.html?_=1620090596310&CODE_STATE=getMsg HTTP/1.1" 200 27
116.224.253.72 - - [04/May/2021:09:09:49 +0800] "POST /xingrg/kc/buy/cgsh_order_operate.html HTTP/1.1" 200 12
114.83.218.88 - - [04/May/2021:09:09:50 +0800] "GET /xingrg/kc/buy/cgsh_order_info.html?code=212021050401539 HTTP/1.1" 200 57312
116.224.253.72 - - [04/May/2021:09:09:50 +0800] "GET /xingrg/kc/buy/cgsh_order_info.html?code=212021050401547 HTTP/1.1" 200 56901
114.83.218.88 - - [04/May/2021:09:09:50 +0800] "GET /xingrg/javascript/easyui/themes/default/validatebox.css HTTP/1.1" 404 1104
116.224.253.72 - - [04/May/2021:09:09:51 +0800] "GET /xingrg/javascript/easyui/themes/default/validatebox.css HTTP/1.1" 404 1104
114.83.218.88 - - [04/May/2021:09:09:51 +0800] "POST /xingrg/kc/buy/cgsh_order_operate.html HTTP/1.1" 200 37836
116.233.79.27 - - [04/May/2021:09:09:51 +0800] "GET /xingrg/javascript/jquery_tools/images/next.gif HTTP/1.1" 404 1086
116.233.79.27 - - [04/May/2021:09:09:51 +0800] "GET /xingrg/javascript/jquery_tools/images/prev.gif HTTP/1.1" 404 1086
116.224.253.72 - - [04/May/2021:09:09:51 +0800] "POST /xingrg/kc/buy/cgsh_order_operate.html HTTP/1.1" 200 1222
116.230.110.80 - - [04/May/2021:09:09:53 +0800] "GET /xingrg/check_reg.html?_=1620090591689 HTTP/1.1" 200 22
116.224.253.72 - - [04/May/2021:09:09:53 +0800] "GET /xingrg/kc/print/report_design.html?orderType=cgsh HTTP/1.1" 200 8625
116.224.253.72 - - [04/May/2021:09:09:53 +0800] "GET /xingrg/kc/print/design_operate.html?_=1620090592976&command=load_config&code=cgsh HTTP/1.1" 200 2747
116.224.253.72 - - [04/May/2021:09:09:53 +0800] "GET /favicon.ico HTTP/1.1" 404 -
116.230.110.80 - - [04/May/2021:09:09:55 +0800] "GET /xingrg/all/function/internal_message.html?_=1620090593546&CODE_STATE=getMsg HTTP/1.1" 200 27
114.83.218.88 - - [04/May/2021:09:09:55 +0800] "GET /xingrg/kc/print/load_data.html?order_code=212021050401539&kc_code=cgsh&condition= HTTP/1.1" 200 14809
116.224.253.72 - - [04/May/2021:09:09:56 +0800] "GET /xingrg/kc/print/load_data.html?order_code=212021050401547&kc_code=cgsh&condition= HTTP/1.1" 200 1005
116.233.79.27 - - [04/May/2021:09:10:00 +0800] "POST /xingrg/kc/buy/cgsh_order_operate.html HTTP/1.1" 200 37
116.224.253.72 - - [04/May/2021:09:10:01 +0800] "GET /xingrg/all/function/internal_message.html?_=1620090597839&CODE_STATE=getMsg HTTP/1.1" 200 27
116.233.79.27 - - [04/May/2021:09:10:01 +0800] "POST /xingrg/kc/buy/cgsh_order_operate.html HTTP/1.1" 200 3910
116.224.253.72 - - [04/May/2021:09:10:01 +0800] "GET /xingrg/kc/buy/cgsh_order_add.html HTTP/1.1" 200 61999
116.224.253.72 - - [04/May/2021:09:10:02 +0800] "POST /xingrg/kc/buy/cgsh_order_operate.html HTTP/1.1" 200 8245
116.224.253.72 - - [04/May/2021:09:10:02 +0800] "GET /xingrg/javascript/easyui/themes/default/validatebox.css HTTP/1.1" 404 1104
116.233.79.27 - - [04/May/2021:09:10:04 +0800] "GET /xingrg/logout.do HTTP/1.1" 302 -
116.233.79.27 - - [04/May/2021:09:10:04 +0800] "GET /xingrg/login.html?sysBaseUrl=http%3A%2F%2F180.169.147.146%3A18081%2Fxingrg%2F&costTime=3×tamp=1620090604173 HTTP/1.1" 200 7641
61.165.42.208 - - [04/May/2021:09:10:07 +0800] "GET /xingrg/all/function/internal_message.html?_=1620090606022&CODE_STATE=getMsg HTTP/1.1" 200 27
116.233.79.27 - - [04/May/2021:09:10:09 +0800] "POST /xingrg/login.do HTTP/1.1" 302 -
116.233.79.27 - - [04/May/2021:09:10:09 +0800] "GET /xingrg/index.html?sysBaseUrl=http%3A%2F%2F180.169.147.146%3A18081%2Fxingrg%2F&costTime=56×tamp=1620090609042 HTTP/1.1" 200 17173
116.233.79.27 - - [04/May/2021:09:10:09 +0800] "POST /xingrg/all/common/load_tree.html?tree=area_rest_tree_json&manage=1 HTTP/1.1" 200 342
116.233.79.27 - - [04/May/2021:09:10:09 +0800] "GET /xingrg/check_reg.html?_=1620090607741 HTTP/1.1" 200 22
116.233.79.27 - - [04/May/2021:09:10:09 +0800] "GET /xingrg/all/function/internal_message.html?_=1620090607741&CODE_STATE=count HTTP/1.1" 200 11
116.233.79.27 - - [04/May/2021:09:10:09 +0800] "POST /xingrg/load_menu.html HTTP/1.1" 200 5138
180.161.124.236 - - [04/May/2021:09:10:09 +0800] "GET /xingrg/check_reg.html?_=1620090893724 HTTP/1.1" 200 22
180.161.124.236 - - [04/May/2021:09:10:10 +0800] "GET /xingrg/all/function/internal_message.html?_=1620090894224&CODE_STATE=getMsg HTTP/1.1" 200 27
116.233.79.27 - - [04/May/2021:09:10:10 +0800] "GET /xingrg/kc/buy/buy_main.html HTTP/1.1" 200 12412
116.233.79.27 - - [04/May/2021:09:10:10 +0800] "GET /xingrg/css/new_ie.css HTTP/1.1" 404 1036
116.233.79.27 - - [04/May/2021:09:10:11 +0800] "GET /xingrg/kc/buy/cgsh_order_list.html HTTP/1.1" 200 46619
116.224.253.72 - - [04/May/2021:09:10:12 +0800] "GET /xingrg/all/function/internal_message.html?_=1620090611491&CODE_STATE=getMsg HTTP/1.1" 200 27
116.224.253.72 - - [04/May/2021:09:10:12 +0800] "GET /xingrg/check_reg.html?_=1620090611496 HTTP/1.1" 200 22
116.233.79.27 - - [04/May/2021:09:10:13 +0800] "POST /xingrg/kc/buy/cgsh_list_operate.html HTTP/1.1" 200 2027
116.233.79.27 - - [04/May/2021:09:10:15 +0800] "POST /xingrg/kc/buy/cgsh_list_operate.html HTTP/1.1" 200 567
116.224.253.72 - - [04/May/2021:09:10:15 +0800] "POST /xingrg/all/user/operate.html HTTP/1.1" 200 36
116.224.253.72 - - [04/May/2021:09:10:16 +0800] "GET /xingrg/index.html?sysBaseUrl=http%3A%2F%2F180.169.147.146%3A18081%2Fxingrg%2F&costTime=40×tamp=1620004181176 HTTP/1.1" 200 17179
116.224.253.72 - - [04/May/2021:09:10:16 +0800] "GET /xingrg/javascript/jquery_easy_ui/themes/default/easyui.css HTTP/1.1" 304 -
116.224.253.72 - - [04/May/2021:09:10:16 +0800] "GET /xingrg/javascript/jquery_easy_ui/themes/icon.css HTTP/1.1" 304 -
116.224.253.72 - - [04/May/2021:09:10:16 +0800] "GET /xingrg/css/form.css HTTP/1.1" 304 -
116.224.253.72 - - [04/May/2021:09:10:16 +0800] "GET /xingrg/javascript/jquery-1.4.2.min.js HTTP/1.1" 304 -
116.224.253.72 - - [04/May/2021:09:10:16 +0800] "GET /xingrg/javascript/jquery_easy_ui/jquery.easyui.min.js HTTP/1.1" 304 -
116.224.253.72 - - [04/May/2021:09:10:16 +0800] "GET /xingrg/javascript/jquery_easy_ui/easyui-lang-zh_CN.js HTTP/1.1" 304 -
116.224.253.72 - - [04/May/2021:09:10:16 +0800] "GET /xingrg/javascript/jquery.form.js HTTP/1.1" 304 -
116.224.253.72 - - [04/May/2021:09:10:16 +0800] "GET /xingrg/javascript/jquery.utils.js HTTP/1.1" 304 -
116.224.253.72 - - [04/May/2021:09:10:16 +0800] "GET /xingrg/javascript/jquery.timers.js HTTP/1.1" 304 -
116.224.253.72 - - [04/May/2021:09:10:16 +0800] "GET /xingrg/images/blue/jxLogo.png HTTP/1.1" 304 -
116.224.253.72 - - [04/May/2021:09:10:16 +0800] "GET /xingrg/javascript/jquery_easy_ui/themes/icons/settle_new.png HTTP/1.1" 304 -
116.224.253.72 - - [04/May/2021:09:10:16 +0800] "GET /xingrg/images/blue/navBackgound.jpg HTTP/1.1" 304 -
116.224.253.72 - - [04/May/2021:09:10:16 +0800] "POST /xingrg/all/common/load_tree.html?tree=area_rest_tree_json&manage=1 HTTP/1.1" 200 476
116.224.253.72 - - [04/May/2021:09:10:16 +0800] "GET /xingrg/all/function/internal_message.html?_=1620090615732&CODE_STATE=count HTTP/1.1" 200 11
116.224.253.72 - - [04/May/2021:09:10:16 +0800] "GET /xingrg/images/blue/pingpu.png HTTP/1.1" 304 -
116.224.253.72 - - [04/May/2021:09:10:16 +0800] "GET /xingrg/check_reg.html?_=1620090615733 HTTP/1.1" 200 22
116.224.253.72 - - [04/May/2021:09:10:16 +0800] "GET /xingrg/javascript/jquery_easy_ui/themes/default/images/tabs_leftarrow.png HTTP/1.1" 304 -
116.224.253.72 - - [04/May/2021:09:10:16 +0800] "GET /xingrg/javascript/jquery_easy_ui/themes/default/images/panel_tool_collapse.gif HTTP/1.1" 304 -
116.224.253.72 - - [04/May/2021:09:10:16 +0800] "GET /xingrg/javascript/jquery_easy_ui/themes/default/images/tabs_rightarrow.png HTTP/1.1" 304 -
116.224.253.72 - - [04/May/2021:09:10:16 +0800] "POST /xingrg/load_menu.html HTTP/1.1" 200 5138
116.224.253.72 - - [04/May/2021:09:10:18 +0800] "GET /xingrg/kc/buy/cgsh_order_list.html HTTP/1.1" 200 46625
116.233.79.27 - - [04/May/2021:09:10:18 +0800] "POST /xingrg/kc/buy/cgsh_list_operate.html HTTP/1.1" 200 4
116.224.253.72 - - [04/May/2021:09:10:20 +0800] "POST /xingrg/kc/buy/cgsh_list_operate.html HTTP/1.1" 200 1706
116.233.79.27 - - [04/May/2021:09:10:21 +0800] "POST /xingrg/kc/buy/cgsh_list_operate.html HTTP/1.1" 200 1672
116.233.79.27 - - [04/May/2021:09:10:22 +0800] "POST /xingrg/kc/buy/cgsh_list_operate.html HTTP/1.1" 200 384
116.233.79.27 - - [04/May/2021:09:10:23 +0800] "GET /xingrg/kc/buy/cgsh_order_info.html?code=212021050100396 HTTP/1.1" 200 62401
116.233.79.27 - - [04/May/2021:09:10:23 +0800] "GET /xingrg/javascript/easyui/themes/default/validatebox.css HTTP/1.1" 404 1104
116.233.79.27 - - [04/May/2021:09:10:23 +0800] "GET /xingrg/all/common/auto_word.html?type=employee&rest_code=00109 HTTP/1.1" 200 205
116.233.79.27 - - [04/May/2021:09:10:23 +0800] "GET /xingrg/all/common/auto_word.html?type=employee&rest_code=00109 HTTP/1.1" 200 205
116.233.79.27 - - [04/May/2021:09:10:23 +0800] "POST /xingrg/kc/buy/cgsh_order_operate.html HTTP/1.1" 200 3910
116.224.253.72 - - [04/May/2021:09:10:24 +0800] "GET /xingrg/kc/buy/cgsh_order_add.html HTTP/1.1" 200 62281
116.224.253.72 - - [04/May/2021:09:10:25 +0800] "POST /xingrg/kc/buy/cgsh_order_operate.html HTTP/1.1" 200 8245
116.224.253.72 - - [04/May/2021:09:10:25 +0800] "GET /xingrg/javascript/easyui/themes/default/validatebox.css HTTP/1.1" 404 1104
116.224.253.72 - - [04/May/2021:09:10:26 +0800] "GET /xingrg/javascript/auto/indicator.gif HTTP/1.1" 404 1066
114.83.218.88 - - [04/May/2021:09:10:26 +0800] "GET /xingrg/all/function/internal_message.html?_=1620090625292&CODE_STATE=getMsg HTTP/1.1" 200 27
114.83.218.88 - - [04/May/2021:09:10:26 +0800] "GET /xingrg/check_reg.html?_=1620090625297 HTTP/1.1" 200 22
116.233.79.27 - - [04/May/2021:09:10:28 +0800] "POST /xingrg/kc/buy/cgsh_order_operate.html HTTP/1.1" 200 37
116.233.79.27 - - [04/May/2021:09:10:31 +0800] "POST /xingrg/kc/buy/cgsh_order_operate.html HTTP/1.1" 200 12
116.224.253.72 - - [04/May/2021:09:10:32 +0800] "GET /xingrg/kc/buy/cgsh_order_operate.html?command=get_materiel&rest_code=00150&code=00101011005&supplier_code=00100047&order_time=2021-05-04 HTTP/1.1" 200 428
116.233.79.27 - - [04/May/2021:09:10:35 +0800] "GET /xingrg/kc/buy/cgsh_order_info.html?code=212021050100396 HTTP/1.1" 200 57292
116.233.79.27 - - [04/May/2021:09:10:35 +0800] "GET /xingrg/javascript/easyui/themes/default/validatebox.css HTTP/1.1" 404 1104
116.233.79.27 - - [04/May/2021:09:10:35 +0800] "POST /xingrg/kc/buy/cgsh_order_operate.html HTTP/1.1" 200 1860
116.224.253.72 - - [04/May/2021:09:10:40 +0800] "POST /xingrg/kc/buy/cgsh_order_operate.html HTTP/1.1" 200 37
114.83.218.88 - - [04/May/2021:09:10:42 +0800] "GET /xingrg/kc/buy/cgsh_order_add.html HTTP/1.1" 200 62410
116.224.253.72 - - [04/May/2021:09:10:42 +0800] "POST /xingrg/kc/buy/cgsh_order_operate.html HTTP/1.1" 200 12
114.83.218.88 - - [04/May/2021:09:10:42 +0800] "POST /xingrg/kc/buy/cgsh_order_operate.html HTTP/1.1" 200 8245
114.83.218.88 - - [04/May/2021:09:10:43 +0800] "GET /xingrg/javascript/easyui/themes/default/validatebox.css HTTP/1.1" 404 1104
116.224.253.72 - - [04/May/2021:09:10:43 +0800] "GET /xingrg/kc/buy/cgsh_order_info.html?code=212021050401548 HTTP/1.1" 200 57183
116.224.253.72 - - [04/May/2021:09:10:43 +0800] "GET /xingrg/javascript/easyui/themes/default/validatebox.css HTTP/1.1" 404 1104
116.230.114.112 - - [04/May/2021:09:10:44 +0800] "GET /xingrg/all/function/internal_message.html?_=1620090648155&CODE_STATE=getMsg HTTP/1.1" 200 27
116.224.253.72 - - [04/May/2021:09:10:44 +0800] "POST /xingrg/kc/buy/cgsh_order_operate.html HTTP/1.1" 200 606
116.224.253.72 - - [04/May/2021:09:10:45 +0800] "GET /xingrg/kc/print/load_data.html?order_code=212021050401548&kc_code=cgsh&condition= HTTP/1.1" 200 759
120.253.135.82 - - [04/May/2021:09:10:47 +0800] "GET /xingrg/all/function/internal_message.html?_=1620090656314&CODE_STATE=getMsg HTTP/1.1" 200 27
101.81.69.242 - - [04/May/2021:09:10:50 +0800] "POST /xingrg/login_supplier.html HTTP/1.1" 302 -
101.81.69.242 - - [04/May/2021:09:10:50 +0800] "GET /xingrg/supplier_index.html?sysBaseUrl=http%3A%2F%2F180.169.147.146%3A18081%2Fxingrg%2F&costTime=11×tamp=1620090650183 HTTP/1.1" 200 9061
101.81.69.242 - - [04/May/2021:09:10:50 +0800] "GET /favicon.ico HTTP/1.1" 404 -
101.81.69.242 - - [04/May/2021:09:10:51 +0800] "GET /xingrg/supplier/cgsh_order_list.html HTTP/1.1" 200 10896
116.224.253.72 - - [04/May/2021:09:10:52 +0800] "GET /xingrg/kc/buy/cgsh_order_add.html HTTP/1.1" 200 62281
116.224.253.72 - - [04/May/2021:09:10:53 +0800] "POST /xingrg/kc/buy/cgsh_order_operate.html HTTP/1.1" 200 8245
116.224.253.72 - - [04/May/2021:09:10:53 +0800] "GET /xingrg/javascript/easyui/themes/default/validatebox.css HTTP/1.1" 404 1104
101.81.69.242 - - [04/May/2021:09:10:53 +0800] "POST /xingrg/supplier/cgsh_list_operate.html HTTP/1.1" 200 6124
116.230.110.80 - - [04/May/2021:09:10:55 +0800] "GET /xingrg/all/function/internal_message.html?_=1620090653528&CODE_STATE=getMsg HTTP/1.1" 200 27
101.81.69.242 - - [04/May/2021:09:10:55 +0800] "GET /xingrg/javascript/jquery_tools/images/prev.gif HTTP/1.1" 404 1086
101.81.69.242 - - [04/May/2021:09:10:55 +0800] "GET /xingrg/javascript/jquery_tools/images/next.gif HTTP/1.1" 404 1086
101.81.69.242 - - [04/May/2021:09:11:00 +0800] "POST /xingrg/supplier/cgsh_list_operate.html HTTP/1.1" 200 5613
116.224.253.72 - - [04/May/2021:09:11:01 +0800] "GET /xingrg/all/function/internal_message.html?_=1620090657843&CODE_STATE=getMsg HTTP/1.1" 200 27
116.224.253.72 - - [04/May/2021:09:11:02 +0800] "GET /xingrg/kc/buy/cgsh_order_operate.html?command=get_materiel&rest_code=00150&code=00101009001&supplier_code=00100424&order_time=2021-05-04 HTTP/1.1" 200 416
61.165.42.208 - - [04/May/2021:09:11:07 +0800] "GET /xingrg/all/function/internal_message.html?_=1620090665993&CODE_STATE=getMsg HTTP/1.1" 200 27
116.233.79.27 - - [04/May/2021:09:11:09 +0800] "GET /xingrg/all/function/internal_message.html?_=1620090667749&CODE_STATE=getMsg HTTP/1.1" 200 27
180.161.124.236 - - [04/May/2021:09:11:10 +0800] "GET /xingrg/all/function/internal_message.html?_=1620090954244&CODE_STATE=getMsg HTTP/1.1" 200 27
114.83.218.88 - - [04/May/2021:09:11:11 +0800] "GET /xingrg/kc/buy/cgsh_order_operate.html?command=get_materiel&rest_code=00149&code=00102012036&supplier_code=00100198&order_time=2021-05-04 HTTP/1.1" 200 409
116.224.253.72 - - [04/May/2021:09:11:13 +0800] "GET /xingrg/kc/buy/cgsh_order_operate.html?command=get_materiel&rest_code=00150&code=00101009062&supplier_code=00100424&order_time=2021-05-04 HTTP/1.1" 200 412
116.224.253.72 - - [04/May/2021:09:11:16 +0800] "GET /xingrg/all/function/internal_message.html?_=1620090675753&CODE_STATE=getMsg HTTP/1.1" 200 27
116.224.253.72 - - [04/May/2021:09:11:19 +0800] "GET /xingrg/kc/buy/cgsh_order_operate.html?command=get_materiel&rest_code=00150&code=00101009010&supplier_code=00100424&order_time=2021-05-04 HTTP/1.1" 200 412
116.224.253.72 - - [04/May/2021:09:11:25 +0800] "GET /xingrg/kc/buy/cgsh_order_operate.html?command=get_materiel&rest_code=00150&code=00101009016&supplier_code=00100424&order_time=2021-05-04 HTTP/1.1" 200 412
101.81.69.242 - - [04/May/2021:09:11:26 +0800] "POST /xingrg/supplier/cgsh_list_operate.html HTTP/1.1" 200 5615
114.83.218.88 - - [04/May/2021:09:11:30 +0800] "POST /xingrg/kc/buy/cgsh_order_operate.html HTTP/1.1" 200 37
116.224.253.72 - - [04/May/2021:09:11:33 +0800] "GET /xingrg/kc/buy/cgsh_order_operate.html?command=get_materiel&rest_code=00150&code=00101009066&supplier_code=00100424&order_time=2021-05-04 HTTP/1.1" 200 416
114.83.218.88 - - [04/May/2021:09:11:35 +0800] "POST /xingrg/kc/buy/cgsh_order_operate.html HTTP/1.1" 200 12
