101.85.94.178 - - [04/May/2021:10:03:52 +0800] "GET /xingrg/all/function/internal_message.html?_=1620093345857&CODE_STATE=getMsg HTTP/1.1" 200 27
120.253.135.82 - - [04/May/2021:10:03:53 +0800] "GET /xingrg/all/function/internal_message.html?_=1620093612065&CODE_STATE=getMsg HTTP/1.1" 200 27
116.230.110.80 - - [04/May/2021:10:03:54 +0800] "GET /xingrg/all/function/internal_message.html?_=1620093832752&CODE_STATE=getMsg HTTP/1.1" 200 27
58.221.95.50 - - [04/May/2021:10:03:58 +0800] "GET /xingrg/kc/base/wldb_order_operate.html?command=get_materiel&rest_code=00152&base_code=0010647&code=00102015056 HTTP/1.1" 200 437
61.165.42.208 - - [04/May/2021:10:04:06 +0800] "GET /xingrg/all/function/internal_message.html?_=1620093844814&CODE_STATE=getMsg HTTP/1.1" 200 27
116.224.253.72 - - [04/May/2021:10:04:13 +0800] "GET /xingrg/check_reg.html?_=1620093849431 HTTP/1.1" 200 22
58.37.228.113 - - [04/May/2021:10:04:13 +0800] "GET /xingrg/all/function/internal_message.html?_=1620093816860&CODE_STATE=getMsg HTTP/1.1" 200 27
116.224.253.72 - - [04/May/2021:10:04:13 +0800] "GET /xingrg/all/function/internal_message.html?_=1620093850043&CODE_STATE=getMsg HTTP/1.1" 200 27
58.221.95.50 - - [04/May/2021:10:04:13 +0800] "GET /xingrg/kc/base/wldb_order_operate.html?command=get_materiel&rest_code=00152&base_code=0010647&code=00102030022 HTTP/1.1" 200 458
116.224.253.72 - - [04/May/2021:10:04:15 +0800] "GET /xingrg/all/function/internal_message.html?_=1620093854930&CODE_STATE=getMsg HTTP/1.1" 200 27
116.233.75.217 - - [04/May/2021:10:04:20 +0800] "POST /xingrg/services/DataTransmitService HTTP/1.1" 200 524
116.233.75.217 - - [04/May/2021:10:04:20 +0800] "POST /xingrg/services/DataTransmitService HTTP/1.1" 200 2487
114.88.167.174 - - [04/May/2021:10:04:21 +0800] "GET /xingrg/check_reg.html?_=1620093858205 HTTP/1.1" 200 22
58.221.95.50 - - [04/May/2021:10:04:25 +0800] "GET /xingrg/kc/base/wldb_order_operate.html?command=get_materiel&rest_code=00152&base_code=0010647&code=00102002547 HTTP/1.1" 200 449
114.88.167.174 - - [04/May/2021:10:04:25 +0800] "GET /xingrg/all/function/internal_message.html?_=1620093862229&CODE_STATE=getMsg HTTP/1.1" 200 27
114.83.218.88 - - [04/May/2021:10:04:25 +0800] "GET /xingrg/all/function/internal_message.html?_=1620093864383&CODE_STATE=getMsg HTTP/1.1" 200 27
116.233.75.217 - - [04/May/2021:10:04:27 +0800] "POST /xingrg/services/DataTransmitService HTTP/1.1" 200 524
180.161.124.236 - - [04/May/2021:10:04:27 +0800] "GET /xingrg/all/function/internal_message.html?_=1620094151291&CODE_STATE=getMsg HTTP/1.1" 200 27
116.233.75.217 - - [04/May/2021:10:04:27 +0800] "POST /xingrg/services/DataTransmitService HTTP/1.1" 200 2487
58.221.95.50 - - [04/May/2021:10:04:30 +0800] "GET /xingrg/kc/base/wldb_order_operate.html?command=get_materiel&rest_code=00152&base_code=0010647&code=00102023006 HTTP/1.1" 200 456
116.233.75.217 - - [04/May/2021:10:04:33 +0800] "POST /xingrg/services/DataTransmitService HTTP/1.1" 200 524
116.233.75.217 - - [04/May/2021:10:04:34 +0800] "POST /xingrg/services/DataTransmitService HTTP/1.1" 200 2487
58.221.95.50 - - [04/May/2021:10:04:35 +0800] "GET /xingrg/all/function/internal_message.html?_=1620093873572&CODE_STATE=getMsg HTTP/1.1" 200 27
116.233.79.27 - - [04/May/2021:10:04:37 +0800] "GET /xingrg/all/function/internal_message.html?_=1620093876016&CODE_STATE=getMsg HTTP/1.1" 200 27
116.230.114.112 - - [04/May/2021:10:04:45 +0800] "GET /xingrg/all/function/internal_message.html?_=1620093889056&CODE_STATE=getMsg HTTP/1.1" 200 27
180.169.147.146 - - [04/May/2021:10:04:46 +0800] "GET /xingrg/all/function/internal_message.html?_=1620093885955&CODE_STATE=getMsg HTTP/1.1" 200 27
58.221.95.50 - - [04/May/2021:10:04:48 +0800] "GET /xingrg/kc/base/wldb_order_operate.html?command=get_materiel&rest_code=00152&base_code=0010647&code=00102002689 HTTP/1.1" 200 424
120.253.135.82 - - [04/May/2021:10:04:49 +0800] "GET /xingrg/all/function/internal_message.html?_=1620093897503&CODE_STATE=getMsg HTTP/1.1" 200 27
180.169.147.146 - - [04/May/2021:10:04:49 +0800] "GET /xingrg/all/function/internal_message.html?_=1620093888230&CODE_STATE=getMsg HTTP/1.1" 200 27
101.85.94.178 - - [04/May/2021:10:04:52 +0800] "GET /xingrg/all/function/internal_message.html?_=1620093405859&CODE_STATE=getMsg HTTP/1.1" 200 27
120.253.135.82 - - [04/May/2021:10:04:53 +0800] "GET /xingrg/all/function/internal_message.html?_=1620093672079&CODE_STATE=getMsg HTTP/1.1" 200 27
116.230.110.80 - - [04/May/2021:10:04:53 +0800] "GET /xingrg/check_reg.html?_=1620093891703 HTTP/1.1" 200 22
116.230.110.80 - - [04/May/2021:10:04:54 +0800] "GET /xingrg/all/function/internal_message.html?_=1620093892750&CODE_STATE=getMsg HTTP/1.1" 200 27
61.165.42.208 - - [04/May/2021:10:05:06 +0800] "GET /xingrg/all/function/internal_message.html?_=1620093904795&CODE_STATE=getMsg HTTP/1.1" 200 27
58.37.228.113 - - [04/May/2021:10:05:13 +0800] "GET /xingrg/all/function/internal_message.html?_=1620093876841&CODE_STATE=getMsg HTTP/1.1" 200 27
116.224.253.72 - - [04/May/2021:10:05:13 +0800] "GET /xingrg/all/function/internal_message.html?_=1620093910057&CODE_STATE=getMsg HTTP/1.1" 200 27
116.224.253.72 - - [04/May/2021:10:05:15 +0800] "GET /xingrg/check_reg.html?_=1620093914808 HTTP/1.1" 200 22
116.224.253.72 - - [04/May/2021:10:05:15 +0800] "GET /xingrg/all/function/internal_message.html?_=1620093914908&CODE_STATE=getMsg HTTP/1.1" 200 27
114.88.167.174 - - [04/May/2021:10:05:18 +0800] "POST /xingrg/kc/buy/cgsh_order_operate.html HTTP/1.1" 200 37
180.169.147.146 - - [04/May/2021:10:05:19 +0800] "GET /favicon.ico HTTP/1.1" 404 -
114.88.167.174 - - [04/May/2021:10:05:19 +0800] "POST /xingrg/kc/buy/cgsh_order_operate.html HTTP/1.1" 200 18641
114.88.167.174 - - [04/May/2021:10:05:21 +0800] "GET /xingrg/kc/print/load_data.html?order_code=212021050401573&kc_code=cgsh&condition= HTTP/1.1" 200 6755
114.83.218.88 - - [04/May/2021:10:05:25 +0800] "GET /xingrg/all/function/internal_message.html?_=1620093924355&CODE_STATE=getMsg HTTP/1.1" 200 27
114.88.167.174 - - [04/May/2021:10:05:25 +0800] "GET /xingrg/all/function/internal_message.html?_=1620093922243&CODE_STATE=getMsg HTTP/1.1" 200 27
114.83.218.88 - - [04/May/2021:10:05:26 +0800] "GET /xingrg/check_reg.html?_=1620093925480 HTTP/1.1" 200 22
180.161.124.236 - - [04/May/2021:10:05:27 +0800] "GET /xingrg/all/function/internal_message.html?_=1620094211382&CODE_STATE=getMsg HTTP/1.1" 200 27
58.221.95.50 - - [04/May/2021:10:05:31 +0800] "GET /xingrg/kc/base/wldb_order_operate.html?command=get_materiel&rest_code=00152&base_code=0010647&code=00102002557 HTTP/1.1" 200 443
116.224.253.72 - - [04/May/2021:10:05:34 +0800] "POST /xingrg/kc/buy/cgsh_order_operate.html HTTP/1.1" 200 37
58.221.95.50 - - [04/May/2021:10:05:35 +0800] "GET /xingrg/all/function/internal_message.html?_=1620093933566&CODE_STATE=getMsg HTTP/1.1" 200 27
116.224.253.72 - - [04/May/2021:10:05:36 +0800] "POST /xingrg/kc/buy/cgsh_order_operate.html HTTP/1.1" 200 12
116.233.79.27 - - [04/May/2021:10:05:37 +0800] "GET /xingrg/all/function/internal_message.html?_=1620093936018&CODE_STATE=getMsg HTTP/1.1" 200 27
116.224.253.72 - - [04/May/2021:10:05:37 +0800] "GET /xingrg/kc/buy/cgsh_order_info.html?code=212021050401542 HTTP/1.1" 200 57195
116.224.253.72 - - [04/May/2021:10:05:37 +0800] "GET /xingrg/words/20210503145207_words.js HTTP/1.1" 304 -
116.224.253.72 - - [04/May/2021:10:05:38 +0800] "GET /xingrg/javascript/easyui/themes/default/validatebox.css HTTP/1.1" 404 1104
116.230.110.80 - - [04/May/2021:10:05:38 +0800] "POST /xingrg/kc/buy/cgsh_list_operate.html HTTP/1.1" 200 3134
116.224.253.72 - - [04/May/2021:10:05:38 +0800] "POST /xingrg/kc/buy/cgsh_order_operate.html HTTP/1.1" 200 21871
116.224.253.72 - - [04/May/2021:10:05:43 +0800] "GET /xingrg/kc/print/load_data.html?order_code=212021050401542&kc_code=cgsh&condition= HTTP/1.1" 200 8806
116.230.114.112 - - [04/May/2021:10:05:45 +0800] "GET /xingrg/all/function/internal_message.html?_=1620093949096&CODE_STATE=getMsg HTTP/1.1" 200 27
180.169.147.146 - - [04/May/2021:10:05:46 +0800] "GET /xingrg/all/function/internal_message.html?_=1620093945954&CODE_STATE=getMsg HTTP/1.1" 200 27
180.169.147.146 - - [04/May/2021:10:05:46 +0800] "GET /xingrg/check_reg.html?_=1620093945959 HTTP/1.1" 200 22
120.253.135.82 - - [04/May/2021:10:05:49 +0800] "GET /xingrg/all/function/internal_message.html?_=1620093957513&CODE_STATE=getMsg HTTP/1.1" 200 27
180.169.147.146 - - [04/May/2021:10:05:49 +0800] "GET /xingrg/all/function/internal_message.html?_=1620093948235&CODE_STATE=getMsg HTTP/1.1" 200 27
101.85.94.178 - - [04/May/2021:10:05:52 +0800] "GET /xingrg/all/function/internal_message.html?_=1620093465856&CODE_STATE=getMsg HTTP/1.1" 200 27
120.253.135.82 - - [04/May/2021:10:05:53 +0800] "GET /xingrg/all/function/internal_message.html?_=1620093732105&CODE_STATE=getMsg HTTP/1.1" 200 27
116.230.110.80 - - [04/May/2021:10:05:54 +0800] "GET /xingrg/all/function/internal_message.html?_=1620093952735&CODE_STATE=getMsg HTTP/1.1" 200 27
116.230.110.80 - - [04/May/2021:10:05:55 +0800] "POST /xingrg/kc/buy/cgsh_list_operate.html HTTP/1.1" 200 5446
61.165.42.208 - - [04/May/2021:10:06:06 +0800] "GET /xingrg/all/function/internal_message.html?_=1620093964774&CODE_STATE=getMsg HTTP/1.1" 200 27
58.221.95.50 - - [04/May/2021:10:06:08 +0800] "POST /xingrg/kc/base/wldb_order_operate.html HTTP/1.1" 200 37
58.221.95.50 - - [04/May/2021:10:06:09 +0800] "POST /xingrg/kc/base/wldb_order_operate.html HTTP/1.1" 200 7076
58.221.95.50 - - [04/May/2021:10:06:10 +0800] "GET /xingrg/kc/base/wldb_order_info.html?code=422021050400408 HTTP/1.1" 200 30531
58.221.95.50 - - [04/May/2021:10:06:10 +0800] "GET /xingrg/javascript/easyui/themes/default/validatebox.css HTTP/1.1" 404 1104
58.221.95.50 - - [04/May/2021:10:06:10 +0800] "POST /xingrg/kc/base/wldb_order_operate.html HTTP/1.1" 200 7076
58.37.228.113 - - [04/May/2021:10:06:13 +0800] "GET /xingrg/all/function/internal_message.html?_=1620093936819&CODE_STATE=getMsg HTTP/1.1" 200 27
116.224.253.72 - - [04/May/2021:10:06:13 +0800] "GET /xingrg/all/function/internal_message.html?_=1620093970072&CODE_STATE=getMsg HTTP/1.1" 200 27
58.37.228.113 - - [04/May/2021:10:06:13 +0800] "GET /xingrg/check_reg.html?_=1620093937428 HTTP/1.1" 200 22
116.224.253.72 - - [04/May/2021:10:06:15 +0800] "GET /xingrg/all/function/internal_message.html?_=1620093974904&CODE_STATE=getMsg HTTP/1.1" 200 27
114.83.218.88 - - [04/May/2021:10:06:25 +0800] "GET /xingrg/all/function/internal_message.html?_=1620093984347&CODE_STATE=getMsg HTTP/1.1" 200 27
114.88.167.174 - - [04/May/2021:10:06:26 +0800] "GET /xingrg/all/function/internal_message.html?_=1620093982593&CODE_STATE=getMsg HTTP/1.1" 200 27
180.161.124.236 - - [04/May/2021:10:06:27 +0800] "GET /xingrg/all/function/internal_message.html?_=1620094271395&CODE_STATE=getMsg HTTP/1.1" 200 27
58.221.95.50 - - [04/May/2021:10:06:35 +0800] "GET /xingrg/all/function/internal_message.html?_=1620093993587&CODE_STATE=getMsg HTTP/1.1" 200 27
116.233.79.27 - - [04/May/2021:10:06:37 +0800] "GET /xingrg/all/function/internal_message.html?_=1620093996022&CODE_STATE=getMsg HTTP/1.1" 200 27
58.221.95.50 - - [04/May/2021:10:06:38 +0800] "POST /xingrg/kc/base/wldb_order_operate.html HTTP/1.1" 200 37
58.221.95.50 - - [04/May/2021:10:06:39 +0800] "POST /xingrg/kc/base/wldb_order_operate.html HTTP/1.1" 200 7076
58.221.95.50 - - [04/May/2021:10:06:40 +0800] "GET /xingrg/kc/base/wldb_order_info.html?code=422021050400408 HTTP/1.1" 200 30531
58.221.95.50 - - [04/May/2021:10:06:40 +0800] "GET /xingrg/javascript/easyui/themes/default/validatebox.css HTTP/1.1" 404 1104
58.221.95.50 - - [04/May/2021:10:06:40 +0800] "POST /xingrg/kc/base/wldb_order_operate.html HTTP/1.1" 200 7076
116.230.114.112 - - [04/May/2021:10:06:45 +0800] "GET /xingrg/all/function/internal_message.html?_=1620094009098&CODE_STATE=getMsg HTTP/1.1" 200 27
180.169.147.146 - - [04/May/2021:10:06:46 +0800] "GET /xingrg/all/function/internal_message.html?_=1620094005946&CODE_STATE=getMsg HTTP/1.1" 200 27
58.221.95.50 - - [04/May/2021:10:06:46 +0800] "POST /xingrg/kc/base/wldb_list_operate.html HTTP/1.1" 200 3389
120.253.135.82 - - [04/May/2021:10:06:48 +0800] "GET /xingrg/check_reg.html?_=1620094016905 HTTP/1.1" 200 22
120.253.135.82 - - [04/May/2021:10:06:49 +0800] "GET /xingrg/all/function/internal_message.html?_=1620094017527&CODE_STATE=getMsg HTTP/1.1" 200 27
180.169.147.146 - - [04/May/2021:10:06:49 +0800] "GET /xingrg/all/function/internal_message.html?_=1620094008224&CODE_STATE=getMsg HTTP/1.1" 200 27
101.85.94.178 - - [04/May/2021:10:06:52 +0800] "GET /xingrg/all/function/internal_message.html?_=1620093525855&CODE_STATE=getMsg HTTP/1.1" 200 27
120.253.135.82 - - [04/May/2021:10:06:53 +0800] "GET /xingrg/all/function/internal_message.html?_=1620093792122&CODE_STATE=getMsg HTTP/1.1" 200 27
116.230.110.80 - - [04/May/2021:10:06:54 +0800] "GET /xingrg/all/function/internal_message.html?_=1620094012711&CODE_STATE=getMsg HTTP/1.1" 200 27
58.221.95.50 - - [04/May/2021:10:06:59 +0800] "GET /xingrg/kc/base/wldb_order_add.html HTTP/1.1" 200 30512
58.221.95.50 - - [04/May/2021:10:06:59 +0800] "POST /xingrg/kc/base/wldb_order_operate.html HTTP/1.1" 200 6806
58.221.95.50 - - [04/May/2021:10:06:59 +0800] "GET /xingrg/javascript/easyui/themes/default/validatebox.css HTTP/1.1" 404 1104
58.221.95.50 - - [04/May/2021:10:07:01 +0800] "POST /xingrg/all/common/load_combo.html?type=base HTTP/1.1" 200 890
58.221.95.50 - - [04/May/2021:10:07:03 +0800] "POST /xingrg/all/common/load_combo.html?type=base HTTP/1.1" 200 890
61.165.42.208 - - [04/May/2021:10:07:06 +0800] "GET /xingrg/all/function/internal_message.html?_=1620094024744&CODE_STATE=getMsg HTTP/1.1" 200 27
58.37.228.113 - - [04/May/2021:10:07:13 +0800] "GET /xingrg/all/function/internal_message.html?_=1620093996792&CODE_STATE=getMsg HTTP/1.1" 200 27
116.224.253.72 - - [04/May/2021:10:07:13 +0800] "GET /xingrg/all/function/internal_message.html?_=1620094030095&CODE_STATE=getMsg HTTP/1.1" 200 27
116.224.253.72 - - [04/May/2021:10:07:15 +0800] "GET /xingrg/all/function/internal_message.html?_=1620094034885&CODE_STATE=getMsg HTTP/1.1" 200 27
114.86.187.76 - - [04/May/2021:10:07:21 +0800] "GET /xingrg/login.html HTTP/1.1" 200 7641
114.86.187.76 - - [04/May/2021:10:07:21 +0800] "GET /xingrg/images/blue/jxLogo.png HTTP/1.1" 200 6156
114.86.187.76 - - [04/May/2021:10:07:21 +0800] "GET /xingrg/images/blue/login_bg.png HTTP/1.1" 200 22101
114.86.187.76 - - [04/May/2021:10:07:21 +0800] "GET /xingrg/images/blue/hj.png HTTP/1.1" 200 1014
114.86.187.76 - - [04/May/2021:10:07:21 +0800] "GET /xingrg/images/blue/srbg.png HTTP/1.1" 200 138
114.86.187.76 - - [04/May/2021:10:07:21 +0800] "GET /favicon.ico HTTP/1.1" 404 -
180.161.124.236 - - [04/May/2021:10:07:25 +0800] "GET /xingrg/check_reg.html?_=1620094329524 HTTP/1.1" 200 22
114.83.218.88 - - [04/May/2021:10:07:25 +0800] "GET /xingrg/all/function/internal_message.html?_=1620094044328&CODE_STATE=getMsg HTTP/1.1" 200 27
114.88.167.174 - - [04/May/2021:10:07:26 +0800] "GET /xingrg/all/function/internal_message.html?_=1620094042599&CODE_STATE=getMsg HTTP/1.1" 200 27
180.161.124.236 - - [04/May/2021:10:07:27 +0800] "GET /xingrg/all/function/internal_message.html?_=1620094331409&CODE_STATE=getMsg HTTP/1.1" 200 27
114.86.187.76 - - [04/May/2021:10:07:28 +0800] "POST /xingrg/login.do HTTP/1.1" 302 -
114.86.187.76 - - [04/May/2021:10:07:28 +0800] "GET /xingrg/javascript/jquery_easy_ui/themes/icon.css HTTP/1.1" 200 3949
114.86.187.76 - - [04/May/2021:10:07:28 +0800] "GET /xingrg/javascript/jquery_easy_ui/themes/default/easyui.css HTTP/1.1" 200 26500
114.86.187.76 - - [04/May/2021:10:07:28 +0800] "GET /xingrg/css/form.css HTTP/1.1" 200 893
114.86.187.76 - - [04/May/2021:10:07:28 +0800] "GET /xingrg/index.html?sysBaseUrl=http%3A%2F%2F180.169.147.146%3A18081%2Fxingrg%2F&costTime=45×tamp=1620094048801 HTTP/1.1" 200 17179
114.86.187.76 - - [04/May/2021:10:07:28 +0800] "GET /xingrg/javascript/jquery-1.4.2.min.js HTTP/1.1" 200 72205
114.86.187.76 - - [04/May/2021:10:07:28 +0800] "GET /xingrg/javascript/jquery_easy_ui/easyui-lang-zh_CN.js HTTP/1.1" 200 1900
114.86.187.76 - - [04/May/2021:10:07:28 +0800] "GET /xingrg/javascript/jquery_easy_ui/jquery.easyui.min.js HTTP/1.1" 200 213662
114.86.187.76 - - [04/May/2021:10:07:28 +0800] "GET /xingrg/javascript/jquery.timers.js HTTP/1.1" 200 3532
114.86.187.76 - - [04/May/2021:10:07:28 +0800] "GET /xingrg/javascript/jquery.form.js HTTP/1.1" 200 23110
114.86.187.76 - - [04/May/2021:10:07:28 +0800] "GET /xingrg/javascript/jquery.utils.js HTTP/1.1" 200 11805
114.86.187.76 - - [04/May/2021:10:07:28 +0800] "GET /favicon.ico HTTP/1.1" 404 -
114.86.187.76 - - [04/May/2021:10:07:28 +0800] "GET /xingrg/images/blue/jxLogo.png HTTP/1.1" 304 -
114.86.187.76 - - [04/May/2021:10:07:29 +0800] "GET /xingrg/images/blue/navBackgound.jpg HTTP/1.1" 200 12378
114.86.187.76 - - [04/May/2021:10:07:29 +0800] "GET /xingrg/javascript/jquery_easy_ui/themes/icons/settle_new.png HTTP/1.1" 200 826
114.86.187.76 - - [04/May/2021:10:07:29 +0800] "POST /xingrg/all/common/load_tree.html?tree=area_rest_tree_json&manage=1 HTTP/1.1" 200 351
114.86.187.76 - - [04/May/2021:10:07:29 +0800] "GET /xingrg/images/blue/pingpu.png HTTP/1.1" 200 231
114.86.187.76 - - [04/May/2021:10:07:29 +0800] "GET /xingrg/javascript/jquery_easy_ui/themes/default/images/tabs_rightarrow.png HTTP/1.1" 200 395
114.86.187.76 - - [04/May/2021:10:07:29 +0800] "GET /xingrg/javascript/jquery_easy_ui/themes/default/images/tabs_leftarrow.png HTTP/1.1" 200 389
114.86.187.76 - - [04/May/2021:10:07:29 +0800] "GET /xingrg/javascript/jquery_easy_ui/themes/default/images/panel_tool_collapse.gif HTTP/1.1" 200 246
114.86.187.76 - - [04/May/2021:10:07:29 +0800] "GET /xingrg/all/function/internal_message.html?_=1620094047650&CODE_STATE=count HTTP/1.1" 200 11
114.86.187.76 - - [04/May/2021:10:07:29 +0800] "GET /xingrg/check_reg.html?_=1620094047652 HTTP/1.1" 200 22
114.86.187.76 - - [04/May/2021:10:07:29 +0800] "POST /xingrg/load_menu.html HTTP/1.1" 200 5138
114.86.187.76 - - [04/May/2021:10:07:29 +0800] "GET /xingrg/javascript/jquery_easy_ui/themes/default/images/tree_arrows.gif HTTP/1.1" 200 1043
114.86.187.76 - - [04/May/2021:10:07:29 +0800] "GET /xingrg/javascript/jquery_easy_ui/themes/icons/search_new.png HTTP/1.1" 200 586
114.86.187.76 - - [04/May/2021:10:07:29 +0800] "GET /xingrg/javascript/jquery_easy_ui/themes/default/images/tree_folder_open.gif HTTP/1.1" 200 956
114.86.187.76 - - [04/May/2021:10:07:29 +0800] "GET /xingrg/javascript/jquery_easy_ui/themes/default/images/tree_folder.gif HTTP/1.1" 200 952
114.86.187.76 - - [04/May/2021:10:07:29 +0800] "GET /xingrg/javascript/jquery_easy_ui/themes/icons/storage_new.png HTTP/1.1" 200 853
114.86.187.76 - - [04/May/2021:10:07:29 +0800] "GET /xingrg/javascript/jquery_easy_ui/themes/icons/forms_new.png HTTP/1.1" 200 350
114.86.187.76 - - [04/May/2021:10:07:29 +0800] "GET /xingrg/javascript/jquery_easy_ui/themes/default/images/tree_file.gif HTTP/1.1" 200 118
114.86.187.76 - - [04/May/2021:10:07:31 +0800] "GET /xingrg/javascript/jquery_easy_ui/themes/default/images/tabs_close.gif HTTP/1.1" 200 829
114.86.187.76 - - [04/May/2021:10:07:31 +0800] "GET /xingrg/css/base.css HTTP/1.1" 200 2811
114.86.187.76 - - [04/May/2021:10:07:31 +0800] "GET /xingrg/javascript/jquery_tools/datebox.css HTTP/1.1" 200 2597
114.86.187.76 - - [04/May/2021:10:07:31 +0800] "GET /xingrg/css/site.css HTTP/1.1" 200 7541
114.86.187.76 - - [04/May/2021:10:07:31 +0800] "GET /xingrg/javascript/easyui/themes/icon.css HTTP/1.1" 200 4483
114.86.187.76 - - [04/May/2021:10:07:31 +0800] "GET /xingrg/javascript/auto/jquery.autocomplete.css HTTP/1.1" 200 587
114.86.187.76 - - [04/May/2021:10:07:31 +0800] "GET /xingrg/javascript/jquery_tools/jquery.tools.min.js HTTP/1.1" 200 138801
114.86.187.76 - - [04/May/2021:10:07:31 +0800] "GET /xingrg/javascript/jquery_tools/table.css HTTP/1.1" 200 1032
114.86.187.76 - - [04/May/2021:10:07:31 +0800] "GET /xingrg/javascript/jquery_tools/fix.css HTTP/1.1" 200 1702
114.86.187.76 - - [04/May/2021:10:07:31 +0800] "GET /xingrg/javascript/jquery_tools/jquery.tools.table.js HTTP/1.1" 200 6994
114.86.187.76 - - [04/May/2021:10:07:31 +0800] "GET /xingrg/javascript/jquery_tools/list_manager.js HTTP/1.1" 200 3652
114.86.187.76 - - [04/May/2021:10:07:31 +0800] "GET /xingrg/javascript/jquery_tools/jquery.tools.hotkey.js HTTP/1.1" 200 3242
114.86.187.76 - - [04/May/2021:10:07:31 +0800] "GET /xingrg/kc/buy/cgsh_order_list.html HTTP/1.1" 200 46625
114.86.187.76 - - [04/May/2021:10:07:31 +0800] "GET /xingrg/javascript/jquery.utils.js HTTP/1.1" 304 -
114.86.187.76 - - [04/May/2021:10:07:31 +0800] "GET /xingrg/javascript/jquery_tools/jquery.tools.extend.js HTTP/1.1" 200 15385
114.86.187.76 - - [04/May/2021:10:07:31 +0800] "GET /xingrg/javascript/jquery.cookie.js HTTP/1.1" 200 5513
114.86.187.76 - - [04/May/2021:10:07:31 +0800] "GET /xingrg/javascript/print/LodopFuncs.js HTTP/1.1" 200 5121
114.86.187.76 - - [04/May/2021:10:07:31 +0800] "GET /xingrg/javascript/easyui/easyloader.js HTTP/1.1" 200 5975
114.86.187.76 - - [04/May/2021:10:07:31 +0800] "GET /xingrg/javascript/easyui/themes/default/easyui.css HTTP/1.1" 200 30432
114.86.187.76 - - [04/May/2021:10:07:31 +0800] "GET /xingrg/javascript/auto/jquery.autocomplete.js HTTP/1.1" 200 21624
114.86.187.76 - - [04/May/2021:10:07:31 +0800] "GET /xingrg/javascript/easyui/themes/icons/edit_add_new.png HTTP/1.1" 200 2997
114.86.187.76 - - [04/May/2021:10:07:31 +0800] "GET /xingrg/javascript/easyui/themes/icons/cance_new.png HTTP/1.1" 200 3986
114.86.187.76 - - [04/May/2021:10:07:31 +0800] "GET /xingrg/javascript/easyui/themes/icons/field_new.png HTTP/1.1" 200 1097
114.86.187.76 - - [04/May/2021:10:07:31 +0800] "GET /xingrg/javascript/easyui/themes/icons/check_new.png HTTP/1.1" 200 3224
114.86.187.76 - - [04/May/2021:10:07:31 +0800] "GET /xingrg/javascript/easyui/themes/icons/import_new.png HTTP/1.1" 200 1247
114.86.187.76 - - [04/May/2021:10:07:31 +0800] "GET /xingrg/javascript/jquery_easy_ui/themes/icons/area.png HTTP/1.1" 200 262
114.86.187.76 - - [04/May/2021:10:07:31 +0800] "GET /xingrg/javascript/jquery_easy_ui/themes/icons/rest.png HTTP/1.1" 200 695
114.86.187.76 - - [04/May/2021:10:07:31 +0800] "GET /xingrg/javascript/easyui/plugins/jquery.parser.js HTTP/1.1" 200 1142
114.86.187.76 - - [04/May/2021:10:07:31 +0800] "GET /xingrg/images/control/ajaxLoader.gif HTTP/1.1" 200 4659
114.86.187.76 - - [04/May/2021:10:07:32 +0800] "POST /xingrg/kc/buy/cgsh_list_operate.html HTTP/1.1" 200 876
58.221.95.50 - - [04/May/2021:10:07:35 +0800] "GET /xingrg/all/function/internal_message.html?_=1620094053595&CODE_STATE=getMsg HTTP/1.1" 200 27
114.86.187.76 - - [04/May/2021:10:07:35 +0800] "GET /xingrg/kc/base/wldb_order_list.html HTTP/1.1" 200 19351
114.86.187.76 - - [04/May/2021:10:07:35 +0800] "GET /xingrg/css/base.css HTTP/1.1" 304 -
114.86.187.76 - - [04/May/2021:10:07:35 +0800] "GET /xingrg/css/site.css HTTP/1.1" 304 -
114.86.187.76 - - [04/May/2021:10:07:35 +0800] "GET /xingrg/javascript/jquery_tools/datebox.css HTTP/1.1" 304 -
114.86.187.76 - - [04/May/2021:10:07:35 +0800] "GET /xingrg/javascript/easyui/themes/icon.css HTTP/1.1" 304 -
114.86.187.76 - - [04/May/2021:10:07:35 +0800] "GET /xingrg/javascript/easyui/themes/default/easyui.css HTTP/1.1" 304 -
114.86.187.76 - - [04/May/2021:10:07:35 +0800] "GET /xingrg/javascript/auto/jquery.autocomplete.css HTTP/1.1" 304 -
114.86.187.76 - - [04/May/2021:10:07:35 +0800] "GET /xingrg/javascript/jquery_tools/fix.css HTTP/1.1" 304 -
114.86.187.76 - - [04/May/2021:10:07:35 +0800] "GET /xingrg/javascript/jquery_tools/table.css HTTP/1.1" 304 -
114.86.187.76 - - [04/May/2021:10:07:35 +0800] "GET /xingrg/javascript/jquery_tools/jquery.tools.min.js HTTP/1.1" 304 -
114.86.187.76 - - [04/May/2021:10:07:35 +0800] "GET /xingrg/javascript/jquery_tools/jquery.tools.extend.js HTTP/1.1" 304 -
114.86.187.76 - - [04/May/2021:10:07:35 +0800] "GET /xingrg/javascript/jquery_tools/jquery.tools.hotkey.js HTTP/1.1" 304 -
114.86.187.76 - - [04/May/2021:10:07:35 +0800] "GET /xingrg/javascript/jquery_tools/list_manager.js HTTP/1.1" 304 -
114.86.187.76 - - [04/May/2021:10:07:35 +0800] "GET /xingrg/javascript/jquery_tools/jquery.tools.table.js HTTP/1.1" 304 -
114.86.187.76 - - [04/May/2021:10:07:35 +0800] "GET /xingrg/javascript/auto/jquery.autocomplete.js HTTP/1.1" 304 -
114.86.187.76 - - [04/May/2021:10:07:35 +0800] "GET /xingrg/javascript/easyui/easyloader.js HTTP/1.1" 304 -
114.86.187.76 - - [04/May/2021:10:07:35 +0800] "GET /xingrg/javascript/jquery.utils.js HTTP/1.1" 304 -
114.86.187.76 - - [04/May/2021:10:07:35 +0800] "GET /xingrg/javascript/jquery.cookie.js HTTP/1.1" 304 -
114.86.187.76 - - [04/May/2021:10:07:35 +0800] "GET /xingrg/javascript/print/LodopFuncs.js HTTP/1.1" 304 -
114.86.187.76 - - [04/May/2021:10:07:35 +0800] "GET /xingrg/javascript/easyui/themes/icons/edit_add_new.png HTTP/1.1" 304 -
114.86.187.76 - - [04/May/2021:10:07:35 +0800] "GET /xingrg/javascript/easyui/themes/icons/cance_new.png HTTP/1.1" 304 -
114.86.187.76 - - [04/May/2021:10:07:35 +0800] "GET /xingrg/javascript/easyui/themes/icons/check_new.png HTTP/1.1" 304 -
114.86.187.76 - - [04/May/2021:10:07:35 +0800] "GET /xingrg/javascript/easyui/themes/icons/field_new.png HTTP/1.1" 304 -
114.86.187.76 - - [04/May/2021:10:07:35 +0800] "GET /xingrg/javascript/easyui/themes/icons/import_new.png HTTP/1.1" 304 -
114.86.187.76 - - [04/May/2021:10:07:35 +0800] "GET /xingrg/javascript/easyui/plugins/jquery.parser.js HTTP/1.1" 304 -
114.86.187.76 - - [04/May/2021:10:07:35 +0800] "GET /xingrg/images/control/ajaxLoader.gif HTTP/1.1" 304 -
114.86.187.76 - - [04/May/2021:10:07:35 +0800] "POST /xingrg/kc/base/wldb_list_operate.html HTTP/1.1" 200 928
116.233.79.27 - - [04/May/2021:10:07:37 +0800] "GET /xingrg/all/function/internal_message.html?_=1620094056022&CODE_STATE=getMsg HTTP/1.1" 200 27
58.221.95.50 - - [04/May/2021:10:07:38 +0800] "GET /xingrg/kc/base/wldb_order_operate.html?command=get_materiel&rest_code=00152&base_code=0010647&code=00102021014 HTTP/1.1" 200 438
114.86.187.76 - - [04/May/2021:10:07:38 +0800] "GET /xingrg/css/base.css HTTP/1.1" 304 -
114.86.187.76 - - [04/May/2021:10:07:38 +0800] "GET /xingrg/css/site.css HTTP/1.1" 304 -
114.86.187.76 - - [04/May/2021:10:07:38 +0800] "GET /xingrg/javascript/jquery_tools/datebox.css HTTP/1.1" 304 -
114.86.187.76 - - [04/May/2021:10:07:38 +0800] "GET /xingrg/javascript/easyui/themes/icon.css HTTP/1.1" 304 -
114.86.187.76 - - [04/May/2021:10:07:38 +0800] "GET /xingrg/javascript/easyui/themes/default/easyui.css HTTP/1.1" 304 -
114.86.187.76 - - [04/May/2021:10:07:38 +0800] "GET /xingrg/javascript/auto/jquery.autocomplete.css HTTP/1.1" 304 -
114.86.187.76 - - [04/May/2021:10:07:38 +0800] "GET /xingrg/javascript/jquery_tools/fix.css HTTP/1.1" 304 -
114.86.187.76 - - [04/May/2021:10:07:38 +0800] "GET /xingrg/javascript/jquery_tools/table.css HTTP/1.1" 304 -
114.86.187.76 - - [04/May/2021:10:07:38 +0800] "GET /xingrg/javascript/jquery_tools/jquery.tools.min.js HTTP/1.1" 304 -
114.86.187.76 - - [04/May/2021:10:07:38 +0800] "GET /xingrg/javascript/jquery_tools/jquery.tools.extend.js HTTP/1.1" 304 -
114.86.187.76 - - [04/May/2021:10:07:38 +0800] "GET /xingrg/javascript/jquery_tools/jquery.tools.hotkey.js HTTP/1.1" 304 -
114.86.187.76 - - [04/May/2021:10:07:38 +0800] "GET /xingrg/kc/buy/cgsh_order_list.html HTTP/1.1" 200 46625
114.86.187.76 - - [04/May/2021:10:07:38 +0800] "GET /xingrg/javascript/jquery_tools/jquery.tools.table.js HTTP/1.1" 304 -
114.86.187.76 - - [04/May/2021:10:07:38 +0800] "GET /xingrg/javascript/jquery_tools/list_manager.js HTTP/1.1" 304 -
114.86.187.76 - - [04/May/2021:10:07:38 +0800] "GET /xingrg/javascript/auto/jquery.autocomplete.js HTTP/1.1" 304 -
114.86.187.76 - - [04/May/2021:10:07:38 +0800] "GET /xingrg/javascript/jquery.utils.js HTTP/1.1" 304 -
114.86.187.76 - - [04/May/2021:10:07:38 +0800] "GET /xingrg/javascript/easyui/easyloader.js HTTP/1.1" 304 -
114.86.187.76 - - [04/May/2021:10:07:38 +0800] "GET /xingrg/javascript/jquery.cookie.js HTTP/1.1" 304 -
114.86.187.76 - - [04/May/2021:10:07:38 +0800] "GET /xingrg/javascript/print/LodopFuncs.js HTTP/1.1" 304 -
114.86.187.76 - - [04/May/2021:10:07:38 +0800] "GET /xingrg/javascript/easyui/themes/icons/edit_add_new.png HTTP/1.1" 304 -
114.86.187.76 - - [04/May/2021:10:07:38 +0800] "GET /xingrg/javascript/easyui/themes/icons/cance_new.png HTTP/1.1" 304 -
114.86.187.76 - - [04/May/2021:10:07:38 +0800] "GET /xingrg/javascript/easyui/themes/icons/check_new.png HTTP/1.1" 304 -
114.86.187.76 - - [04/May/2021:10:07:38 +0800] "GET /xingrg/javascript/easyui/themes/icons/field_new.png HTTP/1.1" 304 -
114.86.187.76 - - [04/May/2021:10:07:38 +0800] "GET /xingrg/javascript/easyui/themes/icons/import_new.png HTTP/1.1" 304 -
114.86.187.76 - - [04/May/2021:10:07:39 +0800] "GET /xingrg/javascript/easyui/plugins/jquery.parser.js HTTP/1.1" 304 -
114.86.187.76 - - [04/May/2021:10:07:39 +0800] "GET /xingrg/images/control/ajaxLoader.gif HTTP/1.1" 304 -
114.86.187.76 - - [04/May/2021:10:07:39 +0800] "POST /xingrg/kc/buy/cgsh_list_operate.html HTTP/1.1" 200 876
116.230.114.112 - - [04/May/2021:10:07:42 +0800] "GET /xingrg/check_reg.html?_=1620094066823 HTTP/1.1" 200 22
116.230.114.112 - - [04/May/2021:10:07:45 +0800] "GET /xingrg/all/function/internal_message.html?_=1620094069112&CODE_STATE=getMsg HTTP/1.1" 200 27
180.169.147.146 - - [04/May/2021:10:07:46 +0800] "GET /xingrg/all/function/internal_message.html?_=1620094065954&CODE_STATE=getMsg HTTP/1.1" 200 27
114.86.187.76 - - [04/May/2021:10:07:48 +0800] "GET /xingrg/javascript/jquery_tools/images/prev.gif HTTP/1.1" 404 1086
114.86.187.76 - - [04/May/2021:10:07:48 +0800] "GET /xingrg/javascript/jquery_tools/images/next.gif HTTP/1.1" 404 1086
120.253.135.82 - - [04/May/2021:10:07:49 +0800] "GET /xingrg/all/function/internal_message.html?_=1620094077542&CODE_STATE=getMsg HTTP/1.1" 200 27
180.169.147.146 - - [04/May/2021:10:07:50 +0800] "GET /xingrg/all/function/internal_message.html?_=1620094068239&CODE_STATE=getMsg HTTP/1.1" 200 27
180.169.147.146 - - [04/May/2021:10:07:50 +0800] "GET /xingrg/check_reg.html?_=1620094068242 HTTP/1.1" 200 22
58.221.95.50 - - [04/May/2021:10:07:50 +0800] "GET /xingrg/kc/base/wldb_order_operate.html?command=get_materiel&rest_code=00152&base_code=0010647&code=00101023015 HTTP/1.1" 200 432
101.85.94.178 - - [04/May/2021:10:07:52 +0800] "GET /xingrg/check_reg.html?_=1620093585853 HTTP/1.1" 200 22
101.85.94.178 - - [04/May/2021:10:07:52 +0800] "GET /xingrg/all/function/internal_message.html?_=1620093585855&CODE_STATE=getMsg HTTP/1.1" 200 27
120.253.135.82 - - [04/May/2021:10:07:52 +0800] "GET /xingrg/check_reg.html?_=1620093851806 HTTP/1.1" 200 22
120.253.135.82 - - [04/May/2021:10:07:53 +0800] "GET /xingrg/all/function/internal_message.html?_=1620093852135&CODE_STATE=getMsg HTTP/1.1" 200 27
116.230.110.80 - - [04/May/2021:10:07:54 +0800] "GET /xingrg/all/function/internal_message.html?_=1620094072692&CODE_STATE=getMsg HTTP/1.1" 200 27
58.221.95.50 - - [04/May/2021:10:08:02 +0800] "GET /xingrg/kc/base/wldb_order_operate.html?command=get_materiel&rest_code=00152&base_code=0010647&code=00102021032 HTTP/1.1" 200 432
61.165.42.208 - - [04/May/2021:10:08:06 +0800] "GET /xingrg/all/function/internal_message.html?_=1620094084719&CODE_STATE=getMsg HTTP/1.1" 200 27
61.165.42.208 - - [04/May/2021:10:08:07 +0800] "GET /xingrg/check_reg.html?_=1620094086054 HTTP/1.1" 200 22
58.37.228.113 - - [04/May/2021:10:08:13 +0800] "GET /xingrg/all/function/internal_message.html?_=1620094056769&CODE_STATE=getMsg HTTP/1.1" 200 27
116.224.253.72 - - [04/May/2021:10:08:13 +0800] "GET /xingrg/all/function/internal_message.html?_=1620094090098&CODE_STATE=getMsg HTTP/1.1" 200 27
116.224.253.72 - - [04/May/2021:10:08:15 +0800] "GET /xingrg/all/function/internal_message.html?_=1620094094859&CODE_STATE=getMsg HTTP/1.1" 200 27
58.221.95.50 - - [04/May/2021:10:08:17 +0800] "GET /xingrg/kc/base/wldb_order_operate.html?command=get_materiel&rest_code=00152&base_code=0010647&code=00102021031 HTTP/1.1" 200 432
114.83.218.88 - - [04/May/2021:10:08:25 +0800] "GET /xingrg/all/function/internal_message.html?_=1620094104313&CODE_STATE=getMsg HTTP/1.1" 200 27
114.88.167.174 - - [04/May/2021:10:08:26 +0800] "GET /xingrg/all/function/internal_message.html?_=1620094102961&CODE_STATE=getMsg HTTP/1.1" 200 27
180.161.124.236 - - [04/May/2021:10:08:27 +0800] "GET /xingrg/all/function/internal_message.html?_=1620094391422&CODE_STATE=getMsg HTTP/1.1" 200 27
114.86.187.76 - - [04/May/2021:10:08:29 +0800] "GET /xingrg/all/function/internal_message.html?_=1620094107661&CODE_STATE=getMsg HTTP/1.1" 200 27
116.230.110.80 - - [04/May/2021:10:08:33 +0800] "GET /xingrg/kc/buy/cgsh_order_list.html HTTP/1.1" 200 46625
58.221.95.50 - - [04/May/2021:10:08:35 +0800] "GET /xingrg/check_reg.html?_=1620094113585 HTTP/1.1" 200 22
58.221.95.50 - - [04/May/2021:10:08:35 +0800] "GET /xingrg/all/function/internal_message.html?_=1620094113587&CODE_STATE=getMsg HTTP/1.1" 200 27
116.233.79.27 - - [04/May/2021:10:08:37 +0800] "GET /xingrg/all/function/internal_message.html?_=1620094116023&CODE_STATE=getMsg HTTP/1.1" 200 27
116.233.79.27 - - [04/May/2021:10:08:37 +0800] "GET /xingrg/check_reg.html?_=1620094116026 HTTP/1.1" 200 22
116.230.110.80 - - [04/May/2021:10:08:38 +0800] "POST /xingrg/kc/buy/cgsh_list_operate.html HTTP/1.1" 200 3134
116.230.114.112 - - [04/May/2021:10:08:45 +0800] "GET /xingrg/all/function/internal_message.html?_=1620094129125&CODE_STATE=getMsg HTTP/1.1" 200 27
58.221.95.50 - - [04/May/2021:10:08:46 +0800] "GET /xingrg/kc/base/wldb_order_operate.html?command=get_materiel&rest_code=00152&base_code=0010647&code=00102021001 HTTP/1.1" 200 446
180.169.147.146 - - [04/May/2021:10:08:46 +0800] "GET /xingrg/all/function/internal_message.html?_=1620094125954&CODE_STATE=getMsg HTTP/1.1" 200 27
120.253.135.82 - - [04/May/2021:10:08:47 +0800] "GET /xingrg/javascript/jquery_easy_ui/themes/default/images/tabs_active.png HTTP/1.1" 304 -
61.165.42.208 - - [04/May/2021:10:08:48 +0800] "GET /xingrg/javascript/easyui/themes/default/tree.css HTTP/1.1" 404 1090
61.165.42.208 - - [04/May/2021:10:08:48 +0800] "POST /xingrg/all/common/load_tree.html?tree=supplier_tree_json&manage=1 HTTP/1.1" 200 56175
120.253.135.82 - - [04/May/2021:10:08:49 +0800] "GET /xingrg/all/function/internal_message.html?_=1620094137555&CODE_STATE=getMsg HTTP/1.1" 200 27
180.169.147.146 - - [04/May/2021:10:08:49 +0800] "GET /xingrg/all/function/internal_message.html?_=1620094128231&CODE_STATE=getMsg HTTP/1.1" 200 27
101.85.94.178 - - [04/May/2021:10:08:52 +0800] "GET /xingrg/all/function/internal_message.html?_=1620093645853&CODE_STATE=getMsg HTTP/1.1" 200 27
120.253.135.82 - - [04/May/2021:10:08:53 +0800] "GET /xingrg/all/function/internal_message.html?_=1620093912190&CODE_STATE=getMsg HTTP/1.1" 200 27
120.253.135.82 - - [04/May/2021:10:08:53 +0800] "POST /xingrg/kc/pszx/mdps_list_operate.html HTTP/1.1" 200 2057
116.230.110.80 - - [04/May/2021:10:08:54 +0800] "GET /xingrg/all/function/internal_message.html?_=1620094132672&CODE_STATE=getMsg HTTP/1.1" 200 27
61.165.42.208 - - [04/May/2021:10:08:58 +0800] "POST /xingrg/kc/buy/cgsh_list_operate.html HTTP/1.1" 200 5495
120.253.135.82 - - [04/May/2021:10:09:03 +0800] "POST /xingrg/kc/pszx/mdps_list_operate.html HTTP/1.1" 200 4293
61.165.42.208 - - [04/May/2021:10:09:06 +0800] "GET /xingrg/all/function/internal_message.html?_=1620094144828&CODE_STATE=getMsg HTTP/1.1" 200 27
120.253.135.82 - - [04/May/2021:10:09:09 +0800] "POST /xingrg/kc/pszx/mdps_list_operate.html HTTP/1.1" 200 606
120.253.135.82 - - [04/May/2021:10:09:10 +0800] "GET /xingrg/kc/pszx/mdps_order_info.html?code=312021050300096 HTTP/1.1" 200 23931
120.253.135.82 - - [04/May/2021:10:09:10 +0800] "GET /xingrg/javascript/easyui/themes/default/validatebox.css HTTP/1.1" 404 1104
120.253.135.82 - - [04/May/2021:10:09:10 +0800] "POST /xingrg/kc/pszx/mdps_order_operate.html HTTP/1.1" 200 5289
58.221.95.50 - - [04/May/2021:10:09:10 +0800] "GET /xingrg/kc/base/wldb_order_operate.html?command=get_materiel&rest_code=00152&base_code=0010647&code=00102002117 HTTP/1.1" 200 434
58.37.228.113 - - [04/May/2021:10:09:13 +0800] "GET /xingrg/all/function/internal_message.html?_=1620094116739&CODE_STATE=getMsg HTTP/1.1" 200 27
116.224.253.72 - - [04/May/2021:10:09:13 +0800] "GET /xingrg/check_reg.html?_=1620094149437 HTTP/1.1" 200 22
116.224.253.72 - - [04/May/2021:10:09:13 +0800] "GET /xingrg/all/function/internal_message.html?_=1620094150111&CODE_STATE=getMsg HTTP/1.1" 200 27
116.224.253.72 - - [04/May/2021:10:09:15 +0800] "GET /xingrg/all/function/internal_message.html?_=1620094154838&CODE_STATE=getMsg HTTP/1.1" 200 27
58.221.95.50 - - [04/May/2021:10:09:20 +0800] "GET /xingrg/kc/base/wldb_order_operate.html?command=get_materiel&rest_code=00152&base_code=0010647&code=00102021013 HTTP/1.1" 200 457
114.88.167.174 - - [04/May/2021:10:09:21 +0800] "GET /xingrg/check_reg.html?_=1620094158211 HTTP/1.1" 200 22
120.253.135.82 - - [04/May/2021:10:09:22 +0800] "POST /xingrg/kc/pszx/mdps_list_operate.html HTTP/1.1" 200 4293
114.83.218.88 - - [04/May/2021:10:09:25 +0800] "GET /xingrg/all/function/internal_message.html?_=1620094164309&CODE_STATE=getMsg HTTP/1.1" 200 27
114.88.167.174 - - [04/May/2021:10:09:26 +0800] "GET /xingrg/all/function/internal_message.html?_=1620094162970&CODE_STATE=getMsg HTTP/1.1" 200 27
180.161.124.236 - - [04/May/2021:10:09:27 +0800] "GET /xingrg/all/function/internal_message.html?_=1620094451436&CODE_STATE=getMsg HTTP/1.1" 200 27
114.86.187.76 - - [04/May/2021:10:09:29 +0800] "GET /xingrg/all/function/internal_message.html?_=1620094167675&CODE_STATE=getMsg HTTP/1.1" 200 27
58.221.95.50 - - [04/May/2021:10:09:35 +0800] "GET /xingrg/all/function/internal_message.html?_=1620094173581&CODE_STATE=getMsg HTTP/1.1" 200 27
114.88.167.174 - - [04/May/2021:10:09:36 +0800] "GET /xingrg/kc/buy/cgsh_order_add.html HTTP/1.1" 200 62357
116.233.79.27 - - [04/May/2021:10:09:37 +0800] "GET /xingrg/all/function/internal_message.html?_=1620094176029&CODE_STATE=getMsg HTTP/1.1" 200 27
120.253.135.82 - - [04/May/2021:10:09:37 +0800] "POST /xingrg/kc/pszx/mdps_list_operate.html HTTP/1.1" 200 3175
114.88.167.174 - - [04/May/2021:10:09:37 +0800] "POST /xingrg/kc/buy/cgsh_order_operate.html HTTP/1.1" 200 8245
114.88.167.174 - - [04/May/2021:10:09:37 +0800] "GET /xingrg/javascript/easyui/themes/default/validatebox.css HTTP/1.1" 404 1104
58.221.95.50 - - [04/May/2021:10:09:42 +0800] "GET /xingrg/kc/base/wldb_order_operate.html?command=get_materiel&rest_code=00152&base_code=0010647&code=00102002690 HTTP/1.1" 200 427
120.253.135.82 - - [04/May/2021:10:09:43 +0800] "POST /xingrg/kc/pszx/mdps_list_operate.html HTTP/1.1" 200 627
120.253.135.82 - - [04/May/2021:10:09:44 +0800] "GET /xingrg/kc/pszx/mdps_order_info.html?code=312021050300097 HTTP/1.1" 200 23931
120.253.135.82 - - [04/May/2021:10:09:44 +0800] "GET /xingrg/javascript/easyui/themes/default/validatebox.css HTTP/1.1" 404 1104
120.253.135.82 - - [04/May/2021:10:09:44 +0800] "POST /xingrg/kc/pszx/mdps_order_operate.html HTTP/1.1" 200 14367
116.230.114.112 - - [04/May/2021:10:09:45 +0800] "GET /xingrg/all/function/internal_message.html?_=1620094189139&CODE_STATE=getMsg HTTP/1.1" 200 27
180.169.147.146 - - [04/May/2021:10:09:46 +0800] "GET /xingrg/all/function/internal_message.html?_=1620094185945&CODE_STATE=getMsg HTTP/1.1" 200 27
120.253.135.82 - - [04/May/2021:10:09:49 +0800] "GET /xingrg/all/function/internal_message.html?_=1620094197620&CODE_STATE=getMsg HTTP/1.1" 200 27
180.169.147.146 - - [04/May/2021:10:09:50 +0800] "GET /xingrg/all/function/internal_message.html?_=1620094188250&CODE_STATE=getMsg HTTP/1.1" 200 27
101.85.94.178 - - [04/May/2021:10:09:52 +0800] "GET /xingrg/all/function/internal_message.html?_=1620093705851&CODE_STATE=getMsg HTTP/1.1" 200 27
120.253.135.82 - - [04/May/2021:10:09:53 +0800] "GET /xingrg/all/function/internal_message.html?_=1620093972196&CODE_STATE=getMsg HTTP/1.1" 200 27
116.230.110.80 - - [04/May/2021:10:09:53 +0800] "GET /xingrg/check_reg.html?_=1620094191708 HTTP/1.1" 200 22
116.230.110.80 - - [04/May/2021:10:09:54 +0800] "GET /xingrg/all/function/internal_message.html?_=1620094192660&CODE_STATE=getMsg HTTP/1.1" 200 27
58.221.95.50 - - [04/May/2021:10:09:54 +0800] "GET /xingrg/kc/base/wldb_order_operate.html?command=get_materiel&rest_code=00152&base_code=0010647&code=00102002691 HTTP/1.1" 200 431
114.88.167.174 - - [04/May/2021:10:10:03 +0800] "GET /xingrg/kc/buy/cgsh_order_operate.html?command=get_materiel&rest_code=00111&code=00101007077&supplier_code=00100004&order_time=2021-05-04 HTTP/1.1" 200 415
61.165.42.208 - - [04/May/2021:10:10:06 +0800] "GET /xingrg/all/function/internal_message.html?_=1620094204665&CODE_STATE=getMsg HTTP/1.1" 200 27
58.37.228.113 - - [04/May/2021:10:10:13 +0800] "GET /xingrg/all/function/internal_message.html?_=1620094176710&CODE_STATE=getMsg HTTP/1.1" 200 27
114.88.167.174 - - [04/May/2021:10:10:13 +0800] "GET /xingrg/kc/buy/cgsh_order_operate.html?command=get_materiel&rest_code=00111&code=00101007031&supplier_code=00100004&order_time=2021-05-04 HTTP/1.1" 200 413
116.224.253.72 - - [04/May/2021:10:10:13 +0800] "GET /xingrg/all/function/internal_message.html?_=1620094210125&CODE_STATE=getMsg HTTP/1.1" 200 27
116.224.253.72 - - [04/May/2021:10:10:15 +0800] "GET /xingrg/check_reg.html?_=1620094214841 HTTP/1.1" 200 22
116.224.253.72 - - [04/May/2021:10:10:15 +0800] "GET /xingrg/all/function/internal_message.html?_=1620094214842&CODE_STATE=getMsg HTTP/1.1" 200 27
58.221.95.50 - - [04/May/2021:10:10:20 +0800] "POST /xingrg/kc/base/wldb_order_operate.html HTTP/1.1" 200 37
58.221.95.50 - - [04/May/2021:10:10:21 +0800] "POST /xingrg/kc/base/wldb_order_operate.html HTTP/1.1" 200 6590
58.221.95.50 - - [04/May/2021:10:10:21 +0800] "GET /xingrg/kc/base/wldb_order_info.html?code=422021050400409 HTTP/1.1" 200 30531
58.221.95.50 - - [04/May/2021:10:10:22 +0800] "GET /xingrg/javascript/easyui/themes/default/validatebox.css HTTP/1.1" 404 1104
58.221.95.50 - - [04/May/2021:10:10:22 +0800] "POST /xingrg/kc/base/wldb_order_operate.html HTTP/1.1" 200 6590
58.37.228.113 - - [04/May/2021:10:10:22 +0800] "POST /xingrg/services/DataTransmitService HTTP/1.1" 200 524
58.37.228.113 - - [04/May/2021:10:10:24 +0800] "POST /xingrg/services/DataTransmitService HTTP/1.1" 200 2243
114.88.167.174 - - [04/May/2021:10:10:24 +0800] "GET /xingrg/kc/buy/cgsh_order_operate.html?command=get_materiel&rest_code=00111&code=00101007061&supplier_code=00100004&order_time=2021-05-04 HTTP/1.1" 200 409
58.37.228.113 - - [04/May/2021:10:10:24 +0800] "POST /xingrg/services/DataTransmitService HTTP/1.1" 200 170064
114.83.218.88 - - [04/May/2021:10:10:25 +0800] "GET /xingrg/all/function/internal_message.html?_=1620094224296&CODE_STATE=getMsg HTTP/1.1" 200 27
114.88.167.174 - - [04/May/2021:10:10:26 +0800] "GET /xingrg/all/function/internal_message.html?_=1620094222983&CODE_STATE=getMsg HTTP/1.1" 200 27
114.83.218.88 - - [04/May/2021:10:10:26 +0800] "GET /xingrg/check_reg.html?_=1620094225520 HTTP/1.1" 200 22
180.161.124.236 - - [04/May/2021:10:10:27 +0800] "GET /xingrg/all/function/internal_message.html?_=1620094511535&CODE_STATE=getMsg HTTP/1.1" 200 27
114.86.187.76 - - [04/May/2021:10:10:29 +0800] "GET /xingrg/all/function/internal_message.html?_=1620094227694&CODE_STATE=getMsg HTTP/1.1" 200 27
58.221.95.50 - - [04/May/2021:10:10:35 +0800] "GET /xingrg/all/function/internal_message.html?_=1620094233601&CODE_STATE=getMsg HTTP/1.1" 200 27
114.88.167.174 - - [04/May/2021:10:10:36 +0800] "GET /xingrg/kc/buy/cgsh_order_operate.html?command=get_materiel&rest_code=00111&code=00101007085&supplier_code=00100004&order_time=2021-05-04 HTTP/1.1" 200 413
116.233.79.27 - - [04/May/2021:10:10:37 +0800] "GET /xingrg/all/function/internal_message.html?_=1620094236028&CODE_STATE=getMsg HTTP/1.1" 200 27
58.221.95.50 - - [04/May/2021:10:10:43 +0800] "POST /xingrg/kc/base/wldb_list_operate.html HTTP/1.1" 200 3792
116.230.110.80 - - [04/May/2021:10:10:44 +0800] "POST /xingrg/kc/buy/cgsh_list_operate.html HTTP/1.1" 200 5407
116.230.114.112 - - [04/May/2021:10:10:45 +0800] "GET /xingrg/all/function/internal_message.html?_=1620094249194&CODE_STATE=getMsg HTTP/1.1" 200 27
180.169.147.146 - - [04/May/2021:10:10:46 +0800] "GET /xingrg/all/function/internal_message.html?_=1620094245956&CODE_STATE=getMsg HTTP/1.1" 200 27
180.169.147.146 - - [04/May/2021:10:10:46 +0800] "GET /xingrg/check_reg.html?_=1620094245960 HTTP/1.1" 200 22
120.253.135.82 - - [04/May/2021:10:10:49 +0800] "GET /xingrg/all/function/internal_message.html?_=1620094257628&CODE_STATE=getMsg HTTP/1.1" 200 27
180.169.147.146 - - [04/May/2021:10:10:50 +0800] "GET /xingrg/all/function/internal_message.html?_=1620094248235&CODE_STATE=getMsg HTTP/1.1" 200 27
101.85.94.178 - - [04/May/2021:10:10:52 +0800] "GET /xingrg/all/function/internal_message.html?_=1620093765850&CODE_STATE=getMsg HTTP/1.1" 200 27
120.253.135.82 - - [04/May/2021:10:10:53 +0800] "GET /xingrg/all/function/internal_message.html?_=1620094032227&CODE_STATE=getMsg HTTP/1.1" 200 27
116.230.110.80 - - [04/May/2021:10:10:54 +0800] "GET /xingrg/all/function/internal_message.html?_=1620094252638&CODE_STATE=getMsg HTTP/1.1" 200 27
61.165.42.208 - - [04/May/2021:10:11:05 +0800] "GET /xingrg/all/function/internal_message.html?_=1620094264637&CODE_STATE=getMsg HTTP/1.1" 200 27
58.37.228.113 - - [04/May/2021:10:11:13 +0800] "GET /xingrg/all/function/internal_message.html?_=1620094236687&CODE_STATE=getMsg HTTP/1.1" 200 27
58.37.228.113 - - [04/May/2021:10:11:13 +0800] "GET /xingrg/check_reg.html?_=1620094237423 HTTP/1.1" 200 22
116.224.253.72 - - [04/May/2021:10:11:13 +0800] "GET /xingrg/all/function/internal_message.html?_=1620094270139&CODE_STATE=getMsg HTTP/1.1" 200 27
116.224.253.72 - - [04/May/2021:10:11:15 +0800] "GET /xingrg/all/function/internal_message.html?_=1620094274841&CODE_STATE=getMsg HTTP/1.1" 200 27
116.230.110.80 - - [04/May/2021:10:11:21 +0800] "POST /xingrg/kc/buy/cgsh_list_operate.html HTTP/1.1" 200 9198
114.83.218.88 - - [04/May/2021:10:11:25 +0800] "GET /xingrg/all/function/internal_message.html?_=1620094284285&CODE_STATE=getMsg HTTP/1.1" 200 27
114.88.167.174 - - [04/May/2021:10:11:26 +0800] "GET /xingrg/all/function/internal_message.html?_=1620094282997&CODE_STATE=getMsg HTTP/1.1" 200 27
180.161.124.236 - - [04/May/2021:10:11:27 +0800] "GET /xingrg/all/function/internal_message.html?_=1620094571542&CODE_STATE=getMsg HTTP/1.1" 200 27
114.86.187.76 - - [04/May/2021:10:11:29 +0800] "GET /xingrg/all/function/internal_message.html?_=1620094287703&CODE_STATE=getMsg HTTP/1.1" 200 27
180.169.147.146 - - [04/May/2021:10:11:32 +0800] "GET /favicon.ico HTTP/1.1" 404 -
58.221.95.50 - - [04/May/2021:10:11:35 +0800] "GET /xingrg/all/function/internal_message.html?_=1620094293595&CODE_STATE=getMsg HTTP/1.1" 200 27
116.233.79.27 - - [04/May/2021:10:11:37 +0800] "GET /xingrg/all/function/internal_message.html?_=1620094296030&CODE_STATE=getMsg HTTP/1.1" 200 27
116.230.117.165 - - [04/May/2021:10:11:38 +0800] "GET /favicon.ico HTTP/1.1" 404 -
180.169.147.146 - - [04/May/2021:10:11:40 +0800] "GET /xingrg/login.html HTTP/1.1" 200 7641
180.169.147.146 - - [04/May/2021:10:11:41 +0800] "GET /favicon.ico HTTP/1.1" 404 -
180.169.147.146 - - [04/May/2021:10:11:42 +0800] "POST /xingrg/login.do HTTP/1.1" 302 -
180.169.147.146 - - [04/May/2021:10:11:42 +0800] "GET /xingrg/index.html?sysBaseUrl=http%3A%2F%2F180.169.147.146%3A18081%2Fxingrg%2F&costTime=41×tamp=1620094302766 HTTP/1.1" 200 17503
180.169.147.146 - - [04/May/2021:10:11:42 +0800] "GET /favicon.ico HTTP/1.1" 404 -
180.169.147.146 - - [04/May/2021:10:11:42 +0800] "POST /xingrg/all/common/load_tree.html?tree=area_rest_tree_json&manage=1 HTTP/1.1" 200 3216
180.169.147.146 - - [04/May/2021:10:11:43 +0800] "GET /xingrg/all/function/internal_message.html?_=1620094303124&CODE_STATE=count HTTP/1.1" 200 11
180.169.147.146 - - [04/May/2021:10:11:43 +0800] "GET /xingrg/check_reg.html?_=1620094303124 HTTP/1.1" 200 22
180.169.147.146 - - [04/May/2021:10:11:43 +0800] "POST /xingrg/load_menu.html HTTP/1.1" 200 11564
180.169.147.146 - - [04/May/2021:10:11:44 +0800] "GET /xingrg/kc/report/report_main.html HTTP/1.1" 200 9370
116.230.114.112 - - [04/May/2021:10:11:45 +0800] "GET /xingrg/all/function/internal_message.html?_=1620094309197&CODE_STATE=getMsg HTTP/1.1" 200 27
180.169.147.146 - - [04/May/2021:10:11:45 +0800] "GET /xingrg/all/report/report_query.html?fileName=kc/buy/gys_amount_base_rest.xml HTTP/1.1" 200 51664
180.169.147.146 - - [04/May/2021:10:11:45 +0800] "GET /xingrg/dwr/interface/AjaxReportQueryService.js HTTP/1.1" 200 13203
180.169.147.146 - - [04/May/2021:10:11:45 +0800] "GET /xingrg/dwr/util.js HTTP/1.1" 200 35990
180.169.147.146 - - [04/May/2021:10:11:45 +0800] "GET /xingrg/dwr/engine.js HTTP/1.1" 200 43631
180.169.147.146 - - [04/May/2021:10:11:46 +0800] "POST /xingrg/dwr/call/plaincall/AjaxReportQueryService.getFixDate.dwr HTTP/1.1" 200 111
180.169.147.146 - - [04/May/2021:10:11:46 +0800] "POST /xingrg/all/common/load_tree.html?tree=area_rest_tree_json&manage=1 HTTP/1.1" 200 3216
180.169.147.146 - - [04/May/2021:10:11:46 +0800] "POST /xingrg/all/common/load_tree.html?tree=supplier_tree_json&manage=1 HTTP/1.1" 200 56175
180.169.147.146 - - [04/May/2021:10:11:46 +0800] "GET /xingrg/all/function/internal_message.html?_=1620094305948&CODE_STATE=getMsg HTTP/1.1" 200 27
120.253.135.82 - - [04/May/2021:10:11:48 +0800] "GET /xingrg/check_reg.html?_=1620094316968 HTTP/1.1" 200 22
120.253.135.82 - - [04/May/2021:10:11:49 +0800] "GET /xingrg/all/function/internal_message.html?_=1620094317642&CODE_STATE=getMsg HTTP/1.1" 200 27
116.230.110.80 - - [04/May/2021:10:11:49 +0800] "POST /xingrg/kc/buy/cgsh_list_operate.html HTTP/1.1" 200 563
180.169.147.146 - - [04/May/2021:10:11:50 +0800] "GET /xingrg/all/function/internal_message.html?_=1620094308237&CODE_STATE=getMsg HTTP/1.1" 200 27
58.221.95.50 - - [04/May/2021:10:11:52 +0800] "POST /xingrg/kc/base/wldb_list_operate.html HTTP/1.1" 200 3792
