114.83.218.88 - - [04/May/2021:11:17:16 +0800] "GET /xingrg/javascript/easyui/themes/default/validatebox.css HTTP/1.1" 404 1104
61.165.42.208 - - [04/May/2021:11:17:19 +0800] "GET /xingrg/kc/buy/cgsh_order_operate.html?command=get_materiel&rest_code=00105&code=00101005022&supplier_code=00100347&order_time=2021-05-04 HTTP/1.1" 200 417
116.224.253.72 - - [04/May/2021:11:17:21 +0800] "GET /xingrg/all/function/internal_message.html?_=1620098238055&CODE_STATE=getMsg HTTP/1.1" 200 27
180.161.124.236 - - [04/May/2021:11:17:22 +0800] "GET /xingrg/all/function/internal_message.html?_=1620098527211&CODE_STATE=getMsg HTTP/1.1" 200 27
114.86.187.76 - - [04/May/2021:11:17:23 +0800] "GET /xingrg/kc/buy/cgsh_order_operate.html?command=get_materiel&rest_code=00148&code=00101001139&supplier_code=00100312&order_time=2021-05-04 HTTP/1.1" 200 419
114.83.218.88 - - [04/May/2021:11:17:24 +0800] "GET /xingrg/all/function/internal_message.html?_=1620098243129&CODE_STATE=getMsg HTTP/1.1" 200 27
114.83.218.88 - - [04/May/2021:11:17:25 +0800] "GET /xingrg/kc/buy/cgsh_order_operate.html?command=get_materiel&rest_code=00149&code=00101013162&supplier_code=00100337&order_time=2021-05-04 HTTP/1.1" 200 413
180.169.147.146 - - [04/May/2021:11:17:27 +0800] "GET /xingrg/all/function/internal_message.html?_=1620098244162&CODE_STATE=getMsg HTTP/1.1" 200 27
116.230.76.31 - - [04/May/2021:11:17:28 +0800] "GET /xingrg/kc/buy/cgsh_order_operate.html?command=get_materiel&rest_code=00107&code=00101001111&supplier_code=00100041&order_time=2021-05-04 HTTP/1.1" 200 409
114.86.187.76 - - [04/May/2021:11:17:29 +0800] "GET /xingrg/check_reg.html?_=1620098247742 HTTP/1.1" 200 22
114.86.187.76 - - [04/May/2021:11:17:30 +0800] "GET /xingrg/all/function/internal_message.html?_=1620098249115&CODE_STATE=getMsg HTTP/1.1" 200 27
61.165.42.208 - - [04/May/2021:11:17:32 +0800] "GET /xingrg/kc/buy/cgsh_order_operate.html?command=get_materiel&rest_code=00105&code=00102002167&supplier_code=00100347&order_time=2021-05-04 HTTP/1.1" 200 409
116.224.253.72 - - [04/May/2021:11:17:34 +0800] "GET /xingrg/all/function/internal_message.html?_=1620098253419&CODE_STATE=getMsg HTTP/1.1" 200 27
114.83.218.88 - - [04/May/2021:11:17:34 +0800] "GET /xingrg/kc/buy/cgsh_order_operate.html?command=get_materiel&rest_code=00149&code=00101013170&supplier_code=00100337&order_time=2021-05-04 HTTP/1.1" 200 409
58.221.95.50 - - [04/May/2021:11:17:35 +0800] "GET /xingrg/all/function/internal_message.html?_=1620098253838&CODE_STATE=getMsg HTTP/1.1" 200 27
180.169.147.146 - - [04/May/2021:11:17:35 +0800] "GET /xingrg/check_reg.html?_=1620098253788 HTTP/1.1" 200 22
180.169.147.146 - - [04/May/2021:11:17:35 +0800] "GET /xingrg/all/function/internal_message.html?_=1620098253792&CODE_STATE=getMsg HTTP/1.1" 200 27
114.86.187.76 - - [04/May/2021:11:17:36 +0800] "GET /xingrg/kc/buy/cgsh_order_operate.html?command=get_materiel&rest_code=00148&code=00101001047&supplier_code=00100312&order_time=2021-05-04 HTTP/1.1" 200 421
116.233.79.27 - - [04/May/2021:11:17:37 +0800] "GET /xingrg/all/function/internal_message.html?_=1620098256168&CODE_STATE=getMsg HTTP/1.1" 200 27
120.253.135.82 - - [04/May/2021:11:17:39 +0800] "GET /xingrg/all/function/internal_message.html?_=1620098039002&CODE_STATE=getMsg HTTP/1.1" 200 27
114.88.167.174 - - [04/May/2021:11:17:40 +0800] "POST /xingrg/kc/buy/cgsh_list_operate.html HTTP/1.1" 200 5573
114.83.218.88 - - [04/May/2021:11:17:41 +0800] "GET /xingrg/kc/buy/cgsh_order_operate.html?command=get_materiel&rest_code=00149&code=00101013190&supplier_code=00100337&order_time=2021-05-04 HTTP/1.1" 200 413
180.169.147.146 - - [04/May/2021:11:17:42 +0800] "GET /xingrg/all/function/internal_message.html?_=1620098262490&CODE_STATE=getMsg HTTP/1.1" 200 27
61.165.42.208 - - [04/May/2021:11:17:42 +0800] "GET /xingrg/kc/buy/cgsh_order_operate.html?command=get_materiel&rest_code=00105&code=00101013176&supplier_code=00100347&order_time=2021-05-04 HTTP/1.1" 200 420
116.230.114.112 - - [04/May/2021:11:17:43 +0800] "GET /xingrg/check_reg.html?_=1620098267288 HTTP/1.1" 200 22
116.230.76.31 - - [04/May/2021:11:17:45 +0800] "GET /xingrg/all/function/internal_message.html?_=1620098262692&CODE_STATE=getMsg HTTP/1.1" 200 27
114.86.187.76 - - [04/May/2021:11:17:45 +0800] "GET /xingrg/kc/buy/cgsh_order_operate.html?command=get_materiel&rest_code=00148&code=00101001039&supplier_code=00100312&order_time=2021-05-04 HTTP/1.1" 200 424
58.37.228.113 - - [04/May/2021:11:17:45 +0800] "GET /xingrg/kc/buy/cgsh_order_add.html HTTP/1.1" 200 62363
58.37.228.113 - - [04/May/2021:11:17:46 +0800] "POST /xingrg/kc/buy/cgsh_order_operate.html HTTP/1.1" 200 8245
58.37.228.113 - - [04/May/2021:11:17:46 +0800] "GET /xingrg/javascript/easyui/themes/default/validatebox.css HTTP/1.1" 404 1104
116.230.114.112 - - [04/May/2021:11:17:46 +0800] "GET /xingrg/all/function/internal_message.html?_=1620098270624&CODE_STATE=getMsg HTTP/1.1" 200 27
180.169.147.146 - - [04/May/2021:11:17:46 +0800] "GET /xingrg/all/function/internal_message.html?_=1620098265949&CODE_STATE=getMsg HTTP/1.1" 200 27
116.230.110.80 - - [04/May/2021:11:17:48 +0800] "GET /xingrg/all/function/internal_message.html?_=1620098266270&CODE_STATE=getMsg HTTP/1.1" 200 27
116.230.110.80 - - [04/May/2021:11:17:48 +0800] "GET /xingrg/check_reg.html?_=1620098266273 HTTP/1.1" 200 22
101.85.94.178 - - [04/May/2021:11:17:52 +0800] "GET /xingrg/check_reg.html?_=1620097785960 HTTP/1.1" 200 22
101.85.94.178 - - [04/May/2021:11:17:52 +0800] "GET /xingrg/all/function/internal_message.html?_=1620097785961&CODE_STATE=getMsg HTTP/1.1" 200 27
114.83.218.88 - - [04/May/2021:11:17:53 +0800] "GET /xingrg/kc/buy/cgsh_order_operate.html?command=get_materiel&rest_code=00149&code=00101019098&supplier_code=00100337&order_time=2021-05-04 HTTP/1.1" 200 475
58.37.228.113 - - [04/May/2021:11:17:54 +0800] "GET /xingrg/kc/buy/cgsh_order_operate.html?command=get_materiel&rest_code=00141&code=00101010550&supplier_code=00100441&order_time=2021-05-04 HTTP/1.1" 200 399
116.230.76.31 - - [04/May/2021:11:17:59 +0800] "POST /xingrg/kc/buy/cgsh_order_operate.html HTTP/1.1" 200 64
61.165.42.208 - - [04/May/2021:11:18:00 +0800] "POST /xingrg/kc/buy/cgsh_order_operate.html HTTP/1.1" 200 37
114.86.187.76 - - [04/May/2021:11:18:01 +0800] "GET /xingrg/kc/buy/cgsh_order_operate.html?command=get_materiel&rest_code=00148&code=00101001139&supplier_code=00100312&order_time=2021-05-04 HTTP/1.1" 200 419
61.165.42.208 - - [04/May/2021:11:18:01 +0800] "POST /xingrg/kc/buy/cgsh_order_operate.html HTTP/1.1" 200 6809
116.230.76.31 - - [04/May/2021:11:18:03 +0800] "POST /xingrg/kc/buy/cgsh_order_operate.html HTTP/1.1" 200 37
61.165.42.208 - - [04/May/2021:11:18:03 +0800] "GET /xingrg/kc/print/load_data.html?order_code=212021050401698&kc_code=cgsh&condition= HTTP/1.1" 200 2240
114.88.167.174 - - [04/May/2021:11:18:03 +0800] "GET /xingrg/all/function/internal_message.html?_=1620098280115&CODE_STATE=getMsg HTTP/1.1" 200 27
180.162.112.86 - - [04/May/2021:11:18:04 +0800] "GET /xingrg/check_reg.html?_=1620098024799 HTTP/1.1" 200 22
180.162.112.86 - - [04/May/2021:11:18:04 +0800] "GET /xingrg/all/function/internal_message.html?_=1620098024802&CODE_STATE=getMsg HTTP/1.1" 200 27
61.165.42.208 - - [04/May/2021:11:18:04 +0800] "GET /xingrg/all/function/internal_message.html?_=1620098283339&CODE_STATE=getMsg HTTP/1.1" 200 27
58.37.228.113 - - [04/May/2021:11:18:05 +0800] "POST /xingrg/kc/buy/cgsh_order_operate.html HTTP/1.1" 200 37
116.230.76.31 - - [04/May/2021:11:18:06 +0800] "POST /xingrg/kc/buy/cgsh_order_operate.html HTTP/1.1" 200 3830
61.165.42.208 - - [04/May/2021:11:18:07 +0800] "GET /xingrg/check_reg.html?_=1620098285896 HTTP/1.1" 200 22
114.83.218.88 - - [04/May/2021:11:18:08 +0800] "POST /xingrg/kc/buy/cgsh_order_operate.html HTTP/1.1" 200 37
58.37.228.113 - - [04/May/2021:11:18:09 +0800] "POST /xingrg/kc/buy/cgsh_order_operate.html HTTP/1.1" 200 12
58.37.228.113 - - [04/May/2021:11:18:09 +0800] "GET /xingrg/kc/buy/cgsh_order_info.html?code=212021050401700 HTTP/1.1" 200 57269
116.230.76.31 - - [04/May/2021:11:18:09 +0800] "GET /xingrg/kc/print/load_data.html?order_code=212021050401699&kc_code=cgsh&condition= HTTP/1.1" 200 1126
58.37.228.113 - - [04/May/2021:11:18:09 +0800] "GET /xingrg/javascript/easyui/themes/default/validatebox.css HTTP/1.1" 404 1104
58.37.228.113 - - [04/May/2021:11:18:10 +0800] "POST /xingrg/kc/buy/cgsh_order_operate.html HTTP/1.1" 200 607
58.37.228.113 - - [04/May/2021:11:18:11 +0800] "GET /xingrg/kc/print/load_data.html?order_code=212021050401700&kc_code=cgsh&condition= HTTP/1.1" 200 717
114.83.218.88 - - [04/May/2021:11:18:12 +0800] "POST /xingrg/kc/buy/cgsh_order_operate.html HTTP/1.1" 200 12
114.88.167.174 - - [04/May/2021:11:18:12 +0800] "POST /xingrg/kc/buy/cgsh_list_operate.html HTTP/1.1" 200 5443
114.83.218.88 - - [04/May/2021:11:18:13 +0800] "GET /xingrg/kc/buy/cgsh_order_info.html?code=212021050401701 HTTP/1.1" 200 57314
114.83.218.88 - - [04/May/2021:11:18:13 +0800] "GET /xingrg/javascript/easyui/themes/default/validatebox.css HTTP/1.1" 404 1104
114.83.218.88 - - [04/May/2021:11:18:14 +0800] "POST /xingrg/kc/buy/cgsh_order_operate.html HTTP/1.1" 200 2416
58.37.228.113 - - [04/May/2021:11:18:14 +0800] "GET /xingrg/kc/buy/cgsh_order_add.html HTTP/1.1" 200 62363
58.37.228.113 - - [04/May/2021:11:18:14 +0800] "POST /xingrg/kc/buy/cgsh_order_operate.html HTTP/1.1" 200 8245
58.37.228.113 - - [04/May/2021:11:18:14 +0800] "GET /xingrg/javascript/easyui/themes/default/validatebox.css HTTP/1.1" 404 1104
114.83.218.88 - - [04/May/2021:11:18:16 +0800] "GET /xingrg/kc/print/load_data.html?order_code=212021050401701&kc_code=cgsh&condition= HTTP/1.1" 200 1420
114.83.218.88 - - [04/May/2021:11:18:20 +0800] "GET /xingrg/kc/buy/cgsh_order_add.html HTTP/1.1" 200 62410
58.221.95.50 - - [04/May/2021:11:18:20 +0800] "POST /xingrg/kc/base/wldb_list_operate.html HTTP/1.1" 200 5589
114.83.218.88 - - [04/May/2021:11:18:20 +0800] "POST /xingrg/kc/buy/cgsh_order_operate.html HTTP/1.1" 200 8245
114.83.218.88 - - [04/May/2021:11:18:20 +0800] "GET /xingrg/javascript/easyui/themes/default/validatebox.css HTTP/1.1" 404 1104
116.224.253.72 - - [04/May/2021:11:18:22 +0800] "GET /xingrg/all/function/internal_message.html?_=1620098298226&CODE_STATE=getMsg HTTP/1.1" 200 27
180.161.124.236 - - [04/May/2021:11:18:23 +0800] "GET /xingrg/all/function/internal_message.html?_=1620098587226&CODE_STATE=getMsg HTTP/1.1" 200 27
114.86.187.76 - - [04/May/2021:11:18:23 +0800] "GET /xingrg/kc/buy/cgsh_order_operate.html?command=get_materiel&rest_code=00148&code=00101004050&supplier_code=00100312&order_time=2021-05-04 HTTP/1.1" 200 408
114.83.218.88 - - [04/May/2021:11:18:24 +0800] "GET /xingrg/all/function/internal_message.html?_=1620098303117&CODE_STATE=getMsg HTTP/1.1" 200 27
58.37.228.113 - - [04/May/2021:11:18:24 +0800] "GET /xingrg/kc/buy/cgsh_order_operate.html?command=get_materiel&rest_code=00141&code=00101020012&supplier_code=00100337&order_time=2021-05-04 HTTP/1.1" 200 414
180.169.147.146 - - [04/May/2021:11:18:27 +0800] "GET /xingrg/all/function/internal_message.html?_=1620098304161&CODE_STATE=getMsg HTTP/1.1" 200 27
114.88.167.174 - - [04/May/2021:11:18:29 +0800] "POST /xingrg/kc/buy/cgsh_list_operate.html HTTP/1.1" 200 506
114.86.187.76 - - [04/May/2021:11:18:30 +0800] "GET /xingrg/all/function/internal_message.html?_=1620098309127&CODE_STATE=getMsg HTTP/1.1" 200 27
114.88.167.174 - - [04/May/2021:11:18:30 +0800] "GET /xingrg/kc/buy/cgsh_order_info.html?code=212021032511089 HTTP/1.1" 200 57259
58.37.228.113 - - [04/May/2021:11:18:30 +0800] "GET /xingrg/kc/buy/cgsh_order_operate.html?command=get_materiel&rest_code=00141&code=00101019042&supplier_code=00100337&order_time=2021-05-04 HTTP/1.1" 200 457
114.88.167.174 - - [04/May/2021:11:18:30 +0800] "GET /xingrg/javascript/easyui/themes/default/validatebox.css HTTP/1.1" 404 1104
114.83.218.88 - - [04/May/2021:11:18:31 +0800] "GET /xingrg/kc/buy/cgsh_order_operate.html?command=get_materiel&rest_code=00149&code=00101008328&supplier_code=00100338&order_time=2021-05-04 HTTP/1.1" 200 411
114.88.167.174 - - [04/May/2021:11:18:31 +0800] "POST /xingrg/kc/buy/cgsh_order_operate.html HTTP/1.1" 200 2981
114.86.187.76 - - [04/May/2021:11:18:33 +0800] "GET /xingrg/javascript/easyui/themes/default/images/button_plain_hover.png HTTP/1.1" 304 -
114.86.187.76 - - [04/May/2021:11:18:33 +0800] "GET /xingrg/javascript/easyui/themes/default/images/button_plain_hover.png HTTP/1.1" 304 -
114.86.187.76 - - [04/May/2021:11:18:33 +0800] "GET /xingrg/javascript/easyui/themes/default/images/button_plain_hover.png HTTP/1.1" 304 -
116.224.253.72 - - [04/May/2021:11:18:34 +0800] "GET /xingrg/all/function/internal_message.html?_=1620098313447&CODE_STATE=getMsg HTTP/1.1" 200 27
58.221.95.50 - - [04/May/2021:11:18:35 +0800] "GET /xingrg/all/function/internal_message.html?_=1620098313837&CODE_STATE=getMsg HTTP/1.1" 200 27
58.221.95.50 - - [04/May/2021:11:18:35 +0800] "GET /xingrg/check_reg.html?_=1620098313841 HTTP/1.1" 200 22
180.169.147.146 - - [04/May/2021:11:18:35 +0800] "GET /xingrg/all/function/internal_message.html?_=1620098313789&CODE_STATE=getMsg HTTP/1.1" 200 27
114.86.187.76 - - [04/May/2021:11:18:36 +0800] "POST /xingrg/kc/buy/cgsh_order_operate.html HTTP/1.1" 200 37
116.233.79.27 - - [04/May/2021:11:18:37 +0800] "GET /xingrg/all/function/internal_message.html?_=1620098316185&CODE_STATE=getMsg HTTP/1.1" 200 27
116.233.79.27 - - [04/May/2021:11:18:37 +0800] "GET /xingrg/check_reg.html?_=1620098316186 HTTP/1.1" 200 22
114.86.187.76 - - [04/May/2021:11:18:37 +0800] "POST /xingrg/kc/buy/cgsh_order_operate.html HTTP/1.1" 200 7410
120.253.135.82 - - [04/May/2021:11:18:39 +0800] "GET /xingrg/all/function/internal_message.html?_=1620098099012&CODE_STATE=getMsg HTTP/1.1" 200 27
58.37.228.113 - - [04/May/2021:11:18:40 +0800] "GET /xingrg/kc/buy/cgsh_order_operate.html?command=get_materiel&rest_code=00141&code=00101013172&supplier_code=00100337&order_time=2021-05-04 HTTP/1.1" 200 409
180.169.147.146 - - [04/May/2021:11:18:42 +0800] "GET /xingrg/all/function/internal_message.html?_=1620098322490&CODE_STATE=getMsg HTTP/1.1" 200 27
114.86.187.76 - - [04/May/2021:11:18:42 +0800] "GET /xingrg/javascript/easyui/themes/default/images/button_plain_hover.png HTTP/1.1" 304 -
114.86.187.76 - - [04/May/2021:11:18:42 +0800] "GET /xingrg/javascript/easyui/themes/default/images/button_plain_hover.png HTTP/1.1" 304 -
114.86.187.76 - - [04/May/2021:11:18:42 +0800] "GET /xingrg/javascript/easyui/themes/default/images/button_plain_hover.png HTTP/1.1" 304 -
58.40.7.146 - - [04/May/2021:11:18:42 +0800] "GET /xingrg/login.html HTTP/1.1" 200 7641
58.40.7.146 - - [04/May/2021:11:18:43 +0800] "GET /xingrg/images/blue/jxLogo.png HTTP/1.1" 200 6156
58.40.7.146 - - [04/May/2021:11:18:43 +0800] "GET /xingrg/images/blue/hj.png HTTP/1.1" 200 1014
58.40.7.146 - - [04/May/2021:11:18:43 +0800] "GET /xingrg/images/blue/login_bg.png HTTP/1.1" 200 22101
58.40.7.146 - - [04/May/2021:11:18:43 +0800] "GET /xingrg/images/blue/srbg.png HTTP/1.1" 200 138
58.40.7.146 - - [04/May/2021:11:18:43 +0800] "GET /favicon.ico HTTP/1.1" 404 -
114.86.187.76 - - [04/May/2021:11:18:43 +0800] "GET /xingrg/kc/buy/cgsh_order_add.html HTTP/1.1" 200 62357
114.86.187.76 - - [04/May/2021:11:18:43 +0800] "GET /xingrg/css/base.css HTTP/1.1" 304 -
114.86.187.76 - - [04/May/2021:11:18:43 +0800] "GET /xingrg/css/site.css HTTP/1.1" 304 -
114.86.187.76 - - [04/May/2021:11:18:43 +0800] "GET /xingrg/javascript/jquery_tools/datebox.css HTTP/1.1" 304 -
114.86.187.76 - - [04/May/2021:11:18:43 +0800] "GET /xingrg/javascript/easyui/themes/default/easyui.css HTTP/1.1" 304 -
114.86.187.76 - - [04/May/2021:11:18:43 +0800] "GET /xingrg/javascript/jquery_tools/jquery.tools.extend.js HTTP/1.1" 304 -
114.86.187.76 - - [04/May/2021:11:18:43 +0800] "GET /xingrg/javascript/jquery_tools/jquery.tools.min.js HTTP/1.1" 304 -
114.86.187.76 - - [04/May/2021:11:18:43 +0800] "GET /xingrg/javascript/jquery_tools/jquery.tools.table.js HTTP/1.1" 304 -
114.86.187.76 - - [04/May/2021:11:18:43 +0800] "GET /xingrg/javascript/jquery_tools/jquery.tools.hotkey.js HTTP/1.1" 304 -
114.86.187.76 - - [04/May/2021:11:18:43 +0800] "GET /xingrg/javascript/easyui/themes/icon.css HTTP/1.1" 304 -
114.86.187.76 - - [04/May/2021:11:18:43 +0800] "GET /xingrg/javascript/jquery.cookie.js HTTP/1.1" 304 -
114.86.187.76 - - [04/May/2021:11:18:43 +0800] "GET /xingrg/javascript/auto/jquery.autocomplete.css HTTP/1.1" 304 -
114.86.187.76 - - [04/May/2021:11:18:43 +0800] "GET /xingrg/javascript/auto/jquery.autocomplete.js HTTP/1.1" 304 -
114.86.187.76 - - [04/May/2021:11:18:43 +0800] "GET /xingrg/javascript/jquery.utils.js HTTP/1.1" 304 -
114.86.187.76 - - [04/May/2021:11:18:43 +0800] "GET /xingrg/javascript/jquery_tools/order_manager.js HTTP/1.1" 304 -
114.86.187.76 - - [04/May/2021:11:18:43 +0800] "GET /xingrg/javascript/jquery_tools/fix.css HTTP/1.1" 304 -
114.86.187.76 - - [04/May/2021:11:18:43 +0800] "GET /xingrg/javascript/jquery_tools/table.css HTTP/1.1" 304 -
114.86.187.76 - - [04/May/2021:11:18:43 +0800] "GET /xingrg/javascript/pic_change.js HTTP/1.1" 304 -
114.86.187.76 - - [04/May/2021:11:18:43 +0800] "GET /xingrg/javascript/print/kc_print.js HTTP/1.1" 304 -
114.86.187.76 - - [04/May/2021:11:18:43 +0800] "GET /xingrg/javascript/print/LodopFuncs.js HTTP/1.1" 304 -
114.86.187.76 - - [04/May/2021:11:18:43 +0800] "GET /xingrg/javascript/json2.js HTTP/1.1" 304 -
114.86.187.76 - - [04/May/2021:11:18:43 +0800] "GET /xingrg/javascript/convert.js HTTP/1.1" 304 -
114.86.187.76 - - [04/May/2021:11:18:43 +0800] "GET /xingrg/javascript/easyui/easyloader.js HTTP/1.1" 304 -
114.86.187.76 - - [04/May/2021:11:18:43 +0800] "GET /xingrg/words/20210503145207_words.js HTTP/1.1" 304 -
114.86.187.76 - - [04/May/2021:11:18:43 +0800] "GET /xingrg/javascript/easyui/themes/icons/template_new.png HTTP/1.1" 304 -
114.86.187.76 - - [04/May/2021:11:18:43 +0800] "GET /xingrg/javascript/easyui/themes/icons/ok.png HTTP/1.1" 304 -
114.86.187.76 - - [04/May/2021:11:18:43 +0800] "GET /xingrg/javascript/easyui/themes/icons/copy_new.png HTTP/1.1" 304 -
114.86.187.76 - - [04/May/2021:11:18:43 +0800] "GET /xingrg/javascript/easyui/themes/default/images/menu_downarrow.png HTTP/1.1" 304 -
114.86.187.76 - - [04/May/2021:11:18:43 +0800] "GET /xingrg/javascript/easyui/themes/icons/print.png HTTP/1.1" 304 -
114.86.187.76 - - [04/May/2021:11:18:43 +0800] "GET /xingrg/javascript/easyui/themes/icons/cancel.png HTTP/1.1" 304 -
114.86.187.76 - - [04/May/2021:11:18:43 +0800] "GET /xingrg/javascript/easyui/plugins/jquery.parser.js HTTP/1.1" 304 -
114.86.187.76 - - [04/May/2021:11:18:43 +0800] "POST /xingrg/kc/buy/cgsh_order_operate.html HTTP/1.1" 200 8245
114.86.187.76 - - [04/May/2021:11:18:43 +0800] "GET /xingrg/javascript/easyui/themes/default/images/button_plain_hover.png HTTP/1.1" 304 -
116.230.76.31 - - [04/May/2021:11:18:43 +0800] "GET /xingrg/check_reg.html?_=1620098321082 HTTP/1.1" 200 22
114.86.187.76 - - [04/May/2021:11:18:43 +0800] "GET /xingrg/all/common/auto_word.html?type=employee&rest_code=00148 HTTP/1.1" 200 197
114.86.187.76 - - [04/May/2021:11:18:43 +0800] "GET /xingrg/all/common/auto_word.html?type=employee&rest_code=00148 HTTP/1.1" 200 197
114.86.187.76 - - [04/May/2021:11:18:43 +0800] "GET /xingrg/javascript/easyui/themes/default/images/button_plain_hover.png HTTP/1.1" 304 -
114.86.187.76 - - [04/May/2021:11:18:43 +0800] "GET /xingrg/javascript/easyui/themes/default/validatebox.css HTTP/1.1" 404 1104
114.86.187.76 - - [04/May/2021:11:18:43 +0800] "GET /xingrg/javascript/easyui/plugins/jquery.validatebox.js HTTP/1.1" 304 -
114.86.187.76 - - [04/May/2021:11:18:43 +0800] "GET /xingrg/javascript/easyui/plugins/jquery.numberbox.js HTTP/1.1" 304 -
116.230.76.31 - - [04/May/2021:11:18:45 +0800] "GET /xingrg/all/function/internal_message.html?_=1620098322682&CODE_STATE=getMsg HTTP/1.1" 200 27
114.86.187.76 - - [04/May/2021:11:18:46 +0800] "GET /xingrg/javascript/jquery_tools/jquery.tools.extend.js HTTP/1.1" 304 -
114.86.187.76 - - [04/May/2021:11:18:46 +0800] "GET /xingrg/javascript/pic_change.js HTTP/1.1" 304 -
114.86.187.76 - - [04/May/2021:11:18:46 +0800] "GET /xingrg/javascript/jquery_tools/jquery.tools.min.js HTTP/1.1" 304 -
114.86.187.76 - - [04/May/2021:11:18:46 +0800] "GET /xingrg/javascript/jquery_tools/jquery.tools.hotkey.js HTTP/1.1" 304 -
114.86.187.76 - - [04/May/2021:11:18:46 +0800] "GET /xingrg/javascript/jquery_tools/jquery.tools.table.js HTTP/1.1" 304 -
114.86.187.76 - - [04/May/2021:11:18:46 +0800] "GET /xingrg/javascript/auto/jquery.autocomplete.js HTTP/1.1" 304 -
114.86.187.76 - - [04/May/2021:11:18:46 +0800] "GET /xingrg/javascript/easyui/easyloader.js HTTP/1.1" 304 -
114.86.187.76 - - [04/May/2021:11:18:46 +0800] "GET /xingrg/javascript/jquery.utils.js HTTP/1.1" 304 -
114.86.187.76 - - [04/May/2021:11:18:46 +0800] "GET /xingrg/javascript/jquery_tools/order_manager.js HTTP/1.1" 304 -
114.86.187.76 - - [04/May/2021:11:18:46 +0800] "GET /xingrg/javascript/json2.js HTTP/1.1" 304 -
114.86.187.76 - - [04/May/2021:11:18:46 +0800] "GET /xingrg/javascript/jquery.cookie.js HTTP/1.1" 304 -
114.86.187.76 - - [04/May/2021:11:18:46 +0800] "GET /xingrg/javascript/print/LodopFuncs.js HTTP/1.1" 304 -
114.86.187.76 - - [04/May/2021:11:18:46 +0800] "GET /xingrg/javascript/print/kc_print.js HTTP/1.1" 304 -
114.86.187.76 - - [04/May/2021:11:18:46 +0800] "GET /xingrg/javascript/easyui/plugins/jquery.validatebox.js HTTP/1.1" 304 -
114.86.187.76 - - [04/May/2021:11:18:46 +0800] "GET /xingrg/javascript/easyui/plugins/jquery.numberbox.js HTTP/1.1" 304 -
114.86.187.76 - - [04/May/2021:11:18:46 +0800] "GET /xingrg/words/20210503145207_words.js HTTP/1.1" 304 -
114.86.187.76 - - [04/May/2021:11:18:46 +0800] "GET /xingrg/javascript/easyui/plugins/jquery.parser.js HTTP/1.1" 304 -
114.86.187.76 - - [04/May/2021:11:18:46 +0800] "GET /xingrg/javascript/convert.js HTTP/1.1" 304 -
116.230.114.112 - - [04/May/2021:11:18:46 +0800] "GET /xingrg/all/function/internal_message.html?_=1620098330638&CODE_STATE=getMsg HTTP/1.1" 200 27
180.169.147.146 - - [04/May/2021:11:18:46 +0800] "GET /xingrg/all/function/internal_message.html?_=1620098325954&CODE_STATE=getMsg HTTP/1.1" 200 27
116.230.110.80 - - [04/May/2021:11:18:47 +0800] "GET /xingrg/all/function/internal_message.html?_=1620098326267&CODE_STATE=getMsg HTTP/1.1" 200 27
58.40.7.146 - - [04/May/2021:11:18:50 +0800] "POST /xingrg/login.do HTTP/1.1" 302 -
58.40.7.146 - - [04/May/2021:11:18:50 +0800] "GET /xingrg/index.html?sysBaseUrl=http%3A%2F%2F180.169.147.146%3A18081%2Fxingrg%2F&costTime=49×tamp=1620098330398 HTTP/1.1" 200 17507
58.40.7.146 - - [04/May/2021:11:18:50 +0800] "GET /xingrg/javascript/jquery_easy_ui/themes/icon.css HTTP/1.1" 200 3949
58.40.7.146 - - [04/May/2021:11:18:50 +0800] "GET /xingrg/css/form.css HTTP/1.1" 200 893
58.40.7.146 - - [04/May/2021:11:18:50 +0800] "GET /xingrg/javascript/jquery-1.4.2.min.js HTTP/1.1" 200 72205
58.40.7.146 - - [04/May/2021:11:18:50 +0800] "GET /xingrg/javascript/jquery_easy_ui/jquery.easyui.min.js HTTP/1.1" 200 213662
58.40.7.146 - - [04/May/2021:11:18:50 +0800] "GET /xingrg/javascript/jquery_easy_ui/easyui-lang-zh_CN.js HTTP/1.1" 200 1900
58.40.7.146 - - [04/May/2021:11:18:50 +0800] "GET /xingrg/javascript/jquery.timers.js HTTP/1.1" 200 3532
58.40.7.146 - - [04/May/2021:11:18:50 +0800] "GET /xingrg/javascript/jquery.form.js HTTP/1.1" 200 23110
58.40.7.146 - - [04/May/2021:11:18:50 +0800] "GET /xingrg/javascript/jquery_easy_ui/themes/default/easyui.css HTTP/1.1" 200 26500
58.40.7.146 - - [04/May/2021:11:18:50 +0800] "GET /xingrg/javascript/jquery.utils.js HTTP/1.1" 200 11805
58.40.7.146 - - [04/May/2021:11:18:50 +0800] "GET /xingrg/javascript/jquery_easy_ui/themes/icons/settle_new.png HTTP/1.1" 200 826
58.40.7.146 - - [04/May/2021:11:18:50 +0800] "GET /xingrg/images/blue/navBackgound.jpg HTTP/1.1" 200 12378
58.40.7.146 - - [04/May/2021:11:18:50 +0800] "POST /xingrg/all/common/load_tree.html?tree=area_rest_tree_json&manage=1 HTTP/1.1" 200 348
58.40.7.146 - - [04/May/2021:11:18:50 +0800] "GET /xingrg/all/function/internal_message.html?_=1620098329174&CODE_STATE=count HTTP/1.1" 200 11
58.40.7.146 - - [04/May/2021:11:18:50 +0800] "GET /xingrg/check_reg.html?_=1620098329175 HTTP/1.1" 200 22
58.40.7.146 - - [04/May/2021:11:18:50 +0800] "GET /xingrg/javascript/jquery_easy_ui/themes/default/images/tabs_rightarrow.png HTTP/1.1" 200 395
58.40.7.146 - - [04/May/2021:11:18:50 +0800] "GET /xingrg/javascript/jquery_easy_ui/themes/default/images/tabs_leftarrow.png HTTP/1.1" 200 389
58.40.7.146 - - [04/May/2021:11:18:50 +0800] "GET /xingrg/images/blue/pingpu.png HTTP/1.1" 200 231
58.40.7.146 - - [04/May/2021:11:18:50 +0800] "GET /xingrg/javascript/jquery_easy_ui/themes/default/images/panel_tool_expand.gif HTTP/1.1" 200 247
58.40.7.146 - - [04/May/2021:11:18:50 +0800] "GET /xingrg/javascript/jquery_easy_ui/themes/default/images/panel_tool_collapse.gif HTTP/1.1" 200 246
58.40.7.146 - - [04/May/2021:11:18:50 +0800] "GET /favicon.ico HTTP/1.1" 404 -
58.40.7.146 - - [04/May/2021:11:18:50 +0800] "POST /xingrg/load_menu.html HTTP/1.1" 200 9959
58.40.7.146 - - [04/May/2021:11:18:50 +0800] "GET /xingrg/javascript/jquery_easy_ui/themes/default/images/tree_arrows.gif HTTP/1.1" 200 1043
58.40.7.146 - - [04/May/2021:11:18:50 +0800] "GET /xingrg/javascript/jquery_easy_ui/themes/default/images/tree_folder_open.gif HTTP/1.1" 200 956
58.40.7.146 - - [04/May/2021:11:18:50 +0800] "GET /xingrg/javascript/jquery_easy_ui/themes/icons/search_new.png HTTP/1.1" 200 586
58.40.7.146 - - [04/May/2021:11:18:50 +0800] "GET /xingrg/javascript/jquery_easy_ui/themes/default/images/tree_folder.gif HTTP/1.1" 200 952
58.40.7.146 - - [04/May/2021:11:18:50 +0800] "GET /xingrg/javascript/jquery_easy_ui/themes/icons/storage_new.png HTTP/1.1" 200 853
58.40.7.146 - - [04/May/2021:11:18:50 +0800] "GET /xingrg/javascript/jquery_easy_ui/themes/icons/checkout_new.png HTTP/1.1" 200 744
58.40.7.146 - - [04/May/2021:11:18:50 +0800] "GET /xingrg/javascript/jquery_easy_ui/themes/icons/forms_new.png HTTP/1.1" 200 350
58.40.7.146 - - [04/May/2021:11:18:50 +0800] "GET /xingrg/javascript/jquery_easy_ui/themes/icons/setting_new.png HTTP/1.1" 200 450
58.40.7.146 - - [04/May/2021:11:18:50 +0800] "GET /xingrg/javascript/jquery_easy_ui/themes/icons/systemset_new.png HTTP/1.1" 200 606
58.40.7.146 - - [04/May/2021:11:18:50 +0800] "GET /xingrg/javascript/jquery_easy_ui/themes/default/images/tree_file.gif HTTP/1.1" 200 118
114.86.187.76 - - [04/May/2021:11:18:51 +0800] "GET /xingrg/kc/buy/cgsh_order_operate.html?command=get_materiel&rest_code=00148&code=00101010079&supplier_code=00100336&order_time=2021-05-04 HTTP/1.1" 200 413
114.86.187.76 - - [04/May/2021:11:18:51 +0800] "GET /xingrg/javascript/easyui/themes/default/images/button_plain_hover.png HTTP/1.1" 304 -
58.40.7.146 - - [04/May/2021:11:18:51 +0800] "GET /xingrg/kc/base/base_main.html HTTP/1.1" 200 12142
58.40.7.146 - - [04/May/2021:11:18:51 +0800] "GET /xingrg/javascript/jquery_easy_ui/themes/default/images/tabs_close.gif HTTP/1.1" 200 829
58.40.7.146 - - [04/May/2021:11:18:51 +0800] "GET /xingrg/javascript/pic_change.js HTTP/1.1" 200 4739
58.40.7.146 - - [04/May/2021:11:18:51 +0800] "GET /xingrg/css/blue.css HTTP/1.1" 200 15949
58.40.7.146 - - [04/May/2021:11:18:52 +0800] "GET /xingrg/javascript/myfunction.js HTTP/1.1" 200 24559
58.40.7.146 - - [04/May/2021:11:18:52 +0800] "GET /xingrg/images/blue/button/wlsy.gif HTTP/1.1" 200 2536
58.40.7.146 - - [04/May/2021:11:18:52 +0800] "GET /xingrg/images/blue/button/ckpd.gif HTTP/1.1" 200 2051
58.40.7.146 - - [04/May/2021:11:18:52 +0800] "GET /xingrg/images/blue/button/kc.gif HTTP/1.1" 200 2160
58.40.7.146 - - [04/May/2021:11:18:52 +0800] "GET /xingrg/images/blue/button/ckdb.gif HTTP/1.1" 200 1950
58.40.7.146 - - [04/May/2021:11:18:52 +0800] "GET /xingrg/images/blue/button/yddb.gif HTTP/1.1" 200 2040
58.40.7.146 - - [04/May/2021:11:18:52 +0800] "GET /xingrg/images/blue/pic_form2.gif HTTP/1.1" 200 1853
58.40.7.146 - - [04/May/2021:11:18:52 +0800] "GET /xingrg/images/blue/bg_dotted.jpg HTTP/1.1" 200 319
58.40.7.146 - - [04/May/2021:11:18:52 +0800] "GET /xingrg/images/blue/button/top_left.jpg HTTP/1.1" 200 1632
58.40.7.146 - - [04/May/2021:11:18:52 +0800] "GET /xingrg/images/blue/button/top_right.jpg HTTP/1.1" 200 1708
58.40.7.146 - - [04/May/2021:11:18:52 +0800] "GET /xingrg/images/blue/button/down.jpg HTTP/1.1" 200 1560
58.40.7.146 - - [04/May/2021:11:18:52 +0800] "GET /xingrg/images/blue/button/right_ah.jpg HTTP/1.1" 200 1744
58.40.7.146 - - [04/May/2021:11:18:52 +0800] "GET /xingrg/images/blue/button/left_ah.jpg HTTP/1.1" 200 1643
58.40.7.146 - - [04/May/2021:11:18:52 +0800] "GET /xingrg/images/blue/button/bottom_left.jpg HTTP/1.1" 200 1524
58.40.7.146 - - [04/May/2021:11:18:52 +0800] "GET /xingrg/images/blue/button/bottom_right.jpg HTTP/1.1" 200 1436
101.85.94.178 - - [04/May/2021:11:18:52 +0800] "GET /xingrg/all/function/internal_message.html?_=1620097845961&CODE_STATE=getMsg HTTP/1.1" 200 27
58.40.7.146 - - [04/May/2021:11:18:54 +0800] "GET /xingrg/kc/base/check_order_list.html HTTP/1.1" 200 16730
58.40.7.146 - - [04/May/2021:11:18:54 +0800] "GET /xingrg/css/base.css HTTP/1.1" 200 2811
58.40.7.146 - - [04/May/2021:11:18:54 +0800] "GET /xingrg/css/site.css HTTP/1.1" 200 7541
58.40.7.146 - - [04/May/2021:11:18:54 +0800] "GET /xingrg/javascript/jquery_tools/datebox.css HTTP/1.1" 200 2597
58.40.7.146 - - [04/May/2021:11:18:54 +0800] "GET /xingrg/javascript/easyui/themes/icon.css HTTP/1.1" 200 4483
58.40.7.146 - - [04/May/2021:11:18:54 +0800] "GET /xingrg/javascript/auto/jquery.autocomplete.css HTTP/1.1" 200 587
58.40.7.146 - - [04/May/2021:11:18:54 +0800] "GET /xingrg/javascript/jquery_tools/fix.css HTTP/1.1" 200 1702
58.40.7.146 - - [04/May/2021:11:18:54 +0800] "GET /xingrg/javascript/jquery_tools/table.css HTTP/1.1" 200 1032
58.40.7.146 - - [04/May/2021:11:18:54 +0800] "GET /xingrg/javascript/jquery_tools/jquery.tools.min.js HTTP/1.1" 200 138801
58.40.7.146 - - [04/May/2021:11:18:54 +0800] "GET /xingrg/javascript/jquery_tools/jquery.tools.hotkey.js HTTP/1.1" 200 3242
58.40.7.146 - - [04/May/2021:11:18:54 +0800] "GET /xingrg/javascript/easyui/themes/default/easyui.css HTTP/1.1" 200 30432
58.40.7.146 - - [04/May/2021:11:18:54 +0800] "GET /xingrg/javascript/jquery_tools/jquery.tools.extend.js HTTP/1.1" 200 15385
58.40.7.146 - - [04/May/2021:11:18:54 +0800] "GET /xingrg/javascript/jquery_tools/jquery.tools.table.js HTTP/1.1" 200 6994
58.40.7.146 - - [04/May/2021:11:18:54 +0800] "GET /xingrg/javascript/jquery_tools/list_manager.js HTTP/1.1" 200 3652
58.40.7.146 - - [04/May/2021:11:18:54 +0800] "GET /xingrg/javascript/easyui/easyloader.js HTTP/1.1" 200 5975
58.40.7.146 - - [04/May/2021:11:18:54 +0800] "GET /xingrg/javascript/jquery.cookie.js HTTP/1.1" 200 5513
58.40.7.146 - - [04/May/2021:11:18:54 +0800] "GET /xingrg/javascript/auto/jquery.autocomplete.js HTTP/1.1" 200 21624
58.40.7.146 - - [04/May/2021:11:18:55 +0800] "GET /xingrg/javascript/easyui/themes/icons/edit_add_new.png HTTP/1.1" 200 2997
58.40.7.146 - - [04/May/2021:11:18:55 +0800] "GET /xingrg/javascript/easyui/themes/icons/uncheck_new.png HTTP/1.1" 200 3197
58.40.7.146 - - [04/May/2021:11:18:55 +0800] "GET /xingrg/javascript/easyui/themes/icons/field_new.png HTTP/1.1" 200 1097
58.40.7.146 - - [04/May/2021:11:18:55 +0800] "GET /xingrg/javascript/easyui/themes/icons/check_new.png HTTP/1.1" 200 3224
58.40.7.146 - - [04/May/2021:11:18:55 +0800] "GET /xingrg/javascript/easyui/themes/icons/cance_new.png HTTP/1.1" 200 3986
58.40.7.146 - - [04/May/2021:11:18:55 +0800] "GET /xingrg/javascript/easyui/plugins/jquery.parser.js HTTP/1.1" 200 1142
58.40.7.146 - - [04/May/2021:11:18:55 +0800] "GET /xingrg/images/control/ajaxLoader.gif HTTP/1.1" 200 4659
58.40.7.146 - - [04/May/2021:11:18:55 +0800] "POST /xingrg/kc/base/check_list_operate.html HTTP/1.1" 200 781
58.40.7.146 - - [04/May/2021:11:18:57 +0800] "POST /xingrg/kc/base/check_list_operate.html HTTP/1.1" 200 5424
114.83.218.88 - - [04/May/2021:11:19:00 +0800] "POST /xingrg/kc/buy/cgsh_order_operate.html HTTP/1.1" 200 37
114.86.187.76 - - [04/May/2021:11:19:03 +0800] "GET /xingrg/javascript/easyui/themes/default/images/button_plain_hover.png HTTP/1.1" 304 -
114.86.187.76 - - [04/May/2021:11:19:03 +0800] "GET /xingrg/javascript/easyui/themes/default/images/button_plain_hover.png HTTP/1.1" 304 -
114.86.187.76 - - [04/May/2021:11:19:03 +0800] "GET /xingrg/javascript/easyui/themes/default/images/button_plain_hover.png HTTP/1.1" 304 -
114.86.187.76 - - [04/May/2021:11:19:03 +0800] "GET /xingrg/javascript/easyui/themes/default/images/button_plain_hover.png HTTP/1.1" 304 -
114.86.187.76 - - [04/May/2021:11:19:03 +0800] "GET /xingrg/javascript/easyui/themes/default/images/button_plain_hover.png HTTP/1.1" 304 -
114.86.187.76 - - [04/May/2021:11:19:03 +0800] "GET /xingrg/javascript/easyui/themes/default/images/button_plain_hover.png HTTP/1.1" 304 -
114.88.167.174 - - [04/May/2021:11:19:03 +0800] "GET /xingrg/all/function/internal_message.html?_=1620098340169&CODE_STATE=getMsg HTTP/1.1" 200 27
114.86.187.76 - - [04/May/2021:11:19:04 +0800] "GET /xingrg/javascript/easyui/themes/default/images/button_plain_hover.png HTTP/1.1" 304 -
114.86.187.76 - - [04/May/2021:11:19:04 +0800] "GET /xingrg/javascript/easyui/themes/default/images/button_plain_hover.png HTTP/1.1" 304 -
180.162.112.86 - - [04/May/2021:11:19:04 +0800] "GET /xingrg/all/function/internal_message.html?_=1620098084803&CODE_STATE=getMsg HTTP/1.1" 200 27
61.165.42.208 - - [04/May/2021:11:19:04 +0800] "GET /xingrg/all/function/internal_message.html?_=1620098343309&CODE_STATE=getMsg HTTP/1.1" 200 27
114.86.187.76 - - [04/May/2021:11:19:06 +0800] "POST /xingrg/kc/buy/cgsh_order_operate.html HTTP/1.1" 200 37
114.86.187.76 - - [04/May/2021:11:19:07 +0800] "POST /xingrg/kc/buy/cgsh_order_operate.html HTTP/1.1" 200 2658
114.88.167.174 - - [04/May/2021:11:19:12 +0800] "POST /xingrg/kc/buy/cgsh_list_operate.html HTTP/1.1" 200 5443
58.40.7.146 - - [04/May/2021:11:19:13 +0800] "GET /xingrg/kc/base/base_main.html HTTP/1.1" 200 12142
116.224.253.72 - - [04/May/2021:11:19:13 +0800] "GET /xingrg/check_reg.html?_=1620098349630 HTTP/1.1" 200 22
114.88.167.174 - - [04/May/2021:11:19:14 +0800] "POST /xingrg/kc/buy/cgsh_list_operate.html HTTP/1.1" 200 489
58.40.7.146 - - [04/May/2021:11:19:14 +0800] "GET /xingrg/kc/base/wldb_order_list.html HTTP/1.1" 200 19604
58.40.7.146 - - [04/May/2021:11:19:14 +0800] "GET /xingrg/javascript/print/LodopFuncs.js HTTP/1.1" 200 5121
58.40.7.146 - - [04/May/2021:11:19:17 +0800] "GET /xingrg/javascript/easyui/themes/icons/import_new.png HTTP/1.1" 200 1247
58.40.7.146 - - [04/May/2021:11:19:17 +0800] "GET /xingrg/javascript/jquery_tools/images/prev.gif HTTP/1.1" 404 1086
58.40.7.146 - - [04/May/2021:11:19:17 +0800] "GET /xingrg/javascript/jquery_tools/images/next.gif HTTP/1.1" 404 1086
58.40.7.146 - - [04/May/2021:11:19:18 +0800] "POST /xingrg/kc/base/wldb_list_operate.html HTTP/1.1" 200 928
114.86.187.76 - - [04/May/2021:11:19:18 +0800] "GET /xingrg/javascript/easyui/themes/default/images/button_plain_hover.png HTTP/1.1" 304 -
114.86.187.76 - - [04/May/2021:11:19:18 +0800] "GET /xingrg/javascript/easyui/themes/default/images/button_plain_hover.png HTTP/1.1" 304 -
114.86.187.76 - - [04/May/2021:11:19:18 +0800] "GET /xingrg/javascript/easyui/themes/default/images/button_plain_hover.png HTTP/1.1" 304 -
114.86.187.76 - - [04/May/2021:11:19:18 +0800] "GET /xingrg/css/base.css HTTP/1.1" 304 -
114.86.187.76 - - [04/May/2021:11:19:18 +0800] "GET /xingrg/javascript/easyui/themes/default/easyui.css HTTP/1.1" 304 -
114.86.187.76 - - [04/May/2021:11:19:18 +0800] "GET /xingrg/css/site.css HTTP/1.1" 304 -
114.86.187.76 - - [04/May/2021:11:19:18 +0800] "GET /xingrg/javascript/jquery_tools/datebox.css HTTP/1.1" 304 -
114.86.187.76 - - [04/May/2021:11:19:18 +0800] "GET /xingrg/javascript/jquery_tools/fix.css HTTP/1.1" 304 -
114.86.187.76 - - [04/May/2021:11:19:18 +0800] "GET /xingrg/javascript/auto/jquery.autocomplete.css HTTP/1.1" 304 -
114.86.187.76 - - [04/May/2021:11:19:18 +0800] "GET /xingrg/javascript/easyui/themes/icon.css HTTP/1.1" 304 -
114.86.187.76 - - [04/May/2021:11:19:18 +0800] "GET /xingrg/javascript/jquery_tools/jquery.tools.min.js HTTP/1.1" 304 -
114.86.187.76 - - [04/May/2021:11:19:18 +0800] "GET /xingrg/javascript/jquery_tools/jquery.tools.extend.js HTTP/1.1" 304 -
114.86.187.76 - - [04/May/2021:11:19:18 +0800] "GET /xingrg/javascript/jquery_tools/jquery.tools.table.js HTTP/1.1" 304 -
114.86.187.76 - - [04/May/2021:11:19:18 +0800] "GET /xingrg/javascript/easyui/easyloader.js HTTP/1.1" 304 -
114.86.187.76 - - [04/May/2021:11:19:18 +0800] "GET /xingrg/javascript/auto/jquery.autocomplete.js HTTP/1.1" 304 -
114.86.187.76 - - [04/May/2021:11:19:18 +0800] "GET /xingrg/javascript/jquery.utils.js HTTP/1.1" 304 -
114.86.187.76 - - [04/May/2021:11:19:18 +0800] "GET /xingrg/kc/buy/cgsh_order_add.html HTTP/1.1" 200 62357
114.86.187.76 - - [04/May/2021:11:19:18 +0800] "GET /xingrg/javascript/jquery_tools/jquery.tools.hotkey.js HTTP/1.1" 304 -
114.86.187.76 - - [04/May/2021:11:19:18 +0800] "GET /xingrg/javascript/jquery_tools/order_manager.js HTTP/1.1" 304 -
114.86.187.76 - - [04/May/2021:11:19:18 +0800] "GET /xingrg/javascript/jquery_tools/table.css HTTP/1.1" 304 -
114.86.187.76 - - [04/May/2021:11:19:18 +0800] "GET /xingrg/javascript/convert.js HTTP/1.1" 304 -
114.86.187.76 - - [04/May/2021:11:19:18 +0800] "GET /xingrg/javascript/print/kc_print.js HTTP/1.1" 304 -
114.86.187.76 - - [04/May/2021:11:19:18 +0800] "GET /xingrg/javascript/json2.js HTTP/1.1" 304 -
114.86.187.76 - - [04/May/2021:11:19:18 +0800] "GET /xingrg/javascript/jquery.cookie.js HTTP/1.1" 304 -
114.86.187.76 - - [04/May/2021:11:19:18 +0800] "GET /xingrg/javascript/print/LodopFuncs.js HTTP/1.1" 304 -
114.86.187.76 - - [04/May/2021:11:19:18 +0800] "GET /xingrg/javascript/pic_change.js HTTP/1.1" 304 -
114.86.187.76 - - [04/May/2021:11:19:19 +0800] "GET /xingrg/words/20210503145207_words.js HTTP/1.1" 304 -
114.86.187.76 - - [04/May/2021:11:19:19 +0800] "GET /xingrg/javascript/easyui/themes/icons/copy_new.png HTTP/1.1" 304 -
114.86.187.76 - - [04/May/2021:11:19:19 +0800] "GET /xingrg/javascript/easyui/themes/icons/template_new.png HTTP/1.1" 304 -
114.86.187.76 - - [04/May/2021:11:19:19 +0800] "GET /xingrg/javascript/easyui/themes/icons/ok.png HTTP/1.1" 304 -
114.86.187.76 - - [04/May/2021:11:19:19 +0800] "GET /xingrg/javascript/easyui/themes/icons/print.png HTTP/1.1" 304 -
114.86.187.76 - - [04/May/2021:11:19:19 +0800] "GET /xingrg/javascript/easyui/themes/default/images/menu_downarrow.png HTTP/1.1" 304 -
114.86.187.76 - - [04/May/2021:11:19:19 +0800] "GET /xingrg/javascript/easyui/themes/icons/cancel.png HTTP/1.1" 304 -
114.86.187.76 - - [04/May/2021:11:19:19 +0800] "GET /xingrg/javascript/easyui/plugins/jquery.parser.js HTTP/1.1" 304 -
114.86.187.76 - - [04/May/2021:11:19:19 +0800] "POST /xingrg/kc/buy/cgsh_order_operate.html HTTP/1.1" 200 8245
114.86.187.76 - - [04/May/2021:11:19:19 +0800] "GET /xingrg/all/common/auto_word.html?type=employee&rest_code=00148 HTTP/1.1" 200 197
114.86.187.76 - - [04/May/2021:11:19:19 +0800] "GET /xingrg/all/common/auto_word.html?type=employee&rest_code=00148 HTTP/1.1" 200 197
114.86.187.76 - - [04/May/2021:11:19:19 +0800] "GET /xingrg/javascript/easyui/themes/default/images/button_plain_hover.png HTTP/1.1" 304 -
114.86.187.76 - - [04/May/2021:11:19:19 +0800] "GET /xingrg/javascript/easyui/themes/default/validatebox.css HTTP/1.1" 404 1104
114.86.187.76 - - [04/May/2021:11:19:19 +0800] "GET /xingrg/javascript/easyui/plugins/jquery.validatebox.js HTTP/1.1" 304 -
114.86.187.76 - - [04/May/2021:11:19:19 +0800] "GET /xingrg/javascript/easyui/plugins/jquery.numberbox.js HTTP/1.1" 304 -
58.37.228.113 - - [04/May/2021:11:19:19 +0800] "POST /xingrg/kc/buy/cgsh_order_operate.html HTTP/1.1" 200 37
58.40.7.146 - - [04/May/2021:11:19:20 +0800] "POST /xingrg/kc/base/wldb_list_operate.html HTTP/1.1" 200 6248
114.86.187.76 - - [04/May/2021:11:19:21 +0800] "GET /xingrg/javascript/pic_change.js HTTP/1.1" 304 -
114.86.187.76 - - [04/May/2021:11:19:21 +0800] "GET /xingrg/javascript/jquery_tools/jquery.tools.min.js HTTP/1.1" 304 -
114.86.187.76 - - [04/May/2021:11:19:21 +0800] "GET /xingrg/javascript/jquery_tools/jquery.tools.extend.js HTTP/1.1" 304 -
114.86.187.76 - - [04/May/2021:11:19:21 +0800] "GET /xingrg/javascript/jquery_tools/jquery.tools.hotkey.js HTTP/1.1" 304 -
114.86.187.76 - - [04/May/2021:11:19:21 +0800] "GET /xingrg/javascript/jquery_tools/jquery.tools.table.js HTTP/1.1" 304 -
114.86.187.76 - - [04/May/2021:11:19:21 +0800] "GET /xingrg/javascript/auto/jquery.autocomplete.js HTTP/1.1" 304 -
114.86.187.76 - - [04/May/2021:11:19:21 +0800] "GET /xingrg/javascript/jquery.utils.js HTTP/1.1" 304 -
114.86.187.76 - - [04/May/2021:11:19:21 +0800] "GET /xingrg/javascript/convert.js HTTP/1.1" 304 -
114.86.187.76 - - [04/May/2021:11:19:21 +0800] "GET /xingrg/javascript/json2.js HTTP/1.1" 304 -
114.86.187.76 - - [04/May/2021:11:19:21 +0800] "GET /xingrg/javascript/easyui/plugins/jquery.numberbox.js HTTP/1.1" 304 -
114.86.187.76 - - [04/May/2021:11:19:21 +0800] "GET /xingrg/javascript/easyui/plugins/jquery.validatebox.js HTTP/1.1" 304 -
114.86.187.76 - - [04/May/2021:11:19:21 +0800] "GET /xingrg/words/20210503145207_words.js HTTP/1.1" 304 -
114.86.187.76 - - [04/May/2021:11:19:21 +0800] "GET /xingrg/javascript/print/kc_print.js HTTP/1.1" 304 -
114.86.187.76 - - [04/May/2021:11:19:21 +0800] "GET /xingrg/javascript/easyui/plugins/jquery.parser.js HTTP/1.1" 304 -
114.86.187.76 - - [04/May/2021:11:19:21 +0800] "GET /xingrg/javascript/easyui/easyloader.js HTTP/1.1" 304 -
114.86.187.76 - - [04/May/2021:11:19:21 +0800] "GET /xingrg/javascript/print/LodopFuncs.js HTTP/1.1" 304 -
114.86.187.76 - - [04/May/2021:11:19:21 +0800] "GET /xingrg/javascript/jquery_tools/order_manager.js HTTP/1.1" 304 -
114.86.187.76 - - [04/May/2021:11:19:21 +0800] "GET /xingrg/javascript/jquery.cookie.js HTTP/1.1" 304 -
116.224.253.72 - - [04/May/2021:11:19:22 +0800] "GET /xingrg/all/function/internal_message.html?_=1620098358238&CODE_STATE=getMsg HTTP/1.1" 200 27
58.40.7.146 - - [04/May/2021:11:19:22 +0800] "POST /xingrg/kc/base/wldb_list_operate.html HTTP/1.1" 200 202
58.37.228.113 - - [04/May/2021:11:19:23 +0800] "POST /xingrg/kc/buy/cgsh_order_operate.html HTTP/1.1" 200 12
180.161.124.236 - - [04/May/2021:11:19:24 +0800] "GET /xingrg/all/function/internal_message.html?_=1620098648441&CODE_STATE=getMsg HTTP/1.1" 200 27
58.37.228.113 - - [04/May/2021:11:19:25 +0800] "GET /xingrg/kc/buy/cgsh_order_info.html?code=212021050401705 HTTP/1.1" 200 57267
58.37.228.113 - - [04/May/2021:11:19:25 +0800] "GET /xingrg/javascript/easyui/themes/default/validatebox.css HTTP/1.1" 404 1104
58.37.228.113 - - [04/May/2021:11:19:26 +0800] "POST /xingrg/kc/buy/cgsh_order_operate.html HTTP/1.1" 200 1806
180.169.147.146 - - [04/May/2021:11:19:27 +0800] "GET /xingrg/all/function/internal_message.html?_=1620098364160&CODE_STATE=getMsg HTTP/1.1" 200 27
58.40.7.146 - - [04/May/2021:11:19:28 +0800] "POST /xingrg/kc/base/wldb_list_operate.html HTTP/1.1" 200 650
114.86.187.76 - - [04/May/2021:11:19:29 +0800] "GET /xingrg/kc/buy/cgsh_order_operate.html?command=get_materiel&rest_code=00148&code=00101007085&supplier_code=00100328&order_time=2021-05-04 HTTP/1.1" 200 413
114.86.187.76 - - [04/May/2021:11:19:29 +0800] "GET /xingrg/javascript/easyui/themes/default/images/button_plain_hover.png HTTP/1.1" 304 -
58.37.228.113 - - [04/May/2021:11:19:29 +0800] "GET /xingrg/kc/print/load_data.html?order_code=212021050401705&kc_code=cgsh&condition= HTTP/1.1" 200 1176
58.40.7.146 - - [04/May/2021:11:19:30 +0800] "GET /xingrg/javascript/jquery_easy_ui/themes/default/images/tabs_active.png HTTP/1.1" 200 2894
114.86.187.76 - - [04/May/2021:11:19:30 +0800] "GET /xingrg/all/function/internal_message.html?_=1620098369141&CODE_STATE=getMsg HTTP/1.1" 200 27
116.224.253.72 - - [04/May/2021:11:19:34 +0800] "GET /xingrg/all/function/internal_message.html?_=1620098373447&CODE_STATE=getMsg HTTP/1.1" 200 27
58.221.95.50 - - [04/May/2021:11:19:35 +0800] "GET /xingrg/all/function/internal_message.html?_=1620098373848&CODE_STATE=getMsg HTTP/1.1" 200 27
180.169.147.146 - - [04/May/2021:11:19:35 +0800] "GET /xingrg/all/function/internal_message.html?_=1620098373797&CODE_STATE=getMsg HTTP/1.1" 200 27
116.233.79.27 - - [04/May/2021:11:19:37 +0800] "GET /xingrg/all/function/internal_message.html?_=1620098376172&CODE_STATE=getMsg HTTP/1.1" 200 27
114.86.187.76 - - [04/May/2021:11:19:38 +0800] "GET /xingrg/kc/buy/cgsh_order_operate.html?command=get_materiel&rest_code=00148&code=00101007085&supplier_code=00100328&order_time=2021-05-04 HTTP/1.1" 200 413
114.86.187.76 - - [04/May/2021:11:19:39 +0800] "GET /xingrg/javascript/easyui/themes/default/images/button_plain_hover.png HTTP/1.1" 304 -
120.253.135.82 - - [04/May/2021:11:19:39 +0800] "GET /xingrg/all/function/internal_message.html?_=1620098159090&CODE_STATE=getMsg HTTP/1.1" 200 27
180.169.147.146 - - [04/May/2021:11:19:42 +0800] "GET /xingrg/all/function/internal_message.html?_=1620098382493&CODE_STATE=getMsg HTTP/1.1" 200 27
58.40.7.146 - - [04/May/2021:11:19:43 +0800] "GET /xingrg/javascript/easyui/themes/default/images/button_plain_hover.png HTTP/1.1" 200 144
116.230.76.31 - - [04/May/2021:11:19:45 +0800] "GET /xingrg/all/function/internal_message.html?_=1620098382693&CODE_STATE=getMsg HTTP/1.1" 200 27
116.230.114.112 - - [04/May/2021:11:19:46 +0800] "GET /xingrg/all/function/internal_message.html?_=1620098390678&CODE_STATE=getMsg HTTP/1.1" 200 27
114.86.187.76 - - [04/May/2021:11:19:46 +0800] "GET /xingrg/kc/buy/cgsh_order_operate.html?command=get_materiel&rest_code=00148&code=00101007077&supplier_code=00100328&order_time=2021-05-04 HTTP/1.1" 200 415
180.169.147.146 - - [04/May/2021:11:19:46 +0800] "GET /xingrg/all/function/internal_message.html?_=1620098385947&CODE_STATE=getMsg HTTP/1.1" 200 27
114.86.187.76 - - [04/May/2021:11:19:46 +0800] "GET /xingrg/javascript/easyui/themes/default/images/button_plain_hover.png HTTP/1.1" 304 -
116.230.110.80 - - [04/May/2021:11:19:47 +0800] "GET /xingrg/all/function/internal_message.html?_=1620098386261&CODE_STATE=getMsg HTTP/1.1" 200 27
114.86.187.76 - - [04/May/2021:11:19:50 +0800] "GET /xingrg/javascript/easyui/themes/default/images/button_plain_hover.png HTTP/1.1" 304 -
114.86.187.76 - - [04/May/2021:11:19:50 +0800] "GET /xingrg/javascript/easyui/themes/default/images/button_plain_hover.png HTTP/1.1" 304 -
114.86.187.76 - - [04/May/2021:11:19:50 +0800] "GET /xingrg/javascript/easyui/themes/default/images/button_plain_hover.png HTTP/1.1" 304 -
114.86.187.76 - - [04/May/2021:11:19:50 +0800] "GET /xingrg/javascript/easyui/themes/default/images/button_plain_hover.png HTTP/1.1" 304 -
114.86.187.76 - - [04/May/2021:11:19:50 +0800] "GET /xingrg/javascript/easyui/themes/default/images/button_plain_hover.png HTTP/1.1" 304 -
114.86.187.76 - - [04/May/2021:11:19:50 +0800] "GET /xingrg/javascript/easyui/themes/default/images/button_plain_hover.png HTTP/1.1" 304 -
114.86.187.76 - - [04/May/2021:11:19:50 +0800] "GET /xingrg/javascript/easyui/themes/default/images/button_plain_hover.png HTTP/1.1" 304 -
58.40.7.146 - - [04/May/2021:11:19:50 +0800] "GET /xingrg/all/function/internal_message.html?_=1620098389181&CODE_STATE=getMsg HTTP/1.1" 200 27
114.86.187.76 - - [04/May/2021:11:19:50 +0800] "GET /xingrg/javascript/easyui/themes/default/images/button_plain_hover.png HTTP/1.1" 304 -
114.86.187.76 - - [04/May/2021:11:19:50 +0800] "GET /xingrg/javascript/easyui/themes/default/images/button_plain_hover.png HTTP/1.1" 304 -
114.86.187.76 - - [04/May/2021:11:19:51 +0800] "GET /xingrg/javascript/easyui/themes/default/images/button_plain_hover.png HTTP/1.1" 304 -
58.37.228.113 - - [04/May/2021:11:19:52 +0800] "GET /xingrg/kc/buy/cgsh_order_add.html HTTP/1.1" 200 62363
101.85.94.178 - - [04/May/2021:11:19:52 +0800] "GET /xingrg/all/function/internal_message.html?_=1620097905964&CODE_STATE=getMsg HTTP/1.1" 200 27
58.37.228.113 - - [04/May/2021:11:19:52 +0800] "POST /xingrg/kc/buy/cgsh_order_operate.html HTTP/1.1" 200 8245
58.37.228.113 - - [04/May/2021:11:19:52 +0800] "GET /xingrg/javascript/easyui/themes/default/validatebox.css HTTP/1.1" 404 1104
114.86.187.76 - - [04/May/2021:11:19:53 +0800] "POST /xingrg/kc/buy/cgsh_order_operate.html HTTP/1.1" 200 37
180.161.124.236 - - [04/May/2021:11:19:54 +0800] "GET /xingrg/check_reg.html?_=1620098678910 HTTP/1.1" 200 22
114.86.187.76 - - [04/May/2021:11:19:57 +0800] "POST /xingrg/kc/buy/cgsh_order_operate.html HTTP/1.1" 200 3846
114.86.187.76 - - [04/May/2021:11:19:58 +0800] "GET /xingrg/javascript/easyui/themes/default/images/button_plain_hover.png HTTP/1.1" 304 -
114.86.187.76 - - [04/May/2021:11:19:58 +0800] "GET /xingrg/javascript/easyui/themes/default/images/button_plain_hover.png HTTP/1.1" 304 -
114.86.187.76 - - [04/May/2021:11:19:58 +0800] "GET /xingrg/javascript/easyui/themes/default/images/button_plain_hover.png HTTP/1.1" 304 -
114.86.187.76 - - [04/May/2021:11:19:58 +0800] "GET /xingrg/javascript/easyui/themes/default/images/button_plain_hover.png HTTP/1.1" 304 -
116.230.76.31 - - [04/May/2021:11:19:58 +0800] "GET /xingrg/kc/print/load_data.html?order_code=212021050401699&kc_code=cgsh HTTP/1.1" 200 1126
114.86.187.76 - - [04/May/2021:11:19:58 +0800] "GET /xingrg/css/base.css HTTP/1.1" 304 -
114.86.187.76 - - [04/May/2021:11:19:58 +0800] "GET /xingrg/javascript/jquery_tools/datebox.css HTTP/1.1" 304 -
114.86.187.76 - - [04/May/2021:11:19:58 +0800] "GET /xingrg/css/site.css HTTP/1.1" 304 -
114.86.187.76 - - [04/May/2021:11:19:58 +0800] "GET /xingrg/javascript/easyui/themes/default/easyui.css HTTP/1.1" 304 -
114.86.187.76 - - [04/May/2021:11:19:58 +0800] "GET /xingrg/javascript/easyui/themes/icon.css HTTP/1.1" 304 -
114.86.187.76 - - [04/May/2021:11:19:58 +0800] "GET /xingrg/javascript/auto/jquery.autocomplete.css HTTP/1.1" 304 -
114.86.187.76 - - [04/May/2021:11:19:58 +0800] "GET /xingrg/javascript/jquery_tools/fix.css HTTP/1.1" 304 -
114.86.187.76 - - [04/May/2021:11:19:58 +0800] "GET /xingrg/javascript/jquery.utils.js HTTP/1.1" 304 -
