116.224.253.72 - - [04/May/2021:09:15:47 +0800] "POST /xingrg/kc/base/wldb_order_operate.html HTTP/1.1" 200 37
120.253.135.82 - - [04/May/2021:09:15:47 +0800] "GET /xingrg/all/function/internal_message.html?_=1620090956445&CODE_STATE=getMsg HTTP/1.1" 200 27
114.88.167.174 - - [04/May/2021:09:15:48 +0800] "GET /xingrg/all/function/internal_message.html?_=1620090945433&CODE_STATE=getMsg HTTP/1.1" 200 27
116.224.253.72 - - [04/May/2021:09:15:49 +0800] "POST /xingrg/kc/base/wldb_order_operate.html HTTP/1.1" 200 12
116.224.253.72 - - [04/May/2021:09:15:49 +0800] "POST /xingrg/kc/base/wldb_order_operate.html HTTP/1.1" 200 2715
116.230.110.80 - - [04/May/2021:09:15:54 +0800] "GET /xingrg/all/function/internal_message.html?_=1620090953476&CODE_STATE=getMsg HTTP/1.1" 200 27
61.165.42.208 - - [04/May/2021:09:16:07 +0800] "GET /xingrg/all/function/internal_message.html?_=1620090965928&CODE_STATE=getMsg HTTP/1.1" 200 27
180.161.124.236 - - [04/May/2021:09:16:10 +0800] "GET /xingrg/all/function/internal_message.html?_=1620091254321&CODE_STATE=getMsg HTTP/1.1" 200 27
116.224.253.72 - - [04/May/2021:09:16:15 +0800] "POST /xingrg/kc/buy/cgsh_order_operate.html HTTP/1.1" 200 37
116.224.253.72 - - [04/May/2021:09:16:17 +0800] "POST /xingrg/kc/buy/cgsh_order_operate.html HTTP/1.1" 200 23922
180.161.124.236 - - [04/May/2021:09:16:18 +0800] "POST /xingrg/kc/buy/cgsh_list_operate.html HTTP/1.1" 200 5834
114.88.167.174 - - [04/May/2021:09:16:25 +0800] "POST /xingrg/kc/buy/cgsh_list_operate.html HTTP/1.1" 200 5413
114.83.218.88 - - [04/May/2021:09:16:26 +0800] "GET /xingrg/all/function/internal_message.html?_=1620090985225&CODE_STATE=getMsg HTTP/1.1" 200 27
58.221.95.50 - - [04/May/2021:09:16:34 +0800] "GET /xingrg/all/function/internal_message.html?_=1620090993384&CODE_STATE=getMsg HTTP/1.1" 200 27
116.230.114.112 - - [04/May/2021:09:16:44 +0800] "GET /xingrg/all/function/internal_message.html?_=1620091008241&CODE_STATE=getMsg HTTP/1.1" 200 27
116.233.79.27 - - [04/May/2021:09:16:45 +0800] "GET /xingrg/check_reg.html?_=1620091003657 HTTP/1.1" 200 22
116.233.79.27 - - [04/May/2021:09:16:45 +0800] "GET /xingrg/all/function/internal_message.html?_=1620091003667&CODE_STATE=getMsg HTTP/1.1" 200 27
120.253.135.82 - - [04/May/2021:09:16:47 +0800] "GET /xingrg/all/function/internal_message.html?_=1620091016495&CODE_STATE=getMsg HTTP/1.1" 200 27
120.253.135.82 - - [04/May/2021:09:16:48 +0800] "GET /xingrg/check_reg.html?_=1620091016525 HTTP/1.1" 200 22
114.88.167.174 - - [04/May/2021:09:16:48 +0800] "GET /xingrg/check_reg.html?_=1620091005352 HTTP/1.1" 200 22
114.88.167.174 - - [04/May/2021:09:16:48 +0800] "GET /xingrg/all/function/internal_message.html?_=1620091005447&CODE_STATE=getMsg HTTP/1.1" 200 27
116.230.110.80 - - [04/May/2021:09:16:54 +0800] "GET /xingrg/all/function/internal_message.html?_=1620091013463&CODE_STATE=getMsg HTTP/1.1" 200 27
116.224.253.72 - - [04/May/2021:09:17:00 +0800] "GET /xingrg/kc/base/wldb_order_info.html?code=422021050400406 HTTP/1.1" 200 26392
116.224.253.72 - - [04/May/2021:09:17:00 +0800] "GET /xingrg/javascript/easyui/themes/default/validatebox.css HTTP/1.1" 404 1104
116.224.253.72 - - [04/May/2021:09:17:00 +0800] "POST /xingrg/kc/base/wldb_order_operate.html HTTP/1.1" 200 999
116.224.253.72 - - [04/May/2021:09:17:06 +0800] "GET /xingrg/kc/base/wldb_order_add.html HTTP/1.1" 200 30514
116.224.253.72 - - [04/May/2021:09:17:06 +0800] "GET /xingrg/javascript/easyui/themes/default/validatebox.css HTTP/1.1" 404 1104
116.224.253.72 - - [04/May/2021:09:17:06 +0800] "POST /xingrg/kc/base/wldb_order_operate.html HTTP/1.1" 200 6806
61.165.42.208 - - [04/May/2021:09:17:07 +0800] "GET /xingrg/all/function/internal_message.html?_=1620091025903&CODE_STATE=getMsg HTTP/1.1" 200 27
180.161.124.236 - - [04/May/2021:09:17:10 +0800] "GET /xingrg/all/function/internal_message.html?_=1620091314348&CODE_STATE=getMsg HTTP/1.1" 200 27
116.224.253.72 - - [04/May/2021:09:17:13 +0800] "GET /xingrg/all/function/internal_message.html?_=1620091029375&CODE_STATE=getMsg HTTP/1.1" 200 27
116.224.253.72 - - [04/May/2021:09:17:16 +0800] "GET /xingrg/all/function/internal_message.html?_=1620091035801&CODE_STATE=getMsg HTTP/1.1" 200 27
116.224.253.72 - - [04/May/2021:09:17:18 +0800] "GET /xingrg/kc/base/wldb_order_operate.html?command=get_materiel&rest_code=00150&base_code=0010446&code=00102001105 HTTP/1.1" 200 434
180.161.124.236 - - [04/May/2021:09:17:18 +0800] "GET /xingrg/kc/buy/cgsh_order_list.html HTTP/1.1" 200 46619
180.161.124.236 - - [04/May/2021:09:17:19 +0800] "POST /xingrg/kc/buy/cgsh_list_operate.html HTTP/1.1" 200 876
116.224.253.72 - - [04/May/2021:09:17:24 +0800] "POST /xingrg/kc/base/wldb_order_operate.html HTTP/1.1" 200 37
116.224.253.72 - - [04/May/2021:09:17:25 +0800] "POST /xingrg/kc/base/wldb_order_operate.html HTTP/1.1" 200 12
116.224.253.72 - - [04/May/2021:09:17:25 +0800] "POST /xingrg/kc/base/wldb_order_operate.html HTTP/1.1" 200 2181
114.83.218.88 - - [04/May/2021:09:17:26 +0800] "GET /xingrg/all/function/internal_message.html?_=1620091045205&CODE_STATE=getMsg HTTP/1.1" 200 27
116.224.253.72 - - [04/May/2021:09:17:30 +0800] "GET /xingrg/kc/base/wldb_order_info.html?code=422021050400407 HTTP/1.1" 200 26391
116.224.253.72 - - [04/May/2021:09:17:30 +0800] "GET /xingrg/javascript/easyui/themes/default/validatebox.css HTTP/1.1" 404 1104
116.224.253.72 - - [04/May/2021:09:17:30 +0800] "POST /xingrg/kc/base/wldb_order_operate.html HTTP/1.1" 200 475
58.221.95.50 - - [04/May/2021:09:17:34 +0800] "GET /xingrg/all/function/internal_message.html?_=1620091053387&CODE_STATE=getMsg HTTP/1.1" 200 27
116.230.114.112 - - [04/May/2021:09:17:42 +0800] "GET /xingrg/check_reg.html?_=1620091066655 HTTP/1.1" 200 22
116.230.114.112 - - [04/May/2021:09:17:44 +0800] "GET /xingrg/all/function/internal_message.html?_=1620091068254&CODE_STATE=getMsg HTTP/1.1" 200 27
116.233.79.27 - - [04/May/2021:09:17:45 +0800] "GET /xingrg/all/function/internal_message.html?_=1620091063651&CODE_STATE=getMsg HTTP/1.1" 200 27
120.253.135.82 - - [04/May/2021:09:17:47 +0800] "GET /xingrg/all/function/internal_message.html?_=1620091076505&CODE_STATE=getMsg HTTP/1.1" 200 27
180.169.147.146 - - [04/May/2021:09:17:48 +0800] "GET /xingrg/index.html?sysBaseUrl=http%3A%2F%2F180.169.147.146%3A18081%2Fxingrg%2F&costTime=39×tamp=1592034574635 HTTP/1.1" 302 -
180.169.147.146 - - [04/May/2021:09:17:48 +0800] "GET /xingrg/login.html HTTP/1.1" 200 7641
180.169.147.146 - - [04/May/2021:09:17:48 +0800] "GET /favicon.ico HTTP/1.1" 404 -
114.88.167.174 - - [04/May/2021:09:17:48 +0800] "GET /xingrg/all/function/internal_message.html?_=1620091065460&CODE_STATE=getMsg HTTP/1.1" 200 27
180.169.147.146 - - [04/May/2021:09:17:49 +0800] "POST /xingrg/login.do HTTP/1.1" 302 -
180.169.147.146 - - [04/May/2021:09:17:49 +0800] "GET /xingrg/index.html?sysBaseUrl=http%3A%2F%2F180.169.147.146%3A18081%2Fxingrg%2F&costTime=44×tamp=1620091069674 HTTP/1.1" 200 17503
180.169.147.146 - - [04/May/2021:09:17:49 +0800] "GET /favicon.ico HTTP/1.1" 404 -
180.169.147.146 - - [04/May/2021:09:17:49 +0800] "POST /xingrg/all/common/load_tree.html?tree=area_rest_tree_json&manage=1 HTTP/1.1" 200 3344
180.169.147.146 - - [04/May/2021:09:17:49 +0800] "GET /xingrg/all/function/internal_message.html?_=1620091068218&CODE_STATE=count HTTP/1.1" 200 11
180.169.147.146 - - [04/May/2021:09:17:49 +0800] "GET /xingrg/check_reg.html?_=1620091068220 HTTP/1.1" 200 22
180.169.147.146 - - [04/May/2021:09:17:49 +0800] "POST /xingrg/load_menu.html HTTP/1.1" 200 11564
180.169.147.146 - - [04/May/2021:09:17:51 +0800] "POST /xingrg/load_menu.html HTTP/1.1" 200 10797
180.169.147.146 - - [04/May/2021:09:17:52 +0800] "GET /xingrg/all/report/report_query.html?fileName=dma/new_5.0/yingye/order_list.xml HTTP/1.1" 200 55281
180.169.147.146 - - [04/May/2021:09:17:52 +0800] "GET /xingrg/dwr/util.js HTTP/1.1" 304 -
180.169.147.146 - - [04/May/2021:09:17:52 +0800] "GET /xingrg/dwr/interface/AjaxReportQueryService.js HTTP/1.1" 200 13203
180.169.147.146 - - [04/May/2021:09:17:52 +0800] "GET /xingrg/dwr/engine.js HTTP/1.1" 200 43631
180.169.147.146 - - [04/May/2021:09:17:52 +0800] "POST /xingrg/dwr/call/plaincall/AjaxReportQueryService.getFixDate.dwr HTTP/1.1" 200 111
180.169.147.146 - - [04/May/2021:09:17:52 +0800] "POST /xingrg/all/common/load_tree.html?tree=area_station_tree_json&manage=1 HTTP/1.1" 200 3240
180.169.147.146 - - [04/May/2021:09:17:53 +0800] "POST /xingrg/dwr/call/plaincall/AjaxReportQueryService.getInitString.dwr HTTP/1.1" 200 76
180.169.147.146 - - [04/May/2021:09:17:54 +0800] "POST /xingrg/dwr/call/plaincall/AjaxReportQueryService.getFixDate.dwr HTTP/1.1" 200 111
116.230.110.80 - - [04/May/2021:09:17:54 +0800] "GET /xingrg/all/function/internal_message.html?_=1620091073458&CODE_STATE=getMsg HTTP/1.1" 200 27
180.169.147.146 - - [04/May/2021:09:18:01 +0800] "POST /xingrg/dwr/call/plaincall/AjaxReportQueryService.queryInitializeString.dwr HTTP/1.1" 200 253
180.169.147.146 - - [04/May/2021:09:18:02 +0800] "POST /xingrg/dwr/call/plaincall/AjaxReportQueryService.refreshCache.dwr HTTP/1.1" 200 78
180.169.147.146 - - [04/May/2021:09:18:02 +0800] "POST /xingrg/all/report/load_report_page.html HTTP/1.1" 200 208700
180.169.147.146 - - [04/May/2021:09:18:02 +0800] "GET /xingrg/servlets/image?cache=0.9788249534319826&image=px HTTP/1.1" 200 807
180.169.147.146 - - [04/May/2021:09:18:05 +0800] "POST /xingrg/all/report/load_report_page.html HTTP/1.1" 200 41929
180.169.147.146 - - [04/May/2021:09:18:05 +0800] "GET /xingrg/servlets/image?cache=0.9638271173416502&image=px HTTP/1.1" 200 807
61.165.42.208 - - [04/May/2021:09:18:07 +0800] "GET /xingrg/all/function/internal_message.html?_=1620091085879&CODE_STATE=getMsg HTTP/1.1" 200 27
61.165.42.208 - - [04/May/2021:09:18:07 +0800] "GET /xingrg/check_reg.html?_=1620091086189 HTTP/1.1" 200 22
180.161.124.236 - - [04/May/2021:09:18:10 +0800] "GET /xingrg/all/function/internal_message.html?_=1620091374378&CODE_STATE=getMsg HTTP/1.1" 200 27
116.224.253.72 - - [04/May/2021:09:18:13 +0800] "GET /xingrg/all/function/internal_message.html?_=1620091089398&CODE_STATE=getMsg HTTP/1.1" 200 27
116.224.253.72 - - [04/May/2021:09:18:16 +0800] "GET /xingrg/all/function/internal_message.html?_=1620091095780&CODE_STATE=getMsg HTTP/1.1" 200 27
180.161.124.236 - - [04/May/2021:09:18:24 +0800] "GET /xingrg/kc/buy/cgsh_order_add.html HTTP/1.1" 200 62316
180.161.124.236 - - [04/May/2021:09:18:25 +0800] "POST /xingrg/kc/buy/cgsh_order_operate.html HTTP/1.1" 200 8245
180.161.124.236 - - [04/May/2021:09:18:25 +0800] "GET /xingrg/javascript/easyui/themes/default/validatebox.css HTTP/1.1" 404 1104
180.161.124.236 - - [04/May/2021:09:18:26 +0800] "GET /xingrg/javascript/auto/indicator.gif HTTP/1.1" 404 1066
114.83.218.88 - - [04/May/2021:09:18:26 +0800] "GET /xingrg/all/function/internal_message.html?_=1620091105184&CODE_STATE=getMsg HTTP/1.1" 200 27
58.37.228.113 - - [04/May/2021:09:18:28 +0800] "POST /xingrg/services/DataTransmitService HTTP/1.1" 200 524
116.233.79.27 - - [04/May/2021:09:18:28 +0800] "GET /xingrg/login.html HTTP/1.1" 200 7641
116.233.79.27 - - [04/May/2021:09:18:29 +0800] "GET /xingrg/images/blue/login_bg.png HTTP/1.1" 200 22101
116.233.79.27 - - [04/May/2021:09:18:29 +0800] "GET /xingrg/images/blue/hj.png HTTP/1.1" 200 1014
116.233.79.27 - - [04/May/2021:09:18:29 +0800] "GET /xingrg/images/blue/srbg.png HTTP/1.1" 200 138
116.233.79.27 - - [04/May/2021:09:18:30 +0800] "GET /xingrg/javascript/jquery_easy_ui/themes/default/images/tabs_active.png HTTP/1.1" 200 2894
116.233.79.27 - - [04/May/2021:09:18:33 +0800] "GET /xingrg/kc/buy/buy_main.html HTTP/1.1" 200 12412
116.233.79.27 - - [04/May/2021:09:18:33 +0800] "GET /xingrg/css/new_ie.css HTTP/1.1" 404 1036
116.233.79.27 - - [04/May/2021:09:18:33 +0800] "GET /xingrg/javascript/jquery_ui/jquery-ui.min.js HTTP/1.1" 200 186181
116.233.79.27 - - [04/May/2021:09:18:33 +0800] "GET /xingrg/images/blue/button/cgxqd.gif HTTP/1.1" 200 2619
116.233.79.27 - - [04/May/2021:09:18:33 +0800] "GET /xingrg/images/blue/button/cgydd.gif HTTP/1.1" 200 2712
116.233.79.27 - - [04/May/2021:09:18:33 +0800] "GET /xingrg/images/blue/button/cgshd.gif HTTP/1.1" 200 2618
116.233.79.27 - - [04/May/2021:09:18:33 +0800] "GET /xingrg/images/blue/button/cgfkd.gif HTTP/1.1" 200 2075
116.233.79.27 - - [04/May/2021:09:18:33 +0800] "GET /xingrg/images/blue/button/ckthd.gif HTTP/1.1" 200 2045
116.233.79.27 - - [04/May/2021:09:18:33 +0800] "GET /xingrg/javascript/jquery_ui/themes/humanity/humanity.css HTTP/1.1" 200 27801
116.233.79.27 - - [04/May/2021:09:18:33 +0800] "GET /xingrg/javascript/jquery_ui/themes/humanity/images/ui-bg_inset-soft_100_f4f0ec_1x100.png HTTP/1.1" 200 141
116.233.79.27 - - [04/May/2021:09:18:33 +0800] "GET /xingrg/images/blue/button/down_ah.jpg HTTP/1.1" 200 1732
116.233.79.27 - - [04/May/2021:09:18:33 +0800] "GET /xingrg/javascript/jquery_ui/themes/humanity/images/ui-iconsnew.jpg HTTP/1.1" 200 337
116.233.79.27 - - [04/May/2021:09:18:33 +0800] "GET /xingrg/javascript/jquery_ui/themes/humanity/images/ui-icons_c47a23_256x240.png HTTP/1.1" 200 5355
116.233.79.27 - - [04/May/2021:09:18:33 +0800] "GET /xingrg/javascript/jquery_ui/themes/humanity/images/ui-icons_ffffff_256x240.png HTTP/1.1" 200 4369
116.233.79.27 - - [04/May/2021:09:18:33 +0800] "GET /xingrg/javascript/jquery_ui/themes/humanity/images/ui-bg_glass_70_ede4d4_1x400.png HTTP/1.1" 200 161
180.161.124.236 - - [04/May/2021:09:18:34 +0800] "GET /xingrg/kc/buy/cgsh_order_operate.html?command=get_materiel&rest_code=00102&code=00101006019&supplier_code=00100096&order_time=2021-05-04 HTTP/1.1" 200 419
58.221.95.50 - - [04/May/2021:09:18:34 +0800] "GET /xingrg/check_reg.html?_=1620091113395 HTTP/1.1" 200 22
58.221.95.50 - - [04/May/2021:09:18:35 +0800] "GET /xingrg/all/function/internal_message.html?_=1620091113399&CODE_STATE=getMsg HTTP/1.1" 200 27
116.224.253.72 - - [04/May/2021:09:18:35 +0800] "GET /xingrg/kc/base/wldb_order_list.html HTTP/1.1" 200 19351
116.224.253.72 - - [04/May/2021:09:18:35 +0800] "POST /xingrg/kc/base/wldb_list_operate.html HTTP/1.1" 200 928
116.233.79.27 - - [04/May/2021:09:18:37 +0800] "POST /xingrg/all/common/load_tree.html?tree=area_rest_tree_json&manage=1 HTTP/1.1" 200 342
116.233.79.27 - - [04/May/2021:09:18:37 +0800] "GET /xingrg/all/function/internal_message.html?_=1620091115921&CODE_STATE=count HTTP/1.1" 200 11
116.233.79.27 - - [04/May/2021:09:18:37 +0800] "GET /xingrg/check_reg.html?_=1620091115921 HTTP/1.1" 200 22
116.233.79.27 - - [04/May/2021:09:18:37 +0800] "POST /xingrg/load_menu.html HTTP/1.1" 200 5138
116.233.79.27 - - [04/May/2021:09:18:40 +0800] "GET /xingrg/kc/buy/buy_main.html HTTP/1.1" 200 12412
116.233.79.27 - - [04/May/2021:09:18:40 +0800] "GET /xingrg/css/new_ie.css HTTP/1.1" 404 1036
116.233.79.27 - - [04/May/2021:09:18:41 +0800] "GET /xingrg/kc/buy/cgsh_order_list.html HTTP/1.1" 200 46619
116.233.79.27 - - [04/May/2021:09:18:42 +0800] "POST /xingrg/kc/buy/cgsh_list_operate.html HTTP/1.1" 200 876
116.230.114.112 - - [04/May/2021:09:18:44 +0800] "GET /xingrg/all/function/internal_message.html?_=1620091128259&CODE_STATE=getMsg HTTP/1.1" 200 27
180.161.124.236 - - [04/May/2021:09:18:46 +0800] "GET /xingrg/kc/buy/cgsh_order_operate.html?command=get_materiel&rest_code=00102&code=00101006112&supplier_code=00100096&order_time=2021-05-04 HTTP/1.1" 200 411
120.253.135.82 - - [04/May/2021:09:18:48 +0800] "GET /xingrg/all/function/internal_message.html?_=1620091136516&CODE_STATE=getMsg HTTP/1.1" 200 27
114.88.167.174 - - [04/May/2021:09:18:48 +0800] "GET /xingrg/all/function/internal_message.html?_=1620091125474&CODE_STATE=getMsg HTTP/1.1" 200 27
180.169.147.146 - - [04/May/2021:09:18:49 +0800] "GET /xingrg/all/function/internal_message.html?_=1620091128245&CODE_STATE=getMsg HTTP/1.1" 200 27
116.230.110.80 - - [04/May/2021:09:18:54 +0800] "GET /xingrg/all/function/internal_message.html?_=1620091133438&CODE_STATE=getMsg HTTP/1.1" 200 27
180.161.124.236 - - [04/May/2021:09:19:00 +0800] "GET /xingrg/kc/buy/cgsh_order_operate.html?command=get_materiel&rest_code=00102&code=00101006115&supplier_code=00100096&order_time=2021-05-04 HTTP/1.1" 200 410
61.165.42.208 - - [04/May/2021:09:19:07 +0800] "GET /xingrg/all/function/internal_message.html?_=1620091145857&CODE_STATE=getMsg HTTP/1.1" 200 27
114.83.218.88 - - [04/May/2021:09:19:09 +0800] "GET /xingrg/kc/buy/cgsh_order_add.html HTTP/1.1" 200 62410
114.83.218.88 - - [04/May/2021:09:19:09 +0800] "POST /xingrg/kc/buy/cgsh_order_operate.html HTTP/1.1" 200 8245
114.83.218.88 - - [04/May/2021:09:19:09 +0800] "GET /xingrg/javascript/easyui/themes/default/validatebox.css HTTP/1.1" 404 1104
180.161.124.236 - - [04/May/2021:09:19:10 +0800] "GET /xingrg/all/function/internal_message.html?_=1620091434393&CODE_STATE=getMsg HTTP/1.1" 200 27
116.224.253.72 - - [04/May/2021:09:19:13 +0800] "GET /xingrg/check_reg.html?_=1620091149342 HTTP/1.1" 200 22
116.224.253.72 - - [04/May/2021:09:19:13 +0800] "GET /xingrg/all/function/internal_message.html?_=1620091149410&CODE_STATE=getMsg HTTP/1.1" 200 27
116.224.253.72 - - [04/May/2021:09:19:16 +0800] "GET /xingrg/all/function/internal_message.html?_=1620091155759&CODE_STATE=getMsg HTTP/1.1" 200 27
180.161.124.236 - - [04/May/2021:09:19:17 +0800] "GET /xingrg/kc/buy/cgsh_order_operate.html?command=get_materiel&rest_code=00102&code=00101001010&supplier_code=00100096&order_time=2021-05-04 HTTP/1.1" 200 409
114.83.218.88 - - [04/May/2021:09:19:23 +0800] "GET /xingrg/kc/buy/cgsh_order_operate.html?command=get_materiel&rest_code=00149&code=00101011003&supplier_code=00100051&order_time=2021-05-04 HTTP/1.1" 200 413
114.83.218.88 - - [04/May/2021:09:19:26 +0800] "GET /xingrg/all/function/internal_message.html?_=1620091165158&CODE_STATE=getMsg HTTP/1.1" 200 27
58.221.95.50 - - [04/May/2021:09:19:34 +0800] "GET /xingrg/all/function/internal_message.html?_=1620091173386&CODE_STATE=getMsg HTTP/1.1" 200 27
116.233.79.27 - - [04/May/2021:09:19:37 +0800] "GET /xingrg/all/function/internal_message.html?_=1620091176105&CODE_STATE=getMsg HTTP/1.1" 200 27
114.83.218.88 - - [04/May/2021:09:19:37 +0800] "POST /xingrg/kc/buy/cgsh_order_operate.html HTTP/1.1" 200 37
180.161.124.236 - - [04/May/2021:09:19:39 +0800] "GET /xingrg/kc/buy/cgsh_order_operate.html?command=get_materiel&rest_code=00102&code=00101012029&supplier_code=00100096&order_time=2021-05-04 HTTP/1.1" 200 412
114.83.218.88 - - [04/May/2021:09:19:40 +0800] "POST /xingrg/kc/buy/cgsh_order_operate.html HTTP/1.1" 200 12
114.83.218.88 - - [04/May/2021:09:19:42 +0800] "GET /xingrg/kc/buy/cgsh_order_info.html?code=212021050401554 HTTP/1.1" 200 57312
114.83.218.88 - - [04/May/2021:09:19:42 +0800] "GET /xingrg/javascript/easyui/themes/default/validatebox.css HTTP/1.1" 404 1104
114.83.218.88 - - [04/May/2021:09:19:43 +0800] "POST /xingrg/kc/buy/cgsh_order_operate.html HTTP/1.1" 200 606
116.230.114.112 - - [04/May/2021:09:19:44 +0800] "GET /xingrg/all/function/internal_message.html?_=1620091188273&CODE_STATE=getMsg HTTP/1.1" 200 27
120.253.135.82 - - [04/May/2021:09:19:48 +0800] "GET /xingrg/all/function/internal_message.html?_=1620091196565&CODE_STATE=getMsg HTTP/1.1" 200 27
114.83.218.88 - - [04/May/2021:09:19:48 +0800] "GET /xingrg/kc/print/load_data.html?order_code=212021050401554&kc_code=cgsh&condition= HTTP/1.1" 200 714
114.88.167.174 - - [04/May/2021:09:19:49 +0800] "GET /xingrg/all/function/internal_message.html?_=1620091185554&CODE_STATE=getMsg HTTP/1.1" 200 27
180.169.147.146 - - [04/May/2021:09:19:49 +0800] "GET /xingrg/all/function/internal_message.html?_=1620091188246&CODE_STATE=getMsg HTTP/1.1" 200 27
180.161.124.236 - - [04/May/2021:09:19:50 +0800] "GET /xingrg/kc/buy/cgsh_order_operate.html?command=get_materiel&rest_code=00102&code=00101007076&supplier_code=00100096&order_time=2021-05-04 HTTP/1.1" 200 408
116.230.110.80 - - [04/May/2021:09:19:53 +0800] "GET /xingrg/check_reg.html?_=1620091191695 HTTP/1.1" 200 22
116.230.110.80 - - [04/May/2021:09:19:54 +0800] "GET /xingrg/all/function/internal_message.html?_=1620091193422&CODE_STATE=getMsg HTTP/1.1" 200 27
61.165.42.208 - - [04/May/2021:09:20:07 +0800] "GET /xingrg/all/function/internal_message.html?_=1620091205831&CODE_STATE=getMsg HTTP/1.1" 200 27
180.161.124.236 - - [04/May/2021:09:20:09 +0800] "GET /xingrg/check_reg.html?_=1620091493769 HTTP/1.1" 200 22
180.161.124.236 - - [04/May/2021:09:20:10 +0800] "GET /xingrg/all/function/internal_message.html?_=1620091494407&CODE_STATE=getMsg HTTP/1.1" 200 27
116.224.253.72 - - [04/May/2021:09:20:13 +0800] "GET /xingrg/all/function/internal_message.html?_=1620091209415&CODE_STATE=getMsg HTTP/1.1" 200 27
116.224.253.72 - - [04/May/2021:09:20:16 +0800] "GET /xingrg/all/function/internal_message.html?_=1620091215747&CODE_STATE=getMsg HTTP/1.1" 200 27
116.224.253.72 - - [04/May/2021:09:20:16 +0800] "GET /xingrg/check_reg.html?_=1620091215805 HTTP/1.1" 200 22
114.83.218.88 - - [04/May/2021:09:20:17 +0800] "POST /xingrg/services/DataTransmitService HTTP/1.1" 200 524
180.161.124.236 - - [04/May/2021:09:20:18 +0800] "GET /xingrg/kc/buy/cgsh_order_operate.html?command=get_materiel&rest_code=00102&code=00101006110&supplier_code=00100096&order_time=2021-05-04 HTTP/1.1" 200 408
114.83.218.88 - - [04/May/2021:09:20:20 +0800] "POST /xingrg/services/DataTransmitService HTTP/1.1" 200 501
180.161.124.236 - - [04/May/2021:09:20:24 +0800] "GET /xingrg/kc/buy/cgsh_order_operate.html?command=get_materiel&rest_code=00102&code=00101006133&supplier_code=00100096&order_time=2021-05-04 HTTP/1.1" 200 415
114.83.218.88 - - [04/May/2021:09:20:26 +0800] "GET /xingrg/all/function/internal_message.html?_=1620091225143&CODE_STATE=getMsg HTTP/1.1" 200 27
114.83.218.88 - - [04/May/2021:09:20:26 +0800] "GET /xingrg/check_reg.html?_=1620091225336 HTTP/1.1" 200 22
58.221.95.50 - - [04/May/2021:09:20:34 +0800] "GET /xingrg/all/function/internal_message.html?_=1620091233388&CODE_STATE=getMsg HTTP/1.1" 200 27
116.233.79.27 - - [04/May/2021:09:20:37 +0800] "GET /xingrg/all/function/internal_message.html?_=1620091236105&CODE_STATE=getMsg HTTP/1.1" 200 27
180.161.124.236 - - [04/May/2021:09:20:38 +0800] "GET /xingrg/kc/buy/cgsh_order_operate.html?command=get_materiel&rest_code=00102&code=00101010461&supplier_code=00100096&order_time=2021-05-04 HTTP/1.1" 200 394
114.83.218.88 - - [04/May/2021:09:20:39 +0800] "POST /xingrg/services/DataTransmitService HTTP/1.1" 200 524
116.230.117.165 - - [04/May/2021:09:20:40 +0800] "GET /favicon.ico HTTP/1.1" 404 -
116.230.114.112 - - [04/May/2021:09:20:44 +0800] "GET /xingrg/all/function/internal_message.html?_=1620091248295&CODE_STATE=getMsg HTTP/1.1" 200 27
114.83.218.88 - - [04/May/2021:09:20:44 +0800] "GET /xingrg/kc/buy/cgsh_order_add.html HTTP/1.1" 200 62410
114.83.218.88 - - [04/May/2021:09:20:44 +0800] "POST /xingrg/kc/buy/cgsh_order_operate.html HTTP/1.1" 200 8245
114.83.218.88 - - [04/May/2021:09:20:45 +0800] "GET /xingrg/javascript/easyui/themes/default/validatebox.css HTTP/1.1" 404 1104
120.253.135.82 - - [04/May/2021:09:20:48 +0800] "GET /xingrg/all/function/internal_message.html?_=1620091256576&CODE_STATE=getMsg HTTP/1.1" 200 27
114.88.167.174 - - [04/May/2021:09:20:49 +0800] "GET /xingrg/all/function/internal_message.html?_=1620091245563&CODE_STATE=getMsg HTTP/1.1" 200 27
180.169.147.146 - - [04/May/2021:09:20:49 +0800] "GET /xingrg/all/function/internal_message.html?_=1620091248237&CODE_STATE=getMsg HTTP/1.1" 200 27
116.230.110.80 - - [04/May/2021:09:20:54 +0800] "GET /xingrg/all/function/internal_message.html?_=1620091253407&CODE_STATE=getMsg HTTP/1.1" 200 27
114.83.218.88 - - [04/May/2021:09:20:55 +0800] "GET /xingrg/kc/buy/cgsh_order_operate.html?command=get_materiel&rest_code=00149&code=00102002453&supplier_code=00100072&order_time=2021-05-04 HTTP/1.1" 200 433
114.83.218.88 - - [04/May/2021:09:21:04 +0800] "GET /xingrg/kc/buy/cgsh_order_operate.html?command=get_materiel&rest_code=00149&code=00102002334&supplier_code=00100072&order_time=2021-05-04 HTTP/1.1" 200 412
180.161.124.236 - - [04/May/2021:09:21:06 +0800] "GET /xingrg/kc/buy/cgsh_order_operate.html?command=get_materiel&rest_code=00102&code=00101006039&supplier_code=00100096&order_time=2021-05-04 HTTP/1.1" 200 415
61.165.42.208 - - [04/May/2021:09:21:07 +0800] "GET /xingrg/all/function/internal_message.html?_=1620091265808&CODE_STATE=getMsg HTTP/1.1" 200 27
180.161.124.236 - - [04/May/2021:09:21:10 +0800] "GET /xingrg/all/function/internal_message.html?_=1620091554420&CODE_STATE=getMsg HTTP/1.1" 200 27
116.224.253.72 - - [04/May/2021:09:21:13 +0800] "GET /xingrg/all/function/internal_message.html?_=1620091269429&CODE_STATE=getMsg HTTP/1.1" 200 27
116.224.253.72 - - [04/May/2021:09:21:16 +0800] "GET /xingrg/all/function/internal_message.html?_=1620091275724&CODE_STATE=getMsg HTTP/1.1" 200 27
114.83.218.88 - - [04/May/2021:09:21:17 +0800] "POST /xingrg/services/DataTransmitService HTTP/1.1" 200 501
114.83.218.88 - - [04/May/2021:09:21:17 +0800] "POST /xingrg/services/DataTransmitService HTTP/1.1" 200 501
114.83.218.88 - - [04/May/2021:09:21:21 +0800] "POST /xingrg/kc/buy/cgsh_order_operate.html HTTP/1.1" 200 37
114.83.218.88 - - [04/May/2021:09:21:23 +0800] "POST /xingrg/services/DataTransmitService HTTP/1.1" 200 501
114.83.218.88 - - [04/May/2021:09:21:25 +0800] "POST /xingrg/kc/buy/cgsh_order_operate.html HTTP/1.1" 200 12
114.83.218.88 - - [04/May/2021:09:21:28 +0800] "POST /xingrg/services/DataTransmitService HTTP/1.1" 200 501
114.83.218.88 - - [04/May/2021:09:21:29 +0800] "POST /xingrg/services/DataTransmitService HTTP/1.1" 200 501
114.83.218.88 - - [04/May/2021:09:21:29 +0800] "POST /xingrg/services/DataTransmitService HTTP/1.1" 200 501
114.83.218.88 - - [04/May/2021:09:21:32 +0800] "POST /xingrg/services/DataTransmitService HTTP/1.1" 200 501
114.83.218.88 - - [04/May/2021:09:21:32 +0800] "POST /xingrg/services/DataTransmitService HTTP/1.1" 200 501
114.83.218.88 - - [04/May/2021:09:21:33 +0800] "POST /xingrg/services/DataTransmitService HTTP/1.1" 200 501
58.221.95.50 - - [04/May/2021:09:21:35 +0800] "GET /xingrg/all/function/internal_message.html?_=1620091293416&CODE_STATE=getMsg HTTP/1.1" 200 27
114.83.218.88 - - [04/May/2021:09:21:35 +0800] "GET /xingrg/kc/buy/cgsh_order_info.html?code=212021050401555 HTTP/1.1" 200 57314
114.83.218.88 - - [04/May/2021:09:21:35 +0800] "GET /xingrg/javascript/easyui/themes/default/validatebox.css HTTP/1.1" 404 1104
114.83.218.88 - - [04/May/2021:09:21:36 +0800] "POST /xingrg/kc/buy/cgsh_order_operate.html HTTP/1.1" 200 1198
114.83.218.88 - - [04/May/2021:09:21:37 +0800] "POST /xingrg/services/DataTransmitService HTTP/1.1" 200 412
116.233.79.27 - - [04/May/2021:09:21:37 +0800] "GET /xingrg/all/function/internal_message.html?_=1620091296106&CODE_STATE=getMsg HTTP/1.1" 200 27
114.83.218.88 - - [04/May/2021:09:21:40 +0800] "GET /xingrg/kc/print/load_data.html?order_code=212021050401555&kc_code=cgsh&condition= HTTP/1.1" 200 938
116.230.114.112 - - [04/May/2021:09:21:44 +0800] "GET /xingrg/all/function/internal_message.html?_=1620091308300&CODE_STATE=getMsg HTTP/1.1" 200 27
120.253.135.82 - - [04/May/2021:09:21:48 +0800] "GET /xingrg/check_reg.html?_=1620091316562 HTTP/1.1" 200 22
120.253.135.82 - - [04/May/2021:09:21:48 +0800] "GET /xingrg/all/function/internal_message.html?_=1620091316594&CODE_STATE=getMsg HTTP/1.1" 200 27
114.88.167.174 - - [04/May/2021:09:21:48 +0800] "GET /xingrg/check_reg.html?_=1620091305425 HTTP/1.1" 200 22
114.88.167.174 - - [04/May/2021:09:21:49 +0800] "GET /xingrg/all/function/internal_message.html?_=1620091305576&CODE_STATE=getMsg HTTP/1.1" 200 27
180.169.147.146 - - [04/May/2021:09:21:49 +0800] "GET /xingrg/all/function/internal_message.html?_=1620091308230&CODE_STATE=getMsg HTTP/1.1" 200 27
180.169.147.146 - - [04/May/2021:09:21:51 +0800] "GET /favicon.ico HTTP/1.1" 404 -
116.230.110.80 - - [04/May/2021:09:21:54 +0800] "GET /xingrg/all/function/internal_message.html?_=1620091313402&CODE_STATE=getMsg HTTP/1.1" 200 27
61.165.42.208 - - [04/May/2021:09:22:07 +0800] "GET /xingrg/all/function/internal_message.html?_=1620091325782&CODE_STATE=getMsg HTTP/1.1" 200 27
116.224.253.72 - - [04/May/2021:09:22:09 +0800] "POST /xingrg/all/user/operate.html HTTP/1.1" 200 36
116.224.253.72 - - [04/May/2021:09:22:09 +0800] "GET /xingrg/index.html?sysBaseUrl=http%3A%2F%2F180.169.147.146%3A18081%2Fxingrg%2F&costTime=40×tamp=1620004181176 HTTP/1.1" 200 17177
116.224.253.72 - - [04/May/2021:09:22:09 +0800] "GET /xingrg/javascript/jquery_easy_ui/themes/default/easyui.css HTTP/1.1" 304 -
116.224.253.72 - - [04/May/2021:09:22:09 +0800] "GET /xingrg/javascript/jquery_easy_ui/themes/icon.css HTTP/1.1" 304 -
116.224.253.72 - - [04/May/2021:09:22:09 +0800] "GET /xingrg/css/form.css HTTP/1.1" 304 -
116.224.253.72 - - [04/May/2021:09:22:09 +0800] "GET /xingrg/javascript/jquery-1.4.2.min.js HTTP/1.1" 304 -
116.224.253.72 - - [04/May/2021:09:22:09 +0800] "GET /xingrg/javascript/jquery_easy_ui/jquery.easyui.min.js HTTP/1.1" 304 -
116.224.253.72 - - [04/May/2021:09:22:09 +0800] "GET /xingrg/javascript/jquery_easy_ui/easyui-lang-zh_CN.js HTTP/1.1" 304 -
116.224.253.72 - - [04/May/2021:09:22:09 +0800] "GET /xingrg/javascript/jquery.form.js HTTP/1.1" 304 -
116.224.253.72 - - [04/May/2021:09:22:09 +0800] "GET /xingrg/javascript/jquery.utils.js HTTP/1.1" 304 -
116.224.253.72 - - [04/May/2021:09:22:09 +0800] "GET /xingrg/javascript/jquery.timers.js HTTP/1.1" 304 -
116.224.253.72 - - [04/May/2021:09:22:09 +0800] "GET /xingrg/images/blue/jxLogo.png HTTP/1.1" 304 -
116.224.253.72 - - [04/May/2021:09:22:09 +0800] "GET /xingrg/javascript/jquery_easy_ui/themes/icons/settle_new.png HTTP/1.1" 304 -
116.224.253.72 - - [04/May/2021:09:22:09 +0800] "GET /xingrg/images/blue/navBackgound.jpg HTTP/1.1" 304 -
116.224.253.72 - - [04/May/2021:09:22:09 +0800] "POST /xingrg/all/common/load_tree.html?tree=area_rest_tree_json&manage=1 HTTP/1.1" 200 476
116.224.253.72 - - [04/May/2021:09:22:09 +0800] "GET /xingrg/all/function/internal_message.html?_=1620091329053&CODE_STATE=count HTTP/1.1" 200 11
116.224.253.72 - - [04/May/2021:09:22:09 +0800] "GET /xingrg/check_reg.html?_=1620091329055 HTTP/1.1" 200 22
116.224.253.72 - - [04/May/2021:09:22:09 +0800] "GET /xingrg/javascript/jquery_easy_ui/themes/default/images/panel_tool_collapse.gif HTTP/1.1" 304 -
116.224.253.72 - - [04/May/2021:09:22:09 +0800] "GET /xingrg/javascript/jquery_easy_ui/themes/default/images/tabs_rightarrow.png HTTP/1.1" 304 -
116.224.253.72 - - [04/May/2021:09:22:09 +0800] "GET /xingrg/images/blue/pingpu.png HTTP/1.1" 304 -
116.224.253.72 - - [04/May/2021:09:22:09 +0800] "GET /xingrg/javascript/jquery_easy_ui/themes/default/images/tabs_leftarrow.png HTTP/1.1" 304 -
116.224.253.72 - - [04/May/2021:09:22:09 +0800] "POST /xingrg/load_menu.html HTTP/1.1" 200 5138
180.161.124.236 - - [04/May/2021:09:22:10 +0800] "GET /xingrg/all/function/internal_message.html?_=1620091614542&CODE_STATE=getMsg HTTP/1.1" 200 27
116.224.253.72 - - [04/May/2021:09:22:11 +0800] "GET /xingrg/kc/buy/cgsh_order_list.html HTTP/1.1" 200 46623
116.224.253.72 - - [04/May/2021:09:22:13 +0800] "GET /xingrg/all/function/internal_message.html?_=1620091329453&CODE_STATE=getMsg HTTP/1.1" 200 27
116.224.253.72 - - [04/May/2021:09:22:13 +0800] "POST /xingrg/kc/buy/cgsh_list_operate.html HTTP/1.1" 200 2086
180.161.124.236 - - [04/May/2021:09:22:22 +0800] "GET /xingrg/kc/buy/cgsh_order_operate.html?command=get_materiel&rest_code=00102&code=00101006144&supplier_code=00100096&order_time=2021-05-04 HTTP/1.1" 200 411
114.83.218.88 - - [04/May/2021:09:22:26 +0800] "GET /xingrg/all/function/internal_message.html?_=1620091345163&CODE_STATE=getMsg HTTP/1.1" 200 27
180.161.124.236 - - [04/May/2021:09:22:33 +0800] "GET /xingrg/kc/buy/cgsh_order_operate.html?command=get_materiel&rest_code=00102&code=00101007081&supplier_code=00100096&order_time=2021-05-04 HTTP/1.1" 200 415
58.221.95.50 - - [04/May/2021:09:22:35 +0800] "GET /xingrg/all/function/internal_message.html?_=1620091353416&CODE_STATE=getMsg HTTP/1.1" 200 27
116.233.79.27 - - [04/May/2021:09:22:37 +0800] "GET /xingrg/all/function/internal_message.html?_=1620091356108&CODE_STATE=getMsg HTTP/1.1" 200 27
116.230.114.112 - - [04/May/2021:09:22:42 +0800] "GET /xingrg/check_reg.html?_=1620091366673 HTTP/1.1" 200 22
116.230.114.112 - - [04/May/2021:09:22:44 +0800] "GET /xingrg/all/function/internal_message.html?_=1620091368314&CODE_STATE=getMsg HTTP/1.1" 200 27
120.253.135.82 - - [04/May/2021:09:22:48 +0800] "GET /xingrg/all/function/internal_message.html?_=1620091376602&CODE_STATE=getMsg HTTP/1.1" 200 27
101.85.94.178 - - [04/May/2021:09:22:48 +0800] "GET /xingrg HTTP/1.1" 302 -
101.85.94.178 - - [04/May/2021:09:22:48 +0800] "GET /xingrg/ HTTP/1.1" 200 292
101.85.94.178 - - [04/May/2021:09:22:48 +0800] "GET /xingrg/index.html HTTP/1.1" 302 -
101.85.94.178 - - [04/May/2021:09:22:48 +0800] "GET /favicon.ico HTTP/1.1" 404 -
101.85.94.178 - - [04/May/2021:09:22:48 +0800] "GET /xingrg/login.html HTTP/1.1" 200 7641
114.88.167.174 - - [04/May/2021:09:22:49 +0800] "GET /xingrg/all/function/internal_message.html?_=1620091365647&CODE_STATE=getMsg HTTP/1.1" 200 27
101.85.94.178 - - [04/May/2021:09:22:49 +0800] "GET /xingrg/images/blue/jxLogo.png HTTP/1.1" 200 6156
101.85.94.178 - - [04/May/2021:09:22:49 +0800] "GET /xingrg/images/blue/hj.png HTTP/1.1" 200 1014
101.85.94.178 - - [04/May/2021:09:22:49 +0800] "GET /xingrg/images/blue/srbg.png HTTP/1.1" 200 138
101.85.94.178 - - [04/May/2021:09:22:49 +0800] "GET /xingrg/images/blue/login_bg.png HTTP/1.1" 200 22101
101.85.94.178 - - [04/May/2021:09:22:49 +0800] "GET /favicon.ico HTTP/1.1" 404 -
180.169.147.146 - - [04/May/2021:09:22:49 +0800] "GET /xingrg/check_reg.html?_=1620091368244 HTTP/1.1" 200 22
180.169.147.146 - - [04/May/2021:09:22:49 +0800] "GET /xingrg/all/function/internal_message.html?_=1620091368245&CODE_STATE=getMsg HTTP/1.1" 200 27
101.85.94.178 - - [04/May/2021:09:22:51 +0800] "POST /xingrg/login.do HTTP/1.1" 302 -
101.85.94.178 - - [04/May/2021:09:22:51 +0800] "GET /xingrg/index.html?sysBaseUrl=http%3A%2F%2F180.169.147.146%3A18081%2Fxingrg%2F&costTime=39×tamp=1620091371585 HTTP/1.1" 200 17179
101.85.94.178 - - [04/May/2021:09:22:51 +0800] "GET /xingrg/css/form.css HTTP/1.1" 200 893
101.85.94.178 - - [04/May/2021:09:22:51 +0800] "GET /xingrg/javascript/jquery_easy_ui/themes/icon.css HTTP/1.1" 200 3949
101.85.94.178 - - [04/May/2021:09:22:51 +0800] "GET /xingrg/javascript/jquery-1.4.2.min.js HTTP/1.1" 200 72205
101.85.94.178 - - [04/May/2021:09:22:51 +0800] "GET /xingrg/javascript/jquery_easy_ui/jquery.easyui.min.js HTTP/1.1" 200 213662
101.85.94.178 - - [04/May/2021:09:22:51 +0800] "GET /xingrg/javascript/jquery_easy_ui/easyui-lang-zh_CN.js HTTP/1.1" 200 1900
101.85.94.178 - - [04/May/2021:09:22:51 +0800] "GET /xingrg/javascript/jquery.timers.js HTTP/1.1" 200 3532
101.85.94.178 - - [04/May/2021:09:22:51 +0800] "GET /xingrg/javascript/jquery_easy_ui/themes/default/easyui.css HTTP/1.1" 200 26500
101.85.94.178 - - [04/May/2021:09:22:51 +0800] "GET /xingrg/javascript/jquery.utils.js HTTP/1.1" 200 11805
101.85.94.178 - - [04/May/2021:09:22:51 +0800] "GET /xingrg/javascript/jquery.form.js HTTP/1.1" 200 23110
101.85.94.178 - - [04/May/2021:09:22:51 +0800] "GET /xingrg/javascript/jquery_easy_ui/themes/icons/settle_new.png HTTP/1.1" 200 826
101.85.94.178 - - [04/May/2021:09:22:51 +0800] "GET /xingrg/images/blue/navBackgound.jpg HTTP/1.1" 200 12378
101.85.94.178 - - [04/May/2021:09:22:51 +0800] "POST /xingrg/all/common/load_tree.html?tree=area_rest_tree_json&manage=1 HTTP/1.1" 200 351
101.85.94.178 - - [04/May/2021:09:22:52 +0800] "GET /xingrg/all/function/internal_message.html?_=1620090885802&CODE_STATE=count HTTP/1.1" 200 11
101.85.94.178 - - [04/May/2021:09:22:52 +0800] "GET /xingrg/images/blue/pingpu.png HTTP/1.1" 200 231
101.85.94.178 - - [04/May/2021:09:22:52 +0800] "GET /xingrg/check_reg.html?_=1620090885803 HTTP/1.1" 200 22
101.85.94.178 - - [04/May/2021:09:22:52 +0800] "GET /xingrg/javascript/jquery_easy_ui/themes/default/images/panel_tool_collapse.gif HTTP/1.1" 200 246
101.85.94.178 - - [04/May/2021:09:22:52 +0800] "GET /xingrg/javascript/jquery_easy_ui/themes/default/images/tabs_rightarrow.png HTTP/1.1" 200 395
101.85.94.178 - - [04/May/2021:09:22:52 +0800] "GET /xingrg/javascript/jquery_easy_ui/themes/default/images/tabs_leftarrow.png HTTP/1.1" 200 389
101.85.94.178 - - [04/May/2021:09:22:52 +0800] "GET /favicon.ico HTTP/1.1" 404 -
101.85.94.178 - - [04/May/2021:09:22:52 +0800] "POST /xingrg/load_menu.html HTTP/1.1" 200 5138
101.85.94.178 - - [04/May/2021:09:22:52 +0800] "GET /xingrg/javascript/jquery_easy_ui/themes/default/images/tree_arrows.gif HTTP/1.1" 200 1043
101.85.94.178 - - [04/May/2021:09:22:52 +0800] "GET /xingrg/javascript/jquery_easy_ui/themes/default/images/tree_folder_open.gif HTTP/1.1" 200 956
101.85.94.178 - - [04/May/2021:09:22:52 +0800] "GET /xingrg/javascript/jquery_easy_ui/themes/icons/search_new.png HTTP/1.1" 200 586
101.85.94.178 - - [04/May/2021:09:22:52 +0800] "GET /xingrg/javascript/jquery_easy_ui/themes/default/images/tree_folder.gif HTTP/1.1" 200 952
101.85.94.178 - - [04/May/2021:09:22:52 +0800] "GET /xingrg/javascript/jquery_easy_ui/themes/icons/storage_new.png HTTP/1.1" 200 853
101.85.94.178 - - [04/May/2021:09:22:52 +0800] "GET /xingrg/javascript/jquery_easy_ui/themes/icons/forms_new.png HTTP/1.1" 200 350
101.85.94.178 - - [04/May/2021:09:22:52 +0800] "GET /xingrg/javascript/jquery_easy_ui/themes/default/images/tree_file.gif HTTP/1.1" 200 118
116.230.110.80 - - [04/May/2021:09:22:54 +0800] "GET /xingrg/all/function/internal_message.html?_=1620091373392&CODE_STATE=getMsg HTTP/1.1" 200 27
101.85.94.178 - - [04/May/2021:09:23:04 +0800] "GET /xingrg/javascript/jquery_easy_ui/themes/default/images/tabs_close.gif HTTP/1.1" 200 829
101.85.94.178 - - [04/May/2021:09:23:04 +0800] "GET /xingrg/css/base.css HTTP/1.1" 200 2811
101.85.94.178 - - [04/May/2021:09:23:04 +0800] "GET /xingrg/css/site.css HTTP/1.1" 200 7541
101.85.94.178 - - [04/May/2021:09:23:04 +0800] "GET /xingrg/javascript/auto/jquery.autocomplete.css HTTP/1.1" 200 587
101.85.94.178 - - [04/May/2021:09:23:04 +0800] "GET /xingrg/javascript/easyui/themes/icon.css HTTP/1.1" 200 4483
101.85.94.178 - - [04/May/2021:09:23:04 +0800] "GET /xingrg/javascript/jquery_tools/fix.css HTTP/1.1" 200 1702
101.85.94.178 - - [04/May/2021:09:23:04 +0800] "GET /xingrg/javascript/jquery_tools/datebox.css HTTP/1.1" 200 2597
101.85.94.178 - - [04/May/2021:09:23:04 +0800] "GET /xingrg/javascript/jquery_tools/table.css HTTP/1.1" 200 1032
101.85.94.178 - - [04/May/2021:09:23:04 +0800] "GET /xingrg/javascript/jquery_tools/jquery.tools.hotkey.js HTTP/1.1" 200 3242
101.85.94.178 - - [04/May/2021:09:23:04 +0800] "GET /xingrg/kc/buy/cgsh_order_list.html HTTP/1.1" 200 46625
101.85.94.178 - - [04/May/2021:09:23:05 +0800] "GET /xingrg/javascript/jquery_tools/jquery.tools.min.js HTTP/1.1" 200 138801
101.85.94.178 - - [04/May/2021:09:23:05 +0800] "GET /xingrg/javascript/jquery_tools/jquery.tools.table.js HTTP/1.1" 200 6994
101.85.94.178 - - [04/May/2021:09:23:05 +0800] "GET /xingrg/javascript/jquery_tools/jquery.tools.extend.js HTTP/1.1" 200 15385
101.85.94.178 - - [04/May/2021:09:23:05 +0800] "GET /xingrg/javascript/easyui/easyloader.js HTTP/1.1" 200 5975
101.85.94.178 - - [04/May/2021:09:23:05 +0800] "GET /xingrg/javascript/print/LodopFuncs.js HTTP/1.1" 200 5121
101.85.94.178 - - [04/May/2021:09:23:05 +0800] "GET /xingrg/javascript/jquery.cookie.js HTTP/1.1" 200 5513
101.85.94.178 - - [04/May/2021:09:23:05 +0800] "GET /xingrg/javascript/easyui/themes/default/easyui.css HTTP/1.1" 200 30432
101.85.94.178 - - [04/May/2021:09:23:05 +0800] "GET /xingrg/javascript/auto/jquery.autocomplete.js HTTP/1.1" 200 21624
101.85.94.178 - - [04/May/2021:09:23:05 +0800] "GET /xingrg/javascript/jquery_tools/list_manager.js HTTP/1.1" 200 3652
101.85.94.178 - - [04/May/2021:09:23:05 +0800] "GET /xingrg/javascript/easyui/plugins/jquery.parser.js HTTP/1.1" 200 1142
101.85.94.178 - - [04/May/2021:09:23:05 +0800] "GET /xingrg/images/control/ajaxLoader.gif HTTP/1.1" 200 4659
101.85.94.178 - - [04/May/2021:09:23:05 +0800] "GET /xingrg/javascript/easyui/themes/icons/check_new.png HTTP/1.1" 200 3224
101.85.94.178 - - [04/May/2021:09:23:05 +0800] "GET /xingrg/javascript/easyui/themes/icons/cance_new.png HTTP/1.1" 200 3986
101.85.94.178 - - [04/May/2021:09:23:05 +0800] "GET /xingrg/javascript/easyui/themes/icons/field_new.png HTTP/1.1" 200 1097
101.85.94.178 - - [04/May/2021:09:23:05 +0800] "GET /xingrg/javascript/easyui/themes/icons/import_new.png HTTP/1.1" 200 1247
101.85.94.178 - - [04/May/2021:09:23:05 +0800] "GET /xingrg/javascript/easyui/themes/icons/edit_add_new.png HTTP/1.1" 200 2997
61.165.42.208 - - [04/May/2021:09:23:07 +0800] "GET /xingrg/all/function/internal_message.html?_=1620091385764&CODE_STATE=getMsg HTTP/1.1" 200 27
61.165.42.208 - - [04/May/2021:09:23:07 +0800] "GET /xingrg/check_reg.html?_=1620091386169 HTTP/1.1" 200 22
101.85.94.178 - - [04/May/2021:09:23:08 +0800] "POST /xingrg/kc/buy/cgsh_list_operate.html HTTP/1.1" 200 2416
116.224.253.72 - - [04/May/2021:09:23:09 +0800] "GET /xingrg/all/function/internal_message.html?_=1620091389069&CODE_STATE=getMsg HTTP/1.1" 200 27
180.161.124.236 - - [04/May/2021:09:23:10 +0800] "GET /xingrg/all/function/internal_message.html?_=1620091674556&CODE_STATE=getMsg HTTP/1.1" 200 27
101.85.94.178 - - [04/May/2021:09:23:12 +0800] "GET /xingrg/javascript/easyui/themes/default/images/button_plain_hover.png HTTP/1.1" 200 144
101.85.94.178 - - [04/May/2021:09:23:13 +0800] "GET /xingrg/javascript/pic_change.js HTTP/1.1" 200 4739
101.85.94.178 - - [04/May/2021:09:23:13 +0800] "GET /xingrg/javascript/convert.js HTTP/1.1" 200 1239
101.85.94.178 - - [04/May/2021:09:23:13 +0800] "GET /xingrg/kc/buy/cgsh_order_add.html HTTP/1.1" 200 61475
101.85.94.178 - - [04/May/2021:09:23:13 +0800] "GET /xingrg/javascript/json2.js HTTP/1.1" 200 11259
101.85.94.178 - - [04/May/2021:09:23:13 +0800] "GET /xingrg/javascript/jquery_tools/order_manager.js HTTP/1.1" 200 11183
101.85.94.178 - - [04/May/2021:09:23:13 +0800] "GET /xingrg/javascript/print/kc_print.js HTTP/1.1" 200 11415
116.224.253.72 - - [04/May/2021:09:23:13 +0800] "GET /xingrg/all/function/internal_message.html?_=1620091389456&CODE_STATE=getMsg HTTP/1.1" 200 27
101.85.94.178 - - [04/May/2021:09:23:13 +0800] "GET /xingrg/words/20210503145207_words.js HTTP/1.1" 200 810856
101.85.94.178 - - [04/May/2021:09:23:13 +0800] "GET /xingrg/javascript/easyui/themes/icons/copy_new.png HTTP/1.1" 200 815
101.85.94.178 - - [04/May/2021:09:23:13 +0800] "GET /xingrg/javascript/easyui/themes/icons/ok.png HTTP/1.1" 200 883
101.85.94.178 - - [04/May/2021:09:23:13 +0800] "GET /xingrg/javascript/easyui/themes/icons/template_new.png HTTP/1.1" 200 3956
101.85.94.178 - - [04/May/2021:09:23:13 +0800] "GET /xingrg/javascript/easyui/themes/icons/print.png HTTP/1.1" 200 1057
101.85.94.178 - - [04/May/2021:09:23:13 +0800] "GET /xingrg/javascript/easyui/themes/default/images/menu_downarrow.png HTTP/1.1" 200 173
101.85.94.178 - - [04/May/2021:09:23:13 +0800] "GET /xingrg/javascript/easyui/themes/icons/cancel.png HTTP/1.1" 200 1133
101.85.94.178 - - [04/May/2021:09:23:13 +0800] "POST /xingrg/kc/buy/cgsh_order_operate.html HTTP/1.1" 200 8245
101.85.94.178 - - [04/May/2021:09:23:14 +0800] "GET /xingrg/all/common/auto_word.html?type=employee&rest_code=00142 HTTP/1.1" 200 105
101.85.94.178 - - [04/May/2021:09:23:14 +0800] "GET /xingrg/javascript/easyui/themes/default/validatebox.css HTTP/1.1" 404 1104
101.85.94.178 - - [04/May/2021:09:23:14 +0800] "GET /xingrg/all/common/auto_word.html?type=employee&rest_code=00142 HTTP/1.1" 200 105
101.85.94.178 - - [04/May/2021:09:23:14 +0800] "GET /xingrg/javascript/easyui/plugins/jquery.validatebox.js HTTP/1.1" 200 6103
101.85.94.178 - - [04/May/2021:09:23:14 +0800] "GET /xingrg/javascript/easyui/themes/icons/edit_remove.png HTTP/1.1" 200 625
101.85.94.178 - - [04/May/2021:09:23:14 +0800] "GET /xingrg/javascript/easyui/plugins/jquery.numberbox.js HTTP/1.1" 200 5213
101.85.94.178 - - [04/May/2021:09:23:15 +0800] "GET /xingrg/javascript/auto/indicator.gif HTTP/1.1" 404 1066
114.83.218.88 - - [04/May/2021:09:23:26 +0800] "GET /xingrg/all/function/internal_message.html?_=1620091405144&CODE_STATE=getMsg HTTP/1.1" 200 27
101.85.94.178 - - [04/May/2021:09:23:27 +0800] "GET /xingrg/kc/buy/cgsh_order_operate.html?command=get_materiel&rest_code=00142&code=00101008126&supplier_code=00100161&order_time=2021-05-04 HTTP/1.1" 200 412
58.221.95.50 - - [04/May/2021:09:23:35 +0800] "GET /xingrg/all/function/internal_message.html?_=1620091413419&CODE_STATE=getMsg HTTP/1.1" 200 27
58.221.95.50 - - [04/May/2021:09:23:35 +0800] "GET /xingrg/check_reg.html?_=1620091413422 HTTP/1.1" 200 22
101.85.94.178 - - [04/May/2021:09:23:37 +0800] "GET /xingrg/kc/buy/cgsh_order_operate.html?command=get_materiel&rest_code=00142&code=00101008108&supplier_code=00100161&order_time=2021-05-04 HTTP/1.1" 200 412
116.233.79.27 - - [04/May/2021:09:23:37 +0800] "GET /xingrg/all/function/internal_message.html?_=1620091416111&CODE_STATE=getMsg HTTP/1.1" 200 27
116.233.79.27 - - [04/May/2021:09:23:37 +0800] "GET /xingrg/check_reg.html?_=1620091416112 HTTP/1.1" 200 22
180.161.124.236 - - [04/May/2021:09:23:40 +0800] "POST /xingrg/kc/buy/cgsh_order_operate.html HTTP/1.1" 200 2065
101.85.94.178 - - [04/May/2021:09:23:44 +0800] "GET /xingrg/kc/buy/cgsh_order_operate.html?command=get_materiel&rest_code=00142&code=00101008368&supplier_code=00100161&order_time=2021-05-04 HTTP/1.1" 200 408
116.230.114.112 - - [04/May/2021:09:23:44 +0800] "GET /xingrg/all/function/internal_message.html?_=1620091428327&CODE_STATE=getMsg HTTP/1.1" 200 27
120.253.135.82 - - [04/May/2021:09:23:48 +0800] "GET /xingrg/all/function/internal_message.html?_=1620091436615&CODE_STATE=getMsg HTTP/1.1" 200 27
180.169.147.146 - - [04/May/2021:09:23:49 +0800] "GET /xingrg/all/function/internal_message.html?_=1620091428240&CODE_STATE=getMsg HTTP/1.1" 200 27
101.85.94.178 - - [04/May/2021:09:23:52 +0800] "GET /xingrg/all/function/internal_message.html?_=1620090945831&CODE_STATE=getMsg HTTP/1.1" 200 27
101.85.94.178 - - [04/May/2021:09:23:52 +0800] "GET /xingrg/kc/buy/cgsh_order_operate.html?command=get_materiel&rest_code=00142&code=00101008005&supplier_code=00100161&order_time=2021-05-04 HTTP/1.1" 200 412
116.230.110.80 - - [04/May/2021:09:23:54 +0800] "GET /xingrg/all/function/internal_message.html?_=1620091433386&CODE_STATE=getMsg HTTP/1.1" 200 27
101.85.94.178 - - [04/May/2021:09:24:00 +0800] "POST /xingrg/kc/buy/cgsh_order_operate.html HTTP/1.1" 200 37
101.85.94.178 - - [04/May/2021:09:24:01 +0800] "POST /xingrg/kc/buy/cgsh_order_operate.html HTTP/1.1" 200 4419
61.165.42.208 - - [04/May/2021:09:24:07 +0800] "GET /xingrg/all/function/internal_message.html?_=1620091445738&CODE_STATE=getMsg HTTP/1.1" 200 27
116.224.253.72 - - [04/May/2021:09:24:09 +0800] "GET /xingrg/all/function/internal_message.html?_=1620091449067&CODE_STATE=getMsg HTTP/1.1" 200 27
180.161.124.236 - - [04/May/2021:09:24:10 +0800] "GET /xingrg/all/function/internal_message.html?_=1620091734570&CODE_STATE=getMsg HTTP/1.1" 200 27
101.85.94.178 - - [04/May/2021:09:24:12 +0800] "POST /xingrg/kc/buy/cgsh_order_operate.html HTTP/1.1" 200 37
116.224.253.72 - - [04/May/2021:09:24:13 +0800] "GET /xingrg/check_reg.html?_=1620091449355 HTTP/1.1" 200 22
116.224.253.72 - - [04/May/2021:09:24:13 +0800] "GET /xingrg/all/function/internal_message.html?_=1620091449470&CODE_STATE=getMsg HTTP/1.1" 200 27
101.85.94.178 - - [04/May/2021:09:24:13 +0800] "POST /xingrg/kc/buy/cgsh_order_operate.html HTTP/1.1" 200 4419
114.88.167.174 - - [04/May/2021:09:24:14 +0800] "GET /xingrg/login.html HTTP/1.1" 200 7641
114.88.167.174 - - [04/May/2021:09:24:15 +0800] "GET /favicon.ico HTTP/1.1" 404 -
114.88.167.174 - - [04/May/2021:09:24:21 +0800] "POST /xingrg/login.do HTTP/1.1" 302 -
114.88.167.174 - - [04/May/2021:09:24:21 +0800] "GET /xingrg/index.html?sysBaseUrl=http%3A%2F%2F180.169.147.146%3A18081%2Fxingrg%2F&costTime=40×tamp=1620091461361 HTTP/1.1" 200 17173
114.88.167.174 - - [04/May/2021:09:24:21 +0800] "GET /xingrg/javascript/jquery-1.4.2.min.js HTTP/1.1" 304 -
114.88.167.174 - - [04/May/2021:09:24:21 +0800] "GET /xingrg/javascript/jquery_easy_ui/themes/icon.css HTTP/1.1" 304 -
114.88.167.174 - - [04/May/2021:09:24:21 +0800] "GET /xingrg/javascript/jquery.form.js HTTP/1.1" 304 -
114.88.167.174 - - [04/May/2021:09:24:21 +0800] "GET /xingrg/javascript/jquery_easy_ui/themes/default/easyui.css HTTP/1.1" 304 -
114.88.167.174 - - [04/May/2021:09:24:21 +0800] "GET /xingrg/javascript/jquery_easy_ui/easyui-lang-zh_CN.js HTTP/1.1" 304 -
114.88.167.174 - - [04/May/2021:09:24:21 +0800] "GET /xingrg/css/form.css HTTP/1.1" 304 -
114.88.167.174 - - [04/May/2021:09:24:21 +0800] "GET /xingrg/javascript/jquery.timers.js HTTP/1.1" 304 -
114.88.167.174 - - [04/May/2021:09:24:21 +0800] "GET /xingrg/javascript/jquery_easy_ui/jquery.easyui.min.js HTTP/1.1" 304 -
114.88.167.174 - - [04/May/2021:09:24:21 +0800] "GET /xingrg/javascript/jquery.utils.js HTTP/1.1" 304 -
114.88.167.174 - - [04/May/2021:09:24:21 +0800] "GET /favicon.ico HTTP/1.1" 404 -
114.88.167.174 - - [04/May/2021:09:24:21 +0800] "POST /xingrg/all/common/load_tree.html?tree=area_rest_tree_json&manage=1 HTTP/1.1" 200 342
114.88.167.174 - - [04/May/2021:09:24:21 +0800] "GET /xingrg/check_reg.html?_=1620091458169 HTTP/1.1" 200 22
114.88.167.174 - - [04/May/2021:09:24:21 +0800] "GET /xingrg/all/function/internal_message.html?_=1620091458168&CODE_STATE=count HTTP/1.1" 200 11
114.88.167.174 - - [04/May/2021:09:24:21 +0800] "POST /xingrg/load_menu.html HTTP/1.1" 200 5138
114.83.218.88 - - [04/May/2021:09:24:26 +0800] "GET /xingrg/all/function/internal_message.html?_=1620091465125&CODE_STATE=getMsg HTTP/1.1" 200 27
101.85.94.178 - - [04/May/2021:09:24:31 +0800] "GET /xingrg/kc/buy/cgsh_order_operate.html?command=get_materiel&rest_code=00142&code=00101008261&supplier_code=00100161&order_time=2021-05-04 HTTP/1.1" 200 408
114.88.167.174 - - [04/May/2021:09:24:32 +0800] "GET /xingrg/kc/buy/buy_main.html HTTP/1.1" 200 12412
114.88.167.174 - - [04/May/2021:09:24:32 +0800] "GET /xingrg/css/new_ie.css HTTP/1.1" 404 1036
