124.77.71.179 - - [02/May/2021:11:03:06 +0800] "GET /xingrg/kc/print/load_data.html?order_code=212021050200671&kc_code=cgsh&condition= HTTP/1.1" 200 1807
61.165.42.208 - - [02/May/2021:11:03:08 +0800] "GET /xingrg/check_reg.html?_=1619924589743 HTTP/1.1" 200 22
61.165.42.208 - - [02/May/2021:11:03:08 +0800] "GET /xingrg/all/function/internal_message.html?_=1619924589743&CODE_STATE=getMsg HTTP/1.1" 200 27
120.253.135.82 - - [02/May/2021:11:03:09 +0800] "GET /xingrg/kc/buy/cgsh_order_operate.html?command=get_materiel&rest_code=00101&code=00101006002&supplier_code=00100139&order_time=2021-05-02 HTTP/1.1" 200 419
117.184.7.26 - - [02/May/2021:11:03:09 +0800] "GET /xingrg/all/function/internal_message.html?_=1619924589294&CODE_STATE=getMsg HTTP/1.1" 200 27
114.88.160.164 - - [02/May/2021:11:03:10 +0800] "GET /xingrg/all/function/internal_message.html?_=1619924588561&CODE_STATE=getMsg HTTP/1.1" 200 27
180.162.112.86 - - [02/May/2021:11:03:13 +0800] "GET /xingrg/all/function/internal_message.html?_=1619924336907&CODE_STATE=getMsg HTTP/1.1" 200 27
124.77.71.179 - - [02/May/2021:11:03:14 +0800] "GET /xingrg/kc/buy/cgsh_order_add.html HTTP/1.1" 200 62445
124.77.71.179 - - [02/May/2021:11:03:14 +0800] "GET /xingrg/javascript/easyui/themes/default/validatebox.css HTTP/1.1" 404 1104
124.77.71.179 - - [02/May/2021:11:03:14 +0800] "POST /xingrg/kc/buy/cgsh_order_operate.html HTTP/1.1" 200 8245
124.77.71.179 - - [02/May/2021:11:03:17 +0800] "GET /xingrg/javascript/easyui/themes/default/tree.css HTTP/1.1" 404 1090
124.77.71.179 - - [02/May/2021:11:03:17 +0800] "POST /xingrg/all/common/load_tree.html?tree=supplier_tree_json&isDelete=1 HTTP/1.1" 200 55318
124.77.71.179 - - [02/May/2021:11:03:20 +0800] "GET /xingrg/all/function/internal_message.html?_=1619924600799&CODE_STATE=getMsg HTTP/1.1" 200 27
180.169.147.146 - - [02/May/2021:11:03:20 +0800] "GET /xingrg/all/function/internal_message.html?_=1619924593031&CODE_STATE=getMsg HTTP/1.1" 200 27
117.185.32.26 - - [02/May/2021:11:03:22 +0800] "GET /xingrg/all/function/internal_message.html?_=1619924597393&CODE_STATE=getMsg HTTP/1.1" 200 27
116.232.54.167 - - [02/May/2021:11:03:24 +0800] "GET /xingrg/all/function/internal_message.html?_=1619924605051&CODE_STATE=getMsg HTTP/1.1" 200 27
120.253.135.82 - - [02/May/2021:11:03:27 +0800] "POST /xingrg/kc/buy/cgsh_order_operate.html HTTP/1.1" 200 37
180.161.124.236 - - [02/May/2021:11:03:28 +0800] "GET /xingrg/javascript/easyui/themes/default/images/button_plain_hover.png HTTP/1.1" 200 144
180.161.124.236 - - [02/May/2021:11:03:28 +0800] "GET /xingrg/kc/buy/cgsh_order_add.html HTTP/1.1" 200 62316
180.161.124.236 - - [02/May/2021:11:03:29 +0800] "GET /xingrg/javascript/jquery_easy_ui/themes/icons/area.png HTTP/1.1" 200 262
180.161.124.236 - - [02/May/2021:11:03:29 +0800] "GET /xingrg/javascript/jquery_easy_ui/themes/icons/rest.png HTTP/1.1" 200 695
120.253.135.82 - - [02/May/2021:11:03:29 +0800] "POST /xingrg/kc/buy/cgsh_order_operate.html HTTP/1.1" 200 2671
180.161.124.236 - - [02/May/2021:11:03:29 +0800] "GET /xingrg/javascript/easyui/themes/icons/template_new.png HTTP/1.1" 200 3956
180.161.124.236 - - [02/May/2021:11:03:29 +0800] "GET /xingrg/javascript/easyui/themes/icons/ok.png HTTP/1.1" 200 883
180.161.124.236 - - [02/May/2021:11:03:30 +0800] "POST /xingrg/kc/buy/cgsh_order_operate.html HTTP/1.1" 200 8245
180.161.124.236 - - [02/May/2021:11:03:32 +0800] "GET /xingrg/all/common/auto_word.html?type=employee&rest_code=00102 HTTP/1.1" 200 189
180.161.124.236 - - [02/May/2021:11:03:32 +0800] "GET /xingrg/all/common/auto_word.html?type=employee&rest_code=00102 HTTP/1.1" 200 189
180.161.124.236 - - [02/May/2021:11:03:32 +0800] "GET /xingrg/javascript/easyui/themes/default/validatebox.css HTTP/1.1" 404 1104
101.85.52.2 - - [02/May/2021:11:03:32 +0800] "GET /xingrg/all/function/internal_message.html?_=1619924612593&CODE_STATE=getMsg HTTP/1.1" 200 27
101.85.52.2 - - [02/May/2021:11:03:32 +0800] "GET /xingrg/check_reg.html?_=1619924612595 HTTP/1.1" 200 22
180.161.124.236 - - [02/May/2021:11:03:33 +0800] "GET /xingrg/javascript/auto/indicator.gif HTTP/1.1" 404 1066
180.161.124.236 - - [02/May/2021:11:03:37 +0800] "GET /xingrg/all/function/internal_message.html?_=1619924902295&CODE_STATE=getMsg HTTP/1.1" 200 27
120.253.135.82 - - [02/May/2021:11:03:40 +0800] "GET /xingrg/check_reg.html?_=1619924400961 HTTP/1.1" 200 22
120.253.135.82 - - [02/May/2021:11:03:40 +0800] "GET /xingrg/all/function/internal_message.html?_=1619924401086&CODE_STATE=getMsg HTTP/1.1" 200 27
124.77.71.179 - - [02/May/2021:11:03:41 +0800] "GET /xingrg/kc/buy/cgsh_order_operate.html?command=get_materiel&rest_code=00107&code=00101006001&supplier_code=00100404&order_time=2021-05-02 HTTP/1.1" 200 426
116.230.110.80 - - [02/May/2021:11:03:45 +0800] "GET /xingrg/all/function/internal_message.html?_=1619924624695&CODE_STATE=getMsg HTTP/1.1" 200 27
120.253.135.82 - - [02/May/2021:11:03:48 +0800] "POST /xingrg/kc/buy/cgsh_order_operate.html HTTP/1.1" 200 37
120.253.135.82 - - [02/May/2021:11:03:49 +0800] "POST /xingrg/kc/buy/cgsh_order_operate.html HTTP/1.1" 200 2671
180.169.147.146 - - [02/May/2021:11:03:50 +0800] "GET /favicon.ico HTTP/1.1" 404 -
120.253.135.82 - - [02/May/2021:11:03:51 +0800] "GET /xingrg/kc/print/load_data.html?order_code=212021050200673&kc_code=cgsh&condition= HTTP/1.1" 200 735
180.161.124.236 - - [02/May/2021:11:03:53 +0800] "GET /xingrg/kc/buy/cgsh_order_operate.html?command=get_materiel&rest_code=00102&code=00101006019&supplier_code=00100096&order_time=2021-05-02 HTTP/1.1" 200 419
116.224.253.72 - - [02/May/2021:11:03:57 +0800] "GET /xingrg/all/function/internal_message.html?_=1619924636730&CODE_STATE=getMsg HTTP/1.1" 200 27
124.77.71.179 - - [02/May/2021:11:03:57 +0800] "POST /xingrg/kc/buy/cgsh_order_operate.html HTTP/1.1" 200 37
116.230.114.112 - - [02/May/2021:11:03:57 +0800] "POST /xingrg/kc/buy/cgsh_list_operate.html HTTP/1.1" 200 421
116.230.114.112 - - [02/May/2021:11:03:59 +0800] "GET /xingrg/kc/buy/cgsh_order_info.html?code=212021042811923 HTTP/1.1" 200 57265
116.230.114.112 - - [02/May/2021:11:03:59 +0800] "GET /xingrg/javascript/easyui/themes/default/validatebox.css HTTP/1.1" 404 1104
116.230.114.112 - - [02/May/2021:11:03:59 +0800] "POST /xingrg/kc/buy/cgsh_order_operate.html HTTP/1.1" 200 2380
124.77.71.179 - - [02/May/2021:11:04:00 +0800] "POST /xingrg/kc/buy/cgsh_order_operate.html HTTP/1.1" 200 2674
58.40.7.146 - - [02/May/2021:11:04:01 +0800] "GET /xingrg/all/function/internal_message.html?_=1619924640796&CODE_STATE=getMsg HTTP/1.1" 200 27
116.230.114.112 - - [02/May/2021:11:04:01 +0800] "GET /xingrg/all/function/internal_message.html?_=1619924643148&CODE_STATE=getMsg HTTP/1.1" 200 27
124.77.71.179 - - [02/May/2021:11:04:03 +0800] "GET /xingrg/kc/print/load_data.html?order_code=212021050200674&kc_code=cgsh&condition= HTTP/1.1" 200 703
172.20.0.100 - - [02/May/2021:11:04:04 +0800] "GET /xingrg/all/function/internal_message.html?_=1619924644695&CODE_STATE=getMsg HTTP/1.1" 200 27
61.165.42.208 - - [02/May/2021:11:04:08 +0800] "GET /xingrg/all/function/internal_message.html?_=1619924649749&CODE_STATE=getMsg HTTP/1.1" 200 27
114.88.160.164 - - [02/May/2021:11:04:08 +0800] "GET /xingrg/check_reg.html?_=1619924646602 HTTP/1.1" 200 22
180.161.124.236 - - [02/May/2021:11:04:09 +0800] "GET /xingrg/kc/buy/cgsh_order_operate.html?command=get_materiel&rest_code=00102&code=00101016104&supplier_code=00100096&order_time=2021-05-02 HTTP/1.1" 200 409
117.184.7.26 - - [02/May/2021:11:04:09 +0800] "GET /xingrg/all/function/internal_message.html?_=1619924649299&CODE_STATE=getMsg HTTP/1.1" 200 27
114.88.160.164 - - [02/May/2021:11:04:10 +0800] "GET /xingrg/all/function/internal_message.html?_=1619924648575&CODE_STATE=getMsg HTTP/1.1" 200 27
180.162.112.86 - - [02/May/2021:11:04:11 +0800] "GET /xingrg/check_reg.html?_=1619924395269 HTTP/1.1" 200 22
180.162.112.86 - - [02/May/2021:11:04:13 +0800] "GET /xingrg/all/function/internal_message.html?_=1619924396878&CODE_STATE=getMsg HTTP/1.1" 200 27
116.230.114.112 - - [02/May/2021:11:04:16 +0800] "POST /xingrg/kc/buy/cgsh_list_operate.html HTTP/1.1" 200 5439
124.77.71.179 - - [02/May/2021:11:04:16 +0800] "GET /xingrg/kc/buy/cgsh_order_add.html HTTP/1.1" 200 62445
124.77.71.179 - - [02/May/2021:11:04:17 +0800] "GET /xingrg/javascript/easyui/themes/default/validatebox.css HTTP/1.1" 404 1104
124.77.71.179 - - [02/May/2021:11:04:17 +0800] "POST /xingrg/kc/buy/cgsh_order_operate.html HTTP/1.1" 200 8245
116.230.114.112 - - [02/May/2021:11:04:19 +0800] "POST /xingrg/kc/buy/cgsh_list_operate.html HTTP/1.1" 200 576
124.77.71.179 - - [02/May/2021:11:04:19 +0800] "GET /xingrg/all/function/internal_message.html?_=1619924660774&CODE_STATE=getMsg HTTP/1.1" 200 27
180.169.147.146 - - [02/May/2021:11:04:20 +0800] "GET /xingrg/all/function/internal_message.html?_=1619924653013&CODE_STATE=getMsg HTTP/1.1" 200 27
116.230.114.112 - - [02/May/2021:11:04:21 +0800] "GET /xingrg/kc/buy/cgsh_order_info.html?code=212021042912411 HTTP/1.1" 200 57265
116.230.114.112 - - [02/May/2021:11:04:21 +0800] "GET /xingrg/javascript/easyui/themes/default/validatebox.css HTTP/1.1" 404 1104
116.230.114.112 - - [02/May/2021:11:04:21 +0800] "POST /xingrg/kc/buy/cgsh_order_operate.html HTTP/1.1" 200 5925
124.77.71.179 - - [02/May/2021:11:04:21 +0800] "GET /xingrg/javascript/easyui/themes/default/tree.css HTTP/1.1" 404 1090
124.77.71.179 - - [02/May/2021:11:04:22 +0800] "POST /xingrg/all/common/load_tree.html?tree=supplier_tree_json&isDelete=1 HTTP/1.1" 200 55318
117.185.32.26 - - [02/May/2021:11:04:22 +0800] "GET /xingrg/all/function/internal_message.html?_=1619924657391&CODE_STATE=getMsg HTTP/1.1" 200 27
180.161.124.236 - - [02/May/2021:11:04:22 +0800] "GET /xingrg/kc/buy/cgsh_order_operate.html?command=get_materiel&rest_code=00102&code=00101007049&supplier_code=00100096&order_time=2021-05-02 HTTP/1.1" 200 409
116.232.54.167 - - [02/May/2021:11:04:24 +0800] "GET /xingrg/all/function/internal_message.html?_=1619924665050&CODE_STATE=getMsg HTTP/1.1" 200 27
116.232.54.167 - - [02/May/2021:11:04:24 +0800] "GET /xingrg/check_reg.html?_=1619924665050 HTTP/1.1" 200 22
101.85.52.2 - - [02/May/2021:11:04:32 +0800] "GET /xingrg/all/function/internal_message.html?_=1619924672583&CODE_STATE=getMsg HTTP/1.1" 200 27
180.161.124.236 - - [02/May/2021:11:04:34 +0800] "GET /xingrg/kc/buy/cgsh_order_operate.html?command=get_materiel&rest_code=00102&code=00101007034&supplier_code=00100096&order_time=2021-05-02 HTTP/1.1" 200 408
180.161.124.236 - - [02/May/2021:11:04:37 +0800] "GET /xingrg/check_reg.html?_=1619924962192 HTTP/1.1" 200 22
180.161.124.236 - - [02/May/2021:11:04:37 +0800] "GET /xingrg/all/function/internal_message.html?_=1619924962309&CODE_STATE=getMsg HTTP/1.1" 200 27
116.230.114.112 - - [02/May/2021:11:04:38 +0800] "POST /xingrg/kc/buy/cgsh_list_operate.html HTTP/1.1" 200 5439
61.165.42.208 - - [02/May/2021:11:04:38 +0800] "GET /xingrg/kc/buy/cgsh_order_add.html HTTP/1.1" 200 62404
61.165.42.208 - - [02/May/2021:11:04:39 +0800] "POST /xingrg/kc/buy/cgsh_order_operate.html HTTP/1.1" 200 8245
61.165.42.208 - - [02/May/2021:11:04:39 +0800] "GET /xingrg/javascript/easyui/themes/default/validatebox.css HTTP/1.1" 404 1104
124.77.71.179 - - [02/May/2021:11:04:39 +0800] "GET /xingrg/kc/buy/cgsh_order_operate.html?command=get_materiel&rest_code=00107&code=00101020012&supplier_code=00100337&order_time=2021-05-02 HTTP/1.1" 200 414
120.253.135.82 - - [02/May/2021:11:04:40 +0800] "GET /xingrg/all/function/internal_message.html?_=1619924461099&CODE_STATE=getMsg HTTP/1.1" 200 27
116.230.110.80 - - [02/May/2021:11:04:45 +0800] "GET /xingrg/all/function/internal_message.html?_=1619924684681&CODE_STATE=getMsg HTTP/1.1" 200 27
180.169.147.146 - - [02/May/2021:11:04:45 +0800] "GET /xingrg/check_reg.html?_=1619924678113 HTTP/1.1" 200 22
124.77.71.179 - - [02/May/2021:11:04:53 +0800] "GET /xingrg/kc/buy/cgsh_order_operate.html?command=get_materiel&rest_code=00107&code=00101019057&supplier_code=00100337&order_time=2021-05-02 HTTP/1.1" 200 421
180.161.124.236 - - [02/May/2021:11:04:56 +0800] "GET /xingrg/kc/buy/cgsh_order_operate.html?command=get_materiel&rest_code=00102&code=00101006129&supplier_code=00100096&order_time=2021-05-02 HTTP/1.1" 200 431
116.224.253.72 - - [02/May/2021:11:04:57 +0800] "GET /xingrg/all/function/internal_message.html?_=1619924696741&CODE_STATE=getMsg HTTP/1.1" 200 27
58.40.7.146 - - [02/May/2021:11:05:01 +0800] "GET /xingrg/all/function/internal_message.html?_=1619924700767&CODE_STATE=getMsg HTTP/1.1" 200 27
116.230.114.112 - - [02/May/2021:11:05:01 +0800] "GET /xingrg/check_reg.html?_=1619924703335 HTTP/1.1" 200 22
116.230.114.112 - - [02/May/2021:11:05:01 +0800] "GET /xingrg/all/function/internal_message.html?_=1619924703336&CODE_STATE=getMsg HTTP/1.1" 200 27
61.165.42.208 - - [02/May/2021:11:05:02 +0800] "GET /xingrg/kc/buy/cgsh_order_operate.html?command=get_materiel&rest_code=00105&code=00101020272&supplier_code=00100322&order_time=2021-05-02 HTTP/1.1" 200 414
124.77.71.179 - - [02/May/2021:11:05:02 +0800] "GET /xingrg/kc/buy/cgsh_order_operate.html?command=get_materiel&rest_code=00107&code=00101013172&supplier_code=00100337&order_time=2021-05-02 HTTP/1.1" 200 409
172.20.0.100 - - [02/May/2021:11:05:04 +0800] "GET /xingrg/check_reg.html?_=1619924704682 HTTP/1.1" 200 22
172.20.0.100 - - [02/May/2021:11:05:04 +0800] "GET /xingrg/all/function/internal_message.html?_=1619924704683&CODE_STATE=getMsg HTTP/1.1" 200 27
61.165.42.208 - - [02/May/2021:11:05:08 +0800] "GET /xingrg/all/function/internal_message.html?_=1619924709744&CODE_STATE=getMsg HTTP/1.1" 200 27
117.184.7.26 - - [02/May/2021:11:05:09 +0800] "GET /xingrg/check_reg.html?_=1619924709300 HTTP/1.1" 200 22
117.184.7.30 - - [02/May/2021:11:05:09 +0800] "GET /xingrg/all/function/internal_message.html?_=1619924709329&CODE_STATE=getMsg HTTP/1.1" 200 27
114.88.160.164 - - [02/May/2021:11:05:10 +0800] "GET /xingrg/all/function/internal_message.html?_=1619924708588&CODE_STATE=getMsg HTTP/1.1" 200 27
124.77.71.179 - - [02/May/2021:11:05:11 +0800] "POST /xingrg/kc/buy/cgsh_order_operate.html HTTP/1.1" 200 37
180.162.112.86 - - [02/May/2021:11:05:12 +0800] "GET /xingrg/all/function/internal_message.html?_=1619924456851&CODE_STATE=getMsg HTTP/1.1" 200 27
124.77.71.179 - - [02/May/2021:11:05:14 +0800] "POST /xingrg/kc/buy/cgsh_order_operate.html HTTP/1.1" 200 3844
61.165.42.208 - - [02/May/2021:11:05:15 +0800] "GET /xingrg/kc/buy/cgsh_order_operate.html?command=get_materiel&rest_code=00105&code=00101010534&supplier_code=00100322&order_time=2021-05-02 HTTP/1.1" 200 428
180.161.124.236 - - [02/May/2021:11:05:16 +0800] "GET /xingrg/kc/buy/cgsh_order_operate.html?command=get_materiel&rest_code=00102&code=00101006112&supplier_code=00100096&order_time=2021-05-02 HTTP/1.1" 200 411
124.77.71.179 - - [02/May/2021:11:05:17 +0800] "GET /xingrg/kc/print/load_data.html?order_code=212021050200675&kc_code=cgsh&condition= HTTP/1.1" 200 1129
124.77.71.179 - - [02/May/2021:11:05:19 +0800] "GET /xingrg/all/function/internal_message.html?_=1619924720766&CODE_STATE=getMsg HTTP/1.1" 200 27
180.169.147.146 - - [02/May/2021:11:05:20 +0800] "GET /xingrg/all/function/internal_message.html?_=1619924712991&CODE_STATE=getMsg HTTP/1.1" 200 27
117.185.32.26 - - [02/May/2021:11:05:22 +0800] "GET /xingrg/all/function/internal_message.html?_=1619924717391&CODE_STATE=getMsg HTTP/1.1" 200 27
117.185.32.26 - - [02/May/2021:11:05:22 +0800] "GET /xingrg/check_reg.html?_=1619924717393 HTTP/1.1" 200 22
124.77.71.179 - - [02/May/2021:11:05:23 +0800] "GET /xingrg/kc/buy/cgsh_order_add.html HTTP/1.1" 200 62445
124.77.71.179 - - [02/May/2021:11:05:24 +0800] "GET /xingrg/javascript/easyui/themes/default/validatebox.css HTTP/1.1" 404 1104
124.77.71.179 - - [02/May/2021:11:05:24 +0800] "POST /xingrg/kc/buy/cgsh_order_operate.html HTTP/1.1" 200 8245
116.232.54.167 - - [02/May/2021:11:05:24 +0800] "GET /xingrg/all/function/internal_message.html?_=1619924725052&CODE_STATE=getMsg HTTP/1.1" 200 27
61.165.42.208 - - [02/May/2021:11:05:25 +0800] "POST /xingrg/kc/buy/cgsh_order_operate.html HTTP/1.1" 200 37
124.77.71.179 - - [02/May/2021:11:05:27 +0800] "GET /xingrg/javascript/easyui/themes/default/tree.css HTTP/1.1" 404 1090
124.77.71.179 - - [02/May/2021:11:05:27 +0800] "POST /xingrg/all/common/load_tree.html?tree=supplier_tree_json&isDelete=1 HTTP/1.1" 200 55318
61.165.42.208 - - [02/May/2021:11:05:27 +0800] "POST /xingrg/kc/buy/cgsh_order_operate.html HTTP/1.1" 200 3281
180.161.124.236 - - [02/May/2021:11:05:28 +0800] "GET /xingrg/kc/buy/cgsh_order_operate.html?command=get_materiel&rest_code=00102&code=00101006115&supplier_code=00100096&order_time=2021-05-02 HTTP/1.1" 200 410
61.165.42.208 - - [02/May/2021:11:05:29 +0800] "GET /xingrg/kc/print/load_data.html?order_code=212021050200676&kc_code=cgsh&condition= HTTP/1.1" 200 925
101.85.52.2 - - [02/May/2021:11:05:32 +0800] "GET /xingrg/all/function/internal_message.html?_=1619924732596&CODE_STATE=getMsg HTTP/1.1" 200 27
61.165.42.208 - - [02/May/2021:11:05:35 +0800] "GET /xingrg/kc/buy/cgsh_order_add.html HTTP/1.1" 200 62404
61.165.42.208 - - [02/May/2021:11:05:36 +0800] "POST /xingrg/kc/buy/cgsh_order_operate.html HTTP/1.1" 200 8245
61.165.42.208 - - [02/May/2021:11:05:36 +0800] "GET /xingrg/javascript/easyui/themes/default/validatebox.css HTTP/1.1" 404 1104
180.161.124.236 - - [02/May/2021:11:05:37 +0800] "GET /xingrg/all/function/internal_message.html?_=1619925022457&CODE_STATE=getMsg HTTP/1.1" 200 27
180.161.124.236 - - [02/May/2021:11:05:40 +0800] "GET /xingrg/kc/buy/cgsh_order_operate.html?command=get_materiel&rest_code=00102&code=00101012029&supplier_code=00100096&order_time=2021-05-02 HTTP/1.1" 200 414
120.253.135.82 - - [02/May/2021:11:05:40 +0800] "GET /xingrg/all/function/internal_message.html?_=1619924521113&CODE_STATE=getMsg HTTP/1.1" 200 27
124.77.71.179 - - [02/May/2021:11:05:42 +0800] "GET /xingrg/kc/buy/cgsh_order_operate.html?command=get_materiel&rest_code=00107&code=00101001115&supplier_code=00100089&order_time=2021-05-02 HTTP/1.1" 200 413
61.165.42.208 - - [02/May/2021:11:05:44 +0800] "GET /xingrg/kc/buy/cgsh_order_operate.html?command=get_materiel&rest_code=00105&code=00101003035&supplier_code=00100092&order_time=2021-05-02 HTTP/1.1" 200 411
116.230.110.80 - - [02/May/2021:11:05:45 +0800] "GET /xingrg/all/function/internal_message.html?_=1619924744656&CODE_STATE=getMsg HTTP/1.1" 200 27
114.88.160.164 - - [02/May/2021:11:05:45 +0800] "GET /xingrg/kc/buy/cgsh_order_operate.html?command=get_materiel&rest_code=00111&code=00101019470&supplier_code=00100037&order_time=2021-05-02 HTTP/1.1" 200 408
116.230.110.80 - - [02/May/2021:11:05:46 +0800] "GET /xingrg/check_reg.html?_=1619924745986 HTTP/1.1" 200 22
114.88.160.164 - - [02/May/2021:11:05:52 +0800] "POST /xingrg/kc/buy/cgsh_order_operate.html HTTP/1.1" 200 2065
124.77.71.179 - - [02/May/2021:11:05:54 +0800] "POST /xingrg/kc/buy/cgsh_order_operate.html HTTP/1.1" 200 37
116.224.253.72 - - [02/May/2021:11:05:56 +0800] "GET /xingrg/check_reg.html?_=1619924756447 HTTP/1.1" 200 22
116.224.253.72 - - [02/May/2021:11:05:57 +0800] "GET /xingrg/all/function/internal_message.html?_=1619924756753&CODE_STATE=getMsg HTTP/1.1" 200 27
58.40.7.146 - - [02/May/2021:11:06:01 +0800] "GET /xingrg/all/function/internal_message.html?_=1619924760755&CODE_STATE=getMsg HTTP/1.1" 200 27
58.40.7.146 - - [02/May/2021:11:06:01 +0800] "GET /xingrg/check_reg.html?_=1619924761211 HTTP/1.1" 200 22
116.230.114.112 - - [02/May/2021:11:06:01 +0800] "GET /xingrg/all/function/internal_message.html?_=1619924763346&CODE_STATE=getMsg HTTP/1.1" 200 27
124.77.71.179 - - [02/May/2021:11:06:03 +0800] "POST /xingrg/kc/buy/cgsh_order_operate.html HTTP/1.1" 200 2065
172.20.0.100 - - [02/May/2021:11:06:04 +0800] "GET /xingrg/all/function/internal_message.html?_=1619924764685&CODE_STATE=getMsg HTTP/1.1" 200 27
61.165.42.208 - - [02/May/2021:11:06:07 +0800] "POST /xingrg/kc/buy/cgsh_order_operate.html HTTP/1.1" 200 37
120.253.135.82 - - [02/May/2021:11:06:07 +0800] "POST /xingrg/kc/buy/cgsh_order_operate.html HTTP/1.1" 200 223
124.77.71.179 - - [02/May/2021:11:06:07 +0800] "GET /xingrg/kc/print/load_data.html?order_code=212021050200677&kc_code=cgsh&condition= HTTP/1.1" 200 742
117.184.7.30 - - [02/May/2021:11:06:09 +0800] "GET /xingrg/all/function/internal_message.html?_=1619924769314&CODE_STATE=getMsg HTTP/1.1" 200 27
114.88.160.164 - - [02/May/2021:11:06:10 +0800] "POST /xingrg/kc/buy/cgsh_order_operate.html HTTP/1.1" 200 37
61.165.42.208 - - [02/May/2021:11:06:10 +0800] "POST /xingrg/kc/buy/cgsh_order_operate.html HTTP/1.1" 200 2660
180.161.124.236 - - [02/May/2021:11:06:10 +0800] "GET /xingrg/kc/buy/cgsh_order_operate.html?command=get_materiel&rest_code=00102&code=00101007076&supplier_code=00100096&order_time=2021-05-02 HTTP/1.1" 200 410
61.165.42.208 - - [02/May/2021:11:06:11 +0800] "GET /xingrg/kc/print/load_data.html?order_code=212021050200678&kc_code=cgsh&condition= HTTP/1.1" 200 728
180.162.112.86 - - [02/May/2021:11:06:12 +0800] "GET /xingrg/all/function/internal_message.html?_=1619924516836&CODE_STATE=getMsg HTTP/1.1" 200 27
114.88.160.164 - - [02/May/2021:11:06:14 +0800] "POST /xingrg/kc/buy/cgsh_order_operate.html HTTP/1.1" 200 17475
61.165.42.208 - - [02/May/2021:11:06:15 +0800] "GET /xingrg/kc/buy/cgsh_order_add.html HTTP/1.1" 200 62404
61.165.42.208 - - [02/May/2021:11:06:15 +0800] "POST /xingrg/kc/buy/cgsh_order_operate.html HTTP/1.1" 200 8245
61.165.42.208 - - [02/May/2021:11:06:15 +0800] "GET /xingrg/javascript/easyui/themes/default/validatebox.css HTTP/1.1" 404 1104
124.77.71.179 - - [02/May/2021:11:06:15 +0800] "GET /xingrg/kc/buy/buy_main.html HTTP/1.1" 200 12412
124.77.71.179 - - [02/May/2021:11:06:16 +0800] "GET /xingrg/css/new_ie.css HTTP/1.1" 404 1036
124.77.71.179 - - [02/May/2021:11:06:16 +0800] "GET /xingrg/images/yd/bt.gif HTTP/1.1" 404 1040
124.77.71.179 - - [02/May/2021:11:06:17 +0800] "GET /xingrg/kc/buy/cgsh_order_list.html HTTP/1.1" 200 46625
114.88.160.164 - - [02/May/2021:11:06:18 +0800] "GET /xingrg/all/function/internal_message.html?_=1619924775967&CODE_STATE=getMsg HTTP/1.1" 200 27
124.77.71.179 - - [02/May/2021:11:06:18 +0800] "GET /xingrg/check_reg.html?_=1619924779296 HTTP/1.1" 200 22
114.88.160.164 - - [02/May/2021:11:06:19 +0800] "GET /xingrg/kc/print/load_data.html?order_code=212021050200571&kc_code=cgsh&condition= HTTP/1.1" 200 6328
124.77.71.179 - - [02/May/2021:11:06:19 +0800] "GET /xingrg/all/function/internal_message.html?_=1619924780745&CODE_STATE=getMsg HTTP/1.1" 200 27
180.169.147.146 - - [02/May/2021:11:06:20 +0800] "GET /xingrg/all/function/internal_message.html?_=1619924772990&CODE_STATE=getMsg HTTP/1.1" 200 27
183.192.164.97 - - [02/May/2021:11:06:21 +0800] "GET /xingrg/check_reg.html?_=1619924717393 HTTP/1.1" 302 -
183.192.164.71 - - [02/May/2021:11:06:21 +0800] "GET /xingrg/all/function/internal_message.html?_=1619924717391&CODE_STATE=getMsg HTTP/1.1" 302 -
183.192.164.97 - - [02/May/2021:11:06:21 +0800] "GET /xingrg/login.html HTTP/1.1" 200 7641
117.185.32.26 - - [02/May/2021:11:06:22 +0800] "GET /xingrg/all/function/internal_message.html?_=1619924777391&CODE_STATE=getMsg HTTP/1.1" 200 27
120.253.135.82 - - [02/May/2021:11:06:23 +0800] "POST /xingrg/kc/buy/cgsh_order_operate.html HTTP/1.1" 200 37
183.192.164.71 - - [02/May/2021:11:06:23 +0800] "GET /xingrg/login.html HTTP/1.1" 200 7641
116.232.54.167 - - [02/May/2021:11:06:24 +0800] "GET /xingrg/all/function/internal_message.html?_=1619924785059&CODE_STATE=getMsg HTTP/1.1" 200 27
61.165.42.208 - - [02/May/2021:11:06:25 +0800] "GET /xingrg/kc/buy/cgsh_order_operate.html?command=get_materiel&rest_code=00105&code=00101007032&supplier_code=00100328&order_time=2021-05-02 HTTP/1.1" 200 413
120.253.135.82 - - [02/May/2021:11:06:25 +0800] "POST /xingrg/kc/buy/cgsh_order_operate.html HTTP/1.1" 200 2671
120.253.135.82 - - [02/May/2021:11:06:32 +0800] "POST /xingrg/kc/buy/cgsh_order_operate.html HTTP/1.1" 200 37
101.85.52.2 - - [02/May/2021:11:06:32 +0800] "GET /xingrg/all/function/internal_message.html?_=1619924792594&CODE_STATE=getMsg HTTP/1.1" 200 27
124.77.71.179 - - [02/May/2021:11:06:34 +0800] "GET /xingrg/kc/buy/buy_main.html HTTP/1.1" 200 12412
124.77.71.179 - - [02/May/2021:11:06:34 +0800] "GET /xingrg/css/new_ie.css HTTP/1.1" 404 1036
124.77.71.179 - - [02/May/2021:11:06:36 +0800] "GET /xingrg/images/yd/bt.gif HTTP/1.1" 404 1040
124.77.71.179 - - [02/May/2021:11:06:36 +0800] "GET /xingrg/kc/buy/cgsh_order_list.html HTTP/1.1" 200 46625
180.161.124.236 - - [02/May/2021:11:06:37 +0800] "GET /xingrg/all/function/internal_message.html?_=1619925082461&CODE_STATE=getMsg HTTP/1.1" 200 27
124.77.71.179 - - [02/May/2021:11:06:38 +0800] "POST /xingrg/kc/buy/cgsh_list_operate.html HTTP/1.1" 200 3603
61.165.42.208 - - [02/May/2021:11:06:38 +0800] "GET /xingrg/kc/buy/cgsh_order_operate.html?command=get_materiel&rest_code=00105&code=00101007077&supplier_code=00100328&order_time=2021-05-02 HTTP/1.1" 200 415
120.253.135.82 - - [02/May/2021:11:06:40 +0800] "POST /xingrg/kc/buy/cgsh_order_operate.html HTTP/1.1" 200 12
120.253.135.82 - - [02/May/2021:11:06:41 +0800] "GET /xingrg/kc/buy/cgsh_order_info.html?code=212021050200673 HTTP/1.1" 200 56320
120.253.135.82 - - [02/May/2021:11:06:42 +0800] "GET /xingrg/all/function/internal_message.html?_=1619924582547&CODE_STATE=getMsg HTTP/1.1" 200 27
120.253.135.82 - - [02/May/2021:11:06:42 +0800] "GET /xingrg/javascript/easyui/themes/default/validatebox.css HTTP/1.1" 404 1104
120.253.135.82 - - [02/May/2021:11:06:43 +0800] "POST /xingrg/kc/buy/cgsh_order_operate.html HTTP/1.1" 200 621
116.224.253.72 - - [02/May/2021:11:06:45 +0800] "GET /xingrg/kc/buy/cgsh_order_list.html HTTP/1.1" 200 46623
116.230.110.80 - - [02/May/2021:11:06:45 +0800] "GET /xingrg/all/function/internal_message.html?_=1619924804629&CODE_STATE=getMsg HTTP/1.1" 200 27
124.77.71.179 - - [02/May/2021:11:06:45 +0800] "POST /xingrg/kc/buy/cgsh_list_operate.html HTTP/1.1" 200 5126
124.77.71.179 - - [02/May/2021:11:06:46 +0800] "GET /xingrg/kc/buy/buy_main.html HTTP/1.1" 200 12412
124.77.71.179 - - [02/May/2021:11:06:46 +0800] "GET /xingrg/css/new_ie.css HTTP/1.1" 404 1036
61.165.42.208 - - [02/May/2021:11:06:47 +0800] "POST /xingrg/kc/buy/cgsh_order_operate.html HTTP/1.1" 200 37
124.77.71.179 - - [02/May/2021:11:06:47 +0800] "GET /xingrg/images/yd/bt.gif HTTP/1.1" 404 1040
116.224.253.72 - - [02/May/2021:11:06:47 +0800] "POST /xingrg/kc/buy/cgsh_list_operate.html HTTP/1.1" 200 876
124.77.71.179 - - [02/May/2021:11:06:47 +0800] "GET /xingrg/kc/buy/cgsh_order_list.html HTTP/1.1" 200 46625
61.165.42.208 - - [02/May/2021:11:06:48 +0800] "POST /xingrg/kc/buy/cgsh_order_operate.html HTTP/1.1" 200 3254
61.165.42.208 - - [02/May/2021:11:06:49 +0800] "GET /xingrg/kc/print/load_data.html?order_code=212021050200679&kc_code=cgsh&condition= HTTP/1.1" 200 913
116.224.253.72 - - [02/May/2021:11:06:49 +0800] "GET /xingrg/kc/buy/cgsh_order_add.html HTTP/1.1" 200 62011
116.224.253.72 - - [02/May/2021:11:06:50 +0800] "POST /xingrg/kc/buy/cgsh_order_operate.html HTTP/1.1" 200 8245
116.224.253.72 - - [02/May/2021:11:06:50 +0800] "GET /xingrg/javascript/easyui/themes/default/validatebox.css HTTP/1.1" 404 1104
116.224.253.72 - - [02/May/2021:11:06:56 +0800] "GET /xingrg/javascript/auto/indicator.gif HTTP/1.1" 404 1066
116.224.253.72 - - [02/May/2021:11:06:57 +0800] "GET /xingrg/all/function/internal_message.html?_=1619924816768&CODE_STATE=getMsg HTTP/1.1" 200 27
58.40.7.146 - - [02/May/2021:11:07:01 +0800] "GET /xingrg/all/function/internal_message.html?_=1619924820729&CODE_STATE=getMsg HTTP/1.1" 200 27
124.77.71.179 - - [02/May/2021:11:07:01 +0800] "POST /xingrg/kc/buy/cgsh_list_operate.html HTTP/1.1" 200 5126
116.230.114.112 - - [02/May/2021:11:07:01 +0800] "GET /xingrg/all/function/internal_message.html?_=1619924823360&CODE_STATE=getMsg HTTP/1.1" 200 27
172.20.0.100 - - [02/May/2021:11:07:04 +0800] "GET /xingrg/all/function/internal_message.html?_=1619924824687&CODE_STATE=getMsg HTTP/1.1" 200 27
124.77.71.179 - - [02/May/2021:11:07:07 +0800] "POST /xingrg/kc/buy/cgsh_list_operate.html HTTP/1.1" 200 5126
61.165.42.208 - - [02/May/2021:11:07:08 +0800] "GET /xingrg/all/function/internal_message.html?_=1619924829754&CODE_STATE=getMsg HTTP/1.1" 200 27
180.161.124.236 - - [02/May/2021:11:07:08 +0800] "GET /xingrg/kc/buy/cgsh_order_operate.html?command=get_materiel&rest_code=00102&code=00101006109&supplier_code=00100096&order_time=2021-05-02 HTTP/1.1" 200 409
117.184.7.30 - - [02/May/2021:11:07:09 +0800] "GET /xingrg/all/function/internal_message.html?_=1619924829298&CODE_STATE=getMsg HTTP/1.1" 200 27
116.224.253.72 - - [02/May/2021:11:07:11 +0800] "GET /xingrg/kc/buy/cgsh_order_operate.html?command=get_materiel&rest_code=00151&code=00101010055&supplier_code=00100097&order_time=2021-05-02 HTTP/1.1" 200 417
180.162.112.86 - - [02/May/2021:11:07:12 +0800] "GET /xingrg/all/function/internal_message.html?_=1619924576813&CODE_STATE=getMsg HTTP/1.1" 200 27
124.77.71.179 - - [02/May/2021:11:07:14 +0800] "GET /xingrg/kc/buy/cgsh_order_add.html HTTP/1.1" 200 62445
124.77.71.179 - - [02/May/2021:11:07:14 +0800] "GET /xingrg/words/20210501105541_words.js HTTP/1.1" 304 -
124.77.71.179 - - [02/May/2021:11:07:15 +0800] "POST /xingrg/kc/buy/cgsh_order_operate.html HTTP/1.1" 200 8245
61.165.42.208 - - [02/May/2021:11:07:15 +0800] "GET /xingrg/kc/buy/cgsh_order_add.html HTTP/1.1" 200 62404
124.77.71.179 - - [02/May/2021:11:07:15 +0800] "GET /xingrg/javascript/easyui/themes/default/validatebox.css HTTP/1.1" 404 1104
61.165.42.208 - - [02/May/2021:11:07:15 +0800] "POST /xingrg/kc/buy/cgsh_order_operate.html HTTP/1.1" 200 8245
61.165.42.208 - - [02/May/2021:11:07:15 +0800] "GET /xingrg/javascript/easyui/themes/default/validatebox.css HTTP/1.1" 404 1104
114.88.160.164 - - [02/May/2021:11:07:18 +0800] "GET /xingrg/all/function/internal_message.html?_=1619924836258&CODE_STATE=getMsg HTTP/1.1" 200 27
124.77.71.179 - - [02/May/2021:11:07:19 +0800] "GET /xingrg/all/function/internal_message.html?_=1619924840724&CODE_STATE=getMsg HTTP/1.1" 200 27
116.224.253.72 - - [02/May/2021:11:07:20 +0800] "GET /xingrg/kc/buy/cgsh_order_operate.html?command=get_materiel&rest_code=00151&code=00101010054&supplier_code=00100097&order_time=2021-05-02 HTTP/1.1" 200 416
180.169.147.146 - - [02/May/2021:11:07:20 +0800] "GET /xingrg/all/function/internal_message.html?_=1619924832960&CODE_STATE=getMsg HTTP/1.1" 200 27
117.185.32.26 - - [02/May/2021:11:07:22 +0800] "GET /xingrg/all/function/internal_message.html?_=1619924837393&CODE_STATE=getMsg HTTP/1.1" 200 27
116.232.54.167 - - [02/May/2021:11:07:24 +0800] "GET /xingrg/all/function/internal_message.html?_=1619924845058&CODE_STATE=getMsg HTTP/1.1" 200 27
61.165.42.208 - - [02/May/2021:11:07:24 +0800] "GET /xingrg/kc/buy/cgsh_order_operate.html?command=get_materiel&rest_code=00105&code=00101010079&supplier_code=00100336&order_time=2021-05-02 HTTP/1.1" 200 413
183.192.164.71 - - [02/May/2021:11:07:25 +0800] "GET /xingrg/all/function/internal_message.html?_=1619924777391&CODE_STATE=getMsg HTTP/1.1" 302 -
183.192.164.71 - - [02/May/2021:11:07:30 +0800] "GET /xingrg/login.html HTTP/1.1" 200 7641
101.85.52.2 - - [02/May/2021:11:07:32 +0800] "GET /xingrg/all/function/internal_message.html?_=1619924852591&CODE_STATE=getMsg HTTP/1.1" 200 27
61.165.42.208 - - [02/May/2021:11:07:33 +0800] "POST /xingrg/kc/buy/cgsh_order_operate.html HTTP/1.1" 200 37
116.224.253.72 - - [02/May/2021:11:07:35 +0800] "POST /xingrg/kc/buy/cgsh_order_operate.html HTTP/1.1" 200 37
61.165.42.208 - - [02/May/2021:11:07:35 +0800] "POST /xingrg/kc/buy/cgsh_order_operate.html HTTP/1.1" 200 2658
124.77.71.179 - - [02/May/2021:11:07:36 +0800] "GET /xingrg/javascript/easyui/themes/default/tree.css HTTP/1.1" 404 1090
124.77.71.179 - - [02/May/2021:11:07:36 +0800] "POST /xingrg/all/common/load_tree.html?tree=supplier_tree_json&isDelete=1 HTTP/1.1" 200 55318
180.161.124.236 - - [02/May/2021:11:07:37 +0800] "GET /xingrg/all/function/internal_message.html?_=1619925142475&CODE_STATE=getMsg HTTP/1.1" 200 27
61.165.42.208 - - [02/May/2021:11:07:37 +0800] "GET /xingrg/kc/print/load_data.html?order_code=212021050200680&kc_code=cgsh&condition= HTTP/1.1" 200 671
116.224.253.72 - - [02/May/2021:11:07:38 +0800] "POST /xingrg/kc/buy/cgsh_order_operate.html HTTP/1.1" 200 12
116.224.253.72 - - [02/May/2021:11:07:39 +0800] "GET /xingrg/kc/buy/cgsh_order_info.html?code=212021050200681 HTTP/1.1" 200 56909
116.224.253.72 - - [02/May/2021:11:07:39 +0800] "GET /xingrg/javascript/easyui/themes/default/validatebox.css HTTP/1.1" 404 1104
116.224.253.72 - - [02/May/2021:11:07:39 +0800] "POST /xingrg/kc/buy/cgsh_order_operate.html HTTP/1.1" 200 1219
61.165.42.208 - - [02/May/2021:11:07:40 +0800] "GET /xingrg/kc/buy/cgsh_order_add.html HTTP/1.1" 200 62404
116.224.253.72 - - [02/May/2021:11:07:41 +0800] "GET /xingrg/kc/print/load_data.html?order_code=212021050200681&kc_code=cgsh&condition= HTTP/1.1" 200 960
61.165.42.208 - - [02/May/2021:11:07:41 +0800] "POST /xingrg/kc/buy/cgsh_order_operate.html HTTP/1.1" 200 8245
61.165.42.208 - - [02/May/2021:11:07:41 +0800] "GET /xingrg/javascript/easyui/themes/default/validatebox.css HTTP/1.1" 404 1104
180.161.124.236 - - [02/May/2021:11:07:41 +0800] "GET /xingrg/kc/buy/cgsh_order_operate.html?command=get_materiel&rest_code=00102&code=00101006177&supplier_code=00100096&order_time=2021-05-02 HTTP/1.1" 200 411
120.253.135.82 - - [02/May/2021:11:07:42 +0800] "GET /xingrg/all/function/internal_message.html?_=1619924642607&CODE_STATE=getMsg HTTP/1.1" 200 27
116.230.110.80 - - [02/May/2021:11:07:45 +0800] "GET /xingrg/all/function/internal_message.html?_=1619924864615&CODE_STATE=getMsg HTTP/1.1" 200 27
116.224.253.72 - - [02/May/2021:11:07:49 +0800] "GET /xingrg/kc/buy/cgsh_order_add.html HTTP/1.1" 200 62011
116.224.253.72 - - [02/May/2021:11:07:49 +0800] "POST /xingrg/kc/buy/cgsh_order_operate.html HTTP/1.1" 200 8245
116.224.253.72 - - [02/May/2021:11:07:49 +0800] "GET /xingrg/javascript/easyui/themes/default/validatebox.css HTTP/1.1" 404 1104
61.165.42.208 - - [02/May/2021:11:07:50 +0800] "GET /xingrg/kc/buy/cgsh_order_operate.html?command=get_materiel&rest_code=00105&code=00101004079&supplier_code=00100312&order_time=2021-05-02 HTTP/1.1" 200 399
120.253.135.82 - - [02/May/2021:11:07:54 +0800] "GET /xingrg/javascript/jquery_tools/images/prev.gif HTTP/1.1" 404 1086
120.253.135.82 - - [02/May/2021:11:07:54 +0800] "GET /xingrg/javascript/jquery_tools/images/next.gif HTTP/1.1" 404 1086
124.77.71.179 - - [02/May/2021:11:07:56 +0800] "GET /xingrg/javascript/auto/indicator.gif HTTP/1.1" 404 1066
116.224.253.72 - - [02/May/2021:11:07:57 +0800] "GET /xingrg/all/function/internal_message.html?_=1619924876780&CODE_STATE=getMsg HTTP/1.1" 200 27
58.40.7.146 - - [02/May/2021:11:08:00 +0800] "GET /xingrg/all/function/internal_message.html?_=1619924880702&CODE_STATE=getMsg HTTP/1.1" 200 27
180.161.124.236 - - [02/May/2021:11:08:01 +0800] "GET /xingrg/kc/buy/cgsh_order_operate.html?command=get_materiel&rest_code=00102&code=00101016038&supplier_code=00100096&order_time=2021-05-02 HTTP/1.1" 200 408
61.165.42.208 - - [02/May/2021:11:08:01 +0800] "GET /xingrg/kc/buy/cgsh_order_operate.html?command=get_materiel&rest_code=00105&code=00101004050&supplier_code=00100312&order_time=2021-05-02 HTTP/1.1" 200 409
124.77.71.179 - - [02/May/2021:11:08:02 +0800] "GET /xingrg/kc/buy/cgsh_order_operate.html?command=get_materiel&rest_code=00107&code=00101004011&supplier_code=00100086&order_time=2021-05-02 HTTP/1.1" 200 413
116.230.114.112 - - [02/May/2021:11:08:02 +0800] "GET /xingrg/all/function/internal_message.html?_=1619924883573&CODE_STATE=getMsg HTTP/1.1" 200 27
172.20.0.100 - - [02/May/2021:11:08:04 +0800] "GET /xingrg/all/function/internal_message.html?_=1619924884689&CODE_STATE=getMsg HTTP/1.1" 200 27
116.224.253.72 - - [02/May/2021:11:08:04 +0800] "GET /xingrg/kc/buy/cgsh_order_operate.html?command=get_materiel&rest_code=00151&code=00101029060&supplier_code=00100097&order_time=2021-05-02 HTTP/1.1" 200 427
120.253.135.82 - - [02/May/2021:11:08:06 +0800] "POST /xingrg/kc/buy/cgsh_list_operate.html HTTP/1.1" 200 876
120.253.135.82 - - [02/May/2021:11:08:06 +0800] "POST /xingrg/kc/buy/cgsh_list_operate.html HTTP/1.1" 200 876
116.224.253.72 - - [02/May/2021:11:08:06 +0800] "POST /xingrg/all/common/load_select.html HTTP/1.1" 200 25
61.165.42.208 - - [02/May/2021:11:08:08 +0800] "GET /xingrg/check_reg.html?_=1619924889733 HTTP/1.1" 200 22
61.165.42.208 - - [02/May/2021:11:08:08 +0800] "GET /xingrg/all/function/internal_message.html?_=1619924889734&CODE_STATE=getMsg HTTP/1.1" 200 27
120.253.135.82 - - [02/May/2021:11:08:09 +0800] "GET /xingrg/kc/buy/cgth_order_list.html HTTP/1.1" 200 46022
120.253.135.82 - - [02/May/2021:11:08:09 +0800] "POST /xingrg/kc/buy/cgth_list_operate.html HTTP/1.1" 200 1035
117.184.7.30 - - [02/May/2021:11:08:09 +0800] "GET /xingrg/all/function/internal_message.html?_=1619924889299&CODE_STATE=getMsg HTTP/1.1" 200 27
116.224.253.72 - - [02/May/2021:11:08:10 +0800] "GET /xingrg/kc/buy/cgsh_order_operate.html?command=get_materiel_price&rest_code=00151&code=00101029060&unit_code=00100189&supplier_code=00100097&order_time=2021-05-02 HTTP/1.1" 200 30
61.165.42.208 - - [02/May/2021:11:08:11 +0800] "GET /xingrg/kc/buy/cgsh_order_operate.html?command=get_materiel&rest_code=00105&code=00101005015&supplier_code=00100312&order_time=2021-05-02 HTTP/1.1" 200 409
180.162.112.86 - - [02/May/2021:11:08:12 +0800] "GET /xingrg/all/function/internal_message.html?_=1619924636789&CODE_STATE=getMsg HTTP/1.1" 200 27
124.77.71.179 - - [02/May/2021:11:08:13 +0800] "GET /xingrg/kc/buy/cgsh_order_operate.html?command=get_materiel&rest_code=00107&code=00101004065&supplier_code=00100086&order_time=2021-05-02 HTTP/1.1" 200 413
180.161.124.236 - - [02/May/2021:11:08:14 +0800] "GET /xingrg/kc/buy/cgsh_order_operate.html?command=get_materiel&rest_code=00102&code=00101001010&supplier_code=00100096&order_time=2021-05-02 HTTP/1.1" 200 409
120.253.135.82 - - [02/May/2021:11:08:16 +0800] "POST /xingrg/kc/buy/cgth_list_operate.html HTTP/1.1" 200 6756
114.88.160.164 - - [02/May/2021:11:08:18 +0800] "GET /xingrg/all/function/internal_message.html?_=1619924896272&CODE_STATE=getMsg HTTP/1.1" 200 27
120.253.135.82 - - [02/May/2021:11:08:18 +0800] "POST /xingrg/kc/buy/cgth_list_operate.html HTTP/1.1" 200 202
120.253.135.82 - - [02/May/2021:11:08:20 +0800] "POST /xingrg/kc/buy/cgth_list_operate.html HTTP/1.1" 200 213
180.169.147.146 - - [02/May/2021:11:08:20 +0800] "GET /xingrg/all/function/internal_message.html?_=1619924892931&CODE_STATE=getMsg HTTP/1.1" 200 27
124.77.71.179 - - [02/May/2021:11:08:22 +0800] "POST /xingrg/kc/buy/cgsh_order_operate.html HTTP/1.1" 200 37
117.185.32.26 - - [02/May/2021:11:08:22 +0800] "GET /xingrg/all/function/internal_message.html?_=1619924897393&CODE_STATE=getMsg HTTP/1.1" 200 27
120.253.135.82 - - [02/May/2021:11:08:22 +0800] "POST /xingrg/kc/buy/cgth_list_operate.html HTTP/1.1" 200 202
61.165.42.208 - - [02/May/2021:11:08:22 +0800] "GET /xingrg/kc/buy/cgsh_order_operate.html?command=get_materiel&rest_code=00105&code=00101004057&supplier_code=00100312&order_time=2021-05-02 HTTP/1.1" 200 409
124.77.71.179 - - [02/May/2021:11:08:23 +0800] "POST /xingrg/kc/buy/cgsh_order_operate.html HTTP/1.1" 200 3255
120.253.135.82 - - [02/May/2021:11:08:24 +0800] "POST /xingrg/kc/buy/cgth_list_operate.html HTTP/1.1" 200 202
116.232.54.167 - - [02/May/2021:11:08:24 +0800] "GET /xingrg/all/function/internal_message.html?_=1619924905060&CODE_STATE=getMsg HTTP/1.1" 200 27
124.77.71.179 - - [02/May/2021:11:08:25 +0800] "GET /xingrg/kc/print/load_data.html?order_code=212021050200682&kc_code=cgsh&condition= HTTP/1.1" 200 967
180.161.124.236 - - [02/May/2021:11:08:27 +0800] "GET /xingrg/kc/buy/cgsh_order_operate.html?command=get_materiel&rest_code=00102&code=00101006039&supplier_code=00100096&order_time=2021-05-02 HTTP/1.1" 200 413
124.77.71.179 - - [02/May/2021:11:08:28 +0800] "GET /xingrg/kc/buy/cgsh_order_add.html HTTP/1.1" 200 62445
124.77.71.179 - - [02/May/2021:11:08:29 +0800] "GET /xingrg/javascript/easyui/themes/default/validatebox.css HTTP/1.1" 404 1104
124.77.71.179 - - [02/May/2021:11:08:29 +0800] "POST /xingrg/kc/buy/cgsh_order_operate.html HTTP/1.1" 200 8245
120.253.135.82 - - [02/May/2021:11:08:30 +0800] "GET /xingrg/kc/buy/cgsh_order_list.html HTTP/1.1" 200 46619
61.165.42.208 - - [02/May/2021:11:08:30 +0800] "GET /xingrg/kc/buy/cgsh_order_operate.html?command=get_materiel&rest_code=00105&code=00101001138&supplier_code=00100312&order_time=2021-05-02 HTTP/1.1" 200 413
120.253.135.82 - - [02/May/2021:11:08:30 +0800] "POST /xingrg/kc/buy/cgsh_list_operate.html HTTP/1.1" 200 876
101.85.52.2 - - [02/May/2021:11:08:32 +0800] "GET /xingrg/all/function/internal_message.html?_=1619924912594&CODE_STATE=getMsg HTTP/1.1" 200 27
101.85.52.2 - - [02/May/2021:11:08:32 +0800] "GET /xingrg/check_reg.html?_=1619924912600 HTTP/1.1" 200 22
180.161.124.236 - - [02/May/2021:11:08:37 +0800] "GET /xingrg/all/function/internal_message.html?_=1619925202499&CODE_STATE=getMsg HTTP/1.1" 200 27
116.224.253.72 - - [02/May/2021:11:08:37 +0800] "GET /xingrg/kc/buy/cgsh_order_operate.html?command=get_materiel&rest_code=00151&code=00101020279&supplier_code=00100097&order_time=2021-05-02 HTTP/1.1" 200 398
120.253.135.82 - - [02/May/2021:11:08:37 +0800] "GET /xingrg/kc/pszx/mdqp_order_list.html?state=10 HTTP/1.1" 200 10171
120.253.135.82 - - [02/May/2021:11:08:38 +0800] "GET /xingrg/dwr/interface/AjaxQqpsService.js HTTP/1.1" 200 16326
120.253.135.82 - - [02/May/2021:11:08:38 +0800] "GET /xingrg/javascript/Calendar.js HTTP/1.1" 304 -
120.253.135.82 - - [02/May/2021:11:08:38 +0800] "GET /xingrg/dwr/util.js HTTP/1.1" 304 -
120.253.135.82 - - [02/May/2021:11:08:38 +0800] "GET /xingrg/dwr/interface/AjaxReportQueryService.js HTTP/1.1" 200 13203
120.253.135.82 - - [02/May/2021:11:08:38 +0800] "GET /xingrg/dwr/engine.js HTTP/1.1" 200 43631
120.253.135.82 - - [02/May/2021:11:08:38 +0800] "GET /xingrg/javascript/jquery_easy_ui/themes/icons/check_new.png HTTP/1.1" 304 -
120.253.135.82 - - [02/May/2021:11:08:38 +0800] "GET /xingrg/javascript/jquery_easy_ui/themes/icons/uncheck_new.png HTTP/1.1" 304 -
116.224.253.72 - - [02/May/2021:11:08:40 +0800] "POST /xingrg/all/common/load_select.html HTTP/1.1" 200 12
120.253.135.82 - - [02/May/2021:11:08:40 +0800] "GET /xingrg/check_reg.html?_=1619924700966 HTTP/1.1" 200 22
61.165.42.208 - - [02/May/2021:11:08:41 +0800] "GET /xingrg/kc/buy/cgsh_order_operate.html?command=get_materiel&rest_code=00105&code=00101001096&supplier_code=00100312&order_time=2021-05-02 HTTP/1.1" 200 413
120.253.135.82 - - [02/May/2021:11:08:42 +0800] "GET /xingrg/kc/pszx/mdps_order_list.html?orderType=0 HTTP/1.1" 200 21159
120.253.135.82 - - [02/May/2021:11:08:42 +0800] "GET /xingrg/javascript/easyui/themes/icons/uncheck_new.png HTTP/1.1" 304 -
120.253.135.82 - - [02/May/2021:11:08:42 +0800] "GET /xingrg/all/function/internal_message.html?_=1619924702733&CODE_STATE=getMsg HTTP/1.1" 200 27
120.253.135.82 - - [02/May/2021:11:08:42 +0800] "POST /xingrg/kc/pszx/mdps_list_operate.html HTTP/1.1" 200 5646
116.230.110.80 - - [02/May/2021:11:08:45 +0800] "GET /xingrg/all/function/internal_message.html?_=1619924924600&CODE_STATE=getMsg HTTP/1.1" 200 27
120.253.135.82 - - [02/May/2021:11:08:48 +0800] "POST /xingrg/kc/pszx/mdps_list_operate.html HTTP/1.1" 200 3857
124.77.71.179 - - [02/May/2021:11:08:53 +0800] "GET /xingrg/javascript/easyui/themes/default/tree.css HTTP/1.1" 404 1090
124.77.71.179 - - [02/May/2021:11:08:53 +0800] "POST /xingrg/all/common/load_tree.html?tree=supplier_tree_json&isDelete=1 HTTP/1.1" 200 55318
120.253.135.82 - - [02/May/2021:11:08:56 +0800] "POST /xingrg/kc/pszx/mdps_list_operate.html HTTP/1.1" 200 233
120.253.135.82 - - [02/May/2021:11:08:56 +0800] "GET /xingrg/kc/pszx/mdps_order_info.html?code=312021050200043 HTTP/1.1" 200 23925
116.224.253.72 - - [02/May/2021:11:08:57 +0800] "GET /xingrg/all/function/internal_message.html?_=1619924936794&CODE_STATE=getMsg HTTP/1.1" 200 27
120.253.135.82 - - [02/May/2021:11:08:57 +0800] "GET /xingrg/javascript/easyui/themes/default/validatebox.css HTTP/1.1" 404 1104
120.253.135.82 - - [02/May/2021:11:08:57 +0800] "POST /xingrg/kc/pszx/mdps_order_operate.html HTTP/1.1" 200 2332
58.40.7.146 - - [02/May/2021:11:09:00 +0800] "GET /xingrg/all/function/internal_message.html?_=1619924940687&CODE_STATE=getMsg HTTP/1.1" 200 27
116.230.114.112 - - [02/May/2021:11:09:02 +0800] "GET /xingrg/all/function/internal_message.html?_=1619924943573&CODE_STATE=getMsg HTTP/1.1" 200 27
120.253.135.82 - - [02/May/2021:11:09:02 +0800] "POST /xingrg/kc/pszx/mdps_order_operate.html HTTP/1.1" 200 37
120.253.135.82 - - [02/May/2021:11:09:03 +0800] "POST /xingrg/kc/pszx/mdps_order_operate.html HTTP/1.1" 200 12
172.20.0.100 - - [02/May/2021:11:09:04 +0800] "GET /xingrg/all/function/internal_message.html?_=1619924944692&CODE_STATE=getMsg HTTP/1.1" 200 27
120.253.135.82 - - [02/May/2021:11:09:05 +0800] "GET /xingrg/kc/pszx/mdps_order_info.html?code=312021050200043 HTTP/1.1" 200 19585
120.253.135.82 - - [02/May/2021:11:09:06 +0800] "POST /xingrg/kc/pszx/mdps_order_operate.html HTTP/1.1" 200 552
120.253.135.82 - - [02/May/2021:11:09:06 +0800] "GET /xingrg/javascript/easyui/themes/default/validatebox.css HTTP/1.1" 404 1104
114.88.160.164 - - [02/May/2021:11:09:08 +0800] "GET /xingrg/check_reg.html?_=1619924946606 HTTP/1.1" 200 22
117.184.7.30 - - [02/May/2021:11:09:09 +0800] "GET /xingrg/all/function/internal_message.html?_=1619924949299&CODE_STATE=getMsg HTTP/1.1" 200 27
61.165.42.208 - - [02/May/2021:11:09:10 +0800] "POST /xingrg/kc/buy/cgsh_order_operate.html HTTP/1.1" 200 37
180.162.112.86 - - [02/May/2021:11:09:11 +0800] "GET /xingrg/check_reg.html?_=1619924695275 HTTP/1.1" 200 22
61.165.42.208 - - [02/May/2021:11:09:11 +0800] "POST /xingrg/kc/buy/cgsh_order_operate.html HTTP/1.1" 200 6216
116.224.253.72 - - [02/May/2021:11:09:12 +0800] "GET /xingrg/kc/buy/cgsh_order_operate.html?command=get_materiel_price&rest_code=00151&code=00101020279&unit_code=00100004&supplier_code=00100097&order_time=2021-05-02 HTTP/1.1" 200 27
180.162.112.86 - - [02/May/2021:11:09:12 +0800] "GET /xingrg/all/function/internal_message.html?_=1619924696760&CODE_STATE=getMsg HTTP/1.1" 200 27
124.77.71.179 - - [02/May/2021:11:09:14 +0800] "GET /xingrg/kc/buy/cgsh_order_operate.html?command=get_materiel&rest_code=00107&code=00101003025&supplier_code=00100093&order_time=2021-05-02 HTTP/1.1" 200 409
61.165.42.208 - - [02/May/2021:11:09:14 +0800] "GET /xingrg/kc/print/load_data.html?order_code=212021050200683&kc_code=cgsh&condition= HTTP/1.1" 200 2028
61.165.42.208 - - [02/May/2021:11:09:18 +0800] "GET /xingrg/kc/buy/cgsh_order_add.html HTTP/1.1" 200 62404
114.88.160.164 - - [02/May/2021:11:09:18 +0800] "GET /xingrg/all/function/internal_message.html?_=1619924956287&CODE_STATE=getMsg HTTP/1.1" 200 27
61.165.42.208 - - [02/May/2021:11:09:18 +0800] "GET /xingrg/javascript/easyui/themes/default/validatebox.css HTTP/1.1" 404 1104
61.165.42.208 - - [02/May/2021:11:09:18 +0800] "POST /xingrg/kc/buy/cgsh_order_operate.html HTTP/1.1" 200 8245
180.169.147.146 - - [02/May/2021:11:09:20 +0800] "GET /xingrg/all/function/internal_message.html?_=1619924952912&CODE_STATE=getMsg HTTP/1.1" 200 27
124.77.71.179 - - [02/May/2021:11:09:22 +0800] "POST /xingrg/kc/buy/cgsh_order_operate.html HTTP/1.1" 200 37
180.161.124.236 - - [02/May/2021:11:09:22 +0800] "GET /xingrg/kc/buy/cgsh_order_operate.html?command=get_materiel&rest_code=00102&code=00101006110&supplier_code=00100096&order_time=2021-05-02 HTTP/1.1" 200 408
117.185.32.26 - - [02/May/2021:11:09:22 +0800] "GET /xingrg/all/function/internal_message.html?_=1619924957392&CODE_STATE=getMsg HTTP/1.1" 200 27
120.253.135.82 - - [02/May/2021:11:09:23 +0800] "POST /xingrg/kc/pszx/mdps_list_operate.html HTTP/1.1" 200 630
120.253.135.82 - - [02/May/2021:11:09:24 +0800] "POST /xingrg/kc/pszx/mdps_list_operate.html HTTP/1.1" 200 286
116.232.54.167 - - [02/May/2021:11:09:24 +0800] "GET /xingrg/all/function/internal_message.html?_=1619924965063&CODE_STATE=getMsg HTTP/1.1" 200 27
116.232.54.167 - - [02/May/2021:11:09:24 +0800] "GET /xingrg/check_reg.html?_=1619924965064 HTTP/1.1" 200 22
120.253.135.82 - - [02/May/2021:11:09:24 +0800] "GET /xingrg/kc/pszx/mdps_order_info.html?code=312021050100021 HTTP/1.1" 200 23923
124.77.71.179 - - [02/May/2021:11:09:25 +0800] "POST /xingrg/kc/buy/cgsh_order_operate.html HTTP/1.1" 200 2653
120.253.135.82 - - [02/May/2021:11:09:25 +0800] "GET /xingrg/javascript/easyui/themes/default/validatebox.css HTTP/1.1" 404 1104
120.253.135.82 - - [02/May/2021:11:09:25 +0800] "POST /xingrg/kc/pszx/mdps_order_operate.html HTTP/1.1" 200 2805
124.77.71.179 - - [02/May/2021:11:09:26 +0800] "GET /xingrg/kc/print/load_data.html?order_code=212021050200684&kc_code=cgsh&condition= HTTP/1.1" 200 713
61.165.42.208 - - [02/May/2021:11:09:27 +0800] "GET /xingrg/kc/buy/cgsh_order_operate.html?command=get_materiel&rest_code=00105&code=00101008061&supplier_code=00100339&order_time=2021-05-02 HTTP/1.1" 200 423
120.253.135.82 - - [02/May/2021:11:09:28 +0800] "POST /xingrg/kc/pszx/mdps_order_operate.html HTTP/1.1" 200 37
120.253.135.82 - - [02/May/2021:11:09:30 +0800] "POST /xingrg/kc/pszx/mdps_order_operate.html HTTP/1.1" 200 12
124.77.71.179 - - [02/May/2021:11:09:32 +0800] "GET /xingrg/kc/buy/cgsh_order_add.html HTTP/1.1" 200 62445
101.85.52.2 - - [02/May/2021:11:09:33 +0800] "GET /xingrg/all/function/internal_message.html?_=1619924972593&CODE_STATE=getMsg HTTP/1.1" 200 27
124.77.71.179 - - [02/May/2021:11:09:33 +0800] "GET /xingrg/javascript/easyui/themes/default/validatebox.css HTTP/1.1" 404 1104
124.77.71.179 - - [02/May/2021:11:09:33 +0800] "POST /xingrg/kc/buy/cgsh_order_operate.html HTTP/1.1" 200 8245
124.77.71.179 - - [02/May/2021:11:09:35 +0800] "GET /xingrg/javascript/easyui/themes/default/tree.css HTTP/1.1" 404 1090
124.77.71.179 - - [02/May/2021:11:09:35 +0800] "POST /xingrg/all/common/load_tree.html?tree=supplier_tree_json&isDelete=1 HTTP/1.1" 200 55318
