116.230.110.80 - - [02/May/2021:09:46:21 +0800] "GET /xingrg/javascript/easyui/themes/default/validatebox.css HTTP/1.1" 404 1104
116.230.110.80 - - [02/May/2021:09:46:22 +0800] "POST /xingrg/kc/base/wldb_order_operate.html HTTP/1.1" 200 2658
116.232.54.167 - - [02/May/2021:09:46:24 +0800] "GET /xingrg/all/function/internal_message.html?_=1619919984842&CODE_STATE=getMsg HTTP/1.1" 200 27
116.230.110.80 - - [02/May/2021:09:46:28 +0800] "GET /xingrg/kc/base/wldb_order_add.html HTTP/1.1" 200 30514
116.230.110.80 - - [02/May/2021:09:46:29 +0800] "POST /xingrg/kc/base/wldb_order_operate.html HTTP/1.1" 200 6806
116.230.110.80 - - [02/May/2021:09:46:29 +0800] "GET /xingrg/javascript/easyui/themes/default/validatebox.css HTTP/1.1" 404 1104
61.165.42.208 - - [02/May/2021:09:46:31 +0800] "GET /xingrg/check_reg.html?_=1619919993350 HTTP/1.1" 200 22
61.165.42.208 - - [02/May/2021:09:46:31 +0800] "GET /xingrg/all/function/internal_message.html?_=1619919993353&CODE_STATE=getMsg HTTP/1.1" 200 27
114.83.217.136 - - [02/May/2021:09:46:35 +0800] "GET /xingrg/check_reg.html?_=1619919995723 HTTP/1.1" 200 22
114.83.217.136 - - [02/May/2021:09:46:36 +0800] "GET /xingrg/all/function/internal_message.html?_=1619919995897&CODE_STATE=getMsg HTTP/1.1" 200 27
58.37.228.113 - - [02/May/2021:09:46:37 +0800] "GET /xingrg/all/function/internal_message.html?_=1619919963394&CODE_STATE=getMsg HTTP/1.1" 200 27
116.230.110.80 - - [02/May/2021:09:46:40 +0800] "GET /xingrg/kc/base/wldb_order_operate.html?command=get_materiel&rest_code=00155&base_code=0010740&code=00102002150 HTTP/1.1" 200 433
116.224.253.72 - - [02/May/2021:09:46:45 +0800] "GET /xingrg/all/function/internal_message.html?_=1619920004651&CODE_STATE=getMsg HTTP/1.1" 200 27
116.230.110.80 - - [02/May/2021:09:46:46 +0800] "GET /xingrg/all/function/internal_message.html?_=1619920006263&CODE_STATE=getMsg HTTP/1.1" 200 27
114.88.160.164 - - [02/May/2021:09:46:49 +0800] "GET /xingrg/kc/buy/cgsh_order_add.html HTTP/1.1" 200 62357
114.88.160.164 - - [02/May/2021:09:46:51 +0800] "POST /xingrg/kc/buy/cgsh_order_operate.html HTTP/1.1" 200 8245
114.88.160.164 - - [02/May/2021:09:46:51 +0800] "GET /xingrg/javascript/easyui/themes/default/validatebox.css HTTP/1.1" 404 1104
117.185.32.26 - - [02/May/2021:09:46:51 +0800] "GET /xingrg/all/function/internal_message.html?_=1619920006920&CODE_STATE=getMsg HTTP/1.1" 200 27
114.88.160.164 - - [02/May/2021:09:46:52 +0800] "GET /xingrg/all/function/internal_message.html?_=1619920010743&CODE_STATE=getMsg HTTP/1.1" 200 27
116.230.110.80 - - [02/May/2021:09:46:53 +0800] "GET /xingrg/kc/base/wldb_order_operate.html?command=get_materiel&rest_code=00155&base_code=0010740&code=00102002029 HTTP/1.1" 200 452
116.230.114.112 - - [02/May/2021:09:46:59 +0800] "GET /xingrg/all/function/internal_message.html?_=1619920020276&CODE_STATE=getMsg HTTP/1.1" 200 27
116.230.110.80 - - [02/May/2021:09:47:03 +0800] "POST /xingrg/kc/base/wldb_order_operate.html HTTP/1.1" 200 37
116.230.110.80 - - [02/May/2021:09:47:04 +0800] "POST /xingrg/kc/base/wldb_order_operate.html HTTP/1.1" 200 2198
116.230.110.80 - - [02/May/2021:09:47:04 +0800] "GET /xingrg/kc/base/wldb_order_info.html?code=422021050200154 HTTP/1.1" 200 30528
116.230.110.80 - - [02/May/2021:09:47:05 +0800] "GET /xingrg/javascript/easyui/themes/default/validatebox.css HTTP/1.1" 404 1104
116.230.110.80 - - [02/May/2021:09:47:05 +0800] "POST /xingrg/kc/base/wldb_order_operate.html HTTP/1.1" 200 2198
116.232.54.167 - - [02/May/2021:09:47:24 +0800] "GET /xingrg/all/function/internal_message.html?_=1619920044851&CODE_STATE=getMsg HTTP/1.1" 200 27
61.165.42.208 - - [02/May/2021:09:47:31 +0800] "GET /xingrg/all/function/internal_message.html?_=1619920053359&CODE_STATE=getMsg HTTP/1.1" 200 27
114.83.217.136 - - [02/May/2021:09:47:36 +0800] "GET /xingrg/all/function/internal_message.html?_=1619920055882&CODE_STATE=getMsg HTTP/1.1" 200 27
58.37.228.113 - - [02/May/2021:09:47:37 +0800] "GET /xingrg/all/function/internal_message.html?_=1619920023364&CODE_STATE=getMsg HTTP/1.1" 200 27
116.224.253.72 - - [02/May/2021:09:47:45 +0800] "GET /xingrg/all/function/internal_message.html?_=1619920064665&CODE_STATE=getMsg HTTP/1.1" 200 27
116.230.110.80 - - [02/May/2021:09:47:46 +0800] "GET /xingrg/all/function/internal_message.html?_=1619920066275&CODE_STATE=getMsg HTTP/1.1" 200 27
117.185.32.26 - - [02/May/2021:09:47:51 +0800] "GET /xingrg/all/function/internal_message.html?_=1619920066920&CODE_STATE=getMsg HTTP/1.1" 200 27
114.88.160.164 - - [02/May/2021:09:47:52 +0800] "GET /xingrg/all/function/internal_message.html?_=1619920070757&CODE_STATE=getMsg HTTP/1.1" 200 27
116.230.114.112 - - [02/May/2021:09:47:59 +0800] "GET /xingrg/all/function/internal_message.html?_=1619920080405&CODE_STATE=getMsg HTTP/1.1" 200 27
116.232.54.167 - - [02/May/2021:09:48:24 +0800] "GET /xingrg/all/function/internal_message.html?_=1619920104854&CODE_STATE=getMsg HTTP/1.1" 200 27
116.232.54.167 - - [02/May/2021:09:48:28 +0800] "GET /xingrg/javascript/jquery_tools/images/prev.gif HTTP/1.1" 404 1086
116.232.54.167 - - [02/May/2021:09:48:28 +0800] "GET /xingrg/javascript/jquery_tools/images/next.gif HTTP/1.1" 404 1086
61.165.42.208 - - [02/May/2021:09:48:31 +0800] "GET /xingrg/all/function/internal_message.html?_=1619920113351&CODE_STATE=getMsg HTTP/1.1" 200 27
114.83.217.136 - - [02/May/2021:09:48:36 +0800] "GET /xingrg/all/function/internal_message.html?_=1619920115853&CODE_STATE=getMsg HTTP/1.1" 200 27
116.230.110.80 - - [02/May/2021:09:48:36 +0800] "GET /xingrg/kc/base/wldb_order_add.html HTTP/1.1" 200 30514
116.230.110.80 - - [02/May/2021:09:48:36 +0800] "POST /xingrg/kc/base/wldb_order_operate.html HTTP/1.1" 200 6806
116.230.110.80 - - [02/May/2021:09:48:36 +0800] "GET /xingrg/javascript/easyui/themes/default/validatebox.css HTTP/1.1" 404 1104
58.37.228.113 - - [02/May/2021:09:48:37 +0800] "GET /xingrg/all/function/internal_message.html?_=1619920083334&CODE_STATE=getMsg HTTP/1.1" 200 27
116.224.253.72 - - [02/May/2021:09:48:44 +0800] "GET /xingrg/check_reg.html?_=1619920123641 HTTP/1.1" 200 22
116.224.253.72 - - [02/May/2021:09:48:45 +0800] "GET /xingrg/all/function/internal_message.html?_=1619920124679&CODE_STATE=getMsg HTTP/1.1" 200 27
116.230.110.80 - - [02/May/2021:09:48:46 +0800] "GET /xingrg/kc/base/wldb_order_operate.html?command=get_materiel&rest_code=00155&base_code=0010739&code=00101016095 HTTP/1.1" 200 462
116.232.54.167 - - [02/May/2021:09:48:46 +0800] "GET /xingrg/kc/buy/cgsh_order_operate.html?command=get_materiel&rest_code=00109&code=00101016025&supplier_code=00100035&order_time=2021-05-02 HTTP/1.1" 200 408
116.230.110.80 - - [02/May/2021:09:48:46 +0800] "GET /xingrg/all/function/internal_message.html?_=1619920126274&CODE_STATE=getMsg HTTP/1.1" 200 27
116.230.110.80 - - [02/May/2021:09:48:49 +0800] "GET /xingrg/kc/base/wldb_order_operate.html?command=get_materiel&rest_code=00155&base_code=0010739&code=00101016040 HTTP/1.1" 200 459
117.185.32.26 - - [02/May/2021:09:48:51 +0800] "GET /xingrg/all/function/internal_message.html?_=1619920126945&CODE_STATE=getMsg HTTP/1.1" 200 27
114.88.160.164 - - [02/May/2021:09:48:52 +0800] "GET /xingrg/all/function/internal_message.html?_=1619920130770&CODE_STATE=getMsg HTTP/1.1" 200 27
116.230.114.112 - - [02/May/2021:09:48:59 +0800] "GET /xingrg/all/function/internal_message.html?_=1619920140412&CODE_STATE=getMsg HTTP/1.1" 200 27
116.230.110.80 - - [02/May/2021:09:49:10 +0800] "GET /xingrg/kc/base/wldb_order_operate.html?command=get_materiel&rest_code=00155&base_code=0010739&code=00101019310 HTTP/1.1" 200 463
116.230.110.80 - - [02/May/2021:09:49:14 +0800] "GET /xingrg/kc/base/wldb_order_operate.html?command=get_materiel&rest_code=00155&base_code=0010739&code=00101019400 HTTP/1.1" 200 450
116.232.54.167 - - [02/May/2021:09:49:14 +0800] "GET /xingrg/kc/buy/cgsh_order_operate.html?command=get_materiel&rest_code=00109&code=00101012059&supplier_code=00100035&order_time=2021-05-02 HTTP/1.1" 200 431
116.230.110.80 - - [02/May/2021:09:49:16 +0800] "GET /xingrg/kc/base/wldb_order_operate.html?command=get_materiel&rest_code=00155&base_code=0010739&code=00101019184 HTTP/1.1" 200 442
58.37.228.113 - - [02/May/2021:09:49:18 +0800] "GET /xingrg/images/yd/bt2.gif HTTP/1.1" 404 1042
58.37.228.113 - - [02/May/2021:09:49:19 +0800] "GET /xingrg/kc/buy/buy_main.html HTTP/1.1" 200 12412
58.37.228.113 - - [02/May/2021:09:49:19 +0800] "GET /xingrg/css/new_ie.css HTTP/1.1" 404 1036
116.230.110.80 - - [02/May/2021:09:49:19 +0800] "GET /xingrg/kc/base/wldb_order_operate.html?command=get_materiel&rest_code=00155&base_code=0010739&code=00101019222 HTTP/1.1" 200 452
58.37.228.113 - - [02/May/2021:09:49:19 +0800] "GET /xingrg/images/yd/bt.gif HTTP/1.1" 404 1040
58.37.228.113 - - [02/May/2021:09:49:20 +0800] "GET /xingrg/kc/buy/cgsh_order_list.html HTTP/1.1" 200 46625
58.37.228.113 - - [02/May/2021:09:49:21 +0800] "POST /xingrg/kc/buy/cgsh_list_operate.html HTTP/1.1" 200 876
116.230.110.80 - - [02/May/2021:09:49:22 +0800] "GET /xingrg/kc/base/wldb_order_operate.html?command=get_materiel&rest_code=00155&base_code=0010739&code=00101019015 HTTP/1.1" 200 437
58.37.228.113 - - [02/May/2021:09:49:23 +0800] "GET /xingrg/javascript/jquery_tools/images/prev.gif HTTP/1.1" 404 1086
58.37.228.113 - - [02/May/2021:09:49:23 +0800] "GET /xingrg/javascript/jquery_tools/images/next.gif HTTP/1.1" 404 1086
116.232.54.167 - - [02/May/2021:09:49:24 +0800] "GET /xingrg/all/function/internal_message.html?_=1619920164857&CODE_STATE=getMsg HTTP/1.1" 200 27
116.232.54.167 - - [02/May/2021:09:49:24 +0800] "GET /xingrg/check_reg.html?_=1619920164858 HTTP/1.1" 200 22
116.230.110.80 - - [02/May/2021:09:49:25 +0800] "GET /xingrg/kc/base/wldb_order_operate.html?command=get_materiel&rest_code=00155&base_code=0010739&code=00101019390 HTTP/1.1" 200 456
116.224.253.72 - - [02/May/2021:09:49:26 +0800] "POST /xingrg/kc/buy/cgsh_order_operate.html HTTP/1.1" 200 37
116.224.253.72 - - [02/May/2021:09:49:28 +0800] "POST /xingrg/kc/buy/cgsh_order_operate.html HTTP/1.1" 200 38186
116.232.54.167 - - [02/May/2021:09:49:28 +0800] "GET /xingrg/kc/buy/cgsh_order_operate.html?command=get_materiel&rest_code=00109&code=00101016105&supplier_code=00100035&order_time=2021-05-02 HTTP/1.1" 200 409
116.230.110.80 - - [02/May/2021:09:49:28 +0800] "GET /xingrg/kc/base/wldb_order_operate.html?command=get_materiel&rest_code=00155&base_code=0010739&code=00101027053 HTTP/1.1" 200 448
61.165.42.208 - - [02/May/2021:09:49:31 +0800] "GET /xingrg/all/function/internal_message.html?_=1619920173348&CODE_STATE=getMsg HTTP/1.1" 200 27
116.230.110.80 - - [02/May/2021:09:49:32 +0800] "GET /xingrg/kc/base/wldb_order_operate.html?command=get_materiel&rest_code=00155&base_code=0010739&code=00101019391 HTTP/1.1" 200 471
116.224.253.72 - - [02/May/2021:09:49:33 +0800] "GET /xingrg/kc/buy/cgsh_order_add.html HTTP/1.1" 200 62293
116.224.253.72 - - [02/May/2021:09:49:33 +0800] "POST /xingrg/kc/buy/cgsh_order_operate.html HTTP/1.1" 200 8245
116.224.253.72 - - [02/May/2021:09:49:33 +0800] "GET /xingrg/javascript/easyui/themes/default/validatebox.css HTTP/1.1" 404 1104
116.230.110.80 - - [02/May/2021:09:49:35 +0800] "GET /xingrg/kc/base/wldb_order_operate.html?command=get_materiel&rest_code=00155&base_code=0010739&code=00101016044 HTTP/1.1" 200 465
114.83.217.136 - - [02/May/2021:09:49:36 +0800] "GET /xingrg/all/function/internal_message.html?_=1619920175825&CODE_STATE=getMsg HTTP/1.1" 200 27
58.37.228.113 - - [02/May/2021:09:49:37 +0800] "GET /xingrg/all/function/internal_message.html?_=1619920143323&CODE_STATE=getMsg HTTP/1.1" 200 27
58.37.228.113 - - [02/May/2021:09:49:38 +0800] "POST /xingrg/kc/buy/cgsh_list_operate.html HTTP/1.1" 200 5349
116.224.253.72 - - [02/May/2021:09:49:45 +0800] "GET /xingrg/all/function/internal_message.html?_=1619920184691&CODE_STATE=getMsg HTTP/1.1" 200 27
116.224.253.72 - - [02/May/2021:09:49:45 +0800] "GET /xingrg/kc/buy/cgsh_order_operate.html?command=get_materiel&rest_code=00150&code=00101009001&supplier_code=00100424&order_time=2021-05-02 HTTP/1.1" 200 416
116.230.110.80 - - [02/May/2021:09:49:46 +0800] "GET /xingrg/all/function/internal_message.html?_=1619920186275&CODE_STATE=getMsg HTTP/1.1" 200 27
116.232.54.167 - - [02/May/2021:09:49:46 +0800] "GET /xingrg/kc/buy/cgsh_order_operate.html?command=get_materiel&rest_code=00109&code=00101012026&supplier_code=00100035&order_time=2021-05-02 HTTP/1.1" 200 408
116.230.110.80 - - [02/May/2021:09:49:47 +0800] "GET /xingrg/kc/base/wldb_order_operate.html?command=get_materiel&rest_code=00155&base_code=0010739&code=00101019185 HTTP/1.1" 200 455
116.230.110.80 - - [02/May/2021:09:49:49 +0800] "GET /xingrg/kc/base/wldb_order_operate.html?command=get_materiel&rest_code=00155&base_code=0010739&code=00101019836 HTTP/1.1" 200 437
117.185.32.26 - - [02/May/2021:09:49:51 +0800] "GET /xingrg/all/function/internal_message.html?_=1619920186945&CODE_STATE=getMsg HTTP/1.1" 200 27
117.185.32.26 - - [02/May/2021:09:49:51 +0800] "GET /xingrg/check_reg.html?_=1619920186943 HTTP/1.1" 200 22
180.169.147.146 - - [02/May/2021:09:49:52 +0800] "GET /xingrg/check_reg.html?_=1619920184350 HTTP/1.1" 200 22
120.204.17.68 - - [02/May/2021:09:49:52 +0800] "GET /xingrg/all/function/internal_message.html?_=1619920126945&CODE_STATE=getMsg HTTP/1.1" 302 -
114.88.160.164 - - [02/May/2021:09:49:53 +0800] "GET /xingrg/all/function/internal_message.html?_=1619920191147&CODE_STATE=getMsg HTTP/1.1" 200 27
120.204.17.68 - - [02/May/2021:09:49:55 +0800] "GET /xingrg/login.html HTTP/1.1" 200 7641
116.224.253.72 - - [02/May/2021:09:49:55 +0800] "GET /xingrg/kc/buy/cgsh_order_operate.html?command=get_materiel&rest_code=00150&code=00101009062&supplier_code=00100424&order_time=2021-05-02 HTTP/1.1" 200 412
116.232.54.167 - - [02/May/2021:09:49:58 +0800] "GET /xingrg/kc/buy/cgsh_order_operate.html?command=get_materiel&rest_code=00109&code=00101016010&supplier_code=00100035&order_time=2021-05-02 HTTP/1.1" 200 408
116.230.114.112 - - [02/May/2021:09:49:59 +0800] "GET /xingrg/all/function/internal_message.html?_=1619920200500&CODE_STATE=getMsg HTTP/1.1" 200 27
116.224.253.72 - - [02/May/2021:09:50:02 +0800] "GET /xingrg/kc/buy/cgsh_order_operate.html?command=get_materiel&rest_code=00150&code=00101009010&supplier_code=00100424&order_time=2021-05-02 HTTP/1.1" 200 412
116.232.54.167 - - [02/May/2021:09:50:08 +0800] "GET /xingrg/javascript/auto/indicator.gif HTTP/1.1" 404 1066
116.224.253.72 - - [02/May/2021:09:50:09 +0800] "GET /xingrg/kc/buy/cgsh_order_operate.html?command=get_materiel&rest_code=00150&code=00101009007&supplier_code=00100424&order_time=2021-05-02 HTTP/1.1" 200 408
116.230.110.80 - - [02/May/2021:09:50:10 +0800] "GET /xingrg/kc/base/wldb_order_operate.html?command=get_materiel&rest_code=00155&base_code=0010739&code=00101019223 HTTP/1.1" 200 458
58.37.228.113 - - [02/May/2021:09:50:13 +0800] "POST /xingrg/kc/buy/cgsh_list_operate.html HTTP/1.1" 200 4200
116.230.110.80 - - [02/May/2021:09:50:18 +0800] "GET /xingrg/kc/base/wldb_order_operate.html?command=get_materiel&rest_code=00155&base_code=0010739&code=00101019133 HTTP/1.1" 200 466
116.230.110.80 - - [02/May/2021:09:50:21 +0800] "GET /xingrg/kc/base/wldb_order_operate.html?command=get_materiel&rest_code=00155&base_code=0010739&code=00101019002 HTTP/1.1" 200 458
58.37.228.113 - - [02/May/2021:09:50:23 +0800] "POST /xingrg/kc/buy/cgsh_list_operate.html HTTP/1.1" 200 573
58.37.228.113 - - [02/May/2021:09:50:23 +0800] "GET /xingrg/kc/buy/cgsh_order_info.html?code=212021040401334 HTTP/1.1" 200 57263
116.232.54.167 - - [02/May/2021:09:50:23 +0800] "GET /xingrg/kc/buy/cgsh_order_operate.html?command=get_materiel&rest_code=00109&code=00101016071&supplier_code=00100035&order_time=2021-05-02 HTTP/1.1" 200 416
58.37.228.113 - - [02/May/2021:09:50:24 +0800] "GET /xingrg/words/20210501105541_words.js HTTP/1.1" 304 -
58.37.228.113 - - [02/May/2021:09:50:24 +0800] "GET /xingrg/javascript/easyui/themes/default/validatebox.css HTTP/1.1" 404 1104
58.37.228.113 - - [02/May/2021:09:50:24 +0800] "POST /xingrg/kc/buy/cgsh_order_operate.html HTTP/1.1" 200 3559
116.232.54.167 - - [02/May/2021:09:50:24 +0800] "GET /xingrg/all/function/internal_message.html?_=1619920224856&CODE_STATE=getMsg HTTP/1.1" 200 27
116.230.110.80 - - [02/May/2021:09:50:27 +0800] "GET /xingrg/kc/base/wldb_order_operate.html?command=get_materiel&rest_code=00155&base_code=0010739&code=00101019279 HTTP/1.1" 200 441
124.77.71.179 - - [02/May/2021:09:50:27 +0800] "POST /xingrg/services/DataTransmitService HTTP/1.1" 200 524
116.224.253.72 - - [02/May/2021:09:50:28 +0800] "GET /xingrg/kc/buy/cgsh_order_operate.html?command=get_materiel&rest_code=00150&code=00101009011&supplier_code=00100424&order_time=2021-05-02 HTTP/1.1" 200 416
116.230.110.80 - - [02/May/2021:09:50:30 +0800] "GET /xingrg/kc/base/wldb_order_operate.html?command=get_materiel&rest_code=00155&base_code=0010739&code=00101019280 HTTP/1.1" 200 480
61.165.42.208 - - [02/May/2021:09:50:31 +0800] "GET /xingrg/all/function/internal_message.html?_=1619920233353&CODE_STATE=getMsg HTTP/1.1" 200 27
116.232.54.167 - - [02/May/2021:09:50:34 +0800] "POST /xingrg/kc/buy/cgsh_order_operate.html HTTP/1.1" 200 37
114.83.217.136 - - [02/May/2021:09:50:36 +0800] "GET /xingrg/all/function/internal_message.html?_=1619920235797&CODE_STATE=getMsg HTTP/1.1" 200 27
116.224.253.72 - - [02/May/2021:09:50:36 +0800] "GET /xingrg/kc/buy/cgsh_order_operate.html?command=get_materiel&rest_code=00150&code=00101009016&supplier_code=00100424&order_time=2021-05-02 HTTP/1.1" 200 412
58.37.228.113 - - [02/May/2021:09:50:37 +0800] "GET /xingrg/all/function/internal_message.html?_=1619920203294&CODE_STATE=getMsg HTTP/1.1" 200 27
116.232.54.167 - - [02/May/2021:09:50:37 +0800] "POST /xingrg/kc/buy/cgsh_order_operate.html HTTP/1.1" 200 5605
58.37.228.113 - - [02/May/2021:09:50:37 +0800] "GET /xingrg/check_reg.html?_=1619920203564 HTTP/1.1" 200 22
116.232.54.167 - - [02/May/2021:09:50:39 +0800] "GET /xingrg/kc/print/load_config.html?kc_code=cgsh HTTP/1.1" 200 1845
116.232.54.167 - - [02/May/2021:09:50:39 +0800] "GET /xingrg/kc/print/load_data.html?order_code=212021050200585&kc_code=cgsh&condition= HTTP/1.1" 200 1792
116.230.114.112 - - [02/May/2021:09:50:44 +0800] "GET /xingrg/check_reg.html?_=1619920246043 HTTP/1.1" 200 22
116.224.253.72 - - [02/May/2021:09:50:45 +0800] "GET /xingrg/all/function/internal_message.html?_=1619920244705&CODE_STATE=getMsg HTTP/1.1" 200 27
116.230.110.80 - - [02/May/2021:09:50:47 +0800] "POST /xingrg/kc/base/wldb_order_operate.html HTTP/1.1" 200 37
116.230.110.80 - - [02/May/2021:09:50:47 +0800] "POST /xingrg/kc/base/wldb_order_operate.html HTTP/1.1" 200 8747
116.230.110.80 - - [02/May/2021:09:50:48 +0800] "GET /xingrg/kc/base/wldb_order_info.html?code=422021050200155 HTTP/1.1" 200 30531
116.230.110.80 - - [02/May/2021:09:50:48 +0800] "GET /xingrg/javascript/easyui/themes/default/validatebox.css HTTP/1.1" 404 1104
116.230.110.80 - - [02/May/2021:09:50:49 +0800] "POST /xingrg/kc/base/wldb_order_operate.html HTTP/1.1" 200 8747
114.88.160.164 - - [02/May/2021:09:50:51 +0800] "GET /xingrg/check_reg.html?_=1619920249055 HTTP/1.1" 200 22
117.185.32.26 - - [02/May/2021:09:50:51 +0800] "GET /xingrg/all/function/internal_message.html?_=1619920246943&CODE_STATE=getMsg HTTP/1.1" 200 27
114.88.160.164 - - [02/May/2021:09:50:53 +0800] "GET /xingrg/all/function/internal_message.html?_=1619920251500&CODE_STATE=getMsg HTTP/1.1" 200 27
116.230.110.80 - - [02/May/2021:09:50:56 +0800] "GET /xingrg/kc/base/wldb_order_add.html HTTP/1.1" 200 30514
116.230.110.80 - - [02/May/2021:09:50:56 +0800] "POST /xingrg/kc/base/wldb_order_operate.html HTTP/1.1" 200 6806
116.230.110.80 - - [02/May/2021:09:50:56 +0800] "GET /xingrg/javascript/easyui/themes/default/validatebox.css HTTP/1.1" 404 1104
116.230.114.112 - - [02/May/2021:09:50:59 +0800] "GET /xingrg/all/function/internal_message.html?_=1619920260501&CODE_STATE=getMsg HTTP/1.1" 200 27
116.224.253.72 - - [02/May/2021:09:51:01 +0800] "GET /xingrg/kc/buy/cgsh_order_operate.html?command=get_materiel&rest_code=00150&code=00101009066&supplier_code=00100424&order_time=2021-05-02 HTTP/1.1" 200 416
116.230.110.80 - - [02/May/2021:09:51:03 +0800] "GET /xingrg/kc/base/wldb_order_operate.html?command=get_materiel&rest_code=00155&base_code=0010739&code=00101019536 HTTP/1.1" 200 471
116.230.110.80 - - [02/May/2021:09:51:07 +0800] "GET /xingrg/kc/base/wldb_order_operate.html?command=get_materiel&rest_code=00155&base_code=0010739&code=00101019430 HTTP/1.1" 200 462
116.230.110.80 - - [02/May/2021:09:51:10 +0800] "POST /xingrg/kc/base/wldb_order_operate.html HTTP/1.1" 200 37
116.230.110.80 - - [02/May/2021:09:51:11 +0800] "POST /xingrg/kc/base/wldb_order_operate.html HTTP/1.1" 200 2718
116.230.110.80 - - [02/May/2021:09:51:11 +0800] "GET /xingrg/kc/base/wldb_order_info.html?code=422021050200156 HTTP/1.1" 200 30529
116.230.110.80 - - [02/May/2021:09:51:12 +0800] "GET /xingrg/javascript/easyui/themes/default/validatebox.css HTTP/1.1" 404 1104
116.230.110.80 - - [02/May/2021:09:51:12 +0800] "POST /xingrg/kc/base/wldb_order_operate.html HTTP/1.1" 200 2718
116.224.253.72 - - [02/May/2021:09:51:15 +0800] "GET /xingrg/kc/buy/cgsh_order_operate.html?command=get_materiel&rest_code=00150&code=00101009013&supplier_code=00100424&order_time=2021-05-02 HTTP/1.1" 200 421
116.230.110.80 - - [02/May/2021:09:51:17 +0800] "GET /xingrg/kc/base/wldb_order_add.html HTTP/1.1" 200 30514
116.230.110.80 - - [02/May/2021:09:51:17 +0800] "POST /xingrg/kc/base/wldb_order_operate.html HTTP/1.1" 200 6806
116.230.110.80 - - [02/May/2021:09:51:17 +0800] "GET /xingrg/javascript/easyui/themes/default/validatebox.css HTTP/1.1" 404 1104
114.88.160.164 - - [02/May/2021:09:51:20 +0800] "GET /xingrg/kc/buy/cgsh_order_operate.html?command=get_materiel&rest_code=00111&code=00101004030&supplier_code=00100199&order_time=2021-05-02 HTTP/1.1" 200 408
116.224.253.72 - - [02/May/2021:09:51:22 +0800] "POST /xingrg/kc/buy/cgsh_order_operate.html HTTP/1.1" 200 37
116.230.110.80 - - [02/May/2021:09:51:24 +0800] "GET /xingrg/kc/base/wldb_order_operate.html?command=get_materiel&rest_code=00155&base_code=0010739&code=00101019063 HTTP/1.1" 200 447
116.232.54.167 - - [02/May/2021:09:51:24 +0800] "GET /xingrg/all/function/internal_message.html?_=1619920284861&CODE_STATE=getMsg HTTP/1.1" 200 27
116.230.110.80 - - [02/May/2021:09:51:29 +0800] "GET /xingrg/kc/base/wldb_order_operate.html?command=get_materiel&rest_code=00155&base_code=0010739&code=00101019427 HTTP/1.1" 200 446
61.165.42.208 - - [02/May/2021:09:51:31 +0800] "GET /xingrg/all/function/internal_message.html?_=1619920293425&CODE_STATE=getMsg HTTP/1.1" 200 27
61.165.42.208 - - [02/May/2021:09:51:31 +0800] "GET /xingrg/check_reg.html?_=1619920293424 HTTP/1.1" 200 22
116.224.253.72 - - [02/May/2021:09:51:33 +0800] "POST /xingrg/kc/buy/cgsh_order_operate.html HTTP/1.1" 200 7992
114.83.217.136 - - [02/May/2021:09:51:35 +0800] "GET /xingrg/check_reg.html?_=1619920295721 HTTP/1.1" 200 22
114.83.217.136 - - [02/May/2021:09:51:36 +0800] "GET /xingrg/all/function/internal_message.html?_=1619920295772&CODE_STATE=getMsg HTTP/1.1" 200 27
114.88.160.164 - - [02/May/2021:09:51:36 +0800] "GET /xingrg/kc/buy/cgsh_order_operate.html?command=get_materiel&rest_code=00111&code=00101002027&supplier_code=00100199&order_time=2021-05-02 HTTP/1.1" 200 413
58.37.228.113 - - [02/May/2021:09:51:37 +0800] "GET /xingrg/all/function/internal_message.html?_=1619920263272&CODE_STATE=getMsg HTTP/1.1" 200 27
116.230.110.80 - - [02/May/2021:09:51:37 +0800] "GET /xingrg/kc/base/wldb_order_operate.html?command=get_materiel&rest_code=00155&base_code=0010739&code=00101019129 HTTP/1.1" 200 456
116.224.253.72 - - [02/May/2021:09:51:45 +0800] "GET /xingrg/all/function/internal_message.html?_=1619920304719&CODE_STATE=getMsg HTTP/1.1" 200 27
116.232.54.167 - - [02/May/2021:09:51:45 +0800] "GET /xingrg/kc/buy/cgsh_order_add.html HTTP/1.1" 200 62398
116.232.54.167 - - [02/May/2021:09:51:45 +0800] "POST /xingrg/kc/buy/cgsh_order_operate.html HTTP/1.1" 200 8245
116.232.54.167 - - [02/May/2021:09:51:45 +0800] "GET /xingrg/all/common/auto_word.html?type=employee&rest_code=00109 HTTP/1.1" 200 205
116.232.54.167 - - [02/May/2021:09:51:45 +0800] "GET /xingrg/all/common/auto_word.html?type=employee&rest_code=00109 HTTP/1.1" 200 205
116.232.54.167 - - [02/May/2021:09:51:45 +0800] "GET /xingrg/javascript/easyui/themes/default/validatebox.css HTTP/1.1" 404 1104
116.230.110.80 - - [02/May/2021:09:51:46 +0800] "GET /xingrg/all/function/internal_message.html?_=1619920306304&CODE_STATE=getMsg HTTP/1.1" 200 27
116.230.110.80 - - [02/May/2021:09:51:47 +0800] "GET /xingrg/kc/base/wldb_order_operate.html?command=get_materiel&rest_code=00155&base_code=0010739&code=00101013011 HTTP/1.1" 200 451
114.88.160.164 - - [02/May/2021:09:51:50 +0800] "GET /xingrg/kc/buy/cgsh_order_operate.html?command=get_materiel&rest_code=00111&code=00101002007&supplier_code=00100199&order_time=2021-05-02 HTTP/1.1" 200 409
117.185.32.26 - - [02/May/2021:09:51:51 +0800] "GET /xingrg/all/function/internal_message.html?_=1619920306939&CODE_STATE=getMsg HTTP/1.1" 200 27
116.232.54.167 - - [02/May/2021:09:51:52 +0800] "GET /xingrg/javascript/jquery_tools/images/prev.gif HTTP/1.1" 404 1086
116.232.54.167 - - [02/May/2021:09:51:52 +0800] "GET /xingrg/javascript/jquery_tools/images/next.gif HTTP/1.1" 404 1086
114.88.160.164 - - [02/May/2021:09:51:53 +0800] "GET /xingrg/all/function/internal_message.html?_=1619920311514&CODE_STATE=getMsg HTTP/1.1" 200 27
116.230.114.112 - - [02/May/2021:09:51:59 +0800] "GET /xingrg/all/function/internal_message.html?_=1619920320515&CODE_STATE=getMsg HTTP/1.1" 200 27
116.230.110.80 - - [02/May/2021:09:52:00 +0800] "GET /xingrg/kc/base/wldb_order_operate.html?command=get_materiel&rest_code=00155&base_code=0010739&code=00101029015 HTTP/1.1" 200 475
116.230.110.80 - - [02/May/2021:09:52:04 +0800] "POST /xingrg/kc/base/wldb_order_operate.html HTTP/1.1" 200 37
116.230.110.80 - - [02/May/2021:09:52:05 +0800] "POST /xingrg/kc/base/wldb_order_operate.html HTTP/1.1" 200 4180
116.230.110.80 - - [02/May/2021:09:52:05 +0800] "GET /xingrg/kc/base/wldb_order_info.html?code=422021050200157 HTTP/1.1" 200 30529
116.230.110.80 - - [02/May/2021:09:52:06 +0800] "GET /xingrg/javascript/easyui/themes/default/validatebox.css HTTP/1.1" 404 1104
116.230.110.80 - - [02/May/2021:09:52:06 +0800] "POST /xingrg/kc/base/wldb_order_operate.html HTTP/1.1" 200 4180
114.88.160.164 - - [02/May/2021:09:52:06 +0800] "GET /xingrg/kc/buy/cgsh_order_operate.html?command=get_materiel&rest_code=00111&code=00101002006&supplier_code=00100199&order_time=2021-05-02 HTTP/1.1" 200 416
116.230.110.80 - - [02/May/2021:09:52:14 +0800] "GET /xingrg/kc/base/wldb_order_add.html HTTP/1.1" 200 30514
116.230.110.80 - - [02/May/2021:09:52:14 +0800] "POST /xingrg/kc/base/wldb_order_operate.html HTTP/1.1" 200 6806
116.230.110.80 - - [02/May/2021:09:52:14 +0800] "GET /xingrg/javascript/easyui/themes/default/validatebox.css HTTP/1.1" 404 1104
117.185.32.26 - - [02/May/2021:09:52:23 +0800] "GET /xingrg/kc/mdqp/qp_main.html HTTP/1.1" 200 10633
117.185.32.26 - - [02/May/2021:09:52:23 +0800] "GET /xingrg/images/yd/bt.gif HTTP/1.1" 404 1040
117.185.32.26 - - [02/May/2021:09:52:24 +0800] "GET /xingrg/kc/mdqp/pssh_order_list.html HTTP/1.1" 200 17933
116.232.54.167 - - [02/May/2021:09:52:24 +0800] "GET /xingrg/all/function/internal_message.html?_=1619920344860&CODE_STATE=getMsg HTTP/1.1" 200 27
117.185.32.26 - - [02/May/2021:09:52:26 +0800] "POST /xingrg/kc/mdqp/pssh_list_operate.html HTTP/1.1" 200 5123
116.232.54.167 - - [02/May/2021:09:52:26 +0800] "GET /xingrg/kc/buy/cgsh_order_operate.html?command=get_materiel&rest_code=00109&code=00101008350&supplier_code=00100005&order_time=2021-05-02 HTTP/1.1" 200 408
117.185.32.26 - - [02/May/2021:09:52:29 +0800] "POST /xingrg/kc/mdqp/pssh_list_operate.html HTTP/1.1" 200 777
117.185.32.26 - - [02/May/2021:09:52:31 +0800] "GET /xingrg/kc/mdqp/pssh_order_info.html?code=312021050100029 HTTP/1.1" 200 17275
117.185.32.26 - - [02/May/2021:09:52:31 +0800] "GET /xingrg/javascript/jquery_tools/jquery-1.4.2.min.js HTTP/1.1" 404 1094
117.185.32.26 - - [02/May/2021:09:52:31 +0800] "GET /xingrg/words/20210501105541_words.js HTTP/1.1" 304 -
61.165.42.208 - - [02/May/2021:09:52:31 +0800] "GET /xingrg/all/function/internal_message.html?_=1619920353394&CODE_STATE=getMsg HTTP/1.1" 200 27
117.185.32.26 - - [02/May/2021:09:52:32 +0800] "GET /xingrg/javascript/easyui/themes/icons/back_new.png HTTP/1.1" 200 3414
117.185.32.26 - - [02/May/2021:09:52:32 +0800] "GET /xingrg/all/common/auto_word.html?type=base&rest_code=00106&rest_code=00106 HTTP/1.1" 200 1753
117.185.32.26 - - [02/May/2021:09:52:32 +0800] "GET /xingrg/all/common/auto_word.html?type=employee&rest_code=00106 HTTP/1.1" 200 205
117.185.32.26 - - [02/May/2021:09:52:32 +0800] "GET /xingrg/javascript/easyui/themes/default/validatebox.css HTTP/1.1" 404 1104
117.185.32.26 - - [02/May/2021:09:52:32 +0800] "POST /xingrg/kc/mdqp/pssh_order_operate.html HTTP/1.1" 200 7891
116.230.110.80 - - [02/May/2021:09:52:33 +0800] "GET /xingrg/kc/base/wldb_order_operate.html?command=get_materiel&rest_code=00155&base_code=0010740&code=00102004026 HTTP/1.1" 200 442
114.83.217.136 - - [02/May/2021:09:52:36 +0800] "GET /xingrg/all/function/internal_message.html?_=1619920355757&CODE_STATE=getMsg HTTP/1.1" 200 27
116.230.110.80 - - [02/May/2021:09:52:36 +0800] "POST /xingrg/kc/base/wldb_order_operate.html HTTP/1.1" 200 37
116.230.110.80 - - [02/May/2021:09:52:36 +0800] "POST /xingrg/kc/base/wldb_order_operate.html HTTP/1.1" 200 2662
116.230.110.80 - - [02/May/2021:09:52:37 +0800] "GET /xingrg/kc/base/wldb_order_info.html?code=422021050200158 HTTP/1.1" 200 30528
58.37.228.113 - - [02/May/2021:09:52:37 +0800] "GET /xingrg/all/function/internal_message.html?_=1619920323259&CODE_STATE=getMsg HTTP/1.1" 200 27
116.224.253.72 - - [02/May/2021:09:52:37 +0800] "POST /xingrg/kc/buy/cgsh_order_operate.html HTTP/1.1" 200 37
116.230.110.80 - - [02/May/2021:09:52:37 +0800] "GET /xingrg/javascript/easyui/themes/default/validatebox.css HTTP/1.1" 404 1104
116.230.110.80 - - [02/May/2021:09:52:37 +0800] "POST /xingrg/kc/base/wldb_order_operate.html HTTP/1.1" 200 2662
116.224.253.72 - - [02/May/2021:09:52:41 +0800] "POST /xingrg/kc/buy/cgsh_order_operate.html HTTP/1.1" 200 2065
61.165.42.208 - - [02/May/2021:09:52:41 +0800] "POST /xingrg/kc/buy/cgsh_order_operate.html HTTP/1.1" 200 37
61.165.42.208 - - [02/May/2021:09:52:42 +0800] "POST /xingrg/kc/buy/cgsh_order_operate.html HTTP/1.1" 200 53487
58.37.228.113 - - [02/May/2021:09:52:43 +0800] "POST /xingrg/kc/buy/cgsh_list_operate.html HTTP/1.1" 200 5349
117.185.32.26 - - [02/May/2021:09:52:43 +0800] "POST /xingrg/kc/mdqp/pssh_list_operate.html HTTP/1.1" 200 4642
61.165.42.208 - - [02/May/2021:09:52:44 +0800] "GET /xingrg/kc/print/load_data.html?order_code=212021050200569&kc_code=cgsh&condition= HTTP/1.1" 200 19806
116.224.253.72 - - [02/May/2021:09:52:45 +0800] "GET /xingrg/all/function/internal_message.html?_=1619920364733&CODE_STATE=getMsg HTTP/1.1" 200 27
117.185.32.26 - - [02/May/2021:09:52:46 +0800] "POST /xingrg/kc/mdqp/pssh_list_operate.html HTTP/1.1" 200 257
116.224.253.72 - - [02/May/2021:09:52:46 +0800] "GET /xingrg/kc/buy/cgsh_order_add.html HTTP/1.1" 200 62293
116.230.110.80 - - [02/May/2021:09:52:46 +0800] "GET /xingrg/all/function/internal_message.html?_=1619920366261&CODE_STATE=getMsg HTTP/1.1" 200 27
116.224.253.72 - - [02/May/2021:09:52:46 +0800] "POST /xingrg/kc/buy/cgsh_order_operate.html HTTP/1.1" 200 8245
116.224.253.72 - - [02/May/2021:09:52:46 +0800] "GET /xingrg/javascript/easyui/themes/default/validatebox.css HTTP/1.1" 404 1104
117.185.32.26 - - [02/May/2021:09:52:47 +0800] "POST /xingrg/kc/mdqp/pssh_list_operate.html HTTP/1.1" 200 260
117.185.32.26 - - [02/May/2021:09:52:49 +0800] "POST /xingrg/kc/mdqp/pssh_list_operate.html HTTP/1.1" 200 364
116.224.253.72 - - [02/May/2021:09:52:50 +0800] "POST /xingrg/kc/buy/cgsh_list_operate.html HTTP/1.1" 200 2089
117.185.32.26 - - [02/May/2021:09:52:51 +0800] "POST /xingrg/kc/mdqp/pssh_list_operate.html HTTP/1.1" 200 789
117.185.32.26 - - [02/May/2021:09:52:51 +0800] "GET /xingrg/all/function/internal_message.html?_=1619920366954&CODE_STATE=getMsg HTTP/1.1" 200 27
58.37.228.113 - - [02/May/2021:09:52:52 +0800] "POST /xingrg/kc/buy/cgsh_list_operate.html HTTP/1.1" 200 498
117.185.32.26 - - [02/May/2021:09:52:52 +0800] "POST /xingrg/kc/mdqp/pssh_list_operate.html HTTP/1.1" 200 288
116.224.253.72 - - [02/May/2021:09:52:53 +0800] "POST /xingrg/kc/buy/cgsh_list_operate.html HTTP/1.1" 200 576
114.88.160.164 - - [02/May/2021:09:52:53 +0800] "GET /xingrg/all/function/internal_message.html?_=1619920371734&CODE_STATE=getMsg HTTP/1.1" 200 27
58.37.228.113 - - [02/May/2021:09:52:54 +0800] "GET /xingrg/kc/buy/cgsh_order_info.html?code=212021041807425 HTTP/1.1" 200 57263
117.185.32.26 - - [02/May/2021:09:52:54 +0800] "POST /xingrg/kc/mdqp/pssh_list_operate.html HTTP/1.1" 200 568
58.37.228.113 - - [02/May/2021:09:52:54 +0800] "GET /xingrg/javascript/easyui/themes/default/validatebox.css HTTP/1.1" 404 1104
116.224.253.72 - - [02/May/2021:09:52:54 +0800] "GET /xingrg/kc/buy/cgsh_order_info.html?code=212021050200586 HTTP/1.1" 200 62302
116.232.54.167 - - [02/May/2021:09:52:54 +0800] "GET /xingrg/javascript/auto/indicator.gif HTTP/1.1" 404 1066
58.37.228.113 - - [02/May/2021:09:52:54 +0800] "POST /xingrg/kc/buy/cgsh_order_operate.html HTTP/1.1" 200 2968
116.224.253.72 - - [02/May/2021:09:52:54 +0800] "GET /xingrg/javascript/easyui/themes/default/validatebox.css HTTP/1.1" 404 1104
116.224.253.72 - - [02/May/2021:09:52:55 +0800] "POST /xingrg/kc/buy/cgsh_order_operate.html HTTP/1.1" 200 7991
117.185.32.26 - - [02/May/2021:09:52:56 +0800] "POST /xingrg/kc/mdqp/pssh_list_operate.html HTTP/1.1" 200 467
117.185.32.26 - - [02/May/2021:09:52:59 +0800] "POST /xingrg/kc/mdqp/pssh_list_operate.html HTTP/1.1" 200 1766
116.230.114.112 - - [02/May/2021:09:52:59 +0800] "GET /xingrg/all/function/internal_message.html?_=1619920380605&CODE_STATE=getMsg HTTP/1.1" 200 27
117.185.32.26 - - [02/May/2021:09:53:00 +0800] "POST /xingrg/kc/mdqp/pssh_list_operate.html HTTP/1.1" 200 259
116.224.253.72 - - [02/May/2021:09:53:01 +0800] "POST /xingrg/all/user/operate.html HTTP/1.1" 200 36
116.232.54.167 - - [02/May/2021:09:53:02 +0800] "GET /xingrg/kc/buy/cgsh_order_operate.html?command=get_materiel&rest_code=00109&code=00101008261&supplier_code=00100005&order_time=2021-05-02 HTTP/1.1" 200 408
116.224.253.72 - - [02/May/2021:09:53:03 +0800] "GET /xingrg/javascript/jquery_easy_ui/themes/default/easyui.css HTTP/1.1" 304 -
116.224.253.72 - - [02/May/2021:09:53:03 +0800] "GET /xingrg/index.html?sysBaseUrl=http%3A%2F%2F180.169.147.146%3A18081%2Fxingrg%2F&costTime=42×tamp=1619915773599 HTTP/1.1" 200 17177
116.224.253.72 - - [02/May/2021:09:53:03 +0800] "GET /xingrg/javascript/jquery_easy_ui/themes/icon.css HTTP/1.1" 304 -
116.224.253.72 - - [02/May/2021:09:53:03 +0800] "GET /xingrg/css/form.css HTTP/1.1" 304 -
116.224.253.72 - - [02/May/2021:09:53:03 +0800] "GET /xingrg/javascript/jquery-1.4.2.min.js HTTP/1.1" 304 -
116.224.253.72 - - [02/May/2021:09:53:03 +0800] "GET /xingrg/javascript/jquery_easy_ui/jquery.easyui.min.js HTTP/1.1" 304 -
116.224.253.72 - - [02/May/2021:09:53:03 +0800] "GET /xingrg/javascript/jquery_easy_ui/easyui-lang-zh_CN.js HTTP/1.1" 304 -
116.224.253.72 - - [02/May/2021:09:53:03 +0800] "GET /xingrg/javascript/jquery.form.js HTTP/1.1" 304 -
116.224.253.72 - - [02/May/2021:09:53:03 +0800] "GET /xingrg/javascript/jquery.utils.js HTTP/1.1" 304 -
116.224.253.72 - - [02/May/2021:09:53:03 +0800] "GET /xingrg/javascript/jquery.timers.js HTTP/1.1" 304 -
116.224.253.72 - - [02/May/2021:09:53:03 +0800] "GET /xingrg/images/blue/navBackgound.jpg HTTP/1.1" 304 -
116.224.253.72 - - [02/May/2021:09:53:03 +0800] "GET /xingrg/images/blue/jxLogo.png HTTP/1.1" 304 -
116.224.253.72 - - [02/May/2021:09:53:03 +0800] "GET /xingrg/javascript/jquery_easy_ui/themes/icons/settle_new.png HTTP/1.1" 304 -
61.165.42.208 - - [02/May/2021:09:53:03 +0800] "POST /xingrg/kc/buy/cgsh_order_operate.html HTTP/1.1" 200 37
116.224.253.72 - - [02/May/2021:09:53:03 +0800] "GET /xingrg/images/blue/pingpu.png HTTP/1.1" 304 -
116.224.253.72 - - [02/May/2021:09:53:03 +0800] "GET /xingrg/javascript/jquery_easy_ui/themes/default/images/tabs_leftarrow.png HTTP/1.1" 304 -
116.224.253.72 - - [02/May/2021:09:53:03 +0800] "POST /xingrg/all/common/load_tree.html?tree=area_rest_tree_json&manage=1 HTTP/1.1" 200 476
116.224.253.72 - - [02/May/2021:09:53:03 +0800] "GET /xingrg/javascript/jquery_easy_ui/themes/default/images/tabs_rightarrow.png HTTP/1.1" 304 -
116.224.253.72 - - [02/May/2021:09:53:03 +0800] "GET /xingrg/javascript/jquery_easy_ui/themes/default/images/panel_tool_collapse.gif HTTP/1.1" 304 -
116.224.253.72 - - [02/May/2021:09:53:03 +0800] "GET /xingrg/all/function/internal_message.html?_=1619920383047&CODE_STATE=count HTTP/1.1" 200 11
116.224.253.72 - - [02/May/2021:09:53:03 +0800] "GET /xingrg/check_reg.html?_=1619920383048 HTTP/1.1" 200 22
116.224.253.72 - - [02/May/2021:09:53:03 +0800] "GET /xingrg/javascript/jquery_easy_ui/themes/default/images/tree_arrows.gif HTTP/1.1" 304 -
116.224.253.72 - - [02/May/2021:09:53:03 +0800] "POST /xingrg/load_menu.html HTTP/1.1" 200 5138
61.165.42.208 - - [02/May/2021:09:53:04 +0800] "POST /xingrg/kc/buy/cgsh_order_operate.html HTTP/1.1" 200 53487
117.185.32.26 - - [02/May/2021:09:53:05 +0800] "GET /xingrg/kc/buy/buy_main.html HTTP/1.1" 200 12412
117.185.32.26 - - [02/May/2021:09:53:05 +0800] "GET /xingrg/css/new_ie.css HTTP/1.1" 404 1036
114.88.160.164 - - [02/May/2021:09:53:06 +0800] "POST /xingrg/kc/buy/cgsh_order_operate.html HTTP/1.1" 200 37
117.185.32.26 - - [02/May/2021:09:53:06 +0800] "GET /xingrg/images/yd/bt.gif HTTP/1.1" 404 1040
114.88.160.164 - - [02/May/2021:09:53:07 +0800] "POST /xingrg/kc/buy/cgsh_order_operate.html HTTP/1.1" 200 5630
61.165.42.208 - - [02/May/2021:09:53:07 +0800] "GET /xingrg/index.html?sysBaseUrl=http%3A%2F%2F180.169.147.146%3A18081%2Fxingrg%2F&costTime=36×tamp=1585222720700 HTTP/1.1" 200 17173
61.165.42.208 - - [02/May/2021:09:53:07 +0800] "POST /xingrg/all/common/load_tree.html?tree=area_rest_tree_json&manage=1 HTTP/1.1" 200 3344
61.165.42.208 - - [02/May/2021:09:53:07 +0800] "GET /xingrg/check_reg.html?_=1619920389633 HTTP/1.1" 200 22
61.165.42.208 - - [02/May/2021:09:53:07 +0800] "GET /xingrg/all/function/internal_message.html?_=1619920389632&CODE_STATE=count HTTP/1.1" 200 11
61.165.42.208 - - [02/May/2021:09:53:07 +0800] "GET /favicon.ico HTTP/1.1" 404 -
61.165.42.208 - - [02/May/2021:09:53:08 +0800] "POST /xingrg/load_menu.html HTTP/1.1" 200 5138
117.185.32.26 - - [02/May/2021:09:53:08 +0800] "GET /xingrg/kc/buy/cgsh_order_list.html HTTP/1.1" 200 46619
58.37.228.113 - - [02/May/2021:09:53:09 +0800] "POST /xingrg/kc/buy/cgsh_list_operate.html HTTP/1.1" 200 5349
114.88.160.164 - - [02/May/2021:09:53:09 +0800] "GET /xingrg/kc/print/load_data.html?order_code=212021050200587&kc_code=cgsh&condition= HTTP/1.1" 200 1803
117.185.32.26 - - [02/May/2021:09:53:09 +0800] "POST /xingrg/kc/buy/cgsh_list_operate.html HTTP/1.1" 200 876
117.185.32.26 - - [02/May/2021:09:53:10 +0800] "GET /xingrg/kc/buy/cgsh_order_add.html HTTP/1.1" 200 62363
61.165.42.208 - - [02/May/2021:09:53:11 +0800] "GET /xingrg/kc/buy/cgsh_order_list.html HTTP/1.1" 200 46619
117.185.32.26 - - [02/May/2021:09:53:11 +0800] "GET /xingrg/javascript/easyui/themes/default/validatebox.css HTTP/1.1" 404 1104
117.185.32.26 - - [02/May/2021:09:53:11 +0800] "POST /xingrg/kc/buy/cgsh_order_operate.html HTTP/1.1" 200 8245
117.185.32.26 - - [02/May/2021:09:53:12 +0800] "GET /xingrg/javascript/easyui/themes/default/tree.css HTTP/1.1" 404 1090
117.185.32.26 - - [02/May/2021:09:53:12 +0800] "POST /xingrg/all/common/load_tree.html?tree=supplier_tree_json&isDelete=1 HTTP/1.1" 200 55318
116.232.54.167 - - [02/May/2021:09:53:14 +0800] "GET /xingrg/kc/buy/cgsh_order_operate.html?command=get_materiel&rest_code=00109&code=00101008331&supplier_code=00100005&order_time=2021-05-02 HTTP/1.1" 200 416
116.224.253.72 - - [02/May/2021:09:53:15 +0800] "GET /xingrg/kc/buy/cgsh_order_list.html HTTP/1.1" 200 46623
61.165.42.208 - - [02/May/2021:09:53:15 +0800] "POST /xingrg/kc/buy/cgsh_list_operate.html HTTP/1.1" 200 3131
116.224.253.72 - - [02/May/2021:09:53:16 +0800] "POST /xingrg/kc/buy/cgsh_list_operate.html HTTP/1.1" 200 1706
116.224.253.72 - - [02/May/2021:09:53:18 +0800] "POST /xingrg/kc/buy/cgsh_list_operate.html HTTP/1.1" 200 566
116.224.253.72 - - [02/May/2021:09:53:19 +0800] "GET /xingrg/kc/buy/cgsh_order_info.html?code=212021050200564 HTTP/1.1" 200 62020
116.224.253.72 - - [02/May/2021:09:53:19 +0800] "GET /xingrg/javascript/easyui/themes/default/validatebox.css HTTP/1.1" 404 1104
116.224.253.72 - - [02/May/2021:09:53:20 +0800] "POST /xingrg/kc/buy/cgsh_order_operate.html HTTP/1.1" 200 23600
61.165.42.208 - - [02/May/2021:09:53:23 +0800] "POST /xingrg/kc/buy/cgsh_list_operate.html HTTP/1.1" 200 577
61.165.42.208 - - [02/May/2021:09:53:24 +0800] "GET /xingrg/kc/buy/cgsh_order_info.html?code=212021050200569 HTTP/1.1" 200 62407
61.165.42.208 - - [02/May/2021:09:53:24 +0800] "GET /xingrg/javascript/easyui/themes/default/validatebox.css HTTP/1.1" 404 1104
61.165.42.208 - - [02/May/2021:09:53:24 +0800] "GET /xingrg/all/common/auto_word.html?type=employee&rest_code=00105 HTTP/1.1" 200 193
61.165.42.208 - - [02/May/2021:09:53:24 +0800] "GET /xingrg/all/common/auto_word.html?type=employee&rest_code=00105 HTTP/1.1" 200 193
116.232.54.167 - - [02/May/2021:09:53:24 +0800] "GET /xingrg/kc/buy/cgsh_order_operate.html?command=get_materiel&rest_code=00109&code=00101008351&supplier_code=00100005&order_time=2021-05-02 HTTP/1.1" 200 408
116.232.54.167 - - [02/May/2021:09:53:24 +0800] "GET /xingrg/all/function/internal_message.html?_=1619920404859&CODE_STATE=getMsg HTTP/1.1" 200 27
61.165.42.208 - - [02/May/2021:09:53:25 +0800] "POST /xingrg/kc/buy/cgsh_order_operate.html HTTP/1.1" 200 53487
117.185.32.26 - - [02/May/2021:09:53:28 +0800] "GET /xingrg/javascript/auto/indicator.gif HTTP/1.1" 404 1066
120.204.17.70 - - [02/May/2021:09:53:29 +0800] "GET /xingrg/kc/mdqp/pssh_order_list.html HTTP/1.1" 302 -
120.204.17.70 - - [02/May/2021:09:53:31 +0800] "GET /xingrg/login.html HTTP/1.1" 200 7641
58.37.228.113 - - [02/May/2021:09:53:31 +0800] "POST /xingrg/kc/buy/cgsh_list_operate.html HTTP/1.1" 200 419
183.192.164.97 - - [02/May/2021:09:53:32 +0800] "GET /xingrg/all/common/auto_word.html?type=employee&rest_code=00106 HTTP/1.1" 302 -
58.37.228.113 - - [02/May/2021:09:53:32 +0800] "GET /xingrg/kc/buy/cgsh_order_info.html?code=212021042912743 HTTP/1.1" 200 57263
58.37.228.113 - - [02/May/2021:09:53:33 +0800] "GET /xingrg/javascript/easyui/themes/default/validatebox.css HTTP/1.1" 404 1104
58.37.228.113 - - [02/May/2021:09:53:33 +0800] "POST /xingrg/kc/buy/cgsh_order_operate.html HTTP/1.1" 200 2374
183.192.164.97 - - [02/May/2021:09:53:33 +0800] "GET /xingrg/login.html HTTP/1.1" 200 7641
116.232.54.167 - - [02/May/2021:09:53:34 +0800] "GET /xingrg/kc/buy/cgsh_order_operate.html?command=get_materiel&rest_code=00109&code=00101008199&supplier_code=00100005&order_time=2021-05-02 HTTP/1.1" 200 408
114.83.217.136 - - [02/May/2021:09:53:36 +0800] "GET /xingrg/all/function/internal_message.html?_=1619920415729&CODE_STATE=getMsg HTTP/1.1" 200 27
58.37.228.113 - - [02/May/2021:09:53:37 +0800] "GET /xingrg/all/function/internal_message.html?_=1619920383231&CODE_STATE=getMsg HTTP/1.1" 200 27
117.185.32.26 - - [02/May/2021:09:53:41 +0800] "GET /xingrg/kc/buy/cgsh_order_operate.html?command=get_materiel&rest_code=00106&code=00101006130&supplier_code=00100015&order_time=2021-05-02 HTTP/1.1" 200 427
116.232.54.167 - - [02/May/2021:09:53:42 +0800] "GET /xingrg/kc/buy/cgsh_order_operate.html?command=get_materiel&rest_code=00109&code=00101008370&supplier_code=00100005&order_time=2021-05-02 HTTP/1.1" 200 412
116.230.110.80 - - [02/May/2021:09:53:46 +0800] "GET /xingrg/all/function/internal_message.html?_=1619920426258&CODE_STATE=getMsg HTTP/1.1" 200 27
117.185.32.26 - - [02/May/2021:09:53:51 +0800] "GET /xingrg/all/function/internal_message.html?_=1619920426958&CODE_STATE=getMsg HTTP/1.1" 200 27
117.185.32.26 - - [02/May/2021:09:53:51 +0800] "GET /xingrg/kc/buy/cgsh_order_operate.html?command=get_materiel&rest_code=00106&code=00101006055&supplier_code=00100015&order_time=2021-05-02 HTTP/1.1" 200 411
116.232.54.167 - - [02/May/2021:09:53:52 +0800] "GET /xingrg/kc/buy/cgsh_order_operate.html?command=get_materiel&rest_code=00109&code=00101008169&supplier_code=00100005&order_time=2021-05-02 HTTP/1.1" 200 412
116.230.110.80 - - [02/May/2021:09:53:54 +0800] "GET /xingrg/kc/buy/cgsh_order_list.html HTTP/1.1" 200 46625
114.88.160.164 - - [02/May/2021:09:53:54 +0800] "GET /xingrg/all/function/internal_message.html?_=1619920432107&CODE_STATE=getMsg HTTP/1.1" 200 27
116.230.110.80 - - [02/May/2021:09:53:58 +0800] "POST /xingrg/kc/buy/cgsh_list_operate.html HTTP/1.1" 200 3133
116.230.114.112 - - [02/May/2021:09:53:59 +0800] "GET /xingrg/all/function/internal_message.html?_=1619920440605&CODE_STATE=getMsg HTTP/1.1" 200 27
117.185.32.26 - - [02/May/2021:09:54:01 +0800] "GET /xingrg/kc/buy/cgsh_order_operate.html?command=get_materiel&rest_code=00106&code=00101006109&supplier_code=00100015&order_time=2021-05-02 HTTP/1.1" 200 409
116.232.54.167 - - [02/May/2021:09:54:02 +0800] "GET /xingrg/kc/buy/cgsh_order_operate.html?command=get_materiel&rest_code=00109&code=00101008359&supplier_code=00100005&order_time=2021-05-02 HTTP/1.1" 200 408
116.224.253.72 - - [02/May/2021:09:54:03 +0800] "GET /xingrg/all/function/internal_message.html?_=1619920443060&CODE_STATE=getMsg HTTP/1.1" 200 27
116.230.110.80 - - [02/May/2021:09:54:07 +0800] "POST /xingrg/kc/buy/cgsh_list_operate.html HTTP/1.1" 200 569
61.165.42.208 - - [02/May/2021:09:54:07 +0800] "GET /xingrg/all/function/internal_message.html?_=1619920449647&CODE_STATE=getMsg HTTP/1.1" 200 27
117.185.32.26 - - [02/May/2021:09:54:08 +0800] "GET /xingrg/kc/buy/cgsh_order_operate.html?command=get_materiel&rest_code=00106&code=00101006133&supplier_code=00100015&order_time=2021-05-02 HTTP/1.1" 200 415
116.230.110.80 - - [02/May/2021:09:54:08 +0800] "GET /xingrg/kc/buy/cgsh_order_info.html?code=212021050200584 HTTP/1.1" 200 62334
116.230.110.80 - - [02/May/2021:09:54:08 +0800] "GET /xingrg/javascript/easyui/themes/default/validatebox.css HTTP/1.1" 404 1104
116.230.110.80 - - [02/May/2021:09:54:09 +0800] "POST /xingrg/kc/buy/cgsh_order_operate.html HTTP/1.1" 200 26306
116.230.110.80 - - [02/May/2021:09:54:13 +0800] "GET /xingrg/kc/print/load_data.html?order_code=212021050200584&kc_code=cgsh HTTP/1.1" 200 9660
58.37.228.113 - - [02/May/2021:09:54:22 +0800] "POST /xingrg/kc/buy/cgsh_list_operate.html HTTP/1.1" 200 5349
61.165.42.208 - - [02/May/2021:09:54:23 +0800] "POST /xingrg/kc/buy/cgsh_order_operate.html HTTP/1.1" 200 37
116.232.54.167 - - [02/May/2021:09:54:24 +0800] "GET /xingrg/all/function/internal_message.html?_=1619920464855&CODE_STATE=getMsg HTTP/1.1" 200 27
116.232.54.167 - - [02/May/2021:09:54:24 +0800] "GET /xingrg/check_reg.html?_=1619920464857 HTTP/1.1" 200 22
61.165.42.208 - - [02/May/2021:09:54:25 +0800] "POST /xingrg/kc/buy/cgsh_order_operate.html HTTP/1.1" 200 52894
61.165.42.208 - - [02/May/2021:09:54:29 +0800] "GET /xingrg/kc/print/load_config.html?kc_code=cgsh HTTP/1.1" 200 1845
61.165.42.208 - - [02/May/2021:09:54:29 +0800] "GET /xingrg/kc/print/load_data.html?order_code=212021050200569&kc_code=cgsh&condition= HTTP/1.1" 200 19591
114.83.217.136 - - [02/May/2021:09:54:36 +0800] "GET /xingrg/all/function/internal_message.html?_=1619920475730&CODE_STATE=getMsg HTTP/1.1" 200 27
58.37.228.113 - - [02/May/2021:09:54:37 +0800] "GET /xingrg/all/function/internal_message.html?_=1619920443210&CODE_STATE=getMsg HTTP/1.1" 200 27
116.232.54.167 - - [02/May/2021:09:54:39 +0800] "GET /xingrg/kc/buy/cgsh_order_operate.html?command=get_materiel&rest_code=00109&code=00101008256&supplier_code=00100005&order_time=2021-05-02 HTTP/1.1" 200 412
116.224.253.72 - - [02/May/2021:09:54:46 +0800] "POST /xingrg/kc/buy/cgsh_order_operate.html HTTP/1.1" 200 37
116.230.110.80 - - [02/May/2021:09:54:46 +0800] "GET /xingrg/all/function/internal_message.html?_=1619920486215&CODE_STATE=getMsg HTTP/1.1" 200 27
116.224.253.72 - - [02/May/2021:09:54:47 +0800] "POST /xingrg/kc/buy/cgsh_order_operate.html HTTP/1.1" 200 23601
117.185.32.26 - - [02/May/2021:09:54:51 +0800] "GET /xingrg/check_reg.html?_=1619920486975 HTTP/1.1" 200 22
117.185.32.26 - - [02/May/2021:09:54:52 +0800] "GET /xingrg/all/function/internal_message.html?_=1619920486977&CODE_STATE=getMsg HTTP/1.1" 200 27
180.169.147.146 - - [02/May/2021:09:54:52 +0800] "GET /xingrg/check_reg.html?_=1619920484403 HTTP/1.1" 200 22
120.204.17.73 - - [02/May/2021:09:54:53 +0800] "GET /xingrg/kc/buy/cgsh_order_operate.html?command=get_materiel&rest_code=00106&code=00101006055&supplier_code=00100015&order_time=2021-05-02 HTTP/1.1" 302 -
114.88.160.164 - - [02/May/2021:09:54:54 +0800] "GET /xingrg/all/function/internal_message.html?_=1619920492116&CODE_STATE=getMsg HTTP/1.1" 200 27
120.204.17.73 - - [02/May/2021:09:54:55 +0800] "GET /xingrg/login.html HTTP/1.1" 200 7641
116.232.54.167 - - [02/May/2021:09:54:56 +0800] "GET /xingrg/kc/buy/cgsh_order_operate.html?command=get_materiel&rest_code=00109&code=00101008155&supplier_code=00100005&order_time=2021-05-02 HTTP/1.1" 200 408
116.230.114.112 - - [02/May/2021:09:54:59 +0800] "GET /xingrg/all/function/internal_message.html?_=1619920500713&CODE_STATE=getMsg HTTP/1.1" 200 27
116.224.253.72 - - [02/May/2021:09:55:03 +0800] "GET /xingrg/all/function/internal_message.html?_=1619920503075&CODE_STATE=getMsg HTTP/1.1" 200 27
117.185.32.26 - - [02/May/2021:09:55:03 +0800] "GET /xingrg/kc/buy/cgsh_order_operate.html?command=get_materiel&rest_code=00106&code=00101006129&supplier_code=00100015&order_time=2021-05-02 HTTP/1.1" 200 433
