116.232.54.167 - - [02/May/2021:09:55:05 +0800] "GET /xingrg/kc/buy/cgsh_order_operate.html?command=get_materiel&rest_code=00109&code=00101008185&supplier_code=00100005&order_time=2021-05-02 HTTP/1.1" 200 428
61.165.42.208 - - [02/May/2021:09:55:07 +0800] "GET /xingrg/all/function/internal_message.html?_=1619920509646&CODE_STATE=getMsg HTTP/1.1" 200 27
120.204.17.68 - - [02/May/2021:09:55:10 +0800] "GET /xingrg/kc/buy/cgsh_order_operate.html?command=get_materiel&rest_code=00106&code=00101006133&supplier_code=00100015&order_time=2021-05-02 HTTP/1.1" 302 -
116.232.54.167 - - [02/May/2021:09:55:13 +0800] "GET /xingrg/kc/buy/cgsh_order_operate.html?command=get_materiel&rest_code=00109&code=00101008096&supplier_code=00100005&order_time=2021-05-02 HTTP/1.1" 200 412
120.204.17.68 - - [02/May/2021:09:55:14 +0800] "GET /xingrg/login.html HTTP/1.1" 200 7641
116.232.54.167 - - [02/May/2021:09:55:20 +0800] "GET /xingrg/kc/buy/cgsh_order_operate.html?command=get_materiel&rest_code=00109&code=00101008355&supplier_code=00100005&order_time=2021-05-02 HTTP/1.1" 200 408
116.232.54.167 - - [02/May/2021:09:55:24 +0800] "GET /xingrg/all/function/internal_message.html?_=1619920524873&CODE_STATE=getMsg HTTP/1.1" 200 27
116.232.54.167 - - [02/May/2021:09:55:27 +0800] "GET /xingrg/kc/buy/cgsh_order_operate.html?command=get_materiel&rest_code=00109&code=00101008144&supplier_code=00100005&order_time=2021-05-02 HTTP/1.1" 200 412
116.232.54.167 - - [02/May/2021:09:55:35 +0800] "GET /xingrg/kc/buy/cgsh_order_operate.html?command=get_materiel&rest_code=00109&code=00101008264&supplier_code=00100005&order_time=2021-05-02 HTTP/1.1" 200 412
114.83.217.136 - - [02/May/2021:09:55:36 +0800] "GET /xingrg/all/function/internal_message.html?_=1619920535732&CODE_STATE=getMsg HTTP/1.1" 200 27
58.37.228.113 - - [02/May/2021:09:55:37 +0800] "GET /xingrg/all/function/internal_message.html?_=1619920503174&CODE_STATE=getMsg HTTP/1.1" 200 27
58.37.228.113 - - [02/May/2021:09:55:37 +0800] "GET /xingrg/check_reg.html?_=1619920503549 HTTP/1.1" 200 22
116.230.114.112 - - [02/May/2021:09:55:44 +0800] "GET /xingrg/check_reg.html?_=1619920546051 HTTP/1.1" 200 22
116.230.110.80 - - [02/May/2021:09:55:46 +0800] "GET /xingrg/all/function/internal_message.html?_=1619920546195&CODE_STATE=getMsg HTTP/1.1" 200 27
116.230.110.80 - - [02/May/2021:09:55:46 +0800] "GET /xingrg/check_reg.html?_=1619920546276 HTTP/1.1" 200 22
117.185.32.26 - - [02/May/2021:09:55:50 +0800] "GET /xingrg/kc/buy/cgsh_order_operate.html?command=get_materiel&rest_code=00106&code=00101019502&supplier_code=00100015&order_time=2021-05-02 HTTP/1.1" 200 410
114.88.160.164 - - [02/May/2021:09:55:51 +0800] "GET /xingrg/check_reg.html?_=1619920549433 HTTP/1.1" 200 22
117.185.32.26 - - [02/May/2021:09:55:51 +0800] "GET /xingrg/all/function/internal_message.html?_=1619920546947&CODE_STATE=getMsg HTTP/1.1" 200 27
116.232.54.167 - - [02/May/2021:09:55:52 +0800] "GET /xingrg/kc/buy/cgsh_order_operate.html?command=get_materiel&rest_code=00109&code=00101008439&supplier_code=00100005&order_time=2021-05-02 HTTP/1.1" 200 399
114.88.160.164 - - [02/May/2021:09:55:54 +0800] "GET /xingrg/all/function/internal_message.html?_=1619920552129&CODE_STATE=getMsg HTTP/1.1" 200 27
116.230.114.112 - - [02/May/2021:09:55:59 +0800] "GET /xingrg/all/function/internal_message.html?_=1619920560726&CODE_STATE=getMsg HTTP/1.1" 200 27
116.232.54.167 - - [02/May/2021:09:56:00 +0800] "GET /xingrg/kc/buy/cgsh_order_operate.html?command=get_materiel&rest_code=00109&code=00101008362&supplier_code=00100005&order_time=2021-05-02 HTTP/1.1" 200 408
116.224.253.72 - - [02/May/2021:09:56:03 +0800] "GET /xingrg/all/function/internal_message.html?_=1619920563088&CODE_STATE=getMsg HTTP/1.1" 200 27
61.165.42.208 - - [02/May/2021:09:56:07 +0800] "GET /xingrg/all/function/internal_message.html?_=1619920569650&CODE_STATE=getMsg HTTP/1.1" 200 27
116.232.54.167 - - [02/May/2021:09:56:09 +0800] "GET /xingrg/kc/buy/cgsh_order_operate.html?command=get_materiel&rest_code=00109&code=00101008357&supplier_code=00100005&order_time=2021-05-02 HTTP/1.1" 200 408
116.232.54.167 - - [02/May/2021:09:56:16 +0800] "GET /xingrg/kc/buy/cgsh_order_operate.html?command=get_materiel&rest_code=00109&code=00101008286&supplier_code=00100005&order_time=2021-05-02 HTTP/1.1" 200 408
116.232.54.167 - - [02/May/2021:09:56:24 +0800] "GET /xingrg/all/function/internal_message.html?_=1619920584876&CODE_STATE=getMsg HTTP/1.1" 200 27
116.232.54.167 - - [02/May/2021:09:56:25 +0800] "GET /xingrg/kc/buy/cgsh_order_operate.html?command=get_materiel&rest_code=00109&code=00101008318&supplier_code=00100005&order_time=2021-05-02 HTTP/1.1" 200 408
116.232.54.167 - - [02/May/2021:09:56:26 +0800] "POST /xingrg/kc/buy/cgsh_order_operate.html HTTP/1.1" 200 2065
116.224.253.72 - - [02/May/2021:09:56:29 +0800] "POST /xingrg/kc/buy/cgsh_order_operate.html HTTP/1.1" 200 37
116.232.54.167 - - [02/May/2021:09:56:33 +0800] "GET /xingrg/kc/buy/cgsh_order_operate.html?command=get_materiel&rest_code=00109&code=00101008352&supplier_code=00100005&order_time=2021-05-02 HTTP/1.1" 200 412
116.224.253.72 - - [02/May/2021:09:56:33 +0800] "POST /xingrg/kc/buy/cgsh_order_operate.html HTTP/1.1" 200 12
116.224.253.72 - - [02/May/2021:09:56:34 +0800] "GET /xingrg/kc/buy/cgsh_order_info.html?code=212021050200564 HTTP/1.1" 200 56917
116.224.253.72 - - [02/May/2021:09:56:35 +0800] "GET /xingrg/javascript/easyui/themes/default/validatebox.css HTTP/1.1" 404 1104
116.224.253.72 - - [02/May/2021:09:56:35 +0800] "POST /xingrg/kc/buy/cgsh_order_operate.html HTTP/1.1" 200 21545
114.83.217.136 - - [02/May/2021:09:56:36 +0800] "GET /xingrg/check_reg.html?_=1619920595735 HTTP/1.1" 200 22
114.83.217.136 - - [02/May/2021:09:56:36 +0800] "GET /xingrg/all/function/internal_message.html?_=1619920595739&CODE_STATE=getMsg HTTP/1.1" 200 27
58.37.228.113 - - [02/May/2021:09:56:37 +0800] "GET /xingrg/all/function/internal_message.html?_=1619920563146&CODE_STATE=getMsg HTTP/1.1" 200 27
116.224.253.72 - - [02/May/2021:09:56:37 +0800] "GET /xingrg/kc/print/load_data.html?order_code=212021050200564&kc_code=cgsh&condition= HTTP/1.1" 200 8853
116.232.54.167 - - [02/May/2021:09:56:41 +0800] "GET /xingrg/kc/buy/cgsh_order_operate.html?command=get_materiel&rest_code=00109&code=00101008196&supplier_code=00100005&order_time=2021-05-02 HTTP/1.1" 200 416
116.230.110.80 - - [02/May/2021:09:56:46 +0800] "GET /xingrg/all/function/internal_message.html?_=1619920606174&CODE_STATE=getMsg HTTP/1.1" 200 27
117.185.32.26 - - [02/May/2021:09:56:51 +0800] "GET /xingrg/all/function/internal_message.html?_=1619920606974&CODE_STATE=getMsg HTTP/1.1" 200 27
114.88.160.164 - - [02/May/2021:09:56:54 +0800] "GET /xingrg/all/function/internal_message.html?_=1619920612143&CODE_STATE=getMsg HTTP/1.1" 200 27
116.232.54.167 - - [02/May/2021:09:56:58 +0800] "GET /xingrg/kc/buy/cgsh_order_operate.html?command=get_materiel&rest_code=00109&code=00101008197&supplier_code=00100005&order_time=2021-05-02 HTTP/1.1" 200 416
116.230.114.112 - - [02/May/2021:09:56:59 +0800] "GET /xingrg/all/function/internal_message.html?_=1619920620739&CODE_STATE=getMsg HTTP/1.1" 200 27
116.224.253.72 - - [02/May/2021:09:57:00 +0800] "GET /xingrg/kc/buy/cgsh_order_add.html HTTP/1.1" 200 62011
116.224.253.72 - - [02/May/2021:09:57:00 +0800] "POST /xingrg/kc/buy/cgsh_order_operate.html HTTP/1.1" 200 8245
116.224.253.72 - - [02/May/2021:09:57:00 +0800] "GET /xingrg/javascript/easyui/themes/default/validatebox.css HTTP/1.1" 404 1104
116.224.253.72 - - [02/May/2021:09:57:03 +0800] "GET /xingrg/all/function/internal_message.html?_=1619920623102&CODE_STATE=getMsg HTTP/1.1" 200 27
116.224.253.72 - - [02/May/2021:09:57:03 +0800] "GET /xingrg/javascript/auto/indicator.gif HTTP/1.1" 404 1066
116.232.54.167 - - [02/May/2021:09:57:07 +0800] "GET /xingrg/kc/buy/cgsh_order_operate.html?command=get_materiel&rest_code=00109&code=00101008208&supplier_code=00100005&order_time=2021-05-02 HTTP/1.1" 200 409
61.165.42.208 - - [02/May/2021:09:57:07 +0800] "GET /xingrg/all/function/internal_message.html?_=1619920629637&CODE_STATE=getMsg HTTP/1.1" 200 27
117.185.32.26 - - [02/May/2021:09:57:14 +0800] "POST /xingrg/kc/buy/cgsh_order_operate.html HTTP/1.1" 200 37
116.224.253.72 - - [02/May/2021:09:57:15 +0800] "GET /xingrg/kc/buy/cgsh_order_operate.html?command=get_materiel&rest_code=00151&code=00101009001&supplier_code=00100424&order_time=2021-05-02 HTTP/1.1" 200 416
117.185.32.26 - - [02/May/2021:09:57:15 +0800] "POST /xingrg/kc/buy/cgsh_order_operate.html HTTP/1.1" 200 6853
116.232.54.167 - - [02/May/2021:09:57:24 +0800] "GET /xingrg/all/function/internal_message.html?_=1619920644864&CODE_STATE=getMsg HTTP/1.1" 200 27
116.224.253.72 - - [02/May/2021:09:57:25 +0800] "GET /xingrg/kc/buy/cgsh_order_operate.html?command=get_materiel&rest_code=00151&code=00101009016&supplier_code=00100424&order_time=2021-05-02 HTTP/1.1" 200 412
116.224.253.72 - - [02/May/2021:09:57:33 +0800] "GET /xingrg/kc/buy/cgsh_order_operate.html?command=get_materiel&rest_code=00151&code=00101009062&supplier_code=00100424&order_time=2021-05-02 HTTP/1.1" 200 412
114.83.217.136 - - [02/May/2021:09:57:35 +0800] "GET /xingrg/all/function/internal_message.html?_=1619920655725&CODE_STATE=getMsg HTTP/1.1" 200 27
58.37.228.113 - - [02/May/2021:09:57:37 +0800] "GET /xingrg/all/function/internal_message.html?_=1619920623128&CODE_STATE=getMsg HTTP/1.1" 200 27
116.230.110.80 - - [02/May/2021:09:57:46 +0800] "GET /xingrg/all/function/internal_message.html?_=1619920666146&CODE_STATE=getMsg HTTP/1.1" 200 27
116.224.253.72 - - [02/May/2021:09:57:48 +0800] "GET /xingrg/kc/buy/cgsh_order_operate.html?command=get_materiel&rest_code=00151&code=00101009088&supplier_code=00100424&order_time=2021-05-02 HTTP/1.1" 200 391
116.232.54.167 - - [02/May/2021:09:57:49 +0800] "GET /xingrg/kc/buy/cgsh_order_operate.html?command=get_materiel&rest_code=00109&code=00101008353&supplier_code=00100005&order_time=2021-05-02 HTTP/1.1" 200 408
183.192.164.97 - - [02/May/2021:09:57:51 +0800] "GET /xingrg/all/function/internal_message.html?_=1619920606974&CODE_STATE=getMsg HTTP/1.1" 302 -
117.185.32.26 - - [02/May/2021:09:57:51 +0800] "GET /xingrg/all/function/internal_message.html?_=1619920666944&CODE_STATE=getMsg HTTP/1.1" 200 27
183.192.164.97 - - [02/May/2021:09:57:52 +0800] "GET /xingrg/login.html HTTP/1.1" 200 7641
114.88.160.164 - - [02/May/2021:09:57:54 +0800] "GET /xingrg/all/function/internal_message.html?_=1619920672156&CODE_STATE=getMsg HTTP/1.1" 200 27
116.232.54.167 - - [02/May/2021:09:57:54 +0800] "POST /xingrg/kc/buy/cgsh_order_operate.html HTTP/1.1" 200 2065
120.253.135.82 - - [02/May/2021:09:57:59 +0800] "GET /favicon.ico HTTP/1.1" 404 -
116.224.253.72 - - [02/May/2021:09:57:59 +0800] "GET /xingrg/kc/buy/cgsh_order_operate.html?command=get_materiel&rest_code=00151&code=00101009085&supplier_code=00100424&order_time=2021-05-02 HTTP/1.1" 200 395
116.230.114.112 - - [02/May/2021:09:57:59 +0800] "GET /xingrg/all/function/internal_message.html?_=1619920680829&CODE_STATE=getMsg HTTP/1.1" 200 27
116.232.54.167 - - [02/May/2021:09:58:03 +0800] "GET /xingrg/kc/buy/cgsh_order_operate.html?command=get_materiel&rest_code=00109&code=00101008027&supplier_code=00100005&order_time=2021-05-02 HTTP/1.1" 200 428
116.224.253.72 - - [02/May/2021:09:58:03 +0800] "GET /xingrg/check_reg.html?_=1619920683058 HTTP/1.1" 200 22
116.224.253.72 - - [02/May/2021:09:58:03 +0800] "GET /xingrg/all/function/internal_message.html?_=1619920683115&CODE_STATE=getMsg HTTP/1.1" 200 27
120.253.135.82 - - [02/May/2021:09:58:06 +0800] "GET /xingrg/login.html HTTP/1.1" 200 7641
120.253.135.82 - - [02/May/2021:09:58:07 +0800] "GET /xingrg/images/blue/jxLogo.png HTTP/1.1" 200 6156
61.165.42.208 - - [02/May/2021:09:58:07 +0800] "GET /xingrg/check_reg.html?_=1619920689637 HTTP/1.1" 200 22
61.165.42.208 - - [02/May/2021:09:58:07 +0800] "GET /xingrg/all/function/internal_message.html?_=1619920689638&CODE_STATE=getMsg HTTP/1.1" 200 27
116.224.253.72 - - [02/May/2021:09:58:08 +0800] "GET /xingrg/kc/buy/cgsh_order_operate.html?command=get_materiel&rest_code=00151&code=00101009031&supplier_code=00100424&order_time=2021-05-02 HTTP/1.1" 200 408
120.253.135.82 - - [02/May/2021:09:58:09 +0800] "GET /xingrg/images/blue/hj.png HTTP/1.1" 200 1014
120.253.135.82 - - [02/May/2021:09:58:09 +0800] "GET /xingrg/images/blue/srbg.png HTTP/1.1" 200 138
120.253.135.82 - - [02/May/2021:09:58:09 +0800] "GET /xingrg/images/blue/login_bg.png HTTP/1.1" 200 22101
120.253.135.82 - - [02/May/2021:09:58:10 +0800] "GET /favicon.ico HTTP/1.1" 404 -
120.253.135.82 - - [02/May/2021:09:58:12 +0800] "POST /xingrg/login.do HTTP/1.1" 302 -
120.253.135.82 - - [02/May/2021:09:58:12 +0800] "GET /xingrg/index.html?sysBaseUrl=http%3A%2F%2F180.169.147.146%3A18081%2Fxingrg%2F&costTime=40×tamp=1619920692087 HTTP/1.1" 200 17173
120.253.135.82 - - [02/May/2021:09:58:12 +0800] "GET /xingrg/css/form.css HTTP/1.1" 200 893
120.253.135.82 - - [02/May/2021:09:58:12 +0800] "GET /xingrg/javascript/jquery.timers.js HTTP/1.1" 200 3532
120.253.135.82 - - [02/May/2021:09:58:12 +0800] "GET /xingrg/javascript/jquery_easy_ui/themes/icon.css HTTP/1.1" 200 3949
120.253.135.82 - - [02/May/2021:09:58:12 +0800] "GET /xingrg/javascript/jquery_easy_ui/easyui-lang-zh_CN.js HTTP/1.1" 200 1900
120.253.135.82 - - [02/May/2021:09:58:12 +0800] "GET /xingrg/javascript/jquery_easy_ui/jquery.easyui.min.js HTTP/1.1" 200 213662
120.253.135.82 - - [02/May/2021:09:58:12 +0800] "GET /xingrg/javascript/jquery-1.4.2.min.js HTTP/1.1" 200 72205
120.253.135.82 - - [02/May/2021:09:58:12 +0800] "GET /xingrg/javascript/jquery.utils.js HTTP/1.1" 200 11805
120.253.135.82 - - [02/May/2021:09:58:12 +0800] "GET /xingrg/javascript/jquery.form.js HTTP/1.1" 200 23110
120.253.135.82 - - [02/May/2021:09:58:12 +0800] "GET /xingrg/javascript/jquery_easy_ui/themes/default/easyui.css HTTP/1.1" 200 26500
120.253.135.82 - - [02/May/2021:09:58:12 +0800] "GET /xingrg/javascript/jquery_easy_ui/jquery.easyui.min.js HTTP/1.1" 200 213662
120.253.135.82 - - [02/May/2021:09:58:12 +0800] "GET /favicon.ico HTTP/1.1" 404 -
120.253.135.82 - - [02/May/2021:09:58:12 +0800] "GET /xingrg/javascript/jquery_easy_ui/themes/icons/settle_new.png HTTP/1.1" 200 826
120.253.135.82 - - [02/May/2021:09:58:12 +0800] "GET /xingrg/images/blue/navBackgound.jpg HTTP/1.1" 200 12378
120.253.135.82 - - [02/May/2021:09:58:13 +0800] "POST /xingrg/all/common/load_tree.html?tree=area_rest_tree_json&manage=1 HTTP/1.1" 200 3344
120.253.135.82 - - [02/May/2021:09:58:13 +0800] "GET /xingrg/javascript/jquery_easy_ui/themes/default/images/tabs_leftarrow.png HTTP/1.1" 200 389
120.253.135.82 - - [02/May/2021:09:58:13 +0800] "GET /xingrg/javascript/jquery_easy_ui/themes/default/images/panel_tool_collapse.gif HTTP/1.1" 200 246
120.253.135.82 - - [02/May/2021:09:58:13 +0800] "GET /xingrg/images/blue/pingpu.png HTTP/1.1" 200 231
120.253.135.82 - - [02/May/2021:09:58:13 +0800] "GET /xingrg/javascript/jquery_easy_ui/themes/default/images/tabs_rightarrow.png HTTP/1.1" 200 395
120.253.135.82 - - [02/May/2021:09:58:13 +0800] "GET /xingrg/check_reg.html?_=1619920211214 HTTP/1.1" 200 22
120.253.135.82 - - [02/May/2021:09:58:13 +0800] "GET /xingrg/all/function/internal_message.html?_=1619920211213&CODE_STATE=count HTTP/1.1" 200 11
120.253.135.82 - - [02/May/2021:09:58:13 +0800] "GET /favicon.ico HTTP/1.1" 404 -
120.253.135.82 - - [02/May/2021:09:58:13 +0800] "POST /xingrg/load_menu.html HTTP/1.1" 200 6743
120.253.135.82 - - [02/May/2021:09:58:13 +0800] "GET /xingrg/javascript/jquery_easy_ui/themes/default/images/tree_folder_open.gif HTTP/1.1" 200 956
120.253.135.82 - - [02/May/2021:09:58:13 +0800] "GET /xingrg/javascript/jquery_easy_ui/themes/icons/storage_new.png HTTP/1.1" 200 853
120.253.135.82 - - [02/May/2021:09:58:13 +0800] "GET /xingrg/javascript/jquery_easy_ui/themes/icons/forms_new.png HTTP/1.1" 200 350
120.253.135.82 - - [02/May/2021:09:58:13 +0800] "GET /xingrg/javascript/jquery_easy_ui/themes/icons/delivery_new.png HTTP/1.1" 200 700
120.253.135.82 - - [02/May/2021:09:58:13 +0800] "GET /xingrg/javascript/jquery_easy_ui/themes/icons/search_new.png HTTP/1.1" 200 586
120.253.135.82 - - [02/May/2021:09:58:13 +0800] "GET /xingrg/javascript/jquery_easy_ui/themes/default/images/tree_arrows.gif HTTP/1.1" 200 1043
120.253.135.82 - - [02/May/2021:09:58:17 +0800] "GET /xingrg/javascript/jquery_easy_ui/themes/default/images/tabs_close.gif HTTP/1.1" 200 829
120.253.135.82 - - [02/May/2021:09:58:17 +0800] "GET /xingrg/kc/buy/buy_main.html HTTP/1.1" 200 12341
120.253.135.82 - - [02/May/2021:09:58:17 +0800] "GET /xingrg/css/new_ie.css HTTP/1.1" 404 1036
120.253.135.82 - - [02/May/2021:09:58:17 +0800] "GET /xingrg/javascript/pic_change.js HTTP/1.1" 200 4739
120.253.135.82 - - [02/May/2021:09:58:17 +0800] "GET /xingrg/javascript/ToolTips.js HTTP/1.1" 200 5615
120.253.135.82 - - [02/May/2021:09:58:17 +0800] "GET /xingrg/javascript/jquery_ui/jquery-ui.min.js HTTP/1.1" 200 186181
120.253.135.82 - - [02/May/2021:09:58:17 +0800] "GET /xingrg/css/blue.css HTTP/1.1" 200 15949
120.253.135.82 - - [02/May/2021:09:58:17 +0800] "GET /xingrg/images/blue/button/cgxqd.gif HTTP/1.1" 200 2619
120.253.135.82 - - [02/May/2021:09:58:17 +0800] "GET /xingrg/images/blue/button/cgshd.gif HTTP/1.1" 200 2618
120.253.135.82 - - [02/May/2021:09:58:17 +0800] "GET /xingrg/images/blue/button/cgfkd.gif HTTP/1.1" 200 2075
120.253.135.82 - - [02/May/2021:09:58:17 +0800] "GET /xingrg/images/blue/pic_form2.gif HTTP/1.1" 200 1853
120.253.135.82 - - [02/May/2021:09:58:17 +0800] "GET /xingrg/images/blue/button/cgydd.gif HTTP/1.1" 200 2712
120.253.135.82 - - [02/May/2021:09:58:17 +0800] "GET /xingrg/images/blue/button/kc.gif HTTP/1.1" 200 2160
120.253.135.82 - - [02/May/2021:09:58:17 +0800] "GET /xingrg/javascript/myfunction.js HTTP/1.1" 200 24559
120.253.135.82 - - [02/May/2021:09:58:17 +0800] "GET /xingrg/images/blue/button/ckthd.gif HTTP/1.1" 200 2045
120.253.135.82 - - [02/May/2021:09:58:17 +0800] "GET /xingrg/javascript/jquery_ui/themes/humanity/humanity.css HTTP/1.1" 200 27801
120.253.135.82 - - [02/May/2021:09:58:18 +0800] "GET /xingrg/images/blue/button/right_ah.jpg HTTP/1.1" 200 1744
120.253.135.82 - - [02/May/2021:09:58:18 +0800] "GET /xingrg/images/blue/button/down_ah.jpg HTTP/1.1" 200 1732
120.253.135.82 - - [02/May/2021:09:58:18 +0800] "GET /xingrg/images/blue/bg_dotted.jpg HTTP/1.1" 200 319
120.253.135.82 - - [02/May/2021:09:58:18 +0800] "GET /xingrg/javascript/jquery_ui/themes/humanity/images/ui-bg_inset-soft_100_f4f0ec_1x100.png HTTP/1.1" 200 141
116.224.253.72 - - [02/May/2021:09:58:18 +0800] "GET /xingrg/kc/buy/cgsh_order_operate.html?command=get_materiel&rest_code=00151&code=00101009047&supplier_code=00100424&order_time=2021-05-02 HTTP/1.1" 200 409
116.232.54.167 - - [02/May/2021:09:58:18 +0800] "GET /xingrg/kc/buy/cgsh_order_operate.html?command=get_materiel&rest_code=00109&code=00101008132&supplier_code=00100005&order_time=2021-05-02 HTTP/1.1" 200 408
120.253.135.82 - - [02/May/2021:09:58:19 +0800] "GET /xingrg/javascript/jquery_ui/themes/humanity/images/ui-iconsnew.jpg HTTP/1.1" 200 337
120.253.135.82 - - [02/May/2021:09:58:19 +0800] "GET /xingrg/javascript/jquery_ui/themes/humanity/images/ui-icons_c47a23_256x240.png HTTP/1.1" 200 5355
120.253.135.82 - - [02/May/2021:09:58:19 +0800] "GET /xingrg/kc/buy/cgsh_order_list.html HTTP/1.1" 200 46619
120.253.135.82 - - [02/May/2021:09:58:19 +0800] "GET /xingrg/css/base.css HTTP/1.1" 200 2811
120.253.135.82 - - [02/May/2021:09:58:19 +0800] "GET /xingrg/css/site.css HTTP/1.1" 200 7541
120.253.135.82 - - [02/May/2021:09:58:19 +0800] "GET /xingrg/javascript/jquery_tools/datebox.css HTTP/1.1" 200 2597
120.253.135.82 - - [02/May/2021:09:58:19 +0800] "GET /xingrg/javascript/jquery_tools/fix.css HTTP/1.1" 200 1702
120.253.135.82 - - [02/May/2021:09:58:19 +0800] "GET /xingrg/javascript/auto/jquery.autocomplete.css HTTP/1.1" 200 587
120.253.135.82 - - [02/May/2021:09:58:19 +0800] "GET /xingrg/javascript/jquery_tools/table.css HTTP/1.1" 200 1032
120.253.135.82 - - [02/May/2021:09:58:19 +0800] "GET /xingrg/javascript/easyui/themes/icon.css HTTP/1.1" 200 4483
120.253.135.82 - - [02/May/2021:09:58:19 +0800] "GET /xingrg/javascript/jquery_tools/jquery.tools.min.js HTTP/1.1" 200 138801
120.253.135.82 - - [02/May/2021:09:58:19 +0800] "GET /xingrg/javascript/easyui/themes/default/easyui.css HTTP/1.1" 200 30432
120.253.135.82 - - [02/May/2021:09:58:19 +0800] "GET /xingrg/javascript/jquery_tools/jquery.tools.hotkey.js HTTP/1.1" 200 3242
120.253.135.82 - - [02/May/2021:09:58:19 +0800] "GET /xingrg/javascript/jquery_tools/list_manager.js HTTP/1.1" 200 3652
120.253.135.82 - - [02/May/2021:09:58:19 +0800] "GET /xingrg/javascript/easyui/easyloader.js HTTP/1.1" 200 5975
120.253.135.82 - - [02/May/2021:09:58:19 +0800] "GET /xingrg/javascript/print/LodopFuncs.js HTTP/1.1" 200 5121
120.253.135.82 - - [02/May/2021:09:58:19 +0800] "GET /xingrg/javascript/jquery_tools/jquery.tools.table.js HTTP/1.1" 200 6994
120.253.135.82 - - [02/May/2021:09:58:19 +0800] "GET /xingrg/javascript/jquery.cookie.js HTTP/1.1" 200 5513
120.253.135.82 - - [02/May/2021:09:58:19 +0800] "GET /xingrg/javascript/auto/jquery.autocomplete.js HTTP/1.1" 200 21624
120.253.135.82 - - [02/May/2021:09:58:19 +0800] "GET /xingrg/javascript/jquery_tools/jquery.tools.extend.js HTTP/1.1" 200 15385
120.253.135.82 - - [02/May/2021:09:58:23 +0800] "GET /xingrg/javascript/easyui/plugins/jquery.parser.js HTTP/1.1" 200 1142
120.253.135.82 - - [02/May/2021:09:58:23 +0800] "GET /xingrg/images/control/ajaxLoader.gif HTTP/1.1" 200 4659
120.253.135.82 - - [02/May/2021:09:58:23 +0800] "GET /xingrg/javascript/easyui/themes/icons/check_new.png HTTP/1.1" 200 3224
120.253.135.82 - - [02/May/2021:09:58:23 +0800] "GET /xingrg/javascript/easyui/themes/icons/cance_new.png HTTP/1.1" 200 3986
120.253.135.82 - - [02/May/2021:09:58:23 +0800] "GET /xingrg/javascript/easyui/themes/icons/import_new.png HTTP/1.1" 200 1247
120.253.135.82 - - [02/May/2021:09:58:23 +0800] "GET /xingrg/javascript/easyui/themes/icons/field_new.png HTTP/1.1" 200 1097
120.253.135.82 - - [02/May/2021:09:58:23 +0800] "GET /xingrg/javascript/easyui/themes/icons/edit_add_new.png HTTP/1.1" 200 2997
120.253.135.82 - - [02/May/2021:09:58:23 +0800] "GET /xingrg/javascript/jquery_easy_ui/themes/default/images/tree_file.gif HTTP/1.1" 200 118
120.253.135.82 - - [02/May/2021:09:58:23 +0800] "GET /xingrg/javascript/jquery_easy_ui/themes/icons/rest.png HTTP/1.1" 200 695
120.253.135.82 - - [02/May/2021:09:58:23 +0800] "GET /xingrg/javascript/jquery_easy_ui/themes/default/images/tree_folder.gif HTTP/1.1" 200 952
120.253.135.82 - - [02/May/2021:09:58:23 +0800] "GET /xingrg/javascript/jquery_easy_ui/themes/icons/area.png HTTP/1.1" 200 262
120.253.135.82 - - [02/May/2021:09:58:23 +0800] "GET /xingrg/javascript/jquery_easy_ui/themes/icons/manage.png HTTP/1.1" 200 696
120.253.135.82 - - [02/May/2021:09:58:24 +0800] "POST /xingrg/kc/buy/cgsh_list_operate.html HTTP/1.1" 200 876
116.232.54.167 - - [02/May/2021:09:58:24 +0800] "GET /xingrg/all/function/internal_message.html?_=1619920704876&CODE_STATE=getMsg HTTP/1.1" 200 27
116.232.54.167 - - [02/May/2021:09:58:26 +0800] "GET /xingrg/kc/buy/cgsh_order_operate.html?command=get_materiel&rest_code=00109&code=00101008107&supplier_code=00100005&order_time=2021-05-02 HTTP/1.1" 200 412
116.224.253.72 - - [02/May/2021:09:58:29 +0800] "GET /xingrg/kc/buy/cgsh_order_operate.html?command=get_materiel&rest_code=00151&code=00101009121&supplier_code=00100424&order_time=2021-05-02 HTTP/1.1" 200 411
120.253.135.82 - - [02/May/2021:09:58:30 +0800] "GET /xingrg/javascript/auto/indicator.gif HTTP/1.1" 404 1066
114.83.217.136 - - [02/May/2021:09:58:36 +0800] "GET /xingrg/all/function/internal_message.html?_=1619920715726&CODE_STATE=getMsg HTTP/1.1" 200 27
58.37.228.113 - - [02/May/2021:09:58:37 +0800] "GET /xingrg/all/function/internal_message.html?_=1619920683103&CODE_STATE=getMsg HTTP/1.1" 200 27
116.232.54.167 - - [02/May/2021:09:58:37 +0800] "GET /xingrg/kc/buy/cgsh_order_operate.html?command=get_materiel&rest_code=00109&code=00101008354&supplier_code=00100005&order_time=2021-05-02 HTTP/1.1" 200 412
120.253.135.82 - - [02/May/2021:09:58:40 +0800] "POST /xingrg/kc/buy/cgsh_list_operate.html HTTP/1.1" 200 4405
120.253.135.82 - - [02/May/2021:09:58:45 +0800] "POST /xingrg/kc/buy/cgsh_list_operate.html HTTP/1.1" 200 206
116.230.110.80 - - [02/May/2021:09:58:46 +0800] "GET /xingrg/all/function/internal_message.html?_=1619920726119&CODE_STATE=getMsg HTTP/1.1" 200 27
120.253.135.82 - - [02/May/2021:09:58:47 +0800] "GET /xingrg/javascript/convert.js HTTP/1.1" 200 1239
120.253.135.82 - - [02/May/2021:09:58:47 +0800] "GET /xingrg/javascript/jquery_tools/order_manager.js HTTP/1.1" 200 11183
120.253.135.82 - - [02/May/2021:09:58:47 +0800] "GET /xingrg/javascript/json2.js HTTP/1.1" 200 11259
120.253.135.82 - - [02/May/2021:09:58:47 +0800] "GET /xingrg/javascript/print/kc_print.js HTTP/1.1" 200 11415
120.253.135.82 - - [02/May/2021:09:58:47 +0800] "GET /xingrg/kc/buy/cgsh_order_info.html?code=212021012008998 HTTP/1.1" 200 56318
120.253.135.82 - - [02/May/2021:09:58:47 +0800] "GET /xingrg/words/20210501105541_words.js HTTP/1.1" 200 810680
120.253.135.82 - - [02/May/2021:09:58:47 +0800] "GET /xingrg/javascript/easyui/themes/icons/print.png HTTP/1.1" 200 1057
120.253.135.82 - - [02/May/2021:09:58:47 +0800] "GET /xingrg/javascript/easyui/themes/icons/copy_new.png HTTP/1.1" 200 815
120.253.135.82 - - [02/May/2021:09:58:47 +0800] "GET /xingrg/javascript/easyui/themes/default/images/menu_downarrow.png HTTP/1.1" 200 173
120.253.135.82 - - [02/May/2021:09:58:47 +0800] "GET /xingrg/javascript/easyui/themes/icons/cancel.png HTTP/1.1" 200 1133
120.253.135.82 - - [02/May/2021:09:58:48 +0800] "GET /xingrg/javascript/easyui/themes/default/validatebox.css HTTP/1.1" 404 1104
120.253.135.82 - - [02/May/2021:09:58:48 +0800] "GET /xingrg/javascript/easyui/plugins/jquery.validatebox.js HTTP/1.1" 200 6103
120.253.135.82 - - [02/May/2021:09:58:48 +0800] "GET /xingrg/javascript/easyui/plugins/jquery.numberbox.js HTTP/1.1" 200 5213
120.253.135.82 - - [02/May/2021:09:58:48 +0800] "POST /xingrg/kc/buy/cgsh_order_operate.html HTTP/1.1" 200 628
120.253.135.82 - - [02/May/2021:09:58:48 +0800] "GET /xingrg/javascript/easyui/themes/icons/edit_remove.png HTTP/1.1" 200 625
117.185.32.26 - - [02/May/2021:09:58:51 +0800] "GET /xingrg/all/function/internal_message.html?_=1619920726948&CODE_STATE=getMsg HTTP/1.1" 200 27
120.253.135.82 - - [02/May/2021:09:58:51 +0800] "GET /xingrg/javascript/jquery_easy_ui/themes/default/images/tabs_active.png HTTP/1.1" 200 2894
120.253.135.82 - - [02/May/2021:09:58:55 +0800] "POST /xingrg/kc/buy/cgsh_list_operate.html HTTP/1.1" 200 206
120.253.135.82 - - [02/May/2021:09:58:57 +0800] "POST /xingrg/kc/buy/cgsh_list_operate.html HTTP/1.1" 200 289
116.230.114.112 - - [02/May/2021:09:58:59 +0800] "GET /xingrg/all/function/internal_message.html?_=1619920740831&CODE_STATE=getMsg HTTP/1.1" 200 27
116.224.253.72 - - [02/May/2021:09:59:03 +0800] "GET /xingrg/all/function/internal_message.html?_=1619920743129&CODE_STATE=getMsg HTTP/1.1" 200 27
61.165.42.208 - - [02/May/2021:09:59:07 +0800] "GET /xingrg/all/function/internal_message.html?_=1619920749648&CODE_STATE=getMsg HTTP/1.1" 200 27
116.232.54.167 - - [02/May/2021:09:59:10 +0800] "GET /xingrg/kc/buy/cgsh_order_operate.html?command=get_materiel&rest_code=00109&code=00101008351&supplier_code=00100005&order_time=2021-05-02 HTTP/1.1" 200 408
116.232.54.167 - - [02/May/2021:09:59:12 +0800] "POST /xingrg/kc/buy/cgsh_order_operate.html HTTP/1.1" 200 2065
120.253.135.82 - - [02/May/2021:09:59:13 +0800] "GET /xingrg/all/function/internal_message.html?_=1619920271227&CODE_STATE=getMsg HTTP/1.1" 200 27
116.224.253.72 - - [02/May/2021:09:59:15 +0800] "POST /xingrg/kc/buy/cgsh_order_operate.html HTTP/1.1" 200 37
180.161.124.236 - - [02/May/2021:09:59:17 +0800] "POST /xingrg/services/DataTransmitService HTTP/1.1" 200 524
180.161.124.236 - - [02/May/2021:09:59:18 +0800] "POST /xingrg/services/DataTransmitService HTTP/1.1" 200 2323
116.232.54.167 - - [02/May/2021:09:59:18 +0800] "GET /xingrg/kc/buy/cgsh_order_operate.html?command=get_materiel&rest_code=00109&code=00101008313&supplier_code=00100005&order_time=2021-05-02 HTTP/1.1" 200 412
180.161.124.236 - - [02/May/2021:09:59:18 +0800] "POST /xingrg/services/DataTransmitService HTTP/1.1" 200 135267
116.224.253.72 - - [02/May/2021:09:59:21 +0800] "POST /xingrg/kc/buy/cgsh_order_operate.html HTTP/1.1" 200 12
116.224.253.72 - - [02/May/2021:09:59:23 +0800] "GET /xingrg/kc/buy/cgsh_order_info.html?code=212021050200589 HTTP/1.1" 200 56917
116.224.253.72 - - [02/May/2021:09:59:23 +0800] "GET /xingrg/javascript/easyui/themes/default/validatebox.css HTTP/1.1" 404 1104
116.224.253.72 - - [02/May/2021:09:59:24 +0800] "POST /xingrg/kc/buy/cgsh_order_operate.html HTTP/1.1" 200 4815
116.232.54.167 - - [02/May/2021:09:59:24 +0800] "GET /xingrg/all/function/internal_message.html?_=1619920764869&CODE_STATE=getMsg HTTP/1.1" 200 27
116.232.54.167 - - [02/May/2021:09:59:24 +0800] "GET /xingrg/check_reg.html?_=1619920764871 HTTP/1.1" 200 22
116.224.253.72 - - [02/May/2021:09:59:25 +0800] "GET /xingrg/kc/print/load_data.html?order_code=212021050200589&kc_code=cgsh&condition= HTTP/1.1" 200 2368
114.83.217.136 - - [02/May/2021:09:59:36 +0800] "GET /xingrg/all/function/internal_message.html?_=1619920775727&CODE_STATE=getMsg HTTP/1.1" 200 27
58.37.228.113 - - [02/May/2021:09:59:37 +0800] "GET /xingrg/all/function/internal_message.html?_=1619920743085&CODE_STATE=getMsg HTTP/1.1" 200 27
116.230.110.80 - - [02/May/2021:09:59:46 +0800] "GET /xingrg/all/function/internal_message.html?_=1619920786092&CODE_STATE=getMsg HTTP/1.1" 200 27
116.232.54.167 - - [02/May/2021:09:59:46 +0800] "GET /xingrg/kc/buy/cgsh_order_operate.html?command=get_materiel&rest_code=00109&code=00101008290&supplier_code=00100005&order_time=2021-05-02 HTTP/1.1" 200 416
61.165.42.208 - - [02/May/2021:09:59:50 +0800] "GET /xingrg/kc/base/wldb_order_list.html HTTP/1.1" 200 19345
61.165.42.208 - - [02/May/2021:09:59:51 +0800] "POST /xingrg/kc/base/wldb_list_operate.html HTTP/1.1" 200 928
117.185.32.26 - - [02/May/2021:09:59:51 +0800] "GET /xingrg/check_reg.html?_=1619920786949 HTTP/1.1" 200 22
117.185.32.26 - - [02/May/2021:09:59:51 +0800] "GET /xingrg/all/function/internal_message.html?_=1619920786948&CODE_STATE=getMsg HTTP/1.1" 200 27
180.169.147.146 - - [02/May/2021:09:59:52 +0800] "GET /xingrg/check_reg.html?_=1619920784404 HTTP/1.1" 200 22
61.165.42.208 - - [02/May/2021:09:59:52 +0800] "GET /xingrg/kc/base/wldb_order_add.html HTTP/1.1" 200 30508
61.165.42.208 - - [02/May/2021:09:59:52 +0800] "GET /xingrg/all/common/auto_word.html?type=base&rest_code=00105 HTTP/1.1" 200 1811
61.165.42.208 - - [02/May/2021:09:59:52 +0800] "GET /xingrg/all/common/auto_word.html?type=base&rest_code=00105 HTTP/1.1" 200 1811
61.165.42.208 - - [02/May/2021:09:59:52 +0800] "GET /xingrg/javascript/easyui/themes/default/validatebox.css HTTP/1.1" 404 1104
61.165.42.208 - - [02/May/2021:09:59:52 +0800] "POST /xingrg/kc/base/wldb_order_operate.html HTTP/1.1" 200 6806
61.165.42.208 - - [02/May/2021:09:59:55 +0800] "GET /xingrg/javascript/auto/indicator.gif HTTP/1.1" 404 1066
116.232.54.167 - - [02/May/2021:09:59:57 +0800] "GET /xingrg/kc/buy/cgsh_order_operate.html?command=get_materiel&rest_code=00109&code=00101008010&supplier_code=00100005&order_time=2021-05-02 HTTP/1.1" 200 412
116.230.114.112 - - [02/May/2021:09:59:59 +0800] "GET /xingrg/all/function/internal_message.html?_=1619920800944&CODE_STATE=getMsg HTTP/1.1" 200 27
116.224.253.72 - - [02/May/2021:10:00:03 +0800] "GET /xingrg/all/function/internal_message.html?_=1619920803172&CODE_STATE=getMsg HTTP/1.1" 200 27
116.232.54.167 - - [02/May/2021:10:00:06 +0800] "GET /xingrg/kc/buy/cgsh_order_operate.html?command=get_materiel&rest_code=00109&code=00101008306&supplier_code=00100005&order_time=2021-05-02 HTTP/1.1" 200 412
61.165.42.208 - - [02/May/2021:10:00:07 +0800] "GET /xingrg/all/function/internal_message.html?_=1619920809650&CODE_STATE=getMsg HTTP/1.1" 200 27
61.165.42.208 - - [02/May/2021:10:00:08 +0800] "GET /xingrg/kc/base/wldb_order_operate.html?command=get_materiel&rest_code=00105&base_code=0010510&code=00101036002 HTTP/1.1" 200 441
120.253.135.82 - - [02/May/2021:10:00:13 +0800] "GET /xingrg/all/function/internal_message.html?_=1619920331225&CODE_STATE=getMsg HTTP/1.1" 200 27
61.165.42.208 - - [02/May/2021:10:00:15 +0800] "GET /xingrg/kc/base/wldb_order_operate.html?command=get_materiel&rest_code=00105&base_code=0010510&code=00101036003 HTTP/1.1" 200 441
116.232.54.167 - - [02/May/2021:10:00:18 +0800] "GET /xingrg/kc/buy/cgsh_order_operate.html?command=get_materiel&rest_code=00109&code=00101008161&supplier_code=00100005&order_time=2021-05-02 HTTP/1.1" 200 409
61.165.42.208 - - [02/May/2021:10:00:19 +0800] "POST /xingrg/all/common/load_select.html HTTP/1.1" 200 25
116.232.54.167 - - [02/May/2021:10:00:20 +0800] "POST /xingrg/kc/buy/cgsh_order_operate.html HTTP/1.1" 200 2065
61.165.42.208 - - [02/May/2021:10:00:21 +0800] "GET /xingrg/kc/base/wldb_order_operate.html?command=get_materiel_price&rest_code=00105&base_code=0010510&code=00101036002&unit_code=00100317 HTTP/1.1" 200 37
61.165.42.208 - - [02/May/2021:10:00:21 +0800] "POST /xingrg/all/common/load_select.html HTTP/1.1" 200 25
61.165.42.208 - - [02/May/2021:10:00:21 +0800] "GET /xingrg/kc/base/wldb_order_operate.html?command=get_materiel_price&rest_code=00105&base_code=0010510&code=00101036003&unit_code=00100316 HTTP/1.1" 200 37
116.232.54.167 - - [02/May/2021:10:00:24 +0800] "GET /xingrg/all/function/internal_message.html?_=1619920824886&CODE_STATE=getMsg HTTP/1.1" 200 27
61.165.42.208 - - [02/May/2021:10:00:26 +0800] "GET /xingrg/kc/base/wldb_order_operate.html?command=get_materiel_price&rest_code=00105&base_code=0010510&code=00101036003&unit_code=00100317 HTTP/1.1" 200 37
116.232.54.167 - - [02/May/2021:10:00:28 +0800] "GET /xingrg/kc/buy/cgsh_order_operate.html?command=get_materiel&rest_code=00109&code=00101008225&supplier_code=00100005&order_time=2021-05-02 HTTP/1.1" 200 416
114.83.217.136 - - [02/May/2021:10:00:36 +0800] "GET /xingrg/all/function/internal_message.html?_=1619920835730&CODE_STATE=getMsg HTTP/1.1" 200 27
58.37.228.113 - - [02/May/2021:10:00:37 +0800] "GET /xingrg/all/function/internal_message.html?_=1619920803066&CODE_STATE=getMsg HTTP/1.1" 200 27
58.37.228.113 - - [02/May/2021:10:00:37 +0800] "GET /xingrg/check_reg.html?_=1619920803530 HTTP/1.1" 200 22
116.232.54.167 - - [02/May/2021:10:00:38 +0800] "GET /xingrg/kc/buy/cgsh_order_operate.html?command=get_materiel&rest_code=00109&code=00101008208&supplier_code=00100005&order_time=2021-05-02 HTTP/1.1" 200 409
116.230.114.112 - - [02/May/2021:10:00:44 +0800] "GET /xingrg/check_reg.html?_=1619920846054 HTTP/1.1" 200 22
116.230.110.80 - - [02/May/2021:10:00:46 +0800] "GET /xingrg/all/function/internal_message.html?_=1619920846067&CODE_STATE=getMsg HTTP/1.1" 200 27
116.230.110.80 - - [02/May/2021:10:00:46 +0800] "GET /xingrg/check_reg.html?_=1619920846258 HTTP/1.1" 200 22
116.232.54.167 - - [02/May/2021:10:00:49 +0800] "GET /xingrg/kc/buy/cgsh_order_operate.html?command=get_materiel&rest_code=00109&code=00101008333&supplier_code=00100005&order_time=2021-05-02 HTTP/1.1" 200 412
116.230.117.165 - - [02/May/2021:10:00:50 +0800] "POST /xingrg/services/DataTransmitService HTTP/1.1" 401 565
116.230.117.165 - - [02/May/2021:10:00:50 +0800] "POST /xingrg/services/DataTransmitService HTTP/1.1" 200 478
116.230.117.165 - - [02/May/2021:10:00:50 +0800] "POST /xingrg/services/DataTransmitService HTTP/1.1" 200 1320
116.230.117.165 - - [02/May/2021:10:00:50 +0800] "POST /xingrg/services/DataTransmitService HTTP/1.1" 200 478
116.230.117.165 - - [02/May/2021:10:00:50 +0800] "POST /xingrg/services/DataTransmitService HTTP/1.1" 200 1320
116.230.117.165 - - [02/May/2021:10:00:50 +0800] "POST /xingrg/services/DataTransmitService HTTP/1.1" 200 524
116.230.117.165 - - [02/May/2021:10:00:51 +0800] "POST /xingrg/services/DataTransmitService HTTP/1.1" 200 2171
116.230.117.165 - - [02/May/2021:10:00:51 +0800] "POST /xingrg/services/DataTransmitService HTTP/1.1" 200 45454
116.230.117.165 - - [02/May/2021:10:00:51 +0800] "POST /xingrg/services/DataTransmitService HTTP/1.1" 200 19237
183.192.164.214 - - [02/May/2021:10:00:51 +0800] "GET /xingrg/all/function/internal_message.html?_=1619920786948&CODE_STATE=getMsg HTTP/1.1" 302 -
117.185.32.26 - - [02/May/2021:10:00:51 +0800] "GET /xingrg/all/function/internal_message.html?_=1619920846950&CODE_STATE=getMsg HTTP/1.1" 200 27
183.192.164.214 - - [02/May/2021:10:00:53 +0800] "GET /xingrg/login.html HTTP/1.1" 200 7641
116.230.114.112 - - [02/May/2021:10:00:59 +0800] "GET /xingrg/all/function/internal_message.html?_=1619920860949&CODE_STATE=getMsg HTTP/1.1" 200 27
116.230.117.165 - - [02/May/2021:10:01:00 +0800] "POST /xingrg/services/DataTransmitService HTTP/1.1" 200 524
116.230.117.165 - - [02/May/2021:10:01:01 +0800] "POST /xingrg/services/DataTransmitService HTTP/1.1" 200 501
116.230.117.165 - - [02/May/2021:10:01:01 +0800] "POST /xingrg/services/DataTransmitService HTTP/1.1" 200 501
116.224.253.72 - - [02/May/2021:10:01:03 +0800] "GET /xingrg/all/function/internal_message.html?_=1619920863187&CODE_STATE=getMsg HTTP/1.1" 200 27
116.230.117.165 - - [02/May/2021:10:01:04 +0800] "POST /xingrg/services/DataTransmitService HTTP/1.1" 200 501
116.230.117.165 - - [02/May/2021:10:01:06 +0800] "POST /xingrg/services/DataTransmitService HTTP/1.1" 200 501
124.77.71.179 - - [02/May/2021:10:01:07 +0800] "GET /xingrg/login.html HTTP/1.1" 200 7641
116.230.117.165 - - [02/May/2021:10:01:07 +0800] "POST /xingrg/services/DataTransmitService HTTP/1.1" 200 501
116.230.117.165 - - [02/May/2021:10:01:07 +0800] "POST /xingrg/services/DataTransmitService HTTP/1.1" 200 501
116.230.117.165 - - [02/May/2021:10:01:07 +0800] "POST /xingrg/services/DataTransmitService HTTP/1.1" 200 501
116.230.117.165 - - [02/May/2021:10:01:07 +0800] "POST /xingrg/services/DataTransmitService HTTP/1.1" 200 501
124.77.71.179 - - [02/May/2021:10:01:07 +0800] "GET /favicon.ico HTTP/1.1" 404 -
61.165.42.208 - - [02/May/2021:10:01:07 +0800] "GET /xingrg/all/function/internal_message.html?_=1619920869677&CODE_STATE=getMsg HTTP/1.1" 200 27
116.230.117.165 - - [02/May/2021:10:01:08 +0800] "POST /xingrg/services/DataTransmitService HTTP/1.1" 200 501
116.230.117.165 - - [02/May/2021:10:01:10 +0800] "POST /xingrg/services/DataTransmitService HTTP/1.1" 200 412
116.230.117.165 - - [02/May/2021:10:01:10 +0800] "POST /xingrg/services/DataTransmitService HTTP/1.1" 200 524
116.232.54.167 - - [02/May/2021:10:01:11 +0800] "GET /xingrg/kc/buy/cgsh_order_operate.html?command=get_materiel&rest_code=00109&code=00101008285&supplier_code=00100005&order_time=2021-05-02 HTTP/1.1" 200 413
116.230.117.165 - - [02/May/2021:10:01:13 +0800] "POST /xingrg/services/DataTransmitService HTTP/1.1" 200 501
116.230.117.165 - - [02/May/2021:10:01:17 +0800] "POST /xingrg/services/DataTransmitService HTTP/1.1" 200 524
116.230.117.165 - - [02/May/2021:10:01:17 +0800] "POST /xingrg/services/DataTransmitService HTTP/1.1" 200 501
124.77.71.179 - - [02/May/2021:10:01:17 +0800] "POST /xingrg/login.do HTTP/1.1" 302 -
124.77.71.179 - - [02/May/2021:10:01:17 +0800] "GET /xingrg/index.html?sysBaseUrl=http%3A%2F%2F180.169.147.146%3A18081%2Fxingrg%2F&costTime=43×tamp=1619920877373 HTTP/1.1" 200 17179
116.224.253.72 - - [02/May/2021:10:01:17 +0800] "POST /xingrg/all/user/operate.html HTTP/1.1" 200 36
124.77.71.179 - - [02/May/2021:10:01:18 +0800] "GET /favicon.ico HTTP/1.1" 404 -
116.224.253.72 - - [02/May/2021:10:01:18 +0800] "GET /xingrg/javascript/jquery_easy_ui/themes/default/easyui.css HTTP/1.1" 304 -
116.224.253.72 - - [02/May/2021:10:01:18 +0800] "GET /xingrg/index.html?sysBaseUrl=http%3A%2F%2F180.169.147.146%3A18081%2Fxingrg%2F&costTime=42×tamp=1619915773599 HTTP/1.1" 200 17179
116.224.253.72 - - [02/May/2021:10:01:18 +0800] "GET /xingrg/javascript/jquery_easy_ui/themes/icon.css HTTP/1.1" 304 -
116.224.253.72 - - [02/May/2021:10:01:18 +0800] "GET /xingrg/css/form.css HTTP/1.1" 304 -
116.224.253.72 - - [02/May/2021:10:01:18 +0800] "GET /xingrg/javascript/jquery-1.4.2.min.js HTTP/1.1" 304 -
116.224.253.72 - - [02/May/2021:10:01:18 +0800] "GET /xingrg/javascript/jquery_easy_ui/jquery.easyui.min.js HTTP/1.1" 304 -
116.224.253.72 - - [02/May/2021:10:01:18 +0800] "GET /xingrg/javascript/jquery_easy_ui/easyui-lang-zh_CN.js HTTP/1.1" 304 -
116.224.253.72 - - [02/May/2021:10:01:18 +0800] "GET /xingrg/javascript/jquery.form.js HTTP/1.1" 304 -
116.224.253.72 - - [02/May/2021:10:01:18 +0800] "GET /xingrg/javascript/jquery.utils.js HTTP/1.1" 304 -
116.224.253.72 - - [02/May/2021:10:01:18 +0800] "GET /xingrg/javascript/jquery.timers.js HTTP/1.1" 304 -
116.224.253.72 - - [02/May/2021:10:01:18 +0800] "GET /xingrg/images/blue/jxLogo.png HTTP/1.1" 304 -
116.224.253.72 - - [02/May/2021:10:01:18 +0800] "GET /xingrg/images/blue/navBackgound.jpg HTTP/1.1" 304 -
116.224.253.72 - - [02/May/2021:10:01:18 +0800] "GET /xingrg/javascript/jquery_easy_ui/themes/icons/settle_new.png HTTP/1.1" 304 -
116.224.253.72 - - [02/May/2021:10:01:18 +0800] "GET /xingrg/images/blue/pingpu.png HTTP/1.1" 304 -
116.224.253.72 - - [02/May/2021:10:01:18 +0800] "POST /xingrg/all/common/load_tree.html?tree=area_rest_tree_json&manage=1 HTTP/1.1" 200 476
116.224.253.72 - - [02/May/2021:10:01:18 +0800] "GET /xingrg/javascript/jquery_easy_ui/themes/default/images/tabs_leftarrow.png HTTP/1.1" 304 -
116.224.253.72 - - [02/May/2021:10:01:18 +0800] "GET /xingrg/javascript/jquery_easy_ui/themes/default/images/tabs_rightarrow.png HTTP/1.1" 304 -
116.224.253.72 - - [02/May/2021:10:01:18 +0800] "GET /xingrg/javascript/jquery_easy_ui/themes/default/images/panel_tool_collapse.gif HTTP/1.1" 304 -
116.224.253.72 - - [02/May/2021:10:01:18 +0800] "GET /xingrg/all/function/internal_message.html?_=1619920878084&CODE_STATE=count HTTP/1.1" 200 11
116.224.253.72 - - [02/May/2021:10:01:18 +0800] "GET /xingrg/check_reg.html?_=1619920878085 HTTP/1.1" 200 22
116.224.253.72 - - [02/May/2021:10:01:18 +0800] "POST /xingrg/load_menu.html HTTP/1.1" 200 5138
124.77.71.179 - - [02/May/2021:10:01:18 +0800] "POST /xingrg/all/common/load_tree.html?tree=area_rest_tree_json&manage=1 HTTP/1.1" 200 476
124.77.71.179 - - [02/May/2021:10:01:18 +0800] "GET /xingrg/check_reg.html?_=1619920879191 HTTP/1.1" 200 22
124.77.71.179 - - [02/May/2021:10:01:18 +0800] "GET /xingrg/all/function/internal_message.html?_=1619920879182&CODE_STATE=count HTTP/1.1" 200 11
124.77.71.179 - - [02/May/2021:10:01:18 +0800] "POST /xingrg/load_menu.html HTTP/1.1" 200 5138
124.77.71.179 - - [02/May/2021:10:01:20 +0800] "GET /xingrg/kc/buy/buy_main.html HTTP/1.1" 200 12412
124.77.71.179 - - [02/May/2021:10:01:20 +0800] "GET /xingrg/css/new_ie.css HTTP/1.1" 404 1036
116.232.54.167 - - [02/May/2021:10:01:21 +0800] "GET /xingrg/kc/buy/cgsh_order_operate.html?command=get_materiel&rest_code=00109&code=00101008103&supplier_code=00100005&order_time=2021-05-02 HTTP/1.1" 200 417
61.165.42.208 - - [02/May/2021:10:01:21 +0800] "GET /xingrg/javascript/easyui/themes/default/tree.css HTTP/1.1" 404 1090
61.165.42.208 - - [02/May/2021:10:01:21 +0800] "POST /xingrg/all/common/load_tree.html?tree=rest_base_tree_json HTTP/1.1" 200 71942
116.224.253.72 - - [02/May/2021:10:01:21 +0800] "GET /xingrg/kc/buy/cgsh_order_list.html HTTP/1.1" 200 46625
124.77.71.179 - - [02/May/2021:10:01:21 +0800] "GET /xingrg/images/yd/bt.gif HTTP/1.1" 404 1040
124.77.71.179 - - [02/May/2021:10:01:22 +0800] "GET /xingrg/kc/buy/cgsh_order_list.html HTTP/1.1" 200 46625
116.224.253.72 - - [02/May/2021:10:01:23 +0800] "POST /xingrg/kc/buy/cgsh_list_operate.html HTTP/1.1" 200 2089
124.77.71.179 - - [02/May/2021:10:01:24 +0800] "POST /xingrg/kc/buy/cgsh_list_operate.html HTTP/1.1" 200 1681
124.77.71.179 - - [02/May/2021:10:01:24 +0800] "GET /xingrg/kc/buy/cgsh_order_add.html HTTP/1.1" 200 62445
116.232.54.167 - - [02/May/2021:10:01:24 +0800] "GET /xingrg/all/function/internal_message.html?_=1619920884875&CODE_STATE=getMsg HTTP/1.1" 200 27
124.77.71.179 - - [02/May/2021:10:01:25 +0800] "GET /xingrg/all/common/auto_word.html?type=employee&rest_code=00107 HTTP/1.1" 200 151
124.77.71.179 - - [02/May/2021:10:01:25 +0800] "GET /xingrg/javascript/easyui/themes/default/validatebox.css HTTP/1.1" 404 1104
124.77.71.179 - - [02/May/2021:10:01:25 +0800] "GET /xingrg/all/common/auto_word.html?type=employee&rest_code=00107 HTTP/1.1" 200 151
124.77.71.179 - - [02/May/2021:10:01:25 +0800] "POST /xingrg/kc/buy/cgsh_order_operate.html HTTP/1.1" 200 8245
116.224.253.72 - - [02/May/2021:10:01:26 +0800] "POST /xingrg/kc/buy/cgsh_list_operate.html HTTP/1.1" 200 568
124.77.71.179 - - [02/May/2021:10:01:26 +0800] "GET /xingrg/javascript/easyui/themes/default/tree.css HTTP/1.1" 404 1090
124.77.71.179 - - [02/May/2021:10:01:26 +0800] "POST /xingrg/all/common/load_tree.html?tree=supplier_tree_json&isDelete=1 HTTP/1.1" 200 55318
116.224.253.72 - - [02/May/2021:10:01:26 +0800] "GET /xingrg/kc/buy/cgsh_order_info.html?code=212021050200565 HTTP/1.1" 200 62302
116.224.253.72 - - [02/May/2021:10:01:27 +0800] "GET /xingrg/javascript/easyui/themes/default/validatebox.css HTTP/1.1" 404 1104
116.224.253.72 - - [02/May/2021:10:01:27 +0800] "POST /xingrg/kc/buy/cgsh_order_operate.html HTTP/1.1" 200 38186
116.224.253.72 - - [02/May/2021:10:01:33 +0800] "GET /xingrg/javascript/auto/indicator.gif HTTP/1.1" 404 1066
61.165.42.208 - - [02/May/2021:10:01:34 +0800] "POST /xingrg/all/common/load_tree.html?tree=rest_base_tree_json HTTP/1.1" 200 71942
114.83.217.136 - - [02/May/2021:10:01:35 +0800] "GET /xingrg/all/function/internal_message.html?_=1619920895747&CODE_STATE=getMsg HTTP/1.1" 200 27
114.83.217.136 - - [02/May/2021:10:01:36 +0800] "GET /xingrg/check_reg.html?_=1619920895749 HTTP/1.1" 200 22
116.224.253.72 - - [02/May/2021:10:01:36 +0800] "GET /xingrg/kc/buy/cgsh_order_operate.html?command=get_materiel&rest_code=00150&code=00101008349&supplier_code=00100007&order_time=2021-05-02 HTTP/1.1" 200 412
58.37.228.113 - - [02/May/2021:10:01:37 +0800] "GET /xingrg/all/function/internal_message.html?_=1619920863047&CODE_STATE=getMsg HTTP/1.1" 200 27
116.232.54.167 - - [02/May/2021:10:01:40 +0800] "GET /xingrg/kc/buy/cgsh_order_operate.html?command=get_materiel&rest_code=00109&code=00101008415&supplier_code=00100005&order_time=2021-05-02 HTTP/1.1" 200 398
124.77.71.179 - - [02/May/2021:10:01:42 +0800] "GET /xingrg/javascript/auto/indicator.gif HTTP/1.1" 404 1066
116.232.54.167 - - [02/May/2021:10:01:42 +0800] "POST /xingrg/kc/buy/cgsh_order_operate.html HTTP/1.1" 200 2065
124.77.71.179 - - [02/May/2021:10:01:46 +0800] "GET /xingrg/kc/buy/cgsh_order_operate.html?command=get_materiel&rest_code=00107&code=00101006123&supplier_code=00100010&order_time=2021-05-02 HTTP/1.1" 200 409
116.230.110.80 - - [02/May/2021:10:01:46 +0800] "GET /xingrg/all/function/internal_message.html?_=1619920906043&CODE_STATE=getMsg HTTP/1.1" 200 27
116.232.54.167 - - [02/May/2021:10:01:49 +0800] "GET /xingrg/kc/buy/cgsh_order_operate.html?command=get_materiel&rest_code=00109&code=00101008502&supplier_code=00100005&order_time=2021-05-02 HTTP/1.1" 200 398
61.165.42.208 - - [02/May/2021:10:01:51 +0800] "POST /xingrg/kc/base/wldb_list_operate.html HTTP/1.1" 200 2600
117.185.32.26 - - [02/May/2021:10:01:51 +0800] "GET /xingrg/all/function/internal_message.html?_=1619920906954&CODE_STATE=getMsg HTTP/1.1" 200 27
61.165.42.208 - - [02/May/2021:10:01:52 +0800] "POST /xingrg/kc/base/wldb_list_operate.html HTTP/1.1" 200 202
61.165.42.208 - - [02/May/2021:10:01:55 +0800] "POST /xingrg/kc/base/wldb_list_operate.html HTTP/1.1" 200 202
61.165.42.208 - - [02/May/2021:10:01:59 +0800] "GET /xingrg/kc/base/wldb_order_list.html HTTP/1.1" 200 19345
116.230.114.112 - - [02/May/2021:10:01:59 +0800] "GET /xingrg/all/function/internal_message.html?_=1619920920964&CODE_STATE=getMsg HTTP/1.1" 200 27
61.165.42.208 - - [02/May/2021:10:02:00 +0800] "POST /xingrg/kc/base/wldb_list_operate.html HTTP/1.1" 200 928
116.232.54.167 - - [02/May/2021:10:02:00 +0800] "GET /xingrg/kc/buy/cgsh_order_operate.html?command=get_materiel&rest_code=00109&code=00101008370&supplier_code=00100005&order_time=2021-05-02 HTTP/1.1" 200 412
61.165.42.208 - - [02/May/2021:10:02:00 +0800] "GET /xingrg/kc/base/wldb_order_add.html HTTP/1.1" 200 30508
61.165.42.208 - - [02/May/2021:10:02:01 +0800] "GET /xingrg/javascript/easyui/themes/default/validatebox.css HTTP/1.1" 404 1104
61.165.42.208 - - [02/May/2021:10:02:01 +0800] "POST /xingrg/kc/base/wldb_order_operate.html HTTP/1.1" 200 6806
61.165.42.208 - - [02/May/2021:10:02:01 +0800] "POST /xingrg/all/common/load_combo.html?type=base HTTP/1.1" 200 3236
61.165.42.208 - - [02/May/2021:10:02:07 +0800] "GET /xingrg/all/function/internal_message.html?_=1619920929654&CODE_STATE=getMsg HTTP/1.1" 200 27
116.224.253.72 - - [02/May/2021:10:02:11 +0800] "POST /xingrg/kc/buy/cgsh_order_operate.html HTTP/1.1" 200 37
116.232.54.167 - - [02/May/2021:10:02:12 +0800] "GET /xingrg/kc/buy/cgsh_order_operate.html?command=get_materiel&rest_code=00109&code=00101008361&supplier_code=00100005&order_time=2021-05-02 HTTP/1.1" 200 408
124.77.71.179 - - [02/May/2021:10:02:12 +0800] "GET /xingrg/kc/buy/cgsh_order_operate.html?command=get_materiel&rest_code=00107&code=00101006129&supplier_code=00100010&order_time=2021-05-02 HTTP/1.1" 200 431
116.224.253.72 - - [02/May/2021:10:02:12 +0800] "POST /xingrg/kc/buy/cgsh_order_operate.html HTTP/1.1" 200 38778
61.165.42.208 - - [02/May/2021:10:02:13 +0800] "POST /xingrg/all/common/load_select.html HTTP/1.1" 200 25
116.224.253.72 - - [02/May/2021:10:02:18 +0800] "GET /xingrg/all/function/internal_message.html?_=1619920938099&CODE_STATE=getMsg HTTP/1.1" 200 27
124.77.71.179 - - [02/May/2021:10:02:18 +0800] "GET /xingrg/all/function/internal_message.html?_=1619920939200&CODE_STATE=getMsg HTTP/1.1" 200 27
116.224.253.72 - - [02/May/2021:10:02:22 +0800] "POST /xingrg/kc/buy/cgsh_list_operate.html HTTP/1.1" 200 576
