120.253.135.82 - - [02/May/2021:05:54:07 +0800] "POST /xingrg/kc/pszx/mdps_list_operate.html HTTP/1.1" 200 5409
120.253.135.82 - - [02/May/2021:05:54:07 +0800] "POST /xingrg/kc/pszx/jzcl_ps_operate.html HTTP/1.1" 200 12318
120.253.135.82 - - [02/May/2021:05:54:08 +0800] "GET /xingrg/all/function/internal_message.html?_=1619905829339&CODE_STATE=getMsg HTTP/1.1" 200 27
120.253.135.82 - - [02/May/2021:05:54:11 +0800] "GET /xingrg/kc/pszx/mdqp_order_list.html?state=10 HTTP/1.1" 200 16397
120.253.135.82 - - [02/May/2021:05:54:11 +0800] "GET /xingrg/dwr/interface/AjaxQqpsService.js HTTP/1.1" 200 16326
120.253.135.82 - - [02/May/2021:05:54:11 +0800] "GET /xingrg/dwr/interface/AjaxReportQueryService.js HTTP/1.1" 200 13203
120.253.135.82 - - [02/May/2021:05:54:11 +0800] "GET /xingrg/dwr/engine.js HTTP/1.1" 200 43631
120.253.135.82 - - [02/May/2021:05:54:15 +0800] "GET /xingrg/kc/pszx/mdps_order_list.html?orderType=0 HTTP/1.1" 200 21159
120.253.135.82 - - [02/May/2021:05:54:15 +0800] "POST /xingrg/kc/pszx/mdps_list_operate.html HTTP/1.1" 200 5409
116.230.110.80 - - [02/May/2021:05:54:39 +0800] "GET /xingrg/all/function/internal_message.html?_=1619906077714&CODE_STATE=getMsg HTTP/1.1" 200 27
120.253.135.82 - - [02/May/2021:05:54:42 +0800] "POST /xingrg/kc/pszx/mdps_list_operate.html HTTP/1.1" 200 5142
120.253.135.82 - - [02/May/2021:05:54:47 +0800] "POST /xingrg/kc/pszx/mdps_list_operate.html HTTP/1.1" 200 621
120.253.135.82 - - [02/May/2021:05:54:49 +0800] "POST /xingrg/kc/pszx/mdps_list_operate.html HTTP/1.1" 200 372
180.169.147.146 - - [02/May/2021:05:54:50 +0800] "GET /xingrg/check_reg.html?_=1619906083201 HTTP/1.1" 200 22
120.253.135.82 - - [02/May/2021:05:54:54 +0800] "POST /xingrg/kc/pszx/mdps_list_operate.html HTTP/1.1" 200 205
120.253.135.82 - - [02/May/2021:05:54:55 +0800] "POST /xingrg/kc/pszx/mdps_list_operate.html HTTP/1.1" 200 203
116.230.114.112 - - [02/May/2021:05:54:55 +0800] "GET /xingrg/all/function/internal_message.html?_=1619906096593&CODE_STATE=getMsg HTTP/1.1" 200 27
120.253.135.82 - - [02/May/2021:05:54:56 +0800] "POST /xingrg/kc/pszx/mdps_list_operate.html HTTP/1.1" 200 290
120.253.135.82 - - [02/May/2021:05:54:58 +0800] "POST /xingrg/kc/pszx/mdps_list_operate.html HTTP/1.1" 200 635
120.253.135.82 - - [02/May/2021:05:54:59 +0800] "POST /xingrg/kc/pszx/mdps_list_operate.html HTTP/1.1" 200 289
120.253.135.82 - - [02/May/2021:05:55:00 +0800] "POST /xingrg/kc/pszx/mdps_list_operate.html HTTP/1.1" 200 233
120.253.135.82 - - [02/May/2021:05:55:02 +0800] "POST /xingrg/kc/pszx/mdps_list_operate.html HTTP/1.1" 200 452
120.253.135.82 - - [02/May/2021:05:55:07 +0800] "POST /xingrg/kc/pszx/mdps_list_operate.html HTTP/1.1" 200 612
120.253.135.82 - - [02/May/2021:05:55:08 +0800] "GET /xingrg/all/function/internal_message.html?_=1619905889352&CODE_STATE=getMsg HTTP/1.1" 200 27
120.253.135.82 - - [02/May/2021:05:55:10 +0800] "POST /xingrg/kc/pszx/mdps_list_operate.html HTTP/1.1" 200 1873
120.253.135.82 - - [02/May/2021:05:55:12 +0800] "POST /xingrg/kc/pszx/mdps_list_operate.html HTTP/1.1" 200 205
120.253.135.82 - - [02/May/2021:05:55:15 +0800] "POST /xingrg/kc/pszx/mdps_list_operate.html HTTP/1.1" 200 5142
120.253.135.82 - - [02/May/2021:05:55:17 +0800] "POST /xingrg/kc/pszx/mdps_list_operate.html HTTP/1.1" 200 612
120.253.135.82 - - [02/May/2021:05:55:18 +0800] "GET /xingrg/kc/pszx/mdps_order_info.html?code=312021050200040 HTTP/1.1" 200 23925
120.253.135.82 - - [02/May/2021:05:55:18 +0800] "POST /xingrg/kc/pszx/mdps_order_operate.html HTTP/1.1" 200 13041
120.253.135.82 - - [02/May/2021:05:55:18 +0800] "GET /xingrg/javascript/easyui/themes/default/validatebox.css HTTP/1.1" 404 1104
120.253.135.82 - - [02/May/2021:05:55:21 +0800] "POST /xingrg/kc/pszx/mdps_order_operate.html HTTP/1.1" 200 37
120.253.135.82 - - [02/May/2021:05:55:22 +0800] "GET /xingrg/kc/pszx/mdps_order_info.html?code=312021050200040 HTTP/1.1" 200 23925
120.253.135.82 - - [02/May/2021:05:55:23 +0800] "GET /xingrg/javascript/easyui/themes/default/validatebox.css HTTP/1.1" 404 1104
120.253.135.82 - - [02/May/2021:05:55:23 +0800] "POST /xingrg/kc/pszx/mdps_order_operate.html HTTP/1.1" 200 13215
116.230.110.80 - - [02/May/2021:05:55:39 +0800] "GET /xingrg/all/function/internal_message.html?_=1619906137699&CODE_STATE=getMsg HTTP/1.1" 200 27
116.230.114.112 - - [02/May/2021:05:55:55 +0800] "GET /xingrg/all/function/internal_message.html?_=1619906156607&CODE_STATE=getMsg HTTP/1.1" 200 27
120.253.135.82 - - [02/May/2021:05:56:08 +0800] "GET /xingrg/check_reg.html?_=1619905949303 HTTP/1.1" 200 22
120.253.135.82 - - [02/May/2021:05:56:08 +0800] "GET /xingrg/all/function/internal_message.html?_=1619905949366&CODE_STATE=getMsg HTTP/1.1" 200 27
116.230.110.80 - - [02/May/2021:05:56:39 +0800] "GET /xingrg/all/function/internal_message.html?_=1619906197701&CODE_STATE=getMsg HTTP/1.1" 200 27
120.253.135.82 - - [02/May/2021:05:56:48 +0800] "POST /xingrg/kc/pszx/mdps_order_operate.html HTTP/1.1" 200 37
120.253.135.82 - - [02/May/2021:05:56:49 +0800] "GET /xingrg/kc/pszx/mdps_order_info.html?code=312021050200040 HTTP/1.1" 200 23925
120.253.135.82 - - [02/May/2021:05:56:49 +0800] "GET /xingrg/javascript/easyui/themes/default/validatebox.css HTTP/1.1" 404 1104
120.253.135.82 - - [02/May/2021:05:56:49 +0800] "POST /xingrg/kc/pszx/mdps_order_operate.html HTTP/1.1" 200 12728
120.253.135.82 - - [02/May/2021:05:56:53 +0800] "GET /xingrg/kc/pszx/mdps_order_info.html?code=312021050200040 HTTP/1.1" 200 23925
120.253.135.82 - - [02/May/2021:05:56:54 +0800] "POST /xingrg/kc/pszx/mdps_order_operate.html HTTP/1.1" 200 12728
120.253.135.82 - - [02/May/2021:05:56:54 +0800] "GET /xingrg/javascript/easyui/themes/default/validatebox.css HTTP/1.1" 404 1104
116.230.114.112 - - [02/May/2021:05:56:56 +0800] "GET /xingrg/all/function/internal_message.html?_=1619906216633&CODE_STATE=getMsg HTTP/1.1" 200 27
120.253.135.82 - - [02/May/2021:05:56:56 +0800] "POST /xingrg/kc/pszx/mdps_list_operate.html HTTP/1.1" 200 5142
120.253.135.82 - - [02/May/2021:05:56:58 +0800] "POST /xingrg/kc/pszx/mdps_list_operate.html HTTP/1.1" 200 635
120.253.135.82 - - [02/May/2021:05:57:05 +0800] "GET /xingrg/kc/pszx/mdps_order_info.html?code=312021050200040 HTTP/1.1" 200 23925
120.253.135.82 - - [02/May/2021:05:57:06 +0800] "GET /xingrg/javascript/easyui/themes/default/validatebox.css HTTP/1.1" 404 1104
120.253.135.82 - - [02/May/2021:05:57:06 +0800] "POST /xingrg/kc/pszx/mdps_order_operate.html HTTP/1.1" 200 12728
120.253.135.82 - - [02/May/2021:05:57:07 +0800] "GET /xingrg/kc/print/load_config.html?kc_code=mdps HTTP/1.1" 200 2396
120.253.135.82 - - [02/May/2021:05:57:07 +0800] "GET /xingrg/kc/print/load_data.html?order_code=312021050200040&kc_code=mdps&condition= HTTP/1.1" 200 5687
120.253.135.82 - - [02/May/2021:05:57:08 +0800] "GET /xingrg/all/function/internal_message.html?_=1619906009402&CODE_STATE=getMsg HTTP/1.1" 200 27
116.230.110.80 - - [02/May/2021:05:57:39 +0800] "GET /xingrg/all/function/internal_message.html?_=1619906257703&CODE_STATE=getMsg HTTP/1.1" 200 27
116.230.110.80 - - [02/May/2021:05:57:39 +0800] "GET /xingrg/check_reg.html?_=1619906257704 HTTP/1.1" 200 22
116.230.114.112 - - [02/May/2021:05:57:44 +0800] "GET /xingrg/check_reg.html?_=1619906265561 HTTP/1.1" 200 22
116.230.114.112 - - [02/May/2021:05:57:55 +0800] "GET /xingrg/all/function/internal_message.html?_=1619906276635&CODE_STATE=getMsg HTTP/1.1" 200 27
120.253.135.82 - - [02/May/2021:05:58:09 +0800] "GET /xingrg/all/function/internal_message.html?_=1619906069408&CODE_STATE=getMsg HTTP/1.1" 200 27
116.230.110.80 - - [02/May/2021:05:58:39 +0800] "GET /xingrg/all/function/internal_message.html?_=1619906317705&CODE_STATE=getMsg HTTP/1.1" 200 27
120.253.135.82 - - [02/May/2021:05:58:49 +0800] "POST /xingrg/kc/pszx/mdps_list_operate.html HTTP/1.1" 200 5142
116.230.114.112 - - [02/May/2021:05:58:56 +0800] "GET /xingrg/all/function/internal_message.html?_=1619906336650&CODE_STATE=getMsg HTTP/1.1" 200 27
120.253.135.82 - - [02/May/2021:05:58:57 +0800] "POST /xingrg/kc/pszx/mdps_list_operate.html HTTP/1.1" 200 3856
120.253.135.82 - - [02/May/2021:05:58:59 +0800] "POST /xingrg/kc/pszx/mdps_list_operate.html HTTP/1.1" 200 202
120.253.135.82 - - [02/May/2021:05:59:00 +0800] "POST /xingrg/kc/pszx/mdps_list_operate.html HTTP/1.1" 200 203
120.253.135.82 - - [02/May/2021:05:59:02 +0800] "POST /xingrg/kc/pszx/mdps_list_operate.html HTTP/1.1" 200 630
120.253.135.82 - - [02/May/2021:05:59:04 +0800] "POST /xingrg/kc/pszx/mdps_list_operate.html HTTP/1.1" 200 447
120.253.135.82 - - [02/May/2021:05:59:09 +0800] "GET /xingrg/all/function/internal_message.html?_=1619906129905&CODE_STATE=getMsg HTTP/1.1" 200 27
120.253.135.82 - - [02/May/2021:05:59:17 +0800] "GET /xingrg/kc/pszx/mdps_order_info.html?code=312021050200041 HTTP/1.1" 200 23925
120.253.135.82 - - [02/May/2021:05:59:17 +0800] "POST /xingrg/kc/pszx/mdps_order_operate.html HTTP/1.1" 200 3774
120.253.135.82 - - [02/May/2021:05:59:17 +0800] "GET /xingrg/javascript/easyui/themes/default/validatebox.css HTTP/1.1" 404 1104
120.253.135.82 - - [02/May/2021:05:59:20 +0800] "POST /xingrg/kc/pszx/mdps_order_operate.html HTTP/1.1" 200 37
120.253.135.82 - - [02/May/2021:05:59:21 +0800] "GET /xingrg/kc/pszx/mdps_order_info.html?code=312021050200041 HTTP/1.1" 200 23925
120.253.135.82 - - [02/May/2021:05:59:21 +0800] "POST /xingrg/kc/pszx/mdps_order_operate.html HTTP/1.1" 200 3804
120.253.135.82 - - [02/May/2021:05:59:21 +0800] "GET /xingrg/javascript/easyui/themes/default/validatebox.css HTTP/1.1" 404 1104
120.253.135.82 - - [02/May/2021:05:59:38 +0800] "POST /xingrg/kc/pszx/mdps_order_operate.html HTTP/1.1" 200 37
116.230.110.80 - - [02/May/2021:05:59:39 +0800] "GET /xingrg/all/function/internal_message.html?_=1619906377706&CODE_STATE=getMsg HTTP/1.1" 200 27
120.253.135.82 - - [02/May/2021:05:59:39 +0800] "GET /xingrg/kc/pszx/mdps_order_info.html?code=312021050200041 HTTP/1.1" 200 23925
120.253.135.82 - - [02/May/2021:05:59:40 +0800] "POST /xingrg/kc/pszx/mdps_order_operate.html HTTP/1.1" 200 3299
120.253.135.82 - - [02/May/2021:05:59:40 +0800] "GET /xingrg/javascript/easyui/themes/default/validatebox.css HTTP/1.1" 404 1104
120.253.135.82 - - [02/May/2021:05:59:41 +0800] "POST /xingrg/kc/pszx/mdps_list_operate.html HTTP/1.1" 200 3856
120.253.135.82 - - [02/May/2021:05:59:43 +0800] "POST /xingrg/kc/pszx/mdps_list_operate.html HTTP/1.1" 200 205
120.253.135.82 - - [02/May/2021:05:59:43 +0800] "GET /xingrg/kc/pszx/mdps_order_info.html?code=312021050100035 HTTP/1.1" 200 23925
120.253.135.82 - - [02/May/2021:05:59:44 +0800] "POST /xingrg/kc/pszx/mdps_order_operate.html HTTP/1.1" 200 2292
120.253.135.82 - - [02/May/2021:05:59:44 +0800] "GET /xingrg/javascript/easyui/themes/default/validatebox.css HTTP/1.1" 404 1104
180.169.147.146 - - [02/May/2021:05:59:50 +0800] "GET /xingrg/check_reg.html?_=1619906383253 HTTP/1.1" 200 22
116.230.114.112 - - [02/May/2021:05:59:56 +0800] "GET /xingrg/all/function/internal_message.html?_=1619906396688&CODE_STATE=getMsg HTTP/1.1" 200 27
120.253.135.82 - - [02/May/2021:06:00:04 +0800] "GET /xingrg/kc/pszx/mdps_order_operate.html?command=get_materiel&pszx_code=00101&rest_code=00108&base_code=0010246&code=00101008551 HTTP/1.1" 200 432
120.253.135.82 - - [02/May/2021:06:00:09 +0800] "GET /xingrg/all/function/internal_message.html?_=1619906189920&CODE_STATE=getMsg HTTP/1.1" 200 27
120.253.135.82 - - [02/May/2021:06:00:10 +0800] "POST /xingrg/kc/pszx/mdps_order_operate.html HTTP/1.1" 200 37
120.253.135.82 - - [02/May/2021:06:00:11 +0800] "GET /xingrg/kc/pszx/mdps_order_info.html?code=312021050100035 HTTP/1.1" 200 23925
120.253.135.82 - - [02/May/2021:06:00:12 +0800] "GET /xingrg/javascript/easyui/themes/default/validatebox.css HTTP/1.1" 404 1104
120.253.135.82 - - [02/May/2021:06:00:12 +0800] "POST /xingrg/kc/pszx/mdps_order_operate.html HTTP/1.1" 200 2795
120.253.135.82 - - [02/May/2021:06:00:13 +0800] "POST /xingrg/kc/pszx/mdps_list_operate.html HTTP/1.1" 200 3857
120.253.135.82 - - [02/May/2021:06:00:19 +0800] "POST /xingrg/kc/pszx/mdps_list_operate.html HTTP/1.1" 200 368
120.253.135.82 - - [02/May/2021:06:00:20 +0800] "POST /xingrg/kc/pszx/mdps_list_operate.html HTTP/1.1" 200 546
120.253.135.82 - - [02/May/2021:06:00:23 +0800] "POST /xingrg/kc/pszx/mdps_list_operate.html HTTP/1.1" 200 316
120.253.135.82 - - [02/May/2021:06:00:36 +0800] "GET /xingrg/kc/pszx/mdps_order_info.html?code=312021050200042 HTTP/1.1" 200 23925
120.253.135.82 - - [02/May/2021:06:00:37 +0800] "POST /xingrg/kc/pszx/mdps_order_operate.html HTTP/1.1" 200 4293
120.253.135.82 - - [02/May/2021:06:00:37 +0800] "GET /xingrg/javascript/easyui/themes/default/validatebox.css HTTP/1.1" 404 1104
116.230.110.80 - - [02/May/2021:06:00:39 +0800] "GET /xingrg/all/function/internal_message.html?_=1619906437708&CODE_STATE=getMsg HTTP/1.1" 200 27
120.253.135.82 - - [02/May/2021:06:00:40 +0800] "GET /xingrg/css/images/panel_loading.gif HTTP/1.1" 304 -
120.253.135.82 - - [02/May/2021:06:00:40 +0800] "POST /xingrg/all/common/load_combo.html?type=base HTTP/1.1" 200 1075
120.253.135.82 - - [02/May/2021:06:00:44 +0800] "POST /xingrg/kc/pszx/mdps_order_operate.html HTTP/1.1" 200 37
120.253.135.82 - - [02/May/2021:06:00:45 +0800] "GET /xingrg/kc/pszx/mdps_order_info.html?code=312021050200042 HTTP/1.1" 200 23925
120.253.135.82 - - [02/May/2021:06:00:46 +0800] "POST /xingrg/kc/pszx/mdps_order_operate.html HTTP/1.1" 200 4335
120.253.135.82 - - [02/May/2021:06:00:46 +0800] "GET /xingrg/javascript/easyui/themes/default/validatebox.css HTTP/1.1" 404 1104
116.230.114.112 - - [02/May/2021:06:00:56 +0800] "GET /xingrg/all/function/internal_message.html?_=1619906456692&CODE_STATE=getMsg HTTP/1.1" 200 27
120.253.135.82 - - [02/May/2021:06:00:58 +0800] "POST /xingrg/kc/pszx/mdps_order_operate.html HTTP/1.1" 200 37
120.253.135.82 - - [02/May/2021:06:00:59 +0800] "GET /xingrg/kc/pszx/mdps_order_info.html?code=312021050200042 HTTP/1.1" 200 23925
120.253.135.82 - - [02/May/2021:06:00:59 +0800] "GET /xingrg/javascript/easyui/themes/default/validatebox.css HTTP/1.1" 404 1104
120.253.135.82 - - [02/May/2021:06:00:59 +0800] "POST /xingrg/kc/pszx/mdps_order_operate.html HTTP/1.1" 200 4335
120.253.135.82 - - [02/May/2021:06:01:08 +0800] "GET /xingrg/check_reg.html?_=1619906249308 HTTP/1.1" 200 22
120.253.135.82 - - [02/May/2021:06:01:09 +0800] "GET /xingrg/all/function/internal_message.html?_=1619906249933&CODE_STATE=getMsg HTTP/1.1" 200 27
116.230.110.80 - - [02/May/2021:06:01:39 +0800] "GET /xingrg/all/function/internal_message.html?_=1619906497710&CODE_STATE=getMsg HTTP/1.1" 200 27
116.230.114.112 - - [02/May/2021:06:01:56 +0800] "GET /xingrg/all/function/internal_message.html?_=1619906516722&CODE_STATE=getMsg HTTP/1.1" 200 27
120.253.135.82 - - [02/May/2021:06:02:09 +0800] "GET /xingrg/all/function/internal_message.html?_=1619906309947&CODE_STATE=getMsg HTTP/1.1" 200 27
116.230.110.80 - - [02/May/2021:06:02:39 +0800] "GET /xingrg/check_reg.html?_=1619906557711 HTTP/1.1" 200 22
116.230.110.80 - - [02/May/2021:06:02:39 +0800] "GET /xingrg/all/function/internal_message.html?_=1619906557713&CODE_STATE=getMsg HTTP/1.1" 200 27
116.230.114.112 - - [02/May/2021:06:02:44 +0800] "GET /xingrg/check_reg.html?_=1619906565569 HTTP/1.1" 200 22
116.230.114.112 - - [02/May/2021:06:02:56 +0800] "GET /xingrg/all/function/internal_message.html?_=1619906576733&CODE_STATE=getMsg HTTP/1.1" 200 27
120.253.135.82 - - [02/May/2021:06:03:09 +0800] "GET /xingrg/all/function/internal_message.html?_=1619906369960&CODE_STATE=getMsg HTTP/1.1" 200 27
116.230.110.80 - - [02/May/2021:06:03:39 +0800] "GET /xingrg/all/function/internal_message.html?_=1619906617698&CODE_STATE=getMsg HTTP/1.1" 200 27
116.230.114.112 - - [02/May/2021:06:03:56 +0800] "GET /xingrg/all/function/internal_message.html?_=1619906636748&CODE_STATE=getMsg HTTP/1.1" 200 27
120.253.135.82 - - [02/May/2021:06:04:00 +0800] "POST /xingrg/kc/pszx/mdps_order_operate.html HTTP/1.1" 200 37
120.253.135.82 - - [02/May/2021:06:04:01 +0800] "GET /xingrg/kc/pszx/mdps_order_info.html?code=312021050200042 HTTP/1.1" 200 23925
120.253.135.82 - - [02/May/2021:06:04:02 +0800] "GET /xingrg/javascript/easyui/themes/default/validatebox.css HTTP/1.1" 404 1104
120.253.135.82 - - [02/May/2021:06:04:02 +0800] "POST /xingrg/kc/pszx/mdps_order_operate.html HTTP/1.1" 200 4335
120.253.135.82 - - [02/May/2021:06:04:03 +0800] "POST /xingrg/kc/pszx/mdps_list_operate.html HTTP/1.1" 200 3857
120.253.135.82 - - [02/May/2021:06:04:07 +0800] "POST /xingrg/kc/pszx/mdps_list_operate.html HTTP/1.1" 200 316
120.253.135.82 - - [02/May/2021:06:04:09 +0800] "GET /xingrg/all/function/internal_message.html?_=1619906429973&CODE_STATE=getMsg HTTP/1.1" 200 27
120.253.135.82 - - [02/May/2021:06:04:12 +0800] "POST /xingrg/kc/pszx/mdps_list_operate.html HTTP/1.1" 200 203
120.253.135.82 - - [02/May/2021:06:04:16 +0800] "GET /xingrg/kc/pszx/mdps_order_info.html?code=312021050200043 HTTP/1.1" 200 23925
120.253.135.82 - - [02/May/2021:06:04:16 +0800] "POST /xingrg/kc/pszx/mdps_order_operate.html HTTP/1.1" 200 2828
120.253.135.82 - - [02/May/2021:06:04:16 +0800] "GET /xingrg/javascript/easyui/themes/default/validatebox.css HTTP/1.1" 404 1104
120.253.135.82 - - [02/May/2021:06:04:19 +0800] "POST /xingrg/kc/pszx/mdps_order_operate.html HTTP/1.1" 200 37
120.253.135.82 - - [02/May/2021:06:04:20 +0800] "GET /xingrg/kc/pszx/mdps_order_info.html?code=312021050200043 HTTP/1.1" 200 23925
120.253.135.82 - - [02/May/2021:06:04:21 +0800] "POST /xingrg/kc/pszx/mdps_order_operate.html HTTP/1.1" 200 2844
120.253.135.82 - - [02/May/2021:06:04:21 +0800] "GET /xingrg/javascript/easyui/themes/default/validatebox.css HTTP/1.1" 404 1104
120.253.135.82 - - [02/May/2021:06:04:23 +0800] "POST /xingrg/kc/pszx/mdps_list_operate.html HTTP/1.1" 200 3857
120.253.135.82 - - [02/May/2021:06:04:24 +0800] "POST /xingrg/kc/pszx/mdps_list_operate.html HTTP/1.1" 200 203
120.253.135.82 - - [02/May/2021:06:04:25 +0800] "GET /xingrg/kc/pszx/mdps_order_info.html?code=312021050100021 HTTP/1.1" 200 23923
120.253.135.82 - - [02/May/2021:06:04:26 +0800] "POST /xingrg/kc/pszx/mdps_order_operate.html HTTP/1.1" 200 2294
120.253.135.82 - - [02/May/2021:06:04:26 +0800] "GET /xingrg/javascript/easyui/themes/default/validatebox.css HTTP/1.1" 404 1104
120.253.135.82 - - [02/May/2021:06:04:33 +0800] "GET /xingrg/kc/pszx/mdps_order_operate.html?command=get_materiel&pszx_code=00101&rest_code=00108&base_code=0010570&code=00101025033 HTTP/1.1" 200 452
120.253.135.82 - - [02/May/2021:06:04:35 +0800] "POST /xingrg/all/common/load_select.html HTTP/1.1" 200 25
120.253.135.82 - - [02/May/2021:06:04:36 +0800] "GET /xingrg/kc/pszx/mdps_order_operate.html?command=get_materiel_price&pszx_code=00101&rest_code=00108&base_code=0010570&code=00101025033&unit_code=00100189&order_time=2021-05-02 HTTP/1.1" 200 36
116.230.110.80 - - [02/May/2021:06:04:39 +0800] "GET /xingrg/all/function/internal_message.html?_=1619906677701&CODE_STATE=getMsg HTTP/1.1" 200 27
120.253.135.82 - - [02/May/2021:06:04:43 +0800] "POST /xingrg/kc/pszx/mdps_order_operate.html HTTP/1.1" 200 37
120.253.135.82 - - [02/May/2021:06:04:44 +0800] "GET /xingrg/kc/pszx/mdps_order_info.html?code=312021050100021 HTTP/1.1" 200 23923
120.253.135.82 - - [02/May/2021:06:04:44 +0800] "GET /xingrg/javascript/easyui/themes/default/validatebox.css HTTP/1.1" 404 1104
120.253.135.82 - - [02/May/2021:06:04:44 +0800] "POST /xingrg/kc/pszx/mdps_order_operate.html HTTP/1.1" 200 2805
120.253.135.82 - - [02/May/2021:06:04:46 +0800] "POST /xingrg/kc/pszx/mdps_list_operate.html HTTP/1.1" 200 3857
120.253.135.82 - - [02/May/2021:06:04:50 +0800] "POST /xingrg/kc/pszx/mdps_list_operate.html HTTP/1.1" 200 316
180.169.147.146 - - [02/May/2021:06:04:50 +0800] "GET /xingrg/check_reg.html?_=1619906683260 HTTP/1.1" 200 22
120.253.135.82 - - [02/May/2021:06:04:51 +0800] "GET /xingrg/kc/pszx/mdps_order_info.html?code=312021050200043 HTTP/1.1" 200 23925
120.253.135.82 - - [02/May/2021:06:04:51 +0800] "POST /xingrg/kc/pszx/mdps_order_operate.html HTTP/1.1" 200 2844
120.253.135.82 - - [02/May/2021:06:04:51 +0800] "GET /xingrg/javascript/easyui/themes/default/validatebox.css HTTP/1.1" 404 1104
116.230.114.112 - - [02/May/2021:06:04:56 +0800] "GET /xingrg/all/function/internal_message.html?_=1619906696773&CODE_STATE=getMsg HTTP/1.1" 200 27
120.253.135.82 - - [02/May/2021:06:04:59 +0800] "POST /xingrg/kc/pszx/mdps_order_operate.html HTTP/1.1" 200 37
120.253.135.82 - - [02/May/2021:06:05:00 +0800] "GET /xingrg/kc/pszx/mdps_order_info.html?code=312021050200043 HTTP/1.1" 200 23925
120.253.135.82 - - [02/May/2021:06:05:00 +0800] "GET /xingrg/javascript/easyui/themes/default/validatebox.css HTTP/1.1" 404 1104
120.253.135.82 - - [02/May/2021:06:05:00 +0800] "POST /xingrg/kc/pszx/mdps_order_operate.html HTTP/1.1" 200 2332
120.253.135.82 - - [02/May/2021:06:05:02 +0800] "POST /xingrg/kc/pszx/mdps_list_operate.html HTTP/1.1" 200 3857
120.253.135.82 - - [02/May/2021:06:05:08 +0800] "POST /xingrg/kc/pszx/mdps_list_operate.html HTTP/1.1" 200 368
120.253.135.82 - - [02/May/2021:06:05:09 +0800] "GET /xingrg/all/function/internal_message.html?_=1619906489994&CODE_STATE=getMsg HTTP/1.1" 200 27
120.253.135.82 - - [02/May/2021:06:05:09 +0800] "GET /xingrg/kc/pszx/mdps_order_info.html?code=312021050200041 HTTP/1.1" 200 23925
120.253.135.82 - - [02/May/2021:06:05:10 +0800] "GET /xingrg/javascript/easyui/themes/default/validatebox.css HTTP/1.1" 404 1104
120.253.135.82 - - [02/May/2021:06:05:10 +0800] "POST /xingrg/kc/pszx/mdps_order_operate.html HTTP/1.1" 200 3299
120.253.135.82 - - [02/May/2021:06:05:13 +0800] "GET /xingrg/kc/print/load_data.html?order_code=312021050200041&kc_code=mdps&condition= HTTP/1.1" 200 1152
120.253.135.82 - - [02/May/2021:06:05:19 +0800] "POST /xingrg/kc/pszx/mdps_list_operate.html HTTP/1.1" 200 3857
120.253.135.82 - - [02/May/2021:06:05:20 +0800] "POST /xingrg/kc/pszx/mdps_list_operate.html HTTP/1.1" 200 546
120.253.135.82 - - [02/May/2021:06:05:21 +0800] "GET /xingrg/kc/pszx/mdps_order_info.html?code=312021050200042 HTTP/1.1" 200 23925
120.253.135.82 - - [02/May/2021:06:05:22 +0800] "POST /xingrg/kc/pszx/mdps_order_operate.html HTTP/1.1" 200 4335
120.253.135.82 - - [02/May/2021:06:05:22 +0800] "GET /xingrg/javascript/easyui/themes/default/validatebox.css HTTP/1.1" 404 1104
120.253.135.82 - - [02/May/2021:06:05:25 +0800] "GET /xingrg/kc/print/load_data.html?order_code=312021050200042&kc_code=mdps&condition= HTTP/1.1" 200 1669
120.253.135.82 - - [02/May/2021:06:05:33 +0800] "POST /xingrg/kc/pszx/mdps_list_operate.html HTTP/1.1" 200 3857
120.253.135.82 - - [02/May/2021:06:05:34 +0800] "POST /xingrg/kc/pszx/mdps_list_operate.html HTTP/1.1" 200 233
120.253.135.82 - - [02/May/2021:06:05:35 +0800] "GET /xingrg/kc/pszx/mdps_order_info.html?code=312021050200043 HTTP/1.1" 200 23925
120.253.135.82 - - [02/May/2021:06:05:36 +0800] "GET /xingrg/javascript/easyui/themes/default/validatebox.css HTTP/1.1" 404 1104
120.253.135.82 - - [02/May/2021:06:05:36 +0800] "POST /xingrg/kc/pszx/mdps_order_operate.html HTTP/1.1" 200 2332
120.253.135.82 - - [02/May/2021:06:05:38 +0800] "GET /xingrg/kc/print/load_data.html?order_code=312021050200043&kc_code=mdps&condition= HTTP/1.1" 200 720
116.230.110.80 - - [02/May/2021:06:05:39 +0800] "GET /xingrg/all/function/internal_message.html?_=1619906737702&CODE_STATE=getMsg HTTP/1.1" 200 27
120.253.135.82 - - [02/May/2021:06:05:46 +0800] "POST /xingrg/kc/pszx/mdps_list_operate.html HTTP/1.1" 200 3857
120.253.135.82 - - [02/May/2021:06:05:48 +0800] "POST /xingrg/kc/pszx/mdps_list_operate.html HTTP/1.1" 200 286
120.253.135.82 - - [02/May/2021:06:05:48 +0800] "GET /xingrg/kc/pszx/mdps_order_info.html?code=312021050100021 HTTP/1.1" 200 23923
120.253.135.82 - - [02/May/2021:06:05:49 +0800] "GET /xingrg/javascript/easyui/themes/default/validatebox.css HTTP/1.1" 404 1104
120.253.135.82 - - [02/May/2021:06:05:49 +0800] "POST /xingrg/kc/pszx/mdps_order_operate.html HTTP/1.1" 200 2805
120.253.135.82 - - [02/May/2021:06:05:51 +0800] "GET /xingrg/kc/print/load_data.html?order_code=312021050100021&kc_code=mdps&condition= HTTP/1.1" 200 936
116.230.114.112 - - [02/May/2021:06:05:56 +0800] "GET /xingrg/all/function/internal_message.html?_=1619906756774&CODE_STATE=getMsg HTTP/1.1" 200 27
120.253.135.82 - - [02/May/2021:06:06:00 +0800] "POST /xingrg/kc/pszx/mdps_list_operate.html HTTP/1.1" 200 3857
120.253.135.82 - - [02/May/2021:06:06:08 +0800] "GET /xingrg/check_reg.html?_=1619906549369 HTTP/1.1" 200 22
120.253.135.82 - - [02/May/2021:06:06:09 +0800] "GET /xingrg/all/function/internal_message.html?_=1619906550001&CODE_STATE=getMsg HTTP/1.1" 200 27
116.230.110.80 - - [02/May/2021:06:06:39 +0800] "GET /xingrg/all/function/internal_message.html?_=1619906797703&CODE_STATE=getMsg HTTP/1.1" 200 27
116.230.114.112 - - [02/May/2021:06:06:56 +0800] "GET /xingrg/all/function/internal_message.html?_=1619906816802&CODE_STATE=getMsg HTTP/1.1" 200 27
120.253.135.82 - - [02/May/2021:06:07:09 +0800] "GET /xingrg/all/function/internal_message.html?_=1619906610015&CODE_STATE=getMsg HTTP/1.1" 200 27
116.230.110.80 - - [02/May/2021:06:07:39 +0800] "GET /xingrg/all/function/internal_message.html?_=1619906857706&CODE_STATE=getMsg HTTP/1.1" 200 27
116.230.110.80 - - [02/May/2021:06:07:39 +0800] "GET /xingrg/check_reg.html?_=1619906857707 HTTP/1.1" 200 22
116.230.114.112 - - [02/May/2021:06:07:44 +0800] "GET /xingrg/check_reg.html?_=1619906865569 HTTP/1.1" 200 22
116.230.114.112 - - [02/May/2021:06:07:56 +0800] "GET /xingrg/all/function/internal_message.html?_=1619906876818&CODE_STATE=getMsg HTTP/1.1" 200 27
120.253.135.82 - - [02/May/2021:06:07:58 +0800] "POST /xingrg/kc/pszx/mdps_list_operate.html HTTP/1.1" 200 4302
120.253.135.82 - - [02/May/2021:06:08:00 +0800] "POST /xingrg/kc/pszx/mdps_list_operate.html HTTP/1.1" 200 205
116.230.110.80 - - [02/May/2021:06:08:01 +0800] "POST /xingrg/services/DataTransmitService HTTP/1.1" 200 524
116.230.110.80 - - [02/May/2021:06:08:02 +0800] "POST /xingrg/services/DataTransmitService HTTP/1.1" 200 501
116.230.110.80 - - [02/May/2021:06:08:02 +0800] "POST /xingrg/services/DataTransmitService HTTP/1.1" 200 501
116.230.110.80 - - [02/May/2021:06:08:02 +0800] "POST /xingrg/services/DataTransmitService HTTP/1.1" 200 501
120.253.135.82 - - [02/May/2021:06:08:02 +0800] "POST /xingrg/kc/pszx/mdps_list_operate.html HTTP/1.1" 200 202
116.230.110.80 - - [02/May/2021:06:08:02 +0800] "POST /xingrg/services/DataTransmitService HTTP/1.1" 200 501
116.230.110.80 - - [02/May/2021:06:08:02 +0800] "POST /xingrg/services/DataTransmitService HTTP/1.1" 200 501
116.230.110.80 - - [02/May/2021:06:08:03 +0800] "POST /xingrg/services/DataTransmitService HTTP/1.1" 200 501
116.230.110.80 - - [02/May/2021:06:08:03 +0800] "POST /xingrg/services/DataTransmitService HTTP/1.1" 200 501
116.230.110.80 - - [02/May/2021:06:08:03 +0800] "POST /xingrg/services/DataTransmitService HTTP/1.1" 200 501
116.230.110.80 - - [02/May/2021:06:08:04 +0800] "POST /xingrg/services/DataTransmitService HTTP/1.1" 200 412
120.253.135.82 - - [02/May/2021:06:08:05 +0800] "POST /xingrg/kc/pszx/mdps_list_operate.html HTTP/1.1" 200 202
120.253.135.82 - - [02/May/2021:06:08:06 +0800] "POST /xingrg/kc/pszx/mdps_list_operate.html HTTP/1.1" 200 284
120.253.135.82 - - [02/May/2021:06:08:08 +0800] "POST /xingrg/kc/pszx/mdps_list_operate.html HTTP/1.1" 200 618
120.253.135.82 - - [02/May/2021:06:08:09 +0800] "GET /xingrg/all/function/internal_message.html?_=1619906670028&CODE_STATE=getMsg HTTP/1.1" 200 27
120.253.135.82 - - [02/May/2021:06:08:10 +0800] "POST /xingrg/kc/pszx/mdps_list_operate.html HTTP/1.1" 200 620
120.253.135.82 - - [02/May/2021:06:08:11 +0800] "POST /xingrg/kc/pszx/mdps_list_operate.html HTTP/1.1" 200 609
120.253.135.82 - - [02/May/2021:06:08:12 +0800] "POST /xingrg/kc/pszx/mdps_list_operate.html HTTP/1.1" 200 205
116.230.110.80 - - [02/May/2021:06:08:39 +0800] "GET /xingrg/all/function/internal_message.html?_=1619906917708&CODE_STATE=getMsg HTTP/1.1" 200 27
120.253.135.82 - - [02/May/2021:06:08:45 +0800] "POST /xingrg/kc/pszx/mdps_list_operate.html HTTP/1.1" 200 4958
116.230.114.112 - - [02/May/2021:06:08:56 +0800] "GET /xingrg/all/function/internal_message.html?_=1619906936831&CODE_STATE=getMsg HTTP/1.1" 200 27
120.253.135.82 - - [02/May/2021:06:09:09 +0800] "GET /xingrg/all/function/internal_message.html?_=1619906730042&CODE_STATE=getMsg HTTP/1.1" 200 27
120.253.135.82 - - [02/May/2021:06:09:10 +0800] "POST /xingrg/kc/pszx/mdps_list_operate.html HTTP/1.1" 200 203
120.253.135.82 - - [02/May/2021:06:09:11 +0800] "POST /xingrg/kc/pszx/mdps_list_operate.html HTTP/1.1" 200 281
120.253.135.82 - - [02/May/2021:06:09:13 +0800] "POST /xingrg/kc/pszx/mdps_list_operate.html HTTP/1.1" 200 645
120.253.135.82 - - [02/May/2021:06:09:15 +0800] "POST /xingrg/kc/pszx/mdps_list_operate.html HTTP/1.1" 200 647
120.253.135.82 - - [02/May/2021:06:09:16 +0800] "POST /xingrg/kc/pszx/mdps_list_operate.html HTTP/1.1" 200 618
120.253.135.82 - - [02/May/2021:06:09:18 +0800] "POST /xingrg/kc/pszx/mdps_list_operate.html HTTP/1.1" 200 204
120.253.135.82 - - [02/May/2021:06:09:19 +0800] "POST /xingrg/kc/pszx/mdps_list_operate.html HTTP/1.1" 200 284
120.253.135.82 - - [02/May/2021:06:09:21 +0800] "POST /xingrg/kc/pszx/mdps_list_operate.html HTTP/1.1" 200 233
120.253.135.82 - - [02/May/2021:06:09:24 +0800] "POST /xingrg/kc/pszx/mdps_list_operate.html HTTP/1.1" 200 211
120.253.135.82 - - [02/May/2021:06:09:27 +0800] "POST /xingrg/kc/pszx/mdps_list_operate.html HTTP/1.1" 200 533
120.253.135.82 - - [02/May/2021:06:09:31 +0800] "GET /xingrg/kc/pszx/mdps_order_info.html?code=312021050200039 HTTP/1.1" 200 23925
120.253.135.82 - - [02/May/2021:06:09:32 +0800] "GET /xingrg/javascript/easyui/themes/default/validatebox.css HTTP/1.1" 404 1104
120.253.135.82 - - [02/May/2021:06:09:32 +0800] "POST /xingrg/kc/pszx/mdps_order_operate.html HTTP/1.1" 200 2284
120.253.135.82 - - [02/May/2021:06:09:34 +0800] "POST /xingrg/all/common/load_combo.html?type=base HTTP/1.1" 200 1075
116.230.110.80 - - [02/May/2021:06:09:39 +0800] "GET /xingrg/all/function/internal_message.html?_=1619906977710&CODE_STATE=getMsg HTTP/1.1" 200 27
120.253.135.82 - - [02/May/2021:06:09:46 +0800] "POST /xingrg/kc/pszx/mdps_order_operate.html HTTP/1.1" 200 37
120.253.135.82 - - [02/May/2021:06:09:47 +0800] "GET /xingrg/kc/pszx/mdps_order_info.html?code=312021050200039 HTTP/1.1" 200 23925
120.253.135.82 - - [02/May/2021:06:09:47 +0800] "GET /xingrg/javascript/easyui/themes/default/validatebox.css HTTP/1.1" 404 1104
120.253.135.82 - - [02/May/2021:06:09:47 +0800] "POST /xingrg/kc/pszx/mdps_order_operate.html HTTP/1.1" 200 2295
180.169.147.146 - - [02/May/2021:06:09:50 +0800] "GET /xingrg/check_reg.html?_=1619906983307 HTTP/1.1" 200 22
116.230.114.112 - - [02/May/2021:06:09:56 +0800] "GET /xingrg/all/function/internal_message.html?_=1619906996858&CODE_STATE=getMsg HTTP/1.1" 200 27
120.253.135.82 - - [02/May/2021:06:09:58 +0800] "POST /xingrg/kc/pszx/mdps_order_operate.html HTTP/1.1" 200 37
120.253.135.82 - - [02/May/2021:06:09:59 +0800] "GET /xingrg/kc/pszx/mdps_order_info.html?code=312021050200039 HTTP/1.1" 200 23925
120.253.135.82 - - [02/May/2021:06:09:59 +0800] "GET /xingrg/javascript/easyui/themes/default/validatebox.css HTTP/1.1" 404 1104
120.253.135.82 - - [02/May/2021:06:09:59 +0800] "POST /xingrg/kc/pszx/mdps_order_operate.html HTTP/1.1" 200 2295
120.253.135.82 - - [02/May/2021:06:10:01 +0800] "POST /xingrg/kc/pszx/mdps_list_operate.html HTTP/1.1" 200 4958
120.253.135.82 - - [02/May/2021:06:10:03 +0800] "POST /xingrg/kc/pszx/mdps_list_operate.html HTTP/1.1" 200 211
120.253.135.82 - - [02/May/2021:06:10:04 +0800] "GET /xingrg/kc/pszx/mdps_order_info.html?code=312021050200039 HTTP/1.1" 200 23925
120.253.135.82 - - [02/May/2021:06:10:05 +0800] "GET /xingrg/javascript/easyui/themes/default/validatebox.css HTTP/1.1" 404 1104
120.253.135.82 - - [02/May/2021:06:10:05 +0800] "POST /xingrg/kc/pszx/mdps_order_operate.html HTTP/1.1" 200 2295
120.253.135.82 - - [02/May/2021:06:10:07 +0800] "GET /xingrg/kc/print/load_data.html?order_code=312021050200039&kc_code=mdps&condition= HTTP/1.1" 200 666
120.253.135.82 - - [02/May/2021:06:10:09 +0800] "GET /xingrg/all/function/internal_message.html?_=1619906790055&CODE_STATE=getMsg HTTP/1.1" 200 27
120.253.135.82 - - [02/May/2021:06:10:13 +0800] "POST /xingrg/kc/pszx/mdps_list_operate.html HTTP/1.1" 200 4958
120.253.135.82 - - [02/May/2021:06:10:22 +0800] "POST /xingrg/kc/pszx/mdps_list_operate.html HTTP/1.1" 200 211
120.253.135.82 - - [02/May/2021:06:10:24 +0800] "POST /xingrg/kc/pszx/mdps_list_operate.html HTTP/1.1" 200 233
120.253.135.82 - - [02/May/2021:06:10:25 +0800] "POST /xingrg/kc/pszx/mdps_list_operate.html HTTP/1.1" 200 284
120.253.135.82 - - [02/May/2021:06:10:27 +0800] "POST /xingrg/kc/pszx/mdps_list_operate.html HTTP/1.1" 200 204
120.253.135.82 - - [02/May/2021:06:10:29 +0800] "POST /xingrg/kc/pszx/mdps_list_operate.html HTTP/1.1" 200 618
120.253.135.82 - - [02/May/2021:06:10:30 +0800] "POST /xingrg/kc/pszx/mdps_list_operate.html HTTP/1.1" 200 647
120.253.135.82 - - [02/May/2021:06:10:32 +0800] "POST /xingrg/kc/pszx/mdps_list_operate.html HTTP/1.1" 200 645
120.253.135.82 - - [02/May/2021:06:10:33 +0800] "POST /xingrg/kc/pszx/mdps_list_operate.html HTTP/1.1" 200 281
120.253.135.82 - - [02/May/2021:06:10:35 +0800] "POST /xingrg/kc/pszx/mdps_list_operate.html HTTP/1.1" 200 203
120.253.135.82 - - [02/May/2021:06:10:38 +0800] "POST /xingrg/kc/pszx/mdps_list_operate.html HTTP/1.1" 200 533
116.230.110.80 - - [02/May/2021:06:10:39 +0800] "GET /xingrg/all/function/internal_message.html?_=1619907037711&CODE_STATE=getMsg HTTP/1.1" 200 27
116.230.114.112 - - [02/May/2021:06:10:56 +0800] "GET /xingrg/all/function/internal_message.html?_=1619907056858&CODE_STATE=getMsg HTTP/1.1" 200 27
120.253.135.82 - - [02/May/2021:06:11:08 +0800] "GET /xingrg/check_reg.html?_=1619906849431 HTTP/1.1" 200 22
120.253.135.82 - - [02/May/2021:06:11:09 +0800] "GET /xingrg/all/function/internal_message.html?_=1619906850068&CODE_STATE=getMsg HTTP/1.1" 200 27
116.230.110.80 - - [02/May/2021:06:11:39 +0800] "GET /xingrg/all/function/internal_message.html?_=1619907097713&CODE_STATE=getMsg HTTP/1.1" 200 27
116.230.114.112 - - [02/May/2021:06:11:56 +0800] "GET /xingrg/all/function/internal_message.html?_=1619907116889&CODE_STATE=getMsg HTTP/1.1" 200 27
120.253.135.82 - - [02/May/2021:06:12:06 +0800] "POST /xingrg/kc/pszx/mdps_list_operate.html HTTP/1.1" 200 868
120.253.135.82 - - [02/May/2021:06:12:09 +0800] "GET /xingrg/all/function/internal_message.html?_=1619906910082&CODE_STATE=getMsg HTTP/1.1" 200 27
120.253.135.82 - - [02/May/2021:06:12:22 +0800] "POST /xingrg/kc/pszx/mdps_list_operate.html HTTP/1.1" 200 868
116.230.110.80 - - [02/May/2021:06:12:39 +0800] "GET /xingrg/check_reg.html?_=1619907157699 HTTP/1.1" 200 22
116.230.110.80 - - [02/May/2021:06:12:39 +0800] "GET /xingrg/all/function/internal_message.html?_=1619907157699&CODE_STATE=getMsg HTTP/1.1" 200 27
116.230.114.112 - - [02/May/2021:06:12:44 +0800] "GET /xingrg/check_reg.html?_=1619907165579 HTTP/1.1" 200 22
120.253.135.82 - - [02/May/2021:06:12:46 +0800] "POST /xingrg/kc/pszx/mdps_list_operate.html HTTP/1.1" 200 2436
120.253.135.82 - - [02/May/2021:06:12:48 +0800] "POST /xingrg/kc/pszx/mdps_list_operate.html HTTP/1.1" 200 650
120.253.135.82 - - [02/May/2021:06:12:49 +0800] "GET /xingrg/kc/pszx/mdps_order_info.html?code=312021050200045 HTTP/1.1" 200 23931
120.253.135.82 - - [02/May/2021:06:12:49 +0800] "GET /xingrg/javascript/easyui/themes/default/validatebox.css HTTP/1.1" 404 1104
120.253.135.82 - - [02/May/2021:06:12:50 +0800] "POST /xingrg/kc/pszx/mdps_order_operate.html HTTP/1.1" 200 18255
120.253.135.82 - - [02/May/2021:06:12:53 +0800] "POST /xingrg/kc/pszx/mdps_order_operate.html HTTP/1.1" 200 37
120.253.135.82 - - [02/May/2021:06:12:54 +0800] "GET /xingrg/kc/pszx/mdps_order_info.html?code=312021050200045 HTTP/1.1" 200 23931
120.253.135.82 - - [02/May/2021:06:12:54 +0800] "GET /xingrg/javascript/easyui/themes/default/validatebox.css HTTP/1.1" 404 1104
120.253.135.82 - - [02/May/2021:06:12:54 +0800] "POST /xingrg/kc/pszx/mdps_order_operate.html HTTP/1.1" 200 18521
116.230.114.112 - - [02/May/2021:06:12:56 +0800] "GET /xingrg/all/function/internal_message.html?_=1619907176902&CODE_STATE=getMsg HTTP/1.1" 200 27
120.253.135.82 - - [02/May/2021:06:13:09 +0800] "GET /xingrg/all/function/internal_message.html?_=1619906970096&CODE_STATE=getMsg HTTP/1.1" 200 27
116.230.110.80 - - [02/May/2021:06:13:39 +0800] "GET /xingrg/all/function/internal_message.html?_=1619907217702&CODE_STATE=getMsg HTTP/1.1" 200 27
120.253.135.82 - - [02/May/2021:06:13:40 +0800] "POST /xingrg/kc/pszx/mdps_list_operate.html HTTP/1.1" 200 2436
120.253.135.82 - - [02/May/2021:06:13:50 +0800] "POST /xingrg/kc/pszx/mdps_list_operate.html HTTP/1.1" 200 1692
120.253.135.82 - - [02/May/2021:06:13:52 +0800] "POST /xingrg/kc/pszx/mdps_list_operate.html HTTP/1.1" 200 641
120.253.135.82 - - [02/May/2021:06:13:53 +0800] "GET /xingrg/kc/pszx/mdps_order_info.html?code=312021050200044 HTTP/1.1" 200 23931
120.253.135.82 - - [02/May/2021:06:13:53 +0800] "GET /xingrg/javascript/easyui/themes/default/validatebox.css HTTP/1.1" 404 1104
120.253.135.82 - - [02/May/2021:06:13:53 +0800] "POST /xingrg/kc/pszx/mdps_order_operate.html HTTP/1.1" 200 7794
116.230.114.112 - - [02/May/2021:06:13:56 +0800] "GET /xingrg/all/function/internal_message.html?_=1619907236915&CODE_STATE=getMsg HTTP/1.1" 200 27
120.253.135.82 - - [02/May/2021:06:13:59 +0800] "POST /xingrg/kc/pszx/mdps_order_operate.html HTTP/1.1" 200 37
120.253.135.82 - - [02/May/2021:06:14:00 +0800] "GET /xingrg/kc/pszx/mdps_order_info.html?code=312021050200044 HTTP/1.1" 200 23931
120.253.135.82 - - [02/May/2021:06:14:01 +0800] "GET /xingrg/javascript/easyui/themes/default/validatebox.css HTTP/1.1" 404 1104
120.253.135.82 - - [02/May/2021:06:14:01 +0800] "POST /xingrg/kc/pszx/mdps_order_operate.html HTTP/1.1" 200 7886
120.253.135.82 - - [02/May/2021:06:14:09 +0800] "GET /xingrg/all/function/internal_message.html?_=1619907030110&CODE_STATE=getMsg HTTP/1.1" 200 27
116.230.110.80 - - [02/May/2021:06:14:39 +0800] "GET /xingrg/all/function/internal_message.html?_=1619907277704&CODE_STATE=getMsg HTTP/1.1" 200 27
180.169.147.146 - - [02/May/2021:06:14:50 +0800] "GET /xingrg/check_reg.html?_=1619907283301 HTTP/1.1" 200 22
116.230.114.112 - - [02/May/2021:06:14:56 +0800] "GET /xingrg/all/function/internal_message.html?_=1619907296941&CODE_STATE=getMsg HTTP/1.1" 200 27
120.253.135.82 - - [02/May/2021:06:14:57 +0800] "POST /xingrg/kc/pszx/mdps_order_operate.html HTTP/1.1" 200 37
120.253.135.82 - - [02/May/2021:06:14:58 +0800] "GET /xingrg/kc/pszx/mdps_order_info.html?code=312021050200044 HTTP/1.1" 200 23931
120.253.135.82 - - [02/May/2021:06:14:59 +0800] "GET /xingrg/javascript/easyui/themes/default/validatebox.css HTTP/1.1" 404 1104
120.253.135.82 - - [02/May/2021:06:14:59 +0800] "POST /xingrg/kc/pszx/mdps_order_operate.html HTTP/1.1" 200 7886
120.253.135.82 - - [02/May/2021:06:15:05 +0800] "POST /xingrg/kc/pszx/mdps_list_operate.html HTTP/1.1" 200 1692
120.253.135.82 - - [02/May/2021:06:15:07 +0800] "GET /xingrg/kc/pszx/mdps_order_add.html HTTP/1.1" 200 29181
120.253.135.82 - - [02/May/2021:06:15:07 +0800] "GET /xingrg/javascript/easyui/themes/default/validatebox.css HTTP/1.1" 404 1104
120.253.135.82 - - [02/May/2021:06:15:07 +0800] "POST /xingrg/kc/pszx/mdps_order_operate.html HTTP/1.1" 200 7126
120.253.135.82 - - [02/May/2021:06:15:09 +0800] "GET /xingrg/all/function/internal_message.html?_=1619907090122&CODE_STATE=getMsg HTTP/1.1" 200 27
120.253.135.82 - - [02/May/2021:06:15:17 +0800] "POST /xingrg/all/common/load_combo.html?type=base HTTP/1.1" 200 1075
120.253.135.82 - - [02/May/2021:06:15:24 +0800] "GET /xingrg/kc/pszx/mdps_order_operate.html?command=get_materiel&pszx_code=00101&rest_code=00144&base_code=0010250&code=00102002204 HTTP/1.1" 200 447
120.253.135.82 - - [02/May/2021:06:15:26 +0800] "POST /xingrg/all/common/load_select.html HTTP/1.1" 200 25
120.253.135.82 - - [02/May/2021:06:15:29 +0800] "GET /xingrg/kc/pszx/mdps_order_operate.html?command=get_materiel_price&pszx_code=00101&rest_code=00144&base_code=0010250&code=00102002204&unit_code=00100335&order_time=2021-05-02 HTTP/1.1" 200 35
120.253.135.82 - - [02/May/2021:06:15:37 +0800] "GET /xingrg/kc/pszx/mdps_order_operate.html?command=get_materiel&pszx_code=00101&rest_code=00144&base_code=0010250&code=00102002881 HTTP/1.1" 200 443
116.230.110.80 - - [02/May/2021:06:15:39 +0800] "GET /xingrg/all/function/internal_message.html?_=1619907337706&CODE_STATE=getMsg HTTP/1.1" 200 27
120.253.135.82 - - [02/May/2021:06:15:52 +0800] "GET /xingrg/kc/pszx/mdps_order_operate.html?command=get_materiel&pszx_code=00101&rest_code=00144&base_code=0010250&code=00102002198 HTTP/1.1" 200 424
116.230.114.112 - - [02/May/2021:06:15:56 +0800] "GET /xingrg/all/function/internal_message.html?_=1619907356942&CODE_STATE=getMsg HTTP/1.1" 200 27
120.253.135.82 - - [02/May/2021:06:15:58 +0800] "POST /xingrg/kc/pszx/mdps_order_operate.html HTTP/1.1" 200 37
120.253.135.82 - - [02/May/2021:06:15:59 +0800] "GET /xingrg/kc/pszx/mdps_order_info.html?code=312021050200049 HTTP/1.1" 200 23931
120.253.135.82 - - [02/May/2021:06:15:59 +0800] "GET /xingrg/javascript/easyui/themes/default/validatebox.css HTTP/1.1" 404 1104
120.253.135.82 - - [02/May/2021:06:15:59 +0800] "POST /xingrg/kc/pszx/mdps_order_operate.html HTTP/1.1" 200 3302
120.253.135.82 - - [02/May/2021:06:16:06 +0800] "POST /xingrg/kc/pszx/mdps_order_operate.html HTTP/1.1" 200 37
120.253.135.82 - - [02/May/2021:06:16:07 +0800] "GET /xingrg/kc/pszx/mdps_order_info.html?code=312021050200049 HTTP/1.1" 200 23931
120.253.135.82 - - [02/May/2021:06:16:08 +0800] "POST /xingrg/kc/pszx/mdps_order_operate.html HTTP/1.1" 200 3302
120.253.135.82 - - [02/May/2021:06:16:08 +0800] "GET /xingrg/javascript/easyui/themes/default/validatebox.css HTTP/1.1" 404 1104
120.253.135.82 - - [02/May/2021:06:16:08 +0800] "GET /xingrg/check_reg.html?_=1619907149480 HTTP/1.1" 200 22
120.253.135.82 - - [02/May/2021:06:16:09 +0800] "POST /xingrg/kc/pszx/mdps_list_operate.html HTTP/1.1" 200 2063
120.253.135.82 - - [02/May/2021:06:16:09 +0800] "GET /xingrg/all/function/internal_message.html?_=1619907150137&CODE_STATE=getMsg HTTP/1.1" 200 27
120.253.135.82 - - [02/May/2021:06:16:11 +0800] "POST /xingrg/kc/pszx/mdps_list_operate.html HTTP/1.1" 200 641
120.253.135.82 - - [02/May/2021:06:16:12 +0800] "GET /xingrg/kc/pszx/mdps_order_info.html?code=312021050200044 HTTP/1.1" 200 23931
120.253.135.82 - - [02/May/2021:06:16:12 +0800] "POST /xingrg/kc/pszx/mdps_order_operate.html HTTP/1.1" 200 7886
120.253.135.82 - - [02/May/2021:06:16:12 +0800] "GET /xingrg/javascript/easyui/themes/default/validatebox.css HTTP/1.1" 404 1104
120.253.135.82 - - [02/May/2021:06:16:20 +0800] "POST /xingrg/kc/pszx/mdps_list_operate.html HTTP/1.1" 200 2063
120.253.135.82 - - [02/May/2021:06:16:24 +0800] "POST /xingrg/kc/pszx/mdps_list_operate.html HTTP/1.1" 200 381
120.253.135.82 - - [02/May/2021:06:16:24 +0800] "GET /xingrg/kc/pszx/mdps_order_info.html?code=312021050200049 HTTP/1.1" 200 23931
120.253.135.82 - - [02/May/2021:06:16:25 +0800] "POST /xingrg/kc/pszx/mdps_order_operate.html HTTP/1.1" 200 3302
120.253.135.82 - - [02/May/2021:06:16:25 +0800] "GET /xingrg/javascript/easyui/themes/default/validatebox.css HTTP/1.1" 404 1104
120.253.135.82 - - [02/May/2021:06:16:31 +0800] "POST /xingrg/kc/pszx/mdps_order_operate.html HTTP/1.1" 200 37
120.253.135.82 - - [02/May/2021:06:16:32 +0800] "GET /xingrg/kc/pszx/mdps_order_info.html?code=312021050200049 HTTP/1.1" 200 23931
120.253.135.82 - - [02/May/2021:06:16:33 +0800] "GET /xingrg/javascript/easyui/themes/default/validatebox.css HTTP/1.1" 404 1104
120.253.135.82 - - [02/May/2021:06:16:33 +0800] "POST /xingrg/kc/pszx/mdps_order_operate.html HTTP/1.1" 200 3302
120.253.135.82 - - [02/May/2021:06:16:35 +0800] "POST /xingrg/kc/pszx/mdps_list_operate.html HTTP/1.1" 200 2063
116.230.110.80 - - [02/May/2021:06:16:39 +0800] "GET /xingrg/all/function/internal_message.html?_=1619907397711&CODE_STATE=getMsg HTTP/1.1" 200 27
120.253.135.82 - - [02/May/2021:06:16:40 +0800] "POST /xingrg/kc/pszx/mdps_list_operate.html HTTP/1.1" 200 641
120.253.135.82 - - [02/May/2021:06:16:40 +0800] "GET /xingrg/kc/pszx/mdps_order_info.html?code=312021050200044 HTTP/1.1" 200 23931
120.253.135.82 - - [02/May/2021:06:16:41 +0800] "GET /xingrg/javascript/easyui/themes/default/validatebox.css HTTP/1.1" 404 1104
120.253.135.82 - - [02/May/2021:06:16:41 +0800] "POST /xingrg/kc/pszx/mdps_order_operate.html HTTP/1.1" 200 7886
116.230.114.112 - - [02/May/2021:06:16:56 +0800] "GET /xingrg/all/function/internal_message.html?_=1619907416969&CODE_STATE=getMsg HTTP/1.1" 200 27
120.253.135.82 - - [02/May/2021:06:17:02 +0800] "POST /xingrg/kc/pszx/mdps_order_operate.html HTTP/1.1" 200 37
120.253.135.82 - - [02/May/2021:06:17:03 +0800] "GET /xingrg/kc/pszx/mdps_order_info.html?code=312021050200044 HTTP/1.1" 200 23931
120.253.135.82 - - [02/May/2021:06:17:03 +0800] "POST /xingrg/kc/pszx/mdps_order_operate.html HTTP/1.1" 200 6365
120.253.135.82 - - [02/May/2021:06:17:03 +0800] "GET /xingrg/javascript/easyui/themes/default/validatebox.css HTTP/1.1" 404 1104
120.253.135.82 - - [02/May/2021:06:17:06 +0800] "POST /xingrg/kc/pszx/mdps_list_operate.html HTTP/1.1" 200 2063
120.253.135.82 - - [02/May/2021:06:17:09 +0800] "GET /xingrg/all/function/internal_message.html?_=1619907210150&CODE_STATE=getMsg HTTP/1.1" 200 27
116.230.110.80 - - [02/May/2021:06:17:39 +0800] "GET /xingrg/check_reg.html?_=1619907457712 HTTP/1.1" 200 22
116.230.110.80 - - [02/May/2021:06:17:39 +0800] "GET /xingrg/all/function/internal_message.html?_=1619907457713&CODE_STATE=getMsg HTTP/1.1" 200 27
120.253.135.82 - - [02/May/2021:06:17:42 +0800] "POST /xingrg/kc/pszx/mdps_list_operate.html HTTP/1.1" 200 1692
120.253.135.82 - - [02/May/2021:06:17:43 +0800] "POST /xingrg/kc/pszx/mdps_list_operate.html HTTP/1.1" 200 628
120.253.135.82 - - [02/May/2021:06:17:44 +0800] "GET /xingrg/kc/pszx/mdps_order_info.html?code=312021050200048 HTTP/1.1" 200 23931
116.230.114.112 - - [02/May/2021:06:17:44 +0800] "GET /xingrg/check_reg.html?_=1619907465580 HTTP/1.1" 200 22
120.253.135.82 - - [02/May/2021:06:17:44 +0800] "GET /xingrg/javascript/easyui/themes/default/validatebox.css HTTP/1.1" 404 1104
120.253.135.82 - - [02/May/2021:06:17:44 +0800] "POST /xingrg/kc/pszx/mdps_order_operate.html HTTP/1.1" 200 13266
120.253.135.82 - - [02/May/2021:06:17:48 +0800] "POST /xingrg/kc/pszx/mdps_order_operate.html HTTP/1.1" 200 37
120.253.135.82 - - [02/May/2021:06:17:49 +0800] "GET /xingrg/kc/pszx/mdps_order_info.html?code=312021050200048 HTTP/1.1" 200 23931
120.253.135.82 - - [02/May/2021:06:17:50 +0800] "GET /xingrg/javascript/easyui/themes/default/validatebox.css HTTP/1.1" 404 1104
120.253.135.82 - - [02/May/2021:06:17:50 +0800] "POST /xingrg/kc/pszx/mdps_order_operate.html HTTP/1.1" 200 13449
116.230.114.112 - - [02/May/2021:06:17:56 +0800] "GET /xingrg/all/function/internal_message.html?_=1619907476985&CODE_STATE=getMsg HTTP/1.1" 200 27
120.253.135.82 - - [02/May/2021:06:18:09 +0800] "GET /xingrg/all/function/internal_message.html?_=1619907270163&CODE_STATE=getMsg HTTP/1.1" 200 27
116.230.110.80 - - [02/May/2021:06:18:39 +0800] "GET /xingrg/all/function/internal_message.html?_=1619907517698&CODE_STATE=getMsg HTTP/1.1" 200 27
120.253.135.82 - - [02/May/2021:06:18:54 +0800] "POST /xingrg/kc/pszx/mdps_order_operate.html HTTP/1.1" 200 37
120.253.135.82 - - [02/May/2021:06:18:55 +0800] "GET /xingrg/kc/pszx/mdps_order_info.html?code=312021050200048 HTTP/1.1" 200 23931
116.230.114.112 - - [02/May/2021:06:18:56 +0800] "GET /xingrg/all/function/internal_message.html?_=1619907536998&CODE_STATE=getMsg HTTP/1.1" 200 27
120.253.135.82 - - [02/May/2021:06:18:56 +0800] "POST /xingrg/kc/pszx/mdps_order_operate.html HTTP/1.1" 200 13449
120.253.135.82 - - [02/May/2021:06:18:56 +0800] "GET /xingrg/javascript/easyui/themes/default/validatebox.css HTTP/1.1" 404 1104
120.253.135.82 - - [02/May/2021:06:19:09 +0800] "GET /xingrg/all/function/internal_message.html?_=1619907330177&CODE_STATE=getMsg HTTP/1.1" 200 27
116.230.110.80 - - [02/May/2021:06:19:39 +0800] "GET /xingrg/all/function/internal_message.html?_=1619907577701&CODE_STATE=getMsg HTTP/1.1" 200 27
120.253.135.82 - - [02/May/2021:06:19:40 +0800] "GET /xingrg/kc/pszx/mdps_order_operate.html?command=get_materiel&pszx_code=00101&rest_code=00154&base_code=0010246&code=00101022082 HTTP/1.1" 200 415
180.169.147.146 - - [02/May/2021:06:19:50 +0800] "GET /xingrg/check_reg.html?_=1619907583352 HTTP/1.1" 200 22
116.230.114.112 - - [02/May/2021:06:19:56 +0800] "GET /xingrg/all/function/internal_message.html?_=1619907597025&CODE_STATE=getMsg HTTP/1.1" 200 27
120.253.135.82 - - [02/May/2021:06:20:03 +0800] "GET /xingrg/kc/pszx/mdps_order_operate.html?command=get_materiel&pszx_code=00101&rest_code=00154&base_code=0010246&code=00101019829 HTTP/1.1" 200 445
120.253.135.82 - - [02/May/2021:06:20:09 +0800] "GET /xingrg/all/function/internal_message.html?_=1619907390190&CODE_STATE=getMsg HTTP/1.1" 200 27
120.253.135.82 - - [02/May/2021:06:20:22 +0800] "POST /xingrg/all/common/load_select.html HTTP/1.1" 200 25
120.253.135.82 - - [02/May/2021:06:20:24 +0800] "GET /xingrg/kc/pszx/mdps_order_operate.html?command=get_materiel_price&pszx_code=00101&rest_code=00154&base_code=0010246&code=00101020144&unit_code=00100009&order_time=2021-05-02 HTTP/1.1" 200 35
116.230.110.80 - - [02/May/2021:06:20:39 +0800] "GET /xingrg/all/function/internal_message.html?_=1619907637706&CODE_STATE=getMsg HTTP/1.1" 200 27
120.253.135.82 - - [02/May/2021:06:20:41 +0800] "POST /xingrg/kc/pszx/mdps_order_operate.html HTTP/1.1" 200 37
120.253.135.82 - - [02/May/2021:06:20:41 +0800] "GET /xingrg/kc/pszx/mdps_order_info.html?code=312021050200048 HTTP/1.1" 200 23931
120.253.135.82 - - [02/May/2021:06:20:42 +0800] "GET /xingrg/javascript/easyui/themes/default/validatebox.css HTTP/1.1" 404 1104
120.253.135.82 - - [02/May/2021:06:20:42 +0800] "POST /xingrg/kc/pszx/mdps_order_operate.html HTTP/1.1" 200 13472
