180.169.147.146 - - [02/May/2021:11:24:20 +0800] "GET /xingrg/all/function/internal_message.html?_=1619925852604&CODE_STATE=getMsg HTTP/1.1" 200 27
116.230.114.112 - - [02/May/2021:11:24:21 +0800] "GET /xingrg/kc/buy/cgsh_order_operate.html?command=get_materiel&rest_code=00146&code=00101008155&supplier_code=00100005&order_time=2021-05-02 HTTP/1.1" 200 408
117.185.32.26 - - [02/May/2021:11:24:22 +0800] "GET /xingrg/all/function/internal_message.html?_=1619925857448&CODE_STATE=getMsg HTTP/1.1" 200 27
116.224.253.72 - - [02/May/2021:11:24:22 +0800] "GET /xingrg/kc/base/wldb_order_operate.html?command=get_materiel&rest_code=00150&base_code=0010447&code=00101014041 HTTP/1.1" 200 434
61.165.42.208 - - [02/May/2021:11:24:23 +0800] "POST /xingrg/kc/buy/cgsh_order_operate.html HTTP/1.1" 200 37
180.161.124.236 - - [02/May/2021:11:24:24 +0800] "GET /xingrg/kc/base/wldb_order_operate.html?command=get_materiel&rest_code=00102&base_code=0010476&code=00101019405 HTTP/1.1" 200 468
61.165.42.208 - - [02/May/2021:11:24:24 +0800] "POST /xingrg/kc/buy/cgsh_order_operate.html HTTP/1.1" 200 3861
116.232.54.167 - - [02/May/2021:11:24:24 +0800] "GET /xingrg/all/function/internal_message.html?_=1619925865101&CODE_STATE=getMsg HTTP/1.1" 200 27
116.232.54.167 - - [02/May/2021:11:24:24 +0800] "GET /xingrg/check_reg.html?_=1619925865102 HTTP/1.1" 200 22
61.165.42.208 - - [02/May/2021:11:24:26 +0800] "GET /xingrg/kc/print/load_data.html?order_code=212021050200707&kc_code=cgsh&condition= HTTP/1.1" 200 1214
183.192.164.214 - - [02/May/2021:11:24:26 +0800] "GET /xingrg/all/function/internal_message.html?_=1619925797420&CODE_STATE=getMsg HTTP/1.1" 302 -
180.161.124.236 - - [02/May/2021:11:24:30 +0800] "GET /xingrg/kc/base/wldb_order_operate.html?command=get_materiel&rest_code=00102&base_code=0010476&code=00101019438 HTTP/1.1" 200 447
183.192.164.214 - - [02/May/2021:11:24:31 +0800] "GET /xingrg/login.html HTTP/1.1" 200 7641
101.85.52.2 - - [02/May/2021:11:24:32 +0800] "GET /xingrg/all/function/internal_message.html?_=1619925872613&CODE_STATE=getMsg HTTP/1.1" 200 27
116.224.253.72 - - [02/May/2021:11:24:34 +0800] "POST /xingrg/kc/base/wldb_order_operate.html HTTP/1.1" 200 37
61.165.42.208 - - [02/May/2021:11:24:36 +0800] "GET /xingrg/kc/buy/cgsh_order_add.html HTTP/1.1" 200 62404
61.165.42.208 - - [02/May/2021:11:24:36 +0800] "POST /xingrg/kc/buy/cgsh_order_operate.html HTTP/1.1" 200 8245
61.165.42.208 - - [02/May/2021:11:24:36 +0800] "GET /xingrg/javascript/easyui/themes/default/validatebox.css HTTP/1.1" 404 1104
116.224.253.72 - - [02/May/2021:11:24:36 +0800] "POST /xingrg/kc/base/wldb_order_operate.html HTTP/1.1" 200 12
116.224.253.72 - - [02/May/2021:11:24:36 +0800] "POST /xingrg/kc/base/wldb_order_operate.html HTTP/1.1" 200 2183
124.77.71.179 - - [02/May/2021:11:24:36 +0800] "GET /xingrg/kc/base/wldb_order_operate.html?command=get_materiel&rest_code=00153&base_code=0010656&code=00102002118 HTTP/1.1" 200 452
116.224.253.72 - - [02/May/2021:11:24:37 +0800] "GET /xingrg/kc/base/wldb_order_info.html?code=422021050200163 HTTP/1.1" 200 26404
180.161.124.236 - - [02/May/2021:11:24:37 +0800] "GET /xingrg/check_reg.html?_=1619926162320 HTTP/1.1" 200 22
116.224.253.72 - - [02/May/2021:11:24:37 +0800] "GET /xingrg/javascript/easyui/themes/default/validatebox.css HTTP/1.1" 404 1104
116.224.253.72 - - [02/May/2021:11:24:37 +0800] "POST /xingrg/kc/base/wldb_order_operate.html HTTP/1.1" 200 478
180.161.124.236 - - [02/May/2021:11:24:39 +0800] "GET /xingrg/kc/base/wldb_order_operate.html?command=get_materiel&rest_code=00102&base_code=0010476&code=00101019026 HTTP/1.1" 200 467
116.224.253.72 - - [02/May/2021:11:24:40 +0800] "GET /xingrg/kc/base/wldb_order_add.html HTTP/1.1" 200 30522
116.224.253.72 - - [02/May/2021:11:24:40 +0800] "POST /xingrg/kc/base/wldb_order_operate.html HTTP/1.1" 200 6806
116.224.253.72 - - [02/May/2021:11:24:41 +0800] "GET /xingrg/javascript/easyui/themes/default/validatebox.css HTTP/1.1" 404 1104
116.224.253.72 - - [02/May/2021:11:24:42 +0800] "POST /xingrg/all/common/load_combo.html?type=base HTTP/1.1" 200 2966
101.85.94.178 - - [02/May/2021:11:24:42 +0800] "GET /xingrg/all/function/internal_message.html?_=1619925399583&CODE_STATE=getMsg HTTP/1.1" 200 27
120.253.135.82 - - [02/May/2021:11:24:42 +0800] "GET /xingrg/all/function/internal_message.html?_=1619925663056&CODE_STATE=getMsg HTTP/1.1" 200 27
116.230.114.112 - - [02/May/2021:11:24:44 +0800] "GET /xingrg/kc/buy/cgsh_order_operate.html?command=get_materiel&rest_code=00146&code=00101008498&supplier_code=00100005&order_time=2021-05-02 HTTP/1.1" 200 410
116.230.110.80 - - [02/May/2021:11:24:44 +0800] "GET /xingrg/all/function/internal_message.html?_=1619925884220&CODE_STATE=getMsg HTTP/1.1" 200 27
180.169.147.146 - - [02/May/2021:11:24:46 +0800] "GET /xingrg/check_reg.html?_=1619925878222 HTTP/1.1" 200 22
180.161.124.236 - - [02/May/2021:11:24:46 +0800] "GET /xingrg/kc/base/wldb_order_operate.html?command=get_materiel&rest_code=00102&base_code=0010476&code=00101027001 HTTP/1.1" 200 471
116.230.114.112 - - [02/May/2021:11:24:48 +0800] "POST /xingrg/kc/buy/cgsh_order_operate.html HTTP/1.1" 200 2065
116.224.253.72 - - [02/May/2021:11:24:51 +0800] "GET /xingrg/kc/base/wldb_order_operate.html?command=get_materiel&rest_code=00150&base_code=0010445&code=00101019133 HTTP/1.1" 200 466
61.165.42.208 - - [02/May/2021:11:24:51 +0800] "GET /xingrg/kc/buy/cgsh_order_operate.html?command=get_materiel&rest_code=00105&code=00101008159&supplier_code=00100340&order_time=2021-05-02 HTTP/1.1" 200 413
116.224.253.72 - - [02/May/2021:11:24:51 +0800] "GET /xingrg/all/function/internal_message.html?_=1619925891317&CODE_STATE=getMsg HTTP/1.1" 200 27
120.204.17.70 - - [02/May/2021:11:24:52 +0800] "GET /xingrg/kc/buy/cgsh_order_info.html?code=212021050200651 HTTP/1.1" 302 -
120.204.17.70 - - [02/May/2021:11:24:53 +0800] "GET /xingrg/login.html HTTP/1.1" 200 7641
180.161.124.236 - - [02/May/2021:11:24:53 +0800] "GET /xingrg/kc/base/wldb_order_operate.html?command=get_materiel&rest_code=00102&base_code=0010476&code=00101019142 HTTP/1.1" 200 450
58.37.228.113 - - [02/May/2021:11:24:55 +0800] "GET /xingrg/all/function/internal_message.html?_=1619925861686&CODE_STATE=getMsg HTTP/1.1" 200 27
116.224.253.72 - - [02/May/2021:11:24:56 +0800] "GET /xingrg/kc/base/wldb_order_operate.html?command=get_materiel&rest_code=00150&base_code=0010445&code=00101019127 HTTP/1.1" 200 466
124.77.71.179 - - [02/May/2021:11:24:58 +0800] "GET /xingrg/all/function/internal_message.html?_=1619925899632&CODE_STATE=getMsg HTTP/1.1" 200 27
124.77.71.179 - - [02/May/2021:11:24:58 +0800] "GET /xingrg/kc/base/wldb_order_operate.html?command=get_materiel&rest_code=00153&base_code=0010656&code=00102021005 HTTP/1.1" 200 450
58.40.7.146 - - [02/May/2021:11:25:00 +0800] "GET /xingrg/all/function/internal_message.html?_=1619925900289&CODE_STATE=getMsg HTTP/1.1" 200 27
180.161.124.236 - - [02/May/2021:11:25:01 +0800] "GET /xingrg/kc/base/wldb_order_operate.html?command=get_materiel&rest_code=00102&base_code=0010476&code=00101013182 HTTP/1.1" 200 429
116.230.114.112 - - [02/May/2021:11:25:02 +0800] "GET /xingrg/check_reg.html?_=1619925903822 HTTP/1.1" 200 22
180.161.124.236 - - [02/May/2021:11:25:02 +0800] "GET /xingrg/all/function/internal_message.html?_=1619926187572&CODE_STATE=getMsg HTTP/1.1" 200 27
116.230.114.112 - - [02/May/2021:11:25:03 +0800] "GET /xingrg/all/function/internal_message.html?_=1619925904945&CODE_STATE=getMsg HTTP/1.1" 200 27
172.20.0.100 - - [02/May/2021:11:25:04 +0800] "GET /xingrg/all/function/internal_message.html?_=1619925904685&CODE_STATE=getMsg HTTP/1.1" 200 27
172.20.0.100 - - [02/May/2021:11:25:04 +0800] "GET /xingrg/check_reg.html?_=1619925904687 HTTP/1.1" 200 22
180.161.124.236 - - [02/May/2021:11:25:06 +0800] "GET /xingrg/kc/base/wldb_order_operate.html?command=get_materiel&rest_code=00102&base_code=0010476&code=00101019390 HTTP/1.1" 200 456
116.230.114.112 - - [02/May/2021:11:25:06 +0800] "GET /xingrg/kc/buy/cgsh_order_operate.html?command=get_materiel&rest_code=00146&code=00101008230&supplier_code=00100005&order_time=2021-05-02 HTTP/1.1" 200 408
116.224.253.72 - - [02/May/2021:11:25:06 +0800] "GET /xingrg/kc/base/wldb_order_operate.html?command=get_materiel&rest_code=00150&base_code=0010445&code=00101016086 HTTP/1.1" 200 468
61.165.42.208 - - [02/May/2021:11:25:07 +0800] "GET /xingrg/all/function/internal_message.html?_=1619925909640&CODE_STATE=getMsg HTTP/1.1" 200 27
117.184.7.30 - - [02/May/2021:11:25:09 +0800] "GET /xingrg/all/function/internal_message.html?_=1619925909325&CODE_STATE=getMsg HTTP/1.1" 200 27
117.184.7.30 - - [02/May/2021:11:25:10 +0800] "GET /xingrg/check_reg.html?_=1619925909328 HTTP/1.1" 200 22
180.161.124.236 - - [02/May/2021:11:25:10 +0800] "GET /xingrg/kc/base/wldb_order_operate.html?command=get_materiel&rest_code=00102&base_code=0010476&code=00101019439 HTTP/1.1" 200 455
116.224.253.72 - - [02/May/2021:11:25:12 +0800] "GET /xingrg/kc/base/wldb_order_operate.html?command=get_materiel&rest_code=00150&base_code=0010445&code=00101019400 HTTP/1.1" 200 450
180.162.112.86 - - [02/May/2021:11:25:12 +0800] "GET /xingrg/all/function/internal_message.html?_=1619925656495&CODE_STATE=getMsg HTTP/1.1" 200 27
180.169.147.146 - - [02/May/2021:11:25:15 +0800] "GET /xingrg/all/function/internal_message.html?_=1619925916401&CODE_STATE=getMsg HTTP/1.1" 200 27
116.224.253.72 - - [02/May/2021:11:25:17 +0800] "GET /xingrg/kc/base/wldb_order_operate.html?command=get_materiel&rest_code=00150&base_code=0010445&code=00101019183 HTTP/1.1" 200 433
116.230.114.112 - - [02/May/2021:11:25:18 +0800] "GET /xingrg/kc/buy/cgsh_order_operate.html?command=get_materiel&rest_code=00146&code=00101008223&supplier_code=00100005&order_time=2021-05-02 HTTP/1.1" 200 414
180.169.147.146 - - [02/May/2021:11:25:20 +0800] "GET /xingrg/all/function/internal_message.html?_=1619925912574&CODE_STATE=getMsg HTTP/1.1" 200 27
117.185.32.26 - - [02/May/2021:11:25:22 +0800] "GET /xingrg/check_reg.html?_=1619925917435 HTTP/1.1" 200 22
117.185.32.26 - - [02/May/2021:11:25:22 +0800] "GET /xingrg/all/function/internal_message.html?_=1619925917436&CODE_STATE=getMsg HTTP/1.1" 200 27
124.77.71.179 - - [02/May/2021:11:25:23 +0800] "GET /xingrg/kc/base/wldb_order_operate.html?command=get_materiel&rest_code=00153&base_code=0010656&code=00102002288 HTTP/1.1" 200 433
116.224.253.72 - - [02/May/2021:11:25:24 +0800] "GET /xingrg/kc/base/wldb_order_operate.html?command=get_materiel&rest_code=00150&base_code=0010445&code=00101019267 HTTP/1.1" 200 481
116.232.54.167 - - [02/May/2021:11:25:24 +0800] "GET /xingrg/all/function/internal_message.html?_=1619925925103&CODE_STATE=getMsg HTTP/1.1" 200 27
61.165.42.208 - - [02/May/2021:11:25:26 +0800] "GET /xingrg/kc/buy/cgsh_order_operate.html?command=get_materiel&rest_code=00105&code=00101014031&supplier_code=00100340&order_time=2021-05-02 HTTP/1.1" 200 415
58.40.7.146 - - [02/May/2021:11:25:28 +0800] "GET /xingrg/all/report/report_query.html?isQuery=1&fileName=kc/base/crk_detail_by_small.xml&rh=99999&queryString=&queryText=%25E3%2580%2590%25E4%25BB%2593%25E5%25BA%2593%25E5%2590%258D%25E7%25A7%25B0%253A%25E6%2588%25BF%25E5%258A%25A1%25E9%2583%25A8%25E3%2580%2591%25E3%2580%2590%25E4%25B8%259A%25E5%258A%25A1%25E7%25B1%25BB%25E5%259E%258B%25EF%25BC%259A%25E5%25BC%2582%25E5%25BA%2597%25E8%25B0%2583%25E5%2585%25A5%25E3%2580%2591%2520%253F%253F%253F%253F%253F2021-04-01%253F%253F2021-04-30%2520%253F%253F%253F%253F%253F%253F%253F&tableQueryString=crk_table%2524sp1%2524order_day%2520between%252020210401%2520and%252020210430%2520and%2520(base_code%253D'0010612')%2520and%2520(src_order_type%2520in%2520(48))%2520and%2520(is_rk%2520in%2520(1)) HTTP/1.1" 200 53782
58.40.7.146 - - [02/May/2021:11:25:28 +0800] "GET /xingrg/dwr/interface/AjaxReportQueryService.js HTTP/1.1" 200 13203
58.40.7.146 - - [02/May/2021:11:25:29 +0800] "GET /xingrg/dwr/engine.js HTTP/1.1" 200 43631
180.161.124.236 - - [02/May/2021:11:25:29 +0800] "POST /xingrg/kc/base/wldb_order_operate.html HTTP/1.1" 200 37
58.40.7.146 - - [02/May/2021:11:25:29 +0800] "POST /xingrg/all/report/load_report_page.html HTTP/1.1" 200 23681
58.40.7.146 - - [02/May/2021:11:25:29 +0800] "GET /xingrg/servlets/image?cache=0.8231082880206437&image=px HTTP/1.1" 200 807
116.230.114.112 - - [02/May/2021:11:25:30 +0800] "GET /xingrg/kc/buy/cgsh_order_operate.html?command=get_materiel&rest_code=00146&code=00101008168&supplier_code=00100005&order_time=2021-05-02 HTTP/1.1" 200 413
58.40.7.146 - - [02/May/2021:11:25:30 +0800] "POST /xingrg/all/report/load_report_page.html HTTP/1.1" 200 55524
58.40.7.146 - - [02/May/2021:11:25:30 +0800] "GET /xingrg/servlets/image?cache=0.6908004162741856&image=px HTTP/1.1" 200 807
180.161.124.236 - - [02/May/2021:11:25:31 +0800] "POST /xingrg/kc/base/wldb_order_operate.html HTTP/1.1" 200 12
180.161.124.236 - - [02/May/2021:11:25:31 +0800] "POST /xingrg/kc/base/wldb_order_operate.html HTTP/1.1" 200 7203
116.224.253.72 - - [02/May/2021:11:25:32 +0800] "GET /xingrg/kc/base/wldb_order_operate.html?command=get_materiel&rest_code=00150&base_code=0010445&code=00101019529 HTTP/1.1" 200 476
101.85.52.2 - - [02/May/2021:11:25:32 +0800] "GET /xingrg/all/function/internal_message.html?_=1619925932618&CODE_STATE=getMsg HTTP/1.1" 200 27
180.161.124.236 - - [02/May/2021:11:25:32 +0800] "GET /xingrg/kc/base/wldb_order_info.html?code=422021050200164 HTTP/1.1" 200 26381
124.77.71.179 - - [02/May/2021:11:25:34 +0800] "GET /xingrg/kc/base/wldb_order_operate.html?command=get_materiel&rest_code=00153&base_code=0010656&code=00102002410 HTTP/1.1" 200 437
180.161.124.236 - - [02/May/2021:11:25:35 +0800] "POST /xingrg/kc/base/wldb_order_operate.html HTTP/1.1" 200 5383
61.165.42.208 - - [02/May/2021:11:25:36 +0800] "POST /xingrg/kc/buy/cgsh_order_operate.html HTTP/1.1" 200 37
180.161.124.236 - - [02/May/2021:11:25:36 +0800] "GET /xingrg/javascript/easyui/themes/default/validatebox.css HTTP/1.1" 404 1104
116.224.253.72 - - [02/May/2021:11:25:36 +0800] "POST /xingrg/kc/base/wldb_order_operate.html HTTP/1.1" 200 37
116.224.253.72 - - [02/May/2021:11:25:37 +0800] "POST /xingrg/kc/base/wldb_order_operate.html HTTP/1.1" 200 5245
116.224.253.72 - - [02/May/2021:11:25:37 +0800] "GET /xingrg/kc/base/wldb_order_info.html?code=422021050200165 HTTP/1.1" 200 30539
116.224.253.72 - - [02/May/2021:11:25:38 +0800] "GET /xingrg/javascript/easyui/themes/default/validatebox.css HTTP/1.1" 404 1104
116.224.253.72 - - [02/May/2021:11:25:38 +0800] "POST /xingrg/kc/base/wldb_order_operate.html HTTP/1.1" 200 5245
180.161.124.236 - - [02/May/2021:11:25:38 +0800] "GET /xingrg/kc/base/wldb_order_add.html HTTP/1.1" 200 30504
116.230.114.112 - - [02/May/2021:11:25:40 +0800] "GET /xingrg/kc/buy/cgsh_order_operate.html?command=get_materiel&rest_code=00146&code=00101008323&supplier_code=00100005&order_time=2021-05-02 HTTP/1.1" 200 408
61.165.42.208 - - [02/May/2021:11:25:40 +0800] "POST /xingrg/kc/buy/cgsh_order_operate.html HTTP/1.1" 200 3250
61.165.42.208 - - [02/May/2021:11:25:41 +0800] "GET /xingrg/kc/print/load_data.html?order_code=212021050200708&kc_code=cgsh&condition= HTTP/1.1" 200 896
180.161.124.236 - - [02/May/2021:11:25:41 +0800] "POST /xingrg/kc/base/wldb_order_operate.html HTTP/1.1" 200 6806
116.224.253.72 - - [02/May/2021:11:25:42 +0800] "GET /xingrg/kc/mdqp/pssh_order_list.html HTTP/1.1" 200 17853
116.224.253.72 - - [02/May/2021:11:25:42 +0800] "POST /xingrg/kc/mdqp/pssh_list_operate.html HTTP/1.1" 200 5443
101.85.94.178 - - [02/May/2021:11:25:42 +0800] "GET /xingrg/all/function/internal_message.html?_=1619925459597&CODE_STATE=getMsg HTTP/1.1" 200 27
120.253.135.82 - - [02/May/2021:11:25:42 +0800] "GET /xingrg/all/function/internal_message.html?_=1619925723069&CODE_STATE=getMsg HTTP/1.1" 200 27
116.224.253.72 - - [02/May/2021:11:25:43 +0800] "POST /xingrg/kc/mdqp/pssh_list_operate.html HTTP/1.1" 200 475
180.161.124.236 - - [02/May/2021:11:25:43 +0800] "GET /xingrg/javascript/easyui/themes/default/validatebox.css HTTP/1.1" 404 1104
180.161.124.236 - - [02/May/2021:11:25:44 +0800] "POST /xingrg/all/common/load_combo.html?type=base HTTP/1.1" 200 3060
116.230.110.80 - - [02/May/2021:11:25:44 +0800] "GET /xingrg/all/function/internal_message.html?_=1619925944208&CODE_STATE=getMsg HTTP/1.1" 200 27
116.230.114.112 - - [02/May/2021:11:25:44 +0800] "POST /xingrg/kc/buy/cgsh_order_operate.html HTTP/1.1" 200 2065
116.224.253.72 - - [02/May/2021:11:25:45 +0800] "GET /xingrg/kc/mdqp/pssh_order_info.html?code=312021050100038 HTTP/1.1" 200 17303
116.224.253.72 - - [02/May/2021:11:25:45 +0800] "GET /xingrg/javascript/jquery_tools/jquery-1.4.2.min.js HTTP/1.1" 404 1094
116.224.253.72 - - [02/May/2021:11:25:45 +0800] "POST /xingrg/kc/mdqp/pssh_order_operate.html HTTP/1.1" 200 1600
116.224.253.72 - - [02/May/2021:11:25:45 +0800] "GET /xingrg/all/common/auto_word.html?type=base&rest_code=00150&rest_code=00150 HTTP/1.1" 200 1653
116.224.253.72 - - [02/May/2021:11:25:45 +0800] "GET /xingrg/javascript/easyui/themes/default/validatebox.css HTTP/1.1" 404 1104
180.169.147.146 - - [02/May/2021:11:25:45 +0800] "GET /xingrg/all/report/report_query.html?isQuery=1&fileName=kc/base/crk_detail_by_small.xml&rh=99999&queryString=&queryText=%25E3%2580%2590%25E4%25BB%2593%25E5%25BA%2593%25E5%2590%258D%25E7%25A7%25B0%253A%25E9%25A3%259F%25E5%2593%2581%25E5%25BA%2593%25E3%2580%2591%25E3%2580%2590%25E4%25B8%259A%25E5%258A%25A1%25E7%25B1%25BB%25E5%259E%258B%25EF%25BC%259A%25E5%2586%2585%25E9%2583%25A8%25E8%25B0%2583%25E5%2587%25BA%25E3%2580%2591%2520%253F%253F%253F%253F%253F2021-04-01%253F%253F2021-04-30&tableQueryString=crk_table%2524sp1%2524order_day%2520between%252020210401%2520and%252020210430%2520and%2520(base_code%253D'0010169')%2520and%2520(src_order_type%2520in%2520(42))%2520and%2520(is_rk%2520in%2520(0)) HTTP/1.1" 200 53766
124.77.71.179 - - [02/May/2021:11:25:45 +0800] "GET /xingrg/kc/base/wldb_order_operate.html?command=get_materiel&rest_code=00153&base_code=0010656&code=00102002379 HTTP/1.1" 200 432
180.169.147.146 - - [02/May/2021:11:25:46 +0800] "GET /xingrg/dwr/interface/AjaxReportQueryService.js HTTP/1.1" 200 13203
180.169.147.146 - - [02/May/2021:11:25:46 +0800] "GET /xingrg/dwr/engine.js HTTP/1.1" 200 43631
116.230.110.80 - - [02/May/2021:11:25:46 +0800] "GET /xingrg/check_reg.html?_=1619925945908 HTTP/1.1" 200 22
180.161.124.236 - - [02/May/2021:11:25:46 +0800] "POST /xingrg/all/common/load_combo.html?type=base HTTP/1.1" 200 3060
180.169.147.146 - - [02/May/2021:11:25:46 +0800] "GET /xingrg/javascript/jquery_easy_ui/themes/default/images/menu_rightarrow.png HTTP/1.1" 200 3617
180.169.147.146 - - [02/May/2021:11:25:47 +0800] "POST /xingrg/all/report/load_report_page.html HTTP/1.1" 200 29219
180.169.147.146 - - [02/May/2021:11:25:47 +0800] "GET /xingrg/servlets/image?cache=0.4348972421484065&image=px HTTP/1.1" 200 807
61.165.42.208 - - [02/May/2021:11:25:47 +0800] "GET /xingrg/kc/buy/cgsh_order_add.html HTTP/1.1" 200 62404
116.224.253.72 - - [02/May/2021:11:25:47 +0800] "POST /xingrg/all/common/load_combo.html?type=employee HTTP/1.1" 200 365
61.165.42.208 - - [02/May/2021:11:25:47 +0800] "POST /xingrg/kc/buy/cgsh_order_operate.html HTTP/1.1" 200 8245
61.165.42.208 - - [02/May/2021:11:25:47 +0800] "GET /xingrg/javascript/easyui/themes/default/validatebox.css HTTP/1.1" 404 1104
116.230.114.112 - - [02/May/2021:11:25:51 +0800] "GET /xingrg/kc/buy/cgsh_order_operate.html?command=get_materiel&rest_code=00146&code=00101008236&supplier_code=00100005&order_time=2021-05-02 HTTP/1.1" 200 416
116.224.253.72 - - [02/May/2021:11:25:51 +0800] "POST /xingrg/kc/mdqp/pssh_order_operate.html HTTP/1.1" 200 37
116.224.253.72 - - [02/May/2021:11:25:51 +0800] "GET /xingrg/all/function/internal_message.html?_=1619925951367&CODE_STATE=getMsg HTTP/1.1" 200 27
116.224.253.72 - - [02/May/2021:11:25:52 +0800] "POST /xingrg/kc/mdqp/pssh_order_operate.html HTTP/1.1" 200 12
180.161.124.236 - - [02/May/2021:11:25:52 +0800] "GET /xingrg/kc/base/wldb_order_operate.html?command=get_materiel&rest_code=00102&base_code=0010476&code=00101020144 HTTP/1.1" 200 447
116.224.253.72 - - [02/May/2021:11:25:53 +0800] "GET /xingrg/kc/mdqp/pssh_order_info.html?code=312021050100038 HTTP/1.1" 200 14400
116.224.253.72 - - [02/May/2021:11:25:53 +0800] "GET /xingrg/javascript/jquery_tools/jquery-1.4.2.min.js HTTP/1.1" 404 1094
116.224.253.72 - - [02/May/2021:11:25:53 +0800] "POST /xingrg/kc/mdqp/pssh_order_operate.html HTTP/1.1" 200 1600
116.224.253.72 - - [02/May/2021:11:25:53 +0800] "GET /xingrg/javascript/easyui/themes/default/validatebox.css HTTP/1.1" 404 1104
58.37.228.113 - - [02/May/2021:11:25:55 +0800] "GET /xingrg/all/function/internal_message.html?_=1619925921655&CODE_STATE=getMsg HTTP/1.1" 200 27
116.224.253.72 - - [02/May/2021:11:25:56 +0800] "GET /xingrg/kc/print/load_config.html?kc_code=pssh HTTP/1.1" 200 2290
116.224.253.72 - - [02/May/2021:11:25:56 +0800] "GET /xingrg/kc/print/load_data.html?order_code=312021050100038&kc_code=pssh&condition= HTTP/1.1" 200 1063
61.165.42.208 - - [02/May/2021:11:25:57 +0800] "GET /xingrg/kc/buy/cgsh_order_operate.html?command=get_materiel&rest_code=00105&code=00101002002&supplier_code=00100087&order_time=2021-05-02 HTTP/1.1" 200 420
124.77.71.179 - - [02/May/2021:11:25:57 +0800] "GET /xingrg/kc/base/wldb_order_operate.html?command=get_materiel&rest_code=00153&base_code=0010656&code=00102002192 HTTP/1.1" 200 432
124.77.71.179 - - [02/May/2021:11:25:58 +0800] "GET /xingrg/all/function/internal_message.html?_=1619925959626&CODE_STATE=getMsg HTTP/1.1" 200 27
58.40.7.146 - - [02/May/2021:11:26:00 +0800] "GET /xingrg/all/function/internal_message.html?_=1619925960265&CODE_STATE=getMsg HTTP/1.1" 200 27
116.230.114.112 - - [02/May/2021:11:26:01 +0800] "GET /xingrg/kc/buy/cgsh_order_operate.html?command=get_materiel&rest_code=00146&code=00101020152&supplier_code=00100005&order_time=2021-05-02 HTTP/1.1" 200 416
58.40.7.146 - - [02/May/2021:11:26:01 +0800] "GET /xingrg/check_reg.html?_=1619925961142 HTTP/1.1" 200 22
180.161.124.236 - - [02/May/2021:11:26:02 +0800] "GET /xingrg/all/function/internal_message.html?_=1619926248008&CODE_STATE=getMsg HTTP/1.1" 200 27
116.230.114.112 - - [02/May/2021:11:26:03 +0800] "GET /xingrg/all/function/internal_message.html?_=1619925964959&CODE_STATE=getMsg HTTP/1.1" 200 27
180.161.124.236 - - [02/May/2021:11:26:04 +0800] "GET /xingrg/kc/base/wldb_order_operate.html?command=get_materiel&rest_code=00102&base_code=0010476&code=00101013018 HTTP/1.1" 200 428
172.20.0.100 - - [02/May/2021:11:26:04 +0800] "GET /xingrg/all/function/internal_message.html?_=1619925964688&CODE_STATE=getMsg HTTP/1.1" 200 27
61.165.42.208 - - [02/May/2021:11:26:07 +0800] "GET /xingrg/all/function/internal_message.html?_=1619925969606&CODE_STATE=getMsg HTTP/1.1" 200 27
116.224.253.72 - - [02/May/2021:11:26:07 +0800] "GET /xingrg/kc/base/wldb_order_list.html HTTP/1.1" 200 19351
116.224.253.72 - - [02/May/2021:11:26:08 +0800] "POST /xingrg/kc/base/wldb_list_operate.html HTTP/1.1" 200 1796
116.224.253.72 - - [02/May/2021:11:26:09 +0800] "POST /xingrg/kc/base/wldb_list_operate.html HTTP/1.1" 200 651
117.184.7.30 - - [02/May/2021:11:26:09 +0800] "GET /xingrg/all/function/internal_message.html?_=1619925969328&CODE_STATE=getMsg HTTP/1.1" 200 27
116.224.253.72 - - [02/May/2021:11:26:10 +0800] "GET /xingrg/kc/base/wldb_order_info.html?code=422021050200165 HTTP/1.1" 200 30539
180.161.124.236 - - [02/May/2021:11:26:10 +0800] "GET /xingrg/kc/base/wldb_order_operate.html?command=get_materiel&rest_code=00102&base_code=0010476&code=00101019391 HTTP/1.1" 200 471
116.224.253.72 - - [02/May/2021:11:26:10 +0800] "GET /xingrg/javascript/easyui/themes/default/validatebox.css HTTP/1.1" 404 1104
116.224.253.72 - - [02/May/2021:11:26:10 +0800] "POST /xingrg/kc/base/wldb_order_operate.html HTTP/1.1" 200 5246
61.165.42.208 - - [02/May/2021:11:26:11 +0800] "POST /xingrg/kc/buy/cgsh_order_operate.html HTTP/1.1" 200 37
61.165.42.208 - - [02/May/2021:11:26:12 +0800] "POST /xingrg/kc/buy/cgsh_order_operate.html HTTP/1.1" 200 2669
180.162.112.86 - - [02/May/2021:11:26:12 +0800] "GET /xingrg/all/function/internal_message.html?_=1619925716479&CODE_STATE=getMsg HTTP/1.1" 200 27
61.165.42.208 - - [02/May/2021:11:26:13 +0800] "GET /xingrg/kc/print/load_data.html?order_code=212021050200709&kc_code=cgsh&condition= HTTP/1.1" 200 732
116.230.114.112 - - [02/May/2021:11:26:13 +0800] "GET /xingrg/kc/buy/cgsh_order_operate.html?command=get_materiel&rest_code=00146&code=00101008418&supplier_code=00100005&order_time=2021-05-02 HTTP/1.1" 200 398
180.169.147.146 - - [02/May/2021:11:26:15 +0800] "GET /xingrg/all/function/internal_message.html?_=1619925976378&CODE_STATE=getMsg HTTP/1.1" 200 27
116.224.253.72 - - [02/May/2021:11:26:16 +0800] "POST /xingrg/kc/base/wldb_order_operate.html HTTP/1.1" 200 37
61.165.42.208 - - [02/May/2021:11:26:16 +0800] "GET /xingrg/kc/buy/cgsh_order_add.html HTTP/1.1" 200 62404
180.161.124.236 - - [02/May/2021:11:26:17 +0800] "GET /xingrg/kc/base/wldb_order_operate.html?command=get_materiel&rest_code=00102&base_code=0010476&code=00101019071 HTTP/1.1" 200 455
61.165.42.208 - - [02/May/2021:11:26:17 +0800] "POST /xingrg/kc/buy/cgsh_order_operate.html HTTP/1.1" 200 8245
61.165.42.208 - - [02/May/2021:11:26:17 +0800] "GET /xingrg/javascript/easyui/themes/default/validatebox.css HTTP/1.1" 404 1104
116.224.253.72 - - [02/May/2021:11:26:17 +0800] "POST /xingrg/kc/base/wldb_order_operate.html HTTP/1.1" 200 12
116.224.253.72 - - [02/May/2021:11:26:18 +0800] "POST /xingrg/kc/base/wldb_order_operate.html HTTP/1.1" 200 5246
116.224.253.72 - - [02/May/2021:11:26:18 +0800] "GET /xingrg/kc/base/wldb_order_info.html?code=422021050200165 HTTP/1.1" 200 26407
116.224.253.72 - - [02/May/2021:11:26:19 +0800] "GET /xingrg/javascript/easyui/themes/default/validatebox.css HTTP/1.1" 404 1104
116.224.253.72 - - [02/May/2021:11:26:19 +0800] "POST /xingrg/kc/base/wldb_order_operate.html HTTP/1.1" 200 3471
180.169.147.146 - - [02/May/2021:11:26:20 +0800] "GET /xingrg/all/function/internal_message.html?_=1619925972601&CODE_STATE=getMsg HTTP/1.1" 200 27
180.161.124.236 - - [02/May/2021:11:26:22 +0800] "GET /xingrg/kc/base/wldb_order_operate.html?command=get_materiel&rest_code=00102&base_code=0010476&code=00101019185 HTTP/1.1" 200 455
117.185.32.26 - - [02/May/2021:11:26:22 +0800] "GET /xingrg/all/function/internal_message.html?_=1619925977435&CODE_STATE=getMsg HTTP/1.1" 200 27
116.230.114.112 - - [02/May/2021:11:26:24 +0800] "GET /xingrg/kc/buy/cgsh_order_operate.html?command=get_materiel&rest_code=00146&code=00101009015&supplier_code=00100005&order_time=2021-05-02 HTTP/1.1" 200 417
116.232.54.167 - - [02/May/2021:11:26:24 +0800] "GET /xingrg/all/function/internal_message.html?_=1619925985120&CODE_STATE=getMsg HTTP/1.1" 200 27
124.77.71.179 - - [02/May/2021:11:26:26 +0800] "GET /xingrg/kc/base/wldb_order_operate.html?command=get_materiel&rest_code=00153&base_code=0010656&code=00102009441 HTTP/1.1" 200 433
61.165.42.208 - - [02/May/2021:11:26:27 +0800] "GET /xingrg/kc/buy/cgsh_order_operate.html?command=get_materiel&rest_code=00105&code=00101001037&supplier_code=00100094&order_time=2021-05-02 HTTP/1.1" 200 416
116.224.253.72 - - [02/May/2021:11:26:28 +0800] "GET /xingrg/kc/base/wldb_order_add.html HTTP/1.1" 200 30522
116.224.253.72 - - [02/May/2021:11:26:28 +0800] "POST /xingrg/kc/base/wldb_order_operate.html HTTP/1.1" 200 6806
116.224.253.72 - - [02/May/2021:11:26:29 +0800] "GET /xingrg/javascript/easyui/themes/default/validatebox.css HTTP/1.1" 404 1104
116.224.253.72 - - [02/May/2021:11:26:29 +0800] "POST /xingrg/all/common/load_combo.html?type=base HTTP/1.1" 200 2966
101.85.52.2 - - [02/May/2021:11:26:32 +0800] "GET /xingrg/all/function/internal_message.html?_=1619925992619&CODE_STATE=getMsg HTTP/1.1" 200 27
116.230.114.112 - - [02/May/2021:11:26:33 +0800] "GET /xingrg/kc/buy/cgsh_order_operate.html?command=get_materiel&rest_code=00146&code=00101008095&supplier_code=00100005&order_time=2021-05-02 HTTP/1.1" 200 412
180.161.124.236 - - [02/May/2021:11:26:34 +0800] "GET /xingrg/kc/base/wldb_order_operate.html?command=get_materiel&rest_code=00102&base_code=0010476&code=00101019183 HTTP/1.1" 200 433
124.77.71.179 - - [02/May/2021:11:26:36 +0800] "GET /xingrg/kc/base/wldb_order_operate.html?command=get_materiel&rest_code=00153&base_code=0010656&code=00102002235 HTTP/1.1" 200 428
116.224.253.72 - - [02/May/2021:11:26:38 +0800] "GET /xingrg/kc/base/wldb_order_operate.html?command=get_materiel&rest_code=00150&base_code=0010445&code=00101016020 HTTP/1.1" 200 447
61.165.42.208 - - [02/May/2021:11:26:39 +0800] "POST /xingrg/kc/buy/cgsh_order_operate.html HTTP/1.1" 200 37
61.165.42.208 - - [02/May/2021:11:26:40 +0800] "POST /xingrg/kc/buy/cgsh_order_operate.html HTTP/1.1" 200 2664
61.165.42.208 - - [02/May/2021:11:26:41 +0800] "GET /xingrg/kc/print/load_data.html?order_code=212021050200710&kc_code=cgsh&condition= HTTP/1.1" 200 745
101.85.94.178 - - [02/May/2021:11:26:42 +0800] "GET /xingrg/check_reg.html?_=1619925519596 HTTP/1.1" 200 22
101.85.94.178 - - [02/May/2021:11:26:42 +0800] "GET /xingrg/all/function/internal_message.html?_=1619925519598&CODE_STATE=getMsg HTTP/1.1" 200 27
124.77.71.179 - - [02/May/2021:11:26:42 +0800] "GET /xingrg/kc/base/wldb_order_operate.html?command=get_materiel&rest_code=00153&base_code=0010656&code=00102001123 HTTP/1.1" 200 435
120.253.135.82 - - [02/May/2021:11:26:42 +0800] "GET /xingrg/all/function/internal_message.html?_=1619925783154&CODE_STATE=getMsg HTTP/1.1" 200 27
116.230.114.112 - - [02/May/2021:11:26:43 +0800] "POST /xingrg/kc/buy/cgsh_order_operate.html HTTP/1.1" 200 2065
116.230.110.80 - - [02/May/2021:11:26:44 +0800] "GET /xingrg/all/function/internal_message.html?_=1619926004189&CODE_STATE=getMsg HTTP/1.1" 200 27
61.165.42.208 - - [02/May/2021:11:26:46 +0800] "GET /xingrg/kc/buy/cgsh_order_add.html HTTP/1.1" 200 62404
61.165.42.208 - - [02/May/2021:11:26:46 +0800] "GET /xingrg/javascript/easyui/themes/default/validatebox.css HTTP/1.1" 404 1104
61.165.42.208 - - [02/May/2021:11:26:46 +0800] "POST /xingrg/kc/buy/cgsh_order_operate.html HTTP/1.1" 200 8245
116.224.253.72 - - [02/May/2021:11:26:48 +0800] "POST /xingrg/kc/base/wldb_order_operate.html HTTP/1.1" 200 37
180.161.124.236 - - [02/May/2021:11:26:50 +0800] "GET /xingrg/kc/base/wldb_order_operate.html?command=get_materiel&rest_code=00102&base_code=0010476&code=00101019222 HTTP/1.1" 200 454
116.224.253.72 - - [02/May/2021:11:26:51 +0800] "POST /xingrg/kc/base/wldb_order_operate.html HTTP/1.1" 200 12
116.224.253.72 - - [02/May/2021:11:26:51 +0800] "POST /xingrg/kc/base/wldb_order_operate.html HTTP/1.1" 200 2191
116.224.253.72 - - [02/May/2021:11:26:52 +0800] "GET /xingrg/kc/base/wldb_order_info.html?code=422021050200166 HTTP/1.1" 200 26402
116.224.253.72 - - [02/May/2021:11:26:52 +0800] "GET /xingrg/javascript/easyui/themes/default/validatebox.css HTTP/1.1" 404 1104
116.224.253.72 - - [02/May/2021:11:26:52 +0800] "POST /xingrg/kc/base/wldb_order_operate.html HTTP/1.1" 200 485
116.224.253.72 - - [02/May/2021:11:26:53 +0800] "GET /xingrg/all/function/internal_message.html?_=1619926012717&CODE_STATE=getMsg HTTP/1.1" 200 27
124.77.71.179 - - [02/May/2021:11:26:53 +0800] "GET /xingrg/kc/base/wldb_order_operate.html?command=get_materiel&rest_code=00153&base_code=0010656&code=00102002006 HTTP/1.1" 200 466
116.224.253.72 - - [02/May/2021:11:26:54 +0800] "GET /xingrg/kc/base/wldb_order_add.html HTTP/1.1" 200 30522
116.224.253.72 - - [02/May/2021:11:26:55 +0800] "POST /xingrg/kc/base/wldb_order_operate.html HTTP/1.1" 200 6806
116.224.253.72 - - [02/May/2021:11:26:55 +0800] "GET /xingrg/javascript/easyui/themes/default/validatebox.css HTTP/1.1" 404 1104
58.37.228.113 - - [02/May/2021:11:26:55 +0800] "GET /xingrg/all/function/internal_message.html?_=1619925981635&CODE_STATE=getMsg HTTP/1.1" 200 27
58.37.228.113 - - [02/May/2021:11:26:55 +0800] "GET /xingrg/check_reg.html?_=1619925981729 HTTP/1.1" 200 22
61.165.42.208 - - [02/May/2021:11:26:55 +0800] "GET /xingrg/kc/buy/cgsh_order_operate.html?command=get_materiel&rest_code=00105&code=00101010646&supplier_code=00100325&order_time=2021-05-02 HTTP/1.1" 200 408
116.224.253.72 - - [02/May/2021:11:26:56 +0800] "POST /xingrg/all/common/load_combo.html?type=base HTTP/1.1" 200 2966
180.161.124.236 - - [02/May/2021:11:26:56 +0800] "GET /xingrg/kc/base/wldb_order_operate.html?command=get_materiel&rest_code=00102&base_code=0010476&code=00101019015 HTTP/1.1" 200 437
124.77.71.179 - - [02/May/2021:11:26:58 +0800] "GET /xingrg/check_reg.html?_=1619926019632 HTTP/1.1" 200 22
124.77.71.179 - - [02/May/2021:11:26:58 +0800] "GET /xingrg/all/function/internal_message.html?_=1619926019648&CODE_STATE=getMsg HTTP/1.1" 200 27
58.40.7.146 - - [02/May/2021:11:27:00 +0800] "GET /xingrg/all/function/internal_message.html?_=1619926020238&CODE_STATE=getMsg HTTP/1.1" 200 27
116.230.114.112 - - [02/May/2021:11:27:00 +0800] "GET /xingrg/kc/buy/cgsh_order_operate.html?command=get_materiel&rest_code=00146&code=00101013165&supplier_code=00100005&order_time=2021-05-02 HTTP/1.1" 200 409
180.161.124.236 - - [02/May/2021:11:27:01 +0800] "GET /xingrg/kc/base/wldb_order_operate.html?command=get_materiel&rest_code=00102&base_code=0010476&code=00101019400 HTTP/1.1" 200 450
180.161.124.236 - - [02/May/2021:11:27:02 +0800] "GET /xingrg/all/function/internal_message.html?_=1619926308021&CODE_STATE=getMsg HTTP/1.1" 200 27
116.230.114.112 - - [02/May/2021:11:27:03 +0800] "GET /xingrg/all/function/internal_message.html?_=1619926024972&CODE_STATE=getMsg HTTP/1.1" 200 27
172.20.0.100 - - [02/May/2021:11:27:04 +0800] "GET /xingrg/all/function/internal_message.html?_=1619926024690&CODE_STATE=getMsg HTTP/1.1" 200 27
124.77.71.179 - - [02/May/2021:11:27:06 +0800] "GET /xingrg/kc/base/wldb_order_operate.html?command=get_materiel&rest_code=00153&base_code=0010656&code=00102003182 HTTP/1.1" 200 433
116.224.253.72 - - [02/May/2021:11:27:08 +0800] "GET /xingrg/kc/base/wldb_order_operate.html?command=get_materiel&rest_code=00150&base_code=0010445&code=00101019373 HTTP/1.1" 200 452
180.161.124.236 - - [02/May/2021:11:27:09 +0800] "GET /xingrg/kc/base/wldb_order_operate.html?command=get_materiel&rest_code=00102&base_code=0010476&code=00101019095 HTTP/1.1" 200 452
117.184.7.30 - - [02/May/2021:11:27:09 +0800] "GET /xingrg/all/function/internal_message.html?_=1619926029329&CODE_STATE=getMsg HTTP/1.1" 200 27
61.165.42.208 - - [02/May/2021:11:27:10 +0800] "POST /xingrg/kc/buy/cgsh_order_operate.html HTTP/1.1" 200 37
61.165.42.208 - - [02/May/2021:11:27:11 +0800] "POST /xingrg/kc/buy/cgsh_order_operate.html HTTP/1.1" 200 2665
116.230.114.112 - - [02/May/2021:11:27:11 +0800] "GET /xingrg/kc/buy/cgsh_order_operate.html?command=get_materiel&rest_code=00146&code=00101008221&supplier_code=00100005&order_time=2021-05-02 HTTP/1.1" 200 412
180.162.112.86 - - [02/May/2021:11:27:12 +0800] "GET /xingrg/all/function/internal_message.html?_=1619925776448&CODE_STATE=getMsg HTTP/1.1" 200 27
61.165.42.208 - - [02/May/2021:11:27:12 +0800] "GET /xingrg/kc/print/load_data.html?order_code=212021050200711&kc_code=cgsh&condition= HTTP/1.1" 200 680
180.161.124.236 - - [02/May/2021:11:27:15 +0800] "GET /xingrg/kc/base/wldb_order_operate.html?command=get_materiel&rest_code=00102&base_code=0010476&code=00101016065 HTTP/1.1" 200 469
180.169.147.146 - - [02/May/2021:11:27:15 +0800] "GET /xingrg/all/function/internal_message.html?_=1619926036351&CODE_STATE=getMsg HTTP/1.1" 200 27
61.165.42.208 - - [02/May/2021:11:27:15 +0800] "GET /xingrg/kc/buy/cgsh_order_add.html HTTP/1.1" 200 62404
61.165.42.208 - - [02/May/2021:11:27:16 +0800] "POST /xingrg/kc/buy/cgsh_order_operate.html HTTP/1.1" 200 8245
61.165.42.208 - - [02/May/2021:11:27:16 +0800] "GET /xingrg/javascript/easyui/themes/default/validatebox.css HTTP/1.1" 404 1104
180.169.147.146 - - [02/May/2021:11:27:20 +0800] "GET /xingrg/all/function/internal_message.html?_=1619926032582&CODE_STATE=getMsg HTTP/1.1" 200 27
116.224.253.72 - - [02/May/2021:11:27:21 +0800] "POST /xingrg/kc/base/wldb_order_operate.html HTTP/1.1" 200 37
124.77.71.179 - - [02/May/2021:11:27:21 +0800] "GET /xingrg/kc/base/wldb_order_operate.html?command=get_materiel&rest_code=00153&base_code=0010656&code=00102003041 HTTP/1.1" 200 431
117.185.32.26 - - [02/May/2021:11:27:22 +0800] "GET /xingrg/all/function/internal_message.html?_=1619926037435&CODE_STATE=getMsg HTTP/1.1" 200 27
180.161.124.236 - - [02/May/2021:11:27:23 +0800] "GET /xingrg/kc/base/wldb_order_operate.html?command=get_materiel&rest_code=00102&base_code=0010476&code=00101016001 HTTP/1.1" 200 457
116.224.253.72 - - [02/May/2021:11:27:23 +0800] "POST /xingrg/kc/base/wldb_order_operate.html HTTP/1.1" 200 12
116.224.253.72 - - [02/May/2021:11:27:23 +0800] "POST /xingrg/kc/base/wldb_order_operate.html HTTP/1.1" 200 2208
116.224.253.72 - - [02/May/2021:11:27:24 +0800] "GET /xingrg/kc/base/wldb_order_info.html?code=422021050200167 HTTP/1.1" 200 26401
116.224.253.72 - - [02/May/2021:11:27:24 +0800] "GET /xingrg/javascript/easyui/themes/default/validatebox.css HTTP/1.1" 404 1104
116.224.253.72 - - [02/May/2021:11:27:24 +0800] "POST /xingrg/kc/base/wldb_order_operate.html HTTP/1.1" 200 502
116.232.54.167 - - [02/May/2021:11:27:24 +0800] "GET /xingrg/all/function/internal_message.html?_=1619926045113&CODE_STATE=getMsg HTTP/1.1" 200 27
116.224.253.72 - - [02/May/2021:11:27:28 +0800] "GET /xingrg/kc/base/wldb_order_add.html HTTP/1.1" 200 30522
116.224.253.72 - - [02/May/2021:11:27:28 +0800] "POST /xingrg/kc/base/wldb_order_operate.html HTTP/1.1" 200 6806
116.224.253.72 - - [02/May/2021:11:27:28 +0800] "GET /xingrg/javascript/easyui/themes/default/validatebox.css HTTP/1.1" 404 1104
116.224.253.72 - - [02/May/2021:11:27:29 +0800] "POST /xingrg/all/common/load_combo.html?type=base HTTP/1.1" 200 2966
61.165.42.208 - - [02/May/2021:11:27:29 +0800] "GET /xingrg/kc/buy/cgsh_order_operate.html?command=get_materiel&rest_code=00105&code=00101010034&supplier_code=00100329&order_time=2021-05-02 HTTP/1.1" 200 433
180.161.124.236 - - [02/May/2021:11:27:30 +0800] "GET /xingrg/kc/base/wldb_order_operate.html?command=get_materiel&rest_code=00102&base_code=0010476&code=00101019130 HTTP/1.1" 200 471
101.85.52.2 - - [02/May/2021:11:27:32 +0800] "GET /xingrg/all/function/internal_message.html?_=1619926052628&CODE_STATE=getMsg HTTP/1.1" 200 27
124.77.71.179 - - [02/May/2021:11:27:35 +0800] "GET /xingrg/kc/base/wldb_order_operate.html?command=get_materiel&rest_code=00153&base_code=0010656&code=00102020013 HTTP/1.1" 200 442
180.161.124.236 - - [02/May/2021:11:27:35 +0800] "GET /xingrg/kc/base/wldb_order_operate.html?command=get_materiel&rest_code=00102&base_code=0010476&code=00101019041 HTTP/1.1" 200 468
58.40.7.146 - - [02/May/2021:11:27:40 +0800] "GET /xingrg/all/report/report_query.html?isQuery=1&fileName=kc/base/crk_detail_by_small.xml&rh=99999&queryString=&queryText=%25E3%2580%2590%25E4%25BB%2593%25E5%25BA%2593%25E5%2590%258D%25E7%25A7%25B0%253A%25E6%2588%25BF%25E5%258A%25A1%25E9%2583%25A8%25E3%2580%2591%25E3%2580%2590%25E4%25B8%259A%25E5%258A%25A1%25E7%25B1%25BB%25E5%259E%258B%25EF%25BC%259A%25E5%2586%2585%25E9%2583%25A8%25E8%25B0%2583%25E5%2585%25A5%25E3%2580%2591%2520%253F%253F%253F%253F%253F2021-04-01%253F%253F2021-04-30%2520%253F%253F%253F%253F%253F%253F%253F&tableQueryString=crk_table%2524sp1%2524order_day%2520between%252020210401%2520and%252020210430%2520and%2520(base_code%253D'0010612')%2520and%2520(src_order_type%2520in%2520(42))%2520and%2520(is_rk%2520in%2520(1)) HTTP/1.1" 200 53782
58.40.7.146 - - [02/May/2021:11:27:40 +0800] "GET /xingrg/dwr/interface/AjaxReportQueryService.js HTTP/1.1" 200 13203
58.40.7.146 - - [02/May/2021:11:27:40 +0800] "GET /xingrg/dwr/engine.js HTTP/1.1" 200 43631
58.40.7.146 - - [02/May/2021:11:27:41 +0800] "POST /xingrg/all/report/load_report_page.html HTTP/1.1" 200 17167
58.40.7.146 - - [02/May/2021:11:27:41 +0800] "GET /xingrg/servlets/image?cache=0.15489481037277597&image=px HTTP/1.1" 200 807
116.230.114.112 - - [02/May/2021:11:27:41 +0800] "POST /xingrg/kc/buy/cgsh_order_operate.html HTTP/1.1" 200 2065
58.40.7.146 - - [02/May/2021:11:27:42 +0800] "POST /xingrg/all/report/load_report_page.html HTTP/1.1" 200 22870
58.40.7.146 - - [02/May/2021:11:27:42 +0800] "GET /xingrg/servlets/image?cache=0.15871884531598046&image=px HTTP/1.1" 200 807
101.85.94.178 - - [02/May/2021:11:27:42 +0800] "GET /xingrg/all/function/internal_message.html?_=1619925579601&CODE_STATE=getMsg HTTP/1.1" 200 27
116.224.253.72 - - [02/May/2021:11:27:42 +0800] "GET /xingrg/kc/base/wldb_order_operate.html?command=get_materiel&rest_code=00150&base_code=0010446&code=00102002238 HTTP/1.1" 200 432
120.253.135.82 - - [02/May/2021:11:27:42 +0800] "GET /xingrg/all/function/internal_message.html?_=1619925843160&CODE_STATE=getMsg HTTP/1.1" 200 27
180.161.124.236 - - [02/May/2021:11:27:42 +0800] "GET /xingrg/kc/base/wldb_order_operate.html?command=get_materiel&rest_code=00102&base_code=0010476&code=00101016020 HTTP/1.1" 200 447
61.165.42.208 - - [02/May/2021:11:27:44 +0800] "GET /xingrg/kc/buy/cgsh_order_operate.html?command=get_materiel&rest_code=00105&code=00101010355&supplier_code=00100329&order_time=2021-05-02 HTTP/1.1" 200 426
180.169.147.146 - - [02/May/2021:11:27:44 +0800] "GET /xingrg/check_reg.html?_=1619926065569 HTTP/1.1" 200 22
116.230.110.80 - - [02/May/2021:11:27:44 +0800] "GET /xingrg/all/function/internal_message.html?_=1619926064160&CODE_STATE=getMsg HTTP/1.1" 200 27
116.224.253.72 - - [02/May/2021:11:27:49 +0800] "GET /xingrg/kc/base/wldb_order_operate.html?command=get_materiel&rest_code=00150&base_code=0010446&code=00102002556 HTTP/1.1" 200 430
180.161.124.236 - - [02/May/2021:11:27:50 +0800] "GET /xingrg/kc/base/wldb_order_operate.html?command=get_materiel&rest_code=00102&base_code=0010476&code=00101019555 HTTP/1.1" 200 428
116.224.253.72 - - [02/May/2021:11:27:51 +0800] "GET /xingrg/check_reg.html?_=1619926071297 HTTP/1.1" 200 22
120.253.135.82 - - [02/May/2021:11:27:51 +0800] "POST /xingrg/kc/pszx/mdps_list_operate.html HTTP/1.1" 200 2433
61.165.42.208 - - [02/May/2021:11:27:52 +0800] "POST /xingrg/kc/buy/cgsh_order_operate.html HTTP/1.1" 200 37
116.224.253.72 - - [02/May/2021:11:27:53 +0800] "GET /xingrg/all/function/internal_message.html?_=1619926072731&CODE_STATE=getMsg HTTP/1.1" 200 27
124.77.71.179 - - [02/May/2021:11:27:53 +0800] "GET /xingrg/kc/base/wldb_order_operate.html?command=get_materiel&rest_code=00153&base_code=0010656&code=00102020011 HTTP/1.1" 200 439
120.253.135.82 - - [02/May/2021:11:27:53 +0800] "POST /xingrg/kc/pszx/mdps_list_operate.html HTTP/1.1" 200 650
61.165.42.208 - - [02/May/2021:11:27:53 +0800] "POST /xingrg/kc/buy/cgsh_order_operate.html HTTP/1.1" 200 3291
61.165.42.208 - - [02/May/2021:11:27:55 +0800] "GET /xingrg/kc/print/load_data.html?order_code=212021050200712&kc_code=cgsh&condition= HTTP/1.1" 200 950
58.37.228.113 - - [02/May/2021:11:27:55 +0800] "GET /xingrg/all/function/internal_message.html?_=1619926041603&CODE_STATE=getMsg HTTP/1.1" 200 27
124.77.71.179 - - [02/May/2021:11:27:55 +0800] "POST /xingrg/kc/base/wldb_order_operate.html HTTP/1.1" 200 1710
116.230.114.112 - - [02/May/2021:11:27:55 +0800] "GET /xingrg/kc/buy/cgsh_order_operate.html?command=get_materiel&rest_code=00146&code=00101013114&supplier_code=00100005&order_time=2021-05-02 HTTP/1.1" 200 409
120.253.135.82 - - [02/May/2021:11:27:58 +0800] "GET /xingrg/kc/pszx/mdps_order_info.html?code=312021050200045 HTTP/1.1" 200 23931
124.77.71.179 - - [02/May/2021:11:27:58 +0800] "GET /xingrg/all/function/internal_message.html?_=1619926079621&CODE_STATE=getMsg HTTP/1.1" 200 27
120.253.135.82 - - [02/May/2021:11:27:58 +0800] "GET /xingrg/javascript/easyui/themes/default/validatebox.css HTTP/1.1" 404 1104
120.253.135.82 - - [02/May/2021:11:27:59 +0800] "POST /xingrg/kc/pszx/mdps_order_operate.html HTTP/1.1" 200 18063
61.165.42.208 - - [02/May/2021:11:27:59 +0800] "GET /xingrg/kc/buy/cgsh_order_add.html HTTP/1.1" 200 62404
61.165.42.208 - - [02/May/2021:11:27:59 +0800] "GET /xingrg/javascript/easyui/themes/default/validatebox.css HTTP/1.1" 404 1104
61.165.42.208 - - [02/May/2021:11:27:59 +0800] "POST /xingrg/kc/buy/cgsh_order_operate.html HTTP/1.1" 200 8245
180.161.124.236 - - [02/May/2021:11:28:00 +0800] "GET /xingrg/kc/base/wldb_order_operate.html?command=get_materiel&rest_code=00102&base_code=0010476&code=00101019192 HTTP/1.1" 200 476
58.40.7.146 - - [02/May/2021:11:28:00 +0800] "GET /xingrg/all/function/internal_message.html?_=1619926080217&CODE_STATE=getMsg HTTP/1.1" 200 27
180.161.124.236 - - [02/May/2021:11:28:03 +0800] "GET /xingrg/all/function/internal_message.html?_=1619926368263&CODE_STATE=getMsg HTTP/1.1" 200 27
116.230.114.112 - - [02/May/2021:11:28:03 +0800] "GET /xingrg/all/function/internal_message.html?_=1619926085088&CODE_STATE=getMsg HTTP/1.1" 200 27
120.253.135.82 - - [02/May/2021:11:28:03 +0800] "GET /xingrg/kc/print/load_data.html?order_code=312021050200045&kc_code=mdps&condition= HTTP/1.1" 200 8039
172.20.0.100 - - [02/May/2021:11:28:04 +0800] "GET /xingrg/all/function/internal_message.html?_=1619926084693&CODE_STATE=getMsg HTTP/1.1" 200 27
116.230.114.112 - - [02/May/2021:11:28:07 +0800] "GET /xingrg/kc/buy/cgsh_order_operate.html?command=get_materiel&rest_code=00146&code=00101008123&supplier_code=00100005&order_time=2021-05-02 HTTP/1.1" 200 412
61.165.42.208 - - [02/May/2021:11:28:07 +0800] "GET /xingrg/all/function/internal_message.html?_=1619926089632&CODE_STATE=getMsg HTTP/1.1" 200 27
61.165.42.208 - - [02/May/2021:11:28:08 +0800] "GET /xingrg/check_reg.html?_=1619926089767 HTTP/1.1" 200 22
117.184.7.30 - - [02/May/2021:11:28:09 +0800] "GET /xingrg/all/function/internal_message.html?_=1619926089330&CODE_STATE=getMsg HTTP/1.1" 200 27
61.165.42.208 - - [02/May/2021:11:28:11 +0800] "GET /xingrg/kc/buy/cgsh_order_operate.html?command=get_materiel&rest_code=00105&code=00101010637&supplier_code=00100411&order_time=2021-05-02 HTTP/1.1" 200 404
58.40.7.146 - - [02/May/2021:11:28:11 +0800] "GET /xingrg/all/report/report_query.html?isQuery=1&fileName=kc/base/crk_detail_by_small.xml&rh=99999&queryString=&queryText=%25E3%2580%2590%25E4%25BB%2593%25E5%25BA%2593%25E5%2590%258D%25E7%25A7%25B0%253A%25E6%2588%25BF%25E5%258A%25A1%25E9%2583%25A8%25E3%2580%2591%25E3%2580%2590%25E4%25B8%259A%25E5%258A%25A1%25E7%25B1%25BB%25E5%259E%258B%25EF%25BC%259A%25E5%2586%2585%25E9%2583%25A8%25E8%25B0%2583%25E5%2587%25BA%25E3%2580%2591%2520%253F%253F%253F%253F%253F2021-04-01%253F%253F2021-04-30%2520%253F%253F%253F%253F%253F%253F%253F&tableQueryString=crk_table%2524sp1%2524order_day%2520between%252020210401%2520and%252020210430%2520and%2520(base_code%253D'0010612')%2520and%2520(src_order_type%2520in%2520(42))%2520and%2520(is_rk%2520in%2520(0)) HTTP/1.1" 200 53782
58.40.7.146 - - [02/May/2021:11:28:11 +0800] "GET /xingrg/dwr/interface/AjaxReportQueryService.js HTTP/1.1" 200 13203
58.40.7.146 - - [02/May/2021:11:28:11 +0800] "GET /xingrg/dwr/engine.js HTTP/1.1" 200 43631
58.40.7.146 - - [02/May/2021:11:28:12 +0800] "POST /xingrg/all/report/load_report_page.html HTTP/1.1" 200 17192
58.40.7.146 - - [02/May/2021:11:28:12 +0800] "GET /xingrg/servlets/image?cache=0.047895198993784804&image=px HTTP/1.1" 200 807
180.162.112.86 - - [02/May/2021:11:28:12 +0800] "GET /xingrg/all/function/internal_message.html?_=1619925836433&CODE_STATE=getMsg HTTP/1.1" 200 27
58.40.7.146 - - [02/May/2021:11:28:13 +0800] "POST /xingrg/all/report/load_report_page.html HTTP/1.1" 200 28969
58.40.7.146 - - [02/May/2021:11:28:13 +0800] "GET /xingrg/servlets/image?cache=0.20448481958950504&image=px HTTP/1.1" 200 807
180.169.147.146 - - [02/May/2021:11:28:15 +0800] "GET /xingrg/all/function/internal_message.html?_=1619926096326&CODE_STATE=getMsg HTTP/1.1" 200 27
180.161.124.236 - - [02/May/2021:11:28:15 +0800] "GET /xingrg/kc/base/wldb_order_operate.html?command=get_materiel&rest_code=00102&base_code=0010476&code=00101016044 HTTP/1.1" 200 464
124.77.71.179 - - [02/May/2021:11:28:18 +0800] "GET /xingrg/kc/base/wldb_order_operate.html?command=get_materiel&rest_code=00153&base_code=0010656&code=00102002238 HTTP/1.1" 200 433
61.165.42.208 - - [02/May/2021:11:28:19 +0800] "POST /xingrg/kc/buy/cgsh_order_operate.html HTTP/1.1" 200 37
180.161.124.236 - - [02/May/2021:11:28:19 +0800] "POST /xingrg/kc/base/wldb_order_operate.html HTTP/1.1" 200 1710
61.165.42.208 - - [02/May/2021:11:28:20 +0800] "POST /xingrg/kc/buy/cgsh_order_operate.html HTTP/1.1" 200 2663
180.169.147.146 - - [02/May/2021:11:28:20 +0800] "GET /xingrg/all/function/internal_message.html?_=1619926092556&CODE_STATE=getMsg HTTP/1.1" 200 27
116.230.114.112 - - [02/May/2021:11:28:20 +0800] "GET /xingrg/kc/buy/cgsh_order_operate.html?command=get_materiel&rest_code=00146&code=00101008102&supplier_code=00100005&order_time=2021-05-02 HTTP/1.1" 200 412
116.224.253.72 - - [02/May/2021:11:28:20 +0800] "GET /xingrg/kc/base/wldb_order_operate.html?command=get_materiel&rest_code=00150&base_code=0010446&code=00102002543 HTTP/1.1" 200 441
61.165.42.208 - - [02/May/2021:11:28:21 +0800] "GET /xingrg/kc/print/load_data.html?order_code=212021050200713&kc_code=cgsh&condition= HTTP/1.1" 200 670
117.185.32.26 - - [02/May/2021:11:28:22 +0800] "GET /xingrg/all/function/internal_message.html?_=1619926097431&CODE_STATE=getMsg HTTP/1.1" 200 27
116.232.54.167 - - [02/May/2021:11:28:25 +0800] "GET /xingrg/all/function/internal_message.html?_=1619926105113&CODE_STATE=getMsg HTTP/1.1" 200 27
61.165.42.208 - - [02/May/2021:11:28:25 +0800] "GET /xingrg/kc/buy/cgsh_order_add.html HTTP/1.1" 200 62404
61.165.42.208 - - [02/May/2021:11:28:25 +0800] "GET /xingrg/javascript/easyui/themes/default/validatebox.css HTTP/1.1" 404 1104
61.165.42.208 - - [02/May/2021:11:28:25 +0800] "POST /xingrg/kc/buy/cgsh_order_operate.html HTTP/1.1" 200 8245
180.161.124.236 - - [02/May/2021:11:28:26 +0800] "GET /xingrg/kc/base/wldb_order_operate.html?command=get_materiel&rest_code=00102&base_code=0010476&code=00101013076 HTTP/1.1" 200 442
116.230.114.112 - - [02/May/2021:11:28:31 +0800] "GET /xingrg/kc/buy/cgsh_order_operate.html?command=get_materiel&rest_code=00146&code=00101008284&supplier_code=00100005&order_time=2021-05-02 HTTP/1.1" 200 412
