58.40.7.146 - - [02/May/2021:10:24:57 +0800] "GET /xingrg/javascript/jquery_tools/datebox.css HTTP/1.1" 200 2597
58.40.7.146 - - [02/May/2021:10:24:57 +0800] "GET /xingrg/javascript/easyui/themes/icon.css HTTP/1.1" 200 4483
58.40.7.146 - - [02/May/2021:10:24:57 +0800] "GET /xingrg/javascript/auto/jquery.autocomplete.css HTTP/1.1" 200 587
58.40.7.146 - - [02/May/2021:10:24:57 +0800] "GET /xingrg/javascript/jquery_tools/fix.css HTTP/1.1" 200 1702
58.40.7.146 - - [02/May/2021:10:24:57 +0800] "GET /xingrg/javascript/jquery_tools/table.css HTTP/1.1" 200 1032
58.40.7.146 - - [02/May/2021:10:24:57 +0800] "GET /xingrg/javascript/jquery_tools/jquery.tools.min.js HTTP/1.1" 200 138801
58.40.7.146 - - [02/May/2021:10:24:57 +0800] "GET /xingrg/javascript/jquery_tools/jquery.tools.hotkey.js HTTP/1.1" 200 3242
58.40.7.146 - - [02/May/2021:10:24:57 +0800] "GET /xingrg/javascript/easyui/themes/default/easyui.css HTTP/1.1" 200 30432
58.40.7.146 - - [02/May/2021:10:24:57 +0800] "GET /xingrg/javascript/jquery_tools/jquery.tools.extend.js HTTP/1.1" 200 15385
58.40.7.146 - - [02/May/2021:10:24:57 +0800] "GET /xingrg/javascript/jquery_tools/jquery.tools.table.js HTTP/1.1" 200 6994
58.40.7.146 - - [02/May/2021:10:24:57 +0800] "GET /xingrg/javascript/jquery_tools/list_manager.js HTTP/1.1" 200 3652
58.40.7.146 - - [02/May/2021:10:24:57 +0800] "GET /xingrg/javascript/easyui/easyloader.js HTTP/1.1" 200 5975
58.40.7.146 - - [02/May/2021:10:24:57 +0800] "GET /xingrg/javascript/jquery.cookie.js HTTP/1.1" 200 5513
58.40.7.146 - - [02/May/2021:10:24:57 +0800] "GET /xingrg/javascript/auto/jquery.autocomplete.js HTTP/1.1" 200 21624
58.40.7.146 - - [02/May/2021:10:24:58 +0800] "GET /xingrg/javascript/easyui/themes/icons/edit_add_new.png HTTP/1.1" 200 2997
58.40.7.146 - - [02/May/2021:10:24:58 +0800] "GET /xingrg/javascript/easyui/themes/icons/field_new.png HTTP/1.1" 200 1097
58.40.7.146 - - [02/May/2021:10:24:58 +0800] "GET /xingrg/javascript/easyui/themes/icons/uncheck_new.png HTTP/1.1" 200 3197
58.40.7.146 - - [02/May/2021:10:24:58 +0800] "GET /xingrg/javascript/easyui/themes/icons/check_new.png HTTP/1.1" 200 3224
58.40.7.146 - - [02/May/2021:10:24:58 +0800] "GET /xingrg/javascript/easyui/themes/icons/cance_new.png HTTP/1.1" 200 3986
58.40.7.146 - - [02/May/2021:10:24:58 +0800] "GET /xingrg/javascript/easyui/plugins/jquery.parser.js HTTP/1.1" 200 1142
58.40.7.146 - - [02/May/2021:10:24:58 +0800] "GET /xingrg/images/control/ajaxLoader.gif HTTP/1.1" 200 4659
58.40.7.146 - - [02/May/2021:10:24:58 +0800] "POST /xingrg/kc/base/check_list_operate.html HTTP/1.1" 200 1560
58.40.7.146 - - [02/May/2021:10:24:58 +0800] "GET /xingrg/javascript/jquery_easy_ui/themes/default/images/tabs_active.png HTTP/1.1" 200 2894
58.40.7.146 - - [02/May/2021:10:25:00 +0800] "GET /xingrg/kc/base/check_order_info.html?code=452021050100013 HTTP/1.1" 200 26107
58.40.7.146 - - [02/May/2021:10:25:00 +0800] "GET /xingrg/css/table.css HTTP/1.1" 200 3684
58.40.7.146 - - [02/May/2021:10:25:00 +0800] "GET /xingrg/javascript/AjaxInfoList.js HTTP/1.1" 200 3774
58.40.7.146 - - [02/May/2021:10:25:00 +0800] "GET /xingrg/dwr/interface/AjaxComOrderService.js HTTP/1.1" 200 18264
58.40.7.146 - - [02/May/2021:10:25:00 +0800] "GET /xingrg/dwr/interface/AjaxCheckService.js HTTP/1.1" 200 14003
58.40.7.146 - - [02/May/2021:10:25:00 +0800] "GET /xingrg/dwr/util.js HTTP/1.1" 200 35990
58.40.7.146 - - [02/May/2021:10:25:00 +0800] "GET /xingrg/javascript/Calendar.js HTTP/1.1" 200 31561
58.40.7.146 - - [02/May/2021:10:25:00 +0800] "GET /xingrg/javascript/convert.js HTTP/1.1" 200 1239
58.40.7.146 - - [02/May/2021:10:25:00 +0800] "GET /xingrg/javascript/print/LodopFuncs.js HTTP/1.1" 200 5121
58.40.7.146 - - [02/May/2021:10:25:00 +0800] "GET /xingrg/dwr/engine.js HTTP/1.1" 200 43631
58.40.7.146 - - [02/May/2021:10:25:00 +0800] "GET /xingrg/javascript/print/kc_print.js HTTP/1.1" 200 11415
116.230.114.112 - - [02/May/2021:10:25:00 +0800] "GET /xingrg/all/function/internal_message.html?_=1619922302166&CODE_STATE=getMsg HTTP/1.1" 200 27
58.40.7.146 - - [02/May/2021:10:25:02 +0800] "GET /xingrg/javascript/jquery_easy_ui/themes/icons/cance_new.png HTTP/1.1" 200 3986
58.40.7.146 - - [02/May/2021:10:25:02 +0800] "GET /xingrg/javascript/jquery_easy_ui/themes/icons/check_new.png HTTP/1.1" 200 3224
58.40.7.146 - - [02/May/2021:10:25:02 +0800] "GET /xingrg/javascript/jquery_easy_ui/themes/icons/print.png HTTP/1.1" 200 1057
58.40.7.146 - - [02/May/2021:10:25:02 +0800] "GET /xingrg/javascript/jquery_easy_ui/themes/default/images/menu_downarrow.png HTTP/1.1" 200 173
58.40.7.146 - - [02/May/2021:10:25:02 +0800] "GET /xingrg/javascript/jquery_easy_ui/themes/icons/back_new.png HTTP/1.1" 200 3414
58.40.7.146 - - [02/May/2021:10:25:02 +0800] "POST /xingrg/dwr/call/plaincall/AjaxCheckService.loadOrderItems.dwr HTTP/1.1" 200 89714
58.40.7.146 - - [02/May/2021:10:25:03 +0800] "GET /xingrg/javascript/jquery_easy_ui/themes/icons/no.png HTTP/1.1" 200 922
114.88.160.164 - - [02/May/2021:10:25:05 +0800] "GET /xingrg/all/function/internal_message.html?_=1619922302913&CODE_STATE=getMsg HTTP/1.1" 200 27
61.165.42.208 - - [02/May/2021:10:25:07 +0800] "GET /xingrg/all/function/internal_message.html?_=1619922309693&CODE_STATE=getMsg HTTP/1.1" 200 27
58.40.7.146 - - [02/May/2021:10:25:10 +0800] "POST /xingrg/dwr/call/plaincall/AjaxReportQueryService.refreshCache.dwr HTTP/1.1" 200 78
58.40.7.146 - - [02/May/2021:10:25:10 +0800] "POST /xingrg/all/report/load_report_page.html HTTP/1.1" 200 190662
58.40.7.146 - - [02/May/2021:10:25:10 +0800] "GET /xingrg/images/blue/button/back2.gif HTTP/1.1" 200 1339
58.40.7.146 - - [02/May/2021:10:25:10 +0800] "GET /xingrg/images/blue/button/back.gif HTTP/1.1" 200 1352
58.40.7.146 - - [02/May/2021:10:25:11 +0800] "GET /xingrg/servlets/image?cache=0.8396236274497969&image=px HTTP/1.1" 200 807
58.40.7.146 - - [02/May/2021:10:25:11 +0800] "GET /xingrg/javascript/jquery_easy_ui/themes/icons/rest.png HTTP/1.1" 200 695
58.40.7.146 - - [02/May/2021:10:25:11 +0800] "GET /xingrg/javascript/jquery_easy_ui/themes/icons/area.png HTTP/1.1" 200 262
58.40.7.146 - - [02/May/2021:10:25:13 +0800] "POST /xingrg/all/report/load_report_page.html HTTP/1.1" 200 116527
58.40.7.146 - - [02/May/2021:10:25:13 +0800] "GET /xingrg/images/blue/button/advance.gif HTTP/1.1" 200 1354
58.40.7.146 - - [02/May/2021:10:25:13 +0800] "GET /xingrg/images/blue/button/advance2.gif HTTP/1.1" 200 1338
58.40.7.146 - - [02/May/2021:10:25:13 +0800] "GET /xingrg/servlets/image?cache=0.5236115602256504&image=px HTTP/1.1" 200 807
124.77.71.179 - - [02/May/2021:10:25:18 +0800] "GET /xingrg/all/function/internal_message.html?_=1619922319236&CODE_STATE=getMsg HTTP/1.1" 200 27
116.224.253.72 - - [02/May/2021:10:25:18 +0800] "GET /xingrg/all/function/internal_message.html?_=1619922318537&CODE_STATE=getMsg HTTP/1.1" 200 27
116.232.54.167 - - [02/May/2021:10:25:24 +0800] "GET /xingrg/all/function/internal_message.html?_=1619922324948&CODE_STATE=getMsg HTTP/1.1" 200 27
101.85.52.2 - - [02/May/2021:10:25:32 +0800] "GET /xingrg/all/function/internal_message.html?_=1619922332527&CODE_STATE=getMsg HTTP/1.1" 200 27
116.230.114.112 - - [02/May/2021:10:25:36 +0800] "GET /xingrg/kc/buy/cgsh_order_operate.html?command=get_materiel&rest_code=00146&code=00101008027&supplier_code=00100005&order_time=2021-05-02 HTTP/1.1" 200 427
120.253.135.82 - - [02/May/2021:10:25:39 +0800] "GET /xingrg/all/function/internal_message.html?_=1619922119664&CODE_STATE=getMsg HTTP/1.1" 200 27
117.185.32.26 - - [02/May/2021:10:25:40 +0800] "POST /xingrg/kc/buy/cgsh_order_operate.html HTTP/1.1" 200 37
180.169.147.146 - - [02/May/2021:10:25:43 +0800] "POST /xingrg/kc/buy/cgsh_list_operate.html HTTP/1.1" 200 4
116.230.114.112 - - [02/May/2021:10:25:44 +0800] "GET /xingrg/check_reg.html?_=1619922346181 HTTP/1.1" 200 22
116.230.110.80 - - [02/May/2021:10:25:45 +0800] "GET /xingrg/all/function/internal_message.html?_=1619922345462&CODE_STATE=getMsg HTTP/1.1" 200 27
116.230.110.80 - - [02/May/2021:10:25:46 +0800] "GET /xingrg/check_reg.html?_=1619922346134 HTTP/1.1" 200 22
58.40.7.146 - - [02/May/2021:10:25:46 +0800] "GET /xingrg/all/function/internal_message.html?_=1619922346703&CODE_STATE=getMsg HTTP/1.1" 200 27
58.40.7.146 - - [02/May/2021:10:25:46 +0800] "GET /xingrg/check_reg.html?_=1619922346705 HTTP/1.1" 200 22
116.230.110.80 - - [02/May/2021:10:25:50 +0800] "GET /favicon.ico HTTP/1.1" 404 -
117.185.32.26 - - [02/May/2021:10:25:51 +0800] "GET /xingrg/all/function/internal_message.html?_=1619922346995&CODE_STATE=getMsg HTTP/1.1" 200 27
117.185.32.26 - - [02/May/2021:10:25:53 +0800] "POST /xingrg/kc/buy/cgsh_order_operate.html HTTP/1.1" 200 12
58.40.7.146 - - [02/May/2021:10:25:53 +0800] "GET /xingrg/all/function/internal_message.html?_=1619922353061&CODE_STATE=getMsg HTTP/1.1" 200 27
120.204.17.68 - - [02/May/2021:10:25:53 +0800] "GET /xingrg/check_reg.html?_=1619922286996 HTTP/1.1" 302 -
120.204.17.68 - - [02/May/2021:10:25:56 +0800] "GET /xingrg/login.html HTTP/1.1" 200 7641
117.185.32.26 - - [02/May/2021:10:25:56 +0800] "GET /xingrg/kc/buy/cgsh_order_info.html?code=212021050200608 HTTP/1.1" 200 57267
116.230.114.112 - - [02/May/2021:10:25:56 +0800] "GET /xingrg/kc/buy/cgsh_order_operate.html?command=get_materiel&rest_code=00146&code=00101008257&supplier_code=00100005&order_time=2021-05-02 HTTP/1.1" 200 416
117.185.32.26 - - [02/May/2021:10:25:57 +0800] "GET /xingrg/javascript/easyui/themes/default/validatebox.css HTTP/1.1" 404 1104
180.169.147.146 - - [02/May/2021:10:25:57 +0800] "GET /xingrg/all/function/internal_message.html?_=1619922349894&CODE_STATE=getMsg HTTP/1.1" 200 27
117.185.32.26 - - [02/May/2021:10:25:57 +0800] "POST /xingrg/kc/buy/cgsh_order_operate.html HTTP/1.1" 200 3565
117.185.32.26 - - [02/May/2021:10:26:00 +0800] "GET /xingrg/kc/print/load_data.html?order_code=212021050200608&kc_code=cgsh&condition= HTTP/1.1" 200 1901
116.230.114.112 - - [02/May/2021:10:26:00 +0800] "GET /xingrg/all/function/internal_message.html?_=1619922362179&CODE_STATE=getMsg HTTP/1.1" 200 27
114.88.160.164 - - [02/May/2021:10:26:05 +0800] "GET /xingrg/all/function/internal_message.html?_=1619922362925&CODE_STATE=getMsg HTTP/1.1" 200 27
116.230.114.112 - - [02/May/2021:10:26:05 +0800] "GET /xingrg/kc/buy/cgsh_order_operate.html?command=get_materiel&rest_code=00146&code=00101008349&supplier_code=00100005&order_time=2021-05-02 HTTP/1.1" 200 412
61.165.42.208 - - [02/May/2021:10:26:07 +0800] "GET /xingrg/all/function/internal_message.html?_=1619922369693&CODE_STATE=getMsg HTTP/1.1" 200 27
180.169.147.146 - - [02/May/2021:10:26:11 +0800] "POST /xingrg/kc/buy/cgsh_list_operate.html HTTP/1.1" 200 5136
117.185.32.26 - - [02/May/2021:10:26:11 +0800] "GET /xingrg/kc/buy/cgsh_order_add.html HTTP/1.1" 200 62363
117.185.32.26 - - [02/May/2021:10:26:12 +0800] "GET /xingrg/javascript/easyui/themes/default/validatebox.css HTTP/1.1" 404 1104
117.185.32.26 - - [02/May/2021:10:26:12 +0800] "POST /xingrg/kc/buy/cgsh_order_operate.html HTTP/1.1" 200 8245
117.185.32.26 - - [02/May/2021:10:26:18 +0800] "GET /xingrg/javascript/easyui/themes/default/tree.css HTTP/1.1" 404 1090
117.185.32.26 - - [02/May/2021:10:26:18 +0800] "POST /xingrg/all/common/load_tree.html?tree=supplier_tree_json&isDelete=1 HTTP/1.1" 200 55318
124.77.71.179 - - [02/May/2021:10:26:18 +0800] "GET /xingrg/all/function/internal_message.html?_=1619922379235&CODE_STATE=getMsg HTTP/1.1" 200 27
124.77.71.179 - - [02/May/2021:10:26:18 +0800] "GET /xingrg/check_reg.html?_=1619922379237 HTTP/1.1" 200 22
116.224.253.72 - - [02/May/2021:10:26:18 +0800] "GET /xingrg/check_reg.html?_=1619922378348 HTTP/1.1" 200 22
116.224.253.72 - - [02/May/2021:10:26:19 +0800] "GET /xingrg/all/function/internal_message.html?_=1619922378598&CODE_STATE=getMsg HTTP/1.1" 200 27
116.230.114.112 - - [02/May/2021:10:26:21 +0800] "GET /xingrg/kc/buy/cgsh_order_operate.html?command=get_materiel&rest_code=00146&code=00101008112&supplier_code=00100005&order_time=2021-05-02 HTTP/1.1" 200 414
116.232.54.167 - - [02/May/2021:10:26:24 +0800] "GET /xingrg/all/function/internal_message.html?_=1619922384945&CODE_STATE=getMsg HTTP/1.1" 200 27
101.85.52.2 - - [02/May/2021:10:26:32 +0800] "GET /xingrg/all/function/internal_message.html?_=1619922392537&CODE_STATE=getMsg HTTP/1.1" 200 27
117.185.32.26 - - [02/May/2021:10:26:35 +0800] "GET /xingrg/kc/buy/cgsh_order_operate.html?command=get_materiel&rest_code=00106&code=00101005037&supplier_code=00100032&order_time=2021-05-02 HTTP/1.1" 200 409
120.253.135.82 - - [02/May/2021:10:26:39 +0800] "GET /xingrg/all/function/internal_message.html?_=1619922179696&CODE_STATE=getMsg HTTP/1.1" 200 27
116.230.114.112 - - [02/May/2021:10:26:43 +0800] "GET /xingrg/kc/buy/cgsh_order_operate.html?command=get_materiel&rest_code=00146&code=00101008354&supplier_code=00100005&order_time=2021-05-02 HTTP/1.1" 200 412
116.230.110.80 - - [02/May/2021:10:26:45 +0800] "GET /xingrg/all/function/internal_message.html?_=1619922405448&CODE_STATE=getMsg HTTP/1.1" 200 27
58.40.7.146 - - [02/May/2021:10:26:46 +0800] "GET /xingrg/all/function/internal_message.html?_=1619922406707&CODE_STATE=getMsg HTTP/1.1" 200 27
180.161.124.236 - - [02/May/2021:10:26:47 +0800] "GET /xingrg/login.html HTTP/1.1" 200 7641
180.169.147.146 - - [02/May/2021:10:26:47 +0800] "POST /xingrg/kc/buy/cgsh_list_operate.html HTTP/1.1" 200 4
117.185.32.26 - - [02/May/2021:10:26:47 +0800] "GET /xingrg/kc/buy/cgsh_order_operate.html?command=get_materiel&rest_code=00106&code=00101010161&supplier_code=00100032&order_time=2021-05-02 HTTP/1.1" 200 409
180.161.124.236 - - [02/May/2021:10:26:47 +0800] "GET /favicon.ico HTTP/1.1" 404 -
180.161.124.236 - - [02/May/2021:10:26:48 +0800] "POST /xingrg/login.do HTTP/1.1" 302 -
180.161.124.236 - - [02/May/2021:10:26:49 +0800] "GET /xingrg/javascript/jquery_easy_ui/themes/default/easyui.css HTTP/1.1" 304 -
180.161.124.236 - - [02/May/2021:10:26:49 +0800] "GET /xingrg/javascript/jquery_easy_ui/themes/icon.css HTTP/1.1" 304 -
180.161.124.236 - - [02/May/2021:10:26:49 +0800] "GET /xingrg/css/form.css HTTP/1.1" 304 -
180.161.124.236 - - [02/May/2021:10:26:49 +0800] "GET /xingrg/javascript/jquery-1.4.2.min.js HTTP/1.1" 304 -
180.161.124.236 - - [02/May/2021:10:26:49 +0800] "GET /xingrg/javascript/jquery_easy_ui/jquery.easyui.min.js HTTP/1.1" 304 -
180.161.124.236 - - [02/May/2021:10:26:49 +0800] "GET /xingrg/javascript/jquery_easy_ui/easyui-lang-zh_CN.js HTTP/1.1" 304 -
180.161.124.236 - - [02/May/2021:10:26:49 +0800] "GET /xingrg/javascript/jquery.form.js HTTP/1.1" 304 -
180.161.124.236 - - [02/May/2021:10:26:49 +0800] "GET /xingrg/javascript/jquery.utils.js HTTP/1.1" 304 -
180.161.124.236 - - [02/May/2021:10:26:49 +0800] "GET /xingrg/javascript/jquery.timers.js HTTP/1.1" 304 -
180.161.124.236 - - [02/May/2021:10:26:49 +0800] "GET /xingrg/index.html?sysBaseUrl=http%3A%2F%2F180.169.147.146%3A18081%2Fxingrg%2F&costTime=272×tamp=1619922408840 HTTP/1.1" 200 17173
180.161.124.236 - - [02/May/2021:10:26:49 +0800] "POST /xingrg/all/common/load_tree.html?tree=area_rest_tree_json&manage=1 HTTP/1.1" 200 342
180.161.124.236 - - [02/May/2021:10:26:49 +0800] "GET /xingrg/check_reg.html?_=1619922409452 HTTP/1.1" 200 22
180.161.124.236 - - [02/May/2021:10:26:49 +0800] "GET /xingrg/all/function/internal_message.html?_=1619922409450&CODE_STATE=count HTTP/1.1" 200 11
180.161.124.236 - - [02/May/2021:10:26:49 +0800] "GET /favicon.ico HTTP/1.1" 404 -
180.161.124.236 - - [02/May/2021:10:26:49 +0800] "POST /xingrg/load_menu.html HTTP/1.1" 200 5138
117.185.32.26 - - [02/May/2021:10:26:51 +0800] "GET /xingrg/all/function/internal_message.html?_=1619922407010&CODE_STATE=getMsg HTTP/1.1" 200 27
180.169.147.146 - - [02/May/2021:10:26:52 +0800] "POST /xingrg/kc/buy/cgsh_list_operate.html HTTP/1.1" 200 1674
58.40.7.146 - - [02/May/2021:10:26:53 +0800] "GET /xingrg/all/function/internal_message.html?_=1619922413050&CODE_STATE=getMsg HTTP/1.1" 200 27
116.233.72.76 - - [02/May/2021:10:26:54 +0800] "GET /favicon.ico HTTP/1.1" 404 -
117.185.32.26 - - [02/May/2021:10:26:56 +0800] "GET /xingrg/kc/buy/cgsh_order_operate.html?command=get_materiel&rest_code=00106&code=00101002022&supplier_code=00100032&order_time=2021-05-02 HTTP/1.1" 200 410
180.169.147.146 - - [02/May/2021:10:26:57 +0800] "GET /xingrg/all/function/internal_message.html?_=1619922409864&CODE_STATE=getMsg HTTP/1.1" 200 27
116.230.114.112 - - [02/May/2021:10:27:00 +0800] "GET /xingrg/all/function/internal_message.html?_=1619922422192&CODE_STATE=getMsg HTTP/1.1" 200 27
180.169.147.146 - - [02/May/2021:10:27:01 +0800] "POST /xingrg/kc/buy/cgsh_list_operate.html HTTP/1.1" 200 4
116.230.114.112 - - [02/May/2021:10:27:02 +0800] "GET /xingrg/kc/buy/cgsh_order_operate.html?command=get_materiel&rest_code=00146&code=00101008028&supplier_code=00100005&order_time=2021-05-02 HTTP/1.1" 200 412
101.93.222.235 - - [02/May/2021:10:27:02 +0800] "GET /favicon.ico HTTP/1.1" 404 -
114.88.160.164 - - [02/May/2021:10:27:05 +0800] "GET /xingrg/all/function/internal_message.html?_=1619922423093&CODE_STATE=getMsg HTTP/1.1" 200 27
61.165.42.208 - - [02/May/2021:10:27:07 +0800] "GET /xingrg/all/function/internal_message.html?_=1619922429693&CODE_STATE=getMsg HTTP/1.1" 200 27
117.185.32.26 - - [02/May/2021:10:27:10 +0800] "GET /xingrg/kc/buy/cgsh_order_operate.html?command=get_materiel&rest_code=00106&code=00101001052&supplier_code=00100032&order_time=2021-05-02 HTTP/1.1" 200 409
116.230.114.112 - - [02/May/2021:10:27:12 +0800] "GET /xingrg/kc/buy/cgsh_order_operate.html?command=get_materiel&rest_code=00146&code=00101008096&supplier_code=00100005&order_time=2021-05-02 HTTP/1.1" 200 412
58.40.7.146 - - [02/May/2021:10:27:16 +0800] "POST /xingrg/dwr/call/plaincall/AjaxCheckService.setItemNumber.dwr HTTP/1.1" 200 76
58.40.7.146 - - [02/May/2021:10:27:17 +0800] "POST /xingrg/dwr/call/plaincall/AjaxCheckService.setItemNumber.dwr HTTP/1.1" 200 76
124.77.71.179 - - [02/May/2021:10:27:18 +0800] "GET /xingrg/all/function/internal_message.html?_=1619922439237&CODE_STATE=getMsg HTTP/1.1" 200 27
116.224.253.72 - - [02/May/2021:10:27:19 +0800] "GET /xingrg/all/function/internal_message.html?_=1619922438610&CODE_STATE=getMsg HTTP/1.1" 200 27
58.40.7.146 - - [02/May/2021:10:27:22 +0800] "POST /xingrg/dwr/call/plaincall/AjaxCheckService.setItemNumber.dwr HTTP/1.1" 200 76
58.40.7.146 - - [02/May/2021:10:27:23 +0800] "POST /xingrg/dwr/call/plaincall/AjaxCheckService.setItemNumber.dwr HTTP/1.1" 200 76
116.232.54.167 - - [02/May/2021:10:27:24 +0800] "GET /xingrg/all/function/internal_message.html?_=1619922444954&CODE_STATE=getMsg HTTP/1.1" 200 27
58.40.7.146 - - [02/May/2021:10:27:25 +0800] "POST /xingrg/dwr/call/plaincall/AjaxCheckService.setItemNumber.dwr HTTP/1.1" 200 76
58.40.7.146 - - [02/May/2021:10:27:26 +0800] "POST /xingrg/dwr/call/plaincall/AjaxCheckService.setItemNumber.dwr HTTP/1.1" 200 76
58.40.7.146 - - [02/May/2021:10:27:29 +0800] "POST /xingrg/dwr/call/plaincall/AjaxCheckService.setItemNumber.dwr HTTP/1.1" 200 76
58.40.7.146 - - [02/May/2021:10:27:30 +0800] "POST /xingrg/dwr/call/plaincall/AjaxCheckService.setItemNumber.dwr HTTP/1.1" 200 76
101.85.52.2 - - [02/May/2021:10:27:32 +0800] "GET /xingrg/all/function/internal_message.html?_=1619922452529&CODE_STATE=getMsg HTTP/1.1" 200 27
58.40.7.146 - - [02/May/2021:10:27:33 +0800] "POST /xingrg/dwr/call/plaincall/AjaxCheckService.setItemNumber.dwr HTTP/1.1" 200 76
116.230.114.112 - - [02/May/2021:10:27:34 +0800] "GET /xingrg/kc/buy/cgsh_order_operate.html?command=get_materiel&rest_code=00146&code=00101008088&supplier_code=00100005&order_time=2021-05-02 HTTP/1.1" 200 408
120.253.135.82 - - [02/May/2021:10:27:39 +0800] "GET /xingrg/all/function/internal_message.html?_=1619922239707&CODE_STATE=getMsg HTTP/1.1" 200 27
117.185.32.26 - - [02/May/2021:10:27:40 +0800] "GET /xingrg/kc/buy/cgsh_order_operate.html?command=get_materiel&rest_code=00106&code=00101016053&supplier_code=00100032&order_time=2021-05-02 HTTP/1.1" 200 408
58.40.7.146 - - [02/May/2021:10:27:44 +0800] "POST /xingrg/dwr/call/plaincall/AjaxCheckService.setItemNumber.dwr HTTP/1.1" 200 77
58.40.7.146 - - [02/May/2021:10:27:45 +0800] "POST /xingrg/dwr/call/plaincall/AjaxCheckService.setItemNumber.dwr HTTP/1.1" 200 77
116.230.110.80 - - [02/May/2021:10:27:45 +0800] "GET /xingrg/all/function/internal_message.html?_=1619922465418&CODE_STATE=getMsg HTTP/1.1" 200 27
58.40.7.146 - - [02/May/2021:10:27:46 +0800] "GET /xingrg/all/function/internal_message.html?_=1619922466711&CODE_STATE=getMsg HTTP/1.1" 200 27
117.185.32.26 - - [02/May/2021:10:27:47 +0800] "GET /xingrg/kc/buy/cgsh_order_operate.html?command=get_materiel&rest_code=00106&code=00101016017&supplier_code=00100032&order_time=2021-05-02 HTTP/1.1" 200 408
58.40.7.146 - - [02/May/2021:10:27:48 +0800] "POST /xingrg/dwr/call/plaincall/AjaxCheckService.setItemNumber.dwr HTTP/1.1" 200 77
180.161.124.236 - - [02/May/2021:10:27:49 +0800] "GET /xingrg/all/function/internal_message.html?_=1619922469463&CODE_STATE=getMsg HTTP/1.1" 200 27
116.230.114.112 - - [02/May/2021:10:27:51 +0800] "GET /xingrg/kc/buy/cgsh_order_operate.html?command=get_materiel&rest_code=00146&code=00101008051&supplier_code=00100005&order_time=2021-05-02 HTTP/1.1" 200 408
58.40.7.146 - - [02/May/2021:10:27:51 +0800] "POST /xingrg/dwr/call/plaincall/AjaxCheckService.setItemNumber.dwr HTTP/1.1" 200 77
117.185.32.26 - - [02/May/2021:10:27:51 +0800] "GET /xingrg/all/function/internal_message.html?_=1619922467019&CODE_STATE=getMsg HTTP/1.1" 200 27
58.40.7.146 - - [02/May/2021:10:27:51 +0800] "POST /xingrg/dwr/call/plaincall/AjaxCheckService.setItemNumber.dwr HTTP/1.1" 200 77
58.40.7.146 - - [02/May/2021:10:27:52 +0800] "POST /xingrg/dwr/call/plaincall/AjaxCheckService.setItemNumber.dwr HTTP/1.1" 200 77
58.40.7.146 - - [02/May/2021:10:27:53 +0800] "GET /xingrg/all/function/internal_message.html?_=1619922473063&CODE_STATE=getMsg HTTP/1.1" 200 27
58.40.7.146 - - [02/May/2021:10:27:54 +0800] "POST /xingrg/dwr/call/plaincall/AjaxCheckService.setItemNumber.dwr HTTP/1.1" 200 77
114.86.187.76 - - [02/May/2021:10:27:54 +0800] "GET /favicon.ico HTTP/1.1" 404 -
58.40.7.146 - - [02/May/2021:10:27:54 +0800] "POST /xingrg/dwr/call/plaincall/AjaxCheckService.setItemNumber.dwr HTTP/1.1" 200 77
58.40.7.146 - - [02/May/2021:10:27:55 +0800] "POST /xingrg/dwr/call/plaincall/AjaxCheckService.setItemNumber.dwr HTTP/1.1" 200 77
58.40.7.146 - - [02/May/2021:10:27:55 +0800] "POST /xingrg/dwr/call/plaincall/AjaxCheckService.setItemNumber.dwr HTTP/1.1" 200 77
58.40.7.146 - - [02/May/2021:10:27:55 +0800] "POST /xingrg/dwr/call/plaincall/AjaxCheckService.setItemNumber.dwr HTTP/1.1" 200 77
58.40.7.146 - - [02/May/2021:10:27:58 +0800] "POST /xingrg/dwr/call/plaincall/AjaxCheckService.setItemNumber.dwr HTTP/1.1" 200 77
58.40.7.146 - - [02/May/2021:10:28:00 +0800] "POST /xingrg/dwr/call/plaincall/AjaxCheckService.setItemNumber.dwr HTTP/1.1" 200 77
116.230.114.112 - - [02/May/2021:10:28:00 +0800] "GET /xingrg/all/function/internal_message.html?_=1619922482206&CODE_STATE=getMsg HTTP/1.1" 200 27
58.40.7.146 - - [02/May/2021:10:28:00 +0800] "POST /xingrg/dwr/call/plaincall/AjaxCheckService.setItemNumber.dwr HTTP/1.1" 200 77
58.40.7.146 - - [02/May/2021:10:28:01 +0800] "POST /xingrg/dwr/call/plaincall/AjaxCheckService.setItemNumber.dwr HTTP/1.1" 200 77
58.40.7.146 - - [02/May/2021:10:28:03 +0800] "POST /xingrg/dwr/call/plaincall/AjaxCheckService.setItemNumber.dwr HTTP/1.1" 200 77
114.88.160.164 - - [02/May/2021:10:28:04 +0800] "GET /xingrg/check_reg.html?_=1619922482681 HTTP/1.1" 200 22
58.40.7.146 - - [02/May/2021:10:28:05 +0800] "POST /xingrg/dwr/call/plaincall/AjaxCheckService.setItemNumber.dwr HTTP/1.1" 200 77
114.88.160.164 - - [02/May/2021:10:28:05 +0800] "GET /xingrg/all/function/internal_message.html?_=1619922483262&CODE_STATE=getMsg HTTP/1.1" 200 27
58.40.7.146 - - [02/May/2021:10:28:05 +0800] "POST /xingrg/dwr/call/plaincall/AjaxCheckService.setItemNumber.dwr HTTP/1.1" 200 77
58.40.7.146 - - [02/May/2021:10:28:06 +0800] "POST /xingrg/dwr/call/plaincall/AjaxCheckService.setItemNumber.dwr HTTP/1.1" 200 77
117.185.32.26 - - [02/May/2021:10:28:06 +0800] "GET /xingrg/kc/buy/cgsh_order_operate.html?command=get_materiel&rest_code=00106&code=00101010024&supplier_code=00100032&order_time=2021-05-02 HTTP/1.1" 200 408
61.165.42.208 - - [02/May/2021:10:28:07 +0800] "GET /xingrg/check_reg.html?_=1619922489693 HTTP/1.1" 200 22
61.165.42.208 - - [02/May/2021:10:28:07 +0800] "GET /xingrg/all/function/internal_message.html?_=1619922489696&CODE_STATE=getMsg HTTP/1.1" 200 27
116.230.114.112 - - [02/May/2021:10:28:09 +0800] "GET /xingrg/kc/buy/cgsh_order_operate.html?command=get_materiel&rest_code=00146&code=00101008338&supplier_code=00100005&order_time=2021-05-02 HTTP/1.1" 200 408
116.233.72.76 - - [02/May/2021:10:28:12 +0800] "GET /favicon.ico HTTP/1.1" 404 -
124.77.71.179 - - [02/May/2021:10:28:18 +0800] "GET /xingrg/all/function/internal_message.html?_=1619922499237&CODE_STATE=getMsg HTTP/1.1" 200 27
117.185.32.26 - - [02/May/2021:10:28:18 +0800] "GET /xingrg/kc/buy/cgsh_order_operate.html?command=get_materiel&rest_code=00106&code=00101012029&supplier_code=00100032&order_time=2021-05-02 HTTP/1.1" 200 412
116.224.253.72 - - [02/May/2021:10:28:19 +0800] "GET /xingrg/all/function/internal_message.html?_=1619922498623&CODE_STATE=getMsg HTTP/1.1" 200 27
116.230.114.112 - - [02/May/2021:10:28:19 +0800] "GET /xingrg/kc/buy/cgsh_order_operate.html?command=get_materiel&rest_code=00146&code=00101008290&supplier_code=00100005&order_time=2021-05-02 HTTP/1.1" 200 416
58.40.7.146 - - [02/May/2021:10:28:21 +0800] "POST /xingrg/dwr/call/plaincall/AjaxCheckService.setItemNumber.dwr HTTP/1.1" 200 77
180.169.147.146 - - [02/May/2021:10:28:21 +0800] "GET /xingrg/all/function/internal_message.html?_=1619922493674&CODE_STATE=getMsg HTTP/1.1" 200 27
116.230.114.112 - - [02/May/2021:10:28:21 +0800] "POST /xingrg/kc/buy/cgsh_order_operate.html HTTP/1.1" 200 2065
180.169.147.146 - - [02/May/2021:10:28:22 +0800] "POST /xingrg/kc/buy/cgsh_list_operate.html HTTP/1.1" 200 876
58.40.7.146 - - [02/May/2021:10:28:22 +0800] "POST /xingrg/dwr/call/plaincall/AjaxCheckService.setItemNumber.dwr HTTP/1.1" 200 77
58.40.7.146 - - [02/May/2021:10:28:23 +0800] "POST /xingrg/dwr/call/plaincall/AjaxCheckService.setItemNumber.dwr HTTP/1.1" 200 77
180.169.147.146 - - [02/May/2021:10:28:24 +0800] "GET /xingrg/kc/buy/cgsh_order_add.html HTTP/1.1" 200 62325
180.169.147.146 - - [02/May/2021:10:28:24 +0800] "GET /xingrg/javascript/easyui/themes/default/validatebox.css HTTP/1.1" 404 1104
180.169.147.146 - - [02/May/2021:10:28:24 +0800] "POST /xingrg/kc/buy/cgsh_order_operate.html HTTP/1.1" 200 8245
116.232.54.167 - - [02/May/2021:10:28:24 +0800] "GET /xingrg/all/function/internal_message.html?_=1619922504963&CODE_STATE=getMsg HTTP/1.1" 200 27
58.40.7.146 - - [02/May/2021:10:28:25 +0800] "POST /xingrg/dwr/call/plaincall/AjaxCheckService.setItemNumber.dwr HTTP/1.1" 200 77
58.40.7.146 - - [02/May/2021:10:28:26 +0800] "POST /xingrg/dwr/call/plaincall/AjaxCheckService.setItemNumber.dwr HTTP/1.1" 200 77
180.169.147.146 - - [02/May/2021:10:28:27 +0800] "GET /xingrg/javascript/jquery_tools/images/prev.gif HTTP/1.1" 404 1086
180.169.147.146 - - [02/May/2021:10:28:27 +0800] "GET /xingrg/javascript/jquery_tools/images/next.gif HTTP/1.1" 404 1086
58.40.7.146 - - [02/May/2021:10:28:27 +0800] "POST /xingrg/dwr/call/plaincall/AjaxCheckService.setItemNumber.dwr HTTP/1.1" 200 77
58.40.7.146 - - [02/May/2021:10:28:28 +0800] "POST /xingrg/dwr/call/plaincall/AjaxCheckService.setItemNumber.dwr HTTP/1.1" 200 77
58.40.7.146 - - [02/May/2021:10:28:29 +0800] "POST /xingrg/dwr/call/plaincall/AjaxCheckService.setItemNumber.dwr HTTP/1.1" 200 77
116.230.114.112 - - [02/May/2021:10:28:29 +0800] "GET /xingrg/kc/buy/cgsh_order_operate.html?command=get_materiel&rest_code=00146&code=00101008003&supplier_code=00100005&order_time=2021-05-02 HTTP/1.1" 200 408
58.40.7.146 - - [02/May/2021:10:28:29 +0800] "POST /xingrg/dwr/call/plaincall/AjaxCheckService.setItemNumber.dwr HTTP/1.1" 200 77
58.40.7.146 - - [02/May/2021:10:28:30 +0800] "POST /xingrg/dwr/call/plaincall/AjaxCheckService.setItemNumber.dwr HTTP/1.1" 200 77
101.85.52.2 - - [02/May/2021:10:28:32 +0800] "GET /xingrg/check_reg.html?_=1619922512533 HTTP/1.1" 200 22
101.85.52.2 - - [02/May/2021:10:28:32 +0800] "GET /xingrg/all/function/internal_message.html?_=1619922512537&CODE_STATE=getMsg HTTP/1.1" 200 27
58.40.7.146 - - [02/May/2021:10:28:34 +0800] "POST /xingrg/dwr/call/plaincall/AjaxCheckService.setItemNumber.dwr HTTP/1.1" 200 77
58.40.7.146 - - [02/May/2021:10:28:35 +0800] "POST /xingrg/dwr/call/plaincall/AjaxCheckService.setItemNumber.dwr HTTP/1.1" 200 77
58.40.7.146 - - [02/May/2021:10:28:36 +0800] "POST /xingrg/dwr/call/plaincall/AjaxCheckService.setItemNumber.dwr HTTP/1.1" 200 77
58.40.7.146 - - [02/May/2021:10:28:38 +0800] "POST /xingrg/dwr/call/plaincall/AjaxCheckService.setItemNumber.dwr HTTP/1.1" 200 77
120.253.135.82 - - [02/May/2021:10:28:39 +0800] "GET /xingrg/check_reg.html?_=1619922299489 HTTP/1.1" 200 22
120.253.135.82 - - [02/May/2021:10:28:39 +0800] "GET /xingrg/all/function/internal_message.html?_=1619922299721&CODE_STATE=getMsg HTTP/1.1" 200 27
58.40.7.146 - - [02/May/2021:10:28:39 +0800] "POST /xingrg/dwr/call/plaincall/AjaxCheckService.setItemNumber.dwr HTTP/1.1" 200 77
58.40.7.146 - - [02/May/2021:10:28:39 +0800] "POST /xingrg/dwr/call/plaincall/AjaxCheckService.setItemNumber.dwr HTTP/1.1" 200 77
58.40.7.146 - - [02/May/2021:10:28:40 +0800] "POST /xingrg/dwr/call/plaincall/AjaxCheckService.setItemNumber.dwr HTTP/1.1" 200 77
180.169.147.146 - - [02/May/2021:10:28:40 +0800] "GET /xingrg/kc/buy/cgsh_order_operate.html?command=get_materiel&rest_code=00147&code=00101004065&supplier_code=00100086&order_time=2021-05-01 HTTP/1.1" 200 413
58.40.7.146 - - [02/May/2021:10:28:41 +0800] "POST /xingrg/dwr/call/plaincall/AjaxCheckService.setItemNumber.dwr HTTP/1.1" 200 77
58.40.7.146 - - [02/May/2021:10:28:42 +0800] "POST /xingrg/dwr/call/plaincall/AjaxCheckService.setItemNumber.dwr HTTP/1.1" 200 77
58.40.7.146 - - [02/May/2021:10:28:43 +0800] "POST /xingrg/dwr/call/plaincall/AjaxCheckService.setItemNumber.dwr HTTP/1.1" 200 77
58.40.7.146 - - [02/May/2021:10:28:44 +0800] "POST /xingrg/dwr/call/plaincall/AjaxCheckService.setItemNumber.dwr HTTP/1.1" 200 77
116.230.110.80 - - [02/May/2021:10:28:45 +0800] "GET /xingrg/all/function/internal_message.html?_=1619922525391&CODE_STATE=getMsg HTTP/1.1" 200 27
58.40.7.146 - - [02/May/2021:10:28:46 +0800] "POST /xingrg/dwr/call/plaincall/AjaxCheckService.setItemNumber.dwr HTTP/1.1" 200 77
58.40.7.146 - - [02/May/2021:10:28:46 +0800] "POST /xingrg/dwr/call/plaincall/AjaxCheckService.setItemNumber.dwr HTTP/1.1" 200 77
58.40.7.146 - - [02/May/2021:10:28:46 +0800] "GET /xingrg/all/function/internal_message.html?_=1619922526713&CODE_STATE=getMsg HTTP/1.1" 200 27
58.40.7.146 - - [02/May/2021:10:28:47 +0800] "POST /xingrg/dwr/call/plaincall/AjaxCheckService.setItemNumber.dwr HTTP/1.1" 200 77
183.192.164.71 - - [02/May/2021:10:28:47 +0800] "GET /xingrg/kc/buy/cgsh_order_operate.html?command=get_materiel&rest_code=00106&code=00101016017&supplier_code=00100032&order_time=2021-05-02 HTTP/1.1" 302 -
58.40.7.146 - - [02/May/2021:10:28:49 +0800] "POST /xingrg/dwr/call/plaincall/AjaxCheckService.setItemNumber.dwr HTTP/1.1" 200 77
180.161.124.236 - - [02/May/2021:10:28:49 +0800] "GET /xingrg/all/function/internal_message.html?_=1619922529476&CODE_STATE=getMsg HTTP/1.1" 200 27
58.40.7.146 - - [02/May/2021:10:28:49 +0800] "POST /xingrg/dwr/call/plaincall/AjaxCheckService.setItemNumber.dwr HTTP/1.1" 200 77
114.88.160.164 - - [02/May/2021:10:28:50 +0800] "GET /xingrg/kc/buy/cgsh_order_operate.html?command=get_materiel&rest_code=00111&code=00101006083&supplier_code=00100324&order_time=2021-05-02 HTTP/1.1" 200 415
183.192.164.71 - - [02/May/2021:10:28:51 +0800] "GET /xingrg/login.html HTTP/1.1" 200 7641
117.185.32.26 - - [02/May/2021:10:28:51 +0800] "GET /xingrg/all/function/internal_message.html?_=1619922527005&CODE_STATE=getMsg HTTP/1.1" 200 27
58.40.7.146 - - [02/May/2021:10:28:53 +0800] "GET /xingrg/all/function/internal_message.html?_=1619922533054&CODE_STATE=getMsg HTTP/1.1" 200 27
180.169.147.146 - - [02/May/2021:10:29:00 +0800] "POST /xingrg/kc/buy/cgsh_order_operate.html HTTP/1.1" 200 37
116.230.114.112 - - [02/May/2021:10:29:00 +0800] "GET /xingrg/all/function/internal_message.html?_=1619922542220&CODE_STATE=getMsg HTTP/1.1" 200 27
116.224.253.72 - - [02/May/2021:10:29:01 +0800] "GET /favicon.ico HTTP/1.1" 404 -
180.169.147.146 - - [02/May/2021:10:29:04 +0800] "POST /xingrg/kc/buy/cgsh_order_operate.html HTTP/1.1" 200 2662
180.169.147.146 - - [02/May/2021:10:29:05 +0800] "GET /xingrg/kc/print/load_config.html?kc_code=cgsh HTTP/1.1" 200 1845
114.88.160.164 - - [02/May/2021:10:29:05 +0800] "GET /xingrg/all/function/internal_message.html?_=1619922543262&CODE_STATE=getMsg HTTP/1.1" 200 27
180.169.147.146 - - [02/May/2021:10:29:05 +0800] "GET /xingrg/kc/print/load_data.html?order_code=212021050200609&kc_code=cgsh&condition= HTTP/1.1" 200 748
116.230.114.112 - - [02/May/2021:10:29:06 +0800] "GET /xingrg/kc/buy/cgsh_order_operate.html?command=get_materiel&rest_code=00146&code=00101008264&supplier_code=00100005&order_time=2021-05-02 HTTP/1.1" 200 412
61.165.42.208 - - [02/May/2021:10:29:07 +0800] "GET /xingrg/all/function/internal_message.html?_=1619922549680&CODE_STATE=getMsg HTTP/1.1" 200 27
114.88.160.164 - - [02/May/2021:10:29:17 +0800] "POST /xingrg/kc/buy/cgsh_order_operate.html HTTP/1.1" 200 37
180.169.147.146 - - [02/May/2021:10:29:17 +0800] "POST /xingrg/kc/buy/cgsh_order_operate.html HTTP/1.1" 200 37
124.77.71.179 - - [02/May/2021:10:29:18 +0800] "GET /xingrg/all/function/internal_message.html?_=1619922559237&CODE_STATE=getMsg HTTP/1.1" 200 27
116.224.253.72 - - [02/May/2021:10:29:19 +0800] "GET /xingrg/all/function/internal_message.html?_=1619922558684&CODE_STATE=getMsg HTTP/1.1" 200 27
116.230.114.112 - - [02/May/2021:10:29:19 +0800] "GET /xingrg/kc/buy/cgsh_order_operate.html?command=get_materiel&rest_code=00146&code=00101008356&supplier_code=00100005&order_time=2021-05-02 HTTP/1.1" 200 408
114.88.160.164 - - [02/May/2021:10:29:21 +0800] "POST /xingrg/kc/buy/cgsh_order_operate.html HTTP/1.1" 200 2661
180.169.147.146 - - [02/May/2021:10:29:21 +0800] "GET /xingrg/all/function/internal_message.html?_=1619922553674&CODE_STATE=getMsg HTTP/1.1" 200 27
180.169.147.146 - - [02/May/2021:10:29:21 +0800] "POST /xingrg/kc/buy/cgsh_order_operate.html HTTP/1.1" 200 12
180.169.147.146 - - [02/May/2021:10:29:23 +0800] "GET /xingrg/kc/buy/cgsh_order_info.html?code=212021050200609 HTTP/1.1" 200 57231
114.88.160.164 - - [02/May/2021:10:29:23 +0800] "GET /xingrg/kc/print/load_data.html?order_code=212021050200610&kc_code=cgsh&condition= HTTP/1.1" 200 677
180.169.147.146 - - [02/May/2021:10:29:23 +0800] "GET /xingrg/javascript/easyui/themes/default/validatebox.css HTTP/1.1" 404 1104
180.169.147.146 - - [02/May/2021:10:29:24 +0800] "POST /xingrg/kc/buy/cgsh_order_operate.html HTTP/1.1" 200 612
116.232.54.167 - - [02/May/2021:10:29:24 +0800] "GET /xingrg/all/function/internal_message.html?_=1619922564956&CODE_STATE=getMsg HTTP/1.1" 200 27
116.232.54.167 - - [02/May/2021:10:29:24 +0800] "GET /xingrg/check_reg.html?_=1619922564958 HTTP/1.1" 200 22
117.185.32.26 - - [02/May/2021:10:29:25 +0800] "GET /xingrg/kc/buy/cgsh_order_operate.html?command=get_materiel&rest_code=00106&code=00101001111&supplier_code=00100032&order_time=2021-05-02 HTTP/1.1" 200 409
180.169.147.146 - - [02/May/2021:10:29:26 +0800] "POST /xingrg/kc/buy/cgsh_list_operate.html HTTP/1.1" 200 876
116.230.114.112 - - [02/May/2021:10:29:29 +0800] "GET /xingrg/kc/buy/cgsh_order_operate.html?command=get_materiel&rest_code=00146&code=00101008212&supplier_code=00100005&order_time=2021-05-02 HTTP/1.1" 200 412
114.88.160.164 - - [02/May/2021:10:29:32 +0800] "GET /xingrg/kc/buy/cgsh_order_add.html HTTP/1.1" 200 62357
101.85.52.2 - - [02/May/2021:10:29:32 +0800] "GET /xingrg/all/function/internal_message.html?_=1619922572540&CODE_STATE=getMsg HTTP/1.1" 200 27
114.88.160.164 - - [02/May/2021:10:29:33 +0800] "POST /xingrg/kc/buy/cgsh_order_operate.html HTTP/1.1" 200 8245
114.88.160.164 - - [02/May/2021:10:29:33 +0800] "GET /xingrg/javascript/easyui/themes/default/validatebox.css HTTP/1.1" 404 1104
117.185.32.26 - - [02/May/2021:10:29:36 +0800] "GET /xingrg/kc/buy/cgsh_order_operate.html?command=get_materiel&rest_code=00106&code=00101012026&supplier_code=00100032&order_time=2021-05-02 HTTP/1.1" 200 410
116.230.114.112 - - [02/May/2021:10:29:36 +0800] "POST /xingrg/kc/buy/cgsh_order_operate.html HTTP/1.1" 200 2065
120.253.135.82 - - [02/May/2021:10:29:39 +0800] "GET /xingrg/all/function/internal_message.html?_=1619922359736&CODE_STATE=getMsg HTTP/1.1" 200 27
116.230.114.112 - - [02/May/2021:10:29:44 +0800] "GET /xingrg/kc/buy/cgsh_order_operate.html?command=get_materiel&rest_code=00146&code=00101008196&supplier_code=00100005&order_time=2021-05-02 HTTP/1.1" 200 416
180.169.147.146 - - [02/May/2021:10:29:45 +0800] "GET /xingrg/check_reg.html?_=1619922577977 HTTP/1.1" 200 22
116.230.110.80 - - [02/May/2021:10:29:45 +0800] "GET /xingrg/all/function/internal_message.html?_=1619922585377&CODE_STATE=getMsg HTTP/1.1" 200 27
58.40.7.146 - - [02/May/2021:10:29:46 +0800] "GET /xingrg/all/function/internal_message.html?_=1619922586700&CODE_STATE=getMsg HTTP/1.1" 200 27
114.88.160.164 - - [02/May/2021:10:29:47 +0800] "GET /xingrg/kc/buy/cgsh_order_operate.html?command=get_materiel&rest_code=00111&code=00101001093&supplier_code=00100319&order_time=2021-05-02 HTTP/1.1" 200 409
180.161.124.236 - - [02/May/2021:10:29:49 +0800] "GET /xingrg/all/function/internal_message.html?_=1619922589489&CODE_STATE=getMsg HTTP/1.1" 200 27
117.185.32.26 - - [02/May/2021:10:29:51 +0800] "GET /xingrg/check_reg.html?_=1619922587006 HTTP/1.1" 200 22
117.185.32.26 - - [02/May/2021:10:29:51 +0800] "GET /xingrg/all/function/internal_message.html?_=1619922587008&CODE_STATE=getMsg HTTP/1.1" 200 27
58.40.7.146 - - [02/May/2021:10:29:53 +0800] "GET /xingrg/check_reg.html?_=1619922593059 HTTP/1.1" 200 22
58.40.7.146 - - [02/May/2021:10:29:53 +0800] "GET /xingrg/all/function/internal_message.html?_=1619922593060&CODE_STATE=getMsg HTTP/1.1" 200 27
116.230.114.112 - - [02/May/2021:10:29:56 +0800] "GET /xingrg/kc/buy/cgsh_order_operate.html?command=get_materiel&rest_code=00146&code=00101008357&supplier_code=00100005&order_time=2021-05-02 HTTP/1.1" 200 408
116.230.114.112 - - [02/May/2021:10:30:00 +0800] "GET /xingrg/all/function/internal_message.html?_=1619922602232&CODE_STATE=getMsg HTTP/1.1" 200 27
114.88.160.164 - - [02/May/2021:10:30:02 +0800] "POST /xingrg/kc/buy/cgsh_order_operate.html HTTP/1.1" 200 37
114.88.160.164 - - [02/May/2021:10:30:03 +0800] "POST /xingrg/kc/buy/cgsh_order_operate.html HTTP/1.1" 200 2658
114.88.160.164 - - [02/May/2021:10:30:05 +0800] "GET /xingrg/kc/print/load_data.html?order_code=212021050200611&kc_code=cgsh&condition= HTTP/1.1" 200 679
114.88.160.164 - - [02/May/2021:10:30:05 +0800] "GET /xingrg/all/function/internal_message.html?_=1619922603284&CODE_STATE=getMsg HTTP/1.1" 200 27
61.165.42.208 - - [02/May/2021:10:30:07 +0800] "GET /xingrg/all/function/internal_message.html?_=1619922609680&CODE_STATE=getMsg HTTP/1.1" 200 27
116.230.114.112 - - [02/May/2021:10:30:10 +0800] "GET /xingrg/kc/buy/cgsh_order_operate.html?command=get_materiel&rest_code=00146&code=00101008036&supplier_code=00100005&order_time=2021-05-02 HTTP/1.1" 200 408
114.88.160.164 - - [02/May/2021:10:30:15 +0800] "GET /xingrg/kc/buy/cgsh_order_add.html HTTP/1.1" 200 62357
114.88.160.164 - - [02/May/2021:10:30:16 +0800] "POST /xingrg/kc/buy/cgsh_order_operate.html HTTP/1.1" 200 8245
114.88.160.164 - - [02/May/2021:10:30:16 +0800] "GET /xingrg/javascript/easyui/themes/default/validatebox.css HTTP/1.1" 404 1104
124.77.71.179 - - [02/May/2021:10:30:18 +0800] "GET /xingrg/all/function/internal_message.html?_=1619922619250&CODE_STATE=getMsg HTTP/1.1" 200 27
116.224.253.72 - - [02/May/2021:10:30:19 +0800] "GET /xingrg/all/function/internal_message.html?_=1619922618698&CODE_STATE=getMsg HTTP/1.1" 200 27
116.230.114.112 - - [02/May/2021:10:30:21 +0800] "GET /xingrg/kc/buy/cgsh_order_operate.html?command=get_materiel&rest_code=00146&code=00101008069&supplier_code=00100005&order_time=2021-05-02 HTTP/1.1" 200 412
180.169.147.146 - - [02/May/2021:10:30:21 +0800] "GET /xingrg/all/function/internal_message.html?_=1619922613651&CODE_STATE=getMsg HTTP/1.1" 200 27
116.232.54.167 - - [02/May/2021:10:30:24 +0800] "GET /xingrg/all/function/internal_message.html?_=1619922624961&CODE_STATE=getMsg HTTP/1.1" 200 27
114.88.160.164 - - [02/May/2021:10:30:27 +0800] "GET /xingrg/kc/buy/cgsh_order_operate.html?command=get_materiel&rest_code=00111&code=00101004011&supplier_code=00100086&order_time=2021-05-02 HTTP/1.1" 200 413
101.85.52.2 - - [02/May/2021:10:30:32 +0800] "GET /xingrg/all/function/internal_message.html?_=1619922632533&CODE_STATE=getMsg HTTP/1.1" 200 27
120.204.17.72 - - [02/May/2021:10:30:33 +0800] "GET /xingrg/kc/buy/cgsh_order_operate.html?command=get_materiel&rest_code=00106&code=00101012026&supplier_code=00100032&order_time=2021-05-02 HTTP/1.1" 302 -
120.204.17.72 - - [02/May/2021:10:30:34 +0800] "GET /xingrg/login.html HTTP/1.1" 200 7641
120.253.135.82 - - [02/May/2021:10:30:39 +0800] "GET /xingrg/all/function/internal_message.html?_=1619922419749&CODE_STATE=getMsg HTTP/1.1" 200 27
116.230.114.112 - - [02/May/2021:10:30:44 +0800] "GET /xingrg/check_reg.html?_=1619922646181 HTTP/1.1" 200 22
116.230.110.80 - - [02/May/2021:10:30:45 +0800] "GET /xingrg/all/function/internal_message.html?_=1619922645361&CODE_STATE=getMsg HTTP/1.1" 200 27
116.230.110.80 - - [02/May/2021:10:30:46 +0800] "GET /xingrg/check_reg.html?_=1619922646115 HTTP/1.1" 200 22
58.40.7.146 - - [02/May/2021:10:30:46 +0800] "GET /xingrg/all/function/internal_message.html?_=1619922646702&CODE_STATE=getMsg HTTP/1.1" 200 27
58.40.7.146 - - [02/May/2021:10:30:46 +0800] "GET /xingrg/check_reg.html?_=1619922646705 HTTP/1.1" 200 22
116.230.114.112 - - [02/May/2021:10:30:48 +0800] "GET /xingrg/kc/buy/cgsh_order_operate.html?command=get_materiel&rest_code=00146&code=00101008006&supplier_code=00100005&order_time=2021-05-02 HTTP/1.1" 200 416
180.161.124.236 - - [02/May/2021:10:30:49 +0800] "GET /xingrg/all/function/internal_message.html?_=1619922649504&CODE_STATE=getMsg HTTP/1.1" 200 27
116.230.114.112 - - [02/May/2021:10:30:51 +0800] "POST /xingrg/kc/buy/cgsh_order_operate.html HTTP/1.1" 200 2065
120.204.17.72 - - [02/May/2021:10:30:51 +0800] "GET /xingrg/all/function/internal_message.html?_=1619922587008&CODE_STATE=getMsg HTTP/1.1" 302 -
117.185.32.26 - - [02/May/2021:10:30:51 +0800] "GET /xingrg/all/function/internal_message.html?_=1619922646999&CODE_STATE=getMsg HTTP/1.1" 200 27
58.40.7.146 - - [02/May/2021:10:30:53 +0800] "GET /xingrg/all/function/internal_message.html?_=1619922653062&CODE_STATE=getMsg HTTP/1.1" 200 27
120.204.17.72 - - [02/May/2021:10:30:53 +0800] "GET /xingrg/login.html HTTP/1.1" 200 7641
116.230.114.112 - - [02/May/2021:10:30:56 +0800] "GET /xingrg/kc/buy/cgsh_order_operate.html?command=get_materiel&rest_code=00146&code=00101008131&supplier_code=00100005&order_time=2021-05-02 HTTP/1.1" 200 408
116.230.114.112 - - [02/May/2021:10:31:00 +0800] "GET /xingrg/all/function/internal_message.html?_=1619922662247&CODE_STATE=getMsg HTTP/1.1" 200 27
114.88.160.164 - - [02/May/2021:10:31:05 +0800] "GET /xingrg/all/function/internal_message.html?_=1619922663290&CODE_STATE=getMsg HTTP/1.1" 200 27
114.88.160.164 - - [02/May/2021:10:31:06 +0800] "GET /xingrg/kc/buy/cgsh_order_operate.html?command=get_materiel&rest_code=00111&code=00101004065&supplier_code=00100086&order_time=2021-05-02 HTTP/1.1" 200 413
61.165.42.208 - - [02/May/2021:10:31:07 +0800] "GET /xingrg/all/function/internal_message.html?_=1619922669682&CODE_STATE=getMsg HTTP/1.1" 200 27
114.88.160.164 - - [02/May/2021:10:31:15 +0800] "POST /xingrg/kc/buy/cgsh_order_operate.html HTTP/1.1" 200 37
117.184.7.26 - - [02/May/2021:10:31:16 +0800] "GET /favicon.ico HTTP/1.1" 404 -
114.88.160.164 - - [02/May/2021:10:31:18 +0800] "POST /xingrg/kc/buy/cgsh_order_operate.html HTTP/1.1" 200 3257
124.77.71.179 - - [02/May/2021:10:31:18 +0800] "GET /xingrg/all/function/internal_message.html?_=1619922679245&CODE_STATE=getMsg HTTP/1.1" 200 27
124.77.71.179 - - [02/May/2021:10:31:18 +0800] "GET /xingrg/check_reg.html?_=1619922679249 HTTP/1.1" 200 22
116.224.253.72 - - [02/May/2021:10:31:18 +0800] "GET /xingrg/check_reg.html?_=1619922678402 HTTP/1.1" 200 22
116.224.253.72 - - [02/May/2021:10:31:19 +0800] "GET /xingrg/all/function/internal_message.html?_=1619922678711&CODE_STATE=getMsg HTTP/1.1" 200 27
124.77.71.179 - - [02/May/2021:10:31:19 +0800] "GET /xingrg/kc/buy/cgsh_order_add.html HTTP/1.1" 200 62445
114.88.160.164 - - [02/May/2021:10:31:20 +0800] "GET /xingrg/kc/print/load_data.html?order_code=212021050200612&kc_code=cgsh&condition= HTTP/1.1" 200 966
124.77.71.179 - - [02/May/2021:10:31:20 +0800] "GET /xingrg/javascript/easyui/themes/default/validatebox.css HTTP/1.1" 404 1104
124.77.71.179 - - [02/May/2021:10:31:20 +0800] "POST /xingrg/kc/buy/cgsh_order_operate.html HTTP/1.1" 200 8245
180.169.147.146 - - [02/May/2021:10:31:21 +0800] "GET /xingrg/all/function/internal_message.html?_=1619922673629&CODE_STATE=getMsg HTTP/1.1" 200 27
116.230.114.112 - - [02/May/2021:10:31:24 +0800] "GET /xingrg/kc/buy/cgsh_order_operate.html?command=get_materiel&rest_code=00146&code=00101008296&supplier_code=00100005&order_time=2021-05-02 HTTP/1.1" 200 435
116.232.54.167 - - [02/May/2021:10:31:24 +0800] "GET /xingrg/all/function/internal_message.html?_=1619922684953&CODE_STATE=getMsg HTTP/1.1" 200 27
114.88.160.164 - - [02/May/2021:10:31:25 +0800] "GET /xingrg/kc/buy/cgsh_order_add.html HTTP/1.1" 200 62357
114.88.160.164 - - [02/May/2021:10:31:25 +0800] "POST /xingrg/kc/buy/cgsh_order_operate.html HTTP/1.1" 200 8245
114.88.160.164 - - [02/May/2021:10:31:25 +0800] "GET /xingrg/javascript/easyui/themes/default/validatebox.css HTTP/1.1" 404 1104
124.77.71.179 - - [02/May/2021:10:31:31 +0800] "GET /xingrg/javascript/easyui/themes/default/tree.css HTTP/1.1" 404 1090
124.77.71.179 - - [02/May/2021:10:31:31 +0800] "POST /xingrg/all/common/load_tree.html?tree=supplier_tree_json&isDelete=1 HTTP/1.1" 200 55318
58.40.7.146 - - [02/May/2021:10:31:32 +0800] "POST /xingrg/dwr/call/plaincall/AjaxCheckService.setItemNumber.dwr HTTP/1.1" 200 77
101.85.52.2 - - [02/May/2021:10:31:32 +0800] "GET /xingrg/all/function/internal_message.html?_=1619922692548&CODE_STATE=getMsg HTTP/1.1" 200 27
116.230.114.112 - - [02/May/2021:10:31:34 +0800] "GET /xingrg/kc/buy/cgsh_order_operate.html?command=get_materiel&rest_code=00146&code=00101008353&supplier_code=00100005&order_time=2021-05-02 HTTP/1.1" 200 408
120.253.135.82 - - [02/May/2021:10:31:39 +0800] "GET /xingrg/all/function/internal_message.html?_=1619922479791&CODE_STATE=getMsg HTTP/1.1" 200 27
58.40.7.146 - - [02/May/2021:10:31:40 +0800] "POST /xingrg/dwr/call/plaincall/AjaxCheckService.setItemNumber.dwr HTTP/1.1" 200 77
58.40.7.146 - - [02/May/2021:10:31:41 +0800] "POST /xingrg/dwr/call/plaincall/AjaxCheckService.setItemNumber.dwr HTTP/1.1" 200 77
58.40.7.146 - - [02/May/2021:10:31:44 +0800] "POST /xingrg/dwr/call/plaincall/AjaxCheckService.setItemNumber.dwr HTTP/1.1" 200 77
114.88.160.164 - - [02/May/2021:10:31:45 +0800] "GET /xingrg/kc/buy/cgsh_order_operate.html?command=get_materiel&rest_code=00111&code=00101019803&supplier_code=00100338&order_time=2021-05-02 HTTP/1.1" 200 411
116.230.110.80 - - [02/May/2021:10:31:45 +0800] "GET /xingrg/all/function/internal_message.html?_=1619922705336&CODE_STATE=getMsg HTTP/1.1" 200 27
58.40.7.146 - - [02/May/2021:10:31:46 +0800] "GET /xingrg/all/function/internal_message.html?_=1619922706708&CODE_STATE=getMsg HTTP/1.1" 200 27
58.40.7.146 - - [02/May/2021:10:31:49 +0800] "POST /xingrg/dwr/call/plaincall/AjaxCheckService.setItemNumber.dwr HTTP/1.1" 200 77
180.161.124.236 - - [02/May/2021:10:31:49 +0800] "GET /xingrg/check_reg.html?_=1619922709456 HTTP/1.1" 200 22
180.161.124.236 - - [02/May/2021:10:31:49 +0800] "GET /xingrg/all/function/internal_message.html?_=1619922709516&CODE_STATE=getMsg HTTP/1.1" 200 27
58.40.7.146 - - [02/May/2021:10:31:49 +0800] "POST /xingrg/dwr/call/plaincall/AjaxCheckService.setItemNumber.dwr HTTP/1.1" 200 77
58.40.7.146 - - [02/May/2021:10:31:50 +0800] "POST /xingrg/dwr/call/plaincall/AjaxCheckService.setItemNumber.dwr HTTP/1.1" 200 77
117.185.32.26 - - [02/May/2021:10:31:51 +0800] "GET /xingrg/all/function/internal_message.html?_=1619922707008&CODE_STATE=getMsg HTTP/1.1" 200 27
58.40.7.146 - - [02/May/2021:10:31:51 +0800] "POST /xingrg/dwr/call/plaincall/AjaxCheckService.setItemNumber.dwr HTTP/1.1" 200 77
58.40.7.146 - - [02/May/2021:10:31:52 +0800] "POST /xingrg/dwr/call/plaincall/AjaxCheckService.setItemNumber.dwr HTTP/1.1" 200 77
58.40.7.146 - - [02/May/2021:10:31:53 +0800] "POST /xingrg/dwr/call/plaincall/AjaxCheckService.setItemNumber.dwr HTTP/1.1" 200 77
58.40.7.146 - - [02/May/2021:10:31:53 +0800] "GET /xingrg/all/function/internal_message.html?_=1619922713101&CODE_STATE=getMsg HTTP/1.1" 200 27
58.40.7.146 - - [02/May/2021:10:31:53 +0800] "POST /xingrg/dwr/call/plaincall/AjaxCheckService.setItemNumber.dwr HTTP/1.1" 200 77
58.40.7.146 - - [02/May/2021:10:31:54 +0800] "POST /xingrg/dwr/call/plaincall/AjaxCheckService.setItemNumber.dwr HTTP/1.1" 200 77
58.40.7.146 - - [02/May/2021:10:31:55 +0800] "POST /xingrg/dwr/call/plaincall/AjaxCheckService.setItemNumber.dwr HTTP/1.1" 200 77
114.88.160.164 - - [02/May/2021:10:31:57 +0800] "POST /xingrg/kc/buy/cgsh_order_operate.html HTTP/1.1" 200 37
124.77.71.179 - - [02/May/2021:10:31:57 +0800] "GET /xingrg/kc/buy/cgsh_order_operate.html?command=get_materiel&rest_code=00107&code=00101005037&supplier_code=00100041&order_time=2021-05-02 HTTP/1.1" 200 409
114.88.160.164 - - [02/May/2021:10:31:59 +0800] "POST /xingrg/kc/buy/cgsh_order_operate.html HTTP/1.1" 200 2668
