117.185.32.26 - - [02/May/2021:10:55:23 +0800] "GET /xingrg/kc/buy/buy_main.html HTTP/1.1" 200 12412
117.185.32.26 - - [02/May/2021:10:55:23 +0800] "GET /xingrg/css/new_ie.css HTTP/1.1" 404 1036
180.161.124.236 - - [02/May/2021:10:55:23 +0800] "POST /xingrg/kc/buy/cgsh_order_operate.html HTTP/1.1" 200 2375
180.161.124.236 - - [02/May/2021:10:55:23 +0800] "GET /xingrg/javascript/easyui/themes/icons/edit_remove.png HTTP/1.1" 200 625
180.161.124.236 - - [02/May/2021:10:55:23 +0800] "GET /xingrg/javascript/easyui/plugins/jquery.numberbox.js HTTP/1.1" 200 5213
117.185.32.26 - - [02/May/2021:10:55:24 +0800] "GET /xingrg/images/yd/bt.gif HTTP/1.1" 404 1040
117.185.32.26 - - [02/May/2021:10:55:24 +0800] "GET /xingrg/kc/buy/cgsh_order_list.html HTTP/1.1" 200 46619
120.253.135.82 - - [02/May/2021:10:55:24 +0800] "GET /xingrg/javascript/auto/indicator.gif HTTP/1.1" 404 1066
116.232.54.167 - - [02/May/2021:10:55:24 +0800] "GET /xingrg/all/function/internal_message.html?_=1619924125022&CODE_STATE=getMsg HTTP/1.1" 200 27
61.165.42.208 - - [02/May/2021:10:55:25 +0800] "GET /xingrg/kc/buy/cgsh_order_operate.html?command=get_materiel&rest_code=00105&code=00101008486&supplier_code=00100327&order_time=2021-05-02 HTTP/1.1" 200 400
117.185.32.26 - - [02/May/2021:10:55:27 +0800] "POST /xingrg/kc/buy/cgsh_list_operate.html HTTP/1.1" 200 2070
117.185.32.26 - - [02/May/2021:10:55:29 +0800] "POST /xingrg/kc/buy/cgsh_list_operate.html HTTP/1.1" 200 563
117.185.32.26 - - [02/May/2021:10:55:30 +0800] "GET /xingrg/kc/buy/cgsh_order_info.html?code=212021050100378 HTTP/1.1" 200 62372
117.185.32.26 - - [02/May/2021:10:55:30 +0800] "GET /xingrg/all/common/auto_word.html?type=employee&rest_code=00106 HTTP/1.1" 200 205
117.185.32.26 - - [02/May/2021:10:55:30 +0800] "GET /xingrg/all/common/auto_word.html?type=employee&rest_code=00106 HTTP/1.1" 200 205
117.185.32.26 - - [02/May/2021:10:55:30 +0800] "GET /xingrg/javascript/easyui/themes/default/validatebox.css HTTP/1.1" 404 1104
120.253.135.82 - - [02/May/2021:10:55:31 +0800] "GET /xingrg/css/images/panel_loading.gif HTTP/1.1" 304 -
120.253.135.82 - - [02/May/2021:10:55:31 +0800] "POST /xingrg/all/common/load_combo.html?type=employee HTTP/1.1" 200 2013
101.85.52.2 - - [02/May/2021:10:55:32 +0800] "GET /xingrg/all/function/internal_message.html?_=1619924132565&CODE_STATE=getMsg HTTP/1.1" 200 27
117.185.32.26 - - [02/May/2021:10:55:36 +0800] "POST /xingrg/kc/buy/cgsh_order_operate.html HTTP/1.1" 200 58224
180.161.124.236 - - [02/May/2021:10:55:37 +0800] "GET /xingrg/all/function/internal_message.html?_=1619924422187&CODE_STATE=getMsg HTTP/1.1" 200 27
61.165.42.208 - - [02/May/2021:10:55:37 +0800] "GET /xingrg/kc/buy/cgsh_order_operate.html?command=get_materiel&rest_code=00105&code=00101010628&supplier_code=00100327&order_time=2021-05-02 HTTP/1.1" 200 412
124.77.71.179 - - [02/May/2021:10:55:37 +0800] "GET /xingrg/kc/buy/cgsh_order_operate.html?command=get_materiel&rest_code=00107&code=00101010551&supplier_code=00100323&order_time=2021-05-02 HTTP/1.1" 200 405
120.253.135.82 - - [02/May/2021:10:55:40 +0800] "GET /xingrg/all/function/internal_message.html?_=1619923920899&CODE_STATE=getMsg HTTP/1.1" 200 27
120.253.135.82 - - [02/May/2021:10:55:41 +0800] "GET /xingrg/kc/buy/cgsh_order_operate.html?command=get_materiel&rest_code=00101&code=00101036002&supplier_code=00100373&order_time=2021-05-02 HTTP/1.1" 200 439
61.165.42.208 - - [02/May/2021:10:55:44 +0800] "GET /xingrg/kc/buy/cgsh_order_operate.html?command=get_materiel&rest_code=00105&code=00101010143&supplier_code=00100327&order_time=2021-05-02 HTTP/1.1" 200 413
116.230.110.80 - - [02/May/2021:10:55:45 +0800] "GET /xingrg/all/function/internal_message.html?_=1619924144848&CODE_STATE=getMsg HTTP/1.1" 200 27
116.230.110.80 - - [02/May/2021:10:55:46 +0800] "GET /xingrg/check_reg.html?_=1619924146038 HTTP/1.1" 200 22
183.192.164.97 - - [02/May/2021:10:55:51 +0800] "GET /xingrg/all/function/internal_message.html?_=1619924087036&CODE_STATE=getMsg HTTP/1.1" 302 -
183.192.164.97 - - [02/May/2021:10:55:52 +0800] "GET /xingrg/login.html HTTP/1.1" 200 7641
61.165.42.208 - - [02/May/2021:10:55:54 +0800] "GET /xingrg/kc/buy/cgsh_order_operate.html?command=get_materiel&rest_code=00105&code=00101010085&supplier_code=00100327&order_time=2021-05-02 HTTP/1.1" 200 429
117.185.32.26 - - [02/May/2021:10:55:56 +0800] "POST /xingrg/kc/buy/cgsh_order_operate.html HTTP/1.1" 200 37
116.224.253.72 - - [02/May/2021:10:55:56 +0800] "GET /xingrg/check_reg.html?_=1619924156433 HTTP/1.1" 200 22
116.224.253.72 - - [02/May/2021:10:55:57 +0800] "GET /xingrg/all/function/internal_message.html?_=1619924156618&CODE_STATE=getMsg HTTP/1.1" 200 27
117.185.32.26 - - [02/May/2021:10:55:59 +0800] "POST /xingrg/kc/buy/cgsh_order_operate.html HTTP/1.1" 200 12
117.185.32.26 - - [02/May/2021:10:56:00 +0800] "GET /xingrg/kc/buy/cgsh_order_info.html?code=212021050100378 HTTP/1.1" 200 57267
120.253.135.82 - - [02/May/2021:10:56:00 +0800] "GET /xingrg/kc/buy/cgsh_order_operate.html?command=get_materiel&rest_code=00101&code=00101036003&supplier_code=00100373&order_time=2021-05-02 HTTP/1.1" 200 440
58.40.7.146 - - [02/May/2021:10:56:01 +0800] "GET /xingrg/all/function/internal_message.html?_=1619924161017&CODE_STATE=getMsg HTTP/1.1" 200 27
117.185.32.26 - - [02/May/2021:10:56:01 +0800] "GET /xingrg/javascript/easyui/themes/default/validatebox.css HTTP/1.1" 404 1104
58.40.7.146 - - [02/May/2021:10:56:01 +0800] "GET /xingrg/check_reg.html?_=1619924161237 HTTP/1.1" 200 22
117.185.32.26 - - [02/May/2021:10:56:02 +0800] "POST /xingrg/kc/buy/cgsh_order_operate.html HTTP/1.1" 200 56161
61.165.42.208 - - [02/May/2021:10:56:03 +0800] "POST /xingrg/kc/buy/cgsh_order_operate.html HTTP/1.1" 200 37
172.20.0.100 - - [02/May/2021:10:56:04 +0800] "GET /xingrg/all/function/internal_message.html?_=1619924164685&CODE_STATE=getMsg HTTP/1.1" 200 27
61.165.42.208 - - [02/May/2021:10:56:04 +0800] "POST /xingrg/kc/buy/cgsh_order_operate.html HTTP/1.1" 200 4465
117.185.32.26 - - [02/May/2021:10:56:05 +0800] "POST /xingrg/kc/buy/cgsh_list_operate.html HTTP/1.1" 200 1699
61.165.42.208 - - [02/May/2021:10:56:05 +0800] "GET /xingrg/kc/print/load_data.html?order_code=212021050200659&kc_code=cgsh&condition= HTTP/1.1" 200 1374
61.165.42.208 - - [02/May/2021:10:56:08 +0800] "GET /xingrg/all/function/internal_message.html?_=1619924169769&CODE_STATE=getMsg HTTP/1.1" 200 27
61.165.42.208 - - [02/May/2021:10:56:09 +0800] "GET /xingrg/kc/buy/cgsh_order_add.html HTTP/1.1" 200 62404
61.165.42.208 - - [02/May/2021:10:56:09 +0800] "GET /xingrg/words/20210501105541_words.js HTTP/1.1" 304 -
61.165.42.208 - - [02/May/2021:10:56:09 +0800] "POST /xingrg/kc/buy/cgsh_order_operate.html HTTP/1.1" 200 8245
61.165.42.208 - - [02/May/2021:10:56:09 +0800] "GET /xingrg/javascript/easyui/themes/default/validatebox.css HTTP/1.1" 404 1104
117.184.7.26 - - [02/May/2021:10:56:09 +0800] "GET /xingrg/all/function/internal_message.html?_=1619924169278&CODE_STATE=getMsg HTTP/1.1" 200 27
114.88.160.164 - - [02/May/2021:10:56:10 +0800] "GET /xingrg/all/function/internal_message.html?_=1619924167950&CODE_STATE=getMsg HTTP/1.1" 200 27
120.253.135.82 - - [02/May/2021:10:56:12 +0800] "POST /xingrg/kc/buy/cgsh_order_operate.html HTTP/1.1" 200 37
180.162.112.86 - - [02/May/2021:10:56:13 +0800] "GET /xingrg/all/function/internal_message.html?_=1619923917058&CODE_STATE=getMsg HTTP/1.1" 200 27
120.253.135.82 - - [02/May/2021:10:56:13 +0800] "POST /xingrg/kc/buy/cgsh_order_operate.html HTTP/1.1" 200 3256
120.253.135.82 - - [02/May/2021:10:56:15 +0800] "GET /xingrg/kc/print/load_data.html?order_code=212021050200660&kc_code=cgsh&condition= HTTP/1.1" 200 924
124.77.71.179 - - [02/May/2021:10:56:18 +0800] "GET /xingrg/check_reg.html?_=1619924179308 HTTP/1.1" 200 22
124.77.71.179 - - [02/May/2021:10:56:19 +0800] "GET /xingrg/all/function/internal_message.html?_=1619924180544&CODE_STATE=getMsg HTTP/1.1" 200 27
180.169.147.146 - - [02/May/2021:10:56:20 +0800] "GET /xingrg/all/function/internal_message.html?_=1619924173180&CODE_STATE=getMsg HTTP/1.1" 200 27
61.165.42.208 - - [02/May/2021:10:56:21 +0800] "GET /xingrg/kc/buy/cgsh_order_operate.html?command=get_materiel&rest_code=00105&code=00101010567&supplier_code=00100326&order_time=2021-05-02 HTTP/1.1" 200 399
117.185.32.26 - - [02/May/2021:10:56:22 +0800] "GET /xingrg/all/function/internal_message.html?_=1619924177409&CODE_STATE=getMsg HTTP/1.1" 200 27
116.232.54.167 - - [02/May/2021:10:56:24 +0800] "GET /xingrg/all/function/internal_message.html?_=1619924185032&CODE_STATE=getMsg HTTP/1.1" 200 27
61.165.42.208 - - [02/May/2021:10:56:32 +0800] "GET /xingrg/kc/buy/cgsh_order_operate.html?command=get_materiel&rest_code=00105&code=00101006053&supplier_code=00100326&order_time=2021-05-02 HTTP/1.1" 200 423
101.85.52.2 - - [02/May/2021:10:56:32 +0800] "GET /xingrg/all/function/internal_message.html?_=1619924192577&CODE_STATE=getMsg HTTP/1.1" 200 27
180.161.124.236 - - [02/May/2021:10:56:37 +0800] "GET /xingrg/all/function/internal_message.html?_=1619924482201&CODE_STATE=getMsg HTTP/1.1" 200 27
120.253.135.82 - - [02/May/2021:10:56:40 +0800] "GET /xingrg/all/function/internal_message.html?_=1619923980932&CODE_STATE=getMsg HTTP/1.1" 200 27
116.230.110.80 - - [02/May/2021:10:56:45 +0800] "GET /xingrg/all/function/internal_message.html?_=1619924204824&CODE_STATE=getMsg HTTP/1.1" 200 27
61.165.42.208 - - [02/May/2021:10:56:45 +0800] "GET /xingrg/kc/buy/cgsh_order_operate.html?command=get_materiel&rest_code=00105&code=00101010501&supplier_code=00100326&order_time=2021-05-02 HTTP/1.1" 200 396
61.165.42.208 - - [02/May/2021:10:56:50 +0800] "POST /xingrg/kc/buy/cgsh_order_operate.html HTTP/1.1" 200 37
61.165.42.208 - - [02/May/2021:10:56:52 +0800] "POST /xingrg/kc/buy/cgsh_order_operate.html HTTP/1.1" 200 3849
124.77.71.179 - - [02/May/2021:10:56:55 +0800] "POST /xingrg/kc/buy/cgsh_order_operate.html HTTP/1.1" 200 37
61.165.42.208 - - [02/May/2021:10:56:55 +0800] "GET /xingrg/kc/print/load_data.html?order_code=212021050200661&kc_code=cgsh&condition= HTTP/1.1" 200 1141
116.224.253.72 - - [02/May/2021:10:56:57 +0800] "GET /xingrg/all/function/internal_message.html?_=1619924216631&CODE_STATE=getMsg HTTP/1.1" 200 27
61.165.42.208 - - [02/May/2021:10:56:58 +0800] "GET /xingrg/kc/buy/cgsh_order_add.html HTTP/1.1" 200 62404
61.165.42.208 - - [02/May/2021:10:56:59 +0800] "GET /xingrg/javascript/easyui/themes/default/validatebox.css HTTP/1.1" 404 1104
61.165.42.208 - - [02/May/2021:10:56:59 +0800] "POST /xingrg/kc/buy/cgsh_order_operate.html HTTP/1.1" 200 8245
124.77.71.179 - - [02/May/2021:10:56:59 +0800] "POST /xingrg/kc/buy/cgsh_order_operate.html HTTP/1.1" 200 9248
58.40.7.146 - - [02/May/2021:10:57:01 +0800] "GET /xingrg/all/function/internal_message.html?_=1619924220990&CODE_STATE=getMsg HTTP/1.1" 200 27
172.20.0.100 - - [02/May/2021:10:57:04 +0800] "GET /xingrg/all/function/internal_message.html?_=1619924224687&CODE_STATE=getMsg HTTP/1.1" 200 27
61.165.42.208 - - [02/May/2021:10:57:08 +0800] "GET /xingrg/all/function/internal_message.html?_=1619924229740&CODE_STATE=getMsg HTTP/1.1" 200 27
61.165.42.208 - - [02/May/2021:10:57:08 +0800] "GET /xingrg/kc/buy/cgsh_order_operate.html?command=get_materiel&rest_code=00105&code=00101002006&supplier_code=00100091&order_time=2021-05-02 HTTP/1.1" 200 414
117.184.7.26 - - [02/May/2021:10:57:09 +0800] "GET /xingrg/all/function/internal_message.html?_=1619924229278&CODE_STATE=getMsg HTTP/1.1" 200 27
114.88.160.164 - - [02/May/2021:10:57:10 +0800] "GET /xingrg/all/function/internal_message.html?_=1619924228217&CODE_STATE=getMsg HTTP/1.1" 200 27
180.162.112.86 - - [02/May/2021:10:57:13 +0800] "GET /xingrg/all/function/internal_message.html?_=1619923977028&CODE_STATE=getMsg HTTP/1.1" 200 27
120.253.135.82 - - [02/May/2021:10:57:16 +0800] "POST /xingrg/kc/buy/cgsh_order_operate.html HTTP/1.1" 200 37
124.77.71.179 - - [02/May/2021:10:57:17 +0800] "POST /xingrg/kc/buy/cgsh_order_operate.html HTTP/1.1" 200 37
124.77.71.179 - - [02/May/2021:10:57:18 +0800] "POST /xingrg/kc/buy/cgsh_order_operate.html HTTP/1.1" 200 9248
61.165.42.208 - - [02/May/2021:10:57:19 +0800] "GET /xingrg/kc/buy/cgsh_order_operate.html?command=get_materiel&rest_code=00105&code=00101002034&supplier_code=00100091&order_time=2021-05-02 HTTP/1.1" 200 409
124.77.71.179 - - [02/May/2021:10:57:19 +0800] "GET /xingrg/all/function/internal_message.html?_=1619924240519&CODE_STATE=getMsg HTTP/1.1" 200 27
180.169.147.146 - - [02/May/2021:10:57:20 +0800] "GET /xingrg/all/function/internal_message.html?_=1619924233161&CODE_STATE=getMsg HTTP/1.1" 200 27
120.253.135.82 - - [02/May/2021:10:57:21 +0800] "POST /xingrg/kc/buy/cgsh_order_operate.html HTTP/1.1" 200 12
117.185.32.26 - - [02/May/2021:10:57:22 +0800] "GET /xingrg/all/function/internal_message.html?_=1619924237394&CODE_STATE=getMsg HTTP/1.1" 200 27
124.77.71.179 - - [02/May/2021:10:57:22 +0800] "GET /xingrg/kc/print/load_data.html?order_code=212021050200662&kc_code=cgsh&condition= HTTP/1.1" 200 3207
120.253.135.82 - - [02/May/2021:10:57:23 +0800] "GET /xingrg/kc/buy/cgsh_order_info.html?code=212021050200660 HTTP/1.1" 200 56326
120.253.135.82 - - [02/May/2021:10:57:24 +0800] "GET /xingrg/javascript/easyui/themes/default/validatebox.css HTTP/1.1" 404 1104
120.253.135.82 - - [02/May/2021:10:57:24 +0800] "POST /xingrg/kc/buy/cgsh_order_operate.html HTTP/1.1" 200 1206
116.232.54.167 - - [02/May/2021:10:57:24 +0800] "GET /xingrg/all/function/internal_message.html?_=1619924245031&CODE_STATE=getMsg HTTP/1.1" 200 27
61.165.42.208 - - [02/May/2021:10:57:26 +0800] "GET /xingrg/kc/buy/cgsh_order_operate.html?command=get_materiel&rest_code=00105&code=00101003062&supplier_code=00100091&order_time=2021-05-02 HTTP/1.1" 200 401
120.253.135.82 - - [02/May/2021:10:57:27 +0800] "POST /xingrg/kc/buy/cgsh_list_operate.html HTTP/1.1" 200 876
120.253.135.82 - - [02/May/2021:10:57:29 +0800] "GET /xingrg/kc/buy/cgsh_order_add.html HTTP/1.1" 200 61417
120.253.135.82 - - [02/May/2021:10:57:29 +0800] "POST /xingrg/kc/buy/cgsh_order_operate.html HTTP/1.1" 200 8245
124.77.71.179 - - [02/May/2021:10:57:29 +0800] "GET /xingrg/kc/buy/cgsh_order_add.html HTTP/1.1" 200 62445
120.253.135.82 - - [02/May/2021:10:57:29 +0800] "GET /xingrg/javascript/easyui/themes/default/validatebox.css HTTP/1.1" 404 1104
124.77.71.179 - - [02/May/2021:10:57:30 +0800] "GET /xingrg/javascript/easyui/themes/default/validatebox.css HTTP/1.1" 404 1104
124.77.71.179 - - [02/May/2021:10:57:30 +0800] "POST /xingrg/kc/buy/cgsh_order_operate.html HTTP/1.1" 200 8245
124.77.71.179 - - [02/May/2021:10:57:32 +0800] "GET /xingrg/javascript/easyui/themes/default/tree.css HTTP/1.1" 404 1090
124.77.71.179 - - [02/May/2021:10:57:32 +0800] "POST /xingrg/all/common/load_tree.html?tree=supplier_tree_json&isDelete=1 HTTP/1.1" 200 55318
101.85.52.2 - - [02/May/2021:10:57:32 +0800] "GET /xingrg/all/function/internal_message.html?_=1619924252583&CODE_STATE=getMsg HTTP/1.1" 200 27
180.161.124.236 - - [02/May/2021:10:57:37 +0800] "GET /xingrg/all/function/internal_message.html?_=1619924542214&CODE_STATE=getMsg HTTP/1.1" 200 27
120.253.135.82 - - [02/May/2021:10:57:39 +0800] "POST /xingrg/all/common/load_combo.html?type=employee HTTP/1.1" 200 2013
120.253.135.82 - - [02/May/2021:10:57:40 +0800] "GET /xingrg/all/function/internal_message.html?_=1619924040947&CODE_STATE=getMsg HTTP/1.1" 200 27
116.230.110.80 - - [02/May/2021:10:57:45 +0800] "GET /xingrg/all/function/internal_message.html?_=1619924264808&CODE_STATE=getMsg HTTP/1.1" 200 27
61.165.42.208 - - [02/May/2021:10:57:48 +0800] "POST /xingrg/kc/buy/cgsh_order_operate.html HTTP/1.1" 200 37
61.165.42.208 - - [02/May/2021:10:57:49 +0800] "POST /xingrg/kc/buy/cgsh_order_operate.html HTTP/1.1" 200 3851
61.165.42.208 - - [02/May/2021:10:57:51 +0800] "GET /xingrg/kc/print/load_data.html?order_code=212021050200663&kc_code=cgsh&condition= HTTP/1.1" 200 1201
61.165.42.208 - - [02/May/2021:10:57:54 +0800] "GET /xingrg/kc/buy/cgsh_order_add.html HTTP/1.1" 200 62404
61.165.42.208 - - [02/May/2021:10:57:54 +0800] "GET /xingrg/javascript/easyui/themes/default/validatebox.css HTTP/1.1" 404 1104
61.165.42.208 - - [02/May/2021:10:57:54 +0800] "POST /xingrg/kc/buy/cgsh_order_operate.html HTTP/1.1" 200 8245
114.88.160.164 - - [02/May/2021:10:57:55 +0800] "GET /xingrg/kc/buy/cgsh_order_add.html HTTP/1.1" 200 62357
114.88.160.164 - - [02/May/2021:10:57:56 +0800] "POST /xingrg/kc/buy/cgsh_order_operate.html HTTP/1.1" 200 8245
114.88.160.164 - - [02/May/2021:10:57:56 +0800] "GET /xingrg/javascript/easyui/themes/default/validatebox.css HTTP/1.1" 404 1104
116.224.253.72 - - [02/May/2021:10:57:57 +0800] "GET /xingrg/all/function/internal_message.html?_=1619924276644&CODE_STATE=getMsg HTTP/1.1" 200 27
58.40.7.146 - - [02/May/2021:10:58:01 +0800] "GET /xingrg/all/function/internal_message.html?_=1619924280961&CODE_STATE=getMsg HTTP/1.1" 200 27
172.20.0.100 - - [02/May/2021:10:58:04 +0800] "GET /xingrg/all/function/internal_message.html?_=1619924284690&CODE_STATE=getMsg HTTP/1.1" 200 27
61.165.42.208 - - [02/May/2021:10:58:05 +0800] "GET /xingrg/kc/buy/cgsh_order_operate.html?command=get_materiel&rest_code=00105&code=00101001060&supplier_code=00100442&order_time=2021-05-02 HTTP/1.1" 200 421
124.77.71.179 - - [02/May/2021:10:58:07 +0800] "GET /xingrg/kc/buy/cgsh_order_operate.html?command=get_materiel&rest_code=00107&code=00101007144&supplier_code=00100322&order_time=2021-05-02 HTTP/1.1" 200 428
61.165.42.208 - - [02/May/2021:10:58:08 +0800] "GET /xingrg/check_reg.html?_=1619924289739 HTTP/1.1" 200 22
61.165.42.208 - - [02/May/2021:10:58:08 +0800] "GET /xingrg/all/function/internal_message.html?_=1619924289742&CODE_STATE=getMsg HTTP/1.1" 200 27
117.184.7.26 - - [02/May/2021:10:58:09 +0800] "GET /xingrg/all/function/internal_message.html?_=1619924289278&CODE_STATE=getMsg HTTP/1.1" 200 27
114.88.160.164 - - [02/May/2021:10:58:10 +0800] "GET /xingrg/all/function/internal_message.html?_=1619924288227&CODE_STATE=getMsg HTTP/1.1" 200 27
116.230.114.112 - - [02/May/2021:10:58:10 +0800] "POST /xingrg/kc/buy/cgsh_order_operate.html HTTP/1.1" 200 40500
180.162.112.86 - - [02/May/2021:10:58:13 +0800] "GET /xingrg/all/function/internal_message.html?_=1619924037004&CODE_STATE=getMsg HTTP/1.1" 200 27
124.77.71.179 - - [02/May/2021:10:58:16 +0800] "POST /xingrg/kc/buy/cgsh_order_operate.html HTTP/1.1" 200 37
61.165.42.208 - - [02/May/2021:10:58:18 +0800] "GET /xingrg/kc/buy/cgsh_order_operate.html?command=get_materiel&rest_code=00105&code=00101002007&supplier_code=00100442&order_time=2021-05-02 HTTP/1.1" 200 409
114.88.160.164 - - [02/May/2021:10:58:19 +0800] "GET /xingrg/kc/buy/cgsh_order_operate.html?command=get_materiel&rest_code=00111&code=00101010161&supplier_code=00100042&order_time=2021-05-02 HTTP/1.1" 200 409
124.77.71.179 - - [02/May/2021:10:58:19 +0800] "GET /xingrg/all/function/internal_message.html?_=1619924300489&CODE_STATE=getMsg HTTP/1.1" 200 27
124.77.71.179 - - [02/May/2021:10:58:19 +0800] "POST /xingrg/kc/buy/cgsh_order_operate.html HTTP/1.1" 200 2679
180.169.147.146 - - [02/May/2021:10:58:20 +0800] "GET /xingrg/all/function/internal_message.html?_=1619924293134&CODE_STATE=getMsg HTTP/1.1" 200 27
124.77.71.179 - - [02/May/2021:10:58:21 +0800] "GET /xingrg/kc/print/load_data.html?order_code=212021050200664&kc_code=cgsh&condition= HTTP/1.1" 200 682
117.185.32.26 - - [02/May/2021:10:58:22 +0800] "GET /xingrg/all/function/internal_message.html?_=1619924297395&CODE_STATE=getMsg HTTP/1.1" 200 27
120.253.135.82 - - [02/May/2021:10:58:23 +0800] "POST /xingrg/kc/buy/cgsh_order_operate.html HTTP/1.1" 200 37
120.253.135.82 - - [02/May/2021:10:58:24 +0800] "POST /xingrg/kc/buy/cgsh_order_operate.html HTTP/1.1" 200 3256
116.232.54.167 - - [02/May/2021:10:58:24 +0800] "GET /xingrg/all/function/internal_message.html?_=1619924305034&CODE_STATE=getMsg HTTP/1.1" 200 27
120.253.135.82 - - [02/May/2021:10:58:26 +0800] "GET /xingrg/kc/print/load_data.html?order_code=212021050200665&kc_code=cgsh&condition= HTTP/1.1" 200 931
124.77.71.179 - - [02/May/2021:10:58:28 +0800] "GET /xingrg/kc/buy/cgsh_order_add.html HTTP/1.1" 200 62445
124.77.71.179 - - [02/May/2021:10:58:29 +0800] "GET /xingrg/javascript/easyui/themes/default/validatebox.css HTTP/1.1" 404 1104
124.77.71.179 - - [02/May/2021:10:58:29 +0800] "POST /xingrg/kc/buy/cgsh_order_operate.html HTTP/1.1" 200 8245
114.88.160.164 - - [02/May/2021:10:58:31 +0800] "GET /xingrg/kc/buy/cgsh_order_operate.html?command=get_materiel&rest_code=00111&code=00101005037&supplier_code=00100042&order_time=2021-05-02 HTTP/1.1" 200 409
101.85.52.2 - - [02/May/2021:10:58:32 +0800] "GET /xingrg/check_reg.html?_=1619924312589 HTTP/1.1" 200 22
101.85.52.2 - - [02/May/2021:10:58:32 +0800] "GET /xingrg/all/function/internal_message.html?_=1619924312595&CODE_STATE=getMsg HTTP/1.1" 200 27
124.77.71.179 - - [02/May/2021:10:58:32 +0800] "GET /xingrg/javascript/easyui/themes/default/tree.css HTTP/1.1" 404 1090
124.77.71.179 - - [02/May/2021:10:58:32 +0800] "POST /xingrg/all/common/load_tree.html?tree=supplier_tree_json&isDelete=1 HTTP/1.1" 200 55318
180.161.124.236 - - [02/May/2021:10:58:37 +0800] "GET /xingrg/all/function/internal_message.html?_=1619924602228&CODE_STATE=getMsg HTTP/1.1" 200 27
61.165.42.208 - - [02/May/2021:10:58:39 +0800] "POST /xingrg/kc/buy/cgsh_order_operate.html HTTP/1.1" 200 37
120.253.135.82 - - [02/May/2021:10:58:39 +0800] "POST /xingrg/kc/buy/cgsh_order_operate.html HTTP/1.1" 200 37
120.253.135.82 - - [02/May/2021:10:58:40 +0800] "GET /xingrg/check_reg.html?_=1619924100956 HTTP/1.1" 200 22
120.253.135.82 - - [02/May/2021:10:58:40 +0800] "GET /xingrg/all/function/internal_message.html?_=1619924100957&CODE_STATE=getMsg HTTP/1.1" 200 27
61.165.42.208 - - [02/May/2021:10:58:40 +0800] "POST /xingrg/kc/buy/cgsh_order_operate.html HTTP/1.1" 200 3257
61.165.42.208 - - [02/May/2021:10:58:41 +0800] "GET /xingrg/kc/print/load_data.html?order_code=212021050200666&kc_code=cgsh&condition= HTTP/1.1" 200 907
120.253.135.82 - - [02/May/2021:10:58:42 +0800] "POST /xingrg/kc/buy/cgsh_order_operate.html HTTP/1.1" 200 12
120.253.135.82 - - [02/May/2021:10:58:43 +0800] "GET /xingrg/kc/buy/cgsh_order_info.html?code=212021050200665 HTTP/1.1" 200 56326
120.253.135.82 - - [02/May/2021:10:58:43 +0800] "GET /xingrg/javascript/easyui/themes/default/validatebox.css HTTP/1.1" 404 1104
120.253.135.82 - - [02/May/2021:10:58:44 +0800] "POST /xingrg/kc/buy/cgsh_order_operate.html HTTP/1.1" 200 1206
116.230.110.80 - - [02/May/2021:10:58:45 +0800] "GET /xingrg/all/function/internal_message.html?_=1619924324782&CODE_STATE=getMsg HTTP/1.1" 200 27
61.165.42.208 - - [02/May/2021:10:58:45 +0800] "GET /xingrg/kc/buy/cgsh_order_add.html HTTP/1.1" 200 62404
61.165.42.208 - - [02/May/2021:10:58:46 +0800] "POST /xingrg/kc/buy/cgsh_order_operate.html HTTP/1.1" 200 8245
61.165.42.208 - - [02/May/2021:10:58:46 +0800] "GET /xingrg/javascript/easyui/themes/default/validatebox.css HTTP/1.1" 404 1104
114.88.160.164 - - [02/May/2021:10:58:53 +0800] "GET /xingrg/kc/buy/cgsh_order_operate.html?command=get_materiel&rest_code=00111&code=00101003025&supplier_code=00100042&order_time=2021-05-02 HTTP/1.1" 200 409
116.224.253.72 - - [02/May/2021:10:58:57 +0800] "GET /xingrg/all/function/internal_message.html?_=1619924336663&CODE_STATE=getMsg HTTP/1.1" 200 27
58.40.7.146 - - [02/May/2021:10:59:01 +0800] "GET /xingrg/all/function/internal_message.html?_=1619924340936&CODE_STATE=getMsg HTTP/1.1" 200 27
116.230.114.112 - - [02/May/2021:10:59:01 +0800] "GET /xingrg/all/function/internal_message.html?_=1619924342875&CODE_STATE=getMsg HTTP/1.1" 200 27
61.165.42.208 - - [02/May/2021:10:59:02 +0800] "GET /xingrg/kc/buy/cgsh_order_operate.html?command=get_materiel&rest_code=00105&code=00101016009&supplier_code=00100323&order_time=2021-05-02 HTTP/1.1" 200 419
114.88.160.164 - - [02/May/2021:10:59:03 +0800] "GET /xingrg/kc/buy/cgsh_order_operate.html?command=get_materiel&rest_code=00111&code=00101001053&supplier_code=00100042&order_time=2021-05-02 HTTP/1.1" 200 409
172.20.0.100 - - [02/May/2021:10:59:04 +0800] "GET /xingrg/all/function/internal_message.html?_=1619924344694&CODE_STATE=getMsg HTTP/1.1" 200 27
61.165.42.208 - - [02/May/2021:10:59:08 +0800] "GET /xingrg/all/function/internal_message.html?_=1619924349761&CODE_STATE=getMsg HTTP/1.1" 200 27
114.88.160.164 - - [02/May/2021:10:59:08 +0800] "GET /xingrg/check_reg.html?_=1619924346588 HTTP/1.1" 200 22
117.184.7.26 - - [02/May/2021:10:59:09 +0800] "GET /xingrg/all/function/internal_message.html?_=1619924349278&CODE_STATE=getMsg HTTP/1.1" 200 27
114.88.160.164 - - [02/May/2021:10:59:10 +0800] "GET /xingrg/all/function/internal_message.html?_=1619924348242&CODE_STATE=getMsg HTTP/1.1" 200 27
180.162.112.86 - - [02/May/2021:10:59:11 +0800] "GET /xingrg/check_reg.html?_=1619924095276 HTTP/1.1" 200 22
180.162.112.86 - - [02/May/2021:10:59:13 +0800] "GET /xingrg/all/function/internal_message.html?_=1619924096979&CODE_STATE=getMsg HTTP/1.1" 200 27
114.88.160.164 - - [02/May/2021:10:59:15 +0800] "GET /xingrg/kc/buy/cgsh_order_operate.html?command=get_materiel&rest_code=00111&code=00101001060&supplier_code=00100042&order_time=2021-05-02 HTTP/1.1" 200 419
120.253.135.82 - - [02/May/2021:10:59:16 +0800] "POST /xingrg/kc/buy/cgsh_list_operate.html HTTP/1.1" 200 876
124.77.71.179 - - [02/May/2021:10:59:17 +0800] "GET /xingrg/kc/buy/cgsh_order_operate.html?command=get_materiel&rest_code=00107&code=00101003006&supplier_code=00100092&order_time=2021-05-02 HTTP/1.1" 200 412
120.253.135.82 - - [02/May/2021:10:59:18 +0800] "GET /xingrg/css/blue.css HTTP/1.1" 304 -
120.253.135.82 - - [02/May/2021:10:59:18 +0800] "GET /xingrg/kc/report/report_main.html HTTP/1.1" 200 9370
120.253.135.82 - - [02/May/2021:10:59:18 +0800] "GET /xingrg/javascript/myfunction.js HTTP/1.1" 304 -
120.253.135.82 - - [02/May/2021:10:59:18 +0800] "GET /xingrg/javascript/jquery_ui/themes/humanity/humanity.css HTTP/1.1" 304 -
120.253.135.82 - - [02/May/2021:10:59:18 +0800] "GET /xingrg/javascript/jquery_easy_ui/themes/icons/back_new.png HTTP/1.1" 304 -
120.253.135.82 - - [02/May/2021:10:59:19 +0800] "GET /xingrg/kc/base/kc_stocks.html HTTP/1.1" 200 16380
120.253.135.82 - - [02/May/2021:10:59:19 +0800] "GET /xingrg/javascript/easyui/themes/sunny/easyui.css HTTP/1.1" 304 -
120.253.135.82 - - [02/May/2021:10:59:19 +0800] "GET /xingrg/javascript/easyui/themes/icons/print_new.png HTTP/1.1" 304 -
120.253.135.82 - - [02/May/2021:10:59:19 +0800] "GET /xingrg/javascript/easyui/themes/icons/refresh_new.png HTTP/1.1" 304 -
120.253.135.82 - - [02/May/2021:10:59:19 +0800] "GET /xingrg/javascript/easyui/themes/icons/filter_new.png HTTP/1.1" 304 -
124.77.71.179 - - [02/May/2021:10:59:19 +0800] "GET /xingrg/all/function/internal_message.html?_=1619924360462&CODE_STATE=getMsg HTTP/1.1" 200 27
120.253.135.82 - - [02/May/2021:10:59:19 +0800] "GET /xingrg/javascript/easyui/plugins/jquery.draggable.js HTTP/1.1" 304 -
120.253.135.82 - - [02/May/2021:10:59:19 +0800] "GET /xingrg/all/common/auto_word.html?type=base&rest_code=00101 HTTP/1.1" 200 613
120.253.135.82 - - [02/May/2021:10:59:19 +0800] "GET /xingrg/javascript/easyui/plugins/jquery.droppable.js HTTP/1.1" 304 -
120.253.135.82 - - [02/May/2021:10:59:19 +0800] "GET /xingrg/javascript/easyui/themes/default/tree.css HTTP/1.1" 404 1090
120.253.135.82 - - [02/May/2021:10:59:19 +0800] "GET /xingrg/javascript/easyui/plugins/jquery.tree.js HTTP/1.1" 304 -
120.253.135.82 - - [02/May/2021:10:59:19 +0800] "POST /xingrg/all/common/load_tree.html?tree=materiel_sort_tree_json HTTP/1.1" 200 8666
61.165.42.208 - - [02/May/2021:10:59:19 +0800] "GET /xingrg/kc/buy/cgsh_order_operate.html?command=get_materiel&rest_code=00105&code=00101004019&supplier_code=00100323&order_time=2021-05-02 HTTP/1.1" 200 413
120.253.135.82 - - [02/May/2021:10:59:19 +0800] "GET /xingrg/javascript/easyui/themes/sunny/images/tree_arrows.gif HTTP/1.1" 304 -
120.253.135.82 - - [02/May/2021:10:59:19 +0800] "GET /xingrg/javascript/easyui/themes/sunny/images/tree_folder_open.gif HTTP/1.1" 304 -
120.253.135.82 - - [02/May/2021:10:59:19 +0800] "GET /xingrg/javascript/easyui/themes/sunny/images/tree_file.gif HTTP/1.1" 304 -
120.253.135.82 - - [02/May/2021:10:59:19 +0800] "GET /xingrg/javascript/easyui/themes/sunny/images/tree_folder.gif HTTP/1.1" 304 -
180.169.147.146 - - [02/May/2021:10:59:20 +0800] "GET /xingrg/all/function/internal_message.html?_=1619924353113&CODE_STATE=getMsg HTTP/1.1" 200 27
120.253.135.82 - - [02/May/2021:10:59:21 +0800] "POST /xingrg/all/common/load_combo.html?type=base HTTP/1.1" 200 1075
117.185.32.26 - - [02/May/2021:10:59:22 +0800] "GET /xingrg/all/function/internal_message.html?_=1619924357393&CODE_STATE=getMsg HTTP/1.1" 200 27
116.232.54.167 - - [02/May/2021:10:59:24 +0800] "GET /xingrg/all/function/internal_message.html?_=1619924365037&CODE_STATE=getMsg HTTP/1.1" 200 27
116.232.54.167 - - [02/May/2021:10:59:24 +0800] "GET /xingrg/check_reg.html?_=1619924365037 HTTP/1.1" 200 22
114.88.160.164 - - [02/May/2021:10:59:25 +0800] "GET /xingrg/kc/buy/cgsh_order_operate.html?command=get_materiel&rest_code=00111&code=00101001111&supplier_code=00100042&order_time=2021-05-02 HTTP/1.1" 200 409
120.253.135.82 - - [02/May/2021:10:59:28 +0800] "POST /xingrg/kc/base/stock_operate.html HTTP/1.1" 200 1719
120.253.135.82 - - [02/May/2021:10:59:28 +0800] "GET /xingrg/javascript/jquery_tools/fix_table.js HTTP/1.1" 304 -
101.85.52.2 - - [02/May/2021:10:59:32 +0800] "GET /xingrg/all/function/internal_message.html?_=1619924372573&CODE_STATE=getMsg HTTP/1.1" 200 27
124.77.71.179 - - [02/May/2021:10:59:35 +0800] "POST /xingrg/kc/buy/cgsh_order_operate.html HTTP/1.1" 200 37
180.161.124.236 - - [02/May/2021:10:59:37 +0800] "GET /xingrg/check_reg.html?_=1619924662180 HTTP/1.1" 200 22
180.161.124.236 - - [02/May/2021:10:59:37 +0800] "GET /xingrg/all/function/internal_message.html?_=1619924662241&CODE_STATE=getMsg HTTP/1.1" 200 27
114.88.160.164 - - [02/May/2021:10:59:37 +0800] "POST /xingrg/kc/buy/cgsh_order_operate.html HTTP/1.1" 200 37
124.77.71.179 - - [02/May/2021:10:59:37 +0800] "POST /xingrg/kc/buy/cgsh_order_operate.html HTTP/1.1" 200 2660
61.165.42.208 - - [02/May/2021:10:59:38 +0800] "GET /xingrg/kc/buy/cgsh_order_operate.html?command=get_materiel&rest_code=00105&code=00101010514&supplier_code=00100323&order_time=2021-05-02 HTTP/1.1" 200 414
124.77.71.179 - - [02/May/2021:10:59:39 +0800] "GET /xingrg/kc/print/load_data.html?order_code=212021050200667&kc_code=cgsh&condition= HTTP/1.1" 200 731
120.253.135.82 - - [02/May/2021:10:59:40 +0800] "GET /xingrg/all/function/internal_message.html?_=1619924160969&CODE_STATE=getMsg HTTP/1.1" 200 27
114.88.160.164 - - [02/May/2021:10:59:42 +0800] "POST /xingrg/kc/buy/cgsh_order_operate.html HTTP/1.1" 200 5610
124.77.71.179 - - [02/May/2021:10:59:43 +0800] "GET /xingrg/kc/buy/cgsh_order_add.html HTTP/1.1" 200 62445
124.77.71.179 - - [02/May/2021:10:59:44 +0800] "GET /xingrg/javascript/easyui/themes/default/validatebox.css HTTP/1.1" 404 1104
124.77.71.179 - - [02/May/2021:10:59:44 +0800] "POST /xingrg/kc/buy/cgsh_order_operate.html HTTP/1.1" 200 8245
114.88.160.164 - - [02/May/2021:10:59:45 +0800] "GET /xingrg/kc/print/load_data.html?order_code=212021050200668&kc_code=cgsh&condition= HTTP/1.1" 200 1820
116.230.110.80 - - [02/May/2021:10:59:45 +0800] "GET /xingrg/all/function/internal_message.html?_=1619924384765&CODE_STATE=getMsg HTTP/1.1" 200 27
180.169.147.146 - - [02/May/2021:10:59:45 +0800] "GET /xingrg/check_reg.html?_=1619924378090 HTTP/1.1" 200 22
124.77.71.179 - - [02/May/2021:10:59:46 +0800] "GET /xingrg/javascript/easyui/themes/default/tree.css HTTP/1.1" 404 1090
124.77.71.179 - - [02/May/2021:10:59:46 +0800] "POST /xingrg/all/common/load_tree.html?tree=supplier_tree_json&isDelete=1 HTTP/1.1" 200 55318
61.165.42.208 - - [02/May/2021:10:59:48 +0800] "GET /xingrg/kc/buy/cgsh_order_operate.html?command=get_materiel&rest_code=00105&code=00101010117&supplier_code=00100323&order_time=2021-05-02 HTTP/1.1" 200 421
116.224.253.72 - - [02/May/2021:10:59:57 +0800] "GET /xingrg/all/function/internal_message.html?_=1619924396672&CODE_STATE=getMsg HTTP/1.1" 200 27
114.88.160.164 - - [02/May/2021:11:00:00 +0800] "GET /xingrg/kc/buy/buy_main.html HTTP/1.1" 200 12412
114.88.160.164 - - [02/May/2021:11:00:00 +0800] "GET /xingrg/css/new_ie.css HTTP/1.1" 404 1036
58.40.7.146 - - [02/May/2021:11:00:01 +0800] "GET /xingrg/all/function/internal_message.html?_=1619924400907&CODE_STATE=getMsg HTTP/1.1" 200 27
114.88.160.164 - - [02/May/2021:11:00:01 +0800] "GET /xingrg/images/yd/bt.gif HTTP/1.1" 404 1040
61.165.42.208 - - [02/May/2021:11:00:01 +0800] "GET /xingrg/kc/buy/cgsh_order_operate.html?command=get_materiel&rest_code=00105&code=00101006185&supplier_code=00100323&order_time=2021-05-02 HTTP/1.1" 200 419
116.230.114.112 - - [02/May/2021:11:00:01 +0800] "GET /xingrg/check_reg.html?_=1619924402890 HTTP/1.1" 200 22
116.230.114.112 - - [02/May/2021:11:00:01 +0800] "GET /xingrg/all/function/internal_message.html?_=1619924403105&CODE_STATE=getMsg HTTP/1.1" 200 27
114.88.160.164 - - [02/May/2021:11:00:01 +0800] "GET /xingrg/kc/buy/cgsh_order_list.html HTTP/1.1" 200 46619
172.20.0.100 - - [02/May/2021:11:00:04 +0800] "GET /xingrg/all/function/internal_message.html?_=1619924404681&CODE_STATE=getMsg HTTP/1.1" 200 27
172.20.0.100 - - [02/May/2021:11:00:04 +0800] "GET /xingrg/check_reg.html?_=1619924404682 HTTP/1.1" 200 22
61.165.42.208 - - [02/May/2021:11:00:08 +0800] "GET /xingrg/all/function/internal_message.html?_=1619924409803&CODE_STATE=getMsg HTTP/1.1" 200 27
124.77.71.179 - - [02/May/2021:11:00:09 +0800] "GET /xingrg/kc/buy/cgsh_order_operate.html?command=get_materiel&rest_code=00107&code=00101007032&supplier_code=00100328&order_time=2021-05-02 HTTP/1.1" 200 413
117.184.7.26 - - [02/May/2021:11:00:09 +0800] "GET /xingrg/check_reg.html?_=1619924409278 HTTP/1.1" 200 22
117.184.7.26 - - [02/May/2021:11:00:09 +0800] "GET /xingrg/all/function/internal_message.html?_=1619924409281&CODE_STATE=getMsg HTTP/1.1" 200 27
114.88.160.164 - - [02/May/2021:11:00:10 +0800] "GET /xingrg/all/function/internal_message.html?_=1619924408254&CODE_STATE=getMsg HTTP/1.1" 200 27
180.162.112.86 - - [02/May/2021:11:00:13 +0800] "GET /xingrg/all/function/internal_message.html?_=1619924156964&CODE_STATE=getMsg HTTP/1.1" 200 27
124.77.71.179 - - [02/May/2021:11:00:17 +0800] "POST /xingrg/kc/buy/cgsh_order_operate.html HTTP/1.1" 200 37
180.169.147.146 - - [02/May/2021:11:00:20 +0800] "GET /xingrg/all/function/internal_message.html?_=1619924413111&CODE_STATE=getMsg HTTP/1.1" 200 27
124.77.71.179 - - [02/May/2021:11:00:21 +0800] "POST /xingrg/kc/buy/cgsh_order_operate.html HTTP/1.1" 200 2659
117.185.32.26 - - [02/May/2021:11:00:22 +0800] "GET /xingrg/all/function/internal_message.html?_=1619924417394&CODE_STATE=getMsg HTTP/1.1" 200 27
117.185.32.26 - - [02/May/2021:11:00:22 +0800] "GET /xingrg/check_reg.html?_=1619924417392 HTTP/1.1" 200 22
116.232.54.167 - - [02/May/2021:11:00:24 +0800] "GET /xingrg/all/function/internal_message.html?_=1619924425039&CODE_STATE=getMsg HTTP/1.1" 200 27
124.77.71.179 - - [02/May/2021:11:00:25 +0800] "GET /xingrg/kc/print/load_data.html?order_code=212021050200669&kc_code=cgsh&condition= HTTP/1.1" 200 673
61.165.42.208 - - [02/May/2021:11:00:27 +0800] "GET /xingrg/kc/buy/cgsh_order_operate.html?command=get_materiel&rest_code=00105&code=00101010673&supplier_code=00100323&order_time=2021-05-02 HTTP/1.1" 200 409
114.88.160.164 - - [02/May/2021:11:00:28 +0800] "POST /xingrg/kc/buy/cgsh_list_operate.html HTTP/1.1" 200 5200
124.77.71.179 - - [02/May/2021:11:00:30 +0800] "GET /xingrg/kc/buy/cgsh_order_add.html HTTP/1.1" 200 62445
124.77.71.179 - - [02/May/2021:11:00:31 +0800] "GET /xingrg/javascript/easyui/themes/default/validatebox.css HTTP/1.1" 404 1104
124.77.71.179 - - [02/May/2021:11:00:31 +0800] "POST /xingrg/kc/buy/cgsh_order_operate.html HTTP/1.1" 200 8245
124.77.71.179 - - [02/May/2021:11:00:32 +0800] "GET /xingrg/javascript/easyui/themes/default/tree.css HTTP/1.1" 404 1090
124.77.71.179 - - [02/May/2021:11:00:32 +0800] "POST /xingrg/all/common/load_tree.html?tree=supplier_tree_json&isDelete=1 HTTP/1.1" 200 55318
101.85.52.2 - - [02/May/2021:11:00:32 +0800] "GET /xingrg/all/function/internal_message.html?_=1619924432585&CODE_STATE=getMsg HTTP/1.1" 200 27
114.88.160.164 - - [02/May/2021:11:00:34 +0800] "POST /xingrg/kc/buy/cgsh_list_operate.html HTTP/1.1" 200 575
114.88.160.164 - - [02/May/2021:11:00:35 +0800] "GET /xingrg/kc/buy/cgsh_order_info.html?code=212021050200571 HTTP/1.1" 200 62368
114.88.160.164 - - [02/May/2021:11:00:35 +0800] "GET /xingrg/javascript/easyui/themes/default/validatebox.css HTTP/1.1" 404 1104
114.88.160.164 - - [02/May/2021:11:00:36 +0800] "POST /xingrg/kc/buy/cgsh_order_operate.html HTTP/1.1" 200 15115
180.161.124.236 - - [02/May/2021:11:00:37 +0800] "GET /xingrg/all/function/internal_message.html?_=1619924722255&CODE_STATE=getMsg HTTP/1.1" 200 27
120.253.135.82 - - [02/May/2021:11:00:40 +0800] "GET /xingrg/all/function/internal_message.html?_=1619924220983&CODE_STATE=getMsg HTTP/1.1" 200 27
116.230.110.80 - - [02/May/2021:11:00:45 +0800] "GET /xingrg/all/function/internal_message.html?_=1619924444748&CODE_STATE=getMsg HTTP/1.1" 200 27
116.230.110.80 - - [02/May/2021:11:00:46 +0800] "GET /xingrg/check_reg.html?_=1619924446010 HTTP/1.1" 200 22
61.165.42.208 - - [02/May/2021:11:00:52 +0800] "GET /xingrg/kc/buy/cgsh_order_operate.html?command=get_materiel&rest_code=00105&code=00101010315&supplier_code=00100323&order_time=2021-05-02 HTTP/1.1" 200 420
124.77.71.179 - - [02/May/2021:11:00:54 +0800] "GET /xingrg/kc/buy/cgsh_order_operate.html?command=get_materiel&rest_code=00107&code=00101010108&supplier_code=00100336&order_time=2021-05-02 HTTP/1.1" 200 421
116.224.253.72 - - [02/May/2021:11:00:56 +0800] "GET /xingrg/check_reg.html?_=1619924456441 HTTP/1.1" 200 22
116.224.253.72 - - [02/May/2021:11:00:57 +0800] "GET /xingrg/all/function/internal_message.html?_=1619924456686&CODE_STATE=getMsg HTTP/1.1" 200 27
58.40.7.146 - - [02/May/2021:11:01:01 +0800] "GET /xingrg/all/function/internal_message.html?_=1619924460879&CODE_STATE=getMsg HTTP/1.1" 200 27
124.77.71.179 - - [02/May/2021:11:01:01 +0800] "POST /xingrg/kc/buy/cgsh_order_operate.html HTTP/1.1" 200 37
58.40.7.146 - - [02/May/2021:11:01:01 +0800] "GET /xingrg/check_reg.html?_=1619924461224 HTTP/1.1" 200 22
116.230.114.112 - - [02/May/2021:11:01:01 +0800] "GET /xingrg/all/function/internal_message.html?_=1619924463106&CODE_STATE=getMsg HTTP/1.1" 200 27
61.165.42.208 - - [02/May/2021:11:01:01 +0800] "GET /xingrg/kc/buy/cgsh_order_operate.html?command=get_materiel&rest_code=00105&code=00101010088&supplier_code=00100323&order_time=2021-05-02 HTTP/1.1" 200 418
172.20.0.100 - - [02/May/2021:11:01:04 +0800] "GET /xingrg/all/function/internal_message.html?_=1619924464685&CODE_STATE=getMsg HTTP/1.1" 200 27
124.77.71.179 - - [02/May/2021:11:01:05 +0800] "POST /xingrg/kc/buy/cgsh_order_operate.html HTTP/1.1" 200 2665
124.77.71.179 - - [02/May/2021:11:01:06 +0800] "GET /xingrg/kc/print/load_data.html?order_code=212021050200670&kc_code=cgsh&condition= HTTP/1.1" 200 672
61.165.42.208 - - [02/May/2021:11:01:08 +0800] "GET /xingrg/all/function/internal_message.html?_=1619924469816&CODE_STATE=getMsg HTTP/1.1" 200 27
117.184.7.26 - - [02/May/2021:11:01:09 +0800] "GET /xingrg/all/function/internal_message.html?_=1619924469281&CODE_STATE=getMsg HTTP/1.1" 200 27
114.88.160.164 - - [02/May/2021:11:01:10 +0800] "GET /xingrg/all/function/internal_message.html?_=1619924468535&CODE_STATE=getMsg HTTP/1.1" 200 27
124.77.71.179 - - [02/May/2021:11:01:10 +0800] "GET /xingrg/kc/buy/cgsh_order_add.html HTTP/1.1" 200 62445
124.77.71.179 - - [02/May/2021:11:01:11 +0800] "GET /xingrg/javascript/easyui/themes/default/validatebox.css HTTP/1.1" 404 1104
124.77.71.179 - - [02/May/2021:11:01:11 +0800] "POST /xingrg/kc/buy/cgsh_order_operate.html HTTP/1.1" 200 8245
180.162.112.86 - - [02/May/2021:11:01:13 +0800] "GET /xingrg/all/function/internal_message.html?_=1619924216950&CODE_STATE=getMsg HTTP/1.1" 200 27
124.77.71.179 - - [02/May/2021:11:01:13 +0800] "GET /xingrg/javascript/easyui/themes/default/tree.css HTTP/1.1" 404 1090
124.77.71.179 - - [02/May/2021:11:01:13 +0800] "POST /xingrg/all/common/load_tree.html?tree=supplier_tree_json&isDelete=1 HTTP/1.1" 200 55318
61.165.42.208 - - [02/May/2021:11:01:17 +0800] "GET /xingrg/kc/buy/cgsh_order_operate.html?command=get_materiel&rest_code=00105&code=00101010082&supplier_code=00100323&order_time=2021-05-02 HTTP/1.1" 200 425
124.77.71.179 - - [02/May/2021:11:01:18 +0800] "GET /xingrg/check_reg.html?_=1619924479285 HTTP/1.1" 200 22
124.77.71.179 - - [02/May/2021:11:01:19 +0800] "GET /xingrg/all/function/internal_message.html?_=1619924480474&CODE_STATE=getMsg HTTP/1.1" 200 27
180.169.147.146 - - [02/May/2021:11:01:20 +0800] "GET /xingrg/all/function/internal_message.html?_=1619924473086&CODE_STATE=getMsg HTTP/1.1" 200 27
117.185.32.26 - - [02/May/2021:11:01:22 +0800] "GET /xingrg/all/function/internal_message.html?_=1619924477393&CODE_STATE=getMsg HTTP/1.1" 200 27
120.204.17.70 - - [02/May/2021:11:01:22 +0800] "GET /xingrg/all/function/internal_message.html?_=1619924417394&CODE_STATE=getMsg HTTP/1.1" 302 -
116.232.54.167 - - [02/May/2021:11:01:24 +0800] "GET /xingrg/all/function/internal_message.html?_=1619924485045&CODE_STATE=getMsg HTTP/1.1" 200 27
120.204.17.70 - - [02/May/2021:11:01:26 +0800] "GET /xingrg/login.html HTTP/1.1" 200 7641
180.169.147.146 - - [02/May/2021:11:01:26 +0800] "GET /favicon.ico HTTP/1.1" 404 -
61.165.42.208 - - [02/May/2021:11:01:27 +0800] "GET /xingrg/kc/buy/cgsh_order_operate.html?command=get_materiel&rest_code=00105&code=00101006060&supplier_code=00100323&order_time=2021-05-02 HTTP/1.1" 200 409
101.85.52.2 - - [02/May/2021:11:01:32 +0800] "GET /xingrg/all/function/internal_message.html?_=1619924492575&CODE_STATE=getMsg HTTP/1.1" 200 27
124.77.71.179 - - [02/May/2021:11:01:34 +0800] "GET /xingrg/kc/buy/cgsh_order_operate.html?command=get_materiel&rest_code=00107&code=00101004090&supplier_code=00100312&order_time=2021-05-02 HTTP/1.1" 200 391
180.161.124.236 - - [02/May/2021:11:01:37 +0800] "GET /xingrg/all/function/internal_message.html?_=1619924782268&CODE_STATE=getMsg HTTP/1.1" 200 27
120.253.135.82 - - [02/May/2021:11:01:40 +0800] "GET /xingrg/all/function/internal_message.html?_=1619924281037&CODE_STATE=getMsg HTTP/1.1" 200 27
61.165.42.208 - - [02/May/2021:11:01:43 +0800] "GET /xingrg/kc/buy/cgsh_order_operate.html?command=get_materiel&rest_code=00105&code=00101007044&supplier_code=00100323&order_time=2021-05-02 HTTP/1.1" 200 424
116.230.110.80 - - [02/May/2021:11:01:45 +0800] "GET /xingrg/all/function/internal_message.html?_=1619924504732&CODE_STATE=getMsg HTTP/1.1" 200 27
116.224.253.72 - - [02/May/2021:11:01:57 +0800] "GET /xingrg/all/function/internal_message.html?_=1619924516700&CODE_STATE=getMsg HTTP/1.1" 200 27
124.77.71.179 - - [02/May/2021:11:01:58 +0800] "GET /xingrg/kc/buy/cgsh_order_operate.html?command=get_materiel&rest_code=00107&code=00101004046&supplier_code=00100312&order_time=2021-05-02 HTTP/1.1" 200 417
58.40.7.146 - - [02/May/2021:11:02:01 +0800] "GET /xingrg/all/function/internal_message.html?_=1619924520853&CODE_STATE=getMsg HTTP/1.1" 200 27
116.230.114.112 - - [02/May/2021:11:02:01 +0800] "GET /xingrg/all/function/internal_message.html?_=1619924523120&CODE_STATE=getMsg HTTP/1.1" 200 27
61.165.42.208 - - [02/May/2021:11:02:04 +0800] "GET /xingrg/kc/buy/cgsh_order_operate.html?command=get_materiel&rest_code=00105&code=00101006171&supplier_code=00100323&order_time=2021-05-02 HTTP/1.1" 200 425
172.20.0.100 - - [02/May/2021:11:02:04 +0800] "GET /xingrg/all/function/internal_message.html?_=1619924524688&CODE_STATE=getMsg HTTP/1.1" 200 27
61.165.42.208 - - [02/May/2021:11:02:08 +0800] "GET /xingrg/all/function/internal_message.html?_=1619924529767&CODE_STATE=getMsg HTTP/1.1" 200 27
117.184.7.26 - - [02/May/2021:11:02:09 +0800] "GET /xingrg/all/function/internal_message.html?_=1619924529291&CODE_STATE=getMsg HTTP/1.1" 200 27
114.88.160.164 - - [02/May/2021:11:02:10 +0800] "GET /xingrg/all/function/internal_message.html?_=1619924528548&CODE_STATE=getMsg HTTP/1.1" 200 27
180.162.112.86 - - [02/May/2021:11:02:13 +0800] "GET /xingrg/all/function/internal_message.html?_=1619924276935&CODE_STATE=getMsg HTTP/1.1" 200 27
116.230.114.112 - - [02/May/2021:11:02:17 +0800] "POST /xingrg/kc/buy/cgsh_order_operate.html HTTP/1.1" 200 37
114.88.160.164 - - [02/May/2021:11:02:19 +0800] "GET /xingrg/kc/buy/cgsh_order_operate.html?command=get_materiel&rest_code=00111&code=00101009003&supplier_code=00100037&order_time=2021-05-02 HTTP/1.1" 200 409
124.77.71.179 - - [02/May/2021:11:02:19 +0800] "GET /xingrg/kc/buy/cgsh_order_operate.html?command=get_materiel&rest_code=00107&code=00101004030&supplier_code=00100312&order_time=2021-05-02 HTTP/1.1" 200 408
116.230.114.112 - - [02/May/2021:11:02:19 +0800] "POST /xingrg/kc/buy/cgsh_order_operate.html HTTP/1.1" 200 40500
124.77.71.179 - - [02/May/2021:11:02:19 +0800] "GET /xingrg/all/function/internal_message.html?_=1619924540447&CODE_STATE=getMsg HTTP/1.1" 200 27
180.169.147.146 - - [02/May/2021:11:02:20 +0800] "GET /xingrg/all/function/internal_message.html?_=1619924533060&CODE_STATE=getMsg HTTP/1.1" 200 27
61.165.42.208 - - [02/May/2021:11:02:20 +0800] "GET /xingrg/kc/buy/cgsh_order_operate.html?command=get_materiel&rest_code=00105&code=00101020113&supplier_code=00100323&order_time=2021-05-02 HTTP/1.1" 200 409
117.185.32.26 - - [02/May/2021:11:02:22 +0800] "GET /xingrg/all/function/internal_message.html?_=1619924537392&CODE_STATE=getMsg HTTP/1.1" 200 27
116.230.114.112 - - [02/May/2021:11:02:22 +0800] "GET /xingrg/kc/buy/cgsh_order_list.html HTTP/1.1" 200 46625
116.230.114.112 - - [02/May/2021:11:02:24 +0800] "POST /xingrg/kc/buy/cgsh_list_operate.html HTTP/1.1" 200 1690
116.232.54.167 - - [02/May/2021:11:02:24 +0800] "GET /xingrg/all/function/internal_message.html?_=1619924545048&CODE_STATE=getMsg HTTP/1.1" 200 27
124.77.71.179 - - [02/May/2021:11:02:26 +0800] "GET /xingrg/kc/buy/cgsh_order_operate.html?command=get_materiel&rest_code=00107&code=00101004020&supplier_code=00100312&order_time=2021-05-02 HTTP/1.1" 200 409
120.253.135.82 - - [02/May/2021:11:02:30 +0800] "GET /xingrg/kc/buy/cgsh_order_list.html HTTP/1.1" 200 46619
120.253.135.82 - - [02/May/2021:11:02:31 +0800] "POST /xingrg/kc/buy/cgsh_list_operate.html HTTP/1.1" 200 876
183.192.164.97 - - [02/May/2021:11:02:31 +0800] "GET /xingrg/all/function/internal_message.html?_=1619924477393&CODE_STATE=getMsg HTTP/1.1" 302 -
120.253.135.82 - - [02/May/2021:11:02:32 +0800] "GET /xingrg/kc/buy/cgsh_order_add.html HTTP/1.1" 200 61417
101.85.52.2 - - [02/May/2021:11:02:32 +0800] "GET /xingrg/all/function/internal_message.html?_=1619924552566&CODE_STATE=getMsg HTTP/1.1" 200 27
120.253.135.82 - - [02/May/2021:11:02:32 +0800] "POST /xingrg/kc/buy/cgsh_order_operate.html HTTP/1.1" 200 8245
120.253.135.82 - - [02/May/2021:11:02:33 +0800] "GET /xingrg/javascript/easyui/themes/default/validatebox.css HTTP/1.1" 404 1104
124.77.71.179 - - [02/May/2021:11:02:35 +0800] "GET /xingrg/kc/buy/cgsh_order_operate.html?command=get_materiel&rest_code=00107&code=00101004057&supplier_code=00100312&order_time=2021-05-02 HTTP/1.1" 200 409
180.161.124.236 - - [02/May/2021:11:02:37 +0800] "GET /xingrg/all/function/internal_message.html?_=1619924842291&CODE_STATE=getMsg HTTP/1.1" 200 27
183.192.164.97 - - [02/May/2021:11:02:37 +0800] "GET /xingrg/login.html HTTP/1.1" 200 7641
61.165.42.208 - - [02/May/2021:11:02:37 +0800] "GET /xingrg/kc/buy/cgsh_order_operate.html?command=get_materiel&rest_code=00105&code=00101010616&supplier_code=00100323&order_time=2021-05-02 HTTP/1.1" 200 395
120.253.135.82 - - [02/May/2021:11:02:40 +0800] "GET /xingrg/all/function/internal_message.html?_=1619924341082&CODE_STATE=getMsg HTTP/1.1" 200 27
114.88.160.164 - - [02/May/2021:11:02:43 +0800] "GET /xingrg/kc/buy/cgsh_order_operate.html?command=get_materiel&rest_code=00111&code=00101013170&supplier_code=00100037&order_time=2021-05-02 HTTP/1.1" 200 410
116.230.110.80 - - [02/May/2021:11:02:45 +0800] "GET /xingrg/all/function/internal_message.html?_=1619924564710&CODE_STATE=getMsg HTTP/1.1" 200 27
124.77.71.179 - - [02/May/2021:11:02:49 +0800] "GET /xingrg/kc/buy/cgsh_order_operate.html?command=get_materiel&rest_code=00107&code=00101001029&supplier_code=00100312&order_time=2021-05-02 HTTP/1.1" 200 415
116.224.253.72 - - [02/May/2021:11:02:57 +0800] "GET /xingrg/all/function/internal_message.html?_=1619924576712&CODE_STATE=getMsg HTTP/1.1" 200 27
116.230.114.112 - - [02/May/2021:11:02:58 +0800] "POST /xingrg/kc/buy/cgsh_list_operate.html HTTP/1.1" 200 5439
120.253.135.82 - - [02/May/2021:11:02:59 +0800] "POST /xingrg/all/common/load_combo.html?type=employee HTTP/1.1" 200 2013
58.40.7.146 - - [02/May/2021:11:03:01 +0800] "GET /xingrg/all/function/internal_message.html?_=1619924580824&CODE_STATE=getMsg HTTP/1.1" 200 27
124.77.71.179 - - [02/May/2021:11:03:01 +0800] "POST /xingrg/kc/buy/cgsh_order_operate.html HTTP/1.1" 200 37
116.230.114.112 - - [02/May/2021:11:03:01 +0800] "GET /xingrg/all/function/internal_message.html?_=1619924583133&CODE_STATE=getMsg HTTP/1.1" 200 27
61.165.42.208 - - [02/May/2021:11:03:04 +0800] "POST /xingrg/kc/buy/cgsh_order_operate.html HTTP/1.1" 200 37
124.77.71.179 - - [02/May/2021:11:03:04 +0800] "POST /xingrg/kc/buy/cgsh_order_operate.html HTTP/1.1" 200 5620
172.20.0.100 - - [02/May/2021:11:03:04 +0800] "GET /xingrg/all/function/internal_message.html?_=1619924584692&CODE_STATE=getMsg HTTP/1.1" 200 27
61.165.42.208 - - [02/May/2021:11:03:05 +0800] "POST /xingrg/kc/buy/cgsh_order_operate.html HTTP/1.1" 200 10456
114.88.160.164 - - [02/May/2021:11:03:06 +0800] "GET /xingrg/kc/buy/cgsh_order_operate.html?command=get_materiel&rest_code=00111&code=00101001160&supplier_code=00100037&order_time=2021-05-02 HTTP/1.1" 200 410
61.165.42.208 - - [02/May/2021:11:03:06 +0800] "GET /xingrg/kc/print/load_data.html?order_code=212021050200672&kc_code=cgsh&condition= HTTP/1.1" 200 3675
