180.161.124.236 - - [02/May/2021:10:43:03 +0800] "GET /xingrg/kc/buy/cgsh_order_operate.html?command=get_materiel&rest_code=00102&code=00101008213&supplier_code=00100008&order_time=2021-05-02 HTTP/1.1" 200 412
180.169.147.146 - - [02/May/2021:10:43:04 +0800] "POST /xingrg/kc/buy/cgsh_list_operate.html HTTP/1.1" 200 876
124.77.71.179 - - [02/May/2021:10:43:04 +0800] "GET /xingrg/kc/buy/cgsh_order_operate.html?command=get_materiel&rest_code=00107&code=00101001093&supplier_code=00100090&order_time=2021-05-02 HTTP/1.1" 200 411
172.20.0.100 - - [02/May/2021:10:43:04 +0800] "GET /xingrg/all/function/internal_message.html?_=1619923384690&CODE_STATE=getMsg HTTP/1.1" 200 27
61.165.42.208 - - [02/May/2021:10:43:07 +0800] "GET /xingrg/check_reg.html?_=1619923389713 HTTP/1.1" 200 22
61.165.42.208 - - [02/May/2021:10:43:08 +0800] "GET /xingrg/all/function/internal_message.html?_=1619923389717&CODE_STATE=getMsg HTTP/1.1" 200 27
180.169.147.146 - - [02/May/2021:10:43:08 +0800] "POST /xingrg/kc/buy/cgsh_list_operate.html HTTP/1.1" 200 1713
180.161.124.236 - - [02/May/2021:10:43:09 +0800] "GET /xingrg/kc/buy/cgsh_order_operate.html?command=get_materiel&rest_code=00102&code=00101015038&supplier_code=00100008&order_time=2021-05-02 HTTP/1.1" 200 418
114.88.160.164 - - [02/May/2021:10:43:09 +0800] "GET /xingrg/all/function/internal_message.html?_=1619923387030&CODE_STATE=getMsg HTTP/1.1" 200 27
117.185.32.26 - - [02/May/2021:10:43:11 +0800] "GET /xingrg/kc/buy/cgsh_order_operate.html?command=get_materiel&rest_code=00106&code=00101008354&supplier_code=00100007&order_time=2021-05-02 HTTP/1.1" 200 412
180.161.124.236 - - [02/May/2021:10:43:15 +0800] "GET /xingrg/kc/buy/cgsh_order_operate.html?command=get_materiel&rest_code=00102&code=00101008187&supplier_code=00100008&order_time=2021-05-02 HTTP/1.1" 200 413
183.192.164.214 - - [02/May/2021:10:43:18 +0800] "GET /xingrg/kc/buy/cgsh_order_operate.html?command=get_materiel&rest_code=00106&code=00101008091&supplier_code=00100007&order_time=2021-05-02 HTTP/1.1" 302 -
124.77.71.179 - - [02/May/2021:10:43:20 +0800] "GET /xingrg/all/function/internal_message.html?_=1619923400801&CODE_STATE=getMsg HTTP/1.1" 200 27
183.192.164.214 - - [02/May/2021:10:43:20 +0800] "GET /xingrg/login.html HTTP/1.1" 200 7641
180.169.147.146 - - [02/May/2021:10:43:20 +0800] "POST /xingrg/kc/buy/cgsh_list_operate.html HTTP/1.1" 200 1713
180.161.124.236 - - [02/May/2021:10:43:20 +0800] "GET /xingrg/kc/buy/cgsh_order_operate.html?command=get_materiel&rest_code=00102&code=00101008188&supplier_code=00100008&order_time=2021-05-02 HTTP/1.1" 200 412
180.169.147.146 - - [02/May/2021:10:43:21 +0800] "GET /xingrg/all/function/internal_message.html?_=1619923393434&CODE_STATE=getMsg HTTP/1.1" 200 27
180.161.124.236 - - [02/May/2021:10:43:23 +0800] "POST /xingrg/kc/buy/cgsh_order_operate.html HTTP/1.1" 200 2065
124.77.71.179 - - [02/May/2021:10:43:23 +0800] "POST /xingrg/kc/buy/cgsh_order_operate.html HTTP/1.1" 200 37
120.253.135.82 - - [02/May/2021:10:43:23 +0800] "POST /xingrg/kc/buy/cgsh_order_operate.html HTTP/1.1" 200 223
116.230.110.80 - - [02/May/2021:10:43:24 +0800] "GET /xingrg/kc/buy/cgsh_order_operate.html?command=get_materiel&rest_code=00155&code=00101004038&supplier_code=00100347&order_time=2021-05-02 HTTP/1.1" 200 409
116.232.54.167 - - [02/May/2021:10:43:25 +0800] "GET /xingrg/all/function/internal_message.html?_=1619923404997&CODE_STATE=getMsg HTTP/1.1" 200 27
124.77.71.179 - - [02/May/2021:10:43:25 +0800] "POST /xingrg/kc/buy/cgsh_order_operate.html HTTP/1.1" 200 3857
117.185.32.26 - - [02/May/2021:10:43:26 +0800] "GET /xingrg/kc/buy/cgsh_order_operate.html?command=get_materiel&rest_code=00106&code=00101008351&supplier_code=00100007&order_time=2021-05-02 HTTP/1.1" 200 408
58.40.7.146 - - [02/May/2021:10:43:27 +0800] "POST /xingrg/dwr/call/plaincall/AjaxComOrderService.getMaterielSearchList.dwr HTTP/1.1" 200 78
58.40.7.146 - - [02/May/2021:10:43:27 +0800] "POST /xingrg/dwr/call/plaincall/AjaxComOrderService.getMaterielSearchList.dwr HTTP/1.1" 200 426
180.161.124.236 - - [02/May/2021:10:43:27 +0800] "GET /xingrg/kc/buy/cgsh_order_operate.html?command=get_materiel&rest_code=00102&code=00101008100&supplier_code=00100008&order_time=2021-05-02 HTTP/1.1" 200 408
124.77.71.179 - - [02/May/2021:10:43:30 +0800] "GET /xingrg/kc/print/load_data.html?order_code=212021050200639&kc_code=cgsh&condition= HTTP/1.1" 200 1203
58.40.7.146 - - [02/May/2021:10:43:31 +0800] "POST /xingrg/dwr/call/plaincall/AjaxComOrderService.getMaterielByCode.dwr HTTP/1.1" 200 2263
101.85.52.2 - - [02/May/2021:10:43:32 +0800] "GET /xingrg/all/function/internal_message.html?_=1619923412548&CODE_STATE=getMsg HTTP/1.1" 200 27
101.85.52.2 - - [02/May/2021:10:43:32 +0800] "GET /xingrg/check_reg.html?_=1619923412551 HTTP/1.1" 200 22
180.169.147.146 - - [02/May/2021:10:43:33 +0800] "POST /xingrg/kc/buy/cgsh_list_operate.html HTTP/1.1" 200 5480
120.253.135.82 - - [02/May/2021:10:43:35 +0800] "POST /xingrg/kc/buy/cgsh_order_operate.html HTTP/1.1" 200 37
180.169.147.146 - - [02/May/2021:10:43:35 +0800] "POST /xingrg/kc/buy/cgsh_list_operate.html HTTP/1.1" 200 497
124.77.71.179 - - [02/May/2021:10:43:35 +0800] "GET /xingrg/kc/buy/cgsh_order_add.html HTTP/1.1" 200 62445
180.169.147.146 - - [02/May/2021:10:43:35 +0800] "GET /xingrg/kc/buy/cgsh_order_info.html?code=212021050100288 HTTP/1.1" 200 57231
58.40.7.146 - - [02/May/2021:10:43:36 +0800] "POST /xingrg/dwr/call/plaincall/AjaxCheckService.addOrderItem.dwr HTTP/1.1" 200 743
124.77.71.179 - - [02/May/2021:10:43:36 +0800] "GET /xingrg/javascript/easyui/themes/default/validatebox.css HTTP/1.1" 404 1104
124.77.71.179 - - [02/May/2021:10:43:36 +0800] "POST /xingrg/kc/buy/cgsh_order_operate.html HTTP/1.1" 200 8245
180.161.124.236 - - [02/May/2021:10:43:38 +0800] "POST /xingrg/kc/buy/cgsh_order_operate.html HTTP/1.1" 200 37
120.253.135.82 - - [02/May/2021:10:43:38 +0800] "POST /xingrg/kc/buy/cgsh_order_operate.html HTTP/1.1" 200 3293
180.169.147.146 - - [02/May/2021:10:43:38 +0800] "POST /xingrg/kc/buy/cgsh_order_operate.html HTTP/1.1" 200 2985
180.169.147.146 - - [02/May/2021:10:43:38 +0800] "GET /xingrg/javascript/easyui/themes/default/validatebox.css HTTP/1.1" 404 1104
117.185.32.26 - - [02/May/2021:10:43:38 +0800] "GET /xingrg/kc/buy/cgsh_order_operate.html?command=get_materiel&rest_code=00106&code=00101008110&supplier_code=00100007&order_time=2021-05-02 HTTP/1.1" 200 408
180.169.147.146 - - [02/May/2021:10:43:39 +0800] "GET /xingrg/kc/print/load_data.html?order_code=212021050100288&kc_code=cgsh&condition= HTTP/1.1" 200 1627
116.230.110.80 - - [02/May/2021:10:43:39 +0800] "GET /xingrg/kc/buy/cgsh_order_operate.html?command=get_materiel&rest_code=00155&code=00101008585&supplier_code=00100347&order_time=2021-05-02 HTTP/1.1" 200 394
120.253.135.82 - - [02/May/2021:10:43:39 +0800] "GET /xingrg/check_reg.html?_=1619923199613 HTTP/1.1" 200 22
180.161.124.236 - - [02/May/2021:10:43:39 +0800] "POST /xingrg/kc/buy/cgsh_order_operate.html HTTP/1.1" 200 17436
120.253.135.82 - - [02/May/2021:10:43:39 +0800] "GET /xingrg/all/function/internal_message.html?_=1619923200034&CODE_STATE=getMsg HTTP/1.1" 200 27
180.161.124.236 - - [02/May/2021:10:43:40 +0800] "GET /xingrg/kc/buy/cgsh_order_add.html HTTP/1.1" 200 62322
180.161.124.236 - - [02/May/2021:10:43:42 +0800] "POST /xingrg/kc/buy/cgsh_order_operate.html HTTP/1.1" 200 8245
180.161.124.236 - - [02/May/2021:10:43:42 +0800] "GET /xingrg/javascript/easyui/themes/default/validatebox.css HTTP/1.1" 404 1104
120.253.135.82 - - [02/May/2021:10:43:44 +0800] "POST /xingrg/kc/buy/cgsh_order_operate.html HTTP/1.1" 200 37
116.230.110.80 - - [02/May/2021:10:43:45 +0800] "GET /xingrg/all/function/internal_message.html?_=1619923425119&CODE_STATE=getMsg HTTP/1.1" 200 27
116.230.110.80 - - [02/May/2021:10:43:46 +0800] "GET /xingrg/kc/buy/cgsh_order_operate.html?command=get_materiel&rest_code=00155&code=00101008586&supplier_code=00100347&order_time=2021-05-02 HTTP/1.1" 200 396
120.253.135.82 - - [02/May/2021:10:43:46 +0800] "POST /xingrg/kc/buy/cgsh_order_operate.html HTTP/1.1" 200 12
117.185.32.26 - - [02/May/2021:10:43:46 +0800] "GET /xingrg/kc/buy/cgsh_order_operate.html?command=get_materiel&rest_code=00106&code=00101008096&supplier_code=00100007&order_time=2021-05-02 HTTP/1.1" 200 412
58.40.7.146 - - [02/May/2021:10:43:46 +0800] "GET /xingrg/all/function/internal_message.html?_=1619923426711&CODE_STATE=getMsg HTTP/1.1" 200 27
120.253.135.82 - - [02/May/2021:10:43:49 +0800] "GET /xingrg/kc/buy/cgsh_order_info.html?code=212021050200636 HTTP/1.1" 200 56318
120.253.135.82 - - [02/May/2021:10:43:49 +0800] "GET /xingrg/javascript/easyui/themes/default/validatebox.css HTTP/1.1" 404 1104
120.253.135.82 - - [02/May/2021:10:43:49 +0800] "POST /xingrg/kc/buy/cgsh_order_operate.html HTTP/1.1" 200 1243
180.161.124.236 - - [02/May/2021:10:43:49 +0800] "GET /xingrg/all/function/internal_message.html?_=1619923429775&CODE_STATE=getMsg HTTP/1.1" 200 27
117.185.32.26 - - [02/May/2021:10:43:51 +0800] "GET /xingrg/all/function/internal_message.html?_=1619923427126&CODE_STATE=getMsg HTTP/1.1" 200 27
58.40.7.146 - - [02/May/2021:10:43:53 +0800] "GET /xingrg/all/function/internal_message.html?_=1619923433525&CODE_STATE=getMsg HTTP/1.1" 200 27
116.230.110.80 - - [02/May/2021:10:43:54 +0800] "GET /xingrg/kc/buy/cgsh_order_operate.html?command=get_materiel&rest_code=00155&code=00102002167&supplier_code=00100347&order_time=2021-05-02 HTTP/1.1" 200 409
58.40.7.146 - - [02/May/2021:10:43:55 +0800] "POST /xingrg/dwr/call/plaincall/AjaxCheckService.checkOrder.dwr HTTP/1.1" 200 80
58.40.7.146 - - [02/May/2021:10:43:56 +0800] "GET /xingrg/kc/base/check_order_info.html?code=452021050100013 HTTP/1.1" 200 23118
58.40.7.146 - - [02/May/2021:10:43:56 +0800] "GET /xingrg/dwr/interface/AjaxComOrderService.js HTTP/1.1" 200 18264
58.40.7.146 - - [02/May/2021:10:43:56 +0800] "GET /xingrg/dwr/interface/AjaxCheckService.js HTTP/1.1" 200 14003
58.40.7.146 - - [02/May/2021:10:43:56 +0800] "GET /xingrg/dwr/engine.js HTTP/1.1" 200 43631
116.224.253.72 - - [02/May/2021:10:43:56 +0800] "GET /xingrg/all/function/internal_message.html?_=1619923436455&CODE_STATE=getMsg HTTP/1.1" 200 27
58.40.7.146 - - [02/May/2021:10:43:57 +0800] "GET /xingrg/javascript/jquery_easy_ui/themes/icons/uncheck_new.png HTTP/1.1" 200 3197
58.40.7.146 - - [02/May/2021:10:43:57 +0800] "GET /xingrg/javascript/jquery_easy_ui/themes/icons/exam_new.png HTTP/1.1" 200 756
58.40.7.146 - - [02/May/2021:10:43:57 +0800] "POST /xingrg/dwr/call/plaincall/AjaxCheckService.loadOrderItems.dwr HTTP/1.1" 200 43980
117.185.32.26 - - [02/May/2021:10:43:59 +0800] "GET /xingrg/kc/buy/cgsh_order_operate.html?command=get_materiel&rest_code=00106&code=00101008038&supplier_code=00100007&order_time=2021-05-02 HTTP/1.1" 200 412
120.253.135.82 - - [02/May/2021:10:43:59 +0800] "GET /xingrg/kc/buy/cgsh_order_add.html HTTP/1.1" 200 61417
180.161.124.236 - - [02/May/2021:10:43:59 +0800] "GET /xingrg/kc/buy/cgsh_order_operate.html?command=get_materiel&rest_code=00102&code=00101008350&supplier_code=00100008&order_time=2021-05-02 HTTP/1.1" 200 408
120.253.135.82 - - [02/May/2021:10:43:59 +0800] "POST /xingrg/kc/buy/cgsh_order_operate.html HTTP/1.1" 200 8245
120.253.135.82 - - [02/May/2021:10:43:59 +0800] "GET /xingrg/javascript/easyui/themes/default/validatebox.css HTTP/1.1" 404 1104
124.77.71.179 - - [02/May/2021:10:43:59 +0800] "GET /xingrg/javascript/easyui/themes/default/tree.css HTTP/1.1" 404 1090
124.77.71.179 - - [02/May/2021:10:44:00 +0800] "POST /xingrg/all/common/load_tree.html?tree=supplier_tree_json&isDelete=1 HTTP/1.1" 200 55318
58.40.7.146 - - [02/May/2021:10:44:00 +0800] "GET /xingrg/kc/print/load_config.html?_=1619923440136&kc_code=check HTTP/1.1" 200 2411
58.40.7.146 - - [02/May/2021:10:44:00 +0800] "GET /xingrg/kc/print/load_data.html?_=1619923440169&order_code=452021050100013&kc_code=check HTTP/1.1" 200 26123
180.161.124.236 - - [02/May/2021:10:44:03 +0800] "GET /xingrg/kc/buy/cgsh_order_operate.html?command=get_materiel&rest_code=00102&code=00102009478&supplier_code=00100008&order_time=2021-05-02 HTTP/1.1" 200 412
172.20.0.100 - - [02/May/2021:10:44:04 +0800] "GET /xingrg/all/function/internal_message.html?_=1619923444694&CODE_STATE=getMsg HTTP/1.1" 200 27
116.230.110.80 - - [02/May/2021:10:44:05 +0800] "POST /xingrg/kc/buy/cgsh_order_operate.html HTTP/1.1" 200 37
116.230.110.80 - - [02/May/2021:10:44:06 +0800] "POST /xingrg/kc/buy/cgsh_order_operate.html HTTP/1.1" 200 4418
120.253.135.82 - - [02/May/2021:10:44:06 +0800] "POST /xingrg/all/common/load_combo.html?type=employee HTTP/1.1" 200 2013
180.161.124.236 - - [02/May/2021:10:44:07 +0800] "GET /xingrg/kc/buy/cgsh_order_operate.html?command=get_materiel&rest_code=00102&code=00101008223&supplier_code=00100008&order_time=2021-05-02 HTTP/1.1" 200 412
117.185.32.26 - - [02/May/2021:10:44:07 +0800] "GET /xingrg/kc/buy/cgsh_order_operate.html?command=get_materiel&rest_code=00106&code=00101008190&supplier_code=00100007&order_time=2021-05-02 HTTP/1.1" 200 412
116.230.110.80 - - [02/May/2021:10:44:07 +0800] "GET /xingrg/kc/print/load_data.html?order_code=212021050200641&kc_code=cgsh&condition= HTTP/1.1" 200 1327
61.165.42.208 - - [02/May/2021:10:44:08 +0800] "GET /xingrg/all/function/internal_message.html?_=1619923449716&CODE_STATE=getMsg HTTP/1.1" 200 27
114.88.160.164 - - [02/May/2021:10:44:08 +0800] "GET /xingrg/check_reg.html?_=1619923446080 HTTP/1.1" 200 22
120.204.17.70 - - [02/May/2021:10:44:09 +0800] "GET /xingrg/kc/buy/cgsh_order_operate.html?command=get_materiel&rest_code=00106&code=00101008354&supplier_code=00100007&order_time=2021-05-02 HTTP/1.1" 302 -
114.88.160.164 - - [02/May/2021:10:44:09 +0800] "GET /xingrg/all/function/internal_message.html?_=1619923447283&CODE_STATE=getMsg HTTP/1.1" 200 27
120.204.17.70 - - [02/May/2021:10:44:10 +0800] "GET /xingrg/login.html HTTP/1.1" 200 7641
180.161.124.236 - - [02/May/2021:10:44:11 +0800] "GET /xingrg/kc/buy/cgsh_order_operate.html?command=get_materiel&rest_code=00102&code=00101008095&supplier_code=00100008&order_time=2021-05-02 HTTP/1.1" 200 412
117.185.32.26 - - [02/May/2021:10:44:15 +0800] "GET /xingrg/kc/buy/cgsh_order_operate.html?command=get_materiel&rest_code=00106&code=00101008141&supplier_code=00100007&order_time=2021-05-02 HTTP/1.1" 200 412
120.253.135.82 - - [02/May/2021:10:44:19 +0800] "GET /xingrg/kc/buy/cgsh_order_operate.html?command=get_materiel&rest_code=00101&code=00101019222&supplier_code=00100130&order_time=2021-05-02 HTTP/1.1" 200 453
124.77.71.179 - - [02/May/2021:10:44:19 +0800] "GET /xingrg/all/function/internal_message.html?_=1619923460779&CODE_STATE=getMsg HTTP/1.1" 200 27
180.169.147.146 - - [02/May/2021:10:44:21 +0800] "GET /xingrg/all/function/internal_message.html?_=1619923453418&CODE_STATE=getMsg HTTP/1.1" 200 27
120.253.135.82 - - [02/May/2021:10:44:21 +0800] "POST /xingrg/all/common/load_select.html HTTP/1.1" 200 25
180.161.124.236 - - [02/May/2021:10:44:21 +0800] "GET /xingrg/kc/buy/cgsh_order_operate.html?command=get_materiel&rest_code=00102&code=00101008109&supplier_code=00100008&order_time=2021-05-02 HTTP/1.1" 200 413
116.232.54.167 - - [02/May/2021:10:44:24 +0800] "GET /xingrg/all/function/internal_message.html?_=1619923465004&CODE_STATE=getMsg HTTP/1.1" 200 27
116.232.54.167 - - [02/May/2021:10:44:24 +0800] "GET /xingrg/check_reg.html?_=1619923465005 HTTP/1.1" 200 22
120.253.135.82 - - [02/May/2021:10:44:25 +0800] "GET /xingrg/kc/buy/cgsh_order_operate.html?command=get_materiel_price&rest_code=00101&code=00101019222&unit_code=00100130&supplier_code=00100130&order_time=2021-05-02 HTTP/1.1" 200 31
180.161.124.236 - - [02/May/2021:10:44:28 +0800] "GET /xingrg/kc/buy/cgsh_order_operate.html?command=get_materiel&rest_code=00102&code=00101015044&supplier_code=00100008&order_time=2021-05-02 HTTP/1.1" 200 408
117.184.7.26 - - [02/May/2021:10:44:29 +0800] "GET /xingrg/login.html HTTP/1.1" 200 7641
101.85.52.2 - - [02/May/2021:10:44:32 +0800] "GET /xingrg/all/function/internal_message.html?_=1619923472559&CODE_STATE=getMsg HTTP/1.1" 200 27
116.230.110.80 - - [02/May/2021:10:44:33 +0800] "GET /xingrg/kc/buy/cgsh_order_add.html HTTP/1.1" 200 62325
116.230.110.80 - - [02/May/2021:10:44:33 +0800] "POST /xingrg/kc/buy/cgsh_order_operate.html HTTP/1.1" 200 8245
116.230.110.80 - - [02/May/2021:10:44:33 +0800] "GET /xingrg/javascript/easyui/themes/default/validatebox.css HTTP/1.1" 404 1104
180.161.124.236 - - [02/May/2021:10:44:35 +0800] "GET /xingrg/kc/buy/cgsh_order_operate.html?command=get_materiel&rest_code=00102&code=00101020152&supplier_code=00100008&order_time=2021-05-02 HTTP/1.1" 200 416
117.184.7.26 - - [02/May/2021:10:44:36 +0800] "GET /favicon.ico HTTP/1.1" 404 -
120.253.135.82 - - [02/May/2021:10:44:39 +0800] "GET /xingrg/all/function/internal_message.html?_=1619923260048&CODE_STATE=getMsg HTTP/1.1" 200 27
180.161.124.236 - - [02/May/2021:10:44:41 +0800] "GET /xingrg/kc/buy/cgsh_order_operate.html?command=get_materiel&rest_code=00102&code=00101015066&supplier_code=00100008&order_time=2021-05-02 HTTP/1.1" 200 413
117.184.7.26 - - [02/May/2021:10:44:43 +0800] "POST /xingrg/login.do HTTP/1.1" 302 -
117.184.7.26 - - [02/May/2021:10:44:43 +0800] "GET /xingrg/index.html?sysBaseUrl=http%3A%2F%2F180.169.147.146%3A18081%2Fxingrg%2F&costTime=41×tamp=1619923483604 HTTP/1.1" 200 17179
117.184.7.26 - - [02/May/2021:10:44:45 +0800] "GET /favicon.ico HTTP/1.1" 404 -
116.230.110.80 - - [02/May/2021:10:44:45 +0800] "GET /xingrg/kc/buy/cgsh_order_operate.html?command=get_materiel&rest_code=00155&code=00101006179&supplier_code=00100266&order_time=2021-05-02 HTTP/1.1" 200 419
116.230.110.80 - - [02/May/2021:10:44:45 +0800] "GET /xingrg/all/function/internal_message.html?_=1619923485097&CODE_STATE=getMsg HTTP/1.1" 200 27
117.184.7.26 - - [02/May/2021:10:44:45 +0800] "POST /xingrg/all/common/load_tree.html?tree=area_rest_tree_json&manage=1 HTTP/1.1" 200 470
117.184.7.26 - - [02/May/2021:10:44:45 +0800] "GET /xingrg/all/function/internal_message.html?_=1619923485304&CODE_STATE=count HTTP/1.1" 200 11
117.184.7.26 - - [02/May/2021:10:44:45 +0800] "GET /xingrg/check_reg.html?_=1619923485305 HTTP/1.1" 200 22
180.169.147.146 - - [02/May/2021:10:44:45 +0800] "GET /xingrg/check_reg.html?_=1619923478031 HTTP/1.1" 200 22
117.184.7.26 - - [02/May/2021:10:44:46 +0800] "POST /xingrg/load_menu.html HTTP/1.1" 200 5138
58.40.7.146 - - [02/May/2021:10:44:46 +0800] "GET /xingrg/all/function/internal_message.html?_=1619923486716&CODE_STATE=getMsg HTTP/1.1" 200 27
180.161.124.236 - - [02/May/2021:10:44:49 +0800] "GET /xingrg/all/function/internal_message.html?_=1619923489788&CODE_STATE=getMsg HTTP/1.1" 200 27
117.185.32.26 - - [02/May/2021:10:44:49 +0800] "GET /xingrg/kc/buy/cgsh_order_operate.html?command=get_materiel&rest_code=00106&code=00101008355&supplier_code=00100007&order_time=2021-05-02 HTTP/1.1" 200 408
180.161.124.236 - - [02/May/2021:10:44:50 +0800] "GET /xingrg/kc/buy/cgsh_order_operate.html?command=get_materiel&rest_code=00102&code=00101008123&supplier_code=00100008&order_time=2021-05-02 HTTP/1.1" 200 412
117.185.32.26 - - [02/May/2021:10:44:51 +0800] "GET /xingrg/check_reg.html?_=1619923487030 HTTP/1.1" 200 22
117.185.32.26 - - [02/May/2021:10:44:51 +0800] "GET /xingrg/all/function/internal_message.html?_=1619923487075&CODE_STATE=getMsg HTTP/1.1" 200 27
120.204.17.68 - - [02/May/2021:10:44:52 +0800] "GET /xingrg/all/function/internal_message.html?_=1619923427126&CODE_STATE=getMsg HTTP/1.1" 302 -
120.204.17.68 - - [02/May/2021:10:44:53 +0800] "GET /xingrg/login.html HTTP/1.1" 200 7641
180.161.124.236 - - [02/May/2021:10:44:54 +0800] "GET /xingrg/kc/buy/cgsh_order_operate.html?command=get_materiel&rest_code=00102&code=00101015032&supplier_code=00100008&order_time=2021-05-02 HTTP/1.1" 200 419
116.230.110.80 - - [02/May/2021:10:44:55 +0800] "GET /xingrg/kc/buy/cgsh_order_operate.html?command=get_materiel&rest_code=00155&code=00101005047&supplier_code=00100266&order_time=2021-05-02 HTTP/1.1" 200 413
116.224.253.72 - - [02/May/2021:10:44:56 +0800] "GET /xingrg/all/function/internal_message.html?_=1619923496471&CODE_STATE=getMsg HTTP/1.1" 200 27
117.185.32.26 - - [02/May/2021:10:44:58 +0800] "GET /xingrg/kc/buy/cgsh_order_operate.html?command=get_materiel&rest_code=00106&code=00101008004&supplier_code=00100007&order_time=2021-05-02 HTTP/1.1" 200 416
180.161.124.236 - - [02/May/2021:10:45:00 +0800] "GET /xingrg/kc/buy/cgsh_order_operate.html?command=get_materiel&rest_code=00102&code=00101015053&supplier_code=00100008&order_time=2021-05-02 HTTP/1.1" 200 412
172.20.0.100 - - [02/May/2021:10:45:04 +0800] "GET /xingrg/check_reg.html?_=1619923504681 HTTP/1.1" 200 22
172.20.0.100 - - [02/May/2021:10:45:04 +0800] "GET /xingrg/all/function/internal_message.html?_=1619923504683&CODE_STATE=getMsg HTTP/1.1" 200 27
116.230.110.80 - - [02/May/2021:10:45:05 +0800] "GET /xingrg/kc/buy/cgsh_order_operate.html?command=get_materiel&rest_code=00155&code=00101007006&supplier_code=00100266&order_time=2021-05-02 HTTP/1.1" 200 412
180.161.124.236 - - [02/May/2021:10:45:05 +0800] "GET /xingrg/kc/buy/cgsh_order_operate.html?command=get_materiel&rest_code=00102&code=00101008200&supplier_code=00100008&order_time=2021-05-02 HTTP/1.1" 200 412
117.185.32.26 - - [02/May/2021:10:45:07 +0800] "GET /xingrg/kc/buy/cgsh_order_operate.html?command=get_materiel&rest_code=00106&code=00101008067&supplier_code=00100007&order_time=2021-05-02 HTTP/1.1" 200 416
61.165.42.208 - - [02/May/2021:10:45:08 +0800] "GET /xingrg/all/function/internal_message.html?_=1619923509716&CODE_STATE=getMsg HTTP/1.1" 200 27
117.184.7.26 - - [02/May/2021:10:45:09 +0800] "POST /xingrg/all/user/operate.html HTTP/1.1" 200 36
117.184.7.26 - - [02/May/2021:10:45:09 +0800] "GET /xingrg/index.html?sysBaseUrl=http%3A%2F%2F180.169.147.146%3A18081%2Fxingrg%2F&costTime=41×tamp=1619923483604 HTTP/1.1" 200 17173
117.184.7.26 - - [02/May/2021:10:45:09 +0800] "GET /xingrg/javascript/jquery_easy_ui/themes/default/easyui.css HTTP/1.1" 304 -
117.184.7.26 - - [02/May/2021:10:45:09 +0800] "GET /xingrg/javascript/jquery_easy_ui/themes/icon.css HTTP/1.1" 304 -
117.184.7.26 - - [02/May/2021:10:45:09 +0800] "GET /xingrg/css/form.css HTTP/1.1" 304 -
117.184.7.26 - - [02/May/2021:10:45:09 +0800] "GET /xingrg/javascript/jquery-1.4.2.min.js HTTP/1.1" 304 -
114.88.160.164 - - [02/May/2021:10:45:09 +0800] "GET /xingrg/all/function/internal_message.html?_=1619923507286&CODE_STATE=getMsg HTTP/1.1" 200 27
117.184.7.26 - - [02/May/2021:10:45:09 +0800] "GET /xingrg/javascript/jquery_easy_ui/jquery.easyui.min.js HTTP/1.1" 304 -
117.184.7.26 - - [02/May/2021:10:45:09 +0800] "GET /xingrg/javascript/jquery_easy_ui/easyui-lang-zh_CN.js HTTP/1.1" 304 -
117.184.7.26 - - [02/May/2021:10:45:09 +0800] "GET /xingrg/javascript/jquery.form.js HTTP/1.1" 304 -
117.184.7.26 - - [02/May/2021:10:45:09 +0800] "GET /xingrg/javascript/jquery.utils.js HTTP/1.1" 304 -
117.184.7.26 - - [02/May/2021:10:45:09 +0800] "GET /xingrg/javascript/jquery.timers.js HTTP/1.1" 304 -
117.184.7.26 - - [02/May/2021:10:45:09 +0800] "GET /xingrg/images/blue/jxLogo.png HTTP/1.1" 304 -
117.184.7.26 - - [02/May/2021:10:45:09 +0800] "GET /xingrg/javascript/jquery_easy_ui/themes/icons/settle_new.png HTTP/1.1" 304 -
117.184.7.26 - - [02/May/2021:10:45:09 +0800] "POST /xingrg/all/common/load_tree.html?tree=area_rest_tree_json&manage=1 HTTP/1.1" 200 470
117.184.7.26 - - [02/May/2021:10:45:09 +0800] "GET /xingrg/all/function/internal_message.html?_=1619923509251&CODE_STATE=count HTTP/1.1" 200 11
117.184.7.26 - - [02/May/2021:10:45:09 +0800] "GET /xingrg/check_reg.html?_=1619923509251 HTTP/1.1" 200 22
117.184.7.26 - - [02/May/2021:10:45:09 +0800] "GET /xingrg/javascript/jquery_easy_ui/themes/default/images/tabs_leftarrow.png HTTP/1.1" 304 -
117.184.7.26 - - [02/May/2021:10:45:09 +0800] "GET /xingrg/javascript/jquery_easy_ui/themes/default/images/tabs_rightarrow.png HTTP/1.1" 304 -
117.184.7.26 - - [02/May/2021:10:45:09 +0800] "GET /xingrg/javascript/jquery_easy_ui/themes/default/images/panel_tool_collapse.gif HTTP/1.1" 304 -
117.184.7.26 - - [02/May/2021:10:45:09 +0800] "GET /xingrg/images/blue/pingpu.png HTTP/1.1" 304 -
117.184.7.26 - - [02/May/2021:10:45:09 +0800] "POST /xingrg/load_menu.html HTTP/1.1" 200 5138
117.184.7.26 - - [02/May/2021:10:45:09 +0800] "GET /xingrg/images/blue/navBackgound.jpg HTTP/1.1" 304 -
117.184.7.26 - - [02/May/2021:10:45:09 +0800] "GET /xingrg/javascript/jquery_easy_ui/themes/default/images/tree_folder_open.gif HTTP/1.1" 304 -
117.184.7.26 - - [02/May/2021:10:45:09 +0800] "GET /xingrg/javascript/jquery_easy_ui/themes/default/images/tree_arrows.gif HTTP/1.1" 304 -
117.184.7.26 - - [02/May/2021:10:45:09 +0800] "GET /xingrg/javascript/jquery_easy_ui/themes/icons/forms_new.png HTTP/1.1" 304 -
117.184.7.26 - - [02/May/2021:10:45:09 +0800] "GET /xingrg/javascript/jquery_easy_ui/themes/icons/search_new.png HTTP/1.1" 304 -
117.184.7.26 - - [02/May/2021:10:45:09 +0800] "GET /xingrg/javascript/jquery_easy_ui/themes/default/images/tree_folder.gif HTTP/1.1" 304 -
117.184.7.26 - - [02/May/2021:10:45:10 +0800] "GET /xingrg/javascript/jquery_easy_ui/themes/default/images/tree_file.gif HTTP/1.1" 304 -
117.184.7.26 - - [02/May/2021:10:45:10 +0800] "GET /xingrg/javascript/jquery_easy_ui/themes/icons/storage_new.png HTTP/1.1" 304 -
183.192.164.71 - - [02/May/2021:10:45:10 +0800] "GET /xingrg/kc/buy/cgsh_order_operate.html?command=get_materiel&rest_code=00106&code=00101008190&supplier_code=00100007&order_time=2021-05-02 HTTP/1.1" 302 -
117.184.7.26 - - [02/May/2021:10:45:10 +0800] "GET /xingrg/kc/base/base_main.html HTTP/1.1" 200 12142
117.184.7.26 - - [02/May/2021:10:45:11 +0800] "GET /xingrg/kc/mdqp/qp_main.html HTTP/1.1" 200 10633
117.184.7.26 - - [02/May/2021:10:45:11 +0800] "GET /xingrg/kc/mdqp/qp_main.html HTTP/1.1" 200 10633
117.184.7.26 - - [02/May/2021:10:45:12 +0800] "GET /xingrg/kc/mdqp/qp_main.html HTTP/1.1" 200 10633
117.184.7.26 - - [02/May/2021:10:45:12 +0800] "GET /xingrg/images/yd/bt.gif HTTP/1.1" 404 1040
183.192.164.71 - - [02/May/2021:10:45:12 +0800] "GET /xingrg/login.html HTTP/1.1" 200 7641
120.253.135.82 - - [02/May/2021:10:45:12 +0800] "POST /xingrg/kc/buy/cgsh_order_operate.html HTTP/1.1" 200 37
180.161.124.236 - - [02/May/2021:10:45:12 +0800] "GET /xingrg/kc/buy/cgsh_order_operate.html?command=get_materiel&rest_code=00102&code=00101008236&supplier_code=00100008&order_time=2021-05-02 HTTP/1.1" 200 416
117.184.7.26 - - [02/May/2021:10:45:12 +0800] "GET /xingrg/kc/mdqp/qqps_order_list.html HTTP/1.1" 200 9222
117.184.7.26 - - [02/May/2021:10:45:13 +0800] "GET /xingrg/dwr/interface/AjaxQqpsService.js HTTP/1.1" 200 16326
117.184.7.26 - - [02/May/2021:10:45:13 +0800] "GET /xingrg/dwr/interface/AjaxReportQueryService.js HTTP/1.1" 200 13203
117.184.7.26 - - [02/May/2021:10:45:13 +0800] "GET /xingrg/dwr/util.js HTTP/1.1" 304 -
117.184.7.26 - - [02/May/2021:10:45:13 +0800] "GET /xingrg/dwr/engine.js HTTP/1.1" 200 43631
120.253.135.82 - - [02/May/2021:10:45:14 +0800] "POST /xingrg/kc/buy/cgsh_order_operate.html HTTP/1.1" 200 2680
116.230.110.80 - - [02/May/2021:10:45:17 +0800] "POST /xingrg/kc/buy/cgsh_order_operate.html HTTP/1.1" 200 37
117.184.7.26 - - [02/May/2021:10:45:17 +0800] "GET /xingrg/kc/mdqp/qqps_order_list.html?isQuery=1&timeSelect=1&orderTime=day&startTime=2021-05-30&endTime=2021-05-02&state=all&query=%C8%B7++%B6%A8 HTTP/1.1" 200 9321
120.253.135.82 - - [02/May/2021:10:45:17 +0800] "GET /xingrg/kc/print/load_data.html?order_code=212021050200642&kc_code=cgsh&condition= HTTP/1.1" 200 741
117.184.7.26 - - [02/May/2021:10:45:17 +0800] "GET /xingrg/dwr/interface/AjaxReportQueryService.js HTTP/1.1" 200 13203
117.184.7.26 - - [02/May/2021:10:45:17 +0800] "GET /xingrg/dwr/interface/AjaxQqpsService.js HTTP/1.1" 200 16326
117.184.7.26 - - [02/May/2021:10:45:17 +0800] "GET /xingrg/dwr/engine.js HTTP/1.1" 200 43631
116.230.110.80 - - [02/May/2021:10:45:18 +0800] "POST /xingrg/kc/buy/cgsh_order_operate.html HTTP/1.1" 200 3851
116.230.110.80 - - [02/May/2021:10:45:19 +0800] "GET /xingrg/kc/print/load_data.html?order_code=212021050200643&kc_code=cgsh&condition= HTTP/1.1" 200 1142
124.77.71.179 - - [02/May/2021:10:45:19 +0800] "GET /xingrg/all/function/internal_message.html?_=1619923520769&CODE_STATE=getMsg HTTP/1.1" 200 27
180.169.147.146 - - [02/May/2021:10:45:21 +0800] "GET /xingrg/all/function/internal_message.html?_=1619923513396&CODE_STATE=getMsg HTTP/1.1" 200 27
117.184.7.26 - - [02/May/2021:10:45:21 +0800] "GET /xingrg/kc/mdqp/qqps_order_list.html?isQuery=1&timeSelect=1&orderTime=day&startTime=2021-05-29&endTime=2021-05-02&state=all&query=%C8%B7++%B6%A8 HTTP/1.1" 200 9321
117.184.7.26 - - [02/May/2021:10:45:21 +0800] "GET /xingrg/dwr/interface/AjaxQqpsService.js HTTP/1.1" 200 16326
117.184.7.26 - - [02/May/2021:10:45:21 +0800] "GET /xingrg/dwr/interface/AjaxReportQueryService.js HTTP/1.1" 200 13203
117.184.7.26 - - [02/May/2021:10:45:21 +0800] "GET /xingrg/dwr/engine.js HTTP/1.1" 200 43631
116.232.54.167 - - [02/May/2021:10:45:24 +0800] "GET /xingrg/all/function/internal_message.html?_=1619923525004&CODE_STATE=getMsg HTTP/1.1" 200 27
116.230.110.80 - - [02/May/2021:10:45:25 +0800] "GET /xingrg/kc/buy/cgsh_order_add.html HTTP/1.1" 200 62325
116.230.110.80 - - [02/May/2021:10:45:25 +0800] "POST /xingrg/kc/buy/cgsh_order_operate.html HTTP/1.1" 200 8245
116.230.110.80 - - [02/May/2021:10:45:25 +0800] "GET /xingrg/javascript/easyui/themes/default/validatebox.css HTTP/1.1" 404 1104
117.184.7.26 - - [02/May/2021:10:45:29 +0800] "GET /xingrg/kc/mdqp/qqps_order_list.html?isQuery=1&timeSelect=1&orderTime=day&startTime=2021-04-30&endTime=2021-05-02&state=all&query=%C8%B7++%B6%A8 HTTP/1.1" 200 11794
117.184.7.26 - - [02/May/2021:10:45:30 +0800] "GET /xingrg/dwr/interface/AjaxQqpsService.js HTTP/1.1" 200 16326
117.184.7.26 - - [02/May/2021:10:45:30 +0800] "GET /xingrg/dwr/engine.js HTTP/1.1" 200 43631
117.184.7.26 - - [02/May/2021:10:45:30 +0800] "GET /xingrg/dwr/interface/AjaxReportQueryService.js HTTP/1.1" 200 13203
117.185.32.26 - - [02/May/2021:10:45:31 +0800] "GET /xingrg/kc/buy/cgsh_order_operate.html?command=get_materiel&rest_code=00106&code=00101008264&supplier_code=00100007&order_time=2021-05-02 HTTP/1.1" 200 412
101.85.52.2 - - [02/May/2021:10:45:32 +0800] "GET /xingrg/all/function/internal_message.html?_=1619923532536&CODE_STATE=getMsg HTTP/1.1" 200 27
120.253.135.82 - - [02/May/2021:10:45:33 +0800] "POST /xingrg/kc/buy/cgsh_order_operate.html HTTP/1.1" 200 37
117.184.7.26 - - [02/May/2021:10:45:33 +0800] "GET /xingrg/kc/mdqp/qqps_order_info.html?code=302021050100020 HTTP/1.1" 200 26478
117.184.7.26 - - [02/May/2021:10:45:33 +0800] "GET /xingrg/dwr/interface/AjaxComOrderService.js HTTP/1.1" 200 18264
117.184.7.26 - - [02/May/2021:10:45:33 +0800] "GET /xingrg/dwr/interface/AjaxQqpsService.js HTTP/1.1" 200 16326
117.184.7.26 - - [02/May/2021:10:45:33 +0800] "GET /xingrg/dwr/engine.js HTTP/1.1" 200 43631
117.184.7.26 - - [02/May/2021:10:45:33 +0800] "GET /xingrg/words/20210501105541_words.js HTTP/1.1" 304 -
116.230.110.80 - - [02/May/2021:10:45:35 +0800] "GET /xingrg/kc/buy/cgsh_order_operate.html?command=get_materiel&rest_code=00155&code=00101008328&supplier_code=00100338&order_time=2021-05-02 HTTP/1.1" 200 411
117.184.7.26 - - [02/May/2021:10:45:36 +0800] "POST /xingrg/dwr/call/plaincall/AjaxQqpsService.loadMaterielItems.dwr HTTP/1.1" 200 1577
180.161.124.236 - - [02/May/2021:10:45:36 +0800] "GET /xingrg/kc/buy/cgsh_order_operate.html?command=get_materiel&rest_code=00102&code=00101008168&supplier_code=00100008&order_time=2021-05-02 HTTP/1.1" 200 413
117.184.7.26 - - [02/May/2021:10:45:39 +0800] "GET /xingrg/kc/mdqp/qqps_order_list.html?isBack=1 HTTP/1.1" 302 -
117.184.7.26 - - [02/May/2021:10:45:39 +0800] "GET /xingrg/kc/mdqp/qqps_order_list.html?isQuery=1&timeSelect=1&orderTime=day&startTime=2021-04-30&endTime=2021-05-02&state=all&query=%C8%B7++%B6%A8 HTTP/1.1" 200 11794
117.184.7.26 - - [02/May/2021:10:45:39 +0800] "GET /xingrg/dwr/interface/AjaxQqpsService.js HTTP/1.1" 200 16326
117.184.7.26 - - [02/May/2021:10:45:39 +0800] "GET /xingrg/dwr/interface/AjaxReportQueryService.js HTTP/1.1" 200 13203
117.184.7.26 - - [02/May/2021:10:45:40 +0800] "GET /xingrg/dwr/engine.js HTTP/1.1" 200 43631
117.184.7.26 - - [02/May/2021:10:45:41 +0800] "GET /xingrg/kc/mdqp/qqps_order_info.html?code=302021050100019 HTTP/1.1" 200 26478
117.184.7.26 - - [02/May/2021:10:45:41 +0800] "GET /xingrg/dwr/interface/AjaxComOrderService.js HTTP/1.1" 200 18264
117.184.7.26 - - [02/May/2021:10:45:41 +0800] "GET /xingrg/dwr/interface/AjaxQqpsService.js HTTP/1.1" 200 16326
117.184.7.26 - - [02/May/2021:10:45:41 +0800] "GET /xingrg/dwr/engine.js HTTP/1.1" 200 43631
116.230.110.80 - - [02/May/2021:10:45:42 +0800] "POST /xingrg/kc/buy/cgsh_order_operate.html HTTP/1.1" 200 37
117.184.7.26 - - [02/May/2021:10:45:42 +0800] "POST /xingrg/dwr/call/plaincall/AjaxQqpsService.loadMaterielItems.dwr HTTP/1.1" 200 749
116.230.110.80 - - [02/May/2021:10:45:43 +0800] "POST /xingrg/kc/buy/cgsh_order_operate.html HTTP/1.1" 200 2654
180.161.124.236 - - [02/May/2021:10:45:43 +0800] "GET /xingrg/kc/buy/cgsh_order_operate.html?command=get_materiel&rest_code=00102&code=00101013179&supplier_code=00100008&order_time=2021-05-02 HTTP/1.1" 200 414
117.185.32.26 - - [02/May/2021:10:45:43 +0800] "GET /xingrg/kc/buy/cgsh_order_operate.html?command=get_materiel&rest_code=00106&code=00101008439&supplier_code=00100007&order_time=2021-05-02 HTTP/1.1" 200 399
116.230.110.80 - - [02/May/2021:10:45:44 +0800] "GET /xingrg/kc/print/load_data.html?order_code=212021050200644&kc_code=cgsh&condition= HTTP/1.1" 200 676
116.230.110.80 - - [02/May/2021:10:45:45 +0800] "GET /xingrg/all/function/internal_message.html?_=1619923545100&CODE_STATE=getMsg HTTP/1.1" 200 27
117.184.7.26 - - [02/May/2021:10:45:45 +0800] "GET /xingrg/kc/mdqp/qqps_order_list.html?isBack=1 HTTP/1.1" 302 -
117.184.7.26 - - [02/May/2021:10:45:45 +0800] "GET /xingrg/kc/mdqp/qqps_order_list.html?isQuery=1&timeSelect=1&orderTime=day&startTime=2021-04-30&endTime=2021-05-02&state=all&query=%C8%B7++%B6%A8 HTTP/1.1" 200 11794
117.184.7.26 - - [02/May/2021:10:45:46 +0800] "GET /xingrg/dwr/interface/AjaxQqpsService.js HTTP/1.1" 200 16326
117.184.7.26 - - [02/May/2021:10:45:46 +0800] "GET /xingrg/dwr/interface/AjaxReportQueryService.js HTTP/1.1" 200 13203
117.184.7.26 - - [02/May/2021:10:45:46 +0800] "GET /xingrg/dwr/engine.js HTTP/1.1" 200 43631
116.230.110.80 - - [02/May/2021:10:45:46 +0800] "GET /xingrg/check_reg.html?_=1619923546078 HTTP/1.1" 200 22
58.40.7.146 - - [02/May/2021:10:45:46 +0800] "GET /xingrg/all/function/internal_message.html?_=1619923546718&CODE_STATE=getMsg HTTP/1.1" 200 27
58.40.7.146 - - [02/May/2021:10:45:46 +0800] "GET /xingrg/check_reg.html?_=1619923546720 HTTP/1.1" 200 22
117.184.7.26 - - [02/May/2021:10:45:47 +0800] "GET /xingrg/kc/mdqp/qqps_order_info.html?code=302021050100018 HTTP/1.1" 200 26478
117.184.7.26 - - [02/May/2021:10:45:47 +0800] "GET /xingrg/dwr/interface/AjaxComOrderService.js HTTP/1.1" 200 18264
117.184.7.26 - - [02/May/2021:10:45:47 +0800] "GET /xingrg/dwr/interface/AjaxQqpsService.js HTTP/1.1" 200 16326
117.184.7.26 - - [02/May/2021:10:45:47 +0800] "GET /xingrg/dwr/engine.js HTTP/1.1" 200 43631
116.230.110.80 - - [02/May/2021:10:45:49 +0800] "GET /xingrg/kc/buy/cgsh_order_add.html HTTP/1.1" 200 62325
116.230.110.80 - - [02/May/2021:10:45:49 +0800] "POST /xingrg/kc/buy/cgsh_order_operate.html HTTP/1.1" 200 8245
116.230.110.80 - - [02/May/2021:10:45:49 +0800] "GET /xingrg/javascript/easyui/themes/default/validatebox.css HTTP/1.1" 404 1104
180.161.124.236 - - [02/May/2021:10:45:49 +0800] "GET /xingrg/all/function/internal_message.html?_=1619923549801&CODE_STATE=getMsg HTTP/1.1" 200 27
117.184.7.26 - - [02/May/2021:10:45:50 +0800] "POST /xingrg/dwr/call/plaincall/AjaxQqpsService.loadMaterielItems.dwr HTTP/1.1" 200 1282
117.185.32.26 - - [02/May/2021:10:45:51 +0800] "GET /xingrg/all/function/internal_message.html?_=1619923547053&CODE_STATE=getMsg HTTP/1.1" 200 27
120.253.135.82 - - [02/May/2021:10:45:53 +0800] "POST /xingrg/kc/buy/cgsh_order_operate.html HTTP/1.1" 200 12
117.184.7.26 - - [02/May/2021:10:45:54 +0800] "GET /xingrg/kc/mdqp/qqps_order_list.html?isBack=1 HTTP/1.1" 302 -
117.184.7.26 - - [02/May/2021:10:45:54 +0800] "GET /xingrg/kc/mdqp/qqps_order_list.html?isQuery=1&timeSelect=1&orderTime=day&startTime=2021-04-30&endTime=2021-05-02&state=all&query=%C8%B7++%B6%A8 HTTP/1.1" 200 11794
117.184.7.26 - - [02/May/2021:10:45:54 +0800] "GET /xingrg/dwr/interface/AjaxReportQueryService.js HTTP/1.1" 200 13203
117.184.7.26 - - [02/May/2021:10:45:54 +0800] "GET /xingrg/dwr/interface/AjaxQqpsService.js HTTP/1.1" 200 16326
117.184.7.26 - - [02/May/2021:10:45:54 +0800] "GET /xingrg/dwr/engine.js HTTP/1.1" 200 43631
180.161.124.236 - - [02/May/2021:10:45:55 +0800] "GET /xingrg/kc/buy/cgsh_order_operate.html?command=get_materiel&rest_code=00102&code=00101019117&supplier_code=00100008&order_time=2021-05-02 HTTP/1.1" 200 421
116.224.253.72 - - [02/May/2021:10:45:56 +0800] "GET /xingrg/check_reg.html?_=1619923556425 HTTP/1.1" 200 22
116.224.253.72 - - [02/May/2021:10:45:56 +0800] "GET /xingrg/all/function/internal_message.html?_=1619923556483&CODE_STATE=getMsg HTTP/1.1" 200 27
117.184.7.26 - - [02/May/2021:10:45:57 +0800] "GET /xingrg/kc/mdqp/qqps_order_info.html?code=302021043000580 HTTP/1.1" 200 26478
117.184.7.26 - - [02/May/2021:10:45:57 +0800] "GET /xingrg/dwr/interface/AjaxComOrderService.js HTTP/1.1" 200 18264
117.184.7.26 - - [02/May/2021:10:45:57 +0800] "GET /xingrg/dwr/interface/AjaxQqpsService.js HTTP/1.1" 200 16326
117.184.7.26 - - [02/May/2021:10:45:57 +0800] "GET /xingrg/dwr/engine.js HTTP/1.1" 200 43631
117.185.32.26 - - [02/May/2021:10:45:57 +0800] "GET /xingrg/kc/buy/cgsh_order_operate.html?command=get_materiel&rest_code=00106&code=00101008137&supplier_code=00100007&order_time=2021-05-02 HTTP/1.1" 200 408
117.184.7.26 - - [02/May/2021:10:45:58 +0800] "POST /xingrg/dwr/call/plaincall/AjaxQqpsService.loadMaterielItems.dwr HTTP/1.1" 200 14722
116.230.110.80 - - [02/May/2021:10:45:58 +0800] "GET /xingrg/kc/buy/cgsh_order_operate.html?command=get_materiel&rest_code=00155&code=00101019816&supplier_code=00100337&order_time=2021-05-02 HTTP/1.1" 200 434
117.185.32.26 - - [02/May/2021:10:45:59 +0800] "POST /xingrg/kc/buy/cgsh_order_operate.html HTTP/1.1" 200 2065
58.40.7.146 - - [02/May/2021:10:46:01 +0800] "GET /xingrg/check_reg.html?_=1619923561265 HTTP/1.1" 200 22
58.40.7.146 - - [02/May/2021:10:46:01 +0800] "GET /xingrg/all/function/internal_message.html?_=1619923561271&CODE_STATE=getMsg HTTP/1.1" 200 27
172.20.0.100 - - [02/May/2021:10:46:04 +0800] "GET /xingrg/all/function/internal_message.html?_=1619923564686&CODE_STATE=getMsg HTTP/1.1" 200 27
117.185.32.26 - - [02/May/2021:10:46:05 +0800] "GET /xingrg/kc/buy/cgsh_order_operate.html?command=get_materiel&rest_code=00106&code=00101008360&supplier_code=00100007&order_time=2021-05-02 HTTP/1.1" 200 412
180.161.124.236 - - [02/May/2021:10:46:06 +0800] "GET /xingrg/kc/buy/cgsh_order_operate.html?command=get_materiel&rest_code=00102&code=00101008355&supplier_code=00100008&order_time=2021-05-02 HTTP/1.1" 200 408
61.165.42.208 - - [02/May/2021:10:46:08 +0800] "GET /xingrg/all/function/internal_message.html?_=1619923569716&CODE_STATE=getMsg HTTP/1.1" 200 27
114.88.160.164 - - [02/May/2021:10:46:09 +0800] "GET /xingrg/all/function/internal_message.html?_=1619923567301&CODE_STATE=getMsg HTTP/1.1" 200 27
117.184.7.26 - - [02/May/2021:10:46:09 +0800] "GET /xingrg/all/function/internal_message.html?_=1619923569269&CODE_STATE=getMsg HTTP/1.1" 200 27
116.230.110.80 - - [02/May/2021:10:46:10 +0800] "GET /xingrg/kc/buy/cgsh_order_operate.html?command=get_materiel&rest_code=00155&code=00101013062&supplier_code=00100337&order_time=2021-05-02 HTTP/1.1" 200 414
120.204.17.72 - - [02/May/2021:10:46:10 +0800] "GET /xingrg/kc/buy/cgsh_order_operate.html?command=get_materiel&rest_code=00106&code=00101008067&supplier_code=00100007&order_time=2021-05-02 HTTP/1.1" 302 -
180.161.124.236 - - [02/May/2021:10:46:12 +0800] "POST /xingrg/kc/buy/cgsh_order_operate.html HTTP/1.1" 200 2065
117.185.32.26 - - [02/May/2021:10:46:13 +0800] "GET /xingrg/kc/buy/cgsh_order_operate.html?command=get_materiel&rest_code=00106&code=00101008286&supplier_code=00100007&order_time=2021-05-02 HTTP/1.1" 200 408
120.204.17.72 - - [02/May/2021:10:46:15 +0800] "GET /xingrg/login.html HTTP/1.1" 200 7641
124.77.71.179 - - [02/May/2021:10:46:18 +0800] "GET /xingrg/check_reg.html?_=1619923579340 HTTP/1.1" 200 22
116.230.110.80 - - [02/May/2021:10:46:19 +0800] "POST /xingrg/kc/buy/cgsh_order_operate.html HTTP/1.1" 200 37
180.161.124.236 - - [02/May/2021:10:46:19 +0800] "GET /xingrg/kc/buy/cgsh_order_operate.html?command=get_materiel&rest_code=00102&code=00101008362&supplier_code=00100008&order_time=2021-05-02 HTTP/1.1" 200 408
124.77.71.179 - - [02/May/2021:10:46:19 +0800] "GET /xingrg/all/function/internal_message.html?_=1619923580746&CODE_STATE=getMsg HTTP/1.1" 200 27
116.230.110.80 - - [02/May/2021:10:46:20 +0800] "POST /xingrg/kc/buy/cgsh_order_operate.html HTTP/1.1" 200 3258
180.169.147.146 - - [02/May/2021:10:46:21 +0800] "GET /xingrg/all/function/internal_message.html?_=1619923573374&CODE_STATE=getMsg HTTP/1.1" 200 27
116.230.110.80 - - [02/May/2021:10:46:21 +0800] "GET /xingrg/kc/print/load_data.html?order_code=212021050200645&kc_code=cgsh&condition= HTTP/1.1" 200 918
117.185.32.26 - - [02/May/2021:10:46:22 +0800] "GET /xingrg/kc/buy/cgsh_order_operate.html?command=get_materiel&rest_code=00106&code=00101008131&supplier_code=00100007&order_time=2021-05-02 HTTP/1.1" 200 408
116.232.54.167 - - [02/May/2021:10:46:24 +0800] "GET /xingrg/all/function/internal_message.html?_=1619923585002&CODE_STATE=getMsg HTTP/1.1" 200 27
116.230.110.80 - - [02/May/2021:10:46:26 +0800] "GET /xingrg/kc/buy/cgsh_order_add.html HTTP/1.1" 200 62325
116.230.110.80 - - [02/May/2021:10:46:26 +0800] "POST /xingrg/kc/buy/cgsh_order_operate.html HTTP/1.1" 200 8245
116.230.110.80 - - [02/May/2021:10:46:26 +0800] "GET /xingrg/javascript/easyui/themes/default/validatebox.css HTTP/1.1" 404 1104
180.161.124.236 - - [02/May/2021:10:46:30 +0800] "POST /xingrg/kc/buy/cgsh_order_operate.html HTTP/1.1" 200 37
180.161.124.236 - - [02/May/2021:10:46:31 +0800] "POST /xingrg/kc/buy/cgsh_order_operate.html HTTP/1.1" 200 14505
117.185.32.26 - - [02/May/2021:10:46:32 +0800] "GET /xingrg/kc/buy/cgsh_order_operate.html?command=get_materiel&rest_code=00106&code=00101008352&supplier_code=00100007&order_time=2021-05-02 HTTP/1.1" 200 412
101.85.52.2 - - [02/May/2021:10:46:32 +0800] "GET /xingrg/all/function/internal_message.html?_=1619923592537&CODE_STATE=getMsg HTTP/1.1" 200 27
116.230.110.80 - - [02/May/2021:10:46:34 +0800] "GET /xingrg/kc/buy/cgsh_order_operate.html?command=get_materiel&rest_code=00155&code=00101007032&supplier_code=00100328&order_time=2021-05-02 HTTP/1.1" 200 413
117.184.7.26 - - [02/May/2021:10:46:39 +0800] "GET /xingrg/images/yd/bt2.gif HTTP/1.1" 404 1042
120.253.135.82 - - [02/May/2021:10:46:42 +0800] "GET /xingrg/kc/buy/cgsh_order_info.html?code=212021050200642 HTTP/1.1" 200 56312
120.253.135.82 - - [02/May/2021:10:46:42 +0800] "GET /xingrg/javascript/easyui/themes/default/validatebox.css HTTP/1.1" 404 1104
120.253.135.82 - - [02/May/2021:10:46:42 +0800] "GET /xingrg/all/function/internal_message.html?_=1619923383008&CODE_STATE=getMsg HTTP/1.1" 200 27
116.230.110.80 - - [02/May/2021:10:46:44 +0800] "POST /xingrg/kc/buy/cgsh_order_operate.html HTTP/1.1" 200 37
120.253.135.82 - - [02/May/2021:10:46:44 +0800] "POST /xingrg/kc/buy/cgsh_order_operate.html HTTP/1.1" 200 630
116.230.110.80 - - [02/May/2021:10:46:45 +0800] "GET /xingrg/all/function/internal_message.html?_=1619923605083&CODE_STATE=getMsg HTTP/1.1" 200 27
117.185.32.26 - - [02/May/2021:10:46:45 +0800] "GET /xingrg/kc/buy/cgsh_order_operate.html?command=get_materiel&rest_code=00106&code=00101008098&supplier_code=00100007&order_time=2021-05-02 HTTP/1.1" 200 412
116.230.110.80 - - [02/May/2021:10:46:45 +0800] "POST /xingrg/kc/buy/cgsh_order_operate.html HTTP/1.1" 200 2656
124.77.71.179 - - [02/May/2021:10:46:46 +0800] "GET /xingrg/kc/buy/cgsh_order_operate.html?command=get_materiel&rest_code=00107&code=00101003062&supplier_code=00100091&order_time=2021-05-02 HTTP/1.1" 200 401
116.230.110.80 - - [02/May/2021:10:46:46 +0800] "GET /xingrg/kc/print/load_data.html?order_code=212021050200647&kc_code=cgsh&condition= HTTP/1.1" 200 677
58.40.7.146 - - [02/May/2021:10:46:46 +0800] "GET /xingrg/all/function/internal_message.html?_=1619923606720&CODE_STATE=getMsg HTTP/1.1" 200 27
120.253.135.82 - - [02/May/2021:10:46:47 +0800] "POST /xingrg/kc/buy/cgsh_list_operate.html HTTP/1.1" 200 876
180.161.124.236 - - [02/May/2021:10:46:48 +0800] "POST /xingrg/kc/buy/cgsh_order_operate.html HTTP/1.1" 200 37
180.161.124.236 - - [02/May/2021:10:46:49 +0800] "GET /xingrg/check_reg.html?_=1619923609506 HTTP/1.1" 200 22
180.161.124.236 - - [02/May/2021:10:46:49 +0800] "GET /xingrg/all/function/internal_message.html?_=1619923609815&CODE_STATE=getMsg HTTP/1.1" 200 27
180.161.124.236 - - [02/May/2021:10:46:49 +0800] "POST /xingrg/kc/buy/cgsh_order_operate.html HTTP/1.1" 200 14505
117.185.32.26 - - [02/May/2021:10:46:50 +0800] "POST /xingrg/kc/buy/cgsh_order_operate.html HTTP/1.1" 200 2065
120.253.135.82 - - [02/May/2021:10:46:51 +0800] "GET /xingrg/kc/pszx/mdps_order_list.html?orderType=0 HTTP/1.1" 200 21159
120.253.135.82 - - [02/May/2021:10:46:51 +0800] "POST /xingrg/kc/pszx/mdps_list_operate.html HTTP/1.1" 200 5640
116.230.110.80 - - [02/May/2021:10:46:51 +0800] "GET /xingrg/kc/buy/cgsh_order_add.html HTTP/1.1" 200 62325
116.230.110.80 - - [02/May/2021:10:46:51 +0800] "POST /xingrg/kc/buy/cgsh_order_operate.html HTTP/1.1" 200 8245
116.230.110.80 - - [02/May/2021:10:46:51 +0800] "GET /xingrg/javascript/easyui/themes/default/validatebox.css HTTP/1.1" 404 1104
120.253.135.82 - - [02/May/2021:10:46:51 +0800] "POST /xingrg/kc/buy/cgsh_list_operate.html HTTP/1.1" 200 876
117.185.32.26 - - [02/May/2021:10:46:51 +0800] "GET /xingrg/all/function/internal_message.html?_=1619923607026&CODE_STATE=getMsg HTTP/1.1" 200 27
180.161.124.236 - - [02/May/2021:10:46:54 +0800] "POST /xingrg/kc/buy/cgsh_list_operate.html HTTP/1.1" 200 2412
117.185.32.26 - - [02/May/2021:10:46:54 +0800] "GET /xingrg/kc/buy/cgsh_order_operate.html?command=get_materiel&rest_code=00106&code=00101008005&supplier_code=00100007&order_time=2021-05-02 HTTP/1.1" 200 412
116.224.253.72 - - [02/May/2021:10:46:56 +0800] "GET /xingrg/all/function/internal_message.html?_=1619923616496&CODE_STATE=getMsg HTTP/1.1" 200 27
120.253.135.82 - - [02/May/2021:10:46:58 +0800] "POST /xingrg/kc/pszx/mdps_list_operate.html HTTP/1.1" 200 4302
116.230.110.80 - - [02/May/2021:10:46:59 +0800] "GET /xingrg/kc/buy/cgsh_order_operate.html?command=get_materiel&rest_code=00155&code=00101008145&supplier_code=00100327&order_time=2021-05-02 HTTP/1.1" 200 416
58.40.7.146 - - [02/May/2021:10:47:01 +0800] "GET /xingrg/all/function/internal_message.html?_=1619923621242&CODE_STATE=getMsg HTTP/1.1" 200 27
180.161.124.236 - - [02/May/2021:10:47:01 +0800] "POST /xingrg/kc/buy/cgsh_list_operate.html HTTP/1.1" 200 2412
120.253.135.82 - - [02/May/2021:10:47:01 +0800] "POST /xingrg/kc/pszx/mdps_list_operate.html HTTP/1.1" 200 618
120.253.135.82 - - [02/May/2021:10:47:02 +0800] "GET /xingrg/kc/pszx/mdps_order_info.html?code=312021050100016 HTTP/1.1" 200 23931
120.253.135.82 - - [02/May/2021:10:47:03 +0800] "POST /xingrg/kc/pszx/mdps_order_operate.html HTTP/1.1" 200 7845
120.253.135.82 - - [02/May/2021:10:47:03 +0800] "GET /xingrg/javascript/easyui/themes/default/validatebox.css HTTP/1.1" 404 1104
116.230.110.80 - - [02/May/2021:10:47:04 +0800] "POST /xingrg/kc/buy/cgsh_order_operate.html HTTP/1.1" 200 37
117.185.32.26 - - [02/May/2021:10:47:04 +0800] "GET /xingrg/kc/buy/cgsh_order_operate.html?command=get_materiel&rest_code=00106&code=00101008353&supplier_code=00100007&order_time=2021-05-02 HTTP/1.1" 200 408
120.204.17.70 - - [02/May/2021:10:47:04 +0800] "GET /xingrg/kc/buy/cgsh_order_operate.html?command=get_materiel&rest_code=00106&code=00101008360&supplier_code=00100007&order_time=2021-05-02 HTTP/1.1" 302 -
172.20.0.100 - - [02/May/2021:10:47:04 +0800] "GET /xingrg/all/function/internal_message.html?_=1619923624688&CODE_STATE=getMsg HTTP/1.1" 200 27
116.230.110.80 - - [02/May/2021:10:47:05 +0800] "POST /xingrg/kc/buy/cgsh_order_operate.html HTTP/1.1" 200 2660
120.204.17.70 - - [02/May/2021:10:47:06 +0800] "GET /xingrg/login.html HTTP/1.1" 200 7641
116.230.110.80 - - [02/May/2021:10:47:06 +0800] "GET /xingrg/kc/print/load_data.html?order_code=212021050200648&kc_code=cgsh&condition= HTTP/1.1" 200 672
61.165.42.208 - - [02/May/2021:10:47:08 +0800] "GET /xingrg/all/function/internal_message.html?_=1619923629716&CODE_STATE=getMsg HTTP/1.1" 200 27
180.161.124.236 - - [02/May/2021:10:47:09 +0800] "POST /xingrg/kc/buy/cgsh_list_operate.html HTTP/1.1" 200 4
114.88.160.164 - - [02/May/2021:10:47:09 +0800] "GET /xingrg/all/function/internal_message.html?_=1619923627570&CODE_STATE=getMsg HTTP/1.1" 200 27
117.184.7.26 - - [02/May/2021:10:47:09 +0800] "GET /xingrg/all/function/internal_message.html?_=1619923629266&CODE_STATE=getMsg HTTP/1.1" 200 27
116.230.110.80 - - [02/May/2021:10:47:11 +0800] "GET /xingrg/kc/buy/cgsh_order_add.html HTTP/1.1" 200 62325
116.230.110.80 - - [02/May/2021:10:47:11 +0800] "POST /xingrg/kc/buy/cgsh_order_operate.html HTTP/1.1" 200 8245
116.230.110.80 - - [02/May/2021:10:47:11 +0800] "GET /xingrg/javascript/easyui/themes/default/validatebox.css HTTP/1.1" 404 1104
117.185.32.26 - - [02/May/2021:10:47:13 +0800] "GET /xingrg/kc/buy/cgsh_order_operate.html?command=get_materiel&rest_code=00106&code=00101008114&supplier_code=00100007&order_time=2021-05-02 HTTP/1.1" 200 412
120.253.135.82 - - [02/May/2021:10:47:14 +0800] "POST /xingrg/kc/pszx/mdps_list_operate.html HTTP/1.1" 200 4302
120.253.135.82 - - [02/May/2021:10:47:14 +0800] "GET /xingrg/kc/buy/cgsh_order_list.html HTTP/1.1" 200 46619
