58.40.7.146 - - [02/May/2021:10:31:59 +0800] "POST /xingrg/dwr/call/plaincall/AjaxCheckService.setItemNumber.dwr HTTP/1.1" 200 77
58.40.7.146 - - [02/May/2021:10:32:00 +0800] "POST /xingrg/dwr/call/plaincall/AjaxCheckService.setItemNumber.dwr HTTP/1.1" 200 77
114.88.160.164 - - [02/May/2021:10:32:00 +0800] "GET /xingrg/kc/print/load_data.html?order_code=212021050200613&kc_code=cgsh&condition= HTTP/1.1" 200 680
116.230.114.112 - - [02/May/2021:10:32:00 +0800] "GET /xingrg/all/function/internal_message.html?_=1619922722260&CODE_STATE=getMsg HTTP/1.1" 200 27
116.230.114.112 - - [02/May/2021:10:32:03 +0800] "GET /xingrg/kc/buy/cgsh_order_operate.html?command=get_materiel&rest_code=00146&code=00101016122&supplier_code=00100005&order_time=2021-05-02 HTTP/1.1" 200 395
114.88.160.164 - - [02/May/2021:10:32:05 +0800] "GET /xingrg/all/function/internal_message.html?_=1619922723304&CODE_STATE=getMsg HTTP/1.1" 200 27
114.88.160.164 - - [02/May/2021:10:32:05 +0800] "GET /xingrg/kc/buy/cgsh_order_add.html HTTP/1.1" 200 62357
114.88.160.164 - - [02/May/2021:10:32:06 +0800] "POST /xingrg/kc/buy/cgsh_order_operate.html HTTP/1.1" 200 8245
114.88.160.164 - - [02/May/2021:10:32:06 +0800] "GET /xingrg/javascript/easyui/themes/default/validatebox.css HTTP/1.1" 404 1104
61.165.42.208 - - [02/May/2021:10:32:07 +0800] "GET /xingrg/all/function/internal_message.html?_=1619922729682&CODE_STATE=getMsg HTTP/1.1" 200 27
124.77.71.179 - - [02/May/2021:10:32:11 +0800] "GET /xingrg/kc/buy/cgsh_order_operate.html?command=get_materiel&rest_code=00107&code=00101001010&supplier_code=00100041&order_time=2021-05-02 HTTP/1.1" 200 409
116.230.114.112 - - [02/May/2021:10:32:11 +0800] "POST /xingrg/kc/buy/cgsh_order_operate.html HTTP/1.1" 200 2065
116.230.114.112 - - [02/May/2021:10:32:18 +0800] "GET /xingrg/kc/buy/cgsh_order_operate.html?command=get_materiel&rest_code=00146&code=00101008305&supplier_code=00100005&order_time=2021-05-02 HTTP/1.1" 200 412
124.77.71.179 - - [02/May/2021:10:32:18 +0800] "GET /xingrg/all/function/internal_message.html?_=1619922739244&CODE_STATE=getMsg HTTP/1.1" 200 27
116.224.253.72 - - [02/May/2021:10:32:19 +0800] "GET /xingrg/all/function/internal_message.html?_=1619922738724&CODE_STATE=getMsg HTTP/1.1" 200 27
114.88.160.164 - - [02/May/2021:10:32:20 +0800] "GET /xingrg/kc/buy/cgsh_order_operate.html?command=get_materiel&rest_code=00111&code=00101009034&supplier_code=00100335&order_time=2021-05-02 HTTP/1.1" 200 428
180.169.147.146 - - [02/May/2021:10:32:21 +0800] "GET /xingrg/all/function/internal_message.html?_=1619922733603&CODE_STATE=getMsg HTTP/1.1" 200 27
116.232.54.167 - - [02/May/2021:10:32:24 +0800] "GET /xingrg/all/function/internal_message.html?_=1619922744966&CODE_STATE=getMsg HTTP/1.1" 200 27
114.88.160.164 - - [02/May/2021:10:32:30 +0800] "POST /xingrg/kc/buy/cgsh_order_operate.html HTTP/1.1" 200 64
124.77.71.179 - - [02/May/2021:10:32:31 +0800] "POST /xingrg/kc/buy/cgsh_order_operate.html HTTP/1.1" 200 37
101.85.52.2 - - [02/May/2021:10:32:32 +0800] "GET /xingrg/all/function/internal_message.html?_=1619922752530&CODE_STATE=getMsg HTTP/1.1" 200 27
116.230.114.112 - - [02/May/2021:10:32:32 +0800] "GET /xingrg/kc/buy/cgsh_order_operate.html?command=get_materiel&rest_code=00146&code=00101008285&supplier_code=00100005&order_time=2021-05-02 HTTP/1.1" 200 413
124.77.71.179 - - [02/May/2021:10:32:36 +0800] "POST /xingrg/kc/buy/cgsh_order_operate.html HTTP/1.1" 200 3243
114.88.160.164 - - [02/May/2021:10:32:38 +0800] "POST /xingrg/kc/buy/cgsh_order_operate.html HTTP/1.1" 200 37
124.77.71.179 - - [02/May/2021:10:32:38 +0800] "GET /xingrg/kc/print/load_data.html?order_code=212021050200614&kc_code=cgsh&condition= HTTP/1.1" 200 910
120.253.135.82 - - [02/May/2021:10:32:39 +0800] "GET /xingrg/all/function/internal_message.html?_=1619922539807&CODE_STATE=getMsg HTTP/1.1" 200 27
124.77.71.179 - - [02/May/2021:10:32:42 +0800] "GET /xingrg/kc/buy/cgsh_order_add.html HTTP/1.1" 200 62445
124.77.71.179 - - [02/May/2021:10:32:43 +0800] "GET /xingrg/javascript/easyui/themes/default/validatebox.css HTTP/1.1" 404 1104
124.77.71.179 - - [02/May/2021:10:32:43 +0800] "POST /xingrg/kc/buy/cgsh_order_operate.html HTTP/1.1" 200 8245
116.230.110.80 - - [02/May/2021:10:32:45 +0800] "GET /xingrg/all/function/internal_message.html?_=1619922765310&CODE_STATE=getMsg HTTP/1.1" 200 27
124.77.71.179 - - [02/May/2021:10:32:46 +0800] "GET /xingrg/javascript/easyui/themes/default/tree.css HTTP/1.1" 404 1090
124.77.71.179 - - [02/May/2021:10:32:46 +0800] "POST /xingrg/all/common/load_tree.html?tree=supplier_tree_json&isDelete=1 HTTP/1.1" 200 55318
58.40.7.146 - - [02/May/2021:10:32:46 +0800] "GET /xingrg/all/function/internal_message.html?_=1619922766712&CODE_STATE=getMsg HTTP/1.1" 200 27
180.161.124.236 - - [02/May/2021:10:32:49 +0800] "GET /xingrg/all/function/internal_message.html?_=1619922769529&CODE_STATE=getMsg HTTP/1.1" 200 27
117.185.32.26 - - [02/May/2021:10:32:51 +0800] "GET /xingrg/all/function/internal_message.html?_=1619922767008&CODE_STATE=getMsg HTTP/1.1" 200 27
58.40.7.146 - - [02/May/2021:10:32:53 +0800] "GET /xingrg/all/function/internal_message.html?_=1619922773084&CODE_STATE=getMsg HTTP/1.1" 200 27
116.230.114.112 - - [02/May/2021:10:32:54 +0800] "GET /xingrg/kc/buy/cgsh_order_operate.html?command=get_materiel&rest_code=00146&code=00101019529&supplier_code=00100005&order_time=2021-05-02 HTTP/1.1" 200 456
124.77.71.179 - - [02/May/2021:10:32:59 +0800] "GET /xingrg/kc/buy/cgsh_order_operate.html?command=get_materiel&rest_code=00107&code=00101007075&supplier_code=00100002&order_time=2021-05-02 HTTP/1.1" 200 410
116.230.114.112 - - [02/May/2021:10:33:00 +0800] "GET /xingrg/all/function/internal_message.html?_=1619922782274&CODE_STATE=getMsg HTTP/1.1" 200 27
58.40.7.146 - - [02/May/2021:10:33:03 +0800] "POST /xingrg/dwr/call/plaincall/AjaxCheckService.setItemNumber.dwr HTTP/1.1" 200 77
58.40.7.146 - - [02/May/2021:10:33:04 +0800] "POST /xingrg/dwr/call/plaincall/AjaxCheckService.setItemNumber.dwr HTTP/1.1" 200 77
58.40.7.146 - - [02/May/2021:10:33:05 +0800] "POST /xingrg/dwr/call/plaincall/AjaxCheckService.setItemNumber.dwr HTTP/1.1" 200 77
116.230.114.112 - - [02/May/2021:10:33:07 +0800] "GET /xingrg/kc/buy/cgsh_order_operate.html?command=get_materiel&rest_code=00146&code=00101008298&supplier_code=00100005&order_time=2021-05-02 HTTP/1.1" 200 413
61.165.42.208 - - [02/May/2021:10:33:07 +0800] "GET /xingrg/all/function/internal_message.html?_=1619922789683&CODE_STATE=getMsg HTTP/1.1" 200 27
61.165.42.208 - - [02/May/2021:10:33:08 +0800] "GET /xingrg/check_reg.html?_=1619922789684 HTTP/1.1" 200 22
58.40.7.146 - - [02/May/2021:10:33:13 +0800] "POST /xingrg/dwr/call/plaincall/AjaxCheckService.setItemNumber.dwr HTTP/1.1" 200 77
58.40.7.146 - - [02/May/2021:10:33:16 +0800] "POST /xingrg/dwr/call/plaincall/AjaxCheckService.setItemNumber.dwr HTTP/1.1" 200 77
58.40.7.146 - - [02/May/2021:10:33:17 +0800] "POST /xingrg/dwr/call/plaincall/AjaxCheckService.setItemNumber.dwr HTTP/1.1" 200 77
124.77.71.179 - - [02/May/2021:10:33:17 +0800] "GET /xingrg/kc/buy/cgsh_order_operate.html?command=get_materiel&rest_code=00107&code=00101007048&supplier_code=00100002&order_time=2021-05-02 HTTP/1.1" 200 408
58.40.7.146 - - [02/May/2021:10:33:18 +0800] "POST /xingrg/dwr/call/plaincall/AjaxCheckService.setItemNumber.dwr HTTP/1.1" 200 77
124.77.71.179 - - [02/May/2021:10:33:18 +0800] "GET /xingrg/all/function/internal_message.html?_=1619922799259&CODE_STATE=getMsg HTTP/1.1" 200 27
58.40.7.146 - - [02/May/2021:10:33:18 +0800] "POST /xingrg/dwr/call/plaincall/AjaxCheckService.setItemNumber.dwr HTTP/1.1" 200 77
58.40.7.146 - - [02/May/2021:10:33:19 +0800] "POST /xingrg/dwr/call/plaincall/AjaxCheckService.setItemNumber.dwr HTTP/1.1" 200 77
116.224.253.72 - - [02/May/2021:10:33:19 +0800] "GET /xingrg/all/function/internal_message.html?_=1619922798738&CODE_STATE=getMsg HTTP/1.1" 200 27
58.40.7.146 - - [02/May/2021:10:33:20 +0800] "POST /xingrg/dwr/call/plaincall/AjaxCheckService.setItemNumber.dwr HTTP/1.1" 200 77
58.40.7.146 - - [02/May/2021:10:33:21 +0800] "POST /xingrg/dwr/call/plaincall/AjaxCheckService.setItemNumber.dwr HTTP/1.1" 200 77
180.169.147.146 - - [02/May/2021:10:33:21 +0800] "GET /xingrg/all/function/internal_message.html?_=1619922793572&CODE_STATE=getMsg HTTP/1.1" 200 27
58.40.7.146 - - [02/May/2021:10:33:21 +0800] "POST /xingrg/dwr/call/plaincall/AjaxCheckService.setItemNumber.dwr HTTP/1.1" 200 77
58.40.7.146 - - [02/May/2021:10:33:22 +0800] "POST /xingrg/dwr/call/plaincall/AjaxCheckService.setItemNumber.dwr HTTP/1.1" 200 77
58.40.7.146 - - [02/May/2021:10:33:22 +0800] "POST /xingrg/dwr/call/plaincall/AjaxCheckService.setItemNumber.dwr HTTP/1.1" 200 77
58.40.7.146 - - [02/May/2021:10:33:22 +0800] "POST /xingrg/dwr/call/plaincall/AjaxCheckService.setItemNumber.dwr HTTP/1.1" 200 77
58.40.7.146 - - [02/May/2021:10:33:23 +0800] "POST /xingrg/dwr/call/plaincall/AjaxCheckService.setItemNumber.dwr HTTP/1.1" 200 77
58.40.7.146 - - [02/May/2021:10:33:23 +0800] "POST /xingrg/dwr/call/plaincall/AjaxCheckService.setItemNumber.dwr HTTP/1.1" 200 77
58.40.7.146 - - [02/May/2021:10:33:24 +0800] "POST /xingrg/dwr/call/plaincall/AjaxCheckService.setItemNumber.dwr HTTP/1.1" 200 77
116.232.54.167 - - [02/May/2021:10:33:24 +0800] "GET /xingrg/all/function/internal_message.html?_=1619922804972&CODE_STATE=getMsg HTTP/1.1" 200 27
58.40.7.146 - - [02/May/2021:10:33:25 +0800] "POST /xingrg/dwr/call/plaincall/AjaxCheckService.setItemNumber.dwr HTTP/1.1" 200 77
58.40.7.146 - - [02/May/2021:10:33:28 +0800] "POST /xingrg/dwr/call/plaincall/AjaxCheckService.setItemNumber.dwr HTTP/1.1" 200 77
58.40.7.146 - - [02/May/2021:10:33:29 +0800] "POST /xingrg/dwr/call/plaincall/AjaxCheckService.setItemNumber.dwr HTTP/1.1" 200 77
101.85.52.2 - - [02/May/2021:10:33:32 +0800] "GET /xingrg/all/function/internal_message.html?_=1619922812543&CODE_STATE=getMsg HTTP/1.1" 200 27
101.85.52.2 - - [02/May/2021:10:33:32 +0800] "GET /xingrg/check_reg.html?_=1619922812546 HTTP/1.1" 200 22
124.77.71.179 - - [02/May/2021:10:33:34 +0800] "GET /xingrg/kc/buy/cgsh_order_operate.html?command=get_materiel&rest_code=00107&code=00101007022&supplier_code=00100002&order_time=2021-05-02 HTTP/1.1" 200 413
116.233.72.76 - - [02/May/2021:10:33:37 +0800] "POST /xingrg/services/DataTransmitService HTTP/1.1" 401 565
116.233.72.76 - - [02/May/2021:10:33:37 +0800] "POST /xingrg/services/DataTransmitService HTTP/1.1" 200 478
116.233.72.76 - - [02/May/2021:10:33:37 +0800] "POST /xingrg/services/DataTransmitService HTTP/1.1" 200 1320
116.233.72.76 - - [02/May/2021:10:33:37 +0800] "POST /xingrg/services/DataTransmitService HTTP/1.1" 200 478
116.233.72.76 - - [02/May/2021:10:33:37 +0800] "POST /xingrg/services/DataTransmitService HTTP/1.1" 200 1320
116.233.72.76 - - [02/May/2021:10:33:37 +0800] "POST /xingrg/services/DataTransmitService HTTP/1.1" 200 524
116.233.72.76 - - [02/May/2021:10:33:37 +0800] "POST /xingrg/services/DataTransmitService HTTP/1.1" 200 2487
116.233.72.76 - - [02/May/2021:10:33:38 +0800] "POST /xingrg/services/DataTransmitService HTTP/1.1" 200 2603
116.233.72.76 - - [02/May/2021:10:33:38 +0800] "POST /xingrg/services/DataTransmitService HTTP/1.1" 200 1463
116.233.72.76 - - [02/May/2021:10:33:39 +0800] "POST /xingrg/services/DataTransmitService HTTP/1.1" 200 147452
120.253.135.82 - - [02/May/2021:10:33:39 +0800] "GET /xingrg/check_reg.html?_=1619922599522 HTTP/1.1" 200 22
120.253.135.82 - - [02/May/2021:10:33:39 +0800] "GET /xingrg/all/function/internal_message.html?_=1619922599820&CODE_STATE=getMsg HTTP/1.1" 200 27
116.230.110.80 - - [02/May/2021:10:33:45 +0800] "GET /xingrg/all/function/internal_message.html?_=1619922825284&CODE_STATE=getMsg HTTP/1.1" 200 27
58.40.7.146 - - [02/May/2021:10:33:46 +0800] "GET /xingrg/all/function/internal_message.html?_=1619922826713&CODE_STATE=getMsg HTTP/1.1" 200 27
180.161.124.236 - - [02/May/2021:10:33:49 +0800] "GET /xingrg/all/function/internal_message.html?_=1619922829545&CODE_STATE=getMsg HTTP/1.1" 200 27
58.40.7.146 - - [02/May/2021:10:33:50 +0800] "POST /xingrg/dwr/call/plaincall/AjaxCheckService.setItemNumber.dwr HTTP/1.1" 200 77
180.169.147.146 - - [02/May/2021:10:33:50 +0800] "GET /favicon.ico HTTP/1.1" 404 -
117.185.32.26 - - [02/May/2021:10:33:51 +0800] "GET /xingrg/all/function/internal_message.html?_=1619922827002&CODE_STATE=getMsg HTTP/1.1" 200 27
124.77.71.179 - - [02/May/2021:10:33:53 +0800] "GET /xingrg/kc/buy/cgsh_order_operate.html?command=get_materiel&rest_code=00107&code=00101007059&supplier_code=00100002&order_time=2021-05-02 HTTP/1.1" 200 409
58.40.7.146 - - [02/May/2021:10:33:53 +0800] "GET /xingrg/all/function/internal_message.html?_=1619922833057&CODE_STATE=getMsg HTTP/1.1" 200 27
117.185.32.26 - - [02/May/2021:10:33:57 +0800] "POST /xingrg/kc/buy/cgsh_order_operate.html HTTP/1.1" 200 37
58.40.7.146 - - [02/May/2021:10:33:58 +0800] "POST /xingrg/dwr/call/plaincall/AjaxCheckService.setItemNumber.dwr HTTP/1.1" 200 77
58.40.7.146 - - [02/May/2021:10:33:59 +0800] "POST /xingrg/dwr/call/plaincall/AjaxCheckService.setItemNumber.dwr HTTP/1.1" 200 77
58.40.7.146 - - [02/May/2021:10:33:59 +0800] "POST /xingrg/dwr/call/plaincall/AjaxCheckService.setItemNumber.dwr HTTP/1.1" 200 77
117.185.32.26 - - [02/May/2021:10:34:00 +0800] "POST /xingrg/kc/buy/cgsh_order_operate.html HTTP/1.1" 200 12
58.40.7.146 - - [02/May/2021:10:34:00 +0800] "POST /xingrg/dwr/call/plaincall/AjaxCheckService.setItemNumber.dwr HTTP/1.1" 200 77
116.230.114.112 - - [02/May/2021:10:34:00 +0800] "GET /xingrg/all/function/internal_message.html?_=1619922842288&CODE_STATE=getMsg HTTP/1.1" 200 27
117.185.32.26 - - [02/May/2021:10:34:01 +0800] "GET /xingrg/kc/buy/cgsh_order_info.html?code=212021050200617 HTTP/1.1" 200 57269
117.185.32.26 - - [02/May/2021:10:34:02 +0800] "GET /xingrg/javascript/easyui/themes/default/validatebox.css HTTP/1.1" 404 1104
117.185.32.26 - - [02/May/2021:10:34:02 +0800] "POST /xingrg/kc/buy/cgsh_order_operate.html HTTP/1.1" 200 5906
124.77.71.179 - - [02/May/2021:10:34:05 +0800] "POST /xingrg/kc/buy/cgsh_order_operate.html HTTP/1.1" 200 37
117.185.32.26 - - [02/May/2021:10:34:05 +0800] "GET /xingrg/kc/print/load_data.html?order_code=212021050200617&kc_code=cgsh&condition= HTTP/1.1" 200 2734
114.88.160.164 - - [02/May/2021:10:34:06 +0800] "POST /xingrg/kc/buy/cgsh_order_operate.html HTTP/1.1" 200 2666
124.77.71.179 - - [02/May/2021:10:34:07 +0800] "POST /xingrg/kc/buy/cgsh_order_operate.html HTTP/1.1" 200 4424
61.165.42.208 - - [02/May/2021:10:34:07 +0800] "GET /xingrg/all/function/internal_message.html?_=1619922849682&CODE_STATE=getMsg HTTP/1.1" 200 27
114.88.160.164 - - [02/May/2021:10:34:08 +0800] "GET /xingrg/check_reg.html?_=1619922846014 HTTP/1.1" 200 22
114.88.160.164 - - [02/May/2021:10:34:08 +0800] "GET /xingrg/all/function/internal_message.html?_=1619922846017&CODE_STATE=getMsg HTTP/1.1" 200 27
114.88.160.164 - - [02/May/2021:10:34:08 +0800] "GET /xingrg/kc/print/load_data.html?order_code=212021050200616&kc_code=cgsh&condition= HTTP/1.1" 200 670
124.77.71.179 - - [02/May/2021:10:34:09 +0800] "GET /xingrg/kc/print/load_data.html?order_code=212021050200618&kc_code=cgsh&condition= HTTP/1.1" 200 1416
58.40.7.146 - - [02/May/2021:10:34:12 +0800] "POST /xingrg/dwr/call/plaincall/AjaxCheckService.setItemNumber.dwr HTTP/1.1" 200 77
117.185.32.26 - - [02/May/2021:10:34:12 +0800] "GET /xingrg/kc/buy/cgsh_order_add.html HTTP/1.1" 200 62363
58.40.7.146 - - [02/May/2021:10:34:12 +0800] "POST /xingrg/dwr/call/plaincall/AjaxCheckService.setItemNumber.dwr HTTP/1.1" 200 77
58.40.7.146 - - [02/May/2021:10:34:13 +0800] "POST /xingrg/dwr/call/plaincall/AjaxCheckService.setItemNumber.dwr HTTP/1.1" 200 77
117.185.32.26 - - [02/May/2021:10:34:13 +0800] "GET /xingrg/javascript/easyui/themes/default/validatebox.css HTTP/1.1" 404 1104
117.185.32.26 - - [02/May/2021:10:34:13 +0800] "POST /xingrg/kc/buy/cgsh_order_operate.html HTTP/1.1" 200 8245
124.77.71.179 - - [02/May/2021:10:34:14 +0800] "GET /xingrg/kc/buy/cgsh_order_add.html HTTP/1.1" 200 62445
124.77.71.179 - - [02/May/2021:10:34:14 +0800] "POST /xingrg/kc/buy/cgsh_order_operate.html HTTP/1.1" 200 8245
117.185.32.26 - - [02/May/2021:10:34:14 +0800] "GET /xingrg/javascript/easyui/themes/default/tree.css HTTP/1.1" 404 1090
124.77.71.179 - - [02/May/2021:10:34:15 +0800] "GET /xingrg/javascript/easyui/themes/default/validatebox.css HTTP/1.1" 404 1104
117.185.32.26 - - [02/May/2021:10:34:15 +0800] "POST /xingrg/all/common/load_tree.html?tree=supplier_tree_json&isDelete=1 HTTP/1.1" 200 55318
114.88.160.164 - - [02/May/2021:10:34:15 +0800] "GET /xingrg/kc/buy/cgsh_order_add.html HTTP/1.1" 200 62357
114.88.160.164 - - [02/May/2021:10:34:16 +0800] "POST /xingrg/kc/buy/cgsh_order_operate.html HTTP/1.1" 200 8245
114.88.160.164 - - [02/May/2021:10:34:16 +0800] "GET /xingrg/javascript/easyui/themes/default/validatebox.css HTTP/1.1" 404 1104
124.77.71.179 - - [02/May/2021:10:34:16 +0800] "GET /xingrg/javascript/easyui/themes/default/tree.css HTTP/1.1" 404 1090
124.77.71.179 - - [02/May/2021:10:34:17 +0800] "POST /xingrg/all/common/load_tree.html?tree=supplier_tree_json&isDelete=1 HTTP/1.1" 200 55318
116.224.253.72 - - [02/May/2021:10:34:19 +0800] "GET /xingrg/all/function/internal_message.html?_=1619922858808&CODE_STATE=getMsg HTTP/1.1" 200 27
58.40.7.146 - - [02/May/2021:10:34:19 +0800] "POST /xingrg/dwr/call/plaincall/AjaxCheckService.setItemNumber.dwr HTTP/1.1" 200 77
124.77.71.179 - - [02/May/2021:10:34:20 +0800] "GET /xingrg/all/function/internal_message.html?_=1619922860804&CODE_STATE=getMsg HTTP/1.1" 200 27
180.169.147.146 - - [02/May/2021:10:34:21 +0800] "GET /xingrg/all/function/internal_message.html?_=1619922853544&CODE_STATE=getMsg HTTP/1.1" 200 27
58.40.7.146 - - [02/May/2021:10:34:21 +0800] "POST /xingrg/dwr/call/plaincall/AjaxCheckService.setItemNumber.dwr HTTP/1.1" 200 78
58.40.7.146 - - [02/May/2021:10:34:22 +0800] "POST /xingrg/dwr/call/plaincall/AjaxCheckService.setItemNumber.dwr HTTP/1.1" 200 78
58.40.7.146 - - [02/May/2021:10:34:22 +0800] "POST /xingrg/dwr/call/plaincall/AjaxCheckService.setItemNumber.dwr HTTP/1.1" 200 78
58.40.7.146 - - [02/May/2021:10:34:23 +0800] "POST /xingrg/dwr/call/plaincall/AjaxCheckService.setItemNumber.dwr HTTP/1.1" 200 78
58.40.7.146 - - [02/May/2021:10:34:23 +0800] "POST /xingrg/dwr/call/plaincall/AjaxCheckService.setItemNumber.dwr HTTP/1.1" 200 78
58.40.7.146 - - [02/May/2021:10:34:24 +0800] "POST /xingrg/dwr/call/plaincall/AjaxCheckService.setItemNumber.dwr HTTP/1.1" 200 78
116.232.54.167 - - [02/May/2021:10:34:24 +0800] "GET /xingrg/check_reg.html?_=1619922864971 HTTP/1.1" 200 22
116.232.54.167 - - [02/May/2021:10:34:24 +0800] "GET /xingrg/all/function/internal_message.html?_=1619922864975&CODE_STATE=getMsg HTTP/1.1" 200 27
117.185.32.26 - - [02/May/2021:10:34:27 +0800] "GET /xingrg/kc/buy/cgsh_order_operate.html?command=get_materiel&rest_code=00106&code=00101009050&supplier_code=00100022&order_time=2021-05-02 HTTP/1.1" 200 410
101.85.52.2 - - [02/May/2021:10:34:32 +0800] "GET /xingrg/all/function/internal_message.html?_=1619922872534&CODE_STATE=getMsg HTTP/1.1" 200 27
114.88.160.164 - - [02/May/2021:10:34:33 +0800] "GET /xingrg/kc/buy/cgsh_order_operate.html?command=get_materiel&rest_code=00111&code=00101001051&supplier_code=00100094&order_time=2021-05-02 HTTP/1.1" 200 422
124.77.71.179 - - [02/May/2021:10:34:35 +0800] "GET /xingrg/kc/buy/cgsh_order_operate.html?command=get_materiel&rest_code=00107&code=00101012029&supplier_code=00100033&order_time=2021-05-02 HTTP/1.1" 200 412
117.185.32.26 - - [02/May/2021:10:34:38 +0800] "GET /xingrg/kc/buy/cgsh_order_operate.html?command=get_materiel&rest_code=00106&code=00101009011&supplier_code=00100022&order_time=2021-05-02 HTTP/1.1" 200 418
120.253.135.82 - - [02/May/2021:10:34:39 +0800] "GET /xingrg/all/function/internal_message.html?_=1619922659833&CODE_STATE=getMsg HTTP/1.1" 200 27
116.233.72.76 - - [02/May/2021:10:34:42 +0800] "POST /xingrg/services/DataTransmitService HTTP/1.1" 200 45454
116.233.72.76 - - [02/May/2021:10:34:42 +0800] "POST /xingrg/services/DataTransmitService HTTP/1.1" 200 19237
114.88.160.164 - - [02/May/2021:10:34:43 +0800] "POST /xingrg/kc/buy/cgsh_order_operate.html HTTP/1.1" 200 37
114.88.160.164 - - [02/May/2021:10:34:44 +0800] "POST /xingrg/kc/buy/cgsh_order_operate.html HTTP/1.1" 200 2669
116.230.110.80 - - [02/May/2021:10:34:45 +0800] "GET /xingrg/all/function/internal_message.html?_=1619922885255&CODE_STATE=getMsg HTTP/1.1" 200 27
180.169.147.146 - - [02/May/2021:10:34:45 +0800] "GET /xingrg/check_reg.html?_=1619922877985 HTTP/1.1" 200 22
114.88.160.164 - - [02/May/2021:10:34:46 +0800] "GET /xingrg/kc/print/load_data.html?order_code=212021050200619&kc_code=cgsh&condition= HTTP/1.1" 200 750
58.40.7.146 - - [02/May/2021:10:34:46 +0800] "GET /xingrg/all/function/internal_message.html?_=1619922886716&CODE_STATE=getMsg HTTP/1.1" 200 27
172.20.0.100 - - [02/May/2021:10:34:47 +0800] "GET /xingrg/login.html HTTP/1.1" 200 7636
172.20.0.100 - - [02/May/2021:10:34:47 +0800] "GET /xingrg/images/blue/jxLogo.png HTTP/1.1" 200 6156
172.20.0.100 - - [02/May/2021:10:34:47 +0800] "GET /xingrg/images/blue/login_bg.png HTTP/1.1" 200 22101
172.20.0.100 - - [02/May/2021:10:34:47 +0800] "GET /xingrg/images/blue/hj.png HTTP/1.1" 200 1014
172.20.0.100 - - [02/May/2021:10:34:47 +0800] "GET /xingrg/images/blue/srbg.png HTTP/1.1" 200 138
172.20.0.100 - - [02/May/2021:10:34:48 +0800] "GET /favicon.ico HTTP/1.1" 404 -
180.161.124.236 - - [02/May/2021:10:34:49 +0800] "GET /xingrg/all/function/internal_message.html?_=1619922889560&CODE_STATE=getMsg HTTP/1.1" 200 27
172.20.0.100 - - [02/May/2021:10:34:49 +0800] "POST /xingrg/login.do HTTP/1.1" 302 -
172.20.0.100 - - [02/May/2021:10:34:49 +0800] "GET /xingrg/index.html?sysBaseUrl=http%3A%2F%2F172.20.0.8%3A18081%2Fxingrg%2F&costTime=41×tamp=1619922889864 HTTP/1.1" 200 17448
172.20.0.100 - - [02/May/2021:10:34:49 +0800] "GET /xingrg/javascript/jquery_easy_ui/themes/icon.css HTTP/1.1" 200 3949
172.20.0.100 - - [02/May/2021:10:34:49 +0800] "GET /xingrg/javascript/jquery_easy_ui/themes/default/easyui.css HTTP/1.1" 200 26500
172.20.0.100 - - [02/May/2021:10:34:49 +0800] "GET /xingrg/css/form.css HTTP/1.1" 200 893
172.20.0.100 - - [02/May/2021:10:34:49 +0800] "GET /xingrg/javascript/jquery-1.4.2.min.js HTTP/1.1" 200 72205
172.20.0.100 - - [02/May/2021:10:34:49 +0800] "GET /xingrg/javascript/jquery_easy_ui/jquery.easyui.min.js HTTP/1.1" 200 213662
172.20.0.100 - - [02/May/2021:10:34:49 +0800] "GET /xingrg/javascript/jquery_easy_ui/easyui-lang-zh_CN.js HTTP/1.1" 200 1900
172.20.0.100 - - [02/May/2021:10:34:49 +0800] "GET /xingrg/javascript/jquery.form.js HTTP/1.1" 200 23110
172.20.0.100 - - [02/May/2021:10:34:49 +0800] "GET /xingrg/javascript/jquery.utils.js HTTP/1.1" 200 11805
172.20.0.100 - - [02/May/2021:10:34:49 +0800] "GET /xingrg/javascript/jquery.timers.js HTTP/1.1" 200 3532
172.20.0.100 - - [02/May/2021:10:34:50 +0800] "GET /favicon.ico HTTP/1.1" 404 -
172.20.0.100 - - [02/May/2021:10:34:50 +0800] "GET /xingrg/javascript/jquery_easy_ui/themes/icons/settle_new.png HTTP/1.1" 200 826
172.20.0.100 - - [02/May/2021:10:34:50 +0800] "GET /xingrg/images/blue/navBackgound.jpg HTTP/1.1" 200 12378
172.20.0.100 - - [02/May/2021:10:34:50 +0800] "POST /xingrg/all/common/load_tree.html?tree=area_rest_tree_json&manage=1 HTTP/1.1" 200 3344
172.20.0.100 - - [02/May/2021:10:34:50 +0800] "GET /xingrg/all/function/internal_message.html?_=1619922890163&CODE_STATE=count HTTP/1.1" 200 11
172.20.0.100 - - [02/May/2021:10:34:50 +0800] "GET /xingrg/check_reg.html?_=1619922890165 HTTP/1.1" 200 22
172.20.0.100 - - [02/May/2021:10:34:50 +0800] "GET /xingrg/images/blue/pingpu.png HTTP/1.1" 200 231
172.20.0.100 - - [02/May/2021:10:34:50 +0800] "GET /xingrg/javascript/jquery_easy_ui/themes/default/images/tabs_leftarrow.png HTTP/1.1" 200 389
172.20.0.100 - - [02/May/2021:10:34:50 +0800] "GET /xingrg/javascript/jquery_easy_ui/themes/default/images/tabs_rightarrow.png HTTP/1.1" 200 395
172.20.0.100 - - [02/May/2021:10:34:50 +0800] "GET /xingrg/javascript/jquery_easy_ui/themes/default/images/panel_tool_expand.gif HTTP/1.1" 200 247
172.20.0.100 - - [02/May/2021:10:34:50 +0800] "GET /xingrg/javascript/jquery_easy_ui/themes/default/images/panel_tool_collapse.gif HTTP/1.1" 200 246
172.20.0.100 - - [02/May/2021:10:34:50 +0800] "POST /xingrg/load_menu.html HTTP/1.1" 200 11529
172.20.0.100 - - [02/May/2021:10:34:50 +0800] "GET /xingrg/javascript/jquery_easy_ui/themes/default/images/tree_arrows.gif HTTP/1.1" 200 1043
172.20.0.100 - - [02/May/2021:10:34:50 +0800] "GET /xingrg/javascript/jquery_easy_ui/themes/default/images/tree_folder_open.gif HTTP/1.1" 200 956
172.20.0.100 - - [02/May/2021:10:34:50 +0800] "GET /xingrg/javascript/jquery_easy_ui/themes/icons/search_new.png HTTP/1.1" 200 586
172.20.0.100 - - [02/May/2021:10:34:50 +0800] "GET /xingrg/javascript/jquery_easy_ui/themes/icons/delivery_new.png HTTP/1.1" 200 700
172.20.0.100 - - [02/May/2021:10:34:50 +0800] "GET /xingrg/javascript/jquery_easy_ui/themes/icons/storage_new.png HTTP/1.1" 200 853
172.20.0.100 - - [02/May/2021:10:34:50 +0800] "GET /xingrg/javascript/jquery_easy_ui/themes/icons/checkout_new.png HTTP/1.1" 200 744
172.20.0.100 - - [02/May/2021:10:34:50 +0800] "GET /xingrg/javascript/jquery_easy_ui/themes/icons/forms_new.png HTTP/1.1" 200 350
172.20.0.100 - - [02/May/2021:10:34:50 +0800] "GET /xingrg/javascript/jquery_easy_ui/themes/icons/setting_new.png HTTP/1.1" 200 450
172.20.0.100 - - [02/May/2021:10:34:50 +0800] "GET /xingrg/javascript/jquery_easy_ui/themes/icons/systemset_new.png HTTP/1.1" 200 606
172.20.0.100 - - [02/May/2021:10:34:50 +0800] "GET /xingrg/javascript/jquery_easy_ui/themes/default/images/tree_file.gif HTTP/1.1" 200 118
172.20.0.100 - - [02/May/2021:10:34:50 +0800] "GET /xingrg/javascript/jquery_easy_ui/themes/default/images/tree_folder.gif HTTP/1.1" 200 952
117.185.32.26 - - [02/May/2021:10:34:51 +0800] "GET /xingrg/check_reg.html?_=1619922887016 HTTP/1.1" 200 22
117.185.32.26 - - [02/May/2021:10:34:51 +0800] "GET /xingrg/all/function/internal_message.html?_=1619922887015&CODE_STATE=getMsg HTTP/1.1" 200 27
172.20.0.100 - - [02/May/2021:10:34:51 +0800] "GET /xingrg/javascript/jquery_easy_ui/themes/icons/area.png HTTP/1.1" 200 262
172.20.0.100 - - [02/May/2021:10:34:51 +0800] "GET /xingrg/javascript/jquery_easy_ui/themes/icons/manage.png HTTP/1.1" 200 696
172.20.0.100 - - [02/May/2021:10:34:51 +0800] "GET /xingrg/javascript/jquery_easy_ui/themes/icons/rest.png HTTP/1.1" 200 695
172.20.0.100 - - [02/May/2021:10:34:51 +0800] "GET /xingrg/javascript/jquery_easy_ui/themes/default/images/button_a_bg.gif HTTP/1.1" 200 1194
172.20.0.100 - - [02/May/2021:10:34:52 +0800] "GET /xingrg/javascript/jquery_easy_ui/themes/default/images/button_span_bg.gif HTTP/1.1" 200 2061
172.20.0.100 - - [02/May/2021:10:34:52 +0800] "GET /xingrg/javascript/jquery_easy_ui/themes/icons/ok.png HTTP/1.1" 200 883
172.20.0.100 - - [02/May/2021:10:34:52 +0800] "GET /xingrg/javascript/jquery_easy_ui/themes/default/images/panel_title.png HTTP/1.1" 200 266
172.20.0.100 - - [02/May/2021:10:34:52 +0800] "GET /xingrg/javascript/jquery_easy_ui/themes/default/images/panel_tools.gif HTTP/1.1" 200 737
58.40.7.146 - - [02/May/2021:10:34:53 +0800] "GET /xingrg/all/function/internal_message.html?_=1619922893078&CODE_STATE=getMsg HTTP/1.1" 200 27
58.40.7.146 - - [02/May/2021:10:34:53 +0800] "GET /xingrg/check_reg.html?_=1619922893080 HTTP/1.1" 200 22
114.88.160.164 - - [02/May/2021:10:34:55 +0800] "GET /xingrg/kc/buy/cgsh_order_add.html HTTP/1.1" 200 62357
114.88.160.164 - - [02/May/2021:10:34:55 +0800] "POST /xingrg/kc/buy/cgsh_order_operate.html HTTP/1.1" 200 8245
114.88.160.164 - - [02/May/2021:10:34:55 +0800] "GET /xingrg/javascript/easyui/themes/default/validatebox.css HTTP/1.1" 404 1104
124.77.71.179 - - [02/May/2021:10:35:00 +0800] "GET /xingrg/kc/buy/cgsh_order_operate.html?command=get_materiel&rest_code=00107&code=00101010384&supplier_code=00100033&order_time=2021-05-02 HTTP/1.1" 200 394
116.230.114.112 - - [02/May/2021:10:35:01 +0800] "GET /xingrg/all/function/internal_message.html?_=1619922902301&CODE_STATE=getMsg HTTP/1.1" 200 27
172.20.0.100 - - [02/May/2021:10:35:04 +0800] "GET /xingrg/images/control/ajaxLoader.gif HTTP/1.1" 200 4659
172.20.0.100 - - [02/May/2021:10:35:04 +0800] "POST /xingrg/all/user/operate.html HTTP/1.1" 200 36
172.20.0.100 - - [02/May/2021:10:35:04 +0800] "GET /xingrg/index.html?sysBaseUrl=http%3A%2F%2F172.20.0.8%3A18081%2Fxingrg%2F&costTime=41×tamp=1619922889864 HTTP/1.1" 200 17454
172.20.0.100 - - [02/May/2021:10:35:04 +0800] "GET /xingrg/javascript/jquery_easy_ui/themes/default/easyui.css HTTP/1.1" 304 -
172.20.0.100 - - [02/May/2021:10:35:04 +0800] "GET /xingrg/javascript/jquery_easy_ui/themes/icon.css HTTP/1.1" 304 -
172.20.0.100 - - [02/May/2021:10:35:04 +0800] "GET /xingrg/css/form.css HTTP/1.1" 304 -
172.20.0.100 - - [02/May/2021:10:35:04 +0800] "GET /xingrg/javascript/jquery-1.4.2.min.js HTTP/1.1" 304 -
172.20.0.100 - - [02/May/2021:10:35:04 +0800] "GET /xingrg/javascript/jquery_easy_ui/jquery.easyui.min.js HTTP/1.1" 304 -
172.20.0.100 - - [02/May/2021:10:35:04 +0800] "GET /xingrg/javascript/jquery_easy_ui/easyui-lang-zh_CN.js HTTP/1.1" 304 -
172.20.0.100 - - [02/May/2021:10:35:04 +0800] "GET /xingrg/javascript/jquery.form.js HTTP/1.1" 304 -
172.20.0.100 - - [02/May/2021:10:35:04 +0800] "GET /xingrg/javascript/jquery.utils.js HTTP/1.1" 304 -
172.20.0.100 - - [02/May/2021:10:35:04 +0800] "GET /xingrg/javascript/jquery.timers.js HTTP/1.1" 304 -
172.20.0.100 - - [02/May/2021:10:35:04 +0800] "GET /xingrg/images/blue/jxLogo.png HTTP/1.1" 304 -
172.20.0.100 - - [02/May/2021:10:35:04 +0800] "GET /xingrg/images/blue/navBackgound.jpg HTTP/1.1" 304 -
172.20.0.100 - - [02/May/2021:10:35:04 +0800] "GET /xingrg/javascript/jquery_easy_ui/themes/icons/settle_new.png HTTP/1.1" 304 -
172.20.0.100 - - [02/May/2021:10:35:04 +0800] "POST /xingrg/all/common/load_tree.html?tree=area_rest_tree_json&manage=1 HTTP/1.1" 200 3344
172.20.0.100 - - [02/May/2021:10:35:04 +0800] "GET /xingrg/all/function/internal_message.html?_=1619922904679&CODE_STATE=count HTTP/1.1" 200 11
172.20.0.100 - - [02/May/2021:10:35:04 +0800] "GET /xingrg/check_reg.html?_=1619922904681 HTTP/1.1" 200 22
172.20.0.100 - - [02/May/2021:10:35:04 +0800] "GET /xingrg/javascript/jquery_easy_ui/themes/default/images/tabs_rightarrow.png HTTP/1.1" 304 -
172.20.0.100 - - [02/May/2021:10:35:04 +0800] "GET /xingrg/javascript/jquery_easy_ui/themes/default/images/panel_tool_expand.gif HTTP/1.1" 304 -
172.20.0.100 - - [02/May/2021:10:35:04 +0800] "GET /xingrg/javascript/jquery_easy_ui/themes/default/images/panel_tool_collapse.gif HTTP/1.1" 304 -
172.20.0.100 - - [02/May/2021:10:35:04 +0800] "GET /xingrg/javascript/jquery_easy_ui/themes/default/images/tabs_leftarrow.png HTTP/1.1" 304 -
172.20.0.100 - - [02/May/2021:10:35:04 +0800] "GET /xingrg/images/blue/pingpu.png HTTP/1.1" 304 -
172.20.0.100 - - [02/May/2021:10:35:04 +0800] "POST /xingrg/load_menu.html HTTP/1.1" 200 9924
172.20.0.100 - - [02/May/2021:10:35:06 +0800] "GET /xingrg/javascript/jquery_easy_ui/themes/default/images/tabs_close.gif HTTP/1.1" 200 829
172.20.0.100 - - [02/May/2021:10:35:06 +0800] "GET /xingrg/kc/buy/cgsh_order_list.html HTTP/1.1" 200 46860
172.20.0.100 - - [02/May/2021:10:35:06 +0800] "GET /xingrg/css/base.css HTTP/1.1" 200 2811
172.20.0.100 - - [02/May/2021:10:35:06 +0800] "GET /xingrg/css/site.css HTTP/1.1" 200 7541
172.20.0.100 - - [02/May/2021:10:35:06 +0800] "GET /xingrg/javascript/jquery_tools/datebox.css HTTP/1.1" 200 2597
172.20.0.100 - - [02/May/2021:10:35:06 +0800] "GET /xingrg/javascript/easyui/themes/icon.css HTTP/1.1" 200 4483
172.20.0.100 - - [02/May/2021:10:35:06 +0800] "GET /xingrg/javascript/easyui/themes/default/easyui.css HTTP/1.1" 200 30432
172.20.0.100 - - [02/May/2021:10:35:06 +0800] "GET /xingrg/javascript/auto/jquery.autocomplete.css HTTP/1.1" 200 587
172.20.0.100 - - [02/May/2021:10:35:06 +0800] "GET /xingrg/javascript/jquery_tools/fix.css HTTP/1.1" 200 1702
172.20.0.100 - - [02/May/2021:10:35:06 +0800] "GET /xingrg/javascript/jquery_tools/table.css HTTP/1.1" 200 1032
172.20.0.100 - - [02/May/2021:10:35:06 +0800] "GET /xingrg/javascript/jquery_tools/jquery.tools.min.js HTTP/1.1" 200 138801
172.20.0.100 - - [02/May/2021:10:35:06 +0800] "GET /xingrg/javascript/jquery_tools/jquery.tools.extend.js HTTP/1.1" 200 15385
172.20.0.100 - - [02/May/2021:10:35:06 +0800] "GET /xingrg/javascript/jquery_tools/jquery.tools.hotkey.js HTTP/1.1" 200 3242
172.20.0.100 - - [02/May/2021:10:35:06 +0800] "GET /xingrg/javascript/jquery_tools/jquery.tools.table.js HTTP/1.1" 200 6994
172.20.0.100 - - [02/May/2021:10:35:06 +0800] "GET /xingrg/javascript/jquery_tools/list_manager.js HTTP/1.1" 200 3652
172.20.0.100 - - [02/May/2021:10:35:06 +0800] "GET /xingrg/javascript/auto/jquery.autocomplete.js HTTP/1.1" 200 21624
172.20.0.100 - - [02/May/2021:10:35:06 +0800] "GET /xingrg/javascript/easyui/easyloader.js HTTP/1.1" 200 5975
172.20.0.100 - - [02/May/2021:10:35:06 +0800] "GET /xingrg/javascript/jquery.cookie.js HTTP/1.1" 200 5513
172.20.0.100 - - [02/May/2021:10:35:06 +0800] "GET /xingrg/javascript/print/LodopFuncs.js HTTP/1.1" 200 5121
172.20.0.100 - - [02/May/2021:10:35:06 +0800] "GET /xingrg/javascript/easyui/themes/icons/uncheck_new.png HTTP/1.1" 200 3197
172.20.0.100 - - [02/May/2021:10:35:06 +0800] "GET /xingrg/javascript/easyui/themes/icons/check_new.png HTTP/1.1" 200 3224
172.20.0.100 - - [02/May/2021:10:35:06 +0800] "GET /xingrg/javascript/easyui/themes/icons/field_new.png HTTP/1.1" 200 1097
172.20.0.100 - - [02/May/2021:10:35:06 +0800] "GET /xingrg/javascript/easyui/themes/icons/import_new.png HTTP/1.1" 200 1247
172.20.0.100 - - [02/May/2021:10:35:06 +0800] "GET /xingrg/javascript/easyui/themes/icons/edit_add_new.png HTTP/1.1" 200 2997
172.20.0.100 - - [02/May/2021:10:35:06 +0800] "GET /xingrg/javascript/easyui/themes/icons/cance_new.png HTTP/1.1" 200 3986
172.20.0.100 - - [02/May/2021:10:35:06 +0800] "GET /xingrg/javascript/easyui/plugins/jquery.parser.js HTTP/1.1" 200 1142
120.204.17.70 - - [02/May/2021:10:35:07 +0800] "GET /xingrg/kc/buy/cgsh_order_info.html?code=212021050200617 HTTP/1.1" 302 -
172.20.0.100 - - [02/May/2021:10:35:07 +0800] "POST /xingrg/kc/buy/cgsh_list_operate.html HTTP/1.1" 200 876
61.165.42.208 - - [02/May/2021:10:35:07 +0800] "GET /xingrg/all/function/internal_message.html?_=1619922909683&CODE_STATE=getMsg HTTP/1.1" 200 27
114.88.160.164 - - [02/May/2021:10:35:08 +0800] "GET /xingrg/all/function/internal_message.html?_=1619922906028&CODE_STATE=getMsg HTTP/1.1" 200 27
120.204.17.70 - - [02/May/2021:10:35:12 +0800] "GET /xingrg/login.html HTTP/1.1" 200 7641
172.20.0.100 - - [02/May/2021:10:35:13 +0800] "GET /xingrg/javascript/auto/indicator.gif HTTP/1.1" 404 1066
124.77.71.179 - - [02/May/2021:10:35:14 +0800] "GET /xingrg/kc/buy/cgsh_order_operate.html?command=get_materiel&rest_code=00107&code=00101012059&supplier_code=00100033&order_time=2021-05-02 HTTP/1.1" 200 431
180.161.124.236 - - [02/May/2021:10:35:17 +0800] "GET /xingrg/css/base.css HTTP/1.1" 304 -
180.161.124.236 - - [02/May/2021:10:35:17 +0800] "GET /xingrg/css/site.css HTTP/1.1" 304 -
180.161.124.236 - - [02/May/2021:10:35:17 +0800] "GET /xingrg/kc/buy/cgsh_order_list.html HTTP/1.1" 200 46619
180.161.124.236 - - [02/May/2021:10:35:17 +0800] "GET /xingrg/javascript/jquery_tools/datebox.css HTTP/1.1" 304 -
180.161.124.236 - - [02/May/2021:10:35:17 +0800] "GET /xingrg/javascript/easyui/themes/default/easyui.css HTTP/1.1" 304 -
180.161.124.236 - - [02/May/2021:10:35:17 +0800] "GET /xingrg/javascript/jquery_tools/fix.css HTTP/1.1" 304 -
180.161.124.236 - - [02/May/2021:10:35:17 +0800] "GET /xingrg/javascript/jquery_tools/table.css HTTP/1.1" 304 -
180.161.124.236 - - [02/May/2021:10:35:17 +0800] "GET /xingrg/javascript/easyui/themes/icon.css HTTP/1.1" 304 -
180.161.124.236 - - [02/May/2021:10:35:17 +0800] "GET /xingrg/javascript/auto/jquery.autocomplete.css HTTP/1.1" 304 -
180.161.124.236 - - [02/May/2021:10:35:17 +0800] "GET /xingrg/javascript/jquery_tools/jquery.tools.min.js HTTP/1.1" 304 -
180.161.124.236 - - [02/May/2021:10:35:17 +0800] "GET /xingrg/javascript/jquery_tools/jquery.tools.extend.js HTTP/1.1" 304 -
180.161.124.236 - - [02/May/2021:10:35:17 +0800] "GET /xingrg/javascript/jquery_tools/jquery.tools.hotkey.js HTTP/1.1" 304 -
180.161.124.236 - - [02/May/2021:10:35:17 +0800] "GET /xingrg/javascript/jquery_tools/jquery.tools.table.js HTTP/1.1" 304 -
180.161.124.236 - - [02/May/2021:10:35:17 +0800] "GET /xingrg/javascript/jquery_tools/list_manager.js HTTP/1.1" 304 -
180.161.124.236 - - [02/May/2021:10:35:17 +0800] "GET /xingrg/javascript/auto/jquery.autocomplete.js HTTP/1.1" 304 -
180.161.124.236 - - [02/May/2021:10:35:17 +0800] "GET /xingrg/javascript/easyui/easyloader.js HTTP/1.1" 304 -
180.161.124.236 - - [02/May/2021:10:35:17 +0800] "GET /xingrg/javascript/jquery.cookie.js HTTP/1.1" 304 -
180.161.124.236 - - [02/May/2021:10:35:17 +0800] "GET /xingrg/javascript/print/LodopFuncs.js HTTP/1.1" 304 -
180.161.124.236 - - [02/May/2021:10:35:18 +0800] "GET /xingrg/javascript/easyui/plugins/jquery.parser.js HTTP/1.1" 304 -
180.161.124.236 - - [02/May/2021:10:35:18 +0800] "POST /xingrg/kc/buy/cgsh_list_operate.html HTTP/1.1" 200 876
172.20.0.100 - - [02/May/2021:10:35:19 +0800] "POST /xingrg/kc/buy/cgsh_list_operate.html HTTP/1.1" 200 1715
114.88.160.164 - - [02/May/2021:10:35:19 +0800] "GET /xingrg/kc/buy/cgsh_order_operate.html?command=get_materiel&rest_code=00111&code=00101007057&supplier_code=00100266&order_time=2021-05-02 HTTP/1.1" 200 413
116.224.253.72 - - [02/May/2021:10:35:19 +0800] "GET /xingrg/all/function/internal_message.html?_=1619922918812&CODE_STATE=getMsg HTTP/1.1" 200 27
124.77.71.179 - - [02/May/2021:10:35:20 +0800] "GET /xingrg/all/function/internal_message.html?_=1619922920803&CODE_STATE=getMsg HTTP/1.1" 200 27
172.20.0.100 - - [02/May/2021:10:35:20 +0800] "POST /xingrg/kc/buy/cgsh_list_operate.html HTTP/1.1" 200 569
172.20.0.100 - - [02/May/2021:10:35:21 +0800] "GET /xingrg/javascript/easyui/themes/default/images/button_plain_hover.png HTTP/1.1" 200 144
120.253.135.82 - - [02/May/2021:10:35:21 +0800] "POST /xingrg/kc/pszx/mdps_list_operate.html HTTP/1.1" 200 5142
180.169.147.146 - - [02/May/2021:10:35:21 +0800] "GET /xingrg/all/function/internal_message.html?_=1619922913537&CODE_STATE=getMsg HTTP/1.1" 200 27
180.161.124.236 - - [02/May/2021:10:35:21 +0800] "GET /xingrg/kc/buy/cgsh_order_add.html HTTP/1.1" 200 62322
180.161.124.236 - - [02/May/2021:10:35:21 +0800] "GET /xingrg/javascript/pic_change.js HTTP/1.1" 304 -
180.161.124.236 - - [02/May/2021:10:35:21 +0800] "GET /xingrg/javascript/jquery_tools/order_manager.js HTTP/1.1" 304 -
180.161.124.236 - - [02/May/2021:10:35:21 +0800] "GET /xingrg/javascript/convert.js HTTP/1.1" 304 -
180.161.124.236 - - [02/May/2021:10:35:21 +0800] "GET /xingrg/javascript/json2.js HTTP/1.1" 304 -
180.161.124.236 - - [02/May/2021:10:35:21 +0800] "GET /xingrg/javascript/print/kc_print.js HTTP/1.1" 304 -
180.161.124.236 - - [02/May/2021:10:35:21 +0800] "GET /xingrg/words/20210501105541_words.js HTTP/1.1" 304 -
180.161.124.236 - - [02/May/2021:10:35:21 +0800] "POST /xingrg/kc/buy/cgsh_order_operate.html HTTP/1.1" 200 8245
180.161.124.236 - - [02/May/2021:10:35:21 +0800] "GET /xingrg/all/common/auto_word.html?type=employee&rest_code=00102 HTTP/1.1" 200 189
180.161.124.236 - - [02/May/2021:10:35:21 +0800] "GET /xingrg/all/common/auto_word.html?type=employee&rest_code=00102 HTTP/1.1" 200 189
180.161.124.236 - - [02/May/2021:10:35:22 +0800] "GET /xingrg/javascript/easyui/themes/default/validatebox.css HTTP/1.1" 404 1104
180.161.124.236 - - [02/May/2021:10:35:22 +0800] "GET /xingrg/javascript/easyui/plugins/jquery.validatebox.js HTTP/1.1" 304 -
180.161.124.236 - - [02/May/2021:10:35:22 +0800] "GET /xingrg/javascript/easyui/plugins/jquery.numberbox.js HTTP/1.1" 304 -
180.161.124.236 - - [02/May/2021:10:35:22 +0800] "GET /xingrg/javascript/auto/indicator.gif HTTP/1.1" 404 1066
120.253.135.82 - - [02/May/2021:10:35:23 +0800] "GET /xingrg/kc/pszx/mdqp_order_list.html?state=10 HTTP/1.1" 200 10171
120.253.135.82 - - [02/May/2021:10:35:23 +0800] "POST /xingrg/kc/pszx/mdps_list_operate.html HTTP/1.1" 200 5142
120.253.135.82 - - [02/May/2021:10:35:23 +0800] "GET /xingrg/dwr/interface/AjaxReportQueryService.js HTTP/1.1" 200 13203
120.253.135.82 - - [02/May/2021:10:35:23 +0800] "GET /xingrg/dwr/interface/AjaxQqpsService.js HTTP/1.1" 200 16326
120.253.135.82 - - [02/May/2021:10:35:23 +0800] "GET /xingrg/dwr/engine.js HTTP/1.1" 200 43631
124.77.71.179 - - [02/May/2021:10:35:23 +0800] "GET /xingrg/kc/buy/cgsh_order_operate.html?command=get_materiel&rest_code=00107&code=00101016025&supplier_code=00100033&order_time=2021-05-02 HTTP/1.1" 200 408
172.20.0.100 - - [02/May/2021:10:35:24 +0800] "POST /xingrg/kc/buy/cgsh_list_operate.html HTTP/1.1" 200 4
117.185.32.26 - - [02/May/2021:10:35:24 +0800] "GET /xingrg/kc/buy/cgsh_order_operate.html?command=get_materiel&rest_code=00106&code=00101009059&supplier_code=00100022&order_time=2021-05-02 HTTP/1.1" 200 409
116.232.54.167 - - [02/May/2021:10:35:24 +0800] "GET /xingrg/all/function/internal_message.html?_=1619922924973&CODE_STATE=getMsg HTTP/1.1" 200 27
114.88.160.164 - - [02/May/2021:10:35:29 +0800] "GET /xingrg/kc/buy/cgsh_order_operate.html?command=get_materiel&rest_code=00111&code=00101012041&supplier_code=00100266&order_time=2021-05-02 HTTP/1.1" 200 418
101.85.52.2 - - [02/May/2021:10:35:32 +0800] "GET /xingrg/all/function/internal_message.html?_=1619922932549&CODE_STATE=getMsg HTTP/1.1" 200 27
124.77.71.179 - - [02/May/2021:10:35:33 +0800] "GET /xingrg/kc/buy/cgsh_order_operate.html?command=get_materiel&rest_code=00107&code=00101016100&supplier_code=00100033&order_time=2021-05-02 HTTP/1.1" 200 412
116.230.114.112 - - [02/May/2021:10:35:35 +0800] "GET /xingrg/kc/buy/cgsh_order_operate.html?command=get_materiel&rest_code=00146&code=00101008274&supplier_code=00100005&order_time=2021-05-02 HTTP/1.1" 200 412
172.20.0.100 - - [02/May/2021:10:35:36 +0800] "POST /xingrg/kc/buy/cgsh_list_operate.html HTTP/1.1" 200 876
117.185.32.26 - - [02/May/2021:10:35:37 +0800] "GET /xingrg/kc/buy/cgsh_order_operate.html?command=get_materiel&rest_code=00106&code=00101009062&supplier_code=00100022&order_time=2021-05-02 HTTP/1.1" 200 414
114.88.160.164 - - [02/May/2021:10:35:39 +0800] "GET /xingrg/kc/buy/cgsh_order_operate.html?command=get_materiel&rest_code=00111&code=00101008113&supplier_code=00100266&order_time=2021-05-02 HTTP/1.1" 200 413
120.253.135.82 - - [02/May/2021:10:35:39 +0800] "GET /xingrg/all/function/internal_message.html?_=1619922719884&CODE_STATE=getMsg HTTP/1.1" 200 27
116.230.114.112 - - [02/May/2021:10:35:44 +0800] "GET /xingrg/check_reg.html?_=1619922946183 HTTP/1.1" 200 22
116.230.110.80 - - [02/May/2021:10:35:45 +0800] "GET /xingrg/all/function/internal_message.html?_=1619922945226&CODE_STATE=getMsg HTTP/1.1" 200 27
116.230.110.80 - - [02/May/2021:10:35:46 +0800] "GET /xingrg/check_reg.html?_=1619922946090 HTTP/1.1" 200 22
116.230.114.112 - - [02/May/2021:10:35:46 +0800] "GET /xingrg/kc/buy/cgsh_order_operate.html?command=get_materiel&rest_code=00146&code=00101008225&supplier_code=00100005&order_time=2021-05-02 HTTP/1.1" 200 416
58.40.7.146 - - [02/May/2021:10:35:46 +0800] "GET /xingrg/check_reg.html?_=1619922946703 HTTP/1.1" 200 22
58.40.7.146 - - [02/May/2021:10:35:46 +0800] "GET /xingrg/all/function/internal_message.html?_=1619922946705&CODE_STATE=getMsg HTTP/1.1" 200 27
180.161.124.236 - - [02/May/2021:10:35:49 +0800] "GET /xingrg/all/function/internal_message.html?_=1619922949571&CODE_STATE=getMsg HTTP/1.1" 200 27
124.77.71.179 - - [02/May/2021:10:35:49 +0800] "GET /xingrg/kc/buy/cgsh_order_operate.html?command=get_materiel&rest_code=00107&code=00101012030&supplier_code=00100033&order_time=2021-05-02 HTTP/1.1" 200 435
116.230.114.112 - - [02/May/2021:10:35:50 +0800] "POST /xingrg/kc/buy/cgsh_order_operate.html HTTP/1.1" 200 2065
117.185.32.26 - - [02/May/2021:10:35:51 +0800] "GET /xingrg/all/function/internal_message.html?_=1619922947020&CODE_STATE=getMsg HTTP/1.1" 200 27
120.204.17.72 - - [02/May/2021:10:35:52 +0800] "GET /xingrg/all/function/internal_message.html?_=1619922887015&CODE_STATE=getMsg HTTP/1.1" 302 -
58.40.7.146 - - [02/May/2021:10:35:53 +0800] "GET /xingrg/all/function/internal_message.html?_=1619922953055&CODE_STATE=getMsg HTTP/1.1" 200 27
117.185.32.26 - - [02/May/2021:10:35:53 +0800] "GET /xingrg/kc/buy/cgsh_order_operate.html?command=get_materiel&rest_code=00106&code=00101009113&supplier_code=00100022&order_time=2021-05-02 HTTP/1.1" 200 398
114.88.160.164 - - [02/May/2021:10:35:55 +0800] "GET /xingrg/kc/buy/cgsh_order_operate.html?command=get_materiel&rest_code=00111&code=00101010237&supplier_code=00100266&order_time=2021-05-02 HTTP/1.1" 200 412
120.204.17.72 - - [02/May/2021:10:35:55 +0800] "GET /xingrg/login.html HTTP/1.1" 200 7641
58.40.7.146 - - [02/May/2021:10:35:58 +0800] "POST /xingrg/dwr/call/plaincall/AjaxCheckService.setItemNumber.dwr HTTP/1.1" 200 78
124.77.71.179 - - [02/May/2021:10:35:59 +0800] "POST /xingrg/kc/buy/cgsh_order_operate.html HTTP/1.1" 200 37
180.169.147.146 - - [02/May/2021:10:35:59 +0800] "GET /xingrg/kc/buy/cgsh_order_add.html HTTP/1.1" 200 62325
180.169.147.146 - - [02/May/2021:10:35:59 +0800] "POST /xingrg/kc/buy/cgsh_order_operate.html HTTP/1.1" 200 8245
180.169.147.146 - - [02/May/2021:10:35:59 +0800] "GET /xingrg/javascript/easyui/themes/default/validatebox.css HTTP/1.1" 404 1104
116.230.114.112 - - [02/May/2021:10:36:00 +0800] "GET /xingrg/kc/buy/cgsh_order_operate.html?command=get_materiel&rest_code=00146&code=00101008017&supplier_code=00100005&order_time=2021-05-02 HTTP/1.1" 200 416
58.40.7.146 - - [02/May/2021:10:36:00 +0800] "POST /xingrg/dwr/call/plaincall/AjaxCheckService.setItemNumber.dwr HTTP/1.1" 200 78
116.230.114.112 - - [02/May/2021:10:36:01 +0800] "GET /xingrg/all/function/internal_message.html?_=1619922962315&CODE_STATE=getMsg HTTP/1.1" 200 27
58.40.7.146 - - [02/May/2021:10:36:01 +0800] "POST /xingrg/dwr/call/plaincall/AjaxCheckService.setItemNumber.dwr HTTP/1.1" 200 78
124.77.71.179 - - [02/May/2021:10:36:02 +0800] "POST /xingrg/kc/buy/cgsh_order_operate.html HTTP/1.1" 200 5616
180.169.147.146 - - [02/May/2021:10:36:02 +0800] "POST /xingrg/kc/buy/cgsh_list_operate.html HTTP/1.1" 200 1690
58.40.7.146 - - [02/May/2021:10:36:04 +0800] "POST /xingrg/dwr/call/plaincall/AjaxCheckService.setItemNumber.dwr HTTP/1.1" 200 78
172.20.0.100 - - [02/May/2021:10:36:04 +0800] "GET /xingrg/all/function/internal_message.html?_=1619922964685&CODE_STATE=getMsg HTTP/1.1" 200 27
180.169.147.146 - - [02/May/2021:10:36:04 +0800] "POST /xingrg/kc/buy/cgsh_list_operate.html HTTP/1.1" 200 569
180.169.147.146 - - [02/May/2021:10:36:05 +0800] "GET /xingrg/kc/buy/cgsh_order_info.html?code=212021050100182 HTTP/1.1" 200 62334
58.40.7.146 - - [02/May/2021:10:36:06 +0800] "POST /xingrg/dwr/call/plaincall/AjaxCheckService.setItemNumber.dwr HTTP/1.1" 200 78
180.169.147.146 - - [02/May/2021:10:36:06 +0800] "GET /xingrg/javascript/easyui/themes/default/validatebox.css HTTP/1.1" 404 1104
124.77.71.179 - - [02/May/2021:10:36:06 +0800] "GET /xingrg/kc/print/load_data.html?order_code=212021050200620&kc_code=cgsh&condition= HTTP/1.1" 200 1840
180.169.147.146 - - [02/May/2021:10:36:06 +0800] "POST /xingrg/kc/buy/cgsh_order_operate.html HTTP/1.1" 200 37547
58.40.7.146 - - [02/May/2021:10:36:07 +0800] "POST /xingrg/dwr/call/plaincall/AjaxCheckService.setItemNumber.dwr HTTP/1.1" 200 78
61.165.42.208 - - [02/May/2021:10:36:07 +0800] "GET /xingrg/all/function/internal_message.html?_=1619922969683&CODE_STATE=getMsg HTTP/1.1" 200 27
114.88.160.164 - - [02/May/2021:10:36:08 +0800] "GET /xingrg/all/function/internal_message.html?_=1619922966042&CODE_STATE=getMsg HTTP/1.1" 200 27
58.40.7.146 - - [02/May/2021:10:36:08 +0800] "POST /xingrg/dwr/call/plaincall/AjaxCheckService.setItemNumber.dwr HTTP/1.1" 200 78
58.40.7.146 - - [02/May/2021:10:36:10 +0800] "POST /xingrg/dwr/call/plaincall/AjaxCheckService.setItemNumber.dwr HTTP/1.1" 200 78
58.40.7.146 - - [02/May/2021:10:36:11 +0800] "POST /xingrg/dwr/call/plaincall/AjaxCheckService.setItemNumber.dwr HTTP/1.1" 200 78
124.77.71.179 - - [02/May/2021:10:36:11 +0800] "GET /xingrg/kc/buy/cgsh_order_add.html HTTP/1.1" 200 62445
114.88.160.164 - - [02/May/2021:10:36:12 +0800] "GET /xingrg/kc/buy/cgsh_order_operate.html?command=get_materiel&rest_code=00111&code=00101010082&supplier_code=00100266&order_time=2021-05-02 HTTP/1.1" 200 424
124.77.71.179 - - [02/May/2021:10:36:12 +0800] "POST /xingrg/kc/buy/cgsh_order_operate.html HTTP/1.1" 200 8245
124.77.71.179 - - [02/May/2021:10:36:12 +0800] "GET /xingrg/javascript/easyui/themes/default/validatebox.css HTTP/1.1" 404 1104
58.40.7.146 - - [02/May/2021:10:36:13 +0800] "POST /xingrg/dwr/call/plaincall/AjaxCheckService.setItemNumber.dwr HTTP/1.1" 200 78
58.40.7.146 - - [02/May/2021:10:36:13 +0800] "POST /xingrg/dwr/call/plaincall/AjaxCheckService.setItemNumber.dwr HTTP/1.1" 200 78
124.77.71.179 - - [02/May/2021:10:36:14 +0800] "GET /xingrg/javascript/easyui/themes/default/tree.css HTTP/1.1" 404 1090
124.77.71.179 - - [02/May/2021:10:36:14 +0800] "POST /xingrg/all/common/load_tree.html?tree=supplier_tree_json&isDelete=1 HTTP/1.1" 200 55318
58.40.7.146 - - [02/May/2021:10:36:14 +0800] "POST /xingrg/dwr/call/plaincall/AjaxCheckService.setItemNumber.dwr HTTP/1.1" 200 78
120.253.135.82 - - [02/May/2021:10:36:15 +0800] "GET /xingrg/kc/buy/cgth_order_list.html HTTP/1.1" 200 46022
120.253.135.82 - - [02/May/2021:10:36:15 +0800] "POST /xingrg/kc/buy/cgth_list_operate.html HTTP/1.1" 200 1035
116.230.114.112 - - [02/May/2021:10:36:16 +0800] "GET /xingrg/kc/buy/cgsh_order_operate.html?command=get_materiel&rest_code=00146&code=00101008091&supplier_code=00100005&order_time=2021-05-02 HTTP/1.1" 200 412
58.40.7.146 - - [02/May/2021:10:36:17 +0800] "POST /xingrg/dwr/call/plaincall/AjaxCheckService.setItemNumber.dwr HTTP/1.1" 200 78
120.253.135.82 - - [02/May/2021:10:36:18 +0800] "GET /xingrg/dwr/interface/AjaxCgthService.js HTTP/1.1" 200 14519
