116.224.253.72 - - [01/May/2021:08:51:29 +0800] "GET /xingrg/kc/buy/cgsh_order_info.html?code=212021050100013 HTTP/1.1" 200 56851
116.224.253.72 - - [01/May/2021:08:51:30 +0800] "GET /xingrg/javascript/easyui/themes/default/validatebox.css HTTP/1.1" 404 1104
180.161.124.236 - - [01/May/2021:08:51:30 +0800] "GET /xingrg/kc/buy/cgsh_order_operate.html?command=get_materiel&rest_code=00102&code=00101012030&supplier_code=00100096&order_time=2021-05-01 HTTP/1.1" 200 416
116.224.253.72 - - [01/May/2021:08:51:30 +0800] "POST /xingrg/kc/buy/cgsh_order_operate.html HTTP/1.1" 200 3624
116.224.253.72 - - [01/May/2021:08:51:30 +0800] "GET /xingrg/all/function/internal_message.html?_=1619830285917&CODE_STATE=getMsg HTTP/1.1" 200 27
124.77.71.179 - - [01/May/2021:08:51:31 +0800] "POST /xingrg/dwr/call/plaincall/AjaxCheckService.setItemNumber.dwr HTTP/1.1" 200 77
124.77.71.179 - - [01/May/2021:08:51:32 +0800] "GET /xingrg/all/function/internal_message.html?_=1619830277573&CODE_STATE=getMsg HTTP/1.1" 200 27
116.224.253.72 - - [01/May/2021:08:51:32 +0800] "GET /xingrg/kc/print/load_data.html?order_code=212021050100013&kc_code=cgsh&condition= HTTP/1.1" 200 1889
124.77.71.179 - - [01/May/2021:08:51:33 +0800] "POST /xingrg/dwr/call/plaincall/AjaxCheckService.setItemNumber.dwr HTTP/1.1" 200 77
61.165.42.208 - - [01/May/2021:08:51:33 +0800] "GET /xingrg/kc/buy/cgsh_order_operate.html?command=get_materiel&rest_code=00105&code=00101008257&supplier_code=00100203&order_time=2021-05-01 HTTP/1.1" 200 416
124.77.71.179 - - [01/May/2021:08:51:35 +0800] "POST /xingrg/dwr/call/plaincall/AjaxCheckService.setItemNumber.dwr HTTP/1.1" 200 77
124.77.71.179 - - [01/May/2021:08:51:36 +0800] "POST /xingrg/dwr/call/plaincall/AjaxCheckService.setItemNumber.dwr HTTP/1.1" 200 77
180.161.124.236 - - [01/May/2021:08:51:36 +0800] "GET /xingrg/kc/buy/cgsh_order_operate.html?command=get_materiel&rest_code=00102&code=00101016038&supplier_code=00100096&order_time=2021-05-01 HTTP/1.1" 200 408
124.77.71.179 - - [01/May/2021:08:51:37 +0800] "POST /xingrg/dwr/call/plaincall/AjaxCheckService.setItemNumber.dwr HTTP/1.1" 200 77
116.224.253.72 - - [01/May/2021:08:51:38 +0800] "GET /xingrg/all/function/internal_message.html?_=1619830293236&CODE_STATE=getMsg HTTP/1.1" 200 27
61.165.42.208 - - [01/May/2021:08:51:38 +0800] "POST /xingrg/kc/buy/cgsh_order_operate.html HTTP/1.1" 200 2065
124.77.71.179 - - [01/May/2021:08:51:38 +0800] "POST /xingrg/dwr/call/plaincall/AjaxCheckService.setItemNumber.dwr HTTP/1.1" 200 77
222.69.130.124 - - [01/May/2021:08:51:38 +0800] "GET /xingrg/kc/buy/cgsh_order_operate.html?command=get_materiel&rest_code=00149&code=00101011003&supplier_code=00100051&order_time=2021-05-01 HTTP/1.1" 200 413
124.77.71.179 - - [01/May/2021:08:51:39 +0800] "POST /xingrg/dwr/call/plaincall/AjaxCheckService.setItemNumber.dwr HTTP/1.1" 200 77
61.165.42.208 - - [01/May/2021:08:51:40 +0800] "POST /xingrg/kc/buy/cgsh_order_operate.html HTTP/1.1" 200 2065
124.77.71.179 - - [01/May/2021:08:51:40 +0800] "POST /xingrg/dwr/call/plaincall/AjaxCheckService.setItemNumber.dwr HTTP/1.1" 200 77
124.77.71.179 - - [01/May/2021:08:51:41 +0800] "POST /xingrg/dwr/call/plaincall/AjaxCheckService.setItemNumber.dwr HTTP/1.1" 200 77
124.77.71.179 - - [01/May/2021:08:51:42 +0800] "POST /xingrg/dwr/call/plaincall/AjaxCheckService.setItemNumber.dwr HTTP/1.1" 200 77
124.77.71.179 - - [01/May/2021:08:51:44 +0800] "POST /xingrg/dwr/call/plaincall/AjaxCheckService.setItemNumber.dwr HTTP/1.1" 200 77
116.224.253.72 - - [01/May/2021:08:51:44 +0800] "GET /xingrg/kc/buy/cgsh_order_operate.html?command=get_materiel&rest_code=00151&code=00101009047&supplier_code=00100424&order_time=2021-05-01 HTTP/1.1" 200 409
124.77.71.179 - - [01/May/2021:08:51:45 +0800] "POST /xingrg/dwr/call/plaincall/AjaxCheckService.setItemNumber.dwr HTTP/1.1" 200 77
222.69.130.124 - - [01/May/2021:08:51:47 +0800] "GET /xingrg/kc/buy/cgsh_order_operate.html?command=get_materiel&rest_code=00149&code=00101011010&supplier_code=00100051&order_time=2021-05-01 HTTP/1.1" 200 440
124.77.71.179 - - [01/May/2021:08:51:47 +0800] "POST /xingrg/dwr/call/plaincall/AjaxCheckService.setItemNumber.dwr HTTP/1.1" 200 77
124.77.71.179 - - [01/May/2021:08:51:49 +0800] "POST /xingrg/dwr/call/plaincall/AjaxCheckService.setItemNumber.dwr HTTP/1.1" 200 77
124.77.71.179 - - [01/May/2021:08:51:50 +0800] "POST /xingrg/dwr/call/plaincall/AjaxCheckService.setItemNumber.dwr HTTP/1.1" 200 77
61.165.42.208 - - [01/May/2021:08:51:51 +0800] "GET /xingrg/all/function/internal_message.html?_=1619830307203&CODE_STATE=getMsg HTTP/1.1" 200 27
124.77.71.179 - - [01/May/2021:08:51:51 +0800] "POST /xingrg/dwr/call/plaincall/AjaxCheckService.setItemNumber.dwr HTTP/1.1" 200 77
61.165.42.208 - - [01/May/2021:08:51:52 +0800] "GET /xingrg/kc/buy/cgsh_order_operate.html?command=get_materiel&rest_code=00105&code=00101008305&supplier_code=00100203&order_time=2021-05-01 HTTP/1.1" 200 412
124.77.71.179 - - [01/May/2021:08:51:52 +0800] "POST /xingrg/dwr/call/plaincall/AjaxCheckService.setItemNumber.dwr HTTP/1.1" 200 77
180.161.124.236 - - [01/May/2021:08:51:53 +0800] "GET /xingrg/kc/buy/cgsh_order_operate.html?command=get_materiel&rest_code=00102&code=00101006039&supplier_code=00100096&order_time=2021-05-01 HTTP/1.1" 200 415
114.88.160.164 - - [01/May/2021:08:51:53 +0800] "GET /xingrg/all/function/internal_message.html?_=1619830277899&CODE_STATE=getMsg HTTP/1.1" 302 -
124.77.71.179 - - [01/May/2021:08:51:53 +0800] "POST /xingrg/dwr/call/plaincall/AjaxCheckService.setItemNumber.dwr HTTP/1.1" 200 77
116.224.253.72 - - [01/May/2021:08:51:54 +0800] "GET /xingrg/kc/buy/cgsh_order_operate.html?command=get_materiel&rest_code=00151&code=00101009010&supplier_code=00100424&order_time=2021-05-01 HTTP/1.1" 200 433
124.77.71.179 - - [01/May/2021:08:51:55 +0800] "POST /xingrg/dwr/call/plaincall/AjaxCheckService.setItemNumber.dwr HTTP/1.1" 200 77
222.69.130.124 - - [01/May/2021:08:51:55 +0800] "GET /xingrg/all/function/internal_message.html?_=1619830310002&CODE_STATE=getMsg HTTP/1.1" 200 27
222.69.130.124 - - [01/May/2021:08:51:56 +0800] "POST /xingrg/kc/buy/cgsh_order_operate.html HTTP/1.1" 200 37
124.77.71.179 - - [01/May/2021:08:51:56 +0800] "POST /xingrg/dwr/call/plaincall/AjaxCheckService.setItemNumber.dwr HTTP/1.1" 200 77
124.77.71.179 - - [01/May/2021:08:51:57 +0800] "POST /xingrg/dwr/call/plaincall/AjaxCheckService.setItemNumber.dwr HTTP/1.1" 200 77
124.77.71.179 - - [01/May/2021:08:51:59 +0800] "POST /xingrg/dwr/call/plaincall/AjaxCheckService.setItemNumber.dwr HTTP/1.1" 200 77
124.77.71.179 - - [01/May/2021:08:52:00 +0800] "POST /xingrg/dwr/call/plaincall/AjaxCheckService.setItemNumber.dwr HTTP/1.1" 200 77
124.77.71.179 - - [01/May/2021:08:52:01 +0800] "POST /xingrg/dwr/call/plaincall/AjaxCheckService.setItemNumber.dwr HTTP/1.1" 200 77
124.77.71.179 - - [01/May/2021:08:52:02 +0800] "POST /xingrg/dwr/call/plaincall/AjaxCheckService.setItemNumber.dwr HTTP/1.1" 200 77
222.69.130.124 - - [01/May/2021:08:52:02 +0800] "POST /xingrg/kc/buy/cgsh_order_operate.html HTTP/1.1" 200 12
58.37.228.113 - - [01/May/2021:08:52:03 +0800] "GET /xingrg/check_reg.html?_=1619830301941 HTTP/1.1" 200 22
58.37.228.113 - - [01/May/2021:08:52:03 +0800] "GET /xingrg/all/function/internal_message.html?_=1619830301943&CODE_STATE=getMsg HTTP/1.1" 200 27
124.77.71.179 - - [01/May/2021:08:52:03 +0800] "POST /xingrg/dwr/call/plaincall/AjaxCheckService.setItemNumber.dwr HTTP/1.1" 200 77
124.77.71.179 - - [01/May/2021:08:52:04 +0800] "POST /xingrg/dwr/call/plaincall/AjaxCheckService.setItemNumber.dwr HTTP/1.1" 200 77
116.224.253.72 - - [01/May/2021:08:52:05 +0800] "POST /xingrg/kc/buy/cgsh_order_operate.html HTTP/1.1" 200 37
124.77.71.179 - - [01/May/2021:08:52:05 +0800] "POST /xingrg/dwr/call/plaincall/AjaxCheckService.setItemNumber.dwr HTTP/1.1" 200 77
116.224.253.72 - - [01/May/2021:08:52:06 +0800] "POST /xingrg/kc/buy/cgsh_order_operate.html HTTP/1.1" 200 5047
124.77.71.179 - - [01/May/2021:08:52:07 +0800] "POST /xingrg/dwr/call/plaincall/AjaxCheckService.setItemNumber.dwr HTTP/1.1" 200 77
124.77.71.179 - - [01/May/2021:08:52:08 +0800] "POST /xingrg/dwr/call/plaincall/AjaxCheckService.setItemNumber.dwr HTTP/1.1" 200 77
116.224.253.72 - - [01/May/2021:08:52:11 +0800] "GET /xingrg/kc/buy/cgsh_order_list.html HTTP/1.1" 200 46567
124.77.71.179 - - [01/May/2021:08:52:12 +0800] "POST /xingrg/dwr/call/plaincall/AjaxCheckService.setItemNumber.dwr HTTP/1.1" 200 77
124.77.71.179 - - [01/May/2021:08:52:13 +0800] "POST /xingrg/dwr/call/plaincall/AjaxCheckService.setItemNumber.dwr HTTP/1.1" 200 77
116.224.253.72 - - [01/May/2021:08:52:14 +0800] "POST /xingrg/kc/buy/cgsh_list_operate.html HTTP/1.1" 200 2412
124.77.71.179 - - [01/May/2021:08:52:15 +0800] "POST /xingrg/dwr/call/plaincall/AjaxCheckService.setItemNumber.dwr HTTP/1.1" 200 77
124.77.71.179 - - [01/May/2021:08:52:15 +0800] "POST /xingrg/dwr/call/plaincall/AjaxCheckService.setItemNumber.dwr HTTP/1.1" 200 77
180.161.124.236 - - [01/May/2021:08:52:16 +0800] "GET /xingrg/kc/buy/cgsh_order_operate.html?command=get_materiel&rest_code=00102&code=00101007059&supplier_code=00100096&order_time=2021-05-01 HTTP/1.1" 200 411
124.77.71.179 - - [01/May/2021:08:52:17 +0800] "POST /xingrg/dwr/call/plaincall/AjaxCheckService.setItemNumber.dwr HTTP/1.1" 200 77
180.161.124.236 - - [01/May/2021:08:52:17 +0800] "GET /xingrg/all/function/internal_message.html?_=1619830616040&CODE_STATE=getMsg HTTP/1.1" 200 27
116.230.114.112 - - [01/May/2021:08:52:17 +0800] "GET /xingrg/check_reg.html?_=1619830354178 HTTP/1.1" 200 22
116.230.114.112 - - [01/May/2021:08:52:18 +0800] "GET /xingrg/all/function/internal_message.html?_=1619830355605&CODE_STATE=getMsg HTTP/1.1" 200 27
124.77.71.179 - - [01/May/2021:08:52:19 +0800] "POST /xingrg/dwr/call/plaincall/AjaxCheckService.setItemNumber.dwr HTTP/1.1" 200 77
124.77.71.179 - - [01/May/2021:08:52:20 +0800] "POST /xingrg/dwr/call/plaincall/AjaxCheckService.setItemNumber.dwr HTTP/1.1" 200 77
124.77.71.179 - - [01/May/2021:08:52:21 +0800] "POST /xingrg/dwr/call/plaincall/AjaxCheckService.setItemNumber.dwr HTTP/1.1" 200 77
124.77.71.179 - - [01/May/2021:08:52:22 +0800] "POST /xingrg/dwr/call/plaincall/AjaxCheckService.setItemNumber.dwr HTTP/1.1" 200 77
116.230.110.80 - - [01/May/2021:08:52:23 +0800] "GET /xingrg/check_reg.html?_=1619830335537 HTTP/1.1" 200 22
116.230.110.80 - - [01/May/2021:08:52:23 +0800] "GET /xingrg/all/function/internal_message.html?_=1619830335542&CODE_STATE=getMsg HTTP/1.1" 200 27
124.77.71.179 - - [01/May/2021:08:52:23 +0800] "POST /xingrg/dwr/call/plaincall/AjaxCheckService.setItemNumber.dwr HTTP/1.1" 200 77
124.77.71.179 - - [01/May/2021:08:52:24 +0800] "POST /xingrg/dwr/call/plaincall/AjaxCheckService.setItemNumber.dwr HTTP/1.1" 200 77
124.77.71.179 - - [01/May/2021:08:52:25 +0800] "POST /xingrg/dwr/call/plaincall/AjaxCheckService.setItemNumber.dwr HTTP/1.1" 200 77
124.77.71.179 - - [01/May/2021:08:52:26 +0800] "POST /xingrg/dwr/call/plaincall/AjaxCheckService.setItemNumber.dwr HTTP/1.1" 200 77
124.77.71.179 - - [01/May/2021:08:52:28 +0800] "POST /xingrg/dwr/call/plaincall/AjaxCheckService.setItemNumber.dwr HTTP/1.1" 200 77
124.77.71.179 - - [01/May/2021:08:52:29 +0800] "POST /xingrg/dwr/call/plaincall/AjaxCheckService.setItemNumber.dwr HTTP/1.1" 200 77
124.77.71.179 - - [01/May/2021:08:52:30 +0800] "POST /xingrg/dwr/call/plaincall/AjaxCheckService.setItemNumber.dwr HTTP/1.1" 200 77
116.224.253.72 - - [01/May/2021:08:52:30 +0800] "GET /xingrg/all/function/internal_message.html?_=1619830345931&CODE_STATE=getMsg HTTP/1.1" 200 27
124.77.71.179 - - [01/May/2021:08:52:31 +0800] "POST /xingrg/dwr/call/plaincall/AjaxCheckService.setItemNumber.dwr HTTP/1.1" 200 77
124.77.71.179 - - [01/May/2021:08:52:32 +0800] "POST /xingrg/dwr/call/plaincall/AjaxCheckService.setItemNumber.dwr HTTP/1.1" 200 77
124.77.71.179 - - [01/May/2021:08:52:32 +0800] "GET /xingrg/all/function/internal_message.html?_=1619830337573&CODE_STATE=getMsg HTTP/1.1" 200 27
180.161.124.236 - - [01/May/2021:08:52:33 +0800] "GET /xingrg/kc/buy/cgsh_order_operate.html?command=get_materiel&rest_code=00102&code=00101007085&supplier_code=00100096&order_time=2021-05-01 HTTP/1.1" 200 434
124.77.71.179 - - [01/May/2021:08:52:33 +0800] "POST /xingrg/dwr/call/plaincall/AjaxCheckService.setItemNumber.dwr HTTP/1.1" 200 77
124.77.71.179 - - [01/May/2021:08:52:34 +0800] "POST /xingrg/dwr/call/plaincall/AjaxCheckService.setItemNumber.dwr HTTP/1.1" 200 77
124.77.71.179 - - [01/May/2021:08:52:36 +0800] "POST /xingrg/dwr/call/plaincall/AjaxCheckService.setItemNumber.dwr HTTP/1.1" 200 77
124.77.71.179 - - [01/May/2021:08:52:37 +0800] "POST /xingrg/dwr/call/plaincall/AjaxCheckService.setItemNumber.dwr HTTP/1.1" 200 77
222.69.130.124 - - [01/May/2021:08:52:37 +0800] "GET /xingrg/kc/buy/cgsh_order_info.html?code=212021050100014 HTTP/1.1" 200 57256
222.69.130.124 - - [01/May/2021:08:52:37 +0800] "GET /xingrg/javascript/easyui/themes/default/validatebox.css HTTP/1.1" 404 1104
116.224.253.72 - - [01/May/2021:08:52:38 +0800] "GET /xingrg/all/function/internal_message.html?_=1619830353229&CODE_STATE=getMsg HTTP/1.1" 200 27
222.69.130.124 - - [01/May/2021:08:52:38 +0800] "POST /xingrg/kc/buy/cgsh_order_operate.html HTTP/1.1" 200 1210
124.77.71.179 - - [01/May/2021:08:52:38 +0800] "POST /xingrg/dwr/call/plaincall/AjaxCheckService.setItemNumber.dwr HTTP/1.1" 200 77
124.77.71.179 - - [01/May/2021:08:52:40 +0800] "POST /xingrg/dwr/call/plaincall/AjaxCheckService.setItemNumber.dwr HTTP/1.1" 200 77
222.69.130.124 - - [01/May/2021:08:52:40 +0800] "GET /xingrg/kc/print/load_data.html?order_code=212021050100014&kc_code=cgsh&condition= HTTP/1.1" 200 961
124.77.71.179 - - [01/May/2021:08:52:41 +0800] "POST /xingrg/dwr/call/plaincall/AjaxCheckService.setItemNumber.dwr HTTP/1.1" 200 77
124.77.71.179 - - [01/May/2021:08:52:42 +0800] "POST /xingrg/dwr/call/plaincall/AjaxCheckService.setItemNumber.dwr HTTP/1.1" 200 77
124.77.71.179 - - [01/May/2021:08:52:44 +0800] "POST /xingrg/dwr/call/plaincall/AjaxCheckService.setItemNumber.dwr HTTP/1.1" 200 77
116.230.114.112 - - [01/May/2021:08:52:44 +0800] "GET /xingrg/kc/buy/cgsh_order_list.html HTTP/1.1" 200 46569
116.230.114.112 - - [01/May/2021:08:52:45 +0800] "POST /xingrg/kc/buy/cgsh_list_operate.html HTTP/1.1" 200 876
124.77.71.179 - - [01/May/2021:08:52:45 +0800] "POST /xingrg/dwr/call/plaincall/AjaxCheckService.setItemNumber.dwr HTTP/1.1" 200 77
116.230.114.112 - - [01/May/2021:08:52:47 +0800] "GET /xingrg/kc/buy/cgsh_order_add.html HTTP/1.1" 200 62307
124.77.71.179 - - [01/May/2021:08:52:47 +0800] "POST /xingrg/dwr/call/plaincall/AjaxCheckService.setItemNumber.dwr HTTP/1.1" 200 77
116.230.114.112 - - [01/May/2021:08:52:47 +0800] "POST /xingrg/kc/buy/cgsh_order_operate.html HTTP/1.1" 200 8245
116.230.114.112 - - [01/May/2021:08:52:47 +0800] "GET /xingrg/javascript/easyui/themes/default/validatebox.css HTTP/1.1" 404 1104
124.77.71.179 - - [01/May/2021:08:52:48 +0800] "POST /xingrg/dwr/call/plaincall/AjaxCheckService.setItemNumber.dwr HTTP/1.1" 200 77
124.77.71.179 - - [01/May/2021:08:52:49 +0800] "POST /xingrg/dwr/call/plaincall/AjaxCheckService.setItemNumber.dwr HTTP/1.1" 200 77
124.77.71.179 - - [01/May/2021:08:52:50 +0800] "POST /xingrg/dwr/call/plaincall/AjaxCheckService.setItemNumber.dwr HTTP/1.1" 200 77
222.69.130.124 - - [01/May/2021:08:52:51 +0800] "GET /xingrg/kc/buy/cgsh_order_add.html HTTP/1.1" 200 62354
61.165.42.208 - - [01/May/2021:08:52:51 +0800] "GET /xingrg/all/function/internal_message.html?_=1619830367299&CODE_STATE=getMsg HTTP/1.1" 200 27
222.69.130.124 - - [01/May/2021:08:52:51 +0800] "POST /xingrg/kc/buy/cgsh_order_operate.html HTTP/1.1" 200 8245
222.69.130.124 - - [01/May/2021:08:52:51 +0800] "GET /xingrg/javascript/easyui/themes/default/validatebox.css HTTP/1.1" 404 1104
180.161.124.236 - - [01/May/2021:08:52:51 +0800] "POST /xingrg/kc/buy/cgsh_order_operate.html HTTP/1.1" 200 37
124.77.71.179 - - [01/May/2021:08:52:52 +0800] "POST /xingrg/dwr/call/plaincall/AjaxCheckService.setItemNumber.dwr HTTP/1.1" 200 77
114.88.160.164 - - [01/May/2021:08:52:53 +0800] "GET /xingrg/all/function/internal_message.html?_=1619830337877&CODE_STATE=getMsg HTTP/1.1" 302 -
180.161.124.236 - - [01/May/2021:08:52:53 +0800] "POST /xingrg/kc/buy/cgsh_order_operate.html HTTP/1.1" 200 6804
124.77.71.179 - - [01/May/2021:08:52:54 +0800] "POST /xingrg/dwr/call/plaincall/AjaxCheckService.setItemNumber.dwr HTTP/1.1" 200 77
222.69.130.124 - - [01/May/2021:08:52:55 +0800] "GET /xingrg/all/function/internal_message.html?_=1619830369987&CODE_STATE=getMsg HTTP/1.1" 200 27
124.77.71.179 - - [01/May/2021:08:52:55 +0800] "POST /xingrg/dwr/call/plaincall/AjaxCheckService.setItemNumber.dwr HTTP/1.1" 200 77
222.69.130.124 - - [01/May/2021:08:52:55 +0800] "GET /xingrg/check_reg.html?_=1619830370153 HTTP/1.1" 200 22
116.230.114.112 - - [01/May/2021:08:52:56 +0800] "GET /xingrg/kc/buy/cgsh_order_operate.html?command=get_materiel&rest_code=00146&code=00101006038&supplier_code=&order_time=2021-05-01 HTTP/1.1" 200 421
124.77.71.179 - - [01/May/2021:08:52:58 +0800] "GET /xingrg/javascript/jquery_easy_ui/themes/default/images/button_plain_hover.png HTTP/1.1" 200 252
124.77.71.179 - - [01/May/2021:08:53:01 +0800] "POST /xingrg/dwr/call/plaincall/AjaxCheckService.checkOrder.dwr HTTP/1.1" 200 79
120.253.135.82 - - [01/May/2021:08:53:01 +0800] "GET /xingrg/check_reg.html?_=1619830389316 HTTP/1.1" 200 22
124.77.71.179 - - [01/May/2021:08:53:02 +0800] "GET /xingrg/kc/base/check_order_info.html?code=452021043000566 HTTP/1.1" 200 22864
124.77.71.179 - - [01/May/2021:08:53:02 +0800] "GET /xingrg/dwr/interface/AjaxComOrderService.js HTTP/1.1" 200 18264
124.77.71.179 - - [01/May/2021:08:53:02 +0800] "GET /xingrg/dwr/interface/AjaxCheckService.js HTTP/1.1" 200 14003
124.77.71.179 - - [01/May/2021:08:53:02 +0800] "GET /xingrg/dwr/engine.js HTTP/1.1" 200 43631
124.77.71.179 - - [01/May/2021:08:53:02 +0800] "GET /xingrg/javascript/jquery_easy_ui/themes/icons/exam_new.png HTTP/1.1" 200 756
124.77.71.179 - - [01/May/2021:08:53:03 +0800] "POST /xingrg/dwr/call/plaincall/AjaxCheckService.loadOrderItems.dwr HTTP/1.1" 200 25230
58.37.228.113 - - [01/May/2021:08:53:03 +0800] "GET /xingrg/all/function/internal_message.html?_=1619830361937&CODE_STATE=getMsg HTTP/1.1" 200 27
124.77.71.179 - - [01/May/2021:08:53:04 +0800] "GET /xingrg/kc/base/check_order_list.html?isBack=1 HTTP/1.1" 200 16476
124.77.71.179 - - [01/May/2021:08:53:05 +0800] "POST /xingrg/kc/base/check_list_operate.html HTTP/1.1" 200 4567
180.161.124.236 - - [01/May/2021:08:53:06 +0800] "POST /xingrg/kc/buy/cgsh_list_operate.html HTTP/1.1" 200 2004
124.77.71.179 - - [01/May/2021:08:53:07 +0800] "GET /xingrg/kc/base/check_order_info.html?code=452021043000564 HTTP/1.1" 200 26486
124.77.71.179 - - [01/May/2021:08:53:07 +0800] "GET /xingrg/dwr/interface/AjaxComOrderService.js HTTP/1.1" 200 18264
124.77.71.179 - - [01/May/2021:08:53:07 +0800] "GET /xingrg/dwr/interface/AjaxCheckService.js HTTP/1.1" 200 14003
124.77.71.179 - - [01/May/2021:08:53:07 +0800] "GET /xingrg/dwr/engine.js HTTP/1.1" 200 43631
124.77.71.179 - - [01/May/2021:08:53:08 +0800] "POST /xingrg/dwr/call/plaincall/AjaxCheckService.loadOrderItems.dwr HTTP/1.1" 200 19012
124.77.71.179 - - [01/May/2021:08:53:10 +0800] "POST /xingrg/dwr/call/plaincall/AjaxCheckService.setItemNumber.dwr HTTP/1.1" 200 76
124.77.71.179 - - [01/May/2021:08:53:11 +0800] "POST /xingrg/dwr/call/plaincall/AjaxCheckService.setItemNumber.dwr HTTP/1.1" 200 76
124.77.71.179 - - [01/May/2021:08:53:11 +0800] "POST /xingrg/dwr/call/plaincall/AjaxCheckService.setItemNumber.dwr HTTP/1.1" 200 76
124.77.71.179 - - [01/May/2021:08:53:12 +0800] "POST /xingrg/dwr/call/plaincall/AjaxCheckService.setItemNumber.dwr HTTP/1.1" 200 76
124.77.71.179 - - [01/May/2021:08:53:13 +0800] "POST /xingrg/dwr/call/plaincall/AjaxCheckService.setItemNumber.dwr HTTP/1.1" 200 76
124.77.71.179 - - [01/May/2021:08:53:13 +0800] "POST /xingrg/dwr/call/plaincall/AjaxCheckService.setItemNumber.dwr HTTP/1.1" 200 76
124.77.71.179 - - [01/May/2021:08:53:14 +0800] "POST /xingrg/dwr/call/plaincall/AjaxCheckService.setItemNumber.dwr HTTP/1.1" 200 76
124.77.71.179 - - [01/May/2021:08:53:14 +0800] "POST /xingrg/dwr/call/plaincall/AjaxCheckService.setItemNumber.dwr HTTP/1.1" 200 76
124.77.71.179 - - [01/May/2021:08:53:15 +0800] "POST /xingrg/dwr/call/plaincall/AjaxCheckService.setItemNumber.dwr HTTP/1.1" 200 76
124.77.71.179 - - [01/May/2021:08:53:16 +0800] "POST /xingrg/dwr/call/plaincall/AjaxCheckService.setItemNumber.dwr HTTP/1.1" 200 77
180.161.124.236 - - [01/May/2021:08:53:16 +0800] "GET /xingrg/check_reg.html?_=1619830675907 HTTP/1.1" 200 22
180.161.124.236 - - [01/May/2021:08:53:16 +0800] "GET /xingrg/all/function/internal_message.html?_=1619830676063&CODE_STATE=getMsg HTTP/1.1" 200 27
124.77.71.179 - - [01/May/2021:08:53:17 +0800] "POST /xingrg/dwr/call/plaincall/AjaxCheckService.setItemNumber.dwr HTTP/1.1" 200 77
124.77.71.179 - - [01/May/2021:08:53:18 +0800] "POST /xingrg/dwr/call/plaincall/AjaxCheckService.setItemNumber.dwr HTTP/1.1" 200 77
116.230.114.112 - - [01/May/2021:08:53:18 +0800] "GET /xingrg/all/function/internal_message.html?_=1619830415619&CODE_STATE=getMsg HTTP/1.1" 200 27
124.77.71.179 - - [01/May/2021:08:53:19 +0800] "POST /xingrg/dwr/call/plaincall/AjaxCheckService.setItemNumber.dwr HTTP/1.1" 200 77
124.77.71.179 - - [01/May/2021:08:53:19 +0800] "POST /xingrg/dwr/call/plaincall/AjaxCheckService.setItemNumber.dwr HTTP/1.1" 200 77
124.77.71.179 - - [01/May/2021:08:53:20 +0800] "POST /xingrg/dwr/call/plaincall/AjaxCheckService.setItemNumber.dwr HTTP/1.1" 200 77
124.77.71.179 - - [01/May/2021:08:53:21 +0800] "POST /xingrg/dwr/call/plaincall/AjaxCheckService.setItemNumber.dwr HTTP/1.1" 200 77
124.77.71.179 - - [01/May/2021:08:53:22 +0800] "POST /xingrg/dwr/call/plaincall/AjaxCheckService.setItemNumber.dwr HTTP/1.1" 200 77
116.230.110.80 - - [01/May/2021:08:53:23 +0800] "GET /xingrg/all/function/internal_message.html?_=1619830395545&CODE_STATE=getMsg HTTP/1.1" 200 27
124.77.71.179 - - [01/May/2021:08:53:23 +0800] "POST /xingrg/dwr/call/plaincall/AjaxCheckService.setItemNumber.dwr HTTP/1.1" 200 77
124.77.71.179 - - [01/May/2021:08:53:24 +0800] "POST /xingrg/dwr/call/plaincall/AjaxCheckService.setItemNumber.dwr HTTP/1.1" 200 77
124.77.71.179 - - [01/May/2021:08:53:25 +0800] "POST /xingrg/dwr/call/plaincall/AjaxCheckService.setItemNumber.dwr HTTP/1.1" 200 77
124.77.71.179 - - [01/May/2021:08:53:26 +0800] "POST /xingrg/dwr/call/plaincall/AjaxCheckService.setItemNumber.dwr HTTP/1.1" 200 77
180.161.124.236 - - [01/May/2021:08:53:26 +0800] "POST /xingrg/kc/buy/cgsh_list_operate.html HTTP/1.1" 200 576
180.161.124.236 - - [01/May/2021:08:53:27 +0800] "GET /xingrg/kc/buy/cgsh_order_info.html?code=212021050100016 HTTP/1.1" 200 62259
124.77.71.179 - - [01/May/2021:08:53:27 +0800] "POST /xingrg/dwr/call/plaincall/AjaxCheckService.setItemNumber.dwr HTTP/1.1" 200 77
180.161.124.236 - - [01/May/2021:08:53:28 +0800] "GET /xingrg/javascript/easyui/themes/default/validatebox.css HTTP/1.1" 404 1104
180.161.124.236 - - [01/May/2021:08:53:28 +0800] "POST /xingrg/kc/buy/cgsh_order_operate.html HTTP/1.1" 200 6804
124.77.71.179 - - [01/May/2021:08:53:28 +0800] "POST /xingrg/dwr/call/plaincall/AjaxCheckService.setItemNumber.dwr HTTP/1.1" 200 77
124.77.71.179 - - [01/May/2021:08:53:29 +0800] "POST /xingrg/dwr/call/plaincall/AjaxCheckService.setItemNumber.dwr HTTP/1.1" 200 77
124.77.71.179 - - [01/May/2021:08:53:30 +0800] "POST /xingrg/dwr/call/plaincall/AjaxCheckService.setItemNumber.dwr HTTP/1.1" 200 77
116.224.253.72 - - [01/May/2021:08:53:30 +0800] "GET /xingrg/all/function/internal_message.html?_=1619830405973&CODE_STATE=getMsg HTTP/1.1" 200 27
124.77.71.179 - - [01/May/2021:08:53:31 +0800] "POST /xingrg/dwr/call/plaincall/AjaxCheckService.setItemNumber.dwr HTTP/1.1" 200 77
124.77.71.179 - - [01/May/2021:08:53:32 +0800] "GET /xingrg/all/function/internal_message.html?_=1619830397667&CODE_STATE=getMsg HTTP/1.1" 200 27
124.77.71.179 - - [01/May/2021:08:53:32 +0800] "POST /xingrg/dwr/call/plaincall/AjaxCheckService.setItemNumber.dwr HTTP/1.1" 200 77
124.77.71.179 - - [01/May/2021:08:53:33 +0800] "POST /xingrg/dwr/call/plaincall/AjaxCheckService.setItemNumber.dwr HTTP/1.1" 200 77
116.224.253.72 - - [01/May/2021:08:53:38 +0800] "GET /xingrg/all/function/internal_message.html?_=1619830413207&CODE_STATE=getMsg HTTP/1.1" 200 27
124.77.71.179 - - [01/May/2021:08:53:40 +0800] "POST /xingrg/dwr/call/plaincall/AjaxCheckService.checkOrder.dwr HTTP/1.1" 200 79
124.77.71.179 - - [01/May/2021:08:53:41 +0800] "GET /xingrg/kc/base/check_order_info.html?code=452021043000564 HTTP/1.1" 200 22860
124.77.71.179 - - [01/May/2021:08:53:41 +0800] "GET /xingrg/dwr/interface/AjaxComOrderService.js HTTP/1.1" 200 18264
124.77.71.179 - - [01/May/2021:08:53:41 +0800] "GET /xingrg/dwr/interface/AjaxCheckService.js HTTP/1.1" 200 14003
124.77.71.179 - - [01/May/2021:08:53:41 +0800] "GET /xingrg/dwr/engine.js HTTP/1.1" 200 43631
124.77.71.179 - - [01/May/2021:08:53:42 +0800] "POST /xingrg/dwr/call/plaincall/AjaxCheckService.loadOrderItems.dwr HTTP/1.1" 200 9064
180.161.124.236 - - [01/May/2021:08:53:45 +0800] "POST /xingrg/kc/buy/cgsh_order_operate.html HTTP/1.1" 200 37
124.77.71.179 - - [01/May/2021:08:53:45 +0800] "GET /xingrg/kc/base/check_order_list.html?isBack=1 HTTP/1.1" 200 16476
124.77.71.179 - - [01/May/2021:08:53:46 +0800] "POST /xingrg/kc/base/check_list_operate.html HTTP/1.1" 200 4230
180.161.124.236 - - [01/May/2021:08:53:46 +0800] "POST /xingrg/kc/buy/cgsh_order_operate.html HTTP/1.1" 200 6802
124.77.71.179 - - [01/May/2021:08:53:46 +0800] "GET /xingrg/javascript/easyui/themes/default/images/button_plain_hover.png HTTP/1.1" 200 144
124.77.71.179 - - [01/May/2021:08:53:48 +0800] "GET /xingrg/kc/base/check_order_info.html?code=452021043000565 HTTP/1.1" 200 26486
124.77.71.179 - - [01/May/2021:08:53:48 +0800] "GET /xingrg/dwr/interface/AjaxComOrderService.js HTTP/1.1" 200 18264
124.77.71.179 - - [01/May/2021:08:53:48 +0800] "GET /xingrg/dwr/interface/AjaxCheckService.js HTTP/1.1" 200 14003
124.77.71.179 - - [01/May/2021:08:53:48 +0800] "GET /xingrg/dwr/engine.js HTTP/1.1" 200 43631
124.77.71.179 - - [01/May/2021:08:53:49 +0800] "POST /xingrg/dwr/call/plaincall/AjaxCheckService.loadOrderItems.dwr HTTP/1.1" 200 55330
114.86.227.74 - - [01/May/2021:08:53:49 +0800] "GET /favicon.ico HTTP/1.1" 404 -
180.161.124.236 - - [01/May/2021:08:53:50 +0800] "POST /xingrg/kc/buy/cgsh_list_operate.html HTTP/1.1" 200 2003
180.161.124.236 - - [01/May/2021:08:53:50 +0800] "GET /xingrg/kc/buy/cgsh_order_info.html?code=212021050100012 HTTP/1.1" 200 62259
180.161.124.236 - - [01/May/2021:08:53:51 +0800] "GET /xingrg/javascript/easyui/themes/default/validatebox.css HTTP/1.1" 404 1104
61.165.42.208 - - [01/May/2021:08:53:51 +0800] "GET /xingrg/all/function/internal_message.html?_=1619830427204&CODE_STATE=getMsg HTTP/1.1" 200 27
180.161.124.236 - - [01/May/2021:08:53:51 +0800] "POST /xingrg/kc/buy/cgsh_order_operate.html HTTP/1.1" 200 9813
222.69.130.124 - - [01/May/2021:08:53:52 +0800] "GET /xingrg/kc/buy/cgsh_order_operate.html?command=get_materiel&rest_code=00149&code=00101008323&supplier_code=00100005&order_time=2021-05-01 HTTP/1.1" 200 408
114.88.160.164 - - [01/May/2021:08:53:53 +0800] "GET /xingrg/all/function/internal_message.html?_=1619830397846&CODE_STATE=getMsg HTTP/1.1" 302 -
114.86.227.74 - - [01/May/2021:08:53:54 +0800] "GET /xingrg/login.html HTTP/1.1" 200 7641
114.86.227.74 - - [01/May/2021:08:53:54 +0800] "GET /xingrg/images/blue/jxLogo.png HTTP/1.1" 200 6156
114.86.227.74 - - [01/May/2021:08:53:54 +0800] "GET /xingrg/images/blue/srbg.png HTTP/1.1" 200 138
114.86.227.74 - - [01/May/2021:08:53:54 +0800] "GET /xingrg/images/blue/hj.png HTTP/1.1" 200 1014
114.86.227.74 - - [01/May/2021:08:53:54 +0800] "GET /xingrg/images/blue/login_bg.png HTTP/1.1" 200 22101
114.86.227.74 - - [01/May/2021:08:53:54 +0800] "GET /favicon.ico HTTP/1.1" 404 -
222.69.130.124 - - [01/May/2021:08:53:55 +0800] "GET /xingrg/all/function/internal_message.html?_=1619830429969&CODE_STATE=getMsg HTTP/1.1" 200 27
124.77.71.179 - - [01/May/2021:08:53:58 +0800] "POST /xingrg/dwr/call/plaincall/AjaxCheckService.setItemNumber.dwr HTTP/1.1" 200 76
124.77.71.179 - - [01/May/2021:08:53:59 +0800] "POST /xingrg/dwr/call/plaincall/AjaxCheckService.setItemNumber.dwr HTTP/1.1" 200 76
124.77.71.179 - - [01/May/2021:08:54:01 +0800] "POST /xingrg/dwr/call/plaincall/AjaxCheckService.setItemNumber.dwr HTTP/1.1" 200 76
114.86.227.74 - - [01/May/2021:08:54:01 +0800] "POST /xingrg/login.do HTTP/1.1" 302 -
114.86.227.74 - - [01/May/2021:08:54:01 +0800] "GET /xingrg/index.html?sysBaseUrl=http%3A%2F%2F180.169.147.146%3A18081%2Fxingrg%2F&costTime=55×tamp=1619830441628 HTTP/1.1" 200 17173
114.86.227.74 - - [01/May/2021:08:54:01 +0800] "GET /xingrg/javascript/jquery_easy_ui/themes/icon.css HTTP/1.1" 200 3949
114.86.227.74 - - [01/May/2021:08:54:01 +0800] "GET /xingrg/css/form.css HTTP/1.1" 200 893
114.86.227.74 - - [01/May/2021:08:54:01 +0800] "GET /xingrg/javascript/jquery-1.4.2.min.js HTTP/1.1" 200 72205
114.86.227.74 - - [01/May/2021:08:54:01 +0800] "GET /xingrg/javascript/jquery_easy_ui/jquery.easyui.min.js HTTP/1.1" 200 213662
114.86.227.74 - - [01/May/2021:08:54:01 +0800] "GET /xingrg/javascript/jquery_easy_ui/easyui-lang-zh_CN.js HTTP/1.1" 200 1900
114.86.227.74 - - [01/May/2021:08:54:01 +0800] "GET /xingrg/javascript/jquery_easy_ui/themes/default/easyui.css HTTP/1.1" 200 26500
114.86.227.74 - - [01/May/2021:08:54:01 +0800] "GET /xingrg/javascript/jquery.timers.js HTTP/1.1" 200 3532
114.86.227.74 - - [01/May/2021:08:54:01 +0800] "GET /xingrg/javascript/jquery.form.js HTTP/1.1" 200 23110
114.86.227.74 - - [01/May/2021:08:54:01 +0800] "GET /xingrg/javascript/jquery.utils.js HTTP/1.1" 200 11805
114.86.227.74 - - [01/May/2021:08:54:02 +0800] "GET /xingrg/javascript/jquery_easy_ui/themes/icons/settle_new.png HTTP/1.1" 200 826
114.86.227.74 - - [01/May/2021:08:54:02 +0800] "GET /xingrg/images/blue/navBackgound.jpg HTTP/1.1" 200 12378
114.86.227.74 - - [01/May/2021:08:54:02 +0800] "GET /xingrg/images/blue/pingpu.png HTTP/1.1" 200 231
114.86.227.74 - - [01/May/2021:08:54:02 +0800] "GET /xingrg/javascript/jquery_easy_ui/themes/default/images/tabs_leftarrow.png HTTP/1.1" 200 389
114.86.227.74 - - [01/May/2021:08:54:02 +0800] "GET /xingrg/javascript/jquery_easy_ui/themes/default/images/tabs_rightarrow.png HTTP/1.1" 200 395
114.86.227.74 - - [01/May/2021:08:54:02 +0800] "POST /xingrg/all/common/load_tree.html?tree=area_rest_tree_json&manage=1 HTTP/1.1" 200 342
114.86.227.74 - - [01/May/2021:08:54:02 +0800] "GET /xingrg/javascript/jquery_easy_ui/themes/default/images/panel_tool_collapse.gif HTTP/1.1" 200 246
114.86.227.74 - - [01/May/2021:08:54:02 +0800] "GET /xingrg/check_reg.html?_=1619830437635 HTTP/1.1" 200 22
114.86.227.74 - - [01/May/2021:08:54:02 +0800] "GET /xingrg/all/function/internal_message.html?_=1619830437635&CODE_STATE=count HTTP/1.1" 200 11
114.86.227.74 - - [01/May/2021:08:54:02 +0800] "POST /xingrg/load_menu.html HTTP/1.1" 200 5138
114.86.227.74 - - [01/May/2021:08:54:02 +0800] "GET /xingrg/javascript/jquery_easy_ui/themes/default/images/tree_arrows.gif HTTP/1.1" 200 1043
114.86.227.74 - - [01/May/2021:08:54:02 +0800] "GET /xingrg/javascript/jquery_easy_ui/themes/default/images/tree_folder_open.gif HTTP/1.1" 200 956
114.86.227.74 - - [01/May/2021:08:54:02 +0800] "GET /xingrg/javascript/jquery_easy_ui/themes/icons/forms_new.png HTTP/1.1" 200 350
114.86.227.74 - - [01/May/2021:08:54:02 +0800] "GET /xingrg/javascript/jquery_easy_ui/themes/icons/storage_new.png HTTP/1.1" 200 853
114.86.227.74 - - [01/May/2021:08:54:02 +0800] "GET /xingrg/javascript/jquery_easy_ui/themes/default/images/tree_folder.gif HTTP/1.1" 200 952
114.86.227.74 - - [01/May/2021:08:54:02 +0800] "GET /xingrg/javascript/jquery_easy_ui/themes/icons/search_new.png HTTP/1.1" 200 586
180.161.124.236 - - [01/May/2021:08:54:02 +0800] "POST /xingrg/kc/buy/cgsh_order_operate.html HTTP/1.1" 200 37
222.69.130.124 - - [01/May/2021:08:54:02 +0800] "GET /xingrg/kc/buy/cgsh_order_operate.html?command=get_materiel&rest_code=00149&code=00101008175&supplier_code=00100005&order_time=2021-05-01 HTTP/1.1" 200 412
124.77.71.179 - - [01/May/2021:08:54:02 +0800] "POST /xingrg/dwr/call/plaincall/AjaxCheckService.setItemNumber.dwr HTTP/1.1" 200 76
58.37.228.113 - - [01/May/2021:08:54:03 +0800] "GET /xingrg/all/function/internal_message.html?_=1619830421941&CODE_STATE=getMsg HTTP/1.1" 200 27
180.161.124.236 - - [01/May/2021:08:54:03 +0800] "POST /xingrg/kc/buy/cgsh_order_operate.html HTTP/1.1" 200 9812
124.77.71.179 - - [01/May/2021:08:54:03 +0800] "POST /xingrg/dwr/call/plaincall/AjaxCheckService.setItemNumber.dwr HTTP/1.1" 200 76
124.77.71.179 - - [01/May/2021:08:54:04 +0800] "POST /xingrg/dwr/call/plaincall/AjaxCheckService.setItemNumber.dwr HTTP/1.1" 200 76
124.77.71.179 - - [01/May/2021:08:54:05 +0800] "POST /xingrg/dwr/call/plaincall/AjaxCheckService.setItemNumber.dwr HTTP/1.1" 200 76
124.77.71.179 - - [01/May/2021:08:54:06 +0800] "POST /xingrg/dwr/call/plaincall/AjaxCheckService.setItemNumber.dwr HTTP/1.1" 200 76
124.77.71.179 - - [01/May/2021:08:54:07 +0800] "POST /xingrg/dwr/call/plaincall/AjaxCheckService.setItemNumber.dwr HTTP/1.1" 200 76
124.77.71.179 - - [01/May/2021:08:54:08 +0800] "POST /xingrg/dwr/call/plaincall/AjaxCheckService.setItemNumber.dwr HTTP/1.1" 200 77
180.161.124.236 - - [01/May/2021:08:54:08 +0800] "POST /xingrg/kc/buy/cgsh_list_operate.html HTTP/1.1" 200 2003
124.77.71.179 - - [01/May/2021:08:54:10 +0800] "POST /xingrg/dwr/call/plaincall/AjaxCheckService.setItemNumber.dwr HTTP/1.1" 200 77
180.161.124.236 - - [01/May/2021:08:54:17 +0800] "GET /xingrg/all/function/internal_message.html?_=1619830736358&CODE_STATE=getMsg HTTP/1.1" 200 27
222.69.130.124 - - [01/May/2021:08:54:17 +0800] "GET /xingrg/kc/buy/cgsh_order_operate.html?command=get_materiel&rest_code=00149&code=00101008091&supplier_code=00100005&order_time=2021-05-01 HTTP/1.1" 200 412
180.161.124.236 - - [01/May/2021:08:54:18 +0800] "POST /xingrg/kc/buy/cgsh_list_operate.html HTTP/1.1" 200 575
180.161.124.236 - - [01/May/2021:08:54:18 +0800] "GET /xingrg/kc/buy/cgsh_order_info.html?code=212021050100016 HTTP/1.1" 200 62259
116.230.114.112 - - [01/May/2021:08:54:18 +0800] "GET /xingrg/all/function/internal_message.html?_=1619830475632&CODE_STATE=getMsg HTTP/1.1" 200 27
180.161.124.236 - - [01/May/2021:08:54:19 +0800] "GET /xingrg/javascript/easyui/themes/default/validatebox.css HTTP/1.1" 404 1104
180.161.124.236 - - [01/May/2021:08:54:19 +0800] "POST /xingrg/kc/buy/cgsh_order_operate.html HTTP/1.1" 200 6802
114.86.227.74 - - [01/May/2021:08:54:21 +0800] "GET /xingrg/javascript/jquery_easy_ui/themes/default/images/tabs_close.gif HTTP/1.1" 200 829
114.86.227.74 - - [01/May/2021:08:54:21 +0800] "GET /xingrg/kc/base/base_main.html HTTP/1.1" 200 12142
114.86.227.74 - - [01/May/2021:08:54:21 +0800] "GET /xingrg/javascript/pic_change.js HTTP/1.1" 200 4739
114.86.227.74 - - [01/May/2021:08:54:21 +0800] "GET /xingrg/images/blue/button/wlsy.gif HTTP/1.1" 200 2536
114.86.227.74 - - [01/May/2021:08:54:21 +0800] "GET /xingrg/images/blue/button/ckpd.gif HTTP/1.1" 200 2051
114.86.227.74 - - [01/May/2021:08:54:21 +0800] "GET /xingrg/css/blue.css HTTP/1.1" 200 15949
114.86.227.74 - - [01/May/2021:08:54:21 +0800] "GET /xingrg/images/blue/button/kc.gif HTTP/1.1" 200 2160
114.86.227.74 - - [01/May/2021:08:54:21 +0800] "GET /xingrg/javascript/myfunction.js HTTP/1.1" 200 24559
114.86.227.74 - - [01/May/2021:08:54:21 +0800] "GET /xingrg/images/blue/button/ckdb.gif HTTP/1.1" 200 1950
114.86.227.74 - - [01/May/2021:08:54:21 +0800] "GET /xingrg/images/blue/pic_form2.gif HTTP/1.1" 200 1853
114.86.227.74 - - [01/May/2021:08:54:21 +0800] "GET /xingrg/images/blue/button/yddb.gif HTTP/1.1" 200 2040
114.86.227.74 - - [01/May/2021:08:54:21 +0800] "GET /xingrg/images/blue/button/top_left.jpg HTTP/1.1" 200 1632
114.86.227.74 - - [01/May/2021:08:54:21 +0800] "GET /xingrg/images/blue/button/top_right.jpg HTTP/1.1" 200 1708
114.86.227.74 - - [01/May/2021:08:54:21 +0800] "GET /xingrg/images/blue/button/down.jpg HTTP/1.1" 200 1560
114.86.227.74 - - [01/May/2021:08:54:21 +0800] "GET /xingrg/images/blue/button/right_ah.jpg HTTP/1.1" 200 1744
114.86.227.74 - - [01/May/2021:08:54:21 +0800] "GET /xingrg/images/blue/button/left_ah.jpg HTTP/1.1" 200 1643
114.86.227.74 - - [01/May/2021:08:54:21 +0800] "GET /xingrg/images/blue/button/bottom_left.jpg HTTP/1.1" 200 1524
114.86.227.74 - - [01/May/2021:08:54:21 +0800] "GET /xingrg/images/blue/button/bottom_right.jpg HTTP/1.1" 200 1436
114.86.227.74 - - [01/May/2021:08:54:21 +0800] "GET /xingrg/images/blue/bg_dotted.jpg HTTP/1.1" 200 319
116.230.110.80 - - [01/May/2021:08:54:23 +0800] "GET /xingrg/all/function/internal_message.html?_=1619830455533&CODE_STATE=getMsg HTTP/1.1" 200 27
116.224.253.72 - - [01/May/2021:08:54:23 +0800] "GET /xingrg/check_reg.html?_=1619830458407 HTTP/1.1" 200 22
114.86.227.74 - - [01/May/2021:08:54:23 +0800] "GET /xingrg/kc/base/check_order_list.html HTTP/1.1" 200 16470
114.86.227.74 - - [01/May/2021:08:54:23 +0800] "GET /xingrg/css/base.css HTTP/1.1" 200 2811
114.86.227.74 - - [01/May/2021:08:54:23 +0800] "GET /xingrg/css/site.css HTTP/1.1" 200 7541
114.86.227.74 - - [01/May/2021:08:54:23 +0800] "GET /xingrg/javascript/jquery_tools/datebox.css HTTP/1.1" 200 2597
114.86.227.74 - - [01/May/2021:08:54:23 +0800] "GET /xingrg/javascript/easyui/themes/icon.css HTTP/1.1" 200 4483
114.86.227.74 - - [01/May/2021:08:54:23 +0800] "GET /xingrg/javascript/auto/jquery.autocomplete.css HTTP/1.1" 200 587
114.86.227.74 - - [01/May/2021:08:54:23 +0800] "GET /xingrg/javascript/jquery_tools/fix.css HTTP/1.1" 200 1702
114.86.227.74 - - [01/May/2021:08:54:23 +0800] "GET /xingrg/javascript/jquery_tools/jquery.tools.min.js HTTP/1.1" 200 138801
114.86.227.74 - - [01/May/2021:08:54:23 +0800] "GET /xingrg/javascript/jquery_tools/table.css HTTP/1.1" 200 1032
114.86.227.74 - - [01/May/2021:08:54:23 +0800] "GET /xingrg/javascript/easyui/themes/default/easyui.css HTTP/1.1" 200 30432
114.86.227.74 - - [01/May/2021:08:54:23 +0800] "GET /xingrg/javascript/jquery_tools/jquery.tools.hotkey.js HTTP/1.1" 200 3242
114.86.227.74 - - [01/May/2021:08:54:23 +0800] "GET /xingrg/javascript/jquery_tools/jquery.tools.table.js HTTP/1.1" 200 6994
114.86.227.74 - - [01/May/2021:08:54:23 +0800] "GET /xingrg/javascript/jquery_tools/jquery.tools.extend.js HTTP/1.1" 200 15385
114.86.227.74 - - [01/May/2021:08:54:23 +0800] "GET /xingrg/javascript/jquery_tools/list_manager.js HTTP/1.1" 200 3652
114.86.227.74 - - [01/May/2021:08:54:23 +0800] "GET /xingrg/javascript/auto/jquery.autocomplete.js HTTP/1.1" 200 21624
114.86.227.74 - - [01/May/2021:08:54:23 +0800] "GET /xingrg/javascript/easyui/easyloader.js HTTP/1.1" 200 5975
114.86.227.74 - - [01/May/2021:08:54:23 +0800] "GET /xingrg/javascript/jquery.cookie.js HTTP/1.1" 200 5513
114.86.227.74 - - [01/May/2021:08:54:23 +0800] "GET /xingrg/javascript/easyui/themes/icons/field_new.png HTTP/1.1" 200 1097
114.86.227.74 - - [01/May/2021:08:54:23 +0800] "GET /xingrg/javascript/easyui/themes/icons/edit_add_new.png HTTP/1.1" 200 2997
114.86.227.74 - - [01/May/2021:08:54:23 +0800] "GET /xingrg/javascript/easyui/themes/icons/cance_new.png HTTP/1.1" 200 3986
114.86.227.74 - - [01/May/2021:08:54:23 +0800] "GET /xingrg/javascript/easyui/themes/icons/check_new.png HTTP/1.1" 200 3224
114.86.227.74 - - [01/May/2021:08:54:23 +0800] "GET /xingrg/javascript/easyui/plugins/jquery.parser.js HTTP/1.1" 200 1142
114.86.227.74 - - [01/May/2021:08:54:23 +0800] "GET /xingrg/images/control/ajaxLoader.gif HTTP/1.1" 200 4659
114.86.227.74 - - [01/May/2021:08:54:24 +0800] "POST /xingrg/kc/base/check_list_operate.html HTTP/1.1" 200 4643
222.69.130.124 - - [01/May/2021:08:54:24 +0800] "GET /xingrg/kc/buy/cgsh_order_operate.html?command=get_materiel&rest_code=00149&code=00101008302&supplier_code=00100005&order_time=2021-05-01 HTTP/1.1" 200 412
114.86.227.74 - - [01/May/2021:08:54:27 +0800] "GET /xingrg/css/table.css HTTP/1.1" 200 3684
114.86.227.74 - - [01/May/2021:08:54:27 +0800] "GET /xingrg/kc/base/check_order_info.html?code=452021043000550 HTTP/1.1" 200 26486
114.86.227.74 - - [01/May/2021:08:54:27 +0800] "GET /xingrg/javascript/AjaxInfoList.js HTTP/1.1" 200 3774
114.86.227.74 - - [01/May/2021:08:54:27 +0800] "GET /xingrg/dwr/interface/AjaxCheckService.js HTTP/1.1" 200 14003
114.86.227.74 - - [01/May/2021:08:54:27 +0800] "GET /xingrg/dwr/util.js HTTP/1.1" 200 35990
114.86.227.74 - - [01/May/2021:08:54:27 +0800] "GET /xingrg/dwr/interface/AjaxComOrderService.js HTTP/1.1" 200 18264
114.86.227.74 - - [01/May/2021:08:54:27 +0800] "GET /xingrg/javascript/convert.js HTTP/1.1" 200 1239
114.86.227.74 - - [01/May/2021:08:54:27 +0800] "GET /xingrg/javascript/print/LodopFuncs.js HTTP/1.1" 200 5121
114.86.227.74 - - [01/May/2021:08:54:27 +0800] "GET /xingrg/javascript/Calendar.js HTTP/1.1" 200 31561
114.86.227.74 - - [01/May/2021:08:54:27 +0800] "GET /xingrg/javascript/print/kc_print.js HTTP/1.1" 200 11415
114.86.227.74 - - [01/May/2021:08:54:27 +0800] "GET /xingrg/dwr/engine.js HTTP/1.1" 200 43631
114.86.227.74 - - [01/May/2021:08:54:27 +0800] "GET /xingrg/javascript/jquery_easy_ui/themes/default/images/menu_downarrow.png HTTP/1.1" 200 173
114.86.227.74 - - [01/May/2021:08:54:27 +0800] "GET /xingrg/javascript/jquery_easy_ui/themes/icons/check_new.png HTTP/1.1" 200 3224
114.86.227.74 - - [01/May/2021:08:54:27 +0800] "GET /xingrg/javascript/jquery_easy_ui/themes/icons/print.png HTTP/1.1" 200 1057
114.86.227.74 - - [01/May/2021:08:54:27 +0800] "GET /xingrg/javascript/jquery_easy_ui/themes/icons/back_new.png HTTP/1.1" 200 3414
114.86.227.74 - - [01/May/2021:08:54:27 +0800] "GET /xingrg/javascript/jquery_easy_ui/themes/icons/cance_new.png HTTP/1.1" 200 3986
124.77.71.179 - - [01/May/2021:08:54:29 +0800] "POST /xingrg/dwr/call/plaincall/AjaxCheckService.setItemNumber.dwr HTTP/1.1" 200 77
114.86.227.74 - - [01/May/2021:08:54:30 +0800] "GET /xingrg/index.html?sysBaseUrl=http%3A%2F%2F180.169.147.146%3A18081%2Fxingrg%2F&costTime=55×tamp=1619830441628 HTTP/1.1" 200 17173
116.224.253.72 - - [01/May/2021:08:54:30 +0800] "GET /xingrg/all/function/internal_message.html?_=1619830465975&CODE_STATE=getMsg HTTP/1.1" 200 27
114.86.227.74 - - [01/May/2021:08:54:31 +0800] "GET /xingrg/javascript/jquery_easy_ui/themes/icon.css HTTP/1.1" 200 3949
114.86.227.74 - - [01/May/2021:08:54:31 +0800] "GET /xingrg/css/form.css HTTP/1.1" 200 893
114.86.227.74 - - [01/May/2021:08:54:31 +0800] "GET /xingrg/javascript/jquery_easy_ui/jquery.easyui.min.js HTTP/1.1" 200 213662
114.86.227.74 - - [01/May/2021:08:54:31 +0800] "GET /xingrg/javascript/jquery-1.4.2.min.js HTTP/1.1" 200 72205
114.86.227.74 - - [01/May/2021:08:54:31 +0800] "GET /xingrg/javascript/jquery_easy_ui/easyui-lang-zh_CN.js HTTP/1.1" 200 1900
114.86.227.74 - - [01/May/2021:08:54:31 +0800] "GET /xingrg/javascript/jquery_easy_ui/themes/default/easyui.css HTTP/1.1" 200 26500
114.86.227.74 - - [01/May/2021:08:54:31 +0800] "GET /xingrg/javascript/jquery.timers.js HTTP/1.1" 200 3532
114.86.227.74 - - [01/May/2021:08:54:31 +0800] "GET /xingrg/images/blue/jxLogo.png HTTP/1.1" 200 6156
114.86.227.74 - - [01/May/2021:08:54:31 +0800] "GET /xingrg/javascript/jquery.utils.js HTTP/1.1" 200 11805
114.86.227.74 - - [01/May/2021:08:54:31 +0800] "GET /xingrg/javascript/jquery.form.js HTTP/1.1" 200 23110
124.77.71.179 - - [01/May/2021:08:54:31 +0800] "POST /xingrg/dwr/call/plaincall/AjaxCheckService.setItemNumber.dwr HTTP/1.1" 200 77
114.86.227.74 - - [01/May/2021:08:54:31 +0800] "POST /xingrg/all/common/load_tree.html?tree=area_rest_tree_json&manage=1 HTTP/1.1" 200 342
114.86.227.74 - - [01/May/2021:08:54:31 +0800] "GET /xingrg/all/function/internal_message.html?_=1619830466893&CODE_STATE=count HTTP/1.1" 200 11
114.86.227.74 - - [01/May/2021:08:54:31 +0800] "GET /xingrg/check_reg.html?_=1619830466894 HTTP/1.1" 200 22
114.86.227.74 - - [01/May/2021:08:54:31 +0800] "GET /xingrg/javascript/jquery_easy_ui/themes/icons/settle_new.png HTTP/1.1" 200 826
114.86.227.74 - - [01/May/2021:08:54:31 +0800] "GET /xingrg/javascript/jquery_easy_ui/themes/default/images/tabs_leftarrow.png HTTP/1.1" 200 389
114.86.227.74 - - [01/May/2021:08:54:31 +0800] "GET /xingrg/images/blue/pingpu.png HTTP/1.1" 200 231
114.86.227.74 - - [01/May/2021:08:54:31 +0800] "GET /xingrg/javascript/jquery_easy_ui/themes/default/images/tabs_rightarrow.png HTTP/1.1" 200 395
114.86.227.74 - - [01/May/2021:08:54:31 +0800] "GET /xingrg/javascript/jquery_easy_ui/themes/default/images/panel_tool_collapse.gif HTTP/1.1" 200 246
114.86.227.74 - - [01/May/2021:08:54:31 +0800] "GET /xingrg/images/blue/navBackgound.jpg HTTP/1.1" 200 12378
114.86.227.74 - - [01/May/2021:08:54:31 +0800] "GET /xingrg/javascript/jquery_easy_ui/themes/default/images/tree_arrows.gif HTTP/1.1" 200 1043
114.86.227.74 - - [01/May/2021:08:54:31 +0800] "GET /xingrg/javascript/jquery_easy_ui/themes/default/images/tree_folder_open.gif HTTP/1.1" 200 956
114.86.227.74 - - [01/May/2021:08:54:31 +0800] "GET /xingrg/javascript/jquery_easy_ui/themes/icons/rest.png HTTP/1.1" 200 695
114.86.227.74 - - [01/May/2021:08:54:31 +0800] "GET /xingrg/javascript/jquery_easy_ui/themes/icons/area.png HTTP/1.1" 200 262
114.86.227.74 - - [01/May/2021:08:54:31 +0800] "POST /xingrg/load_menu.html HTTP/1.1" 200 5138
114.86.227.74 - - [01/May/2021:08:54:31 +0800] "GET /xingrg/javascript/jquery_easy_ui/themes/icons/search_new.png HTTP/1.1" 200 586
114.86.227.74 - - [01/May/2021:08:54:31 +0800] "GET /xingrg/javascript/jquery_easy_ui/themes/default/images/tree_folder.gif HTTP/1.1" 200 952
114.86.227.74 - - [01/May/2021:08:54:31 +0800] "GET /xingrg/javascript/jquery_easy_ui/themes/icons/storage_new.png HTTP/1.1" 200 853
114.86.227.74 - - [01/May/2021:08:54:31 +0800] "GET /xingrg/javascript/jquery_easy_ui/themes/icons/forms_new.png HTTP/1.1" 200 350
114.86.227.74 - - [01/May/2021:08:54:31 +0800] "GET /xingrg/javascript/jquery_easy_ui/themes/default/images/tree_file.gif HTTP/1.1" 200 118
124.77.71.179 - - [01/May/2021:08:54:32 +0800] "POST /xingrg/dwr/call/plaincall/AjaxCheckService.setItemNumber.dwr HTTP/1.1" 200 77
124.77.71.179 - - [01/May/2021:08:54:32 +0800] "GET /xingrg/all/function/internal_message.html?_=1619830457641&CODE_STATE=getMsg HTTP/1.1" 200 27
114.86.227.74 - - [01/May/2021:08:54:33 +0800] "GET /xingrg/index.html?sysBaseUrl=http%3A%2F%2F180.169.147.146%3A18081%2Fxingrg%2F&costTime=55×tamp=1619830441628 HTTP/1.1" 200 17173
124.77.71.179 - - [01/May/2021:08:54:33 +0800] "POST /xingrg/dwr/call/plaincall/AjaxCheckService.setItemNumber.dwr HTTP/1.1" 200 77
114.86.227.74 - - [01/May/2021:08:54:33 +0800] "POST /xingrg/all/common/load_tree.html?tree=area_rest_tree_json&manage=1 HTTP/1.1" 200 342
114.86.227.74 - - [01/May/2021:08:54:34 +0800] "GET /xingrg/all/function/internal_message.html?_=1619830469540&CODE_STATE=count HTTP/1.1" 200 11
114.86.227.74 - - [01/May/2021:08:54:34 +0800] "GET /xingrg/check_reg.html?_=1619830469541 HTTP/1.1" 200 22
114.86.227.74 - - [01/May/2021:08:54:34 +0800] "POST /xingrg/load_menu.html HTTP/1.1" 200 5138
114.86.227.74 - - [01/May/2021:08:54:35 +0800] "GET /xingrg/kc/base/base_main.html HTTP/1.1" 200 12142
114.86.227.74 - - [01/May/2021:08:54:35 +0800] "GET /xingrg/javascript/jquery_easy_ui/themes/default/images/tabs_close.gif HTTP/1.1" 200 829
114.86.227.74 - - [01/May/2021:08:54:35 +0800] "GET /xingrg/javascript/pic_change.js HTTP/1.1" 200 4739
114.86.227.74 - - [01/May/2021:08:54:35 +0800] "GET /xingrg/images/blue/button/ckpd.gif HTTP/1.1" 200 2051
114.86.227.74 - - [01/May/2021:08:54:35 +0800] "GET /xingrg/css/blue.css HTTP/1.1" 200 15949
114.86.227.74 - - [01/May/2021:08:54:35 +0800] "GET /xingrg/images/blue/pic_form2.gif HTTP/1.1" 200 1853
114.86.227.74 - - [01/May/2021:08:54:35 +0800] "GET /xingrg/images/blue/button/wlsy.gif HTTP/1.1" 200 2536
114.86.227.74 - - [01/May/2021:08:54:35 +0800] "GET /xingrg/images/blue/button/yddb.gif HTTP/1.1" 200 2040
114.86.227.74 - - [01/May/2021:08:54:35 +0800] "GET /xingrg/images/blue/button/kc.gif HTTP/1.1" 200 2160
114.86.227.74 - - [01/May/2021:08:54:35 +0800] "GET /xingrg/images/blue/button/ckdb.gif HTTP/1.1" 200 1950
114.86.227.74 - - [01/May/2021:08:54:35 +0800] "GET /xingrg/javascript/myfunction.js HTTP/1.1" 200 24559
114.86.227.74 - - [01/May/2021:08:54:35 +0800] "GET /xingrg/images/blue/bg_dotted.jpg HTTP/1.1" 200 319
114.86.227.74 - - [01/May/2021:08:54:35 +0800] "GET /xingrg/images/blue/button/top_right.jpg HTTP/1.1" 200 1708
114.86.227.74 - - [01/May/2021:08:54:35 +0800] "GET /xingrg/images/blue/button/top_left.jpg HTTP/1.1" 200 1632
114.86.227.74 - - [01/May/2021:08:54:35 +0800] "GET /xingrg/images/blue/button/down.jpg HTTP/1.1" 200 1560
114.86.227.74 - - [01/May/2021:08:54:35 +0800] "GET /xingrg/images/blue/button/right_ah.jpg HTTP/1.1" 200 1744
114.86.227.74 - - [01/May/2021:08:54:35 +0800] "GET /xingrg/images/blue/button/left_ah.jpg HTTP/1.1" 200 1643
114.86.227.74 - - [01/May/2021:08:54:35 +0800] "GET /xingrg/images/blue/button/bottom_left.jpg HTTP/1.1" 200 1524
114.86.227.74 - - [01/May/2021:08:54:35 +0800] "GET /xingrg/images/blue/button/bottom_right.jpg HTTP/1.1" 200 1436
124.77.71.179 - - [01/May/2021:08:54:35 +0800] "POST /xingrg/dwr/call/plaincall/AjaxCheckService.setItemNumber.dwr HTTP/1.1" 200 77
124.77.71.179 - - [01/May/2021:08:54:36 +0800] "POST /xingrg/dwr/call/plaincall/AjaxCheckService.setItemNumber.dwr HTTP/1.1" 200 77
114.86.227.74 - - [01/May/2021:08:54:36 +0800] "GET /xingrg/css/base.css HTTP/1.1" 200 2811
114.86.227.74 - - [01/May/2021:08:54:36 +0800] "GET /xingrg/css/site.css HTTP/1.1" 200 7541
114.86.227.74 - - [01/May/2021:08:54:36 +0800] "GET /xingrg/javascript/jquery_tools/datebox.css HTTP/1.1" 200 2597
114.86.227.74 - - [01/May/2021:08:54:36 +0800] "GET /xingrg/kc/base/check_order_list.html HTTP/1.1" 200 16470
114.86.227.74 - - [01/May/2021:08:54:36 +0800] "GET /xingrg/javascript/easyui/themes/icon.css HTTP/1.1" 200 4483
114.86.227.74 - - [01/May/2021:08:54:36 +0800] "GET /xingrg/javascript/auto/jquery.autocomplete.css HTTP/1.1" 200 587
