116.224.253.72 - - [01/May/2021:09:08:28 +0800] "GET /xingrg/javascript/jquery_easy_ui/themes/icons/area.png HTTP/1.1" 304 -
124.77.71.179 - - [01/May/2021:09:08:28 +0800] "POST /xingrg/dwr/call/plaincall/AjaxCheckService.setItemNumber.dwr HTTP/1.1" 200 78
116.224.253.72 - - [01/May/2021:09:08:29 +0800] "GET /xingrg/javascript/jquery_easy_ui/themes/default/images/button_a_bg.gif HTTP/1.1" 304 -
116.224.253.72 - - [01/May/2021:09:08:29 +0800] "GET /xingrg/javascript/jquery_easy_ui/themes/default/images/button_span_bg.gif HTTP/1.1" 304 -
116.224.253.72 - - [01/May/2021:09:08:29 +0800] "GET /xingrg/javascript/jquery_easy_ui/themes/default/images/panel_title.png HTTP/1.1" 304 -
116.224.253.72 - - [01/May/2021:09:08:29 +0800] "GET /xingrg/javascript/jquery_easy_ui/themes/default/images/panel_tools.gif HTTP/1.1" 304 -
116.224.253.72 - - [01/May/2021:09:08:31 +0800] "GET /xingrg/all/function/internal_message.html?_=1619831306257&CODE_STATE=getMsg HTTP/1.1" 200 27
124.77.71.179 - - [01/May/2021:09:08:31 +0800] "POST /xingrg/dwr/call/plaincall/AjaxCheckService.setItemNumber.dwr HTTP/1.1" 200 78
116.224.253.72 - - [01/May/2021:09:08:32 +0800] "POST /xingrg/all/user/operate.html HTTP/1.1" 200 36
116.224.253.72 - - [01/May/2021:09:08:32 +0800] "GET /xingrg/javascript/jquery_easy_ui/themes/default/easyui.css HTTP/1.1" 304 -
116.224.253.72 - - [01/May/2021:09:08:32 +0800] "GET /xingrg/index.html?sysBaseUrl=http%3A%2F%2F180.169.147.146%3A18081%2Fxingrg%2F&costTime=41×tamp=1619574842036 HTTP/1.1" 200 17179
116.224.253.72 - - [01/May/2021:09:08:32 +0800] "GET /xingrg/javascript/jquery_easy_ui/themes/icon.css HTTP/1.1" 304 -
116.224.253.72 - - [01/May/2021:09:08:32 +0800] "GET /xingrg/css/form.css HTTP/1.1" 304 -
116.224.253.72 - - [01/May/2021:09:08:32 +0800] "GET /xingrg/javascript/jquery-1.4.2.min.js HTTP/1.1" 304 -
116.224.253.72 - - [01/May/2021:09:08:32 +0800] "GET /xingrg/javascript/jquery_easy_ui/jquery.easyui.min.js HTTP/1.1" 304 -
116.224.253.72 - - [01/May/2021:09:08:32 +0800] "GET /xingrg/javascript/jquery_easy_ui/easyui-lang-zh_CN.js HTTP/1.1" 304 -
116.224.253.72 - - [01/May/2021:09:08:32 +0800] "GET /xingrg/javascript/jquery.form.js HTTP/1.1" 304 -
116.224.253.72 - - [01/May/2021:09:08:32 +0800] "GET /xingrg/javascript/jquery.utils.js HTTP/1.1" 304 -
116.224.253.72 - - [01/May/2021:09:08:32 +0800] "GET /xingrg/javascript/jquery.timers.js HTTP/1.1" 304 -
116.224.253.72 - - [01/May/2021:09:08:32 +0800] "GET /xingrg/images/blue/jxLogo.png HTTP/1.1" 304 -
116.224.253.72 - - [01/May/2021:09:08:32 +0800] "GET /xingrg/images/blue/navBackgound.jpg HTTP/1.1" 304 -
116.224.253.72 - - [01/May/2021:09:08:32 +0800] "GET /xingrg/javascript/jquery_easy_ui/themes/icons/settle_new.png HTTP/1.1" 304 -
116.224.253.72 - - [01/May/2021:09:08:32 +0800] "POST /xingrg/all/common/load_tree.html?tree=area_rest_tree_json&manage=1 HTTP/1.1" 200 476
116.224.253.72 - - [01/May/2021:09:08:32 +0800] "GET /xingrg/all/function/internal_message.html?_=1619831307761&CODE_STATE=count HTTP/1.1" 200 11
116.224.253.72 - - [01/May/2021:09:08:32 +0800] "GET /xingrg/check_reg.html?_=1619831307764 HTTP/1.1" 200 22
116.224.253.72 - - [01/May/2021:09:08:32 +0800] "GET /xingrg/images/blue/pingpu.png HTTP/1.1" 304 -
116.224.253.72 - - [01/May/2021:09:08:32 +0800] "GET /xingrg/javascript/jquery_easy_ui/themes/default/images/tabs_rightarrow.png HTTP/1.1" 304 -
116.224.253.72 - - [01/May/2021:09:08:32 +0800] "GET /xingrg/javascript/jquery_easy_ui/themes/default/images/tabs_leftarrow.png HTTP/1.1" 304 -
116.224.253.72 - - [01/May/2021:09:08:32 +0800] "GET /xingrg/javascript/jquery_easy_ui/themes/default/images/panel_tool_collapse.gif HTTP/1.1" 304 -
116.224.253.72 - - [01/May/2021:09:08:32 +0800] "POST /xingrg/load_menu.html HTTP/1.1" 200 5138
124.77.71.179 - - [01/May/2021:09:08:33 +0800] "POST /xingrg/dwr/call/plaincall/AjaxCheckService.setItemNumber.dwr HTTP/1.1" 200 78
114.86.227.74 - - [01/May/2021:09:08:34 +0800] "GET /xingrg/all/function/internal_message.html?_=1619831309577&CODE_STATE=getMsg HTTP/1.1" 200 27
124.77.71.179 - - [01/May/2021:09:08:34 +0800] "GET /xingrg/all/function/internal_message.html?_=1619831299850&CODE_STATE=getMsg HTTP/1.1" 200 27
222.69.130.124 - - [01/May/2021:09:08:35 +0800] "GET /xingrg/kc/buy/cgsh_order_operate.html?command=get_materiel&rest_code=00149&code=00101008300&supplier_code=00100005&order_time=2021-05-01 HTTP/1.1" 200 412
116.224.253.72 - - [01/May/2021:09:08:36 +0800] "GET /xingrg/kc/base/check_order_list.html HTTP/1.1" 200 16476
116.224.253.72 - - [01/May/2021:09:08:37 +0800] "POST /xingrg/kc/base/check_list_operate.html HTTP/1.1" 200 2916
124.77.71.179 - - [01/May/2021:09:08:38 +0800] "POST /xingrg/dwr/call/plaincall/AjaxCheckService.setItemNumber.dwr HTTP/1.1" 200 78
124.77.71.179 - - [01/May/2021:09:08:39 +0800] "POST /xingrg/dwr/call/plaincall/AjaxCheckService.setItemNumber.dwr HTTP/1.1" 200 78
61.165.42.208 - - [01/May/2021:09:08:40 +0800] "GET /xingrg/kc/buy/cgsh_order_operate.html?command=get_materiel&rest_code=00105&code=00101008332&supplier_code=00100203&order_time=2021-05-01 HTTP/1.1" 200 412
124.77.71.179 - - [01/May/2021:09:08:40 +0800] "POST /xingrg/dwr/call/plaincall/AjaxCheckService.setItemNumber.dwr HTTP/1.1" 200 78
124.77.71.179 - - [01/May/2021:09:08:41 +0800] "POST /xingrg/dwr/call/plaincall/AjaxCheckService.setItemNumber.dwr HTTP/1.1" 200 78
180.169.147.146 - - [01/May/2021:09:08:42 +0800] "GET /xingrg/all/function/internal_message.html?_=1619831320402&CODE_STATE=getMsg HTTP/1.1" 200 27
124.77.71.179 - - [01/May/2021:09:08:43 +0800] "POST /xingrg/dwr/call/plaincall/AjaxCheckService.setItemNumber.dwr HTTP/1.1" 200 78
124.77.71.179 - - [01/May/2021:09:08:43 +0800] "POST /xingrg/dwr/call/plaincall/AjaxCheckService.setItemNumber.dwr HTTP/1.1" 200 78
124.77.71.179 - - [01/May/2021:09:08:44 +0800] "POST /xingrg/dwr/call/plaincall/AjaxCheckService.setItemNumber.dwr HTTP/1.1" 200 78
222.69.130.124 - - [01/May/2021:09:08:44 +0800] "POST /xingrg/kc/buy/cgsh_order_operate.html HTTP/1.1" 200 2065
116.224.253.72 - - [01/May/2021:09:08:45 +0800] "GET /xingrg/kc/buy/cgsh_order_list.html HTTP/1.1" 200 46569
124.77.71.179 - - [01/May/2021:09:08:46 +0800] "POST /xingrg/dwr/call/plaincall/AjaxCheckService.setItemNumber.dwr HTTP/1.1" 200 78
116.224.253.72 - - [01/May/2021:09:08:47 +0800] "POST /xingrg/kc/buy/cgsh_list_operate.html HTTP/1.1" 200 1690
61.165.42.208 - - [01/May/2021:09:08:51 +0800] "GET /xingrg/all/function/internal_message.html?_=1619831327399&CODE_STATE=getMsg HTTP/1.1" 200 27
124.77.71.179 - - [01/May/2021:09:08:51 +0800] "POST /xingrg/dwr/call/plaincall/AjaxCheckService.setItemNumber.dwr HTTP/1.1" 200 78
124.77.71.179 - - [01/May/2021:09:08:52 +0800] "POST /xingrg/dwr/call/plaincall/AjaxCheckService.setItemNumber.dwr HTTP/1.1" 200 78
222.69.130.124 - - [01/May/2021:09:08:52 +0800] "GET /xingrg/kc/buy/cgsh_order_operate.html?command=get_materiel&rest_code=00149&code=00101008208&supplier_code=00100005&order_time=2021-05-01 HTTP/1.1" 200 409
124.77.71.179 - - [01/May/2021:09:08:52 +0800] "POST /xingrg/dwr/call/plaincall/AjaxCheckService.setItemNumber.dwr HTTP/1.1" 200 78
124.77.71.179 - - [01/May/2021:09:08:53 +0800] "POST /xingrg/dwr/call/plaincall/AjaxCheckService.setItemNumber.dwr HTTP/1.1" 200 78
124.77.71.179 - - [01/May/2021:09:08:54 +0800] "POST /xingrg/dwr/call/plaincall/AjaxCheckService.setItemNumber.dwr HTTP/1.1" 200 78
124.77.71.179 - - [01/May/2021:09:08:54 +0800] "POST /xingrg/dwr/call/plaincall/AjaxCheckService.setItemNumber.dwr HTTP/1.1" 200 78
222.69.130.124 - - [01/May/2021:09:08:55 +0800] "GET /xingrg/all/function/internal_message.html?_=1619831329779&CODE_STATE=getMsg HTTP/1.1" 200 27
124.77.71.179 - - [01/May/2021:09:08:55 +0800] "POST /xingrg/dwr/call/plaincall/AjaxCheckService.setItemNumber.dwr HTTP/1.1" 200 78
124.77.71.179 - - [01/May/2021:09:08:56 +0800] "POST /xingrg/dwr/call/plaincall/AjaxCheckService.setItemNumber.dwr HTTP/1.1" 200 78
124.77.71.179 - - [01/May/2021:09:08:56 +0800] "POST /xingrg/dwr/call/plaincall/AjaxCheckService.setItemNumber.dwr HTTP/1.1" 200 78
124.77.71.179 - - [01/May/2021:09:08:57 +0800] "POST /xingrg/dwr/call/plaincall/AjaxCheckService.setItemNumber.dwr HTTP/1.1" 200 78
124.77.71.179 - - [01/May/2021:09:08:58 +0800] "POST /xingrg/dwr/call/plaincall/AjaxCheckService.setItemNumber.dwr HTTP/1.1" 200 78
124.77.71.179 - - [01/May/2021:09:08:58 +0800] "POST /xingrg/dwr/call/plaincall/AjaxCheckService.setItemNumber.dwr HTTP/1.1" 200 78
124.77.71.179 - - [01/May/2021:09:08:59 +0800] "POST /xingrg/dwr/call/plaincall/AjaxCheckService.setItemNumber.dwr HTTP/1.1" 200 78
124.77.71.179 - - [01/May/2021:09:09:00 +0800] "POST /xingrg/dwr/call/plaincall/AjaxCheckService.setItemNumber.dwr HTTP/1.1" 200 78
124.77.71.179 - - [01/May/2021:09:09:00 +0800] "POST /xingrg/dwr/call/plaincall/AjaxCheckService.setItemNumber.dwr HTTP/1.1" 200 78
124.77.71.179 - - [01/May/2021:09:09:01 +0800] "POST /xingrg/dwr/call/plaincall/AjaxCheckService.setItemNumber.dwr HTTP/1.1" 200 78
124.77.71.179 - - [01/May/2021:09:09:02 +0800] "POST /xingrg/dwr/call/plaincall/AjaxCheckService.setItemNumber.dwr HTTP/1.1" 200 78
124.77.71.179 - - [01/May/2021:09:09:02 +0800] "POST /xingrg/dwr/call/plaincall/AjaxCheckService.setItemNumber.dwr HTTP/1.1" 200 78
58.37.228.113 - - [01/May/2021:09:09:03 +0800] "GET /xingrg/all/function/internal_message.html?_=1619831321939&CODE_STATE=getMsg HTTP/1.1" 200 27
124.77.71.179 - - [01/May/2021:09:09:03 +0800] "POST /xingrg/dwr/call/plaincall/AjaxCheckService.setItemNumber.dwr HTTP/1.1" 200 78
124.77.71.179 - - [01/May/2021:09:09:03 +0800] "POST /xingrg/dwr/call/plaincall/AjaxCheckService.setItemNumber.dwr HTTP/1.1" 200 78
124.77.71.179 - - [01/May/2021:09:09:04 +0800] "POST /xingrg/dwr/call/plaincall/AjaxCheckService.setItemNumber.dwr HTTP/1.1" 200 78
222.69.130.124 - - [01/May/2021:09:09:05 +0800] "GET /xingrg/kc/buy/cgsh_order_operate.html?command=get_materiel&rest_code=00149&code=00101008439&supplier_code=00100005&order_time=2021-05-01 HTTP/1.1" 200 399
124.77.71.179 - - [01/May/2021:09:09:05 +0800] "POST /xingrg/dwr/call/plaincall/AjaxCheckService.setItemNumber.dwr HTTP/1.1" 200 78
61.165.42.208 - - [01/May/2021:09:09:05 +0800] "GET /xingrg/kc/buy/cgsh_order_operate.html?command=get_materiel&rest_code=00105&code=00101010136&supplier_code=00100203&order_time=2021-05-01 HTTP/1.1" 200 408
124.77.71.179 - - [01/May/2021:09:09:06 +0800] "POST /xingrg/dwr/call/plaincall/AjaxCheckService.setItemNumber.dwr HTTP/1.1" 200 78
124.77.71.179 - - [01/May/2021:09:09:06 +0800] "POST /xingrg/dwr/call/plaincall/AjaxCheckService.setItemNumber.dwr HTTP/1.1" 200 78
124.77.71.179 - - [01/May/2021:09:09:07 +0800] "POST /xingrg/dwr/call/plaincall/AjaxCheckService.setItemNumber.dwr HTTP/1.1" 200 78
124.77.71.179 - - [01/May/2021:09:09:07 +0800] "POST /xingrg/dwr/call/plaincall/AjaxCheckService.setItemNumber.dwr HTTP/1.1" 200 78
124.77.71.179 - - [01/May/2021:09:09:13 +0800] "POST /xingrg/dwr/call/plaincall/AjaxCheckService.setItemNumber.dwr HTTP/1.1" 200 78
222.69.130.124 - - [01/May/2021:09:09:14 +0800] "GET /xingrg/kc/buy/cgsh_order_operate.html?command=get_materiel&rest_code=00149&code=00101008137&supplier_code=00100005&order_time=2021-05-01 HTTP/1.1" 200 408
124.77.71.179 - - [01/May/2021:09:09:15 +0800] "POST /xingrg/dwr/call/plaincall/AjaxCheckService.setItemNumber.dwr HTTP/1.1" 200 78
124.77.71.179 - - [01/May/2021:09:09:16 +0800] "POST /xingrg/dwr/call/plaincall/AjaxCheckService.setItemNumber.dwr HTTP/1.1" 200 78
124.77.71.179 - - [01/May/2021:09:09:17 +0800] "POST /xingrg/dwr/call/plaincall/AjaxCheckService.setItemNumber.dwr HTTP/1.1" 200 78
124.77.71.179 - - [01/May/2021:09:09:18 +0800] "POST /xingrg/dwr/call/plaincall/AjaxCheckService.setItemNumber.dwr HTTP/1.1" 200 78
180.161.124.236 - - [01/May/2021:09:09:19 +0800] "GET /xingrg/all/function/internal_message.html?_=1619831638128&CODE_STATE=getMsg HTTP/1.1" 200 27
116.230.114.112 - - [01/May/2021:09:09:19 +0800] "GET /xingrg/all/function/internal_message.html?_=1619831376023&CODE_STATE=getMsg HTTP/1.1" 200 27
124.77.71.179 - - [01/May/2021:09:09:19 +0800] "POST /xingrg/dwr/call/plaincall/AjaxCheckService.setItemNumber.dwr HTTP/1.1" 200 78
124.77.71.179 - - [01/May/2021:09:09:20 +0800] "POST /xingrg/dwr/call/plaincall/AjaxCheckService.setItemNumber.dwr HTTP/1.1" 200 78
124.77.71.179 - - [01/May/2021:09:09:21 +0800] "POST /xingrg/dwr/call/plaincall/AjaxCheckService.setItemNumber.dwr HTTP/1.1" 200 78
124.77.71.179 - - [01/May/2021:09:09:21 +0800] "POST /xingrg/dwr/call/plaincall/AjaxCheckService.setItemNumber.dwr HTTP/1.1" 200 78
124.77.71.179 - - [01/May/2021:09:09:22 +0800] "POST /xingrg/dwr/call/plaincall/AjaxCheckService.setItemNumber.dwr HTTP/1.1" 200 78
124.77.71.179 - - [01/May/2021:09:09:23 +0800] "POST /xingrg/dwr/call/plaincall/AjaxCheckService.setItemNumber.dwr HTTP/1.1" 200 78
116.230.110.80 - - [01/May/2021:09:09:23 +0800] "GET /xingrg/all/function/internal_message.html?_=1619831355541&CODE_STATE=getMsg HTTP/1.1" 200 27
116.224.253.72 - - [01/May/2021:09:09:23 +0800] "GET /xingrg/check_reg.html?_=1619831358428 HTTP/1.1" 200 22
124.77.71.179 - - [01/May/2021:09:09:23 +0800] "POST /xingrg/dwr/call/plaincall/AjaxCheckService.setItemNumber.dwr HTTP/1.1" 200 78
124.77.71.179 - - [01/May/2021:09:09:24 +0800] "POST /xingrg/dwr/call/plaincall/AjaxCheckService.setItemNumber.dwr HTTP/1.1" 200 78
124.77.71.179 - - [01/May/2021:09:09:27 +0800] "POST /xingrg/dwr/call/plaincall/AjaxCheckService.setItemNumber.dwr HTTP/1.1" 200 78
61.165.42.208 - - [01/May/2021:09:09:27 +0800] "GET /xingrg/kc/buy/cgsh_order_operate.html?command=get_materiel&rest_code=00105&code=00101008169&supplier_code=00100203&order_time=2021-05-01 HTTP/1.1" 200 412
124.77.71.179 - - [01/May/2021:09:09:28 +0800] "POST /xingrg/dwr/call/plaincall/AjaxCheckService.setItemNumber.dwr HTTP/1.1" 200 78
124.77.71.179 - - [01/May/2021:09:09:29 +0800] "POST /xingrg/dwr/call/plaincall/AjaxCheckService.setItemNumber.dwr HTTP/1.1" 200 78
222.69.130.124 - - [01/May/2021:09:09:30 +0800] "GET /xingrg/kc/buy/cgsh_order_operate.html?command=get_materiel&rest_code=00149&code=00101008360&supplier_code=00100005&order_time=2021-05-01 HTTP/1.1" 200 412
124.77.71.179 - - [01/May/2021:09:09:30 +0800] "POST /xingrg/dwr/call/plaincall/AjaxCheckService.setItemNumber.dwr HTTP/1.1" 200 78
116.224.253.72 - - [01/May/2021:09:09:31 +0800] "GET /xingrg/all/function/internal_message.html?_=1619831366302&CODE_STATE=getMsg HTTP/1.1" 200 27
124.77.71.179 - - [01/May/2021:09:09:31 +0800] "POST /xingrg/dwr/call/plaincall/AjaxCheckService.setItemNumber.dwr HTTP/1.1" 200 78
124.77.71.179 - - [01/May/2021:09:09:31 +0800] "POST /xingrg/dwr/call/plaincall/AjaxCheckService.setItemNumber.dwr HTTP/1.1" 200 78
124.77.71.179 - - [01/May/2021:09:09:32 +0800] "POST /xingrg/dwr/call/plaincall/AjaxCheckService.setItemNumber.dwr HTTP/1.1" 200 78
116.224.253.72 - - [01/May/2021:09:09:32 +0800] "GET /xingrg/all/function/internal_message.html?_=1619831367779&CODE_STATE=getMsg HTTP/1.1" 200 27
124.77.71.179 - - [01/May/2021:09:09:33 +0800] "POST /xingrg/dwr/call/plaincall/AjaxCheckService.setItemNumber.dwr HTTP/1.1" 200 78
124.77.71.179 - - [01/May/2021:09:09:33 +0800] "POST /xingrg/dwr/call/plaincall/AjaxCheckService.setItemNumber.dwr HTTP/1.1" 200 78
114.86.227.74 - - [01/May/2021:09:09:34 +0800] "GET /xingrg/all/function/internal_message.html?_=1619831369578&CODE_STATE=getMsg HTTP/1.1" 200 27
114.86.227.74 - - [01/May/2021:09:09:34 +0800] "GET /xingrg/check_reg.html?_=1619831369581 HTTP/1.1" 200 22
124.77.71.179 - - [01/May/2021:09:09:34 +0800] "POST /xingrg/dwr/call/plaincall/AjaxCheckService.setItemNumber.dwr HTTP/1.1" 200 78
124.77.71.179 - - [01/May/2021:09:09:34 +0800] "GET /xingrg/all/function/internal_message.html?_=1619831360228&CODE_STATE=getMsg HTTP/1.1" 200 27
124.77.71.179 - - [01/May/2021:09:09:35 +0800] "POST /xingrg/dwr/call/plaincall/AjaxCheckService.setItemNumber.dwr HTTP/1.1" 200 78
124.77.71.179 - - [01/May/2021:09:09:35 +0800] "POST /xingrg/dwr/call/plaincall/AjaxCheckService.setItemNumber.dwr HTTP/1.1" 200 78
124.77.71.179 - - [01/May/2021:09:09:36 +0800] "POST /xingrg/dwr/call/plaincall/AjaxCheckService.setItemNumber.dwr HTTP/1.1" 200 78
61.165.42.208 - - [01/May/2021:09:09:36 +0800] "GET /xingrg/kc/buy/cgsh_order_operate.html?command=get_materiel&rest_code=00105&code=00101008098&supplier_code=00100203&order_time=2021-05-01 HTTP/1.1" 200 412
124.77.71.179 - - [01/May/2021:09:09:36 +0800] "POST /xingrg/dwr/call/plaincall/AjaxCheckService.setItemNumber.dwr HTTP/1.1" 200 78
124.77.71.179 - - [01/May/2021:09:09:37 +0800] "POST /xingrg/dwr/call/plaincall/AjaxCheckService.setItemNumber.dwr HTTP/1.1" 200 78
124.77.71.179 - - [01/May/2021:09:09:38 +0800] "POST /xingrg/dwr/call/plaincall/AjaxCheckService.setItemNumber.dwr HTTP/1.1" 200 78
124.77.71.179 - - [01/May/2021:09:09:38 +0800] "POST /xingrg/dwr/call/plaincall/AjaxCheckService.setItemNumber.dwr HTTP/1.1" 200 78
124.77.71.179 - - [01/May/2021:09:09:39 +0800] "POST /xingrg/dwr/call/plaincall/AjaxCheckService.setItemNumber.dwr HTTP/1.1" 200 78
124.77.71.179 - - [01/May/2021:09:09:40 +0800] "POST /xingrg/dwr/call/plaincall/AjaxCheckService.setItemNumber.dwr HTTP/1.1" 200 78
124.77.71.179 - - [01/May/2021:09:09:40 +0800] "POST /xingrg/dwr/call/plaincall/AjaxCheckService.setItemNumber.dwr HTTP/1.1" 200 78
124.77.71.179 - - [01/May/2021:09:09:41 +0800] "POST /xingrg/dwr/call/plaincall/AjaxCheckService.setItemNumber.dwr HTTP/1.1" 200 78
124.77.71.179 - - [01/May/2021:09:09:42 +0800] "POST /xingrg/dwr/call/plaincall/AjaxCheckService.setItemNumber.dwr HTTP/1.1" 200 78
124.77.71.179 - - [01/May/2021:09:09:42 +0800] "POST /xingrg/dwr/call/plaincall/AjaxCheckService.setItemNumber.dwr HTTP/1.1" 200 78
180.169.147.146 - - [01/May/2021:09:09:42 +0800] "GET /xingrg/all/function/internal_message.html?_=1619831380409&CODE_STATE=getMsg HTTP/1.1" 200 27
124.77.71.179 - - [01/May/2021:09:09:44 +0800] "POST /xingrg/dwr/call/plaincall/AjaxCheckService.setItemNumber.dwr HTTP/1.1" 200 78
124.77.71.179 - - [01/May/2021:09:09:46 +0800] "POST /xingrg/dwr/call/plaincall/AjaxCheckService.setItemNumber.dwr HTTP/1.1" 200 78
124.77.71.179 - - [01/May/2021:09:09:46 +0800] "POST /xingrg/dwr/call/plaincall/AjaxCheckService.setItemNumber.dwr HTTP/1.1" 200 78
124.77.71.179 - - [01/May/2021:09:09:47 +0800] "POST /xingrg/dwr/call/plaincall/AjaxCheckService.setItemNumber.dwr HTTP/1.1" 200 78
124.77.71.179 - - [01/May/2021:09:09:48 +0800] "POST /xingrg/dwr/call/plaincall/AjaxCheckService.setItemNumber.dwr HTTP/1.1" 200 78
124.77.71.179 - - [01/May/2021:09:09:48 +0800] "POST /xingrg/dwr/call/plaincall/AjaxCheckService.setItemNumber.dwr HTTP/1.1" 200 78
124.77.71.179 - - [01/May/2021:09:09:49 +0800] "POST /xingrg/dwr/call/plaincall/AjaxCheckService.setItemNumber.dwr HTTP/1.1" 200 78
124.77.71.179 - - [01/May/2021:09:09:50 +0800] "POST /xingrg/dwr/call/plaincall/AjaxCheckService.setItemNumber.dwr HTTP/1.1" 200 78
124.77.71.179 - - [01/May/2021:09:09:50 +0800] "POST /xingrg/dwr/call/plaincall/AjaxCheckService.setItemNumber.dwr HTTP/1.1" 200 78
61.165.42.208 - - [01/May/2021:09:09:51 +0800] "GET /xingrg/all/function/internal_message.html?_=1619831387217&CODE_STATE=getMsg HTTP/1.1" 200 27
61.165.42.208 - - [01/May/2021:09:09:51 +0800] "GET /xingrg/check_reg.html?_=1619831387217 HTTP/1.1" 200 22
124.77.71.179 - - [01/May/2021:09:09:54 +0800] "POST /xingrg/dwr/call/plaincall/AjaxCheckService.setItemNumber.dwr HTTP/1.1" 200 78
124.77.71.179 - - [01/May/2021:09:09:55 +0800] "POST /xingrg/dwr/call/plaincall/AjaxCheckService.setItemNumber.dwr HTTP/1.1" 200 78
222.69.130.124 - - [01/May/2021:09:09:55 +0800] "GET /xingrg/all/function/internal_message.html?_=1619831389763&CODE_STATE=getMsg HTTP/1.1" 200 27
124.77.71.179 - - [01/May/2021:09:09:55 +0800] "POST /xingrg/dwr/call/plaincall/AjaxCheckService.setItemNumber.dwr HTTP/1.1" 200 78
124.77.71.179 - - [01/May/2021:09:09:56 +0800] "POST /xingrg/dwr/call/plaincall/AjaxCheckService.setItemNumber.dwr HTTP/1.1" 200 78
124.77.71.179 - - [01/May/2021:09:09:56 +0800] "POST /xingrg/dwr/call/plaincall/AjaxCheckService.setItemNumber.dwr HTTP/1.1" 200 78
124.77.71.179 - - [01/May/2021:09:09:58 +0800] "POST /xingrg/dwr/call/plaincall/AjaxCheckService.setItemNumber.dwr HTTP/1.1" 200 78
124.77.71.179 - - [01/May/2021:09:09:59 +0800] "POST /xingrg/dwr/call/plaincall/AjaxCheckService.setItemNumber.dwr HTTP/1.1" 200 78
124.77.71.179 - - [01/May/2021:09:10:00 +0800] "POST /xingrg/dwr/call/plaincall/AjaxCheckService.setItemNumber.dwr HTTP/1.1" 200 78
124.77.71.179 - - [01/May/2021:09:10:00 +0800] "POST /xingrg/dwr/call/plaincall/AjaxCheckService.setItemNumber.dwr HTTP/1.1" 200 78
124.77.71.179 - - [01/May/2021:09:10:01 +0800] "POST /xingrg/dwr/call/plaincall/AjaxCheckService.setItemNumber.dwr HTTP/1.1" 200 78
124.77.71.179 - - [01/May/2021:09:10:01 +0800] "POST /xingrg/dwr/call/plaincall/AjaxCheckService.setItemNumber.dwr HTTP/1.1" 200 78
61.165.42.208 - - [01/May/2021:09:10:02 +0800] "POST /xingrg/kc/buy/cgsh_order_operate.html HTTP/1.1" 200 37
124.77.71.179 - - [01/May/2021:09:10:02 +0800] "POST /xingrg/dwr/call/plaincall/AjaxCheckService.setItemNumber.dwr HTTP/1.1" 200 78
58.37.228.113 - - [01/May/2021:09:10:03 +0800] "GET /xingrg/all/function/internal_message.html?_=1619831381960&CODE_STATE=getMsg HTTP/1.1" 200 27
124.77.71.179 - - [01/May/2021:09:10:03 +0800] "POST /xingrg/dwr/call/plaincall/AjaxCheckService.setItemNumber.dwr HTTP/1.1" 200 78
61.165.42.208 - - [01/May/2021:09:10:03 +0800] "POST /xingrg/kc/buy/cgsh_order_operate.html HTTP/1.1" 200 63014
124.77.71.179 - - [01/May/2021:09:10:03 +0800] "POST /xingrg/dwr/call/plaincall/AjaxCheckService.setItemNumber.dwr HTTP/1.1" 200 78
124.77.71.179 - - [01/May/2021:09:10:05 +0800] "POST /xingrg/dwr/call/plaincall/AjaxCheckService.setItemNumber.dwr HTTP/1.1" 200 78
124.77.71.179 - - [01/May/2021:09:10:05 +0800] "POST /xingrg/dwr/call/plaincall/AjaxCheckService.setItemNumber.dwr HTTP/1.1" 200 78
124.77.71.179 - - [01/May/2021:09:10:06 +0800] "POST /xingrg/dwr/call/plaincall/AjaxCheckService.setItemNumber.dwr HTTP/1.1" 200 78
124.77.71.179 - - [01/May/2021:09:10:07 +0800] "POST /xingrg/dwr/call/plaincall/AjaxCheckService.setItemNumber.dwr HTTP/1.1" 200 78
124.77.71.179 - - [01/May/2021:09:10:08 +0800] "POST /xingrg/dwr/call/plaincall/AjaxCheckService.setItemNumber.dwr HTTP/1.1" 200 78
124.77.71.179 - - [01/May/2021:09:10:09 +0800] "POST /xingrg/dwr/call/plaincall/AjaxCheckService.setItemNumber.dwr HTTP/1.1" 200 78
124.77.71.179 - - [01/May/2021:09:10:09 +0800] "POST /xingrg/dwr/call/plaincall/AjaxCheckService.setItemNumber.dwr HTTP/1.1" 200 78
124.77.71.179 - - [01/May/2021:09:10:10 +0800] "POST /xingrg/dwr/call/plaincall/AjaxCheckService.setItemNumber.dwr HTTP/1.1" 200 78
124.77.71.179 - - [01/May/2021:09:10:11 +0800] "POST /xingrg/dwr/call/plaincall/AjaxCheckService.setItemNumber.dwr HTTP/1.1" 200 78
124.77.71.179 - - [01/May/2021:09:10:11 +0800] "POST /xingrg/dwr/call/plaincall/AjaxCheckService.setItemNumber.dwr HTTP/1.1" 200 78
124.77.71.179 - - [01/May/2021:09:10:13 +0800] "POST /xingrg/dwr/call/plaincall/AjaxCheckService.setItemNumber.dwr HTTP/1.1" 200 78
180.161.124.236 - - [01/May/2021:09:10:19 +0800] "GET /xingrg/all/function/internal_message.html?_=1619831698140&CODE_STATE=getMsg HTTP/1.1" 200 27
116.230.114.112 - - [01/May/2021:09:10:19 +0800] "GET /xingrg/all/function/internal_message.html?_=1619831436069&CODE_STATE=getMsg HTTP/1.1" 200 27
124.77.71.179 - - [01/May/2021:09:10:20 +0800] "POST /xingrg/dwr/call/plaincall/AjaxCheckService.checkOrder.dwr HTTP/1.1" 200 80
124.77.71.179 - - [01/May/2021:09:10:21 +0800] "GET /xingrg/kc/base/check_order_info.html?code=452021043000637 HTTP/1.1" 200 22854
124.77.71.179 - - [01/May/2021:09:10:21 +0800] "GET /xingrg/dwr/interface/AjaxComOrderService.js HTTP/1.1" 200 18264
124.77.71.179 - - [01/May/2021:09:10:22 +0800] "GET /xingrg/dwr/interface/AjaxCheckService.js HTTP/1.1" 200 14003
124.77.71.179 - - [01/May/2021:09:10:22 +0800] "GET /xingrg/dwr/engine.js HTTP/1.1" 200 43631
124.77.71.179 - - [01/May/2021:09:10:22 +0800] "POST /xingrg/dwr/call/plaincall/AjaxCheckService.loadOrderItems.dwr HTTP/1.1" 200 83325
116.230.110.80 - - [01/May/2021:09:10:23 +0800] "GET /xingrg/all/function/internal_message.html?_=1619831415542&CODE_STATE=getMsg HTTP/1.1" 200 27
124.77.71.179 - - [01/May/2021:09:10:25 +0800] "GET /xingrg/kc/base/check_order_list.html?isBack=1 HTTP/1.1" 200 16476
124.77.71.179 - - [01/May/2021:09:10:26 +0800] "POST /xingrg/kc/base/check_list_operate.html HTTP/1.1" 200 2556
116.224.253.72 - - [01/May/2021:09:10:31 +0800] "GET /xingrg/all/function/internal_message.html?_=1619831426317&CODE_STATE=getMsg HTTP/1.1" 200 27
124.77.71.179 - - [01/May/2021:09:10:32 +0800] "GET /xingrg/check_reg.html?_=1619831418103 HTTP/1.1" 200 22
116.224.253.72 - - [01/May/2021:09:10:32 +0800] "GET /xingrg/all/function/internal_message.html?_=1619831427783&CODE_STATE=getMsg HTTP/1.1" 200 27
114.86.227.74 - - [01/May/2021:09:10:34 +0800] "GET /xingrg/all/function/internal_message.html?_=1619831429580&CODE_STATE=getMsg HTTP/1.1" 200 27
124.77.71.179 - - [01/May/2021:09:10:34 +0800] "GET /xingrg/all/function/internal_message.html?_=1619831420212&CODE_STATE=getMsg HTTP/1.1" 200 27
222.69.130.124 - - [01/May/2021:09:10:42 +0800] "GET /xingrg/kc/buy/cgsh_order_operate.html?command=get_materiel&rest_code=00149&code=00101008223&supplier_code=00100005&order_time=2021-05-01 HTTP/1.1" 200 412
180.169.147.146 - - [01/May/2021:09:10:42 +0800] "GET /xingrg/all/function/internal_message.html?_=1619831440408&CODE_STATE=getMsg HTTP/1.1" 200 27
222.69.130.124 - - [01/May/2021:09:10:50 +0800] "POST /xingrg/kc/buy/cgsh_order_operate.html HTTP/1.1" 200 2065
61.165.42.208 - - [01/May/2021:09:10:51 +0800] "GET /xingrg/all/function/internal_message.html?_=1619831447227&CODE_STATE=getMsg HTTP/1.1" 200 27
222.69.130.124 - - [01/May/2021:09:10:55 +0800] "GET /xingrg/all/function/internal_message.html?_=1619831449748&CODE_STATE=getMsg HTTP/1.1" 200 27
222.69.130.124 - - [01/May/2021:09:10:56 +0800] "POST /xingrg/kc/buy/cgsh_order_operate.html HTTP/1.1" 200 37
222.69.130.124 - - [01/May/2021:09:10:58 +0800] "POST /xingrg/kc/buy/cgsh_order_operate.html HTTP/1.1" 200 28082
58.37.228.113 - - [01/May/2021:09:11:03 +0800] "GET /xingrg/all/function/internal_message.html?_=1619831441970&CODE_STATE=getMsg HTTP/1.1" 200 27
116.230.114.112 - - [01/May/2021:09:11:19 +0800] "GET /xingrg/all/function/internal_message.html?_=1619831496081&CODE_STATE=getMsg HTTP/1.1" 200 27
180.161.124.236 - - [01/May/2021:09:11:19 +0800] "GET /xingrg/all/function/internal_message.html?_=1619831758550&CODE_STATE=getMsg HTTP/1.1" 200 27
116.230.110.80 - - [01/May/2021:09:11:23 +0800] "GET /xingrg/all/function/internal_message.html?_=1619831475545&CODE_STATE=getMsg HTTP/1.1" 200 27
116.224.253.72 - - [01/May/2021:09:11:31 +0800] "GET /xingrg/all/function/internal_message.html?_=1619831486356&CODE_STATE=getMsg HTTP/1.1" 200 27
116.224.253.72 - - [01/May/2021:09:11:32 +0800] "GET /xingrg/all/function/internal_message.html?_=1619831487775&CODE_STATE=getMsg HTTP/1.1" 200 27
114.86.227.74 - - [01/May/2021:09:11:34 +0800] "GET /xingrg/all/function/internal_message.html?_=1619831489581&CODE_STATE=getMsg HTTP/1.1" 200 27
124.77.71.179 - - [01/May/2021:09:11:34 +0800] "GET /xingrg/all/function/internal_message.html?_=1619831480189&CODE_STATE=getMsg HTTP/1.1" 200 27
180.169.147.146 - - [01/May/2021:09:11:42 +0800] "GET /xingrg/check_reg.html?_=1619831500407 HTTP/1.1" 200 22
180.169.147.146 - - [01/May/2021:09:11:42 +0800] "GET /xingrg/all/function/internal_message.html?_=1619831500412&CODE_STATE=getMsg HTTP/1.1" 200 27
61.165.42.208 - - [01/May/2021:09:11:51 +0800] "GET /xingrg/all/function/internal_message.html?_=1619831507241&CODE_STATE=getMsg HTTP/1.1" 200 27
222.69.130.124 - - [01/May/2021:09:11:55 +0800] "GET /xingrg/all/function/internal_message.html?_=1619831509730&CODE_STATE=getMsg HTTP/1.1" 200 27
58.37.228.113 - - [01/May/2021:09:12:03 +0800] "GET /xingrg/check_reg.html?_=1619831501970 HTTP/1.1" 200 22
58.37.228.113 - - [01/May/2021:09:12:03 +0800] "GET /xingrg/all/function/internal_message.html?_=1619831501971&CODE_STATE=getMsg HTTP/1.1" 200 27
116.230.114.112 - - [01/May/2021:09:12:17 +0800] "GET /xingrg/check_reg.html?_=1619831554258 HTTP/1.1" 200 22
116.230.114.112 - - [01/May/2021:09:12:19 +0800] "GET /xingrg/all/function/internal_message.html?_=1619831556094&CODE_STATE=getMsg HTTP/1.1" 200 27
180.161.124.236 - - [01/May/2021:09:12:19 +0800] "GET /xingrg/all/function/internal_message.html?_=1619831818558&CODE_STATE=getMsg HTTP/1.1" 200 27
116.230.110.80 - - [01/May/2021:09:12:23 +0800] "GET /xingrg/check_reg.html?_=1619831535547 HTTP/1.1" 200 22
116.230.110.80 - - [01/May/2021:09:12:23 +0800] "GET /xingrg/all/function/internal_message.html?_=1619831535548&CODE_STATE=getMsg HTTP/1.1" 200 27
116.224.253.72 - - [01/May/2021:09:12:31 +0800] "GET /xingrg/all/function/internal_message.html?_=1619831546359&CODE_STATE=getMsg HTTP/1.1" 200 27
116.224.253.72 - - [01/May/2021:09:12:32 +0800] "GET /xingrg/all/function/internal_message.html?_=1619831547781&CODE_STATE=getMsg HTTP/1.1" 200 27
114.86.227.74 - - [01/May/2021:09:12:34 +0800] "GET /xingrg/all/function/internal_message.html?_=1619831549597&CODE_STATE=getMsg HTTP/1.1" 200 27
124.77.71.179 - - [01/May/2021:09:12:34 +0800] "GET /xingrg/all/function/internal_message.html?_=1619831540174&CODE_STATE=getMsg HTTP/1.1" 200 27
180.169.147.146 - - [01/May/2021:09:12:42 +0800] "GET /xingrg/all/function/internal_message.html?_=1619831560412&CODE_STATE=getMsg HTTP/1.1" 200 27
61.165.42.208 - - [01/May/2021:09:12:51 +0800] "GET /xingrg/all/function/internal_message.html?_=1619831567321&CODE_STATE=getMsg HTTP/1.1" 200 27
222.69.130.124 - - [01/May/2021:09:12:55 +0800] "GET /xingrg/all/function/internal_message.html?_=1619831569697&CODE_STATE=getMsg HTTP/1.1" 200 27
222.69.130.124 - - [01/May/2021:09:12:55 +0800] "GET /xingrg/check_reg.html?_=1619831570136 HTTP/1.1" 200 22
120.253.135.82 - - [01/May/2021:09:13:01 +0800] "GET /xingrg/check_reg.html?_=1619831589339 HTTP/1.1" 200 22
58.37.228.113 - - [01/May/2021:09:13:03 +0800] "GET /xingrg/all/function/internal_message.html?_=1619831561958&CODE_STATE=getMsg HTTP/1.1" 200 27
222.69.130.124 - - [01/May/2021:09:13:10 +0800] "GET /xingrg/kc/buy/cgsh_order_operate.html?command=get_materiel&rest_code=00149&code=00101008010&supplier_code=00100005&order_time=2021-05-01 HTTP/1.1" 200 412
180.161.124.236 - - [01/May/2021:09:13:17 +0800] "GET /xingrg/check_reg.html?_=1619831876732 HTTP/1.1" 200 22
116.230.114.112 - - [01/May/2021:09:13:19 +0800] "GET /xingrg/all/function/internal_message.html?_=1619831616108&CODE_STATE=getMsg HTTP/1.1" 200 27
180.161.124.236 - - [01/May/2021:09:13:19 +0800] "GET /xingrg/all/function/internal_message.html?_=1619831878572&CODE_STATE=getMsg HTTP/1.1" 200 27
114.88.160.164 - - [01/May/2021:09:13:22 +0800] "GET /xingrg/login.html HTTP/1.1" 200 7641
114.88.160.164 - - [01/May/2021:09:13:22 +0800] "GET /favicon.ico HTTP/1.1" 404 -
116.230.110.80 - - [01/May/2021:09:13:23 +0800] "GET /xingrg/all/function/internal_message.html?_=1619831595533&CODE_STATE=getMsg HTTP/1.1" 200 27
222.69.130.124 - - [01/May/2021:09:13:23 +0800] "GET /xingrg/kc/buy/cgsh_order_operate.html?command=get_materiel&rest_code=00149&code=00101008357&supplier_code=00100005&order_time=2021-05-01 HTTP/1.1" 200 408
114.88.160.164 - - [01/May/2021:09:13:31 +0800] "POST /xingrg/login.do HTTP/1.1" 302 -
114.88.160.164 - - [01/May/2021:09:13:31 +0800] "GET /xingrg/index.html?sysBaseUrl=http%3A%2F%2F180.169.147.146%3A18081%2Fxingrg%2F&costTime=39×tamp=1619831611051 HTTP/1.1" 200 17173
114.88.160.164 - - [01/May/2021:09:13:31 +0800] "GET /xingrg/javascript/jquery_easy_ui/themes/default/easyui.css HTTP/1.1" 304 -
114.88.160.164 - - [01/May/2021:09:13:31 +0800] "GET /xingrg/javascript/jquery_easy_ui/themes/icon.css HTTP/1.1" 304 -
114.88.160.164 - - [01/May/2021:09:13:31 +0800] "GET /xingrg/css/form.css HTTP/1.1" 304 -
114.88.160.164 - - [01/May/2021:09:13:31 +0800] "GET /xingrg/javascript/jquery-1.4.2.min.js HTTP/1.1" 304 -
114.88.160.164 - - [01/May/2021:09:13:31 +0800] "GET /xingrg/javascript/jquery_easy_ui/jquery.easyui.min.js HTTP/1.1" 304 -
114.88.160.164 - - [01/May/2021:09:13:31 +0800] "GET /xingrg/javascript/jquery.form.js HTTP/1.1" 304 -
114.88.160.164 - - [01/May/2021:09:13:31 +0800] "GET /xingrg/javascript/jquery.timers.js HTTP/1.1" 304 -
114.88.160.164 - - [01/May/2021:09:13:31 +0800] "GET /xingrg/javascript/jquery_easy_ui/easyui-lang-zh_CN.js HTTP/1.1" 304 -
114.88.160.164 - - [01/May/2021:09:13:31 +0800] "GET /xingrg/javascript/jquery.utils.js HTTP/1.1" 304 -
114.88.160.164 - - [01/May/2021:09:13:31 +0800] "GET /favicon.ico HTTP/1.1" 404 -
116.224.253.72 - - [01/May/2021:09:13:31 +0800] "GET /xingrg/all/function/internal_message.html?_=1619831606401&CODE_STATE=getMsg HTTP/1.1" 200 27
114.88.160.164 - - [01/May/2021:09:13:31 +0800] "POST /xingrg/all/common/load_tree.html?tree=area_rest_tree_json&manage=1 HTTP/1.1" 200 342
114.88.160.164 - - [01/May/2021:09:13:31 +0800] "GET /xingrg/check_reg.html?_=1619831604371 HTTP/1.1" 200 22
114.88.160.164 - - [01/May/2021:09:13:31 +0800] "GET /xingrg/all/function/internal_message.html?_=1619831604370&CODE_STATE=count HTTP/1.1" 200 11
114.88.160.164 - - [01/May/2021:09:13:31 +0800] "POST /xingrg/load_menu.html HTTP/1.1" 200 5138
116.224.253.72 - - [01/May/2021:09:13:32 +0800] "GET /xingrg/check_reg.html?_=1619831607801 HTTP/1.1" 200 22
116.224.253.72 - - [01/May/2021:09:13:32 +0800] "GET /xingrg/all/function/internal_message.html?_=1619831607806&CODE_STATE=getMsg HTTP/1.1" 200 27
114.86.227.74 - - [01/May/2021:09:13:34 +0800] "GET /xingrg/all/function/internal_message.html?_=1619831609595&CODE_STATE=getMsg HTTP/1.1" 200 27
124.77.71.179 - - [01/May/2021:09:13:34 +0800] "GET /xingrg/all/function/internal_message.html?_=1619831600162&CODE_STATE=getMsg HTTP/1.1" 200 27
114.88.160.164 - - [01/May/2021:09:13:38 +0800] "GET /xingrg/kc/base/check_order_list.html HTTP/1.1" 200 16470
114.88.160.164 - - [01/May/2021:09:13:38 +0800] "GET /xingrg/css/base.css HTTP/1.1" 304 -
114.88.160.164 - - [01/May/2021:09:13:38 +0800] "GET /xingrg/css/site.css HTTP/1.1" 304 -
114.88.160.164 - - [01/May/2021:09:13:38 +0800] "GET /xingrg/javascript/easyui/themes/default/easyui.css HTTP/1.1" 304 -
114.88.160.164 - - [01/May/2021:09:13:38 +0800] "GET /xingrg/javascript/jquery_tools/datebox.css HTTP/1.1" 304 -
114.88.160.164 - - [01/May/2021:09:13:38 +0800] "GET /xingrg/javascript/easyui/themes/icon.css HTTP/1.1" 304 -
114.88.160.164 - - [01/May/2021:09:13:38 +0800] "GET /xingrg/javascript/jquery_tools/fix.css HTTP/1.1" 304 -
114.88.160.164 - - [01/May/2021:09:13:38 +0800] "GET /xingrg/javascript/auto/jquery.autocomplete.css HTTP/1.1" 304 -
114.88.160.164 - - [01/May/2021:09:13:38 +0800] "GET /xingrg/javascript/jquery_tools/table.css HTTP/1.1" 304 -
114.88.160.164 - - [01/May/2021:09:13:38 +0800] "GET /xingrg/javascript/jquery_tools/jquery.tools.min.js HTTP/1.1" 304 -
114.88.160.164 - - [01/May/2021:09:13:38 +0800] "GET /xingrg/javascript/jquery_tools/jquery.tools.extend.js HTTP/1.1" 304 -
114.88.160.164 - - [01/May/2021:09:13:38 +0800] "GET /xingrg/javascript/jquery_tools/jquery.tools.hotkey.js HTTP/1.1" 304 -
114.88.160.164 - - [01/May/2021:09:13:38 +0800] "GET /xingrg/javascript/auto/jquery.autocomplete.js HTTP/1.1" 304 -
114.88.160.164 - - [01/May/2021:09:13:38 +0800] "GET /xingrg/javascript/jquery_tools/list_manager.js HTTP/1.1" 304 -
114.88.160.164 - - [01/May/2021:09:13:38 +0800] "GET /xingrg/javascript/jquery_tools/jquery.tools.table.js HTTP/1.1" 304 -
114.88.160.164 - - [01/May/2021:09:13:38 +0800] "GET /xingrg/javascript/easyui/easyloader.js HTTP/1.1" 304 -
114.88.160.164 - - [01/May/2021:09:13:38 +0800] "GET /xingrg/javascript/jquery.cookie.js HTTP/1.1" 304 -
114.88.160.164 - - [01/May/2021:09:13:38 +0800] "GET /xingrg/javascript/easyui/plugins/jquery.parser.js HTTP/1.1" 304 -
114.88.160.164 - - [01/May/2021:09:13:38 +0800] "POST /xingrg/kc/base/check_list_operate.html HTTP/1.1" 200 4703
180.169.147.146 - - [01/May/2021:09:13:42 +0800] "GET /xingrg/all/function/internal_message.html?_=1619831620414&CODE_STATE=getMsg HTTP/1.1" 200 27
222.69.130.124 - - [01/May/2021:09:13:47 +0800] "GET /xingrg/kc/buy/cgsh_order_operate.html?command=get_materiel&rest_code=00149&code=00101008286&supplier_code=00100005&order_time=2021-05-01 HTTP/1.1" 200 408
124.77.71.179 - - [01/May/2021:09:13:47 +0800] "GET /xingrg/kc/base/check_order_info.html?code=452021043000640 HTTP/1.1" 200 26484
124.77.71.179 - - [01/May/2021:09:13:48 +0800] "GET /xingrg/dwr/interface/AjaxComOrderService.js HTTP/1.1" 200 18264
124.77.71.179 - - [01/May/2021:09:13:48 +0800] "GET /xingrg/dwr/interface/AjaxCheckService.js HTTP/1.1" 200 14003
124.77.71.179 - - [01/May/2021:09:13:48 +0800] "GET /xingrg/dwr/engine.js HTTP/1.1" 200 43631
124.77.71.179 - - [01/May/2021:09:13:48 +0800] "POST /xingrg/dwr/call/plaincall/AjaxCheckService.loadOrderItems.dwr HTTP/1.1" 200 9253
61.165.42.208 - - [01/May/2021:09:13:51 +0800] "GET /xingrg/all/function/internal_message.html?_=1619831627305&CODE_STATE=getMsg HTTP/1.1" 200 27
222.69.130.124 - - [01/May/2021:09:13:55 +0800] "GET /xingrg/all/function/internal_message.html?_=1619831629689&CODE_STATE=getMsg HTTP/1.1" 200 27
124.77.71.179 - - [01/May/2021:09:13:56 +0800] "POST /xingrg/dwr/call/plaincall/AjaxCheckService.setItemNumber.dwr HTTP/1.1" 200 76
124.77.71.179 - - [01/May/2021:09:13:57 +0800] "POST /xingrg/dwr/call/plaincall/AjaxCheckService.setItemNumber.dwr HTTP/1.1" 200 76
124.77.71.179 - - [01/May/2021:09:13:57 +0800] "POST /xingrg/dwr/call/plaincall/AjaxCheckService.setItemNumber.dwr HTTP/1.1" 200 76
124.77.71.179 - - [01/May/2021:09:13:58 +0800] "POST /xingrg/dwr/call/plaincall/AjaxCheckService.setItemNumber.dwr HTTP/1.1" 200 76
124.77.71.179 - - [01/May/2021:09:13:58 +0800] "POST /xingrg/dwr/call/plaincall/AjaxCheckService.setItemNumber.dwr HTTP/1.1" 200 76
124.77.71.179 - - [01/May/2021:09:13:59 +0800] "POST /xingrg/dwr/call/plaincall/AjaxCheckService.setItemNumber.dwr HTTP/1.1" 200 76
222.69.130.124 - - [01/May/2021:09:13:59 +0800] "GET /xingrg/kc/buy/cgsh_order_operate.html?command=get_materiel&rest_code=00149&code=00101008036&supplier_code=00100005&order_time=2021-05-01 HTTP/1.1" 200 408
124.77.71.179 - - [01/May/2021:09:14:00 +0800] "POST /xingrg/dwr/call/plaincall/AjaxCheckService.setItemNumber.dwr HTTP/1.1" 200 76
124.77.71.179 - - [01/May/2021:09:14:00 +0800] "POST /xingrg/dwr/call/plaincall/AjaxCheckService.setItemNumber.dwr HTTP/1.1" 200 76
124.77.71.179 - - [01/May/2021:09:14:01 +0800] "POST /xingrg/dwr/call/plaincall/AjaxCheckService.setItemNumber.dwr HTTP/1.1" 200 76
124.77.71.179 - - [01/May/2021:09:14:01 +0800] "POST /xingrg/dwr/call/plaincall/AjaxCheckService.setItemNumber.dwr HTTP/1.1" 200 77
124.77.71.179 - - [01/May/2021:09:14:02 +0800] "POST /xingrg/dwr/call/plaincall/AjaxCheckService.setItemNumber.dwr HTTP/1.1" 200 77
124.77.71.179 - - [01/May/2021:09:14:02 +0800] "POST /xingrg/dwr/call/plaincall/AjaxCheckService.setItemNumber.dwr HTTP/1.1" 200 77
124.77.71.179 - - [01/May/2021:09:14:02 +0800] "POST /xingrg/dwr/call/plaincall/AjaxCheckService.setItemNumber.dwr HTTP/1.1" 200 77
58.37.228.113 - - [01/May/2021:09:14:03 +0800] "GET /xingrg/all/function/internal_message.html?_=1619831621971&CODE_STATE=getMsg HTTP/1.1" 200 27
114.88.160.164 - - [01/May/2021:09:14:03 +0800] "GET /xingrg/kc/base/check_order_info.html?code=452021043000630 HTTP/1.1" 200 26444
114.88.160.164 - - [01/May/2021:09:14:03 +0800] "GET /xingrg/css/blue.css HTTP/1.1" 304 -
114.88.160.164 - - [01/May/2021:09:14:03 +0800] "GET /xingrg/css/table.css HTTP/1.1" 304 -
114.88.160.164 - - [01/May/2021:09:14:03 +0800] "GET /xingrg/javascript/pic_change.js HTTP/1.1" 304 -
114.88.160.164 - - [01/May/2021:09:14:03 +0800] "GET /xingrg/javascript/AjaxInfoList.js HTTP/1.1" 304 -
114.88.160.164 - - [01/May/2021:09:14:03 +0800] "GET /xingrg/javascript/Calendar.js HTTP/1.1" 304 -
114.88.160.164 - - [01/May/2021:09:14:03 +0800] "GET /xingrg/javascript/convert.js HTTP/1.1" 304 -
114.88.160.164 - - [01/May/2021:09:14:03 +0800] "GET /xingrg/javascript/myfunction.js HTTP/1.1" 304 -
114.88.160.164 - - [01/May/2021:09:14:03 +0800] "GET /xingrg/dwr/util.js HTTP/1.1" 304 -
114.88.160.164 - - [01/May/2021:09:14:03 +0800] "GET /xingrg/javascript/print/kc_print.js HTTP/1.1" 304 -
114.88.160.164 - - [01/May/2021:09:14:03 +0800] "GET /xingrg/dwr/interface/AjaxComOrderService.js HTTP/1.1" 200 18264
114.88.160.164 - - [01/May/2021:09:14:03 +0800] "GET /xingrg/javascript/print/LodopFuncs.js HTTP/1.1" 304 -
114.88.160.164 - - [01/May/2021:09:14:03 +0800] "GET /xingrg/dwr/interface/AjaxCheckService.js HTTP/1.1" 200 14003
114.88.160.164 - - [01/May/2021:09:14:03 +0800] "GET /xingrg/dwr/engine.js HTTP/1.1" 200 43631
114.88.160.164 - - [01/May/2021:09:14:04 +0800] "POST /xingrg/dwr/call/plaincall/AjaxCheckService.loadOrderItems.dwr HTTP/1.1" 200 221433
124.77.71.179 - - [01/May/2021:09:14:04 +0800] "POST /xingrg/dwr/call/plaincall/AjaxCheckService.setItemNumber.dwr HTTP/1.1" 200 77
114.88.160.164 - - [01/May/2021:09:14:04 +0800] "GET /xingrg/javascript/jquery_easy_ui/themes/icons/no.png HTTP/1.1" 304 -
222.69.130.124 - - [01/May/2021:09:14:09 +0800] "POST /xingrg/kc/buy/cgsh_order_operate.html HTTP/1.1" 200 2065
124.77.71.179 - - [01/May/2021:09:14:09 +0800] "POST /xingrg/dwr/call/plaincall/AjaxCheckService.checkOrder.dwr HTTP/1.1" 200 79
124.77.71.179 - - [01/May/2021:09:14:10 +0800] "GET /xingrg/kc/base/check_order_info.html?code=452021043000640 HTTP/1.1" 200 22854
124.77.71.179 - - [01/May/2021:09:14:11 +0800] "GET /xingrg/dwr/interface/AjaxComOrderService.js HTTP/1.1" 200 18264
124.77.71.179 - - [01/May/2021:09:14:11 +0800] "GET /xingrg/dwr/interface/AjaxCheckService.js HTTP/1.1" 200 14003
124.77.71.179 - - [01/May/2021:09:14:11 +0800] "GET /xingrg/dwr/engine.js HTTP/1.1" 200 43631
124.77.71.179 - - [01/May/2021:09:14:11 +0800] "POST /xingrg/dwr/call/plaincall/AjaxCheckService.loadOrderItems.dwr HTTP/1.1" 200 4253
124.77.71.179 - - [01/May/2021:09:14:12 +0800] "GET /xingrg/kc/base/check_order_list.html?isBack=1 HTTP/1.1" 200 16476
124.77.71.179 - - [01/May/2021:09:14:12 +0800] "POST /xingrg/kc/base/check_list_operate.html HTTP/1.1" 200 2226
114.88.160.164 - - [01/May/2021:09:14:14 +0800] "POST /xingrg/dwr/call/plaincall/AjaxCheckService.setItemNumber.dwr HTTP/1.1" 200 76
124.77.71.179 - - [01/May/2021:09:14:15 +0800] "GET /xingrg/kc/base/check_order_info.html?code=452021043000639 HTTP/1.1" 200 26484
124.77.71.179 - - [01/May/2021:09:14:15 +0800] "GET /xingrg/dwr/interface/AjaxComOrderService.js HTTP/1.1" 200 18264
124.77.71.179 - - [01/May/2021:09:14:15 +0800] "GET /xingrg/dwr/interface/AjaxCheckService.js HTTP/1.1" 200 14003
124.77.71.179 - - [01/May/2021:09:14:15 +0800] "GET /xingrg/dwr/engine.js HTTP/1.1" 200 43631
124.77.71.179 - - [01/May/2021:09:14:15 +0800] "POST /xingrg/dwr/call/plaincall/AjaxCheckService.loadOrderItems.dwr HTTP/1.1" 200 168795
114.88.160.164 - - [01/May/2021:09:14:16 +0800] "POST /xingrg/dwr/call/plaincall/AjaxCheckService.setItemNumber.dwr HTTP/1.1" 200 76
222.69.130.124 - - [01/May/2021:09:14:17 +0800] "GET /xingrg/kc/buy/cgsh_order_operate.html?command=get_materiel&rest_code=00149&code=00101008131&supplier_code=00100005&order_time=2021-05-01 HTTP/1.1" 200 408
114.88.160.164 - - [01/May/2021:09:14:18 +0800] "POST /xingrg/dwr/call/plaincall/AjaxCheckService.setItemNumber.dwr HTTP/1.1" 200 76
116.230.114.112 - - [01/May/2021:09:14:19 +0800] "GET /xingrg/all/function/internal_message.html?_=1619831676122&CODE_STATE=getMsg HTTP/1.1" 200 27
180.161.124.236 - - [01/May/2021:09:14:19 +0800] "GET /xingrg/all/function/internal_message.html?_=1619831938585&CODE_STATE=getMsg HTTP/1.1" 200 27
124.77.71.179 - - [01/May/2021:09:14:20 +0800] "POST /xingrg/dwr/call/plaincall/AjaxCheckService.setItemNumber.dwr HTTP/1.1" 200 76
124.77.71.179 - - [01/May/2021:09:14:21 +0800] "POST /xingrg/dwr/call/plaincall/AjaxCheckService.setItemNumber.dwr HTTP/1.1" 200 76
114.88.160.164 - - [01/May/2021:09:14:22 +0800] "POST /xingrg/dwr/call/plaincall/AjaxCheckService.setItemNumber.dwr HTTP/1.1" 200 76
116.230.110.80 - - [01/May/2021:09:14:23 +0800] "GET /xingrg/all/function/internal_message.html?_=1619831655534&CODE_STATE=getMsg HTTP/1.1" 200 27
124.77.71.179 - - [01/May/2021:09:14:23 +0800] "POST /xingrg/dwr/call/plaincall/AjaxCheckService.setItemNumber.dwr HTTP/1.1" 200 76
116.224.253.72 - - [01/May/2021:09:14:23 +0800] "GET /xingrg/check_reg.html?_=1619831658435 HTTP/1.1" 200 22
114.88.160.164 - - [01/May/2021:09:14:23 +0800] "POST /xingrg/dwr/call/plaincall/AjaxCheckService.setItemNumber.dwr HTTP/1.1" 200 76
124.77.71.179 - - [01/May/2021:09:14:23 +0800] "POST /xingrg/dwr/call/plaincall/AjaxCheckService.setItemNumber.dwr HTTP/1.1" 200 76
114.88.160.164 - - [01/May/2021:09:14:24 +0800] "POST /xingrg/dwr/call/plaincall/AjaxCheckService.setItemNumber.dwr HTTP/1.1" 200 76
124.77.71.179 - - [01/May/2021:09:14:24 +0800] "POST /xingrg/dwr/call/plaincall/AjaxCheckService.setItemNumber.dwr HTTP/1.1" 200 76
124.77.71.179 - - [01/May/2021:09:14:24 +0800] "POST /xingrg/dwr/call/plaincall/AjaxCheckService.setItemNumber.dwr HTTP/1.1" 200 76
114.88.160.164 - - [01/May/2021:09:14:25 +0800] "POST /xingrg/dwr/call/plaincall/AjaxCheckService.setItemNumber.dwr HTTP/1.1" 200 76
124.77.71.179 - - [01/May/2021:09:14:26 +0800] "POST /xingrg/dwr/call/plaincall/AjaxCheckService.setItemNumber.dwr HTTP/1.1" 200 76
114.88.160.164 - - [01/May/2021:09:14:27 +0800] "POST /xingrg/dwr/call/plaincall/AjaxCheckService.setItemNumber.dwr HTTP/1.1" 200 76
124.77.71.179 - - [01/May/2021:09:14:27 +0800] "POST /xingrg/dwr/call/plaincall/AjaxCheckService.setItemNumber.dwr HTTP/1.1" 200 76
114.88.160.164 - - [01/May/2021:09:14:27 +0800] "POST /xingrg/dwr/call/plaincall/AjaxCheckService.setItemNumber.dwr HTTP/1.1" 200 76
124.77.71.179 - - [01/May/2021:09:14:28 +0800] "POST /xingrg/dwr/call/plaincall/AjaxCheckService.setItemNumber.dwr HTTP/1.1" 200 76
124.77.71.179 - - [01/May/2021:09:14:28 +0800] "POST /xingrg/dwr/call/plaincall/AjaxCheckService.setItemNumber.dwr HTTP/1.1" 200 77
124.77.71.179 - - [01/May/2021:09:14:29 +0800] "POST /xingrg/dwr/call/plaincall/AjaxCheckService.setItemNumber.dwr HTTP/1.1" 200 77
114.88.160.164 - - [01/May/2021:09:14:29 +0800] "POST /xingrg/dwr/call/plaincall/AjaxCheckService.setItemNumber.dwr HTTP/1.1" 200 77
114.88.160.164 - - [01/May/2021:09:14:30 +0800] "POST /xingrg/dwr/call/plaincall/AjaxCheckService.setItemNumber.dwr HTTP/1.1" 200 77
116.224.253.72 - - [01/May/2021:09:14:31 +0800] "GET /xingrg/all/function/internal_message.html?_=1619831666419&CODE_STATE=getMsg HTTP/1.1" 200 27
124.77.71.179 - - [01/May/2021:09:14:31 +0800] "POST /xingrg/dwr/call/plaincall/AjaxCheckService.setItemNumber.dwr HTTP/1.1" 200 77
114.88.160.164 - - [01/May/2021:09:14:31 +0800] "GET /xingrg/all/function/internal_message.html?_=1619831664744&CODE_STATE=getMsg HTTP/1.1" 200 27
114.88.160.164 - - [01/May/2021:09:14:32 +0800] "POST /xingrg/dwr/call/plaincall/AjaxCheckService.setItemNumber.dwr HTTP/1.1" 200 77
124.77.71.179 - - [01/May/2021:09:14:32 +0800] "POST /xingrg/dwr/call/plaincall/AjaxCheckService.setItemNumber.dwr HTTP/1.1" 200 77
116.224.253.72 - - [01/May/2021:09:14:32 +0800] "GET /xingrg/all/function/internal_message.html?_=1619831667807&CODE_STATE=getMsg HTTP/1.1" 200 27
114.88.160.164 - - [01/May/2021:09:14:33 +0800] "POST /xingrg/dwr/call/plaincall/AjaxCheckService.setItemNumber.dwr HTTP/1.1" 200 77
124.77.71.179 - - [01/May/2021:09:14:33 +0800] "POST /xingrg/dwr/call/plaincall/AjaxCheckService.setItemNumber.dwr HTTP/1.1" 200 77
124.77.71.179 - - [01/May/2021:09:14:33 +0800] "POST /xingrg/dwr/call/plaincall/AjaxCheckService.setItemNumber.dwr HTTP/1.1" 200 77
114.86.227.74 - - [01/May/2021:09:14:34 +0800] "GET /xingrg/check_reg.html?_=1619831669582 HTTP/1.1" 200 22
114.86.227.74 - - [01/May/2021:09:14:34 +0800] "GET /xingrg/all/function/internal_message.html?_=1619831669586&CODE_STATE=getMsg HTTP/1.1" 200 27
124.77.71.179 - - [01/May/2021:09:14:34 +0800] "POST /xingrg/dwr/call/plaincall/AjaxCheckService.setItemNumber.dwr HTTP/1.1" 200 77
124.77.71.179 - - [01/May/2021:09:14:34 +0800] "POST /xingrg/dwr/call/plaincall/AjaxCheckService.setItemNumber.dwr HTTP/1.1" 200 77
124.77.71.179 - - [01/May/2021:09:14:35 +0800] "GET /xingrg/all/function/internal_message.html?_=1619831660584&CODE_STATE=getMsg HTTP/1.1" 200 27
124.77.71.179 - - [01/May/2021:09:14:35 +0800] "POST /xingrg/dwr/call/plaincall/AjaxCheckService.setItemNumber.dwr HTTP/1.1" 200 77
124.77.71.179 - - [01/May/2021:09:14:36 +0800] "POST /xingrg/dwr/call/plaincall/AjaxCheckService.setItemNumber.dwr HTTP/1.1" 200 77
124.77.71.179 - - [01/May/2021:09:14:36 +0800] "POST /xingrg/dwr/call/plaincall/AjaxCheckService.setItemNumber.dwr HTTP/1.1" 200 77
124.77.71.179 - - [01/May/2021:09:14:37 +0800] "POST /xingrg/dwr/call/plaincall/AjaxCheckService.setItemNumber.dwr HTTP/1.1" 200 77
124.77.71.179 - - [01/May/2021:09:14:37 +0800] "POST /xingrg/dwr/call/plaincall/AjaxCheckService.setItemNumber.dwr HTTP/1.1" 200 77
222.69.130.124 - - [01/May/2021:09:14:37 +0800] "GET /xingrg/kc/buy/cgsh_order_operate.html?command=get_materiel&rest_code=00149&code=00101015027&supplier_code=00100005&order_time=2021-05-01 HTTP/1.1" 200 417
114.88.160.164 - - [01/May/2021:09:14:38 +0800] "POST /xingrg/dwr/call/plaincall/AjaxCheckService.setItemNumber.dwr HTTP/1.1" 200 77
124.77.71.179 - - [01/May/2021:09:14:38 +0800] "POST /xingrg/dwr/call/plaincall/AjaxCheckService.setItemNumber.dwr HTTP/1.1" 200 77
124.77.71.179 - - [01/May/2021:09:14:39 +0800] "POST /xingrg/dwr/call/plaincall/AjaxCheckService.setItemNumber.dwr HTTP/1.1" 200 77
114.88.160.164 - - [01/May/2021:09:14:39 +0800] "POST /xingrg/dwr/call/plaincall/AjaxCheckService.setItemNumber.dwr HTTP/1.1" 200 77
124.77.71.179 - - [01/May/2021:09:14:39 +0800] "POST /xingrg/dwr/call/plaincall/AjaxCheckService.setItemNumber.dwr HTTP/1.1" 200 77
