116.230.110.80 - - [01/May/2021:06:16:52 +0800] "GET /xingrg/all/function/internal_message.html?_=1619821005538&CODE_STATE=getMsg HTTP/1.1" 200 27
120.253.135.82 - - [01/May/2021:06:16:55 +0800] "POST /xingrg/kc/pszx/mdps_list_operate.html HTTP/1.1" 200 3498
114.88.160.164 - - [01/May/2021:06:16:56 +0800] "GET /xingrg/all/function/internal_message.html?_=1619820981606&CODE_STATE=getMsg HTTP/1.1" 302 -
120.253.135.82 - - [01/May/2021:06:16:57 +0800] "POST /xingrg/kc/pszx/mdps_list_operate.html HTTP/1.1" 200 203
120.253.135.82 - - [01/May/2021:06:16:58 +0800] "POST /xingrg/kc/pszx/mdps_list_operate.html HTTP/1.1" 200 590
120.253.135.82 - - [01/May/2021:06:16:59 +0800] "POST /xingrg/kc/pszx/mdps_list_operate.html HTTP/1.1" 200 213
58.37.228.113 - - [01/May/2021:06:17:03 +0800] "GET /xingrg/check_reg.html?_=1619821001708 HTTP/1.1" 200 22
58.37.228.113 - - [01/May/2021:06:17:03 +0800] "GET /xingrg/all/function/internal_message.html?_=1619821001710&CODE_STATE=getMsg HTTP/1.1" 200 27
120.253.135.82 - - [01/May/2021:06:17:05 +0800] "POST /xingrg/kc/pszx/mdps_list_operate.html HTTP/1.1" 200 233
116.224.253.72 - - [01/May/2021:06:17:05 +0800] "GET /xingrg/all/function/internal_message.html?_=1619821020802&CODE_STATE=getMsg HTTP/1.1" 200 27
120.253.135.82 - - [01/May/2021:06:17:06 +0800] "POST /xingrg/kc/pszx/mdps_list_operate.html HTTP/1.1" 200 619
120.253.135.82 - - [01/May/2021:06:17:09 +0800] "GET /xingrg/all/function/internal_message.html?_=1619820804408&CODE_STATE=getMsg HTTP/1.1" 200 27
120.253.135.82 - - [01/May/2021:06:17:09 +0800] "POST /xingrg/kc/pszx/mdps_list_operate.html HTTP/1.1" 200 618
120.253.135.82 - - [01/May/2021:06:17:10 +0800] "GET /xingrg/kc/pszx/mdps_order_info.html?code=312021050100001 HTTP/1.1" 200 23925
120.253.135.82 - - [01/May/2021:06:17:10 +0800] "POST /xingrg/kc/pszx/mdps_order_operate.html HTTP/1.1" 200 5765
120.253.135.82 - - [01/May/2021:06:17:10 +0800] "GET /xingrg/javascript/easyui/themes/default/validatebox.css HTTP/1.1" 404 1104
120.253.135.82 - - [01/May/2021:06:17:15 +0800] "POST /xingrg/kc/pszx/mdps_order_operate.html HTTP/1.1" 200 37
120.253.135.82 - - [01/May/2021:06:17:16 +0800] "GET /xingrg/kc/pszx/mdps_order_info.html?code=312021050100001 HTTP/1.1" 200 23925
120.253.135.82 - - [01/May/2021:06:17:17 +0800] "POST /xingrg/kc/pszx/mdps_order_operate.html HTTP/1.1" 200 5827
120.253.135.82 - - [01/May/2021:06:17:17 +0800] "GET /xingrg/javascript/easyui/themes/default/validatebox.css HTTP/1.1" 404 1104
116.230.114.112 - - [01/May/2021:06:17:19 +0800] "POST /xingrg/dwr/call/plaincall/AjaxQqpsService.checkOrder.dwr HTTP/1.1" 200 79
120.204.17.68 - - [01/May/2021:06:17:20 +0800] "GET /xingrg/all/function/internal_message.html?_=1619820971779&CODE_STATE=getMsg HTTP/1.1" 302 -
116.224.253.72 - - [01/May/2021:06:17:20 +0800] "GET /xingrg/all/function/internal_message.html?_=1619821036045&CODE_STATE=getMsg HTTP/1.1" 200 27
117.185.32.26 - - [01/May/2021:06:17:21 +0800] "GET /xingrg/check_reg.html?_=1619821031782 HTTP/1.1" 200 22
117.185.32.26 - - [01/May/2021:06:17:21 +0800] "GET /xingrg/all/function/internal_message.html?_=1619821031784&CODE_STATE=getMsg HTTP/1.1" 200 27
116.230.114.112 - - [01/May/2021:06:17:21 +0800] "GET /xingrg/kc/mdqp/qqps_order_info.html?code=302021043000582 HTTP/1.1" 200 26396
116.230.114.112 - - [01/May/2021:06:17:21 +0800] "GET /xingrg/dwr/interface/AjaxQqpsService.js HTTP/1.1" 200 16326
116.230.114.112 - - [01/May/2021:06:17:21 +0800] "GET /xingrg/dwr/interface/AjaxComOrderService.js HTTP/1.1" 200 18264
116.230.114.112 - - [01/May/2021:06:17:21 +0800] "GET /xingrg/dwr/engine.js HTTP/1.1" 200 43631
120.204.17.68 - - [01/May/2021:06:17:21 +0800] "GET /xingrg/login.html HTTP/1.1" 200 7641
116.230.114.112 - - [01/May/2021:06:17:22 +0800] "POST /xingrg/dwr/call/plaincall/AjaxQqpsService.loadMaterielItems.dwr HTTP/1.1" 200 2691
116.230.114.112 - - [01/May/2021:06:17:48 +0800] "GET /xingrg/all/function/internal_message.html?_=1619821084466&CODE_STATE=getMsg HTTP/1.1" 200 27
116.230.110.80 - - [01/May/2021:06:17:52 +0800] "GET /xingrg/all/function/internal_message.html?_=1619821065524&CODE_STATE=getMsg HTTP/1.1" 200 27
114.88.160.164 - - [01/May/2021:06:17:56 +0800] "GET /xingrg/all/function/internal_message.html?_=1619821041589&CODE_STATE=getMsg HTTP/1.1" 302 -
120.253.135.82 - - [01/May/2021:06:18:01 +0800] "GET /xingrg/check_reg.html?_=1619821089130 HTTP/1.1" 200 22
58.37.228.113 - - [01/May/2021:06:18:03 +0800] "GET /xingrg/all/function/internal_message.html?_=1619821061737&CODE_STATE=getMsg HTTP/1.1" 200 27
116.224.253.72 - - [01/May/2021:06:18:05 +0800] "GET /xingrg/all/function/internal_message.html?_=1619821080787&CODE_STATE=getMsg HTTP/1.1" 200 27
120.253.135.82 - - [01/May/2021:06:18:09 +0800] "GET /xingrg/all/function/internal_message.html?_=1619820864459&CODE_STATE=getMsg HTTP/1.1" 200 27
116.230.110.80 - - [01/May/2021:06:18:10 +0800] "GET /xingrg/check_reg.html?_=1619821083618 HTTP/1.1" 200 22
116.224.253.72 - - [01/May/2021:06:18:20 +0800] "GET /xingrg/check_reg.html?_=1619821095778 HTTP/1.1" 200 22
120.204.17.68 - - [01/May/2021:06:18:20 +0800] "GET /xingrg/check_reg.html?_=1619821031782 HTTP/1.1" 302 -
116.224.253.72 - - [01/May/2021:06:18:20 +0800] "GET /xingrg/all/function/internal_message.html?_=1619821096055&CODE_STATE=getMsg HTTP/1.1" 200 27
120.204.17.70 - - [01/May/2021:06:18:20 +0800] "GET /xingrg/all/function/internal_message.html?_=1619821031784&CODE_STATE=getMsg HTTP/1.1" 302 -
117.185.32.26 - - [01/May/2021:06:18:21 +0800] "GET /xingrg/all/function/internal_message.html?_=1619821091784&CODE_STATE=getMsg HTTP/1.1" 200 27
120.204.17.68 - - [01/May/2021:06:18:21 +0800] "GET /xingrg/login.html HTTP/1.1" 200 7641
120.204.17.70 - - [01/May/2021:06:18:21 +0800] "GET /xingrg/login.html HTTP/1.1" 200 7641
117.185.32.26 - - [01/May/2021:06:18:39 +0800] "POST /xingrg/services/DataTransmitService HTTP/1.1" 200 524
116.230.114.112 - - [01/May/2021:06:18:48 +0800] "GET /xingrg/all/function/internal_message.html?_=1619821144479&CODE_STATE=getMsg HTTP/1.1" 200 27
116.224.253.72 - - [01/May/2021:06:18:49 +0800] "POST /xingrg/services/DataTransmitService HTTP/1.1" 200 524
116.230.114.112 - - [01/May/2021:06:18:50 +0800] "GET /xingrg/kc/buy/cgsh_order_list.html HTTP/1.1" 200 46569
116.224.253.72 - - [01/May/2021:06:18:50 +0800] "POST /xingrg/services/DataTransmitService HTTP/1.1" 200 501
116.224.253.72 - - [01/May/2021:06:18:50 +0800] "POST /xingrg/services/DataTransmitService HTTP/1.1" 200 501
116.230.114.112 - - [01/May/2021:06:18:50 +0800] "POST /xingrg/kc/buy/cgsh_list_operate.html HTTP/1.1" 200 876
116.224.253.72 - - [01/May/2021:06:18:51 +0800] "POST /xingrg/services/DataTransmitService HTTP/1.1" 200 501
116.224.253.72 - - [01/May/2021:06:18:51 +0800] "POST /xingrg/services/DataTransmitService HTTP/1.1" 200 501
116.224.253.72 - - [01/May/2021:06:18:52 +0800] "POST /xingrg/services/DataTransmitService HTTP/1.1" 200 501
116.224.253.72 - - [01/May/2021:06:18:52 +0800] "POST /xingrg/services/DataTransmitService HTTP/1.1" 200 501
116.224.253.72 - - [01/May/2021:06:18:52 +0800] "POST /xingrg/services/DataTransmitService HTTP/1.1" 200 501
116.224.253.72 - - [01/May/2021:06:18:52 +0800] "POST /xingrg/services/DataTransmitService HTTP/1.1" 200 501
116.224.253.72 - - [01/May/2021:06:18:52 +0800] "POST /xingrg/services/DataTransmitService HTTP/1.1" 200 501
116.230.110.80 - - [01/May/2021:06:18:52 +0800] "GET /xingrg/all/function/internal_message.html?_=1619821125495&CODE_STATE=getMsg HTTP/1.1" 200 27
116.224.253.72 - - [01/May/2021:06:18:53 +0800] "POST /xingrg/services/DataTransmitService HTTP/1.1" 200 412
114.88.160.164 - - [01/May/2021:06:18:56 +0800] "GET /xingrg/all/function/internal_message.html?_=1619821101564&CODE_STATE=getMsg HTTP/1.1" 302 -
58.37.228.113 - - [01/May/2021:06:19:03 +0800] "GET /xingrg/all/function/internal_message.html?_=1619821121734&CODE_STATE=getMsg HTTP/1.1" 200 27
116.224.253.72 - - [01/May/2021:06:19:05 +0800] "GET /xingrg/all/function/internal_message.html?_=1619821140772&CODE_STATE=getMsg HTTP/1.1" 200 27
120.253.135.82 - - [01/May/2021:06:19:09 +0800] "GET /xingrg/all/function/internal_message.html?_=1619820924467&CODE_STATE=getMsg HTTP/1.1" 200 27
116.230.114.112 - - [01/May/2021:06:19:18 +0800] "POST /xingrg/kc/buy/cgsh_list_operate.html HTTP/1.1" 200 5490
116.230.114.112 - - [01/May/2021:06:19:20 +0800] "GET /xingrg/check_reg.html?_=1619821177082 HTTP/1.1" 200 22
116.224.253.72 - - [01/May/2021:06:19:20 +0800] "GET /xingrg/all/function/internal_message.html?_=1619821156105&CODE_STATE=getMsg HTTP/1.1" 200 27
117.185.32.26 - - [01/May/2021:06:19:21 +0800] "GET /xingrg/all/function/internal_message.html?_=1619821151783&CODE_STATE=getMsg HTTP/1.1" 200 27
183.192.164.214 - - [01/May/2021:06:19:21 +0800] "GET /xingrg/all/function/internal_message.html?_=1619821091784&CODE_STATE=getMsg HTTP/1.1" 302 -
183.192.164.214 - - [01/May/2021:06:19:22 +0800] "GET /xingrg/login.html HTTP/1.1" 200 7641
116.230.114.112 - - [01/May/2021:06:19:31 +0800] "POST /xingrg/kc/buy/cgsh_list_operate.html HTTP/1.1" 200 5556
116.230.114.112 - - [01/May/2021:06:19:34 +0800] "POST /xingrg/kc/buy/cgsh_list_operate.html HTTP/1.1" 200 205
116.230.114.112 - - [01/May/2021:06:19:36 +0800] "GET /xingrg/kc/buy/cgsh_order_info.html?code=212021043013056 HTTP/1.1" 200 57211
116.230.114.112 - - [01/May/2021:06:19:36 +0800] "GET /xingrg/javascript/convert.js HTTP/1.1" 304 -
116.230.114.112 - - [01/May/2021:06:19:36 +0800] "GET /xingrg/javascript/jquery_tools/order_manager.js HTTP/1.1" 304 -
116.230.114.112 - - [01/May/2021:06:19:36 +0800] "GET /xingrg/javascript/json2.js HTTP/1.1" 304 -
116.230.114.112 - - [01/May/2021:06:19:36 +0800] "GET /xingrg/javascript/easyui/themes/default/validatebox.css HTTP/1.1" 404 1104
116.230.114.112 - - [01/May/2021:06:19:36 +0800] "GET /xingrg/javascript/easyui/plugins/jquery.validatebox.js HTTP/1.1" 304 -
116.230.114.112 - - [01/May/2021:06:19:36 +0800] "GET /xingrg/javascript/easyui/plugins/jquery.numberbox.js HTTP/1.1" 304 -
116.230.114.112 - - [01/May/2021:06:19:36 +0800] "POST /xingrg/kc/buy/cgsh_order_operate.html HTTP/1.1" 200 609
116.230.114.112 - - [01/May/2021:06:19:39 +0800] "GET /xingrg/kc/print/load_config.html?kc_code=cgsh HTTP/1.1" 200 1845
116.230.114.112 - - [01/May/2021:06:19:39 +0800] "GET /xingrg/kc/print/load_data.html?order_code=212021043013056&kc_code=cgsh&condition= HTTP/1.1" 200 704
116.230.114.112 - - [01/May/2021:06:19:48 +0800] "GET /xingrg/all/function/internal_message.html?_=1619821204492&CODE_STATE=getMsg HTTP/1.1" 200 27
116.230.110.80 - - [01/May/2021:06:19:52 +0800] "GET /xingrg/all/function/internal_message.html?_=1619821185466&CODE_STATE=getMsg HTTP/1.1" 200 27
114.88.160.164 - - [01/May/2021:06:19:56 +0800] "GET /xingrg/all/function/internal_message.html?_=1619821161545&CODE_STATE=getMsg HTTP/1.1" 302 -
58.37.228.113 - - [01/May/2021:06:20:03 +0800] "GET /xingrg/all/function/internal_message.html?_=1619821181732&CODE_STATE=getMsg HTTP/1.1" 200 27
116.224.253.72 - - [01/May/2021:06:20:05 +0800] "GET /xingrg/check_reg.html?_=1619821200624 HTTP/1.1" 200 22
116.224.253.72 - - [01/May/2021:06:20:05 +0800] "GET /xingrg/all/function/internal_message.html?_=1619821200758&CODE_STATE=getMsg HTTP/1.1" 200 27
120.253.135.82 - - [01/May/2021:06:20:09 +0800] "GET /xingrg/all/function/internal_message.html?_=1619820984480&CODE_STATE=getMsg HTTP/1.1" 200 27
114.88.160.164 - - [01/May/2021:06:20:10 +0800] "GET /xingrg/check_reg.html?_=1619821174903 HTTP/1.1" 302 -
116.224.253.72 - - [01/May/2021:06:20:20 +0800] "GET /xingrg/all/function/internal_message.html?_=1619821216113&CODE_STATE=getMsg HTTP/1.1" 200 27
117.185.32.26 - - [01/May/2021:06:20:21 +0800] "GET /xingrg/all/function/internal_message.html?_=1619821211808&CODE_STATE=getMsg HTTP/1.1" 200 27
183.192.164.97 - - [01/May/2021:06:20:21 +0800] "GET /xingrg/all/function/internal_message.html?_=1619821151783&CODE_STATE=getMsg HTTP/1.1" 302 -
183.192.164.97 - - [01/May/2021:06:20:22 +0800] "GET /xingrg/login.html HTTP/1.1" 200 7641
116.230.114.112 - - [01/May/2021:06:20:48 +0800] "GET /xingrg/all/function/internal_message.html?_=1619821264535&CODE_STATE=getMsg HTTP/1.1" 200 27
116.230.110.80 - - [01/May/2021:06:20:52 +0800] "GET /xingrg/all/function/internal_message.html?_=1619821245439&CODE_STATE=getMsg HTTP/1.1" 200 27
114.88.160.164 - - [01/May/2021:06:20:56 +0800] "GET /xingrg/all/function/internal_message.html?_=1619821221525&CODE_STATE=getMsg HTTP/1.1" 302 -
58.37.228.113 - - [01/May/2021:06:21:03 +0800] "GET /xingrg/all/function/internal_message.html?_=1619821241733&CODE_STATE=getMsg HTTP/1.1" 200 27
116.224.253.72 - - [01/May/2021:06:21:05 +0800] "GET /xingrg/all/function/internal_message.html?_=1619821260743&CODE_STATE=getMsg HTTP/1.1" 200 27
120.253.135.82 - - [01/May/2021:06:21:06 +0800] "GET /xingrg/check_reg.html?_=1619821041965 HTTP/1.1" 200 22
120.253.135.82 - - [01/May/2021:06:21:09 +0800] "GET /xingrg/all/function/internal_message.html?_=1619821044493&CODE_STATE=getMsg HTTP/1.1" 200 27
120.204.17.72 - - [01/May/2021:06:21:20 +0800] "GET /xingrg/all/function/internal_message.html?_=1619821211808&CODE_STATE=getMsg HTTP/1.1" 302 -
116.224.253.72 - - [01/May/2021:06:21:20 +0800] "GET /xingrg/all/function/internal_message.html?_=1619821276127&CODE_STATE=getMsg HTTP/1.1" 200 27
120.204.17.72 - - [01/May/2021:06:21:20 +0800] "GET /xingrg/login.html HTTP/1.1" 200 7641
117.185.32.26 - - [01/May/2021:06:21:21 +0800] "GET /xingrg/all/function/internal_message.html?_=1619821271806&CODE_STATE=getMsg HTTP/1.1" 200 27
116.230.114.112 - - [01/May/2021:06:21:48 +0800] "GET /xingrg/all/function/internal_message.html?_=1619821324551&CODE_STATE=getMsg HTTP/1.1" 200 27
116.230.110.80 - - [01/May/2021:06:21:52 +0800] "GET /xingrg/all/function/internal_message.html?_=1619821305408&CODE_STATE=getMsg HTTP/1.1" 200 27
114.88.160.164 - - [01/May/2021:06:21:56 +0800] "GET /xingrg/all/function/internal_message.html?_=1619821281499&CODE_STATE=getMsg HTTP/1.1" 302 -
58.37.228.113 - - [01/May/2021:06:22:03 +0800] "GET /xingrg/all/function/internal_message.html?_=1619821301730&CODE_STATE=getMsg HTTP/1.1" 200 27
58.37.228.113 - - [01/May/2021:06:22:03 +0800] "GET /xingrg/check_reg.html?_=1619821301731 HTTP/1.1" 200 22
116.224.253.72 - - [01/May/2021:06:22:05 +0800] "GET /xingrg/all/function/internal_message.html?_=1619821320742&CODE_STATE=getMsg HTTP/1.1" 200 27
120.253.135.82 - - [01/May/2021:06:22:09 +0800] "GET /xingrg/all/function/internal_message.html?_=1619821104507&CODE_STATE=getMsg HTTP/1.1" 200 27
183.192.164.214 - - [01/May/2021:06:22:20 +0800] "GET /xingrg/all/function/internal_message.html?_=1619821271806&CODE_STATE=getMsg HTTP/1.1" 302 -
116.224.253.72 - - [01/May/2021:06:22:20 +0800] "GET /xingrg/all/function/internal_message.html?_=1619821336181&CODE_STATE=getMsg HTTP/1.1" 200 27
117.185.32.26 - - [01/May/2021:06:22:21 +0800] "GET /xingrg/check_reg.html?_=1619821331811 HTTP/1.1" 200 22
117.185.32.26 - - [01/May/2021:06:22:21 +0800] "GET /xingrg/all/function/internal_message.html?_=1619821331807&CODE_STATE=getMsg HTTP/1.1" 200 27
183.192.164.214 - - [01/May/2021:06:22:21 +0800] "GET /xingrg/login.html HTTP/1.1" 200 7641
116.230.114.112 - - [01/May/2021:06:22:48 +0800] "GET /xingrg/all/function/internal_message.html?_=1619821384595&CODE_STATE=getMsg HTTP/1.1" 200 27
116.230.110.80 - - [01/May/2021:06:22:52 +0800] "GET /xingrg/all/function/internal_message.html?_=1619821365377&CODE_STATE=getMsg HTTP/1.1" 200 27
114.88.160.164 - - [01/May/2021:06:22:56 +0800] "GET /xingrg/all/function/internal_message.html?_=1619821341480&CODE_STATE=getMsg HTTP/1.1" 302 -
120.253.135.82 - - [01/May/2021:06:23:01 +0800] "GET /xingrg/check_reg.html?_=1619821389135 HTTP/1.1" 200 22
58.37.228.113 - - [01/May/2021:06:23:03 +0800] "GET /xingrg/all/function/internal_message.html?_=1619821361729&CODE_STATE=getMsg HTTP/1.1" 200 27
116.224.253.72 - - [01/May/2021:06:23:05 +0800] "GET /xingrg/all/function/internal_message.html?_=1619821380734&CODE_STATE=getMsg HTTP/1.1" 200 27
120.253.135.82 - - [01/May/2021:06:23:09 +0800] "GET /xingrg/all/function/internal_message.html?_=1619821164520&CODE_STATE=getMsg HTTP/1.1" 200 27
116.230.110.80 - - [01/May/2021:06:23:10 +0800] "GET /xingrg/check_reg.html?_=1619821383596 HTTP/1.1" 200 22
183.192.164.97 - - [01/May/2021:06:23:20 +0800] "GET /xingrg/check_reg.html?_=1619821331811 HTTP/1.1" 302 -
116.224.253.72 - - [01/May/2021:06:23:20 +0800] "GET /xingrg/check_reg.html?_=1619821395807 HTTP/1.1" 200 22
116.224.253.72 - - [01/May/2021:06:23:20 +0800] "GET /xingrg/all/function/internal_message.html?_=1619821396186&CODE_STATE=getMsg HTTP/1.1" 200 27
117.185.32.26 - - [01/May/2021:06:23:21 +0800] "GET /xingrg/all/function/internal_message.html?_=1619821391811&CODE_STATE=getMsg HTTP/1.1" 200 27
183.192.164.97 - - [01/May/2021:06:23:21 +0800] "GET /xingrg/login.html HTTP/1.1" 200 7641
116.230.114.112 - - [01/May/2021:06:23:48 +0800] "GET /xingrg/all/function/internal_message.html?_=1619821444609&CODE_STATE=getMsg HTTP/1.1" 200 27
116.230.110.80 - - [01/May/2021:06:23:52 +0800] "GET /xingrg/all/function/internal_message.html?_=1619821425348&CODE_STATE=getMsg HTTP/1.1" 200 27
114.88.160.164 - - [01/May/2021:06:23:56 +0800] "GET /xingrg/all/function/internal_message.html?_=1619821401460&CODE_STATE=getMsg HTTP/1.1" 302 -
58.37.228.113 - - [01/May/2021:06:24:03 +0800] "GET /xingrg/all/function/internal_message.html?_=1619821421733&CODE_STATE=getMsg HTTP/1.1" 200 27
116.224.253.72 - - [01/May/2021:06:24:05 +0800] "GET /xingrg/all/function/internal_message.html?_=1619821440707&CODE_STATE=getMsg HTTP/1.1" 200 27
120.253.135.82 - - [01/May/2021:06:24:09 +0800] "GET /xingrg/all/function/internal_message.html?_=1619821224534&CODE_STATE=getMsg HTTP/1.1" 200 27
120.204.17.73 - - [01/May/2021:06:24:20 +0800] "GET /xingrg/all/function/internal_message.html?_=1619821391811&CODE_STATE=getMsg HTTP/1.1" 302 -
116.230.114.112 - - [01/May/2021:06:24:20 +0800] "GET /xingrg/check_reg.html?_=1619821477123 HTTP/1.1" 200 22
120.204.17.73 - - [01/May/2021:06:24:20 +0800] "GET /xingrg/login.html HTTP/1.1" 200 7641
116.224.253.72 - - [01/May/2021:06:24:20 +0800] "GET /xingrg/all/function/internal_message.html?_=1619821456241&CODE_STATE=getMsg HTTP/1.1" 200 27
117.185.32.26 - - [01/May/2021:06:24:21 +0800] "GET /xingrg/all/function/internal_message.html?_=1619821451813&CODE_STATE=getMsg HTTP/1.1" 200 27
116.230.114.112 - - [01/May/2021:06:24:48 +0800] "GET /xingrg/all/function/internal_message.html?_=1619821504622&CODE_STATE=getMsg HTTP/1.1" 200 27
116.230.110.80 - - [01/May/2021:06:24:52 +0800] "GET /xingrg/all/function/internal_message.html?_=1619821485334&CODE_STATE=getMsg HTTP/1.1" 200 27
114.88.160.164 - - [01/May/2021:06:24:56 +0800] "GET /xingrg/all/function/internal_message.html?_=1619821461435&CODE_STATE=getMsg HTTP/1.1" 302 -
58.37.228.113 - - [01/May/2021:06:25:03 +0800] "GET /xingrg/all/function/internal_message.html?_=1619821481731&CODE_STATE=getMsg HTTP/1.1" 200 27
116.224.253.72 - - [01/May/2021:06:25:05 +0800] "GET /xingrg/check_reg.html?_=1619821500632 HTTP/1.1" 200 22
116.224.253.72 - - [01/May/2021:06:25:05 +0800] "GET /xingrg/all/function/internal_message.html?_=1619821500702&CODE_STATE=getMsg HTTP/1.1" 200 27
120.253.135.82 - - [01/May/2021:06:25:09 +0800] "GET /xingrg/all/function/internal_message.html?_=1619821284548&CODE_STATE=getMsg HTTP/1.1" 200 27
114.88.160.164 - - [01/May/2021:06:25:10 +0800] "GET /xingrg/check_reg.html?_=1619821474884 HTTP/1.1" 302 -
116.224.253.72 - - [01/May/2021:06:25:20 +0800] "GET /xingrg/all/function/internal_message.html?_=1619821516243&CODE_STATE=getMsg HTTP/1.1" 200 27
117.185.32.26 - - [01/May/2021:06:25:21 +0800] "GET /xingrg/all/function/internal_message.html?_=1619821511812&CODE_STATE=getMsg HTTP/1.1" 200 27
183.192.164.97 - - [01/May/2021:06:25:21 +0800] "GET /xingrg/all/function/internal_message.html?_=1619821451813&CODE_STATE=getMsg HTTP/1.1" 302 -
183.192.164.97 - - [01/May/2021:06:25:21 +0800] "GET /xingrg/login.html HTTP/1.1" 200 7641
117.185.32.26 - - [01/May/2021:06:25:42 +0800] "POST /xingrg/services/DataTransmitService HTTP/1.1" 200 524
117.185.32.26 - - [01/May/2021:06:25:43 +0800] "POST /xingrg/services/DataTransmitService HTTP/1.1" 200 501
116.230.114.112 - - [01/May/2021:06:25:48 +0800] "GET /xingrg/all/function/internal_message.html?_=1619821564636&CODE_STATE=getMsg HTTP/1.1" 200 27
116.230.110.80 - - [01/May/2021:06:25:52 +0800] "GET /xingrg/all/function/internal_message.html?_=1619821545304&CODE_STATE=getMsg HTTP/1.1" 200 27
114.88.160.164 - - [01/May/2021:06:25:56 +0800] "GET /xingrg/all/function/internal_message.html?_=1619821521406&CODE_STATE=getMsg HTTP/1.1" 302 -
58.37.228.113 - - [01/May/2021:06:26:03 +0800] "GET /xingrg/all/function/internal_message.html?_=1619821541743&CODE_STATE=getMsg HTTP/1.1" 200 27
116.224.253.72 - - [01/May/2021:06:26:05 +0800] "GET /xingrg/all/function/internal_message.html?_=1619821560693&CODE_STATE=getMsg HTTP/1.1" 200 27
120.253.135.82 - - [01/May/2021:06:26:06 +0800] "GET /xingrg/check_reg.html?_=1619821341971 HTTP/1.1" 200 22
120.253.135.82 - - [01/May/2021:06:26:09 +0800] "GET /xingrg/all/function/internal_message.html?_=1619821344561&CODE_STATE=getMsg HTTP/1.1" 200 27
120.204.17.70 - - [01/May/2021:06:26:20 +0800] "GET /xingrg/all/function/internal_message.html?_=1619821511812&CODE_STATE=getMsg HTTP/1.1" 302 -
116.224.253.72 - - [01/May/2021:06:26:20 +0800] "GET /xingrg/all/function/internal_message.html?_=1619821576257&CODE_STATE=getMsg HTTP/1.1" 200 27
120.204.17.70 - - [01/May/2021:06:26:21 +0800] "GET /xingrg/login.html HTTP/1.1" 200 7641
117.185.32.26 - - [01/May/2021:06:26:21 +0800] "GET /xingrg/all/function/internal_message.html?_=1619821571811&CODE_STATE=getMsg HTTP/1.1" 200 27
101.93.222.235 - - [01/May/2021:06:26:46 +0800] "POST /xingrg/services/DataTransmitService HTTP/1.1" 200 524
101.93.222.235 - - [01/May/2021:06:26:47 +0800] "POST /xingrg/services/DataTransmitService HTTP/1.1" 200 501
116.230.114.112 - - [01/May/2021:06:26:48 +0800] "GET /xingrg/all/function/internal_message.html?_=1619821624682&CODE_STATE=getMsg HTTP/1.1" 200 27
116.230.110.80 - - [01/May/2021:06:26:52 +0800] "GET /xingrg/all/function/internal_message.html?_=1619821605289&CODE_STATE=getMsg HTTP/1.1" 200 27
114.88.160.164 - - [01/May/2021:06:26:56 +0800] "GET /xingrg/all/function/internal_message.html?_=1619821581382&CODE_STATE=getMsg HTTP/1.1" 302 -
58.37.228.113 - - [01/May/2021:06:27:03 +0800] "GET /xingrg/check_reg.html?_=1619821601740 HTTP/1.1" 200 22
58.37.228.113 - - [01/May/2021:06:27:03 +0800] "GET /xingrg/all/function/internal_message.html?_=1619821601742&CODE_STATE=getMsg HTTP/1.1" 200 27
116.224.253.72 - - [01/May/2021:06:27:05 +0800] "GET /xingrg/all/function/internal_message.html?_=1619821620677&CODE_STATE=getMsg HTTP/1.1" 200 27
120.253.135.82 - - [01/May/2021:06:27:09 +0800] "GET /xingrg/all/function/internal_message.html?_=1619821404575&CODE_STATE=getMsg HTTP/1.1" 200 27
116.224.253.72 - - [01/May/2021:06:27:21 +0800] "GET /xingrg/all/function/internal_message.html?_=1619821636308&CODE_STATE=getMsg HTTP/1.1" 200 27
117.185.32.26 - - [01/May/2021:06:27:21 +0800] "GET /xingrg/all/function/internal_message.html?_=1619821631813&CODE_STATE=getMsg HTTP/1.1" 200 27
117.185.32.26 - - [01/May/2021:06:27:21 +0800] "GET /xingrg/check_reg.html?_=1619821631811 HTTP/1.1" 200 22
116.230.114.112 - - [01/May/2021:06:27:48 +0800] "GET /xingrg/all/function/internal_message.html?_=1619821684694&CODE_STATE=getMsg HTTP/1.1" 200 27
116.230.110.80 - - [01/May/2021:06:27:52 +0800] "GET /xingrg/all/function/internal_message.html?_=1619821665260&CODE_STATE=getMsg HTTP/1.1" 200 27
114.88.160.164 - - [01/May/2021:06:27:56 +0800] "GET /xingrg/all/function/internal_message.html?_=1619821641356&CODE_STATE=getMsg HTTP/1.1" 302 -
120.253.135.82 - - [01/May/2021:06:28:01 +0800] "GET /xingrg/check_reg.html?_=1619821689144 HTTP/1.1" 200 22
58.37.228.113 - - [01/May/2021:06:28:03 +0800] "GET /xingrg/all/function/internal_message.html?_=1619821661736&CODE_STATE=getMsg HTTP/1.1" 200 27
116.224.253.72 - - [01/May/2021:06:28:05 +0800] "GET /xingrg/all/function/internal_message.html?_=1619821680661&CODE_STATE=getMsg HTTP/1.1" 200 27
120.253.135.82 - - [01/May/2021:06:28:09 +0800] "GET /xingrg/all/function/internal_message.html?_=1619821464588&CODE_STATE=getMsg HTTP/1.1" 200 27
116.230.110.80 - - [01/May/2021:06:28:10 +0800] "GET /xingrg/check_reg.html?_=1619821683575 HTTP/1.1" 200 22
116.230.114.112 - - [01/May/2021:06:28:19 +0800] "GET /xingrg/kc/buy/cgsh_order_list.html HTTP/1.1" 200 46569
116.230.114.112 - - [01/May/2021:06:28:20 +0800] "POST /xingrg/kc/buy/cgsh_list_operate.html HTTP/1.1" 200 876
116.224.253.72 - - [01/May/2021:06:28:20 +0800] "GET /xingrg/check_reg.html?_=1619821695826 HTTP/1.1" 200 22
116.224.253.72 - - [01/May/2021:06:28:21 +0800] "GET /xingrg/all/function/internal_message.html?_=1619821696316&CODE_STATE=getMsg HTTP/1.1" 200 27
120.204.17.70 - - [01/May/2021:06:28:21 +0800] "GET /xingrg/check_reg.html?_=1619821631811 HTTP/1.1" 302 -
117.185.32.26 - - [01/May/2021:06:28:21 +0800] "GET /xingrg/all/function/internal_message.html?_=1619821691800&CODE_STATE=getMsg HTTP/1.1" 200 27
120.204.17.70 - - [01/May/2021:06:28:21 +0800] "GET /xingrg/login.html HTTP/1.1" 200 7641
116.230.114.112 - - [01/May/2021:06:28:25 +0800] "GET /xingrg/kc/buy/cgsh_order_add.html HTTP/1.1" 200 62307
116.230.114.112 - - [01/May/2021:06:28:25 +0800] "POST /xingrg/kc/buy/cgsh_order_operate.html HTTP/1.1" 200 8245
116.230.114.112 - - [01/May/2021:06:28:25 +0800] "GET /xingrg/all/common/auto_word.html?type=employee&rest_code=00146 HTTP/1.1" 200 101
116.230.114.112 - - [01/May/2021:06:28:25 +0800] "GET /xingrg/all/common/auto_word.html?type=employee&rest_code=00146 HTTP/1.1" 200 101
116.230.114.112 - - [01/May/2021:06:28:25 +0800] "GET /xingrg/javascript/easyui/themes/default/validatebox.css HTTP/1.1" 404 1104
116.230.114.112 - - [01/May/2021:06:28:48 +0800] "GET /xingrg/all/function/internal_message.html?_=1619821744739&CODE_STATE=getMsg HTTP/1.1" 200 27
116.230.110.80 - - [01/May/2021:06:28:52 +0800] "GET /xingrg/all/function/internal_message.html?_=1619821725234&CODE_STATE=getMsg HTTP/1.1" 200 27
114.88.160.164 - - [01/May/2021:06:28:56 +0800] "GET /xingrg/all/function/internal_message.html?_=1619821701334&CODE_STATE=getMsg HTTP/1.1" 302 -
58.37.228.113 - - [01/May/2021:06:29:03 +0800] "GET /xingrg/all/function/internal_message.html?_=1619821721731&CODE_STATE=getMsg HTTP/1.1" 200 27
116.224.253.72 - - [01/May/2021:06:29:05 +0800] "GET /xingrg/all/function/internal_message.html?_=1619821740631&CODE_STATE=getMsg HTTP/1.1" 200 27
120.253.135.82 - - [01/May/2021:06:29:09 +0800] "GET /xingrg/all/function/internal_message.html?_=1619821524602&CODE_STATE=getMsg HTTP/1.1" 200 27
120.204.17.68 - - [01/May/2021:06:29:20 +0800] "GET /xingrg/all/function/internal_message.html?_=1619821691800&CODE_STATE=getMsg HTTP/1.1" 302 -
116.230.114.112 - - [01/May/2021:06:29:20 +0800] "GET /xingrg/check_reg.html?_=1619821777129 HTTP/1.1" 200 22
116.224.253.72 - - [01/May/2021:06:29:21 +0800] "GET /xingrg/all/function/internal_message.html?_=1619821756366&CODE_STATE=getMsg HTTP/1.1" 200 27
117.185.32.26 - - [01/May/2021:06:29:21 +0800] "GET /xingrg/all/function/internal_message.html?_=1619821751800&CODE_STATE=getMsg HTTP/1.1" 200 27
120.204.17.68 - - [01/May/2021:06:29:21 +0800] "GET /xingrg/login.html HTTP/1.1" 200 7641
120.253.135.82 - - [01/May/2021:06:29:32 +0800] "GET /xingrg/kc/pszx/mdps_order_operate.html?command=get_materiel&pszx_code=00101&rest_code=00102&base_code=0010246&code=00101013157 HTTP/1.1" 200 432
116.230.114.112 - - [01/May/2021:06:29:37 +0800] "GET /xingrg/kc/buy/cgsh_order_operate.html?command=get_materiel&rest_code=00146&code=00101010616&supplier_code=00100323&order_time=2021-04-30 HTTP/1.1" 200 417
116.230.114.112 - - [01/May/2021:06:29:48 +0800] "GET /xingrg/all/function/internal_message.html?_=1619821804752&CODE_STATE=getMsg HTTP/1.1" 200 27
116.230.110.80 - - [01/May/2021:06:29:52 +0800] "GET /xingrg/all/function/internal_message.html?_=1619821785204&CODE_STATE=getMsg HTTP/1.1" 200 27
114.88.160.164 - - [01/May/2021:06:29:56 +0800] "GET /xingrg/all/function/internal_message.html?_=1619821761310&CODE_STATE=getMsg HTTP/1.1" 302 -
116.230.114.112 - - [01/May/2021:06:29:59 +0800] "POST /xingrg/kc/buy/cgsh_order_operate.html HTTP/1.1" 200 37
120.253.135.82 - - [01/May/2021:06:30:01 +0800] "POST /xingrg/kc/pszx/mdps_order_operate.html HTTP/1.1" 200 37
120.253.135.82 - - [01/May/2021:06:30:01 +0800] "GET /xingrg/kc/pszx/mdps_order_info.html?code=312021050100001 HTTP/1.1" 200 23927
120.253.135.82 - - [01/May/2021:06:30:02 +0800] "GET /xingrg/javascript/easyui/themes/default/validatebox.css HTTP/1.1" 404 1104
120.253.135.82 - - [01/May/2021:06:30:02 +0800] "POST /xingrg/kc/pszx/mdps_order_operate.html HTTP/1.1" 200 5834
58.37.228.113 - - [01/May/2021:06:30:03 +0800] "GET /xingrg/all/function/internal_message.html?_=1619821781730&CODE_STATE=getMsg HTTP/1.1" 200 27
116.224.253.72 - - [01/May/2021:06:30:05 +0800] "GET /xingrg/check_reg.html?_=1619821800633 HTTP/1.1" 200 22
116.224.253.72 - - [01/May/2021:06:30:05 +0800] "GET /xingrg/all/function/internal_message.html?_=1619821800639&CODE_STATE=getMsg HTTP/1.1" 200 27
116.231.135.78 - - [01/May/2021:06:30:06 +0800] "POST /xingrg/services/DataTransmitService HTTP/1.1" 200 524
116.230.114.112 - - [01/May/2021:06:30:07 +0800] "POST /xingrg/kc/buy/cgsh_order_operate.html HTTP/1.1" 200 12
116.230.114.112 - - [01/May/2021:06:30:09 +0800] "GET /xingrg/kc/buy/cgsh_order_info.html?code=212021050100001 HTTP/1.1" 200 57212
116.230.114.112 - - [01/May/2021:06:30:09 +0800] "GET /xingrg/javascript/easyui/themes/default/validatebox.css HTTP/1.1" 404 1104
120.253.135.82 - - [01/May/2021:06:30:09 +0800] "GET /xingrg/kc/pszx/mdps_order_operate.html?command=get_materiel&pszx_code=00101&rest_code=00102&base_code=0010246&code=00101016120 HTTP/1.1" 200 441
120.253.135.82 - - [01/May/2021:06:30:09 +0800] "GET /xingrg/all/function/internal_message.html?_=1619821584631&CODE_STATE=getMsg HTTP/1.1" 200 27
116.230.114.112 - - [01/May/2021:06:30:09 +0800] "POST /xingrg/kc/buy/cgsh_order_operate.html HTTP/1.1" 200 608
114.88.160.164 - - [01/May/2021:06:30:10 +0800] "GET /xingrg/check_reg.html?_=1619821774856 HTTP/1.1" 302 -
116.231.135.78 - - [01/May/2021:06:30:10 +0800] "POST /xingrg/services/DataTransmitService HTTP/1.1" 200 501
116.231.135.78 - - [01/May/2021:06:30:10 +0800] "POST /xingrg/services/DataTransmitService HTTP/1.1" 200 501
116.231.135.78 - - [01/May/2021:06:30:10 +0800] "POST /xingrg/services/DataTransmitService HTTP/1.1" 200 501
116.231.135.78 - - [01/May/2021:06:30:11 +0800] "POST /xingrg/services/DataTransmitService HTTP/1.1" 200 501
116.231.135.78 - - [01/May/2021:06:30:11 +0800] "POST /xingrg/services/DataTransmitService HTTP/1.1" 200 501
116.231.135.78 - - [01/May/2021:06:30:11 +0800] "POST /xingrg/services/DataTransmitService HTTP/1.1" 200 501
116.231.135.78 - - [01/May/2021:06:30:12 +0800] "POST /xingrg/services/DataTransmitService HTTP/1.1" 200 501
116.231.135.78 - - [01/May/2021:06:30:12 +0800] "POST /xingrg/services/DataTransmitService HTTP/1.1" 200 501
116.231.135.78 - - [01/May/2021:06:30:12 +0800] "POST /xingrg/services/DataTransmitService HTTP/1.1" 200 501
116.231.135.78 - - [01/May/2021:06:30:12 +0800] "POST /xingrg/services/DataTransmitService HTTP/1.1" 200 412
183.192.164.97 - - [01/May/2021:06:30:20 +0800] "GET /xingrg/all/function/internal_message.html?_=1619821751800&CODE_STATE=getMsg HTTP/1.1" 302 -
116.224.253.72 - - [01/May/2021:06:30:21 +0800] "GET /xingrg/all/function/internal_message.html?_=1619821816373&CODE_STATE=getMsg HTTP/1.1" 200 27
117.185.32.26 - - [01/May/2021:06:30:21 +0800] "GET /xingrg/all/function/internal_message.html?_=1619821811799&CODE_STATE=getMsg HTTP/1.1" 200 27
183.192.164.97 - - [01/May/2021:06:30:21 +0800] "GET /xingrg/login.html HTTP/1.1" 200 7641
116.230.114.112 - - [01/May/2021:06:30:23 +0800] "GET /xingrg/kc/print/load_data.html?order_code=212021050100001&kc_code=cgsh&condition= HTTP/1.1" 200 709
120.253.135.82 - - [01/May/2021:06:30:27 +0800] "POST /xingrg/kc/pszx/mdps_order_operate.html HTTP/1.1" 200 37
120.253.135.82 - - [01/May/2021:06:30:29 +0800] "GET /xingrg/kc/pszx/mdps_order_info.html?code=312021050100001 HTTP/1.1" 200 23927
120.253.135.82 - - [01/May/2021:06:30:30 +0800] "POST /xingrg/kc/pszx/mdps_order_operate.html HTTP/1.1" 200 5837
120.253.135.82 - - [01/May/2021:06:30:30 +0800] "GET /xingrg/javascript/easyui/themes/default/validatebox.css HTTP/1.1" 404 1104
120.253.135.82 - - [01/May/2021:06:30:36 +0800] "POST /xingrg/kc/pszx/mdps_order_operate.html HTTP/1.1" 200 37
120.253.135.82 - - [01/May/2021:06:30:37 +0800] "GET /xingrg/kc/pszx/mdps_order_info.html?code=312021050100001 HTTP/1.1" 200 23927
120.253.135.82 - - [01/May/2021:06:30:37 +0800] "POST /xingrg/kc/pszx/mdps_order_operate.html HTTP/1.1" 200 5837
120.253.135.82 - - [01/May/2021:06:30:37 +0800] "GET /xingrg/javascript/easyui/themes/default/validatebox.css HTTP/1.1" 404 1104
116.230.114.112 - - [01/May/2021:06:30:48 +0800] "GET /xingrg/all/function/internal_message.html?_=1619821864766&CODE_STATE=getMsg HTTP/1.1" 200 27
116.230.110.80 - - [01/May/2021:06:30:52 +0800] "GET /xingrg/all/function/internal_message.html?_=1619821845176&CODE_STATE=getMsg HTTP/1.1" 200 27
114.88.160.164 - - [01/May/2021:06:30:56 +0800] "GET /xingrg/all/function/internal_message.html?_=1619821821283&CODE_STATE=getMsg HTTP/1.1" 302 -
58.37.228.113 - - [01/May/2021:06:31:03 +0800] "GET /xingrg/all/function/internal_message.html?_=1619821841729&CODE_STATE=getMsg HTTP/1.1" 200 27
120.253.135.82 - - [01/May/2021:06:31:05 +0800] "POST /xingrg/kc/pszx/mdps_order_operate.html HTTP/1.1" 200 37
116.224.253.72 - - [01/May/2021:06:31:05 +0800] "GET /xingrg/all/function/internal_message.html?_=1619821860624&CODE_STATE=getMsg HTTP/1.1" 200 27
120.253.135.82 - - [01/May/2021:06:31:06 +0800] "GET /xingrg/kc/pszx/mdps_order_info.html?code=312021050100001 HTTP/1.1" 200 23927
120.253.135.82 - - [01/May/2021:06:31:06 +0800] "GET /xingrg/javascript/easyui/themes/default/validatebox.css HTTP/1.1" 404 1104
120.253.135.82 - - [01/May/2021:06:31:06 +0800] "POST /xingrg/kc/pszx/mdps_order_operate.html HTTP/1.1" 200 5837
120.253.135.82 - - [01/May/2021:06:31:06 +0800] "GET /xingrg/check_reg.html?_=1619821641977 HTTP/1.1" 200 22
120.253.135.82 - - [01/May/2021:06:31:08 +0800] "POST /xingrg/kc/pszx/mdps_list_operate.html HTTP/1.1" 200 3500
120.253.135.82 - - [01/May/2021:06:31:09 +0800] "GET /xingrg/all/function/internal_message.html?_=1619821644767&CODE_STATE=getMsg HTTP/1.1" 200 27
120.253.135.82 - - [01/May/2021:06:31:10 +0800] "POST /xingrg/kc/pszx/mdps_list_operate.html HTTP/1.1" 200 621
120.253.135.82 - - [01/May/2021:06:31:14 +0800] "GET /xingrg/kc/pszx/mdps_order_add.html HTTP/1.1" 200 29181
120.253.135.82 - - [01/May/2021:06:31:14 +0800] "POST /xingrg/kc/pszx/mdps_order_operate.html HTTP/1.1" 200 7126
120.253.135.82 - - [01/May/2021:06:31:14 +0800] "GET /xingrg/javascript/easyui/themes/default/validatebox.css HTTP/1.1" 404 1104
120.253.135.82 - - [01/May/2021:06:31:19 +0800] "POST /xingrg/all/common/load_combo.html?type=base HTTP/1.1" 200 1075
120.204.17.68 - - [01/May/2021:06:31:20 +0800] "GET /xingrg/all/function/internal_message.html?_=1619821811799&CODE_STATE=getMsg HTTP/1.1" 302 -
116.224.253.72 - - [01/May/2021:06:31:21 +0800] "GET /xingrg/all/function/internal_message.html?_=1619821876387&CODE_STATE=getMsg HTTP/1.1" 200 27
120.204.17.68 - - [01/May/2021:06:31:21 +0800] "GET /xingrg/login.html HTTP/1.1" 200 7641
117.185.32.26 - - [01/May/2021:06:31:21 +0800] "GET /xingrg/all/function/internal_message.html?_=1619821871797&CODE_STATE=getMsg HTTP/1.1" 200 27
120.253.135.82 - - [01/May/2021:06:31:29 +0800] "GET /xingrg/kc/pszx/mdps_order_operate.html?command=get_materiel&pszx_code=00101&rest_code=00102&base_code=0010246&code=00101019274 HTTP/1.1" 200 453
120.253.135.82 - - [01/May/2021:06:31:37 +0800] "GET /xingrg/kc/pszx/mdps_order_operate.html?command=get_materiel&pszx_code=00101&rest_code=00102&base_code=0010246&code=00101008472 HTTP/1.1" 200 439
120.253.135.82 - - [01/May/2021:06:31:43 +0800] "POST /xingrg/kc/pszx/mdps_order_operate.html HTTP/1.1" 200 37
120.253.135.82 - - [01/May/2021:06:31:44 +0800] "GET /xingrg/kc/pszx/mdps_order_info.html?code=312021050100007 HTTP/1.1" 200 23925
120.253.135.82 - - [01/May/2021:06:31:44 +0800] "GET /xingrg/javascript/easyui/themes/default/validatebox.css HTTP/1.1" 404 1104
120.253.135.82 - - [01/May/2021:06:31:44 +0800] "POST /xingrg/kc/pszx/mdps_order_operate.html HTTP/1.1" 200 2803
120.253.135.82 - - [01/May/2021:06:31:46 +0800] "POST /xingrg/kc/pszx/mdps_list_operate.html HTTP/1.1" 200 3862
120.253.135.82 - - [01/May/2021:06:31:48 +0800] "POST /xingrg/kc/pszx/mdps_list_operate.html HTTP/1.1" 200 621
116.230.114.112 - - [01/May/2021:06:31:48 +0800] "GET /xingrg/all/function/internal_message.html?_=1619821924821&CODE_STATE=getMsg HTTP/1.1" 200 27
120.253.135.82 - - [01/May/2021:06:31:49 +0800] "GET /xingrg/kc/pszx/mdps_order_info.html?code=312021050100001 HTTP/1.1" 200 23927
120.253.135.82 - - [01/May/2021:06:31:49 +0800] "POST /xingrg/kc/pszx/mdps_order_operate.html HTTP/1.1" 200 5837
120.253.135.82 - - [01/May/2021:06:31:49 +0800] "GET /xingrg/javascript/easyui/themes/default/validatebox.css HTTP/1.1" 404 1104
116.230.110.80 - - [01/May/2021:06:31:52 +0800] "GET /xingrg/all/function/internal_message.html?_=1619821905146&CODE_STATE=getMsg HTTP/1.1" 200 27
114.88.160.164 - - [01/May/2021:06:31:56 +0800] "GET /xingrg/all/function/internal_message.html?_=1619821881260&CODE_STATE=getMsg HTTP/1.1" 302 -
58.37.228.113 - - [01/May/2021:06:32:03 +0800] "GET /xingrg/all/function/internal_message.html?_=1619821901738&CODE_STATE=getMsg HTTP/1.1" 200 27
58.37.228.113 - - [01/May/2021:06:32:03 +0800] "GET /xingrg/check_reg.html?_=1619821901740 HTTP/1.1" 200 22
116.224.253.72 - - [01/May/2021:06:32:05 +0800] "GET /xingrg/all/function/internal_message.html?_=1619821920609&CODE_STATE=getMsg HTTP/1.1" 200 27
120.253.135.82 - - [01/May/2021:06:32:09 +0800] "GET /xingrg/all/function/internal_message.html?_=1619821704767&CODE_STATE=getMsg HTTP/1.1" 200 27
120.253.135.82 - - [01/May/2021:06:32:17 +0800] "POST /xingrg/kc/pszx/mdps_order_operate.html HTTP/1.1" 200 37
120.253.135.82 - - [01/May/2021:06:32:17 +0800] "GET /xingrg/kc/pszx/mdps_order_info.html?code=312021050100001 HTTP/1.1" 200 23927
120.253.135.82 - - [01/May/2021:06:32:18 +0800] "POST /xingrg/kc/pszx/mdps_order_operate.html HTTP/1.1" 200 4816
120.253.135.82 - - [01/May/2021:06:32:18 +0800] "GET /xingrg/javascript/easyui/themes/default/validatebox.css HTTP/1.1" 404 1104
120.253.135.82 - - [01/May/2021:06:32:19 +0800] "POST /xingrg/kc/pszx/mdps_list_operate.html HTTP/1.1" 200 3862
116.224.253.72 - - [01/May/2021:06:32:21 +0800] "GET /xingrg/all/function/internal_message.html?_=1619821936435&CODE_STATE=getMsg HTTP/1.1" 200 27
117.185.32.26 - - [01/May/2021:06:32:21 +0800] "GET /xingrg/all/function/internal_message.html?_=1619821931813&CODE_STATE=getMsg HTTP/1.1" 200 27
117.185.32.26 - - [01/May/2021:06:32:21 +0800] "GET /xingrg/check_reg.html?_=1619821931816 HTTP/1.1" 200 22
120.204.17.70 - - [01/May/2021:06:32:21 +0800] "GET /xingrg/all/function/internal_message.html?_=1619821871797&CODE_STATE=getMsg HTTP/1.1" 302 -
120.204.17.70 - - [01/May/2021:06:32:21 +0800] "GET /xingrg/login.html HTTP/1.1" 200 7641
120.253.135.82 - - [01/May/2021:06:32:23 +0800] "POST /xingrg/kc/pszx/mdps_list_operate.html HTTP/1.1" 200 612
120.253.135.82 - - [01/May/2021:06:32:24 +0800] "GET /xingrg/kc/pszx/mdps_order_info.html?code=312021050100001 HTTP/1.1" 200 23927
120.253.135.82 - - [01/May/2021:06:32:25 +0800] "GET /xingrg/javascript/easyui/themes/default/validatebox.css HTTP/1.1" 404 1104
120.253.135.82 - - [01/May/2021:06:32:25 +0800] "POST /xingrg/kc/pszx/mdps_order_operate.html HTTP/1.1" 200 4816
120.253.135.82 - - [01/May/2021:06:32:30 +0800] "POST /xingrg/kc/pszx/mdps_list_operate.html HTTP/1.1" 200 3862
120.253.135.82 - - [01/May/2021:06:32:31 +0800] "POST /xingrg/kc/pszx/mdps_list_operate.html HTTP/1.1" 200 612
120.253.135.82 - - [01/May/2021:06:32:32 +0800] "POST /xingrg/kc/pszx/mdps_list_operate.html HTTP/1.1" 200 619
120.253.135.82 - - [01/May/2021:06:32:34 +0800] "GET /xingrg/kc/pszx/mdps_order_info.html?code=312021050100001 HTTP/1.1" 200 23927
120.253.135.82 - - [01/May/2021:06:32:35 +0800] "POST /xingrg/kc/pszx/mdps_order_operate.html HTTP/1.1" 200 4816
120.253.135.82 - - [01/May/2021:06:32:35 +0800] "GET /xingrg/javascript/easyui/themes/default/validatebox.css HTTP/1.1" 404 1104
120.253.135.82 - - [01/May/2021:06:32:37 +0800] "GET /xingrg/kc/print/load_data.html?order_code=312021050100001&kc_code=mdps&condition= HTTP/1.1" 200 1862
116.230.114.112 - - [01/May/2021:06:32:48 +0800] "GET /xingrg/all/function/internal_message.html?_=1619821984824&CODE_STATE=getMsg HTTP/1.1" 200 27
116.230.110.80 - - [01/May/2021:06:32:52 +0800] "GET /xingrg/all/function/internal_message.html?_=1619821965116&CODE_STATE=getMsg HTTP/1.1" 200 27
114.88.160.164 - - [01/May/2021:06:32:56 +0800] "GET /xingrg/all/function/internal_message.html?_=1619821941239&CODE_STATE=getMsg HTTP/1.1" 302 -
120.253.135.82 - - [01/May/2021:06:33:01 +0800] "GET /xingrg/check_reg.html?_=1619821989145 HTTP/1.1" 200 22
58.37.228.113 - - [01/May/2021:06:33:03 +0800] "GET /xingrg/all/function/internal_message.html?_=1619821961738&CODE_STATE=getMsg HTTP/1.1" 200 27
116.224.253.72 - - [01/May/2021:06:33:05 +0800] "GET /xingrg/all/function/internal_message.html?_=1619821980593&CODE_STATE=getMsg HTTP/1.1" 200 27
120.253.135.82 - - [01/May/2021:06:33:09 +0800] "GET /xingrg/all/function/internal_message.html?_=1619821764845&CODE_STATE=getMsg HTTP/1.1" 200 27
116.230.110.80 - - [01/May/2021:06:33:10 +0800] "GET /xingrg/check_reg.html?_=1619821983555 HTTP/1.1" 200 22
183.192.164.97 - - [01/May/2021:06:33:20 +0800] "GET /xingrg/check_reg.html?_=1619821931816 HTTP/1.1" 302 -
120.204.17.68 - - [01/May/2021:06:33:20 +0800] "GET /xingrg/all/function/internal_message.html?_=1619821931813&CODE_STATE=getMsg HTTP/1.1" 302 -
116.224.253.72 - - [01/May/2021:06:33:20 +0800] "GET /xingrg/check_reg.html?_=1619821995863 HTTP/1.1" 200 22
183.192.164.97 - - [01/May/2021:06:33:20 +0800] "GET /xingrg/login.html HTTP/1.1" 200 7641
116.224.253.72 - - [01/May/2021:06:33:21 +0800] "GET /xingrg/all/function/internal_message.html?_=1619821996446&CODE_STATE=getMsg HTTP/1.1" 200 27
117.185.32.26 - - [01/May/2021:06:33:21 +0800] "GET /xingrg/all/function/internal_message.html?_=1619821991799&CODE_STATE=getMsg HTTP/1.1" 200 27
120.204.17.68 - - [01/May/2021:06:33:21 +0800] "GET /xingrg/login.html HTTP/1.1" 200 7641
116.230.114.112 - - [01/May/2021:06:33:48 +0800] "GET /xingrg/all/function/internal_message.html?_=1619822044882&CODE_STATE=getMsg HTTP/1.1" 200 27
116.230.110.80 - - [01/May/2021:06:33:52 +0800] "GET /xingrg/all/function/internal_message.html?_=1619822025088&CODE_STATE=getMsg HTTP/1.1" 200 27
114.88.160.164 - - [01/May/2021:06:33:56 +0800] "GET /xingrg/all/function/internal_message.html?_=1619822001209&CODE_STATE=getMsg HTTP/1.1" 302 -
58.37.228.113 - - [01/May/2021:06:34:03 +0800] "GET /xingrg/all/function/internal_message.html?_=1619822021731&CODE_STATE=getMsg HTTP/1.1" 200 27
116.224.253.72 - - [01/May/2021:06:34:05 +0800] "GET /xingrg/all/function/internal_message.html?_=1619822040591&CODE_STATE=getMsg HTTP/1.1" 200 27
120.253.135.82 - - [01/May/2021:06:34:09 +0800] "GET /xingrg/all/function/internal_message.html?_=1619821824857&CODE_STATE=getMsg HTTP/1.1" 200 27
116.230.114.112 - - [01/May/2021:06:34:20 +0800] "GET /xingrg/check_reg.html?_=1619822077135 HTTP/1.1" 200 22
116.224.253.72 - - [01/May/2021:06:34:21 +0800] "GET /xingrg/all/function/internal_message.html?_=1619822056495&CODE_STATE=getMsg HTTP/1.1" 200 27
117.185.32.26 - - [01/May/2021:06:34:21 +0800] "GET /xingrg/all/function/internal_message.html?_=1619822051801&CODE_STATE=getMsg HTTP/1.1" 200 27
116.230.114.112 - - [01/May/2021:06:34:48 +0800] "GET /xingrg/all/function/internal_message.html?_=1619822104885&CODE_STATE=getMsg HTTP/1.1" 200 27
116.230.110.80 - - [01/May/2021:06:34:52 +0800] "GET /xingrg/all/function/internal_message.html?_=1619822085073&CODE_STATE=getMsg HTTP/1.1" 200 27
114.88.160.164 - - [01/May/2021:06:34:56 +0800] "GET /xingrg/all/function/internal_message.html?_=1619822061190&CODE_STATE=getMsg HTTP/1.1" 302 -
58.37.228.113 - - [01/May/2021:06:35:03 +0800] "GET /xingrg/all/function/internal_message.html?_=1619822081744&CODE_STATE=getMsg HTTP/1.1" 200 27
116.224.253.72 - - [01/May/2021:06:35:05 +0800] "GET /xingrg/check_reg.html?_=1619822100640 HTTP/1.1" 200 22
116.224.253.72 - - [01/May/2021:06:35:05 +0800] "GET /xingrg/all/function/internal_message.html?_=1619822100576&CODE_STATE=getMsg HTTP/1.1" 200 27
120.253.135.82 - - [01/May/2021:06:35:06 +0800] "POST /xingrg/kc/pszx/mdps_list_operate.html HTTP/1.1" 200 3862
120.253.135.82 - - [01/May/2021:06:35:09 +0800] "GET /xingrg/all/function/internal_message.html?_=1619821884871&CODE_STATE=getMsg HTTP/1.1" 200 27
114.88.160.164 - - [01/May/2021:06:35:10 +0800] "GET /xingrg/check_reg.html?_=1619822074824 HTTP/1.1" 302 -
120.253.135.82 - - [01/May/2021:06:35:11 +0800] "POST /xingrg/kc/pszx/mdps_list_operate.html HTTP/1.1" 200 612
120.253.135.82 - - [01/May/2021:06:35:11 +0800] "GET /xingrg/kc/pszx/mdps_order_info.html?code=312021050100001 HTTP/1.1" 200 23927
120.253.135.82 - - [01/May/2021:06:35:11 +0800] "POST /xingrg/kc/pszx/mdps_order_operate.html HTTP/1.1" 200 4816
120.253.135.82 - - [01/May/2021:06:35:11 +0800] "GET /xingrg/javascript/easyui/themes/default/validatebox.css HTTP/1.1" 404 1104
120.253.135.82 - - [01/May/2021:06:35:14 +0800] "POST /xingrg/kc/pszx/mdps_list_operate.html HTTP/1.1" 200 3862
183.192.164.97 - - [01/May/2021:06:35:20 +0800] "GET /xingrg/all/function/internal_message.html?_=1619822051801&CODE_STATE=getMsg HTTP/1.1" 302 -
120.253.135.82 - - [01/May/2021:06:35:21 +0800] "POST /xingrg/kc/pszx/mdps_list_operate.html HTTP/1.1" 200 3136
117.185.32.26 - - [01/May/2021:06:35:21 +0800] "GET /xingrg/all/function/internal_message.html?_=1619822111827&CODE_STATE=getMsg HTTP/1.1" 200 27
116.224.253.72 - - [01/May/2021:06:35:21 +0800] "GET /xingrg/all/function/internal_message.html?_=1619822116504&CODE_STATE=getMsg HTTP/1.1" 200 27
183.192.164.97 - - [01/May/2021:06:35:21 +0800] "GET /xingrg/login.html HTTP/1.1" 200 7641
120.253.135.82 - - [01/May/2021:06:35:22 +0800] "POST /xingrg/kc/pszx/mdps_list_operate.html HTTP/1.1" 200 626
120.253.135.82 - - [01/May/2021:06:35:23 +0800] "POST /xingrg/kc/pszx/mdps_list_operate.html HTTP/1.1" 200 619
120.253.135.82 - - [01/May/2021:06:35:25 +0800] "POST /xingrg/kc/pszx/mdps_list_operate.html HTTP/1.1" 200 466
120.253.135.82 - - [01/May/2021:06:35:27 +0800] "POST /xingrg/kc/pszx/mdps_list_operate.html HTTP/1.1" 200 278
120.253.135.82 - - [01/May/2021:06:35:28 +0800] "POST /xingrg/kc/pszx/mdps_list_operate.html HTTP/1.1" 200 289
116.230.114.112 - - [01/May/2021:06:35:48 +0800] "GET /xingrg/all/function/internal_message.html?_=1619822164897&CODE_STATE=getMsg HTTP/1.1" 200 27
120.253.135.82 - - [01/May/2021:06:35:52 +0800] "POST /xingrg/kc/pszx/mdps_list_operate.html HTTP/1.1" 200 3497
116.230.110.80 - - [01/May/2021:06:35:52 +0800] "GET /xingrg/all/function/internal_message.html?_=1619822145059&CODE_STATE=getMsg HTTP/1.1" 200 27
120.253.135.82 - - [01/May/2021:06:35:53 +0800] "POST /xingrg/kc/pszx/mdps_list_operate.html HTTP/1.1" 200 621
120.253.135.82 - - [01/May/2021:06:35:55 +0800] "GET /xingrg/kc/pszx/mdps_order_info.html?code=312021043000781 HTTP/1.1" 200 23925
120.253.135.82 - - [01/May/2021:06:35:55 +0800] "GET /xingrg/javascript/easyui/themes/default/validatebox.css HTTP/1.1" 404 1104
120.253.135.82 - - [01/May/2021:06:35:55 +0800] "POST /xingrg/kc/pszx/mdps_order_operate.html HTTP/1.1" 200 5295
114.88.160.164 - - [01/May/2021:06:35:56 +0800] "GET /xingrg/all/function/internal_message.html?_=1619822121163&CODE_STATE=getMsg HTTP/1.1" 302 -
58.37.228.113 - - [01/May/2021:06:36:03 +0800] "GET /xingrg/all/function/internal_message.html?_=1619822141741&CODE_STATE=getMsg HTTP/1.1" 200 27
116.224.253.72 - - [01/May/2021:06:36:05 +0800] "GET /xingrg/all/function/internal_message.html?_=1619822160561&CODE_STATE=getMsg HTTP/1.1" 200 27
120.253.135.82 - - [01/May/2021:06:36:06 +0800] "GET /xingrg/check_reg.html?_=1619821941985 HTTP/1.1" 200 22
120.253.135.82 - - [01/May/2021:06:36:09 +0800] "GET /xingrg/all/function/internal_message.html?_=1619821944933&CODE_STATE=getMsg HTTP/1.1" 200 27
120.253.135.82 - - [01/May/2021:06:36:19 +0800] "GET /xingrg/kc/pszx/mdps_order_operate.html?command=get_materiel&pszx_code=00101&rest_code=00111&base_code=0010250&code=00102002603 HTTP/1.1" 200 418
120.204.17.70 - - [01/May/2021:06:36:20 +0800] "GET /xingrg/all/function/internal_message.html?_=1619822111827&CODE_STATE=getMsg HTTP/1.1" 302 -
120.204.17.70 - - [01/May/2021:06:36:20 +0800] "GET /xingrg/login.html HTTP/1.1" 200 7641
117.185.32.26 - - [01/May/2021:06:36:21 +0800] "GET /xingrg/all/function/internal_message.html?_=1619822171829&CODE_STATE=getMsg HTTP/1.1" 200 27
116.224.253.72 - - [01/May/2021:06:36:21 +0800] "GET /xingrg/all/function/internal_message.html?_=1619822176517&CODE_STATE=getMsg HTTP/1.1" 200 27
120.253.135.82 - - [01/May/2021:06:36:27 +0800] "POST /xingrg/kc/pszx/mdps_order_operate.html HTTP/1.1" 200 37
120.253.135.82 - - [01/May/2021:06:36:27 +0800] "GET /xingrg/kc/pszx/mdps_order_info.html?code=312021043000781 HTTP/1.1" 200 23925
120.253.135.82 - - [01/May/2021:06:36:28 +0800] "POST /xingrg/kc/pszx/mdps_order_operate.html HTTP/1.1" 200 5268
120.253.135.82 - - [01/May/2021:06:36:28 +0800] "GET /xingrg/javascript/easyui/themes/default/validatebox.css HTTP/1.1" 404 1104
120.253.135.82 - - [01/May/2021:06:36:33 +0800] "POST /xingrg/kc/pszx/mdps_list_operate.html HTTP/1.1" 200 3497
