116.224.253.72 - - [30/Apr/2021:09:34:43 +0800] "GET /xingrg/javascript/jquery.timers.js HTTP/1.1" 304 -
116.224.253.72 - - [30/Apr/2021:09:34:43 +0800] "GET /xingrg/images/blue/jxLogo.png HTTP/1.1" 304 -
116.224.253.72 - - [30/Apr/2021:09:34:43 +0800] "GET /xingrg/javascript/jquery_easy_ui/themes/icons/settle_new.png HTTP/1.1" 304 -
116.224.253.72 - - [30/Apr/2021:09:34:43 +0800] "GET /xingrg/images/blue/navBackgound.jpg HTTP/1.1" 304 -
116.224.253.72 - - [30/Apr/2021:09:34:43 +0800] "POST /xingrg/all/common/load_tree.html?tree=area_rest_tree_json&manage=1 HTTP/1.1" 200 476
116.224.253.72 - - [30/Apr/2021:09:34:43 +0800] "GET /xingrg/all/function/internal_message.html?_=1619746479409&CODE_STATE=count HTTP/1.1" 200 11
116.224.253.72 - - [30/Apr/2021:09:34:43 +0800] "GET /xingrg/check_reg.html?_=1619746479410 HTTP/1.1" 200 22
116.224.253.72 - - [30/Apr/2021:09:34:43 +0800] "GET /xingrg/javascript/jquery_easy_ui/themes/default/images/tabs_leftarrow.png HTTP/1.1" 304 -
116.224.253.72 - - [30/Apr/2021:09:34:43 +0800] "GET /xingrg/javascript/jquery_easy_ui/themes/default/images/tabs_rightarrow.png HTTP/1.1" 304 -
116.224.253.72 - - [30/Apr/2021:09:34:43 +0800] "GET /xingrg/images/blue/pingpu.png HTTP/1.1" 304 -
116.224.253.72 - - [30/Apr/2021:09:34:43 +0800] "GET /xingrg/javascript/jquery_easy_ui/themes/default/images/panel_tool_collapse.gif HTTP/1.1" 304 -
116.224.253.72 - - [30/Apr/2021:09:34:43 +0800] "POST /xingrg/load_menu.html HTTP/1.1" 200 5138
116.224.253.72 - - [30/Apr/2021:09:34:45 +0800] "GET /xingrg/kc/buy/cgsh_order_list.html HTTP/1.1" 200 46514
117.185.32.26 - - [30/Apr/2021:09:34:47 +0800] "GET /xingrg/kc/buy/cgsh_order_operate.html?command=get_materiel&rest_code=00106&code=00101016025&supplier_code=00100032&order_time=2021-04-30 HTTP/1.1" 200 408
117.184.7.26 - - [30/Apr/2021:09:34:47 +0800] "GET /xingrg/kc/base/wldb_order_operate.html?command=get_materiel&rest_code=00108&base_code=0010538&code=00101020144 HTTP/1.1" 200 447
116.224.253.72 - - [30/Apr/2021:09:34:48 +0800] "POST /xingrg/kc/buy/cgsh_list_operate.html HTTP/1.1" 200 2086
116.224.253.72 - - [30/Apr/2021:09:34:50 +0800] "POST /xingrg/kc/buy/cgsh_list_operate.html HTTP/1.1" 200 558
180.169.147.146 - - [30/Apr/2021:09:34:50 +0800] "GET /xingrg/all/function/internal_message.html?_=1619746480403&CODE_STATE=getMsg HTTP/1.1" 200 27
117.184.7.26 - - [30/Apr/2021:09:34:52 +0800] "POST /xingrg/kc/base/wldb_order_operate.html HTTP/1.1" 200 37
116.224.253.72 - - [30/Apr/2021:09:34:52 +0800] "POST /xingrg/kc/buy/cgsh_list_operate.html HTTP/1.1" 200 576
180.161.124.236 - - [30/Apr/2021:09:34:52 +0800] "POST /xingrg/kc/buy/cgsh_order_operate.html HTTP/1.1" 200 37
58.40.7.146 - - [30/Apr/2021:09:34:53 +0800] "GET /xingrg/all/function/internal_message.html?_=1619746487931&CODE_STATE=getMsg HTTP/1.1" 200 27
117.184.7.26 - - [30/Apr/2021:09:34:53 +0800] "POST /xingrg/kc/base/wldb_order_operate.html HTTP/1.1" 200 6685
116.224.253.72 - - [30/Apr/2021:09:34:53 +0800] "GET /xingrg/kc/buy/cgsh_order_info.html?code=212021043012808 HTTP/1.1" 200 61911
117.184.7.26 - - [30/Apr/2021:09:34:53 +0800] "GET /xingrg/kc/base/wldb_order_info.html?code=422021042903190 HTTP/1.1" 200 30519
116.224.253.72 - - [30/Apr/2021:09:34:54 +0800] "GET /xingrg/all/common/auto_word.html?type=employee&rest_code=00151 HTTP/1.1" 200 243
116.224.253.72 - - [30/Apr/2021:09:34:54 +0800] "GET /xingrg/all/common/auto_word.html?type=employee&rest_code=00151 HTTP/1.1" 200 243
116.224.253.72 - - [30/Apr/2021:09:34:54 +0800] "GET /xingrg/javascript/easyui/themes/default/validatebox.css HTTP/1.1" 404 1104
117.184.7.26 - - [30/Apr/2021:09:34:54 +0800] "GET /xingrg/javascript/easyui/themes/default/validatebox.css HTTP/1.1" 404 1104
117.184.7.26 - - [30/Apr/2021:09:34:54 +0800] "POST /xingrg/kc/base/wldb_order_operate.html HTTP/1.1" 200 6685
116.224.253.72 - - [30/Apr/2021:09:34:54 +0800] "POST /xingrg/kc/buy/cgsh_order_operate.html HTTP/1.1" 200 5640
180.169.147.146 - - [30/Apr/2021:09:34:56 +0800] "GET /xingrg/all/function/internal_message.html?_=1619746491361&CODE_STATE=getMsg HTTP/1.1" 200 27
180.169.147.146 - - [30/Apr/2021:09:34:56 +0800] "GET /xingrg/check_reg.html?_=1619746491361 HTTP/1.1" 200 22
101.83.241.14 - - [30/Apr/2021:09:34:57 +0800] "GET /xingrg/kc/buy/cgsh_order_operate.html?command=get_materiel&rest_code=00149&code=00101012026&supplier_code=00100036&order_time=2021-04-30 HTTP/1.1" 200 408
117.184.7.26 - - [30/Apr/2021:09:34:58 +0800] "POST /xingrg/kc/base/wldb_list_operate.html HTTP/1.1" 200 476
117.184.7.26 - - [30/Apr/2021:09:34:58 +0800] "GET /xingrg/kc/base/wldb_order_info.html?code=422021042903189 HTTP/1.1" 200 30519
117.184.7.26 - - [30/Apr/2021:09:34:58 +0800] "GET /xingrg/javascript/easyui/themes/default/validatebox.css HTTP/1.1" 404 1104
117.184.7.26 - - [30/Apr/2021:09:34:59 +0800] "POST /xingrg/kc/base/wldb_order_operate.html HTTP/1.1" 200 3732
172.20.0.100 - - [30/Apr/2021:09:35:00 +0800] "GET /xingrg/all/function/internal_message.html?_=1619746495016&CODE_STATE=getMsg HTTP/1.1" 200 27
180.161.124.236 - - [30/Apr/2021:09:35:01 +0800] "GET /xingrg/all/function/internal_message.html?_=1619746495361&CODE_STATE=getMsg HTTP/1.1" 200 27
116.230.110.80 - - [30/Apr/2021:09:35:04 +0800] "GET /xingrg/all/function/internal_message.html?_=1619746497382&CODE_STATE=getMsg HTTP/1.1" 200 27
117.185.32.26 - - [30/Apr/2021:09:35:06 +0800] "GET /xingrg/check_reg.html?_=1619746498413 HTTP/1.1" 200 22
116.233.76.107 - - [30/Apr/2021:09:35:06 +0800] "GET /xingrg/all/function/internal_message.html?_=1619746501823&CODE_STATE=getMsg HTTP/1.1" 200 27
101.83.241.14 - - [30/Apr/2021:09:35:07 +0800] "POST /xingrg/kc/buy/cgsh_order_operate.html HTTP/1.1" 200 37
117.185.32.26 - - [30/Apr/2021:09:35:07 +0800] "GET /xingrg/all/function/internal_message.html?_=1619746499521&CODE_STATE=getMsg HTTP/1.1" 200 27
116.224.253.72 - - [30/Apr/2021:09:35:09 +0800] "GET /xingrg/all/function/internal_message.html?_=1619746506127&CODE_STATE=getMsg HTTP/1.1" 200 27
180.161.124.236 - - [30/Apr/2021:09:35:10 +0800] "POST /xingrg/kc/buy/cgsh_order_operate.html HTTP/1.1" 200 12
116.224.253.72 - - [30/Apr/2021:09:35:10 +0800] "POST /xingrg/kc/buy/cgsh_list_operate.html HTTP/1.1" 200 4695
116.224.253.72 - - [30/Apr/2021:09:35:13 +0800] "POST /xingrg/kc/buy/cgsh_order_operate.html HTTP/1.1" 200 37
124.77.71.179 - - [30/Apr/2021:09:35:15 +0800] "GET /xingrg/kc/buy/cgsh_order_operate.html?command=get_materiel&rest_code=00107&code=00101008145&supplier_code=00100006&order_time=2021-04-30 HTTP/1.1" 200 417
114.83.217.136 - - [30/Apr/2021:09:35:15 +0800] "GET /xingrg/kc/base/wldb_order_operate.html?command=get_materiel&rest_code=00154&base_code=0010724&code=00101019391 HTTP/1.1" 200 471
117.185.32.26 - - [30/Apr/2021:09:35:15 +0800] "GET /xingrg/kc/buy/cgsh_order_operate.html?command=get_materiel&rest_code=00106&code=00101005037&supplier_code=00100032&order_time=2021-04-30 HTTP/1.1" 200 409
116.224.253.72 - - [30/Apr/2021:09:35:16 +0800] "POST /xingrg/kc/buy/cgsh_order_operate.html HTTP/1.1" 200 12
116.230.114.112 - - [30/Apr/2021:09:35:17 +0800] "GET /xingrg/all/function/internal_message.html?_=1619746530891&CODE_STATE=getMsg HTTP/1.1" 200 27
101.83.241.14 - - [30/Apr/2021:09:35:17 +0800] "POST /xingrg/kc/buy/cgsh_order_operate.html HTTP/1.1" 200 12
116.224.253.72 - - [30/Apr/2021:09:35:17 +0800] "GET /xingrg/kc/buy/cgsh_order_info.html?code=212021043012808 HTTP/1.1" 200 56804
116.224.253.72 - - [30/Apr/2021:09:35:18 +0800] "GET /xingrg/javascript/easyui/themes/default/validatebox.css HTTP/1.1" 404 1104
116.224.253.72 - - [30/Apr/2021:09:35:18 +0800] "POST /xingrg/kc/buy/cgsh_order_operate.html HTTP/1.1" 200 3589
101.83.241.14 - - [30/Apr/2021:09:35:19 +0800] "GET /xingrg/kc/buy/cgsh_order_info.html?code=212021043012841 HTTP/1.1" 200 57205
101.83.241.14 - - [30/Apr/2021:09:35:19 +0800] "GET /xingrg/javascript/easyui/themes/default/validatebox.css HTTP/1.1" 404 1104
114.88.160.164 - - [30/Apr/2021:09:35:19 +0800] "GET /xingrg/kc/buy/cgsh_order_operate.html?command=get_materiel&rest_code=00111&code=00101008356&supplier_code=00100005&order_time=2021-04-30 HTTP/1.1" 200 408
101.83.241.14 - - [30/Apr/2021:09:35:19 +0800] "POST /xingrg/kc/buy/cgsh_order_operate.html HTTP/1.1" 200 601
116.224.253.72 - - [30/Apr/2021:09:35:19 +0800] "GET /xingrg/kc/print/load_data.html?order_code=212021043012808&kc_code=cgsh&condition= HTTP/1.1" 200 1867
101.83.241.14 - - [30/Apr/2021:09:35:20 +0800] "GET /xingrg/kc/print/load_data.html?order_code=212021043012841&kc_code=cgsh&condition= HTTP/1.1" 200 772
61.165.42.208 - - [30/Apr/2021:09:35:21 +0800] "GET /xingrg/all/function/internal_message.html?_=1619746517961&CODE_STATE=getMsg HTTP/1.1" 200 27
120.253.135.82 - - [30/Apr/2021:09:35:22 +0800] "GET /xingrg/all/function/internal_message.html?_=1619746297470&CODE_STATE=getMsg HTTP/1.1" 200 27
114.88.160.164 - - [30/Apr/2021:09:35:23 +0800] "GET /xingrg/all/function/internal_message.html?_=1619746515288&CODE_STATE=getMsg HTTP/1.1" 200 27
114.88.160.164 - - [30/Apr/2021:09:35:24 +0800] "GET /xingrg/all/function/internal_message.html?_=1619746489725&CODE_STATE=getMsg HTTP/1.1" 302 -
117.185.32.26 - - [30/Apr/2021:09:35:25 +0800] "GET /xingrg/kc/buy/cgsh_order_operate.html?command=get_materiel&rest_code=00106&code=00101010161&supplier_code=00100032&order_time=2021-04-30 HTTP/1.1" 200 409
114.86.187.76 - - [30/Apr/2021:09:35:25 +0800] "GET /xingrg/all/function/internal_message.html?_=1619746521729&CODE_STATE=getMsg HTTP/1.1" 302 -
114.86.187.76 - - [30/Apr/2021:09:35:25 +0800] "GET /xingrg/login.html HTTP/1.1" 200 7641
114.83.217.136 - - [30/Apr/2021:09:35:26 +0800] "GET /xingrg/all/function/internal_message.html?_=1619746524473&CODE_STATE=getMsg HTTP/1.1" 200 27
180.161.124.236 - - [30/Apr/2021:09:35:26 +0800] "GET /xingrg/kc/buy/cgsh_order_info.html?code=212021043012837 HTTP/1.1" 200 57097
180.161.124.236 - - [30/Apr/2021:09:35:27 +0800] "GET /xingrg/javascript/easyui/themes/default/validatebox.css HTTP/1.1" 404 1104
114.88.160.164 - - [30/Apr/2021:09:35:27 +0800] "POST /xingrg/kc/buy/cgsh_order_operate.html HTTP/1.1" 200 2065
180.161.124.236 - - [30/Apr/2021:09:35:27 +0800] "POST /xingrg/kc/buy/cgsh_order_operate.html HTTP/1.1" 200 10115
116.224.253.72 - - [30/Apr/2021:09:35:28 +0800] "POST /xingrg/kc/buy/cgsh_list_operate.html HTTP/1.1" 200 570
116.224.253.72 - - [30/Apr/2021:09:35:28 +0800] "GET /xingrg/kc/buy/cgsh_order_info.html?code=212021043012803 HTTP/1.1" 200 61911
116.224.253.72 - - [30/Apr/2021:09:35:29 +0800] "GET /xingrg/javascript/easyui/themes/default/validatebox.css HTTP/1.1" 404 1104
124.77.71.179 - - [30/Apr/2021:09:35:29 +0800] "GET /xingrg/kc/buy/cgsh_order_operate.html?command=get_materiel&rest_code=00107&code=00101008092&supplier_code=00100006&order_time=2021-04-30 HTTP/1.1" 200 412
180.161.124.236 - - [30/Apr/2021:09:35:29 +0800] "GET /xingrg/kc/print/load_data.html?order_code=212021043012837&kc_code=cgsh&condition= HTTP/1.1" 200 4263
116.224.253.72 - - [30/Apr/2021:09:35:29 +0800] "POST /xingrg/kc/buy/cgsh_order_operate.html HTTP/1.1" 200 22359
117.184.7.26 - - [30/Apr/2021:09:35:29 +0800] "GET /xingrg/kc/base/wldb_order_operate.html?command=get_materiel&rest_code=00108&base_code=0010538&code=00101010222 HTTP/1.1" 200 446
58.37.228.113 - - [30/Apr/2021:09:35:30 +0800] "GET /xingrg/all/function/internal_message.html?_=1619746508689&CODE_STATE=getMsg HTTP/1.1" 200 27
124.77.71.179 - - [30/Apr/2021:09:35:34 +0800] "POST /xingrg/kc/buy/cgsh_order_operate.html HTTP/1.1" 200 2065
117.185.32.26 - - [30/Apr/2021:09:35:34 +0800] "GET /xingrg/kc/buy/cgsh_order_operate.html?command=get_materiel&rest_code=00106&code=00101016017&supplier_code=00100032&order_time=2021-04-30 HTTP/1.1" 200 408
124.77.71.179 - - [30/Apr/2021:09:35:35 +0800] "GET /xingrg/all/function/internal_message.html?_=1619746522113&CODE_STATE=getMsg HTTP/1.1" 200 27
117.184.7.26 - - [30/Apr/2021:09:35:35 +0800] "GET /xingrg/kc/base/wldb_order_operate.html?command=get_materiel&rest_code=00108&base_code=0010538&code=00101013076 HTTP/1.1" 200 442
58.40.7.146 - - [30/Apr/2021:09:35:36 +0800] "GET /xingrg/all/function/internal_message.html?_=1619746530931&CODE_STATE=getMsg HTTP/1.1" 200 27
114.88.160.164 - - [30/Apr/2021:09:35:36 +0800] "GET /xingrg/kc/buy/cgsh_order_operate.html?command=get_materiel&rest_code=00111&code=00101008137&supplier_code=00100005&order_time=2021-04-30 HTTP/1.1" 200 408
117.184.7.26 - - [30/Apr/2021:09:35:37 +0800] "GET /xingrg/all/function/internal_message.html?_=1619746525296&CODE_STATE=getMsg HTTP/1.1" 200 27
116.224.253.72 - - [30/Apr/2021:09:35:39 +0800] "POST /xingrg/kc/buy/cgsh_order_operate.html HTTP/1.1" 200 37
180.161.124.236 - - [30/Apr/2021:09:35:39 +0800] "GET /xingrg/all/function/internal_message.html?_=1619746817965&CODE_STATE=getMsg HTTP/1.1" 200 27
116.224.253.72 - - [30/Apr/2021:09:35:41 +0800] "POST /xingrg/kc/buy/cgsh_order_operate.html HTTP/1.1" 200 12
116.224.253.72 - - [30/Apr/2021:09:35:42 +0800] "GET /xingrg/kc/buy/cgsh_order_info.html?code=212021043012803 HTTP/1.1" 200 56804
124.77.71.179 - - [30/Apr/2021:09:35:43 +0800] "GET /xingrg/kc/buy/cgsh_order_operate.html?command=get_materiel&rest_code=00107&code=00101015062&supplier_code=00100006&order_time=2021-04-30 HTTP/1.1" 200 412
116.224.253.72 - - [30/Apr/2021:09:35:43 +0800] "GET /xingrg/javascript/easyui/themes/default/validatebox.css HTTP/1.1" 404 1104
101.83.241.14 - - [30/Apr/2021:09:35:43 +0800] "GET /xingrg/all/function/internal_message.html?_=1619746539308&CODE_STATE=getMsg HTTP/1.1" 200 27
116.224.253.72 - - [30/Apr/2021:09:35:43 +0800] "POST /xingrg/kc/buy/cgsh_order_operate.html HTTP/1.1" 200 20303
116.224.253.72 - - [30/Apr/2021:09:35:43 +0800] "GET /xingrg/all/function/internal_message.html?_=1619746539541&CODE_STATE=getMsg HTTP/1.1" 200 27
116.224.253.72 - - [30/Apr/2021:09:35:45 +0800] "GET /xingrg/kc/print/load_data.html?order_code=212021043012803&kc_code=cgsh&condition= HTTP/1.1" 200 8342
117.184.7.26 - - [30/Apr/2021:09:35:47 +0800] "GET /xingrg/kc/base/wldb_order_operate.html?command=get_materiel&rest_code=00108&base_code=0010538&code=00101013197 HTTP/1.1" 200 449
180.169.147.146 - - [30/Apr/2021:09:35:50 +0800] "GET /xingrg/all/function/internal_message.html?_=1619746540381&CODE_STATE=getMsg HTTP/1.1" 200 27
58.40.7.146 - - [30/Apr/2021:09:35:53 +0800] "GET /xingrg/all/function/internal_message.html?_=1619746547935&CODE_STATE=getMsg HTTP/1.1" 200 27
117.184.7.26 - - [30/Apr/2021:09:35:54 +0800] "GET /xingrg/kc/base/wldb_order_operate.html?command=get_materiel&rest_code=00108&base_code=0010538&code=00101016001 HTTP/1.1" 200 458
117.184.7.26 - - [30/Apr/2021:09:35:56 +0800] "POST /xingrg/kc/base/wldb_order_operate.html HTTP/1.1" 200 1710
180.169.147.146 - - [30/Apr/2021:09:35:56 +0800] "GET /xingrg/all/function/internal_message.html?_=1619746551357&CODE_STATE=getMsg HTTP/1.1" 200 27
114.88.160.164 - - [30/Apr/2021:09:35:57 +0800] "GET /xingrg/kc/buy/cgsh_order_operate.html?command=get_materiel&rest_code=00111&code=00101008077&supplier_code=00100005&order_time=2021-04-30 HTTP/1.1" 200 416
117.184.7.26 - - [30/Apr/2021:09:35:59 +0800] "GET /xingrg/kc/base/wldb_order_operate.html?command=get_materiel&rest_code=00108&base_code=0010538&code=00101019018 HTTP/1.1" 200 451
117.185.32.26 - - [30/Apr/2021:09:35:59 +0800] "GET /xingrg/kc/buy/cgsh_order_operate.html?command=get_materiel&rest_code=00106&code=00101012026&supplier_code=00100032&order_time=2021-04-30 HTTP/1.1" 200 410
172.20.0.100 - - [30/Apr/2021:09:36:00 +0800] "GET /xingrg/all/function/internal_message.html?_=1619746555003&CODE_STATE=getMsg HTTP/1.1" 200 27
180.161.124.236 - - [30/Apr/2021:09:36:01 +0800] "GET /xingrg/all/function/internal_message.html?_=1619746555388&CODE_STATE=getMsg HTTP/1.1" 200 27
116.230.110.80 - - [30/Apr/2021:09:36:04 +0800] "GET /xingrg/all/function/internal_message.html?_=1619746557367&CODE_STATE=getMsg HTTP/1.1" 200 27
117.184.7.26 - - [30/Apr/2021:09:36:04 +0800] "GET /xingrg/kc/base/wldb_order_operate.html?command=get_materiel&rest_code=00108&base_code=0010538&code=00101019108 HTTP/1.1" 200 463
116.233.76.107 - - [30/Apr/2021:09:36:06 +0800] "GET /xingrg/all/function/internal_message.html?_=1619746561833&CODE_STATE=getMsg HTTP/1.1" 200 27
117.185.32.26 - - [30/Apr/2021:09:36:07 +0800] "GET /xingrg/all/function/internal_message.html?_=1619746559527&CODE_STATE=getMsg HTTP/1.1" 200 27
116.224.253.72 - - [30/Apr/2021:09:36:09 +0800] "GET /xingrg/all/function/internal_message.html?_=1619746566141&CODE_STATE=getMsg HTTP/1.1" 200 27
183.192.164.71 - - [30/Apr/2021:09:36:12 +0800] "GET /xingrg/all/function/internal_message.html?_=1619746499521&CODE_STATE=getMsg HTTP/1.1" 302 -
120.204.17.70 - - [30/Apr/2021:09:36:13 +0800] "GET /xingrg/check_reg.html?_=1619746498413 HTTP/1.1" 302 -
183.192.164.71 - - [30/Apr/2021:09:36:16 +0800] "GET /xingrg/login.html HTTP/1.1" 200 7641
120.204.17.70 - - [30/Apr/2021:09:36:17 +0800] "GET /xingrg/login.html HTTP/1.1" 200 7641
116.230.114.112 - - [30/Apr/2021:09:36:17 +0800] "GET /xingrg/all/function/internal_message.html?_=1619746590898&CODE_STATE=getMsg HTTP/1.1" 200 27
117.185.32.26 - - [30/Apr/2021:09:36:19 +0800] "POST /xingrg/kc/buy/cgsh_order_operate.html HTTP/1.1" 200 37
61.165.42.208 - - [30/Apr/2021:09:36:21 +0800] "GET /xingrg/all/function/internal_message.html?_=1619746577933&CODE_STATE=getMsg HTTP/1.1" 200 27
117.185.32.26 - - [30/Apr/2021:09:36:21 +0800] "POST /xingrg/kc/buy/cgsh_order_operate.html HTTP/1.1" 200 12
120.253.135.82 - - [30/Apr/2021:09:36:22 +0800] "GET /xingrg/all/function/internal_message.html?_=1619746357478&CODE_STATE=getMsg HTTP/1.1" 200 27
114.88.160.164 - - [30/Apr/2021:09:36:23 +0800] "GET /xingrg/all/function/internal_message.html?_=1619746575302&CODE_STATE=getMsg HTTP/1.1" 200 27
114.88.160.164 - - [30/Apr/2021:09:36:24 +0800] "GET /xingrg/all/function/internal_message.html?_=1619746549726&CODE_STATE=getMsg HTTP/1.1" 302 -
117.185.32.26 - - [30/Apr/2021:09:36:24 +0800] "GET /xingrg/kc/buy/cgsh_order_info.html?code=212021043012842 HTTP/1.1" 200 57160
114.86.187.76 - - [30/Apr/2021:09:36:25 +0800] "GET /xingrg/all/function/internal_message.html?_=1619746581806&CODE_STATE=getMsg HTTP/1.1" 302 -
114.86.187.76 - - [30/Apr/2021:09:36:25 +0800] "GET /xingrg/login.html HTTP/1.1" 200 7641
114.83.217.136 - - [30/Apr/2021:09:36:25 +0800] "GET /xingrg/kc/base/wldb_order_operate.html?command=get_materiel&rest_code=00154&base_code=0010724&code=00101019493 HTTP/1.1" 200 474
117.185.32.26 - - [30/Apr/2021:09:36:25 +0800] "GET /xingrg/javascript/easyui/themes/default/validatebox.css HTTP/1.1" 404 1104
114.83.217.136 - - [30/Apr/2021:09:36:26 +0800] "GET /xingrg/all/function/internal_message.html?_=1619746584468&CODE_STATE=getMsg HTTP/1.1" 200 27
117.185.32.26 - - [30/Apr/2021:09:36:26 +0800] "POST /xingrg/kc/buy/cgsh_order_operate.html HTTP/1.1" 200 5912
114.88.160.164 - - [30/Apr/2021:09:36:27 +0800] "GET /xingrg/kc/buy/cgsh_order_operate.html?command=get_materiel&rest_code=00111&code=00101008286&supplier_code=00100005&order_time=2021-04-30 HTTP/1.1" 200 408
117.185.32.26 - - [30/Apr/2021:09:36:29 +0800] "GET /xingrg/kc/print/load_data.html?order_code=212021043012842&kc_code=cgsh&condition= HTTP/1.1" 200 2736
114.88.160.164 - - [30/Apr/2021:09:36:29 +0800] "POST /xingrg/kc/buy/cgsh_order_operate.html HTTP/1.1" 200 2065
124.77.71.179 - - [30/Apr/2021:09:36:30 +0800] "GET /xingrg/kc/buy/cgsh_order_operate.html?command=get_materiel&rest_code=00107&code=00101015021&supplier_code=00100006&order_time=2021-04-30 HTTP/1.1" 200 408
58.37.228.113 - - [30/Apr/2021:09:36:30 +0800] "GET /xingrg/all/function/internal_message.html?_=1619746568668&CODE_STATE=getMsg HTTP/1.1" 200 27
124.77.71.179 - - [30/Apr/2021:09:36:34 +0800] "GET /xingrg/check_reg.html?_=1619746581396 HTTP/1.1" 200 22
124.77.71.179 - - [30/Apr/2021:09:36:34 +0800] "GET /xingrg/all/function/internal_message.html?_=1619746582120&CODE_STATE=getMsg HTTP/1.1" 200 27
58.40.7.146 - - [30/Apr/2021:09:36:36 +0800] "GET /xingrg/all/function/internal_message.html?_=1619746590917&CODE_STATE=getMsg HTTP/1.1" 200 27
114.88.160.164 - - [30/Apr/2021:09:36:36 +0800] "GET /xingrg/kc/buy/cgsh_order_operate.html?command=get_materiel&rest_code=00111&code=00101008036&supplier_code=00100005&order_time=2021-04-30 HTTP/1.1" 200 408
117.184.7.26 - - [30/Apr/2021:09:36:37 +0800] "GET /xingrg/all/function/internal_message.html?_=1619746585277&CODE_STATE=getMsg HTTP/1.1" 200 27
117.185.32.26 - - [30/Apr/2021:09:36:39 +0800] "GET /xingrg/kc/print/load_data.html?order_code=212021043012842&kc_code=cgsh HTTP/1.1" 200 2736
180.161.124.236 - - [30/Apr/2021:09:36:39 +0800] "GET /xingrg/all/function/internal_message.html?_=1619746878360&CODE_STATE=getMsg HTTP/1.1" 200 27
101.83.241.14 - - [30/Apr/2021:09:36:43 +0800] "GET /xingrg/all/function/internal_message.html?_=1619746599280&CODE_STATE=getMsg HTTP/1.1" 200 27
116.224.253.72 - - [30/Apr/2021:09:36:43 +0800] "GET /xingrg/all/function/internal_message.html?_=1619746599519&CODE_STATE=getMsg HTTP/1.1" 200 27
124.77.71.179 - - [30/Apr/2021:09:36:48 +0800] "GET /xingrg/kc/buy/cgsh_order_operate.html?command=get_materiel&rest_code=00107&code=00101009011&supplier_code=00100006&order_time=2021-04-30 HTTP/1.1" 200 416
114.88.160.164 - - [30/Apr/2021:09:36:49 +0800] "GET /xingrg/kc/buy/cgsh_order_operate.html?command=get_materiel&rest_code=00111&code=00101008318&supplier_code=00100005&order_time=2021-04-30 HTTP/1.1" 200 408
180.169.147.146 - - [30/Apr/2021:09:36:50 +0800] "GET /xingrg/all/function/internal_message.html?_=1619746600362&CODE_STATE=getMsg HTTP/1.1" 200 27
58.40.7.146 - - [30/Apr/2021:09:36:53 +0800] "GET /xingrg/all/function/internal_message.html?_=1619746607924&CODE_STATE=getMsg HTTP/1.1" 200 27
117.184.7.26 - - [30/Apr/2021:09:36:54 +0800] "GET /xingrg/kc/base/wldb_order_operate.html?command=get_materiel&rest_code=00108&base_code=0010538&code=00101019133 HTTP/1.1" 200 466
114.83.217.136 - - [30/Apr/2021:09:36:55 +0800] "GET /xingrg/kc/base/wldb_order_operate.html?command=get_materiel&rest_code=00154&base_code=0010724&code=00101019179 HTTP/1.1" 200 450
180.169.147.146 - - [30/Apr/2021:09:36:56 +0800] "GET /xingrg/all/function/internal_message.html?_=1619746611374&CODE_STATE=getMsg HTTP/1.1" 200 27
114.88.160.164 - - [30/Apr/2021:09:36:57 +0800] "GET /xingrg/kc/buy/cgsh_order_operate.html?command=get_materiel&rest_code=00111&code=00101008098&supplier_code=00100005&order_time=2021-04-30 HTTP/1.1" 200 412
117.184.7.26 - - [30/Apr/2021:09:36:59 +0800] "GET /xingrg/kc/base/wldb_order_operate.html?command=get_materiel&rest_code=00108&base_code=0010538&code=00101019183 HTTP/1.1" 200 433
172.20.0.100 - - [30/Apr/2021:09:37:00 +0800] "GET /xingrg/all/function/internal_message.html?_=1619746615004&CODE_STATE=getMsg HTTP/1.1" 200 27
180.161.124.236 - - [30/Apr/2021:09:37:01 +0800] "GET /xingrg/all/function/internal_message.html?_=1619746615404&CODE_STATE=getMsg HTTP/1.1" 200 27
58.37.228.113 - - [30/Apr/2021:09:37:03 +0800] "GET /xingrg/check_reg.html?_=1619746601159 HTTP/1.1" 200 22
116.230.110.80 - - [30/Apr/2021:09:37:04 +0800] "GET /xingrg/all/function/internal_message.html?_=1619746617336&CODE_STATE=getMsg HTTP/1.1" 200 27
116.233.76.107 - - [30/Apr/2021:09:37:06 +0800] "GET /xingrg/all/function/internal_message.html?_=1619746621825&CODE_STATE=getMsg HTTP/1.1" 200 27
114.88.160.164 - - [30/Apr/2021:09:37:07 +0800] "GET /xingrg/kc/buy/cgsh_order_operate.html?command=get_materiel&rest_code=00111&code=00101008353&supplier_code=00100005&order_time=2021-04-30 HTTP/1.1" 200 408
117.185.32.26 - - [30/Apr/2021:09:37:07 +0800] "GET /xingrg/all/function/internal_message.html?_=1619746619474&CODE_STATE=getMsg HTTP/1.1" 200 27
116.224.253.72 - - [30/Apr/2021:09:37:09 +0800] "POST /xingrg/kc/buy/cgsh_list_operate.html HTTP/1.1" 200 876
116.224.253.72 - - [30/Apr/2021:09:37:09 +0800] "GET /xingrg/all/function/internal_message.html?_=1619746626153&CODE_STATE=getMsg HTTP/1.1" 200 27
116.224.253.72 - - [30/Apr/2021:09:37:10 +0800] "POST /xingrg/kc/buy/cgsh_list_operate.html HTTP/1.1" 200 5524
117.184.7.26 - - [30/Apr/2021:09:37:11 +0800] "GET /xingrg/kc/base/wldb_order_operate.html?command=get_materiel&rest_code=00108&base_code=0010538&code=00101019185 HTTP/1.1" 200 454
124.77.71.179 - - [30/Apr/2021:09:37:12 +0800] "GET /xingrg/kc/buy/cgsh_order_operate.html?command=get_materiel&rest_code=00107&code=00101008402&supplier_code=00100006&order_time=2021-04-30 HTTP/1.1" 200 410
117.184.7.26 - - [30/Apr/2021:09:37:13 +0800] "POST /xingrg/kc/base/wldb_order_operate.html HTTP/1.1" 200 1710
117.184.7.26 - - [30/Apr/2021:09:37:14 +0800] "GET /xingrg/kc/base/wldb_order_operate.html?command=get_materiel&rest_code=00108&base_code=0010538&code=00101019391 HTTP/1.1" 200 471
116.230.114.112 - - [30/Apr/2021:09:37:17 +0800] "GET /xingrg/all/function/internal_message.html?_=1619746651006&CODE_STATE=getMsg HTTP/1.1" 200 27
117.184.7.26 - - [30/Apr/2021:09:37:19 +0800] "POST /xingrg/kc/base/wldb_order_operate.html HTTP/1.1" 200 37
117.184.7.26 - - [30/Apr/2021:09:37:19 +0800] "POST /xingrg/kc/base/wldb_order_operate.html HTTP/1.1" 200 8691
117.184.7.26 - - [30/Apr/2021:09:37:19 +0800] "GET /xingrg/kc/base/wldb_order_info.html?code=422021042903189 HTTP/1.1" 200 30519
117.184.7.26 - - [30/Apr/2021:09:37:20 +0800] "GET /xingrg/javascript/easyui/themes/default/validatebox.css HTTP/1.1" 404 1104
117.184.7.26 - - [30/Apr/2021:09:37:20 +0800] "POST /xingrg/kc/base/wldb_order_operate.html HTTP/1.1" 200 8691
61.165.42.208 - - [30/Apr/2021:09:37:21 +0800] "GET /xingrg/all/function/internal_message.html?_=1619746637903&CODE_STATE=getMsg HTTP/1.1" 200 27
120.253.135.82 - - [30/Apr/2021:09:37:22 +0800] "GET /xingrg/all/function/internal_message.html?_=1619746417751&CODE_STATE=getMsg HTTP/1.1" 200 27
61.165.42.208 - - [30/Apr/2021:09:37:22 +0800] "GET /xingrg/check_reg.html?_=1619746638906 HTTP/1.1" 200 22
114.88.160.164 - - [30/Apr/2021:09:37:23 +0800] "GET /xingrg/all/function/internal_message.html?_=1619746635316&CODE_STATE=getMsg HTTP/1.1" 200 27
114.88.160.164 - - [30/Apr/2021:09:37:24 +0800] "GET /xingrg/all/function/internal_message.html?_=1619746609727&CODE_STATE=getMsg HTTP/1.1" 302 -
124.77.71.179 - - [30/Apr/2021:09:37:24 +0800] "GET /xingrg/kc/buy/cgsh_order_operate.html?command=get_materiel&rest_code=00107&code=00101008114&supplier_code=00100006&order_time=2021-04-30 HTTP/1.1" 200 412
114.86.187.76 - - [30/Apr/2021:09:37:25 +0800] "GET /xingrg/all/function/internal_message.html?_=1619746641818&CODE_STATE=getMsg HTTP/1.1" 302 -
114.86.187.76 - - [30/Apr/2021:09:37:25 +0800] "GET /xingrg/login.html HTTP/1.1" 200 7641
114.83.217.136 - - [30/Apr/2021:09:37:26 +0800] "GET /xingrg/all/function/internal_message.html?_=1619746644479&CODE_STATE=getMsg HTTP/1.1" 200 27
114.83.217.136 - - [30/Apr/2021:09:37:26 +0800] "GET /xingrg/check_reg.html?_=1619746644483 HTTP/1.1" 200 22
116.230.110.80 - - [30/Apr/2021:09:37:27 +0800] "GET /xingrg/check_reg.html?_=1619746640557 HTTP/1.1" 200 22
124.77.71.179 - - [30/Apr/2021:09:37:27 +0800] "POST /xingrg/kc/buy/cgsh_order_operate.html HTTP/1.1" 200 2065
101.83.241.14 - - [30/Apr/2021:09:37:28 +0800] "POST /xingrg/kc/buy/cgsh_list_operate.html HTTP/1.1" 200 2883
58.37.228.113 - - [30/Apr/2021:09:37:30 +0800] "GET /xingrg/all/function/internal_message.html?_=1619746628646&CODE_STATE=getMsg HTTP/1.1" 200 27
114.83.217.136 - - [30/Apr/2021:09:37:32 +0800] "POST /xingrg/all/common/load_select.html HTTP/1.1" 200 25
124.77.71.179 - - [30/Apr/2021:09:37:34 +0800] "GET /xingrg/kc/buy/cgsh_order_operate.html?command=get_materiel&rest_code=00107&code=00101015066&supplier_code=00100006&order_time=2021-04-30 HTTP/1.1" 200 413
114.83.217.136 - - [30/Apr/2021:09:37:35 +0800] "GET /xingrg/kc/base/wldb_order_operate.html?command=get_materiel_price&rest_code=00154&base_code=0010724&code=00101019179&unit_code=00100160 HTTP/1.1" 200 33
124.77.71.179 - - [30/Apr/2021:09:37:35 +0800] "GET /xingrg/all/function/internal_message.html?_=1619746642434&CODE_STATE=getMsg HTTP/1.1" 200 27
58.40.7.146 - - [30/Apr/2021:09:37:36 +0800] "GET /xingrg/all/function/internal_message.html?_=1619746650920&CODE_STATE=getMsg HTTP/1.1" 200 27
117.184.7.26 - - [30/Apr/2021:09:37:37 +0800] "POST /xingrg/kc/base/wldb_order_operate.html HTTP/1.1" 200 37
117.184.7.26 - - [30/Apr/2021:09:37:38 +0800] "POST /xingrg/kc/base/wldb_order_operate.html HTTP/1.1" 200 8696
117.184.7.26 - - [30/Apr/2021:09:37:38 +0800] "GET /xingrg/kc/base/wldb_order_info.html?code=422021042903189 HTTP/1.1" 200 30519
117.184.7.26 - - [30/Apr/2021:09:37:38 +0800] "GET /xingrg/all/function/internal_message.html?_=1619746645974&CODE_STATE=getMsg HTTP/1.1" 200 27
117.184.7.26 - - [30/Apr/2021:09:37:39 +0800] "GET /xingrg/javascript/easyui/themes/default/validatebox.css HTTP/1.1" 404 1104
117.184.7.26 - - [30/Apr/2021:09:37:39 +0800] "POST /xingrg/kc/base/wldb_order_operate.html HTTP/1.1" 200 8696
180.161.124.236 - - [30/Apr/2021:09:37:39 +0800] "GET /xingrg/all/function/internal_message.html?_=1619746938367&CODE_STATE=getMsg HTTP/1.1" 200 27
101.83.241.14 - - [30/Apr/2021:09:37:43 +0800] "GET /xingrg/all/function/internal_message.html?_=1619746659250&CODE_STATE=getMsg HTTP/1.1" 200 27
116.224.253.72 - - [30/Apr/2021:09:37:43 +0800] "GET /xingrg/all/function/internal_message.html?_=1619746659492&CODE_STATE=getMsg HTTP/1.1" 200 27
120.204.17.70 - - [30/Apr/2021:09:37:43 +0800] "GET /xingrg/kc/buy/cgsh_order_info.html?code=212021043012842 HTTP/1.1" 302 -
120.204.17.70 - - [30/Apr/2021:09:37:45 +0800] "GET /xingrg/login.html HTTP/1.1" 200 7641
116.230.114.112 - - [30/Apr/2021:09:37:47 +0800] "GET /xingrg/check_reg.html?_=1619746681321 HTTP/1.1" 200 22
180.169.147.146 - - [30/Apr/2021:09:37:50 +0800] "GET /xingrg/all/function/internal_message.html?_=1619746660345&CODE_STATE=getMsg HTTP/1.1" 200 27
101.83.241.14 - - [30/Apr/2021:09:37:52 +0800] "POST /xingrg/kc/buy/cgsh_list_operate.html HTTP/1.1" 200 5412
58.40.7.146 - - [30/Apr/2021:09:37:53 +0800] "GET /xingrg/all/function/internal_message.html?_=1619746667928&CODE_STATE=getMsg HTTP/1.1" 200 27
58.40.7.146 - - [30/Apr/2021:09:37:53 +0800] "GET /xingrg/check_reg.html?_=1619746667930 HTTP/1.1" 200 22
183.192.164.97 - - [30/Apr/2021:09:37:54 +0800] "GET /xingrg/kc/buy/cgsh_order_operate.html?command=get_materiel&rest_code=00106&code=00101012025&supplier_code=00100032&order_time=2021-04-30 HTTP/1.1" 302 -
116.233.76.107 - - [30/Apr/2021:09:37:56 +0800] "GET /xingrg/kc/buy/cgsh_order_add.html HTTP/1.1" 200 62289
116.233.76.107 - - [30/Apr/2021:09:37:56 +0800] "POST /xingrg/kc/buy/cgsh_order_operate.html HTTP/1.1" 200 8245
116.233.76.107 - - [30/Apr/2021:09:37:56 +0800] "GET /xingrg/all/common/auto_word.html?type=employee&rest_code=00109 HTTP/1.1" 200 205
116.233.76.107 - - [30/Apr/2021:09:37:56 +0800] "GET /xingrg/all/common/auto_word.html?type=employee&rest_code=00109 HTTP/1.1" 200 205
116.233.76.107 - - [30/Apr/2021:09:37:56 +0800] "GET /xingrg/javascript/easyui/themes/default/validatebox.css HTTP/1.1" 404 1104
120.253.135.82 - - [30/Apr/2021:09:37:58 +0800] "GET /xingrg/check_reg.html?_=1619746687731 HTTP/1.1" 200 22
117.184.7.26 - - [30/Apr/2021:09:37:59 +0800] "POST /xingrg/kc/base/wldb_order_operate.html HTTP/1.1" 200 37
117.184.7.26 - - [30/Apr/2021:09:37:59 +0800] "POST /xingrg/kc/base/wldb_order_operate.html HTTP/1.1" 200 8696
117.184.7.26 - - [30/Apr/2021:09:37:59 +0800] "GET /xingrg/kc/base/wldb_order_info.html?code=422021042903189 HTTP/1.1" 200 30519
117.184.7.26 - - [30/Apr/2021:09:38:00 +0800] "GET /xingrg/javascript/easyui/themes/default/validatebox.css HTTP/1.1" 404 1104
117.184.7.26 - - [30/Apr/2021:09:38:00 +0800] "POST /xingrg/kc/base/wldb_order_operate.html HTTP/1.1" 200 8696
172.20.0.100 - - [30/Apr/2021:09:38:00 +0800] "GET /xingrg/all/function/internal_message.html?_=1619746675007&CODE_STATE=getMsg HTTP/1.1" 200 27
124.77.71.179 - - [30/Apr/2021:09:38:00 +0800] "GET /xingrg/kc/buy/cgsh_order_operate.html?command=get_materiel&rest_code=00107&code=00101008364&supplier_code=00100006&order_time=2021-04-30 HTTP/1.1" 200 413
180.161.124.236 - - [30/Apr/2021:09:38:01 +0800] "GET /xingrg/all/function/internal_message.html?_=1619746675434&CODE_STATE=getMsg HTTP/1.1" 200 27
116.233.76.107 - - [30/Apr/2021:09:38:01 +0800] "GET /xingrg/kc/buy/cgsh_order_operate.html?command=get_materiel&rest_code=00109&code=00101001115&supplier_code=&order_time=2021-04-30 HTTP/1.1" 200 415
183.192.164.97 - - [30/Apr/2021:09:38:02 +0800] "GET /xingrg/login.html HTTP/1.1" 200 7641
116.230.110.80 - - [30/Apr/2021:09:38:04 +0800] "GET /xingrg/all/function/internal_message.html?_=1619746677308&CODE_STATE=getMsg HTTP/1.1" 200 27
116.233.76.107 - - [30/Apr/2021:09:38:06 +0800] "GET /xingrg/all/function/internal_message.html?_=1619746681210&CODE_STATE=getMsg HTTP/1.1" 200 27
116.233.76.107 - - [30/Apr/2021:09:38:06 +0800] "GET /xingrg/check_reg.html?_=1619746681211 HTTP/1.1" 200 22
117.185.32.26 - - [30/Apr/2021:09:38:07 +0800] "GET /xingrg/all/function/internal_message.html?_=1619746679455&CODE_STATE=getMsg HTTP/1.1" 200 27
116.224.253.72 - - [30/Apr/2021:09:38:09 +0800] "GET /xingrg/check_reg.html?_=1619746685919 HTTP/1.1" 200 22
116.224.253.72 - - [30/Apr/2021:09:38:09 +0800] "GET /xingrg/all/function/internal_message.html?_=1619746686168&CODE_STATE=getMsg HTTP/1.1" 200 27
114.83.217.136 - - [30/Apr/2021:09:38:12 +0800] "GET /xingrg/kc/base/wldb_order_operate.html?command=get_materiel&rest_code=00154&base_code=0010724&code=00101019379 HTTP/1.1" 200 470
120.253.135.82 - - [30/Apr/2021:09:38:14 +0800] "GET /xingrg/check_reg.html?_=1619746470205 HTTP/1.1" 200 22
116.230.114.112 - - [30/Apr/2021:09:38:17 +0800] "GET /xingrg/all/function/internal_message.html?_=1619746711020&CODE_STATE=getMsg HTTP/1.1" 200 27
117.184.7.26 - - [30/Apr/2021:09:38:18 +0800] "POST /xingrg/kc/base/wldb_list_operate.html HTTP/1.1" 200 2154
114.88.160.164 - - [30/Apr/2021:09:38:19 +0800] "GET /xingrg/kc/buy/cgsh_order_operate.html?command=get_materiel&rest_code=00111&code=00101008245&supplier_code=00100005&order_time=2021-04-30 HTTP/1.1" 200 409
117.184.7.26 - - [30/Apr/2021:09:38:19 +0800] "GET /xingrg/kc/base/wldb_order_add.html HTTP/1.1" 200 30504
117.184.7.26 - - [30/Apr/2021:09:38:20 +0800] "POST /xingrg/kc/base/wldb_order_operate.html HTTP/1.1" 200 6806
117.184.7.26 - - [30/Apr/2021:09:38:20 +0800] "GET /xingrg/javascript/easyui/themes/default/validatebox.css HTTP/1.1" 404 1104
61.165.42.208 - - [30/Apr/2021:09:38:21 +0800] "GET /xingrg/all/function/internal_message.html?_=1619746697878&CODE_STATE=getMsg HTTP/1.1" 200 27
114.88.160.164 - - [30/Apr/2021:09:38:22 +0800] "POST /xingrg/kc/buy/cgsh_order_operate.html HTTP/1.1" 200 2065
120.253.135.82 - - [30/Apr/2021:09:38:22 +0800] "GET /xingrg/all/function/internal_message.html?_=1619746477755&CODE_STATE=getMsg HTTP/1.1" 200 27
114.88.160.164 - - [30/Apr/2021:09:38:23 +0800] "GET /xingrg/check_reg.html?_=1619746695275 HTTP/1.1" 200 22
114.88.160.164 - - [30/Apr/2021:09:38:23 +0800] "GET /xingrg/all/function/internal_message.html?_=1619746695329&CODE_STATE=getMsg HTTP/1.1" 200 27
114.86.187.76 - - [30/Apr/2021:09:38:23 +0800] "GET /xingrg/check_reg.html?_=1619746700288 HTTP/1.1" 302 -
114.86.187.76 - - [30/Apr/2021:09:38:23 +0800] "GET /xingrg/login.html HTTP/1.1" 200 7641
117.184.7.26 - - [30/Apr/2021:09:38:23 +0800] "GET /xingrg/javascript/jquery_tools/images/prev.gif HTTP/1.1" 404 1086
117.184.7.26 - - [30/Apr/2021:09:38:23 +0800] "GET /xingrg/javascript/jquery_tools/images/next.gif HTTP/1.1" 404 1086
114.88.160.164 - - [30/Apr/2021:09:38:24 +0800] "GET /xingrg/all/function/internal_message.html?_=1619746669727&CODE_STATE=getMsg HTTP/1.1" 302 -
114.88.160.164 - - [30/Apr/2021:09:38:24 +0800] "GET /xingrg/check_reg.html?_=1619746669730 HTTP/1.1" 302 -
114.86.187.76 - - [30/Apr/2021:09:38:25 +0800] "GET /xingrg/all/function/internal_message.html?_=1619746701831&CODE_STATE=getMsg HTTP/1.1" 302 -
114.86.187.76 - - [30/Apr/2021:09:38:25 +0800] "GET /xingrg/login.html HTTP/1.1" 200 7641
114.83.217.136 - - [30/Apr/2021:09:38:26 +0800] "GET /xingrg/all/function/internal_message.html?_=1619746704480&CODE_STATE=getMsg HTTP/1.1" 200 27
114.88.160.164 - - [30/Apr/2021:09:38:28 +0800] "GET /xingrg/kc/buy/cgsh_order_operate.html?command=get_materiel&rest_code=00111&code=00101008085&supplier_code=00100005&order_time=2021-04-30 HTTP/1.1" 200 413
58.37.228.113 - - [30/Apr/2021:09:38:30 +0800] "GET /xingrg/all/function/internal_message.html?_=1619746688619&CODE_STATE=getMsg HTTP/1.1" 200 27
180.161.124.236 - - [30/Apr/2021:09:38:31 +0800] "GET /xingrg/kc/report/report_main.html HTTP/1.1" 200 7345
180.161.124.236 - - [30/Apr/2021:09:38:31 +0800] "GET /xingrg/javascript/jquery_ui/themes/humanity/humanity.css HTTP/1.1" 304 -
117.184.7.26 - - [30/Apr/2021:09:38:31 +0800] "GET /xingrg/kc/base/wldb_order_operate.html?command=get_materiel&rest_code=00108&base_code=0010538&code=00101016037 HTTP/1.1" 200 452
117.184.7.26 - - [30/Apr/2021:09:38:34 +0800] "POST /xingrg/all/common/load_select.html HTTP/1.1" 200 25
124.77.71.179 - - [30/Apr/2021:09:38:35 +0800] "GET /xingrg/all/function/internal_message.html?_=1619746702417&CODE_STATE=getMsg HTTP/1.1" 200 27
117.184.7.26 - - [30/Apr/2021:09:38:36 +0800] "GET /xingrg/kc/base/wldb_order_operate.html?command=get_materiel_price&rest_code=00108&base_code=0010538&code=00101016037&unit_code=00100098 HTTP/1.1" 200 37
58.40.7.146 - - [30/Apr/2021:09:38:36 +0800] "GET /xingrg/all/function/internal_message.html?_=1619746710923&CODE_STATE=getMsg HTTP/1.1" 200 27
114.83.217.136 - - [30/Apr/2021:09:38:36 +0800] "GET /xingrg/kc/base/wldb_order_operate.html?command=get_materiel&rest_code=00154&base_code=0010724&code=00101019819 HTTP/1.1" 200 442
180.161.124.236 - - [30/Apr/2021:09:38:38 +0800] "GET /xingrg/check_reg.html?_=1619746996596 HTTP/1.1" 200 22
117.184.7.26 - - [30/Apr/2021:09:38:38 +0800] "GET /xingrg/all/function/internal_message.html?_=1619746705952&CODE_STATE=getMsg HTTP/1.1" 200 27
101.83.241.14 - - [30/Apr/2021:09:38:39 +0800] "POST /xingrg/kc/buy/cgsh_list_operate.html HTTP/1.1" 200 5542
180.161.124.236 - - [30/Apr/2021:09:38:39 +0800] "GET /xingrg/all/function/internal_message.html?_=1619746998381&CODE_STATE=getMsg HTTP/1.1" 200 27
114.88.160.164 - - [30/Apr/2021:09:38:40 +0800] "GET /xingrg/kc/buy/cgsh_order_operate.html?command=get_materiel&rest_code=00111&code=00101008101&supplier_code=00100005&order_time=2021-04-30 HTTP/1.1" 200 412
117.184.7.26 - - [30/Apr/2021:09:38:42 +0800] "POST /xingrg/kc/base/wldb_order_operate.html HTTP/1.1" 200 37
117.184.7.26 - - [30/Apr/2021:09:38:43 +0800] "POST /xingrg/kc/base/wldb_order_operate.html HTTP/1.1" 200 2198
117.184.7.26 - - [30/Apr/2021:09:38:43 +0800] "GET /xingrg/kc/base/wldb_order_info.html?code=422021043003235 HTTP/1.1" 200 30521
101.83.241.14 - - [30/Apr/2021:09:38:43 +0800] "GET /xingrg/all/function/internal_message.html?_=1619746719238&CODE_STATE=getMsg HTTP/1.1" 200 27
101.83.241.14 - - [30/Apr/2021:09:38:43 +0800] "GET /xingrg/check_reg.html?_=1619746719397 HTTP/1.1" 200 22
117.184.7.26 - - [30/Apr/2021:09:38:43 +0800] "POST /xingrg/kc/base/wldb_order_operate.html HTTP/1.1" 200 2198
117.184.7.26 - - [30/Apr/2021:09:38:43 +0800] "GET /xingrg/javascript/easyui/themes/default/validatebox.css HTTP/1.1" 404 1104
116.224.253.72 - - [30/Apr/2021:09:38:43 +0800] "GET /xingrg/all/function/internal_message.html?_=1619746719475&CODE_STATE=getMsg HTTP/1.1" 200 27
117.184.7.26 - - [30/Apr/2021:09:38:44 +0800] "GET /xingrg/kc/base/wldb_order_add.html HTTP/1.1" 200 30504
117.184.7.26 - - [30/Apr/2021:09:38:44 +0800] "POST /xingrg/kc/base/wldb_order_operate.html HTTP/1.1" 200 6806
117.184.7.26 - - [30/Apr/2021:09:38:44 +0800] "GET /xingrg/javascript/easyui/themes/default/validatebox.css HTTP/1.1" 404 1104
124.77.71.179 - - [30/Apr/2021:09:38:46 +0800] "POST /xingrg/kc/buy/cgsh_order_operate.html HTTP/1.1" 200 2065
180.169.147.146 - - [30/Apr/2021:09:38:50 +0800] "GET /xingrg/all/function/internal_message.html?_=1619746720325&CODE_STATE=getMsg HTTP/1.1" 200 27
180.169.147.146 - - [30/Apr/2021:09:38:50 +0800] "GET /xingrg/check_reg.html?_=1619746720425 HTTP/1.1" 200 22
120.253.135.82 - - [30/Apr/2021:09:38:52 +0800] "GET /xingrg/kc/pszx/mdqp_order_list.html?state=10 HTTP/1.1" 200 11010
120.253.135.82 - - [30/Apr/2021:09:38:53 +0800] "GET /xingrg/dwr/engine.js HTTP/1.1" 200 43631
120.253.135.82 - - [30/Apr/2021:09:38:53 +0800] "GET /xingrg/dwr/interface/AjaxReportQueryService.js HTTP/1.1" 200 13203
58.40.7.146 - - [30/Apr/2021:09:38:53 +0800] "GET /xingrg/all/function/internal_message.html?_=1619746727931&CODE_STATE=getMsg HTTP/1.1" 200 27
120.253.135.82 - - [30/Apr/2021:09:38:53 +0800] "GET /xingrg/dwr/interface/AjaxQqpsService.js HTTP/1.1" 200 16326
117.184.7.26 - - [30/Apr/2021:09:38:53 +0800] "GET /xingrg/kc/base/wldb_order_operate.html?command=get_materiel&rest_code=00108&base_code=0010538&code=00101029017 HTTP/1.1" 200 468
117.184.7.26 - - [30/Apr/2021:09:38:55 +0800] "POST /xingrg/kc/base/wldb_order_operate.html HTTP/1.1" 200 37
117.184.7.26 - - [30/Apr/2021:09:38:56 +0800] "POST /xingrg/kc/base/wldb_order_operate.html HTTP/1.1" 200 2213
120.253.135.82 - - [30/Apr/2021:09:38:56 +0800] "GET /xingrg/kc/pszx/mdqp_order_info.html?code=302021043000560 HTTP/1.1" 200 13338
117.184.7.26 - - [30/Apr/2021:09:38:56 +0800] "GET /xingrg/kc/base/wldb_order_info.html?code=422021043003236 HTTP/1.1" 200 30519
120.253.135.82 - - [30/Apr/2021:09:38:56 +0800] "GET /xingrg/dwr/interface/AjaxComOrderService.js HTTP/1.1" 200 18264
120.253.135.82 - - [30/Apr/2021:09:38:56 +0800] "GET /xingrg/dwr/engine.js HTTP/1.1" 200 43631
120.253.135.82 - - [30/Apr/2021:09:38:56 +0800] "GET /xingrg/dwr/interface/AjaxQqpsService.js HTTP/1.1" 200 16326
117.184.7.26 - - [30/Apr/2021:09:38:56 +0800] "GET /xingrg/javascript/easyui/themes/default/validatebox.css HTTP/1.1" 404 1104
117.184.7.26 - - [30/Apr/2021:09:38:56 +0800] "POST /xingrg/kc/base/wldb_order_operate.html HTTP/1.1" 200 2213
120.253.135.82 - - [30/Apr/2021:09:38:57 +0800] "POST /xingrg/dwr/call/plaincall/AjaxQqpsService.loadMaterielItems.dwr HTTP/1.1" 200 340
117.184.7.26 - - [30/Apr/2021:09:38:57 +0800] "GET /xingrg/kc/base/wldb_order_add.html HTTP/1.1" 200 30504
117.184.7.26 - - [30/Apr/2021:09:38:58 +0800] "POST /xingrg/kc/base/wldb_order_operate.html HTTP/1.1" 200 6806
117.184.7.26 - - [30/Apr/2021:09:38:58 +0800] "GET /xingrg/javascript/easyui/themes/default/validatebox.css HTTP/1.1" 404 1104
180.161.124.236 - - [30/Apr/2021:09:38:59 +0800] "GET /xingrg/check_reg.html?_=1619746734064 HTTP/1.1" 200 22
172.20.0.100 - - [30/Apr/2021:09:39:00 +0800] "GET /xingrg/all/function/internal_message.html?_=1619746735016&CODE_STATE=getMsg HTTP/1.1" 200 27
172.20.0.100 - - [30/Apr/2021:09:39:00 +0800] "GET /xingrg/check_reg.html?_=1619746735017 HTTP/1.1" 200 22
180.161.124.236 - - [30/Apr/2021:09:39:01 +0800] "GET /xingrg/all/function/internal_message.html?_=1619746735461&CODE_STATE=getMsg HTTP/1.1" 200 27
116.230.110.80 - - [30/Apr/2021:09:39:04 +0800] "GET /xingrg/all/function/internal_message.html?_=1619746737294&CODE_STATE=getMsg HTTP/1.1" 200 27
116.233.76.107 - - [30/Apr/2021:09:39:06 +0800] "GET /xingrg/all/function/internal_message.html?_=1619746741215&CODE_STATE=getMsg HTTP/1.1" 200 27
117.185.32.26 - - [30/Apr/2021:09:39:07 +0800] "GET /xingrg/all/function/internal_message.html?_=1619746739427&CODE_STATE=getMsg HTTP/1.1" 200 27
116.224.253.72 - - [30/Apr/2021:09:39:09 +0800] "GET /xingrg/all/function/internal_message.html?_=1619746746180&CODE_STATE=getMsg HTTP/1.1" 200 27
124.77.71.179 - - [30/Apr/2021:09:39:15 +0800] "GET /xingrg/kc/buy/cgsh_order_operate.html?command=get_materiel&rest_code=00107&code=00101008359&supplier_code=00100006&order_time=2021-04-30 HTTP/1.1" 200 408
180.161.124.236 - - [30/Apr/2021:09:39:16 +0800] "GET /xingrg/javascript/multi_select/jqueryMultiSelect.css HTTP/1.1" 304 -
180.161.124.236 - - [30/Apr/2021:09:39:16 +0800] "GET /xingrg/javascript/bigrid/fix.css HTTP/1.1" 304 -
180.161.124.236 - - [30/Apr/2021:09:39:16 +0800] "GET /xingrg/javascript/calendar/timePicker.css HTTP/1.1" 304 -
180.161.124.236 - - [30/Apr/2021:09:39:16 +0800] "GET /xingrg/javascript/jqueryMultiSelect.js HTTP/1.1" 304 -
180.161.124.236 - - [30/Apr/2021:09:39:16 +0800] "GET /xingrg/javascript/bigrid/fix.js HTTP/1.1" 304 -
180.161.124.236 - - [30/Apr/2021:09:39:16 +0800] "GET /xingrg/javascript/calendar/jquery.timePicker.min.js HTTP/1.1" 304 -
180.161.124.236 - - [30/Apr/2021:09:39:17 +0800] "GET /xingrg/dwr/interface/AjaxReportQueryService.js HTTP/1.1" 200 13203
180.161.124.236 - - [30/Apr/2021:09:39:17 +0800] "GET /xingrg/all/report/report_query.html?fileName=kc/buy/wlcg_mx.xml HTTP/1.1" 200 51648
116.230.114.112 - - [30/Apr/2021:09:39:17 +0800] "GET /xingrg/all/function/internal_message.html?_=1619746771033&CODE_STATE=getMsg HTTP/1.1" 200 27
180.161.124.236 - - [30/Apr/2021:09:39:18 +0800] "GET /xingrg/dwr/engine.js HTTP/1.1" 200 43631
180.161.124.236 - - [30/Apr/2021:09:39:18 +0800] "GET /xingrg/images/control/loading.gif HTTP/1.1" 304 -
180.161.124.236 - - [30/Apr/2021:09:39:18 +0800] "GET /xingrg/images/blue/button/advance2over.gif HTTP/1.1" 304 -
180.161.124.236 - - [30/Apr/2021:09:39:18 +0800] "GET /xingrg/images/blue/button/back2over.gif HTTP/1.1" 304 -
180.161.124.236 - - [30/Apr/2021:09:39:18 +0800] "GET /xingrg/images/blue/button/advanceover.gif HTTP/1.1" 304 -
180.161.124.236 - - [30/Apr/2021:09:39:18 +0800] "GET /xingrg/images/blue/button/backover.gif HTTP/1.1" 304 -
180.161.124.236 - - [30/Apr/2021:09:39:18 +0800] "GET /xingrg/javascript/jquery_easy_ui/themes/icons/help.png HTTP/1.1" 304 -
180.161.124.236 - - [30/Apr/2021:09:39:18 +0800] "GET /xingrg/javascript/jquery_easy_ui/themes/default/images/menu.gif HTTP/1.1" 304 -
180.161.124.236 - - [30/Apr/2021:09:39:18 +0800] "GET /xingrg/javascript/jquery_easy_ui/themes/icons/pencil.png HTTP/1.1" 304 -
180.161.124.236 - - [30/Apr/2021:09:39:18 +0800] "GET /xingrg/javascript/jquery_easy_ui/themes/default/images/menu_rightarrow.png HTTP/1.1" 304 -
180.161.124.236 - - [30/Apr/2021:09:39:18 +0800] "POST /xingrg/dwr/call/plaincall/AjaxReportQueryService.getFixDate.dwr HTTP/1.1" 200 111
180.161.124.236 - - [30/Apr/2021:09:39:19 +0800] "POST /xingrg/dwr/call/plaincall/AjaxReportQueryService.getInitString.dwr HTTP/1.1" 200 125
180.161.124.236 - - [30/Apr/2021:09:39:19 +0800] "GET /xingrg/javascript/multi_select/dropdown.gif HTTP/1.1" 304 -
180.161.124.236 - - [30/Apr/2021:09:39:19 +0800] "POST /xingrg/dwr/call/plaincall/AjaxReportQueryService.getInitString.dwr HTTP/1.1" 200 960
180.161.124.236 - - [30/Apr/2021:09:39:20 +0800] "POST /xingrg/dwr/call/plaincall/AjaxReportQueryService.getInitString.dwr HTTP/1.1" 200 25005
61.165.42.208 - - [30/Apr/2021:09:39:21 +0800] "GET /xingrg/all/function/internal_message.html?_=1619746757848&CODE_STATE=getMsg HTTP/1.1" 200 27
114.88.160.164 - - [30/Apr/2021:09:39:23 +0800] "GET /xingrg/all/function/internal_message.html?_=1619746755342&CODE_STATE=getMsg HTTP/1.1" 200 27
61.165.42.208 - - [30/Apr/2021:09:39:23 +0800] "GET /xingrg/kc/buy/cgsh_order_operate.html?command=get_materiel&rest_code=00105&code=00101008122&supplier_code=00100397&order_time=2021-04-30 HTTP/1.1" 200 413
114.88.160.164 - - [30/Apr/2021:09:39:24 +0800] "GET /xingrg/all/function/internal_message.html?_=1619746729737&CODE_STATE=getMsg HTTP/1.1" 302 -
114.86.187.76 - - [30/Apr/2021:09:39:25 +0800] "GET /xingrg/all/function/internal_message.html?_=1619746761928&CODE_STATE=getMsg HTTP/1.1" 302 -
114.86.187.76 - - [30/Apr/2021:09:39:25 +0800] "GET /xingrg/login.html HTTP/1.1" 200 7641
114.83.217.136 - - [30/Apr/2021:09:39:26 +0800] "GET /xingrg/all/function/internal_message.html?_=1619746764476&CODE_STATE=getMsg HTTP/1.1" 200 27
101.83.241.14 - - [30/Apr/2021:09:39:26 +0800] "POST /xingrg/kc/buy/cgsh_list_operate.html HTTP/1.1" 200 5027
117.184.7.26 - - [30/Apr/2021:09:39:28 +0800] "GET /xingrg/kc/base/wldb_order_operate.html?command=get_materiel&rest_code=00108&base_code=0010538&code=00101013010 HTTP/1.1" 200 438
58.37.228.113 - - [30/Apr/2021:09:39:30 +0800] "GET /xingrg/all/function/internal_message.html?_=1619746748588&CODE_STATE=getMsg HTTP/1.1" 200 27
61.165.42.208 - - [30/Apr/2021:09:39:34 +0800] "GET /xingrg/kc/buy/cgsh_order_list.html HTTP/1.1" 200 46510
124.77.71.179 - - [30/Apr/2021:09:39:34 +0800] "POST /xingrg/kc/buy/cgsh_order_operate.html HTTP/1.1" 200 37
58.40.7.146 - - [30/Apr/2021:09:39:36 +0800] "GET /xingrg/all/function/internal_message.html?_=1619746770925&CODE_STATE=getMsg HTTP/1.1" 200 27
58.40.7.146 - - [30/Apr/2021:09:39:36 +0800] "GET /xingrg/check_reg.html?_=1619746770928 HTTP/1.1" 200 22
117.184.7.26 - - [30/Apr/2021:09:39:38 +0800] "GET /xingrg/all/function/internal_message.html?_=1619746765930&CODE_STATE=getMsg HTTP/1.1" 200 27
61.165.42.208 - - [30/Apr/2021:09:39:39 +0800] "POST /xingrg/kc/buy/cgsh_list_operate.html HTTP/1.1" 200 3493
180.161.124.236 - - [30/Apr/2021:09:39:39 +0800] "GET /xingrg/all/function/internal_message.html?_=1619747058400&CODE_STATE=getMsg HTTP/1.1" 200 27
114.88.160.164 - - [30/Apr/2021:09:39:40 +0800] "GET /xingrg/kc/buy/cgsh_order_operate.html?command=get_materiel&rest_code=00111&code=00101008323&supplier_code=00100005&order_time=2021-04-30 HTTP/1.1" 200 408
120.204.17.70 - - [30/Apr/2021:09:39:41 +0800] "GET /xingrg/kc/buy/cgsh_order_operate.html?command=get_materiel&rest_code=00106&code=00101005037&supplier_code=00100032&order_time=2021-04-30 HTTP/1.1" 302 -
101.83.241.14 - - [30/Apr/2021:09:39:43 +0800] "GET /xingrg/all/function/internal_message.html?_=1619746779231&CODE_STATE=getMsg HTTP/1.1" 200 27
116.224.253.72 - - [30/Apr/2021:09:39:43 +0800] "GET /xingrg/check_reg.html?_=1619746779448 HTTP/1.1" 200 22
116.224.253.72 - - [30/Apr/2021:09:39:43 +0800] "GET /xingrg/all/function/internal_message.html?_=1619746779450&CODE_STATE=getMsg HTTP/1.1" 200 27
61.165.42.208 - - [30/Apr/2021:09:39:45 +0800] "POST /xingrg/kc/buy/cgsh_list_operate.html HTTP/1.1" 200 576
61.165.42.208 - - [30/Apr/2021:09:39:45 +0800] "GET /xingrg/kc/buy/cgsh_order_info.html?code=212021043012801 HTTP/1.1" 200 62298
