180.161.124.236 - - [30/Apr/2021:08:55:07 +0800] "GET /xingrg/images/control/ajaxLoader.gif HTTP/1.1" 304 -
116.233.76.107 - - [30/Apr/2021:08:55:07 +0800] "GET /xingrg/kc/buy/cgsh_order_operate.html?command=get_materiel&rest_code=00109&code=00101008155&supplier_code=00100005&order_time=2021-04-30 HTTP/1.1" 200 408
180.161.124.236 - - [30/Apr/2021:08:55:08 +0800] "POST /xingrg/kc/buy/cgsh_list_operate.html HTTP/1.1" 200 876
180.161.124.236 - - [30/Apr/2021:08:55:08 +0800] "GET /xingrg/javascript/easyui/themes/default/images/button_plain_hover.png HTTP/1.1" 304 -
180.161.124.236 - - [30/Apr/2021:08:55:08 +0800] "GET /xingrg/javascript/easyui/themes/default/images/button_plain_hover.png HTTP/1.1" 304 -
180.161.124.236 - - [30/Apr/2021:08:55:10 +0800] "GET /xingrg/javascript/jquery_tools/order_manager.js HTTP/1.1" 304 -
180.161.124.236 - - [30/Apr/2021:08:55:10 +0800] "GET /xingrg/javascript/convert.js HTTP/1.1" 304 -
180.161.124.236 - - [30/Apr/2021:08:55:10 +0800] "GET /xingrg/javascript/json2.js HTTP/1.1" 304 -
180.161.124.236 - - [30/Apr/2021:08:55:10 +0800] "GET /xingrg/kc/buy/cgsh_order_add.html HTTP/1.1" 200 62207
180.161.124.236 - - [30/Apr/2021:08:55:10 +0800] "GET /xingrg/javascript/easyui/themes/icons/template_new.png HTTP/1.1" 304 -
180.161.124.236 - - [30/Apr/2021:08:55:10 +0800] "GET /xingrg/javascript/easyui/themes/icons/ok.png HTTP/1.1" 304 -
180.161.124.236 - - [30/Apr/2021:08:55:10 +0800] "GET /xingrg/javascript/easyui/themes/icons/copy_new.png HTTP/1.1" 304 -
180.161.124.236 - - [30/Apr/2021:08:55:10 +0800] "GET /xingrg/javascript/easyui/themes/icons/print.png HTTP/1.1" 304 -
180.161.124.236 - - [30/Apr/2021:08:55:10 +0800] "GET /xingrg/javascript/easyui/themes/default/images/menu_downarrow.png HTTP/1.1" 304 -
180.161.124.236 - - [30/Apr/2021:08:55:10 +0800] "GET /xingrg/javascript/easyui/themes/icons/cancel.png HTTP/1.1" 304 -
180.161.124.236 - - [30/Apr/2021:08:55:10 +0800] "POST /xingrg/kc/buy/cgsh_order_operate.html HTTP/1.1" 200 8245
180.161.124.236 - - [30/Apr/2021:08:55:10 +0800] "GET /xingrg/javascript/easyui/themes/icons/edit_remove.png HTTP/1.1" 304 -
180.161.124.236 - - [30/Apr/2021:08:55:10 +0800] "GET /xingrg/all/common/auto_word.html?type=employee&rest_code=00102 HTTP/1.1" 200 189
180.161.124.236 - - [30/Apr/2021:08:55:10 +0800] "GET /xingrg/all/common/auto_word.html?type=employee&rest_code=00102 HTTP/1.1" 200 189
180.161.124.236 - - [30/Apr/2021:08:55:11 +0800] "GET /xingrg/javascript/easyui/themes/default/validatebox.css HTTP/1.1" 404 1104
180.161.124.236 - - [30/Apr/2021:08:55:11 +0800] "GET /xingrg/javascript/easyui/plugins/jquery.validatebox.js HTTP/1.1" 304 -
180.161.124.236 - - [30/Apr/2021:08:55:11 +0800] "GET /xingrg/javascript/easyui/plugins/jquery.numberbox.js HTTP/1.1" 304 -
114.88.160.164 - - [30/Apr/2021:08:55:15 +0800] "GET /xingrg/all/function/internal_message.html?_=1619744107459&CODE_STATE=getMsg HTTP/1.1" 200 27
116.233.76.107 - - [30/Apr/2021:08:55:15 +0800] "GET /xingrg/kc/buy/cgsh_order_operate.html?command=get_materiel&rest_code=00109&code=00101008350&supplier_code=00100005&order_time=2021-04-30 HTTP/1.1" 200 408
116.230.114.112 - - [30/Apr/2021:08:55:16 +0800] "GET /xingrg/all/function/internal_message.html?_=1619744130129&CODE_STATE=getMsg HTTP/1.1" 200 27
180.161.124.236 - - [30/Apr/2021:08:55:16 +0800] "GET /xingrg/javascript/auto/indicator.gif HTTP/1.1" 404 1066
120.253.135.82 - - [30/Apr/2021:08:55:18 +0800] "GET /xingrg/all/function/internal_message.html?_=1619743894107&CODE_STATE=getMsg HTTP/1.1" 200 27
117.184.7.30 - - [30/Apr/2021:08:55:20 +0800] "GET /xingrg/all/function/internal_message.html?_=1619744107424&CODE_STATE=getMsg HTTP/1.1" 200 27
116.224.253.72 - - [30/Apr/2021:08:55:22 +0800] "GET /xingrg/all/function/internal_message.html?_=1619744118984&CODE_STATE=getMsg HTTP/1.1" 200 27
116.233.76.107 - - [30/Apr/2021:08:55:22 +0800] "GET /xingrg/kc/buy/cgsh_order_operate.html?command=get_materiel&rest_code=00109&code=00101008112&supplier_code=00100005&order_time=2021-04-30 HTTP/1.1" 200 412
61.165.42.208 - - [30/Apr/2021:08:55:22 +0800] "GET /xingrg/all/function/internal_message.html?_=1619744118942&CODE_STATE=getMsg HTTP/1.1" 200 27
101.83.241.14 - - [30/Apr/2021:08:55:23 +0800] "GET /xingrg/kc/buy/cgsh_order_operate.html?command=get_materiel&rest_code=00149&code=00101019155&supplier_code=00100005&order_time=2021-04-30 HTTP/1.1" 200 476
61.165.42.208 - - [30/Apr/2021:08:55:23 +0800] "POST /xingrg/services/DataTransmitService HTTP/1.1" 200 524
114.86.187.76 - - [30/Apr/2021:08:55:23 +0800] "GET /xingrg/all/function/internal_message.html?_=1619744120109&CODE_STATE=getMsg HTTP/1.1" 200 27
114.88.160.164 - - [30/Apr/2021:08:55:24 +0800] "GET /xingrg/kc/buy/cgsh_order_operate.html?command=get_materiel&rest_code=00111&code=00101002006&supplier_code=00100199&order_time=2021-04-30 HTTP/1.1" 200 434
114.88.160.164 - - [30/Apr/2021:08:55:24 +0800] "GET /xingrg/all/function/internal_message.html?_=1619744089685&CODE_STATE=getMsg HTTP/1.1" 302 -
124.77.71.179 - - [30/Apr/2021:08:55:24 +0800] "GET /xingrg/kc/base/wldb_order_add.html HTTP/1.1" 200 30510
116.233.76.107 - - [30/Apr/2021:08:55:24 +0800] "POST /xingrg/kc/buy/cgsh_order_operate.html HTTP/1.1" 200 2065
180.161.124.236 - - [30/Apr/2021:08:55:25 +0800] "GET /xingrg/kc/buy/cgsh_order_operate.html?command=get_materiel&rest_code=00102&code=00101006112&supplier_code=00100096&order_time=2021-04-30 HTTP/1.1" 200 411
124.77.71.179 - - [30/Apr/2021:08:55:25 +0800] "GET /xingrg/javascript/easyui/themes/default/validatebox.css HTTP/1.1" 404 1104
124.77.71.179 - - [30/Apr/2021:08:55:25 +0800] "POST /xingrg/kc/base/wldb_order_operate.html HTTP/1.1" 200 6806
124.77.71.179 - - [30/Apr/2021:08:55:26 +0800] "POST /xingrg/all/common/load_combo.html?type=base HTTP/1.1" 200 3324
61.165.42.208 - - [30/Apr/2021:08:55:26 +0800] "GET /xingrg/kc/buy/cgsh_order_operate.html?command=get_materiel&rest_code=00105&code=00101016071&supplier_code=00100034&order_time=2021-04-30 HTTP/1.1" 200 416
101.83.241.14 - - [30/Apr/2021:08:55:27 +0800] "GET /xingrg/all/function/internal_message.html?_=1619744122921&CODE_STATE=getMsg HTTP/1.1" 200 27
124.77.71.179 - - [30/Apr/2021:08:55:28 +0800] "POST /xingrg/all/common/load_combo.html?type=base HTTP/1.1" 200 3324
116.233.76.107 - - [30/Apr/2021:08:55:29 +0800] "GET /xingrg/kc/buy/cgsh_order_operate.html?command=get_materiel&rest_code=00109&code=00101008110&supplier_code=00100005&order_time=2021-04-30 HTTP/1.1" 200 408
58.37.228.113 - - [30/Apr/2021:08:55:31 +0800] "GET /xingrg/all/function/internal_message.html?_=1619744109590&CODE_STATE=getMsg HTTP/1.1" 200 27
124.77.71.179 - - [30/Apr/2021:08:55:34 +0800] "GET /xingrg/all/function/internal_message.html?_=1619744121988&CODE_STATE=getMsg HTTP/1.1" 200 27
61.165.42.208 - - [30/Apr/2021:08:55:35 +0800] "GET /xingrg/kc/buy/cgsh_order_operate.html?command=get_materiel&rest_code=00105&code=00101016030&supplier_code=00100034&order_time=2021-04-30 HTTP/1.1" 200 412
58.40.7.146 - - [30/Apr/2021:08:55:36 +0800] "GET /xingrg/all/function/internal_message.html?_=1619744130897&CODE_STATE=getMsg HTTP/1.1" 200 27
124.77.71.179 - - [30/Apr/2021:08:55:36 +0800] "GET /xingrg/kc/base/wldb_order_operate.html?command=get_materiel&rest_code=00107&base_code=0010158&code=00101002048 HTTP/1.1" 200 420
101.83.241.14 - - [30/Apr/2021:08:55:36 +0800] "GET /xingrg/kc/buy/cgsh_order_operate.html?command=get_materiel&rest_code=00149&code=00101015061&supplier_code=00100005&order_time=2021-04-30 HTTP/1.1" 200 412
180.161.124.236 - - [30/Apr/2021:08:55:37 +0800] "GET /xingrg/all/function/internal_message.html?_=1619744416174&CODE_STATE=getMsg HTTP/1.1" 200 27
116.233.76.107 - - [30/Apr/2021:08:55:38 +0800] "GET /xingrg/kc/buy/cgsh_order_operate.html?command=get_materiel&rest_code=00109&code=00101008338&supplier_code=00100005&order_time=2021-04-30 HTTP/1.1" 200 408
114.88.160.164 - - [30/Apr/2021:08:55:41 +0800] "POST /xingrg/kc/buy/cgsh_order_operate.html HTTP/1.1" 200 37
180.161.124.236 - - [30/Apr/2021:08:55:42 +0800] "GET /xingrg/kc/buy/cgsh_order_operate.html?command=get_materiel&rest_code=00102&code=00101006115&supplier_code=00100096&order_time=2021-04-30 HTTP/1.1" 200 409
101.83.241.14 - - [30/Apr/2021:08:55:42 +0800] "POST /xingrg/kc/buy/cgsh_order_operate.html HTTP/1.1" 200 2065
124.77.71.179 - - [30/Apr/2021:08:55:43 +0800] "POST /xingrg/kc/base/wldb_order_operate.html HTTP/1.1" 200 37
124.77.71.179 - - [30/Apr/2021:08:55:44 +0800] "POST /xingrg/kc/base/wldb_order_operate.html HTTP/1.1" 200 2184
124.77.71.179 - - [30/Apr/2021:08:55:44 +0800] "GET /xingrg/kc/base/wldb_order_info.html?code=422021043003226 HTTP/1.1" 200 30521
116.233.76.107 - - [30/Apr/2021:08:55:45 +0800] "GET /xingrg/kc/buy/cgsh_order_operate.html?command=get_materiel&rest_code=00109&code=00101008114&supplier_code=00100005&order_time=2021-04-30 HTTP/1.1" 200 412
124.77.71.179 - - [30/Apr/2021:08:55:45 +0800] "GET /xingrg/javascript/easyui/themes/default/validatebox.css HTTP/1.1" 404 1104
124.77.71.179 - - [30/Apr/2021:08:55:46 +0800] "POST /xingrg/kc/base/wldb_order_operate.html HTTP/1.1" 200 2184
114.88.160.164 - - [30/Apr/2021:08:55:46 +0800] "POST /xingrg/kc/buy/cgsh_order_operate.html HTTP/1.1" 200 5041
114.88.160.164 - - [30/Apr/2021:08:55:48 +0800] "GET /xingrg/kc/print/load_config.html?kc_code=cgsh HTTP/1.1" 200 1845
114.88.160.164 - - [30/Apr/2021:08:55:48 +0800] "GET /xingrg/kc/print/load_data.html?order_code=212021043012806&kc_code=cgsh&condition= HTTP/1.1" 200 1587
61.165.42.208 - - [30/Apr/2021:08:55:49 +0800] "GET /xingrg/kc/buy/cgsh_order_operate.html?command=get_materiel&rest_code=00105&code=00101012051&supplier_code=00100034&order_time=2021-04-30 HTTP/1.1" 200 408
180.161.124.236 - - [30/Apr/2021:08:55:51 +0800] "GET /xingrg/kc/buy/cgsh_order_operate.html?command=get_materiel&rest_code=00102&code=00101012029&supplier_code=00100096&order_time=2021-04-30 HTTP/1.1" 200 414
116.233.76.107 - - [30/Apr/2021:08:55:51 +0800] "GET /xingrg/kc/buy/cgsh_order_operate.html?command=get_materiel&rest_code=00109&code=00101008168&supplier_code=00100005&order_time=2021-04-30 HTTP/1.1" 200 413
114.88.160.164 - - [30/Apr/2021:08:55:52 +0800] "GET /xingrg/kc/buy/cgsh_order_add.html HTTP/1.1" 200 62248
114.88.160.164 - - [30/Apr/2021:08:55:53 +0800] "POST /xingrg/kc/buy/cgsh_order_operate.html HTTP/1.1" 200 8245
114.88.160.164 - - [30/Apr/2021:08:55:53 +0800] "GET /xingrg/javascript/easyui/themes/default/validatebox.css HTTP/1.1" 404 1104
101.83.241.14 - - [30/Apr/2021:08:55:54 +0800] "GET /xingrg/kc/buy/cgsh_order_operate.html?command=get_materiel&rest_code=00149&code=00101015066&supplier_code=00100005&order_time=2021-04-30 HTTP/1.1" 200 413
180.169.147.146 - - [30/Apr/2021:08:55:56 +0800] "GET /xingrg/all/function/internal_message.html?_=1619744151339&CODE_STATE=getMsg HTTP/1.1" 200 27
124.77.71.179 - - [30/Apr/2021:08:55:56 +0800] "GET /xingrg/kc/base/wldb_order_add.html HTTP/1.1" 200 30510
116.233.76.107 - - [30/Apr/2021:08:55:57 +0800] "GET /xingrg/kc/buy/cgsh_order_operate.html?command=get_materiel&rest_code=00109&code=00101008236&supplier_code=00100005&order_time=2021-04-30 HTTP/1.1" 200 416
124.77.71.179 - - [30/Apr/2021:08:55:57 +0800] "GET /xingrg/javascript/easyui/themes/default/validatebox.css HTTP/1.1" 404 1104
124.77.71.179 - - [30/Apr/2021:08:55:57 +0800] "POST /xingrg/kc/base/wldb_order_operate.html HTTP/1.1" 200 6806
124.77.71.179 - - [30/Apr/2021:08:55:58 +0800] "POST /xingrg/all/common/load_combo.html?type=base HTTP/1.1" 200 3324
116.233.76.107 - - [30/Apr/2021:08:55:59 +0800] "POST /xingrg/kc/buy/cgsh_order_operate.html HTTP/1.1" 200 2065
116.224.253.72 - - [30/Apr/2021:08:55:59 +0800] "POST /xingrg/kc/buy/cgsh_order_operate.html HTTP/1.1" 200 37
172.20.0.100 - - [30/Apr/2021:08:56:00 +0800] "GET /xingrg/all/function/internal_message.html?_=1619744155014&CODE_STATE=getMsg HTTP/1.1" 200 27
124.77.71.179 - - [30/Apr/2021:08:56:01 +0800] "POST /xingrg/all/common/load_combo.html?type=base HTTP/1.1" 200 3324
116.224.253.72 - - [30/Apr/2021:08:56:01 +0800] "POST /xingrg/kc/buy/cgsh_order_operate.html HTTP/1.1" 200 22359
116.224.253.72 - - [30/Apr/2021:08:56:02 +0800] "GET /xingrg/kc/buy/cgsh_order_add.html HTTP/1.1" 200 61902
116.224.253.72 - - [30/Apr/2021:08:56:02 +0800] "POST /xingrg/kc/buy/cgsh_order_operate.html HTTP/1.1" 200 8245
116.224.253.72 - - [30/Apr/2021:08:56:02 +0800] "GET /xingrg/javascript/easyui/themes/default/validatebox.css HTTP/1.1" 404 1104
180.161.124.236 - - [30/Apr/2021:08:56:02 +0800] "GET /xingrg/kc/buy/cgsh_order_operate.html?command=get_materiel&rest_code=00102&code=00101007076&supplier_code=00100096&order_time=2021-04-30 HTTP/1.1" 200 408
116.224.253.72 - - [30/Apr/2021:08:56:03 +0800] "GET /xingrg/all/function/internal_message.html?_=1619744159557&CODE_STATE=getMsg HTTP/1.1" 200 27
116.230.110.80 - - [30/Apr/2021:08:56:05 +0800] "GET /xingrg/all/function/internal_message.html?_=1619744158278&CODE_STATE=getMsg HTTP/1.1" 200 27
116.233.76.107 - - [30/Apr/2021:08:56:06 +0800] "GET /xingrg/all/function/internal_message.html?_=1619744161102&CODE_STATE=getMsg HTTP/1.1" 200 27
114.88.160.164 - - [30/Apr/2021:08:56:07 +0800] "GET /xingrg/kc/buy/cgsh_order_operate.html?command=get_materiel&rest_code=00111&code=00101008092&supplier_code=00100037&order_time=2021-04-30 HTTP/1.1" 200 412
116.233.76.107 - - [30/Apr/2021:08:56:07 +0800] "GET /xingrg/kc/buy/cgsh_order_operate.html?command=get_materiel&rest_code=00109&code=00101008209&supplier_code=00100005&order_time=2021-04-30 HTTP/1.1" 200 408
61.165.42.208 - - [30/Apr/2021:08:56:09 +0800] "POST /xingrg/kc/buy/cgsh_order_operate.html HTTP/1.1" 200 37
61.165.42.208 - - [30/Apr/2021:08:56:11 +0800] "POST /xingrg/kc/buy/cgsh_order_operate.html HTTP/1.1" 200 5024
116.224.253.72 - - [30/Apr/2021:08:56:12 +0800] "GET /xingrg/kc/buy/cgsh_order_operate.html?command=get_materiel&rest_code=00151&code=00101009085&supplier_code=00100424&order_time=2021-04-30 HTTP/1.1" 200 395
61.165.42.208 - - [30/Apr/2021:08:56:12 +0800] "GET /xingrg/kc/print/load_data.html?order_code=212021043012807&kc_code=cgsh&condition= HTTP/1.1" 200 1613
114.88.160.164 - - [30/Apr/2021:08:56:15 +0800] "GET /xingrg/all/function/internal_message.html?_=1619744167472&CODE_STATE=getMsg HTTP/1.1" 200 27
61.165.42.208 - - [30/Apr/2021:08:56:16 +0800] "GET /xingrg/kc/buy/cgsh_order_add.html HTTP/1.1" 200 62295
124.77.71.179 - - [30/Apr/2021:08:56:16 +0800] "GET /xingrg/kc/base/wldb_order_operate.html?command=get_materiel&rest_code=00107&base_code=0010151&code=00101019250 HTTP/1.1" 200 455
61.165.42.208 - - [30/Apr/2021:08:56:16 +0800] "GET /xingrg/javascript/easyui/themes/default/validatebox.css HTTP/1.1" 404 1104
61.165.42.208 - - [30/Apr/2021:08:56:16 +0800] "POST /xingrg/kc/buy/cgsh_order_operate.html HTTP/1.1" 200 8245
116.230.114.112 - - [30/Apr/2021:08:56:16 +0800] "GET /xingrg/all/function/internal_message.html?_=1619744190137&CODE_STATE=getMsg HTTP/1.1" 200 27
116.233.76.107 - - [30/Apr/2021:08:56:17 +0800] "GET /xingrg/kc/buy/cgsh_order_operate.html?command=get_materiel&rest_code=00109&code=00101015060&supplier_code=00100005&order_time=2021-04-30 HTTP/1.1" 200 412
120.253.135.82 - - [30/Apr/2021:08:56:18 +0800] "GET /xingrg/all/function/internal_message.html?_=1619743954112&CODE_STATE=getMsg HTTP/1.1" 200 27
117.184.7.30 - - [30/Apr/2021:08:56:20 +0800] "GET /xingrg/all/function/internal_message.html?_=1619744167431&CODE_STATE=getMsg HTTP/1.1" 200 27
180.161.124.236 - - [30/Apr/2021:08:56:20 +0800] "GET /xingrg/kc/buy/cgsh_order_operate.html?command=get_materiel&rest_code=00102&code=00101006177&supplier_code=00100096&order_time=2021-04-30 HTTP/1.1" 200 409
116.224.253.72 - - [30/Apr/2021:08:56:22 +0800] "GET /xingrg/all/function/internal_message.html?_=1619744178998&CODE_STATE=getMsg HTTP/1.1" 200 27
114.88.160.164 - - [30/Apr/2021:08:56:22 +0800] "GET /xingrg/kc/buy/cgsh_order_operate.html?command=get_materiel&rest_code=00111&code=00101008229&supplier_code=00100037&order_time=2021-04-30 HTTP/1.1" 200 420
61.165.42.208 - - [30/Apr/2021:08:56:22 +0800] "GET /xingrg/all/function/internal_message.html?_=1619744178895&CODE_STATE=getMsg HTTP/1.1" 200 27
116.224.253.72 - - [30/Apr/2021:08:56:22 +0800] "GET /xingrg/kc/buy/cgsh_order_operate.html?command=get_materiel&rest_code=00151&code=00101009047&supplier_code=00100424&order_time=2021-04-30 HTTP/1.1" 200 409
116.233.76.107 - - [30/Apr/2021:08:56:22 +0800] "GET /xingrg/kc/buy/cgsh_order_operate.html?command=get_materiel&rest_code=00109&code=00101008223&supplier_code=00100005&order_time=2021-04-30 HTTP/1.1" 200 412
114.86.187.76 - - [30/Apr/2021:08:56:23 +0800] "GET /xingrg/all/function/internal_message.html?_=1619744180220&CODE_STATE=getMsg HTTP/1.1" 200 27
114.88.160.164 - - [30/Apr/2021:08:56:24 +0800] "GET /xingrg/all/function/internal_message.html?_=1619744149713&CODE_STATE=getMsg HTTP/1.1" 302 -
61.165.42.208 - - [30/Apr/2021:08:56:25 +0800] "GET /xingrg/kc/buy/cgsh_order_operate.html?command=get_materiel&rest_code=00105&code=00101002027&supplier_code=00100397&order_time=2021-04-30 HTTP/1.1" 200 413
124.77.71.179 - - [30/Apr/2021:08:56:25 +0800] "GET /xingrg/kc/base/wldb_order_operate.html?command=get_materiel&rest_code=00107&base_code=0010151&code=00101019249 HTTP/1.1" 200 470
101.83.241.14 - - [30/Apr/2021:08:56:27 +0800] "GET /xingrg/all/function/internal_message.html?_=1619744182901&CODE_STATE=getMsg HTTP/1.1" 200 27
116.233.76.107 - - [30/Apr/2021:08:56:30 +0800] "GET /xingrg/kc/buy/cgsh_order_operate.html?command=get_materiel&rest_code=00109&code=00101008286&supplier_code=00100005&order_time=2021-04-30 HTTP/1.1" 200 408
116.224.253.72 - - [30/Apr/2021:08:56:31 +0800] "GET /xingrg/kc/buy/cgsh_order_operate.html?command=get_materiel&rest_code=00151&code=00101009066&supplier_code=00100424&order_time=2021-04-30 HTTP/1.1" 200 416
114.88.160.164 - - [30/Apr/2021:08:56:31 +0800] "GET /xingrg/kc/buy/cgsh_order_operate.html?command=get_materiel&rest_code=00111&code=00101009010&supplier_code=00100037&order_time=2021-04-30 HTTP/1.1" 200 412
58.37.228.113 - - [30/Apr/2021:08:56:31 +0800] "GET /xingrg/all/function/internal_message.html?_=1619744169594&CODE_STATE=getMsg HTTP/1.1" 200 27
180.161.124.236 - - [30/Apr/2021:08:56:33 +0800] "GET /xingrg/kc/buy/cgsh_order_operate.html?command=get_materiel&rest_code=00102&code=00101016038&supplier_code=00100096&order_time=2021-04-30 HTTP/1.1" 200 408
124.77.71.179 - - [30/Apr/2021:08:56:34 +0800] "GET /xingrg/check_reg.html?_=1619744181214 HTTP/1.1" 200 22
124.77.71.179 - - [30/Apr/2021:08:56:34 +0800] "GET /xingrg/all/function/internal_message.html?_=1619744181992&CODE_STATE=getMsg HTTP/1.1" 200 27
58.40.7.146 - - [30/Apr/2021:08:56:36 +0800] "GET /xingrg/all/function/internal_message.html?_=1619744190887&CODE_STATE=getMsg HTTP/1.1" 200 27
61.165.42.208 - - [30/Apr/2021:08:56:37 +0800] "GET /xingrg/kc/buy/cgsh_order_operate.html?command=get_materiel&rest_code=00105&code=00101002022&supplier_code=00100397&order_time=2021-04-30 HTTP/1.1" 200 429
180.161.124.236 - - [30/Apr/2021:08:56:37 +0800] "GET /xingrg/all/function/internal_message.html?_=1619744476188&CODE_STATE=getMsg HTTP/1.1" 200 27
116.233.76.107 - - [30/Apr/2021:08:56:38 +0800] "GET /xingrg/kc/buy/cgsh_order_operate.html?command=get_materiel&rest_code=00109&code=00101008131&supplier_code=00100005&order_time=2021-04-30 HTTP/1.1" 200 408
116.233.76.107 - - [30/Apr/2021:08:56:40 +0800] "POST /xingrg/kc/buy/cgsh_order_operate.html HTTP/1.1" 200 2065
114.88.160.164 - - [30/Apr/2021:08:56:42 +0800] "GET /xingrg/kc/buy/cgsh_order_operate.html?command=get_materiel&rest_code=00111&code=00101007109&supplier_code=00100037&order_time=2021-04-30 HTTP/1.1" 200 408
116.233.76.107 - - [30/Apr/2021:08:56:43 +0800] "GET /xingrg/kc/buy/cgsh_order_operate.html?command=get_materiel&rest_code=00109&code=00101008353&supplier_code=00100005&order_time=2021-04-30 HTTP/1.1" 200 408
124.77.71.179 - - [30/Apr/2021:08:56:47 +0800] "GET /xingrg/kc/base/wldb_order_operate.html?command=get_materiel&rest_code=00107&base_code=0010151&code=00101019390 HTTP/1.1" 200 455
116.233.76.107 - - [30/Apr/2021:08:56:49 +0800] "GET /xingrg/kc/buy/cgsh_order_operate.html?command=get_materiel&rest_code=00109&code=00101008095&supplier_code=00100005&order_time=2021-04-30 HTTP/1.1" 200 412
180.161.124.236 - - [30/Apr/2021:08:56:52 +0800] "GET /xingrg/kc/buy/cgsh_order_operate.html?command=get_materiel&rest_code=00102&code=00101006039&supplier_code=00100096&order_time=2021-04-30 HTTP/1.1" 200 415
116.224.253.72 - - [30/Apr/2021:08:56:52 +0800] "GET /xingrg/kc/buy/cgsh_order_operate.html?command=get_materiel&rest_code=00151&code=00101009112&supplier_code=00100424&order_time=2021-04-30 HTTP/1.1" 200 430
124.77.71.179 - - [30/Apr/2021:08:56:54 +0800] "GET /xingrg/kc/base/wldb_order_operate.html?command=get_materiel&rest_code=00107&base_code=0010151&code=00101019438 HTTP/1.1" 200 447
116.233.76.107 - - [30/Apr/2021:08:56:54 +0800] "GET /xingrg/kc/buy/cgsh_order_operate.html?command=get_materiel&rest_code=00109&code=00101008041&supplier_code=00100005&order_time=2021-04-30 HTTP/1.1" 200 408
180.169.147.146 - - [30/Apr/2021:08:56:56 +0800] "GET /xingrg/all/function/internal_message.html?_=1619744211343&CODE_STATE=getMsg HTTP/1.1" 200 27
114.88.160.164 - - [30/Apr/2021:08:56:57 +0800] "GET /xingrg/kc/buy/cgsh_order_operate.html?command=get_materiel&rest_code=00111&code=00101016030&supplier_code=00100037&order_time=2021-04-30 HTTP/1.1" 200 412
61.165.42.208 - - [30/Apr/2021:08:56:57 +0800] "GET /xingrg/kc/buy/cgsh_order_operate.html?command=get_materiel&rest_code=00105&code=00101001010&supplier_code=00100397&order_time=2021-04-30 HTTP/1.1" 200 409
172.20.0.100 - - [30/Apr/2021:08:57:00 +0800] "GET /xingrg/all/function/internal_message.html?_=1619744215016&CODE_STATE=getMsg HTTP/1.1" 200 27
180.161.124.236 - - [30/Apr/2021:08:57:02 +0800] "GET /xingrg/kc/buy/cgsh_order_operate.html?command=get_materiel&rest_code=00102&code=00101006110&supplier_code=00100096&order_time=2021-04-30 HTTP/1.1" 200 408
58.37.228.113 - - [30/Apr/2021:08:57:03 +0800] "GET /xingrg/check_reg.html?_=1619744201118 HTTP/1.1" 200 22
116.224.253.72 - - [30/Apr/2021:08:57:03 +0800] "GET /xingrg/all/function/internal_message.html?_=1619744219558&CODE_STATE=getMsg HTTP/1.1" 200 27
116.224.253.72 - - [30/Apr/2021:08:57:04 +0800] "GET /xingrg/kc/buy/cgsh_order_operate.html?command=get_materiel&rest_code=00151&code=00101009031&supplier_code=00100424&order_time=2021-04-30 HTTP/1.1" 200 408
116.230.110.80 - - [30/Apr/2021:08:57:05 +0800] "GET /xingrg/all/function/internal_message.html?_=1619744218263&CODE_STATE=getMsg HTTP/1.1" 200 27
116.233.76.107 - - [30/Apr/2021:08:57:06 +0800] "GET /xingrg/all/function/internal_message.html?_=1619744221100&CODE_STATE=getMsg HTTP/1.1" 200 27
116.233.76.107 - - [30/Apr/2021:08:57:06 +0800] "GET /xingrg/kc/buy/cgsh_order_operate.html?command=get_materiel&rest_code=00109&code=00101015040&supplier_code=00100005&order_time=2021-04-30 HTTP/1.1" 200 408
124.77.71.179 - - [30/Apr/2021:08:57:06 +0800] "GET /xingrg/kc/base/wldb_order_operate.html?command=get_materiel&rest_code=00107&base_code=0010151&code=00101019535 HTTP/1.1" 200 476
114.88.160.164 - - [30/Apr/2021:08:57:10 +0800] "GET /xingrg/kc/buy/cgsh_order_operate.html?command=get_materiel&rest_code=00111&code=00101009057&supplier_code=00100037&order_time=2021-04-30 HTTP/1.1" 200 410
116.233.76.107 - - [30/Apr/2021:08:57:13 +0800] "GET /xingrg/kc/buy/cgsh_order_operate.html?command=get_materiel&rest_code=00109&code=00101015062&supplier_code=00100005&order_time=2021-04-30 HTTP/1.1" 200 412
116.224.253.72 - - [30/Apr/2021:08:57:14 +0800] "GET /xingrg/kc/buy/cgsh_order_operate.html?command=get_materiel&rest_code=00151&code=00101009051&supplier_code=00100424&order_time=2021-04-30 HTTP/1.1" 200 409
114.88.160.164 - - [30/Apr/2021:08:57:15 +0800] "GET /xingrg/all/function/internal_message.html?_=1619744227489&CODE_STATE=getMsg HTTP/1.1" 200 27
124.77.71.179 - - [30/Apr/2021:08:57:16 +0800] "GET /xingrg/kc/base/wldb_order_operate.html?command=get_materiel&rest_code=00107&base_code=0010151&code=00101019030 HTTP/1.1" 200 453
116.230.114.112 - - [30/Apr/2021:08:57:16 +0800] "GET /xingrg/all/function/internal_message.html?_=1619744250158&CODE_STATE=getMsg HTTP/1.1" 200 27
120.253.135.82 - - [30/Apr/2021:08:57:19 +0800] "GET /xingrg/all/function/internal_message.html?_=1619744014378&CODE_STATE=getMsg HTTP/1.1" 200 27
116.233.76.107 - - [30/Apr/2021:08:57:19 +0800] "POST /xingrg/kc/buy/cgsh_order_operate.html HTTP/1.1" 200 2065
117.184.7.30 - - [30/Apr/2021:08:57:20 +0800] "GET /xingrg/all/function/internal_message.html?_=1619744227430&CODE_STATE=getMsg HTTP/1.1" 200 27
116.224.253.72 - - [30/Apr/2021:08:57:21 +0800] "POST /xingrg/kc/buy/cgsh_order_operate.html HTTP/1.1" 200 37
180.161.124.236 - - [30/Apr/2021:08:57:21 +0800] "GET /xingrg/kc/buy/cgsh_order_operate.html?command=get_materiel&rest_code=00102&code=00101016105&supplier_code=00100096&order_time=2021-04-30 HTTP/1.1" 200 409
61.165.42.208 - - [30/Apr/2021:08:57:22 +0800] "GET /xingrg/all/function/internal_message.html?_=1619744238874&CODE_STATE=getMsg HTTP/1.1" 200 27
61.165.42.208 - - [30/Apr/2021:08:57:22 +0800] "GET /xingrg/check_reg.html?_=1619744239083 HTTP/1.1" 200 22
114.86.187.76 - - [30/Apr/2021:08:57:23 +0800] "GET /xingrg/all/function/internal_message.html?_=1619744240229&CODE_STATE=getMsg HTTP/1.1" 200 27
116.224.253.72 - - [30/Apr/2021:08:57:23 +0800] "POST /xingrg/kc/buy/cgsh_order_operate.html HTTP/1.1" 200 5640
114.88.160.164 - - [30/Apr/2021:08:57:24 +0800] "GET /xingrg/all/function/internal_message.html?_=1619744209712&CODE_STATE=getMsg HTTP/1.1" 302 -
116.233.76.107 - - [30/Apr/2021:08:57:24 +0800] "GET /xingrg/kc/buy/cgsh_order_operate.html?command=get_materiel&rest_code=00109&code=00101008323&supplier_code=00100005&order_time=2021-04-30 HTTP/1.1" 200 408
124.77.71.179 - - [30/Apr/2021:08:57:26 +0800] "GET /xingrg/kc/base/wldb_order_operate.html?command=get_materiel&rest_code=00107&base_code=0010151&code=00101016076 HTTP/1.1" 200 477
101.83.241.14 - - [30/Apr/2021:08:57:27 +0800] "GET /xingrg/all/function/internal_message.html?_=1619744242884&CODE_STATE=getMsg HTTP/1.1" 200 27
116.230.110.80 - - [30/Apr/2021:08:57:27 +0800] "GET /xingrg/check_reg.html?_=1619744240560 HTTP/1.1" 200 22
58.37.228.113 - - [30/Apr/2021:08:57:31 +0800] "GET /xingrg/all/function/internal_message.html?_=1619744229561&CODE_STATE=getMsg HTTP/1.1" 200 27
124.77.71.179 - - [30/Apr/2021:08:57:32 +0800] "POST /xingrg/kc/base/wldb_order_operate.html HTTP/1.1" 200 37
124.77.71.179 - - [30/Apr/2021:08:57:33 +0800] "POST /xingrg/kc/base/wldb_order_operate.html HTTP/1.1" 200 4721
114.88.160.164 - - [30/Apr/2021:08:57:34 +0800] "GET /xingrg/kc/buy/cgsh_order_operate.html?command=get_materiel&rest_code=00111&code=00101016105&supplier_code=00100037&order_time=2021-04-30 HTTP/1.1" 200 409
124.77.71.179 - - [30/Apr/2021:08:57:34 +0800] "GET /xingrg/kc/base/wldb_order_info.html?code=422021043003227 HTTP/1.1" 200 30525
124.77.71.179 - - [30/Apr/2021:08:57:34 +0800] "GET /xingrg/all/function/internal_message.html?_=1619744242004&CODE_STATE=getMsg HTTP/1.1" 200 27
116.233.76.107 - - [30/Apr/2021:08:57:35 +0800] "GET /xingrg/kc/buy/cgsh_order_operate.html?command=get_materiel&rest_code=00109&code=00101008356&supplier_code=00100005&order_time=2021-04-30 HTTP/1.1" 200 408
124.77.71.179 - - [30/Apr/2021:08:57:35 +0800] "GET /xingrg/javascript/easyui/themes/default/validatebox.css HTTP/1.1" 404 1104
58.40.7.146 - - [30/Apr/2021:08:57:36 +0800] "GET /xingrg/all/function/internal_message.html?_=1619744250889&CODE_STATE=getMsg HTTP/1.1" 200 27
124.77.71.179 - - [30/Apr/2021:08:57:36 +0800] "POST /xingrg/kc/base/wldb_order_operate.html HTTP/1.1" 200 4721
180.161.124.236 - - [30/Apr/2021:08:57:37 +0800] "GET /xingrg/kc/buy/cgsh_order_operate.html?command=get_materiel&rest_code=00102&code=00101007001&supplier_code=00100096&order_time=2021-04-30 HTTP/1.1" 200 410
116.224.253.72 - - [30/Apr/2021:08:57:37 +0800] "GET /xingrg/check_reg.html?_=1619744254503 HTTP/1.1" 200 22
116.224.253.72 - - [30/Apr/2021:08:57:37 +0800] "GET /xingrg/all/function/internal_message.html?_=1619744254504&CODE_STATE=getMsg HTTP/1.1" 200 27
180.161.124.236 - - [30/Apr/2021:08:57:37 +0800] "GET /xingrg/all/function/internal_message.html?_=1619744536202&CODE_STATE=getMsg HTTP/1.1" 200 27
116.224.253.72 - - [30/Apr/2021:08:57:38 +0800] "GET /xingrg/kc/buy/cgsh_order_add.html HTTP/1.1" 200 61902
116.224.253.72 - - [30/Apr/2021:08:57:38 +0800] "POST /xingrg/kc/buy/cgsh_order_operate.html HTTP/1.1" 200 8245
116.224.253.72 - - [30/Apr/2021:08:57:38 +0800] "GET /xingrg/javascript/easyui/themes/default/validatebox.css HTTP/1.1" 404 1104
124.77.71.179 - - [30/Apr/2021:08:57:41 +0800] "GET /xingrg/kc/base/wldb_order_add.html HTTP/1.1" 200 30510
61.165.42.208 - - [30/Apr/2021:08:57:41 +0800] "POST /xingrg/kc/buy/cgsh_order_operate.html HTTP/1.1" 200 37
124.77.71.179 - - [30/Apr/2021:08:57:42 +0800] "GET /xingrg/javascript/easyui/themes/default/validatebox.css HTTP/1.1" 404 1104
124.77.71.179 - - [30/Apr/2021:08:57:42 +0800] "POST /xingrg/kc/base/wldb_order_operate.html HTTP/1.1" 200 6806
61.165.42.208 - - [30/Apr/2021:08:57:42 +0800] "POST /xingrg/kc/buy/cgsh_order_operate.html HTTP/1.1" 200 5612
124.77.71.179 - - [30/Apr/2021:08:57:43 +0800] "POST /xingrg/all/common/load_combo.html?type=base HTTP/1.1" 200 3324
114.88.160.164 - - [30/Apr/2021:08:57:46 +0800] "GET /xingrg/kc/buy/cgsh_order_operate.html?command=get_materiel&rest_code=00111&code=00101009062&supplier_code=00100037&order_time=2021-04-30 HTTP/1.1" 200 412
116.233.76.107 - - [30/Apr/2021:08:57:46 +0800] "POST /xingrg/kc/buy/cgsh_order_operate.html HTTP/1.1" 200 37
101.83.241.14 - - [30/Apr/2021:08:57:46 +0800] "GET /xingrg/kc/buy/cgsh_order_operate.html?command=get_materiel&rest_code=00149&code=00101008236&supplier_code=00100005&order_time=2021-04-30 HTTP/1.1" 200 23
124.77.71.179 - - [30/Apr/2021:08:57:47 +0800] "POST /xingrg/all/common/load_combo.html?type=base HTTP/1.1" 200 3324
116.233.76.107 - - [30/Apr/2021:08:57:47 +0800] "POST /xingrg/kc/buy/cgsh_order_operate.html HTTP/1.1" 200 49331
116.230.114.112 - - [30/Apr/2021:08:57:48 +0800] "GET /xingrg/check_reg.html?_=1619744281274 HTTP/1.1" 200 22
116.224.253.72 - - [30/Apr/2021:08:57:52 +0800] "GET /xingrg/kc/buy/cgsh_order_operate.html?command=get_materiel&rest_code=00151&code=00101007091&supplier_code=00100096&order_time=2021-04-30 HTTP/1.1" 200 413
116.233.76.107 - - [30/Apr/2021:08:57:52 +0800] "GET /xingrg/kc/buy/cgsh_order_operate.html?command=get_materiel&rest_code=00109&code=00101008349&supplier_code=00100005&order_time=2021-04-30 HTTP/1.1" 200 412
101.83.241.14 - - [30/Apr/2021:08:57:55 +0800] "POST /xingrg/kc/buy/cgsh_order_operate.html HTTP/1.1" 200 37
180.169.147.146 - - [30/Apr/2021:08:57:56 +0800] "GET /xingrg/all/function/internal_message.html?_=1619744271335&CODE_STATE=getMsg HTTP/1.1" 200 27
101.83.241.14 - - [30/Apr/2021:08:57:58 +0800] "POST /xingrg/kc/buy/cgsh_order_operate.html HTTP/1.1" 200 34603
120.253.135.82 - - [30/Apr/2021:08:57:58 +0800] "GET /xingrg/check_reg.html?_=1619744287686 HTTP/1.1" 200 22
124.77.71.179 - - [30/Apr/2021:08:57:58 +0800] "GET /xingrg/kc/base/wldb_order_operate.html?command=get_materiel&rest_code=00107&base_code=0010151&code=00101019270 HTTP/1.1" 200 464
116.233.76.107 - - [30/Apr/2021:08:57:59 +0800] "GET /xingrg/kc/buy/cgsh_order_operate.html?command=get_materiel&rest_code=00109&code=00101008199&supplier_code=00100005&order_time=2021-04-30 HTTP/1.1" 200 408
172.20.0.100 - - [30/Apr/2021:08:58:00 +0800] "GET /xingrg/all/function/internal_message.html?_=1619744275017&CODE_STATE=getMsg HTTP/1.1" 200 27
114.88.160.164 - - [30/Apr/2021:08:58:01 +0800] "GET /xingrg/kc/buy/cgsh_order_operate.html?command=get_materiel&rest_code=00111&code=00101008257&supplier_code=00100037&order_time=2021-04-30 HTTP/1.1" 200 416
116.224.253.72 - - [30/Apr/2021:08:58:03 +0800] "GET /xingrg/check_reg.html?_=1619744279590 HTTP/1.1" 200 22
116.224.253.72 - - [30/Apr/2021:08:58:03 +0800] "GET /xingrg/all/function/internal_message.html?_=1619744279592&CODE_STATE=getMsg HTTP/1.1" 200 27
116.230.110.80 - - [30/Apr/2021:08:58:05 +0800] "GET /xingrg/all/function/internal_message.html?_=1619744278236&CODE_STATE=getMsg HTTP/1.1" 200 27
101.83.241.14 - - [30/Apr/2021:08:58:05 +0800] "GET /xingrg/login.html?sysBaseUrl=http%3A%2F%2F180.169.147.146%3A18081%2Fxingrg%2F&costTime=31×tamp=1615347190560 HTTP/1.1" 200 7641
101.83.241.14 - - [30/Apr/2021:08:58:05 +0800] "GET /favicon.ico HTTP/1.1" 404 -
116.233.76.107 - - [30/Apr/2021:08:58:06 +0800] "GET /xingrg/all/function/internal_message.html?_=1619744281106&CODE_STATE=getMsg HTTP/1.1" 200 27
116.233.76.107 - - [30/Apr/2021:08:58:06 +0800] "GET /xingrg/check_reg.html?_=1619744281108 HTTP/1.1" 200 22
116.233.76.107 - - [30/Apr/2021:08:58:06 +0800] "GET /xingrg/kc/buy/cgsh_order_operate.html?command=get_materiel&rest_code=00109&code=00101008141&supplier_code=00100005&order_time=2021-04-30 HTTP/1.1" 200 412
101.83.241.14 - - [30/Apr/2021:08:58:07 +0800] "POST /xingrg/login.do HTTP/1.1" 302 -
101.83.241.14 - - [30/Apr/2021:08:58:07 +0800] "GET /xingrg/index.html?sysBaseUrl=http%3A%2F%2F180.169.147.146%3A18081%2Fxingrg%2F&costTime=54×tamp=1619744287440 HTTP/1.1" 200 17179
101.83.241.14 - - [30/Apr/2021:08:58:07 +0800] "GET /favicon.ico HTTP/1.1" 404 -
101.83.241.14 - - [30/Apr/2021:08:58:07 +0800] "POST /xingrg/all/common/load_tree.html?tree=area_rest_tree_json&manage=1 HTTP/1.1" 200 351
101.83.241.14 - - [30/Apr/2021:08:58:07 +0800] "GET /xingrg/check_reg.html?_=1619744283496 HTTP/1.1" 200 22
101.83.241.14 - - [30/Apr/2021:08:58:07 +0800] "GET /xingrg/all/function/internal_message.html?_=1619744283496&CODE_STATE=count HTTP/1.1" 200 11
101.83.241.14 - - [30/Apr/2021:08:58:07 +0800] "POST /xingrg/load_menu.html HTTP/1.1" 200 5138
116.224.253.72 - - [30/Apr/2021:08:58:08 +0800] "GET /xingrg/kc/buy/cgsh_order_operate.html?command=get_materiel&rest_code=00151&code=00101007125&supplier_code=00100096&order_time=2021-04-30 HTTP/1.1" 200 406
124.77.71.179 - - [30/Apr/2021:08:58:10 +0800] "GET /xingrg/kc/base/wldb_order_operate.html?command=get_materiel&rest_code=00107&base_code=0010151&code=00101019306 HTTP/1.1" 200 464
116.233.76.107 - - [30/Apr/2021:08:58:12 +0800] "GET /xingrg/kc/buy/cgsh_order_operate.html?command=get_materiel&rest_code=00109&code=00101008361&supplier_code=00100005&order_time=2021-04-30 HTTP/1.1" 200 408
116.233.76.107 - - [30/Apr/2021:08:58:14 +0800] "POST /xingrg/kc/buy/cgsh_order_operate.html HTTP/1.1" 200 2065
120.253.135.82 - - [30/Apr/2021:08:58:14 +0800] "GET /xingrg/check_reg.html?_=1619744069926 HTTP/1.1" 200 22
101.83.241.14 - - [30/Apr/2021:08:58:14 +0800] "GET /xingrg/kc/buy/cgsh_order_list.html HTTP/1.1" 200 46516
114.88.160.164 - - [30/Apr/2021:08:58:15 +0800] "GET /xingrg/check_reg.html?_=1619744287455 HTTP/1.1" 200 22
114.88.160.164 - - [30/Apr/2021:08:58:15 +0800] "GET /xingrg/all/function/internal_message.html?_=1619744287500&CODE_STATE=getMsg HTTP/1.1" 200 27
101.83.241.14 - - [30/Apr/2021:08:58:16 +0800] "POST /xingrg/kc/buy/cgsh_list_operate.html HTTP/1.1" 200 1690
116.230.114.112 - - [30/Apr/2021:08:58:16 +0800] "GET /xingrg/all/function/internal_message.html?_=1619744310164&CODE_STATE=getMsg HTTP/1.1" 200 27
124.77.71.179 - - [30/Apr/2021:08:58:17 +0800] "GET /xingrg/kc/base/wldb_order_operate.html?command=get_materiel&rest_code=00107&base_code=0010151&code=00101019315 HTTP/1.1" 200 461
116.233.76.107 - - [30/Apr/2021:08:58:18 +0800] "GET /xingrg/kc/buy/cgsh_order_operate.html?command=get_materiel&rest_code=00109&code=00101008169&supplier_code=00100005&order_time=2021-04-30 HTTP/1.1" 200 412
101.83.241.14 - - [30/Apr/2021:08:58:18 +0800] "POST /xingrg/kc/buy/cgsh_list_operate.html HTTP/1.1" 200 560
101.83.241.14 - - [30/Apr/2021:08:58:19 +0800] "GET /xingrg/kc/buy/cgsh_order_info.html?code=212021043012810 HTTP/1.1" 200 62310
120.253.135.82 - - [30/Apr/2021:08:58:19 +0800] "GET /xingrg/all/function/internal_message.html?_=1619744074388&CODE_STATE=getMsg HTTP/1.1" 200 27
101.83.241.14 - - [30/Apr/2021:08:58:19 +0800] "GET /xingrg/all/common/auto_word.html?type=employee&rest_code=00149 HTTP/1.1" 200 197
101.83.241.14 - - [30/Apr/2021:08:58:19 +0800] "GET /xingrg/all/common/auto_word.html?type=employee&rest_code=00149 HTTP/1.1" 200 197
101.83.241.14 - - [30/Apr/2021:08:58:19 +0800] "GET /xingrg/javascript/easyui/themes/default/validatebox.css HTTP/1.1" 404 1104
116.224.253.72 - - [30/Apr/2021:08:58:19 +0800] "GET /xingrg/kc/buy/cgsh_order_operate.html?command=get_materiel&rest_code=00151&code=00101001010&supplier_code=00100096&order_time=2021-04-30 HTTP/1.1" 200 411
117.184.7.30 - - [30/Apr/2021:08:58:20 +0800] "GET /xingrg/check_reg.html?_=1619744287433 HTTP/1.1" 200 22
117.184.7.30 - - [30/Apr/2021:08:58:20 +0800] "GET /xingrg/all/function/internal_message.html?_=1619744287431&CODE_STATE=getMsg HTTP/1.1" 200 27
101.83.241.14 - - [30/Apr/2021:08:58:20 +0800] "POST /xingrg/kc/buy/cgsh_order_operate.html HTTP/1.1" 200 34603
61.165.42.208 - - [30/Apr/2021:08:58:20 +0800] "POST /xingrg/kc/buy/cgsh_order_operate.html HTTP/1.1" 200 37
61.165.42.208 - - [30/Apr/2021:08:58:22 +0800] "POST /xingrg/kc/buy/cgsh_order_operate.html HTTP/1.1" 200 5612
61.165.42.208 - - [30/Apr/2021:08:58:22 +0800] "GET /xingrg/all/function/internal_message.html?_=1619744298843&CODE_STATE=getMsg HTTP/1.1" 200 27
61.165.42.208 - - [30/Apr/2021:08:58:22 +0800] "GET /xingrg/kc/buy/cgsh_order_list.html HTTP/1.1" 200 46510
114.86.187.76 - - [30/Apr/2021:08:58:23 +0800] "GET /xingrg/check_reg.html?_=1619744299617 HTTP/1.1" 200 22
114.86.187.76 - - [30/Apr/2021:08:58:23 +0800] "GET /xingrg/all/function/internal_message.html?_=1619744300243&CODE_STATE=getMsg HTTP/1.1" 200 27
114.88.160.164 - - [30/Apr/2021:08:58:24 +0800] "GET /xingrg/check_reg.html?_=1619744269699 HTTP/1.1" 302 -
114.88.160.164 - - [30/Apr/2021:08:58:24 +0800] "GET /xingrg/all/function/internal_message.html?_=1619744269702&CODE_STATE=getMsg HTTP/1.1" 302 -
114.88.160.164 - - [30/Apr/2021:08:58:24 +0800] "GET /xingrg/kc/buy/cgsh_order_operate.html?command=get_materiel&rest_code=00111&code=00101016025&supplier_code=00100037&order_time=2021-04-30 HTTP/1.1" 200 408
116.233.76.107 - - [30/Apr/2021:08:58:24 +0800] "GET /xingrg/kc/buy/cgsh_order_operate.html?command=get_materiel&rest_code=00109&code=00101008359&supplier_code=00100005&order_time=2021-04-30 HTTP/1.1" 200 408
124.77.71.179 - - [30/Apr/2021:08:58:26 +0800] "GET /xingrg/kc/base/wldb_order_operate.html?command=get_materiel&rest_code=00107&base_code=0010151&code=00101019439 HTTP/1.1" 200 458
61.165.42.208 - - [30/Apr/2021:08:58:28 +0800] "POST /xingrg/kc/buy/cgsh_list_operate.html HTTP/1.1" 200 2773
61.165.42.208 - - [30/Apr/2021:08:58:31 +0800] "POST /xingrg/kc/buy/cgsh_list_operate.html HTTP/1.1" 200 202
116.224.253.72 - - [30/Apr/2021:08:58:31 +0800] "GET /xingrg/kc/buy/cgsh_order_operate.html?command=get_materiel&rest_code=00151&code=00101001075&supplier_code=00100096&order_time=2021-04-30 HTTP/1.1" 200 409
116.233.76.107 - - [30/Apr/2021:08:58:31 +0800] "GET /xingrg/kc/buy/cgsh_order_operate.html?command=get_materiel&rest_code=00109&code=00101008166&supplier_code=00100005&order_time=2021-04-30 HTTP/1.1" 200 412
58.37.228.113 - - [30/Apr/2021:08:58:31 +0800] "GET /xingrg/all/function/internal_message.html?_=1619744289535&CODE_STATE=getMsg HTTP/1.1" 200 27
101.83.241.14 - - [30/Apr/2021:08:58:32 +0800] "GET /xingrg/javascript/auto/indicator.gif HTTP/1.1" 404 1066
114.88.160.164 - - [30/Apr/2021:08:58:34 +0800] "GET /xingrg/kc/buy/cgsh_order_operate.html?command=get_materiel&rest_code=00111&code=00101012025&supplier_code=00100037&order_time=2021-04-30 HTTP/1.1" 200 412
61.165.42.208 - - [30/Apr/2021:08:58:34 +0800] "POST /xingrg/kc/buy/cgsh_list_operate.html HTTP/1.1" 200 4
124.77.71.179 - - [30/Apr/2021:08:58:34 +0800] "GET /xingrg/all/function/internal_message.html?_=1619744301988&CODE_STATE=getMsg HTTP/1.1" 200 27
58.40.7.146 - - [30/Apr/2021:08:58:36 +0800] "GET /xingrg/all/function/internal_message.html?_=1619744310893&CODE_STATE=getMsg HTTP/1.1" 200 27
101.83.241.14 - - [30/Apr/2021:08:58:36 +0800] "GET /xingrg/kc/buy/cgsh_order_operate.html?command=get_materiel&rest_code=00149&code=00101008236&supplier_code=00100005&order_time=2021-04-30 HTTP/1.1" 200 416
116.224.253.72 - - [30/Apr/2021:08:58:37 +0800] "GET /xingrg/all/function/internal_message.html?_=1619744314516&CODE_STATE=getMsg HTTP/1.1" 200 27
180.161.124.236 - - [30/Apr/2021:08:58:37 +0800] "GET /xingrg/check_reg.html?_=1619744595779 HTTP/1.1" 200 22
180.161.124.236 - - [30/Apr/2021:08:58:38 +0800] "GET /xingrg/all/function/internal_message.html?_=1619744596232&CODE_STATE=getMsg HTTP/1.1" 200 27
61.165.42.208 - - [30/Apr/2021:08:58:39 +0800] "POST /xingrg/kc/buy/cgsh_list_operate.html HTTP/1.1" 200 2409
124.77.71.179 - - [30/Apr/2021:08:58:39 +0800] "GET /xingrg/kc/base/wldb_order_operate.html?command=get_materiel&rest_code=00107&base_code=0010151&code=00101019450 HTTP/1.1" 200 468
114.88.160.164 - - [30/Apr/2021:08:58:46 +0800] "GET /xingrg/kc/buy/cgsh_order_operate.html?command=get_materiel&rest_code=00111&code=00101009003&supplier_code=00100037&order_time=2021-04-30 HTTP/1.1" 200 409
61.165.42.208 - - [30/Apr/2021:08:58:48 +0800] "GET /xingrg/kc/base/wldb_order_list.html HTTP/1.1" 200 19345
61.165.42.208 - - [30/Apr/2021:08:58:49 +0800] "POST /xingrg/kc/base/wldb_list_operate.html HTTP/1.1" 200 928
61.165.42.208 - - [30/Apr/2021:08:58:50 +0800] "GET /xingrg/kc/base/wldb_order_add.html HTTP/1.1" 200 30508
116.224.253.72 - - [30/Apr/2021:08:58:50 +0800] "GET /xingrg/kc/buy/cgsh_order_operate.html?command=get_materiel&rest_code=00151&code=00101006168&supplier_code=00100096&order_time=2021-04-30 HTTP/1.1" 200 421
61.165.42.208 - - [30/Apr/2021:08:58:50 +0800] "GET /xingrg/all/common/auto_word.html?type=base&rest_code=00105 HTTP/1.1" 200 1811
61.165.42.208 - - [30/Apr/2021:08:58:50 +0800] "GET /xingrg/all/common/auto_word.html?type=base&rest_code=00105 HTTP/1.1" 200 1811
61.165.42.208 - - [30/Apr/2021:08:58:50 +0800] "GET /xingrg/javascript/easyui/themes/default/validatebox.css HTTP/1.1" 404 1104
61.165.42.208 - - [30/Apr/2021:08:58:50 +0800] "POST /xingrg/kc/base/wldb_order_operate.html HTTP/1.1" 200 6806
61.165.42.208 - - [30/Apr/2021:08:58:50 +0800] "POST /xingrg/all/common/load_combo.html?type=base HTTP/1.1" 200 3236
124.77.71.179 - - [30/Apr/2021:08:58:52 +0800] "GET /xingrg/kc/base/wldb_order_operate.html?command=get_materiel&rest_code=00107&base_code=0010151&code=00101019517 HTTP/1.1" 200 470
101.83.241.14 - - [30/Apr/2021:08:58:56 +0800] "GET /xingrg/kc/buy/cgsh_order_operate.html?command=get_materiel&rest_code=00149&code=00101008122&supplier_code=00100005&order_time=2021-04-30 HTTP/1.1" 200 412
180.169.147.146 - - [30/Apr/2021:08:58:56 +0800] "GET /xingrg/all/function/internal_message.html?_=1619744331326&CODE_STATE=getMsg HTTP/1.1" 200 27
61.165.42.208 - - [30/Apr/2021:08:58:58 +0800] "GET /xingrg/kc/base/wldb_order_operate.html?command=get_materiel&rest_code=00105&base_code=0010507&code=00101016096 HTTP/1.1" 200 449
172.20.0.100 - - [30/Apr/2021:08:59:00 +0800] "GET /xingrg/check_reg.html?_=1619744335005 HTTP/1.1" 200 22
172.20.0.100 - - [30/Apr/2021:08:59:00 +0800] "GET /xingrg/all/function/internal_message.html?_=1619744335006&CODE_STATE=getMsg HTTP/1.1" 200 27
116.224.253.72 - - [30/Apr/2021:08:59:01 +0800] "GET /xingrg/kc/buy/cgsh_order_operate.html?command=get_materiel&rest_code=00151&code=00101006013&supplier_code=00100096&order_time=2021-04-30 HTTP/1.1" 200 411
124.77.71.179 - - [30/Apr/2021:08:59:03 +0800] "GET /xingrg/kc/base/wldb_order_operate.html?command=get_materiel&rest_code=00107&base_code=0010151&code=00101016001 HTTP/1.1" 200 457
116.224.253.72 - - [30/Apr/2021:08:59:03 +0800] "GET /xingrg/all/function/internal_message.html?_=1619744339578&CODE_STATE=getMsg HTTP/1.1" 200 27
101.83.241.14 - - [30/Apr/2021:08:59:04 +0800] "GET /xingrg/kc/buy/cgsh_order_operate.html?command=get_materiel&rest_code=00149&code=00101008114&supplier_code=00100005&order_time=2021-04-30 HTTP/1.1" 200 412
114.88.160.164 - - [30/Apr/2021:08:59:04 +0800] "GET /xingrg/kc/buy/cgsh_order_operate.html?command=get_materiel&rest_code=00111&code=00101006129&supplier_code=00100037&order_time=2021-04-30 HTTP/1.1" 200 452
116.230.110.80 - - [30/Apr/2021:08:59:05 +0800] "GET /xingrg/all/function/internal_message.html?_=1619744338207&CODE_STATE=getMsg HTTP/1.1" 200 27
61.165.42.208 - - [30/Apr/2021:08:59:06 +0800] "GET /xingrg/kc/base/wldb_order_operate.html?command=get_materiel&rest_code=00105&base_code=0010507&code=00101016097 HTTP/1.1" 200 469
116.233.76.107 - - [30/Apr/2021:08:59:06 +0800] "GET /xingrg/all/function/internal_message.html?_=1619744341106&CODE_STATE=getMsg HTTP/1.1" 200 27
61.165.42.208 - - [30/Apr/2021:08:59:07 +0800] "POST /xingrg/all/common/load_select.html HTTP/1.1" 200 25
101.83.241.14 - - [30/Apr/2021:08:59:07 +0800] "GET /xingrg/all/function/internal_message.html?_=1619744343516&CODE_STATE=getMsg HTTP/1.1" 200 27
61.165.42.208 - - [30/Apr/2021:08:59:08 +0800] "GET /xingrg/kc/base/wldb_order_operate.html?command=get_materiel_price&rest_code=00105&base_code=0010507&code=00101016097&unit_code=00100163 HTTP/1.1" 200 37
180.161.124.236 - - [30/Apr/2021:08:59:12 +0800] "POST /xingrg/kc/buy/cgsh_order_operate.html HTTP/1.1" 200 37
124.77.71.179 - - [30/Apr/2021:08:59:13 +0800] "GET /xingrg/kc/base/wldb_order_operate.html?command=get_materiel&rest_code=00107&base_code=0010151&code=00101016044 HTTP/1.1" 200 464
101.83.241.14 - - [30/Apr/2021:08:59:13 +0800] "GET /xingrg/kc/buy/cgsh_order_operate.html?command=get_materiel&rest_code=00149&code=00101008125&supplier_code=00100005&order_time=2021-04-30 HTTP/1.1" 200 413
180.161.124.236 - - [30/Apr/2021:08:59:15 +0800] "POST /xingrg/kc/buy/cgsh_order_operate.html HTTP/1.1" 200 12
114.88.160.164 - - [30/Apr/2021:08:59:15 +0800] "GET /xingrg/all/function/internal_message.html?_=1619744347514&CODE_STATE=getMsg HTTP/1.1" 200 27
101.83.241.14 - - [30/Apr/2021:08:59:15 +0800] "POST /xingrg/kc/buy/cgsh_order_operate.html HTTP/1.1" 200 2065
116.230.114.112 - - [30/Apr/2021:08:59:16 +0800] "GET /xingrg/all/function/internal_message.html?_=1619744370177&CODE_STATE=getMsg HTTP/1.1" 200 27
120.253.135.82 - - [30/Apr/2021:08:59:19 +0800] "GET /xingrg/all/function/internal_message.html?_=1619744134402&CODE_STATE=getMsg HTTP/1.1" 200 27
117.184.7.30 - - [30/Apr/2021:08:59:20 +0800] "GET /xingrg/all/function/internal_message.html?_=1619744347434&CODE_STATE=getMsg HTTP/1.1" 200 27
180.161.124.236 - - [30/Apr/2021:08:59:20 +0800] "GET /xingrg/kc/buy/cgsh_order_info.html?code=212021043012811 HTTP/1.1" 200 57097
180.161.124.236 - - [30/Apr/2021:08:59:21 +0800] "GET /xingrg/javascript/easyui/themes/default/validatebox.css HTTP/1.1" 404 1104
180.161.124.236 - - [30/Apr/2021:08:59:21 +0800] "POST /xingrg/kc/buy/cgsh_order_operate.html HTTP/1.1" 200 5921
101.83.241.14 - - [30/Apr/2021:08:59:22 +0800] "GET /xingrg/kc/buy/cgsh_order_operate.html?command=get_materiel&rest_code=00149&code=00101020152&supplier_code=00100005&order_time=2021-04-30 HTTP/1.1" 200 416
61.165.42.208 - - [30/Apr/2021:08:59:22 +0800] "GET /xingrg/all/function/internal_message.html?_=1619744358830&CODE_STATE=getMsg HTTP/1.1" 200 27
114.86.187.76 - - [30/Apr/2021:08:59:23 +0800] "GET /xingrg/all/function/internal_message.html?_=1619744360256&CODE_STATE=getMsg HTTP/1.1" 200 27
114.88.160.164 - - [30/Apr/2021:08:59:24 +0800] "GET /xingrg/all/function/internal_message.html?_=1619744329702&CODE_STATE=getMsg HTTP/1.1" 302 -
180.161.124.236 - - [30/Apr/2021:08:59:24 +0800] "GET /xingrg/kc/print/load_config.html?kc_code=cgsh HTTP/1.1" 200 1845
180.161.124.236 - - [30/Apr/2021:08:59:25 +0800] "GET /xingrg/kc/print/load_data.html?order_code=212021043012811&kc_code=cgsh&condition= HTTP/1.1" 200 2668
116.224.253.72 - - [30/Apr/2021:08:59:26 +0800] "GET /xingrg/kc/buy/cgsh_order_operate.html?command=get_materiel&rest_code=00151&code=00101006084&supplier_code=00100096&order_time=2021-04-30 HTTP/1.1" 200 415
58.37.228.113 - - [30/Apr/2021:08:59:31 +0800] "GET /xingrg/all/function/internal_message.html?_=1619744349511&CODE_STATE=getMsg HTTP/1.1" 200 27
124.77.71.179 - - [30/Apr/2021:08:59:32 +0800] "GET /xingrg/kc/base/wldb_order_operate.html?command=get_materiel&rest_code=00107&base_code=0010151&code=00101019019 HTTP/1.1" 200 464
101.83.241.14 - - [30/Apr/2021:08:59:33 +0800] "GET /xingrg/kc/buy/cgsh_order_operate.html?command=get_materiel&rest_code=00149&code=00101013165&supplier_code=00100005&order_time=2021-04-30 HTTP/1.1" 200 409
124.77.71.179 - - [30/Apr/2021:08:59:34 +0800] "GET /xingrg/all/function/internal_message.html?_=1619744361973&CODE_STATE=getMsg HTTP/1.1" 200 27
58.40.7.146 - - [30/Apr/2021:08:59:36 +0800] "GET /xingrg/all/function/internal_message.html?_=1619744370897&CODE_STATE=getMsg HTTP/1.1" 200 27
58.40.7.146 - - [30/Apr/2021:08:59:36 +0800] "GET /xingrg/check_reg.html?_=1619744370898 HTTP/1.1" 200 22
116.224.253.72 - - [30/Apr/2021:08:59:37 +0800] "GET /xingrg/all/function/internal_message.html?_=1619744374529&CODE_STATE=getMsg HTTP/1.1" 200 27
180.161.124.236 - - [30/Apr/2021:08:59:37 +0800] "GET /xingrg/all/function/internal_message.html?_=1619744656246&CODE_STATE=getMsg HTTP/1.1" 200 27
101.83.241.14 - - [30/Apr/2021:08:59:42 +0800] "GET /xingrg/kc/buy/cgsh_order_operate.html?command=get_materiel&rest_code=00149&code=00101015006&supplier_code=00100005&order_time=2021-04-30 HTTP/1.1" 200 413
61.165.42.208 - - [30/Apr/2021:08:59:43 +0800] "GET /xingrg/kc/base/wldb_order_list.html HTTP/1.1" 200 19345
61.165.42.208 - - [30/Apr/2021:08:59:43 +0800] "POST /xingrg/kc/base/wldb_list_operate.html HTTP/1.1" 200 928
180.161.124.236 - - [30/Apr/2021:08:59:46 +0800] "GET /xingrg/kc/base/wldb_order_list.html HTTP/1.1" 200 19345
180.161.124.236 - - [30/Apr/2021:08:59:46 +0800] "POST /xingrg/kc/base/wldb_list_operate.html HTTP/1.1" 200 928
