124.77.71.179 - - [30/Apr/2021:08:45:57 +0800] "GET /xingrg/kc/base/wldb_order_info.html?code=422021043003218 HTTP/1.1" 200 30525
124.77.71.179 - - [30/Apr/2021:08:45:58 +0800] "GET /xingrg/javascript/easyui/themes/default/validatebox.css HTTP/1.1" 404 1104
124.77.71.179 - - [30/Apr/2021:08:45:58 +0800] "POST /xingrg/kc/base/wldb_order_operate.html HTTP/1.1" 200 2725
124.77.71.179 - - [30/Apr/2021:08:46:00 +0800] "GET /xingrg/kc/base/wldb_order_add.html HTTP/1.1" 200 30510
116.224.253.72 - - [30/Apr/2021:08:46:00 +0800] "GET /xingrg/kc/buy/cgsh_order_operate.html?command=get_materiel&rest_code=00151&code=00101008207&supplier_code=00100007&order_time=2021-04-30 HTTP/1.1" 200 408
172.20.0.100 - - [30/Apr/2021:08:46:00 +0800] "GET /xingrg/all/function/internal_message.html?_=1619743555004&CODE_STATE=getMsg HTTP/1.1" 200 27
124.77.71.179 - - [30/Apr/2021:08:46:01 +0800] "GET /xingrg/javascript/easyui/themes/default/validatebox.css HTTP/1.1" 404 1104
124.77.71.179 - - [30/Apr/2021:08:46:01 +0800] "POST /xingrg/kc/base/wldb_order_operate.html HTTP/1.1" 200 6806
124.77.71.179 - - [30/Apr/2021:08:46:02 +0800] "POST /xingrg/all/common/load_combo.html?type=base HTTP/1.1" 200 3324
116.224.253.72 - - [30/Apr/2021:08:46:03 +0800] "GET /xingrg/all/function/internal_message.html?_=1619743559506&CODE_STATE=getMsg HTTP/1.1" 200 27
124.77.71.179 - - [30/Apr/2021:08:46:04 +0800] "POST /xingrg/all/common/load_combo.html?type=base HTTP/1.1" 200 3324
116.230.110.80 - - [30/Apr/2021:08:46:05 +0800] "GET /xingrg/all/function/internal_message.html?_=1619743558540&CODE_STATE=getMsg HTTP/1.1" 200 27
116.233.76.107 - - [30/Apr/2021:08:46:06 +0800] "GET /xingrg/all/function/internal_message.html?_=1619743561070&CODE_STATE=getMsg HTTP/1.1" 200 27
116.224.253.72 - - [30/Apr/2021:08:46:07 +0800] "GET /xingrg/kc/buy/cgsh_order_operate.html?command=get_materiel&rest_code=00151&code=00101008318&supplier_code=00100007&order_time=2021-04-30 HTTP/1.1" 200 408
116.224.253.72 - - [30/Apr/2021:08:46:12 +0800] "GET /xingrg/check_reg.html?_=1619743569129 HTTP/1.1" 200 22
116.224.253.72 - - [30/Apr/2021:08:46:13 +0800] "GET /xingrg/kc/buy/cgsh_order_operate.html?command=get_materiel&rest_code=00151&code=00101016051&supplier_code=00100007&order_time=2021-04-30 HTTP/1.1" 200 408
120.253.135.82 - - [30/Apr/2021:08:46:16 +0800] "GET /xingrg/kc/pszx/mdps_order_list.html?orderType=0 HTTP/1.1" 200 21159
120.253.135.82 - - [30/Apr/2021:08:46:16 +0800] "POST /xingrg/kc/pszx/mdps_list_operate.html HTTP/1.1" 200 5342
116.230.114.112 - - [30/Apr/2021:08:46:16 +0800] "GET /xingrg/all/function/internal_message.html?_=1619743590002&CODE_STATE=getMsg HTTP/1.1" 200 27
120.253.135.82 - - [30/Apr/2021:08:46:18 +0800] "GET /xingrg/all/function/internal_message.html?_=1619743353445&CODE_STATE=getMsg HTTP/1.1" 200 27
117.184.7.30 - - [30/Apr/2021:08:46:19 +0800] "GET /xingrg/all/function/internal_message.html?_=1619743567421&CODE_STATE=getMsg HTTP/1.1" 200 27
116.224.253.72 - - [30/Apr/2021:08:46:22 +0800] "GET /xingrg/all/function/internal_message.html?_=1619743578862&CODE_STATE=getMsg HTTP/1.1" 200 27
114.86.187.76 - - [30/Apr/2021:08:46:23 +0800] "GET /xingrg/all/function/internal_message.html?_=1619743579904&CODE_STATE=getMsg HTTP/1.1" 200 27
114.88.160.164 - - [30/Apr/2021:08:46:24 +0800] "GET /xingrg/all/function/internal_message.html?_=1619743549686&CODE_STATE=getMsg HTTP/1.1" 302 -
101.83.241.14 - - [30/Apr/2021:08:46:27 +0800] "GET /xingrg/all/function/internal_message.html?_=1619743582807&CODE_STATE=getMsg HTTP/1.1" 200 27
120.253.135.82 - - [30/Apr/2021:08:46:29 +0800] "POST /xingrg/kc/pszx/mdps_list_operate.html HTTP/1.1" 200 1689
116.233.76.107 - - [30/Apr/2021:08:46:30 +0800] "GET /xingrg/javascript/jquery_easy_ui/themes/default/images/tabs_close.gif HTTP/1.1" 200 829
116.233.76.107 - - [30/Apr/2021:08:46:30 +0800] "GET /xingrg/kc/buy/buy_main.html HTTP/1.1" 200 12412
116.233.76.107 - - [30/Apr/2021:08:46:30 +0800] "GET /xingrg/css/new_ie.css HTTP/1.1" 404 1036
116.233.76.107 - - [30/Apr/2021:08:46:30 +0800] "GET /xingrg/javascript/pic_change.js HTTP/1.1" 200 4739
116.233.76.107 - - [30/Apr/2021:08:46:30 +0800] "GET /xingrg/javascript/ToolTips.js HTTP/1.1" 200 5615
116.233.76.107 - - [30/Apr/2021:08:46:30 +0800] "GET /xingrg/javascript/jquery_ui/jquery-ui.min.js HTTP/1.1" 200 186181
116.233.76.107 - - [30/Apr/2021:08:46:30 +0800] "GET /xingrg/css/blue.css HTTP/1.1" 200 15949
116.233.76.107 - - [30/Apr/2021:08:46:30 +0800] "GET /xingrg/images/blue/button/cgxqd.gif HTTP/1.1" 200 2619
116.233.76.107 - - [30/Apr/2021:08:46:30 +0800] "GET /xingrg/images/blue/button/cgydd.gif HTTP/1.1" 200 2712
116.233.76.107 - - [30/Apr/2021:08:46:30 +0800] "GET /xingrg/javascript/jquery_ui/themes/humanity/humanity.css HTTP/1.1" 200 27801
116.233.76.107 - - [30/Apr/2021:08:46:30 +0800] "GET /xingrg/images/blue/button/cgshd.gif HTTP/1.1" 200 2618
116.233.76.107 - - [30/Apr/2021:08:46:30 +0800] "GET /xingrg/javascript/myfunction.js HTTP/1.1" 200 24559
116.233.76.107 - - [30/Apr/2021:08:46:30 +0800] "GET /xingrg/images/blue/button/cgfkd.gif HTTP/1.1" 200 2075
116.233.76.107 - - [30/Apr/2021:08:46:30 +0800] "GET /xingrg/images/blue/button/kc.gif HTTP/1.1" 200 2160
116.233.76.107 - - [30/Apr/2021:08:46:30 +0800] "GET /xingrg/images/blue/button/ckthd.gif HTTP/1.1" 200 2045
116.233.76.107 - - [30/Apr/2021:08:46:30 +0800] "GET /xingrg/images/blue/pic_form2.gif HTTP/1.1" 200 1853
116.233.76.107 - - [30/Apr/2021:08:46:30 +0800] "GET /xingrg/images/blue/button/right_ah.jpg HTTP/1.1" 200 1744
116.233.76.107 - - [30/Apr/2021:08:46:30 +0800] "GET /xingrg/images/blue/button/down_ah.jpg HTTP/1.1" 200 1732
116.233.76.107 - - [30/Apr/2021:08:46:30 +0800] "GET /xingrg/images/blue/bg_dotted.jpg HTTP/1.1" 200 319
116.233.76.107 - - [30/Apr/2021:08:46:30 +0800] "GET /xingrg/javascript/jquery_ui/themes/humanity/images/ui-bg_inset-soft_100_f4f0ec_1x100.png HTTP/1.1" 200 141
116.233.76.107 - - [30/Apr/2021:08:46:30 +0800] "GET /xingrg/javascript/jquery_ui/themes/humanity/images/ui-icons_c47a23_256x240.png HTTP/1.1" 200 5355
120.253.135.82 - - [30/Apr/2021:08:46:30 +0800] "POST /xingrg/kc/pszx/mdps_list_operate.html HTTP/1.1" 200 205
116.233.76.107 - - [30/Apr/2021:08:46:31 +0800] "GET /xingrg/kc/buy/cgsh_order_list.html HTTP/1.1" 200 46510
116.233.76.107 - - [30/Apr/2021:08:46:31 +0800] "GET /xingrg/css/base.css HTTP/1.1" 200 2811
116.233.76.107 - - [30/Apr/2021:08:46:31 +0800] "GET /xingrg/css/site.css HTTP/1.1" 200 7541
116.233.76.107 - - [30/Apr/2021:08:46:31 +0800] "GET /xingrg/javascript/jquery_tools/datebox.css HTTP/1.1" 200 2597
116.233.76.107 - - [30/Apr/2021:08:46:31 +0800] "GET /xingrg/javascript/auto/jquery.autocomplete.css HTTP/1.1" 200 587
116.233.76.107 - - [30/Apr/2021:08:46:31 +0800] "GET /xingrg/javascript/easyui/themes/icon.css HTTP/1.1" 200 4483
116.233.76.107 - - [30/Apr/2021:08:46:31 +0800] "GET /xingrg/javascript/jquery_tools/fix.css HTTP/1.1" 200 1702
116.233.76.107 - - [30/Apr/2021:08:46:31 +0800] "GET /xingrg/javascript/jquery_tools/jquery.tools.min.js HTTP/1.1" 200 138801
116.233.76.107 - - [30/Apr/2021:08:46:31 +0800] "GET /xingrg/javascript/jquery_tools/table.css HTTP/1.1" 200 1032
116.233.76.107 - - [30/Apr/2021:08:46:31 +0800] "GET /xingrg/javascript/jquery_tools/jquery.tools.hotkey.js HTTP/1.1" 200 3242
116.233.76.107 - - [30/Apr/2021:08:46:31 +0800] "GET /xingrg/javascript/easyui/themes/default/easyui.css HTTP/1.1" 200 30432
116.233.76.107 - - [30/Apr/2021:08:46:31 +0800] "GET /xingrg/javascript/jquery_tools/jquery.tools.extend.js HTTP/1.1" 200 15385
116.233.76.107 - - [30/Apr/2021:08:46:31 +0800] "GET /xingrg/javascript/jquery_tools/list_manager.js HTTP/1.1" 200 3652
116.233.76.107 - - [30/Apr/2021:08:46:31 +0800] "GET /xingrg/javascript/jquery_tools/jquery.tools.table.js HTTP/1.1" 200 6994
116.233.76.107 - - [30/Apr/2021:08:46:31 +0800] "GET /xingrg/javascript/easyui/easyloader.js HTTP/1.1" 200 5975
116.233.76.107 - - [30/Apr/2021:08:46:31 +0800] "GET /xingrg/javascript/jquery.cookie.js HTTP/1.1" 200 5513
116.233.76.107 - - [30/Apr/2021:08:46:31 +0800] "GET /xingrg/javascript/print/LodopFuncs.js HTTP/1.1" 200 5121
116.233.76.107 - - [30/Apr/2021:08:46:31 +0800] "GET /xingrg/javascript/auto/jquery.autocomplete.js HTTP/1.1" 200 21624
116.233.76.107 - - [30/Apr/2021:08:46:31 +0800] "GET /xingrg/javascript/easyui/themes/icons/edit_add_new.png HTTP/1.1" 200 2997
116.233.76.107 - - [30/Apr/2021:08:46:31 +0800] "GET /xingrg/javascript/easyui/themes/icons/check_new.png HTTP/1.1" 200 3224
116.233.76.107 - - [30/Apr/2021:08:46:31 +0800] "GET /xingrg/javascript/easyui/themes/icons/cance_new.png HTTP/1.1" 200 3986
116.233.76.107 - - [30/Apr/2021:08:46:31 +0800] "GET /xingrg/javascript/easyui/themes/icons/field_new.png HTTP/1.1" 200 1097
116.233.76.107 - - [30/Apr/2021:08:46:31 +0800] "GET /xingrg/javascript/easyui/themes/icons/import_new.png HTTP/1.1" 200 1247
116.233.76.107 - - [30/Apr/2021:08:46:31 +0800] "GET /xingrg/javascript/easyui/plugins/jquery.parser.js HTTP/1.1" 200 1142
116.233.76.107 - - [30/Apr/2021:08:46:31 +0800] "GET /xingrg/images/control/ajaxLoader.gif HTTP/1.1" 200 4659
58.37.228.113 - - [30/Apr/2021:08:46:31 +0800] "GET /xingrg/all/function/internal_message.html?_=1619743569822&CODE_STATE=getMsg HTTP/1.1" 200 27
116.233.76.107 - - [30/Apr/2021:08:46:32 +0800] "POST /xingrg/kc/buy/cgsh_list_operate.html HTTP/1.1" 200 876
116.233.76.107 - - [30/Apr/2021:08:46:33 +0800] "GET /xingrg/javascript/easyui/themes/default/images/button_plain_hover.png HTTP/1.1" 200 144
116.233.76.107 - - [30/Apr/2021:08:46:34 +0800] "GET /xingrg/javascript/convert.js HTTP/1.1" 200 1239
116.233.76.107 - - [30/Apr/2021:08:46:34 +0800] "GET /xingrg/javascript/jquery_tools/order_manager.js HTTP/1.1" 200 11183
116.233.76.107 - - [30/Apr/2021:08:46:34 +0800] "GET /xingrg/javascript/json2.js HTTP/1.1" 200 11259
116.233.76.107 - - [30/Apr/2021:08:46:34 +0800] "GET /xingrg/javascript/print/kc_print.js HTTP/1.1" 200 11415
116.233.76.107 - - [30/Apr/2021:08:46:34 +0800] "GET /xingrg/kc/buy/cgsh_order_add.html HTTP/1.1" 200 62289
116.233.76.107 - - [30/Apr/2021:08:46:34 +0800] "GET /xingrg/words/20210429172507_words.js HTTP/1.1" 200 810623
116.233.76.107 - - [30/Apr/2021:08:46:34 +0800] "GET /xingrg/javascript/easyui/themes/icons/copy_new.png HTTP/1.1" 200 815
116.233.76.107 - - [30/Apr/2021:08:46:34 +0800] "GET /xingrg/javascript/easyui/themes/icons/template_new.png HTTP/1.1" 200 3956
116.233.76.107 - - [30/Apr/2021:08:46:34 +0800] "GET /xingrg/javascript/easyui/themes/icons/print.png HTTP/1.1" 200 1057
116.233.76.107 - - [30/Apr/2021:08:46:34 +0800] "GET /xingrg/javascript/easyui/themes/icons/ok.png HTTP/1.1" 200 883
116.233.76.107 - - [30/Apr/2021:08:46:34 +0800] "GET /xingrg/javascript/easyui/themes/default/images/menu_downarrow.png HTTP/1.1" 200 173
124.77.71.179 - - [30/Apr/2021:08:46:34 +0800] "GET /xingrg/check_reg.html?_=1619743581156 HTTP/1.1" 200 22
116.233.76.107 - - [30/Apr/2021:08:46:34 +0800] "GET /xingrg/javascript/easyui/themes/icons/cancel.png HTTP/1.1" 200 1133
124.77.71.179 - - [30/Apr/2021:08:46:34 +0800] "GET /xingrg/all/function/internal_message.html?_=1619743581186&CODE_STATE=getMsg HTTP/1.1" 200 27
124.77.71.179 - - [30/Apr/2021:08:46:34 +0800] "GET /xingrg/kc/base/wldb_order_operate.html?command=get_materiel&rest_code=00107&base_code=0010152&code=00102002197 HTTP/1.1" 200 444
116.233.76.107 - - [30/Apr/2021:08:46:34 +0800] "POST /xingrg/kc/buy/cgsh_order_operate.html HTTP/1.1" 200 8245
116.233.76.107 - - [30/Apr/2021:08:46:34 +0800] "GET /xingrg/all/common/auto_word.html?type=employee&rest_code=00109 HTTP/1.1" 200 205
116.233.76.107 - - [30/Apr/2021:08:46:34 +0800] "GET /xingrg/javascript/easyui/themes/icons/edit_remove.png HTTP/1.1" 200 625
116.233.76.107 - - [30/Apr/2021:08:46:34 +0800] "GET /xingrg/all/common/auto_word.html?type=employee&rest_code=00109 HTTP/1.1" 200 205
116.233.76.107 - - [30/Apr/2021:08:46:34 +0800] "GET /xingrg/javascript/easyui/themes/default/validatebox.css HTTP/1.1" 404 1104
116.233.76.107 - - [30/Apr/2021:08:46:34 +0800] "GET /xingrg/javascript/easyui/plugins/jquery.validatebox.js HTTP/1.1" 200 6103
116.233.76.107 - - [30/Apr/2021:08:46:34 +0800] "GET /xingrg/javascript/easyui/plugins/jquery.numberbox.js HTTP/1.1" 200 5213
58.40.7.146 - - [30/Apr/2021:08:46:36 +0800] "GET /xingrg/all/function/internal_message.html?_=1619743590882&CODE_STATE=getMsg HTTP/1.1" 200 27
180.161.124.236 - - [30/Apr/2021:08:46:37 +0800] "GET /xingrg/all/function/internal_message.html?_=1619743876036&CODE_STATE=getMsg HTTP/1.1" 200 27
120.253.135.82 - - [30/Apr/2021:08:46:37 +0800] "GET /xingrg/kc/pszx/mdqp_order_list.html?state=10 HTTP/1.1" 200 10611
120.253.135.82 - - [30/Apr/2021:08:46:37 +0800] "GET /xingrg/dwr/interface/AjaxReportQueryService.js HTTP/1.1" 200 13203
120.253.135.82 - - [30/Apr/2021:08:46:37 +0800] "GET /xingrg/dwr/interface/AjaxQqpsService.js HTTP/1.1" 200 16326
120.253.135.82 - - [30/Apr/2021:08:46:37 +0800] "GET /xingrg/dwr/engine.js HTTP/1.1" 200 43631
116.233.76.107 - - [30/Apr/2021:08:46:39 +0800] "GET /xingrg/javascript/jquery_tools/images/next.gif HTTP/1.1" 404 1086
116.233.76.107 - - [30/Apr/2021:08:46:39 +0800] "GET /xingrg/javascript/jquery_tools/images/prev.gif HTTP/1.1" 404 1086
120.253.135.82 - - [30/Apr/2021:08:46:40 +0800] "GET /xingrg/kc/pszx/mdqp_order_info.html?code=302021042900555 HTTP/1.1" 200 13350
120.253.135.82 - - [30/Apr/2021:08:46:40 +0800] "GET /xingrg/dwr/interface/AjaxComOrderService.js HTTP/1.1" 200 18264
120.253.135.82 - - [30/Apr/2021:08:46:40 +0800] "GET /xingrg/dwr/interface/AjaxQqpsService.js HTTP/1.1" 200 16326
120.253.135.82 - - [30/Apr/2021:08:46:40 +0800] "GET /xingrg/dwr/engine.js HTTP/1.1" 200 43631
120.253.135.82 - - [30/Apr/2021:08:46:41 +0800] "POST /xingrg/dwr/call/plaincall/AjaxQqpsService.loadMaterielItems.dwr HTTP/1.1" 200 395
124.77.71.179 - - [30/Apr/2021:08:46:43 +0800] "GET /xingrg/kc/base/wldb_order_operate.html?command=get_materiel&rest_code=00107&base_code=0010152&code=00102002198 HTTP/1.1" 200 435
116.233.76.107 - - [30/Apr/2021:08:46:45 +0800] "GET /xingrg/kc/buy/cgsh_order_operate.html?command=get_materiel&rest_code=00109&code=00101008256&supplier_code=00100005&order_time=2021-04-30 HTTP/1.1" 200 412
124.77.71.179 - - [30/Apr/2021:08:46:50 +0800] "POST /xingrg/kc/base/wldb_order_operate.html HTTP/1.1" 200 37
124.77.71.179 - - [30/Apr/2021:08:46:50 +0800] "POST /xingrg/kc/base/wldb_order_operate.html HTTP/1.1" 200 2690
124.77.71.179 - - [30/Apr/2021:08:46:51 +0800] "GET /xingrg/kc/base/wldb_order_info.html?code=422021043003219 HTTP/1.1" 200 30524
124.77.71.179 - - [30/Apr/2021:08:46:52 +0800] "GET /xingrg/javascript/easyui/themes/default/validatebox.css HTTP/1.1" 404 1104
124.77.71.179 - - [30/Apr/2021:08:46:52 +0800] "POST /xingrg/kc/base/wldb_order_operate.html HTTP/1.1" 200 2690
116.233.76.107 - - [30/Apr/2021:08:46:53 +0800] "GET /xingrg/kc/buy/cgsh_order_operate.html?command=get_materiel&rest_code=00109&code=00101008257&supplier_code=00100005&order_time=2021-04-30 HTTP/1.1" 200 416
124.77.71.179 - - [30/Apr/2021:08:46:54 +0800] "GET /xingrg/kc/base/wldb_order_add.html HTTP/1.1" 200 30510
124.77.71.179 - - [30/Apr/2021:08:46:55 +0800] "POST /xingrg/kc/base/wldb_order_operate.html HTTP/1.1" 200 6806
124.77.71.179 - - [30/Apr/2021:08:46:55 +0800] "GET /xingrg/javascript/easyui/themes/default/validatebox.css HTTP/1.1" 404 1104
180.169.147.146 - - [30/Apr/2021:08:46:56 +0800] "GET /xingrg/all/function/internal_message.html?_=1619743611322&CODE_STATE=getMsg HTTP/1.1" 200 27
124.77.71.179 - - [30/Apr/2021:08:46:57 +0800] "POST /xingrg/all/common/load_combo.html?type=base HTTP/1.1" 200 3324
116.233.76.107 - - [30/Apr/2021:08:46:57 +0800] "GET /xingrg/kc/buy/cgsh_order_operate.html?command=get_materiel&rest_code=00109&code=00101008155&supplier_code=00100005&order_time=2021-04-30 HTTP/1.1" 200 408
172.20.0.100 - - [30/Apr/2021:08:47:00 +0800] "GET /xingrg/all/function/internal_message.html?_=1619743615005&CODE_STATE=getMsg HTTP/1.1" 200 27
58.37.228.113 - - [30/Apr/2021:08:47:03 +0800] "GET /xingrg/check_reg.html?_=1619743601082 HTTP/1.1" 200 22
116.233.76.107 - - [30/Apr/2021:08:47:03 +0800] "GET /xingrg/kc/buy/cgsh_order_operate.html?command=get_materiel&rest_code=00109&code=00101008185&supplier_code=00100005&order_time=2021-04-30 HTTP/1.1" 200 408
116.224.253.72 - - [30/Apr/2021:08:47:03 +0800] "GET /xingrg/all/function/internal_message.html?_=1619743619509&CODE_STATE=getMsg HTTP/1.1" 200 27
116.230.110.80 - - [30/Apr/2021:08:47:05 +0800] "GET /xingrg/all/function/internal_message.html?_=1619743618512&CODE_STATE=getMsg HTTP/1.1" 200 27
116.233.76.107 - - [30/Apr/2021:08:47:06 +0800] "GET /xingrg/all/function/internal_message.html?_=1619743621074&CODE_STATE=getMsg HTTP/1.1" 200 27
116.233.76.107 - - [30/Apr/2021:08:47:08 +0800] "GET /xingrg/kc/buy/cgsh_order_operate.html?command=get_materiel&rest_code=00109&code=00101008354&supplier_code=00100005&order_time=2021-04-30 HTTP/1.1" 200 412
124.77.71.179 - - [30/Apr/2021:08:47:09 +0800] "POST /xingrg/all/common/load_combo.html?type=base HTTP/1.1" 200 3324
116.233.76.107 - - [30/Apr/2021:08:47:14 +0800] "GET /xingrg/kc/buy/cgsh_order_operate.html?command=get_materiel&rest_code=00109&code=00101008351&supplier_code=00100005&order_time=2021-04-30 HTTP/1.1" 200 408
116.230.114.112 - - [30/Apr/2021:08:47:16 +0800] "GET /xingrg/all/function/internal_message.html?_=1619743650022&CODE_STATE=getMsg HTTP/1.1" 200 27
120.253.135.82 - - [30/Apr/2021:08:47:18 +0800] "GET /xingrg/all/function/internal_message.html?_=1619743413459&CODE_STATE=getMsg HTTP/1.1" 200 27
117.184.7.30 - - [30/Apr/2021:08:47:19 +0800] "GET /xingrg/all/function/internal_message.html?_=1619743627425&CODE_STATE=getMsg HTTP/1.1" 200 27
116.233.76.107 - - [30/Apr/2021:08:47:21 +0800] "GET /xingrg/kc/buy/cgsh_order_operate.html?command=get_materiel&rest_code=00109&code=00101008110&supplier_code=00100005&order_time=2021-04-30 HTTP/1.1" 200 408
116.224.253.72 - - [30/Apr/2021:08:47:22 +0800] "GET /xingrg/all/function/internal_message.html?_=1619743638876&CODE_STATE=getMsg HTTP/1.1" 200 27
61.165.42.208 - - [30/Apr/2021:08:47:22 +0800] "GET /xingrg/all/function/internal_message.html?_=1619743639130&CODE_STATE=getMsg HTTP/1.1" 200 27
61.165.42.208 - - [30/Apr/2021:08:47:22 +0800] "GET /xingrg/check_reg.html?_=1619743639130 HTTP/1.1" 200 22
61.165.42.208 - - [30/Apr/2021:08:47:23 +0800] "POST /xingrg/kc/buy/cgsh_order_operate.html HTTP/1.1" 200 55867
114.86.187.76 - - [30/Apr/2021:08:47:23 +0800] "GET /xingrg/all/function/internal_message.html?_=1619743639907&CODE_STATE=getMsg HTTP/1.1" 200 27
116.224.253.72 - - [30/Apr/2021:08:47:24 +0800] "GET /xingrg/kc/buy/cgsh_order_operate.html?command=get_materiel&rest_code=00151&code=00101008095&supplier_code=00100007&order_time=2021-04-30 HTTP/1.1" 200 412
114.88.160.164 - - [30/Apr/2021:08:47:24 +0800] "GET /xingrg/all/function/internal_message.html?_=1619743609673&CODE_STATE=getMsg HTTP/1.1" 302 -
101.83.241.14 - - [30/Apr/2021:08:47:27 +0800] "GET /xingrg/all/function/internal_message.html?_=1619743642804&CODE_STATE=getMsg HTTP/1.1" 200 27
116.230.110.80 - - [30/Apr/2021:08:47:27 +0800] "GET /xingrg/check_reg.html?_=1619743640559 HTTP/1.1" 200 22
116.233.76.107 - - [30/Apr/2021:08:47:27 +0800] "GET /xingrg/kc/buy/cgsh_order_operate.html?command=get_materiel&rest_code=00109&code=00101008038&supplier_code=00100005&order_time=2021-04-30 HTTP/1.1" 200 431
124.77.71.179 - - [30/Apr/2021:08:47:29 +0800] "GET /xingrg/kc/base/wldb_order_operate.html?command=get_materiel&rest_code=00107&base_code=0010152&code=00102002114 HTTP/1.1" 200 463
58.37.228.113 - - [30/Apr/2021:08:47:31 +0800] "GET /xingrg/all/function/internal_message.html?_=1619743629799&CODE_STATE=getMsg HTTP/1.1" 200 27
116.233.76.107 - - [30/Apr/2021:08:47:33 +0800] "GET /xingrg/kc/buy/cgsh_order_operate.html?command=get_materiel&rest_code=00109&code=00101008163&supplier_code=00100005&order_time=2021-04-30 HTTP/1.1" 200 409
124.77.71.179 - - [30/Apr/2021:08:47:35 +0800] "GET /xingrg/all/function/internal_message.html?_=1619743642130&CODE_STATE=getMsg HTTP/1.1" 200 27
124.77.71.179 - - [30/Apr/2021:08:47:35 +0800] "POST /xingrg/kc/base/wldb_order_operate.html HTTP/1.1" 200 37
124.77.71.179 - - [30/Apr/2021:08:47:35 +0800] "POST /xingrg/kc/base/wldb_order_operate.html HTTP/1.1" 200 2212
58.40.7.146 - - [30/Apr/2021:08:47:36 +0800] "GET /xingrg/all/function/internal_message.html?_=1619743650886&CODE_STATE=getMsg HTTP/1.1" 200 27
124.77.71.179 - - [30/Apr/2021:08:47:36 +0800] "GET /xingrg/kc/base/wldb_order_info.html?code=422021043003220 HTTP/1.1" 200 30527
116.224.253.72 - - [30/Apr/2021:08:47:37 +0800] "GET /xingrg/kc/buy/cgsh_order_operate.html?command=get_materiel&rest_code=00151&code=00101008221&supplier_code=00100007&order_time=2021-04-30 HTTP/1.1" 200 412
180.161.124.236 - - [30/Apr/2021:08:47:37 +0800] "GET /xingrg/all/function/internal_message.html?_=1619743936066&CODE_STATE=getMsg HTTP/1.1" 200 27
124.77.71.179 - - [30/Apr/2021:08:47:37 +0800] "GET /xingrg/javascript/easyui/themes/default/validatebox.css HTTP/1.1" 404 1104
124.77.71.179 - - [30/Apr/2021:08:47:37 +0800] "POST /xingrg/kc/base/wldb_order_operate.html HTTP/1.1" 200 2212
124.77.71.179 - - [30/Apr/2021:08:47:39 +0800] "GET /xingrg/kc/base/wldb_order_add.html HTTP/1.1" 200 30510
116.233.76.107 - - [30/Apr/2021:08:47:39 +0800] "GET /xingrg/kc/buy/cgsh_order_operate.html?command=get_materiel&rest_code=00109&code=00101008355&supplier_code=00100005&order_time=2021-04-30 HTTP/1.1" 200 408
124.77.71.179 - - [30/Apr/2021:08:47:40 +0800] "GET /xingrg/javascript/easyui/themes/default/validatebox.css HTTP/1.1" 404 1104
124.77.71.179 - - [30/Apr/2021:08:47:40 +0800] "POST /xingrg/kc/base/wldb_order_operate.html HTTP/1.1" 200 6806
124.77.71.179 - - [30/Apr/2021:08:47:41 +0800] "POST /xingrg/all/common/load_combo.html?type=base HTTP/1.1" 200 3324
116.233.76.107 - - [30/Apr/2021:08:47:44 +0800] "GET /xingrg/kc/buy/cgsh_order_operate.html?command=get_materiel&rest_code=00109&code=00101008264&supplier_code=00100005&order_time=2021-04-30 HTTP/1.1" 200 412
124.77.71.179 - - [30/Apr/2021:08:47:45 +0800] "POST /xingrg/all/common/load_combo.html?type=base HTTP/1.1" 200 3324
116.230.114.112 - - [30/Apr/2021:08:47:48 +0800] "GET /xingrg/check_reg.html?_=1619743681262 HTTP/1.1" 200 22
116.224.253.72 - - [30/Apr/2021:08:47:48 +0800] "GET /xingrg/kc/buy/cgsh_order_operate.html?command=get_materiel&rest_code=00151&code=00101008165&supplier_code=00100007&order_time=2021-04-30 HTTP/1.1" 200 416
116.233.76.107 - - [30/Apr/2021:08:47:50 +0800] "GET /xingrg/kc/buy/cgsh_order_operate.html?command=get_materiel&rest_code=00109&code=00101008300&supplier_code=00100005&order_time=2021-04-30 HTTP/1.1" 200 412
124.77.71.179 - - [30/Apr/2021:08:47:53 +0800] "GET /xingrg/kc/base/wldb_order_operate.html?command=get_materiel&rest_code=00107&base_code=0010152&code=00102001084 HTTP/1.1" 200 432
116.233.76.107 - - [30/Apr/2021:08:47:55 +0800] "GET /xingrg/kc/buy/cgsh_order_operate.html?command=get_materiel&rest_code=00109&code=00101008439&supplier_code=00100005&order_time=2021-04-30 HTTP/1.1" 200 399
180.169.147.146 - - [30/Apr/2021:08:47:56 +0800] "GET /xingrg/all/function/internal_message.html?_=1619743671326&CODE_STATE=getMsg HTTP/1.1" 200 27
61.165.42.208 - - [30/Apr/2021:08:47:57 +0800] "GET /xingrg/kc/buy/cgsh_order_operate.html?command=get_materiel&rest_code=00105&code=00101008264&supplier_code=00100203&order_time=2021-04-30 HTTP/1.1" 200 412
120.253.135.82 - - [30/Apr/2021:08:47:58 +0800] "GET /xingrg/check_reg.html?_=1619743687676 HTTP/1.1" 200 22
172.20.0.100 - - [30/Apr/2021:08:48:00 +0800] "GET /xingrg/all/function/internal_message.html?_=1619743675007&CODE_STATE=getMsg HTTP/1.1" 200 27
116.233.76.107 - - [30/Apr/2021:08:48:01 +0800] "GET /xingrg/kc/buy/cgsh_order_operate.html?command=get_materiel&rest_code=00109&code=00101008137&supplier_code=00100005&order_time=2021-04-30 HTTP/1.1" 200 408
116.224.253.72 - - [30/Apr/2021:08:48:03 +0800] "GET /xingrg/all/function/internal_message.html?_=1619743679522&CODE_STATE=getMsg HTTP/1.1" 200 27
116.224.253.72 - - [30/Apr/2021:08:48:03 +0800] "GET /xingrg/check_reg.html?_=1619743679526 HTTP/1.1" 200 22
116.230.110.80 - - [30/Apr/2021:08:48:05 +0800] "GET /xingrg/all/function/internal_message.html?_=1619743678497&CODE_STATE=getMsg HTTP/1.1" 200 27
116.233.76.107 - - [30/Apr/2021:08:48:06 +0800] "GET /xingrg/all/function/internal_message.html?_=1619743681079&CODE_STATE=getMsg HTTP/1.1" 200 27
116.233.76.107 - - [30/Apr/2021:08:48:06 +0800] "GET /xingrg/check_reg.html?_=1619743681082 HTTP/1.1" 200 22
124.77.71.179 - - [30/Apr/2021:08:48:06 +0800] "GET /xingrg/kc/base/wldb_order_operate.html?command=get_materiel&rest_code=00107&base_code=0010152&code=00102002006 HTTP/1.1" 200 469
116.233.76.107 - - [30/Apr/2021:08:48:06 +0800] "GET /xingrg/kc/buy/cgsh_order_operate.html?command=get_materiel&rest_code=00109&code=00101008360&supplier_code=00100005&order_time=2021-04-30 HTTP/1.1" 200 412
116.224.253.72 - - [30/Apr/2021:08:48:08 +0800] "GET /xingrg/kc/buy/cgsh_order_operate.html?command=get_materiel&rest_code=00151&code=00101008351&supplier_code=00100007&order_time=2021-04-30 HTTP/1.1" 200 408
101.83.241.14 - - [30/Apr/2021:08:48:11 +0800] "GET /xingrg/kc/buy/cgsh_order_operate.html?command=get_materiel&rest_code=00149&code=00101008355&supplier_code=00100005&order_time=2021-04-30 HTTP/1.1" 200 408
120.253.135.82 - - [30/Apr/2021:08:48:14 +0800] "GET /xingrg/check_reg.html?_=1619743469915 HTTP/1.1" 200 22
116.233.76.107 - - [30/Apr/2021:08:48:15 +0800] "GET /xingrg/kc/buy/cgsh_order_operate.html?command=get_materiel&rest_code=00109&code=00101008351&supplier_code=00100005&order_time=2021-04-30 HTTP/1.1" 200 408
116.230.114.112 - - [30/Apr/2021:08:48:16 +0800] "GET /xingrg/all/function/internal_message.html?_=1619743710029&CODE_STATE=getMsg HTTP/1.1" 200 27
124.77.71.179 - - [30/Apr/2021:08:48:16 +0800] "GET /xingrg/kc/base/wldb_order_operate.html?command=get_materiel&rest_code=00107&base_code=0010152&code=00102002391 HTTP/1.1" 200 435
116.224.253.72 - - [30/Apr/2021:08:48:17 +0800] "GET /xingrg/kc/buy/cgsh_order_operate.html?command=get_materiel&rest_code=00151&code=00101008264&supplier_code=00100007&order_time=2021-04-30 HTTP/1.1" 200 412
120.253.135.82 - - [30/Apr/2021:08:48:18 +0800] "GET /xingrg/all/function/internal_message.html?_=1619743473472&CODE_STATE=getMsg HTTP/1.1" 200 27
117.184.7.30 - - [30/Apr/2021:08:48:19 +0800] "GET /xingrg/check_reg.html?_=1619743687425 HTTP/1.1" 200 22
117.184.7.30 - - [30/Apr/2021:08:48:20 +0800] "GET /xingrg/all/function/internal_message.html?_=1619743687427&CODE_STATE=getMsg HTTP/1.1" 200 27
116.233.76.107 - - [30/Apr/2021:08:48:20 +0800] "GET /xingrg/kc/buy/cgsh_order_operate.html?command=get_materiel&rest_code=00109&code=00101008270&supplier_code=00100005&order_time=2021-04-30 HTTP/1.1" 200 412
116.224.253.72 - - [30/Apr/2021:08:48:22 +0800] "GET /xingrg/all/function/internal_message.html?_=1619743698889&CODE_STATE=getMsg HTTP/1.1" 200 27
61.165.42.208 - - [30/Apr/2021:08:48:22 +0800] "GET /xingrg/all/function/internal_message.html?_=1619743699102&CODE_STATE=getMsg HTTP/1.1" 200 27
114.86.187.76 - - [30/Apr/2021:08:48:22 +0800] "GET /xingrg/check_reg.html?_=1619743699439 HTTP/1.1" 200 22
114.86.187.76 - - [30/Apr/2021:08:48:23 +0800] "GET /xingrg/all/function/internal_message.html?_=1619743699919&CODE_STATE=getMsg HTTP/1.1" 200 27
114.88.160.164 - - [30/Apr/2021:08:48:24 +0800] "GET /xingrg/all/function/internal_message.html?_=1619743669674&CODE_STATE=getMsg HTTP/1.1" 302 -
114.88.160.164 - - [30/Apr/2021:08:48:24 +0800] "GET /xingrg/check_reg.html?_=1619743669678 HTTP/1.1" 302 -
124.77.71.179 - - [30/Apr/2021:08:48:24 +0800] "GET /xingrg/kc/base/wldb_order_operate.html?command=get_materiel&rest_code=00107&base_code=0010152&code=00102002451 HTTP/1.1" 200 420
116.233.76.107 - - [30/Apr/2021:08:48:26 +0800] "GET /xingrg/kc/buy/cgsh_order_operate.html?command=get_materiel&rest_code=00109&code=00101008357&supplier_code=00100005&order_time=2021-04-30 HTTP/1.1" 200 408
101.83.241.14 - - [30/Apr/2021:08:48:27 +0800] "GET /xingrg/all/function/internal_message.html?_=1619743702809&CODE_STATE=getMsg HTTP/1.1" 200 27
116.233.76.107 - - [30/Apr/2021:08:48:31 +0800] "GET /xingrg/kc/buy/cgsh_order_operate.html?command=get_materiel&rest_code=00109&code=00101008069&supplier_code=00100005&order_time=2021-04-30 HTTP/1.1" 200 412
58.37.228.113 - - [30/Apr/2021:08:48:31 +0800] "GET /xingrg/all/function/internal_message.html?_=1619743689780&CODE_STATE=getMsg HTTP/1.1" 200 27
124.77.71.179 - - [30/Apr/2021:08:48:35 +0800] "GET /xingrg/all/function/internal_message.html?_=1619743702135&CODE_STATE=getMsg HTTP/1.1" 200 27
58.40.7.146 - - [30/Apr/2021:08:48:36 +0800] "GET /xingrg/all/function/internal_message.html?_=1619743710887&CODE_STATE=getMsg HTTP/1.1" 200 27
116.233.76.107 - - [30/Apr/2021:08:48:36 +0800] "GET /xingrg/kc/buy/cgsh_order_operate.html?command=get_materiel&rest_code=00109&code=00101008286&supplier_code=00100005&order_time=2021-04-30 HTTP/1.1" 200 408
180.161.124.236 - - [30/Apr/2021:08:48:37 +0800] "GET /xingrg/check_reg.html?_=1619743995690 HTTP/1.1" 200 22
180.161.124.236 - - [30/Apr/2021:08:48:37 +0800] "GET /xingrg/all/function/internal_message.html?_=1619743996079&CODE_STATE=getMsg HTTP/1.1" 200 27
116.233.76.107 - - [30/Apr/2021:08:48:38 +0800] "POST /xingrg/kc/buy/cgsh_order_operate.html HTTP/1.1" 200 2065
101.83.241.14 - - [30/Apr/2021:08:48:41 +0800] "GET /xingrg/kc/buy/cgsh_order_operate.html?command=get_materiel&rest_code=00149&code=00101008264&supplier_code=00100005&order_time=2021-04-30 HTTP/1.1" 200 412
116.233.76.107 - - [30/Apr/2021:08:48:43 +0800] "GET /xingrg/kc/buy/cgsh_order_operate.html?command=get_materiel&rest_code=00109&code=00101008036&supplier_code=00100005&order_time=2021-04-30 HTTP/1.1" 200 408
124.77.71.179 - - [30/Apr/2021:08:48:44 +0800] "GET /xingrg/kc/base/wldb_order_operate.html?command=get_materiel&rest_code=00107&base_code=0010152&code=00102002497 HTTP/1.1" 200 442
101.83.241.14 - - [30/Apr/2021:08:48:45 +0800] "POST /xingrg/kc/buy/cgsh_order_operate.html HTTP/1.1" 200 2065
116.233.76.107 - - [30/Apr/2021:08:48:48 +0800] "GET /xingrg/kc/buy/cgsh_order_operate.html?command=get_materiel&rest_code=00109&code=00101008131&supplier_code=00100005&order_time=2021-04-30 HTTP/1.1" 200 408
101.83.241.14 - - [30/Apr/2021:08:48:50 +0800] "GET /xingrg/kc/buy/cgsh_order_operate.html?command=get_materiel&rest_code=00149&code=00101008024&supplier_code=00100005&order_time=2021-04-30 HTTP/1.1" 200 408
124.77.71.179 - - [30/Apr/2021:08:48:51 +0800] "GET /xingrg/kc/base/wldb_order_operate.html?command=get_materiel&rest_code=00107&base_code=0010152&code=00102015006 HTTP/1.1" 200 440
116.233.76.107 - - [30/Apr/2021:08:48:55 +0800] "GET /xingrg/kc/buy/cgsh_order_operate.html?command=get_materiel&rest_code=00109&code=00101008318&supplier_code=00100005&order_time=2021-04-30 HTTP/1.1" 200 408
180.169.147.146 - - [30/Apr/2021:08:48:56 +0800] "GET /xingrg/all/function/internal_message.html?_=1619743731319&CODE_STATE=getMsg HTTP/1.1" 200 27
120.253.135.82 - - [30/Apr/2021:08:48:56 +0800] "GET /xingrg/kc/report/report_main.html HTTP/1.1" 200 9370
124.77.71.179 - - [30/Apr/2021:08:48:58 +0800] "POST /xingrg/kc/base/wldb_order_operate.html HTTP/1.1" 200 37
124.77.71.179 - - [30/Apr/2021:08:48:58 +0800] "POST /xingrg/kc/base/wldb_order_operate.html HTTP/1.1" 200 5067
120.253.135.82 - - [30/Apr/2021:08:48:58 +0800] "GET /xingrg/kc/base/kc_stocks.html HTTP/1.1" 200 16380
120.253.135.82 - - [30/Apr/2021:08:48:58 +0800] "GET /xingrg/javascript/easyui/themes/default/tree.css HTTP/1.1" 404 1090
120.253.135.82 - - [30/Apr/2021:08:48:58 +0800] "POST /xingrg/all/common/load_tree.html?tree=materiel_sort_tree_json HTTP/1.1" 200 8666
124.77.71.179 - - [30/Apr/2021:08:48:59 +0800] "GET /xingrg/kc/base/wldb_order_info.html?code=422021043003221 HTTP/1.1" 200 30525
120.253.135.82 - - [30/Apr/2021:08:49:00 +0800] "POST /xingrg/all/common/load_combo.html?type=base HTTP/1.1" 200 1075
124.77.71.179 - - [30/Apr/2021:08:49:00 +0800] "GET /xingrg/javascript/easyui/themes/default/validatebox.css HTTP/1.1" 404 1104
172.20.0.100 - - [30/Apr/2021:08:49:00 +0800] "GET /xingrg/all/function/internal_message.html?_=1619743735010&CODE_STATE=getMsg HTTP/1.1" 200 27
172.20.0.100 - - [30/Apr/2021:08:49:00 +0800] "GET /xingrg/check_reg.html?_=1619743735012 HTTP/1.1" 200 22
124.77.71.179 - - [30/Apr/2021:08:49:00 +0800] "POST /xingrg/kc/base/wldb_order_operate.html HTTP/1.1" 200 5067
116.224.253.72 - - [30/Apr/2021:08:49:01 +0800] "GET /xingrg/kc/buy/cgsh_order_operate.html?command=get_materiel&rest_code=00151&code=00101008357&supplier_code=00100007&order_time=2021-04-30 HTTP/1.1" 200 408
116.233.76.107 - - [30/Apr/2021:08:49:01 +0800] "GET /xingrg/kc/buy/cgsh_order_operate.html?command=get_materiel&rest_code=00109&code=00101008352&supplier_code=00100005&order_time=2021-04-30 HTTP/1.1" 200 412
124.77.71.179 - - [30/Apr/2021:08:49:02 +0800] "GET /xingrg/kc/base/wldb_order_add.html HTTP/1.1" 200 30510
124.77.71.179 - - [30/Apr/2021:08:49:03 +0800] "GET /xingrg/javascript/easyui/themes/default/validatebox.css HTTP/1.1" 404 1104
124.77.71.179 - - [30/Apr/2021:08:49:03 +0800] "POST /xingrg/kc/base/wldb_order_operate.html HTTP/1.1" 200 6806
116.224.253.72 - - [30/Apr/2021:08:49:03 +0800] "GET /xingrg/all/function/internal_message.html?_=1619743739515&CODE_STATE=getMsg HTTP/1.1" 200 27
124.77.71.179 - - [30/Apr/2021:08:49:04 +0800] "POST /xingrg/all/common/load_combo.html?type=base HTTP/1.1" 200 3324
101.83.241.14 - - [30/Apr/2021:08:49:04 +0800] "GET /xingrg/kc/buy/cgsh_order_operate.html?command=get_materiel&rest_code=00149&code=00101008356&supplier_code=00100005&order_time=2021-04-30 HTTP/1.1" 200 408
116.230.110.80 - - [30/Apr/2021:08:49:05 +0800] "GET /xingrg/all/function/internal_message.html?_=1619743738467&CODE_STATE=getMsg HTTP/1.1" 200 27
124.77.71.179 - - [30/Apr/2021:08:49:05 +0800] "POST /xingrg/all/common/load_combo.html?type=base HTTP/1.1" 200 3324
116.233.76.107 - - [30/Apr/2021:08:49:06 +0800] "GET /xingrg/all/function/internal_message.html?_=1619743741080&CODE_STATE=getMsg HTTP/1.1" 200 27
116.233.76.107 - - [30/Apr/2021:08:49:07 +0800] "GET /xingrg/kc/buy/cgsh_order_operate.html?command=get_materiel&rest_code=00109&code=00101008098&supplier_code=00100005&order_time=2021-04-30 HTTP/1.1" 200 412
116.224.253.72 - - [30/Apr/2021:08:49:08 +0800] "GET /xingrg/kc/buy/cgsh_order_operate.html?command=get_materiel&rest_code=00151&code=00101008300&supplier_code=00100007&order_time=2021-04-30 HTTP/1.1" 200 412
116.224.253.72 - - [30/Apr/2021:08:49:15 +0800] "GET /xingrg/kc/buy/cgsh_order_operate.html?command=get_materiel&rest_code=00151&code=00101008356&supplier_code=00100007&order_time=2021-04-30 HTTP/1.1" 200 408
116.230.114.112 - - [30/Apr/2021:08:49:16 +0800] "GET /xingrg/all/function/internal_message.html?_=1619743770041&CODE_STATE=getMsg HTTP/1.1" 200 27
120.253.135.82 - - [30/Apr/2021:08:49:18 +0800] "GET /xingrg/all/function/internal_message.html?_=1619743533485&CODE_STATE=getMsg HTTP/1.1" 200 27
120.253.135.82 - - [30/Apr/2021:08:49:19 +0800] "POST /xingrg/kc/base/stock_operate.html HTTP/1.1" 200 1465
117.184.7.30 - - [30/Apr/2021:08:49:19 +0800] "GET /xingrg/all/function/internal_message.html?_=1619743747427&CODE_STATE=getMsg HTTP/1.1" 200 27
116.224.253.72 - - [30/Apr/2021:08:49:21 +0800] "GET /xingrg/kc/buy/cgsh_order_operate.html?command=get_materiel&rest_code=00151&code=00101008286&supplier_code=00100007&order_time=2021-04-30 HTTP/1.1" 200 408
61.165.42.208 - - [30/Apr/2021:08:49:22 +0800] "POST /xingrg/all/common/load_select.html HTTP/1.1" 200 12
116.224.253.72 - - [30/Apr/2021:08:49:22 +0800] "GET /xingrg/all/function/internal_message.html?_=1619743758903&CODE_STATE=getMsg HTTP/1.1" 200 27
61.165.42.208 - - [30/Apr/2021:08:49:22 +0800] "GET /xingrg/all/function/internal_message.html?_=1619743759072&CODE_STATE=getMsg HTTP/1.1" 200 27
114.86.187.76 - - [30/Apr/2021:08:49:23 +0800] "GET /xingrg/all/function/internal_message.html?_=1619743759934&CODE_STATE=getMsg HTTP/1.1" 200 27
101.83.241.14 - - [30/Apr/2021:08:49:24 +0800] "GET /xingrg/kc/buy/cgsh_order_operate.html?command=get_materiel&rest_code=00149&code=00101008300&supplier_code=00100005&order_time=2021-04-30 HTTP/1.1" 200 412
114.88.160.164 - - [30/Apr/2021:08:49:24 +0800] "GET /xingrg/all/function/internal_message.html?_=1619743729677&CODE_STATE=getMsg HTTP/1.1" 302 -
101.83.241.14 - - [30/Apr/2021:08:49:27 +0800] "GET /xingrg/check_reg.html?_=1619743762814 HTTP/1.1" 200 22
101.83.241.14 - - [30/Apr/2021:08:49:27 +0800] "GET /xingrg/all/function/internal_message.html?_=1619743762818&CODE_STATE=getMsg HTTP/1.1" 200 27
116.224.253.72 - - [30/Apr/2021:08:49:27 +0800] "GET /xingrg/kc/buy/cgsh_order_operate.html?command=get_materiel&rest_code=00151&code=00101008049&supplier_code=00100007&order_time=2021-04-30 HTTP/1.1" 200 408
58.37.228.113 - - [30/Apr/2021:08:49:31 +0800] "GET /xingrg/all/function/internal_message.html?_=1619743749751&CODE_STATE=getMsg HTTP/1.1" 200 27
124.77.71.179 - - [30/Apr/2021:08:49:35 +0800] "GET /xingrg/all/function/internal_message.html?_=1619743762116&CODE_STATE=getMsg HTTP/1.1" 200 27
58.40.7.146 - - [30/Apr/2021:08:49:36 +0800] "GET /xingrg/check_reg.html?_=1619743770891 HTTP/1.1" 200 22
58.40.7.146 - - [30/Apr/2021:08:49:36 +0800] "GET /xingrg/all/function/internal_message.html?_=1619743770894&CODE_STATE=getMsg HTTP/1.1" 200 27
116.224.253.72 - - [30/Apr/2021:08:49:36 +0800] "GET /xingrg/kc/buy/cgsh_order_operate.html?command=get_materiel&rest_code=00151&code=00101012039&supplier_code=00100007&order_time=2021-04-30 HTTP/1.1" 200 408
180.161.124.236 - - [30/Apr/2021:08:49:37 +0800] "GET /xingrg/all/function/internal_message.html?_=1619744056093&CODE_STATE=getMsg HTTP/1.1" 200 27
124.77.71.179 - - [30/Apr/2021:08:49:42 +0800] "GET /xingrg/kc/base/wldb_order_operate.html?command=get_materiel&rest_code=00107&base_code=0010152&code=00102001012 HTTP/1.1" 200 443
101.83.241.14 - - [30/Apr/2021:08:49:44 +0800] "GET /xingrg/kc/buy/cgsh_order_operate.html?command=get_materiel&rest_code=00149&code=00101008439&supplier_code=00100005&order_time=2021-04-30 HTTP/1.1" 200 399
116.233.76.107 - - [30/Apr/2021:08:49:46 +0800] "POST /xingrg/kc/buy/cgsh_order_operate.html HTTP/1.1" 200 2065
101.83.241.14 - - [30/Apr/2021:08:49:47 +0800] "POST /xingrg/kc/buy/cgsh_order_operate.html HTTP/1.1" 200 2065
124.77.71.179 - - [30/Apr/2021:08:49:52 +0800] "GET /xingrg/kc/base/wldb_order_operate.html?command=get_materiel&rest_code=00107&base_code=0010152&code=00102001046 HTTP/1.1" 200 440
101.83.241.14 - - [30/Apr/2021:08:49:55 +0800] "GET /xingrg/kc/buy/cgsh_order_operate.html?command=get_materiel&rest_code=00149&code=00101008137&supplier_code=00100005&order_time=2021-04-30 HTTP/1.1" 200 408
61.165.42.208 - - [30/Apr/2021:08:49:55 +0800] "GET /xingrg/kc/buy/cgsh_order_operate.html?command=get_materiel_price&rest_code=00105&code=00101008360&unit_code=00100001&supplier_code=00100203&order_time=2021-04-30 HTTP/1.1" 200 27
180.169.147.146 - - [30/Apr/2021:08:49:56 +0800] "GET /xingrg/all/function/internal_message.html?_=1619743791336&CODE_STATE=getMsg HTTP/1.1" 200 27
180.169.147.146 - - [30/Apr/2021:08:49:56 +0800] "GET /xingrg/check_reg.html?_=1619743791338 HTTP/1.1" 200 22
61.165.42.208 - - [30/Apr/2021:08:49:58 +0800] "POST /xingrg/all/common/load_select.html HTTP/1.1" 200 12
172.20.0.100 - - [30/Apr/2021:08:50:00 +0800] "GET /xingrg/all/function/internal_message.html?_=1619743795014&CODE_STATE=getMsg HTTP/1.1" 200 27
116.233.76.107 - - [30/Apr/2021:08:50:03 +0800] "GET /xingrg/kc/buy/cgsh_order_operate.html?command=get_materiel&rest_code=00109&code=00101008005&supplier_code=00100005&order_time=2021-04-30 HTTP/1.1" 200 412
116.224.253.72 - - [30/Apr/2021:08:50:03 +0800] "GET /xingrg/all/function/internal_message.html?_=1619743799519&CODE_STATE=getMsg HTTP/1.1" 200 27
101.83.241.14 - - [30/Apr/2021:08:50:04 +0800] "GET /xingrg/kc/buy/cgsh_order_operate.html?command=get_materiel&rest_code=00149&code=00101008223&supplier_code=00100005&order_time=2021-04-30 HTTP/1.1" 200 412
116.230.110.80 - - [30/Apr/2021:08:50:05 +0800] "GET /xingrg/all/function/internal_message.html?_=1619743798437&CODE_STATE=getMsg HTTP/1.1" 200 27
124.77.71.179 - - [30/Apr/2021:08:50:05 +0800] "GET /xingrg/kc/base/wldb_order_operate.html?command=get_materiel&rest_code=00107&base_code=0010152&code=00102002238 HTTP/1.1" 200 433
116.233.76.107 - - [30/Apr/2021:08:50:06 +0800] "GET /xingrg/all/function/internal_message.html?_=1619743801081&CODE_STATE=getMsg HTTP/1.1" 200 27
116.233.76.107 - - [30/Apr/2021:08:50:08 +0800] "GET /xingrg/kc/buy/cgsh_order_operate.html?command=get_materiel&rest_code=00109&code=00101008353&supplier_code=00100005&order_time=2021-04-30 HTTP/1.1" 200 408
116.233.76.107 - - [30/Apr/2021:08:50:15 +0800] "GET /xingrg/kc/buy/cgsh_order_operate.html?command=get_materiel&rest_code=00109&code=00101008291&supplier_code=00100005&order_time=2021-04-30 HTTP/1.1" 200 408
101.83.241.14 - - [30/Apr/2021:08:50:15 +0800] "GET /xingrg/kc/buy/cgsh_order_operate.html?command=get_materiel&rest_code=00149&code=00101008357&supplier_code=00100005&order_time=2021-04-30 HTTP/1.1" 200 408
116.230.114.112 - - [30/Apr/2021:08:50:16 +0800] "GET /xingrg/all/function/internal_message.html?_=1619743830059&CODE_STATE=getMsg HTTP/1.1" 200 27
120.253.135.82 - - [30/Apr/2021:08:50:18 +0800] "GET /xingrg/all/function/internal_message.html?_=1619743593499&CODE_STATE=getMsg HTTP/1.1" 200 27
117.184.7.30 - - [30/Apr/2021:08:50:20 +0800] "GET /xingrg/all/function/internal_message.html?_=1619743807427&CODE_STATE=getMsg HTTP/1.1" 200 27
116.224.253.72 - - [30/Apr/2021:08:50:22 +0800] "GET /xingrg/all/function/internal_message.html?_=1619743818915&CODE_STATE=getMsg HTTP/1.1" 200 27
61.165.42.208 - - [30/Apr/2021:08:50:22 +0800] "GET /xingrg/all/function/internal_message.html?_=1619743819040&CODE_STATE=getMsg HTTP/1.1" 200 27
116.224.253.72 - - [30/Apr/2021:08:50:22 +0800] "GET /xingrg/kc/buy/cgsh_order_operate.html?command=get_materiel&rest_code=00151&code=00101016025&supplier_code=00100007&order_time=2021-04-30 HTTP/1.1" 200 408
114.86.187.76 - - [30/Apr/2021:08:50:23 +0800] "GET /xingrg/all/function/internal_message.html?_=1619743819947&CODE_STATE=getMsg HTTP/1.1" 200 27
114.88.160.164 - - [30/Apr/2021:08:50:24 +0800] "GET /xingrg/all/function/internal_message.html?_=1619743789677&CODE_STATE=getMsg HTTP/1.1" 302 -
101.83.241.14 - - [30/Apr/2021:08:50:27 +0800] "GET /xingrg/all/function/internal_message.html?_=1619743822809&CODE_STATE=getMsg HTTP/1.1" 200 27
124.77.71.179 - - [30/Apr/2021:08:50:27 +0800] "GET /xingrg/kc/base/wldb_order_operate.html?command=get_materiel&rest_code=00107&base_code=0010152&code=00102002410 HTTP/1.1" 200 438
58.37.228.113 - - [30/Apr/2021:08:50:31 +0800] "GET /xingrg/all/function/internal_message.html?_=1619743809725&CODE_STATE=getMsg HTTP/1.1" 200 27
61.165.42.208 - - [30/Apr/2021:08:50:34 +0800] "GET /xingrg/kc/buy/cgsh_order_operate.html?command=get_materiel_price&rest_code=00105&code=00101008032&unit_code=00100001&supplier_code=00100203&order_time=2021-04-30 HTTP/1.1" 200 27
124.77.71.179 - - [30/Apr/2021:08:50:34 +0800] "GET /xingrg/all/function/internal_message.html?_=1619743822101&CODE_STATE=getMsg HTTP/1.1" 200 27
58.40.7.146 - - [30/Apr/2021:08:50:36 +0800] "GET /xingrg/all/function/internal_message.html?_=1619743830880&CODE_STATE=getMsg HTTP/1.1" 200 27
180.161.124.236 - - [30/Apr/2021:08:50:37 +0800] "GET /xingrg/all/function/internal_message.html?_=1619744116107&CODE_STATE=getMsg HTTP/1.1" 200 27
61.165.42.208 - - [30/Apr/2021:08:50:44 +0800] "POST /xingrg/kc/buy/cgsh_order_operate.html HTTP/1.1" 200 75
116.233.76.107 - - [30/Apr/2021:08:50:46 +0800] "GET /xingrg/kc/buy/cgsh_order_operate.html?command=get_materiel&rest_code=00109&code=00101008312&supplier_code=00100005&order_time=2021-04-30 HTTP/1.1" 200 412
116.233.76.107 - - [30/Apr/2021:08:50:52 +0800] "GET /xingrg/kc/buy/cgsh_order_operate.html?command=get_materiel&rest_code=00109&code=00101008095&supplier_code=00100005&order_time=2021-04-30 HTTP/1.1" 200 412
116.233.76.107 - - [30/Apr/2021:08:50:54 +0800] "POST /xingrg/kc/buy/cgsh_order_operate.html HTTP/1.1" 200 2065
180.169.147.146 - - [30/Apr/2021:08:50:56 +0800] "GET /xingrg/all/function/internal_message.html?_=1619743851331&CODE_STATE=getMsg HTTP/1.1" 200 27
116.233.76.107 - - [30/Apr/2021:08:50:57 +0800] "GET /xingrg/kc/buy/cgsh_order_operate.html?command=get_materiel&rest_code=00109&code=00101008196&supplier_code=00100005&order_time=2021-04-30 HTTP/1.1" 200 416
116.224.253.72 - - [30/Apr/2021:08:50:57 +0800] "GET /xingrg/kc/buy/cgsh_order_operate.html?command=get_materiel&rest_code=00151&code=00101008353&supplier_code=00100007&order_time=2021-04-30 HTTP/1.1" 200 408
172.20.0.100 - - [30/Apr/2021:08:51:00 +0800] "GET /xingrg/all/function/internal_message.html?_=1619743855016&CODE_STATE=getMsg HTTP/1.1" 200 27
116.224.253.72 - - [30/Apr/2021:08:51:03 +0800] "GET /xingrg/all/function/internal_message.html?_=1619743859536&CODE_STATE=getMsg HTTP/1.1" 200 27
116.224.253.72 - - [30/Apr/2021:08:51:04 +0800] "POST /xingrg/kc/buy/cgsh_order_operate.html HTTP/1.1" 200 37
116.230.110.80 - - [30/Apr/2021:08:51:05 +0800] "GET /xingrg/all/function/internal_message.html?_=1619743858407&CODE_STATE=getMsg HTTP/1.1" 200 27
116.233.76.107 - - [30/Apr/2021:08:51:06 +0800] "GET /xingrg/all/function/internal_message.html?_=1619743861086&CODE_STATE=getMsg HTTP/1.1" 200 27
124.77.71.179 - - [30/Apr/2021:08:51:09 +0800] "GET /xingrg/kc/base/wldb_order_operate.html?command=get_materiel&rest_code=00107&base_code=0010152&code=00102002453 HTTP/1.1" 200 435
116.233.76.107 - - [30/Apr/2021:08:51:09 +0800] "GET /xingrg/kc/buy/cgsh_order_operate.html?command=get_materiel&rest_code=00109&code=00101008197&supplier_code=00100005&order_time=2021-04-30 HTTP/1.1" 200 417
116.233.72.76 - - [30/Apr/2021:08:51:10 +0800] "GET /favicon.ico HTTP/1.1" 404 -
116.233.76.107 - - [30/Apr/2021:08:51:15 +0800] "GET /xingrg/kc/buy/cgsh_order_operate.html?command=get_materiel&rest_code=00109&code=00101008221&supplier_code=00100005&order_time=2021-04-30 HTTP/1.1" 200 412
116.230.114.112 - - [30/Apr/2021:08:51:16 +0800] "GET /xingrg/all/function/internal_message.html?_=1619743890068&CODE_STATE=getMsg HTTP/1.1" 200 27
120.253.135.82 - - [30/Apr/2021:08:51:18 +0800] "GET /xingrg/all/function/internal_message.html?_=1619743653513&CODE_STATE=getMsg HTTP/1.1" 200 27
101.83.241.14 - - [30/Apr/2021:08:51:19 +0800] "GET /xingrg/kc/buy/cgsh_order_operate.html?command=get_materiel&rest_code=00149&code=00101008069&supplier_code=00100005&order_time=2021-04-30 HTTP/1.1" 200 412
117.184.7.30 - - [30/Apr/2021:08:51:20 +0800] "GET /xingrg/all/function/internal_message.html?_=1619743867433&CODE_STATE=getMsg HTTP/1.1" 200 27
116.233.76.107 - - [30/Apr/2021:08:51:21 +0800] "GET /xingrg/kc/buy/cgsh_order_operate.html?command=get_materiel&rest_code=00109&code=00101008085&supplier_code=00100005&order_time=2021-04-30 HTTP/1.1" 200 412
61.165.42.208 - - [30/Apr/2021:08:51:22 +0800] "GET /xingrg/all/function/internal_message.html?_=1619743879204&CODE_STATE=getMsg HTTP/1.1" 200 27
114.86.187.76 - - [30/Apr/2021:08:51:23 +0800] "GET /xingrg/all/function/internal_message.html?_=1619743880061&CODE_STATE=getMsg HTTP/1.1" 200 27
114.88.160.164 - - [30/Apr/2021:08:51:24 +0800] "GET /xingrg/all/function/internal_message.html?_=1619743849678&CODE_STATE=getMsg HTTP/1.1" 302 -
101.83.241.14 - - [30/Apr/2021:08:51:27 +0800] "GET /xingrg/all/function/internal_message.html?_=1619743882811&CODE_STATE=getMsg HTTP/1.1" 200 27
116.233.76.107 - - [30/Apr/2021:08:51:27 +0800] "GET /xingrg/kc/buy/cgsh_order_operate.html?command=get_materiel&rest_code=00109&code=00101008125&supplier_code=00100005&order_time=2021-04-30 HTTP/1.1" 200 413
116.233.76.107 - - [30/Apr/2021:08:51:29 +0800] "POST /xingrg/kc/buy/cgsh_order_operate.html HTTP/1.1" 200 2065
124.77.71.179 - - [30/Apr/2021:08:51:31 +0800] "POST /xingrg/kc/base/wldb_order_operate.html HTTP/1.1" 200 37
58.37.228.113 - - [30/Apr/2021:08:51:31 +0800] "GET /xingrg/all/function/internal_message.html?_=1619743869698&CODE_STATE=getMsg HTTP/1.1" 200 27
124.77.71.179 - - [30/Apr/2021:08:51:31 +0800] "POST /xingrg/kc/base/wldb_order_operate.html HTTP/1.1" 200 6008
124.77.71.179 - - [30/Apr/2021:08:51:32 +0800] "GET /xingrg/kc/base/wldb_order_info.html?code=422021043003222 HTTP/1.1" 200 30524
61.165.42.208 - - [30/Apr/2021:08:51:32 +0800] "POST /xingrg/kc/buy/cgsh_order_operate.html HTTP/1.1" 200 75
116.233.76.107 - - [30/Apr/2021:08:51:33 +0800] "GET /xingrg/kc/buy/cgsh_order_operate.html?command=get_materiel&rest_code=00109&code=00101008208&supplier_code=00100005&order_time=2021-04-30 HTTP/1.1" 200 409
124.77.71.179 - - [30/Apr/2021:08:51:34 +0800] "GET /xingrg/javascript/easyui/themes/default/validatebox.css HTTP/1.1" 404 1104
124.77.71.179 - - [30/Apr/2021:08:51:34 +0800] "GET /xingrg/check_reg.html?_=1619743881230 HTTP/1.1" 200 22
124.77.71.179 - - [30/Apr/2021:08:51:34 +0800] "POST /xingrg/kc/base/wldb_order_operate.html HTTP/1.1" 200 6008
124.77.71.179 - - [30/Apr/2021:08:51:34 +0800] "GET /xingrg/all/function/internal_message.html?_=1619743882077&CODE_STATE=getMsg HTTP/1.1" 200 27
58.40.7.146 - - [30/Apr/2021:08:51:36 +0800] "GET /xingrg/all/function/internal_message.html?_=1619743890882&CODE_STATE=getMsg HTTP/1.1" 200 27
124.77.71.179 - - [30/Apr/2021:08:51:36 +0800] "GET /xingrg/kc/base/wldb_order_add.html HTTP/1.1" 200 30510
124.77.71.179 - - [30/Apr/2021:08:51:37 +0800] "GET /xingrg/javascript/easyui/themes/default/validatebox.css HTTP/1.1" 404 1104
124.77.71.179 - - [30/Apr/2021:08:51:37 +0800] "POST /xingrg/kc/base/wldb_order_operate.html HTTP/1.1" 200 6806
180.161.124.236 - - [30/Apr/2021:08:51:37 +0800] "GET /xingrg/all/function/internal_message.html?_=1619744176122&CODE_STATE=getMsg HTTP/1.1" 200 27
124.77.71.179 - - [30/Apr/2021:08:51:38 +0800] "POST /xingrg/all/common/load_combo.html?type=base HTTP/1.1" 200 3324
