114.83.217.136 - - [30/Apr/2021:09:48:26 +0800] "GET /xingrg/all/function/internal_message.html?_=1619747304489&CODE_STATE=getMsg HTTP/1.1" 200 27
116.224.253.72 - - [30/Apr/2021:09:48:27 +0800] "GET /xingrg/kc/base/wldb_order_operate.html?command=get_materiel&rest_code=00150&base_code=0010446&code=00102002362 HTTP/1.1" 200 434
116.230.110.80 - - [30/Apr/2021:09:48:28 +0800] "POST /xingrg/kc/mdqp/pssh_list_operate.html HTTP/1.1" 200 5344
124.77.71.179 - - [30/Apr/2021:09:48:29 +0800] "POST /xingrg/kc/buy/cgsh_order_operate.html HTTP/1.1" 200 37
58.37.228.113 - - [30/Apr/2021:09:48:30 +0800] "GET /xingrg/all/function/internal_message.html?_=1619747288397&CODE_STATE=getMsg HTTP/1.1" 200 27
116.230.110.80 - - [30/Apr/2021:09:48:31 +0800] "GET /xingrg/kc/buy/cgsh_order_list.html HTTP/1.1" 200 46516
116.230.110.80 - - [30/Apr/2021:09:48:31 +0800] "POST /xingrg/kc/mdqp/pssh_list_operate.html HTTP/1.1" 200 5344
124.77.71.179 - - [30/Apr/2021:09:48:32 +0800] "POST /xingrg/kc/buy/cgsh_order_operate.html HTTP/1.1" 200 7401
116.230.110.80 - - [30/Apr/2021:09:48:34 +0800] "POST /xingrg/kc/buy/cgsh_list_operate.html HTTP/1.1" 200 2410
116.230.110.80 - - [30/Apr/2021:09:48:35 +0800] "GET /xingrg/all/function/internal_message.html?_=1619747308643&CODE_STATE=getMsg HTTP/1.1" 200 27
58.40.7.146 - - [30/Apr/2021:09:48:36 +0800] "GET /xingrg/all/function/internal_message.html?_=1619747310931&CODE_STATE=getMsg HTTP/1.1" 200 27
180.161.124.236 - - [30/Apr/2021:09:48:38 +0800] "GET /xingrg/check_reg.html?_=1619747596597 HTTP/1.1" 200 22
117.184.7.26 - - [30/Apr/2021:09:48:38 +0800] "GET /xingrg/all/function/internal_message.html?_=1619747305916&CODE_STATE=getMsg HTTP/1.1" 200 27
116.230.110.80 - - [30/Apr/2021:09:48:40 +0800] "GET /xingrg/kc/buy/cgsh_order_add.html HTTP/1.1" 200 62216
116.230.110.80 - - [30/Apr/2021:09:48:40 +0800] "POST /xingrg/kc/buy/cgsh_order_operate.html HTTP/1.1" 200 8245
116.230.110.80 - - [30/Apr/2021:09:48:40 +0800] "GET /xingrg/javascript/easyui/themes/default/validatebox.css HTTP/1.1" 404 1104
180.161.124.236 - - [30/Apr/2021:09:48:40 +0800] "GET /xingrg/all/function/internal_message.html?_=1619747599487&CODE_STATE=getMsg HTTP/1.1" 200 27
101.83.241.14 - - [30/Apr/2021:09:48:43 +0800] "GET /xingrg/all/function/internal_message.html?_=1619747319047&CODE_STATE=getMsg HTTP/1.1" 200 27
120.253.135.82 - - [30/Apr/2021:09:48:43 +0800] "GET /xingrg/all/function/internal_message.html?_=1619747098629&CODE_STATE=getMsg HTTP/1.1" 200 27
101.83.241.14 - - [30/Apr/2021:09:48:43 +0800] "GET /xingrg/check_reg.html?_=1619747319423 HTTP/1.1" 200 22
116.230.110.80 - - [30/Apr/2021:09:48:48 +0800] "GET /xingrg/kc/buy/cgsh_order_operate.html?command=get_materiel&rest_code=00155&code=00101008256&supplier_code=00100005&order_time=2021-04-30 HTTP/1.1" 200 412
180.169.147.146 - - [30/Apr/2021:09:48:50 +0800] "GET /xingrg/all/function/internal_message.html?_=1619747320120&CODE_STATE=getMsg HTTP/1.1" 200 27
180.169.147.146 - - [30/Apr/2021:09:48:50 +0800] "GET /xingrg/check_reg.html?_=1619747320404 HTTP/1.1" 200 22
116.224.253.72 - - [30/Apr/2021:09:48:51 +0800] "GET /xingrg/all/function/internal_message.html?_=1619747326822&CODE_STATE=getMsg HTTP/1.1" 200 27
116.224.253.72 - - [30/Apr/2021:09:48:51 +0800] "GET /xingrg/kc/base/wldb_order_operate.html?command=get_materiel&rest_code=00150&base_code=0010446&code=00102002192 HTTP/1.1" 200 434
58.40.7.146 - - [30/Apr/2021:09:48:53 +0800] "GET /xingrg/all/function/internal_message.html?_=1619747327934&CODE_STATE=getMsg HTTP/1.1" 200 27
116.233.76.107 - - [30/Apr/2021:09:48:55 +0800] "GET /xingrg/all/function/internal_message.html?_=1619747408312&CODE_STATE=getMsg HTTP/1.1" 200 27
116.230.110.80 - - [30/Apr/2021:09:48:56 +0800] "GET /xingrg/kc/buy/cgsh_order_operate.html?command=get_materiel&rest_code=00155&code=00101008072&supplier_code=00100005&order_time=2021-04-30 HTTP/1.1" 200 408
180.161.124.236 - - [30/Apr/2021:09:48:59 +0800] "GET /xingrg/check_reg.html?_=1619747334098 HTTP/1.1" 200 22
172.20.0.100 - - [30/Apr/2021:09:49:00 +0800] "GET /xingrg/check_reg.html?_=1619747335013 HTTP/1.1" 200 22
172.20.0.100 - - [30/Apr/2021:09:49:00 +0800] "GET /xingrg/all/function/internal_message.html?_=1619747335016&CODE_STATE=getMsg HTTP/1.1" 200 27
180.161.124.236 - - [30/Apr/2021:09:49:01 +0800] "GET /xingrg/all/function/internal_message.html?_=1619747335629&CODE_STATE=getMsg HTTP/1.1" 200 27
116.230.110.80 - - [30/Apr/2021:09:49:03 +0800] "GET /xingrg/kc/buy/cgsh_order_operate.html?command=get_materiel&rest_code=00155&code=00101008350&supplier_code=00100005&order_time=2021-04-30 HTTP/1.1" 200 408
116.233.76.107 - - [30/Apr/2021:09:49:06 +0800] "GET /xingrg/all/function/internal_message.html?_=1619747341239&CODE_STATE=getMsg HTTP/1.1" 200 27
117.185.32.26 - - [30/Apr/2021:09:49:07 +0800] "GET /xingrg/all/function/internal_message.html?_=1619747339181&CODE_STATE=getMsg HTTP/1.1" 200 27
116.230.110.80 - - [30/Apr/2021:09:49:07 +0800] "GET /xingrg/kc/buy/cgsh_order_operate.html?command=get_materiel&rest_code=00155&code=00101008358&supplier_code=00100005&order_time=2021-04-30 HTTP/1.1" 200 412
116.224.253.72 - - [30/Apr/2021:09:49:08 +0800] "POST /xingrg/kc/base/wldb_order_operate.html HTTP/1.1" 200 37
116.224.253.72 - - [30/Apr/2021:09:49:09 +0800] "GET /xingrg/all/function/internal_message.html?_=1619747346316&CODE_STATE=getMsg HTTP/1.1" 200 27
116.224.253.72 - - [30/Apr/2021:09:49:09 +0800] "POST /xingrg/kc/base/wldb_order_operate.html HTTP/1.1" 200 12
116.224.253.72 - - [30/Apr/2021:09:49:09 +0800] "POST /xingrg/kc/base/wldb_order_operate.html HTTP/1.1" 200 3124
116.224.253.72 - - [30/Apr/2021:09:49:11 +0800] "GET /xingrg/kc/base/wldb_order_info.html?code=422021043003242 HTTP/1.1" 200 26394
116.224.253.72 - - [30/Apr/2021:09:49:11 +0800] "GET /xingrg/javascript/easyui/themes/default/validatebox.css HTTP/1.1" 404 1104
116.224.253.72 - - [30/Apr/2021:09:49:11 +0800] "POST /xingrg/kc/base/wldb_order_operate.html HTTP/1.1" 200 1397
116.224.253.72 - - [30/Apr/2021:09:49:14 +0800] "GET /xingrg/kc/base/wldb_order_add.html HTTP/1.1" 200 30514
116.224.253.72 - - [30/Apr/2021:09:49:15 +0800] "POST /xingrg/kc/base/wldb_order_operate.html HTTP/1.1" 200 6806
116.224.253.72 - - [30/Apr/2021:09:49:15 +0800] "GET /xingrg/javascript/easyui/themes/default/validatebox.css HTTP/1.1" 404 1104
116.230.114.112 - - [30/Apr/2021:09:49:18 +0800] "GET /xingrg/all/function/internal_message.html?_=1619747371496&CODE_STATE=getMsg HTTP/1.1" 200 27
116.230.110.80 - - [30/Apr/2021:09:49:20 +0800] "GET /xingrg/kc/buy/cgsh_order_operate.html?command=get_materiel&rest_code=00155&code=00101008477&supplier_code=00100005&order_time=2021-04-30 HTTP/1.1" 200 408
61.165.42.208 - - [30/Apr/2021:09:49:21 +0800] "GET /xingrg/all/function/internal_message.html?_=1619747357611&CODE_STATE=getMsg HTTP/1.1" 200 27
114.88.160.164 - - [30/Apr/2021:09:49:23 +0800] "GET /xingrg/all/function/internal_message.html?_=1619747355854&CODE_STATE=getMsg HTTP/1.1" 200 27
114.88.160.164 - - [30/Apr/2021:09:49:24 +0800] "GET /xingrg/all/function/internal_message.html?_=1619747329733&CODE_STATE=getMsg HTTP/1.1" 302 -
116.230.110.80 - - [30/Apr/2021:09:49:25 +0800] "GET /xingrg/kc/buy/cgsh_order_operate.html?command=get_materiel&rest_code=00155&code=00101008003&supplier_code=00100005&order_time=2021-04-30 HTTP/1.1" 200 408
114.86.187.76 - - [30/Apr/2021:09:49:25 +0800] "GET /xingrg/all/function/internal_message.html?_=1619747362406&CODE_STATE=getMsg HTTP/1.1" 302 -
114.86.187.76 - - [30/Apr/2021:09:49:25 +0800] "GET /xingrg/login.html HTTP/1.1" 200 7641
114.83.217.136 - - [30/Apr/2021:09:49:26 +0800] "GET /xingrg/all/function/internal_message.html?_=1619747364482&CODE_STATE=getMsg HTTP/1.1" 200 27
124.77.71.179 - - [30/Apr/2021:09:49:27 +0800] "POST /xingrg/kc/buy/cgsh_order_operate.html HTTP/1.1" 200 37
124.77.71.179 - - [30/Apr/2021:09:49:28 +0800] "POST /xingrg/kc/buy/cgsh_order_operate.html HTTP/1.1" 200 7401
116.230.110.80 - - [30/Apr/2021:09:49:30 +0800] "GET /xingrg/kc/buy/cgsh_order_operate.html?command=get_materiel&rest_code=00155&code=00101008361&supplier_code=00100005&order_time=2021-04-30 HTTP/1.1" 200 408
124.77.71.179 - - [30/Apr/2021:09:49:30 +0800] "GET /xingrg/kc/print/load_data.html?order_code=212021043012849&kc_code=cgsh&condition= HTTP/1.1" 200 2538
58.37.228.113 - - [30/Apr/2021:09:49:30 +0800] "GET /xingrg/all/function/internal_message.html?_=1619747348367&CODE_STATE=getMsg HTTP/1.1" 200 27
116.224.253.72 - - [30/Apr/2021:09:49:33 +0800] "GET /xingrg/kc/base/wldb_order_operate.html?command=get_materiel&rest_code=00150&base_code=0010446&code=00102002347 HTTP/1.1" 200 441
116.230.110.80 - - [30/Apr/2021:09:49:35 +0800] "GET /xingrg/kc/buy/cgsh_order_operate.html?command=get_materiel&rest_code=00155&code=00101008355&supplier_code=00100005&order_time=2021-04-30 HTTP/1.1" 200 410
116.230.110.80 - - [30/Apr/2021:09:49:35 +0800] "GET /xingrg/all/function/internal_message.html?_=1619747368650&CODE_STATE=getMsg HTTP/1.1" 200 27
58.40.7.146 - - [30/Apr/2021:09:49:36 +0800] "GET /xingrg/all/function/internal_message.html?_=1619747370932&CODE_STATE=getMsg HTTP/1.1" 200 27
58.40.7.146 - - [30/Apr/2021:09:49:36 +0800] "GET /xingrg/check_reg.html?_=1619747370934 HTTP/1.1" 200 22
124.77.71.179 - - [30/Apr/2021:09:49:37 +0800] "GET /xingrg/kc/buy/cgsh_order_add.html HTTP/1.1" 200 62336
124.77.71.179 - - [30/Apr/2021:09:49:37 +0800] "POST /xingrg/kc/buy/cgsh_order_operate.html HTTP/1.1" 200 8245
124.77.71.179 - - [30/Apr/2021:09:49:38 +0800] "GET /xingrg/javascript/easyui/themes/default/validatebox.css HTTP/1.1" 404 1104
117.184.7.26 - - [30/Apr/2021:09:49:38 +0800] "GET /xingrg/all/function/internal_message.html?_=1619747365899&CODE_STATE=getMsg HTTP/1.1" 200 27
124.77.71.179 - - [30/Apr/2021:09:49:39 +0800] "GET /xingrg/javascript/easyui/themes/default/tree.css HTTP/1.1" 404 1090
124.77.71.179 - - [30/Apr/2021:09:49:39 +0800] "POST /xingrg/all/common/load_tree.html?tree=supplier_tree_json&isDelete=1 HTTP/1.1" 200 55089
116.224.253.72 - - [30/Apr/2021:09:49:40 +0800] "GET /xingrg/kc/base/wldb_order_operate.html?command=get_materiel&rest_code=00150&base_code=0010446&code=00102002439 HTTP/1.1" 200 458
180.161.124.236 - - [30/Apr/2021:09:49:41 +0800] "GET /xingrg/all/function/internal_message.html?_=1619747659502&CODE_STATE=getMsg HTTP/1.1" 200 27
114.83.217.136 - - [30/Apr/2021:09:49:42 +0800] "GET /xingrg/kc/base/wldb_order_operate.html?command=get_materiel&rest_code=00154&base_code=0010724&code=00101022082 HTTP/1.1" 200 429
101.83.241.14 - - [30/Apr/2021:09:49:43 +0800] "GET /xingrg/all/function/internal_message.html?_=1619747379047&CODE_STATE=getMsg HTTP/1.1" 200 27
120.253.135.82 - - [30/Apr/2021:09:49:43 +0800] "GET /xingrg/all/function/internal_message.html?_=1619747158637&CODE_STATE=getMsg HTTP/1.1" 200 27
180.169.147.146 - - [30/Apr/2021:09:49:50 +0800] "GET /xingrg/all/function/internal_message.html?_=1619747380088&CODE_STATE=getMsg HTTP/1.1" 200 27
116.230.110.80 - - [30/Apr/2021:09:49:50 +0800] "GET /xingrg/kc/buy/cgsh_order_operate.html?command=get_materiel&rest_code=00155&code=00101008270&supplier_code=00100005&order_time=2021-04-30 HTTP/1.1" 200 412
124.77.71.179 - - [30/Apr/2021:09:49:50 +0800] "GET /xingrg/kc/buy/cgsh_order_operate.html?command=get_materiel&rest_code=00107&code=00101007022&supplier_code=00100002&order_time=2021-04-30 HTTP/1.1" 200 413
116.224.253.72 - - [30/Apr/2021:09:49:51 +0800] "GET /xingrg/all/function/internal_message.html?_=1619747386834&CODE_STATE=getMsg HTTP/1.1" 200 27
116.224.253.72 - - [30/Apr/2021:09:49:52 +0800] "GET /xingrg/kc/base/wldb_order_operate.html?command=get_materiel&rest_code=00150&base_code=0010446&code=00102002006 HTTP/1.1" 200 468
58.40.7.146 - - [30/Apr/2021:09:49:53 +0800] "GET /xingrg/all/function/internal_message.html?_=1619747387938&CODE_STATE=getMsg HTTP/1.1" 200 27
116.233.76.107 - - [30/Apr/2021:09:49:54 +0800] "GET /xingrg/all/function/internal_message.html?_=1619747468312&CODE_STATE=getMsg HTTP/1.1" 200 27
116.230.110.80 - - [30/Apr/2021:09:49:55 +0800] "GET /xingrg/kc/buy/cgsh_order_operate.html?command=get_materiel&rest_code=00155&code=00101008357&supplier_code=00100005&order_time=2021-04-30 HTTP/1.1" 200 408
124.77.71.179 - - [30/Apr/2021:09:49:59 +0800] "GET /xingrg/all/function/internal_message.html?_=1619747386589&CODE_STATE=getMsg HTTP/1.1" 200 27
116.230.110.80 - - [30/Apr/2021:09:50:00 +0800] "GET /xingrg/kc/buy/cgsh_order_operate.html?command=get_materiel&rest_code=00155&code=00101008213&supplier_code=00100005&order_time=2021-04-30 HTTP/1.1" 200 412
172.20.0.100 - - [30/Apr/2021:09:50:00 +0800] "GET /xingrg/all/function/internal_message.html?_=1619747395017&CODE_STATE=getMsg HTTP/1.1" 200 27
180.161.124.236 - - [30/Apr/2021:09:50:01 +0800] "GET /xingrg/all/function/internal_message.html?_=1619747395642&CODE_STATE=getMsg HTTP/1.1" 200 27
116.224.253.72 - - [30/Apr/2021:09:50:01 +0800] "GET /xingrg/kc/base/wldb_order_operate.html?command=get_materiel&rest_code=00150&base_code=0010446&code=00102001058 HTTP/1.1" 200 433
116.233.76.107 - - [30/Apr/2021:09:50:06 +0800] "GET /xingrg/all/function/internal_message.html?_=1619747401244&CODE_STATE=getMsg HTTP/1.1" 200 27
117.185.32.26 - - [30/Apr/2021:09:50:06 +0800] "GET /xingrg/check_reg.html?_=1619747398398 HTTP/1.1" 200 22
117.185.32.26 - - [30/Apr/2021:09:50:07 +0800] "GET /xingrg/all/function/internal_message.html?_=1619747399158&CODE_STATE=getMsg HTTP/1.1" 200 27
116.224.253.72 - - [30/Apr/2021:09:50:07 +0800] "GET /xingrg/kc/base/wldb_order_operate.html?command=get_materiel&rest_code=00150&base_code=0010446&code=00102001012 HTTP/1.1" 200 444
116.224.253.72 - - [30/Apr/2021:09:50:09 +0800] "GET /xingrg/all/function/internal_message.html?_=1619747406331&CODE_STATE=getMsg HTTP/1.1" 200 27
124.77.71.179 - - [30/Apr/2021:09:50:12 +0800] "GET /xingrg/kc/buy/cgsh_order_operate.html?command=get_materiel&rest_code=00107&code=00101007031&supplier_code=00100002&order_time=2021-04-30 HTTP/1.1" 200 413
116.224.253.72 - - [30/Apr/2021:09:50:16 +0800] "POST /xingrg/kc/base/wldb_order_operate.html HTTP/1.1" 200 37
116.230.114.112 - - [30/Apr/2021:09:50:18 +0800] "GET /xingrg/all/function/internal_message.html?_=1619747431593&CODE_STATE=getMsg HTTP/1.1" 200 27
116.224.253.72 - - [30/Apr/2021:09:50:18 +0800] "POST /xingrg/kc/base/wldb_order_operate.html HTTP/1.1" 200 12
116.224.253.72 - - [30/Apr/2021:09:50:18 +0800] "POST /xingrg/kc/base/wldb_order_operate.html HTTP/1.1" 200 4159
116.224.253.72 - - [30/Apr/2021:09:50:19 +0800] "GET /xingrg/kc/base/wldb_order_info.html?code=422021043003243 HTTP/1.1" 200 26395
116.224.253.72 - - [30/Apr/2021:09:50:20 +0800] "GET /xingrg/javascript/easyui/themes/default/validatebox.css HTTP/1.1" 404 1104
116.224.253.72 - - [30/Apr/2021:09:50:20 +0800] "POST /xingrg/kc/base/wldb_order_operate.html HTTP/1.1" 200 2409
61.165.42.208 - - [30/Apr/2021:09:50:21 +0800] "GET /xingrg/all/function/internal_message.html?_=1619747417589&CODE_STATE=getMsg HTTP/1.1" 200 27
114.88.160.164 - - [30/Apr/2021:09:50:23 +0800] "GET /xingrg/all/function/internal_message.html?_=1619747415867&CODE_STATE=getMsg HTTP/1.1" 200 27
114.88.160.164 - - [30/Apr/2021:09:50:24 +0800] "GET /xingrg/all/function/internal_message.html?_=1619747389733&CODE_STATE=getMsg HTTP/1.1" 302 -
114.86.187.76 - - [30/Apr/2021:09:50:25 +0800] "GET /xingrg/all/function/internal_message.html?_=1619747422416&CODE_STATE=getMsg HTTP/1.1" 302 -
114.86.187.76 - - [30/Apr/2021:09:50:25 +0800] "GET /xingrg/login.html HTTP/1.1" 200 7641
114.83.217.136 - - [30/Apr/2021:09:50:26 +0800] "GET /xingrg/all/function/internal_message.html?_=1619747424494&CODE_STATE=getMsg HTTP/1.1" 200 27
116.224.253.72 - - [30/Apr/2021:09:50:28 +0800] "GET /xingrg/kc/base/wldb_order_add.html HTTP/1.1" 200 30514
124.77.71.179 - - [30/Apr/2021:09:50:28 +0800] "GET /xingrg/kc/buy/cgsh_order_operate.html?command=get_materiel&rest_code=00107&code=00101007061&supplier_code=00100002&order_time=2021-04-30 HTTP/1.1" 200 409
116.224.253.72 - - [30/Apr/2021:09:50:29 +0800] "POST /xingrg/kc/base/wldb_order_operate.html HTTP/1.1" 200 6806
116.224.253.72 - - [30/Apr/2021:09:50:29 +0800] "GET /xingrg/javascript/easyui/themes/default/validatebox.css HTTP/1.1" 404 1104
58.37.228.113 - - [30/Apr/2021:09:50:30 +0800] "GET /xingrg/all/function/internal_message.html?_=1619747408342&CODE_STATE=getMsg HTTP/1.1" 200 27
116.230.110.80 - - [30/Apr/2021:09:50:35 +0800] "GET /xingrg/check_reg.html?_=1619747428645 HTTP/1.1" 200 22
116.230.110.80 - - [30/Apr/2021:09:50:35 +0800] "GET /xingrg/all/function/internal_message.html?_=1619747428650&CODE_STATE=getMsg HTTP/1.1" 200 27
58.40.7.146 - - [30/Apr/2021:09:50:36 +0800] "GET /xingrg/all/function/internal_message.html?_=1619747430938&CODE_STATE=getMsg HTTP/1.1" 200 27
117.184.7.26 - - [30/Apr/2021:09:50:38 +0800] "GET /xingrg/all/function/internal_message.html?_=1619747425882&CODE_STATE=getMsg HTTP/1.1" 200 27
124.77.71.179 - - [30/Apr/2021:09:50:40 +0800] "POST /xingrg/kc/buy/cgsh_order_operate.html HTTP/1.1" 200 37
116.224.253.72 - - [30/Apr/2021:09:50:41 +0800] "GET /xingrg/kc/base/wldb_order_operate.html?command=get_materiel&rest_code=00150&base_code=0010446&code=00102004035 HTTP/1.1" 200 436
180.161.124.236 - - [30/Apr/2021:09:50:41 +0800] "GET /xingrg/all/function/internal_message.html?_=1619747719792&CODE_STATE=getMsg HTTP/1.1" 200 27
124.77.71.179 - - [30/Apr/2021:09:50:41 +0800] "POST /xingrg/kc/buy/cgsh_order_operate.html HTTP/1.1" 200 3838
101.83.241.14 - - [30/Apr/2021:09:50:43 +0800] "GET /xingrg/all/function/internal_message.html?_=1619747439023&CODE_STATE=getMsg HTTP/1.1" 200 27
120.253.135.82 - - [30/Apr/2021:09:50:43 +0800] "GET /xingrg/check_reg.html?_=1619747218594 HTTP/1.1" 200 22
120.253.135.82 - - [30/Apr/2021:09:50:43 +0800] "GET /xingrg/all/function/internal_message.html?_=1619747218651&CODE_STATE=getMsg HTTP/1.1" 200 27
124.77.71.179 - - [30/Apr/2021:09:50:43 +0800] "GET /xingrg/kc/print/load_data.html?order_code=212021043012850&kc_code=cgsh&condition= HTTP/1.1" 200 1190
180.169.147.146 - - [30/Apr/2021:09:50:50 +0800] "GET /xingrg/all/function/internal_message.html?_=1619747440096&CODE_STATE=getMsg HTTP/1.1" 200 27
116.224.253.72 - - [30/Apr/2021:09:50:51 +0800] "GET /xingrg/all/function/internal_message.html?_=1619747446842&CODE_STATE=getMsg HTTP/1.1" 200 27
58.40.7.146 - - [30/Apr/2021:09:50:53 +0800] "GET /xingrg/all/function/internal_message.html?_=1619747447941&CODE_STATE=getMsg HTTP/1.1" 200 27
124.77.71.179 - - [30/Apr/2021:09:50:53 +0800] "GET /xingrg/kc/buy/buy_main.html HTTP/1.1" 200 12412
116.230.110.80 - - [30/Apr/2021:09:50:53 +0800] "GET /xingrg/kc/buy/cgsh_order_operate.html?command=get_materiel&rest_code=00155&code=00101008248&supplier_code=00100005&order_time=2021-04-30 HTTP/1.1" 200 412
124.77.71.179 - - [30/Apr/2021:09:50:53 +0800] "GET /xingrg/css/new_ie.css HTTP/1.1" 404 1036
116.233.76.107 - - [30/Apr/2021:09:50:53 +0800] "GET /xingrg/check_reg.html?_=1619747528250 HTTP/1.1" 200 22
116.233.76.107 - - [30/Apr/2021:09:50:53 +0800] "GET /xingrg/all/function/internal_message.html?_=1619747528312&CODE_STATE=getMsg HTTP/1.1" 200 27
124.77.71.179 - - [30/Apr/2021:09:50:54 +0800] "POST /xingrg/kc/buy/cgsh_list_operate.html HTTP/1.1" 200 3093
124.77.71.179 - - [30/Apr/2021:09:50:54 +0800] "GET /xingrg/images/yd/bt.gif HTTP/1.1" 404 1040
124.77.71.179 - - [30/Apr/2021:09:50:54 +0800] "GET /xingrg/kc/buy/cgsh_order_list.html HTTP/1.1" 200 46516
180.162.112.86 - - [30/Apr/2021:09:50:57 +0800] "GET /xingrg HTTP/1.1" 302 -
116.230.114.112 - - [30/Apr/2021:09:50:58 +0800] "GET /xingrg/kc/buy/cgsh_order_operate.html?command=get_materiel&rest_code=00146&code=00101008036&supplier_code=00100005&order_time=2021-04-30 HTTP/1.1" 200 408
124.77.71.179 - - [30/Apr/2021:09:50:59 +0800] "GET /xingrg/all/function/internal_message.html?_=1619747446573&CODE_STATE=getMsg HTTP/1.1" 200 27
124.77.71.179 - - [30/Apr/2021:09:50:59 +0800] "POST /xingrg/kc/buy/cgsh_list_operate.html HTTP/1.1" 200 3093
172.20.0.100 - - [30/Apr/2021:09:51:00 +0800] "GET /xingrg/all/function/internal_message.html?_=1619747455007&CODE_STATE=getMsg HTTP/1.1" 200 27
180.161.124.236 - - [30/Apr/2021:09:51:01 +0800] "GET /xingrg/all/function/internal_message.html?_=1619747455656&CODE_STATE=getMsg HTTP/1.1" 200 27
124.77.71.179 - - [30/Apr/2021:09:51:03 +0800] "POST /xingrg/kc/buy/cgsh_list_operate.html HTTP/1.1" 200 361
124.77.71.179 - - [30/Apr/2021:09:51:04 +0800] "GET /xingrg/kc/buy/cgsh_order_info.html?code=212021043012845 HTTP/1.1" 200 62345
124.77.71.179 - - [30/Apr/2021:09:51:05 +0800] "GET /xingrg/javascript/easyui/themes/default/validatebox.css HTTP/1.1" 404 1104
124.77.71.179 - - [30/Apr/2021:09:51:05 +0800] "POST /xingrg/kc/buy/cgsh_order_operate.html HTTP/1.1" 200 3860
116.230.110.80 - - [30/Apr/2021:09:51:05 +0800] "GET /xingrg/kc/buy/cgsh_order_operate.html?command=get_materiel&rest_code=00155&code=00101008091&supplier_code=00100005&order_time=2021-04-30 HTTP/1.1" 200 412
116.233.76.107 - - [30/Apr/2021:09:51:06 +0800] "GET /xingrg/all/function/internal_message.html?_=1619747461247&CODE_STATE=getMsg HTTP/1.1" 200 27
180.162.112.86 - - [30/Apr/2021:09:51:06 +0800] "GET /favicon.ico HTTP/1.1" 404 -
180.162.112.86 - - [30/Apr/2021:09:51:06 +0800] "GET /xingrg/index.html HTTP/1.1" 302 -
180.162.112.86 - - [30/Apr/2021:09:51:06 +0800] "GET /xingrg/login.html HTTP/1.1" 200 7641
117.185.32.26 - - [30/Apr/2021:09:51:07 +0800] "GET /xingrg/all/function/internal_message.html?_=1619747459139&CODE_STATE=getMsg HTTP/1.1" 200 27
180.162.112.86 - - [30/Apr/2021:09:51:08 +0800] "GET /favicon.ico HTTP/1.1" 404 -
116.224.253.72 - - [30/Apr/2021:09:51:09 +0800] "GET /xingrg/all/function/internal_message.html?_=1619747466348&CODE_STATE=getMsg HTTP/1.1" 200 27
120.204.17.68 - - [30/Apr/2021:09:51:12 +0800] "GET /xingrg/check_reg.html?_=1619747398398 HTTP/1.1" 302 -
124.77.71.179 - - [30/Apr/2021:09:51:13 +0800] "POST /xingrg/kc/buy/cgsh_list_operate.html HTTP/1.1" 200 575
124.77.71.179 - - [30/Apr/2021:09:51:14 +0800] "GET /xingrg/kc/buy/cgsh_order_info.html?code=212021043012843 HTTP/1.1" 200 62347
116.230.110.80 - - [30/Apr/2021:09:51:14 +0800] "GET /xingrg/kc/buy/cgsh_order_operate.html?command=get_materiel&rest_code=00155&code=00101008161&supplier_code=00100005&order_time=2021-04-30 HTTP/1.1" 200 409
124.77.71.179 - - [30/Apr/2021:09:51:15 +0800] "GET /xingrg/javascript/easyui/themes/default/validatebox.css HTTP/1.1" 404 1104
124.77.71.179 - - [30/Apr/2021:09:51:15 +0800] "POST /xingrg/kc/buy/cgsh_order_operate.html HTTP/1.1" 200 5636
120.204.17.68 - - [30/Apr/2021:09:51:16 +0800] "GET /xingrg/login.html HTTP/1.1" 200 7641
116.230.114.112 - - [30/Apr/2021:09:51:18 +0800] "GET /xingrg/all/function/internal_message.html?_=1619747491602&CODE_STATE=getMsg HTTP/1.1" 200 27
116.230.110.80 - - [30/Apr/2021:09:51:19 +0800] "GET /xingrg/kc/buy/cgsh_order_operate.html?command=get_materiel&rest_code=00155&code=00101008559&supplier_code=00100005&order_time=2021-04-30 HTTP/1.1" 200 399
61.165.42.208 - - [30/Apr/2021:09:51:21 +0800] "GET /xingrg/all/function/internal_message.html?_=1619747477573&CODE_STATE=getMsg HTTP/1.1" 200 27
114.88.160.164 - - [30/Apr/2021:09:51:24 +0800] "GET /xingrg/all/function/internal_message.html?_=1619747476264&CODE_STATE=getMsg HTTP/1.1" 200 27
114.88.160.164 - - [30/Apr/2021:09:51:24 +0800] "GET /xingrg/all/function/internal_message.html?_=1619747449734&CODE_STATE=getMsg HTTP/1.1" 302 -
116.230.110.80 - - [30/Apr/2021:09:51:24 +0800] "GET /xingrg/kc/buy/cgsh_order_operate.html?command=get_materiel&rest_code=00155&code=00101008155&supplier_code=00100005&order_time=2021-04-30 HTTP/1.1" 200 408
114.86.187.76 - - [30/Apr/2021:09:51:26 +0800] "GET /xingrg/all/function/internal_message.html?_=1619747482546&CODE_STATE=getMsg HTTP/1.1" 302 -
114.86.187.76 - - [30/Apr/2021:09:51:26 +0800] "GET /xingrg/login.html HTTP/1.1" 200 7641
114.83.217.136 - - [30/Apr/2021:09:51:26 +0800] "GET /xingrg/all/function/internal_message.html?_=1619747484490&CODE_STATE=getMsg HTTP/1.1" 200 27
124.77.71.179 - - [30/Apr/2021:09:51:27 +0800] "POST /xingrg/kc/buy/cgsh_list_operate.html HTTP/1.1" 200 3093
116.230.114.112 - - [30/Apr/2021:09:51:27 +0800] "GET /xingrg/kc/buy/cgsh_order_operate.html?command=get_materiel&rest_code=00146&code=00101008131&supplier_code=00100005&order_time=2021-04-30 HTTP/1.1" 200 408
124.77.71.179 - - [30/Apr/2021:09:51:28 +0800] "POST /xingrg/kc/buy/cgsh_list_operate.html HTTP/1.1" 200 570
124.77.71.179 - - [30/Apr/2021:09:51:28 +0800] "GET /xingrg/kc/buy/cgsh_order_info.html?code=212021043012829 HTTP/1.1" 200 62345
116.230.110.80 - - [30/Apr/2021:09:51:29 +0800] "GET /xingrg/kc/buy/cgsh_order_operate.html?command=get_materiel&rest_code=00155&code=00101008185&supplier_code=00100005&order_time=2021-04-30 HTTP/1.1" 200 408
124.77.71.179 - - [30/Apr/2021:09:51:29 +0800] "GET /xingrg/javascript/easyui/themes/default/validatebox.css HTTP/1.1" 404 1104
124.77.71.179 - - [30/Apr/2021:09:51:29 +0800] "POST /xingrg/kc/buy/cgsh_order_operate.html HTTP/1.1" 200 47637
58.37.228.113 - - [30/Apr/2021:09:51:30 +0800] "GET /xingrg/all/function/internal_message.html?_=1619747468319&CODE_STATE=getMsg HTTP/1.1" 200 27
116.230.110.80 - - [30/Apr/2021:09:51:34 +0800] "GET /xingrg/kc/buy/cgsh_order_operate.html?command=get_materiel&rest_code=00155&code=00101008163&supplier_code=00100005&order_time=2021-04-30 HTTP/1.1" 200 409
124.77.71.179 - - [30/Apr/2021:09:51:35 +0800] "GET /xingrg/check_reg.html?_=1619747482516 HTTP/1.1" 200 22
116.230.110.80 - - [30/Apr/2021:09:51:35 +0800] "GET /xingrg/all/function/internal_message.html?_=1619747488646&CODE_STATE=getMsg HTTP/1.1" 200 27
58.40.7.146 - - [30/Apr/2021:09:51:36 +0800] "GET /xingrg/all/function/internal_message.html?_=1619747490944&CODE_STATE=getMsg HTTP/1.1" 200 27
116.230.114.112 - - [30/Apr/2021:09:51:37 +0800] "GET /xingrg/kc/buy/cgsh_order_operate.html?command=get_materiel&rest_code=00146&code=00101008296&supplier_code=00100005&order_time=2021-04-30 HTTP/1.1" 200 416
117.184.7.26 - - [30/Apr/2021:09:51:38 +0800] "GET /xingrg/all/function/internal_message.html?_=1619747485856&CODE_STATE=getMsg HTTP/1.1" 200 27
116.230.110.80 - - [30/Apr/2021:09:51:39 +0800] "GET /xingrg/kc/buy/cgsh_order_operate.html?command=get_materiel&rest_code=00155&code=00101008144&supplier_code=00100005&order_time=2021-04-30 HTTP/1.1" 200 412
116.230.114.112 - - [30/Apr/2021:09:51:40 +0800] "POST /xingrg/kc/buy/cgsh_order_operate.html HTTP/1.1" 200 2065
116.230.110.80 - - [30/Apr/2021:09:51:41 +0800] "POST /xingrg/kc/buy/cgsh_order_operate.html HTTP/1.1" 200 2065
180.161.124.236 - - [30/Apr/2021:09:51:41 +0800] "GET /xingrg/all/function/internal_message.html?_=1619747779806&CODE_STATE=getMsg HTTP/1.1" 200 27
116.224.253.72 - - [30/Apr/2021:09:51:42 +0800] "GET /xingrg/kc/base/wldb_order_operate.html?command=get_materiel&rest_code=00150&base_code=0010446&code=00102002204 HTTP/1.1" 200 433
101.83.241.14 - - [30/Apr/2021:09:51:43 +0800] "GET /xingrg/all/function/internal_message.html?_=1619747499006&CODE_STATE=getMsg HTTP/1.1" 200 27
120.253.135.82 - - [30/Apr/2021:09:51:43 +0800] "GET /xingrg/all/function/internal_message.html?_=1619747278663&CODE_STATE=getMsg HTTP/1.1" 200 27
114.83.217.136 - - [30/Apr/2021:09:51:43 +0800] "GET /xingrg/kc/base/wldb_order_operate.html?command=get_materiel&rest_code=00154&base_code=0010724&code=00101019120 HTTP/1.1" 200 457
116.230.110.80 - - [30/Apr/2021:09:51:44 +0800] "GET /xingrg/kc/buy/cgsh_order_operate.html?command=get_materiel&rest_code=00155&code=00101008264&supplier_code=00100005&order_time=2021-04-30 HTTP/1.1" 200 412
116.230.114.112 - - [30/Apr/2021:09:51:46 +0800] "GET /xingrg/kc/buy/cgsh_order_operate.html?command=get_materiel&rest_code=00146&code=00101008213&supplier_code=00100005&order_time=2021-04-30 HTTP/1.1" 200 412
116.230.110.80 - - [30/Apr/2021:09:51:49 +0800] "GET /xingrg/kc/buy/cgsh_order_operate.html?command=get_materiel&rest_code=00155&code=00101008321&supplier_code=00100005&order_time=2021-04-30 HTTP/1.1" 200 412
180.169.147.146 - - [30/Apr/2021:09:51:50 +0800] "GET /xingrg/all/function/internal_message.html?_=1619747500064&CODE_STATE=getMsg HTTP/1.1" 200 27
180.162.112.86 - - [30/Apr/2021:09:51:51 +0800] "GET /xingrg HTTP/1.1" 302 -
116.224.253.72 - - [30/Apr/2021:09:51:51 +0800] "GET /xingrg/check_reg.html?_=1619747506837 HTTP/1.1" 200 22
116.224.253.72 - - [30/Apr/2021:09:51:51 +0800] "GET /xingrg/all/function/internal_message.html?_=1619747506850&CODE_STATE=getMsg HTTP/1.1" 200 27
180.162.112.86 - - [30/Apr/2021:09:51:51 +0800] "GET /xingrg/index.html HTTP/1.1" 302 -
180.162.112.86 - - [30/Apr/2021:09:51:51 +0800] "GET /favicon.ico HTTP/1.1" 404 -
180.162.112.86 - - [30/Apr/2021:09:51:51 +0800] "GET /xingrg/login.html HTTP/1.1" 200 7641
116.233.76.107 - - [30/Apr/2021:09:51:52 +0800] "GET /xingrg/all/function/internal_message.html?_=1619747588359&CODE_STATE=getMsg HTTP/1.1" 200 27
58.40.7.146 - - [30/Apr/2021:09:51:53 +0800] "GET /xingrg/all/function/internal_message.html?_=1619747507944&CODE_STATE=getMsg HTTP/1.1" 200 27
180.162.112.86 - - [30/Apr/2021:09:51:53 +0800] "GET /favicon.ico HTTP/1.1" 404 -
116.230.114.112 - - [30/Apr/2021:09:51:57 +0800] "GET /xingrg/kc/buy/cgsh_order_operate.html?command=get_materiel&rest_code=00146&code=00101008285&supplier_code=00100005&order_time=2021-04-30 HTTP/1.1" 200 413
116.230.110.80 - - [30/Apr/2021:09:51:58 +0800] "GET /xingrg/kc/buy/cgsh_order_operate.html?command=get_materiel&rest_code=00155&code=00101008024&supplier_code=00100005&order_time=2021-04-30 HTTP/1.1" 200 408
117.184.7.26 - - [30/Apr/2021:09:51:59 +0800] "POST /xingrg/services/DataTransmitService HTTP/1.1" 200 524
117.184.7.26 - - [30/Apr/2021:09:51:59 +0800] "POST /xingrg/services/DataTransmitService HTTP/1.1" 200 497
117.184.7.26 - - [30/Apr/2021:09:51:59 +0800] "POST /xingrg/services/DataTransmitService HTTP/1.1" 200 524
124.77.71.179 - - [30/Apr/2021:09:51:59 +0800] "GET /xingrg/all/function/internal_message.html?_=1619747506551&CODE_STATE=getMsg HTTP/1.1" 200 27
172.20.0.100 - - [30/Apr/2021:09:52:00 +0800] "GET /xingrg/all/function/internal_message.html?_=1619747515010&CODE_STATE=getMsg HTTP/1.1" 200 27
180.161.124.236 - - [30/Apr/2021:09:52:01 +0800] "GET /xingrg/all/function/internal_message.html?_=1619747515684&CODE_STATE=getMsg HTTP/1.1" 200 27
116.224.253.72 - - [30/Apr/2021:09:52:02 +0800] "GET /xingrg/kc/base/wldb_order_operate.html?command=get_materiel&rest_code=00150&base_code=0010446&code=00102002410 HTTP/1.1" 200 440
58.37.228.113 - - [30/Apr/2021:09:52:03 +0800] "GET /xingrg/check_reg.html?_=1619747501168 HTTP/1.1" 200 22
116.230.110.80 - - [30/Apr/2021:09:52:03 +0800] "GET /xingrg/kc/buy/cgsh_order_operate.html?command=get_materiel&rest_code=00155&code=00101008356&supplier_code=00100005&order_time=2021-04-30 HTTP/1.1" 200 408
117.184.7.26 - - [30/Apr/2021:09:52:03 +0800] "POST /xingrg/services/DataTransmitService HTTP/1.1" 200 501
117.184.7.26 - - [30/Apr/2021:09:52:04 +0800] "POST /xingrg/services/DataTransmitService HTTP/1.1" 200 501
117.184.7.26 - - [30/Apr/2021:09:52:04 +0800] "POST /xingrg/services/DataTransmitService HTTP/1.1" 200 501
117.184.7.26 - - [30/Apr/2021:09:52:05 +0800] "POST /xingrg/services/DataTransmitService HTTP/1.1" 200 501
117.184.7.26 - - [30/Apr/2021:09:52:06 +0800] "POST /xingrg/services/DataTransmitService HTTP/1.1" 200 501
116.233.76.107 - - [30/Apr/2021:09:52:06 +0800] "GET /xingrg/all/function/internal_message.html?_=1619747521250&CODE_STATE=getMsg HTTP/1.1" 200 27
117.184.7.26 - - [30/Apr/2021:09:52:06 +0800] "POST /xingrg/services/DataTransmitService HTTP/1.1" 200 501
117.184.7.26 - - [30/Apr/2021:09:52:06 +0800] "POST /xingrg/services/DataTransmitService HTTP/1.1" 200 501
117.184.7.26 - - [30/Apr/2021:09:52:07 +0800] "POST /xingrg/services/DataTransmitService HTTP/1.1" 200 501
117.185.32.26 - - [30/Apr/2021:09:52:07 +0800] "GET /xingrg/all/function/internal_message.html?_=1619747519116&CODE_STATE=getMsg HTTP/1.1" 200 27
116.230.114.112 - - [30/Apr/2021:09:52:07 +0800] "GET /xingrg/kc/buy/cgsh_order_operate.html?command=get_materiel&rest_code=00146&code=00101008291&supplier_code=00100005&order_time=2021-04-30 HTTP/1.1" 200 408
180.162.112.86 - - [30/Apr/2021:09:52:08 +0800] "POST /xingrg/login.do HTTP/1.1" 302 -
180.162.112.86 - - [30/Apr/2021:09:52:08 +0800] "GET /xingrg/index.html?sysBaseUrl=http%3A%2F%2F180.169.147.146%3A18081%2Fxingrg%2F&costTime=44×tamp=1619747528369 HTTP/1.1" 200 17179
180.162.112.86 - - [30/Apr/2021:09:52:08 +0800] "GET /favicon.ico HTTP/1.1" 404 -
180.162.112.86 - - [30/Apr/2021:09:52:09 +0800] "POST /xingrg/all/common/load_tree.html?tree=area_rest_tree_json&manage=1 HTTP/1.1" 200 351
180.162.112.86 - - [30/Apr/2021:09:52:09 +0800] "GET /xingrg/all/function/internal_message.html?_=1619747270869&CODE_STATE=count HTTP/1.1" 200 11
180.162.112.86 - - [30/Apr/2021:09:52:09 +0800] "GET /xingrg/check_reg.html?_=1619747270870 HTTP/1.1" 200 22
180.162.112.86 - - [30/Apr/2021:09:52:09 +0800] "POST /xingrg/load_menu.html HTTP/1.1" 200 5138
117.184.7.26 - - [30/Apr/2021:09:52:09 +0800] "POST /xingrg/services/DataTransmitService HTTP/1.1" 200 412
116.224.253.72 - - [30/Apr/2021:09:52:09 +0800] "GET /xingrg/all/function/internal_message.html?_=1619747526357&CODE_STATE=getMsg HTTP/1.1" 200 27
117.184.7.26 - - [30/Apr/2021:09:52:09 +0800] "POST /xingrg/services/DataTransmitService HTTP/1.1" 200 524
117.184.7.26 - - [30/Apr/2021:09:52:10 +0800] "POST /xingrg/services/DataTransmitService HTTP/1.1" 200 501
116.224.253.72 - - [30/Apr/2021:09:52:10 +0800] "GET /xingrg/kc/base/wldb_order_operate.html?command=get_materiel&rest_code=00150&base_code=0010446&code=00101017003 HTTP/1.1" 200 447
116.230.110.80 - - [30/Apr/2021:09:52:18 +0800] "GET /xingrg/kc/buy/cgsh_order_operate.html?command=get_materiel&rest_code=00155&code=00101008033&supplier_code=00100005&order_time=2021-04-30 HTTP/1.1" 200 408
116.230.114.112 - - [30/Apr/2021:09:52:18 +0800] "GET /xingrg/all/function/internal_message.html?_=1619747551616&CODE_STATE=getMsg HTTP/1.1" 200 27
180.162.112.86 - - [30/Apr/2021:09:52:18 +0800] "GET /xingrg/kc/buy/buy_main.html HTTP/1.1" 200 12412
180.162.112.86 - - [30/Apr/2021:09:52:18 +0800] "GET /xingrg/css/new_ie.css HTTP/1.1" 404 1036
180.162.112.86 - - [30/Apr/2021:09:52:19 +0800] "GET /xingrg/images/yd/bt.gif HTTP/1.1" 404 1040
116.230.114.112 - - [30/Apr/2021:09:52:20 +0800] "GET /xingrg/kc/buy/cgsh_order_operate.html?command=get_materiel&rest_code=00146&code=00101008274&supplier_code=00100005&order_time=2021-04-30 HTTP/1.1" 200 412
180.162.112.86 - - [30/Apr/2021:09:52:20 +0800] "GET /xingrg/kc/buy/cgsh_order_list.html HTTP/1.1" 200 46516
61.165.42.208 - - [30/Apr/2021:09:52:21 +0800] "GET /xingrg/all/function/internal_message.html?_=1619747537550&CODE_STATE=getMsg HTTP/1.1" 200 27
61.165.42.208 - - [30/Apr/2021:09:52:22 +0800] "GET /xingrg/check_reg.html?_=1619747538836 HTTP/1.1" 200 22
114.88.160.164 - - [30/Apr/2021:09:52:24 +0800] "GET /xingrg/all/function/internal_message.html?_=1619747536269&CODE_STATE=getMsg HTTP/1.1" 200 27
114.88.160.164 - - [30/Apr/2021:09:52:24 +0800] "GET /xingrg/all/function/internal_message.html?_=1619747509735&CODE_STATE=getMsg HTTP/1.1" 302 -
180.162.112.86 - - [30/Apr/2021:09:52:24 +0800] "POST /xingrg/kc/buy/cgsh_list_operate.html HTTP/1.1" 200 2427
116.230.110.80 - - [30/Apr/2021:09:52:25 +0800] "POST /xingrg/kc/buy/cgsh_order_operate.html HTTP/1.1" 200 2065
114.86.187.76 - - [30/Apr/2021:09:52:26 +0800] "GET /xingrg/all/function/internal_message.html?_=1619747542553&CODE_STATE=getMsg HTTP/1.1" 302 -
114.86.187.76 - - [30/Apr/2021:09:52:26 +0800] "GET /xingrg/login.html HTTP/1.1" 200 7641
114.83.217.136 - - [30/Apr/2021:09:52:26 +0800] "GET /xingrg/all/function/internal_message.html?_=1619747544502&CODE_STATE=getMsg HTTP/1.1" 200 27
114.83.217.136 - - [30/Apr/2021:09:52:26 +0800] "GET /xingrg/check_reg.html?_=1619747544510 HTTP/1.1" 200 22
180.162.112.86 - - [30/Apr/2021:09:52:27 +0800] "POST /xingrg/kc/buy/cgsh_list_operate.html HTTP/1.1" 200 565
180.162.112.86 - - [30/Apr/2021:09:52:28 +0800] "GET /xingrg/kc/buy/cgsh_order_info.html?code=212021042912797 HTTP/1.1" 200 61333
180.162.112.86 - - [30/Apr/2021:09:52:28 +0800] "GET /xingrg/words/20210429172507_words.js HTTP/1.1" 304 -
180.162.112.86 - - [30/Apr/2021:09:52:28 +0800] "GET /xingrg/all/common/auto_word.html?type=employee&rest_code=00143 HTTP/1.1" 200 55
180.162.112.86 - - [30/Apr/2021:09:52:29 +0800] "GET /xingrg/javascript/easyui/themes/default/validatebox.css HTTP/1.1" 404 1104
180.162.112.86 - - [30/Apr/2021:09:52:29 +0800] "GET /xingrg/all/common/auto_word.html?type=employee&rest_code=00143 HTTP/1.1" 200 55
180.162.112.86 - - [30/Apr/2021:09:52:29 +0800] "POST /xingrg/kc/buy/cgsh_order_operate.html HTTP/1.1" 200 18578
58.37.228.113 - - [30/Apr/2021:09:52:30 +0800] "GET /xingrg/all/function/internal_message.html?_=1619747528296&CODE_STATE=getMsg HTTP/1.1" 200 27
116.230.110.80 - - [30/Apr/2021:09:52:31 +0800] "GET /xingrg/kc/buy/cgsh_order_operate.html?command=get_materiel&rest_code=00155&code=00101008137&supplier_code=00100005&order_time=2021-04-30 HTTP/1.1" 200 408
116.230.114.112 - - [30/Apr/2021:09:52:32 +0800] "GET /xingrg/kc/buy/cgsh_order_operate.html?command=get_materiel&rest_code=00146&code=00101008225&supplier_code=00100005&order_time=2021-04-30 HTTP/1.1" 200 416
116.224.253.72 - - [30/Apr/2021:09:52:34 +0800] "POST /xingrg/kc/base/wldb_order_operate.html HTTP/1.1" 200 37
116.230.114.112 - - [30/Apr/2021:09:52:35 +0800] "POST /xingrg/kc/buy/cgsh_order_operate.html HTTP/1.1" 200 2065
116.230.110.80 - - [30/Apr/2021:09:52:35 +0800] "GET /xingrg/all/function/internal_message.html?_=1619747548688&CODE_STATE=getMsg HTTP/1.1" 200 27
58.40.7.146 - - [30/Apr/2021:09:52:36 +0800] "GET /xingrg/all/function/internal_message.html?_=1619747550930&CODE_STATE=getMsg HTTP/1.1" 200 27
116.224.253.72 - - [30/Apr/2021:09:52:36 +0800] "POST /xingrg/kc/base/wldb_order_operate.html HTTP/1.1" 200 12
116.224.253.72 - - [30/Apr/2021:09:52:36 +0800] "POST /xingrg/kc/base/wldb_order_operate.html HTTP/1.1" 200 3638
117.184.7.26 - - [30/Apr/2021:09:52:36 +0800] "GET /xingrg/check_reg.html?_=1619747543906 HTTP/1.1" 200 22
116.230.110.80 - - [30/Apr/2021:09:52:37 +0800] "GET /xingrg/kc/buy/cgsh_order_operate.html?command=get_materiel&rest_code=00155&code=00101008360&supplier_code=00100005&order_time=2021-04-30 HTTP/1.1" 200 412
116.224.253.72 - - [30/Apr/2021:09:52:37 +0800] "GET /xingrg/kc/base/wldb_order_info.html?code=422021043003244 HTTP/1.1" 200 26393
116.224.253.72 - - [30/Apr/2021:09:52:38 +0800] "GET /xingrg/javascript/easyui/themes/default/validatebox.css HTTP/1.1" 404 1104
116.224.253.72 - - [30/Apr/2021:09:52:38 +0800] "POST /xingrg/kc/base/wldb_order_operate.html HTTP/1.1" 200 1896
117.184.7.26 - - [30/Apr/2021:09:52:38 +0800] "GET /xingrg/all/function/internal_message.html?_=1619747545830&CODE_STATE=getMsg HTTP/1.1" 200 27
180.161.124.236 - - [30/Apr/2021:09:52:41 +0800] "GET /xingrg/all/function/internal_message.html?_=1619747840080&CODE_STATE=getMsg HTTP/1.1" 200 27
101.83.241.14 - - [30/Apr/2021:09:52:43 +0800] "GET /xingrg/all/function/internal_message.html?_=1619747558991&CODE_STATE=getMsg HTTP/1.1" 200 27
120.253.135.82 - - [30/Apr/2021:09:52:43 +0800] "GET /xingrg/all/function/internal_message.html?_=1619747338677&CODE_STATE=getMsg HTTP/1.1" 200 27
116.230.114.112 - - [30/Apr/2021:09:52:43 +0800] "GET /xingrg/kc/buy/cgsh_order_operate.html?command=get_materiel&rest_code=00146&code=00101013044&supplier_code=00100005&order_time=2021-04-30 HTTP/1.1" 200 447
116.224.253.72 - - [30/Apr/2021:09:52:43 +0800] "GET /xingrg/kc/base/wldb_order_add.html HTTP/1.1" 200 30514
116.224.253.72 - - [30/Apr/2021:09:52:44 +0800] "POST /xingrg/kc/base/wldb_order_operate.html HTTP/1.1" 200 6806
116.224.253.72 - - [30/Apr/2021:09:52:44 +0800] "GET /xingrg/javascript/easyui/themes/default/validatebox.css HTTP/1.1" 404 1104
116.230.110.80 - - [30/Apr/2021:09:52:47 +0800] "GET /xingrg/kc/buy/cgsh_order_operate.html?command=get_materiel&rest_code=00155&code=00101008196&supplier_code=00100005&order_time=2021-04-30 HTTP/1.1" 200 418
116.230.114.112 - - [30/Apr/2021:09:52:47 +0800] "GET /xingrg/check_reg.html?_=1619747581339 HTTP/1.1" 200 22
180.169.147.146 - - [30/Apr/2021:09:52:50 +0800] "GET /xingrg/all/function/internal_message.html?_=1619747560041&CODE_STATE=getMsg HTTP/1.1" 200 27
116.233.76.107 - - [30/Apr/2021:09:52:50 +0800] "GET /xingrg/all/function/internal_message.html?_=1619747648359&CODE_STATE=getMsg HTTP/1.1" 200 27
116.224.253.72 - - [30/Apr/2021:09:52:51 +0800] "GET /xingrg/all/function/internal_message.html?_=1619747566850&CODE_STATE=getMsg HTTP/1.1" 200 27
58.40.7.146 - - [30/Apr/2021:09:52:53 +0800] "GET /xingrg/check_reg.html?_=1619747567947 HTTP/1.1" 200 22
58.40.7.146 - - [30/Apr/2021:09:52:53 +0800] "GET /xingrg/all/function/internal_message.html?_=1619747567949&CODE_STATE=getMsg HTTP/1.1" 200 27
116.230.114.112 - - [30/Apr/2021:09:52:53 +0800] "GET /xingrg/kc/buy/cgsh_order_operate.html?command=get_materiel&rest_code=00146&code=00101008257&supplier_code=00100005&order_time=2021-04-30 HTTP/1.1" 200 416
116.230.110.80 - - [30/Apr/2021:09:52:54 +0800] "GET /xingrg/kc/buy/cgsh_order_operate.html?command=get_materiel&rest_code=00155&code=00101008197&supplier_code=00100005&order_time=2021-04-30 HTTP/1.1" 200 417
116.224.253.72 - - [30/Apr/2021:09:52:57 +0800] "GET /xingrg/kc/base/wldb_order_operate.html?command=get_materiel&rest_code=00150&base_code=0010446&code=00102002448 HTTP/1.1" 200 426
120.253.135.82 - - [30/Apr/2021:09:52:58 +0800] "GET /xingrg/check_reg.html?_=1619747587747 HTTP/1.1" 200 22
116.230.110.80 - - [30/Apr/2021:09:52:58 +0800] "GET /xingrg/kc/buy/cgsh_order_operate.html?command=get_materiel&rest_code=00155&code=00101008006&supplier_code=00100005&order_time=2021-04-30 HTTP/1.1" 200 416
124.77.71.179 - - [30/Apr/2021:09:52:59 +0800] "GET /xingrg/all/function/internal_message.html?_=1619747566536&CODE_STATE=getMsg HTTP/1.1" 200 27
172.20.0.100 - - [30/Apr/2021:09:53:00 +0800] "GET /xingrg/all/function/internal_message.html?_=1619747575011&CODE_STATE=getMsg HTTP/1.1" 200 27
116.230.110.80 - - [30/Apr/2021:09:53:01 +0800] "POST /xingrg/kc/buy/cgsh_order_operate.html HTTP/1.1" 200 2065
180.161.124.236 - - [30/Apr/2021:09:53:01 +0800] "GET /xingrg/all/function/internal_message.html?_=1619747575703&CODE_STATE=getMsg HTTP/1.1" 200 27
116.230.110.80 - - [30/Apr/2021:09:53:05 +0800] "GET /xingrg/kc/buy/cgsh_order_operate.html?command=get_materiel&rest_code=00155&code=00101008036&supplier_code=00100005&order_time=2021-04-30 HTTP/1.1" 200 408
116.233.76.107 - - [30/Apr/2021:09:53:06 +0800] "GET /xingrg/all/function/internal_message.html?_=1619747581249&CODE_STATE=getMsg HTTP/1.1" 200 27
116.233.76.107 - - [30/Apr/2021:09:53:06 +0800] "GET /xingrg/check_reg.html?_=1619747581250 HTTP/1.1" 200 22
117.185.32.26 - - [30/Apr/2021:09:53:07 +0800] "GET /xingrg/all/function/internal_message.html?_=1619747579122&CODE_STATE=getMsg HTTP/1.1" 200 27
116.224.253.72 - - [30/Apr/2021:09:53:09 +0800] "GET /xingrg/check_reg.html?_=1619747585941 HTTP/1.1" 200 22
180.162.112.86 - - [30/Apr/2021:09:53:09 +0800] "GET /xingrg/all/function/internal_message.html?_=1619747330876&CODE_STATE=getMsg HTTP/1.1" 200 27
116.224.253.72 - - [30/Apr/2021:09:53:09 +0800] "GET /xingrg/all/function/internal_message.html?_=1619747586371&CODE_STATE=getMsg HTTP/1.1" 200 27
116.224.253.72 - - [30/Apr/2021:09:53:10 +0800] "GET /xingrg/kc/base/wldb_order_operate.html?command=get_materiel&rest_code=00150&base_code=0010446&code=00102002610 HTTP/1.1" 200 430
116.230.110.80 - - [30/Apr/2021:09:53:11 +0800] "GET /xingrg/kc/buy/cgsh_order_operate.html?command=get_materiel&rest_code=00155&code=00101008131&supplier_code=00100005&order_time=2021-04-30 HTTP/1.1" 200 408
116.230.114.112 - - [30/Apr/2021:09:53:11 +0800] "GET /xingrg/kc/buy/cgsh_order_operate.html?command=get_materiel&rest_code=00146&code=00101008155&supplier_code=00100005&order_time=2021-04-30 HTTP/1.1" 200 408
114.88.160.164 - - [30/Apr/2021:09:53:14 +0800] "GET /xingrg/kc/buy/buy_main.html HTTP/1.1" 200 12412
114.88.160.164 - - [30/Apr/2021:09:53:14 +0800] "GET /xingrg/css/new_ie.css HTTP/1.1" 404 1036
114.88.160.164 - - [30/Apr/2021:09:53:15 +0800] "GET /xingrg/images/yd/bt.gif HTTP/1.1" 404 1040
114.88.160.164 - - [30/Apr/2021:09:53:15 +0800] "GET /xingrg/kc/buy/cgsh_order_list.html HTTP/1.1" 200 46510
116.230.110.80 - - [30/Apr/2021:09:53:17 +0800] "GET /xingrg/kc/buy/cgsh_order_operate.html?command=get_materiel&rest_code=00155&code=00101008108&supplier_code=00100005&order_time=2021-04-30 HTTP/1.1" 200 412
116.230.114.112 - - [30/Apr/2021:09:53:18 +0800] "GET /xingrg/all/function/internal_message.html?_=1619747611629&CODE_STATE=getMsg HTTP/1.1" 200 27
114.88.160.164 - - [30/Apr/2021:09:53:20 +0800] "POST /xingrg/kc/buy/cgsh_list_operate.html HTTP/1.1" 200 2776
61.165.42.208 - - [30/Apr/2021:09:53:21 +0800] "GET /xingrg/all/function/internal_message.html?_=1619747597528&CODE_STATE=getMsg HTTP/1.1" 200 27
116.230.114.112 - - [30/Apr/2021:09:53:23 +0800] "GET /xingrg/kc/buy/cgsh_order_operate.html?command=get_materiel&rest_code=00146&code=00101008350&supplier_code=00100005&order_time=2021-04-30 HTTP/1.1" 200 408
114.88.160.164 - - [30/Apr/2021:09:53:23 +0800] "GET /xingrg/check_reg.html?_=1619747595330 HTTP/1.1" 200 22
114.86.187.76 - - [30/Apr/2021:09:53:24 +0800] "GET /xingrg/check_reg.html?_=1619747600586 HTTP/1.1" 302 -
114.86.187.76 - - [30/Apr/2021:09:53:24 +0800] "GET /xingrg/login.html HTTP/1.1" 200 7641
114.88.160.164 - - [30/Apr/2021:09:53:24 +0800] "GET /xingrg/check_reg.html?_=1619747569724 HTTP/1.1" 302 -
114.88.160.164 - - [30/Apr/2021:09:53:24 +0800] "GET /xingrg/all/function/internal_message.html?_=1619747569730&CODE_STATE=getMsg HTTP/1.1" 302 -
116.230.110.80 - - [30/Apr/2021:09:53:24 +0800] "GET /xingrg/kc/buy/cgsh_order_operate.html?command=get_materiel&rest_code=00155&code=00101008318&supplier_code=00100005&order_time=2021-04-30 HTTP/1.1" 200 408
114.88.160.164 - - [30/Apr/2021:09:53:24 +0800] "GET /xingrg/all/function/internal_message.html?_=1619747596558&CODE_STATE=getMsg HTTP/1.1" 200 27
114.86.187.76 - - [30/Apr/2021:09:53:26 +0800] "GET /xingrg/all/function/internal_message.html?_=1619747602565&CODE_STATE=getMsg HTTP/1.1" 302 -
114.86.187.76 - - [30/Apr/2021:09:53:26 +0800] "GET /xingrg/login.html HTTP/1.1" 200 7641
114.83.217.136 - - [30/Apr/2021:09:53:26 +0800] "GET /xingrg/all/function/internal_message.html?_=1619747604490&CODE_STATE=getMsg HTTP/1.1" 200 27
58.37.228.113 - - [30/Apr/2021:09:53:30 +0800] "GET /xingrg/all/function/internal_message.html?_=1619747588297&CODE_STATE=getMsg HTTP/1.1" 200 27
116.230.110.80 - - [30/Apr/2021:09:53:34 +0800] "GET /xingrg/kc/buy/cgsh_order_operate.html?command=get_materiel&rest_code=00155&code=00101008352&supplier_code=00100005&order_time=2021-04-30 HTTP/1.1" 200 412
116.230.110.80 - - [30/Apr/2021:09:53:35 +0800] "GET /xingrg/all/function/internal_message.html?_=1619747608657&CODE_STATE=getMsg HTTP/1.1" 200 27
58.40.7.146 - - [30/Apr/2021:09:53:36 +0800] "GET /xingrg/all/function/internal_message.html?_=1619747610933&CODE_STATE=getMsg HTTP/1.1" 200 27
116.230.110.80 - - [30/Apr/2021:09:53:36 +0800] "POST /xingrg/kc/buy/cgsh_order_operate.html HTTP/1.1" 200 2065
180.161.124.236 - - [30/Apr/2021:09:53:38 +0800] "GET /xingrg/check_reg.html?_=1619747896610 HTTP/1.1" 200 22
117.184.7.26 - - [30/Apr/2021:09:53:38 +0800] "GET /xingrg/all/function/internal_message.html?_=1619747605805&CODE_STATE=getMsg HTTP/1.1" 200 27
116.230.114.112 - - [30/Apr/2021:09:53:40 +0800] "POST /xingrg/kc/buy/cgsh_order_operate.html HTTP/1.1" 200 2065
116.230.110.80 - - [30/Apr/2021:09:53:41 +0800] "GET /xingrg/kc/buy/cgsh_order_operate.html?command=get_materiel&rest_code=00155&code=00101008371&supplier_code=00100005&order_time=2021-04-30 HTTP/1.1" 200 412
180.161.124.236 - - [30/Apr/2021:09:53:41 +0800] "GET /xingrg/all/function/internal_message.html?_=1619747900096&CODE_STATE=getMsg HTTP/1.1" 200 27
101.83.241.14 - - [30/Apr/2021:09:53:43 +0800] "GET /xingrg/all/function/internal_message.html?_=1619747618965&CODE_STATE=getMsg HTTP/1.1" 200 27
120.253.135.82 - - [30/Apr/2021:09:53:43 +0800] "GET /xingrg/all/function/internal_message.html?_=1619747398691&CODE_STATE=getMsg HTTP/1.1" 200 27
101.83.241.14 - - [30/Apr/2021:09:53:43 +0800] "GET /xingrg/check_reg.html?_=1619747619435 HTTP/1.1" 200 22
116.224.253.72 - - [30/Apr/2021:09:53:44 +0800] "POST /xingrg/kc/base/wldb_order_operate.html HTTP/1.1" 200 37
116.230.110.80 - - [30/Apr/2021:09:53:46 +0800] "GET /xingrg/kc/buy/cgsh_order_operate.html?command=get_materiel&rest_code=00155&code=00101008353&supplier_code=00100005&order_time=2021-04-30 HTTP/1.1" 200 408
116.224.253.72 - - [30/Apr/2021:09:53:46 +0800] "POST /xingrg/kc/base/wldb_order_operate.html HTTP/1.1" 200 12
116.224.253.72 - - [30/Apr/2021:09:53:46 +0800] "POST /xingrg/kc/base/wldb_order_operate.html HTTP/1.1" 200 2670
116.230.114.112 - - [30/Apr/2021:09:53:46 +0800] "GET /xingrg/kc/buy/cgsh_order_operate.html?command=get_materiel&rest_code=00146&code=00101008038&supplier_code=00100005&order_time=2021-04-30 HTTP/1.1" 200 431
120.253.135.82 - - [30/Apr/2021:09:53:48 +0800] "GET /xingrg/javascript/easyui/themes/sunny/images/ui-bg_gloss-wave_70_ffdd57_500x100.png HTTP/1.1" 200 3830
116.224.253.72 - - [30/Apr/2021:09:53:48 +0800] "GET /xingrg/kc/base/wldb_order_info.html?code=422021043003245 HTTP/1.1" 200 26392
116.224.253.72 - - [30/Apr/2021:09:53:48 +0800] "GET /xingrg/javascript/easyui/themes/default/validatebox.css HTTP/1.1" 404 1104
116.224.253.72 - - [30/Apr/2021:09:53:48 +0800] "POST /xingrg/kc/base/wldb_order_operate.html HTTP/1.1" 200 953
116.233.76.107 - - [30/Apr/2021:09:53:49 +0800] "GET /xingrg/all/function/internal_message.html?_=1619747708359&CODE_STATE=getMsg HTTP/1.1" 200 27
180.169.147.146 - - [30/Apr/2021:09:53:50 +0800] "GET /xingrg/all/function/internal_message.html?_=1619747620016&CODE_STATE=getMsg HTTP/1.1" 200 27
