114.86.187.76 - - [29/Apr/2021:09:46:14 +0800] "POST /xingrg/services/DataTransmitService HTTP/1.1" 200 524
114.86.187.76 - - [29/Apr/2021:09:46:14 +0800] "POST /xingrg/services/DataTransmitService HTTP/1.1" 200 2087
120.253.135.82 - - [29/Apr/2021:09:46:14 +0800] "GET /xingrg/all/function/internal_message.html?_=1619660785887&CODE_STATE=getMsg HTTP/1.1" 200 27
114.86.187.76 - - [29/Apr/2021:09:46:15 +0800] "POST /xingrg/services/DataTransmitService HTTP/1.1" 200 147548
116.230.110.80 - - [29/Apr/2021:09:46:16 +0800] "GET /xingrg/all/function/internal_message.html?_=1619660770837&CODE_STATE=getMsg HTTP/1.1" 200 27
116.230.110.80 - - [29/Apr/2021:09:46:16 +0800] "GET /xingrg/check_reg.html?_=1619660770840 HTTP/1.1" 200 22
114.86.228.249 - - [29/Apr/2021:09:46:17 +0800] "GET /xingrg/kc/buy/cgsh_order_add.html HTTP/1.1" 200 62251
114.86.228.249 - - [29/Apr/2021:09:46:18 +0800] "GET /xingrg/javascript/easyui/themes/default/validatebox.css HTTP/1.1" 404 1104
114.86.228.249 - - [29/Apr/2021:09:46:18 +0800] "POST /xingrg/kc/buy/cgsh_order_operate.html HTTP/1.1" 200 8245
124.77.71.179 - - [29/Apr/2021:09:46:28 +0800] "GET /xingrg/all/function/internal_message.html?_=1619660782335&CODE_STATE=getMsg HTTP/1.1" 200 27
61.165.42.208 - - [29/Apr/2021:09:46:28 +0800] "GET /xingrg/all/function/internal_message.html?_=1619660784989&CODE_STATE=getMsg HTTP/1.1" 200 27
114.86.228.249 - - [29/Apr/2021:09:46:29 +0800] "POST /xingrg/all/common/load_tree.html?tree=area_rest_tree_json&manage=1 HTTP/1.1" 200 342
114.86.228.249 - - [29/Apr/2021:09:46:29 +0800] "GET /xingrg/all/function/internal_message.html?_=1619660786561&CODE_STATE=count HTTP/1.1" 200 11
114.86.228.249 - - [29/Apr/2021:09:46:29 +0800] "GET /xingrg/check_reg.html?_=1619660786562 HTTP/1.1" 200 22
114.86.228.249 - - [29/Apr/2021:09:46:29 +0800] "POST /xingrg/load_menu.html HTTP/1.1" 200 5138
114.88.160.164 - - [29/Apr/2021:09:46:29 +0800] "GET /xingrg/all/function/internal_message.html?_=1619660783160&CODE_STATE=getMsg HTTP/1.1" 200 27
114.86.228.249 - - [29/Apr/2021:09:46:30 +0800] "GET /xingrg/kc/buy/buy_main.html HTTP/1.1" 200 12412
114.86.228.249 - - [29/Apr/2021:09:46:30 +0800] "GET /xingrg/css/new_ie.css HTTP/1.1" 404 1036
114.86.228.249 - - [29/Apr/2021:09:46:31 +0800] "GET /xingrg/kc/buy/cgsh_order_list.html HTTP/1.1" 200 46472
180.161.124.236 - - [29/Apr/2021:09:46:32 +0800] "GET /xingrg/all/report/report_query.html?fileName=kc/buy/wlcg_mx.xml HTTP/1.1" 200 51648
180.161.124.236 - - [29/Apr/2021:09:46:32 +0800] "GET /xingrg/dwr/interface/AjaxReportQueryService.js HTTP/1.1" 200 13203
180.161.124.236 - - [29/Apr/2021:09:46:32 +0800] "GET /xingrg/dwr/engine.js HTTP/1.1" 200 43631
180.161.124.236 - - [29/Apr/2021:09:46:33 +0800] "GET /xingrg/javascript/jquery_easy_ui/themes/icons/pencil.png HTTP/1.1" 200 713
180.161.124.236 - - [29/Apr/2021:09:46:33 +0800] "GET /xingrg/javascript/jquery_easy_ui/themes/default/images/menu_rightarrow.png HTTP/1.1" 200 3617
180.161.124.236 - - [29/Apr/2021:09:46:33 +0800] "POST /xingrg/dwr/call/plaincall/AjaxReportQueryService.getFixDate.dwr HTTP/1.1" 200 111
180.161.124.236 - - [29/Apr/2021:09:46:33 +0800] "POST /xingrg/dwr/call/plaincall/AjaxReportQueryService.getInitString.dwr HTTP/1.1" 200 25005
180.161.124.236 - - [29/Apr/2021:09:46:33 +0800] "POST /xingrg/dwr/call/plaincall/AjaxReportQueryService.getInitString.dwr HTTP/1.1" 200 960
180.161.124.236 - - [29/Apr/2021:09:46:33 +0800] "GET /xingrg/javascript/multi_select/dropdown.gif HTTP/1.1" 200 61
180.161.124.236 - - [29/Apr/2021:09:46:34 +0800] "POST /xingrg/dwr/call/plaincall/AjaxReportQueryService.getInitString.dwr HTTP/1.1" 200 125
180.161.124.236 - - [29/Apr/2021:09:46:36 +0800] "GET /xingrg/javascript/multi_select/dropdown_hover.gif HTTP/1.1" 200 61
180.161.124.236 - - [29/Apr/2021:09:46:37 +0800] "GET /xingrg/javascript/multi_select/dropdown_active.gif HTTP/1.1" 200 61
114.86.228.249 - - [29/Apr/2021:09:46:39 +0800] "POST /xingrg/kc/buy/cgsh_list_operate.html HTTP/1.1" 200 4109
114.86.228.249 - - [29/Apr/2021:09:46:40 +0800] "GET /xingrg/kc/buy/cgsh_order_add.html HTTP/1.1" 200 62251
114.86.228.249 - - [29/Apr/2021:09:46:40 +0800] "POST /xingrg/kc/buy/cgsh_order_operate.html HTTP/1.1" 200 8245
114.86.228.249 - - [29/Apr/2021:09:46:40 +0800] "GET /xingrg/all/common/auto_word.html?type=employee&rest_code=00109 HTTP/1.1" 200 205
114.86.228.249 - - [29/Apr/2021:09:46:40 +0800] "GET /xingrg/javascript/easyui/themes/default/validatebox.css HTTP/1.1" 404 1104
114.86.228.249 - - [29/Apr/2021:09:46:40 +0800] "GET /xingrg/all/common/auto_word.html?type=employee&rest_code=00109 HTTP/1.1" 200 205
114.86.228.249 - - [29/Apr/2021:09:46:42 +0800] "GET /xingrg/javascript/jquery_tools/images/prev.gif HTTP/1.1" 404 1086
114.86.228.249 - - [29/Apr/2021:09:46:42 +0800] "GET /xingrg/javascript/jquery_tools/images/next.gif HTTP/1.1" 404 1086
116.224.253.72 - - [29/Apr/2021:09:46:44 +0800] "GET /xingrg/all/function/internal_message.html?_=1619660802360&CODE_STATE=getMsg HTTP/1.1" 200 27
116.224.253.72 - - [29/Apr/2021:09:46:45 +0800] "GET /xingrg/check_reg.html?_=1619660801599 HTTP/1.1" 200 22
116.224.253.72 - - [29/Apr/2021:09:46:45 +0800] "GET /xingrg/all/function/internal_message.html?_=1619660801664&CODE_STATE=getMsg HTTP/1.1" 200 27
114.86.228.249 - - [29/Apr/2021:09:46:49 +0800] "GET /xingrg/kc/buy/cgsh_order_operate.html?command=get_materiel&rest_code=00109&code=00101011010&supplier_code=00100046&order_time=2021-04-29 HTTP/1.1" 200 440
222.69.128.23 - - [29/Apr/2021:09:46:52 +0800] "GET /xingrg/all/function/internal_message.html?_=1619660807911&CODE_STATE=getMsg HTTP/1.1" 200 27
180.169.147.146 - - [29/Apr/2021:09:46:53 +0800] "GET /xingrg/all/function/internal_message.html?_=1619660808971&CODE_STATE=getMsg HTTP/1.1" 200 27
172.20.0.100 - - [29/Apr/2021:09:46:54 +0800] "GET /xingrg/all/function/internal_message.html?_=1619660809823&CODE_STATE=getMsg HTTP/1.1" 200 27
180.169.147.146 - - [29/Apr/2021:09:46:54 +0800] "GET /xingrg/all/function/internal_message.html?_=1619660813316&CODE_STATE=getMsg HTTP/1.1" 200 27
58.37.228.113 - - [29/Apr/2021:09:47:02 +0800] "GET /xingrg/all/function/internal_message.html?_=1619660799245&CODE_STATE=getMsg HTTP/1.1" 200 27
58.37.228.113 - - [29/Apr/2021:09:47:02 +0800] "GET /xingrg/check_reg.html?_=1619660799246 HTTP/1.1" 200 22
180.161.124.236 - - [29/Apr/2021:09:47:02 +0800] "POST /xingrg/dwr/call/plaincall/AjaxReportQueryService.refreshCache.dwr HTTP/1.1" 200 78
180.161.124.236 - - [29/Apr/2021:09:47:04 +0800] "POST /xingrg/all/report/load_report_page.html HTTP/1.1" 200 128278
180.161.124.236 - - [29/Apr/2021:09:47:04 +0800] "GET /xingrg/images/blue/button/back2.gif HTTP/1.1" 200 1339
180.161.124.236 - - [29/Apr/2021:09:47:04 +0800] "GET /xingrg/images/blue/button/back.gif HTTP/1.1" 200 1352
180.161.124.236 - - [29/Apr/2021:09:47:04 +0800] "GET /xingrg/servlets/image?cache=0.7535977614162868&image=px HTTP/1.1" 200 807
114.86.228.249 - - [29/Apr/2021:09:47:06 +0800] "GET /xingrg/kc/buy/cgsh_order_operate.html?command=get_materiel&rest_code=00109&code=00101011003&supplier_code=00100046&order_time=2021-04-29 HTTP/1.1" 200 413
116.230.114.112 - - [29/Apr/2021:09:47:08 +0800] "GET /xingrg/all/function/internal_message.html?_=1619660838553&CODE_STATE=getMsg HTTP/1.1" 200 27
120.253.135.82 - - [29/Apr/2021:09:47:14 +0800] "GET /xingrg/all/function/internal_message.html?_=1619660845926&CODE_STATE=getMsg HTTP/1.1" 200 27
116.230.110.80 - - [29/Apr/2021:09:47:16 +0800] "GET /xingrg/all/function/internal_message.html?_=1619660830843&CODE_STATE=getMsg HTTP/1.1" 200 27
58.37.228.113 - - [29/Apr/2021:09:47:17 +0800] "GET /xingrg/kc/buy/buy_main.html HTTP/1.1" 200 12412
58.37.228.113 - - [29/Apr/2021:09:47:17 +0800] "GET /xingrg/css/new_ie.css HTTP/1.1" 404 1036
58.37.228.113 - - [29/Apr/2021:09:47:18 +0800] "GET /xingrg/images/yd/bt.gif HTTP/1.1" 404 1040
58.37.228.113 - - [29/Apr/2021:09:47:18 +0800] "GET /xingrg/kc/buy/cgsh_order_list.html HTTP/1.1" 200 46478
114.86.228.249 - - [29/Apr/2021:09:47:19 +0800] "POST /xingrg/kc/buy/cgsh_order_operate.html HTTP/1.1" 200 37
58.37.228.113 - - [29/Apr/2021:09:47:20 +0800] "POST /xingrg/kc/buy/cgsh_list_operate.html HTTP/1.1" 200 876
114.86.228.249 - - [29/Apr/2021:09:47:20 +0800] "POST /xingrg/kc/buy/cgsh_order_operate.html HTTP/1.1" 200 3256
58.37.228.113 - - [29/Apr/2021:09:47:21 +0800] "GET /xingrg/kc/buy/cgsh_order_add.html HTTP/1.1" 200 62216
58.37.228.113 - - [29/Apr/2021:09:47:21 +0800] "GET /xingrg/words/20210428113927_words.js HTTP/1.1" 304 -
58.37.228.113 - - [29/Apr/2021:09:47:21 +0800] "POST /xingrg/kc/buy/cgsh_order_operate.html HTTP/1.1" 200 8245
58.37.228.113 - - [29/Apr/2021:09:47:21 +0800] "GET /xingrg/javascript/easyui/themes/default/validatebox.css HTTP/1.1" 404 1104
58.37.228.113 - - [29/Apr/2021:09:47:21 +0800] "GET /xingrg/all/common/auto_word.html?type=employee&rest_code=00141 HTTP/1.1" 200 201
58.37.228.113 - - [29/Apr/2021:09:47:21 +0800] "GET /xingrg/all/common/auto_word.html?type=employee&rest_code=00141 HTTP/1.1" 200 201
114.86.228.249 - - [29/Apr/2021:09:47:21 +0800] "GET /xingrg/kc/print/load_config.html?kc_code=cgsh HTTP/1.1" 200 1845
114.86.228.249 - - [29/Apr/2021:09:47:21 +0800] "GET /xingrg/kc/print/load_data.html?order_code=212021042912302&kc_code=cgsh&condition= HTTP/1.1" 200 907
124.77.71.179 - - [29/Apr/2021:09:47:28 +0800] "GET /xingrg/all/function/internal_message.html?_=1619660842341&CODE_STATE=getMsg HTTP/1.1" 200 27
61.165.42.208 - - [29/Apr/2021:09:47:28 +0800] "GET /xingrg/all/function/internal_message.html?_=1619660844986&CODE_STATE=getMsg HTTP/1.1" 200 27
114.88.160.164 - - [29/Apr/2021:09:47:29 +0800] "GET /xingrg/check_reg.html?_=1619660842552 HTTP/1.1" 200 22
114.86.228.249 - - [29/Apr/2021:09:47:29 +0800] "GET /xingrg/all/function/internal_message.html?_=1619660846566&CODE_STATE=getMsg HTTP/1.1" 200 27
114.88.160.164 - - [29/Apr/2021:09:47:29 +0800] "GET /xingrg/all/function/internal_message.html?_=1619660843174&CODE_STATE=getMsg HTTP/1.1" 200 27
61.165.42.208 - - [29/Apr/2021:09:47:30 +0800] "GET /xingrg/kc/buy/cgsh_order_list.html HTTP/1.1" 200 46472
61.165.42.208 - - [29/Apr/2021:09:47:34 +0800] "POST /xingrg/kc/buy/cgsh_list_operate.html HTTP/1.1" 200 2410
61.165.42.208 - - [29/Apr/2021:09:47:37 +0800] "POST /xingrg/kc/buy/cgsh_list_operate.html HTTP/1.1" 200 494
61.165.42.208 - - [29/Apr/2021:09:47:37 +0800] "GET /xingrg/kc/buy/cgsh_order_info.html?code=212021042912283 HTTP/1.1" 200 62268
61.165.42.208 - - [29/Apr/2021:09:47:37 +0800] "GET /xingrg/javascript/easyui/themes/default/validatebox.css HTTP/1.1" 404 1104
61.165.42.208 - - [29/Apr/2021:09:47:39 +0800] "POST /xingrg/kc/buy/cgsh_order_operate.html HTTP/1.1" 200 5020
61.165.42.208 - - [29/Apr/2021:09:47:40 +0800] "GET /xingrg/kc/print/load_data.html?order_code=212021042912283&kc_code=cgsh&condition= HTTP/1.1" 200 1568
116.224.253.72 - - [29/Apr/2021:09:47:44 +0800] "GET /xingrg/all/function/internal_message.html?_=1619660862374&CODE_STATE=getMsg HTTP/1.1" 200 27
116.224.253.72 - - [29/Apr/2021:09:47:45 +0800] "GET /xingrg/all/function/internal_message.html?_=1619660861636&CODE_STATE=getMsg HTTP/1.1" 200 27
58.37.228.113 - - [29/Apr/2021:09:47:47 +0800] "GET /xingrg/javascript/jquery_tools/images/prev.gif HTTP/1.1" 404 1086
58.37.228.113 - - [29/Apr/2021:09:47:47 +0800] "GET /xingrg/javascript/jquery_tools/images/next.gif HTTP/1.1" 404 1086
61.165.42.208 - - [29/Apr/2021:09:47:48 +0800] "GET /xingrg/kc/buy/cgsh_order_add.html HTTP/1.1" 200 62257
61.165.42.208 - - [29/Apr/2021:09:47:48 +0800] "GET /xingrg/javascript/easyui/themes/default/validatebox.css HTTP/1.1" 404 1104
61.165.42.208 - - [29/Apr/2021:09:47:48 +0800] "POST /xingrg/kc/buy/cgsh_order_operate.html HTTP/1.1" 200 8245
222.69.128.23 - - [29/Apr/2021:09:47:52 +0800] "GET /xingrg/all/function/internal_message.html?_=1619660867895&CODE_STATE=getMsg HTTP/1.1" 200 27
120.253.135.82 - - [29/Apr/2021:09:47:52 +0800] "GET /xingrg/check_reg.html?_=1619660883313 HTTP/1.1" 200 22
58.37.228.113 - - [29/Apr/2021:09:47:53 +0800] "GET /xingrg/kc/buy/cgsh_order_operate.html?command=get_materiel&rest_code=00141&code=00101006111&supplier_code=00100012&order_time=2021-04-29 HTTP/1.1" 200 409
180.161.124.236 - - [29/Apr/2021:09:47:53 +0800] "POST /xingrg/all/report/load_report_page.html HTTP/1.1" 200 73762
180.161.124.236 - - [29/Apr/2021:09:47:53 +0800] "GET /xingrg/images/blue/button/advance.gif HTTP/1.1" 200 1354
180.169.147.146 - - [29/Apr/2021:09:47:53 +0800] "GET /xingrg/all/function/internal_message.html?_=1619660868964&CODE_STATE=getMsg HTTP/1.1" 200 27
180.161.124.236 - - [29/Apr/2021:09:47:53 +0800] "GET /xingrg/images/blue/button/advance2.gif HTTP/1.1" 200 1338
180.161.124.236 - - [29/Apr/2021:09:47:53 +0800] "GET /xingrg/servlets/image?cache=0.18531438316422078&image=px HTTP/1.1" 200 807
172.20.0.100 - - [29/Apr/2021:09:47:54 +0800] "GET /xingrg/all/function/internal_message.html?_=1619660869827&CODE_STATE=getMsg HTTP/1.1" 200 27
180.169.147.146 - - [29/Apr/2021:09:47:54 +0800] "GET /xingrg/all/function/internal_message.html?_=1619660873318&CODE_STATE=getMsg HTTP/1.1" 200 27
61.165.42.208 - - [29/Apr/2021:09:47:57 +0800] "GET /xingrg/kc/buy/cgsh_order_operate.html?command=get_materiel&rest_code=00105&code=00101011005&supplier_code=00100052&order_time=2021-04-29 HTTP/1.1" 200 428
58.37.228.113 - - [29/Apr/2021:09:48:02 +0800] "GET /xingrg/all/function/internal_message.html?_=1619660859295&CODE_STATE=getMsg HTTP/1.1" 200 27
58.37.228.113 - - [29/Apr/2021:09:48:07 +0800] "GET /xingrg/kc/buy/cgsh_order_operate.html?command=get_materiel&rest_code=00141&code=00101006071&supplier_code=00100012&order_time=2021-04-29 HTTP/1.1" 200 409
116.230.114.112 - - [29/Apr/2021:09:48:08 +0800] "GET /xingrg/all/function/internal_message.html?_=1619660898662&CODE_STATE=getMsg HTTP/1.1" 200 27
120.253.135.82 - - [29/Apr/2021:09:48:14 +0800] "GET /xingrg/all/function/internal_message.html?_=1619660905946&CODE_STATE=getMsg HTTP/1.1" 200 27
116.230.110.80 - - [29/Apr/2021:09:48:16 +0800] "GET /xingrg/all/function/internal_message.html?_=1619660890849&CODE_STATE=getMsg HTTP/1.1" 200 27
58.37.228.113 - - [29/Apr/2021:09:48:18 +0800] "GET /xingrg/kc/buy/cgsh_order_operate.html?command=get_materiel&rest_code=00141&code=00101006065&supplier_code=00100012&order_time=2021-04-29 HTTP/1.1" 200 409
124.77.71.179 - - [29/Apr/2021:09:48:28 +0800] "GET /xingrg/all/function/internal_message.html?_=1619660902343&CODE_STATE=getMsg HTTP/1.1" 200 27
124.77.71.179 - - [29/Apr/2021:09:48:28 +0800] "GET /xingrg/check_reg.html?_=1619660902344 HTTP/1.1" 200 22
61.165.42.208 - - [29/Apr/2021:09:48:28 +0800] "GET /xingrg/all/function/internal_message.html?_=1619660904992&CODE_STATE=getMsg HTTP/1.1" 200 27
114.86.228.249 - - [29/Apr/2021:09:48:29 +0800] "GET /xingrg/all/function/internal_message.html?_=1619660906569&CODE_STATE=getMsg HTTP/1.1" 200 27
114.88.160.164 - - [29/Apr/2021:09:48:29 +0800] "GET /xingrg/all/function/internal_message.html?_=1619660903188&CODE_STATE=getMsg HTTP/1.1" 200 27
58.37.228.113 - - [29/Apr/2021:09:48:30 +0800] "GET /xingrg/kc/buy/cgsh_order_operate.html?command=get_materiel&rest_code=00141&code=00101006055&supplier_code=00100012&order_time=2021-04-29 HTTP/1.1" 200 409
116.224.253.72 - - [29/Apr/2021:09:48:44 +0800] "GET /xingrg/all/function/internal_message.html?_=1619660922386&CODE_STATE=getMsg HTTP/1.1" 200 27
116.224.253.72 - - [29/Apr/2021:09:48:45 +0800] "GET /xingrg/all/function/internal_message.html?_=1619660921607&CODE_STATE=getMsg HTTP/1.1" 200 27
180.161.124.236 - - [29/Apr/2021:09:48:52 +0800] "POST /xingrg/dwr/call/plaincall/AjaxReportQueryService.refreshCache.dwr HTTP/1.1" 200 78
222.69.128.23 - - [29/Apr/2021:09:48:52 +0800] "GET /xingrg/all/function/internal_message.html?_=1619660927879&CODE_STATE=getMsg HTTP/1.1" 200 27
222.69.128.23 - - [29/Apr/2021:09:48:52 +0800] "GET /xingrg/check_reg.html?_=1619660928458 HTTP/1.1" 200 22
180.169.147.146 - - [29/Apr/2021:09:48:53 +0800] "GET /xingrg/all/function/internal_message.html?_=1619660928965&CODE_STATE=getMsg HTTP/1.1" 200 27
180.161.124.236 - - [29/Apr/2021:09:48:53 +0800] "POST /xingrg/all/report/load_report_page.html HTTP/1.1" 200 128200
180.161.124.236 - - [29/Apr/2021:09:48:54 +0800] "GET /xingrg/servlets/image?cache=0.7985851020038814&image=px HTTP/1.1" 200 807
172.20.0.100 - - [29/Apr/2021:09:48:54 +0800] "GET /xingrg/check_reg.html?_=1619660929817 HTTP/1.1" 200 22
172.20.0.100 - - [29/Apr/2021:09:48:54 +0800] "GET /xingrg/all/function/internal_message.html?_=1619660929819&CODE_STATE=getMsg HTTP/1.1" 200 27
180.169.147.146 - - [29/Apr/2021:09:48:54 +0800] "GET /xingrg/all/function/internal_message.html?_=1619660933305&CODE_STATE=getMsg HTTP/1.1" 200 27
61.165.42.208 - - [29/Apr/2021:09:48:56 +0800] "GET /xingrg/kc/buy/cgsh_order_operate.html?command=get_materiel&rest_code=00105&code=00101011001&supplier_code=00100052&order_time=2021-04-29 HTTP/1.1" 200 423
58.37.228.113 - - [29/Apr/2021:09:49:02 +0800] "GET /xingrg/all/function/internal_message.html?_=1619660919300&CODE_STATE=getMsg HTTP/1.1" 200 27
180.169.147.146 - - [29/Apr/2021:09:49:04 +0800] "GET /xingrg/check_reg.html?_=1619660940045 HTTP/1.1" 200 22
116.230.114.112 - - [29/Apr/2021:09:49:08 +0800] "GET /xingrg/all/function/internal_message.html?_=1619660958673&CODE_STATE=getMsg HTTP/1.1" 200 27
61.165.42.208 - - [29/Apr/2021:09:49:12 +0800] "GET /xingrg/kc/buy/cgsh_order_operate.html?command=get_materiel&rest_code=00105&code=00101011012&supplier_code=00100052&order_time=2021-04-29 HTTP/1.1" 200 411
120.253.135.82 - - [29/Apr/2021:09:49:14 +0800] "GET /xingrg/all/function/internal_message.html?_=1619660965958&CODE_STATE=getMsg HTTP/1.1" 200 27
116.230.110.80 - - [29/Apr/2021:09:49:16 +0800] "GET /xingrg/all/function/internal_message.html?_=1619660950837&CODE_STATE=getMsg HTTP/1.1" 200 27
58.37.228.113 - - [29/Apr/2021:09:49:18 +0800] "GET /xingrg/kc/buy/cgsh_order_operate.html?command=get_materiel&rest_code=00141&code=00101006130&supplier_code=00100012&order_time=2021-04-29 HTTP/1.1" 200 427
58.37.228.113 - - [29/Apr/2021:09:49:26 +0800] "GET /xingrg/kc/buy/cgsh_order_operate.html?command=get_materiel&rest_code=00141&code=00101006006&supplier_code=00100012&order_time=2021-04-29 HTTP/1.1" 200 409
124.77.71.179 - - [29/Apr/2021:09:49:28 +0800] "GET /xingrg/all/function/internal_message.html?_=1619660962343&CODE_STATE=getMsg HTTP/1.1" 200 27
61.165.42.208 - - [29/Apr/2021:09:49:28 +0800] "GET /xingrg/all/function/internal_message.html?_=1619660964990&CODE_STATE=getMsg HTTP/1.1" 200 27
114.86.228.249 - - [29/Apr/2021:09:49:29 +0800] "GET /xingrg/all/function/internal_message.html?_=1619660966573&CODE_STATE=getMsg HTTP/1.1" 200 27
114.88.160.164 - - [29/Apr/2021:09:49:29 +0800] "GET /xingrg/all/function/internal_message.html?_=1619660963201&CODE_STATE=getMsg HTTP/1.1" 200 27
61.165.42.208 - - [29/Apr/2021:09:49:30 +0800] "POST /xingrg/kc/buy/cgsh_order_operate.html HTTP/1.1" 200 37
61.165.42.208 - - [29/Apr/2021:09:49:31 +0800] "POST /xingrg/kc/buy/cgsh_order_operate.html HTTP/1.1" 200 3852
61.165.42.208 - - [29/Apr/2021:09:49:32 +0800] "GET /xingrg/kc/print/load_data.html?order_code=212021042912303&kc_code=cgsh&condition= HTTP/1.1" 200 1176
180.161.124.236 - - [29/Apr/2021:09:49:34 +0800] "POST /xingrg/all/report/load_report_page.html HTTP/1.1" 200 93481
180.161.124.236 - - [29/Apr/2021:09:49:34 +0800] "GET /xingrg/servlets/image?cache=0.905957096464591&image=px HTTP/1.1" 200 807
61.165.42.208 - - [29/Apr/2021:09:49:36 +0800] "GET /xingrg/kc/buy/cgsh_order_list.html HTTP/1.1" 200 46472
116.224.253.72 - - [29/Apr/2021:09:49:40 +0800] "POST /xingrg/kc/buy/cgsh_order_operate.html HTTP/1.1" 200 37
61.165.42.208 - - [29/Apr/2021:09:49:41 +0800] "POST /xingrg/kc/buy/cgsh_list_operate.html HTTP/1.1" 200 2768
116.224.253.72 - - [29/Apr/2021:09:49:42 +0800] "POST /xingrg/kc/buy/cgsh_order_operate.html HTTP/1.1" 200 32842
58.37.228.113 - - [29/Apr/2021:09:49:42 +0800] "GET /xingrg/kc/buy/cgsh_order_operate.html?command=get_materiel&rest_code=00141&code=00101006113&supplier_code=00100012&order_time=2021-04-29 HTTP/1.1" 200 415
116.224.253.72 - - [29/Apr/2021:09:49:43 +0800] "GET /xingrg/check_reg.html?_=1619660982042 HTTP/1.1" 200 22
116.224.253.72 - - [29/Apr/2021:09:49:44 +0800] "GET /xingrg/all/function/internal_message.html?_=1619660982400&CODE_STATE=getMsg HTTP/1.1" 200 27
116.224.253.72 - - [29/Apr/2021:09:49:45 +0800] "GET /xingrg/all/function/internal_message.html?_=1619660981594&CODE_STATE=getMsg HTTP/1.1" 200 27
222.69.128.23 - - [29/Apr/2021:09:49:52 +0800] "GET /xingrg/all/function/internal_message.html?_=1619660987877&CODE_STATE=getMsg HTTP/1.1" 200 27
180.169.147.146 - - [29/Apr/2021:09:49:53 +0800] "GET /xingrg/check_reg.html?_=1619660988958 HTTP/1.1" 200 22
180.169.147.146 - - [29/Apr/2021:09:49:53 +0800] "GET /xingrg/all/function/internal_message.html?_=1619660988959&CODE_STATE=getMsg HTTP/1.1" 200 27
180.161.124.236 - - [29/Apr/2021:09:49:53 +0800] "POST /xingrg/dwr/call/plaincall/AjaxReportQueryService.refreshCache.dwr HTTP/1.1" 200 78
172.20.0.100 - - [29/Apr/2021:09:49:54 +0800] "GET /xingrg/all/function/internal_message.html?_=1619660989820&CODE_STATE=getMsg HTTP/1.1" 200 27
180.169.147.146 - - [29/Apr/2021:09:49:54 +0800] "GET /xingrg/all/function/internal_message.html?_=1619660993307&CODE_STATE=getMsg HTTP/1.1" 200 27
180.161.124.236 - - [29/Apr/2021:09:49:55 +0800] "POST /xingrg/all/report/load_report_page.html HTTP/1.1" 200 83801
180.161.124.236 - - [29/Apr/2021:09:49:55 +0800] "GET /xingrg/servlets/image?cache=0.5189247049043756&image=px HTTP/1.1" 200 807
58.37.228.113 - - [29/Apr/2021:09:49:57 +0800] "GET /xingrg/kc/buy/cgsh_order_operate.html?command=get_materiel&rest_code=00141&code=00101006027&supplier_code=00100012&order_time=2021-04-29 HTTP/1.1" 200 409
58.37.228.113 - - [29/Apr/2021:09:50:02 +0800] "GET /xingrg/all/function/internal_message.html?_=1619660979288&CODE_STATE=getMsg HTTP/1.1" 200 27
116.224.253.72 - - [29/Apr/2021:09:50:06 +0800] "POST /xingrg/kc/buy/cgsh_order_operate.html HTTP/1.1" 200 37
58.37.228.113 - - [29/Apr/2021:09:50:06 +0800] "GET /xingrg/kc/buy/cgsh_order_operate.html?command=get_materiel&rest_code=00141&code=00101006062&supplier_code=00100012&order_time=2021-04-29 HTTP/1.1" 200 409
116.224.253.72 - - [29/Apr/2021:09:50:07 +0800] "POST /xingrg/kc/buy/cgsh_order_operate.html HTTP/1.1" 200 32842
116.230.114.112 - - [29/Apr/2021:09:50:08 +0800] "GET /xingrg/check_reg.html?_=1619661017991 HTTP/1.1" 200 22
116.230.114.112 - - [29/Apr/2021:09:50:08 +0800] "GET /xingrg/all/function/internal_message.html?_=1619661018687&CODE_STATE=getMsg HTTP/1.1" 200 27
116.224.253.72 - - [29/Apr/2021:09:50:08 +0800] "GET /xingrg/kc/buy/cgsh_order_list.html HTTP/1.1" 200 46478
116.224.253.72 - - [29/Apr/2021:09:50:10 +0800] "POST /xingrg/kc/buy/cgsh_list_operate.html HTTP/1.1" 200 1691
116.224.253.72 - - [29/Apr/2021:09:50:12 +0800] "POST /xingrg/kc/buy/cgsh_list_operate.html HTTP/1.1" 200 566
116.224.253.72 - - [29/Apr/2021:09:50:13 +0800] "GET /xingrg/kc/buy/cgsh_order_info.html?code=212021042912284 HTTP/1.1" 200 62143
116.224.253.72 - - [29/Apr/2021:09:50:14 +0800] "GET /xingrg/javascript/easyui/themes/default/validatebox.css HTTP/1.1" 404 1104
116.224.253.72 - - [29/Apr/2021:09:50:14 +0800] "POST /xingrg/kc/buy/cgsh_order_operate.html HTTP/1.1" 200 32842
120.253.135.82 - - [29/Apr/2021:09:50:14 +0800] "GET /xingrg/all/function/internal_message.html?_=1619661025988&CODE_STATE=getMsg HTTP/1.1" 200 27
116.230.110.80 - - [29/Apr/2021:09:50:16 +0800] "GET /xingrg/all/function/internal_message.html?_=1619661010838&CODE_STATE=getMsg HTTP/1.1" 200 27
58.37.228.113 - - [29/Apr/2021:09:50:17 +0800] "POST /xingrg/kc/buy/cgsh_order_operate.html HTTP/1.1" 200 37
180.161.124.236 - - [29/Apr/2021:09:50:20 +0800] "GET /xingrg/check_reg.html?_=1619661299184 HTTP/1.1" 200 22
61.165.42.208 - - [29/Apr/2021:09:50:22 +0800] "POST /xingrg/kc/buy/cgsh_list_operate.html HTTP/1.1" 200 567
61.165.42.208 - - [29/Apr/2021:09:50:22 +0800] "GET /xingrg/kc/buy/cgsh_order_info.html?code=212021042912281 HTTP/1.1" 200 62260
61.165.42.208 - - [29/Apr/2021:09:50:23 +0800] "GET /xingrg/javascript/easyui/themes/default/validatebox.css HTTP/1.1" 404 1104
58.37.228.113 - - [29/Apr/2021:09:50:23 +0800] "POST /xingrg/kc/buy/cgsh_order_operate.html HTTP/1.1" 200 12
61.165.42.208 - - [29/Apr/2021:09:50:23 +0800] "POST /xingrg/kc/buy/cgsh_order_operate.html HTTP/1.1" 200 68886
61.165.42.208 - - [29/Apr/2021:09:50:28 +0800] "GET /xingrg/check_reg.html?_=1619661024989 HTTP/1.1" 200 22
124.77.71.179 - - [29/Apr/2021:09:50:28 +0800] "GET /xingrg/all/function/internal_message.html?_=1619661022367&CODE_STATE=getMsg HTTP/1.1" 200 27
61.165.42.208 - - [29/Apr/2021:09:50:28 +0800] "GET /xingrg/all/function/internal_message.html?_=1619661024992&CODE_STATE=getMsg HTTP/1.1" 200 27
58.37.228.113 - - [29/Apr/2021:09:50:29 +0800] "GET /xingrg/kc/buy/cgsh_order_info.html?code=212021042912304 HTTP/1.1" 200 57118
58.37.228.113 - - [29/Apr/2021:09:50:29 +0800] "GET /xingrg/javascript/easyui/themes/default/validatebox.css HTTP/1.1" 404 1104
114.86.228.249 - - [29/Apr/2021:09:50:29 +0800] "GET /xingrg/all/function/internal_message.html?_=1619661026577&CODE_STATE=getMsg HTTP/1.1" 200 27
114.88.160.164 - - [29/Apr/2021:09:50:29 +0800] "GET /xingrg/all/function/internal_message.html?_=1619661023365&CODE_STATE=getMsg HTTP/1.1" 200 27
58.37.228.113 - - [29/Apr/2021:09:50:30 +0800] "POST /xingrg/kc/buy/cgsh_order_operate.html HTTP/1.1" 200 5334
58.37.228.113 - - [29/Apr/2021:09:50:30 +0800] "GET /xingrg/kc/print/load_config.html?kc_code=cgsh HTTP/1.1" 200 1845
58.37.228.113 - - [29/Apr/2021:09:50:31 +0800] "GET /xingrg/kc/print/load_data.html?order_code=212021042912304&kc_code=cgsh&condition= HTTP/1.1" 200 2600
116.224.253.72 - - [29/Apr/2021:09:50:35 +0800] "POST /xingrg/kc/buy/cgsh_order_operate.html HTTP/1.1" 200 37
58.37.228.113 - - [29/Apr/2021:09:50:36 +0800] "GET /xingrg/kc/buy/cgsh_order_add.html HTTP/1.1" 200 62216
58.37.228.113 - - [29/Apr/2021:09:50:36 +0800] "POST /xingrg/kc/buy/cgsh_order_operate.html HTTP/1.1" 200 8245
58.37.228.113 - - [29/Apr/2021:09:50:36 +0800] "GET /xingrg/javascript/easyui/themes/default/validatebox.css HTTP/1.1" 404 1104
180.169.147.146 - - [29/Apr/2021:09:50:38 +0800] "GET /xingrg/check_reg.html?_=1619661034089 HTTP/1.1" 302 -
116.224.253.72 - - [29/Apr/2021:09:50:38 +0800] "POST /xingrg/kc/buy/cgsh_order_operate.html HTTP/1.1" 200 12
116.224.253.72 - - [29/Apr/2021:09:50:44 +0800] "GET /xingrg/all/function/internal_message.html?_=1619661042414&CODE_STATE=getMsg HTTP/1.1" 200 27
222.69.128.23 - - [29/Apr/2021:09:50:52 +0800] "GET /xingrg/all/function/internal_message.html?_=1619661047864&CODE_STATE=getMsg HTTP/1.1" 200 27
180.169.147.146 - - [29/Apr/2021:09:50:53 +0800] "GET /xingrg/all/function/internal_message.html?_=1619661048955&CODE_STATE=getMsg HTTP/1.1" 200 27
58.37.228.113 - - [29/Apr/2021:09:50:54 +0800] "GET /xingrg/kc/buy/cgsh_order_operate.html?command=get_materiel&rest_code=00141&code=00101011005&supplier_code=00100036&order_time=2021-04-29 HTTP/1.1" 200 428
172.20.0.100 - - [29/Apr/2021:09:50:54 +0800] "GET /xingrg/all/function/internal_message.html?_=1619661049823&CODE_STATE=getMsg HTTP/1.1" 200 27
116.224.253.72 - - [29/Apr/2021:09:50:54 +0800] "GET /xingrg/kc/buy/cgsh_order_info.html?code=212021042912284 HTTP/1.1" 200 57036
180.169.147.146 - - [29/Apr/2021:09:50:54 +0800] "GET /xingrg/all/function/internal_message.html?_=1619661053309&CODE_STATE=getMsg HTTP/1.1" 200 27
180.169.147.146 - - [29/Apr/2021:09:50:54 +0800] "GET /xingrg/check_reg.html?_=1619661053314 HTTP/1.1" 200 22
116.224.253.72 - - [29/Apr/2021:09:50:55 +0800] "GET /xingrg/javascript/easyui/themes/default/validatebox.css HTTP/1.1" 404 1104
116.224.253.72 - - [29/Apr/2021:09:50:55 +0800] "POST /xingrg/kc/buy/cgsh_order_operate.html HTTP/1.1" 200 30781
116.224.253.72 - - [29/Apr/2021:09:50:57 +0800] "GET /xingrg/kc/print/load_data.html?order_code=212021042912284&kc_code=cgsh&condition= HTTP/1.1" 200 12180
58.37.228.113 - - [29/Apr/2021:09:51:02 +0800] "GET /xingrg/all/function/internal_message.html?_=1619661039293&CODE_STATE=getMsg HTTP/1.1" 200 27
116.230.117.165 - - [29/Apr/2021:09:51:06 +0800] "POST /xingrg/services/DataTransmitService HTTP/1.1" 200 524
116.230.117.165 - - [29/Apr/2021:09:51:07 +0800] "POST /xingrg/services/DataTransmitService HTTP/1.1" 200 2171
116.230.117.165 - - [29/Apr/2021:09:51:08 +0800] "POST /xingrg/services/DataTransmitService HTTP/1.1" 200 157511
116.230.114.112 - - [29/Apr/2021:09:51:08 +0800] "GET /xingrg/all/function/internal_message.html?_=1619661078701&CODE_STATE=getMsg HTTP/1.1" 200 27
116.224.253.72 - - [29/Apr/2021:09:51:09 +0800] "POST /xingrg/kc/buy/cgsh_list_operate.html HTTP/1.1" 200 876
58.37.228.113 - - [29/Apr/2021:09:51:14 +0800] "GET /xingrg/kc/buy/cgsh_order_operate.html?command=get_materiel&rest_code=00141&code=00101016025&supplier_code=00100036&order_time=2021-04-29 HTTP/1.1" 200 408
120.253.135.82 - - [29/Apr/2021:09:51:14 +0800] "GET /xingrg/all/function/internal_message.html?_=1619661086002&CODE_STATE=getMsg HTTP/1.1" 200 27
116.230.110.80 - - [29/Apr/2021:09:51:16 +0800] "GET /xingrg/all/function/internal_message.html?_=1619661070840&CODE_STATE=getMsg HTTP/1.1" 200 27
116.230.110.80 - - [29/Apr/2021:09:51:16 +0800] "GET /xingrg/check_reg.html?_=1619661070841 HTTP/1.1" 200 22
124.77.71.179 - - [29/Apr/2021:09:51:28 +0800] "GET /xingrg/all/function/internal_message.html?_=1619661082347&CODE_STATE=getMsg HTTP/1.1" 200 27
61.165.42.208 - - [29/Apr/2021:09:51:28 +0800] "GET /xingrg/all/function/internal_message.html?_=1619661084984&CODE_STATE=getMsg HTTP/1.1" 200 27
114.86.228.249 - - [29/Apr/2021:09:51:29 +0800] "GET /xingrg/all/function/internal_message.html?_=1619661086575&CODE_STATE=getMsg HTTP/1.1" 200 27
114.86.228.249 - - [29/Apr/2021:09:51:29 +0800] "GET /xingrg/check_reg.html?_=1619661086577 HTTP/1.1" 200 22
114.88.160.164 - - [29/Apr/2021:09:51:29 +0800] "GET /xingrg/all/function/internal_message.html?_=1619661083368&CODE_STATE=getMsg HTTP/1.1" 200 27
58.37.228.113 - - [29/Apr/2021:09:51:31 +0800] "GET /xingrg/kc/buy/cgsh_order_operate.html?command=get_materiel&rest_code=00141&code=00101012025&supplier_code=00100036&order_time=2021-04-29 HTTP/1.1" 200 412
116.230.117.165 - - [29/Apr/2021:09:51:38 +0800] "POST /xingrg/services/DataTransmitService HTTP/1.1" 200 524
116.230.117.165 - - [29/Apr/2021:09:51:39 +0800] "POST /xingrg/services/DataTransmitService HTTP/1.1" 200 2171
116.224.253.72 - - [29/Apr/2021:09:51:44 +0800] "GET /xingrg/all/function/internal_message.html?_=1619661102427&CODE_STATE=getMsg HTTP/1.1" 200 27
116.224.253.72 - - [29/Apr/2021:09:51:45 +0800] "GET /xingrg/all/function/internal_message.html?_=1619661101625&CODE_STATE=getMsg HTTP/1.1" 200 27
116.224.253.72 - - [29/Apr/2021:09:51:45 +0800] "GET /xingrg/check_reg.html?_=1619661101630 HTTP/1.1" 200 22
58.37.228.113 - - [29/Apr/2021:09:51:49 +0800] "GET /xingrg/kc/buy/cgsh_order_operate.html?command=get_materiel&rest_code=00141&code=00101016053&supplier_code=00100036&order_time=2021-04-29 HTTP/1.1" 200 408
222.69.128.23 - - [29/Apr/2021:09:51:52 +0800] "GET /xingrg/all/function/internal_message.html?_=1619661107839&CODE_STATE=getMsg HTTP/1.1" 200 27
180.169.147.146 - - [29/Apr/2021:09:51:53 +0800] "GET /xingrg/all/function/internal_message.html?_=1619661108963&CODE_STATE=getMsg HTTP/1.1" 200 27
172.20.0.100 - - [29/Apr/2021:09:51:54 +0800] "GET /xingrg/all/function/internal_message.html?_=1619661109826&CODE_STATE=getMsg HTTP/1.1" 200 27
180.169.147.146 - - [29/Apr/2021:09:51:54 +0800] "GET /xingrg/all/function/internal_message.html?_=1619661113314&CODE_STATE=getMsg HTTP/1.1" 200 27
58.37.228.113 - - [29/Apr/2021:09:52:01 +0800] "GET /xingrg/kc/buy/cgsh_order_operate.html?command=get_materiel&rest_code=00141&code=00101012051&supplier_code=00100036&order_time=2021-04-29 HTTP/1.1" 200 408
58.37.228.113 - - [29/Apr/2021:09:52:02 +0800] "GET /xingrg/all/function/internal_message.html?_=1619661099278&CODE_STATE=getMsg HTTP/1.1" 200 27
58.37.228.113 - - [29/Apr/2021:09:52:02 +0800] "GET /xingrg/check_reg.html?_=1619661099279 HTTP/1.1" 200 22
116.230.114.112 - - [29/Apr/2021:09:52:08 +0800] "GET /xingrg/all/function/internal_message.html?_=1619661138715&CODE_STATE=getMsg HTTP/1.1" 200 27
120.253.135.82 - - [29/Apr/2021:09:52:15 +0800] "GET /xingrg/all/function/internal_message.html?_=1619661146031&CODE_STATE=getMsg HTTP/1.1" 200 27
116.230.110.80 - - [29/Apr/2021:09:52:16 +0800] "GET /xingrg/all/function/internal_message.html?_=1619661130842&CODE_STATE=getMsg HTTP/1.1" 200 27
58.37.228.113 - - [29/Apr/2021:09:52:26 +0800] "GET /xingrg/kc/buy/cgsh_order_operate.html?command=get_materiel&rest_code=00141&code=00101016105&supplier_code=00100036&order_time=2021-04-29 HTTP/1.1" 200 409
124.77.71.179 - - [29/Apr/2021:09:52:28 +0800] "GET /xingrg/all/function/internal_message.html?_=1619661142345&CODE_STATE=getMsg HTTP/1.1" 200 27
61.165.42.208 - - [29/Apr/2021:09:52:28 +0800] "GET /xingrg/all/function/internal_message.html?_=1619661144986&CODE_STATE=getMsg HTTP/1.1" 200 27
114.88.160.164 - - [29/Apr/2021:09:52:29 +0800] "GET /xingrg/check_reg.html?_=1619661142748 HTTP/1.1" 200 22
114.86.228.249 - - [29/Apr/2021:09:52:29 +0800] "GET /xingrg/all/function/internal_message.html?_=1619661146574&CODE_STATE=getMsg HTTP/1.1" 200 27
114.88.160.164 - - [29/Apr/2021:09:52:29 +0800] "GET /xingrg/all/function/internal_message.html?_=1619661143382&CODE_STATE=getMsg HTTP/1.1" 200 27
58.37.228.113 - - [29/Apr/2021:09:52:34 +0800] "GET /xingrg/kc/buy/cgsh_order_operate.html?command=get_materiel&rest_code=00141&code=00101012026&supplier_code=00100036&order_time=2021-04-29 HTTP/1.1" 200 408
116.224.253.72 - - [29/Apr/2021:09:52:44 +0800] "GET /xingrg/all/function/internal_message.html?_=1619661162445&CODE_STATE=getMsg HTTP/1.1" 200 27
116.224.253.72 - - [29/Apr/2021:09:52:45 +0800] "GET /xingrg/all/function/internal_message.html?_=1619661161604&CODE_STATE=getMsg HTTP/1.1" 200 27
58.37.228.113 - - [29/Apr/2021:09:52:45 +0800] "POST /xingrg/kc/buy/cgsh_order_operate.html HTTP/1.1" 200 37
58.37.228.113 - - [29/Apr/2021:09:52:47 +0800] "POST /xingrg/kc/buy/cgsh_order_operate.html HTTP/1.1" 200 12
58.37.228.113 - - [29/Apr/2021:09:52:48 +0800] "GET /xingrg/kc/buy/cgsh_order_info.html?code=212021042912305 HTTP/1.1" 200 57120
58.37.228.113 - - [29/Apr/2021:09:52:48 +0800] "GET /xingrg/javascript/easyui/themes/default/validatebox.css HTTP/1.1" 404 1104
58.37.228.113 - - [29/Apr/2021:09:52:49 +0800] "POST /xingrg/kc/buy/cgsh_order_operate.html HTTP/1.1" 200 4716
58.37.228.113 - - [29/Apr/2021:09:52:50 +0800] "GET /xingrg/kc/print/load_data.html?order_code=212021042912305&kc_code=cgsh&condition= HTTP/1.1" 200 2328
222.69.128.23 - - [29/Apr/2021:09:52:52 +0800] "GET /xingrg/all/function/internal_message.html?_=1619661167827&CODE_STATE=getMsg HTTP/1.1" 200 27
120.253.135.82 - - [29/Apr/2021:09:52:52 +0800] "GET /xingrg/check_reg.html?_=1619661183319 HTTP/1.1" 200 22
180.169.147.146 - - [29/Apr/2021:09:52:53 +0800] "GET /xingrg/all/function/internal_message.html?_=1619661168965&CODE_STATE=getMsg HTTP/1.1" 200 27
58.37.228.113 - - [29/Apr/2021:09:52:53 +0800] "GET /xingrg/kc/buy/cgsh_order_add.html HTTP/1.1" 200 62216
58.37.228.113 - - [29/Apr/2021:09:52:54 +0800] "POST /xingrg/kc/buy/cgsh_order_operate.html HTTP/1.1" 200 8245
58.37.228.113 - - [29/Apr/2021:09:52:54 +0800] "GET /xingrg/javascript/easyui/themes/default/validatebox.css HTTP/1.1" 404 1104
172.20.0.100 - - [29/Apr/2021:09:52:54 +0800] "GET /xingrg/all/function/internal_message.html?_=1619661169829&CODE_STATE=getMsg HTTP/1.1" 200 27
180.169.147.146 - - [29/Apr/2021:09:52:54 +0800] "GET /xingrg/all/function/internal_message.html?_=1619661173309&CODE_STATE=getMsg HTTP/1.1" 200 27
58.37.228.113 - - [29/Apr/2021:09:53:02 +0800] "GET /xingrg/all/function/internal_message.html?_=1619661159272&CODE_STATE=getMsg HTTP/1.1" 200 27
58.37.228.113 - - [29/Apr/2021:09:53:03 +0800] "GET /xingrg/kc/buy/cgsh_order_operate.html?command=get_materiel&rest_code=00141&code=00101013172&supplier_code=00100040&order_time=2021-04-29 HTTP/1.1" 200 428
116.230.114.112 - - [29/Apr/2021:09:53:08 +0800] "GET /xingrg/all/function/internal_message.html?_=1619661198808&CODE_STATE=getMsg HTTP/1.1" 200 27
120.253.135.82 - - [29/Apr/2021:09:53:15 +0800] "GET /xingrg/all/function/internal_message.html?_=1619661206045&CODE_STATE=getMsg HTTP/1.1" 200 27
180.161.124.236 - - [29/Apr/2021:09:53:16 +0800] "POST /xingrg/dwr/call/plaincall/AjaxReportQueryService.refreshCache.dwr HTTP/1.1" 200 78
180.161.124.236 - - [29/Apr/2021:09:53:16 +0800] "GET /xingrg/javascript/jquery_easy_ui/themes/default/images/button_plain_hover.png HTTP/1.1" 200 252
116.230.110.80 - - [29/Apr/2021:09:53:16 +0800] "GET /xingrg/all/function/internal_message.html?_=1619661190846&CODE_STATE=getMsg HTTP/1.1" 200 27
180.161.124.236 - - [29/Apr/2021:09:53:17 +0800] "POST /xingrg/all/report/load_report_page.html HTTP/1.1" 200 33913
180.161.124.236 - - [29/Apr/2021:09:53:17 +0800] "GET /xingrg/servlets/image?cache=0.5492212382532552&image=px HTTP/1.1" 200 807
58.37.228.113 - - [29/Apr/2021:09:53:19 +0800] "GET /xingrg/kc/buy/cgsh_order_operate.html?command=get_materiel&rest_code=00141&code=00101001075&supplier_code=00100040&order_time=2021-04-29 HTTP/1.1" 200 409
124.77.71.179 - - [29/Apr/2021:09:53:28 +0800] "GET /xingrg/all/function/internal_message.html?_=1619661202349&CODE_STATE=getMsg HTTP/1.1" 200 27
124.77.71.179 - - [29/Apr/2021:09:53:28 +0800] "GET /xingrg/check_reg.html?_=1619661202351 HTTP/1.1" 200 22
61.165.42.208 - - [29/Apr/2021:09:53:28 +0800] "GET /xingrg/all/function/internal_message.html?_=1619661204989&CODE_STATE=getMsg HTTP/1.1" 200 27
58.37.228.113 - - [29/Apr/2021:09:53:29 +0800] "POST /xingrg/kc/buy/cgsh_order_operate.html HTTP/1.1" 200 37
114.86.228.249 - - [29/Apr/2021:09:53:29 +0800] "GET /xingrg/all/function/internal_message.html?_=1619661206582&CODE_STATE=getMsg HTTP/1.1" 200 27
114.88.160.164 - - [29/Apr/2021:09:53:30 +0800] "GET /xingrg/all/function/internal_message.html?_=1619661203396&CODE_STATE=getMsg HTTP/1.1" 200 27
58.37.228.113 - - [29/Apr/2021:09:53:32 +0800] "POST /xingrg/kc/buy/cgsh_order_operate.html HTTP/1.1" 200 12
58.37.228.113 - - [29/Apr/2021:09:53:33 +0800] "GET /xingrg/kc/buy/cgsh_order_info.html?code=212021042912306 HTTP/1.1" 200 57118
58.37.228.113 - - [29/Apr/2021:09:53:33 +0800] "GET /xingrg/javascript/easyui/themes/default/validatebox.css HTTP/1.1" 404 1104
58.37.228.113 - - [29/Apr/2021:09:53:34 +0800] "POST /xingrg/kc/buy/cgsh_order_operate.html HTTP/1.1" 200 1192
58.37.228.113 - - [29/Apr/2021:09:53:34 +0800] "GET /xingrg/kc/print/load_data.html?order_code=212021042912306&kc_code=cgsh&condition= HTTP/1.1" 200 999
58.37.228.113 - - [29/Apr/2021:09:53:38 +0800] "GET /xingrg/kc/buy/cgsh_order_add.html HTTP/1.1" 200 62216
58.37.228.113 - - [29/Apr/2021:09:53:38 +0800] "POST /xingrg/kc/buy/cgsh_order_operate.html HTTP/1.1" 200 8245
58.37.228.113 - - [29/Apr/2021:09:53:38 +0800] "GET /xingrg/javascript/easyui/themes/default/validatebox.css HTTP/1.1" 404 1104
116.224.253.72 - - [29/Apr/2021:09:53:44 +0800] "GET /xingrg/all/function/internal_message.html?_=1619661222456&CODE_STATE=getMsg HTTP/1.1" 200 27
116.224.253.72 - - [29/Apr/2021:09:53:45 +0800] "GET /xingrg/all/function/internal_message.html?_=1619661221591&CODE_STATE=getMsg HTTP/1.1" 200 27
180.161.124.236 - - [29/Apr/2021:09:53:46 +0800] "POST /xingrg/dwr/call/plaincall/AjaxReportQueryService.refreshCache.dwr HTTP/1.1" 200 78
58.37.228.113 - - [29/Apr/2021:09:53:46 +0800] "GET /xingrg/kc/buy/cgsh_order_operate.html?command=get_materiel&rest_code=00141&code=00101007048&supplier_code=00100004&order_time=2021-04-29 HTTP/1.1" 200 408
180.161.124.236 - - [29/Apr/2021:09:53:48 +0800] "POST /xingrg/all/report/load_report_page.html HTTP/1.1" 200 128216
180.161.124.236 - - [29/Apr/2021:09:53:48 +0800] "GET /xingrg/servlets/image?cache=0.4669052504552692&image=px HTTP/1.1" 200 807
222.69.128.23 - - [29/Apr/2021:09:53:52 +0800] "GET /xingrg/all/function/internal_message.html?_=1619661227815&CODE_STATE=getMsg HTTP/1.1" 200 27
222.69.128.23 - - [29/Apr/2021:09:53:52 +0800] "GET /xingrg/check_reg.html?_=1619661228488 HTTP/1.1" 200 22
180.169.147.146 - - [29/Apr/2021:09:53:53 +0800] "GET /xingrg/all/function/internal_message.html?_=1619661228954&CODE_STATE=getMsg HTTP/1.1" 200 27
172.20.0.100 - - [29/Apr/2021:09:53:54 +0800] "GET /xingrg/check_reg.html?_=1619661229832 HTTP/1.1" 200 22
172.20.0.100 - - [29/Apr/2021:09:53:54 +0800] "GET /xingrg/all/function/internal_message.html?_=1619661229833&CODE_STATE=getMsg HTTP/1.1" 200 27
180.169.147.146 - - [29/Apr/2021:09:53:54 +0800] "GET /xingrg/all/function/internal_message.html?_=1619661233313&CODE_STATE=getMsg HTTP/1.1" 200 27
58.37.228.113 - - [29/Apr/2021:09:53:58 +0800] "GET /xingrg/kc/buy/cgsh_order_operate.html?command=get_materiel&rest_code=00141&code=00101007083&supplier_code=00100004&order_time=2021-04-29 HTTP/1.1" 200 421
58.37.228.113 - - [29/Apr/2021:09:54:02 +0800] "GET /xingrg/all/function/internal_message.html?_=1619661219277&CODE_STATE=getMsg HTTP/1.1" 200 27
180.169.147.146 - - [29/Apr/2021:09:54:04 +0800] "GET /xingrg/check_reg.html?_=1619661240060 HTTP/1.1" 200 22
116.230.114.112 - - [29/Apr/2021:09:54:08 +0800] "GET /xingrg/all/function/internal_message.html?_=1619661258820&CODE_STATE=getMsg HTTP/1.1" 200 27
58.37.228.113 - - [29/Apr/2021:09:54:14 +0800] "GET /xingrg/kc/buy/cgsh_order_operate.html?command=get_materiel&rest_code=00141&code=00101007049&supplier_code=00100004&order_time=2021-04-29 HTTP/1.1" 200 409
120.253.135.82 - - [29/Apr/2021:09:54:15 +0800] "GET /xingrg/all/function/internal_message.html?_=1619661266057&CODE_STATE=getMsg HTTP/1.1" 200 27
116.230.110.80 - - [29/Apr/2021:09:54:16 +0800] "GET /xingrg/all/function/internal_message.html?_=1619661250847&CODE_STATE=getMsg HTTP/1.1" 200 27
58.37.228.113 - - [29/Apr/2021:09:54:22 +0800] "GET /xingrg/kc/buy/cgsh_order_operate.html?command=get_materiel&rest_code=00141&code=00101007038&supplier_code=00100004&order_time=2021-04-29 HTTP/1.1" 200 442
124.77.71.179 - - [29/Apr/2021:09:54:28 +0800] "GET /xingrg/all/function/internal_message.html?_=1619661262349&CODE_STATE=getMsg HTTP/1.1" 200 27
61.165.42.208 - - [29/Apr/2021:09:54:28 +0800] "GET /xingrg/all/function/internal_message.html?_=1619661264999&CODE_STATE=getMsg HTTP/1.1" 200 27
58.40.7.146 - - [29/Apr/2021:09:54:28 +0800] "GET /xingrg/login.html HTTP/1.1" 200 7641
58.40.7.146 - - [29/Apr/2021:09:54:28 +0800] "GET /xingrg/images/blue/jxLogo.png HTTP/1.1" 200 6156
58.40.7.146 - - [29/Apr/2021:09:54:29 +0800] "GET /xingrg/images/blue/hj.png HTTP/1.1" 200 1014
58.40.7.146 - - [29/Apr/2021:09:54:29 +0800] "GET /xingrg/images/blue/login_bg.png HTTP/1.1" 200 22101
58.40.7.146 - - [29/Apr/2021:09:54:29 +0800] "GET /xingrg/images/blue/srbg.png HTTP/1.1" 200 138
114.86.228.249 - - [29/Apr/2021:09:54:29 +0800] "GET /xingrg/all/function/internal_message.html?_=1619661266593&CODE_STATE=getMsg HTTP/1.1" 200 27
114.88.160.164 - - [29/Apr/2021:09:54:30 +0800] "GET /xingrg/all/function/internal_message.html?_=1619661263409&CODE_STATE=getMsg HTTP/1.1" 200 27
180.161.124.236 - - [29/Apr/2021:09:54:30 +0800] "POST /xingrg/all/report/load_report_page.html HTTP/1.1" 200 103504
180.161.124.236 - - [29/Apr/2021:09:54:30 +0800] "GET /xingrg/servlets/image?cache=0.21666350207792373&image=px HTTP/1.1" 200 807
58.40.7.146 - - [29/Apr/2021:09:54:33 +0800] "POST /xingrg/login.do HTTP/1.1" 302 -
58.40.7.146 - - [29/Apr/2021:09:54:34 +0800] "GET /xingrg/index.html?sysBaseUrl=http%3A%2F%2F180.169.147.146%3A18081%2Fxingrg%2F&costTime=48×tamp=1619661273969 HTTP/1.1" 200 17507
58.40.7.146 - - [29/Apr/2021:09:54:34 +0800] "GET /xingrg/javascript/jquery_easy_ui/themes/icon.css HTTP/1.1" 200 3949
58.40.7.146 - - [29/Apr/2021:09:54:34 +0800] "GET /xingrg/css/form.css HTTP/1.1" 200 893
58.40.7.146 - - [29/Apr/2021:09:54:34 +0800] "GET /xingrg/javascript/jquery-1.4.2.min.js HTTP/1.1" 200 72205
58.40.7.146 - - [29/Apr/2021:09:54:34 +0800] "GET /xingrg/javascript/jquery_easy_ui/jquery.easyui.min.js HTTP/1.1" 200 213662
58.40.7.146 - - [29/Apr/2021:09:54:34 +0800] "GET /xingrg/javascript/jquery_easy_ui/easyui-lang-zh_CN.js HTTP/1.1" 200 1900
58.40.7.146 - - [29/Apr/2021:09:54:34 +0800] "GET /xingrg/javascript/jquery.timers.js HTTP/1.1" 200 3532
58.40.7.146 - - [29/Apr/2021:09:54:34 +0800] "GET /xingrg/javascript/jquery_easy_ui/themes/default/easyui.css HTTP/1.1" 200 26500
58.40.7.146 - - [29/Apr/2021:09:54:34 +0800] "GET /xingrg/javascript/jquery.utils.js HTTP/1.1" 200 11805
58.40.7.146 - - [29/Apr/2021:09:54:34 +0800] "GET /xingrg/javascript/jquery.form.js HTTP/1.1" 200 23110
58.37.228.113 - - [29/Apr/2021:09:54:34 +0800] "GET /xingrg/kc/buy/cgsh_order_operate.html?command=get_materiel&rest_code=00141&code=00101007061&supplier_code=00100004&order_time=2021-04-29 HTTP/1.1" 200 409
58.40.7.146 - - [29/Apr/2021:09:54:34 +0800] "GET /xingrg/javascript/jquery_easy_ui/themes/icons/settle_new.png HTTP/1.1" 200 826
58.40.7.146 - - [29/Apr/2021:09:54:34 +0800] "GET /xingrg/images/blue/navBackgound.jpg HTTP/1.1" 200 12378
58.40.7.146 - - [29/Apr/2021:09:54:34 +0800] "POST /xingrg/all/common/load_tree.html?tree=area_rest_tree_json&manage=1 HTTP/1.1" 200 348
58.40.7.146 - - [29/Apr/2021:09:54:34 +0800] "GET /xingrg/all/function/internal_message.html?_=1619661269873&CODE_STATE=count HTTP/1.1" 200 11
58.40.7.146 - - [29/Apr/2021:09:54:34 +0800] "GET /xingrg/check_reg.html?_=1619661269874 HTTP/1.1" 200 22
58.40.7.146 - - [29/Apr/2021:09:54:34 +0800] "GET /xingrg/javascript/jquery_easy_ui/themes/default/images/tabs_rightarrow.png HTTP/1.1" 200 395
58.40.7.146 - - [29/Apr/2021:09:54:34 +0800] "GET /xingrg/javascript/jquery_easy_ui/themes/default/images/tabs_leftarrow.png HTTP/1.1" 200 389
58.40.7.146 - - [29/Apr/2021:09:54:34 +0800] "GET /xingrg/images/blue/pingpu.png HTTP/1.1" 200 231
58.40.7.146 - - [29/Apr/2021:09:54:34 +0800] "GET /xingrg/javascript/jquery_easy_ui/themes/default/images/panel_tool_collapse.gif HTTP/1.1" 200 246
58.40.7.146 - - [29/Apr/2021:09:54:34 +0800] "GET /xingrg/javascript/jquery_easy_ui/themes/default/images/panel_tool_expand.gif HTTP/1.1" 200 247
58.40.7.146 - - [29/Apr/2021:09:54:34 +0800] "POST /xingrg/load_menu.html HTTP/1.1" 200 9959
58.40.7.146 - - [29/Apr/2021:09:54:34 +0800] "GET /xingrg/javascript/jquery_easy_ui/themes/default/images/tree_arrows.gif HTTP/1.1" 200 1043
58.40.7.146 - - [29/Apr/2021:09:54:34 +0800] "GET /xingrg/javascript/jquery_easy_ui/themes/default/images/tree_folder_open.gif HTTP/1.1" 200 956
58.40.7.146 - - [29/Apr/2021:09:54:34 +0800] "GET /xingrg/javascript/jquery_easy_ui/themes/icons/search_new.png HTTP/1.1" 200 586
58.40.7.146 - - [29/Apr/2021:09:54:34 +0800] "GET /xingrg/javascript/jquery_easy_ui/themes/default/images/tree_folder.gif HTTP/1.1" 200 952
58.40.7.146 - - [29/Apr/2021:09:54:34 +0800] "GET /xingrg/javascript/jquery_easy_ui/themes/icons/storage_new.png HTTP/1.1" 200 853
58.40.7.146 - - [29/Apr/2021:09:54:34 +0800] "GET /xingrg/javascript/jquery_easy_ui/themes/icons/checkout_new.png HTTP/1.1" 200 744
58.40.7.146 - - [29/Apr/2021:09:54:34 +0800] "GET /xingrg/javascript/jquery_easy_ui/themes/icons/forms_new.png HTTP/1.1" 200 350
58.40.7.146 - - [29/Apr/2021:09:54:34 +0800] "GET /xingrg/javascript/jquery_easy_ui/themes/icons/setting_new.png HTTP/1.1" 200 450
58.40.7.146 - - [29/Apr/2021:09:54:34 +0800] "GET /xingrg/javascript/jquery_easy_ui/themes/icons/systemset_new.png HTTP/1.1" 200 606
58.40.7.146 - - [29/Apr/2021:09:54:34 +0800] "GET /xingrg/javascript/jquery_easy_ui/themes/default/images/tree_file.gif HTTP/1.1" 200 118
58.40.7.146 - - [29/Apr/2021:09:54:35 +0800] "GET /xingrg/kc/base/base_main.html HTTP/1.1" 200 12142
58.40.7.146 - - [29/Apr/2021:09:54:35 +0800] "GET /xingrg/javascript/jquery_easy_ui/themes/default/images/tabs_close.gif HTTP/1.1" 200 829
58.40.7.146 - - [29/Apr/2021:09:54:35 +0800] "GET /xingrg/javascript/pic_change.js HTTP/1.1" 200 4739
58.40.7.146 - - [29/Apr/2021:09:54:35 +0800] "GET /xingrg/css/blue.css HTTP/1.1" 200 15949
58.40.7.146 - - [29/Apr/2021:09:54:35 +0800] "GET /xingrg/javascript/myfunction.js HTTP/1.1" 200 24559
58.40.7.146 - - [29/Apr/2021:09:54:35 +0800] "GET /xingrg/images/blue/button/wlsy.gif HTTP/1.1" 200 2536
58.40.7.146 - - [29/Apr/2021:09:54:35 +0800] "GET /xingrg/images/blue/button/ckpd.gif HTTP/1.1" 200 2051
58.40.7.146 - - [29/Apr/2021:09:54:35 +0800] "GET /xingrg/images/blue/button/kc.gif HTTP/1.1" 200 2160
58.40.7.146 - - [29/Apr/2021:09:54:35 +0800] "GET /xingrg/images/blue/button/ckdb.gif HTTP/1.1" 200 1950
58.40.7.146 - - [29/Apr/2021:09:54:35 +0800] "GET /xingrg/images/blue/button/yddb.gif HTTP/1.1" 200 2040
58.40.7.146 - - [29/Apr/2021:09:54:35 +0800] "GET /xingrg/images/blue/pic_form2.gif HTTP/1.1" 200 1853
58.40.7.146 - - [29/Apr/2021:09:54:35 +0800] "GET /xingrg/images/blue/bg_dotted.jpg HTTP/1.1" 200 319
58.40.7.146 - - [29/Apr/2021:09:54:35 +0800] "GET /xingrg/images/blue/button/top_left.jpg HTTP/1.1" 200 1632
58.40.7.146 - - [29/Apr/2021:09:54:35 +0800] "GET /xingrg/images/blue/button/top_right.jpg HTTP/1.1" 200 1708
58.40.7.146 - - [29/Apr/2021:09:54:35 +0800] "GET /xingrg/images/blue/button/down.jpg HTTP/1.1" 200 1560
58.40.7.146 - - [29/Apr/2021:09:54:35 +0800] "GET /xingrg/images/blue/button/right_ah.jpg HTTP/1.1" 200 1744
58.40.7.146 - - [29/Apr/2021:09:54:35 +0800] "GET /xingrg/images/blue/button/left_ah.jpg HTTP/1.1" 200 1643
58.40.7.146 - - [29/Apr/2021:09:54:35 +0800] "GET /xingrg/images/blue/button/bottom_left.jpg HTTP/1.1" 200 1524
58.40.7.146 - - [29/Apr/2021:09:54:35 +0800] "GET /xingrg/images/blue/button/bottom_right.jpg HTTP/1.1" 200 1436
58.40.7.146 - - [29/Apr/2021:09:54:37 +0800] "GET /xingrg/kc/base/wldb_order_list.html HTTP/1.1" 200 19566
58.40.7.146 - - [29/Apr/2021:09:54:37 +0800] "GET /xingrg/css/base.css HTTP/1.1" 200 2811
58.40.7.146 - - [29/Apr/2021:09:54:37 +0800] "GET /xingrg/css/site.css HTTP/1.1" 200 7541
