117.185.32.26 - - [29/Apr/2021:10:19:25 +0800] "GET /xingrg/all/function/internal_message.html?_=1619662758755&CODE_STATE=getMsg HTTP/1.1" 200 27
124.77.71.179 - - [29/Apr/2021:10:19:28 +0800] "GET /xingrg/kc/buy/cgsh_order_add.html HTTP/1.1" 200 62298
124.77.71.179 - - [29/Apr/2021:10:19:28 +0800] "GET /xingrg/all/function/internal_message.html?_=1619662762413&CODE_STATE=getMsg HTTP/1.1" 200 27
124.77.71.179 - - [29/Apr/2021:10:19:28 +0800] "POST /xingrg/kc/buy/cgsh_order_operate.html HTTP/1.1" 200 8245
61.165.42.208 - - [29/Apr/2021:10:19:28 +0800] "GET /xingrg/all/function/internal_message.html?_=1619662765014&CODE_STATE=getMsg HTTP/1.1" 200 27
124.77.71.179 - - [29/Apr/2021:10:19:28 +0800] "GET /xingrg/javascript/easyui/themes/default/validatebox.css HTTP/1.1" 404 1104
114.86.228.249 - - [29/Apr/2021:10:19:29 +0800] "GET /xingrg/all/function/internal_message.html?_=1619662766648&CODE_STATE=getMsg HTTP/1.1" 200 27
116.224.253.72 - - [29/Apr/2021:10:19:29 +0800] "GET /xingrg/all/function/internal_message.html?_=1619662765786&CODE_STATE=getMsg HTTP/1.1" 200 27
124.77.71.179 - - [29/Apr/2021:10:19:30 +0800] "GET /xingrg/javascript/easyui/themes/default/tree.css HTTP/1.1" 404 1090
124.77.71.179 - - [29/Apr/2021:10:19:30 +0800] "POST /xingrg/all/common/load_tree.html?tree=supplier_tree_json&isDelete=1 HTTP/1.1" 200 55089
116.224.253.72 - - [29/Apr/2021:10:19:31 +0800] "GET /xingrg/kc/mdqp/qqps_order_info.html?code=302021042900540 HTTP/1.1" 200 26409
116.224.253.72 - - [29/Apr/2021:10:19:31 +0800] "GET /xingrg/dwr/interface/AjaxComOrderService.js HTTP/1.1" 200 18264
116.224.253.72 - - [29/Apr/2021:10:19:31 +0800] "GET /xingrg/dwr/interface/AjaxQqpsService.js HTTP/1.1" 200 16326
116.224.253.72 - - [29/Apr/2021:10:19:31 +0800] "GET /xingrg/dwr/engine.js HTTP/1.1" 200 43631
116.224.253.72 - - [29/Apr/2021:10:19:32 +0800] "POST /xingrg/dwr/call/plaincall/AjaxQqpsService.loadMaterielItems.dwr HTTP/1.1" 200 12168
58.40.7.146 - - [29/Apr/2021:10:19:34 +0800] "GET /xingrg/all/function/internal_message.html?_=1619662769899&CODE_STATE=getMsg HTTP/1.1" 200 27
58.40.7.146 - - [29/Apr/2021:10:19:34 +0800] "GET /xingrg/check_reg.html?_=1619662769901 HTTP/1.1" 200 22
120.253.135.82 - - [29/Apr/2021:10:19:39 +0800] "GET /xingrg/all/function/internal_message.html?_=1619662293299&CODE_STATE=getMsg HTTP/1.1" 200 27
117.185.32.26 - - [29/Apr/2021:10:19:42 +0800] "GET /xingrg/kc/buy/cgsh_order_operate.html?command=get_materiel&rest_code=00106&code=00101008069&supplier_code=00100007&order_time=2021-04-29 HTTP/1.1" 200 412
116.224.253.72 - - [29/Apr/2021:10:19:43 +0800] "GET /xingrg/check_reg.html?_=1619662782082 HTTP/1.1" 200 22
116.224.253.72 - - [29/Apr/2021:10:19:44 +0800] "GET /xingrg/all/function/internal_message.html?_=1619662782808&CODE_STATE=getMsg HTTP/1.1" 200 27
116.224.253.72 - - [29/Apr/2021:10:19:48 +0800] "GET /xingrg/images/yd/bt.gif HTTP/1.1" 404 1040
116.224.253.72 - - [29/Apr/2021:10:19:50 +0800] "POST /xingrg/dwr/call/plaincall/AjaxQqpsService.uncheckOrder.dwr HTTP/1.1" 200 78
124.77.71.179 - - [29/Apr/2021:10:19:50 +0800] "GET /xingrg/kc/buy/cgsh_order_operate.html?command=get_materiel&rest_code=00107&code=00101002038&supplier_code=00100087&order_time=2021-04-29 HTTP/1.1" 200 438
116.224.253.72 - - [29/Apr/2021:10:19:51 +0800] "GET /xingrg/css/blue.css HTTP/1.1" 304 -
116.224.253.72 - - [29/Apr/2021:10:19:51 +0800] "GET /xingrg/javascript/jquery_easy_ui/themes/icon.css HTTP/1.1" 304 -
116.224.253.72 - - [29/Apr/2021:10:19:51 +0800] "GET /xingrg/javascript/auto/jquery.autocomplete.css HTTP/1.1" 304 -
116.224.253.72 - - [29/Apr/2021:10:19:51 +0800] "GET /xingrg/kc/mdqp/qqps_order_info.html?code=302021042900540 HTTP/1.1" 200 28164
116.224.253.72 - - [29/Apr/2021:10:19:51 +0800] "GET /xingrg/javascript/jquery-1.4.2.min.js HTTP/1.1" 304 -
116.224.253.72 - - [29/Apr/2021:10:19:51 +0800] "GET /xingrg/javascript/jquery_easy_ui/jquery.easyui.min.js HTTP/1.1" 304 -
116.224.253.72 - - [29/Apr/2021:10:19:51 +0800] "GET /xingrg/javascript/jquery_easy_ui/easyui-lang-zh_CN.js HTTP/1.1" 304 -
116.224.253.72 - - [29/Apr/2021:10:19:51 +0800] "GET /xingrg/javascript/tools/jquery.qtip-1.0.0-rc3.min.js HTTP/1.1" 304 -
116.224.253.72 - - [29/Apr/2021:10:19:51 +0800] "GET /xingrg/javascript/auto/jquery.autocomplete.js HTTP/1.1" 304 -
116.224.253.72 - - [29/Apr/2021:10:19:51 +0800] "GET /xingrg/javascript/pic_change.js HTTP/1.1" 304 -
116.224.253.72 - - [29/Apr/2021:10:19:51 +0800] "GET /xingrg/javascript/jquery.utils.js HTTP/1.1" 304 -
116.224.253.72 - - [29/Apr/2021:10:19:51 +0800] "GET /xingrg/dwr/util.js HTTP/1.1" 304 -
116.224.253.72 - - [29/Apr/2021:10:19:51 +0800] "GET /xingrg/dwr/interface/AjaxComOrderService.js HTTP/1.1" 200 18264
116.224.253.72 - - [29/Apr/2021:10:19:51 +0800] "GET /xingrg/dwr/interface/AjaxQqpsService.js HTTP/1.1" 200 16326
116.224.253.72 - - [29/Apr/2021:10:19:51 +0800] "GET /xingrg/javascript/Calendar.js HTTP/1.1" 304 -
116.224.253.72 - - [29/Apr/2021:10:19:51 +0800] "GET /xingrg/javascript/myfunction.js HTTP/1.1" 304 -
116.224.253.72 - - [29/Apr/2021:10:19:51 +0800] "GET /xingrg/dwr/engine.js HTTP/1.1" 200 43631
116.224.253.72 - - [29/Apr/2021:10:19:51 +0800] "GET /xingrg/javascript/AjaxInfoList.js HTTP/1.1" 304 -
116.224.253.72 - - [29/Apr/2021:10:19:51 +0800] "GET /xingrg/javascript/Grid.js HTTP/1.1" 304 -
116.224.253.72 - - [29/Apr/2021:10:19:51 +0800] "GET /xingrg/javascript/ToolTips.js HTTP/1.1" 304 -
116.224.253.72 - - [29/Apr/2021:10:19:51 +0800] "GET /xingrg/javascript/print/kc_print.js HTTP/1.1" 304 -
116.224.253.72 - - [29/Apr/2021:10:19:51 +0800] "GET /xingrg/javascript/print/LodopFuncs.js HTTP/1.1" 304 -
116.224.253.72 - - [29/Apr/2021:10:19:51 +0800] "GET /xingrg/javascript/jquery_easy_ui/themes/default/easyui.css HTTP/1.1" 304 -
116.224.253.72 - - [29/Apr/2021:10:19:51 +0800] "GET /xingrg/javascript/jquery_easy_ui/themes/icon.css HTTP/1.1" 304 -
116.224.253.72 - - [29/Apr/2021:10:19:51 +0800] "GET /xingrg/words/20210428113927_words.js HTTP/1.1" 304 -
222.69.128.23 - - [29/Apr/2021:10:19:51 +0800] "GET /xingrg/all/function/internal_message.html?_=1619662787340&CODE_STATE=getMsg HTTP/1.1" 200 27
116.224.253.72 - - [29/Apr/2021:10:19:51 +0800] "GET /xingrg/javascript/jquery_easy_ui/themes/icons/ok.png HTTP/1.1" 304 -
116.224.253.72 - - [29/Apr/2021:10:19:52 +0800] "GET /xingrg/images/blue/button/kc_tab_add.gif HTTP/1.1" 304 -
116.224.253.72 - - [29/Apr/2021:10:19:52 +0800] "GET /xingrg/images/blue/button/kc_tab_edit.gif HTTP/1.1" 304 -
116.224.253.72 - - [29/Apr/2021:10:19:52 +0800] "GET /xingrg/images/blue/button/kc_tab_save.gif HTTP/1.1" 304 -
116.224.253.72 - - [29/Apr/2021:10:19:52 +0800] "GET /xingrg/images/blue/button/kc_tab_del.gif HTTP/1.1" 304 -
116.224.253.72 - - [29/Apr/2021:10:19:52 +0800] "GET /xingrg/images/blue/wait.gif HTTP/1.1" 304 -
116.224.253.72 - - [29/Apr/2021:10:19:52 +0800] "POST /xingrg/dwr/call/plaincall/AjaxQqpsService.loadMaterielItems.dwr HTTP/1.1" 200 12168
180.169.147.146 - - [29/Apr/2021:10:19:53 +0800] "GET /xingrg/check_reg.html?_=1619662788970 HTTP/1.1" 200 22
180.169.147.146 - - [29/Apr/2021:10:19:53 +0800] "GET /xingrg/all/function/internal_message.html?_=1619662788971&CODE_STATE=getMsg HTTP/1.1" 200 27
172.20.0.100 - - [29/Apr/2021:10:19:54 +0800] "GET /xingrg/all/function/internal_message.html?_=1619662789820&CODE_STATE=getMsg HTTP/1.1" 200 27
180.169.147.146 - - [29/Apr/2021:10:19:54 +0800] "GET /xingrg/all/function/internal_message.html?_=1619662793335&CODE_STATE=getMsg HTTP/1.1" 200 27
117.185.32.26 - - [29/Apr/2021:10:19:56 +0800] "GET /xingrg/kc/buy/cgsh_order_operate.html?command=get_materiel&rest_code=00106&code=00101008286&supplier_code=00100007&order_time=2021-04-29 HTTP/1.1" 200 408
58.37.228.113 - - [29/Apr/2021:10:20:02 +0800] "GET /xingrg/all/function/internal_message.html?_=1619662779298&CODE_STATE=getMsg HTTP/1.1" 200 27
117.185.32.26 - - [29/Apr/2021:10:20:02 +0800] "GET /xingrg/kc/buy/cgsh_order_operate.html?command=get_materiel&rest_code=00106&code=00101008036&supplier_code=00100007&order_time=2021-04-29 HTTP/1.1" 200 408
117.185.32.26 - - [29/Apr/2021:10:20:05 +0800] "POST /xingrg/kc/buy/cgsh_order_operate.html HTTP/1.1" 200 2065
124.77.71.179 - - [29/Apr/2021:10:20:08 +0800] "POST /xingrg/kc/buy/cgsh_order_operate.html HTTP/1.1" 200 37
116.230.114.112 - - [29/Apr/2021:10:20:08 +0800] "GET /xingrg/check_reg.html?_=1619662818424 HTTP/1.1" 200 22
116.230.114.112 - - [29/Apr/2021:10:20:09 +0800] "GET /xingrg/all/function/internal_message.html?_=1619662819718&CODE_STATE=getMsg HTTP/1.1" 200 27
120.253.135.82 - - [29/Apr/2021:10:20:09 +0800] "GET /xingrg/all/function/internal_message.html?_=1619662926767&CODE_STATE=getMsg HTTP/1.1" 200 27
117.185.32.26 - - [29/Apr/2021:10:20:10 +0800] "GET /xingrg/kc/buy/cgsh_order_operate.html?command=get_materiel&rest_code=00106&code=00101008131&supplier_code=00100007&order_time=2021-04-29 HTTP/1.1" 200 408
124.77.71.179 - - [29/Apr/2021:10:20:11 +0800] "POST /xingrg/kc/buy/cgsh_order_operate.html HTTP/1.1" 200 2664
124.77.71.179 - - [29/Apr/2021:10:20:13 +0800] "GET /xingrg/kc/print/load_data.html?order_code=212021042912320&kc_code=cgsh&condition= HTTP/1.1" 200 730
120.253.135.82 - - [29/Apr/2021:10:20:15 +0800] "GET /xingrg/all/function/internal_message.html?_=1619662826561&CODE_STATE=getMsg HTTP/1.1" 200 27
116.230.110.80 - - [29/Apr/2021:10:20:16 +0800] "GET /xingrg/all/function/internal_message.html?_=1619662810849&CODE_STATE=getMsg HTTP/1.1" 200 27
114.86.187.76 - - [29/Apr/2021:10:20:16 +0800] "POST /xingrg/services/DataTransmitService HTTP/1.1" 200 524
114.86.187.76 - - [29/Apr/2021:10:20:17 +0800] "POST /xingrg/services/DataTransmitService HTTP/1.1" 200 2087
116.224.253.72 - - [29/Apr/2021:10:20:19 +0800] "GET /xingrg/images/yd/bt.gif HTTP/1.1" 404 1040
116.224.253.72 - - [29/Apr/2021:10:20:19 +0800] "GET /xingrg/images/yd/bt2.gif HTTP/1.1" 404 1042
180.161.124.236 - - [29/Apr/2021:10:20:20 +0800] "GET /xingrg/check_reg.html?_=1619663099220 HTTP/1.1" 200 22
117.185.32.26 - - [29/Apr/2021:10:20:20 +0800] "GET /xingrg/kc/buy/cgsh_order_operate.html?command=get_materiel&rest_code=00106&code=00101008233&supplier_code=00100007&order_time=2021-04-29 HTTP/1.1" 200 408
114.86.187.76 - - [29/Apr/2021:10:20:21 +0800] "POST /xingrg/services/DataTransmitService HTTP/1.1" 200 524
114.86.187.76 - - [29/Apr/2021:10:20:22 +0800] "POST /xingrg/services/DataTransmitService HTTP/1.1" 200 2087
116.224.253.72 - - [29/Apr/2021:10:20:23 +0800] "POST /xingrg/dwr/call/plaincall/AjaxQqpsService.saveMaterielItem.dwr HTTP/1.1" 200 78
117.185.32.26 - - [29/Apr/2021:10:20:25 +0800] "GET /xingrg/all/function/internal_message.html?_=1619662818725&CODE_STATE=getMsg HTTP/1.1" 200 27
117.185.32.26 - - [29/Apr/2021:10:20:27 +0800] "GET /xingrg/kc/buy/cgsh_order_operate.html?command=get_materiel&rest_code=00106&code=00101008318&supplier_code=00100007&order_time=2021-04-29 HTTP/1.1" 200 408
61.165.42.208 - - [29/Apr/2021:10:20:28 +0800] "GET /xingrg/check_reg.html?_=1619662825006 HTTP/1.1" 200 22
61.165.42.208 - - [29/Apr/2021:10:20:28 +0800] "GET /xingrg/all/function/internal_message.html?_=1619662825010&CODE_STATE=getMsg HTTP/1.1" 200 27
124.77.71.179 - - [29/Apr/2021:10:20:29 +0800] "GET /xingrg/all/function/internal_message.html?_=1619662822769&CODE_STATE=getMsg HTTP/1.1" 200 27
114.86.228.249 - - [29/Apr/2021:10:20:29 +0800] "GET /xingrg/all/function/internal_message.html?_=1619662826651&CODE_STATE=getMsg HTTP/1.1" 200 27
114.86.187.76 - - [29/Apr/2021:10:20:29 +0800] "POST /xingrg/services/DataTransmitService HTTP/1.1" 200 524
116.224.253.72 - - [29/Apr/2021:10:20:29 +0800] "GET /xingrg/all/function/internal_message.html?_=1619662825780&CODE_STATE=getMsg HTTP/1.1" 200 27
114.86.187.76 - - [29/Apr/2021:10:20:29 +0800] "POST /xingrg/services/DataTransmitService HTTP/1.1" 200 2087
124.77.71.179 - - [29/Apr/2021:10:20:30 +0800] "GET /xingrg/kc/buy/cgsh_order_add.html HTTP/1.1" 200 62298
124.77.71.179 - - [29/Apr/2021:10:20:33 +0800] "GET /xingrg/javascript/easyui/themes/default/validatebox.css HTTP/1.1" 404 1104
124.77.71.179 - - [29/Apr/2021:10:20:33 +0800] "POST /xingrg/kc/buy/cgsh_order_operate.html HTTP/1.1" 200 8245
58.40.7.146 - - [29/Apr/2021:10:20:34 +0800] "GET /xingrg/all/function/internal_message.html?_=1619662829903&CODE_STATE=getMsg HTTP/1.1" 200 27
117.185.32.26 - - [29/Apr/2021:10:20:35 +0800] "GET /xingrg/kc/buy/cgsh_order_operate.html?command=get_materiel&rest_code=00106&code=00101008352&supplier_code=00100007&order_time=2021-04-29 HTTP/1.1" 200 412
124.77.71.179 - - [29/Apr/2021:10:20:35 +0800] "GET /xingrg/javascript/easyui/themes/default/tree.css HTTP/1.1" 404 1090
124.77.71.179 - - [29/Apr/2021:10:20:36 +0800] "POST /xingrg/all/common/load_tree.html?tree=supplier_tree_json&isDelete=1 HTTP/1.1" 200 55089
180.169.147.146 - - [29/Apr/2021:10:20:38 +0800] "GET /xingrg/check_reg.html?_=1619662833957 HTTP/1.1" 302 -
120.253.135.82 - - [29/Apr/2021:10:20:38 +0800] "GET /xingrg/check_reg.html?_=1619662353297 HTTP/1.1" 200 22
120.253.135.82 - - [29/Apr/2021:10:20:38 +0800] "GET /xingrg/all/function/internal_message.html?_=1619662353298&CODE_STATE=getMsg HTTP/1.1" 200 27
117.185.32.26 - - [29/Apr/2021:10:20:42 +0800] "GET /xingrg/kc/buy/cgsh_order_operate.html?command=get_materiel&rest_code=00106&code=00101008098&supplier_code=00100007&order_time=2021-04-29 HTTP/1.1" 200 412
116.224.253.72 - - [29/Apr/2021:10:20:44 +0800] "GET /xingrg/all/function/internal_message.html?_=1619662842821&CODE_STATE=getMsg HTTP/1.1" 200 27
117.185.32.26 - - [29/Apr/2021:10:20:49 +0800] "POST /xingrg/kc/buy/cgsh_order_operate.html HTTP/1.1" 200 2065
222.69.128.23 - - [29/Apr/2021:10:20:51 +0800] "GET /xingrg/all/function/internal_message.html?_=1619662847331&CODE_STATE=getMsg HTTP/1.1" 200 27
180.169.147.146 - - [29/Apr/2021:10:20:53 +0800] "GET /xingrg/check_reg.html?_=1619662845011 HTTP/1.1" 200 22
180.169.147.146 - - [29/Apr/2021:10:20:53 +0800] "GET /xingrg/all/function/internal_message.html?_=1619662848968&CODE_STATE=getMsg HTTP/1.1" 200 27
117.185.32.26 - - [29/Apr/2021:10:20:53 +0800] "GET /xingrg/kc/buy/cgsh_order_operate.html?command=get_materiel&rest_code=00106&code=00101008005&supplier_code=00100007&order_time=2021-04-29 HTTP/1.1" 200 412
172.20.0.100 - - [29/Apr/2021:10:20:54 +0800] "GET /xingrg/all/function/internal_message.html?_=1619662849822&CODE_STATE=getMsg HTTP/1.1" 200 27
180.169.147.146 - - [29/Apr/2021:10:20:54 +0800] "GET /xingrg/check_reg.html?_=1619662853336 HTTP/1.1" 200 22
180.169.147.146 - - [29/Apr/2021:10:20:54 +0800] "GET /xingrg/all/function/internal_message.html?_=1619662853339&CODE_STATE=getMsg HTTP/1.1" 200 27
116.224.253.72 - - [29/Apr/2021:10:20:56 +0800] "POST /xingrg/dwr/call/plaincall/AjaxQqpsService.getMaterielByCode.dwr HTTP/1.1" 200 3650
183.192.164.71 - - [29/Apr/2021:10:20:56 +0800] "GET /xingrg/kc/buy/cgsh_order_operate.html?command=get_materiel&rest_code=00106&code=00101008069&supplier_code=00100007&order_time=2021-04-29 HTTP/1.1" 302 -
180.169.147.146 - - [29/Apr/2021:10:20:57 +0800] "GET /xingrg/kc/mdqp/pssh_order_list.html HTTP/1.1" 200 17857
180.169.147.146 - - [29/Apr/2021:10:20:58 +0800] "POST /xingrg/kc/mdqp/pssh_list_operate.html HTTP/1.1" 200 5229
180.169.147.146 - - [29/Apr/2021:10:20:58 +0800] "POST /xingrg/kc/mdqp/pssh_list_operate.html HTTP/1.1" 200 260
183.192.164.71 - - [29/Apr/2021:10:20:59 +0800] "GET /xingrg/login.html HTTP/1.1" 200 7641
116.224.253.72 - - [29/Apr/2021:10:20:59 +0800] "POST /xingrg/dwr/call/plaincall/AjaxQqpsService.saveMaterielItem.dwr HTTP/1.1" 200 78
183.192.164.214 - - [29/Apr/2021:10:21:01 +0800] "GET /xingrg/kc/buy/cgsh_order_operate.html?command=get_materiel&rest_code=00106&code=00101008286&supplier_code=00100007&order_time=2021-04-29 HTTP/1.1" 302 -
58.37.228.113 - - [29/Apr/2021:10:21:02 +0800] "GET /xingrg/all/function/internal_message.html?_=1619662839297&CODE_STATE=getMsg HTTP/1.1" 200 27
180.169.147.146 - - [29/Apr/2021:10:21:02 +0800] "POST /xingrg/kc/mdqp/pssh_list_operate.html HTTP/1.1" 200 775
180.169.147.146 - - [29/Apr/2021:10:21:04 +0800] "GET /xingrg/kc/mdqp/pssh_order_info.html?code=312021042700737 HTTP/1.1" 200 17299
180.169.147.146 - - [29/Apr/2021:10:21:04 +0800] "GET /xingrg/javascript/jquery_tools/jquery-1.4.2.min.js HTTP/1.1" 404 1094
180.169.147.146 - - [29/Apr/2021:10:21:05 +0800] "GET /xingrg/all/common/auto_word.html?type=base&rest_code=00147&rest_code=00147 HTTP/1.1" 200 1707
180.169.147.146 - - [29/Apr/2021:10:21:05 +0800] "GET /xingrg/javascript/easyui/themes/default/validatebox.css HTTP/1.1" 404 1104
180.169.147.146 - - [29/Apr/2021:10:21:05 +0800] "POST /xingrg/kc/mdqp/pssh_order_operate.html HTTP/1.1" 200 9493
183.192.164.214 - - [29/Apr/2021:10:21:05 +0800] "GET /xingrg/login.html HTTP/1.1" 200 7641
116.230.114.112 - - [29/Apr/2021:10:21:09 +0800] "GET /xingrg/all/function/internal_message.html?_=1619662879733&CODE_STATE=getMsg HTTP/1.1" 200 27
120.253.135.82 - - [29/Apr/2021:10:21:10 +0800] "GET /xingrg/all/function/internal_message.html?_=1619662986776&CODE_STATE=getMsg HTTP/1.1" 200 27
180.169.147.146 - - [29/Apr/2021:10:21:11 +0800] "POST /xingrg/all/common/load_combo.html?type=employee HTTP/1.1" 200 274
61.165.42.208 - - [29/Apr/2021:10:21:11 +0800] "POST /xingrg/kc/buy/cgsh_order_operate.html HTTP/1.1" 200 37
117.185.32.26 - - [29/Apr/2021:10:21:11 +0800] "GET /xingrg/kc/buy/cgsh_order_operate.html?command=get_materiel&rest_code=00106&code=00101008271&supplier_code=00100007&order_time=2021-04-29 HTTP/1.1" 200 23
116.224.253.72 - - [29/Apr/2021:10:21:13 +0800] "POST /xingrg/dwr/call/plaincall/AjaxQqpsService.checkOrder.dwr HTTP/1.1" 200 78
61.165.42.208 - - [29/Apr/2021:10:21:13 +0800] "POST /xingrg/kc/buy/cgsh_order_operate.html HTTP/1.1" 200 68886
124.77.71.179 - - [29/Apr/2021:10:21:13 +0800] "GET /xingrg/kc/buy/cgsh_order_operate.html?command=get_materiel&rest_code=00107&code=00101010108&supplier_code=00100336&order_time=2021-04-29 HTTP/1.1" 200 421
116.224.253.72 - - [29/Apr/2021:10:21:14 +0800] "GET /xingrg/kc/mdqp/qqps_order_info.html?code=302021042900540 HTTP/1.1" 200 26405
116.224.253.72 - - [29/Apr/2021:10:21:14 +0800] "GET /xingrg/dwr/interface/AjaxComOrderService.js HTTP/1.1" 200 18264
116.224.253.72 - - [29/Apr/2021:10:21:14 +0800] "GET /xingrg/dwr/interface/AjaxQqpsService.js HTTP/1.1" 200 16326
116.224.253.72 - - [29/Apr/2021:10:21:14 +0800] "GET /xingrg/dwr/engine.js HTTP/1.1" 200 43631
116.224.253.72 - - [29/Apr/2021:10:21:15 +0800] "POST /xingrg/dwr/call/plaincall/AjaxQqpsService.loadMaterielItems.dwr HTTP/1.1" 200 12485
120.253.135.82 - - [29/Apr/2021:10:21:15 +0800] "GET /xingrg/all/function/internal_message.html?_=1619662886565&CODE_STATE=getMsg HTTP/1.1" 200 27
180.169.147.146 - - [29/Apr/2021:10:21:15 +0800] "POST /xingrg/kc/mdqp/pssh_order_operate.html HTTP/1.1" 200 37
180.169.147.146 - - [29/Apr/2021:10:21:16 +0800] "POST /xingrg/kc/mdqp/pssh_order_operate.html HTTP/1.1" 200 12
116.230.110.80 - - [29/Apr/2021:10:21:16 +0800] "GET /xingrg/check_reg.html?_=1619662870851 HTTP/1.1" 200 22
116.230.110.80 - - [29/Apr/2021:10:21:16 +0800] "GET /xingrg/all/function/internal_message.html?_=1619662870852&CODE_STATE=getMsg HTTP/1.1" 200 27
180.169.147.146 - - [29/Apr/2021:10:21:16 +0800] "GET /xingrg/kc/mdqp/pssh_order_info.html?code=312021042700737 HTTP/1.1" 200 14388
180.169.147.146 - - [29/Apr/2021:10:21:16 +0800] "GET /xingrg/javascript/jquery_tools/jquery-1.4.2.min.js HTTP/1.1" 404 1094
180.169.147.146 - - [29/Apr/2021:10:21:17 +0800] "GET /xingrg/javascript/easyui/themes/default/validatebox.css HTTP/1.1" 404 1104
180.169.147.146 - - [29/Apr/2021:10:21:17 +0800] "POST /xingrg/kc/mdqp/pssh_order_operate.html HTTP/1.1" 200 9493
180.169.147.146 - - [29/Apr/2021:10:21:17 +0800] "GET /xingrg/kc/mdqp/pssh_order_list.html?isBack=1 HTTP/1.1" 200 17857
180.169.147.146 - - [29/Apr/2021:10:21:18 +0800] "POST /xingrg/kc/mdqp/pssh_list_operate.html HTTP/1.1" 200 5254
180.169.147.146 - - [29/Apr/2021:10:21:19 +0800] "POST /xingrg/kc/mdqp/pssh_list_operate.html HTTP/1.1" 200 361
180.169.147.146 - - [29/Apr/2021:10:21:21 +0800] "GET /xingrg/kc/mdqp/pssh_order_info.html?code=312021042500667 HTTP/1.1" 200 17272
180.169.147.146 - - [29/Apr/2021:10:21:21 +0800] "GET /xingrg/javascript/jquery_tools/jquery-1.4.2.min.js HTTP/1.1" 404 1094
180.169.147.146 - - [29/Apr/2021:10:21:21 +0800] "GET /xingrg/javascript/easyui/themes/default/validatebox.css HTTP/1.1" 404 1104
180.169.147.146 - - [29/Apr/2021:10:21:21 +0800] "POST /xingrg/kc/mdqp/pssh_order_operate.html HTTP/1.1" 200 1055
180.169.147.146 - - [29/Apr/2021:10:21:23 +0800] "POST /xingrg/all/common/load_combo.html?type=base&rest_code=00147 HTTP/1.1" 200 3057
117.185.32.26 - - [29/Apr/2021:10:21:25 +0800] "GET /xingrg/all/function/internal_message.html?_=1619662878705&CODE_STATE=getMsg HTTP/1.1" 200 27
61.165.42.208 - - [29/Apr/2021:10:21:28 +0800] "GET /xingrg/all/function/internal_message.html?_=1619662885028&CODE_STATE=getMsg HTTP/1.1" 200 27
180.169.147.146 - - [29/Apr/2021:10:21:28 +0800] "POST /xingrg/all/common/load_combo.html?type=employee HTTP/1.1" 200 274
124.77.71.179 - - [29/Apr/2021:10:21:28 +0800] "GET /xingrg/all/function/internal_message.html?_=1619662882740&CODE_STATE=getMsg HTTP/1.1" 200 27
124.77.71.179 - - [29/Apr/2021:10:21:29 +0800] "POST /xingrg/kc/buy/cgsh_order_operate.html HTTP/1.1" 200 64
114.86.228.249 - - [29/Apr/2021:10:21:29 +0800] "GET /xingrg/all/function/internal_message.html?_=1619662886654&CODE_STATE=getMsg HTTP/1.1" 200 27
114.86.228.249 - - [29/Apr/2021:10:21:29 +0800] "GET /xingrg/check_reg.html?_=1619662886654 HTTP/1.1" 200 22
116.224.253.72 - - [29/Apr/2021:10:21:29 +0800] "GET /xingrg/all/function/internal_message.html?_=1619662885822&CODE_STATE=getMsg HTTP/1.1" 200 27
117.185.32.26 - - [29/Apr/2021:10:21:29 +0800] "POST /xingrg/kc/buy/cgsh_order_operate.html HTTP/1.1" 200 37
180.169.147.146 - - [29/Apr/2021:10:21:32 +0800] "POST /xingrg/kc/mdqp/pssh_order_operate.html HTTP/1.1" 200 37
180.169.147.146 - - [29/Apr/2021:10:21:33 +0800] "POST /xingrg/kc/mdqp/pssh_order_operate.html HTTP/1.1" 200 12
180.169.147.146 - - [29/Apr/2021:10:21:33 +0800] "GET /xingrg/kc/mdqp/pssh_order_info.html?code=312021042500667 HTTP/1.1" 200 14388
180.169.147.146 - - [29/Apr/2021:10:21:33 +0800] "GET /xingrg/javascript/jquery_tools/jquery-1.4.2.min.js HTTP/1.1" 404 1094
124.77.71.179 - - [29/Apr/2021:10:21:33 +0800] "POST /xingrg/kc/buy/cgsh_order_operate.html HTTP/1.1" 200 37
180.169.147.146 - - [29/Apr/2021:10:21:34 +0800] "GET /xingrg/javascript/easyui/themes/default/validatebox.css HTTP/1.1" 404 1104
180.169.147.146 - - [29/Apr/2021:10:21:34 +0800] "POST /xingrg/kc/mdqp/pssh_order_operate.html HTTP/1.1" 200 1055
58.40.7.146 - - [29/Apr/2021:10:21:34 +0800] "GET /xingrg/all/function/internal_message.html?_=1619662889907&CODE_STATE=getMsg HTTP/1.1" 200 27
180.169.147.146 - - [29/Apr/2021:10:21:34 +0800] "GET /xingrg/kc/mdqp/pssh_order_list.html?isBack=1 HTTP/1.1" 200 17857
180.169.147.146 - - [29/Apr/2021:10:21:35 +0800] "POST /xingrg/kc/mdqp/pssh_list_operate.html HTTP/1.1" 200 5285
124.77.71.179 - - [29/Apr/2021:10:21:35 +0800] "POST /xingrg/kc/buy/cgsh_order_operate.html HTTP/1.1" 200 2665
117.185.32.26 - - [29/Apr/2021:10:21:35 +0800] "POST /xingrg/kc/buy/cgsh_order_operate.html HTTP/1.1" 200 19792
180.169.147.146 - - [29/Apr/2021:10:21:36 +0800] "POST /xingrg/kc/mdqp/pssh_list_operate.html HTTP/1.1" 200 787
124.77.71.179 - - [29/Apr/2021:10:21:37 +0800] "GET /xingrg/kc/print/load_data.html?order_code=212021042912322&kc_code=cgsh&condition= HTTP/1.1" 200 678
180.169.147.146 - - [29/Apr/2021:10:21:37 +0800] "POST /xingrg/kc/mdqp/pssh_list_operate.html HTTP/1.1" 200 1891
180.169.147.146 - - [29/Apr/2021:10:21:37 +0800] "GET /xingrg/kc/mdqp/pssh_order_info.html?code=312021042600722 HTTP/1.1" 200 17272
180.169.147.146 - - [29/Apr/2021:10:21:37 +0800] "GET /xingrg/javascript/jquery_tools/jquery-1.4.2.min.js HTTP/1.1" 404 1094
117.185.32.26 - - [29/Apr/2021:10:21:37 +0800] "GET /xingrg/login.html HTTP/1.1" 200 7641
180.169.147.146 - - [29/Apr/2021:10:21:37 +0800] "POST /xingrg/kc/mdqp/pssh_order_operate.html HTTP/1.1" 200 4213
180.169.147.146 - - [29/Apr/2021:10:21:37 +0800] "GET /xingrg/javascript/easyui/themes/default/validatebox.css HTTP/1.1" 404 1104
120.253.135.82 - - [29/Apr/2021:10:21:38 +0800] "GET /xingrg/all/function/internal_message.html?_=1619662413296&CODE_STATE=getMsg HTTP/1.1" 200 27
117.185.32.26 - - [29/Apr/2021:10:21:39 +0800] "GET /favicon.ico HTTP/1.1" 404 -
180.169.147.146 - - [29/Apr/2021:10:21:39 +0800] "GET /xingrg/kc/mdqp/pssh_order_list.html?isBack=1 HTTP/1.1" 200 17857
180.169.147.146 - - [29/Apr/2021:10:21:39 +0800] "POST /xingrg/kc/mdqp/pssh_list_operate.html HTTP/1.1" 200 5285
180.169.147.146 - - [29/Apr/2021:10:21:40 +0800] "POST /xingrg/kc/mdqp/pssh_list_operate.html HTTP/1.1" 200 478
124.77.71.179 - - [29/Apr/2021:10:21:41 +0800] "GET /xingrg/kc/buy/cgsh_order_add.html HTTP/1.1" 200 62298
124.77.71.179 - - [29/Apr/2021:10:21:42 +0800] "GET /xingrg/javascript/easyui/themes/default/validatebox.css HTTP/1.1" 404 1104
124.77.71.179 - - [29/Apr/2021:10:21:42 +0800] "POST /xingrg/kc/buy/cgsh_order_operate.html HTTP/1.1" 200 8245
116.224.253.72 - - [29/Apr/2021:10:21:44 +0800] "GET /xingrg/all/function/internal_message.html?_=1619662902835&CODE_STATE=getMsg HTTP/1.1" 200 27
124.77.71.179 - - [29/Apr/2021:10:21:45 +0800] "GET /xingrg/javascript/easyui/themes/default/tree.css HTTP/1.1" 404 1090
116.224.253.72 - - [29/Apr/2021:10:21:45 +0800] "GET /xingrg/kc/mdqp/qqps_order_list.html?isBack=1 HTTP/1.1" 200 10100
124.77.71.179 - - [29/Apr/2021:10:21:45 +0800] "POST /xingrg/all/common/load_tree.html?tree=supplier_tree_json&isDelete=1 HTTP/1.1" 200 55089
116.224.253.72 - - [29/Apr/2021:10:21:45 +0800] "GET /xingrg/dwr/interface/AjaxReportQueryService.js HTTP/1.1" 200 13203
116.224.253.72 - - [29/Apr/2021:10:21:45 +0800] "GET /xingrg/dwr/interface/AjaxQqpsService.js HTTP/1.1" 200 16326
116.224.253.72 - - [29/Apr/2021:10:21:45 +0800] "GET /xingrg/dwr/engine.js HTTP/1.1" 200 43631
180.169.147.146 - - [29/Apr/2021:10:21:45 +0800] "GET /xingrg/kc/mdqp/pssh_order_info.html?code=312021042700741 HTTP/1.1" 200 17299
180.169.147.146 - - [29/Apr/2021:10:21:45 +0800] "POST /xingrg/kc/mdqp/pssh_list_operate.html HTTP/1.1" 200 1891
180.169.147.146 - - [29/Apr/2021:10:21:45 +0800] "GET /xingrg/javascript/jquery_tools/jquery-1.4.2.min.js HTTP/1.1" 404 1094
180.169.147.146 - - [29/Apr/2021:10:21:45 +0800] "GET /xingrg/javascript/easyui/themes/default/validatebox.css HTTP/1.1" 404 1104
180.169.147.146 - - [29/Apr/2021:10:21:45 +0800] "POST /xingrg/kc/mdqp/pssh_order_operate.html HTTP/1.1" 200 1620
120.204.17.72 - - [29/Apr/2021:10:21:46 +0800] "GET /xingrg/kc/buy/cgsh_order_operate.html?command=get_materiel&rest_code=00106&code=00101008352&supplier_code=00100007&order_time=2021-04-29 HTTP/1.1" 302 -
116.224.253.72 - - [29/Apr/2021:10:21:46 +0800] "GET /xingrg/kc/mdqp/qqps_order_add.html HTTP/1.1" 200 27998
116.224.253.72 - - [29/Apr/2021:10:21:46 +0800] "GET /xingrg/dwr/interface/AjaxComOrderService.js HTTP/1.1" 200 18264
116.224.253.72 - - [29/Apr/2021:10:21:46 +0800] "GET /xingrg/dwr/interface/AjaxQqpsService.js HTTP/1.1" 200 16326
116.224.253.72 - - [29/Apr/2021:10:21:46 +0800] "GET /xingrg/dwr/engine.js HTTP/1.1" 200 43631
183.192.164.71 - - [29/Apr/2021:10:21:46 +0800] "GET /xingrg/kc/buy/cgsh_order_operate.html?command=get_materiel&rest_code=00106&code=00101008098&supplier_code=00100007&order_time=2021-04-29 HTTP/1.1" 302 -
117.185.32.26 - - [29/Apr/2021:10:21:47 +0800] "POST /xingrg/login.do HTTP/1.1" 302 -
117.185.32.26 - - [29/Apr/2021:10:21:47 +0800] "GET /xingrg/index.html?sysBaseUrl=http%3A%2F%2F180.169.147.146%3A18081%2Fxingrg%2F&costTime=39×tamp=1619662907223 HTTP/1.1" 200 17173
117.185.32.26 - - [29/Apr/2021:10:21:48 +0800] "POST /xingrg/all/common/load_tree.html?tree=area_rest_tree_json&manage=1 HTTP/1.1" 200 342
117.185.32.26 - - [29/Apr/2021:10:21:48 +0800] "GET /xingrg/all/function/internal_message.html?_=1619662901314&CODE_STATE=count HTTP/1.1" 200 11
117.185.32.26 - - [29/Apr/2021:10:21:48 +0800] "GET /xingrg/check_reg.html?_=1619662901315 HTTP/1.1" 200 22
117.185.32.26 - - [29/Apr/2021:10:21:48 +0800] "GET /xingrg/javascript/jquery_easy_ui/themes/default/images/panel_tool_collapse.gif HTTP/1.1" 200 246
117.185.32.26 - - [29/Apr/2021:10:21:48 +0800] "POST /xingrg/load_menu.html HTTP/1.1" 200 5138
180.169.147.146 - - [29/Apr/2021:10:21:48 +0800] "POST /xingrg/all/common/load_combo.html?type=employee HTTP/1.1" 200 274
120.204.17.72 - - [29/Apr/2021:10:21:48 +0800] "GET /xingrg/login.html HTTP/1.1" 200 7641
117.185.32.26 - - [29/Apr/2021:10:21:48 +0800] "GET /favicon.ico HTTP/1.1" 404 -
222.69.128.23 - - [29/Apr/2021:10:21:51 +0800] "GET /xingrg/all/function/internal_message.html?_=1619662907310&CODE_STATE=getMsg HTTP/1.1" 200 27
117.185.32.26 - - [29/Apr/2021:10:21:51 +0800] "GET /xingrg/kc/buy/buy_main.html HTTP/1.1" 200 12412
180.169.147.146 - - [29/Apr/2021:10:21:51 +0800] "POST /xingrg/kc/mdqp/pssh_order_operate.html HTTP/1.1" 200 37
117.185.32.26 - - [29/Apr/2021:10:21:51 +0800] "GET /xingrg/css/new_ie.css HTTP/1.1" 404 1036
180.169.147.146 - - [29/Apr/2021:10:21:52 +0800] "POST /xingrg/kc/mdqp/pssh_order_operate.html HTTP/1.1" 200 12
180.169.147.146 - - [29/Apr/2021:10:21:52 +0800] "GET /xingrg/kc/mdqp/pssh_order_info.html?code=312021042700741 HTTP/1.1" 200 14388
180.169.147.146 - - [29/Apr/2021:10:21:52 +0800] "GET /xingrg/javascript/jquery_tools/jquery-1.4.2.min.js HTTP/1.1" 404 1094
180.169.147.146 - - [29/Apr/2021:10:21:53 +0800] "POST /xingrg/kc/mdqp/pssh_order_operate.html HTTP/1.1" 200 1620
180.169.147.146 - - [29/Apr/2021:10:21:53 +0800] "GET /xingrg/javascript/easyui/themes/default/validatebox.css HTTP/1.1" 404 1104
183.192.164.71 - - [29/Apr/2021:10:21:53 +0800] "GET /xingrg/login.html HTTP/1.1" 200 7641
180.169.147.146 - - [29/Apr/2021:10:21:53 +0800] "GET /xingrg/kc/mdqp/pssh_order_list.html?isBack=1 HTTP/1.1" 200 17857
180.169.147.146 - - [29/Apr/2021:10:21:53 +0800] "GET /xingrg/all/function/internal_message.html?_=1619662908968&CODE_STATE=getMsg HTTP/1.1" 200 27
180.169.147.146 - - [29/Apr/2021:10:21:53 +0800] "POST /xingrg/kc/mdqp/pssh_list_operate.html HTTP/1.1" 200 5310
117.185.32.26 - - [29/Apr/2021:10:21:54 +0800] "GET /xingrg/images/yd/bt.gif HTTP/1.1" 404 1040
172.20.0.100 - - [29/Apr/2021:10:21:54 +0800] "GET /xingrg/all/function/internal_message.html?_=1619662909825&CODE_STATE=getMsg HTTP/1.1" 200 27
180.169.147.146 - - [29/Apr/2021:10:21:54 +0800] "GET /xingrg/all/function/internal_message.html?_=1619662913326&CODE_STATE=getMsg HTTP/1.1" 200 27
180.169.147.146 - - [29/Apr/2021:10:21:55 +0800] "POST /xingrg/kc/mdqp/pssh_list_operate.html HTTP/1.1" 200 467
180.169.147.146 - - [29/Apr/2021:10:21:56 +0800] "GET /xingrg/kc/mdqp/pssh_order_info.html?code=312021042700738 HTTP/1.1" 200 17299
180.169.147.146 - - [29/Apr/2021:10:21:56 +0800] "POST /xingrg/kc/mdqp/pssh_list_operate.html HTTP/1.1" 200 1891
180.169.147.146 - - [29/Apr/2021:10:21:56 +0800] "GET /xingrg/javascript/jquery_tools/jquery-1.4.2.min.js HTTP/1.1" 404 1094
117.185.32.26 - - [29/Apr/2021:10:21:56 +0800] "GET /xingrg/kc/buy/cgsh_order_list.html HTTP/1.1" 200 46472
180.169.147.146 - - [29/Apr/2021:10:21:56 +0800] "GET /xingrg/javascript/easyui/themes/default/validatebox.css HTTP/1.1" 404 1104
180.169.147.146 - - [29/Apr/2021:10:21:56 +0800] "POST /xingrg/kc/mdqp/pssh_order_operate.html HTTP/1.1" 200 1607
180.169.147.146 - - [29/Apr/2021:10:21:58 +0800] "POST /xingrg/all/common/load_combo.html?type=employee HTTP/1.1" 200 274
117.185.32.26 - - [29/Apr/2021:10:21:59 +0800] "POST /xingrg/kc/buy/cgsh_list_operate.html HTTP/1.1" 200 1699
117.185.32.26 - - [29/Apr/2021:10:22:00 +0800] "POST /xingrg/kc/buy/cgsh_list_operate.html HTTP/1.1" 200 570
117.185.32.26 - - [29/Apr/2021:10:22:00 +0800] "GET /xingrg/kc/buy/cgsh_order_info.html?code=212021042912317 HTTP/1.1" 200 62225
117.185.32.26 - - [29/Apr/2021:10:22:01 +0800] "GET /xingrg/all/common/auto_word.html?type=employee&rest_code=00106 HTTP/1.1" 200 205
117.185.32.26 - - [29/Apr/2021:10:22:01 +0800] "GET /xingrg/all/common/auto_word.html?type=employee&rest_code=00106 HTTP/1.1" 200 205
117.185.32.26 - - [29/Apr/2021:10:22:01 +0800] "GET /xingrg/javascript/easyui/themes/default/validatebox.css HTTP/1.1" 404 1104
117.185.32.26 - - [29/Apr/2021:10:22:01 +0800] "POST /xingrg/kc/buy/cgsh_order_operate.html HTTP/1.1" 200 19792
180.169.147.146 - - [29/Apr/2021:10:22:01 +0800] "POST /xingrg/kc/mdqp/pssh_order_operate.html HTTP/1.1" 200 37
180.169.147.146 - - [29/Apr/2021:10:22:02 +0800] "POST /xingrg/kc/mdqp/pssh_order_operate.html HTTP/1.1" 200 12
58.37.228.113 - - [29/Apr/2021:10:22:02 +0800] "GET /xingrg/check_reg.html?_=1619662899314 HTTP/1.1" 200 22
58.37.228.113 - - [29/Apr/2021:10:22:02 +0800] "GET /xingrg/all/function/internal_message.html?_=1619662899312&CODE_STATE=getMsg HTTP/1.1" 200 27
180.169.147.146 - - [29/Apr/2021:10:22:02 +0800] "GET /xingrg/kc/mdqp/pssh_order_info.html?code=312021042700738 HTTP/1.1" 200 14388
180.169.147.146 - - [29/Apr/2021:10:22:02 +0800] "GET /xingrg/javascript/jquery_tools/jquery-1.4.2.min.js HTTP/1.1" 404 1094
180.169.147.146 - - [29/Apr/2021:10:22:03 +0800] "POST /xingrg/kc/mdqp/pssh_order_operate.html HTTP/1.1" 200 1607
180.169.147.146 - - [29/Apr/2021:10:22:03 +0800] "GET /xingrg/javascript/easyui/themes/default/validatebox.css HTTP/1.1" 404 1104
180.169.147.146 - - [29/Apr/2021:10:22:03 +0800] "GET /xingrg/kc/mdqp/pssh_order_list.html?isBack=1 HTTP/1.1" 200 17857
180.169.147.146 - - [29/Apr/2021:10:22:04 +0800] "POST /xingrg/kc/mdqp/pssh_list_operate.html HTTP/1.1" 200 5335
116.224.253.72 - - [29/Apr/2021:10:22:04 +0800] "POST /xingrg/dwr/call/plaincall/AjaxQqpsService.saveOrder.dwr HTTP/1.1" 200 78
180.169.147.146 - - [29/Apr/2021:10:22:05 +0800] "POST /xingrg/kc/mdqp/pssh_list_operate.html HTTP/1.1" 200 266
180.169.147.146 - - [29/Apr/2021:10:22:06 +0800] "POST /xingrg/kc/mdqp/pssh_list_operate.html HTTP/1.1" 200 1891
180.169.147.146 - - [29/Apr/2021:10:22:06 +0800] "GET /xingrg/kc/mdqp/pssh_order_info.html?code=312021042700736 HTTP/1.1" 200 17299
180.169.147.146 - - [29/Apr/2021:10:22:06 +0800] "GET /xingrg/javascript/jquery_tools/jquery-1.4.2.min.js HTTP/1.1" 404 1094
180.169.147.146 - - [29/Apr/2021:10:22:06 +0800] "GET /xingrg/javascript/easyui/themes/default/validatebox.css HTTP/1.1" 404 1104
180.169.147.146 - - [29/Apr/2021:10:22:06 +0800] "POST /xingrg/kc/mdqp/pssh_order_operate.html HTTP/1.1" 200 555
180.169.147.146 - - [29/Apr/2021:10:22:07 +0800] "POST /xingrg/all/common/load_combo.html?type=employee HTTP/1.1" 200 274
124.77.71.179 - - [29/Apr/2021:10:22:08 +0800] "GET /xingrg/kc/buy/cgsh_order_operate.html?command=get_materiel&rest_code=00107&code=00101004046&supplier_code=00100312&order_time=2021-04-29 HTTP/1.1" 200 417
120.253.135.82 - - [29/Apr/2021:10:22:09 +0800] "GET /xingrg/check_reg.html?_=1619663046457 HTTP/1.1" 200 22
116.230.114.112 - - [29/Apr/2021:10:22:09 +0800] "GET /xingrg/all/function/internal_message.html?_=1619662939747&CODE_STATE=getMsg HTTP/1.1" 200 27
120.253.135.82 - - [29/Apr/2021:10:22:09 +0800] "GET /xingrg/all/function/internal_message.html?_=1619663046790&CODE_STATE=getMsg HTTP/1.1" 200 27
180.169.147.146 - - [29/Apr/2021:10:22:11 +0800] "POST /xingrg/kc/mdqp/pssh_order_operate.html HTTP/1.1" 200 37
180.169.147.146 - - [29/Apr/2021:10:22:12 +0800] "POST /xingrg/kc/mdqp/pssh_order_operate.html HTTP/1.1" 200 12
120.204.17.68 - - [29/Apr/2021:10:22:12 +0800] "GET /xingrg/all/common/auto_word.html?type=employee&rest_code=00106 HTTP/1.1" 302 -
180.169.147.146 - - [29/Apr/2021:10:22:12 +0800] "GET /xingrg/kc/mdqp/pssh_order_info.html?code=312021042700736 HTTP/1.1" 200 14388
180.169.147.146 - - [29/Apr/2021:10:22:12 +0800] "GET /xingrg/javascript/jquery_tools/jquery-1.4.2.min.js HTTP/1.1" 404 1094
180.169.147.146 - - [29/Apr/2021:10:22:12 +0800] "GET /xingrg/javascript/easyui/themes/default/validatebox.css HTTP/1.1" 404 1104
180.169.147.146 - - [29/Apr/2021:10:22:12 +0800] "POST /xingrg/kc/mdqp/pssh_order_operate.html HTTP/1.1" 200 555
180.169.147.146 - - [29/Apr/2021:10:22:13 +0800] "GET /xingrg/kc/mdqp/pssh_order_list.html?isBack=1 HTTP/1.1" 200 17857
180.169.147.146 - - [29/Apr/2021:10:22:14 +0800] "POST /xingrg/kc/mdqp/pssh_list_operate.html HTTP/1.1" 200 5360
180.169.147.146 - - [29/Apr/2021:10:22:14 +0800] "POST /xingrg/kc/mdqp/pssh_list_operate.html HTTP/1.1" 200 268
120.253.135.82 - - [29/Apr/2021:10:22:15 +0800] "GET /xingrg/all/function/internal_message.html?_=1619662946594&CODE_STATE=getMsg HTTP/1.1" 200 27
180.169.147.146 - - [29/Apr/2021:10:22:15 +0800] "GET /xingrg/kc/mdqp/pssh_order_info.html?code=312021042700739 HTTP/1.1" 200 17299
180.169.147.146 - - [29/Apr/2021:10:22:15 +0800] "POST /xingrg/kc/mdqp/pssh_list_operate.html HTTP/1.1" 200 1891
180.169.147.146 - - [29/Apr/2021:10:22:15 +0800] "GET /xingrg/javascript/jquery_tools/jquery-1.4.2.min.js HTTP/1.1" 404 1094
180.169.147.146 - - [29/Apr/2021:10:22:16 +0800] "POST /xingrg/kc/mdqp/pssh_order_operate.html HTTP/1.1" 200 557
180.169.147.146 - - [29/Apr/2021:10:22:16 +0800] "GET /xingrg/javascript/easyui/themes/default/validatebox.css HTTP/1.1" 404 1104
116.230.110.80 - - [29/Apr/2021:10:22:16 +0800] "GET /xingrg/all/function/internal_message.html?_=1619662930837&CODE_STATE=getMsg HTTP/1.1" 200 27
120.204.17.68 - - [29/Apr/2021:10:22:17 +0800] "GET /xingrg/login.html HTTP/1.1" 200 7641
180.169.147.146 - - [29/Apr/2021:10:22:17 +0800] "POST /xingrg/all/common/load_combo.html?type=employee HTTP/1.1" 200 274
116.224.253.72 - - [29/Apr/2021:10:22:20 +0800] "POST /xingrg/dwr/call/plaincall/AjaxQqpsService.getMaterielByCode.dwr HTTP/1.1" 200 3627
180.169.147.146 - - [29/Apr/2021:10:22:21 +0800] "POST /xingrg/kc/mdqp/pssh_order_operate.html HTTP/1.1" 200 37
180.169.147.146 - - [29/Apr/2021:10:22:21 +0800] "POST /xingrg/kc/mdqp/pssh_order_operate.html HTTP/1.1" 200 12
116.224.253.72 - - [29/Apr/2021:10:22:22 +0800] "POST /xingrg/dwr/call/plaincall/AjaxQqpsService.saveMaterielItem.dwr HTTP/1.1" 200 78
180.169.147.146 - - [29/Apr/2021:10:22:22 +0800] "GET /xingrg/kc/mdqp/pssh_order_info.html?code=312021042700739 HTTP/1.1" 200 14388
180.169.147.146 - - [29/Apr/2021:10:22:22 +0800] "GET /xingrg/javascript/jquery_tools/jquery-1.4.2.min.js HTTP/1.1" 404 1094
180.169.147.146 - - [29/Apr/2021:10:22:22 +0800] "GET /xingrg/javascript/easyui/themes/default/validatebox.css HTTP/1.1" 404 1104
180.169.147.146 - - [29/Apr/2021:10:22:22 +0800] "POST /xingrg/kc/mdqp/pssh_order_operate.html HTTP/1.1" 200 557
180.169.147.146 - - [29/Apr/2021:10:22:23 +0800] "GET /xingrg/kc/mdqp/pssh_order_list.html?isBack=1 HTTP/1.1" 200 17857
180.169.147.146 - - [29/Apr/2021:10:22:23 +0800] "POST /xingrg/kc/mdqp/pssh_list_operate.html HTTP/1.1" 200 5385
180.169.147.146 - - [29/Apr/2021:10:22:25 +0800] "POST /xingrg/kc/mdqp/pssh_list_operate.html HTTP/1.1" 200 787
117.185.32.26 - - [29/Apr/2021:10:22:25 +0800] "GET /xingrg/all/function/internal_message.html?_=1619662938758&CODE_STATE=getMsg HTTP/1.1" 200 27
180.169.147.146 - - [29/Apr/2021:10:22:27 +0800] "POST /xingrg/kc/mdqp/pssh_list_operate.html HTTP/1.1" 200 260
61.165.42.208 - - [29/Apr/2021:10:22:28 +0800] "GET /xingrg/all/function/internal_message.html?_=1619662945014&CODE_STATE=getMsg HTTP/1.1" 200 27
124.77.71.179 - - [29/Apr/2021:10:22:28 +0800] "GET /xingrg/all/function/internal_message.html?_=1619662942721&CODE_STATE=getMsg HTTP/1.1" 200 27
124.77.71.179 - - [29/Apr/2021:10:22:29 +0800] "GET /xingrg/kc/buy/cgsh_order_operate.html?command=get_materiel&rest_code=00107&code=00101004030&supplier_code=00100312&order_time=2021-04-29 HTTP/1.1" 200 408
114.86.228.249 - - [29/Apr/2021:10:22:29 +0800] "GET /xingrg/all/function/internal_message.html?_=1619662946657&CODE_STATE=getMsg HTTP/1.1" 200 27
116.224.253.72 - - [29/Apr/2021:10:22:29 +0800] "GET /xingrg/all/function/internal_message.html?_=1619662945799&CODE_STATE=getMsg HTTP/1.1" 200 27
180.169.147.146 - - [29/Apr/2021:10:22:29 +0800] "POST /xingrg/kc/mdqp/pssh_list_operate.html HTTP/1.1" 200 1891
180.169.147.146 - - [29/Apr/2021:10:22:31 +0800] "POST /xingrg/kc/mdqp/pssh_list_operate.html HTTP/1.1" 200 370
116.224.253.72 - - [29/Apr/2021:10:22:32 +0800] "POST /xingrg/dwr/call/plaincall/AjaxQqpsService.getMaterielByCode.dwr HTTP/1.1" 200 3672
180.169.147.146 - - [29/Apr/2021:10:22:32 +0800] "POST /xingrg/kc/mdqp/pssh_list_operate.html HTTP/1.1" 200 260
180.169.147.146 - - [29/Apr/2021:10:22:32 +0800] "POST /xingrg/kc/mdqp/pssh_list_operate.html HTTP/1.1" 200 1891
180.169.147.146 - - [29/Apr/2021:10:22:32 +0800] "GET /xingrg/kc/mdqp/pssh_order_info.html?code=312021042900771 HTTP/1.1" 200 17275
180.169.147.146 - - [29/Apr/2021:10:22:32 +0800] "GET /xingrg/javascript/jquery_tools/jquery-1.4.2.min.js HTTP/1.1" 404 1094
180.169.147.146 - - [29/Apr/2021:10:22:33 +0800] "GET /xingrg/javascript/easyui/themes/default/validatebox.css HTTP/1.1" 404 1104
180.169.147.146 - - [29/Apr/2021:10:22:33 +0800] "POST /xingrg/kc/mdqp/pssh_order_operate.html HTTP/1.1" 200 536
116.224.253.72 - - [29/Apr/2021:10:22:34 +0800] "POST /xingrg/dwr/call/plaincall/AjaxQqpsService.saveMaterielItem.dwr HTTP/1.1" 200 78
58.40.7.146 - - [29/Apr/2021:10:22:34 +0800] "GET /xingrg/all/function/internal_message.html?_=1619662949910&CODE_STATE=getMsg HTTP/1.1" 200 27
180.169.147.146 - - [29/Apr/2021:10:22:34 +0800] "GET /xingrg/kc/mdqp/pssh_order_list.html?isBack=1 HTTP/1.1" 200 17857
180.169.147.146 - - [29/Apr/2021:10:22:35 +0800] "POST /xingrg/kc/mdqp/pssh_list_operate.html HTTP/1.1" 200 5385
120.253.135.82 - - [29/Apr/2021:10:22:38 +0800] "GET /xingrg/all/function/internal_message.html?_=1619662473295&CODE_STATE=getMsg HTTP/1.1" 200 27
117.185.32.26 - - [29/Apr/2021:10:22:39 +0800] "GET /xingrg/javascript/auto/indicator.gif HTTP/1.1" 404 1066
116.224.253.72 - - [29/Apr/2021:10:22:40 +0800] "POST /xingrg/dwr/call/plaincall/AjaxQqpsService.getMaterielByCode.dwr HTTP/1.1" 200 3584
180.169.147.146 - - [29/Apr/2021:10:22:41 +0800] "POST /xingrg/kc/mdqp/pssh_list_operate.html HTTP/1.1" 200 5385
124.77.71.179 - - [29/Apr/2021:10:22:41 +0800] "GET /xingrg/kc/buy/cgsh_order_operate.html?command=get_materiel&rest_code=00107&code=00101001096&supplier_code=00100312&order_time=2021-04-29 HTTP/1.1" 200 413
117.185.32.26 - - [29/Apr/2021:10:22:42 +0800] "GET /xingrg/kc/buy/cgsh_order_operate.html?command=get_materiel&rest_code=00106&code=00101008271&supplier_code=00100007&order_time=2021-04-29 HTTP/1.1" 200 408
180.169.147.146 - - [29/Apr/2021:10:22:43 +0800] "POST /xingrg/kc/mdqp/pssh_list_operate.html HTTP/1.1" 200 5571
180.169.147.146 - - [29/Apr/2021:10:22:44 +0800] "POST /xingrg/kc/mdqp/pssh_list_operate.html HTTP/1.1" 200 806
116.224.253.72 - - [29/Apr/2021:10:22:44 +0800] "GET /xingrg/all/function/internal_message.html?_=1619662962850&CODE_STATE=getMsg HTTP/1.1" 200 27
120.204.17.70 - - [29/Apr/2021:10:22:45 +0800] "GET /xingrg/kc/buy/cgsh_order_operate.html?command=get_materiel&rest_code=00106&code=00101008091&supplier_code=00100007&order_time=2021-04-29 HTTP/1.1" 302 -
116.224.253.72 - - [29/Apr/2021:10:22:45 +0800] "POST /xingrg/dwr/call/plaincall/AjaxQqpsService.saveMaterielItem.dwr HTTP/1.1" 200 78
180.169.147.146 - - [29/Apr/2021:10:22:46 +0800] "GET /xingrg/kc/mdqp/pssh_order_info.html?code=312021042600697 HTTP/1.1" 200 17272
180.169.147.146 - - [29/Apr/2021:10:22:46 +0800] "POST /xingrg/kc/mdqp/pssh_list_operate.html HTTP/1.1" 200 1891
180.169.147.146 - - [29/Apr/2021:10:22:46 +0800] "GET /xingrg/javascript/jquery_tools/jquery-1.4.2.min.js HTTP/1.1" 404 1094
180.169.147.146 - - [29/Apr/2021:10:22:46 +0800] "GET /xingrg/javascript/easyui/themes/default/validatebox.css HTTP/1.1" 404 1104
180.169.147.146 - - [29/Apr/2021:10:22:46 +0800] "POST /xingrg/kc/mdqp/pssh_order_operate.html HTTP/1.1" 200 9437
116.224.253.72 - - [29/Apr/2021:10:22:47 +0800] "POST /xingrg/dwr/call/plaincall/AjaxQqpsService.getMaterielByCode.dwr HTTP/1.1" 200 3584
117.185.32.26 - - [29/Apr/2021:10:22:48 +0800] "GET /xingrg/all/function/internal_message.html?_=1619662961333&CODE_STATE=getMsg HTTP/1.1" 200 27
120.204.17.70 - - [29/Apr/2021:10:22:49 +0800] "GET /xingrg/login.html HTTP/1.1" 200 7641
116.224.253.72 - - [29/Apr/2021:10:22:49 +0800] "POST /xingrg/dwr/call/plaincall/AjaxQqpsService.saveMaterielItem.dwr HTTP/1.1" 200 78
124.77.71.179 - - [29/Apr/2021:10:22:51 +0800] "POST /xingrg/kc/buy/cgsh_order_operate.html HTTP/1.1" 200 37
222.69.128.23 - - [29/Apr/2021:10:22:51 +0800] "GET /xingrg/all/function/internal_message.html?_=1619662967290&CODE_STATE=getMsg HTTP/1.1" 200 27
117.185.32.26 - - [29/Apr/2021:10:22:52 +0800] "GET /xingrg/kc/buy/cgsh_order_operate.html?command=get_materiel&rest_code=00106&code=00101008353&supplier_code=00100007&order_time=2021-04-29 HTTP/1.1" 200 408
120.253.135.82 - - [29/Apr/2021:10:22:52 +0800] "GET /xingrg/check_reg.html?_=1619662983364 HTTP/1.1" 200 22
180.169.147.146 - - [29/Apr/2021:10:22:53 +0800] "GET /xingrg/all/function/internal_message.html?_=1619662968956&CODE_STATE=getMsg HTTP/1.1" 200 27
124.77.71.179 - - [29/Apr/2021:10:22:54 +0800] "POST /xingrg/kc/buy/cgsh_order_operate.html HTTP/1.1" 200 3848
172.20.0.100 - - [29/Apr/2021:10:22:54 +0800] "GET /xingrg/all/function/internal_message.html?_=1619662969828&CODE_STATE=getMsg HTTP/1.1" 200 27
180.169.147.146 - - [29/Apr/2021:10:22:54 +0800] "GET /xingrg/all/function/internal_message.html?_=1619662973328&CODE_STATE=getMsg HTTP/1.1" 200 27
180.169.147.146 - - [29/Apr/2021:10:22:56 +0800] "GET /xingrg/kc/mdqp/pssh_order_list.html?isBack=1 HTTP/1.1" 200 17857
116.224.253.72 - - [29/Apr/2021:10:22:56 +0800] "POST /xingrg/dwr/call/plaincall/AjaxQqpsService.getMaterielByCode.dwr HTTP/1.1" 200 3584
180.169.147.146 - - [29/Apr/2021:10:22:56 +0800] "POST /xingrg/kc/mdqp/pssh_list_operate.html HTTP/1.1" 200 5385
116.224.253.72 - - [29/Apr/2021:10:22:58 +0800] "POST /xingrg/dwr/call/plaincall/AjaxQqpsService.saveMaterielItem.dwr HTTP/1.1" 200 79
117.185.32.26 - - [29/Apr/2021:10:22:58 +0800] "GET /xingrg/kc/buy/cgsh_order_operate.html?command=get_materiel&rest_code=00106&code=00101008213&supplier_code=00100007&order_time=2021-04-29 HTTP/1.1" 200 412
183.192.164.71 - - [29/Apr/2021:10:22:58 +0800] "GET /xingrg/kc/buy/cgsh_order_operate.html?command=get_materiel&rest_code=00106&code=00101008155&supplier_code=00100007&order_time=2021-04-29 HTTP/1.1" 302 -
222.69.128.23 - - [29/Apr/2021:10:23:00 +0800] "GET /xingrg/kc/buy/cgsh_order_operate.html?command=get_materiel&rest_code=00149&code=00101006006&supplier_code=00100012&order_time=2021-04-29 HTTP/1.1" 200 409
180.169.147.146 - - [29/Apr/2021:10:23:01 +0800] "POST /xingrg/kc/mdqp/pssh_list_operate.html HTTP/1.1" 200 5385
124.77.71.179 - - [29/Apr/2021:10:23:02 +0800] "POST /xingrg/kc/buy/cgsh_order_operate.html HTTP/1.1" 200 37
58.37.228.113 - - [29/Apr/2021:10:23:02 +0800] "GET /xingrg/all/function/internal_message.html?_=1619662959297&CODE_STATE=getMsg HTTP/1.1" 200 27
116.224.253.72 - - [29/Apr/2021:10:23:02 +0800] "POST /xingrg/dwr/call/plaincall/AjaxQqpsService.saveMaterielItem.dwr HTTP/1.1" 200 79
124.77.71.179 - - [29/Apr/2021:10:23:02 +0800] "POST /xingrg/kc/buy/cgsh_order_operate.html HTTP/1.1" 200 3848
124.77.71.179 - - [29/Apr/2021:10:23:04 +0800] "GET /xingrg/kc/print/load_data.html?order_code=212021042912323&kc_code=cgsh&condition= HTTP/1.1" 200 1133
183.192.164.71 - - [29/Apr/2021:10:23:05 +0800] "GET /xingrg/login.html HTTP/1.1" 200 7641
117.185.32.26 - - [29/Apr/2021:10:23:06 +0800] "GET /xingrg/kc/buy/cgsh_order_operate.html?command=get_materiel&rest_code=00106&code=00101015038&supplier_code=00100007&order_time=2021-04-29 HTTP/1.1" 200 419
124.77.71.179 - - [29/Apr/2021:10:23:08 +0800] "GET /xingrg/kc/buy/cgsh_order_add.html HTTP/1.1" 200 62298
117.185.32.26 - - [29/Apr/2021:10:23:08 +0800] "POST /xingrg/kc/buy/cgsh_order_operate.html HTTP/1.1" 200 2065
124.77.71.179 - - [29/Apr/2021:10:23:09 +0800] "POST /xingrg/kc/buy/cgsh_order_operate.html HTTP/1.1" 200 8245
124.77.71.179 - - [29/Apr/2021:10:23:09 +0800] "GET /xingrg/javascript/easyui/themes/default/validatebox.css HTTP/1.1" 404 1104
180.169.147.146 - - [29/Apr/2021:10:23:09 +0800] "POST /xingrg/kc/mdqp/pssh_list_operate.html HTTP/1.1" 200 787
116.224.253.72 - - [29/Apr/2021:10:23:09 +0800] "POST /xingrg/dwr/call/plaincall/AjaxQqpsService.getMaterielByCode.dwr HTTP/1.1" 200 3583
120.253.135.82 - - [29/Apr/2021:10:23:09 +0800] "GET /xingrg/all/function/internal_message.html?_=1619663106805&CODE_STATE=getMsg HTTP/1.1" 200 27
116.230.114.112 - - [29/Apr/2021:10:23:09 +0800] "GET /xingrg/all/function/internal_message.html?_=1619662999913&CODE_STATE=getMsg HTTP/1.1" 200 27
124.77.71.179 - - [29/Apr/2021:10:23:12 +0800] "GET /xingrg/javascript/easyui/themes/default/tree.css HTTP/1.1" 404 1090
222.69.128.23 - - [29/Apr/2021:10:23:12 +0800] "GET /xingrg/kc/buy/cgsh_order_operate.html?command=get_materiel&rest_code=00149&code=00101006113&supplier_code=00100012&order_time=2021-04-29 HTTP/1.1" 200 413
124.77.71.179 - - [29/Apr/2021:10:23:12 +0800] "POST /xingrg/all/common/load_tree.html?tree=supplier_tree_json&isDelete=1 HTTP/1.1" 200 55089
180.169.147.146 - - [29/Apr/2021:10:23:12 +0800] "POST /xingrg/kc/mdqp/pssh_list_operate.html HTTP/1.1" 200 5571
117.185.32.26 - - [29/Apr/2021:10:23:13 +0800] "GET /xingrg/kc/buy/cgsh_order_operate.html?command=get_materiel&rest_code=00106&code=00101008010&supplier_code=00100007&order_time=2021-04-29 HTTP/1.1" 200 412
180.169.147.146 - - [29/Apr/2021:10:23:13 +0800] "POST /xingrg/kc/mdqp/pssh_list_operate.html HTTP/1.1" 200 806
120.253.135.82 - - [29/Apr/2021:10:23:15 +0800] "GET /xingrg/all/function/internal_message.html?_=1619663006607&CODE_STATE=getMsg HTTP/1.1" 200 27
116.230.110.80 - - [29/Apr/2021:10:23:16 +0800] "GET /xingrg/all/function/internal_message.html?_=1619662990839&CODE_STATE=getMsg HTTP/1.1" 200 27
180.169.147.146 - - [29/Apr/2021:10:23:18 +0800] "POST /xingrg/kc/mdqp/pssh_list_operate.html HTTP/1.1" 200 5584
116.224.253.72 - - [29/Apr/2021:10:23:22 +0800] "POST /xingrg/dwr/call/plaincall/AjaxQqpsService.saveMaterielItem.dwr HTTP/1.1" 200 79
