114.86.187.76 - - [29/Apr/2021:10:43:26 +0800] "GET /xingrg/javascript/jquery_tools/list_manager.js HTTP/1.1" 304 -
114.86.187.76 - - [29/Apr/2021:10:43:26 +0800] "GET /xingrg/javascript/auto/jquery.autocomplete.js HTTP/1.1" 304 -
114.86.187.76 - - [29/Apr/2021:10:43:26 +0800] "GET /xingrg/javascript/easyui/easyloader.js HTTP/1.1" 304 -
114.86.187.76 - - [29/Apr/2021:10:43:26 +0800] "GET /xingrg/javascript/jquery.cookie.js HTTP/1.1" 304 -
114.86.187.76 - - [29/Apr/2021:10:43:26 +0800] "GET /xingrg/javascript/print/LodopFuncs.js HTTP/1.1" 304 -
114.86.187.76 - - [29/Apr/2021:10:43:26 +0800] "GET /xingrg/javascript/jquery.utils.js HTTP/1.1" 304 -
114.86.187.76 - - [29/Apr/2021:10:43:26 +0800] "GET /xingrg/javascript/easyui/themes/icons/edit_add_new.png HTTP/1.1" 304 -
114.86.187.76 - - [29/Apr/2021:10:43:26 +0800] "GET /xingrg/javascript/easyui/themes/icons/cance_new.png HTTP/1.1" 304 -
114.86.187.76 - - [29/Apr/2021:10:43:26 +0800] "GET /xingrg/javascript/easyui/themes/icons/check_new.png HTTP/1.1" 304 -
114.86.187.76 - - [29/Apr/2021:10:43:26 +0800] "GET /xingrg/javascript/easyui/themes/icons/field_new.png HTTP/1.1" 304 -
114.86.187.76 - - [29/Apr/2021:10:43:26 +0800] "GET /xingrg/javascript/easyui/themes/icons/import_new.png HTTP/1.1" 304 -
114.86.187.76 - - [29/Apr/2021:10:43:26 +0800] "GET /xingrg/javascript/easyui/plugins/jquery.parser.js HTTP/1.1" 304 -
114.86.187.76 - - [29/Apr/2021:10:43:26 +0800] "GET /xingrg/images/control/ajaxLoader.gif HTTP/1.1" 304 -
114.88.160.164 - - [29/Apr/2021:10:43:26 +0800] "GET /xingrg/kc/buy/cgsh_order_operate.html?command=get_materiel&rest_code=00111&code=00101006030&supplier_code=00100266&order_time=2021-04-29 HTTP/1.1" 200 412
114.86.187.76 - - [29/Apr/2021:10:43:26 +0800] "POST /xingrg/kc/base/wldb_list_operate.html HTTP/1.1" 200 928
120.253.135.82 - - [29/Apr/2021:10:43:26 +0800] "GET /xingrg/kc/pszx/mdps_order_info.html?code=312021042800757 HTTP/1.1" 200 23931
180.161.124.236 - - [29/Apr/2021:10:43:26 +0800] "POST /xingrg/kc/buy/cgsh_list_operate.html HTTP/1.1" 200 876
120.253.135.82 - - [29/Apr/2021:10:43:27 +0800] "GET /xingrg/javascript/easyui/themes/default/validatebox.css HTTP/1.1" 404 1104
120.253.135.82 - - [29/Apr/2021:10:43:27 +0800] "POST /xingrg/kc/pszx/mdps_order_operate.html HTTP/1.1" 200 16637
117.185.32.26 - - [29/Apr/2021:10:43:28 +0800] "GET /xingrg/kc/buy/cgsh_order_add.html HTTP/1.1" 200 62216
61.165.42.208 - - [29/Apr/2021:10:43:28 +0800] "GET /xingrg/all/function/internal_message.html?_=1619664205035&CODE_STATE=getMsg HTTP/1.1" 200 27
222.69.128.23 - - [29/Apr/2021:10:43:29 +0800] "POST /xingrg/kc/buy/cgsh_order_operate.html HTTP/1.1" 200 37
117.185.32.26 - - [29/Apr/2021:10:43:29 +0800] "GET /xingrg/javascript/easyui/themes/default/validatebox.css HTTP/1.1" 404 1104
117.185.32.26 - - [29/Apr/2021:10:43:29 +0800] "POST /xingrg/kc/buy/cgsh_order_operate.html HTTP/1.1" 200 8245
114.86.228.249 - - [29/Apr/2021:10:43:29 +0800] "GET /xingrg/all/function/internal_message.html?_=1619664206713&CODE_STATE=getMsg HTTP/1.1" 200 27
116.224.253.72 - - [29/Apr/2021:10:43:29 +0800] "GET /xingrg/check_reg.html?_=1619664205910 HTTP/1.1" 200 22
116.224.253.72 - - [29/Apr/2021:10:43:29 +0800] "GET /xingrg/all/function/internal_message.html?_=1619664205912&CODE_STATE=getMsg HTTP/1.1" 200 27
114.88.160.164 - - [29/Apr/2021:10:43:30 +0800] "GET /xingrg/check_reg.html?_=1619664203358 HTTP/1.1" 200 22
180.161.124.236 - - [29/Apr/2021:10:43:30 +0800] "GET /xingrg/kc/buy/cgsh_order_add.html HTTP/1.1" 200 62169
180.161.124.236 - - [29/Apr/2021:10:43:31 +0800] "POST /xingrg/kc/buy/cgsh_order_operate.html HTTP/1.1" 200 8245
180.161.124.236 - - [29/Apr/2021:10:43:31 +0800] "GET /xingrg/javascript/easyui/themes/default/validatebox.css HTTP/1.1" 404 1104
101.85.52.2 - - [29/Apr/2021:10:43:32 +0800] "GET /xingrg/kc/buy/cgsh_order_operate.html?command=get_materiel&rest_code=00145&code=00101008323&supplier_code=00100007&order_time=2021-04-24 HTTP/1.1" 200 408
222.69.128.23 - - [29/Apr/2021:10:43:32 +0800] "POST /xingrg/kc/buy/cgsh_order_operate.html HTTP/1.1" 200 12
180.162.112.86 - - [29/Apr/2021:10:43:32 +0800] "GET /xingrg/all/function/internal_message.html?_=1619663956823&CODE_STATE=getMsg HTTP/1.1" 200 27
58.40.7.146 - - [29/Apr/2021:10:43:34 +0800] "GET /xingrg/all/function/internal_message.html?_=1619664209920&CODE_STATE=getMsg HTTP/1.1" 200 27
117.185.32.26 - - [29/Apr/2021:10:43:35 +0800] "GET /xingrg/javascript/easyui/themes/default/tree.css HTTP/1.1" 404 1090
117.185.32.26 - - [29/Apr/2021:10:43:35 +0800] "POST /xingrg/all/common/load_tree.html?tree=supplier_tree_json&isDelete=1 HTTP/1.1" 200 55089
114.86.187.76 - - [29/Apr/2021:10:43:36 +0800] "GET /xingrg/javascript/jquery_tools/images/next.gif HTTP/1.1" 404 1086
114.86.187.76 - - [29/Apr/2021:10:43:36 +0800] "GET /xingrg/javascript/jquery_tools/images/prev.gif HTTP/1.1" 404 1086
222.69.128.23 - - [29/Apr/2021:10:43:36 +0800] "GET /xingrg/kc/buy/cgsh_order_info.html?code=212021042912366 HTTP/1.1" 200 57163
222.69.128.23 - - [29/Apr/2021:10:43:36 +0800] "GET /xingrg/javascript/easyui/themes/default/validatebox.css HTTP/1.1" 404 1104
180.161.124.236 - - [29/Apr/2021:10:43:36 +0800] "GET /xingrg/javascript/easyui/plugins/jquery.draggable.js HTTP/1.1" 200 6121
180.161.124.236 - - [29/Apr/2021:10:43:36 +0800] "GET /xingrg/css/images/panel_loading.gif HTTP/1.1" 200 1737
180.161.124.236 - - [29/Apr/2021:10:43:36 +0800] "GET /xingrg/javascript/easyui/plugins/jquery.droppable.js HTTP/1.1" 200 1167
180.161.124.236 - - [29/Apr/2021:10:43:36 +0800] "GET /xingrg/javascript/easyui/themes/default/tree.css HTTP/1.1" 404 1090
180.161.124.236 - - [29/Apr/2021:10:43:36 +0800] "GET /xingrg/javascript/easyui/plugins/jquery.tree.js HTTP/1.1" 200 20874
222.69.128.23 - - [29/Apr/2021:10:43:36 +0800] "POST /xingrg/kc/buy/cgsh_order_operate.html HTTP/1.1" 200 1827
180.161.124.236 - - [29/Apr/2021:10:43:37 +0800] "POST /xingrg/all/common/load_tree.html?tree=supplier_tree_json&isDelete=1 HTTP/1.1" 200 55089
114.88.160.164 - - [29/Apr/2021:10:43:37 +0800] "GET /xingrg/kc/buy/cgsh_order_operate.html?command=get_materiel&rest_code=00111&code=00101010284&supplier_code=00100266&order_time=2021-04-29 HTTP/1.1" 200 413
222.69.128.23 - - [29/Apr/2021:10:43:38 +0800] "GET /xingrg/kc/print/load_data.html?order_code=212021042912366&kc_code=cgsh&condition= HTTP/1.1" 200 1204
114.88.160.164 - - [29/Apr/2021:10:43:38 +0800] "GET /xingrg/all/function/internal_message.html?_=1619664211969&CODE_STATE=getMsg HTTP/1.1" 200 27
180.161.124.236 - - [29/Apr/2021:10:43:38 +0800] "GET /xingrg/javascript/easyui/themes/default/images/tree_arrows.gif HTTP/1.1" 200 617
180.161.124.236 - - [29/Apr/2021:10:43:38 +0800] "GET /xingrg/javascript/easyui/themes/default/images/tree_folder_open.gif HTTP/1.1" 200 956
180.161.124.236 - - [29/Apr/2021:10:43:38 +0800] "GET /xingrg/javascript/easyui/themes/default/images/tree_folder.gif HTTP/1.1" 200 952
180.161.124.236 - - [29/Apr/2021:10:43:38 +0800] "GET /xingrg/javascript/easyui/themes/default/images/tree_file.gif HTTP/1.1" 200 118
120.253.135.82 - - [29/Apr/2021:10:43:39 +0800] "GET /xingrg/all/function/internal_message.html?_=1619663733329&CODE_STATE=getMsg HTTP/1.1" 200 27
101.85.52.2 - - [29/Apr/2021:10:43:41 +0800] "GET /xingrg/all/function/internal_message.html?_=1619664209463&CODE_STATE=getMsg HTTP/1.1" 200 27
101.85.52.2 - - [29/Apr/2021:10:43:41 +0800] "GET /xingrg/kc/buy/cgsh_order_operate.html?command=get_materiel&rest_code=00145&code=00101008372&supplier_code=00100007&order_time=2021-04-24 HTTP/1.1" 200 408
222.69.128.23 - - [29/Apr/2021:10:43:43 +0800] "GET /xingrg/kc/buy/cgsh_order_add.html HTTP/1.1" 200 62263
222.69.128.23 - - [29/Apr/2021:10:43:43 +0800] "POST /xingrg/kc/buy/cgsh_order_operate.html HTTP/1.1" 200 8245
222.69.128.23 - - [29/Apr/2021:10:43:43 +0800] "GET /xingrg/javascript/easyui/themes/default/validatebox.css HTTP/1.1" 404 1104
116.224.253.72 - - [29/Apr/2021:10:43:44 +0800] "GET /xingrg/all/function/internal_message.html?_=1619664223134&CODE_STATE=getMsg HTTP/1.1" 200 27
114.88.160.164 - - [29/Apr/2021:10:43:47 +0800] "POST /xingrg/kc/buy/cgsh_order_operate.html HTTP/1.1" 200 37
117.185.32.26 - - [29/Apr/2021:10:43:47 +0800] "GET /xingrg/kc/buy/cgsh_order_operate.html?command=get_materiel&rest_code=00106&code=00101008146&supplier_code=00100009&order_time=2021-04-29 HTTP/1.1" 200 418
114.88.160.164 - - [29/Apr/2021:10:43:51 +0800] "POST /xingrg/kc/buy/cgsh_order_operate.html HTTP/1.1" 200 3247
222.69.128.23 - - [29/Apr/2021:10:43:51 +0800] "GET /xingrg/all/function/internal_message.html?_=1619664226940&CODE_STATE=getMsg HTTP/1.1" 200 27
114.88.160.164 - - [29/Apr/2021:10:43:52 +0800] "GET /xingrg/kc/print/load_data.html?order_code=212021042912367&kc_code=cgsh&condition= HTTP/1.1" 200 886
222.69.128.23 - - [29/Apr/2021:10:43:52 +0800] "GET /xingrg/check_reg.html?_=1619664228660 HTTP/1.1" 200 22
180.169.147.146 - - [29/Apr/2021:10:43:53 +0800] "GET /xingrg/all/function/internal_message.html?_=1619664228955&CODE_STATE=getMsg HTTP/1.1" 200 27
124.77.71.179 - - [29/Apr/2021:10:43:54 +0800] "GET /xingrg/all/function/internal_message.html?_=1619664228219&CODE_STATE=getMsg HTTP/1.1" 200 27
172.20.0.100 - - [29/Apr/2021:10:43:54 +0800] "GET /xingrg/all/function/internal_message.html?_=1619664229827&CODE_STATE=getMsg HTTP/1.1" 200 27
172.20.0.100 - - [29/Apr/2021:10:43:54 +0800] "GET /xingrg/check_reg.html?_=1619664229831 HTTP/1.1" 200 22
180.169.147.146 - - [29/Apr/2021:10:43:54 +0800] "GET /xingrg/all/function/internal_message.html?_=1619664233352&CODE_STATE=getMsg HTTP/1.1" 200 27
117.185.32.26 - - [29/Apr/2021:10:43:57 +0800] "GET /xingrg/kc/buy/cgsh_order_operate.html?command=get_materiel&rest_code=00106&code=00101008147&supplier_code=00100009&order_time=2021-04-29 HTTP/1.1" 200 416
117.185.32.26 - - [29/Apr/2021:10:44:00 +0800] "GET /xingrg/all/function/internal_message.html?_=1619664233566&CODE_STATE=getMsg HTTP/1.1" 200 27
58.37.228.113 - - [29/Apr/2021:10:44:02 +0800] "GET /xingrg/all/function/internal_message.html?_=1619664219329&CODE_STATE=getMsg HTTP/1.1" 200 27
101.85.52.2 - - [29/Apr/2021:10:44:03 +0800] "GET /xingrg/kc/buy/cgsh_order_operate.html?command=get_materiel&rest_code=00145&code=00101012059&supplier_code=00100007&order_time=2021-04-24 HTTP/1.1" 200 412
222.69.128.23 - - [29/Apr/2021:10:44:04 +0800] "GET /xingrg/kc/buy/cgsh_order_operate.html?command=get_materiel&rest_code=00149&code=00101002022&supplier_code=00100039&order_time=2021-04-29 HTTP/1.1" 200 429
180.169.147.146 - - [29/Apr/2021:10:44:04 +0800] "GET /xingrg/check_reg.html?_=1619664239938 HTTP/1.1" 200 22
117.185.32.26 - - [29/Apr/2021:10:44:08 +0800] "POST /xingrg/kc/buy/cgsh_order_operate.html HTTP/1.1" 200 37
114.88.160.164 - - [29/Apr/2021:10:44:08 +0800] "GET /xingrg/kc/buy/cgsh_order_add.html HTTP/1.1" 200 62210
114.88.160.164 - - [29/Apr/2021:10:44:09 +0800] "POST /xingrg/kc/buy/cgsh_order_operate.html HTTP/1.1" 200 8245
114.88.160.164 - - [29/Apr/2021:10:44:09 +0800] "GET /xingrg/javascript/easyui/themes/default/validatebox.css HTTP/1.1" 404 1104
120.253.135.82 - - [29/Apr/2021:10:44:10 +0800] "GET /xingrg/all/function/internal_message.html?_=1619664367355&CODE_STATE=getMsg HTTP/1.1" 200 27
116.230.114.112 - - [29/Apr/2021:10:44:10 +0800] "GET /xingrg/all/function/internal_message.html?_=1619664260779&CODE_STATE=getMsg HTTP/1.1" 200 27
117.185.32.26 - - [29/Apr/2021:10:44:11 +0800] "POST /xingrg/kc/buy/cgsh_order_operate.html HTTP/1.1" 200 12
117.185.32.26 - - [29/Apr/2021:10:44:13 +0800] "GET /xingrg/kc/buy/cgsh_order_info.html?code=212021042912368 HTTP/1.1" 200 57124
117.185.32.26 - - [29/Apr/2021:10:44:13 +0800] "GET /xingrg/javascript/easyui/themes/default/validatebox.css HTTP/1.1" 404 1104
117.185.32.26 - - [29/Apr/2021:10:44:14 +0800] "POST /xingrg/kc/buy/cgsh_order_operate.html HTTP/1.1" 200 1209
117.185.32.26 - - [29/Apr/2021:10:44:15 +0800] "GET /xingrg/kc/print/load_data.html?order_code=212021042912368&kc_code=cgsh&condition= HTTP/1.1" 200 1012
120.253.135.82 - - [29/Apr/2021:10:44:16 +0800] "GET /xingrg/all/function/internal_message.html?_=1619664267017&CODE_STATE=getMsg HTTP/1.1" 200 27
116.230.110.80 - - [29/Apr/2021:10:44:16 +0800] "GET /xingrg/all/function/internal_message.html?_=1619664250839&CODE_STATE=getMsg HTTP/1.1" 200 27
180.161.124.236 - - [29/Apr/2021:10:44:17 +0800] "GET /xingrg/kc/buy/cgsh_order_operate.html?command=get_materiel&rest_code=00102&code=00101009010&supplier_code=00100424&order_time=2021-04-29 HTTP/1.1" 200 412
114.88.160.164 - - [29/Apr/2021:10:44:18 +0800] "GET /xingrg/kc/buy/cgsh_order_operate.html?command=get_materiel&rest_code=00111&code=00101010331&supplier_code=00100443&order_time=2021-04-29 HTTP/1.1" 200 420
114.86.187.76 - - [29/Apr/2021:10:44:19 +0800] "GET /xingrg/all/function/internal_message.html?_=1619664255191&CODE_STATE=getMsg HTTP/1.1" 200 27
101.85.52.2 - - [29/Apr/2021:10:44:20 +0800] "GET /xingrg/kc/buy/cgsh_order_operate.html?command=get_materiel&rest_code=00145&code=00101008205&supplier_code=00100007&order_time=2021-04-24 HTTP/1.1" 200 412
101.85.52.2 - - [29/Apr/2021:10:44:22 +0800] "POST /xingrg/kc/buy/cgsh_order_operate.html HTTP/1.1" 200 2065
117.185.32.26 - - [29/Apr/2021:10:44:22 +0800] "GET /xingrg/kc/print/load_data.html?order_code=212021042912368&kc_code=cgsh HTTP/1.1" 200 1012
101.85.52.2 - - [29/Apr/2021:10:44:27 +0800] "GET /xingrg/kc/buy/cgsh_order_operate.html?command=get_materiel&rest_code=00145&code=00101008268&supplier_code=00100007&order_time=2021-04-24 HTTP/1.1" 200 408
61.165.42.208 - - [29/Apr/2021:10:44:28 +0800] "GET /xingrg/all/function/internal_message.html?_=1619664265039&CODE_STATE=getMsg HTTP/1.1" 200 27
114.86.228.249 - - [29/Apr/2021:10:44:29 +0800] "GET /xingrg/all/function/internal_message.html?_=1619664266715&CODE_STATE=getMsg HTTP/1.1" 200 27
172.20.0.100 - - [29/Apr/2021:10:44:29 +0800] "GET /xingrg/login.html HTTP/1.1" 200 7636
180.162.112.86 - - [29/Apr/2021:10:44:29 +0800] "GET /xingrg/kc/buy/cgsh_order_operate.html?command=get_materiel&rest_code=00143&code=00101002048&supplier_code=00100207&order_time=2021-04-29 HTTP/1.1" 200 401
172.20.0.100 - - [29/Apr/2021:10:44:29 +0800] "GET /xingrg/images/blue/jxLogo.png HTTP/1.1" 200 6156
116.224.253.72 - - [29/Apr/2021:10:44:29 +0800] "GET /xingrg/all/function/internal_message.html?_=1619664265921&CODE_STATE=getMsg HTTP/1.1" 200 27
172.20.0.100 - - [29/Apr/2021:10:44:30 +0800] "GET /xingrg/images/blue/login_bg.png HTTP/1.1" 200 22101
172.20.0.100 - - [29/Apr/2021:10:44:30 +0800] "GET /xingrg/images/blue/hj.png HTTP/1.1" 200 1014
172.20.0.100 - - [29/Apr/2021:10:44:30 +0800] "GET /xingrg/images/blue/srbg.png HTTP/1.1" 200 138
172.20.0.100 - - [29/Apr/2021:10:44:30 +0800] "GET /favicon.ico HTTP/1.1" 404 -
172.20.0.100 - - [29/Apr/2021:10:44:31 +0800] "POST /xingrg/login.do HTTP/1.1" 302 -
172.20.0.100 - - [29/Apr/2021:10:44:31 +0800] "GET /xingrg/javascript/jquery_easy_ui/themes/icon.css HTTP/1.1" 200 3949
172.20.0.100 - - [29/Apr/2021:10:44:31 +0800] "GET /xingrg/javascript/jquery_easy_ui/themes/default/easyui.css HTTP/1.1" 200 26500
172.20.0.100 - - [29/Apr/2021:10:44:31 +0800] "GET /xingrg/css/form.css HTTP/1.1" 200 893
172.20.0.100 - - [29/Apr/2021:10:44:31 +0800] "GET /xingrg/javascript/jquery-1.4.2.min.js HTTP/1.1" 200 72205
172.20.0.100 - - [29/Apr/2021:10:44:31 +0800] "GET /xingrg/javascript/jquery_easy_ui/jquery.easyui.min.js HTTP/1.1" 200 213662
172.20.0.100 - - [29/Apr/2021:10:44:31 +0800] "GET /xingrg/index.html?sysBaseUrl=http%3A%2F%2F172.20.0.8%3A18081%2Fxingrg%2F&costTime=42×tamp=1619664271246 HTTP/1.1" 200 17448
172.20.0.100 - - [29/Apr/2021:10:44:31 +0800] "GET /xingrg/javascript/jquery_easy_ui/easyui-lang-zh_CN.js HTTP/1.1" 200 1900
172.20.0.100 - - [29/Apr/2021:10:44:31 +0800] "GET /xingrg/javascript/jquery.form.js HTTP/1.1" 200 23110
172.20.0.100 - - [29/Apr/2021:10:44:31 +0800] "GET /xingrg/javascript/jquery.timers.js HTTP/1.1" 200 3532
172.20.0.100 - - [29/Apr/2021:10:44:31 +0800] "GET /xingrg/javascript/jquery.utils.js HTTP/1.1" 200 11805
172.20.0.100 - - [29/Apr/2021:10:44:31 +0800] "GET /favicon.ico HTTP/1.1" 404 -
172.20.0.100 - - [29/Apr/2021:10:44:31 +0800] "GET /xingrg/javascript/jquery_easy_ui/themes/icons/settle_new.png HTTP/1.1" 200 826
172.20.0.100 - - [29/Apr/2021:10:44:31 +0800] "GET /xingrg/images/blue/navBackgound.jpg HTTP/1.1" 200 12378
172.20.0.100 - - [29/Apr/2021:10:44:31 +0800] "POST /xingrg/all/common/load_tree.html?tree=area_rest_tree_json&manage=1 HTTP/1.1" 200 3344
172.20.0.100 - - [29/Apr/2021:10:44:31 +0800] "GET /xingrg/all/function/internal_message.html?_=1619664267051&CODE_STATE=count HTTP/1.1" 200 11
172.20.0.100 - - [29/Apr/2021:10:44:31 +0800] "GET /xingrg/check_reg.html?_=1619664267052 HTTP/1.1" 200 22
172.20.0.100 - - [29/Apr/2021:10:44:31 +0800] "GET /xingrg/images/blue/pingpu.png HTTP/1.1" 200 231
172.20.0.100 - - [29/Apr/2021:10:44:31 +0800] "GET /xingrg/javascript/jquery_easy_ui/themes/default/images/tabs_leftarrow.png HTTP/1.1" 200 389
172.20.0.100 - - [29/Apr/2021:10:44:31 +0800] "GET /xingrg/javascript/jquery_easy_ui/themes/default/images/tabs_rightarrow.png HTTP/1.1" 200 395
172.20.0.100 - - [29/Apr/2021:10:44:31 +0800] "GET /xingrg/javascript/jquery_easy_ui/themes/default/images/panel_tool_expand.gif HTTP/1.1" 200 247
172.20.0.100 - - [29/Apr/2021:10:44:31 +0800] "GET /xingrg/javascript/jquery_easy_ui/themes/default/images/panel_tool_collapse.gif HTTP/1.1" 200 246
172.20.0.100 - - [29/Apr/2021:10:44:31 +0800] "POST /xingrg/load_menu.html HTTP/1.1" 200 11529
172.20.0.100 - - [29/Apr/2021:10:44:32 +0800] "GET /xingrg/javascript/jquery_easy_ui/themes/default/images/tree_arrows.gif HTTP/1.1" 200 1043
172.20.0.100 - - [29/Apr/2021:10:44:32 +0800] "GET /xingrg/javascript/jquery_easy_ui/themes/default/images/tree_folder_open.gif HTTP/1.1" 200 956
172.20.0.100 - - [29/Apr/2021:10:44:32 +0800] "GET /xingrg/javascript/jquery_easy_ui/themes/icons/search_new.png HTTP/1.1" 200 586
172.20.0.100 - - [29/Apr/2021:10:44:32 +0800] "GET /xingrg/javascript/jquery_easy_ui/themes/icons/delivery_new.png HTTP/1.1" 200 700
172.20.0.100 - - [29/Apr/2021:10:44:32 +0800] "GET /xingrg/javascript/jquery_easy_ui/themes/icons/storage_new.png HTTP/1.1" 200 853
172.20.0.100 - - [29/Apr/2021:10:44:32 +0800] "GET /xingrg/javascript/jquery_easy_ui/themes/icons/checkout_new.png HTTP/1.1" 200 744
172.20.0.100 - - [29/Apr/2021:10:44:32 +0800] "GET /xingrg/javascript/jquery_easy_ui/themes/icons/forms_new.png HTTP/1.1" 200 350
172.20.0.100 - - [29/Apr/2021:10:44:32 +0800] "GET /xingrg/javascript/jquery_easy_ui/themes/icons/setting_new.png HTTP/1.1" 200 450
172.20.0.100 - - [29/Apr/2021:10:44:32 +0800] "GET /xingrg/javascript/jquery_easy_ui/themes/icons/systemset_new.png HTTP/1.1" 200 606
172.20.0.100 - - [29/Apr/2021:10:44:32 +0800] "GET /xingrg/javascript/jquery_easy_ui/themes/default/images/tree_file.gif HTTP/1.1" 200 118
172.20.0.100 - - [29/Apr/2021:10:44:32 +0800] "GET /xingrg/javascript/jquery_easy_ui/themes/default/images/tree_folder.gif HTTP/1.1" 200 952
222.69.128.23 - - [29/Apr/2021:10:44:32 +0800] "GET /xingrg/kc/buy/cgsh_order_operate.html?command=get_materiel&rest_code=00149&code=00101001010&supplier_code=00100039&order_time=2021-04-29 HTTP/1.1" 200 409
180.162.112.86 - - [29/Apr/2021:10:44:32 +0800] "GET /xingrg/all/function/internal_message.html?_=1619664016836&CODE_STATE=getMsg HTTP/1.1" 200 27
172.20.0.100 - - [29/Apr/2021:10:44:33 +0800] "GET /xingrg/javascript/jquery_easy_ui/themes/icons/area.png HTTP/1.1" 200 262
172.20.0.100 - - [29/Apr/2021:10:44:33 +0800] "GET /xingrg/javascript/jquery_easy_ui/themes/icons/manage.png HTTP/1.1" 200 696
172.20.0.100 - - [29/Apr/2021:10:44:33 +0800] "GET /xingrg/javascript/jquery_easy_ui/themes/icons/rest.png HTTP/1.1" 200 695
172.20.0.100 - - [29/Apr/2021:10:44:33 +0800] "GET /xingrg/javascript/jquery_easy_ui/themes/default/images/button_a_bg.gif HTTP/1.1" 200 1194
172.20.0.100 - - [29/Apr/2021:10:44:33 +0800] "GET /xingrg/javascript/jquery_easy_ui/themes/default/images/button_span_bg.gif HTTP/1.1" 200 2061
172.20.0.100 - - [29/Apr/2021:10:44:33 +0800] "GET /xingrg/javascript/jquery_easy_ui/themes/icons/ok.png HTTP/1.1" 200 883
172.20.0.100 - - [29/Apr/2021:10:44:33 +0800] "GET /xingrg/javascript/jquery_easy_ui/themes/default/images/panel_title.png HTTP/1.1" 200 266
172.20.0.100 - - [29/Apr/2021:10:44:33 +0800] "GET /xingrg/javascript/jquery_easy_ui/themes/default/images/panel_tools.gif HTTP/1.1" 200 737
58.40.7.146 - - [29/Apr/2021:10:44:34 +0800] "GET /xingrg/check_reg.html?_=1619664269922 HTTP/1.1" 200 22
58.40.7.146 - - [29/Apr/2021:10:44:34 +0800] "GET /xingrg/all/function/internal_message.html?_=1619664269924&CODE_STATE=getMsg HTTP/1.1" 200 27
101.85.52.2 - - [29/Apr/2021:10:44:35 +0800] "GET /xingrg/kc/buy/cgsh_order_operate.html?command=get_materiel&rest_code=00145&code=00101012070&supplier_code=00100007&order_time=2021-04-24 HTTP/1.1" 200 398
172.20.0.100 - - [29/Apr/2021:10:44:36 +0800] "GET /xingrg/images/control/ajaxLoader.gif HTTP/1.1" 200 4659
172.20.0.100 - - [29/Apr/2021:10:44:36 +0800] "POST /xingrg/all/user/operate.html HTTP/1.1" 200 36
172.20.0.100 - - [29/Apr/2021:10:44:36 +0800] "GET /xingrg/javascript/jquery_easy_ui/themes/default/easyui.css HTTP/1.1" 304 -
172.20.0.100 - - [29/Apr/2021:10:44:36 +0800] "GET /xingrg/index.html?sysBaseUrl=http%3A%2F%2F172.20.0.8%3A18081%2Fxingrg%2F&costTime=42×tamp=1619664271246 HTTP/1.1" 200 17448
172.20.0.100 - - [29/Apr/2021:10:44:36 +0800] "GET /xingrg/javascript/jquery_easy_ui/themes/icon.css HTTP/1.1" 304 -
172.20.0.100 - - [29/Apr/2021:10:44:36 +0800] "GET /xingrg/css/form.css HTTP/1.1" 304 -
172.20.0.100 - - [29/Apr/2021:10:44:36 +0800] "GET /xingrg/javascript/jquery-1.4.2.min.js HTTP/1.1" 304 -
172.20.0.100 - - [29/Apr/2021:10:44:36 +0800] "GET /xingrg/javascript/jquery_easy_ui/jquery.easyui.min.js HTTP/1.1" 304 -
172.20.0.100 - - [29/Apr/2021:10:44:36 +0800] "GET /xingrg/javascript/jquery_easy_ui/easyui-lang-zh_CN.js HTTP/1.1" 304 -
172.20.0.100 - - [29/Apr/2021:10:44:36 +0800] "GET /xingrg/javascript/jquery.form.js HTTP/1.1" 304 -
172.20.0.100 - - [29/Apr/2021:10:44:36 +0800] "GET /xingrg/javascript/jquery.utils.js HTTP/1.1" 304 -
172.20.0.100 - - [29/Apr/2021:10:44:36 +0800] "GET /xingrg/javascript/jquery.timers.js HTTP/1.1" 304 -
172.20.0.100 - - [29/Apr/2021:10:44:36 +0800] "GET /xingrg/images/blue/jxLogo.png HTTP/1.1" 304 -
172.20.0.100 - - [29/Apr/2021:10:44:36 +0800] "GET /xingrg/images/blue/navBackgound.jpg HTTP/1.1" 304 -
172.20.0.100 - - [29/Apr/2021:10:44:36 +0800] "GET /xingrg/javascript/jquery_easy_ui/themes/icons/settle_new.png HTTP/1.1" 304 -
172.20.0.100 - - [29/Apr/2021:10:44:36 +0800] "POST /xingrg/all/common/load_tree.html?tree=area_rest_tree_json&manage=1 HTTP/1.1" 200 3344
172.20.0.100 - - [29/Apr/2021:10:44:36 +0800] "GET /xingrg/all/function/internal_message.html?_=1619664271659&CODE_STATE=count HTTP/1.1" 200 11
172.20.0.100 - - [29/Apr/2021:10:44:36 +0800] "GET /xingrg/check_reg.html?_=1619664271661 HTTP/1.1" 200 22
172.20.0.100 - - [29/Apr/2021:10:44:36 +0800] "GET /xingrg/javascript/jquery_easy_ui/themes/default/images/tabs_leftarrow.png HTTP/1.1" 304 -
172.20.0.100 - - [29/Apr/2021:10:44:36 +0800] "GET /xingrg/javascript/jquery_easy_ui/themes/default/images/panel_tool_expand.gif HTTP/1.1" 304 -
172.20.0.100 - - [29/Apr/2021:10:44:36 +0800] "GET /xingrg/javascript/jquery_easy_ui/themes/default/images/panel_tool_collapse.gif HTTP/1.1" 304 -
172.20.0.100 - - [29/Apr/2021:10:44:36 +0800] "GET /xingrg/javascript/jquery_easy_ui/themes/default/images/tabs_rightarrow.png HTTP/1.1" 304 -
172.20.0.100 - - [29/Apr/2021:10:44:36 +0800] "GET /xingrg/images/blue/pingpu.png HTTP/1.1" 304 -
172.20.0.100 - - [29/Apr/2021:10:44:36 +0800] "POST /xingrg/load_menu.html HTTP/1.1" 200 9924
114.88.160.164 - - [29/Apr/2021:10:44:38 +0800] "GET /xingrg/all/function/internal_message.html?_=1619664271982&CODE_STATE=getMsg HTTP/1.1" 200 27
172.20.0.100 - - [29/Apr/2021:10:44:38 +0800] "GET /xingrg/kc/base/base_main.html HTTP/1.1" 200 12132
172.20.0.100 - - [29/Apr/2021:10:44:38 +0800] "GET /xingrg/javascript/jquery_easy_ui/themes/default/images/tabs_close.gif HTTP/1.1" 200 829
172.20.0.100 - - [29/Apr/2021:10:44:38 +0800] "GET /xingrg/css/blue.css HTTP/1.1" 200 15949
172.20.0.100 - - [29/Apr/2021:10:44:38 +0800] "GET /xingrg/javascript/pic_change.js HTTP/1.1" 200 4739
172.20.0.100 - - [29/Apr/2021:10:44:38 +0800] "GET /xingrg/javascript/myfunction.js HTTP/1.1" 200 24559
172.20.0.100 - - [29/Apr/2021:10:44:38 +0800] "GET /xingrg/images/blue/button/wlsy.gif HTTP/1.1" 200 2536
172.20.0.100 - - [29/Apr/2021:10:44:38 +0800] "GET /xingrg/images/blue/button/ckpd.gif HTTP/1.1" 200 2051
172.20.0.100 - - [29/Apr/2021:10:44:38 +0800] "GET /xingrg/images/blue/button/kc.gif HTTP/1.1" 200 2160
172.20.0.100 - - [29/Apr/2021:10:44:38 +0800] "GET /xingrg/images/blue/button/ckdb.gif HTTP/1.1" 200 1950
172.20.0.100 - - [29/Apr/2021:10:44:38 +0800] "GET /xingrg/images/blue/button/yddb.gif HTTP/1.1" 200 2040
172.20.0.100 - - [29/Apr/2021:10:44:38 +0800] "GET /xingrg/images/blue/pic_form2.gif HTTP/1.1" 200 1853
172.20.0.100 - - [29/Apr/2021:10:44:38 +0800] "GET /xingrg/images/blue/button/bottom_right.jpg HTTP/1.1" 200 1436
172.20.0.100 - - [29/Apr/2021:10:44:38 +0800] "GET /xingrg/images/blue/button/down.jpg HTTP/1.1" 200 1560
172.20.0.100 - - [29/Apr/2021:10:44:38 +0800] "GET /xingrg/images/blue/button/top_right.jpg HTTP/1.1" 200 1708
172.20.0.100 - - [29/Apr/2021:10:44:38 +0800] "GET /xingrg/images/blue/button/right_ah.jpg HTTP/1.1" 200 1744
172.20.0.100 - - [29/Apr/2021:10:44:38 +0800] "GET /xingrg/images/blue/button/left_ah.jpg HTTP/1.1" 200 1643
172.20.0.100 - - [29/Apr/2021:10:44:38 +0800] "GET /xingrg/images/blue/bg_dotted.jpg HTTP/1.1" 200 319
172.20.0.100 - - [29/Apr/2021:10:44:38 +0800] "GET /xingrg/images/blue/button/top_left.jpg HTTP/1.1" 200 1632
172.20.0.100 - - [29/Apr/2021:10:44:38 +0800] "GET /xingrg/images/blue/button/bottom_left.jpg HTTP/1.1" 200 1524
120.253.135.82 - - [29/Apr/2021:10:44:39 +0800] "GET /xingrg/all/function/internal_message.html?_=1619663793328&CODE_STATE=getMsg HTTP/1.1" 200 27
172.20.0.100 - - [29/Apr/2021:10:44:40 +0800] "GET /xingrg/kc/base/kc_stocks.html HTTP/1.1" 200 16355
172.20.0.100 - - [29/Apr/2021:10:44:40 +0800] "GET /xingrg/css/base.css HTTP/1.1" 200 2811
172.20.0.100 - - [29/Apr/2021:10:44:40 +0800] "GET /xingrg/css/site.css HTTP/1.1" 200 7541
172.20.0.100 - - [29/Apr/2021:10:44:40 +0800] "GET /xingrg/javascript/jquery_tools/datebox.css HTTP/1.1" 200 2597
172.20.0.100 - - [29/Apr/2021:10:44:40 +0800] "GET /xingrg/javascript/easyui/themes/icon.css HTTP/1.1" 200 4483
172.20.0.100 - - [29/Apr/2021:10:44:40 +0800] "GET /xingrg/javascript/auto/jquery.autocomplete.css HTTP/1.1" 200 587
172.20.0.100 - - [29/Apr/2021:10:44:40 +0800] "GET /xingrg/javascript/easyui/themes/sunny/easyui.css HTTP/1.1" 200 34304
172.20.0.100 - - [29/Apr/2021:10:44:40 +0800] "GET /xingrg/javascript/jquery_tools/fix.css HTTP/1.1" 200 1702
172.20.0.100 - - [29/Apr/2021:10:44:40 +0800] "GET /xingrg/javascript/jquery_tools/jquery.tools.min.js HTTP/1.1" 200 138801
172.20.0.100 - - [29/Apr/2021:10:44:40 +0800] "GET /xingrg/javascript/jquery_tools/jquery.tools.hotkey.js HTTP/1.1" 200 3242
172.20.0.100 - - [29/Apr/2021:10:44:40 +0800] "GET /xingrg/javascript/jquery_tools/jquery.tools.extend.js HTTP/1.1" 200 15385
172.20.0.100 - - [29/Apr/2021:10:44:40 +0800] "GET /xingrg/javascript/jquery_tools/list_manager.js HTTP/1.1" 200 3652
172.20.0.100 - - [29/Apr/2021:10:44:40 +0800] "GET /xingrg/javascript/easyui/easyloader.js HTTP/1.1" 200 5975
172.20.0.100 - - [29/Apr/2021:10:44:40 +0800] "GET /xingrg/javascript/auto/jquery.autocomplete.js HTTP/1.1" 200 21624
172.20.0.100 - - [29/Apr/2021:10:44:40 +0800] "GET /xingrg/javascript/jquery.cookie.js HTTP/1.1" 200 5513
172.20.0.100 - - [29/Apr/2021:10:44:40 +0800] "GET /xingrg/javascript/convert.js HTTP/1.1" 200 1239
172.20.0.100 - - [29/Apr/2021:10:44:40 +0800] "GET /xingrg/javascript/json2.js HTTP/1.1" 200 11259
172.20.0.100 - - [29/Apr/2021:10:44:40 +0800] "GET /xingrg/javascript/print/LodopFuncs.js HTTP/1.1" 200 5121
101.85.52.2 - - [29/Apr/2021:10:44:41 +0800] "GET /xingrg/check_reg.html?_=1619664269368 HTTP/1.1" 200 22
101.85.52.2 - - [29/Apr/2021:10:44:41 +0800] "GET /xingrg/all/function/internal_message.html?_=1619664269440&CODE_STATE=getMsg HTTP/1.1" 200 27
172.20.0.100 - - [29/Apr/2021:10:44:41 +0800] "GET /xingrg/javascript/easyui/themes/icons/print_new.png HTTP/1.1" 200 3580
172.20.0.100 - - [29/Apr/2021:10:44:41 +0800] "GET /xingrg/javascript/easyui/themes/icons/refresh_new.png HTTP/1.1" 200 685
172.20.0.100 - - [29/Apr/2021:10:44:41 +0800] "GET /xingrg/javascript/easyui/themes/icons/import_new.png HTTP/1.1" 200 1247
172.20.0.100 - - [29/Apr/2021:10:44:41 +0800] "GET /xingrg/javascript/easyui/themes/icons/field_new.png HTTP/1.1" 200 1097
172.20.0.100 - - [29/Apr/2021:10:44:41 +0800] "GET /xingrg/javascript/easyui/themes/icons/filter_new.png HTTP/1.1" 200 795
172.20.0.100 - - [29/Apr/2021:10:44:41 +0800] "GET /xingrg/javascript/easyui/plugins/jquery.parser.js HTTP/1.1" 200 1142
172.20.0.100 - - [29/Apr/2021:10:44:41 +0800] "GET /xingrg/javascript/easyui/plugins/jquery.draggable.js HTTP/1.1" 200 6121
172.20.0.100 - - [29/Apr/2021:10:44:41 +0800] "GET /xingrg/all/common/auto_word.html?type=base&rest_code=00102 HTTP/1.1" 200 1711
172.20.0.100 - - [29/Apr/2021:10:44:41 +0800] "GET /xingrg/javascript/easyui/plugins/jquery.droppable.js HTTP/1.1" 200 1167
172.20.0.100 - - [29/Apr/2021:10:44:41 +0800] "GET /xingrg/javascript/easyui/themes/default/tree.css HTTP/1.1" 404 1090
172.20.0.100 - - [29/Apr/2021:10:44:41 +0800] "GET /xingrg/javascript/easyui/plugins/jquery.tree.js HTTP/1.1" 200 20874
172.20.0.100 - - [29/Apr/2021:10:44:41 +0800] "POST /xingrg/all/common/load_tree.html?tree=materiel_sort_tree_json HTTP/1.1" 200 8666
172.20.0.100 - - [29/Apr/2021:10:44:41 +0800] "GET /xingrg/javascript/easyui/themes/sunny/images/tree_folder_open.gif HTTP/1.1" 200 956
172.20.0.100 - - [29/Apr/2021:10:44:41 +0800] "GET /xingrg/javascript/easyui/themes/sunny/images/tree_arrows.gif HTTP/1.1" 200 617
172.20.0.100 - - [29/Apr/2021:10:44:41 +0800] "GET /xingrg/javascript/easyui/themes/sunny/images/tree_folder.gif HTTP/1.1" 200 952
172.20.0.100 - - [29/Apr/2021:10:44:41 +0800] "GET /xingrg/javascript/easyui/themes/sunny/images/tree_file.gif HTTP/1.1" 200 118
116.224.253.72 - - [29/Apr/2021:10:44:43 +0800] "GET /xingrg/check_reg.html?_=1619664282104 HTTP/1.1" 200 22
114.88.160.164 - - [29/Apr/2021:10:44:43 +0800] "POST /xingrg/kc/buy/cgsh_order_operate.html HTTP/1.1" 200 37
101.85.52.2 - - [29/Apr/2021:10:44:44 +0800] "GET /xingrg/kc/buy/cgsh_order_operate.html?command=get_materiel&rest_code=00145&code=00101008036&supplier_code=00100007&order_time=2021-04-24 HTTP/1.1" 200 408
117.185.32.26 - - [29/Apr/2021:10:44:44 +0800] "GET /xingrg/kc/buy/cgsh_order_add.html HTTP/1.1" 200 62216
116.224.253.72 - - [29/Apr/2021:10:44:44 +0800] "GET /xingrg/all/function/internal_message.html?_=1619664283148&CODE_STATE=getMsg HTTP/1.1" 200 27
117.185.32.26 - - [29/Apr/2021:10:44:45 +0800] "GET /xingrg/javascript/easyui/themes/default/validatebox.css HTTP/1.1" 404 1104
117.185.32.26 - - [29/Apr/2021:10:44:45 +0800] "POST /xingrg/kc/buy/cgsh_order_operate.html HTTP/1.1" 200 8245
114.88.160.164 - - [29/Apr/2021:10:44:46 +0800] "POST /xingrg/kc/buy/cgsh_order_operate.html HTTP/1.1" 200 2660
117.185.32.26 - - [29/Apr/2021:10:44:46 +0800] "GET /xingrg/javascript/easyui/themes/default/tree.css HTTP/1.1" 404 1090
117.185.32.26 - - [29/Apr/2021:10:44:46 +0800] "POST /xingrg/all/common/load_tree.html?tree=supplier_tree_json&isDelete=1 HTTP/1.1" 200 55089
172.20.0.100 - - [29/Apr/2021:10:44:46 +0800] "POST /xingrg/kc/base/stock_operate.html HTTP/1.1" 200 765
172.20.0.100 - - [29/Apr/2021:10:44:46 +0800] "GET /xingrg/javascript/jquery_tools/fix_table.js HTTP/1.1" 200 6528
222.69.128.23 - - [29/Apr/2021:10:44:47 +0800] "GET /xingrg/kc/buy/cgsh_order_operate.html?command=get_materiel&rest_code=00149&code=00101010161&supplier_code=00100039&order_time=2021-04-29 HTTP/1.1" 200 411
114.88.160.164 - - [29/Apr/2021:10:44:49 +0800] "GET /xingrg/kc/print/load_data.html?order_code=212021042912369&kc_code=cgsh&condition= HTTP/1.1" 200 673
222.69.128.23 - - [29/Apr/2021:10:44:51 +0800] "GET /xingrg/all/function/internal_message.html?_=1619664286916&CODE_STATE=getMsg HTTP/1.1" 200 27
101.85.52.2 - - [29/Apr/2021:10:44:52 +0800] "GET /xingrg/kc/buy/cgsh_order_operate.html?command=get_materiel&rest_code=00145&code=00101006106&supplier_code=00100007&order_time=2021-04-24 HTTP/1.1" 200 421
180.169.147.146 - - [29/Apr/2021:10:44:53 +0800] "GET /xingrg/all/function/internal_message.html?_=1619664288961&CODE_STATE=getMsg HTTP/1.1" 200 27
180.169.147.146 - - [29/Apr/2021:10:44:53 +0800] "GET /xingrg/check_reg.html?_=1619664288963 HTTP/1.1" 200 22
172.20.0.100 - - [29/Apr/2021:10:44:53 +0800] "GET /xingrg/kc/report/report_main.html HTTP/1.1" 200 7325
172.20.0.100 - - [29/Apr/2021:10:44:53 +0800] "GET /xingrg/javascript/jquery_ui/themes/humanity/humanity.css HTTP/1.1" 200 27801
172.20.0.100 - - [29/Apr/2021:10:44:53 +0800] "GET /xingrg/javascript/jquery_easy_ui/themes/icons/back_new.png HTTP/1.1" 200 3414
124.77.71.179 - - [29/Apr/2021:10:44:54 +0800] "GET /xingrg/all/function/internal_message.html?_=1619664288209&CODE_STATE=getMsg HTTP/1.1" 200 27
172.20.0.100 - - [29/Apr/2021:10:44:54 +0800] "GET /xingrg/all/function/internal_message.html?_=1619664289833&CODE_STATE=getMsg HTTP/1.1" 200 27
120.204.17.72 - - [29/Apr/2021:10:44:54 +0800] "GET /xingrg/kc/buy/cgsh_order_operate.html?command=get_materiel&rest_code=00106&code=00101008146&supplier_code=00100009&order_time=2021-04-29 HTTP/1.1" 302 -
180.169.147.146 - - [29/Apr/2021:10:44:54 +0800] "GET /xingrg/all/function/internal_message.html?_=1619664293340&CODE_STATE=getMsg HTTP/1.1" 200 27
172.20.0.100 - - [29/Apr/2021:10:44:55 +0800] "GET /xingrg/kc/base/crk_hz.html HTTP/1.1" 200 11227
172.20.0.100 - - [29/Apr/2021:10:44:55 +0800] "GET /xingrg/javascript/step/step.css HTTP/1.1" 200 999
172.20.0.100 - - [29/Apr/2021:10:44:55 +0800] "GET /xingrg/css/table.css HTTP/1.1" 200 3684
180.161.124.236 - - [29/Apr/2021:10:44:55 +0800] "GET /xingrg/kc/buy/cgsh_order_operate.html?command=get_materiel&rest_code=00102&code=00101009011&supplier_code=00100424&order_time=2021-04-29 HTTP/1.1" 200 416
172.20.0.100 - - [29/Apr/2021:10:44:55 +0800] "POST /xingrg/kc/cost/cost_operate.html?command=get_base_tree HTTP/1.1" 200 2388
172.20.0.100 - - [29/Apr/2021:10:44:55 +0800] "POST /xingrg/all/common/load_tree.html?tree=materiel_sort_tree_json HTTP/1.1" 200 8666
172.20.0.100 - - [29/Apr/2021:10:44:55 +0800] "GET /xingrg/javascript/jquery_easy_ui/themes/default/images/calendar_prevmonth.gif HTTP/1.1" 200 66
172.20.0.100 - - [29/Apr/2021:10:44:55 +0800] "GET /xingrg/javascript/jquery_easy_ui/themes/default/images/combo_arrow_dot.gif HTTP/1.1" 200 79
172.20.0.100 - - [29/Apr/2021:10:44:55 +0800] "GET /xingrg/javascript/jquery_easy_ui/themes/default/images/menu_downarrow.png HTTP/1.1" 200 173
172.20.0.100 - - [29/Apr/2021:10:44:55 +0800] "GET /xingrg/javascript/jquery_easy_ui/themes/icons/print.png HTTP/1.1" 200 1057
172.20.0.100 - - [29/Apr/2021:10:44:55 +0800] "GET /xingrg/javascript/jquery_easy_ui/themes/icons/search.png HTTP/1.1" 200 813
172.20.0.100 - - [29/Apr/2021:10:44:55 +0800] "GET /xingrg/javascript/jquery_easy_ui/themes/default/images/menu.gif HTTP/1.1" 200 834
172.20.0.100 - - [29/Apr/2021:10:44:55 +0800] "GET /xingrg/javascript/jquery_easy_ui/themes/default/images/calendar_nextmonth.gif HTTP/1.1" 200 64
172.20.0.100 - - [29/Apr/2021:10:44:55 +0800] "GET /xingrg/javascript/jquery_easy_ui/themes/default/images/calendar_prevyear.gif HTTP/1.1" 200 76
172.20.0.100 - - [29/Apr/2021:10:44:55 +0800] "GET /xingrg/javascript/jquery_easy_ui/themes/default/images/calendar_nextyear.gif HTTP/1.1" 200 75
172.20.0.100 - - [29/Apr/2021:10:44:55 +0800] "GET /xingrg/javascript/jquery_easy_ui/themes/default/images/tree_checkbox_0.gif HTTP/1.1" 200 168
114.88.160.164 - - [29/Apr/2021:10:44:58 +0800] "GET /xingrg/kc/buy/cgsh_order_add.html HTTP/1.1" 200 62210
101.85.52.2 - - [29/Apr/2021:10:44:58 +0800] "POST /xingrg/kc/buy/cgsh_order_operate.html HTTP/1.1" 200 37
117.185.32.26 - - [29/Apr/2021:10:44:58 +0800] "GET /xingrg/kc/buy/cgsh_order_operate.html?command=get_materiel&rest_code=00106&code=00101006113&supplier_code=00100015&order_time=2021-04-29 HTTP/1.1" 200 413
114.88.160.164 - - [29/Apr/2021:10:44:59 +0800] "POST /xingrg/kc/buy/cgsh_order_operate.html HTTP/1.1" 200 8245
114.88.160.164 - - [29/Apr/2021:10:44:59 +0800] "GET /xingrg/javascript/easyui/themes/default/validatebox.css HTTP/1.1" 404 1104
180.162.112.86 - - [29/Apr/2021:10:44:59 +0800] "GET /xingrg/kc/buy/cgsh_order_operate.html?command=get_materiel&rest_code=00143&code=00101010161&supplier_code=00100207&order_time=2021-04-29 HTTP/1.1" 200 409
120.204.17.72 - - [29/Apr/2021:10:44:59 +0800] "GET /xingrg/login.html HTTP/1.1" 200 7641
117.185.32.26 - - [29/Apr/2021:10:45:00 +0800] "GET /xingrg/all/function/internal_message.html?_=1619664293527&CODE_STATE=getMsg HTTP/1.1" 200 27
58.37.228.113 - - [29/Apr/2021:10:45:02 +0800] "GET /xingrg/all/function/internal_message.html?_=1619664279330&CODE_STATE=getMsg HTTP/1.1" 200 27
180.161.124.236 - - [29/Apr/2021:10:45:02 +0800] "GET /xingrg/kc/buy/cgsh_order_operate.html?command=get_materiel&rest_code=00102&code=00101009039&supplier_code=00100424&order_time=2021-04-29 HTTP/1.1" 200 408
101.85.52.2 - - [29/Apr/2021:10:45:03 +0800] "POST /xingrg/kc/buy/cgsh_order_operate.html HTTP/1.1" 200 15638
172.20.0.100 - - [29/Apr/2021:10:45:04 +0800] "GET /xingrg/javascript/jquery_easy_ui/themes/default/images/tree_checkbox_1.gif HTTP/1.1" 200 174
172.20.0.100 - - [29/Apr/2021:10:45:04 +0800] "GET /xingrg/javascript/jquery_easy_ui/themes/default/images/tree_checkbox_2.gif HTTP/1.1" 200 181
101.85.52.2 - - [29/Apr/2021:10:45:05 +0800] "GET /xingrg/kc/print/load_data.html?order_code=212021042912370&kc_code=cgsh&condition= HTTP/1.1" 200 5614
120.204.17.70 - - [29/Apr/2021:10:45:07 +0800] "GET /xingrg/kc/buy/cgsh_order_operate.html?command=get_materiel&rest_code=00106&code=00101008147&supplier_code=00100009&order_time=2021-04-29 HTTP/1.1" 302 -
116.230.114.112 - - [29/Apr/2021:10:45:09 +0800] "GET /xingrg/check_reg.html?_=1619664319207 HTTP/1.1" 200 22
120.204.17.70 - - [29/Apr/2021:10:45:09 +0800] "GET /xingrg/login.html HTTP/1.1" 200 7641
114.88.160.164 - - [29/Apr/2021:10:45:09 +0800] "GET /xingrg/kc/buy/cgsh_order_operate.html?command=get_materiel&rest_code=00111&code=00101001253&supplier_code=00100313&order_time=2021-04-29 HTTP/1.1" 200 393
180.161.124.236 - - [29/Apr/2021:10:45:09 +0800] "GET /xingrg/kc/buy/cgsh_order_operate.html?command=get_materiel&rest_code=00102&code=00101009031&supplier_code=00100424&order_time=2021-04-29 HTTP/1.1" 200 408
117.185.32.26 - - [29/Apr/2021:10:45:09 +0800] "GET /xingrg/kc/buy/cgsh_order_operate.html?command=get_materiel&rest_code=00106&code=00101006124&supplier_code=00100015&order_time=2021-04-29 HTTP/1.1" 200 411
120.253.135.82 - - [29/Apr/2021:10:45:10 +0800] "GET /xingrg/all/function/internal_message.html?_=1619664427369&CODE_STATE=getMsg HTTP/1.1" 200 27
116.230.114.112 - - [29/Apr/2021:10:45:10 +0800] "GET /xingrg/all/function/internal_message.html?_=1619664320792&CODE_STATE=getMsg HTTP/1.1" 200 27
172.20.0.100 - - [29/Apr/2021:10:45:11 +0800] "GET /xingrg/kc/base/crk_hz.html?_=1619664306336&command=get_cost_id&end_date=2021-04-30&start_date=2021-04-01 HTTP/1.1" 200 51
172.20.0.100 - - [29/Apr/2021:10:45:11 +0800] "GET /xingrg/all/report/report_query.html?isQuery=1&onlyBody=1&rh=99999&rw=1800&varString=start:20210401,cost_id:3093,mid:20210401&fileName=kc/base/crk_hz_type_by_base.xml&queryString=%20m.sort_code%20in%20('00101024','00101025','00101026','00101027','00101028','00101029')%20&queryText=ÈÕÆÚ£º2021-04-01ÖÁ2021-04-30&tableQueryString=materiel_table$sp1$$sp$before_table$sp1$$sp$crk_table$sp1$order_day%20between%2020210401%20and%2020210430 HTTP/1.1" 200 49372
172.20.0.100 - - [29/Apr/2021:10:45:11 +0800] "GET /xingrg/javascript/multi_select/jqueryMultiSelect.css HTTP/1.1" 200 951
172.20.0.100 - - [29/Apr/2021:10:45:11 +0800] "GET /xingrg/javascript/calendar/timePicker.css HTTP/1.1" 200 523
172.20.0.100 - - [29/Apr/2021:10:45:11 +0800] "GET /xingrg/javascript/bigrid/fix.css HTTP/1.1" 200 1702
172.20.0.100 - - [29/Apr/2021:10:45:11 +0800] "GET /xingrg/dwr/interface/AjaxReportQueryService.js HTTP/1.1" 200 13203
172.20.0.100 - - [29/Apr/2021:10:45:11 +0800] "GET /xingrg/dwr/engine.js HTTP/1.1" 200 43631
172.20.0.100 - - [29/Apr/2021:10:45:11 +0800] "GET /xingrg/dwr/util.js HTTP/1.1" 200 35990
172.20.0.100 - - [29/Apr/2021:10:45:11 +0800] "GET /xingrg/javascript/jqueryMultiSelect.js HTTP/1.1" 200 11866
172.20.0.100 - - [29/Apr/2021:10:45:11 +0800] "GET /xingrg/javascript/calendar/jquery.timePicker.min.js HTTP/1.1" 200 2997
172.20.0.100 - - [29/Apr/2021:10:45:11 +0800] "GET /xingrg/javascript/Calendar.js HTTP/1.1" 200 31561
172.20.0.100 - - [29/Apr/2021:10:45:11 +0800] "GET /xingrg/javascript/bigrid/fix.js HTTP/1.1" 200 6439
172.20.0.100 - - [29/Apr/2021:10:45:11 +0800] "GET /xingrg/images/control/loading.gif HTTP/1.1" 200 13463
172.20.0.100 - - [29/Apr/2021:10:45:11 +0800] "GET /xingrg/images/blue/button/advanceover.gif HTTP/1.1" 200 1347
172.20.0.100 - - [29/Apr/2021:10:45:11 +0800] "GET /xingrg/images/blue/button/advance2over.gif HTTP/1.1" 200 1336
172.20.0.100 - - [29/Apr/2021:10:45:11 +0800] "GET /xingrg/images/blue/button/back2over.gif HTTP/1.1" 200 1335
172.20.0.100 - - [29/Apr/2021:10:45:11 +0800] "GET /xingrg/images/blue/button/backover.gif HTTP/1.1" 200 1348
172.20.0.100 - - [29/Apr/2021:10:45:11 +0800] "GET /xingrg/javascript/jquery_easy_ui/themes/icons/help.png HTTP/1.1" 200 1187
172.20.0.100 - - [29/Apr/2021:10:45:12 +0800] "POST /xingrg/all/report/load_report_page.html HTTP/1.1" 200 260885
172.20.0.100 - - [29/Apr/2021:10:45:12 +0800] "GET /xingrg/servlets/image?cache=0.3233931902157344&image=px HTTP/1.1" 200 807
180.161.124.236 - - [29/Apr/2021:10:45:16 +0800] "GET /xingrg/kc/buy/cgsh_order_operate.html?command=get_materiel&rest_code=00102&code=00101009109&supplier_code=00100424&order_time=2021-04-29 HTTP/1.1" 200 399
120.253.135.82 - - [29/Apr/2021:10:45:16 +0800] "GET /xingrg/all/function/internal_message.html?_=1619664327053&CODE_STATE=getMsg HTTP/1.1" 200 27
116.230.110.80 - - [29/Apr/2021:10:45:16 +0800] "GET /xingrg/all/function/internal_message.html?_=1619664310842&CODE_STATE=getMsg HTTP/1.1" 200 27
117.185.32.26 - - [29/Apr/2021:10:45:19 +0800] "GET /xingrg/kc/buy/cgsh_order_operate.html?command=get_materiel&rest_code=00106&code=00101006184&supplier_code=00100015&order_time=2021-04-29 HTTP/1.1" 200 409
114.86.187.76 - - [29/Apr/2021:10:45:19 +0800] "GET /xingrg/all/function/internal_message.html?_=1619664315205&CODE_STATE=getMsg HTTP/1.1" 200 27
172.20.0.100 - - [29/Apr/2021:10:45:19 +0800] "GET /xingrg/all/report/report_query.html?isQuery=1&fileName=kc/base/crk_detail_by_small.xml&rh=99999&queryString=&queryText=%25E3%2580%2590%25E4%25BB%2593%25E5%25BA%2593%25E5%2590%258D%25E7%25A7%25B0%253A%25E5%2590%25A7%25E5%258F%25B0%25E3%2580%2591%25E3%2580%2590%25E4%25B8%259A%25E5%258A%25A1%25E7%25B1%25BB%25E5%259E%258B%25EF%25BC%259A%25E6%2580%25BB%25E9%2583%25A8%25E9%2585%258D%25E9%2580%2581%25E3%2580%2591%2520%253F%253F%253F%253F%253F2021-04-01%253F%253F2021-04-30&tableQueryString=crk_table%2524sp1%2524order_day%2520between%252020210401%2520and%252020210430%2520and%2520(base_code%253D'0010493')%2520and%2520(src_order_type%2520in%2520(31))%2520and%2520(is_rk%2520in%2520(1)) HTTP/1.1" 200 53687
172.20.0.100 - - [29/Apr/2021:10:45:20 +0800] "GET /xingrg/dwr/interface/AjaxReportQueryService.js HTTP/1.1" 200 13203
172.20.0.100 - - [29/Apr/2021:10:45:20 +0800] "GET /xingrg/dwr/engine.js HTTP/1.1" 200 43631
172.20.0.100 - - [29/Apr/2021:10:45:20 +0800] "GET /xingrg/javascript/jquery_easy_ui/themes/icons/pencil.png HTTP/1.1" 200 713
172.20.0.100 - - [29/Apr/2021:10:45:20 +0800] "GET /xingrg/javascript/jquery_easy_ui/themes/default/images/menu_rightarrow.png HTTP/1.1" 200 3617
180.161.124.236 - - [29/Apr/2021:10:45:20 +0800] "GET /xingrg/check_reg.html?_=1619664599246 HTTP/1.1" 200 22
172.20.0.100 - - [29/Apr/2021:10:45:21 +0800] "POST /xingrg/all/report/load_report_page.html HTTP/1.1" 200 16033
172.20.0.100 - - [29/Apr/2021:10:45:21 +0800] "GET /xingrg/servlets/image?cache=0.25021708906201656&image=px HTTP/1.1" 200 807
172.20.0.100 - - [29/Apr/2021:10:45:23 +0800] "POST /xingrg/all/report/load_report_page.html HTTP/1.1" 200 35820
172.20.0.100 - - [29/Apr/2021:10:45:23 +0800] "GET /xingrg/servlets/image?cache=0.7131182495970029&image=px HTTP/1.1" 200 807
114.88.160.164 - - [29/Apr/2021:10:45:26 +0800] "GET /xingrg/kc/buy/cgsh_order_operate.html?command=get_materiel&rest_code=00111&code=00101001016&supplier_code=00100313&order_time=2021-04-29 HTTP/1.1" 200 415
61.165.42.208 - - [29/Apr/2021:10:45:28 +0800] "GET /xingrg/all/function/internal_message.html?_=1619664325041&CODE_STATE=getMsg HTTP/1.1" 200 27
61.165.42.208 - - [29/Apr/2021:10:45:28 +0800] "GET /xingrg/check_reg.html?_=1619664325043 HTTP/1.1" 200 22
114.86.228.249 - - [29/Apr/2021:10:45:29 +0800] "GET /xingrg/all/function/internal_message.html?_=1619664326718&CODE_STATE=getMsg HTTP/1.1" 200 27
116.224.253.72 - - [29/Apr/2021:10:45:29 +0800] "GET /xingrg/all/function/internal_message.html?_=1619664325925&CODE_STATE=getMsg HTTP/1.1" 200 27
117.185.32.26 - - [29/Apr/2021:10:45:30 +0800] "GET /xingrg/kc/buy/cgsh_order_operate.html?command=get_materiel&rest_code=00106&code=00101006068&supplier_code=00100015&order_time=2021-04-29 HTTP/1.1" 200 410
180.162.112.86 - - [29/Apr/2021:10:45:32 +0800] "GET /xingrg/all/function/internal_message.html?_=1619664076836&CODE_STATE=getMsg HTTP/1.1" 200 27
58.40.7.146 - - [29/Apr/2021:10:45:34 +0800] "GET /xingrg/all/function/internal_message.html?_=1619664329928&CODE_STATE=getMsg HTTP/1.1" 200 27
172.20.0.100 - - [29/Apr/2021:10:45:36 +0800] "GET /xingrg/all/function/internal_message.html?_=1619664331665&CODE_STATE=getMsg HTTP/1.1" 200 27
180.169.147.146 - - [29/Apr/2021:10:45:38 +0800] "GET /xingrg/check_reg.html?_=1619664333836 HTTP/1.1" 302 -
114.88.160.164 - - [29/Apr/2021:10:45:38 +0800] "GET /xingrg/all/function/internal_message.html?_=1619664331995&CODE_STATE=getMsg HTTP/1.1" 200 27
120.253.135.82 - - [29/Apr/2021:10:45:39 +0800] "GET /xingrg/check_reg.html?_=1619663853326 HTTP/1.1" 200 22
120.253.135.82 - - [29/Apr/2021:10:45:39 +0800] "GET /xingrg/all/function/internal_message.html?_=1619663853327&CODE_STATE=getMsg HTTP/1.1" 200 27
114.88.160.164 - - [29/Apr/2021:10:45:41 +0800] "GET /xingrg/kc/buy/cgsh_order_operate.html?command=get_materiel&rest_code=00111&code=00101001096&supplier_code=00100313&order_time=2021-04-29 HTTP/1.1" 200 413
101.85.52.2 - - [29/Apr/2021:10:45:41 +0800] "GET /xingrg/all/function/internal_message.html?_=1619664329438&CODE_STATE=getMsg HTTP/1.1" 200 27
117.185.32.26 - - [29/Apr/2021:10:45:42 +0800] "GET /xingrg/kc/buy/cgsh_order_operate.html?command=get_materiel&rest_code=00106&code=00101006065&supplier_code=00100015&order_time=2021-04-29 HTTP/1.1" 200 411
180.161.124.236 - - [29/Apr/2021:10:45:44 +0800] "GET /xingrg/kc/buy/cgsh_order_operate.html?command=get_materiel&rest_code=00102&code=00101009066&supplier_code=00100424&order_time=2021-04-29 HTTP/1.1" 200 416
180.162.112.86 - - [29/Apr/2021:10:45:44 +0800] "GET /xingrg/kc/buy/cgsh_order_operate.html?command=get_materiel&rest_code=00143&code=00101001053&supplier_code=00100207&order_time=2021-04-29 HTTP/1.1" 200 409
116.224.253.72 - - [29/Apr/2021:10:45:44 +0800] "GET /xingrg/all/function/internal_message.html?_=1619664343162&CODE_STATE=getMsg HTTP/1.1" 200 27
114.86.228.249 - - [29/Apr/2021:10:45:48 +0800] "POST /xingrg/kc/buy/cgsh_order_operate.html HTTP/1.1" 200 37
114.86.228.249 - - [29/Apr/2021:10:45:50 +0800] "POST /xingrg/kc/buy/cgsh_order_operate.html HTTP/1.1" 200 3857
222.69.128.23 - - [29/Apr/2021:10:45:51 +0800] "GET /xingrg/all/function/internal_message.html?_=1619664346906&CODE_STATE=getMsg HTTP/1.1" 200 27
180.161.124.236 - - [29/Apr/2021:10:45:53 +0800] "GET /xingrg/kc/buy/cgsh_order_operate.html?command=get_materiel&rest_code=00102&code=00101009016&supplier_code=00100424&order_time=2021-04-29 HTTP/1.1" 200 412
180.169.147.146 - - [29/Apr/2021:10:45:53 +0800] "GET /xingrg/check_reg.html?_=1619664345002 HTTP/1.1" 200 22
180.169.147.146 - - [29/Apr/2021:10:45:53 +0800] "GET /xingrg/all/function/internal_message.html?_=1619664348957&CODE_STATE=getMsg HTTP/1.1" 200 27
114.88.160.164 - - [29/Apr/2021:10:45:54 +0800] "GET /xingrg/kc/buy/cgsh_order_operate.html?command=get_materiel&rest_code=00111&code=00101005066&supplier_code=00100313&order_time=2021-04-29 HTTP/1.1" 200 396
124.77.71.179 - - [29/Apr/2021:10:45:54 +0800] "GET /xingrg/all/function/internal_message.html?_=1619664348208&CODE_STATE=getMsg HTTP/1.1" 200 27
172.20.0.100 - - [29/Apr/2021:10:45:54 +0800] "GET /xingrg/all/function/internal_message.html?_=1619664349835&CODE_STATE=getMsg HTTP/1.1" 200 27
180.169.147.146 - - [29/Apr/2021:10:45:54 +0800] "GET /xingrg/all/function/internal_message.html?_=1619664353348&CODE_STATE=getMsg HTTP/1.1" 200 27
180.169.147.146 - - [29/Apr/2021:10:45:54 +0800] "GET /xingrg/check_reg.html?_=1619664353350 HTTP/1.1" 200 22
117.185.32.26 - - [29/Apr/2021:10:45:55 +0800] "GET /xingrg/kc/buy/cgsh_order_operate.html?command=get_materiel&rest_code=00106&code=00101006112&supplier_code=00100015&order_time=2021-04-29 HTTP/1.1" 200 409
114.86.228.249 - - [29/Apr/2021:10:45:59 +0800] "POST /xingrg/kc/buy/cgsh_list_operate.html HTTP/1.1" 200 5396
117.185.32.26 - - [29/Apr/2021:10:46:00 +0800] "GET /xingrg/all/function/internal_message.html?_=1619664353509&CODE_STATE=getMsg HTTP/1.1" 200 27
