116.233.76.188 - - [27/Apr/2021:09:20:19 +0800] "GET /xingrg/kc/buy/cgsh_order_operate.html?command=get_materiel&rest_code=00109&code=00101008323&supplier_code=00100005&order_time=2021-04-27 HTTP/1.1" 200 408
61.165.42.208 - - [27/Apr/2021:09:20:19 +0800] "GET /xingrg/check_reg.html?_=1619486416002 HTTP/1.1" 200 22
116.224.253.72 - - [27/Apr/2021:09:20:22 +0800] "GET /xingrg/kc/buy/cgsh_order_list.html HTTP/1.1" 200 46552
180.169.147.146 - - [27/Apr/2021:09:20:22 +0800] "GET /xingrg/all/function/internal_message.html?_=1619486421088&CODE_STATE=getMsg HTTP/1.1" 200 27
116.224.253.72 - - [27/Apr/2021:09:20:24 +0800] "POST /xingrg/kc/buy/cgsh_list_operate.html HTTP/1.1" 200 2051
114.83.219.183 - - [27/Apr/2021:09:20:25 +0800] "GET /xingrg/kc/buy/cgsh_order_operate.html?command=get_materiel&rest_code=00149&code=00101001075&supplier_code=00100039&order_time=2021-04-27 HTTP/1.1" 200 411
116.224.253.72 - - [27/Apr/2021:09:20:26 +0800] "POST /xingrg/kc/buy/cgsh_list_operate.html HTTP/1.1" 200 573
116.224.253.72 - - [27/Apr/2021:09:20:27 +0800] "GET /xingrg/kc/buy/cgsh_order_info.html?code=212021042711406 HTTP/1.1" 200 61937
58.37.228.113 - - [27/Apr/2021:09:20:27 +0800] "GET /xingrg/check_reg.html?_=1619486402525 HTTP/1.1" 200 22
116.224.253.72 - - [27/Apr/2021:09:20:27 +0800] "GET /xingrg/all/common/auto_word.html?type=employee&rest_code=00151 HTTP/1.1" 200 243
116.224.253.72 - - [27/Apr/2021:09:20:27 +0800] "GET /xingrg/all/common/auto_word.html?type=employee&rest_code=00151 HTTP/1.1" 200 243
116.224.253.72 - - [27/Apr/2021:09:20:27 +0800] "GET /xingrg/javascript/easyui/themes/default/validatebox.css HTTP/1.1" 404 1104
116.224.253.72 - - [27/Apr/2021:09:20:28 +0800] "POST /xingrg/kc/buy/cgsh_order_operate.html HTTP/1.1" 200 6858
116.233.76.188 - - [27/Apr/2021:09:20:28 +0800] "GET /xingrg/kc/buy/cgsh_order_operate.html?command=get_materiel&rest_code=00109&code=00101008092&supplier_code=00100005&order_time=2021-04-27 HTTP/1.1" 200 412
116.224.253.72 - - [27/Apr/2021:09:20:28 +0800] "GET /xingrg/all/function/internal_message.html?_=1619486426404&CODE_STATE=getMsg HTTP/1.1" 200 27
114.83.219.183 - - [27/Apr/2021:09:20:30 +0800] "GET /xingrg/all/function/internal_message.html?_=1619486427300&CODE_STATE=getMsg HTTP/1.1" 200 27
114.88.160.164 - - [27/Apr/2021:09:20:30 +0800] "GET /xingrg/all/function/internal_message.html?_=1619486426614&CODE_STATE=getMsg HTTP/1.1" 200 27
116.230.110.80 - - [27/Apr/2021:09:20:32 +0800] "GET /xingrg/all/function/internal_message.html?_=1619486428857&CODE_STATE=getMsg HTTP/1.1" 200 27
116.230.114.112 - - [27/Apr/2021:09:20:34 +0800] "GET /xingrg/all/function/internal_message.html?_=1619486437874&CODE_STATE=getMsg HTTP/1.1" 200 27
116.233.76.188 - - [27/Apr/2021:09:20:36 +0800] "GET /xingrg/kc/buy/cgsh_order_operate.html?command=get_materiel&rest_code=00109&code=00101008350&supplier_code=00100005&order_time=2021-04-27 HTTP/1.1" 200 408
114.83.219.183 - - [27/Apr/2021:09:20:37 +0800] "GET /xingrg/kc/buy/cgsh_order_operate.html?command=get_materiel&rest_code=00149&code=00101001010&supplier_code=00100039&order_time=2021-04-27 HTTP/1.1" 200 409
116.233.76.188 - - [27/Apr/2021:09:20:39 +0800] "POST /xingrg/kc/buy/cgsh_order_operate.html HTTP/1.1" 200 2065
117.185.32.26 - - [27/Apr/2021:09:20:47 +0800] "GET /xingrg/all/function/internal_message.html?_=1619486443609&CODE_STATE=getMsg HTTP/1.1" 200 27
116.224.253.72 - - [27/Apr/2021:09:20:51 +0800] "POST /xingrg/kc/buy/cgsh_order_operate.html HTTP/1.1" 200 37
180.169.147.146 - - [27/Apr/2021:09:20:52 +0800] "GET /xingrg/all/function/internal_message.html?_=1619486447988&CODE_STATE=getMsg HTTP/1.1" 200 27
116.233.76.188 - - [27/Apr/2021:09:20:53 +0800] "POST /xingrg/kc/buy/cgsh_order_operate.html HTTP/1.1" 200 37
116.224.253.72 - - [27/Apr/2021:09:20:53 +0800] "POST /xingrg/kc/buy/cgsh_order_operate.html HTTP/1.1" 200 6859
58.37.228.113 - - [27/Apr/2021:09:20:54 +0800] "GET /xingrg/all/function/internal_message.html?_=1619486429387&CODE_STATE=getMsg HTTP/1.1" 200 27
116.233.76.188 - - [27/Apr/2021:09:20:54 +0800] "POST /xingrg/kc/buy/cgsh_order_operate.html HTTP/1.1" 200 39902
116.233.76.188 - - [27/Apr/2021:09:20:55 +0800] "GET /xingrg/kc/print/load_config.html?kc_code=cgsh HTTP/1.1" 200 1845
116.233.76.188 - - [27/Apr/2021:09:20:56 +0800] "GET /xingrg/kc/print/load_data.html?order_code=212021042711424&kc_code=cgsh&condition= HTTP/1.1" 200 14769
116.224.253.72 - - [27/Apr/2021:09:20:58 +0800] "POST /xingrg/kc/buy/cgsh_list_operate.html HTTP/1.1" 200 567
116.224.253.72 - - [27/Apr/2021:09:20:58 +0800] "GET /xingrg/kc/buy/cgsh_order_info.html?code=212021042711405 HTTP/1.1" 200 61937
116.224.253.72 - - [27/Apr/2021:09:20:59 +0800] "GET /xingrg/javascript/easyui/themes/default/validatebox.css HTTP/1.1" 404 1104
114.83.219.183 - - [27/Apr/2021:09:20:59 +0800] "POST /xingrg/kc/buy/cgsh_order_operate.html HTTP/1.1" 200 37
116.224.253.72 - - [27/Apr/2021:09:20:59 +0800] "POST /xingrg/kc/buy/cgsh_order_operate.html HTTP/1.1" 200 19995
114.83.219.183 - - [27/Apr/2021:09:21:02 +0800] "POST /xingrg/kc/buy/cgsh_order_operate.html HTTP/1.1" 200 12
114.83.219.183 - - [27/Apr/2021:09:21:03 +0800] "GET /xingrg/kc/buy/cgsh_order_info.html?code=212021042711425 HTTP/1.1" 200 57241
114.83.219.183 - - [27/Apr/2021:09:21:03 +0800] "GET /xingrg/javascript/easyui/themes/default/validatebox.css HTTP/1.1" 404 1104
114.83.219.183 - - [27/Apr/2021:09:21:04 +0800] "POST /xingrg/kc/buy/cgsh_order_operate.html HTTP/1.1" 200 1789
124.77.71.179 - - [27/Apr/2021:09:21:04 +0800] "GET /xingrg/all/function/internal_message.html?_=1619486458879&CODE_STATE=getMsg HTTP/1.1" 200 27
114.83.219.183 - - [27/Apr/2021:09:21:06 +0800] "GET /xingrg/kc/print/load_data.html?order_code=212021042711425&kc_code=cgsh&condition= HTTP/1.1" 200 1168
114.88.160.164 - - [27/Apr/2021:09:21:08 +0800] "GET /xingrg/kc/print/load_config.html?kc_code=cgsh HTTP/1.1" 200 1845
114.88.160.164 - - [27/Apr/2021:09:21:08 +0800] "GET /xingrg/kc/print/load_data.html?order_code=212021042711423&kc_code=cgsh&condition= HTTP/1.1" 200 1406
58.40.7.146 - - [27/Apr/2021:09:21:10 +0800] "GET /xingrg/all/function/internal_message.html?_=1619486466794&CODE_STATE=getMsg HTTP/1.1" 200 27
180.161.124.236 - - [27/Apr/2021:09:21:10 +0800] "GET /xingrg/all/function/internal_message.html?_=1619486749167&CODE_STATE=getMsg HTTP/1.1" 200 27
114.83.219.183 - - [27/Apr/2021:09:21:12 +0800] "GET /xingrg/kc/buy/cgsh_order_add.html HTTP/1.1" 200 62339
114.83.219.183 - - [27/Apr/2021:09:21:13 +0800] "POST /xingrg/kc/buy/cgsh_order_operate.html HTTP/1.1" 200 8245
114.83.219.183 - - [27/Apr/2021:09:21:13 +0800] "GET /xingrg/javascript/easyui/themes/default/validatebox.css HTTP/1.1" 404 1104
58.40.7.146 - - [27/Apr/2021:09:21:14 +0800] "GET /xingrg/all/function/internal_message.html?_=1619486470948&CODE_STATE=getMsg HTTP/1.1" 200 27
58.221.95.50 - - [27/Apr/2021:09:21:14 +0800] "GET /xingrg/check_reg.html?_=1619486474494 HTTP/1.1" 302 -
116.233.76.188 - - [27/Apr/2021:09:21:16 +0800] "GET /xingrg/all/function/internal_message.html?_=1619486473094&CODE_STATE=getMsg HTTP/1.1" 200 27
116.224.253.72 - - [27/Apr/2021:09:21:17 +0800] "GET /xingrg/all/function/internal_message.html?_=1619486479121&CODE_STATE=getMsg HTTP/1.1" 200 27
61.165.42.208 - - [27/Apr/2021:09:21:19 +0800] "GET /xingrg/all/function/internal_message.html?_=1619486475971&CODE_STATE=getMsg HTTP/1.1" 200 27
180.169.147.146 - - [27/Apr/2021:09:21:22 +0800] "GET /xingrg/all/function/internal_message.html?_=1619486481090&CODE_STATE=getMsg HTTP/1.1" 200 27
116.224.253.72 - - [27/Apr/2021:09:21:28 +0800] "GET /xingrg/all/function/internal_message.html?_=1619486486387&CODE_STATE=getMsg HTTP/1.1" 200 27
114.83.219.183 - - [27/Apr/2021:09:21:30 +0800] "GET /xingrg/all/function/internal_message.html?_=1619486487303&CODE_STATE=getMsg HTTP/1.1" 200 27
114.88.160.164 - - [27/Apr/2021:09:21:30 +0800] "GET /xingrg/all/function/internal_message.html?_=1619486486659&CODE_STATE=getMsg HTTP/1.1" 200 27
116.230.110.80 - - [27/Apr/2021:09:21:32 +0800] "GET /xingrg/all/function/internal_message.html?_=1619486488858&CODE_STATE=getMsg HTTP/1.1" 200 27
114.83.219.183 - - [27/Apr/2021:09:21:33 +0800] "GET /xingrg/kc/buy/cgsh_order_operate.html?command=get_materiel&rest_code=00149&code=00101004033&supplier_code=00100083&order_time=2021-04-27 HTTP/1.1" 200 439
116.230.114.112 - - [27/Apr/2021:09:21:34 +0800] "GET /xingrg/all/function/internal_message.html?_=1619486497888&CODE_STATE=getMsg HTTP/1.1" 200 27
114.88.160.164 - - [27/Apr/2021:09:21:35 +0800] "GET /xingrg/kc/buy/cgsh_order_add.html HTTP/1.1" 200 62286
114.88.160.164 - - [27/Apr/2021:09:21:35 +0800] "POST /xingrg/kc/buy/cgsh_order_operate.html HTTP/1.1" 200 8245
114.88.160.164 - - [27/Apr/2021:09:21:35 +0800] "GET /xingrg/javascript/easyui/themes/default/validatebox.css HTTP/1.1" 404 1104
114.83.219.183 - - [27/Apr/2021:09:21:42 +0800] "GET /xingrg/kc/buy/cgsh_order_operate.html?command=get_materiel&rest_code=00149&code=00101004013&supplier_code=00100083&order_time=2021-04-27 HTTP/1.1" 200 415
116.233.76.188 - - [27/Apr/2021:09:21:43 +0800] "GET /xingrg/kc/buy/cgsh_order_add.html HTTP/1.1" 200 62327
116.233.76.188 - - [27/Apr/2021:09:21:43 +0800] "POST /xingrg/kc/buy/cgsh_order_operate.html HTTP/1.1" 200 8245
116.233.76.188 - - [27/Apr/2021:09:21:43 +0800] "GET /xingrg/all/common/auto_word.html?type=employee&rest_code=00109 HTTP/1.1" 200 205
116.233.76.188 - - [27/Apr/2021:09:21:43 +0800] "GET /xingrg/all/common/auto_word.html?type=employee&rest_code=00109 HTTP/1.1" 200 205
116.233.76.188 - - [27/Apr/2021:09:21:43 +0800] "GET /xingrg/javascript/easyui/themes/default/validatebox.css HTTP/1.1" 404 1104
117.185.32.26 - - [27/Apr/2021:09:21:47 +0800] "GET /xingrg/all/function/internal_message.html?_=1619486503612&CODE_STATE=getMsg HTTP/1.1" 200 27
114.83.219.183 - - [27/Apr/2021:09:21:50 +0800] "GET /xingrg/kc/buy/cgsh_order_operate.html?command=get_materiel&rest_code=00149&code=00101004103&supplier_code=00100083&order_time=2021-04-27 HTTP/1.1" 200 399
116.233.76.188 - - [27/Apr/2021:09:21:50 +0800] "GET /xingrg/kc/buy/cgsh_order_operate.html?command=get_materiel&rest_code=00109&code=00101007075&supplier_code=00100004&order_time=2021-04-27 HTTP/1.1" 200 408
114.88.160.164 - - [27/Apr/2021:09:21:51 +0800] "GET /xingrg/kc/buy/cgsh_order_operate.html?command=get_materiel&rest_code=00111&code=00101006111&supplier_code=00100012&order_time=2021-04-27 HTTP/1.1" 200 409
180.169.147.146 - - [27/Apr/2021:09:21:52 +0800] "GET /xingrg/all/function/internal_message.html?_=1619486507987&CODE_STATE=getMsg HTTP/1.1" 200 27
58.37.228.113 - - [27/Apr/2021:09:21:54 +0800] "GET /xingrg/all/function/internal_message.html?_=1619486489369&CODE_STATE=getMsg HTTP/1.1" 200 27
116.224.253.72 - - [27/Apr/2021:09:21:55 +0800] "POST /xingrg/kc/buy/cgsh_order_operate.html HTTP/1.1" 200 37
116.224.253.72 - - [27/Apr/2021:09:21:57 +0800] "POST /xingrg/kc/buy/cgsh_order_operate.html HTTP/1.1" 200 19996
116.233.76.188 - - [27/Apr/2021:09:21:57 +0800] "GET /xingrg/kc/buy/cgsh_order_operate.html?command=get_materiel&rest_code=00109&code=00101007081&supplier_code=00100004&order_time=2021-04-27 HTTP/1.1" 200 413
114.83.219.183 - - [27/Apr/2021:09:22:01 +0800] "POST /xingrg/kc/buy/cgsh_order_operate.html HTTP/1.1" 200 37
114.88.160.164 - - [27/Apr/2021:09:22:03 +0800] "GET /xingrg/kc/buy/cgsh_order_operate.html?command=get_materiel&rest_code=00111&code=00101007060&supplier_code=00100012&order_time=2021-04-27 HTTP/1.1" 200 409
124.77.71.179 - - [27/Apr/2021:09:22:04 +0800] "GET /xingrg/all/function/internal_message.html?_=1619486518877&CODE_STATE=getMsg HTTP/1.1" 200 27
124.77.71.179 - - [27/Apr/2021:09:22:04 +0800] "GET /xingrg/check_reg.html?_=1619486518880 HTTP/1.1" 200 22
116.233.76.188 - - [27/Apr/2021:09:22:06 +0800] "POST /xingrg/kc/buy/cgsh_order_operate.html HTTP/1.1" 200 37
61.165.42.208 - - [27/Apr/2021:09:22:08 +0800] "GET /xingrg/kc/buy/cgsh_order_add.html HTTP/1.1" 200 62333
61.165.42.208 - - [27/Apr/2021:09:22:08 +0800] "GET /xingrg/javascript/easyui/themes/default/validatebox.css HTTP/1.1" 404 1104
61.165.42.208 - - [27/Apr/2021:09:22:08 +0800] "POST /xingrg/kc/buy/cgsh_order_operate.html HTTP/1.1" 200 8245
114.88.160.164 - - [27/Apr/2021:09:22:09 +0800] "GET /xingrg/kc/buy/cgsh_order_operate.html?command=get_materiel&rest_code=00111&code=00101006065&supplier_code=00100012&order_time=2021-04-27 HTTP/1.1" 200 409
58.40.7.146 - - [27/Apr/2021:09:22:10 +0800] "GET /xingrg/check_reg.html?_=1619486526781 HTTP/1.1" 200 22
58.40.7.146 - - [27/Apr/2021:09:22:10 +0800] "GET /xingrg/all/function/internal_message.html?_=1619486526783&CODE_STATE=getMsg HTTP/1.1" 200 27
180.161.124.236 - - [27/Apr/2021:09:22:10 +0800] "GET /xingrg/all/function/internal_message.html?_=1619486809179&CODE_STATE=getMsg HTTP/1.1" 200 27
116.233.76.188 - - [27/Apr/2021:09:22:12 +0800] "POST /xingrg/kc/buy/cgsh_order_operate.html HTTP/1.1" 200 3244
114.83.219.183 - - [27/Apr/2021:09:22:13 +0800] "POST /xingrg/kc/buy/cgsh_order_operate.html HTTP/1.1" 200 12
116.233.76.188 - - [27/Apr/2021:09:22:13 +0800] "GET /xingrg/kc/print/load_config.html?kc_code=cgsh HTTP/1.1" 200 1845
116.233.76.188 - - [27/Apr/2021:09:22:14 +0800] "GET /xingrg/kc/print/load_data.html?order_code=212021042711427&kc_code=cgsh&condition= HTTP/1.1" 200 938
58.40.7.146 - - [27/Apr/2021:09:22:14 +0800] "GET /xingrg/all/function/internal_message.html?_=1619486530951&CODE_STATE=getMsg HTTP/1.1" 200 27
114.83.219.183 - - [27/Apr/2021:09:22:14 +0800] "GET /xingrg/kc/buy/cgsh_order_info.html?code=212021042711426 HTTP/1.1" 200 57239
114.83.219.183 - - [27/Apr/2021:09:22:15 +0800] "GET /xingrg/javascript/easyui/themes/default/validatebox.css HTTP/1.1" 404 1104
114.83.219.183 - - [27/Apr/2021:09:22:15 +0800] "POST /xingrg/kc/buy/cgsh_order_operate.html HTTP/1.1" 200 1824
116.233.76.188 - - [27/Apr/2021:09:22:16 +0800] "GET /xingrg/all/function/internal_message.html?_=1619486533094&CODE_STATE=getMsg HTTP/1.1" 200 27
114.83.219.183 - - [27/Apr/2021:09:22:16 +0800] "GET /xingrg/kc/print/load_data.html?order_code=212021042711426&kc_code=cgsh&condition= HTTP/1.1" 200 1203
116.233.76.188 - - [27/Apr/2021:09:22:17 +0800] "GET /xingrg/kc/buy/cgsh_order_add.html HTTP/1.1" 200 62327
116.233.76.188 - - [27/Apr/2021:09:22:17 +0800] "POST /xingrg/kc/buy/cgsh_order_operate.html HTTP/1.1" 200 8245
116.233.76.188 - - [27/Apr/2021:09:22:17 +0800] "GET /xingrg/all/common/auto_word.html?type=employee&rest_code=00109 HTTP/1.1" 200 205
116.233.76.188 - - [27/Apr/2021:09:22:17 +0800] "GET /xingrg/all/common/auto_word.html?type=employee&rest_code=00109 HTTP/1.1" 200 205
116.233.76.188 - - [27/Apr/2021:09:22:17 +0800] "GET /xingrg/javascript/easyui/themes/default/validatebox.css HTTP/1.1" 404 1104
116.224.253.72 - - [27/Apr/2021:09:22:17 +0800] "GET /xingrg/all/function/internal_message.html?_=1619486539134&CODE_STATE=getMsg HTTP/1.1" 200 27
61.165.42.208 - - [27/Apr/2021:09:22:19 +0800] "GET /xingrg/all/function/internal_message.html?_=1619486535987&CODE_STATE=getMsg HTTP/1.1" 200 27
114.88.160.164 - - [27/Apr/2021:09:22:20 +0800] "GET /xingrg/kc/buy/cgsh_order_operate.html?command=get_materiel&rest_code=00111&code=00101006109&supplier_code=00100012&order_time=2021-04-27 HTTP/1.1" 200 409
180.169.147.146 - - [27/Apr/2021:09:22:22 +0800] "GET /xingrg/all/function/internal_message.html?_=1619486541097&CODE_STATE=getMsg HTTP/1.1" 200 27
180.169.147.146 - - [27/Apr/2021:09:22:22 +0800] "GET /xingrg/check_reg.html?_=1619486541100 HTTP/1.1" 200 22
114.83.219.183 - - [27/Apr/2021:09:22:26 +0800] "GET /xingrg/kc/buy/cgsh_order_add.html HTTP/1.1" 200 62339
114.83.219.183 - - [27/Apr/2021:09:22:26 +0800] "POST /xingrg/kc/buy/cgsh_order_operate.html HTTP/1.1" 200 8245
114.83.219.183 - - [27/Apr/2021:09:22:26 +0800] "GET /xingrg/javascript/easyui/themes/default/validatebox.css HTTP/1.1" 404 1104
116.233.76.188 - - [27/Apr/2021:09:22:28 +0800] "GET /xingrg/kc/buy/cgsh_order_operate.html?command=get_materiel&rest_code=00109&code=00101006109&supplier_code=00100015&order_time=2021-04-27 HTTP/1.1" 200 409
116.224.253.72 - - [27/Apr/2021:09:22:28 +0800] "GET /xingrg/all/function/internal_message.html?_=1619486546397&CODE_STATE=getMsg HTTP/1.1" 200 27
114.88.160.164 - - [27/Apr/2021:09:22:30 +0800] "GET /xingrg/check_reg.html?_=1619486546579 HTTP/1.1" 200 22
114.83.219.183 - - [27/Apr/2021:09:22:30 +0800] "GET /xingrg/all/function/internal_message.html?_=1619486547320&CODE_STATE=getMsg HTTP/1.1" 200 27
114.83.219.183 - - [27/Apr/2021:09:22:30 +0800] "GET /xingrg/check_reg.html?_=1619486547324 HTTP/1.1" 200 22
114.88.160.164 - - [27/Apr/2021:09:22:30 +0800] "GET /xingrg/all/function/internal_message.html?_=1619486546672&CODE_STATE=getMsg HTTP/1.1" 200 27
114.88.160.164 - - [27/Apr/2021:09:22:31 +0800] "GET /xingrg/kc/buy/cgsh_order_operate.html?command=get_materiel&rest_code=00111&code=00101006133&supplier_code=00100012&order_time=2021-04-27 HTTP/1.1" 200 413
116.230.110.80 - - [27/Apr/2021:09:22:32 +0800] "GET /xingrg/all/function/internal_message.html?_=1619486548844&CODE_STATE=getMsg HTTP/1.1" 200 27
61.165.42.208 - - [27/Apr/2021:09:22:33 +0800] "GET /xingrg/kc/buy/cgsh_order_operate.html?command=get_materiel&rest_code=00105&code=00101002027&supplier_code=00100397&order_time=2021-04-27 HTTP/1.1" 200 413
116.233.76.188 - - [27/Apr/2021:09:22:33 +0800] "GET /xingrg/kc/buy/cgsh_order_operate.html?command=get_materiel&rest_code=00109&code=00101006056&supplier_code=00100015&order_time=2021-04-27 HTTP/1.1" 200 413
116.230.114.112 - - [27/Apr/2021:09:22:34 +0800] "GET /xingrg/all/function/internal_message.html?_=1619486557902&CODE_STATE=getMsg HTTP/1.1" 200 27
116.233.76.188 - - [27/Apr/2021:09:22:39 +0800] "GET /xingrg/kc/buy/cgsh_order_operate.html?command=get_materiel&rest_code=00109&code=00101006130&supplier_code=00100015&order_time=2021-04-27 HTTP/1.1" 200 427
116.230.114.112 - - [27/Apr/2021:09:22:39 +0800] "GET /xingrg/kc/buy/cgsh_order_operate.html?command=get_materiel&rest_code=00146&code=00101008353&supplier_code=00100005&order_time=2021-04-27 HTTP/1.1" 200 408
61.165.42.208 - - [27/Apr/2021:09:22:42 +0800] "GET /xingrg/kc/buy/cgsh_order_operate.html?command=get_materiel&rest_code=00105&code=00101002022&supplier_code=00100397&order_time=2021-04-27 HTTP/1.1" 200 429
114.88.160.164 - - [27/Apr/2021:09:22:43 +0800] "GET /xingrg/kc/buy/cgsh_order_operate.html?command=get_materiel&rest_code=00111&code=00101006113&supplier_code=00100012&order_time=2021-04-27 HTTP/1.1" 200 413
116.233.76.188 - - [27/Apr/2021:09:22:46 +0800] "GET /xingrg/kc/buy/cgsh_order_operate.html?command=get_materiel&rest_code=00109&code=00101006130&supplier_code=00100015&order_time=2021-04-27 HTTP/1.1" 200 427
117.185.32.26 - - [27/Apr/2021:09:22:47 +0800] "GET /xingrg/all/function/internal_message.html?_=1619486563636&CODE_STATE=getMsg HTTP/1.1" 200 27
116.230.114.112 - - [27/Apr/2021:09:22:52 +0800] "GET /xingrg/kc/buy/cgsh_order_operate.html?command=get_materiel&rest_code=00146&code=00101015068&supplier_code=00100005&order_time=2021-04-27 HTTP/1.1" 200 412
116.233.76.188 - - [27/Apr/2021:09:22:52 +0800] "GET /xingrg/kc/buy/cgsh_order_operate.html?command=get_materiel&rest_code=00109&code=00101006058&supplier_code=00100015&order_time=2021-04-27 HTTP/1.1" 200 413
180.169.147.146 - - [27/Apr/2021:09:22:52 +0800] "GET /xingrg/all/function/internal_message.html?_=1619486567986&CODE_STATE=getMsg HTTP/1.1" 200 27
58.37.228.113 - - [27/Apr/2021:09:22:54 +0800] "GET /xingrg/all/function/internal_message.html?_=1619486549337&CODE_STATE=getMsg HTTP/1.1" 200 27
116.230.114.112 - - [27/Apr/2021:09:22:55 +0800] "POST /xingrg/kc/buy/cgsh_order_operate.html HTTP/1.1" 200 2065
114.88.160.164 - - [27/Apr/2021:09:22:57 +0800] "GET /xingrg/kc/buy/cgsh_order_operate.html?command=get_materiel&rest_code=00111&code=00101006055&supplier_code=00100012&order_time=2021-04-27 HTTP/1.1" 200 409
116.233.76.188 - - [27/Apr/2021:09:22:57 +0800] "GET /xingrg/kc/buy/cgsh_order_operate.html?command=get_materiel&rest_code=00109&code=00101006057&supplier_code=00100015&order_time=2021-04-27 HTTP/1.1" 200 413
124.77.71.179 - - [27/Apr/2021:09:23:01 +0800] "POST /xingrg/services/DataTransmitService HTTP/1.1" 200 524
116.230.114.112 - - [27/Apr/2021:09:23:01 +0800] "GET /xingrg/kc/buy/cgsh_order_operate.html?command=get_materiel&rest_code=00146&code=00101015070&supplier_code=00100005&order_time=2021-04-27 HTTP/1.1" 200 412
124.77.71.179 - - [27/Apr/2021:09:23:04 +0800] "GET /xingrg/all/function/internal_message.html?_=1619486578879&CODE_STATE=getMsg HTTP/1.1" 200 27
114.83.219.183 - - [27/Apr/2021:09:23:04 +0800] "GET /xingrg/kc/buy/cgsh_order_operate.html?command=get_materiel&rest_code=00149&code=00101007055&supplier_code=00100205&order_time=2021-04-27 HTTP/1.1" 200 409
61.165.42.208 - - [27/Apr/2021:09:23:09 +0800] "GET /xingrg/kc/buy/cgsh_order_operate.html?command=get_materiel&rest_code=00105&code=00101001010&supplier_code=00100397&order_time=2021-04-27 HTTP/1.1" 200 409
58.40.7.146 - - [27/Apr/2021:09:23:10 +0800] "GET /xingrg/all/function/internal_message.html?_=1619486586784&CODE_STATE=getMsg HTTP/1.1" 200 27
116.233.76.188 - - [27/Apr/2021:09:23:10 +0800] "GET /xingrg/kc/buy/cgsh_order_operate.html?command=get_materiel&rest_code=00109&code=00101006127&supplier_code=00100015&order_time=2021-04-27 HTTP/1.1" 200 423
180.161.124.236 - - [27/Apr/2021:09:23:10 +0800] "GET /xingrg/all/function/internal_message.html?_=1619486869196&CODE_STATE=getMsg HTTP/1.1" 200 27
116.230.114.112 - - [27/Apr/2021:09:23:11 +0800] "GET /xingrg/kc/buy/cgsh_order_operate.html?command=get_materiel&rest_code=00146&code=00101008092&supplier_code=00100005&order_time=2021-04-27 HTTP/1.1" 200 412
114.88.160.164 - - [27/Apr/2021:09:23:11 +0800] "GET /xingrg/kc/buy/cgsh_order_operate.html?command=get_materiel&rest_code=00111&code=00101006056&supplier_code=00100012&order_time=2021-04-27 HTTP/1.1" 200 413
58.40.7.146 - - [27/Apr/2021:09:23:14 +0800] "GET /xingrg/all/function/internal_message.html?_=1619486590954&CODE_STATE=getMsg HTTP/1.1" 200 27
116.233.76.188 - - [27/Apr/2021:09:23:15 +0800] "GET /xingrg/kc/buy/cgsh_order_operate.html?command=get_materiel&rest_code=00109&code=00101006109&supplier_code=00100015&order_time=2021-04-27 HTTP/1.1" 200 409
116.230.110.80 - - [27/Apr/2021:09:23:16 +0800] "GET /xingrg/kc/buy/cgsh_order_add.html HTTP/1.1" 200 62254
116.230.110.80 - - [27/Apr/2021:09:23:16 +0800] "POST /xingrg/kc/buy/cgsh_order_operate.html HTTP/1.1" 200 8245
116.233.76.188 - - [27/Apr/2021:09:23:16 +0800] "GET /xingrg/all/function/internal_message.html?_=1619486593096&CODE_STATE=getMsg HTTP/1.1" 200 27
116.233.76.188 - - [27/Apr/2021:09:23:16 +0800] "GET /xingrg/check_reg.html?_=1619486593100 HTTP/1.1" 200 22
116.230.110.80 - - [27/Apr/2021:09:23:16 +0800] "GET /xingrg/javascript/easyui/themes/default/validatebox.css HTTP/1.1" 404 1104
116.224.253.72 - - [27/Apr/2021:09:23:17 +0800] "GET /xingrg/all/function/internal_message.html?_=1619486599155&CODE_STATE=getMsg HTTP/1.1" 200 27
114.83.219.183 - - [27/Apr/2021:09:23:19 +0800] "GET /xingrg/kc/buy/cgsh_order_operate.html?command=get_materiel&rest_code=00149&code=00101007061&supplier_code=00100205&order_time=2021-04-27 HTTP/1.1" 200 409
61.165.42.208 - - [27/Apr/2021:09:23:19 +0800] "GET /xingrg/all/function/internal_message.html?_=1619486595987&CODE_STATE=getMsg HTTP/1.1" 200 27
180.169.147.146 - - [27/Apr/2021:09:23:22 +0800] "GET /xingrg/all/function/internal_message.html?_=1619486601100&CODE_STATE=getMsg HTTP/1.1" 200 27
114.88.160.164 - - [27/Apr/2021:09:23:24 +0800] "POST /xingrg/kc/buy/cgsh_order_operate.html HTTP/1.1" 200 37
116.233.76.188 - - [27/Apr/2021:09:23:25 +0800] "GET /xingrg/kc/buy/cgsh_order_operate.html?command=get_materiel&rest_code=00109&code=00101006177&supplier_code=00100015&order_time=2021-04-27 HTTP/1.1" 200 409
116.230.114.112 - - [27/Apr/2021:09:23:25 +0800] "GET /xingrg/kc/buy/cgsh_order_operate.html?command=get_materiel&rest_code=00146&code=00101008283&supplier_code=00100005&order_time=2021-04-27 HTTP/1.1" 200 408
114.88.160.164 - - [27/Apr/2021:09:23:27 +0800] "POST /xingrg/kc/buy/cgsh_order_operate.html HTTP/1.1" 200 6203
116.224.253.72 - - [27/Apr/2021:09:23:29 +0800] "GET /xingrg/all/function/internal_message.html?_=1619486606412&CODE_STATE=getMsg HTTP/1.1" 200 27
116.224.253.72 - - [27/Apr/2021:09:23:29 +0800] "GET /xingrg/check_reg.html?_=1619486606418 HTTP/1.1" 200 22
114.88.160.164 - - [27/Apr/2021:09:23:29 +0800] "GET /xingrg/kc/print/load_data.html?order_code=212021042711428&kc_code=cgsh&condition= HTTP/1.1" 200 2109
114.83.219.183 - - [27/Apr/2021:09:23:30 +0800] "GET /xingrg/kc/buy/cgsh_order_operate.html?command=get_materiel&rest_code=00149&code=00101007059&supplier_code=00100205&order_time=2021-04-27 HTTP/1.1" 200 409
114.83.219.183 - - [27/Apr/2021:09:23:30 +0800] "GET /xingrg/all/function/internal_message.html?_=1619486607314&CODE_STATE=getMsg HTTP/1.1" 200 27
114.88.160.164 - - [27/Apr/2021:09:23:30 +0800] "GET /xingrg/all/function/internal_message.html?_=1619486606687&CODE_STATE=getMsg HTTP/1.1" 200 27
116.230.110.80 - - [27/Apr/2021:09:23:32 +0800] "GET /xingrg/all/function/internal_message.html?_=1619486608848&CODE_STATE=getMsg HTTP/1.1" 200 27
116.230.110.80 - - [27/Apr/2021:09:23:32 +0800] "GET /xingrg/check_reg.html?_=1619486608851 HTTP/1.1" 200 22
116.233.76.188 - - [27/Apr/2021:09:23:32 +0800] "GET /xingrg/kc/buy/cgsh_order_operate.html?command=get_materiel&rest_code=00109&code=00101010248&supplier_code=00100015&order_time=2021-04-27 HTTP/1.1" 200 430
116.230.114.112 - - [27/Apr/2021:09:23:34 +0800] "GET /xingrg/all/function/internal_message.html?_=1619486617915&CODE_STATE=getMsg HTTP/1.1" 200 27
114.88.160.164 - - [27/Apr/2021:09:23:34 +0800] "GET /xingrg/kc/buy/cgsh_order_add.html HTTP/1.1" 200 62286
114.88.160.164 - - [27/Apr/2021:09:23:35 +0800] "POST /xingrg/kc/buy/cgsh_order_operate.html HTTP/1.1" 200 8245
114.88.160.164 - - [27/Apr/2021:09:23:35 +0800] "GET /xingrg/javascript/easyui/themes/default/validatebox.css HTTP/1.1" 404 1104
61.165.42.208 - - [27/Apr/2021:09:23:37 +0800] "POST /xingrg/kc/buy/cgsh_order_operate.html HTTP/1.1" 200 37
116.230.114.112 - - [27/Apr/2021:09:23:37 +0800] "GET /xingrg/kc/buy/cgsh_order_operate.html?command=get_materiel&rest_code=00146&code=00101008175&supplier_code=00100005&order_time=2021-04-27 HTTP/1.1" 200 412
114.83.219.183 - - [27/Apr/2021:09:23:39 +0800] "POST /xingrg/kc/buy/cgsh_order_operate.html HTTP/1.1" 200 37
116.233.76.188 - - [27/Apr/2021:09:23:39 +0800] "GET /xingrg/kc/buy/cgsh_order_operate.html?command=get_materiel&rest_code=00109&code=00101006144&supplier_code=00100015&order_time=2021-04-27 HTTP/1.1" 200 409
61.165.42.208 - - [27/Apr/2021:09:23:39 +0800] "POST /xingrg/kc/buy/cgsh_order_operate.html HTTP/1.1" 200 5611
116.233.76.188 - - [27/Apr/2021:09:23:45 +0800] "GET /xingrg/kc/buy/cgsh_order_operate.html?command=get_materiel&rest_code=00109&code=00101006177&supplier_code=00100015&order_time=2021-04-27 HTTP/1.1" 200 409
114.83.219.183 - - [27/Apr/2021:09:23:45 +0800] "POST /xingrg/kc/buy/cgsh_order_operate.html HTTP/1.1" 200 12
117.185.32.26 - - [27/Apr/2021:09:23:47 +0800] "GET /xingrg/all/function/internal_message.html?_=1619486623636&CODE_STATE=getMsg HTTP/1.1" 200 27
117.185.32.26 - - [27/Apr/2021:09:23:47 +0800] "GET /xingrg/check_reg.html?_=1619486623638 HTTP/1.1" 200 22
114.83.219.183 - - [27/Apr/2021:09:23:51 +0800] "GET /xingrg/kc/buy/cgsh_order_info.html?code=212021042711430 HTTP/1.1" 200 57239
114.83.219.183 - - [27/Apr/2021:09:23:51 +0800] "GET /xingrg/javascript/easyui/themes/default/validatebox.css HTTP/1.1" 404 1104
114.83.219.183 - - [27/Apr/2021:09:23:52 +0800] "POST /xingrg/kc/buy/cgsh_order_operate.html HTTP/1.1" 200 1784
180.169.147.146 - - [27/Apr/2021:09:23:52 +0800] "GET /xingrg/all/function/internal_message.html?_=1619486628014&CODE_STATE=getMsg HTTP/1.1" 200 27
180.169.147.146 - - [27/Apr/2021:09:23:52 +0800] "GET /xingrg/check_reg.html?_=1619486628015 HTTP/1.1" 200 22
58.37.228.113 - - [27/Apr/2021:09:23:54 +0800] "GET /xingrg/all/function/internal_message.html?_=1619486609315&CODE_STATE=getMsg HTTP/1.1" 200 27
114.83.219.183 - - [27/Apr/2021:09:23:57 +0800] "GET /xingrg/kc/print/load_data.html?order_code=212021042711430&kc_code=cgsh&condition= HTTP/1.1" 200 1141
116.230.114.112 - - [27/Apr/2021:09:23:58 +0800] "GET /xingrg/check_reg.html?_=1619486641258 HTTP/1.1" 200 22
116.230.114.112 - - [27/Apr/2021:09:23:58 +0800] "POST /xingrg/kc/buy/cgsh_order_operate.html HTTP/1.1" 200 2065
114.83.219.183 - - [27/Apr/2021:09:24:01 +0800] "GET /xingrg/kc/buy/cgsh_order_add.html HTTP/1.1" 200 62339
114.83.219.183 - - [27/Apr/2021:09:24:01 +0800] "POST /xingrg/kc/buy/cgsh_order_operate.html HTTP/1.1" 200 8245
114.83.219.183 - - [27/Apr/2021:09:24:01 +0800] "GET /xingrg/javascript/easyui/themes/default/validatebox.css HTTP/1.1" 404 1104
116.233.76.188 - - [27/Apr/2021:09:24:01 +0800] "POST /xingrg/kc/buy/cgsh_order_operate.html HTTP/1.1" 200 37
114.88.160.164 - - [27/Apr/2021:09:24:01 +0800] "GET /xingrg/kc/buy/cgsh_order_operate.html?command=get_materiel&rest_code=00111&code=00101016030&supplier_code=00100037&order_time=2021-04-27 HTTP/1.1" 200 412
116.233.76.188 - - [27/Apr/2021:09:24:03 +0800] "POST /xingrg/kc/buy/cgsh_order_operate.html HTTP/1.1" 200 9233
116.233.76.188 - - [27/Apr/2021:09:24:04 +0800] "GET /xingrg/kc/print/load_config.html?kc_code=cgsh HTTP/1.1" 200 1845
116.233.76.188 - - [27/Apr/2021:09:24:04 +0800] "GET /xingrg/kc/print/load_data.html?order_code=212021042711431&kc_code=cgsh&condition= HTTP/1.1" 200 3274
124.77.71.179 - - [27/Apr/2021:09:24:04 +0800] "GET /xingrg/all/function/internal_message.html?_=1619486638878&CODE_STATE=getMsg HTTP/1.1" 200 27
116.230.114.112 - - [27/Apr/2021:09:24:07 +0800] "GET /xingrg/kc/buy/cgsh_order_operate.html?command=get_materiel&rest_code=00146&code=00101008089&supplier_code=00100005&order_time=2021-04-27 HTTP/1.1" 200 410
116.233.76.188 - - [27/Apr/2021:09:24:07 +0800] "GET /xingrg/kc/buy/cgsh_order_add.html HTTP/1.1" 200 62327
116.233.76.188 - - [27/Apr/2021:09:24:07 +0800] "POST /xingrg/kc/buy/cgsh_order_operate.html HTTP/1.1" 200 8245
116.233.76.188 - - [27/Apr/2021:09:24:07 +0800] "GET /xingrg/all/common/auto_word.html?type=employee&rest_code=00109 HTTP/1.1" 200 205
116.233.76.188 - - [27/Apr/2021:09:24:07 +0800] "GET /xingrg/all/common/auto_word.html?type=employee&rest_code=00109 HTTP/1.1" 200 205
116.233.76.188 - - [27/Apr/2021:09:24:07 +0800] "GET /xingrg/javascript/easyui/themes/default/validatebox.css HTTP/1.1" 404 1104
58.40.7.146 - - [27/Apr/2021:09:24:10 +0800] "GET /xingrg/all/function/internal_message.html?_=1619486646788&CODE_STATE=getMsg HTTP/1.1" 200 27
180.161.124.236 - - [27/Apr/2021:09:24:10 +0800] "GET /xingrg/all/function/internal_message.html?_=1619486929207&CODE_STATE=getMsg HTTP/1.1" 200 27
114.88.160.164 - - [27/Apr/2021:09:24:12 +0800] "GET /xingrg/kc/buy/cgsh_order_operate.html?command=get_materiel&rest_code=00111&code=00101016080&supplier_code=00100037&order_time=2021-04-27 HTTP/1.1" 200 408
58.40.7.146 - - [27/Apr/2021:09:24:14 +0800] "GET /xingrg/all/function/internal_message.html?_=1619486650957&CODE_STATE=getMsg HTTP/1.1" 200 27
116.233.76.188 - - [27/Apr/2021:09:24:16 +0800] "GET /xingrg/all/function/internal_message.html?_=1619486653098&CODE_STATE=getMsg HTTP/1.1" 200 27
116.224.253.72 - - [27/Apr/2021:09:24:17 +0800] "GET /xingrg/all/function/internal_message.html?_=1619486659162&CODE_STATE=getMsg HTTP/1.1" 200 27
116.233.76.188 - - [27/Apr/2021:09:24:17 +0800] "GET /xingrg/kc/buy/cgsh_order_operate.html?command=get_materiel&rest_code=00109&code=00101010136&supplier_code=00100035&order_time=2021-04-27 HTTP/1.1" 200 409
61.165.42.208 - - [27/Apr/2021:09:24:19 +0800] "GET /xingrg/all/function/internal_message.html?_=1619486656011&CODE_STATE=getMsg HTTP/1.1" 200 27
180.169.147.146 - - [27/Apr/2021:09:24:22 +0800] "GET /xingrg/all/function/internal_message.html?_=1619486661106&CODE_STATE=getMsg HTTP/1.1" 200 27
116.233.76.188 - - [27/Apr/2021:09:24:24 +0800] "GET /xingrg/kc/buy/cgsh_order_operate.html?command=get_materiel&rest_code=00109&code=00101016025&supplier_code=00100035&order_time=2021-04-27 HTTP/1.1" 200 408
114.83.219.183 - - [27/Apr/2021:09:24:25 +0800] "GET /xingrg/kc/buy/cgsh_order_operate.html?command=get_materiel&rest_code=00149&code=00101011005&supplier_code=00100051&order_time=2021-04-27 HTTP/1.1" 200 428
114.88.160.164 - - [27/Apr/2021:09:24:25 +0800] "GET /xingrg/kc/buy/cgsh_order_operate.html?command=get_materiel&rest_code=00111&code=00101015038&supplier_code=00100037&order_time=2021-04-27 HTTP/1.1" 200 418
116.230.114.112 - - [27/Apr/2021:09:24:27 +0800] "GET /xingrg/kc/buy/cgsh_order_operate.html?command=get_materiel&rest_code=00146&code=00101008331&supplier_code=00100005&order_time=2021-04-27 HTTP/1.1" 200 416
116.224.253.72 - - [27/Apr/2021:09:24:29 +0800] "GET /xingrg/all/function/internal_message.html?_=1619486666404&CODE_STATE=getMsg HTTP/1.1" 200 27
116.233.76.188 - - [27/Apr/2021:09:24:30 +0800] "GET /xingrg/kc/buy/cgsh_order_operate.html?command=get_materiel&rest_code=00109&code=00101016025&supplier_code=00100035&order_time=2021-04-27 HTTP/1.1" 200 408
114.83.219.183 - - [27/Apr/2021:09:24:30 +0800] "GET /xingrg/all/function/internal_message.html?_=1619486667348&CODE_STATE=getMsg HTTP/1.1" 200 27
114.88.160.164 - - [27/Apr/2021:09:24:30 +0800] "GET /xingrg/all/function/internal_message.html?_=1619486666700&CODE_STATE=getMsg HTTP/1.1" 200 27
116.230.110.80 - - [27/Apr/2021:09:24:32 +0800] "GET /xingrg/all/function/internal_message.html?_=1619486668862&CODE_STATE=getMsg HTTP/1.1" 200 27
114.83.219.183 - - [27/Apr/2021:09:24:32 +0800] "GET /xingrg/kc/buy/cgsh_order_operate.html?command=get_materiel&rest_code=00149&code=00101011003&supplier_code=00100051&order_time=2021-04-27 HTTP/1.1" 200 413
116.230.117.165 - - [27/Apr/2021:09:24:33 +0800] "POST /xingrg/services/DataTransmitService HTTP/1.1" 200 524
116.230.114.112 - - [27/Apr/2021:09:24:34 +0800] "GET /xingrg/all/function/internal_message.html?_=1619486677929&CODE_STATE=getMsg HTTP/1.1" 200 27
114.88.160.164 - - [27/Apr/2021:09:24:35 +0800] "GET /xingrg/kc/buy/cgsh_order_operate.html?command=get_materiel&rest_code=00111&code=00101015046&supplier_code=00100037&order_time=2021-04-27 HTTP/1.1" 200 412
116.233.76.188 - - [27/Apr/2021:09:24:36 +0800] "GET /xingrg/kc/buy/cgsh_order_operate.html?command=get_materiel&rest_code=00109&code=00101012010&supplier_code=00100035&order_time=2021-04-27 HTTP/1.1" 200 409
116.230.114.112 - - [27/Apr/2021:09:24:36 +0800] "GET /xingrg/kc/buy/cgsh_order_operate.html?command=get_materiel&rest_code=00146&code=00101008095&supplier_code=00100005&order_time=2021-04-27 HTTP/1.1" 200 412
116.230.117.165 - - [27/Apr/2021:09:24:36 +0800] "POST /xingrg/services/DataTransmitService HTTP/1.1" 200 501
116.230.117.165 - - [27/Apr/2021:09:24:37 +0800] "POST /xingrg/services/DataTransmitService HTTP/1.1" 200 501
116.230.117.165 - - [27/Apr/2021:09:24:38 +0800] "POST /xingrg/services/DataTransmitService HTTP/1.1" 200 501
116.230.117.165 - - [27/Apr/2021:09:24:40 +0800] "POST /xingrg/services/DataTransmitService HTTP/1.1" 200 501
116.230.117.165 - - [27/Apr/2021:09:24:40 +0800] "POST /xingrg/services/DataTransmitService HTTP/1.1" 200 501
116.230.117.165 - - [27/Apr/2021:09:24:40 +0800] "POST /xingrg/services/DataTransmitService HTTP/1.1" 200 501
116.230.117.165 - - [27/Apr/2021:09:24:40 +0800] "POST /xingrg/services/DataTransmitService HTTP/1.1" 200 501
116.230.117.165 - - [27/Apr/2021:09:24:41 +0800] "POST /xingrg/services/DataTransmitService HTTP/1.1" 200 501
116.230.117.165 - - [27/Apr/2021:09:24:41 +0800] "POST /xingrg/services/DataTransmitService HTTP/1.1" 200 501
116.230.117.165 - - [27/Apr/2021:09:24:41 +0800] "POST /xingrg/services/DataTransmitService HTTP/1.1" 200 412
116.230.114.112 - - [27/Apr/2021:09:24:44 +0800] "GET /xingrg/kc/buy/cgsh_order_operate.html?command=get_materiel&rest_code=00146&code=00101008110&supplier_code=00100005&order_time=2021-04-27 HTTP/1.1" 200 408
117.185.32.26 - - [27/Apr/2021:09:24:47 +0800] "GET /xingrg/all/function/internal_message.html?_=1619486683639&CODE_STATE=getMsg HTTP/1.1" 200 27
114.83.219.183 - - [27/Apr/2021:09:24:48 +0800] "GET /xingrg/kc/buy/cgsh_order_operate.html?command=get_materiel&rest_code=00149&code=00101011010&supplier_code=00100051&order_time=2021-04-27 HTTP/1.1" 200 440
180.169.147.146 - - [27/Apr/2021:09:24:52 +0800] "GET /xingrg/all/function/internal_message.html?_=1619486688013&CODE_STATE=getMsg HTTP/1.1" 200 27
116.230.114.112 - - [27/Apr/2021:09:24:53 +0800] "GET /xingrg/kc/buy/cgsh_order_operate.html?command=get_materiel&rest_code=00146&code=00101013165&supplier_code=00100005&order_time=2021-04-27 HTTP/1.1" 200 409
114.88.160.164 - - [27/Apr/2021:09:24:53 +0800] "GET /xingrg/kc/buy/cgsh_order_operate.html?command=get_materiel&rest_code=00111&code=00101008109&supplier_code=00100037&order_time=2021-04-27 HTTP/1.1" 200 413
58.37.228.113 - - [27/Apr/2021:09:24:54 +0800] "GET /xingrg/all/function/internal_message.html?_=1619486669294&CODE_STATE=getMsg HTTP/1.1" 200 27
116.230.114.112 - - [27/Apr/2021:09:24:55 +0800] "POST /xingrg/kc/buy/cgsh_order_operate.html HTTP/1.1" 200 2065
124.77.71.179 - - [27/Apr/2021:09:25:04 +0800] "GET /xingrg/all/function/internal_message.html?_=1619486698896&CODE_STATE=getMsg HTTP/1.1" 200 27
114.83.219.183 - - [27/Apr/2021:09:25:05 +0800] "POST /xingrg/kc/buy/cgsh_order_operate.html HTTP/1.1" 200 37
116.230.114.112 - - [27/Apr/2021:09:25:05 +0800] "GET /xingrg/kc/buy/cgsh_order_operate.html?command=get_materiel&rest_code=00146&code=00101008168&supplier_code=00100005&order_time=2021-04-27 HTTP/1.1" 200 413
114.88.160.164 - - [27/Apr/2021:09:25:06 +0800] "GET /xingrg/kc/buy/cgsh_order_operate.html?command=get_materiel&rest_code=00111&code=00101009112&supplier_code=00100037&order_time=2021-04-27 HTTP/1.1" 200 411
180.161.124.236 - - [27/Apr/2021:09:25:10 +0800] "GET /xingrg/check_reg.html?_=1619486988958 HTTP/1.1" 200 22
58.40.7.146 - - [27/Apr/2021:09:25:10 +0800] "GET /xingrg/all/function/internal_message.html?_=1619486706791&CODE_STATE=getMsg HTTP/1.1" 200 27
180.161.124.236 - - [27/Apr/2021:09:25:10 +0800] "GET /xingrg/all/function/internal_message.html?_=1619486989220&CODE_STATE=getMsg HTTP/1.1" 200 27
116.233.76.188 - - [27/Apr/2021:09:25:10 +0800] "GET /xingrg/kc/buy/cgsh_order_operate.html?command=get_materiel&rest_code=00109&code=00101016105&supplier_code=00100035&order_time=2021-04-27 HTTP/1.1" 200 409
116.230.110.80 - - [27/Apr/2021:09:25:13 +0800] "GET /xingrg/kc/buy/cgsh_order_operate.html?command=get_materiel&rest_code=00155&code=00101008331&supplier_code=00100005&order_time=2021-04-27 HTTP/1.1" 200 416
114.83.219.183 - - [27/Apr/2021:09:25:13 +0800] "POST /xingrg/kc/buy/cgsh_order_operate.html HTTP/1.1" 200 12
58.40.7.146 - - [27/Apr/2021:09:25:14 +0800] "GET /xingrg/all/function/internal_message.html?_=1619486710959&CODE_STATE=getMsg HTTP/1.1" 200 27
58.40.7.146 - - [27/Apr/2021:09:25:14 +0800] "GET /xingrg/check_reg.html?_=1619486710961 HTTP/1.1" 200 22
116.233.76.188 - - [27/Apr/2021:09:25:15 +0800] "GET /xingrg/kc/buy/cgsh_order_operate.html?command=get_materiel&rest_code=00109&code=00101016010&supplier_code=00100035&order_time=2021-04-27 HTTP/1.1" 200 408
116.233.76.188 - - [27/Apr/2021:09:25:16 +0800] "GET /xingrg/all/function/internal_message.html?_=1619486713125&CODE_STATE=getMsg HTTP/1.1" 200 27
114.83.219.183 - - [27/Apr/2021:09:25:16 +0800] "GET /xingrg/kc/buy/cgsh_order_info.html?code=212021042711432 HTTP/1.1" 200 57241
114.83.219.183 - - [27/Apr/2021:09:25:17 +0800] "GET /xingrg/javascript/easyui/themes/default/validatebox.css HTTP/1.1" 404 1104
116.224.253.72 - - [27/Apr/2021:09:25:17 +0800] "GET /xingrg/check_reg.html?_=1619486719117 HTTP/1.1" 200 22
116.224.253.72 - - [27/Apr/2021:09:25:17 +0800] "GET /xingrg/all/function/internal_message.html?_=1619486719175&CODE_STATE=getMsg HTTP/1.1" 200 27
114.83.219.183 - - [27/Apr/2021:09:25:17 +0800] "POST /xingrg/kc/buy/cgsh_order_operate.html HTTP/1.1" 200 2388
61.165.42.208 - - [27/Apr/2021:09:25:19 +0800] "GET /xingrg/all/function/internal_message.html?_=1619486715980&CODE_STATE=getMsg HTTP/1.1" 200 27
61.165.42.208 - - [27/Apr/2021:09:25:19 +0800] "GET /xingrg/check_reg.html?_=1619486715983 HTTP/1.1" 200 22
114.83.219.183 - - [27/Apr/2021:09:25:19 +0800] "GET /xingrg/kc/print/load_data.html?order_code=212021042711432&kc_code=cgsh&condition= HTTP/1.1" 200 1405
116.230.110.80 - - [27/Apr/2021:09:25:21 +0800] "GET /xingrg/kc/buy/cgsh_order_operate.html?command=get_materiel&rest_code=00155&code=00101008358&supplier_code=00100005&order_time=2021-04-27 HTTP/1.1" 200 412
116.233.76.188 - - [27/Apr/2021:09:25:21 +0800] "GET /xingrg/kc/buy/cgsh_order_operate.html?command=get_materiel&rest_code=00109&code=00101012019&supplier_code=00100035&order_time=2021-04-27 HTTP/1.1" 200 412
180.169.147.146 - - [27/Apr/2021:09:25:22 +0800] "GET /xingrg/all/function/internal_message.html?_=1619486721108&CODE_STATE=getMsg HTTP/1.1" 200 27
114.88.160.164 - - [27/Apr/2021:09:25:23 +0800] "GET /xingrg/kc/buy/cgsh_order_operate.html?command=get_materiel&rest_code=00111&code=00101008005&supplier_code=00100037&order_time=2021-04-27 HTTP/1.1" 200 412
114.83.219.183 - - [27/Apr/2021:09:25:24 +0800] "GET /xingrg/kc/buy/cgsh_order_add.html HTTP/1.1" 200 62339
114.83.219.183 - - [27/Apr/2021:09:25:25 +0800] "POST /xingrg/kc/buy/cgsh_order_operate.html HTTP/1.1" 200 8245
114.83.219.183 - - [27/Apr/2021:09:25:25 +0800] "GET /xingrg/javascript/easyui/themes/default/validatebox.css HTTP/1.1" 404 1104
116.233.76.188 - - [27/Apr/2021:09:25:26 +0800] "GET /xingrg/kc/buy/cgsh_order_operate.html?command=get_materiel&rest_code=00109&code=00101012029&supplier_code=00100035&order_time=2021-04-27 HTTP/1.1" 200 412
116.230.114.112 - - [27/Apr/2021:09:25:27 +0800] "GET /xingrg/kc/buy/cgsh_order_operate.html?command=get_materiel&rest_code=00146&code=00101008223&supplier_code=00100005&order_time=2021-04-27 HTTP/1.1" 200 412
58.37.228.113 - - [27/Apr/2021:09:25:27 +0800] "GET /xingrg/check_reg.html?_=1619486702521 HTTP/1.1" 200 22
116.224.253.72 - - [27/Apr/2021:09:25:29 +0800] "GET /xingrg/all/function/internal_message.html?_=1619486726412&CODE_STATE=getMsg HTTP/1.1" 200 27
114.83.219.183 - - [27/Apr/2021:09:25:30 +0800] "GET /xingrg/all/function/internal_message.html?_=1619486727327&CODE_STATE=getMsg HTTP/1.1" 200 27
114.88.160.164 - - [27/Apr/2021:09:25:30 +0800] "GET /xingrg/all/function/internal_message.html?_=1619486726715&CODE_STATE=getMsg HTTP/1.1" 200 27
116.230.110.80 - - [27/Apr/2021:09:25:32 +0800] "GET /xingrg/all/function/internal_message.html?_=1619486728865&CODE_STATE=getMsg HTTP/1.1" 200 27
116.230.110.80 - - [27/Apr/2021:09:25:32 +0800] "GET /xingrg/kc/buy/cgsh_order_operate.html?command=get_materiel&rest_code=00155&code=00101008048&supplier_code=00100005&order_time=2021-04-27 HTTP/1.1" 200 420
116.230.114.112 - - [27/Apr/2021:09:25:34 +0800] "GET /xingrg/all/function/internal_message.html?_=1619486737943&CODE_STATE=getMsg HTTP/1.1" 200 27
116.230.114.112 - - [27/Apr/2021:09:25:36 +0800] "GET /xingrg/kc/buy/cgsh_order_operate.html?command=get_materiel&rest_code=00146&code=00101008230&supplier_code=00100005&order_time=2021-04-27 HTTP/1.1" 200 408
114.88.160.164 - - [27/Apr/2021:09:25:37 +0800] "GET /xingrg/kc/buy/cgsh_order_operate.html?command=get_materiel&rest_code=00111&code=00101008041&supplier_code=00100037&order_time=2021-04-27 HTTP/1.1" 200 408
116.233.76.188 - - [27/Apr/2021:09:25:41 +0800] "POST /xingrg/kc/buy/cgsh_order_operate.html HTTP/1.1" 200 37
116.230.110.80 - - [27/Apr/2021:09:25:41 +0800] "GET /xingrg/kc/buy/cgsh_order_operate.html?command=get_materiel&rest_code=00155&code=00101008003&supplier_code=00100005&order_time=2021-04-27 HTTP/1.1" 200 408
116.233.76.188 - - [27/Apr/2021:09:25:44 +0800] "POST /xingrg/kc/buy/cgsh_order_operate.html HTTP/1.1" 200 6780
116.233.76.188 - - [27/Apr/2021:09:25:46 +0800] "GET /xingrg/kc/print/load_config.html?kc_code=cgsh HTTP/1.1" 200 1845
116.233.76.188 - - [27/Apr/2021:09:25:46 +0800] "GET /xingrg/kc/print/load_data.html?order_code=212021042711433&kc_code=cgsh&condition= HTTP/1.1" 200 2236
116.230.114.112 - - [27/Apr/2021:09:25:47 +0800] "GET /xingrg/kc/buy/cgsh_order_operate.html?command=get_materiel&rest_code=00146&code=00101008102&supplier_code=00100005&order_time=2021-04-27 HTTP/1.1" 200 412
117.185.32.26 - - [27/Apr/2021:09:25:47 +0800] "GET /xingrg/all/function/internal_message.html?_=1619486743639&CODE_STATE=getMsg HTTP/1.1" 200 27
116.230.110.80 - - [27/Apr/2021:09:25:49 +0800] "GET /xingrg/kc/buy/cgsh_order_operate.html?command=get_materiel&rest_code=00155&code=00101008126&supplier_code=00100005&order_time=2021-04-27 HTTP/1.1" 200 412
120.204.17.72 - - [27/Apr/2021:09:25:50 +0800] "GET /xingrg/all/function/internal_message.html?_=1619486683639&CODE_STATE=getMsg HTTP/1.1" 302 -
180.169.147.146 - - [27/Apr/2021:09:25:52 +0800] "GET /xingrg/all/function/internal_message.html?_=1619486748012&CODE_STATE=getMsg HTTP/1.1" 200 27
120.204.17.72 - - [27/Apr/2021:09:25:53 +0800] "GET /xingrg/login.html HTTP/1.1" 200 7641
58.37.228.113 - - [27/Apr/2021:09:25:54 +0800] "GET /xingrg/all/function/internal_message.html?_=1619486729270&CODE_STATE=getMsg HTTP/1.1" 200 27
116.230.110.80 - - [27/Apr/2021:09:25:56 +0800] "GET /xingrg/kc/buy/cgsh_order_operate.html?command=get_materiel&rest_code=00155&code=00101008270&supplier_code=00100005&order_time=2021-04-27 HTTP/1.1" 200 412
116.230.114.112 - - [27/Apr/2021:09:26:00 +0800] "GET /xingrg/kc/buy/cgsh_order_operate.html?command=get_materiel&rest_code=00146&code=00101015038&supplier_code=00100005&order_time=2021-04-27 HTTP/1.1" 200 418
116.230.110.80 - - [27/Apr/2021:09:26:02 +0800] "GET /xingrg/kc/buy/cgsh_order_operate.html?command=get_materiel&rest_code=00155&code=00101008155&supplier_code=00100005&order_time=2021-04-27 HTTP/1.1" 200 408
116.230.114.112 - - [27/Apr/2021:09:26:03 +0800] "POST /xingrg/kc/buy/cgsh_order_operate.html HTTP/1.1" 200 2065
124.77.71.179 - - [27/Apr/2021:09:26:04 +0800] "GET /xingrg/all/function/internal_message.html?_=1619486758899&CODE_STATE=getMsg HTTP/1.1" 200 27
58.40.7.146 - - [27/Apr/2021:09:26:10 +0800] "GET /xingrg/all/function/internal_message.html?_=1619486766793&CODE_STATE=getMsg HTTP/1.1" 200 27
180.161.124.236 - - [27/Apr/2021:09:26:10 +0800] "GET /xingrg/all/function/internal_message.html?_=1619487049234&CODE_STATE=getMsg HTTP/1.1" 200 27
116.230.114.112 - - [27/Apr/2021:09:26:10 +0800] "GET /xingrg/kc/buy/cgsh_order_operate.html?command=get_materiel&rest_code=00146&code=00101015066&supplier_code=00100005&order_time=2021-04-27 HTTP/1.1" 200 413
58.40.7.146 - - [27/Apr/2021:09:26:14 +0800] "GET /xingrg/all/function/internal_message.html?_=1619486770948&CODE_STATE=getMsg HTTP/1.1" 200 27
58.221.95.50 - - [27/Apr/2021:09:26:14 +0800] "GET /xingrg/check_reg.html?_=1619486774515 HTTP/1.1" 302 -
116.233.76.188 - - [27/Apr/2021:09:26:16 +0800] "GET /xingrg/all/function/internal_message.html?_=1619486773102&CODE_STATE=getMsg HTTP/1.1" 200 27
116.230.110.80 - - [27/Apr/2021:09:26:16 +0800] "GET /xingrg/kc/buy/cgsh_order_operate.html?command=get_materiel&rest_code=00155&code=00101008149&supplier_code=00100005&order_time=2021-04-27 HTTP/1.1" 200 408
116.224.253.72 - - [27/Apr/2021:09:26:17 +0800] "GET /xingrg/all/function/internal_message.html?_=1619486779188&CODE_STATE=getMsg HTTP/1.1" 200 27
61.165.42.208 - - [27/Apr/2021:09:26:19 +0800] "GET /xingrg/all/function/internal_message.html?_=1619486775983&CODE_STATE=getMsg HTTP/1.1" 200 27
116.230.114.112 - - [27/Apr/2021:09:26:21 +0800] "GET /xingrg/kc/buy/cgsh_order_operate.html?command=get_materiel&rest_code=00146&code=00101015065&supplier_code=00100005&order_time=2021-04-27 HTTP/1.1" 200 413
180.169.147.146 - - [27/Apr/2021:09:26:22 +0800] "GET /xingrg/all/function/internal_message.html?_=1619486781109&CODE_STATE=getMsg HTTP/1.1" 200 27
116.230.110.80 - - [27/Apr/2021:09:26:23 +0800] "GET /xingrg/kc/buy/cgsh_order_operate.html?command=get_materiel&rest_code=00155&code=00101008185&supplier_code=00100005&order_time=2021-04-27 HTTP/1.1" 200 408
116.224.253.72 - - [27/Apr/2021:09:26:29 +0800] "GET /xingrg/all/function/internal_message.html?_=1619486786428&CODE_STATE=getMsg HTTP/1.1" 200 27
114.83.219.183 - - [27/Apr/2021:09:26:30 +0800] "GET /xingrg/all/function/internal_message.html?_=1619486787328&CODE_STATE=getMsg HTTP/1.1" 200 27
114.88.160.164 - - [27/Apr/2021:09:26:30 +0800] "GET /xingrg/all/function/internal_message.html?_=1619486786728&CODE_STATE=getMsg HTTP/1.1" 200 27
116.230.110.80 - - [27/Apr/2021:09:26:32 +0800] "GET /xingrg/all/function/internal_message.html?_=1619486788844&CODE_STATE=getMsg HTTP/1.1" 200 27
116.230.114.112 - - [27/Apr/2021:09:26:34 +0800] "GET /xingrg/all/function/internal_message.html?_=1619486797979&CODE_STATE=getMsg HTTP/1.1" 200 27
114.88.160.164 - - [27/Apr/2021:09:26:36 +0800] "GET /xingrg/kc/buy/cgsh_order_operate.html?command=get_materiel&rest_code=00111&code=00101008092&supplier_code=00100037&order_time=2021-04-27 HTTP/1.1" 200 412
114.83.219.183 - - [27/Apr/2021:09:26:38 +0800] "GET /xingrg/kc/buy/cgsh_order_operate.html?command=get_materiel&rest_code=00149&code=00101028005&supplier_code=00100019&order_time=2021-04-27 HTTP/1.1" 200 434
116.230.110.80 - - [27/Apr/2021:09:26:40 +0800] "GET /xingrg/kc/buy/cgsh_order_operate.html?command=get_materiel&rest_code=00155&code=00101008354&supplier_code=00100005&order_time=2021-04-27 HTTP/1.1" 200 412
116.233.76.188 - - [27/Apr/2021:09:26:46 +0800] "GET /xingrg/kc/buy/cgsh_order_add.html HTTP/1.1" 200 62327
116.233.76.188 - - [27/Apr/2021:09:26:46 +0800] "GET /xingrg/javascript/easyui/themes/default/validatebox.css HTTP/1.1" 404 1104
116.233.76.188 - - [27/Apr/2021:09:26:46 +0800] "GET /xingrg/all/common/auto_word.html?type=employee&rest_code=00109 HTTP/1.1" 200 205
116.233.76.188 - - [27/Apr/2021:09:26:46 +0800] "POST /xingrg/kc/buy/cgsh_order_operate.html HTTP/1.1" 200 8245
