116.233.76.188 - - [27/Apr/2021:09:26:46 +0800] "GET /xingrg/all/common/auto_word.html?type=employee&rest_code=00109 HTTP/1.1" 200 205
116.230.114.112 - - [27/Apr/2021:09:26:47 +0800] "GET /xingrg/kc/buy/cgsh_order_operate.html?command=get_materiel&rest_code=00146&code=00101013114&supplier_code=00100005&order_time=2021-04-27 HTTP/1.1" 200 409
117.185.32.26 - - [27/Apr/2021:09:26:47 +0800] "GET /xingrg/all/function/internal_message.html?_=1619486803639&CODE_STATE=getMsg HTTP/1.1" 200 27
116.230.110.80 - - [27/Apr/2021:09:26:48 +0800] "GET /xingrg/kc/buy/cgsh_order_operate.html?command=get_materiel&rest_code=00155&code=00101008028&supplier_code=00100005&order_time=2021-04-27 HTTP/1.1" 200 412
114.83.219.183 - - [27/Apr/2021:09:26:51 +0800] "GET /xingrg/kc/buy/cgsh_order_operate.html?command=get_materiel&rest_code=00149&code=00101029007&supplier_code=00100019&order_time=2021-04-27 HTTP/1.1" 200 458
114.88.160.164 - - [27/Apr/2021:09:26:51 +0800] "GET /xingrg/kc/buy/cgsh_order_operate.html?command=get_materiel&rest_code=00111&code=00101006129&supplier_code=00100037&order_time=2021-04-27 HTTP/1.1" 200 431
180.169.147.146 - - [27/Apr/2021:09:26:52 +0800] "GET /xingrg/all/function/internal_message.html?_=1619486808011&CODE_STATE=getMsg HTTP/1.1" 200 27
120.204.17.68 - - [27/Apr/2021:09:26:53 +0800] "GET /xingrg/all/function/internal_message.html?_=1619486743639&CODE_STATE=getMsg HTTP/1.1" 302 -
116.230.110.80 - - [27/Apr/2021:09:26:54 +0800] "GET /xingrg/kc/buy/cgsh_order_operate.html?command=get_materiel&rest_code=00155&code=00101008096&supplier_code=00100005&order_time=2021-04-27 HTTP/1.1" 200 412
58.37.228.113 - - [27/Apr/2021:09:26:54 +0800] "GET /xingrg/all/function/internal_message.html?_=1619486789249&CODE_STATE=getMsg HTTP/1.1" 200 27
116.233.76.188 - - [27/Apr/2021:09:26:54 +0800] "GET /xingrg/kc/buy/cgsh_order_operate.html?command=get_materiel&rest_code=00109&code=00102009697&supplier_code=00100099&order_time=2021-04-27 HTTP/1.1" 200 413
120.204.17.68 - - [27/Apr/2021:09:26:54 +0800] "GET /xingrg/login.html HTTP/1.1" 200 7641
116.230.110.80 - - [27/Apr/2021:09:27:02 +0800] "GET /xingrg/kc/buy/cgsh_order_operate.html?command=get_materiel&rest_code=00155&code=00101008001&supplier_code=00100005&order_time=2021-04-27 HTTP/1.1" 200 414
116.230.114.112 - - [27/Apr/2021:09:27:03 +0800] "GET /xingrg/kc/buy/cgsh_order_operate.html?command=get_materiel&rest_code=00146&code=00101015062&supplier_code=00100005&order_time=2021-04-27 HTTP/1.1" 200 413
61.165.42.208 - - [27/Apr/2021:09:27:03 +0800] "POST /xingrg/kc/buy/cgsh_order_operate.html HTTP/1.1" 200 37
124.77.71.179 - - [27/Apr/2021:09:27:04 +0800] "GET /xingrg/check_reg.html?_=1619486818898 HTTP/1.1" 200 22
124.77.71.179 - - [27/Apr/2021:09:27:04 +0800] "GET /xingrg/all/function/internal_message.html?_=1619486818900&CODE_STATE=getMsg HTTP/1.1" 200 27
61.165.42.208 - - [27/Apr/2021:09:27:05 +0800] "POST /xingrg/kc/buy/cgsh_order_operate.html HTTP/1.1" 200 5611
116.233.76.188 - - [27/Apr/2021:09:27:09 +0800] "GET /xingrg/kc/buy/cgsh_order_operate.html?command=get_materiel&rest_code=00109&code=00102009700&supplier_code=00100099&order_time=2021-04-27 HTTP/1.1" 200 408
58.40.7.146 - - [27/Apr/2021:09:27:10 +0800] "GET /xingrg/check_reg.html?_=1619486826797 HTTP/1.1" 200 22
58.40.7.146 - - [27/Apr/2021:09:27:10 +0800] "GET /xingrg/all/function/internal_message.html?_=1619486826799&CODE_STATE=getMsg HTTP/1.1" 200 27
180.161.124.236 - - [27/Apr/2021:09:27:10 +0800] "GET /xingrg/all/function/internal_message.html?_=1619487109248&CODE_STATE=getMsg HTTP/1.1" 200 27
61.165.42.208 - - [27/Apr/2021:09:27:11 +0800] "GET /xingrg/kc/print/load_data.html?order_code=212021042711429&kc_code=cgsh&condition= HTTP/1.1" 200 1790
114.83.219.183 - - [27/Apr/2021:09:27:11 +0800] "GET /xingrg/kc/buy/cgsh_order_operate.html?command=get_materiel&rest_code=00149&code=00101029005&supplier_code=00100019&order_time=2021-04-27 HTTP/1.1" 200 436
58.40.7.146 - - [27/Apr/2021:09:27:14 +0800] "GET /xingrg/all/function/internal_message.html?_=1619486830953&CODE_STATE=getMsg HTTP/1.1" 200 27
116.233.76.188 - - [27/Apr/2021:09:27:16 +0800] "GET /xingrg/all/function/internal_message.html?_=1619486833105&CODE_STATE=getMsg HTTP/1.1" 200 27
116.230.110.80 - - [27/Apr/2021:09:27:16 +0800] "GET /xingrg/kc/buy/cgsh_order_operate.html?command=get_materiel&rest_code=00155&code=00101008290&supplier_code=00100005&order_time=2021-04-27 HTTP/1.1" 200 416
116.224.253.72 - - [27/Apr/2021:09:27:17 +0800] "GET /xingrg/all/function/internal_message.html?_=1619486839202&CODE_STATE=getMsg HTTP/1.1" 200 27
61.165.42.208 - - [27/Apr/2021:09:27:19 +0800] "GET /xingrg/all/function/internal_message.html?_=1619486835983&CODE_STATE=getMsg HTTP/1.1" 200 27
114.88.160.164 - - [27/Apr/2021:09:27:21 +0800] "GET /xingrg/kc/buy/cgsh_order_operate.html?command=get_materiel&rest_code=00111&code=00101009057&supplier_code=00100037&order_time=2021-04-27 HTTP/1.1" 200 408
116.233.76.188 - - [27/Apr/2021:09:27:21 +0800] "GET /xingrg/kc/buy/cgsh_order_operate.html?command=get_materiel&rest_code=00109&code=00102009662&supplier_code=00100099&order_time=2021-04-27 HTTP/1.1" 200 408
180.169.147.146 - - [27/Apr/2021:09:27:22 +0800] "GET /xingrg/check_reg.html?_=1619486841115 HTTP/1.1" 200 22
180.169.147.146 - - [27/Apr/2021:09:27:22 +0800] "GET /xingrg/all/function/internal_message.html?_=1619486841119&CODE_STATE=getMsg HTTP/1.1" 200 27
116.230.114.112 - - [27/Apr/2021:09:27:23 +0800] "GET /xingrg/kc/buy/cgsh_order_operate.html?command=get_materiel&rest_code=00146&code=00101015107&supplier_code=00100005&order_time=2021-04-27 HTTP/1.1" 200 398
116.230.114.112 - - [27/Apr/2021:09:27:26 +0800] "POST /xingrg/kc/buy/cgsh_order_operate.html HTTP/1.1" 200 2065
61.165.42.208 - - [27/Apr/2021:09:27:27 +0800] "GET /xingrg/kc/buy/cgsh_order_add.html HTTP/1.1" 200 62333
61.165.42.208 - - [27/Apr/2021:09:27:28 +0800] "POST /xingrg/kc/buy/cgsh_order_operate.html HTTP/1.1" 200 8245
61.165.42.208 - - [27/Apr/2021:09:27:28 +0800] "GET /xingrg/javascript/easyui/themes/default/validatebox.css HTTP/1.1" 404 1104
114.83.219.183 - - [27/Apr/2021:09:27:28 +0800] "GET /xingrg/kc/buy/cgsh_order_operate.html?command=get_materiel&rest_code=00149&code=00101029017&supplier_code=00100019&order_time=2021-04-27 HTTP/1.1" 200 466
116.224.253.72 - - [27/Apr/2021:09:27:29 +0800] "GET /xingrg/all/function/internal_message.html?_=1619486846432&CODE_STATE=getMsg HTTP/1.1" 200 27
116.230.110.80 - - [27/Apr/2021:09:27:29 +0800] "GET /xingrg/kc/buy/cgsh_order_operate.html?command=get_materiel&rest_code=00155&code=00101008355&supplier_code=00100005&order_time=2021-04-27 HTTP/1.1" 200 408
114.88.160.164 - - [27/Apr/2021:09:27:30 +0800] "GET /xingrg/check_reg.html?_=1619486846588 HTTP/1.1" 200 22
114.83.219.183 - - [27/Apr/2021:09:27:30 +0800] "GET /xingrg/all/function/internal_message.html?_=1619486847331&CODE_STATE=getMsg HTTP/1.1" 200 27
114.83.219.183 - - [27/Apr/2021:09:27:30 +0800] "GET /xingrg/check_reg.html?_=1619486847334 HTTP/1.1" 200 22
114.88.160.164 - - [27/Apr/2021:09:27:30 +0800] "GET /xingrg/all/function/internal_message.html?_=1619486846741&CODE_STATE=getMsg HTTP/1.1" 200 27
116.230.110.80 - - [27/Apr/2021:09:27:32 +0800] "GET /xingrg/all/function/internal_message.html?_=1619486848861&CODE_STATE=getMsg HTTP/1.1" 200 27
116.230.114.112 - - [27/Apr/2021:09:27:34 +0800] "GET /xingrg/kc/buy/cgsh_order_operate.html?command=get_materiel&rest_code=00146&code=00101015012&supplier_code=00100005&order_time=2021-04-27 HTTP/1.1" 200 413
116.230.114.112 - - [27/Apr/2021:09:27:34 +0800] "GET /xingrg/all/function/internal_message.html?_=1619486857985&CODE_STATE=getMsg HTTP/1.1" 200 27
116.230.110.80 - - [27/Apr/2021:09:27:35 +0800] "GET /xingrg/kc/buy/cgsh_order_operate.html?command=get_materiel&rest_code=00155&code=00101008144&supplier_code=00100005&order_time=2021-04-27 HTTP/1.1" 200 412
116.233.76.188 - - [27/Apr/2021:09:27:35 +0800] "GET /xingrg/kc/buy/cgsh_order_operate.html?command=get_materiel&rest_code=00109&code=00102009400&supplier_code=00100099&order_time=2021-04-27 HTTP/1.1" 200 414
116.230.110.80 - - [27/Apr/2021:09:27:42 +0800] "GET /xingrg/kc/buy/cgsh_order_operate.html?command=get_materiel&rest_code=00155&code=00101008264&supplier_code=00100005&order_time=2021-04-27 HTTP/1.1" 200 412
114.83.219.183 - - [27/Apr/2021:09:27:47 +0800] "GET /xingrg/kc/buy/cgsh_order_operate.html?command=get_materiel&rest_code=00149&code=00101029025&supplier_code=00100019&order_time=2021-04-27 HTTP/1.1" 200 463
116.230.114.112 - - [27/Apr/2021:09:27:47 +0800] "GET /xingrg/kc/buy/cgsh_order_operate.html?command=get_materiel&rest_code=00146&code=00101008041&supplier_code=00100005&order_time=2021-04-27 HTTP/1.1" 200 408
117.185.32.26 - - [27/Apr/2021:09:27:47 +0800] "GET /xingrg/all/function/internal_message.html?_=1619486863638&CODE_STATE=getMsg HTTP/1.1" 200 27
116.230.110.80 - - [27/Apr/2021:09:27:49 +0800] "GET /xingrg/kc/buy/cgsh_order_operate.html?command=get_materiel&rest_code=00155&code=00101008024&supplier_code=00100005&order_time=2021-04-27 HTTP/1.1" 200 408
116.233.76.188 - - [27/Apr/2021:09:27:50 +0800] "GET /xingrg/kc/buy/cgsh_order_operate.html?command=get_materiel&rest_code=00109&code=00102016368&supplier_code=00100099&order_time=2021-04-27 HTTP/1.1" 200 416
180.169.147.146 - - [27/Apr/2021:09:27:52 +0800] "GET /xingrg/all/function/internal_message.html?_=1619486868011&CODE_STATE=getMsg HTTP/1.1" 200 27
58.37.228.113 - - [27/Apr/2021:09:27:54 +0800] "GET /xingrg/all/function/internal_message.html?_=1619486849230&CODE_STATE=getMsg HTTP/1.1" 200 27
116.230.110.80 - - [27/Apr/2021:09:27:56 +0800] "GET /xingrg/kc/buy/cgsh_order_operate.html?command=get_materiel&rest_code=00155&code=00101008356&supplier_code=00100005&order_time=2021-04-27 HTTP/1.1" 200 408
114.83.219.183 - - [27/Apr/2021:09:27:58 +0800] "GET /xingrg/kc/buy/cgsh_order_operate.html?command=get_materiel&rest_code=00149&code=00101020079&supplier_code=00100019&order_time=2021-04-27 HTTP/1.1" 200 421
116.230.110.80 - - [27/Apr/2021:09:27:59 +0800] "POST /xingrg/kc/buy/cgsh_order_operate.html HTTP/1.1" 200 2065
116.230.110.80 - - [27/Apr/2021:09:28:03 +0800] "GET /xingrg/kc/buy/cgsh_order_operate.html?command=get_materiel&rest_code=00155&code=00101008300&supplier_code=00100005&order_time=2021-04-27 HTTP/1.1" 200 412
124.77.71.179 - - [27/Apr/2021:09:28:04 +0800] "GET /xingrg/all/function/internal_message.html?_=1619486878899&CODE_STATE=getMsg HTTP/1.1" 200 27
61.165.42.208 - - [27/Apr/2021:09:28:05 +0800] "GET /xingrg/kc/buy/cgsh_order_operate.html?command=get_materiel&rest_code=00105&code=00101006175&supplier_code=00100012&order_time=2021-04-27 HTTP/1.1" 200 414
116.233.76.188 - - [27/Apr/2021:09:28:06 +0800] "GET /xingrg/javascript/auto/indicator.gif HTTP/1.1" 404 1066
58.40.7.146 - - [27/Apr/2021:09:28:10 +0800] "GET /xingrg/all/function/internal_message.html?_=1619486886784&CODE_STATE=getMsg HTTP/1.1" 200 27
180.161.124.236 - - [27/Apr/2021:09:28:10 +0800] "GET /xingrg/all/function/internal_message.html?_=1619487169263&CODE_STATE=getMsg HTTP/1.1" 200 27
114.83.219.183 - - [27/Apr/2021:09:28:10 +0800] "GET /xingrg/kc/buy/cgsh_order_operate.html?command=get_materiel&rest_code=00149&code=00101029003&supplier_code=00100019&order_time=2021-04-27 HTTP/1.1" 200 454
116.230.110.80 - - [27/Apr/2021:09:28:12 +0800] "GET /xingrg/kc/buy/cgsh_order_operate.html?command=get_materiel&rest_code=00155&code=00101008118&supplier_code=00100005&order_time=2021-04-27 HTTP/1.1" 200 418
58.40.7.146 - - [27/Apr/2021:09:28:14 +0800] "GET /xingrg/all/function/internal_message.html?_=1619486890956&CODE_STATE=getMsg HTTP/1.1" 200 27
116.233.76.188 - - [27/Apr/2021:09:28:16 +0800] "GET /xingrg/all/function/internal_message.html?_=1619486893107&CODE_STATE=getMsg HTTP/1.1" 200 27
116.233.76.188 - - [27/Apr/2021:09:28:16 +0800] "GET /xingrg/check_reg.html?_=1619486893109 HTTP/1.1" 200 22
116.224.253.72 - - [27/Apr/2021:09:28:17 +0800] "GET /xingrg/all/function/internal_message.html?_=1619486899222&CODE_STATE=getMsg HTTP/1.1" 200 27
116.230.110.80 - - [27/Apr/2021:09:28:18 +0800] "GET /xingrg/kc/buy/cgsh_order_operate.html?command=get_materiel&rest_code=00155&code=00101008137&supplier_code=00100005&order_time=2021-04-27 HTTP/1.1" 200 408
61.165.42.208 - - [27/Apr/2021:09:28:19 +0800] "GET /xingrg/all/function/internal_message.html?_=1619486895996&CODE_STATE=getMsg HTTP/1.1" 200 27
116.233.76.188 - - [27/Apr/2021:09:28:19 +0800] "GET /xingrg/kc/buy/cgsh_order_operate.html?command=get_materiel&rest_code=00109&code=00102009626&supplier_code=00100099&order_time=2021-04-27 HTTP/1.1" 200 410
114.83.219.183 - - [27/Apr/2021:09:28:22 +0800] "POST /xingrg/kc/buy/cgsh_order_operate.html HTTP/1.1" 200 37
180.169.147.146 - - [27/Apr/2021:09:28:22 +0800] "GET /xingrg/all/function/internal_message.html?_=1619486901105&CODE_STATE=getMsg HTTP/1.1" 200 27
116.230.110.80 - - [27/Apr/2021:09:28:24 +0800] "GET /xingrg/kc/buy/cgsh_order_operate.html?command=get_materiel&rest_code=00155&code=00101008196&supplier_code=00100005&order_time=2021-04-27 HTTP/1.1" 200 416
116.230.114.112 - - [27/Apr/2021:09:28:27 +0800] "POST /xingrg/kc/buy/cgsh_order_operate.html HTTP/1.1" 200 37
116.224.253.72 - - [27/Apr/2021:09:28:29 +0800] "GET /xingrg/all/function/internal_message.html?_=1619486906433&CODE_STATE=getMsg HTTP/1.1" 200 27
116.224.253.72 - - [27/Apr/2021:09:28:29 +0800] "GET /xingrg/check_reg.html?_=1619486906436 HTTP/1.1" 200 22
116.230.114.112 - - [27/Apr/2021:09:28:29 +0800] "POST /xingrg/kc/buy/cgsh_order_operate.html HTTP/1.1" 200 42261
114.88.160.164 - - [27/Apr/2021:09:28:30 +0800] "GET /xingrg/all/function/internal_message.html?_=1619486906755&CODE_STATE=getMsg HTTP/1.1" 200 27
116.230.110.80 - - [27/Apr/2021:09:28:32 +0800] "GET /xingrg/check_reg.html?_=1619486908850 HTTP/1.1" 200 22
116.230.110.80 - - [27/Apr/2021:09:28:32 +0800] "GET /xingrg/all/function/internal_message.html?_=1619486908855&CODE_STATE=getMsg HTTP/1.1" 200 27
116.230.114.112 - - [27/Apr/2021:09:28:32 +0800] "GET /xingrg/kc/print/load_config.html?kc_code=cgsh HTTP/1.1" 200 1845
116.230.114.112 - - [27/Apr/2021:09:28:32 +0800] "GET /xingrg/kc/print/load_data.html?order_code=212021042711435&kc_code=cgsh&condition= HTTP/1.1" 200 15671
114.83.219.183 - - [27/Apr/2021:09:28:32 +0800] "POST /xingrg/kc/buy/cgsh_order_operate.html HTTP/1.1" 200 12
116.230.114.112 - - [27/Apr/2021:09:28:34 +0800] "GET /xingrg/all/function/internal_message.html?_=1619486917999&CODE_STATE=getMsg HTTP/1.1" 200 27
116.230.110.80 - - [27/Apr/2021:09:28:35 +0800] "GET /xingrg/kc/buy/cgsh_order_operate.html?command=get_materiel&rest_code=00155&code=00101008223&supplier_code=00100005&order_time=2021-04-27 HTTP/1.1" 200 412
116.230.110.80 - - [27/Apr/2021:09:28:36 +0800] "POST /xingrg/kc/buy/cgsh_order_operate.html HTTP/1.1" 200 2065
116.230.110.80 - - [27/Apr/2021:09:28:41 +0800] "GET /xingrg/kc/buy/cgsh_order_operate.html?command=get_materiel&rest_code=00155&code=00101008197&supplier_code=00100005&order_time=2021-04-27 HTTP/1.1" 200 417
114.83.219.183 - - [27/Apr/2021:09:28:43 +0800] "GET /xingrg/kc/buy/cgsh_order_info.html?code=212021042711434 HTTP/1.1" 200 57239
114.83.219.183 - - [27/Apr/2021:09:28:43 +0800] "GET /xingrg/javascript/easyui/themes/default/validatebox.css HTTP/1.1" 404 1104
114.83.219.183 - - [27/Apr/2021:09:28:44 +0800] "POST /xingrg/kc/buy/cgsh_order_operate.html HTTP/1.1" 200 4330
116.230.110.80 - - [27/Apr/2021:09:28:47 +0800] "GET /xingrg/kc/buy/cgsh_order_operate.html?command=get_materiel&rest_code=00155&code=00101008131&supplier_code=00100005&order_time=2021-04-27 HTTP/1.1" 200 408
114.83.219.183 - - [27/Apr/2021:09:28:47 +0800] "GET /xingrg/kc/print/load_data.html?order_code=212021042711434&kc_code=cgsh&condition= HTTP/1.1" 200 2292
117.185.32.26 - - [27/Apr/2021:09:28:47 +0800] "GET /xingrg/check_reg.html?_=1619486923638 HTTP/1.1" 200 22
117.185.32.26 - - [27/Apr/2021:09:28:47 +0800] "GET /xingrg/all/function/internal_message.html?_=1619486923655&CODE_STATE=getMsg HTTP/1.1" 200 27
180.169.147.146 - - [27/Apr/2021:09:28:52 +0800] "GET /xingrg/all/function/internal_message.html?_=1619486928011&CODE_STATE=getMsg HTTP/1.1" 200 27
180.169.147.146 - - [27/Apr/2021:09:28:52 +0800] "GET /xingrg/check_reg.html?_=1619486928012 HTTP/1.1" 200 22
58.37.228.113 - - [27/Apr/2021:09:28:54 +0800] "GET /xingrg/all/function/internal_message.html?_=1619486909208&CODE_STATE=getMsg HTTP/1.1" 200 27
120.204.17.68 - - [27/Apr/2021:09:28:55 +0800] "GET /xingrg/all/function/internal_message.html?_=1619486863638&CODE_STATE=getMsg HTTP/1.1" 302 -
116.230.110.80 - - [27/Apr/2021:09:28:56 +0800] "GET /xingrg/kc/buy/cgsh_order_operate.html?command=get_materiel&rest_code=00155&code=00101008108&supplier_code=00100005&order_time=2021-04-27 HTTP/1.1" 200 412
116.230.114.112 - - [27/Apr/2021:09:28:58 +0800] "GET /xingrg/check_reg.html?_=1619486941493 HTTP/1.1" 200 22
120.204.17.68 - - [27/Apr/2021:09:28:59 +0800] "GET /xingrg/login.html HTTP/1.1" 200 7641
116.230.110.80 - - [27/Apr/2021:09:29:02 +0800] "GET /xingrg/kc/buy/cgsh_order_operate.html?command=get_materiel&rest_code=00155&code=00101008352&supplier_code=00100005&order_time=2021-04-27 HTTP/1.1" 200 412
124.77.71.179 - - [27/Apr/2021:09:29:04 +0800] "GET /xingrg/all/function/internal_message.html?_=1619486938905&CODE_STATE=getMsg HTTP/1.1" 200 27
61.165.42.208 - - [27/Apr/2021:09:29:04 +0800] "GET /xingrg/kc/buy/cgsh_order_operate.html?command=get_materiel&rest_code=00105&code=00101006174&supplier_code=00100012&order_time=2021-04-27 HTTP/1.1" 200 414
58.40.7.146 - - [27/Apr/2021:09:29:10 +0800] "GET /xingrg/all/function/internal_message.html?_=1619486946787&CODE_STATE=getMsg HTTP/1.1" 200 27
180.161.124.236 - - [27/Apr/2021:09:29:10 +0800] "GET /xingrg/all/function/internal_message.html?_=1619487229277&CODE_STATE=getMsg HTTP/1.1" 200 27
58.40.7.146 - - [27/Apr/2021:09:29:14 +0800] "GET /xingrg/all/function/internal_message.html?_=1619486950959&CODE_STATE=getMsg HTTP/1.1" 200 27
116.233.76.188 - - [27/Apr/2021:09:29:16 +0800] "GET /xingrg/all/function/internal_message.html?_=1619486953109&CODE_STATE=getMsg HTTP/1.1" 200 27
116.224.253.72 - - [27/Apr/2021:09:29:17 +0800] "GET /xingrg/all/function/internal_message.html?_=1619486959229&CODE_STATE=getMsg HTTP/1.1" 200 27
61.165.42.208 - - [27/Apr/2021:09:29:17 +0800] "GET /xingrg/kc/buy/cgsh_order_operate.html?command=get_materiel&rest_code=00105&code=00101006025&supplier_code=00100012&order_time=2021-04-27 HTTP/1.1" 200 417
61.165.42.208 - - [27/Apr/2021:09:29:19 +0800] "GET /xingrg/all/function/internal_message.html?_=1619486956016&CODE_STATE=getMsg HTTP/1.1" 200 27
116.233.76.188 - - [27/Apr/2021:09:29:20 +0800] "GET /xingrg/kc/buy/cgsh_order_operate.html?command=get_materiel&rest_code=00109&code=00102009407&supplier_code=00100099&order_time=2021-04-27 HTTP/1.1" 200 415
180.169.147.146 - - [27/Apr/2021:09:29:22 +0800] "GET /xingrg/all/function/internal_message.html?_=1619486961105&CODE_STATE=getMsg HTTP/1.1" 200 27
116.230.110.80 - - [27/Apr/2021:09:29:24 +0800] "GET /xingrg/kc/buy/cgsh_order_operate.html?command=get_materiel&rest_code=00155&code=00101008353&supplier_code=00100005&order_time=2021-04-27 HTTP/1.1" 200 408
116.224.253.72 - - [27/Apr/2021:09:29:29 +0800] "GET /xingrg/all/function/internal_message.html?_=1619486966449&CODE_STATE=getMsg HTTP/1.1" 200 27
114.83.219.183 - - [27/Apr/2021:09:29:30 +0800] "GET /xingrg/all/function/internal_message.html?_=1619486967343&CODE_STATE=getMsg HTTP/1.1" 200 27
114.88.160.164 - - [27/Apr/2021:09:29:30 +0800] "GET /xingrg/all/function/internal_message.html?_=1619486966767&CODE_STATE=getMsg HTTP/1.1" 200 27
116.230.110.80 - - [27/Apr/2021:09:29:32 +0800] "GET /xingrg/all/function/internal_message.html?_=1619486968847&CODE_STATE=getMsg HTTP/1.1" 200 27
61.165.42.208 - - [27/Apr/2021:09:29:34 +0800] "GET /xingrg/kc/buy/cgsh_order_operate.html?command=get_materiel&rest_code=00105&code=00101006130&supplier_code=00100012&order_time=2021-04-27 HTTP/1.1" 200 427
116.230.114.112 - - [27/Apr/2021:09:29:34 +0800] "GET /xingrg/all/function/internal_message.html?_=1619486978012&CODE_STATE=getMsg HTTP/1.1" 200 27
116.233.76.188 - - [27/Apr/2021:09:29:43 +0800] "GET /xingrg/kc/buy/cgsh_order_operate.html?command=get_materiel&rest_code=00109&code=00102009408&supplier_code=00100099&order_time=2021-04-27 HTTP/1.1" 200 421
61.165.42.208 - - [27/Apr/2021:09:29:46 +0800] "GET /xingrg/kc/buy/cgsh_order_operate.html?command=get_materiel&rest_code=00105&code=00101006109&supplier_code=00100012&order_time=2021-04-27 HTTP/1.1" 200 409
117.185.32.26 - - [27/Apr/2021:09:29:47 +0800] "GET /xingrg/all/function/internal_message.html?_=1619486983641&CODE_STATE=getMsg HTTP/1.1" 200 27
183.192.164.97 - - [27/Apr/2021:09:29:50 +0800] "GET /xingrg/check_reg.html?_=1619486923638 HTTP/1.1" 302 -
116.230.114.112 - - [27/Apr/2021:09:29:50 +0800] "GET /xingrg/javascript/jquery_easy_ui/themes/default/images/tabs_active.png HTTP/1.1" 304 -
180.169.147.146 - - [27/Apr/2021:09:29:52 +0800] "GET /xingrg/all/function/internal_message.html?_=1619486988041&CODE_STATE=getMsg HTTP/1.1" 200 27
61.165.42.208 - - [27/Apr/2021:09:29:53 +0800] "GET /xingrg/kc/buy/cgsh_order_operate.html?command=get_materiel&rest_code=00105&code=00101006112&supplier_code=00100012&order_time=2021-04-27 HTTP/1.1" 200 409
58.37.228.113 - - [27/Apr/2021:09:29:54 +0800] "GET /xingrg/all/function/internal_message.html?_=1619486969190&CODE_STATE=getMsg HTTP/1.1" 200 27
183.192.164.97 - - [27/Apr/2021:09:29:56 +0800] "GET /xingrg/login.html HTTP/1.1" 200 7641
116.233.76.188 - - [27/Apr/2021:09:30:02 +0800] "GET /xingrg/kc/buy/cgsh_order_operate.html?command=get_materiel&rest_code=00109&code=00102009057&supplier_code=00100099&order_time=2021-04-27 HTTP/1.1" 200 420
116.230.114.112 - - [27/Apr/2021:09:30:02 +0800] "GET /xingrg/kc/buy/cgsh_order_add.html HTTP/1.1" 200 62292
116.230.110.80 - - [27/Apr/2021:09:30:02 +0800] "POST /xingrg/kc/buy/cgsh_order_operate.html HTTP/1.1" 200 2065
116.230.114.112 - - [27/Apr/2021:09:30:03 +0800] "POST /xingrg/kc/buy/cgsh_order_operate.html HTTP/1.1" 200 8245
116.230.114.112 - - [27/Apr/2021:09:30:03 +0800] "GET /xingrg/javascript/easyui/themes/default/validatebox.css HTTP/1.1" 404 1104
61.165.42.208 - - [27/Apr/2021:09:30:04 +0800] "GET /xingrg/kc/buy/cgsh_order_operate.html?command=get_materiel&rest_code=00105&code=00101006106&supplier_code=00100012&order_time=2021-04-27 HTTP/1.1" 200 421
124.77.71.179 - - [27/Apr/2021:09:30:04 +0800] "GET /xingrg/all/function/internal_message.html?_=1619486998904&CODE_STATE=getMsg HTTP/1.1" 200 27
116.230.110.80 - - [27/Apr/2021:09:30:07 +0800] "GET /xingrg/kc/buy/cgsh_order_operate.html?command=get_materiel&rest_code=00155&code=00101008213&supplier_code=00100005&order_time=2021-04-27 HTTP/1.1" 200 412
180.161.124.236 - - [27/Apr/2021:09:30:10 +0800] "GET /xingrg/check_reg.html?_=1619487288963 HTTP/1.1" 200 22
58.40.7.146 - - [27/Apr/2021:09:30:10 +0800] "GET /xingrg/all/function/internal_message.html?_=1619487006788&CODE_STATE=getMsg HTTP/1.1" 200 27
180.161.124.236 - - [27/Apr/2021:09:30:10 +0800] "GET /xingrg/all/function/internal_message.html?_=1619487289290&CODE_STATE=getMsg HTTP/1.1" 200 27
116.233.76.188 - - [27/Apr/2021:09:30:13 +0800] "POST /xingrg/kc/buy/cgsh_order_operate.html HTTP/1.1" 200 37
58.40.7.146 - - [27/Apr/2021:09:30:14 +0800] "GET /xingrg/all/function/internal_message.html?_=1619487010962&CODE_STATE=getMsg HTTP/1.1" 200 27
58.40.7.146 - - [27/Apr/2021:09:30:14 +0800] "GET /xingrg/check_reg.html?_=1619487010964 HTTP/1.1" 200 22
116.233.76.188 - - [27/Apr/2021:09:30:15 +0800] "POST /xingrg/kc/buy/cgsh_order_operate.html HTTP/1.1" 200 5650
116.230.110.80 - - [27/Apr/2021:09:30:15 +0800] "GET /xingrg/kc/buy/cgsh_order_operate.html?command=get_materiel&rest_code=00155&code=00101008110&supplier_code=00100005&order_time=2021-04-27 HTTP/1.1" 200 408
116.233.76.188 - - [27/Apr/2021:09:30:16 +0800] "GET /xingrg/all/function/internal_message.html?_=1619487013112&CODE_STATE=getMsg HTTP/1.1" 200 27
116.233.76.188 - - [27/Apr/2021:09:30:16 +0800] "GET /xingrg/kc/print/load_config.html?kc_code=cgsh HTTP/1.1" 200 1845
116.233.76.188 - - [27/Apr/2021:09:30:16 +0800] "GET /xingrg/kc/print/load_data.html?order_code=212021042711436&kc_code=cgsh&condition= HTTP/1.1" 200 1799
116.230.114.112 - - [27/Apr/2021:09:30:17 +0800] "GET /xingrg/kc/buy/cgsh_order_operate.html?command=get_materiel&rest_code=00146&code=00101006025&supplier_code=00100012&order_time=2021-04-27 HTTP/1.1" 200 417
116.224.253.72 - - [27/Apr/2021:09:30:17 +0800] "GET /xingrg/check_reg.html?_=1619487019124 HTTP/1.1" 200 22
116.224.253.72 - - [27/Apr/2021:09:30:17 +0800] "GET /xingrg/all/function/internal_message.html?_=1619487019243&CODE_STATE=getMsg HTTP/1.1" 200 27
61.165.42.208 - - [27/Apr/2021:09:30:19 +0800] "GET /xingrg/check_reg.html?_=1619487016020 HTTP/1.1" 200 22
61.165.42.208 - - [27/Apr/2021:09:30:19 +0800] "GET /xingrg/all/function/internal_message.html?_=1619487016022&CODE_STATE=getMsg HTTP/1.1" 200 27
180.169.147.146 - - [27/Apr/2021:09:30:22 +0800] "GET /xingrg/all/function/internal_message.html?_=1619487021104&CODE_STATE=getMsg HTTP/1.1" 200 27
116.230.110.80 - - [27/Apr/2021:09:30:23 +0800] "GET /xingrg/kc/buy/cgsh_order_operate.html?command=get_materiel&rest_code=00155&code=00101008283&supplier_code=00100005&order_time=2021-04-27 HTTP/1.1" 200 408
61.165.42.208 - - [27/Apr/2021:09:30:26 +0800] "GET /xingrg/kc/buy/cgsh_order_operate.html?command=get_materiel&rest_code=00105&code=00101006129&supplier_code=00100012&order_time=2021-04-27 HTTP/1.1" 200 431
58.37.228.113 - - [27/Apr/2021:09:30:27 +0800] "GET /xingrg/check_reg.html?_=1619487002533 HTTP/1.1" 200 22
116.224.253.72 - - [27/Apr/2021:09:30:29 +0800] "GET /xingrg/all/function/internal_message.html?_=1619487026450&CODE_STATE=getMsg HTTP/1.1" 200 27
116.230.110.80 - - [27/Apr/2021:09:30:29 +0800] "GET /xingrg/kc/buy/cgsh_order_operate.html?command=get_materiel&rest_code=00155&code=00101008298&supplier_code=00100005&order_time=2021-04-27 HTTP/1.1" 200 413
114.83.219.183 - - [27/Apr/2021:09:30:30 +0800] "GET /xingrg/all/function/internal_message.html?_=1619487027323&CODE_STATE=getMsg HTTP/1.1" 200 27
114.88.160.164 - - [27/Apr/2021:09:30:31 +0800] "GET /xingrg/all/function/internal_message.html?_=1619487026899&CODE_STATE=getMsg HTTP/1.1" 200 27
116.230.110.80 - - [27/Apr/2021:09:30:32 +0800] "GET /xingrg/all/function/internal_message.html?_=1619487028847&CODE_STATE=getMsg HTTP/1.1" 200 27
116.230.114.112 - - [27/Apr/2021:09:30:34 +0800] "GET /xingrg/all/function/internal_message.html?_=1619487038026&CODE_STATE=getMsg HTTP/1.1" 200 27
116.230.110.80 - - [27/Apr/2021:09:30:35 +0800] "GET /xingrg/kc/buy/cgsh_order_operate.html?command=get_materiel&rest_code=00155&code=00101008559&supplier_code=00100005&order_time=2021-04-27 HTTP/1.1" 200 399
116.230.110.80 - - [27/Apr/2021:09:30:37 +0800] "POST /xingrg/kc/buy/cgsh_order_operate.html HTTP/1.1" 200 2065
61.165.42.208 - - [27/Apr/2021:09:30:42 +0800] "POST /xingrg/kc/buy/cgsh_order_operate.html HTTP/1.1" 200 37
61.165.42.208 - - [27/Apr/2021:09:30:43 +0800] "POST /xingrg/kc/buy/cgsh_order_operate.html HTTP/1.1" 200 6842
124.77.71.179 - - [27/Apr/2021:09:30:46 +0800] "POST /xingrg/services/DataTransmitService HTTP/1.1" 200 524
124.77.71.179 - - [27/Apr/2021:09:30:47 +0800] "POST /xingrg/services/DataTransmitService HTTP/1.1" 200 501
117.185.32.26 - - [27/Apr/2021:09:30:47 +0800] "GET /xingrg/all/function/internal_message.html?_=1619487043641&CODE_STATE=getMsg HTTP/1.1" 200 27
116.230.110.80 - - [27/Apr/2021:09:30:50 +0800] "GET /xingrg/kc/buy/cgsh_order_operate.html?command=get_materiel&rest_code=00155&code=00101008161&supplier_code=00100005&order_time=2021-04-27 HTTP/1.1" 200 409
116.230.114.112 - - [27/Apr/2021:09:30:52 +0800] "GET /xingrg/kc/buy/cgsh_order_operate.html?command=get_materiel&rest_code=00146&code=00101006133&supplier_code=00100012&order_time=2021-04-27 HTTP/1.1" 200 413
180.169.147.146 - - [27/Apr/2021:09:30:52 +0800] "GET /xingrg/all/function/internal_message.html?_=1619487048040&CODE_STATE=getMsg HTTP/1.1" 200 27
58.37.228.113 - - [27/Apr/2021:09:30:54 +0800] "GET /xingrg/all/function/internal_message.html?_=1619487029164&CODE_STATE=getMsg HTTP/1.1" 200 27
116.230.110.80 - - [27/Apr/2021:09:30:58 +0800] "GET /xingrg/kc/buy/cgsh_order_operate.html?command=get_materiel&rest_code=00155&code=00101008208&supplier_code=00100005&order_time=2021-04-27 HTTP/1.1" 200 409
124.77.71.179 - - [27/Apr/2021:09:31:04 +0800] "GET /xingrg/all/function/internal_message.html?_=1619487058904&CODE_STATE=getMsg HTTP/1.1" 200 27
116.230.114.112 - - [27/Apr/2021:09:31:06 +0800] "GET /xingrg/kc/buy/cgsh_order_operate.html?command=get_materiel&rest_code=00146&code=00101006055&supplier_code=00100012&order_time=2021-04-27 HTTP/1.1" 200 409
58.40.7.146 - - [27/Apr/2021:09:31:10 +0800] "GET /xingrg/all/function/internal_message.html?_=1619487066790&CODE_STATE=getMsg HTTP/1.1" 200 27
180.161.124.236 - - [27/Apr/2021:09:31:10 +0800] "GET /xingrg/all/function/internal_message.html?_=1619487349303&CODE_STATE=getMsg HTTP/1.1" 200 27
58.40.7.146 - - [27/Apr/2021:09:31:14 +0800] "GET /xingrg/all/function/internal_message.html?_=1619487070950&CODE_STATE=getMsg HTTP/1.1" 200 27
58.221.95.50 - - [27/Apr/2021:09:31:14 +0800] "GET /xingrg/check_reg.html?_=1619487074500 HTTP/1.1" 302 -
116.233.76.188 - - [27/Apr/2021:09:31:16 +0800] "GET /xingrg/all/function/internal_message.html?_=1619487073115&CODE_STATE=getMsg HTTP/1.1" 200 27
116.224.253.72 - - [27/Apr/2021:09:31:17 +0800] "GET /xingrg/all/function/internal_message.html?_=1619487079271&CODE_STATE=getMsg HTTP/1.1" 200 27
116.230.110.80 - - [27/Apr/2021:09:31:18 +0800] "GET /xingrg/kc/buy/cgsh_order_operate.html?command=get_materiel&rest_code=00155&code=00101013165&supplier_code=00100005&order_time=2021-04-27 HTTP/1.1" 200 409
61.165.42.208 - - [27/Apr/2021:09:31:19 +0800] "GET /xingrg/all/function/internal_message.html?_=1619487075993&CODE_STATE=getMsg HTTP/1.1" 200 27
116.230.114.112 - - [27/Apr/2021:09:31:22 +0800] "GET /xingrg/kc/buy/cgsh_order_operate.html?command=get_materiel&rest_code=00146&code=00101006065&supplier_code=00100012&order_time=2021-04-27 HTTP/1.1" 200 409
180.169.147.146 - - [27/Apr/2021:09:31:22 +0800] "GET /xingrg/all/function/internal_message.html?_=1619487081110&CODE_STATE=getMsg HTTP/1.1" 200 27
116.230.110.80 - - [27/Apr/2021:09:31:27 +0800] "GET /xingrg/kc/buy/cgsh_order_operate.html?command=get_materiel&rest_code=00155&code=00101008114&supplier_code=00100005&order_time=2021-04-27 HTTP/1.1" 200 412
116.224.253.72 - - [27/Apr/2021:09:31:29 +0800] "GET /xingrg/all/function/internal_message.html?_=1619487086452&CODE_STATE=getMsg HTTP/1.1" 200 27
116.230.110.80 - - [27/Apr/2021:09:31:30 +0800] "POST /xingrg/kc/buy/cgsh_order_operate.html HTTP/1.1" 200 2065
114.83.219.183 - - [27/Apr/2021:09:31:30 +0800] "GET /xingrg/all/function/internal_message.html?_=1619487087313&CODE_STATE=getMsg HTTP/1.1" 200 27
114.88.160.164 - - [27/Apr/2021:09:31:31 +0800] "GET /xingrg/all/function/internal_message.html?_=1619487086904&CODE_STATE=getMsg HTTP/1.1" 200 27
116.230.110.80 - - [27/Apr/2021:09:31:32 +0800] "GET /xingrg/all/function/internal_message.html?_=1619487088896&CODE_STATE=getMsg HTTP/1.1" 200 27
116.230.114.112 - - [27/Apr/2021:09:31:32 +0800] "GET /xingrg/kc/buy/cgsh_order_operate.html?command=get_materiel&rest_code=00146&code=00101006111&supplier_code=00100012&order_time=2021-04-27 HTTP/1.1" 200 409
116.230.114.112 - - [27/Apr/2021:09:31:34 +0800] "GET /xingrg/all/function/internal_message.html?_=1619487098040&CODE_STATE=getMsg HTTP/1.1" 200 27
116.230.110.80 - - [27/Apr/2021:09:31:35 +0800] "GET /xingrg/kc/buy/cgsh_order_operate.html?command=get_materiel&rest_code=00155&code=00101008172&supplier_code=00100005&order_time=2021-04-27 HTTP/1.1" 200 412
116.230.114.112 - - [27/Apr/2021:09:31:47 +0800] "GET /xingrg/kc/buy/cgsh_order_operate.html?command=get_materiel&rest_code=00146&code=00101006056&supplier_code=00100012&order_time=2021-04-27 HTTP/1.1" 200 413
117.185.32.26 - - [27/Apr/2021:09:31:47 +0800] "GET /xingrg/all/function/internal_message.html?_=1619487103644&CODE_STATE=getMsg HTTP/1.1" 200 27
180.169.147.146 - - [27/Apr/2021:09:31:52 +0800] "GET /xingrg/all/function/internal_message.html?_=1619487108039&CODE_STATE=getMsg HTTP/1.1" 200 27
58.37.228.113 - - [27/Apr/2021:09:31:54 +0800] "GET /xingrg/all/function/internal_message.html?_=1619487089134&CODE_STATE=getMsg HTTP/1.1" 200 27
116.230.114.112 - - [27/Apr/2021:09:31:57 +0800] "POST /xingrg/kc/buy/cgsh_order_operate.html HTTP/1.1" 200 37
116.230.114.112 - - [27/Apr/2021:09:31:59 +0800] "POST /xingrg/kc/buy/cgsh_order_operate.html HTTP/1.1" 200 5616
116.230.114.112 - - [27/Apr/2021:09:32:02 +0800] "GET /xingrg/kc/print/load_data.html?order_code=212021042711438&kc_code=cgsh&condition= HTTP/1.1" 200 1902
124.77.71.179 - - [27/Apr/2021:09:32:04 +0800] "GET /xingrg/check_reg.html?_=1619487118904 HTTP/1.1" 200 22
124.77.71.179 - - [27/Apr/2021:09:32:04 +0800] "GET /xingrg/all/function/internal_message.html?_=1619487118905&CODE_STATE=getMsg HTTP/1.1" 200 27
58.40.7.146 - - [27/Apr/2021:09:32:10 +0800] "GET /xingrg/all/function/internal_message.html?_=1619487126794&CODE_STATE=getMsg HTTP/1.1" 200 27
58.40.7.146 - - [27/Apr/2021:09:32:10 +0800] "GET /xingrg/check_reg.html?_=1619487126796 HTTP/1.1" 200 22
180.161.124.236 - - [27/Apr/2021:09:32:10 +0800] "GET /xingrg/all/function/internal_message.html?_=1619487409316&CODE_STATE=getMsg HTTP/1.1" 200 27
58.40.7.146 - - [27/Apr/2021:09:32:14 +0800] "GET /xingrg/all/function/internal_message.html?_=1619487130954&CODE_STATE=getMsg HTTP/1.1" 200 27
61.165.42.208 - - [27/Apr/2021:09:32:14 +0800] "GET /xingrg/kc/buy/cgsh_order_list.html HTTP/1.1" 200 46548
116.233.76.188 - - [27/Apr/2021:09:32:16 +0800] "GET /xingrg/all/function/internal_message.html?_=1619487133115&CODE_STATE=getMsg HTTP/1.1" 200 27
61.165.42.208 - - [27/Apr/2021:09:32:17 +0800] "POST /xingrg/kc/buy/cgsh_list_operate.html HTTP/1.1" 200 3131
116.224.253.72 - - [27/Apr/2021:09:32:17 +0800] "GET /xingrg/all/function/internal_message.html?_=1619487139285&CODE_STATE=getMsg HTTP/1.1" 200 27
116.230.117.165 - - [27/Apr/2021:09:32:18 +0800] "POST /xingrg/services/DataTransmitService HTTP/1.1" 200 524
116.230.117.165 - - [27/Apr/2021:09:32:19 +0800] "POST /xingrg/services/DataTransmitService HTTP/1.1" 200 2171
61.165.42.208 - - [27/Apr/2021:09:32:19 +0800] "GET /xingrg/all/function/internal_message.html?_=1619487135988&CODE_STATE=getMsg HTTP/1.1" 200 27
116.230.117.165 - - [27/Apr/2021:09:32:19 +0800] "POST /xingrg/services/DataTransmitService HTTP/1.1" 200 157599
61.165.42.208 - - [27/Apr/2021:09:32:22 +0800] "POST /xingrg/kc/buy/cgsh_list_operate.html HTTP/1.1" 200 566
61.165.42.208 - - [27/Apr/2021:09:32:22 +0800] "GET /xingrg/kc/buy/cgsh_order_info.html?code=212021042711419 HTTP/1.1" 200 62336
180.169.147.146 - - [27/Apr/2021:09:32:22 +0800] "GET /xingrg/all/function/internal_message.html?_=1619487141112&CODE_STATE=getMsg HTTP/1.1" 200 27
180.169.147.146 - - [27/Apr/2021:09:32:22 +0800] "GET /xingrg/check_reg.html?_=1619487141118 HTTP/1.1" 200 22
61.165.42.208 - - [27/Apr/2021:09:32:23 +0800] "GET /xingrg/javascript/easyui/themes/default/validatebox.css HTTP/1.1" 404 1104
61.165.42.208 - - [27/Apr/2021:09:32:23 +0800] "POST /xingrg/kc/buy/cgsh_order_operate.html HTTP/1.1" 200 52958
116.224.253.72 - - [27/Apr/2021:09:32:29 +0800] "GET /xingrg/all/function/internal_message.html?_=1619487146451&CODE_STATE=getMsg HTTP/1.1" 200 27
114.83.219.183 - - [27/Apr/2021:09:32:30 +0800] "GET /xingrg/all/function/internal_message.html?_=1619487147287&CODE_STATE=getMsg HTTP/1.1" 200 27
114.83.219.183 - - [27/Apr/2021:09:32:30 +0800] "GET /xingrg/check_reg.html?_=1619487147344 HTTP/1.1" 200 22
114.88.160.164 - - [27/Apr/2021:09:32:30 +0800] "GET /xingrg/check_reg.html?_=1619487146715 HTTP/1.1" 200 22
114.88.160.164 - - [27/Apr/2021:09:32:31 +0800] "GET /xingrg/all/function/internal_message.html?_=1619487146919&CODE_STATE=getMsg HTTP/1.1" 200 27
116.230.110.80 - - [27/Apr/2021:09:32:32 +0800] "GET /xingrg/all/function/internal_message.html?_=1619487148880&CODE_STATE=getMsg HTTP/1.1" 200 27
116.230.114.112 - - [27/Apr/2021:09:32:35 +0800] "GET /xingrg/all/function/internal_message.html?_=1619487158273&CODE_STATE=getMsg HTTP/1.1" 200 27
117.185.32.26 - - [27/Apr/2021:09:32:47 +0800] "GET /xingrg/all/function/internal_message.html?_=1619487163643&CODE_STATE=getMsg HTTP/1.1" 200 27
116.230.117.165 - - [27/Apr/2021:09:32:51 +0800] "POST /xingrg/services/DataTransmitService HTTP/1.1" 200 524
116.230.117.165 - - [27/Apr/2021:09:32:51 +0800] "POST /xingrg/services/DataTransmitService HTTP/1.1" 200 2171
180.169.147.146 - - [27/Apr/2021:09:32:52 +0800] "GET /xingrg/all/function/internal_message.html?_=1619487168037&CODE_STATE=getMsg HTTP/1.1" 200 27
58.37.228.113 - - [27/Apr/2021:09:32:54 +0800] "GET /xingrg/all/function/internal_message.html?_=1619487149138&CODE_STATE=getMsg HTTP/1.1" 200 27
116.230.110.80 - - [27/Apr/2021:09:32:59 +0800] "POST /xingrg/kc/buy/cgsh_order_operate.html HTTP/1.1" 200 37
116.230.110.80 - - [27/Apr/2021:09:33:00 +0800] "POST /xingrg/kc/buy/cgsh_order_operate.html HTTP/1.1" 200 25739
116.230.110.80 - - [27/Apr/2021:09:33:02 +0800] "GET /xingrg/kc/print/load_data.html?order_code=212021042711439&kc_code=cgsh HTTP/1.1" 200 9459
124.77.71.179 - - [27/Apr/2021:09:33:04 +0800] "GET /xingrg/all/function/internal_message.html?_=1619487178926&CODE_STATE=getMsg HTTP/1.1" 200 27
58.40.7.146 - - [27/Apr/2021:09:33:10 +0800] "GET /xingrg/all/function/internal_message.html?_=1619487186799&CODE_STATE=getMsg HTTP/1.1" 200 27
180.161.124.236 - - [27/Apr/2021:09:33:10 +0800] "GET /xingrg/all/function/internal_message.html?_=1619487469331&CODE_STATE=getMsg HTTP/1.1" 200 27
58.40.7.146 - - [27/Apr/2021:09:33:14 +0800] "GET /xingrg/all/function/internal_message.html?_=1619487190956&CODE_STATE=getMsg HTTP/1.1" 200 27
116.233.76.188 - - [27/Apr/2021:09:33:16 +0800] "GET /xingrg/all/function/internal_message.html?_=1619487193117&CODE_STATE=getMsg HTTP/1.1" 200 27
116.233.76.188 - - [27/Apr/2021:09:33:16 +0800] "GET /xingrg/check_reg.html?_=1619487193120 HTTP/1.1" 200 22
116.224.253.72 - - [27/Apr/2021:09:33:17 +0800] "GET /xingrg/all/function/internal_message.html?_=1619487199307&CODE_STATE=getMsg HTTP/1.1" 200 27
61.165.42.208 - - [27/Apr/2021:09:33:19 +0800] "GET /xingrg/all/function/internal_message.html?_=1619487195992&CODE_STATE=getMsg HTTP/1.1" 200 27
180.169.147.146 - - [27/Apr/2021:09:33:22 +0800] "GET /xingrg/all/function/internal_message.html?_=1619487201118&CODE_STATE=getMsg HTTP/1.1" 200 27
116.224.253.72 - - [27/Apr/2021:09:33:29 +0800] "GET /xingrg/check_reg.html?_=1619487206480 HTTP/1.1" 200 22
116.224.253.72 - - [27/Apr/2021:09:33:29 +0800] "GET /xingrg/all/function/internal_message.html?_=1619487206483&CODE_STATE=getMsg HTTP/1.1" 200 27
114.83.219.183 - - [27/Apr/2021:09:33:30 +0800] "GET /xingrg/all/function/internal_message.html?_=1619487207267&CODE_STATE=getMsg HTTP/1.1" 200 27
114.88.160.164 - - [27/Apr/2021:09:33:31 +0800] "GET /xingrg/all/function/internal_message.html?_=1619487206932&CODE_STATE=getMsg HTTP/1.1" 200 27
116.230.110.80 - - [27/Apr/2021:09:33:32 +0800] "GET /xingrg/check_reg.html?_=1619487208847 HTTP/1.1" 200 22
116.230.110.80 - - [27/Apr/2021:09:33:32 +0800] "GET /xingrg/all/function/internal_message.html?_=1619487208851&CODE_STATE=getMsg HTTP/1.1" 200 27
116.230.114.112 - - [27/Apr/2021:09:33:35 +0800] "GET /xingrg/all/function/internal_message.html?_=1619487218285&CODE_STATE=getMsg HTTP/1.1" 200 27
117.185.32.26 - - [27/Apr/2021:09:33:47 +0800] "GET /xingrg/check_reg.html?_=1619487223641 HTTP/1.1" 200 22
117.185.32.26 - - [27/Apr/2021:09:33:47 +0800] "GET /xingrg/all/function/internal_message.html?_=1619487223643&CODE_STATE=getMsg HTTP/1.1" 200 27
120.204.17.68 - - [27/Apr/2021:09:33:48 +0800] "GET /xingrg/all/function/internal_message.html?_=1619487163643&CODE_STATE=getMsg HTTP/1.1" 302 -
120.204.17.68 - - [27/Apr/2021:09:33:49 +0800] "GET /xingrg/login.html HTTP/1.1" 200 7641
180.169.147.146 - - [27/Apr/2021:09:33:52 +0800] "GET /xingrg/all/function/internal_message.html?_=1619487228051&CODE_STATE=getMsg HTTP/1.1" 200 27
180.169.147.146 - - [27/Apr/2021:09:33:52 +0800] "GET /xingrg/check_reg.html?_=1619487228052 HTTP/1.1" 200 22
58.37.228.113 - - [27/Apr/2021:09:33:54 +0800] "GET /xingrg/all/function/internal_message.html?_=1619487209112&CODE_STATE=getMsg HTTP/1.1" 200 27
116.230.114.112 - - [27/Apr/2021:09:33:58 +0800] "GET /xingrg/check_reg.html?_=1619487241754 HTTP/1.1" 200 22
124.77.71.179 - - [27/Apr/2021:09:34:04 +0800] "GET /xingrg/all/function/internal_message.html?_=1619487238915&CODE_STATE=getMsg HTTP/1.1" 200 27
58.40.7.146 - - [27/Apr/2021:09:34:10 +0800] "GET /xingrg/all/function/internal_message.html?_=1619487246786&CODE_STATE=getMsg HTTP/1.1" 200 27
180.161.124.236 - - [27/Apr/2021:09:34:10 +0800] "GET /xingrg/all/function/internal_message.html?_=1619487529343&CODE_STATE=getMsg HTTP/1.1" 200 27
58.40.7.146 - - [27/Apr/2021:09:34:14 +0800] "GET /xingrg/all/function/internal_message.html?_=1619487250960&CODE_STATE=getMsg HTTP/1.1" 200 27
116.233.76.188 - - [27/Apr/2021:09:34:16 +0800] "GET /xingrg/all/function/internal_message.html?_=1619487253516&CODE_STATE=getMsg HTTP/1.1" 200 27
116.224.253.72 - - [27/Apr/2021:09:34:17 +0800] "GET /xingrg/all/function/internal_message.html?_=1619487259313&CODE_STATE=getMsg HTTP/1.1" 200 27
114.88.160.164 - - [27/Apr/2021:09:34:18 +0800] "GET /xingrg/kc/buy/cgsh_order_operate.html?command=get_materiel&rest_code=00111&code=00101016105&supplier_code=00100037&order_time=2021-04-27 HTTP/1.1" 200 409
61.165.42.208 - - [27/Apr/2021:09:34:19 +0800] "GET /xingrg/all/function/internal_message.html?_=1619487255992&CODE_STATE=getMsg HTTP/1.1" 200 27
180.169.147.146 - - [27/Apr/2021:09:34:22 +0800] "GET /xingrg/all/function/internal_message.html?_=1619487261118&CODE_STATE=getMsg HTTP/1.1" 200 27
116.224.253.72 - - [27/Apr/2021:09:34:29 +0800] "GET /xingrg/all/function/internal_message.html?_=1619487266484&CODE_STATE=getMsg HTTP/1.1" 200 27
114.83.219.183 - - [27/Apr/2021:09:34:30 +0800] "GET /xingrg/all/function/internal_message.html?_=1619487267240&CODE_STATE=getMsg HTTP/1.1" 200 27
114.88.160.164 - - [27/Apr/2021:09:34:31 +0800] "GET /xingrg/all/function/internal_message.html?_=1619487266946&CODE_STATE=getMsg HTTP/1.1" 200 27
116.230.110.80 - - [27/Apr/2021:09:34:32 +0800] "GET /xingrg/all/function/internal_message.html?_=1619487268852&CODE_STATE=getMsg HTTP/1.1" 200 27
116.230.114.112 - - [27/Apr/2021:09:34:35 +0800] "GET /xingrg/all/function/internal_message.html?_=1619487278299&CODE_STATE=getMsg HTTP/1.1" 200 27
117.185.32.26 - - [27/Apr/2021:09:34:47 +0800] "GET /xingrg/all/function/internal_message.html?_=1619487283642&CODE_STATE=getMsg HTTP/1.1" 200 27
180.169.147.146 - - [27/Apr/2021:09:34:52 +0800] "GET /xingrg/all/function/internal_message.html?_=1619487288050&CODE_STATE=getMsg HTTP/1.1" 200 27
58.37.228.113 - - [27/Apr/2021:09:34:54 +0800] "GET /xingrg/all/function/internal_message.html?_=1619487269086&CODE_STATE=getMsg HTTP/1.1" 200 27
124.77.71.179 - - [27/Apr/2021:09:35:04 +0800] "GET /xingrg/all/function/internal_message.html?_=1619487298914&CODE_STATE=getMsg HTTP/1.1" 200 27
180.161.124.236 - - [27/Apr/2021:09:35:10 +0800] "GET /xingrg/check_reg.html?_=1619487588975 HTTP/1.1" 200 22
58.40.7.146 - - [27/Apr/2021:09:35:10 +0800] "GET /xingrg/all/function/internal_message.html?_=1619487306788&CODE_STATE=getMsg HTTP/1.1" 200 27
180.161.124.236 - - [27/Apr/2021:09:35:10 +0800] "GET /xingrg/all/function/internal_message.html?_=1619487589356&CODE_STATE=getMsg HTTP/1.1" 200 27
58.40.7.146 - - [27/Apr/2021:09:35:14 +0800] "GET /xingrg/all/function/internal_message.html?_=1619487310962&CODE_STATE=getMsg HTTP/1.1" 200 27
58.40.7.146 - - [27/Apr/2021:09:35:14 +0800] "GET /xingrg/check_reg.html?_=1619487310964 HTTP/1.1" 200 22
116.233.76.188 - - [27/Apr/2021:09:35:16 +0800] "GET /xingrg/all/function/internal_message.html?_=1619487313518&CODE_STATE=getMsg HTTP/1.1" 200 27
116.224.253.72 - - [27/Apr/2021:09:35:17 +0800] "GET /xingrg/check_reg.html?_=1619487319131 HTTP/1.1" 200 22
116.224.253.72 - - [27/Apr/2021:09:35:17 +0800] "GET /xingrg/all/function/internal_message.html?_=1619487319326&CODE_STATE=getMsg HTTP/1.1" 200 27
61.165.42.208 - - [27/Apr/2021:09:35:19 +0800] "GET /xingrg/check_reg.html?_=1619487315991 HTTP/1.1" 200 22
61.165.42.208 - - [27/Apr/2021:09:35:19 +0800] "GET /xingrg/all/function/internal_message.html?_=1619487315994&CODE_STATE=getMsg HTTP/1.1" 200 27
180.169.147.146 - - [27/Apr/2021:09:35:22 +0800] "GET /xingrg/all/function/internal_message.html?_=1619487321120&CODE_STATE=getMsg HTTP/1.1" 200 27
58.37.228.113 - - [27/Apr/2021:09:35:27 +0800] "GET /xingrg/check_reg.html?_=1619487302546 HTTP/1.1" 200 22
116.224.253.72 - - [27/Apr/2021:09:35:29 +0800] "GET /xingrg/all/function/internal_message.html?_=1619487326486&CODE_STATE=getMsg HTTP/1.1" 200 27
114.83.219.183 - - [27/Apr/2021:09:35:30 +0800] "GET /xingrg/all/function/internal_message.html?_=1619487327214&CODE_STATE=getMsg HTTP/1.1" 200 27
114.88.160.164 - - [27/Apr/2021:09:35:31 +0800] "GET /xingrg/all/function/internal_message.html?_=1619487326958&CODE_STATE=getMsg HTTP/1.1" 200 27
116.230.110.80 - - [27/Apr/2021:09:35:32 +0800] "GET /xingrg/all/function/internal_message.html?_=1619487328856&CODE_STATE=getMsg HTTP/1.1" 200 27
116.230.114.112 - - [27/Apr/2021:09:35:35 +0800] "GET /xingrg/all/function/internal_message.html?_=1619487338313&CODE_STATE=getMsg HTTP/1.1" 200 27
114.88.160.164 - - [27/Apr/2021:09:35:36 +0800] "GET /xingrg/kc/buy/cgsh_order_operate.html?command=get_materiel&rest_code=00111&code=00101007048&supplier_code=00100037&order_time=2021-04-27 HTTP/1.1" 200 408
117.185.32.26 - - [27/Apr/2021:09:35:47 +0800] "GET /xingrg/all/function/internal_message.html?_=1619487343642&CODE_STATE=getMsg HTTP/1.1" 200 27
180.169.147.146 - - [27/Apr/2021:09:35:52 +0800] "GET /xingrg/all/function/internal_message.html?_=1619487348079&CODE_STATE=getMsg HTTP/1.1" 200 27
58.37.228.113 - - [27/Apr/2021:09:35:54 +0800] "GET /xingrg/all/function/internal_message.html?_=1619487329057&CODE_STATE=getMsg HTTP/1.1" 200 27
114.88.160.164 - - [27/Apr/2021:09:35:57 +0800] "GET /xingrg/kc/buy/cgsh_order_operate.html?command=get_materiel&rest_code=00111&code=00101016025&supplier_code=00100037&order_time=2021-04-27 HTTP/1.1" 200 408
124.77.71.179 - - [27/Apr/2021:09:36:04 +0800] "GET /xingrg/all/function/internal_message.html?_=1619487358929&CODE_STATE=getMsg HTTP/1.1" 200 27
58.40.7.146 - - [27/Apr/2021:09:36:10 +0800] "GET /xingrg/all/function/internal_message.html?_=1619487366791&CODE_STATE=getMsg HTTP/1.1" 200 27
180.161.124.236 - - [27/Apr/2021:09:36:10 +0800] "GET /xingrg/all/function/internal_message.html?_=1619487649370&CODE_STATE=getMsg HTTP/1.1" 200 27
58.40.7.146 - - [27/Apr/2021:09:36:14 +0800] "GET /xingrg/all/function/internal_message.html?_=1619487370965&CODE_STATE=getMsg HTTP/1.1" 200 27
58.221.95.50 - - [27/Apr/2021:09:36:14 +0800] "GET /xingrg/check_reg.html?_=1619487374519 HTTP/1.1" 302 -
114.88.160.164 - - [27/Apr/2021:09:36:15 +0800] "GET /xingrg/kc/buy/cgsh_order_operate.html?command=get_materiel&rest_code=00111&code=00101020153&supplier_code=00100037&order_time=2021-04-27 HTTP/1.1" 200 408
116.233.76.188 - - [27/Apr/2021:09:36:16 +0800] "GET /xingrg/all/function/internal_message.html?_=1619487373518&CODE_STATE=getMsg HTTP/1.1" 200 27
116.224.253.72 - - [27/Apr/2021:09:36:17 +0800] "GET /xingrg/all/function/internal_message.html?_=1619487379339&CODE_STATE=getMsg HTTP/1.1" 200 27
61.165.42.208 - - [27/Apr/2021:09:36:19 +0800] "GET /xingrg/all/function/internal_message.html?_=1619487375995&CODE_STATE=getMsg HTTP/1.1" 200 27
180.169.147.146 - - [27/Apr/2021:09:36:22 +0800] "GET /xingrg/all/function/internal_message.html?_=1619487381122&CODE_STATE=getMsg HTTP/1.1" 200 27
116.224.253.72 - - [27/Apr/2021:09:36:29 +0800] "GET /xingrg/all/function/internal_message.html?_=1619487386472&CODE_STATE=getMsg HTTP/1.1" 200 27
114.83.219.183 - - [27/Apr/2021:09:36:30 +0800] "GET /xingrg/all/function/internal_message.html?_=1619487387184&CODE_STATE=getMsg HTTP/1.1" 200 27
114.88.160.164 - - [27/Apr/2021:09:36:31 +0800] "GET /xingrg/all/function/internal_message.html?_=1619487386972&CODE_STATE=getMsg HTTP/1.1" 200 27
116.230.110.80 - - [27/Apr/2021:09:36:32 +0800] "GET /xingrg/all/function/internal_message.html?_=1619487388858&CODE_STATE=getMsg HTTP/1.1" 200 27
116.230.114.112 - - [27/Apr/2021:09:36:35 +0800] "GET /xingrg/all/function/internal_message.html?_=1619487398580&CODE_STATE=getMsg HTTP/1.1" 200 27
117.185.32.26 - - [27/Apr/2021:09:36:47 +0800] "GET /xingrg/all/function/internal_message.html?_=1619487403646&CODE_STATE=getMsg HTTP/1.1" 200 27
180.169.147.146 - - [27/Apr/2021:09:36:52 +0800] "GET /xingrg/all/function/internal_message.html?_=1619487408078&CODE_STATE=getMsg HTTP/1.1" 200 27
58.37.228.113 - - [27/Apr/2021:09:36:53 +0800] "GET /xingrg/all/function/internal_message.html?_=1619487389039&CODE_STATE=getMsg HTTP/1.1" 200 27
114.83.219.183 - - [27/Apr/2021:09:36:57 +0800] "GET /xingrg/kc/mdqp/qqps_order_list.html HTTP/1.1" 200 9222
114.83.219.183 - - [27/Apr/2021:09:36:57 +0800] "GET /xingrg/dwr/interface/AjaxQqpsService.js HTTP/1.1" 200 16326
114.83.219.183 - - [27/Apr/2021:09:36:57 +0800] "GET /xingrg/dwr/util.js HTTP/1.1" 304 -
114.83.219.183 - - [27/Apr/2021:09:36:57 +0800] "GET /xingrg/dwr/interface/AjaxReportQueryService.js HTTP/1.1" 200 13203
114.83.219.183 - - [27/Apr/2021:09:36:57 +0800] "GET /xingrg/dwr/engine.js HTTP/1.1" 200 43631
114.83.219.183 - - [27/Apr/2021:09:37:00 +0800] "POST /xingrg/dwr/call/plaincall/AjaxReportQueryService.getFixDate.dwr HTTP/1.1" 200 111
114.83.219.183 - - [27/Apr/2021:09:37:02 +0800] "GET /xingrg/kc/mdqp/qqps_order_list.html?isQuery=1&timeSelect=2&orderTime=month&startTime=2021-04-01&endTime=2021-04-30&state=all&query=%C8%B7++%B6%A8 HTTP/1.1" 200 15873
