120.253.135.82 - - [27/Apr/2021:05:51:55 +0800] "GET /xingrg/kc/buy/cgsh_order_operate.html?command=get_materiel&rest_code=00101&code=00102002299&supplier_code=00100281&order_time=2021-04-27 HTTP/1.1" 200 446
58.37.228.113 - - [27/Apr/2021:05:51:59 +0800] "GET /xingrg/all/function/internal_message.html?_=1619473894307&CODE_STATE=getMsg HTTP/1.1" 200 27
116.230.114.112 - - [27/Apr/2021:05:52:04 +0800] "GET /xingrg/check_reg.html?_=1619473925056 HTTP/1.1" 302 -
58.40.7.146 - - [27/Apr/2021:05:52:09 +0800] "GET /xingrg/all/function/internal_message.html?_=1619473926678&CODE_STATE=getMsg HTTP/1.1" 200 27
58.40.7.146 - - [27/Apr/2021:05:52:09 +0800] "GET /xingrg/check_reg.html?_=1619473926678 HTTP/1.1" 200 22
116.230.114.112 - - [27/Apr/2021:05:52:12 +0800] "GET /xingrg/all/function/internal_message.html?_=1619473933727&CODE_STATE=getMsg HTTP/1.1" 302 -
58.40.7.146 - - [27/Apr/2021:05:52:14 +0800] "GET /xingrg/all/function/internal_message.html?_=1619473930852&CODE_STATE=getMsg HTTP/1.1" 200 27
120.253.135.82 - - [27/Apr/2021:05:52:15 +0800] "POST /xingrg/kc/buy/cgsh_order_operate.html HTTP/1.1" 200 37
120.253.135.82 - - [27/Apr/2021:05:52:16 +0800] "POST /xingrg/kc/buy/cgsh_order_operate.html HTTP/1.1" 200 3288
120.253.135.82 - - [27/Apr/2021:05:52:18 +0800] "GET /xingrg/kc/print/load_data.html?order_code=212021042711398&kc_code=cgsh&condition= HTTP/1.1" 200 934
116.224.253.72 - - [27/Apr/2021:05:52:20 +0800] "GET /xingrg/all/function/internal_message.html?_=1619473942310&CODE_STATE=getMsg HTTP/1.1" 200 27
116.230.114.112 - - [27/Apr/2021:05:52:25 +0800] "GET /xingrg/all/function/internal_message.html?_=1619473948404&CODE_STATE=getMsg HTTP/1.1" 200 27
120.253.135.82 - - [27/Apr/2021:05:52:38 +0800] "GET /xingrg/check_reg.html?_=1619473735697 HTTP/1.1" 200 22
120.253.135.82 - - [27/Apr/2021:05:52:38 +0800] "GET /xingrg/all/function/internal_message.html?_=1619473735747&CODE_STATE=getMsg HTTP/1.1" 200 27
180.169.147.146 - - [27/Apr/2021:05:52:51 +0800] "GET /xingrg/all/function/internal_message.html?_=1619473966974&CODE_STATE=getMsg HTTP/1.1" 200 27
58.37.228.113 - - [27/Apr/2021:05:52:59 +0800] "GET /xingrg/all/function/internal_message.html?_=1619473954289&CODE_STATE=getMsg HTTP/1.1" 200 27
58.40.7.146 - - [27/Apr/2021:05:53:09 +0800] "GET /xingrg/all/function/internal_message.html?_=1619473986681&CODE_STATE=getMsg HTTP/1.1" 200 27
116.230.114.112 - - [27/Apr/2021:05:53:12 +0800] "GET /xingrg/all/function/internal_message.html?_=1619473993745&CODE_STATE=getMsg HTTP/1.1" 302 -
58.40.7.146 - - [27/Apr/2021:05:53:14 +0800] "GET /xingrg/all/function/internal_message.html?_=1619473990839&CODE_STATE=getMsg HTTP/1.1" 200 27
116.224.253.72 - - [27/Apr/2021:05:53:20 +0800] "GET /xingrg/all/function/internal_message.html?_=1619474002316&CODE_STATE=getMsg HTTP/1.1" 200 27
116.230.114.112 - - [27/Apr/2021:05:53:25 +0800] "GET /xingrg/all/function/internal_message.html?_=1619474008500&CODE_STATE=getMsg HTTP/1.1" 200 27
120.253.135.82 - - [27/Apr/2021:05:53:33 +0800] "POST /xingrg/kc/buy/cgsh_order_operate.html HTTP/1.1" 200 37
120.253.135.82 - - [27/Apr/2021:05:53:35 +0800] "POST /xingrg/kc/buy/cgsh_order_operate.html HTTP/1.1" 200 12
120.253.135.82 - - [27/Apr/2021:05:53:36 +0800] "GET /xingrg/kc/buy/cgsh_order_info.html?code=212021042711398 HTTP/1.1" 200 56255
120.253.135.82 - - [27/Apr/2021:05:53:36 +0800] "GET /xingrg/javascript/easyui/themes/default/validatebox.css HTTP/1.1" 404 1104
120.253.135.82 - - [27/Apr/2021:05:53:37 +0800] "POST /xingrg/kc/buy/cgsh_order_operate.html HTTP/1.1" 200 1238
120.253.135.82 - - [27/Apr/2021:05:53:38 +0800] "GET /xingrg/all/function/internal_message.html?_=1619473795766&CODE_STATE=getMsg HTTP/1.1" 200 27
120.253.135.82 - - [27/Apr/2021:05:53:40 +0800] "POST /xingrg/kc/buy/cgsh_list_operate.html HTTP/1.1" 200 876
120.253.135.82 - - [27/Apr/2021:05:53:41 +0800] "GET /xingrg/kc/buy/cgsh_order_add.html HTTP/1.1" 200 61346
120.253.135.82 - - [27/Apr/2021:05:53:42 +0800] "POST /xingrg/kc/buy/cgsh_order_operate.html HTTP/1.1" 200 8245
120.253.135.82 - - [27/Apr/2021:05:53:42 +0800] "GET /xingrg/javascript/easyui/themes/default/validatebox.css HTTP/1.1" 404 1104
120.253.135.82 - - [27/Apr/2021:05:53:46 +0800] "POST /xingrg/all/common/load_combo.html?type=employee HTTP/1.1" 200 2098
180.169.147.146 - - [27/Apr/2021:05:53:51 +0800] "GET /xingrg/all/function/internal_message.html?_=1619474026974&CODE_STATE=getMsg HTTP/1.1" 200 27
180.169.147.146 - - [27/Apr/2021:05:53:51 +0800] "GET /xingrg/check_reg.html?_=1619474026972 HTTP/1.1" 200 22
116.230.114.112 - - [27/Apr/2021:05:53:58 +0800] "GET /xingrg/check_reg.html?_=1619474041025 HTTP/1.1" 200 22
58.37.228.113 - - [27/Apr/2021:05:53:59 +0800] "GET /xingrg/all/function/internal_message.html?_=1619474014269&CODE_STATE=getMsg HTTP/1.1" 200 27
120.253.135.82 - - [27/Apr/2021:05:54:02 +0800] "GET /xingrg/kc/buy/cgsh_order_operate.html?command=get_materiel&rest_code=00101&code=00102002435&supplier_code=00100151&order_time=2021-04-27 HTTP/1.1" 200 457
58.40.7.146 - - [27/Apr/2021:05:54:09 +0800] "GET /xingrg/all/function/internal_message.html?_=1619474046682&CODE_STATE=getMsg HTTP/1.1" 200 27
116.230.114.112 - - [27/Apr/2021:05:54:12 +0800] "GET /xingrg/all/function/internal_message.html?_=1619474053755&CODE_STATE=getMsg HTTP/1.1" 302 -
58.40.7.146 - - [27/Apr/2021:05:54:14 +0800] "GET /xingrg/all/function/internal_message.html?_=1619474050845&CODE_STATE=getMsg HTTP/1.1" 200 27
116.224.253.72 - - [27/Apr/2021:05:54:20 +0800] "GET /xingrg/all/function/internal_message.html?_=1619474062336&CODE_STATE=getMsg HTTP/1.1" 200 27
116.230.114.112 - - [27/Apr/2021:05:54:25 +0800] "GET /xingrg/all/function/internal_message.html?_=1619474068509&CODE_STATE=getMsg HTTP/1.1" 200 27
120.253.135.82 - - [27/Apr/2021:05:54:30 +0800] "POST /xingrg/kc/buy/cgsh_order_operate.html HTTP/1.1" 200 37
120.253.135.82 - - [27/Apr/2021:05:54:31 +0800] "POST /xingrg/kc/buy/cgsh_order_operate.html HTTP/1.1" 200 2673
120.253.135.82 - - [27/Apr/2021:05:54:37 +0800] "GET /xingrg/kc/print/load_data.html?order_code=212021042711399&kc_code=cgsh&condition= HTTP/1.1" 200 669
120.253.135.82 - - [27/Apr/2021:05:54:38 +0800] "GET /xingrg/all/function/internal_message.html?_=1619473855774&CODE_STATE=getMsg HTTP/1.1" 200 27
180.169.147.146 - - [27/Apr/2021:05:54:51 +0800] "GET /xingrg/all/function/internal_message.html?_=1619474087001&CODE_STATE=getMsg HTTP/1.1" 200 27
58.37.228.113 - - [27/Apr/2021:05:54:59 +0800] "GET /xingrg/all/function/internal_message.html?_=1619474074244&CODE_STATE=getMsg HTTP/1.1" 200 27
58.40.7.146 - - [27/Apr/2021:05:55:09 +0800] "GET /xingrg/all/function/internal_message.html?_=1619474106686&CODE_STATE=getMsg HTTP/1.1" 200 27
116.230.114.112 - - [27/Apr/2021:05:55:12 +0800] "GET /xingrg/all/function/internal_message.html?_=1619474113773&CODE_STATE=getMsg HTTP/1.1" 302 -
116.224.253.72 - - [27/Apr/2021:05:55:13 +0800] "GET /xingrg/check_reg.html?_=1619474115026 HTTP/1.1" 200 22
58.40.7.146 - - [27/Apr/2021:05:55:14 +0800] "GET /xingrg/all/function/internal_message.html?_=1619474110848&CODE_STATE=getMsg HTTP/1.1" 200 27
58.40.7.146 - - [27/Apr/2021:05:55:14 +0800] "GET /xingrg/check_reg.html?_=1619474110850 HTTP/1.1" 200 22
116.224.253.72 - - [27/Apr/2021:05:55:20 +0800] "GET /xingrg/all/function/internal_message.html?_=1619474122343&CODE_STATE=getMsg HTTP/1.1" 200 27
116.230.114.112 - - [27/Apr/2021:05:55:25 +0800] "GET /xingrg/all/function/internal_message.html?_=1619474128522&CODE_STATE=getMsg HTTP/1.1" 200 27
58.37.228.113 - - [27/Apr/2021:05:55:27 +0800] "GET /xingrg/check_reg.html?_=1619474102256 HTTP/1.1" 200 22
120.253.135.82 - - [27/Apr/2021:05:55:38 +0800] "GET /xingrg/all/function/internal_message.html?_=1619473915845&CODE_STATE=getMsg HTTP/1.1" 200 27
120.253.135.82 - - [27/Apr/2021:05:55:50 +0800] "POST /xingrg/kc/buy/cgsh_order_operate.html HTTP/1.1" 200 37
180.169.147.146 - - [27/Apr/2021:05:55:51 +0800] "GET /xingrg/all/function/internal_message.html?_=1619474147000&CODE_STATE=getMsg HTTP/1.1" 200 27
120.253.135.82 - - [27/Apr/2021:05:55:52 +0800] "POST /xingrg/kc/buy/cgsh_order_operate.html HTTP/1.1" 200 12
120.253.135.82 - - [27/Apr/2021:05:55:53 +0800] "GET /xingrg/kc/buy/cgsh_order_info.html?code=212021042711399 HTTP/1.1" 200 56239
120.253.135.82 - - [27/Apr/2021:05:55:54 +0800] "GET /xingrg/javascript/easyui/themes/default/validatebox.css HTTP/1.1" 404 1104
120.253.135.82 - - [27/Apr/2021:05:55:54 +0800] "POST /xingrg/kc/buy/cgsh_order_operate.html HTTP/1.1" 200 623
120.253.135.82 - - [27/Apr/2021:05:55:57 +0800] "POST /xingrg/kc/buy/cgsh_list_operate.html HTTP/1.1" 200 876
58.37.228.113 - - [27/Apr/2021:05:55:59 +0800] "GET /xingrg/all/function/internal_message.html?_=1619474134225&CODE_STATE=getMsg HTTP/1.1" 200 27
120.253.135.82 - - [27/Apr/2021:05:56:02 +0800] "GET /xingrg/kc/pszx/mdps_order_list.html?orderType=0 HTTP/1.1" 200 21197
120.253.135.82 - - [27/Apr/2021:05:56:02 +0800] "GET /xingrg/javascript/easyui/themes/icons/uncheck_new.png HTTP/1.1" 200 3197
120.253.135.82 - - [27/Apr/2021:05:56:02 +0800] "POST /xingrg/kc/pszx/mdps_list_operate.html HTTP/1.1" 200 5482
120.253.135.82 - - [27/Apr/2021:05:56:02 +0800] "POST /xingrg/kc/buy/cgsh_list_operate.html HTTP/1.1" 200 876
120.253.135.82 - - [27/Apr/2021:05:56:07 +0800] "POST /xingrg/kc/pszx/mdps_list_operate.html HTTP/1.1" 200 3507
120.253.135.82 - - [27/Apr/2021:05:56:08 +0800] "POST /xingrg/kc/pszx/mdps_list_operate.html HTTP/1.1" 200 373
58.40.7.146 - - [27/Apr/2021:05:56:09 +0800] "GET /xingrg/all/function/internal_message.html?_=1619474166690&CODE_STATE=getMsg HTTP/1.1" 200 27
120.253.135.82 - - [27/Apr/2021:05:56:10 +0800] "GET /xingrg/kc/pszx/mdps_order_info.html?code=312021042600716 HTTP/1.1" 200 23925
120.253.135.82 - - [27/Apr/2021:05:56:10 +0800] "POST /xingrg/kc/pszx/mdps_order_operate.html HTTP/1.1" 200 3283
120.253.135.82 - - [27/Apr/2021:05:56:10 +0800] "GET /xingrg/javascript/easyui/themes/default/validatebox.css HTTP/1.1" 404 1104
116.230.114.112 - - [27/Apr/2021:05:56:12 +0800] "GET /xingrg/all/function/internal_message.html?_=1619474173782&CODE_STATE=getMsg HTTP/1.1" 302 -
58.40.7.146 - - [27/Apr/2021:05:56:14 +0800] "GET /xingrg/all/function/internal_message.html?_=1619474170851&CODE_STATE=getMsg HTTP/1.1" 200 27
120.253.135.82 - - [27/Apr/2021:05:56:18 +0800] "GET /xingrg/kc/pszx/mdqp_order_list.html?state=10 HTTP/1.1" 200 16393
120.253.135.82 - - [27/Apr/2021:05:56:18 +0800] "POST /xingrg/kc/pszx/mdps_list_operate.html HTTP/1.1" 200 3507
120.253.135.82 - - [27/Apr/2021:05:56:18 +0800] "GET /xingrg/dwr/interface/AjaxReportQueryService.js HTTP/1.1" 200 13203
120.253.135.82 - - [27/Apr/2021:05:56:18 +0800] "GET /xingrg/dwr/interface/AjaxQqpsService.js HTTP/1.1" 200 16326
120.253.135.82 - - [27/Apr/2021:05:56:18 +0800] "GET /xingrg/dwr/util.js HTTP/1.1" 200 35990
120.253.135.82 - - [27/Apr/2021:05:56:18 +0800] "GET /xingrg/javascript/Calendar.js HTTP/1.1" 200 31561
120.253.135.82 - - [27/Apr/2021:05:56:18 +0800] "GET /xingrg/dwr/engine.js HTTP/1.1" 200 43631
120.253.135.82 - - [27/Apr/2021:05:56:18 +0800] "GET /xingrg/javascript/jquery_easy_ui/themes/icons/check_new.png HTTP/1.1" 200 3224
120.253.135.82 - - [27/Apr/2021:05:56:18 +0800] "GET /xingrg/javascript/jquery_easy_ui/themes/icons/uncheck_new.png HTTP/1.1" 200 3197
116.224.253.72 - - [27/Apr/2021:05:56:20 +0800] "GET /xingrg/all/function/internal_message.html?_=1619474182357&CODE_STATE=getMsg HTTP/1.1" 200 27
120.253.135.82 - - [27/Apr/2021:05:56:22 +0800] "GET /xingrg/kc/pszx/mdqp_order_list.html?state=10&page_num=2 HTTP/1.1" 200 12772
120.253.135.82 - - [27/Apr/2021:05:56:22 +0800] "GET /xingrg/dwr/interface/AjaxReportQueryService.js HTTP/1.1" 200 13203
120.253.135.82 - - [27/Apr/2021:05:56:23 +0800] "GET /xingrg/dwr/interface/AjaxQqpsService.js HTTP/1.1" 200 16326
120.253.135.82 - - [27/Apr/2021:05:56:23 +0800] "GET /xingrg/dwr/engine.js HTTP/1.1" 200 43631
120.253.135.82 - - [27/Apr/2021:05:56:25 +0800] "GET /xingrg/kc/pszx/mdqp_order_info.html?code=302021042600513 HTTP/1.1" 200 13350
116.230.114.112 - - [27/Apr/2021:05:56:25 +0800] "GET /xingrg/all/function/internal_message.html?_=1619474188624&CODE_STATE=getMsg HTTP/1.1" 200 27
120.253.135.82 - - [27/Apr/2021:05:56:26 +0800] "GET /xingrg/javascript/ToolTips.js HTTP/1.1" 200 5615
120.253.135.82 - - [27/Apr/2021:05:56:26 +0800] "GET /xingrg/javascript/AjaxInfoList.js HTTP/1.1" 200 3774
120.253.135.82 - - [27/Apr/2021:05:56:26 +0800] "GET /xingrg/javascript/Grid.js HTTP/1.1" 200 58908
120.253.135.82 - - [27/Apr/2021:05:56:26 +0800] "GET /xingrg/javascript/checkform.js HTTP/1.1" 200 18351
120.253.135.82 - - [27/Apr/2021:05:56:26 +0800] "GET /xingrg/dwr/interface/AjaxQqpsService.js HTTP/1.1" 200 16326
120.253.135.82 - - [27/Apr/2021:05:56:26 +0800] "GET /xingrg/javascript/tools/jquery.qtip-1.0.0-rc3.min.js HTTP/1.1" 200 38404
120.253.135.82 - - [27/Apr/2021:05:56:26 +0800] "GET /xingrg/dwr/engine.js HTTP/1.1" 200 43631
120.253.135.82 - - [27/Apr/2021:05:56:26 +0800] "GET /xingrg/dwr/interface/AjaxComOrderService.js HTTP/1.1" 200 18264
120.253.135.82 - - [27/Apr/2021:05:56:26 +0800] "GET /xingrg/javascript/jquery_easy_ui/themes/default/images/menu_downarrow.png HTTP/1.1" 200 173
120.253.135.82 - - [27/Apr/2021:05:56:26 +0800] "GET /xingrg/javascript/jquery_easy_ui/themes/icons/print.png HTTP/1.1" 200 1057
120.253.135.82 - - [27/Apr/2021:05:56:26 +0800] "GET /xingrg/images/blue/button/kc_tab_save.gif HTTP/1.1" 200 777
120.253.135.82 - - [27/Apr/2021:05:56:26 +0800] "GET /xingrg/images/blue/button/kc_tab_edit.gif HTTP/1.1" 200 551
120.253.135.82 - - [27/Apr/2021:05:56:26 +0800] "GET /xingrg/images/blue/kc_tab2_left.gif HTTP/1.1" 200 625
120.253.135.82 - - [27/Apr/2021:05:56:26 +0800] "GET /xingrg/images/blue/kc_tab_mid.gif HTTP/1.1" 200 44
120.253.135.82 - - [27/Apr/2021:05:56:26 +0800] "GET /xingrg/images/blue/kc_tab2_right.gif HTTP/1.1" 200 192
120.253.135.82 - - [27/Apr/2021:05:56:26 +0800] "GET /xingrg/images/blue/kc_tab_left.gif HTTP/1.1" 200 188
120.253.135.82 - - [27/Apr/2021:05:56:26 +0800] "GET /xingrg/images/blue/kc_tab_right.gif HTTP/1.1" 200 643
120.253.135.82 - - [27/Apr/2021:05:56:26 +0800] "GET /xingrg/images/blue/wait.gif HTTP/1.1" 200 1100
120.253.135.82 - - [27/Apr/2021:05:56:26 +0800] "POST /xingrg/dwr/call/plaincall/AjaxQqpsService.loadMaterielItems.dwr HTTP/1.1" 200 698
120.253.135.82 - - [27/Apr/2021:05:56:31 +0800] "GET /xingrg/javascript/jquery_easy_ui/themes/default/images/button_plain_hover.png HTTP/1.1" 200 252
120.253.135.82 - - [27/Apr/2021:05:56:32 +0800] "GET /xingrg/kc/pszx/mdqp_order_list.html?isBack=1 HTTP/1.1" 302 -
120.253.135.82 - - [27/Apr/2021:05:56:32 +0800] "GET /xingrg/kc/pszx/mdqp_order_list.html?state=10&page_num=2 HTTP/1.1" 200 12772
120.253.135.82 - - [27/Apr/2021:05:56:32 +0800] "GET /xingrg/dwr/interface/AjaxReportQueryService.js HTTP/1.1" 200 13203
120.253.135.82 - - [27/Apr/2021:05:56:32 +0800] "GET /xingrg/dwr/interface/AjaxQqpsService.js HTTP/1.1" 200 16326
120.253.135.82 - - [27/Apr/2021:05:56:32 +0800] "GET /xingrg/dwr/engine.js HTTP/1.1" 200 43631
120.253.135.82 - - [27/Apr/2021:05:56:36 +0800] "GET /xingrg/kc/pszx/jzcl_ps.html HTTP/1.1" 200 7683
120.253.135.82 - - [27/Apr/2021:05:56:37 +0800] "GET /xingrg/css/table.css HTTP/1.1" 200 3684
120.253.135.82 - - [27/Apr/2021:05:56:37 +0800] "GET /xingrg/javascript/step/step.css HTTP/1.1" 200 999
120.253.135.82 - - [27/Apr/2021:05:56:37 +0800] "GET /xingrg/javascript/step/images/navCurrentBtn.gif HTTP/1.1" 200 557
120.253.135.82 - - [27/Apr/2021:05:56:37 +0800] "GET /xingrg/javascript/jquery_easy_ui/themes/default/images/button_a_bg.gif HTTP/1.1" 200 1194
120.253.135.82 - - [27/Apr/2021:05:56:37 +0800] "GET /xingrg/javascript/jquery_easy_ui/themes/default/images/button_span_bg.gif HTTP/1.1" 200 2061
120.253.135.82 - - [27/Apr/2021:05:56:37 +0800] "GET /xingrg/javascript/jquery_easy_ui/themes/icons/search.png HTTP/1.1" 200 813
120.253.135.82 - - [27/Apr/2021:05:56:37 +0800] "GET /xingrg/javascript/jquery_easy_ui/themes/default/images/combo_arrow_dot.gif HTTP/1.1" 200 79
120.253.135.82 - - [27/Apr/2021:05:56:37 +0800] "POST /xingrg/all/common/load_tree.html?tree=area_rest_tree_json HTTP/1.1" 200 3344
120.253.135.82 - - [27/Apr/2021:05:56:37 +0800] "GET /xingrg/javascript/jquery_easy_ui/themes/default/images/calendar_prevmonth.gif HTTP/1.1" 200 66
120.253.135.82 - - [27/Apr/2021:05:56:37 +0800] "GET /xingrg/javascript/jquery_easy_ui/themes/default/images/calendar_nextmonth.gif HTTP/1.1" 200 64
120.253.135.82 - - [27/Apr/2021:05:56:37 +0800] "GET /xingrg/javascript/jquery_easy_ui/themes/default/images/calendar_prevyear.gif HTTP/1.1" 200 76
120.253.135.82 - - [27/Apr/2021:05:56:37 +0800] "GET /xingrg/javascript/jquery_easy_ui/themes/default/images/calendar_nextyear.gif HTTP/1.1" 200 75
120.253.135.82 - - [27/Apr/2021:05:56:37 +0800] "GET /xingrg/javascript/jquery_easy_ui/themes/default/images/pagination_loading.gif HTTP/1.1" 200 1737
120.253.135.82 - - [27/Apr/2021:05:56:37 +0800] "GET /xingrg/javascript/jquery_easy_ui/themes/default/images/datagrid_header_bg.gif HTTP/1.1" 200 97
120.253.135.82 - - [27/Apr/2021:05:56:37 +0800] "GET /xingrg/javascript/jquery_easy_ui/themes/default/images/tree_checkbox_0.gif HTTP/1.1" 200 168
120.253.135.82 - - [27/Apr/2021:05:56:37 +0800] "POST /xingrg/kc/pszx/jzcl_ps_operate.html HTTP/1.1" 200 9106
120.253.135.82 - - [27/Apr/2021:05:56:37 +0800] "POST /xingrg/kc/pszx/jzcl_ps_operate.html HTTP/1.1" 200 9106
120.253.135.82 - - [27/Apr/2021:05:56:38 +0800] "GET /xingrg/javascript/jquery_easy_ui/themes/icons/rest.png HTTP/1.1" 200 695
120.253.135.82 - - [27/Apr/2021:05:56:38 +0800] "GET /xingrg/all/function/internal_message.html?_=1619473975848&CODE_STATE=getMsg HTTP/1.1" 200 27
120.253.135.82 - - [27/Apr/2021:05:56:45 +0800] "POST /xingrg/kc/pszx/jzcl_ps_operate.html HTTP/1.1" 200 4
120.253.135.82 - - [27/Apr/2021:05:56:46 +0800] "GET /xingrg/javascript/step/images/navDoneBtn.gif HTTP/1.1" 200 394
120.253.135.82 - - [27/Apr/2021:05:56:46 +0800] "GET /xingrg/javascript/step/images/navLastDoneBtn.gif HTTP/1.1" 200 552
120.253.135.82 - - [27/Apr/2021:05:56:46 +0800] "GET /xingrg/kc/pszx/mdps_order_list.html HTTP/1.1" 200 21197
120.253.135.82 - - [27/Apr/2021:05:56:47 +0800] "POST /xingrg/kc/pszx/mdps_list_operate.html HTTP/1.1" 200 5482
180.169.147.146 - - [27/Apr/2021:05:56:51 +0800] "GET /xingrg/all/function/internal_message.html?_=1619474207000&CODE_STATE=getMsg HTTP/1.1" 200 27
120.253.135.82 - - [27/Apr/2021:05:56:58 +0800] "POST /xingrg/kc/pszx/mdps_list_operate.html HTTP/1.1" 200 2438
58.37.228.113 - - [27/Apr/2021:05:56:59 +0800] "GET /xingrg/all/function/internal_message.html?_=1619474194199&CODE_STATE=getMsg HTTP/1.1" 200 27
120.253.135.82 - - [27/Apr/2021:05:57:00 +0800] "POST /xingrg/kc/pszx/mdps_list_operate.html HTTP/1.1" 200 282
120.253.135.82 - - [27/Apr/2021:05:57:01 +0800] "POST /xingrg/kc/pszx/mdps_list_operate.html HTTP/1.1" 200 205
120.253.135.82 - - [27/Apr/2021:05:57:03 +0800] "POST /xingrg/kc/pszx/mdps_list_operate.html HTTP/1.1" 200 293
116.230.114.112 - - [27/Apr/2021:05:57:04 +0800] "GET /xingrg/check_reg.html?_=1619474225059 HTTP/1.1" 302 -
120.253.135.82 - - [27/Apr/2021:05:57:05 +0800] "GET /xingrg/kc/pszx/mdps_order_info.html?code=312021042700727 HTTP/1.1" 200 23931
120.253.135.82 - - [27/Apr/2021:05:57:06 +0800] "GET /xingrg/javascript/easyui/themes/default/validatebox.css HTTP/1.1" 404 1104
120.253.135.82 - - [27/Apr/2021:05:57:06 +0800] "POST /xingrg/kc/pszx/mdps_order_operate.html HTTP/1.1" 200 2795
120.253.135.82 - - [27/Apr/2021:05:57:09 +0800] "POST /xingrg/kc/pszx/mdps_order_operate.html HTTP/1.1" 200 37
58.40.7.146 - - [27/Apr/2021:05:57:09 +0800] "GET /xingrg/check_reg.html?_=1619474226678 HTTP/1.1" 200 22
58.40.7.146 - - [27/Apr/2021:05:57:09 +0800] "GET /xingrg/all/function/internal_message.html?_=1619474226680&CODE_STATE=getMsg HTTP/1.1" 200 27
120.253.135.82 - - [27/Apr/2021:05:57:09 +0800] "GET /xingrg/kc/pszx/mdps_order_info.html?code=312021042700727 HTTP/1.1" 200 23931
120.253.135.82 - - [27/Apr/2021:05:57:10 +0800] "GET /xingrg/javascript/easyui/themes/default/validatebox.css HTTP/1.1" 404 1104
120.253.135.82 - - [27/Apr/2021:05:57:10 +0800] "POST /xingrg/kc/pszx/mdps_order_operate.html HTTP/1.1" 200 2811
116.230.114.112 - - [27/Apr/2021:05:57:12 +0800] "GET /xingrg/all/function/internal_message.html?_=1619474233795&CODE_STATE=getMsg HTTP/1.1" 302 -
58.40.7.146 - - [27/Apr/2021:05:57:14 +0800] "GET /xingrg/all/function/internal_message.html?_=1619474230855&CODE_STATE=getMsg HTTP/1.1" 200 27
116.224.253.72 - - [27/Apr/2021:05:57:20 +0800] "GET /xingrg/all/function/internal_message.html?_=1619474242379&CODE_STATE=getMsg HTTP/1.1" 200 27
116.230.114.112 - - [27/Apr/2021:05:57:25 +0800] "GET /xingrg/all/function/internal_message.html?_=1619474248628&CODE_STATE=getMsg HTTP/1.1" 200 27
120.253.135.82 - - [27/Apr/2021:05:57:38 +0800] "GET /xingrg/check_reg.html?_=1619474035690 HTTP/1.1" 200 22
120.253.135.82 - - [27/Apr/2021:05:57:39 +0800] "GET /xingrg/all/function/internal_message.html?_=1619474035861&CODE_STATE=getMsg HTTP/1.1" 200 27
180.169.147.146 - - [27/Apr/2021:05:57:51 +0800] "GET /xingrg/all/function/internal_message.html?_=1619474266998&CODE_STATE=getMsg HTTP/1.1" 200 27
58.37.228.113 - - [27/Apr/2021:05:57:59 +0800] "GET /xingrg/all/function/internal_message.html?_=1619474254179&CODE_STATE=getMsg HTTP/1.1" 200 27
120.253.135.82 - - [27/Apr/2021:05:58:02 +0800] "GET /xingrg/kc/pszx/mdqp_order_list.html?state=10 HTTP/1.1" 200 16393
120.253.135.82 - - [27/Apr/2021:05:58:02 +0800] "GET /xingrg/dwr/interface/AjaxReportQueryService.js HTTP/1.1" 200 13203
120.253.135.82 - - [27/Apr/2021:05:58:02 +0800] "GET /xingrg/dwr/interface/AjaxQqpsService.js HTTP/1.1" 200 16326
120.253.135.82 - - [27/Apr/2021:05:58:02 +0800] "GET /xingrg/dwr/engine.js HTTP/1.1" 200 43631
120.253.135.82 - - [27/Apr/2021:05:58:02 +0800] "POST /xingrg/kc/pszx/mdps_list_operate.html HTTP/1.1" 200 2438
58.40.7.146 - - [27/Apr/2021:05:58:09 +0800] "GET /xingrg/all/function/internal_message.html?_=1619474286683&CODE_STATE=getMsg HTTP/1.1" 200 27
116.230.114.112 - - [27/Apr/2021:05:58:12 +0800] "GET /xingrg/all/function/internal_message.html?_=1619474293814&CODE_STATE=getMsg HTTP/1.1" 302 -
58.40.7.146 - - [27/Apr/2021:05:58:14 +0800] "GET /xingrg/all/function/internal_message.html?_=1619474290858&CODE_STATE=getMsg HTTP/1.1" 200 27
116.224.253.72 - - [27/Apr/2021:05:58:20 +0800] "GET /xingrg/all/function/internal_message.html?_=1619474302384&CODE_STATE=getMsg HTTP/1.1" 200 27
116.230.114.112 - - [27/Apr/2021:05:58:26 +0800] "GET /xingrg/all/function/internal_message.html?_=1619474308739&CODE_STATE=getMsg HTTP/1.1" 200 27
120.253.135.82 - - [27/Apr/2021:05:58:39 +0800] "GET /xingrg/all/function/internal_message.html?_=1619474095922&CODE_STATE=getMsg HTTP/1.1" 200 27
180.169.147.146 - - [27/Apr/2021:05:58:51 +0800] "GET /xingrg/all/function/internal_message.html?_=1619474326997&CODE_STATE=getMsg HTTP/1.1" 200 27
180.169.147.146 - - [27/Apr/2021:05:58:51 +0800] "GET /xingrg/check_reg.html?_=1619474326998 HTTP/1.1" 200 22
116.230.114.112 - - [27/Apr/2021:05:58:58 +0800] "GET /xingrg/check_reg.html?_=1619474341032 HTTP/1.1" 200 22
58.37.228.113 - - [27/Apr/2021:05:58:59 +0800] "GET /xingrg/all/function/internal_message.html?_=1619474314149&CODE_STATE=getMsg HTTP/1.1" 200 27
120.253.135.82 - - [27/Apr/2021:05:59:02 +0800] "GET /xingrg/kc/pszx/mdqp_order_info.html?code=302021042600515 HTTP/1.1" 200 13350
120.253.135.82 - - [27/Apr/2021:05:59:02 +0800] "GET /xingrg/dwr/interface/AjaxQqpsService.js HTTP/1.1" 200 16326
120.253.135.82 - - [27/Apr/2021:05:59:02 +0800] "GET /xingrg/dwr/interface/AjaxComOrderService.js HTTP/1.1" 200 18264
120.253.135.82 - - [27/Apr/2021:05:59:02 +0800] "GET /xingrg/dwr/engine.js HTTP/1.1" 200 43631
120.253.135.82 - - [27/Apr/2021:05:59:02 +0800] "POST /xingrg/dwr/call/plaincall/AjaxQqpsService.loadMaterielItems.dwr HTTP/1.1" 200 5581
120.253.135.82 - - [27/Apr/2021:05:59:03 +0800] "GET /xingrg/images/yd/bt.gif HTTP/1.1" 404 1040
120.253.135.82 - - [27/Apr/2021:05:59:03 +0800] "GET /xingrg/images/yd/bt2.gif HTTP/1.1" 404 1042
58.40.7.146 - - [27/Apr/2021:05:59:09 +0800] "GET /xingrg/all/function/internal_message.html?_=1619474346685&CODE_STATE=getMsg HTTP/1.1" 200 27
116.230.114.112 - - [27/Apr/2021:05:59:12 +0800] "GET /xingrg/all/function/internal_message.html?_=1619474353822&CODE_STATE=getMsg HTTP/1.1" 302 -
58.40.7.146 - - [27/Apr/2021:05:59:14 +0800] "GET /xingrg/all/function/internal_message.html?_=1619474350845&CODE_STATE=getMsg HTTP/1.1" 200 27
116.224.253.72 - - [27/Apr/2021:05:59:20 +0800] "GET /xingrg/all/function/internal_message.html?_=1619474362404&CODE_STATE=getMsg HTTP/1.1" 200 27
116.230.114.112 - - [27/Apr/2021:05:59:26 +0800] "GET /xingrg/all/function/internal_message.html?_=1619474368751&CODE_STATE=getMsg HTTP/1.1" 200 27
120.253.135.82 - - [27/Apr/2021:05:59:38 +0800] "GET /xingrg/kc/pszx/mdqp_order_list.html?isBack=1 HTTP/1.1" 302 -
120.253.135.82 - - [27/Apr/2021:05:59:38 +0800] "GET /xingrg/kc/pszx/mdqp_order_list.html?state=10 HTTP/1.1" 200 16393
120.253.135.82 - - [27/Apr/2021:05:59:38 +0800] "GET /xingrg/dwr/interface/AjaxReportQueryService.js HTTP/1.1" 200 13203
120.253.135.82 - - [27/Apr/2021:05:59:38 +0800] "GET /xingrg/dwr/interface/AjaxQqpsService.js HTTP/1.1" 200 16326
120.253.135.82 - - [27/Apr/2021:05:59:38 +0800] "GET /xingrg/dwr/engine.js HTTP/1.1" 200 43631
120.253.135.82 - - [27/Apr/2021:05:59:39 +0800] "GET /xingrg/all/function/internal_message.html?_=1619474155936&CODE_STATE=getMsg HTTP/1.1" 200 27
120.253.135.82 - - [27/Apr/2021:05:59:40 +0800] "GET /xingrg/kc/pszx/mdqp_order_info.html?code=302021042600517 HTTP/1.1" 200 13350
120.253.135.82 - - [27/Apr/2021:05:59:40 +0800] "GET /xingrg/dwr/interface/AjaxComOrderService.js HTTP/1.1" 200 18264
120.253.135.82 - - [27/Apr/2021:05:59:40 +0800] "GET /xingrg/dwr/interface/AjaxQqpsService.js HTTP/1.1" 200 16326
120.253.135.82 - - [27/Apr/2021:05:59:40 +0800] "GET /xingrg/dwr/engine.js HTTP/1.1" 200 43631
120.253.135.82 - - [27/Apr/2021:05:59:40 +0800] "POST /xingrg/dwr/call/plaincall/AjaxQqpsService.loadMaterielItems.dwr HTTP/1.1" 200 2091
120.253.135.82 - - [27/Apr/2021:05:59:49 +0800] "GET /xingrg/kc/pszx/mdqp_order_list.html?isBack=1 HTTP/1.1" 302 -
120.253.135.82 - - [27/Apr/2021:05:59:49 +0800] "GET /xingrg/kc/pszx/mdqp_order_list.html?state=10 HTTP/1.1" 200 16393
120.253.135.82 - - [27/Apr/2021:05:59:49 +0800] "GET /xingrg/dwr/interface/AjaxQqpsService.js HTTP/1.1" 200 16326
120.253.135.82 - - [27/Apr/2021:05:59:49 +0800] "GET /xingrg/dwr/interface/AjaxReportQueryService.js HTTP/1.1" 200 13203
120.253.135.82 - - [27/Apr/2021:05:59:49 +0800] "GET /xingrg/dwr/engine.js HTTP/1.1" 200 43631
180.169.147.146 - - [27/Apr/2021:05:59:51 +0800] "GET /xingrg/all/function/internal_message.html?_=1619474386996&CODE_STATE=getMsg HTTP/1.1" 200 27
120.253.135.82 - - [27/Apr/2021:05:59:56 +0800] "GET /xingrg/kc/pszx/mdqp_order_info.html?code=302021042600518 HTTP/1.1" 200 13350
120.253.135.82 - - [27/Apr/2021:05:59:56 +0800] "GET /xingrg/dwr/interface/AjaxQqpsService.js HTTP/1.1" 200 16326
120.253.135.82 - - [27/Apr/2021:05:59:56 +0800] "GET /xingrg/dwr/interface/AjaxComOrderService.js HTTP/1.1" 200 18264
120.253.135.82 - - [27/Apr/2021:05:59:56 +0800] "GET /xingrg/dwr/engine.js HTTP/1.1" 200 43631
120.253.135.82 - - [27/Apr/2021:05:59:56 +0800] "POST /xingrg/dwr/call/plaincall/AjaxQqpsService.loadMaterielItems.dwr HTTP/1.1" 200 4060
120.253.135.82 - - [27/Apr/2021:05:59:57 +0800] "GET /xingrg/images/yd/bt.gif HTTP/1.1" 404 1040
120.253.135.82 - - [27/Apr/2021:05:59:57 +0800] "GET /xingrg/images/yd/bt2.gif HTTP/1.1" 404 1042
58.37.228.113 - - [27/Apr/2021:05:59:59 +0800] "GET /xingrg/all/function/internal_message.html?_=1619474374122&CODE_STATE=getMsg HTTP/1.1" 200 27
120.253.135.82 - - [27/Apr/2021:06:00:05 +0800] "GET /xingrg/kc/pszx/mdqp_order_list.html?isBack=1 HTTP/1.1" 302 -
120.253.135.82 - - [27/Apr/2021:06:00:06 +0800] "GET /xingrg/kc/pszx/mdqp_order_list.html?state=10 HTTP/1.1" 200 16393
120.253.135.82 - - [27/Apr/2021:06:00:06 +0800] "GET /xingrg/dwr/interface/AjaxQqpsService.js HTTP/1.1" 200 16326
120.253.135.82 - - [27/Apr/2021:06:00:06 +0800] "GET /xingrg/dwr/interface/AjaxReportQueryService.js HTTP/1.1" 200 13203
120.253.135.82 - - [27/Apr/2021:06:00:06 +0800] "GET /xingrg/dwr/engine.js HTTP/1.1" 200 43631
58.40.7.146 - - [27/Apr/2021:06:00:09 +0800] "GET /xingrg/all/function/internal_message.html?_=1619474406688&CODE_STATE=getMsg HTTP/1.1" 200 27
120.253.135.82 - - [27/Apr/2021:06:00:11 +0800] "GET /xingrg/kc/pszx/jzcl_ps.html HTTP/1.1" 200 7683
120.253.135.82 - - [27/Apr/2021:06:00:11 +0800] "POST /xingrg/all/common/load_tree.html?tree=area_rest_tree_json HTTP/1.1" 200 3344
120.253.135.82 - - [27/Apr/2021:06:00:12 +0800] "POST /xingrg/kc/pszx/jzcl_ps_operate.html HTTP/1.1" 200 8690
120.253.135.82 - - [27/Apr/2021:06:00:12 +0800] "POST /xingrg/kc/pszx/jzcl_ps_operate.html HTTP/1.1" 200 8690
116.230.114.112 - - [27/Apr/2021:06:00:12 +0800] "GET /xingrg/all/function/internal_message.html?_=1619474413841&CODE_STATE=getMsg HTTP/1.1" 302 -
116.224.253.72 - - [27/Apr/2021:06:00:13 +0800] "GET /xingrg/check_reg.html?_=1619474415032 HTTP/1.1" 200 22
58.40.7.146 - - [27/Apr/2021:06:00:14 +0800] "GET /xingrg/all/function/internal_message.html?_=1619474410846&CODE_STATE=getMsg HTTP/1.1" 200 27
58.40.7.146 - - [27/Apr/2021:06:00:14 +0800] "GET /xingrg/check_reg.html?_=1619474410848 HTTP/1.1" 200 22
120.253.135.82 - - [27/Apr/2021:06:00:20 +0800] "POST /xingrg/kc/pszx/jzcl_ps_operate.html HTTP/1.1" 200 4
116.224.253.72 - - [27/Apr/2021:06:00:20 +0800] "GET /xingrg/all/function/internal_message.html?_=1619474422411&CODE_STATE=getMsg HTTP/1.1" 200 27
120.253.135.82 - - [27/Apr/2021:06:00:22 +0800] "GET /xingrg/kc/pszx/mdps_order_list.html HTTP/1.1" 200 21197
120.253.135.82 - - [27/Apr/2021:06:00:22 +0800] "POST /xingrg/kc/pszx/mdps_list_operate.html HTTP/1.1" 200 5466
116.230.114.112 - - [27/Apr/2021:06:00:26 +0800] "GET /xingrg/all/function/internal_message.html?_=1619474428762&CODE_STATE=getMsg HTTP/1.1" 200 27
58.37.228.113 - - [27/Apr/2021:06:00:27 +0800] "GET /xingrg/check_reg.html?_=1619474402252 HTTP/1.1" 200 22
120.253.135.82 - - [27/Apr/2021:06:00:34 +0800] "POST /xingrg/kc/pszx/mdps_list_operate.html HTTP/1.1" 200 3188
120.253.135.82 - - [27/Apr/2021:06:00:35 +0800] "POST /xingrg/kc/pszx/mdps_list_operate.html HTTP/1.1" 200 205
120.253.135.82 - - [27/Apr/2021:06:00:36 +0800] "GET /xingrg/kc/pszx/mdps_order_info.html?code=312021042200599 HTTP/1.1" 200 23937
120.253.135.82 - - [27/Apr/2021:06:00:36 +0800] "GET /xingrg/javascript/easyui/themes/default/validatebox.css HTTP/1.1" 404 1104
120.253.135.82 - - [27/Apr/2021:06:00:36 +0800] "POST /xingrg/kc/pszx/mdps_order_operate.html HTTP/1.1" 200 2281
120.253.135.82 - - [27/Apr/2021:06:00:39 +0800] "GET /xingrg/all/function/internal_message.html?_=1619474215948&CODE_STATE=getMsg HTTP/1.1" 200 27
120.253.135.82 - - [27/Apr/2021:06:00:47 +0800] "POST /xingrg/kc/pszx/mdps_list_operate.html HTTP/1.1" 200 622
120.253.135.82 - - [27/Apr/2021:06:00:48 +0800] "GET /xingrg/kc/pszx/mdps_order_info.html?code=312021042600720 HTTP/1.1" 200 23931
120.253.135.82 - - [27/Apr/2021:06:00:49 +0800] "GET /xingrg/javascript/easyui/themes/default/validatebox.css HTTP/1.1" 404 1104
120.253.135.82 - - [27/Apr/2021:06:00:49 +0800] "POST /xingrg/kc/pszx/mdps_order_operate.html HTTP/1.1" 200 5820
120.253.135.82 - - [27/Apr/2021:06:00:56 +0800] "POST /xingrg/kc/pszx/mdps_list_operate.html HTTP/1.1" 200 3188
120.253.135.82 - - [27/Apr/2021:06:00:57 +0800] "POST /xingrg/kc/pszx/mdps_list_operate.html HTTP/1.1" 200 662
120.253.135.82 - - [27/Apr/2021:06:00:58 +0800] "GET /xingrg/kc/pszx/mdps_order_info.html?code=312021042700728 HTTP/1.1" 200 23931
120.253.135.82 - - [27/Apr/2021:06:00:59 +0800] "POST /xingrg/kc/pszx/mdps_order_operate.html HTTP/1.1" 200 8354
58.37.228.113 - - [27/Apr/2021:06:00:59 +0800] "GET /xingrg/all/function/internal_message.html?_=1619474434104&CODE_STATE=getMsg HTTP/1.1" 200 27
120.253.135.82 - - [27/Apr/2021:06:00:59 +0800] "GET /xingrg/javascript/easyui/themes/default/validatebox.css HTTP/1.1" 404 1104
180.169.147.146 - - [27/Apr/2021:06:01:00 +0800] "GET /xingrg/all/function/internal_message.html?_=1619474447024&CODE_STATE=getMsg HTTP/1.1" 200 27
120.253.135.82 - - [27/Apr/2021:06:01:01 +0800] "POST /xingrg/kc/pszx/mdps_order_operate.html HTTP/1.1" 200 37
120.253.135.82 - - [27/Apr/2021:06:01:02 +0800] "GET /xingrg/kc/pszx/mdps_order_info.html?code=312021042700728 HTTP/1.1" 200 23931
120.253.135.82 - - [27/Apr/2021:06:01:02 +0800] "GET /xingrg/javascript/easyui/themes/default/validatebox.css HTTP/1.1" 404 1104
120.253.135.82 - - [27/Apr/2021:06:01:02 +0800] "POST /xingrg/kc/pszx/mdps_order_operate.html HTTP/1.1" 200 8459
58.40.7.146 - - [27/Apr/2021:06:01:09 +0800] "GET /xingrg/all/function/internal_message.html?_=1619474466690&CODE_STATE=getMsg HTTP/1.1" 200 27
116.230.114.112 - - [27/Apr/2021:06:01:12 +0800] "GET /xingrg/all/function/internal_message.html?_=1619474473850&CODE_STATE=getMsg HTTP/1.1" 302 -
58.40.7.146 - - [27/Apr/2021:06:01:14 +0800] "GET /xingrg/all/function/internal_message.html?_=1619474470850&CODE_STATE=getMsg HTTP/1.1" 200 27
116.224.253.72 - - [27/Apr/2021:06:01:20 +0800] "GET /xingrg/all/function/internal_message.html?_=1619474482425&CODE_STATE=getMsg HTTP/1.1" 200 27
116.230.114.112 - - [27/Apr/2021:06:01:26 +0800] "GET /xingrg/all/function/internal_message.html?_=1619474488875&CODE_STATE=getMsg HTTP/1.1" 200 27
120.253.135.82 - - [27/Apr/2021:06:01:37 +0800] "POST /xingrg/all/common/load_select.html HTTP/1.1" 200 25
120.253.135.82 - - [27/Apr/2021:06:01:39 +0800] "GET /xingrg/all/function/internal_message.html?_=1619474275963&CODE_STATE=getMsg HTTP/1.1" 200 27
120.253.135.82 - - [27/Apr/2021:06:01:39 +0800] "GET /xingrg/kc/pszx/mdps_order_operate.html?command=get_materiel_price&pszx_code=00101&rest_code=00104&base_code=0010246&code=00101019400&unit_code=00100111&order_time=2021-04-28 HTTP/1.1" 200 35
120.253.135.82 - - [27/Apr/2021:06:01:46 +0800] "POST /xingrg/all/common/load_select.html HTTP/1.1" 200 25
120.253.135.82 - - [27/Apr/2021:06:01:48 +0800] "GET /xingrg/kc/pszx/mdps_order_operate.html?command=get_materiel_price&pszx_code=00101&rest_code=00104&base_code=0010246&code=00101019184&unit_code=00100037&order_time=2021-04-28 HTTP/1.1" 200 35
58.37.228.113 - - [27/Apr/2021:06:01:59 +0800] "GET /xingrg/all/function/internal_message.html?_=1619474494078&CODE_STATE=getMsg HTTP/1.1" 200 27
116.230.114.112 - - [27/Apr/2021:06:02:04 +0800] "GET /xingrg/check_reg.html?_=1619474525069 HTTP/1.1" 302 -
58.40.7.146 - - [27/Apr/2021:06:02:09 +0800] "GET /xingrg/check_reg.html?_=1619474526695 HTTP/1.1" 200 22
58.40.7.146 - - [27/Apr/2021:06:02:09 +0800] "GET /xingrg/all/function/internal_message.html?_=1619474526696&CODE_STATE=getMsg HTTP/1.1" 200 27
180.169.147.146 - - [27/Apr/2021:06:02:10 +0800] "GET /xingrg/all/function/internal_message.html?_=1619474507021&CODE_STATE=getMsg HTTP/1.1" 200 27
116.230.114.112 - - [27/Apr/2021:06:02:12 +0800] "GET /xingrg/all/function/internal_message.html?_=1619474533864&CODE_STATE=getMsg HTTP/1.1" 302 -
58.40.7.146 - - [27/Apr/2021:06:02:14 +0800] "GET /xingrg/all/function/internal_message.html?_=1619474530854&CODE_STATE=getMsg HTTP/1.1" 200 27
116.224.253.72 - - [27/Apr/2021:06:02:20 +0800] "GET /xingrg/all/function/internal_message.html?_=1619474542448&CODE_STATE=getMsg HTTP/1.1" 200 27
116.230.114.112 - - [27/Apr/2021:06:02:26 +0800] "GET /xingrg/all/function/internal_message.html?_=1619474548882&CODE_STATE=getMsg HTTP/1.1" 200 27
120.253.135.82 - - [27/Apr/2021:06:02:38 +0800] "GET /xingrg/check_reg.html?_=1619474335695 HTTP/1.1" 200 22
120.253.135.82 - - [27/Apr/2021:06:02:39 +0800] "GET /xingrg/all/function/internal_message.html?_=1619474335976&CODE_STATE=getMsg HTTP/1.1" 200 27
120.253.135.82 - - [27/Apr/2021:06:02:46 +0800] "POST /xingrg/kc/pszx/mdps_order_operate.html HTTP/1.1" 200 37
120.253.135.82 - - [27/Apr/2021:06:02:47 +0800] "GET /xingrg/kc/pszx/mdps_order_info.html?code=312021042700728 HTTP/1.1" 200 23931
120.253.135.82 - - [27/Apr/2021:06:02:48 +0800] "GET /xingrg/javascript/easyui/themes/default/validatebox.css HTTP/1.1" 404 1104
120.253.135.82 - - [27/Apr/2021:06:02:48 +0800] "POST /xingrg/kc/pszx/mdps_order_operate.html HTTP/1.1" 200 8456
120.253.135.82 - - [27/Apr/2021:06:02:50 +0800] "POST /xingrg/kc/pszx/mdps_list_operate.html HTTP/1.1" 200 3188
180.169.147.146 - - [27/Apr/2021:06:02:51 +0800] "GET /xingrg/all/function/internal_message.html?_=1619474567020&CODE_STATE=getMsg HTTP/1.1" 200 27
120.253.135.82 - - [27/Apr/2021:06:02:52 +0800] "POST /xingrg/kc/pszx/mdps_list_operate.html HTTP/1.1" 200 616
120.253.135.82 - - [27/Apr/2021:06:02:52 +0800] "GET /xingrg/kc/pszx/mdps_order_info.html?code=312021042700729 HTTP/1.1" 200 23931
120.253.135.82 - - [27/Apr/2021:06:02:53 +0800] "GET /xingrg/javascript/easyui/themes/default/validatebox.css HTTP/1.1" 404 1104
120.253.135.82 - - [27/Apr/2021:06:02:53 +0800] "POST /xingrg/kc/pszx/mdps_order_operate.html HTTP/1.1" 200 5242
120.253.135.82 - - [27/Apr/2021:06:02:56 +0800] "POST /xingrg/kc/pszx/mdps_order_operate.html HTTP/1.1" 200 37
120.253.135.82 - - [27/Apr/2021:06:02:57 +0800] "GET /xingrg/kc/pszx/mdps_order_info.html?code=312021042700729 HTTP/1.1" 200 23931
120.253.135.82 - - [27/Apr/2021:06:02:57 +0800] "GET /xingrg/javascript/easyui/themes/default/validatebox.css HTTP/1.1" 404 1104
120.253.135.82 - - [27/Apr/2021:06:02:57 +0800] "POST /xingrg/kc/pszx/mdps_order_operate.html HTTP/1.1" 200 5291
58.37.228.113 - - [27/Apr/2021:06:02:59 +0800] "GET /xingrg/all/function/internal_message.html?_=1619474554053&CODE_STATE=getMsg HTTP/1.1" 200 27
120.253.135.82 - - [27/Apr/2021:06:03:00 +0800] "POST /xingrg/all/common/load_combo.html?type=base HTTP/1.1" 200 1075
120.253.135.82 - - [27/Apr/2021:06:03:07 +0800] "POST /xingrg/kc/pszx/mdps_order_operate.html HTTP/1.1" 200 37
120.253.135.82 - - [27/Apr/2021:06:03:08 +0800] "GET /xingrg/kc/pszx/mdps_order_info.html?code=312021042700729 HTTP/1.1" 200 23931
120.253.135.82 - - [27/Apr/2021:06:03:08 +0800] "GET /xingrg/javascript/easyui/themes/default/validatebox.css HTTP/1.1" 404 1104
120.253.135.82 - - [27/Apr/2021:06:03:08 +0800] "POST /xingrg/kc/pszx/mdps_order_operate.html HTTP/1.1" 200 5297
58.40.7.146 - - [27/Apr/2021:06:03:09 +0800] "GET /xingrg/all/function/internal_message.html?_=1619474586683&CODE_STATE=getMsg HTTP/1.1" 200 27
116.230.114.112 - - [27/Apr/2021:06:03:12 +0800] "GET /xingrg/all/function/internal_message.html?_=1619474593881&CODE_STATE=getMsg HTTP/1.1" 302 -
58.40.7.146 - - [27/Apr/2021:06:03:14 +0800] "GET /xingrg/all/function/internal_message.html?_=1619474590858&CODE_STATE=getMsg HTTP/1.1" 200 27
116.224.253.72 - - [27/Apr/2021:06:03:20 +0800] "GET /xingrg/all/function/internal_message.html?_=1619474602452&CODE_STATE=getMsg HTTP/1.1" 200 27
116.230.114.112 - - [27/Apr/2021:06:03:26 +0800] "GET /xingrg/all/function/internal_message.html?_=1619474608980&CODE_STATE=getMsg HTTP/1.1" 200 27
120.253.135.82 - - [27/Apr/2021:06:03:29 +0800] "GET /xingrg/kc/pszx/mdps_order_operate.html?command=get_materiel&pszx_code=00101&rest_code=00104&base_code=0010250&code=00101017003 HTTP/1.1" 200 447
120.253.135.82 - - [27/Apr/2021:06:03:39 +0800] "GET /xingrg/all/function/internal_message.html?_=1619474395990&CODE_STATE=getMsg HTTP/1.1" 200 27
180.169.147.146 - - [27/Apr/2021:06:03:51 +0800] "GET /xingrg/all/function/internal_message.html?_=1619474627018&CODE_STATE=getMsg HTTP/1.1" 200 27
180.169.147.146 - - [27/Apr/2021:06:03:51 +0800] "GET /xingrg/check_reg.html?_=1619474627019 HTTP/1.1" 200 22
116.230.114.112 - - [27/Apr/2021:06:03:58 +0800] "GET /xingrg/check_reg.html?_=1619474641035 HTTP/1.1" 200 22
58.37.228.113 - - [27/Apr/2021:06:03:59 +0800] "GET /xingrg/all/function/internal_message.html?_=1619474614059&CODE_STATE=getMsg HTTP/1.1" 200 27
120.253.135.82 - - [27/Apr/2021:06:04:04 +0800] "POST /xingrg/kc/pszx/mdps_order_operate.html HTTP/1.1" 200 37
120.253.135.82 - - [27/Apr/2021:06:04:05 +0800] "GET /xingrg/kc/pszx/mdps_order_info.html?code=312021042700729 HTTP/1.1" 200 23931
120.253.135.82 - - [27/Apr/2021:06:04:06 +0800] "POST /xingrg/kc/pszx/mdps_order_operate.html HTTP/1.1" 200 5295
120.253.135.82 - - [27/Apr/2021:06:04:06 +0800] "GET /xingrg/javascript/easyui/themes/default/validatebox.css HTTP/1.1" 404 1104
58.40.7.146 - - [27/Apr/2021:06:04:09 +0800] "GET /xingrg/all/function/internal_message.html?_=1619474646687&CODE_STATE=getMsg HTTP/1.1" 200 27
120.253.135.82 - - [27/Apr/2021:06:04:12 +0800] "POST /xingrg/kc/pszx/mdps_order_operate.html HTTP/1.1" 200 37
116.230.114.112 - - [27/Apr/2021:06:04:12 +0800] "GET /xingrg/all/function/internal_message.html?_=1619474653890&CODE_STATE=getMsg HTTP/1.1" 302 -
120.253.135.82 - - [27/Apr/2021:06:04:13 +0800] "GET /xingrg/kc/pszx/mdps_order_info.html?code=312021042700729 HTTP/1.1" 200 23931
120.253.135.82 - - [27/Apr/2021:06:04:13 +0800] "GET /xingrg/javascript/easyui/themes/default/validatebox.css HTTP/1.1" 404 1104
120.253.135.82 - - [27/Apr/2021:06:04:13 +0800] "POST /xingrg/kc/pszx/mdps_order_operate.html HTTP/1.1" 200 5295
58.40.7.146 - - [27/Apr/2021:06:04:14 +0800] "GET /xingrg/all/function/internal_message.html?_=1619474650860&CODE_STATE=getMsg HTTP/1.1" 200 27
120.253.135.82 - - [27/Apr/2021:06:04:16 +0800] "POST /xingrg/kc/pszx/mdps_list_operate.html HTTP/1.1" 200 3189
120.253.135.82 - - [27/Apr/2021:06:04:18 +0800] "POST /xingrg/kc/pszx/mdps_list_operate.html HTTP/1.1" 200 609
120.253.135.82 - - [27/Apr/2021:06:04:19 +0800] "GET /xingrg/kc/pszx/mdps_order_info.html?code=312021042700729 HTTP/1.1" 200 23931
120.253.135.82 - - [27/Apr/2021:06:04:19 +0800] "POST /xingrg/kc/pszx/mdps_order_operate.html HTTP/1.1" 200 5295
120.253.135.82 - - [27/Apr/2021:06:04:19 +0800] "GET /xingrg/javascript/easyui/themes/default/validatebox.css HTTP/1.1" 404 1104
116.224.253.72 - - [27/Apr/2021:06:04:20 +0800] "GET /xingrg/all/function/internal_message.html?_=1619474662472&CODE_STATE=getMsg HTTP/1.1" 200 27
120.253.135.82 - - [27/Apr/2021:06:04:22 +0800] "POST /xingrg/kc/pszx/mdps_list_operate.html HTTP/1.1" 200 3189
120.253.135.82 - - [27/Apr/2021:06:04:23 +0800] "POST /xingrg/kc/pszx/mdps_list_operate.html HTTP/1.1" 200 623
120.253.135.82 - - [27/Apr/2021:06:04:24 +0800] "GET /xingrg/kc/pszx/mdps_order_info.html?code=312021042700730 HTTP/1.1" 200 23931
120.253.135.82 - - [27/Apr/2021:06:04:25 +0800] "GET /xingrg/javascript/easyui/themes/default/validatebox.css HTTP/1.1" 404 1104
120.253.135.82 - - [27/Apr/2021:06:04:25 +0800] "POST /xingrg/kc/pszx/mdps_order_operate.html HTTP/1.1" 200 11137
116.230.114.112 - - [27/Apr/2021:06:04:26 +0800] "GET /xingrg/all/function/internal_message.html?_=1619474668988&CODE_STATE=getMsg HTTP/1.1" 200 27
120.253.135.82 - - [27/Apr/2021:06:04:27 +0800] "POST /xingrg/kc/pszx/mdps_order_operate.html HTTP/1.1" 200 37
120.253.135.82 - - [27/Apr/2021:06:04:28 +0800] "GET /xingrg/kc/pszx/mdps_order_info.html?code=312021042700730 HTTP/1.1" 200 23931
120.253.135.82 - - [27/Apr/2021:06:04:28 +0800] "POST /xingrg/kc/pszx/mdps_order_operate.html HTTP/1.1" 200 11284
120.253.135.82 - - [27/Apr/2021:06:04:28 +0800] "GET /xingrg/javascript/easyui/themes/default/validatebox.css HTTP/1.1" 404 1104
120.253.135.82 - - [27/Apr/2021:06:04:39 +0800] "GET /xingrg/all/function/internal_message.html?_=1619474456003&CODE_STATE=getMsg HTTP/1.1" 200 27
180.169.147.146 - - [27/Apr/2021:06:04:51 +0800] "GET /xingrg/all/function/internal_message.html?_=1619474687018&CODE_STATE=getMsg HTTP/1.1" 200 27
58.37.228.113 - - [27/Apr/2021:06:04:59 +0800] "GET /xingrg/all/function/internal_message.html?_=1619474674040&CODE_STATE=getMsg HTTP/1.1" 200 27
120.253.135.82 - - [27/Apr/2021:06:05:04 +0800] "POST /xingrg/kc/pszx/mdps_order_operate.html HTTP/1.1" 200 37
120.253.135.82 - - [27/Apr/2021:06:05:05 +0800] "GET /xingrg/kc/pszx/mdps_order_info.html?code=312021042700730 HTTP/1.1" 200 23931
120.253.135.82 - - [27/Apr/2021:06:05:06 +0800] "GET /xingrg/javascript/easyui/themes/default/validatebox.css HTTP/1.1" 404 1104
120.253.135.82 - - [27/Apr/2021:06:05:06 +0800] "POST /xingrg/kc/pszx/mdps_order_operate.html HTTP/1.1" 200 11284
58.40.7.146 - - [27/Apr/2021:06:05:09 +0800] "GET /xingrg/all/function/internal_message.html?_=1619474706689&CODE_STATE=getMsg HTTP/1.1" 200 27
116.230.114.112 - - [27/Apr/2021:06:05:12 +0800] "GET /xingrg/all/function/internal_message.html?_=1619474713909&CODE_STATE=getMsg HTTP/1.1" 302 -
116.224.253.72 - - [27/Apr/2021:06:05:13 +0800] "GET /xingrg/check_reg.html?_=1619474715038 HTTP/1.1" 200 22
58.40.7.146 - - [27/Apr/2021:06:05:14 +0800] "GET /xingrg/check_reg.html?_=1619474710862 HTTP/1.1" 200 22
58.40.7.146 - - [27/Apr/2021:06:05:14 +0800] "GET /xingrg/all/function/internal_message.html?_=1619474710863&CODE_STATE=getMsg HTTP/1.1" 200 27
116.224.253.72 - - [27/Apr/2021:06:05:20 +0800] "GET /xingrg/all/function/internal_message.html?_=1619474722479&CODE_STATE=getMsg HTTP/1.1" 200 27
116.230.114.112 - - [27/Apr/2021:06:05:26 +0800] "GET /xingrg/all/function/internal_message.html?_=1619474729002&CODE_STATE=getMsg HTTP/1.1" 200 27
58.37.228.113 - - [27/Apr/2021:06:05:27 +0800] "GET /xingrg/check_reg.html?_=1619474702277 HTTP/1.1" 200 22
120.253.135.82 - - [27/Apr/2021:06:05:38 +0800] "POST /xingrg/all/common/load_select.html HTTP/1.1" 200 25
120.253.135.82 - - [27/Apr/2021:06:05:39 +0800] "GET /xingrg/all/function/internal_message.html?_=1619474516017&CODE_STATE=getMsg HTTP/1.1" 200 27
120.253.135.82 - - [27/Apr/2021:06:05:40 +0800] "GET /xingrg/kc/pszx/mdps_order_operate.html?command=get_materiel_price&pszx_code=00101&rest_code=00104&base_code=0010246&code=00101029073&unit_code=00100179&order_time=2021-04-28 HTTP/1.1" 200 35
180.169.147.146 - - [27/Apr/2021:06:05:51 +0800] "GET /xingrg/all/function/internal_message.html?_=1619474747018&CODE_STATE=getMsg HTTP/1.1" 200 27
58.37.228.113 - - [27/Apr/2021:06:05:59 +0800] "GET /xingrg/all/function/internal_message.html?_=1619474734018&CODE_STATE=getMsg HTTP/1.1" 200 27
120.253.135.82 - - [27/Apr/2021:06:06:00 +0800] "POST /xingrg/kc/pszx/mdps_order_operate.html HTTP/1.1" 200 37
120.253.135.82 - - [27/Apr/2021:06:06:01 +0800] "GET /xingrg/kc/pszx/mdps_order_info.html?code=312021042700730 HTTP/1.1" 200 23931
120.253.135.82 - - [27/Apr/2021:06:06:01 +0800] "POST /xingrg/kc/pszx/mdps_order_operate.html HTTP/1.1" 200 11283
120.253.135.82 - - [27/Apr/2021:06:06:02 +0800] "GET /xingrg/javascript/easyui/themes/default/validatebox.css HTTP/1.1" 404 1104
58.40.7.146 - - [27/Apr/2021:06:06:09 +0800] "GET /xingrg/all/function/internal_message.html?_=1619474766692&CODE_STATE=getMsg HTTP/1.1" 200 27
116.230.114.112 - - [27/Apr/2021:06:06:12 +0800] "GET /xingrg/all/function/internal_message.html?_=1619474773918&CODE_STATE=getMsg HTTP/1.1" 302 -
58.40.7.146 - - [27/Apr/2021:06:06:14 +0800] "GET /xingrg/all/function/internal_message.html?_=1619474770850&CODE_STATE=getMsg HTTP/1.1" 200 27
116.224.253.72 - - [27/Apr/2021:06:06:20 +0800] "GET /xingrg/all/function/internal_message.html?_=1619474782493&CODE_STATE=getMsg HTTP/1.1" 200 27
120.253.135.82 - - [27/Apr/2021:06:06:22 +0800] "POST /xingrg/kc/pszx/mdps_order_operate.html HTTP/1.1" 200 37
120.253.135.82 - - [27/Apr/2021:06:06:23 +0800] "GET /xingrg/kc/pszx/mdps_order_info.html?code=312021042700730 HTTP/1.1" 200 23931
120.253.135.82 - - [27/Apr/2021:06:06:24 +0800] "GET /xingrg/javascript/easyui/themes/default/validatebox.css HTTP/1.1" 404 1104
120.253.135.82 - - [27/Apr/2021:06:06:24 +0800] "POST /xingrg/kc/pszx/mdps_order_operate.html HTTP/1.1" 200 11283
120.253.135.82 - - [27/Apr/2021:06:06:25 +0800] "POST /xingrg/kc/pszx/mdps_list_operate.html HTTP/1.1" 200 3189
116.230.114.112 - - [27/Apr/2021:06:06:26 +0800] "GET /xingrg/all/function/internal_message.html?_=1619474789122&CODE_STATE=getMsg HTTP/1.1" 200 27
120.253.135.82 - - [27/Apr/2021:06:06:29 +0800] "GET /xingrg/kc/pszx/mdps_order_add.html HTTP/1.1" 200 29219
120.253.135.82 - - [27/Apr/2021:06:06:29 +0800] "POST /xingrg/kc/pszx/mdps_order_operate.html HTTP/1.1" 200 7126
120.253.135.82 - - [27/Apr/2021:06:06:29 +0800] "GET /xingrg/javascript/easyui/themes/default/validatebox.css HTTP/1.1" 404 1104
120.253.135.82 - - [27/Apr/2021:06:06:39 +0800] "GET /xingrg/all/function/internal_message.html?_=1619474576057&CODE_STATE=getMsg HTTP/1.1" 200 27
120.253.135.82 - - [27/Apr/2021:06:06:42 +0800] "POST /xingrg/all/common/load_combo.html?type=base HTTP/1.1" 200 1075
120.253.135.82 - - [27/Apr/2021:06:06:50 +0800] "GET /xingrg/kc/pszx/mdps_order_operate.html?command=get_materiel&pszx_code=00101&rest_code=00104&base_code=0010252&code=00101014041 HTTP/1.1" 200 434
180.169.147.146 - - [27/Apr/2021:06:06:51 +0800] "GET /xingrg/all/function/internal_message.html?_=1619474807046&CODE_STATE=getMsg HTTP/1.1" 200 27
58.37.228.113 - - [27/Apr/2021:06:06:59 +0800] "GET /xingrg/all/function/internal_message.html?_=1619474794000&CODE_STATE=getMsg HTTP/1.1" 200 27
120.253.135.82 - - [27/Apr/2021:06:06:59 +0800] "GET /xingrg/kc/pszx/mdps_order_operate.html?command=get_materiel&pszx_code=00101&rest_code=00104&base_code=0010252&code=00101014073 HTTP/1.1" 200 446
120.253.135.82 - - [27/Apr/2021:06:07:01 +0800] "POST /xingrg/all/common/load_select.html HTTP/1.1" 200 25
120.253.135.82 - - [27/Apr/2021:06:07:03 +0800] "GET /xingrg/kc/pszx/mdps_order_operate.html?command=get_materiel_price&pszx_code=00101&rest_code=00104&base_code=0010252&code=00101014073&unit_code=00100121&order_time=2021-04-28 HTTP/1.1" 200 35
116.230.114.112 - - [27/Apr/2021:06:07:04 +0800] "GET /xingrg/check_reg.html?_=1619474825070 HTTP/1.1" 302 -
120.253.135.82 - - [27/Apr/2021:06:07:09 +0800] "POST /xingrg/kc/pszx/mdps_order_operate.html HTTP/1.1" 200 37
120.253.135.82 - - [27/Apr/2021:06:07:09 +0800] "GET /xingrg/kc/pszx/mdps_order_info.html?code=312021042700731 HTTP/1.1" 200 23931
