61.165.42.208 - - [25/Apr/2021:10:32:35 +0800] "POST /xingrg/kc/buy/cgsh_order_operate.html HTTP/1.1" 200 8245
61.165.42.208 - - [25/Apr/2021:10:32:35 +0800] "GET /xingrg/javascript/easyui/themes/default/validatebox.css HTTP/1.1" 404 1104
116.233.79.102 - - [25/Apr/2021:10:32:35 +0800] "GET /xingrg/all/function/internal_message.html?_=1619317954150&CODE_STATE=getMsg HTTP/1.1" 200 27
116.230.110.80 - - [25/Apr/2021:10:32:35 +0800] "GET /xingrg/all/function/internal_message.html?_=1619317953820&CODE_STATE=getMsg HTTP/1.1" 200 27
101.85.94.178 - - [25/Apr/2021:10:32:39 +0800] "GET /xingrg/check_reg.html?_=1619317484784 HTTP/1.1" 200 22
101.85.94.178 - - [25/Apr/2021:10:32:39 +0800] "GET /xingrg/all/function/internal_message.html?_=1619317484785&CODE_STATE=getMsg HTTP/1.1" 200 27
172.20.0.100 - - [25/Apr/2021:10:32:42 +0800] "GET /xingrg/all/function/internal_message.html?_=1619317959786&CODE_STATE=getMsg HTTP/1.1" 200 27
61.165.42.208 - - [25/Apr/2021:10:32:42 +0800] "GET /xingrg/all/function/internal_message.html?_=1619317959988&CODE_STATE=getMsg HTTP/1.1" 200 27
114.88.167.174 - - [25/Apr/2021:10:32:42 +0800] "GET /xingrg/all/function/internal_message.html?_=1619317955729&CODE_STATE=getMsg HTTP/1.1" 200 27
116.224.253.72 - - [25/Apr/2021:10:32:43 +0800] "GET /xingrg/all/function/internal_message.html?_=1619317968026&CODE_STATE=getMsg HTTP/1.1" 200 27
180.169.147.146 - - [25/Apr/2021:10:32:43 +0800] "GET /xingrg/javascript/auto/indicator.gif HTTP/1.1" 404 1066
61.165.42.208 - - [25/Apr/2021:10:32:45 +0800] "GET /xingrg/kc/buy/cgsh_order_operate.html?command=get_materiel&rest_code=00105&code=00101001040&supplier_code=00100090&order_time=2021-04-25 HTTP/1.1" 200 415
61.165.42.208 - - [25/Apr/2021:10:32:50 +0800] "GET /xingrg/kc/base/wldb_order_operate.html?command=get_materiel&rest_code=00105&base_code=0010507&code=00101019529 HTTP/1.1" 200 475
61.165.42.208 - - [25/Apr/2021:10:32:50 +0800] "GET /xingrg/all/function/internal_message.html?_=1619317952536&CODE_STATE=getMsg HTTP/1.1" 200 27
180.161.124.236 - - [25/Apr/2021:10:32:52 +0800] "GET /xingrg/all/function/internal_message.html?_=1619318251059&CODE_STATE=getMsg HTTP/1.1" 200 27
117.185.32.26 - - [25/Apr/2021:10:32:52 +0800] "POST /xingrg/kc/buy/cgsh_order_operate.html HTTP/1.1" 200 37
117.185.32.26 - - [25/Apr/2021:10:32:56 +0800] "POST /xingrg/kc/buy/cgsh_order_operate.html HTTP/1.1" 200 12
117.185.32.26 - - [25/Apr/2021:10:32:58 +0800] "GET /xingrg/kc/buy/cgsh_order_info.html?code=212021042510588 HTTP/1.1" 200 57192
61.165.42.208 - - [25/Apr/2021:10:32:58 +0800] "GET /xingrg/kc/buy/cgsh_order_operate.html?command=get_materiel&rest_code=00105&code=00101001140&supplier_code=00100090&order_time=2021-04-25 HTTP/1.1" 200 413
117.185.32.26 - - [25/Apr/2021:10:32:58 +0800] "GET /xingrg/javascript/easyui/themes/default/validatebox.css HTTP/1.1" 404 1104
117.185.32.26 - - [25/Apr/2021:10:32:59 +0800] "POST /xingrg/kc/buy/cgsh_order_operate.html HTTP/1.1" 200 612
117.185.32.26 - - [25/Apr/2021:10:33:00 +0800] "GET /xingrg/all/function/internal_message.html?_=1619317974307&CODE_STATE=getMsg HTTP/1.1" 200 27
116.230.114.112 - - [25/Apr/2021:10:33:01 +0800] "GET /xingrg/all/function/internal_message.html?_=1619318005524&CODE_STATE=getMsg HTTP/1.1" 200 27
180.169.147.146 - - [25/Apr/2021:10:33:03 +0800] "GET /xingrg/all/function/internal_message.html?_=1619317981245&CODE_STATE=getMsg HTTP/1.1" 200 27
117.185.32.26 - - [25/Apr/2021:10:33:03 +0800] "GET /xingrg/kc/print/load_config.html?kc_code=cgsh HTTP/1.1" 200 1845
117.185.32.26 - - [25/Apr/2021:10:33:03 +0800] "GET /xingrg/kc/print/load_data.html?order_code=212021042510588&kc_code=cgsh&condition= HTTP/1.1" 200 777
180.169.147.146 - - [25/Apr/2021:10:33:04 +0800] "GET /xingrg/all/function/internal_message.html?_=1619317982063&CODE_STATE=getMsg HTTP/1.1" 200 27
58.40.7.146 - - [25/Apr/2021:10:33:06 +0800] "GET /xingrg/all/function/internal_message.html?_=1619317984793&CODE_STATE=getMsg HTTP/1.1" 200 27
180.169.147.146 - - [25/Apr/2021:10:33:08 +0800] "GET /xingrg/all/function/internal_message.html?_=1619317985868&CODE_STATE=getMsg HTTP/1.1" 200 27
117.184.7.26 - - [25/Apr/2021:10:33:09 +0800] "GET /xingrg/login.html HTTP/1.1" 200 7641
58.40.7.146 - - [25/Apr/2021:10:33:11 +0800] "GET /xingrg/all/function/internal_message.html?_=1619317988951&CODE_STATE=getMsg HTTP/1.1" 200 27
117.184.7.26 - - [25/Apr/2021:10:33:11 +0800] "GET /favicon.ico HTTP/1.1" 404 -
180.169.147.146 - - [25/Apr/2021:10:33:11 +0800] "GET /xingrg/all/function/internal_message.html?_=1619317981823&CODE_STATE=getMsg HTTP/1.1" 200 27
61.165.42.208 - - [25/Apr/2021:10:33:12 +0800] "GET /xingrg/kc/buy/cgsh_order_operate.html?command=get_materiel&rest_code=00105&code=00101001125&supplier_code=00100090&order_time=2021-04-25 HTTP/1.1" 200 415
116.224.253.72 - - [25/Apr/2021:10:33:13 +0800] "GET /xingrg/all/function/internal_message.html?_=1619317992598&CODE_STATE=getMsg HTTP/1.1" 200 27
117.184.7.26 - - [25/Apr/2021:10:33:16 +0800] "POST /xingrg/login.do HTTP/1.1" 302 -
117.184.7.26 - - [25/Apr/2021:10:33:16 +0800] "GET /xingrg/index.html?sysBaseUrl=http%3A%2F%2F180.169.147.146%3A18081%2Fxingrg%2F&costTime=132×tamp=1619317996389 HTTP/1.1" 200 17179
117.184.7.26 - - [25/Apr/2021:10:33:16 +0800] "GET /favicon.ico HTTP/1.1" 404 -
101.83.240.230 - - [25/Apr/2021:10:33:16 +0800] "GET /xingrg/all/function/internal_message.html?_=1619317995037&CODE_STATE=getMsg HTTP/1.1" 200 27
117.184.7.26 - - [25/Apr/2021:10:33:16 +0800] "GET /xingrg/all/function/internal_message.html?_=1619317985724&CODE_STATE=count HTTP/1.1" 200 11
117.184.7.26 - - [25/Apr/2021:10:33:16 +0800] "GET /xingrg/check_reg.html?_=1619317985729 HTTP/1.1" 200 22
117.184.7.26 - - [25/Apr/2021:10:33:16 +0800] "POST /xingrg/all/common/load_tree.html?tree=area_rest_tree_json&manage=1 HTTP/1.1" 200 470
117.184.7.26 - - [25/Apr/2021:10:33:17 +0800] "POST /xingrg/load_menu.html HTTP/1.1" 200 5138
180.169.147.146 - - [25/Apr/2021:10:33:20 +0800] "POST /xingrg/kc/buy/cgsh_order_operate.html HTTP/1.1" 200 37
117.184.7.26 - - [25/Apr/2021:10:33:20 +0800] "POST /xingrg/all/user/operate.html HTTP/1.1" 200 36
117.184.7.26 - - [25/Apr/2021:10:33:21 +0800] "GET /xingrg/index.html?sysBaseUrl=http%3A%2F%2F180.169.147.146%3A18081%2Fxingrg%2F&costTime=132×tamp=1619317996389 HTTP/1.1" 200 17173
117.184.7.26 - - [25/Apr/2021:10:33:21 +0800] "GET /xingrg/javascript/jquery_easy_ui/themes/default/easyui.css HTTP/1.1" 304 -
117.184.7.26 - - [25/Apr/2021:10:33:21 +0800] "GET /xingrg/javascript/jquery_easy_ui/themes/icon.css HTTP/1.1" 304 -
117.184.7.26 - - [25/Apr/2021:10:33:21 +0800] "GET /xingrg/css/form.css HTTP/1.1" 304 -
117.184.7.26 - - [25/Apr/2021:10:33:21 +0800] "GET /xingrg/javascript/jquery-1.4.2.min.js HTTP/1.1" 304 -
117.184.7.26 - - [25/Apr/2021:10:33:21 +0800] "GET /xingrg/javascript/jquery_easy_ui/jquery.easyui.min.js HTTP/1.1" 304 -
117.184.7.26 - - [25/Apr/2021:10:33:21 +0800] "GET /xingrg/javascript/jquery_easy_ui/easyui-lang-zh_CN.js HTTP/1.1" 304 -
117.184.7.26 - - [25/Apr/2021:10:33:21 +0800] "GET /xingrg/javascript/jquery.form.js HTTP/1.1" 304 -
117.184.7.26 - - [25/Apr/2021:10:33:21 +0800] "GET /xingrg/javascript/jquery.utils.js HTTP/1.1" 304 -
117.184.7.26 - - [25/Apr/2021:10:33:21 +0800] "GET /xingrg/javascript/jquery.timers.js HTTP/1.1" 304 -
117.184.7.26 - - [25/Apr/2021:10:33:21 +0800] "GET /xingrg/images/blue/jxLogo.png HTTP/1.1" 304 -
117.184.7.26 - - [25/Apr/2021:10:33:21 +0800] "GET /xingrg/images/blue/navBackgound.jpg HTTP/1.1" 304 -
117.184.7.26 - - [25/Apr/2021:10:33:21 +0800] "GET /xingrg/javascript/jquery_easy_ui/themes/icons/settle_new.png HTTP/1.1" 304 -
117.184.7.26 - - [25/Apr/2021:10:33:21 +0800] "POST /xingrg/all/common/load_tree.html?tree=area_rest_tree_json&manage=1 HTTP/1.1" 200 470
117.184.7.26 - - [25/Apr/2021:10:33:21 +0800] "GET /xingrg/all/function/internal_message.html?_=1619317990100&CODE_STATE=count HTTP/1.1" 200 11
117.184.7.26 - - [25/Apr/2021:10:33:21 +0800] "GET /xingrg/check_reg.html?_=1619317990101 HTTP/1.1" 200 22
117.184.7.26 - - [25/Apr/2021:10:33:21 +0800] "GET /xingrg/images/blue/pingpu.png HTTP/1.1" 304 -
117.184.7.26 - - [25/Apr/2021:10:33:21 +0800] "GET /xingrg/javascript/jquery_easy_ui/themes/default/images/tabs_leftarrow.png HTTP/1.1" 304 -
117.184.7.26 - - [25/Apr/2021:10:33:21 +0800] "POST /xingrg/load_menu.html HTTP/1.1" 200 5138
117.184.7.26 - - [25/Apr/2021:10:33:21 +0800] "GET /xingrg/javascript/jquery_easy_ui/themes/icons/forms_new.png HTTP/1.1" 304 -
117.184.7.26 - - [25/Apr/2021:10:33:21 +0800] "GET /xingrg/javascript/jquery_easy_ui/themes/icons/search_new.png HTTP/1.1" 304 -
117.184.7.26 - - [25/Apr/2021:10:33:21 +0800] "GET /xingrg/javascript/jquery_easy_ui/themes/default/images/tree_folder.gif HTTP/1.1" 304 -
117.184.7.26 - - [25/Apr/2021:10:33:21 +0800] "GET /xingrg/javascript/jquery_easy_ui/themes/icons/storage_new.png HTTP/1.1" 304 -
117.184.7.26 - - [25/Apr/2021:10:33:21 +0800] "GET /xingrg/javascript/jquery_easy_ui/themes/default/images/tree_folder_open.gif HTTP/1.1" 304 -
117.184.7.26 - - [25/Apr/2021:10:33:21 +0800] "GET /xingrg/javascript/jquery_easy_ui/themes/default/images/tree_arrows.gif HTTP/1.1" 304 -
117.184.7.26 - - [25/Apr/2021:10:33:21 +0800] "GET /xingrg/javascript/jquery_easy_ui/themes/default/images/tree_file.gif HTTP/1.1" 304 -
117.184.7.26 - - [25/Apr/2021:10:33:21 +0800] "GET /xingrg/javascript/jquery_easy_ui/themes/default/images/panel_tool_collapse.gif HTTP/1.1" 304 -
117.184.7.26 - - [25/Apr/2021:10:33:21 +0800] "GET /xingrg/javascript/jquery_easy_ui/themes/default/images/tabs_rightarrow.png HTTP/1.1" 304 -
117.185.32.26 - - [25/Apr/2021:10:33:24 +0800] "GET /xingrg/kc/buy/cgsh_order_add.html HTTP/1.1" 200 62286
117.184.7.26 - - [25/Apr/2021:10:33:24 +0800] "GET /xingrg/kc/base/base_main.html HTTP/1.1" 200 12142
117.185.32.26 - - [25/Apr/2021:10:33:24 +0800] "POST /xingrg/kc/buy/cgsh_order_operate.html HTTP/1.1" 200 8245
117.185.32.26 - - [25/Apr/2021:10:33:24 +0800] "GET /xingrg/javascript/easyui/themes/default/validatebox.css HTTP/1.1" 404 1104
58.37.228.113 - - [25/Apr/2021:10:33:25 +0800] "GET /xingrg/all/function/internal_message.html?_=1619317978815&CODE_STATE=getMsg HTTP/1.1" 200 27
180.169.147.146 - - [25/Apr/2021:10:33:25 +0800] "POST /xingrg/kc/buy/cgsh_order_operate.html HTTP/1.1" 200 5033
120.253.135.82 - - [25/Apr/2021:10:33:26 +0800] "GET /xingrg/check_reg.html?_=1619317783608 HTTP/1.1" 200 22
117.184.7.26 - - [25/Apr/2021:10:33:26 +0800] "GET /xingrg/kc/base/wldb_order_list.html HTTP/1.1" 200 19383
117.185.32.26 - - [25/Apr/2021:10:33:26 +0800] "POST /xingrg/all/common/load_tree.html?tree=supplier_tree_json&isDelete=1 HTTP/1.1" 200 55089
120.253.135.82 - - [25/Apr/2021:10:33:26 +0800] "GET /xingrg/all/function/internal_message.html?_=1619317783962&CODE_STATE=getMsg HTTP/1.1" 200 27
61.165.42.208 - - [25/Apr/2021:10:33:26 +0800] "GET /xingrg/kc/buy/cgsh_order_operate.html?command=get_materiel&rest_code=00105&code=00101001044&supplier_code=00100090&order_time=2021-04-25 HTTP/1.1" 200 411
117.185.32.26 - - [25/Apr/2021:10:33:26 +0800] "GET /xingrg/javascript/easyui/themes/default/tree.css HTTP/1.1" 404 1090
117.184.7.26 - - [25/Apr/2021:10:33:27 +0800] "POST /xingrg/kc/base/wldb_list_operate.html HTTP/1.1" 200 928
58.37.228.113 - - [25/Apr/2021:10:33:28 +0800] "GET /xingrg/all/function/internal_message.html?_=1619318007345&CODE_STATE=getMsg HTTP/1.1" 200 27
117.184.7.26 - - [25/Apr/2021:10:33:29 +0800] "GET /xingrg/kc/base/wldb_order_add.html HTTP/1.1" 200 30542
117.184.7.26 - - [25/Apr/2021:10:33:32 +0800] "GET /xingrg/words/20210425093436_words.js HTTP/1.1" 200 809743
116.230.114.112 - - [25/Apr/2021:10:33:33 +0800] "GET /xingrg/all/function/internal_message.html?_=1619318033078&CODE_STATE=getMsg HTTP/1.1" 302 -
117.184.7.26 - - [25/Apr/2021:10:33:34 +0800] "POST /xingrg/kc/base/wldb_order_operate.html HTTP/1.1" 200 6806
117.185.32.26 - - [25/Apr/2021:10:33:35 +0800] "GET /xingrg/all/function/internal_message.html?_=1619318533397&CODE_STATE=getMsg HTTP/1.1" 200 27
117.184.7.26 - - [25/Apr/2021:10:33:35 +0800] "GET /xingrg/all/common/auto_word.html?type=base&rest_code=00108 HTTP/1.1" 200 1761
117.184.7.26 - - [25/Apr/2021:10:33:35 +0800] "GET /xingrg/javascript/easyui/themes/default/validatebox.css HTTP/1.1" 404 1104
117.184.7.26 - - [25/Apr/2021:10:33:35 +0800] "GET /xingrg/all/common/auto_word.html?type=base&rest_code=00108 HTTP/1.1" 200 1761
116.233.79.102 - - [25/Apr/2021:10:33:35 +0800] "GET /xingrg/all/function/internal_message.html?_=1619318014152&CODE_STATE=getMsg HTTP/1.1" 200 27
61.165.42.208 - - [25/Apr/2021:10:33:35 +0800] "GET /xingrg/kc/base/wldb_order_operate.html?command=get_materiel&rest_code=00105&base_code=0010507&code=00101013011 HTTP/1.1" 200 451
116.230.110.80 - - [25/Apr/2021:10:33:36 +0800] "GET /xingrg/all/function/internal_message.html?_=1619318013823&CODE_STATE=getMsg HTTP/1.1" 200 27
117.184.7.26 - - [25/Apr/2021:10:33:38 +0800] "GET /xingrg/javascript/auto/indicator.gif HTTP/1.1" 404 1066
117.184.7.26 - - [25/Apr/2021:10:33:39 +0800] "GET /xingrg/kc/base/wldb_order_operate.html?command=get_materiel&rest_code=00108&base_code=&code=00101019376 HTTP/1.1" 200 461
101.85.94.178 - - [25/Apr/2021:10:33:39 +0800] "GET /xingrg/all/function/internal_message.html?_=1619317544787&CODE_STATE=getMsg HTTP/1.1" 200 27
61.165.42.208 - - [25/Apr/2021:10:33:42 +0800] "GET /xingrg/all/function/internal_message.html?_=1619318019959&CODE_STATE=getMsg HTTP/1.1" 200 27
172.20.0.100 - - [25/Apr/2021:10:33:42 +0800] "GET /xingrg/all/function/internal_message.html?_=1619318019773&CODE_STATE=getMsg HTTP/1.1" 200 27
114.88.167.174 - - [25/Apr/2021:10:33:42 +0800] "GET /xingrg/all/function/internal_message.html?_=1619318016078&CODE_STATE=getMsg HTTP/1.1" 200 27
116.224.253.72 - - [25/Apr/2021:10:33:43 +0800] "GET /xingrg/all/function/internal_message.html?_=1619318028039&CODE_STATE=getMsg HTTP/1.1" 200 27
61.165.42.208 - - [25/Apr/2021:10:33:43 +0800] "GET /xingrg/kc/buy/cgsh_order_operate.html?command=get_materiel&rest_code=00105&code=00101001169&supplier_code=00100090&order_time=2021-04-25 HTTP/1.1" 200 415
117.185.32.26 - - [25/Apr/2021:10:33:46 +0800] "GET /xingrg/kc/buy/cgsh_order_operate.html?command=get_materiel&rest_code=00106&code=00101003035&supplier_code=00100092&order_time=2021-04-25 HTTP/1.1" 200 411
61.165.42.208 - - [25/Apr/2021:10:33:50 +0800] "GET /xingrg/all/function/internal_message.html?_=1619318012511&CODE_STATE=getMsg HTTP/1.1" 200 27
180.161.124.236 - - [25/Apr/2021:10:33:52 +0800] "GET /xingrg/all/function/internal_message.html?_=1619318311078&CODE_STATE=getMsg HTTP/1.1" 200 27
61.165.42.208 - - [25/Apr/2021:10:33:54 +0800] "GET /xingrg/kc/buy/cgsh_order_operate.html?command=get_materiel&rest_code=00105&code=00101001264&supplier_code=00100090&order_time=2021-04-25 HTTP/1.1" 200 398
61.165.42.208 - - [25/Apr/2021:10:33:55 +0800] "GET /xingrg/kc/base/wldb_order_operate.html?command=get_materiel&rest_code=00105&base_code=0010507&code=00101019183 HTTP/1.1" 200 433
114.88.167.174 - - [25/Apr/2021:10:33:59 +0800] "GET /xingrg/kc/buy/cgsh_order_add.html HTTP/1.1" 200 62286
117.184.7.26 - - [25/Apr/2021:10:34:00 +0800] "GET /xingrg/javascript/jquery_tools/images/prev.gif HTTP/1.1" 404 1086
117.184.7.26 - - [25/Apr/2021:10:34:00 +0800] "GET /xingrg/javascript/jquery_tools/images/next.gif HTTP/1.1" 404 1086
114.88.167.174 - - [25/Apr/2021:10:34:00 +0800] "GET /xingrg/javascript/easyui/themes/default/validatebox.css HTTP/1.1" 404 1104
114.88.167.174 - - [25/Apr/2021:10:34:00 +0800] "POST /xingrg/kc/buy/cgsh_order_operate.html HTTP/1.1" 200 8245
117.185.32.26 - - [25/Apr/2021:10:34:00 +0800] "GET /xingrg/all/function/internal_message.html?_=1619318034313&CODE_STATE=getMsg HTTP/1.1" 200 27
117.185.32.26 - - [25/Apr/2021:10:34:00 +0800] "GET /xingrg/check_reg.html?_=1619318034308 HTTP/1.1" 200 22
116.230.114.112 - - [25/Apr/2021:10:34:02 +0800] "GET /xingrg/all/function/internal_message.html?_=1619318065902&CODE_STATE=getMsg HTTP/1.1" 200 27
180.169.147.146 - - [25/Apr/2021:10:34:03 +0800] "GET /xingrg/all/function/internal_message.html?_=1619318041244&CODE_STATE=getMsg HTTP/1.1" 200 27
180.169.147.146 - - [25/Apr/2021:10:34:04 +0800] "GET /xingrg/all/function/internal_message.html?_=1619318042058&CODE_STATE=getMsg HTTP/1.1" 200 27
61.165.42.208 - - [25/Apr/2021:10:34:04 +0800] "POST /xingrg/kc/buy/cgsh_order_operate.html HTTP/1.1" 200 37
117.184.7.26 - - [25/Apr/2021:10:34:05 +0800] "GET /xingrg/kc/base/wldb_order_operate.html?command=get_materiel&rest_code=00108&base_code=0010538&code=00101019376 HTTP/1.1" 200 461
61.165.42.208 - - [25/Apr/2021:10:34:06 +0800] "POST /xingrg/kc/buy/cgsh_order_operate.html HTTP/1.1" 200 5634
58.40.7.146 - - [25/Apr/2021:10:34:06 +0800] "GET /xingrg/all/function/internal_message.html?_=1619318044797&CODE_STATE=getMsg HTTP/1.1" 200 27
61.165.42.208 - - [25/Apr/2021:10:34:07 +0800] "GET /xingrg/kc/print/load_data.html?order_code=212021042510589&kc_code=cgsh&condition= HTTP/1.1" 200 1877
180.169.147.146 - - [25/Apr/2021:10:34:08 +0800] "GET /xingrg/check_reg.html?_=1619318045867 HTTP/1.1" 200 22
180.169.147.146 - - [25/Apr/2021:10:34:08 +0800] "GET /xingrg/all/function/internal_message.html?_=1619318045879&CODE_STATE=getMsg HTTP/1.1" 200 27
58.40.7.146 - - [25/Apr/2021:10:34:11 +0800] "GET /xingrg/all/function/internal_message.html?_=1619318048954&CODE_STATE=getMsg HTTP/1.1" 200 27
180.169.147.146 - - [25/Apr/2021:10:34:11 +0800] "GET /xingrg/all/function/internal_message.html?_=1619318041830&CODE_STATE=getMsg HTTP/1.1" 200 27
61.165.42.208 - - [25/Apr/2021:10:34:12 +0800] "GET /xingrg/kc/buy/cgsh_order_add.html HTTP/1.1" 200 62333
61.165.42.208 - - [25/Apr/2021:10:34:12 +0800] "POST /xingrg/kc/buy/cgsh_order_operate.html HTTP/1.1" 200 8245
61.165.42.208 - - [25/Apr/2021:10:34:12 +0800] "GET /xingrg/javascript/easyui/themes/default/validatebox.css HTTP/1.1" 404 1104
117.185.32.26 - - [25/Apr/2021:10:34:13 +0800] "GET /xingrg/kc/buy/cgsh_order_operate.html?command=get_materiel&rest_code=00106&code=00101003033&supplier_code=00100092&order_time=2021-04-25 HTTP/1.1" 200 442
116.224.253.72 - - [25/Apr/2021:10:34:14 +0800] "GET /xingrg/all/function/internal_message.html?_=1619318052603&CODE_STATE=getMsg HTTP/1.1" 200 27
114.88.167.174 - - [25/Apr/2021:10:34:15 +0800] "GET /xingrg/kc/buy/cgsh_order_operate.html?command=get_materiel&rest_code=00111&code=00101004038&supplier_code=00100347&order_time=2021-04-25 HTTP/1.1" 200 430
101.83.240.230 - - [25/Apr/2021:10:34:16 +0800] "GET /xingrg/all/function/internal_message.html?_=1619318055009&CODE_STATE=getMsg HTTP/1.1" 200 27
61.165.42.208 - - [25/Apr/2021:10:34:17 +0800] "POST /xingrg/kc/base/wldb_order_operate.html HTTP/1.1" 200 37
61.165.42.208 - - [25/Apr/2021:10:34:18 +0800] "POST /xingrg/kc/base/wldb_order_operate.html HTTP/1.1" 200 6103
114.86.187.76 - - [25/Apr/2021:10:34:18 +0800] "GET /favicon.ico HTTP/1.1" 404 -
61.165.42.208 - - [25/Apr/2021:10:34:18 +0800] "GET /xingrg/kc/base/wldb_order_info.html?code=422021042502613 HTTP/1.1" 200 30561
61.165.42.208 - - [25/Apr/2021:10:34:18 +0800] "GET /xingrg/words/20210425093436_words.js HTTP/1.1" 304 -
61.165.42.208 - - [25/Apr/2021:10:34:19 +0800] "GET /xingrg/javascript/easyui/themes/default/validatebox.css HTTP/1.1" 404 1104
61.165.42.208 - - [25/Apr/2021:10:34:19 +0800] "POST /xingrg/kc/base/wldb_order_operate.html HTTP/1.1" 200 6103
117.184.7.26 - - [25/Apr/2021:10:34:20 +0800] "POST /xingrg/kc/base/wldb_order_operate.html HTTP/1.1" 200 37
117.184.7.26 - - [25/Apr/2021:10:34:20 +0800] "POST /xingrg/kc/base/wldb_order_operate.html HTTP/1.1" 200 2216
117.184.7.26 - - [25/Apr/2021:10:34:22 +0800] "GET /xingrg/all/function/internal_message.html?_=1619318050797&CODE_STATE=getMsg HTTP/1.1" 200 27
117.184.7.26 - - [25/Apr/2021:10:34:22 +0800] "GET /xingrg/kc/base/wldb_order_info.html?code=422021042502614 HTTP/1.1" 200 30553
117.184.7.26 - - [25/Apr/2021:10:34:22 +0800] "GET /xingrg/javascript/easyui/themes/default/validatebox.css HTTP/1.1" 404 1104
117.184.7.26 - - [25/Apr/2021:10:34:22 +0800] "POST /xingrg/kc/base/wldb_order_operate.html HTTP/1.1" 200 2216
58.37.228.113 - - [25/Apr/2021:10:34:25 +0800] "GET /xingrg/all/function/internal_message.html?_=1619318038814&CODE_STATE=getMsg HTTP/1.1" 200 27
120.253.135.82 - - [25/Apr/2021:10:34:26 +0800] "GET /xingrg/all/function/internal_message.html?_=1619317843975&CODE_STATE=getMsg HTTP/1.1" 200 27
117.185.32.26 - - [25/Apr/2021:10:34:26 +0800] "POST /xingrg/kc/buy/cgsh_order_operate.html HTTP/1.1" 200 37
114.88.167.174 - - [25/Apr/2021:10:34:27 +0800] "GET /xingrg/kc/buy/cgsh_order_operate.html?command=get_materiel&rest_code=00111&code=00101010563&supplier_code=00100347&order_time=2021-04-25 HTTP/1.1" 200 398
61.165.42.208 - - [25/Apr/2021:10:34:27 +0800] "GET /xingrg/kc/buy/cgsh_order_operate.html?command=get_materiel&rest_code=00105&code=00101007032&supplier_code=00100328&order_time=2021-04-25 HTTP/1.1" 200 432
58.37.228.113 - - [25/Apr/2021:10:34:28 +0800] "GET /xingrg/all/function/internal_message.html?_=1619318067347&CODE_STATE=getMsg HTTP/1.1" 200 27
117.185.32.26 - - [25/Apr/2021:10:34:29 +0800] "POST /xingrg/kc/buy/cgsh_order_operate.html HTTP/1.1" 200 12
117.185.32.26 - - [25/Apr/2021:10:34:31 +0800] "GET /xingrg/kc/buy/cgsh_order_info.html?code=212021042510590 HTTP/1.1" 200 57190
117.185.32.26 - - [25/Apr/2021:10:34:31 +0800] "GET /xingrg/javascript/easyui/themes/default/validatebox.css HTTP/1.1" 404 1104
117.185.32.26 - - [25/Apr/2021:10:34:31 +0800] "POST /xingrg/kc/buy/cgsh_order_operate.html HTTP/1.1" 200 1215
116.230.114.112 - - [25/Apr/2021:10:34:33 +0800] "GET /xingrg/all/function/internal_message.html?_=1619318093102&CODE_STATE=getMsg HTTP/1.1" 302 -
117.185.32.26 - - [25/Apr/2021:10:34:34 +0800] "GET /xingrg/kc/print/load_data.html?order_code=212021042510590&kc_code=cgsh&condition= HTTP/1.1" 200 993
117.185.32.26 - - [25/Apr/2021:10:34:35 +0800] "GET /xingrg/all/function/internal_message.html?_=1619318593405&CODE_STATE=getMsg HTTP/1.1" 200 27
116.233.79.102 - - [25/Apr/2021:10:34:35 +0800] "GET /xingrg/all/function/internal_message.html?_=1619318074158&CODE_STATE=getMsg HTTP/1.1" 200 27
116.230.110.80 - - [25/Apr/2021:10:34:36 +0800] "GET /xingrg/check_reg.html?_=1619318073824 HTTP/1.1" 200 22
116.230.110.80 - - [25/Apr/2021:10:34:36 +0800] "GET /xingrg/all/function/internal_message.html?_=1619318073826&CODE_STATE=getMsg HTTP/1.1" 200 27
114.88.167.174 - - [25/Apr/2021:10:34:37 +0800] "GET /xingrg/check_reg.html?_=1619318071194 HTTP/1.1" 200 22
61.165.42.208 - - [25/Apr/2021:10:34:38 +0800] "GET /xingrg/kc/buy/cgsh_order_operate.html?command=get_materiel&rest_code=00105&code=00101007085&supplier_code=00100328&order_time=2021-04-25 HTTP/1.1" 200 434
101.85.94.178 - - [25/Apr/2021:10:34:39 +0800] "GET /xingrg/all/function/internal_message.html?_=1619317604786&CODE_STATE=getMsg HTTP/1.1" 200 27
61.165.42.208 - - [25/Apr/2021:10:34:42 +0800] "GET /xingrg/all/function/internal_message.html?_=1619318079949&CODE_STATE=getMsg HTTP/1.1" 200 27
172.20.0.100 - - [25/Apr/2021:10:34:42 +0800] "GET /xingrg/all/function/internal_message.html?_=1619318079777&CODE_STATE=getMsg HTTP/1.1" 200 27
114.88.167.174 - - [25/Apr/2021:10:34:42 +0800] "GET /xingrg/all/function/internal_message.html?_=1619318076084&CODE_STATE=getMsg HTTP/1.1" 200 27
116.224.253.72 - - [25/Apr/2021:10:34:43 +0800] "GET /xingrg/all/function/internal_message.html?_=1619318088067&CODE_STATE=getMsg HTTP/1.1" 200 27
117.185.32.26 - - [25/Apr/2021:10:34:44 +0800] "GET /xingrg/kc/buy/cgsh_order_add.html HTTP/1.1" 200 62286
117.185.32.26 - - [25/Apr/2021:10:34:45 +0800] "POST /xingrg/kc/buy/cgsh_order_operate.html HTTP/1.1" 200 8245
117.185.32.26 - - [25/Apr/2021:10:34:45 +0800] "GET /xingrg/javascript/easyui/themes/default/validatebox.css HTTP/1.1" 404 1104
117.185.32.26 - - [25/Apr/2021:10:34:47 +0800] "GET /xingrg/javascript/easyui/themes/default/tree.css HTTP/1.1" 404 1090
117.185.32.26 - - [25/Apr/2021:10:34:47 +0800] "POST /xingrg/all/common/load_tree.html?tree=supplier_tree_json&isDelete=1 HTTP/1.1" 200 55089
114.88.167.174 - - [25/Apr/2021:10:34:48 +0800] "GET /xingrg/kc/buy/cgsh_order_operate.html?command=get_materiel&rest_code=00111&code=00101012046&supplier_code=00100347&order_time=2021-04-25 HTTP/1.1" 200 417
61.165.42.208 - - [25/Apr/2021:10:34:50 +0800] "GET /xingrg/all/function/internal_message.html?_=1619318072498&CODE_STATE=getMsg HTTP/1.1" 200 27
180.161.124.236 - - [25/Apr/2021:10:34:52 +0800] "GET /xingrg/all/function/internal_message.html?_=1619318371078&CODE_STATE=getMsg HTTP/1.1" 200 27
116.230.114.112 - - [25/Apr/2021:10:34:55 +0800] "GET /xingrg/check_reg.html?_=1619318119781 HTTP/1.1" 200 22
114.88.167.174 - - [25/Apr/2021:10:34:58 +0800] "GET /xingrg/kc/buy/cgsh_order_operate.html?command=get_materiel&rest_code=00111&code=00102002167&supplier_code=00100347&order_time=2021-04-25 HTTP/1.1" 200 409
117.185.32.26 - - [25/Apr/2021:10:35:00 +0800] "GET /xingrg/all/function/internal_message.html?_=1619318094323&CODE_STATE=getMsg HTTP/1.1" 200 27
116.230.114.112 - - [25/Apr/2021:10:35:02 +0800] "GET /xingrg/all/function/internal_message.html?_=1619318125909&CODE_STATE=getMsg HTTP/1.1" 200 27
180.169.147.146 - - [25/Apr/2021:10:35:03 +0800] "GET /xingrg/all/function/internal_message.html?_=1619318101247&CODE_STATE=getMsg HTTP/1.1" 200 27
180.169.147.146 - - [25/Apr/2021:10:35:04 +0800] "GET /xingrg/all/function/internal_message.html?_=1619318102076&CODE_STATE=getMsg HTTP/1.1" 200 27
58.40.7.146 - - [25/Apr/2021:10:35:06 +0800] "GET /xingrg/all/function/internal_message.html?_=1619318104802&CODE_STATE=getMsg HTTP/1.1" 200 27
61.165.42.208 - - [25/Apr/2021:10:35:07 +0800] "POST /xingrg/kc/buy/cgsh_order_operate.html HTTP/1.1" 200 37
180.169.147.146 - - [25/Apr/2021:10:35:08 +0800] "GET /xingrg/all/function/internal_message.html?_=1619318105874&CODE_STATE=getMsg HTTP/1.1" 200 27
117.185.32.26 - - [25/Apr/2021:10:35:08 +0800] "GET /xingrg/kc/buy/cgsh_order_operate.html?command=get_materiel&rest_code=00106&code=00101004011&supplier_code=00100088&order_time=2021-04-25 HTTP/1.1" 200 413
61.165.42.208 - - [25/Apr/2021:10:35:08 +0800] "POST /xingrg/kc/buy/cgsh_order_operate.html HTTP/1.1" 200 3249
61.165.42.208 - - [25/Apr/2021:10:35:09 +0800] "GET /xingrg/kc/print/load_data.html?order_code=212021042510591&kc_code=cgsh&condition= HTTP/1.1" 200 901
58.40.7.146 - - [25/Apr/2021:10:35:11 +0800] "GET /xingrg/all/function/internal_message.html?_=1619318108958&CODE_STATE=getMsg HTTP/1.1" 200 27
58.40.7.146 - - [25/Apr/2021:10:35:11 +0800] "GET /xingrg/check_reg.html?_=1619318108959 HTTP/1.1" 200 22
180.169.147.146 - - [25/Apr/2021:10:35:11 +0800] "GET /xingrg/all/function/internal_message.html?_=1619318101830&CODE_STATE=getMsg HTTP/1.1" 200 27
61.165.42.208 - - [25/Apr/2021:10:35:13 +0800] "GET /xingrg/kc/buy/cgsh_order_add.html HTTP/1.1" 200 62333
61.165.42.208 - - [25/Apr/2021:10:35:13 +0800] "GET /xingrg/javascript/easyui/themes/default/validatebox.css HTTP/1.1" 404 1104
61.165.42.208 - - [25/Apr/2021:10:35:13 +0800] "POST /xingrg/kc/buy/cgsh_order_operate.html HTTP/1.1" 200 8245
180.162.112.86 - - [25/Apr/2021:10:35:13 +0800] "GET /xingrg HTTP/1.1" 302 -
116.224.253.72 - - [25/Apr/2021:10:35:14 +0800] "GET /xingrg/check_reg.html?_=1619318112617 HTTP/1.1" 200 22
116.224.253.72 - - [25/Apr/2021:10:35:14 +0800] "GET /xingrg/all/function/internal_message.html?_=1619318112620&CODE_STATE=getMsg HTTP/1.1" 200 27
180.162.112.86 - - [25/Apr/2021:10:35:14 +0800] "GET /xingrg/index.html HTTP/1.1" 302 -
180.162.112.86 - - [25/Apr/2021:10:35:14 +0800] "GET /favicon.ico HTTP/1.1" 404 -
180.162.112.86 - - [25/Apr/2021:10:35:14 +0800] "GET /xingrg/login.html HTTP/1.1" 200 7641
101.83.240.230 - - [25/Apr/2021:10:35:16 +0800] "GET /xingrg/all/function/internal_message.html?_=1619318114979&CODE_STATE=getMsg HTTP/1.1" 200 27
180.162.112.86 - - [25/Apr/2021:10:35:17 +0800] "GET /favicon.ico HTTP/1.1" 404 -
117.184.7.26 - - [25/Apr/2021:10:35:21 +0800] "GET /xingrg/all/function/internal_message.html?_=1619318110779&CODE_STATE=getMsg HTTP/1.1" 200 27
61.165.42.208 - - [25/Apr/2021:10:35:24 +0800] "GET /xingrg/kc/buy/cgsh_order_operate.html?command=get_materiel&rest_code=00105&code=00101004090&supplier_code=00100312&order_time=2021-04-25 HTTP/1.1" 200 391
58.37.228.113 - - [25/Apr/2021:10:35:25 +0800] "GET /xingrg/check_reg.html?_=1619318098802 HTTP/1.1" 200 22
58.37.228.113 - - [25/Apr/2021:10:35:25 +0800] "GET /xingrg/all/function/internal_message.html?_=1619318098804&CODE_STATE=getMsg HTTP/1.1" 200 27
120.253.135.82 - - [25/Apr/2021:10:35:26 +0800] "GET /xingrg/all/function/internal_message.html?_=1619317903989&CODE_STATE=getMsg HTTP/1.1" 200 27
117.185.32.26 - - [25/Apr/2021:10:35:28 +0800] "GET /xingrg/kc/buy/cgsh_order_operate.html?command=get_materiel&rest_code=00106&code=00101003041&supplier_code=00100088&order_time=2021-04-25 HTTP/1.1" 200 414
58.37.228.113 - - [25/Apr/2021:10:35:28 +0800] "GET /xingrg/all/function/internal_message.html?_=1619318127349&CODE_STATE=getMsg HTTP/1.1" 200 27
180.162.112.86 - - [25/Apr/2021:10:35:31 +0800] "GET /xingrg HTTP/1.1" 302 -
180.162.112.86 - - [25/Apr/2021:10:35:32 +0800] "GET /xingrg/index.html HTTP/1.1" 302 -
180.162.112.86 - - [25/Apr/2021:10:35:32 +0800] "GET /favicon.ico HTTP/1.1" 404 -
180.162.112.86 - - [25/Apr/2021:10:35:32 +0800] "GET /xingrg/login.html HTTP/1.1" 200 7641
116.230.114.112 - - [25/Apr/2021:10:35:33 +0800] "GET /xingrg/all/function/internal_message.html?_=1619318153106&CODE_STATE=getMsg HTTP/1.1" 302 -
180.162.112.86 - - [25/Apr/2021:10:35:34 +0800] "GET /favicon.ico HTTP/1.1" 404 -
117.185.32.26 - - [25/Apr/2021:10:35:35 +0800] "GET /xingrg/all/function/internal_message.html?_=1619318653406&CODE_STATE=getMsg HTTP/1.1" 200 27
116.233.79.102 - - [25/Apr/2021:10:35:35 +0800] "GET /xingrg/all/function/internal_message.html?_=1619318134157&CODE_STATE=getMsg HTTP/1.1" 200 27
116.230.110.80 - - [25/Apr/2021:10:35:36 +0800] "GET /xingrg/all/function/internal_message.html?_=1619318133827&CODE_STATE=getMsg HTTP/1.1" 200 27
101.85.94.178 - - [25/Apr/2021:10:35:39 +0800] "GET /xingrg/all/function/internal_message.html?_=1619317664784&CODE_STATE=getMsg HTTP/1.1" 200 27
61.165.42.208 - - [25/Apr/2021:10:35:40 +0800] "GET /xingrg/kc/buy/cgsh_order_operate.html?command=get_materiel&rest_code=00105&code=00101004027&supplier_code=00100312&order_time=2021-04-25 HTTP/1.1" 200 409
61.165.42.208 - - [25/Apr/2021:10:35:41 +0800] "GET /xingrg/all/function/internal_message.html?_=1619318139912&CODE_STATE=getMsg HTTP/1.1" 200 27
114.88.167.174 - - [25/Apr/2021:10:35:42 +0800] "GET /xingrg/all/function/internal_message.html?_=1619318136097&CODE_STATE=getMsg HTTP/1.1" 200 27
116.224.253.72 - - [25/Apr/2021:10:35:43 +0800] "GET /xingrg/all/function/internal_message.html?_=1619318148082&CODE_STATE=getMsg HTTP/1.1" 200 27
117.185.32.26 - - [25/Apr/2021:10:35:47 +0800] "POST /xingrg/kc/buy/cgsh_order_operate.html HTTP/1.1" 200 37
117.185.32.26 - - [25/Apr/2021:10:35:50 +0800] "POST /xingrg/kc/buy/cgsh_order_operate.html HTTP/1.1" 200 12
61.165.42.208 - - [25/Apr/2021:10:35:50 +0800] "GET /xingrg/check_reg.html?_=1619318132499 HTTP/1.1" 200 22
61.165.42.208 - - [25/Apr/2021:10:35:50 +0800] "GET /xingrg/all/function/internal_message.html?_=1619318132502&CODE_STATE=getMsg HTTP/1.1" 200 27
180.162.112.86 - - [25/Apr/2021:10:35:52 +0800] "POST /xingrg/login.do HTTP/1.1" 302 -
180.162.112.86 - - [25/Apr/2021:10:35:52 +0800] "GET /xingrg/index.html?sysBaseUrl=http%3A%2F%2F180.169.147.146%3A18081%2Fxingrg%2F&costTime=56×tamp=1619318152019 HTTP/1.1" 200 17179
61.165.42.208 - - [25/Apr/2021:10:35:52 +0800] "GET /xingrg/kc/buy/cgsh_order_operate.html?command=get_materiel&rest_code=00105&code=00101004079&supplier_code=00100312&order_time=2021-04-25 HTTP/1.1" 200 399
180.162.112.86 - - [25/Apr/2021:10:35:52 +0800] "GET /favicon.ico HTTP/1.1" 404 -
180.161.124.236 - - [25/Apr/2021:10:35:52 +0800] "GET /xingrg/check_reg.html?_=1619318430954 HTTP/1.1" 200 22
180.161.124.236 - - [25/Apr/2021:10:35:52 +0800] "GET /xingrg/all/function/internal_message.html?_=1619318431095&CODE_STATE=getMsg HTTP/1.1" 200 27
180.162.112.86 - - [25/Apr/2021:10:35:52 +0800] "POST /xingrg/all/common/load_tree.html?tree=area_rest_tree_json&manage=1 HTTP/1.1" 200 351
180.162.112.86 - - [25/Apr/2021:10:35:52 +0800] "GET /xingrg/all/function/internal_message.html?_=1619317904201&CODE_STATE=count HTTP/1.1" 200 11
180.162.112.86 - - [25/Apr/2021:10:35:52 +0800] "GET /xingrg/check_reg.html?_=1619317904202 HTTP/1.1" 200 22
180.162.112.86 - - [25/Apr/2021:10:35:53 +0800] "POST /xingrg/load_menu.html HTTP/1.1" 200 5138
180.162.112.86 - - [25/Apr/2021:10:35:56 +0800] "GET /xingrg/kc/base/base_main.html HTTP/1.1" 200 12142
180.162.112.86 - - [25/Apr/2021:10:35:59 +0800] "GET /xingrg/kc/base/wldb_order_list.html HTTP/1.1" 200 19389
61.165.42.208 - - [25/Apr/2021:10:35:59 +0800] "GET /xingrg/kc/buy/cgsh_order_operate.html?command=get_materiel&rest_code=00105&code=00101004030&supplier_code=00100312&order_time=2021-04-25 HTTP/1.1" 200 408
117.185.32.26 - - [25/Apr/2021:10:36:00 +0800] "GET /xingrg/all/function/internal_message.html?_=1619318154322&CODE_STATE=getMsg HTTP/1.1" 200 27
116.230.114.112 - - [25/Apr/2021:10:36:02 +0800] "GET /xingrg/all/function/internal_message.html?_=1619318185923&CODE_STATE=getMsg HTTP/1.1" 200 27
180.162.112.86 - - [25/Apr/2021:10:36:02 +0800] "POST /xingrg/kc/base/wldb_list_operate.html HTTP/1.1" 200 1787
180.169.147.146 - - [25/Apr/2021:10:36:03 +0800] "GET /xingrg/all/function/internal_message.html?_=1619318161261&CODE_STATE=getMsg HTTP/1.1" 200 27
180.169.147.146 - - [25/Apr/2021:10:36:03 +0800] "GET /xingrg/check_reg.html?_=1619318161264 HTTP/1.1" 200 22
180.169.147.146 - - [25/Apr/2021:10:36:04 +0800] "GET /xingrg/all/function/internal_message.html?_=1619318162079&CODE_STATE=getMsg HTTP/1.1" 200 27
117.185.32.26 - - [25/Apr/2021:10:36:06 +0800] "GET /xingrg/kc/buy/cgsh_order_info.html?code=212021042510592 HTTP/1.1" 200 57190
117.185.32.26 - - [25/Apr/2021:10:36:06 +0800] "GET /xingrg/javascript/easyui/themes/default/validatebox.css HTTP/1.1" 404 1104
58.40.7.146 - - [25/Apr/2021:10:36:06 +0800] "GET /xingrg/all/function/internal_message.html?_=1619318164790&CODE_STATE=getMsg HTTP/1.1" 200 27
61.165.42.208 - - [25/Apr/2021:10:36:07 +0800] "GET /xingrg/kc/buy/cgsh_order_operate.html?command=get_materiel&rest_code=00105&code=00101005015&supplier_code=00100312&order_time=2021-04-25 HTTP/1.1" 200 409
180.169.147.146 - - [25/Apr/2021:10:36:08 +0800] "GET /xingrg/all/function/internal_message.html?_=1619318165870&CODE_STATE=getMsg HTTP/1.1" 200 27
117.185.32.26 - - [25/Apr/2021:10:36:08 +0800] "POST /xingrg/kc/buy/cgsh_order_operate.html HTTP/1.1" 200 1209
58.40.7.146 - - [25/Apr/2021:10:36:11 +0800] "GET /xingrg/all/function/internal_message.html?_=1619318168961&CODE_STATE=getMsg HTTP/1.1" 200 27
180.169.147.146 - - [25/Apr/2021:10:36:11 +0800] "GET /xingrg/all/function/internal_message.html?_=1619318161829&CODE_STATE=getMsg HTTP/1.1" 200 27
117.185.32.26 - - [25/Apr/2021:10:36:12 +0800] "GET /xingrg/kc/print/load_data.html?order_code=212021042510592&kc_code=cgsh&condition= HTTP/1.1" 200 1009
116.224.253.72 - - [25/Apr/2021:10:36:14 +0800] "GET /xingrg/all/function/internal_message.html?_=1619318172624&CODE_STATE=getMsg HTTP/1.1" 200 27
61.165.42.208 - - [25/Apr/2021:10:36:15 +0800] "GET /xingrg/kc/buy/cgsh_order_operate.html?command=get_materiel&rest_code=00105&code=00101004020&supplier_code=00100312&order_time=2021-04-25 HTTP/1.1" 200 409
180.162.112.86 - - [25/Apr/2021:10:36:16 +0800] "GET /xingrg/kc/base/wldb_order_add.html HTTP/1.1" 200 30556
101.83.240.230 - - [25/Apr/2021:10:36:16 +0800] "GET /xingrg/all/function/internal_message.html?_=1619318174949&CODE_STATE=getMsg HTTP/1.1" 200 27
180.162.112.86 - - [25/Apr/2021:10:36:16 +0800] "GET /xingrg/words/20210425093436_words.js HTTP/1.1" 200 809743
180.162.112.86 - - [25/Apr/2021:10:36:17 +0800] "GET /xingrg/all/common/auto_word.html?type=base&rest_code=00143 HTTP/1.1" 200 619
180.162.112.86 - - [25/Apr/2021:10:36:17 +0800] "GET /xingrg/all/common/auto_word.html?type=base&rest_code=00143 HTTP/1.1" 200 619
180.162.112.86 - - [25/Apr/2021:10:36:17 +0800] "GET /xingrg/javascript/easyui/themes/default/validatebox.css HTTP/1.1" 404 1104
180.162.112.86 - - [25/Apr/2021:10:36:17 +0800] "POST /xingrg/kc/base/wldb_order_operate.html HTTP/1.1" 200 6806
180.162.112.86 - - [25/Apr/2021:10:36:18 +0800] "POST /xingrg/all/common/load_combo.html?type=base HTTP/1.1" 200 1130
180.162.112.86 - - [25/Apr/2021:10:36:21 +0800] "POST /xingrg/all/common/load_combo.html?type=base HTTP/1.1" 200 1130
117.184.7.26 - - [25/Apr/2021:10:36:21 +0800] "GET /xingrg/all/function/internal_message.html?_=1619318170749&CODE_STATE=getMsg HTTP/1.1" 200 27
61.165.42.208 - - [25/Apr/2021:10:36:22 +0800] "GET /xingrg/kc/buy/cgsh_order_operate.html?command=get_materiel&rest_code=00105&code=00101001138&supplier_code=00100312&order_time=2021-04-25 HTTP/1.1" 200 415
117.185.32.26 - - [25/Apr/2021:10:36:24 +0800] "GET /xingrg/kc/buy/cgsh_order_add.html HTTP/1.1" 200 62286
117.185.32.26 - - [25/Apr/2021:10:36:25 +0800] "GET /xingrg/javascript/easyui/themes/default/validatebox.css HTTP/1.1" 404 1104
58.37.228.113 - - [25/Apr/2021:10:36:25 +0800] "GET /xingrg/all/function/internal_message.html?_=1619318158798&CODE_STATE=getMsg HTTP/1.1" 200 27
117.185.32.26 - - [25/Apr/2021:10:36:25 +0800] "POST /xingrg/kc/buy/cgsh_order_operate.html HTTP/1.1" 200 8245
120.253.135.82 - - [25/Apr/2021:10:36:26 +0800] "GET /xingrg/all/function/internal_message.html?_=1619317964045&CODE_STATE=getMsg HTTP/1.1" 200 27
117.185.32.26 - - [25/Apr/2021:10:36:27 +0800] "GET /xingrg/javascript/easyui/themes/default/tree.css HTTP/1.1" 404 1090
117.185.32.26 - - [25/Apr/2021:10:36:27 +0800] "POST /xingrg/all/common/load_tree.html?tree=supplier_tree_json&isDelete=1 HTTP/1.1" 200 55089
58.37.228.113 - - [25/Apr/2021:10:36:28 +0800] "GET /xingrg/all/function/internal_message.html?_=1619318187353&CODE_STATE=getMsg HTTP/1.1" 200 27
116.230.114.112 - - [25/Apr/2021:10:36:33 +0800] "GET /xingrg/all/function/internal_message.html?_=1619318213130&CODE_STATE=getMsg HTTP/1.1" 302 -
61.151.207.205 - - [25/Apr/2021:10:36:33 +0800] "GET /xingrg/all/function/internal_message.html?_=1619318127349&CODE_STATE=getMsg HTTP/1.1" 302 -
61.165.42.208 - - [25/Apr/2021:10:36:33 +0800] "GET /xingrg/kc/buy/cgsh_order_operate.html?command=get_materiel&rest_code=00105&code=00101001005&supplier_code=00100312&order_time=2021-04-25 HTTP/1.1" 200 415
117.185.32.26 - - [25/Apr/2021:10:36:35 +0800] "GET /xingrg/check_reg.html?_=1619318713437 HTTP/1.1" 200 22
117.185.32.26 - - [25/Apr/2021:10:36:35 +0800] "GET /xingrg/all/function/internal_message.html?_=1619318713439&CODE_STATE=getMsg HTTP/1.1" 200 27
116.233.79.102 - - [25/Apr/2021:10:36:35 +0800] "GET /xingrg/all/function/internal_message.html?_=1619318194160&CODE_STATE=getMsg HTTP/1.1" 200 27
116.233.79.102 - - [25/Apr/2021:10:36:35 +0800] "GET /xingrg/check_reg.html?_=1619318194161 HTTP/1.1" 200 22
116.230.110.80 - - [25/Apr/2021:10:36:36 +0800] "GET /xingrg/all/function/internal_message.html?_=1619318193813&CODE_STATE=getMsg HTTP/1.1" 200 27
180.162.112.86 - - [25/Apr/2021:10:36:36 +0800] "GET /xingrg/javascript/auto/indicator.gif HTTP/1.1" 404 1066
61.151.207.205 - - [25/Apr/2021:10:36:38 +0800] "GET /xingrg/login.html HTTP/1.1" 200 7641
101.85.94.178 - - [25/Apr/2021:10:36:39 +0800] "GET /xingrg/all/function/internal_message.html?_=1619317724798&CODE_STATE=getMsg HTTP/1.1" 200 27
180.162.112.86 - - [25/Apr/2021:10:36:40 +0800] "GET /xingrg/kc/base/wldb_order_operate.html?command=get_materiel&rest_code=00143&base_code=0010216&code=00101019739 HTTP/1.1" 200 455
117.184.7.26 - - [25/Apr/2021:10:36:41 +0800] "GET /favicon.ico HTTP/1.1" 404 -
61.165.42.208 - - [25/Apr/2021:10:36:41 +0800] "GET /xingrg/all/function/internal_message.html?_=1619318199893&CODE_STATE=getMsg HTTP/1.1" 200 27
61.165.42.208 - - [25/Apr/2021:10:36:42 +0800] "GET /xingrg/check_reg.html?_=1619318200087 HTTP/1.1" 200 22
114.88.167.174 - - [25/Apr/2021:10:36:42 +0800] "GET /xingrg/all/function/internal_message.html?_=1619318196111&CODE_STATE=getMsg HTTP/1.1" 200 27
116.224.253.72 - - [25/Apr/2021:10:36:43 +0800] "GET /xingrg/all/function/internal_message.html?_=1619318208112&CODE_STATE=getMsg HTTP/1.1" 200 27
61.165.42.208 - - [25/Apr/2021:10:36:44 +0800] "GET /xingrg/kc/buy/cgsh_order_operate.html?command=get_materiel&rest_code=00105&code=00101001096&supplier_code=00100312&order_time=2021-04-25 HTTP/1.1" 200 413
61.165.42.208 - - [25/Apr/2021:10:36:50 +0800] "GET /xingrg/all/function/internal_message.html?_=1619318192486&CODE_STATE=getMsg HTTP/1.1" 200 27
180.161.124.236 - - [25/Apr/2021:10:36:52 +0800] "GET /xingrg/all/function/internal_message.html?_=1619318491112&CODE_STATE=getMsg HTTP/1.1" 200 27
180.162.112.86 - - [25/Apr/2021:10:36:52 +0800] "GET /xingrg/all/function/internal_message.html?_=1619317964206&CODE_STATE=getMsg HTTP/1.1" 200 27
117.185.32.26 - - [25/Apr/2021:10:36:53 +0800] "GET /xingrg/kc/buy/cgsh_order_operate.html?command=get_materiel&rest_code=00106&code=00101010607&supplier_code=00100404&order_time=2021-04-25 HTTP/1.1" 200 407
101.93.222.235 - - [25/Apr/2021:10:36:54 +0800] "GET /favicon.ico HTTP/1.1" 404 -
117.185.32.26 - - [25/Apr/2021:10:37:00 +0800] "GET /xingrg/all/function/internal_message.html?_=1619318214325&CODE_STATE=getMsg HTTP/1.1" 200 27
116.230.114.112 - - [25/Apr/2021:10:37:02 +0800] "GET /xingrg/all/function/internal_message.html?_=1619318246289&CODE_STATE=getMsg HTTP/1.1" 200 27
116.230.114.112 - - [25/Apr/2021:10:37:02 +0800] "GET /xingrg/check_reg.html?_=1619318242826 HTTP/1.1" 302 -
61.165.42.208 - - [25/Apr/2021:10:37:02 +0800] "POST /xingrg/kc/buy/cgsh_order_operate.html HTTP/1.1" 200 37
180.169.147.146 - - [25/Apr/2021:10:37:03 +0800] "GET /xingrg/all/function/internal_message.html?_=1619318221268&CODE_STATE=getMsg HTTP/1.1" 200 27
180.162.112.86 - - [25/Apr/2021:10:37:03 +0800] "GET /xingrg/kc/base/wldb_order_operate.html?command=get_materiel&rest_code=00143&base_code=0010216&code=00101012017 HTTP/1.1" 200 446
180.169.147.146 - - [25/Apr/2021:10:37:04 +0800] "GET /xingrg/check_reg.html?_=1619318222063 HTTP/1.1" 200 22
180.169.147.146 - - [25/Apr/2021:10:37:04 +0800] "GET /xingrg/all/function/internal_message.html?_=1619318222065&CODE_STATE=getMsg HTTP/1.1" 200 27
61.165.42.208 - - [25/Apr/2021:10:37:04 +0800] "POST /xingrg/kc/buy/cgsh_order_operate.html HTTP/1.1" 200 7395
61.165.42.208 - - [25/Apr/2021:10:37:05 +0800] "GET /xingrg/kc/print/load_data.html?order_code=212021042510593&kc_code=cgsh&condition= HTTP/1.1" 200 2473
58.40.7.146 - - [25/Apr/2021:10:37:06 +0800] "GET /xingrg/all/function/internal_message.html?_=1619318224794&CODE_STATE=getMsg HTTP/1.1" 200 27
58.40.7.146 - - [25/Apr/2021:10:37:06 +0800] "GET /xingrg/check_reg.html?_=1619318224796 HTTP/1.1" 200 22
114.88.167.174 - - [25/Apr/2021:10:37:07 +0800] "POST /xingrg/kc/buy/cgsh_order_operate.html HTTP/1.1" 200 37
180.169.147.146 - - [25/Apr/2021:10:37:08 +0800] "GET /xingrg/all/function/internal_message.html?_=1619318225876&CODE_STATE=getMsg HTTP/1.1" 200 27
61.165.42.208 - - [25/Apr/2021:10:37:09 +0800] "GET /xingrg/kc/buy/cgsh_order_add.html HTTP/1.1" 200 62333
61.165.42.208 - - [25/Apr/2021:10:37:10 +0800] "POST /xingrg/kc/buy/cgsh_order_operate.html HTTP/1.1" 200 8245
61.165.42.208 - - [25/Apr/2021:10:37:10 +0800] "GET /xingrg/javascript/easyui/themes/default/validatebox.css HTTP/1.1" 404 1104
114.88.167.174 - - [25/Apr/2021:10:37:10 +0800] "POST /xingrg/kc/buy/cgsh_order_operate.html HTTP/1.1" 200 5030
58.40.7.146 - - [25/Apr/2021:10:37:11 +0800] "GET /xingrg/all/function/internal_message.html?_=1619318228964&CODE_STATE=getMsg HTTP/1.1" 200 27
180.169.147.146 - - [25/Apr/2021:10:37:11 +0800] "GET /xingrg/check_reg.html?_=1619318221830 HTTP/1.1" 200 22
180.169.147.146 - - [25/Apr/2021:10:37:11 +0800] "GET /xingrg/all/function/internal_message.html?_=1619318221832&CODE_STATE=getMsg HTTP/1.1" 200 27
117.185.32.26 - - [25/Apr/2021:10:37:13 +0800] "POST /xingrg/kc/buy/cgsh_order_operate.html HTTP/1.1" 200 37
114.88.167.174 - - [25/Apr/2021:10:37:13 +0800] "GET /xingrg/kc/print/load_data.html?order_code=212021042510594&kc_code=cgsh&condition= HTTP/1.1" 200 1560
116.224.253.72 - - [25/Apr/2021:10:37:14 +0800] "GET /xingrg/all/function/internal_message.html?_=1619318232619&CODE_STATE=getMsg HTTP/1.1" 200 27
101.83.240.230 - - [25/Apr/2021:10:37:16 +0800] "GET /xingrg/all/function/internal_message.html?_=1619318234919&CODE_STATE=getMsg HTTP/1.1" 200 27
101.83.240.230 - - [25/Apr/2021:10:37:17 +0800] "GET /xingrg/check_reg.html?_=1619318235342 HTTP/1.1" 200 22
117.185.32.26 - - [25/Apr/2021:10:37:17 +0800] "POST /xingrg/kc/buy/cgsh_order_operate.html HTTP/1.1" 200 12
117.185.32.26 - - [25/Apr/2021:10:37:18 +0800] "GET /xingrg/kc/buy/cgsh_order_info.html?code=212021042510595 HTTP/1.1" 200 57194
61.165.42.208 - - [25/Apr/2021:10:37:18 +0800] "GET /xingrg/kc/buy/cgsh_order_operate.html?command=get_materiel&rest_code=00105&code=00101010079&supplier_code=00100336&order_time=2021-04-25 HTTP/1.1" 200 413
117.185.32.26 - - [25/Apr/2021:10:37:18 +0800] "GET /xingrg/javascript/easyui/themes/default/validatebox.css HTTP/1.1" 404 1104
117.185.32.26 - - [25/Apr/2021:10:37:19 +0800] "POST /xingrg/kc/buy/cgsh_order_operate.html HTTP/1.1" 200 615
114.88.167.174 - - [25/Apr/2021:10:37:21 +0800] "GET /xingrg/kc/buy/cgsh_order_add.html HTTP/1.1" 200 62286
117.184.7.26 - - [25/Apr/2021:10:37:21 +0800] "GET /xingrg/all/function/internal_message.html?_=1619318230733&CODE_STATE=getMsg HTTP/1.1" 200 27
114.88.167.174 - - [25/Apr/2021:10:37:22 +0800] "POST /xingrg/kc/buy/cgsh_order_operate.html HTTP/1.1" 200 8245
114.88.167.174 - - [25/Apr/2021:10:37:22 +0800] "GET /xingrg/javascript/easyui/themes/default/validatebox.css HTTP/1.1" 404 1104
61.165.42.208 - - [25/Apr/2021:10:37:24 +0800] "POST /xingrg/kc/buy/cgsh_order_operate.html HTTP/1.1" 200 37
117.185.32.26 - - [25/Apr/2021:10:37:24 +0800] "GET /xingrg/kc/print/load_data.html?order_code=212021042510595&kc_code=cgsh&condition= HTTP/1.1" 200 728
58.37.228.113 - - [25/Apr/2021:10:37:25 +0800] "GET /xingrg/all/function/internal_message.html?_=1619318218811&CODE_STATE=getMsg HTTP/1.1" 200 27
61.165.42.208 - - [25/Apr/2021:10:37:26 +0800] "POST /xingrg/kc/buy/cgsh_order_operate.html HTTP/1.1" 200 2657
120.253.135.82 - - [25/Apr/2021:10:37:26 +0800] "GET /xingrg/all/function/internal_message.html?_=1619318024047&CODE_STATE=getMsg HTTP/1.1" 200 27
61.165.42.208 - - [25/Apr/2021:10:37:27 +0800] "GET /xingrg/kc/print/load_data.html?order_code=212021042510596&kc_code=cgsh&condition= HTTP/1.1" 200 664
58.37.228.113 - - [25/Apr/2021:10:37:28 +0800] "GET /xingrg/all/function/internal_message.html?_=1619318247355&CODE_STATE=getMsg HTTP/1.1" 200 27
58.37.228.113 - - [25/Apr/2021:10:37:28 +0800] "GET /xingrg/check_reg.html?_=1619318247357 HTTP/1.1" 200 22
116.224.253.72 - - [25/Apr/2021:10:37:29 +0800] "GET /xingrg/check_reg.html?_=1619318254102 HTTP/1.1" 200 22
61.165.42.208 - - [25/Apr/2021:10:37:32 +0800] "GET /xingrg/kc/buy/cgsh_order_add.html HTTP/1.1" 200 62333
61.165.42.208 - - [25/Apr/2021:10:37:32 +0800] "GET /xingrg/javascript/easyui/themes/default/validatebox.css HTTP/1.1" 404 1104
61.165.42.208 - - [25/Apr/2021:10:37:32 +0800] "POST /xingrg/kc/buy/cgsh_order_operate.html HTTP/1.1" 200 8245
116.230.114.112 - - [25/Apr/2021:10:37:33 +0800] "GET /xingrg/all/function/internal_message.html?_=1619318273133&CODE_STATE=getMsg HTTP/1.1" 302 -
117.185.32.26 - - [25/Apr/2021:10:37:35 +0800] "GET /xingrg/all/function/internal_message.html?_=1619318773424&CODE_STATE=getMsg HTTP/1.1" 200 27
116.233.79.102 - - [25/Apr/2021:10:37:35 +0800] "GET /xingrg/all/function/internal_message.html?_=1619318254161&CODE_STATE=getMsg HTTP/1.1" 200 27
116.230.110.80 - - [25/Apr/2021:10:37:36 +0800] "GET /xingrg/all/function/internal_message.html?_=1619318253818&CODE_STATE=getMsg HTTP/1.1" 200 27
117.185.32.26 - - [25/Apr/2021:10:37:36 +0800] "GET /xingrg/kc/buy/cgsh_order_add.html HTTP/1.1" 200 62286
117.185.32.26 - - [25/Apr/2021:10:37:36 +0800] "POST /xingrg/kc/buy/cgsh_order_operate.html HTTP/1.1" 200 8245
117.185.32.26 - - [25/Apr/2021:10:37:36 +0800] "GET /xingrg/javascript/easyui/themes/default/validatebox.css HTTP/1.1" 404 1104
117.185.32.26 - - [25/Apr/2021:10:37:38 +0800] "GET /xingrg/javascript/easyui/themes/default/tree.css HTTP/1.1" 404 1090
117.185.32.26 - - [25/Apr/2021:10:37:38 +0800] "POST /xingrg/all/common/load_tree.html?tree=supplier_tree_json&isDelete=1 HTTP/1.1" 200 55089
101.85.94.178 - - [25/Apr/2021:10:37:39 +0800] "GET /xingrg/check_reg.html?_=1619317784783 HTTP/1.1" 200 22
101.85.94.178 - - [25/Apr/2021:10:37:39 +0800] "GET /xingrg/all/function/internal_message.html?_=1619317784785&CODE_STATE=getMsg HTTP/1.1" 200 27
61.165.42.208 - - [25/Apr/2021:10:37:41 +0800] "GET /xingrg/all/function/internal_message.html?_=1619318259866&CODE_STATE=getMsg HTTP/1.1" 200 27
114.88.167.174 - - [25/Apr/2021:10:37:42 +0800] "GET /xingrg/all/function/internal_message.html?_=1619318256124&CODE_STATE=getMsg HTTP/1.1" 200 27
116.224.253.72 - - [25/Apr/2021:10:37:43 +0800] "GET /xingrg/all/function/internal_message.html?_=1619318268124&CODE_STATE=getMsg HTTP/1.1" 200 27
180.162.112.86 - - [25/Apr/2021:10:37:46 +0800] "GET /xingrg/kc/base/wldb_order_operate.html?command=get_materiel&rest_code=00143&base_code=0010216&code=00101013067 HTTP/1.1" 200 436
114.88.167.174 - - [25/Apr/2021:10:37:49 +0800] "GET /xingrg/kc/buy/cgsh_order_operate.html?command=get_materiel&rest_code=00111&code=00101001029&supplier_code=00100314&order_time=2021-04-25 HTTP/1.1" 200 413
61.165.42.208 - - [25/Apr/2021:10:37:50 +0800] "GET /xingrg/all/function/internal_message.html?_=1619318252486&CODE_STATE=getMsg HTTP/1.1" 200 27
180.162.112.86 - - [25/Apr/2021:10:37:52 +0800] "GET /xingrg/all/function/internal_message.html?_=1619318024212&CODE_STATE=getMsg HTTP/1.1" 200 27
