116.233.79.102 - - [25/Apr/2021:09:11:30 +0800] "GET /xingrg/kc/buy/cgsh_order_operate.html?command=get_materiel&rest_code=00109&code=00101006127&supplier_code=00100015&order_time=2021-04-25 HTTP/1.1" 200 423
180.161.124.236 - - [25/Apr/2021:09:11:31 +0800] "POST /xingrg/kc/buy/cgsh_order_operate.html HTTP/1.1" 200 12
116.230.114.112 - - [25/Apr/2021:09:11:32 +0800] "GET /xingrg/all/function/internal_message.html?_=1619313111965&CODE_STATE=getMsg HTTP/1.1" 302 -
180.161.124.236 - - [25/Apr/2021:09:11:32 +0800] "GET /xingrg/kc/buy/cgsh_order_info.html?code=212021042510532 HTTP/1.1" 200 57145
180.161.124.236 - - [25/Apr/2021:09:11:34 +0800] "GET /xingrg/javascript/easyui/themes/default/validatebox.css HTTP/1.1" 404 1104
180.161.124.236 - - [25/Apr/2021:09:11:34 +0800] "POST /xingrg/kc/buy/cgsh_order_operate.html HTTP/1.1" 200 15366
116.233.79.102 - - [25/Apr/2021:09:11:35 +0800] "GET /xingrg/all/function/internal_message.html?_=1619313093131&CODE_STATE=getMsg HTTP/1.1" 200 27
116.233.79.102 - - [25/Apr/2021:09:11:35 +0800] "GET /xingrg/check_reg.html?_=1619313093136 HTTP/1.1" 200 22
116.233.79.102 - - [25/Apr/2021:09:11:36 +0800] "GET /xingrg/kc/buy/cgsh_order_operate.html?command=get_materiel&rest_code=00109&code=00101006057&supplier_code=00100015&order_time=2021-04-25 HTTP/1.1" 200 413
116.224.253.72 - - [25/Apr/2021:09:11:37 +0800] "GET /xingrg/all/function/internal_message.html?_=1619313096036&CODE_STATE=getMsg HTTP/1.1" 200 27
116.224.253.72 - - [25/Apr/2021:09:11:41 +0800] "GET /xingrg/all/function/internal_message.html?_=1619313106424&CODE_STATE=getMsg HTTP/1.1" 200 27
116.233.79.102 - - [25/Apr/2021:09:11:44 +0800] "GET /xingrg/kc/buy/cgsh_order_operate.html?command=get_materiel&rest_code=00109&code=00101006115&supplier_code=00100015&order_time=2021-04-25 HTTP/1.1" 200 409
116.233.79.102 - - [25/Apr/2021:09:11:52 +0800] "GET /xingrg/kc/buy/cgsh_order_operate.html?command=get_materiel&rest_code=00109&code=00101006193&supplier_code=00100015&order_time=2021-04-25 HTTP/1.1" 200 409
101.83.240.230 - - [25/Apr/2021:09:11:52 +0800] "GET /xingrg/all/function/internal_message.html?_=1619313110584&CODE_STATE=getMsg HTTP/1.1" 200 27
116.230.114.112 - - [25/Apr/2021:09:11:54 +0800] "GET /xingrg/all/function/internal_message.html?_=1619313137981&CODE_STATE=getMsg HTTP/1.1" 200 27
116.233.79.102 - - [25/Apr/2021:09:11:59 +0800] "GET /xingrg/kc/buy/cgsh_order_operate.html?command=get_materiel&rest_code=00109&code=00101006144&supplier_code=00100015&order_time=2021-04-25 HTTP/1.1" 200 409
180.169.147.146 - - [25/Apr/2021:09:12:02 +0800] "GET /xingrg/all/function/internal_message.html?_=1619313120921&CODE_STATE=getMsg HTTP/1.1" 200 27
116.230.114.112 - - [25/Apr/2021:09:12:03 +0800] "GET /xingrg/check_reg.html?_=1619313142722 HTTP/1.1" 302 -
180.161.124.236 - - [25/Apr/2021:09:12:04 +0800] "GET /xingrg/all/function/internal_message.html?_=1619313403521&CODE_STATE=getMsg HTTP/1.1" 200 27
58.40.7.146 - - [25/Apr/2021:09:12:06 +0800] "GET /xingrg/all/function/internal_message.html?_=1619313124725&CODE_STATE=getMsg HTTP/1.1" 200 27
58.40.7.146 - - [25/Apr/2021:09:12:06 +0800] "GET /xingrg/check_reg.html?_=1619313124727 HTTP/1.1" 200 22
116.230.110.80 - - [25/Apr/2021:09:12:08 +0800] "GET /xingrg/all/function/internal_message.html?_=1619313126827&CODE_STATE=getMsg HTTP/1.1" 200 27
58.40.7.146 - - [25/Apr/2021:09:12:10 +0800] "GET /xingrg/all/function/internal_message.html?_=1619313128890&CODE_STATE=getMsg HTTP/1.1" 200 27
61.165.42.208 - - [25/Apr/2021:09:12:17 +0800] "GET /xingrg/check_reg.html?_=1619313136875 HTTP/1.1" 200 22
61.165.42.208 - - [25/Apr/2021:09:12:17 +0800] "GET /xingrg/all/function/internal_message.html?_=1619313136877&CODE_STATE=getMsg HTTP/1.1" 200 27
58.37.228.113 - - [25/Apr/2021:09:12:25 +0800] "GET /xingrg/all/function/internal_message.html?_=1619313118679&CODE_STATE=getMsg HTTP/1.1" 200 27
58.37.228.113 - - [25/Apr/2021:09:12:28 +0800] "GET /xingrg/all/function/internal_message.html?_=1619313147142&CODE_STATE=getMsg HTTP/1.1" 200 27
58.37.228.113 - - [25/Apr/2021:09:12:28 +0800] "GET /xingrg/check_reg.html?_=1619313147143 HTTP/1.1" 200 22
116.224.253.72 - - [25/Apr/2021:09:12:29 +0800] "GET /xingrg/check_reg.html?_=1619313153999 HTTP/1.1" 200 22
116.230.114.112 - - [25/Apr/2021:09:12:32 +0800] "GET /xingrg/all/function/internal_message.html?_=1619313171987&CODE_STATE=getMsg HTTP/1.1" 302 -
116.233.79.102 - - [25/Apr/2021:09:12:35 +0800] "GET /xingrg/all/function/internal_message.html?_=1619313153134&CODE_STATE=getMsg HTTP/1.1" 200 27
116.224.253.72 - - [25/Apr/2021:09:12:37 +0800] "GET /xingrg/all/function/internal_message.html?_=1619313156061&CODE_STATE=getMsg HTTP/1.1" 200 27
116.224.253.72 - - [25/Apr/2021:09:12:41 +0800] "GET /xingrg/all/function/internal_message.html?_=1619313166440&CODE_STATE=getMsg HTTP/1.1" 200 27
116.233.79.102 - - [25/Apr/2021:09:12:43 +0800] "GET /xingrg/kc/buy/cgsh_order_operate.html?command=get_materiel&rest_code=00109&code=00101006073&supplier_code=00100015&order_time=2021-04-25 HTTP/1.1" 200 410
101.83.240.230 - - [25/Apr/2021:09:12:52 +0800] "GET /xingrg/all/function/internal_message.html?_=1619313170583&CODE_STATE=getMsg HTTP/1.1" 200 27
116.230.114.112 - - [25/Apr/2021:09:12:54 +0800] "GET /xingrg/all/function/internal_message.html?_=1619313198207&CODE_STATE=getMsg HTTP/1.1" 200 27
180.169.147.146 - - [25/Apr/2021:09:13:02 +0800] "GET /xingrg/all/function/internal_message.html?_=1619313180907&CODE_STATE=getMsg HTTP/1.1" 200 27
180.161.124.236 - - [25/Apr/2021:09:13:03 +0800] "GET /xingrg/check_reg.html?_=1619313462698 HTTP/1.1" 200 22
180.161.124.236 - - [25/Apr/2021:09:13:04 +0800] "GET /xingrg/all/function/internal_message.html?_=1619313463544&CODE_STATE=getMsg HTTP/1.1" 200 27
58.40.7.146 - - [25/Apr/2021:09:13:06 +0800] "GET /xingrg/all/function/internal_message.html?_=1619313184731&CODE_STATE=getMsg HTTP/1.1" 200 27
116.230.110.80 - - [25/Apr/2021:09:13:08 +0800] "GET /xingrg/all/function/internal_message.html?_=1619313186830&CODE_STATE=getMsg HTTP/1.1" 200 27
58.40.7.146 - - [25/Apr/2021:09:13:10 +0800] "GET /xingrg/all/function/internal_message.html?_=1619313188893&CODE_STATE=getMsg HTTP/1.1" 200 27
61.165.42.208 - - [25/Apr/2021:09:13:17 +0800] "GET /xingrg/all/function/internal_message.html?_=1619313196877&CODE_STATE=getMsg HTTP/1.1" 200 27
58.37.228.113 - - [25/Apr/2021:09:13:25 +0800] "GET /xingrg/all/function/internal_message.html?_=1619313178675&CODE_STATE=getMsg HTTP/1.1" 200 27
116.233.79.102 - - [25/Apr/2021:09:13:27 +0800] "POST /xingrg/kc/buy/cgsh_order_operate.html HTTP/1.1" 200 37
58.37.228.113 - - [25/Apr/2021:09:13:28 +0800] "GET /xingrg/all/function/internal_message.html?_=1619313207141&CODE_STATE=getMsg HTTP/1.1" 200 27
116.233.79.102 - - [25/Apr/2021:09:13:28 +0800] "POST /xingrg/kc/buy/cgsh_order_operate.html HTTP/1.1" 200 6205
116.233.79.102 - - [25/Apr/2021:09:13:29 +0800] "GET /xingrg/kc/print/load_config.html?kc_code=cgsh HTTP/1.1" 200 1845
116.233.79.102 - - [25/Apr/2021:09:13:29 +0800] "GET /xingrg/kc/print/load_data.html?order_code=212021042510544&kc_code=cgsh&condition= HTTP/1.1" 200 2102
116.230.114.112 - - [25/Apr/2021:09:13:32 +0800] "GET /xingrg/all/function/internal_message.html?_=1619313231992&CODE_STATE=getMsg HTTP/1.1" 302 -
116.233.79.102 - - [25/Apr/2021:09:13:32 +0800] "GET /xingrg/kc/buy/cgsh_order_add.html HTTP/1.1" 200 62327
116.233.79.102 - - [25/Apr/2021:09:13:32 +0800] "POST /xingrg/kc/buy/cgsh_order_operate.html HTTP/1.1" 200 8245
116.233.79.102 - - [25/Apr/2021:09:13:32 +0800] "GET /xingrg/all/common/auto_word.html?type=employee&rest_code=00109 HTTP/1.1" 200 205
116.233.79.102 - - [25/Apr/2021:09:13:32 +0800] "GET /xingrg/javascript/easyui/themes/default/validatebox.css HTTP/1.1" 404 1104
116.233.79.102 - - [25/Apr/2021:09:13:32 +0800] "GET /xingrg/all/common/auto_word.html?type=employee&rest_code=00109 HTTP/1.1" 200 205
116.233.79.102 - - [25/Apr/2021:09:13:35 +0800] "GET /xingrg/all/function/internal_message.html?_=1619313213136&CODE_STATE=getMsg HTTP/1.1" 200 27
116.224.253.72 - - [25/Apr/2021:09:13:37 +0800] "GET /xingrg/all/function/internal_message.html?_=1619313216046&CODE_STATE=getMsg HTTP/1.1" 200 27
116.233.79.102 - - [25/Apr/2021:09:13:39 +0800] "GET /xingrg/kc/buy/cgsh_order_operate.html?command=get_materiel&rest_code=00109&code=00101007081&supplier_code=00100004&order_time=2021-04-25 HTTP/1.1" 200 413
116.224.253.72 - - [25/Apr/2021:09:13:41 +0800] "GET /xingrg/all/function/internal_message.html?_=1619313226454&CODE_STATE=getMsg HTTP/1.1" 200 27
116.233.79.102 - - [25/Apr/2021:09:13:51 +0800] "GET /xingrg/kc/buy/cgsh_order_operate.html?command=get_materiel&rest_code=00109&code=00101007081&supplier_code=00100004&order_time=2021-04-25 HTTP/1.1" 200 413
101.83.240.230 - - [25/Apr/2021:09:13:52 +0800] "GET /xingrg/all/function/internal_message.html?_=1619313230593&CODE_STATE=getMsg HTTP/1.1" 200 27
101.83.240.230 - - [25/Apr/2021:09:13:52 +0800] "GET /xingrg/check_reg.html?_=1619313230597 HTTP/1.1" 200 22
116.230.114.112 - - [25/Apr/2021:09:13:54 +0800] "GET /xingrg/all/function/internal_message.html?_=1619313258210&CODE_STATE=getMsg HTTP/1.1" 200 27
116.233.79.102 - - [25/Apr/2021:09:13:58 +0800] "GET /xingrg/kc/buy/cgsh_order_operate.html?command=get_materiel&rest_code=00109&code=00101007049&supplier_code=00100004&order_time=2021-04-25 HTTP/1.1" 200 409
180.169.147.146 - - [25/Apr/2021:09:14:02 +0800] "GET /xingrg/all/function/internal_message.html?_=1619313240910&CODE_STATE=getMsg HTTP/1.1" 200 27
116.233.79.102 - - [25/Apr/2021:09:14:04 +0800] "GET /xingrg/kc/buy/cgsh_order_operate.html?command=get_materiel&rest_code=00109&code=00101007075&supplier_code=00100004&order_time=2021-04-25 HTTP/1.1" 200 408
180.161.124.236 - - [25/Apr/2021:09:14:04 +0800] "GET /xingrg/all/function/internal_message.html?_=1619313523560&CODE_STATE=getMsg HTTP/1.1" 200 27
58.40.7.146 - - [25/Apr/2021:09:14:06 +0800] "GET /xingrg/all/function/internal_message.html?_=1619313244732&CODE_STATE=getMsg HTTP/1.1" 200 27
116.230.110.80 - - [25/Apr/2021:09:14:08 +0800] "GET /xingrg/all/function/internal_message.html?_=1619313246831&CODE_STATE=getMsg HTTP/1.1" 200 27
58.40.7.146 - - [25/Apr/2021:09:14:10 +0800] "GET /xingrg/all/function/internal_message.html?_=1619313248897&CODE_STATE=getMsg HTTP/1.1" 200 27
116.233.79.102 - - [25/Apr/2021:09:14:11 +0800] "POST /xingrg/kc/buy/cgsh_order_operate.html HTTP/1.1" 200 37
116.233.79.102 - - [25/Apr/2021:09:14:12 +0800] "POST /xingrg/kc/buy/cgsh_order_operate.html HTTP/1.1" 200 4425
116.233.79.102 - - [25/Apr/2021:09:14:13 +0800] "GET /xingrg/kc/print/load_config.html?kc_code=cgsh HTTP/1.1" 200 1845
116.233.79.102 - - [25/Apr/2021:09:14:14 +0800] "GET /xingrg/kc/print/load_data.html?order_code=212021042510545&kc_code=cgsh&condition= HTTP/1.1" 200 1385
116.233.79.102 - - [25/Apr/2021:09:14:17 +0800] "GET /xingrg/kc/buy/cgsh_order_add.html HTTP/1.1" 200 62327
61.165.42.208 - - [25/Apr/2021:09:14:17 +0800] "GET /xingrg/all/function/internal_message.html?_=1619313256877&CODE_STATE=getMsg HTTP/1.1" 200 27
116.233.79.102 - - [25/Apr/2021:09:14:17 +0800] "POST /xingrg/kc/buy/cgsh_order_operate.html HTTP/1.1" 200 8245
116.233.79.102 - - [25/Apr/2021:09:14:17 +0800] "GET /xingrg/all/common/auto_word.html?type=employee&rest_code=00109 HTTP/1.1" 200 205
116.233.79.102 - - [25/Apr/2021:09:14:17 +0800] "GET /xingrg/javascript/easyui/themes/default/validatebox.css HTTP/1.1" 404 1104
116.233.79.102 - - [25/Apr/2021:09:14:17 +0800] "GET /xingrg/all/common/auto_word.html?type=employee&rest_code=00109 HTTP/1.1" 200 205
58.37.228.113 - - [25/Apr/2021:09:14:25 +0800] "GET /xingrg/all/function/internal_message.html?_=1619313238683&CODE_STATE=getMsg HTTP/1.1" 200 27
116.233.79.102 - - [25/Apr/2021:09:14:26 +0800] "GET /xingrg/kc/buy/cgsh_order_operate.html?command=get_materiel&rest_code=00109&code=00101008261&supplier_code=00100005&order_time=2021-04-25 HTTP/1.1" 200 408
114.88.167.174 - - [25/Apr/2021:09:14:27 +0800] "GET /xingrg/login.html HTTP/1.1" 200 7641
114.88.167.174 - - [25/Apr/2021:09:14:27 +0800] "GET /xingrg/images/blue/jxLogo.png HTTP/1.1" 304 -
114.88.167.174 - - [25/Apr/2021:09:14:27 +0800] "GET /xingrg/images/blue/login_bg.png HTTP/1.1" 304 -
114.88.167.174 - - [25/Apr/2021:09:14:27 +0800] "GET /xingrg/images/blue/hj.png HTTP/1.1" 304 -
114.88.167.174 - - [25/Apr/2021:09:14:27 +0800] "GET /xingrg/images/blue/srbg.png HTTP/1.1" 304 -
114.88.167.174 - - [25/Apr/2021:09:14:27 +0800] "GET /favicon.ico HTTP/1.1" 404 -
58.37.228.113 - - [25/Apr/2021:09:14:28 +0800] "GET /xingrg/all/function/internal_message.html?_=1619313267144&CODE_STATE=getMsg HTTP/1.1" 200 27
116.230.114.112 - - [25/Apr/2021:09:14:32 +0800] "GET /xingrg/all/function/internal_message.html?_=1619313292015&CODE_STATE=getMsg HTTP/1.1" 302 -
116.233.79.102 - - [25/Apr/2021:09:14:33 +0800] "GET /xingrg/kc/buy/cgsh_order_operate.html?command=get_materiel&rest_code=00109&code=00101008331&supplier_code=00100005&order_time=2021-04-25 HTTP/1.1" 200 416
116.233.79.102 - - [25/Apr/2021:09:14:35 +0800] "GET /xingrg/all/function/internal_message.html?_=1619313273139&CODE_STATE=getMsg HTTP/1.1" 200 27
114.88.167.174 - - [25/Apr/2021:09:14:35 +0800] "POST /xingrg/login.do HTTP/1.1" 302 -
114.88.167.174 - - [25/Apr/2021:09:14:35 +0800] "GET /xingrg/index.html?sysBaseUrl=http%3A%2F%2F180.169.147.146%3A18081%2Fxingrg%2F&costTime=40×tamp=1619313275199 HTTP/1.1" 200 17173
114.88.167.174 - - [25/Apr/2021:09:14:35 +0800] "GET /xingrg/javascript/jquery_easy_ui/themes/default/easyui.css HTTP/1.1" 304 -
114.88.167.174 - - [25/Apr/2021:09:14:35 +0800] "GET /xingrg/javascript/jquery.form.js HTTP/1.1" 304 -
114.88.167.174 - - [25/Apr/2021:09:14:35 +0800] "GET /xingrg/javascript/jquery_easy_ui/themes/icon.css HTTP/1.1" 304 -
114.88.167.174 - - [25/Apr/2021:09:14:35 +0800] "GET /xingrg/javascript/jquery-1.4.2.min.js HTTP/1.1" 304 -
114.88.167.174 - - [25/Apr/2021:09:14:35 +0800] "GET /xingrg/css/form.css HTTP/1.1" 304 -
114.88.167.174 - - [25/Apr/2021:09:14:35 +0800] "GET /xingrg/javascript/jquery_easy_ui/jquery.easyui.min.js HTTP/1.1" 304 -
114.88.167.174 - - [25/Apr/2021:09:14:35 +0800] "GET /xingrg/javascript/jquery_easy_ui/easyui-lang-zh_CN.js HTTP/1.1" 304 -
114.88.167.174 - - [25/Apr/2021:09:14:35 +0800] "GET /xingrg/javascript/jquery.utils.js HTTP/1.1" 304 -
114.88.167.174 - - [25/Apr/2021:09:14:35 +0800] "GET /xingrg/javascript/jquery.timers.js HTTP/1.1" 304 -
114.88.167.174 - - [25/Apr/2021:09:14:35 +0800] "GET /favicon.ico HTTP/1.1" 404 -
114.88.167.174 - - [25/Apr/2021:09:14:35 +0800] "GET /xingrg/images/blue/navBackgound.jpg HTTP/1.1" 304 -
114.88.167.174 - - [25/Apr/2021:09:14:35 +0800] "GET /xingrg/javascript/jquery_easy_ui/themes/icons/settle_new.png HTTP/1.1" 304 -
114.88.167.174 - - [25/Apr/2021:09:14:35 +0800] "GET /xingrg/images/blue/pingpu.png HTTP/1.1" 304 -
114.88.167.174 - - [25/Apr/2021:09:14:35 +0800] "POST /xingrg/all/common/load_tree.html?tree=area_rest_tree_json&manage=1 HTTP/1.1" 200 342
114.88.167.174 - - [25/Apr/2021:09:14:35 +0800] "GET /xingrg/javascript/jquery_easy_ui/themes/default/images/tabs_leftarrow.png HTTP/1.1" 304 -
114.88.167.174 - - [25/Apr/2021:09:14:35 +0800] "GET /xingrg/javascript/jquery_easy_ui/themes/default/images/tabs_rightarrow.png HTTP/1.1" 304 -
114.88.167.174 - - [25/Apr/2021:09:14:35 +0800] "GET /xingrg/javascript/jquery_easy_ui/themes/default/images/panel_tool_collapse.gif HTTP/1.1" 304 -
114.88.167.174 - - [25/Apr/2021:09:14:35 +0800] "GET /xingrg/check_reg.html?_=1619313269219 HTTP/1.1" 200 22
114.88.167.174 - - [25/Apr/2021:09:14:35 +0800] "GET /xingrg/all/function/internal_message.html?_=1619313269218&CODE_STATE=count HTTP/1.1" 200 11
114.88.167.174 - - [25/Apr/2021:09:14:35 +0800] "POST /xingrg/load_menu.html HTTP/1.1" 200 5138
114.88.167.174 - - [25/Apr/2021:09:14:35 +0800] "GET /xingrg/javascript/jquery_easy_ui/themes/default/images/tree_arrows.gif HTTP/1.1" 304 -
114.88.167.174 - - [25/Apr/2021:09:14:35 +0800] "GET /xingrg/javascript/jquery_easy_ui/themes/default/images/tree_folder_open.gif HTTP/1.1" 304 -
114.88.167.174 - - [25/Apr/2021:09:14:35 +0800] "GET /xingrg/javascript/jquery_easy_ui/themes/icons/search_new.png HTTP/1.1" 304 -
114.88.167.174 - - [25/Apr/2021:09:14:35 +0800] "GET /xingrg/javascript/jquery_easy_ui/themes/default/images/tree_folder.gif HTTP/1.1" 304 -
114.88.167.174 - - [25/Apr/2021:09:14:35 +0800] "GET /xingrg/javascript/jquery_easy_ui/themes/icons/storage_new.png HTTP/1.1" 304 -
114.88.167.174 - - [25/Apr/2021:09:14:35 +0800] "GET /xingrg/javascript/jquery_easy_ui/themes/icons/forms_new.png HTTP/1.1" 304 -
114.88.167.174 - - [25/Apr/2021:09:14:35 +0800] "GET /xingrg/javascript/jquery_easy_ui/themes/default/images/tree_file.gif HTTP/1.1" 304 -
114.88.167.174 - - [25/Apr/2021:09:14:36 +0800] "GET /xingrg/javascript/jquery_easy_ui/themes/default/images/tabs_close.gif HTTP/1.1" 304 -
114.88.167.174 - - [25/Apr/2021:09:14:36 +0800] "GET /xingrg/kc/buy/buy_main.html HTTP/1.1" 200 12412
114.88.167.174 - - [25/Apr/2021:09:14:36 +0800] "GET /xingrg/css/blue.css HTTP/1.1" 304 -
114.88.167.174 - - [25/Apr/2021:09:14:36 +0800] "GET /xingrg/css/new_ie.css HTTP/1.1" 404 1036
114.88.167.174 - - [25/Apr/2021:09:14:36 +0800] "GET /xingrg/javascript/pic_change.js HTTP/1.1" 304 -
114.88.167.174 - - [25/Apr/2021:09:14:36 +0800] "GET /xingrg/javascript/jquery_ui/themes/humanity/humanity.css HTTP/1.1" 304 -
114.88.167.174 - - [25/Apr/2021:09:14:36 +0800] "GET /xingrg/javascript/ToolTips.js HTTP/1.1" 304 -
114.88.167.174 - - [25/Apr/2021:09:14:36 +0800] "GET /xingrg/javascript/myfunction.js HTTP/1.1" 304 -
114.88.167.174 - - [25/Apr/2021:09:14:36 +0800] "GET /xingrg/javascript/jquery_ui/jquery-ui.min.js HTTP/1.1" 304 -
114.88.167.174 - - [25/Apr/2021:09:14:36 +0800] "GET /xingrg/images/blue/button/cgxqd.gif HTTP/1.1" 304 -
114.88.167.174 - - [25/Apr/2021:09:14:37 +0800] "GET /xingrg/images/blue/button/cgfkd.gif HTTP/1.1" 304 -
114.88.167.174 - - [25/Apr/2021:09:14:37 +0800] "GET /xingrg/images/blue/button/cgshd.gif HTTP/1.1" 304 -
114.88.167.174 - - [25/Apr/2021:09:14:37 +0800] "GET /xingrg/images/blue/button/cgydd.gif HTTP/1.1" 304 -
114.88.167.174 - - [25/Apr/2021:09:14:37 +0800] "GET /xingrg/images/blue/button/kc.gif HTTP/1.1" 304 -
114.88.167.174 - - [25/Apr/2021:09:14:37 +0800] "GET /xingrg/images/blue/button/ckthd.gif HTTP/1.1" 304 -
114.88.167.174 - - [25/Apr/2021:09:14:37 +0800] "GET /xingrg/images/blue/pic_form2.gif HTTP/1.1" 304 -
114.88.167.174 - - [25/Apr/2021:09:14:37 +0800] "GET /xingrg/javascript/jquery_ui/themes/humanity/images/ui-bg_inset-soft_100_f4f0ec_1x100.png HTTP/1.1" 304 -
114.88.167.174 - - [25/Apr/2021:09:14:37 +0800] "GET /xingrg/images/blue/bg_dotted.jpg HTTP/1.1" 304 -
114.88.167.174 - - [25/Apr/2021:09:14:37 +0800] "GET /xingrg/images/blue/button/right_ah.jpg HTTP/1.1" 304 -
114.88.167.174 - - [25/Apr/2021:09:14:37 +0800] "GET /xingrg/images/blue/button/down_ah.jpg HTTP/1.1" 304 -
114.88.167.174 - - [25/Apr/2021:09:14:37 +0800] "GET /xingrg/javascript/jquery_ui/themes/humanity/images/ui-iconsnew.jpg HTTP/1.1" 304 -
114.88.167.174 - - [25/Apr/2021:09:14:37 +0800] "GET /xingrg/javascript/jquery_ui/themes/humanity/images/ui-icons_ffffff_256x240.png HTTP/1.1" 304 -
114.88.167.174 - - [25/Apr/2021:09:14:37 +0800] "GET /xingrg/javascript/jquery_ui/themes/humanity/images/ui-icons_c47a23_256x240.png HTTP/1.1" 304 -
114.88.167.174 - - [25/Apr/2021:09:14:37 +0800] "GET /xingrg/javascript/jquery_ui/themes/humanity/images/ui-bg_glass_70_ede4d4_1x400.png HTTP/1.1" 304 -
114.88.167.174 - - [25/Apr/2021:09:14:37 +0800] "GET /xingrg/images/yd/bt.gif HTTP/1.1" 404 1040
116.224.253.72 - - [25/Apr/2021:09:14:37 +0800] "GET /xingrg/all/function/internal_message.html?_=1619313276053&CODE_STATE=getMsg HTTP/1.1" 200 27
116.224.253.72 - - [25/Apr/2021:09:14:37 +0800] "GET /xingrg/check_reg.html?_=1619313276053 HTTP/1.1" 200 22
114.88.167.174 - - [25/Apr/2021:09:14:37 +0800] "GET /xingrg/css/base.css HTTP/1.1" 304 -
114.88.167.174 - - [25/Apr/2021:09:14:37 +0800] "GET /xingrg/css/site.css HTTP/1.1" 304 -
114.88.167.174 - - [25/Apr/2021:09:14:37 +0800] "GET /xingrg/javascript/jquery_tools/datebox.css HTTP/1.1" 304 -
114.88.167.174 - - [25/Apr/2021:09:14:37 +0800] "GET /xingrg/javascript/easyui/themes/default/easyui.css HTTP/1.1" 304 -
114.88.167.174 - - [25/Apr/2021:09:14:37 +0800] "GET /xingrg/javascript/easyui/themes/icon.css HTTP/1.1" 304 -
114.88.167.174 - - [25/Apr/2021:09:14:37 +0800] "GET /xingrg/javascript/jquery_tools/fix.css HTTP/1.1" 304 -
114.88.167.174 - - [25/Apr/2021:09:14:37 +0800] "GET /xingrg/javascript/auto/jquery.autocomplete.css HTTP/1.1" 304 -
114.88.167.174 - - [25/Apr/2021:09:14:37 +0800] "GET /xingrg/javascript/jquery_tools/jquery.tools.extend.js HTTP/1.1" 304 -
114.88.167.174 - - [25/Apr/2021:09:14:37 +0800] "GET /xingrg/javascript/jquery_tools/jquery.tools.hotkey.js HTTP/1.1" 304 -
114.88.167.174 - - [25/Apr/2021:09:14:37 +0800] "GET /xingrg/javascript/jquery_tools/jquery.tools.table.js HTTP/1.1" 304 -
114.88.167.174 - - [25/Apr/2021:09:14:37 +0800] "GET /xingrg/javascript/jquery_tools/list_manager.js HTTP/1.1" 304 -
114.88.167.174 - - [25/Apr/2021:09:14:37 +0800] "GET /xingrg/javascript/auto/jquery.autocomplete.js HTTP/1.1" 304 -
114.88.167.174 - - [25/Apr/2021:09:14:37 +0800] "GET /xingrg/javascript/jquery_tools/table.css HTTP/1.1" 304 -
114.88.167.174 - - [25/Apr/2021:09:14:37 +0800] "GET /xingrg/javascript/easyui/easyloader.js HTTP/1.1" 304 -
114.88.167.174 - - [25/Apr/2021:09:14:37 +0800] "GET /xingrg/javascript/jquery.cookie.js HTTP/1.1" 304 -
114.88.167.174 - - [25/Apr/2021:09:14:37 +0800] "GET /xingrg/javascript/jquery_tools/jquery.tools.min.js HTTP/1.1" 304 -
114.88.167.174 - - [25/Apr/2021:09:14:37 +0800] "GET /xingrg/javascript/print/LodopFuncs.js HTTP/1.1" 304 -
114.88.167.174 - - [25/Apr/2021:09:14:37 +0800] "GET /xingrg/kc/buy/cgsh_order_list.html HTTP/1.1" 200 46548
114.88.167.174 - - [25/Apr/2021:09:14:38 +0800] "GET /xingrg/javascript/easyui/themes/icons/edit_add_new.png HTTP/1.1" 304 -
114.88.167.174 - - [25/Apr/2021:09:14:38 +0800] "GET /xingrg/javascript/easyui/themes/icons/cance_new.png HTTP/1.1" 304 -
114.88.167.174 - - [25/Apr/2021:09:14:38 +0800] "GET /xingrg/javascript/easyui/themes/icons/check_new.png HTTP/1.1" 304 -
114.88.167.174 - - [25/Apr/2021:09:14:38 +0800] "GET /xingrg/javascript/easyui/themes/icons/field_new.png HTTP/1.1" 304 -
114.88.167.174 - - [25/Apr/2021:09:14:38 +0800] "GET /xingrg/javascript/easyui/themes/icons/import_new.png HTTP/1.1" 304 -
114.88.167.174 - - [25/Apr/2021:09:14:38 +0800] "GET /xingrg/javascript/jquery_easy_ui/themes/icons/area.png HTTP/1.1" 304 -
114.88.167.174 - - [25/Apr/2021:09:14:38 +0800] "GET /xingrg/javascript/jquery_easy_ui/themes/icons/rest.png HTTP/1.1" 304 -
114.88.167.174 - - [25/Apr/2021:09:14:38 +0800] "GET /xingrg/javascript/easyui/plugins/jquery.parser.js HTTP/1.1" 304 -
114.88.167.174 - - [25/Apr/2021:09:14:38 +0800] "GET /xingrg/images/control/ajaxLoader.gif HTTP/1.1" 304 -
116.233.79.102 - - [25/Apr/2021:09:14:38 +0800] "GET /xingrg/kc/buy/cgsh_order_operate.html?command=get_materiel&rest_code=00109&code=00101008049&supplier_code=00100005&order_time=2021-04-25 HTTP/1.1" 200 408
114.88.167.174 - - [25/Apr/2021:09:14:39 +0800] "POST /xingrg/kc/buy/cgsh_list_operate.html HTTP/1.1" 200 1685
116.224.253.72 - - [25/Apr/2021:09:14:41 +0800] "GET /xingrg/all/function/internal_message.html?_=1619313286481&CODE_STATE=getMsg HTTP/1.1" 200 27
114.88.167.174 - - [25/Apr/2021:09:14:42 +0800] "GET /xingrg/javascript/easyui/themes/default/images/button_plain_hover.png HTTP/1.1" 304 -
114.88.167.174 - - [25/Apr/2021:09:14:42 +0800] "GET /xingrg/javascript/easyui/themes/default/images/button_plain_hover.png HTTP/1.1" 304 -
116.233.79.102 - - [25/Apr/2021:09:14:44 +0800] "GET /xingrg/kc/buy/cgsh_order_operate.html?command=get_materiel&rest_code=00109&code=00101008351&supplier_code=00100005&order_time=2021-04-25 HTTP/1.1" 200 408
114.88.167.174 - - [25/Apr/2021:09:14:46 +0800] "POST /xingrg/kc/buy/cgsh_list_operate.html HTTP/1.1" 200 4
116.233.79.102 - - [25/Apr/2021:09:14:49 +0800] "GET /xingrg/kc/buy/cgsh_order_operate.html?command=get_materiel&rest_code=00109&code=00101008003&supplier_code=00100005&order_time=2021-04-25 HTTP/1.1" 200 408
101.83.240.230 - - [25/Apr/2021:09:14:52 +0800] "GET /xingrg/all/function/internal_message.html?_=1619313290592&CODE_STATE=getMsg HTTP/1.1" 200 27
114.88.167.174 - - [25/Apr/2021:09:14:53 +0800] "POST /xingrg/kc/buy/cgsh_list_operate.html HTTP/1.1" 200 876
116.233.79.102 - - [25/Apr/2021:09:14:53 +0800] "GET /xingrg/kc/buy/cgsh_order_operate.html?command=get_materiel&rest_code=00109&code=00101008126&supplier_code=00100005&order_time=2021-04-25 HTTP/1.1" 200 412
116.230.114.112 - - [25/Apr/2021:09:14:53 +0800] "GET /xingrg/check_reg.html?_=1619313317254 HTTP/1.1" 200 22
114.88.167.174 - - [25/Apr/2021:09:14:54 +0800] "GET /xingrg/javascript/jquery_tools/order_manager.js HTTP/1.1" 304 -
114.88.167.174 - - [25/Apr/2021:09:14:54 +0800] "GET /xingrg/javascript/convert.js HTTP/1.1" 304 -
114.88.167.174 - - [25/Apr/2021:09:14:54 +0800] "GET /xingrg/javascript/json2.js HTTP/1.1" 304 -
114.88.167.174 - - [25/Apr/2021:09:14:54 +0800] "GET /xingrg/kc/buy/cgsh_order_add.html HTTP/1.1" 200 62286
114.88.167.174 - - [25/Apr/2021:09:14:54 +0800] "GET /xingrg/javascript/print/kc_print.js HTTP/1.1" 304 -
114.88.167.174 - - [25/Apr/2021:09:14:54 +0800] "GET /xingrg/words/20210424165011_words.js HTTP/1.1" 304 -
114.88.167.174 - - [25/Apr/2021:09:14:54 +0800] "GET /xingrg/javascript/easyui/themes/icons/copy_new.png HTTP/1.1" 304 -
114.88.167.174 - - [25/Apr/2021:09:14:54 +0800] "GET /xingrg/javascript/easyui/themes/icons/template_new.png HTTP/1.1" 304 -
114.88.167.174 - - [25/Apr/2021:09:14:54 +0800] "GET /xingrg/javascript/easyui/themes/icons/ok.png HTTP/1.1" 304 -
114.88.167.174 - - [25/Apr/2021:09:14:54 +0800] "GET /xingrg/javascript/easyui/themes/icons/print.png HTTP/1.1" 304 -
114.88.167.174 - - [25/Apr/2021:09:14:54 +0800] "GET /xingrg/javascript/easyui/themes/default/images/menu_downarrow.png HTTP/1.1" 304 -
114.88.167.174 - - [25/Apr/2021:09:14:54 +0800] "GET /xingrg/javascript/easyui/themes/icons/cancel.png HTTP/1.1" 304 -
114.88.167.174 - - [25/Apr/2021:09:14:54 +0800] "POST /xingrg/kc/buy/cgsh_order_operate.html HTTP/1.1" 200 8245
114.88.167.174 - - [25/Apr/2021:09:14:54 +0800] "GET /xingrg/javascript/easyui/themes/icons/edit_remove.png HTTP/1.1" 304 -
114.88.167.174 - - [25/Apr/2021:09:14:54 +0800] "GET /xingrg/all/common/auto_word.html?type=employee&rest_code=00111 HTTP/1.1" 200 205
114.88.167.174 - - [25/Apr/2021:09:14:54 +0800] "GET /xingrg/all/common/auto_word.html?type=employee&rest_code=00111 HTTP/1.1" 200 205
114.88.167.174 - - [25/Apr/2021:09:14:54 +0800] "GET /xingrg/javascript/easyui/themes/default/validatebox.css HTTP/1.1" 404 1104
114.88.167.174 - - [25/Apr/2021:09:14:54 +0800] "GET /xingrg/javascript/easyui/plugins/jquery.validatebox.js HTTP/1.1" 304 -
114.88.167.174 - - [25/Apr/2021:09:14:54 +0800] "GET /xingrg/javascript/easyui/plugins/jquery.numberbox.js HTTP/1.1" 304 -
116.230.114.112 - - [25/Apr/2021:09:14:54 +0800] "GET /xingrg/all/function/internal_message.html?_=1619313318224&CODE_STATE=getMsg HTTP/1.1" 200 27
114.88.167.174 - - [25/Apr/2021:09:14:56 +0800] "GET /xingrg/javascript/auto/indicator.gif HTTP/1.1" 404 1066
116.233.79.102 - - [25/Apr/2021:09:14:58 +0800] "GET /xingrg/kc/buy/cgsh_order_operate.html?command=get_materiel&rest_code=00109&code=00101008270&supplier_code=00100005&order_time=2021-04-25 HTTP/1.1" 200 412
180.169.147.146 - - [25/Apr/2021:09:15:02 +0800] "GET /xingrg/all/function/internal_message.html?_=1619313300910&CODE_STATE=getMsg HTTP/1.1" 200 27
116.233.79.102 - - [25/Apr/2021:09:15:03 +0800] "GET /xingrg/kc/buy/cgsh_order_operate.html?command=get_materiel&rest_code=00109&code=00101008131&supplier_code=00100005&order_time=2021-04-25 HTTP/1.1" 200 408
180.161.124.236 - - [25/Apr/2021:09:15:04 +0800] "GET /xingrg/all/function/internal_message.html?_=1619313583566&CODE_STATE=getMsg HTTP/1.1" 200 27
114.88.167.174 - - [25/Apr/2021:09:15:05 +0800] "GET /xingrg/javascript/jquery_tools/images/prev.gif HTTP/1.1" 404 1086
114.88.167.174 - - [25/Apr/2021:09:15:05 +0800] "GET /xingrg/javascript/jquery_tools/images/next.gif HTTP/1.1" 404 1086
58.40.7.146 - - [25/Apr/2021:09:15:06 +0800] "GET /xingrg/all/function/internal_message.html?_=1619313304738&CODE_STATE=getMsg HTTP/1.1" 200 27
116.233.79.102 - - [25/Apr/2021:09:15:08 +0800] "GET /xingrg/kc/buy/cgsh_order_operate.html?command=get_materiel&rest_code=00109&code=00101008005&supplier_code=00100005&order_time=2021-04-25 HTTP/1.1" 200 412
116.230.110.80 - - [25/Apr/2021:09:15:08 +0800] "GET /xingrg/all/function/internal_message.html?_=1619313306819&CODE_STATE=getMsg HTTP/1.1" 200 27
116.230.110.80 - - [25/Apr/2021:09:15:08 +0800] "GET /xingrg/check_reg.html?_=1619313306822 HTTP/1.1" 200 22
58.40.7.146 - - [25/Apr/2021:09:15:10 +0800] "GET /xingrg/all/function/internal_message.html?_=1619313308901&CODE_STATE=getMsg HTTP/1.1" 200 27
58.40.7.146 - - [25/Apr/2021:09:15:10 +0800] "GET /xingrg/check_reg.html?_=1619313308902 HTTP/1.1" 200 22
114.88.167.174 - - [25/Apr/2021:09:15:12 +0800] "GET /xingrg/kc/buy/cgsh_order_operate.html?command=get_materiel&rest_code=00111&code=00101015038&supplier_code=00100037&order_time=2021-04-25 HTTP/1.1" 200 418
116.233.79.102 - - [25/Apr/2021:09:15:12 +0800] "GET /xingrg/kc/buy/cgsh_order_operate.html?command=get_materiel&rest_code=00109&code=00101008353&supplier_code=00100005&order_time=2021-04-25 HTTP/1.1" 200 408
116.233.79.102 - - [25/Apr/2021:09:15:17 +0800] "GET /xingrg/kc/buy/cgsh_order_operate.html?command=get_materiel&rest_code=00109&code=00101008312&supplier_code=00100005&order_time=2021-04-25 HTTP/1.1" 200 412
114.88.167.174 - - [25/Apr/2021:09:15:21 +0800] "GET /xingrg/kc/buy/cgsh_order_operate.html?command=get_materiel&rest_code=00111&code=00101008324&supplier_code=00100037&order_time=2021-04-25 HTTP/1.1" 200 412
58.37.228.113 - - [25/Apr/2021:09:15:25 +0800] "GET /xingrg/check_reg.html?_=1619313298677 HTTP/1.1" 200 22
58.37.228.113 - - [25/Apr/2021:09:15:25 +0800] "GET /xingrg/all/function/internal_message.html?_=1619313298679&CODE_STATE=getMsg HTTP/1.1" 200 27
116.233.79.102 - - [25/Apr/2021:09:15:25 +0800] "GET /xingrg/kc/buy/cgsh_order_operate.html?command=get_materiel&rest_code=00109&code=00101008256&supplier_code=00100005&order_time=2021-04-25 HTTP/1.1" 200 412
116.230.114.112 - - [25/Apr/2021:09:15:25 +0800] "GET /xingrg/kc/buy/cgsh_order_operate.html?command=get_materiel&rest_code=00146&code=00101008274&supplier_code=00100005&order_time=2021-04-25 HTTP/1.1" 200 412
58.37.228.113 - - [25/Apr/2021:09:15:28 +0800] "GET /xingrg/all/function/internal_message.html?_=1619313327150&CODE_STATE=getMsg HTTP/1.1" 200 27
101.91.62.99 - - [25/Apr/2021:09:15:28 +0800] "GET /xingrg/all/function/internal_message.html?_=1619313267144&CODE_STATE=getMsg HTTP/1.1" 302 -
101.91.62.99 - - [25/Apr/2021:09:15:29 +0800] "GET /xingrg/login.html HTTP/1.1" 200 7641
114.88.167.174 - - [25/Apr/2021:09:15:30 +0800] "GET /xingrg/kc/buy/cgsh_order_operate.html?command=get_materiel&rest_code=00111&code=00101008284&supplier_code=00100037&order_time=2021-04-25 HTTP/1.1" 200 412
116.230.114.112 - - [25/Apr/2021:09:15:32 +0800] "GET /xingrg/all/function/internal_message.html?_=1619313352019&CODE_STATE=getMsg HTTP/1.1" 302 -
116.233.79.102 - - [25/Apr/2021:09:15:32 +0800] "GET /xingrg/kc/buy/cgsh_order_operate.html?command=get_materiel&rest_code=00109&code=00101008257&supplier_code=00100005&order_time=2021-04-25 HTTP/1.1" 200 416
116.230.114.112 - - [25/Apr/2021:09:15:33 +0800] "POST /xingrg/kc/buy/cgsh_order_operate.html HTTP/1.1" 200 2065
116.233.79.102 - - [25/Apr/2021:09:15:35 +0800] "GET /xingrg/all/function/internal_message.html?_=1619313333141&CODE_STATE=getMsg HTTP/1.1" 200 27
114.88.167.174 - - [25/Apr/2021:09:15:35 +0800] "GET /xingrg/all/function/internal_message.html?_=1619313329431&CODE_STATE=getMsg HTTP/1.1" 200 27
116.224.253.72 - - [25/Apr/2021:09:15:37 +0800] "GET /xingrg/all/function/internal_message.html?_=1619313336053&CODE_STATE=getMsg HTTP/1.1" 200 27
180.161.124.236 - - [25/Apr/2021:09:15:37 +0800] "GET /xingrg/kc/buy/cgsh_order_add.html HTTP/1.1" 200 62245
116.233.79.102 - - [25/Apr/2021:09:15:38 +0800] "GET /xingrg/kc/buy/cgsh_order_operate.html?command=get_materiel&rest_code=00109&code=00101008155&supplier_code=00100005&order_time=2021-04-25 HTTP/1.1" 200 408
61.165.42.208 - - [25/Apr/2021:09:15:38 +0800] "GET /xingrg/all/function/internal_message.html?_=1619313316879&CODE_STATE=getMsg HTTP/1.1" 200 27
180.161.124.236 - - [25/Apr/2021:09:15:39 +0800] "POST /xingrg/kc/buy/cgsh_order_operate.html HTTP/1.1" 200 8245
114.88.167.174 - - [25/Apr/2021:09:15:39 +0800] "GET /xingrg/kc/buy/cgsh_order_operate.html?command=get_materiel&rest_code=00111&code=00101015006&supplier_code=00100037&order_time=2021-04-25 HTTP/1.1" 200 413
180.161.124.236 - - [25/Apr/2021:09:15:39 +0800] "GET /xingrg/javascript/easyui/themes/default/validatebox.css HTTP/1.1" 404 1104
116.230.114.112 - - [25/Apr/2021:09:15:39 +0800] "GET /xingrg/kc/buy/cgsh_order_operate.html?command=get_materiel&rest_code=00146&code=00101008225&supplier_code=00100005&order_time=2021-04-25 HTTP/1.1" 200 416
116.224.253.72 - - [25/Apr/2021:09:15:41 +0800] "GET /xingrg/all/function/internal_message.html?_=1619313346496&CODE_STATE=getMsg HTTP/1.1" 200 27
116.233.79.102 - - [25/Apr/2021:09:15:43 +0800] "GET /xingrg/kc/buy/cgsh_order_operate.html?command=get_materiel&rest_code=00109&code=00101008350&supplier_code=00100005&order_time=2021-04-25 HTTP/1.1" 200 408
116.233.79.102 - - [25/Apr/2021:09:15:48 +0800] "GET /xingrg/kc/buy/cgsh_order_operate.html?command=get_materiel&rest_code=00109&code=00101008185&supplier_code=00100005&order_time=2021-04-25 HTTP/1.1" 200 408
114.88.167.174 - - [25/Apr/2021:09:15:49 +0800] "GET /xingrg/kc/buy/cgsh_order_operate.html?command=get_materiel&rest_code=00111&code=00101009118&supplier_code=00100037&order_time=2021-04-25 HTTP/1.1" 200 392
101.83.240.230 - - [25/Apr/2021:09:15:52 +0800] "GET /xingrg/all/function/internal_message.html?_=1619313350596&CODE_STATE=getMsg HTTP/1.1" 200 27
116.230.114.112 - - [25/Apr/2021:09:15:54 +0800] "GET /xingrg/all/function/internal_message.html?_=1619313378316&CODE_STATE=getMsg HTTP/1.1" 200 27
116.233.79.102 - - [25/Apr/2021:09:15:55 +0800] "GET /xingrg/kc/buy/cgsh_order_operate.html?command=get_materiel&rest_code=00109&code=00101008110&supplier_code=00100005&order_time=2021-04-25 HTTP/1.1" 200 408
116.230.114.112 - - [25/Apr/2021:09:15:59 +0800] "GET /xingrg/kc/buy/cgsh_order_operate.html?command=get_materiel&rest_code=00146&code=00101008017&supplier_code=00100005&order_time=2021-04-25 HTTP/1.1" 200 416
116.233.79.102 - - [25/Apr/2021:09:16:01 +0800] "GET /xingrg/kc/buy/cgsh_order_operate.html?command=get_materiel&rest_code=00109&code=00101008163&supplier_code=00100005&order_time=2021-04-25 HTTP/1.1" 200 409
114.88.167.174 - - [25/Apr/2021:09:16:02 +0800] "GET /xingrg/kc/buy/cgsh_order_operate.html?command=get_materiel&rest_code=00111&code=00101009112&supplier_code=00100037&order_time=2021-04-25 HTTP/1.1" 200 411
180.169.147.146 - - [25/Apr/2021:09:16:02 +0800] "GET /xingrg/check_reg.html?_=1619313360917 HTTP/1.1" 200 22
180.169.147.146 - - [25/Apr/2021:09:16:02 +0800] "GET /xingrg/all/function/internal_message.html?_=1619313360910&CODE_STATE=getMsg HTTP/1.1" 200 27
180.161.124.236 - - [25/Apr/2021:09:16:04 +0800] "GET /xingrg/all/function/internal_message.html?_=1619313643576&CODE_STATE=getMsg HTTP/1.1" 200 27
58.40.7.146 - - [25/Apr/2021:09:16:06 +0800] "GET /xingrg/all/function/internal_message.html?_=1619313364726&CODE_STATE=getMsg HTTP/1.1" 200 27
116.233.79.102 - - [25/Apr/2021:09:16:07 +0800] "GET /xingrg/kc/buy/cgsh_order_operate.html?command=get_materiel&rest_code=00109&code=00101008355&supplier_code=00100005&order_time=2021-04-25 HTTP/1.1" 200 408
116.230.110.80 - - [25/Apr/2021:09:16:08 +0800] "GET /xingrg/all/function/internal_message.html?_=1619313366824&CODE_STATE=getMsg HTTP/1.1" 200 27
116.233.79.102 - - [25/Apr/2021:09:16:09 +0800] "POST /xingrg/kc/buy/cgsh_order_operate.html HTTP/1.1" 200 2065
114.88.167.174 - - [25/Apr/2021:09:16:10 +0800] "GET /xingrg/kc/buy/cgsh_order_operate.html?command=get_materiel&rest_code=00111&code=00101012026&supplier_code=00100037&order_time=2021-04-25 HTTP/1.1" 200 408
58.40.7.146 - - [25/Apr/2021:09:16:10 +0800] "GET /xingrg/all/function/internal_message.html?_=1619313368903&CODE_STATE=getMsg HTTP/1.1" 200 27
116.233.79.102 - - [25/Apr/2021:09:16:11 +0800] "GET /xingrg/kc/buy/cgsh_order_operate.html?command=get_materiel&rest_code=00109&code=00101008144&supplier_code=00100005&order_time=2021-04-25 HTTP/1.1" 200 412
116.233.79.102 - - [25/Apr/2021:09:16:17 +0800] "GET /xingrg/kc/buy/cgsh_order_operate.html?command=get_materiel&rest_code=00109&code=00101008264&supplier_code=00100005&order_time=2021-04-25 HTTP/1.1" 200 412
116.233.79.102 - - [25/Apr/2021:09:16:23 +0800] "GET /xingrg/kc/buy/cgsh_order_operate.html?command=get_materiel&rest_code=00109&code=00101008137&supplier_code=00100005&order_time=2021-04-25 HTTP/1.1" 200 408
114.88.167.174 - - [25/Apr/2021:09:16:24 +0800] "GET /xingrg/kc/buy/cgsh_order_operate.html?command=get_materiel&rest_code=00111&code=00101009016&supplier_code=00100037&order_time=2021-04-25 HTTP/1.1" 200 413
58.37.228.113 - - [25/Apr/2021:09:16:25 +0800] "GET /xingrg/all/function/internal_message.html?_=1619313358675&CODE_STATE=getMsg HTTP/1.1" 200 27
116.230.114.112 - - [25/Apr/2021:09:16:25 +0800] "GET /xingrg/kc/buy/cgsh_order_operate.html?command=get_materiel&rest_code=00146&code=00101008350&supplier_code=00100005&order_time=2021-04-25 HTTP/1.1" 200 408
58.37.228.113 - - [25/Apr/2021:09:16:28 +0800] "GET /xingrg/all/function/internal_message.html?_=1619313387147&CODE_STATE=getMsg HTTP/1.1" 200 27
116.233.79.102 - - [25/Apr/2021:09:16:29 +0800] "GET /xingrg/kc/buy/cgsh_order_operate.html?command=get_materiel&rest_code=00109&code=00101008362&supplier_code=00100005&order_time=2021-04-25 HTTP/1.1" 200 408
116.230.114.112 - - [25/Apr/2021:09:16:32 +0800] "GET /xingrg/all/function/internal_message.html?_=1619313412042&CODE_STATE=getMsg HTTP/1.1" 302 -
116.233.79.102 - - [25/Apr/2021:09:16:35 +0800] "GET /xingrg/all/function/internal_message.html?_=1619313393148&CODE_STATE=getMsg HTTP/1.1" 200 27
116.233.79.102 - - [25/Apr/2021:09:16:35 +0800] "GET /xingrg/check_reg.html?_=1619313393151 HTTP/1.1" 200 22
116.230.114.112 - - [25/Apr/2021:09:16:35 +0800] "GET /xingrg/kc/buy/cgsh_order_operate.html?command=get_materiel&rest_code=00146&code=00101008208&supplier_code=00100005&order_time=2021-04-25 HTTP/1.1" 200 409
116.233.79.102 - - [25/Apr/2021:09:16:35 +0800] "GET /xingrg/kc/buy/cgsh_order_operate.html?command=get_materiel&rest_code=00109&code=00101008360&supplier_code=00100005&order_time=2021-04-25 HTTP/1.1" 200 412
114.88.167.174 - - [25/Apr/2021:09:16:35 +0800] "GET /xingrg/all/function/internal_message.html?_=1619313389440&CODE_STATE=getMsg HTTP/1.1" 200 27
114.88.167.174 - - [25/Apr/2021:09:16:36 +0800] "GET /xingrg/kc/buy/cgsh_order_operate.html?command=get_materiel&rest_code=00111&code=00101009013&supplier_code=00100037&order_time=2021-04-25 HTTP/1.1" 200 421
116.224.253.72 - - [25/Apr/2021:09:16:37 +0800] "GET /xingrg/all/function/internal_message.html?_=1619313396078&CODE_STATE=getMsg HTTP/1.1" 200 27
116.233.79.102 - - [25/Apr/2021:09:16:37 +0800] "POST /xingrg/kc/buy/cgsh_order_operate.html HTTP/1.1" 200 2065
116.230.114.112 - - [25/Apr/2021:09:16:38 +0800] "POST /xingrg/kc/buy/cgsh_order_operate.html HTTP/1.1" 200 2065
116.224.253.72 - - [25/Apr/2021:09:16:41 +0800] "GET /xingrg/all/function/internal_message.html?_=1619313406524&CODE_STATE=getMsg HTTP/1.1" 200 27
116.233.79.102 - - [25/Apr/2021:09:16:41 +0800] "GET /xingrg/kc/buy/cgsh_order_operate.html?command=get_materiel&rest_code=00109&code=00101008357&supplier_code=00100005&order_time=2021-04-25 HTTP/1.1" 200 408
116.230.114.112 - - [25/Apr/2021:09:16:46 +0800] "GET /xingrg/kc/buy/cgsh_order_operate.html?command=get_materiel&rest_code=00146&code=00101008351&supplier_code=00100005&order_time=2021-04-25 HTTP/1.1" 200 408
116.233.79.102 - - [25/Apr/2021:09:16:46 +0800] "GET /xingrg/kc/buy/cgsh_order_operate.html?command=get_materiel&rest_code=00109&code=00101008230&supplier_code=00100005&order_time=2021-04-25 HTTP/1.1" 200 408
101.83.240.230 - - [25/Apr/2021:09:16:52 +0800] "GET /xingrg/all/function/internal_message.html?_=1619313410597&CODE_STATE=getMsg HTTP/1.1" 200 27
116.233.79.102 - - [25/Apr/2021:09:16:52 +0800] "GET /xingrg/kc/buy/cgsh_order_operate.html?command=get_materiel&rest_code=00109&code=00101008069&supplier_code=00100005&order_time=2021-04-25 HTTP/1.1" 200 412
116.230.114.112 - - [25/Apr/2021:09:16:54 +0800] "GET /xingrg/all/function/internal_message.html?_=1619313438330&CODE_STATE=getMsg HTTP/1.1" 200 27
116.230.114.112 - - [25/Apr/2021:09:16:55 +0800] "GET /xingrg/kc/buy/cgsh_order_operate.html?command=get_materiel&rest_code=00146&code=00101008110&supplier_code=00100005&order_time=2021-04-25 HTTP/1.1" 200 408
180.161.124.236 - - [25/Apr/2021:09:16:57 +0800] "GET /xingrg/kc/buy/cgsh_order_operate.html?command=get_materiel&rest_code=00102&code=00101006129&supplier_code=00100096&order_time=2021-04-25 HTTP/1.1" 200 433
116.233.79.102 - - [25/Apr/2021:09:16:59 +0800] "GET /xingrg/kc/buy/cgsh_order_operate.html?command=get_materiel&rest_code=00109&code=00101008286&supplier_code=00100005&order_time=2021-04-25 HTTP/1.1" 200 408
180.169.147.146 - - [25/Apr/2021:09:17:02 +0800] "GET /xingrg/all/function/internal_message.html?_=1619313420938&CODE_STATE=getMsg HTTP/1.1" 200 27
116.230.114.112 - - [25/Apr/2021:09:17:03 +0800] "GET /xingrg/check_reg.html?_=1619313442722 HTTP/1.1" 302 -
180.161.124.236 - - [25/Apr/2021:09:17:04 +0800] "GET /xingrg/all/function/internal_message.html?_=1619313703590&CODE_STATE=getMsg HTTP/1.1" 200 27
116.233.79.102 - - [25/Apr/2021:09:17:04 +0800] "GET /xingrg/kc/buy/cgsh_order_operate.html?command=get_materiel&rest_code=00109&code=00101008036&supplier_code=00100005&order_time=2021-04-25 HTTP/1.1" 200 408
116.233.79.102 - - [25/Apr/2021:09:17:06 +0800] "POST /xingrg/kc/buy/cgsh_order_operate.html HTTP/1.1" 200 2065
58.40.7.146 - - [25/Apr/2021:09:17:06 +0800] "GET /xingrg/all/function/internal_message.html?_=1619313424729&CODE_STATE=getMsg HTTP/1.1" 200 27
58.40.7.146 - - [25/Apr/2021:09:17:06 +0800] "GET /xingrg/check_reg.html?_=1619313424731 HTTP/1.1" 200 22
116.230.110.80 - - [25/Apr/2021:09:17:08 +0800] "GET /xingrg/all/function/internal_message.html?_=1619313426829&CODE_STATE=getMsg HTTP/1.1" 200 27
116.233.79.102 - - [25/Apr/2021:09:17:09 +0800] "GET /xingrg/kc/buy/cgsh_order_operate.html?command=get_materiel&rest_code=00109&code=00101008352&supplier_code=00100005&order_time=2021-04-25 HTTP/1.1" 200 412
58.40.7.146 - - [25/Apr/2021:09:17:10 +0800] "GET /xingrg/all/function/internal_message.html?_=1619313428890&CODE_STATE=getMsg HTTP/1.1" 200 27
180.161.124.236 - - [25/Apr/2021:09:17:12 +0800] "GET /xingrg/kc/buy/cgsh_order_operate.html?command=get_materiel&rest_code=00102&code=00101006109&supplier_code=00100096&order_time=2021-04-25 HTTP/1.1" 200 409
116.233.79.102 - - [25/Apr/2021:09:17:15 +0800] "GET /xingrg/kc/buy/cgsh_order_operate.html?command=get_materiel&rest_code=00109&code=00101008312&supplier_code=00100005&order_time=2021-04-25 HTTP/1.1" 200 412
116.230.114.112 - - [25/Apr/2021:09:17:18 +0800] "GET /xingrg/kc/buy/cgsh_order_operate.html?command=get_materiel&rest_code=00146&code=00101008163&supplier_code=00100005&order_time=2021-04-25 HTTP/1.1" 200 409
116.233.79.102 - - [25/Apr/2021:09:17:21 +0800] "GET /xingrg/kc/buy/cgsh_order_operate.html?command=get_materiel&rest_code=00109&code=00101008095&supplier_code=00100005&order_time=2021-04-25 HTTP/1.1" 200 412
58.37.228.113 - - [25/Apr/2021:09:17:25 +0800] "GET /xingrg/all/function/internal_message.html?_=1619313418705&CODE_STATE=getMsg HTTP/1.1" 200 27
116.233.79.102 - - [25/Apr/2021:09:17:26 +0800] "GET /xingrg/kc/buy/cgsh_order_operate.html?command=get_materiel&rest_code=00109&code=00101008196&supplier_code=00100005&order_time=2021-04-25 HTTP/1.1" 200 416
180.161.124.236 - - [25/Apr/2021:09:17:26 +0800] "GET /xingrg/kc/buy/cgsh_order_operate.html?command=get_materiel&rest_code=00102&code=00101006112&supplier_code=00100096&order_time=2021-04-25 HTTP/1.1" 200 411
58.37.228.113 - - [25/Apr/2021:09:17:28 +0800] "GET /xingrg/all/function/internal_message.html?_=1619313447152&CODE_STATE=getMsg HTTP/1.1" 200 27
58.37.228.113 - - [25/Apr/2021:09:17:28 +0800] "GET /xingrg/check_reg.html?_=1619313447153 HTTP/1.1" 200 22
116.224.253.72 - - [25/Apr/2021:09:17:29 +0800] "GET /xingrg/check_reg.html?_=1619313453997 HTTP/1.1" 200 22
116.233.79.102 - - [25/Apr/2021:09:17:31 +0800] "GET /xingrg/kc/buy/cgsh_order_operate.html?command=get_materiel&rest_code=00109&code=00101008197&supplier_code=00100005&order_time=2021-04-25 HTTP/1.1" 200 417
116.230.114.112 - - [25/Apr/2021:09:17:32 +0800] "GET /xingrg/all/function/internal_message.html?_=1619313472046&CODE_STATE=getMsg HTTP/1.1" 302 -
116.233.79.102 - - [25/Apr/2021:09:17:33 +0800] "POST /xingrg/kc/buy/cgsh_order_operate.html HTTP/1.1" 200 2065
116.233.79.102 - - [25/Apr/2021:09:17:35 +0800] "GET /xingrg/all/function/internal_message.html?_=1619313453149&CODE_STATE=getMsg HTTP/1.1" 200 27
114.88.167.174 - - [25/Apr/2021:09:17:35 +0800] "GET /xingrg/all/function/internal_message.html?_=1619313449454&CODE_STATE=getMsg HTTP/1.1" 200 27
116.224.253.72 - - [25/Apr/2021:09:17:37 +0800] "GET /xingrg/all/function/internal_message.html?_=1619313456091&CODE_STATE=getMsg HTTP/1.1" 200 27
116.233.79.102 - - [25/Apr/2021:09:17:37 +0800] "GET /xingrg/kc/buy/cgsh_order_operate.html?command=get_materiel&rest_code=00109&code=00101008208&supplier_code=00100005&order_time=2021-04-25 HTTP/1.1" 200 409
180.161.124.236 - - [25/Apr/2021:09:17:37 +0800] "GET /xingrg/kc/buy/cgsh_order_operate.html?command=get_materiel&rest_code=00102&code=00101006115&supplier_code=00100096&order_time=2021-04-25 HTTP/1.1" 200 411
116.224.253.72 - - [25/Apr/2021:09:17:41 +0800] "GET /xingrg/all/function/internal_message.html?_=1619313466539&CODE_STATE=getMsg HTTP/1.1" 200 27
116.233.79.102 - - [25/Apr/2021:09:17:50 +0800] "GET /xingrg/kc/buy/cgsh_order_operate.html?command=get_materiel&rest_code=00109&code=00101008365&supplier_code=00100005&order_time=2021-04-25 HTTP/1.1" 200 412
101.83.240.230 - - [25/Apr/2021:09:17:52 +0800] "GET /xingrg/all/function/internal_message.html?_=1619313470598&CODE_STATE=getMsg HTTP/1.1" 200 27
116.230.114.112 - - [25/Apr/2021:09:17:54 +0800] "GET /xingrg/all/function/internal_message.html?_=1619313498343&CODE_STATE=getMsg HTTP/1.1" 200 27
180.161.124.236 - - [25/Apr/2021:09:17:54 +0800] "GET /xingrg/kc/buy/cgsh_order_operate.html?command=get_materiel&rest_code=00102&code=00101001009&supplier_code=00100096&order_time=2021-04-25 HTTP/1.1" 200 411
116.233.79.102 - - [25/Apr/2021:09:17:55 +0800] "GET /xingrg/kc/buy/cgsh_order_operate.html?command=get_materiel&rest_code=00109&code=00101008125&supplier_code=00100005&order_time=2021-04-25 HTTP/1.1" 200 413
114.88.167.174 - - [25/Apr/2021:09:18:01 +0800] "GET /xingrg/kc/buy/cgsh_order_operate.html?command=get_materiel&rest_code=00111&code=00101015070&supplier_code=00100037&order_time=2021-04-25 HTTP/1.1" 200 412
116.233.79.102 - - [25/Apr/2021:09:18:02 +0800] "GET /xingrg/kc/buy/cgsh_order_operate.html?command=get_materiel&rest_code=00109&code=00101008080&supplier_code=00100005&order_time=2021-04-25 HTTP/1.1" 200 416
180.169.147.146 - - [25/Apr/2021:09:18:02 +0800] "GET /xingrg/all/function/internal_message.html?_=1619313480939&CODE_STATE=getMsg HTTP/1.1" 200 27
180.161.124.236 - - [25/Apr/2021:09:18:03 +0800] "GET /xingrg/check_reg.html?_=1619313762700 HTTP/1.1" 200 22
180.161.124.236 - - [25/Apr/2021:09:18:04 +0800] "GET /xingrg/all/function/internal_message.html?_=1619313763605&CODE_STATE=getMsg HTTP/1.1" 200 27
58.40.7.146 - - [25/Apr/2021:09:18:06 +0800] "GET /xingrg/all/function/internal_message.html?_=1619313484731&CODE_STATE=getMsg HTTP/1.1" 200 27
116.230.110.80 - - [25/Apr/2021:09:18:08 +0800] "GET /xingrg/all/function/internal_message.html?_=1619313486821&CODE_STATE=getMsg HTTP/1.1" 200 27
58.40.7.146 - - [25/Apr/2021:09:18:10 +0800] "GET /xingrg/all/function/internal_message.html?_=1619313488893&CODE_STATE=getMsg HTTP/1.1" 200 27
180.161.124.236 - - [25/Apr/2021:09:18:12 +0800] "GET /xingrg/kc/buy/cgsh_order_operate.html?command=get_materiel&rest_code=00102&code=00101001075&supplier_code=00100096&order_time=2021-04-25 HTTP/1.1" 200 411
114.88.167.174 - - [25/Apr/2021:09:18:12 +0800] "GET /xingrg/kc/buy/cgsh_order_operate.html?command=get_materiel&rest_code=00111&code=00101008092&supplier_code=00100037&order_time=2021-04-25 HTTP/1.1" 200 412
116.230.110.80 - - [25/Apr/2021:09:18:20 +0800] "GET /xingrg/kc/buy/cgsh_order_add.html HTTP/1.1" 200 62254
116.230.110.80 - - [25/Apr/2021:09:18:20 +0800] "POST /xingrg/kc/buy/cgsh_order_operate.html HTTP/1.1" 200 8245
116.230.110.80 - - [25/Apr/2021:09:18:20 +0800] "GET /xingrg/javascript/easyui/themes/default/validatebox.css HTTP/1.1" 404 1104
114.88.167.174 - - [25/Apr/2021:09:18:23 +0800] "GET /xingrg/kc/buy/cgsh_order_operate.html?command=get_materiel&rest_code=00111&code=00101008005&supplier_code=00100037&order_time=2021-04-25 HTTP/1.1" 200 412
180.161.124.236 - - [25/Apr/2021:09:18:24 +0800] "GET /xingrg/kc/buy/cgsh_order_operate.html?command=get_materiel&rest_code=00102&code=00101007081&supplier_code=00100096&order_time=2021-04-25 HTTP/1.1" 200 415
58.37.228.113 - - [25/Apr/2021:09:18:25 +0800] "GET /xingrg/all/function/internal_message.html?_=1619313478709&CODE_STATE=getMsg HTTP/1.1" 200 27
116.230.114.112 - - [25/Apr/2021:09:18:25 +0800] "POST /xingrg/kc/buy/cgsh_order_operate.html HTTP/1.1" 200 2065
