61.165.42.208 - - [25/Apr/2021:10:45:50 +0800] "POST /xingrg/kc/buy/cgsh_order_operate.html HTTP/1.1" 200 37
180.161.124.236 - - [25/Apr/2021:10:45:51 +0800] "GET /xingrg/check_reg.html?_=1619319030971 HTTP/1.1" 200 22
180.161.124.236 - - [25/Apr/2021:10:45:52 +0800] "GET /xingrg/all/function/internal_message.html?_=1619319031236&CODE_STATE=getMsg HTTP/1.1" 200 27
180.162.112.86 - - [25/Apr/2021:10:45:52 +0800] "GET /xingrg/all/function/internal_message.html?_=1619318504216&CODE_STATE=getMsg HTTP/1.1" 200 27
180.162.112.86 - - [25/Apr/2021:10:45:53 +0800] "GET /xingrg/check_reg.html?_=1619318504219 HTTP/1.1" 200 22
114.88.167.174 - - [25/Apr/2021:10:45:53 +0800] "GET /xingrg/kc/buy/cgsh_order_add.html HTTP/1.1" 200 62286
117.185.32.26 - - [25/Apr/2021:10:45:53 +0800] "GET /xingrg/kc/buy/cgsh_order_operate.html?command=get_materiel&rest_code=00106&code=00101004038&supplier_code=00100347&order_time=2021-04-25 HTTP/1.1" 200 430
61.165.42.208 - - [25/Apr/2021:10:45:54 +0800] "POST /xingrg/kc/buy/cgsh_order_operate.html HTTP/1.1" 200 2656
114.88.167.174 - - [25/Apr/2021:10:45:54 +0800] "POST /xingrg/kc/buy/cgsh_order_operate.html HTTP/1.1" 200 8245
114.88.167.174 - - [25/Apr/2021:10:45:54 +0800] "GET /xingrg/javascript/easyui/themes/default/validatebox.css HTTP/1.1" 404 1104
61.165.42.208 - - [25/Apr/2021:10:45:55 +0800] "GET /xingrg/kc/print/load_data.html?order_code=212021042510618&kc_code=cgsh&condition= HTTP/1.1" 200 666
61.165.42.208 - - [25/Apr/2021:10:45:59 +0800] "GET /xingrg/kc/buy/cgsh_order_add.html HTTP/1.1" 200 62333
61.165.42.208 - - [25/Apr/2021:10:45:59 +0800] "POST /xingrg/kc/buy/cgsh_order_operate.html HTTP/1.1" 200 8245
61.165.42.208 - - [25/Apr/2021:10:45:59 +0800] "GET /xingrg/javascript/easyui/themes/default/validatebox.css HTTP/1.1" 404 1104
117.185.32.26 - - [25/Apr/2021:10:46:00 +0800] "GET /xingrg/all/function/internal_message.html?_=1619318754340&CODE_STATE=getMsg HTTP/1.1" 200 27
180.169.147.146 - - [25/Apr/2021:10:46:03 +0800] "GET /xingrg/check_reg.html?_=1619318761297 HTTP/1.1" 200 22
180.169.147.146 - - [25/Apr/2021:10:46:03 +0800] "GET /xingrg/all/function/internal_message.html?_=1619318761301&CODE_STATE=getMsg HTTP/1.1" 200 27
116.230.114.112 - - [25/Apr/2021:10:46:03 +0800] "GET /xingrg/all/function/internal_message.html?_=1619318787448&CODE_STATE=getMsg HTTP/1.1" 200 27
114.88.167.174 - - [25/Apr/2021:10:46:03 +0800] "GET /xingrg/kc/buy/cgsh_order_operate.html?command=get_materiel&rest_code=00111&code=00101006179&supplier_code=00100323&order_time=2021-04-25 HTTP/1.1" 200 419
180.169.147.146 - - [25/Apr/2021:10:46:04 +0800] "GET /xingrg/all/function/internal_message.html?_=1619318762075&CODE_STATE=getMsg HTTP/1.1" 200 27
58.40.7.146 - - [25/Apr/2021:10:46:06 +0800] "GET /xingrg/all/function/internal_message.html?_=1619318764806&CODE_STATE=getMsg HTTP/1.1" 200 27
180.169.147.146 - - [25/Apr/2021:10:46:08 +0800] "GET /xingrg/all/function/internal_message.html?_=1619318765865&CODE_STATE=getMsg HTTP/1.1" 200 27
58.40.7.146 - - [25/Apr/2021:10:46:11 +0800] "GET /xingrg/all/function/internal_message.html?_=1619318768960&CODE_STATE=getMsg HTTP/1.1" 200 27
61.165.42.208 - - [25/Apr/2021:10:46:11 +0800] "GET /xingrg/kc/buy/cgsh_order_operate.html?command=get_materiel&rest_code=00105&code=00101007039&supplier_code=00100323&order_time=2021-04-25 HTTP/1.1" 200 414
180.169.147.146 - - [25/Apr/2021:10:46:11 +0800] "GET /xingrg/all/function/internal_message.html?_=1619318761886&CODE_STATE=getMsg HTTP/1.1" 200 27
114.86.187.76 - - [25/Apr/2021:10:46:12 +0800] "GET /xingrg/all/function/internal_message.html?_=1619318770777&CODE_STATE=getMsg HTTP/1.1" 200 27
116.224.253.72 - - [25/Apr/2021:10:46:14 +0800] "GET /xingrg/all/function/internal_message.html?_=1619318772685&CODE_STATE=getMsg HTTP/1.1" 200 27
101.83.240.230 - - [25/Apr/2021:10:46:16 +0800] "GET /xingrg/all/function/internal_message.html?_=1619318774732&CODE_STATE=getMsg HTTP/1.1" 200 27
117.184.7.26 - - [25/Apr/2021:10:46:21 +0800] "GET /xingrg/all/function/internal_message.html?_=1619318770602&CODE_STATE=getMsg HTTP/1.1" 200 27
114.88.167.174 - - [25/Apr/2021:10:46:25 +0800] "GET /xingrg/kc/buy/cgsh_order_operate.html?command=get_materiel&rest_code=00111&code=00101004017&supplier_code=00100323&order_time=2021-04-25 HTTP/1.1" 200 413
58.37.228.113 - - [25/Apr/2021:10:46:25 +0800] "GET /xingrg/all/function/internal_message.html?_=1619318758812&CODE_STATE=getMsg HTTP/1.1" 200 27
120.253.135.82 - - [25/Apr/2021:10:46:27 +0800] "GET /xingrg/all/function/internal_message.html?_=1619318564434&CODE_STATE=getMsg HTTP/1.1" 200 27
58.37.228.113 - - [25/Apr/2021:10:46:28 +0800] "GET /xingrg/all/function/internal_message.html?_=1619318787381&CODE_STATE=getMsg HTTP/1.1" 200 27
61.165.42.208 - - [25/Apr/2021:10:46:29 +0800] "GET /xingrg/all/function/internal_message.html?_=1619318786973&CODE_STATE=getMsg HTTP/1.1" 200 27
180.162.112.86 - - [25/Apr/2021:10:46:31 +0800] "GET /xingrg/kc/base/wldb_order_operate.html?command=get_materiel&rest_code=00143&base_code=0010216&code=00101012015 HTTP/1.1" 200 468
172.20.0.100 - - [25/Apr/2021:10:46:32 +0800] "GET /favicon.ico HTTP/1.1" 404 -
180.169.147.146 - - [25/Apr/2021:10:46:32 +0800] "GET /favicon.ico HTTP/1.1" 404 -
116.230.114.112 - - [25/Apr/2021:10:46:33 +0800] "GET /xingrg/all/function/internal_message.html?_=1619318813266&CODE_STATE=getMsg HTTP/1.1" 302 -
117.185.32.26 - - [25/Apr/2021:10:46:35 +0800] "GET /xingrg/all/function/internal_message.html?_=1619319313325&CODE_STATE=getMsg HTTP/1.1" 200 27
117.185.32.26 - - [25/Apr/2021:10:46:35 +0800] "GET /xingrg/check_reg.html?_=1619319313451 HTTP/1.1" 200 22
116.233.79.102 - - [25/Apr/2021:10:46:35 +0800] "GET /xingrg/all/function/internal_message.html?_=1619318794184&CODE_STATE=getMsg HTTP/1.1" 200 27
116.233.79.102 - - [25/Apr/2021:10:46:35 +0800] "GET /xingrg/check_reg.html?_=1619318794187 HTTP/1.1" 200 22
116.230.110.80 - - [25/Apr/2021:10:46:36 +0800] "GET /xingrg/all/function/internal_message.html?_=1619318793819&CODE_STATE=getMsg HTTP/1.1" 200 27
114.88.167.174 - - [25/Apr/2021:10:46:39 +0800] "POST /xingrg/kc/buy/cgsh_order_operate.html HTTP/1.1" 200 37
114.88.167.174 - - [25/Apr/2021:10:46:41 +0800] "POST /xingrg/kc/buy/cgsh_order_operate.html HTTP/1.1" 200 3262
61.165.42.208 - - [25/Apr/2021:10:46:42 +0800] "GET /xingrg/kc/buy/cgsh_order_operate.html?command=get_materiel&rest_code=00105&code=00101010063&supplier_code=00100323&order_time=2021-04-25 HTTP/1.1" 200 409
116.224.253.72 - - [25/Apr/2021:10:46:43 +0800] "GET /xingrg/all/function/internal_message.html?_=1619318808309&CODE_STATE=getMsg HTTP/1.1" 200 27
114.88.167.174 - - [25/Apr/2021:10:46:44 +0800] "GET /xingrg/all/function/internal_message.html?_=1619318798385&CODE_STATE=getMsg HTTP/1.1" 200 27
114.88.167.174 - - [25/Apr/2021:10:46:45 +0800] "GET /xingrg/kc/print/load_data.html?order_code=212021042510619&kc_code=cgsh&condition= HTTP/1.1" 200 914
117.185.32.26 - - [25/Apr/2021:10:46:49 +0800] "POST /xingrg/kc/buy/cgsh_order_operate.html HTTP/1.1" 200 37
61.165.42.208 - - [25/Apr/2021:10:46:50 +0800] "GET /xingrg/all/function/internal_message.html?_=1619318792498&CODE_STATE=getMsg HTTP/1.1" 200 27
114.88.167.174 - - [25/Apr/2021:10:46:51 +0800] "GET /xingrg/kc/buy/cgsh_order_add.html HTTP/1.1" 200 62286
117.185.32.26 - - [25/Apr/2021:10:46:52 +0800] "POST /xingrg/kc/buy/cgsh_order_operate.html HTTP/1.1" 200 12
180.161.124.236 - - [25/Apr/2021:10:46:52 +0800] "GET /xingrg/all/function/internal_message.html?_=1619319091255&CODE_STATE=getMsg HTTP/1.1" 200 27
114.88.167.174 - - [25/Apr/2021:10:46:52 +0800] "POST /xingrg/kc/buy/cgsh_order_operate.html HTTP/1.1" 200 8245
180.162.112.86 - - [25/Apr/2021:10:46:52 +0800] "GET /xingrg/all/function/internal_message.html?_=1619318564215&CODE_STATE=getMsg HTTP/1.1" 200 27
117.185.32.26 - - [25/Apr/2021:10:46:53 +0800] "GET /xingrg/kc/buy/cgsh_order_info.html?code=212021042510620 HTTP/1.1" 200 57180
114.88.167.174 - - [25/Apr/2021:10:46:53 +0800] "GET /xingrg/javascript/easyui/themes/default/validatebox.css HTTP/1.1" 404 1104
117.185.32.26 - - [25/Apr/2021:10:46:53 +0800] "GET /xingrg/words/20210425093436_words.js HTTP/1.1" 304 -
117.185.32.26 - - [25/Apr/2021:10:46:53 +0800] "GET /xingrg/javascript/easyui/themes/default/validatebox.css HTTP/1.1" 404 1104
117.185.32.26 - - [25/Apr/2021:10:46:53 +0800] "POST /xingrg/kc/buy/cgsh_order_operate.html HTTP/1.1" 200 7154
180.162.112.86 - - [25/Apr/2021:10:46:54 +0800] "GET /xingrg/kc/base/wldb_order_operate.html?command=get_materiel&rest_code=00143&base_code=0010216&code=00101019120 HTTP/1.1" 200 459
61.165.42.208 - - [25/Apr/2021:10:46:55 +0800] "GET /xingrg/kc/buy/cgsh_order_operate.html?command=get_materiel&rest_code=00105&code=00101007044&supplier_code=00100323&order_time=2021-04-25 HTTP/1.1" 200 424
117.185.32.26 - - [25/Apr/2021:10:46:57 +0800] "GET /xingrg/kc/print/load_data.html?order_code=212021042510620&kc_code=cgsh&condition= HTTP/1.1" 200 3203
117.185.32.26 - - [25/Apr/2021:10:47:00 +0800] "GET /xingrg/all/function/internal_message.html?_=1619318814347&CODE_STATE=getMsg HTTP/1.1" 200 27
114.88.167.174 - - [25/Apr/2021:10:47:01 +0800] "GET /xingrg/kc/buy/cgsh_order_operate.html?command=get_materiel&rest_code=00111&code=00101014031&supplier_code=00100340&order_time=2021-04-25 HTTP/1.1" 200 413
116.230.114.112 - - [25/Apr/2021:10:47:02 +0800] "GET /xingrg/check_reg.html?_=1619318842837 HTTP/1.1" 302 -
180.169.147.146 - - [25/Apr/2021:10:47:03 +0800] "GET /xingrg/all/function/internal_message.html?_=1619318821301&CODE_STATE=getMsg HTTP/1.1" 200 27
116.230.114.112 - - [25/Apr/2021:10:47:04 +0800] "GET /xingrg/all/function/internal_message.html?_=1619318847858&CODE_STATE=getMsg HTTP/1.1" 200 27
180.169.147.146 - - [25/Apr/2021:10:47:04 +0800] "GET /xingrg/check_reg.html?_=1619318822066 HTTP/1.1" 200 22
180.169.147.146 - - [25/Apr/2021:10:47:04 +0800] "GET /xingrg/all/function/internal_message.html?_=1619318822070&CODE_STATE=getMsg HTTP/1.1" 200 27
58.40.7.146 - - [25/Apr/2021:10:47:06 +0800] "GET /xingrg/check_reg.html?_=1619318824810 HTTP/1.1" 200 22
58.40.7.146 - - [25/Apr/2021:10:47:06 +0800] "GET /xingrg/all/function/internal_message.html?_=1619318824812&CODE_STATE=getMsg HTTP/1.1" 200 27
180.162.112.86 - - [25/Apr/2021:10:47:08 +0800] "POST /xingrg/kc/base/wldb_order_operate.html HTTP/1.1" 200 1710
180.169.147.146 - - [25/Apr/2021:10:47:08 +0800] "GET /xingrg/all/function/internal_message.html?_=1619318825867&CODE_STATE=getMsg HTTP/1.1" 200 27
58.40.7.146 - - [25/Apr/2021:10:47:11 +0800] "GET /xingrg/all/function/internal_message.html?_=1619318828963&CODE_STATE=getMsg HTTP/1.1" 200 27
114.88.167.174 - - [25/Apr/2021:10:47:11 +0800] "POST /xingrg/kc/buy/cgsh_order_operate.html HTTP/1.1" 200 37
180.169.147.146 - - [25/Apr/2021:10:47:11 +0800] "GET /xingrg/check_reg.html?_=1619318821884 HTTP/1.1" 200 22
180.169.147.146 - - [25/Apr/2021:10:47:11 +0800] "GET /xingrg/all/function/internal_message.html?_=1619318821885&CODE_STATE=getMsg HTTP/1.1" 200 27
61.165.42.208 - - [25/Apr/2021:10:47:12 +0800] "GET /xingrg/kc/buy/cgsh_order_operate.html?command=get_materiel&rest_code=00105&code=00101006040&supplier_code=00100323&order_time=2021-04-25 HTTP/1.1" 200 417
114.86.187.76 - - [25/Apr/2021:10:47:12 +0800] "GET /xingrg/check_reg.html?_=1619318830734 HTTP/1.1" 200 22
114.88.167.174 - - [25/Apr/2021:10:47:12 +0800] "POST /xingrg/kc/buy/cgsh_order_operate.html HTTP/1.1" 200 2658
114.86.187.76 - - [25/Apr/2021:10:47:12 +0800] "GET /xingrg/all/function/internal_message.html?_=1619318830791&CODE_STATE=getMsg HTTP/1.1" 200 27
116.224.253.72 - - [25/Apr/2021:10:47:14 +0800] "GET /xingrg/all/function/internal_message.html?_=1619318832692&CODE_STATE=getMsg HTTP/1.1" 200 27
114.88.167.174 - - [25/Apr/2021:10:47:14 +0800] "GET /xingrg/kc/print/load_data.html?order_code=212021042510621&kc_code=cgsh&condition= HTTP/1.1" 200 671
117.185.32.26 - - [25/Apr/2021:10:47:15 +0800] "GET /xingrg/kc/buy/cgsh_order_add.html HTTP/1.1" 200 62286
117.185.32.26 - - [25/Apr/2021:10:47:15 +0800] "POST /xingrg/kc/buy/cgsh_order_operate.html HTTP/1.1" 200 8245
117.185.32.26 - - [25/Apr/2021:10:47:15 +0800] "GET /xingrg/javascript/easyui/themes/default/validatebox.css HTTP/1.1" 404 1104
101.83.240.230 - - [25/Apr/2021:10:47:16 +0800] "GET /xingrg/all/function/internal_message.html?_=1619318834710&CODE_STATE=getMsg HTTP/1.1" 200 27
101.83.240.230 - - [25/Apr/2021:10:47:17 +0800] "GET /xingrg/check_reg.html?_=1619318835378 HTTP/1.1" 200 22
117.185.32.26 - - [25/Apr/2021:10:47:18 +0800] "GET /xingrg/javascript/easyui/themes/default/tree.css HTTP/1.1" 404 1090
117.185.32.26 - - [25/Apr/2021:10:47:18 +0800] "POST /xingrg/all/common/load_tree.html?tree=supplier_tree_json&isDelete=1 HTTP/1.1" 200 55089
117.184.7.26 - - [25/Apr/2021:10:47:21 +0800] "GET /xingrg/all/function/internal_message.html?_=1619318830576&CODE_STATE=getMsg HTTP/1.1" 200 27
58.37.228.113 - - [25/Apr/2021:10:47:25 +0800] "GET /xingrg/all/function/internal_message.html?_=1619318818810&CODE_STATE=getMsg HTTP/1.1" 200 27
61.165.42.208 - - [25/Apr/2021:10:47:27 +0800] "GET /xingrg/kc/buy/cgsh_order_operate.html?command=get_materiel&rest_code=00105&code=00101037239&supplier_code=00100323&order_time=2021-04-25 HTTP/1.1" 200 396
120.253.135.82 - - [25/Apr/2021:10:47:27 +0800] "GET /xingrg/all/function/internal_message.html?_=1619318624463&CODE_STATE=getMsg HTTP/1.1" 200 27
58.37.228.113 - - [25/Apr/2021:10:47:28 +0800] "GET /xingrg/all/function/internal_message.html?_=1619318847381&CODE_STATE=getMsg HTTP/1.1" 200 27
58.37.228.113 - - [25/Apr/2021:10:47:28 +0800] "GET /xingrg/check_reg.html?_=1619318847386 HTTP/1.1" 200 22
180.162.112.86 - - [25/Apr/2021:10:47:28 +0800] "GET /xingrg/kc/base/wldb_order_operate.html?command=get_materiel&rest_code=00143&base_code=0010216&code=00101019253 HTTP/1.1" 200 468
61.165.42.208 - - [25/Apr/2021:10:47:28 +0800] "GET /xingrg/all/function/internal_message.html?_=1619318846946&CODE_STATE=getMsg HTTP/1.1" 200 27
116.224.253.72 - - [25/Apr/2021:10:47:29 +0800] "GET /xingrg/check_reg.html?_=1619318854116 HTTP/1.1" 200 22
101.91.62.89 - - [25/Apr/2021:10:47:29 +0800] "GET /xingrg/all/function/internal_message.html?_=1619318787381&CODE_STATE=getMsg HTTP/1.1" 302 -
101.91.62.89 - - [25/Apr/2021:10:47:30 +0800] "GET /xingrg/login.html HTTP/1.1" 200 7641
116.230.114.112 - - [25/Apr/2021:10:47:33 +0800] "GET /xingrg/all/function/internal_message.html?_=1619318873269&CODE_STATE=getMsg HTTP/1.1" 302 -
117.185.32.26 - - [25/Apr/2021:10:47:34 +0800] "GET /xingrg/all/function/internal_message.html?_=1619319373316&CODE_STATE=getMsg HTTP/1.1" 200 27
117.185.32.26 - - [25/Apr/2021:10:47:35 +0800] "GET /xingrg/kc/buy/cgsh_order_operate.html?command=get_materiel&rest_code=00106&code=00101018011&supplier_code=00100330&order_time=2021-04-25 HTTP/1.1" 200 413
116.233.79.102 - - [25/Apr/2021:10:47:35 +0800] "GET /xingrg/all/function/internal_message.html?_=1619318854190&CODE_STATE=getMsg HTTP/1.1" 200 27
116.230.110.80 - - [25/Apr/2021:10:47:36 +0800] "GET /xingrg/all/function/internal_message.html?_=1619318853823&CODE_STATE=getMsg HTTP/1.1" 200 27
61.165.42.208 - - [25/Apr/2021:10:47:37 +0800] "GET /xingrg/kc/buy/cgsh_order_operate.html?command=get_materiel&rest_code=00105&code=00101010450&supplier_code=00100323&order_time=2021-04-25 HTTP/1.1" 200 417
116.224.253.72 - - [25/Apr/2021:10:47:43 +0800] "GET /xingrg/all/function/internal_message.html?_=1619318868323&CODE_STATE=getMsg HTTP/1.1" 200 27
114.88.167.174 - - [25/Apr/2021:10:47:44 +0800] "GET /xingrg/all/function/internal_message.html?_=1619318858399&CODE_STATE=getMsg HTTP/1.1" 200 27
61.165.42.208 - - [25/Apr/2021:10:47:47 +0800] "GET /xingrg/kc/buy/cgsh_order_operate.html?command=get_materiel&rest_code=00105&code=00101012041&supplier_code=00100323&order_time=2021-04-25 HTTP/1.1" 200 418
114.88.167.174 - - [25/Apr/2021:10:47:48 +0800] "GET /xingrg/kc/buy/cgsh_order_add.html HTTP/1.1" 200 62286
114.88.167.174 - - [25/Apr/2021:10:47:50 +0800] "POST /xingrg/kc/buy/cgsh_order_operate.html HTTP/1.1" 200 8245
114.88.167.174 - - [25/Apr/2021:10:47:50 +0800] "GET /xingrg/javascript/easyui/themes/default/validatebox.css HTTP/1.1" 404 1104
61.165.42.208 - - [25/Apr/2021:10:47:50 +0800] "GET /xingrg/all/function/internal_message.html?_=1619318852498&CODE_STATE=getMsg HTTP/1.1" 200 27
180.161.124.236 - - [25/Apr/2021:10:47:52 +0800] "GET /xingrg/all/function/internal_message.html?_=1619319151258&CODE_STATE=getMsg HTTP/1.1" 200 27
180.162.112.86 - - [25/Apr/2021:10:47:52 +0800] "GET /xingrg/all/function/internal_message.html?_=1619318624217&CODE_STATE=getMsg HTTP/1.1" 200 27
117.185.32.26 - - [25/Apr/2021:10:48:00 +0800] "GET /xingrg/all/function/internal_message.html?_=1619318874346&CODE_STATE=getMsg HTTP/1.1" 200 27
180.169.147.146 - - [25/Apr/2021:10:48:03 +0800] "GET /xingrg/all/function/internal_message.html?_=1619318881300&CODE_STATE=getMsg HTTP/1.1" 200 27
116.230.114.112 - - [25/Apr/2021:10:48:04 +0800] "GET /xingrg/all/function/internal_message.html?_=1619318907865&CODE_STATE=getMsg HTTP/1.1" 200 27
180.169.147.146 - - [25/Apr/2021:10:48:04 +0800] "GET /xingrg/all/function/internal_message.html?_=1619318882061&CODE_STATE=getMsg HTTP/1.1" 200 27
61.165.42.208 - - [25/Apr/2021:10:48:04 +0800] "GET /xingrg/kc/buy/cgsh_order_operate.html?command=get_materiel&rest_code=00105&code=00101010616&supplier_code=00100323&order_time=2021-04-25 HTTP/1.1" 200 397
117.185.32.26 - - [25/Apr/2021:10:48:04 +0800] "GET /xingrg/kc/buy/cgsh_order_operate.html?command=get_materiel&rest_code=00106&code=00101006199&supplier_code=00100330&order_time=2021-04-25 HTTP/1.1" 200 414
58.40.7.146 - - [25/Apr/2021:10:48:06 +0800] "GET /xingrg/all/function/internal_message.html?_=1619318884797&CODE_STATE=getMsg HTTP/1.1" 200 27
180.169.147.146 - - [25/Apr/2021:10:48:08 +0800] "GET /xingrg/all/function/internal_message.html?_=1619318885859&CODE_STATE=getMsg HTTP/1.1" 200 27
58.40.7.146 - - [25/Apr/2021:10:48:11 +0800] "GET /xingrg/all/function/internal_message.html?_=1619318888966&CODE_STATE=getMsg HTTP/1.1" 200 27
180.169.147.146 - - [25/Apr/2021:10:48:11 +0800] "GET /xingrg/all/function/internal_message.html?_=1619318881883&CODE_STATE=getMsg HTTP/1.1" 200 27
114.86.187.76 - - [25/Apr/2021:10:48:12 +0800] "GET /xingrg/all/function/internal_message.html?_=1619318890804&CODE_STATE=getMsg HTTP/1.1" 200 27
116.224.253.72 - - [25/Apr/2021:10:48:14 +0800] "GET /xingrg/all/function/internal_message.html?_=1619318892693&CODE_STATE=getMsg HTTP/1.1" 200 27
117.185.32.26 - - [25/Apr/2021:10:48:15 +0800] "POST /xingrg/kc/buy/cgsh_order_operate.html HTTP/1.1" 200 37
101.83.240.230 - - [25/Apr/2021:10:48:16 +0800] "GET /xingrg/all/function/internal_message.html?_=1619318894696&CODE_STATE=getMsg HTTP/1.1" 200 27
61.165.42.208 - - [25/Apr/2021:10:48:18 +0800] "POST /xingrg/kc/buy/cgsh_order_operate.html HTTP/1.1" 200 37
117.185.32.26 - - [25/Apr/2021:10:48:18 +0800] "POST /xingrg/kc/buy/cgsh_order_operate.html HTTP/1.1" 200 12
114.88.167.174 - - [25/Apr/2021:10:48:18 +0800] "GET /xingrg/kc/buy/cgsh_order_operate.html?command=get_materiel&rest_code=00111&code=00101001093&supplier_code=00100319&order_time=2021-04-25 HTTP/1.1" 200 411
61.165.42.208 - - [25/Apr/2021:10:48:19 +0800] "POST /xingrg/kc/buy/cgsh_order_operate.html HTTP/1.1" 200 6229
117.185.32.26 - - [25/Apr/2021:10:48:19 +0800] "GET /xingrg/kc/buy/cgsh_order_info.html?code=212021042510622 HTTP/1.1" 200 57194
117.185.32.26 - - [25/Apr/2021:10:48:19 +0800] "GET /xingrg/javascript/easyui/themes/default/validatebox.css HTTP/1.1" 404 1104
117.185.32.26 - - [25/Apr/2021:10:48:20 +0800] "POST /xingrg/kc/buy/cgsh_order_operate.html HTTP/1.1" 200 1202
61.165.42.208 - - [25/Apr/2021:10:48:20 +0800] "GET /xingrg/kc/print/load_data.html?order_code=212021042510623&kc_code=cgsh&condition= HTTP/1.1" 200 2038
117.184.7.26 - - [25/Apr/2021:10:48:21 +0800] "GET /xingrg/all/function/internal_message.html?_=1619318890548&CODE_STATE=getMsg HTTP/1.1" 200 27
117.184.7.26 - - [25/Apr/2021:10:48:21 +0800] "GET /xingrg/check_reg.html?_=1619318890124 HTTP/1.1" 200 22
117.185.32.26 - - [25/Apr/2021:10:48:22 +0800] "GET /xingrg/kc/print/load_data.html?order_code=212021042510622&kc_code=cgsh&condition= HTTP/1.1" 200 936
58.37.228.113 - - [25/Apr/2021:10:48:25 +0800] "GET /xingrg/all/function/internal_message.html?_=1619318878804&CODE_STATE=getMsg HTTP/1.1" 200 27
61.165.42.208 - - [25/Apr/2021:10:48:25 +0800] "POST /xingrg/kc/buy/cgsh_list_operate.html HTTP/1.1" 200 560
120.253.135.82 - - [25/Apr/2021:10:48:26 +0800] "GET /xingrg/check_reg.html?_=1619318683712 HTTP/1.1" 200 22
61.165.42.208 - - [25/Apr/2021:10:48:26 +0800] "GET /xingrg/kc/buy/cgsh_order_info.html?code=212021042510593 HTTP/1.1" 200 62346
61.165.42.208 - - [25/Apr/2021:10:48:27 +0800] "GET /xingrg/javascript/easyui/themes/default/validatebox.css HTTP/1.1" 404 1104
120.253.135.82 - - [25/Apr/2021:10:48:27 +0800] "GET /xingrg/all/function/internal_message.html?_=1619318684478&CODE_STATE=getMsg HTTP/1.1" 200 27
61.165.42.208 - - [25/Apr/2021:10:48:27 +0800] "POST /xingrg/kc/buy/cgsh_order_operate.html HTTP/1.1" 200 7395
58.37.228.113 - - [25/Apr/2021:10:48:28 +0800] "GET /xingrg/all/function/internal_message.html?_=1619318907383&CODE_STATE=getMsg HTTP/1.1" 200 27
117.185.32.26 - - [25/Apr/2021:10:48:28 +0800] "GET /xingrg/kc/buy/cgsh_order_add.html HTTP/1.1" 200 62286
61.165.42.208 - - [25/Apr/2021:10:48:28 +0800] "GET /xingrg/check_reg.html?_=1619318906946 HTTP/1.1" 200 22
61.165.42.208 - - [25/Apr/2021:10:48:29 +0800] "GET /xingrg/all/function/internal_message.html?_=1619318906949&CODE_STATE=getMsg HTTP/1.1" 200 27
117.185.32.26 - - [25/Apr/2021:10:48:29 +0800] "POST /xingrg/kc/buy/cgsh_order_operate.html HTTP/1.1" 200 8245
117.185.32.26 - - [25/Apr/2021:10:48:29 +0800] "GET /xingrg/javascript/easyui/themes/default/validatebox.css HTTP/1.1" 404 1104
117.185.32.26 - - [25/Apr/2021:10:48:30 +0800] "GET /xingrg/javascript/easyui/themes/default/tree.css HTTP/1.1" 404 1090
117.185.32.26 - - [25/Apr/2021:10:48:30 +0800] "POST /xingrg/all/common/load_tree.html?tree=supplier_tree_json&isDelete=1 HTTP/1.1" 200 55089
114.88.167.174 - - [25/Apr/2021:10:48:32 +0800] "POST /xingrg/kc/buy/cgsh_order_operate.html HTTP/1.1" 200 37
116.230.114.112 - - [25/Apr/2021:10:48:33 +0800] "GET /xingrg/all/function/internal_message.html?_=1619318933292&CODE_STATE=getMsg HTTP/1.1" 302 -
114.88.167.174 - - [25/Apr/2021:10:48:34 +0800] "POST /xingrg/kc/buy/cgsh_order_operate.html HTTP/1.1" 200 2658
117.185.32.26 - - [25/Apr/2021:10:48:34 +0800] "GET /xingrg/all/function/internal_message.html?_=1619319433300&CODE_STATE=getMsg HTTP/1.1" 200 27
116.233.79.102 - - [25/Apr/2021:10:48:35 +0800] "GET /xingrg/all/function/internal_message.html?_=1619318914189&CODE_STATE=getMsg HTTP/1.1" 200 27
116.230.110.80 - - [25/Apr/2021:10:48:36 +0800] "GET /xingrg/all/function/internal_message.html?_=1619318913825&CODE_STATE=getMsg HTTP/1.1" 200 27
114.88.167.174 - - [25/Apr/2021:10:48:36 +0800] "GET /xingrg/kc/print/load_data.html?order_code=212021042510624&kc_code=cgsh&condition= HTTP/1.1" 200 678
58.40.7.146 - - [25/Apr/2021:10:48:37 +0800] "POST /xingrg/services/DataTransmitService HTTP/1.1" 200 524
61.165.42.208 - - [25/Apr/2021:10:48:40 +0800] "POST /xingrg/kc/buy/cgsh_order_operate.html HTTP/1.1" 200 37
61.165.42.208 - - [25/Apr/2021:10:48:41 +0800] "POST /xingrg/kc/buy/cgsh_order_operate.html HTTP/1.1" 200 7392
116.224.253.72 - - [25/Apr/2021:10:48:43 +0800] "GET /xingrg/all/function/internal_message.html?_=1619318928336&CODE_STATE=getMsg HTTP/1.1" 200 27
114.88.167.174 - - [25/Apr/2021:10:48:44 +0800] "GET /xingrg/all/function/internal_message.html?_=1619318918412&CODE_STATE=getMsg HTTP/1.1" 200 27
61.165.42.208 - - [25/Apr/2021:10:48:44 +0800] "GET /xingrg/index.html?sysBaseUrl=http%3A%2F%2F180.169.147.146%3A18081%2Fxingrg%2F&costTime=36×tamp=1585222720700 HTTP/1.1" 200 17173
114.88.167.174 - - [25/Apr/2021:10:48:44 +0800] "GET /xingrg/kc/buy/cgsh_order_add.html HTTP/1.1" 200 62286
61.165.42.208 - - [25/Apr/2021:10:48:45 +0800] "POST /xingrg/all/common/load_tree.html?tree=area_rest_tree_json&manage=1 HTTP/1.1" 200 3344
61.165.42.208 - - [25/Apr/2021:10:48:45 +0800] "GET /xingrg/check_reg.html?_=1619318923080 HTTP/1.1" 200 22
61.165.42.208 - - [25/Apr/2021:10:48:45 +0800] "GET /xingrg/all/function/internal_message.html?_=1619318923079&CODE_STATE=count HTTP/1.1" 200 11
61.165.42.208 - - [25/Apr/2021:10:48:45 +0800] "GET /favicon.ico HTTP/1.1" 404 -
61.165.42.208 - - [25/Apr/2021:10:48:45 +0800] "POST /xingrg/load_menu.html HTTP/1.1" 200 5138
114.88.167.174 - - [25/Apr/2021:10:48:46 +0800] "POST /xingrg/kc/buy/cgsh_order_operate.html HTTP/1.1" 200 8245
114.88.167.174 - - [25/Apr/2021:10:48:46 +0800] "GET /xingrg/javascript/easyui/themes/default/validatebox.css HTTP/1.1" 404 1104
61.165.42.208 - - [25/Apr/2021:10:48:47 +0800] "GET /xingrg/kc/buy/cgsh_order_list.html HTTP/1.1" 200 46548
61.165.42.208 - - [25/Apr/2021:10:48:49 +0800] "POST /xingrg/kc/buy/cgsh_list_operate.html HTTP/1.1" 200 5213
61.165.42.208 - - [25/Apr/2021:10:48:50 +0800] "GET /xingrg/all/function/internal_message.html?_=1619318912485&CODE_STATE=getMsg HTTP/1.1" 200 27
117.185.32.26 - - [25/Apr/2021:10:48:50 +0800] "GET /xingrg/kc/buy/cgsh_order_operate.html?command=get_materiel&rest_code=00106&code=00101001145&supplier_code=00100314&order_time=2021-04-25 HTTP/1.1" 200 415
180.161.124.236 - - [25/Apr/2021:10:48:51 +0800] "GET /xingrg/all/function/internal_message.html?_=1619319211275&CODE_STATE=getMsg HTTP/1.1" 200 27
61.165.42.208 - - [25/Apr/2021:10:48:52 +0800] "POST /xingrg/kc/buy/cgsh_list_operate.html HTTP/1.1" 200 560
61.165.42.208 - - [25/Apr/2021:10:48:52 +0800] "GET /xingrg/kc/buy/cgsh_order_info.html?code=212021042510593 HTTP/1.1" 200 62346
61.165.42.208 - - [25/Apr/2021:10:48:52 +0800] "GET /xingrg/all/common/auto_word.html?type=employee&rest_code=00105 HTTP/1.1" 200 193
61.165.42.208 - - [25/Apr/2021:10:48:52 +0800] "GET /xingrg/all/common/auto_word.html?type=employee&rest_code=00105 HTTP/1.1" 200 193
61.165.42.208 - - [25/Apr/2021:10:48:52 +0800] "GET /xingrg/javascript/easyui/themes/default/validatebox.css HTTP/1.1" 404 1104
180.162.112.86 - - [25/Apr/2021:10:48:52 +0800] "GET /xingrg/all/function/internal_message.html?_=1619318684209&CODE_STATE=getMsg HTTP/1.1" 200 27
61.165.42.208 - - [25/Apr/2021:10:48:53 +0800] "POST /xingrg/kc/buy/cgsh_order_operate.html HTTP/1.1" 200 7392
61.165.42.208 - - [25/Apr/2021:10:48:54 +0800] "GET /xingrg/kc/print/load_config.html?kc_code=cgsh HTTP/1.1" 200 1845
61.165.42.208 - - [25/Apr/2021:10:48:54 +0800] "GET /xingrg/kc/print/load_data.html?order_code=212021042510593&kc_code=cgsh&condition= HTTP/1.1" 200 2470
61.165.42.208 - - [25/Apr/2021:10:48:57 +0800] "GET /xingrg/kc/buy/cgsh_order_add.html HTTP/1.1" 200 62333
61.165.42.208 - - [25/Apr/2021:10:48:58 +0800] "POST /xingrg/kc/buy/cgsh_order_operate.html HTTP/1.1" 200 8245
61.165.42.208 - - [25/Apr/2021:10:48:58 +0800] "GET /xingrg/javascript/easyui/themes/default/validatebox.css HTTP/1.1" 404 1104
114.88.167.174 - - [25/Apr/2021:10:48:58 +0800] "GET /xingrg/kc/buy/cgsh_order_operate.html?command=get_materiel&rest_code=00111&code=00101007057&supplier_code=00100266&order_time=2021-04-25 HTTP/1.1" 200 413
117.185.32.26 - - [25/Apr/2021:10:49:00 +0800] "GET /xingrg/all/function/internal_message.html?_=1619318934347&CODE_STATE=getMsg HTTP/1.1" 200 27
117.185.32.26 - - [25/Apr/2021:10:49:00 +0800] "GET /xingrg/check_reg.html?_=1619318934345 HTTP/1.1" 200 22
180.169.147.146 - - [25/Apr/2021:10:49:03 +0800] "GET /xingrg/all/function/internal_message.html?_=1619318941300&CODE_STATE=getMsg HTTP/1.1" 200 27
180.169.147.146 - - [25/Apr/2021:10:49:04 +0800] "GET /xingrg/all/function/internal_message.html?_=1619318942067&CODE_STATE=getMsg HTTP/1.1" 200 27
116.230.114.112 - - [25/Apr/2021:10:49:04 +0800] "GET /xingrg/all/function/internal_message.html?_=1619318968249&CODE_STATE=getMsg HTTP/1.1" 200 27
58.40.7.146 - - [25/Apr/2021:10:49:06 +0800] "GET /xingrg/all/function/internal_message.html?_=1619318944800&CODE_STATE=getMsg HTTP/1.1" 200 27
180.169.147.146 - - [25/Apr/2021:10:49:08 +0800] "GET /xingrg/check_reg.html?_=1619318945880 HTTP/1.1" 200 22
180.169.147.146 - - [25/Apr/2021:10:49:08 +0800] "GET /xingrg/all/function/internal_message.html?_=1619318945886&CODE_STATE=getMsg HTTP/1.1" 200 27
117.185.32.26 - - [25/Apr/2021:10:49:10 +0800] "POST /xingrg/kc/buy/cgsh_order_operate.html HTTP/1.1" 200 37
58.40.7.146 - - [25/Apr/2021:10:49:11 +0800] "GET /xingrg/all/function/internal_message.html?_=1619318948970&CODE_STATE=getMsg HTTP/1.1" 200 27
180.169.147.146 - - [25/Apr/2021:10:49:11 +0800] "GET /xingrg/all/function/internal_message.html?_=1619318941881&CODE_STATE=getMsg HTTP/1.1" 200 27
114.86.187.76 - - [25/Apr/2021:10:49:12 +0800] "GET /xingrg/all/function/internal_message.html?_=1619318950819&CODE_STATE=getMsg HTTP/1.1" 200 27
114.88.167.174 - - [25/Apr/2021:10:49:13 +0800] "GET /xingrg/kc/buy/cgsh_order_operate.html?command=get_materiel&rest_code=00111&code=00101004069&supplier_code=00100266&order_time=2021-04-25 HTTP/1.1" 200 418
116.224.253.72 - - [25/Apr/2021:10:49:14 +0800] "GET /xingrg/all/function/internal_message.html?_=1619318952696&CODE_STATE=getMsg HTTP/1.1" 200 27
117.185.32.26 - - [25/Apr/2021:10:49:15 +0800] "POST /xingrg/kc/buy/cgsh_order_operate.html HTTP/1.1" 200 12
101.83.240.230 - - [25/Apr/2021:10:49:16 +0800] "GET /xingrg/all/function/internal_message.html?_=1619318954684&CODE_STATE=getMsg HTTP/1.1" 200 27
117.184.7.26 - - [25/Apr/2021:10:49:21 +0800] "GET /xingrg/all/function/internal_message.html?_=1619318950528&CODE_STATE=getMsg HTTP/1.1" 200 27
61.165.42.208 - - [25/Apr/2021:10:49:23 +0800] "GET /xingrg/javascript/auto/indicator.gif HTTP/1.1" 404 1066
117.185.32.26 - - [25/Apr/2021:10:49:25 +0800] "GET /xingrg/kc/buy/cgsh_order_info.html?code=212021042510625 HTTP/1.1" 200 57190
58.37.228.113 - - [25/Apr/2021:10:49:25 +0800] "GET /xingrg/all/function/internal_message.html?_=1619318938809&CODE_STATE=getMsg HTTP/1.1" 200 27
117.185.32.26 - - [25/Apr/2021:10:49:25 +0800] "GET /xingrg/javascript/easyui/themes/default/validatebox.css HTTP/1.1" 404 1104
114.88.167.174 - - [25/Apr/2021:10:49:25 +0800] "GET /xingrg/kc/buy/cgsh_order_operate.html?command=get_materiel&rest_code=00111&code=00101007073&supplier_code=00100266&order_time=2021-04-25 HTTP/1.1" 200 419
117.185.32.26 - - [25/Apr/2021:10:49:26 +0800] "POST /xingrg/kc/buy/cgsh_order_operate.html HTTP/1.1" 200 612
120.253.135.82 - - [25/Apr/2021:10:49:27 +0800] "GET /xingrg/all/function/internal_message.html?_=1619318744492&CODE_STATE=getMsg HTTP/1.1" 200 27
58.37.228.113 - - [25/Apr/2021:10:49:28 +0800] "GET /xingrg/all/function/internal_message.html?_=1619318967386&CODE_STATE=getMsg HTTP/1.1" 200 27
117.185.32.26 - - [25/Apr/2021:10:49:28 +0800] "GET /xingrg/kc/print/load_data.html?order_code=212021042510625&kc_code=cgsh&condition= HTTP/1.1" 200 702
116.230.114.112 - - [25/Apr/2021:10:49:33 +0800] "GET /xingrg/all/function/internal_message.html?_=1619318993296&CODE_STATE=getMsg HTTP/1.1" 302 -
117.185.32.26 - - [25/Apr/2021:10:49:34 +0800] "GET /xingrg/kc/buy/cgsh_order_add.html HTTP/1.1" 200 62286
117.185.32.26 - - [25/Apr/2021:10:49:34 +0800] "POST /xingrg/kc/buy/cgsh_order_operate.html HTTP/1.1" 200 8245
117.185.32.26 - - [25/Apr/2021:10:49:34 +0800] "GET /xingrg/javascript/easyui/themes/default/validatebox.css HTTP/1.1" 404 1104
117.185.32.26 - - [25/Apr/2021:10:49:34 +0800] "GET /xingrg/all/function/internal_message.html?_=1619319493286&CODE_STATE=getMsg HTTP/1.1" 200 27
116.233.79.102 - - [25/Apr/2021:10:49:35 +0800] "GET /xingrg/all/function/internal_message.html?_=1619318974191&CODE_STATE=getMsg HTTP/1.1" 200 27
116.230.110.80 - - [25/Apr/2021:10:49:36 +0800] "GET /xingrg/check_reg.html?_=1619318973825 HTTP/1.1" 200 22
116.230.110.80 - - [25/Apr/2021:10:49:36 +0800] "GET /xingrg/all/function/internal_message.html?_=1619318973826&CODE_STATE=getMsg HTTP/1.1" 200 27
117.185.32.26 - - [25/Apr/2021:10:49:37 +0800] "GET /xingrg/javascript/easyui/themes/default/tree.css HTTP/1.1" 404 1090
117.185.32.26 - - [25/Apr/2021:10:49:37 +0800] "POST /xingrg/all/common/load_tree.html?tree=supplier_tree_json&isDelete=1 HTTP/1.1" 200 55089
114.88.167.174 - - [25/Apr/2021:10:49:37 +0800] "GET /xingrg/check_reg.html?_=1619318971576 HTTP/1.1" 200 22
61.165.42.208 - - [25/Apr/2021:10:49:38 +0800] "GET /xingrg/kc/buy/cgsh_order_operate.html?command=get_materiel&rest_code=00105&code=00101006249&supplier_code=00100443&order_time=2021-04-25 HTTP/1.1" 200 405
114.88.167.174 - - [25/Apr/2021:10:49:42 +0800] "GET /xingrg/kc/buy/cgsh_order_operate.html?command=get_materiel&rest_code=00111&code=00101010080&supplier_code=00100266&order_time=2021-04-25 HTTP/1.1" 200 420
116.224.253.72 - - [25/Apr/2021:10:49:43 +0800] "GET /xingrg/all/function/internal_message.html?_=1619318988366&CODE_STATE=getMsg HTTP/1.1" 200 27
114.88.167.174 - - [25/Apr/2021:10:49:44 +0800] "GET /xingrg/all/function/internal_message.html?_=1619318978426&CODE_STATE=getMsg HTTP/1.1" 200 27
61.165.42.208 - - [25/Apr/2021:10:49:45 +0800] "GET /xingrg/all/function/internal_message.html?_=1619318983091&CODE_STATE=getMsg HTTP/1.1" 200 27
61.165.42.208 - - [25/Apr/2021:10:49:49 +0800] "POST /xingrg/kc/buy/cgsh_order_operate.html HTTP/1.1" 200 37
61.165.42.208 - - [25/Apr/2021:10:49:50 +0800] "GET /xingrg/all/function/internal_message.html?_=1619318972485&CODE_STATE=getMsg HTTP/1.1" 200 27
61.165.42.208 - - [25/Apr/2021:10:49:51 +0800] "POST /xingrg/kc/buy/cgsh_order_operate.html HTTP/1.1" 200 2665
180.161.124.236 - - [25/Apr/2021:10:49:52 +0800] "GET /xingrg/all/function/internal_message.html?_=1619319271296&CODE_STATE=getMsg HTTP/1.1" 200 27
61.165.42.208 - - [25/Apr/2021:10:49:52 +0800] "GET /xingrg/kc/print/load_data.html?order_code=212021042510626&kc_code=cgsh&condition= HTTP/1.1" 200 678
180.162.112.86 - - [25/Apr/2021:10:49:52 +0800] "GET /xingrg/all/function/internal_message.html?_=1619318744217&CODE_STATE=getMsg HTTP/1.1" 200 27
61.165.42.208 - - [25/Apr/2021:10:49:55 +0800] "GET /xingrg/kc/buy/cgsh_order_add.html HTTP/1.1" 200 62333
116.230.114.112 - - [25/Apr/2021:10:49:55 +0800] "GET /xingrg/check_reg.html?_=1619319019800 HTTP/1.1" 200 22
61.165.42.208 - - [25/Apr/2021:10:49:56 +0800] "GET /xingrg/javascript/easyui/themes/default/validatebox.css HTTP/1.1" 404 1104
61.165.42.208 - - [25/Apr/2021:10:49:56 +0800] "POST /xingrg/kc/buy/cgsh_order_operate.html HTTP/1.1" 200 8245
114.88.167.174 - - [25/Apr/2021:10:49:57 +0800] "GET /xingrg/kc/buy/cgsh_order_operate.html?command=get_materiel&rest_code=00111&code=00101006036&supplier_code=00100266&order_time=2021-04-25 HTTP/1.1" 200 416
117.185.32.26 - - [25/Apr/2021:10:50:00 +0800] "GET /xingrg/all/function/internal_message.html?_=1619318994345&CODE_STATE=getMsg HTTP/1.1" 200 27
180.169.147.146 - - [25/Apr/2021:10:50:03 +0800] "GET /xingrg/all/function/internal_message.html?_=1619319001329&CODE_STATE=getMsg HTTP/1.1" 200 27
180.169.147.146 - - [25/Apr/2021:10:50:04 +0800] "GET /xingrg/all/function/internal_message.html?_=1619319002077&CODE_STATE=getMsg HTTP/1.1" 200 27
116.230.114.112 - - [25/Apr/2021:10:50:04 +0800] "GET /xingrg/all/function/internal_message.html?_=1619319028251&CODE_STATE=getMsg HTTP/1.1" 200 27
114.88.167.174 - - [25/Apr/2021:10:50:05 +0800] "GET /xingrg/kc/buy/cgsh_order_operate.html?command=get_materiel&rest_code=00111&code=00101006061&supplier_code=00100266&order_time=2021-04-25 HTTP/1.1" 200 409
117.185.32.26 - - [25/Apr/2021:10:50:05 +0800] "GET /xingrg/kc/buy/cgsh_order_operate.html?command=get_materiel&rest_code=00106&code=00101010282&supplier_code=00100324&order_time=2021-04-25 HTTP/1.1" 200 415
58.40.7.146 - - [25/Apr/2021:10:50:06 +0800] "GET /xingrg/all/function/internal_message.html?_=1619319004803&CODE_STATE=getMsg HTTP/1.1" 200 27
180.169.147.146 - - [25/Apr/2021:10:50:08 +0800] "GET /xingrg/all/function/internal_message.html?_=1619319005871&CODE_STATE=getMsg HTTP/1.1" 200 27
61.165.42.208 - - [25/Apr/2021:10:50:08 +0800] "GET /xingrg/kc/buy/cgsh_order_operate.html?command=get_materiel&rest_code=00105&code=00101010637&supplier_code=00100411&order_time=2021-04-25 HTTP/1.1" 200 404
58.40.7.146 - - [25/Apr/2021:10:50:11 +0800] "GET /xingrg/all/function/internal_message.html?_=1619319008974&CODE_STATE=getMsg HTTP/1.1" 200 27
58.40.7.146 - - [25/Apr/2021:10:50:11 +0800] "GET /xingrg/check_reg.html?_=1619319008975 HTTP/1.1" 200 22
180.169.147.146 - - [25/Apr/2021:10:50:11 +0800] "GET /xingrg/all/function/internal_message.html?_=1619319001909&CODE_STATE=getMsg HTTP/1.1" 200 27
114.86.187.76 - - [25/Apr/2021:10:50:12 +0800] "GET /xingrg/all/function/internal_message.html?_=1619319010839&CODE_STATE=getMsg HTTP/1.1" 200 27
114.88.167.174 - - [25/Apr/2021:10:50:13 +0800] "GET /xingrg/kc/buy/cgsh_order_operate.html?command=get_materiel&rest_code=00111&code=00101006047&supplier_code=00100266&order_time=2021-04-25 HTTP/1.1" 200 432
116.224.253.72 - - [25/Apr/2021:10:50:14 +0800] "GET /xingrg/check_reg.html?_=1619319012710 HTTP/1.1" 200 22
116.224.253.72 - - [25/Apr/2021:10:50:14 +0800] "GET /xingrg/all/function/internal_message.html?_=1619319012717&CODE_STATE=getMsg HTTP/1.1" 200 27
101.83.240.230 - - [25/Apr/2021:10:50:16 +0800] "GET /xingrg/all/function/internal_message.html?_=1619319014659&CODE_STATE=getMsg HTTP/1.1" 200 27
61.165.42.208 - - [25/Apr/2021:10:50:16 +0800] "POST /xingrg/kc/buy/cgsh_order_operate.html HTTP/1.1" 200 37
117.184.7.26 - - [25/Apr/2021:10:50:21 +0800] "GET /xingrg/all/function/internal_message.html?_=1619319010514&CODE_STATE=getMsg HTTP/1.1" 200 27
61.165.42.208 - - [25/Apr/2021:10:50:24 +0800] "POST /xingrg/kc/buy/cgsh_order_operate.html HTTP/1.1" 200 2661
58.37.228.113 - - [25/Apr/2021:10:50:25 +0800] "GET /xingrg/check_reg.html?_=1619318998801 HTTP/1.1" 200 22
58.37.228.113 - - [25/Apr/2021:10:50:25 +0800] "GET /xingrg/all/function/internal_message.html?_=1619318998803&CODE_STATE=getMsg HTTP/1.1" 200 27
61.165.42.208 - - [25/Apr/2021:10:50:25 +0800] "GET /xingrg/kc/print/load_data.html?order_code=212021042510627&kc_code=cgsh&condition= HTTP/1.1" 200 664
120.253.135.82 - - [25/Apr/2021:10:50:27 +0800] "GET /xingrg/all/function/internal_message.html?_=1619318804614&CODE_STATE=getMsg HTTP/1.1" 200 27
58.37.228.113 - - [25/Apr/2021:10:50:28 +0800] "GET /xingrg/all/function/internal_message.html?_=1619319027392&CODE_STATE=getMsg HTTP/1.1" 200 27
61.165.42.208 - - [25/Apr/2021:10:50:29 +0800] "GET /xingrg/kc/buy/cgsh_order_add.html HTTP/1.1" 200 62333
61.165.42.208 - - [25/Apr/2021:10:50:29 +0800] "GET /xingrg/javascript/easyui/themes/default/validatebox.css HTTP/1.1" 404 1104
61.165.42.208 - - [25/Apr/2021:10:50:29 +0800] "POST /xingrg/kc/buy/cgsh_order_operate.html HTTP/1.1" 200 8245
61.129.6.151 - - [25/Apr/2021:10:50:30 +0800] "GET /xingrg/all/function/internal_message.html?_=1619318967386&CODE_STATE=getMsg HTTP/1.1" 302 -
61.129.6.151 - - [25/Apr/2021:10:50:32 +0800] "GET /xingrg/login.html HTTP/1.1" 200 7641
116.230.114.112 - - [25/Apr/2021:10:50:33 +0800] "GET /xingrg/all/function/internal_message.html?_=1619319053320&CODE_STATE=getMsg HTTP/1.1" 302 -
117.185.32.26 - - [25/Apr/2021:10:50:34 +0800] "GET /xingrg/all/function/internal_message.html?_=1619319553263&CODE_STATE=getMsg HTTP/1.1" 200 27
116.233.79.102 - - [25/Apr/2021:10:50:35 +0800] "GET /xingrg/all/function/internal_message.html?_=1619319034197&CODE_STATE=getMsg HTTP/1.1" 200 27
116.230.110.80 - - [25/Apr/2021:10:50:36 +0800] "GET /xingrg/all/function/internal_message.html?_=1619319033829&CODE_STATE=getMsg HTTP/1.1" 200 27
61.165.42.208 - - [25/Apr/2021:10:50:40 +0800] "GET /xingrg/kc/buy/cgsh_order_operate.html?command=get_materiel&rest_code=00105&code=00101010120&supplier_code=00100329&order_time=2021-04-25 HTTP/1.1" 200 415
116.224.253.72 - - [25/Apr/2021:10:50:43 +0800] "GET /xingrg/all/function/internal_message.html?_=1619319048379&CODE_STATE=getMsg HTTP/1.1" 200 27
114.88.167.174 - - [25/Apr/2021:10:50:44 +0800] "GET /xingrg/all/function/internal_message.html?_=1619319038439&CODE_STATE=getMsg HTTP/1.1" 200 27
61.165.42.208 - - [25/Apr/2021:10:50:45 +0800] "GET /xingrg/all/function/internal_message.html?_=1619319043106&CODE_STATE=getMsg HTTP/1.1" 200 27
114.88.167.174 - - [25/Apr/2021:10:50:46 +0800] "POST /xingrg/kc/buy/cgsh_order_operate.html HTTP/1.1" 200 37
117.185.32.26 - - [25/Apr/2021:10:50:46 +0800] "POST /xingrg/kc/buy/cgsh_order_operate.html HTTP/1.1" 200 88
116.230.114.112 - - [25/Apr/2021:10:50:47 +0800] "GET /xingrg/kc/buy/cgsh_order_operate.html?command=get_materiel&rest_code=00146&code=00101009024&supplier_code=00100023&order_time=2021-04-25 HTTP/1.1" 200 426
114.88.167.174 - - [25/Apr/2021:10:50:48 +0800] "POST /xingrg/kc/buy/cgsh_order_operate.html HTTP/1.1" 200 5632
61.165.42.208 - - [25/Apr/2021:10:50:50 +0800] "GET /xingrg/all/function/internal_message.html?_=1619319032486&CODE_STATE=getMsg HTTP/1.1" 200 27
61.165.42.208 - - [25/Apr/2021:10:50:50 +0800] "GET /xingrg/check_reg.html?_=1619319032489 HTTP/1.1" 200 22
180.161.124.236 - - [25/Apr/2021:10:50:51 +0800] "GET /xingrg/check_reg.html?_=1619319330970 HTTP/1.1" 200 22
180.161.124.236 - - [25/Apr/2021:10:50:51 +0800] "GET /xingrg/all/function/internal_message.html?_=1619319331297&CODE_STATE=getMsg HTTP/1.1" 200 27
180.162.112.86 - - [25/Apr/2021:10:50:53 +0800] "GET /xingrg/all/function/internal_message.html?_=1619318804216&CODE_STATE=getMsg HTTP/1.1" 200 27
180.162.112.86 - - [25/Apr/2021:10:50:53 +0800] "GET /xingrg/check_reg.html?_=1619318804219 HTTP/1.1" 200 22
61.165.42.208 - - [25/Apr/2021:10:50:53 +0800] "POST /xingrg/kc/buy/cgsh_order_operate.html HTTP/1.1" 200 37
114.88.167.174 - - [25/Apr/2021:10:50:53 +0800] "GET /xingrg/kc/print/load_data.html?order_code=212021042510628&kc_code=cgsh&condition= HTTP/1.1" 200 1813
117.185.32.26 - - [25/Apr/2021:10:50:53 +0800] "POST /xingrg/kc/buy/cgsh_order_operate.html HTTP/1.1" 200 88
61.165.42.208 - - [25/Apr/2021:10:50:57 +0800] "POST /xingrg/kc/buy/cgsh_order_operate.html HTTP/1.1" 200 2659
61.165.42.208 - - [25/Apr/2021:10:50:59 +0800] "GET /xingrg/kc/print/load_data.html?order_code=212021042510630&kc_code=cgsh&condition= HTTP/1.1" 200 676
117.185.32.26 - - [25/Apr/2021:10:51:00 +0800] "GET /xingrg/all/function/internal_message.html?_=1619319054345&CODE_STATE=getMsg HTTP/1.1" 200 27
117.185.32.26 - - [25/Apr/2021:10:51:00 +0800] "POST /xingrg/kc/buy/cgsh_order_operate.html HTTP/1.1" 200 37
114.88.167.174 - - [25/Apr/2021:10:51:01 +0800] "GET /xingrg/kc/buy/cgsh_order_add.html HTTP/1.1" 200 62286
61.165.42.208 - - [25/Apr/2021:10:51:02 +0800] "GET /xingrg/kc/buy/cgsh_order_add.html HTTP/1.1" 200 62333
61.165.42.208 - - [25/Apr/2021:10:51:02 +0800] "GET /xingrg/words/20210425093436_words.js HTTP/1.1" 304 -
114.88.167.174 - - [25/Apr/2021:10:51:02 +0800] "POST /xingrg/kc/buy/cgsh_order_operate.html HTTP/1.1" 200 8245
61.165.42.208 - - [25/Apr/2021:10:51:02 +0800] "GET /xingrg/javascript/easyui/themes/default/validatebox.css HTTP/1.1" 404 1104
61.165.42.208 - - [25/Apr/2021:10:51:02 +0800] "POST /xingrg/kc/buy/cgsh_order_operate.html HTTP/1.1" 200 8245
114.88.167.174 - - [25/Apr/2021:10:51:02 +0800] "GET /xingrg/javascript/easyui/themes/default/validatebox.css HTTP/1.1" 404 1104
180.169.147.146 - - [25/Apr/2021:10:51:03 +0800] "GET /xingrg/check_reg.html?_=1619319061330 HTTP/1.1" 200 22
180.169.147.146 - - [25/Apr/2021:10:51:03 +0800] "GET /xingrg/all/function/internal_message.html?_=1619319061335&CODE_STATE=getMsg HTTP/1.1" 200 27
117.185.32.26 - - [25/Apr/2021:10:51:03 +0800] "POST /xingrg/kc/buy/cgsh_order_operate.html HTTP/1.1" 200 12
180.169.147.146 - - [25/Apr/2021:10:51:04 +0800] "GET /xingrg/all/function/internal_message.html?_=1619319062073&CODE_STATE=getMsg HTTP/1.1" 200 27
117.185.32.26 - - [25/Apr/2021:10:51:04 +0800] "GET /xingrg/kc/buy/cgsh_order_info.html?code=212021042510632 HTTP/1.1" 200 57192
117.185.32.26 - - [25/Apr/2021:10:51:04 +0800] "GET /xingrg/javascript/easyui/themes/default/validatebox.css HTTP/1.1" 404 1104
116.230.114.112 - - [25/Apr/2021:10:51:04 +0800] "GET /xingrg/all/function/internal_message.html?_=1619319088583&CODE_STATE=getMsg HTTP/1.1" 200 27
117.185.32.26 - - [25/Apr/2021:10:51:05 +0800] "POST /xingrg/kc/buy/cgsh_order_operate.html HTTP/1.1" 200 611
58.40.7.146 - - [25/Apr/2021:10:51:06 +0800] "GET /xingrg/all/function/internal_message.html?_=1619319064806&CODE_STATE=getMsg HTTP/1.1" 200 27
117.185.32.26 - - [25/Apr/2021:10:51:07 +0800] "GET /xingrg/kc/print/load_data.html?order_code=212021042510632&kc_code=cgsh&condition= HTTP/1.1" 200 709
180.169.147.146 - - [25/Apr/2021:10:51:08 +0800] "GET /xingrg/all/function/internal_message.html?_=1619319065872&CODE_STATE=getMsg HTTP/1.1" 200 27
58.40.7.146 - - [25/Apr/2021:10:51:11 +0800] "GET /xingrg/all/function/internal_message.html?_=1619319068977&CODE_STATE=getMsg HTTP/1.1" 200 27
180.169.147.146 - - [25/Apr/2021:10:51:11 +0800] "GET /xingrg/all/function/internal_message.html?_=1619319061908&CODE_STATE=getMsg HTTP/1.1" 200 27
61.165.42.208 - - [25/Apr/2021:10:51:12 +0800] "GET /xingrg/kc/buy/cgsh_order_operate.html?command=get_materiel&rest_code=00105&code=00101004038&supplier_code=00100347&order_time=2021-04-25 HTTP/1.1" 200 430
114.86.187.76 - - [25/Apr/2021:10:51:12 +0800] "GET /xingrg/all/function/internal_message.html?_=1619319070845&CODE_STATE=getMsg HTTP/1.1" 200 27
117.185.32.26 - - [25/Apr/2021:10:51:13 +0800] "GET /xingrg/kc/buy/cgsh_order_add.html HTTP/1.1" 200 62286
116.224.253.72 - - [25/Apr/2021:10:51:14 +0800] "GET /xingrg/all/function/internal_message.html?_=1619319072710&CODE_STATE=getMsg HTTP/1.1" 200 27
116.230.114.112 - - [25/Apr/2021:10:51:14 +0800] "GET /xingrg/kc/buy/cgsh_order_operate.html?command=get_materiel&rest_code=00146&code=00101009050&supplier_code=00100023&order_time=2021-04-25 HTTP/1.1" 200 408
117.185.32.26 - - [25/Apr/2021:10:51:14 +0800] "POST /xingrg/kc/buy/cgsh_order_operate.html HTTP/1.1" 200 8245
117.185.32.26 - - [25/Apr/2021:10:51:14 +0800] "GET /xingrg/javascript/easyui/themes/default/validatebox.css HTTP/1.1" 404 1104
117.185.32.26 - - [25/Apr/2021:10:51:16 +0800] "GET /xingrg/javascript/easyui/themes/default/tree.css HTTP/1.1" 404 1090
117.185.32.26 - - [25/Apr/2021:10:51:16 +0800] "POST /xingrg/all/common/load_tree.html?tree=supplier_tree_json&isDelete=1 HTTP/1.1" 200 55089
101.83.240.230 - - [25/Apr/2021:10:51:16 +0800] "GET /xingrg/all/function/internal_message.html?_=1619319074629&CODE_STATE=getMsg HTTP/1.1" 200 27
117.184.7.26 - - [25/Apr/2021:10:51:21 +0800] "GET /xingrg/all/function/internal_message.html?_=1619319070499&CODE_STATE=getMsg HTTP/1.1" 200 27
61.165.42.208 - - [25/Apr/2021:10:51:23 +0800] "GET /xingrg/kc/buy/cgsh_order_operate.html?command=get_materiel&rest_code=00105&code=00101005022&supplier_code=00100347&order_time=2021-04-25 HTTP/1.1" 200 417
58.37.228.113 - - [25/Apr/2021:10:51:25 +0800] "GET /xingrg/all/function/internal_message.html?_=1619319058810&CODE_STATE=getMsg HTTP/1.1" 200 27
120.253.135.82 - - [25/Apr/2021:10:51:27 +0800] "GET /xingrg/all/function/internal_message.html?_=1619318864674&CODE_STATE=getMsg HTTP/1.1" 200 27
58.37.228.113 - - [25/Apr/2021:10:51:28 +0800] "GET /xingrg/all/function/internal_message.html?_=1619319087394&CODE_STATE=getMsg HTTP/1.1" 200 27
180.97.118.223 - - [25/Apr/2021:10:51:31 +0800] "GET /xingrg/all/function/internal_message.html?_=1619319027392&CODE_STATE=getMsg HTTP/1.1" 302 -
116.230.114.112 - - [25/Apr/2021:10:51:33 +0800] "GET /xingrg/all/function/internal_message.html?_=1619319113323&CODE_STATE=getMsg HTTP/1.1" 302 -
180.97.118.223 - - [25/Apr/2021:10:51:33 +0800] "GET /xingrg/login.html HTTP/1.1" 200 7641
117.185.32.26 - - [25/Apr/2021:10:51:34 +0800] "GET /xingrg/all/function/internal_message.html?_=1619319613244&CODE_STATE=getMsg HTTP/1.1" 200 27
117.185.32.26 - - [25/Apr/2021:10:51:35 +0800] "GET /xingrg/check_reg.html?_=1619319613490 HTTP/1.1" 200 22
116.233.79.102 - - [25/Apr/2021:10:51:35 +0800] "GET /xingrg/all/function/internal_message.html?_=1619319094196&CODE_STATE=getMsg HTTP/1.1" 200 27
116.233.79.102 - - [25/Apr/2021:10:51:35 +0800] "GET /xingrg/check_reg.html?_=1619319094199 HTTP/1.1" 200 22
116.230.110.80 - - [25/Apr/2021:10:51:36 +0800] "GET /xingrg/all/function/internal_message.html?_=1619319093814&CODE_STATE=getMsg HTTP/1.1" 200 27
61.165.42.208 - - [25/Apr/2021:10:51:41 +0800] "GET /xingrg/kc/buy/cgsh_order_operate.html?command=get_materiel&rest_code=00105&code=00101006266&supplier_code=00100347&order_time=2021-04-25 HTTP/1.1" 200 408
61.165.42.208 - - [25/Apr/2021:10:51:42 +0800] "POST /xingrg/all/common/load_select.html HTTP/1.1" 200 25
116.224.253.72 - - [25/Apr/2021:10:51:43 +0800] "GET /xingrg/all/function/internal_message.html?_=1619319108408&CODE_STATE=getMsg HTTP/1.1" 200 27
114.88.167.174 - - [25/Apr/2021:10:51:44 +0800] "GET /xingrg/all/function/internal_message.html?_=1619319098454&CODE_STATE=getMsg HTTP/1.1" 200 27
61.165.42.208 - - [25/Apr/2021:10:51:45 +0800] "GET /xingrg/all/function/internal_message.html?_=1619319103116&CODE_STATE=getMsg HTTP/1.1" 200 27
61.165.42.208 - - [25/Apr/2021:10:51:45 +0800] "GET /xingrg/kc/buy/cgsh_order_operate.html?command=get_materiel_price&rest_code=00105&code=00101006266&unit_code=00100579&supplier_code=00100347&order_time=2021-04-25 HTTP/1.1" 200 30
116.230.114.112 - - [25/Apr/2021:10:51:46 +0800] "GET /xingrg/kc/buy/cgsh_order_operate.html?command=get_materiel&rest_code=00146&code=00101009062&supplier_code=00100023&order_time=2021-04-25 HTTP/1.1" 200 412
180.169.147.146 - - [25/Apr/2021:10:51:48 +0800] "GET /favicon.ico HTTP/1.1" 404 -
117.185.32.26 - - [25/Apr/2021:10:51:49 +0800] "GET /xingrg/kc/buy/cgsh_order_operate.html?command=get_materiel&rest_code=00106&code=00101007032&supplier_code=00100328&order_time=2021-04-25 HTTP/1.1" 200 432
61.165.42.208 - - [25/Apr/2021:10:51:50 +0800] "GET /xingrg/all/function/internal_message.html?_=1619319092489&CODE_STATE=getMsg HTTP/1.1" 200 27
