116.230.110.80 - - [25/Apr/2021:08:16:07 +0800] "GET /xingrg/kc/buy/cgsh_order_operate.html?command=get_materiel&rest_code=00155&code=00101007077&supplier_code=00100002&order_time=2021-04-25 HTTP/1.1" 200 415
116.230.110.80 - - [25/Apr/2021:08:16:08 +0800] "GET /xingrg/all/function/internal_message.html?_=1619309765236&CODE_STATE=getMsg HTTP/1.1" 200 27
58.40.7.146 - - [25/Apr/2021:08:16:10 +0800] "GET /xingrg/all/function/internal_message.html?_=1619309768845&CODE_STATE=getMsg HTTP/1.1" 200 27
116.230.110.80 - - [25/Apr/2021:08:16:16 +0800] "POST /xingrg/kc/buy/cgsh_order_operate.html HTTP/1.1" 200 37
116.230.110.80 - - [25/Apr/2021:08:16:17 +0800] "POST /xingrg/kc/buy/cgsh_order_operate.html HTTP/1.1" 200 5618
116.230.110.80 - - [25/Apr/2021:08:16:18 +0800] "GET /xingrg/kc/print/load_config.html?kc_code=cgsh HTTP/1.1" 200 1845
116.230.110.80 - - [25/Apr/2021:08:16:18 +0800] "GET /xingrg/kc/print/load_data.html?order_code=212021042510525&kc_code=cgsh&condition= HTTP/1.1" 200 1884
58.37.228.113 - - [25/Apr/2021:08:16:25 +0800] "GET /xingrg/all/function/internal_message.html?_=1619309758601&CODE_STATE=getMsg HTTP/1.1" 200 27
116.230.110.80 - - [25/Apr/2021:08:16:26 +0800] "GET /xingrg/kc/print/load_data.html?order_code=212021042510525&kc_code=cgsh HTTP/1.1" 200 1884
58.37.228.113 - - [25/Apr/2021:08:16:28 +0800] "GET /xingrg/all/function/internal_message.html?_=1619309786993&CODE_STATE=getMsg HTTP/1.1" 200 27
116.230.114.112 - - [25/Apr/2021:08:16:31 +0800] "GET /xingrg/all/function/internal_message.html?_=1619309811227&CODE_STATE=getMsg HTTP/1.1" 302 -
116.224.253.72 - - [25/Apr/2021:08:16:40 +0800] "GET /xingrg/all/function/internal_message.html?_=1619309805365&CODE_STATE=getMsg HTTP/1.1" 200 27
120.253.135.82 - - [25/Apr/2021:08:16:42 +0800] "GET /xingrg/all/function/internal_message.html?_=1619309579729&CODE_STATE=getMsg HTTP/1.1" 200 27
116.230.110.80 - - [25/Apr/2021:08:16:44 +0800] "GET /xingrg/kc/buy/cgsh_order_add.html HTTP/1.1" 200 62254
116.230.110.80 - - [25/Apr/2021:08:16:44 +0800] "POST /xingrg/kc/buy/cgsh_order_operate.html HTTP/1.1" 200 8245
116.230.110.80 - - [25/Apr/2021:08:16:44 +0800] "GET /xingrg/javascript/easyui/themes/default/validatebox.css HTTP/1.1" 404 1104
116.230.114.112 - - [25/Apr/2021:08:16:52 +0800] "GET /xingrg/all/function/internal_message.html?_=1619309835830&CODE_STATE=getMsg HTTP/1.1" 200 27
116.230.110.80 - - [25/Apr/2021:08:16:53 +0800] "GET /xingrg/kc/buy/cgsh_order_operate.html?command=get_materiel&rest_code=00155&code=00101002041&supplier_code=00100199&order_time=2021-04-25 HTTP/1.1" 200 409
116.230.110.80 - - [25/Apr/2021:08:17:00 +0800] "GET /xingrg/kc/buy/cgsh_order_operate.html?command=get_materiel&rest_code=00155&code=00101002022&supplier_code=00100199&order_time=2021-04-25 HTTP/1.1" 200 429
116.230.114.112 - - [25/Apr/2021:08:17:03 +0800] "GET /xingrg/check_reg.html?_=1619309842640 HTTP/1.1" 302 -
101.93.222.235 - - [25/Apr/2021:08:17:05 +0800] "POST /xingrg/services/DataTransmitService HTTP/1.1" 200 524
58.40.7.146 - - [25/Apr/2021:08:17:06 +0800] "GET /xingrg/all/function/internal_message.html?_=1619309824682&CODE_STATE=getMsg HTTP/1.1" 200 27
58.40.7.146 - - [25/Apr/2021:08:17:06 +0800] "GET /xingrg/check_reg.html?_=1619309824684 HTTP/1.1" 200 22
101.93.222.235 - - [25/Apr/2021:08:17:06 +0800] "POST /xingrg/services/DataTransmitService HTTP/1.1" 200 501
116.230.110.80 - - [25/Apr/2021:08:17:08 +0800] "GET /xingrg/all/function/internal_message.html?_=1619309825226&CODE_STATE=getMsg HTTP/1.1" 200 27
116.230.110.80 - - [25/Apr/2021:08:17:09 +0800] "GET /xingrg/kc/buy/cgsh_order_operate.html?command=get_materiel&rest_code=00155&code=00101002064&supplier_code=00100199&order_time=2021-04-25 HTTP/1.1" 200 401
58.40.7.146 - - [25/Apr/2021:08:17:10 +0800] "GET /xingrg/all/function/internal_message.html?_=1619309828849&CODE_STATE=getMsg HTTP/1.1" 200 27
116.230.110.80 - - [25/Apr/2021:08:17:17 +0800] "GET /xingrg/kc/buy/cgsh_order_operate.html?command=get_materiel&rest_code=00155&code=00101010161&supplier_code=00100199&order_time=2021-04-25 HTTP/1.1" 200 409
116.230.110.80 - - [25/Apr/2021:08:17:22 +0800] "POST /xingrg/kc/buy/cgsh_order_operate.html HTTP/1.1" 200 37
116.230.110.80 - - [25/Apr/2021:08:17:23 +0800] "POST /xingrg/kc/buy/cgsh_order_operate.html HTTP/1.1" 200 3835
116.230.110.80 - - [25/Apr/2021:08:17:24 +0800] "GET /xingrg/kc/print/load_data.html?order_code=212021042510526&kc_code=cgsh&condition= HTTP/1.1" 200 1120
58.37.228.113 - - [25/Apr/2021:08:17:25 +0800] "GET /xingrg/all/function/internal_message.html?_=1619309818609&CODE_STATE=getMsg HTTP/1.1" 200 27
58.37.228.113 - - [25/Apr/2021:08:17:28 +0800] "GET /xingrg/all/function/internal_message.html?_=1619309846995&CODE_STATE=getMsg HTTP/1.1" 200 27
58.37.228.113 - - [25/Apr/2021:08:17:28 +0800] "GET /xingrg/check_reg.html?_=1619309846996 HTTP/1.1" 200 22
101.89.239.245 - - [25/Apr/2021:08:17:28 +0800] "GET /xingrg/all/function/internal_message.html?_=1619309786993&CODE_STATE=getMsg HTTP/1.1" 302 -
101.89.239.245 - - [25/Apr/2021:08:17:28 +0800] "GET /xingrg/login.html HTTP/1.1" 200 7641
116.224.253.72 - - [25/Apr/2021:08:17:29 +0800] "GET /xingrg/check_reg.html?_=1619309853929 HTTP/1.1" 200 22
116.230.114.112 - - [25/Apr/2021:08:17:31 +0800] "GET /xingrg/all/function/internal_message.html?_=1619309871231&CODE_STATE=getMsg HTTP/1.1" 302 -
116.224.253.72 - - [25/Apr/2021:08:17:40 +0800] "GET /xingrg/all/function/internal_message.html?_=1619309865381&CODE_STATE=getMsg HTTP/1.1" 200 27
120.253.135.82 - - [25/Apr/2021:08:17:42 +0800] "GET /xingrg/all/function/internal_message.html?_=1619309640053&CODE_STATE=getMsg HTTP/1.1" 200 27
116.230.114.112 - - [25/Apr/2021:08:17:52 +0800] "GET /xingrg/all/function/internal_message.html?_=1619309896010&CODE_STATE=getMsg HTTP/1.1" 200 27
120.253.135.82 - - [25/Apr/2021:08:18:05 +0800] "GET /xingrg/kc/pszx/mdqp_order_list.html?state=10 HTTP/1.1" 200 10171
120.253.135.82 - - [25/Apr/2021:08:18:05 +0800] "GET /xingrg/dwr/interface/AjaxReportQueryService.js HTTP/1.1" 200 13203
120.253.135.82 - - [25/Apr/2021:08:18:05 +0800] "GET /xingrg/dwr/engine.js HTTP/1.1" 200 43631
120.253.135.82 - - [25/Apr/2021:08:18:06 +0800] "GET /xingrg/dwr/interface/AjaxQqpsService.js HTTP/1.1" 200 16326
58.40.7.146 - - [25/Apr/2021:08:18:06 +0800] "GET /xingrg/all/function/internal_message.html?_=1619309884684&CODE_STATE=getMsg HTTP/1.1" 200 27
116.230.110.80 - - [25/Apr/2021:08:18:08 +0800] "GET /xingrg/all/function/internal_message.html?_=1619309885197&CODE_STATE=getMsg HTTP/1.1" 200 27
120.253.135.82 - - [25/Apr/2021:08:18:08 +0800] "GET /xingrg/kc/report/report_main.html HTTP/1.1" 200 9370
120.253.135.82 - - [25/Apr/2021:08:18:10 +0800] "GET /xingrg/kc/base/kc_stocks.html HTTP/1.1" 200 16380
120.253.135.82 - - [25/Apr/2021:08:18:10 +0800] "GET /xingrg/javascript/easyui/themes/default/tree.css HTTP/1.1" 404 1090
120.253.135.82 - - [25/Apr/2021:08:18:10 +0800] "POST /xingrg/all/common/load_tree.html?tree=materiel_sort_tree_json HTTP/1.1" 200 8666
58.40.7.146 - - [25/Apr/2021:08:18:10 +0800] "GET /xingrg/all/function/internal_message.html?_=1619309888853&CODE_STATE=getMsg HTTP/1.1" 200 27
120.253.135.82 - - [25/Apr/2021:08:18:11 +0800] "POST /xingrg/all/common/load_combo.html?type=base HTTP/1.1" 200 1075
120.253.135.82 - - [25/Apr/2021:08:18:19 +0800] "POST /xingrg/kc/base/stock_operate.html HTTP/1.1" 200 1470
58.37.228.113 - - [25/Apr/2021:08:18:25 +0800] "GET /xingrg/all/function/internal_message.html?_=1619309878606&CODE_STATE=getMsg HTTP/1.1" 200 27
58.37.228.113 - - [25/Apr/2021:08:18:28 +0800] "GET /xingrg/all/function/internal_message.html?_=1619309907000&CODE_STATE=getMsg HTTP/1.1" 200 27
101.89.239.238 - - [25/Apr/2021:08:18:28 +0800] "GET /xingrg/check_reg.html?_=1619309846996 HTTP/1.1" 302 -
101.89.239.238 - - [25/Apr/2021:08:18:28 +0800] "GET /xingrg/login.html HTTP/1.1" 200 7641
116.230.114.112 - - [25/Apr/2021:08:18:31 +0800] "GET /xingrg/all/function/internal_message.html?_=1619309931255&CODE_STATE=getMsg HTTP/1.1" 302 -
120.253.135.82 - - [25/Apr/2021:08:18:40 +0800] "GET /xingrg/javascript/easyui/themes/sunny/images/ui-bg_gloss-wave_70_ffdd57_500x100.png HTTP/1.1" 200 3830
116.224.253.72 - - [25/Apr/2021:08:18:40 +0800] "GET /xingrg/all/function/internal_message.html?_=1619309925394&CODE_STATE=getMsg HTTP/1.1" 200 27
120.253.135.82 - - [25/Apr/2021:08:18:42 +0800] "GET /xingrg/all/function/internal_message.html?_=1619309700068&CODE_STATE=getMsg HTTP/1.1" 200 27
120.253.135.82 - - [25/Apr/2021:08:18:44 +0800] "GET /xingrg/kc/pszx/mdqp_order_list.html?state=10 HTTP/1.1" 200 10171
120.253.135.82 - - [25/Apr/2021:08:18:44 +0800] "GET /xingrg/dwr/interface/AjaxReportQueryService.js HTTP/1.1" 200 13203
120.253.135.82 - - [25/Apr/2021:08:18:44 +0800] "GET /xingrg/dwr/interface/AjaxQqpsService.js HTTP/1.1" 200 16326
120.253.135.82 - - [25/Apr/2021:08:18:44 +0800] "GET /xingrg/dwr/engine.js HTTP/1.1" 200 43631
120.253.135.82 - - [25/Apr/2021:08:18:49 +0800] "GET /xingrg/kc/pszx/mdqp_order_list.html?state=10 HTTP/1.1" 200 10171
120.253.135.82 - - [25/Apr/2021:08:18:49 +0800] "GET /xingrg/dwr/interface/AjaxReportQueryService.js HTTP/1.1" 200 13203
120.253.135.82 - - [25/Apr/2021:08:18:49 +0800] "GET /xingrg/dwr/interface/AjaxQqpsService.js HTTP/1.1" 200 16326
120.253.135.82 - - [25/Apr/2021:08:18:49 +0800] "GET /xingrg/dwr/engine.js HTTP/1.1" 200 43631
116.230.114.112 - - [25/Apr/2021:08:18:52 +0800] "GET /xingrg/all/function/internal_message.html?_=1619309956014&CODE_STATE=getMsg HTTP/1.1" 200 27
120.253.135.82 - - [25/Apr/2021:08:18:55 +0800] "GET /xingrg/kc/pszx/mdps_order_list.html?orderType=0 HTTP/1.1" 200 21197
120.253.135.82 - - [25/Apr/2021:08:18:56 +0800] "POST /xingrg/kc/pszx/mdps_list_operate.html HTTP/1.1" 200 5252
120.253.135.82 - - [25/Apr/2021:08:19:01 +0800] "POST /xingrg/kc/pszx/mdps_list_operate.html HTTP/1.1" 200 4220
120.253.135.82 - - [25/Apr/2021:08:19:03 +0800] "POST /xingrg/kc/pszx/mdps_list_operate.html HTTP/1.1" 200 609
120.253.135.82 - - [25/Apr/2021:08:19:04 +0800] "GET /xingrg/kc/pszx/mdps_order_info.html?code=312021042500643 HTTP/1.1" 200 23925
120.253.135.82 - - [25/Apr/2021:08:19:04 +0800] "GET /xingrg/javascript/easyui/themes/default/validatebox.css HTTP/1.1" 404 1104
120.253.135.82 - - [25/Apr/2021:08:19:05 +0800] "POST /xingrg/kc/pszx/mdps_order_operate.html HTTP/1.1" 200 9314
58.40.7.146 - - [25/Apr/2021:08:19:06 +0800] "GET /xingrg/all/function/internal_message.html?_=1619309944689&CODE_STATE=getMsg HTTP/1.1" 200 27
116.230.110.80 - - [25/Apr/2021:08:19:08 +0800] "GET /xingrg/all/function/internal_message.html?_=1619309945201&CODE_STATE=getMsg HTTP/1.1" 200 27
58.40.7.146 - - [25/Apr/2021:08:19:10 +0800] "GET /xingrg/all/function/internal_message.html?_=1619309948857&CODE_STATE=getMsg HTTP/1.1" 200 27
120.253.135.82 - - [25/Apr/2021:08:19:19 +0800] "POST /xingrg/kc/pszx/mdps_order_operate.html HTTP/1.1" 200 37
120.253.135.82 - - [25/Apr/2021:08:19:20 +0800] "GET /xingrg/kc/pszx/mdps_order_info.html?code=312021042500643 HTTP/1.1" 200 23925
120.253.135.82 - - [25/Apr/2021:08:19:21 +0800] "POST /xingrg/kc/pszx/mdps_order_operate.html HTTP/1.1" 200 9314
120.253.135.82 - - [25/Apr/2021:08:19:21 +0800] "GET /xingrg/javascript/easyui/themes/default/validatebox.css HTTP/1.1" 404 1104
120.253.135.82 - - [25/Apr/2021:08:19:24 +0800] "GET /xingrg/kc/pszx/mdps_order_info.html?code=312021042500643 HTTP/1.1" 200 23925
120.253.135.82 - - [25/Apr/2021:08:19:24 +0800] "GET /xingrg/javascript/easyui/themes/default/validatebox.css HTTP/1.1" 404 1104
120.253.135.82 - - [25/Apr/2021:08:19:24 +0800] "POST /xingrg/kc/pszx/mdps_order_operate.html HTTP/1.1" 200 9314
58.37.228.113 - - [25/Apr/2021:08:19:25 +0800] "GET /xingrg/all/function/internal_message.html?_=1619309938604&CODE_STATE=getMsg HTTP/1.1" 200 27
120.253.135.82 - - [25/Apr/2021:08:19:26 +0800] "POST /xingrg/kc/pszx/mdps_list_operate.html HTTP/1.1" 200 4220
58.37.228.113 - - [25/Apr/2021:08:19:28 +0800] "GET /xingrg/all/function/internal_message.html?_=1619309967000&CODE_STATE=getMsg HTTP/1.1" 200 27
116.230.114.112 - - [25/Apr/2021:08:19:31 +0800] "GET /xingrg/all/function/internal_message.html?_=1619309991258&CODE_STATE=getMsg HTTP/1.1" 302 -
116.224.253.72 - - [25/Apr/2021:08:19:40 +0800] "GET /xingrg/all/function/internal_message.html?_=1619309985422&CODE_STATE=getMsg HTTP/1.1" 200 27
120.253.135.82 - - [25/Apr/2021:08:19:42 +0800] "GET /xingrg/all/function/internal_message.html?_=1619309760352&CODE_STATE=getMsg HTTP/1.1" 200 27
116.230.114.112 - - [25/Apr/2021:08:19:52 +0800] "GET /xingrg/check_reg.html?_=1619310015744 HTTP/1.1" 200 22
116.230.114.112 - - [25/Apr/2021:08:19:52 +0800] "GET /xingrg/all/function/internal_message.html?_=1619310016026&CODE_STATE=getMsg HTTP/1.1" 200 27
58.40.7.146 - - [25/Apr/2021:08:20:06 +0800] "GET /xingrg/all/function/internal_message.html?_=1619310004691&CODE_STATE=getMsg HTTP/1.1" 200 27
116.230.110.80 - - [25/Apr/2021:08:20:08 +0800] "GET /xingrg/check_reg.html?_=1619310005205 HTTP/1.1" 200 22
116.230.110.80 - - [25/Apr/2021:08:20:08 +0800] "GET /xingrg/all/function/internal_message.html?_=1619310005209&CODE_STATE=getMsg HTTP/1.1" 200 27
58.40.7.146 - - [25/Apr/2021:08:20:10 +0800] "GET /xingrg/check_reg.html?_=1619310008859 HTTP/1.1" 200 22
58.40.7.146 - - [25/Apr/2021:08:20:10 +0800] "GET /xingrg/all/function/internal_message.html?_=1619310008861&CODE_STATE=getMsg HTTP/1.1" 200 27
58.37.228.113 - - [25/Apr/2021:08:20:25 +0800] "GET /xingrg/check_reg.html?_=1619309998632 HTTP/1.1" 200 22
58.37.228.113 - - [25/Apr/2021:08:20:25 +0800] "GET /xingrg/all/function/internal_message.html?_=1619309998633&CODE_STATE=getMsg HTTP/1.1" 200 27
120.253.135.82 - - [25/Apr/2021:08:20:27 +0800] "GET /xingrg/check_reg.html?_=1619309804729 HTTP/1.1" 200 22
58.37.228.113 - - [25/Apr/2021:08:20:28 +0800] "GET /xingrg/all/function/internal_message.html?_=1619310027007&CODE_STATE=getMsg HTTP/1.1" 200 27
101.89.239.216 - - [25/Apr/2021:08:20:28 +0800] "GET /xingrg/all/function/internal_message.html?_=1619309967000&CODE_STATE=getMsg HTTP/1.1" 302 -
101.89.239.216 - - [25/Apr/2021:08:20:28 +0800] "GET /xingrg/login.html HTTP/1.1" 200 7641
116.230.114.112 - - [25/Apr/2021:08:20:31 +0800] "GET /xingrg/all/function/internal_message.html?_=1619310051283&CODE_STATE=getMsg HTTP/1.1" 302 -
116.224.253.72 - - [25/Apr/2021:08:20:40 +0800] "GET /xingrg/all/function/internal_message.html?_=1619310045436&CODE_STATE=getMsg HTTP/1.1" 200 27
120.253.135.82 - - [25/Apr/2021:08:20:52 +0800] "GET /xingrg/all/function/internal_message.html?_=1619309820360&CODE_STATE=getMsg HTTP/1.1" 200 27
116.230.114.112 - - [25/Apr/2021:08:20:52 +0800] "GET /xingrg/all/function/internal_message.html?_=1619310076039&CODE_STATE=getMsg HTTP/1.1" 200 27
58.40.7.146 - - [25/Apr/2021:08:21:06 +0800] "GET /xingrg/all/function/internal_message.html?_=1619310064695&CODE_STATE=getMsg HTTP/1.1" 200 27
116.230.110.80 - - [25/Apr/2021:08:21:08 +0800] "GET /xingrg/all/function/internal_message.html?_=1619310065194&CODE_STATE=getMsg HTTP/1.1" 200 27
58.40.7.146 - - [25/Apr/2021:08:21:10 +0800] "GET /xingrg/all/function/internal_message.html?_=1619310068863&CODE_STATE=getMsg HTTP/1.1" 200 27
58.37.228.113 - - [25/Apr/2021:08:21:25 +0800] "GET /xingrg/all/function/internal_message.html?_=1619310058628&CODE_STATE=getMsg HTTP/1.1" 200 27
58.37.228.113 - - [25/Apr/2021:08:21:28 +0800] "GET /xingrg/all/function/internal_message.html?_=1619310087005&CODE_STATE=getMsg HTTP/1.1" 200 27
116.230.114.112 - - [25/Apr/2021:08:21:31 +0800] "GET /xingrg/all/function/internal_message.html?_=1619310111285&CODE_STATE=getMsg HTTP/1.1" 302 -
116.224.253.72 - - [25/Apr/2021:08:21:40 +0800] "GET /xingrg/all/function/internal_message.html?_=1619310105465&CODE_STATE=getMsg HTTP/1.1" 200 27
120.253.135.82 - - [25/Apr/2021:08:21:42 +0800] "GET /xingrg/all/function/internal_message.html?_=1619309880374&CODE_STATE=getMsg HTTP/1.1" 200 27
116.230.114.112 - - [25/Apr/2021:08:21:52 +0800] "GET /xingrg/all/function/internal_message.html?_=1619310136054&CODE_STATE=getMsg HTTP/1.1" 200 27
116.230.114.112 - - [25/Apr/2021:08:22:03 +0800] "GET /xingrg/check_reg.html?_=1619310142651 HTTP/1.1" 302 -
58.40.7.146 - - [25/Apr/2021:08:22:06 +0800] "GET /xingrg/check_reg.html?_=1619310124697 HTTP/1.1" 200 22
58.40.7.146 - - [25/Apr/2021:08:22:06 +0800] "GET /xingrg/all/function/internal_message.html?_=1619310124698&CODE_STATE=getMsg HTTP/1.1" 200 27
116.230.110.80 - - [25/Apr/2021:08:22:08 +0800] "GET /xingrg/all/function/internal_message.html?_=1619310125199&CODE_STATE=getMsg HTTP/1.1" 200 27
58.40.7.146 - - [25/Apr/2021:08:22:10 +0800] "GET /xingrg/all/function/internal_message.html?_=1619310128850&CODE_STATE=getMsg HTTP/1.1" 200 27
58.37.228.113 - - [25/Apr/2021:08:22:25 +0800] "GET /xingrg/all/function/internal_message.html?_=1619310118634&CODE_STATE=getMsg HTTP/1.1" 200 27
58.37.228.113 - - [25/Apr/2021:08:22:28 +0800] "GET /xingrg/all/function/internal_message.html?_=1619310147009&CODE_STATE=getMsg HTTP/1.1" 200 27
58.37.228.113 - - [25/Apr/2021:08:22:28 +0800] "GET /xingrg/check_reg.html?_=1619310147010 HTTP/1.1" 200 22
116.224.253.72 - - [25/Apr/2021:08:22:29 +0800] "GET /xingrg/check_reg.html?_=1619310153938 HTTP/1.1" 200 22
116.230.114.112 - - [25/Apr/2021:08:22:31 +0800] "GET /xingrg/all/function/internal_message.html?_=1619310171308&CODE_STATE=getMsg HTTP/1.1" 302 -
116.224.253.72 - - [25/Apr/2021:08:22:40 +0800] "GET /xingrg/all/function/internal_message.html?_=1619310165480&CODE_STATE=getMsg HTTP/1.1" 200 27
120.253.135.82 - - [25/Apr/2021:08:22:43 +0800] "GET /xingrg/all/function/internal_message.html?_=1619309940694&CODE_STATE=getMsg HTTP/1.1" 200 27
116.230.114.112 - - [25/Apr/2021:08:22:52 +0800] "GET /xingrg/all/function/internal_message.html?_=1619310196217&CODE_STATE=getMsg HTTP/1.1" 200 27
58.40.7.146 - - [25/Apr/2021:08:23:06 +0800] "GET /xingrg/all/function/internal_message.html?_=1619310184686&CODE_STATE=getMsg HTTP/1.1" 200 27
116.230.110.80 - - [25/Apr/2021:08:23:08 +0800] "GET /xingrg/all/function/internal_message.html?_=1619310185202&CODE_STATE=getMsg HTTP/1.1" 200 27
58.40.7.146 - - [25/Apr/2021:08:23:10 +0800] "GET /xingrg/all/function/internal_message.html?_=1619310188852&CODE_STATE=getMsg HTTP/1.1" 200 27
58.37.228.113 - - [25/Apr/2021:08:23:25 +0800] "GET /xingrg/all/function/internal_message.html?_=1619310178630&CODE_STATE=getMsg HTTP/1.1" 200 27
58.37.228.113 - - [25/Apr/2021:08:23:28 +0800] "GET /xingrg/all/function/internal_message.html?_=1619310207016&CODE_STATE=getMsg HTTP/1.1" 200 27
116.230.114.112 - - [25/Apr/2021:08:23:31 +0800] "GET /xingrg/all/function/internal_message.html?_=1619310231312&CODE_STATE=getMsg HTTP/1.1" 302 -
116.224.253.72 - - [25/Apr/2021:08:23:40 +0800] "GET /xingrg/all/function/internal_message.html?_=1619310225493&CODE_STATE=getMsg HTTP/1.1" 200 27
120.253.135.82 - - [25/Apr/2021:08:23:43 +0800] "GET /xingrg/all/function/internal_message.html?_=1619310000697&CODE_STATE=getMsg HTTP/1.1" 200 27
116.230.114.112 - - [25/Apr/2021:08:23:52 +0800] "GET /xingrg/all/function/internal_message.html?_=1619310256221&CODE_STATE=getMsg HTTP/1.1" 200 27
58.40.7.146 - - [25/Apr/2021:08:24:06 +0800] "GET /xingrg/all/function/internal_message.html?_=1619310244689&CODE_STATE=getMsg HTTP/1.1" 200 27
116.230.110.80 - - [25/Apr/2021:08:24:08 +0800] "GET /xingrg/all/function/internal_message.html?_=1619310245191&CODE_STATE=getMsg HTTP/1.1" 200 27
58.40.7.146 - - [25/Apr/2021:08:24:10 +0800] "GET /xingrg/all/function/internal_message.html?_=1619310248854&CODE_STATE=getMsg HTTP/1.1" 200 27
58.37.228.113 - - [25/Apr/2021:08:24:25 +0800] "GET /xingrg/all/function/internal_message.html?_=1619310238628&CODE_STATE=getMsg HTTP/1.1" 200 27
58.37.228.113 - - [25/Apr/2021:08:24:28 +0800] "GET /xingrg/all/function/internal_message.html?_=1619310267016&CODE_STATE=getMsg HTTP/1.1" 200 27
180.97.118.223 - - [25/Apr/2021:08:24:28 +0800] "GET /xingrg/all/function/internal_message.html?_=1619310207016&CODE_STATE=getMsg HTTP/1.1" 302 -
180.97.118.223 - - [25/Apr/2021:08:24:28 +0800] "GET /xingrg/login.html HTTP/1.1" 200 7641
116.230.114.112 - - [25/Apr/2021:08:24:31 +0800] "GET /xingrg/all/function/internal_message.html?_=1619310291337&CODE_STATE=getMsg HTTP/1.1" 302 -
116.224.253.72 - - [25/Apr/2021:08:24:40 +0800] "GET /xingrg/all/function/internal_message.html?_=1619310285506&CODE_STATE=getMsg HTTP/1.1" 200 27
120.253.135.82 - - [25/Apr/2021:08:24:43 +0800] "GET /xingrg/all/function/internal_message.html?_=1619310060711&CODE_STATE=getMsg HTTP/1.1" 200 27
116.230.114.112 - - [25/Apr/2021:08:24:52 +0800] "GET /xingrg/check_reg.html?_=1619310315903 HTTP/1.1" 200 22
116.230.114.112 - - [25/Apr/2021:08:24:52 +0800] "GET /xingrg/all/function/internal_message.html?_=1619310316234&CODE_STATE=getMsg HTTP/1.1" 200 27
58.40.7.146 - - [25/Apr/2021:08:25:06 +0800] "GET /xingrg/all/function/internal_message.html?_=1619310304691&CODE_STATE=getMsg HTTP/1.1" 200 27
116.230.110.80 - - [25/Apr/2021:08:25:08 +0800] "GET /xingrg/all/function/internal_message.html?_=1619310305196&CODE_STATE=getMsg HTTP/1.1" 200 27
116.230.110.80 - - [25/Apr/2021:08:25:08 +0800] "GET /xingrg/check_reg.html?_=1619310305200 HTTP/1.1" 200 22
58.40.7.146 - - [25/Apr/2021:08:25:10 +0800] "GET /xingrg/all/function/internal_message.html?_=1619310308857&CODE_STATE=getMsg HTTP/1.1" 200 27
58.40.7.146 - - [25/Apr/2021:08:25:10 +0800] "GET /xingrg/check_reg.html?_=1619310308859 HTTP/1.1" 200 22
58.37.228.113 - - [25/Apr/2021:08:25:25 +0800] "GET /xingrg/all/function/internal_message.html?_=1619310298624&CODE_STATE=getMsg HTTP/1.1" 200 27
58.37.228.113 - - [25/Apr/2021:08:25:25 +0800] "GET /xingrg/check_reg.html?_=1619310298625 HTTP/1.1" 200 22
120.253.135.82 - - [25/Apr/2021:08:25:27 +0800] "GET /xingrg/check_reg.html?_=1619310104739 HTTP/1.1" 200 22
58.37.228.113 - - [25/Apr/2021:08:25:28 +0800] "GET /xingrg/all/function/internal_message.html?_=1619310327016&CODE_STATE=getMsg HTTP/1.1" 200 27
116.230.114.112 - - [25/Apr/2021:08:25:31 +0800] "GET /xingrg/all/function/internal_message.html?_=1619310351340&CODE_STATE=getMsg HTTP/1.1" 302 -
116.224.253.72 - - [25/Apr/2021:08:25:40 +0800] "GET /xingrg/all/function/internal_message.html?_=1619310345520&CODE_STATE=getMsg HTTP/1.1" 200 27
120.253.135.82 - - [25/Apr/2021:08:25:43 +0800] "GET /xingrg/all/function/internal_message.html?_=1619310120725&CODE_STATE=getMsg HTTP/1.1" 200 27
116.230.114.112 - - [25/Apr/2021:08:25:52 +0800] "GET /xingrg/all/function/internal_message.html?_=1619310376248&CODE_STATE=getMsg HTTP/1.1" 200 27
58.40.7.146 - - [25/Apr/2021:08:26:06 +0800] "GET /xingrg/all/function/internal_message.html?_=1619310364695&CODE_STATE=getMsg HTTP/1.1" 200 27
116.230.110.80 - - [25/Apr/2021:08:26:08 +0800] "GET /xingrg/all/function/internal_message.html?_=1619310365202&CODE_STATE=getMsg HTTP/1.1" 200 27
58.40.7.146 - - [25/Apr/2021:08:26:10 +0800] "GET /xingrg/all/function/internal_message.html?_=1619310368861&CODE_STATE=getMsg HTTP/1.1" 200 27
58.37.228.113 - - [25/Apr/2021:08:26:25 +0800] "GET /xingrg/all/function/internal_message.html?_=1619310358626&CODE_STATE=getMsg HTTP/1.1" 200 27
58.37.228.113 - - [25/Apr/2021:08:26:28 +0800] "GET /xingrg/all/function/internal_message.html?_=1619310387019&CODE_STATE=getMsg HTTP/1.1" 200 27
61.151.178.180 - - [25/Apr/2021:08:26:28 +0800] "GET /xingrg/all/function/internal_message.html?_=1619310327016&CODE_STATE=getMsg HTTP/1.1" 302 -
61.151.178.180 - - [25/Apr/2021:08:26:28 +0800] "GET /xingrg/login.html HTTP/1.1" 200 7641
116.230.114.112 - - [25/Apr/2021:08:26:31 +0800] "GET /xingrg/all/function/internal_message.html?_=1619310411364&CODE_STATE=getMsg HTTP/1.1" 302 -
116.224.253.72 - - [25/Apr/2021:08:26:40 +0800] "GET /xingrg/all/function/internal_message.html?_=1619310405547&CODE_STATE=getMsg HTTP/1.1" 200 27
120.253.135.82 - - [25/Apr/2021:08:26:43 +0800] "GET /xingrg/all/function/internal_message.html?_=1619310180738&CODE_STATE=getMsg HTTP/1.1" 200 27
116.230.114.112 - - [25/Apr/2021:08:26:52 +0800] "GET /xingrg/all/function/internal_message.html?_=1619310436262&CODE_STATE=getMsg HTTP/1.1" 200 27
116.230.114.112 - - [25/Apr/2021:08:27:03 +0800] "GET /xingrg/check_reg.html?_=1619310442647 HTTP/1.1" 302 -
58.40.7.146 - - [25/Apr/2021:08:27:06 +0800] "GET /xingrg/all/function/internal_message.html?_=1619310424696&CODE_STATE=getMsg HTTP/1.1" 200 27
58.40.7.146 - - [25/Apr/2021:08:27:06 +0800] "GET /xingrg/check_reg.html?_=1619310424698 HTTP/1.1" 200 22
116.230.110.80 - - [25/Apr/2021:08:27:08 +0800] "GET /xingrg/all/function/internal_message.html?_=1619310425190&CODE_STATE=getMsg HTTP/1.1" 200 27
58.40.7.146 - - [25/Apr/2021:08:27:10 +0800] "GET /xingrg/all/function/internal_message.html?_=1619310428865&CODE_STATE=getMsg HTTP/1.1" 200 27
58.37.228.113 - - [25/Apr/2021:08:27:25 +0800] "GET /xingrg/all/function/internal_message.html?_=1619310418623&CODE_STATE=getMsg HTTP/1.1" 200 27
58.37.228.113 - - [25/Apr/2021:08:27:28 +0800] "GET /xingrg/all/function/internal_message.html?_=1619310447024&CODE_STATE=getMsg HTTP/1.1" 200 27
58.37.228.113 - - [25/Apr/2021:08:27:28 +0800] "GET /xingrg/check_reg.html?_=1619310447025 HTTP/1.1" 200 22
116.224.253.72 - - [25/Apr/2021:08:27:29 +0800] "GET /xingrg/check_reg.html?_=1619310453948 HTTP/1.1" 200 22
116.230.114.112 - - [25/Apr/2021:08:27:31 +0800] "GET /xingrg/all/function/internal_message.html?_=1619310471367&CODE_STATE=getMsg HTTP/1.1" 302 -
116.224.253.72 - - [25/Apr/2021:08:27:40 +0800] "GET /xingrg/all/function/internal_message.html?_=1619310465564&CODE_STATE=getMsg HTTP/1.1" 200 27
120.253.135.82 - - [25/Apr/2021:08:27:43 +0800] "GET /xingrg/all/function/internal_message.html?_=1619310241092&CODE_STATE=getMsg HTTP/1.1" 200 27
116.230.114.112 - - [25/Apr/2021:08:27:52 +0800] "GET /xingrg/all/function/internal_message.html?_=1619310496424&CODE_STATE=getMsg HTTP/1.1" 200 27
58.40.7.146 - - [25/Apr/2021:08:28:06 +0800] "GET /xingrg/all/function/internal_message.html?_=1619310484700&CODE_STATE=getMsg HTTP/1.1" 200 27
116.230.110.80 - - [25/Apr/2021:08:28:08 +0800] "GET /xingrg/all/function/internal_message.html?_=1619310485194&CODE_STATE=getMsg HTTP/1.1" 200 27
61.165.42.208 - - [25/Apr/2021:08:28:10 +0800] "POST /xingrg/services/DataTransmitService HTTP/1.1" 200 524
58.40.7.146 - - [25/Apr/2021:08:28:10 +0800] "GET /xingrg/all/function/internal_message.html?_=1619310488868&CODE_STATE=getMsg HTTP/1.1" 200 27
58.37.228.113 - - [25/Apr/2021:08:28:25 +0800] "GET /xingrg/all/function/internal_message.html?_=1619310478631&CODE_STATE=getMsg HTTP/1.1" 200 27
58.37.228.113 - - [25/Apr/2021:08:28:28 +0800] "GET /xingrg/all/function/internal_message.html?_=1619310507026&CODE_STATE=getMsg HTTP/1.1" 200 27
61.151.178.164 - - [25/Apr/2021:08:28:28 +0800] "GET /xingrg/all/function/internal_message.html?_=1619310447024&CODE_STATE=getMsg HTTP/1.1" 302 -
61.151.178.164 - - [25/Apr/2021:08:28:30 +0800] "GET /xingrg/login.html HTTP/1.1" 200 7641
116.230.114.112 - - [25/Apr/2021:08:28:31 +0800] "GET /xingrg/all/function/internal_message.html?_=1619310531390&CODE_STATE=getMsg HTTP/1.1" 302 -
116.224.253.72 - - [25/Apr/2021:08:28:40 +0800] "GET /xingrg/all/function/internal_message.html?_=1619310525577&CODE_STATE=getMsg HTTP/1.1" 200 27
120.253.135.82 - - [25/Apr/2021:08:28:43 +0800] "GET /xingrg/all/function/internal_message.html?_=1619310301093&CODE_STATE=getMsg HTTP/1.1" 200 27
116.230.114.112 - - [25/Apr/2021:08:28:52 +0800] "GET /xingrg/all/function/internal_message.html?_=1619310556430&CODE_STATE=getMsg HTTP/1.1" 200 27
58.40.7.146 - - [25/Apr/2021:08:29:06 +0800] "GET /xingrg/all/function/internal_message.html?_=1619310544703&CODE_STATE=getMsg HTTP/1.1" 200 27
116.230.110.80 - - [25/Apr/2021:08:29:08 +0800] "GET /xingrg/all/function/internal_message.html?_=1619310545198&CODE_STATE=getMsg HTTP/1.1" 200 27
58.40.7.146 - - [25/Apr/2021:08:29:10 +0800] "GET /xingrg/all/function/internal_message.html?_=1619310548870&CODE_STATE=getMsg HTTP/1.1" 200 27
58.37.228.113 - - [25/Apr/2021:08:29:25 +0800] "GET /xingrg/all/function/internal_message.html?_=1619310538636&CODE_STATE=getMsg HTTP/1.1" 200 27
116.230.117.165 - - [25/Apr/2021:08:29:26 +0800] "GET /favicon.ico HTTP/1.1" 404 -
58.37.228.113 - - [25/Apr/2021:08:29:28 +0800] "GET /xingrg/all/function/internal_message.html?_=1619310567027&CODE_STATE=getMsg HTTP/1.1" 200 27
116.230.114.112 - - [25/Apr/2021:08:29:31 +0800] "GET /xingrg/all/function/internal_message.html?_=1619310591394&CODE_STATE=getMsg HTTP/1.1" 302 -
116.224.253.72 - - [25/Apr/2021:08:29:40 +0800] "GET /xingrg/all/function/internal_message.html?_=1619310585605&CODE_STATE=getMsg HTTP/1.1" 200 27
120.253.135.82 - - [25/Apr/2021:08:29:44 +0800] "GET /xingrg/all/function/internal_message.html?_=1619310361477&CODE_STATE=getMsg HTTP/1.1" 200 27
61.165.42.208 - - [25/Apr/2021:08:29:51 +0800] "GET /favicon.ico HTTP/1.1" 404 -
116.230.114.112 - - [25/Apr/2021:08:29:52 +0800] "GET /xingrg/check_reg.html?_=1619310616073 HTTP/1.1" 200 22
116.230.114.112 - - [25/Apr/2021:08:29:52 +0800] "GET /xingrg/all/function/internal_message.html?_=1619310616442&CODE_STATE=getMsg HTTP/1.1" 200 27
58.40.7.146 - - [25/Apr/2021:08:30:06 +0800] "GET /xingrg/all/function/internal_message.html?_=1619310604690&CODE_STATE=getMsg HTTP/1.1" 200 27
116.230.110.80 - - [25/Apr/2021:08:30:08 +0800] "GET /xingrg/all/function/internal_message.html?_=1619310605201&CODE_STATE=getMsg HTTP/1.1" 200 27
116.230.110.80 - - [25/Apr/2021:08:30:08 +0800] "GET /xingrg/check_reg.html?_=1619310605205 HTTP/1.1" 200 22
58.40.7.146 - - [25/Apr/2021:08:30:10 +0800] "GET /xingrg/check_reg.html?_=1619310608856 HTTP/1.1" 200 22
58.40.7.146 - - [25/Apr/2021:08:30:10 +0800] "GET /xingrg/all/function/internal_message.html?_=1619310608857&CODE_STATE=getMsg HTTP/1.1" 200 27
58.37.228.113 - - [25/Apr/2021:08:30:25 +0800] "GET /xingrg/check_reg.html?_=1619310598627 HTTP/1.1" 200 22
58.37.228.113 - - [25/Apr/2021:08:30:25 +0800] "GET /xingrg/all/function/internal_message.html?_=1619310598629&CODE_STATE=getMsg HTTP/1.1" 200 27
120.253.135.82 - - [25/Apr/2021:08:30:27 +0800] "GET /xingrg/check_reg.html?_=1619310404740 HTTP/1.1" 200 22
58.37.228.113 - - [25/Apr/2021:08:30:28 +0800] "GET /xingrg/all/function/internal_message.html?_=1619310627033&CODE_STATE=getMsg HTTP/1.1" 200 27
116.230.114.112 - - [25/Apr/2021:08:30:31 +0800] "GET /xingrg/all/function/internal_message.html?_=1619310651418&CODE_STATE=getMsg HTTP/1.1" 302 -
116.224.253.72 - - [25/Apr/2021:08:30:40 +0800] "GET /xingrg/all/function/internal_message.html?_=1619310645620&CODE_STATE=getMsg HTTP/1.1" 200 27
120.253.135.82 - - [25/Apr/2021:08:30:44 +0800] "GET /xingrg/all/function/internal_message.html?_=1619310421479&CODE_STATE=getMsg HTTP/1.1" 200 27
116.230.114.112 - - [25/Apr/2021:08:30:52 +0800] "GET /xingrg/all/function/internal_message.html?_=1619310676456&CODE_STATE=getMsg HTTP/1.1" 200 27
58.40.7.146 - - [25/Apr/2021:08:31:06 +0800] "GET /xingrg/all/function/internal_message.html?_=1619310664692&CODE_STATE=getMsg HTTP/1.1" 200 27
116.230.110.80 - - [25/Apr/2021:08:31:08 +0800] "GET /xingrg/all/function/internal_message.html?_=1619310665191&CODE_STATE=getMsg HTTP/1.1" 200 27
58.40.7.146 - - [25/Apr/2021:08:31:10 +0800] "GET /xingrg/all/function/internal_message.html?_=1619310668860&CODE_STATE=getMsg HTTP/1.1" 200 27
117.184.7.26 - - [25/Apr/2021:08:31:15 +0800] "GET /xingrg/check_reg.html?_=1619310664656 HTTP/1.1" 302 -
58.37.228.113 - - [25/Apr/2021:08:31:25 +0800] "GET /xingrg/all/function/internal_message.html?_=1619310658625&CODE_STATE=getMsg HTTP/1.1" 200 27
58.37.228.113 - - [25/Apr/2021:08:31:28 +0800] "GET /xingrg/all/function/internal_message.html?_=1619310687031&CODE_STATE=getMsg HTTP/1.1" 200 27
116.230.114.112 - - [25/Apr/2021:08:31:31 +0800] "GET /xingrg/all/function/internal_message.html?_=1619310711421&CODE_STATE=getMsg HTTP/1.1" 302 -
116.224.253.72 - - [25/Apr/2021:08:31:40 +0800] "GET /xingrg/all/function/internal_message.html?_=1619310705648&CODE_STATE=getMsg HTTP/1.1" 200 27
120.253.135.82 - - [25/Apr/2021:08:31:44 +0800] "GET /xingrg/all/function/internal_message.html?_=1619310481492&CODE_STATE=getMsg HTTP/1.1" 200 27
101.83.240.230 - - [25/Apr/2021:08:31:47 +0800] "GET /favicon.ico HTTP/1.1" 404 -
116.230.114.112 - - [25/Apr/2021:08:31:52 +0800] "GET /xingrg/all/function/internal_message.html?_=1619310736470&CODE_STATE=getMsg HTTP/1.1" 200 27
116.230.114.112 - - [25/Apr/2021:08:32:03 +0800] "GET /xingrg/check_reg.html?_=1619310742671 HTTP/1.1" 302 -
58.40.7.146 - - [25/Apr/2021:08:32:06 +0800] "GET /xingrg/all/function/internal_message.html?_=1619310724695&CODE_STATE=getMsg HTTP/1.1" 200 27
58.40.7.146 - - [25/Apr/2021:08:32:06 +0800] "GET /xingrg/check_reg.html?_=1619310724697 HTTP/1.1" 200 22
116.230.110.80 - - [25/Apr/2021:08:32:08 +0800] "GET /xingrg/all/function/internal_message.html?_=1619310725195&CODE_STATE=getMsg HTTP/1.1" 200 27
58.40.7.146 - - [25/Apr/2021:08:32:10 +0800] "GET /xingrg/all/function/internal_message.html?_=1619310728865&CODE_STATE=getMsg HTTP/1.1" 200 27
58.37.228.113 - - [25/Apr/2021:08:32:25 +0800] "GET /xingrg/all/function/internal_message.html?_=1619310718636&CODE_STATE=getMsg HTTP/1.1" 200 27
58.37.228.113 - - [25/Apr/2021:08:32:28 +0800] "GET /xingrg/all/function/internal_message.html?_=1619310747034&CODE_STATE=getMsg HTTP/1.1" 200 27
58.37.228.113 - - [25/Apr/2021:08:32:28 +0800] "GET /xingrg/check_reg.html?_=1619310747037 HTTP/1.1" 200 22
116.224.253.72 - - [25/Apr/2021:08:32:29 +0800] "GET /xingrg/check_reg.html?_=1619310753955 HTTP/1.1" 200 22
116.230.114.112 - - [25/Apr/2021:08:32:31 +0800] "GET /xingrg/all/function/internal_message.html?_=1619310771444&CODE_STATE=getMsg HTTP/1.1" 302 -
116.224.253.72 - - [25/Apr/2021:08:32:40 +0800] "GET /xingrg/all/function/internal_message.html?_=1619310765662&CODE_STATE=getMsg HTTP/1.1" 200 27
120.253.135.82 - - [25/Apr/2021:08:32:44 +0800] "GET /xingrg/all/function/internal_message.html?_=1619310541813&CODE_STATE=getMsg HTTP/1.1" 200 27
116.230.114.112 - - [25/Apr/2021:08:32:53 +0800] "GET /xingrg/all/function/internal_message.html?_=1619310796642&CODE_STATE=getMsg HTTP/1.1" 200 27
58.40.7.146 - - [25/Apr/2021:08:33:06 +0800] "GET /xingrg/all/function/internal_message.html?_=1619310784700&CODE_STATE=getMsg HTTP/1.1" 200 27
116.230.110.80 - - [25/Apr/2021:08:33:08 +0800] "GET /xingrg/all/function/internal_message.html?_=1619310785199&CODE_STATE=getMsg HTTP/1.1" 200 27
58.40.7.146 - - [25/Apr/2021:08:33:10 +0800] "GET /xingrg/all/function/internal_message.html?_=1619310788866&CODE_STATE=getMsg HTTP/1.1" 200 27
116.232.49.227 - - [25/Apr/2021:08:33:21 +0800] "GET /favicon.ico HTTP/1.1" 404 -
58.37.228.113 - - [25/Apr/2021:08:33:25 +0800] "GET /xingrg/all/function/internal_message.html?_=1619310778627&CODE_STATE=getMsg HTTP/1.1" 200 27
58.37.228.113 - - [25/Apr/2021:08:33:28 +0800] "GET /xingrg/all/function/internal_message.html?_=1619310807037&CODE_STATE=getMsg HTTP/1.1" 200 27
116.230.114.112 - - [25/Apr/2021:08:33:31 +0800] "GET /xingrg/all/function/internal_message.html?_=1619310831448&CODE_STATE=getMsg HTTP/1.1" 302 -
116.224.253.72 - - [25/Apr/2021:08:33:40 +0800] "GET /xingrg/all/function/internal_message.html?_=1619310825676&CODE_STATE=getMsg HTTP/1.1" 200 27
120.253.135.82 - - [25/Apr/2021:08:33:44 +0800] "GET /xingrg/all/function/internal_message.html?_=1619310601816&CODE_STATE=getMsg HTTP/1.1" 200 27
101.83.240.230 - - [25/Apr/2021:08:33:45 +0800] "GET /xingrg/login.html?sysBaseUrl=http%3A%2F%2F180.169.147.146%3A18081%2Fxingrg%2F&costTime=31×tamp=1615347190560 HTTP/1.1" 200 7641
101.83.240.230 - - [25/Apr/2021:08:33:45 +0800] "GET /favicon.ico HTTP/1.1" 404 -
101.83.240.230 - - [25/Apr/2021:08:33:52 +0800] "POST /xingrg/login.do HTTP/1.1" 302 -
101.83.240.230 - - [25/Apr/2021:08:33:52 +0800] "GET /xingrg/index.html?sysBaseUrl=http%3A%2F%2F180.169.147.146%3A18081%2Fxingrg%2F&costTime=54×tamp=1619310832050 HTTP/1.1" 200 17179
101.83.240.230 - - [25/Apr/2021:08:33:52 +0800] "GET /favicon.ico HTTP/1.1" 404 -
101.83.240.230 - - [25/Apr/2021:08:33:52 +0800] "POST /xingrg/all/common/load_tree.html?tree=area_rest_tree_json&manage=1 HTTP/1.1" 200 351
101.83.240.230 - - [25/Apr/2021:08:33:52 +0800] "GET /xingrg/all/function/internal_message.html?_=1619310830439&CODE_STATE=count HTTP/1.1" 200 11
101.83.240.230 - - [25/Apr/2021:08:33:52 +0800] "GET /xingrg/check_reg.html?_=1619310830440 HTTP/1.1" 200 22
101.83.240.230 - - [25/Apr/2021:08:33:52 +0800] "POST /xingrg/load_menu.html HTTP/1.1" 200 5138
116.230.114.112 - - [25/Apr/2021:08:33:53 +0800] "GET /xingrg/all/function/internal_message.html?_=1619310856653&CODE_STATE=getMsg HTTP/1.1" 200 27
58.40.7.146 - - [25/Apr/2021:08:34:06 +0800] "GET /xingrg/all/function/internal_message.html?_=1619310844703&CODE_STATE=getMsg HTTP/1.1" 200 27
116.230.110.80 - - [25/Apr/2021:08:34:08 +0800] "GET /xingrg/all/function/internal_message.html?_=1619310845204&CODE_STATE=getMsg HTTP/1.1" 200 27
58.40.7.146 - - [25/Apr/2021:08:34:10 +0800] "GET /xingrg/all/function/internal_message.html?_=1619310848870&CODE_STATE=getMsg HTTP/1.1" 200 27
58.37.228.113 - - [25/Apr/2021:08:34:25 +0800] "GET /xingrg/all/function/internal_message.html?_=1619310838624&CODE_STATE=getMsg HTTP/1.1" 200 27
58.37.228.113 - - [25/Apr/2021:08:34:28 +0800] "GET /xingrg/all/function/internal_message.html?_=1619310867039&CODE_STATE=getMsg HTTP/1.1" 200 27
116.230.114.112 - - [25/Apr/2021:08:34:31 +0800] "GET /xingrg/all/function/internal_message.html?_=1619310891472&CODE_STATE=getMsg HTTP/1.1" 302 -
116.224.253.72 - - [25/Apr/2021:08:34:40 +0800] "GET /xingrg/all/function/internal_message.html?_=1619310885703&CODE_STATE=getMsg HTTP/1.1" 200 27
120.253.135.82 - - [25/Apr/2021:08:34:44 +0800] "GET /xingrg/all/function/internal_message.html?_=1619310662169&CODE_STATE=getMsg HTTP/1.1" 200 27
101.83.240.230 - - [25/Apr/2021:08:34:52 +0800] "GET /xingrg/all/function/internal_message.html?_=1619310890445&CODE_STATE=getMsg HTTP/1.1" 200 27
116.230.114.112 - - [25/Apr/2021:08:34:52 +0800] "GET /xingrg/check_reg.html?_=1619310916251 HTTP/1.1" 200 22
116.230.114.112 - - [25/Apr/2021:08:34:53 +0800] "GET /xingrg/all/function/internal_message.html?_=1619310916666&CODE_STATE=getMsg HTTP/1.1" 200 27
58.40.7.146 - - [25/Apr/2021:08:35:06 +0800] "GET /xingrg/all/function/internal_message.html?_=1619310904705&CODE_STATE=getMsg HTTP/1.1" 200 27
116.230.110.80 - - [25/Apr/2021:08:35:08 +0800] "GET /xingrg/all/function/internal_message.html?_=1619310905191&CODE_STATE=getMsg HTTP/1.1" 200 27
116.230.110.80 - - [25/Apr/2021:08:35:08 +0800] "GET /xingrg/check_reg.html?_=1619310905195 HTTP/1.1" 200 22
58.40.7.146 - - [25/Apr/2021:08:35:10 +0800] "GET /xingrg/check_reg.html?_=1619310908873 HTTP/1.1" 200 22
58.40.7.146 - - [25/Apr/2021:08:35:10 +0800] "GET /xingrg/all/function/internal_message.html?_=1619310908875&CODE_STATE=getMsg HTTP/1.1" 200 27
58.37.228.113 - - [25/Apr/2021:08:35:25 +0800] "GET /xingrg/all/function/internal_message.html?_=1619310898637&CODE_STATE=getMsg HTTP/1.1" 200 27
58.37.228.113 - - [25/Apr/2021:08:35:25 +0800] "GET /xingrg/check_reg.html?_=1619310898639 HTTP/1.1" 200 22
120.253.135.82 - - [25/Apr/2021:08:35:27 +0800] "GET /xingrg/check_reg.html?_=1619310704745 HTTP/1.1" 200 22
58.37.228.113 - - [25/Apr/2021:08:35:28 +0800] "GET /xingrg/all/function/internal_message.html?_=1619310927044&CODE_STATE=getMsg HTTP/1.1" 200 27
116.230.114.112 - - [25/Apr/2021:08:35:31 +0800] "GET /xingrg/all/function/internal_message.html?_=1619310951475&CODE_STATE=getMsg HTTP/1.1" 302 -
101.83.240.230 - - [25/Apr/2021:08:35:33 +0800] "GET /xingrg/kc/buy/cgsh_order_list.html HTTP/1.1" 200 46554
101.83.240.230 - - [25/Apr/2021:08:35:34 +0800] "POST /xingrg/kc/buy/cgsh_list_operate.html HTTP/1.1" 200 876
101.83.240.230 - - [25/Apr/2021:08:35:37 +0800] "GET /xingrg/kc/buy/cgsh_order_add.html HTTP/1.1" 200 62339
101.83.240.230 - - [25/Apr/2021:08:35:37 +0800] "GET /xingrg/words/20210424165011_words.js HTTP/1.1" 200 809689
101.83.240.230 - - [25/Apr/2021:08:35:38 +0800] "GET /xingrg/all/common/auto_word.html?type=employee&rest_code=00149 HTTP/1.1" 200 197
101.83.240.230 - - [25/Apr/2021:08:35:38 +0800] "GET /xingrg/javascript/easyui/themes/default/validatebox.css HTTP/1.1" 404 1104
101.83.240.230 - - [25/Apr/2021:08:35:38 +0800] "GET /xingrg/all/common/auto_word.html?type=employee&rest_code=00149 HTTP/1.1" 200 197
101.83.240.230 - - [25/Apr/2021:08:35:38 +0800] "POST /xingrg/kc/buy/cgsh_order_operate.html HTTP/1.1" 200 8245
116.224.253.72 - - [25/Apr/2021:08:35:40 +0800] "GET /xingrg/all/function/internal_message.html?_=1619310945719&CODE_STATE=getMsg HTTP/1.1" 200 27
120.253.135.82 - - [25/Apr/2021:08:35:44 +0800] "GET /xingrg/all/function/internal_message.html?_=1619310722171&CODE_STATE=getMsg HTTP/1.1" 200 27
101.83.240.230 - - [25/Apr/2021:08:35:52 +0800] "GET /xingrg/all/function/internal_message.html?_=1619310950454&CODE_STATE=getMsg HTTP/1.1" 200 27
116.230.114.112 - - [25/Apr/2021:08:35:53 +0800] "GET /xingrg/all/function/internal_message.html?_=1619310976680&CODE_STATE=getMsg HTTP/1.1" 200 27
116.230.117.165 - - [25/Apr/2021:08:35:55 +0800] "GET /favicon.ico HTTP/1.1" 404 -
58.40.7.146 - - [25/Apr/2021:08:36:06 +0800] "GET /xingrg/all/function/internal_message.html?_=1619310964707&CODE_STATE=getMsg HTTP/1.1" 200 27
116.230.110.80 - - [25/Apr/2021:08:36:08 +0800] "GET /xingrg/all/function/internal_message.html?_=1619310965197&CODE_STATE=getMsg HTTP/1.1" 200 27
58.40.7.146 - - [25/Apr/2021:08:36:10 +0800] "GET /xingrg/all/function/internal_message.html?_=1619310968861&CODE_STATE=getMsg HTTP/1.1" 200 27
58.37.228.113 - - [25/Apr/2021:08:36:25 +0800] "GET /xingrg/all/function/internal_message.html?_=1619310958634&CODE_STATE=getMsg HTTP/1.1" 200 27
58.37.228.113 - - [25/Apr/2021:08:36:28 +0800] "GET /xingrg/all/function/internal_message.html?_=1619310987044&CODE_STATE=getMsg HTTP/1.1" 200 27
116.230.114.112 - - [25/Apr/2021:08:36:31 +0800] "GET /xingrg/all/function/internal_message.html?_=1619311011499&CODE_STATE=getMsg HTTP/1.1" 302 -
116.224.253.72 - - [25/Apr/2021:08:36:40 +0800] "GET /xingrg/all/function/internal_message.html?_=1619311005747&CODE_STATE=getMsg HTTP/1.1" 200 27
120.253.135.82 - - [25/Apr/2021:08:36:44 +0800] "GET /xingrg/all/function/internal_message.html?_=1619310782184&CODE_STATE=getMsg HTTP/1.1" 200 27
101.83.240.230 - - [25/Apr/2021:08:36:52 +0800] "GET /xingrg/all/function/internal_message.html?_=1619311010465&CODE_STATE=getMsg HTTP/1.1" 200 27
116.230.114.112 - - [25/Apr/2021:08:36:53 +0800] "GET /xingrg/all/function/internal_message.html?_=1619311036693&CODE_STATE=getMsg HTTP/1.1" 200 27
116.230.114.112 - - [25/Apr/2021:08:37:03 +0800] "GET /xingrg/check_reg.html?_=1619311042682 HTTP/1.1" 302 -
58.40.7.146 - - [25/Apr/2021:08:37:06 +0800] "GET /xingrg/check_reg.html?_=1619311024710 HTTP/1.1" 200 22
58.40.7.146 - - [25/Apr/2021:08:37:06 +0800] "GET /xingrg/all/function/internal_message.html?_=1619311024712&CODE_STATE=getMsg HTTP/1.1" 200 27
116.230.110.80 - - [25/Apr/2021:08:37:08 +0800] "GET /xingrg/all/function/internal_message.html?_=1619311025202&CODE_STATE=getMsg HTTP/1.1" 200 27
58.40.7.146 - - [25/Apr/2021:08:37:10 +0800] "GET /xingrg/all/function/internal_message.html?_=1619311028863&CODE_STATE=getMsg HTTP/1.1" 200 27
58.37.228.113 - - [25/Apr/2021:08:37:25 +0800] "GET /xingrg/all/function/internal_message.html?_=1619311018634&CODE_STATE=getMsg HTTP/1.1" 200 27
58.37.228.113 - - [25/Apr/2021:08:37:28 +0800] "GET /xingrg/all/function/internal_message.html?_=1619311047050&CODE_STATE=getMsg HTTP/1.1" 200 27
58.37.228.113 - - [25/Apr/2021:08:37:28 +0800] "GET /xingrg/check_reg.html?_=1619311047052 HTTP/1.1" 200 22
61.151.178.236 - - [25/Apr/2021:08:37:28 +0800] "GET /xingrg/all/function/internal_message.html?_=1619310987044&CODE_STATE=getMsg HTTP/1.1" 302 -
61.151.178.236 - - [25/Apr/2021:08:37:28 +0800] "GET /xingrg/login.html HTTP/1.1" 200 7641
116.224.253.72 - - [25/Apr/2021:08:37:29 +0800] "GET /xingrg/check_reg.html?_=1619311053954 HTTP/1.1" 200 22
101.83.240.230 - - [25/Apr/2021:08:37:31 +0800] "GET /xingrg/javascript/auto/indicator.gif HTTP/1.1" 404 1066
116.230.114.112 - - [25/Apr/2021:08:37:31 +0800] "GET /xingrg/all/function/internal_message.html?_=1619311071503&CODE_STATE=getMsg HTTP/1.1" 302 -
101.83.240.230 - - [25/Apr/2021:08:37:32 +0800] "GET /xingrg/javascript/jquery_tools/images/prev.gif HTTP/1.1" 404 1086
101.83.240.230 - - [25/Apr/2021:08:37:32 +0800] "GET /xingrg/javascript/jquery_tools/images/next.gif HTTP/1.1" 404 1086
116.224.253.72 - - [25/Apr/2021:08:37:40 +0800] "GET /xingrg/all/function/internal_message.html?_=1619311065762&CODE_STATE=getMsg HTTP/1.1" 200 27
101.83.240.230 - - [25/Apr/2021:08:37:44 +0800] "GET /xingrg/kc/buy/cgsh_order_operate.html?command=get_materiel&rest_code=00149&code=00101008323&supplier_code=00100005&order_time=2021-04-25 HTTP/1.1" 200 408
120.253.135.82 - - [25/Apr/2021:08:37:45 +0800] "GET /xingrg/all/function/internal_message.html?_=1619310842515&CODE_STATE=getMsg HTTP/1.1" 200 27
101.83.240.230 - - [25/Apr/2021:08:37:52 +0800] "GET /xingrg/all/function/internal_message.html?_=1619311070482&CODE_STATE=getMsg HTTP/1.1" 200 27
101.83.240.230 - - [25/Apr/2021:08:37:52 +0800] "GET /xingrg/kc/buy/cgsh_order_operate.html?command=get_materiel&rest_code=00149&code=00101008261&supplier_code=00100005&order_time=2021-04-25 HTTP/1.1" 200 408
116.230.114.112 - - [25/Apr/2021:08:37:53 +0800] "GET /xingrg/all/function/internal_message.html?_=1619311096862&CODE_STATE=getMsg HTTP/1.1" 200 27
116.224.253.72 - - [25/Apr/2021:08:38:00 +0800] "GET /xingrg/login.html HTTP/1.1" 200 7641
116.224.253.72 - - [25/Apr/2021:08:38:00 +0800] "GET /favicon.ico HTTP/1.1" 404 -
116.224.253.72 - - [25/Apr/2021:08:38:04 +0800] "POST /xingrg/login.do HTTP/1.1" 302 -
116.224.253.72 - - [25/Apr/2021:08:38:04 +0800] "GET /xingrg/index.html?sysBaseUrl=http%3A%2F%2F180.169.147.146%3A18081%2Fxingrg%2F&costTime=50×tamp=1619311084769 HTTP/1.1" 200 17177
116.224.253.72 - - [25/Apr/2021:08:38:04 +0800] "GET /favicon.ico HTTP/1.1" 404 -
116.224.253.72 - - [25/Apr/2021:08:38:05 +0800] "POST /xingrg/all/common/load_tree.html?tree=area_rest_tree_json&manage=1 HTTP/1.1" 200 476
116.224.253.72 - - [25/Apr/2021:08:38:05 +0800] "GET /xingrg/all/function/internal_message.html?_=1619311083983&CODE_STATE=count HTTP/1.1" 200 11
116.224.253.72 - - [25/Apr/2021:08:38:05 +0800] "GET /xingrg/check_reg.html?_=1619311083985 HTTP/1.1" 200 22
116.224.253.72 - - [25/Apr/2021:08:38:05 +0800] "POST /xingrg/load_menu.html HTTP/1.1" 200 5138
58.40.7.146 - - [25/Apr/2021:08:38:06 +0800] "GET /xingrg/all/function/internal_message.html?_=1619311084697&CODE_STATE=getMsg HTTP/1.1" 200 27
116.230.110.80 - - [25/Apr/2021:08:38:08 +0800] "GET /xingrg/all/function/internal_message.html?_=1619311085205&CODE_STATE=getMsg HTTP/1.1" 200 27
101.83.240.230 - - [25/Apr/2021:08:38:10 +0800] "GET /xingrg/kc/buy/cgsh_order_operate.html?command=get_materiel&rest_code=00149&code=00101008302&supplier_code=00100005&order_time=2021-04-25 HTTP/1.1" 200 412
58.40.7.146 - - [25/Apr/2021:08:38:10 +0800] "GET /xingrg/all/function/internal_message.html?_=1619311088868&CODE_STATE=getMsg HTTP/1.1" 200 27
116.224.253.72 - - [25/Apr/2021:08:38:12 +0800] "GET /xingrg/kc/buy/cgsh_order_list.html HTTP/1.1" 200 46552
116.224.253.72 - - [25/Apr/2021:08:38:13 +0800] "POST /xingrg/kc/buy/cgsh_list_operate.html HTTP/1.1" 200 876
116.224.253.72 - - [25/Apr/2021:08:38:13 +0800] "GET /xingrg/kc/buy/cgsh_order_add.html HTTP/1.1" 200 61928
116.224.253.72 - - [25/Apr/2021:08:38:13 +0800] "GET /xingrg/words/20210424165011_words.js HTTP/1.1" 200 809689
116.224.253.72 - - [25/Apr/2021:08:38:14 +0800] "GET /xingrg/all/common/auto_word.html?type=employee&rest_code=00151 HTTP/1.1" 200 243
116.224.253.72 - - [25/Apr/2021:08:38:14 +0800] "GET /xingrg/all/common/auto_word.html?type=employee&rest_code=00151 HTTP/1.1" 200 243
116.224.253.72 - - [25/Apr/2021:08:38:14 +0800] "GET /xingrg/javascript/easyui/themes/default/validatebox.css HTTP/1.1" 404 1104
116.224.253.72 - - [25/Apr/2021:08:38:14 +0800] "POST /xingrg/kc/buy/cgsh_order_operate.html HTTP/1.1" 200 8245
116.224.253.72 - - [25/Apr/2021:08:38:18 +0800] "GET /xingrg/javascript/auto/indicator.gif HTTP/1.1" 404 1066
180.169.147.146 - - [25/Apr/2021:08:38:23 +0800] "GET /xingrg/login.html HTTP/1.1" 200 7641
116.224.253.72 - - [25/Apr/2021:08:38:24 +0800] "GET /xingrg/javascript/jquery_tools/images/prev.gif HTTP/1.1" 404 1086
116.224.253.72 - - [25/Apr/2021:08:38:24 +0800] "GET /xingrg/javascript/jquery_tools/images/next.gif HTTP/1.1" 404 1086
116.224.253.72 - - [25/Apr/2021:08:38:24 +0800] "GET /xingrg/kc/buy/cgsh_order_operate.html?command=get_materiel&rest_code=00151&code=00101011005&supplier_code=00100047&order_time=2021-04-25 HTTP/1.1" 200 428
58.37.228.113 - - [25/Apr/2021:08:38:25 +0800] "GET /xingrg/all/function/internal_message.html?_=1619311078631&CODE_STATE=getMsg HTTP/1.1" 200 27
58.37.228.113 - - [25/Apr/2021:08:38:28 +0800] "GET /xingrg/all/function/internal_message.html?_=1619311107050&CODE_STATE=getMsg HTTP/1.1" 200 27
101.89.239.232 - - [25/Apr/2021:08:38:28 +0800] "GET /xingrg/all/function/internal_message.html?_=1619311047050&CODE_STATE=getMsg HTTP/1.1" 302 -
101.89.239.232 - - [25/Apr/2021:08:38:28 +0800] "GET /xingrg/login.html HTTP/1.1" 200 7641
116.230.114.112 - - [25/Apr/2021:08:38:31 +0800] "GET /xingrg/all/function/internal_message.html?_=1619311131526&CODE_STATE=getMsg HTTP/1.1" 302 -
180.169.147.146 - - [25/Apr/2021:08:38:32 +0800] "GET /favicon.ico HTTP/1.1" 404 -
101.83.240.230 - - [25/Apr/2021:08:38:34 +0800] "GET /xingrg/kc/buy/cgsh_order_operate.html?command=get_materiel&rest_code=00149&code=00101008330&supplier_code=00100005&order_time=2021-04-25 HTTP/1.1" 200 408
180.169.147.146 - - [25/Apr/2021:08:38:35 +0800] "POST /xingrg/login.do HTTP/1.1" 302 -
180.169.147.146 - - [25/Apr/2021:08:38:35 +0800] "GET /xingrg/index.html?sysBaseUrl=http%3A%2F%2F180.169.147.146%3A18081%2Fxingrg%2F&costTime=41×tamp=1619311115637 HTTP/1.1" 200 17503
