116.230.114.112 - - [22/Apr/2021:09:09:24 +0800] "GET /xingrg/kc/buy/cgsh_order_operate.html?command=get_materiel&rest_code=00146&code=00101008225&supplier_code=00100005&order_time=2021-04-22 HTTP/1.1" 200 416
101.85.94.178 - - [22/Apr/2021:09:09:24 +0800] "GET /xingrg/all/function/internal_message.html?_=1619053296873&CODE_STATE=getMsg HTTP/1.1" 200 27
116.233.77.251 - - [22/Apr/2021:09:09:25 +0800] "GET /xingrg/kc/print/load_config.html?kc_code=cgsh HTTP/1.1" 200 1845
116.233.77.251 - - [22/Apr/2021:09:09:25 +0800] "GET /xingrg/kc/print/load_data.html?order_code=212021042209123&kc_code=cgsh&condition= HTTP/1.1" 200 1115
180.169.147.146 - - [22/Apr/2021:09:09:26 +0800] "POST /xingrg/dwr/call/plaincall/AjaxReportQueryService.refreshCache.dwr HTTP/1.1" 200 78
180.169.147.146 - - [22/Apr/2021:09:09:27 +0800] "POST /xingrg/all/report/load_report_page.html HTTP/1.1" 200 13217
180.169.147.146 - - [22/Apr/2021:09:09:27 +0800] "GET /xingrg/servlets/image?cache=0.8763267707435681&image=px HTTP/1.1" 200 807
116.233.77.251 - - [22/Apr/2021:09:09:27 +0800] "GET /xingrg/all/function/internal_message.html?_=1619053769651&CODE_STATE=getMsg HTTP/1.1" 200 27
116.233.77.251 - - [22/Apr/2021:09:09:28 +0800] "GET /xingrg/kc/buy/cgsh_order_add.html HTTP/1.1" 200 62189
116.233.77.251 - - [22/Apr/2021:09:09:28 +0800] "POST /xingrg/kc/buy/cgsh_order_operate.html HTTP/1.1" 200 8245
116.233.77.251 - - [22/Apr/2021:09:09:28 +0800] "GET /xingrg/all/common/auto_word.html?type=employee&rest_code=00109 HTTP/1.1" 200 205
116.233.77.251 - - [22/Apr/2021:09:09:28 +0800] "GET /xingrg/all/common/auto_word.html?type=employee&rest_code=00109 HTTP/1.1" 200 205
116.233.77.251 - - [22/Apr/2021:09:09:28 +0800] "GET /xingrg/javascript/easyui/themes/default/validatebox.css HTTP/1.1" 404 1104
116.224.253.72 - - [22/Apr/2021:09:09:30 +0800] "GET /xingrg/kc/buy/cgsh_order_operate.html?command=get_materiel&rest_code=00151&code=00101016051&supplier_code=00100007&order_time=2021-04-22 HTTP/1.1" 200 408
116.224.253.72 - - [22/Apr/2021:09:09:31 +0800] "POST /xingrg/kc/buy/cgsh_order_operate.html HTTP/1.1" 200 37
180.169.147.146 - - [22/Apr/2021:09:09:32 +0800] "GET /xingrg/check_reg.html?_=1619053768700 HTTP/1.1" 200 22
116.230.114.112 - - [22/Apr/2021:09:09:34 +0800] "GET /xingrg/kc/buy/cgsh_order_operate.html?command=get_materiel&rest_code=00146&code=00101008296&supplier_code=00100005&order_time=2021-04-22 HTTP/1.1" 200 416
116.224.253.72 - - [22/Apr/2021:09:09:36 +0800] "GET /xingrg/kc/buy/cgsh_order_operate.html?command=get_materiel&rest_code=00151&code=00101008354&supplier_code=00100007&order_time=2021-04-22 HTTP/1.1" 200 412
180.169.147.146 - - [22/Apr/2021:09:09:37 +0800] "GET /xingrg/all/function/internal_message.html?_=1619053779814&CODE_STATE=getMsg HTTP/1.1" 200 27
180.169.147.146 - - [22/Apr/2021:09:09:37 +0800] "GET /xingrg/check_reg.html?_=1619053779818 HTTP/1.1" 200 22
116.230.114.112 - - [22/Apr/2021:09:09:38 +0800] "POST /xingrg/kc/buy/cgsh_order_operate.html HTTP/1.1" 200 2065
116.224.253.72 - - [22/Apr/2021:09:09:41 +0800] "POST /xingrg/kc/buy/cgsh_order_operate.html HTTP/1.1" 200 12
114.83.220.121 - - [22/Apr/2021:09:09:41 +0800] "POST /xingrg/services/DataTransmitService HTTP/1.1" 200 524
116.224.253.72 - - [22/Apr/2021:09:09:41 +0800] "GET /xingrg/kc/buy/cgsh_order_info.html?code=212021042209124 HTTP/1.1" 200 56682
116.224.253.72 - - [22/Apr/2021:09:09:41 +0800] "GET /xingrg/words/20210422084616_words.js HTTP/1.1" 304 -
116.224.253.72 - - [22/Apr/2021:09:09:42 +0800] "GET /xingrg/javascript/easyui/themes/default/validatebox.css HTTP/1.1" 404 1104
116.224.253.72 - - [22/Apr/2021:09:09:42 +0800] "POST /xingrg/kc/buy/cgsh_order_operate.html HTTP/1.1" 200 616
116.238.141.202 - - [22/Apr/2021:09:09:42 +0800] "GET /xingrg/all/function/internal_message.html?_=1619054061191&CODE_STATE=getMsg HTTP/1.1" 200 27
116.224.253.72 - - [22/Apr/2021:09:09:43 +0800] "GET /xingrg/kc/buy/cgsh_order_operate.html?command=get_materiel&rest_code=00151&code=00101008355&supplier_code=00100007&order_time=2021-04-22 HTTP/1.1" 200 408
116.224.253.72 - - [22/Apr/2021:09:09:43 +0800] "GET /xingrg/kc/print/load_data.html?order_code=212021042209124&kc_code=cgsh&condition= HTTP/1.1" 200 690
116.233.77.251 - - [22/Apr/2021:09:09:43 +0800] "GET /xingrg/javascript/jquery_tools/images/prev.gif HTTP/1.1" 404 1086
116.233.77.251 - - [22/Apr/2021:09:09:43 +0800] "GET /xingrg/javascript/jquery_tools/images/next.gif HTTP/1.1" 404 1086
114.83.220.121 - - [22/Apr/2021:09:09:44 +0800] "POST /xingrg/services/DataTransmitService HTTP/1.1" 200 501
116.230.114.112 - - [22/Apr/2021:09:09:44 +0800] "GET /xingrg/all/function/internal_message.html?_=1619053798174&CODE_STATE=getMsg HTTP/1.1" 200 27
116.224.253.72 - - [22/Apr/2021:09:09:48 +0800] "GET /xingrg/kc/buy/cgsh_order_add.html HTTP/1.1" 200 61790
116.224.253.72 - - [22/Apr/2021:09:09:49 +0800] "POST /xingrg/kc/buy/cgsh_order_operate.html HTTP/1.1" 200 8245
116.224.253.72 - - [22/Apr/2021:09:09:49 +0800] "GET /xingrg/javascript/easyui/themes/default/validatebox.css HTTP/1.1" 404 1104
116.224.253.72 - - [22/Apr/2021:09:09:50 +0800] "GET /xingrg/kc/buy/cgsh_order_operate.html?command=get_materiel&rest_code=00151&code=00101008095&supplier_code=00100007&order_time=2021-04-22 HTTP/1.1" 200 412
116.233.77.251 - - [22/Apr/2021:09:09:50 +0800] "GET /xingrg/kc/buy/cgsh_order_operate.html?command=get_materiel&rest_code=00109&code=00101008199&supplier_code=00100005&order_time=2021-04-22 HTTP/1.1" 200 408
58.37.228.113 - - [22/Apr/2021:09:09:52 +0800] "GET /xingrg/all/function/internal_message.html?_=1619053795799&CODE_STATE=getMsg HTTP/1.1" 200 27
114.83.220.121 - - [22/Apr/2021:09:09:52 +0800] "POST /xingrg/services/DataTransmitService HTTP/1.1" 200 524
58.37.228.113 - - [22/Apr/2021:09:09:53 +0800] "GET /xingrg/kc/mdqp/qp_main.html HTTP/1.1" 302 -
58.37.228.113 - - [22/Apr/2021:09:09:53 +0800] "GET /xingrg/login.html HTTP/1.1" 200 7641
58.37.228.113 - - [22/Apr/2021:09:09:53 +0800] "GET /xingrg/login.html HTTP/1.1" 200 7641
58.37.228.113 - - [22/Apr/2021:09:09:53 +0800] "GET /favicon.ico HTTP/1.1" 404 -
58.37.228.113 - - [22/Apr/2021:09:09:54 +0800] "POST /xingrg/login.do HTTP/1.1" 302 -
58.37.228.113 - - [22/Apr/2021:09:09:54 +0800] "GET /xingrg/index.html?sysBaseUrl=http%3A%2F%2F180.169.147.146%3A18081%2Fxingrg%2F&costTime=38×tamp=1619053794632 HTTP/1.1" 200 17179
58.37.228.113 - - [22/Apr/2021:09:09:54 +0800] "POST /xingrg/all/common/load_tree.html?tree=area_rest_tree_json&manage=1 HTTP/1.1" 200 351
58.37.228.113 - - [22/Apr/2021:09:09:54 +0800] "GET /favicon.ico HTTP/1.1" 404 -
58.37.228.113 - - [22/Apr/2021:09:09:54 +0800] "GET /xingrg/check_reg.html?_=1619053767658 HTTP/1.1" 200 22
58.37.228.113 - - [22/Apr/2021:09:09:54 +0800] "GET /xingrg/all/function/internal_message.html?_=1619053767657&CODE_STATE=count HTTP/1.1" 200 11
58.37.228.113 - - [22/Apr/2021:09:09:54 +0800] "POST /xingrg/load_menu.html HTTP/1.1" 200 5138
114.83.220.121 - - [22/Apr/2021:09:09:55 +0800] "GET /xingrg/all/function/internal_message.html?_=1619053795416&CODE_STATE=getMsg HTTP/1.1" 200 27
114.83.220.121 - - [22/Apr/2021:09:09:55 +0800] "GET /xingrg/check_reg.html?_=1619053795520 HTTP/1.1" 200 22
58.37.228.113 - - [22/Apr/2021:09:09:56 +0800] "GET /xingrg/kc/mdqp/qp_main.html HTTP/1.1" 200 10633
116.224.253.72 - - [22/Apr/2021:09:09:56 +0800] "GET /xingrg/kc/buy/cgsh_order_operate.html?command=get_materiel&rest_code=00151&code=00101008221&supplier_code=00100007&order_time=2021-04-22 HTTP/1.1" 200 412
58.37.228.113 - - [22/Apr/2021:09:09:56 +0800] "GET /xingrg/images/yd/bt.gif HTTP/1.1" 404 1040
116.233.77.251 - - [22/Apr/2021:09:09:56 +0800] "GET /xingrg/kc/buy/cgsh_order_operate.html?command=get_materiel&rest_code=00109&code=00101008126&supplier_code=00100005&order_time=2021-04-22 HTTP/1.1" 200 412
58.37.228.113 - - [22/Apr/2021:09:09:57 +0800] "GET /xingrg/dwr/util.js HTTP/1.1" 304 -
58.37.228.113 - - [22/Apr/2021:09:09:57 +0800] "GET /xingrg/kc/mdqp/qqps_order_list.html HTTP/1.1" 200 9222
58.37.228.113 - - [22/Apr/2021:09:09:57 +0800] "GET /xingrg/dwr/interface/AjaxReportQueryService.js HTTP/1.1" 200 13203
58.37.228.113 - - [22/Apr/2021:09:09:57 +0800] "GET /xingrg/dwr/engine.js HTTP/1.1" 200 43631
58.37.228.113 - - [22/Apr/2021:09:09:57 +0800] "GET /xingrg/dwr/interface/AjaxQqpsService.js HTTP/1.1" 200 16326
58.37.228.113 - - [22/Apr/2021:09:09:58 +0800] "GET /xingrg/kc/mdqp/qqps_order_add.html HTTP/1.1" 200 28155
58.37.228.113 - - [22/Apr/2021:09:09:58 +0800] "GET /xingrg/dwr/interface/AjaxComOrderService.js HTTP/1.1" 200 18264
58.37.228.113 - - [22/Apr/2021:09:09:58 +0800] "GET /xingrg/dwr/interface/AjaxQqpsService.js HTTP/1.1" 200 16326
58.37.228.113 - - [22/Apr/2021:09:09:58 +0800] "GET /xingrg/dwr/engine.js HTTP/1.1" 200 43631
58.37.228.113 - - [22/Apr/2021:09:09:58 +0800] "GET /xingrg/words/20210422084616_words.js HTTP/1.1" 200 807466
116.230.114.112 - - [22/Apr/2021:09:10:00 +0800] "GET /xingrg/kc/buy/cgsh_order_operate.html?command=get_materiel&rest_code=00146&code=00101008208&supplier_code=00100005&order_time=2021-04-22 HTTP/1.1" 200 409
116.224.253.72 - - [22/Apr/2021:09:10:01 +0800] "GET /xingrg/kc/buy/cgsh_order_operate.html?command=get_materiel&rest_code=00151&code=00101008350&supplier_code=00100007&order_time=2021-04-22 HTTP/1.1" 200 408
116.233.77.251 - - [22/Apr/2021:09:10:01 +0800] "GET /xingrg/kc/buy/cgsh_order_operate.html?command=get_materiel&rest_code=00109&code=00101008141&supplier_code=00100005&order_time=2021-04-22 HTTP/1.1" 200 412
116.233.77.251 - - [22/Apr/2021:09:10:08 +0800] "GET /xingrg/kc/buy/cgsh_order_operate.html?command=get_materiel&rest_code=00109&code=00101008166&supplier_code=00100005&order_time=2021-04-22 HTTP/1.1" 200 412
116.224.253.72 - - [22/Apr/2021:09:10:09 +0800] "GET /xingrg/kc/buy/cgsh_order_operate.html?command=get_materiel&rest_code=00151&code=00101008343&supplier_code=00100007&order_time=2021-04-22 HTTP/1.1" 200 412
58.37.228.113 - - [22/Apr/2021:09:10:09 +0800] "POST /xingrg/dwr/call/plaincall/AjaxQqpsService.saveOrder.dwr HTTP/1.1" 200 78
116.224.253.72 - - [22/Apr/2021:09:10:10 +0800] "GET /xingrg/all/function/internal_message.html?_=1619053810814&CODE_STATE=getMsg HTTP/1.1" 200 27
114.88.160.164 - - [22/Apr/2021:09:10:11 +0800] "GET /xingrg/all/function/internal_message.html?_=1619053809003&CODE_STATE=getMsg HTTP/1.1" 200 27
58.37.228.113 - - [22/Apr/2021:09:10:12 +0800] "GET /xingrg/javascript/auto/indicator.gif HTTP/1.1" 404 1066
116.224.253.72 - - [22/Apr/2021:09:10:13 +0800] "GET /xingrg/all/function/internal_message.html?_=1619053797300&CODE_STATE=getMsg HTTP/1.1" 200 27
124.77.71.179 - - [22/Apr/2021:09:10:14 +0800] "GET /xingrg/all/function/internal_message.html?_=1619053809193&CODE_STATE=getMsg HTTP/1.1" 200 27
58.37.228.113 - - [22/Apr/2021:09:10:15 +0800] "POST /xingrg/dwr/call/plaincall/AjaxQqpsService.getMaterielByCode.dwr HTTP/1.1" 200 2584
116.233.77.251 - - [22/Apr/2021:09:10:17 +0800] "GET /xingrg/kc/buy/cgsh_order_operate.html?command=get_materiel&rest_code=00109&code=00101008332&supplier_code=00100005&order_time=2021-04-22 HTTP/1.1" 200 412
58.37.228.113 - - [22/Apr/2021:09:10:17 +0800] "POST /xingrg/dwr/call/plaincall/AjaxQqpsService.saveMaterielItem.dwr HTTP/1.1" 200 78
116.224.253.72 - - [22/Apr/2021:09:10:18 +0800] "GET /xingrg/kc/buy/cgsh_order_operate.html?command=get_materiel&rest_code=00151&code=00101007091&supplier_code=00100096&order_time=2021-04-22 HTTP/1.1" 200 413
116.224.253.72 - - [22/Apr/2021:09:10:20 +0800] "GET /xingrg/kc/buy/cgsh_order_operate.html?command=get_materiel&rest_code=00151&code=00101008441&supplier_code=00100007&order_time=2021-04-22 HTTP/1.1" 200 406
116.230.114.112 - - [22/Apr/2021:09:10:21 +0800] "GET /xingrg/kc/buy/cgsh_order_operate.html?command=get_materiel&rest_code=00146&code=00101008019&supplier_code=00100005&order_time=2021-04-22 HTTP/1.1" 200 416
180.169.147.146 - - [22/Apr/2021:09:10:21 +0800] "GET /xingrg/all/function/internal_message.html?_=1619053821557&CODE_STATE=getMsg HTTP/1.1" 200 27
58.37.228.113 - - [22/Apr/2021:09:10:22 +0800] "POST /xingrg/dwr/call/plaincall/AjaxQqpsService.getMaterielByCode.dwr HTTP/1.1" 200 2569
116.233.77.251 - - [22/Apr/2021:09:10:22 +0800] "GET /xingrg/kc/buy/cgsh_order_operate.html?command=get_materiel&rest_code=00109&code=00101008256&supplier_code=00100005&order_time=2021-04-22 HTTP/1.1" 200 412
222.70.217.33 - - [22/Apr/2021:09:10:23 +0800] "GET /xingrg/all/function/internal_message.html?_=1619053823697&CODE_STATE=getMsg HTTP/1.1" 200 27
58.37.228.113 - - [22/Apr/2021:09:10:24 +0800] "POST /xingrg/dwr/call/plaincall/AjaxQqpsService.saveMaterielItem.dwr HTTP/1.1" 200 78
101.85.94.178 - - [22/Apr/2021:09:10:24 +0800] "GET /xingrg/all/function/internal_message.html?_=1619053356871&CODE_STATE=getMsg HTTP/1.1" 200 27
116.224.253.72 - - [22/Apr/2021:09:10:26 +0800] "GET /xingrg/kc/buy/cgsh_order_operate.html?command=get_materiel&rest_code=00151&code=00101008150&supplier_code=00100007&order_time=2021-04-22 HTTP/1.1" 200 409
58.37.228.113 - - [22/Apr/2021:09:10:26 +0800] "POST /xingrg/dwr/call/plaincall/AjaxQqpsService.getMaterielByCode.dwr HTTP/1.1" 200 2578
116.233.77.251 - - [22/Apr/2021:09:10:27 +0800] "GET /xingrg/all/function/internal_message.html?_=1619053829868&CODE_STATE=getMsg HTTP/1.1" 200 27
58.37.228.113 - - [22/Apr/2021:09:10:32 +0800] "POST /xingrg/dwr/call/plaincall/AjaxQqpsService.saveMaterielItem.dwr HTTP/1.1" 200 78
116.224.253.72 - - [22/Apr/2021:09:10:33 +0800] "GET /xingrg/kc/buy/cgsh_order_operate.html?command=get_materiel&rest_code=00151&code=00101016105&supplier_code=00100096&order_time=2021-04-22 HTTP/1.1" 200 411
116.224.253.72 - - [22/Apr/2021:09:10:34 +0800] "GET /xingrg/kc/buy/cgsh_order_operate.html?command=get_materiel&rest_code=00151&code=00101008165&supplier_code=00100007&order_time=2021-04-22 HTTP/1.1" 200 416
58.37.228.113 - - [22/Apr/2021:09:10:36 +0800] "POST /xingrg/dwr/call/plaincall/AjaxQqpsService.getMaterielByCode.dwr HTTP/1.1" 200 2570
180.169.147.146 - - [22/Apr/2021:09:10:37 +0800] "GET /xingrg/all/function/internal_message.html?_=1619053839818&CODE_STATE=getMsg HTTP/1.1" 200 27
58.37.228.113 - - [22/Apr/2021:09:10:38 +0800] "POST /xingrg/dwr/call/plaincall/AjaxQqpsService.saveMaterielItem.dwr HTTP/1.1" 200 78
116.224.253.72 - - [22/Apr/2021:09:10:39 +0800] "GET /xingrg/kc/buy/cgsh_order_operate.html?command=get_materiel&rest_code=00151&code=00101008351&supplier_code=00100007&order_time=2021-04-22 HTTP/1.1" 200 408
180.169.147.146 - - [22/Apr/2021:09:10:39 +0800] "GET /xingrg/check_reg.html?_=1619053835763 HTTP/1.1" 200 22
116.238.141.202 - - [22/Apr/2021:09:10:42 +0800] "GET /xingrg/all/function/internal_message.html?_=1619054121205&CODE_STATE=getMsg HTTP/1.1" 200 27
116.230.114.112 - - [22/Apr/2021:09:10:44 +0800] "GET /xingrg/check_reg.html?_=1619053858064 HTTP/1.1" 200 22
116.230.114.112 - - [22/Apr/2021:09:10:44 +0800] "GET /xingrg/all/function/internal_message.html?_=1619053858188&CODE_STATE=getMsg HTTP/1.1" 200 27
116.230.114.112 - - [22/Apr/2021:09:10:50 +0800] "GET /xingrg/kc/buy/cgsh_order_operate.html?command=get_materiel&rest_code=00146&code=00101008038&supplier_code=00100005&order_time=2021-04-22 HTTP/1.1" 200 412
116.224.253.72 - - [22/Apr/2021:09:10:51 +0800] "GET /xingrg/kc/buy/cgsh_order_operate.html?command=get_materiel&rest_code=00151&code=00101008264&supplier_code=00100007&order_time=2021-04-22 HTTP/1.1" 200 412
58.37.228.113 - - [22/Apr/2021:09:10:52 +0800] "GET /xingrg/all/function/internal_message.html?_=1619053855798&CODE_STATE=getMsg HTTP/1.1" 200 27
116.224.253.72 - - [22/Apr/2021:09:10:54 +0800] "GET /xingrg/kc/buy/cgsh_order_operate.html?command=get_materiel&rest_code=00151&code=00101012003&supplier_code=00100096&order_time=2021-04-22 HTTP/1.1" 200 412
58.37.228.113 - - [22/Apr/2021:09:10:54 +0800] "GET /xingrg/all/function/internal_message.html?_=1619053827662&CODE_STATE=getMsg HTTP/1.1" 200 27
114.83.220.121 - - [22/Apr/2021:09:10:55 +0800] "GET /xingrg/all/function/internal_message.html?_=1619053855426&CODE_STATE=getMsg HTTP/1.1" 200 27
58.37.228.113 - - [22/Apr/2021:09:10:57 +0800] "POST /xingrg/dwr/call/plaincall/AjaxQqpsService.getMaterielByCode.dwr HTTP/1.1" 200 2570
101.89.239.216 - - [22/Apr/2021:09:11:01 +0800] "GET /xingrg/all/function/internal_message.html?_=1619053795799&CODE_STATE=getMsg HTTP/1.1" 302 -
116.224.253.72 - - [22/Apr/2021:09:11:01 +0800] "GET /xingrg/kc/buy/cgsh_order_operate.html?command=get_materiel&rest_code=00151&code=00101008302&supplier_code=00100007&order_time=2021-04-22 HTTP/1.1" 200 412
101.89.239.216 - - [22/Apr/2021:09:11:04 +0800] "GET /xingrg/login.html HTTP/1.1" 200 7641
58.37.228.113 - - [22/Apr/2021:09:11:05 +0800] "POST /xingrg/dwr/call/plaincall/AjaxQqpsService.saveMaterielItem.dwr HTTP/1.1" 200 79
116.224.253.72 - - [22/Apr/2021:09:11:08 +0800] "POST /xingrg/kc/buy/cgsh_order_operate.html HTTP/1.1" 200 37
116.230.114.112 - - [22/Apr/2021:09:11:08 +0800] "POST /xingrg/kc/buy/cgsh_order_operate.html HTTP/1.1" 200 2065
116.224.253.72 - - [22/Apr/2021:09:11:10 +0800] "POST /xingrg/kc/buy/cgsh_order_operate.html HTTP/1.1" 200 14060
116.224.253.72 - - [22/Apr/2021:09:11:10 +0800] "GET /xingrg/all/function/internal_message.html?_=1619053870828&CODE_STATE=getMsg HTTP/1.1" 200 27
114.88.160.164 - - [22/Apr/2021:09:11:11 +0800] "GET /xingrg/all/function/internal_message.html?_=1619053869078&CODE_STATE=getMsg HTTP/1.1" 200 27
58.37.228.113 - - [22/Apr/2021:09:11:12 +0800] "POST /xingrg/dwr/call/plaincall/AjaxQqpsService.getMaterielByCode.dwr HTTP/1.1" 200 2592
116.224.253.72 - - [22/Apr/2021:09:11:13 +0800] "GET /xingrg/all/function/internal_message.html?_=1619053857314&CODE_STATE=getMsg HTTP/1.1" 200 27
116.224.253.72 - - [22/Apr/2021:09:11:13 +0800] "GET /xingrg/kc/buy/cgsh_order_operate.html?command=get_materiel&rest_code=00151&code=00101006131&supplier_code=00100096&order_time=2021-04-22 HTTP/1.1" 200 417
116.233.77.251 - - [22/Apr/2021:09:11:13 +0800] "GET /xingrg/kc/buy/cgsh_order_operate.html?command=get_materiel&rest_code=00109&code=00101008185&supplier_code=00100005&order_time=2021-04-22 HTTP/1.1" 200 408
58.37.228.113 - - [22/Apr/2021:09:11:14 +0800] "POST /xingrg/dwr/call/plaincall/AjaxQqpsService.saveMaterielItem.dwr HTTP/1.1" 200 79
124.77.71.179 - - [22/Apr/2021:09:11:14 +0800] "GET /xingrg/all/function/internal_message.html?_=1619053869198&CODE_STATE=getMsg HTTP/1.1" 200 27
116.224.253.72 - - [22/Apr/2021:09:11:16 +0800] "GET /xingrg/kc/buy/cgsh_order_operate.html?command=get_materiel&rest_code=00151&code=00101008357&supplier_code=00100007&order_time=2021-04-22 HTTP/1.1" 200 408
58.37.228.113 - - [22/Apr/2021:09:11:19 +0800] "POST /xingrg/dwr/call/plaincall/AjaxQqpsService.getMaterielByCode.dwr HTTP/1.1" 200 2586
180.169.147.146 - - [22/Apr/2021:09:11:21 +0800] "GET /xingrg/all/function/internal_message.html?_=1619053881562&CODE_STATE=getMsg HTTP/1.1" 200 27
222.70.217.33 - - [22/Apr/2021:09:11:23 +0800] "GET /xingrg/all/function/internal_message.html?_=1619053883685&CODE_STATE=getMsg HTTP/1.1" 200 27
58.37.228.113 - - [22/Apr/2021:09:11:24 +0800] "POST /xingrg/dwr/call/plaincall/AjaxQqpsService.saveMaterielItem.dwr HTTP/1.1" 200 79
101.85.94.178 - - [22/Apr/2021:09:11:24 +0800] "GET /xingrg/all/function/internal_message.html?_=1619053416869&CODE_STATE=getMsg HTTP/1.1" 200 27
101.85.94.178 - - [22/Apr/2021:09:11:24 +0800] "GET /xingrg/check_reg.html?_=1619053416870 HTTP/1.1" 200 22
116.233.77.251 - - [22/Apr/2021:09:11:26 +0800] "GET /xingrg/all/function/internal_message.html?_=1619053888918&CODE_STATE=getMsg HTTP/1.1" 200 27
58.37.228.113 - - [22/Apr/2021:09:11:26 +0800] "POST /xingrg/dwr/call/plaincall/AjaxQqpsService.getMaterielByCode.dwr HTTP/1.1" 200 2654
116.224.253.72 - - [22/Apr/2021:09:11:27 +0800] "GET /xingrg/kc/buy/cgsh_order_operate.html?command=get_materiel&rest_code=00151&code=00101006056&supplier_code=00100096&order_time=2021-04-22 HTTP/1.1" 200 415
116.224.253.72 - - [22/Apr/2021:09:11:27 +0800] "GET /xingrg/kc/buy/cgsh_order_operate.html?command=get_materiel&rest_code=00151&code=00101008300&supplier_code=00100007&order_time=2021-04-22 HTTP/1.1" 200 412
58.37.228.113 - - [22/Apr/2021:09:11:28 +0800] "POST /xingrg/dwr/call/plaincall/AjaxQqpsService.saveMaterielItem.dwr HTTP/1.1" 200 79
58.37.228.113 - - [22/Apr/2021:09:11:32 +0800] "POST /xingrg/dwr/call/plaincall/AjaxQqpsService.getMaterielByCode.dwr HTTP/1.1" 200 2633
116.224.253.72 - - [22/Apr/2021:09:11:36 +0800] "GET /xingrg/kc/buy/cgsh_order_operate.html?command=get_materiel&rest_code=00151&code=00101008356&supplier_code=00100007&order_time=2021-04-22 HTTP/1.1" 200 408
180.169.147.146 - - [22/Apr/2021:09:11:37 +0800] "GET /xingrg/all/function/internal_message.html?_=1619053899820&CODE_STATE=getMsg HTTP/1.1" 200 27
58.37.228.113 - - [22/Apr/2021:09:11:37 +0800] "POST /xingrg/dwr/call/plaincall/AjaxQqpsService.saveMaterielItem.dwr HTTP/1.1" 200 79
116.224.253.72 - - [22/Apr/2021:09:11:39 +0800] "GET /xingrg/kc/buy/cgsh_order_operate.html?command=get_materiel&rest_code=00151&code=00101006109&supplier_code=00100096&order_time=2021-04-22 HTTP/1.1" 200 409
58.37.228.113 - - [22/Apr/2021:09:11:42 +0800] "POST /xingrg/dwr/call/plaincall/AjaxQqpsService.removeMaterielItem.dwr HTTP/1.1" 200 79
116.238.141.202 - - [22/Apr/2021:09:11:43 +0800] "GET /xingrg/all/function/internal_message.html?_=1619054181220&CODE_STATE=getMsg HTTP/1.1" 200 27
116.233.77.251 - - [22/Apr/2021:09:11:43 +0800] "GET /xingrg/kc/buy/cgsh_order_operate.html?command=get_materiel&rest_code=00109&code=00101008355&supplier_code=00100005&order_time=2021-04-22 HTTP/1.1" 200 408
116.230.114.112 - - [22/Apr/2021:09:11:44 +0800] "GET /xingrg/all/function/internal_message.html?_=1619053918201&CODE_STATE=getMsg HTTP/1.1" 200 27
58.37.228.113 - - [22/Apr/2021:09:11:45 +0800] "POST /xingrg/dwr/call/plaincall/AjaxQqpsService.checkOrder.dwr HTTP/1.1" 200 79
116.224.253.72 - - [22/Apr/2021:09:11:46 +0800] "GET /xingrg/kc/buy/cgsh_order_operate.html?command=get_materiel&rest_code=00151&code=00101008286&supplier_code=00100007&order_time=2021-04-22 HTTP/1.1" 200 408
58.37.228.113 - - [22/Apr/2021:09:11:47 +0800] "GET /xingrg/kc/mdqp/qqps_order_info.html?code=302021042200423 HTTP/1.1" 200 26558
58.37.228.113 - - [22/Apr/2021:09:11:47 +0800] "GET /xingrg/dwr/interface/AjaxComOrderService.js HTTP/1.1" 200 18264
58.37.228.113 - - [22/Apr/2021:09:11:47 +0800] "GET /xingrg/dwr/interface/AjaxQqpsService.js HTTP/1.1" 200 16326
58.37.228.113 - - [22/Apr/2021:09:11:47 +0800] "GET /xingrg/dwr/engine.js HTTP/1.1" 200 43631
61.165.42.208 - - [22/Apr/2021:09:11:47 +0800] "GET /xingrg/index.html?sysBaseUrl=http%3A%2F%2F180.169.147.146%3A18081%2Fxingrg%2F&costTime=36×tamp=1585223203754 HTTP/1.1" 302 -
61.165.42.208 - - [22/Apr/2021:09:11:47 +0800] "GET /xingrg/login.html HTTP/1.1" 200 7641
58.37.228.113 - - [22/Apr/2021:09:11:47 +0800] "POST /xingrg/dwr/call/plaincall/AjaxQqpsService.loadMaterielItems.dwr HTTP/1.1" 200 2533
61.165.42.208 - - [22/Apr/2021:09:11:48 +0800] "GET /favicon.ico HTTP/1.1" 404 -
58.37.228.113 - - [22/Apr/2021:09:11:48 +0800] "GET /xingrg/kc/buy/buy_main.html HTTP/1.1" 200 12412
58.37.228.113 - - [22/Apr/2021:09:11:48 +0800] "GET /xingrg/css/new_ie.css HTTP/1.1" 404 1036
116.233.77.251 - - [22/Apr/2021:09:11:48 +0800] "GET /xingrg/kc/buy/cgsh_order_operate.html?command=get_materiel&rest_code=00109&code=00101008144&supplier_code=00100005&order_time=2021-04-22 HTTP/1.1" 200 412
58.37.228.113 - - [22/Apr/2021:09:11:49 +0800] "GET /xingrg/kc/buy/cgsh_order_list.html HTTP/1.1" 200 46416
58.37.228.113 - - [22/Apr/2021:09:11:50 +0800] "POST /xingrg/kc/buy/cgsh_list_operate.html HTTP/1.1" 200 876
58.37.228.113 - - [22/Apr/2021:09:11:52 +0800] "GET /xingrg/check_reg.html?_=1619053915798 HTTP/1.1" 200 22
58.37.228.113 - - [22/Apr/2021:09:11:52 +0800] "GET /xingrg/all/function/internal_message.html?_=1619053915799&CODE_STATE=getMsg HTTP/1.1" 200 27
61.165.42.208 - - [22/Apr/2021:09:11:52 +0800] "POST /xingrg/login.do HTTP/1.1" 200 2421
58.37.228.113 - - [22/Apr/2021:09:11:52 +0800] "GET /xingrg/javascript/jquery_tools/images/next.gif HTTP/1.1" 404 1086
58.37.228.113 - - [22/Apr/2021:09:11:52 +0800] "GET /xingrg/javascript/jquery_tools/images/prev.gif HTTP/1.1" 404 1086
61.165.42.208 - - [22/Apr/2021:09:11:53 +0800] "GET /favicon.ico HTTP/1.1" 404 -
61.165.42.208 - - [22/Apr/2021:09:11:53 +0800] "GET /xingrg/login.html HTTP/1.1" 200 7641
61.165.42.208 - - [22/Apr/2021:09:11:53 +0800] "GET /favicon.ico HTTP/1.1" 404 -
61.165.42.208 - - [22/Apr/2021:09:11:54 +0800] "POST /xingrg/login.do HTTP/1.1" 302 -
61.165.42.208 - - [22/Apr/2021:09:11:54 +0800] "GET /xingrg/index.html?sysBaseUrl=http%3A%2F%2F180.169.147.146%3A18081%2Fxingrg%2F&costTime=45×tamp=1619053914413 HTTP/1.1" 200 17173
61.165.42.208 - - [22/Apr/2021:09:11:54 +0800] "GET /favicon.ico HTTP/1.1" 404 -
61.165.42.208 - - [22/Apr/2021:09:11:54 +0800] "POST /xingrg/all/common/load_tree.html?tree=area_rest_tree_json&manage=1 HTTP/1.1" 200 3344
61.165.42.208 - - [22/Apr/2021:09:11:54 +0800] "GET /xingrg/check_reg.html?_=1619053914498 HTTP/1.1" 200 22
61.165.42.208 - - [22/Apr/2021:09:11:54 +0800] "GET /xingrg/all/function/internal_message.html?_=1619053914498&CODE_STATE=count HTTP/1.1" 200 11
61.165.42.208 - - [22/Apr/2021:09:11:54 +0800] "POST /xingrg/load_menu.html HTTP/1.1" 200 5138
58.37.228.113 - - [22/Apr/2021:09:11:54 +0800] "GET /xingrg/all/function/internal_message.html?_=1619053887667&CODE_STATE=getMsg HTTP/1.1" 200 27
116.224.253.72 - - [22/Apr/2021:09:11:54 +0800] "GET /xingrg/kc/buy/cgsh_order_operate.html?command=get_materiel&rest_code=00151&code=00101012039&supplier_code=00100007&order_time=2021-04-22 HTTP/1.1" 200 408
114.83.220.121 - - [22/Apr/2021:09:11:54 +0800] "GET /xingrg/all/function/internal_message.html?_=1619053915415&CODE_STATE=getMsg HTTP/1.1" 200 27
61.151.207.141 - - [22/Apr/2021:09:11:56 +0800] "GET /xingrg/all/function/internal_message.html?_=1619053855798&CODE_STATE=getMsg HTTP/1.1" 302 -
61.165.42.208 - - [22/Apr/2021:09:11:56 +0800] "GET /xingrg/kc/buy/cgsh_order_list.html HTTP/1.1" 200 46410
116.233.77.251 - - [22/Apr/2021:09:11:56 +0800] "GET /xingrg/kc/buy/cgsh_order_operate.html?command=get_materiel&rest_code=00109&code=00101008300&supplier_code=00100005&order_time=2021-04-22 HTTP/1.1" 200 412
61.165.42.208 - - [22/Apr/2021:09:11:57 +0800] "POST /xingrg/kc/buy/cgsh_list_operate.html HTTP/1.1" 200 876
61.165.42.208 - - [22/Apr/2021:09:11:58 +0800] "GET /xingrg/kc/buy/cgsh_order_add.html HTTP/1.1" 200 62195
61.165.42.208 - - [22/Apr/2021:09:11:58 +0800] "GET /xingrg/words/20210422084616_words.js HTTP/1.1" 200 807466
61.151.207.141 - - [22/Apr/2021:09:11:58 +0800] "GET /xingrg/login.html HTTP/1.1" 200 7641
61.165.42.208 - - [22/Apr/2021:09:11:59 +0800] "POST /xingrg/kc/buy/cgsh_order_operate.html HTTP/1.1" 200 8245
61.165.42.208 - - [22/Apr/2021:09:11:59 +0800] "GET /xingrg/all/common/auto_word.html?type=employee&rest_code=00105 HTTP/1.1" 200 193
61.165.42.208 - - [22/Apr/2021:09:11:59 +0800] "GET /xingrg/all/common/auto_word.html?type=employee&rest_code=00105 HTTP/1.1" 200 193
61.165.42.208 - - [22/Apr/2021:09:11:59 +0800] "GET /xingrg/javascript/easyui/themes/default/validatebox.css HTTP/1.1" 404 1104
58.37.228.113 - - [22/Apr/2021:09:11:59 +0800] "POST /xingrg/kc/buy/cgsh_list_operate.html HTTP/1.1" 200 5454
61.165.42.208 - - [22/Apr/2021:09:12:01 +0800] "GET /xingrg/javascript/auto/indicator.gif HTTP/1.1" 404 1066
116.224.253.72 - - [22/Apr/2021:09:12:02 +0800] "POST /xingrg/kc/buy/cgsh_order_operate.html HTTP/1.1" 200 37
116.233.77.251 - - [22/Apr/2021:09:12:03 +0800] "GET /xingrg/kc/buy/cgsh_order_operate.html?command=get_materiel&rest_code=00109&code=00101008136&supplier_code=00100005&order_time=2021-04-22 HTTP/1.1" 200 413
116.224.253.72 - - [22/Apr/2021:09:12:04 +0800] "POST /xingrg/kc/buy/cgsh_order_operate.html HTTP/1.1" 200 17051
58.37.228.113 - - [22/Apr/2021:09:12:04 +0800] "POST /xingrg/kc/buy/cgsh_list_operate.html HTTP/1.1" 200 5466
58.37.228.113 - - [22/Apr/2021:09:12:05 +0800] "POST /xingrg/kc/buy/cgsh_list_operate.html HTTP/1.1" 200 589
58.37.228.113 - - [22/Apr/2021:09:12:06 +0800] "GET /xingrg/kc/buy/cgsh_order_info.html?code=212021042008515 HTTP/1.1" 200 57048
58.37.228.113 - - [22/Apr/2021:09:12:06 +0800] "GET /xingrg/javascript/easyui/themes/default/validatebox.css HTTP/1.1" 404 1104
58.37.228.113 - - [22/Apr/2021:09:12:06 +0800] "POST /xingrg/kc/buy/cgsh_order_operate.html HTTP/1.1" 200 6572
116.224.253.72 - - [22/Apr/2021:09:12:10 +0800] "GET /xingrg/all/function/internal_message.html?_=1619053930836&CODE_STATE=getMsg HTTP/1.1" 200 27
116.224.253.72 - - [22/Apr/2021:09:12:10 +0800] "GET /xingrg/kc/buy/cgsh_order_operate.html?command=get_materiel&rest_code=00151&code=00101016025&supplier_code=00100007&order_time=2021-04-22 HTTP/1.1" 200 408
114.88.160.164 - - [22/Apr/2021:09:12:11 +0800] "GET /xingrg/check_reg.html?_=1619053928723 HTTP/1.1" 200 22
114.88.160.164 - - [22/Apr/2021:09:12:11 +0800] "GET /xingrg/all/function/internal_message.html?_=1619053929091&CODE_STATE=getMsg HTTP/1.1" 200 27
116.224.253.72 - - [22/Apr/2021:09:12:13 +0800] "GET /xingrg/all/function/internal_message.html?_=1619053917327&CODE_STATE=getMsg HTTP/1.1" 200 27
61.165.42.208 - - [22/Apr/2021:09:12:13 +0800] "GET /xingrg/kc/buy/cgsh_order_operate.html?command=get_materiel&rest_code=00105&code=00101007061&supplier_code=00100002&order_time=2021-04-22 HTTP/1.1" 200 409
124.77.71.179 - - [22/Apr/2021:09:12:14 +0800] "GET /xingrg/all/function/internal_message.html?_=1619053929186&CODE_STATE=getMsg HTTP/1.1" 200 27
124.77.71.179 - - [22/Apr/2021:09:12:14 +0800] "GET /xingrg/check_reg.html?_=1619053929190 HTTP/1.1" 200 22
116.230.114.112 - - [22/Apr/2021:09:12:19 +0800] "GET /xingrg/kc/buy/cgsh_order_operate.html?command=get_materiel&rest_code=00146&code=00101008318&supplier_code=00100005&order_time=2021-04-22 HTTP/1.1" 200 408
116.224.253.72 - - [22/Apr/2021:09:12:19 +0800] "GET /xingrg/kc/buy/cgsh_order_operate.html?command=get_materiel&rest_code=00151&code=00101008017&supplier_code=00100007&order_time=2021-04-22 HTTP/1.1" 200 416
180.169.147.146 - - [22/Apr/2021:09:12:21 +0800] "GET /xingrg/all/function/internal_message.html?_=1619053941567&CODE_STATE=getMsg HTTP/1.1" 200 27
222.70.217.33 - - [22/Apr/2021:09:12:23 +0800] "GET /xingrg/all/function/internal_message.html?_=1619053943688&CODE_STATE=getMsg HTTP/1.1" 200 27
222.70.217.33 - - [22/Apr/2021:09:12:23 +0800] "GET /xingrg/check_reg.html?_=1619053943692 HTTP/1.1" 200 22
101.85.94.178 - - [22/Apr/2021:09:12:24 +0800] "GET /xingrg/all/function/internal_message.html?_=1619053476869&CODE_STATE=getMsg HTTP/1.1" 200 27
116.224.253.72 - - [22/Apr/2021:09:12:26 +0800] "GET /xingrg/kc/buy/cgsh_order_operate.html?command=get_materiel&rest_code=00151&code=00101008096&supplier_code=00100007&order_time=2021-04-22 HTTP/1.1" 200 412
116.233.77.251 - - [22/Apr/2021:09:12:26 +0800] "GET /xingrg/all/function/internal_message.html?_=1619053948921&CODE_STATE=getMsg HTTP/1.1" 200 27
116.233.77.251 - - [22/Apr/2021:09:12:29 +0800] "GET /xingrg/kc/buy/cgsh_order_operate.html?command=get_materiel&rest_code=00109&code=00101008357&supplier_code=00100005&order_time=2021-04-22 HTTP/1.1" 200 408
116.230.114.112 - - [22/Apr/2021:09:12:30 +0800] "GET /xingrg/kc/buy/cgsh_order_operate.html?command=get_materiel&rest_code=00146&code=00101008005&supplier_code=00100005&order_time=2021-04-22 HTTP/1.1" 200 412
114.83.220.121 - - [22/Apr/2021:09:12:32 +0800] "POST /xingrg/services/DataTransmitService HTTP/1.1" 200 501
116.224.253.72 - - [22/Apr/2021:09:12:33 +0800] "GET /xingrg/kc/buy/cgsh_order_operate.html?command=get_materiel&rest_code=00151&code=00101008072&supplier_code=00100007&order_time=2021-04-22 HTTP/1.1" 200 408
114.83.220.121 - - [22/Apr/2021:09:12:33 +0800] "POST /xingrg/services/DataTransmitService HTTP/1.1" 200 501
116.233.77.251 - - [22/Apr/2021:09:12:34 +0800] "GET /xingrg/kc/buy/cgsh_order_operate.html?command=get_materiel&rest_code=00109&code=00101008069&supplier_code=00100005&order_time=2021-04-22 HTTP/1.1" 200 412
116.230.114.112 - - [22/Apr/2021:09:12:34 +0800] "POST /xingrg/kc/buy/cgsh_order_operate.html HTTP/1.1" 200 2065
180.169.147.146 - - [22/Apr/2021:09:12:37 +0800] "GET /xingrg/all/function/internal_message.html?_=1619053959822&CODE_STATE=getMsg HTTP/1.1" 200 27
116.233.77.251 - - [22/Apr/2021:09:12:40 +0800] "GET /xingrg/kc/buy/cgsh_order_operate.html?command=get_materiel&rest_code=00109&code=00101008286&supplier_code=00100005&order_time=2021-04-22 HTTP/1.1" 200 408
116.224.253.72 - - [22/Apr/2021:09:12:41 +0800] "GET /xingrg/kc/buy/cgsh_order_operate.html?command=get_materiel&rest_code=00151&code=00101008069&supplier_code=00100007&order_time=2021-04-22 HTTP/1.1" 200 414
116.238.141.202 - - [22/Apr/2021:09:12:42 +0800] "GET /xingrg/check_reg.html?_=1619054240576 HTTP/1.1" 200 22
116.238.141.202 - - [22/Apr/2021:09:12:43 +0800] "GET /xingrg/all/function/internal_message.html?_=1619054241235&CODE_STATE=getMsg HTTP/1.1" 200 27
116.230.114.112 - - [22/Apr/2021:09:12:44 +0800] "GET /xingrg/all/function/internal_message.html?_=1619053978215&CODE_STATE=getMsg HTTP/1.1" 200 27
61.165.42.208 - - [22/Apr/2021:09:12:45 +0800] "GET /xingrg/kc/buy/cgsh_order_operate.html?command=get_materiel&rest_code=00105&code=00101007081&supplier_code=00100002&order_time=2021-04-22 HTTP/1.1" 200 413
116.224.253.72 - - [22/Apr/2021:09:12:49 +0800] "POST /xingrg/kc/buy/cgsh_order_operate.html HTTP/1.1" 200 37
116.224.253.72 - - [22/Apr/2021:09:12:51 +0800] "POST /xingrg/kc/buy/cgsh_order_operate.html HTTP/1.1" 200 20052
116.233.77.251 - - [22/Apr/2021:09:12:51 +0800] "GET /xingrg/kc/buy/cgsh_order_operate.html?command=get_materiel&rest_code=00109&code=00101008318&supplier_code=00100005&order_time=2021-04-22 HTTP/1.1" 200 408
58.37.228.113 - - [22/Apr/2021:09:12:52 +0800] "GET /xingrg/all/function/internal_message.html?_=1619053975802&CODE_STATE=getMsg HTTP/1.1" 200 27
116.230.114.112 - - [22/Apr/2021:09:12:53 +0800] "GET /xingrg/kc/buy/cgsh_order_operate.html?command=get_materiel&rest_code=00146&code=00101008312&supplier_code=00100005&order_time=2021-04-22 HTTP/1.1" 200 412
61.165.42.208 - - [22/Apr/2021:09:12:54 +0800] "GET /xingrg/all/function/internal_message.html?_=1619053974499&CODE_STATE=getMsg HTTP/1.1" 200 27
58.37.228.113 - - [22/Apr/2021:09:12:54 +0800] "GET /xingrg/all/function/internal_message.html?_=1619053947668&CODE_STATE=getMsg HTTP/1.1" 200 27
114.83.220.121 - - [22/Apr/2021:09:12:54 +0800] "GET /xingrg/all/function/internal_message.html?_=1619053975400&CODE_STATE=getMsg HTTP/1.1" 200 27
114.83.220.121 - - [22/Apr/2021:09:12:56 +0800] "POST /xingrg/services/DataTransmitService HTTP/1.1" 200 501
116.233.77.251 - - [22/Apr/2021:09:12:57 +0800] "GET /xingrg/kc/buy/cgsh_order_operate.html?command=get_materiel&rest_code=00109&code=00101008353&supplier_code=00100005&order_time=2021-04-22 HTTP/1.1" 200 408
116.224.253.72 - - [22/Apr/2021:09:12:59 +0800] "GET /xingrg/kc/buy/cgsh_order_operate.html?command=get_materiel&rest_code=00151&code=00101008213&supplier_code=00100007&order_time=2021-04-22 HTTP/1.1" 200 412
116.233.77.251 - - [22/Apr/2021:09:13:02 +0800] "GET /xingrg/kc/buy/cgsh_order_operate.html?command=get_materiel&rest_code=00109&code=00101008196&supplier_code=00100005&order_time=2021-04-22 HTTP/1.1" 200 416
61.165.42.208 - - [22/Apr/2021:09:13:04 +0800] "GET /xingrg/kc/buy/cgsh_order_operate.html?command=get_materiel&rest_code=00105&code=00101007128&supplier_code=00100002&order_time=2021-04-22 HTTP/1.1" 200 406
116.230.114.112 - - [22/Apr/2021:09:13:04 +0800] "GET /xingrg/kc/buy/cgsh_order_operate.html?command=get_materiel&rest_code=00146&code=00101008283&supplier_code=00100005&order_time=2021-04-22 HTTP/1.1" 200 408
116.224.253.72 - - [22/Apr/2021:09:13:08 +0800] "GET /xingrg/kc/buy/cgsh_order_operate.html?command=get_materiel&rest_code=00151&code=00101008209&supplier_code=00100007&order_time=2021-04-22 HTTP/1.1" 200 409
116.233.77.251 - - [22/Apr/2021:09:13:09 +0800] "GET /xingrg/kc/buy/cgsh_order_operate.html?command=get_materiel&rest_code=00109&code=00101008197&supplier_code=00100005&order_time=2021-04-22 HTTP/1.1" 200 417
116.224.253.72 - - [22/Apr/2021:09:13:10 +0800] "GET /xingrg/check_reg.html?_=1619053990831 HTTP/1.1" 200 22
116.224.253.72 - - [22/Apr/2021:09:13:10 +0800] "GET /xingrg/all/function/internal_message.html?_=1619053990833&CODE_STATE=getMsg HTTP/1.1" 200 27
114.88.160.164 - - [22/Apr/2021:09:13:11 +0800] "GET /xingrg/all/function/internal_message.html?_=1619053989105&CODE_STATE=getMsg HTTP/1.1" 200 27
116.224.253.72 - - [22/Apr/2021:09:13:13 +0800] "GET /xingrg/check_reg.html?_=1619053977286 HTTP/1.1" 200 22
116.224.253.72 - - [22/Apr/2021:09:13:13 +0800] "GET /xingrg/all/function/internal_message.html?_=1619053977340&CODE_STATE=getMsg HTTP/1.1" 200 27
124.77.71.179 - - [22/Apr/2021:09:13:14 +0800] "GET /xingrg/all/function/internal_message.html?_=1619053989190&CODE_STATE=getMsg HTTP/1.1" 200 27
61.165.42.208 - - [22/Apr/2021:09:13:15 +0800] "POST /xingrg/kc/buy/cgsh_order_operate.html HTTP/1.1" 200 37
116.233.77.251 - - [22/Apr/2021:09:13:16 +0800] "GET /xingrg/kc/buy/cgsh_order_operate.html?command=get_materiel&rest_code=00109&code=00101008208&supplier_code=00100005&order_time=2021-04-22 HTTP/1.1" 200 409
61.165.42.208 - - [22/Apr/2021:09:13:17 +0800] "POST /xingrg/kc/buy/cgsh_order_operate.html HTTP/1.1" 200 4421
61.165.42.208 - - [22/Apr/2021:09:13:18 +0800] "GET /xingrg/kc/print/load_config.html?kc_code=cgsh HTTP/1.1" 200 1845
116.233.77.251 - - [22/Apr/2021:09:13:18 +0800] "POST /xingrg/kc/buy/cgsh_order_operate.html HTTP/1.1" 200 2065
61.165.42.208 - - [22/Apr/2021:09:13:18 +0800] "GET /xingrg/kc/print/load_data.html?order_code=212021042209126&kc_code=cgsh&condition= HTTP/1.1" 200 1403
114.88.160.164 - - [22/Apr/2021:09:13:20 +0800] "GET /xingrg/kc/buy/cgsh_order_add.html HTTP/1.1" 200 62148
114.83.220.121 - - [22/Apr/2021:09:13:20 +0800] "POST /xingrg/services/DataTransmitService HTTP/1.1" 200 501
114.88.160.164 - - [22/Apr/2021:09:13:20 +0800] "POST /xingrg/kc/buy/cgsh_order_operate.html HTTP/1.1" 200 8245
114.88.160.164 - - [22/Apr/2021:09:13:20 +0800] "GET /xingrg/javascript/easyui/themes/default/validatebox.css HTTP/1.1" 404 1104
180.169.147.146 - - [22/Apr/2021:09:13:21 +0800] "GET /xingrg/check_reg.html?_=1619054001572 HTTP/1.1" 200 22
180.169.147.146 - - [22/Apr/2021:09:13:21 +0800] "GET /xingrg/all/function/internal_message.html?_=1619054001576&CODE_STATE=getMsg HTTP/1.1" 200 27
116.233.77.251 - - [22/Apr/2021:09:13:22 +0800] "GET /xingrg/kc/buy/cgsh_order_operate.html?command=get_materiel&rest_code=00109&code=00101015012&supplier_code=00100005&order_time=2021-04-22 HTTP/1.1" 200 412
222.70.217.33 - - [22/Apr/2021:09:13:23 +0800] "GET /xingrg/all/function/internal_message.html?_=1619054003694&CODE_STATE=getMsg HTTP/1.1" 200 27
114.83.220.121 - - [22/Apr/2021:09:13:24 +0800] "POST /xingrg/services/DataTransmitService HTTP/1.1" 200 501
101.85.94.178 - - [22/Apr/2021:09:13:24 +0800] "GET /xingrg/all/function/internal_message.html?_=1619053536868&CODE_STATE=getMsg HTTP/1.1" 200 27
114.83.220.121 - - [22/Apr/2021:09:13:24 +0800] "POST /xingrg/services/DataTransmitService HTTP/1.1" 200 501
116.233.77.251 - - [22/Apr/2021:09:13:27 +0800] "GET /xingrg/check_reg.html?_=1619054008929 HTTP/1.1" 200 22
116.233.77.251 - - [22/Apr/2021:09:13:27 +0800] "GET /xingrg/all/function/internal_message.html?_=1619054008927&CODE_STATE=getMsg HTTP/1.1" 200 27
116.233.77.251 - - [22/Apr/2021:09:13:28 +0800] "GET /xingrg/kc/buy/cgsh_order_operate.html?command=get_materiel&rest_code=00109&code=00101008112&supplier_code=00100005&order_time=2021-04-22 HTTP/1.1" 200 412
116.230.114.112 - - [22/Apr/2021:09:13:33 +0800] "GET /xingrg/kc/buy/cgsh_order_operate.html?command=get_materiel&rest_code=00146&code=00101008110&supplier_code=00100005&order_time=2021-04-22 HTTP/1.1" 200 408
116.224.253.72 - - [22/Apr/2021:09:13:34 +0800] "GET /xingrg/kc/buy/cgsh_order_operate.html?command=get_materiel&rest_code=00151&code=00101006055&supplier_code=00100096&order_time=2021-04-22 HTTP/1.1" 200 411
114.83.220.121 - - [22/Apr/2021:09:13:36 +0800] "POST /xingrg/services/DataTransmitService HTTP/1.1" 200 501
116.233.77.251 - - [22/Apr/2021:09:13:36 +0800] "GET /xingrg/kc/buy/cgsh_order_operate.html?command=get_materiel&rest_code=00109&code=00101008096&supplier_code=00100005&order_time=2021-04-22 HTTP/1.1" 200 412
180.169.147.146 - - [22/Apr/2021:09:13:37 +0800] "GET /xingrg/all/function/internal_message.html?_=1619054019827&CODE_STATE=getMsg HTTP/1.1" 200 27
114.83.220.121 - - [22/Apr/2021:09:13:37 +0800] "POST /xingrg/services/DataTransmitService HTTP/1.1" 200 501
114.83.220.121 - - [22/Apr/2021:09:13:38 +0800] "POST /xingrg/services/DataTransmitService HTTP/1.1" 200 501
114.88.160.164 - - [22/Apr/2021:09:13:39 +0800] "GET /xingrg/kc/buy/cgsh_order_operate.html?command=get_materiel&rest_code=00111&code=00101008261&supplier_code=00100005&order_time=2021-04-22 HTTP/1.1" 200 408
116.233.77.251 - - [22/Apr/2021:09:13:42 +0800] "GET /xingrg/kc/buy/cgsh_order_operate.html?command=get_materiel&rest_code=00109&code=00101008067&supplier_code=00100005&order_time=2021-04-22 HTTP/1.1" 200 416
116.238.141.202 - - [22/Apr/2021:09:13:43 +0800] "GET /xingrg/all/function/internal_message.html?_=1619054301246&CODE_STATE=getMsg HTTP/1.1" 200 27
114.83.220.121 - - [22/Apr/2021:09:13:43 +0800] "POST /xingrg/services/DataTransmitService HTTP/1.1" 200 412
116.230.114.112 - - [22/Apr/2021:09:13:44 +0800] "GET /xingrg/all/function/internal_message.html?_=1619054038228&CODE_STATE=getMsg HTTP/1.1" 200 27
116.224.253.72 - - [22/Apr/2021:09:13:45 +0800] "GET /xingrg/kc/buy/cgsh_order_operate.html?command=get_materiel&rest_code=00151&code=00101006013&supplier_code=00100096&order_time=2021-04-22 HTTP/1.1" 200 409
116.230.114.112 - - [22/Apr/2021:09:13:45 +0800] "GET /xingrg/kc/buy/cgsh_order_operate.html?command=get_materiel&rest_code=00146&code=00101008350&supplier_code=00100005&order_time=2021-04-22 HTTP/1.1" 200 408
116.233.77.251 - - [22/Apr/2021:09:13:48 +0800] "GET /xingrg/kc/buy/cgsh_order_operate.html?command=get_materiel&rest_code=00109&code=00101008357&supplier_code=00100005&order_time=2021-04-22 HTTP/1.1" 200 408
114.88.160.164 - - [22/Apr/2021:09:13:49 +0800] "GET /xingrg/kc/buy/cgsh_order_operate.html?command=get_materiel&rest_code=00111&code=00101008087&supplier_code=00100005&order_time=2021-04-22 HTTP/1.1" 200 412
116.233.77.251 - - [22/Apr/2021:09:13:50 +0800] "POST /xingrg/kc/buy/cgsh_order_operate.html HTTP/1.1" 200 2065
58.37.228.113 - - [22/Apr/2021:09:13:52 +0800] "GET /xingrg/all/function/internal_message.html?_=1619054035785&CODE_STATE=getMsg HTTP/1.1" 200 27
116.233.77.251 - - [22/Apr/2021:09:13:53 +0800] "GET /xingrg/kc/buy/cgsh_order_operate.html?command=get_materiel&rest_code=00109&code=00101008286&supplier_code=00100005&order_time=2021-04-22 HTTP/1.1" 200 408
61.165.42.208 - - [22/Apr/2021:09:13:54 +0800] "GET /xingrg/all/function/internal_message.html?_=1619054034512&CODE_STATE=getMsg HTTP/1.1" 200 27
58.37.228.113 - - [22/Apr/2021:09:13:54 +0800] "GET /xingrg/all/function/internal_message.html?_=1619054007651&CODE_STATE=getMsg HTTP/1.1" 200 27
114.83.220.121 - - [22/Apr/2021:09:13:54 +0800] "GET /xingrg/all/function/internal_message.html?_=1619054035383&CODE_STATE=getMsg HTTP/1.1" 200 27
114.88.160.164 - - [22/Apr/2021:09:13:57 +0800] "GET /xingrg/kc/buy/cgsh_order_operate.html?command=get_materiel&rest_code=00111&code=00101008361&supplier_code=00100005&order_time=2021-04-22 HTTP/1.1" 200 408
116.233.77.251 - - [22/Apr/2021:09:14:00 +0800] "GET /xingrg/kc/buy/cgsh_order_operate.html?command=get_materiel&rest_code=00109&code=00101008032&supplier_code=00100005&order_time=2021-04-22 HTTP/1.1" 200 408
116.230.114.112 - - [22/Apr/2021:09:14:01 +0800] "GET /xingrg/kc/buy/cgsh_order_operate.html?command=get_materiel&rest_code=00146&code=00101020131&supplier_code=00100005&order_time=2021-04-22 HTTP/1.1" 200 416
116.224.253.72 - - [22/Apr/2021:09:14:01 +0800] "GET /xingrg/kc/buy/cgsh_order_operate.html?command=get_materiel&rest_code=00151&code=00101006084&supplier_code=00100096&order_time=2021-04-22 HTTP/1.1" 200 415
180.169.147.146 - - [22/Apr/2021:09:14:02 +0800] "POST /xingrg/dwr/call/plaincall/AjaxReportQueryService.refreshCache.dwr HTTP/1.1" 200 78
180.169.147.146 - - [22/Apr/2021:09:14:03 +0800] "POST /xingrg/all/report/load_report_page.html HTTP/1.1" 200 66435
180.169.147.146 - - [22/Apr/2021:09:14:03 +0800] "GET /xingrg/servlets/image?cache=0.3145518646312445&image=px HTTP/1.1" 200 807
116.224.253.72 - - [22/Apr/2021:09:14:08 +0800] "POST /xingrg/kc/buy/cgsh_order_operate.html HTTP/1.1" 200 37
116.233.77.251 - - [22/Apr/2021:09:14:08 +0800] "GET /xingrg/kc/buy/cgsh_order_operate.html?command=get_materiel&rest_code=00109&code=00101008161&supplier_code=00100005&order_time=2021-04-22 HTTP/1.1" 200 409
116.230.114.112 - - [22/Apr/2021:09:14:08 +0800] "POST /xingrg/kc/buy/cgsh_order_operate.html HTTP/1.1" 200 2065
116.224.253.72 - - [22/Apr/2021:09:14:10 +0800] "POST /xingrg/kc/buy/cgsh_order_operate.html HTTP/1.1" 200 23011
116.224.253.72 - - [22/Apr/2021:09:14:10 +0800] "GET /xingrg/all/function/internal_message.html?_=1619054050843&CODE_STATE=getMsg HTTP/1.1" 200 27
114.88.160.164 - - [22/Apr/2021:09:14:11 +0800] "GET /xingrg/all/function/internal_message.html?_=1619054049119&CODE_STATE=getMsg HTTP/1.1" 200 27
114.88.160.164 - - [22/Apr/2021:09:14:11 +0800] "GET /xingrg/kc/buy/cgsh_order_operate.html?command=get_materiel&rest_code=00111&code=00101008356&supplier_code=00100005&order_time=2021-04-22 HTTP/1.1" 200 408
116.224.253.72 - - [22/Apr/2021:09:14:13 +0800] "GET /xingrg/all/function/internal_message.html?_=1619054037353&CODE_STATE=getMsg HTTP/1.1" 200 27
124.77.71.179 - - [22/Apr/2021:09:14:14 +0800] "GET /xingrg/all/function/internal_message.html?_=1619054049191&CODE_STATE=getMsg HTTP/1.1" 200 27
116.230.114.112 - - [22/Apr/2021:09:14:16 +0800] "GET /xingrg/kc/buy/cgsh_order_operate.html?command=get_materiel&rest_code=00146&code=00101008331&supplier_code=00100005&order_time=2021-04-22 HTTP/1.1" 200 416
116.224.253.72 - - [22/Apr/2021:09:14:16 +0800] "GET /xingrg/kc/buy/cgsh_order_operate.html?command=get_materiel&rest_code=00151&code=00101008131&supplier_code=00100007&order_time=2021-04-22 HTTP/1.1" 200 408
116.233.77.251 - - [22/Apr/2021:09:14:18 +0800] "GET /xingrg/kc/buy/cgsh_order_operate.html?command=get_materiel&rest_code=00109&code=00101008017&supplier_code=00100005&order_time=2021-04-22 HTTP/1.1" 200 416
180.169.147.146 - - [22/Apr/2021:09:14:21 +0800] "GET /xingrg/all/function/internal_message.html?_=1619054061579&CODE_STATE=getMsg HTTP/1.1" 200 27
116.224.253.72 - - [22/Apr/2021:09:14:22 +0800] "POST /xingrg/kc/buy/cgsh_order_operate.html HTTP/1.1" 200 37
222.70.217.33 - - [22/Apr/2021:09:14:23 +0800] "GET /xingrg/all/function/internal_message.html?_=1619054063699&CODE_STATE=getMsg HTTP/1.1" 200 27
116.224.253.72 - - [22/Apr/2021:09:14:24 +0800] "POST /xingrg/kc/buy/cgsh_order_operate.html HTTP/1.1" 200 23599
101.85.94.178 - - [22/Apr/2021:09:14:24 +0800] "GET /xingrg/all/function/internal_message.html?_=1619053596866&CODE_STATE=getMsg HTTP/1.1" 200 27
116.230.114.112 - - [22/Apr/2021:09:14:26 +0800] "GET /xingrg/kc/buy/cgsh_order_operate.html?command=get_materiel&rest_code=00146&code=00101008498&supplier_code=00100005&order_time=2021-04-22 HTTP/1.1" 200 410
116.233.77.251 - - [22/Apr/2021:09:14:26 +0800] "GET /xingrg/all/function/internal_message.html?_=1619054068931&CODE_STATE=getMsg HTTP/1.1" 200 27
116.233.77.251 - - [22/Apr/2021:09:14:26 +0800] "GET /xingrg/kc/buy/cgsh_order_operate.html?command=get_materiel&rest_code=00109&code=00101008502&supplier_code=00100005&order_time=2021-04-22 HTTP/1.1" 200 398
180.169.147.146 - - [22/Apr/2021:09:14:32 +0800] "GET /xingrg/check_reg.html?_=1619054068679 HTTP/1.1" 200 22
180.169.147.146 - - [22/Apr/2021:09:14:37 +0800] "GET /xingrg/check_reg.html?_=1619054079815 HTTP/1.1" 200 22
180.169.147.146 - - [22/Apr/2021:09:14:37 +0800] "GET /xingrg/all/function/internal_message.html?_=1619054079817&CODE_STATE=getMsg HTTP/1.1" 200 27
116.224.253.72 - - [22/Apr/2021:09:14:37 +0800] "GET /xingrg/kc/buy/cgsh_order_add.html HTTP/1.1" 200 61802
116.224.253.72 - - [22/Apr/2021:09:14:37 +0800] "POST /xingrg/kc/buy/cgsh_order_operate.html HTTP/1.1" 200 8245
116.224.253.72 - - [22/Apr/2021:09:14:38 +0800] "GET /xingrg/javascript/easyui/themes/default/validatebox.css HTTP/1.1" 404 1104
116.230.114.112 - - [22/Apr/2021:09:14:39 +0800] "GET /xingrg/kc/buy/cgsh_order_operate.html?command=get_materiel&rest_code=00146&code=00101020152&supplier_code=00100005&order_time=2021-04-22 HTTP/1.1" 200 416
61.165.42.208 - - [22/Apr/2021:09:14:40 +0800] "GET /xingrg/kc/buy/cgsh_order_add.html HTTP/1.1" 200 62195
61.165.42.208 - - [22/Apr/2021:09:14:40 +0800] "POST /xingrg/kc/buy/cgsh_order_operate.html HTTP/1.1" 200 8245
61.165.42.208 - - [22/Apr/2021:09:14:40 +0800] "GET /xingrg/javascript/easyui/themes/default/validatebox.css HTTP/1.1" 404 1104
116.238.141.202 - - [22/Apr/2021:09:14:43 +0800] "GET /xingrg/all/function/internal_message.html?_=1619054361258&CODE_STATE=getMsg HTTP/1.1" 200 27
116.230.114.112 - - [22/Apr/2021:09:14:44 +0800] "GET /xingrg/all/function/internal_message.html?_=1619054098250&CODE_STATE=getMsg HTTP/1.1" 200 27
116.230.114.112 - - [22/Apr/2021:09:14:49 +0800] "GET /xingrg/kc/buy/cgsh_order_operate.html?command=get_materiel&rest_code=00146&code=00101008095&supplier_code=00100005&order_time=2021-04-22 HTTP/1.1" 200 412
61.165.42.208 - - [22/Apr/2021:09:14:49 +0800] "GET /xingrg/kc/buy/cgsh_order_operate.html?command=get_materiel&rest_code=00105&code=00101016100&supplier_code=00100034&order_time=2021-04-22 HTTP/1.1" 200 412
116.224.253.72 - - [22/Apr/2021:09:14:49 +0800] "GET /xingrg/kc/buy/cgsh_order_operate.html?command=get_materiel&rest_code=00151&code=00101009001&supplier_code=00100424&order_time=2021-04-22 HTTP/1.1" 200 416
