61.165.42.208 - - [22/Apr/2021:10:33:18 +0800] "POST /xingrg/kc/buy/cgsh_order_operate.html HTTP/1.1" 200 3848
124.77.71.179 - - [22/Apr/2021:10:33:18 +0800] "POST /xingrg/kc/buy/cgsh_list_operate.html HTTP/1.1" 200 593
124.77.71.179 - - [22/Apr/2021:10:33:19 +0800] "GET /xingrg/kc/buy/cgsh_order_info.html?code=212021042209191 HTTP/1.1" 200 62248
124.77.71.179 - - [22/Apr/2021:10:33:20 +0800] "GET /xingrg/javascript/easyui/themes/default/validatebox.css HTTP/1.1" 404 1104
61.165.42.208 - - [22/Apr/2021:10:33:21 +0800] "GET /xingrg/kc/print/load_data.html?order_code=212021042209193&kc_code=cgsh&condition= HTTP/1.1" 200 1190
124.77.71.179 - - [22/Apr/2021:10:33:21 +0800] "POST /xingrg/kc/buy/cgsh_order_operate.html HTTP/1.1" 200 5642
124.77.71.179 - - [22/Apr/2021:10:33:21 +0800] "POST /xingrg/kc/buy/cgsh_list_operate.html HTTP/1.1" 200 4704
117.185.32.26 - - [22/Apr/2021:10:33:24 +0800] "GET /xingrg/all/function/internal_message.html?_=1619059328130&CODE_STATE=getMsg HTTP/1.1" 200 27
101.85.94.178 - - [22/Apr/2021:10:33:25 +0800] "GET /xingrg/all/function/internal_message.html?_=1619058336978&CODE_STATE=getMsg HTTP/1.1" 200 27
61.165.42.208 - - [22/Apr/2021:10:33:26 +0800] "GET /xingrg/kc/buy/cgsh_order_add.html HTTP/1.1" 200 62195
61.165.42.208 - - [22/Apr/2021:10:33:27 +0800] "GET /xingrg/javascript/easyui/themes/default/validatebox.css HTTP/1.1" 404 1104
61.165.42.208 - - [22/Apr/2021:10:33:27 +0800] "POST /xingrg/kc/buy/cgsh_order_operate.html HTTP/1.1" 200 8245
222.70.217.33 - - [22/Apr/2021:10:33:27 +0800] "GET /xingrg/check_reg.html?_=1619058807623 HTTP/1.1" 200 22
222.70.217.33 - - [22/Apr/2021:10:33:27 +0800] "GET /xingrg/all/function/internal_message.html?_=1619058807624&CODE_STATE=getMsg HTTP/1.1" 200 27
117.184.7.30 - - [22/Apr/2021:10:33:28 +0800] "GET /favicon.ico HTTP/1.1" 404 -
117.185.32.26 - - [22/Apr/2021:10:33:32 +0800] "GET /xingrg/kc/buy/cgsh_order_add.html HTTP/1.1" 200 62154
117.185.32.26 - - [22/Apr/2021:10:33:33 +0800] "GET /xingrg/javascript/easyui/themes/default/validatebox.css HTTP/1.1" 404 1104
117.185.32.26 - - [22/Apr/2021:10:33:33 +0800] "POST /xingrg/kc/buy/cgsh_order_operate.html HTTP/1.1" 200 8245
117.185.32.26 - - [22/Apr/2021:10:33:35 +0800] "POST /xingrg/all/common/load_tree.html?tree=supplier_tree_json&isDelete=1 HTTP/1.1" 200 54827
117.185.32.26 - - [22/Apr/2021:10:33:35 +0800] "GET /xingrg/javascript/easyui/themes/default/tree.css HTTP/1.1" 404 1090
180.169.147.146 - - [22/Apr/2021:10:33:37 +0800] "GET /xingrg/all/function/internal_message.html?_=1619058819912&CODE_STATE=getMsg HTTP/1.1" 200 27
180.169.147.146 - - [22/Apr/2021:10:33:37 +0800] "GET /xingrg/all/function/internal_message.html?_=1619058815829&CODE_STATE=getMsg HTTP/1.1" 200 27
61.165.42.208 - - [22/Apr/2021:10:33:39 +0800] "GET /xingrg/kc/buy/cgsh_order_operate.html?command=get_materiel&rest_code=00105&code=00101001060&supplier_code=00100442&order_time=2021-04-22 HTTP/1.1" 200 421
180.162.112.86 - - [22/Apr/2021:10:33:43 +0800] "GET /xingrg/check_reg.html?_=1619058580649 HTTP/1.1" 200 22
180.162.112.86 - - [22/Apr/2021:10:33:43 +0800] "GET /xingrg/all/function/internal_message.html?_=1619058580652&CODE_STATE=getMsg HTTP/1.1" 200 27
117.185.32.26 - - [22/Apr/2021:10:33:44 +0800] "GET /xingrg/kc/buy/cgsh_order_operate.html?command=get_materiel&rest_code=00106&code=00101003033&supplier_code=00100092&order_time=2021-04-22 HTTP/1.1" 200 444
180.169.147.146 - - [22/Apr/2021:10:33:45 +0800] "POST /xingrg/kc/buy/cgsh_list_operate.html HTTP/1.1" 200 5853
117.185.32.26 - - [22/Apr/2021:10:33:46 +0800] "GET /xingrg/kc/buy/cgsh_order_operate.html?command=get_materiel&rest_code=00106&code=00101009057&supplier_code=00100022&order_time=2021-04-22 HTTP/1.1" 200 409
116.224.253.72 - - [22/Apr/2021:10:33:47 +0800] "GET /xingrg/javascript/jquery_tools/images/prev.gif HTTP/1.1" 404 1086
116.224.253.72 - - [22/Apr/2021:10:33:47 +0800] "GET /xingrg/javascript/jquery_tools/images/next.gif HTTP/1.1" 404 1086
180.169.147.146 - - [22/Apr/2021:10:33:47 +0800] "GET /xingrg/all/function/internal_message.html?_=1619058827266&CODE_STATE=getMsg HTTP/1.1" 200 27
116.230.114.112 - - [22/Apr/2021:10:33:48 +0800] "GET /xingrg/all/function/internal_message.html?_=1619058841693&CODE_STATE=getMsg HTTP/1.1" 200 27
117.185.32.26 - - [22/Apr/2021:10:33:50 +0800] "GET /xingrg/all/function/internal_message.html?_=1619058827776&CODE_STATE=getMsg HTTP/1.1" 200 27
116.224.253.72 - - [22/Apr/2021:10:33:52 +0800] "POST /xingrg/kc/base/wldb_list_operate.html HTTP/1.1" 200 3944
58.37.228.113 - - [22/Apr/2021:10:33:52 +0800] "GET /xingrg/all/function/internal_message.html?_=1619058836032&CODE_STATE=getMsg HTTP/1.1" 200 27
180.169.147.146 - - [22/Apr/2021:10:33:52 +0800] "POST /xingrg/kc/buy/cgsh_list_operate.html HTTP/1.1" 200 6013
180.169.147.146 - - [22/Apr/2021:10:33:53 +0800] "GET /xingrg/all/function/internal_message.html?_=1619058832779&CODE_STATE=getMsg HTTP/1.1" 200 27
114.83.220.121 - - [22/Apr/2021:10:33:53 +0800] "GET /xingrg/all/function/internal_message.html?_=1619058834134&CODE_STATE=getMsg HTTP/1.1" 200 27
61.165.42.208 - - [22/Apr/2021:10:33:54 +0800] "GET /xingrg/all/function/internal_message.html?_=1619058834626&CODE_STATE=getMsg HTTP/1.1" 200 27
114.88.160.164 - - [22/Apr/2021:10:33:57 +0800] "GET /xingrg/all/function/internal_message.html?_=1619058837253&CODE_STATE=getMsg HTTP/1.1" 200 27
116.224.253.72 - - [22/Apr/2021:10:33:59 +0800] "POST /xingrg/kc/base/wldb_list_operate.html HTTP/1.1" 200 204
61.165.42.208 - - [22/Apr/2021:10:34:00 +0800] "GET /xingrg/kc/buy/cgsh_order_operate.html?command=get_materiel&rest_code=00105&code=00101001010&supplier_code=00100442&order_time=2021-04-22 HTTP/1.1" 200 409
58.221.95.50 - - [22/Apr/2021:10:34:00 +0800] "GET /xingrg/all/function/internal_message.html?_=1619058842162&CODE_STATE=getMsg HTTP/1.1" 200 27
116.224.253.72 - - [22/Apr/2021:10:34:01 +0800] "GET /xingrg/kc/base/wldb_order_info.html?code=422021042202264 HTTP/1.1" 200 26440
116.224.253.72 - - [22/Apr/2021:10:34:01 +0800] "GET /xingrg/javascript/easyui/themes/default/validatebox.css HTTP/1.1" 404 1104
116.224.253.72 - - [22/Apr/2021:10:34:01 +0800] "POST /xingrg/kc/base/wldb_order_operate.html HTTP/1.1" 200 486
58.221.95.50 - - [22/Apr/2021:10:34:01 +0800] "GET /xingrg/check_reg.html?_=1619058843008 HTTP/1.1" 200 22
58.40.7.146 - - [22/Apr/2021:10:34:01 +0800] "GET /xingrg/all/function/internal_message.html?_=1619058841704&CODE_STATE=getMsg HTTP/1.1" 200 27
116.224.253.72 - - [22/Apr/2021:10:34:08 +0800] "POST /xingrg/kc/base/wldb_order_operate.html HTTP/1.1" 200 12
117.185.32.26 - - [22/Apr/2021:10:34:09 +0800] "GET /xingrg/kc/buy/cgsh_order_operate.html?command=get_materiel&rest_code=00106&code=00101003035&supplier_code=00100092&order_time=2021-04-22 HTTP/1.1" 200 409
61.165.42.208 - - [22/Apr/2021:10:34:09 +0800] "GET /xingrg/kc/buy/cgsh_order_operate.html?command=get_materiel&rest_code=00105&code=00101002007&supplier_code=00100442&order_time=2021-04-22 HTTP/1.1" 200 409
116.224.253.72 - - [22/Apr/2021:10:34:09 +0800] "GET /xingrg/kc/base/wldb_order_info.html?code=422021042202264 HTTP/1.1" 200 30572
116.224.253.72 - - [22/Apr/2021:10:34:10 +0800] "GET /xingrg/javascript/easyui/themes/default/validatebox.css HTTP/1.1" 404 1104
116.224.253.72 - - [22/Apr/2021:10:34:10 +0800] "POST /xingrg/kc/base/wldb_order_operate.html HTTP/1.1" 200 2193
116.224.253.72 - - [22/Apr/2021:10:34:14 +0800] "GET /xingrg/all/function/internal_message.html?_=1619058838380&CODE_STATE=getMsg HTTP/1.1" 200 27
124.77.71.179 - - [22/Apr/2021:10:34:14 +0800] "GET /xingrg/all/function/internal_message.html?_=1619058849332&CODE_STATE=getMsg HTTP/1.1" 200 27
116.224.253.72 - - [22/Apr/2021:10:34:17 +0800] "POST /xingrg/kc/base/wldb_order_operate.html HTTP/1.1" 200 37
117.185.32.26 - - [22/Apr/2021:10:34:18 +0800] "GET /xingrg/kc/buy/cgsh_order_operate.html?command=get_materiel&rest_code=00106&code=00101009118&supplier_code=00100022&order_time=2021-04-22 HTTP/1.1" 200 392
116.224.253.72 - - [22/Apr/2021:10:34:19 +0800] "POST /xingrg/kc/base/wldb_order_operate.html HTTP/1.1" 200 12
116.224.253.72 - - [22/Apr/2021:10:34:19 +0800] "POST /xingrg/kc/base/wldb_order_operate.html HTTP/1.1" 200 2193
116.224.253.72 - - [22/Apr/2021:10:34:20 +0800] "GET /xingrg/kc/base/wldb_order_info.html?code=422021042202264 HTTP/1.1" 200 26440
61.165.42.208 - - [22/Apr/2021:10:34:20 +0800] "POST /xingrg/kc/buy/cgsh_order_operate.html HTTP/1.1" 200 37
116.224.253.72 - - [22/Apr/2021:10:34:20 +0800] "GET /xingrg/javascript/easyui/themes/default/validatebox.css HTTP/1.1" 404 1104
116.224.253.72 - - [22/Apr/2021:10:34:20 +0800] "POST /xingrg/kc/base/wldb_order_operate.html HTTP/1.1" 200 486
61.165.42.208 - - [22/Apr/2021:10:34:22 +0800] "POST /xingrg/kc/buy/cgsh_order_operate.html HTTP/1.1" 200 3257
116.238.141.202 - - [22/Apr/2021:10:34:22 +0800] "GET /xingrg/check_reg.html?_=1619059141040 HTTP/1.1" 200 22
61.165.42.208 - - [22/Apr/2021:10:34:23 +0800] "GET /xingrg/kc/print/load_data.html?order_code=212021042209194&kc_code=cgsh&condition= HTTP/1.1" 200 902
117.185.32.26 - - [22/Apr/2021:10:34:24 +0800] "GET /xingrg/check_reg.html?_=1619059388120 HTTP/1.1" 200 22
117.185.32.26 - - [22/Apr/2021:10:34:24 +0800] "GET /xingrg/all/function/internal_message.html?_=1619059388125&CODE_STATE=getMsg HTTP/1.1" 200 27
101.85.94.178 - - [22/Apr/2021:10:34:25 +0800] "GET /xingrg/all/function/internal_message.html?_=1619058396977&CODE_STATE=getMsg HTTP/1.1" 200 27
116.224.253.72 - - [22/Apr/2021:10:34:26 +0800] "GET /xingrg/kc/base/wldb_order_add.html HTTP/1.1" 200 30560
116.224.253.72 - - [22/Apr/2021:10:34:26 +0800] "POST /xingrg/kc/base/wldb_order_operate.html HTTP/1.1" 200 6806
116.224.253.72 - - [22/Apr/2021:10:34:26 +0800] "GET /xingrg/javascript/easyui/themes/default/validatebox.css HTTP/1.1" 404 1104
117.185.32.26 - - [22/Apr/2021:10:34:26 +0800] "GET /xingrg/kc/buy/cgsh_order_operate.html?command=get_materiel&rest_code=00106&code=00101009013&supplier_code=00100022&order_time=2021-04-22 HTTP/1.1" 200 421
116.224.253.72 - - [22/Apr/2021:10:34:27 +0800] "POST /xingrg/all/common/load_combo.html?type=base HTTP/1.1" 200 2966
222.70.217.33 - - [22/Apr/2021:10:34:27 +0800] "GET /xingrg/all/function/internal_message.html?_=1619058867610&CODE_STATE=getMsg HTTP/1.1" 200 27
61.165.42.208 - - [22/Apr/2021:10:34:30 +0800] "GET /xingrg/kc/buy/cgsh_order_add.html HTTP/1.1" 200 62195
61.165.42.208 - - [22/Apr/2021:10:34:30 +0800] "GET /xingrg/javascript/easyui/themes/default/validatebox.css HTTP/1.1" 404 1104
61.165.42.208 - - [22/Apr/2021:10:34:30 +0800] "POST /xingrg/kc/buy/cgsh_order_operate.html HTTP/1.1" 200 8245
117.185.32.26 - - [22/Apr/2021:10:34:32 +0800] "POST /xingrg/kc/buy/cgsh_order_operate.html HTTP/1.1" 200 37
180.169.147.146 - - [22/Apr/2021:10:34:32 +0800] "POST /xingrg/kc/buy/cgsh_list_operate.html HTTP/1.1" 200 199
180.169.147.146 - - [22/Apr/2021:10:34:32 +0800] "GET /xingrg/check_reg.html?_=1619058868649 HTTP/1.1" 200 22
180.169.147.146 - - [22/Apr/2021:10:34:33 +0800] "GET /xingrg/kc/buy/cgsh_order_info.html?code=212021042108909 HTTP/1.1" 200 57020
180.169.147.146 - - [22/Apr/2021:10:34:33 +0800] "GET /xingrg/javascript/easyui/themes/default/validatebox.css HTTP/1.1" 404 1104
180.169.147.146 - - [22/Apr/2021:10:34:33 +0800] "POST /xingrg/kc/buy/cgsh_order_operate.html HTTP/1.1" 200 604
117.185.32.26 - - [22/Apr/2021:10:34:34 +0800] "GET /xingrg/kc/buy/cgsh_order_operate.html?command=get_materiel&rest_code=00106&code=00101009016&supplier_code=00100022&order_time=2021-04-22 HTTP/1.1" 200 414
180.169.147.146 - - [22/Apr/2021:10:34:34 +0800] "GET /xingrg/kc/print/load_config.html?kc_code=cgsh HTTP/1.1" 200 1845
180.169.147.146 - - [22/Apr/2021:10:34:34 +0800] "GET /xingrg/kc/print/load_data.html?order_code=212021042108909&kc_code=cgsh&condition= HTTP/1.1" 200 702
116.224.253.72 - - [22/Apr/2021:10:34:36 +0800] "GET /xingrg/kc/base/wldb_order_operate.html?command=get_materiel&rest_code=00150&base_code=0010445&code=00101016097 HTTP/1.1" 200 470
116.224.253.72 - - [22/Apr/2021:10:34:37 +0800] "POST /xingrg/all/common/load_select.html HTTP/1.1" 200 25
180.169.147.146 - - [22/Apr/2021:10:34:37 +0800] "GET /xingrg/check_reg.html?_=1619058879897 HTTP/1.1" 200 22
180.169.147.146 - - [22/Apr/2021:10:34:37 +0800] "GET /xingrg/all/function/internal_message.html?_=1619058879902&CODE_STATE=getMsg HTTP/1.1" 200 27
180.169.147.146 - - [22/Apr/2021:10:34:37 +0800] "GET /xingrg/check_reg.html?_=1619058875844 HTTP/1.1" 200 22
180.169.147.146 - - [22/Apr/2021:10:34:37 +0800] "GET /xingrg/all/function/internal_message.html?_=1619058875843&CODE_STATE=getMsg HTTP/1.1" 200 27
117.185.32.26 - - [22/Apr/2021:10:34:37 +0800] "POST /xingrg/kc/buy/cgsh_order_operate.html HTTP/1.1" 200 12
61.165.42.208 - - [22/Apr/2021:10:34:38 +0800] "POST /xingrg/services/DataTransmitService HTTP/1.1" 200 524
116.224.253.72 - - [22/Apr/2021:10:34:38 +0800] "GET /xingrg/kc/base/wldb_order_operate.html?command=get_materiel_price&rest_code=00150&base_code=0010445&code=00101016097&unit_code=00100163 HTTP/1.1" 200 35
117.185.32.26 - - [22/Apr/2021:10:34:40 +0800] "GET /xingrg/kc/buy/cgsh_order_info.html?code=212021042209195 HTTP/1.1" 200 57052
117.185.32.26 - - [22/Apr/2021:10:34:40 +0800] "GET /xingrg/javascript/easyui/themes/default/validatebox.css HTTP/1.1" 404 1104
117.185.32.26 - - [22/Apr/2021:10:34:41 +0800] "POST /xingrg/kc/buy/cgsh_order_operate.html HTTP/1.1" 200 1215
61.165.42.208 - - [22/Apr/2021:10:34:41 +0800] "POST /xingrg/services/DataTransmitService HTTP/1.1" 200 501
180.162.112.86 - - [22/Apr/2021:10:34:43 +0800] "GET /xingrg/all/function/internal_message.html?_=1619058640652&CODE_STATE=getMsg HTTP/1.1" 200 27
116.224.253.72 - - [22/Apr/2021:10:34:45 +0800] "POST /xingrg/kc/base/wldb_order_operate.html HTTP/1.1" 200 37
183.192.164.214 - - [22/Apr/2021:10:34:46 +0800] "GET /xingrg/kc/buy/cgsh_order_operate.html?command=get_materiel&rest_code=00106&code=00101009057&supplier_code=00100022&order_time=2021-04-22 HTTP/1.1" 302 -
117.185.32.26 - - [22/Apr/2021:10:34:46 +0800] "POST /xingrg/kc/buy/cgsh_order_operate.html HTTP/1.1" 200 37
117.185.32.26 - - [22/Apr/2021:10:34:46 +0800] "GET /xingrg/kc/print/load_data.html?order_code=212021042209195&kc_code=cgsh&condition= HTTP/1.1" 200 993
116.224.253.72 - - [22/Apr/2021:10:34:47 +0800] "POST /xingrg/kc/base/wldb_order_operate.html HTTP/1.1" 200 12
180.169.147.146 - - [22/Apr/2021:10:34:47 +0800] "GET /xingrg/all/function/internal_message.html?_=1619058887267&CODE_STATE=getMsg HTTP/1.1" 200 27
116.224.253.72 - - [22/Apr/2021:10:34:47 +0800] "POST /xingrg/kc/base/wldb_order_operate.html HTTP/1.1" 200 2209
116.230.114.112 - - [22/Apr/2021:10:34:48 +0800] "GET /xingrg/all/function/internal_message.html?_=1619058901700&CODE_STATE=getMsg HTTP/1.1" 200 27
116.224.253.72 - - [22/Apr/2021:10:34:48 +0800] "GET /xingrg/kc/base/wldb_order_info.html?code=422021042202265 HTTP/1.1" 200 26442
183.192.164.214 - - [22/Apr/2021:10:34:48 +0800] "GET /xingrg/login.html HTTP/1.1" 200 7641
116.224.253.72 - - [22/Apr/2021:10:34:48 +0800] "GET /xingrg/javascript/easyui/themes/default/validatebox.css HTTP/1.1" 404 1104
116.224.253.72 - - [22/Apr/2021:10:34:48 +0800] "POST /xingrg/kc/base/wldb_order_operate.html HTTP/1.1" 200 503
117.185.32.26 - - [22/Apr/2021:10:34:50 +0800] "GET /xingrg/all/function/internal_message.html?_=1619058887751&CODE_STATE=getMsg HTTP/1.1" 200 27
117.185.32.26 - - [22/Apr/2021:10:34:51 +0800] "POST /xingrg/kc/buy/cgsh_order_operate.html HTTP/1.1" 200 12
117.185.32.26 - - [22/Apr/2021:10:34:51 +0800] "GET /xingrg/kc/buy/cgsh_order_add.html HTTP/1.1" 200 62148
117.185.32.26 - - [22/Apr/2021:10:34:51 +0800] "POST /xingrg/kc/buy/cgsh_order_operate.html HTTP/1.1" 200 8245
117.185.32.26 - - [22/Apr/2021:10:34:51 +0800] "GET /xingrg/javascript/easyui/themes/default/validatebox.css HTTP/1.1" 404 1104
58.37.228.113 - - [22/Apr/2021:10:34:52 +0800] "GET /xingrg/all/function/internal_message.html?_=1619058896031&CODE_STATE=getMsg HTTP/1.1" 200 27
117.185.32.26 - - [22/Apr/2021:10:34:52 +0800] "GET /xingrg/kc/buy/cgsh_order_info.html?code=212021042209196 HTTP/1.1" 200 57056
180.169.147.146 - - [22/Apr/2021:10:34:53 +0800] "GET /xingrg/all/function/internal_message.html?_=1619058892782&CODE_STATE=getMsg HTTP/1.1" 200 27
117.185.32.26 - - [22/Apr/2021:10:34:53 +0800] "GET /xingrg/javascript/easyui/themes/default/validatebox.css HTTP/1.1" 404 1104
114.83.220.121 - - [22/Apr/2021:10:34:53 +0800] "GET /xingrg/all/function/internal_message.html?_=1619058894107&CODE_STATE=getMsg HTTP/1.1" 200 27
117.185.32.26 - - [22/Apr/2021:10:34:53 +0800] "GET /xingrg/javascript/easyui/themes/default/tree.css HTTP/1.1" 404 1090
117.185.32.26 - - [22/Apr/2021:10:34:53 +0800] "POST /xingrg/all/common/load_tree.html?tree=supplier_tree_json&isDelete=1 HTTP/1.1" 200 54827
117.185.32.26 - - [22/Apr/2021:10:34:53 +0800] "POST /xingrg/kc/buy/cgsh_order_operate.html HTTP/1.1" 200 2378
61.129.6.151 - - [22/Apr/2021:10:34:54 +0800] "GET /xingrg/all/function/internal_message.html?_=1619058836032&CODE_STATE=getMsg HTTP/1.1" 302 -
61.165.42.208 - - [22/Apr/2021:10:34:54 +0800] "GET /xingrg/all/function/internal_message.html?_=1619058894596&CODE_STATE=getMsg HTTP/1.1" 200 27
117.185.32.26 - - [22/Apr/2021:10:34:55 +0800] "GET /xingrg/kc/print/load_data.html?order_code=212021042209196&kc_code=cgsh&condition= HTTP/1.1" 200 1409
114.83.220.121 - - [22/Apr/2021:10:34:55 +0800] "GET /xingrg/check_reg.html?_=1619058895827 HTTP/1.1" 200 22
61.129.6.151 - - [22/Apr/2021:10:34:56 +0800] "GET /xingrg/login.html HTTP/1.1" 200 7641
114.88.160.164 - - [22/Apr/2021:10:34:57 +0800] "GET /xingrg/all/function/internal_message.html?_=1619058897254&CODE_STATE=getMsg HTTP/1.1" 200 27
58.221.95.50 - - [22/Apr/2021:10:35:00 +0800] "GET /xingrg/all/function/internal_message.html?_=1619058902135&CODE_STATE=getMsg HTTP/1.1" 200 27
61.165.42.208 - - [22/Apr/2021:10:35:01 +0800] "GET /xingrg/kc/buy/cgsh_order_operate.html?command=get_materiel&rest_code=00105&code=00101005036&supplier_code=00100334&order_time=2021-04-22 HTTP/1.1" 200 411
58.40.7.146 - - [22/Apr/2021:10:35:01 +0800] "GET /xingrg/all/function/internal_message.html?_=1619058901709&CODE_STATE=getMsg HTTP/1.1" 200 27
117.185.32.26 - - [22/Apr/2021:10:35:02 +0800] "GET /xingrg/kc/print/load_data.html?order_code=212021042209196&kc_code=cgsh HTTP/1.1" 200 1409
180.169.147.146 - - [22/Apr/2021:10:35:05 +0800] "GET /favicon.ico HTTP/1.1" 404 -
101.93.222.235 - - [22/Apr/2021:10:35:09 +0800] "GET /favicon.ico HTTP/1.1" 404 -
180.169.147.146 - - [22/Apr/2021:10:35:12 +0800] "GET /xingrg/index.html?sysBaseUrl=http%3A%2F%2F180.169.147.146%3A18081%2Fxingrg%2F&costTime=39×tamp=1592034574635 HTTP/1.1" 302 -
180.169.147.146 - - [22/Apr/2021:10:35:12 +0800] "GET /xingrg/login.html HTTP/1.1" 200 7641
61.165.42.208 - - [22/Apr/2021:10:35:13 +0800] "GET /xingrg/kc/buy/cgsh_order_operate.html?command=get_materiel&rest_code=00105&code=00101005037&supplier_code=00100334&order_time=2021-04-22 HTTP/1.1" 200 409
117.185.32.26 - - [22/Apr/2021:10:35:13 +0800] "GET /xingrg/kc/buy/cgsh_order_add.html HTTP/1.1" 200 62154
116.224.253.72 - - [22/Apr/2021:10:35:13 +0800] "GET /xingrg/check_reg.html?_=1619058898019 HTTP/1.1" 200 22
116.224.253.72 - - [22/Apr/2021:10:35:14 +0800] "GET /xingrg/all/function/internal_message.html?_=1619058898391&CODE_STATE=getMsg HTTP/1.1" 200 27
117.185.32.26 - - [22/Apr/2021:10:35:14 +0800] "GET /xingrg/javascript/easyui/themes/default/validatebox.css HTTP/1.1" 404 1104
117.185.32.26 - - [22/Apr/2021:10:35:14 +0800] "POST /xingrg/kc/buy/cgsh_order_operate.html HTTP/1.1" 200 8245
124.77.71.179 - - [22/Apr/2021:10:35:14 +0800] "GET /xingrg/all/function/internal_message.html?_=1619058909332&CODE_STATE=getMsg HTTP/1.1" 200 27
117.185.32.26 - - [22/Apr/2021:10:35:15 +0800] "GET /xingrg/javascript/easyui/themes/default/tree.css HTTP/1.1" 404 1090
117.185.32.26 - - [22/Apr/2021:10:35:15 +0800] "POST /xingrg/all/common/load_tree.html?tree=supplier_tree_json&isDelete=1 HTTP/1.1" 200 54827
117.185.32.26 - - [22/Apr/2021:10:35:15 +0800] "GET /xingrg/kc/buy/cgsh_order_operate.html?command=get_materiel&rest_code=00106&code=00101002009&supplier_code=00100088&order_time=2021-04-22 HTTP/1.1" 200 416
101.93.222.235 - - [22/Apr/2021:10:35:18 +0800] "GET /favicon.ico HTTP/1.1" 404 -
61.165.42.208 - - [22/Apr/2021:10:35:18 +0800] "POST /xingrg/kc/buy/cgsh_order_operate.html HTTP/1.1" 200 37
61.165.42.208 - - [22/Apr/2021:10:35:19 +0800] "POST /xingrg/kc/buy/cgsh_order_operate.html HTTP/1.1" 200 3240
61.165.42.208 - - [22/Apr/2021:10:35:20 +0800] "GET /xingrg/kc/print/load_data.html?order_code=212021042209197&kc_code=cgsh&condition= HTTP/1.1" 200 892
61.165.42.208 - - [22/Apr/2021:10:35:24 +0800] "GET /xingrg/kc/buy/cgsh_order_add.html HTTP/1.1" 200 62195
61.165.42.208 - - [22/Apr/2021:10:35:24 +0800] "POST /xingrg/kc/buy/cgsh_order_operate.html HTTP/1.1" 200 8245
117.185.32.26 - - [22/Apr/2021:10:35:24 +0800] "GET /xingrg/all/function/internal_message.html?_=1619059448135&CODE_STATE=getMsg HTTP/1.1" 200 27
61.165.42.208 - - [22/Apr/2021:10:35:24 +0800] "GET /xingrg/javascript/easyui/themes/default/validatebox.css HTTP/1.1" 404 1104
180.169.147.146 - - [22/Apr/2021:10:35:24 +0800] "GET /favicon.ico HTTP/1.1" 404 -
101.85.94.178 - - [22/Apr/2021:10:35:25 +0800] "GET /xingrg/all/function/internal_message.html?_=1619058456975&CODE_STATE=getMsg HTTP/1.1" 200 27
117.185.32.26 - - [22/Apr/2021:10:35:25 +0800] "GET /xingrg/kc/buy/cgsh_order_operate.html?command=get_materiel&rest_code=00106&code=00101011005&supplier_code=00100050&order_time=2021-04-22 HTTP/1.1" 200 428
116.224.253.72 - - [22/Apr/2021:10:35:27 +0800] "GET /favicon.ico HTTP/1.1" 404 -
222.70.217.33 - - [22/Apr/2021:10:35:27 +0800] "GET /xingrg/all/function/internal_message.html?_=1619058927613&CODE_STATE=getMsg HTTP/1.1" 200 27
180.169.147.146 - - [22/Apr/2021:10:35:29 +0800] "POST /xingrg/login.do HTTP/1.1" 200 2421
180.169.147.146 - - [22/Apr/2021:10:35:29 +0800] "GET /xingrg/images/blue/pic_top.gif HTTP/1.1" 304 -
180.169.147.146 - - [22/Apr/2021:10:35:29 +0800] "GET /xingrg/images/blue/pic_notice.jpg HTTP/1.1" 304 -
180.169.147.146 - - [22/Apr/2021:10:35:29 +0800] "GET /xingrg/images/blue/error_mid.gif HTTP/1.1" 304 -
180.169.147.146 - - [22/Apr/2021:10:35:29 +0800] "GET /xingrg/images/blue/error_top.gif HTTP/1.1" 304 -
180.169.147.146 - - [22/Apr/2021:10:35:29 +0800] "GET /xingrg/images/blue/error_buttom.gif HTTP/1.1" 304 -
180.169.147.146 - - [22/Apr/2021:10:35:29 +0800] "GET /favicon.ico HTTP/1.1" 404 -
180.169.147.146 - - [22/Apr/2021:10:35:30 +0800] "GET /xingrg/login.html HTTP/1.1" 200 7641
180.169.147.146 - - [22/Apr/2021:10:35:30 +0800] "GET /favicon.ico HTTP/1.1" 404 -
117.185.32.26 - - [22/Apr/2021:10:35:35 +0800] "GET /xingrg/kc/buy/cgsh_order_operate.html?command=get_materiel&rest_code=00106&code=00101011010&supplier_code=00100050&order_time=2021-04-22 HTTP/1.1" 200 418
180.169.147.146 - - [22/Apr/2021:10:35:35 +0800] "POST /xingrg/login.do HTTP/1.1" 302 -
180.169.147.146 - - [22/Apr/2021:10:35:35 +0800] "GET /xingrg/index.html?sysBaseUrl=http%3A%2F%2F180.169.147.146%3A18081%2Fxingrg%2F&costTime=40×tamp=1619058935237 HTTP/1.1" 200 17503
180.169.147.146 - - [22/Apr/2021:10:35:35 +0800] "POST /xingrg/all/common/load_tree.html?tree=area_rest_tree_json&manage=1 HTTP/1.1" 200 3344
180.169.147.146 - - [22/Apr/2021:10:35:36 +0800] "GET /xingrg/all/function/internal_message.html?_=1619058943203&CODE_STATE=count HTTP/1.1" 200 11
180.169.147.146 - - [22/Apr/2021:10:35:36 +0800] "GET /xingrg/check_reg.html?_=1619058943204 HTTP/1.1" 200 22
180.169.147.146 - - [22/Apr/2021:10:35:36 +0800] "GET /favicon.ico HTTP/1.1" 404 -
180.169.147.146 - - [22/Apr/2021:10:35:36 +0800] "POST /xingrg/load_menu.html HTTP/1.1" 200 11443
61.165.42.208 - - [22/Apr/2021:10:35:36 +0800] "GET /xingrg/kc/buy/cgsh_order_operate.html?command=get_materiel&rest_code=00105&code=00101008061&supplier_code=00100339&order_time=2021-04-22 HTTP/1.1" 200 423
180.169.147.146 - - [22/Apr/2021:10:35:37 +0800] "GET /xingrg/all/function/internal_message.html?_=1619058939902&CODE_STATE=getMsg HTTP/1.1" 200 27
180.169.147.146 - - [22/Apr/2021:10:35:37 +0800] "GET /xingrg/all/function/internal_message.html?_=1619058935841&CODE_STATE=getMsg HTTP/1.1" 200 27
124.77.71.179 - - [22/Apr/2021:10:35:38 +0800] "GET /xingrg/kc/buy/cgsh_order_add.html HTTP/1.1" 200 62236
124.77.71.179 - - [22/Apr/2021:10:35:39 +0800] "GET /xingrg/javascript/easyui/themes/default/validatebox.css HTTP/1.1" 404 1104
180.169.147.146 - - [22/Apr/2021:10:35:39 +0800] "GET /xingrg/check_reg.html?_=1619058935726 HTTP/1.1" 200 22
124.77.71.179 - - [22/Apr/2021:10:35:39 +0800] "POST /xingrg/kc/buy/cgsh_order_operate.html HTTP/1.1" 200 8245
124.77.71.179 - - [22/Apr/2021:10:35:40 +0800] "GET /xingrg/javascript/easyui/themes/default/tree.css HTTP/1.1" 404 1090
124.77.71.179 - - [22/Apr/2021:10:35:41 +0800] "POST /xingrg/all/common/load_tree.html?tree=supplier_tree_json&isDelete=1 HTTP/1.1" 200 54827
180.162.112.86 - - [22/Apr/2021:10:35:43 +0800] "GET /xingrg/all/function/internal_message.html?_=1619058700677&CODE_STATE=getMsg HTTP/1.1" 200 27
61.165.42.208 - - [22/Apr/2021:10:35:44 +0800] "POST /xingrg/kc/buy/cgsh_order_operate.html HTTP/1.1" 200 37
61.165.42.208 - - [22/Apr/2021:10:35:45 +0800] "POST /xingrg/kc/buy/cgsh_order_operate.html HTTP/1.1" 200 2666
116.230.114.112 - - [22/Apr/2021:10:35:46 +0800] "GET /xingrg/check_reg.html?_=1619058960336 HTTP/1.1" 200 22
117.185.32.26 - - [22/Apr/2021:10:35:46 +0800] "GET /xingrg/kc/buy/cgsh_order_operate.html?command=get_materiel&rest_code=00106&code=00101011007&supplier_code=00100050&order_time=2021-04-22 HTTP/1.1" 200 414
180.169.147.146 - - [22/Apr/2021:10:35:47 +0800] "GET /xingrg/check_reg.html?_=1619058947252 HTTP/1.1" 200 22
180.169.147.146 - - [22/Apr/2021:10:35:47 +0800] "GET /xingrg/all/function/internal_message.html?_=1619058947255&CODE_STATE=getMsg HTTP/1.1" 200 27
116.230.114.112 - - [22/Apr/2021:10:35:48 +0800] "GET /xingrg/all/function/internal_message.html?_=1619058961713&CODE_STATE=getMsg HTTP/1.1" 200 27
117.185.32.26 - - [22/Apr/2021:10:35:49 +0800] "GET /xingrg/all/function/internal_message.html?_=1619058947748&CODE_STATE=getMsg HTTP/1.1" 200 27
58.37.228.113 - - [22/Apr/2021:10:35:52 +0800] "GET /xingrg/all/function/internal_message.html?_=1619058956030&CODE_STATE=getMsg HTTP/1.1" 200 27
61.165.42.208 - - [22/Apr/2021:10:35:53 +0800] "GET /xingrg/kc/print/load_data.html?order_code=212021042209198&kc_code=cgsh&condition= HTTP/1.1" 200 676
180.169.147.146 - - [22/Apr/2021:10:35:53 +0800] "GET /xingrg/all/function/internal_message.html?_=1619058952784&CODE_STATE=getMsg HTTP/1.1" 200 27
180.169.147.146 - - [22/Apr/2021:10:35:53 +0800] "GET /xingrg/check_reg.html?_=1619058952788 HTTP/1.1" 200 22
114.83.220.121 - - [22/Apr/2021:10:35:53 +0800] "GET /xingrg/all/function/internal_message.html?_=1619058954089&CODE_STATE=getMsg HTTP/1.1" 200 27
61.165.42.208 - - [22/Apr/2021:10:35:54 +0800] "GET /xingrg/all/function/internal_message.html?_=1619058954569&CODE_STATE=getMsg HTTP/1.1" 200 27
61.165.42.208 - - [22/Apr/2021:10:35:56 +0800] "GET /xingrg/kc/buy/cgsh_order_add.html HTTP/1.1" 200 62195
117.185.32.26 - - [22/Apr/2021:10:35:56 +0800] "GET /xingrg/kc/buy/cgsh_order_operate.html?command=get_materiel&rest_code=00106&code=00101004011&supplier_code=00100088&order_time=2021-04-22 HTTP/1.1" 200 413
61.165.42.208 - - [22/Apr/2021:10:35:57 +0800] "POST /xingrg/kc/buy/cgsh_order_operate.html HTTP/1.1" 200 8245
61.165.42.208 - - [22/Apr/2021:10:35:57 +0800] "GET /xingrg/javascript/easyui/themes/default/validatebox.css HTTP/1.1" 404 1104
114.88.160.164 - - [22/Apr/2021:10:35:57 +0800] "GET /xingrg/all/function/internal_message.html?_=1619058957255&CODE_STATE=getMsg HTTP/1.1" 200 27
114.88.160.164 - - [22/Apr/2021:10:35:57 +0800] "GET /xingrg/check_reg.html?_=1619058957257 HTTP/1.1" 200 22
222.70.217.33 - - [22/Apr/2021:10:35:59 +0800] "POST /xingrg/services/DataTransmitService HTTP/1.1" 200 524
222.70.217.33 - - [22/Apr/2021:10:36:00 +0800] "POST /xingrg/services/DataTransmitService HTTP/1.1" 200 1979
58.221.95.50 - - [22/Apr/2021:10:36:00 +0800] "GET /xingrg/all/function/internal_message.html?_=1619058962148&CODE_STATE=getMsg HTTP/1.1" 200 27
58.40.7.146 - - [22/Apr/2021:10:36:01 +0800] "GET /xingrg/all/function/internal_message.html?_=1619058961695&CODE_STATE=getMsg HTTP/1.1" 200 27
124.77.71.179 - - [22/Apr/2021:10:36:04 +0800] "GET /xingrg/kc/buy/cgsh_order_operate.html?command=get_materiel&rest_code=00107&code=00101007144&supplier_code=00100322&order_time=2021-04-22 HTTP/1.1" 200 428
222.70.217.33 - - [22/Apr/2021:10:36:06 +0800] "POST /xingrg/services/DataTransmitService HTTP/1.1" 200 524
222.70.217.33 - - [22/Apr/2021:10:36:06 +0800] "POST /xingrg/services/DataTransmitService HTTP/1.1" 200 1979
222.70.217.33 - - [22/Apr/2021:10:36:07 +0800] "POST /xingrg/services/DataTransmitService HTTP/1.1" 200 524
117.185.32.26 - - [22/Apr/2021:10:36:07 +0800] "POST /xingrg/kc/buy/cgsh_order_operate.html HTTP/1.1" 200 37
222.70.217.33 - - [22/Apr/2021:10:36:07 +0800] "POST /xingrg/services/DataTransmitService HTTP/1.1" 200 1979
222.70.217.33 - - [22/Apr/2021:10:36:09 +0800] "POST /xingrg/services/DataTransmitService HTTP/1.1" 200 524
117.185.32.26 - - [22/Apr/2021:10:36:09 +0800] "POST /xingrg/kc/buy/cgsh_order_operate.html HTTP/1.1" 200 37
222.70.217.33 - - [22/Apr/2021:10:36:09 +0800] "POST /xingrg/services/DataTransmitService HTTP/1.1" 200 1979
61.165.42.208 - - [22/Apr/2021:10:36:09 +0800] "GET /xingrg/kc/buy/cgsh_order_operate.html?command=get_materiel&rest_code=00105&code=00101003035&supplier_code=00100092&order_time=2021-04-22 HTTP/1.1" 200 411
180.169.147.146 - - [22/Apr/2021:10:36:10 +0800] "POST /xingrg/all/user/operate.html HTTP/1.1" 200 36
180.169.147.146 - - [22/Apr/2021:10:36:10 +0800] "GET /xingrg/index.html?sysBaseUrl=http%3A%2F%2F180.169.147.146%3A18081%2Fxingrg%2F&costTime=40×tamp=1619058935237 HTTP/1.1" 200 17509
180.169.147.146 - - [22/Apr/2021:10:36:10 +0800] "GET /xingrg/javascript/jquery_easy_ui/themes/default/easyui.css HTTP/1.1" 304 -
180.169.147.146 - - [22/Apr/2021:10:36:10 +0800] "GET /xingrg/javascript/jquery_easy_ui/themes/icon.css HTTP/1.1" 304 -
180.169.147.146 - - [22/Apr/2021:10:36:10 +0800] "GET /xingrg/css/form.css HTTP/1.1" 304 -
180.169.147.146 - - [22/Apr/2021:10:36:10 +0800] "GET /xingrg/javascript/jquery-1.4.2.min.js HTTP/1.1" 304 -
180.169.147.146 - - [22/Apr/2021:10:36:10 +0800] "GET /xingrg/javascript/jquery_easy_ui/jquery.easyui.min.js HTTP/1.1" 304 -
180.169.147.146 - - [22/Apr/2021:10:36:10 +0800] "GET /xingrg/javascript/jquery_easy_ui/easyui-lang-zh_CN.js HTTP/1.1" 304 -
180.169.147.146 - - [22/Apr/2021:10:36:10 +0800] "GET /xingrg/javascript/jquery.form.js HTTP/1.1" 304 -
180.169.147.146 - - [22/Apr/2021:10:36:10 +0800] "GET /xingrg/javascript/jquery.utils.js HTTP/1.1" 304 -
180.169.147.146 - - [22/Apr/2021:10:36:10 +0800] "GET /xingrg/javascript/jquery.timers.js HTTP/1.1" 304 -
180.169.147.146 - - [22/Apr/2021:10:36:10 +0800] "GET /xingrg/images/blue/jxLogo.png HTTP/1.1" 304 -
180.169.147.146 - - [22/Apr/2021:10:36:10 +0800] "POST /xingrg/all/common/load_tree.html?tree=area_rest_tree_json&manage=1 HTTP/1.1" 200 3344
120.204.17.72 - - [22/Apr/2021:10:36:10 +0800] "GET /xingrg/kc/print/load_data.html?order_code=212021042209196&kc_code=cgsh&condition= HTTP/1.1" 302 -
117.185.32.26 - - [22/Apr/2021:10:36:10 +0800] "POST /xingrg/kc/buy/cgsh_order_operate.html HTTP/1.1" 200 12
180.169.147.146 - - [22/Apr/2021:10:36:10 +0800] "GET /xingrg/all/function/internal_message.html?_=1619058977654&CODE_STATE=count HTTP/1.1" 200 11
180.169.147.146 - - [22/Apr/2021:10:36:10 +0800] "GET /xingrg/check_reg.html?_=1619058977721 HTTP/1.1" 200 22
180.169.147.146 - - [22/Apr/2021:10:36:10 +0800] "GET /xingrg/javascript/jquery_easy_ui/themes/default/images/panel_tool_expand.gif HTTP/1.1" 304 -
180.169.147.146 - - [22/Apr/2021:10:36:10 +0800] "GET /xingrg/javascript/jquery_easy_ui/themes/default/images/panel_tool_collapse.gif HTTP/1.1" 304 -
180.169.147.146 - - [22/Apr/2021:10:36:10 +0800] "GET /xingrg/javascript/jquery_easy_ui/themes/default/images/tabs_rightarrow.png HTTP/1.1" 304 -
180.169.147.146 - - [22/Apr/2021:10:36:10 +0800] "GET /xingrg/javascript/jquery_easy_ui/themes/default/images/tabs_leftarrow.png HTTP/1.1" 304 -
180.169.147.146 - - [22/Apr/2021:10:36:10 +0800] "GET /xingrg/images/blue/pingpu.png HTTP/1.1" 304 -
180.169.147.146 - - [22/Apr/2021:10:36:10 +0800] "GET /xingrg/javascript/jquery_easy_ui/themes/icons/settle_new.png HTTP/1.1" 304 -
180.169.147.146 - - [22/Apr/2021:10:36:10 +0800] "GET /xingrg/images/blue/navBackgound.jpg HTTP/1.1" 304 -
180.169.147.146 - - [22/Apr/2021:10:36:10 +0800] "POST /xingrg/load_menu.html HTTP/1.1" 200 9959
180.169.147.146 - - [22/Apr/2021:10:36:11 +0800] "GET /xingrg/kc/report/report_main.html HTTP/1.1" 200 7345
120.204.17.72 - - [22/Apr/2021:10:36:12 +0800] "GET /xingrg/login.html HTTP/1.1" 200 7641
180.169.147.146 - - [22/Apr/2021:10:36:12 +0800] "GET /xingrg/kc/base/kc_stocks.html HTTP/1.1" 200 16386
180.169.147.146 - - [22/Apr/2021:10:36:12 +0800] "GET /xingrg/javascript/easyui/themes/sunny/easyui.css HTTP/1.1" 304 -
180.169.147.146 - - [22/Apr/2021:10:36:12 +0800] "GET /xingrg/javascript/convert.js HTTP/1.1" 304 -
124.77.71.179 - - [22/Apr/2021:10:36:13 +0800] "POST /xingrg/kc/buy/cgsh_order_operate.html HTTP/1.1" 200 37
117.185.32.26 - - [22/Apr/2021:10:36:13 +0800] "POST /xingrg/kc/buy/cgsh_order_operate.html HTTP/1.1" 200 12
117.185.32.26 - - [22/Apr/2021:10:36:13 +0800] "GET /xingrg/kc/buy/cgsh_order_info.html?code=212021042209199 HTTP/1.1" 200 57058
180.169.147.146 - - [22/Apr/2021:10:36:14 +0800] "GET /xingrg/javascript/easyui/themes/icons/print_new.png HTTP/1.1" 304 -
117.185.32.26 - - [22/Apr/2021:10:36:14 +0800] "GET /xingrg/javascript/easyui/themes/default/validatebox.css HTTP/1.1" 404 1104
180.169.147.146 - - [22/Apr/2021:10:36:14 +0800] "GET /xingrg/javascript/easyui/themes/icons/filter_new.png HTTP/1.1" 304 -
180.169.147.146 - - [22/Apr/2021:10:36:14 +0800] "GET /xingrg/javascript/easyui/themes/icons/refresh_new.png HTTP/1.1" 304 -
116.224.253.72 - - [22/Apr/2021:10:36:14 +0800] "GET /xingrg/all/function/internal_message.html?_=1619058958405&CODE_STATE=getMsg HTTP/1.1" 200 27
180.169.147.146 - - [22/Apr/2021:10:36:14 +0800] "GET /xingrg/javascript/easyui/plugins/jquery.draggable.js HTTP/1.1" 304 -
180.169.147.146 - - [22/Apr/2021:10:36:14 +0800] "GET /xingrg/all/common/auto_word.html?type=base&rest_code=00145 HTTP/1.1" 200 765
180.169.147.146 - - [22/Apr/2021:10:36:14 +0800] "GET /xingrg/javascript/easyui/plugins/jquery.droppable.js HTTP/1.1" 304 -
180.169.147.146 - - [22/Apr/2021:10:36:14 +0800] "GET /xingrg/javascript/easyui/themes/default/tree.css HTTP/1.1" 404 1090
180.169.147.146 - - [22/Apr/2021:10:36:14 +0800] "GET /xingrg/javascript/easyui/plugins/jquery.tree.js HTTP/1.1" 304 -
180.169.147.146 - - [22/Apr/2021:10:36:14 +0800] "POST /xingrg/all/common/load_tree.html?tree=materiel_sort_tree_json HTTP/1.1" 200 8666
180.169.147.146 - - [22/Apr/2021:10:36:14 +0800] "GET /xingrg/javascript/easyui/themes/sunny/images/tree_folder_open.gif HTTP/1.1" 304 -
180.169.147.146 - - [22/Apr/2021:10:36:14 +0800] "GET /xingrg/javascript/easyui/themes/sunny/images/tree_arrows.gif HTTP/1.1" 304 -
180.169.147.146 - - [22/Apr/2021:10:36:14 +0800] "GET /xingrg/javascript/easyui/themes/sunny/images/tree_folder.gif HTTP/1.1" 304 -
180.169.147.146 - - [22/Apr/2021:10:36:14 +0800] "GET /xingrg/javascript/easyui/themes/sunny/images/tree_file.gif HTTP/1.1" 304 -
124.77.71.179 - - [22/Apr/2021:10:36:14 +0800] "POST /xingrg/kc/buy/cgsh_order_operate.html HTTP/1.1" 200 2679
117.185.32.26 - - [22/Apr/2021:10:36:14 +0800] "POST /xingrg/kc/buy/cgsh_order_operate.html HTTP/1.1" 200 1794
124.77.71.179 - - [22/Apr/2021:10:36:15 +0800] "GET /xingrg/all/function/internal_message.html?_=1619058969373&CODE_STATE=getMsg HTTP/1.1" 200 27
117.185.32.26 - - [22/Apr/2021:10:36:15 +0800] "GET /xingrg/kc/buy/cgsh_order_info.html?code=212021042209200 HTTP/1.1" 200 57052
117.185.32.26 - - [22/Apr/2021:10:36:15 +0800] "GET /xingrg/javascript/easyui/themes/default/validatebox.css HTTP/1.1" 404 1104
117.185.32.26 - - [22/Apr/2021:10:36:16 +0800] "GET /xingrg/kc/print/load_data.html?order_code=212021042209199&kc_code=cgsh&condition= HTTP/1.1" 200 1210
117.185.32.26 - - [22/Apr/2021:10:36:16 +0800] "POST /xingrg/kc/buy/cgsh_order_operate.html HTTP/1.1" 200 1209
124.77.71.179 - - [22/Apr/2021:10:36:16 +0800] "GET /xingrg/kc/print/load_data.html?order_code=212021042209201&kc_code=cgsh&condition= HTTP/1.1" 200 682
117.185.32.26 - - [22/Apr/2021:10:36:18 +0800] "GET /xingrg/kc/print/load_data.html?order_code=212021042209200&kc_code=cgsh&condition= HTTP/1.1" 200 1009
180.169.147.146 - - [22/Apr/2021:10:36:20 +0800] "POST /xingrg/kc/base/stock_operate.html HTTP/1.1" 200 1935
180.169.147.146 - - [22/Apr/2021:10:36:20 +0800] "GET /xingrg/javascript/jquery_tools/fix_table.js HTTP/1.1" 304 -
124.77.71.179 - - [22/Apr/2021:10:36:21 +0800] "GET /xingrg/kc/buy/cgsh_order_add.html HTTP/1.1" 200 62236
124.77.71.179 - - [22/Apr/2021:10:36:21 +0800] "GET /xingrg/words/20210422084616_words.js HTTP/1.1" 304 -
124.77.71.179 - - [22/Apr/2021:10:36:22 +0800] "GET /xingrg/javascript/easyui/themes/default/validatebox.css HTTP/1.1" 404 1104
124.77.71.179 - - [22/Apr/2021:10:36:22 +0800] "POST /xingrg/kc/buy/cgsh_order_operate.html HTTP/1.1" 200 8245
180.169.147.146 - - [22/Apr/2021:10:36:22 +0800] "GET /xingrg/kc/base/stock_detail.html?m=00101028017 HTTP/1.1" 200 6485
180.169.147.146 - - [22/Apr/2021:10:36:22 +0800] "GET /xingrg/javascript/jquery_easy_ui/themes/icons/search.png HTTP/1.1" 304 -
180.169.147.146 - - [22/Apr/2021:10:36:22 +0800] "GET /xingrg/javascript/jquery_easy_ui/themes/default/images/calendar_prevmonth.gif HTTP/1.1" 304 -
180.169.147.146 - - [22/Apr/2021:10:36:22 +0800] "GET /xingrg/javascript/jquery_easy_ui/themes/default/images/calendar_nextmonth.gif HTTP/1.1" 304 -
180.169.147.146 - - [22/Apr/2021:10:36:22 +0800] "GET /xingrg/javascript/jquery_easy_ui/themes/default/images/calendar_prevyear.gif HTTP/1.1" 304 -
180.169.147.146 - - [22/Apr/2021:10:36:22 +0800] "GET /xingrg/javascript/jquery_easy_ui/themes/default/images/calendar_nextyear.gif HTTP/1.1" 304 -
124.77.71.179 - - [22/Apr/2021:10:36:22 +0800] "GET /xingrg/javascript/easyui/themes/default/tree.css HTTP/1.1" 404 1090
124.77.71.179 - - [22/Apr/2021:10:36:23 +0800] "POST /xingrg/all/common/load_tree.html?tree=supplier_tree_json&isDelete=1 HTTP/1.1" 200 54827
180.169.147.146 - - [22/Apr/2021:10:36:23 +0800] "GET /xingrg/kc/base/stock_operate.html?_=1619058990478&command=get_report_file&start_day=20210401 HTTP/1.1" 200 53
180.169.147.146 - - [22/Apr/2021:10:36:23 +0800] "GET /xingrg/all/report/report_query.html?isQuery=1&onlyBody=1&rh=2000&fileName=kc/base/kc_stock_detail_new.xml&queryString=(1=1)&queryText=&tableQueryString=init_table$sp1$$sp$crk_table$sp1$order_day%20between%2020210401%20and%2020210430&varString=start_day:20210401,materiel_code:00101028017,cost_id:3072,end_date:20210331 HTTP/1.1" 200 48701
180.169.147.146 - - [22/Apr/2021:10:36:23 +0800] "GET /xingrg/dwr/interface/AjaxReportQueryService.js HTTP/1.1" 200 13203
180.169.147.146 - - [22/Apr/2021:10:36:23 +0800] "GET /xingrg/dwr/engine.js HTTP/1.1" 200 43631
180.169.147.146 - - [22/Apr/2021:10:36:23 +0800] "GET /xingrg/dwr/util.js HTTP/1.1" 200 35990
61.165.42.208 - - [22/Apr/2021:10:36:23 +0800] "POST /xingrg/kc/buy/cgsh_order_operate.html HTTP/1.1" 200 37
180.169.147.146 - - [22/Apr/2021:10:36:24 +0800] "POST /xingrg/all/report/load_report_page.html HTTP/1.1" 200 25100
180.169.147.146 - - [22/Apr/2021:10:36:24 +0800] "GET /xingrg/servlets/image?cache=0.761451810483285&image=px HTTP/1.1" 200 807
117.185.32.26 - - [22/Apr/2021:10:36:24 +0800] "GET /xingrg/all/function/internal_message.html?_=1619059508135&CODE_STATE=getMsg HTTP/1.1" 200 27
101.85.94.178 - - [22/Apr/2021:10:36:25 +0800] "GET /xingrg/all/function/internal_message.html?_=1619058516976&CODE_STATE=getMsg HTTP/1.1" 200 27
101.85.94.178 - - [22/Apr/2021:10:36:25 +0800] "GET /xingrg/check_reg.html?_=1619058516977 HTTP/1.1" 200 22
117.185.32.26 - - [22/Apr/2021:10:36:25 +0800] "GET /xingrg/kc/buy/cgsh_order_add.html HTTP/1.1" 200 62148
117.185.32.26 - - [22/Apr/2021:10:36:25 +0800] "GET /xingrg/javascript/easyui/themes/default/validatebox.css HTTP/1.1" 404 1104
117.185.32.26 - - [22/Apr/2021:10:36:25 +0800] "POST /xingrg/kc/buy/cgsh_order_operate.html HTTP/1.1" 200 8245
117.185.32.26 - - [22/Apr/2021:10:36:27 +0800] "GET /xingrg/javascript/easyui/themes/default/tree.css HTTP/1.1" 404 1090
117.185.32.26 - - [22/Apr/2021:10:36:27 +0800] "POST /xingrg/all/common/load_tree.html?tree=supplier_tree_json&isDelete=1 HTTP/1.1" 200 54827
222.70.217.33 - - [22/Apr/2021:10:36:27 +0800] "POST /xingrg/services/DataTransmitService HTTP/1.1" 200 524
116.224.253.72 - - [22/Apr/2021:10:36:27 +0800] "GET /xingrg/kc/base/wldb_order_add.html HTTP/1.1" 200 30560
222.70.217.33 - - [22/Apr/2021:10:36:27 +0800] "POST /xingrg/services/DataTransmitService HTTP/1.1" 200 501
222.70.217.33 - - [22/Apr/2021:10:36:27 +0800] "GET /xingrg/all/function/internal_message.html?_=1619058987621&CODE_STATE=getMsg HTTP/1.1" 200 27
116.224.253.72 - - [22/Apr/2021:10:36:27 +0800] "POST /xingrg/kc/base/wldb_order_operate.html HTTP/1.1" 200 6806
116.224.253.72 - - [22/Apr/2021:10:36:28 +0800] "GET /xingrg/javascript/easyui/themes/default/validatebox.css HTTP/1.1" 404 1104
222.70.217.33 - - [22/Apr/2021:10:36:28 +0800] "POST /xingrg/services/DataTransmitService HTTP/1.1" 200 524
116.224.253.72 - - [22/Apr/2021:10:36:28 +0800] "POST /xingrg/all/common/load_combo.html?type=base HTTP/1.1" 200 2966
61.165.42.208 - - [22/Apr/2021:10:36:29 +0800] "POST /xingrg/kc/buy/cgsh_order_operate.html HTTP/1.1" 200 2658
61.165.42.208 - - [22/Apr/2021:10:36:30 +0800] "GET /xingrg/kc/print/load_data.html?order_code=212021042209202&kc_code=cgsh&condition= HTTP/1.1" 200 713
120.204.17.73 - - [22/Apr/2021:10:36:32 +0800] "GET /xingrg/kc/buy/cgsh_order_operate.html?command=get_materiel&rest_code=00106&code=00101011005&supplier_code=00100050&order_time=2021-04-22 HTTP/1.1" 302 -
61.165.42.208 - - [22/Apr/2021:10:36:33 +0800] "GET /xingrg/kc/buy/cgsh_order_add.html HTTP/1.1" 200 62195
61.165.42.208 - - [22/Apr/2021:10:36:33 +0800] "POST /xingrg/kc/buy/cgsh_order_operate.html HTTP/1.1" 200 8245
61.165.42.208 - - [22/Apr/2021:10:36:33 +0800] "GET /xingrg/javascript/easyui/themes/default/validatebox.css HTTP/1.1" 404 1104
180.169.147.146 - - [22/Apr/2021:10:36:34 +0800] "GET /xingrg/kc/base/stock_operate.html?_=1619059001356&command=get_report_file&start_day=20200401 HTTP/1.1" 200 53
180.169.147.146 - - [22/Apr/2021:10:36:34 +0800] "GET /xingrg/all/report/report_query.html?isQuery=1&onlyBody=1&rh=2000&fileName=kc/base/kc_stock_detail_new.xml&queryString=(1=1)&queryText=&tableQueryString=init_table$sp1$$sp$crk_table$sp1$order_day%20between%2020200401%20and%2020210430&varString=start_day:20200401,materiel_code:00101028017,cost_id:2608,end_date:20200331 HTTP/1.1" 200 48701
180.169.147.146 - - [22/Apr/2021:10:36:34 +0800] "GET /xingrg/dwr/interface/AjaxReportQueryService.js HTTP/1.1" 200 13203
180.169.147.146 - - [22/Apr/2021:10:36:34 +0800] "GET /xingrg/dwr/engine.js HTTP/1.1" 200 43631
180.169.147.146 - - [22/Apr/2021:10:36:35 +0800] "POST /xingrg/all/report/load_report_page.html HTTP/1.1" 200 69208
180.169.147.146 - - [22/Apr/2021:10:36:35 +0800] "GET /xingrg/servlets/image?cache=0.23345686129977095&image=px HTTP/1.1" 200 807
222.70.217.33 - - [22/Apr/2021:10:36:36 +0800] "POST /xingrg/services/DataTransmitService HTTP/1.1" 200 501
222.70.217.33 - - [22/Apr/2021:10:36:36 +0800] "POST /xingrg/services/DataTransmitService HTTP/1.1" 200 501
180.169.147.146 - - [22/Apr/2021:10:36:37 +0800] "GET /xingrg/all/function/internal_message.html?_=1619058999904&CODE_STATE=getMsg HTTP/1.1" 200 27
180.169.147.146 - - [22/Apr/2021:10:36:37 +0800] "GET /xingrg/all/function/internal_message.html?_=1619058995831&CODE_STATE=getMsg HTTP/1.1" 200 27
222.70.217.33 - - [22/Apr/2021:10:36:38 +0800] "POST /xingrg/services/DataTransmitService HTTP/1.1" 200 501
222.70.217.33 - - [22/Apr/2021:10:36:39 +0800] "POST /xingrg/services/DataTransmitService HTTP/1.1" 200 501
120.204.17.73 - - [22/Apr/2021:10:36:39 +0800] "GET /xingrg/login.html HTTP/1.1" 200 7641
222.70.217.33 - - [22/Apr/2021:10:36:40 +0800] "POST /xingrg/services/DataTransmitService HTTP/1.1" 200 501
222.70.217.33 - - [22/Apr/2021:10:36:40 +0800] "POST /xingrg/services/DataTransmitService HTTP/1.1" 200 501
222.70.217.33 - - [22/Apr/2021:10:36:41 +0800] "POST /xingrg/services/DataTransmitService HTTP/1.1" 200 501
222.70.217.33 - - [22/Apr/2021:10:36:41 +0800] "POST /xingrg/services/DataTransmitService HTTP/1.1" 200 501
222.70.217.33 - - [22/Apr/2021:10:36:41 +0800] "POST /xingrg/services/DataTransmitService HTTP/1.1" 200 501
116.224.253.72 - - [22/Apr/2021:10:36:42 +0800] "GET /xingrg/kc/base/wldb_order_operate.html?command=get_materiel&rest_code=00150&base_code=0010446&code=00102002315 HTTP/1.1" 200 448
61.165.42.208 - - [22/Apr/2021:10:36:43 +0800] "GET /xingrg/kc/buy/cgsh_order_operate.html?command=get_materiel&rest_code=00105&code=00101002034&supplier_code=00100091&order_time=2021-04-22 HTTP/1.1" 200 429
222.70.217.33 - - [22/Apr/2021:10:36:43 +0800] "POST /xingrg/services/DataTransmitService HTTP/1.1" 200 412
222.70.217.33 - - [22/Apr/2021:10:36:43 +0800] "POST /xingrg/services/DataTransmitService HTTP/1.1" 200 524
180.162.112.86 - - [22/Apr/2021:10:36:43 +0800] "GET /xingrg/all/function/internal_message.html?_=1619058760677&CODE_STATE=getMsg HTTP/1.1" 200 27
117.185.32.26 - - [22/Apr/2021:10:36:45 +0800] "GET /xingrg/kc/buy/cgsh_order_operate.html?command=get_materiel&rest_code=00106&code=00101004063&supplier_code=00100085&order_time=2021-04-22 HTTP/1.1" 200 414
124.77.71.179 - - [22/Apr/2021:10:36:45 +0800] "GET /xingrg/kc/buy/cgsh_order_operate.html?command=get_materiel&rest_code=00107&code=00101010281&supplier_code=00100331&order_time=2021-04-22 HTTP/1.1" 200 414
180.169.147.146 - - [22/Apr/2021:10:36:47 +0800] "GET /xingrg/all/function/internal_message.html?_=1619059007246&CODE_STATE=getMsg HTTP/1.1" 200 27
222.70.217.33 - - [22/Apr/2021:10:36:47 +0800] "POST /xingrg/services/DataTransmitService HTTP/1.1" 200 524
222.70.217.33 - - [22/Apr/2021:10:36:47 +0800] "POST /xingrg/services/DataTransmitService HTTP/1.1" 200 524
116.230.114.112 - - [22/Apr/2021:10:36:48 +0800] "GET /xingrg/all/function/internal_message.html?_=1619059021727&CODE_STATE=getMsg HTTP/1.1" 200 27
117.185.32.26 - - [22/Apr/2021:10:36:49 +0800] "GET /xingrg/all/function/internal_message.html?_=1619059007705&CODE_STATE=getMsg HTTP/1.1" 200 27
116.224.253.72 - - [22/Apr/2021:10:36:49 +0800] "GET /xingrg/kc/base/wldb_order_operate.html?command=get_materiel&rest_code=00150&base_code=0010446&code=00102002204 HTTP/1.1" 200 433
58.37.228.113 - - [22/Apr/2021:10:36:52 +0800] "GET /xingrg/all/function/internal_message.html?_=1619059016029&CODE_STATE=getMsg HTTP/1.1" 200 27
58.37.228.113 - - [22/Apr/2021:10:36:52 +0800] "GET /xingrg/check_reg.html?_=1619059016032 HTTP/1.1" 200 22
61.165.42.208 - - [22/Apr/2021:10:36:52 +0800] "GET /xingrg/kc/buy/cgsh_order_operate.html?command=get_materiel&rest_code=00105&code=00101003062&supplier_code=00100091&order_time=2021-04-22 HTTP/1.1" 200 401
180.169.147.146 - - [22/Apr/2021:10:36:53 +0800] "GET /xingrg/all/function/internal_message.html?_=1619059012800&CODE_STATE=getMsg HTTP/1.1" 200 27
114.83.220.121 - - [22/Apr/2021:10:36:53 +0800] "GET /xingrg/all/function/internal_message.html?_=1619059014077&CODE_STATE=getMsg HTTP/1.1" 200 27
61.165.42.208 - - [22/Apr/2021:10:36:54 +0800] "GET /xingrg/all/function/internal_message.html?_=1619059014560&CODE_STATE=getMsg HTTP/1.1" 200 27
61.165.42.208 - - [22/Apr/2021:10:36:54 +0800] "GET /xingrg/check_reg.html?_=1619059014641 HTTP/1.1" 200 22
180.169.147.146 - - [22/Apr/2021:10:36:55 +0800] "GET /xingrg/kc/guide/show_order.html?code=212021041707284&type=21 HTTP/1.1" 302 -
180.169.147.146 - - [22/Apr/2021:10:36:55 +0800] "GET /xingrg/kc/buy/cgsh_order_info.html?code=212021041707284&sysBaseUrl=http%3A%2F%2F180.169.147.146%3A18081%2Fxingrg%2F&costTime=1×tamp=1619059015763 HTTP/1.1" 200 56500
180.169.147.146 - - [22/Apr/2021:10:36:55 +0800] "GET /favicon.ico HTTP/1.1" 404 -
180.169.147.146 - - [22/Apr/2021:10:36:56 +0800] "GET /xingrg/javascript/print/kc_print.js HTTP/1.1" 304 -
180.169.147.146 - - [22/Apr/2021:10:36:56 +0800] "GET /xingrg/words/20210422084616_words.js HTTP/1.1" 200 807466
180.169.147.146 - - [22/Apr/2021:10:36:56 +0800] "GET /xingrg/javascript/easyui/themes/icons/copy_new.png HTTP/1.1" 304 -
180.169.147.146 - - [22/Apr/2021:10:36:56 +0800] "GET /xingrg/javascript/easyui/themes/icons/cancel.png HTTP/1.1" 304 -
180.169.147.146 - - [22/Apr/2021:10:36:56 +0800] "GET /xingrg/javascript/easyui/themes/default/validatebox.css HTTP/1.1" 404 1104
180.169.147.146 - - [22/Apr/2021:10:36:57 +0800] "POST /xingrg/kc/buy/cgsh_order_operate.html HTTP/1.1" 200 612
180.169.147.146 - - [22/Apr/2021:10:36:57 +0800] "GET /xingrg/javascript/easyui/themes/icons/edit_remove.png HTTP/1.1" 304 -
114.88.160.164 - - [22/Apr/2021:10:36:57 +0800] "GET /xingrg/all/function/internal_message.html?_=1619059017258&CODE_STATE=getMsg HTTP/1.1" 200 27
61.165.42.208 - - [22/Apr/2021:10:37:00 +0800] "POST /xingrg/kc/buy/cgsh_order_operate.html HTTP/1.1" 200 37
58.221.95.50 - - [22/Apr/2021:10:37:00 +0800] "GET /xingrg/all/function/internal_message.html?_=1619059022132&CODE_STATE=getMsg HTTP/1.1" 200 27
58.40.7.146 - - [22/Apr/2021:10:37:01 +0800] "GET /xingrg/all/function/internal_message.html?_=1619059021698&CODE_STATE=getMsg HTTP/1.1" 200 27
58.40.7.146 - - [22/Apr/2021:10:37:01 +0800] "GET /xingrg/check_reg.html?_=1619059021701 HTTP/1.1" 200 22
116.224.253.72 - - [22/Apr/2021:10:37:05 +0800] "POST /xingrg/kc/base/wldb_order_operate.html HTTP/1.1" 200 37
