114.83.220.121 - - [22/Apr/2021:10:45:53 +0800] "GET /xingrg/all/function/internal_message.html?_=1619059553928&CODE_STATE=getMsg HTTP/1.1" 200 27
101.89.19.197 - - [22/Apr/2021:10:45:53 +0800] "GET /xingrg/all/function/internal_message.html?_=1619059496044&CODE_STATE=getMsg HTTP/1.1" 302 -
61.165.42.208 - - [22/Apr/2021:10:45:54 +0800] "GET /xingrg/all/function/internal_message.html?_=1619059554398&CODE_STATE=getMsg HTTP/1.1" 200 27
101.89.19.197 - - [22/Apr/2021:10:45:55 +0800] "GET /xingrg/login.html HTTP/1.1" 200 7641
222.70.217.33 - - [22/Apr/2021:10:45:56 +0800] "GET /xingrg/kc/buy/cgsh_order_operate.html?command=get_materiel&rest_code=00155&code=00101010571&supplier_code=00100329&order_time=2021-04-22 HTTP/1.1" 200 430
116.238.141.202 - - [22/Apr/2021:10:45:57 +0800] "GET /xingrg/kc/base/wldb_order_operate.html?command=get_materiel&rest_code=00102&base_code=0010476&code=00101019536 HTTP/1.1" 200 469
114.88.160.164 - - [22/Apr/2021:10:45:57 +0800] "GET /xingrg/check_reg.html?_=1619059557255 HTTP/1.1" 200 22
114.88.160.164 - - [22/Apr/2021:10:45:57 +0800] "GET /xingrg/all/function/internal_message.html?_=1619059557258&CODE_STATE=getMsg HTTP/1.1" 200 27
58.221.95.50 - - [22/Apr/2021:10:46:00 +0800] "GET /xingrg/all/function/internal_message.html?_=1619059562007&CODE_STATE=getMsg HTTP/1.1" 200 27
116.238.141.202 - - [22/Apr/2021:10:46:01 +0800] "GET /xingrg/kc/base/wldb_order_operate.html?command=get_materiel&rest_code=00102&base_code=0010476&code=00101019535 HTTP/1.1" 200 476
58.40.7.146 - - [22/Apr/2021:10:46:01 +0800] "GET /xingrg/all/function/internal_message.html?_=1619059561704&CODE_STATE=getMsg HTTP/1.1" 200 27
222.70.217.33 - - [22/Apr/2021:10:46:04 +0800] "GET /xingrg/kc/buy/cgsh_order_operate.html?command=get_materiel&rest_code=00155&code=00101016067&supplier_code=00100329&order_time=2021-04-22 HTTP/1.1" 200 412
180.169.147.146 - - [22/Apr/2021:10:46:06 +0800] "GET /xingrg/all/function/internal_message.html?_=1619059566036&CODE_STATE=getMsg HTTP/1.1" 200 27
116.238.141.202 - - [22/Apr/2021:10:46:07 +0800] "GET /xingrg/kc/base/wldb_order_operate.html?command=get_materiel&rest_code=00102&base_code=0010476&code=00101019134 HTTP/1.1" 200 466
61.165.42.208 - - [22/Apr/2021:10:46:09 +0800] "POST /xingrg/kc/buy/cgsh_order_operate.html HTTP/1.1" 200 37
116.238.141.202 - - [22/Apr/2021:10:46:12 +0800] "GET /xingrg/kc/base/wldb_order_operate.html?command=get_materiel&rest_code=00102&base_code=0010476&code=00101019283 HTTP/1.1" 200 450
222.70.217.33 - - [22/Apr/2021:10:46:13 +0800] "POST /xingrg/kc/buy/cgsh_order_operate.html HTTP/1.1" 200 37
61.165.42.208 - - [22/Apr/2021:10:46:13 +0800] "POST /xingrg/kc/buy/cgsh_order_operate.html HTTP/1.1" 200 9789
222.70.217.33 - - [22/Apr/2021:10:46:14 +0800] "POST /xingrg/kc/buy/cgsh_order_operate.html HTTP/1.1" 200 3269
61.165.42.208 - - [22/Apr/2021:10:46:14 +0800] "GET /xingrg/kc/print/load_data.html?order_code=212021042209222&kc_code=cgsh&condition= HTTP/1.1" 200 3377
222.70.217.33 - - [22/Apr/2021:10:46:14 +0800] "GET /xingrg/kc/print/load_data.html?order_code=212021042209223&kc_code=cgsh&condition= HTTP/1.1" 200 932
124.77.71.179 - - [22/Apr/2021:10:46:15 +0800] "GET /xingrg/all/function/internal_message.html?_=1619059569398&CODE_STATE=getMsg HTTP/1.1" 200 27
116.238.141.202 - - [22/Apr/2021:10:46:16 +0800] "GET /xingrg/kc/base/wldb_order_operate.html?command=get_materiel&rest_code=00102&base_code=0010476&code=00101019071 HTTP/1.1" 200 455
61.165.42.208 - - [22/Apr/2021:10:46:18 +0800] "GET /xingrg/kc/buy/cgsh_order_add.html HTTP/1.1" 200 62195
61.165.42.208 - - [22/Apr/2021:10:46:18 +0800] "GET /xingrg/javascript/easyui/themes/default/validatebox.css HTTP/1.1" 404 1104
61.165.42.208 - - [22/Apr/2021:10:46:18 +0800] "POST /xingrg/kc/buy/cgsh_order_operate.html HTTP/1.1" 200 8245
114.86.187.76 - - [22/Apr/2021:10:46:20 +0800] "GET /favicon.ico HTTP/1.1" 404 -
222.70.217.33 - - [22/Apr/2021:10:46:22 +0800] "GET /xingrg/kc/buy/cgsh_order_add.html HTTP/1.1" 200 62116
222.70.217.33 - - [22/Apr/2021:10:46:22 +0800] "POST /xingrg/kc/buy/cgsh_order_operate.html HTTP/1.1" 200 8245
222.70.217.33 - - [22/Apr/2021:10:46:22 +0800] "GET /xingrg/javascript/easyui/themes/default/validatebox.css HTTP/1.1" 404 1104
116.230.114.112 - - [22/Apr/2021:10:46:24 +0800] "POST /xingrg/kc/buy/cgsh_order_operate.html HTTP/1.1" 200 37
117.185.32.26 - - [22/Apr/2021:10:46:24 +0800] "GET /xingrg/all/function/internal_message.html?_=1619060108164&CODE_STATE=getMsg HTTP/1.1" 200 27
101.85.94.178 - - [22/Apr/2021:10:46:25 +0800] "GET /xingrg/check_reg.html?_=1619059117019 HTTP/1.1" 200 22
116.230.114.112 - - [22/Apr/2021:10:46:26 +0800] "POST /xingrg/kc/buy/cgsh_order_operate.html HTTP/1.1" 200 5009
116.238.141.202 - - [22/Apr/2021:10:46:26 +0800] "POST /xingrg/kc/base/wldb_order_operate.html HTTP/1.1" 200 37
61.165.42.208 - - [22/Apr/2021:10:46:27 +0800] "GET /xingrg/kc/buy/cgsh_order_operate.html?command=get_materiel&rest_code=00105&code=00102002167&supplier_code=00100347&order_time=2021-04-22 HTTP/1.1" 200 409
222.70.217.33 - - [22/Apr/2021:10:46:27 +0800] "GET /xingrg/all/function/internal_message.html?_=1619059587616&CODE_STATE=getMsg HTTP/1.1" 200 27
116.238.141.202 - - [22/Apr/2021:10:46:28 +0800] "POST /xingrg/kc/base/wldb_order_operate.html HTTP/1.1" 200 12
116.238.141.202 - - [22/Apr/2021:10:46:28 +0800] "POST /xingrg/kc/base/wldb_order_operate.html HTTP/1.1" 200 5698
116.230.114.112 - - [22/Apr/2021:10:46:29 +0800] "GET /xingrg/kc/print/load_data.html?order_code=212021042209224&kc_code=cgsh&condition= HTTP/1.1" 200 1579
116.238.141.202 - - [22/Apr/2021:10:46:35 +0800] "GET /xingrg/kc/base/wldb_order_info.html?code=422021042202271 HTTP/1.1" 200 26419
116.238.141.202 - - [22/Apr/2021:10:46:37 +0800] "POST /xingrg/kc/base/wldb_order_operate.html HTTP/1.1" 200 3914
180.169.147.146 - - [22/Apr/2021:10:46:37 +0800] "GET /xingrg/all/function/internal_message.html?_=1619059599921&CODE_STATE=getMsg HTTP/1.1" 200 27
180.169.147.146 - - [22/Apr/2021:10:46:37 +0800] "GET /xingrg/all/function/internal_message.html?_=1619059595843&CODE_STATE=getMsg HTTP/1.1" 200 27
116.238.141.202 - - [22/Apr/2021:10:46:37 +0800] "GET /xingrg/javascript/easyui/themes/default/validatebox.css HTTP/1.1" 404 1104
61.165.42.208 - - [22/Apr/2021:10:46:39 +0800] "GET /xingrg/kc/buy/cgsh_order_operate.html?command=get_materiel&rest_code=00105&code=00101015004&supplier_code=00100347&order_time=2021-04-22 HTTP/1.1" 200 409
180.162.112.86 - - [22/Apr/2021:10:46:43 +0800] "GET /xingrg/all/function/internal_message.html?_=1619059360675&CODE_STATE=getMsg HTTP/1.1" 200 27
116.230.114.112 - - [22/Apr/2021:10:46:44 +0800] "GET /xingrg/kc/buy/cgsh_order_add.html HTTP/1.1" 200 62154
116.230.114.112 - - [22/Apr/2021:10:46:45 +0800] "GET /xingrg/javascript/easyui/themes/default/validatebox.css HTTP/1.1" 404 1104
116.230.114.112 - - [22/Apr/2021:10:46:45 +0800] "POST /xingrg/kc/buy/cgsh_order_operate.html HTTP/1.1" 200 8245
116.224.253.72 - - [22/Apr/2021:10:46:47 +0800] "GET /xingrg/all/function/internal_message.html?_=1619059591473&CODE_STATE=getMsg HTTP/1.1" 200 27
180.169.147.146 - - [22/Apr/2021:10:46:47 +0800] "GET /xingrg/all/function/internal_message.html?_=1619059607268&CODE_STATE=getMsg HTTP/1.1" 200 27
61.165.42.208 - - [22/Apr/2021:10:46:47 +0800] "POST /xingrg/kc/buy/cgsh_order_operate.html HTTP/1.1" 200 37
116.230.114.112 - - [22/Apr/2021:10:46:48 +0800] "GET /xingrg/all/function/internal_message.html?_=1619059622094&CODE_STATE=getMsg HTTP/1.1" 200 27
61.165.42.208 - - [22/Apr/2021:10:46:49 +0800] "POST /xingrg/kc/buy/cgsh_order_operate.html HTTP/1.1" 200 3239
117.185.32.26 - - [22/Apr/2021:10:46:49 +0800] "GET /xingrg/all/function/internal_message.html?_=1619059607496&CODE_STATE=getMsg HTTP/1.1" 200 27
61.165.42.208 - - [22/Apr/2021:10:46:50 +0800] "GET /xingrg/kc/print/load_data.html?order_code=212021042209225&kc_code=cgsh&condition= HTTP/1.1" 200 876
58.37.228.113 - - [22/Apr/2021:10:46:52 +0800] "GET /xingrg/all/function/internal_message.html?_=1619059616055&CODE_STATE=getMsg HTTP/1.1" 200 27
58.37.228.113 - - [22/Apr/2021:10:46:52 +0800] "GET /xingrg/check_reg.html?_=1619059616057 HTTP/1.1" 200 22
114.83.220.121 - - [22/Apr/2021:10:46:53 +0800] "GET /xingrg/all/function/internal_message.html?_=1619059613903&CODE_STATE=getMsg HTTP/1.1" 200 27
61.165.42.208 - - [22/Apr/2021:10:46:54 +0800] "GET /xingrg/all/function/internal_message.html?_=1619059614373&CODE_STATE=getMsg HTTP/1.1" 200 27
61.165.42.208 - - [22/Apr/2021:10:46:54 +0800] "GET /xingrg/check_reg.html?_=1619059614637 HTTP/1.1" 200 22
61.129.6.203 - - [22/Apr/2021:10:46:57 +0800] "GET /xingrg/all/function/internal_message.html?_=1619059556053&CODE_STATE=getMsg HTTP/1.1" 302 -
114.88.160.164 - - [22/Apr/2021:10:46:57 +0800] "GET /xingrg/all/function/internal_message.html?_=1619059617259&CODE_STATE=getMsg HTTP/1.1" 200 27
58.221.95.50 - - [22/Apr/2021:10:47:00 +0800] "GET /xingrg/all/function/internal_message.html?_=1619059621992&CODE_STATE=getMsg HTTP/1.1" 200 27
61.129.6.203 - - [22/Apr/2021:10:47:00 +0800] "GET /xingrg/login.html HTTP/1.1" 200 7641
58.40.7.146 - - [22/Apr/2021:10:47:01 +0800] "GET /xingrg/all/function/internal_message.html?_=1619059621708&CODE_STATE=getMsg HTTP/1.1" 200 27
58.40.7.146 - - [22/Apr/2021:10:47:01 +0800] "GET /xingrg/check_reg.html?_=1619059621710 HTTP/1.1" 200 22
116.230.114.112 - - [22/Apr/2021:10:47:02 +0800] "GET /xingrg/kc/buy/cgsh_order_operate.html?command=get_materiel&rest_code=00146&code=00101012010&supplier_code=00100033&order_time=2021-04-22 HTTP/1.1" 200 409
180.169.147.146 - - [22/Apr/2021:10:47:06 +0800] "GET /xingrg/check_reg.html?_=1619059626042 HTTP/1.1" 200 22
180.169.147.146 - - [22/Apr/2021:10:47:06 +0800] "GET /xingrg/all/function/internal_message.html?_=1619059626047&CODE_STATE=getMsg HTTP/1.1" 200 27
124.77.71.179 - - [22/Apr/2021:10:47:14 +0800] "GET /xingrg/check_reg.html?_=1619059629364 HTTP/1.1" 200 22
124.77.71.179 - - [22/Apr/2021:10:47:14 +0800] "GET /xingrg/all/function/internal_message.html?_=1619059629382&CODE_STATE=getMsg HTTP/1.1" 200 27
116.230.114.112 - - [22/Apr/2021:10:47:16 +0800] "GET /xingrg/kc/buy/cgsh_order_operate.html?command=get_materiel&rest_code=00146&code=00101016080&supplier_code=00100033&order_time=2021-04-22 HTTP/1.1" 200 408
117.185.32.26 - - [22/Apr/2021:10:47:24 +0800] "GET /xingrg/all/function/internal_message.html?_=1619060168194&CODE_STATE=getMsg HTTP/1.1" 200 27
222.70.217.33 - - [22/Apr/2021:10:47:27 +0800] "GET /xingrg/all/function/internal_message.html?_=1619059647610&CODE_STATE=getMsg HTTP/1.1" 200 27
116.230.114.112 - - [22/Apr/2021:10:47:29 +0800] "GET /xingrg/kc/buy/cgsh_order_operate.html?command=get_materiel&rest_code=00146&code=00101012002&supplier_code=00100033&order_time=2021-04-22 HTTP/1.1" 200 419
222.70.217.33 - - [22/Apr/2021:10:47:34 +0800] "GET /xingrg/kc/buy/cgsh_order_operate.html?command=get_materiel&rest_code=00155&code=00101014078&supplier_code=00100211&order_time=2021-04-22 HTTP/1.1" 200 415
180.169.147.146 - - [22/Apr/2021:10:47:37 +0800] "GET /xingrg/all/function/internal_message.html?_=1619059659922&CODE_STATE=getMsg HTTP/1.1" 200 27
180.169.147.146 - - [22/Apr/2021:10:47:37 +0800] "GET /xingrg/all/function/internal_message.html?_=1619059655835&CODE_STATE=getMsg HTTP/1.1" 200 27
222.70.217.33 - - [22/Apr/2021:10:47:43 +0800] "POST /xingrg/kc/buy/cgsh_order_operate.html HTTP/1.1" 200 37
180.162.112.86 - - [22/Apr/2021:10:47:43 +0800] "GET /xingrg/all/function/internal_message.html?_=1619059420675&CODE_STATE=getMsg HTTP/1.1" 200 27
222.70.217.33 - - [22/Apr/2021:10:47:45 +0800] "POST /xingrg/kc/buy/cgsh_order_operate.html HTTP/1.1" 200 2661
222.70.217.33 - - [22/Apr/2021:10:47:45 +0800] "GET /xingrg/kc/print/load_data.html?order_code=212021042209226&kc_code=cgsh&condition= HTTP/1.1" 200 672
116.224.253.72 - - [22/Apr/2021:10:47:47 +0800] "GET /xingrg/all/function/internal_message.html?_=1619059651487&CODE_STATE=getMsg HTTP/1.1" 200 27
180.169.147.146 - - [22/Apr/2021:10:47:47 +0800] "GET /xingrg/all/function/internal_message.html?_=1619059667241&CODE_STATE=getMsg HTTP/1.1" 200 27
116.230.114.112 - - [22/Apr/2021:10:47:48 +0800] "GET /xingrg/all/function/internal_message.html?_=1619059682110&CODE_STATE=getMsg HTTP/1.1" 200 27
116.230.114.112 - - [22/Apr/2021:10:47:48 +0800] "GET /xingrg/kc/buy/cgsh_order_operate.html?command=get_materiel&rest_code=00146&code=00101011001&supplier_code=00100033&order_time=2021-04-22 HTTP/1.1" 200 423
222.70.217.33 - - [22/Apr/2021:10:47:49 +0800] "GET /xingrg/kc/buy/cgsh_order_add.html HTTP/1.1" 200 62116
222.70.217.33 - - [22/Apr/2021:10:47:49 +0800] "POST /xingrg/kc/buy/cgsh_order_operate.html HTTP/1.1" 200 8245
222.70.217.33 - - [22/Apr/2021:10:47:49 +0800] "GET /xingrg/javascript/easyui/themes/default/validatebox.css HTTP/1.1" 404 1104
117.185.32.26 - - [22/Apr/2021:10:47:49 +0800] "GET /xingrg/all/function/internal_message.html?_=1619059667464&CODE_STATE=getMsg HTTP/1.1" 200 27
58.37.228.113 - - [22/Apr/2021:10:47:52 +0800] "GET /xingrg/all/function/internal_message.html?_=1619059676061&CODE_STATE=getMsg HTTP/1.1" 200 27
114.83.220.121 - - [22/Apr/2021:10:47:53 +0800] "GET /xingrg/all/function/internal_message.html?_=1619059673874&CODE_STATE=getMsg HTTP/1.1" 200 27
61.165.42.208 - - [22/Apr/2021:10:47:54 +0800] "GET /xingrg/all/function/internal_message.html?_=1619059674351&CODE_STATE=getMsg HTTP/1.1" 200 27
101.89.239.230 - - [22/Apr/2021:10:47:56 +0800] "GET /xingrg/all/function/internal_message.html?_=1619059616055&CODE_STATE=getMsg HTTP/1.1" 302 -
114.88.160.164 - - [22/Apr/2021:10:47:57 +0800] "GET /xingrg/all/function/internal_message.html?_=1619059677258&CODE_STATE=getMsg HTTP/1.1" 200 27
116.230.114.112 - - [22/Apr/2021:10:47:57 +0800] "GET /xingrg/kc/buy/cgsh_order_operate.html?command=get_materiel&rest_code=00146&code=00101012003&supplier_code=00100033&order_time=2021-04-22 HTTP/1.1" 200 412
61.165.42.208 - - [22/Apr/2021:10:47:58 +0800] "GET /xingrg/kc/base/wldb_order_list.html HTTP/1.1" 200 19383
61.165.42.208 - - [22/Apr/2021:10:47:58 +0800] "POST /xingrg/kc/base/wldb_list_operate.html HTTP/1.1" 200 928
61.165.42.208 - - [22/Apr/2021:10:47:59 +0800] "GET /xingrg/kc/base/wldb_order_add.html HTTP/1.1" 200 30546
61.165.42.208 - - [22/Apr/2021:10:48:00 +0800] "GET /xingrg/all/common/auto_word.html?type=base&rest_code=00105 HTTP/1.1" 200 1811
61.165.42.208 - - [22/Apr/2021:10:48:00 +0800] "GET /xingrg/all/common/auto_word.html?type=base&rest_code=00105 HTTP/1.1" 200 1811
61.165.42.208 - - [22/Apr/2021:10:48:00 +0800] "GET /xingrg/javascript/easyui/themes/default/validatebox.css HTTP/1.1" 404 1104
61.165.42.208 - - [22/Apr/2021:10:48:00 +0800] "POST /xingrg/kc/base/wldb_order_operate.html HTTP/1.1" 200 6806
101.89.239.230 - - [22/Apr/2021:10:48:00 +0800] "GET /xingrg/login.html HTTP/1.1" 200 7641
58.221.95.50 - - [22/Apr/2021:10:48:00 +0800] "GET /xingrg/all/function/internal_message.html?_=1619059681977&CODE_STATE=getMsg HTTP/1.1" 200 27
61.165.42.208 - - [22/Apr/2021:10:48:01 +0800] "POST /xingrg/all/common/load_combo.html?type=base HTTP/1.1" 200 3236
222.70.217.33 - - [22/Apr/2021:10:48:01 +0800] "GET /xingrg/kc/buy/cgsh_order_operate.html?command=get_materiel&rest_code=00155&code=00101006001&supplier_code=00100404&order_time=2021-04-22 HTTP/1.1" 200 426
58.40.7.146 - - [22/Apr/2021:10:48:01 +0800] "GET /xingrg/all/function/internal_message.html?_=1619059681710&CODE_STATE=getMsg HTTP/1.1" 200 27
180.169.147.146 - - [22/Apr/2021:10:48:06 +0800] "GET /xingrg/all/function/internal_message.html?_=1619059686035&CODE_STATE=getMsg HTTP/1.1" 200 27
180.169.147.146 - - [22/Apr/2021:10:48:09 +0800] "GET /favicon.ico HTTP/1.1" 404 -
116.230.114.112 - - [22/Apr/2021:10:48:10 +0800] "GET /xingrg/kc/buy/cgsh_order_operate.html?command=get_materiel&rest_code=00146&code=00101016025&supplier_code=00100033&order_time=2021-04-22 HTTP/1.1" 200 408
61.165.42.208 - - [22/Apr/2021:10:48:11 +0800] "GET /xingrg/kc/base/wldb_order_operate.html?command=get_materiel&rest_code=00105&base_code=0010508&code=00102002082 HTTP/1.1" 200 440
222.70.217.33 - - [22/Apr/2021:10:48:12 +0800] "POST /xingrg/kc/buy/cgsh_order_operate.html HTTP/1.1" 200 37
222.70.217.33 - - [22/Apr/2021:10:48:13 +0800] "POST /xingrg/kc/buy/cgsh_order_operate.html HTTP/1.1" 200 2672
222.70.217.33 - - [22/Apr/2021:10:48:14 +0800] "GET /xingrg/kc/print/load_data.html?order_code=212021042209227&kc_code=cgsh&condition= HTTP/1.1" 200 712
124.77.71.179 - - [22/Apr/2021:10:48:14 +0800] "GET /xingrg/all/function/internal_message.html?_=1619059689357&CODE_STATE=getMsg HTTP/1.1" 200 27
61.165.42.208 - - [22/Apr/2021:10:48:17 +0800] "GET /xingrg/kc/base/wldb_order_operate.html?command=get_materiel&rest_code=00105&base_code=0010508&code=00102002258 HTTP/1.1" 200 433
61.165.42.208 - - [22/Apr/2021:10:48:24 +0800] "GET /xingrg/kc/base/wldb_order_operate.html?command=get_materiel&rest_code=00105&base_code=0010508&code=00102002439 HTTP/1.1" 200 457
117.185.32.26 - - [22/Apr/2021:10:48:24 +0800] "GET /xingrg/all/function/internal_message.html?_=1619060228190&CODE_STATE=getMsg HTTP/1.1" 200 27
116.230.114.112 - - [22/Apr/2021:10:48:25 +0800] "GET /xingrg/kc/buy/cgsh_order_operate.html?command=get_materiel&rest_code=00146&code=00101012025&supplier_code=00100033&order_time=2021-04-22 HTTP/1.1" 200 412
222.70.217.33 - - [22/Apr/2021:10:48:27 +0800] "GET /xingrg/all/function/internal_message.html?_=1619059707618&CODE_STATE=getMsg HTTP/1.1" 200 27
222.70.217.33 - - [22/Apr/2021:10:48:27 +0800] "GET /xingrg/check_reg.html?_=1619059707620 HTTP/1.1" 200 22
61.165.42.208 - - [22/Apr/2021:10:48:28 +0800] "POST /xingrg/kc/base/wldb_order_operate.html HTTP/1.1" 200 37
61.165.42.208 - - [22/Apr/2021:10:48:28 +0800] "POST /xingrg/kc/base/wldb_order_operate.html HTTP/1.1" 200 3184
61.165.42.208 - - [22/Apr/2021:10:48:29 +0800] "GET /xingrg/kc/base/wldb_order_info.html?code=422021042202272 HTTP/1.1" 200 30560
61.165.42.208 - - [22/Apr/2021:10:48:29 +0800] "GET /xingrg/javascript/easyui/themes/default/validatebox.css HTTP/1.1" 404 1104
61.165.42.208 - - [22/Apr/2021:10:48:30 +0800] "POST /xingrg/kc/base/wldb_order_operate.html HTTP/1.1" 200 3184
58.40.7.146 - - [22/Apr/2021:10:48:34 +0800] "POST /xingrg/services/DataTransmitService HTTP/1.1" 200 524
116.230.114.112 - - [22/Apr/2021:10:48:36 +0800] "POST /xingrg/kc/buy/cgsh_order_operate.html HTTP/1.1" 200 37
180.169.147.146 - - [22/Apr/2021:10:48:37 +0800] "GET /xingrg/all/function/internal_message.html?_=1619059719925&CODE_STATE=getMsg HTTP/1.1" 200 27
180.169.147.146 - - [22/Apr/2021:10:48:37 +0800] "GET /xingrg/all/function/internal_message.html?_=1619059715827&CODE_STATE=getMsg HTTP/1.1" 200 27
116.230.114.112 - - [22/Apr/2021:10:48:38 +0800] "POST /xingrg/kc/buy/cgsh_order_operate.html HTTP/1.1" 200 6207
116.230.114.112 - - [22/Apr/2021:10:48:41 +0800] "GET /xingrg/kc/print/load_data.html?order_code=212021042209228&kc_code=cgsh&condition= HTTP/1.1" 200 2072
180.162.112.86 - - [22/Apr/2021:10:48:43 +0800] "GET /xingrg/all/function/internal_message.html?_=1619059480674&CODE_STATE=getMsg HTTP/1.1" 200 27
180.162.112.86 - - [22/Apr/2021:10:48:43 +0800] "GET /xingrg/check_reg.html?_=1619059480677 HTTP/1.1" 200 22
120.253.135.82 - - [22/Apr/2021:10:48:46 +0800] "GET /xingrg/all/function/internal_message.html?_=1619059497633&CODE_STATE=getMsg HTTP/1.1" 200 27
120.253.135.82 - - [22/Apr/2021:10:48:46 +0800] "GET /xingrg/check_reg.html?_=1619059497814 HTTP/1.1" 200 22
116.224.253.72 - - [22/Apr/2021:10:48:47 +0800] "GET /xingrg/all/function/internal_message.html?_=1619059711505&CODE_STATE=getMsg HTTP/1.1" 200 27
180.169.147.146 - - [22/Apr/2021:10:48:47 +0800] "GET /xingrg/all/function/internal_message.html?_=1619059727262&CODE_STATE=getMsg HTTP/1.1" 200 27
116.230.114.112 - - [22/Apr/2021:10:48:48 +0800] "GET /xingrg/all/function/internal_message.html?_=1619059742124&CODE_STATE=getMsg HTTP/1.1" 200 27
117.185.32.26 - - [22/Apr/2021:10:48:49 +0800] "GET /xingrg/all/function/internal_message.html?_=1619059727442&CODE_STATE=getMsg HTTP/1.1" 200 27
58.37.228.113 - - [22/Apr/2021:10:48:52 +0800] "GET /xingrg/all/function/internal_message.html?_=1619059736056&CODE_STATE=getMsg HTTP/1.1" 200 27
114.83.220.121 - - [22/Apr/2021:10:48:53 +0800] "GET /xingrg/all/function/internal_message.html?_=1619059733866&CODE_STATE=getMsg HTTP/1.1" 200 27
61.165.42.208 - - [22/Apr/2021:10:48:54 +0800] "GET /xingrg/all/function/internal_message.html?_=1619059734330&CODE_STATE=getMsg HTTP/1.1" 200 27
114.88.160.164 - - [22/Apr/2021:10:48:57 +0800] "GET /xingrg/all/function/internal_message.html?_=1619059737252&CODE_STATE=getMsg HTTP/1.1" 200 27
58.37.228.113 - - [22/Apr/2021:10:48:59 +0800] "GET /xingrg/javascript/jquery_tools/images/prev.gif HTTP/1.1" 404 1086
58.37.228.113 - - [22/Apr/2021:10:48:59 +0800] "GET /xingrg/javascript/jquery_tools/images/next.gif HTTP/1.1" 404 1086
58.221.95.50 - - [22/Apr/2021:10:49:00 +0800] "GET /xingrg/all/function/internal_message.html?_=1619059741961&CODE_STATE=getMsg HTTP/1.1" 200 27
58.221.95.50 - - [22/Apr/2021:10:49:01 +0800] "GET /xingrg/check_reg.html?_=1619059743070 HTTP/1.1" 200 22
58.40.7.146 - - [22/Apr/2021:10:49:01 +0800] "GET /xingrg/all/function/internal_message.html?_=1619059741701&CODE_STATE=getMsg HTTP/1.1" 200 27
116.230.114.112 - - [22/Apr/2021:10:49:04 +0800] "GET /xingrg/kc/buy/cgsh_order_add.html HTTP/1.1" 200 62154
116.230.114.112 - - [22/Apr/2021:10:49:05 +0800] "POST /xingrg/kc/buy/cgsh_order_operate.html HTTP/1.1" 200 8245
58.37.228.113 - - [22/Apr/2021:10:49:05 +0800] "GET /xingrg/kc/buy/cgsh_order_operate.html?command=get_materiel&rest_code=00141&code=00101008257&supplier_code=00100007&order_time=2021-04-22 HTTP/1.1" 200 416
116.230.114.112 - - [22/Apr/2021:10:49:05 +0800] "GET /xingrg/javascript/easyui/themes/default/validatebox.css HTTP/1.1" 404 1104
180.169.147.146 - - [22/Apr/2021:10:49:06 +0800] "GET /xingrg/all/function/internal_message.html?_=1619059746041&CODE_STATE=getMsg HTTP/1.1" 200 27
116.238.141.202 - - [22/Apr/2021:10:49:12 +0800] "POST /xingrg/services/DataTransmitService HTTP/1.1" 200 524
124.77.71.179 - - [22/Apr/2021:10:49:14 +0800] "GET /xingrg/all/function/internal_message.html?_=1619059749360&CODE_STATE=getMsg HTTP/1.1" 200 27
58.37.228.113 - - [22/Apr/2021:10:49:16 +0800] "GET /xingrg/kc/buy/cgsh_order_operate.html?command=get_materiel&rest_code=00141&code=00101008112&supplier_code=00100007&order_time=2021-04-22 HTTP/1.1" 200 412
120.253.135.82 - - [22/Apr/2021:10:49:17 +0800] "GET /xingrg/kc/pszx/mdps_order_list.html?orderType=0 HTTP/1.1" 200 21197
120.253.135.82 - - [22/Apr/2021:10:49:17 +0800] "GET /xingrg/css/base.css HTTP/1.1" 200 2811
120.253.135.82 - - [22/Apr/2021:10:49:17 +0800] "GET /xingrg/javascript/jquery_tools/datebox.css HTTP/1.1" 200 2597
120.253.135.82 - - [22/Apr/2021:10:49:17 +0800] "GET /xingrg/css/site.css HTTP/1.1" 200 7541
120.253.135.82 - - [22/Apr/2021:10:49:17 +0800] "GET /xingrg/javascript/jquery_tools/fix.css HTTP/1.1" 200 1702
120.253.135.82 - - [22/Apr/2021:10:49:17 +0800] "GET /xingrg/javascript/easyui/themes/icon.css HTTP/1.1" 200 4483
120.253.135.82 - - [22/Apr/2021:10:49:17 +0800] "GET /xingrg/javascript/auto/jquery.autocomplete.css HTTP/1.1" 200 587
120.253.135.82 - - [22/Apr/2021:10:49:18 +0800] "GET /xingrg/javascript/jquery_tools/table.css HTTP/1.1" 200 1032
120.253.135.82 - - [22/Apr/2021:10:49:18 +0800] "GET /xingrg/javascript/jquery_tools/jquery.tools.min.js HTTP/1.1" 200 138801
120.253.135.82 - - [22/Apr/2021:10:49:18 +0800] "GET /xingrg/javascript/jquery_tools/jquery.tools.hotkey.js HTTP/1.1" 200 3242
120.253.135.82 - - [22/Apr/2021:10:49:18 +0800] "GET /xingrg/javascript/jquery_tools/jquery.tools.table.js HTTP/1.1" 200 6994
120.253.135.82 - - [22/Apr/2021:10:49:18 +0800] "GET /xingrg/javascript/jquery_tools/jquery.tools.extend.js HTTP/1.1" 200 15385
120.253.135.82 - - [22/Apr/2021:10:49:18 +0800] "GET /xingrg/javascript/easyui/easyloader.js HTTP/1.1" 200 5975
120.253.135.82 - - [22/Apr/2021:10:49:18 +0800] "GET /xingrg/javascript/jquery_tools/list_manager.js HTTP/1.1" 200 3652
120.253.135.82 - - [22/Apr/2021:10:49:18 +0800] "POST /xingrg/kc/pszx/mdps_list_operate.html HTTP/1.1" 200 2767
120.253.135.82 - - [22/Apr/2021:10:49:18 +0800] "GET /xingrg/javascript/jquery.cookie.js HTTP/1.1" 200 5513
120.253.135.82 - - [22/Apr/2021:10:49:18 +0800] "GET /xingrg/javascript/easyui/themes/default/easyui.css HTTP/1.1" 200 30432
120.253.135.82 - - [22/Apr/2021:10:49:18 +0800] "GET /xingrg/javascript/print/LodopFuncs.js HTTP/1.1" 200 5121
120.253.135.82 - - [22/Apr/2021:10:49:18 +0800] "GET /xingrg/javascript/jquery.utils.js HTTP/1.1" 200 11805
120.253.135.82 - - [22/Apr/2021:10:49:18 +0800] "GET /xingrg/javascript/auto/jquery.autocomplete.js HTTP/1.1" 200 21624
116.238.141.202 - - [22/Apr/2021:10:49:18 +0800] "POST /xingrg/services/DataTransmitService HTTP/1.1" 200 501
120.253.135.82 - - [22/Apr/2021:10:49:18 +0800] "GET /xingrg/javascript/easyui/plugins/jquery.parser.js HTTP/1.1" 200 1142
120.253.135.82 - - [22/Apr/2021:10:49:18 +0800] "POST /xingrg/kc/pszx/mdps_list_operate.html HTTP/1.1" 200 5460
120.253.135.82 - - [22/Apr/2021:10:49:22 +0800] "GET /xingrg/javascript/easyui/themes/default/images/button_plain_hover.png HTTP/1.1" 200 144
58.37.228.113 - - [22/Apr/2021:10:49:23 +0800] "GET /xingrg/kc/buy/cgsh_order_operate.html?command=get_materiel&rest_code=00141&code=00101008185&supplier_code=00100007&order_time=2021-04-22 HTTP/1.1" 200 408
120.253.135.82 - - [22/Apr/2021:10:49:24 +0800] "GET /xingrg/kc/pszx/mdps_order_add.html HTTP/1.1" 200 29219
120.253.135.82 - - [22/Apr/2021:10:49:24 +0800] "GET /xingrg/javascript/pic_change.js HTTP/1.1" 200 4739
120.253.135.82 - - [22/Apr/2021:10:49:24 +0800] "GET /xingrg/javascript/jquery_easy_ui/jquery.easyui.min.js HTTP/1.1" 200 213662
120.253.135.82 - - [22/Apr/2021:10:49:24 +0800] "GET /xingrg/javascript/convert.js HTTP/1.1" 200 1239
120.253.135.82 - - [22/Apr/2021:10:49:24 +0800] "GET /xingrg/javascript/jquery_tools/order_manager.js HTTP/1.1" 200 11183
120.253.135.82 - - [22/Apr/2021:10:49:24 +0800] "GET /xingrg/javascript/print/kc_print.js HTTP/1.1" 200 11415
120.253.135.82 - - [22/Apr/2021:10:49:24 +0800] "GET /xingrg/javascript/json2.js HTTP/1.1" 200 11259
120.253.135.82 - - [22/Apr/2021:10:49:24 +0800] "GET /xingrg/javascript/myfunction.js HTTP/1.1" 200 24559
120.253.135.82 - - [22/Apr/2021:10:49:24 +0800] "GET /xingrg/words/20210422084616_words.js HTTP/1.1" 200 807466
120.253.135.82 - - [22/Apr/2021:10:49:24 +0800] "GET /xingrg/javascript/easyui/themes/icons/copy_new.png HTTP/1.1" 200 815
120.253.135.82 - - [22/Apr/2021:10:49:24 +0800] "GET /xingrg/javascript/easyui/themes/default/images/menu_downarrow.png HTTP/1.1" 200 173
120.253.135.82 - - [22/Apr/2021:10:49:24 +0800] "GET /xingrg/javascript/easyui/themes/icons/ok.png HTTP/1.1" 200 883
120.253.135.82 - - [22/Apr/2021:10:49:24 +0800] "GET /xingrg/javascript/easyui/themes/icons/print.png HTTP/1.1" 200 1057
117.185.32.26 - - [22/Apr/2021:10:49:24 +0800] "GET /xingrg/all/function/internal_message.html?_=1619060288215&CODE_STATE=getMsg HTTP/1.1" 200 27
117.185.32.26 - - [22/Apr/2021:10:49:24 +0800] "GET /xingrg/check_reg.html?_=1619060288201 HTTP/1.1" 200 22
120.253.135.82 - - [22/Apr/2021:10:49:24 +0800] "GET /xingrg/javascript/easyui/themes/icons/cancel.png HTTP/1.1" 200 1133
120.253.135.82 - - [22/Apr/2021:10:49:25 +0800] "POST /xingrg/kc/pszx/mdps_order_operate.html HTTP/1.1" 200 7126
120.253.135.82 - - [22/Apr/2021:10:49:25 +0800] "GET /xingrg/javascript/easyui/themes/icons/edit_remove.png HTTP/1.1" 200 625
120.253.135.82 - - [22/Apr/2021:10:49:25 +0800] "GET /xingrg/all/common/auto_word.html?type=base&rest_code=00101 HTTP/1.1" 200 613
120.253.135.82 - - [22/Apr/2021:10:49:25 +0800] "GET /xingrg/javascript/easyui/themes/default/validatebox.css HTTP/1.1" 404 1104
120.253.135.82 - - [22/Apr/2021:10:49:25 +0800] "GET /xingrg/javascript/easyui/plugins/jquery.validatebox.js HTTP/1.1" 200 6103
120.253.135.82 - - [22/Apr/2021:10:49:25 +0800] "GET /xingrg/javascript/easyui/plugins/jquery.numberbox.js HTTP/1.1" 200 5213
222.70.217.33 - - [22/Apr/2021:10:49:27 +0800] "GET /xingrg/all/function/internal_message.html?_=1619059767618&CODE_STATE=getMsg HTTP/1.1" 200 27
120.253.135.82 - - [22/Apr/2021:10:49:28 +0800] "GET /xingrg/javascript/easyui/plugins/jquery.draggable.js HTTP/1.1" 200 6121
120.253.135.82 - - [22/Apr/2021:10:49:28 +0800] "GET /xingrg/css/images/panel_loading.gif HTTP/1.1" 200 1737
120.253.135.82 - - [22/Apr/2021:10:49:28 +0800] "GET /xingrg/javascript/easyui/plugins/jquery.droppable.js HTTP/1.1" 200 1167
120.253.135.82 - - [22/Apr/2021:10:49:28 +0800] "GET /xingrg/javascript/easyui/themes/default/tree.css HTTP/1.1" 404 1090
120.253.135.82 - - [22/Apr/2021:10:49:28 +0800] "GET /xingrg/javascript/easyui/plugins/jquery.tree.js HTTP/1.1" 200 20874
120.253.135.82 - - [22/Apr/2021:10:49:28 +0800] "POST /xingrg/all/common/load_tree.html?tree=area_rest_tree_json&only_rest=1 HTTP/1.1" 200 3223
120.253.135.82 - - [22/Apr/2021:10:49:28 +0800] "GET /xingrg/javascript/easyui/themes/default/images/tree_arrows.gif HTTP/1.1" 200 617
120.253.135.82 - - [22/Apr/2021:10:49:28 +0800] "GET /xingrg/javascript/easyui/themes/default/images/tree_folder_open.gif HTTP/1.1" 200 956
120.253.135.82 - - [22/Apr/2021:10:49:28 +0800] "GET /xingrg/javascript/easyui/themes/icons/area.png HTTP/1.1" 200 262
120.253.135.82 - - [22/Apr/2021:10:49:28 +0800] "GET /xingrg/javascript/easyui/themes/icons/rest.png HTTP/1.1" 200 695
58.37.228.113 - - [22/Apr/2021:10:49:29 +0800] "GET /xingrg/kc/buy/cgsh_order_operate.html?command=get_materiel&rest_code=00141&code=00101008354&supplier_code=00100007&order_time=2021-04-22 HTTP/1.1" 200 412
180.169.147.146 - - [22/Apr/2021:10:49:32 +0800] "GET /xingrg/check_reg.html?_=1619059768641 HTTP/1.1" 200 22
58.37.228.113 - - [22/Apr/2021:10:49:35 +0800] "GET /xingrg/kc/buy/cgsh_order_operate.html?command=get_materiel&rest_code=00141&code=00101008010&supplier_code=00100007&order_time=2021-04-22 HTTP/1.1" 200 412
180.169.147.146 - - [22/Apr/2021:10:49:37 +0800] "GET /xingrg/check_reg.html?_=1619059779925 HTTP/1.1" 200 22
180.169.147.146 - - [22/Apr/2021:10:49:37 +0800] "GET /xingrg/all/function/internal_message.html?_=1619059779929&CODE_STATE=getMsg HTTP/1.1" 200 27
180.169.147.146 - - [22/Apr/2021:10:49:37 +0800] "GET /xingrg/all/function/internal_message.html?_=1619059775844&CODE_STATE=getMsg HTTP/1.1" 200 27
180.169.147.146 - - [22/Apr/2021:10:49:37 +0800] "GET /xingrg/check_reg.html?_=1619059775846 HTTP/1.1" 200 22
120.253.135.82 - - [22/Apr/2021:10:49:38 +0800] "GET /xingrg/all/function/internal_message.html?_=1619059557652&CODE_STATE=getMsg HTTP/1.1" 200 27
58.37.228.113 - - [22/Apr/2021:10:49:41 +0800] "GET /xingrg/kc/buy/cgsh_order_operate.html?command=get_materiel&rest_code=00141&code=00101008351&supplier_code=00100007&order_time=2021-04-22 HTTP/1.1" 200 408
116.230.114.112 - - [22/Apr/2021:10:49:41 +0800] "GET /xingrg/kc/buy/cgsh_order_operate.html?command=get_materiel&rest_code=00146&code=00101004038&supplier_code=00100199&order_time=2021-04-22 HTTP/1.1" 200 430
180.162.112.86 - - [22/Apr/2021:10:49:43 +0800] "GET /xingrg/all/function/internal_message.html?_=1619059540678&CODE_STATE=getMsg HTTP/1.1" 200 27
117.185.32.26 - - [22/Apr/2021:10:49:47 +0800] "GET /xingrg/check_reg.html?_=1619059785157 HTTP/1.1" 200 22
116.224.253.72 - - [22/Apr/2021:10:49:47 +0800] "GET /xingrg/all/function/internal_message.html?_=1619059771513&CODE_STATE=getMsg HTTP/1.1" 200 27
180.169.147.146 - - [22/Apr/2021:10:49:47 +0800] "GET /xingrg/all/function/internal_message.html?_=1619059787250&CODE_STATE=getMsg HTTP/1.1" 200 27
116.230.114.112 - - [22/Apr/2021:10:49:48 +0800] "GET /xingrg/all/function/internal_message.html?_=1619059802138&CODE_STATE=getMsg HTTP/1.1" 200 27
117.185.32.26 - - [22/Apr/2021:10:49:49 +0800] "GET /xingrg/all/function/internal_message.html?_=1619059787411&CODE_STATE=getMsg HTTP/1.1" 200 27
120.253.135.82 - - [22/Apr/2021:10:49:51 +0800] "GET /xingrg/login.html HTTP/1.1" 200 7641
120.253.135.82 - - [22/Apr/2021:10:49:51 +0800] "GET /xingrg/images/blue/jxLogo.png HTTP/1.1" 304 -
120.253.135.82 - - [22/Apr/2021:10:49:51 +0800] "GET /xingrg/images/blue/login_bg.png HTTP/1.1" 304 -
120.253.135.82 - - [22/Apr/2021:10:49:51 +0800] "GET /xingrg/images/blue/hj.png HTTP/1.1" 304 -
120.253.135.82 - - [22/Apr/2021:10:49:51 +0800] "GET /xingrg/images/blue/srbg.png HTTP/1.1" 304 -
120.253.135.82 - - [22/Apr/2021:10:49:52 +0800] "GET /favicon.ico HTTP/1.1" 404 -
58.37.228.113 - - [22/Apr/2021:10:49:52 +0800] "GET /xingrg/all/function/internal_message.html?_=1619059796074&CODE_STATE=getMsg HTTP/1.1" 200 27
114.83.220.121 - - [22/Apr/2021:10:49:53 +0800] "GET /xingrg/all/function/internal_message.html?_=1619059793840&CODE_STATE=getMsg HTTP/1.1" 200 27
58.37.228.113 - - [22/Apr/2021:10:49:53 +0800] "GET /xingrg/kc/buy/cgsh_order_operate.html?command=get_materiel&rest_code=00141&code=00101008110&supplier_code=00100007&order_time=2021-04-22 HTTP/1.1" 200 408
120.253.135.82 - - [22/Apr/2021:10:49:54 +0800] "POST /xingrg/login.do HTTP/1.1" 302 -
120.253.135.82 - - [22/Apr/2021:10:49:54 +0800] "GET /xingrg/javascript/jquery_easy_ui/themes/default/easyui.css HTTP/1.1" 304 -
120.253.135.82 - - [22/Apr/2021:10:49:54 +0800] "GET /xingrg/javascript/jquery_easy_ui/themes/icon.css HTTP/1.1" 304 -
120.253.135.82 - - [22/Apr/2021:10:49:54 +0800] "GET /xingrg/css/form.css HTTP/1.1" 304 -
120.253.135.82 - - [22/Apr/2021:10:49:54 +0800] "GET /xingrg/index.html?sysBaseUrl=http%3A%2F%2F180.169.147.146%3A18081%2Fxingrg%2F&costTime=43×tamp=1619059794125 HTTP/1.1" 200 17173
120.253.135.82 - - [22/Apr/2021:10:49:54 +0800] "GET /xingrg/javascript/jquery.utils.js HTTP/1.1" 304 -
120.253.135.82 - - [22/Apr/2021:10:49:54 +0800] "GET /xingrg/javascript/jquery-1.4.2.min.js HTTP/1.1" 304 -
120.253.135.82 - - [22/Apr/2021:10:49:54 +0800] "GET /xingrg/javascript/jquery_easy_ui/jquery.easyui.min.js HTTP/1.1" 304 -
120.253.135.82 - - [22/Apr/2021:10:49:54 +0800] "GET /xingrg/javascript/jquery_easy_ui/easyui-lang-zh_CN.js HTTP/1.1" 304 -
120.253.135.82 - - [22/Apr/2021:10:49:54 +0800] "GET /xingrg/javascript/jquery.timers.js HTTP/1.1" 304 -
120.253.135.82 - - [22/Apr/2021:10:49:54 +0800] "GET /xingrg/javascript/jquery.form.js HTTP/1.1" 304 -
116.224.253.72 - - [22/Apr/2021:10:49:54 +0800] "POST /xingrg/all/user/operate.html HTTP/1.1" 200 36
120.253.135.82 - - [22/Apr/2021:10:49:54 +0800] "GET /xingrg/javascript/jquery_easy_ui/themes/icons/settle_new.png HTTP/1.1" 304 -
120.253.135.82 - - [22/Apr/2021:10:49:54 +0800] "GET /xingrg/images/blue/navBackgound.jpg HTTP/1.1" 304 -
116.224.253.72 - - [22/Apr/2021:10:49:54 +0800] "GET /xingrg/javascript/jquery_easy_ui/themes/default/easyui.css HTTP/1.1" 304 -
116.224.253.72 - - [22/Apr/2021:10:49:54 +0800] "GET /xingrg/index.html?sysBaseUrl=http%3A%2F%2F180.169.147.146%3A18081%2Fxingrg%2F&costTime=41×tamp=1618968421071 HTTP/1.1" 200 17179
116.224.253.72 - - [22/Apr/2021:10:49:54 +0800] "GET /xingrg/javascript/jquery_easy_ui/themes/icon.css HTTP/1.1" 304 -
116.224.253.72 - - [22/Apr/2021:10:49:54 +0800] "GET /xingrg/css/form.css HTTP/1.1" 304 -
116.224.253.72 - - [22/Apr/2021:10:49:54 +0800] "GET /xingrg/javascript/jquery-1.4.2.min.js HTTP/1.1" 304 -
116.224.253.72 - - [22/Apr/2021:10:49:54 +0800] "GET /xingrg/javascript/jquery_easy_ui/jquery.easyui.min.js HTTP/1.1" 304 -
116.224.253.72 - - [22/Apr/2021:10:49:54 +0800] "GET /xingrg/javascript/jquery_easy_ui/easyui-lang-zh_CN.js HTTP/1.1" 304 -
116.224.253.72 - - [22/Apr/2021:10:49:54 +0800] "GET /xingrg/javascript/jquery.form.js HTTP/1.1" 304 -
116.224.253.72 - - [22/Apr/2021:10:49:54 +0800] "GET /xingrg/javascript/jquery.utils.js HTTP/1.1" 304 -
116.224.253.72 - - [22/Apr/2021:10:49:54 +0800] "GET /xingrg/javascript/jquery.timers.js HTTP/1.1" 304 -
116.224.253.72 - - [22/Apr/2021:10:49:54 +0800] "GET /xingrg/images/blue/jxLogo.png HTTP/1.1" 304 -
116.224.253.72 - - [22/Apr/2021:10:49:54 +0800] "GET /xingrg/images/blue/navBackgound.jpg HTTP/1.1" 304 -
116.224.253.72 - - [22/Apr/2021:10:49:54 +0800] "GET /xingrg/javascript/jquery_easy_ui/themes/icons/settle_new.png HTTP/1.1" 304 -
116.224.253.72 - - [22/Apr/2021:10:49:54 +0800] "POST /xingrg/all/common/load_tree.html?tree=area_rest_tree_json&manage=1 HTTP/1.1" 200 476
116.224.253.72 - - [22/Apr/2021:10:49:54 +0800] "GET /xingrg/images/blue/pingpu.png HTTP/1.1" 304 -
120.253.135.82 - - [22/Apr/2021:10:49:54 +0800] "GET /xingrg/images/blue/pingpu.png HTTP/1.1" 304 -
116.224.253.72 - - [22/Apr/2021:10:49:54 +0800] "GET /xingrg/javascript/jquery_easy_ui/themes/default/images/tabs_leftarrow.png HTTP/1.1" 304 -
120.253.135.82 - - [22/Apr/2021:10:49:54 +0800] "GET /xingrg/javascript/jquery_easy_ui/themes/default/images/tabs_rightarrow.png HTTP/1.1" 304 -
120.253.135.82 - - [22/Apr/2021:10:49:54 +0800] "GET /xingrg/javascript/jquery_easy_ui/themes/default/images/panel_tool_collapse.gif HTTP/1.1" 304 -
116.224.253.72 - - [22/Apr/2021:10:49:54 +0800] "GET /xingrg/javascript/jquery_easy_ui/themes/default/images/tabs_rightarrow.png HTTP/1.1" 304 -
120.253.135.82 - - [22/Apr/2021:10:49:54 +0800] "GET /xingrg/javascript/jquery_easy_ui/themes/default/images/tabs_leftarrow.png HTTP/1.1" 304 -
120.253.135.82 - - [22/Apr/2021:10:49:54 +0800] "POST /xingrg/all/common/load_tree.html?tree=area_rest_tree_json&manage=1 HTTP/1.1" 200 344
61.165.42.208 - - [22/Apr/2021:10:49:54 +0800] "GET /xingrg/all/function/internal_message.html?_=1619059794303&CODE_STATE=getMsg HTTP/1.1" 200 27
116.224.253.72 - - [22/Apr/2021:10:49:54 +0800] "GET /xingrg/javascript/jquery_easy_ui/themes/default/images/panel_tool_collapse.gif HTTP/1.1" 304 -
116.224.253.72 - - [22/Apr/2021:10:49:54 +0800] "GET /xingrg/all/function/internal_message.html?_=1619059778507&CODE_STATE=count HTTP/1.1" 200 11
116.224.253.72 - - [22/Apr/2021:10:49:54 +0800] "GET /xingrg/check_reg.html?_=1619059778508 HTTP/1.1" 200 22
116.224.253.72 - - [22/Apr/2021:10:49:54 +0800] "POST /xingrg/load_menu.html HTTP/1.1" 200 5138
120.253.135.82 - - [22/Apr/2021:10:49:54 +0800] "GET /xingrg/all/function/internal_message.html?_=1619059915518&CODE_STATE=count HTTP/1.1" 200 11
120.253.135.82 - - [22/Apr/2021:10:49:54 +0800] "GET /xingrg/check_reg.html?_=1619059915520 HTTP/1.1" 200 22
120.253.135.82 - - [22/Apr/2021:10:49:54 +0800] "GET /favicon.ico HTTP/1.1" 404 -
120.253.135.82 - - [22/Apr/2021:10:49:54 +0800] "POST /xingrg/load_menu.html HTTP/1.1" 200 6743
120.253.135.82 - - [22/Apr/2021:10:49:54 +0800] "GET /xingrg/javascript/jquery_easy_ui/themes/default/images/tree_arrows.gif HTTP/1.1" 304 -
120.253.135.82 - - [22/Apr/2021:10:49:55 +0800] "GET /xingrg/javascript/jquery_easy_ui/themes/default/images/tree_folder_open.gif HTTP/1.1" 304 -
120.253.135.82 - - [22/Apr/2021:10:49:55 +0800] "GET /xingrg/javascript/jquery_easy_ui/themes/default/images/tree_folder.gif HTTP/1.1" 304 -
120.253.135.82 - - [22/Apr/2021:10:49:55 +0800] "GET /xingrg/javascript/jquery_easy_ui/themes/icons/delivery_new.png HTTP/1.1" 304 -
120.253.135.82 - - [22/Apr/2021:10:49:55 +0800] "GET /xingrg/javascript/jquery_easy_ui/themes/default/images/tree_file.gif HTTP/1.1" 304 -
120.253.135.82 - - [22/Apr/2021:10:49:55 +0800] "GET /xingrg/javascript/jquery_easy_ui/themes/icons/storage_new.png HTTP/1.1" 304 -
120.253.135.82 - - [22/Apr/2021:10:49:55 +0800] "GET /xingrg/javascript/jquery_easy_ui/themes/icons/search_new.png HTTP/1.1" 304 -
120.253.135.82 - - [22/Apr/2021:10:49:55 +0800] "GET /xingrg/javascript/jquery_easy_ui/themes/icons/forms_new.png HTTP/1.1" 304 -
114.83.220.121 - - [22/Apr/2021:10:49:55 +0800] "GET /xingrg/check_reg.html?_=1619059795902 HTTP/1.1" 200 22
116.230.114.112 - - [22/Apr/2021:10:49:55 +0800] "GET /xingrg/kc/buy/cgsh_order_operate.html?command=get_materiel&rest_code=00146&code=00101001099&supplier_code=00100199&order_time=2021-04-22 HTTP/1.1" 200 409
114.88.160.164 - - [22/Apr/2021:10:49:57 +0800] "GET /xingrg/all/function/internal_message.html?_=1619059797252&CODE_STATE=getMsg HTTP/1.1" 200 27
58.37.228.113 - - [22/Apr/2021:10:50:00 +0800] "GET /xingrg/kc/buy/cgsh_order_operate.html?command=get_materiel&rest_code=00141&code=00101008096&supplier_code=00100007&order_time=2021-04-22 HTTP/1.1" 200 412
58.221.95.50 - - [22/Apr/2021:10:50:00 +0800] "GET /xingrg/all/function/internal_message.html?_=1619059801973&CODE_STATE=getMsg HTTP/1.1" 200 27
116.224.253.72 - - [22/Apr/2021:10:50:01 +0800] "GET /xingrg/kc/buy/cgsh_order_list.html HTTP/1.1" 200 46416
58.40.7.146 - - [22/Apr/2021:10:50:01 +0800] "GET /xingrg/all/function/internal_message.html?_=1619059801705&CODE_STATE=getMsg HTTP/1.1" 200 27
116.224.253.72 - - [22/Apr/2021:10:50:02 +0800] "POST /xingrg/kc/buy/cgsh_list_operate.html HTTP/1.1" 200 876
120.253.135.82 - - [22/Apr/2021:10:50:04 +0800] "GET /xingrg/javascript/jquery_easy_ui/themes/default/images/tabs_active.png HTTP/1.1" 304 -
116.224.253.72 - - [22/Apr/2021:10:50:05 +0800] "GET /xingrg/kc/buy/cgsh_order_add.html HTTP/1.1" 200 62084
116.230.114.112 - - [22/Apr/2021:10:50:05 +0800] "POST /xingrg/kc/buy/cgsh_order_operate.html HTTP/1.1" 200 37
116.224.253.72 - - [22/Apr/2021:10:50:05 +0800] "POST /xingrg/kc/buy/cgsh_order_operate.html HTTP/1.1" 200 8245
116.224.253.72 - - [22/Apr/2021:10:50:05 +0800] "GET /xingrg/javascript/easyui/themes/default/validatebox.css HTTP/1.1" 404 1104
180.169.147.146 - - [22/Apr/2021:10:50:06 +0800] "GET /xingrg/all/function/internal_message.html?_=1619059806041&CODE_STATE=getMsg HTTP/1.1" 200 27
116.224.253.72 - - [22/Apr/2021:10:50:06 +0800] "GET /xingrg/javascript/auto/indicator.gif HTTP/1.1" 404 1066
116.230.114.112 - - [22/Apr/2021:10:50:06 +0800] "POST /xingrg/kc/buy/cgsh_order_operate.html HTTP/1.1" 200 3246
58.37.228.113 - - [22/Apr/2021:10:50:06 +0800] "GET /xingrg/kc/buy/cgsh_order_operate.html?command=get_materiel&rest_code=00141&code=00101008038&supplier_code=00100007&order_time=2021-04-22 HTTP/1.1" 200 412
116.230.114.112 - - [22/Apr/2021:10:50:09 +0800] "GET /xingrg/kc/print/load_data.html?order_code=212021042209229&kc_code=cgsh&condition= HTTP/1.1" 200 895
58.37.228.113 - - [22/Apr/2021:10:50:12 +0800] "GET /xingrg/kc/buy/cgsh_order_operate.html?command=get_materiel&rest_code=00141&code=00101008017&supplier_code=00100007&order_time=2021-04-22 HTTP/1.1" 200 416
120.253.135.82 - - [22/Apr/2021:10:50:14 +0800] "GET /xingrg/javascript/jquery_easy_ui/themes/default/images/tabs_close.gif HTTP/1.1" 304 -
120.253.135.82 - - [22/Apr/2021:10:50:14 +0800] "GET /xingrg/css/base.css HTTP/1.1" 304 -
120.253.135.82 - - [22/Apr/2021:10:50:14 +0800] "GET /xingrg/css/site.css HTTP/1.1" 304 -
120.253.135.82 - - [22/Apr/2021:10:50:14 +0800] "GET /xingrg/javascript/jquery_tools/fix.css HTTP/1.1" 304 -
120.253.135.82 - - [22/Apr/2021:10:50:14 +0800] "GET /xingrg/javascript/easyui/themes/default/easyui.css HTTP/1.1" 304 -
120.253.135.82 - - [22/Apr/2021:10:50:14 +0800] "GET /xingrg/javascript/jquery_tools/datebox.css HTTP/1.1" 304 -
120.253.135.82 - - [22/Apr/2021:10:50:14 +0800] "GET /xingrg/javascript/auto/jquery.autocomplete.css HTTP/1.1" 304 -
120.253.135.82 - - [22/Apr/2021:10:50:14 +0800] "GET /xingrg/javascript/easyui/themes/icon.css HTTP/1.1" 304 -
120.253.135.82 - - [22/Apr/2021:10:50:14 +0800] "GET /xingrg/kc/pszx/mdps_order_list.html?orderType=0 HTTP/1.1" 200 21197
120.253.135.82 - - [22/Apr/2021:10:50:14 +0800] "GET /xingrg/javascript/jquery_tools/jquery.tools.min.js HTTP/1.1" 304 -
120.253.135.82 - - [22/Apr/2021:10:50:14 +0800] "GET /xingrg/javascript/jquery_tools/table.css HTTP/1.1" 304 -
120.253.135.82 - - [22/Apr/2021:10:50:14 +0800] "GET /xingrg/javascript/jquery_tools/jquery.tools.hotkey.js HTTP/1.1" 304 -
120.253.135.82 - - [22/Apr/2021:10:50:14 +0800] "GET /xingrg/javascript/jquery_tools/jquery.tools.table.js HTTP/1.1" 304 -
120.253.135.82 - - [22/Apr/2021:10:50:14 +0800] "GET /xingrg/javascript/jquery_tools/jquery.tools.extend.js HTTP/1.1" 304 -
120.253.135.82 - - [22/Apr/2021:10:50:14 +0800] "GET /xingrg/javascript/auto/jquery.autocomplete.js HTTP/1.1" 304 -
120.253.135.82 - - [22/Apr/2021:10:50:14 +0800] "GET /xingrg/javascript/print/LodopFuncs.js HTTP/1.1" 304 -
120.253.135.82 - - [22/Apr/2021:10:50:14 +0800] "GET /xingrg/javascript/jquery.cookie.js HTTP/1.1" 304 -
120.253.135.82 - - [22/Apr/2021:10:50:14 +0800] "GET /xingrg/javascript/jquery_tools/list_manager.js HTTP/1.1" 304 -
120.253.135.82 - - [22/Apr/2021:10:50:14 +0800] "GET /xingrg/javascript/easyui/easyloader.js HTTP/1.1" 304 -
124.77.71.179 - - [22/Apr/2021:10:50:14 +0800] "GET /xingrg/all/function/internal_message.html?_=1619059809364&CODE_STATE=getMsg HTTP/1.1" 200 27
120.253.135.82 - - [22/Apr/2021:10:50:14 +0800] "GET /xingrg/javascript/easyui/themes/icons/edit_add_new.png HTTP/1.1" 304 -
120.253.135.82 - - [22/Apr/2021:10:50:14 +0800] "GET /xingrg/javascript/easyui/themes/icons/cance_new.png HTTP/1.1" 304 -
120.253.135.82 - - [22/Apr/2021:10:50:14 +0800] "GET /xingrg/javascript/easyui/themes/icons/check_new.png HTTP/1.1" 304 -
120.253.135.82 - - [22/Apr/2021:10:50:14 +0800] "GET /xingrg/javascript/easyui/themes/icons/uncheck_new.png HTTP/1.1" 304 -
120.253.135.82 - - [22/Apr/2021:10:50:15 +0800] "GET /xingrg/javascript/easyui/themes/icons/field_new.png HTTP/1.1" 304 -
120.253.135.82 - - [22/Apr/2021:10:50:15 +0800] "GET /xingrg/javascript/easyui/themes/icons/import_new.png HTTP/1.1" 304 -
120.253.135.82 - - [22/Apr/2021:10:50:15 +0800] "GET /xingrg/images/control/ajaxLoader.gif HTTP/1.1" 304 -
120.253.135.82 - - [22/Apr/2021:10:50:15 +0800] "GET /xingrg/javascript/easyui/plugins/jquery.parser.js HTTP/1.1" 304 -
120.253.135.82 - - [22/Apr/2021:10:50:15 +0800] "POST /xingrg/kc/pszx/mdps_list_operate.html HTTP/1.1" 200 5460
116.224.253.72 - - [22/Apr/2021:10:50:15 +0800] "GET /xingrg/kc/buy/cgsh_order_operate.html?command=get_materiel&rest_code=00150&code=00101004001&supplier_code=00100094&order_time=2021-04-22 HTTP/1.1" 200 410
58.37.228.113 - - [22/Apr/2021:10:50:19 +0800] "GET /xingrg/kc/buy/cgsh_order_operate.html?command=get_materiel&rest_code=00141&code=00101008361&supplier_code=00100007&order_time=2021-04-22 HTTP/1.1" 200 409
61.151.178.164 - - [22/Apr/2021:10:50:22 +0800] "GET /xingrg/kc/buy/cgsh_order_operate.html?command=get_materiel&rest_code=00141&code=00101008112&supplier_code=00100007&order_time=2021-04-22 HTTP/1.1" 302 -
117.185.32.26 - - [22/Apr/2021:10:50:24 +0800] "GET /xingrg/all/function/internal_message.html?_=1619060348199&CODE_STATE=getMsg HTTP/1.1" 200 27
116.230.114.112 - - [22/Apr/2021:10:50:25 +0800] "GET /xingrg/kc/buy/cgsh_order_add.html HTTP/1.1" 200 62154
61.151.178.164 - - [22/Apr/2021:10:50:25 +0800] "GET /xingrg/login.html HTTP/1.1" 200 7641
58.37.228.113 - - [22/Apr/2021:10:50:26 +0800] "GET /xingrg/kc/buy/cgsh_order_operate.html?command=get_materiel&rest_code=00141&code=00101008355&supplier_code=00100007&order_time=2021-04-22 HTTP/1.1" 200 408
116.230.114.112 - - [22/Apr/2021:10:50:26 +0800] "POST /xingrg/kc/buy/cgsh_order_operate.html HTTP/1.1" 200 8245
116.230.114.112 - - [22/Apr/2021:10:50:26 +0800] "GET /xingrg/javascript/easyui/themes/default/validatebox.css HTTP/1.1" 404 1104
222.70.217.33 - - [22/Apr/2021:10:50:27 +0800] "GET /xingrg/all/function/internal_message.html?_=1619059827623&CODE_STATE=getMsg HTTP/1.1" 200 27
58.37.228.113 - - [22/Apr/2021:10:50:32 +0800] "GET /xingrg/kc/buy/cgsh_order_operate.html?command=get_materiel&rest_code=00141&code=00101008137&supplier_code=00100007&order_time=2021-04-22 HTTP/1.1" 200 408
116.224.253.72 - - [22/Apr/2021:10:50:33 +0800] "GET /xingrg/kc/buy/cgsh_order_operate.html?command=get_materiel&rest_code=00150&code=00101002018&supplier_code=00100094&order_time=2021-04-22 HTTP/1.1" 200 414
222.70.217.33 - - [22/Apr/2021:10:50:34 +0800] "GET /xingrg/kc/buy/cgsh_order_add.html HTTP/1.1" 200 62116
222.70.217.33 - - [22/Apr/2021:10:50:35 +0800] "POST /xingrg/kc/buy/cgsh_order_operate.html HTTP/1.1" 200 8245
222.70.217.33 - - [22/Apr/2021:10:50:35 +0800] "GET /xingrg/javascript/easyui/themes/default/validatebox.css HTTP/1.1" 404 1104
180.169.147.146 - - [22/Apr/2021:10:50:37 +0800] "GET /xingrg/all/function/internal_message.html?_=1619059839929&CODE_STATE=getMsg HTTP/1.1" 200 27
180.169.147.146 - - [22/Apr/2021:10:50:37 +0800] "GET /xingrg/all/function/internal_message.html?_=1619059835839&CODE_STATE=getMsg HTTP/1.1" 200 27
120.253.135.82 - - [22/Apr/2021:10:50:38 +0800] "GET /xingrg/all/function/internal_message.html?_=1619059617849&CODE_STATE=getMsg HTTP/1.1" 200 27
116.230.114.112 - - [22/Apr/2021:10:50:39 +0800] "GET /xingrg/kc/buy/cgsh_order_operate.html?command=get_materiel&rest_code=00146&code=00101007081&supplier_code=00100002&order_time=2021-04-22 HTTP/1.1" 200 413
180.169.147.146 - - [22/Apr/2021:10:50:39 +0800] "GET /xingrg/check_reg.html?_=1619059835731 HTTP/1.1" 200 22
222.70.217.33 - - [22/Apr/2021:10:50:41 +0800] "GET /xingrg/kc/buy/cgsh_order_operate.html?command=get_materiel&rest_code=00155&code=00101012046&supplier_code=00100347&order_time=2021-04-22 HTTP/1.1" 200 417
180.162.112.86 - - [22/Apr/2021:10:50:43 +0800] "GET /xingrg/all/function/internal_message.html?_=1619059600678&CODE_STATE=getMsg HTTP/1.1" 200 27
58.37.228.113 - - [22/Apr/2021:10:50:44 +0800] "GET /xingrg/kc/buy/cgsh_order_operate.html?command=get_materiel&rest_code=00141&code=00101008264&supplier_code=00100007&order_time=2021-04-22 HTTP/1.1" 200 412
116.230.114.112 - - [22/Apr/2021:10:50:46 +0800] "GET /xingrg/check_reg.html?_=1619059860341 HTTP/1.1" 200 22
180.169.147.146 - - [22/Apr/2021:10:50:47 +0800] "GET /xingrg/all/function/internal_message.html?_=1619059847250&CODE_STATE=getMsg HTTP/1.1" 200 27
180.169.147.146 - - [22/Apr/2021:10:50:47 +0800] "GET /xingrg/check_reg.html?_=1619059847257 HTTP/1.1" 200 22
116.230.114.112 - - [22/Apr/2021:10:50:48 +0800] "GET /xingrg/all/function/internal_message.html?_=1619059862152&CODE_STATE=getMsg HTTP/1.1" 200 27
222.70.217.33 - - [22/Apr/2021:10:50:48 +0800] "GET /xingrg/kc/buy/cgsh_order_operate.html?command=get_materiel&rest_code=00155&code=00101010200&supplier_code=00100347&order_time=2021-04-22 HTTP/1.1" 200 416
