222.70.217.33 - - [22/Apr/2021:10:10:59 +0800] "GET /xingrg/kc/buy/cgsh_order_operate.html?command=get_materiel&rest_code=00155&code=00101006071&supplier_code=00100012&order_time=2021-04-22 HTTP/1.1" 200 409
58.221.95.50 - - [22/Apr/2021:10:11:01 +0800] "GET /xingrg/all/function/internal_message.html?_=1619057462431&CODE_STATE=getMsg HTTP/1.1" 200 27
58.40.7.146 - - [22/Apr/2021:10:11:01 +0800] "GET /xingrg/all/function/internal_message.html?_=1619057461694&CODE_STATE=getMsg HTTP/1.1" 200 27
61.165.42.208 - - [22/Apr/2021:10:11:04 +0800] "GET /xingrg/kc/buy/cgsh_order_operate.html?command=get_materiel&rest_code=00105&code=00101006065&supplier_code=00100012&order_time=2021-04-22 HTTP/1.1" 200 411
117.184.7.30 - - [22/Apr/2021:10:11:10 +0800] "GET /xingrg/kc/buy/cgsh_order_operate.html?command=get_materiel&rest_code=00108&code=00101008290&supplier_code=00100008&order_time=2021-04-22 HTTP/1.1" 200 416
116.224.253.72 - - [22/Apr/2021:10:11:13 +0800] "GET /xingrg/all/function/internal_message.html?_=1619057457972&CODE_STATE=getMsg HTTP/1.1" 200 27
124.77.71.179 - - [22/Apr/2021:10:11:14 +0800] "GET /xingrg/all/function/internal_message.html?_=1619057469295&CODE_STATE=getMsg HTTP/1.1" 200 27
117.184.7.30 - - [22/Apr/2021:10:11:15 +0800] "GET /xingrg/all/function/internal_message.html?_=1619057471505&CODE_STATE=getMsg HTTP/1.1" 200 27
222.70.217.33 - - [22/Apr/2021:10:11:17 +0800] "GET /xingrg/kc/buy/cgsh_order_operate.html?command=get_materiel&rest_code=00155&code=00101006129&supplier_code=00100012&order_time=2021-04-22 HTTP/1.1" 200 431
180.169.147.146 - - [22/Apr/2021:10:11:22 +0800] "GET /xingrg/all/function/internal_message.html?_=1619057481895&CODE_STATE=getMsg HTTP/1.1" 200 27
101.85.94.178 - - [22/Apr/2021:10:11:25 +0800] "GET /xingrg/check_reg.html?_=1619057016956 HTTP/1.1" 200 22
101.85.94.178 - - [22/Apr/2021:10:11:25 +0800] "GET /xingrg/all/function/internal_message.html?_=1619057016955&CODE_STATE=getMsg HTTP/1.1" 200 27
61.165.42.208 - - [22/Apr/2021:10:11:26 +0800] "GET /xingrg/kc/buy/cgsh_order_operate.html?command=get_materiel&rest_code=00105&code=00101006130&supplier_code=00100012&order_time=2021-04-22 HTTP/1.1" 200 427
116.233.77.251 - - [22/Apr/2021:10:11:26 +0800] "GET /xingrg/all/function/internal_message.html?_=1619057489053&CODE_STATE=getMsg HTTP/1.1" 200 27
117.184.7.30 - - [22/Apr/2021:10:11:27 +0800] "POST /xingrg/kc/buy/cgsh_order_operate.html HTTP/1.1" 200 2065
222.70.217.33 - - [22/Apr/2021:10:11:27 +0800] "GET /xingrg/kc/buy/cgsh_order_operate.html?command=get_materiel&rest_code=00155&code=00101006027&supplier_code=00100012&order_time=2021-04-22 HTTP/1.1" 200 409
222.70.217.33 - - [22/Apr/2021:10:11:27 +0800] "GET /xingrg/all/function/internal_message.html?_=1619057487614&CODE_STATE=getMsg HTTP/1.1" 200 27
117.184.7.30 - - [22/Apr/2021:10:11:31 +0800] "GET /xingrg/kc/buy/cgsh_order_operate.html?command=get_materiel&rest_code=00108&code=00101015038&supplier_code=00100008&order_time=2021-04-22 HTTP/1.1" 200 418
222.70.217.33 - - [22/Apr/2021:10:11:33 +0800] "GET /xingrg/kc/buy/cgsh_order_operate.html?command=get_materiel&rest_code=00155&code=00101006057&supplier_code=00100012&order_time=2021-04-22 HTTP/1.1" 200 413
61.165.42.208 - - [22/Apr/2021:10:11:36 +0800] "GET /xingrg/kc/buy/cgsh_order_operate.html?command=get_materiel&rest_code=00105&code=00101006109&supplier_code=00100012&order_time=2021-04-22 HTTP/1.1" 200 409
180.169.147.146 - - [22/Apr/2021:10:11:37 +0800] "GET /xingrg/all/function/internal_message.html?_=1619057499879&CODE_STATE=getMsg HTTP/1.1" 200 27
180.169.147.146 - - [22/Apr/2021:10:11:37 +0800] "GET /xingrg/all/function/internal_message.html?_=1619057495836&CODE_STATE=getMsg HTTP/1.1" 200 27
117.184.7.30 - - [22/Apr/2021:10:11:41 +0800] "GET /xingrg/kc/buy/cgsh_order_operate.html?command=get_materiel&rest_code=00108&code=00101008498&supplier_code=00100008&order_time=2021-04-22 HTTP/1.1" 200 410
61.165.42.208 - - [22/Apr/2021:10:11:43 +0800] "GET /xingrg/kc/buy/cgsh_order_operate.html?command=get_materiel&rest_code=00105&code=00101010248&supplier_code=00100012&order_time=2021-04-22 HTTP/1.1" 200 430
180.162.112.86 - - [22/Apr/2021:10:11:43 +0800] "GET /xingrg/all/function/internal_message.html?_=1619057260649&CODE_STATE=getMsg HTTP/1.1" 200 27
61.165.42.208 - - [22/Apr/2021:10:11:44 +0800] "POST /xingrg/all/common/load_select.html HTTP/1.1" 200 25
116.230.114.112 - - [22/Apr/2021:10:11:47 +0800] "GET /xingrg/all/function/internal_message.html?_=1619057520623&CODE_STATE=getMsg HTTP/1.1" 200 27
180.169.147.146 - - [22/Apr/2021:10:11:47 +0800] "GET /xingrg/all/function/internal_message.html?_=1619057507255&CODE_STATE=getMsg HTTP/1.1" 200 27
61.165.42.208 - - [22/Apr/2021:10:11:48 +0800] "GET /xingrg/kc/buy/cgsh_order_operate.html?command=get_materiel_price&rest_code=00105&code=00101010248&unit_code=00100043&supplier_code=00100012&order_time=2021-04-22 HTTP/1.1" 200 29
117.184.7.30 - - [22/Apr/2021:10:11:49 +0800] "GET /xingrg/kc/buy/cgsh_order_operate.html?command=get_materiel&rest_code=00108&code=00101008114&supplier_code=00100008&order_time=2021-04-22 HTTP/1.1" 200 412
116.224.253.72 - - [22/Apr/2021:10:11:51 +0800] "GET /xingrg/all/function/internal_message.html?_=1619057512132&CODE_STATE=getMsg HTTP/1.1" 200 27
58.37.228.113 - - [22/Apr/2021:10:11:52 +0800] "GET /xingrg/all/function/internal_message.html?_=1619057515950&CODE_STATE=getMsg HTTP/1.1" 200 27
58.37.228.113 - - [22/Apr/2021:10:11:52 +0800] "GET /xingrg/check_reg.html?_=1619057515952 HTTP/1.1" 200 22
114.83.220.121 - - [22/Apr/2021:10:11:53 +0800] "GET /xingrg/all/function/internal_message.html?_=1619057514333&CODE_STATE=getMsg HTTP/1.1" 200 27
61.165.42.208 - - [22/Apr/2021:10:11:54 +0800] "GET /xingrg/all/function/internal_message.html?_=1619057514604&CODE_STATE=getMsg HTTP/1.1" 200 27
61.165.42.208 - - [22/Apr/2021:10:11:54 +0800] "GET /xingrg/check_reg.html?_=1619057514607 HTTP/1.1" 200 22
222.70.217.33 - - [22/Apr/2021:10:11:55 +0800] "POST /xingrg/kc/buy/cgsh_order_operate.html HTTP/1.1" 200 37
222.70.217.33 - - [22/Apr/2021:10:11:56 +0800] "POST /xingrg/kc/buy/cgsh_order_operate.html HTTP/1.1" 200 7423
222.70.217.33 - - [22/Apr/2021:10:11:57 +0800] "GET /xingrg/kc/print/load_config.html?kc_code=cgsh HTTP/1.1" 200 1845
222.70.217.33 - - [22/Apr/2021:10:11:57 +0800] "GET /xingrg/kc/print/load_data.html?order_code=212021042209146&kc_code=cgsh&condition= HTTP/1.1" 200 2605
61.165.42.208 - - [22/Apr/2021:10:11:59 +0800] "GET /xingrg/kc/buy/cgsh_order_operate.html?command=get_materiel&rest_code=00105&code=00101006106&supplier_code=00100012&order_time=2021-04-22 HTTP/1.1" 200 421
58.221.95.50 - - [22/Apr/2021:10:12:01 +0800] "GET /xingrg/all/function/internal_message.html?_=1619057522421&CODE_STATE=getMsg HTTP/1.1" 200 27
222.70.217.33 - - [22/Apr/2021:10:12:01 +0800] "GET /xingrg/kc/print/load_data.html?order_code=212021042209146&kc_code=cgsh HTTP/1.1" 200 2605
58.40.7.146 - - [22/Apr/2021:10:12:01 +0800] "GET /xingrg/check_reg.html?_=1619057521690 HTTP/1.1" 200 22
58.40.7.146 - - [22/Apr/2021:10:12:01 +0800] "GET /xingrg/all/function/internal_message.html?_=1619057521691&CODE_STATE=getMsg HTTP/1.1" 200 27
117.184.7.30 - - [22/Apr/2021:10:12:06 +0800] "GET /xingrg/kc/buy/cgsh_order_operate.html?command=get_materiel&rest_code=00108&code=00101008209&supplier_code=00100008&order_time=2021-04-22 HTTP/1.1" 200 408
180.169.147.146 - - [22/Apr/2021:10:12:07 +0800] "GET /xingrg/kc/base/base_main.html HTTP/1.1" 200 12142
180.169.147.146 - - [22/Apr/2021:10:12:08 +0800] "GET /xingrg/kc/base/check_order_list.html HTTP/1.1" 200 16514
180.169.147.146 - - [22/Apr/2021:10:12:08 +0800] "POST /xingrg/kc/base/check_list_operate.html HTTP/1.1" 200 781
180.169.147.146 - - [22/Apr/2021:10:12:09 +0800] "POST /xingrg/kc/buy/cgsh_list_operate.html HTTP/1.1" 200 5319
180.169.147.146 - - [22/Apr/2021:10:12:10 +0800] "GET /xingrg/kc/base/check_order_add.html HTTP/1.1" 200 26322
180.169.147.146 - - [22/Apr/2021:10:12:10 +0800] "GET /xingrg/dwr/interface/AjaxCheckService.js HTTP/1.1" 200 14003
180.169.147.146 - - [22/Apr/2021:10:12:10 +0800] "GET /xingrg/dwr/interface/AjaxComOrderService.js HTTP/1.1" 200 18264
180.169.147.146 - - [22/Apr/2021:10:12:10 +0800] "GET /xingrg/dwr/util.js HTTP/1.1" 304 -
180.169.147.146 - - [22/Apr/2021:10:12:10 +0800] "GET /xingrg/dwr/engine.js HTTP/1.1" 200 43631
61.165.42.208 - - [22/Apr/2021:10:12:13 +0800] "GET /xingrg/kc/buy/cgsh_order_operate.html?command=get_materiel&rest_code=00105&code=00101006112&supplier_code=00100012&order_time=2021-04-22 HTTP/1.1" 200 409
116.224.253.72 - - [22/Apr/2021:10:12:13 +0800] "GET /xingrg/all/function/internal_message.html?_=1619057517986&CODE_STATE=getMsg HTTP/1.1" 200 27
124.77.71.179 - - [22/Apr/2021:10:12:14 +0800] "GET /xingrg/all/function/internal_message.html?_=1619057529295&CODE_STATE=getMsg HTTP/1.1" 200 27
124.77.71.179 - - [22/Apr/2021:10:12:14 +0800] "GET /xingrg/check_reg.html?_=1619057529302 HTTP/1.1" 200 22
117.184.7.30 - - [22/Apr/2021:10:12:15 +0800] "GET /xingrg/all/function/internal_message.html?_=1619057531474&CODE_STATE=getMsg HTTP/1.1" 200 27
117.184.7.30 - - [22/Apr/2021:10:12:15 +0800] "GET /xingrg/check_reg.html?_=1619057531523 HTTP/1.1" 200 22
180.169.147.146 - - [22/Apr/2021:10:12:17 +0800] "POST /xingrg/dwr/call/plaincall/AjaxCheckService.saveOrder.dwr HTTP/1.1" 200 78
117.184.7.30 - - [22/Apr/2021:10:12:17 +0800] "GET /xingrg/kc/buy/cgsh_order_operate.html?command=get_materiel&rest_code=00108&code=00101008212&supplier_code=00100008&order_time=2021-04-22 HTTP/1.1" 200 412
180.169.147.146 - - [22/Apr/2021:10:12:18 +0800] "POST /xingrg/dwr/call/plaincall/AjaxCheckService.loadOrderItems.dwr HTTP/1.1" 200 367
180.169.147.146 - - [22/Apr/2021:10:12:22 +0800] "POST /xingrg/kc/report/common_data.html?type=materiel_category_tree HTTP/1.1" 200 3570
180.169.147.146 - - [22/Apr/2021:10:12:22 +0800] "GET /xingrg/all/function/internal_message.html?_=1619057541901&CODE_STATE=getMsg HTTP/1.1" 200 27
61.165.42.208 - - [22/Apr/2021:10:12:22 +0800] "POST /xingrg/all/common/load_select.html HTTP/1.1" 200 25
117.184.7.30 - - [22/Apr/2021:10:12:25 +0800] "POST /xingrg/kc/buy/cgsh_order_operate.html HTTP/1.1" 200 37
101.85.94.178 - - [22/Apr/2021:10:12:25 +0800] "GET /xingrg/all/function/internal_message.html?_=1619057076955&CODE_STATE=getMsg HTTP/1.1" 200 27
116.233.77.251 - - [22/Apr/2021:10:12:26 +0800] "GET /xingrg/all/function/internal_message.html?_=1619057549056&CODE_STATE=getMsg HTTP/1.1" 200 27
222.70.217.33 - - [22/Apr/2021:10:12:27 +0800] "GET /xingrg/all/function/internal_message.html?_=1619057547615&CODE_STATE=getMsg HTTP/1.1" 200 27
180.169.147.146 - - [22/Apr/2021:10:12:28 +0800] "POST /xingrg/dwr/call/plaincall/AjaxCheckService.importOrderItems.dwr HTTP/1.1" 200 78
180.169.147.146 - - [22/Apr/2021:10:12:29 +0800] "POST /xingrg/dwr/call/plaincall/AjaxCheckService.loadOrderItems.dwr HTTP/1.1" 200 137096
180.169.147.146 - - [22/Apr/2021:10:12:31 +0800] "GET /xingrg/kc/print/load_config.html?_=1619057547107&kc_code=check HTTP/1.1" 200 2411
180.169.147.146 - - [22/Apr/2021:10:12:31 +0800] "GET /xingrg/kc/print/load_data.html?_=1619057547140&order_code=452021042200278&kc_code=check&condition= HTTP/1.1" 200 35752
180.169.147.146 - - [22/Apr/2021:10:12:37 +0800] "GET /xingrg/all/function/internal_message.html?_=1619057559879&CODE_STATE=getMsg HTTP/1.1" 200 27
180.169.147.146 - - [22/Apr/2021:10:12:37 +0800] "GET /xingrg/all/function/internal_message.html?_=1619057555833&CODE_STATE=getMsg HTTP/1.1" 200 27
180.162.112.86 - - [22/Apr/2021:10:12:43 +0800] "GET /xingrg/all/function/internal_message.html?_=1619057320649&CODE_STATE=getMsg HTTP/1.1" 200 27
180.169.147.146 - - [22/Apr/2021:10:12:44 +0800] "GET /xingrg/check_reg.html?_=1619057564486 HTTP/1.1" 302 -
116.230.114.112 - - [22/Apr/2021:10:12:47 +0800] "GET /xingrg/all/function/internal_message.html?_=1619057580637&CODE_STATE=getMsg HTTP/1.1" 200 27
180.169.147.146 - - [22/Apr/2021:10:12:47 +0800] "GET /xingrg/all/function/internal_message.html?_=1619057567246&CODE_STATE=getMsg HTTP/1.1" 200 27
116.224.253.72 - - [22/Apr/2021:10:12:51 +0800] "GET /xingrg/all/function/internal_message.html?_=1619057572138&CODE_STATE=getMsg HTTP/1.1" 200 27
58.37.228.113 - - [22/Apr/2021:10:12:52 +0800] "GET /xingrg/all/function/internal_message.html?_=1619057575951&CODE_STATE=getMsg HTTP/1.1" 200 27
114.83.220.121 - - [22/Apr/2021:10:12:53 +0800] "GET /xingrg/all/function/internal_message.html?_=1619057574314&CODE_STATE=getMsg HTTP/1.1" 200 27
61.165.42.208 - - [22/Apr/2021:10:12:54 +0800] "GET /xingrg/all/function/internal_message.html?_=1619057574580&CODE_STATE=getMsg HTTP/1.1" 200 27
58.221.95.50 - - [22/Apr/2021:10:13:01 +0800] "GET /xingrg/all/function/internal_message.html?_=1619057582410&CODE_STATE=getMsg HTTP/1.1" 200 27
58.40.7.146 - - [22/Apr/2021:10:13:01 +0800] "GET /xingrg/all/function/internal_message.html?_=1619057581692&CODE_STATE=getMsg HTTP/1.1" 200 27
61.165.42.208 - - [22/Apr/2021:10:13:12 +0800] "GET /xingrg/kc/buy/cgsh_order_operate.html?command=get_materiel&rest_code=00105&code=00101006144&supplier_code=00100012&order_time=2021-04-22 HTTP/1.1" 200 409
116.224.253.72 - - [22/Apr/2021:10:13:13 +0800] "GET /xingrg/all/function/internal_message.html?_=1619057578009&CODE_STATE=getMsg HTTP/1.1" 200 27
124.77.71.179 - - [22/Apr/2021:10:13:14 +0800] "GET /xingrg/all/function/internal_message.html?_=1619057589302&CODE_STATE=getMsg HTTP/1.1" 200 27
61.165.42.208 - - [22/Apr/2021:10:13:20 +0800] "POST /xingrg/kc/buy/cgsh_order_operate.html HTTP/1.1" 200 37
61.165.42.208 - - [22/Apr/2021:10:13:21 +0800] "POST /xingrg/kc/buy/cgsh_order_operate.html HTTP/1.1" 200 7431
180.169.147.146 - - [22/Apr/2021:10:13:22 +0800] "GET /xingrg/all/function/internal_message.html?_=1619057601907&CODE_STATE=getMsg HTTP/1.1" 200 27
180.169.147.146 - - [22/Apr/2021:10:13:22 +0800] "GET /xingrg/check_reg.html?_=1619057601915 HTTP/1.1" 200 22
61.165.42.208 - - [22/Apr/2021:10:13:23 +0800] "GET /xingrg/kc/print/load_data.html?order_code=212021042209147&kc_code=cgsh&condition= HTTP/1.1" 200 2604
101.85.94.178 - - [22/Apr/2021:10:13:25 +0800] "GET /xingrg/all/function/internal_message.html?_=1619057136954&CODE_STATE=getMsg HTTP/1.1" 200 27
116.233.77.251 - - [22/Apr/2021:10:13:26 +0800] "GET /xingrg/all/function/internal_message.html?_=1619057609061&CODE_STATE=getMsg HTTP/1.1" 200 27
116.233.77.251 - - [22/Apr/2021:10:13:26 +0800] "GET /xingrg/check_reg.html?_=1619057609061 HTTP/1.1" 200 22
222.70.217.33 - - [22/Apr/2021:10:13:27 +0800] "GET /xingrg/check_reg.html?_=1619057607623 HTTP/1.1" 200 22
222.70.217.33 - - [22/Apr/2021:10:13:27 +0800] "GET /xingrg/all/function/internal_message.html?_=1619057607629&CODE_STATE=getMsg HTTP/1.1" 200 27
180.169.147.146 - - [22/Apr/2021:10:13:37 +0800] "GET /xingrg/all/function/internal_message.html?_=1619057619882&CODE_STATE=getMsg HTTP/1.1" 200 27
180.169.147.146 - - [22/Apr/2021:10:13:37 +0800] "GET /xingrg/all/function/internal_message.html?_=1619057615828&CODE_STATE=getMsg HTTP/1.1" 200 27
180.162.112.86 - - [22/Apr/2021:10:13:43 +0800] "GET /xingrg/all/function/internal_message.html?_=1619057380656&CODE_STATE=getMsg HTTP/1.1" 200 27
180.162.112.86 - - [22/Apr/2021:10:13:43 +0800] "GET /xingrg/check_reg.html?_=1619057380653 HTTP/1.1" 200 22
116.230.114.112 - - [22/Apr/2021:10:13:47 +0800] "GET /xingrg/all/function/internal_message.html?_=1619057640790&CODE_STATE=getMsg HTTP/1.1" 200 27
180.169.147.146 - - [22/Apr/2021:10:13:47 +0800] "GET /xingrg/all/function/internal_message.html?_=1619057627251&CODE_STATE=getMsg HTTP/1.1" 200 27
116.224.253.72 - - [22/Apr/2021:10:13:51 +0800] "GET /xingrg/all/function/internal_message.html?_=1619057632144&CODE_STATE=getMsg HTTP/1.1" 200 27
58.37.228.113 - - [22/Apr/2021:10:13:52 +0800] "GET /xingrg/all/function/internal_message.html?_=1619057635975&CODE_STATE=getMsg HTTP/1.1" 200 27
114.83.220.121 - - [22/Apr/2021:10:13:53 +0800] "GET /xingrg/all/function/internal_message.html?_=1619057634299&CODE_STATE=getMsg HTTP/1.1" 200 27
61.165.42.208 - - [22/Apr/2021:10:13:54 +0800] "GET /xingrg/all/function/internal_message.html?_=1619057634595&CODE_STATE=getMsg HTTP/1.1" 200 27
117.185.32.26 - - [22/Apr/2021:10:14:00 +0800] "GET /favicon.ico HTTP/1.1" 404 -
58.221.95.50 - - [22/Apr/2021:10:14:01 +0800] "GET /xingrg/all/function/internal_message.html?_=1619057642400&CODE_STATE=getMsg HTTP/1.1" 200 27
58.221.95.50 - - [22/Apr/2021:10:14:01 +0800] "GET /xingrg/check_reg.html?_=1619057642940 HTTP/1.1" 200 22
58.40.7.146 - - [22/Apr/2021:10:14:01 +0800] "GET /xingrg/all/function/internal_message.html?_=1619057641693&CODE_STATE=getMsg HTTP/1.1" 200 27
58.40.7.146 - - [22/Apr/2021:10:14:11 +0800] "POST /xingrg/dwr/call/plaincall/AjaxReportQueryService.refreshCache.dwr HTTP/1.1" 200 78
116.224.253.72 - - [22/Apr/2021:10:14:13 +0800] "GET /xingrg/all/function/internal_message.html?_=1619057638013&CODE_STATE=getMsg HTTP/1.1" 200 27
180.169.147.146 - - [22/Apr/2021:10:14:13 +0800] "GET /xingrg/kc/base/check_order_list.html?isBack=1 HTTP/1.1" 200 16514
180.169.147.146 - - [22/Apr/2021:10:14:14 +0800] "POST /xingrg/kc/base/check_list_operate.html HTTP/1.1" 200 1566
58.40.7.146 - - [22/Apr/2021:10:14:14 +0800] "POST /xingrg/all/report/load_report_page.html HTTP/1.1" 200 76668
58.40.7.146 - - [22/Apr/2021:10:14:14 +0800] "GET /xingrg/servlets/image?cache=0.7659151036060359&image=px HTTP/1.1" 200 807
124.77.71.179 - - [22/Apr/2021:10:14:14 +0800] "GET /xingrg/all/function/internal_message.html?_=1619057649295&CODE_STATE=getMsg HTTP/1.1" 200 27
180.169.147.146 - - [22/Apr/2021:10:14:16 +0800] "GET /xingrg/kc/buy/buy_main.html HTTP/1.1" 200 12412
180.169.147.146 - - [22/Apr/2021:10:14:16 +0800] "GET /xingrg/css/new_ie.css HTTP/1.1" 404 1036
180.169.147.146 - - [22/Apr/2021:10:14:16 +0800] "GET /xingrg/images/yd/bt.gif HTTP/1.1" 404 1040
180.169.147.146 - - [22/Apr/2021:10:14:17 +0800] "GET /xingrg/kc/buy/cgsh_order_list.html HTTP/1.1" 200 46416
180.169.147.146 - - [22/Apr/2021:10:14:19 +0800] "POST /xingrg/kc/buy/cgsh_list_operate.html HTTP/1.1" 200 5207
117.185.32.26 - - [22/Apr/2021:10:14:22 +0800] "GET /xingrg/login.html HTTP/1.1" 200 7641
180.169.147.146 - - [22/Apr/2021:10:14:24 +0800] "POST /xingrg/kc/buy/cgsh_list_operate.html HTTP/1.1" 200 5319
101.85.94.178 - - [22/Apr/2021:10:14:25 +0800] "GET /xingrg/all/function/internal_message.html?_=1619057196953&CODE_STATE=getMsg HTTP/1.1" 200 27
180.169.147.146 - - [22/Apr/2021:10:14:26 +0800] "POST /xingrg/kc/buy/cgsh_list_operate.html HTTP/1.1" 200 585
116.233.77.251 - - [22/Apr/2021:10:14:26 +0800] "GET /xingrg/all/function/internal_message.html?_=1619057669060&CODE_STATE=getMsg HTTP/1.1" 200 27
180.169.147.146 - - [22/Apr/2021:10:14:27 +0800] "GET /xingrg/kc/buy/cgsh_order_info.html?code=212021042108994 HTTP/1.1" 200 62117
180.169.147.146 - - [22/Apr/2021:10:14:27 +0800] "GET /xingrg/javascript/easyui/themes/default/validatebox.css HTTP/1.1" 404 1104
222.70.217.33 - - [22/Apr/2021:10:14:27 +0800] "GET /xingrg/all/function/internal_message.html?_=1619057667614&CODE_STATE=getMsg HTTP/1.1" 200 27
180.169.147.146 - - [22/Apr/2021:10:14:28 +0800] "POST /xingrg/kc/buy/cgsh_order_operate.html HTTP/1.1" 200 6821
117.185.32.26 - - [22/Apr/2021:10:14:28 +0800] "GET /favicon.ico HTTP/1.1" 404 -
180.169.147.146 - - [22/Apr/2021:10:14:32 +0800] "GET /xingrg/check_reg.html?_=1619057668687 HTTP/1.1" 200 22
180.169.147.146 - - [22/Apr/2021:10:14:35 +0800] "GET /xingrg/kc/buy/cgsh_order_operate.html?command=get_materiel&rest_code=00147&code=00101010690&supplier_code=00100347&order_time=2021-04-21 HTTP/1.1" 200 395
180.169.147.146 - - [22/Apr/2021:10:14:37 +0800] "GET /xingrg/all/function/internal_message.html?_=1619057679882&CODE_STATE=getMsg HTTP/1.1" 200 27
180.169.147.146 - - [22/Apr/2021:10:14:37 +0800] "GET /xingrg/check_reg.html?_=1619057679886 HTTP/1.1" 200 22
180.169.147.146 - - [22/Apr/2021:10:14:37 +0800] "GET /xingrg/all/function/internal_message.html?_=1619057675844&CODE_STATE=getMsg HTTP/1.1" 200 27
180.169.147.146 - - [22/Apr/2021:10:14:37 +0800] "GET /xingrg/check_reg.html?_=1619057675845 HTTP/1.1" 200 22
180.162.112.86 - - [22/Apr/2021:10:14:43 +0800] "GET /xingrg/all/function/internal_message.html?_=1619057440645&CODE_STATE=getMsg HTTP/1.1" 200 27
117.185.32.26 - - [22/Apr/2021:10:14:45 +0800] "POST /xingrg/login.do HTTP/1.1" 302 -
117.185.32.26 - - [22/Apr/2021:10:14:45 +0800] "GET /xingrg/index.html?sysBaseUrl=http%3A%2F%2F180.169.147.146%3A18081%2Fxingrg%2F&costTime=39×tamp=1619057685719 HTTP/1.1" 200 17173
117.185.32.26 - - [22/Apr/2021:10:14:46 +0800] "GET /favicon.ico HTTP/1.1" 404 -
117.185.32.26 - - [22/Apr/2021:10:14:46 +0800] "POST /xingrg/all/common/load_tree.html?tree=area_rest_tree_json&manage=1 HTTP/1.1" 200 342
116.230.114.112 - - [22/Apr/2021:10:14:47 +0800] "GET /xingrg/all/function/internal_message.html?_=1619057700804&CODE_STATE=getMsg HTTP/1.1" 200 27
117.185.32.26 - - [22/Apr/2021:10:14:47 +0800] "GET /xingrg/all/function/internal_message.html?_=1619057685141&CODE_STATE=count HTTP/1.1" 200 11
117.185.32.26 - - [22/Apr/2021:10:14:47 +0800] "GET /xingrg/check_reg.html?_=1619057685142 HTTP/1.1" 200 22
180.169.147.146 - - [22/Apr/2021:10:14:47 +0800] "GET /xingrg/all/function/internal_message.html?_=1619057687262&CODE_STATE=getMsg HTTP/1.1" 200 27
117.185.32.26 - - [22/Apr/2021:10:14:47 +0800] "GET /xingrg/javascript/jquery_easy_ui/themes/default/images/panel_tool_collapse.gif HTTP/1.1" 200 246
117.185.32.26 - - [22/Apr/2021:10:14:47 +0800] "POST /xingrg/load_menu.html HTTP/1.1" 200 5138
116.224.253.72 - - [22/Apr/2021:10:14:51 +0800] "GET /xingrg/all/function/internal_message.html?_=1619057692144&CODE_STATE=getMsg HTTP/1.1" 200 27
58.37.228.113 - - [22/Apr/2021:10:14:52 +0800] "GET /xingrg/all/function/internal_message.html?_=1619057695973&CODE_STATE=getMsg HTTP/1.1" 200 27
180.169.147.146 - - [22/Apr/2021:10:14:53 +0800] "POST /xingrg/kc/buy/cgsh_order_operate.html HTTP/1.1" 200 37
114.83.220.121 - - [22/Apr/2021:10:14:53 +0800] "GET /xingrg/all/function/internal_message.html?_=1619057694290&CODE_STATE=getMsg HTTP/1.1" 200 27
117.185.32.26 - - [22/Apr/2021:10:14:54 +0800] "GET /xingrg/kc/buy/buy_main.html HTTP/1.1" 200 12412
117.185.32.26 - - [22/Apr/2021:10:14:54 +0800] "GET /xingrg/css/new_ie.css HTTP/1.1" 404 1036
61.165.42.208 - - [22/Apr/2021:10:14:54 +0800] "GET /xingrg/all/function/internal_message.html?_=1619057694595&CODE_STATE=getMsg HTTP/1.1" 200 27
180.169.147.146 - - [22/Apr/2021:10:14:55 +0800] "POST /xingrg/kc/buy/cgsh_order_operate.html HTTP/1.1" 200 6821
114.83.220.121 - - [22/Apr/2021:10:14:55 +0800] "GET /xingrg/check_reg.html?_=1619057695759 HTTP/1.1" 200 22
117.185.32.26 - - [22/Apr/2021:10:14:55 +0800] "GET /xingrg/images/yd/bt.gif HTTP/1.1" 404 1040
117.185.32.26 - - [22/Apr/2021:10:14:56 +0800] "GET /xingrg/kc/buy/cgsh_order_list.html HTTP/1.1" 200 46410
61.151.178.177 - - [22/Apr/2021:10:14:56 +0800] "GET /xingrg/all/function/internal_message.html?_=1619057635975&CODE_STATE=getMsg HTTP/1.1" 302 -
61.151.178.177 - - [22/Apr/2021:10:14:59 +0800] "GET /xingrg/login.html HTTP/1.1" 200 7641
117.185.32.26 - - [22/Apr/2021:10:14:59 +0800] "POST /xingrg/kc/buy/cgsh_list_operate.html HTTP/1.1" 200 876
117.185.32.26 - - [22/Apr/2021:10:15:01 +0800] "GET /xingrg/kc/buy/cgsh_order_add.html HTTP/1.1" 200 62154
58.221.95.50 - - [22/Apr/2021:10:15:01 +0800] "GET /xingrg/all/function/internal_message.html?_=1619057702383&CODE_STATE=getMsg HTTP/1.1" 200 27
117.185.32.26 - - [22/Apr/2021:10:15:01 +0800] "GET /xingrg/words/20210422084616_words.js HTTP/1.1" 200 807466
58.40.7.146 - - [22/Apr/2021:10:15:01 +0800] "GET /xingrg/all/function/internal_message.html?_=1619057701707&CODE_STATE=getMsg HTTP/1.1" 200 27
117.185.32.26 - - [22/Apr/2021:10:15:01 +0800] "POST /xingrg/kc/buy/cgsh_order_operate.html HTTP/1.1" 200 8245
117.185.32.26 - - [22/Apr/2021:10:15:02 +0800] "GET /xingrg/all/common/auto_word.html?type=employee&rest_code=00106 HTTP/1.1" 200 205
117.185.32.26 - - [22/Apr/2021:10:15:02 +0800] "GET /xingrg/javascript/easyui/themes/default/validatebox.css HTTP/1.1" 404 1104
117.185.32.26 - - [22/Apr/2021:10:15:02 +0800] "GET /xingrg/all/common/auto_word.html?type=employee&rest_code=00106 HTTP/1.1" 200 205
117.185.32.26 - - [22/Apr/2021:10:15:02 +0800] "GET /xingrg/javascript/easyui/themes/default/tree.css HTTP/1.1" 404 1090
117.185.32.26 - - [22/Apr/2021:10:15:03 +0800] "POST /xingrg/all/common/load_tree.html?tree=supplier_tree_json&isDelete=1 HTTP/1.1" 200 54827
124.77.71.179 - - [22/Apr/2021:10:15:10 +0800] "GET /xingrg/kc/buy/buy_main.html HTTP/1.1" 200 12412
124.77.71.179 - - [22/Apr/2021:10:15:10 +0800] "GET /xingrg/css/new_ie.css HTTP/1.1" 404 1036
124.77.71.179 - - [22/Apr/2021:10:15:10 +0800] "GET /xingrg/images/yd/bt.gif HTTP/1.1" 404 1040
124.77.71.179 - - [22/Apr/2021:10:15:11 +0800] "GET /xingrg/kc/buy/cgsh_order_list.html HTTP/1.1" 200 46416
116.224.253.72 - - [22/Apr/2021:10:15:13 +0800] "GET /xingrg/check_reg.html?_=1619057697897 HTTP/1.1" 200 22
116.224.253.72 - - [22/Apr/2021:10:15:13 +0800] "GET /xingrg/all/function/internal_message.html?_=1619057698027&CODE_STATE=getMsg HTTP/1.1" 200 27
117.185.32.26 - - [22/Apr/2021:10:15:14 +0800] "GET /xingrg/javascript/auto/indicator.gif HTTP/1.1" 404 1066
124.77.71.179 - - [22/Apr/2021:10:15:14 +0800] "GET /xingrg/all/function/internal_message.html?_=1619057709309&CODE_STATE=getMsg HTTP/1.1" 200 27
117.185.32.26 - - [22/Apr/2021:10:15:17 +0800] "GET /xingrg/kc/buy/cgsh_order_operate.html?command=get_materiel&rest_code=00106&code=00101008146&supplier_code=00100009&order_time=2021-04-22 HTTP/1.1" 200 416
180.169.147.146 - - [22/Apr/2021:10:15:20 +0800] "POST /xingrg/kc/buy/cgsh_list_operate.html HTTP/1.1" 200 4
124.77.71.179 - - [22/Apr/2021:10:15:21 +0800] "POST /xingrg/kc/buy/cgsh_list_operate.html HTTP/1.1" 200 3092
101.85.94.178 - - [22/Apr/2021:10:15:25 +0800] "GET /xingrg/all/function/internal_message.html?_=1619057256951&CODE_STATE=getMsg HTTP/1.1" 200 27
124.77.71.179 - - [22/Apr/2021:10:15:25 +0800] "POST /xingrg/kc/buy/cgsh_list_operate.html HTTP/1.1" 200 211
116.233.77.251 - - [22/Apr/2021:10:15:26 +0800] "GET /xingrg/all/function/internal_message.html?_=1619057729062&CODE_STATE=getMsg HTTP/1.1" 200 27
222.70.217.33 - - [22/Apr/2021:10:15:27 +0800] "GET /xingrg/all/function/internal_message.html?_=1619057727618&CODE_STATE=getMsg HTTP/1.1" 200 27
124.77.71.179 - - [22/Apr/2021:10:15:29 +0800] "GET /xingrg/kc/buy/cgsh_order_add.html HTTP/1.1" 200 62236
124.77.71.179 - - [22/Apr/2021:10:15:29 +0800] "GET /xingrg/words/20210422084616_words.js HTTP/1.1" 304 -
117.185.32.26 - - [22/Apr/2021:10:15:30 +0800] "GET /xingrg/kc/buy/cgsh_order_operate.html?command=get_materiel&rest_code=00106&code=00101008147&supplier_code=00100009&order_time=2021-04-22 HTTP/1.1" 200 416
124.77.71.179 - - [22/Apr/2021:10:15:30 +0800] "GET /xingrg/javascript/easyui/themes/default/validatebox.css HTTP/1.1" 404 1104
124.77.71.179 - - [22/Apr/2021:10:15:30 +0800] "POST /xingrg/kc/buy/cgsh_order_operate.html HTTP/1.1" 200 8245
124.77.71.179 - - [22/Apr/2021:10:15:31 +0800] "GET /xingrg/javascript/easyui/themes/default/tree.css HTTP/1.1" 404 1090
124.77.71.179 - - [22/Apr/2021:10:15:31 +0800] "POST /xingrg/all/common/load_tree.html?tree=supplier_tree_json&isDelete=1 HTTP/1.1" 200 54827
180.169.147.146 - - [22/Apr/2021:10:15:37 +0800] "GET /xingrg/all/function/internal_message.html?_=1619057739892&CODE_STATE=getMsg HTTP/1.1" 200 27
180.169.147.146 - - [22/Apr/2021:10:15:37 +0800] "GET /xingrg/all/function/internal_message.html?_=1619057735841&CODE_STATE=getMsg HTTP/1.1" 200 27
117.185.32.26 - - [22/Apr/2021:10:15:39 +0800] "POST /xingrg/kc/buy/cgsh_order_operate.html HTTP/1.1" 200 37
180.169.147.146 - - [22/Apr/2021:10:15:39 +0800] "GET /xingrg/check_reg.html?_=1619057735734 HTTP/1.1" 200 22
117.185.32.26 - - [22/Apr/2021:10:15:43 +0800] "POST /xingrg/kc/buy/cgsh_order_operate.html HTTP/1.1" 200 12
180.162.112.86 - - [22/Apr/2021:10:15:43 +0800] "GET /xingrg/all/function/internal_message.html?_=1619057500650&CODE_STATE=getMsg HTTP/1.1" 200 27
116.230.114.112 - - [22/Apr/2021:10:15:46 +0800] "GET /xingrg/check_reg.html?_=1619057759724 HTTP/1.1" 200 22
116.230.114.112 - - [22/Apr/2021:10:15:47 +0800] "GET /xingrg/all/function/internal_message.html?_=1619057760817&CODE_STATE=getMsg HTTP/1.1" 200 27
180.169.147.146 - - [22/Apr/2021:10:15:47 +0800] "GET /xingrg/check_reg.html?_=1619057747261 HTTP/1.1" 200 22
180.169.147.146 - - [22/Apr/2021:10:15:47 +0800] "GET /xingrg/all/function/internal_message.html?_=1619057747263&CODE_STATE=getMsg HTTP/1.1" 200 27
117.185.32.26 - - [22/Apr/2021:10:15:49 +0800] "GET /xingrg/all/function/internal_message.html?_=1619057747662&CODE_STATE=getMsg HTTP/1.1" 200 27
117.185.32.26 - - [22/Apr/2021:10:15:51 +0800] "GET /xingrg/kc/buy/cgsh_order_info.html?code=212021042209148 HTTP/1.1" 200 57062
180.169.147.146 - - [22/Apr/2021:10:15:51 +0800] "GET /xingrg/kc/buy/buy_main.html HTTP/1.1" 302 -
180.169.147.146 - - [22/Apr/2021:10:15:51 +0800] "GET /xingrg/login.html HTTP/1.1" 200 7641
180.169.147.146 - - [22/Apr/2021:10:15:51 +0800] "GET /xingrg/login.html HTTP/1.1" 200 7641
180.169.147.146 - - [22/Apr/2021:10:15:51 +0800] "GET /favicon.ico HTTP/1.1" 404 -
117.185.32.26 - - [22/Apr/2021:10:15:51 +0800] "GET /xingrg/javascript/easyui/themes/default/validatebox.css HTTP/1.1" 404 1104
116.224.253.72 - - [22/Apr/2021:10:15:51 +0800] "GET /xingrg/check_reg.html?_=1619057752160 HTTP/1.1" 200 22
116.224.253.72 - - [22/Apr/2021:10:15:51 +0800] "GET /xingrg/all/function/internal_message.html?_=1619057752157&CODE_STATE=getMsg HTTP/1.1" 200 27
117.185.32.26 - - [22/Apr/2021:10:15:51 +0800] "POST /xingrg/kc/buy/cgsh_order_operate.html HTTP/1.1" 200 1209
58.37.228.113 - - [22/Apr/2021:10:15:52 +0800] "GET /xingrg/all/function/internal_message.html?_=1619057755973&CODE_STATE=getMsg HTTP/1.1" 200 27
180.169.147.146 - - [22/Apr/2021:10:15:52 +0800] "POST /xingrg/login.do HTTP/1.1" 302 -
180.169.147.146 - - [22/Apr/2021:10:15:52 +0800] "GET /xingrg/index.html?sysBaseUrl=http%3A%2F%2F180.169.147.146%3A18081%2Fxingrg%2F&costTime=39×tamp=1619057752914 HTTP/1.1" 200 17503
180.169.147.146 - - [22/Apr/2021:10:15:53 +0800] "POST /xingrg/all/common/load_tree.html?tree=area_rest_tree_json&manage=1 HTTP/1.1" 200 3344
180.169.147.146 - - [22/Apr/2021:10:15:53 +0800] "GET /xingrg/all/function/internal_message.html?_=1619057752771&CODE_STATE=count HTTP/1.1" 200 11
180.169.147.146 - - [22/Apr/2021:10:15:53 +0800] "GET /xingrg/check_reg.html?_=1619057752774 HTTP/1.1" 200 22
180.169.147.146 - - [22/Apr/2021:10:15:53 +0800] "GET /favicon.ico HTTP/1.1" 404 -
180.169.147.146 - - [22/Apr/2021:10:15:53 +0800] "POST /xingrg/load_menu.html HTTP/1.1" 200 11443
114.83.220.121 - - [22/Apr/2021:10:15:53 +0800] "GET /xingrg/all/function/internal_message.html?_=1619057754260&CODE_STATE=getMsg HTTP/1.1" 200 27
117.185.32.26 - - [22/Apr/2021:10:15:53 +0800] "GET /xingrg/kc/print/load_config.html?kc_code=cgsh HTTP/1.1" 200 1845
117.185.32.26 - - [22/Apr/2021:10:15:53 +0800] "GET /xingrg/kc/print/load_data.html?order_code=212021042209148&kc_code=cgsh&condition= HTTP/1.1" 200 1010
61.165.42.208 - - [22/Apr/2021:10:15:54 +0800] "GET /xingrg/all/function/internal_message.html?_=1619057754597&CODE_STATE=getMsg HTTP/1.1" 200 27
180.169.147.146 - - [22/Apr/2021:10:15:57 +0800] "GET /xingrg/kc/report/report_main.html HTTP/1.1" 200 9370
124.77.71.179 - - [22/Apr/2021:10:15:57 +0800] "GET /xingrg/kc/buy/cgsh_order_operate.html?command=get_materiel&rest_code=00107&code=00101002007&supplier_code=00100199&order_time=2021-04-22 HTTP/1.1" 200 409
58.221.95.50 - - [22/Apr/2021:10:16:01 +0800] "GET /xingrg/all/function/internal_message.html?_=1619057762396&CODE_STATE=getMsg HTTP/1.1" 200 27
58.40.7.146 - - [22/Apr/2021:10:16:01 +0800] "GET /xingrg/all/function/internal_message.html?_=1619057761688&CODE_STATE=getMsg HTTP/1.1" 200 27
180.169.147.146 - - [22/Apr/2021:10:16:03 +0800] "GET /xingrg/all/report/report_query.html?fileName=kc/base/rk_by_base.xml&rh=9999 HTTP/1.1" 200 51953
180.169.147.146 - - [22/Apr/2021:10:16:03 +0800] "GET /xingrg/dwr/interface/AjaxReportQueryService.js HTTP/1.1" 200 13203
180.169.147.146 - - [22/Apr/2021:10:16:03 +0800] "GET /xingrg/dwr/util.js HTTP/1.1" 304 -
180.169.147.146 - - [22/Apr/2021:10:16:03 +0800] "GET /xingrg/dwr/engine.js HTTP/1.1" 200 43631
180.169.147.146 - - [22/Apr/2021:10:16:04 +0800] "POST /xingrg/dwr/call/plaincall/AjaxReportQueryService.getFixDate.dwr HTTP/1.1" 200 111
117.185.32.26 - - [22/Apr/2021:10:16:04 +0800] "GET /xingrg/kc/print/load_data.html?order_code=212021042209148&kc_code=cgsh HTTP/1.1" 200 1010
180.169.147.146 - - [22/Apr/2021:10:16:04 +0800] "POST /xingrg/all/common/load_tree.html?tree=materiel_sort_tree_json HTTP/1.1" 200 8666
180.169.147.146 - - [22/Apr/2021:10:16:04 +0800] "POST /xingrg/dwr/call/plaincall/AjaxReportQueryService.getInitString.dwr HTTP/1.1" 200 417
124.77.71.179 - - [22/Apr/2021:10:16:11 +0800] "GET /xingrg/kc/buy/cgsh_order_operate.html?command=get_materiel&rest_code=00107&code=00101002006&supplier_code=00100199&order_time=2021-04-22 HTTP/1.1" 200 434
116.224.253.72 - - [22/Apr/2021:10:16:13 +0800] "GET /xingrg/all/function/internal_message.html?_=1619057758039&CODE_STATE=getMsg HTTP/1.1" 200 27
124.77.71.179 - - [22/Apr/2021:10:16:14 +0800] "GET /xingrg/all/function/internal_message.html?_=1619057769348&CODE_STATE=getMsg HTTP/1.1" 200 27
180.169.147.146 - - [22/Apr/2021:10:16:20 +0800] "GET /xingrg/all/report/report_query.html?fileName=kc/buy/wlcg_mx.xml HTTP/1.1" 200 51648
180.169.147.146 - - [22/Apr/2021:10:16:20 +0800] "GET /xingrg/dwr/interface/AjaxReportQueryService.js HTTP/1.1" 200 13203
180.169.147.146 - - [22/Apr/2021:10:16:20 +0800] "GET /xingrg/dwr/engine.js HTTP/1.1" 200 43631
180.169.147.146 - - [22/Apr/2021:10:16:20 +0800] "POST /xingrg/dwr/call/plaincall/AjaxReportQueryService.getFixDate.dwr HTTP/1.1" 200 111
180.169.147.146 - - [22/Apr/2021:10:16:20 +0800] "POST /xingrg/dwr/call/plaincall/AjaxReportQueryService.getInitString.dwr HTTP/1.1" 200 24840
180.169.147.146 - - [22/Apr/2021:10:16:20 +0800] "POST /xingrg/dwr/call/plaincall/AjaxReportQueryService.getInitString.dwr HTTP/1.1" 200 417
180.169.147.146 - - [22/Apr/2021:10:16:20 +0800] "POST /xingrg/dwr/call/plaincall/AjaxReportQueryService.getInitString.dwr HTTP/1.1" 200 125
101.93.222.235 - - [22/Apr/2021:10:16:22 +0800] "POST /xingrg/services/DataTransmitService HTTP/1.1" 200 524
101.93.222.235 - - [22/Apr/2021:10:16:22 +0800] "POST /xingrg/services/DataTransmitService HTTP/1.1" 200 501
101.85.94.178 - - [22/Apr/2021:10:16:25 +0800] "GET /xingrg/all/function/internal_message.html?_=1619057316955&CODE_STATE=getMsg HTTP/1.1" 200 27
101.85.94.178 - - [22/Apr/2021:10:16:25 +0800] "GET /xingrg/check_reg.html?_=1619057316957 HTTP/1.1" 200 22
116.233.77.251 - - [22/Apr/2021:10:16:26 +0800] "GET /xingrg/all/function/internal_message.html?_=1619057789065&CODE_STATE=getMsg HTTP/1.1" 200 27
222.70.217.33 - - [22/Apr/2021:10:16:27 +0800] "GET /xingrg/all/function/internal_message.html?_=1619057787622&CODE_STATE=getMsg HTTP/1.1" 200 27
180.169.147.146 - - [22/Apr/2021:10:16:30 +0800] "POST /xingrg/dwr/call/plaincall/AjaxReportQueryService.refreshCache.dwr HTTP/1.1" 200 78
180.169.147.146 - - [22/Apr/2021:10:16:31 +0800] "POST /xingrg/all/report/load_report_page.html HTTP/1.1" 200 89
180.169.147.146 - - [22/Apr/2021:10:16:34 +0800] "POST /xingrg/dwr/call/plaincall/AjaxReportQueryService.getFixDate.dwr HTTP/1.1" 200 111
180.169.147.146 - - [22/Apr/2021:10:16:36 +0800] "POST /xingrg/dwr/call/plaincall/AjaxReportQueryService.refreshCache.dwr HTTP/1.1" 200 78
180.169.147.146 - - [22/Apr/2021:10:16:37 +0800] "GET /xingrg/all/function/internal_message.html?_=1619057799892&CODE_STATE=getMsg HTTP/1.1" 200 27
180.169.147.146 - - [22/Apr/2021:10:16:37 +0800] "GET /xingrg/all/function/internal_message.html?_=1619057795840&CODE_STATE=getMsg HTTP/1.1" 200 27
124.77.71.179 - - [22/Apr/2021:10:16:37 +0800] "GET /xingrg/kc/buy/cgsh_order_operate.html?command=get_materiel&rest_code=00107&code=00101019489&supplier_code=00100199&order_time=2021-04-22 HTTP/1.1" 200 410
180.169.147.146 - - [22/Apr/2021:10:16:38 +0800] "POST /xingrg/all/report/load_report_page.html HTTP/1.1" 200 18848
180.169.147.146 - - [22/Apr/2021:10:16:38 +0800] "GET /xingrg/servlets/image?cache=0.6138417333093334&image=px HTTP/1.1" 200 807
180.162.112.86 - - [22/Apr/2021:10:16:43 +0800] "GET /xingrg/all/function/internal_message.html?_=1619057560651&CODE_STATE=getMsg HTTP/1.1" 200 27
116.230.114.112 - - [22/Apr/2021:10:16:47 +0800] "GET /xingrg/all/function/internal_message.html?_=1619057820831&CODE_STATE=getMsg HTTP/1.1" 200 27
180.169.147.146 - - [22/Apr/2021:10:16:47 +0800] "GET /xingrg/all/function/internal_message.html?_=1619057807260&CODE_STATE=getMsg HTTP/1.1" 200 27
117.185.32.26 - - [22/Apr/2021:10:16:49 +0800] "GET /xingrg/all/function/internal_message.html?_=1619057807646&CODE_STATE=getMsg HTTP/1.1" 200 27
116.224.253.72 - - [22/Apr/2021:10:16:51 +0800] "GET /xingrg/all/function/internal_message.html?_=1619057812169&CODE_STATE=getMsg HTTP/1.1" 200 27
58.37.228.113 - - [22/Apr/2021:10:16:52 +0800] "GET /xingrg/check_reg.html?_=1619057815973 HTTP/1.1" 200 22
58.37.228.113 - - [22/Apr/2021:10:16:52 +0800] "GET /xingrg/all/function/internal_message.html?_=1619057815971&CODE_STATE=getMsg HTTP/1.1" 200 27
117.185.32.26 - - [22/Apr/2021:10:16:52 +0800] "GET /xingrg/kc/buy/cgsh_order_add.html HTTP/1.1" 200 62154
120.204.17.68 - - [22/Apr/2021:10:16:53 +0800] "GET /xingrg/kc/buy/cgsh_order_info.html?code=212021042209148 HTTP/1.1" 302 -
180.169.147.146 - - [22/Apr/2021:10:16:53 +0800] "GET /xingrg/all/function/internal_message.html?_=1619057812794&CODE_STATE=getMsg HTTP/1.1" 200 27
117.185.32.26 - - [22/Apr/2021:10:16:53 +0800] "POST /xingrg/kc/buy/cgsh_order_operate.html HTTP/1.1" 200 8245
117.185.32.26 - - [22/Apr/2021:10:16:53 +0800] "GET /xingrg/javascript/easyui/themes/default/validatebox.css HTTP/1.1" 404 1104
114.83.220.121 - - [22/Apr/2021:10:16:53 +0800] "GET /xingrg/all/function/internal_message.html?_=1619057814245&CODE_STATE=getMsg HTTP/1.1" 200 27
61.165.42.208 - - [22/Apr/2021:10:16:54 +0800] "GET /xingrg/all/function/internal_message.html?_=1619057814582&CODE_STATE=getMsg HTTP/1.1" 200 27
61.165.42.208 - - [22/Apr/2021:10:16:54 +0800] "GET /xingrg/check_reg.html?_=1619057814585 HTTP/1.1" 200 22
124.77.71.179 - - [22/Apr/2021:10:16:57 +0800] "GET /xingrg/kc/buy/cgsh_order_operate.html?command=get_materiel&rest_code=00107&code=00101001096&supplier_code=00100199&order_time=2021-04-22 HTTP/1.1" 200 413
117.185.32.26 - - [22/Apr/2021:10:16:57 +0800] "GET /xingrg/javascript/easyui/themes/default/tree.css HTTP/1.1" 404 1090
120.204.17.68 - - [22/Apr/2021:10:16:57 +0800] "GET /xingrg/login.html HTTP/1.1" 200 7641
117.185.32.26 - - [22/Apr/2021:10:16:57 +0800] "POST /xingrg/all/common/load_tree.html?tree=supplier_tree_json&isDelete=1 HTTP/1.1" 200 54827
58.221.95.50 - - [22/Apr/2021:10:17:01 +0800] "GET /xingrg/all/function/internal_message.html?_=1619057822386&CODE_STATE=getMsg HTTP/1.1" 200 27
58.40.7.146 - - [22/Apr/2021:10:17:01 +0800] "GET /xingrg/all/function/internal_message.html?_=1619057821691&CODE_STATE=getMsg HTTP/1.1" 200 27
58.40.7.146 - - [22/Apr/2021:10:17:01 +0800] "GET /xingrg/check_reg.html?_=1619057821692 HTTP/1.1" 200 22
124.77.71.179 - - [22/Apr/2021:10:17:07 +0800] "POST /xingrg/kc/buy/cgsh_order_operate.html HTTP/1.1" 200 37
117.185.32.26 - - [22/Apr/2021:10:17:08 +0800] "GET /xingrg/kc/buy/cgsh_order_operate.html?command=get_materiel&rest_code=00106&code=00101006109&supplier_code=00100015&order_time=2021-04-22 HTTP/1.1" 200 409
124.77.71.179 - - [22/Apr/2021:10:17:08 +0800] "POST /xingrg/kc/buy/cgsh_order_operate.html HTTP/1.1" 200 4432
124.77.71.179 - - [22/Apr/2021:10:17:09 +0800] "GET /xingrg/kc/print/load_data.html?order_code=212021042209149&kc_code=cgsh&condition= HTTP/1.1" 200 1341
120.204.17.72 - - [22/Apr/2021:10:17:13 +0800] "GET /xingrg/kc/print/load_data.html?order_code=212021042209148&kc_code=cgsh HTTP/1.1" 302 -
116.224.253.72 - - [22/Apr/2021:10:17:13 +0800] "GET /xingrg/all/function/internal_message.html?_=1619057818053&CODE_STATE=getMsg HTTP/1.1" 200 27
124.77.71.179 - - [22/Apr/2021:10:17:15 +0800] "GET /xingrg/check_reg.html?_=1619057829344 HTTP/1.1" 200 22
124.77.71.179 - - [22/Apr/2021:10:17:15 +0800] "GET /xingrg/all/function/internal_message.html?_=1619057829344&CODE_STATE=getMsg HTTP/1.1" 200 27
117.185.32.26 - - [22/Apr/2021:10:17:17 +0800] "GET /xingrg/kc/buy/cgsh_order_operate.html?command=get_materiel&rest_code=00106&code=00101006112&supplier_code=00100015&order_time=2021-04-22 HTTP/1.1" 200 409
120.204.17.72 - - [22/Apr/2021:10:17:20 +0800] "GET /xingrg/login.html HTTP/1.1" 200 7641
101.85.94.178 - - [22/Apr/2021:10:17:25 +0800] "GET /xingrg/all/function/internal_message.html?_=1619057376940&CODE_STATE=getMsg HTTP/1.1" 200 27
124.77.71.179 - - [22/Apr/2021:10:17:25 +0800] "GET /xingrg/kc/buy/cgsh_order_add.html HTTP/1.1" 200 62236
124.77.71.179 - - [22/Apr/2021:10:17:26 +0800] "POST /xingrg/kc/buy/cgsh_order_operate.html HTTP/1.1" 200 8245
124.77.71.179 - - [22/Apr/2021:10:17:26 +0800] "GET /xingrg/javascript/easyui/themes/default/validatebox.css HTTP/1.1" 404 1104
116.233.77.251 - - [22/Apr/2021:10:17:26 +0800] "GET /xingrg/all/function/internal_message.html?_=1619057849070&CODE_STATE=getMsg HTTP/1.1" 200 27
124.77.71.179 - - [22/Apr/2021:10:17:27 +0800] "GET /xingrg/javascript/easyui/themes/default/tree.css HTTP/1.1" 404 1090
222.70.217.33 - - [22/Apr/2021:10:17:27 +0800] "GET /xingrg/all/function/internal_message.html?_=1619057847616&CODE_STATE=getMsg HTTP/1.1" 200 27
124.77.71.179 - - [22/Apr/2021:10:17:28 +0800] "POST /xingrg/all/common/load_tree.html?tree=supplier_tree_json&isDelete=1 HTTP/1.1" 200 54827
117.185.32.26 - - [22/Apr/2021:10:17:28 +0800] "GET /xingrg/kc/buy/cgsh_order_operate.html?command=get_materiel&rest_code=00106&code=00101005057&supplier_code=00100015&order_time=2021-04-22 HTTP/1.1" 200 397
180.169.147.146 - - [22/Apr/2021:10:17:37 +0800] "GET /xingrg/all/function/internal_message.html?_=1619057859879&CODE_STATE=getMsg HTTP/1.1" 200 27
180.169.147.146 - - [22/Apr/2021:10:17:37 +0800] "GET /xingrg/all/function/internal_message.html?_=1619057855829&CODE_STATE=getMsg HTTP/1.1" 200 27
117.185.32.26 - - [22/Apr/2021:10:17:40 +0800] "GET /xingrg/kc/buy/cgsh_order_operate.html?command=get_materiel&rest_code=00106&code=00101010658&supplier_code=00100015&order_time=2021-04-22 HTTP/1.1" 200 395
180.162.112.86 - - [22/Apr/2021:10:17:43 +0800] "GET /xingrg/all/function/internal_message.html?_=1619057620651&CODE_STATE=getMsg HTTP/1.1" 200 27
116.230.114.112 - - [22/Apr/2021:10:17:47 +0800] "GET /xingrg/all/function/internal_message.html?_=1619057880845&CODE_STATE=getMsg HTTP/1.1" 200 27
180.169.147.146 - - [22/Apr/2021:10:17:47 +0800] "GET /xingrg/all/function/internal_message.html?_=1619057867257&CODE_STATE=getMsg HTTP/1.1" 200 27
124.77.71.179 - - [22/Apr/2021:10:17:48 +0800] "GET /xingrg/kc/buy/cgsh_order_operate.html?command=get_materiel&rest_code=00107&code=00102001014&supplier_code=00100073&order_time=2021-04-22 HTTP/1.1" 200 440
117.185.32.26 - - [22/Apr/2021:10:17:49 +0800] "GET /xingrg/all/function/internal_message.html?_=1619057867627&CODE_STATE=getMsg HTTP/1.1" 200 27
58.40.7.146 - - [22/Apr/2021:10:17:50 +0800] "GET /xingrg/all/report/report_query.html?isQuery=1&fileName=kc/buy/wlcg_cate_hz.xml&queryString=(CONVERT(char(10)%252Ca.order_time%252C%2520120)%253E%253D'2021-02-01')%2520and%2520(CONVERT(char(10)%252Ca.order_time%252C%2520120)%253C%253D'2021-02-28')%2520and%2520(a.number%253E0%2520and%2520a.supplier_code%253D'00100266')&queryText=%25E3%2580%2590%25E9%2587%2587%25E8%25B4%25AD%25E6%2597%25A5%25E6%259C%259F%253A2021-02-01%2520%25E8%2587%25B3%25202021-02-28%25E3%2580%2591%2520%25E5%25B9%25B6%25E4%25B8%2594%2520%25E3%2580%2590%25E4%25BE%259B%25E5%25BA%2594%25E5%2595%2586%253D%25E4%25B8%258A%25E6%25B5%25B7%25E8%2590%25A5%25E8%2583%259C%25E8%25B4%25B8%25E6%2598%2593%25E6%259C%2589%25E9%2599%2590%25E5%2585%25AC%25E5%258F%25B8%25E3%2580%2591 HTTP/1.1" 200 54386
58.40.7.146 - - [22/Apr/2021:10:17:51 +0800] "GET /xingrg/dwr/interface/AjaxReportQueryService.js HTTP/1.1" 200 13203
58.40.7.146 - - [22/Apr/2021:10:17:51 +0800] "GET /xingrg/dwr/engine.js HTTP/1.1" 200 43631
116.224.253.72 - - [22/Apr/2021:10:17:51 +0800] "GET /xingrg/all/function/internal_message.html?_=1619057872175&CODE_STATE=getMsg HTTP/1.1" 200 27
58.40.7.146 - - [22/Apr/2021:10:17:52 +0800] "POST /xingrg/all/report/load_report_page.html HTTP/1.1" 200 8725
58.40.7.146 - - [22/Apr/2021:10:17:52 +0800] "GET /xingrg/servlets/image?cache=0.21096921176737804&image=px HTTP/1.1" 200 807
58.37.228.113 - - [22/Apr/2021:10:17:52 +0800] "GET /xingrg/all/function/internal_message.html?_=1619057875972&CODE_STATE=getMsg HTTP/1.1" 200 27
180.169.147.146 - - [22/Apr/2021:10:17:53 +0800] "GET /xingrg/all/function/internal_message.html?_=1619057872788&CODE_STATE=getMsg HTTP/1.1" 200 27
114.83.220.121 - - [22/Apr/2021:10:17:53 +0800] "GET /xingrg/all/function/internal_message.html?_=1619057874228&CODE_STATE=getMsg HTTP/1.1" 200 27
61.165.42.208 - - [22/Apr/2021:10:17:54 +0800] "GET /xingrg/all/function/internal_message.html?_=1619057874584&CODE_STATE=getMsg HTTP/1.1" 200 27
58.40.7.146 - - [22/Apr/2021:10:17:55 +0800] "POST /xingrg/all/report/load_report_page.html HTTP/1.1" 200 120561
58.40.7.146 - - [22/Apr/2021:10:17:55 +0800] "GET /xingrg/servlets/image?cache=0.5685869530695404&image=px HTTP/1.1" 200 807
124.77.71.179 - - [22/Apr/2021:10:17:57 +0800] "POST /xingrg/kc/buy/cgsh_order_operate.html HTTP/1.1" 200 37
124.77.71.179 - - [22/Apr/2021:10:17:58 +0800] "POST /xingrg/kc/buy/cgsh_order_operate.html HTTP/1.1" 200 2685
58.40.7.146 - - [22/Apr/2021:10:17:58 +0800] "POST /xingrg/all/report/report_print.html HTTP/1.1" 200 16405
117.185.32.26 - - [22/Apr/2021:10:17:59 +0800] "GET /xingrg/kc/buy/cgsh_order_operate.html?command=get_materiel&rest_code=00106&code=00101006268&supplier_code=00100015&order_time=2021-04-22 HTTP/1.1" 200 395
124.77.71.179 - - [22/Apr/2021:10:17:59 +0800] "GET /xingrg/kc/print/load_data.html?order_code=212021042209150&kc_code=cgsh&condition= HTTP/1.1" 200 750
58.221.95.50 - - [22/Apr/2021:10:18:01 +0800] "GET /xingrg/all/function/internal_message.html?_=1619057882376&CODE_STATE=getMsg HTTP/1.1" 200 27
58.40.7.146 - - [22/Apr/2021:10:18:01 +0800] "GET /xingrg/all/function/internal_message.html?_=1619057881688&CODE_STATE=getMsg HTTP/1.1" 200 27
180.169.147.146 - - [22/Apr/2021:10:18:08 +0800] "POST /xingrg/kc/buy/cgsh_list_operate.html HTTP/1.1" 200 5148
117.185.32.26 - - [22/Apr/2021:10:18:10 +0800] "GET /xingrg/kc/buy/cgsh_order_operate.html?command=get_materiel&rest_code=00106&code=00101019502&supplier_code=00100015&order_time=2021-04-22 HTTP/1.1" 200 410
116.224.253.72 - - [22/Apr/2021:10:18:13 +0800] "GET /xingrg/all/function/internal_message.html?_=1619057878079&CODE_STATE=getMsg HTTP/1.1" 200 27
124.77.71.179 - - [22/Apr/2021:10:18:14 +0800] "GET /xingrg/kc/buy/cgsh_order_add.html HTTP/1.1" 200 62236
124.77.71.179 - - [22/Apr/2021:10:18:14 +0800] "GET /xingrg/all/function/internal_message.html?_=1619057889323&CODE_STATE=getMsg HTTP/1.1" 200 27
124.77.71.179 - - [22/Apr/2021:10:18:15 +0800] "GET /xingrg/javascript/easyui/themes/default/validatebox.css HTTP/1.1" 404 1104
124.77.71.179 - - [22/Apr/2021:10:18:16 +0800] "POST /xingrg/kc/buy/cgsh_order_operate.html HTTP/1.1" 200 8245
124.77.71.179 - - [22/Apr/2021:10:18:17 +0800] "GET /xingrg/javascript/easyui/themes/default/tree.css HTTP/1.1" 404 1090
124.77.71.179 - - [22/Apr/2021:10:18:17 +0800] "POST /xingrg/all/common/load_tree.html?tree=supplier_tree_json&isDelete=1 HTTP/1.1" 200 54827
117.185.32.26 - - [22/Apr/2021:10:18:19 +0800] "GET /xingrg/kc/buy/cgsh_order_operate.html?command=get_materiel&rest_code=00106&code=00101006133&supplier_code=00100015&order_time=2021-04-22 HTTP/1.1" 200 413
101.85.94.178 - - [22/Apr/2021:10:18:25 +0800] "GET /xingrg/all/function/internal_message.html?_=1619057436982&CODE_STATE=getMsg HTTP/1.1" 200 27
116.233.77.251 - - [22/Apr/2021:10:18:26 +0800] "GET /xingrg/all/function/internal_message.html?_=1619057909069&CODE_STATE=getMsg HTTP/1.1" 200 27
116.233.77.251 - - [22/Apr/2021:10:18:26 +0800] "GET /xingrg/check_reg.html?_=1619057909072 HTTP/1.1" 200 22
222.70.217.33 - - [22/Apr/2021:10:18:27 +0800] "GET /xingrg/all/function/internal_message.html?_=1619057907623&CODE_STATE=getMsg HTTP/1.1" 200 27
222.70.217.33 - - [22/Apr/2021:10:18:27 +0800] "GET /xingrg/check_reg.html?_=1619057907630 HTTP/1.1" 200 22
180.169.147.146 - - [22/Apr/2021:10:18:31 +0800] "POST /xingrg/kc/buy/cgsh_list_operate.html HTTP/1.1" 200 4
117.185.32.26 - - [22/Apr/2021:10:18:35 +0800] "POST /xingrg/kc/buy/cgsh_order_operate.html HTTP/1.1" 200 37
124.77.71.179 - - [22/Apr/2021:10:18:36 +0800] "GET /xingrg/kc/buy/cgsh_order_operate.html?command=get_materiel&rest_code=00107&code=00101018011&supplier_code=00100330&order_time=2021-04-22 HTTP/1.1" 200 413
117.185.32.26 - - [22/Apr/2021:10:18:36 +0800] "POST /xingrg/services/DataTransmitService HTTP/1.1" 200 524
180.169.147.146 - - [22/Apr/2021:10:18:37 +0800] "GET /xingrg/all/function/internal_message.html?_=1619057919879&CODE_STATE=getMsg HTTP/1.1" 200 27
117.185.32.26 - - [22/Apr/2021:10:18:37 +0800] "POST /xingrg/services/DataTransmitService HTTP/1.1" 200 2507
180.169.147.146 - - [22/Apr/2021:10:18:37 +0800] "GET /xingrg/all/function/internal_message.html?_=1619057915844&CODE_STATE=getMsg HTTP/1.1" 200 27
117.185.32.26 - - [22/Apr/2021:10:18:39 +0800] "POST /xingrg/kc/buy/cgsh_order_operate.html HTTP/1.1" 200 12
117.185.32.26 - - [22/Apr/2021:10:18:39 +0800] "POST /xingrg/services/DataTransmitService HTTP/1.1" 200 149451
117.185.32.26 - - [22/Apr/2021:10:18:39 +0800] "GET /xingrg/kc/buy/cgsh_order_info.html?code=212021042209151 HTTP/1.1" 200 57058
117.185.32.26 - - [22/Apr/2021:10:18:40 +0800] "GET /xingrg/javascript/easyui/themes/default/validatebox.css HTTP/1.1" 404 1104
