124.77.71.179 - - [22/Apr/2021:09:01:20 +0800] "GET /xingrg/javascript/easyui/themes/default/tree.css HTTP/1.1" 404 1090
124.77.71.179 - - [22/Apr/2021:09:01:21 +0800] "POST /xingrg/all/common/load_tree.html?tree=supplier_tree_json&isDelete=1 HTTP/1.1" 200 54827
114.83.220.121 - - [22/Apr/2021:09:01:21 +0800] "GET /xingrg/kc/buy/cgsh_order_operate.html?command=get_materiel&rest_code=00149&code=00101009016&supplier_code=00100201&order_time=2021-04-22 HTTP/1.1" 200 412
222.70.217.33 - - [22/Apr/2021:09:01:23 +0800] "GET /xingrg/all/function/internal_message.html?_=1619053281799&CODE_STATE=getMsg HTTP/1.1" 200 27
101.85.94.178 - - [22/Apr/2021:09:01:24 +0800] "GET /xingrg/check_reg.html?_=1619052816863 HTTP/1.1" 200 22
101.85.94.178 - - [22/Apr/2021:09:01:24 +0800] "GET /xingrg/all/function/internal_message.html?_=1619052816864&CODE_STATE=getMsg HTTP/1.1" 200 27
116.224.253.72 - - [22/Apr/2021:09:01:26 +0800] "GET /xingrg/kc/buy/cgsh_order_operate.html?command=get_materiel&rest_code=00150&code=00101008355&supplier_code=00100007&order_time=2021-04-22 HTTP/1.1" 200 408
116.230.114.112 - - [22/Apr/2021:09:01:26 +0800] "GET /xingrg/kc/buy/cgsh_order_operate.html?command=get_materiel&rest_code=00146&code=00101008261&supplier_code=00100005&order_time=2021-04-22 HTTP/1.1" 200 408
114.83.220.121 - - [22/Apr/2021:09:01:30 +0800] "GET /xingrg/kc/buy/cgsh_order_operate.html?command=get_materiel&rest_code=00149&code=00101009007&supplier_code=00100201&order_time=2021-04-22 HTTP/1.1" 200 410
116.224.253.72 - - [22/Apr/2021:09:01:37 +0800] "GET /xingrg/kc/buy/cgsh_order_operate.html?command=get_materiel&rest_code=00150&code=00101008144&supplier_code=00100007&order_time=2021-04-22 HTTP/1.1" 200 412
180.169.147.146 - - [22/Apr/2021:09:01:37 +0800] "GET /xingrg/all/function/internal_message.html?_=1619053299805&CODE_STATE=getMsg HTTP/1.1" 200 27
116.230.114.112 - - [22/Apr/2021:09:01:38 +0800] "GET /xingrg/kc/buy/cgsh_order_operate.html?command=get_materiel&rest_code=00146&code=00101008290&supplier_code=00100005&order_time=2021-04-22 HTTP/1.1" 200 416
116.238.141.202 - - [22/Apr/2021:09:01:42 +0800] "GET /xingrg/all/function/internal_message.html?_=1619053581083&CODE_STATE=getMsg HTTP/1.1" 200 27
114.83.220.121 - - [22/Apr/2021:09:01:43 +0800] "GET /xingrg/kc/buy/cgsh_order_operate.html?command=get_materiel&rest_code=00149&code=00101009013&supplier_code=00100201&order_time=2021-04-22 HTTP/1.1" 200 421
116.224.253.72 - - [22/Apr/2021:09:01:43 +0800] "GET /xingrg/kc/buy/cgsh_order_operate.html?command=get_materiel&rest_code=00150&code=00101008024&supplier_code=00100007&order_time=2021-04-22 HTTP/1.1" 200 408
116.230.114.112 - - [22/Apr/2021:09:01:44 +0800] "GET /xingrg/all/function/internal_message.html?_=1619053318065&CODE_STATE=getMsg HTTP/1.1" 200 27
116.224.253.72 - - [22/Apr/2021:09:01:47 +0800] "GET /xingrg/all/function/internal_message.html?_=1619053291247&CODE_STATE=getMsg HTTP/1.1" 200 27
116.230.114.112 - - [22/Apr/2021:09:01:50 +0800] "GET /xingrg/kc/buy/cgsh_order_operate.html?command=get_materiel&rest_code=00146&code=00101008361&supplier_code=00100005&order_time=2021-04-22 HTTP/1.1" 200 408
58.37.228.113 - - [22/Apr/2021:09:01:52 +0800] "GET /xingrg/all/function/internal_message.html?_=1619053315760&CODE_STATE=getMsg HTTP/1.1" 200 27
58.37.228.113 - - [22/Apr/2021:09:01:52 +0800] "GET /xingrg/check_reg.html?_=1619053315762 HTTP/1.1" 200 22
114.83.220.121 - - [22/Apr/2021:09:01:53 +0800] "POST /xingrg/kc/buy/cgsh_order_operate.html HTTP/1.1" 200 37
116.224.253.72 - - [22/Apr/2021:09:01:53 +0800] "GET /xingrg/kc/buy/cgsh_order_operate.html?command=get_materiel&rest_code=00150&code=00101008272&supplier_code=00100007&order_time=2021-04-22 HTTP/1.1" 200 412
114.83.220.121 - - [22/Apr/2021:09:01:58 +0800] "POST /xingrg/kc/buy/cgsh_order_operate.html HTTP/1.1" 200 12
114.83.220.121 - - [22/Apr/2021:09:02:01 +0800] "GET /xingrg/kc/buy/cgsh_order_info.html?code=212021042209105 HTTP/1.1" 200 57103
114.83.220.121 - - [22/Apr/2021:09:02:01 +0800] "GET /xingrg/words/20210422084616_words.js HTTP/1.1" 304 -
114.83.220.121 - - [22/Apr/2021:09:02:01 +0800] "GET /xingrg/javascript/easyui/themes/default/validatebox.css HTTP/1.1" 404 1104
114.83.220.121 - - [22/Apr/2021:09:02:02 +0800] "POST /xingrg/kc/buy/cgsh_order_operate.html HTTP/1.1" 200 3569
116.224.253.72 - - [22/Apr/2021:09:02:02 +0800] "GET /xingrg/kc/buy/cgsh_order_operate.html?command=get_materiel&rest_code=00150&code=00101008137&supplier_code=00100007&order_time=2021-04-22 HTTP/1.1" 200 408
124.77.71.179 - - [22/Apr/2021:09:02:03 +0800] "GET /xingrg/kc/buy/cgsh_order_operate.html?command=get_materiel&rest_code=00107&code=00101012024&supplier_code=00100033&order_time=2021-04-22 HTTP/1.1" 200 408
116.230.114.112 - - [22/Apr/2021:09:02:04 +0800] "GET /xingrg/kc/buy/cgsh_order_operate.html?command=get_materiel&rest_code=00146&code=00101008355&supplier_code=00100005&order_time=2021-04-22 HTTP/1.1" 200 408
116.224.253.72 - - [22/Apr/2021:09:02:10 +0800] "POST /xingrg/kc/buy/cgsh_order_operate.html HTTP/1.1" 200 37
114.83.220.121 - - [22/Apr/2021:09:02:10 +0800] "GET /xingrg/kc/print/load_data.html?order_code=212021042209105&kc_code=cgsh&condition= HTTP/1.1" 200 1845
116.224.253.72 - - [22/Apr/2021:09:02:10 +0800] "POST /xingrg/kc/buy/cgsh_order_operate.html HTTP/1.1" 200 88
114.88.160.164 - - [22/Apr/2021:09:02:11 +0800] "GET /xingrg/check_reg.html?_=1619053328714 HTTP/1.1" 200 22
114.88.160.164 - - [22/Apr/2021:09:02:11 +0800] "GET /xingrg/all/function/internal_message.html?_=1619053328769&CODE_STATE=getMsg HTTP/1.1" 200 27
116.224.253.72 - - [22/Apr/2021:09:02:13 +0800] "POST /xingrg/kc/buy/cgsh_order_operate.html HTTP/1.1" 200 12
116.224.253.72 - - [22/Apr/2021:09:02:14 +0800] "GET /xingrg/kc/buy/cgsh_order_info.html?code=212021042209106 HTTP/1.1" 200 56964
116.224.253.72 - - [22/Apr/2021:09:02:14 +0800] "GET /xingrg/words/20210422084616_words.js HTTP/1.1" 304 -
116.224.253.72 - - [22/Apr/2021:09:02:14 +0800] "GET /xingrg/javascript/easyui/themes/default/validatebox.css HTTP/1.1" 404 1104
116.224.253.72 - - [22/Apr/2021:09:02:14 +0800] "POST /xingrg/kc/buy/cgsh_order_operate.html HTTP/1.1" 200 6564
124.77.71.179 - - [22/Apr/2021:09:02:15 +0800] "GET /xingrg/check_reg.html?_=1619053329177 HTTP/1.1" 200 22
124.77.71.179 - - [22/Apr/2021:09:02:15 +0800] "GET /xingrg/all/function/internal_message.html?_=1619053329235&CODE_STATE=getMsg HTTP/1.1" 200 27
114.83.220.121 - - [22/Apr/2021:09:02:15 +0800] "GET /xingrg/kc/buy/cgsh_order_add.html HTTP/1.1" 200 62201
114.83.220.121 - - [22/Apr/2021:09:02:15 +0800] "POST /xingrg/kc/buy/cgsh_order_operate.html HTTP/1.1" 200 8245
114.83.220.121 - - [22/Apr/2021:09:02:15 +0800] "GET /xingrg/javascript/easyui/themes/default/validatebox.css HTTP/1.1" 404 1104
116.224.253.72 - - [22/Apr/2021:09:02:16 +0800] "GET /xingrg/kc/print/load_config.html?kc_code=cgsh HTTP/1.1" 200 1845
116.224.253.72 - - [22/Apr/2021:09:02:16 +0800] "POST /xingrg/kc/buy/cgsh_order_operate.html HTTP/1.1" 200 37
116.224.253.72 - - [22/Apr/2021:09:02:16 +0800] "GET /xingrg/kc/print/load_data.html?order_code=212021042209106&kc_code=cgsh&condition= HTTP/1.1" 200 2963
116.230.114.112 - - [22/Apr/2021:09:02:17 +0800] "GET /xingrg/kc/buy/cgsh_order_operate.html?command=get_materiel&rest_code=00146&code=00101008212&supplier_code=00100005&order_time=2021-04-22 HTTP/1.1" 200 412
124.77.71.179 - - [22/Apr/2021:09:02:19 +0800] "GET /xingrg/kc/buy/cgsh_order_operate.html?command=get_materiel&rest_code=00107&code=00101012029&supplier_code=00100033&order_time=2021-04-22 HTTP/1.1" 200 412
116.224.253.72 - - [22/Apr/2021:09:02:19 +0800] "POST /xingrg/kc/buy/cgsh_order_operate.html HTTP/1.1" 200 13908
222.70.217.33 - - [22/Apr/2021:09:02:23 +0800] "GET /xingrg/all/function/internal_message.html?_=1619053341804&CODE_STATE=getMsg HTTP/1.1" 200 27
222.70.217.33 - - [22/Apr/2021:09:02:23 +0800] "GET /xingrg/check_reg.html?_=1619053341806 HTTP/1.1" 200 22
101.85.94.178 - - [22/Apr/2021:09:02:24 +0800] "GET /xingrg/all/function/internal_message.html?_=1619052876863&CODE_STATE=getMsg HTTP/1.1" 200 27
116.230.114.112 - - [22/Apr/2021:09:02:27 +0800] "GET /xingrg/kc/buy/cgsh_order_operate.html?command=get_materiel&rest_code=00146&code=00101008137&supplier_code=00100005&order_time=2021-04-22 HTTP/1.1" 200 408
116.224.253.72 - - [22/Apr/2021:09:02:29 +0800] "GET /xingrg/kc/buy/cgsh_order_add.html HTTP/1.1" 200 62072
116.224.253.72 - - [22/Apr/2021:09:02:30 +0800] "POST /xingrg/kc/buy/cgsh_order_operate.html HTTP/1.1" 200 8245
116.224.253.72 - - [22/Apr/2021:09:02:30 +0800] "GET /xingrg/javascript/easyui/themes/default/validatebox.css HTTP/1.1" 404 1104
116.224.253.72 - - [22/Apr/2021:09:02:36 +0800] "GET /xingrg/kc/buy/cgsh_order_operate.html?command=get_materiel&rest_code=00150&code=00101011005&supplier_code=00100047&order_time=2021-04-22 HTTP/1.1" 200 428
116.230.114.112 - - [22/Apr/2021:09:02:37 +0800] "GET /xingrg/kc/buy/cgsh_order_operate.html?command=get_materiel&rest_code=00146&code=00101008169&supplier_code=00100005&order_time=2021-04-22 HTTP/1.1" 200 412
180.169.147.146 - - [22/Apr/2021:09:02:37 +0800] "GET /xingrg/all/function/internal_message.html?_=1619053359807&CODE_STATE=getMsg HTTP/1.1" 200 27
114.83.220.121 - - [22/Apr/2021:09:02:39 +0800] "GET /xingrg/kc/buy/cgsh_order_operate.html?command=get_materiel&rest_code=00149&code=00101007048&supplier_code=00100205&order_time=2021-04-22 HTTP/1.1" 200 408
124.77.71.179 - - [22/Apr/2021:09:02:40 +0800] "GET /xingrg/kc/buy/cgsh_order_operate.html?command=get_materiel&rest_code=00107&code=00101012051&supplier_code=00100033&order_time=2021-04-22 HTTP/1.1" 200 408
116.238.141.202 - - [22/Apr/2021:09:02:42 +0800] "GET /xingrg/check_reg.html?_=1619053640577 HTTP/1.1" 200 22
116.238.141.202 - - [22/Apr/2021:09:02:42 +0800] "GET /xingrg/all/function/internal_message.html?_=1619053641096&CODE_STATE=getMsg HTTP/1.1" 200 27
116.224.253.72 - - [22/Apr/2021:09:02:43 +0800] "POST /xingrg/kc/buy/cgsh_order_operate.html HTTP/1.1" 200 37
116.230.114.112 - - [22/Apr/2021:09:02:44 +0800] "GET /xingrg/all/function/internal_message.html?_=1619053378078&CODE_STATE=getMsg HTTP/1.1" 200 27
116.224.253.72 - - [22/Apr/2021:09:02:45 +0800] "POST /xingrg/kc/buy/cgsh_order_operate.html HTTP/1.1" 200 12
116.224.253.72 - - [22/Apr/2021:09:02:46 +0800] "GET /xingrg/kc/buy/cgsh_order_info.html?code=212021042209109 HTTP/1.1" 200 56974
116.224.253.72 - - [22/Apr/2021:09:02:47 +0800] "GET /xingrg/all/function/internal_message.html?_=1619053351261&CODE_STATE=getMsg HTTP/1.1" 200 27
116.224.253.72 - - [22/Apr/2021:09:02:47 +0800] "GET /xingrg/javascript/easyui/themes/default/validatebox.css HTTP/1.1" 404 1104
116.224.253.72 - - [22/Apr/2021:09:02:47 +0800] "POST /xingrg/kc/buy/cgsh_order_operate.html HTTP/1.1" 200 603
116.230.114.112 - - [22/Apr/2021:09:02:49 +0800] "GET /xingrg/kc/buy/cgsh_order_operate.html?command=get_materiel&rest_code=00146&code=00101008098&supplier_code=00100005&order_time=2021-04-22 HTTP/1.1" 200 412
58.37.228.113 - - [22/Apr/2021:09:02:52 +0800] "GET /xingrg/all/function/internal_message.html?_=1619053375760&CODE_STATE=getMsg HTTP/1.1" 200 27
114.83.220.121 - - [22/Apr/2021:09:02:53 +0800] "GET /xingrg/kc/buy/cgsh_order_operate.html?command=get_materiel&rest_code=00149&code=00101007038&supplier_code=00100205&order_time=2021-04-22 HTTP/1.1" 200 441
116.224.253.72 - - [22/Apr/2021:09:02:54 +0800] "GET /xingrg/kc/print/load_data.html?order_code=212021042209109&kc_code=cgsh&condition= HTTP/1.1" 200 753
114.83.220.121 - - [22/Apr/2021:09:02:55 +0800] "GET /xingrg/all/function/internal_message.html?_=1619053375533&CODE_STATE=getMsg HTTP/1.1" 200 27
116.230.114.112 - - [22/Apr/2021:09:02:58 +0800] "GET /xingrg/kc/buy/cgsh_order_operate.html?command=get_materiel&rest_code=00146&code=00101008027&supplier_code=00100005&order_time=2021-04-22 HTTP/1.1" 200 409
116.224.253.72 - - [22/Apr/2021:09:02:58 +0800] "GET /xingrg/kc/buy/cgsh_order_add.html HTTP/1.1" 200 62072
116.224.253.72 - - [22/Apr/2021:09:02:59 +0800] "POST /xingrg/kc/buy/cgsh_order_operate.html HTTP/1.1" 200 8245
116.224.253.72 - - [22/Apr/2021:09:02:59 +0800] "GET /xingrg/javascript/easyui/themes/default/validatebox.css HTTP/1.1" 404 1104
116.224.253.72 - - [22/Apr/2021:09:02:59 +0800] "GET /xingrg/kc/buy/cgsh_order_operate.html?command=get_materiel&rest_code=00150&code=00101008360&supplier_code=00100007&order_time=2021-04-22 HTTP/1.1" 200 412
124.77.71.179 - - [22/Apr/2021:09:03:02 +0800] "GET /xingrg/kc/buy/cgsh_order_operate.html?command=get_materiel&rest_code=00107&code=00101020153&supplier_code=00100033&order_time=2021-04-22 HTTP/1.1" 200 408
114.83.220.121 - - [22/Apr/2021:09:03:05 +0800] "GET /xingrg/kc/buy/cgsh_order_operate.html?command=get_materiel&rest_code=00149&code=00101007059&supplier_code=00100205&order_time=2021-04-22 HTTP/1.1" 200 411
116.224.253.72 - - [22/Apr/2021:09:03:08 +0800] "GET /xingrg/kc/buy/cgsh_order_operate.html?command=get_materiel&rest_code=00150&code=00101008136&supplier_code=00100007&order_time=2021-04-22 HTTP/1.1" 200 413
116.224.253.72 - - [22/Apr/2021:09:03:10 +0800] "GET /xingrg/all/function/internal_message.html?_=1619053391339&CODE_STATE=getMsg HTTP/1.1" 200 27
114.88.160.164 - - [22/Apr/2021:09:03:11 +0800] "GET /xingrg/all/function/internal_message.html?_=1619053388782&CODE_STATE=getMsg HTTP/1.1" 200 27
116.230.114.112 - - [22/Apr/2021:09:03:14 +0800] "GET /xingrg/kc/buy/cgsh_order_operate.html?command=get_materiel&rest_code=00146&code=00101008257&supplier_code=00100005&order_time=2021-04-22 HTTP/1.1" 200 416
124.77.71.179 - - [22/Apr/2021:09:03:15 +0800] "GET /xingrg/all/function/internal_message.html?_=1619053389217&CODE_STATE=getMsg HTTP/1.1" 200 27
124.77.71.179 - - [22/Apr/2021:09:03:17 +0800] "GET /xingrg/kc/buy/cgsh_order_operate.html?command=get_materiel&rest_code=00107&code=00101010136&supplier_code=00100033&order_time=2021-04-22 HTTP/1.1" 200 408
114.83.220.121 - - [22/Apr/2021:09:03:19 +0800] "POST /xingrg/kc/buy/cgsh_order_operate.html HTTP/1.1" 200 37
116.224.253.72 - - [22/Apr/2021:09:03:19 +0800] "GET /xingrg/kc/buy/cgsh_order_operate.html?command=get_materiel&rest_code=00150&code=00101008286&supplier_code=00100007&order_time=2021-04-22 HTTP/1.1" 200 408
180.169.147.146 - - [22/Apr/2021:09:03:19 +0800] "GET /xingrg/login.html HTTP/1.1" 200 7641
180.169.147.146 - - [22/Apr/2021:09:03:19 +0800] "GET /xingrg/images/blue/jxLogo.png HTTP/1.1" 200 6156
116.233.77.251 - - [22/Apr/2021:09:03:19 +0800] "GET /xingrg/login.html HTTP/1.1" 200 7641
180.169.147.146 - - [22/Apr/2021:09:03:20 +0800] "GET /xingrg/images/blue/hj.png HTTP/1.1" 200 1014
180.169.147.146 - - [22/Apr/2021:09:03:20 +0800] "GET /xingrg/images/blue/login_bg.png HTTP/1.1" 200 22101
180.169.147.146 - - [22/Apr/2021:09:03:20 +0800] "GET /xingrg/images/blue/srbg.png HTTP/1.1" 200 138
116.233.77.251 - - [22/Apr/2021:09:03:20 +0800] "GET /favicon.ico HTTP/1.1" 404 -
180.169.147.146 - - [22/Apr/2021:09:03:20 +0800] "GET /favicon.ico HTTP/1.1" 404 -
116.224.253.72 - - [22/Apr/2021:09:03:20 +0800] "GET /xingrg/kc/buy/cgsh_order_operate.html?command=get_materiel&rest_code=00150&code=00101031002&supplier_code=00100064&order_time=2021-04-22 HTTP/1.1" 200 420
180.169.147.146 - - [22/Apr/2021:09:03:21 +0800] "POST /xingrg/login.do HTTP/1.1" 302 -
180.169.147.146 - - [22/Apr/2021:09:03:21 +0800] "GET /xingrg/index.html?sysBaseUrl=http%3A%2F%2F180.169.147.146%3A18081%2Fxingrg%2F&costTime=40×tamp=1619053401464 HTTP/1.1" 200 17503
180.169.147.146 - - [22/Apr/2021:09:03:21 +0800] "GET /xingrg/javascript/jquery_easy_ui/themes/icon.css HTTP/1.1" 200 3949
180.169.147.146 - - [22/Apr/2021:09:03:21 +0800] "GET /xingrg/javascript/jquery_easy_ui/themes/default/easyui.css HTTP/1.1" 200 26500
180.169.147.146 - - [22/Apr/2021:09:03:21 +0800] "GET /xingrg/css/form.css HTTP/1.1" 200 893
180.169.147.146 - - [22/Apr/2021:09:03:21 +0800] "GET /xingrg/javascript/jquery-1.4.2.min.js HTTP/1.1" 200 72205
180.169.147.146 - - [22/Apr/2021:09:03:21 +0800] "GET /xingrg/javascript/jquery_easy_ui/jquery.easyui.min.js HTTP/1.1" 200 213662
180.169.147.146 - - [22/Apr/2021:09:03:21 +0800] "GET /xingrg/javascript/jquery_easy_ui/easyui-lang-zh_CN.js HTTP/1.1" 200 1900
180.169.147.146 - - [22/Apr/2021:09:03:21 +0800] "GET /xingrg/javascript/jquery.timers.js HTTP/1.1" 200 3532
180.169.147.146 - - [22/Apr/2021:09:03:21 +0800] "GET /xingrg/javascript/jquery.utils.js HTTP/1.1" 200 11805
180.169.147.146 - - [22/Apr/2021:09:03:21 +0800] "GET /xingrg/javascript/jquery.form.js HTTP/1.1" 200 23110
180.169.147.146 - - [22/Apr/2021:09:03:21 +0800] "POST /xingrg/all/common/load_tree.html?tree=area_rest_tree_json&manage=1 HTTP/1.1" 200 3344
180.169.147.146 - - [22/Apr/2021:09:03:21 +0800] "GET /xingrg/all/function/internal_message.html?_=1619053401514&CODE_STATE=count HTTP/1.1" 200 11
180.169.147.146 - - [22/Apr/2021:09:03:21 +0800] "GET /xingrg/check_reg.html?_=1619053401515 HTTP/1.1" 200 22
180.169.147.146 - - [22/Apr/2021:09:03:21 +0800] "GET /xingrg/images/blue/pingpu.png HTTP/1.1" 200 231
180.169.147.146 - - [22/Apr/2021:09:03:21 +0800] "GET /xingrg/javascript/jquery_easy_ui/themes/default/images/tabs_leftarrow.png HTTP/1.1" 200 389
180.169.147.146 - - [22/Apr/2021:09:03:21 +0800] "GET /xingrg/images/blue/navBackgound.jpg HTTP/1.1" 200 12378
180.169.147.146 - - [22/Apr/2021:09:03:21 +0800] "GET /xingrg/javascript/jquery_easy_ui/themes/icons/settle_new.png HTTP/1.1" 200 826
180.169.147.146 - - [22/Apr/2021:09:03:21 +0800] "GET /xingrg/javascript/jquery_easy_ui/themes/default/images/tabs_rightarrow.png HTTP/1.1" 200 395
180.169.147.146 - - [22/Apr/2021:09:03:21 +0800] "GET /xingrg/javascript/jquery_easy_ui/themes/default/images/panel_tool_collapse.gif HTTP/1.1" 200 246
180.169.147.146 - - [22/Apr/2021:09:03:21 +0800] "GET /xingrg/javascript/jquery_easy_ui/themes/default/images/panel_tool_expand.gif HTTP/1.1" 200 247
180.169.147.146 - - [22/Apr/2021:09:03:21 +0800] "GET /favicon.ico HTTP/1.1" 404 -
180.169.147.146 - - [22/Apr/2021:09:03:21 +0800] "POST /xingrg/load_menu.html HTTP/1.1" 200 11443
180.169.147.146 - - [22/Apr/2021:09:03:21 +0800] "GET /xingrg/javascript/jquery_easy_ui/themes/default/images/tree_arrows.gif HTTP/1.1" 200 1043
180.169.147.146 - - [22/Apr/2021:09:03:21 +0800] "GET /xingrg/javascript/jquery_easy_ui/themes/default/images/tree_folder_open.gif HTTP/1.1" 200 956
180.169.147.146 - - [22/Apr/2021:09:03:21 +0800] "GET /xingrg/javascript/jquery_easy_ui/themes/icons/search_new.png HTTP/1.1" 200 586
180.169.147.146 - - [22/Apr/2021:09:03:21 +0800] "GET /xingrg/javascript/jquery_easy_ui/themes/icons/delivery_new.png HTTP/1.1" 200 700
180.169.147.146 - - [22/Apr/2021:09:03:21 +0800] "GET /xingrg/javascript/jquery_easy_ui/themes/icons/storage_new.png HTTP/1.1" 200 853
180.169.147.146 - - [22/Apr/2021:09:03:21 +0800] "GET /xingrg/javascript/jquery_easy_ui/themes/icons/checkout_new.png HTTP/1.1" 200 744
180.169.147.146 - - [22/Apr/2021:09:03:21 +0800] "GET /xingrg/javascript/jquery_easy_ui/themes/icons/forms_new.png HTTP/1.1" 200 350
180.169.147.146 - - [22/Apr/2021:09:03:21 +0800] "GET /xingrg/javascript/jquery_easy_ui/themes/icons/setting_new.png HTTP/1.1" 200 450
180.169.147.146 - - [22/Apr/2021:09:03:21 +0800] "GET /xingrg/javascript/jquery_easy_ui/themes/icons/systemset_new.png HTTP/1.1" 200 606
180.169.147.146 - - [22/Apr/2021:09:03:21 +0800] "GET /xingrg/javascript/jquery_easy_ui/themes/default/images/tree_file.gif HTTP/1.1" 200 118
180.169.147.146 - - [22/Apr/2021:09:03:21 +0800] "GET /xingrg/javascript/jquery_easy_ui/themes/default/images/tree_folder.gif HTTP/1.1" 200 952
180.169.147.146 - - [22/Apr/2021:09:03:21 +0800] "GET /xingrg/javascript/jquery_easy_ui/themes/icons/area.png HTTP/1.1" 200 262
180.169.147.146 - - [22/Apr/2021:09:03:21 +0800] "GET /xingrg/javascript/jquery_easy_ui/themes/icons/manage.png HTTP/1.1" 200 696
180.169.147.146 - - [22/Apr/2021:09:03:21 +0800] "GET /xingrg/javascript/jquery_easy_ui/themes/icons/rest.png HTTP/1.1" 200 695
114.83.220.121 - - [22/Apr/2021:09:03:22 +0800] "POST /xingrg/kc/buy/cgsh_order_operate.html HTTP/1.1" 200 12
222.70.217.33 - - [22/Apr/2021:09:03:23 +0800] "GET /xingrg/all/function/internal_message.html?_=1619053401808&CODE_STATE=getMsg HTTP/1.1" 200 27
180.169.147.146 - - [22/Apr/2021:09:03:23 +0800] "POST /xingrg/load_menu.html HTTP/1.1" 200 9695
101.85.94.178 - - [22/Apr/2021:09:03:24 +0800] "GET /xingrg/all/function/internal_message.html?_=1619052936862&CODE_STATE=getMsg HTTP/1.1" 200 27
114.83.220.121 - - [22/Apr/2021:09:03:26 +0800] "GET /xingrg/kc/buy/cgsh_order_info.html?code=212021042209110 HTTP/1.1" 200 57101
114.83.220.121 - - [22/Apr/2021:09:03:26 +0800] "GET /xingrg/javascript/easyui/themes/default/validatebox.css HTTP/1.1" 404 1104
116.233.77.251 - - [22/Apr/2021:09:03:26 +0800] "POST /xingrg/login.do HTTP/1.1" 302 -
116.233.77.251 - - [22/Apr/2021:09:03:26 +0800] "GET /xingrg/index.html?sysBaseUrl=http%3A%2F%2F180.169.147.146%3A18081%2Fxingrg%2F&costTime=101×tamp=1619053406827 HTTP/1.1" 200 17173
116.233.77.251 - - [22/Apr/2021:09:03:26 +0800] "POST /xingrg/all/common/load_tree.html?tree=area_rest_tree_json&manage=1 HTTP/1.1" 200 342
116.233.77.251 - - [22/Apr/2021:09:03:26 +0800] "GET /xingrg/all/function/internal_message.html?_=1619053408901&CODE_STATE=count HTTP/1.1" 200 11
116.233.77.251 - - [22/Apr/2021:09:03:26 +0800] "GET /xingrg/check_reg.html?_=1619053408901 HTTP/1.1" 200 22
116.233.77.251 - - [22/Apr/2021:09:03:26 +0800] "POST /xingrg/load_menu.html HTTP/1.1" 200 5138
114.83.220.121 - - [22/Apr/2021:09:03:27 +0800] "POST /xingrg/kc/buy/cgsh_order_operate.html HTTP/1.1" 200 1784
180.169.147.146 - - [22/Apr/2021:09:03:27 +0800] "GET /xingrg/all/report/report_query.html?fileName=dma/new_5.0/yingye/pay_ment_hz.xml HTTP/1.1" 200 51687
180.169.147.146 - - [22/Apr/2021:09:03:27 +0800] "GET /xingrg/javascript/jquery_easy_ui/themes/default/images/tabs_close.gif HTTP/1.1" 200 829
180.169.147.146 - - [22/Apr/2021:09:03:27 +0800] "GET /xingrg/css/blue.css HTTP/1.1" 200 15949
180.169.147.146 - - [22/Apr/2021:09:03:27 +0800] "GET /xingrg/javascript/multi_select/jqueryMultiSelect.css HTTP/1.1" 200 951
180.169.147.146 - - [22/Apr/2021:09:03:27 +0800] "GET /xingrg/javascript/calendar/timePicker.css HTTP/1.1" 200 523
180.169.147.146 - - [22/Apr/2021:09:03:27 +0800] "GET /xingrg/javascript/bigrid/fix.css HTTP/1.1" 200 1702
180.169.147.146 - - [22/Apr/2021:09:03:27 +0800] "GET /xingrg/javascript/pic_change.js HTTP/1.1" 200 4739
180.169.147.146 - - [22/Apr/2021:09:03:27 +0800] "GET /xingrg/dwr/interface/AjaxReportQueryService.js HTTP/1.1" 200 13203
180.169.147.146 - - [22/Apr/2021:09:03:27 +0800] "GET /xingrg/dwr/engine.js HTTP/1.1" 200 43631
180.169.147.146 - - [22/Apr/2021:09:03:27 +0800] "GET /xingrg/javascript/myfunction.js HTTP/1.1" 200 24559
180.169.147.146 - - [22/Apr/2021:09:03:27 +0800] "GET /xingrg/dwr/util.js HTTP/1.1" 200 35990
180.169.147.146 - - [22/Apr/2021:09:03:27 +0800] "GET /xingrg/javascript/jqueryMultiSelect.js HTTP/1.1" 200 11866
180.169.147.146 - - [22/Apr/2021:09:03:27 +0800] "GET /xingrg/javascript/calendar/jquery.timePicker.min.js HTTP/1.1" 200 2997
180.169.147.146 - - [22/Apr/2021:09:03:27 +0800] "GET /xingrg/javascript/Calendar.js HTTP/1.1" 200 31561
180.169.147.146 - - [22/Apr/2021:09:03:27 +0800] "GET /xingrg/javascript/bigrid/fix.js HTTP/1.1" 200 6439
180.169.147.146 - - [22/Apr/2021:09:03:27 +0800] "GET /xingrg/images/blue/button/advanceover.gif HTTP/1.1" 200 1347
180.169.147.146 - - [22/Apr/2021:09:03:27 +0800] "GET /xingrg/images/control/loading.gif HTTP/1.1" 200 13463
180.169.147.146 - - [22/Apr/2021:09:03:27 +0800] "GET /xingrg/images/blue/button/advance2over.gif HTTP/1.1" 200 1336
180.169.147.146 - - [22/Apr/2021:09:03:27 +0800] "GET /xingrg/images/blue/button/back2over.gif HTTP/1.1" 200 1335
180.169.147.146 - - [22/Apr/2021:09:03:27 +0800] "GET /xingrg/images/blue/button/backover.gif HTTP/1.1" 200 1348
180.169.147.146 - - [22/Apr/2021:09:03:27 +0800] "GET /xingrg/javascript/jquery_easy_ui/themes/icons/help.png HTTP/1.1" 200 1187
180.169.147.146 - - [22/Apr/2021:09:03:27 +0800] "GET /xingrg/javascript/jquery_easy_ui/themes/default/images/menu_downarrow.png HTTP/1.1" 200 173
180.169.147.146 - - [22/Apr/2021:09:03:27 +0800] "GET /xingrg/javascript/jquery_easy_ui/themes/default/images/menu.gif HTTP/1.1" 200 834
180.169.147.146 - - [22/Apr/2021:09:03:27 +0800] "GET /xingrg/javascript/jquery_easy_ui/themes/icons/print.png HTTP/1.1" 200 1057
180.169.147.146 - - [22/Apr/2021:09:03:27 +0800] "GET /xingrg/javascript/jquery_easy_ui/themes/icons/pencil.png HTTP/1.1" 200 713
180.169.147.146 - - [22/Apr/2021:09:03:27 +0800] "GET /xingrg/javascript/jquery_easy_ui/themes/default/images/menu_rightarrow.png HTTP/1.1" 200 3617
180.169.147.146 - - [22/Apr/2021:09:03:27 +0800] "POST /xingrg/dwr/call/plaincall/AjaxReportQueryService.getFixDate.dwr HTTP/1.1" 200 111
180.169.147.146 - - [22/Apr/2021:09:03:27 +0800] "GET /xingrg/javascript/jquery_easy_ui/themes/default/images/combo_arrow_dot.gif HTTP/1.1" 200 79
180.169.147.146 - - [22/Apr/2021:09:03:27 +0800] "POST /xingrg/all/common/load_tree.html?tree=area_station_tree_json&manage=1 HTTP/1.1" 200 3240
180.169.147.146 - - [22/Apr/2021:09:03:27 +0800] "GET /xingrg/javascript/jquery_easy_ui/themes/default/images/tree_checkbox_0.gif HTTP/1.1" 200 168
116.233.77.251 - - [22/Apr/2021:09:03:28 +0800] "GET /xingrg/kc/buy/buy_main.html HTTP/1.1" 200 12412
116.233.77.251 - - [22/Apr/2021:09:03:28 +0800] "GET /xingrg/css/new_ie.css HTTP/1.1" 404 1036
116.233.77.251 - - [22/Apr/2021:09:03:29 +0800] "GET /xingrg/kc/buy/cgsh_order_list.html HTTP/1.1" 200 46410
116.224.253.72 - - [22/Apr/2021:09:03:29 +0800] "POST /xingrg/kc/buy/cgsh_order_operate.html HTTP/1.1" 200 37
116.233.77.251 - - [22/Apr/2021:09:03:30 +0800] "POST /xingrg/kc/buy/cgsh_list_operate.html HTTP/1.1" 200 876
180.169.147.146 - - [22/Apr/2021:09:03:30 +0800] "GET /xingrg/javascript/jquery_easy_ui/themes/default/images/button_plain_hover.png HTTP/1.1" 200 252
114.83.220.121 - - [22/Apr/2021:09:03:30 +0800] "GET /xingrg/kc/print/load_data.html?order_code=212021042209110&kc_code=cgsh&condition= HTTP/1.1" 200 1139
124.77.71.179 - - [22/Apr/2021:09:03:31 +0800] "GET /xingrg/kc/buy/cgsh_order_operate.html?command=get_materiel&rest_code=00107&code=00101012025&supplier_code=00100033&order_time=2021-04-22 HTTP/1.1" 200 412
116.224.253.72 - - [22/Apr/2021:09:03:31 +0800] "POST /xingrg/kc/buy/cgsh_order_operate.html HTTP/1.1" 200 12
116.224.253.72 - - [22/Apr/2021:09:03:32 +0800] "GET /xingrg/kc/buy/cgsh_order_info.html?code=212021042209111 HTTP/1.1" 200 56974
116.224.253.72 - - [22/Apr/2021:09:03:33 +0800] "GET /xingrg/javascript/easyui/themes/default/validatebox.css HTTP/1.1" 404 1104
116.224.253.72 - - [22/Apr/2021:09:03:33 +0800] "POST /xingrg/kc/buy/cgsh_order_operate.html HTTP/1.1" 200 620
116.224.253.72 - - [22/Apr/2021:09:03:33 +0800] "GET /xingrg/kc/buy/cgsh_order_operate.html?command=get_materiel&rest_code=00150&code=00101008036&supplier_code=00100007&order_time=2021-04-22 HTTP/1.1" 200 408
116.224.253.72 - - [22/Apr/2021:09:03:34 +0800] "GET /xingrg/kc/print/load_data.html?order_code=212021042209111&kc_code=cgsh&condition= HTTP/1.1" 200 757
116.230.114.112 - - [22/Apr/2021:09:03:35 +0800] "GET /xingrg/kc/buy/cgsh_order_operate.html?command=get_materiel&rest_code=00146&code=00101008112&supplier_code=00100005&order_time=2021-04-22 HTTP/1.1" 200 412
116.233.77.251 - - [22/Apr/2021:09:03:36 +0800] "GET /xingrg/words/20210422084616_words.js HTTP/1.1" 304 -
116.233.77.251 - - [22/Apr/2021:09:03:36 +0800] "GET /xingrg/kc/buy/cgsh_order_add.html HTTP/1.1" 200 62189
116.233.77.251 - - [22/Apr/2021:09:03:36 +0800] "GET /xingrg/javascript/easyui/themes/default/validatebox.css HTTP/1.1" 404 1104
116.233.77.251 - - [22/Apr/2021:09:03:36 +0800] "GET /xingrg/all/common/auto_word.html?type=employee&rest_code=00109 HTTP/1.1" 200 205
116.233.77.251 - - [22/Apr/2021:09:03:36 +0800] "POST /xingrg/kc/buy/cgsh_order_operate.html HTTP/1.1" 200 8245
116.233.77.251 - - [22/Apr/2021:09:03:36 +0800] "GET /xingrg/all/common/auto_word.html?type=employee&rest_code=00109 HTTP/1.1" 200 205
180.169.147.146 - - [22/Apr/2021:09:03:37 +0800] "GET /xingrg/all/function/internal_message.html?_=1619053419811&CODE_STATE=getMsg HTTP/1.1" 200 27
116.224.253.72 - - [22/Apr/2021:09:03:40 +0800] "GET /xingrg/kc/buy/cgsh_order_operate.html?command=get_materiel&rest_code=00150&code=00101008131&supplier_code=00100007&order_time=2021-04-22 HTTP/1.1" 200 408
116.233.77.251 - - [22/Apr/2021:09:03:41 +0800] "GET /xingrg/javascript/jquery_tools/images/prev.gif HTTP/1.1" 404 1086
116.233.77.251 - - [22/Apr/2021:09:03:41 +0800] "GET /xingrg/javascript/jquery_tools/images/next.gif HTTP/1.1" 404 1086
116.224.253.72 - - [22/Apr/2021:09:03:42 +0800] "GET /xingrg/kc/base/yddb_order_list.html HTTP/1.1" 200 16995
116.238.141.202 - - [22/Apr/2021:09:03:42 +0800] "GET /xingrg/all/function/internal_message.html?_=1619053701110&CODE_STATE=getMsg HTTP/1.1" 200 27
116.224.253.72 - - [22/Apr/2021:09:03:42 +0800] "POST /xingrg/kc/base/yddb_list_operate.html HTTP/1.1" 200 636
116.224.253.72 - - [22/Apr/2021:09:03:44 +0800] "GET /xingrg/kc/base/yddb_order_add.html HTTP/1.1" 200 29745
116.224.253.72 - - [22/Apr/2021:09:03:44 +0800] "GET /xingrg/dwr/interface/AjaxComOrderService.js HTTP/1.1" 200 18264
116.224.253.72 - - [22/Apr/2021:09:03:44 +0800] "GET /xingrg/dwr/util.js HTTP/1.1" 304 -
116.224.253.72 - - [22/Apr/2021:09:03:44 +0800] "GET /xingrg/dwr/interface/AjaxYddbService.js HTTP/1.1" 200 13201
116.224.253.72 - - [22/Apr/2021:09:03:44 +0800] "GET /xingrg/dwr/engine.js HTTP/1.1" 200 43631
116.230.114.112 - - [22/Apr/2021:09:03:44 +0800] "GET /xingrg/all/function/internal_message.html?_=1619053438092&CODE_STATE=getMsg HTTP/1.1" 200 27
116.224.253.72 - - [22/Apr/2021:09:03:46 +0800] "POST /xingrg/dwr/call/plaincall/AjaxYddbService.getRestBases.dwr HTTP/1.1" 200 1514
116.233.77.251 - - [22/Apr/2021:09:03:46 +0800] "GET /xingrg/kc/buy/cgsh_order_operate.html?command=get_materiel&rest_code=00109&code=00101011003&supplier_code=00100046&order_time=2021-04-22 HTTP/1.1" 200 413
124.77.71.179 - - [22/Apr/2021:09:03:48 +0800] "POST /xingrg/kc/buy/cgsh_order_operate.html HTTP/1.1" 200 37
116.224.253.72 - - [22/Apr/2021:09:03:50 +0800] "POST /xingrg/kc/buy/cgsh_order_operate.html HTTP/1.1" 200 37
124.77.71.179 - - [22/Apr/2021:09:03:50 +0800] "POST /xingrg/kc/buy/cgsh_order_operate.html HTTP/1.1" 200 5608
116.224.253.72 - - [22/Apr/2021:09:03:51 +0800] "POST /xingrg/kc/buy/cgsh_order_operate.html HTTP/1.1" 200 16861
116.224.253.72 - - [22/Apr/2021:09:03:51 +0800] "POST /xingrg/dwr/call/plaincall/AjaxYddbService.saveOrder.dwr HTTP/1.1" 200 78
116.224.253.72 - - [22/Apr/2021:09:03:52 +0800] "GET /xingrg/images/yd/bt.gif HTTP/1.1" 404 1040
58.37.228.113 - - [22/Apr/2021:09:03:52 +0800] "GET /xingrg/all/function/internal_message.html?_=1619053435760&CODE_STATE=getMsg HTTP/1.1" 200 27
124.77.71.179 - - [22/Apr/2021:09:03:53 +0800] "GET /xingrg/kc/print/load_data.html?order_code=212021042209112&kc_code=cgsh&condition= HTTP/1.1" 200 1826
116.230.114.112 - - [22/Apr/2021:09:03:54 +0800] "GET /xingrg/kc/buy/cgsh_order_operate.html?command=get_materiel&rest_code=00146&code=00101008354&supplier_code=00100005&order_time=2021-04-22 HTTP/1.1" 200 412
114.83.220.121 - - [22/Apr/2021:09:03:55 +0800] "GET /xingrg/all/function/internal_message.html?_=1619053435519&CODE_STATE=getMsg HTTP/1.1" 200 27
116.224.253.72 - - [22/Apr/2021:09:03:55 +0800] "POST /xingrg/dwr/call/plaincall/AjaxComOrderService.getMaterielSearchList.dwr HTTP/1.1" 200 23467
116.224.253.72 - - [22/Apr/2021:09:03:56 +0800] "POST /xingrg/dwr/call/plaincall/AjaxComOrderService.getMaterielSearchList.dwr HTTP/1.1" 200 1928
116.224.253.72 - - [22/Apr/2021:09:03:58 +0800] "GET /xingrg/kc/buy/cgsh_order_operate.html?command=get_materiel&rest_code=00150&code=00101008296&supplier_code=00100007&order_time=2021-04-22 HTTP/1.1" 200 416
116.233.77.251 - - [22/Apr/2021:09:03:58 +0800] "GET /xingrg/kc/buy/cgsh_order_operate.html?command=get_materiel&rest_code=00109&code=00101011010&supplier_code=00100046&order_time=2021-04-22 HTTP/1.1" 200 418
116.224.253.72 - - [22/Apr/2021:09:03:58 +0800] "POST /xingrg/dwr/call/plaincall/AjaxYddbService.getMaterielByMap.dwr HTTP/1.1" 200 3664
124.77.71.179 - - [22/Apr/2021:09:03:59 +0800] "GET /xingrg/kc/buy/cgsh_order_add.html HTTP/1.1" 200 62236
124.77.71.179 - - [22/Apr/2021:09:04:00 +0800] "GET /xingrg/words/20210422084616_words.js HTTP/1.1" 304 -
124.77.71.179 - - [22/Apr/2021:09:04:00 +0800] "GET /xingrg/javascript/easyui/themes/default/validatebox.css HTTP/1.1" 404 1104
124.77.71.179 - - [22/Apr/2021:09:04:00 +0800] "POST /xingrg/kc/buy/cgsh_order_operate.html HTTP/1.1" 200 8245
116.224.253.72 - - [22/Apr/2021:09:04:01 +0800] "POST /xingrg/dwr/call/plaincall/AjaxYddbService.saveMaterielItem.dwr HTTP/1.1" 200 78
124.77.71.179 - - [22/Apr/2021:09:04:01 +0800] "GET /xingrg/javascript/easyui/themes/default/tree.css HTTP/1.1" 404 1090
124.77.71.179 - - [22/Apr/2021:09:04:02 +0800] "POST /xingrg/all/common/load_tree.html?tree=supplier_tree_json&isDelete=1 HTTP/1.1" 200 54827
116.224.253.72 - - [22/Apr/2021:09:04:03 +0800] "POST /xingrg/dwr/call/plaincall/AjaxYddbService.checkOrder.dwr HTTP/1.1" 200 78
116.224.253.72 - - [22/Apr/2021:09:04:04 +0800] "GET /xingrg/kc/base/yddb_order_info.html?code=482021042200146 HTTP/1.1" 200 29375
116.224.253.72 - - [22/Apr/2021:09:04:04 +0800] "GET /xingrg/dwr/interface/AjaxComOrderService.js HTTP/1.1" 200 18264
116.224.253.72 - - [22/Apr/2021:09:04:04 +0800] "GET /xingrg/dwr/interface/AjaxYddbService.js HTTP/1.1" 200 13201
116.224.253.72 - - [22/Apr/2021:09:04:04 +0800] "GET /xingrg/dwr/engine.js HTTP/1.1" 200 43631
116.224.253.72 - - [22/Apr/2021:09:04:04 +0800] "POST /xingrg/dwr/call/plaincall/AjaxYddbService.loadMaterielItems.dwr HTTP/1.1" 200 394
116.224.253.72 - - [22/Apr/2021:09:04:05 +0800] "GET /xingrg/kc/buy/cgsh_order_operate.html?command=get_materiel&rest_code=00150&code=00101008318&supplier_code=00100007&order_time=2021-04-22 HTTP/1.1" 200 408
116.224.253.72 - - [22/Apr/2021:09:04:06 +0800] "GET /xingrg/kc/base/yddb_order_report.html?fileType=servlets/html&code=482021042200146&reportName=ck_order_report&subName=yddb HTTP/1.1" 302 -
116.224.253.72 - - [22/Apr/2021:09:04:06 +0800] "GET /xingrg/servlets/html?sysBaseUrl=http%3A%2F%2F180.169.147.146%3A18081%2Fxingrg%2F&costTime=83×tamp=1619053446624 HTTP/1.1" 200 14767
116.224.253.72 - - [22/Apr/2021:09:04:06 +0800] "GET /xingrg/servlets/image?image=px HTTP/1.1" 200 807
116.224.253.72 - - [22/Apr/2021:09:04:06 +0800] "GET /favicon.ico HTTP/1.1" 404 -
180.169.147.146 - - [22/Apr/2021:09:04:07 +0800] "GET /xingrg/javascript/jquery_easy_ui/themes/default/images/tree_checkbox_1.gif HTTP/1.1" 200 174
180.169.147.146 - - [22/Apr/2021:09:04:07 +0800] "GET /xingrg/javascript/jquery_easy_ui/themes/default/images/tree_checkbox_2.gif HTTP/1.1" 200 181
180.169.147.146 - - [22/Apr/2021:09:04:09 +0800] "POST /xingrg/dwr/call/plaincall/AjaxReportQueryService.refreshCache.dwr HTTP/1.1" 200 78
180.169.147.146 - - [22/Apr/2021:09:04:09 +0800] "POST /xingrg/all/report/load_report_page.html HTTP/1.1" 200 89
116.224.253.72 - - [22/Apr/2021:09:04:10 +0800] "GET /xingrg/all/function/internal_message.html?_=1619053451320&CODE_STATE=getMsg HTTP/1.1" 200 27
180.169.147.146 - - [22/Apr/2021:09:04:10 +0800] "POST /xingrg/dwr/call/plaincall/AjaxReportQueryService.refreshCache.dwr HTTP/1.1" 200 78
180.169.147.146 - - [22/Apr/2021:09:04:11 +0800] "POST /xingrg/all/report/load_report_page.html HTTP/1.1" 200 89
114.88.160.164 - - [22/Apr/2021:09:04:11 +0800] "GET /xingrg/all/function/internal_message.html?_=1619053448796&CODE_STATE=getMsg HTTP/1.1" 200 27
180.169.147.146 - - [22/Apr/2021:09:04:11 +0800] "POST /xingrg/dwr/call/plaincall/AjaxReportQueryService.refreshCache.dwr HTTP/1.1" 200 78
180.169.147.146 - - [22/Apr/2021:09:04:12 +0800] "POST /xingrg/all/report/load_report_page.html HTTP/1.1" 200 89
116.224.253.72 - - [22/Apr/2021:09:04:13 +0800] "GET /xingrg/kc/buy/cgsh_order_operate.html?command=get_materiel&rest_code=00150&code=00101008005&supplier_code=00100007&order_time=2021-04-22 HTTP/1.1" 200 412
124.77.71.179 - - [22/Apr/2021:09:04:14 +0800] "GET /xingrg/all/function/internal_message.html?_=1619053449195&CODE_STATE=getMsg HTTP/1.1" 200 27
116.224.253.72 - - [22/Apr/2021:09:04:16 +0800] "GET /xingrg/kc/buy/cgsh_order_list.html HTTP/1.1" 200 46416
116.230.114.112 - - [22/Apr/2021:09:04:17 +0800] "GET /xingrg/kc/buy/cgsh_order_operate.html?command=get_materiel&rest_code=00146&code=00101008028&supplier_code=00100005&order_time=2021-04-22 HTTP/1.1" 200 412
116.224.253.72 - - [22/Apr/2021:09:04:18 +0800] "POST /xingrg/kc/buy/cgsh_list_operate.html HTTP/1.1" 200 1708
116.224.253.72 - - [22/Apr/2021:09:04:19 +0800] "GET /xingrg/kc/buy/cgsh_order_add.html HTTP/1.1" 200 62072
116.224.253.72 - - [22/Apr/2021:09:04:19 +0800] "GET /xingrg/words/20210422084616_words.js HTTP/1.1" 304 -
116.224.253.72 - - [22/Apr/2021:09:04:19 +0800] "GET /xingrg/javascript/easyui/themes/default/validatebox.css HTTP/1.1" 404 1104
116.224.253.72 - - [22/Apr/2021:09:04:19 +0800] "POST /xingrg/kc/buy/cgsh_order_operate.html HTTP/1.1" 200 8245
124.77.71.179 - - [22/Apr/2021:09:04:20 +0800] "GET /xingrg/kc/buy/cgsh_order_operate.html?command=get_materiel&rest_code=00107&code=00101006109&supplier_code=00100010&order_time=2021-04-22 HTTP/1.1" 200 409
116.224.253.72 - - [22/Apr/2021:09:04:21 +0800] "GET /xingrg/kc/buy/cgsh_order_operate.html?command=get_materiel&rest_code=00150&code=00101008271&supplier_code=00100007&order_time=2021-04-22 HTTP/1.1" 200 408
180.169.147.146 - - [22/Apr/2021:09:04:21 +0800] "GET /xingrg/all/function/internal_message.html?_=1619053461525&CODE_STATE=getMsg HTTP/1.1" 200 27
180.169.147.146 - - [22/Apr/2021:09:04:23 +0800] "POST /xingrg/dwr/call/plaincall/AjaxReportQueryService.refreshCache.dwr HTTP/1.1" 200 78
222.70.217.33 - - [22/Apr/2021:09:04:23 +0800] "GET /xingrg/all/function/internal_message.html?_=1619053461810&CODE_STATE=getMsg HTTP/1.1" 200 27
180.169.147.146 - - [22/Apr/2021:09:04:23 +0800] "POST /xingrg/all/report/load_report_page.html HTTP/1.1" 200 13352
180.169.147.146 - - [22/Apr/2021:09:04:23 +0800] "GET /xingrg/servlets/image?cache=0.5364090677672788&image=px HTTP/1.1" 200 807
116.224.253.72 - - [22/Apr/2021:09:04:24 +0800] "GET /xingrg/all/function/internal_message.html?_=1619053448908&CODE_STATE=getMsg HTTP/1.1" 200 27
116.224.253.72 - - [22/Apr/2021:09:04:24 +0800] "GET /xingrg/check_reg.html?_=1619053448908 HTTP/1.1" 200 22
101.85.94.178 - - [22/Apr/2021:09:04:24 +0800] "GET /xingrg/all/function/internal_message.html?_=1619052996863&CODE_STATE=getMsg HTTP/1.1" 200 27
116.233.77.251 - - [22/Apr/2021:09:04:26 +0800] "POST /xingrg/kc/buy/cgsh_order_operate.html HTTP/1.1" 200 37
116.230.114.112 - - [22/Apr/2021:09:04:28 +0800] "GET /xingrg/kc/buy/cgsh_order_operate.html?command=get_materiel&rest_code=00146&code=00101008051&supplier_code=00100005&order_time=2021-04-22 HTTP/1.1" 200 408
116.224.253.72 - - [22/Apr/2021:09:04:28 +0800] "GET /xingrg/kc/buy/cgsh_order_operate.html?command=get_materiel&rest_code=00150&code=00101008297&supplier_code=00100007&order_time=2021-04-22 HTTP/1.1" 200 412
116.233.77.251 - - [22/Apr/2021:09:04:29 +0800] "GET /xingrg/all/function/internal_message.html?_=1619053471742&CODE_STATE=getMsg HTTP/1.1" 200 27
116.233.77.251 - - [22/Apr/2021:09:04:30 +0800] "POST /xingrg/kc/buy/cgsh_order_operate.html HTTP/1.1" 200 3256
116.233.77.251 - - [22/Apr/2021:09:04:31 +0800] "GET /xingrg/kc/print/load_config.html?kc_code=cgsh HTTP/1.1" 200 1845
116.233.77.251 - - [22/Apr/2021:09:04:31 +0800] "GET /xingrg/kc/print/load_data.html?order_code=212021042209113&kc_code=cgsh&condition= HTTP/1.1" 200 907
116.224.253.72 - - [22/Apr/2021:09:04:32 +0800] "GET /xingrg/kc/buy/cgsh_order_operate.html?command=get_materiel&rest_code=00150&code=00101009011&supplier_code=00100424&order_time=2021-04-22 HTTP/1.1" 200 416
180.169.147.146 - - [22/Apr/2021:09:04:32 +0800] "GET /xingrg/check_reg.html?_=1619053468671 HTTP/1.1" 200 22
116.224.253.72 - - [22/Apr/2021:09:04:33 +0800] "POST /xingrg/kc/buy/cgsh_order_operate.html HTTP/1.1" 200 37
116.224.253.72 - - [22/Apr/2021:09:04:35 +0800] "POST /xingrg/kc/buy/cgsh_order_operate.html HTTP/1.1" 200 19813
116.224.253.72 - - [22/Apr/2021:09:04:37 +0800] "GET /xingrg/kc/buy/cgsh_order_operate.html?command=get_materiel&rest_code=00150&code=00101009042&supplier_code=00100424&order_time=2021-04-22 HTTP/1.1" 200 416
180.169.147.146 - - [22/Apr/2021:09:04:37 +0800] "GET /xingrg/check_reg.html?_=1619053479818 HTTP/1.1" 200 22
180.169.147.146 - - [22/Apr/2021:09:04:37 +0800] "GET /xingrg/all/function/internal_message.html?_=1619053479813&CODE_STATE=getMsg HTTP/1.1" 200 27
124.77.71.179 - - [22/Apr/2021:09:04:37 +0800] "GET /xingrg/kc/buy/cgsh_order_operate.html?command=get_materiel&rest_code=00107&code=00101006111&supplier_code=00100010&order_time=2021-04-22 HTTP/1.1" 200 409
116.224.253.72 - - [22/Apr/2021:09:04:41 +0800] "GET /xingrg/kc/buy/cgsh_order_operate.html?command=get_materiel&rest_code=00150&code=00101008095&supplier_code=00100007&order_time=2021-04-22 HTTP/1.1" 200 412
114.88.160.164 - - [22/Apr/2021:09:04:41 +0800] "GET /xingrg/javascript/jquery_easy_ui/themes/default/images/tabs_active.png HTTP/1.1" 304 -
114.88.160.164 - - [22/Apr/2021:09:04:42 +0800] "GET /xingrg/kc/base/wldb_order_add.html HTTP/1.1" 200 30546
114.88.160.164 - - [22/Apr/2021:09:04:42 +0800] "GET /xingrg/javascript/convert.js HTTP/1.1" 304 -
114.88.160.164 - - [22/Apr/2021:09:04:42 +0800] "GET /xingrg/javascript/json2.js HTTP/1.1" 304 -
114.88.160.164 - - [22/Apr/2021:09:04:42 +0800] "GET /xingrg/javascript/jquery_tools/order_manager.js HTTP/1.1" 304 -
114.88.160.164 - - [22/Apr/2021:09:04:42 +0800] "GET /xingrg/javascript/print/kc_print.js HTTP/1.1" 304 -
114.88.160.164 - - [22/Apr/2021:09:04:42 +0800] "GET /xingrg/words/20210422084616_words.js HTTP/1.1" 200 807466
116.238.141.202 - - [22/Apr/2021:09:04:42 +0800] "GET /xingrg/all/function/internal_message.html?_=1619053761123&CODE_STATE=getMsg HTTP/1.1" 200 27
114.88.160.164 - - [22/Apr/2021:09:04:43 +0800] "POST /xingrg/kc/base/wldb_order_operate.html HTTP/1.1" 200 6806
114.88.160.164 - - [22/Apr/2021:09:04:43 +0800] "GET /xingrg/all/common/auto_word.html?type=base&rest_code=00111 HTTP/1.1" 200 1753
114.88.160.164 - - [22/Apr/2021:09:04:43 +0800] "GET /xingrg/all/common/auto_word.html?type=base&rest_code=00111 HTTP/1.1" 200 1753
114.88.160.164 - - [22/Apr/2021:09:04:43 +0800] "GET /xingrg/javascript/easyui/themes/default/validatebox.css HTTP/1.1" 404 1104
114.88.160.164 - - [22/Apr/2021:09:04:43 +0800] "GET /xingrg/javascript/easyui/plugins/jquery.validatebox.js HTTP/1.1" 304 -
114.88.160.164 - - [22/Apr/2021:09:04:43 +0800] "GET /xingrg/javascript/easyui/plugins/jquery.numberbox.js HTTP/1.1" 304 -
116.230.114.112 - - [22/Apr/2021:09:04:44 +0800] "GET /xingrg/all/function/internal_message.html?_=1619053498107&CODE_STATE=getMsg HTTP/1.1" 200 27
114.88.160.164 - - [22/Apr/2021:09:04:46 +0800] "GET /xingrg/javascript/auto/indicator.gif HTTP/1.1" 404 1066
116.233.77.251 - - [22/Apr/2021:09:04:48 +0800] "GET /xingrg/kc/buy/cgsh_order_add.html HTTP/1.1" 200 62189
124.77.71.179 - - [22/Apr/2021:09:04:48 +0800] "GET /xingrg/kc/buy/cgsh_order_operate.html?command=get_materiel&rest_code=00107&code=00101006144&supplier_code=00100010&order_time=2021-04-22 HTTP/1.1" 200 409
116.233.77.251 - - [22/Apr/2021:09:04:48 +0800] "GET /xingrg/javascript/easyui/themes/default/validatebox.css HTTP/1.1" 404 1104
116.233.77.251 - - [22/Apr/2021:09:04:48 +0800] "GET /xingrg/all/common/auto_word.html?type=employee&rest_code=00109 HTTP/1.1" 200 205
116.230.114.112 - - [22/Apr/2021:09:04:48 +0800] "GET /xingrg/kc/buy/cgsh_order_operate.html?command=get_materiel&rest_code=00146&code=00101008067&supplier_code=00100005&order_time=2021-04-22 HTTP/1.1" 200 416
116.233.77.251 - - [22/Apr/2021:09:04:48 +0800] "POST /xingrg/kc/buy/cgsh_order_operate.html HTTP/1.1" 200 8245
116.233.77.251 - - [22/Apr/2021:09:04:48 +0800] "GET /xingrg/all/common/auto_word.html?type=employee&rest_code=00109 HTTP/1.1" 200 205
116.224.253.72 - - [22/Apr/2021:09:04:49 +0800] "GET /xingrg/kc/buy/cgsh_order_operate.html?command=get_materiel&rest_code=00150&code=00101008110&supplier_code=00100007&order_time=2021-04-22 HTTP/1.1" 200 408
116.233.77.251 - - [22/Apr/2021:09:04:51 +0800] "GET /xingrg/javascript/jquery_tools/images/prev.gif HTTP/1.1" 404 1086
116.233.77.251 - - [22/Apr/2021:09:04:51 +0800] "GET /xingrg/javascript/jquery_tools/images/next.gif HTTP/1.1" 404 1086
58.37.228.113 - - [22/Apr/2021:09:04:52 +0800] "GET /xingrg/all/function/internal_message.html?_=1619053495761&CODE_STATE=getMsg HTTP/1.1" 200 27
116.224.253.72 - - [22/Apr/2021:09:04:54 +0800] "GET /xingrg/kc/buy/cgsh_order_operate.html?command=get_materiel&rest_code=00150&code=00101009010&supplier_code=00100424&order_time=2021-04-22 HTTP/1.1" 200 412
114.83.220.121 - - [22/Apr/2021:09:04:55 +0800] "GET /xingrg/check_reg.html?_=1619053495490 HTTP/1.1" 200 22
114.83.220.121 - - [22/Apr/2021:09:04:55 +0800] "GET /xingrg/all/function/internal_message.html?_=1619053495493&CODE_STATE=getMsg HTTP/1.1" 200 27
101.89.29.92 - - [22/Apr/2021:09:04:55 +0800] "GET /xingrg/all/function/internal_message.html?_=1619053435760&CODE_STATE=getMsg HTTP/1.1" 302 -
116.233.77.251 - - [22/Apr/2021:09:04:56 +0800] "GET /xingrg/kc/buy/cgsh_order_operate.html?command=get_materiel&rest_code=00109&code=00101007068&supplier_code=00100015&order_time=2021-04-22 HTTP/1.1" 200 409
116.224.253.72 - - [22/Apr/2021:09:04:57 +0800] "GET /xingrg/kc/buy/cgsh_order_operate.html?command=get_materiel&rest_code=00150&code=00101008027&supplier_code=00100007&order_time=2021-04-22 HTTP/1.1" 200 409
114.88.160.164 - - [22/Apr/2021:09:05:00 +0800] "GET /xingrg/kc/buy/buy_main.html HTTP/1.1" 200 12412
114.88.160.164 - - [22/Apr/2021:09:05:00 +0800] "GET /xingrg/css/new_ie.css HTTP/1.1" 404 1036
114.88.160.164 - - [22/Apr/2021:09:05:00 +0800] "GET /xingrg/images/yd/bt.gif HTTP/1.1" 404 1040
114.88.160.164 - - [22/Apr/2021:09:05:01 +0800] "GET /xingrg/kc/buy/cgsh_order_list.html HTTP/1.1" 200 46410
116.224.253.72 - - [22/Apr/2021:09:05:01 +0800] "GET /xingrg/kc/buy/cgsh_order_operate.html?command=get_materiel&rest_code=00150&code=00101009016&supplier_code=00100424&order_time=2021-04-22 HTTP/1.1" 200 412
116.230.114.112 - - [22/Apr/2021:09:05:01 +0800] "GET /xingrg/kc/buy/cgsh_order_operate.html?command=get_materiel&rest_code=00146&code=00101008264&supplier_code=00100005&order_time=2021-04-22 HTTP/1.1" 200 412
114.88.160.164 - - [22/Apr/2021:09:05:02 +0800] "POST /xingrg/kc/buy/cgsh_list_operate.html HTTP/1.1" 200 876
101.89.29.92 - - [22/Apr/2021:09:05:02 +0800] "GET /xingrg/login.html HTTP/1.1" 200 7641
124.77.71.179 - - [22/Apr/2021:09:05:02 +0800] "GET /xingrg/kc/buy/cgsh_order_operate.html?command=get_materiel&rest_code=00107&code=00101006194&supplier_code=00100010&order_time=2021-04-22 HTTP/1.1" 200 412
116.233.77.251 - - [22/Apr/2021:09:05:03 +0800] "GET /xingrg/kc/buy/cgsh_order_operate.html?command=get_materiel&rest_code=00109&code=00101006130&supplier_code=00100015&order_time=2021-04-22 HTTP/1.1" 200 427
114.88.160.164 - - [22/Apr/2021:09:05:05 +0800] "GET /xingrg/kc/buy/cgsh_order_add.html HTTP/1.1" 200 62148
114.88.160.164 - - [22/Apr/2021:09:05:05 +0800] "POST /xingrg/kc/buy/cgsh_order_operate.html HTTP/1.1" 200 8245
114.88.160.164 - - [22/Apr/2021:09:05:05 +0800] "GET /xingrg/all/common/auto_word.html?type=employee&rest_code=00111 HTTP/1.1" 200 205
114.88.160.164 - - [22/Apr/2021:09:05:05 +0800] "GET /xingrg/all/common/auto_word.html?type=employee&rest_code=00111 HTTP/1.1" 200 205
114.88.160.164 - - [22/Apr/2021:09:05:06 +0800] "GET /xingrg/javascript/easyui/themes/default/validatebox.css HTTP/1.1" 404 1104
116.224.253.72 - - [22/Apr/2021:09:05:07 +0800] "GET /xingrg/kc/buy/cgsh_order_operate.html?command=get_materiel&rest_code=00150&code=00101009007&supplier_code=00100424&order_time=2021-04-22 HTTP/1.1" 200 408
116.233.77.251 - - [22/Apr/2021:09:05:09 +0800] "GET /xingrg/kc/buy/cgsh_order_operate.html?command=get_materiel&rest_code=00109&code=00101006109&supplier_code=00100015&order_time=2021-04-22 HTTP/1.1" 200 409
114.88.160.164 - - [22/Apr/2021:09:05:09 +0800] "GET /xingrg/javascript/jquery_tools/images/prev.gif HTTP/1.1" 404 1086
114.88.160.164 - - [22/Apr/2021:09:05:09 +0800] "GET /xingrg/javascript/jquery_tools/images/next.gif HTTP/1.1" 404 1086
116.224.253.72 - - [22/Apr/2021:09:05:10 +0800] "GET /xingrg/all/function/internal_message.html?_=1619053511304&CODE_STATE=getMsg HTTP/1.1" 200 27
114.88.160.164 - - [22/Apr/2021:09:05:11 +0800] "GET /xingrg/all/function/internal_message.html?_=1619053508879&CODE_STATE=getMsg HTTP/1.1" 200 27
116.230.114.112 - - [22/Apr/2021:09:05:12 +0800] "GET /xingrg/kc/buy/cgsh_order_operate.html?command=get_materiel&rest_code=00146&code=00101008356&supplier_code=00100005&order_time=2021-04-22 HTTP/1.1" 200 408
116.224.253.72 - - [22/Apr/2021:09:05:13 +0800] "GET /xingrg/kc/buy/cgsh_order_operate.html?command=get_materiel&rest_code=00150&code=00101009039&supplier_code=00100424&order_time=2021-04-22 HTTP/1.1" 200 408
116.233.77.251 - - [22/Apr/2021:09:05:14 +0800] "GET /xingrg/kc/buy/cgsh_order_operate.html?command=get_materiel&rest_code=00109&code=00101006056&supplier_code=00100015&order_time=2021-04-22 HTTP/1.1" 200 413
124.77.71.179 - - [22/Apr/2021:09:05:14 +0800] "GET /xingrg/all/function/internal_message.html?_=1619053509175&CODE_STATE=getMsg HTTP/1.1" 200 27
116.230.114.112 - - [22/Apr/2021:09:05:16 +0800] "POST /xingrg/kc/buy/cgsh_order_operate.html HTTP/1.1" 200 2065
124.77.71.179 - - [22/Apr/2021:09:05:16 +0800] "GET /xingrg/kc/buy/cgsh_order_operate.html?command=get_materiel&rest_code=00107&code=00101006065&supplier_code=00100010&order_time=2021-04-22 HTTP/1.1" 200 409
