116.238.141.202 - - [22/Apr/2021:08:06:32 +0800] "GET /xingrg/kc/buy/cgsh_order_operate.html?command=get_materiel&rest_code=00102&code=00101008208&supplier_code=00100008&order_time=2021-04-22 HTTP/1.1" 200 409
222.70.217.33 - - [22/Apr/2021:08:06:39 +0800] "GET /xingrg/check_reg.html?_=1619049997781 HTTP/1.1" 200 22
116.224.253.72 - - [22/Apr/2021:08:06:45 +0800] "GET /xingrg/all/function/internal_message.html?_=1619049989761&CODE_STATE=getMsg HTTP/1.1" 200 27
116.238.141.202 - - [22/Apr/2021:08:06:46 +0800] "POST /xingrg/kc/buy/cgsh_order_operate.html HTTP/1.1" 200 2065
116.230.114.112 - - [22/Apr/2021:08:06:50 +0800] "GET /xingrg/all/function/internal_message.html?_=1619050023683&CODE_STATE=getMsg HTTP/1.1" 200 27
58.37.228.113 - - [22/Apr/2021:08:06:52 +0800] "GET /xingrg/check_reg.html?_=1619050015614 HTTP/1.1" 200 22
58.37.228.113 - - [22/Apr/2021:08:06:52 +0800] "GET /xingrg/all/function/internal_message.html?_=1619050015616&CODE_STATE=getMsg HTTP/1.1" 200 27
61.129.6.227 - - [22/Apr/2021:08:06:52 +0800] "GET /xingrg/all/function/internal_message.html?_=1619049955615&CODE_STATE=getMsg HTTP/1.1" 302 -
61.129.6.227 - - [22/Apr/2021:08:06:54 +0800] "GET /xingrg/login.html HTTP/1.1" 200 7641
120.253.135.82 - - [22/Apr/2021:08:06:56 +0800] "GET /xingrg/all/function/internal_message.html?_=1619050137027&CODE_STATE=getMsg HTTP/1.1" 200 27
116.238.141.202 - - [22/Apr/2021:08:07:04 +0800] "GET /xingrg/kc/buy/cgsh_order_operate.html?command=get_materiel&rest_code=00102&code=00101008261&supplier_code=00100008&order_time=2021-04-22 HTTP/1.1" 200 408
116.224.253.72 - - [22/Apr/2021:08:07:10 +0800] "GET /xingrg/all/function/internal_message.html?_=1619050030995&CODE_STATE=getMsg HTTP/1.1" 200 27
116.224.253.72 - - [22/Apr/2021:08:07:10 +0800] "GET /xingrg/check_reg.html?_=1619050030996 HTTP/1.1" 200 22
222.70.217.33 - - [22/Apr/2021:08:07:19 +0800] "GET /xingrg/all/function/internal_message.html?_=1619050037611&CODE_STATE=getMsg HTTP/1.1" 200 27
116.238.141.202 - - [22/Apr/2021:08:07:25 +0800] "GET /xingrg/kc/buy/cgsh_order_operate.html?command=get_materiel&rest_code=00102&code=00101008141&supplier_code=00100008&order_time=2021-04-22 HTTP/1.1" 200 412
116.238.141.202 - - [22/Apr/2021:08:07:25 +0800] "GET /xingrg/all/function/internal_message.html?_=1619050323683&CODE_STATE=getMsg HTTP/1.1" 200 27
116.238.141.202 - - [22/Apr/2021:08:07:34 +0800] "GET /xingrg/kc/buy/cgsh_order_operate.html?command=get_materiel&rest_code=00102&code=00101008137&supplier_code=00100008&order_time=2021-04-22 HTTP/1.1" 200 408
116.238.141.202 - - [22/Apr/2021:08:07:42 +0800] "GET /xingrg/kc/buy/cgsh_order_operate.html?command=get_materiel&rest_code=00102&code=00101008296&supplier_code=00100008&order_time=2021-04-22 HTTP/1.1" 200 416
116.238.141.202 - - [22/Apr/2021:08:07:45 +0800] "POST /xingrg/kc/buy/cgsh_order_operate.html HTTP/1.1" 200 2065
116.224.253.72 - - [22/Apr/2021:08:07:45 +0800] "GET /xingrg/all/function/internal_message.html?_=1619050049766&CODE_STATE=getMsg HTTP/1.1" 200 27
116.230.114.112 - - [22/Apr/2021:08:07:50 +0800] "GET /xingrg/all/function/internal_message.html?_=1619050083844&CODE_STATE=getMsg HTTP/1.1" 200 27
116.238.141.202 - - [22/Apr/2021:08:07:50 +0800] "GET /xingrg/kc/buy/cgsh_order_operate.html?command=get_materiel&rest_code=00102&code=00101008005&supplier_code=00100008&order_time=2021-04-22 HTTP/1.1" 200 412
101.89.29.78 - - [22/Apr/2021:08:07:52 +0800] "GET /xingrg/check_reg.html?_=1619050015614 HTTP/1.1" 302 -
58.37.228.113 - - [22/Apr/2021:08:07:52 +0800] "GET /xingrg/all/function/internal_message.html?_=1619050075626&CODE_STATE=getMsg HTTP/1.1" 200 27
101.89.29.78 - - [22/Apr/2021:08:07:52 +0800] "GET /xingrg/login.html HTTP/1.1" 200 7641
120.253.135.82 - - [22/Apr/2021:08:07:55 +0800] "GET /xingrg/check_reg.html?_=1619050196714 HTTP/1.1" 200 22
120.253.135.82 - - [22/Apr/2021:08:07:56 +0800] "GET /xingrg/all/function/internal_message.html?_=1619050197040&CODE_STATE=getMsg HTTP/1.1" 200 27
116.238.141.202 - - [22/Apr/2021:08:08:04 +0800] "POST /xingrg/kc/buy/cgsh_order_operate.html HTTP/1.1" 200 37
116.238.141.202 - - [22/Apr/2021:08:08:07 +0800] "POST /xingrg/kc/buy/cgsh_order_operate.html HTTP/1.1" 200 19784
116.224.253.72 - - [22/Apr/2021:08:08:10 +0800] "GET /xingrg/all/function/internal_message.html?_=1619050090997&CODE_STATE=getMsg HTTP/1.1" 200 27
116.238.141.202 - - [22/Apr/2021:08:08:10 +0800] "GET /xingrg/kc/buy/cgsh_order_add.html HTTP/1.1" 200 62107
116.238.141.202 - - [22/Apr/2021:08:08:12 +0800] "POST /xingrg/kc/buy/cgsh_order_operate.html HTTP/1.1" 200 8245
116.238.141.202 - - [22/Apr/2021:08:08:13 +0800] "GET /xingrg/javascript/easyui/themes/default/validatebox.css HTTP/1.1" 404 1104
116.238.141.202 - - [22/Apr/2021:08:08:16 +0800] "GET /xingrg/javascript/easyui/themes/default/tree.css HTTP/1.1" 404 1090
116.238.141.202 - - [22/Apr/2021:08:08:16 +0800] "POST /xingrg/all/common/load_tree.html?tree=supplier_tree_json&isDelete=1 HTTP/1.1" 200 54827
222.70.217.33 - - [22/Apr/2021:08:08:19 +0800] "GET /xingrg/all/function/internal_message.html?_=1619050097596&CODE_STATE=getMsg HTTP/1.1" 200 27
116.238.141.202 - - [22/Apr/2021:08:08:25 +0800] "GET /xingrg/all/function/internal_message.html?_=1619050383687&CODE_STATE=getMsg HTTP/1.1" 200 27
116.224.253.72 - - [22/Apr/2021:08:08:45 +0800] "GET /xingrg/all/function/internal_message.html?_=1619050109813&CODE_STATE=getMsg HTTP/1.1" 200 27
116.238.141.202 - - [22/Apr/2021:08:08:48 +0800] "GET /xingrg/kc/buy/cgsh_order_operate.html?command=get_materiel&rest_code=00102&code=00101008132&supplier_code=00100008&order_time=2021-04-22 HTTP/1.1" 200 408
116.230.114.112 - - [22/Apr/2021:08:08:50 +0800] "GET /xingrg/all/function/internal_message.html?_=1619050143850&CODE_STATE=getMsg HTTP/1.1" 200 27
58.37.228.113 - - [22/Apr/2021:08:08:52 +0800] "GET /xingrg/all/function/internal_message.html?_=1619050135640&CODE_STATE=getMsg HTTP/1.1" 200 27
120.253.135.82 - - [22/Apr/2021:08:08:56 +0800] "GET /xingrg/all/function/internal_message.html?_=1619050257051&CODE_STATE=getMsg HTTP/1.1" 200 27
116.224.253.72 - - [22/Apr/2021:08:09:10 +0800] "GET /xingrg/all/function/internal_message.html?_=1619050150997&CODE_STATE=getMsg HTTP/1.1" 200 27
116.238.141.202 - - [22/Apr/2021:08:09:15 +0800] "GET /xingrg/kc/buy/cgsh_order_operate.html?command=get_materiel&rest_code=00102&code=00101008186&supplier_code=00100008&order_time=2021-04-22 HTTP/1.1" 200 408
222.70.217.33 - - [22/Apr/2021:08:09:19 +0800] "GET /xingrg/all/function/internal_message.html?_=1619050157570&CODE_STATE=getMsg HTTP/1.1" 200 27
116.238.141.202 - - [22/Apr/2021:08:09:22 +0800] "GET /xingrg/kc/buy/cgsh_order_operate.html?command=get_materiel&rest_code=00102&code=00101008338&supplier_code=00100008&order_time=2021-04-22 HTTP/1.1" 200 408
116.224.253.72 - - [22/Apr/2021:08:09:24 +0800] "GET /xingrg/check_reg.html?_=1619050148638 HTTP/1.1" 200 22
116.238.141.202 - - [22/Apr/2021:08:09:25 +0800] "GET /xingrg/all/function/internal_message.html?_=1619050443699&CODE_STATE=getMsg HTTP/1.1" 200 27
91.241.19.56 - - [22/Apr/2021:08:09:28 +0800] "/*àCookie: mstshash=Administr " 400 -
116.238.141.202 - - [22/Apr/2021:08:09:32 +0800] "GET /xingrg/kc/buy/cgsh_order_operate.html?command=get_materiel&rest_code=00102&code=00101008224&supplier_code=00100008&order_time=2021-04-22 HTTP/1.1" 200 416
180.169.147.146 - - [22/Apr/2021:08:09:32 +0800] "GET /xingrg/check_reg.html?_=1619050168707 HTTP/1.1" 200 22
116.238.141.202 - - [22/Apr/2021:08:09:40 +0800] "GET /xingrg/kc/buy/cgsh_order_operate.html?command=get_materiel&rest_code=00102&code=00101008126&supplier_code=00100008&order_time=2021-04-22 HTTP/1.1" 200 412
116.224.253.72 - - [22/Apr/2021:08:09:45 +0800] "GET /xingrg/all/function/internal_message.html?_=1619050169824&CODE_STATE=getMsg HTTP/1.1" 200 27
116.238.141.202 - - [22/Apr/2021:08:09:49 +0800] "GET /xingrg/kc/buy/cgsh_order_operate.html?command=get_materiel&rest_code=00102&code=00101008361&supplier_code=00100008&order_time=2021-04-22 HTTP/1.1" 200 408
116.230.114.112 - - [22/Apr/2021:08:09:50 +0800] "GET /xingrg/all/function/internal_message.html?_=1619050203991&CODE_STATE=getMsg HTTP/1.1" 200 27
58.37.228.113 - - [22/Apr/2021:08:09:52 +0800] "GET /xingrg/all/function/internal_message.html?_=1619050195639&CODE_STATE=getMsg HTTP/1.1" 200 27
120.253.135.82 - - [22/Apr/2021:08:09:56 +0800] "GET /xingrg/all/function/internal_message.html?_=1619050317065&CODE_STATE=getMsg HTTP/1.1" 200 27
116.238.141.202 - - [22/Apr/2021:08:09:58 +0800] "GET /xingrg/kc/buy/cgsh_order_operate.html?command=get_materiel&rest_code=00102&code=00101008004&supplier_code=00100008&order_time=2021-04-22 HTTP/1.1" 200 416
116.230.114.112 - - [22/Apr/2021:08:09:59 +0800] "GET /xingrg/check_reg.html?_=1619050213177 HTTP/1.1" 200 22
116.238.141.202 - - [22/Apr/2021:08:10:10 +0800] "GET /xingrg/kc/buy/cgsh_order_operate.html?command=get_materiel&rest_code=00102&code=00101008356&supplier_code=00100008&order_time=2021-04-22 HTTP/1.1" 200 408
116.224.253.72 - - [22/Apr/2021:08:10:10 +0800] "GET /xingrg/all/function/internal_message.html?_=1619050211003&CODE_STATE=getMsg HTTP/1.1" 200 27
116.238.141.202 - - [22/Apr/2021:08:10:18 +0800] "GET /xingrg/kc/buy/cgsh_order_operate.html?command=get_materiel&rest_code=00102&code=00101008300&supplier_code=00100008&order_time=2021-04-22 HTTP/1.1" 200 412
116.238.141.202 - - [22/Apr/2021:08:10:26 +0800] "GET /xingrg/all/function/internal_message.html?_=1619050503827&CODE_STATE=getMsg HTTP/1.1" 200 27
180.169.147.146 - - [22/Apr/2021:08:10:39 +0800] "GET /xingrg/check_reg.html?_=1619050235760 HTTP/1.1" 200 22
116.224.253.72 - - [22/Apr/2021:08:10:45 +0800] "GET /xingrg/all/function/internal_message.html?_=1619050229837&CODE_STATE=getMsg HTTP/1.1" 200 27
116.230.114.112 - - [22/Apr/2021:08:10:50 +0800] "GET /xingrg/all/function/internal_message.html?_=1619050264003&CODE_STATE=getMsg HTTP/1.1" 200 27
58.37.228.113 - - [22/Apr/2021:08:10:52 +0800] "GET /xingrg/all/function/internal_message.html?_=1619050255638&CODE_STATE=getMsg HTTP/1.1" 200 27
116.238.141.202 - - [22/Apr/2021:08:10:55 +0800] "GET /xingrg/kc/buy/cgsh_order_operate.html?command=get_materiel&rest_code=00102&code=00101008010&supplier_code=00100008&order_time=2021-04-22 HTTP/1.1" 200 412
120.253.135.82 - - [22/Apr/2021:08:10:56 +0800] "GET /xingrg/all/function/internal_message.html?_=1619050377081&CODE_STATE=getMsg HTTP/1.1" 200 27
116.238.141.202 - - [22/Apr/2021:08:11:04 +0800] "GET /xingrg/kc/buy/cgsh_order_operate.html?command=get_materiel&rest_code=00102&code=00101008285&supplier_code=00100008&order_time=2021-04-22 HTTP/1.1" 200 413
116.224.253.72 - - [22/Apr/2021:08:11:10 +0800] "GET /xingrg/all/function/internal_message.html?_=1619050271033&CODE_STATE=getMsg HTTP/1.1" 200 27
116.238.141.202 - - [22/Apr/2021:08:11:16 +0800] "GET /xingrg/kc/buy/cgsh_order_operate.html?command=get_materiel&rest_code=00102&code=00101008344&supplier_code=00100008&order_time=2021-04-22 HTTP/1.1" 200 412
116.238.141.202 - - [22/Apr/2021:08:11:26 +0800] "GET /xingrg/check_reg.html?_=1619050562840 HTTP/1.1" 200 22
116.238.141.202 - - [22/Apr/2021:08:11:26 +0800] "GET /xingrg/all/function/internal_message.html?_=1619050563836&CODE_STATE=getMsg HTTP/1.1" 200 27
116.238.141.202 - - [22/Apr/2021:08:11:33 +0800] "POST /xingrg/kc/buy/cgsh_order_operate.html HTTP/1.1" 200 2065
116.224.253.72 - - [22/Apr/2021:08:11:45 +0800] "GET /xingrg/all/function/internal_message.html?_=1619050289875&CODE_STATE=getMsg HTTP/1.1" 200 27
116.230.114.112 - - [22/Apr/2021:08:11:50 +0800] "GET /xingrg/all/function/internal_message.html?_=1619050324016&CODE_STATE=getMsg HTTP/1.1" 200 27
58.37.228.113 - - [22/Apr/2021:08:11:52 +0800] "GET /xingrg/all/function/internal_message.html?_=1619050315637&CODE_STATE=getMsg HTTP/1.1" 200 27
58.37.228.113 - - [22/Apr/2021:08:11:52 +0800] "GET /xingrg/check_reg.html?_=1619050315639 HTTP/1.1" 200 22
116.238.141.202 - - [22/Apr/2021:08:11:55 +0800] "GET /xingrg/kc/buy/cgsh_order_operate.html?command=get_materiel&rest_code=00102&code=00101008323&supplier_code=00100008&order_time=2021-04-22 HTTP/1.1" 200 408
120.253.135.82 - - [22/Apr/2021:08:11:56 +0800] "GET /xingrg/all/function/internal_message.html?_=1619050437097&CODE_STATE=getMsg HTTP/1.1" 200 27
116.224.253.72 - - [22/Apr/2021:08:12:10 +0800] "GET /xingrg/check_reg.html?_=1619050331032 HTTP/1.1" 200 22
116.224.253.72 - - [22/Apr/2021:08:12:10 +0800] "GET /xingrg/all/function/internal_message.html?_=1619050331034&CODE_STATE=getMsg HTTP/1.1" 200 27
116.238.141.202 - - [22/Apr/2021:08:12:15 +0800] "GET /xingrg/kc/buy/cgsh_order_operate.html?command=get_materiel&rest_code=00102&code=00101015060&supplier_code=00100008&order_time=2021-04-22 HTTP/1.1" 200 413
116.238.141.202 - - [22/Apr/2021:08:12:24 +0800] "GET /xingrg/kc/buy/cgsh_order_operate.html?command=get_materiel&rest_code=00102&code=00101008223&supplier_code=00100008&order_time=2021-04-22 HTTP/1.1" 200 412
116.238.141.202 - - [22/Apr/2021:08:12:25 +0800] "GET /xingrg/all/function/internal_message.html?_=1619050624103&CODE_STATE=getMsg HTTP/1.1" 200 27
116.238.141.202 - - [22/Apr/2021:08:12:32 +0800] "GET /xingrg/kc/buy/cgsh_order_operate.html?command=get_materiel&rest_code=00102&code=00101008172&supplier_code=00100008&order_time=2021-04-22 HTTP/1.1" 200 412
116.238.141.202 - - [22/Apr/2021:08:12:35 +0800] "POST /xingrg/kc/buy/cgsh_order_operate.html HTTP/1.1" 200 2065
116.224.253.72 - - [22/Apr/2021:08:12:45 +0800] "GET /xingrg/all/function/internal_message.html?_=1619050349880&CODE_STATE=getMsg HTTP/1.1" 200 27
116.230.114.112 - - [22/Apr/2021:08:12:50 +0800] "GET /xingrg/all/function/internal_message.html?_=1619050384129&CODE_STATE=getMsg HTTP/1.1" 200 27
101.91.62.99 - - [22/Apr/2021:08:12:52 +0800] "GET /xingrg/check_reg.html?_=1619050315639 HTTP/1.1" 302 -
58.37.228.113 - - [22/Apr/2021:08:12:52 +0800] "GET /xingrg/all/function/internal_message.html?_=1619050375638&CODE_STATE=getMsg HTTP/1.1" 200 27
101.91.62.99 - - [22/Apr/2021:08:12:52 +0800] "GET /xingrg/login.html HTTP/1.1" 200 7641
116.238.141.202 - - [22/Apr/2021:08:12:53 +0800] "GET /xingrg/kc/buy/cgsh_order_operate.html?command=get_materiel&rest_code=00102&code=00101008041&supplier_code=00100008&order_time=2021-04-22 HTTP/1.1" 200 408
120.253.135.82 - - [22/Apr/2021:08:12:55 +0800] "GET /xingrg/check_reg.html?_=1619050496716 HTTP/1.1" 200 22
120.253.135.82 - - [22/Apr/2021:08:12:56 +0800] "GET /xingrg/all/function/internal_message.html?_=1619050497113&CODE_STATE=getMsg HTTP/1.1" 200 27
116.238.141.202 - - [22/Apr/2021:08:13:03 +0800] "GET /xingrg/kc/buy/cgsh_order_operate.html?command=get_materiel&rest_code=00102&code=00101008168&supplier_code=00100008&order_time=2021-04-22 HTTP/1.1" 200 413
116.224.253.72 - - [22/Apr/2021:08:13:10 +0800] "GET /xingrg/all/function/internal_message.html?_=1619050391039&CODE_STATE=getMsg HTTP/1.1" 200 27
116.238.141.202 - - [22/Apr/2021:08:13:15 +0800] "GET /xingrg/kc/buy/cgsh_order_operate.html?command=get_materiel&rest_code=00102&code=00101015038&supplier_code=00100008&order_time=2021-04-22 HTTP/1.1" 200 418
116.238.141.202 - - [22/Apr/2021:08:13:25 +0800] "GET /xingrg/kc/buy/cgsh_order_operate.html?command=get_materiel&rest_code=00102&code=00101008123&supplier_code=00100008&order_time=2021-04-22 HTTP/1.1" 200 412
116.238.141.202 - - [22/Apr/2021:08:13:26 +0800] "GET /xingrg/all/function/internal_message.html?_=1619050684113&CODE_STATE=getMsg HTTP/1.1" 200 27
116.238.141.202 - - [22/Apr/2021:08:13:30 +0800] "POST /xingrg/kc/buy/cgsh_order_operate.html HTTP/1.1" 200 2065
120.253.135.82 - - [22/Apr/2021:08:13:33 +0800] "GET /xingrg/javascript/easyui/themes/default/images/button_plain_hover.png HTTP/1.1" 200 144
120.253.135.82 - - [22/Apr/2021:08:13:33 +0800] "GET /xingrg/javascript/easyui/themes/default/images/button_plain_hover.png HTTP/1.1" 200 144
120.253.135.82 - - [22/Apr/2021:08:13:39 +0800] "POST /xingrg/kc/pszx/mdps_list_operate.html HTTP/1.1" 200 5601
120.253.135.82 - - [22/Apr/2021:08:13:42 +0800] "POST /xingrg/kc/pszx/mdps_list_operate.html HTTP/1.1" 200 5543
116.224.253.72 - - [22/Apr/2021:08:13:45 +0800] "GET /xingrg/all/function/internal_message.html?_=1619050409929&CODE_STATE=getMsg HTTP/1.1" 200 27
120.253.135.82 - - [22/Apr/2021:08:13:46 +0800] "POST /xingrg/kc/pszx/mdps_list_operate.html HTTP/1.1" 200 311
116.238.141.202 - - [22/Apr/2021:08:13:46 +0800] "GET /xingrg/kc/buy/cgsh_order_operate.html?command=get_materiel&rest_code=00102&code=00101008125&supplier_code=00100008&order_time=2021-04-22 HTTP/1.1" 200 413
120.253.135.82 - - [22/Apr/2021:08:13:46 +0800] "GET /xingrg/kc/pszx/mdps_order_info.html?code=312021041900542 HTTP/1.1" 200 23925
120.253.135.82 - - [22/Apr/2021:08:13:46 +0800] "GET /xingrg/javascript/convert.js HTTP/1.1" 200 1239
120.253.135.82 - - [22/Apr/2021:08:13:46 +0800] "GET /xingrg/javascript/jquery_tools/order_manager.js HTTP/1.1" 200 11183
120.253.135.82 - - [22/Apr/2021:08:13:46 +0800] "GET /xingrg/javascript/json2.js HTTP/1.1" 200 11259
120.253.135.82 - - [22/Apr/2021:08:13:46 +0800] "GET /xingrg/words/20210421191828_words.js HTTP/1.1" 200 807412
120.253.135.82 - - [22/Apr/2021:08:13:46 +0800] "GET /xingrg/javascript/easyui/themes/icons/copy_new.png HTTP/1.1" 200 815
120.253.135.82 - - [22/Apr/2021:08:13:46 +0800] "GET /xingrg/javascript/easyui/themes/icons/ok.png HTTP/1.1" 200 883
120.253.135.82 - - [22/Apr/2021:08:13:46 +0800] "GET /xingrg/javascript/easyui/themes/icons/print.png HTTP/1.1" 200 1057
120.253.135.82 - - [22/Apr/2021:08:13:46 +0800] "GET /xingrg/javascript/easyui/themes/default/images/menu_downarrow.png HTTP/1.1" 200 173
120.253.135.82 - - [22/Apr/2021:08:13:46 +0800] "GET /xingrg/javascript/easyui/themes/icons/cancel.png HTTP/1.1" 200 1133
120.253.135.82 - - [22/Apr/2021:08:13:47 +0800] "GET /xingrg/javascript/easyui/plugins/jquery.validatebox.js HTTP/1.1" 200 6103
120.253.135.82 - - [22/Apr/2021:08:13:47 +0800] "GET /xingrg/javascript/easyui/plugins/jquery.numberbox.js HTTP/1.1" 200 5213
120.253.135.82 - - [22/Apr/2021:08:13:47 +0800] "POST /xingrg/kc/pszx/mdps_order_operate.html HTTP/1.1" 200 2836
120.253.135.82 - - [22/Apr/2021:08:13:47 +0800] "GET /xingrg/javascript/easyui/themes/icons/edit_remove.png HTTP/1.1" 200 625
120.253.135.82 - - [22/Apr/2021:08:13:47 +0800] "GET /xingrg/all/common/auto_word.html?type=base&rest_code=00101 HTTP/1.1" 200 613
120.253.135.82 - - [22/Apr/2021:08:13:47 +0800] "GET /xingrg/javascript/easyui/themes/default/validatebox.css HTTP/1.1" 404 1104
116.230.114.112 - - [22/Apr/2021:08:13:50 +0800] "GET /xingrg/all/function/internal_message.html?_=1619050444137&CODE_STATE=getMsg HTTP/1.1" 200 27
58.37.228.113 - - [22/Apr/2021:08:13:52 +0800] "GET /xingrg/all/function/internal_message.html?_=1619050435637&CODE_STATE=getMsg HTTP/1.1" 200 27
120.253.135.82 - - [22/Apr/2021:08:13:56 +0800] "GET /xingrg/all/function/internal_message.html?_=1619050557120&CODE_STATE=getMsg HTTP/1.1" 200 27
120.253.135.82 - - [22/Apr/2021:08:13:58 +0800] "POST /xingrg/kc/pszx/mdps_list_operate.html HTTP/1.1" 200 5500
120.253.135.82 - - [22/Apr/2021:08:14:02 +0800] "POST /xingrg/kc/pszx/mdps_list_operate.html HTTP/1.1" 200 5547
116.238.141.202 - - [22/Apr/2021:08:14:03 +0800] "POST /xingrg/kc/buy/cgsh_order_operate.html HTTP/1.1" 200 37
120.253.135.82 - - [22/Apr/2021:08:14:05 +0800] "POST /xingrg/kc/pszx/mdps_list_operate.html HTTP/1.1" 200 646
120.253.135.82 - - [22/Apr/2021:08:14:05 +0800] "GET /xingrg/kc/pszx/mdps_order_info.html?code=312021042100586 HTTP/1.1" 200 23925
120.253.135.82 - - [22/Apr/2021:08:14:05 +0800] "GET /xingrg/javascript/easyui/themes/default/validatebox.css HTTP/1.1" 404 1104
120.253.135.82 - - [22/Apr/2021:08:14:05 +0800] "POST /xingrg/kc/pszx/mdps_order_operate.html HTTP/1.1" 200 18277
58.221.95.50 - - [22/Apr/2021:08:14:10 +0800] "GET /xingrg/check_reg.html?_=1619050451494 HTTP/1.1" 302 -
58.221.95.50 - - [22/Apr/2021:08:14:10 +0800] "GET /xingrg/login.html HTTP/1.1" 200 7641
116.224.253.72 - - [22/Apr/2021:08:14:10 +0800] "GET /xingrg/all/function/internal_message.html?_=1619050451038&CODE_STATE=getMsg HTTP/1.1" 200 27
116.238.141.202 - - [22/Apr/2021:08:14:11 +0800] "POST /xingrg/kc/buy/cgsh_order_operate.html HTTP/1.1" 200 20374
116.238.141.202 - - [22/Apr/2021:08:14:14 +0800] "GET /xingrg/javascript/jquery_easy_ui/themes/default/images/tabs_active.png HTTP/1.1" 304 -
116.238.141.202 - - [22/Apr/2021:08:14:19 +0800] "POST /xingrg/kc/buy/cgsh_list_operate.html HTTP/1.1" 200 2032
116.224.253.72 - - [22/Apr/2021:08:14:24 +0800] "GET /xingrg/check_reg.html?_=1619050448648 HTTP/1.1" 200 22
116.238.141.202 - - [22/Apr/2021:08:14:26 +0800] "GET /xingrg/all/function/internal_message.html?_=1619050744126&CODE_STATE=getMsg HTTP/1.1" 200 27
180.169.147.146 - - [22/Apr/2021:08:14:32 +0800] "GET /xingrg/check_reg.html?_=1619050468677 HTTP/1.1" 200 22
116.224.253.72 - - [22/Apr/2021:08:14:45 +0800] "GET /xingrg/all/function/internal_message.html?_=1619050469938&CODE_STATE=getMsg HTTP/1.1" 200 27
116.238.141.202 - - [22/Apr/2021:08:14:49 +0800] "POST /xingrg/kc/buy/cgsh_list_operate.html HTTP/1.1" 200 564
116.230.114.112 - - [22/Apr/2021:08:14:50 +0800] "GET /xingrg/all/function/internal_message.html?_=1619050504267&CODE_STATE=getMsg HTTP/1.1" 200 27
101.89.19.197 - - [22/Apr/2021:08:14:52 +0800] "GET /xingrg/all/function/internal_message.html?_=1619050435637&CODE_STATE=getMsg HTTP/1.1" 302 -
58.37.228.113 - - [22/Apr/2021:08:14:52 +0800] "GET /xingrg/all/function/internal_message.html?_=1619050495636&CODE_STATE=getMsg HTTP/1.1" 200 27
101.89.19.197 - - [22/Apr/2021:08:14:52 +0800] "GET /xingrg/login.html HTTP/1.1" 200 7641
116.238.141.202 - - [22/Apr/2021:08:14:54 +0800] "POST /xingrg/kc/buy/cgsh_list_operate.html HTTP/1.1" 200 563
120.253.135.82 - - [22/Apr/2021:08:14:56 +0800] "GET /xingrg/all/function/internal_message.html?_=1619050617133&CODE_STATE=getMsg HTTP/1.1" 200 27
116.238.141.202 - - [22/Apr/2021:08:14:57 +0800] "GET /xingrg/kc/buy/cgsh_order_info.html?code=212021042209097 HTTP/1.1" 200 62116
116.230.114.112 - - [22/Apr/2021:08:14:59 +0800] "GET /xingrg/check_reg.html?_=1619050513185 HTTP/1.1" 200 22
116.238.141.202 - - [22/Apr/2021:08:15:00 +0800] "POST /xingrg/kc/buy/cgsh_order_operate.html HTTP/1.1" 200 19784
116.238.141.202 - - [22/Apr/2021:08:15:02 +0800] "GET /xingrg/javascript/easyui/themes/default/validatebox.css HTTP/1.1" 404 1104
116.238.141.202 - - [22/Apr/2021:08:15:10 +0800] "POST /xingrg/kc/buy/cgsh_order_operate.html HTTP/1.1" 200 37
116.224.253.72 - - [22/Apr/2021:08:15:10 +0800] "GET /xingrg/all/function/internal_message.html?_=1619050511038&CODE_STATE=getMsg HTTP/1.1" 200 27
116.238.141.202 - - [22/Apr/2021:08:15:14 +0800] "POST /xingrg/kc/buy/cgsh_order_operate.html HTTP/1.1" 200 12
116.238.141.202 - - [22/Apr/2021:08:15:21 +0800] "GET /xingrg/kc/buy/cgsh_order_info.html?code=212021042209097 HTTP/1.1" 200 57007
116.238.141.202 - - [22/Apr/2021:08:15:23 +0800] "POST /xingrg/kc/buy/cgsh_order_operate.html HTTP/1.1" 200 17729
116.238.141.202 - - [22/Apr/2021:08:15:24 +0800] "POST /xingrg/kc/buy/cgsh_list_operate.html HTTP/1.1" 200 1679
116.238.141.202 - - [22/Apr/2021:08:15:26 +0800] "GET /xingrg/all/function/internal_message.html?_=1619050804141&CODE_STATE=getMsg HTTP/1.1" 200 27
116.238.141.202 - - [22/Apr/2021:08:15:26 +0800] "GET /xingrg/kc/buy/cgsh_order_list.html HTTP/1.1" 200 46410
116.238.141.202 - - [22/Apr/2021:08:15:30 +0800] "POST /xingrg/kc/buy/cgsh_list_operate.html HTTP/1.1" 200 1679
120.253.135.82 - - [22/Apr/2021:08:15:32 +0800] "POST /xingrg/kc/pszx/mdps_list_operate.html HTTP/1.1" 200 5547
116.238.141.202 - - [22/Apr/2021:08:15:33 +0800] "POST /xingrg/kc/buy/cgsh_list_operate.html HTTP/1.1" 200 563
120.253.135.82 - - [22/Apr/2021:08:15:35 +0800] "POST /xingrg/kc/pszx/mdps_list_operate.html HTTP/1.1" 200 217
116.238.141.202 - - [22/Apr/2021:08:15:38 +0800] "GET /xingrg/kc/buy/cgsh_order_info.html?code=212021042209098 HTTP/1.1" 200 62116
116.238.141.202 - - [22/Apr/2021:08:15:39 +0800] "GET /xingrg/javascript/easyui/themes/default/validatebox.css HTTP/1.1" 404 1104
180.169.147.146 - - [22/Apr/2021:08:15:39 +0800] "GET /xingrg/check_reg.html?_=1619050535741 HTTP/1.1" 200 22
116.238.141.202 - - [22/Apr/2021:08:15:40 +0800] "POST /xingrg/kc/buy/cgsh_order_operate.html HTTP/1.1" 200 20374
120.253.135.82 - - [22/Apr/2021:08:15:40 +0800] "POST /xingrg/kc/pszx/mdps_list_operate.html HTTP/1.1" 200 280
120.253.135.82 - - [22/Apr/2021:08:15:42 +0800] "GET /xingrg/kc/pszx/mdps_order_info.html?code=312021042100593 HTTP/1.1" 200 23925
120.253.135.82 - - [22/Apr/2021:08:15:43 +0800] "GET /xingrg/javascript/easyui/themes/default/validatebox.css HTTP/1.1" 404 1104
120.253.135.82 - - [22/Apr/2021:08:15:43 +0800] "POST /xingrg/kc/pszx/mdps_order_operate.html HTTP/1.1" 200 2782
116.224.253.72 - - [22/Apr/2021:08:15:45 +0800] "GET /xingrg/all/function/internal_message.html?_=1619050529953&CODE_STATE=getMsg HTTP/1.1" 200 27
116.238.141.202 - - [22/Apr/2021:08:15:48 +0800] "POST /xingrg/kc/buy/cgsh_order_operate.html HTTP/1.1" 200 37
120.253.135.82 - - [22/Apr/2021:08:15:48 +0800] "POST /xingrg/kc/pszx/mdps_list_operate.html HTTP/1.1" 200 5547
116.230.114.112 - - [22/Apr/2021:08:15:50 +0800] "GET /xingrg/all/function/internal_message.html?_=1619050564273&CODE_STATE=getMsg HTTP/1.1" 200 27
120.253.135.82 - - [22/Apr/2021:08:15:51 +0800] "POST /xingrg/kc/pszx/mdps_list_operate.html HTTP/1.1" 200 282
120.253.135.82 - - [22/Apr/2021:08:15:52 +0800] "GET /xingrg/kc/pszx/mdps_order_info.html?code=312021041500393 HTTP/1.1" 200 23931
116.238.141.202 - - [22/Apr/2021:08:15:52 +0800] "POST /xingrg/kc/buy/cgsh_order_operate.html HTTP/1.1" 200 12
58.37.228.113 - - [22/Apr/2021:08:15:52 +0800] "GET /xingrg/all/function/internal_message.html?_=1619050555635&CODE_STATE=getMsg HTTP/1.1" 200 27
120.253.135.82 - - [22/Apr/2021:08:15:52 +0800] "GET /xingrg/javascript/easyui/themes/default/validatebox.css HTTP/1.1" 404 1104
120.253.135.82 - - [22/Apr/2021:08:15:52 +0800] "POST /xingrg/kc/pszx/mdps_order_operate.html HTTP/1.1" 200 2767
120.253.135.82 - - [22/Apr/2021:08:15:55 +0800] "POST /xingrg/kc/pszx/mdps_list_operate.html HTTP/1.1" 200 5547
120.253.135.82 - - [22/Apr/2021:08:15:56 +0800] "GET /xingrg/all/function/internal_message.html?_=1619050677146&CODE_STATE=getMsg HTTP/1.1" 200 27
120.253.135.82 - - [22/Apr/2021:08:15:57 +0800] "POST /xingrg/kc/pszx/mdps_list_operate.html HTTP/1.1" 200 3582
116.238.141.202 - - [22/Apr/2021:08:15:58 +0800] "GET /xingrg/kc/buy/cgsh_order_info.html?code=212021042209098 HTTP/1.1" 200 57007
116.238.141.202 - - [22/Apr/2021:08:15:59 +0800] "GET /xingrg/javascript/easyui/themes/default/validatebox.css HTTP/1.1" 404 1104
116.238.141.202 - - [22/Apr/2021:08:15:59 +0800] "POST /xingrg/kc/buy/cgsh_order_operate.html HTTP/1.1" 200 18319
116.238.141.202 - - [22/Apr/2021:08:16:06 +0800] "GET /xingrg/kc/buy/cgsh_order_add.html HTTP/1.1" 200 62107
116.238.141.202 - - [22/Apr/2021:08:16:08 +0800] "POST /xingrg/kc/buy/cgsh_order_operate.html HTTP/1.1" 200 8245
116.238.141.202 - - [22/Apr/2021:08:16:09 +0800] "GET /xingrg/javascript/easyui/themes/default/validatebox.css HTTP/1.1" 404 1104
116.224.253.72 - - [22/Apr/2021:08:16:10 +0800] "GET /xingrg/all/function/internal_message.html?_=1619050571058&CODE_STATE=getMsg HTTP/1.1" 200 27
116.238.141.202 - - [22/Apr/2021:08:16:21 +0800] "GET /xingrg/javascript/easyui/themes/default/tree.css HTTP/1.1" 404 1090
116.238.141.202 - - [22/Apr/2021:08:16:23 +0800] "POST /xingrg/all/common/load_tree.html?tree=supplier_tree_json&isDelete=1 HTTP/1.1" 200 54827
116.238.141.202 - - [22/Apr/2021:08:16:27 +0800] "GET /xingrg/check_reg.html?_=1619050865429 HTTP/1.1" 200 22
116.238.141.202 - - [22/Apr/2021:08:16:28 +0800] "GET /xingrg/all/function/internal_message.html?_=1619050865435&CODE_STATE=getMsg HTTP/1.1" 200 27
222.70.217.33 - - [22/Apr/2021:08:16:37 +0800] "GET /xingrg/login.html HTTP/1.1" 200 7641
222.70.217.33 - - [22/Apr/2021:08:16:37 +0800] "GET /favicon.ico HTTP/1.1" 404 -
116.224.253.72 - - [22/Apr/2021:08:16:45 +0800] "GET /xingrg/all/function/internal_message.html?_=1619050590006&CODE_STATE=getMsg HTTP/1.1" 200 27
116.230.114.112 - - [22/Apr/2021:08:16:50 +0800] "GET /xingrg/all/function/internal_message.html?_=1619050624286&CODE_STATE=getMsg HTTP/1.1" 200 27
116.238.141.202 - - [22/Apr/2021:08:16:52 +0800] "GET /xingrg/kc/buy/cgsh_order_operate.html?command=get_materiel&rest_code=00102&code=00101029085&supplier_code=00100406&order_time=2021-04-22 HTTP/1.1" 200 433
58.37.228.113 - - [22/Apr/2021:08:16:52 +0800] "GET /xingrg/check_reg.html?_=1619050615636 HTTP/1.1" 200 22
58.37.228.113 - - [22/Apr/2021:08:16:52 +0800] "GET /xingrg/all/function/internal_message.html?_=1619050615635&CODE_STATE=getMsg HTTP/1.1" 200 27
116.238.141.202 - - [22/Apr/2021:08:17:04 +0800] "POST /xingrg/kc/buy/cgsh_order_operate.html HTTP/1.1" 200 37
116.238.141.202 - - [22/Apr/2021:08:17:09 +0800] "POST /xingrg/kc/buy/cgsh_order_operate.html HTTP/1.1" 200 12
116.224.253.72 - - [22/Apr/2021:08:17:10 +0800] "GET /xingrg/check_reg.html?_=1619050631061 HTTP/1.1" 200 22
116.224.253.72 - - [22/Apr/2021:08:17:10 +0800] "GET /xingrg/all/function/internal_message.html?_=1619050631063&CODE_STATE=getMsg HTTP/1.1" 200 27
116.238.141.202 - - [22/Apr/2021:08:17:20 +0800] "GET /xingrg/kc/buy/cgsh_order_info.html?code=212021042209099 HTTP/1.1" 200 57013
116.238.141.202 - - [22/Apr/2021:08:17:20 +0800] "GET /xingrg/javascript/easyui/themes/default/validatebox.css HTTP/1.1" 404 1104
116.238.141.202 - - [22/Apr/2021:08:17:20 +0800] "POST /xingrg/kc/buy/cgsh_order_operate.html HTTP/1.1" 200 636
116.238.141.202 - - [22/Apr/2021:08:17:25 +0800] "GET /xingrg/kc/print/load_config.html?kc_code=cgsh HTTP/1.1" 200 1845
116.238.141.202 - - [22/Apr/2021:08:17:25 +0800] "GET /xingrg/kc/print/load_data.html?order_code=212021042209099&kc_code=cgsh&condition= HTTP/1.1" 200 716
116.238.141.202 - - [22/Apr/2021:08:17:31 +0800] "GET /xingrg/all/function/internal_message.html?_=1619050929428&CODE_STATE=getMsg HTTP/1.1" 200 27
116.238.141.202 - - [22/Apr/2021:08:17:44 +0800] "GET /xingrg/kc/buy/cgsh_order_add.html HTTP/1.1" 200 62107
116.238.141.202 - - [22/Apr/2021:08:17:45 +0800] "POST /xingrg/kc/buy/cgsh_order_operate.html HTTP/1.1" 200 8245
116.224.253.72 - - [22/Apr/2021:08:17:45 +0800] "GET /xingrg/all/function/internal_message.html?_=1619050650010&CODE_STATE=getMsg HTTP/1.1" 200 27
116.238.141.202 - - [22/Apr/2021:08:17:45 +0800] "GET /xingrg/javascript/easyui/themes/default/validatebox.css HTTP/1.1" 404 1104
222.70.217.33 - - [22/Apr/2021:08:17:49 +0800] "POST /xingrg/login.do HTTP/1.1" 302 -
222.70.217.33 - - [22/Apr/2021:08:17:49 +0800] "GET /xingrg/index.html?sysBaseUrl=http%3A%2F%2F180.169.147.146%3A18081%2Fxingrg%2F&costTime=42×tamp=1619050669129 HTTP/1.1" 200 17179
222.70.217.33 - - [22/Apr/2021:08:17:49 +0800] "GET /favicon.ico HTTP/1.1" 404 -
222.70.217.33 - - [22/Apr/2021:08:17:49 +0800] "POST /xingrg/all/common/load_tree.html?tree=area_rest_tree_json&manage=1 HTTP/1.1" 200 351
222.70.217.33 - - [22/Apr/2021:08:17:49 +0800] "GET /xingrg/all/function/internal_message.html?_=1619050667431&CODE_STATE=count HTTP/1.1" 200 11
222.70.217.33 - - [22/Apr/2021:08:17:49 +0800] "GET /xingrg/check_reg.html?_=1619050667432 HTTP/1.1" 200 22
222.70.217.33 - - [22/Apr/2021:08:17:49 +0800] "POST /xingrg/load_menu.html HTTP/1.1" 200 5138
116.230.114.112 - - [22/Apr/2021:08:17:51 +0800] "GET /xingrg/all/function/internal_message.html?_=1619050684406&CODE_STATE=getMsg HTTP/1.1" 200 27
58.37.228.113 - - [22/Apr/2021:08:17:52 +0800] "GET /xingrg/all/function/internal_message.html?_=1619050675664&CODE_STATE=getMsg HTTP/1.1" 200 27
116.238.141.202 - - [22/Apr/2021:08:17:54 +0800] "GET /xingrg/kc/buy/cgsh_order_operate.html?command=get_materiel&rest_code=00102&code=00101006025&supplier_code=00100096&order_time=2021-04-22 HTTP/1.1" 200 419
116.224.253.72 - - [22/Apr/2021:08:18:10 +0800] "GET /xingrg/all/function/internal_message.html?_=1619050691061&CODE_STATE=getMsg HTTP/1.1" 200 27
116.238.141.202 - - [22/Apr/2021:08:18:28 +0800] "GET /xingrg/kc/buy/cgsh_order_operate.html?command=get_materiel&rest_code=00102&code=00101007048&supplier_code=00100096&order_time=2021-04-22 HTTP/1.1" 200 408
116.238.141.202 - - [22/Apr/2021:08:18:32 +0800] "GET /xingrg/all/function/internal_message.html?_=1619050990249&CODE_STATE=getMsg HTTP/1.1" 200 27
116.238.141.202 - - [22/Apr/2021:08:18:40 +0800] "GET /xingrg/kc/buy/cgsh_order_operate.html?command=get_materiel&rest_code=00102&code=00101016080&supplier_code=00100096&order_time=2021-04-22 HTTP/1.1" 200 408
116.224.253.72 - - [22/Apr/2021:08:18:45 +0800] "GET /xingrg/all/function/internal_message.html?_=1619050710064&CODE_STATE=getMsg HTTP/1.1" 200 27
222.70.217.33 - - [22/Apr/2021:08:18:49 +0800] "GET /xingrg/all/function/internal_message.html?_=1619050727438&CODE_STATE=getMsg HTTP/1.1" 200 27
116.230.114.112 - - [22/Apr/2021:08:18:51 +0800] "GET /xingrg/all/function/internal_message.html?_=1619050744408&CODE_STATE=getMsg HTTP/1.1" 200 27
58.37.228.113 - - [22/Apr/2021:08:18:52 +0800] "GET /xingrg/all/function/internal_message.html?_=1619050735664&CODE_STATE=getMsg HTTP/1.1" 200 27
116.238.141.202 - - [22/Apr/2021:08:18:52 +0800] "GET /xingrg/kc/buy/cgsh_order_operate.html?command=get_materiel&rest_code=00102&code=00101006129&supplier_code=00100096&order_time=2021-04-22 HTTP/1.1" 200 431
116.238.141.202 - - [22/Apr/2021:08:19:06 +0800] "GET /xingrg/kc/buy/cgsh_order_operate.html?command=get_materiel&rest_code=00102&code=00101006109&supplier_code=00100096&order_time=2021-04-22 HTTP/1.1" 200 409
58.221.95.50 - - [22/Apr/2021:08:19:10 +0800] "GET /xingrg/check_reg.html?_=1619050751517 HTTP/1.1" 302 -
116.224.253.72 - - [22/Apr/2021:08:19:10 +0800] "GET /xingrg/all/function/internal_message.html?_=1619050751060&CODE_STATE=getMsg HTTP/1.1" 200 27
116.238.141.202 - - [22/Apr/2021:08:19:23 +0800] "GET /xingrg/kc/buy/cgsh_order_operate.html?command=get_materiel&rest_code=00102&code=00101001010&supplier_code=00100096&order_time=2021-04-22 HTTP/1.1" 200 411
116.224.253.72 - - [22/Apr/2021:08:19:24 +0800] "GET /xingrg/check_reg.html?_=1619050748651 HTTP/1.1" 200 22
116.238.141.202 - - [22/Apr/2021:08:19:32 +0800] "GET /xingrg/all/function/internal_message.html?_=1619051050366&CODE_STATE=getMsg HTTP/1.1" 200 27
180.169.147.146 - - [22/Apr/2021:08:19:32 +0800] "GET /xingrg/check_reg.html?_=1619050768698 HTTP/1.1" 200 22
116.238.141.202 - - [22/Apr/2021:08:19:39 +0800] "GET /xingrg/kc/buy/cgsh_order_operate.html?command=get_materiel&rest_code=00102&code=00101006177&supplier_code=00100096&order_time=2021-04-22 HTTP/1.1" 200 409
116.224.253.72 - - [22/Apr/2021:08:19:45 +0800] "GET /xingrg/all/function/internal_message.html?_=1619050770069&CODE_STATE=getMsg HTTP/1.1" 200 27
222.70.217.33 - - [22/Apr/2021:08:19:49 +0800] "GET /xingrg/all/function/internal_message.html?_=1619050787438&CODE_STATE=getMsg HTTP/1.1" 200 27
116.230.114.112 - - [22/Apr/2021:08:19:51 +0800] "GET /xingrg/all/function/internal_message.html?_=1619050804532&CODE_STATE=getMsg HTTP/1.1" 200 27
58.37.228.113 - - [22/Apr/2021:08:19:52 +0800] "GET /xingrg/all/function/internal_message.html?_=1619050795662&CODE_STATE=getMsg HTTP/1.1" 200 27
116.238.141.202 - - [22/Apr/2021:08:19:57 +0800] "GET /xingrg/kc/buy/cgsh_order_operate.html?command=get_materiel&rest_code=00102&code=00101006039&supplier_code=00100096&order_time=2021-04-22 HTTP/1.1" 200 413
116.230.114.112 - - [22/Apr/2021:08:19:59 +0800] "GET /xingrg/check_reg.html?_=1619050813191 HTTP/1.1" 200 22
116.224.253.72 - - [22/Apr/2021:08:20:10 +0800] "GET /xingrg/all/function/internal_message.html?_=1619050811078&CODE_STATE=getMsg HTTP/1.1" 200 27
116.238.141.202 - - [22/Apr/2021:08:20:32 +0800] "GET /xingrg/all/function/internal_message.html?_=1619051110370&CODE_STATE=getMsg HTTP/1.1" 200 27
180.169.147.146 - - [22/Apr/2021:08:20:39 +0800] "GET /xingrg/check_reg.html?_=1619050835758 HTTP/1.1" 200 22
116.224.253.72 - - [22/Apr/2021:08:20:45 +0800] "GET /xingrg/all/function/internal_message.html?_=1619050830082&CODE_STATE=getMsg HTTP/1.1" 200 27
116.238.141.202 - - [22/Apr/2021:08:20:48 +0800] "GET /xingrg/kc/buy/cgsh_order_operate.html?command=get_materiel&rest_code=00102&code=00101006133&supplier_code=00100096&order_time=2021-04-22 HTTP/1.1" 200 415
222.70.217.33 - - [22/Apr/2021:08:20:49 +0800] "GET /xingrg/all/function/internal_message.html?_=1619050847444&CODE_STATE=getMsg HTTP/1.1" 200 27
116.230.114.112 - - [22/Apr/2021:08:20:51 +0800] "GET /xingrg/all/function/internal_message.html?_=1619050864544&CODE_STATE=getMsg HTTP/1.1" 200 27
58.37.228.113 - - [22/Apr/2021:08:20:52 +0800] "GET /xingrg/all/function/internal_message.html?_=1619050855664&CODE_STATE=getMsg HTTP/1.1" 200 27
101.91.60.105 - - [22/Apr/2021:08:20:53 +0800] "GET /xingrg/all/function/internal_message.html?_=1619050795662&CODE_STATE=getMsg HTTP/1.1" 302 -
101.91.60.105 - - [22/Apr/2021:08:20:54 +0800] "GET /xingrg/login.html HTTP/1.1" 200 7641
116.224.253.72 - - [22/Apr/2021:08:21:10 +0800] "GET /xingrg/all/function/internal_message.html?_=1619050871078&CODE_STATE=getMsg HTTP/1.1" 200 27
222.70.217.33 - - [22/Apr/2021:08:21:12 +0800] "GET /xingrg/kc/buy/cgsh_order_list.html HTTP/1.1" 200 46416
222.70.217.33 - - [22/Apr/2021:08:21:13 +0800] "POST /xingrg/kc/buy/cgsh_list_operate.html HTTP/1.1" 200 876
116.238.141.202 - - [22/Apr/2021:08:21:26 +0800] "POST /xingrg/kc/buy/cgsh_order_operate.html HTTP/1.1" 200 37
116.238.141.202 - - [22/Apr/2021:08:21:29 +0800] "POST /xingrg/kc/buy/cgsh_order_operate.html HTTP/1.1" 200 12
116.238.141.202 - - [22/Apr/2021:08:21:32 +0800] "GET /xingrg/check_reg.html?_=1619051170607 HTTP/1.1" 200 22
116.238.141.202 - - [22/Apr/2021:08:21:32 +0800] "GET /xingrg/all/function/internal_message.html?_=1619051170610&CODE_STATE=getMsg HTTP/1.1" 200 27
222.70.217.33 - - [22/Apr/2021:08:21:32 +0800] "GET /xingrg/kc/buy/cgsh_order_add.html HTTP/1.1" 200 62116
222.70.217.33 - - [22/Apr/2021:08:21:32 +0800] "GET /xingrg/words/20210421191828_words.js HTTP/1.1" 304 -
116.238.141.202 - - [22/Apr/2021:08:21:32 +0800] "GET /xingrg/kc/buy/cgsh_order_info.html?code=212021042209100 HTTP/1.1" 200 56997
222.70.217.33 - - [22/Apr/2021:08:21:32 +0800] "POST /xingrg/kc/buy/cgsh_order_operate.html HTTP/1.1" 200 8245
222.70.217.33 - - [22/Apr/2021:08:21:32 +0800] "GET /xingrg/all/common/auto_word.html?type=employee&rest_code=00155 HTTP/1.1" 200 109
222.70.217.33 - - [22/Apr/2021:08:21:32 +0800] "GET /xingrg/javascript/easyui/themes/default/validatebox.css HTTP/1.1" 404 1104
222.70.217.33 - - [22/Apr/2021:08:21:32 +0800] "GET /xingrg/all/common/auto_word.html?type=employee&rest_code=00155 HTTP/1.1" 200 109
116.238.141.202 - - [22/Apr/2021:08:21:34 +0800] "GET /xingrg/javascript/easyui/themes/default/validatebox.css HTTP/1.1" 404 1104
116.238.141.202 - - [22/Apr/2021:08:21:35 +0800] "POST /xingrg/kc/buy/cgsh_order_operate.html HTTP/1.1" 200 5949
222.70.217.33 - - [22/Apr/2021:08:21:37 +0800] "GET /xingrg/javascript/auto/indicator.gif HTTP/1.1" 404 1066
116.238.141.202 - - [22/Apr/2021:08:21:38 +0800] "GET /xingrg/kc/print/load_data.html?order_code=212021042209100&kc_code=cgsh&condition= HTTP/1.1" 200 2705
116.224.253.72 - - [22/Apr/2021:08:21:45 +0800] "GET /xingrg/all/function/internal_message.html?_=1619050890132&CODE_STATE=getMsg HTTP/1.1" 200 27
222.70.217.33 - - [22/Apr/2021:08:21:49 +0800] "GET /xingrg/all/function/internal_message.html?_=1619050907437&CODE_STATE=getMsg HTTP/1.1" 200 27
116.230.114.112 - - [22/Apr/2021:08:21:51 +0800] "GET /xingrg/all/function/internal_message.html?_=1619050924558&CODE_STATE=getMsg HTTP/1.1" 200 27
61.129.6.203 - - [22/Apr/2021:08:21:52 +0800] "GET /xingrg/all/function/internal_message.html?_=1619050855664&CODE_STATE=getMsg HTTP/1.1" 302 -
58.37.228.113 - - [22/Apr/2021:08:21:52 +0800] "GET /xingrg/check_reg.html?_=1619050915663 HTTP/1.1" 200 22
58.37.228.113 - - [22/Apr/2021:08:21:52 +0800] "GET /xingrg/all/function/internal_message.html?_=1619050915664&CODE_STATE=getMsg HTTP/1.1" 200 27
61.129.6.203 - - [22/Apr/2021:08:21:52 +0800] "GET /xingrg/login.html HTTP/1.1" 200 7641
116.238.141.202 - - [22/Apr/2021:08:21:55 +0800] "GET /favicon.ico HTTP/1.1" 404 -
116.238.141.202 - - [22/Apr/2021:08:21:56 +0800] "GET /favicon.ico HTTP/1.1" 404 -
116.224.253.72 - - [22/Apr/2021:08:22:10 +0800] "GET /xingrg/check_reg.html?_=1619050931083 HTTP/1.1" 200 22
116.224.253.72 - - [22/Apr/2021:08:22:10 +0800] "GET /xingrg/all/function/internal_message.html?_=1619050931084&CODE_STATE=getMsg HTTP/1.1" 200 27
116.224.253.72 - - [22/Apr/2021:08:22:45 +0800] "GET /xingrg/all/function/internal_message.html?_=1619050950140&CODE_STATE=getMsg HTTP/1.1" 200 27
222.70.217.33 - - [22/Apr/2021:08:22:49 +0800] "GET /xingrg/check_reg.html?_=1619050967437 HTTP/1.1" 200 22
222.70.217.33 - - [22/Apr/2021:08:22:49 +0800] "GET /xingrg/all/function/internal_message.html?_=1619050967442&CODE_STATE=getMsg HTTP/1.1" 200 27
116.230.114.112 - - [22/Apr/2021:08:22:51 +0800] "GET /xingrg/all/function/internal_message.html?_=1619050984683&CODE_STATE=getMsg HTTP/1.1" 200 27
61.129.6.225 - - [22/Apr/2021:08:22:52 +0800] "GET /xingrg/all/function/internal_message.html?_=1619050915664&CODE_STATE=getMsg HTTP/1.1" 302 -
61.129.6.203 - - [22/Apr/2021:08:22:52 +0800] "GET /xingrg/check_reg.html?_=1619050915663 HTTP/1.1" 302 -
58.37.228.113 - - [22/Apr/2021:08:22:52 +0800] "GET /xingrg/all/function/internal_message.html?_=1619050975662&CODE_STATE=getMsg HTTP/1.1" 200 27
61.129.6.203 - - [22/Apr/2021:08:22:52 +0800] "GET /xingrg/login.html HTTP/1.1" 200 7641
61.129.6.225 - - [22/Apr/2021:08:22:52 +0800] "GET /xingrg/login.html HTTP/1.1" 200 7641
116.224.253.72 - - [22/Apr/2021:08:23:10 +0800] "GET /xingrg/all/function/internal_message.html?_=1619050991102&CODE_STATE=getMsg HTTP/1.1" 200 27
116.224.253.72 - - [22/Apr/2021:08:23:45 +0800] "GET /xingrg/all/function/internal_message.html?_=1619051010193&CODE_STATE=getMsg HTTP/1.1" 200 27
222.70.217.33 - - [22/Apr/2021:08:23:49 +0800] "GET /xingrg/all/function/internal_message.html?_=1619051027444&CODE_STATE=getMsg HTTP/1.1" 200 27
116.230.114.112 - - [22/Apr/2021:08:23:51 +0800] "GET /xingrg/all/function/internal_message.html?_=1619051044694&CODE_STATE=getMsg HTTP/1.1" 200 27
58.37.228.113 - - [22/Apr/2021:08:23:52 +0800] "GET /xingrg/all/function/internal_message.html?_=1619051035662&CODE_STATE=getMsg HTTP/1.1" 200 27
61.165.42.208 - - [22/Apr/2021:08:23:52 +0800] "GET /favicon.ico HTTP/1.1" 404 -
58.221.95.50 - - [22/Apr/2021:08:24:10 +0800] "GET /xingrg/check_reg.html?_=1619051051508 HTTP/1.1" 302 -
116.224.253.72 - - [22/Apr/2021:08:24:10 +0800] "GET /xingrg/all/function/internal_message.html?_=1619051051107&CODE_STATE=getMsg HTTP/1.1" 200 27
116.224.253.72 - - [22/Apr/2021:08:24:24 +0800] "GET /xingrg/check_reg.html?_=1619051048655 HTTP/1.1" 200 22
180.169.147.146 - - [22/Apr/2021:08:24:32 +0800] "GET /xingrg/check_reg.html?_=1619051068672 HTTP/1.1" 200 22
116.224.253.72 - - [22/Apr/2021:08:24:45 +0800] "GET /xingrg/all/function/internal_message.html?_=1619051070199&CODE_STATE=getMsg HTTP/1.1" 200 27
222.70.217.33 - - [22/Apr/2021:08:24:49 +0800] "GET /xingrg/all/function/internal_message.html?_=1619051087448&CODE_STATE=getMsg HTTP/1.1" 200 27
116.230.114.112 - - [22/Apr/2021:08:24:51 +0800] "GET /xingrg/all/function/internal_message.html?_=1619051104808&CODE_STATE=getMsg HTTP/1.1" 200 27
101.89.239.230 - - [22/Apr/2021:08:24:52 +0800] "GET /xingrg/all/function/internal_message.html?_=1619051035662&CODE_STATE=getMsg HTTP/1.1" 302 -
58.37.228.113 - - [22/Apr/2021:08:24:52 +0800] "GET /xingrg/all/function/internal_message.html?_=1619051095661&CODE_STATE=getMsg HTTP/1.1" 200 27
101.89.239.230 - - [22/Apr/2021:08:24:52 +0800] "GET /xingrg/login.html HTTP/1.1" 200 7641
116.230.114.112 - - [22/Apr/2021:08:24:59 +0800] "GET /xingrg/check_reg.html?_=1619051113198 HTTP/1.1" 200 22
116.224.253.72 - - [22/Apr/2021:08:25:10 +0800] "GET /xingrg/all/function/internal_message.html?_=1619051111111&CODE_STATE=getMsg HTTP/1.1" 200 27
180.169.147.146 - - [22/Apr/2021:08:25:39 +0800] "GET /xingrg/check_reg.html?_=1619051135740 HTTP/1.1" 200 22
116.224.253.72 - - [22/Apr/2021:08:25:46 +0800] "GET /xingrg/all/function/internal_message.html?_=1619051130214&CODE_STATE=getMsg HTTP/1.1" 200 27
222.70.217.33 - - [22/Apr/2021:08:25:49 +0800] "GET /xingrg/all/function/internal_message.html?_=1619051147436&CODE_STATE=getMsg HTTP/1.1" 200 27
116.230.114.112 - - [22/Apr/2021:08:25:51 +0800] "GET /xingrg/all/function/internal_message.html?_=1619051164815&CODE_STATE=getMsg HTTP/1.1" 200 27
58.37.228.113 - - [22/Apr/2021:08:25:52 +0800] "GET /xingrg/all/function/internal_message.html?_=1619051155659&CODE_STATE=getMsg HTTP/1.1" 200 27
180.97.118.223 - - [22/Apr/2021:08:25:53 +0800] "GET /xingrg/all/function/internal_message.html?_=1619051095661&CODE_STATE=getMsg HTTP/1.1" 302 -
180.97.118.223 - - [22/Apr/2021:08:25:54 +0800] "GET /xingrg/login.html HTTP/1.1" 200 7641
116.224.253.72 - - [22/Apr/2021:08:26:10 +0800] "GET /xingrg/all/function/internal_message.html?_=1619051171098&CODE_STATE=getMsg HTTP/1.1" 200 27
116.224.253.72 - - [22/Apr/2021:08:26:46 +0800] "GET /xingrg/all/function/internal_message.html?_=1619051190262&CODE_STATE=getMsg HTTP/1.1" 200 27
222.70.217.33 - - [22/Apr/2021:08:26:49 +0800] "GET /xingrg/all/function/internal_message.html?_=1619051207438&CODE_STATE=getMsg HTTP/1.1" 200 27
116.230.114.112 - - [22/Apr/2021:08:26:51 +0800] "GET /xingrg/all/function/internal_message.html?_=1619051224828&CODE_STATE=getMsg HTTP/1.1" 200 27
58.37.228.113 - - [22/Apr/2021:08:26:52 +0800] "GET /xingrg/all/function/internal_message.html?_=1619051215684&CODE_STATE=getMsg HTTP/1.1" 200 27
58.37.228.113 - - [22/Apr/2021:08:26:52 +0800] "GET /xingrg/check_reg.html?_=1619051215686 HTTP/1.1" 200 22
116.224.253.72 - - [22/Apr/2021:08:27:10 +0800] "GET /xingrg/all/function/internal_message.html?_=1619051231096&CODE_STATE=getMsg HTTP/1.1" 200 27
116.224.253.72 - - [22/Apr/2021:08:27:10 +0800] "GET /xingrg/check_reg.html?_=1619051231098 HTTP/1.1" 200 22
116.224.253.72 - - [22/Apr/2021:08:27:46 +0800] "GET /xingrg/all/function/internal_message.html?_=1619051250271&CODE_STATE=getMsg HTTP/1.1" 200 27
222.70.217.33 - - [22/Apr/2021:08:27:49 +0800] "GET /xingrg/check_reg.html?_=1619051267444 HTTP/1.1" 200 22
222.70.217.33 - - [22/Apr/2021:08:27:49 +0800] "GET /xingrg/all/function/internal_message.html?_=1619051267448&CODE_STATE=getMsg HTTP/1.1" 200 27
116.230.114.112 - - [22/Apr/2021:08:27:51 +0800] "GET /xingrg/all/function/internal_message.html?_=1619051284949&CODE_STATE=getMsg HTTP/1.1" 200 27
58.37.228.113 - - [22/Apr/2021:08:27:52 +0800] "GET /xingrg/all/function/internal_message.html?_=1619051275685&CODE_STATE=getMsg HTTP/1.1" 200 27
61.129.7.235 - - [22/Apr/2021:08:27:53 +0800] "GET /xingrg/all/function/internal_message.html?_=1619051215684&CODE_STATE=getMsg HTTP/1.1" 302 -
61.129.7.235 - - [22/Apr/2021:08:27:54 +0800] "GET /xingrg/login.html HTTP/1.1" 200 7641
116.224.253.72 - - [22/Apr/2021:08:28:10 +0800] "GET /xingrg/all/function/internal_message.html?_=1619051291131&CODE_STATE=getMsg HTTP/1.1" 200 27
116.224.253.72 - - [22/Apr/2021:08:28:46 +0800] "GET /xingrg/all/function/internal_message.html?_=1619051310319&CODE_STATE=getMsg HTTP/1.1" 200 27
222.70.217.33 - - [22/Apr/2021:08:28:49 +0800] "GET /xingrg/all/function/internal_message.html?_=1619051327433&CODE_STATE=getMsg HTTP/1.1" 200 27
116.230.114.112 - - [22/Apr/2021:08:28:51 +0800] "GET /xingrg/all/function/internal_message.html?_=1619051344949&CODE_STATE=getMsg HTTP/1.1" 200 27
61.151.178.177 - - [22/Apr/2021:08:28:52 +0800] "GET /xingrg/all/function/internal_message.html?_=1619051275685&CODE_STATE=getMsg HTTP/1.1" 302 -
58.37.228.113 - - [22/Apr/2021:08:28:52 +0800] "GET /xingrg/all/function/internal_message.html?_=1619051335684&CODE_STATE=getMsg HTTP/1.1" 200 27
61.151.178.177 - - [22/Apr/2021:08:28:53 +0800] "GET /xingrg/login.html HTTP/1.1" 200 7641
58.221.95.50 - - [22/Apr/2021:08:29:10 +0800] "GET /xingrg/check_reg.html?_=1619051351535 HTTP/1.1" 302 -
116.224.253.72 - - [22/Apr/2021:08:29:10 +0800] "GET /xingrg/all/function/internal_message.html?_=1619051351130&CODE_STATE=getMsg HTTP/1.1" 200 27
116.224.253.72 - - [22/Apr/2021:08:29:24 +0800] "GET /xingrg/check_reg.html?_=1619051348660 HTTP/1.1" 200 22
180.169.147.146 - - [22/Apr/2021:08:29:32 +0800] "GET /xingrg/check_reg.html?_=1619051368694 HTTP/1.1" 200 22
116.224.253.72 - - [22/Apr/2021:08:29:46 +0800] "GET /xingrg/all/function/internal_message.html?_=1619051370329&CODE_STATE=getMsg HTTP/1.1" 200 27
222.70.217.33 - - [22/Apr/2021:08:29:49 +0800] "GET /xingrg/all/function/internal_message.html?_=1619051387438&CODE_STATE=getMsg HTTP/1.1" 200 27
116.230.114.112 - - [22/Apr/2021:08:29:51 +0800] "GET /xingrg/all/function/internal_message.html?_=1619051405062&CODE_STATE=getMsg HTTP/1.1" 200 27
101.89.19.197 - - [22/Apr/2021:08:29:52 +0800] "GET /xingrg/all/function/internal_message.html?_=1619051335684&CODE_STATE=getMsg HTTP/1.1" 302 -
58.37.228.113 - - [22/Apr/2021:08:29:52 +0800] "GET /xingrg/all/function/internal_message.html?_=1619051395684&CODE_STATE=getMsg HTTP/1.1" 200 27
101.89.19.197 - - [22/Apr/2021:08:29:52 +0800] "GET /xingrg/login.html HTTP/1.1" 200 7641
116.230.114.112 - - [22/Apr/2021:08:29:59 +0800] "GET /xingrg/check_reg.html?_=1619051413203 HTTP/1.1" 200 22
116.224.253.72 - - [22/Apr/2021:08:30:10 +0800] "GET /xingrg/all/function/internal_message.html?_=1619051411132&CODE_STATE=getMsg HTTP/1.1" 200 27
180.169.147.146 - - [22/Apr/2021:08:30:39 +0800] "GET /xingrg/check_reg.html?_=1619051435760 HTTP/1.1" 200 22
116.224.253.72 - - [22/Apr/2021:08:30:46 +0800] "GET /xingrg/all/function/internal_message.html?_=1619051430342&CODE_STATE=getMsg HTTP/1.1" 200 27
222.70.217.33 - - [22/Apr/2021:08:30:49 +0800] "GET /xingrg/all/function/internal_message.html?_=1619051447442&CODE_STATE=getMsg HTTP/1.1" 200 27
116.230.114.112 - - [22/Apr/2021:08:30:51 +0800] "GET /xingrg/all/function/internal_message.html?_=1619051465070&CODE_STATE=getMsg HTTP/1.1" 200 27
