180.169.147.146 - - [22/Apr/2021:09:26:21 +0800] "GET /xingrg/all/function/internal_message.html?_=1619054781653&CODE_STATE=getMsg HTTP/1.1" 200 27
222.70.217.33 - - [22/Apr/2021:09:26:23 +0800] "GET /xingrg/all/function/internal_message.html?_=1619054783697&CODE_STATE=getMsg HTTP/1.1" 200 27
101.85.94.178 - - [22/Apr/2021:09:26:24 +0800] "GET /xingrg/check_reg.html?_=1619054316900 HTTP/1.1" 200 22
101.85.94.178 - - [22/Apr/2021:09:26:24 +0800] "GET /xingrg/all/function/internal_message.html?_=1619054316903&CODE_STATE=getMsg HTTP/1.1" 200 27
116.233.77.251 - - [22/Apr/2021:09:26:26 +0800] "GET /xingrg/all/function/internal_message.html?_=1619054788953&CODE_STATE=getMsg HTTP/1.1" 200 27
114.88.160.164 - - [22/Apr/2021:09:26:30 +0800] "GET /xingrg/kc/buy/cgsh_order_operate.html?command=get_materiel&rest_code=00111&code=00101009030&supplier_code=00100005&order_time=2021-04-22 HTTP/1.1" 200 412
61.165.42.208 - - [22/Apr/2021:09:26:30 +0800] "GET /xingrg/kc/buy/cgsh_order_operate.html?command=get_materiel&rest_code=00105&code=00101008122&supplier_code=00100203&order_time=2021-04-22 HTTP/1.1" 200 412
180.162.112.86 - - [22/Apr/2021:09:26:33 +0800] "GET /xingrg/kc/buy/cgsh_order_operate.html?command=get_materiel&rest_code=00143&code=00101019738&supplier_code=00100207&order_time=2021-04-22 HTTP/1.1" 200 435
180.169.147.146 - - [22/Apr/2021:09:26:37 +0800] "GET /xingrg/all/function/internal_message.html?_=1619054799834&CODE_STATE=getMsg HTTP/1.1" 200 27
180.169.147.146 - - [22/Apr/2021:09:26:37 +0800] "GET /xingrg/all/function/internal_message.html?_=1619054795831&CODE_STATE=getMsg HTTP/1.1" 200 27
61.165.42.208 - - [22/Apr/2021:09:26:38 +0800] "GET /xingrg/kc/buy/cgsh_order_operate.html?command=get_materiel&rest_code=00105&code=00101008509&supplier_code=00100203&order_time=2021-04-22 HTTP/1.1" 200 395
116.238.141.202 - - [22/Apr/2021:09:26:43 +0800] "GET /xingrg/all/function/internal_message.html?_=1619055081422&CODE_STATE=getMsg HTTP/1.1" 200 27
180.162.112.86 - - [22/Apr/2021:09:26:43 +0800] "GET /xingrg/all/function/internal_message.html?_=1619054560612&CODE_STATE=getMsg HTTP/1.1" 200 27
116.230.114.112 - - [22/Apr/2021:09:26:45 +0800] "GET /xingrg/all/function/internal_message.html?_=1619054818779&CODE_STATE=getMsg HTTP/1.1" 200 27
61.165.42.208 - - [22/Apr/2021:09:26:47 +0800] "GET /xingrg/kc/buy/cgsh_order_operate.html?command=get_materiel&rest_code=00105&code=00101008109&supplier_code=00100203&order_time=2021-04-22 HTTP/1.1" 200 413
180.169.147.146 - - [22/Apr/2021:09:26:47 +0800] "GET /xingrg/all/function/internal_message.html?_=1619054807247&CODE_STATE=getMsg HTTP/1.1" 200 27
180.162.112.86 - - [22/Apr/2021:09:26:48 +0800] "POST /xingrg/all/common/load_select.html HTTP/1.1" 200 38
114.88.160.164 - - [22/Apr/2021:09:26:50 +0800] "GET /xingrg/kc/buy/cgsh_order_operate.html?command=get_materiel&rest_code=00111&code=00101008005&supplier_code=00100005&order_time=2021-04-22 HTTP/1.1" 200 412
180.162.112.86 - - [22/Apr/2021:09:26:51 +0800] "GET /xingrg/kc/buy/cgsh_order_operate.html?command=get_materiel_price&rest_code=00143&code=00101019738&unit_code=00100491&supplier_code=00100207&order_time=2021-04-22 HTTP/1.1" 200 29
58.37.228.113 - - [22/Apr/2021:09:26:52 +0800] "GET /xingrg/all/function/internal_message.html?_=1619054815850&CODE_STATE=getMsg HTTP/1.1" 200 27
58.37.228.113 - - [22/Apr/2021:09:26:52 +0800] "GET /xingrg/check_reg.html?_=1619054815851 HTTP/1.1" 200 22
61.165.42.208 - - [22/Apr/2021:09:26:54 +0800] "GET /xingrg/all/function/internal_message.html?_=1619054814509&CODE_STATE=getMsg HTTP/1.1" 200 27
61.165.42.208 - - [22/Apr/2021:09:26:54 +0800] "GET /xingrg/check_reg.html?_=1619054814586 HTTP/1.1" 200 22
114.83.220.121 - - [22/Apr/2021:09:26:54 +0800] "GET /xingrg/all/function/internal_message.html?_=1619054815187&CODE_STATE=getMsg HTTP/1.1" 200 27
58.37.228.113 - - [22/Apr/2021:09:26:54 +0800] "GET /xingrg/all/function/internal_message.html?_=1619054787693&CODE_STATE=getMsg HTTP/1.1" 200 27
114.88.160.164 - - [22/Apr/2021:09:26:57 +0800] "POST /xingrg/kc/buy/cgsh_order_operate.html HTTP/1.1" 200 2065
58.221.95.50 - - [22/Apr/2021:09:27:01 +0800] "GET /xingrg/all/function/internal_message.html?_=1619054822770&CODE_STATE=getMsg HTTP/1.1" 200 27
61.165.42.208 - - [22/Apr/2021:09:27:05 +0800] "GET /xingrg/kc/buy/cgsh_order_operate.html?command=get_materiel&rest_code=00105&code=00101008114&supplier_code=00100203&order_time=2021-04-22 HTTP/1.1" 200 412
114.88.160.164 - - [22/Apr/2021:09:27:05 +0800] "GET /xingrg/kc/buy/cgsh_order_operate.html?command=get_materiel&rest_code=00111&code=00101020138&supplier_code=00100005&order_time=2021-04-22 HTTP/1.1" 200 426
114.88.160.164 - - [22/Apr/2021:09:27:11 +0800] "GET /xingrg/check_reg.html?_=1619054828804 HTTP/1.1" 200 22
114.88.160.164 - - [22/Apr/2021:09:27:11 +0800] "GET /xingrg/all/function/internal_message.html?_=1619054829405&CODE_STATE=getMsg HTTP/1.1" 200 27
116.224.253.72 - - [22/Apr/2021:09:27:13 +0800] "GET /xingrg/all/function/internal_message.html?_=1619054817842&CODE_STATE=getMsg HTTP/1.1" 200 27
124.77.71.179 - - [22/Apr/2021:09:27:14 +0800] "GET /xingrg/all/function/internal_message.html?_=1619054829216&CODE_STATE=getMsg HTTP/1.1" 200 27
124.77.71.179 - - [22/Apr/2021:09:27:14 +0800] "GET /xingrg/check_reg.html?_=1619054829218 HTTP/1.1" 200 22
61.165.42.208 - - [22/Apr/2021:09:27:15 +0800] "GET /xingrg/kc/buy/cgsh_order_operate.html?command=get_materiel&rest_code=00105&code=00101015066&supplier_code=00100203&order_time=2021-04-22 HTTP/1.1" 200 413
116.224.253.72 - - [22/Apr/2021:09:27:17 +0800] "GET /xingrg/all/function/internal_message.html?_=1619054837979&CODE_STATE=getMsg HTTP/1.1" 200 27
116.224.253.72 - - [22/Apr/2021:09:27:21 +0800] "GET /xingrg/kc/buy/cgsh_order_list.html HTTP/1.1" 200 46414
180.169.147.146 - - [22/Apr/2021:09:27:21 +0800] "GET /xingrg/all/function/internal_message.html?_=1619054841655&CODE_STATE=getMsg HTTP/1.1" 200 27
114.88.160.164 - - [22/Apr/2021:09:27:22 +0800] "POST /xingrg/kc/buy/cgsh_order_operate.html HTTP/1.1" 200 37
222.70.217.33 - - [22/Apr/2021:09:27:23 +0800] "GET /xingrg/check_reg.html?_=1619054843698 HTTP/1.1" 200 22
222.70.217.33 - - [22/Apr/2021:09:27:23 +0800] "GET /xingrg/all/function/internal_message.html?_=1619054843700&CODE_STATE=getMsg HTTP/1.1" 200 27
116.224.253.72 - - [22/Apr/2021:09:27:24 +0800] "POST /xingrg/kc/buy/cgsh_list_operate.html HTTP/1.1" 200 1707
101.85.94.178 - - [22/Apr/2021:09:27:24 +0800] "GET /xingrg/all/function/internal_message.html?_=1619054376889&CODE_STATE=getMsg HTTP/1.1" 200 27
114.88.160.164 - - [22/Apr/2021:09:27:25 +0800] "POST /xingrg/kc/buy/cgsh_order_operate.html HTTP/1.1" 200 37502
116.224.253.72 - - [22/Apr/2021:09:27:25 +0800] "POST /xingrg/kc/buy/cgsh_list_operate.html HTTP/1.1" 200 565
61.165.42.208 - - [22/Apr/2021:09:27:25 +0800] "GET /xingrg/kc/buy/cgsh_order_operate.html?command=get_materiel&rest_code=00105&code=00101008248&supplier_code=00100203&order_time=2021-04-22 HTTP/1.1" 200 412
116.224.253.72 - - [22/Apr/2021:09:27:26 +0800] "GET /xingrg/kc/buy/cgsh_order_info.html?code=212021042209125 HTTP/1.1" 200 61811
116.224.253.72 - - [22/Apr/2021:09:27:26 +0800] "GET /xingrg/words/20210422084616_words.js HTTP/1.1" 304 -
116.224.253.72 - - [22/Apr/2021:09:27:26 +0800] "GET /xingrg/javascript/easyui/themes/default/validatebox.css HTTP/1.1" 404 1104
114.88.160.164 - - [22/Apr/2021:09:27:26 +0800] "GET /xingrg/kc/print/load_data.html?order_code=212021042209133&kc_code=cgsh&condition= HTTP/1.1" 200 13852
116.224.253.72 - - [22/Apr/2021:09:27:26 +0800] "POST /xingrg/kc/buy/cgsh_order_operate.html HTTP/1.1" 200 23599
116.233.77.251 - - [22/Apr/2021:09:27:26 +0800] "GET /xingrg/all/function/internal_message.html?_=1619054848954&CODE_STATE=getMsg HTTP/1.1" 200 27
114.88.160.164 - - [22/Apr/2021:09:27:35 +0800] "GET /xingrg/kc/buy/cgsh_order_add.html HTTP/1.1" 200 62148
114.88.160.164 - - [22/Apr/2021:09:27:36 +0800] "POST /xingrg/kc/buy/cgsh_order_operate.html HTTP/1.1" 200 8245
114.88.160.164 - - [22/Apr/2021:09:27:36 +0800] "GET /xingrg/javascript/easyui/themes/default/validatebox.css HTTP/1.1" 404 1104
180.169.147.146 - - [22/Apr/2021:09:27:37 +0800] "GET /xingrg/all/function/internal_message.html?_=1619054859835&CODE_STATE=getMsg HTTP/1.1" 200 27
180.169.147.146 - - [22/Apr/2021:09:27:37 +0800] "GET /xingrg/all/function/internal_message.html?_=1619054855835&CODE_STATE=getMsg HTTP/1.1" 200 27
116.238.141.202 - - [22/Apr/2021:09:27:42 +0800] "GET /xingrg/check_reg.html?_=1619055140597 HTTP/1.1" 200 22
116.238.141.202 - - [22/Apr/2021:09:27:43 +0800] "GET /xingrg/all/function/internal_message.html?_=1619055141435&CODE_STATE=getMsg HTTP/1.1" 200 27
180.162.112.86 - - [22/Apr/2021:09:27:43 +0800] "GET /xingrg/all/function/internal_message.html?_=1619054620620&CODE_STATE=getMsg HTTP/1.1" 200 27
114.88.160.164 - - [22/Apr/2021:09:27:45 +0800] "GET /xingrg/kc/buy/cgsh_order_operate.html?command=get_materiel&rest_code=00111&code=00101006133&supplier_code=00100012&order_time=2021-04-22 HTTP/1.1" 200 413
116.230.114.112 - - [22/Apr/2021:09:27:45 +0800] "GET /xingrg/all/function/internal_message.html?_=1619054878792&CODE_STATE=getMsg HTTP/1.1" 200 27
180.169.147.146 - - [22/Apr/2021:09:27:47 +0800] "GET /xingrg/all/function/internal_message.html?_=1619054867253&CODE_STATE=getMsg HTTP/1.1" 200 27
58.37.228.113 - - [22/Apr/2021:09:27:52 +0800] "GET /xingrg/all/function/internal_message.html?_=1619054875850&CODE_STATE=getMsg HTTP/1.1" 200 27
114.83.220.121 - - [22/Apr/2021:09:27:54 +0800] "GET /xingrg/all/function/internal_message.html?_=1619054875172&CODE_STATE=getMsg HTTP/1.1" 200 27
61.165.42.208 - - [22/Apr/2021:09:27:54 +0800] "GET /xingrg/all/function/internal_message.html?_=1619054874638&CODE_STATE=getMsg HTTP/1.1" 200 27
58.37.228.113 - - [22/Apr/2021:09:27:54 +0800] "GET /xingrg/all/function/internal_message.html?_=1619054847689&CODE_STATE=getMsg HTTP/1.1" 200 27
114.88.160.164 - - [22/Apr/2021:09:28:01 +0800] "GET /xingrg/kc/buy/cgsh_order_operate.html?command=get_materiel&rest_code=00111&code=00101006055&supplier_code=00100012&order_time=2021-04-22 HTTP/1.1" 200 411
58.221.95.50 - - [22/Apr/2021:09:28:01 +0800] "GET /xingrg/all/function/internal_message.html?_=1619054882765&CODE_STATE=getMsg HTTP/1.1" 200 27
61.165.42.208 - - [22/Apr/2021:09:28:01 +0800] "POST /xingrg/kc/buy/cgsh_order_operate.html HTTP/1.1" 200 2065
61.165.42.208 - - [22/Apr/2021:09:28:03 +0800] "POST /xingrg/kc/buy/cgsh_order_operate.html HTTP/1.1" 200 2065
114.88.160.164 - - [22/Apr/2021:09:28:11 +0800] "GET /xingrg/all/function/internal_message.html?_=1619054889419&CODE_STATE=getMsg HTTP/1.1" 200 27
61.165.42.208 - - [22/Apr/2021:09:28:13 +0800] "GET /xingrg/kc/buy/cgsh_order_operate.html?command=get_materiel&rest_code=00105&code=00101008358&supplier_code=00100203&order_time=2021-04-22 HTTP/1.1" 200 412
116.224.253.72 - - [22/Apr/2021:09:28:13 +0800] "GET /xingrg/check_reg.html?_=1619054877512 HTTP/1.1" 200 22
116.224.253.72 - - [22/Apr/2021:09:28:13 +0800] "GET /xingrg/all/function/internal_message.html?_=1619054877856&CODE_STATE=getMsg HTTP/1.1" 200 27
114.88.160.164 - - [22/Apr/2021:09:28:14 +0800] "GET /xingrg/kc/buy/cgsh_order_operate.html?command=get_materiel&rest_code=00111&code=00101006065&supplier_code=00100012&order_time=2021-04-22 HTTP/1.1" 200 409
124.77.71.179 - - [22/Apr/2021:09:28:14 +0800] "GET /xingrg/all/function/internal_message.html?_=1619054889219&CODE_STATE=getMsg HTTP/1.1" 200 27
116.224.253.72 - - [22/Apr/2021:09:28:17 +0800] "GET /xingrg/all/function/internal_message.html?_=1619054897980&CODE_STATE=getMsg HTTP/1.1" 200 27
180.169.147.146 - - [22/Apr/2021:09:28:21 +0800] "GET /xingrg/check_reg.html?_=1619054901665 HTTP/1.1" 200 22
180.169.147.146 - - [22/Apr/2021:09:28:21 +0800] "GET /xingrg/all/function/internal_message.html?_=1619054901673&CODE_STATE=getMsg HTTP/1.1" 200 27
61.165.42.208 - - [22/Apr/2021:09:28:22 +0800] "GET /xingrg/kc/buy/cgsh_order_operate.html?command=get_materiel&rest_code=00105&code=00101008088&supplier_code=00100203&order_time=2021-04-22 HTTP/1.1" 200 408
222.70.217.33 - - [22/Apr/2021:09:28:23 +0800] "GET /xingrg/all/function/internal_message.html?_=1619054903700&CODE_STATE=getMsg HTTP/1.1" 200 27
101.85.94.178 - - [22/Apr/2021:09:28:24 +0800] "GET /xingrg/all/function/internal_message.html?_=1619054436889&CODE_STATE=getMsg HTTP/1.1" 200 27
116.233.77.251 - - [22/Apr/2021:09:28:26 +0800] "GET /xingrg/all/function/internal_message.html?_=1619054908957&CODE_STATE=getMsg HTTP/1.1" 200 27
116.233.77.251 - - [22/Apr/2021:09:28:26 +0800] "GET /xingrg/check_reg.html?_=1619054908958 HTTP/1.1" 200 22
114.88.160.164 - - [22/Apr/2021:09:28:29 +0800] "GET /xingrg/kc/buy/cgsh_order_operate.html?command=get_materiel&rest_code=00111&code=00101006111&supplier_code=00100012&order_time=2021-04-22 HTTP/1.1" 200 409
61.165.42.208 - - [22/Apr/2021:09:28:31 +0800] "GET /xingrg/kc/buy/cgsh_order_operate.html?command=get_materiel&rest_code=00105&code=00101008332&supplier_code=00100203&order_time=2021-04-22 HTTP/1.1" 200 412
58.221.95.50 - - [22/Apr/2021:09:28:35 +0800] "POST /xingrg/kc/buy/cgsh_order_operate.html HTTP/1.1" 200 37
180.169.147.146 - - [22/Apr/2021:09:28:37 +0800] "GET /xingrg/all/function/internal_message.html?_=1619054919837&CODE_STATE=getMsg HTTP/1.1" 200 27
180.169.147.146 - - [22/Apr/2021:09:28:37 +0800] "GET /xingrg/all/function/internal_message.html?_=1619054915831&CODE_STATE=getMsg HTTP/1.1" 200 27
61.165.42.208 - - [22/Apr/2021:09:28:38 +0800] "GET /xingrg/kc/buy/cgsh_order_operate.html?command=get_materiel&rest_code=00105&code=00101008118&supplier_code=00100203&order_time=2021-04-22 HTTP/1.1" 200 418
114.88.160.164 - - [22/Apr/2021:09:28:38 +0800] "GET /xingrg/kc/buy/cgsh_order_operate.html?command=get_materiel&rest_code=00111&code=00101006057&supplier_code=00100012&order_time=2021-04-22 HTTP/1.1" 200 413
124.77.71.179 - - [22/Apr/2021:09:28:41 +0800] "POST /xingrg/services/DataTransmitService HTTP/1.1" 200 524
124.77.71.179 - - [22/Apr/2021:09:28:41 +0800] "POST /xingrg/services/DataTransmitService HTTP/1.1" 200 2235
58.221.95.50 - - [22/Apr/2021:09:28:41 +0800] "POST /xingrg/kc/buy/cgsh_order_operate.html HTTP/1.1" 200 3255
116.238.141.202 - - [22/Apr/2021:09:28:43 +0800] "GET /xingrg/all/function/internal_message.html?_=1619055201449&CODE_STATE=getMsg HTTP/1.1" 200 27
180.162.112.86 - - [22/Apr/2021:09:28:43 +0800] "GET /xingrg/all/function/internal_message.html?_=1619054680618&CODE_STATE=getMsg HTTP/1.1" 200 27
180.162.112.86 - - [22/Apr/2021:09:28:43 +0800] "GET /xingrg/check_reg.html?_=1619054680615 HTTP/1.1" 200 22
124.77.71.179 - - [22/Apr/2021:09:28:44 +0800] "POST /xingrg/services/DataTransmitService HTTP/1.1" 200 524
124.77.71.179 - - [22/Apr/2021:09:28:44 +0800] "POST /xingrg/services/DataTransmitService HTTP/1.1" 200 2235
116.230.114.112 - - [22/Apr/2021:09:28:45 +0800] "GET /xingrg/all/function/internal_message.html?_=1619054938947&CODE_STATE=getMsg HTTP/1.1" 200 27
61.165.42.208 - - [22/Apr/2021:09:28:45 +0800] "GET /xingrg/kc/buy/cgsh_order_operate.html?command=get_materiel&rest_code=00105&code=00101008126&supplier_code=00100203&order_time=2021-04-22 HTTP/1.1" 200 412
180.169.147.146 - - [22/Apr/2021:09:28:47 +0800] "GET /xingrg/all/function/internal_message.html?_=1619054927246&CODE_STATE=getMsg HTTP/1.1" 200 27
124.77.71.179 - - [22/Apr/2021:09:28:47 +0800] "POST /xingrg/services/DataTransmitService HTTP/1.1" 200 524
124.77.71.179 - - [22/Apr/2021:09:28:48 +0800] "POST /xingrg/services/DataTransmitService HTTP/1.1" 200 497
61.165.42.208 - - [22/Apr/2021:09:28:51 +0800] "GET /xingrg/kc/buy/cgsh_order_operate.html?command=get_materiel&rest_code=00105&code=00101008087&supplier_code=00100203&order_time=2021-04-22 HTTP/1.1" 200 414
124.77.71.179 - - [22/Apr/2021:09:28:51 +0800] "POST /xingrg/services/DataTransmitService HTTP/1.1" 200 524
58.37.228.113 - - [22/Apr/2021:09:28:52 +0800] "GET /xingrg/all/function/internal_message.html?_=1619054935849&CODE_STATE=getMsg HTTP/1.1" 200 27
124.77.71.179 - - [22/Apr/2021:09:28:54 +0800] "POST /xingrg/services/DataTransmitService HTTP/1.1" 200 501
124.77.71.179 - - [22/Apr/2021:09:28:54 +0800] "POST /xingrg/services/DataTransmitService HTTP/1.1" 200 501
61.165.42.208 - - [22/Apr/2021:09:28:54 +0800] "GET /xingrg/all/function/internal_message.html?_=1619054934516&CODE_STATE=getMsg HTTP/1.1" 200 27
114.83.220.121 - - [22/Apr/2021:09:28:54 +0800] "GET /xingrg/all/function/internal_message.html?_=1619054935174&CODE_STATE=getMsg HTTP/1.1" 200 27
58.37.228.113 - - [22/Apr/2021:09:28:54 +0800] "GET /xingrg/all/function/internal_message.html?_=1619054907703&CODE_STATE=getMsg HTTP/1.1" 200 27
124.77.71.179 - - [22/Apr/2021:09:28:55 +0800] "POST /xingrg/services/DataTransmitService HTTP/1.1" 200 501
124.77.71.179 - - [22/Apr/2021:09:28:56 +0800] "POST /xingrg/services/DataTransmitService HTTP/1.1" 200 501
124.77.71.179 - - [22/Apr/2021:09:28:56 +0800] "POST /xingrg/services/DataTransmitService HTTP/1.1" 200 501
124.77.71.179 - - [22/Apr/2021:09:28:56 +0800] "POST /xingrg/services/DataTransmitService HTTP/1.1" 200 501
124.77.71.179 - - [22/Apr/2021:09:28:56 +0800] "POST /xingrg/services/DataTransmitService HTTP/1.1" 200 501
124.77.71.179 - - [22/Apr/2021:09:28:58 +0800] "POST /xingrg/services/DataTransmitService HTTP/1.1" 200 501
124.77.71.179 - - [22/Apr/2021:09:28:59 +0800] "POST /xingrg/services/DataTransmitService HTTP/1.1" 200 501
61.165.42.208 - - [22/Apr/2021:09:29:00 +0800] "GET /xingrg/kc/buy/cgsh_order_operate.html?command=get_materiel&rest_code=00105&code=00101008059&supplier_code=00100203&order_time=2021-04-22 HTTP/1.1" 200 408
58.221.95.50 - - [22/Apr/2021:09:29:01 +0800] "GET /xingrg/check_reg.html?_=1619054942764 HTTP/1.1" 200 22
58.221.95.50 - - [22/Apr/2021:09:29:01 +0800] "GET /xingrg/all/function/internal_message.html?_=1619054942766&CODE_STATE=getMsg HTTP/1.1" 200 27
124.77.71.179 - - [22/Apr/2021:09:29:02 +0800] "POST /xingrg/services/DataTransmitService HTTP/1.1" 200 412
124.77.71.179 - - [22/Apr/2021:09:29:02 +0800] "POST /xingrg/services/DataTransmitService HTTP/1.1" 200 524
114.88.160.164 - - [22/Apr/2021:09:29:09 +0800] "GET /xingrg/kc/buy/cgsh_order_operate.html?command=get_materiel&rest_code=00111&code=00101006056&supplier_code=00100012&order_time=2021-04-22 HTTP/1.1" 200 413
114.88.160.164 - - [22/Apr/2021:09:29:11 +0800] "GET /xingrg/all/function/internal_message.html?_=1619054949432&CODE_STATE=getMsg HTTP/1.1" 200 27
116.224.253.72 - - [22/Apr/2021:09:29:13 +0800] "GET /xingrg/all/function/internal_message.html?_=1619054937869&CODE_STATE=getMsg HTTP/1.1" 200 27
61.165.42.208 - - [22/Apr/2021:09:29:14 +0800] "GET /xingrg/kc/buy/cgsh_order_operate.html?command=get_materiel&rest_code=00105&code=00101008131&supplier_code=00100203&order_time=2021-04-22 HTTP/1.1" 200 408
124.77.71.179 - - [22/Apr/2021:09:29:14 +0800] "GET /xingrg/all/function/internal_message.html?_=1619054949222&CODE_STATE=getMsg HTTP/1.1" 200 27
116.224.253.72 - - [22/Apr/2021:09:29:17 +0800] "GET /xingrg/all/function/internal_message.html?_=1619054957989&CODE_STATE=getMsg HTTP/1.1" 200 27
61.165.42.208 - - [22/Apr/2021:09:29:20 +0800] "GET /xingrg/kc/buy/cgsh_order_operate.html?command=get_materiel&rest_code=00105&code=00101008098&supplier_code=00100203&order_time=2021-04-22 HTTP/1.1" 200 412
180.169.147.146 - - [22/Apr/2021:09:29:21 +0800] "GET /xingrg/all/function/internal_message.html?_=1619054961672&CODE_STATE=getMsg HTTP/1.1" 200 27
222.70.217.33 - - [22/Apr/2021:09:29:23 +0800] "GET /xingrg/all/function/internal_message.html?_=1619054963687&CODE_STATE=getMsg HTTP/1.1" 200 27
61.165.42.208 - - [22/Apr/2021:09:29:23 +0800] "POST /xingrg/kc/buy/cgsh_order_operate.html HTTP/1.1" 200 2065
101.85.94.178 - - [22/Apr/2021:09:29:24 +0800] "GET /xingrg/all/function/internal_message.html?_=1619054496889&CODE_STATE=getMsg HTTP/1.1" 200 27
116.233.77.251 - - [22/Apr/2021:09:29:26 +0800] "GET /xingrg/all/function/internal_message.html?_=1619054968959&CODE_STATE=getMsg HTTP/1.1" 200 27
180.162.112.86 - - [22/Apr/2021:09:29:28 +0800] "POST /xingrg/kc/buy/cgsh_order_operate.html HTTP/1.1" 200 37
180.162.112.86 - - [22/Apr/2021:09:29:30 +0800] "POST /xingrg/kc/buy/cgsh_order_operate.html HTTP/1.1" 200 3289
180.169.147.146 - - [22/Apr/2021:09:29:32 +0800] "GET /xingrg/check_reg.html?_=1619054968696 HTTP/1.1" 200 22
114.88.160.164 - - [22/Apr/2021:09:29:32 +0800] "POST /xingrg/kc/buy/cgsh_order_operate.html HTTP/1.1" 200 37
114.88.160.164 - - [22/Apr/2021:09:29:34 +0800] "POST /xingrg/kc/buy/cgsh_order_operate.html HTTP/1.1" 200 6792
61.165.42.208 - - [22/Apr/2021:09:29:34 +0800] "GET /xingrg/kc/buy/cgsh_order_operate.html?command=get_materiel&rest_code=00105&code=00101008353&supplier_code=00100203&order_time=2021-04-22 HTTP/1.1" 200 408
180.169.147.146 - - [22/Apr/2021:09:29:37 +0800] "GET /xingrg/check_reg.html?_=1619054979839 HTTP/1.1" 200 22
180.169.147.146 - - [22/Apr/2021:09:29:37 +0800] "GET /xingrg/all/function/internal_message.html?_=1619054979848&CODE_STATE=getMsg HTTP/1.1" 200 27
180.169.147.146 - - [22/Apr/2021:09:29:37 +0800] "GET /xingrg/check_reg.html?_=1619054975836 HTTP/1.1" 200 22
180.169.147.146 - - [22/Apr/2021:09:29:37 +0800] "GET /xingrg/all/function/internal_message.html?_=1619054975838&CODE_STATE=getMsg HTTP/1.1" 200 27
114.88.160.164 - - [22/Apr/2021:09:29:37 +0800] "GET /xingrg/kc/print/load_data.html?order_code=212021042209136&kc_code=cgsh&condition= HTTP/1.1" 200 2333
58.221.95.50 - - [22/Apr/2021:09:29:41 +0800] "GET /xingrg/kc/print/load_config.html?kc_code=cgsh HTTP/1.1" 200 1845
58.221.95.50 - - [22/Apr/2021:09:29:41 +0800] "GET /xingrg/kc/print/load_data.html?order_code=212021042209134&kc_code=cgsh&condition= HTTP/1.1" 200 885
116.238.141.202 - - [22/Apr/2021:09:29:43 +0800] "GET /xingrg/all/function/internal_message.html?_=1619055261463&CODE_STATE=getMsg HTTP/1.1" 200 27
180.162.112.86 - - [22/Apr/2021:09:29:43 +0800] "GET /xingrg/all/function/internal_message.html?_=1619054740613&CODE_STATE=getMsg HTTP/1.1" 200 27
116.230.114.112 - - [22/Apr/2021:09:29:45 +0800] "GET /xingrg/all/function/internal_message.html?_=1619054998961&CODE_STATE=getMsg HTTP/1.1" 200 27
61.165.42.208 - - [22/Apr/2021:09:29:46 +0800] "GET /xingrg/kc/buy/cgsh_order_operate.html?command=get_materiel&rest_code=00105&code=00101010136&supplier_code=00100203&order_time=2021-04-22 HTTP/1.1" 200 408
180.169.147.146 - - [22/Apr/2021:09:29:47 +0800] "GET /xingrg/all/function/internal_message.html?_=1619054987256&CODE_STATE=getMsg HTTP/1.1" 200 27
58.37.228.113 - - [22/Apr/2021:09:29:52 +0800] "GET /xingrg/all/function/internal_message.html?_=1619054995848&CODE_STATE=getMsg HTTP/1.1" 200 27
58.221.95.50 - - [22/Apr/2021:09:29:54 +0800] "POST /xingrg/kc/buy/cgsh_order_operate.html HTTP/1.1" 200 37
61.165.42.208 - - [22/Apr/2021:09:29:54 +0800] "GET /xingrg/all/function/internal_message.html?_=1619054994512&CODE_STATE=getMsg HTTP/1.1" 200 27
114.83.220.121 - - [22/Apr/2021:09:29:54 +0800] "GET /xingrg/all/function/internal_message.html?_=1619054995161&CODE_STATE=getMsg HTTP/1.1" 200 27
58.37.228.113 - - [22/Apr/2021:09:29:54 +0800] "GET /xingrg/check_reg.html?_=1619054967686 HTTP/1.1" 200 22
58.37.228.113 - - [22/Apr/2021:09:29:54 +0800] "GET /xingrg/all/function/internal_message.html?_=1619054967688&CODE_STATE=getMsg HTTP/1.1" 200 27
114.83.220.121 - - [22/Apr/2021:09:29:55 +0800] "GET /xingrg/check_reg.html?_=1619054995604 HTTP/1.1" 200 22
114.88.160.164 - - [22/Apr/2021:09:30:12 +0800] "GET /xingrg/all/function/internal_message.html?_=1619055009702&CODE_STATE=getMsg HTTP/1.1" 200 27
116.224.253.72 - - [22/Apr/2021:09:30:13 +0800] "GET /xingrg/all/function/internal_message.html?_=1619054997989&CODE_STATE=getMsg HTTP/1.1" 200 27
124.77.71.179 - - [22/Apr/2021:09:30:14 +0800] "GET /xingrg/all/function/internal_message.html?_=1619055009221&CODE_STATE=getMsg HTTP/1.1" 200 27
116.224.253.72 - - [22/Apr/2021:09:30:17 +0800] "GET /xingrg/check_reg.html?_=1619055017999 HTTP/1.1" 200 22
116.224.253.72 - - [22/Apr/2021:09:30:17 +0800] "GET /xingrg/all/function/internal_message.html?_=1619055018002&CODE_STATE=getMsg HTTP/1.1" 200 27
180.169.147.146 - - [22/Apr/2021:09:30:21 +0800] "GET /xingrg/all/function/internal_message.html?_=1619055021676&CODE_STATE=getMsg HTTP/1.1" 200 27
61.165.42.208 - - [22/Apr/2021:09:30:22 +0800] "POST /xingrg/kc/buy/cgsh_order_operate.html HTTP/1.1" 200 37
222.70.217.33 - - [22/Apr/2021:09:30:23 +0800] "GET /xingrg/all/function/internal_message.html?_=1619055023693&CODE_STATE=getMsg HTTP/1.1" 200 27
61.165.42.208 - - [22/Apr/2021:09:30:24 +0800] "POST /xingrg/kc/buy/cgsh_order_operate.html HTTP/1.1" 200 39349
101.85.94.178 - - [22/Apr/2021:09:30:24 +0800] "GET /xingrg/all/function/internal_message.html?_=1619054556889&CODE_STATE=getMsg HTTP/1.1" 200 27
116.233.77.251 - - [22/Apr/2021:09:30:26 +0800] "GET /xingrg/all/function/internal_message.html?_=1619055028961&CODE_STATE=getMsg HTTP/1.1" 200 27
116.224.253.72 - - [22/Apr/2021:09:30:37 +0800] "POST /xingrg/kc/buy/cgsh_order_operate.html HTTP/1.1" 200 37
180.169.147.146 - - [22/Apr/2021:09:30:37 +0800] "GET /xingrg/all/function/internal_message.html?_=1619055039833&CODE_STATE=getMsg HTTP/1.1" 200 27
180.169.147.146 - - [22/Apr/2021:09:30:37 +0800] "GET /xingrg/all/function/internal_message.html?_=1619055035825&CODE_STATE=getMsg HTTP/1.1" 200 27
180.169.147.146 - - [22/Apr/2021:09:30:39 +0800] "GET /xingrg/check_reg.html?_=1619055035761 HTTP/1.1" 200 22
116.224.253.72 - - [22/Apr/2021:09:30:40 +0800] "POST /xingrg/kc/buy/cgsh_order_operate.html HTTP/1.1" 200 12
116.224.253.72 - - [22/Apr/2021:09:30:41 +0800] "GET /xingrg/kc/buy/cgsh_order_info.html?code=212021042209125 HTTP/1.1" 200 56704
116.224.253.72 - - [22/Apr/2021:09:30:41 +0800] "GET /xingrg/javascript/easyui/themes/default/validatebox.css HTTP/1.1" 404 1104
116.224.253.72 - - [22/Apr/2021:09:30:41 +0800] "POST /xingrg/kc/buy/cgsh_order_operate.html HTTP/1.1" 200 21537
116.224.253.72 - - [22/Apr/2021:09:30:43 +0800] "GET /xingrg/kc/print/load_data.html?order_code=212021042209125&kc_code=cgsh&condition= HTTP/1.1" 200 8842
116.238.141.202 - - [22/Apr/2021:09:30:43 +0800] "GET /xingrg/all/function/internal_message.html?_=1619055321479&CODE_STATE=getMsg HTTP/1.1" 200 27
180.162.112.86 - - [22/Apr/2021:09:30:43 +0800] "GET /xingrg/all/function/internal_message.html?_=1619054800616&CODE_STATE=getMsg HTTP/1.1" 200 27
116.230.114.112 - - [22/Apr/2021:09:30:44 +0800] "GET /xingrg/check_reg.html?_=1619055058386 HTTP/1.1" 200 22
116.230.114.112 - - [22/Apr/2021:09:30:45 +0800] "GET /xingrg/all/function/internal_message.html?_=1619055058974&CODE_STATE=getMsg HTTP/1.1" 200 27
180.169.147.146 - - [22/Apr/2021:09:30:47 +0800] "GET /xingrg/all/function/internal_message.html?_=1619055047254&CODE_STATE=getMsg HTTP/1.1" 200 27
180.169.147.146 - - [22/Apr/2021:09:30:47 +0800] "GET /xingrg/check_reg.html?_=1619055047259 HTTP/1.1" 200 22
116.224.253.72 - - [22/Apr/2021:09:30:50 +0800] "POST /xingrg/all/user/operate.html HTTP/1.1" 200 36
116.224.253.72 - - [22/Apr/2021:09:30:51 +0800] "GET /xingrg/index.html?sysBaseUrl=http%3A%2F%2F180.169.147.146%3A18081%2Fxingrg%2F&costTime=536×tamp=1619004121286 HTTP/1.1" 200 17179
116.224.253.72 - - [22/Apr/2021:09:30:51 +0800] "GET /xingrg/javascript/jquery_easy_ui/themes/default/easyui.css HTTP/1.1" 304 -
116.224.253.72 - - [22/Apr/2021:09:30:51 +0800] "GET /xingrg/javascript/jquery_easy_ui/themes/icon.css HTTP/1.1" 304 -
116.224.253.72 - - [22/Apr/2021:09:30:51 +0800] "GET /xingrg/css/form.css HTTP/1.1" 304 -
116.224.253.72 - - [22/Apr/2021:09:30:51 +0800] "GET /xingrg/javascript/jquery-1.4.2.min.js HTTP/1.1" 304 -
116.224.253.72 - - [22/Apr/2021:09:30:51 +0800] "GET /xingrg/javascript/jquery_easy_ui/jquery.easyui.min.js HTTP/1.1" 304 -
116.224.253.72 - - [22/Apr/2021:09:30:51 +0800] "GET /xingrg/javascript/jquery_easy_ui/easyui-lang-zh_CN.js HTTP/1.1" 304 -
116.224.253.72 - - [22/Apr/2021:09:30:51 +0800] "GET /xingrg/javascript/jquery.form.js HTTP/1.1" 304 -
116.224.253.72 - - [22/Apr/2021:09:30:51 +0800] "GET /xingrg/javascript/jquery.utils.js HTTP/1.1" 304 -
116.224.253.72 - - [22/Apr/2021:09:30:51 +0800] "GET /xingrg/javascript/jquery.timers.js HTTP/1.1" 304 -
116.224.253.72 - - [22/Apr/2021:09:30:51 +0800] "GET /xingrg/images/blue/jxLogo.png HTTP/1.1" 304 -
116.224.253.72 - - [22/Apr/2021:09:30:51 +0800] "GET /xingrg/javascript/jquery_easy_ui/themes/icons/settle_new.png HTTP/1.1" 304 -
116.224.253.72 - - [22/Apr/2021:09:30:51 +0800] "GET /xingrg/images/blue/navBackgound.jpg HTTP/1.1" 304 -
116.224.253.72 - - [22/Apr/2021:09:30:51 +0800] "POST /xingrg/all/common/load_tree.html?tree=area_rest_tree_json&manage=1 HTTP/1.1" 200 476
116.224.253.72 - - [22/Apr/2021:09:30:51 +0800] "GET /xingrg/all/function/internal_message.html?_=1619055051886&CODE_STATE=count HTTP/1.1" 200 11
116.224.253.72 - - [22/Apr/2021:09:30:51 +0800] "GET /xingrg/check_reg.html?_=1619055051888 HTTP/1.1" 200 22
116.224.253.72 - - [22/Apr/2021:09:30:51 +0800] "GET /xingrg/images/blue/pingpu.png HTTP/1.1" 304 -
116.224.253.72 - - [22/Apr/2021:09:30:51 +0800] "GET /xingrg/javascript/jquery_easy_ui/themes/default/images/tabs_rightarrow.png HTTP/1.1" 304 -
116.224.253.72 - - [22/Apr/2021:09:30:51 +0800] "GET /xingrg/javascript/jquery_easy_ui/themes/default/images/panel_tool_collapse.gif HTTP/1.1" 304 -
116.224.253.72 - - [22/Apr/2021:09:30:51 +0800] "GET /xingrg/javascript/jquery_easy_ui/themes/default/images/tabs_leftarrow.png HTTP/1.1" 304 -
116.224.253.72 - - [22/Apr/2021:09:30:51 +0800] "POST /xingrg/load_menu.html HTTP/1.1" 200 5138
58.221.95.50 - - [22/Apr/2021:09:30:51 +0800] "POST /xingrg/kc/buy/cgsh_order_operate.html HTTP/1.1" 200 12
58.37.228.113 - - [22/Apr/2021:09:30:52 +0800] "GET /xingrg/all/function/internal_message.html?_=1619055055847&CODE_STATE=getMsg HTTP/1.1" 200 27
116.224.253.72 - - [22/Apr/2021:09:30:53 +0800] "GET /xingrg/kc/buy/cgsh_order_list.html HTTP/1.1" 200 46416
58.221.95.50 - - [22/Apr/2021:09:30:54 +0800] "GET /xingrg/kc/buy/cgsh_order_info.html?code=212021042209134 HTTP/1.1" 200 56014
58.221.95.50 - - [22/Apr/2021:09:30:54 +0800] "GET /xingrg/javascript/easyui/themes/default/validatebox.css HTTP/1.1" 404 1104
58.221.95.50 - - [22/Apr/2021:09:30:54 +0800] "POST /xingrg/kc/buy/cgsh_order_operate.html HTTP/1.1" 200 1205
114.83.220.121 - - [22/Apr/2021:09:30:54 +0800] "GET /xingrg/all/function/internal_message.html?_=1619055055138&CODE_STATE=getMsg HTTP/1.1" 200 27
116.224.253.72 - - [22/Apr/2021:09:30:54 +0800] "POST /xingrg/kc/buy/cgsh_list_operate.html HTTP/1.1" 200 1709
61.165.42.208 - - [22/Apr/2021:09:30:54 +0800] "GET /xingrg/all/function/internal_message.html?_=1619055054697&CODE_STATE=getMsg HTTP/1.1" 200 27
58.37.228.113 - - [22/Apr/2021:09:30:54 +0800] "GET /xingrg/all/function/internal_message.html?_=1619055027699&CODE_STATE=getMsg HTTP/1.1" 200 27
116.224.253.72 - - [22/Apr/2021:09:30:56 +0800] "POST /xingrg/kc/buy/cgsh_list_operate.html HTTP/1.1" 200 568
116.224.253.72 - - [22/Apr/2021:09:30:57 +0800] "GET /xingrg/kc/buy/cgsh_order_info.html?code=212021042209108 HTTP/1.1" 200 62093
116.224.253.72 - - [22/Apr/2021:09:30:57 +0800] "GET /xingrg/javascript/easyui/themes/default/validatebox.css HTTP/1.1" 404 1104
116.224.253.72 - - [22/Apr/2021:09:30:58 +0800] "POST /xingrg/kc/buy/cgsh_order_operate.html HTTP/1.1" 200 28668
61.129.6.227 - - [22/Apr/2021:09:30:59 +0800] "GET /xingrg/all/function/internal_message.html?_=1619054995848&CODE_STATE=getMsg HTTP/1.1" 302 -
58.221.95.50 - - [22/Apr/2021:09:31:01 +0800] "GET /xingrg/all/function/internal_message.html?_=1619055062806&CODE_STATE=getMsg HTTP/1.1" 200 27
61.129.6.227 - - [22/Apr/2021:09:31:07 +0800] "GET /xingrg/login.html HTTP/1.1" 200 7641
114.88.160.164 - - [22/Apr/2021:09:31:12 +0800] "GET /xingrg/all/function/internal_message.html?_=1619055069709&CODE_STATE=getMsg HTTP/1.1" 200 27
116.224.253.72 - - [22/Apr/2021:09:31:13 +0800] "GET /xingrg/all/function/internal_message.html?_=1619055057991&CODE_STATE=getMsg HTTP/1.1" 200 27
124.77.71.179 - - [22/Apr/2021:09:31:14 +0800] "GET /xingrg/all/function/internal_message.html?_=1619055069223&CODE_STATE=getMsg HTTP/1.1" 200 27
180.169.147.146 - - [22/Apr/2021:09:31:21 +0800] "GET /xingrg/all/function/internal_message.html?_=1619055081681&CODE_STATE=getMsg HTTP/1.1" 200 27
222.70.217.33 - - [22/Apr/2021:09:31:23 +0800] "GET /xingrg/all/function/internal_message.html?_=1619055083695&CODE_STATE=getMsg HTTP/1.1" 200 27
101.85.94.178 - - [22/Apr/2021:09:31:24 +0800] "GET /xingrg/check_reg.html?_=1619054616888 HTTP/1.1" 200 22
101.85.94.178 - - [22/Apr/2021:09:31:24 +0800] "GET /xingrg/all/function/internal_message.html?_=1619054616887&CODE_STATE=getMsg HTTP/1.1" 200 27
116.233.77.251 - - [22/Apr/2021:09:31:26 +0800] "GET /xingrg/all/function/internal_message.html?_=1619055088966&CODE_STATE=getMsg HTTP/1.1" 200 27
114.83.220.121 - - [22/Apr/2021:09:31:29 +0800] "GET /xingrg/kc/buy/cgsh_order_add.html HTTP/1.1" 200 62201
114.83.220.121 - - [22/Apr/2021:09:31:29 +0800] "GET /xingrg/words/20210422084616_words.js HTTP/1.1" 304 -
114.83.220.121 - - [22/Apr/2021:09:31:29 +0800] "POST /xingrg/kc/buy/cgsh_order_operate.html HTTP/1.1" 200 8245
114.83.220.121 - - [22/Apr/2021:09:31:29 +0800] "GET /xingrg/javascript/easyui/themes/default/validatebox.css HTTP/1.1" 404 1104
58.221.95.50 - - [22/Apr/2021:09:31:31 +0800] "POST /xingrg/kc/buy/cgsh_list_operate.html HTTP/1.1" 200 876
58.221.95.50 - - [22/Apr/2021:09:31:35 +0800] "POST /xingrg/kc/buy/cgsh_list_operate.html HTTP/1.1" 200 5765
180.169.147.146 - - [22/Apr/2021:09:31:37 +0800] "GET /xingrg/all/function/internal_message.html?_=1619055099836&CODE_STATE=getMsg HTTP/1.1" 200 27
180.169.147.146 - - [22/Apr/2021:09:31:37 +0800] "GET /xingrg/all/function/internal_message.html?_=1619055095828&CODE_STATE=getMsg HTTP/1.1" 200 27
180.162.112.86 - - [22/Apr/2021:09:31:37 +0800] "POST /xingrg/kc/buy/cgsh_order_operate.html HTTP/1.1" 200 37
180.162.112.86 - - [22/Apr/2021:09:31:39 +0800] "POST /xingrg/kc/buy/cgsh_order_operate.html HTTP/1.1" 200 3289
114.83.220.121 - - [22/Apr/2021:09:31:41 +0800] "GET /xingrg/kc/buy/cgsh_order_operate.html?command=get_materiel&rest_code=00149&code=00101004033&supplier_code=00100083&order_time=2021-04-22 HTTP/1.1" 200 439
116.238.141.202 - - [22/Apr/2021:09:31:43 +0800] "GET /xingrg/all/function/internal_message.html?_=1619055381491&CODE_STATE=getMsg HTTP/1.1" 200 27
180.162.112.86 - - [22/Apr/2021:09:31:43 +0800] "GET /xingrg/all/function/internal_message.html?_=1619054860605&CODE_STATE=getMsg HTTP/1.1" 200 27
116.230.114.112 - - [22/Apr/2021:09:31:45 +0800] "GET /xingrg/all/function/internal_message.html?_=1619055118988&CODE_STATE=getMsg HTTP/1.1" 200 27
180.169.147.146 - - [22/Apr/2021:09:31:47 +0800] "GET /xingrg/all/function/internal_message.html?_=1619055107255&CODE_STATE=getMsg HTTP/1.1" 200 27
180.162.112.86 - - [22/Apr/2021:09:31:48 +0800] "GET /xingrg/kc/mdqp/qp_main.html HTTP/1.1" 200 10633
114.83.220.121 - - [22/Apr/2021:09:31:50 +0800] "GET /xingrg/kc/buy/cgsh_order_operate.html?command=get_materiel&rest_code=00149&code=00101004067&supplier_code=00100083&order_time=2021-04-22 HTTP/1.1" 200 435
116.224.253.72 - - [22/Apr/2021:09:31:51 +0800] "GET /xingrg/all/function/internal_message.html?_=1619055111900&CODE_STATE=getMsg HTTP/1.1" 200 27
180.162.112.86 - - [22/Apr/2021:09:31:52 +0800] "GET /xingrg/kc/buy/buy_main.html HTTP/1.1" 200 12412
180.162.112.86 - - [22/Apr/2021:09:31:52 +0800] "GET /xingrg/css/new_ie.css HTTP/1.1" 404 1036
58.37.228.113 - - [22/Apr/2021:09:31:52 +0800] "GET /xingrg/all/function/internal_message.html?_=1619055115847&CODE_STATE=getMsg HTTP/1.1" 200 27
58.37.228.113 - - [22/Apr/2021:09:31:52 +0800] "GET /xingrg/check_reg.html?_=1619055115849 HTTP/1.1" 200 22
101.91.62.89 - - [22/Apr/2021:09:31:53 +0800] "GET /xingrg/all/function/internal_message.html?_=1619055055847&CODE_STATE=getMsg HTTP/1.1" 302 -
180.162.112.86 - - [22/Apr/2021:09:31:53 +0800] "GET /xingrg/images/yd/bt.gif HTTP/1.1" 404 1040
180.162.112.86 - - [22/Apr/2021:09:31:54 +0800] "GET /xingrg/kc/buy/cgth_order_list.html?part=buyck HTTP/1.1" 200 45819
180.162.112.86 - - [22/Apr/2021:09:31:54 +0800] "POST /xingrg/kc/buy/cgth_list_operate.html HTTP/1.1" 200 1948
114.83.220.121 - - [22/Apr/2021:09:31:54 +0800] "GET /xingrg/all/function/internal_message.html?_=1619055115126&CODE_STATE=getMsg HTTP/1.1" 200 27
61.165.42.208 - - [22/Apr/2021:09:31:54 +0800] "GET /xingrg/check_reg.html?_=1619055114564 HTTP/1.1" 200 22
61.165.42.208 - - [22/Apr/2021:09:31:54 +0800] "GET /xingrg/all/function/internal_message.html?_=1619055114668&CODE_STATE=getMsg HTTP/1.1" 200 27
58.37.228.113 - - [22/Apr/2021:09:31:54 +0800] "GET /xingrg/all/function/internal_message.html?_=1619055087683&CODE_STATE=getMsg HTTP/1.1" 200 27
101.91.62.89 - - [22/Apr/2021:09:31:55 +0800] "GET /xingrg/login.html HTTP/1.1" 200 7641
180.162.112.86 - - [22/Apr/2021:09:31:56 +0800] "POST /xingrg/kc/buy/cgth_list_operate.html HTTP/1.1" 200 209
180.162.112.86 - - [22/Apr/2021:09:31:56 +0800] "GET /xingrg/kc/buy/cgth_order_info.html?code=232021042100018 HTTP/1.1" 200 61906
180.162.112.86 - - [22/Apr/2021:09:31:56 +0800] "GET /xingrg/dwr/util.js HTTP/1.1" 304 -
180.162.112.86 - - [22/Apr/2021:09:31:56 +0800] "GET /xingrg/dwr/interface/AjaxCgthService.js HTTP/1.1" 200 14519
180.162.112.86 - - [22/Apr/2021:09:31:56 +0800] "GET /xingrg/dwr/interface/AjaxComOrderService.js HTTP/1.1" 200 18264
180.162.112.86 - - [22/Apr/2021:09:31:56 +0800] "GET /xingrg/dwr/engine.js HTTP/1.1" 200 43631
180.162.112.86 - - [22/Apr/2021:09:31:57 +0800] "POST /xingrg/all/common/load_tree.html?tree=supplier_tree_json&isDelete=1 HTTP/1.1" 200 54827
180.162.112.86 - - [22/Apr/2021:09:31:58 +0800] "POST /xingrg/dwr/call/plaincall/AjaxCgthService.loadMaterielItems.dwr HTTP/1.1" 200 813
114.83.220.121 - - [22/Apr/2021:09:31:59 +0800] "GET /xingrg/kc/buy/cgsh_order_operate.html?command=get_materiel&rest_code=00149&code=00101004048&supplier_code=00100083&order_time=2021-04-22 HTTP/1.1" 200 419
58.221.95.50 - - [22/Apr/2021:09:32:01 +0800] "GET /xingrg/all/function/internal_message.html?_=1619055122793&CODE_STATE=getMsg HTTP/1.1" 200 27
180.162.112.86 - - [22/Apr/2021:09:32:04 +0800] "GET /xingrg/kc/print/load_config.html?_=1619054881588&kc_code=cgth HTTP/1.1" 200 2458
180.162.112.86 - - [22/Apr/2021:09:32:04 +0800] "GET /xingrg/kc/print/load_data.html?_=1619054881605&order_code=232021042100018&kc_code=cgth&condition= HTTP/1.1" 200 576
114.83.220.121 - - [22/Apr/2021:09:32:09 +0800] "GET /xingrg/kc/buy/cgsh_order_operate.html?command=get_materiel&rest_code=00149&code=00101001115&supplier_code=00100083&order_time=2021-04-22 HTTP/1.1" 200 413
114.88.160.164 - - [22/Apr/2021:09:32:11 +0800] "GET /xingrg/check_reg.html?_=1619055129087 HTTP/1.1" 200 22
114.88.160.164 - - [22/Apr/2021:09:32:12 +0800] "GET /xingrg/all/function/internal_message.html?_=1619055129722&CODE_STATE=getMsg HTTP/1.1" 200 27
116.224.253.72 - - [22/Apr/2021:09:32:13 +0800] "GET /xingrg/all/function/internal_message.html?_=1619055118125&CODE_STATE=getMsg HTTP/1.1" 200 27
124.77.71.179 - - [22/Apr/2021:09:32:14 +0800] "GET /xingrg/all/function/internal_message.html?_=1619055129222&CODE_STATE=getMsg HTTP/1.1" 200 27
124.77.71.179 - - [22/Apr/2021:09:32:14 +0800] "GET /xingrg/check_reg.html?_=1619055129223 HTTP/1.1" 200 22
114.83.220.121 - - [22/Apr/2021:09:32:20 +0800] "POST /xingrg/kc/buy/cgsh_order_operate.html HTTP/1.1" 200 37
180.169.147.146 - - [22/Apr/2021:09:32:21 +0800] "GET /xingrg/all/function/internal_message.html?_=1619055141680&CODE_STATE=getMsg HTTP/1.1" 200 27
222.70.217.33 - - [22/Apr/2021:09:32:23 +0800] "GET /xingrg/all/function/internal_message.html?_=1619055143697&CODE_STATE=getMsg HTTP/1.1" 200 27
222.70.217.33 - - [22/Apr/2021:09:32:23 +0800] "GET /xingrg/check_reg.html?_=1619055143703 HTTP/1.1" 200 22
101.85.94.178 - - [22/Apr/2021:09:32:24 +0800] "GET /xingrg/all/function/internal_message.html?_=1619054676887&CODE_STATE=getMsg HTTP/1.1" 200 27
116.233.77.251 - - [22/Apr/2021:09:32:26 +0800] "GET /xingrg/all/function/internal_message.html?_=1619055148966&CODE_STATE=getMsg HTTP/1.1" 200 27
114.83.220.121 - - [22/Apr/2021:09:32:29 +0800] "POST /xingrg/kc/buy/cgsh_order_operate.html HTTP/1.1" 200 12
114.83.220.121 - - [22/Apr/2021:09:32:30 +0800] "GET /xingrg/kc/buy/cgsh_order_info.html?code=212021042209138 HTTP/1.1" 200 57101
114.83.220.121 - - [22/Apr/2021:09:32:31 +0800] "GET /xingrg/javascript/easyui/themes/default/validatebox.css HTTP/1.1" 404 1104
114.83.220.121 - - [22/Apr/2021:09:32:31 +0800] "POST /xingrg/kc/buy/cgsh_order_operate.html HTTP/1.1" 200 2417
114.83.220.121 - - [22/Apr/2021:09:32:33 +0800] "GET /xingrg/kc/print/load_data.html?order_code=212021042209138&kc_code=cgsh&condition= HTTP/1.1" 200 1433
180.169.147.146 - - [22/Apr/2021:09:32:37 +0800] "GET /xingrg/all/function/internal_message.html?_=1619055159837&CODE_STATE=getMsg HTTP/1.1" 200 27
180.169.147.146 - - [22/Apr/2021:09:32:37 +0800] "GET /xingrg/all/function/internal_message.html?_=1619055155830&CODE_STATE=getMsg HTTP/1.1" 200 27
116.238.141.202 - - [22/Apr/2021:09:32:42 +0800] "GET /xingrg/check_reg.html?_=1619055440606 HTTP/1.1" 200 22
116.238.141.202 - - [22/Apr/2021:09:32:43 +0800] "GET /xingrg/all/function/internal_message.html?_=1619055441503&CODE_STATE=getMsg HTTP/1.1" 200 27
180.162.112.86 - - [22/Apr/2021:09:32:43 +0800] "GET /xingrg/all/function/internal_message.html?_=1619054920622&CODE_STATE=getMsg HTTP/1.1" 200 27
180.169.147.146 - - [22/Apr/2021:09:32:45 +0800] "GET /xingrg/check_reg.html?_=1619055164617 HTTP/1.1" 302 -
180.169.147.146 - - [22/Apr/2021:09:32:45 +0800] "GET /xingrg/login.html HTTP/1.1" 200 7641
116.230.114.112 - - [22/Apr/2021:09:32:45 +0800] "GET /xingrg/all/function/internal_message.html?_=1619055179001&CODE_STATE=getMsg HTTP/1.1" 200 27
180.169.147.146 - - [22/Apr/2021:09:32:47 +0800] "GET /xingrg/all/function/internal_message.html?_=1619055167245&CODE_STATE=getMsg HTTP/1.1" 200 27
116.224.253.72 - - [22/Apr/2021:09:32:51 +0800] "GET /xingrg/all/function/internal_message.html?_=1619055171904&CODE_STATE=getMsg HTTP/1.1" 200 27
58.37.228.113 - - [22/Apr/2021:09:32:52 +0800] "GET /xingrg/all/function/internal_message.html?_=1619055175847&CODE_STATE=getMsg HTTP/1.1" 200 27
114.83.220.121 - - [22/Apr/2021:09:32:54 +0800] "GET /xingrg/all/function/internal_message.html?_=1619055175111&CODE_STATE=getMsg HTTP/1.1" 200 27
61.165.42.208 - - [22/Apr/2021:09:32:54 +0800] "GET /xingrg/all/function/internal_message.html?_=1619055174647&CODE_STATE=getMsg HTTP/1.1" 200 27
58.37.228.113 - - [22/Apr/2021:09:32:54 +0800] "GET /xingrg/all/function/internal_message.html?_=1619055147681&CODE_STATE=getMsg HTTP/1.1" 200 27
114.83.220.121 - - [22/Apr/2021:09:32:57 +0800] "GET /xingrg/kc/buy/cgsh_order_add.html HTTP/1.1" 200 62201
114.83.220.121 - - [22/Apr/2021:09:32:57 +0800] "POST /xingrg/kc/buy/cgsh_order_operate.html HTTP/1.1" 200 8245
114.83.220.121 - - [22/Apr/2021:09:32:57 +0800] "GET /xingrg/javascript/easyui/themes/default/validatebox.css HTTP/1.1" 404 1104
58.221.95.50 - - [22/Apr/2021:09:33:01 +0800] "GET /xingrg/all/function/internal_message.html?_=1619055182779&CODE_STATE=getMsg HTTP/1.1" 200 27
114.83.220.121 - - [22/Apr/2021:09:33:06 +0800] "GET /xingrg/kc/buy/cgsh_order_operate.html?command=get_materiel&rest_code=00149&code=00101002027&supplier_code=00100039&order_time=2021-04-22 HTTP/1.1" 200 413
114.88.160.164 - - [22/Apr/2021:09:33:12 +0800] "GET /xingrg/all/function/internal_message.html?_=1619055189735&CODE_STATE=getMsg HTTP/1.1" 200 27
116.224.253.72 - - [22/Apr/2021:09:33:13 +0800] "GET /xingrg/check_reg.html?_=1619055177523 HTTP/1.1" 200 22
116.224.253.72 - - [22/Apr/2021:09:33:14 +0800] "GET /xingrg/all/function/internal_message.html?_=1619055178234&CODE_STATE=getMsg HTTP/1.1" 200 27
124.77.71.179 - - [22/Apr/2021:09:33:14 +0800] "GET /xingrg/all/function/internal_message.html?_=1619055189223&CODE_STATE=getMsg HTTP/1.1" 200 27
114.83.220.121 - - [22/Apr/2021:09:33:15 +0800] "GET /xingrg/kc/buy/cgsh_order_operate.html?command=get_materiel&rest_code=00149&code=00101002022&supplier_code=00100039&order_time=2021-04-22 HTTP/1.1" 200 430
180.169.147.146 - - [22/Apr/2021:09:33:21 +0800] "GET /xingrg/check_reg.html?_=1619055201680 HTTP/1.1" 200 22
180.169.147.146 - - [22/Apr/2021:09:33:21 +0800] "GET /xingrg/all/function/internal_message.html?_=1619055201685&CODE_STATE=getMsg HTTP/1.1" 200 27
222.70.217.33 - - [22/Apr/2021:09:33:23 +0800] "GET /xingrg/all/function/internal_message.html?_=1619055203688&CODE_STATE=getMsg HTTP/1.1" 200 27
114.83.220.121 - - [22/Apr/2021:09:33:24 +0800] "GET /xingrg/kc/buy/cgsh_order_operate.html?command=get_materiel&rest_code=00149&code=00101001010&supplier_code=00100039&order_time=2021-04-22 HTTP/1.1" 200 409
101.85.94.178 - - [22/Apr/2021:09:33:25 +0800] "GET /xingrg/all/function/internal_message.html?_=1619054736903&CODE_STATE=getMsg HTTP/1.1" 200 27
116.233.77.251 - - [22/Apr/2021:09:33:26 +0800] "GET /xingrg/all/function/internal_message.html?_=1619055208971&CODE_STATE=getMsg HTTP/1.1" 200 27
116.233.77.251 - - [22/Apr/2021:09:33:26 +0800] "GET /xingrg/check_reg.html?_=1619055208972 HTTP/1.1" 200 22
114.83.220.121 - - [22/Apr/2021:09:33:34 +0800] "POST /xingrg/kc/buy/cgsh_order_operate.html HTTP/1.1" 200 37
180.169.147.146 - - [22/Apr/2021:09:33:37 +0800] "GET /xingrg/all/function/internal_message.html?_=1619055219839&CODE_STATE=getMsg HTTP/1.1" 200 27
180.169.147.146 - - [22/Apr/2021:09:33:37 +0800] "GET /xingrg/all/function/internal_message.html?_=1619055215842&CODE_STATE=getMsg HTTP/1.1" 200 27
114.83.220.121 - - [22/Apr/2021:09:33:40 +0800] "POST /xingrg/kc/buy/cgsh_order_operate.html HTTP/1.1" 200 12
114.83.220.121 - - [22/Apr/2021:09:33:41 +0800] "GET /xingrg/kc/buy/cgsh_order_info.html?code=212021042209139 HTTP/1.1" 200 57103
114.83.220.121 - - [22/Apr/2021:09:33:41 +0800] "GET /xingrg/javascript/easyui/themes/default/validatebox.css HTTP/1.1" 404 1104
114.83.220.121 - - [22/Apr/2021:09:33:42 +0800] "POST /xingrg/kc/buy/cgsh_order_operate.html HTTP/1.1" 200 1794
116.238.141.202 - - [22/Apr/2021:09:33:43 +0800] "GET /xingrg/all/function/internal_message.html?_=1619055501517&CODE_STATE=getMsg HTTP/1.1" 200 27
114.83.220.121 - - [22/Apr/2021:09:33:43 +0800] "GET /xingrg/kc/print/load_data.html?order_code=212021042209139&kc_code=cgsh&condition= HTTP/1.1" 200 1182
180.162.112.86 - - [22/Apr/2021:09:33:43 +0800] "GET /xingrg/all/function/internal_message.html?_=1619054980619&CODE_STATE=getMsg HTTP/1.1" 200 27
180.162.112.86 - - [22/Apr/2021:09:33:43 +0800] "GET /xingrg/check_reg.html?_=1619054980623 HTTP/1.1" 200 22
116.230.114.112 - - [22/Apr/2021:09:33:45 +0800] "GET /xingrg/all/function/internal_message.html?_=1619055239159&CODE_STATE=getMsg HTTP/1.1" 200 27
180.169.147.146 - - [22/Apr/2021:09:33:47 +0800] "GET /xingrg/all/function/internal_message.html?_=1619055227256&CODE_STATE=getMsg HTTP/1.1" 200 27
114.83.220.121 - - [22/Apr/2021:09:33:51 +0800] "GET /xingrg/kc/buy/cgsh_order_add.html HTTP/1.1" 200 62201
116.224.253.72 - - [22/Apr/2021:09:33:51 +0800] "GET /xingrg/all/function/internal_message.html?_=1619055231889&CODE_STATE=getMsg HTTP/1.1" 200 27
114.83.220.121 - - [22/Apr/2021:09:33:51 +0800] "POST /xingrg/kc/buy/cgsh_order_operate.html HTTP/1.1" 200 8245
114.83.220.121 - - [22/Apr/2021:09:33:51 +0800] "GET /xingrg/javascript/easyui/themes/default/validatebox.css HTTP/1.1" 404 1104
58.37.228.113 - - [22/Apr/2021:09:33:52 +0800] "GET /xingrg/all/function/internal_message.html?_=1619055235873&CODE_STATE=getMsg HTTP/1.1" 200 27
114.83.220.121 - - [22/Apr/2021:09:33:54 +0800] "GET /xingrg/all/function/internal_message.html?_=1619055235097&CODE_STATE=getMsg HTTP/1.1" 200 27
61.165.42.208 - - [22/Apr/2021:09:33:54 +0800] "GET /xingrg/all/function/internal_message.html?_=1619055234627&CODE_STATE=getMsg HTTP/1.1" 200 27
58.37.228.113 - - [22/Apr/2021:09:33:54 +0800] "GET /xingrg/all/function/internal_message.html?_=1619055207681&CODE_STATE=getMsg HTTP/1.1" 200 27
58.221.95.50 - - [22/Apr/2021:09:34:01 +0800] "GET /xingrg/all/function/internal_message.html?_=1619055242770&CODE_STATE=getMsg HTTP/1.1" 200 27
58.221.95.50 - - [22/Apr/2021:09:34:01 +0800] "GET /xingrg/check_reg.html?_=1619055242790 HTTP/1.1" 200 22
61.129.7.235 - - [22/Apr/2021:09:34:09 +0800] "GET /xingrg/all/function/internal_message.html?_=1619055175847&CODE_STATE=getMsg HTTP/1.1" 302 -
114.88.160.164 - - [22/Apr/2021:09:34:12 +0800] "GET /xingrg/all/function/internal_message.html?_=1619055249749&CODE_STATE=getMsg HTTP/1.1" 200 27
61.129.7.235 - - [22/Apr/2021:09:34:13 +0800] "GET /xingrg/login.html HTTP/1.1" 200 7641
116.224.253.72 - - [22/Apr/2021:09:34:14 +0800] "GET /xingrg/all/function/internal_message.html?_=1619055238250&CODE_STATE=getMsg HTTP/1.1" 200 27
124.77.71.179 - - [22/Apr/2021:09:34:14 +0800] "GET /xingrg/all/function/internal_message.html?_=1619055249223&CODE_STATE=getMsg HTTP/1.1" 200 27
180.169.147.146 - - [22/Apr/2021:09:34:21 +0800] "GET /xingrg/all/function/internal_message.html?_=1619055261669&CODE_STATE=getMsg HTTP/1.1" 200 27
222.70.217.33 - - [22/Apr/2021:09:34:23 +0800] "GET /xingrg/all/function/internal_message.html?_=1619055263691&CODE_STATE=getMsg HTTP/1.1" 200 27
101.85.94.178 - - [22/Apr/2021:09:34:24 +0800] "GET /xingrg/all/function/internal_message.html?_=1619054796888&CODE_STATE=getMsg HTTP/1.1" 200 27
116.233.77.251 - - [22/Apr/2021:09:34:26 +0800] "GET /xingrg/all/function/internal_message.html?_=1619055268970&CODE_STATE=getMsg HTTP/1.1" 200 27
180.162.112.86 - - [22/Apr/2021:09:34:32 +0800] "POST /xingrg/kc/buy/cgth_list_operate.html HTTP/1.1" 200 1948
180.169.147.146 - - [22/Apr/2021:09:34:32 +0800] "GET /xingrg/check_reg.html?_=1619055268671 HTTP/1.1" 200 22
180.162.112.86 - - [22/Apr/2021:09:34:33 +0800] "POST /xingrg/kc/buy/cgth_list_operate.html HTTP/1.1" 200 1948
180.169.147.146 - - [22/Apr/2021:09:34:37 +0800] "GET /xingrg/all/function/internal_message.html?_=1619055279850&CODE_STATE=getMsg HTTP/1.1" 200 27
