117.185.32.26 - - [22/Apr/2021:10:50:49 +0800] "GET /xingrg/all/function/internal_message.html?_=1619059847389&CODE_STATE=getMsg HTTP/1.1" 200 27
58.37.228.113 - - [22/Apr/2021:10:50:50 +0800] "GET /xingrg/kc/buy/cgsh_order_operate.html?command=get_materiel&rest_code=00141&code=00101008360&supplier_code=00100007&order_time=2021-04-22 HTTP/1.1" 200 412
58.37.228.113 - - [22/Apr/2021:10:50:52 +0800] "GET /xingrg/all/function/internal_message.html?_=1619059856071&CODE_STATE=getMsg HTTP/1.1" 200 27
114.83.220.121 - - [22/Apr/2021:10:50:53 +0800] "GET /xingrg/all/function/internal_message.html?_=1619059853813&CODE_STATE=getMsg HTTP/1.1" 200 27
61.129.6.145 - - [22/Apr/2021:10:50:54 +0800] "GET /xingrg/all/function/internal_message.html?_=1619059796074&CODE_STATE=getMsg HTTP/1.1" 302 -
116.230.114.112 - - [22/Apr/2021:10:50:54 +0800] "GET /xingrg/kc/buy/cgsh_order_operate.html?command=get_materiel&rest_code=00146&code=00101007049&supplier_code=00100002&order_time=2021-04-22 HTTP/1.1" 200 409
61.165.42.208 - - [22/Apr/2021:10:50:54 +0800] "GET /xingrg/all/function/internal_message.html?_=1619059854282&CODE_STATE=getMsg HTTP/1.1" 200 27
116.224.253.72 - - [22/Apr/2021:10:50:54 +0800] "GET /xingrg/all/function/internal_message.html?_=1619059838517&CODE_STATE=getMsg HTTP/1.1" 200 27
120.253.135.82 - - [22/Apr/2021:10:50:54 +0800] "GET /xingrg/all/function/internal_message.html?_=1619059975525&CODE_STATE=getMsg HTTP/1.1" 200 27
222.70.217.33 - - [22/Apr/2021:10:50:55 +0800] "GET /xingrg/kc/buy/cgsh_order_operate.html?command=get_materiel&rest_code=00155&code=00101008585&supplier_code=00100347&order_time=2021-04-22 HTTP/1.1" 200 394
101.89.239.232 - - [22/Apr/2021:10:50:55 +0800] "GET /xingrg/kc/buy/cgsh_order_operate.html?command=get_materiel&rest_code=00141&code=00101008110&supplier_code=00100007&order_time=2021-04-22 HTTP/1.1" 302 -
61.129.6.145 - - [22/Apr/2021:10:50:56 +0800] "GET /xingrg/login.html HTTP/1.1" 200 7641
58.37.228.113 - - [22/Apr/2021:10:50:57 +0800] "GET /xingrg/kc/buy/cgsh_order_operate.html?command=get_materiel&rest_code=00141&code=00101008077&supplier_code=00100007&order_time=2021-04-22 HTTP/1.1" 200 416
58.37.228.113 - - [22/Apr/2021:10:50:57 +0800] "GET /xingrg/check_reg.html?_=1619059829655 HTTP/1.1" 200 22
114.88.160.164 - - [22/Apr/2021:10:50:57 +0800] "GET /xingrg/check_reg.html?_=1619059857255 HTTP/1.1" 200 22
114.88.160.164 - - [22/Apr/2021:10:50:57 +0800] "GET /xingrg/all/function/internal_message.html?_=1619059857252&CODE_STATE=getMsg HTTP/1.1" 200 27
116.224.253.72 - - [22/Apr/2021:10:50:59 +0800] "POST /xingrg/kc/buy/cgsh_order_operate.html HTTP/1.1" 200 37
58.221.95.50 - - [22/Apr/2021:10:51:00 +0800] "GET /xingrg/all/function/internal_message.html?_=1619059861958&CODE_STATE=getMsg HTTP/1.1" 200 27
101.89.239.232 - - [22/Apr/2021:10:51:01 +0800] "GET /xingrg/login.html HTTP/1.1" 200 7641
116.224.253.72 - - [22/Apr/2021:10:51:01 +0800] "POST /xingrg/kc/buy/cgsh_order_operate.html HTTP/1.1" 200 12
58.40.7.146 - - [22/Apr/2021:10:51:01 +0800] "GET /xingrg/all/function/internal_message.html?_=1619059861708&CODE_STATE=getMsg HTTP/1.1" 200 27
222.70.217.33 - - [22/Apr/2021:10:51:02 +0800] "GET /xingrg/kc/buy/cgsh_order_operate.html?command=get_materiel&rest_code=00155&code=00101012101&supplier_code=00100347&order_time=2021-04-22 HTTP/1.1" 200 404
120.253.135.82 - - [22/Apr/2021:10:51:02 +0800] "GET /xingrg/kc/pszx/mdps_order_list.html?orderType=0 HTTP/1.1" 200 21197
116.224.253.72 - - [22/Apr/2021:10:51:02 +0800] "GET /xingrg/kc/buy/cgsh_order_info.html?code=212021042209230 HTTP/1.1" 200 56990
120.253.135.82 - - [22/Apr/2021:10:51:02 +0800] "POST /xingrg/kc/pszx/mdps_list_operate.html HTTP/1.1" 200 5460
120.253.135.82 - - [22/Apr/2021:10:51:02 +0800] "GET /xingrg/kc/pszx/mdps_order_list.html?orderType=0 HTTP/1.1" 200 21197
120.253.135.82 - - [22/Apr/2021:10:51:02 +0800] "POST /xingrg/kc/pszx/mdps_list_operate.html HTTP/1.1" 200 5460
116.224.253.72 - - [22/Apr/2021:10:51:02 +0800] "GET /xingrg/javascript/easyui/themes/default/validatebox.css HTTP/1.1" 404 1104
116.224.253.72 - - [22/Apr/2021:10:51:03 +0800] "POST /xingrg/kc/buy/cgsh_order_operate.html HTTP/1.1" 200 1204
120.253.135.82 - - [22/Apr/2021:10:51:04 +0800] "GET /xingrg/javascript/easyui/themes/default/images/button_plain_hover.png HTTP/1.1" 304 -
116.224.253.72 - - [22/Apr/2021:10:51:04 +0800] "GET /xingrg/kc/print/load_config.html?kc_code=cgsh HTTP/1.1" 200 1845
58.37.228.113 - - [22/Apr/2021:10:51:04 +0800] "GET /xingrg/kc/buy/cgsh_order_operate.html?command=get_materiel&rest_code=00141&code=00101008357&supplier_code=00100007&order_time=2021-04-22 HTTP/1.1" 200 408
116.224.253.72 - - [22/Apr/2021:10:51:04 +0800] "GET /xingrg/kc/print/load_data.html?order_code=212021042209230&kc_code=cgsh&condition= HTTP/1.1" 200 1040
120.253.135.82 - - [22/Apr/2021:10:51:04 +0800] "GET /xingrg/kc/pszx/mdps_order_add.html HTTP/1.1" 200 29219
120.253.135.82 - - [22/Apr/2021:10:51:04 +0800] "GET /xingrg/javascript/convert.js HTTP/1.1" 304 -
120.253.135.82 - - [22/Apr/2021:10:51:04 +0800] "GET /xingrg/javascript/myfunction.js HTTP/1.1" 304 -
120.253.135.82 - - [22/Apr/2021:10:51:04 +0800] "GET /xingrg/javascript/pic_change.js HTTP/1.1" 304 -
120.253.135.82 - - [22/Apr/2021:10:51:04 +0800] "GET /xingrg/javascript/jquery_tools/order_manager.js HTTP/1.1" 304 -
120.253.135.82 - - [22/Apr/2021:10:51:04 +0800] "GET /xingrg/javascript/json2.js HTTP/1.1" 304 -
120.253.135.82 - - [22/Apr/2021:10:51:04 +0800] "GET /xingrg/javascript/print/kc_print.js HTTP/1.1" 304 -
120.253.135.82 - - [22/Apr/2021:10:51:04 +0800] "GET /xingrg/words/20210422084616_words.js HTTP/1.1" 200 807466
120.253.135.82 - - [22/Apr/2021:10:51:04 +0800] "GET /xingrg/javascript/easyui/themes/icons/copy_new.png HTTP/1.1" 304 -
120.253.135.82 - - [22/Apr/2021:10:51:04 +0800] "GET /xingrg/javascript/easyui/themes/default/images/menu_downarrow.png HTTP/1.1" 304 -
120.253.135.82 - - [22/Apr/2021:10:51:04 +0800] "GET /xingrg/javascript/easyui/themes/icons/ok.png HTTP/1.1" 304 -
120.253.135.82 - - [22/Apr/2021:10:51:04 +0800] "GET /xingrg/javascript/easyui/themes/icons/print.png HTTP/1.1" 304 -
120.253.135.82 - - [22/Apr/2021:10:51:04 +0800] "GET /xingrg/javascript/easyui/themes/icons/cancel.png HTTP/1.1" 304 -
180.169.147.146 - - [22/Apr/2021:10:51:06 +0800] "GET /xingrg/all/function/internal_message.html?_=1619059866031&CODE_STATE=getMsg HTTP/1.1" 200 27
120.253.135.82 - - [22/Apr/2021:10:51:07 +0800] "POST /xingrg/kc/pszx/mdps_order_operate.html HTTP/1.1" 200 7126
120.253.135.82 - - [22/Apr/2021:10:51:07 +0800] "GET /xingrg/javascript/easyui/themes/icons/edit_remove.png HTTP/1.1" 304 -
120.253.135.82 - - [22/Apr/2021:10:51:07 +0800] "GET /xingrg/all/common/auto_word.html?type=base&rest_code=00101 HTTP/1.1" 200 613
120.253.135.82 - - [22/Apr/2021:10:51:07 +0800] "GET /xingrg/javascript/easyui/themes/default/validatebox.css HTTP/1.1" 404 1104
120.253.135.82 - - [22/Apr/2021:10:51:07 +0800] "GET /xingrg/javascript/easyui/plugins/jquery.validatebox.js HTTP/1.1" 304 -
120.253.135.82 - - [22/Apr/2021:10:51:07 +0800] "GET /xingrg/javascript/easyui/plugins/jquery.numberbox.js HTTP/1.1" 304 -
222.70.217.33 - - [22/Apr/2021:10:51:08 +0800] "GET /xingrg/kc/buy/cgsh_order_operate.html?command=get_materiel&rest_code=00155&code=00101008586&supplier_code=00100347&order_time=2021-04-22 HTTP/1.1" 200 396
120.253.135.82 - - [22/Apr/2021:10:51:09 +0800] "GET /xingrg/css/images/panel_loading.gif HTTP/1.1" 200 1737
120.253.135.82 - - [22/Apr/2021:10:51:09 +0800] "POST /xingrg/all/common/load_combo.html?type=base HTTP/1.1" 200 1075
116.230.114.112 - - [22/Apr/2021:10:51:10 +0800] "GET /xingrg/kc/buy/cgsh_order_operate.html?command=get_materiel&rest_code=00146&code=00101007076&supplier_code=00100002&order_time=2021-04-22 HTTP/1.1" 200 410
58.37.228.113 - - [22/Apr/2021:10:51:11 +0800] "GET /xingrg/kc/buy/cgsh_order_operate.html?command=get_materiel&rest_code=00141&code=00101008286&supplier_code=00100007&order_time=2021-04-22 HTTP/1.1" 200 408
116.224.253.72 - - [22/Apr/2021:10:51:11 +0800] "GET /xingrg/kc/buy/cgsh_order_add.html HTTP/1.1" 200 62084
116.224.253.72 - - [22/Apr/2021:10:51:11 +0800] "POST /xingrg/kc/buy/cgsh_order_operate.html HTTP/1.1" 200 8245
101.89.19.197 - - [22/Apr/2021:10:51:11 +0800] "GET /xingrg/kc/buy/cgsh_order_operate.html?command=get_materiel&rest_code=00141&code=00101008017&supplier_code=00100007&order_time=2021-04-22 HTTP/1.1" 302 -
116.224.253.72 - - [22/Apr/2021:10:51:11 +0800] "GET /xingrg/javascript/easyui/themes/default/validatebox.css HTTP/1.1" 404 1104
120.253.135.82 - - [22/Apr/2021:10:51:12 +0800] "GET /xingrg/javascript/easyui/plugins/jquery.draggable.js HTTP/1.1" 200 6121
120.253.135.82 - - [22/Apr/2021:10:51:12 +0800] "GET /xingrg/javascript/easyui/plugins/jquery.droppable.js HTTP/1.1" 200 1167
120.253.135.82 - - [22/Apr/2021:10:51:12 +0800] "GET /xingrg/javascript/easyui/themes/default/tree.css HTTP/1.1" 404 1090
120.253.135.82 - - [22/Apr/2021:10:51:12 +0800] "GET /xingrg/javascript/easyui/plugins/jquery.tree.js HTTP/1.1" 200 20874
120.253.135.82 - - [22/Apr/2021:10:51:12 +0800] "POST /xingrg/all/common/load_tree.html?tree=area_rest_tree_json&only_rest=1 HTTP/1.1" 200 3223
120.253.135.82 - - [22/Apr/2021:10:51:13 +0800] "GET /xingrg/javascript/easyui/themes/default/images/tree_arrows.gif HTTP/1.1" 200 617
120.253.135.82 - - [22/Apr/2021:10:51:13 +0800] "GET /xingrg/javascript/easyui/themes/icons/area.png HTTP/1.1" 200 262
120.253.135.82 - - [22/Apr/2021:10:51:13 +0800] "GET /xingrg/javascript/easyui/themes/default/images/tree_folder_open.gif HTTP/1.1" 200 956
120.253.135.82 - - [22/Apr/2021:10:51:13 +0800] "GET /xingrg/javascript/easyui/themes/icons/rest.png HTTP/1.1" 200 695
124.77.71.179 - - [22/Apr/2021:10:51:14 +0800] "GET /xingrg/all/function/internal_message.html?_=1619059869368&CODE_STATE=getMsg HTTP/1.1" 200 27
222.70.217.33 - - [22/Apr/2021:10:51:16 +0800] "GET /xingrg/kc/buy/cgsh_order_operate.html?command=get_materiel&rest_code=00155&code=00101004038&supplier_code=00100347&order_time=2021-04-22 HTTP/1.1" 200 430
101.89.19.197 - - [22/Apr/2021:10:51:16 +0800] "GET /xingrg/login.html HTTP/1.1" 200 7641
61.151.178.236 - - [22/Apr/2021:10:51:18 +0800] "GET /xingrg/kc/buy/cgsh_order_operate.html?command=get_materiel&rest_code=00141&code=00101008096&supplier_code=00100007&order_time=2021-04-22 HTTP/1.1" 302 -
61.151.178.236 - - [22/Apr/2021:10:51:20 +0800] "GET /xingrg/login.html HTTP/1.1" 200 7641
116.224.253.72 - - [22/Apr/2021:10:51:20 +0800] "GET /xingrg/kc/buy/cgsh_order_operate.html?command=get_materiel&rest_code=00150&code=00101001145&supplier_code=00100314&order_time=2021-04-22 HTTP/1.1" 200 415
58.37.228.113 - - [22/Apr/2021:10:51:23 +0800] "GET /xingrg/kc/buy/cgsh_order_operate.html?command=get_materiel&rest_code=00141&code=00101008069&supplier_code=00100007&order_time=2021-04-22 HTTP/1.1" 200 412
117.185.32.26 - - [22/Apr/2021:10:51:24 +0800] "GET /xingrg/all/function/internal_message.html?_=1619060408209&CODE_STATE=getMsg HTTP/1.1" 200 27
101.85.94.178 - - [22/Apr/2021:10:51:25 +0800] "GET /xingrg/check_reg.html?_=1619059417019 HTTP/1.1" 200 22
222.70.217.33 - - [22/Apr/2021:10:51:25 +0800] "GET /xingrg/kc/buy/cgsh_order_operate.html?command=get_materiel&rest_code=00155&code=00102002195&supplier_code=00100347&order_time=2021-04-22 HTTP/1.1" 200 414
58.37.228.113 - - [22/Apr/2021:10:51:26 +0800] "POST /xingrg/kc/buy/cgsh_order_operate.html HTTP/1.1" 200 2065
222.70.217.33 - - [22/Apr/2021:10:51:27 +0800] "GET /xingrg/all/function/internal_message.html?_=1619059887621&CODE_STATE=getMsg HTTP/1.1" 200 27
58.37.228.113 - - [22/Apr/2021:10:51:30 +0800] "GET /xingrg/kc/buy/cgsh_order_operate.html?command=get_materiel&rest_code=00141&code=00101008036&supplier_code=00100007&order_time=2021-04-22 HTTP/1.1" 200 408
117.185.32.26 - - [22/Apr/2021:10:51:32 +0800] "GET /xingrg/kc/mdqp/qp_main.html HTTP/1.1" 200 10633
117.185.32.26 - - [22/Apr/2021:10:51:32 +0800] "GET /xingrg/images/yd/bt.gif HTTP/1.1" 404 1040
117.185.32.26 - - [22/Apr/2021:10:51:32 +0800] "GET /xingrg/kc/mdqp/pssh_order_list.html HTTP/1.1" 200 17971
117.185.32.26 - - [22/Apr/2021:10:51:33 +0800] "POST /xingrg/kc/mdqp/pssh_list_operate.html HTTP/1.1" 200 5155
117.185.32.26 - - [22/Apr/2021:10:51:35 +0800] "POST /xingrg/kc/mdqp/pssh_list_operate.html HTTP/1.1" 200 774
180.169.147.146 - - [22/Apr/2021:10:51:37 +0800] "GET /xingrg/all/function/internal_message.html?_=1619059899919&CODE_STATE=getMsg HTTP/1.1" 200 27
180.169.147.146 - - [22/Apr/2021:10:51:37 +0800] "GET /xingrg/all/function/internal_message.html?_=1619059895833&CODE_STATE=getMsg HTTP/1.1" 200 27
120.253.135.82 - - [22/Apr/2021:10:51:38 +0800] "GET /xingrg/all/function/internal_message.html?_=1619059677851&CODE_STATE=getMsg HTTP/1.1" 200 27
116.230.114.112 - - [22/Apr/2021:10:51:39 +0800] "POST /xingrg/kc/buy/cgsh_order_operate.html HTTP/1.1" 200 37
116.224.253.72 - - [22/Apr/2021:10:51:39 +0800] "POST /xingrg/kc/buy/cgsh_order_operate.html HTTP/1.1" 200 88
222.70.217.33 - - [22/Apr/2021:10:51:40 +0800] "GET /xingrg/kc/buy/cgsh_order_operate.html?command=get_materiel&rest_code=00155&code=00101020133&supplier_code=00100347&order_time=2021-04-22 HTTP/1.1" 200 417
58.37.228.113 - - [22/Apr/2021:10:51:40 +0800] "GET /xingrg/kc/buy/cgsh_order_operate.html?command=get_materiel&rest_code=00141&code=00101008131&supplier_code=00100007&order_time=2021-04-22 HTTP/1.1" 200 408
117.185.32.26 - - [22/Apr/2021:10:51:40 +0800] "POST /xingrg/kc/mdqp/pssh_list_operate.html HTTP/1.1" 200 5155
117.185.32.26 - - [22/Apr/2021:10:51:41 +0800] "POST /xingrg/kc/mdqp/pssh_list_operate.html HTTP/1.1" 200 385
116.230.114.112 - - [22/Apr/2021:10:51:42 +0800] "POST /xingrg/kc/buy/cgsh_order_operate.html HTTP/1.1" 200 3834
180.162.112.86 - - [22/Apr/2021:10:51:43 +0800] "GET /xingrg/all/function/internal_message.html?_=1619059660677&CODE_STATE=getMsg HTTP/1.1" 200 27
116.224.253.72 - - [22/Apr/2021:10:51:44 +0800] "POST /xingrg/kc/buy/cgsh_order_operate.html HTTP/1.1" 200 37
116.230.114.112 - - [22/Apr/2021:10:51:45 +0800] "GET /xingrg/kc/print/load_data.html?order_code=212021042209231&kc_code=cgsh&condition= HTTP/1.1" 200 1198
116.224.253.72 - - [22/Apr/2021:10:51:45 +0800] "POST /xingrg/kc/buy/cgsh_order_operate.html HTTP/1.1" 200 2662
180.169.147.146 - - [22/Apr/2021:10:51:47 +0800] "GET /xingrg/all/function/internal_message.html?_=1619059907256&CODE_STATE=getMsg HTTP/1.1" 200 27
58.37.228.113 - - [22/Apr/2021:10:51:47 +0800] "GET /xingrg/kc/buy/cgsh_order_operate.html?command=get_materiel&rest_code=00141&code=00101008318&supplier_code=00100007&order_time=2021-04-22 HTTP/1.1" 200 408
116.230.114.112 - - [22/Apr/2021:10:51:48 +0800] "GET /xingrg/all/function/internal_message.html?_=1619059922164&CODE_STATE=getMsg HTTP/1.1" 200 27
101.91.60.105 - - [22/Apr/2021:10:51:49 +0800] "GET /xingrg/kc/buy/cgsh_order_operate.html?command=get_materiel&rest_code=00141&code=00101008360&supplier_code=00100007&order_time=2021-04-22 HTTP/1.1" 302 -
117.185.32.26 - - [22/Apr/2021:10:51:49 +0800] "GET /xingrg/all/function/internal_message.html?_=1619059907389&CODE_STATE=getMsg HTTP/1.1" 200 27
116.224.253.72 - - [22/Apr/2021:10:51:50 +0800] "POST /xingrg/kc/buy/cgsh_order_operate.html HTTP/1.1" 200 37
117.185.32.26 - - [22/Apr/2021:10:51:51 +0800] "POST /xingrg/kc/mdqp/pssh_list_operate.html HTTP/1.1" 200 755
222.70.217.33 - - [22/Apr/2021:10:51:52 +0800] "POST /xingrg/kc/buy/cgsh_order_operate.html HTTP/1.1" 200 37
58.37.228.113 - - [22/Apr/2021:10:51:52 +0800] "GET /xingrg/all/function/internal_message.html?_=1619059916104&CODE_STATE=getMsg HTTP/1.1" 200 27
58.37.228.113 - - [22/Apr/2021:10:51:52 +0800] "GET /xingrg/check_reg.html?_=1619059916104 HTTP/1.1" 200 22
101.91.60.105 - - [22/Apr/2021:10:51:53 +0800] "GET /xingrg/login.html HTTP/1.1" 200 7641
114.83.220.121 - - [22/Apr/2021:10:51:53 +0800] "GET /xingrg/all/function/internal_message.html?_=1619059913796&CODE_STATE=getMsg HTTP/1.1" 200 27
117.185.32.26 - - [22/Apr/2021:10:51:53 +0800] "POST /xingrg/kc/mdqp/pssh_list_operate.html HTTP/1.1" 200 808
61.151.179.84 - - [22/Apr/2021:10:51:53 +0800] "GET /xingrg/all/function/internal_message.html?_=1619059856071&CODE_STATE=getMsg HTTP/1.1" 302 -
58.37.228.113 - - [22/Apr/2021:10:51:54 +0800] "GET /xingrg/kc/buy/cgsh_order_operate.html?command=get_materiel&rest_code=00141&code=00101008352&supplier_code=00100007&order_time=2021-04-22 HTTP/1.1" 200 412
116.224.253.72 - - [22/Apr/2021:10:51:54 +0800] "POST /xingrg/kc/buy/cgsh_order_operate.html HTTP/1.1" 200 12
61.165.42.208 - - [22/Apr/2021:10:51:54 +0800] "GET /xingrg/all/function/internal_message.html?_=1619059914254&CODE_STATE=getMsg HTTP/1.1" 200 27
61.165.42.208 - - [22/Apr/2021:10:51:54 +0800] "GET /xingrg/check_reg.html?_=1619059914642 HTTP/1.1" 200 22
117.185.32.26 - - [22/Apr/2021:10:51:54 +0800] "POST /xingrg/kc/mdqp/pssh_list_operate.html HTTP/1.1" 200 774
120.253.135.82 - - [22/Apr/2021:10:51:54 +0800] "GET /xingrg/all/function/internal_message.html?_=1619060035554&CODE_STATE=getMsg HTTP/1.1" 200 27
116.224.253.72 - - [22/Apr/2021:10:51:54 +0800] "GET /xingrg/kc/buy/cgsh_order_info.html?code=212021042209233 HTTP/1.1" 200 56992
116.224.253.72 - - [22/Apr/2021:10:51:55 +0800] "GET /xingrg/javascript/easyui/themes/default/validatebox.css HTTP/1.1" 404 1104
222.70.217.33 - - [22/Apr/2021:10:51:55 +0800] "POST /xingrg/kc/buy/cgsh_order_operate.html HTTP/1.1" 200 6810
116.224.253.72 - - [22/Apr/2021:10:51:55 +0800] "POST /xingrg/kc/buy/cgsh_order_operate.html HTTP/1.1" 200 612
116.224.253.72 - - [22/Apr/2021:10:51:55 +0800] "GET /xingrg/all/function/internal_message.html?_=1619059899793&CODE_STATE=getMsg HTTP/1.1" 200 27
61.151.179.84 - - [22/Apr/2021:10:51:56 +0800] "GET /xingrg/login.html HTTP/1.1" 200 7641
222.70.217.33 - - [22/Apr/2021:10:51:56 +0800] "GET /xingrg/kc/print/load_data.html?order_code=212021042209234&kc_code=cgsh&condition= HTTP/1.1" 200 2247
116.224.253.72 - - [22/Apr/2021:10:51:57 +0800] "GET /xingrg/kc/print/load_data.html?order_code=212021042209233&kc_code=cgsh&condition= HTTP/1.1" 200 738
114.88.160.164 - - [22/Apr/2021:10:51:57 +0800] "GET /xingrg/all/function/internal_message.html?_=1619059917255&CODE_STATE=getMsg HTTP/1.1" 200 27
117.185.32.26 - - [22/Apr/2021:10:51:58 +0800] "POST /xingrg/kc/mdqp/pssh_list_operate.html HTTP/1.1" 200 797
117.185.32.26 - - [22/Apr/2021:10:51:59 +0800] "POST /xingrg/kc/mdqp/pssh_list_operate.html HTTP/1.1" 200 355
58.221.95.50 - - [22/Apr/2021:10:52:00 +0800] "GET /xingrg/all/function/internal_message.html?_=1619059921943&CODE_STATE=getMsg HTTP/1.1" 200 27
58.37.228.113 - - [22/Apr/2021:10:52:01 +0800] "GET /xingrg/kc/buy/cgsh_order_operate.html?command=get_materiel&rest_code=00141&code=00101008098&supplier_code=00100007&order_time=2021-04-22 HTTP/1.1" 200 412
58.40.7.146 - - [22/Apr/2021:10:52:01 +0800] "GET /xingrg/all/function/internal_message.html?_=1619059921711&CODE_STATE=getMsg HTTP/1.1" 200 27
58.40.7.146 - - [22/Apr/2021:10:52:01 +0800] "GET /xingrg/check_reg.html?_=1619059921712 HTTP/1.1" 200 22
117.185.32.26 - - [22/Apr/2021:10:52:04 +0800] "POST /xingrg/kc/mdqp/pssh_list_operate.html HTTP/1.1" 200 5599
116.224.253.72 - - [22/Apr/2021:10:52:04 +0800] "GET /xingrg/kc/buy/cgsh_order_add.html HTTP/1.1" 200 62084
116.224.253.72 - - [22/Apr/2021:10:52:04 +0800] "POST /xingrg/kc/buy/cgsh_order_operate.html HTTP/1.1" 200 8245
116.224.253.72 - - [22/Apr/2021:10:52:04 +0800] "GET /xingrg/javascript/easyui/themes/default/validatebox.css HTTP/1.1" 404 1104
58.37.228.113 - - [22/Apr/2021:10:52:06 +0800] "POST /xingrg/kc/buy/cgsh_order_operate.html HTTP/1.1" 200 2065
180.169.147.146 - - [22/Apr/2021:10:52:06 +0800] "GET /xingrg/all/function/internal_message.html?_=1619059926035&CODE_STATE=getMsg HTTP/1.1" 200 27
180.169.147.146 - - [22/Apr/2021:10:52:06 +0800] "GET /xingrg/check_reg.html?_=1619059926039 HTTP/1.1" 200 22
58.37.228.113 - - [22/Apr/2021:10:52:10 +0800] "GET /xingrg/kc/buy/cgsh_order_operate.html?command=get_materiel&rest_code=00141&code=00101008005&supplier_code=00100007&order_time=2021-04-22 HTTP/1.1" 200 412
114.86.187.76 - - [22/Apr/2021:10:52:10 +0800] "GET /xingrg/login.html HTTP/1.1" 200 7641
114.86.187.76 - - [22/Apr/2021:10:52:10 +0800] "GET /xingrg/images/blue/jxLogo.png HTTP/1.1" 200 6156
114.86.187.76 - - [22/Apr/2021:10:52:10 +0800] "GET /xingrg/images/blue/login_bg.png HTTP/1.1" 200 22101
114.86.187.76 - - [22/Apr/2021:10:52:10 +0800] "GET /xingrg/images/blue/hj.png HTTP/1.1" 200 1014
114.86.187.76 - - [22/Apr/2021:10:52:10 +0800] "GET /xingrg/images/blue/srbg.png HTTP/1.1" 200 138
114.86.187.76 - - [22/Apr/2021:10:52:11 +0800] "GET /favicon.ico HTTP/1.1" 404 -
120.253.135.82 - - [22/Apr/2021:10:52:13 +0800] "GET /xingrg/javascript/auto/indicator.gif HTTP/1.1" 404 1066
61.151.178.166 - - [22/Apr/2021:10:52:13 +0800] "GET /xingrg/kc/buy/cgsh_order_operate.html?command=get_materiel&rest_code=00141&code=00101008286&supplier_code=00100007&order_time=2021-04-22 HTTP/1.1" 302 -
124.77.71.179 - - [22/Apr/2021:10:52:14 +0800] "GET /xingrg/all/function/internal_message.html?_=1619059929370&CODE_STATE=getMsg HTTP/1.1" 200 27
124.77.71.179 - - [22/Apr/2021:10:52:14 +0800] "GET /xingrg/check_reg.html?_=1619059929371 HTTP/1.1" 200 22
116.224.253.72 - - [22/Apr/2021:10:52:15 +0800] "GET /xingrg/kc/buy/cgsh_order_operate.html?command=get_materiel&rest_code=00150&code=00101002006&supplier_code=00100091&order_time=2021-04-22 HTTP/1.1" 200 434
58.37.228.113 - - [22/Apr/2021:10:52:16 +0800] "GET /xingrg/kc/buy/cgsh_order_operate.html?command=get_materiel&rest_code=00141&code=00101008213&supplier_code=00100007&order_time=2021-04-22 HTTP/1.1" 200 412
61.151.178.166 - - [22/Apr/2021:10:52:18 +0800] "GET /xingrg/login.html HTTP/1.1" 200 7641
117.185.32.26 - - [22/Apr/2021:10:52:19 +0800] "POST /xingrg/kc/mdqp/pssh_list_operate.html HTTP/1.1" 200 5599
117.185.32.26 - - [22/Apr/2021:10:52:19 +0800] "GET /xingrg/kc/mdqp/qp_main.html HTTP/1.1" 200 10633
117.185.32.26 - - [22/Apr/2021:10:52:19 +0800] "POST /xingrg/kc/mdqp/pssh_list_operate.html HTTP/1.1" 200 -
117.185.32.26 - - [22/Apr/2021:10:52:20 +0800] "GET /xingrg/kc/mdqp/qp_main.html HTTP/1.1" 200 10633
117.185.32.26 - - [22/Apr/2021:10:52:20 +0800] "GET /xingrg/images/yd/bt.gif HTTP/1.1" 404 1040
117.185.32.26 - - [22/Apr/2021:10:52:21 +0800] "GET /xingrg/kc/mdqp/pssh_order_list.html HTTP/1.1" 200 17971
117.185.32.26 - - [22/Apr/2021:10:52:21 +0800] "POST /xingrg/kc/mdqp/pssh_list_operate.html HTTP/1.1" 200 5155
114.86.187.76 - - [22/Apr/2021:10:52:21 +0800] "POST /xingrg/login.do HTTP/1.1" 302 -
114.86.187.76 - - [22/Apr/2021:10:52:21 +0800] "GET /xingrg/javascript/jquery_easy_ui/themes/icon.css HTTP/1.1" 200 3949
114.86.187.76 - - [22/Apr/2021:10:52:21 +0800] "GET /xingrg/javascript/jquery_easy_ui/themes/default/easyui.css HTTP/1.1" 200 26500
114.86.187.76 - - [22/Apr/2021:10:52:21 +0800] "GET /xingrg/index.html?sysBaseUrl=http%3A%2F%2F180.169.147.146%3A18081%2Fxingrg%2F&costTime=40×tamp=1619059941917 HTTP/1.1" 200 17179
114.86.187.76 - - [22/Apr/2021:10:52:21 +0800] "GET /xingrg/css/form.css HTTP/1.1" 200 893
114.86.187.76 - - [22/Apr/2021:10:52:22 +0800] "GET /xingrg/javascript/jquery-1.4.2.min.js HTTP/1.1" 200 72205
114.86.187.76 - - [22/Apr/2021:10:52:22 +0800] "GET /xingrg/javascript/jquery_easy_ui/jquery.easyui.min.js HTTP/1.1" 200 213662
114.86.187.76 - - [22/Apr/2021:10:52:22 +0800] "GET /xingrg/javascript/jquery_easy_ui/easyui-lang-zh_CN.js HTTP/1.1" 200 1900
114.86.187.76 - - [22/Apr/2021:10:52:22 +0800] "GET /xingrg/javascript/jquery.utils.js HTTP/1.1" 200 11805
114.86.187.76 - - [22/Apr/2021:10:52:22 +0800] "GET /favicon.ico HTTP/1.1" 404 -
116.238.141.202 - - [22/Apr/2021:10:52:22 +0800] "GET /xingrg/kc/base/wldb_order_add.html HTTP/1.1" 200 30542
114.86.187.76 - - [22/Apr/2021:10:52:22 +0800] "GET /xingrg/javascript/jquery.timers.js HTTP/1.1" 200 3532
114.86.187.76 - - [22/Apr/2021:10:52:22 +0800] "GET /xingrg/javascript/jquery.form.js HTTP/1.1" 200 23110
114.86.187.76 - - [22/Apr/2021:10:52:22 +0800] "GET /xingrg/images/blue/jxLogo.png HTTP/1.1" 304 -
114.86.187.76 - - [22/Apr/2021:10:52:22 +0800] "GET /xingrg/images/blue/navBackgound.jpg HTTP/1.1" 200 12378
114.86.187.76 - - [22/Apr/2021:10:52:22 +0800] "GET /xingrg/javascript/jquery_easy_ui/themes/icons/settle_new.png HTTP/1.1" 200 826
114.86.187.76 - - [22/Apr/2021:10:52:22 +0800] "GET /xingrg/images/blue/pingpu.png HTTP/1.1" 200 231
114.86.187.76 - - [22/Apr/2021:10:52:22 +0800] "POST /xingrg/all/common/load_tree.html?tree=area_rest_tree_json&manage=1 HTTP/1.1" 200 351
114.86.187.76 - - [22/Apr/2021:10:52:22 +0800] "GET /xingrg/javascript/jquery_easy_ui/themes/default/images/tabs_leftarrow.png HTTP/1.1" 200 389
114.86.187.76 - - [22/Apr/2021:10:52:22 +0800] "GET /xingrg/javascript/jquery_easy_ui/themes/default/images/tabs_rightarrow.png HTTP/1.1" 200 395
114.86.187.76 - - [22/Apr/2021:10:52:22 +0800] "GET /xingrg/javascript/jquery_easy_ui/themes/default/images/panel_tool_collapse.gif HTTP/1.1" 200 246
114.86.187.76 - - [22/Apr/2021:10:52:22 +0800] "GET /xingrg/all/function/internal_message.html?_=1619059943740&CODE_STATE=count HTTP/1.1" 200 11
114.86.187.76 - - [22/Apr/2021:10:52:22 +0800] "GET /xingrg/check_reg.html?_=1619059943741 HTTP/1.1" 200 22
114.86.187.76 - - [22/Apr/2021:10:52:22 +0800] "GET /xingrg/javascript/jquery_easy_ui/themes/default/images/tree_arrows.gif HTTP/1.1" 200 1043
114.86.187.76 - - [22/Apr/2021:10:52:22 +0800] "POST /xingrg/load_menu.html HTTP/1.1" 200 5138
114.86.187.76 - - [22/Apr/2021:10:52:22 +0800] "GET /xingrg/javascript/jquery_easy_ui/themes/default/images/tree_folder_open.gif HTTP/1.1" 200 956
114.86.187.76 - - [22/Apr/2021:10:52:22 +0800] "GET /xingrg/javascript/jquery_easy_ui/themes/icons/search_new.png HTTP/1.1" 200 586
114.86.187.76 - - [22/Apr/2021:10:52:22 +0800] "GET /xingrg/javascript/jquery_easy_ui/themes/default/images/tree_folder.gif HTTP/1.1" 200 952
114.86.187.76 - - [22/Apr/2021:10:52:22 +0800] "GET /xingrg/javascript/jquery_easy_ui/themes/icons/forms_new.png HTTP/1.1" 200 350
114.86.187.76 - - [22/Apr/2021:10:52:22 +0800] "GET /xingrg/javascript/jquery_easy_ui/themes/icons/storage_new.png HTTP/1.1" 200 853
114.86.187.76 - - [22/Apr/2021:10:52:22 +0800] "GET /xingrg/javascript/jquery_easy_ui/themes/default/images/tree_file.gif HTTP/1.1" 200 118
58.37.228.113 - - [22/Apr/2021:10:52:22 +0800] "GET /xingrg/kc/buy/cgsh_order_operate.html?command=get_materiel&rest_code=00141&code=00101008039&supplier_code=00100007&order_time=2021-04-22 HTTP/1.1" 200 412
117.185.32.26 - - [22/Apr/2021:10:52:23 +0800] "POST /xingrg/kc/mdqp/pssh_list_operate.html HTTP/1.1" 200 774
116.238.141.202 - - [22/Apr/2021:10:52:23 +0800] "POST /xingrg/kc/base/wldb_order_operate.html HTTP/1.1" 200 6806
116.238.141.202 - - [22/Apr/2021:10:52:23 +0800] "GET /xingrg/check_reg.html?_=1619060221570 HTTP/1.1" 200 22
116.238.141.202 - - [22/Apr/2021:10:52:24 +0800] "GET /xingrg/javascript/easyui/themes/default/validatebox.css HTTP/1.1" 404 1104
117.185.32.26 - - [22/Apr/2021:10:52:24 +0800] "GET /xingrg/all/function/internal_message.html?_=1619060468192&CODE_STATE=getMsg HTTP/1.1" 200 27
117.185.32.26 - - [22/Apr/2021:10:52:24 +0800] "POST /xingrg/kc/mdqp/pssh_list_operate.html HTTP/1.1" 200 258
114.86.187.76 - - [22/Apr/2021:10:52:25 +0800] "GET /xingrg/javascript/jquery_easy_ui/themes/default/images/tabs_close.gif HTTP/1.1" 200 829
114.86.187.76 - - [22/Apr/2021:10:52:25 +0800] "GET /xingrg/css/base.css HTTP/1.1" 200 2811
114.86.187.76 - - [22/Apr/2021:10:52:25 +0800] "GET /xingrg/css/site.css HTTP/1.1" 200 7541
114.86.187.76 - - [22/Apr/2021:10:52:25 +0800] "GET /xingrg/javascript/jquery_tools/datebox.css HTTP/1.1" 200 2597
114.86.187.76 - - [22/Apr/2021:10:52:25 +0800] "GET /xingrg/javascript/easyui/themes/icon.css HTTP/1.1" 200 4483
114.86.187.76 - - [22/Apr/2021:10:52:25 +0800] "GET /xingrg/javascript/jquery_tools/jquery.tools.hotkey.js HTTP/1.1" 200 3242
114.86.187.76 - - [22/Apr/2021:10:52:25 +0800] "GET /xingrg/kc/buy/cgsh_order_list.html HTTP/1.1" 200 46416
114.86.187.76 - - [22/Apr/2021:10:52:25 +0800] "GET /xingrg/javascript/jquery_tools/jquery.tools.table.js HTTP/1.1" 200 6994
114.86.187.76 - - [22/Apr/2021:10:52:25 +0800] "GET /xingrg/javascript/jquery_tools/list_manager.js HTTP/1.1" 200 3652
114.86.187.76 - - [22/Apr/2021:10:52:25 +0800] "GET /xingrg/javascript/easyui/themes/default/easyui.css HTTP/1.1" 200 30432
114.86.187.76 - - [22/Apr/2021:10:52:25 +0800] "GET /xingrg/javascript/easyui/easyloader.js HTTP/1.1" 200 5975
114.86.187.76 - - [22/Apr/2021:10:52:25 +0800] "GET /xingrg/javascript/jquery.utils.js HTTP/1.1" 304 -
114.86.187.76 - - [22/Apr/2021:10:52:25 +0800] "GET /xingrg/javascript/auto/jquery.autocomplete.css HTTP/1.1" 200 587
114.86.187.76 - - [22/Apr/2021:10:52:25 +0800] "GET /xingrg/javascript/jquery.cookie.js HTTP/1.1" 200 5513
114.86.187.76 - - [22/Apr/2021:10:52:25 +0800] "GET /xingrg/javascript/auto/jquery.autocomplete.js HTTP/1.1" 200 21624
114.86.187.76 - - [22/Apr/2021:10:52:25 +0800] "GET /xingrg/javascript/jquery_tools/fix.css HTTP/1.1" 200 1702
114.86.187.76 - - [22/Apr/2021:10:52:25 +0800] "GET /xingrg/javascript/jquery_tools/table.css HTTP/1.1" 200 1032
114.86.187.76 - - [22/Apr/2021:10:52:25 +0800] "GET /xingrg/javascript/print/LodopFuncs.js HTTP/1.1" 200 5121
114.86.187.76 - - [22/Apr/2021:10:52:25 +0800] "GET /xingrg/javascript/jquery_tools/jquery.tools.min.js HTTP/1.1" 200 138801
114.86.187.76 - - [22/Apr/2021:10:52:25 +0800] "GET /xingrg/javascript/jquery_tools/jquery.tools.extend.js HTTP/1.1" 200 15385
114.86.187.76 - - [22/Apr/2021:10:52:25 +0800] "GET /xingrg/javascript/easyui/themes/icons/cance_new.png HTTP/1.1" 200 3986
114.86.187.76 - - [22/Apr/2021:10:52:25 +0800] "GET /xingrg/javascript/easyui/themes/icons/check_new.png HTTP/1.1" 200 3224
114.86.187.76 - - [22/Apr/2021:10:52:25 +0800] "GET /xingrg/javascript/easyui/themes/icons/edit_add_new.png HTTP/1.1" 200 2997
114.86.187.76 - - [22/Apr/2021:10:52:25 +0800] "GET /xingrg/javascript/easyui/themes/icons/import_new.png HTTP/1.1" 200 1247
114.86.187.76 - - [22/Apr/2021:10:52:25 +0800] "GET /xingrg/javascript/easyui/themes/icons/field_new.png HTTP/1.1" 200 1097
114.86.187.76 - - [22/Apr/2021:10:52:25 +0800] "GET /xingrg/javascript/jquery_easy_ui/themes/icons/area.png HTTP/1.1" 200 262
114.86.187.76 - - [22/Apr/2021:10:52:25 +0800] "GET /xingrg/javascript/jquery_easy_ui/themes/icons/rest.png HTTP/1.1" 200 695
114.86.187.76 - - [22/Apr/2021:10:52:25 +0800] "GET /xingrg/javascript/easyui/plugins/jquery.parser.js HTTP/1.1" 200 1142
114.86.187.76 - - [22/Apr/2021:10:52:25 +0800] "GET /xingrg/images/control/ajaxLoader.gif HTTP/1.1" 200 4659
116.238.141.202 - - [22/Apr/2021:10:52:25 +0800] "POST /xingrg/all/common/load_combo.html?type=base HTTP/1.1" 200 3060
116.224.253.72 - - [22/Apr/2021:10:52:27 +0800] "POST /xingrg/kc/buy/cgsh_order_operate.html HTTP/1.1" 200 37
114.86.187.76 - - [22/Apr/2021:10:52:27 +0800] "POST /xingrg/kc/buy/cgsh_list_operate.html HTTP/1.1" 200 876
222.70.217.33 - - [22/Apr/2021:10:52:27 +0800] "GET /xingrg/all/function/internal_message.html?_=1619059947619&CODE_STATE=getMsg HTTP/1.1" 200 27
58.37.228.113 - - [22/Apr/2021:10:52:29 +0800] "GET /xingrg/kc/buy/cgsh_order_operate.html?command=get_materiel&rest_code=00141&code=00101008004&supplier_code=00100007&order_time=2021-04-22 HTTP/1.1" 200 416
116.238.141.202 - - [22/Apr/2021:10:52:29 +0800] "POST /xingrg/all/common/load_combo.html?type=base HTTP/1.1" 200 3060
116.224.253.72 - - [22/Apr/2021:10:52:29 +0800] "POST /xingrg/kc/buy/cgsh_order_operate.html HTTP/1.1" 200 12
61.151.178.197 - - [22/Apr/2021:10:52:30 +0800] "GET /xingrg/kc/buy/cgsh_order_operate.html?command=get_materiel&rest_code=00141&code=00101008069&supplier_code=00100007&order_time=2021-04-22 HTTP/1.1" 302 -
116.224.253.72 - - [22/Apr/2021:10:52:30 +0800] "GET /xingrg/kc/buy/cgsh_order_info.html?code=212021042209235 HTTP/1.1" 200 56994
116.224.253.72 - - [22/Apr/2021:10:52:30 +0800] "GET /xingrg/javascript/easyui/themes/default/validatebox.css HTTP/1.1" 404 1104
116.224.253.72 - - [22/Apr/2021:10:52:31 +0800] "POST /xingrg/kc/buy/cgsh_order_operate.html HTTP/1.1" 200 611
117.185.32.26 - - [22/Apr/2021:10:52:32 +0800] "GET /xingrg/kc/mdqp/pssh_order_info.html?code=312021042100574 HTTP/1.1" 200 17275
117.185.32.26 - - [22/Apr/2021:10:52:32 +0800] "GET /xingrg/javascript/jquery_tools/jquery-1.4.2.min.js HTTP/1.1" 404 1094
117.185.32.26 - - [22/Apr/2021:10:52:33 +0800] "GET /xingrg/javascript/easyui/themes/icons/back_new.png HTTP/1.1" 200 3414
117.185.32.26 - - [22/Apr/2021:10:52:33 +0800] "GET /xingrg/all/common/auto_word.html?type=base&rest_code=00106&rest_code=00106 HTTP/1.1" 200 1753
116.224.253.72 - - [22/Apr/2021:10:52:33 +0800] "GET /xingrg/kc/print/load_data.html?order_code=212021042209235&kc_code=cgsh&condition= HTTP/1.1" 200 802
117.185.32.26 - - [22/Apr/2021:10:52:33 +0800] "GET /xingrg/javascript/easyui/themes/default/validatebox.css HTTP/1.1" 404 1104
117.185.32.26 - - [22/Apr/2021:10:52:33 +0800] "POST /xingrg/kc/mdqp/pssh_order_operate.html HTTP/1.1" 200 7376
116.238.141.202 - - [22/Apr/2021:10:52:34 +0800] "GET /xingrg/kc/base/wldb_order_operate.html?command=get_materiel&rest_code=00102&base_code=0010476&code=00101013081 HTTP/1.1" 200 430
114.86.187.76 - - [22/Apr/2021:10:52:35 +0800] "GET /xingrg/javascript/jquery_tools/images/prev.gif HTTP/1.1" 404 1086
114.86.187.76 - - [22/Apr/2021:10:52:35 +0800] "GET /xingrg/javascript/jquery_tools/images/next.gif HTTP/1.1" 404 1086
61.151.178.197 - - [22/Apr/2021:10:52:37 +0800] "GET /xingrg/login.html HTTP/1.1" 200 7641
180.169.147.146 - - [22/Apr/2021:10:52:37 +0800] "GET /xingrg/all/function/internal_message.html?_=1619059959919&CODE_STATE=getMsg HTTP/1.1" 200 27
114.86.187.76 - - [22/Apr/2021:10:52:37 +0800] "GET /xingrg/javascript/jquery_easy_ui/themes/default/images/tabs_active.png HTTP/1.1" 200 2894
180.169.147.146 - - [22/Apr/2021:10:52:37 +0800] "GET /xingrg/all/function/internal_message.html?_=1619059955837&CODE_STATE=getMsg HTTP/1.1" 200 27
120.253.135.82 - - [22/Apr/2021:10:52:37 +0800] "GET /xingrg/kc/pszx/mdps_order_operate.html?command=get_materiel&pszx_code=00101&rest_code=00150&base_code=0010246&code=00101029073 HTTP/1.1" 200 478
58.37.228.113 - - [22/Apr/2021:10:52:37 +0800] "GET /xingrg/kc/buy/cgsh_order_operate.html?command=get_materiel&rest_code=00141&code=00101008208&supplier_code=00100007&order_time=2021-04-22 HTTP/1.1" 200 409
120.253.135.82 - - [22/Apr/2021:10:52:38 +0800] "GET /xingrg/all/function/internal_message.html?_=1619059738057&CODE_STATE=getMsg HTTP/1.1" 200 27
120.253.135.82 - - [22/Apr/2021:10:52:39 +0800] "POST /xingrg/all/common/load_select.html HTTP/1.1" 200 25
58.37.228.113 - - [22/Apr/2021:10:52:39 +0800] "POST /xingrg/kc/buy/cgsh_order_operate.html HTTP/1.1" 200 2065
116.224.253.72 - - [22/Apr/2021:10:52:41 +0800] "GET /xingrg/kc/buy/cgsh_order_add.html HTTP/1.1" 200 62084
120.253.135.82 - - [22/Apr/2021:10:52:41 +0800] "GET /xingrg/kc/pszx/mdps_order_operate.html?command=get_materiel_price&pszx_code=00101&rest_code=00150&base_code=0010246&code=00101029073&unit_code=00100179&order_time=2021-04-22 HTTP/1.1" 200 35
116.224.253.72 - - [22/Apr/2021:10:52:41 +0800] "POST /xingrg/kc/buy/cgsh_order_operate.html HTTP/1.1" 200 8245
116.224.253.72 - - [22/Apr/2021:10:52:42 +0800] "GET /xingrg/javascript/easyui/themes/default/validatebox.css HTTP/1.1" 404 1104
180.162.112.86 - - [22/Apr/2021:10:52:43 +0800] "GET /xingrg/all/function/internal_message.html?_=1619059720675&CODE_STATE=getMsg HTTP/1.1" 200 27
116.238.141.202 - - [22/Apr/2021:10:52:45 +0800] "GET /xingrg/kc/base/wldb_order_operate.html?command=get_materiel&rest_code=00102&base_code=0010476&code=00101019551 HTTP/1.1" 200 463
120.253.135.82 - - [22/Apr/2021:10:52:46 +0800] "GET /xingrg/kc/pszx/mdps_order_operate.html?command=get_materiel&pszx_code=00101&rest_code=00150&base_code=0010246&code=00101009024 HTTP/1.1" 200 410
180.169.147.146 - - [22/Apr/2021:10:52:47 +0800] "GET /xingrg/all/function/internal_message.html?_=1619059967249&CODE_STATE=getMsg HTTP/1.1" 200 27
116.230.114.112 - - [22/Apr/2021:10:52:48 +0800] "GET /xingrg/all/function/internal_message.html?_=1619059982390&CODE_STATE=getMsg HTTP/1.1" 200 27
117.185.32.26 - - [22/Apr/2021:10:52:49 +0800] "GET /xingrg/all/function/internal_message.html?_=1619059967357&CODE_STATE=getMsg HTTP/1.1" 200 27
120.253.135.82 - - [22/Apr/2021:10:52:50 +0800] "POST /xingrg/kc/pszx/mdps_order_operate.html HTTP/1.1" 200 102
116.224.253.72 - - [22/Apr/2021:10:52:50 +0800] "GET /xingrg/kc/buy/cgsh_order_operate.html?command=get_materiel&rest_code=00150&code=00101004034&supplier_code=00100085&order_time=2021-04-22 HTTP/1.1" 200 416
116.238.141.202 - - [22/Apr/2021:10:52:51 +0800] "GET /xingrg/kc/base/wldb_order_operate.html?command=get_materiel&rest_code=00102&base_code=0010476&code=00101016065 HTTP/1.1" 200 469
58.37.228.113 - - [22/Apr/2021:10:52:52 +0800] "GET /xingrg/all/function/internal_message.html?_=1619059976130&CODE_STATE=getMsg HTTP/1.1" 200 27
114.83.220.121 - - [22/Apr/2021:10:52:53 +0800] "GET /xingrg/all/function/internal_message.html?_=1619059973766&CODE_STATE=getMsg HTTP/1.1" 200 27
61.129.7.236 - - [22/Apr/2021:10:52:54 +0800] "GET /xingrg/all/function/internal_message.html?_=1619059916104&CODE_STATE=getMsg HTTP/1.1" 302 -
61.165.42.208 - - [22/Apr/2021:10:52:54 +0800] "GET /xingrg/all/function/internal_message.html?_=1619059974233&CODE_STATE=getMsg HTTP/1.1" 200 27
116.224.253.72 - - [22/Apr/2021:10:52:54 +0800] "GET /xingrg/login.html HTTP/1.1" 200 7641
116.224.253.72 - - [22/Apr/2021:10:52:55 +0800] "GET /favicon.ico HTTP/1.1" 404 -
116.230.114.112 - - [22/Apr/2021:10:52:55 +0800] "GET /xingrg/kc/buy/cgsh_order_add.html HTTP/1.1" 200 62154
116.224.253.72 - - [22/Apr/2021:10:52:55 +0800] "GET /xingrg/all/function/internal_message.html?_=1619059959807&CODE_STATE=getMsg HTTP/1.1" 200 27
116.238.141.202 - - [22/Apr/2021:10:52:55 +0800] "GET /xingrg/kc/base/wldb_order_operate.html?command=get_materiel&rest_code=00102&base_code=0010476&code=00101016044 HTTP/1.1" 200 464
61.129.7.236 - - [22/Apr/2021:10:52:56 +0800] "GET /xingrg/login.html HTTP/1.1" 200 7641
116.230.114.112 - - [22/Apr/2021:10:52:56 +0800] "POST /xingrg/kc/buy/cgsh_order_operate.html HTTP/1.1" 200 8245
116.230.114.112 - - [22/Apr/2021:10:52:56 +0800] "GET /xingrg/javascript/easyui/themes/default/validatebox.css HTTP/1.1" 404 1104
114.88.160.164 - - [22/Apr/2021:10:52:57 +0800] "GET /xingrg/all/function/internal_message.html?_=1619059977256&CODE_STATE=getMsg HTTP/1.1" 200 27
120.253.135.82 - - [22/Apr/2021:10:52:58 +0800] "POST /xingrg/kc/pszx/mdps_order_operate.html HTTP/1.1" 200 37
120.253.135.82 - - [22/Apr/2021:10:52:59 +0800] "GET /xingrg/kc/pszx/mdps_order_info.html?code=312021042200619 HTTP/1.1" 200 23929
58.37.228.113 - - [22/Apr/2021:10:52:59 +0800] "GET /xingrg/kc/buy/cgsh_order_operate.html?command=get_materiel&rest_code=00141&code=00101008365&supplier_code=00100007&order_time=2021-04-22 HTTP/1.1" 200 412
120.253.135.82 - - [22/Apr/2021:10:52:59 +0800] "GET /xingrg/all/function/internal_message.html?_=1619060100540&CODE_STATE=getMsg HTTP/1.1" 200 27
120.253.135.82 - - [22/Apr/2021:10:52:59 +0800] "GET /xingrg/javascript/easyui/themes/default/validatebox.css HTTP/1.1" 404 1104
120.253.135.82 - - [22/Apr/2021:10:52:59 +0800] "POST /xingrg/kc/pszx/mdps_order_operate.html HTTP/1.1" 200 2328
58.221.95.50 - - [22/Apr/2021:10:53:00 +0800] "GET /xingrg/all/function/internal_message.html?_=1619059981927&CODE_STATE=getMsg HTTP/1.1" 200 27
116.224.253.72 - - [22/Apr/2021:10:53:01 +0800] "POST /xingrg/login.do HTTP/1.1" 302 -
116.224.253.72 - - [22/Apr/2021:10:53:01 +0800] "GET /xingrg/index.html?sysBaseUrl=http%3A%2F%2F180.169.147.146%3A18081%2Fxingrg%2F&costTime=41×tamp=1619059981029 HTTP/1.1" 200 17177
116.224.253.72 - - [22/Apr/2021:10:53:01 +0800] "GET /favicon.ico HTTP/1.1" 404 -
116.238.141.202 - - [22/Apr/2021:10:53:01 +0800] "GET /xingrg/kc/base/wldb_order_operate.html?command=get_materiel&rest_code=00102&base_code=0010476&code=00101019249 HTTP/1.1" 200 470
116.224.253.72 - - [22/Apr/2021:10:53:01 +0800] "POST /xingrg/all/common/load_tree.html?tree=area_rest_tree_json&manage=1 HTTP/1.1" 200 476
116.224.253.72 - - [22/Apr/2021:10:53:01 +0800] "GET /xingrg/all/function/internal_message.html?_=1619059981859&CODE_STATE=count HTTP/1.1" 200 11
116.224.253.72 - - [22/Apr/2021:10:53:01 +0800] "GET /xingrg/check_reg.html?_=1619059981860 HTTP/1.1" 200 22
116.224.253.72 - - [22/Apr/2021:10:53:01 +0800] "POST /xingrg/load_menu.html HTTP/1.1" 200 5138
58.40.7.146 - - [22/Apr/2021:10:53:01 +0800] "GET /xingrg/all/function/internal_message.html?_=1619059981715&CODE_STATE=getMsg HTTP/1.1" 200 27
116.224.253.72 - - [22/Apr/2021:10:53:03 +0800] "GET /xingrg/kc/buy/cgsh_order_list.html HTTP/1.1" 200 46414
101.91.60.105 - - [22/Apr/2021:10:53:04 +0800] "GET /xingrg/kc/buy/cgsh_order_operate.html?command=get_materiel&rest_code=00141&code=00101008098&supplier_code=00100007&order_time=2021-04-22 HTTP/1.1" 302 -
116.224.253.72 - - [22/Apr/2021:10:53:05 +0800] "POST /xingrg/kc/buy/cgsh_list_operate.html HTTP/1.1" 200 876
116.224.253.72 - - [22/Apr/2021:10:53:05 +0800] "GET /xingrg/kc/buy/cgsh_order_add.html HTTP/1.1" 200 61790
116.224.253.72 - - [22/Apr/2021:10:53:05 +0800] "GET /xingrg/words/20210422084616_words.js HTTP/1.1" 304 -
101.91.60.105 - - [22/Apr/2021:10:53:06 +0800] "GET /xingrg/login.html HTTP/1.1" 200 7641
116.224.253.72 - - [22/Apr/2021:10:53:06 +0800] "POST /xingrg/kc/buy/cgsh_order_operate.html HTTP/1.1" 200 8245
116.224.253.72 - - [22/Apr/2021:10:53:06 +0800] "GET /xingrg/all/common/auto_word.html?type=employee&rest_code=00151 HTTP/1.1" 200 243
116.224.253.72 - - [22/Apr/2021:10:53:06 +0800] "GET /xingrg/all/common/auto_word.html?type=employee&rest_code=00151 HTTP/1.1" 200 243
116.224.253.72 - - [22/Apr/2021:10:53:06 +0800] "GET /xingrg/javascript/easyui/themes/default/validatebox.css HTTP/1.1" 404 1104
58.37.228.113 - - [22/Apr/2021:10:53:06 +0800] "GET /xingrg/kc/buy/cgsh_order_operate.html?command=get_materiel&rest_code=00141&code=00101008027&supplier_code=00100007&order_time=2021-04-22 HTTP/1.1" 200 409
180.169.147.146 - - [22/Apr/2021:10:53:06 +0800] "GET /xingrg/all/function/internal_message.html?_=1619059986037&CODE_STATE=getMsg HTTP/1.1" 200 27
116.224.253.72 - - [22/Apr/2021:10:53:07 +0800] "GET /xingrg/javascript/auto/indicator.gif HTTP/1.1" 404 1066
116.224.253.72 - - [22/Apr/2021:10:53:10 +0800] "POST /xingrg/kc/buy/cgsh_order_operate.html HTTP/1.1" 200 37
116.230.114.112 - - [22/Apr/2021:10:53:12 +0800] "GET /xingrg/kc/buy/cgsh_order_operate.html?command=get_materiel&rest_code=00146&code=00101018011&supplier_code=00100330&order_time=2021-04-22 HTTP/1.1" 200 413
116.224.253.72 - - [22/Apr/2021:10:53:13 +0800] "POST /xingrg/kc/buy/cgsh_order_operate.html HTTP/1.1" 200 12
116.224.253.72 - - [22/Apr/2021:10:53:14 +0800] "GET /xingrg/kc/buy/cgsh_order_info.html?code=212021042209236 HTTP/1.1" 200 56992
116.224.253.72 - - [22/Apr/2021:10:53:14 +0800] "GET /xingrg/kc/buy/cgsh_order_operate.html?command=get_materiel&rest_code=00151&code=00101012046&supplier_code=00100347&order_time=2021-04-22 HTTP/1.1" 200 417
116.224.253.72 - - [22/Apr/2021:10:53:14 +0800] "GET /xingrg/javascript/easyui/themes/default/validatebox.css HTTP/1.1" 404 1104
124.77.71.179 - - [22/Apr/2021:10:53:14 +0800] "GET /xingrg/all/function/internal_message.html?_=1619059989371&CODE_STATE=getMsg HTTP/1.1" 200 27
116.224.253.72 - - [22/Apr/2021:10:53:14 +0800] "POST /xingrg/kc/buy/cgsh_order_operate.html HTTP/1.1" 200 614
116.224.253.72 - - [22/Apr/2021:10:53:16 +0800] "GET /xingrg/javascript/jquery_tools/images/prev.gif HTTP/1.1" 404 1086
116.224.253.72 - - [22/Apr/2021:10:53:16 +0800] "GET /xingrg/javascript/jquery_tools/images/next.gif HTTP/1.1" 404 1086
116.224.253.72 - - [22/Apr/2021:10:53:16 +0800] "GET /xingrg/kc/print/load_data.html?order_code=212021042209236&kc_code=cgsh&condition= HTTP/1.1" 200 794
116.224.253.72 - - [22/Apr/2021:10:53:21 +0800] "POST /xingrg/kc/buy/cgsh_order_operate.html HTTP/1.1" 200 37
116.224.253.72 - - [22/Apr/2021:10:53:22 +0800] "GET /xingrg/kc/buy/cgsh_order_add.html HTTP/1.1" 200 62084
114.86.187.76 - - [22/Apr/2021:10:53:22 +0800] "GET /xingrg/all/function/internal_message.html?_=1619060003751&CODE_STATE=getMsg HTTP/1.1" 200 27
116.224.253.72 - - [22/Apr/2021:10:53:22 +0800] "POST /xingrg/kc/buy/cgsh_order_operate.html HTTP/1.1" 200 8245
116.224.253.72 - - [22/Apr/2021:10:53:22 +0800] "GET /xingrg/javascript/easyui/themes/default/validatebox.css HTTP/1.1" 404 1104
61.151.207.141 - - [22/Apr/2021:10:53:22 +0800] "GET /xingrg/kc/buy/cgsh_order_operate.html?command=get_materiel&rest_code=00141&code=00101008039&supplier_code=00100007&order_time=2021-04-22 HTTP/1.1" 302 -
61.151.207.141 - - [22/Apr/2021:10:53:24 +0800] "GET /xingrg/login.html HTTP/1.1" 200 7641
116.230.114.112 - - [22/Apr/2021:10:53:24 +0800] "POST /xingrg/kc/buy/cgsh_order_operate.html HTTP/1.1" 200 37
117.185.32.26 - - [22/Apr/2021:10:53:24 +0800] "GET /xingrg/all/function/internal_message.html?_=1619060528221&CODE_STATE=getMsg HTTP/1.1" 200 27
120.253.135.82 - - [22/Apr/2021:10:53:24 +0800] "GET /xingrg/kc/pszx/mdps_order_list.html?orderType=0 HTTP/1.1" 200 21197
120.253.135.82 - - [22/Apr/2021:10:53:25 +0800] "POST /xingrg/kc/pszx/mdps_list_operate.html HTTP/1.1" 200 5460
120.253.135.82 - - [22/Apr/2021:10:53:25 +0800] "POST /xingrg/kc/pszx/mdps_list_operate.html HTTP/1.1" 200 5460
116.224.253.72 - - [22/Apr/2021:10:53:25 +0800] "POST /xingrg/kc/buy/cgsh_order_operate.html HTTP/1.1" 200 12
116.230.114.112 - - [22/Apr/2021:10:53:25 +0800] "POST /xingrg/kc/buy/cgsh_order_operate.html HTTP/1.1" 200 2657
116.224.253.72 - - [22/Apr/2021:10:53:26 +0800] "GET /xingrg/kc/buy/cgsh_order_info.html?code=212021042209237 HTTP/1.1" 200 56684
116.224.253.72 - - [22/Apr/2021:10:53:26 +0800] "GET /xingrg/javascript/easyui/themes/default/validatebox.css HTTP/1.1" 404 1104
116.224.253.72 - - [22/Apr/2021:10:53:27 +0800] "POST /xingrg/kc/buy/cgsh_order_operate.html HTTP/1.1" 200 619
222.70.217.33 - - [22/Apr/2021:10:53:27 +0800] "GET /xingrg/all/function/internal_message.html?_=1619060007624&CODE_STATE=getMsg HTTP/1.1" 200 27
222.70.217.33 - - [22/Apr/2021:10:53:27 +0800] "GET /xingrg/check_reg.html?_=1619060007625 HTTP/1.1" 200 22
116.224.253.72 - - [22/Apr/2021:10:53:28 +0800] "GET /xingrg/kc/print/load_config.html?kc_code=cgsh HTTP/1.1" 200 1845
116.224.253.72 - - [22/Apr/2021:10:53:28 +0800] "GET /xingrg/kc/print/load_data.html?order_code=212021042209237&kc_code=cgsh&condition= HTTP/1.1" 200 701
116.230.114.112 - - [22/Apr/2021:10:53:29 +0800] "GET /xingrg/kc/print/load_data.html?order_code=212021042209238&kc_code=cgsh&condition= HTTP/1.1" 200 691
116.224.253.72 - - [22/Apr/2021:10:53:31 +0800] "GET /xingrg/kc/buy/cgsh_order_operate.html?command=get_materiel&rest_code=00150&code=00101001125&supplier_code=00100090&order_time=2021-04-22 HTTP/1.1" 200 413
120.253.135.82 - - [22/Apr/2021:10:53:32 +0800] "POST /xingrg/kc/pszx/mdps_list_operate.html HTTP/1.1" 200 5601
116.224.253.72 - - [22/Apr/2021:10:53:33 +0800] "GET /xingrg/kc/buy/cgsh_order_add.html HTTP/1.1" 200 61790
120.204.17.73 - - [22/Apr/2021:10:53:34 +0800] "GET /xingrg/all/common/auto_word.html?type=base&rest_code=00106&rest_code=00106 HTTP/1.1" 302 -
116.224.253.72 - - [22/Apr/2021:10:53:34 +0800] "POST /xingrg/kc/buy/cgsh_order_operate.html HTTP/1.1" 200 8245
116.224.253.72 - - [22/Apr/2021:10:53:34 +0800] "GET /xingrg/javascript/easyui/themes/default/validatebox.css HTTP/1.1" 404 1104
58.37.228.113 - - [22/Apr/2021:10:53:35 +0800] "POST /xingrg/kc/buy/cgsh_order_operate.html HTTP/1.1" 200 2065
120.204.17.72 - - [22/Apr/2021:10:53:36 +0800] "GET /xingrg/kc/mdqp/pssh_order_info.html?code=312021042100574 HTTP/1.1" 302 -
120.253.135.82 - - [22/Apr/2021:10:53:36 +0800] "POST /xingrg/kc/pszx/mdps_list_operate.html HTTP/1.1" 200 5548
180.169.147.146 - - [22/Apr/2021:10:53:37 +0800] "GET /xingrg/all/function/internal_message.html?_=1619060019921&CODE_STATE=getMsg HTTP/1.1" 200 27
180.169.147.146 - - [22/Apr/2021:10:53:37 +0800] "GET /xingrg/all/function/internal_message.html?_=1619060015840&CODE_STATE=getMsg HTTP/1.1" 200 27
120.204.17.72 - - [22/Apr/2021:10:53:38 +0800] "GET /xingrg/login.html HTTP/1.1" 200 7641
120.253.135.82 - - [22/Apr/2021:10:53:38 +0800] "GET /xingrg/check_reg.html?_=1619059797815 HTTP/1.1" 200 22
120.253.135.82 - - [22/Apr/2021:10:53:38 +0800] "GET /xingrg/all/function/internal_message.html?_=1619059798075&CODE_STATE=getMsg HTTP/1.1" 200 27
120.253.135.82 - - [22/Apr/2021:10:53:39 +0800] "POST /xingrg/kc/pszx/mdps_list_operate.html HTTP/1.1" 200 233
120.204.17.73 - - [22/Apr/2021:10:53:39 +0800] "GET /xingrg/login.html HTTP/1.1" 200 7641
120.253.135.82 - - [22/Apr/2021:10:53:40 +0800] "GET /xingrg/kc/pszx/mdps_order_info.html?code=312021042200619 HTTP/1.1" 200 23929
120.253.135.82 - - [22/Apr/2021:10:53:40 +0800] "GET /xingrg/javascript/easyui/themes/default/validatebox.css HTTP/1.1" 404 1104
120.253.135.82 - - [22/Apr/2021:10:53:40 +0800] "POST /xingrg/kc/pszx/mdps_order_operate.html HTTP/1.1" 200 2328
116.230.114.112 - - [22/Apr/2021:10:53:40 +0800] "GET /xingrg/kc/buy/cgsh_order_add.html HTTP/1.1" 200 62154
58.37.228.113 - - [22/Apr/2021:10:53:41 +0800] "GET /xingrg/kc/buy/cgsh_order_operate.html?command=get_materiel&rest_code=00141&code=00101008032&supplier_code=00100007&order_time=2021-04-22 HTTP/1.1" 200 408
116.230.114.112 - - [22/Apr/2021:10:53:41 +0800] "POST /xingrg/kc/buy/cgsh_order_operate.html HTTP/1.1" 200 8245
116.230.114.112 - - [22/Apr/2021:10:53:41 +0800] "GET /xingrg/javascript/easyui/themes/default/validatebox.css HTTP/1.1" 404 1104
116.224.253.72 - - [22/Apr/2021:10:53:41 +0800] "GET /xingrg/kc/buy/cgsh_order_operate.html?command=get_materiel&rest_code=00150&code=00101001140&supplier_code=00100090&order_time=2021-04-22 HTTP/1.1" 200 415
116.238.141.202 - - [22/Apr/2021:10:53:42 +0800] "GET /xingrg/kc/base/wldb_order_operate.html?command=get_materiel&rest_code=00102&base_code=0010476&code=00101019241 HTTP/1.1" 200 459
