180.169.147.146 - - [22/Apr/2021:09:34:37 +0800] "GET /xingrg/check_reg.html?_=1619055279853 HTTP/1.1" 200 22
180.169.147.146 - - [22/Apr/2021:09:34:37 +0800] "GET /xingrg/check_reg.html?_=1619055275833 HTTP/1.1" 200 22
180.169.147.146 - - [22/Apr/2021:09:34:37 +0800] "GET /xingrg/all/function/internal_message.html?_=1619055275835&CODE_STATE=getMsg HTTP/1.1" 200 27
116.238.141.202 - - [22/Apr/2021:09:34:43 +0800] "GET /xingrg/all/function/internal_message.html?_=1619055561532&CODE_STATE=getMsg HTTP/1.1" 200 27
180.162.112.86 - - [22/Apr/2021:09:34:43 +0800] "GET /xingrg/all/function/internal_message.html?_=1619055040659&CODE_STATE=getMsg HTTP/1.1" 200 27
116.230.114.112 - - [22/Apr/2021:09:34:45 +0800] "GET /xingrg/all/function/internal_message.html?_=1619055299169&CODE_STATE=getMsg HTTP/1.1" 200 27
180.169.147.146 - - [22/Apr/2021:09:34:47 +0800] "GET /xingrg/all/function/internal_message.html?_=1619055287253&CODE_STATE=getMsg HTTP/1.1" 200 27
116.224.253.72 - - [22/Apr/2021:09:34:51 +0800] "GET /xingrg/all/function/internal_message.html?_=1619055291905&CODE_STATE=getMsg HTTP/1.1" 200 27
58.37.228.113 - - [22/Apr/2021:09:34:52 +0800] "GET /xingrg/all/function/internal_message.html?_=1619055295871&CODE_STATE=getMsg HTTP/1.1" 200 27
114.83.220.121 - - [22/Apr/2021:09:34:54 +0800] "GET /xingrg/all/function/internal_message.html?_=1619055295081&CODE_STATE=getMsg HTTP/1.1" 200 27
58.37.228.113 - - [22/Apr/2021:09:34:54 +0800] "GET /xingrg/all/function/internal_message.html?_=1619055267679&CODE_STATE=getMsg HTTP/1.1" 200 27
58.37.228.113 - - [22/Apr/2021:09:34:54 +0800] "GET /xingrg/check_reg.html?_=1619055267681 HTTP/1.1" 200 22
61.165.42.208 - - [22/Apr/2021:09:34:54 +0800] "GET /xingrg/all/function/internal_message.html?_=1619055294731&CODE_STATE=getMsg HTTP/1.1" 200 27
114.83.220.121 - - [22/Apr/2021:09:34:55 +0800] "GET /xingrg/check_reg.html?_=1619055295613 HTTP/1.1" 200 22
180.162.112.86 - - [22/Apr/2021:09:34:59 +0800] "GET /xingrg/kc/buy/buy_main.html HTTP/1.1" 200 12412
180.162.112.86 - - [22/Apr/2021:09:34:59 +0800] "GET /xingrg/css/new_ie.css HTTP/1.1" 404 1036
180.162.112.86 - - [22/Apr/2021:09:35:00 +0800] "GET /xingrg/kc/buy/cgsh_order_list.html HTTP/1.1" 200 46416
58.221.95.50 - - [22/Apr/2021:09:35:01 +0800] "GET /xingrg/all/function/internal_message.html?_=1619055302750&CODE_STATE=getMsg HTTP/1.1" 200 27
180.162.112.86 - - [22/Apr/2021:09:35:07 +0800] "POST /xingrg/kc/buy/cgsh_list_operate.html HTTP/1.1" 200 2065
114.88.160.164 - - [22/Apr/2021:09:35:12 +0800] "GET /xingrg/all/function/internal_message.html?_=1619055310032&CODE_STATE=getMsg HTTP/1.1" 200 27
116.224.253.72 - - [22/Apr/2021:09:35:14 +0800] "GET /xingrg/all/function/internal_message.html?_=1619055298263&CODE_STATE=getMsg HTTP/1.1" 200 27
124.77.71.179 - - [22/Apr/2021:09:35:14 +0800] "GET /xingrg/all/function/internal_message.html?_=1619055309223&CODE_STATE=getMsg HTTP/1.1" 200 27
180.169.147.146 - - [22/Apr/2021:09:35:21 +0800] "GET /xingrg/all/function/internal_message.html?_=1619055321691&CODE_STATE=getMsg HTTP/1.1" 200 27
222.70.217.33 - - [22/Apr/2021:09:35:23 +0800] "GET /xingrg/all/function/internal_message.html?_=1619055323694&CODE_STATE=getMsg HTTP/1.1" 200 27
101.85.94.178 - - [22/Apr/2021:09:35:24 +0800] "GET /xingrg/all/function/internal_message.html?_=1619054856892&CODE_STATE=getMsg HTTP/1.1" 200 27
116.233.77.251 - - [22/Apr/2021:09:35:26 +0800] "GET /xingrg/all/function/internal_message.html?_=1619055328972&CODE_STATE=getMsg HTTP/1.1" 200 27
180.169.147.146 - - [22/Apr/2021:09:35:37 +0800] "GET /xingrg/all/function/internal_message.html?_=1619055339837&CODE_STATE=getMsg HTTP/1.1" 200 27
180.169.147.146 - - [22/Apr/2021:09:35:37 +0800] "GET /xingrg/all/function/internal_message.html?_=1619055335824&CODE_STATE=getMsg HTTP/1.1" 200 27
180.169.147.146 - - [22/Apr/2021:09:35:39 +0800] "GET /xingrg/check_reg.html?_=1619055335735 HTTP/1.1" 200 22
116.238.141.202 - - [22/Apr/2021:09:35:43 +0800] "GET /xingrg/all/function/internal_message.html?_=1619055621546&CODE_STATE=getMsg HTTP/1.1" 200 27
180.162.112.86 - - [22/Apr/2021:09:35:43 +0800] "GET /xingrg/all/function/internal_message.html?_=1619055100645&CODE_STATE=getMsg HTTP/1.1" 200 27
116.230.114.112 - - [22/Apr/2021:09:35:44 +0800] "GET /xingrg/check_reg.html?_=1619055358528 HTTP/1.1" 200 22
116.230.114.112 - - [22/Apr/2021:09:35:45 +0800] "GET /xingrg/all/function/internal_message.html?_=1619055359183&CODE_STATE=getMsg HTTP/1.1" 200 27
180.169.147.146 - - [22/Apr/2021:09:35:47 +0800] "GET /xingrg/all/function/internal_message.html?_=1619055347243&CODE_STATE=getMsg HTTP/1.1" 200 27
180.169.147.146 - - [22/Apr/2021:09:35:47 +0800] "GET /xingrg/check_reg.html?_=1619055347248 HTTP/1.1" 200 22
116.224.253.72 - - [22/Apr/2021:09:35:51 +0800] "GET /xingrg/check_reg.html?_=1619055351920 HTTP/1.1" 200 22
116.224.253.72 - - [22/Apr/2021:09:35:51 +0800] "GET /xingrg/all/function/internal_message.html?_=1619055351922&CODE_STATE=getMsg HTTP/1.1" 200 27
58.37.228.113 - - [22/Apr/2021:09:35:52 +0800] "GET /xingrg/all/function/internal_message.html?_=1619055355871&CODE_STATE=getMsg HTTP/1.1" 200 27
114.83.220.121 - - [22/Apr/2021:09:35:54 +0800] "GET /xingrg/all/function/internal_message.html?_=1619055355071&CODE_STATE=getMsg HTTP/1.1" 200 27
61.165.42.208 - - [22/Apr/2021:09:35:54 +0800] "GET /xingrg/all/function/internal_message.html?_=1619055354570&CODE_STATE=getMsg HTTP/1.1" 200 27
58.37.228.113 - - [22/Apr/2021:09:35:54 +0800] "GET /xingrg/all/function/internal_message.html?_=1619055327678&CODE_STATE=getMsg HTTP/1.1" 200 27
58.221.95.50 - - [22/Apr/2021:09:36:01 +0800] "GET /xingrg/all/function/internal_message.html?_=1619055362741&CODE_STATE=getMsg HTTP/1.1" 200 27
114.88.160.164 - - [22/Apr/2021:09:36:12 +0800] "GET /xingrg/all/function/internal_message.html?_=1619055370042&CODE_STATE=getMsg HTTP/1.1" 200 27
116.224.253.72 - - [22/Apr/2021:09:36:14 +0800] "GET /xingrg/all/function/internal_message.html?_=1619055358382&CODE_STATE=getMsg HTTP/1.1" 200 27
124.77.71.179 - - [22/Apr/2021:09:36:15 +0800] "GET /xingrg/all/function/internal_message.html?_=1619055369223&CODE_STATE=getMsg HTTP/1.1" 200 27
180.169.147.146 - - [22/Apr/2021:09:36:21 +0800] "GET /xingrg/all/function/internal_message.html?_=1619055381707&CODE_STATE=getMsg HTTP/1.1" 200 27
222.70.217.33 - - [22/Apr/2021:09:36:23 +0800] "GET /xingrg/all/function/internal_message.html?_=1619055383695&CODE_STATE=getMsg HTTP/1.1" 200 27
101.85.94.178 - - [22/Apr/2021:09:36:25 +0800] "GET /xingrg/all/function/internal_message.html?_=1619054916918&CODE_STATE=getMsg HTTP/1.1" 200 27
101.85.94.178 - - [22/Apr/2021:09:36:25 +0800] "GET /xingrg/check_reg.html?_=1619054916917 HTTP/1.1" 200 22
116.233.77.251 - - [22/Apr/2021:09:36:26 +0800] "GET /xingrg/all/function/internal_message.html?_=1619055388975&CODE_STATE=getMsg HTTP/1.1" 200 27
180.169.147.146 - - [22/Apr/2021:09:36:37 +0800] "GET /xingrg/all/function/internal_message.html?_=1619055399844&CODE_STATE=getMsg HTTP/1.1" 200 27
180.169.147.146 - - [22/Apr/2021:09:36:37 +0800] "GET /xingrg/all/function/internal_message.html?_=1619055395836&CODE_STATE=getMsg HTTP/1.1" 200 27
116.238.141.202 - - [22/Apr/2021:09:36:43 +0800] "GET /xingrg/all/function/internal_message.html?_=1619055681559&CODE_STATE=getMsg HTTP/1.1" 200 27
180.162.112.86 - - [22/Apr/2021:09:36:43 +0800] "GET /xingrg/all/function/internal_message.html?_=1619055160615&CODE_STATE=getMsg HTTP/1.1" 200 27
116.230.114.112 - - [22/Apr/2021:09:36:45 +0800] "GET /xingrg/all/function/internal_message.html?_=1619055419197&CODE_STATE=getMsg HTTP/1.1" 200 27
180.169.147.146 - - [22/Apr/2021:09:36:47 +0800] "GET /xingrg/all/function/internal_message.html?_=1619055407255&CODE_STATE=getMsg HTTP/1.1" 200 27
116.224.253.72 - - [22/Apr/2021:09:36:51 +0800] "GET /xingrg/all/function/internal_message.html?_=1619055411925&CODE_STATE=getMsg HTTP/1.1" 200 27
58.37.228.113 - - [22/Apr/2021:09:36:52 +0800] "GET /xingrg/all/function/internal_message.html?_=1619055415870&CODE_STATE=getMsg HTTP/1.1" 200 27
58.37.228.113 - - [22/Apr/2021:09:36:52 +0800] "GET /xingrg/check_reg.html?_=1619055415872 HTTP/1.1" 200 22
114.83.220.121 - - [22/Apr/2021:09:36:54 +0800] "GET /xingrg/all/function/internal_message.html?_=1619055415056&CODE_STATE=getMsg HTTP/1.1" 200 27
61.165.42.208 - - [22/Apr/2021:09:36:54 +0800] "GET /xingrg/check_reg.html?_=1619055414564 HTTP/1.1" 200 22
61.165.42.208 - - [22/Apr/2021:09:36:54 +0800] "GET /xingrg/all/function/internal_message.html?_=1619055414568&CODE_STATE=getMsg HTTP/1.1" 200 27
58.37.228.113 - - [22/Apr/2021:09:36:54 +0800] "GET /xingrg/all/function/internal_message.html?_=1619055387677&CODE_STATE=getMsg HTTP/1.1" 200 27
58.221.95.50 - - [22/Apr/2021:09:37:01 +0800] "GET /xingrg/all/function/internal_message.html?_=1619055422735&CODE_STATE=getMsg HTTP/1.1" 200 27
114.88.160.164 - - [22/Apr/2021:09:37:11 +0800] "GET /xingrg/check_reg.html?_=1619055429377 HTTP/1.1" 200 22
114.88.160.164 - - [22/Apr/2021:09:37:12 +0800] "GET /xingrg/all/function/internal_message.html?_=1619055430056&CODE_STATE=getMsg HTTP/1.1" 200 27
116.224.253.72 - - [22/Apr/2021:09:37:14 +0800] "GET /xingrg/all/function/internal_message.html?_=1619055418384&CODE_STATE=getMsg HTTP/1.1" 200 27
124.77.71.179 - - [22/Apr/2021:09:37:15 +0800] "GET /xingrg/all/function/internal_message.html?_=1619055429233&CODE_STATE=getMsg HTTP/1.1" 200 27
124.77.71.179 - - [22/Apr/2021:09:37:15 +0800] "GET /xingrg/check_reg.html?_=1619055429234 HTTP/1.1" 200 22
117.184.7.30 - - [22/Apr/2021:09:37:17 +0800] "POST /xingrg/services/DataTransmitService HTTP/1.1" 200 524
117.184.7.30 - - [22/Apr/2021:09:37:17 +0800] "POST /xingrg/services/DataTransmitService HTTP/1.1" 200 501
180.169.147.146 - - [22/Apr/2021:09:37:21 +0800] "GET /xingrg/all/function/internal_message.html?_=1619055441702&CODE_STATE=getMsg HTTP/1.1" 200 27
222.70.217.33 - - [22/Apr/2021:09:37:23 +0800] "GET /xingrg/all/function/internal_message.html?_=1619055443696&CODE_STATE=getMsg HTTP/1.1" 200 27
222.70.217.33 - - [22/Apr/2021:09:37:23 +0800] "GET /xingrg/check_reg.html?_=1619055443697 HTTP/1.1" 200 22
101.85.94.178 - - [22/Apr/2021:09:37:24 +0800] "GET /xingrg/all/function/internal_message.html?_=1619054976915&CODE_STATE=getMsg HTTP/1.1" 200 27
116.233.77.251 - - [22/Apr/2021:09:37:26 +0800] "GET /xingrg/all/function/internal_message.html?_=1619055448977&CODE_STATE=getMsg HTTP/1.1" 200 27
180.169.147.146 - - [22/Apr/2021:09:37:37 +0800] "GET /xingrg/all/function/internal_message.html?_=1619055459846&CODE_STATE=getMsg HTTP/1.1" 200 27
180.169.147.146 - - [22/Apr/2021:09:37:37 +0800] "GET /xingrg/all/function/internal_message.html?_=1619055455836&CODE_STATE=getMsg HTTP/1.1" 200 27
116.238.141.202 - - [22/Apr/2021:09:37:42 +0800] "GET /xingrg/check_reg.html?_=1619055740613 HTTP/1.1" 200 22
116.238.141.202 - - [22/Apr/2021:09:37:43 +0800] "GET /xingrg/all/function/internal_message.html?_=1619055741572&CODE_STATE=getMsg HTTP/1.1" 200 27
180.162.112.86 - - [22/Apr/2021:09:37:43 +0800] "GET /xingrg/all/function/internal_message.html?_=1619055220619&CODE_STATE=getMsg HTTP/1.1" 200 27
180.169.147.146 - - [22/Apr/2021:09:37:45 +0800] "GET /xingrg/check_reg.html?_=1619055464597 HTTP/1.1" 302 -
116.230.114.112 - - [22/Apr/2021:09:37:45 +0800] "GET /xingrg/all/function/internal_message.html?_=1619055479211&CODE_STATE=getMsg HTTP/1.1" 200 27
180.169.147.146 - - [22/Apr/2021:09:37:47 +0800] "GET /xingrg/all/function/internal_message.html?_=1619055467251&CODE_STATE=getMsg HTTP/1.1" 200 27
116.224.253.72 - - [22/Apr/2021:09:37:51 +0800] "GET /xingrg/all/function/internal_message.html?_=1619055471924&CODE_STATE=getMsg HTTP/1.1" 200 27
58.37.228.113 - - [22/Apr/2021:09:37:52 +0800] "GET /xingrg/all/function/internal_message.html?_=1619055475870&CODE_STATE=getMsg HTTP/1.1" 200 27
114.83.220.121 - - [22/Apr/2021:09:37:54 +0800] "GET /xingrg/all/function/internal_message.html?_=1619055475033&CODE_STATE=getMsg HTTP/1.1" 200 27
58.37.228.113 - - [22/Apr/2021:09:37:54 +0800] "GET /xingrg/all/function/internal_message.html?_=1619055447684&CODE_STATE=getMsg HTTP/1.1" 200 27
61.165.42.208 - - [22/Apr/2021:09:37:54 +0800] "GET /xingrg/all/function/internal_message.html?_=1619055474727&CODE_STATE=getMsg HTTP/1.1" 200 27
61.129.7.235 - - [22/Apr/2021:09:37:56 +0800] "GET /xingrg/all/function/internal_message.html?_=1619055415870&CODE_STATE=getMsg HTTP/1.1" 302 -
61.129.7.235 - - [22/Apr/2021:09:37:58 +0800] "GET /xingrg/login.html HTTP/1.1" 200 7641
58.221.95.50 - - [22/Apr/2021:09:38:01 +0800] "GET /xingrg/all/function/internal_message.html?_=1619055482722&CODE_STATE=getMsg HTTP/1.1" 200 27
114.88.160.164 - - [22/Apr/2021:09:38:12 +0800] "GET /xingrg/all/function/internal_message.html?_=1619055490070&CODE_STATE=getMsg HTTP/1.1" 200 27
116.224.253.72 - - [22/Apr/2021:09:38:13 +0800] "GET /xingrg/check_reg.html?_=1619055477641 HTTP/1.1" 200 22
116.224.253.72 - - [22/Apr/2021:09:38:14 +0800] "GET /xingrg/all/function/internal_message.html?_=1619055478397&CODE_STATE=getMsg HTTP/1.1" 200 27
124.77.71.179 - - [22/Apr/2021:09:38:14 +0800] "GET /xingrg/all/function/internal_message.html?_=1619055489235&CODE_STATE=getMsg HTTP/1.1" 200 27
180.169.147.146 - - [22/Apr/2021:09:38:21 +0800] "GET /xingrg/all/function/internal_message.html?_=1619055501718&CODE_STATE=getMsg HTTP/1.1" 200 27
180.169.147.146 - - [22/Apr/2021:09:38:21 +0800] "GET /xingrg/check_reg.html?_=1619055501721 HTTP/1.1" 200 22
222.70.217.33 - - [22/Apr/2021:09:38:23 +0800] "GET /xingrg/all/function/internal_message.html?_=1619055503698&CODE_STATE=getMsg HTTP/1.1" 200 27
101.85.94.178 - - [22/Apr/2021:09:38:24 +0800] "GET /xingrg/all/function/internal_message.html?_=1619055036914&CODE_STATE=getMsg HTTP/1.1" 200 27
116.233.77.251 - - [22/Apr/2021:09:38:26 +0800] "GET /xingrg/all/function/internal_message.html?_=1619055508979&CODE_STATE=getMsg HTTP/1.1" 200 27
116.233.77.251 - - [22/Apr/2021:09:38:26 +0800] "GET /xingrg/check_reg.html?_=1619055508980 HTTP/1.1" 200 22
180.169.147.146 - - [22/Apr/2021:09:38:37 +0800] "GET /xingrg/all/function/internal_message.html?_=1619055519849&CODE_STATE=getMsg HTTP/1.1" 200 27
180.169.147.146 - - [22/Apr/2021:09:38:37 +0800] "GET /xingrg/all/function/internal_message.html?_=1619055515835&CODE_STATE=getMsg HTTP/1.1" 200 27
116.238.141.202 - - [22/Apr/2021:09:38:43 +0800] "GET /xingrg/all/function/internal_message.html?_=1619055801586&CODE_STATE=getMsg HTTP/1.1" 200 27
116.224.253.72 - - [22/Apr/2021:09:38:43 +0800] "GET /xingrg/javascript/auto/indicator.gif HTTP/1.1" 404 1066
180.162.112.86 - - [22/Apr/2021:09:38:43 +0800] "GET /xingrg/all/function/internal_message.html?_=1619055280619&CODE_STATE=getMsg HTTP/1.1" 200 27
180.162.112.86 - - [22/Apr/2021:09:38:43 +0800] "GET /xingrg/check_reg.html?_=1619055280623 HTTP/1.1" 200 22
116.230.114.112 - - [22/Apr/2021:09:38:45 +0800] "GET /xingrg/all/function/internal_message.html?_=1619055539366&CODE_STATE=getMsg HTTP/1.1" 200 27
180.169.147.146 - - [22/Apr/2021:09:38:47 +0800] "GET /xingrg/all/function/internal_message.html?_=1619055527249&CODE_STATE=getMsg HTTP/1.1" 200 27
116.224.253.72 - - [22/Apr/2021:09:38:47 +0800] "GET /xingrg/kc/buy/cgsh_order_operate.html?command=get_materiel&rest_code=00150&code=00101008108&supplier_code=00100007&order_time=2021-04-22 HTTP/1.1" 200 412
61.165.42.208 - - [22/Apr/2021:09:38:49 +0800] "GET /xingrg/kc/buy/cgsh_order_operate.html?command=get_materiel&rest_code=00105&code=00101008155&supplier_code=00100203&order_time=2021-04-22 HTTP/1.1" 200 408
116.224.253.72 - - [22/Apr/2021:09:38:51 +0800] "GET /xingrg/all/function/internal_message.html?_=1619055531938&CODE_STATE=getMsg HTTP/1.1" 200 27
58.37.228.113 - - [22/Apr/2021:09:38:52 +0800] "GET /xingrg/all/function/internal_message.html?_=1619055535869&CODE_STATE=getMsg HTTP/1.1" 200 27
114.83.220.121 - - [22/Apr/2021:09:38:54 +0800] "GET /xingrg/all/function/internal_message.html?_=1619055535017&CODE_STATE=getMsg HTTP/1.1" 200 27
61.165.42.208 - - [22/Apr/2021:09:38:54 +0800] "GET /xingrg/all/function/internal_message.html?_=1619055534697&CODE_STATE=getMsg HTTP/1.1" 200 27
58.37.228.113 - - [22/Apr/2021:09:38:54 +0800] "GET /xingrg/all/function/internal_message.html?_=1619055507684&CODE_STATE=getMsg HTTP/1.1" 200 27
101.89.239.238 - - [22/Apr/2021:09:38:55 +0800] "GET /xingrg/all/function/internal_message.html?_=1619055475870&CODE_STATE=getMsg HTTP/1.1" 302 -
58.221.95.50 - - [22/Apr/2021:09:39:01 +0800] "GET /xingrg/all/function/internal_message.html?_=1619055542739&CODE_STATE=getMsg HTTP/1.1" 200 27
58.221.95.50 - - [22/Apr/2021:09:39:01 +0800] "GET /xingrg/check_reg.html?_=1619055542819 HTTP/1.1" 200 22
101.89.239.238 - - [22/Apr/2021:09:39:01 +0800] "GET /xingrg/login.html HTTP/1.1" 200 7641
61.165.42.208 - - [22/Apr/2021:09:39:03 +0800] "POST /xingrg/kc/buy/cgsh_order_operate.html HTTP/1.1" 200 37
61.165.42.208 - - [22/Apr/2021:09:39:06 +0800] "POST /xingrg/kc/buy/cgsh_order_operate.html HTTP/1.1" 200 39347
61.165.42.208 - - [22/Apr/2021:09:39:07 +0800] "GET /xingrg/kc/print/load_data.html?order_code=212021042209137&kc_code=cgsh&condition= HTTP/1.1" 200 14522
114.88.160.164 - - [22/Apr/2021:09:39:12 +0800] "GET /xingrg/all/function/internal_message.html?_=1619055550081&CODE_STATE=getMsg HTTP/1.1" 200 27
116.224.253.72 - - [22/Apr/2021:09:39:14 +0800] "GET /xingrg/all/function/internal_message.html?_=1619055538411&CODE_STATE=getMsg HTTP/1.1" 200 27
124.77.71.179 - - [22/Apr/2021:09:39:15 +0800] "GET /xingrg/all/function/internal_message.html?_=1619055549236&CODE_STATE=getMsg HTTP/1.1" 200 27
61.165.42.208 - - [22/Apr/2021:09:39:19 +0800] "GET /xingrg/kc/buy/cgsh_order_add.html HTTP/1.1" 200 62195
61.165.42.208 - - [22/Apr/2021:09:39:19 +0800] "POST /xingrg/kc/buy/cgsh_order_operate.html HTTP/1.1" 200 8245
61.165.42.208 - - [22/Apr/2021:09:39:19 +0800] "GET /xingrg/javascript/easyui/themes/default/validatebox.css HTTP/1.1" 404 1104
180.169.147.146 - - [22/Apr/2021:09:39:21 +0800] "GET /xingrg/all/function/internal_message.html?_=1619055561704&CODE_STATE=getMsg HTTP/1.1" 200 27
222.70.217.33 - - [22/Apr/2021:09:39:23 +0800] "GET /xingrg/all/function/internal_message.html?_=1619055563686&CODE_STATE=getMsg HTTP/1.1" 200 27
101.85.94.178 - - [22/Apr/2021:09:39:24 +0800] "GET /xingrg/all/function/internal_message.html?_=1619055096913&CODE_STATE=getMsg HTTP/1.1" 200 27
116.233.77.251 - - [22/Apr/2021:09:39:26 +0800] "GET /xingrg/all/function/internal_message.html?_=1619055568981&CODE_STATE=getMsg HTTP/1.1" 200 27
180.169.147.146 - - [22/Apr/2021:09:39:32 +0800] "GET /xingrg/check_reg.html?_=1619055568693 HTTP/1.1" 200 22
180.169.147.146 - - [22/Apr/2021:09:39:37 +0800] "GET /xingrg/all/function/internal_message.html?_=1619055579851&CODE_STATE=getMsg HTTP/1.1" 200 27
180.169.147.146 - - [22/Apr/2021:09:39:37 +0800] "GET /xingrg/check_reg.html?_=1619055579855 HTTP/1.1" 200 22
180.169.147.146 - - [22/Apr/2021:09:39:37 +0800] "GET /xingrg/check_reg.html?_=1619055575829 HTTP/1.1" 200 22
180.169.147.146 - - [22/Apr/2021:09:39:37 +0800] "GET /xingrg/all/function/internal_message.html?_=1619055575831&CODE_STATE=getMsg HTTP/1.1" 200 27
116.238.141.202 - - [22/Apr/2021:09:39:43 +0800] "GET /xingrg/all/function/internal_message.html?_=1619055861599&CODE_STATE=getMsg HTTP/1.1" 200 27
116.224.253.72 - - [22/Apr/2021:09:39:43 +0800] "POST /xingrg/kc/buy/cgsh_order_operate.html HTTP/1.1" 200 37
180.162.112.86 - - [22/Apr/2021:09:39:43 +0800] "GET /xingrg/all/function/internal_message.html?_=1619055340623&CODE_STATE=getMsg HTTP/1.1" 200 27
61.165.42.208 - - [22/Apr/2021:09:39:44 +0800] "GET /xingrg/kc/buy/cgsh_order_operate.html?command=get_materiel&rest_code=00105&code=00101009001&supplier_code=00100024&order_time=2021-04-22 HTTP/1.1" 200 416
116.230.114.112 - - [22/Apr/2021:09:39:45 +0800] "GET /xingrg/all/function/internal_message.html?_=1619055599378&CODE_STATE=getMsg HTTP/1.1" 200 27
116.224.253.72 - - [22/Apr/2021:09:39:45 +0800] "POST /xingrg/kc/buy/cgsh_order_operate.html HTTP/1.1" 200 12
116.224.253.72 - - [22/Apr/2021:09:39:46 +0800] "GET /xingrg/kc/buy/cgsh_order_info.html?code=212021042209108 HTTP/1.1" 200 56986
116.224.253.72 - - [22/Apr/2021:09:39:47 +0800] "GET /xingrg/words/20210422084616_words.js HTTP/1.1" 304 -
180.169.147.146 - - [22/Apr/2021:09:39:47 +0800] "GET /xingrg/all/function/internal_message.html?_=1619055587240&CODE_STATE=getMsg HTTP/1.1" 200 27
116.224.253.72 - - [22/Apr/2021:09:39:47 +0800] "GET /xingrg/javascript/easyui/themes/default/validatebox.css HTTP/1.1" 404 1104
116.224.253.72 - - [22/Apr/2021:09:39:47 +0800] "POST /xingrg/kc/buy/cgsh_order_operate.html HTTP/1.1" 200 26608
116.224.253.72 - - [22/Apr/2021:09:39:51 +0800] "GET /xingrg/all/function/internal_message.html?_=1619055591944&CODE_STATE=getMsg HTTP/1.1" 200 27
58.37.228.113 - - [22/Apr/2021:09:39:52 +0800] "GET /xingrg/all/function/internal_message.html?_=1619055595868&CODE_STATE=getMsg HTTP/1.1" 200 27
114.83.220.121 - - [22/Apr/2021:09:39:54 +0800] "GET /xingrg/all/function/internal_message.html?_=1619055595010&CODE_STATE=getMsg HTTP/1.1" 200 27
61.165.42.208 - - [22/Apr/2021:09:39:54 +0800] "GET /xingrg/all/function/internal_message.html?_=1619055594668&CODE_STATE=getMsg HTTP/1.1" 200 27
58.37.228.113 - - [22/Apr/2021:09:39:54 +0800] "GET /xingrg/check_reg.html?_=1619055567684 HTTP/1.1" 200 22
58.37.228.113 - - [22/Apr/2021:09:39:54 +0800] "GET /xingrg/all/function/internal_message.html?_=1619055567685&CODE_STATE=getMsg HTTP/1.1" 200 27
114.83.220.121 - - [22/Apr/2021:09:39:55 +0800] "GET /xingrg/check_reg.html?_=1619055595638 HTTP/1.1" 200 22
101.91.62.65 - - [22/Apr/2021:09:39:58 +0800] "GET /xingrg/all/function/internal_message.html?_=1619055535869&CODE_STATE=getMsg HTTP/1.1" 302 -
116.224.253.72 - - [22/Apr/2021:09:40:01 +0800] "GET /xingrg/kc/print/load_data.html?order_code=212021042209108&kc_code=cgsh&condition= HTTP/1.1" 200 10602
58.221.95.50 - - [22/Apr/2021:09:40:01 +0800] "GET /xingrg/all/function/internal_message.html?_=1619055602718&CODE_STATE=getMsg HTTP/1.1" 200 27
101.91.62.65 - - [22/Apr/2021:09:40:01 +0800] "GET /xingrg/login.html HTTP/1.1" 200 7641
61.165.42.208 - - [22/Apr/2021:09:40:02 +0800] "GET /xingrg/kc/buy/cgsh_order_operate.html?command=get_materiel&rest_code=00105&code=00101009011&supplier_code=00100024&order_time=2021-04-22 HTTP/1.1" 200 416
61.165.42.208 - - [22/Apr/2021:09:40:08 +0800] "GET /xingrg/kc/buy/cgsh_order_operate.html?command=get_materiel&rest_code=00105&code=00101009010&supplier_code=00100024&order_time=2021-04-22 HTTP/1.1" 200 412
114.88.160.164 - - [22/Apr/2021:09:40:12 +0800] "GET /xingrg/all/function/internal_message.html?_=1619055610382&CODE_STATE=getMsg HTTP/1.1" 200 27
116.224.253.72 - - [22/Apr/2021:09:40:14 +0800] "GET /xingrg/all/function/internal_message.html?_=1619055598424&CODE_STATE=getMsg HTTP/1.1" 200 27
124.77.71.179 - - [22/Apr/2021:09:40:14 +0800] "GET /xingrg/all/function/internal_message.html?_=1619055609235&CODE_STATE=getMsg HTTP/1.1" 200 27
180.169.147.146 - - [22/Apr/2021:09:40:21 +0800] "GET /xingrg/all/function/internal_message.html?_=1619055621704&CODE_STATE=getMsg HTTP/1.1" 200 27
222.70.217.33 - - [22/Apr/2021:09:40:23 +0800] "GET /xingrg/all/function/internal_message.html?_=1619055623689&CODE_STATE=getMsg HTTP/1.1" 200 27
101.85.94.178 - - [22/Apr/2021:09:40:24 +0800] "GET /xingrg/all/function/internal_message.html?_=1619055156912&CODE_STATE=getMsg HTTP/1.1" 200 27
116.233.77.251 - - [22/Apr/2021:09:40:26 +0800] "GET /xingrg/all/function/internal_message.html?_=1619055628987&CODE_STATE=getMsg HTTP/1.1" 200 27
61.165.42.208 - - [22/Apr/2021:09:40:36 +0800] "GET /xingrg/kc/buy/cgsh_order_operate.html?command=get_materiel&rest_code=00105&code=00101009118&supplier_code=00100024&order_time=2021-04-22 HTTP/1.1" 200 392
180.169.147.146 - - [22/Apr/2021:09:40:37 +0800] "GET /xingrg/all/function/internal_message.html?_=1619055639846&CODE_STATE=getMsg HTTP/1.1" 200 27
180.169.147.146 - - [22/Apr/2021:09:40:37 +0800] "GET /xingrg/all/function/internal_message.html?_=1619055635839&CODE_STATE=getMsg HTTP/1.1" 200 27
180.169.147.146 - - [22/Apr/2021:09:40:39 +0800] "GET /xingrg/check_reg.html?_=1619055635763 HTTP/1.1" 200 22
61.165.42.208 - - [22/Apr/2021:09:40:42 +0800] "GET /xingrg/kc/buy/cgsh_order_operate.html?command=get_materiel&rest_code=00105&code=00101009066&supplier_code=00100024&order_time=2021-04-22 HTTP/1.1" 200 416
116.233.77.251 - - [22/Apr/2021:09:40:42 +0800] "GET /xingrg/kc/buy/buy_main.html HTTP/1.1" 200 12412
116.233.77.251 - - [22/Apr/2021:09:40:42 +0800] "GET /xingrg/css/new_ie.css HTTP/1.1" 404 1036
116.238.141.202 - - [22/Apr/2021:09:40:43 +0800] "GET /xingrg/all/function/internal_message.html?_=1619055921615&CODE_STATE=getMsg HTTP/1.1" 200 27
180.162.112.86 - - [22/Apr/2021:09:40:43 +0800] "GET /xingrg/all/function/internal_message.html?_=1619055400623&CODE_STATE=getMsg HTTP/1.1" 200 27
116.233.77.251 - - [22/Apr/2021:09:40:44 +0800] "GET /xingrg/kc/buy/cgsh_order_list.html HTTP/1.1" 200 46410
116.230.114.112 - - [22/Apr/2021:09:40:45 +0800] "GET /xingrg/check_reg.html?_=1619055658671 HTTP/1.1" 200 22
116.233.77.251 - - [22/Apr/2021:09:40:45 +0800] "POST /xingrg/kc/buy/cgsh_list_operate.html HTTP/1.1" 200 3093
116.230.114.112 - - [22/Apr/2021:09:40:45 +0800] "GET /xingrg/all/function/internal_message.html?_=1619055659391&CODE_STATE=getMsg HTTP/1.1" 200 27
180.169.147.146 - - [22/Apr/2021:09:40:47 +0800] "GET /xingrg/all/function/internal_message.html?_=1619055647255&CODE_STATE=getMsg HTTP/1.1" 200 27
180.169.147.146 - - [22/Apr/2021:09:40:47 +0800] "GET /xingrg/check_reg.html?_=1619055647261 HTTP/1.1" 200 22
116.224.253.72 - - [22/Apr/2021:09:40:51 +0800] "GET /xingrg/check_reg.html?_=1619055651953 HTTP/1.1" 200 22
116.224.253.72 - - [22/Apr/2021:09:40:51 +0800] "GET /xingrg/all/function/internal_message.html?_=1619055651956&CODE_STATE=getMsg HTTP/1.1" 200 27
58.37.228.113 - - [22/Apr/2021:09:40:52 +0800] "GET /xingrg/all/function/internal_message.html?_=1619055655867&CODE_STATE=getMsg HTTP/1.1" 200 27
114.83.220.121 - - [22/Apr/2021:09:40:54 +0800] "GET /xingrg/all/function/internal_message.html?_=1619055654983&CODE_STATE=getMsg HTTP/1.1" 200 27
61.165.42.208 - - [22/Apr/2021:09:40:54 +0800] "GET /xingrg/all/function/internal_message.html?_=1619055654665&CODE_STATE=getMsg HTTP/1.1" 200 27
58.37.228.113 - - [22/Apr/2021:09:40:54 +0800] "GET /xingrg/all/function/internal_message.html?_=1619055627694&CODE_STATE=getMsg HTTP/1.1" 200 27
116.233.77.251 - - [22/Apr/2021:09:40:54 +0800] "GET /xingrg/kc/buy/cgsh_order_add.html HTTP/1.1" 200 62189
116.233.77.251 - - [22/Apr/2021:09:40:54 +0800] "GET /xingrg/words/20210422084616_words.js HTTP/1.1" 304 -
116.233.77.251 - - [22/Apr/2021:09:40:54 +0800] "POST /xingrg/kc/buy/cgsh_order_operate.html HTTP/1.1" 200 8245
116.233.77.251 - - [22/Apr/2021:09:40:54 +0800] "GET /xingrg/all/common/auto_word.html?type=employee&rest_code=00109 HTTP/1.1" 200 205
116.233.77.251 - - [22/Apr/2021:09:40:54 +0800] "GET /xingrg/all/common/auto_word.html?type=employee&rest_code=00109 HTTP/1.1" 200 205
116.233.77.251 - - [22/Apr/2021:09:40:54 +0800] "GET /xingrg/javascript/easyui/themes/default/validatebox.css HTTP/1.1" 404 1104
180.97.118.219 - - [22/Apr/2021:09:40:57 +0800] "GET /xingrg/all/function/internal_message.html?_=1619055595868&CODE_STATE=getMsg HTTP/1.1" 302 -
116.233.77.251 - - [22/Apr/2021:09:40:59 +0800] "GET /xingrg/javascript/jquery_tools/images/prev.gif HTTP/1.1" 404 1086
116.233.77.251 - - [22/Apr/2021:09:40:59 +0800] "GET /xingrg/javascript/jquery_tools/images/next.gif HTTP/1.1" 404 1086
180.97.118.219 - - [22/Apr/2021:09:41:00 +0800] "GET /xingrg/login.html HTTP/1.1" 200 7641
58.221.95.50 - - [22/Apr/2021:09:41:01 +0800] "GET /xingrg/all/function/internal_message.html?_=1619055662706&CODE_STATE=getMsg HTTP/1.1" 200 27
116.233.77.251 - - [22/Apr/2021:09:41:05 +0800] "GET /xingrg/kc/buy/cgsh_order_operate.html?command=get_materiel&rest_code=00109&code=00101001111&supplier_code=00100038&order_time=2021-04-22 HTTP/1.1" 200 411
114.88.160.164 - - [22/Apr/2021:09:41:12 +0800] "GET /xingrg/all/function/internal_message.html?_=1619055670390&CODE_STATE=getMsg HTTP/1.1" 200 27
116.224.253.72 - - [22/Apr/2021:09:41:14 +0800] "GET /xingrg/all/function/internal_message.html?_=1619055658551&CODE_STATE=getMsg HTTP/1.1" 200 27
124.77.71.179 - - [22/Apr/2021:09:41:14 +0800] "GET /xingrg/all/function/internal_message.html?_=1619055669232&CODE_STATE=getMsg HTTP/1.1" 200 27
116.233.77.251 - - [22/Apr/2021:09:41:21 +0800] "GET /xingrg/kc/buy/cgsh_order_operate.html?command=get_materiel&rest_code=00109&code=00101001160&supplier_code=00100038&order_time=2021-04-22 HTTP/1.1" 200 408
180.169.147.146 - - [22/Apr/2021:09:41:21 +0800] "GET /xingrg/all/function/internal_message.html?_=1619055681733&CODE_STATE=getMsg HTTP/1.1" 200 27
222.70.217.33 - - [22/Apr/2021:09:41:23 +0800] "GET /xingrg/all/function/internal_message.html?_=1619055683693&CODE_STATE=getMsg HTTP/1.1" 200 27
101.85.94.178 - - [22/Apr/2021:09:41:25 +0800] "GET /xingrg/all/function/internal_message.html?_=1619055216928&CODE_STATE=getMsg HTTP/1.1" 200 27
101.85.94.178 - - [22/Apr/2021:09:41:25 +0800] "GET /xingrg/check_reg.html?_=1619055216930 HTTP/1.1" 200 22
116.233.77.251 - - [22/Apr/2021:09:41:26 +0800] "GET /xingrg/all/function/internal_message.html?_=1619055688986&CODE_STATE=getMsg HTTP/1.1" 200 27
116.233.77.251 - - [22/Apr/2021:09:41:32 +0800] "POST /xingrg/kc/buy/cgsh_order_operate.html HTTP/1.1" 200 37
116.233.77.251 - - [22/Apr/2021:09:41:34 +0800] "POST /xingrg/kc/buy/cgsh_order_operate.html HTTP/1.1" 200 3245
116.233.77.251 - - [22/Apr/2021:09:41:35 +0800] "GET /xingrg/kc/print/load_config.html?kc_code=cgsh HTTP/1.1" 200 1845
116.233.77.251 - - [22/Apr/2021:09:41:35 +0800] "GET /xingrg/kc/print/load_data.html?order_code=212021042209140&kc_code=cgsh&condition= HTTP/1.1" 200 897
180.169.147.146 - - [22/Apr/2021:09:41:37 +0800] "GET /xingrg/all/function/internal_message.html?_=1619055699848&CODE_STATE=getMsg HTTP/1.1" 200 27
180.169.147.146 - - [22/Apr/2021:09:41:37 +0800] "GET /xingrg/all/function/internal_message.html?_=1619055695837&CODE_STATE=getMsg HTTP/1.1" 200 27
116.238.141.202 - - [22/Apr/2021:09:41:43 +0800] "GET /xingrg/all/function/internal_message.html?_=1619055981626&CODE_STATE=getMsg HTTP/1.1" 200 27
180.162.112.86 - - [22/Apr/2021:09:41:43 +0800] "GET /xingrg/all/function/internal_message.html?_=1619055460623&CODE_STATE=getMsg HTTP/1.1" 200 27
116.230.114.112 - - [22/Apr/2021:09:41:45 +0800] "GET /xingrg/all/function/internal_message.html?_=1619055719404&CODE_STATE=getMsg HTTP/1.1" 200 27
180.169.147.146 - - [22/Apr/2021:09:41:47 +0800] "GET /xingrg/all/function/internal_message.html?_=1619055707256&CODE_STATE=getMsg HTTP/1.1" 200 27
116.224.253.72 - - [22/Apr/2021:09:41:51 +0800] "GET /xingrg/all/function/internal_message.html?_=1619055711956&CODE_STATE=getMsg HTTP/1.1" 200 27
58.37.228.113 - - [22/Apr/2021:09:41:52 +0800] "GET /xingrg/all/function/internal_message.html?_=1619055715866&CODE_STATE=getMsg HTTP/1.1" 200 27
58.37.228.113 - - [22/Apr/2021:09:41:52 +0800] "GET /xingrg/check_reg.html?_=1619055715867 HTTP/1.1" 200 22
61.151.179.84 - - [22/Apr/2021:09:41:54 +0800] "GET /xingrg/all/function/internal_message.html?_=1619055655867&CODE_STATE=getMsg HTTP/1.1" 302 -
114.83.220.121 - - [22/Apr/2021:09:41:54 +0800] "GET /xingrg/all/function/internal_message.html?_=1619055714955&CODE_STATE=getMsg HTTP/1.1" 200 27
61.165.42.208 - - [22/Apr/2021:09:41:54 +0800] "GET /xingrg/check_reg.html?_=1619055714548 HTTP/1.1" 200 22
61.165.42.208 - - [22/Apr/2021:09:41:54 +0800] "GET /xingrg/all/function/internal_message.html?_=1619055714610&CODE_STATE=getMsg HTTP/1.1" 200 27
58.37.228.113 - - [22/Apr/2021:09:41:54 +0800] "GET /xingrg/all/function/internal_message.html?_=1619055687705&CODE_STATE=getMsg HTTP/1.1" 200 27
61.151.179.84 - - [22/Apr/2021:09:41:56 +0800] "GET /xingrg/login.html HTTP/1.1" 200 7641
58.221.95.50 - - [22/Apr/2021:09:42:01 +0800] "GET /xingrg/all/function/internal_message.html?_=1619055722691&CODE_STATE=getMsg HTTP/1.1" 200 27
61.165.42.208 - - [22/Apr/2021:09:42:08 +0800] "GET /xingrg/kc/buy/cgsh_order_operate.html?command=get_materiel&rest_code=00105&code=00101009016&supplier_code=00100024&order_time=2021-04-22 HTTP/1.1" 200 412
117.184.7.30 - - [22/Apr/2021:09:42:08 +0800] "POST /xingrg/login.do HTTP/1.1" 302 -
117.184.7.30 - - [22/Apr/2021:09:42:08 +0800] "GET /xingrg/index.html?sysBaseUrl=http%3A%2F%2F180.169.147.146%3A18081%2Fxingrg%2F&costTime=42×tamp=1619055728715 HTTP/1.1" 200 17179
117.184.7.30 - - [22/Apr/2021:09:42:10 +0800] "GET /favicon.ico HTTP/1.1" 404 -
117.184.7.30 - - [22/Apr/2021:09:42:10 +0800] "POST /xingrg/all/common/load_tree.html?tree=area_rest_tree_json&manage=1 HTTP/1.1" 200 470
117.184.7.30 - - [22/Apr/2021:09:42:10 +0800] "GET /xingrg/all/function/internal_message.html?_=1619055726397&CODE_STATE=count HTTP/1.1" 200 11
117.184.7.30 - - [22/Apr/2021:09:42:10 +0800] "GET /xingrg/check_reg.html?_=1619055726409 HTTP/1.1" 200 22
117.184.7.30 - - [22/Apr/2021:09:42:10 +0800] "POST /xingrg/load_menu.html HTTP/1.1" 200 5138
114.88.160.164 - - [22/Apr/2021:09:42:12 +0800] "GET /xingrg/check_reg.html?_=1619055729667 HTTP/1.1" 200 22
114.88.160.164 - - [22/Apr/2021:09:42:12 +0800] "GET /xingrg/all/function/internal_message.html?_=1619055730405&CODE_STATE=getMsg HTTP/1.1" 200 27
61.165.42.208 - - [22/Apr/2021:09:42:13 +0800] "GET /xingrg/kc/buy/cgsh_order_operate.html?command=get_materiel&rest_code=00105&code=00101009013&supplier_code=00100024&order_time=2021-04-22 HTTP/1.1" 200 421
116.224.253.72 - - [22/Apr/2021:09:42:14 +0800] "GET /xingrg/all/function/internal_message.html?_=1619055718561&CODE_STATE=getMsg HTTP/1.1" 200 27
124.77.71.179 - - [22/Apr/2021:09:42:14 +0800] "GET /xingrg/all/function/internal_message.html?_=1619055729248&CODE_STATE=getMsg HTTP/1.1" 200 27
124.77.71.179 - - [22/Apr/2021:09:42:14 +0800] "GET /xingrg/check_reg.html?_=1619055729253 HTTP/1.1" 200 22
117.184.7.30 - - [22/Apr/2021:09:42:14 +0800] "POST /xingrg/all/user/operate.html HTTP/1.1" 200 36
117.184.7.30 - - [22/Apr/2021:09:42:15 +0800] "GET /xingrg/index.html?sysBaseUrl=http%3A%2F%2F180.169.147.146%3A18081%2Fxingrg%2F&costTime=42×tamp=1619055728715 HTTP/1.1" 200 17173
117.184.7.30 - - [22/Apr/2021:09:42:15 +0800] "GET /xingrg/javascript/jquery_easy_ui/themes/default/easyui.css HTTP/1.1" 304 -
117.184.7.30 - - [22/Apr/2021:09:42:15 +0800] "GET /xingrg/javascript/jquery_easy_ui/themes/icon.css HTTP/1.1" 304 -
117.184.7.30 - - [22/Apr/2021:09:42:15 +0800] "GET /xingrg/css/form.css HTTP/1.1" 304 -
117.184.7.30 - - [22/Apr/2021:09:42:15 +0800] "GET /xingrg/javascript/jquery-1.4.2.min.js HTTP/1.1" 304 -
117.184.7.30 - - [22/Apr/2021:09:42:15 +0800] "GET /xingrg/javascript/jquery_easy_ui/jquery.easyui.min.js HTTP/1.1" 304 -
117.184.7.30 - - [22/Apr/2021:09:42:15 +0800] "GET /xingrg/javascript/jquery_easy_ui/easyui-lang-zh_CN.js HTTP/1.1" 304 -
117.184.7.30 - - [22/Apr/2021:09:42:15 +0800] "GET /xingrg/javascript/jquery.form.js HTTP/1.1" 304 -
117.184.7.30 - - [22/Apr/2021:09:42:15 +0800] "GET /xingrg/javascript/jquery.utils.js HTTP/1.1" 304 -
117.184.7.30 - - [22/Apr/2021:09:42:15 +0800] "GET /xingrg/javascript/jquery.timers.js HTTP/1.1" 304 -
117.184.7.30 - - [22/Apr/2021:09:42:15 +0800] "GET /xingrg/images/blue/jxLogo.png HTTP/1.1" 304 -
117.184.7.30 - - [22/Apr/2021:09:42:15 +0800] "GET /xingrg/images/blue/navBackgound.jpg HTTP/1.1" 304 -
117.184.7.30 - - [22/Apr/2021:09:42:15 +0800] "GET /xingrg/javascript/jquery_easy_ui/themes/icons/settle_new.png HTTP/1.1" 304 -
117.184.7.30 - - [22/Apr/2021:09:42:15 +0800] "POST /xingrg/all/common/load_tree.html?tree=area_rest_tree_json&manage=1 HTTP/1.1" 200 470
117.184.7.30 - - [22/Apr/2021:09:42:15 +0800] "GET /xingrg/all/function/internal_message.html?_=1619055731413&CODE_STATE=count HTTP/1.1" 200 11
117.184.7.30 - - [22/Apr/2021:09:42:15 +0800] "GET /xingrg/check_reg.html?_=1619055731415 HTTP/1.1" 200 22
117.184.7.30 - - [22/Apr/2021:09:42:15 +0800] "GET /xingrg/javascript/jquery_easy_ui/themes/default/images/tabs_rightarrow.png HTTP/1.1" 304 -
117.184.7.30 - - [22/Apr/2021:09:42:15 +0800] "GET /xingrg/images/blue/pingpu.png HTTP/1.1" 304 -
117.184.7.30 - - [22/Apr/2021:09:42:15 +0800] "GET /xingrg/javascript/jquery_easy_ui/themes/default/images/panel_tool_collapse.gif HTTP/1.1" 304 -
117.184.7.30 - - [22/Apr/2021:09:42:15 +0800] "GET /xingrg/javascript/jquery_easy_ui/themes/default/images/tabs_leftarrow.png HTTP/1.1" 304 -
117.184.7.30 - - [22/Apr/2021:09:42:15 +0800] "POST /xingrg/load_menu.html HTTP/1.1" 200 5138
117.184.7.30 - - [22/Apr/2021:09:42:15 +0800] "GET /xingrg/javascript/jquery_easy_ui/themes/icons/forms_new.png HTTP/1.1" 304 -
117.184.7.30 - - [22/Apr/2021:09:42:15 +0800] "GET /xingrg/javascript/jquery_easy_ui/themes/default/images/tree_folder.gif HTTP/1.1" 304 -
117.184.7.30 - - [22/Apr/2021:09:42:15 +0800] "GET /xingrg/javascript/jquery_easy_ui/themes/icons/search_new.png HTTP/1.1" 304 -
117.184.7.30 - - [22/Apr/2021:09:42:15 +0800] "GET /xingrg/javascript/jquery_easy_ui/themes/default/images/tree_file.gif HTTP/1.1" 304 -
117.184.7.30 - - [22/Apr/2021:09:42:15 +0800] "GET /xingrg/javascript/jquery_easy_ui/themes/icons/storage_new.png HTTP/1.1" 304 -
117.184.7.30 - - [22/Apr/2021:09:42:15 +0800] "GET /xingrg/javascript/jquery_easy_ui/themes/default/images/tree_folder_open.gif HTTP/1.1" 304 -
117.184.7.30 - - [22/Apr/2021:09:42:15 +0800] "GET /xingrg/javascript/jquery_easy_ui/themes/default/images/tree_arrows.gif HTTP/1.1" 304 -
117.184.7.30 - - [22/Apr/2021:09:42:18 +0800] "GET /xingrg/kc/buy/buy_main.html HTTP/1.1" 200 12412
117.184.7.30 - - [22/Apr/2021:09:42:18 +0800] "GET /xingrg/css/new_ie.css HTTP/1.1" 404 1036
117.184.7.30 - - [22/Apr/2021:09:42:19 +0800] "GET /xingrg/images/yd/bt.gif HTTP/1.1" 404 1040
117.184.7.30 - - [22/Apr/2021:09:42:19 +0800] "GET /xingrg/kc/buy/cgsh_order_list.html HTTP/1.1" 200 46410
180.169.147.146 - - [22/Apr/2021:09:42:21 +0800] "GET /xingrg/all/function/internal_message.html?_=1619055741731&CODE_STATE=getMsg HTTP/1.1" 200 27
117.184.7.30 - - [22/Apr/2021:09:42:23 +0800] "POST /xingrg/kc/buy/cgsh_list_operate.html HTTP/1.1" 200 2340
222.70.217.33 - - [22/Apr/2021:09:42:23 +0800] "GET /xingrg/all/function/internal_message.html?_=1619055743700&CODE_STATE=getMsg HTTP/1.1" 200 27
222.70.217.33 - - [22/Apr/2021:09:42:23 +0800] "GET /xingrg/check_reg.html?_=1619055743704 HTTP/1.1" 200 22
101.85.94.178 - - [22/Apr/2021:09:42:25 +0800] "GET /xingrg/all/function/internal_message.html?_=1619055276915&CODE_STATE=getMsg HTTP/1.1" 200 27
116.233.77.251 - - [22/Apr/2021:09:42:26 +0800] "GET /xingrg/all/function/internal_message.html?_=1619055748989&CODE_STATE=getMsg HTTP/1.1" 200 27
117.184.7.30 - - [22/Apr/2021:09:42:29 +0800] "GET /xingrg/javascript/auto/indicator.gif HTTP/1.1" 404 1066
61.165.42.208 - - [22/Apr/2021:09:42:32 +0800] "GET /xingrg/kc/buy/cgsh_order_operate.html?command=get_materiel&rest_code=00105&code=00101009040&supplier_code=00100024&order_time=2021-04-22 HTTP/1.1" 200 414
117.184.7.30 - - [22/Apr/2021:09:42:33 +0800] "POST /xingrg/kc/buy/cgsh_list_operate.html HTTP/1.1" 200 5626
117.184.7.30 - - [22/Apr/2021:09:42:35 +0800] "POST /xingrg/kc/buy/cgsh_list_operate.html HTTP/1.1" 200 204
180.169.147.146 - - [22/Apr/2021:09:42:37 +0800] "GET /xingrg/all/function/internal_message.html?_=1619055759847&CODE_STATE=getMsg HTTP/1.1" 200 27
180.169.147.146 - - [22/Apr/2021:09:42:37 +0800] "GET /xingrg/all/function/internal_message.html?_=1619055755833&CODE_STATE=getMsg HTTP/1.1" 200 27
116.238.141.202 - - [22/Apr/2021:09:42:42 +0800] "GET /xingrg/check_reg.html?_=1619056040612 HTTP/1.1" 200 22
116.238.141.202 - - [22/Apr/2021:09:42:43 +0800] "GET /xingrg/all/function/internal_message.html?_=1619056041639&CODE_STATE=getMsg HTTP/1.1" 200 27
180.162.112.86 - - [22/Apr/2021:09:42:43 +0800] "GET /xingrg/all/function/internal_message.html?_=1619055520624&CODE_STATE=getMsg HTTP/1.1" 200 27
180.169.147.146 - - [22/Apr/2021:09:42:45 +0800] "GET /xingrg/check_reg.html?_=1619055764593 HTTP/1.1" 302 -
116.230.114.112 - - [22/Apr/2021:09:42:45 +0800] "GET /xingrg/all/function/internal_message.html?_=1619055779418&CODE_STATE=getMsg HTTP/1.1" 200 27
117.184.7.30 - - [22/Apr/2021:09:42:47 +0800] "POST /xingrg/kc/buy/cgsh_list_operate.html HTTP/1.1" 200 586
180.169.147.146 - - [22/Apr/2021:09:42:47 +0800] "GET /xingrg/all/function/internal_message.html?_=1619055767253&CODE_STATE=getMsg HTTP/1.1" 200 27
117.184.7.30 - - [22/Apr/2021:09:42:50 +0800] "GET /xingrg/kc/buy/cgsh_order_info.html?code=212021041908153 HTTP/1.1" 200 57046
117.184.7.30 - - [22/Apr/2021:09:42:50 +0800] "GET /xingrg/words/20210422084616_words.js HTTP/1.1" 200 807466
116.224.253.72 - - [22/Apr/2021:09:42:51 +0800] "GET /xingrg/all/function/internal_message.html?_=1619055771953&CODE_STATE=getMsg HTTP/1.1" 200 27
117.184.7.30 - - [22/Apr/2021:09:42:51 +0800] "GET /xingrg/javascript/easyui/themes/default/validatebox.css HTTP/1.1" 404 1104
117.184.7.30 - - [22/Apr/2021:09:42:52 +0800] "POST /xingrg/kc/buy/cgsh_order_operate.html HTTP/1.1" 200 4187
58.37.228.113 - - [22/Apr/2021:09:42:52 +0800] "GET /xingrg/all/function/internal_message.html?_=1619055775865&CODE_STATE=getMsg HTTP/1.1" 200 27
114.83.220.121 - - [22/Apr/2021:09:42:54 +0800] "GET /xingrg/all/function/internal_message.html?_=1619055774950&CODE_STATE=getMsg HTTP/1.1" 200 27
61.165.42.208 - - [22/Apr/2021:09:42:54 +0800] "GET /xingrg/all/function/internal_message.html?_=1619055774593&CODE_STATE=getMsg HTTP/1.1" 200 27
58.37.228.113 - - [22/Apr/2021:09:42:54 +0800] "GET /xingrg/all/function/internal_message.html?_=1619055747703&CODE_STATE=getMsg HTTP/1.1" 200 27
58.221.95.50 - - [22/Apr/2021:09:43:01 +0800] "GET /xingrg/all/function/internal_message.html?_=1619055782680&CODE_STATE=getMsg HTTP/1.1" 200 27
114.88.160.164 - - [22/Apr/2021:09:43:12 +0800] "GET /xingrg/all/function/internal_message.html?_=1619055790418&CODE_STATE=getMsg HTTP/1.1" 200 27
116.224.253.72 - - [22/Apr/2021:09:43:13 +0800] "GET /xingrg/check_reg.html?_=1619055777749 HTTP/1.1" 200 22
116.224.253.72 - - [22/Apr/2021:09:43:14 +0800] "GET /xingrg/all/function/internal_message.html?_=1619055778574&CODE_STATE=getMsg HTTP/1.1" 200 27
124.77.71.179 - - [22/Apr/2021:09:43:14 +0800] "GET /xingrg/all/function/internal_message.html?_=1619055789244&CODE_STATE=getMsg HTTP/1.1" 200 27
117.184.7.30 - - [22/Apr/2021:09:43:15 +0800] "GET /xingrg/all/function/internal_message.html?_=1619055791432&CODE_STATE=getMsg HTTP/1.1" 200 27
117.184.7.30 - - [22/Apr/2021:09:43:20 +0800] "POST /xingrg/kc/buy/cgsh_list_operate.html HTTP/1.1" 200 576
180.169.147.146 - - [22/Apr/2021:09:43:21 +0800] "GET /xingrg/all/function/internal_message.html?_=1619055801737&CODE_STATE=getMsg HTTP/1.1" 200 27
180.169.147.146 - - [22/Apr/2021:09:43:21 +0800] "GET /xingrg/check_reg.html?_=1619055801740 HTTP/1.1" 200 22
222.70.217.33 - - [22/Apr/2021:09:43:23 +0800] "GET /xingrg/all/function/internal_message.html?_=1619055803692&CODE_STATE=getMsg HTTP/1.1" 200 27
101.85.94.178 - - [22/Apr/2021:09:43:25 +0800] "GET /xingrg/all/function/internal_message.html?_=1619055336918&CODE_STATE=getMsg HTTP/1.1" 200 27
116.233.77.251 - - [22/Apr/2021:09:43:26 +0800] "GET /xingrg/all/function/internal_message.html?_=1619055808991&CODE_STATE=getMsg HTTP/1.1" 200 27
116.233.77.251 - - [22/Apr/2021:09:43:26 +0800] "GET /xingrg/check_reg.html?_=1619055808992 HTTP/1.1" 200 22
61.165.42.208 - - [22/Apr/2021:09:43:33 +0800] "POST /xingrg/kc/buy/cgsh_order_operate.html HTTP/1.1" 200 37
61.165.42.208 - - [22/Apr/2021:09:43:34 +0800] "POST /xingrg/kc/buy/cgsh_order_operate.html HTTP/1.1" 200 7413
61.165.42.208 - - [22/Apr/2021:09:43:35 +0800] "GET /xingrg/kc/print/load_data.html?order_code=212021042209141&kc_code=cgsh&condition= HTTP/1.1" 200 2508
180.169.147.146 - - [22/Apr/2021:09:43:37 +0800] "GET /xingrg/all/function/internal_message.html?_=1619055819849&CODE_STATE=getMsg HTTP/1.1" 200 27
180.169.147.146 - - [22/Apr/2021:09:43:37 +0800] "GET /xingrg/all/function/internal_message.html?_=1619055815820&CODE_STATE=getMsg HTTP/1.1" 200 27
116.238.141.202 - - [22/Apr/2021:09:43:43 +0800] "GET /xingrg/all/function/internal_message.html?_=1619056101653&CODE_STATE=getMsg HTTP/1.1" 200 27
180.162.112.86 - - [22/Apr/2021:09:43:43 +0800] "GET /xingrg/check_reg.html?_=1619055580626 HTTP/1.1" 200 22
180.162.112.86 - - [22/Apr/2021:09:43:43 +0800] "GET /xingrg/all/function/internal_message.html?_=1619055580630&CODE_STATE=getMsg HTTP/1.1" 200 27
116.230.114.112 - - [22/Apr/2021:09:43:46 +0800] "GET /xingrg/all/function/internal_message.html?_=1619055839579&CODE_STATE=getMsg HTTP/1.1" 200 27
180.169.147.146 - - [22/Apr/2021:09:43:47 +0800] "GET /xingrg/all/function/internal_message.html?_=1619055827256&CODE_STATE=getMsg HTTP/1.1" 200 27
116.224.253.72 - - [22/Apr/2021:09:43:51 +0800] "GET /xingrg/all/function/internal_message.html?_=1619055831953&CODE_STATE=getMsg HTTP/1.1" 200 27
58.37.228.113 - - [22/Apr/2021:09:43:52 +0800] "GET /xingrg/all/function/internal_message.html?_=1619055835891&CODE_STATE=getMsg HTTP/1.1" 200 27
114.83.220.121 - - [22/Apr/2021:09:43:54 +0800] "GET /xingrg/all/function/internal_message.html?_=1619055834921&CODE_STATE=getMsg HTTP/1.1" 200 27
61.165.42.208 - - [22/Apr/2021:09:43:54 +0800] "GET /xingrg/all/function/internal_message.html?_=1619055834577&CODE_STATE=getMsg HTTP/1.1" 200 27
58.37.228.113 - - [22/Apr/2021:09:43:54 +0800] "GET /xingrg/all/function/internal_message.html?_=1619055807702&CODE_STATE=getMsg HTTP/1.1" 200 27
58.221.95.50 - - [22/Apr/2021:09:44:01 +0800] "GET /xingrg/all/function/internal_message.html?_=1619055842670&CODE_STATE=getMsg HTTP/1.1" 200 27
58.221.95.50 - - [22/Apr/2021:09:44:01 +0800] "GET /xingrg/check_reg.html?_=1619055842831 HTTP/1.1" 200 22
114.88.160.164 - - [22/Apr/2021:09:44:13 +0800] "GET /xingrg/all/function/internal_message.html?_=1619055850431&CODE_STATE=getMsg HTTP/1.1" 200 27
116.224.253.72 - - [22/Apr/2021:09:44:14 +0800] "GET /xingrg/all/function/internal_message.html?_=1619055838588&CODE_STATE=getMsg HTTP/1.1" 200 27
124.77.71.179 - - [22/Apr/2021:09:44:14 +0800] "GET /xingrg/all/function/internal_message.html?_=1619055849246&CODE_STATE=getMsg HTTP/1.1" 200 27
117.184.7.30 - - [22/Apr/2021:09:44:15 +0800] "GET /xingrg/all/function/internal_message.html?_=1619055851419&CODE_STATE=getMsg HTTP/1.1" 200 27
180.169.147.146 - - [22/Apr/2021:09:44:21 +0800] "GET /xingrg/all/function/internal_message.html?_=1619055861742&CODE_STATE=getMsg HTTP/1.1" 200 27
222.70.217.33 - - [22/Apr/2021:09:44:23 +0800] "GET /xingrg/all/function/internal_message.html?_=1619055863697&CODE_STATE=getMsg HTTP/1.1" 200 27
101.85.94.178 - - [22/Apr/2021:09:44:25 +0800] "GET /xingrg/all/function/internal_message.html?_=1619055396916&CODE_STATE=getMsg HTTP/1.1" 200 27
116.233.77.251 - - [22/Apr/2021:09:44:26 +0800] "GET /xingrg/all/function/internal_message.html?_=1619055868993&CODE_STATE=getMsg HTTP/1.1" 200 27
180.169.147.146 - - [22/Apr/2021:09:44:32 +0800] "GET /xingrg/check_reg.html?_=1619055868666 HTTP/1.1" 200 22
180.169.147.146 - - [22/Apr/2021:09:44:37 +0800] "GET /xingrg/all/function/internal_message.html?_=1619055879851&CODE_STATE=getMsg HTTP/1.1" 200 27
180.169.147.146 - - [22/Apr/2021:09:44:37 +0800] "GET /xingrg/check_reg.html?_=1619055879854 HTTP/1.1" 200 22
180.169.147.146 - - [22/Apr/2021:09:44:37 +0800] "GET /xingrg/all/function/internal_message.html?_=1619055875835&CODE_STATE=getMsg HTTP/1.1" 200 27
180.169.147.146 - - [22/Apr/2021:09:44:37 +0800] "GET /xingrg/check_reg.html?_=1619055875837 HTTP/1.1" 200 22
116.238.141.202 - - [22/Apr/2021:09:44:43 +0800] "GET /xingrg/all/function/internal_message.html?_=1619056161666&CODE_STATE=getMsg HTTP/1.1" 200 27
180.162.112.86 - - [22/Apr/2021:09:44:43 +0800] "GET /xingrg/all/function/internal_message.html?_=1619055640615&CODE_STATE=getMsg HTTP/1.1" 200 27
116.230.114.112 - - [22/Apr/2021:09:44:46 +0800] "GET /xingrg/all/function/internal_message.html?_=1619055899586&CODE_STATE=getMsg HTTP/1.1" 200 27
180.169.147.146 - - [22/Apr/2021:09:44:47 +0800] "GET /xingrg/all/function/internal_message.html?_=1619055887252&CODE_STATE=getMsg HTTP/1.1" 200 27
116.224.253.72 - - [22/Apr/2021:09:44:51 +0800] "GET /xingrg/all/function/internal_message.html?_=1619055891982&CODE_STATE=getMsg HTTP/1.1" 200 27
58.37.228.113 - - [22/Apr/2021:09:44:52 +0800] "GET /xingrg/all/function/internal_message.html?_=1619055895890&CODE_STATE=getMsg HTTP/1.1" 200 27
114.83.220.121 - - [22/Apr/2021:09:44:54 +0800] "GET /xingrg/all/function/internal_message.html?_=1619055894899&CODE_STATE=getMsg HTTP/1.1" 200 27
61.165.42.208 - - [22/Apr/2021:09:44:54 +0800] "GET /xingrg/all/function/internal_message.html?_=1619055894559&CODE_STATE=getMsg HTTP/1.1" 200 27
58.37.228.113 - - [22/Apr/2021:09:44:54 +0800] "GET /xingrg/all/function/internal_message.html?_=1619055867717&CODE_STATE=getMsg HTTP/1.1" 200 27
58.37.228.113 - - [22/Apr/2021:09:44:54 +0800] "GET /xingrg/check_reg.html?_=1619055867718 HTTP/1.1" 200 22
114.83.220.121 - - [22/Apr/2021:09:44:55 +0800] "GET /xingrg/check_reg.html?_=1619055895655 HTTP/1.1" 200 22
58.221.95.50 - - [22/Apr/2021:09:45:01 +0800] "GET /xingrg/all/function/internal_message.html?_=1619055902652&CODE_STATE=getMsg HTTP/1.1" 200 27
114.88.160.164 - - [22/Apr/2021:09:45:13 +0800] "GET /xingrg/all/function/internal_message.html?_=1619055910737&CODE_STATE=getMsg HTTP/1.1" 200 27
116.224.253.72 - - [22/Apr/2021:09:45:14 +0800] "GET /xingrg/all/function/internal_message.html?_=1619055898601&CODE_STATE=getMsg HTTP/1.1" 200 27
124.77.71.179 - - [22/Apr/2021:09:45:14 +0800] "GET /xingrg/all/function/internal_message.html?_=1619055909246&CODE_STATE=getMsg HTTP/1.1" 200 27
117.184.7.30 - - [22/Apr/2021:09:45:15 +0800] "GET /xingrg/all/function/internal_message.html?_=1619055911424&CODE_STATE=getMsg HTTP/1.1" 200 27
180.169.147.146 - - [22/Apr/2021:09:45:22 +0800] "GET /xingrg/all/function/internal_message.html?_=1619055921742&CODE_STATE=getMsg HTTP/1.1" 200 27
