124.77.71.179 - - [21/Apr/2021:11:05:01 +0800] "GET /xingrg/all/function/internal_message.html?_=1618974298085&CODE_STATE=getMsg HTTP/1.1" 200 27
124.77.71.179 - - [21/Apr/2021:11:05:02 +0800] "GET /xingrg/check_reg.html?_=1618974298086 HTTP/1.1" 200 22
114.86.231.92 - - [21/Apr/2021:11:05:02 +0800] "GET /xingrg/all/function/internal_message.html?_=1618974309182&CODE_STATE=getMsg HTTP/1.1" 200 27
116.224.253.72 - - [21/Apr/2021:11:05:02 +0800] "GET /xingrg/all/function/internal_message.html?_=1618974288356&CODE_STATE=getMsg HTTP/1.1" 200 27
180.169.147.146 - - [21/Apr/2021:11:05:02 +0800] "GET /xingrg/all/function/internal_message.html?_=1618974302680&CODE_STATE=getMsg HTTP/1.1" 200 27
58.37.228.113 - - [21/Apr/2021:11:05:03 +0800] "POST /xingrg/kc/buy/cgsh_order_operate.html HTTP/1.1" 200 12
58.37.228.113 - - [21/Apr/2021:11:05:04 +0800] "GET /xingrg/kc/buy/cgsh_order_info.html?code=212021042108778 HTTP/1.1" 200 57060
58.37.228.113 - - [21/Apr/2021:11:05:04 +0800] "GET /xingrg/javascript/easyui/themes/default/validatebox.css HTTP/1.1" 404 1104
58.37.228.113 - - [21/Apr/2021:11:05:05 +0800] "POST /xingrg/kc/buy/cgsh_order_operate.html HTTP/1.1" 200 610
116.230.114.112 - - [21/Apr/2021:11:05:05 +0800] "GET /xingrg/kc/buy/cgsh_order_operate.html?command=get_materiel&rest_code=00146&code=00101006130&supplier_code=00100012&order_time=2021-04-21 HTTP/1.1" 200 427
58.37.228.113 - - [21/Apr/2021:11:05:06 +0800] "GET /xingrg/kc/print/report_design.html?orderType=cgsh HTTP/1.1" 200 8625
58.37.228.113 - - [21/Apr/2021:11:05:06 +0800] "GET /xingrg/css/design.css HTTP/1.1" 200 2477
58.37.228.113 - - [21/Apr/2021:11:05:06 +0800] "GET /xingrg/javascript/easyui/jquery.easyui.min.js HTTP/1.1" 200 272531
58.37.228.113 - - [21/Apr/2021:11:05:06 +0800] "GET /xingrg/javascript/print/report.helper.js HTTP/1.1" 200 7208
58.37.228.113 - - [21/Apr/2021:11:05:06 +0800] "GET /xingrg/javascript/print/report.js HTTP/1.1" 200 10993
58.37.228.113 - - [21/Apr/2021:11:05:06 +0800] "GET /xingrg/javascript/easyui/themes/sunny/easyui.css HTTP/1.1" 200 34304
58.37.228.113 - - [21/Apr/2021:11:05:06 +0800] "GET /xingrg/javascript/easyui/themes/sunny/images/ui-bg_highlight-soft_100_feeebd_1x100.png HTTP/1.1" 200 108
58.37.228.113 - - [21/Apr/2021:11:05:06 +0800] "GET /xingrg/javascript/easyui/themes/sunny/images/ui-bg_gloss-wave_45_817865_500x100.png HTTP/1.1" 200 3971
58.37.228.113 - - [21/Apr/2021:11:05:06 +0800] "GET /xingrg/javascript/easyui/themes/sunny/images/blank.gif HTTP/1.1" 200 43
58.37.228.113 - - [21/Apr/2021:11:05:06 +0800] "GET /xingrg/javascript/easyui/themes/sunny/images/ui-icons_fadc7a_256x240.png HTTP/1.1" 200 4369
58.37.228.113 - - [21/Apr/2021:11:05:06 +0800] "GET /xingrg/javascript/easyui/themes/sunny/images/ui-icons_bd7b00_256x240.png HTTP/1.1" 200 4369
58.37.228.113 - - [21/Apr/2021:11:05:06 +0800] "GET /xingrg/javascript/easyui/themes/sunny/images/ui-bg_gloss-wave_70_ffdd57_500x100.png HTTP/1.1" 200 3830
58.37.228.113 - - [21/Apr/2021:11:05:07 +0800] "GET /xingrg/kc/print/design_operate.html?_=1618974307964&command=load_config&code=cgsh HTTP/1.1" 200 2747
58.37.228.113 - - [21/Apr/2021:11:05:07 +0800] "GET /xingrg/css/images/background.png HTTP/1.1" 200 137
58.37.228.113 - - [21/Apr/2021:11:05:08 +0800] "GET /xingrg/kc/print/load_config.html?kc_code=cgsh HTTP/1.1" 200 1845
58.37.228.113 - - [21/Apr/2021:11:05:08 +0800] "GET /xingrg/kc/print/load_data.html?order_code=212021042108778&kc_code=cgsh&condition= HTTP/1.1" 200 711
58.40.7.146 - - [21/Apr/2021:11:05:08 +0800] "GET /xingrg/all/function/internal_message.html?_=1618974309212&CODE_STATE=getMsg HTTP/1.1" 200 27
116.238.141.202 - - [21/Apr/2021:11:05:11 +0800] "GET /xingrg/all/function/internal_message.html?_=1618974590977&CODE_STATE=getMsg HTTP/1.1" 200 27
114.86.187.76 - - [21/Apr/2021:11:05:12 +0800] "GET /xingrg/check_reg.html?_=1618974312493 HTTP/1.1" 200 22
180.169.147.146 - - [21/Apr/2021:11:05:12 +0800] "GET /xingrg/all/function/internal_message.html?_=1618974316716&CODE_STATE=getMsg HTTP/1.1" 200 27
58.37.228.113 - - [21/Apr/2021:11:05:12 +0800] "GET /xingrg/kc/buy/cgsh_order_add.html HTTP/1.1" 200 62154
58.37.228.113 - - [21/Apr/2021:11:05:12 +0800] "POST /xingrg/kc/buy/cgsh_order_operate.html HTTP/1.1" 200 8245
58.37.228.113 - - [21/Apr/2021:11:05:12 +0800] "GET /xingrg/all/common/auto_word.html?type=employee&rest_code=00141 HTTP/1.1" 200 201
58.37.228.113 - - [21/Apr/2021:11:05:12 +0800] "GET /xingrg/all/common/auto_word.html?type=employee&rest_code=00141 HTTP/1.1" 200 201
58.37.228.113 - - [21/Apr/2021:11:05:12 +0800] "GET /xingrg/javascript/easyui/themes/default/validatebox.css HTTP/1.1" 404 1104
120.253.135.82 - - [21/Apr/2021:11:05:12 +0800] "GET /xingrg/check_reg.html?_=1618974092817 HTTP/1.1" 200 22
124.77.71.179 - - [21/Apr/2021:11:05:12 +0800] "GET /xingrg/kc/buy/cgsh_order_operate.html?command=get_materiel&rest_code=00107&code=00101010309&supplier_code=00100091&order_time=2021-04-21 HTTP/1.1" 200 423
180.169.147.146 - - [21/Apr/2021:11:05:14 +0800] "GET /xingrg/all/function/internal_message.html?_=1618974314882&CODE_STATE=getMsg HTTP/1.1" 200 27
114.86.187.76 - - [21/Apr/2021:11:05:15 +0800] "GET /xingrg/kc/buy/cgsh_order_operate.html?command=get_materiel&rest_code=00148&code=00101007085&supplier_code=00100328&order_time=2021-04-21 HTTP/1.1" 200 413
180.169.147.146 - - [21/Apr/2021:11:05:17 +0800] "GET /xingrg/all/function/internal_message.html?_=1618974317517&CODE_STATE=getMsg HTTP/1.1" 302 -
114.86.187.76 - - [21/Apr/2021:11:05:17 +0800] "GET /xingrg/all/function/internal_message.html?_=1618974318118&CODE_STATE=getMsg HTTP/1.1" 200 27
180.169.147.146 - - [21/Apr/2021:11:05:18 +0800] "GET /xingrg/all/function/internal_message.html?_=1618974315876&CODE_STATE=getMsg HTTP/1.1" 200 27
114.86.187.76 - - [21/Apr/2021:11:05:19 +0800] "GET /xingrg/javascript/easyui/themes/default/images/button_plain_hover.png HTTP/1.1" 304 -
114.86.187.76 - - [21/Apr/2021:11:05:19 +0800] "GET /xingrg/javascript/easyui/themes/default/images/button_plain_hover.png HTTP/1.1" 304 -
114.86.187.76 - - [21/Apr/2021:11:05:19 +0800] "GET /xingrg/javascript/easyui/themes/default/images/button_plain_hover.png HTTP/1.1" 304 -
114.86.187.76 - - [21/Apr/2021:11:05:20 +0800] "GET /xingrg/javascript/easyui/themes/default/images/button_plain_hover.png HTTP/1.1" 304 -
114.86.187.76 - - [21/Apr/2021:11:05:20 +0800] "GET /xingrg/javascript/easyui/themes/default/images/button_plain_hover.png HTTP/1.1" 304 -
222.70.217.33 - - [21/Apr/2021:11:05:21 +0800] "GET /xingrg/all/function/internal_message.html?_=1618974321512&CODE_STATE=getMsg HTTP/1.1" 200 27
114.86.187.76 - - [21/Apr/2021:11:05:22 +0800] "POST /xingrg/kc/buy/cgsh_order_operate.html HTTP/1.1" 200 37
117.185.32.26 - - [21/Apr/2021:11:05:22 +0800] "GET /xingrg/check_reg.html?_=1618974848066 HTTP/1.1" 200 22
117.185.32.26 - - [21/Apr/2021:11:05:22 +0800] "GET /xingrg/all/function/internal_message.html?_=1618974848068&CODE_STATE=getMsg HTTP/1.1" 200 27
120.253.135.82 - - [21/Apr/2021:11:05:22 +0800] "GET /xingrg/all/function/internal_message.html?_=1618974102812&CODE_STATE=getMsg HTTP/1.1" 200 27
58.37.228.113 - - [21/Apr/2021:11:05:23 +0800] "GET /xingrg/kc/buy/cgsh_order_operate.html?command=get_materiel&rest_code=00141&code=00101001140&supplier_code=00100090&order_time=2021-04-21 HTTP/1.1" 200 415
180.169.147.146 - - [21/Apr/2021:11:05:24 +0800] "GET /xingrg/all/function/internal_message.html?_=1618974330850&CODE_STATE=getMsg HTTP/1.1" 302 -
114.86.187.76 - - [21/Apr/2021:11:05:24 +0800] "POST /xingrg/kc/buy/cgsh_order_operate.html HTTP/1.1" 200 3249
116.230.114.112 - - [21/Apr/2021:11:05:25 +0800] "GET /xingrg/kc/buy/cgsh_order_operate.html?command=get_materiel&rest_code=00146&code=00101006065&supplier_code=00100012&order_time=2021-04-21 HTTP/1.1" 200 409
116.230.114.112 - - [21/Apr/2021:11:05:25 +0800] "GET /xingrg/all/function/internal_message.html?_=1618974336287&CODE_STATE=getMsg HTTP/1.1" 200 27
114.86.187.76 - - [21/Apr/2021:11:05:26 +0800] "GET /xingrg/javascript/easyui/themes/default/images/button_plain_hover.png HTTP/1.1" 304 -
114.86.187.76 - - [21/Apr/2021:11:05:26 +0800] "GET /xingrg/javascript/easyui/themes/default/images/button_plain_hover.png HTTP/1.1" 304 -
114.86.187.76 - - [21/Apr/2021:11:05:26 +0800] "GET /xingrg/javascript/easyui/themes/default/images/button_plain_hover.png HTTP/1.1" 304 -
114.86.187.76 - - [21/Apr/2021:11:05:27 +0800] "GET /xingrg/css/site.css HTTP/1.1" 304 -
114.86.187.76 - - [21/Apr/2021:11:05:27 +0800] "GET /xingrg/css/base.css HTTP/1.1" 304 -
114.86.187.76 - - [21/Apr/2021:11:05:27 +0800] "GET /xingrg/javascript/jquery_tools/datebox.css HTTP/1.1" 304 -
114.86.187.76 - - [21/Apr/2021:11:05:27 +0800] "GET /xingrg/javascript/easyui/themes/icon.css HTTP/1.1" 304 -
114.86.187.76 - - [21/Apr/2021:11:05:27 +0800] "GET /xingrg/javascript/jquery_tools/fix.css HTTP/1.1" 304 -
114.86.187.76 - - [21/Apr/2021:11:05:27 +0800] "GET /xingrg/javascript/easyui/themes/default/easyui.css HTTP/1.1" 304 -
114.86.187.76 - - [21/Apr/2021:11:05:27 +0800] "GET /xingrg/javascript/auto/jquery.autocomplete.css HTTP/1.1" 304 -
114.86.187.76 - - [21/Apr/2021:11:05:27 +0800] "GET /xingrg/kc/buy/cgsh_order_add.html HTTP/1.1" 200 62148
114.86.187.76 - - [21/Apr/2021:11:05:27 +0800] "GET /xingrg/javascript/jquery_tools/jquery.tools.extend.js HTTP/1.1" 304 -
114.86.187.76 - - [21/Apr/2021:11:05:27 +0800] "GET /xingrg/javascript/jquery_tools/jquery.tools.hotkey.js HTTP/1.1" 304 -
114.86.187.76 - - [21/Apr/2021:11:05:27 +0800] "GET /xingrg/javascript/jquery_tools/jquery.tools.min.js HTTP/1.1" 304 -
114.86.187.76 - - [21/Apr/2021:11:05:27 +0800] "GET /xingrg/javascript/jquery_tools/jquery.tools.table.js HTTP/1.1" 304 -
114.86.187.76 - - [21/Apr/2021:11:05:27 +0800] "GET /xingrg/javascript/jquery_tools/order_manager.js HTTP/1.1" 304 -
114.86.187.76 - - [21/Apr/2021:11:05:27 +0800] "GET /xingrg/javascript/convert.js HTTP/1.1" 304 -
114.86.187.76 - - [21/Apr/2021:11:05:27 +0800] "GET /xingrg/javascript/jquery_tools/table.css HTTP/1.1" 304 -
114.86.187.76 - - [21/Apr/2021:11:05:27 +0800] "GET /xingrg/javascript/json2.js HTTP/1.1" 304 -
114.86.187.76 - - [21/Apr/2021:11:05:27 +0800] "GET /xingrg/javascript/pic_change.js HTTP/1.1" 304 -
114.86.187.76 - - [21/Apr/2021:11:05:27 +0800] "GET /xingrg/javascript/jquery.cookie.js HTTP/1.1" 304 -
114.86.187.76 - - [21/Apr/2021:11:05:27 +0800] "GET /xingrg/javascript/print/kc_print.js HTTP/1.1" 304 -
114.86.187.76 - - [21/Apr/2021:11:05:27 +0800] "GET /xingrg/javascript/jquery.utils.js HTTP/1.1" 304 -
114.86.187.76 - - [21/Apr/2021:11:05:27 +0800] "GET /xingrg/javascript/auto/jquery.autocomplete.js HTTP/1.1" 304 -
114.86.187.76 - - [21/Apr/2021:11:05:27 +0800] "GET /xingrg/javascript/easyui/easyloader.js HTTP/1.1" 304 -
114.86.187.76 - - [21/Apr/2021:11:05:27 +0800] "GET /xingrg/javascript/print/LodopFuncs.js HTTP/1.1" 304 -
114.86.187.76 - - [21/Apr/2021:11:05:27 +0800] "GET /xingrg/words/20210420115334_words.js HTTP/1.1" 304 -
114.86.187.76 - - [21/Apr/2021:11:05:27 +0800] "GET /xingrg/javascript/easyui/themes/icons/copy_new.png HTTP/1.1" 304 -
114.86.187.76 - - [21/Apr/2021:11:05:27 +0800] "GET /xingrg/javascript/easyui/themes/icons/ok.png HTTP/1.1" 304 -
114.86.187.76 - - [21/Apr/2021:11:05:27 +0800] "GET /xingrg/javascript/easyui/themes/icons/template_new.png HTTP/1.1" 304 -
114.86.187.76 - - [21/Apr/2021:11:05:27 +0800] "GET /xingrg/javascript/easyui/themes/icons/print.png HTTP/1.1" 304 -
114.86.187.76 - - [21/Apr/2021:11:05:27 +0800] "GET /xingrg/javascript/easyui/themes/default/images/menu_downarrow.png HTTP/1.1" 304 -
114.86.187.76 - - [21/Apr/2021:11:05:27 +0800] "GET /xingrg/javascript/easyui/themes/icons/cancel.png HTTP/1.1" 304 -
114.86.187.76 - - [21/Apr/2021:11:05:27 +0800] "GET /xingrg/javascript/easyui/plugins/jquery.parser.js HTTP/1.1" 304 -
114.86.187.76 - - [21/Apr/2021:11:05:27 +0800] "POST /xingrg/kc/buy/cgsh_order_operate.html HTTP/1.1" 200 8245
114.86.187.76 - - [21/Apr/2021:11:05:27 +0800] "GET /xingrg/javascript/easyui/themes/default/images/button_plain_hover.png HTTP/1.1" 304 -
117.184.7.26 - - [21/Apr/2021:11:05:27 +0800] "GET /xingrg/kc/buy/cgsh_order_operate.html?command=get_materiel&rest_code=00108&code=00101008355&supplier_code=00100008&order_time=2021-04-21 HTTP/1.1" 200 408
114.86.187.76 - - [21/Apr/2021:11:05:27 +0800] "GET /xingrg/all/common/auto_word.html?type=employee&rest_code=00148 HTTP/1.1" 200 197
114.86.187.76 - - [21/Apr/2021:11:05:27 +0800] "GET /xingrg/all/common/auto_word.html?type=employee&rest_code=00148 HTTP/1.1" 200 197
114.86.187.76 - - [21/Apr/2021:11:05:27 +0800] "GET /xingrg/javascript/easyui/themes/default/images/button_plain_hover.png HTTP/1.1" 304 -
114.86.187.76 - - [21/Apr/2021:11:05:27 +0800] "GET /xingrg/javascript/easyui/themes/default/validatebox.css HTTP/1.1" 404 1104
114.86.187.76 - - [21/Apr/2021:11:05:27 +0800] "GET /xingrg/javascript/easyui/plugins/jquery.validatebox.js HTTP/1.1" 304 -
114.86.187.76 - - [21/Apr/2021:11:05:27 +0800] "GET /xingrg/javascript/easyui/plugins/jquery.numberbox.js HTTP/1.1" 304 -
117.185.32.26 - - [21/Apr/2021:11:05:30 +0800] "GET /xingrg/all/function/internal_message.html?_=1618974329613&CODE_STATE=getMsg HTTP/1.1" 200 27
117.184.7.26 - - [21/Apr/2021:11:05:33 +0800] "GET /xingrg/kc/buy/cgsh_order_operate.html?command=get_materiel&rest_code=00108&code=00101008144&supplier_code=00100008&order_time=2021-04-21 HTTP/1.1" 200 412
58.37.228.113 - - [21/Apr/2021:11:05:34 +0800] "GET /xingrg/all/function/internal_message.html?_=1618974335839&CODE_STATE=getMsg HTTP/1.1" 200 27
180.169.147.146 - - [21/Apr/2021:11:05:34 +0800] "GET /xingrg/check_reg.html?_=1618974332577 HTTP/1.1" 200 22
58.37.228.113 - - [21/Apr/2021:11:05:36 +0800] "GET /xingrg/kc/buy/cgsh_order_operate.html?command=get_materiel&rest_code=00141&code=00101001125&supplier_code=00100090&order_time=2021-04-21 HTTP/1.1" 200 415
61.165.42.208 - - [21/Apr/2021:11:05:38 +0800] "GET /xingrg/all/function/internal_message.html?_=1618974340168&CODE_STATE=getMsg HTTP/1.1" 200 27
114.86.187.76 - - [21/Apr/2021:11:05:38 +0800] "GET /xingrg/javascript/pic_change.js HTTP/1.1" 304 -
114.86.187.76 - - [21/Apr/2021:11:05:38 +0800] "GET /xingrg/javascript/jquery_tools/jquery.tools.min.js HTTP/1.1" 304 -
114.86.187.76 - - [21/Apr/2021:11:05:38 +0800] "GET /xingrg/javascript/jquery_tools/jquery.tools.extend.js HTTP/1.1" 304 -
114.86.187.76 - - [21/Apr/2021:11:05:38 +0800] "GET /xingrg/javascript/jquery_tools/jquery.tools.hotkey.js HTTP/1.1" 304 -
114.86.187.76 - - [21/Apr/2021:11:05:38 +0800] "GET /xingrg/javascript/jquery_tools/jquery.tools.table.js HTTP/1.1" 304 -
114.86.187.76 - - [21/Apr/2021:11:05:38 +0800] "GET /xingrg/javascript/auto/jquery.autocomplete.js HTTP/1.1" 304 -
114.86.187.76 - - [21/Apr/2021:11:05:38 +0800] "GET /xingrg/javascript/easyui/easyloader.js HTTP/1.1" 304 -
114.86.187.76 - - [21/Apr/2021:11:05:38 +0800] "GET /xingrg/javascript/jquery.utils.js HTTP/1.1" 304 -
114.86.187.76 - - [21/Apr/2021:11:05:38 +0800] "GET /xingrg/javascript/jquery_tools/order_manager.js HTTP/1.1" 304 -
114.86.187.76 - - [21/Apr/2021:11:05:38 +0800] "GET /xingrg/javascript/json2.js HTTP/1.1" 304 -
114.86.187.76 - - [21/Apr/2021:11:05:38 +0800] "GET /xingrg/javascript/print/kc_print.js HTTP/1.1" 304 -
114.86.187.76 - - [21/Apr/2021:11:05:38 +0800] "GET /xingrg/javascript/jquery.cookie.js HTTP/1.1" 304 -
114.86.187.76 - - [21/Apr/2021:11:05:38 +0800] "GET /xingrg/javascript/print/LodopFuncs.js HTTP/1.1" 304 -
114.86.187.76 - - [21/Apr/2021:11:05:38 +0800] "GET /xingrg/javascript/easyui/plugins/jquery.numberbox.js HTTP/1.1" 304 -
114.86.187.76 - - [21/Apr/2021:11:05:38 +0800] "GET /xingrg/javascript/easyui/plugins/jquery.parser.js HTTP/1.1" 304 -
114.86.187.76 - - [21/Apr/2021:11:05:38 +0800] "GET /xingrg/words/20210420115334_words.js HTTP/1.1" 304 -
114.86.187.76 - - [21/Apr/2021:11:05:38 +0800] "GET /xingrg/javascript/easyui/plugins/jquery.validatebox.js HTTP/1.1" 304 -
114.86.187.76 - - [21/Apr/2021:11:05:38 +0800] "GET /xingrg/javascript/convert.js HTTP/1.1" 304 -
116.230.114.112 - - [21/Apr/2021:11:05:38 +0800] "GET /xingrg/kc/buy/cgsh_order_operate.html?command=get_materiel&rest_code=00146&code=00101006129&supplier_code=00100012&order_time=2021-04-21 HTTP/1.1" 200 431
180.162.112.81 - - [21/Apr/2021:11:05:40 +0800] "GET /xingrg/check_reg.html?_=1618974098695 HTTP/1.1" 200 22
180.162.112.81 - - [21/Apr/2021:11:05:40 +0800] "GET /xingrg/all/function/internal_message.html?_=1618974098691&CODE_STATE=getMsg HTTP/1.1" 200 27
114.88.160.164 - - [21/Apr/2021:11:05:41 +0800] "GET /xingrg/all/function/internal_message.html?_=1618974339909&CODE_STATE=getMsg HTTP/1.1" 200 27
117.184.7.26 - - [21/Apr/2021:11:05:43 +0800] "GET /xingrg/all/function/internal_message.html?_=1618974341651&CODE_STATE=getMsg HTTP/1.1" 200 27
180.169.147.146 - - [21/Apr/2021:11:05:44 +0800] "GET /xingrg/all/function/internal_message.html?_=1618974344843&CODE_STATE=getMsg HTTP/1.1" 200 27
180.169.147.146 - - [21/Apr/2021:11:05:44 +0800] "GET /xingrg/check_reg.html?_=1618974344845 HTTP/1.1" 200 22
114.86.187.76 - - [21/Apr/2021:11:05:46 +0800] "GET /xingrg/kc/buy/cgsh_order_operate.html?command=get_materiel&rest_code=00148&code=00101006050&supplier_code=00100324&order_time=2021-04-21 HTTP/1.1" 200 449
117.184.7.26 - - [21/Apr/2021:11:05:46 +0800] "GET /xingrg/kc/buy/cgsh_order_operate.html?command=get_materiel&rest_code=00108&code=00101008264&supplier_code=00100008&order_time=2021-04-21 HTTP/1.1" 200 412
116.224.253.72 - - [21/Apr/2021:11:05:48 +0800] "GET /xingrg/all/function/internal_message.html?_=1618974349885&CODE_STATE=getMsg HTTP/1.1" 200 27
116.230.114.112 - - [21/Apr/2021:11:05:50 +0800] "GET /xingrg/all/function/internal_message.html?_=1618974359088&CODE_STATE=getMsg HTTP/1.1" 302 -
58.221.95.50 - - [21/Apr/2021:11:05:52 +0800] "GET /xingrg/all/function/internal_message.html?_=1618974353208&CODE_STATE=getMsg HTTP/1.1" 200 27
116.230.114.112 - - [21/Apr/2021:11:05:55 +0800] "GET /xingrg/kc/buy/cgsh_order_operate.html?command=get_materiel&rest_code=00146&code=00101006111&supplier_code=00100012&order_time=2021-04-21 HTTP/1.1" 200 409
114.83.220.63 - - [21/Apr/2021:11:05:56 +0800] "GET /xingrg/all/function/internal_message.html?_=1618974357578&CODE_STATE=getMsg HTTP/1.1" 200 27
114.83.220.63 - - [21/Apr/2021:11:05:58 +0800] "GET /xingrg/check_reg.html?_=1618974359411 HTTP/1.1" 200 22
114.86.187.76 - - [21/Apr/2021:11:05:59 +0800] "GET /xingrg/javascript/easyui/themes/default/images/button_plain_hover.png HTTP/1.1" 304 -
114.86.187.76 - - [21/Apr/2021:11:05:59 +0800] "GET /xingrg/javascript/easyui/themes/default/images/button_plain_hover.png HTTP/1.1" 304 -
124.77.71.179 - - [21/Apr/2021:11:06:01 +0800] "GET /xingrg/all/function/internal_message.html?_=1618974358090&CODE_STATE=getMsg HTTP/1.1" 200 27
114.86.187.76 - - [21/Apr/2021:11:06:02 +0800] "POST /xingrg/kc/buy/cgsh_order_operate.html HTTP/1.1" 200 37
114.86.231.92 - - [21/Apr/2021:11:06:02 +0800] "GET /xingrg/all/function/internal_message.html?_=1618974369188&CODE_STATE=getMsg HTTP/1.1" 200 27
116.224.253.72 - - [21/Apr/2021:11:06:02 +0800] "GET /xingrg/all/function/internal_message.html?_=1618974348362&CODE_STATE=getMsg HTTP/1.1" 200 27
180.169.147.146 - - [21/Apr/2021:11:06:02 +0800] "GET /xingrg/all/function/internal_message.html?_=1618974362661&CODE_STATE=getMsg HTTP/1.1" 200 27
117.184.7.26 - - [21/Apr/2021:11:06:02 +0800] "GET /xingrg/kc/buy/cgsh_order_operate.html?command=get_materiel&rest_code=00108&code=00101008137&supplier_code=00100008&order_time=2021-04-21 HTTP/1.1" 200 408
114.86.187.76 - - [21/Apr/2021:11:06:07 +0800] "POST /xingrg/kc/buy/cgsh_order_operate.html HTTP/1.1" 200 2694
114.86.187.76 - - [21/Apr/2021:11:06:07 +0800] "GET /xingrg/javascript/easyui/themes/default/images/button_plain_hover.png HTTP/1.1" 304 -
114.86.187.76 - - [21/Apr/2021:11:06:08 +0800] "GET /xingrg/javascript/easyui/themes/default/images/button_plain_hover.png HTTP/1.1" 304 -
114.86.187.76 - - [21/Apr/2021:11:06:08 +0800] "GET /xingrg/javascript/easyui/themes/default/images/button_plain_hover.png HTTP/1.1" 304 -
114.86.187.76 - - [21/Apr/2021:11:06:08 +0800] "GET /xingrg/javascript/easyui/themes/default/images/button_plain_hover.png HTTP/1.1" 304 -
114.86.187.76 - - [21/Apr/2021:11:06:08 +0800] "GET /xingrg/javascript/easyui/themes/default/images/button_plain_hover.png HTTP/1.1" 304 -
114.86.187.76 - - [21/Apr/2021:11:06:08 +0800] "GET /xingrg/javascript/easyui/themes/default/images/button_plain_hover.png HTTP/1.1" 304 -
114.86.187.76 - - [21/Apr/2021:11:06:08 +0800] "GET /xingrg/kc/buy/cgsh_order_add.html HTTP/1.1" 200 62148
114.86.187.76 - - [21/Apr/2021:11:06:08 +0800] "GET /xingrg/css/base.css HTTP/1.1" 304 -
114.86.187.76 - - [21/Apr/2021:11:06:08 +0800] "GET /xingrg/css/site.css HTTP/1.1" 304 -
114.86.187.76 - - [21/Apr/2021:11:06:08 +0800] "GET /xingrg/javascript/easyui/themes/default/easyui.css HTTP/1.1" 304 -
114.86.187.76 - - [21/Apr/2021:11:06:08 +0800] "GET /xingrg/javascript/jquery_tools/datebox.css HTTP/1.1" 304 -
114.86.187.76 - - [21/Apr/2021:11:06:08 +0800] "GET /xingrg/javascript/jquery_tools/fix.css HTTP/1.1" 304 -
114.86.187.76 - - [21/Apr/2021:11:06:08 +0800] "GET /xingrg/javascript/auto/jquery.autocomplete.css HTTP/1.1" 304 -
114.86.187.76 - - [21/Apr/2021:11:06:08 +0800] "GET /xingrg/javascript/jquery_tools/table.css HTTP/1.1" 304 -
114.86.187.76 - - [21/Apr/2021:11:06:08 +0800] "GET /xingrg/javascript/easyui/themes/icon.css HTTP/1.1" 304 -
114.86.187.76 - - [21/Apr/2021:11:06:08 +0800] "GET /xingrg/javascript/jquery_tools/jquery.tools.min.js HTTP/1.1" 304 -
114.86.187.76 - - [21/Apr/2021:11:06:08 +0800] "GET /xingrg/javascript/jquery_tools/jquery.tools.hotkey.js HTTP/1.1" 304 -
114.86.187.76 - - [21/Apr/2021:11:06:08 +0800] "GET /xingrg/javascript/jquery_tools/jquery.tools.extend.js HTTP/1.1" 304 -
114.86.187.76 - - [21/Apr/2021:11:06:08 +0800] "GET /xingrg/javascript/jquery_tools/order_manager.js HTTP/1.1" 304 -
114.86.187.76 - - [21/Apr/2021:11:06:08 +0800] "GET /xingrg/javascript/auto/jquery.autocomplete.js HTTP/1.1" 304 -
114.86.187.76 - - [21/Apr/2021:11:06:08 +0800] "GET /xingrg/javascript/jquery.utils.js HTTP/1.1" 304 -
114.86.187.76 - - [21/Apr/2021:11:06:08 +0800] "GET /xingrg/javascript/easyui/easyloader.js HTTP/1.1" 304 -
114.86.187.76 - - [21/Apr/2021:11:06:08 +0800] "GET /xingrg/javascript/convert.js HTTP/1.1" 304 -
114.86.187.76 - - [21/Apr/2021:11:06:08 +0800] "GET /xingrg/javascript/pic_change.js HTTP/1.1" 304 -
114.86.187.76 - - [21/Apr/2021:11:06:08 +0800] "GET /xingrg/javascript/json2.js HTTP/1.1" 304 -
114.86.187.76 - - [21/Apr/2021:11:06:08 +0800] "GET /xingrg/javascript/jquery.cookie.js HTTP/1.1" 304 -
114.86.187.76 - - [21/Apr/2021:11:06:08 +0800] "GET /xingrg/javascript/print/kc_print.js HTTP/1.1" 304 -
114.86.187.76 - - [21/Apr/2021:11:06:08 +0800] "GET /xingrg/javascript/jquery_tools/jquery.tools.table.js HTTP/1.1" 304 -
114.86.187.76 - - [21/Apr/2021:11:06:08 +0800] "GET /xingrg/javascript/print/LodopFuncs.js HTTP/1.1" 304 -
58.40.7.146 - - [21/Apr/2021:11:06:08 +0800] "GET /xingrg/all/function/internal_message.html?_=1618974369225&CODE_STATE=getMsg HTTP/1.1" 200 27
114.86.187.76 - - [21/Apr/2021:11:06:09 +0800] "GET /xingrg/words/20210420115334_words.js HTTP/1.1" 304 -
114.86.187.76 - - [21/Apr/2021:11:06:09 +0800] "GET /xingrg/javascript/easyui/themes/icons/copy_new.png HTTP/1.1" 304 -
114.86.187.76 - - [21/Apr/2021:11:06:09 +0800] "GET /xingrg/javascript/easyui/themes/icons/template_new.png HTTP/1.1" 304 -
114.86.187.76 - - [21/Apr/2021:11:06:09 +0800] "GET /xingrg/javascript/easyui/themes/icons/ok.png HTTP/1.1" 304 -
114.86.187.76 - - [21/Apr/2021:11:06:09 +0800] "GET /xingrg/javascript/easyui/themes/icons/print.png HTTP/1.1" 304 -
114.86.187.76 - - [21/Apr/2021:11:06:09 +0800] "GET /xingrg/javascript/easyui/themes/default/images/menu_downarrow.png HTTP/1.1" 304 -
114.86.187.76 - - [21/Apr/2021:11:06:09 +0800] "GET /xingrg/javascript/easyui/themes/icons/cancel.png HTTP/1.1" 304 -
114.86.187.76 - - [21/Apr/2021:11:06:09 +0800] "GET /xingrg/javascript/easyui/plugins/jquery.parser.js HTTP/1.1" 304 -
114.86.187.76 - - [21/Apr/2021:11:06:09 +0800] "POST /xingrg/kc/buy/cgsh_order_operate.html HTTP/1.1" 200 8245
114.86.187.76 - - [21/Apr/2021:11:06:09 +0800] "GET /xingrg/javascript/easyui/themes/default/images/button_plain_hover.png HTTP/1.1" 304 -
114.86.187.76 - - [21/Apr/2021:11:06:09 +0800] "GET /xingrg/all/common/auto_word.html?type=employee&rest_code=00148 HTTP/1.1" 200 197
114.86.187.76 - - [21/Apr/2021:11:06:09 +0800] "GET /xingrg/all/common/auto_word.html?type=employee&rest_code=00148 HTTP/1.1" 200 197
114.86.187.76 - - [21/Apr/2021:11:06:09 +0800] "GET /xingrg/javascript/easyui/themes/default/images/button_plain_hover.png HTTP/1.1" 304 -
114.86.187.76 - - [21/Apr/2021:11:06:09 +0800] "GET /xingrg/javascript/easyui/themes/default/validatebox.css HTTP/1.1" 404 1104
114.86.187.76 - - [21/Apr/2021:11:06:09 +0800] "GET /xingrg/javascript/easyui/plugins/jquery.validatebox.js HTTP/1.1" 304 -
114.86.187.76 - - [21/Apr/2021:11:06:09 +0800] "GET /xingrg/javascript/easyui/plugins/jquery.numberbox.js HTTP/1.1" 304 -
117.184.7.26 - - [21/Apr/2021:11:06:09 +0800] "GET /xingrg/kc/buy/cgsh_order_operate.html?command=get_materiel&rest_code=00108&code=00101008286&supplier_code=00100008&order_time=2021-04-21 HTTP/1.1" 200 408
114.86.187.76 - - [21/Apr/2021:11:06:09 +0800] "GET /xingrg/javascript/easyui/themes/default/images/button_plain_hover.png HTTP/1.1" 304 -
116.230.114.112 - - [21/Apr/2021:11:06:12 +0800] "GET /xingrg/kc/buy/cgsh_order_operate.html?command=get_materiel&rest_code=00146&code=00101006174&supplier_code=00100012&order_time=2021-04-21 HTTP/1.1" 200 414
180.169.147.146 - - [21/Apr/2021:11:06:12 +0800] "GET /xingrg/all/function/internal_message.html?_=1618974376705&CODE_STATE=getMsg HTTP/1.1" 200 27
116.238.141.202 - - [21/Apr/2021:11:06:12 +0800] "GET /xingrg/all/function/internal_message.html?_=1618974651776&CODE_STATE=getMsg HTTP/1.1" 200 27
180.169.147.146 - - [21/Apr/2021:11:06:14 +0800] "GET /xingrg/all/function/internal_message.html?_=1618974374888&CODE_STATE=getMsg HTTP/1.1" 200 27
117.185.32.26 - - [21/Apr/2021:11:06:16 +0800] "GET /xingrg/check_reg.html?_=1618974901475 HTTP/1.1" 200 22
180.169.147.146 - - [21/Apr/2021:11:06:17 +0800] "GET /xingrg/all/function/internal_message.html?_=1618974377503&CODE_STATE=getMsg HTTP/1.1" 302 -
114.86.187.76 - - [21/Apr/2021:11:06:17 +0800] "GET /xingrg/all/function/internal_message.html?_=1618974378120&CODE_STATE=getMsg HTTP/1.1" 200 27
180.169.147.146 - - [21/Apr/2021:11:06:18 +0800] "GET /xingrg/all/function/internal_message.html?_=1618974375855&CODE_STATE=getMsg HTTP/1.1" 200 27
114.86.187.76 - - [21/Apr/2021:11:06:20 +0800] "GET /xingrg/javascript/pic_change.js HTTP/1.1" 304 -
114.86.187.76 - - [21/Apr/2021:11:06:20 +0800] "GET /xingrg/javascript/jquery_tools/jquery.tools.min.js HTTP/1.1" 304 -
114.86.187.76 - - [21/Apr/2021:11:06:20 +0800] "GET /xingrg/javascript/jquery_tools/jquery.tools.extend.js HTTP/1.1" 304 -
114.86.187.76 - - [21/Apr/2021:11:06:20 +0800] "GET /xingrg/javascript/jquery_tools/jquery.tools.hotkey.js HTTP/1.1" 304 -
114.86.187.76 - - [21/Apr/2021:11:06:20 +0800] "GET /xingrg/javascript/jquery_tools/jquery.tools.table.js HTTP/1.1" 304 -
114.86.187.76 - - [21/Apr/2021:11:06:20 +0800] "GET /xingrg/javascript/auto/jquery.autocomplete.js HTTP/1.1" 304 -
114.86.187.76 - - [21/Apr/2021:11:06:20 +0800] "GET /xingrg/javascript/easyui/easyloader.js HTTP/1.1" 304 -
114.86.187.76 - - [21/Apr/2021:11:06:20 +0800] "GET /xingrg/javascript/jquery.utils.js HTTP/1.1" 304 -
114.86.187.76 - - [21/Apr/2021:11:06:20 +0800] "GET /xingrg/javascript/jquery_tools/order_manager.js HTTP/1.1" 304 -
114.86.187.76 - - [21/Apr/2021:11:06:20 +0800] "GET /xingrg/javascript/convert.js HTTP/1.1" 304 -
114.86.187.76 - - [21/Apr/2021:11:06:20 +0800] "GET /xingrg/javascript/json2.js HTTP/1.1" 304 -
114.86.187.76 - - [21/Apr/2021:11:06:20 +0800] "GET /xingrg/javascript/jquery.cookie.js HTTP/1.1" 304 -
114.86.187.76 - - [21/Apr/2021:11:06:20 +0800] "GET /xingrg/javascript/print/kc_print.js HTTP/1.1" 304 -
114.86.187.76 - - [21/Apr/2021:11:06:20 +0800] "GET /xingrg/javascript/print/LodopFuncs.js HTTP/1.1" 304 -
114.86.187.76 - - [21/Apr/2021:11:06:20 +0800] "GET /xingrg/javascript/easyui/plugins/jquery.parser.js HTTP/1.1" 304 -
114.86.187.76 - - [21/Apr/2021:11:06:20 +0800] "GET /xingrg/javascript/easyui/plugins/jquery.validatebox.js HTTP/1.1" 304 -
114.86.187.76 - - [21/Apr/2021:11:06:20 +0800] "GET /xingrg/words/20210420115334_words.js HTTP/1.1" 304 -
114.86.187.76 - - [21/Apr/2021:11:06:20 +0800] "GET /xingrg/javascript/easyui/plugins/jquery.numberbox.js HTTP/1.1" 304 -
222.70.217.33 - - [21/Apr/2021:11:06:21 +0800] "GET /xingrg/all/function/internal_message.html?_=1618974381514&CODE_STATE=getMsg HTTP/1.1" 200 27
117.185.32.26 - - [21/Apr/2021:11:06:22 +0800] "GET /xingrg/all/function/internal_message.html?_=1618974908068&CODE_STATE=getMsg HTTP/1.1" 200 27
120.253.135.82 - - [21/Apr/2021:11:06:22 +0800] "GET /xingrg/all/function/internal_message.html?_=1618974162826&CODE_STATE=getMsg HTTP/1.1" 200 27
180.169.147.146 - - [21/Apr/2021:11:06:24 +0800] "GET /xingrg/all/function/internal_message.html?_=1618974390855&CODE_STATE=getMsg HTTP/1.1" 302 -
180.169.147.146 - - [21/Apr/2021:11:06:24 +0800] "GET /xingrg/check_reg.html?_=1618974390850 HTTP/1.1" 302 -
117.185.32.26 - - [21/Apr/2021:11:06:24 +0800] "GET /xingrg/check_reg.html?_=1618974383640 HTTP/1.1" 200 22
116.230.114.112 - - [21/Apr/2021:11:06:25 +0800] "GET /xingrg/all/function/internal_message.html?_=1618974396322&CODE_STATE=getMsg HTTP/1.1" 200 27
116.230.114.112 - - [21/Apr/2021:11:06:26 +0800] "GET /xingrg/kc/buy/cgsh_order_operate.html?command=get_materiel&rest_code=00146&code=00101006038&supplier_code=00100012&order_time=2021-04-21 HTTP/1.1" 200 421
114.86.187.76 - - [21/Apr/2021:11:06:27 +0800] "GET /xingrg/kc/buy/cgsh_order_operate.html?command=get_materiel&rest_code=00148&code=00101002006&supplier_code=00100091&order_time=2021-04-21 HTTP/1.1" 200 434
117.185.32.26 - - [21/Apr/2021:11:06:30 +0800] "GET /xingrg/all/function/internal_message.html?_=1618974389590&CODE_STATE=getMsg HTTP/1.1" 200 27
58.37.228.113 - - [21/Apr/2021:11:06:34 +0800] "GET /xingrg/all/function/internal_message.html?_=1618974395841&CODE_STATE=getMsg HTTP/1.1" 200 27
58.37.228.113 - - [21/Apr/2021:11:06:34 +0800] "GET /xingrg/check_reg.html?_=1618974395843 HTTP/1.1" 200 22
114.86.187.76 - - [21/Apr/2021:11:06:37 +0800] "GET /xingrg/kc/buy/cgsh_order_operate.html?command=get_materiel&rest_code=00148&code=00101002034&supplier_code=00100091&order_time=2021-04-21 HTTP/1.1" 200 429
61.165.42.208 - - [21/Apr/2021:11:06:38 +0800] "GET /xingrg/all/function/internal_message.html?_=1618974400127&CODE_STATE=getMsg HTTP/1.1" 200 27
117.184.7.26 - - [21/Apr/2021:11:06:39 +0800] "GET /xingrg/kc/buy/cgsh_order_operate.html?command=get_materiel&rest_code=00108&code=00101008213&supplier_code=00100008&order_time=2021-04-21 HTTP/1.1" 200 412
180.162.112.81 - - [21/Apr/2021:11:06:40 +0800] "GET /xingrg/all/function/internal_message.html?_=1618974158680&CODE_STATE=getMsg HTTP/1.1" 200 27
114.88.160.164 - - [21/Apr/2021:11:06:41 +0800] "GET /xingrg/all/function/internal_message.html?_=1618974399922&CODE_STATE=getMsg HTTP/1.1" 200 27
114.86.187.76 - - [21/Apr/2021:11:06:42 +0800] "GET /xingrg/javascript/easyui/themes/default/images/button_plain_hover.png HTTP/1.1" 304 -
114.86.187.76 - - [21/Apr/2021:11:06:42 +0800] "GET /xingrg/javascript/easyui/themes/default/images/button_plain_hover.png HTTP/1.1" 304 -
114.86.187.76 - - [21/Apr/2021:11:06:42 +0800] "GET /xingrg/javascript/easyui/themes/default/images/button_plain_hover.png HTTP/1.1" 304 -
114.86.187.76 - - [21/Apr/2021:11:06:42 +0800] "GET /xingrg/javascript/easyui/themes/default/images/button_plain_hover.png HTTP/1.1" 304 -
114.86.187.76 - - [21/Apr/2021:11:06:42 +0800] "GET /xingrg/javascript/easyui/themes/default/images/button_plain_hover.png HTTP/1.1" 304 -
114.86.187.76 - - [21/Apr/2021:11:06:42 +0800] "GET /xingrg/javascript/easyui/themes/default/images/button_plain_hover.png HTTP/1.1" 304 -
114.86.187.76 - - [21/Apr/2021:11:06:42 +0800] "GET /xingrg/javascript/easyui/themes/default/images/button_plain_hover.png HTTP/1.1" 304 -
114.86.187.76 - - [21/Apr/2021:11:06:42 +0800] "GET /xingrg/javascript/easyui/themes/default/images/button_plain_hover.png HTTP/1.1" 304 -
114.86.187.76 - - [21/Apr/2021:11:06:42 +0800] "GET /xingrg/javascript/easyui/themes/default/images/button_plain_hover.png HTTP/1.1" 304 -
117.184.7.26 - - [21/Apr/2021:11:06:43 +0800] "GET /xingrg/all/function/internal_message.html?_=1618974401647&CODE_STATE=getMsg HTTP/1.1" 200 27
58.37.228.113 - - [21/Apr/2021:11:06:43 +0800] "POST /xingrg/kc/buy/cgsh_order_operate.html HTTP/1.1" 200 37
180.169.147.146 - - [21/Apr/2021:11:06:44 +0800] "GET /xingrg/all/function/internal_message.html?_=1618974404861&CODE_STATE=getMsg HTTP/1.1" 200 27
114.86.187.76 - - [21/Apr/2021:11:06:45 +0800] "POST /xingrg/kc/buy/cgsh_order_operate.html HTTP/1.1" 200 37
114.86.187.76 - - [21/Apr/2021:11:06:46 +0800] "POST /xingrg/kc/buy/cgsh_order_operate.html HTTP/1.1" 200 3252
117.184.7.26 - - [21/Apr/2021:11:06:46 +0800] "GET /xingrg/kc/buy/cgsh_order_operate.html?command=get_materiel&rest_code=00108&code=00101008298&supplier_code=00100008&order_time=2021-04-21 HTTP/1.1" 200 412
58.37.228.113 - - [21/Apr/2021:11:06:47 +0800] "POST /xingrg/kc/buy/cgsh_order_operate.html HTTP/1.1" 200 12
58.37.228.113 - - [21/Apr/2021:11:06:48 +0800] "GET /xingrg/kc/buy/cgsh_order_info.html?code=212021042108781 HTTP/1.1" 200 57060
58.37.228.113 - - [21/Apr/2021:11:06:48 +0800] "GET /xingrg/javascript/easyui/themes/default/validatebox.css HTTP/1.1" 404 1104
116.224.253.72 - - [21/Apr/2021:11:06:48 +0800] "GET /xingrg/all/function/internal_message.html?_=1618974409885&CODE_STATE=getMsg HTTP/1.1" 200 27
58.37.228.113 - - [21/Apr/2021:11:06:49 +0800] "POST /xingrg/kc/buy/cgsh_order_operate.html HTTP/1.1" 200 1205
116.230.114.112 - - [21/Apr/2021:11:06:50 +0800] "GET /xingrg/all/function/internal_message.html?_=1618974419098&CODE_STATE=getMsg HTTP/1.1" 302 -
58.37.228.113 - - [21/Apr/2021:11:06:50 +0800] "GET /xingrg/kc/print/load_config.html?kc_code=cgsh HTTP/1.1" 200 1845
58.37.228.113 - - [21/Apr/2021:11:06:50 +0800] "GET /xingrg/kc/print/load_data.html?order_code=212021042108781&kc_code=cgsh&condition= HTTP/1.1" 200 1008
58.221.95.50 - - [21/Apr/2021:11:06:52 +0800] "GET /xingrg/all/function/internal_message.html?_=1618974413209&CODE_STATE=getMsg HTTP/1.1" 200 27
114.86.187.76 - - [21/Apr/2021:11:06:55 +0800] "GET /xingrg/javascript/easyui/themes/default/images/button_plain_hover.png HTTP/1.1" 304 -
114.86.187.76 - - [21/Apr/2021:11:06:55 +0800] "GET /xingrg/javascript/easyui/themes/default/images/button_plain_hover.png HTTP/1.1" 304 -
114.86.187.76 - - [21/Apr/2021:11:06:55 +0800] "GET /xingrg/javascript/easyui/themes/default/images/button_plain_hover.png HTTP/1.1" 304 -
114.83.220.63 - - [21/Apr/2021:11:06:56 +0800] "GET /xingrg/all/function/internal_message.html?_=1618974417556&CODE_STATE=getMsg HTTP/1.1" 200 27
114.86.187.76 - - [21/Apr/2021:11:06:59 +0800] "POST /xingrg/kc/buy/cgsh_list_operate.html HTTP/1.1" 200 5071
116.238.141.202 - - [21/Apr/2021:11:07:00 +0800] "GET /xingrg/check_reg.html?_=1618974699336 HTTP/1.1" 200 22
124.77.71.179 - - [21/Apr/2021:11:07:01 +0800] "GET /xingrg/all/function/internal_message.html?_=1618974418093&CODE_STATE=getMsg HTTP/1.1" 200 27
116.224.253.72 - - [21/Apr/2021:11:07:01 +0800] "GET /xingrg/check_reg.html?_=1618974407215 HTTP/1.1" 200 22
114.86.231.92 - - [21/Apr/2021:11:07:02 +0800] "GET /xingrg/all/function/internal_message.html?_=1618974429191&CODE_STATE=getMsg HTTP/1.1" 200 27
114.86.231.92 - - [21/Apr/2021:11:07:02 +0800] "GET /xingrg/check_reg.html?_=1618974429192 HTTP/1.1" 200 22
116.224.253.72 - - [21/Apr/2021:11:07:02 +0800] "GET /xingrg/all/function/internal_message.html?_=1618974408374&CODE_STATE=getMsg HTTP/1.1" 200 27
180.169.147.146 - - [21/Apr/2021:11:07:02 +0800] "GET /xingrg/all/function/internal_message.html?_=1618974422664&CODE_STATE=getMsg HTTP/1.1" 200 27
180.169.147.146 - - [21/Apr/2021:11:07:02 +0800] "GET /xingrg/check_reg.html?_=1618974422666 HTTP/1.1" 200 22
58.37.228.113 - - [21/Apr/2021:11:07:04 +0800] "GET /xingrg/kc/buy/cgsh_order_add.html HTTP/1.1" 200 62154
116.230.114.112 - - [21/Apr/2021:11:07:04 +0800] "GET /xingrg/check_reg.html?_=1618974434787 HTTP/1.1" 200 22
58.37.228.113 - - [21/Apr/2021:11:07:04 +0800] "POST /xingrg/kc/buy/cgsh_order_operate.html HTTP/1.1" 200 8245
58.37.228.113 - - [21/Apr/2021:11:07:04 +0800] "GET /xingrg/javascript/easyui/themes/default/validatebox.css HTTP/1.1" 404 1104
58.37.228.113 - - [21/Apr/2021:11:07:04 +0800] "GET /xingrg/all/common/auto_word.html?type=employee&rest_code=00141 HTTP/1.1" 200 201
58.37.228.113 - - [21/Apr/2021:11:07:04 +0800] "GET /xingrg/all/common/auto_word.html?type=employee&rest_code=00141 HTTP/1.1" 200 201
116.230.114.112 - - [21/Apr/2021:11:07:05 +0800] "POST /xingrg/kc/buy/cgsh_order_operate.html HTTP/1.1" 200 37
116.230.114.112 - - [21/Apr/2021:11:07:07 +0800] "POST /xingrg/kc/buy/cgsh_order_operate.html HTTP/1.1" 200 6855
58.40.7.146 - - [21/Apr/2021:11:07:08 +0800] "GET /xingrg/all/function/internal_message.html?_=1618974429240&CODE_STATE=getMsg HTTP/1.1" 200 27
116.230.114.112 - - [21/Apr/2021:11:07:12 +0800] "GET /xingrg/kc/print/load_data.html?order_code=212021042108783&kc_code=cgsh&condition= HTTP/1.1" 200 2402
180.169.147.146 - - [21/Apr/2021:11:07:12 +0800] "GET /xingrg/all/function/internal_message.html?_=1618974436730&CODE_STATE=getMsg HTTP/1.1" 200 27
116.238.141.202 - - [21/Apr/2021:11:07:12 +0800] "GET /xingrg/all/function/internal_message.html?_=1618974711781&CODE_STATE=getMsg HTTP/1.1" 200 27
180.169.147.146 - - [21/Apr/2021:11:07:14 +0800] "GET /xingrg/all/function/internal_message.html?_=1618974434894&CODE_STATE=getMsg HTTP/1.1" 200 27
180.169.147.146 - - [21/Apr/2021:11:07:17 +0800] "GET /xingrg/all/function/internal_message.html?_=1618974437504&CODE_STATE=getMsg HTTP/1.1" 302 -
114.86.187.76 - - [21/Apr/2021:11:07:17 +0800] "GET /xingrg/all/function/internal_message.html?_=1618974438135&CODE_STATE=getMsg HTTP/1.1" 200 27
180.169.147.146 - - [21/Apr/2021:11:07:18 +0800] "GET /xingrg/all/function/internal_message.html?_=1618974435830&CODE_STATE=getMsg HTTP/1.1" 200 27
114.86.187.76 - - [21/Apr/2021:11:07:19 +0800] "GET /xingrg/javascript/easyui/themes/default/images/button_plain_hover.png HTTP/1.1" 304 -
114.86.187.76 - - [21/Apr/2021:11:07:19 +0800] "GET /xingrg/javascript/easyui/themes/default/images/button_plain_hover.png HTTP/1.1" 304 -
114.86.187.76 - - [21/Apr/2021:11:07:19 +0800] "GET /xingrg/javascript/easyui/themes/default/images/button_plain_hover.png HTTP/1.1" 304 -
114.86.187.76 - - [21/Apr/2021:11:07:19 +0800] "GET /xingrg/javascript/easyui/themes/default/images/button_plain_hover.png HTTP/1.1" 304 -
114.86.187.76 - - [21/Apr/2021:11:07:19 +0800] "GET /xingrg/css/site.css HTTP/1.1" 304 -
114.86.187.76 - - [21/Apr/2021:11:07:19 +0800] "GET /xingrg/css/base.css HTTP/1.1" 304 -
114.86.187.76 - - [21/Apr/2021:11:07:19 +0800] "GET /xingrg/javascript/easyui/themes/default/easyui.css HTTP/1.1" 304 -
114.86.187.76 - - [21/Apr/2021:11:07:19 +0800] "GET /xingrg/javascript/jquery_tools/datebox.css HTTP/1.1" 304 -
114.86.187.76 - - [21/Apr/2021:11:07:19 +0800] "GET /xingrg/javascript/auto/jquery.autocomplete.css HTTP/1.1" 304 -
114.86.187.76 - - [21/Apr/2021:11:07:19 +0800] "GET /xingrg/javascript/easyui/themes/icon.css HTTP/1.1" 304 -
114.86.187.76 - - [21/Apr/2021:11:07:19 +0800] "GET /xingrg/javascript/auto/jquery.autocomplete.js HTTP/1.1" 304 -
114.86.187.76 - - [21/Apr/2021:11:07:19 +0800] "GET /xingrg/javascript/jquery_tools/jquery.tools.extend.js HTTP/1.1" 304 -
114.86.187.76 - - [21/Apr/2021:11:07:19 +0800] "GET /xingrg/javascript/jquery_tools/jquery.tools.min.js HTTP/1.1" 304 -
114.86.187.76 - - [21/Apr/2021:11:07:19 +0800] "GET /xingrg/javascript/jquery_tools/jquery.tools.table.js HTTP/1.1" 304 -
114.86.187.76 - - [21/Apr/2021:11:07:19 +0800] "GET /xingrg/javascript/easyui/easyloader.js HTTP/1.1" 304 -
114.86.187.76 - - [21/Apr/2021:11:07:19 +0800] "GET /xingrg/javascript/jquery_tools/jquery.tools.hotkey.js HTTP/1.1" 304 -
114.86.187.76 - - [21/Apr/2021:11:07:19 +0800] "GET /xingrg/javascript/jquery_tools/fix.css HTTP/1.1" 304 -
114.86.187.76 - - [21/Apr/2021:11:07:19 +0800] "GET /xingrg/javascript/jquery_tools/table.css HTTP/1.1" 304 -
114.86.187.76 - - [21/Apr/2021:11:07:19 +0800] "GET /xingrg/javascript/pic_change.js HTTP/1.1" 304 -
114.86.187.76 - - [21/Apr/2021:11:07:19 +0800] "GET /xingrg/javascript/jquery_tools/order_manager.js HTTP/1.1" 304 -
114.86.187.76 - - [21/Apr/2021:11:07:19 +0800] "GET /xingrg/javascript/jquery.utils.js HTTP/1.1" 304 -
114.86.187.76 - - [21/Apr/2021:11:07:19 +0800] "GET /xingrg/javascript/jquery.cookie.js HTTP/1.1" 304 -
114.86.187.76 - - [21/Apr/2021:11:07:19 +0800] "GET /xingrg/javascript/convert.js HTTP/1.1" 304 -
114.86.187.76 - - [21/Apr/2021:11:07:19 +0800] "GET /xingrg/javascript/print/LodopFuncs.js HTTP/1.1" 304 -
114.86.187.76 - - [21/Apr/2021:11:07:19 +0800] "GET /xingrg/javascript/print/kc_print.js HTTP/1.1" 304 -
114.86.187.76 - - [21/Apr/2021:11:07:19 +0800] "GET /xingrg/javascript/json2.js HTTP/1.1" 304 -
114.86.187.76 - - [21/Apr/2021:11:07:19 +0800] "GET /xingrg/kc/buy/cgsh_order_add.html HTTP/1.1" 200 62148
114.86.187.76 - - [21/Apr/2021:11:07:19 +0800] "GET /xingrg/words/20210420115334_words.js HTTP/1.1" 304 -
114.86.187.76 - - [21/Apr/2021:11:07:19 +0800] "GET /xingrg/javascript/easyui/themes/icons/copy_new.png HTTP/1.1" 304 -
114.86.187.76 - - [21/Apr/2021:11:07:19 +0800] "GET /xingrg/javascript/easyui/themes/icons/template_new.png HTTP/1.1" 304 -
114.86.187.76 - - [21/Apr/2021:11:07:19 +0800] "GET /xingrg/javascript/easyui/themes/icons/ok.png HTTP/1.1" 304 -
114.86.187.76 - - [21/Apr/2021:11:07:19 +0800] "GET /xingrg/javascript/easyui/themes/default/images/menu_downarrow.png HTTP/1.1" 304 -
114.86.187.76 - - [21/Apr/2021:11:07:19 +0800] "GET /xingrg/javascript/easyui/themes/icons/print.png HTTP/1.1" 304 -
114.86.187.76 - - [21/Apr/2021:11:07:19 +0800] "GET /xingrg/javascript/easyui/themes/icons/cancel.png HTTP/1.1" 304 -
114.86.187.76 - - [21/Apr/2021:11:07:19 +0800] "GET /xingrg/javascript/easyui/plugins/jquery.parser.js HTTP/1.1" 304 -
114.86.187.76 - - [21/Apr/2021:11:07:19 +0800] "POST /xingrg/kc/buy/cgsh_order_operate.html HTTP/1.1" 200 8245
114.86.187.76 - - [21/Apr/2021:11:07:20 +0800] "GET /xingrg/javascript/easyui/themes/default/images/button_plain_hover.png HTTP/1.1" 304 -
114.86.187.76 - - [21/Apr/2021:11:07:20 +0800] "GET /xingrg/all/common/auto_word.html?type=employee&rest_code=00148 HTTP/1.1" 200 197
114.86.187.76 - - [21/Apr/2021:11:07:20 +0800] "GET /xingrg/all/common/auto_word.html?type=employee&rest_code=00148 HTTP/1.1" 200 197
114.86.187.76 - - [21/Apr/2021:11:07:20 +0800] "GET /xingrg/javascript/easyui/themes/default/images/button_plain_hover.png HTTP/1.1" 304 -
114.86.187.76 - - [21/Apr/2021:11:07:20 +0800] "GET /xingrg/javascript/easyui/themes/default/validatebox.css HTTP/1.1" 404 1104
114.86.187.76 - - [21/Apr/2021:11:07:20 +0800] "GET /xingrg/javascript/easyui/plugins/jquery.validatebox.js HTTP/1.1" 304 -
114.86.187.76 - - [21/Apr/2021:11:07:20 +0800] "GET /xingrg/javascript/easyui/plugins/jquery.numberbox.js HTTP/1.1" 304 -
222.70.217.33 - - [21/Apr/2021:11:07:21 +0800] "GET /xingrg/all/function/internal_message.html?_=1618974441516&CODE_STATE=getMsg HTTP/1.1" 200 27
222.70.217.33 - - [21/Apr/2021:11:07:21 +0800] "GET /xingrg/check_reg.html?_=1618974441518 HTTP/1.1" 200 22
117.185.32.26 - - [21/Apr/2021:11:07:22 +0800] "GET /xingrg/all/function/internal_message.html?_=1618974968061&CODE_STATE=getMsg HTTP/1.1" 200 27
120.253.135.82 - - [21/Apr/2021:11:07:22 +0800] "GET /xingrg/all/function/internal_message.html?_=1618974222839&CODE_STATE=getMsg HTTP/1.1" 200 27
114.86.187.76 - - [21/Apr/2021:11:07:23 +0800] "GET /xingrg/javascript/jquery_tools/jquery.tools.min.js HTTP/1.1" 304 -
114.86.187.76 - - [21/Apr/2021:11:07:23 +0800] "GET /xingrg/javascript/pic_change.js HTTP/1.1" 304 -
114.86.187.76 - - [21/Apr/2021:11:07:23 +0800] "GET /xingrg/javascript/jquery_tools/jquery.tools.hotkey.js HTTP/1.1" 304 -
114.86.187.76 - - [21/Apr/2021:11:07:23 +0800] "GET /xingrg/javascript/jquery_tools/jquery.tools.extend.js HTTP/1.1" 304 -
114.86.187.76 - - [21/Apr/2021:11:07:23 +0800] "GET /xingrg/javascript/easyui/easyloader.js HTTP/1.1" 304 -
114.86.187.76 - - [21/Apr/2021:11:07:23 +0800] "GET /xingrg/javascript/jquery.utils.js HTTP/1.1" 304 -
114.86.187.76 - - [21/Apr/2021:11:07:23 +0800] "GET /xingrg/javascript/jquery_tools/jquery.tools.table.js HTTP/1.1" 304 -
114.86.187.76 - - [21/Apr/2021:11:07:23 +0800] "GET /xingrg/javascript/jquery_tools/order_manager.js HTTP/1.1" 304 -
114.86.187.76 - - [21/Apr/2021:11:07:23 +0800] "GET /xingrg/javascript/auto/jquery.autocomplete.js HTTP/1.1" 304 -
114.86.187.76 - - [21/Apr/2021:11:07:23 +0800] "GET /xingrg/javascript/json2.js HTTP/1.1" 304 -
114.86.187.76 - - [21/Apr/2021:11:07:23 +0800] "GET /xingrg/javascript/jquery.cookie.js HTTP/1.1" 304 -
114.86.187.76 - - [21/Apr/2021:11:07:23 +0800] "GET /xingrg/javascript/easyui/plugins/jquery.validatebox.js HTTP/1.1" 304 -
114.86.187.76 - - [21/Apr/2021:11:07:23 +0800] "GET /xingrg/javascript/easyui/plugins/jquery.parser.js HTTP/1.1" 304 -
114.86.187.76 - - [21/Apr/2021:11:07:23 +0800] "GET /xingrg/javascript/print/kc_print.js HTTP/1.1" 304 -
114.86.187.76 - - [21/Apr/2021:11:07:23 +0800] "GET /xingrg/javascript/easyui/plugins/jquery.numberbox.js HTTP/1.1" 304 -
114.86.187.76 - - [21/Apr/2021:11:07:23 +0800] "GET /xingrg/javascript/print/LodopFuncs.js HTTP/1.1" 304 -
114.86.187.76 - - [21/Apr/2021:11:07:23 +0800] "GET /xingrg/words/20210420115334_words.js HTTP/1.1" 304 -
114.86.187.76 - - [21/Apr/2021:11:07:23 +0800] "GET /xingrg/javascript/convert.js HTTP/1.1" 304 -
120.253.135.82 - - [21/Apr/2021:11:07:23 +0800] "GET /xingrg/kc/pszx/mdqp_order_list.html?state=10 HTTP/1.1" 200 10171
120.253.135.82 - - [21/Apr/2021:11:07:23 +0800] "GET /xingrg/dwr/interface/AjaxQqpsService.js HTTP/1.1" 200 16326
120.253.135.82 - - [21/Apr/2021:11:07:23 +0800] "GET /xingrg/dwr/interface/AjaxReportQueryService.js HTTP/1.1" 200 13203
120.253.135.82 - - [21/Apr/2021:11:07:23 +0800] "GET /xingrg/dwr/engine.js HTTP/1.1" 200 43631
116.238.141.202 - - [21/Apr/2021:11:07:24 +0800] "GET /xingrg/kc/base/wldb_order_add.html HTTP/1.1" 200 30542
180.169.147.146 - - [21/Apr/2021:11:07:24 +0800] "GET /xingrg/all/function/internal_message.html?_=1618974450847&CODE_STATE=getMsg HTTP/1.1" 302 -
116.230.114.112 - - [21/Apr/2021:11:07:26 +0800] "GET /xingrg/all/function/internal_message.html?_=1618974456600&CODE_STATE=getMsg HTTP/1.1" 200 27
116.238.141.202 - - [21/Apr/2021:11:07:26 +0800] "POST /xingrg/kc/base/wldb_order_operate.html HTTP/1.1" 200 6806
116.238.141.202 - - [21/Apr/2021:11:07:26 +0800] "GET /xingrg/javascript/easyui/themes/default/validatebox.css HTTP/1.1" 404 1104
114.86.187.76 - - [21/Apr/2021:11:07:28 +0800] "GET /xingrg/kc/buy/cgsh_order_operate.html?command=get_materiel&rest_code=00148&code=00101005040&supplier_code=00100334&order_time=2021-04-21 HTTP/1.1" 200 417
114.86.187.76 - - [21/Apr/2021:11:07:28 +0800] "GET /xingrg/javascript/easyui/themes/default/images/button_plain_hover.png HTTP/1.1" 304 -
117.184.7.26 - - [21/Apr/2021:11:07:30 +0800] "GET /xingrg/kc/buy/cgsh_order_operate.html?command=get_materiel&rest_code=00108&code=00101008125&supplier_code=00100008&order_time=2021-04-21 HTTP/1.1" 200 413
117.185.32.26 - - [21/Apr/2021:11:07:30 +0800] "GET /xingrg/all/function/internal_message.html?_=1618974449562&CODE_STATE=getMsg HTTP/1.1" 200 27
58.37.228.113 - - [21/Apr/2021:11:07:34 +0800] "GET /xingrg/all/function/internal_message.html?_=1618974455844&CODE_STATE=getMsg HTTP/1.1" 200 27
114.86.187.76 - - [21/Apr/2021:11:07:35 +0800] "GET /xingrg/javascript/easyui/themes/default/images/button_plain_hover.png HTTP/1.1" 304 -
114.86.187.76 - - [21/Apr/2021:11:07:35 +0800] "GET /xingrg/javascript/easyui/themes/default/images/button_plain_hover.png HTTP/1.1" 304 -
114.86.187.76 - - [21/Apr/2021:11:07:35 +0800] "GET /xingrg/javascript/easyui/themes/default/images/button_plain_hover.png HTTP/1.1" 304 -
114.86.187.76 - - [21/Apr/2021:11:07:35 +0800] "GET /xingrg/javascript/easyui/themes/default/images/button_plain_hover.png HTTP/1.1" 304 -
114.86.187.76 - - [21/Apr/2021:11:07:35 +0800] "GET /xingrg/javascript/easyui/themes/default/images/button_plain_hover.png HTTP/1.1" 304 -
116.238.141.202 - - [21/Apr/2021:11:07:36 +0800] "POST /xingrg/all/common/load_combo.html?type=base HTTP/1.1" 200 3060
61.165.42.208 - - [21/Apr/2021:11:07:38 +0800] "GET /xingrg/all/function/internal_message.html?_=1618974460105&CODE_STATE=getMsg HTTP/1.1" 200 27
114.86.187.76 - - [21/Apr/2021:11:07:38 +0800] "POST /xingrg/kc/buy/cgsh_order_operate.html HTTP/1.1" 200 37
114.88.160.164 - - [21/Apr/2021:11:07:39 +0800] "GET /xingrg/check_reg.html?_=1618974457883 HTTP/1.1" 200 22
114.86.187.76 - - [21/Apr/2021:11:07:40 +0800] "POST /xingrg/kc/buy/cgsh_order_operate.html HTTP/1.1" 200 2661
180.162.112.81 - - [21/Apr/2021:11:07:40 +0800] "GET /xingrg/all/function/internal_message.html?_=1618974218694&CODE_STATE=getMsg HTTP/1.1" 200 27
114.88.160.164 - - [21/Apr/2021:11:07:41 +0800] "GET /xingrg/all/function/internal_message.html?_=1618974459936&CODE_STATE=getMsg HTTP/1.1" 200 27
114.86.187.76 - - [21/Apr/2021:11:07:42 +0800] "GET /xingrg/javascript/easyui/themes/default/images/button_plain_hover.png HTTP/1.1" 304 -
114.86.187.76 - - [21/Apr/2021:11:07:42 +0800] "GET /xingrg/javascript/easyui/themes/default/images/button_plain_hover.png HTTP/1.1" 304 -
114.86.187.76 - - [21/Apr/2021:11:07:42 +0800] "GET /xingrg/javascript/easyui/themes/default/images/button_plain_hover.png HTTP/1.1" 304 -
