124.77.71.179 - - [21/Apr/2021:10:32:01 +0800] "GET /xingrg/all/function/internal_message.html?_=1618972317967&CODE_STATE=getMsg HTTP/1.1" 200 27
116.224.253.72 - - [21/Apr/2021:10:32:01 +0800] "GET /xingrg/check_reg.html?_=1618972307115 HTTP/1.1" 200 22
116.224.253.72 - - [21/Apr/2021:10:32:02 +0800] "GET /xingrg/all/function/internal_message.html?_=1618972307900&CODE_STATE=getMsg HTTP/1.1" 200 27
114.86.231.92 - - [21/Apr/2021:10:32:02 +0800] "GET /xingrg/all/function/internal_message.html?_=1618972329097&CODE_STATE=getMsg HTTP/1.1" 200 27
114.86.231.92 - - [21/Apr/2021:10:32:02 +0800] "GET /xingrg/check_reg.html?_=1618972329099 HTTP/1.1" 200 22
116.230.114.112 - - [21/Apr/2021:10:32:03 +0800] "GET /xingrg/check_reg.html?_=1618972333962 HTTP/1.1" 200 22
116.230.114.112 - - [21/Apr/2021:10:32:06 +0800] "GET /xingrg/all/function/internal_message.html?_=1618972336448&CODE_STATE=getMsg HTTP/1.1" 200 27
116.238.141.202 - - [21/Apr/2021:10:32:06 +0800] "GET /xingrg/kc/base/wldb_order_operate.html?command=get_materiel&rest_code=00102&base_code=0010476&code=00101019131 HTTP/1.1" 200 453
58.40.7.146 - - [21/Apr/2021:10:32:08 +0800] "GET /xingrg/all/function/internal_message.html?_=1618972329203&CODE_STATE=getMsg HTTP/1.1" 200 27
114.86.187.76 - - [21/Apr/2021:10:32:10 +0800] "GET /xingrg/all/function/internal_message.html?_=1618972331405&CODE_STATE=getMsg HTTP/1.1" 200 27
180.169.147.146 - - [21/Apr/2021:10:32:12 +0800] "GET /xingrg/all/function/internal_message.html?_=1618972336646&CODE_STATE=getMsg HTTP/1.1" 200 27
116.238.141.202 - - [21/Apr/2021:10:32:12 +0800] "GET /xingrg/all/function/internal_message.html?_=1618972611548&CODE_STATE=getMsg HTTP/1.1" 200 27
180.169.147.146 - - [21/Apr/2021:10:32:14 +0800] "GET /xingrg/all/function/internal_message.html?_=1618972334700&CODE_STATE=getMsg HTTP/1.1" 200 27
116.238.141.202 - - [21/Apr/2021:10:32:14 +0800] "GET /xingrg/kc/base/wldb_order_operate.html?command=get_materiel&rest_code=00102&base_code=0010476&code=00101019249 HTTP/1.1" 200 470
180.169.147.146 - - [21/Apr/2021:10:32:17 +0800] "GET /xingrg/all/function/internal_message.html?_=1618972337459&CODE_STATE=getMsg HTTP/1.1" 302 -
180.169.147.146 - - [21/Apr/2021:10:32:18 +0800] "GET /xingrg/all/function/internal_message.html?_=1618972336472&CODE_STATE=getMsg HTTP/1.1" 200 27
222.70.217.33 - - [21/Apr/2021:10:32:21 +0800] "GET /xingrg/all/function/internal_message.html?_=1618972341519&CODE_STATE=getMsg HTTP/1.1" 200 27
222.70.217.33 - - [21/Apr/2021:10:32:21 +0800] "GET /xingrg/check_reg.html?_=1618972341526 HTTP/1.1" 200 22
117.185.32.26 - - [21/Apr/2021:10:32:22 +0800] "GET /xingrg/all/function/internal_message.html?_=1618972867891&CODE_STATE=getMsg HTTP/1.1" 200 27
116.238.141.202 - - [21/Apr/2021:10:32:23 +0800] "GET /xingrg/kc/base/wldb_order_operate.html?command=get_materiel&rest_code=00102&base_code=0010476&code=00101013225 HTTP/1.1" 200 447
120.253.135.82 - - [21/Apr/2021:10:32:24 +0800] "GET /xingrg/all/function/internal_message.html?_=1618972112535&CODE_STATE=getMsg HTTP/1.1" 200 27
180.169.147.146 - - [21/Apr/2021:10:32:24 +0800] "GET /xingrg/all/function/internal_message.html?_=1618972350788&CODE_STATE=getMsg HTTP/1.1" 302 -
61.165.42.208 - - [21/Apr/2021:10:32:25 +0800] "GET /xingrg/kc/buy/cgsh_order_operate.html?command=get_materiel&rest_code=00105&code=00101004038&supplier_code=00100347&order_time=2021-04-21 HTTP/1.1" 200 430
116.238.141.202 - - [21/Apr/2021:10:32:29 +0800] "GET /xingrg/kc/base/wldb_order_operate.html?command=get_materiel&rest_code=00102&base_code=0010476&code=00101019185 HTTP/1.1" 200 455
117.185.32.26 - - [21/Apr/2021:10:32:31 +0800] "GET /xingrg/all/function/internal_message.html?_=1618972350395&CODE_STATE=getMsg HTTP/1.1" 200 27
114.88.160.164 - - [21/Apr/2021:10:32:37 +0800] "GET /xingrg/check_reg.html?_=1618972355654 HTTP/1.1" 200 22
114.88.160.164 - - [21/Apr/2021:10:32:38 +0800] "GET /xingrg/all/function/internal_message.html?_=1618972357307&CODE_STATE=getMsg HTTP/1.1" 200 27
61.165.42.208 - - [21/Apr/2021:10:32:39 +0800] "GET /xingrg/all/function/internal_message.html?_=1618972360946&CODE_STATE=getMsg HTTP/1.1" 200 27
116.238.141.202 - - [21/Apr/2021:10:32:43 +0800] "POST /xingrg/kc/base/wldb_order_operate.html HTTP/1.1" 200 37
180.169.147.146 - - [21/Apr/2021:10:32:44 +0800] "GET /xingrg/all/function/internal_message.html?_=1618972364853&CODE_STATE=getMsg HTTP/1.1" 200 27
116.238.141.202 - - [21/Apr/2021:10:32:45 +0800] "POST /xingrg/kc/base/wldb_order_operate.html HTTP/1.1" 200 12
116.238.141.202 - - [21/Apr/2021:10:32:45 +0800] "POST /xingrg/kc/base/wldb_order_operate.html HTTP/1.1" 200 4687
116.230.114.112 - - [21/Apr/2021:10:32:47 +0800] "GET /xingrg/check_reg.html?_=1618972376702 HTTP/1.1" 302 -
116.238.141.202 - - [21/Apr/2021:10:32:47 +0800] "GET /xingrg/kc/base/wldb_order_info.html?code=422021042102136 HTTP/1.1" 200 26419
116.224.253.72 - - [21/Apr/2021:10:32:48 +0800] "GET /xingrg/all/function/internal_message.html?_=1618972369682&CODE_STATE=getMsg HTTP/1.1" 200 27
116.230.114.112 - - [21/Apr/2021:10:32:49 +0800] "GET /xingrg/all/function/internal_message.html?_=1618972378636&CODE_STATE=getMsg HTTP/1.1" 302 -
116.238.141.202 - - [21/Apr/2021:10:32:51 +0800] "POST /xingrg/kc/base/wldb_order_operate.html HTTP/1.1" 200 2927
116.238.141.202 - - [21/Apr/2021:10:32:52 +0800] "GET /xingrg/javascript/easyui/themes/default/validatebox.css HTTP/1.1" 404 1104
116.238.141.202 - - [21/Apr/2021:10:32:54 +0800] "GET /xingrg/kc/base/wldb_order_add.html HTTP/1.1" 200 30542
114.83.220.63 - - [21/Apr/2021:10:32:57 +0800] "GET /xingrg/all/function/internal_message.html?_=1618972378189&CODE_STATE=getMsg HTTP/1.1" 200 27
116.238.141.202 - - [21/Apr/2021:10:32:58 +0800] "POST /xingrg/kc/base/wldb_order_operate.html HTTP/1.1" 200 6806
61.165.42.208 - - [21/Apr/2021:10:32:58 +0800] "GET /xingrg/kc/buy/cgsh_order_operate.html?command=get_materiel&rest_code=00105&code=00101005022&supplier_code=00100347&order_time=2021-04-21 HTTP/1.1" 200 417
116.238.141.202 - - [21/Apr/2021:10:32:59 +0800] "GET /xingrg/javascript/easyui/themes/default/validatebox.css HTTP/1.1" 404 1104
116.238.141.202 - - [21/Apr/2021:10:32:59 +0800] "POST /xingrg/all/common/load_combo.html?type=base HTTP/1.1" 200 3060
124.77.71.179 - - [21/Apr/2021:10:33:01 +0800] "GET /xingrg/all/function/internal_message.html?_=1618972377971&CODE_STATE=getMsg HTTP/1.1" 200 27
116.224.253.72 - - [21/Apr/2021:10:33:02 +0800] "GET /xingrg/all/function/internal_message.html?_=1618972367914&CODE_STATE=getMsg HTTP/1.1" 200 27
114.86.231.92 - - [21/Apr/2021:10:33:02 +0800] "GET /xingrg/all/function/internal_message.html?_=1618972389100&CODE_STATE=getMsg HTTP/1.1" 200 27
116.238.141.202 - - [21/Apr/2021:10:33:04 +0800] "POST /xingrg/all/common/load_combo.html?type=base HTTP/1.1" 200 3060
61.165.42.208 - - [21/Apr/2021:10:33:04 +0800] "POST /xingrg/kc/buy/cgsh_order_operate.html HTTP/1.1" 200 37
114.83.220.63 - - [21/Apr/2021:10:33:04 +0800] "GET /xingrg/kc/buy/cgsh_order_operate.html?command=get_materiel&rest_code=00149&code=00101008323&supplier_code=00100005&order_time=2021-04-21 HTTP/1.1" 200 408
116.230.114.112 - - [21/Apr/2021:10:33:06 +0800] "GET /xingrg/all/function/internal_message.html?_=1618972396463&CODE_STATE=getMsg HTTP/1.1" 200 27
61.165.42.208 - - [21/Apr/2021:10:33:06 +0800] "POST /xingrg/kc/buy/cgsh_order_operate.html HTTP/1.1" 200 4440
61.165.42.208 - - [21/Apr/2021:10:33:08 +0800] "GET /xingrg/kc/print/load_data.html?order_code=212021042108712&kc_code=cgsh&condition= HTTP/1.1" 200 1343
58.40.7.146 - - [21/Apr/2021:10:33:08 +0800] "GET /xingrg/check_reg.html?_=1618972389212 HTTP/1.1" 200 22
58.40.7.146 - - [21/Apr/2021:10:33:08 +0800] "GET /xingrg/all/function/internal_message.html?_=1618972389213&CODE_STATE=getMsg HTTP/1.1" 200 27
114.86.187.76 - - [21/Apr/2021:10:33:10 +0800] "GET /xingrg/all/function/internal_message.html?_=1618972391416&CODE_STATE=getMsg HTTP/1.1" 200 27
116.238.141.202 - - [21/Apr/2021:10:33:11 +0800] "GET /xingrg/kc/base/wldb_order_operate.html?command=get_materiel&rest_code=00102&base_code=0010476&code=00101019438 HTTP/1.1" 200 447
116.238.141.202 - - [21/Apr/2021:10:33:12 +0800] "GET /xingrg/all/function/internal_message.html?_=1618972671554&CODE_STATE=getMsg HTTP/1.1" 200 27
180.169.147.146 - - [21/Apr/2021:10:33:12 +0800] "GET /xingrg/all/function/internal_message.html?_=1618972396647&CODE_STATE=getMsg HTTP/1.1" 200 27
120.253.135.82 - - [21/Apr/2021:10:33:12 +0800] "GET /xingrg/all/function/internal_message.html?_=1618972172552&CODE_STATE=getMsg HTTP/1.1" 200 27
114.83.220.63 - - [21/Apr/2021:10:33:13 +0800] "GET /xingrg/kc/buy/cgsh_order_operate.html?command=get_materiel&rest_code=00149&code=00101008175&supplier_code=00100005&order_time=2021-04-21 HTTP/1.1" 200 412
180.169.147.146 - - [21/Apr/2021:10:33:14 +0800] "GET /xingrg/all/function/internal_message.html?_=1618972394715&CODE_STATE=getMsg HTTP/1.1" 200 27
116.238.141.202 - - [21/Apr/2021:10:33:16 +0800] "GET /xingrg/kc/base/wldb_order_operate.html?command=get_materiel&rest_code=00102&base_code=0010476&code=00101019134 HTTP/1.1" 200 466
180.169.147.146 - - [21/Apr/2021:10:33:17 +0800] "GET /xingrg/all/function/internal_message.html?_=1618972397461&CODE_STATE=getMsg HTTP/1.1" 302 -
180.169.147.146 - - [21/Apr/2021:10:33:18 +0800] "GET /xingrg/all/function/internal_message.html?_=1618972396446&CODE_STATE=getMsg HTTP/1.1" 200 27
116.238.141.202 - - [21/Apr/2021:10:33:20 +0800] "GET /xingrg/kc/base/wldb_order_operate.html?command=get_materiel&rest_code=00102&base_code=0010476&code=00101019127 HTTP/1.1" 200 466
222.70.217.33 - - [21/Apr/2021:10:33:21 +0800] "GET /xingrg/all/function/internal_message.html?_=1618972401514&CODE_STATE=getMsg HTTP/1.1" 200 27
114.83.220.63 - - [21/Apr/2021:10:33:21 +0800] "GET /xingrg/kc/buy/cgsh_order_operate.html?command=get_materiel&rest_code=00149&code=00101008302&supplier_code=00100005&order_time=2021-04-21 HTTP/1.1" 200 412
117.185.32.26 - - [21/Apr/2021:10:33:22 +0800] "GET /xingrg/all/function/internal_message.html?_=1618972927895&CODE_STATE=getMsg HTTP/1.1" 200 27
180.169.147.146 - - [21/Apr/2021:10:33:24 +0800] "GET /xingrg/all/function/internal_message.html?_=1618972410777&CODE_STATE=getMsg HTTP/1.1" 302 -
114.83.220.63 - - [21/Apr/2021:10:33:31 +0800] "GET /xingrg/kc/buy/cgsh_order_operate.html?command=get_materiel&rest_code=00149&code=00101008234&supplier_code=00100005&order_time=2021-04-21 HTTP/1.1" 200 408
117.185.32.26 - - [21/Apr/2021:10:33:31 +0800] "GET /xingrg/all/function/internal_message.html?_=1618972410373&CODE_STATE=getMsg HTTP/1.1" 200 27
116.238.141.202 - - [21/Apr/2021:10:33:31 +0800] "POST /xingrg/kc/base/wldb_order_operate.html HTTP/1.1" 200 37
116.238.141.202 - - [21/Apr/2021:10:33:33 +0800] "POST /xingrg/kc/base/wldb_order_operate.html HTTP/1.1" 200 12
116.238.141.202 - - [21/Apr/2021:10:33:33 +0800] "POST /xingrg/kc/base/wldb_order_operate.html HTTP/1.1" 200 3229
116.238.141.202 - - [21/Apr/2021:10:33:36 +0800] "GET /xingrg/kc/base/wldb_order_info.html?code=422021042102137 HTTP/1.1" 200 26418
114.88.160.164 - - [21/Apr/2021:10:33:38 +0800] "GET /xingrg/all/function/internal_message.html?_=1618972417321&CODE_STATE=getMsg HTTP/1.1" 200 27
61.165.42.208 - - [21/Apr/2021:10:33:39 +0800] "GET /xingrg/all/function/internal_message.html?_=1618972420912&CODE_STATE=getMsg HTTP/1.1" 200 27
116.238.141.202 - - [21/Apr/2021:10:33:39 +0800] "POST /xingrg/kc/base/wldb_order_operate.html HTTP/1.1" 200 1501
61.165.42.208 - - [21/Apr/2021:10:33:39 +0800] "GET /xingrg/check_reg.html?_=1618972421209 HTTP/1.1" 200 22
116.238.141.202 - - [21/Apr/2021:10:33:40 +0800] "GET /xingrg/javascript/easyui/themes/default/validatebox.css HTTP/1.1" 404 1104
116.238.141.202 - - [21/Apr/2021:10:33:43 +0800] "GET /xingrg/kc/base/wldb_order_add.html HTTP/1.1" 200 30542
180.169.147.146 - - [21/Apr/2021:10:33:44 +0800] "GET /xingrg/all/function/internal_message.html?_=1618972424853&CODE_STATE=getMsg HTTP/1.1" 200 27
114.83.220.63 - - [21/Apr/2021:10:33:47 +0800] "GET /xingrg/kc/buy/cgsh_order_operate.html?command=get_materiel&rest_code=00149&code=00101008257&supplier_code=00100005&order_time=2021-04-21 HTTP/1.1" 200 416
116.238.141.202 - - [21/Apr/2021:10:33:48 +0800] "POST /xingrg/kc/base/wldb_order_operate.html HTTP/1.1" 200 6806
116.224.253.72 - - [21/Apr/2021:10:33:48 +0800] "GET /xingrg/check_reg.html?_=1618972429682 HTTP/1.1" 200 22
116.224.253.72 - - [21/Apr/2021:10:33:48 +0800] "GET /xingrg/all/function/internal_message.html?_=1618972429688&CODE_STATE=getMsg HTTP/1.1" 200 27
116.238.141.202 - - [21/Apr/2021:10:33:49 +0800] "GET /xingrg/javascript/easyui/themes/default/validatebox.css HTTP/1.1" 404 1104
116.230.114.112 - - [21/Apr/2021:10:33:49 +0800] "GET /xingrg/all/function/internal_message.html?_=1618972438653&CODE_STATE=getMsg HTTP/1.1" 302 -
116.238.141.202 - - [21/Apr/2021:10:33:50 +0800] "POST /xingrg/all/common/load_combo.html?type=base HTTP/1.1" 200 3060
116.238.141.202 - - [21/Apr/2021:10:33:53 +0800] "POST /xingrg/all/common/load_combo.html?type=base HTTP/1.1" 200 3060
114.83.220.63 - - [21/Apr/2021:10:33:57 +0800] "GET /xingrg/all/function/internal_message.html?_=1618972438173&CODE_STATE=getMsg HTTP/1.1" 200 27
124.77.71.179 - - [21/Apr/2021:10:34:01 +0800] "GET /xingrg/all/function/internal_message.html?_=1618972437974&CODE_STATE=getMsg HTTP/1.1" 200 27
116.224.253.72 - - [21/Apr/2021:10:34:02 +0800] "GET /xingrg/all/function/internal_message.html?_=1618972427926&CODE_STATE=getMsg HTTP/1.1" 200 27
114.86.231.92 - - [21/Apr/2021:10:34:02 +0800] "GET /xingrg/all/function/internal_message.html?_=1618972449100&CODE_STATE=getMsg HTTP/1.1" 200 27
116.230.114.112 - - [21/Apr/2021:10:34:06 +0800] "GET /xingrg/all/function/internal_message.html?_=1618972456476&CODE_STATE=getMsg HTTP/1.1" 200 27
116.238.141.202 - - [21/Apr/2021:10:34:07 +0800] "GET /xingrg/kc/base/wldb_order_operate.html?command=get_materiel&rest_code=00102&base_code=0010476&code=00101013011 HTTP/1.1" 200 451
58.40.7.146 - - [21/Apr/2021:10:34:08 +0800] "GET /xingrg/all/function/internal_message.html?_=1618972449210&CODE_STATE=getMsg HTTP/1.1" 200 27
114.86.187.76 - - [21/Apr/2021:10:34:08 +0800] "GET /xingrg/check_reg.html?_=1618972449433 HTTP/1.1" 200 22
114.86.187.76 - - [21/Apr/2021:10:34:10 +0800] "GET /xingrg/all/function/internal_message.html?_=1618972451430&CODE_STATE=getMsg HTTP/1.1" 200 27
180.169.147.146 - - [21/Apr/2021:10:34:12 +0800] "GET /xingrg/all/function/internal_message.html?_=1618972456649&CODE_STATE=getMsg HTTP/1.1" 200 27
180.169.147.146 - - [21/Apr/2021:10:34:12 +0800] "GET /xingrg/check_reg.html?_=1618972456653 HTTP/1.1" 200 22
116.238.141.202 - - [21/Apr/2021:10:34:12 +0800] "GET /xingrg/all/function/internal_message.html?_=1618972731648&CODE_STATE=getMsg HTTP/1.1" 200 27
116.238.141.202 - - [21/Apr/2021:10:34:12 +0800] "GET /xingrg/kc/base/wldb_order_operate.html?command=get_materiel&rest_code=00102&base_code=0010476&code=00101019391 HTTP/1.1" 200 471
120.253.135.82 - - [21/Apr/2021:10:34:12 +0800] "GET /xingrg/all/function/internal_message.html?_=1618972232562&CODE_STATE=getMsg HTTP/1.1" 200 27
180.169.147.146 - - [21/Apr/2021:10:34:14 +0800] "GET /xingrg/check_reg.html?_=1618972454727 HTTP/1.1" 200 22
180.169.147.146 - - [21/Apr/2021:10:34:14 +0800] "GET /xingrg/all/function/internal_message.html?_=1618972454729&CODE_STATE=getMsg HTTP/1.1" 200 27
180.169.147.146 - - [21/Apr/2021:10:34:17 +0800] "GET /xingrg/check_reg.html?_=1618972457490 HTTP/1.1" 302 -
180.169.147.146 - - [21/Apr/2021:10:34:17 +0800] "GET /xingrg/all/function/internal_message.html?_=1618972457494&CODE_STATE=getMsg HTTP/1.1" 302 -
180.169.147.146 - - [21/Apr/2021:10:34:18 +0800] "GET /xingrg/all/function/internal_message.html?_=1618972456416&CODE_STATE=getMsg HTTP/1.1" 200 27
116.238.141.202 - - [21/Apr/2021:10:34:20 +0800] "GET /xingrg/kc/base/wldb_order_operate.html?command=get_materiel&rest_code=00102&base_code=0010476&code=00101016059 HTTP/1.1" 200 430
222.70.217.33 - - [21/Apr/2021:10:34:21 +0800] "GET /xingrg/all/function/internal_message.html?_=1618972461523&CODE_STATE=getMsg HTTP/1.1" 200 27
117.185.32.26 - - [21/Apr/2021:10:34:22 +0800] "GET /xingrg/all/function/internal_message.html?_=1618972987924&CODE_STATE=getMsg HTTP/1.1" 200 27
180.169.147.146 - - [21/Apr/2021:10:34:24 +0800] "GET /xingrg/all/function/internal_message.html?_=1618972470776&CODE_STATE=getMsg HTTP/1.1" 302 -
117.185.32.26 - - [21/Apr/2021:10:34:31 +0800] "GET /xingrg/all/function/internal_message.html?_=1618972470347&CODE_STATE=getMsg HTTP/1.1" 200 27
114.83.220.63 - - [21/Apr/2021:10:34:31 +0800] "GET /xingrg/kc/buy/cgsh_order_operate.html?command=get_materiel&rest_code=00149&code=00101008155&supplier_code=00100005&order_time=2021-04-21 HTTP/1.1" 200 408
61.165.42.208 - - [21/Apr/2021:10:34:36 +0800] "GET /xingrg/kc/buy/cgsh_order_add.html HTTP/1.1" 200 62195
61.165.42.208 - - [21/Apr/2021:10:34:37 +0800] "GET /xingrg/javascript/easyui/themes/default/validatebox.css HTTP/1.1" 404 1104
61.165.42.208 - - [21/Apr/2021:10:34:37 +0800] "POST /xingrg/kc/buy/cgsh_order_operate.html HTTP/1.1" 200 8245
114.88.160.164 - - [21/Apr/2021:10:34:38 +0800] "GET /xingrg/all/function/internal_message.html?_=1618972477335&CODE_STATE=getMsg HTTP/1.1" 200 27
61.165.42.208 - - [21/Apr/2021:10:34:39 +0800] "GET /xingrg/all/function/internal_message.html?_=1618972480893&CODE_STATE=getMsg HTTP/1.1" 200 27
116.238.141.202 - - [21/Apr/2021:10:34:41 +0800] "GET /xingrg/kc/base/wldb_order_operate.html?command=get_materiel&rest_code=00102&base_code=0010476&code=00101019469 HTTP/1.1" 200 455
180.169.147.146 - - [21/Apr/2021:10:34:44 +0800] "GET /xingrg/all/function/internal_message.html?_=1618972484853&CODE_STATE=getMsg HTTP/1.1" 200 27
116.224.253.72 - - [21/Apr/2021:10:34:48 +0800] "GET /xingrg/all/function/internal_message.html?_=1618972489689&CODE_STATE=getMsg HTTP/1.1" 200 27
116.230.114.112 - - [21/Apr/2021:10:34:49 +0800] "GET /xingrg/all/function/internal_message.html?_=1618972498663&CODE_STATE=getMsg HTTP/1.1" 302 -
114.83.220.63 - - [21/Apr/2021:10:34:51 +0800] "GET /xingrg/kc/buy/cgsh_order_operate.html?command=get_materiel&rest_code=00149&code=00101008331&supplier_code=00100005&order_time=2021-04-21 HTTP/1.1" 200 416
114.83.220.63 - - [21/Apr/2021:10:34:57 +0800] "GET /xingrg/all/function/internal_message.html?_=1618972498174&CODE_STATE=getMsg HTTP/1.1" 200 27
114.83.220.63 - - [21/Apr/2021:10:35:00 +0800] "GET /xingrg/kc/buy/cgsh_order_operate.html?command=get_materiel&rest_code=00149&code=00101008185&supplier_code=00100005&order_time=2021-04-21 HTTP/1.1" 200 408
124.77.71.179 - - [21/Apr/2021:10:35:01 +0800] "GET /xingrg/all/function/internal_message.html?_=1618972497973&CODE_STATE=getMsg HTTP/1.1" 200 27
124.77.71.179 - - [21/Apr/2021:10:35:01 +0800] "GET /xingrg/check_reg.html?_=1618972497976 HTTP/1.1" 200 22
116.224.253.72 - - [21/Apr/2021:10:35:02 +0800] "GET /xingrg/all/function/internal_message.html?_=1618972487948&CODE_STATE=getMsg HTTP/1.1" 200 27
114.86.231.92 - - [21/Apr/2021:10:35:02 +0800] "GET /xingrg/all/function/internal_message.html?_=1618972509103&CODE_STATE=getMsg HTTP/1.1" 200 27
61.165.42.208 - - [21/Apr/2021:10:35:04 +0800] "GET /xingrg/kc/buy/cgsh_order_operate.html?command=get_materiel&rest_code=00105&code=00101018019&supplier_code=00100330&order_time=2021-04-21 HTTP/1.1" 200 421
116.230.114.112 - - [21/Apr/2021:10:35:06 +0800] "GET /xingrg/all/function/internal_message.html?_=1618972516757&CODE_STATE=getMsg HTTP/1.1" 200 27
58.40.7.146 - - [21/Apr/2021:10:35:08 +0800] "GET /xingrg/all/function/internal_message.html?_=1618972509200&CODE_STATE=getMsg HTTP/1.1" 200 27
116.238.141.202 - - [21/Apr/2021:10:35:10 +0800] "POST /xingrg/kc/base/wldb_order_operate.html HTTP/1.1" 200 37
114.86.187.76 - - [21/Apr/2021:10:35:10 +0800] "GET /xingrg/all/function/internal_message.html?_=1618972511444&CODE_STATE=getMsg HTTP/1.1" 200 27
114.83.220.63 - - [21/Apr/2021:10:35:11 +0800] "GET /xingrg/kc/buy/cgsh_order_operate.html?command=get_materiel&rest_code=00149&code=00101008354&supplier_code=00100005&order_time=2021-04-21 HTTP/1.1" 200 412
180.169.147.146 - - [21/Apr/2021:10:35:12 +0800] "GET /xingrg/all/function/internal_message.html?_=1618972516653&CODE_STATE=getMsg HTTP/1.1" 200 27
116.238.141.202 - - [21/Apr/2021:10:35:12 +0800] "POST /xingrg/kc/base/wldb_order_operate.html HTTP/1.1" 200 12
116.238.141.202 - - [21/Apr/2021:10:35:12 +0800] "POST /xingrg/kc/base/wldb_order_operate.html HTTP/1.1" 200 4153
120.253.135.82 - - [21/Apr/2021:10:35:12 +0800] "GET /xingrg/check_reg.html?_=1618972292522 HTTP/1.1" 200 22
120.253.135.82 - - [21/Apr/2021:10:35:12 +0800] "GET /xingrg/all/function/internal_message.html?_=1618972292576&CODE_STATE=getMsg HTTP/1.1" 200 27
180.169.147.146 - - [21/Apr/2021:10:35:14 +0800] "GET /xingrg/all/function/internal_message.html?_=1618972514727&CODE_STATE=getMsg HTTP/1.1" 200 27
116.238.141.202 - - [21/Apr/2021:10:35:14 +0800] "GET /xingrg/kc/base/wldb_order_info.html?code=422021042102138 HTTP/1.1" 200 26418
180.169.147.146 - - [21/Apr/2021:10:35:17 +0800] "GET /xingrg/all/function/internal_message.html?_=1618972517479&CODE_STATE=getMsg HTTP/1.1" 302 -
116.238.141.202 - - [21/Apr/2021:10:35:17 +0800] "POST /xingrg/kc/base/wldb_order_operate.html HTTP/1.1" 200 2402
116.238.141.202 - - [21/Apr/2021:10:35:17 +0800] "GET /xingrg/all/function/internal_message.html?_=1618972796657&CODE_STATE=getMsg HTTP/1.1" 200 27
180.169.147.146 - - [21/Apr/2021:10:35:18 +0800] "GET /xingrg/all/function/internal_message.html?_=1618972516425&CODE_STATE=getMsg HTTP/1.1" 200 27
116.238.141.202 - - [21/Apr/2021:10:35:18 +0800] "GET /xingrg/javascript/easyui/themes/default/validatebox.css HTTP/1.1" 404 1104
116.238.141.202 - - [21/Apr/2021:10:35:21 +0800] "GET /xingrg/kc/base/wldb_order_add.html HTTP/1.1" 200 30542
222.70.217.33 - - [21/Apr/2021:10:35:21 +0800] "GET /xingrg/all/function/internal_message.html?_=1618972521527&CODE_STATE=getMsg HTTP/1.1" 200 27
114.83.220.63 - - [21/Apr/2021:10:35:22 +0800] "GET /xingrg/kc/buy/cgsh_order_operate.html?command=get_materiel&rest_code=00149&code=00101008028&supplier_code=00100005&order_time=2021-04-21 HTTP/1.1" 200 412
117.185.32.26 - - [21/Apr/2021:10:35:22 +0800] "GET /xingrg/check_reg.html?_=1618973047925 HTTP/1.1" 200 22
117.185.32.26 - - [21/Apr/2021:10:35:22 +0800] "GET /xingrg/all/function/internal_message.html?_=1618973047926&CODE_STATE=getMsg HTTP/1.1" 200 27
180.169.147.146 - - [21/Apr/2021:10:35:24 +0800] "GET /xingrg/all/function/internal_message.html?_=1618972530776&CODE_STATE=getMsg HTTP/1.1" 302 -
116.238.141.202 - - [21/Apr/2021:10:35:26 +0800] "POST /xingrg/kc/base/wldb_order_operate.html HTTP/1.1" 200 6806
116.238.141.202 - - [21/Apr/2021:10:35:27 +0800] "GET /xingrg/javascript/easyui/themes/default/validatebox.css HTTP/1.1" 404 1104
117.185.32.26 - - [21/Apr/2021:10:35:31 +0800] "GET /xingrg/all/function/internal_message.html?_=1618972530317&CODE_STATE=getMsg HTTP/1.1" 200 27
116.238.141.202 - - [21/Apr/2021:10:35:32 +0800] "POST /xingrg/all/common/load_combo.html?type=base HTTP/1.1" 200 3060
61.165.42.208 - - [21/Apr/2021:10:35:32 +0800] "GET /xingrg/kc/buy/cgsh_order_operate.html?command=get_materiel&rest_code=00105&code=00101006199&supplier_code=00100330&order_time=2021-04-21 HTTP/1.1" 200 414
180.169.147.146 - - [21/Apr/2021:10:35:34 +0800] "GET /xingrg/check_reg.html?_=1618972532443 HTTP/1.1" 200 22
114.83.220.63 - - [21/Apr/2021:10:35:34 +0800] "GET /xingrg/kc/buy/cgsh_order_operate.html?command=get_materiel&rest_code=00149&code=00101008351&supplier_code=00100005&order_time=2021-04-21 HTTP/1.1" 200 408
116.238.141.202 - - [21/Apr/2021:10:35:36 +0800] "POST /xingrg/all/common/load_combo.html?type=base HTTP/1.1" 200 3060
114.88.160.164 - - [21/Apr/2021:10:35:39 +0800] "GET /xingrg/all/function/internal_message.html?_=1618972537666&CODE_STATE=getMsg HTTP/1.1" 200 27
61.165.42.208 - - [21/Apr/2021:10:35:39 +0800] "GET /xingrg/all/function/internal_message.html?_=1618972540895&CODE_STATE=getMsg HTTP/1.1" 200 27
61.165.42.208 - - [21/Apr/2021:10:35:42 +0800] "POST /xingrg/kc/buy/cgsh_order_operate.html HTTP/1.1" 200 37
114.83.220.63 - - [21/Apr/2021:10:35:43 +0800] "GET /xingrg/kc/buy/cgsh_order_operate.html?command=get_materiel&rest_code=00149&code=00101009063&supplier_code=00100005&order_time=2021-04-21 HTTP/1.1" 200 410
61.165.42.208 - - [21/Apr/2021:10:35:44 +0800] "POST /xingrg/kc/buy/cgsh_order_operate.html HTTP/1.1" 200 3256
180.169.147.146 - - [21/Apr/2021:10:35:44 +0800] "GET /xingrg/check_reg.html?_=1618972544849 HTTP/1.1" 200 22
180.169.147.146 - - [21/Apr/2021:10:35:44 +0800] "GET /xingrg/all/function/internal_message.html?_=1618972544853&CODE_STATE=getMsg HTTP/1.1" 200 27
116.238.141.202 - - [21/Apr/2021:10:35:45 +0800] "GET /xingrg/kc/base/wldb_order_operate.html?command=get_materiel&rest_code=00102&base_code=0010476&code=00101019063 HTTP/1.1" 200 447
116.224.253.72 - - [21/Apr/2021:10:35:48 +0800] "GET /xingrg/all/function/internal_message.html?_=1618972549702&CODE_STATE=getMsg HTTP/1.1" 200 27
61.165.42.208 - - [21/Apr/2021:10:35:49 +0800] "GET /xingrg/kc/print/load_data.html?order_code=212021042108713&kc_code=cgsh&condition= HTTP/1.1" 200 904
114.83.220.63 - - [21/Apr/2021:10:35:49 +0800] "GET /xingrg/kc/buy/cgsh_order_operate.html?command=get_materiel&rest_code=00149&code=00101008358&supplier_code=00100005&order_time=2021-04-21 HTTP/1.1" 200 412
116.230.114.112 - - [21/Apr/2021:10:35:49 +0800] "GET /xingrg/all/function/internal_message.html?_=1618972558680&CODE_STATE=getMsg HTTP/1.1" 302 -
61.165.42.208 - - [21/Apr/2021:10:35:54 +0800] "GET /xingrg/kc/buy/cgsh_order_add.html HTTP/1.1" 200 62195
61.165.42.208 - - [21/Apr/2021:10:35:54 +0800] "GET /xingrg/javascript/easyui/themes/default/validatebox.css HTTP/1.1" 404 1104
61.165.42.208 - - [21/Apr/2021:10:35:54 +0800] "POST /xingrg/kc/buy/cgsh_order_operate.html HTTP/1.1" 200 8245
114.83.220.63 - - [21/Apr/2021:10:35:57 +0800] "GET /xingrg/all/function/internal_message.html?_=1618972558130&CODE_STATE=getMsg HTTP/1.1" 200 27
114.83.220.63 - - [21/Apr/2021:10:35:58 +0800] "GET /xingrg/check_reg.html?_=1618972559325 HTTP/1.1" 200 22
124.77.71.179 - - [21/Apr/2021:10:36:01 +0800] "GET /xingrg/all/function/internal_message.html?_=1618972557975&CODE_STATE=getMsg HTTP/1.1" 200 27
116.238.141.202 - - [21/Apr/2021:10:36:02 +0800] "GET /xingrg/kc/base/wldb_order_operate.html?command=get_materiel&rest_code=00102&base_code=0010476&code=00101019071 HTTP/1.1" 200 455
116.224.253.72 - - [21/Apr/2021:10:36:02 +0800] "GET /xingrg/all/function/internal_message.html?_=1618972547954&CODE_STATE=getMsg HTTP/1.1" 200 27
114.86.231.92 - - [21/Apr/2021:10:36:02 +0800] "GET /xingrg/all/function/internal_message.html?_=1618972569105&CODE_STATE=getMsg HTTP/1.1" 200 27
61.165.42.208 - - [21/Apr/2021:10:36:05 +0800] "GET /xingrg/kc/buy/cgsh_order_operate.html?command=get_materiel&rest_code=00105&code=00101001167&supplier_code=00100314&order_time=2021-04-21 HTTP/1.1" 200 409
116.230.114.112 - - [21/Apr/2021:10:36:06 +0800] "GET /xingrg/all/function/internal_message.html?_=1618972576769&CODE_STATE=getMsg HTTP/1.1" 200 27
58.40.7.146 - - [21/Apr/2021:10:36:08 +0800] "GET /xingrg/all/function/internal_message.html?_=1618972569213&CODE_STATE=getMsg HTTP/1.1" 200 27
116.238.141.202 - - [21/Apr/2021:10:36:10 +0800] "POST /xingrg/kc/base/wldb_order_operate.html HTTP/1.1" 200 37
114.86.187.76 - - [21/Apr/2021:10:36:10 +0800] "GET /xingrg/all/function/internal_message.html?_=1618972571457&CODE_STATE=getMsg HTTP/1.1" 200 27
116.238.141.202 - - [21/Apr/2021:10:36:12 +0800] "POST /xingrg/kc/base/wldb_order_operate.html HTTP/1.1" 200 12
116.238.141.202 - - [21/Apr/2021:10:36:12 +0800] "POST /xingrg/kc/base/wldb_order_operate.html HTTP/1.1" 200 3187
180.169.147.146 - - [21/Apr/2021:10:36:12 +0800] "GET /xingrg/all/function/internal_message.html?_=1618972576658&CODE_STATE=getMsg HTTP/1.1" 200 27
120.253.135.82 - - [21/Apr/2021:10:36:12 +0800] "GET /xingrg/all/function/internal_message.html?_=1618972352591&CODE_STATE=getMsg HTTP/1.1" 200 27
180.169.147.146 - - [21/Apr/2021:10:36:14 +0800] "GET /xingrg/all/function/internal_message.html?_=1618972574712&CODE_STATE=getMsg HTTP/1.1" 200 27
116.238.141.202 - - [21/Apr/2021:10:36:14 +0800] "GET /xingrg/kc/base/wldb_order_info.html?code=422021042102139 HTTP/1.1" 200 26418
61.165.42.208 - - [21/Apr/2021:10:36:14 +0800] "POST /xingrg/kc/buy/cgsh_order_operate.html HTTP/1.1" 200 37
117.185.32.26 - - [21/Apr/2021:10:36:16 +0800] "GET /xingrg/check_reg.html?_=1618973101461 HTTP/1.1" 200 22
61.165.42.208 - - [21/Apr/2021:10:36:16 +0800] "POST /xingrg/kc/buy/cgsh_order_operate.html HTTP/1.1" 200 2656
180.169.147.146 - - [21/Apr/2021:10:36:17 +0800] "GET /xingrg/all/function/internal_message.html?_=1618972577481&CODE_STATE=getMsg HTTP/1.1" 302 -
180.169.147.146 - - [21/Apr/2021:10:36:18 +0800] "GET /xingrg/all/function/internal_message.html?_=1618972576406&CODE_STATE=getMsg HTTP/1.1" 200 27
116.238.141.202 - - [21/Apr/2021:10:36:18 +0800] "GET /xingrg/all/function/internal_message.html?_=1618972857478&CODE_STATE=getMsg HTTP/1.1" 200 27
116.238.141.202 - - [21/Apr/2021:10:36:18 +0800] "GET /xingrg/javascript/easyui/themes/default/validatebox.css HTTP/1.1" 404 1104
116.238.141.202 - - [21/Apr/2021:10:36:19 +0800] "POST /xingrg/kc/base/wldb_order_operate.html HTTP/1.1" 200 1459
222.70.217.33 - - [21/Apr/2021:10:36:21 +0800] "GET /xingrg/all/function/internal_message.html?_=1618972581517&CODE_STATE=getMsg HTTP/1.1" 200 27
116.238.141.202 - - [21/Apr/2021:10:36:22 +0800] "GET /xingrg/kc/base/wldb_order_add.html HTTP/1.1" 200 30542
117.185.32.26 - - [21/Apr/2021:10:36:22 +0800] "GET /xingrg/all/function/internal_message.html?_=1618973107925&CODE_STATE=getMsg HTTP/1.1" 200 27
117.185.32.26 - - [21/Apr/2021:10:36:24 +0800] "GET /xingrg/check_reg.html?_=1618972583605 HTTP/1.1" 200 22
180.169.147.146 - - [21/Apr/2021:10:36:24 +0800] "GET /xingrg/check_reg.html?_=1618972590786 HTTP/1.1" 302 -
180.169.147.146 - - [21/Apr/2021:10:36:24 +0800] "GET /xingrg/all/function/internal_message.html?_=1618972590777&CODE_STATE=getMsg HTTP/1.1" 302 -
116.238.141.202 - - [21/Apr/2021:10:36:25 +0800] "POST /xingrg/kc/base/wldb_order_operate.html HTTP/1.1" 200 6806
116.238.141.202 - - [21/Apr/2021:10:36:26 +0800] "GET /xingrg/javascript/easyui/themes/default/validatebox.css HTTP/1.1" 404 1104
116.238.141.202 - - [21/Apr/2021:10:36:26 +0800] "POST /xingrg/all/common/load_combo.html?type=base HTTP/1.1" 200 3060
61.165.42.208 - - [21/Apr/2021:10:36:27 +0800] "GET /xingrg/kc/print/load_data.html?order_code=212021042108714&kc_code=cgsh&condition= HTTP/1.1" 200 669
116.238.141.202 - - [21/Apr/2021:10:36:30 +0800] "POST /xingrg/all/common/load_combo.html?type=base HTTP/1.1" 200 3060
117.185.32.26 - - [21/Apr/2021:10:36:31 +0800] "GET /xingrg/all/function/internal_message.html?_=1618972590286&CODE_STATE=getMsg HTTP/1.1" 200 27
114.83.220.63 - - [21/Apr/2021:10:36:33 +0800] "GET /xingrg/kc/buy/cgsh_order_operate.html?command=get_materiel&rest_code=00149&code=00101008087&supplier_code=00100005&order_time=2021-04-21 HTTP/1.1" 200 412
61.165.42.208 - - [21/Apr/2021:10:36:39 +0800] "GET /xingrg/all/function/internal_message.html?_=1618972600871&CODE_STATE=getMsg HTTP/1.1" 200 27
114.88.160.164 - - [21/Apr/2021:10:36:39 +0800] "GET /xingrg/all/function/internal_message.html?_=1618972597675&CODE_STATE=getMsg HTTP/1.1" 200 27
116.238.141.202 - - [21/Apr/2021:10:36:42 +0800] "GET /xingrg/kc/base/wldb_order_operate.html?command=get_materiel&rest_code=00102&base_code=0010477&code=00102002417 HTTP/1.1" 200 435
114.83.220.63 - - [21/Apr/2021:10:36:43 +0800] "GET /xingrg/kc/buy/cgsh_order_operate.html?command=get_materiel&rest_code=00149&code=00101008361&supplier_code=00100005&order_time=2021-04-21 HTTP/1.1" 200 408
180.169.147.146 - - [21/Apr/2021:10:36:44 +0800] "GET /xingrg/all/function/internal_message.html?_=1618972604850&CODE_STATE=getMsg HTTP/1.1" 200 27
180.169.147.146 - - [21/Apr/2021:10:36:47 +0800] "GET /xingrg/kc/base/wldb_order_add.html HTTP/1.1" 200 30552
180.169.147.146 - - [21/Apr/2021:10:36:47 +0800] "GET /xingrg/javascript/easyui/themes/default/validatebox.css HTTP/1.1" 404 1104
180.169.147.146 - - [21/Apr/2021:10:36:47 +0800] "POST /xingrg/kc/base/wldb_order_operate.html HTTP/1.1" 200 6806
116.224.253.72 - - [21/Apr/2021:10:36:48 +0800] "GET /xingrg/all/function/internal_message.html?_=1618972609711&CODE_STATE=getMsg HTTP/1.1" 200 27
116.230.114.112 - - [21/Apr/2021:10:36:49 +0800] "GET /xingrg/all/function/internal_message.html?_=1618972618691&CODE_STATE=getMsg HTTP/1.1" 302 -
116.238.141.202 - - [21/Apr/2021:10:36:52 +0800] "POST /xingrg/kc/base/wldb_order_operate.html HTTP/1.1" 200 37
114.83.220.63 - - [21/Apr/2021:10:36:53 +0800] "GET /favicon.ico HTTP/1.1" 404 -
180.169.147.146 - - [21/Apr/2021:10:36:53 +0800] "GET /xingrg/kc/buy/buy_main.html HTTP/1.1" 200 12412
180.169.147.146 - - [21/Apr/2021:10:36:53 +0800] "GET /xingrg/css/new_ie.css HTTP/1.1" 404 1036
116.238.141.202 - - [21/Apr/2021:10:36:54 +0800] "POST /xingrg/kc/base/wldb_order_operate.html HTTP/1.1" 200 12
180.169.147.146 - - [21/Apr/2021:10:36:54 +0800] "GET /xingrg/images/yd/bt.gif HTTP/1.1" 404 1040
116.238.141.202 - - [21/Apr/2021:10:36:54 +0800] "POST /xingrg/kc/base/wldb_order_operate.html HTTP/1.1" 200 2182
180.169.147.146 - - [21/Apr/2021:10:36:55 +0800] "GET /xingrg/kc/buy/cgsh_order_list.html HTTP/1.1" 200 46416
116.238.141.202 - - [21/Apr/2021:10:36:55 +0800] "GET /xingrg/kc/base/wldb_order_info.html?code=422021042102140 HTTP/1.1" 200 26417
180.169.147.146 - - [21/Apr/2021:10:36:56 +0800] "POST /xingrg/kc/buy/cgsh_list_operate.html HTTP/1.1" 200 876
114.83.220.63 - - [21/Apr/2021:10:36:57 +0800] "GET /xingrg/kc/buy/cgsh_order_operate.html?command=get_materiel&rest_code=00149&code=00101008355&supplier_code=00100005&order_time=2021-04-21 HTTP/1.1" 200 408
114.83.220.63 - - [21/Apr/2021:10:36:57 +0800] "GET /xingrg/all/function/internal_message.html?_=1618972618110&CODE_STATE=getMsg HTTP/1.1" 200 27
180.169.147.146 - - [21/Apr/2021:10:36:58 +0800] "GET /xingrg/kc/buy/cgsh_order_add.html HTTP/1.1" 200 62116
180.169.147.146 - - [21/Apr/2021:10:36:58 +0800] "GET /xingrg/javascript/easyui/themes/default/validatebox.css HTTP/1.1" 404 1104
180.169.147.146 - - [21/Apr/2021:10:36:58 +0800] "POST /xingrg/kc/buy/cgsh_order_operate.html HTTP/1.1" 200 8245
180.169.147.146 - - [21/Apr/2021:10:36:58 +0800] "GET /xingrg/all/common/auto_word.html?type=employee&rest_code=00147 HTTP/1.1" 200 151
180.169.147.146 - - [21/Apr/2021:10:36:58 +0800] "GET /xingrg/all/common/auto_word.html?type=employee&rest_code=00147 HTTP/1.1" 200 151
116.238.141.202 - - [21/Apr/2021:10:36:59 +0800] "GET /xingrg/check_reg.html?_=1618972899175 HTTP/1.1" 200 22
116.238.141.202 - - [21/Apr/2021:10:37:00 +0800] "POST /xingrg/kc/base/wldb_order_operate.html HTTP/1.1" 200 477
124.77.71.179 - - [21/Apr/2021:10:37:01 +0800] "GET /xingrg/all/function/internal_message.html?_=1618972617975&CODE_STATE=getMsg HTTP/1.1" 200 27
116.224.253.72 - - [21/Apr/2021:10:37:01 +0800] "GET /xingrg/check_reg.html?_=1618972607120 HTTP/1.1" 200 22
116.238.141.202 - - [21/Apr/2021:10:37:01 +0800] "GET /xingrg/javascript/easyui/themes/default/validatebox.css HTTP/1.1" 404 1104
116.224.253.72 - - [21/Apr/2021:10:37:02 +0800] "GET /xingrg/all/function/internal_message.html?_=1618972607968&CODE_STATE=getMsg HTTP/1.1" 200 27
114.86.231.92 - - [21/Apr/2021:10:37:02 +0800] "GET /xingrg/all/function/internal_message.html?_=1618972629108&CODE_STATE=getMsg HTTP/1.1" 200 27
114.86.231.92 - - [21/Apr/2021:10:37:02 +0800] "GET /xingrg/check_reg.html?_=1618972629109 HTTP/1.1" 200 22
116.238.141.202 - - [21/Apr/2021:10:37:03 +0800] "GET /xingrg/kc/base/wldb_order_add.html HTTP/1.1" 200 30542
116.230.114.112 - - [21/Apr/2021:10:37:03 +0800] "GET /xingrg/check_reg.html?_=1618972634233 HTTP/1.1" 200 22
116.230.114.112 - - [21/Apr/2021:10:37:06 +0800] "GET /xingrg/all/function/internal_message.html?_=1618972636781&CODE_STATE=getMsg HTTP/1.1" 200 27
116.238.141.202 - - [21/Apr/2021:10:37:06 +0800] "POST /xingrg/kc/base/wldb_order_operate.html HTTP/1.1" 200 6806
116.238.141.202 - - [21/Apr/2021:10:37:08 +0800] "GET /xingrg/javascript/easyui/themes/default/validatebox.css HTTP/1.1" 404 1104
58.40.7.146 - - [21/Apr/2021:10:37:08 +0800] "GET /xingrg/all/function/internal_message.html?_=1618972629212&CODE_STATE=getMsg HTTP/1.1" 200 27
116.238.141.202 - - [21/Apr/2021:10:37:09 +0800] "POST /xingrg/all/common/load_combo.html?type=base HTTP/1.1" 200 3060
180.169.147.146 - - [21/Apr/2021:10:37:10 +0800] "GET /xingrg/kc/buy/cgsh_order_operate.html?command=get_materiel&rest_code=00147&code=00101011007&supplier_code=00100046&order_time=2021-04-21 HTTP/1.1" 200 414
114.86.187.76 - - [21/Apr/2021:10:37:11 +0800] "GET /xingrg/all/function/internal_message.html?_=1618972631631&CODE_STATE=getMsg HTTP/1.1" 200 27
114.83.220.63 - - [21/Apr/2021:10:37:11 +0800] "GET /xingrg/kc/buy/cgsh_order_operate.html?command=get_materiel&rest_code=00149&code=00101008144&supplier_code=00100005&order_time=2021-04-21 HTTP/1.1" 200 412
180.169.147.146 - - [21/Apr/2021:10:37:12 +0800] "GET /xingrg/all/function/internal_message.html?_=1618972636659&CODE_STATE=getMsg HTTP/1.1" 200 27
120.253.135.82 - - [21/Apr/2021:10:37:12 +0800] "GET /xingrg/all/function/internal_message.html?_=1618972412605&CODE_STATE=getMsg HTTP/1.1" 200 27
116.224.253.72 - - [21/Apr/2021:10:37:13 +0800] "GET /xingrg/kc/mdqp/qqps_order_list.html HTTP/1.1" 200 9222
116.224.253.72 - - [21/Apr/2021:10:37:13 +0800] "GET /xingrg/css/blue.css HTTP/1.1" 304 -
116.224.253.72 - - [21/Apr/2021:10:37:13 +0800] "GET /xingrg/javascript/Calendar.js HTTP/1.1" 304 -
116.224.253.72 - - [21/Apr/2021:10:37:13 +0800] "GET /xingrg/javascript/myfunction.js HTTP/1.1" 304 -
116.224.253.72 - - [21/Apr/2021:10:37:13 +0800] "GET /xingrg/javascript/ToolTips.js HTTP/1.1" 304 -
116.224.253.72 - - [21/Apr/2021:10:37:13 +0800] "GET /xingrg/dwr/interface/AjaxQqpsService.js HTTP/1.1" 200 16326
116.224.253.72 - - [21/Apr/2021:10:37:13 +0800] "GET /xingrg/dwr/interface/AjaxReportQueryService.js HTTP/1.1" 200 13203
116.224.253.72 - - [21/Apr/2021:10:37:13 +0800] "GET /xingrg/dwr/util.js HTTP/1.1" 200 35990
116.224.253.72 - - [21/Apr/2021:10:37:13 +0800] "GET /xingrg/dwr/engine.js HTTP/1.1" 200 43631
180.169.147.146 - - [21/Apr/2021:10:37:14 +0800] "GET /xingrg/all/function/internal_message.html?_=1618972634730&CODE_STATE=getMsg HTTP/1.1" 200 27
61.165.42.208 - - [21/Apr/2021:10:37:14 +0800] "GET /xingrg/kc/buy/cgsh_order_add.html HTTP/1.1" 200 62195
61.165.42.208 - - [21/Apr/2021:10:37:14 +0800] "GET /xingrg/javascript/easyui/themes/default/validatebox.css HTTP/1.1" 404 1104
61.165.42.208 - - [21/Apr/2021:10:37:14 +0800] "POST /xingrg/kc/buy/cgsh_order_operate.html HTTP/1.1" 200 8245
116.238.141.202 - - [21/Apr/2021:10:37:16 +0800] "POST /xingrg/all/common/load_combo.html?type=base HTTP/1.1" 200 3060
180.169.147.146 - - [21/Apr/2021:10:37:17 +0800] "GET /xingrg/all/function/internal_message.html?_=1618972637483&CODE_STATE=getMsg HTTP/1.1" 302 -
116.238.141.202 - - [21/Apr/2021:10:37:18 +0800] "GET /xingrg/all/function/internal_message.html?_=1618972917529&CODE_STATE=getMsg HTTP/1.1" 200 27
116.224.253.72 - - [21/Apr/2021:10:37:18 +0800] "GET /xingrg/kc/mdqp/qqps_order_list.html?isQuery=1&timeSelect=1&orderTime=day&startTime=2021-04-19&endTime=2021-04-21&state=all&query=%C8%B7++%B6%A8 HTTP/1.1" 200 11431
180.169.147.146 - - [21/Apr/2021:10:37:18 +0800] "GET /xingrg/all/function/internal_message.html?_=1618972636396&CODE_STATE=getMsg HTTP/1.1" 200 27
116.224.253.72 - - [21/Apr/2021:10:37:18 +0800] "GET /xingrg/dwr/interface/AjaxReportQueryService.js HTTP/1.1" 200 13203
116.224.253.72 - - [21/Apr/2021:10:37:18 +0800] "GET /xingrg/dwr/interface/AjaxQqpsService.js HTTP/1.1" 200 16326
116.224.253.72 - - [21/Apr/2021:10:37:18 +0800] "GET /xingrg/dwr/engine.js HTTP/1.1" 200 43631
222.70.217.33 - - [21/Apr/2021:10:37:21 +0800] "GET /xingrg/all/function/internal_message.html?_=1618972641521&CODE_STATE=getMsg HTTP/1.1" 200 27
222.70.217.33 - - [21/Apr/2021:10:37:21 +0800] "GET /xingrg/check_reg.html?_=1618972641522 HTTP/1.1" 200 22
114.83.220.63 - - [21/Apr/2021:10:37:21 +0800] "GET /xingrg/kc/buy/cgsh_order_operate.html?command=get_materiel&rest_code=00149&code=00101008264&supplier_code=00100005&order_time=2021-04-21 HTTP/1.1" 200 412
116.224.253.72 - - [21/Apr/2021:10:37:22 +0800] "GET /xingrg/kc/mdqp/qqps_order_info.html?code=302021041900347 HTTP/1.1" 200 26409
116.224.253.72 - - [21/Apr/2021:10:37:22 +0800] "GET /xingrg/javascript/tools/jquery.qtip-1.0.0-rc3.min.js HTTP/1.1" 304 -
116.224.253.72 - - [21/Apr/2021:10:37:22 +0800] "GET /xingrg/javascript/AjaxInfoList.js HTTP/1.1" 304 -
116.224.253.72 - - [21/Apr/2021:10:37:22 +0800] "GET /xingrg/javascript/Grid.js HTTP/1.1" 304 -
116.224.253.72 - - [21/Apr/2021:10:37:22 +0800] "GET /xingrg/dwr/interface/AjaxQqpsService.js HTTP/1.1" 200 16326
116.224.253.72 - - [21/Apr/2021:10:37:22 +0800] "GET /xingrg/dwr/engine.js HTTP/1.1" 200 43631
116.224.253.72 - - [21/Apr/2021:10:37:22 +0800] "GET /xingrg/dwr/interface/AjaxComOrderService.js HTTP/1.1" 200 18264
117.185.32.26 - - [21/Apr/2021:10:37:22 +0800] "GET /xingrg/all/function/internal_message.html?_=1618973167923&CODE_STATE=getMsg HTTP/1.1" 200 27
116.224.253.72 - - [21/Apr/2021:10:37:23 +0800] "POST /xingrg/dwr/call/plaincall/AjaxQqpsService.loadMaterielItems.dwr HTTP/1.1" 200 925
180.169.147.146 - - [21/Apr/2021:10:37:24 +0800] "GET /xingrg/all/function/internal_message.html?_=1618972650785&CODE_STATE=getMsg HTTP/1.1" 302 -
116.238.141.202 - - [21/Apr/2021:10:37:25 +0800] "GET /xingrg/kc/base/wldb_order_operate.html?command=get_materiel&rest_code=00102&base_code=0010477&code=00102002204 HTTP/1.1" 200 433
116.224.253.72 - - [21/Apr/2021:10:37:30 +0800] "GET /xingrg/kc/mdqp/pssh_order_list.html HTTP/1.1" 200 17891
116.224.253.72 - - [21/Apr/2021:10:37:30 +0800] "GET /xingrg/css/base.css HTTP/1.1" 304 -
116.224.253.72 - - [21/Apr/2021:10:37:30 +0800] "GET /xingrg/css/site.css HTTP/1.1" 304 -
116.224.253.72 - - [21/Apr/2021:10:37:30 +0800] "GET /xingrg/javascript/jquery_tools/datebox.css HTTP/1.1" 304 -
116.224.253.72 - - [21/Apr/2021:10:37:30 +0800] "GET /xingrg/javascript/easyui/themes/icon.css HTTP/1.1" 304 -
116.224.253.72 - - [21/Apr/2021:10:37:30 +0800] "GET /xingrg/javascript/jquery_tools/jquery.tools.hotkey.js HTTP/1.1" 304 -
116.224.253.72 - - [21/Apr/2021:10:37:30 +0800] "GET /xingrg/javascript/easyui/themes/default/easyui.css HTTP/1.1" 304 -
116.224.253.72 - - [21/Apr/2021:10:37:30 +0800] "GET /xingrg/javascript/auto/jquery.autocomplete.css HTTP/1.1" 304 -
116.224.253.72 - - [21/Apr/2021:10:37:30 +0800] "GET /xingrg/javascript/jquery_tools/fix.css HTTP/1.1" 304 -
116.224.253.72 - - [21/Apr/2021:10:37:30 +0800] "GET /xingrg/javascript/jquery_tools/table.css HTTP/1.1" 304 -
116.224.253.72 - - [21/Apr/2021:10:37:30 +0800] "GET /xingrg/javascript/jquery_tools/jquery.tools.extend.js HTTP/1.1" 304 -
116.224.253.72 - - [21/Apr/2021:10:37:30 +0800] "GET /xingrg/javascript/jquery_tools/jquery.tools.min.js HTTP/1.1" 304 -
116.224.253.72 - - [21/Apr/2021:10:37:30 +0800] "GET /xingrg/javascript/jquery_tools/jquery.tools.table.js HTTP/1.1" 304 -
116.224.253.72 - - [21/Apr/2021:10:37:30 +0800] "GET /xingrg/javascript/jquery_tools/list_manager.js HTTP/1.1" 304 -
116.224.253.72 - - [21/Apr/2021:10:37:30 +0800] "GET /xingrg/javascript/easyui/easyloader.js HTTP/1.1" 304 -
116.224.253.72 - - [21/Apr/2021:10:37:30 +0800] "GET /xingrg/javascript/auto/jquery.autocomplete.js HTTP/1.1" 304 -
116.224.253.72 - - [21/Apr/2021:10:37:30 +0800] "GET /xingrg/javascript/jquery.cookie.js HTTP/1.1" 304 -
116.224.253.72 - - [21/Apr/2021:10:37:30 +0800] "GET /xingrg/javascript/jquery.utils.js HTTP/1.1" 304 -
61.165.42.208 - - [21/Apr/2021:10:37:30 +0800] "GET /xingrg/kc/buy/cgsh_order_operate.html?command=get_materiel&rest_code=00105&code=00101010628&supplier_code=00100327&order_time=2021-04-21 HTTP/1.1" 200 412
116.224.253.72 - - [21/Apr/2021:10:37:30 +0800] "GET /xingrg/kc/mdqp/qqps_order_list.html HTTP/1.1" 200 9222
116.224.253.72 - - [21/Apr/2021:10:37:30 +0800] "GET /xingrg/dwr/interface/AjaxReportQueryService.js HTTP/1.1" 200 13203
116.224.253.72 - - [21/Apr/2021:10:37:30 +0800] "GET /xingrg/dwr/interface/AjaxQqpsService.js HTTP/1.1" 200 16326
116.224.253.72 - - [21/Apr/2021:10:37:30 +0800] "GET /xingrg/dwr/engine.js HTTP/1.1" 200 43631
116.224.253.72 - - [21/Apr/2021:10:37:30 +0800] "GET /xingrg/javascript/easyui/plugins/jquery.parser.js HTTP/1.1" 304 -
116.224.253.72 - - [21/Apr/2021:10:37:30 +0800] "POST /xingrg/kc/mdqp/pssh_list_operate.html HTTP/1.1" 200 5329
117.185.32.26 - - [21/Apr/2021:10:37:31 +0800] "GET /xingrg/all/function/internal_message.html?_=1618972650259&CODE_STATE=getMsg HTTP/1.1" 200 27
116.238.141.202 - - [21/Apr/2021:10:37:32 +0800] "GET /xingrg/kc/base/wldb_order_operate.html?command=get_materiel&rest_code=00102&base_code=0010477&code=00102002304 HTTP/1.1" 200 450
116.224.253.72 - - [21/Apr/2021:10:37:33 +0800] "GET /favicon.ico HTTP/1.1" 404 -
180.169.147.146 - - [21/Apr/2021:10:37:33 +0800] "GET /xingrg/kc/buy/cgsh_order_operate.html?command=get_materiel&rest_code=00147&code=00101011003&supplier_code=00100046&order_time=2021-04-21 HTTP/1.1" 200 413
116.224.253.72 - - [21/Apr/2021:10:37:34 +0800] "GET /xingrg/kc/mdqp/qqps_order_list.html?isQuery=1&timeSelect=1&orderTime=day&startTime=2021-04-19&endTime=2021-04-21&state=all&query=%C8%B7++%B6%A8 HTTP/1.1" 200 11431
116.224.253.72 - - [21/Apr/2021:10:37:34 +0800] "GET /xingrg/dwr/interface/AjaxQqpsService.js HTTP/1.1" 200 16326
116.224.253.72 - - [21/Apr/2021:10:37:34 +0800] "GET /xingrg/dwr/interface/AjaxReportQueryService.js HTTP/1.1" 200 13203
116.224.253.72 - - [21/Apr/2021:10:37:34 +0800] "GET /xingrg/dwr/engine.js HTTP/1.1" 200 43631
116.224.253.72 - - [21/Apr/2021:10:37:37 +0800] "GET /xingrg/kc/mdqp/qqps_order_info.html?code=302021041900351 HTTP/1.1" 200 26409
116.224.253.72 - - [21/Apr/2021:10:37:37 +0800] "GET /xingrg/dwr/interface/AjaxComOrderService.js HTTP/1.1" 200 18264
116.224.253.72 - - [21/Apr/2021:10:37:37 +0800] "GET /xingrg/dwr/interface/AjaxQqpsService.js HTTP/1.1" 200 16326
116.224.253.72 - - [21/Apr/2021:10:37:37 +0800] "GET /xingrg/dwr/engine.js HTTP/1.1" 200 43631
114.88.160.164 - - [21/Apr/2021:10:37:37 +0800] "GET /xingrg/check_reg.html?_=1618972655968 HTTP/1.1" 200 22
114.83.220.63 - - [21/Apr/2021:10:37:37 +0800] "GET /xingrg/kc/buy/cgsh_order_operate.html?command=get_materiel&rest_code=00149&code=00101008024&supplier_code=00100005&order_time=2021-04-21 HTTP/1.1" 200 408
116.224.253.72 - - [21/Apr/2021:10:37:37 +0800] "POST /xingrg/dwr/call/plaincall/AjaxQqpsService.loadMaterielItems.dwr HTTP/1.1" 200 369
61.165.42.208 - - [21/Apr/2021:10:37:39 +0800] "GET /xingrg/all/function/internal_message.html?_=1618972660842&CODE_STATE=getMsg HTTP/1.1" 200 27
114.88.160.164 - - [21/Apr/2021:10:37:39 +0800] "GET /xingrg/all/function/internal_message.html?_=1618972657687&CODE_STATE=getMsg HTTP/1.1" 200 27
116.224.253.72 - - [21/Apr/2021:10:37:39 +0800] "GET /xingrg/kc/mdqp/qqps_order_list.html?isBack=1 HTTP/1.1" 302 -
116.224.253.72 - - [21/Apr/2021:10:37:39 +0800] "GET /xingrg/kc/mdqp/qqps_order_list.html?isQuery=1&timeSelect=1&orderTime=day&startTime=2021-04-19&endTime=2021-04-21&state=all&query=%C8%B7++%B6%A8 HTTP/1.1" 200 11431
116.224.253.72 - - [21/Apr/2021:10:37:39 +0800] "GET /xingrg/dwr/interface/AjaxReportQueryService.js HTTP/1.1" 200 13203
116.224.253.72 - - [21/Apr/2021:10:37:39 +0800] "GET /xingrg/dwr/interface/AjaxQqpsService.js HTTP/1.1" 200 16326
116.224.253.72 - - [21/Apr/2021:10:37:39 +0800] "GET /xingrg/dwr/engine.js HTTP/1.1" 200 43631
116.238.141.202 - - [21/Apr/2021:10:37:40 +0800] "GET /xingrg/kc/base/wldb_order_operate.html?command=get_materiel&rest_code=00102&base_code=0010477&code=00102002574 HTTP/1.1" 200 447
116.224.253.72 - - [21/Apr/2021:10:37:42 +0800] "GET /xingrg/kc/mdqp/qqps_order_info.html?code=302021041900349 HTTP/1.1" 200 26409
116.224.253.72 - - [21/Apr/2021:10:37:42 +0800] "GET /xingrg/dwr/interface/AjaxComOrderService.js HTTP/1.1" 200 18264
116.224.253.72 - - [21/Apr/2021:10:37:42 +0800] "GET /xingrg/dwr/engine.js HTTP/1.1" 200 43631
116.224.253.72 - - [21/Apr/2021:10:37:42 +0800] "GET /xingrg/dwr/interface/AjaxQqpsService.js HTTP/1.1" 200 16326
116.224.253.72 - - [21/Apr/2021:10:37:43 +0800] "POST /xingrg/dwr/call/plaincall/AjaxQqpsService.loadMaterielItems.dwr HTTP/1.1" 200 15021
180.169.147.146 - - [21/Apr/2021:10:37:44 +0800] "GET /xingrg/all/function/internal_message.html?_=1618972664857&CODE_STATE=getMsg HTTP/1.1" 200 27
114.83.220.63 - - [21/Apr/2021:10:37:46 +0800] "GET /xingrg/kc/buy/cgsh_order_operate.html?command=get_materiel&rest_code=00149&code=00101008356&supplier_code=00100005&order_time=2021-04-21 HTTP/1.1" 200 408
116.230.114.112 - - [21/Apr/2021:10:37:47 +0800] "GET /xingrg/check_reg.html?_=1618972676711 HTTP/1.1" 302 -
116.238.141.202 - - [21/Apr/2021:10:37:48 +0800] "GET /xingrg/kc/base/wldb_order_operate.html?command=get_materiel&rest_code=00102&base_code=0010477&code=00102002025 HTTP/1.1" 200 452
116.224.253.72 - - [21/Apr/2021:10:37:48 +0800] "GET /xingrg/all/function/internal_message.html?_=1618972669710&CODE_STATE=getMsg HTTP/1.1" 200 27
114.83.220.63 - - [21/Apr/2021:10:37:48 +0800] "POST /xingrg/kc/buy/cgsh_order_operate.html HTTP/1.1" 200 2065
116.230.114.112 - - [21/Apr/2021:10:37:49 +0800] "GET /xingrg/all/function/internal_message.html?_=1618972678705&CODE_STATE=getMsg HTTP/1.1" 302 -
116.238.141.202 - - [21/Apr/2021:10:37:51 +0800] "POST /xingrg/all/common/load_select.html HTTP/1.1" 200 25
116.238.141.202 - - [21/Apr/2021:10:37:54 +0800] "GET /xingrg/kc/base/wldb_order_operate.html?command=get_materiel_price&rest_code=00102&base_code=0010477&code=00102002025&unit_code=00100351 HTTP/1.1" 200 33
114.83.220.63 - - [21/Apr/2021:10:37:57 +0800] "GET /xingrg/all/function/internal_message.html?_=1618972678089&CODE_STATE=getMsg HTTP/1.1" 200 27
