58.37.228.113 - - [21/Apr/2021:10:11:28 +0800] "GET /xingrg/images/blue/jxLogo.png HTTP/1.1" 200 6156
58.37.228.113 - - [21/Apr/2021:10:11:28 +0800] "GET /xingrg/images/blue/srbg.png HTTP/1.1" 200 138
58.37.228.113 - - [21/Apr/2021:10:11:28 +0800] "GET /xingrg/images/blue/login_bg.png HTTP/1.1" 200 22101
58.37.228.113 - - [21/Apr/2021:10:11:28 +0800] "GET /xingrg/images/blue/hj.png HTTP/1.1" 200 1014
58.37.228.113 - - [21/Apr/2021:10:11:28 +0800] "GET /favicon.ico HTTP/1.1" 404 -
58.37.228.113 - - [21/Apr/2021:10:11:33 +0800] "GET /xingrg/login.html HTTP/1.1" 200 7641
58.37.228.113 - - [21/Apr/2021:10:11:33 +0800] "GET /xingrg/images/blue/jxLogo.png HTTP/1.1" 200 6156
58.37.228.113 - - [21/Apr/2021:10:11:33 +0800] "GET /xingrg/images/blue/hj.png HTTP/1.1" 200 1014
58.37.228.113 - - [21/Apr/2021:10:11:33 +0800] "GET /xingrg/images/blue/srbg.png HTTP/1.1" 200 138
58.37.228.113 - - [21/Apr/2021:10:11:33 +0800] "GET /xingrg/images/blue/login_bg.png HTTP/1.1" 200 22101
58.37.228.113 - - [21/Apr/2021:10:11:33 +0800] "GET /favicon.ico HTTP/1.1" 404 -
58.37.228.113 - - [21/Apr/2021:10:11:34 +0800] "POST /xingrg/login.do HTTP/1.1" 302 -
58.37.228.113 - - [21/Apr/2021:10:11:34 +0800] "GET /xingrg/index.html?sysBaseUrl=http%3A%2F%2F180.169.147.146%3A18081%2Fxingrg%2F&costTime=44×tamp=1618971094422 HTTP/1.1" 200 17179
58.37.228.113 - - [21/Apr/2021:10:11:34 +0800] "GET /xingrg/javascript/jquery_easy_ui/themes/icon.css HTTP/1.1" 200 3949
58.37.228.113 - - [21/Apr/2021:10:11:34 +0800] "GET /xingrg/css/form.css HTTP/1.1" 200 893
58.37.228.113 - - [21/Apr/2021:10:11:34 +0800] "GET /xingrg/javascript/jquery_easy_ui/themes/default/easyui.css HTTP/1.1" 200 26500
58.37.228.113 - - [21/Apr/2021:10:11:34 +0800] "GET /xingrg/javascript/jquery-1.4.2.min.js HTTP/1.1" 200 72205
58.37.228.113 - - [21/Apr/2021:10:11:34 +0800] "GET /xingrg/javascript/jquery_easy_ui/jquery.easyui.min.js HTTP/1.1" 200 213662
58.37.228.113 - - [21/Apr/2021:10:11:34 +0800] "GET /xingrg/javascript/jquery_easy_ui/easyui-lang-zh_CN.js HTTP/1.1" 200 1900
58.37.228.113 - - [21/Apr/2021:10:11:34 +0800] "GET /xingrg/javascript/jquery.timers.js HTTP/1.1" 200 3532
58.37.228.113 - - [21/Apr/2021:10:11:34 +0800] "GET /xingrg/javascript/jquery.utils.js HTTP/1.1" 200 11805
58.37.228.113 - - [21/Apr/2021:10:11:34 +0800] "GET /xingrg/javascript/jquery.form.js HTTP/1.1" 200 23110
58.37.228.113 - - [21/Apr/2021:10:11:34 +0800] "GET /xingrg/images/blue/navBackgound.jpg HTTP/1.1" 200 12378
58.37.228.113 - - [21/Apr/2021:10:11:34 +0800] "GET /xingrg/javascript/jquery_easy_ui/themes/icons/settle_new.png HTTP/1.1" 200 826
58.37.228.113 - - [21/Apr/2021:10:11:34 +0800] "GET /xingrg/images/blue/pingpu.png HTTP/1.1" 200 231
58.37.228.113 - - [21/Apr/2021:10:11:34 +0800] "GET /xingrg/javascript/jquery_easy_ui/themes/default/images/tabs_leftarrow.png HTTP/1.1" 200 389
58.37.228.113 - - [21/Apr/2021:10:11:34 +0800] "POST /xingrg/all/common/load_tree.html?tree=area_rest_tree_json&manage=1 HTTP/1.1" 200 351
58.37.228.113 - - [21/Apr/2021:10:11:34 +0800] "GET /xingrg/javascript/jquery_easy_ui/themes/default/images/tabs_rightarrow.png HTTP/1.1" 200 395
58.37.228.113 - - [21/Apr/2021:10:11:34 +0800] "GET /xingrg/javascript/jquery_easy_ui/themes/default/images/panel_tool_collapse.gif HTTP/1.1" 200 246
58.37.228.113 - - [21/Apr/2021:10:11:34 +0800] "GET /xingrg/check_reg.html?_=1618971095691 HTTP/1.1" 200 22
58.37.228.113 - - [21/Apr/2021:10:11:34 +0800] "GET /xingrg/all/function/internal_message.html?_=1618971095690&CODE_STATE=count HTTP/1.1" 200 11
58.37.228.113 - - [21/Apr/2021:10:11:34 +0800] "POST /xingrg/load_menu.html HTTP/1.1" 200 5138
58.37.228.113 - - [21/Apr/2021:10:11:34 +0800] "GET /xingrg/javascript/jquery_easy_ui/themes/default/images/tree_arrows.gif HTTP/1.1" 200 1043
58.37.228.113 - - [21/Apr/2021:10:11:34 +0800] "GET /xingrg/javascript/jquery_easy_ui/themes/default/images/tree_folder_open.gif HTTP/1.1" 200 956
58.37.228.113 - - [21/Apr/2021:10:11:34 +0800] "GET /xingrg/javascript/jquery_easy_ui/themes/icons/storage_new.png HTTP/1.1" 200 853
58.37.228.113 - - [21/Apr/2021:10:11:34 +0800] "GET /xingrg/javascript/jquery_easy_ui/themes/default/images/tree_folder.gif HTTP/1.1" 200 952
58.37.228.113 - - [21/Apr/2021:10:11:34 +0800] "GET /xingrg/javascript/jquery_easy_ui/themes/icons/search_new.png HTTP/1.1" 200 586
58.37.228.113 - - [21/Apr/2021:10:11:34 +0800] "GET /xingrg/javascript/jquery_easy_ui/themes/icons/forms_new.png HTTP/1.1" 200 350
222.70.217.33 - - [21/Apr/2021:10:11:35 +0800] "GET /xingrg/kc/buy/cgsh_order_operate.html?command=get_materiel&rest_code=00155&code=00101008352&supplier_code=00100005&order_time=2021-04-21 HTTP/1.1" 200 412
58.37.228.113 - - [21/Apr/2021:10:11:35 +0800] "GET /xingrg/javascript/jquery_easy_ui/themes/default/images/tabs_close.gif HTTP/1.1" 200 829
58.37.228.113 - - [21/Apr/2021:10:11:35 +0800] "GET /xingrg/kc/buy/buy_main.html HTTP/1.1" 200 12412
58.37.228.113 - - [21/Apr/2021:10:11:36 +0800] "GET /xingrg/css/new_ie.css HTTP/1.1" 404 1036
58.37.228.113 - - [21/Apr/2021:10:11:36 +0800] "GET /xingrg/javascript/ToolTips.js HTTP/1.1" 200 5615
58.37.228.113 - - [21/Apr/2021:10:11:36 +0800] "GET /xingrg/javascript/pic_change.js HTTP/1.1" 200 4739
58.37.228.113 - - [21/Apr/2021:10:11:36 +0800] "GET /xingrg/css/blue.css HTTP/1.1" 200 15949
58.37.228.113 - - [21/Apr/2021:10:11:36 +0800] "GET /xingrg/javascript/jquery_ui/themes/humanity/humanity.css HTTP/1.1" 200 27801
58.37.228.113 - - [21/Apr/2021:10:11:36 +0800] "GET /xingrg/javascript/myfunction.js HTTP/1.1" 200 24559
58.37.228.113 - - [21/Apr/2021:10:11:36 +0800] "GET /xingrg/javascript/jquery_ui/jquery-ui.min.js HTTP/1.1" 200 186181
58.37.228.113 - - [21/Apr/2021:10:11:36 +0800] "GET /xingrg/images/blue/button/cgydd.gif HTTP/1.1" 200 2712
58.37.228.113 - - [21/Apr/2021:10:11:36 +0800] "GET /xingrg/images/blue/button/cgxqd.gif HTTP/1.1" 200 2619
58.37.228.113 - - [21/Apr/2021:10:11:36 +0800] "GET /xingrg/images/blue/button/cgfkd.gif HTTP/1.1" 200 2075
58.37.228.113 - - [21/Apr/2021:10:11:36 +0800] "GET /xingrg/images/blue/button/cgshd.gif HTTP/1.1" 200 2618
58.37.228.113 - - [21/Apr/2021:10:11:36 +0800] "GET /xingrg/images/blue/button/ckthd.gif HTTP/1.1" 200 2045
58.37.228.113 - - [21/Apr/2021:10:11:36 +0800] "GET /xingrg/images/blue/button/kc.gif HTTP/1.1" 200 2160
58.37.228.113 - - [21/Apr/2021:10:11:36 +0800] "GET /xingrg/images/blue/pic_form2.gif HTTP/1.1" 200 1853
58.37.228.113 - - [21/Apr/2021:10:11:36 +0800] "GET /xingrg/images/blue/button/down_ah.jpg HTTP/1.1" 200 1732
58.37.228.113 - - [21/Apr/2021:10:11:36 +0800] "GET /xingrg/images/blue/bg_dotted.jpg HTTP/1.1" 200 319
58.37.228.113 - - [21/Apr/2021:10:11:36 +0800] "GET /xingrg/images/blue/button/right_ah.jpg HTTP/1.1" 200 1744
58.37.228.113 - - [21/Apr/2021:10:11:36 +0800] "GET /xingrg/javascript/jquery_ui/themes/humanity/images/ui-bg_inset-soft_100_f4f0ec_1x100.png HTTP/1.1" 200 141
58.37.228.113 - - [21/Apr/2021:10:11:36 +0800] "GET /xingrg/javascript/jquery_ui/themes/humanity/images/ui-icons_c47a23_256x240.png HTTP/1.1" 200 5355
58.37.228.113 - - [21/Apr/2021:10:11:36 +0800] "GET /xingrg/kc/buy/cgsh_order_list.html HTTP/1.1" 200 46416
58.37.228.113 - - [21/Apr/2021:10:11:36 +0800] "GET /xingrg/css/base.css HTTP/1.1" 200 2811
58.37.228.113 - - [21/Apr/2021:10:11:36 +0800] "GET /xingrg/css/site.css HTTP/1.1" 200 7541
58.37.228.113 - - [21/Apr/2021:10:11:36 +0800] "GET /xingrg/javascript/jquery_tools/datebox.css HTTP/1.1" 200 2597
58.37.228.113 - - [21/Apr/2021:10:11:36 +0800] "GET /xingrg/javascript/easyui/themes/icon.css HTTP/1.1" 200 4483
58.37.228.113 - - [21/Apr/2021:10:11:36 +0800] "GET /xingrg/javascript/auto/jquery.autocomplete.css HTTP/1.1" 200 587
58.37.228.113 - - [21/Apr/2021:10:11:37 +0800] "GET /xingrg/javascript/easyui/themes/default/easyui.css HTTP/1.1" 200 30432
58.37.228.113 - - [21/Apr/2021:10:11:37 +0800] "GET /xingrg/javascript/jquery_tools/fix.css HTTP/1.1" 200 1702
58.37.228.113 - - [21/Apr/2021:10:11:37 +0800] "GET /xingrg/javascript/jquery_tools/table.css HTTP/1.1" 200 1032
58.37.228.113 - - [21/Apr/2021:10:11:37 +0800] "GET /xingrg/javascript/jquery_tools/jquery.tools.min.js HTTP/1.1" 200 138801
58.37.228.113 - - [21/Apr/2021:10:11:37 +0800] "GET /xingrg/javascript/jquery_tools/jquery.tools.hotkey.js HTTP/1.1" 200 3242
58.37.228.113 - - [21/Apr/2021:10:11:37 +0800] "GET /xingrg/javascript/jquery_tools/jquery.tools.table.js HTTP/1.1" 200 6994
58.37.228.113 - - [21/Apr/2021:10:11:37 +0800] "GET /xingrg/javascript/jquery_tools/jquery.tools.extend.js HTTP/1.1" 200 15385
58.37.228.113 - - [21/Apr/2021:10:11:37 +0800] "GET /xingrg/javascript/jquery_tools/list_manager.js HTTP/1.1" 200 3652
58.37.228.113 - - [21/Apr/2021:10:11:37 +0800] "GET /xingrg/javascript/easyui/easyloader.js HTTP/1.1" 200 5975
58.37.228.113 - - [21/Apr/2021:10:11:37 +0800] "GET /xingrg/javascript/jquery.cookie.js HTTP/1.1" 200 5513
58.37.228.113 - - [21/Apr/2021:10:11:37 +0800] "GET /xingrg/javascript/print/LodopFuncs.js HTTP/1.1" 200 5121
58.37.228.113 - - [21/Apr/2021:10:11:37 +0800] "GET /xingrg/javascript/auto/jquery.autocomplete.js HTTP/1.1" 200 21624
58.37.228.113 - - [21/Apr/2021:10:11:37 +0800] "GET /xingrg/javascript/easyui/themes/icons/import_new.png HTTP/1.1" 200 1247
58.37.228.113 - - [21/Apr/2021:10:11:37 +0800] "GET /xingrg/javascript/easyui/themes/icons/edit_add_new.png HTTP/1.1" 200 2997
58.37.228.113 - - [21/Apr/2021:10:11:37 +0800] "GET /xingrg/javascript/easyui/themes/icons/field_new.png HTTP/1.1" 200 1097
58.37.228.113 - - [21/Apr/2021:10:11:37 +0800] "GET /xingrg/javascript/easyui/themes/icons/cance_new.png HTTP/1.1" 200 3986
58.37.228.113 - - [21/Apr/2021:10:11:37 +0800] "GET /xingrg/javascript/easyui/themes/icons/check_new.png HTTP/1.1" 200 3224
114.88.160.164 - - [21/Apr/2021:10:11:37 +0800] "GET /xingrg/all/function/internal_message.html?_=1618971095775&CODE_STATE=getMsg HTTP/1.1" 200 27
58.37.228.113 - - [21/Apr/2021:10:11:37 +0800] "GET /xingrg/javascript/easyui/plugins/jquery.parser.js HTTP/1.1" 200 1142
58.37.228.113 - - [21/Apr/2021:10:11:37 +0800] "GET /xingrg/images/control/ajaxLoader.gif HTTP/1.1" 200 4659
61.165.42.208 - - [21/Apr/2021:10:11:39 +0800] "GET /xingrg/all/function/internal_message.html?_=1618971101250&CODE_STATE=getMsg HTTP/1.1" 200 27
58.37.228.113 - - [21/Apr/2021:10:11:39 +0800] "POST /xingrg/kc/buy/cgsh_list_operate.html HTTP/1.1" 200 1679
58.37.228.113 - - [21/Apr/2021:10:11:39 +0800] "GET /xingrg/javascript/easyui/themes/default/images/button_plain_hover.png HTTP/1.1" 200 144
61.165.42.208 - - [21/Apr/2021:10:11:40 +0800] "GET /xingrg/kc/buy/cgsh_order_operate.html?command=get_materiel&rest_code=00105&code=00101006109&supplier_code=00100012&order_time=2021-04-21 HTTP/1.1" 200 409
222.70.217.33 - - [21/Apr/2021:10:11:43 +0800] "GET /xingrg/kc/buy/cgsh_order_operate.html?command=get_materiel&rest_code=00155&code=00101008371&supplier_code=00100005&order_time=2021-04-21 HTTP/1.1" 200 412
180.169.147.146 - - [21/Apr/2021:10:11:44 +0800] "GET /xingrg/all/function/internal_message.html?_=1618971104868&CODE_STATE=getMsg HTTP/1.1" 200 27
222.70.217.33 - - [21/Apr/2021:10:11:44 +0800] "POST /xingrg/kc/buy/cgsh_order_operate.html HTTP/1.1" 200 2065
116.224.253.72 - - [21/Apr/2021:10:11:48 +0800] "GET /xingrg/all/function/internal_message.html?_=1618971109544&CODE_STATE=getMsg HTTP/1.1" 200 27
222.70.217.33 - - [21/Apr/2021:10:11:49 +0800] "GET /xingrg/kc/buy/cgsh_order_operate.html?command=get_materiel&rest_code=00155&code=00101008353&supplier_code=00100005&order_time=2021-04-21 HTTP/1.1" 200 408
116.230.114.112 - - [21/Apr/2021:10:11:49 +0800] "GET /xingrg/all/function/internal_message.html?_=1618971118351&CODE_STATE=getMsg HTTP/1.1" 302 -
58.37.228.113 - - [21/Apr/2021:10:11:53 +0800] "GET /xingrg/kc/buy/cgsh_order_add.html HTTP/1.1" 200 62154
58.37.228.113 - - [21/Apr/2021:10:11:53 +0800] "GET /xingrg/javascript/convert.js HTTP/1.1" 200 1239
58.37.228.113 - - [21/Apr/2021:10:11:53 +0800] "GET /xingrg/words/20210420115334_words.js HTTP/1.1" 200 806665
58.37.228.113 - - [21/Apr/2021:10:11:53 +0800] "GET /xingrg/javascript/jquery_tools/order_manager.js HTTP/1.1" 200 11183
58.37.228.113 - - [21/Apr/2021:10:11:53 +0800] "GET /xingrg/javascript/print/kc_print.js HTTP/1.1" 200 11415
58.37.228.113 - - [21/Apr/2021:10:11:53 +0800] "GET /xingrg/javascript/json2.js HTTP/1.1" 200 11259
58.37.228.113 - - [21/Apr/2021:10:11:53 +0800] "GET /xingrg/javascript/easyui/themes/icons/copy_new.png HTTP/1.1" 200 815
58.37.228.113 - - [21/Apr/2021:10:11:53 +0800] "GET /xingrg/javascript/easyui/themes/icons/template_new.png HTTP/1.1" 200 3956
58.37.228.113 - - [21/Apr/2021:10:11:53 +0800] "GET /xingrg/javascript/easyui/themes/icons/print.png HTTP/1.1" 200 1057
58.37.228.113 - - [21/Apr/2021:10:11:53 +0800] "GET /xingrg/javascript/easyui/themes/icons/ok.png HTTP/1.1" 200 883
58.37.228.113 - - [21/Apr/2021:10:11:53 +0800] "GET /xingrg/javascript/easyui/themes/default/images/menu_downarrow.png HTTP/1.1" 200 173
58.37.228.113 - - [21/Apr/2021:10:11:53 +0800] "GET /xingrg/javascript/easyui/themes/icons/cancel.png HTTP/1.1" 200 1133
58.37.228.113 - - [21/Apr/2021:10:11:53 +0800] "POST /xingrg/kc/buy/cgsh_order_operate.html HTTP/1.1" 200 8245
58.37.228.113 - - [21/Apr/2021:10:11:53 +0800] "GET /xingrg/all/common/auto_word.html?type=employee&rest_code=00141 HTTP/1.1" 200 201
58.37.228.113 - - [21/Apr/2021:10:11:53 +0800] "GET /xingrg/javascript/easyui/themes/icons/edit_remove.png HTTP/1.1" 200 625
58.37.228.113 - - [21/Apr/2021:10:11:53 +0800] "GET /xingrg/all/common/auto_word.html?type=employee&rest_code=00141 HTTP/1.1" 200 201
58.37.228.113 - - [21/Apr/2021:10:11:53 +0800] "GET /xingrg/javascript/easyui/themes/default/validatebox.css HTTP/1.1" 404 1104
58.37.228.113 - - [21/Apr/2021:10:11:53 +0800] "GET /xingrg/javascript/easyui/plugins/jquery.validatebox.js HTTP/1.1" 200 6103
58.37.228.113 - - [21/Apr/2021:10:11:53 +0800] "GET /xingrg/javascript/easyui/plugins/jquery.numberbox.js HTTP/1.1" 200 5213
61.165.42.208 - - [21/Apr/2021:10:11:54 +0800] "GET /xingrg/kc/buy/cgsh_order_operate.html?command=get_materiel&rest_code=00105&code=00101006177&supplier_code=00100012&order_time=2021-04-21 HTTP/1.1" 200 409
222.70.217.33 - - [21/Apr/2021:10:11:55 +0800] "GET /xingrg/kc/buy/cgsh_order_operate.html?command=get_materiel&rest_code=00155&code=00101008095&supplier_code=00100005&order_time=2021-04-21 HTTP/1.1" 200 412
116.238.141.202 - - [21/Apr/2021:10:11:56 +0800] "GET /xingrg/check_reg.html?_=1618971396138 HTTP/1.1" 200 22
114.83.220.63 - - [21/Apr/2021:10:11:57 +0800] "GET /xingrg/all/function/internal_message.html?_=1618971118473&CODE_STATE=getMsg HTTP/1.1" 200 27
124.77.71.179 - - [21/Apr/2021:10:12:01 +0800] "GET /xingrg/all/function/internal_message.html?_=1618971117908&CODE_STATE=getMsg HTTP/1.1" 200 27
117.184.7.30 - - [21/Apr/2021:10:12:01 +0800] "GET /xingrg/all/function/internal_message.html?_=1618971119976&CODE_STATE=getMsg HTTP/1.1" 200 27
116.224.253.72 - - [21/Apr/2021:10:12:01 +0800] "GET /xingrg/check_reg.html?_=1618971107069 HTTP/1.1" 200 22
116.224.253.72 - - [21/Apr/2021:10:12:01 +0800] "GET /xingrg/all/function/internal_message.html?_=1618971107628&CODE_STATE=getMsg HTTP/1.1" 200 27
222.70.217.33 - - [21/Apr/2021:10:12:02 +0800] "GET /xingrg/kc/buy/cgsh_order_operate.html?command=get_materiel&rest_code=00155&code=00101008242&supplier_code=00100005&order_time=2021-04-21 HTTP/1.1" 200 408
116.238.141.202 - - [21/Apr/2021:10:12:02 +0800] "GET /xingrg/all/function/internal_message.html?_=1618971401393&CODE_STATE=getMsg HTTP/1.1" 200 27
114.86.231.92 - - [21/Apr/2021:10:12:02 +0800] "GET /xingrg/all/function/internal_message.html?_=1618971129041&CODE_STATE=getMsg HTTP/1.1" 200 27
114.86.231.92 - - [21/Apr/2021:10:12:02 +0800] "GET /xingrg/check_reg.html?_=1618971129041 HTTP/1.1" 200 22
116.230.114.112 - - [21/Apr/2021:10:12:02 +0800] "GET /xingrg/check_reg.html?_=1618971132955 HTTP/1.1" 200 22
116.230.114.112 - - [21/Apr/2021:10:12:04 +0800] "GET /xingrg/all/function/internal_message.html?_=1618971135209&CODE_STATE=getMsg HTTP/1.1" 200 27
117.185.32.26 - - [21/Apr/2021:10:12:08 +0800] "GET /xingrg/javascript/easyui/themes/default/tree.css HTTP/1.1" 404 1090
117.185.32.26 - - [21/Apr/2021:10:12:08 +0800] "POST /xingrg/all/common/load_tree.html?tree=supplier_tree_json&isDelete=1 HTTP/1.1" 200 54827
58.40.7.146 - - [21/Apr/2021:10:12:08 +0800] "GET /xingrg/all/function/internal_message.html?_=1618971129202&CODE_STATE=getMsg HTTP/1.1" 200 27
222.70.217.33 - - [21/Apr/2021:10:12:09 +0800] "GET /xingrg/kc/buy/cgsh_order_operate.html?command=get_materiel&rest_code=00155&code=00101008283&supplier_code=00100005&order_time=2021-04-21 HTTP/1.1" 200 408
114.86.187.76 - - [21/Apr/2021:10:12:09 +0800] "GET /xingrg/all/function/internal_message.html?_=1618971130398&CODE_STATE=getMsg HTTP/1.1" 200 27
61.165.42.208 - - [21/Apr/2021:10:12:10 +0800] "GET /xingrg/kc/buy/cgsh_order_operate.html?command=get_materiel&rest_code=00105&code=00101006106&supplier_code=00100012&order_time=2021-04-21 HTTP/1.1" 200 421
180.169.147.146 - - [21/Apr/2021:10:12:12 +0800] "GET /xingrg/all/function/internal_message.html?_=1618971136611&CODE_STATE=getMsg HTTP/1.1" 200 27
180.169.147.146 - - [21/Apr/2021:10:12:14 +0800] "GET /xingrg/all/function/internal_message.html?_=1618971134565&CODE_STATE=getMsg HTTP/1.1" 200 27
222.70.217.33 - - [21/Apr/2021:10:12:15 +0800] "GET /xingrg/kc/buy/cgsh_order_operate.html?command=get_materiel&rest_code=00155&code=00101008131&supplier_code=00100005&order_time=2021-04-21 HTTP/1.1" 200 408
180.169.147.146 - - [21/Apr/2021:10:12:17 +0800] "GET /xingrg/all/function/internal_message.html?_=1618971137463&CODE_STATE=getMsg HTTP/1.1" 302 -
222.70.217.33 - - [21/Apr/2021:10:12:17 +0800] "POST /xingrg/kc/buy/cgsh_order_operate.html HTTP/1.1" 200 2065
180.169.147.146 - - [21/Apr/2021:10:12:19 +0800] "GET /xingrg/all/function/internal_message.html?_=1618971136798&CODE_STATE=getMsg HTTP/1.1" 200 27
58.37.228.113 - - [21/Apr/2021:10:12:19 +0800] "GET /xingrg/javascript/jquery_tools/images/prev.gif HTTP/1.1" 404 1086
58.37.228.113 - - [21/Apr/2021:10:12:19 +0800] "GET /xingrg/javascript/jquery_tools/images/next.gif HTTP/1.1" 404 1086
222.70.217.33 - - [21/Apr/2021:10:12:21 +0800] "GET /xingrg/check_reg.html?_=1618971141521 HTTP/1.1" 200 22
222.70.217.33 - - [21/Apr/2021:10:12:21 +0800] "GET /xingrg/all/function/internal_message.html?_=1618971141520&CODE_STATE=getMsg HTTP/1.1" 200 27
222.70.217.33 - - [21/Apr/2021:10:12:21 +0800] "GET /xingrg/kc/buy/cgsh_order_operate.html?command=get_materiel&rest_code=00155&code=00101008558&supplier_code=00100005&order_time=2021-04-21 HTTP/1.1" 200 395
117.185.32.26 - - [21/Apr/2021:10:12:22 +0800] "GET /xingrg/all/function/internal_message.html?_=1618971667806&CODE_STATE=getMsg HTTP/1.1" 200 27
58.37.228.113 - - [21/Apr/2021:10:12:24 +0800] "GET /xingrg/kc/buy/cgsh_order_operate.html?command=get_materiel&rest_code=00141&code=00101008185&supplier_code=00100007&order_time=2021-04-21 HTTP/1.1" 200 408
180.169.147.146 - - [21/Apr/2021:10:12:24 +0800] "GET /xingrg/all/function/internal_message.html?_=1618971150748&CODE_STATE=getMsg HTTP/1.1" 302 -
117.185.32.26 - - [21/Apr/2021:10:12:24 +0800] "GET /xingrg/all/function/internal_message.html?_=1618971143715&CODE_STATE=getMsg HTTP/1.1" 200 27
222.70.217.33 - - [21/Apr/2021:10:12:31 +0800] "GET /xingrg/kc/buy/cgsh_order_operate.html?command=get_materiel&rest_code=00155&code=00101008150&supplier_code=00100005&order_time=2021-04-21 HTTP/1.1" 200 408
58.37.228.113 - - [21/Apr/2021:10:12:31 +0800] "GET /xingrg/kc/buy/cgsh_order_operate.html?command=get_materiel&rest_code=00141&code=00101010089&supplier_code=00100007&order_time=2021-04-21 HTTP/1.1" 200 412
58.37.228.113 - - [21/Apr/2021:10:12:34 +0800] "GET /xingrg/all/function/internal_message.html?_=1618971155695&CODE_STATE=getMsg HTTP/1.1" 200 27
114.88.160.164 - - [21/Apr/2021:10:12:35 +0800] "GET /xingrg/check_reg.html?_=1618971154382 HTTP/1.1" 200 22
58.37.228.113 - - [21/Apr/2021:10:12:36 +0800] "GET /xingrg/kc/buy/cgsh_order_operate.html?command=get_materiel&rest_code=00141&code=00101008354&supplier_code=00100007&order_time=2021-04-21 HTTP/1.1" 200 412
101.91.60.105 - - [21/Apr/2021:10:12:37 +0800] "GET /xingrg/index.html?sysBaseUrl=http://180.169.147.146:18081/xingrg/&costTime=34×tamp=1585622960984 HTTP/1.1" 302 -
114.88.160.164 - - [21/Apr/2021:10:12:37 +0800] "GET /xingrg/all/function/internal_message.html?_=1618971155788&CODE_STATE=getMsg HTTP/1.1" 200 27
222.70.217.33 - - [21/Apr/2021:10:12:38 +0800] "GET /xingrg/kc/buy/cgsh_order_operate.html?command=get_materiel&rest_code=00155&code=00101008223&supplier_code=00100005&order_time=2021-04-21 HTTP/1.1" 200 412
61.165.42.208 - - [21/Apr/2021:10:12:39 +0800] "GET /xingrg/all/function/internal_message.html?_=1618971161284&CODE_STATE=getMsg HTTP/1.1" 200 27
58.37.228.113 - - [21/Apr/2021:10:12:42 +0800] "GET /xingrg/kc/buy/cgsh_order_operate.html?command=get_materiel&rest_code=00141&code=00101008096&supplier_code=00100007&order_time=2021-04-21 HTTP/1.1" 200 412
101.91.60.105 - - [21/Apr/2021:10:12:43 +0800] "GET /xingrg/login.html HTTP/1.1" 200 7641
180.169.147.146 - - [21/Apr/2021:10:12:44 +0800] "GET /xingrg/all/function/internal_message.html?_=1618971164849&CODE_STATE=getMsg HTTP/1.1" 200 27
58.37.228.113 - - [21/Apr/2021:10:12:47 +0800] "GET /xingrg/kc/buy/cgsh_order_operate.html?command=get_materiel&rest_code=00141&code=00101008038&supplier_code=00100007&order_time=2021-04-21 HTTP/1.1" 200 412
116.230.114.112 - - [21/Apr/2021:10:12:47 +0800] "GET /xingrg/check_reg.html?_=1618971176679 HTTP/1.1" 302 -
116.224.253.72 - - [21/Apr/2021:10:12:48 +0800] "GET /xingrg/all/function/internal_message.html?_=1618971169546&CODE_STATE=getMsg HTTP/1.1" 200 27
116.230.114.112 - - [21/Apr/2021:10:12:49 +0800] "GET /xingrg/all/function/internal_message.html?_=1618971178365&CODE_STATE=getMsg HTTP/1.1" 302 -
117.185.32.26 - - [21/Apr/2021:10:12:52 +0800] "GET /xingrg/javascript/auto/indicator.gif HTTP/1.1" 404 1066
58.37.228.113 - - [21/Apr/2021:10:12:54 +0800] "GET /xingrg/kc/buy/cgsh_order_operate.html?command=get_materiel&rest_code=00141&code=00101008163&supplier_code=00100007&order_time=2021-04-21 HTTP/1.1" 200 409
117.185.32.26 - - [21/Apr/2021:10:12:55 +0800] "GET /xingrg/kc/buy/cgsh_order_operate.html?command=get_materiel&rest_code=00106&code=00101006094&supplier_code=00100016&order_time=2021-04-21 HTTP/1.1" 200 410
222.70.217.33 - - [21/Apr/2021:10:12:55 +0800] "POST /xingrg/kc/buy/cgsh_order_operate.html HTTP/1.1" 200 2065
114.83.220.63 - - [21/Apr/2021:10:12:57 +0800] "GET /xingrg/all/function/internal_message.html?_=1618971178464&CODE_STATE=getMsg HTTP/1.1" 200 27
61.165.42.208 - - [21/Apr/2021:10:13:00 +0800] "POST /xingrg/kc/buy/cgsh_order_operate.html HTTP/1.1" 200 37
222.70.217.33 - - [21/Apr/2021:10:13:01 +0800] "GET /xingrg/kc/buy/cgsh_order_operate.html?command=get_materiel&rest_code=00155&code=00101008041&supplier_code=00100005&order_time=2021-04-21 HTTP/1.1" 200 408
124.77.71.179 - - [21/Apr/2021:10:13:01 +0800] "GET /xingrg/all/function/internal_message.html?_=1618971177912&CODE_STATE=getMsg HTTP/1.1" 200 27
117.184.7.30 - - [21/Apr/2021:10:13:01 +0800] "GET /xingrg/all/function/internal_message.html?_=1618971179980&CODE_STATE=getMsg HTTP/1.1" 200 27
58.37.228.113 - - [21/Apr/2021:10:13:01 +0800] "GET /xingrg/kc/buy/cgsh_order_operate.html?command=get_materiel&rest_code=00141&code=00101008355&supplier_code=00100007&order_time=2021-04-21 HTTP/1.1" 200 408
116.224.253.72 - - [21/Apr/2021:10:13:01 +0800] "GET /xingrg/all/function/internal_message.html?_=1618971167644&CODE_STATE=getMsg HTTP/1.1" 200 27
116.238.141.202 - - [21/Apr/2021:10:13:02 +0800] "GET /xingrg/all/function/internal_message.html?_=1618971461408&CODE_STATE=getMsg HTTP/1.1" 200 27
114.86.231.92 - - [21/Apr/2021:10:13:02 +0800] "GET /xingrg/all/function/internal_message.html?_=1618971189043&CODE_STATE=getMsg HTTP/1.1" 200 27
116.230.114.112 - - [21/Apr/2021:10:13:04 +0800] "GET /xingrg/all/function/internal_message.html?_=1618971195224&CODE_STATE=getMsg HTTP/1.1" 200 27
58.37.228.113 - - [21/Apr/2021:10:13:06 +0800] "GET /xingrg/kc/buy/cgsh_order_operate.html?command=get_materiel&rest_code=00141&code=00101008264&supplier_code=00100007&order_time=2021-04-21 HTTP/1.1" 200 412
58.40.7.146 - - [21/Apr/2021:10:13:08 +0800] "GET /xingrg/all/function/internal_message.html?_=1618971189204&CODE_STATE=getMsg HTTP/1.1" 200 27
58.40.7.146 - - [21/Apr/2021:10:13:08 +0800] "GET /xingrg/check_reg.html?_=1618971189206 HTTP/1.1" 200 22
114.86.187.76 - - [21/Apr/2021:10:13:09 +0800] "GET /xingrg/all/function/internal_message.html?_=1618971190411&CODE_STATE=getMsg HTTP/1.1" 200 27
180.169.147.146 - - [21/Apr/2021:10:13:12 +0800] "GET /xingrg/all/function/internal_message.html?_=1618971196611&CODE_STATE=getMsg HTTP/1.1" 200 27
58.37.228.113 - - [21/Apr/2021:10:13:13 +0800] "GET /xingrg/kc/buy/cgsh_order_operate.html?command=get_materiel&rest_code=00141&code=00101008137&supplier_code=00100007&order_time=2021-04-21 HTTP/1.1" 200 408
180.169.147.146 - - [21/Apr/2021:10:13:14 +0800] "GET /xingrg/all/function/internal_message.html?_=1618971194590&CODE_STATE=getMsg HTTP/1.1" 200 27
222.70.217.33 - - [21/Apr/2021:10:13:14 +0800] "GET /xingrg/kc/buy/cgsh_order_operate.html?command=get_materiel&rest_code=00155&code=00101008036&supplier_code=00100005&order_time=2021-04-21 HTTP/1.1" 200 408
180.169.147.146 - - [21/Apr/2021:10:13:17 +0800] "GET /xingrg/all/function/internal_message.html?_=1618971197462&CODE_STATE=getMsg HTTP/1.1" 302 -
180.169.147.146 - - [21/Apr/2021:10:13:19 +0800] "GET /xingrg/all/function/internal_message.html?_=1618971196769&CODE_STATE=getMsg HTTP/1.1" 200 27
58.37.228.113 - - [21/Apr/2021:10:13:19 +0800] "GET /xingrg/kc/buy/cgsh_order_operate.html?command=get_materiel&rest_code=00141&code=00101008360&supplier_code=00100007&order_time=2021-04-21 HTTP/1.1" 200 412
222.70.217.33 - - [21/Apr/2021:10:13:21 +0800] "GET /xingrg/all/function/internal_message.html?_=1618971201519&CODE_STATE=getMsg HTTP/1.1" 200 27
117.185.32.26 - - [21/Apr/2021:10:13:22 +0800] "GET /xingrg/all/function/internal_message.html?_=1618971727808&CODE_STATE=getMsg HTTP/1.1" 200 27
117.185.32.26 - - [21/Apr/2021:10:13:24 +0800] "GET /xingrg/all/function/internal_message.html?_=1618971203574&CODE_STATE=getMsg HTTP/1.1" 200 27
180.169.147.146 - - [21/Apr/2021:10:13:24 +0800] "GET /xingrg/all/function/internal_message.html?_=1618971210747&CODE_STATE=getMsg HTTP/1.1" 302 -
117.185.32.26 - - [21/Apr/2021:10:13:25 +0800] "GET /xingrg/kc/buy/cgsh_order_operate.html?command=get_materiel&rest_code=00106&code=00101007067&supplier_code=00100016&order_time=2021-04-21 HTTP/1.1" 200 411
58.37.228.113 - - [21/Apr/2021:10:13:25 +0800] "GET /xingrg/kc/buy/cgsh_order_operate.html?command=get_materiel&rest_code=00141&code=00101008077&supplier_code=00100007&order_time=2021-04-21 HTTP/1.1" 200 416
58.37.228.113 - - [21/Apr/2021:10:13:32 +0800] "GET /xingrg/kc/buy/cgsh_order_operate.html?command=get_materiel&rest_code=00141&code=00101008357&supplier_code=00100007&order_time=2021-04-21 HTTP/1.1" 200 408
58.37.228.113 - - [21/Apr/2021:10:13:34 +0800] "GET /xingrg/all/function/internal_message.html?_=1618971215699&CODE_STATE=getMsg HTTP/1.1" 200 27
180.169.147.146 - - [21/Apr/2021:10:13:35 +0800] "POST /xingrg/kc/buy/cgsh_list_operate.html HTTP/1.1" 200 5898
120.204.17.73 - - [21/Apr/2021:10:13:36 +0800] "GET /xingrg/all/function/internal_message.html?_=1618971143715&CODE_STATE=getMsg HTTP/1.1" 302 -
114.88.160.164 - - [21/Apr/2021:10:13:37 +0800] "GET /xingrg/all/function/internal_message.html?_=1618971215802&CODE_STATE=getMsg HTTP/1.1" 200 27
58.37.228.113 - - [21/Apr/2021:10:13:38 +0800] "GET /xingrg/javascript/auto/indicator.gif HTTP/1.1" 404 1066
58.37.228.113 - - [21/Apr/2021:10:13:39 +0800] "GET /xingrg/kc/buy/cgsh_order_operate.html?command=get_materiel&rest_code=00141&code=00101008286&supplier_code=00100007&order_time=2021-04-21 HTTP/1.1" 200 408
120.204.17.73 - - [21/Apr/2021:10:13:40 +0800] "GET /xingrg/login.html HTTP/1.1" 200 7641
180.169.147.146 - - [21/Apr/2021:10:13:44 +0800] "GET /xingrg/all/function/internal_message.html?_=1618971224837&CODE_STATE=getMsg HTTP/1.1" 200 27
117.185.32.26 - - [21/Apr/2021:10:13:44 +0800] "POST /xingrg/kc/buy/cgsh_order_operate.html HTTP/1.1" 200 37
222.70.217.33 - - [21/Apr/2021:10:13:44 +0800] "POST /xingrg/kc/buy/cgsh_order_operate.html HTTP/1.1" 200 88
180.169.147.146 - - [21/Apr/2021:10:13:46 +0800] "POST /xingrg/kc/buy/cgsh_list_operate.html HTTP/1.1" 200 6004
116.224.253.72 - - [21/Apr/2021:10:13:48 +0800] "GET /xingrg/all/function/internal_message.html?_=1618971229544&CODE_STATE=getMsg HTTP/1.1" 200 27
116.224.253.72 - - [21/Apr/2021:10:13:48 +0800] "GET /xingrg/check_reg.html?_=1618971229547 HTTP/1.1" 200 22
116.230.114.112 - - [21/Apr/2021:10:13:49 +0800] "GET /xingrg/all/function/internal_message.html?_=1618971238381&CODE_STATE=getMsg HTTP/1.1" 302 -
222.70.217.33 - - [21/Apr/2021:10:13:50 +0800] "POST /xingrg/kc/buy/cgsh_order_operate.html HTTP/1.1" 200 37
180.169.147.146 - - [21/Apr/2021:10:13:50 +0800] "POST /xingrg/kc/buy/cgsh_list_operate.html HTTP/1.1" 200 290
117.185.32.26 - - [21/Apr/2021:10:13:50 +0800] "POST /xingrg/kc/buy/cgsh_order_operate.html HTTP/1.1" 200 12
180.169.147.146 - - [21/Apr/2021:10:13:51 +0800] "GET /xingrg/kc/buy/cgsh_order_info.html?code=212021042008412 HTTP/1.1" 200 57022
180.169.147.146 - - [21/Apr/2021:10:13:51 +0800] "GET /xingrg/words/20210420115334_words.js HTTP/1.1" 304 -
180.169.147.146 - - [21/Apr/2021:10:13:52 +0800] "GET /xingrg/javascript/easyui/themes/default/validatebox.css HTTP/1.1" 404 1104
58.37.228.113 - - [21/Apr/2021:10:13:52 +0800] "GET /xingrg/kc/buy/cgsh_order_operate.html?command=get_materiel&rest_code=00141&code=00101008036&supplier_code=00100007&order_time=2021-04-21 HTTP/1.1" 200 408
222.70.217.33 - - [21/Apr/2021:10:13:52 +0800] "POST /xingrg/kc/buy/cgsh_order_operate.html HTTP/1.1" 200 26891
117.185.32.26 - - [21/Apr/2021:10:13:52 +0800] "GET /xingrg/kc/buy/cgsh_order_info.html?code=212021042108701 HTTP/1.1" 200 57058
180.169.147.146 - - [21/Apr/2021:10:13:52 +0800] "POST /xingrg/kc/buy/cgsh_order_operate.html HTTP/1.1" 200 1227
117.185.32.26 - - [21/Apr/2021:10:13:53 +0800] "GET /xingrg/javascript/easyui/themes/default/validatebox.css HTTP/1.1" 404 1104
180.169.147.146 - - [21/Apr/2021:10:13:53 +0800] "GET /xingrg/kc/print/load_config.html?kc_code=cgsh HTTP/1.1" 200 1845
180.169.147.146 - - [21/Apr/2021:10:13:53 +0800] "GET /xingrg/kc/print/load_data.html?order_code=212021042008412&kc_code=cgsh&condition= HTTP/1.1" 200 970
117.185.32.26 - - [21/Apr/2021:10:13:53 +0800] "POST /xingrg/kc/buy/cgsh_order_operate.html HTTP/1.1" 200 1196
222.70.217.33 - - [21/Apr/2021:10:13:54 +0800] "GET /xingrg/kc/print/load_data.html?order_code=212021042108703&kc_code=cgsh&condition= HTTP/1.1" 200 9881
117.185.32.26 - - [21/Apr/2021:10:13:54 +0800] "GET /xingrg/kc/print/load_config.html?kc_code=cgsh HTTP/1.1" 200 1845
117.185.32.26 - - [21/Apr/2021:10:13:54 +0800] "GET /xingrg/kc/print/load_data.html?order_code=212021042108701&kc_code=cgsh&condition= HTTP/1.1" 200 980
114.83.220.63 - - [21/Apr/2021:10:13:57 +0800] "GET /xingrg/kc/report/report_main.html HTTP/1.1" 200 7345
114.83.220.63 - - [21/Apr/2021:10:13:57 +0800] "GET /xingrg/all/function/internal_message.html?_=1618971238438&CODE_STATE=getMsg HTTP/1.1" 200 27
58.37.228.113 - - [21/Apr/2021:10:13:58 +0800] "GET /xingrg/kc/buy/cgsh_order_operate.html?command=get_materiel&rest_code=00141&code=00101008318&supplier_code=00100007&order_time=2021-04-21 HTTP/1.1" 200 408
114.83.220.63 - - [21/Apr/2021:10:13:59 +0800] "GET /xingrg/all/report/report_query.html?fileName=kc/buy/wlcg_cate_hz.xml HTTP/1.1" 200 53941
114.83.220.63 - - [21/Apr/2021:10:13:59 +0800] "GET /xingrg/dwr/interface/AjaxReportQueryService.js HTTP/1.1" 200 13203
114.83.220.63 - - [21/Apr/2021:10:13:59 +0800] "GET /xingrg/dwr/util.js HTTP/1.1" 200 35990
114.83.220.63 - - [21/Apr/2021:10:13:59 +0800] "GET /xingrg/dwr/engine.js HTTP/1.1" 200 43631
114.83.220.63 - - [21/Apr/2021:10:13:59 +0800] "POST /xingrg/dwr/call/plaincall/AjaxReportQueryService.getFixDate.dwr HTTP/1.1" 200 111
114.83.220.63 - - [21/Apr/2021:10:13:59 +0800] "POST /xingrg/all/common/load_tree.html?tree=supplier_tree_json&manage=1 HTTP/1.1" 200 55684
114.83.220.63 - - [21/Apr/2021:10:14:00 +0800] "POST /xingrg/all/common/load_tree.html?tree=materiel_sort_tree_json HTTP/1.1" 200 8666
114.83.220.63 - - [21/Apr/2021:10:14:00 +0800] "POST /xingrg/all/common/load_tree.html?tree=base_tree_json HTTP/1.1" 200 3769
124.77.71.179 - - [21/Apr/2021:10:14:01 +0800] "GET /xingrg/all/function/internal_message.html?_=1618971237912&CODE_STATE=getMsg HTTP/1.1" 200 27
117.184.7.30 - - [21/Apr/2021:10:14:01 +0800] "GET /xingrg/all/function/internal_message.html?_=1618971239985&CODE_STATE=getMsg HTTP/1.1" 200 27
116.224.253.72 - - [21/Apr/2021:10:14:01 +0800] "GET /xingrg/all/function/internal_message.html?_=1618971227654&CODE_STATE=getMsg HTTP/1.1" 200 27
116.238.141.202 - - [21/Apr/2021:10:14:02 +0800] "GET /xingrg/all/function/internal_message.html?_=1618971521566&CODE_STATE=getMsg HTTP/1.1" 200 27
114.86.231.92 - - [21/Apr/2021:10:14:02 +0800] "GET /xingrg/all/function/internal_message.html?_=1618971249047&CODE_STATE=getMsg HTTP/1.1" 200 27
58.37.228.113 - - [21/Apr/2021:10:14:03 +0800] "GET /xingrg/kc/buy/cgsh_order_operate.html?command=get_materiel&rest_code=00141&code=00101008069&supplier_code=00100007&order_time=2021-04-21 HTTP/1.1" 200 412
117.185.32.26 - - [21/Apr/2021:10:14:04 +0800] "GET /xingrg/kc/buy/cgsh_order_add.html HTTP/1.1" 200 62154
117.185.32.26 - - [21/Apr/2021:10:14:04 +0800] "POST /xingrg/kc/buy/cgsh_order_operate.html HTTP/1.1" 200 8245
116.230.114.112 - - [21/Apr/2021:10:14:04 +0800] "GET /xingrg/all/function/internal_message.html?_=1618971255238&CODE_STATE=getMsg HTTP/1.1" 200 27
117.185.32.26 - - [21/Apr/2021:10:14:05 +0800] "GET /xingrg/javascript/easyui/themes/default/validatebox.css HTTP/1.1" 404 1104
117.185.32.26 - - [21/Apr/2021:10:14:06 +0800] "GET /xingrg/javascript/easyui/themes/default/tree.css HTTP/1.1" 404 1090
117.185.32.26 - - [21/Apr/2021:10:14:06 +0800] "POST /xingrg/all/common/load_tree.html?tree=supplier_tree_json&isDelete=1 HTTP/1.1" 200 54827
114.86.187.76 - - [21/Apr/2021:10:14:08 +0800] "GET /xingrg/check_reg.html?_=1618971248871 HTTP/1.1" 200 22
58.40.7.146 - - [21/Apr/2021:10:14:08 +0800] "GET /xingrg/all/function/internal_message.html?_=1618971249194&CODE_STATE=getMsg HTTP/1.1" 200 27
114.86.187.76 - - [21/Apr/2021:10:14:09 +0800] "GET /xingrg/all/function/internal_message.html?_=1618971250426&CODE_STATE=getMsg HTTP/1.1" 200 27
58.37.228.113 - - [21/Apr/2021:10:14:10 +0800] "GET /xingrg/kc/buy/cgsh_order_operate.html?command=get_materiel&rest_code=00141&code=00101008352&supplier_code=00100007&order_time=2021-04-21 HTTP/1.1" 200 412
180.169.147.146 - - [21/Apr/2021:10:14:12 +0800] "GET /xingrg/check_reg.html?_=1618971256622 HTTP/1.1" 200 22
180.169.147.146 - - [21/Apr/2021:10:14:12 +0800] "GET /xingrg/all/function/internal_message.html?_=1618971256625&CODE_STATE=getMsg HTTP/1.1" 200 27
180.169.147.146 - - [21/Apr/2021:10:14:14 +0800] "GET /xingrg/all/function/internal_message.html?_=1618971254590&CODE_STATE=getMsg HTTP/1.1" 200 27
180.169.147.146 - - [21/Apr/2021:10:14:14 +0800] "GET /xingrg/check_reg.html?_=1618971254592 HTTP/1.1" 200 22
58.37.228.113 - - [21/Apr/2021:10:14:15 +0800] "GET /xingrg/kc/buy/cgsh_order_operate.html?command=get_materiel&rest_code=00141&code=00101008005&supplier_code=00100007&order_time=2021-04-21 HTTP/1.1" 200 412
180.169.147.146 - - [21/Apr/2021:10:14:17 +0800] "GET /xingrg/check_reg.html?_=1618971257453 HTTP/1.1" 302 -
180.169.147.146 - - [21/Apr/2021:10:14:17 +0800] "GET /xingrg/all/function/internal_message.html?_=1618971257457&CODE_STATE=getMsg HTTP/1.1" 302 -
180.169.147.146 - - [21/Apr/2021:10:14:19 +0800] "GET /xingrg/all/function/internal_message.html?_=1618971256765&CODE_STATE=getMsg HTTP/1.1" 200 27
117.185.32.26 - - [21/Apr/2021:10:14:20 +0800] "GET /xingrg/kc/buy/cgsh_order_operate.html?command=get_materiel&rest_code=00106&code=00101008146&supplier_code=00100009&order_time=2021-04-21 HTTP/1.1" 200 416
222.70.217.33 - - [21/Apr/2021:10:14:21 +0800] "GET /xingrg/all/function/internal_message.html?_=1618971261524&CODE_STATE=getMsg HTTP/1.1" 200 27
117.185.32.26 - - [21/Apr/2021:10:14:22 +0800] "GET /xingrg/all/function/internal_message.html?_=1618971787807&CODE_STATE=getMsg HTTP/1.1" 200 27
117.185.32.26 - - [21/Apr/2021:10:14:24 +0800] "GET /xingrg/all/function/internal_message.html?_=1618971263578&CODE_STATE=getMsg HTTP/1.1" 200 27
61.165.42.208 - - [21/Apr/2021:10:14:24 +0800] "POST /xingrg/kc/buy/cgsh_order_operate.html HTTP/1.1" 200 5625
180.169.147.146 - - [21/Apr/2021:10:14:24 +0800] "GET /xingrg/all/function/internal_message.html?_=1618971270749&CODE_STATE=getMsg HTTP/1.1" 302 -
120.204.17.72 - - [21/Apr/2021:10:14:25 +0800] "GET /xingrg/all/function/internal_message.html?_=1618971203574&CODE_STATE=getMsg HTTP/1.1" 302 -
120.204.17.70 - - [21/Apr/2021:10:14:25 +0800] "GET /xingrg/kc/buy/cgsh_order_operate.html?command=get_materiel&rest_code=00106&code=00101007067&supplier_code=00100016&order_time=2021-04-21 HTTP/1.1" 302 -
61.165.42.208 - - [21/Apr/2021:10:14:27 +0800] "GET /xingrg/kc/print/load_data.html?order_code=212021042108700&kc_code=cgsh&condition= HTTP/1.1" 200 1899
114.83.220.63 - - [21/Apr/2021:10:14:28 +0800] "POST /xingrg/dwr/call/plaincall/AjaxReportQueryService.refreshCache.dwr HTTP/1.1" 200 78
117.185.32.26 - - [21/Apr/2021:10:14:28 +0800] "GET /xingrg/kc/buy/cgsh_order_operate.html?command=get_materiel&rest_code=00106&code=00101008147&supplier_code=00100009&order_time=2021-04-21 HTTP/1.1" 200 416
120.204.17.70 - - [21/Apr/2021:10:14:29 +0800] "GET /xingrg/login.html HTTP/1.1" 200 7641
120.204.17.72 - - [21/Apr/2021:10:14:29 +0800] "GET /xingrg/login.html HTTP/1.1" 200 7641
114.83.220.63 - - [21/Apr/2021:10:14:30 +0800] "POST /xingrg/all/report/load_report_page.html HTTP/1.1" 200 8724
114.83.220.63 - - [21/Apr/2021:10:14:30 +0800] "GET /xingrg/servlets/image?cache=0.10271611029317473&image=px HTTP/1.1" 200 807
58.37.228.113 - - [21/Apr/2021:10:14:30 +0800] "GET /xingrg/kc/buy/cgsh_order_operate.html?command=get_materiel&rest_code=00141&code=00101008353&supplier_code=00100007&order_time=2021-04-21 HTTP/1.1" 200 408
114.83.220.63 - - [21/Apr/2021:10:14:31 +0800] "POST /xingrg/all/report/load_report_page.html HTTP/1.1" 200 13076
114.83.220.63 - - [21/Apr/2021:10:14:31 +0800] "GET /xingrg/servlets/image?cache=0.20342883725470107&image=px HTTP/1.1" 200 807
58.37.228.113 - - [21/Apr/2021:10:14:34 +0800] "GET /xingrg/all/function/internal_message.html?_=1618971275700&CODE_STATE=getMsg HTTP/1.1" 200 27
114.83.220.63 - - [21/Apr/2021:10:14:35 +0800] "POST /xingrg/all/report/report_print.html HTTP/1.1" 302 -
114.83.220.63 - - [21/Apr/2021:10:14:35 +0800] "GET /xingrg/servlets/html?sysBaseUrl=http%3A%2F%2F180.169.147.146%3A18081%2Fxingrg%2F&costTime=355×tamp=1618971275277 HTTP/1.1" 200 14736
114.83.220.63 - - [21/Apr/2021:10:14:35 +0800] "GET /xingrg/servlets/image?image=px HTTP/1.1" 200 807
114.83.220.63 - - [21/Apr/2021:10:14:35 +0800] "GET /favicon.ico HTTP/1.1" 404 -
61.165.42.208 - - [21/Apr/2021:10:14:36 +0800] "GET /xingrg/kc/buy/cgsh_order_add.html HTTP/1.1" 200 62195
61.165.42.208 - - [21/Apr/2021:10:14:36 +0800] "GET /xingrg/javascript/easyui/themes/default/validatebox.css HTTP/1.1" 404 1104
61.165.42.208 - - [21/Apr/2021:10:14:36 +0800] "POST /xingrg/kc/buy/cgsh_order_operate.html HTTP/1.1" 200 8245
114.88.160.164 - - [21/Apr/2021:10:14:37 +0800] "GET /xingrg/all/function/internal_message.html?_=1618971275815&CODE_STATE=getMsg HTTP/1.1" 200 27
61.165.42.208 - - [21/Apr/2021:10:14:39 +0800] "GET /xingrg/all/function/internal_message.html?_=1618971281272&CODE_STATE=getMsg HTTP/1.1" 200 27
117.185.32.26 - - [21/Apr/2021:10:14:39 +0800] "POST /xingrg/kc/buy/cgsh_order_operate.html HTTP/1.1" 200 37
58.37.228.113 - - [21/Apr/2021:10:14:39 +0800] "GET /xingrg/kc/buy/cgsh_order_operate.html?command=get_materiel&rest_code=00141&code=00101008039&supplier_code=00100007&order_time=2021-04-21 HTTP/1.1" 200 412
58.37.228.113 - - [21/Apr/2021:10:14:42 +0800] "POST /xingrg/kc/buy/cgsh_order_operate.html HTTP/1.1" 200 2065
117.185.32.26 - - [21/Apr/2021:10:14:42 +0800] "POST /xingrg/kc/buy/cgsh_order_operate.html HTTP/1.1" 200 12
180.169.147.146 - - [21/Apr/2021:10:14:44 +0800] "GET /xingrg/all/function/internal_message.html?_=1618971284842&CODE_STATE=getMsg HTTP/1.1" 200 27
117.185.32.26 - - [21/Apr/2021:10:14:45 +0800] "GET /xingrg/kc/buy/cgsh_order_info.html?code=212021042108704 HTTP/1.1" 200 57062
58.37.228.113 - - [21/Apr/2021:10:14:45 +0800] "GET /xingrg/kc/buy/cgsh_order_operate.html?command=get_materiel&rest_code=00141&code=00101008004&supplier_code=00100007&order_time=2021-04-21 HTTP/1.1" 200 416
117.185.32.26 - - [21/Apr/2021:10:14:46 +0800] "GET /xingrg/javascript/easyui/themes/default/validatebox.css HTTP/1.1" 404 1104
117.185.32.26 - - [21/Apr/2021:10:14:46 +0800] "POST /xingrg/kc/buy/cgsh_order_operate.html HTTP/1.1" 200 1205
116.224.253.72 - - [21/Apr/2021:10:14:48 +0800] "GET /xingrg/all/function/internal_message.html?_=1618971289571&CODE_STATE=getMsg HTTP/1.1" 200 27
117.185.32.26 - - [21/Apr/2021:10:14:49 +0800] "GET /xingrg/kc/print/load_data.html?order_code=212021042108704&kc_code=cgsh&condition= HTTP/1.1" 200 1007
116.230.114.112 - - [21/Apr/2021:10:14:49 +0800] "GET /xingrg/all/function/internal_message.html?_=1618971298391&CODE_STATE=getMsg HTTP/1.1" 302 -
58.37.228.113 - - [21/Apr/2021:10:14:51 +0800] "GET /xingrg/kc/buy/cgsh_order_operate.html?command=get_materiel&rest_code=00141&code=00101008283&supplier_code=00100007&order_time=2021-04-21 HTTP/1.1" 200 408
117.185.32.26 - - [21/Apr/2021:10:14:55 +0800] "GET /xingrg/kc/print/load_data.html?order_code=212021042108704&kc_code=cgsh HTTP/1.1" 200 1007
120.204.17.73 - - [21/Apr/2021:10:14:56 +0800] "GET /xingrg/kc/print/load_config.html?kc_code=cgsh HTTP/1.1" 302 -
114.83.220.63 - - [21/Apr/2021:10:14:57 +0800] "GET /xingrg/all/function/internal_message.html?_=1618971298422&CODE_STATE=getMsg HTTP/1.1" 200 27
120.204.17.73 - - [21/Apr/2021:10:14:58 +0800] "GET /xingrg/login.html HTTP/1.1" 200 7641
58.37.228.113 - - [21/Apr/2021:10:14:58 +0800] "GET /xingrg/kc/buy/cgsh_order_operate.html?command=get_materiel&rest_code=00141&code=00101008361&supplier_code=00100007&order_time=2021-04-21 HTTP/1.1" 200 410
183.192.164.71 - - [21/Apr/2021:10:14:59 +0800] "GET /xingrg/kc/buy/cgsh_order_info.html?code=212021042108701 HTTP/1.1" 302 -
124.77.71.179 - - [21/Apr/2021:10:15:01 +0800] "GET /xingrg/all/function/internal_message.html?_=1618971297912&CODE_STATE=getMsg HTTP/1.1" 200 27
124.77.71.179 - - [21/Apr/2021:10:15:01 +0800] "GET /xingrg/check_reg.html?_=1618971297925 HTTP/1.1" 200 22
117.184.7.30 - - [21/Apr/2021:10:15:01 +0800] "GET /xingrg/all/function/internal_message.html?_=1618971299985&CODE_STATE=getMsg HTTP/1.1" 200 27
116.224.253.72 - - [21/Apr/2021:10:15:01 +0800] "GET /xingrg/all/function/internal_message.html?_=1618971287669&CODE_STATE=getMsg HTTP/1.1" 200 27
116.238.141.202 - - [21/Apr/2021:10:15:02 +0800] "GET /xingrg/all/function/internal_message.html?_=1618971581576&CODE_STATE=getMsg HTTP/1.1" 200 27
114.86.231.92 - - [21/Apr/2021:10:15:02 +0800] "GET /xingrg/all/function/internal_message.html?_=1618971309051&CODE_STATE=getMsg HTTP/1.1" 200 27
183.192.164.214 - - [21/Apr/2021:10:15:04 +0800] "GET /xingrg/kc/print/load_data.html?order_code=212021042108701&kc_code=cgsh&condition= HTTP/1.1" 302 -
116.230.114.112 - - [21/Apr/2021:10:15:05 +0800] "GET /xingrg/all/function/internal_message.html?_=1618971315495&CODE_STATE=getMsg HTTP/1.1" 200 27
183.192.164.71 - - [21/Apr/2021:10:15:06 +0800] "GET /xingrg/login.html HTTP/1.1" 200 7641
183.192.164.214 - - [21/Apr/2021:10:15:07 +0800] "GET /xingrg/login.html HTTP/1.1" 200 7641
58.37.228.113 - - [21/Apr/2021:10:15:07 +0800] "GET /xingrg/kc/buy/cgsh_order_operate.html?command=get_materiel&rest_code=00141&code=00101008242&supplier_code=00100007&order_time=2021-04-21 HTTP/1.1" 200 410
58.40.7.146 - - [21/Apr/2021:10:15:08 +0800] "GET /xingrg/all/function/internal_message.html?_=1618971309198&CODE_STATE=getMsg HTTP/1.1" 200 27
114.86.187.76 - - [21/Apr/2021:10:15:09 +0800] "GET /xingrg/all/function/internal_message.html?_=1618971310439&CODE_STATE=getMsg HTTP/1.1" 200 27
180.169.147.146 - - [21/Apr/2021:10:15:12 +0800] "GET /xingrg/all/function/internal_message.html?_=1618971316614&CODE_STATE=getMsg HTTP/1.1" 200 27
180.169.147.146 - - [21/Apr/2021:10:15:14 +0800] "GET /xingrg/all/function/internal_message.html?_=1618971314590&CODE_STATE=getMsg HTTP/1.1" 200 27
58.37.228.113 - - [21/Apr/2021:10:15:14 +0800] "GET /xingrg/kc/buy/cgsh_order_operate.html?command=get_materiel&rest_code=00141&code=00101008300&supplier_code=00100007&order_time=2021-04-21 HTTP/1.1" 200 412
58.37.228.113 - - [21/Apr/2021:10:15:16 +0800] "POST /xingrg/kc/buy/cgsh_order_operate.html HTTP/1.1" 200 2065
180.169.147.146 - - [21/Apr/2021:10:15:17 +0800] "GET /xingrg/all/function/internal_message.html?_=1618971317458&CODE_STATE=getMsg HTTP/1.1" 302 -
180.169.147.146 - - [21/Apr/2021:10:15:19 +0800] "GET /xingrg/all/function/internal_message.html?_=1618971316744&CODE_STATE=getMsg HTTP/1.1" 200 27
222.70.217.33 - - [21/Apr/2021:10:15:21 +0800] "GET /xingrg/all/function/internal_message.html?_=1618971321526&CODE_STATE=getMsg HTTP/1.1" 200 27
58.37.228.113 - - [21/Apr/2021:10:15:21 +0800] "GET /xingrg/kc/buy/cgsh_order_operate.html?command=get_materiel&rest_code=00141&code=00101008357&supplier_code=00100007&order_time=2021-04-21 HTTP/1.1" 200 408
117.185.32.26 - - [21/Apr/2021:10:15:22 +0800] "GET /xingrg/all/function/internal_message.html?_=1618971847806&CODE_STATE=getMsg HTTP/1.1" 200 27
117.185.32.26 - - [21/Apr/2021:10:15:22 +0800] "GET /xingrg/check_reg.html?_=1618971847808 HTTP/1.1" 200 22
61.165.42.208 - - [21/Apr/2021:10:15:22 +0800] "GET /xingrg/kc/buy/cgsh_order_operate.html?command=get_materiel&rest_code=00105&code=00101009001&supplier_code=00100024&order_time=2021-04-21 HTTP/1.1" 200 416
117.185.32.26 - - [21/Apr/2021:10:15:24 +0800] "GET /xingrg/all/function/internal_message.html?_=1618971323576&CODE_STATE=getMsg HTTP/1.1" 200 27
180.169.147.146 - - [21/Apr/2021:10:15:24 +0800] "GET /xingrg/all/function/internal_message.html?_=1618971330735&CODE_STATE=getMsg HTTP/1.1" 302 -
58.37.228.113 - - [21/Apr/2021:10:15:30 +0800] "GET /xingrg/kc/buy/cgsh_order_operate.html?command=get_materiel&rest_code=00141&code=00101008213&supplier_code=00100007&order_time=2021-04-21 HTTP/1.1" 200 412
180.169.147.146 - - [21/Apr/2021:10:15:34 +0800] "GET /xingrg/check_reg.html?_=1618971332346 HTTP/1.1" 200 22
58.37.228.113 - - [21/Apr/2021:10:15:34 +0800] "GET /xingrg/all/function/internal_message.html?_=1618971335705&CODE_STATE=getMsg HTTP/1.1" 200 27
58.37.228.113 - - [21/Apr/2021:10:15:36 +0800] "GET /xingrg/kc/buy/cgsh_order_operate.html?command=get_materiel&rest_code=00141&code=00101008285&supplier_code=00100007&order_time=2021-04-21 HTTP/1.1" 200 413
114.88.160.164 - - [21/Apr/2021:10:15:37 +0800] "GET /xingrg/all/function/internal_message.html?_=1618971336152&CODE_STATE=getMsg HTTP/1.1" 200 27
61.165.42.208 - - [21/Apr/2021:10:15:39 +0800] "GET /xingrg/all/function/internal_message.html?_=1618971341331&CODE_STATE=getMsg HTTP/1.1" 200 27
58.37.228.113 - - [21/Apr/2021:10:15:42 +0800] "GET /xingrg/kc/buy/cgsh_order_operate.html?command=get_materiel&rest_code=00141&code=00101008304&supplier_code=00100007&order_time=2021-04-21 HTTP/1.1" 200 412
61.165.42.208 - - [21/Apr/2021:10:15:42 +0800] "GET /xingrg/kc/buy/cgsh_order_operate.html?command=get_materiel&rest_code=00105&code=00101009010&supplier_code=00100024&order_time=2021-04-21 HTTP/1.1" 200 412
180.169.147.146 - - [21/Apr/2021:10:15:44 +0800] "GET /xingrg/all/function/internal_message.html?_=1618971344861&CODE_STATE=getMsg HTTP/1.1" 200 27
180.169.147.146 - - [21/Apr/2021:10:15:44 +0800] "GET /xingrg/check_reg.html?_=1618971344865 HTTP/1.1" 200 22
116.224.253.72 - - [21/Apr/2021:10:15:48 +0800] "GET /xingrg/all/function/internal_message.html?_=1618971349581&CODE_STATE=getMsg HTTP/1.1" 200 27
58.37.228.113 - - [21/Apr/2021:10:15:49 +0800] "GET /xingrg/kc/buy/cgsh_order_operate.html?command=get_materiel&rest_code=00141&code=00101013117&supplier_code=00100007&order_time=2021-04-21 HTTP/1.1" 200 433
116.230.114.112 - - [21/Apr/2021:10:15:49 +0800] "GET /xingrg/all/function/internal_message.html?_=1618971358408&CODE_STATE=getMsg HTTP/1.1" 302 -
58.37.228.113 - - [21/Apr/2021:10:15:51 +0800] "POST /xingrg/kc/buy/cgsh_order_operate.html HTTP/1.1" 200 2065
61.165.42.208 - - [21/Apr/2021:10:15:51 +0800] "GET /xingrg/kc/buy/cgsh_order_operate.html?command=get_materiel&rest_code=00105&code=00101009011&supplier_code=00100024&order_time=2021-04-21 HTTP/1.1" 200 416
117.185.32.26 - - [21/Apr/2021:10:15:52 +0800] "GET /xingrg/kc/buy/cgsh_order_add.html HTTP/1.1" 200 62154
117.185.32.26 - - [21/Apr/2021:10:15:52 +0800] "GET /xingrg/javascript/easyui/themes/default/validatebox.css HTTP/1.1" 404 1104
117.185.32.26 - - [21/Apr/2021:10:15:52 +0800] "POST /xingrg/kc/buy/cgsh_order_operate.html HTTP/1.1" 200 8245
117.185.32.26 - - [21/Apr/2021:10:15:53 +0800] "GET /xingrg/javascript/easyui/themes/default/tree.css HTTP/1.1" 404 1090
117.185.32.26 - - [21/Apr/2021:10:15:53 +0800] "POST /xingrg/all/common/load_tree.html?tree=supplier_tree_json&isDelete=1 HTTP/1.1" 200 54827
58.37.228.113 - - [21/Apr/2021:10:15:56 +0800] "GET /xingrg/kc/buy/cgsh_order_operate.html?command=get_materiel&rest_code=00141&code=00101008032&supplier_code=00100007&order_time=2021-04-21 HTTP/1.1" 200 408
114.83.220.63 - - [21/Apr/2021:10:15:57 +0800] "GET /xingrg/all/function/internal_message.html?_=1618971358393&CODE_STATE=getMsg HTTP/1.1" 200 27
114.83.220.63 - - [21/Apr/2021:10:15:58 +0800] "GET /xingrg/check_reg.html?_=1618971359243 HTTP/1.1" 200 22
