180.169.147.146 - - [21/Apr/2021:08:56:34 +0800] "GET /xingrg/all/function/internal_message.html?_=1618966598640&CODE_STATE=getMsg HTTP/1.1" 200 27
116.224.253.72 - - [21/Apr/2021:08:56:36 +0800] "GET /xingrg/kc/buy/cgsh_order_operate.html?command=get_materiel&rest_code=00151&code=00101008102&supplier_code=00100007&order_time=2021-04-21 HTTP/1.1" 200 413
116.224.253.72 - - [21/Apr/2021:08:56:38 +0800] "GET /xingrg/all/function/internal_message.html?_=1618966599552&CODE_STATE=getMsg HTTP/1.1" 200 27
61.165.42.208 - - [21/Apr/2021:08:56:39 +0800] "GET /xingrg/all/function/internal_message.html?_=1618966601173&CODE_STATE=getMsg HTTP/1.1" 200 27
116.224.253.72 - - [21/Apr/2021:08:56:42 +0800] "GET /xingrg/kc/buy/cgsh_order_operate.html?command=get_materiel&rest_code=00151&code=00101008036&supplier_code=00100007&order_time=2021-04-21 HTTP/1.1" 200 408
124.77.71.179 - - [21/Apr/2021:08:56:44 +0800] "GET /xingrg/kc/buy/cgsh_order_operate.html?command=get_materiel&rest_code=00107&code=00101008357&supplier_code=00100006&order_time=2021-04-21 HTTP/1.1" 200 408
114.83.220.63 - - [21/Apr/2021:08:56:46 +0800] "GET /xingrg/all/function/internal_message.html?_=1618966607196&CODE_STATE=getMsg HTTP/1.1" 200 27
116.230.114.112 - - [21/Apr/2021:08:56:48 +0800] "GET /xingrg/all/function/internal_message.html?_=1618966617332&CODE_STATE=getMsg HTTP/1.1" 200 27
116.224.253.72 - - [21/Apr/2021:08:56:49 +0800] "GET /xingrg/kc/buy/cgsh_order_operate.html?command=get_materiel&rest_code=00151&code=00101008033&supplier_code=00100007&order_time=2021-04-21 HTTP/1.1" 200 408
124.77.71.179 - - [21/Apr/2021:08:56:53 +0800] "GET /xingrg/kc/buy/cgsh_order_operate.html?command=get_materiel&rest_code=00107&code=00101008286&supplier_code=00100006&order_time=2021-04-21 HTTP/1.1" 200 408
116.224.253.72 - - [21/Apr/2021:08:56:56 +0800] "GET /xingrg/all/function/internal_message.html?_=1618966602397&CODE_STATE=getMsg HTTP/1.1" 200 27
124.77.71.179 - - [21/Apr/2021:08:57:01 +0800] "GET /xingrg/all/function/internal_message.html?_=1618966617660&CODE_STATE=getMsg HTTP/1.1" 200 27
116.238.141.202 - - [21/Apr/2021:08:57:03 +0800] "GET /xingrg/all/function/internal_message.html?_=1618966898282&CODE_STATE=getMsg HTTP/1.1" 200 27
116.224.253.72 - - [21/Apr/2021:08:57:04 +0800] "POST /xingrg/kc/buy/cgsh_order_operate.html HTTP/1.1" 200 37
116.224.253.72 - - [21/Apr/2021:08:57:05 +0800] "POST /xingrg/kc/buy/cgsh_order_operate.html HTTP/1.1" 200 17033
116.238.141.202 - - [21/Apr/2021:08:57:06 +0800] "POST /xingrg/kc/base/yddb_list_operate.html HTTP/1.1" 200 1575
114.86.187.76 - - [21/Apr/2021:08:57:07 +0800] "GET /xingrg/all/function/internal_message.html?_=1618966627699&CODE_STATE=getMsg HTTP/1.1" 200 27
116.238.141.202 - - [21/Apr/2021:08:57:09 +0800] "GET /xingrg/check_reg.html?_=1618966895718 HTTP/1.1" 200 22
116.238.141.202 - - [21/Apr/2021:08:57:10 +0800] "GET /xingrg/javascript/jquery_easy_ui/themes/default/images/tabs_active.png HTTP/1.1" 304 -
116.238.141.202 - - [21/Apr/2021:08:57:11 +0800] "GET /xingrg/javascript/jquery_easy_ui/themes/default/images/tabs_active.png HTTP/1.1" 304 -
124.77.71.179 - - [21/Apr/2021:08:57:11 +0800] "GET /xingrg/kc/buy/cgsh_order_operate.html?command=get_materiel&rest_code=00107&code=00101008005&supplier_code=00100006&order_time=2021-04-21 HTTP/1.1" 200 412
222.70.217.33 - - [21/Apr/2021:08:57:20 +0800] "GET /xingrg/all/function/internal_message.html?_=1618966639662&CODE_STATE=getMsg HTTP/1.1" 200 27
222.70.217.33 - - [21/Apr/2021:08:57:20 +0800] "GET /xingrg/check_reg.html?_=1618966639664 HTTP/1.1" 200 22
117.185.32.26 - - [21/Apr/2021:08:57:21 +0800] "GET /xingrg/all/function/internal_message.html?_=1618967167451&CODE_STATE=getMsg HTTP/1.1" 200 27
116.224.253.72 - - [21/Apr/2021:08:57:22 +0800] "POST /xingrg/kc/buy/cgsh_order_operate.html HTTP/1.1" 200 37
124.77.71.179 - - [21/Apr/2021:08:57:23 +0800] "GET /xingrg/kc/buy/cgsh_order_operate.html?command=get_materiel&rest_code=00107&code=00101008264&supplier_code=00100006&order_time=2021-04-21 HTTP/1.1" 200 412
180.169.147.146 - - [21/Apr/2021:08:57:24 +0800] "GET /xingrg/all/function/internal_message.html?_=1618966650629&CODE_STATE=getMsg HTTP/1.1" 302 -
116.224.253.72 - - [21/Apr/2021:08:57:27 +0800] "POST /xingrg/kc/buy/cgsh_order_operate.html HTTP/1.1" 200 17620
180.169.147.146 - - [21/Apr/2021:08:57:34 +0800] "GET /xingrg/check_reg.html?_=1618966658657 HTTP/1.1" 200 22
180.169.147.146 - - [21/Apr/2021:08:57:34 +0800] "GET /xingrg/all/function/internal_message.html?_=1618966658658&CODE_STATE=getMsg HTTP/1.1" 200 27
124.77.71.179 - - [21/Apr/2021:08:57:37 +0800] "GET /xingrg/kc/buy/cgsh_order_operate.html?command=get_materiel&rest_code=00107&code=00101008323&supplier_code=00100006&order_time=2021-04-21 HTTP/1.1" 200 408
116.224.253.72 - - [21/Apr/2021:08:57:38 +0800] "GET /xingrg/check_reg.html?_=1618966659550 HTTP/1.1" 200 22
116.224.253.72 - - [21/Apr/2021:08:57:38 +0800] "GET /xingrg/all/function/internal_message.html?_=1618966659554&CODE_STATE=getMsg HTTP/1.1" 200 27
116.238.141.202 - - [21/Apr/2021:08:57:38 +0800] "GET /xingrg/kc/buy/cgsh_order_list.html HTTP/1.1" 200 46410
116.238.141.202 - - [21/Apr/2021:08:57:39 +0800] "GET /xingrg/javascript/easyui/themes/icons/cance_new.png HTTP/1.1" 304 -
116.238.141.202 - - [21/Apr/2021:08:57:39 +0800] "GET /xingrg/javascript/easyui/themes/icons/check_new.png HTTP/1.1" 200 3224
116.238.141.202 - - [21/Apr/2021:08:57:39 +0800] "GET /xingrg/javascript/easyui/themes/icons/field_new.png HTTP/1.1" 200 1097
116.238.141.202 - - [21/Apr/2021:08:57:39 +0800] "GET /xingrg/javascript/easyui/themes/icons/import_new.png HTTP/1.1" 200 1247
61.165.42.208 - - [21/Apr/2021:08:57:39 +0800] "GET /xingrg/all/function/internal_message.html?_=1618966661175&CODE_STATE=getMsg HTTP/1.1" 200 27
116.238.141.202 - - [21/Apr/2021:08:57:39 +0800] "POST /xingrg/kc/buy/cgsh_list_operate.html HTTP/1.1" 200 876
61.165.42.208 - - [21/Apr/2021:08:57:44 +0800] "POST /xingrg/kc/buy/cgsh_order_operate.html HTTP/1.1" 200 37
61.165.42.208 - - [21/Apr/2021:08:57:46 +0800] "POST /xingrg/kc/buy/cgsh_order_operate.html HTTP/1.1" 200 41682
114.83.220.63 - - [21/Apr/2021:08:57:46 +0800] "GET /xingrg/all/function/internal_message.html?_=1618966667168&CODE_STATE=getMsg HTTP/1.1" 200 27
114.83.220.63 - - [21/Apr/2021:08:57:47 +0800] "GET /xingrg/check_reg.html?_=1618966667546 HTTP/1.1" 200 22
116.230.114.112 - - [21/Apr/2021:08:57:47 +0800] "GET /xingrg/check_reg.html?_=1618966676597 HTTP/1.1" 200 22
116.230.114.112 - - [21/Apr/2021:08:57:48 +0800] "GET /xingrg/all/function/internal_message.html?_=1618966677345&CODE_STATE=getMsg HTTP/1.1" 200 27
116.238.141.202 - - [21/Apr/2021:08:57:49 +0800] "POST /xingrg/kc/buy/cgsh_list_operate.html HTTP/1.1" 200 5703
124.77.71.179 - - [21/Apr/2021:08:57:50 +0800] "GET /xingrg/kc/buy/cgsh_order_operate.html?command=get_materiel&rest_code=00107&code=00101008302&supplier_code=00100006&order_time=2021-04-21 HTTP/1.1" 200 412
61.165.42.208 - - [21/Apr/2021:08:57:51 +0800] "GET /xingrg/kc/buy/cgsh_order_list.html HTTP/1.1" 200 46410
61.165.42.208 - - [21/Apr/2021:08:57:52 +0800] "POST /xingrg/kc/buy/cgsh_list_operate.html HTTP/1.1" 200 2044
61.165.42.208 - - [21/Apr/2021:08:57:54 +0800] "POST /xingrg/kc/buy/cgsh_list_operate.html HTTP/1.1" 200 421
61.165.42.208 - - [21/Apr/2021:08:57:54 +0800] "GET /xingrg/kc/buy/cgsh_order_info.html?code=212021042108626 HTTP/1.1" 200 62206
61.165.42.208 - - [21/Apr/2021:08:57:55 +0800] "GET /xingrg/javascript/easyui/themes/default/validatebox.css HTTP/1.1" 404 1104
116.224.253.72 - - [21/Apr/2021:08:57:55 +0800] "GET /xingrg/kc/buy/cgsh_order_add.html HTTP/1.1" 200 61802
116.224.253.72 - - [21/Apr/2021:08:57:55 +0800] "POST /xingrg/kc/buy/cgsh_order_operate.html HTTP/1.1" 200 8245
61.165.42.208 - - [21/Apr/2021:08:57:55 +0800] "POST /xingrg/kc/buy/cgsh_order_operate.html HTTP/1.1" 200 4425
116.224.253.72 - - [21/Apr/2021:08:57:55 +0800] "GET /xingrg/javascript/easyui/themes/default/validatebox.css HTTP/1.1" 404 1104
116.224.253.72 - - [21/Apr/2021:08:57:56 +0800] "GET /xingrg/check_reg.html?_=1618966662223 HTTP/1.1" 200 22
116.224.253.72 - - [21/Apr/2021:08:57:56 +0800] "GET /xingrg/all/function/internal_message.html?_=1618966662410&CODE_STATE=getMsg HTTP/1.1" 200 27
61.165.42.208 - - [21/Apr/2021:08:57:57 +0800] "GET /xingrg/kc/print/load_config.html?kc_code=cgsh HTTP/1.1" 200 1845
61.165.42.208 - - [21/Apr/2021:08:57:57 +0800] "GET /xingrg/kc/print/load_data.html?order_code=212021042108626&kc_code=cgsh&condition= HTTP/1.1" 200 1376
116.238.141.202 - - [21/Apr/2021:08:57:58 +0800] "POST /xingrg/kc/buy/cgsh_list_operate.html HTTP/1.1" 200 5838
116.238.141.202 - - [21/Apr/2021:08:57:59 +0800] "GET /xingrg/all/function/internal_message.html?_=1618966958364&CODE_STATE=getMsg HTTP/1.1" 200 27
124.77.71.179 - - [21/Apr/2021:08:57:59 +0800] "GET /xingrg/kc/buy/cgsh_order_operate.html?command=get_materiel&rest_code=00107&code=00101008027&supplier_code=00100006&order_time=2021-04-21 HTTP/1.1" 200 409
124.77.71.179 - - [21/Apr/2021:08:58:01 +0800] "GET /xingrg/all/function/internal_message.html?_=1618966677695&CODE_STATE=getMsg HTTP/1.1" 200 27
61.165.42.208 - - [21/Apr/2021:08:58:02 +0800] "GET /xingrg/kc/buy/cgsh_order_add.html HTTP/1.1" 200 62195
61.165.42.208 - - [21/Apr/2021:08:58:02 +0800] "GET /xingrg/javascript/easyui/themes/default/validatebox.css HTTP/1.1" 404 1104
61.165.42.208 - - [21/Apr/2021:08:58:02 +0800] "POST /xingrg/kc/buy/cgsh_order_operate.html HTTP/1.1" 200 8245
116.224.253.72 - - [21/Apr/2021:08:58:03 +0800] "GET /xingrg/kc/buy/cgsh_order_operate.html?command=get_materiel&rest_code=00151&code=00101007125&supplier_code=00100096&order_time=2021-04-21 HTTP/1.1" 200 407
116.238.141.202 - - [21/Apr/2021:08:58:06 +0800] "POST /xingrg/kc/buy/cgsh_list_operate.html HTTP/1.1" 200 5937
114.86.187.76 - - [21/Apr/2021:08:58:07 +0800] "GET /xingrg/all/function/internal_message.html?_=1618966687708&CODE_STATE=getMsg HTTP/1.1" 200 27
124.77.71.179 - - [21/Apr/2021:08:58:08 +0800] "GET /xingrg/kc/buy/cgsh_order_operate.html?command=get_materiel&rest_code=00107&code=00101008244&supplier_code=00100006&order_time=2021-04-21 HTTP/1.1" 200 408
61.165.42.208 - - [21/Apr/2021:08:58:13 +0800] "GET /xingrg/kc/buy/cgsh_order_operate.html?command=get_materiel&rest_code=00105&code=00101002027&supplier_code=00100397&order_time=2021-04-21 HTTP/1.1" 200 413
180.169.147.146 - - [21/Apr/2021:08:58:18 +0800] "POST /xingrg/all/user/operate.html HTTP/1.1" 200 36
180.169.147.146 - - [21/Apr/2021:08:58:19 +0800] "GET /xingrg/index.html?sysBaseUrl=http%3A%2F%2F180.169.147.146%3A18081%2Fxingrg%2F&costTime=50×tamp=1618966354040 HTTP/1.1" 200 17509
180.169.147.146 - - [21/Apr/2021:08:58:19 +0800] "GET /xingrg/javascript/jquery_easy_ui/themes/default/easyui.css HTTP/1.1" 304 -
180.169.147.146 - - [21/Apr/2021:08:58:19 +0800] "GET /xingrg/javascript/jquery_easy_ui/themes/icon.css HTTP/1.1" 304 -
180.169.147.146 - - [21/Apr/2021:08:58:19 +0800] "GET /xingrg/css/form.css HTTP/1.1" 304 -
180.169.147.146 - - [21/Apr/2021:08:58:19 +0800] "GET /xingrg/javascript/jquery-1.4.2.min.js HTTP/1.1" 304 -
180.169.147.146 - - [21/Apr/2021:08:58:19 +0800] "GET /xingrg/javascript/jquery_easy_ui/jquery.easyui.min.js HTTP/1.1" 304 -
180.169.147.146 - - [21/Apr/2021:08:58:19 +0800] "GET /xingrg/javascript/jquery_easy_ui/easyui-lang-zh_CN.js HTTP/1.1" 304 -
180.169.147.146 - - [21/Apr/2021:08:58:19 +0800] "GET /xingrg/javascript/jquery.form.js HTTP/1.1" 304 -
180.169.147.146 - - [21/Apr/2021:08:58:19 +0800] "GET /xingrg/javascript/jquery.utils.js HTTP/1.1" 304 -
180.169.147.146 - - [21/Apr/2021:08:58:19 +0800] "GET /xingrg/javascript/jquery.timers.js HTTP/1.1" 304 -
180.169.147.146 - - [21/Apr/2021:08:58:19 +0800] "GET /xingrg/images/blue/jxLogo.png HTTP/1.1" 304 -
180.169.147.146 - - [21/Apr/2021:08:58:19 +0800] "GET /xingrg/images/blue/navBackgound.jpg HTTP/1.1" 304 -
180.169.147.146 - - [21/Apr/2021:08:58:19 +0800] "GET /xingrg/javascript/jquery_easy_ui/themes/icons/settle_new.png HTTP/1.1" 304 -
180.169.147.146 - - [21/Apr/2021:08:58:19 +0800] "POST /xingrg/all/common/load_tree.html?tree=area_rest_tree_json&manage=1 HTTP/1.1" 200 3216
180.169.147.146 - - [21/Apr/2021:08:58:19 +0800] "GET /xingrg/all/function/internal_message.html?_=1618966703538&CODE_STATE=count HTTP/1.1" 200 11
180.169.147.146 - - [21/Apr/2021:08:58:19 +0800] "GET /xingrg/check_reg.html?_=1618966703538 HTTP/1.1" 200 22
180.169.147.146 - - [21/Apr/2021:08:58:19 +0800] "GET /xingrg/javascript/jquery_easy_ui/themes/default/images/tabs_leftarrow.png HTTP/1.1" 304 -
180.169.147.146 - - [21/Apr/2021:08:58:19 +0800] "GET /xingrg/javascript/jquery_easy_ui/themes/default/images/panel_tool_collapse.gif HTTP/1.1" 304 -
180.169.147.146 - - [21/Apr/2021:08:58:19 +0800] "GET /xingrg/images/blue/pingpu.png HTTP/1.1" 304 -
180.169.147.146 - - [21/Apr/2021:08:58:19 +0800] "GET /xingrg/javascript/jquery_easy_ui/themes/default/images/tabs_rightarrow.png HTTP/1.1" 304 -
180.169.147.146 - - [21/Apr/2021:08:58:19 +0800] "GET /xingrg/javascript/jquery_easy_ui/themes/default/images/panel_tool_expand.gif HTTP/1.1" 304 -
180.169.147.146 - - [21/Apr/2021:08:58:19 +0800] "POST /xingrg/load_menu.html HTTP/1.1" 200 9959
116.238.141.202 - - [21/Apr/2021:08:58:19 +0800] "POST /xingrg/kc/buy/cgsh_list_operate.html HTTP/1.1" 200 5888
124.77.71.179 - - [21/Apr/2021:08:58:20 +0800] "GET /xingrg/kc/buy/cgsh_order_operate.html?command=get_materiel&rest_code=00107&code=00101008298&supplier_code=00100006&order_time=2021-04-21 HTTP/1.1" 200 413
116.224.253.72 - - [21/Apr/2021:08:58:20 +0800] "GET /xingrg/kc/buy/cgsh_order_operate.html?command=get_materiel&rest_code=00151&code=00101012003&supplier_code=00100096&order_time=2021-04-21 HTTP/1.1" 200 412
222.70.217.33 - - [21/Apr/2021:08:58:20 +0800] "GET /xingrg/all/function/internal_message.html?_=1618966699666&CODE_STATE=getMsg HTTP/1.1" 200 27
180.169.147.146 - - [21/Apr/2021:08:58:21 +0800] "GET /xingrg/kc/buy/cgsh_order_list.html HTTP/1.1" 200 46671
117.185.32.26 - - [21/Apr/2021:08:58:21 +0800] "GET /xingrg/all/function/internal_message.html?_=1618967227450&CODE_STATE=getMsg HTTP/1.1" 200 27
116.230.114.112 - - [21/Apr/2021:08:58:22 +0800] "GET /xingrg/check_reg.html?_=1618966712066 HTTP/1.1" 302 -
61.165.42.208 - - [21/Apr/2021:08:58:23 +0800] "GET /xingrg/kc/buy/cgsh_order_operate.html?command=get_materiel&rest_code=00105&code=00101002022&supplier_code=00100397&order_time=2021-04-21 HTTP/1.1" 200 409
180.169.147.146 - - [21/Apr/2021:08:58:23 +0800] "POST /xingrg/kc/buy/cgsh_list_operate.html HTTP/1.1" 200 876
116.238.141.202 - - [21/Apr/2021:08:58:24 +0800] "POST /xingrg/kc/buy/cgsh_list_operate.html HTTP/1.1" 200 5884
180.169.147.146 - - [21/Apr/2021:08:58:24 +0800] "GET /xingrg/all/function/internal_message.html?_=1618966710630&CODE_STATE=getMsg HTTP/1.1" 302 -
180.169.147.146 - - [21/Apr/2021:08:58:27 +0800] "GET /xingrg/javascript/auto/indicator.gif HTTP/1.1" 404 1066
116.224.253.72 - - [21/Apr/2021:08:58:27 +0800] "GET /xingrg/kc/buy/cgsh_order_operate.html?command=get_materiel&rest_code=00151&code=00101012025&supplier_code=00100096&order_time=2021-04-21 HTTP/1.1" 200 412
180.169.147.146 - - [21/Apr/2021:08:58:31 +0800] "POST /xingrg/kc/buy/cgsh_list_operate.html HTTP/1.1" 200 5743
61.165.42.208 - - [21/Apr/2021:08:58:32 +0800] "GET /xingrg/kc/buy/cgsh_order_operate.html?command=get_materiel&rest_code=00105&code=00101001010&supplier_code=00100397&order_time=2021-04-21 HTTP/1.1" 200 409
116.238.141.202 - - [21/Apr/2021:08:58:33 +0800] "POST /xingrg/kc/buy/cgsh_list_operate.html HTTP/1.1" 200 5969
180.169.147.146 - - [21/Apr/2021:08:58:34 +0800] "POST /xingrg/kc/buy/cgsh_list_operate.html HTTP/1.1" 200 575
116.224.253.72 - - [21/Apr/2021:08:58:35 +0800] "GET /xingrg/kc/buy/cgsh_order_operate.html?command=get_materiel&rest_code=00151&code=00101001075&supplier_code=00100096&order_time=2021-04-21 HTTP/1.1" 200 409
180.169.147.146 - - [21/Apr/2021:08:58:37 +0800] "POST /xingrg/kc/buy/cgsh_list_operate.html HTTP/1.1" 200 4
116.224.253.72 - - [21/Apr/2021:08:58:38 +0800] "GET /xingrg/all/function/internal_message.html?_=1618966719557&CODE_STATE=getMsg HTTP/1.1" 200 27
61.165.42.208 - - [21/Apr/2021:08:58:39 +0800] "GET /xingrg/all/function/internal_message.html?_=1618966721189&CODE_STATE=getMsg HTTP/1.1" 200 27
61.165.42.208 - - [21/Apr/2021:08:58:39 +0800] "GET /xingrg/check_reg.html?_=1618966721192 HTTP/1.1" 200 22
180.169.147.146 - - [21/Apr/2021:08:58:39 +0800] "POST /xingrg/kc/buy/cgsh_list_operate.html HTTP/1.1" 200 5718
180.169.147.146 - - [21/Apr/2021:08:58:41 +0800] "POST /xingrg/kc/buy/cgsh_list_operate.html HTTP/1.1" 200 575
116.238.141.202 - - [21/Apr/2021:08:58:41 +0800] "POST /xingrg/kc/buy/cgsh_list_operate.html HTTP/1.1" 200 6058
180.169.147.146 - - [21/Apr/2021:08:58:42 +0800] "GET /xingrg/kc/buy/cgsh_order_info.html?code=212021042008509 HTTP/1.1" 200 62155
180.169.147.146 - - [21/Apr/2021:08:58:43 +0800] "GET /xingrg/words/20210420115334_words.js HTTP/1.1" 304 -
180.169.147.146 - - [21/Apr/2021:08:58:43 +0800] "GET /xingrg/javascript/easyui/themes/default/validatebox.css HTTP/1.1" 404 1104
180.169.147.146 - - [21/Apr/2021:08:58:43 +0800] "GET /xingrg/all/common/auto_word.html?type=employee&rest_code=00141 HTTP/1.1" 200 201
180.169.147.146 - - [21/Apr/2021:08:58:43 +0800] "GET /xingrg/all/common/auto_word.html?type=employee&rest_code=00141 HTTP/1.1" 200 201
180.169.147.146 - - [21/Apr/2021:08:58:43 +0800] "POST /xingrg/kc/buy/cgsh_order_operate.html HTTP/1.1" 200 10401
114.83.220.63 - - [21/Apr/2021:08:58:46 +0800] "GET /xingrg/all/function/internal_message.html?_=1618966727137&CODE_STATE=getMsg HTTP/1.1" 200 27
116.224.253.72 - - [21/Apr/2021:08:58:47 +0800] "GET /xingrg/kc/buy/cgsh_order_operate.html?command=get_materiel&rest_code=00151&code=00101006112&supplier_code=00100096&order_time=2021-04-21 HTTP/1.1" 200 411
116.230.114.112 - - [21/Apr/2021:08:58:48 +0800] "GET /xingrg/all/function/internal_message.html?_=1618966737359&CODE_STATE=getMsg HTTP/1.1" 200 27
180.169.147.146 - - [21/Apr/2021:08:58:51 +0800] "POST /xingrg/kc/buy/cgsh_order_operate.html HTTP/1.1" 200 37
117.185.32.26 - - [21/Apr/2021:08:58:52 +0800] "GET /xingrg/login.html HTTP/1.1" 200 7641
124.77.71.179 - - [21/Apr/2021:08:58:52 +0800] "GET /xingrg/kc/buy/cgsh_order_operate.html?command=get_materiel&rest_code=00107&code=00101008224&supplier_code=00100006&order_time=2021-04-21 HTTP/1.1" 200 418
180.169.147.146 - - [21/Apr/2021:08:58:55 +0800] "POST /xingrg/kc/buy/cgsh_order_operate.html HTTP/1.1" 200 12
117.185.32.26 - - [21/Apr/2021:08:58:55 +0800] "GET /favicon.ico HTTP/1.1" 404 -
116.238.141.202 - - [21/Apr/2021:08:58:56 +0800] "POST /xingrg/kc/buy/cgsh_list_operate.html HTTP/1.1" 200 5964
116.224.253.72 - - [21/Apr/2021:08:58:56 +0800] "GET /xingrg/all/function/internal_message.html?_=1618966722423&CODE_STATE=getMsg HTTP/1.1" 200 27
116.238.141.202 - - [21/Apr/2021:08:58:59 +0800] "GET /xingrg/all/function/internal_message.html?_=1618967018375&CODE_STATE=getMsg HTTP/1.1" 200 27
124.77.71.179 - - [21/Apr/2021:08:59:01 +0800] "GET /xingrg/all/function/internal_message.html?_=1618966737783&CODE_STATE=getMsg HTTP/1.1" 200 27
116.224.253.72 - - [21/Apr/2021:08:59:04 +0800] "GET /xingrg/kc/buy/cgsh_order_operate.html?command=get_materiel&rest_code=00151&code=00101006013&supplier_code=00100096&order_time=2021-04-21 HTTP/1.1" 200 409
117.185.32.26 - - [21/Apr/2021:08:59:04 +0800] "POST /xingrg/login.do HTTP/1.1" 302 -
117.185.32.26 - - [21/Apr/2021:08:59:04 +0800] "GET /xingrg/index.html?sysBaseUrl=http%3A%2F%2F180.169.147.146%3A18081%2Fxingrg%2F&costTime=38×tamp=1618966744820 HTTP/1.1" 200 17173
114.83.220.63 - - [21/Apr/2021:08:59:05 +0800] "GET /xingrg/kc/buy/cgsh_order_add.html HTTP/1.1" 200 62201
116.238.141.202 - - [21/Apr/2021:08:59:05 +0800] "POST /xingrg/kc/buy/cgsh_list_operate.html HTTP/1.1" 200 6069
114.83.220.63 - - [21/Apr/2021:08:59:05 +0800] "POST /xingrg/kc/buy/cgsh_order_operate.html HTTP/1.1" 200 8245
114.83.220.63 - - [21/Apr/2021:08:59:05 +0800] "GET /xingrg/javascript/easyui/themes/default/validatebox.css HTTP/1.1" 404 1104
117.185.32.26 - - [21/Apr/2021:08:59:05 +0800] "GET /favicon.ico HTTP/1.1" 404 -
117.185.32.26 - - [21/Apr/2021:08:59:05 +0800] "POST /xingrg/all/common/load_tree.html?tree=area_rest_tree_json&manage=1 HTTP/1.1" 200 342
117.185.32.26 - - [21/Apr/2021:08:59:06 +0800] "GET /xingrg/check_reg.html?_=1618966745351 HTTP/1.1" 200 22
117.185.32.26 - - [21/Apr/2021:08:59:06 +0800] "GET /xingrg/javascript/jquery_easy_ui/themes/default/images/panel_tool_collapse.gif HTTP/1.1" 200 246
117.185.32.26 - - [21/Apr/2021:08:59:06 +0800] "POST /xingrg/load_menu.html HTTP/1.1" 200 5138
114.86.187.76 - - [21/Apr/2021:08:59:06 +0800] "GET /xingrg/check_reg.html?_=1618966747292 HTTP/1.1" 200 22
114.86.187.76 - - [21/Apr/2021:08:59:07 +0800] "GET /xingrg/all/function/internal_message.html?_=1618966747722&CODE_STATE=getMsg HTTP/1.1" 200 27
124.77.71.179 - - [21/Apr/2021:08:59:07 +0800] "GET /xingrg/kc/buy/cgsh_order_operate.html?command=get_materiel&rest_code=00107&code=00101008185&supplier_code=00100006&order_time=2021-04-21 HTTP/1.1" 200 408
117.185.32.26 - - [21/Apr/2021:08:59:07 +0800] "GET /xingrg/kc/buy/buy_main.html HTTP/1.1" 200 12412
117.185.32.26 - - [21/Apr/2021:08:59:07 +0800] "GET /xingrg/css/new_ie.css HTTP/1.1" 404 1036
117.185.32.26 - - [21/Apr/2021:08:59:08 +0800] "GET /xingrg/images/yd/bt.gif HTTP/1.1" 404 1040
117.185.32.26 - - [21/Apr/2021:08:59:09 +0800] "GET /xingrg/kc/buy/cgsh_order_list.html HTTP/1.1" 200 46410
117.185.32.26 - - [21/Apr/2021:08:59:09 +0800] "GET /xingrg/all/function/internal_message.html?_=1618966745350&CODE_STATE=count HTTP/1.1" 200 11
116.238.141.202 - - [21/Apr/2021:08:59:11 +0800] "POST /xingrg/kc/buy/cgsh_list_operate.html HTTP/1.1" 200 5978
117.185.32.26 - - [21/Apr/2021:08:59:12 +0800] "POST /xingrg/kc/buy/cgsh_list_operate.html HTTP/1.1" 200 1699
116.224.253.72 - - [21/Apr/2021:08:59:15 +0800] "GET /xingrg/kc/buy/cgsh_order_operate.html?command=get_materiel&rest_code=00151&code=00101006177&supplier_code=00100096&order_time=2021-04-21 HTTP/1.1" 200 411
117.185.32.26 - - [21/Apr/2021:08:59:15 +0800] "POST /xingrg/kc/buy/cgsh_list_operate.html HTTP/1.1" 200 565
124.77.71.179 - - [21/Apr/2021:08:59:15 +0800] "GET /xingrg/kc/buy/cgsh_order_operate.html?command=get_materiel&rest_code=00107&code=00101008003&supplier_code=00100006&order_time=2021-04-21 HTTP/1.1" 200 408
117.185.32.26 - - [21/Apr/2021:08:59:16 +0800] "GET /xingrg/kc/buy/cgsh_order_info.html?code=212021040601939 HTTP/1.1" 200 62163
117.185.32.26 - - [21/Apr/2021:08:59:16 +0800] "GET /xingrg/words/20210420115334_words.js HTTP/1.1" 304 -
117.185.32.26 - - [21/Apr/2021:08:59:16 +0800] "GET /xingrg/all/common/auto_word.html?type=employee&rest_code=00106 HTTP/1.1" 200 205
117.185.32.26 - - [21/Apr/2021:08:59:16 +0800] "GET /xingrg/javascript/easyui/themes/default/validatebox.css HTTP/1.1" 404 1104
117.185.32.26 - - [21/Apr/2021:08:59:16 +0800] "GET /xingrg/all/common/auto_word.html?type=employee&rest_code=00106 HTTP/1.1" 200 205
117.185.32.26 - - [21/Apr/2021:08:59:17 +0800] "POST /xingrg/kc/buy/cgsh_order_operate.html HTTP/1.1" 200 25121
116.238.141.202 - - [21/Apr/2021:08:59:17 +0800] "POST /xingrg/kc/buy/cgsh_list_operate.html HTTP/1.1" 200 6057
124.77.71.179 - - [21/Apr/2021:08:59:18 +0800] "POST /xingrg/kc/buy/cgsh_order_operate.html HTTP/1.1" 200 2065
117.185.32.26 - - [21/Apr/2021:08:59:18 +0800] "GET /xingrg/javascript/easyui/themes/default/tree.css HTTP/1.1" 404 1090
117.185.32.26 - - [21/Apr/2021:08:59:18 +0800] "POST /xingrg/all/common/load_tree.html?tree=supplier_tree_json&isDelete=1 HTTP/1.1" 200 54827
114.83.220.63 - - [21/Apr/2021:08:59:18 +0800] "GET /xingrg/kc/buy/cgsh_order_operate.html?command=get_materiel&rest_code=00149&code=00101001167&supplier_code=00100314&order_time=2021-04-20 HTTP/1.1" 200 411
222.70.217.33 - - [21/Apr/2021:08:59:20 +0800] "GET /xingrg/all/function/internal_message.html?_=1618966759667&CODE_STATE=getMsg HTTP/1.1" 200 27
117.185.32.26 - - [21/Apr/2021:08:59:21 +0800] "GET /xingrg/all/function/internal_message.html?_=1618967287451&CODE_STATE=getMsg HTTP/1.1" 200 27
116.238.141.202 - - [21/Apr/2021:08:59:24 +0800] "POST /xingrg/kc/buy/cgsh_list_operate.html HTTP/1.1" 200 6034
180.169.147.146 - - [21/Apr/2021:08:59:24 +0800] "GET /xingrg/all/function/internal_message.html?_=1618966770630&CODE_STATE=getMsg HTTP/1.1" 302 -
114.83.220.63 - - [21/Apr/2021:08:59:26 +0800] "GET /xingrg/kc/buy/cgsh_order_operate.html?command=get_materiel&rest_code=00149&code=00101001232&supplier_code=00100314&order_time=2021-04-20 HTTP/1.1" 200 400
117.185.32.26 - - [21/Apr/2021:08:59:27 +0800] "POST /xingrg/kc/buy/cgsh_order_operate.html HTTP/1.1" 200 37
124.77.71.179 - - [21/Apr/2021:08:59:29 +0800] "GET /xingrg/kc/buy/cgsh_order_operate.html?command=get_materiel&rest_code=00107&code=00101008225&supplier_code=00100006&order_time=2021-04-21 HTTP/1.1" 200 416
117.185.32.26 - - [21/Apr/2021:08:59:30 +0800] "POST /xingrg/kc/buy/cgsh_order_operate.html HTTP/1.1" 200 12
117.185.32.26 - - [21/Apr/2021:08:59:31 +0800] "GET /xingrg/kc/buy/cgsh_order_info.html?code=212021040601939 HTTP/1.1" 200 57058
117.185.32.26 - - [21/Apr/2021:08:59:31 +0800] "GET /xingrg/javascript/easyui/themes/default/validatebox.css HTTP/1.1" 404 1104
117.185.32.26 - - [21/Apr/2021:08:59:32 +0800] "POST /xingrg/kc/buy/cgsh_order_operate.html HTTP/1.1" 200 23059
114.83.220.63 - - [21/Apr/2021:08:59:38 +0800] "POST /xingrg/kc/buy/cgsh_order_operate.html HTTP/1.1" 200 37
116.224.253.72 - - [21/Apr/2021:08:59:38 +0800] "GET /xingrg/all/function/internal_message.html?_=1618966779563&CODE_STATE=getMsg HTTP/1.1" 200 27
61.165.42.208 - - [21/Apr/2021:08:59:39 +0800] "GET /xingrg/all/function/internal_message.html?_=1618966781190&CODE_STATE=getMsg HTTP/1.1" 200 27
114.83.220.63 - - [21/Apr/2021:08:59:40 +0800] "POST /xingrg/kc/buy/cgsh_order_operate.html HTTP/1.1" 200 12
116.238.141.202 - - [21/Apr/2021:08:59:40 +0800] "POST /xingrg/kc/buy/cgsh_list_operate.html HTTP/1.1" 200 5915
124.77.71.179 - - [21/Apr/2021:08:59:41 +0800] "GET /xingrg/kc/buy/cgsh_order_operate.html?command=get_materiel&rest_code=00107&code=00101008042&supplier_code=00100006&order_time=2021-04-21 HTTP/1.1" 200 416
114.83.220.63 - - [21/Apr/2021:08:59:42 +0800] "GET /xingrg/kc/buy/cgsh_order_info.html?code=212021042108640 HTTP/1.1" 200 57105
114.83.220.63 - - [21/Apr/2021:08:59:42 +0800] "GET /xingrg/javascript/easyui/themes/default/validatebox.css HTTP/1.1" 404 1104
116.224.253.72 - - [21/Apr/2021:08:59:44 +0800] "POST /xingrg/kc/buy/cgsh_order_operate.html HTTP/1.1" 200 37
114.83.220.63 - - [21/Apr/2021:08:59:44 +0800] "POST /xingrg/kc/buy/cgsh_order_operate.html HTTP/1.1" 200 1202
114.83.220.63 - - [21/Apr/2021:08:59:45 +0800] "GET /xingrg/kc/print/load_data.html?order_code=212021042108640&kc_code=cgsh&condition= HTTP/1.1" 200 935
116.224.253.72 - - [21/Apr/2021:08:59:45 +0800] "POST /xingrg/kc/buy/cgsh_order_operate.html HTTP/1.1" 200 6248
116.238.141.202 - - [21/Apr/2021:08:59:46 +0800] "POST /xingrg/kc/buy/cgsh_list_operate.html HTTP/1.1" 200 5886
114.83.220.63 - - [21/Apr/2021:08:59:46 +0800] "GET /xingrg/all/function/internal_message.html?_=1618966787157&CODE_STATE=getMsg HTTP/1.1" 200 27
116.230.114.112 - - [21/Apr/2021:08:59:48 +0800] "GET /xingrg/all/function/internal_message.html?_=1618966797373&CODE_STATE=getMsg HTTP/1.1" 200 27
114.83.220.63 - - [21/Apr/2021:08:59:49 +0800] "GET /xingrg/kc/buy/cgsh_order_add.html HTTP/1.1" 200 62201
114.83.220.63 - - [21/Apr/2021:08:59:50 +0800] "POST /xingrg/kc/buy/cgsh_order_operate.html HTTP/1.1" 200 8245
114.83.220.63 - - [21/Apr/2021:08:59:50 +0800] "GET /xingrg/javascript/easyui/themes/default/validatebox.css HTTP/1.1" 404 1104
116.238.141.202 - - [21/Apr/2021:08:59:52 +0800] "POST /xingrg/kc/buy/cgsh_list_operate.html HTTP/1.1" 200 6035
120.204.17.72 - - [21/Apr/2021:08:59:52 +0800] "GET /xingrg/login.html HTTP/1.1" 200 7641
116.224.253.72 - - [21/Apr/2021:08:59:56 +0800] "GET /xingrg/all/function/internal_message.html?_=1618966782437&CODE_STATE=getMsg HTTP/1.1" 200 27
180.169.147.146 - - [21/Apr/2021:08:59:56 +0800] "GET /xingrg/all/function/internal_message.html?_=1618966800968&CODE_STATE=getMsg HTTP/1.1" 200 27
180.169.147.146 - - [21/Apr/2021:08:59:56 +0800] "GET /xingrg/kc/buy/cgsh_order_info.html?code=212021042008509 HTTP/1.1" 200 57317
180.169.147.146 - - [21/Apr/2021:08:59:57 +0800] "GET /xingrg/javascript/easyui/themes/default/validatebox.css HTTP/1.1" 404 1104
180.169.147.146 - - [21/Apr/2021:08:59:57 +0800] "POST /xingrg/kc/buy/cgsh_order_operate.html HTTP/1.1" 200 8345
116.238.141.202 - - [21/Apr/2021:08:59:58 +0800] "POST /xingrg/kc/buy/cgsh_list_operate.html HTTP/1.1" 200 6043
116.238.141.202 - - [21/Apr/2021:08:59:59 +0800] "GET /xingrg/all/function/internal_message.html?_=1618967078389&CODE_STATE=getMsg HTTP/1.1" 200 27
124.77.71.179 - - [21/Apr/2021:09:00:01 +0800] "GET /xingrg/check_reg.html?_=1618966797662 HTTP/1.1" 200 22
124.77.71.179 - - [21/Apr/2021:09:00:01 +0800] "GET /xingrg/all/function/internal_message.html?_=1618966797808&CODE_STATE=getMsg HTTP/1.1" 200 27
180.169.147.146 - - [21/Apr/2021:09:00:02 +0800] "POST /xingrg/all/user/operate.html HTTP/1.1" 200 36
180.169.147.146 - - [21/Apr/2021:09:00:02 +0800] "GET /xingrg/index.html?sysBaseUrl=http%3A%2F%2F180.169.147.146%3A18081%2Fxingrg%2F&costTime=50×tamp=1618966354040 HTTP/1.1" 200 17509
180.169.147.146 - - [21/Apr/2021:09:00:02 +0800] "GET /xingrg/javascript/jquery_easy_ui/themes/default/easyui.css HTTP/1.1" 304 -
180.169.147.146 - - [21/Apr/2021:09:00:02 +0800] "GET /xingrg/javascript/jquery_easy_ui/themes/icon.css HTTP/1.1" 304 -
180.169.147.146 - - [21/Apr/2021:09:00:02 +0800] "GET /xingrg/css/form.css HTTP/1.1" 304 -
180.169.147.146 - - [21/Apr/2021:09:00:02 +0800] "GET /xingrg/javascript/jquery-1.4.2.min.js HTTP/1.1" 304 -
180.169.147.146 - - [21/Apr/2021:09:00:02 +0800] "GET /xingrg/javascript/jquery_easy_ui/jquery.easyui.min.js HTTP/1.1" 304 -
180.169.147.146 - - [21/Apr/2021:09:00:02 +0800] "GET /xingrg/javascript/jquery_easy_ui/easyui-lang-zh_CN.js HTTP/1.1" 304 -
180.169.147.146 - - [21/Apr/2021:09:00:02 +0800] "GET /xingrg/javascript/jquery.form.js HTTP/1.1" 304 -
180.169.147.146 - - [21/Apr/2021:09:00:02 +0800] "GET /xingrg/javascript/jquery.utils.js HTTP/1.1" 304 -
180.169.147.146 - - [21/Apr/2021:09:00:02 +0800] "GET /xingrg/javascript/jquery.timers.js HTTP/1.1" 304 -
180.169.147.146 - - [21/Apr/2021:09:00:02 +0800] "GET /xingrg/images/blue/jxLogo.png HTTP/1.1" 304 -
180.169.147.146 - - [21/Apr/2021:09:00:02 +0800] "GET /xingrg/javascript/jquery_easy_ui/themes/icons/settle_new.png HTTP/1.1" 304 -
180.169.147.146 - - [21/Apr/2021:09:00:02 +0800] "GET /xingrg/images/blue/navBackgound.jpg HTTP/1.1" 304 -
180.169.147.146 - - [21/Apr/2021:09:00:02 +0800] "POST /xingrg/all/common/load_tree.html?tree=area_rest_tree_json&manage=1 HTTP/1.1" 200 3216
180.169.147.146 - - [21/Apr/2021:09:00:02 +0800] "GET /xingrg/all/function/internal_message.html?_=1618966806832&CODE_STATE=count HTTP/1.1" 200 11
180.169.147.146 - - [21/Apr/2021:09:00:02 +0800] "GET /xingrg/check_reg.html?_=1618966806834 HTTP/1.1" 200 22
180.169.147.146 - - [21/Apr/2021:09:00:02 +0800] "GET /xingrg/javascript/jquery_easy_ui/themes/default/images/panel_tool_collapse.gif HTTP/1.1" 304 -
180.169.147.146 - - [21/Apr/2021:09:00:02 +0800] "GET /xingrg/javascript/jquery_easy_ui/themes/default/images/tabs_leftarrow.png HTTP/1.1" 304 -
180.169.147.146 - - [21/Apr/2021:09:00:02 +0800] "GET /xingrg/javascript/jquery_easy_ui/themes/default/images/tabs_rightarrow.png HTTP/1.1" 304 -
180.169.147.146 - - [21/Apr/2021:09:00:02 +0800] "GET /xingrg/javascript/jquery_easy_ui/themes/default/images/panel_tool_expand.gif HTTP/1.1" 304 -
180.169.147.146 - - [21/Apr/2021:09:00:02 +0800] "GET /xingrg/images/blue/pingpu.png HTTP/1.1" 304 -
180.169.147.146 - - [21/Apr/2021:09:00:02 +0800] "POST /xingrg/load_menu.html HTTP/1.1" 200 9959
114.83.220.63 - - [21/Apr/2021:09:00:04 +0800] "GET /xingrg/kc/buy/cgsh_order_operate.html?command=get_materiel&rest_code=00149&code=00101007111&supplier_code=00100326&order_time=2021-04-21 HTTP/1.1" 200 417
117.185.32.26 - - [21/Apr/2021:09:00:06 +0800] "GET /xingrg/all/function/internal_message.html?_=1618966805372&CODE_STATE=getMsg HTTP/1.1" 200 27
114.86.187.76 - - [21/Apr/2021:09:00:07 +0800] "GET /xingrg/all/function/internal_message.html?_=1618966807735&CODE_STATE=getMsg HTTP/1.1" 200 27
180.169.147.146 - - [21/Apr/2021:09:00:09 +0800] "GET /xingrg/kc/buy/cgsh_order_list.html HTTP/1.1" 200 46671
120.204.17.68 - - [21/Apr/2021:09:00:12 +0800] "GET /xingrg/kc/buy/buy_main.html HTTP/1.1" 302 -
120.204.17.70 - - [21/Apr/2021:09:00:12 +0800] "GET /xingrg/index.html?sysBaseUrl=http://180.169.147.146:18081/xingrg/&costTime=38×tamp=1618966744820 HTTP/1.1" 302 -
114.83.220.63 - - [21/Apr/2021:09:00:12 +0800] "POST /xingrg/kc/buy/cgsh_order_operate.html HTTP/1.1" 200 37
180.169.147.146 - - [21/Apr/2021:09:00:12 +0800] "POST /xingrg/kc/buy/cgsh_list_operate.html HTTP/1.1" 200 5214
124.77.71.179 - - [21/Apr/2021:09:00:13 +0800] "GET /xingrg/kc/buy/cgsh_order_operate.html?command=get_materiel&rest_code=00107&code=00101008131&supplier_code=00100006&order_time=2021-04-21 HTTP/1.1" 200 408
116.238.141.202 - - [21/Apr/2021:09:00:13 +0800] "POST /xingrg/kc/buy/cgsh_list_operate.html HTTP/1.1" 200 5988
120.204.17.70 - - [21/Apr/2021:09:00:16 +0800] "GET /xingrg/login.html HTTP/1.1" 200 7641
120.204.17.70 - - [21/Apr/2021:09:00:16 +0800] "GET /xingrg/all/common/auto_word.html?type=employee&rest_code=00106 HTTP/1.1" 302 -
124.77.71.179 - - [21/Apr/2021:09:00:16 +0800] "POST /xingrg/kc/buy/cgsh_order_operate.html HTTP/1.1" 200 2065
120.204.17.70 - - [21/Apr/2021:09:00:17 +0800] "GET /xingrg/login.html HTTP/1.1" 200 7641
114.83.220.63 - - [21/Apr/2021:09:00:18 +0800] "POST /xingrg/kc/buy/cgsh_order_operate.html HTTP/1.1" 200 12
114.83.220.63 - - [21/Apr/2021:09:00:20 +0800] "GET /xingrg/kc/buy/cgsh_order_info.html?code=212021042108642 HTTP/1.1" 200 57107
116.238.141.202 - - [21/Apr/2021:09:00:20 +0800] "POST /xingrg/kc/buy/cgsh_list_operate.html HTTP/1.1" 200 6059
114.83.220.63 - - [21/Apr/2021:09:00:20 +0800] "GET /xingrg/javascript/easyui/themes/default/validatebox.css HTTP/1.1" 404 1104
114.83.220.63 - - [21/Apr/2021:09:00:20 +0800] "POST /xingrg/kc/buy/cgsh_order_operate.html HTTP/1.1" 200 612
222.70.217.33 - - [21/Apr/2021:09:00:20 +0800] "GET /xingrg/all/function/internal_message.html?_=1618966819669&CODE_STATE=getMsg HTTP/1.1" 200 27
120.204.17.68 - - [21/Apr/2021:09:00:20 +0800] "GET /xingrg/login.html HTTP/1.1" 200 7641
180.169.147.146 - - [21/Apr/2021:09:00:21 +0800] "POST /xingrg/kc/buy/cgsh_list_operate.html HTTP/1.1" 200 5338
117.185.32.26 - - [21/Apr/2021:09:00:21 +0800] "GET /xingrg/check_reg.html?_=1618967347452 HTTP/1.1" 200 22
117.185.32.26 - - [21/Apr/2021:09:00:21 +0800] "GET /xingrg/all/function/internal_message.html?_=1618967347455&CODE_STATE=getMsg HTTP/1.1" 200 27
114.83.220.63 - - [21/Apr/2021:09:00:23 +0800] "GET /xingrg/kc/print/load_data.html?order_code=212021042108642&kc_code=cgsh&condition= HTTP/1.1" 200 719
180.169.147.146 - - [21/Apr/2021:09:00:24 +0800] "GET /xingrg/all/function/internal_message.html?_=1618966830636&CODE_STATE=getMsg HTTP/1.1" 302 -
116.224.253.72 - - [21/Apr/2021:09:00:24 +0800] "POST /xingrg/all/user/operate.html HTTP/1.1" 200 36
116.224.253.72 - - [21/Apr/2021:09:00:25 +0800] "GET /xingrg/javascript/jquery_easy_ui/themes/default/easyui.css HTTP/1.1" 304 -
116.224.253.72 - - [21/Apr/2021:09:00:25 +0800] "GET /xingrg/index.html?sysBaseUrl=http%3A%2F%2F180.169.147.146%3A18081%2Fxingrg%2F&costTime=44×tamp=1618965433532 HTTP/1.1" 200 17179
116.224.253.72 - - [21/Apr/2021:09:00:25 +0800] "GET /xingrg/javascript/jquery_easy_ui/themes/icon.css HTTP/1.1" 304 -
116.224.253.72 - - [21/Apr/2021:09:00:25 +0800] "GET /xingrg/css/form.css HTTP/1.1" 304 -
116.224.253.72 - - [21/Apr/2021:09:00:25 +0800] "GET /xingrg/javascript/jquery-1.4.2.min.js HTTP/1.1" 304 -
116.224.253.72 - - [21/Apr/2021:09:00:25 +0800] "GET /xingrg/javascript/jquery_easy_ui/jquery.easyui.min.js HTTP/1.1" 304 -
116.224.253.72 - - [21/Apr/2021:09:00:25 +0800] "GET /xingrg/javascript/jquery_easy_ui/easyui-lang-zh_CN.js HTTP/1.1" 304 -
116.224.253.72 - - [21/Apr/2021:09:00:25 +0800] "GET /xingrg/javascript/jquery.form.js HTTP/1.1" 304 -
116.224.253.72 - - [21/Apr/2021:09:00:25 +0800] "GET /xingrg/javascript/jquery.utils.js HTTP/1.1" 304 -
116.224.253.72 - - [21/Apr/2021:09:00:25 +0800] "GET /xingrg/javascript/jquery.timers.js HTTP/1.1" 304 -
116.224.253.72 - - [21/Apr/2021:09:00:25 +0800] "GET /xingrg/images/blue/navBackgound.jpg HTTP/1.1" 304 -
116.224.253.72 - - [21/Apr/2021:09:00:25 +0800] "GET /xingrg/images/blue/jxLogo.png HTTP/1.1" 304 -
116.224.253.72 - - [21/Apr/2021:09:00:25 +0800] "GET /xingrg/javascript/jquery_easy_ui/themes/icons/settle_new.png HTTP/1.1" 304 -
116.224.253.72 - - [21/Apr/2021:09:00:25 +0800] "POST /xingrg/all/common/load_tree.html?tree=area_rest_tree_json&manage=1 HTTP/1.1" 200 476
116.224.253.72 - - [21/Apr/2021:09:00:25 +0800] "GET /xingrg/images/blue/pingpu.png HTTP/1.1" 304 -
116.224.253.72 - - [21/Apr/2021:09:00:25 +0800] "GET /xingrg/javascript/jquery_easy_ui/themes/default/images/tabs_leftarrow.png HTTP/1.1" 304 -
116.224.253.72 - - [21/Apr/2021:09:00:25 +0800] "GET /xingrg/javascript/jquery_easy_ui/themes/default/images/tabs_rightarrow.png HTTP/1.1" 304 -
116.224.253.72 - - [21/Apr/2021:09:00:25 +0800] "GET /xingrg/javascript/jquery_easy_ui/themes/default/images/panel_tool_collapse.gif HTTP/1.1" 304 -
116.224.253.72 - - [21/Apr/2021:09:00:25 +0800] "GET /xingrg/check_reg.html?_=1618966811196 HTTP/1.1" 200 22
116.224.253.72 - - [21/Apr/2021:09:00:25 +0800] "GET /xingrg/all/function/internal_message.html?_=1618966811195&CODE_STATE=count HTTP/1.1" 200 11
116.224.253.72 - - [21/Apr/2021:09:00:25 +0800] "POST /xingrg/load_menu.html HTTP/1.1" 200 5138
124.77.71.179 - - [21/Apr/2021:09:00:25 +0800] "GET /xingrg/kc/buy/cgsh_order_operate.html?command=get_materiel&rest_code=00107&code=00101008296&supplier_code=00100006&order_time=2021-04-21 HTTP/1.1" 200 416
116.238.141.202 - - [21/Apr/2021:09:00:28 +0800] "POST /xingrg/kc/buy/cgsh_list_operate.html HTTP/1.1" 200 6012
114.83.220.63 - - [21/Apr/2021:09:00:29 +0800] "GET /xingrg/kc/buy/cgsh_order_add.html HTTP/1.1" 200 62201
114.83.220.63 - - [21/Apr/2021:09:00:29 +0800] "POST /xingrg/kc/buy/cgsh_order_operate.html HTTP/1.1" 200 8245
114.83.220.63 - - [21/Apr/2021:09:00:30 +0800] "GET /xingrg/javascript/easyui/themes/default/validatebox.css HTTP/1.1" 404 1104
116.238.141.202 - - [21/Apr/2021:09:00:32 +0800] "POST /xingrg/kc/buy/cgsh_list_operate.html HTTP/1.1" 200 373
116.238.141.202 - - [21/Apr/2021:09:00:33 +0800] "GET /xingrg/javascript/convert.js HTTP/1.1" 304 -
116.238.141.202 - - [21/Apr/2021:09:00:33 +0800] "GET /xingrg/javascript/jquery_tools/order_manager.js HTTP/1.1" 304 -
116.238.141.202 - - [21/Apr/2021:09:00:33 +0800] "GET /xingrg/javascript/print/kc_print.js HTTP/1.1" 304 -
116.238.141.202 - - [21/Apr/2021:09:00:33 +0800] "GET /xingrg/javascript/json2.js HTTP/1.1" 304 -
116.238.141.202 - - [21/Apr/2021:09:00:33 +0800] "GET /xingrg/kc/buy/cgsh_order_info.html?code=212021041003748 HTTP/1.1" 200 57013
116.238.141.202 - - [21/Apr/2021:09:00:33 +0800] "GET /xingrg/words/20210420115334_words.js HTTP/1.1" 304 -
124.77.71.179 - - [21/Apr/2021:09:00:33 +0800] "GET /xingrg/kc/buy/cgsh_order_operate.html?command=get_materiel&rest_code=00107&code=00101008261&supplier_code=00100006&order_time=2021-04-21 HTTP/1.1" 200 408
116.238.141.202 - - [21/Apr/2021:09:00:33 +0800] "GET /xingrg/javascript/easyui/themes/icons/copy_new.png HTTP/1.1" 304 -
116.238.141.202 - - [21/Apr/2021:09:00:33 +0800] "GET /xingrg/javascript/easyui/themes/icons/print.png HTTP/1.1" 304 -
116.238.141.202 - - [21/Apr/2021:09:00:33 +0800] "GET /xingrg/javascript/easyui/themes/default/images/menu_downarrow.png HTTP/1.1" 304 -
116.238.141.202 - - [21/Apr/2021:09:00:34 +0800] "GET /xingrg/javascript/easyui/themes/icons/cancel.png HTTP/1.1" 304 -
116.238.141.202 - - [21/Apr/2021:09:00:34 +0800] "GET /xingrg/javascript/easyui/themes/default/validatebox.css HTTP/1.1" 404 1104
116.238.141.202 - - [21/Apr/2021:09:00:34 +0800] "GET /xingrg/javascript/easyui/plugins/jquery.validatebox.js HTTP/1.1" 304 -
116.238.141.202 - - [21/Apr/2021:09:00:34 +0800] "GET /xingrg/javascript/easyui/plugins/jquery.numberbox.js HTTP/1.1" 304 -
116.238.141.202 - - [21/Apr/2021:09:00:34 +0800] "POST /xingrg/kc/buy/cgsh_order_operate.html HTTP/1.1" 200 1876
116.238.141.202 - - [21/Apr/2021:09:00:34 +0800] "GET /xingrg/javascript/easyui/themes/icons/edit_remove.png HTTP/1.1" 304 -
180.169.147.146 - - [21/Apr/2021:09:00:36 +0800] "POST /xingrg/all/user/operate.html HTTP/1.1" 200 36
180.169.147.146 - - [21/Apr/2021:09:00:36 +0800] "GET /xingrg/index.html?sysBaseUrl=http%3A%2F%2F180.169.147.146%3A18081%2Fxingrg%2F&costTime=50×tamp=1618966354040 HTTP/1.1" 200 17509
180.169.147.146 - - [21/Apr/2021:09:00:36 +0800] "GET /xingrg/javascript/jquery_easy_ui/themes/default/easyui.css HTTP/1.1" 304 -
180.169.147.146 - - [21/Apr/2021:09:00:36 +0800] "GET /xingrg/javascript/jquery_easy_ui/themes/icon.css HTTP/1.1" 304 -
180.169.147.146 - - [21/Apr/2021:09:00:36 +0800] "GET /xingrg/css/form.css HTTP/1.1" 304 -
180.169.147.146 - - [21/Apr/2021:09:00:36 +0800] "GET /xingrg/javascript/jquery-1.4.2.min.js HTTP/1.1" 304 -
180.169.147.146 - - [21/Apr/2021:09:00:36 +0800] "GET /xingrg/javascript/jquery_easy_ui/jquery.easyui.min.js HTTP/1.1" 304 -
180.169.147.146 - - [21/Apr/2021:09:00:36 +0800] "GET /xingrg/javascript/jquery_easy_ui/easyui-lang-zh_CN.js HTTP/1.1" 304 -
180.169.147.146 - - [21/Apr/2021:09:00:36 +0800] "GET /xingrg/javascript/jquery.form.js HTTP/1.1" 304 -
180.169.147.146 - - [21/Apr/2021:09:00:36 +0800] "GET /xingrg/javascript/jquery.utils.js HTTP/1.1" 304 -
180.169.147.146 - - [21/Apr/2021:09:00:36 +0800] "GET /xingrg/javascript/jquery.timers.js HTTP/1.1" 304 -
180.169.147.146 - - [21/Apr/2021:09:00:36 +0800] "GET /xingrg/images/blue/jxLogo.png HTTP/1.1" 304 -
180.169.147.146 - - [21/Apr/2021:09:00:36 +0800] "GET /xingrg/javascript/jquery_easy_ui/themes/icons/settle_new.png HTTP/1.1" 304 -
180.169.147.146 - - [21/Apr/2021:09:00:36 +0800] "GET /xingrg/images/blue/navBackgound.jpg HTTP/1.1" 304 -
180.169.147.146 - - [21/Apr/2021:09:00:36 +0800] "POST /xingrg/all/common/load_tree.html?tree=area_rest_tree_json&manage=1 HTTP/1.1" 200 3216
180.169.147.146 - - [21/Apr/2021:09:00:36 +0800] "GET /xingrg/all/function/internal_message.html?_=1618966840922&CODE_STATE=count HTTP/1.1" 200 11
180.169.147.146 - - [21/Apr/2021:09:00:36 +0800] "GET /xingrg/check_reg.html?_=1618966840922 HTTP/1.1" 200 22
180.169.147.146 - - [21/Apr/2021:09:00:36 +0800] "GET /xingrg/images/blue/pingpu.png HTTP/1.1" 304 -
180.169.147.146 - - [21/Apr/2021:09:00:36 +0800] "GET /xingrg/javascript/jquery_easy_ui/themes/default/images/tabs_rightarrow.png HTTP/1.1" 304 -
180.169.147.146 - - [21/Apr/2021:09:00:36 +0800] "GET /xingrg/javascript/jquery_easy_ui/themes/default/images/tabs_leftarrow.png HTTP/1.1" 304 -
180.169.147.146 - - [21/Apr/2021:09:00:36 +0800] "GET /xingrg/javascript/jquery_easy_ui/themes/default/images/panel_tool_expand.gif HTTP/1.1" 304 -
180.169.147.146 - - [21/Apr/2021:09:00:36 +0800] "GET /xingrg/javascript/jquery_easy_ui/themes/default/images/panel_tool_collapse.gif HTTP/1.1" 304 -
180.169.147.146 - - [21/Apr/2021:09:00:36 +0800] "POST /xingrg/load_menu.html HTTP/1.1" 200 9959
116.224.253.72 - - [21/Apr/2021:09:00:38 +0800] "GET /xingrg/all/function/internal_message.html?_=1618966839568&CODE_STATE=getMsg HTTP/1.1" 200 27
180.169.147.146 - - [21/Apr/2021:09:00:38 +0800] "GET /xingrg/kc/buy/cgsh_order_list.html HTTP/1.1" 200 46671
61.165.42.208 - - [21/Apr/2021:09:00:39 +0800] "GET /xingrg/all/function/internal_message.html?_=1618966841179&CODE_STATE=getMsg HTTP/1.1" 200 27
180.169.147.146 - - [21/Apr/2021:09:00:39 +0800] "POST /xingrg/kc/buy/cgsh_list_operate.html HTTP/1.1" 200 876
116.224.253.72 - - [21/Apr/2021:09:00:40 +0800] "GET /xingrg/kc/buy/cgsh_order_list.html HTTP/1.1" 200 46416
116.224.253.72 - - [21/Apr/2021:09:00:41 +0800] "POST /xingrg/kc/buy/cgsh_list_operate.html HTTP/1.1" 200 1706
116.224.253.72 - - [21/Apr/2021:09:00:43 +0800] "GET /xingrg/kc/buy/cgsh_order_add.html HTTP/1.1" 200 62084
116.224.253.72 - - [21/Apr/2021:09:00:43 +0800] "POST /xingrg/kc/buy/cgsh_order_operate.html HTTP/1.1" 200 8245
116.224.253.72 - - [21/Apr/2021:09:00:43 +0800] "GET /xingrg/javascript/easyui/themes/default/validatebox.css HTTP/1.1" 404 1104
180.169.147.146 - - [21/Apr/2021:09:00:43 +0800] "POST /xingrg/kc/buy/cgsh_list_operate.html HTTP/1.1" 200 5879
116.224.253.72 - - [21/Apr/2021:09:00:45 +0800] "GET /xingrg/javascript/auto/indicator.gif HTTP/1.1" 404 1066
114.83.220.63 - - [21/Apr/2021:09:00:46 +0800] "GET /xingrg/all/function/internal_message.html?_=1618966847141&CODE_STATE=getMsg HTTP/1.1" 200 27
116.230.114.112 - - [21/Apr/2021:09:00:48 +0800] "GET /xingrg/all/function/internal_message.html?_=1618966857390&CODE_STATE=getMsg HTTP/1.1" 200 27
114.83.220.63 - - [21/Apr/2021:09:00:50 +0800] "GET /xingrg/kc/buy/cgsh_order_operate.html?command=get_materiel&rest_code=00149&code=00101001141&supplier_code=00100327&order_time=2021-04-20 HTTP/1.1" 200 413
124.77.71.179 - - [21/Apr/2021:09:00:50 +0800] "GET /xingrg/kc/buy/cgsh_order_operate.html?command=get_materiel&rest_code=00107&code=00101008358&supplier_code=00100006&order_time=2021-04-21 HTTP/1.1" 200 412
116.224.253.72 - - [21/Apr/2021:09:00:51 +0800] "GET /xingrg/kc/buy/cgsh_order_operate.html?command=get_materiel&rest_code=00150&code=00101012029&supplier_code=00100096&order_time=2021-04-21 HTTP/1.1" 200 414
180.169.147.146 - - [21/Apr/2021:09:00:56 +0800] "POST /xingrg/kc/buy/cgsh_list_operate.html HTTP/1.1" 200 6003
116.238.141.202 - - [21/Apr/2021:09:00:59 +0800] "GET /xingrg/all/function/internal_message.html?_=1618967138416&CODE_STATE=getMsg HTTP/1.1" 200 27
124.77.71.179 - - [21/Apr/2021:09:01:00 +0800] "GET /xingrg/kc/buy/cgsh_order_operate.html?command=get_materiel&rest_code=00107&code=00101008332&supplier_code=00100006&order_time=2021-04-21 HTTP/1.1" 200 412
180.169.147.146 - - [21/Apr/2021:09:01:01 +0800] "POST /xingrg/kc/buy/cgsh_list_operate.html HTTP/1.1" 200 6034
124.77.71.179 - - [21/Apr/2021:09:01:01 +0800] "GET /xingrg/all/function/internal_message.html?_=1618966857837&CODE_STATE=getMsg HTTP/1.1" 200 27
180.169.147.146 - - [21/Apr/2021:09:01:04 +0800] "POST /xingrg/kc/buy/cgsh_list_operate.html HTTP/1.1" 200 5879
120.204.17.70 - - [21/Apr/2021:09:01:05 +0800] "GET /xingrg/all/function/internal_message.html?_=1618966805372&CODE_STATE=getMsg HTTP/1.1" 302 -
117.185.32.26 - - [21/Apr/2021:09:01:06 +0800] "GET /xingrg/all/function/internal_message.html?_=1618966865355&CODE_STATE=getMsg HTTP/1.1" 200 27
116.224.253.72 - - [21/Apr/2021:09:01:06 +0800] "GET /xingrg/kc/buy/cgsh_order_operate.html?command=get_materiel&rest_code=00150&code=00101001084&supplier_code=00100096&order_time=2021-04-21 HTTP/1.1" 200 413
114.86.187.76 - - [21/Apr/2021:09:01:07 +0800] "GET /xingrg/all/function/internal_message.html?_=1618966867750&CODE_STATE=getMsg HTTP/1.1" 200 27
120.204.17.70 - - [21/Apr/2021:09:01:07 +0800] "GET /xingrg/login.html HTTP/1.1" 200 7641
180.169.147.146 - - [21/Apr/2021:09:01:08 +0800] "POST /xingrg/kc/buy/cgsh_list_operate.html HTTP/1.1" 200 6003
114.83.220.63 - - [21/Apr/2021:09:01:09 +0800] "GET /xingrg/kc/buy/cgsh_order_operate.html?command=get_materiel&rest_code=00149&code=00101008171&supplier_code=00100327&order_time=2021-04-20 HTTP/1.1" 200 421
116.238.141.202 - - [21/Apr/2021:09:01:14 +0800] "GET /xingrg/javascript/jquery_easy_ui/themes/default/images/tabs_active.png HTTP/1.1" 304 -
117.185.32.26 - - [21/Apr/2021:09:01:15 +0800] "GET /xingrg/check_reg.html?_=1618967401371 HTTP/1.1" 200 22
114.83.220.63 - - [21/Apr/2021:09:01:16 +0800] "POST /xingrg/kc/buy/cgsh_order_operate.html HTTP/1.1" 200 37
124.77.71.179 - - [21/Apr/2021:09:01:19 +0800] "GET /xingrg/kc/buy/cgsh_order_operate.html?command=get_materiel&rest_code=00107&code=00101008239&supplier_code=00100006&order_time=2021-04-21 HTTP/1.1" 200 416
114.83.220.63 - - [21/Apr/2021:09:01:19 +0800] "POST /xingrg/kc/buy/cgsh_order_operate.html HTTP/1.1" 200 12
222.70.217.33 - - [21/Apr/2021:09:01:20 +0800] "GET /xingrg/all/function/internal_message.html?_=1618966879670&CODE_STATE=getMsg HTTP/1.1" 200 27
114.83.220.63 - - [21/Apr/2021:09:01:21 +0800] "GET /xingrg/kc/buy/cgsh_order_info.html?code=212021042108643 HTTP/1.1" 200 57103
124.77.71.179 - - [21/Apr/2021:09:01:21 +0800] "POST /xingrg/kc/buy/cgsh_order_operate.html HTTP/1.1" 200 2065
117.185.32.26 - - [21/Apr/2021:09:01:21 +0800] "GET /xingrg/all/function/internal_message.html?_=1618967407454&CODE_STATE=getMsg HTTP/1.1" 200 27
114.83.220.63 - - [21/Apr/2021:09:01:22 +0800] "GET /xingrg/javascript/easyui/themes/default/validatebox.css HTTP/1.1" 404 1104
114.83.220.63 - - [21/Apr/2021:09:01:22 +0800] "POST /xingrg/kc/buy/cgsh_order_operate.html HTTP/1.1" 200 1209
114.83.220.63 - - [21/Apr/2021:09:01:24 +0800] "GET /xingrg/kc/print/load_data.html?order_code=212021042108643&kc_code=cgsh&condition= HTTP/1.1" 200 934
180.169.147.146 - - [21/Apr/2021:09:01:24 +0800] "GET /xingrg/check_reg.html?_=1618966890635 HTTP/1.1" 302 -
180.169.147.146 - - [21/Apr/2021:09:01:24 +0800] "GET /xingrg/all/function/internal_message.html?_=1618966890637&CODE_STATE=getMsg HTTP/1.1" 302 -
116.238.141.202 - - [21/Apr/2021:09:01:24 +0800] "POST /xingrg/kc/buy/cgsh_list_operate.html HTTP/1.1" 200 5975
116.224.253.72 - - [21/Apr/2021:09:01:25 +0800] "GET /xingrg/all/function/internal_message.html?_=1618966871203&CODE_STATE=getMsg HTTP/1.1" 200 27
116.238.141.202 - - [21/Apr/2021:09:01:29 +0800] "POST /xingrg/kc/buy/cgsh_list_operate.html HTTP/1.1" 200 6068
