114.86.231.92 - - [21/Apr/2021:10:43:02 +0800] "GET /xingrg/all/function/internal_message.html?_=1618972989123&CODE_STATE=getMsg HTTP/1.1" 200 27
58.221.95.50 - - [21/Apr/2021:10:43:02 +0800] "GET /xingrg/javascript/jquery_tools/images/next.gif HTTP/1.1" 404 1086
58.221.95.50 - - [21/Apr/2021:10:43:02 +0800] "GET /xingrg/javascript/jquery_tools/images/prev.gif HTTP/1.1" 404 1086
114.83.220.63 - - [21/Apr/2021:10:43:03 +0800] "GET /xingrg/kc/buy/cgsh_order_operate.html?command=get_materiel&rest_code=00149&code=00101008338&supplier_code=00100005&order_time=2021-04-21 HTTP/1.1" 200 408
180.169.147.146 - - [21/Apr/2021:10:43:04 +0800] "GET /xingrg/kc/buy/cgsh_order_add.html HTTP/1.1" 200 62116
180.169.147.146 - - [21/Apr/2021:10:43:04 +0800] "POST /xingrg/kc/buy/cgsh_order_operate.html HTTP/1.1" 200 8245
180.169.147.146 - - [21/Apr/2021:10:43:04 +0800] "GET /xingrg/javascript/easyui/themes/default/validatebox.css HTTP/1.1" 404 1104
120.253.135.82 - - [21/Apr/2021:10:43:06 +0800] "POST /xingrg/kc/pszx/mdps_list_operate.html HTTP/1.1" 200 203
116.230.114.112 - - [21/Apr/2021:10:43:06 +0800] "GET /xingrg/all/function/internal_message.html?_=1618972997160&CODE_STATE=getMsg HTTP/1.1" 200 27
120.253.135.82 - - [21/Apr/2021:10:43:07 +0800] "GET /xingrg/kc/pszx/mdps_order_info.html?code=312021042000551 HTTP/1.1" 200 23929
120.253.135.82 - - [21/Apr/2021:10:43:07 +0800] "GET /xingrg/javascript/jquery_tools/order_manager.js HTTP/1.1" 304 -
120.253.135.82 - - [21/Apr/2021:10:43:07 +0800] "GET /xingrg/javascript/convert.js HTTP/1.1" 304 -
120.253.135.82 - - [21/Apr/2021:10:43:07 +0800] "GET /xingrg/javascript/json2.js HTTP/1.1" 304 -
120.253.135.82 - - [21/Apr/2021:10:43:07 +0800] "GET /xingrg/javascript/print/kc_print.js HTTP/1.1" 304 -
120.253.135.82 - - [21/Apr/2021:10:43:08 +0800] "GET /xingrg/words/20210420115334_words.js HTTP/1.1" 304 -
120.253.135.82 - - [21/Apr/2021:10:43:08 +0800] "GET /xingrg/javascript/easyui/themes/icons/copy_new.png HTTP/1.1" 304 -
120.253.135.82 - - [21/Apr/2021:10:43:08 +0800] "GET /xingrg/javascript/easyui/themes/icons/print.png HTTP/1.1" 304 -
120.253.135.82 - - [21/Apr/2021:10:43:08 +0800] "GET /xingrg/javascript/easyui/themes/icons/ok.png HTTP/1.1" 304 -
120.253.135.82 - - [21/Apr/2021:10:43:08 +0800] "GET /xingrg/javascript/easyui/themes/default/images/menu_downarrow.png HTTP/1.1" 304 -
120.253.135.82 - - [21/Apr/2021:10:43:08 +0800] "GET /xingrg/javascript/easyui/themes/icons/cancel.png HTTP/1.1" 304 -
120.253.135.82 - - [21/Apr/2021:10:43:08 +0800] "GET /xingrg/javascript/easyui/themes/default/validatebox.css HTTP/1.1" 404 1104
120.253.135.82 - - [21/Apr/2021:10:43:08 +0800] "GET /xingrg/javascript/easyui/plugins/jquery.validatebox.js HTTP/1.1" 304 -
120.253.135.82 - - [21/Apr/2021:10:43:08 +0800] "GET /xingrg/javascript/easyui/plugins/jquery.numberbox.js HTTP/1.1" 304 -
120.253.135.82 - - [21/Apr/2021:10:43:08 +0800] "GET /xingrg/all/common/auto_word.html?type=base&rest_code=00101 HTTP/1.1" 200 613
120.253.135.82 - - [21/Apr/2021:10:43:08 +0800] "POST /xingrg/kc/pszx/mdps_order_operate.html HTTP/1.1" 200 2295
120.253.135.82 - - [21/Apr/2021:10:43:08 +0800] "GET /xingrg/javascript/easyui/themes/icons/edit_remove.png HTTP/1.1" 304 -
58.40.7.146 - - [21/Apr/2021:10:43:08 +0800] "GET /xingrg/all/function/internal_message.html?_=1618972989194&CODE_STATE=getMsg HTTP/1.1" 200 27
58.40.7.146 - - [21/Apr/2021:10:43:08 +0800] "GET /xingrg/check_reg.html?_=1618972989196 HTTP/1.1" 200 22
117.185.32.26 - - [21/Apr/2021:10:43:10 +0800] "GET /xingrg/kc/buy/cgsh_order_operate.html?command=get_materiel&rest_code=00106&code=00101003035&supplier_code=00100092&order_time=2021-04-21 HTTP/1.1" 200 411
61.165.42.208 - - [21/Apr/2021:10:43:10 +0800] "GET /xingrg/kc/buy/cgsh_order_operate.html?command=get_materiel&rest_code=00105&code=00101004050&supplier_code=00100312&order_time=2021-04-21 HTTP/1.1" 200 409
114.86.187.76 - - [21/Apr/2021:10:43:11 +0800] "GET /xingrg/all/function/internal_message.html?_=1618972991865&CODE_STATE=getMsg HTTP/1.1" 200 27
120.253.135.82 - - [21/Apr/2021:10:43:11 +0800] "POST /xingrg/kc/pszx/mdps_order_operate.html HTTP/1.1" 200 37
180.169.147.146 - - [21/Apr/2021:10:43:12 +0800] "GET /xingrg/all/function/internal_message.html?_=1618972996661&CODE_STATE=getMsg HTTP/1.1" 200 27
120.253.135.82 - - [21/Apr/2021:10:43:12 +0800] "GET /xingrg/all/function/internal_message.html?_=1618972772685&CODE_STATE=getMsg HTTP/1.1" 200 27
180.169.147.146 - - [21/Apr/2021:10:43:13 +0800] "GET /xingrg/kc/buy/cgsh_order_operate.html?command=get_materiel&rest_code=00147&code=00101007061&supplier_code=00100004&order_time=2021-04-21 HTTP/1.1" 200 409
120.253.135.82 - - [21/Apr/2021:10:43:14 +0800] "POST /xingrg/kc/pszx/mdps_order_operate.html HTTP/1.1" 200 12
180.169.147.146 - - [21/Apr/2021:10:43:14 +0800] "GET /xingrg/all/function/internal_message.html?_=1618972994757&CODE_STATE=getMsg HTTP/1.1" 200 27
180.169.147.146 - - [21/Apr/2021:10:43:17 +0800] "GET /xingrg/all/function/internal_message.html?_=1618972997491&CODE_STATE=getMsg HTTP/1.1" 302 -
180.169.147.146 - - [21/Apr/2021:10:43:18 +0800] "GET /xingrg/all/function/internal_message.html?_=1618972996310&CODE_STATE=getMsg HTTP/1.1" 200 27
114.83.220.63 - - [21/Apr/2021:10:43:19 +0800] "POST /xingrg/kc/buy/cgsh_order_operate.html HTTP/1.1" 200 2065
61.165.42.208 - - [21/Apr/2021:10:43:19 +0800] "GET /xingrg/kc/buy/cgsh_order_operate.html?command=get_materiel&rest_code=00105&code=00101004030&supplier_code=00100312&order_time=2021-04-21 HTTP/1.1" 200 408
222.70.217.33 - - [21/Apr/2021:10:43:21 +0800] "GET /xingrg/all/function/internal_message.html?_=1618973001519&CODE_STATE=getMsg HTTP/1.1" 200 27
116.238.141.202 - - [21/Apr/2021:10:43:21 +0800] "GET /xingrg/all/function/internal_message.html?_=1618973280567&CODE_STATE=getMsg HTTP/1.1" 200 27
117.185.32.26 - - [21/Apr/2021:10:43:22 +0800] "GET /xingrg/all/function/internal_message.html?_=1618973528004&CODE_STATE=getMsg HTTP/1.1" 200 27
117.185.32.26 - - [21/Apr/2021:10:43:22 +0800] "POST /xingrg/kc/buy/cgsh_order_operate.html HTTP/1.1" 200 37
180.169.147.146 - - [21/Apr/2021:10:43:23 +0800] "GET /xingrg/kc/buy/cgsh_order_operate.html?command=get_materiel&rest_code=00147&code=00101007125&supplier_code=00100004&order_time=2021-04-21 HTTP/1.1" 200 406
180.169.147.146 - - [21/Apr/2021:10:43:24 +0800] "GET /xingrg/all/function/internal_message.html?_=1618973010810&CODE_STATE=getMsg HTTP/1.1" 302 -
117.185.32.26 - - [21/Apr/2021:10:43:25 +0800] "POST /xingrg/kc/buy/cgsh_order_operate.html HTTP/1.1" 200 12
117.185.32.26 - - [21/Apr/2021:10:43:26 +0800] "GET /xingrg/kc/buy/cgsh_order_info.html?code=212021042108726 HTTP/1.1" 200 57052
117.185.32.26 - - [21/Apr/2021:10:43:26 +0800] "GET /xingrg/javascript/easyui/themes/default/validatebox.css HTTP/1.1" 404 1104
117.185.32.26 - - [21/Apr/2021:10:43:26 +0800] "POST /xingrg/kc/buy/cgsh_order_operate.html HTTP/1.1" 200 1213
58.37.228.113 - - [21/Apr/2021:10:43:27 +0800] "GET /xingrg/all/function/internal_message.html?_=1618973008132&CODE_STATE=getMsg HTTP/1.1" 200 27
58.37.228.113 - - [21/Apr/2021:10:43:27 +0800] "GET /xingrg/check_reg.html?_=1618973008133 HTTP/1.1" 200 22
58.37.228.113 - - [21/Apr/2021:10:43:27 +0800] "POST /xingrg/kc/buy/cgsh_order_operate.html HTTP/1.1" 200 20368
120.253.135.82 - - [21/Apr/2021:10:43:27 +0800] "GET /xingrg/kc/pszx/mdps_order_info.html?code=312021042000551 HTTP/1.1" 200 19589
120.253.135.82 - - [21/Apr/2021:10:43:27 +0800] "GET /xingrg/javascript/easyui/themes/default/validatebox.css HTTP/1.1" 404 1104
120.253.135.82 - - [21/Apr/2021:10:43:27 +0800] "POST /xingrg/kc/pszx/mdps_order_operate.html HTTP/1.1" 200 516
61.165.42.208 - - [21/Apr/2021:10:43:29 +0800] "GET /xingrg/kc/buy/cgsh_order_operate.html?command=get_materiel&rest_code=00105&code=00101005015&supplier_code=00100312&order_time=2021-04-21 HTTP/1.1" 200 409
117.185.32.26 - - [21/Apr/2021:10:43:30 +0800] "GET /xingrg/kc/print/load_data.html?order_code=212021042108726&kc_code=cgsh&condition= HTTP/1.1" 200 993
114.83.220.63 - - [21/Apr/2021:10:43:30 +0800] "GET /xingrg/kc/buy/cgsh_order_operate.html?command=get_materiel&rest_code=00149&code=00101008242&supplier_code=00100005&order_time=2021-04-21 HTTP/1.1" 200 408
120.253.135.82 - - [21/Apr/2021:10:43:30 +0800] "POST /xingrg/kc/pszx/mdps_list_operate.html HTTP/1.1" 200 201
117.185.32.26 - - [21/Apr/2021:10:43:31 +0800] "GET /xingrg/all/function/internal_message.html?_=1618973010127&CODE_STATE=getMsg HTTP/1.1" 200 27
120.253.135.82 - - [21/Apr/2021:10:43:31 +0800] "GET /xingrg/kc/pszx/mdps_order_info.html?code=312021041600460 HTTP/1.1" 200 23937
116.232.49.227 - - [21/Apr/2021:10:43:31 +0800] "GET /favicon.ico HTTP/1.1" 404 -
120.253.135.82 - - [21/Apr/2021:10:43:31 +0800] "GET /xingrg/javascript/easyui/themes/default/validatebox.css HTTP/1.1" 404 1104
120.253.135.82 - - [21/Apr/2021:10:43:31 +0800] "POST /xingrg/kc/pszx/mdps_order_operate.html HTTP/1.1" 200 2273
58.37.228.113 - - [21/Apr/2021:10:43:34 +0800] "GET /xingrg/all/function/internal_message.html?_=1618973015778&CODE_STATE=getMsg HTTP/1.1" 200 27
58.221.95.50 - - [21/Apr/2021:10:43:35 +0800] "GET /xingrg/kc/buy/cgsh_order_operate.html?command=get_materiel&rest_code=00152&code=00102027005&supplier_code=00100151&order_time=2021-04-16 HTTP/1.1" 200 403
120.253.135.82 - - [21/Apr/2021:10:43:35 +0800] "POST /xingrg/kc/pszx/mdps_order_operate.html HTTP/1.1" 200 37
61.165.42.208 - - [21/Apr/2021:10:43:36 +0800] "GET /xingrg/kc/buy/cgsh_order_operate.html?command=get_materiel&rest_code=00105&code=00101004020&supplier_code=00100312&order_time=2021-04-21 HTTP/1.1" 200 409
120.253.135.82 - - [21/Apr/2021:10:43:36 +0800] "POST /xingrg/kc/pszx/mdps_order_operate.html HTTP/1.1" 200 12
61.165.42.208 - - [21/Apr/2021:10:43:38 +0800] "GET /xingrg/all/function/internal_message.html?_=1618973020742&CODE_STATE=getMsg HTTP/1.1" 200 27
117.185.32.26 - - [21/Apr/2021:10:43:39 +0800] "GET /xingrg/kc/buy/cgsh_order_add.html HTTP/1.1" 200 62148
61.165.42.208 - - [21/Apr/2021:10:43:39 +0800] "GET /xingrg/check_reg.html?_=1618973021185 HTTP/1.1" 200 22
114.88.160.164 - - [21/Apr/2021:10:43:39 +0800] "GET /xingrg/all/function/internal_message.html?_=1618973018065&CODE_STATE=getMsg HTTP/1.1" 200 27
117.185.32.26 - - [21/Apr/2021:10:43:39 +0800] "POST /xingrg/kc/buy/cgsh_order_operate.html HTTP/1.1" 200 8245
117.185.32.26 - - [21/Apr/2021:10:43:39 +0800] "GET /xingrg/javascript/easyui/themes/default/validatebox.css HTTP/1.1" 404 1104
180.162.112.81 - - [21/Apr/2021:10:43:40 +0800] "GET /xingrg/all/function/internal_message.html?_=1618972778684&CODE_STATE=getMsg HTTP/1.1" 200 27
114.83.220.63 - - [21/Apr/2021:10:43:41 +0800] "GET /xingrg/kc/buy/cgsh_order_operate.html?command=get_materiel&rest_code=00149&code=00101008114&supplier_code=00100005&order_time=2021-04-21 HTTP/1.1" 200 412
117.185.32.26 - - [21/Apr/2021:10:43:41 +0800] "GET /xingrg/javascript/easyui/themes/default/tree.css HTTP/1.1" 404 1090
117.185.32.26 - - [21/Apr/2021:10:43:42 +0800] "POST /xingrg/all/common/load_tree.html?tree=supplier_tree_json&isDelete=1 HTTP/1.1" 200 54827
120.253.135.82 - - [21/Apr/2021:10:43:43 +0800] "GET /xingrg/kc/pszx/mdps_order_info.html?code=312021041600460 HTTP/1.1" 200 19597
61.165.42.208 - - [21/Apr/2021:10:43:43 +0800] "GET /xingrg/kc/buy/cgsh_order_operate.html?command=get_materiel&rest_code=00105&code=00101001029&supplier_code=00100312&order_time=2021-04-21 HTTP/1.1" 200 414
58.37.228.113 - - [21/Apr/2021:10:43:43 +0800] "GET /xingrg/kc/buy/cgsh_order_operate.html?command=get_materiel&rest_code=00141&code=00101008110&supplier_code=00100007&order_time=2021-04-21 HTTP/1.1" 200 408
120.253.135.82 - - [21/Apr/2021:10:43:44 +0800] "POST /xingrg/kc/pszx/mdps_order_operate.html HTTP/1.1" 200 494
120.253.135.82 - - [21/Apr/2021:10:43:44 +0800] "GET /xingrg/javascript/easyui/themes/default/validatebox.css HTTP/1.1" 404 1104
180.169.147.146 - - [21/Apr/2021:10:43:44 +0800] "GET /xingrg/all/function/internal_message.html?_=1618973024840&CODE_STATE=getMsg HTTP/1.1" 200 27
120.253.135.82 - - [21/Apr/2021:10:43:45 +0800] "POST /xingrg/kc/pszx/mdps_list_operate.html HTTP/1.1" 200 2817
120.253.135.82 - - [21/Apr/2021:10:43:47 +0800] "POST /xingrg/kc/pszx/mdps_list_operate.html HTTP/1.1" 200 294
120.253.135.82 - - [21/Apr/2021:10:43:48 +0800] "GET /xingrg/kc/pszx/mdps_order_info.html?code=312021042000562 HTTP/1.1" 200 23937
180.169.147.146 - - [21/Apr/2021:10:43:48 +0800] "POST /xingrg/kc/buy/cgsh_order_operate.html HTTP/1.1" 200 37
120.253.135.82 - - [21/Apr/2021:10:43:48 +0800] "POST /xingrg/kc/pszx/mdps_order_operate.html HTTP/1.1" 200 2793
120.253.135.82 - - [21/Apr/2021:10:43:48 +0800] "GET /xingrg/javascript/easyui/themes/default/validatebox.css HTTP/1.1" 404 1104
116.224.253.72 - - [21/Apr/2021:10:43:48 +0800] "GET /xingrg/check_reg.html?_=1618973029742 HTTP/1.1" 200 22
116.224.253.72 - - [21/Apr/2021:10:43:48 +0800] "GET /xingrg/all/function/internal_message.html?_=1618973029758&CODE_STATE=getMsg HTTP/1.1" 200 27
116.230.114.112 - - [21/Apr/2021:10:43:49 +0800] "GET /xingrg/all/function/internal_message.html?_=1618973038788&CODE_STATE=getMsg HTTP/1.1" 302 -
58.37.228.113 - - [21/Apr/2021:10:43:51 +0800] "GET /xingrg/kc/buy/cgsh_order_operate.html?command=get_materiel&rest_code=00141&code=00101008095&supplier_code=00100007&order_time=2021-04-21 HTTP/1.1" 200 412
120.253.135.82 - - [21/Apr/2021:10:43:51 +0800] "POST /xingrg/kc/pszx/mdps_order_operate.html HTTP/1.1" 200 37
58.221.95.50 - - [21/Apr/2021:10:43:52 +0800] "GET /xingrg/all/function/internal_message.html?_=1618973033118&CODE_STATE=getMsg HTTP/1.1" 200 27
120.253.135.82 - - [21/Apr/2021:10:43:53 +0800] "POST /xingrg/kc/pszx/mdps_order_operate.html HTTP/1.1" 200 12
114.83.220.63 - - [21/Apr/2021:10:43:54 +0800] "GET /xingrg/kc/buy/cgsh_order_operate.html?command=get_materiel&rest_code=00149&code=00101008125&supplier_code=00100005&order_time=2021-04-21 HTTP/1.1" 200 413
61.165.42.208 - - [21/Apr/2021:10:43:55 +0800] "GET /xingrg/kc/buy/cgsh_order_operate.html?command=get_materiel&rest_code=00105&code=00101001015&supplier_code=00100312&order_time=2021-04-21 HTTP/1.1" 200 414
180.169.147.146 - - [21/Apr/2021:10:43:55 +0800] "POST /xingrg/kc/buy/cgsh_order_operate.html HTTP/1.1" 200 3827
180.169.147.146 - - [21/Apr/2021:10:43:56 +0800] "GET /xingrg/kc/print/load_data.html?order_code=212021042108727&kc_code=cgsh&condition= HTTP/1.1" 200 1166
114.83.220.63 - - [21/Apr/2021:10:43:57 +0800] "GET /xingrg/all/function/internal_message.html?_=1618973037980&CODE_STATE=getMsg HTTP/1.1" 200 27
58.37.228.113 - - [21/Apr/2021:10:43:57 +0800] "GET /xingrg/kc/buy/cgsh_order_operate.html?command=get_materiel&rest_code=00141&code=00101008223&supplier_code=00100007&order_time=2021-04-21 HTTP/1.1" 200 412
180.169.147.146 - - [21/Apr/2021:10:43:59 +0800] "GET /xingrg/kc/buy/cgsh_order_add.html HTTP/1.1" 200 62116
180.169.147.146 - - [21/Apr/2021:10:44:00 +0800] "GET /xingrg/javascript/easyui/themes/default/validatebox.css HTTP/1.1" 404 1104
180.169.147.146 - - [21/Apr/2021:10:44:00 +0800] "POST /xingrg/kc/buy/cgsh_order_operate.html HTTP/1.1" 200 8245
120.253.135.82 - - [21/Apr/2021:10:44:00 +0800] "GET /xingrg/kc/pszx/mdps_order_info.html?code=312021042000562 HTTP/1.1" 200 19597
120.253.135.82 - - [21/Apr/2021:10:44:01 +0800] "GET /xingrg/javascript/easyui/themes/default/validatebox.css HTTP/1.1" 404 1104
120.253.135.82 - - [21/Apr/2021:10:44:01 +0800] "POST /xingrg/kc/pszx/mdps_order_operate.html HTTP/1.1" 200 1010
124.77.71.179 - - [21/Apr/2021:10:44:01 +0800] "GET /xingrg/all/function/internal_message.html?_=1618973037996&CODE_STATE=getMsg HTTP/1.1" 200 27
117.185.32.26 - - [21/Apr/2021:10:44:01 +0800] "GET /xingrg/javascript/auto/indicator.gif HTTP/1.1" 404 1066
120.253.135.82 - - [21/Apr/2021:10:44:02 +0800] "POST /xingrg/kc/pszx/mdps_list_operate.html HTTP/1.1" 200 2437
116.224.253.72 - - [21/Apr/2021:10:44:02 +0800] "GET /xingrg/all/function/internal_message.html?_=1618973028062&CODE_STATE=getMsg HTTP/1.1" 200 27
114.86.231.92 - - [21/Apr/2021:10:44:02 +0800] "GET /xingrg/all/function/internal_message.html?_=1618973049129&CODE_STATE=getMsg HTTP/1.1" 200 27
120.253.135.82 - - [21/Apr/2021:10:44:04 +0800] "POST /xingrg/kc/pszx/mdps_list_operate.html HTTP/1.1" 200 593
120.253.135.82 - - [21/Apr/2021:10:44:04 +0800] "GET /xingrg/kc/pszx/mdps_order_info.html?code=312021042000547 HTTP/1.1" 200 23931
120.253.135.82 - - [21/Apr/2021:10:44:05 +0800] "GET /xingrg/javascript/easyui/themes/default/validatebox.css HTTP/1.1" 404 1104
120.253.135.82 - - [21/Apr/2021:10:44:05 +0800] "POST /xingrg/kc/pszx/mdps_order_operate.html HTTP/1.1" 200 9784
117.185.32.26 - - [21/Apr/2021:10:44:05 +0800] "GET /xingrg/kc/buy/cgsh_order_operate.html?command=get_materiel&rest_code=00106&code=00101002006&supplier_code=00100091&order_time=2021-04-21 HTTP/1.1" 200 434
61.165.42.208 - - [21/Apr/2021:10:44:06 +0800] "GET /xingrg/kc/buy/cgsh_order_operate.html?command=get_materiel&rest_code=00105&code=00101001138&supplier_code=00100312&order_time=2021-04-21 HTTP/1.1" 200 415
116.230.114.112 - - [21/Apr/2021:10:44:06 +0800] "GET /xingrg/all/function/internal_message.html?_=1618973057173&CODE_STATE=getMsg HTTP/1.1" 200 27
58.40.7.146 - - [21/Apr/2021:10:44:08 +0800] "GET /xingrg/all/function/internal_message.html?_=1618973049205&CODE_STATE=getMsg HTTP/1.1" 200 27
114.86.187.76 - - [21/Apr/2021:10:44:09 +0800] "GET /xingrg/check_reg.html?_=1618973049723 HTTP/1.1" 200 22
58.37.228.113 - - [21/Apr/2021:10:44:09 +0800] "GET /xingrg/kc/buy/cgsh_order_operate.html?command=get_materiel&rest_code=00141&code=00101008286&supplier_code=00100007&order_time=2021-04-21 HTTP/1.1" 200 408
120.253.135.82 - - [21/Apr/2021:10:44:10 +0800] "POST /xingrg/kc/pszx/mdps_order_operate.html HTTP/1.1" 200 37
114.86.187.76 - - [21/Apr/2021:10:44:11 +0800] "GET /xingrg/all/function/internal_message.html?_=1618973051878&CODE_STATE=getMsg HTTP/1.1" 200 27
120.253.135.82 - - [21/Apr/2021:10:44:11 +0800] "POST /xingrg/kc/pszx/mdps_order_operate.html HTTP/1.1" 200 12
180.169.147.146 - - [21/Apr/2021:10:44:12 +0800] "GET /xingrg/all/function/internal_message.html?_=1618973056661&CODE_STATE=getMsg HTTP/1.1" 200 27
180.169.147.146 - - [21/Apr/2021:10:44:12 +0800] "GET /xingrg/check_reg.html?_=1618973056664 HTTP/1.1" 200 22
58.37.228.113 - - [21/Apr/2021:10:44:12 +0800] "POST /xingrg/kc/buy/cgsh_order_operate.html HTTP/1.1" 200 2065
180.169.147.146 - - [21/Apr/2021:10:44:14 +0800] "GET /xingrg/all/function/internal_message.html?_=1618973054762&CODE_STATE=getMsg HTTP/1.1" 200 27
180.169.147.146 - - [21/Apr/2021:10:44:14 +0800] "GET /xingrg/check_reg.html?_=1618973054764 HTTP/1.1" 200 22
58.37.228.113 - - [21/Apr/2021:10:44:16 +0800] "GET /xingrg/kc/buy/cgsh_order_operate.html?command=get_materiel&rest_code=00141&code=00101008005&supplier_code=00100007&order_time=2021-04-21 HTTP/1.1" 200 412
61.165.42.208 - - [21/Apr/2021:10:44:16 +0800] "GET /xingrg/kc/buy/cgsh_order_operate.html?command=get_materiel&rest_code=00105&code=00101001005&supplier_code=00100312&order_time=2021-04-21 HTTP/1.1" 200 415
180.169.147.146 - - [21/Apr/2021:10:44:17 +0800] "GET /xingrg/all/function/internal_message.html?_=1618973057491&CODE_STATE=getMsg HTTP/1.1" 302 -
180.169.147.146 - - [21/Apr/2021:10:44:17 +0800] "GET /xingrg/check_reg.html?_=1618973057495 HTTP/1.1" 302 -
180.169.147.146 - - [21/Apr/2021:10:44:18 +0800] "GET /xingrg/all/function/internal_message.html?_=1618973056273&CODE_STATE=getMsg HTTP/1.1" 200 27
222.70.217.33 - - [21/Apr/2021:10:44:21 +0800] "GET /xingrg/all/function/internal_message.html?_=1618973061522&CODE_STATE=getMsg HTTP/1.1" 200 27
120.253.135.82 - - [21/Apr/2021:10:44:21 +0800] "GET /xingrg/kc/pszx/mdps_order_info.html?code=312021042000547 HTTP/1.1" 200 19591
58.37.228.113 - - [21/Apr/2021:10:44:21 +0800] "GET /xingrg/kc/buy/cgsh_order_operate.html?command=get_materiel&rest_code=00141&code=00101008114&supplier_code=00100007&order_time=2021-04-21 HTTP/1.1" 200 412
120.253.135.82 - - [21/Apr/2021:10:44:21 +0800] "POST /xingrg/kc/pszx/mdps_order_operate.html HTTP/1.1" 200 7913
120.253.135.82 - - [21/Apr/2021:10:44:21 +0800] "GET /xingrg/javascript/easyui/themes/default/validatebox.css HTTP/1.1" 404 1104
116.238.141.202 - - [21/Apr/2021:10:44:22 +0800] "GET /xingrg/all/function/internal_message.html?_=1618973341393&CODE_STATE=getMsg HTTP/1.1" 200 27
120.253.135.82 - - [21/Apr/2021:10:44:22 +0800] "GET /xingrg/all/function/internal_message.html?_=1618972842308&CODE_STATE=getMsg HTTP/1.1" 200 27
117.185.32.26 - - [21/Apr/2021:10:44:22 +0800] "GET /xingrg/all/function/internal_message.html?_=1618973587986&CODE_STATE=getMsg HTTP/1.1" 200 27
117.185.32.26 - - [21/Apr/2021:10:44:23 +0800] "POST /xingrg/kc/buy/cgsh_order_operate.html HTTP/1.1" 200 37
120.253.135.82 - - [21/Apr/2021:10:44:23 +0800] "POST /xingrg/kc/pszx/mdps_list_operate.html HTTP/1.1" 200 2065
58.221.95.50 - - [21/Apr/2021:10:44:24 +0800] "GET /xingrg/kc/buy/cgsh_order_operate.html?command=get_materiel&rest_code=00152&code=00102027013&supplier_code=00100151&order_time=2021-04-16 HTTP/1.1" 200 399
180.169.147.146 - - [21/Apr/2021:10:44:24 +0800] "GET /xingrg/all/function/internal_message.html?_=1618973070811&CODE_STATE=getMsg HTTP/1.1" 302 -
180.169.147.146 - - [21/Apr/2021:10:44:24 +0800] "GET /xingrg/kc/buy/cgsh_order_operate.html?command=get_materiel&rest_code=00147&code=00101008323&supplier_code=00100007&order_time=2021-04-21 HTTP/1.1" 200 408
117.185.32.26 - - [21/Apr/2021:10:44:26 +0800] "POST /xingrg/kc/buy/cgsh_order_operate.html HTTP/1.1" 200 12
114.83.220.63 - - [21/Apr/2021:10:44:26 +0800] "GET /xingrg/kc/buy/cgsh_order_operate.html?command=get_materiel&rest_code=00149&code=00101015027&supplier_code=00100005&order_time=2021-04-21 HTTP/1.1" 200 417
117.185.32.26 - - [21/Apr/2021:10:44:27 +0800] "GET /xingrg/kc/buy/cgsh_order_info.html?code=212021042108728 HTTP/1.1" 200 57054
117.185.32.26 - - [21/Apr/2021:10:44:27 +0800] "GET /xingrg/javascript/easyui/themes/default/validatebox.css HTTP/1.1" 404 1104
58.37.228.113 - - [21/Apr/2021:10:44:27 +0800] "GET /xingrg/kc/buy/cgsh_order_operate.html?command=get_materiel&rest_code=00141&code=00101015066&supplier_code=00100007&order_time=2021-04-21 HTTP/1.1" 200 413
117.185.32.26 - - [21/Apr/2021:10:44:27 +0800] "POST /xingrg/kc/buy/cgsh_order_operate.html HTTP/1.1" 200 611
117.185.32.26 - - [21/Apr/2021:10:44:30 +0800] "GET /xingrg/kc/print/load_data.html?order_code=212021042108728&kc_code=cgsh&condition= HTTP/1.1" 200 772
117.185.32.26 - - [21/Apr/2021:10:44:31 +0800] "GET /xingrg/all/function/internal_message.html?_=1618973070101&CODE_STATE=getMsg HTTP/1.1" 200 27
180.169.147.146 - - [21/Apr/2021:10:44:33 +0800] "GET /xingrg/kc/buy/cgsh_order_operate.html?command=get_materiel&rest_code=00147&code=00101008027&supplier_code=00100007&order_time=2021-04-21 HTTP/1.1" 200 409
58.37.228.113 - - [21/Apr/2021:10:44:33 +0800] "GET /xingrg/kc/buy/cgsh_order_operate.html?command=get_materiel&rest_code=00141&code=00101009011&supplier_code=00100007&order_time=2021-04-21 HTTP/1.1" 200 416
114.83.220.63 - - [21/Apr/2021:10:44:34 +0800] "GET /xingrg/kc/buy/cgsh_order_operate.html?command=get_materiel&rest_code=00149&code=00101015046&supplier_code=00100005&order_time=2021-04-21 HTTP/1.1" 200 412
58.37.228.113 - - [21/Apr/2021:10:44:34 +0800] "GET /xingrg/all/function/internal_message.html?_=1618973075780&CODE_STATE=getMsg HTTP/1.1" 200 27
120.253.135.82 - - [21/Apr/2021:10:44:37 +0800] "POST /xingrg/kc/pszx/mdps_list_operate.html HTTP/1.1" 200 640
120.253.135.82 - - [21/Apr/2021:10:44:37 +0800] "GET /xingrg/kc/pszx/mdps_order_info.html?code=312021042000548 HTTP/1.1" 200 23931
120.253.135.82 - - [21/Apr/2021:10:44:38 +0800] "GET /xingrg/javascript/easyui/themes/default/validatebox.css HTTP/1.1" 404 1104
114.83.220.63 - - [21/Apr/2021:10:44:38 +0800] "POST /xingrg/kc/buy/cgsh_order_operate.html HTTP/1.1" 200 2065
120.253.135.82 - - [21/Apr/2021:10:44:38 +0800] "POST /xingrg/kc/pszx/mdps_order_operate.html HTTP/1.1" 200 25939
61.165.42.208 - - [21/Apr/2021:10:44:38 +0800] "GET /xingrg/all/function/internal_message.html?_=1618973080671&CODE_STATE=getMsg HTTP/1.1" 200 27
114.88.160.164 - - [21/Apr/2021:10:44:39 +0800] "GET /xingrg/all/function/internal_message.html?_=1618973078078&CODE_STATE=getMsg HTTP/1.1" 200 27
180.162.112.81 - - [21/Apr/2021:10:44:40 +0800] "GET /xingrg/all/function/internal_message.html?_=1618972838684&CODE_STATE=getMsg HTTP/1.1" 200 27
117.185.32.26 - - [21/Apr/2021:10:44:40 +0800] "GET /xingrg/kc/buy/cgsh_order_add.html HTTP/1.1" 200 62148
117.185.32.26 - - [21/Apr/2021:10:44:40 +0800] "POST /xingrg/kc/buy/cgsh_order_operate.html HTTP/1.1" 200 8245
117.185.32.26 - - [21/Apr/2021:10:44:40 +0800] "GET /xingrg/javascript/easyui/themes/default/validatebox.css HTTP/1.1" 404 1104
180.169.147.146 - - [21/Apr/2021:10:44:41 +0800] "GET /xingrg/kc/buy/cgsh_order_operate.html?command=get_materiel&rest_code=00147&code=00101008257&supplier_code=00100007&order_time=2021-04-21 HTTP/1.1" 200 416
114.83.220.63 - - [21/Apr/2021:10:44:42 +0800] "GET /xingrg/kc/buy/cgsh_order_operate.html?command=get_materiel&rest_code=00149&code=00101008558&supplier_code=00100005&order_time=2021-04-21 HTTP/1.1" 200 395
117.185.32.26 - - [21/Apr/2021:10:44:42 +0800] "GET /xingrg/javascript/easyui/themes/default/tree.css HTTP/1.1" 404 1090
117.185.32.26 - - [21/Apr/2021:10:44:43 +0800] "POST /xingrg/all/common/load_tree.html?tree=supplier_tree_json&isDelete=1 HTTP/1.1" 200 54827
180.169.147.146 - - [21/Apr/2021:10:44:44 +0800] "GET /xingrg/all/function/internal_message.html?_=1618973084856&CODE_STATE=getMsg HTTP/1.1" 200 27
120.253.135.82 - - [21/Apr/2021:10:44:46 +0800] "POST /xingrg/kc/pszx/mdps_order_operate.html HTTP/1.1" 200 37
58.37.228.113 - - [21/Apr/2021:10:44:46 +0800] "GET /xingrg/kc/buy/cgsh_order_operate.html?command=get_materiel&rest_code=00141&code=00101009107&supplier_code=00100007&order_time=2021-04-21 HTTP/1.1" 200 415
61.165.42.208 - - [21/Apr/2021:10:44:46 +0800] "GET /xingrg/kc/buy/cgsh_order_operate.html?command=get_materiel&rest_code=00105&code=00101001096&supplier_code=00100312&order_time=2021-04-21 HTTP/1.1" 200 413
116.224.253.72 - - [21/Apr/2021:10:44:48 +0800] "GET /xingrg/all/function/internal_message.html?_=1618973089756&CODE_STATE=getMsg HTTP/1.1" 200 27
120.253.135.82 - - [21/Apr/2021:10:44:49 +0800] "POST /xingrg/kc/pszx/mdps_order_operate.html HTTP/1.1" 200 12
58.37.228.113 - - [21/Apr/2021:10:44:49 +0800] "POST /xingrg/kc/buy/cgsh_order_operate.html HTTP/1.1" 200 2065
180.169.147.146 - - [21/Apr/2021:10:44:49 +0800] "GET /xingrg/kc/buy/cgsh_order_operate.html?command=get_materiel&rest_code=00147&code=00101008185&supplier_code=00100007&order_time=2021-04-21 HTTP/1.1" 200 408
116.230.114.112 - - [21/Apr/2021:10:44:49 +0800] "GET /xingrg/all/function/internal_message.html?_=1618973098799&CODE_STATE=getMsg HTTP/1.1" 302 -
58.221.95.50 - - [21/Apr/2021:10:44:52 +0800] "GET /xingrg/all/function/internal_message.html?_=1618973093118&CODE_STATE=getMsg HTTP/1.1" 200 27
58.37.228.113 - - [21/Apr/2021:10:44:53 +0800] "GET /xingrg/kc/buy/cgsh_order_operate.html?command=get_materiel&rest_code=00141&code=00101009030&supplier_code=00100007&order_time=2021-04-21 HTTP/1.1" 200 412
114.83.220.63 - - [21/Apr/2021:10:44:57 +0800] "GET /xingrg/all/function/internal_message.html?_=1618973097958&CODE_STATE=getMsg HTTP/1.1" 200 27
180.169.147.146 - - [21/Apr/2021:10:44:59 +0800] "GET /xingrg/kc/buy/cgsh_order_operate.html?command=get_materiel&rest_code=00147&code=00101008038&supplier_code=00100007&order_time=2021-04-21 HTTP/1.1" 200 412
124.77.71.179 - - [21/Apr/2021:10:45:01 +0800] "GET /xingrg/all/function/internal_message.html?_=1618973097993&CODE_STATE=getMsg HTTP/1.1" 200 27
124.77.71.179 - - [21/Apr/2021:10:45:01 +0800] "GET /xingrg/check_reg.html?_=1618973097996 HTTP/1.1" 200 22
61.165.42.208 - - [21/Apr/2021:10:45:01 +0800] "POST /xingrg/kc/buy/cgsh_order_operate.html HTTP/1.1" 200 37
58.37.228.113 - - [21/Apr/2021:10:45:02 +0800] "GET /xingrg/kc/buy/cgsh_order_operate.html?command=get_materiel&rest_code=00141&code=00101008356&supplier_code=00100007&order_time=2021-04-21 HTTP/1.1" 200 408
116.224.253.72 - - [21/Apr/2021:10:45:02 +0800] "GET /xingrg/all/function/internal_message.html?_=1618973088083&CODE_STATE=getMsg HTTP/1.1" 200 27
114.86.231.92 - - [21/Apr/2021:10:45:02 +0800] "GET /xingrg/all/function/internal_message.html?_=1618973109132&CODE_STATE=getMsg HTTP/1.1" 200 27
61.165.42.208 - - [21/Apr/2021:10:45:02 +0800] "POST /xingrg/kc/buy/cgsh_order_operate.html HTTP/1.1" 200 10384
120.253.135.82 - - [21/Apr/2021:10:45:04 +0800] "GET /xingrg/kc/pszx/mdps_order_info.html?code=312021042000548 HTTP/1.1" 200 19591
61.165.42.208 - - [21/Apr/2021:10:45:04 +0800] "GET /xingrg/kc/print/load_data.html?order_code=212021042108729&kc_code=cgsh&condition= HTTP/1.1" 200 3604
120.253.135.82 - - [21/Apr/2021:10:45:04 +0800] "POST /xingrg/kc/pszx/mdps_order_operate.html HTTP/1.1" 200 23972
120.253.135.82 - - [21/Apr/2021:10:45:04 +0800] "GET /xingrg/javascript/easyui/themes/default/validatebox.css HTTP/1.1" 404 1104
120.253.135.82 - - [21/Apr/2021:10:45:06 +0800] "POST /xingrg/kc/pszx/mdps_list_operate.html HTTP/1.1" 200 1690
116.230.114.112 - - [21/Apr/2021:10:45:07 +0800] "GET /xingrg/all/function/internal_message.html?_=1618973117485&CODE_STATE=getMsg HTTP/1.1" 200 27
117.185.32.26 - - [21/Apr/2021:10:45:07 +0800] "GET /xingrg/kc/buy/cgsh_order_operate.html?command=get_materiel&rest_code=00106&code=00101010607&supplier_code=00100404&order_time=2021-04-21 HTTP/1.1" 200 407
61.165.42.208 - - [21/Apr/2021:10:45:07 +0800] "GET /xingrg/kc/buy/cgsh_order_add.html HTTP/1.1" 200 62195
61.165.42.208 - - [21/Apr/2021:10:45:07 +0800] "POST /xingrg/kc/buy/cgsh_order_operate.html HTTP/1.1" 200 8245
61.165.42.208 - - [21/Apr/2021:10:45:07 +0800] "GET /xingrg/javascript/easyui/themes/default/validatebox.css HTTP/1.1" 404 1104
120.253.135.82 - - [21/Apr/2021:10:45:08 +0800] "POST /xingrg/kc/pszx/mdps_list_operate.html HTTP/1.1" 200 282
58.37.228.113 - - [21/Apr/2021:10:45:08 +0800] "GET /xingrg/kc/buy/cgsh_order_operate.html?command=get_materiel&rest_code=00141&code=00101008137&supplier_code=00100007&order_time=2021-04-21 HTTP/1.1" 200 408
180.169.147.146 - - [21/Apr/2021:10:45:08 +0800] "GET /xingrg/kc/buy/cgsh_order_operate.html?command=get_materiel&rest_code=00147&code=00101008088&supplier_code=00100007&order_time=2021-04-21 HTTP/1.1" 200 408
58.40.7.146 - - [21/Apr/2021:10:45:08 +0800] "GET /xingrg/all/function/internal_message.html?_=1618973109194&CODE_STATE=getMsg HTTP/1.1" 200 27
114.86.187.76 - - [21/Apr/2021:10:45:11 +0800] "GET /xingrg/all/function/internal_message.html?_=1618973111893&CODE_STATE=getMsg HTTP/1.1" 200 27
180.169.147.146 - - [21/Apr/2021:10:45:12 +0800] "GET /xingrg/all/function/internal_message.html?_=1618973116671&CODE_STATE=getMsg HTTP/1.1" 200 27
120.253.135.82 - - [21/Apr/2021:10:45:12 +0800] "GET /xingrg/check_reg.html?_=1618972892543 HTTP/1.1" 200 22
180.169.147.146 - - [21/Apr/2021:10:45:14 +0800] "GET /xingrg/all/function/internal_message.html?_=1618973114754&CODE_STATE=getMsg HTTP/1.1" 200 27
58.37.228.113 - - [21/Apr/2021:10:45:15 +0800] "GET /xingrg/kc/buy/cgsh_order_operate.html?command=get_materiel&rest_code=00141&code=00101008286&supplier_code=00100007&order_time=2021-04-21 HTTP/1.1" 200 408
61.165.42.208 - - [21/Apr/2021:10:45:16 +0800] "GET /xingrg/kc/buy/cgsh_order_operate.html?command=get_materiel&rest_code=00105&code=00101008061&supplier_code=00100339&order_time=2021-04-21 HTTP/1.1" 200 423
180.169.147.146 - - [21/Apr/2021:10:45:17 +0800] "GET /xingrg/all/function/internal_message.html?_=1618973117482&CODE_STATE=getMsg HTTP/1.1" 302 -
180.169.147.146 - - [21/Apr/2021:10:45:17 +0800] "GET /xingrg/kc/buy/cgsh_order_operate.html?command=get_materiel&rest_code=00147&code=00101008361&supplier_code=00100007&order_time=2021-04-21 HTTP/1.1" 200 408
180.169.147.146 - - [21/Apr/2021:10:45:18 +0800] "GET /xingrg/all/function/internal_message.html?_=1618973116227&CODE_STATE=getMsg HTTP/1.1" 200 27
222.70.217.33 - - [21/Apr/2021:10:45:21 +0800] "GET /xingrg/all/function/internal_message.html?_=1618973121525&CODE_STATE=getMsg HTTP/1.1" 200 27
58.37.228.113 - - [21/Apr/2021:10:45:21 +0800] "GET /xingrg/kc/buy/cgsh_order_operate.html?command=get_materiel&rest_code=00141&code=00101008271&supplier_code=00100007&order_time=2021-04-21 HTTP/1.1" 200 410
116.238.141.202 - - [21/Apr/2021:10:45:22 +0800] "GET /xingrg/all/function/internal_message.html?_=1618973401406&CODE_STATE=getMsg HTTP/1.1" 200 27
120.253.135.82 - - [21/Apr/2021:10:45:22 +0800] "GET /xingrg/all/function/internal_message.html?_=1618972902322&CODE_STATE=getMsg HTTP/1.1" 200 27
117.185.32.26 - - [21/Apr/2021:10:45:22 +0800] "GET /xingrg/check_reg.html?_=1618973647970 HTTP/1.1" 200 22
117.185.32.26 - - [21/Apr/2021:10:45:22 +0800] "GET /xingrg/all/function/internal_message.html?_=1618973647975&CODE_STATE=getMsg HTTP/1.1" 200 27
61.165.42.208 - - [21/Apr/2021:10:45:24 +0800] "POST /xingrg/kc/buy/cgsh_order_operate.html HTTP/1.1" 200 37
180.169.147.146 - - [21/Apr/2021:10:45:24 +0800] "GET /xingrg/all/function/internal_message.html?_=1618973130812&CODE_STATE=getMsg HTTP/1.1" 302 -
58.37.228.113 - - [21/Apr/2021:10:45:24 +0800] "POST /xingrg/kc/buy/cgsh_order_operate.html HTTP/1.1" 200 2065
61.165.42.208 - - [21/Apr/2021:10:45:25 +0800] "POST /xingrg/kc/buy/cgsh_order_operate.html HTTP/1.1" 200 2666
180.169.147.146 - - [21/Apr/2021:10:45:26 +0800] "GET /xingrg/kc/buy/cgsh_order_operate.html?command=get_materiel&rest_code=00147&code=00101008355&supplier_code=00100007&order_time=2021-04-21 HTTP/1.1" 200 408
61.165.42.208 - - [21/Apr/2021:10:45:26 +0800] "GET /xingrg/kc/print/load_data.html?order_code=212021042108730&kc_code=cgsh&condition= HTTP/1.1" 200 676
120.253.135.82 - - [21/Apr/2021:10:45:26 +0800] "POST /xingrg/kc/pszx/mdps_list_operate.html HTTP/1.1" 200 2425
58.37.228.113 - - [21/Apr/2021:10:45:29 +0800] "GET /xingrg/kc/buy/cgsh_order_operate.html?command=get_materiel&rest_code=00141&code=00101008024&supplier_code=00100007&order_time=2021-04-21 HTTP/1.1" 200 408
61.165.42.208 - - [21/Apr/2021:10:45:29 +0800] "GET /xingrg/kc/buy/cgsh_order_add.html HTTP/1.1" 200 62195
61.165.42.208 - - [21/Apr/2021:10:45:29 +0800] "POST /xingrg/kc/buy/cgsh_order_operate.html HTTP/1.1" 200 8245
61.165.42.208 - - [21/Apr/2021:10:45:29 +0800] "GET /xingrg/javascript/easyui/themes/default/validatebox.css HTTP/1.1" 404 1104
117.185.32.26 - - [21/Apr/2021:10:45:31 +0800] "GET /xingrg/all/function/internal_message.html?_=1618973130097&CODE_STATE=getMsg HTTP/1.1" 200 27
120.253.135.82 - - [21/Apr/2021:10:45:33 +0800] "POST /xingrg/kc/pszx/mdps_list_operate.html HTTP/1.1" 200 294
180.169.147.146 - - [21/Apr/2021:10:45:34 +0800] "GET /xingrg/kc/buy/cgsh_order_operate.html?command=get_materiel&rest_code=00147&code=00101008144&supplier_code=00100007&order_time=2021-04-21 HTTP/1.1" 200 412
120.253.135.82 - - [21/Apr/2021:10:45:34 +0800] "GET /xingrg/kc/pszx/mdps_order_info.html?code=312021042000549 HTTP/1.1" 200 23929
180.169.147.146 - - [21/Apr/2021:10:45:34 +0800] "GET /xingrg/check_reg.html?_=1618973132483 HTTP/1.1" 200 22
58.37.228.113 - - [21/Apr/2021:10:45:34 +0800] "GET /xingrg/all/function/internal_message.html?_=1618973135784&CODE_STATE=getMsg HTTP/1.1" 200 27
120.253.135.82 - - [21/Apr/2021:10:45:34 +0800] "GET /xingrg/javascript/easyui/themes/default/validatebox.css HTTP/1.1" 404 1104
120.253.135.82 - - [21/Apr/2021:10:45:35 +0800] "POST /xingrg/kc/pszx/mdps_order_operate.html HTTP/1.1" 200 2804
61.165.42.208 - - [21/Apr/2021:10:45:38 +0800] "GET /xingrg/all/function/internal_message.html?_=1618973140655&CODE_STATE=getMsg HTTP/1.1" 200 27
120.253.135.82 - - [21/Apr/2021:10:45:38 +0800] "POST /xingrg/kc/pszx/mdps_order_operate.html HTTP/1.1" 200 37
58.37.228.113 - - [21/Apr/2021:10:45:39 +0800] "GET /xingrg/kc/buy/cgsh_order_operate.html?command=get_materiel&rest_code=00141&code=00101008199&supplier_code=00100007&order_time=2021-04-21 HTTP/1.1" 200 408
114.83.220.63 - - [21/Apr/2021:10:45:39 +0800] "GET /xingrg/kc/buy/cgsh_order_operate.html?command=get_materiel&rest_code=00149&code=00101008163&supplier_code=00100005&order_time=2021-04-21 HTTP/1.1" 200 409
114.88.160.164 - - [21/Apr/2021:10:45:39 +0800] "GET /xingrg/all/function/internal_message.html?_=1618973138408&CODE_STATE=getMsg HTTP/1.1" 200 27
180.162.112.81 - - [21/Apr/2021:10:45:40 +0800] "GET /xingrg/check_reg.html?_=1618972898734 HTTP/1.1" 200 22
180.162.112.81 - - [21/Apr/2021:10:45:40 +0800] "GET /xingrg/all/function/internal_message.html?_=1618972898735&CODE_STATE=getMsg HTTP/1.1" 200 27
120.253.135.82 - - [21/Apr/2021:10:45:40 +0800] "POST /xingrg/kc/pszx/mdps_order_operate.html HTTP/1.1" 200 12
117.185.32.26 - - [21/Apr/2021:10:45:42 +0800] "POST /xingrg/kc/buy/cgsh_order_operate.html HTTP/1.1" 200 37
180.169.147.146 - - [21/Apr/2021:10:45:42 +0800] "GET /xingrg/kc/buy/cgsh_order_operate.html?command=get_materiel&rest_code=00147&code=00101008264&supplier_code=00100007&order_time=2021-04-21 HTTP/1.1" 200 412
61.165.42.208 - - [21/Apr/2021:10:45:42 +0800] "GET /xingrg/kc/buy/cgsh_order_operate.html?command=get_materiel&rest_code=00105&code=00101007032&supplier_code=00100328&order_time=2021-04-21 HTTP/1.1" 200 413
180.169.147.146 - - [21/Apr/2021:10:45:44 +0800] "GET /xingrg/all/function/internal_message.html?_=1618973144853&CODE_STATE=getMsg HTTP/1.1" 200 27
180.169.147.146 - - [21/Apr/2021:10:45:44 +0800] "GET /xingrg/check_reg.html?_=1618973144860 HTTP/1.1" 200 22
117.185.32.26 - - [21/Apr/2021:10:45:45 +0800] "POST /xingrg/kc/buy/cgsh_order_operate.html HTTP/1.1" 200 12
114.83.220.63 - - [21/Apr/2021:10:45:46 +0800] "GET /xingrg/kc/buy/cgsh_order_operate.html?command=get_materiel&rest_code=00149&code=00101008224&supplier_code=00100005&order_time=2021-04-21 HTTP/1.1" 200 416
58.37.228.113 - - [21/Apr/2021:10:45:47 +0800] "GET /xingrg/kc/buy/cgsh_order_operate.html?command=get_materiel&rest_code=00141&code=00101008003&supplier_code=00100007&order_time=2021-04-21 HTTP/1.1" 200 408
116.224.253.72 - - [21/Apr/2021:10:45:48 +0800] "GET /xingrg/all/function/internal_message.html?_=1618973149761&CODE_STATE=getMsg HTTP/1.1" 200 27
117.185.32.26 - - [21/Apr/2021:10:45:49 +0800] "GET /xingrg/kc/buy/cgsh_order_info.html?code=212021042108731 HTTP/1.1" 200 57056
117.185.32.26 - - [21/Apr/2021:10:45:49 +0800] "GET /xingrg/javascript/easyui/themes/default/validatebox.css HTTP/1.1" 404 1104
116.230.114.112 - - [21/Apr/2021:10:45:49 +0800] "GET /xingrg/all/function/internal_message.html?_=1618973158816&CODE_STATE=getMsg HTTP/1.1" 302 -
117.185.32.26 - - [21/Apr/2021:10:45:50 +0800] "POST /xingrg/kc/buy/cgsh_order_operate.html HTTP/1.1" 200 618
180.169.147.146 - - [21/Apr/2021:10:45:50 +0800] "GET /xingrg/kc/buy/cgsh_order_operate.html?command=get_materiel&rest_code=00147&code=00101008356&supplier_code=00100007&order_time=2021-04-21 HTTP/1.1" 200 408
120.253.135.82 - - [21/Apr/2021:10:45:51 +0800] "GET /xingrg/kc/pszx/mdps_order_info.html?code=312021042000549 HTTP/1.1" 200 19589
120.253.135.82 - - [21/Apr/2021:10:45:51 +0800] "GET /xingrg/javascript/easyui/themes/default/validatebox.css HTTP/1.1" 404 1104
120.253.135.82 - - [21/Apr/2021:10:45:52 +0800] "POST /xingrg/kc/pszx/mdps_order_operate.html HTTP/1.1" 200 1022
58.221.95.50 - - [21/Apr/2021:10:45:52 +0800] "GET /xingrg/all/function/internal_message.html?_=1618973153130&CODE_STATE=getMsg HTTP/1.1" 200 27
58.37.228.113 - - [21/Apr/2021:10:45:52 +0800] "GET /xingrg/kc/buy/cgsh_order_operate.html?command=get_materiel&rest_code=00141&code=00101008270&supplier_code=00100007&order_time=2021-04-21 HTTP/1.1" 200 412
120.253.135.82 - - [21/Apr/2021:10:45:52 +0800] "POST /xingrg/kc/pszx/mdps_list_operate.html HTTP/1.1" 200 2057
120.253.135.82 - - [21/Apr/2021:10:45:54 +0800] "POST /xingrg/kc/pszx/mdps_list_operate.html HTTP/1.1" 200 201
117.185.32.26 - - [21/Apr/2021:10:45:54 +0800] "GET /xingrg/kc/print/load_data.html?order_code=212021042108731&kc_code=cgsh&condition= HTTP/1.1" 200 728
120.253.135.82 - - [21/Apr/2021:10:45:55 +0800] "GET /xingrg/kc/pszx/mdps_order_info.html?code=312021042100573 HTTP/1.1" 200 23929
120.253.135.82 - - [21/Apr/2021:10:45:56 +0800] "GET /xingrg/javascript/easyui/themes/default/validatebox.css HTTP/1.1" 404 1104
120.253.135.82 - - [21/Apr/2021:10:45:56 +0800] "POST /xingrg/kc/pszx/mdps_order_operate.html HTTP/1.1" 200 2285
114.83.220.63 - - [21/Apr/2021:10:45:57 +0800] "GET /xingrg/all/function/internal_message.html?_=1618973157939&CODE_STATE=getMsg HTTP/1.1" 200 27
114.83.220.63 - - [21/Apr/2021:10:45:58 +0800] "GET /xingrg/check_reg.html?_=1618973159342 HTTP/1.1" 200 22
120.253.135.82 - - [21/Apr/2021:10:45:59 +0800] "POST /xingrg/kc/pszx/mdps_order_operate.html HTTP/1.1" 200 37
180.169.147.146 - - [21/Apr/2021:10:46:00 +0800] "GET /xingrg/kc/buy/cgsh_order_operate.html?command=get_materiel&rest_code=00147&code=00101008272&supplier_code=00100007&order_time=2021-04-21 HTTP/1.1" 200 412
58.37.228.113 - - [21/Apr/2021:10:46:00 +0800] "GET /xingrg/kc/buy/cgsh_order_operate.html?command=get_materiel&rest_code=00141&code=00101008281&supplier_code=00100007&order_time=2021-04-21 HTTP/1.1" 200 412
120.253.135.82 - - [21/Apr/2021:10:46:00 +0800] "POST /xingrg/kc/pszx/mdps_order_operate.html HTTP/1.1" 200 12
124.77.71.179 - - [21/Apr/2021:10:46:01 +0800] "GET /xingrg/all/function/internal_message.html?_=1618973158013&CODE_STATE=getMsg HTTP/1.1" 200 27
61.165.42.208 - - [21/Apr/2021:10:46:02 +0800] "POST /xingrg/kc/buy/cgsh_order_operate.html HTTP/1.1" 200 37
116.224.253.72 - - [21/Apr/2021:10:46:02 +0800] "GET /xingrg/all/function/internal_message.html?_=1618973148089&CODE_STATE=getMsg HTTP/1.1" 200 27
114.86.231.92 - - [21/Apr/2021:10:46:02 +0800] "GET /xingrg/all/function/internal_message.html?_=1618973169132&CODE_STATE=getMsg HTTP/1.1" 200 27
58.37.228.113 - - [21/Apr/2021:10:46:02 +0800] "POST /xingrg/kc/buy/cgsh_order_operate.html HTTP/1.1" 200 2065
61.165.42.208 - - [21/Apr/2021:10:46:03 +0800] "POST /xingrg/kc/buy/cgsh_order_operate.html HTTP/1.1" 200 2658
117.185.32.26 - - [21/Apr/2021:10:46:05 +0800] "GET /xingrg/kc/buy/cgsh_order_add.html HTTP/1.1" 200 62148
61.165.42.208 - - [21/Apr/2021:10:46:05 +0800] "GET /xingrg/kc/print/load_data.html?order_code=212021042108732&kc_code=cgsh&condition= HTTP/1.1" 200 671
117.185.32.26 - - [21/Apr/2021:10:46:05 +0800] "POST /xingrg/kc/buy/cgsh_order_operate.html HTTP/1.1" 200 8245
117.185.32.26 - - [21/Apr/2021:10:46:05 +0800] "GET /xingrg/javascript/easyui/themes/default/validatebox.css HTTP/1.1" 404 1104
116.230.114.112 - - [21/Apr/2021:10:46:07 +0800] "GET /xingrg/all/function/internal_message.html?_=1618973177497&CODE_STATE=getMsg HTTP/1.1" 200 27
180.169.147.146 - - [21/Apr/2021:10:46:07 +0800] "GET /xingrg/kc/buy/cgsh_order_operate.html?command=get_materiel&rest_code=00147&code=00101015004&supplier_code=00100007&order_time=2021-04-21 HTTP/1.1" 200 409
58.40.7.146 - - [21/Apr/2021:10:46:08 +0800] "GET /xingrg/all/function/internal_message.html?_=1618973169208&CODE_STATE=getMsg HTTP/1.1" 200 27
114.83.220.63 - - [21/Apr/2021:10:46:09 +0800] "POST /xingrg/kc/buy/cgsh_order_operate.html HTTP/1.1" 200 75
120.253.135.82 - - [21/Apr/2021:10:46:09 +0800] "GET /xingrg/kc/pszx/mdps_order_info.html?code=312021042100573 HTTP/1.1" 200 19589
120.253.135.82 - - [21/Apr/2021:10:46:10 +0800] "POST /xingrg/kc/pszx/mdps_order_operate.html HTTP/1.1" 200 506
120.253.135.82 - - [21/Apr/2021:10:46:10 +0800] "GET /xingrg/javascript/easyui/themes/default/validatebox.css HTTP/1.1" 404 1104
117.185.32.26 - - [21/Apr/2021:10:46:11 +0800] "GET /xingrg/javascript/easyui/themes/default/tree.css HTTP/1.1" 404 1090
114.86.187.76 - - [21/Apr/2021:10:46:11 +0800] "GET /xingrg/all/function/internal_message.html?_=1618973171906&CODE_STATE=getMsg HTTP/1.1" 200 27
117.185.32.26 - - [21/Apr/2021:10:46:11 +0800] "POST /xingrg/all/common/load_tree.html?tree=supplier_tree_json&isDelete=1 HTTP/1.1" 200 54827
120.253.135.82 - - [21/Apr/2021:10:46:11 +0800] "POST /xingrg/kc/pszx/mdps_list_operate.html HTTP/1.1" 200 1689
180.169.147.146 - - [21/Apr/2021:10:46:12 +0800] "GET /xingrg/all/function/internal_message.html?_=1618973176673&CODE_STATE=getMsg HTTP/1.1" 200 27
120.253.135.82 - - [21/Apr/2021:10:46:13 +0800] "POST /xingrg/kc/pszx/mdps_list_operate.html HTTP/1.1" 200 641
180.169.147.146 - - [21/Apr/2021:10:46:14 +0800] "GET /xingrg/all/function/internal_message.html?_=1618973174756&CODE_STATE=getMsg HTTP/1.1" 200 27
120.253.135.82 - - [21/Apr/2021:10:46:14 +0800] "GET /xingrg/kc/pszx/mdps_order_info.html?code=312021042000550 HTTP/1.1" 200 23929
120.253.135.82 - - [21/Apr/2021:10:46:14 +0800] "GET /xingrg/javascript/easyui/themes/default/validatebox.css HTTP/1.1" 404 1104
58.37.228.113 - - [21/Apr/2021:10:46:15 +0800] "GET /xingrg/kc/buy/cgsh_order_operate.html?command=get_materiel&rest_code=00141&code=00101010271&supplier_code=00100007&order_time=2021-04-21 HTTP/1.1" 200 421
180.169.147.146 - - [21/Apr/2021:10:46:16 +0800] "GET /xingrg/kc/buy/cgsh_order_operate.html?command=get_materiel&rest_code=00147&code=00101008077&supplier_code=00100007&order_time=2021-04-21 HTTP/1.1" 200 416
117.185.32.26 - - [21/Apr/2021:10:46:16 +0800] "GET /xingrg/check_reg.html?_=1618973701471 HTTP/1.1" 200 22
120.253.135.82 - - [21/Apr/2021:10:46:16 +0800] "POST /xingrg/kc/pszx/mdps_order_operate.html HTTP/1.1" 200 4828
180.169.147.146 - - [21/Apr/2021:10:46:17 +0800] "GET /xingrg/all/function/internal_message.html?_=1618973177485&CODE_STATE=getMsg HTTP/1.1" 302 -
180.169.147.146 - - [21/Apr/2021:10:46:18 +0800] "GET /xingrg/all/function/internal_message.html?_=1618973176215&CODE_STATE=getMsg HTTP/1.1" 200 27
222.70.217.33 - - [21/Apr/2021:10:46:21 +0800] "GET /xingrg/all/function/internal_message.html?_=1618973181526&CODE_STATE=getMsg HTTP/1.1" 200 27
61.165.42.208 - - [21/Apr/2021:10:46:21 +0800] "GET /xingrg/kc/buy/cgsh_order_add.html HTTP/1.1" 200 62195
120.253.135.82 - - [21/Apr/2021:10:46:21 +0800] "POST /xingrg/kc/pszx/mdps_order_operate.html HTTP/1.1" 200 37
61.165.42.208 - - [21/Apr/2021:10:46:21 +0800] "POST /xingrg/kc/buy/cgsh_order_operate.html HTTP/1.1" 200 8245
61.165.42.208 - - [21/Apr/2021:10:46:21 +0800] "GET /xingrg/javascript/easyui/themes/default/validatebox.css HTTP/1.1" 404 1104
120.253.135.82 - - [21/Apr/2021:10:46:22 +0800] "GET /xingrg/all/function/internal_message.html?_=1618972962343&CODE_STATE=getMsg HTTP/1.1" 200 27
117.185.32.26 - - [21/Apr/2021:10:46:22 +0800] "GET /xingrg/all/function/internal_message.html?_=1618973707987&CODE_STATE=getMsg HTTP/1.1" 200 27
116.238.141.202 - - [21/Apr/2021:10:46:23 +0800] "GET /xingrg/all/function/internal_message.html?_=1618973462150&CODE_STATE=getMsg HTTP/1.1" 200 27
120.253.135.82 - - [21/Apr/2021:10:46:23 +0800] "POST /xingrg/kc/pszx/mdps_order_operate.html HTTP/1.1" 200 12
117.185.32.26 - - [21/Apr/2021:10:46:24 +0800] "GET /xingrg/check_reg.html?_=1618973183623 HTTP/1.1" 200 22
180.169.147.146 - - [21/Apr/2021:10:46:24 +0800] "GET /xingrg/check_reg.html?_=1618973190812 HTTP/1.1" 302 -
180.169.147.146 - - [21/Apr/2021:10:46:24 +0800] "GET /xingrg/all/function/internal_message.html?_=1618973190816&CODE_STATE=getMsg HTTP/1.1" 302 -
180.169.147.146 - - [21/Apr/2021:10:46:24 +0800] "GET /xingrg/login.html HTTP/1.1" 200 7641
180.169.147.146 - - [21/Apr/2021:10:46:24 +0800] "GET /xingrg/login.html HTTP/1.1" 200 7641
120.253.135.82 - - [21/Apr/2021:10:46:24 +0800] "GET /xingrg/kc/pszx/mdps_order_info.html?code=312021042000550 HTTP/1.1" 200 19589
120.253.135.82 - - [21/Apr/2021:10:46:25 +0800] "GET /xingrg/javascript/easyui/themes/default/validatebox.css HTTP/1.1" 404 1104
120.253.135.82 - - [21/Apr/2021:10:46:25 +0800] "POST /xingrg/kc/pszx/mdps_order_operate.html HTTP/1.1" 200 3031
180.169.147.146 - - [21/Apr/2021:10:46:25 +0800] "GET /xingrg/kc/buy/cgsh_order_operate.html?command=get_materiel&rest_code=00147&code=00101008069&supplier_code=00100007&order_time=2021-04-21 HTTP/1.1" 200 412
117.185.32.26 - - [21/Apr/2021:10:46:25 +0800] "GET /xingrg/kc/buy/cgsh_order_operate.html?command=get_materiel&rest_code=00106&code=00101001115&supplier_code=00100089&order_time=2021-04-21 HTTP/1.1" 200 413
120.253.135.82 - - [21/Apr/2021:10:46:28 +0800] "POST /xingrg/kc/pszx/mdps_list_operate.html HTTP/1.1" 200 868
114.83.220.63 - - [21/Apr/2021:10:46:29 +0800] "POST /xingrg/kc/buy/cgsh_order_operate.html HTTP/1.1" 200 37
117.185.32.26 - - [21/Apr/2021:10:46:31 +0800] "GET /xingrg/all/function/internal_message.html?_=1618973190074&CODE_STATE=getMsg HTTP/1.1" 200 27
61.165.42.208 - - [21/Apr/2021:10:46:32 +0800] "GET /xingrg/kc/buy/cgsh_order_operate.html?command=get_materiel&rest_code=00105&code=00101004011&supplier_code=00100086&order_time=2021-04-21 HTTP/1.1" 200 413
180.169.147.146 - - [21/Apr/2021:10:46:33 +0800] "GET /xingrg/kc/buy/cgsh_order_operate.html?command=get_materiel&rest_code=00147&code=00101008286&supplier_code=00100007&order_time=2021-04-21 HTTP/1.1" 200 408
58.37.228.113 - - [21/Apr/2021:10:46:34 +0800] "GET /xingrg/all/function/internal_message.html?_=1618973195785&CODE_STATE=getMsg HTTP/1.1" 200 27
58.37.228.113 - - [21/Apr/2021:10:46:34 +0800] "GET /xingrg/check_reg.html?_=1618973195786 HTTP/1.1" 200 22
114.83.220.63 - - [21/Apr/2021:10:46:37 +0800] "POST /xingrg/kc/buy/cgsh_order_operate.html HTTP/1.1" 200 12
61.165.42.208 - - [21/Apr/2021:10:46:38 +0800] "GET /xingrg/all/function/internal_message.html?_=1618973200623&CODE_STATE=getMsg HTTP/1.1" 200 27
114.88.160.164 - - [21/Apr/2021:10:46:39 +0800] "GET /xingrg/all/function/internal_message.html?_=1618973198418&CODE_STATE=getMsg HTTP/1.1" 200 27
180.162.112.81 - - [21/Apr/2021:10:46:40 +0800] "GET /xingrg/all/function/internal_message.html?_=1618972958714&CODE_STATE=getMsg HTTP/1.1" 200 27
114.83.220.63 - - [21/Apr/2021:10:46:41 +0800] "GET /xingrg/kc/buy/cgsh_order_info.html?code=212021042108734 HTTP/1.1" 200 57103
