180.169.147.146 - - [21/Apr/2021:09:13:19 +0800] "GET /xingrg/index.html?sysBaseUrl=http%3A%2F%2F180.169.147.146%3A18081%2Fxingrg%2F&costTime=41×tamp=1618967599710 HTTP/1.1" 200 17503
180.169.147.146 - - [21/Apr/2021:09:13:19 +0800] "POST /xingrg/all/common/load_tree.html?tree=area_rest_tree_json&manage=1 HTTP/1.1" 200 3344
180.169.147.146 - - [21/Apr/2021:09:13:19 +0800] "GET /xingrg/all/function/internal_message.html?_=1618967600343&CODE_STATE=count HTTP/1.1" 200 11
180.169.147.146 - - [21/Apr/2021:09:13:19 +0800] "GET /xingrg/check_reg.html?_=1618967600345 HTTP/1.1" 200 22
180.169.147.146 - - [21/Apr/2021:09:13:19 +0800] "GET /favicon.ico HTTP/1.1" 404 -
180.169.147.146 - - [21/Apr/2021:09:13:19 +0800] "POST /xingrg/load_menu.html HTTP/1.1" 200 11443
114.86.231.92 - - [21/Apr/2021:09:13:19 +0800] "GET /xingrg/kc/buy/cgsh_order_operate.html?command=get_materiel&rest_code=00109&code=00101008296&supplier_code=00100005&order_time=2021-04-21 HTTP/1.1" 200 416
116.224.253.72 - - [21/Apr/2021:09:13:20 +0800] "GET /xingrg/kc/buy/cgsh_order_operate.html?command=get_materiel&rest_code=00151&code=00101002027&supplier_code=00100400&order_time=2021-04-21 HTTP/1.1" 200 413
120.204.17.68 - - [21/Apr/2021:09:13:20 +0800] "GET /xingrg/login.html HTTP/1.1" 200 7641
222.70.217.33 - - [21/Apr/2021:09:13:21 +0800] "GET /xingrg/all/function/internal_message.html?_=1618967599677&CODE_STATE=getMsg HTTP/1.1" 200 27
114.86.187.76 - - [21/Apr/2021:09:13:21 +0800] "GET /xingrg/kc/buy/cgsh_order_operate.html?command=get_materiel&rest_code=00148&code=00101008350&supplier_code=00100007&order_time=2021-04-21 HTTP/1.1" 200 408
117.185.32.26 - - [21/Apr/2021:09:13:22 +0800] "GET /xingrg/all/function/internal_message.html?_=1618968127506&CODE_STATE=getMsg HTTP/1.1" 200 27
180.169.147.146 - - [21/Apr/2021:09:13:22 +0800] "POST /xingrg/load_menu.html HTTP/1.1" 200 9695
180.169.147.146 - - [21/Apr/2021:09:13:24 +0800] "GET /xingrg/all/function/internal_message.html?_=1618967610642&CODE_STATE=getMsg HTTP/1.1" 302 -
116.230.114.112 - - [21/Apr/2021:09:13:24 +0800] "GET /xingrg/kc/buy/cgsh_order_operate.html?command=get_materiel&rest_code=00146&code=00101008321&supplier_code=00100005&order_time=2021-04-21 HTTP/1.1" 200 412
180.169.147.146 - - [21/Apr/2021:09:13:25 +0800] "GET /xingrg/all/report/report_query.html?fileName=dma/new_5.0/yingye/pay_ment_hz.xml HTTP/1.1" 200 51687
180.169.147.146 - - [21/Apr/2021:09:13:25 +0800] "GET /xingrg/dwr/interface/AjaxReportQueryService.js HTTP/1.1" 200 13203
180.169.147.146 - - [21/Apr/2021:09:13:25 +0800] "GET /xingrg/dwr/engine.js HTTP/1.1" 200 43631
180.169.147.146 - - [21/Apr/2021:09:13:25 +0800] "POST /xingrg/dwr/call/plaincall/AjaxReportQueryService.getFixDate.dwr HTTP/1.1" 200 111
180.169.147.146 - - [21/Apr/2021:09:13:25 +0800] "POST /xingrg/all/common/load_tree.html?tree=area_station_tree_json&manage=1 HTTP/1.1" 200 3240
114.83.220.63 - - [21/Apr/2021:09:13:26 +0800] "GET /xingrg/kc/buy/cgsh_order_operate.html?command=get_materiel&rest_code=00149&code=00101001016&supplier_code=00100313&order_time=2021-04-21 HTTP/1.1" 200 415
180.169.147.146 - - [21/Apr/2021:09:13:27 +0800] "GET /xingrg/all/report/report_query.html?fileName=dma/yingye_new/pay_ment_day_hz.xml HTTP/1.1" 200 51003
180.169.147.146 - - [21/Apr/2021:09:13:27 +0800] "GET /xingrg/dwr/interface/AjaxReportQueryService.js HTTP/1.1" 200 13203
180.169.147.146 - - [21/Apr/2021:09:13:27 +0800] "GET /xingrg/dwr/engine.js HTTP/1.1" 200 43631
180.169.147.146 - - [21/Apr/2021:09:13:27 +0800] "POST /xingrg/dwr/call/plaincall/AjaxReportQueryService.getFixDate.dwr HTTP/1.1" 200 111
114.86.231.92 - - [21/Apr/2021:09:13:27 +0800] "GET /xingrg/kc/buy/cgsh_order_operate.html?command=get_materiel&rest_code=00109&code=00101008274&supplier_code=00100005&order_time=2021-04-21 HTTP/1.1" 200 412
180.169.147.146 - - [21/Apr/2021:09:13:27 +0800] "POST /xingrg/all/common/load_tree.html?tree=area_station_tree_json&manage=1 HTTP/1.1" 200 3240
116.224.253.72 - - [21/Apr/2021:09:13:27 +0800] "GET /xingrg/all/function/internal_message.html?_=1618967593245&CODE_STATE=getMsg HTTP/1.1" 200 27
114.86.187.76 - - [21/Apr/2021:09:13:29 +0800] "GET /xingrg/kc/buy/cgsh_order_operate.html?command=get_materiel&rest_code=00148&code=00101008248&supplier_code=00100007&order_time=2021-04-21 HTTP/1.1" 200 412
114.88.160.164 - - [21/Apr/2021:09:13:33 +0800] "GET /xingrg/all/function/internal_message.html?_=1618967611991&CODE_STATE=getMsg HTTP/1.1" 200 27
114.86.231.92 - - [21/Apr/2021:09:13:34 +0800] "GET /xingrg/kc/buy/cgsh_order_operate.html?command=get_materiel&rest_code=00109&code=00101015070&supplier_code=00100005&order_time=2021-04-21 HTTP/1.1" 200 412
116.224.253.72 - - [21/Apr/2021:09:13:35 +0800] "POST /xingrg/kc/buy/cgsh_order_operate.html HTTP/1.1" 200 37
180.169.147.146 - - [21/Apr/2021:09:13:36 +0800] "GET /xingrg/all/function/internal_message.html?_=1618967620950&CODE_STATE=getMsg HTTP/1.1" 200 27
116.224.253.72 - - [21/Apr/2021:09:13:37 +0800] "POST /xingrg/kc/buy/cgsh_order_operate.html HTTP/1.1" 200 12
180.169.147.146 - - [21/Apr/2021:09:13:37 +0800] "POST /xingrg/dwr/call/plaincall/AjaxReportQueryService.refreshCache.dwr HTTP/1.1" 200 78
114.83.220.63 - - [21/Apr/2021:09:13:37 +0800] "GET /xingrg/all/function/internal_message.html?_=1618967618249&CODE_STATE=getMsg HTTP/1.1" 200 27
180.169.147.146 - - [21/Apr/2021:09:13:38 +0800] "POST /xingrg/all/report/load_report_page.html HTTP/1.1" 200 89
116.224.253.72 - - [21/Apr/2021:09:13:38 +0800] "GET /xingrg/kc/buy/cgsh_order_info.html?code=212021042108662 HTTP/1.1" 200 56690
116.224.253.72 - - [21/Apr/2021:09:13:38 +0800] "GET /xingrg/javascript/easyui/themes/default/validatebox.css HTTP/1.1" 404 1104
116.224.253.72 - - [21/Apr/2021:09:13:39 +0800] "POST /xingrg/kc/buy/cgsh_order_operate.html HTTP/1.1" 200 616
61.165.42.208 - - [21/Apr/2021:09:13:39 +0800] "GET /xingrg/all/function/internal_message.html?_=1618967621195&CODE_STATE=getMsg HTTP/1.1" 200 27
61.165.42.208 - - [21/Apr/2021:09:13:39 +0800] "GET /xingrg/check_reg.html?_=1618967621189 HTTP/1.1" 200 22
180.169.147.146 - - [21/Apr/2021:09:13:39 +0800] "POST /xingrg/dwr/call/plaincall/AjaxReportQueryService.refreshCache.dwr HTTP/1.1" 200 78
180.169.147.146 - - [21/Apr/2021:09:13:39 +0800] "POST /xingrg/all/report/load_report_page.html HTTP/1.1" 200 89
116.224.253.72 - - [21/Apr/2021:09:13:40 +0800] "GET /xingrg/kc/print/load_data.html?order_code=212021042108662&kc_code=cgsh&condition= HTTP/1.1" 200 705
116.224.253.72 - - [21/Apr/2021:09:13:40 +0800] "GET /xingrg/all/function/internal_message.html?_=1618967621813&CODE_STATE=getMsg HTTP/1.1" 200 27
116.230.114.112 - - [21/Apr/2021:09:13:40 +0800] "GET /xingrg/kc/buy/cgsh_order_operate.html?command=get_materiel&rest_code=00146&code=00101008270&supplier_code=00100005&order_time=2021-04-21 HTTP/1.1" 200 412
114.83.220.63 - - [21/Apr/2021:09:13:47 +0800] "GET /xingrg/kc/buy/cgsh_order_operate.html?command=get_materiel&rest_code=00149&code=00101005043&supplier_code=00100313&order_time=2021-04-21 HTTP/1.1" 200 417
116.224.253.72 - - [21/Apr/2021:09:13:48 +0800] "GET /xingrg/kc/buy/cgsh_order_list.html HTTP/1.1" 200 46414
116.230.114.112 - - [21/Apr/2021:09:13:48 +0800] "GET /xingrg/all/function/internal_message.html?_=1618967637567&CODE_STATE=getMsg HTTP/1.1" 302 -
116.224.253.72 - - [21/Apr/2021:09:13:49 +0800] "POST /xingrg/kc/buy/cgsh_list_operate.html HTTP/1.1" 200 1706
116.230.114.112 - - [21/Apr/2021:09:13:50 +0800] "GET /xingrg/kc/buy/cgsh_order_operate.html?command=get_materiel&rest_code=00146&code=00101008017&supplier_code=00100005&order_time=2021-04-21 HTTP/1.1" 200 416
114.86.231.92 - - [21/Apr/2021:09:13:51 +0800] "GET /xingrg/kc/buy/cgsh_order_operate.html?command=get_materiel&rest_code=00109&code=00101008041&supplier_code=00100005&order_time=2021-04-21 HTTP/1.1" 200 408
114.83.220.63 - - [21/Apr/2021:09:13:54 +0800] "GET /xingrg/kc/buy/cgsh_order_operate.html?command=get_materiel&rest_code=00149&code=00102026001&supplier_code=00100313&order_time=2021-04-21 HTTP/1.1" 200 409
114.86.231.92 - - [21/Apr/2021:09:13:54 +0800] "POST /xingrg/kc/buy/cgsh_order_operate.html HTTP/1.1" 200 2065
114.88.160.164 - - [21/Apr/2021:09:13:56 +0800] "GET /xingrg/kc/buy/cgsh_order_operate.html?command=get_materiel&rest_code=00111&code=00101008286&supplier_code=00100005&order_time=2021-04-21 HTTP/1.1" 200 408
116.224.253.72 - - [21/Apr/2021:09:13:56 +0800] "GET /xingrg/kc/buy/cgsh_order_add.html HTTP/1.1" 200 61790
116.224.253.72 - - [21/Apr/2021:09:13:56 +0800] "POST /xingrg/kc/buy/cgsh_order_operate.html HTTP/1.1" 200 8245
116.224.253.72 - - [21/Apr/2021:09:13:56 +0800] "GET /xingrg/javascript/easyui/themes/default/validatebox.css HTTP/1.1" 404 1104
116.230.114.112 - - [21/Apr/2021:09:13:58 +0800] "GET /xingrg/kc/buy/cgsh_order_operate.html?command=get_materiel&rest_code=00146&code=00101008027&supplier_code=00100005&order_time=2021-04-21 HTTP/1.1" 200 409
116.238.141.202 - - [21/Apr/2021:09:13:59 +0800] "GET /xingrg/all/function/internal_message.html?_=1618967918656&CODE_STATE=getMsg HTTP/1.1" 200 27
124.77.71.179 - - [21/Apr/2021:09:14:01 +0800] "GET /xingrg/all/function/internal_message.html?_=1618967637712&CODE_STATE=getMsg HTTP/1.1" 200 27
116.230.114.112 - - [21/Apr/2021:09:14:01 +0800] "GET /xingrg/all/function/internal_message.html?_=1618967651755&CODE_STATE=getMsg HTTP/1.1" 200 27
114.86.231.92 - - [21/Apr/2021:09:14:02 +0800] "GET /xingrg/all/function/internal_message.html?_=1618967648885&CODE_STATE=getMsg HTTP/1.1" 200 27
117.185.32.26 - - [21/Apr/2021:09:14:06 +0800] "GET /xingrg/check_reg.html?_=1618967645379 HTTP/1.1" 200 22
117.185.32.26 - - [21/Apr/2021:09:14:06 +0800] "GET /xingrg/all/function/internal_message.html?_=1618967645381&CODE_STATE=getMsg HTTP/1.1" 200 27
116.224.253.72 - - [21/Apr/2021:09:14:06 +0800] "GET /xingrg/kc/buy/cgsh_order_operate.html?command=get_materiel&rest_code=00151&code=00101009062&supplier_code=00100424&order_time=2021-04-21 HTTP/1.1" 200 412
114.86.187.76 - - [21/Apr/2021:09:14:06 +0800] "GET /xingrg/check_reg.html?_=1618967647310 HTTP/1.1" 200 22
114.88.160.164 - - [21/Apr/2021:09:14:06 +0800] "GET /xingrg/kc/buy/cgsh_order_operate.html?command=get_materiel&rest_code=00111&code=00101008036&supplier_code=00100005&order_time=2021-04-21 HTTP/1.1" 200 408
114.86.187.76 - - [21/Apr/2021:09:14:07 +0800] "GET /xingrg/all/function/internal_message.html?_=1618967647925&CODE_STATE=getMsg HTTP/1.1" 200 27
114.83.220.63 - - [21/Apr/2021:09:14:08 +0800] "POST /xingrg/kc/buy/cgsh_order_operate.html HTTP/1.1" 200 37
114.86.231.92 - - [21/Apr/2021:09:14:09 +0800] "GET /xingrg/kc/buy/cgsh_order_operate.html?command=get_materiel&rest_code=00109&code=00101008323&supplier_code=00100005&order_time=2021-04-21 HTTP/1.1" 200 408
114.83.220.63 - - [21/Apr/2021:09:14:11 +0800] "POST /xingrg/kc/buy/cgsh_order_operate.html HTTP/1.1" 200 12
116.230.114.112 - - [21/Apr/2021:09:14:11 +0800] "GET /xingrg/kc/buy/cgsh_order_operate.html?command=get_materiel&rest_code=00146&code=00101008257&supplier_code=00100005&order_time=2021-04-21 HTTP/1.1" 200 416
114.83.220.63 - - [21/Apr/2021:09:14:12 +0800] "GET /xingrg/kc/buy/cgsh_order_info.html?code=212021042108663 HTTP/1.1" 200 57107
114.83.220.63 - - [21/Apr/2021:09:14:13 +0800] "GET /xingrg/javascript/easyui/themes/default/validatebox.css HTTP/1.1" 404 1104
114.83.220.63 - - [21/Apr/2021:09:14:13 +0800] "POST /xingrg/kc/buy/cgsh_order_operate.html HTTP/1.1" 200 2986
114.83.220.63 - - [21/Apr/2021:09:14:14 +0800] "GET /xingrg/kc/print/load_data.html?order_code=212021042108663&kc_code=cgsh&condition= HTTP/1.1" 200 1630
120.204.17.72 - - [21/Apr/2021:09:14:15 +0800] "GET /xingrg/all/function/internal_message.html?_=1618967585380&CODE_STATE=getMsg HTTP/1.1" 302 -
116.224.253.72 - - [21/Apr/2021:09:14:15 +0800] "GET /xingrg/kc/buy/cgsh_order_operate.html?command=get_materiel&rest_code=00151&code=00101009039&supplier_code=00100424&order_time=2021-04-21 HTTP/1.1" 200 408
114.88.160.164 - - [21/Apr/2021:09:14:16 +0800] "GET /xingrg/kc/buy/cgsh_order_operate.html?command=get_materiel&rest_code=00111&code=00101008131&supplier_code=00100005&order_time=2021-04-21 HTTP/1.1" 200 410
180.169.147.146 - - [21/Apr/2021:09:14:19 +0800] "GET /xingrg/all/function/internal_message.html?_=1618967660362&CODE_STATE=getMsg HTTP/1.1" 200 27
120.204.17.72 - - [21/Apr/2021:09:14:20 +0800] "GET /xingrg/login.html HTTP/1.1" 200 7641
116.224.253.72 - - [21/Apr/2021:09:14:20 +0800] "POST /xingrg/kc/buy/cgsh_order_operate.html HTTP/1.1" 200 37
222.70.217.33 - - [21/Apr/2021:09:14:21 +0800] "GET /xingrg/all/function/internal_message.html?_=1618967659666&CODE_STATE=getMsg HTTP/1.1" 200 27
116.230.114.112 - - [21/Apr/2021:09:14:21 +0800] "GET /xingrg/kc/buy/cgsh_order_operate.html?command=get_materiel&rest_code=00146&code=00101008349&supplier_code=00100005&order_time=2021-04-21 HTTP/1.1" 200 412
116.224.253.72 - - [21/Apr/2021:09:14:21 +0800] "POST /xingrg/kc/buy/cgsh_order_operate.html HTTP/1.1" 200 3263
114.88.160.164 - - [21/Apr/2021:09:14:22 +0800] "POST /xingrg/kc/buy/cgsh_order_operate.html HTTP/1.1" 200 2065
117.185.32.26 - - [21/Apr/2021:09:14:22 +0800] "GET /xingrg/all/function/internal_message.html?_=1618968187541&CODE_STATE=getMsg HTTP/1.1" 200 27
116.224.253.72 - - [21/Apr/2021:09:14:22 +0800] "GET /xingrg/kc/buy/cgsh_order_list.html HTTP/1.1" 200 46414
180.169.147.146 - - [21/Apr/2021:09:14:24 +0800] "GET /xingrg/all/function/internal_message.html?_=1618967670642&CODE_STATE=getMsg HTTP/1.1" 302 -
116.224.253.72 - - [21/Apr/2021:09:14:24 +0800] "POST /xingrg/kc/buy/cgsh_list_operate.html HTTP/1.1" 200 2067
116.224.253.72 - - [21/Apr/2021:09:14:26 +0800] "POST /xingrg/kc/buy/cgsh_list_operate.html HTTP/1.1" 200 565
114.86.187.76 - - [21/Apr/2021:09:14:27 +0800] "GET /xingrg/kc/buy/cgsh_order_operate.html?command=get_materiel&rest_code=00148&code=00101008186&supplier_code=00100007&order_time=2021-04-21 HTTP/1.1" 200 408
116.224.253.72 - - [21/Apr/2021:09:14:27 +0800] "GET /xingrg/all/function/internal_message.html?_=1618967653251&CODE_STATE=getMsg HTTP/1.1" 200 27
116.224.253.72 - - [21/Apr/2021:09:14:27 +0800] "GET /xingrg/kc/buy/cgsh_order_info.html?code=212021042108639 HTTP/1.1" 200 61811
116.224.253.72 - - [21/Apr/2021:09:14:27 +0800] "GET /xingrg/javascript/easyui/themes/default/validatebox.css HTTP/1.1" 404 1104
116.224.253.72 - - [21/Apr/2021:09:14:28 +0800] "POST /xingrg/kc/buy/cgsh_order_operate.html HTTP/1.1" 200 17620
114.88.160.164 - - [21/Apr/2021:09:14:28 +0800] "GET /xingrg/kc/buy/cgsh_order_operate.html?command=get_materiel&rest_code=00111&code=00101008352&supplier_code=00100005&order_time=2021-04-21 HTTP/1.1" 200 412
116.230.114.112 - - [21/Apr/2021:09:14:32 +0800] "GET /xingrg/kc/buy/cgsh_order_operate.html?command=get_materiel&rest_code=00146&code=00101008354&supplier_code=00100005&order_time=2021-04-21 HTTP/1.1" 200 412
114.88.160.164 - - [21/Apr/2021:09:14:33 +0800] "GET /xingrg/all/function/internal_message.html?_=1618967672005&CODE_STATE=getMsg HTTP/1.1" 200 27
180.169.147.146 - - [21/Apr/2021:09:14:36 +0800] "GET /xingrg/all/function/internal_message.html?_=1618967680953&CODE_STATE=getMsg HTTP/1.1" 200 27
114.83.220.63 - - [21/Apr/2021:09:14:37 +0800] "GET /xingrg/all/function/internal_message.html?_=1618967678226&CODE_STATE=getMsg HTTP/1.1" 200 27
61.165.42.208 - - [21/Apr/2021:09:14:39 +0800] "GET /xingrg/all/function/internal_message.html?_=1618967681179&CODE_STATE=getMsg HTTP/1.1" 200 27
114.88.160.164 - - [21/Apr/2021:09:14:40 +0800] "GET /xingrg/kc/buy/cgsh_order_operate.html?command=get_materiel&rest_code=00111&code=00101008271&supplier_code=00100005&order_time=2021-04-21 HTTP/1.1" 200 408
116.224.253.72 - - [21/Apr/2021:09:14:40 +0800] "GET /xingrg/all/function/internal_message.html?_=1618967681803&CODE_STATE=getMsg HTTP/1.1" 200 27
114.86.187.76 - - [21/Apr/2021:09:14:43 +0800] "GET /xingrg/kc/buy/cgsh_order_operate.html?command=get_materiel&rest_code=00148&code=00101008358&supplier_code=00100007&order_time=2021-04-21 HTTP/1.1" 200 412
114.86.231.92 - - [21/Apr/2021:09:14:46 +0800] "GET /xingrg/kc/buy/cgsh_order_operate.html?command=get_materiel&rest_code=00109&code=00101008155&supplier_code=00100005&order_time=2021-04-21 HTTP/1.1" 200 408
116.230.114.112 - - [21/Apr/2021:09:14:48 +0800] "GET /xingrg/all/function/internal_message.html?_=1618967697576&CODE_STATE=getMsg HTTP/1.1" 302 -
114.86.187.76 - - [21/Apr/2021:09:14:50 +0800] "GET /xingrg/kc/buy/cgsh_order_operate.html?command=get_materiel&rest_code=00148&code=00101008126&supplier_code=00100007&order_time=2021-04-21 HTTP/1.1" 200 412
116.230.114.112 - - [21/Apr/2021:09:14:52 +0800] "GET /xingrg/kc/buy/cgsh_order_operate.html?command=get_materiel&rest_code=00146&code=00101008186&supplier_code=00100005&order_time=2021-04-21 HTTP/1.1" 200 408
114.86.187.76 - - [21/Apr/2021:09:14:52 +0800] "POST /xingrg/kc/buy/cgsh_order_operate.html HTTP/1.1" 200 2065
117.185.32.26 - - [21/Apr/2021:09:14:53 +0800] "GET /xingrg/login.html HTTP/1.1" 200 7641
117.185.32.26 - - [21/Apr/2021:09:14:54 +0800] "GET /favicon.ico HTTP/1.1" 404 -
114.86.187.76 - - [21/Apr/2021:09:14:57 +0800] "GET /xingrg/kc/buy/cgsh_order_operate.html?command=get_materiel&rest_code=00148&code=00101008270&supplier_code=00100007&order_time=2021-04-21 HTTP/1.1" 200 412
114.86.231.92 - - [21/Apr/2021:09:14:58 +0800] "GET /xingrg/kc/buy/cgsh_order_operate.html?command=get_materiel&rest_code=00109&code=00101008350&supplier_code=00100005&order_time=2021-04-21 HTTP/1.1" 200 408
116.238.141.202 - - [21/Apr/2021:09:14:59 +0800] "GET /xingrg/all/function/internal_message.html?_=1618967978669&CODE_STATE=getMsg HTTP/1.1" 200 27
116.230.114.112 - - [21/Apr/2021:09:15:00 +0800] "GET /xingrg/kc/buy/cgsh_order_operate.html?command=get_materiel&rest_code=00146&code=00101008096&supplier_code=00100005&order_time=2021-04-21 HTTP/1.1" 200 412
124.77.71.179 - - [21/Apr/2021:09:15:01 +0800] "GET /xingrg/all/function/internal_message.html?_=1618967697704&CODE_STATE=getMsg HTTP/1.1" 200 27
124.77.71.179 - - [21/Apr/2021:09:15:01 +0800] "GET /xingrg/check_reg.html?_=1618967697705 HTTP/1.1" 200 22
116.230.114.112 - - [21/Apr/2021:09:15:01 +0800] "GET /xingrg/all/function/internal_message.html?_=1618967711768&CODE_STATE=getMsg HTTP/1.1" 200 27
114.86.231.92 - - [21/Apr/2021:09:15:02 +0800] "GET /xingrg/all/function/internal_message.html?_=1618967708888&CODE_STATE=getMsg HTTP/1.1" 200 27
117.185.32.26 - - [21/Apr/2021:09:15:03 +0800] "POST /xingrg/login.do HTTP/1.1" 302 -
117.185.32.26 - - [21/Apr/2021:09:15:03 +0800] "GET /xingrg/index.html?sysBaseUrl=http%3A%2F%2F180.169.147.146%3A18081%2Fxingrg%2F&costTime=41×tamp=1618967703043 HTTP/1.1" 200 17503
114.86.187.76 - - [21/Apr/2021:09:15:03 +0800] "GET /xingrg/kc/buy/cgsh_order_operate.html?command=get_materiel&rest_code=00148&code=00101008098&supplier_code=00100007&order_time=2021-04-21 HTTP/1.1" 200 412
117.185.32.26 - - [21/Apr/2021:09:15:04 +0800] "POST /xingrg/all/common/load_tree.html?tree=area_rest_tree_json&manage=1 HTTP/1.1" 200 3216
117.185.32.26 - - [21/Apr/2021:09:15:04 +0800] "GET /xingrg/all/function/internal_message.html?_=1618967703349&CODE_STATE=count HTTP/1.1" 200 11
117.185.32.26 - - [21/Apr/2021:09:15:04 +0800] "GET /xingrg/check_reg.html?_=1618967703350 HTTP/1.1" 200 22
117.185.32.26 - - [21/Apr/2021:09:15:04 +0800] "GET /xingrg/javascript/jquery_easy_ui/themes/default/images/panel_tool_collapse.gif HTTP/1.1" 200 246
117.185.32.26 - - [21/Apr/2021:09:15:04 +0800] "POST /xingrg/load_menu.html HTTP/1.1" 200 11564
117.185.32.26 - - [21/Apr/2021:09:15:04 +0800] "GET /favicon.ico HTTP/1.1" 404 -
114.86.231.92 - - [21/Apr/2021:09:15:05 +0800] "GET /xingrg/kc/buy/cgsh_order_operate.html?command=get_materiel&rest_code=00109&code=00101008110&supplier_code=00100005&order_time=2021-04-21 HTTP/1.1" 200 408
117.185.32.26 - - [21/Apr/2021:09:15:06 +0800] "GET /xingrg/all/function/internal_message.html?_=1618967705393&CODE_STATE=getMsg HTTP/1.1" 200 27
114.86.187.76 - - [21/Apr/2021:09:15:07 +0800] "GET /xingrg/all/function/internal_message.html?_=1618967707939&CODE_STATE=getMsg HTTP/1.1" 200 27
114.83.220.63 - - [21/Apr/2021:09:15:07 +0800] "GET /xingrg/logout.do HTTP/1.1" 302 -
114.83.220.63 - - [21/Apr/2021:09:15:07 +0800] "GET /xingrg/login.html?sysBaseUrl=http%3A%2F%2F180.169.147.146%3A18081%2Fxingrg%2F&costTime=2×tamp=1618967707916 HTTP/1.1" 200 7641
114.83.220.63 - - [21/Apr/2021:09:15:08 +0800] "GET /favicon.ico HTTP/1.1" 404 -
117.185.32.26 - - [21/Apr/2021:09:15:09 +0800] "POST /xingrg/all/user/operate.html HTTP/1.1" 200 36
117.185.32.26 - - [21/Apr/2021:09:15:10 +0800] "GET /xingrg/javascript/jquery_easy_ui/themes/default/easyui.css HTTP/1.1" 304 -
117.185.32.26 - - [21/Apr/2021:09:15:10 +0800] "GET /xingrg/javascript/jquery_easy_ui/themes/icon.css HTTP/1.1" 304 -
117.185.32.26 - - [21/Apr/2021:09:15:10 +0800] "GET /xingrg/css/form.css HTTP/1.1" 304 -
117.185.32.26 - - [21/Apr/2021:09:15:10 +0800] "GET /xingrg/javascript/jquery-1.4.2.min.js HTTP/1.1" 304 -
117.185.32.26 - - [21/Apr/2021:09:15:10 +0800] "GET /xingrg/index.html?sysBaseUrl=http%3A%2F%2F180.169.147.146%3A18081%2Fxingrg%2F&costTime=41×tamp=1618967703043 HTTP/1.1" 200 17509
117.185.32.26 - - [21/Apr/2021:09:15:10 +0800] "GET /xingrg/javascript/jquery_easy_ui/jquery.easyui.min.js HTTP/1.1" 304 -
117.185.32.26 - - [21/Apr/2021:09:15:10 +0800] "GET /xingrg/javascript/jquery_easy_ui/easyui-lang-zh_CN.js HTTP/1.1" 304 -
117.185.32.26 - - [21/Apr/2021:09:15:10 +0800] "GET /xingrg/javascript/jquery.form.js HTTP/1.1" 304 -
117.185.32.26 - - [21/Apr/2021:09:15:10 +0800] "GET /xingrg/javascript/jquery.utils.js HTTP/1.1" 304 -
117.185.32.26 - - [21/Apr/2021:09:15:10 +0800] "GET /xingrg/javascript/jquery.timers.js HTTP/1.1" 304 -
117.185.32.26 - - [21/Apr/2021:09:15:10 +0800] "GET /xingrg/images/blue/jxLogo.png HTTP/1.1" 304 -
117.185.32.26 - - [21/Apr/2021:09:15:10 +0800] "GET /xingrg/javascript/jquery_easy_ui/themes/icons/settle_new.png HTTP/1.1" 304 -
117.185.32.26 - - [21/Apr/2021:09:15:10 +0800] "GET /xingrg/images/blue/navBackgound.jpg HTTP/1.1" 304 -
117.185.32.26 - - [21/Apr/2021:09:15:10 +0800] "POST /xingrg/all/common/load_tree.html?tree=area_rest_tree_json&manage=1 HTTP/1.1" 200 3216
117.185.32.26 - - [21/Apr/2021:09:15:10 +0800] "GET /xingrg/all/function/internal_message.html?_=1618967709828&CODE_STATE=count HTTP/1.1" 200 11
117.185.32.26 - - [21/Apr/2021:09:15:10 +0800] "GET /xingrg/check_reg.html?_=1618967709828 HTTP/1.1" 200 22
117.185.32.26 - - [21/Apr/2021:09:15:10 +0800] "GET /xingrg/javascript/jquery_easy_ui/themes/default/images/panel_tool_collapse.gif HTTP/1.1" 200 246
117.185.32.26 - - [21/Apr/2021:09:15:10 +0800] "GET /xingrg/javascript/jquery_easy_ui/themes/default/images/tabs_rightarrow.png HTTP/1.1" 304 -
117.185.32.26 - - [21/Apr/2021:09:15:10 +0800] "GET /xingrg/javascript/jquery_easy_ui/themes/default/images/tabs_leftarrow.png HTTP/1.1" 304 -
117.185.32.26 - - [21/Apr/2021:09:15:10 +0800] "GET /xingrg/javascript/jquery_easy_ui/themes/default/images/panel_tool_expand.gif HTTP/1.1" 304 -
117.185.32.26 - - [21/Apr/2021:09:15:10 +0800] "GET /xingrg/images/blue/pingpu.png HTTP/1.1" 304 -
117.185.32.26 - - [21/Apr/2021:09:15:10 +0800] "POST /xingrg/load_menu.html HTTP/1.1" 200 9959
117.185.32.26 - - [21/Apr/2021:09:15:10 +0800] "GET /xingrg/javascript/jquery_easy_ui/themes/default/images/tree_arrows.gif HTTP/1.1" 304 -
117.185.32.26 - - [21/Apr/2021:09:15:11 +0800] "GET /xingrg/javascript/jquery_easy_ui/themes/default/images/tree_file.gif HTTP/1.1" 304 -
117.185.32.26 - - [21/Apr/2021:09:15:11 +0800] "GET /xingrg/javascript/jquery_easy_ui/themes/icons/systemset_new.png HTTP/1.1" 304 -
117.185.32.26 - - [21/Apr/2021:09:15:11 +0800] "GET /xingrg/javascript/jquery_easy_ui/themes/icons/setting_new.png HTTP/1.1" 304 -
117.185.32.26 - - [21/Apr/2021:09:15:11 +0800] "GET /xingrg/javascript/jquery_easy_ui/themes/icons/forms_new.png HTTP/1.1" 304 -
117.185.32.26 - - [21/Apr/2021:09:15:11 +0800] "GET /xingrg/javascript/jquery_easy_ui/themes/icons/checkout_new.png HTTP/1.1" 304 -
117.185.32.26 - - [21/Apr/2021:09:15:11 +0800] "GET /xingrg/javascript/jquery_easy_ui/themes/icons/storage_new.png HTTP/1.1" 304 -
117.185.32.26 - - [21/Apr/2021:09:15:11 +0800] "GET /xingrg/javascript/jquery_easy_ui/themes/default/images/tree_folder_open.gif HTTP/1.1" 304 -
117.185.32.26 - - [21/Apr/2021:09:15:11 +0800] "GET /xingrg/javascript/jquery_easy_ui/themes/default/images/tree_folder.gif HTTP/1.1" 304 -
117.185.32.26 - - [21/Apr/2021:09:15:11 +0800] "GET /xingrg/javascript/jquery_easy_ui/themes/icons/search_new.png HTTP/1.1" 304 -
116.230.114.112 - - [21/Apr/2021:09:15:11 +0800] "GET /xingrg/kc/buy/cgsh_order_operate.html?command=get_materiel&rest_code=00146&code=00101008051&supplier_code=00100005&order_time=2021-04-21 HTTP/1.1" 200 408
114.86.231.92 - - [21/Apr/2021:09:15:11 +0800] "GET /xingrg/kc/buy/cgsh_order_operate.html?command=get_materiel&rest_code=00109&code=00101008209&supplier_code=00100005&order_time=2021-04-21 HTTP/1.1" 200 408
114.86.187.76 - - [21/Apr/2021:09:15:12 +0800] "GET /xingrg/kc/buy/cgsh_order_operate.html?command=get_materiel&rest_code=00148&code=00101016066&supplier_code=00100007&order_time=2021-04-21 HTTP/1.1" 200 416
117.185.32.26 - - [21/Apr/2021:09:15:12 +0800] "GET /xingrg/kc/buy/buy_main.html HTTP/1.1" 200 12412
117.185.32.26 - - [21/Apr/2021:09:15:12 +0800] "GET /xingrg/css/new_ie.css HTTP/1.1" 404 1036
114.86.231.92 - - [21/Apr/2021:09:15:13 +0800] "POST /xingrg/kc/buy/cgsh_order_operate.html HTTP/1.1" 200 2065
117.185.32.26 - - [21/Apr/2021:09:15:13 +0800] "GET /xingrg/images/yd/bt.gif HTTP/1.1" 404 1040
117.185.32.26 - - [21/Apr/2021:09:15:13 +0800] "GET /xingrg/kc/buy/cgsh_order_list.html HTTP/1.1" 200 46671
117.185.32.26 - - [21/Apr/2021:09:15:15 +0800] "POST /xingrg/kc/buy/cgsh_list_operate.html HTTP/1.1" 200 876
114.88.160.164 - - [21/Apr/2021:09:15:16 +0800] "GET /xingrg/kc/buy/cgsh_order_operate.html?command=get_materiel&rest_code=00111&code=00101008010&supplier_code=00100005&order_time=2021-04-21 HTTP/1.1" 200 412
114.86.231.92 - - [21/Apr/2021:09:15:17 +0800] "GET /xingrg/kc/buy/cgsh_order_operate.html?command=get_materiel&rest_code=00109&code=00101008223&supplier_code=00100005&order_time=2021-04-21 HTTP/1.1" 200 412
120.204.17.72 - - [21/Apr/2021:09:15:18 +0800] "GET /xingrg/all/function/internal_message.html?_=1618967645381&CODE_STATE=getMsg HTTP/1.1" 302 -
114.83.220.63 - - [21/Apr/2021:09:15:18 +0800] "POST /xingrg/login.do HTTP/1.1" 302 -
114.83.220.63 - - [21/Apr/2021:09:15:18 +0800] "GET /xingrg/index.html?sysBaseUrl=http%3A%2F%2F180.169.147.146%3A18081%2Fxingrg%2F&costTime=39×tamp=1618967718853 HTTP/1.1" 200 17503
114.83.220.63 - - [21/Apr/2021:09:15:18 +0800] "GET /favicon.ico HTTP/1.1" 404 -
114.83.220.63 - - [21/Apr/2021:09:15:19 +0800] "POST /xingrg/all/common/load_tree.html?tree=area_rest_tree_json&manage=1 HTTP/1.1" 200 3344
114.83.220.63 - - [21/Apr/2021:09:15:19 +0800] "GET /xingrg/check_reg.html?_=1618967719597 HTTP/1.1" 200 22
114.83.220.63 - - [21/Apr/2021:09:15:19 +0800] "GET /xingrg/all/function/internal_message.html?_=1618967719596&CODE_STATE=count HTTP/1.1" 200 11
114.83.220.63 - - [21/Apr/2021:09:15:19 +0800] "POST /xingrg/load_menu.html HTTP/1.1" 200 11443
116.224.253.72 - - [21/Apr/2021:09:15:19 +0800] "POST /xingrg/kc/buy/cgsh_order_operate.html HTTP/1.1" 200 37
183.192.164.97 - - [21/Apr/2021:09:15:19 +0800] "GET /xingrg/check_reg.html?_=1618967645379 HTTP/1.1" 302 -
180.169.147.146 - - [21/Apr/2021:09:15:19 +0800] "GET /xingrg/all/function/internal_message.html?_=1618967720352&CODE_STATE=getMsg HTTP/1.1" 200 27
116.224.253.72 - - [21/Apr/2021:09:15:20 +0800] "POST /xingrg/kc/buy/cgsh_order_operate.html HTTP/1.1" 200 17623
222.70.217.33 - - [21/Apr/2021:09:15:21 +0800] "GET /xingrg/all/function/internal_message.html?_=1618967719667&CODE_STATE=getMsg HTTP/1.1" 200 27
117.185.32.26 - - [21/Apr/2021:09:15:21 +0800] "POST /xingrg/kc/buy/cgsh_list_operate.html HTTP/1.1" 200 5883
183.192.164.97 - - [21/Apr/2021:09:15:21 +0800] "GET /xingrg/login.html HTTP/1.1" 200 7641
114.83.220.63 - - [21/Apr/2021:09:15:21 +0800] "GET /xingrg/kc/buy/cgsh_order_list.html HTTP/1.1" 200 46665
117.185.32.26 - - [21/Apr/2021:09:15:22 +0800] "GET /xingrg/check_reg.html?_=1618968247524 HTTP/1.1" 200 22
117.185.32.26 - - [21/Apr/2021:09:15:22 +0800] "GET /xingrg/all/function/internal_message.html?_=1618968247526&CODE_STATE=getMsg HTTP/1.1" 200 27
114.83.220.63 - - [21/Apr/2021:09:15:22 +0800] "POST /xingrg/kc/buy/cgsh_list_operate.html HTTP/1.1" 200 876
114.86.231.92 - - [21/Apr/2021:09:15:24 +0800] "GET /xingrg/kc/buy/cgsh_order_operate.html?command=get_materiel&rest_code=00109&code=00101008069&supplier_code=00100005&order_time=2021-04-21 HTTP/1.1" 200 412
180.169.147.146 - - [21/Apr/2021:09:15:24 +0800] "GET /xingrg/all/function/internal_message.html?_=1618967730642&CODE_STATE=getMsg HTTP/1.1" 302 -
120.204.17.72 - - [21/Apr/2021:09:15:24 +0800] "GET /xingrg/login.html HTTP/1.1" 200 7641
116.230.114.112 - - [21/Apr/2021:09:15:24 +0800] "GET /xingrg/kc/buy/cgsh_order_operate.html?command=get_materiel&rest_code=00146&code=00101008338&supplier_code=00100005&order_time=2021-04-21 HTTP/1.1" 200 408
114.88.160.164 - - [21/Apr/2021:09:15:25 +0800] "GET /xingrg/kc/buy/cgsh_order_operate.html?command=get_materiel&rest_code=00111&code=00101008365&supplier_code=00100005&order_time=2021-04-21 HTTP/1.1" 200 412
114.86.187.76 - - [21/Apr/2021:09:15:26 +0800] "GET /xingrg/kc/buy/cgsh_order_operate.html?command=get_materiel&rest_code=00148&code=00101012001&supplier_code=00100007&order_time=2021-04-21 HTTP/1.1" 200 408
116.224.253.72 - - [21/Apr/2021:09:15:27 +0800] "GET /xingrg/check_reg.html?_=1618967713135 HTTP/1.1" 200 22
116.224.253.72 - - [21/Apr/2021:09:15:27 +0800] "GET /xingrg/all/function/internal_message.html?_=1618967713265&CODE_STATE=getMsg HTTP/1.1" 200 27
117.185.32.26 - - [21/Apr/2021:09:15:27 +0800] "GET /xingrg/javascript/easyui/themes/default/tree.css HTTP/1.1" 404 1090
117.185.32.26 - - [21/Apr/2021:09:15:27 +0800] "POST /xingrg/all/common/load_tree.html?tree=supplier_tree_json&manage=1 HTTP/1.1" 200 55684
114.83.220.63 - - [21/Apr/2021:09:15:28 +0800] "GET /xingrg/javascript/auto/indicator.gif HTTP/1.1" 404 1066
117.185.32.26 - - [21/Apr/2021:09:15:28 +0800] "GET /xingrg/javascript/easyui/themes/default/images/tree_checkbox_0.gif HTTP/1.1" 200 168
114.86.231.92 - - [21/Apr/2021:09:15:32 +0800] "GET /xingrg/kc/buy/cgsh_order_operate.html?command=get_materiel&rest_code=00109&code=00101008298&supplier_code=00100005&order_time=2021-04-21 HTTP/1.1" 200 413
114.88.160.164 - - [21/Apr/2021:09:15:33 +0800] "GET /xingrg/all/function/internal_message.html?_=1618967732018&CODE_STATE=getMsg HTTP/1.1" 200 27
117.185.32.26 - - [21/Apr/2021:09:15:33 +0800] "GET /xingrg/javascript/easyui/themes/default/images/tree_checkbox_1.gif HTTP/1.1" 200 174
117.185.32.26 - - [21/Apr/2021:09:15:33 +0800] "GET /xingrg/javascript/easyui/themes/default/images/tree_checkbox_2.gif HTTP/1.1" 200 181
114.86.187.76 - - [21/Apr/2021:09:15:33 +0800] "GET /xingrg/javascript/easyui/themes/default/images/button_plain_hover.png HTTP/1.1" 304 -
114.86.187.76 - - [21/Apr/2021:09:15:33 +0800] "GET /xingrg/javascript/easyui/themes/default/images/button_plain_hover.png HTTP/1.1" 304 -
114.86.187.76 - - [21/Apr/2021:09:15:34 +0800] "GET /xingrg/javascript/easyui/themes/default/images/button_plain_hover.png HTTP/1.1" 304 -
114.86.187.76 - - [21/Apr/2021:09:15:34 +0800] "GET /xingrg/javascript/easyui/themes/default/images/button_plain_hover.png HTTP/1.1" 304 -
114.83.220.63 - - [21/Apr/2021:09:15:34 +0800] "GET /xingrg/javascript/easyui/themes/default/tree.css HTTP/1.1" 404 1090
114.83.220.63 - - [21/Apr/2021:09:15:34 +0800] "POST /xingrg/all/common/load_tree.html?tree=area_rest_tree_json&manage=1 HTTP/1.1" 200 3344
114.86.187.76 - - [21/Apr/2021:09:15:34 +0800] "GET /xingrg/javascript/easyui/themes/default/images/button_plain_hover.png HTTP/1.1" 304 -
114.86.187.76 - - [21/Apr/2021:09:15:34 +0800] "GET /xingrg/javascript/easyui/themes/default/images/button_plain_hover.png HTTP/1.1" 304 -
116.230.114.112 - - [21/Apr/2021:09:15:34 +0800] "GET /xingrg/kc/buy/cgsh_order_operate.html?command=get_materiel&rest_code=00146&code=00101008290&supplier_code=00100005&order_time=2021-04-21 HTTP/1.1" 200 416
180.169.147.146 - - [21/Apr/2021:09:15:36 +0800] "GET /xingrg/check_reg.html?_=1618967740962 HTTP/1.1" 302 -
180.169.147.146 - - [21/Apr/2021:09:15:36 +0800] "GET /xingrg/all/function/internal_message.html?_=1618967740966&CODE_STATE=getMsg HTTP/1.1" 302 -
114.86.187.76 - - [21/Apr/2021:09:15:37 +0800] "POST /xingrg/kc/buy/cgsh_order_operate.html HTTP/1.1" 200 37
114.88.160.164 - - [21/Apr/2021:09:15:38 +0800] "GET /xingrg/kc/buy/cgsh_order_operate.html?command=get_materiel&rest_code=00111&code=00101008242&supplier_code=00100005&order_time=2021-04-21 HTTP/1.1" 200 408
114.86.187.76 - - [21/Apr/2021:09:15:38 +0800] "POST /xingrg/kc/buy/cgsh_order_operate.html HTTP/1.1" 200 21584
117.185.32.26 - - [21/Apr/2021:09:15:38 +0800] "POST /xingrg/kc/buy/cgsh_list_operate.html HTTP/1.1" 200 5886
114.86.231.92 - - [21/Apr/2021:09:15:39 +0800] "GET /xingrg/kc/buy/cgsh_order_operate.html?command=get_materiel&rest_code=00109&code=00101008098&supplier_code=00100005&order_time=2021-04-21 HTTP/1.1" 200 412
61.165.42.208 - - [21/Apr/2021:09:15:39 +0800] "GET /xingrg/all/function/internal_message.html?_=1618967741186&CODE_STATE=getMsg HTTP/1.1" 200 27
117.185.32.26 - - [21/Apr/2021:09:15:39 +0800] "POST /xingrg/kc/buy/cgsh_list_operate.html HTTP/1.1" 200 560
116.224.253.72 - - [21/Apr/2021:09:15:40 +0800] "GET /xingrg/all/function/internal_message.html?_=1618967741779&CODE_STATE=getMsg HTTP/1.1" 200 27
114.88.160.164 - - [21/Apr/2021:09:15:41 +0800] "POST /xingrg/kc/buy/cgsh_order_operate.html HTTP/1.1" 200 2065
117.185.32.26 - - [21/Apr/2021:09:15:43 +0800] "POST /xingrg/kc/buy/cgsh_list_operate.html HTTP/1.1" 200 561
117.185.32.26 - - [21/Apr/2021:09:15:45 +0800] "GET /xingrg/kc/buy/cgsh_order_info.html?code=212021041907841 HTTP/1.1" 200 57315
114.86.231.92 - - [21/Apr/2021:09:15:45 +0800] "POST /xingrg/kc/buy/cgsh_order_operate.html HTTP/1.1" 200 37
116.230.114.112 - - [21/Apr/2021:09:15:45 +0800] "GET /xingrg/kc/buy/cgsh_order_operate.html?command=get_materiel&rest_code=00146&code=00101008003&supplier_code=00100005&order_time=2021-04-21 HTTP/1.1" 200 408
117.185.32.26 - - [21/Apr/2021:09:15:45 +0800] "GET /xingrg/javascript/easyui/themes/default/validatebox.css HTTP/1.1" 404 1104
117.185.32.26 - - [21/Apr/2021:09:15:46 +0800] "POST /xingrg/kc/buy/cgsh_order_operate.html HTTP/1.1" 200 6540
114.86.231.92 - - [21/Apr/2021:09:15:46 +0800] "POST /xingrg/kc/buy/cgsh_order_operate.html HTTP/1.1" 200 30456
114.86.187.76 - - [21/Apr/2021:09:15:46 +0800] "GET /xingrg/javascript/easyui/themes/default/images/button_plain_hover.png HTTP/1.1" 304 -
114.86.187.76 - - [21/Apr/2021:09:15:46 +0800] "GET /xingrg/javascript/easyui/themes/default/images/button_plain_hover.png HTTP/1.1" 304 -
114.86.187.76 - - [21/Apr/2021:09:15:46 +0800] "GET /xingrg/javascript/easyui/themes/default/images/button_plain_hover.png HTTP/1.1" 304 -
114.83.220.63 - - [21/Apr/2021:09:15:46 +0800] "POST /xingrg/kc/buy/cgsh_list_operate.html HTTP/1.1" 200 5924
114.86.187.76 - - [21/Apr/2021:09:15:46 +0800] "GET /xingrg/javascript/easyui/themes/default/images/button_plain_hover.png HTTP/1.1" 304 -
114.86.187.76 - - [21/Apr/2021:09:15:46 +0800] "GET /xingrg/javascript/easyui/themes/default/images/button_plain_hover.png HTTP/1.1" 304 -
114.86.187.76 - - [21/Apr/2021:09:15:47 +0800] "GET /xingrg/javascript/easyui/themes/default/images/button_plain_hover.png HTTP/1.1" 304 -
114.83.220.63 - - [21/Apr/2021:09:15:48 +0800] "POST /xingrg/kc/buy/cgsh_list_operate.html HTTP/1.1" 200 502
114.88.160.164 - - [21/Apr/2021:09:15:48 +0800] "GET /xingrg/kc/buy/cgsh_order_operate.html?command=get_materiel&rest_code=00111&code=00101008027&supplier_code=00100005&order_time=2021-04-21 HTTP/1.1" 200 409
116.230.114.112 - - [21/Apr/2021:09:15:48 +0800] "GET /xingrg/all/function/internal_message.html?_=1618967757594&CODE_STATE=getMsg HTTP/1.1" 302 -
114.83.220.63 - - [21/Apr/2021:09:15:49 +0800] "GET /xingrg/kc/buy/cgsh_order_info.html?code=212021042108663 HTTP/1.1" 200 57364
114.83.220.63 - - [21/Apr/2021:09:15:49 +0800] "GET /xingrg/javascript/easyui/themes/default/validatebox.css HTTP/1.1" 404 1104
114.86.187.76 - - [21/Apr/2021:09:15:49 +0800] "POST /xingrg/kc/buy/cgsh_order_operate.html HTTP/1.1" 200 37
114.83.220.63 - - [21/Apr/2021:09:15:49 +0800] "POST /xingrg/kc/buy/cgsh_order_operate.html HTTP/1.1" 200 2986
116.230.114.112 - - [21/Apr/2021:09:15:50 +0800] "POST /xingrg/kc/buy/cgsh_order_operate.html HTTP/1.1" 200 2065
114.86.187.76 - - [21/Apr/2021:09:15:50 +0800] "POST /xingrg/kc/buy/cgsh_order_operate.html HTTP/1.1" 200 21591
114.83.220.63 - - [21/Apr/2021:09:15:52 +0800] "POST /xingrg/kc/buy/cgsh_order_operate.html HTTP/1.1" 200 12
114.83.220.63 - - [21/Apr/2021:09:15:52 +0800] "GET /xingrg/kc/buy/cgsh_order_info.html?code=212021042108663 HTTP/1.1" 200 62214
114.83.220.63 - - [21/Apr/2021:09:15:53 +0800] "GET /xingrg/javascript/easyui/themes/default/validatebox.css HTTP/1.1" 404 1104
114.83.220.63 - - [21/Apr/2021:09:15:53 +0800] "POST /xingrg/kc/buy/cgsh_order_operate.html HTTP/1.1" 200 5037
117.185.32.26 - - [21/Apr/2021:09:15:55 +0800] "GET /xingrg/kc/buy/cgsh_order_info.html?code=212021041907841 HTTP/1.1" 200 57315
117.185.32.26 - - [21/Apr/2021:09:15:56 +0800] "GET /xingrg/javascript/easyui/themes/default/validatebox.css HTTP/1.1" 404 1104
117.185.32.26 - - [21/Apr/2021:09:15:56 +0800] "POST /xingrg/kc/buy/cgsh_order_operate.html HTTP/1.1" 200 6540
101.93.222.235 - - [21/Apr/2021:09:15:56 +0800] "POST /xingrg/services/DataTransmitService HTTP/1.1" 200 524
114.83.220.63 - - [21/Apr/2021:09:15:56 +0800] "GET /xingrg/logout.do HTTP/1.1" 302 -
114.83.220.63 - - [21/Apr/2021:09:15:56 +0800] "GET /xingrg/login.html?sysBaseUrl=http%3A%2F%2F180.169.147.146%3A18081%2Fxingrg%2F&costTime=2×tamp=1618967756952 HTTP/1.1" 200 7641
114.83.220.63 - - [21/Apr/2021:09:15:57 +0800] "GET /favicon.ico HTTP/1.1" 404 -
116.230.114.112 - - [21/Apr/2021:09:15:57 +0800] "GET /xingrg/kc/buy/cgsh_order_operate.html?command=get_materiel&rest_code=00146&code=00101008067&supplier_code=00100005&order_time=2021-04-21 HTTP/1.1" 200 416
114.83.220.63 - - [21/Apr/2021:09:15:58 +0800] "POST /xingrg/login.do HTTP/1.1" 302 -
114.83.220.63 - - [21/Apr/2021:09:15:58 +0800] "GET /xingrg/index.html?sysBaseUrl=http%3A%2F%2F180.169.147.146%3A18081%2Fxingrg%2F&costTime=52×tamp=1618967758262 HTTP/1.1" 200 17179
114.83.220.63 - - [21/Apr/2021:09:15:58 +0800] "GET /favicon.ico HTTP/1.1" 404 -
114.83.220.63 - - [21/Apr/2021:09:15:58 +0800] "POST /xingrg/all/common/load_tree.html?tree=area_rest_tree_json&manage=1 HTTP/1.1" 200 351
114.83.220.63 - - [21/Apr/2021:09:15:58 +0800] "GET /xingrg/all/function/internal_message.html?_=1618967759029&CODE_STATE=count HTTP/1.1" 200 11
114.83.220.63 - - [21/Apr/2021:09:15:58 +0800] "GET /xingrg/check_reg.html?_=1618967759030 HTTP/1.1" 200 22
114.83.220.63 - - [21/Apr/2021:09:15:58 +0800] "POST /xingrg/load_menu.html HTTP/1.1" 200 5138
117.185.32.26 - - [21/Apr/2021:09:15:59 +0800] "POST /xingrg/kc/buy/cgsh_list_operate.html HTTP/1.1" 200 5886
114.86.187.76 - - [21/Apr/2021:09:15:59 +0800] "GET /xingrg/javascript/easyui/themes/default/images/button_plain_hover.png HTTP/1.1" 304 -
114.86.187.76 - - [21/Apr/2021:09:15:59 +0800] "GET /xingrg/javascript/easyui/themes/default/images/button_plain_hover.png HTTP/1.1" 304 -
114.86.187.76 - - [21/Apr/2021:09:15:59 +0800] "GET /xingrg/javascript/easyui/themes/default/images/button_plain_hover.png HTTP/1.1" 304 -
116.238.141.202 - - [21/Apr/2021:09:15:59 +0800] "GET /xingrg/all/function/internal_message.html?_=1618968038703&CODE_STATE=getMsg HTTP/1.1" 200 27
117.185.32.26 - - [21/Apr/2021:09:16:00 +0800] "POST /xingrg/kc/buy/cgsh_list_operate.html HTTP/1.1" 200 560
114.86.187.76 - - [21/Apr/2021:09:16:01 +0800] "GET /xingrg/css/base.css HTTP/1.1" 304 -
114.86.187.76 - - [21/Apr/2021:09:16:01 +0800] "GET /xingrg/kc/buy/cgsh_order_list.html HTTP/1.1" 200 46416
114.86.187.76 - - [21/Apr/2021:09:16:01 +0800] "GET /xingrg/javascript/jquery_tools/jquery.tools.extend.js HTTP/1.1" 304 -
114.86.187.76 - - [21/Apr/2021:09:16:01 +0800] "GET /xingrg/javascript/jquery_tools/jquery.tools.hotkey.js HTTP/1.1" 304 -
114.86.187.76 - - [21/Apr/2021:09:16:01 +0800] "GET /xingrg/javascript/jquery_tools/jquery.tools.table.js HTTP/1.1" 304 -
114.86.187.76 - - [21/Apr/2021:09:16:01 +0800] "GET /xingrg/javascript/jquery_tools/datebox.css HTTP/1.1" 304 -
114.86.187.76 - - [21/Apr/2021:09:16:01 +0800] "GET /xingrg/css/site.css HTTP/1.1" 304 -
114.86.187.76 - - [21/Apr/2021:09:16:01 +0800] "GET /xingrg/javascript/jquery_tools/list_manager.js HTTP/1.1" 304 -
114.86.187.76 - - [21/Apr/2021:09:16:01 +0800] "GET /xingrg/javascript/easyui/themes/default/easyui.css HTTP/1.1" 304 -
114.86.187.76 - - [21/Apr/2021:09:16:01 +0800] "GET /xingrg/javascript/auto/jquery.autocomplete.js HTTP/1.1" 304 -
114.86.187.76 - - [21/Apr/2021:09:16:01 +0800] "GET /xingrg/javascript/easyui/themes/icon.css HTTP/1.1" 304 -
124.77.71.179 - - [21/Apr/2021:09:16:01 +0800] "GET /xingrg/all/function/internal_message.html?_=1618967757715&CODE_STATE=getMsg HTTP/1.1" 200 27
114.86.187.76 - - [21/Apr/2021:09:16:01 +0800] "GET /xingrg/javascript/auto/jquery.autocomplete.css HTTP/1.1" 304 -
114.86.187.76 - - [21/Apr/2021:09:16:01 +0800] "GET /xingrg/javascript/jquery_tools/fix.css HTTP/1.1" 304 -
114.86.187.76 - - [21/Apr/2021:09:16:01 +0800] "GET /xingrg/javascript/jquery.cookie.js HTTP/1.1" 304 -
114.86.187.76 - - [21/Apr/2021:09:16:01 +0800] "GET /xingrg/javascript/jquery_tools/table.css HTTP/1.1" 304 -
114.86.187.76 - - [21/Apr/2021:09:16:01 +0800] "GET /xingrg/javascript/print/LodopFuncs.js HTTP/1.1" 304 -
114.86.187.76 - - [21/Apr/2021:09:16:01 +0800] "GET /xingrg/javascript/jquery_tools/jquery.tools.min.js HTTP/1.1" 304 -
114.86.187.76 - - [21/Apr/2021:09:16:01 +0800] "GET /xingrg/javascript/jquery.utils.js HTTP/1.1" 304 -
114.86.187.76 - - [21/Apr/2021:09:16:01 +0800] "GET /xingrg/javascript/easyui/easyloader.js HTTP/1.1" 304 -
114.86.187.76 - - [21/Apr/2021:09:16:01 +0800] "GET /xingrg/javascript/easyui/plugins/jquery.parser.js HTTP/1.1" 304 -
101.93.222.235 - - [21/Apr/2021:09:16:01 +0800] "POST /xingrg/services/DataTransmitService HTTP/1.1" 200 501
116.230.114.112 - - [21/Apr/2021:09:16:01 +0800] "GET /xingrg/all/function/internal_message.html?_=1618967771781&CODE_STATE=getMsg HTTP/1.1" 200 27
101.93.222.235 - - [21/Apr/2021:09:16:01 +0800] "POST /xingrg/services/DataTransmitService HTTP/1.1" 200 501
114.86.231.92 - - [21/Apr/2021:09:16:02 +0800] "GET /xingrg/all/function/internal_message.html?_=1618967768894&CODE_STATE=getMsg HTTP/1.1" 200 27
114.86.187.76 - - [21/Apr/2021:09:16:02 +0800] "POST /xingrg/kc/buy/cgsh_list_operate.html HTTP/1.1" 200 1680
101.93.222.235 - - [21/Apr/2021:09:16:03 +0800] "POST /xingrg/services/DataTransmitService HTTP/1.1" 200 501
114.86.187.76 - - [21/Apr/2021:09:16:03 +0800] "GET /xingrg/css/base.css HTTP/1.1" 304 -
114.86.187.76 - - [21/Apr/2021:09:16:03 +0800] "GET /xingrg/css/site.css HTTP/1.1" 304 -
114.86.187.76 - - [21/Apr/2021:09:16:03 +0800] "GET /xingrg/javascript/easyui/themes/icon.css HTTP/1.1" 304 -
114.86.187.76 - - [21/Apr/2021:09:16:03 +0800] "GET /xingrg/javascript/jquery_tools/datebox.css HTTP/1.1" 304 -
114.86.187.76 - - [21/Apr/2021:09:16:03 +0800] "GET /xingrg/javascript/easyui/themes/default/easyui.css HTTP/1.1" 304 -
114.86.187.76 - - [21/Apr/2021:09:16:03 +0800] "GET /xingrg/javascript/jquery_tools/fix.css HTTP/1.1" 304 -
114.86.187.76 - - [21/Apr/2021:09:16:03 +0800] "GET /xingrg/javascript/auto/jquery.autocomplete.css HTTP/1.1" 304 -
114.86.187.76 - - [21/Apr/2021:09:16:03 +0800] "GET /xingrg/javascript/pic_change.js HTTP/1.1" 304 -
114.86.187.76 - - [21/Apr/2021:09:16:03 +0800] "GET /xingrg/javascript/jquery_tools/jquery.tools.extend.js HTTP/1.1" 304 -
114.86.187.76 - - [21/Apr/2021:09:16:03 +0800] "GET /xingrg/javascript/jquery_tools/jquery.tools.min.js HTTP/1.1" 304 -
114.86.187.76 - - [21/Apr/2021:09:16:03 +0800] "GET /xingrg/javascript/jquery_tools/table.css HTTP/1.1" 304 -
114.86.187.76 - - [21/Apr/2021:09:16:03 +0800] "GET /xingrg/javascript/auto/jquery.autocomplete.js HTTP/1.1" 304 -
114.86.187.76 - - [21/Apr/2021:09:16:03 +0800] "GET /xingrg/javascript/jquery_tools/jquery.tools.hotkey.js HTTP/1.1" 304 -
114.86.187.76 - - [21/Apr/2021:09:16:03 +0800] "GET /xingrg/javascript/jquery_tools/jquery.tools.table.js HTTP/1.1" 304 -
114.86.187.76 - - [21/Apr/2021:09:16:03 +0800] "GET /xingrg/javascript/jquery_tools/order_manager.js HTTP/1.1" 304 -
114.86.187.76 - - [21/Apr/2021:09:16:03 +0800] "GET /xingrg/javascript/jquery.utils.js HTTP/1.1" 304 -
114.86.187.76 - - [21/Apr/2021:09:16:03 +0800] "GET /xingrg/javascript/easyui/easyloader.js HTTP/1.1" 304 -
114.86.187.76 - - [21/Apr/2021:09:16:03 +0800] "GET /xingrg/javascript/convert.js HTTP/1.1" 304 -
114.86.187.76 - - [21/Apr/2021:09:16:03 +0800] "GET /xingrg/javascript/json2.js HTTP/1.1" 304 -
114.86.187.76 - - [21/Apr/2021:09:16:03 +0800] "GET /xingrg/javascript/jquery.cookie.js HTTP/1.1" 304 -
114.86.187.76 - - [21/Apr/2021:09:16:03 +0800] "GET /xingrg/kc/buy/cgsh_order_add.html HTTP/1.1" 200 62148
114.86.187.76 - - [21/Apr/2021:09:16:03 +0800] "GET /xingrg/javascript/print/LodopFuncs.js HTTP/1.1" 304 -
114.86.187.76 - - [21/Apr/2021:09:16:03 +0800] "GET /xingrg/javascript/print/kc_print.js HTTP/1.1" 304 -
114.86.187.76 - - [21/Apr/2021:09:16:03 +0800] "GET /xingrg/words/20210420115334_words.js HTTP/1.1" 304 -
114.86.187.76 - - [21/Apr/2021:09:16:03 +0800] "GET /xingrg/javascript/easyui/plugins/jquery.parser.js HTTP/1.1" 304 -
114.86.187.76 - - [21/Apr/2021:09:16:03 +0800] "GET /xingrg/all/common/auto_word.html?type=employee&rest_code=00148 HTTP/1.1" 200 197
114.86.187.76 - - [21/Apr/2021:09:16:03 +0800] "GET /xingrg/all/common/auto_word.html?type=employee&rest_code=00148 HTTP/1.1" 200 197
114.86.187.76 - - [21/Apr/2021:09:16:03 +0800] "GET /xingrg/javascript/easyui/themes/default/validatebox.css HTTP/1.1" 404 1104
114.86.187.76 - - [21/Apr/2021:09:16:03 +0800] "GET /xingrg/javascript/easyui/plugins/jquery.validatebox.js HTTP/1.1" 304 -
114.86.187.76 - - [21/Apr/2021:09:16:03 +0800] "GET /xingrg/javascript/easyui/plugins/jquery.numberbox.js HTTP/1.1" 304 -
114.86.187.76 - - [21/Apr/2021:09:16:03 +0800] "POST /xingrg/kc/buy/cgsh_order_operate.html HTTP/1.1" 200 8245
101.93.222.235 - - [21/Apr/2021:09:16:04 +0800] "POST /xingrg/services/DataTransmitService HTTP/1.1" 200 501
101.93.222.235 - - [21/Apr/2021:09:16:04 +0800] "POST /xingrg/services/DataTransmitService HTTP/1.1" 200 501
101.93.222.235 - - [21/Apr/2021:09:16:04 +0800] "POST /xingrg/services/DataTransmitService HTTP/1.1" 200 501
117.185.32.26 - - [21/Apr/2021:09:16:04 +0800] "POST /xingrg/kc/buy/cgsh_list_operate.html HTTP/1.1" 200 563
101.93.222.235 - - [21/Apr/2021:09:16:04 +0800] "POST /xingrg/services/DataTransmitService HTTP/1.1" 200 501
101.93.222.235 - - [21/Apr/2021:09:16:05 +0800] "POST /xingrg/services/DataTransmitService HTTP/1.1" 200 501
101.93.222.235 - - [21/Apr/2021:09:16:05 +0800] "POST /xingrg/services/DataTransmitService HTTP/1.1" 200 501
116.230.114.112 - - [21/Apr/2021:09:16:05 +0800] "GET /xingrg/kc/buy/cgsh_order_operate.html?command=get_materiel&rest_code=00146&code=00101008264&supplier_code=00100005&order_time=2021-04-21 HTTP/1.1" 200 412
114.86.187.76 - - [21/Apr/2021:09:16:05 +0800] "GET /xingrg/javascript/pic_change.js HTTP/1.1" 304 -
114.86.187.76 - - [21/Apr/2021:09:16:05 +0800] "GET /xingrg/javascript/jquery_tools/jquery.tools.min.js HTTP/1.1" 304 -
114.86.187.76 - - [21/Apr/2021:09:16:05 +0800] "GET /xingrg/javascript/jquery_tools/jquery.tools.extend.js HTTP/1.1" 304 -
114.86.187.76 - - [21/Apr/2021:09:16:05 +0800] "GET /xingrg/javascript/jquery_tools/jquery.tools.hotkey.js HTTP/1.1" 304 -
114.86.187.76 - - [21/Apr/2021:09:16:05 +0800] "GET /xingrg/javascript/jquery_tools/jquery.tools.table.js HTTP/1.1" 304 -
114.86.187.76 - - [21/Apr/2021:09:16:05 +0800] "GET /xingrg/javascript/auto/jquery.autocomplete.js HTTP/1.1" 304 -
114.86.187.76 - - [21/Apr/2021:09:16:05 +0800] "GET /xingrg/javascript/easyui/easyloader.js HTTP/1.1" 304 -
114.86.187.76 - - [21/Apr/2021:09:16:05 +0800] "GET /xingrg/javascript/jquery.utils.js HTTP/1.1" 304 -
114.86.187.76 - - [21/Apr/2021:09:16:05 +0800] "GET /xingrg/javascript/jquery_tools/order_manager.js HTTP/1.1" 304 -
114.86.187.76 - - [21/Apr/2021:09:16:05 +0800] "GET /xingrg/javascript/jquery.cookie.js HTTP/1.1" 304 -
114.86.187.76 - - [21/Apr/2021:09:16:05 +0800] "GET /xingrg/javascript/print/kc_print.js HTTP/1.1" 304 -
114.86.187.76 - - [21/Apr/2021:09:16:05 +0800] "GET /xingrg/javascript/json2.js HTTP/1.1" 304 -
114.86.187.76 - - [21/Apr/2021:09:16:05 +0800] "GET /xingrg/javascript/easyui/plugins/jquery.parser.js HTTP/1.1" 304 -
114.86.187.76 - - [21/Apr/2021:09:16:05 +0800] "GET /xingrg/javascript/print/LodopFuncs.js HTTP/1.1" 304 -
114.86.187.76 - - [21/Apr/2021:09:16:05 +0800] "GET /xingrg/javascript/easyui/plugins/jquery.validatebox.js HTTP/1.1" 304 -
114.86.187.76 - - [21/Apr/2021:09:16:05 +0800] "GET /xingrg/javascript/easyui/plugins/jquery.numberbox.js HTTP/1.1" 304 -
114.86.187.76 - - [21/Apr/2021:09:16:05 +0800] "GET /xingrg/words/20210420115334_words.js HTTP/1.1" 304 -
114.86.187.76 - - [21/Apr/2021:09:16:06 +0800] "GET /xingrg/javascript/convert.js HTTP/1.1" 304 -
101.93.222.235 - - [21/Apr/2021:09:16:06 +0800] "POST /xingrg/services/DataTransmitService HTTP/1.1" 200 501
117.185.32.26 - - [21/Apr/2021:09:16:06 +0800] "GET /xingrg/all/function/internal_message.html?_=1618967765380&CODE_STATE=getMsg HTTP/1.1" 200 27
117.185.32.26 - - [21/Apr/2021:09:16:06 +0800] "GET /xingrg/kc/buy/cgsh_order_info.html?code=212021041505976 HTTP/1.1" 200 57315
117.185.32.26 - - [21/Apr/2021:09:16:07 +0800] "GET /xingrg/javascript/easyui/themes/default/validatebox.css HTTP/1.1" 404 1104
