180.169.147.146 - - [21/Apr/2021:10:46:41 +0800] "GET /xingrg/kc/buy/cgsh_order_operate.html?command=get_materiel&rest_code=00147&code=00101008036&supplier_code=00100007&order_time=2021-04-21 HTTP/1.1" 200 408
114.83.220.63 - - [21/Apr/2021:10:46:41 +0800] "GET /xingrg/words/20210420115334_words.js HTTP/1.1" 304 -
114.83.220.63 - - [21/Apr/2021:10:46:41 +0800] "GET /xingrg/javascript/easyui/themes/default/validatebox.css HTTP/1.1" 404 1104
114.83.220.63 - - [21/Apr/2021:10:46:42 +0800] "POST /xingrg/kc/buy/cgsh_order_operate.html HTTP/1.1" 200 28374
180.169.147.146 - - [21/Apr/2021:10:46:44 +0800] "GET /xingrg/all/function/internal_message.html?_=1618973204857&CODE_STATE=getMsg HTTP/1.1" 200 27
61.165.42.208 - - [21/Apr/2021:10:46:45 +0800] "POST /xingrg/kc/buy/cgsh_order_operate.html HTTP/1.1" 200 37
61.165.42.208 - - [21/Apr/2021:10:46:46 +0800] "POST /xingrg/kc/buy/cgsh_order_operate.html HTTP/1.1" 200 2658
61.165.42.208 - - [21/Apr/2021:10:46:47 +0800] "GET /xingrg/kc/print/load_data.html?order_code=212021042108735&kc_code=cgsh&condition= HTTP/1.1" 200 734
116.224.253.72 - - [21/Apr/2021:10:46:48 +0800] "GET /xingrg/all/function/internal_message.html?_=1618973209763&CODE_STATE=getMsg HTTP/1.1" 200 27
117.185.32.26 - - [21/Apr/2021:10:46:49 +0800] "POST /xingrg/kc/buy/cgsh_order_operate.html HTTP/1.1" 200 37
116.230.114.112 - - [21/Apr/2021:10:46:49 +0800] "GET /xingrg/all/function/internal_message.html?_=1618973218827&CODE_STATE=getMsg HTTP/1.1" 302 -
117.185.32.26 - - [21/Apr/2021:10:46:51 +0800] "POST /xingrg/kc/buy/cgsh_order_operate.html HTTP/1.1" 200 12
61.165.42.208 - - [21/Apr/2021:10:46:51 +0800] "GET /xingrg/kc/buy/cgsh_order_add.html HTTP/1.1" 200 62195
61.165.42.208 - - [21/Apr/2021:10:46:51 +0800] "GET /xingrg/javascript/easyui/themes/default/validatebox.css HTTP/1.1" 404 1104
61.165.42.208 - - [21/Apr/2021:10:46:51 +0800] "POST /xingrg/kc/buy/cgsh_order_operate.html HTTP/1.1" 200 8245
180.169.147.146 - - [21/Apr/2021:10:46:52 +0800] "GET /xingrg/kc/buy/cgsh_order_operate.html?command=get_materiel&rest_code=00147&code=00101008296&supplier_code=00100007&order_time=2021-04-21 HTTP/1.1" 200 416
114.83.220.63 - - [21/Apr/2021:10:46:52 +0800] "GET /xingrg/kc/print/load_data.html?order_code=212021042108734&kc_code=cgsh&condition= HTTP/1.1" 200 11243
58.221.95.50 - - [21/Apr/2021:10:46:52 +0800] "GET /xingrg/all/function/internal_message.html?_=1618973213116&CODE_STATE=getMsg HTTP/1.1" 200 27
117.185.32.26 - - [21/Apr/2021:10:46:53 +0800] "GET /xingrg/kc/buy/cgsh_order_info.html?code=212021042108736 HTTP/1.1" 200 57052
117.185.32.26 - - [21/Apr/2021:10:46:53 +0800] "GET /xingrg/javascript/easyui/themes/default/validatebox.css HTTP/1.1" 404 1104
117.185.32.26 - - [21/Apr/2021:10:46:53 +0800] "POST /xingrg/kc/buy/cgsh_order_operate.html HTTP/1.1" 200 610
117.185.32.26 - - [21/Apr/2021:10:46:56 +0800] "GET /xingrg/kc/print/load_data.html?order_code=212021042108736&kc_code=cgsh&condition= HTTP/1.1" 200 766
114.83.220.63 - - [21/Apr/2021:10:46:57 +0800] "GET /xingrg/all/function/internal_message.html?_=1618973217921&CODE_STATE=getMsg HTTP/1.1" 200 27
116.238.141.202 - - [21/Apr/2021:10:47:00 +0800] "GET /xingrg/check_reg.html?_=1618973499185 HTTP/1.1" 200 22
61.165.42.208 - - [21/Apr/2021:10:47:00 +0800] "GET /xingrg/kc/buy/cgsh_order_operate.html?command=get_materiel&rest_code=00105&code=00101002006&supplier_code=00100091&order_time=2021-04-21 HTTP/1.1" 200 434
180.169.147.146 - - [21/Apr/2021:10:47:01 +0800] "GET /xingrg/kc/buy/cgsh_order_operate.html?command=get_materiel&rest_code=00147&code=00101008318&supplier_code=00100007&order_time=2021-04-21 HTTP/1.1" 200 408
124.77.71.179 - - [21/Apr/2021:10:47:01 +0800] "GET /xingrg/all/function/internal_message.html?_=1618973218022&CODE_STATE=getMsg HTTP/1.1" 200 27
116.224.253.72 - - [21/Apr/2021:10:47:01 +0800] "GET /xingrg/check_reg.html?_=1618973207150 HTTP/1.1" 200 22
116.224.253.72 - - [21/Apr/2021:10:47:02 +0800] "GET /xingrg/all/function/internal_message.html?_=1618973208104&CODE_STATE=getMsg HTTP/1.1" 200 27
114.86.231.92 - - [21/Apr/2021:10:47:02 +0800] "GET /xingrg/all/function/internal_message.html?_=1618973229134&CODE_STATE=getMsg HTTP/1.1" 200 27
114.86.231.92 - - [21/Apr/2021:10:47:02 +0800] "GET /xingrg/check_reg.html?_=1618973229136 HTTP/1.1" 200 22
180.169.147.146 - - [21/Apr/2021:10:47:02 +0800] "POST /xingrg/kc/buy/cgsh_order_operate.html HTTP/1.1" 200 2065
116.230.114.112 - - [21/Apr/2021:10:47:04 +0800] "GET /xingrg/check_reg.html?_=1618973234770 HTTP/1.1" 200 22
117.185.32.26 - - [21/Apr/2021:10:47:05 +0800] "GET /xingrg/kc/buy/cgsh_order_add.html HTTP/1.1" 200 62148
117.185.32.26 - - [21/Apr/2021:10:47:06 +0800] "GET /xingrg/javascript/easyui/themes/default/validatebox.css HTTP/1.1" 404 1104
116.230.114.112 - - [21/Apr/2021:10:47:07 +0800] "GET /xingrg/all/function/internal_message.html?_=1618973237510&CODE_STATE=getMsg HTTP/1.1" 200 27
117.185.32.26 - - [21/Apr/2021:10:47:07 +0800] "POST /xingrg/kc/buy/cgsh_order_operate.html HTTP/1.1" 200 8245
117.185.32.26 - - [21/Apr/2021:10:47:07 +0800] "GET /xingrg/javascript/easyui/themes/default/tree.css HTTP/1.1" 404 1090
117.185.32.26 - - [21/Apr/2021:10:47:07 +0800] "POST /xingrg/all/common/load_tree.html?tree=supplier_tree_json&isDelete=1 HTTP/1.1" 200 54827
124.77.71.179 - - [21/Apr/2021:10:47:08 +0800] "GET /xingrg/kc/buy/cgsh_order_add.html HTTP/1.1" 200 62236
58.40.7.146 - - [21/Apr/2021:10:47:08 +0800] "GET /xingrg/all/function/internal_message.html?_=1618973229198&CODE_STATE=getMsg HTTP/1.1" 200 27
124.77.71.179 - - [21/Apr/2021:10:47:09 +0800] "GET /xingrg/javascript/easyui/themes/default/validatebox.css HTTP/1.1" 404 1104
124.77.71.179 - - [21/Apr/2021:10:47:09 +0800] "POST /xingrg/kc/buy/cgsh_order_operate.html HTTP/1.1" 200 8245
180.169.147.146 - - [21/Apr/2021:10:47:10 +0800] "GET /xingrg/kc/buy/cgsh_order_operate.html?command=get_materiel&rest_code=00147&code=00101008352&supplier_code=00100007&order_time=2021-04-21 HTTP/1.1" 200 412
114.83.220.63 - - [21/Apr/2021:10:47:11 +0800] "GET /xingrg/kc/mdqp/pssh_order_list.html HTTP/1.1" 200 18015
114.83.220.63 - - [21/Apr/2021:10:47:11 +0800] "POST /xingrg/kc/mdqp/pssh_list_operate.html HTTP/1.1" 200 5435
61.165.42.208 - - [21/Apr/2021:10:47:11 +0800] "GET /xingrg/kc/buy/cgsh_order_operate.html?command=get_materiel&rest_code=00105&code=00101002034&supplier_code=00100091&order_time=2021-04-21 HTTP/1.1" 200 429
114.86.187.76 - - [21/Apr/2021:10:47:11 +0800] "GET /xingrg/all/function/internal_message.html?_=1618973232048&CODE_STATE=getMsg HTTP/1.1" 200 27
114.83.220.63 - - [21/Apr/2021:10:47:12 +0800] "POST /xingrg/kc/mdqp/pssh_list_operate.html HTTP/1.1" 200 256
180.169.147.146 - - [21/Apr/2021:10:47:12 +0800] "GET /xingrg/all/function/internal_message.html?_=1618973236679&CODE_STATE=getMsg HTTP/1.1" 200 27
114.83.220.63 - - [21/Apr/2021:10:47:12 +0800] "GET /xingrg/kc/mdqp/pssh_order_info.html?code=312021042000564 HTTP/1.1" 200 17272
114.83.220.63 - - [21/Apr/2021:10:47:12 +0800] "GET /xingrg/javascript/jquery_tools/jquery-1.4.2.min.js HTTP/1.1" 404 1094
114.83.220.63 - - [21/Apr/2021:10:47:12 +0800] "GET /xingrg/javascript/easyui/themes/icons/back_new.png HTTP/1.1" 200 3414
114.83.220.63 - - [21/Apr/2021:10:47:12 +0800] "POST /xingrg/kc/mdqp/pssh_order_operate.html HTTP/1.1" 200 525
114.83.220.63 - - [21/Apr/2021:10:47:12 +0800] "GET /xingrg/all/common/auto_word.html?type=base&rest_code=00149&rest_code=00149 HTTP/1.1" 200 1811
114.83.220.63 - - [21/Apr/2021:10:47:12 +0800] "GET /xingrg/javascript/easyui/themes/default/validatebox.css HTTP/1.1" 404 1104
180.169.147.146 - - [21/Apr/2021:10:47:14 +0800] "GET /xingrg/all/function/internal_message.html?_=1618973234787&CODE_STATE=getMsg HTTP/1.1" 200 27
114.83.220.63 - - [21/Apr/2021:10:47:14 +0800] "POST /xingrg/all/common/load_combo.html?type=base&rest_code=00149 HTTP/1.1" 200 3236
124.77.71.179 - - [21/Apr/2021:10:47:15 +0800] "GET /xingrg/javascript/easyui/themes/default/tree.css HTTP/1.1" 404 1090
124.77.71.179 - - [21/Apr/2021:10:47:15 +0800] "POST /xingrg/all/common/load_tree.html?tree=supplier_tree_json&isDelete=1 HTTP/1.1" 200 54827
180.169.147.146 - - [21/Apr/2021:10:47:17 +0800] "GET /xingrg/all/function/internal_message.html?_=1618973237488&CODE_STATE=getMsg HTTP/1.1" 302 -
180.169.147.146 - - [21/Apr/2021:10:47:18 +0800] "GET /xingrg/all/function/internal_message.html?_=1618973236200&CODE_STATE=getMsg HTTP/1.1" 200 27
180.169.147.146 - - [21/Apr/2021:10:47:18 +0800] "GET /xingrg/kc/buy/cgsh_order_operate.html?command=get_materiel&rest_code=00147&code=00101008005&supplier_code=00100007&order_time=2021-04-21 HTTP/1.1" 200 412
114.83.220.63 - - [21/Apr/2021:10:47:20 +0800] "POST /xingrg/all/common/load_combo.html?type=employee HTTP/1.1" 200 359
222.70.217.33 - - [21/Apr/2021:10:47:21 +0800] "GET /xingrg/check_reg.html?_=1618973241514 HTTP/1.1" 200 22
222.70.217.33 - - [21/Apr/2021:10:47:21 +0800] "GET /xingrg/all/function/internal_message.html?_=1618973241515&CODE_STATE=getMsg HTTP/1.1" 200 27
61.165.42.208 - - [21/Apr/2021:10:47:22 +0800] "POST /xingrg/kc/buy/cgsh_order_operate.html HTTP/1.1" 200 37
120.253.135.82 - - [21/Apr/2021:10:47:22 +0800] "GET /xingrg/all/function/internal_message.html?_=1618973022348&CODE_STATE=getMsg HTTP/1.1" 200 27
117.185.32.26 - - [21/Apr/2021:10:47:22 +0800] "GET /xingrg/all/function/internal_message.html?_=1618973767987&CODE_STATE=getMsg HTTP/1.1" 200 27
116.238.141.202 - - [21/Apr/2021:10:47:22 +0800] "GET /xingrg/all/function/internal_message.html?_=1618973522166&CODE_STATE=getMsg HTTP/1.1" 200 27
61.165.42.208 - - [21/Apr/2021:10:47:23 +0800] "POST /xingrg/kc/buy/cgsh_order_operate.html HTTP/1.1" 200 3252
61.165.42.208 - - [21/Apr/2021:10:47:24 +0800] "GET /xingrg/kc/print/load_data.html?order_code=212021042108737&kc_code=cgsh&condition= HTTP/1.1" 200 964
180.169.147.146 - - [21/Apr/2021:10:47:24 +0800] "GET /xingrg/all/function/internal_message.html?_=1618973250801&CODE_STATE=getMsg HTTP/1.1" 302 -
117.185.32.26 - - [21/Apr/2021:10:47:25 +0800] "GET /xingrg/kc/buy/cgsh_order_operate.html?command=get_materiel&rest_code=00106&code=00101001051&supplier_code=00100094&order_time=2021-04-21 HTTP/1.1" 200 424
114.83.220.63 - - [21/Apr/2021:10:47:27 +0800] "POST /xingrg/kc/mdqp/pssh_order_operate.html HTTP/1.1" 200 37
180.169.147.146 - - [21/Apr/2021:10:47:27 +0800] "GET /xingrg/kc/buy/cgsh_order_operate.html?command=get_materiel&rest_code=00147&code=00101008353&supplier_code=00100007&order_time=2021-04-21 HTTP/1.1" 200 408
116.238.141.202 - - [21/Apr/2021:10:47:27 +0800] "GET /xingrg/kc/buy/cgsh_order_list.html HTTP/1.1" 200 46410
114.83.220.63 - - [21/Apr/2021:10:47:27 +0800] "POST /xingrg/kc/mdqp/pssh_order_operate.html HTTP/1.1" 200 12
61.165.42.208 - - [21/Apr/2021:10:47:27 +0800] "GET /xingrg/kc/buy/cgsh_order_add.html HTTP/1.1" 200 62195
116.238.141.202 - - [21/Apr/2021:10:47:27 +0800] "GET /xingrg/javascript/easyui/themes/icons/check_new.png HTTP/1.1" 200 3224
116.238.141.202 - - [21/Apr/2021:10:47:27 +0800] "GET /xingrg/javascript/easyui/themes/icons/field_new.png HTTP/1.1" 200 1097
116.238.141.202 - - [21/Apr/2021:10:47:27 +0800] "GET /xingrg/javascript/easyui/themes/icons/import_new.png HTTP/1.1" 200 1247
61.165.42.208 - - [21/Apr/2021:10:47:27 +0800] "POST /xingrg/kc/buy/cgsh_order_operate.html HTTP/1.1" 200 8245
61.165.42.208 - - [21/Apr/2021:10:47:27 +0800] "GET /xingrg/javascript/easyui/themes/default/validatebox.css HTTP/1.1" 404 1104
116.238.141.202 - - [21/Apr/2021:10:47:28 +0800] "POST /xingrg/kc/buy/cgsh_list_operate.html HTTP/1.1" 200 876
114.83.220.63 - - [21/Apr/2021:10:47:28 +0800] "GET /xingrg/kc/mdqp/pssh_order_info.html?code=312021042000564 HTTP/1.1" 200 14388
114.83.220.63 - - [21/Apr/2021:10:47:28 +0800] "GET /xingrg/javascript/jquery_tools/jquery-1.4.2.min.js HTTP/1.1" 404 1094
114.83.220.63 - - [21/Apr/2021:10:47:28 +0800] "POST /xingrg/kc/mdqp/pssh_order_operate.html HTTP/1.1" 200 525
114.83.220.63 - - [21/Apr/2021:10:47:28 +0800] "GET /xingrg/javascript/easyui/themes/default/validatebox.css HTTP/1.1" 404 1104
116.238.141.202 - - [21/Apr/2021:10:47:29 +0800] "GET /xingrg/kc/buy/cgsh_order_add.html HTTP/1.1" 200 62107
116.238.141.202 - - [21/Apr/2021:10:47:30 +0800] "POST /xingrg/kc/buy/cgsh_order_operate.html HTTP/1.1" 200 8245
117.185.32.26 - - [21/Apr/2021:10:47:31 +0800] "GET /xingrg/all/function/internal_message.html?_=1618973250050&CODE_STATE=getMsg HTTP/1.1" 200 27
114.83.220.63 - - [21/Apr/2021:10:47:31 +0800] "GET /xingrg/kc/print/load_config.html?kc_code=pssh HTTP/1.1" 200 2290
114.83.220.63 - - [21/Apr/2021:10:47:31 +0800] "GET /xingrg/kc/print/load_data.html?order_code=312021042000564&kc_code=pssh&condition= HTTP/1.1" 200 653
116.238.141.202 - - [21/Apr/2021:10:47:33 +0800] "GET /xingrg/javascript/easyui/themes/default/validatebox.css HTTP/1.1" 404 1104
116.238.141.202 - - [21/Apr/2021:10:47:34 +0800] "GET /xingrg/javascript/easyui/themes/default/tree.css HTTP/1.1" 404 1090
58.37.228.113 - - [21/Apr/2021:10:47:34 +0800] "GET /xingrg/all/function/internal_message.html?_=1618973255792&CODE_STATE=getMsg HTTP/1.1" 200 27
116.238.141.202 - - [21/Apr/2021:10:47:34 +0800] "POST /xingrg/all/common/load_tree.html?tree=supplier_tree_json&isDelete=1 HTTP/1.1" 200 54827
180.169.147.146 - - [21/Apr/2021:10:47:37 +0800] "GET /xingrg/kc/buy/cgsh_order_operate.html?command=get_materiel&rest_code=00147&code=00101008229&supplier_code=00100007&order_time=2021-04-21 HTTP/1.1" 200 420
61.165.42.208 - - [21/Apr/2021:10:47:37 +0800] "GET /xingrg/kc/buy/cgsh_order_operate.html?command=get_materiel&rest_code=00105&code=00101002035&supplier_code=00100088&order_time=2021-04-21 HTTP/1.1" 200 416
114.88.160.164 - - [21/Apr/2021:10:47:37 +0800] "GET /xingrg/check_reg.html?_=1618973256591 HTTP/1.1" 200 22
61.165.42.208 - - [21/Apr/2021:10:47:38 +0800] "GET /xingrg/all/function/internal_message.html?_=1618973260604&CODE_STATE=getMsg HTTP/1.1" 200 27
114.88.160.164 - - [21/Apr/2021:10:47:39 +0800] "GET /xingrg/all/function/internal_message.html?_=1618973258432&CODE_STATE=getMsg HTTP/1.1" 200 27
180.162.112.81 - - [21/Apr/2021:10:47:40 +0800] "GET /xingrg/all/function/internal_message.html?_=1618973018700&CODE_STATE=getMsg HTTP/1.1" 200 27
180.169.147.146 - - [21/Apr/2021:10:47:44 +0800] "GET /xingrg/all/function/internal_message.html?_=1618973264848&CODE_STATE=getMsg HTTP/1.1" 200 27
180.169.147.146 - - [21/Apr/2021:10:47:46 +0800] "GET /xingrg/kc/buy/cgsh_order_operate.html?command=get_materiel&rest_code=00147&code=00101008242&supplier_code=00100007&order_time=2021-04-21 HTTP/1.1" 200 408
116.230.114.112 - - [21/Apr/2021:10:47:47 +0800] "GET /xingrg/check_reg.html?_=1618973276722 HTTP/1.1" 302 -
180.169.147.146 - - [21/Apr/2021:10:47:48 +0800] "POST /xingrg/kc/buy/cgsh_order_operate.html HTTP/1.1" 200 2065
116.224.253.72 - - [21/Apr/2021:10:47:48 +0800] "GET /xingrg/all/function/internal_message.html?_=1618973269763&CODE_STATE=getMsg HTTP/1.1" 200 27
117.185.32.26 - - [21/Apr/2021:10:47:48 +0800] "POST /xingrg/kc/buy/cgsh_order_operate.html HTTP/1.1" 200 37
116.230.114.112 - - [21/Apr/2021:10:47:49 +0800] "GET /xingrg/all/function/internal_message.html?_=1618973278840&CODE_STATE=getMsg HTTP/1.1" 302 -
117.185.32.26 - - [21/Apr/2021:10:47:51 +0800] "POST /xingrg/kc/buy/cgsh_order_operate.html HTTP/1.1" 200 12
58.221.95.50 - - [21/Apr/2021:10:47:52 +0800] "GET /xingrg/check_reg.html?_=1618973273128 HTTP/1.1" 200 22
58.221.95.50 - - [21/Apr/2021:10:47:52 +0800] "GET /xingrg/all/function/internal_message.html?_=1618973273130&CODE_STATE=getMsg HTTP/1.1" 200 27
117.185.32.26 - - [21/Apr/2021:10:47:52 +0800] "GET /xingrg/kc/buy/cgsh_order_info.html?code=212021042108738 HTTP/1.1" 200 57050
117.185.32.26 - - [21/Apr/2021:10:47:53 +0800] "GET /xingrg/javascript/easyui/themes/default/validatebox.css HTTP/1.1" 404 1104
117.185.32.26 - - [21/Apr/2021:10:47:53 +0800] "POST /xingrg/kc/buy/cgsh_order_operate.html HTTP/1.1" 200 621
117.185.32.26 - - [21/Apr/2021:10:47:55 +0800] "GET /xingrg/kc/print/load_data.html?order_code=212021042108738&kc_code=cgsh&condition= HTTP/1.1" 200 782
114.83.220.63 - - [21/Apr/2021:10:47:57 +0800] "GET /xingrg/all/function/internal_message.html?_=1618973277894&CODE_STATE=getMsg HTTP/1.1" 200 27
116.238.141.202 - - [21/Apr/2021:10:48:00 +0800] "GET /xingrg/kc/buy/cgsh_order_operate.html?command=get_materiel&rest_code=00102&code=00101009051&supplier_code=00100424&order_time=2021-04-21 HTTP/1.1" 200 409
124.77.71.179 - - [21/Apr/2021:10:48:01 +0800] "GET /xingrg/all/function/internal_message.html?_=1618973278034&CODE_STATE=getMsg HTTP/1.1" 200 27
124.77.71.179 - - [21/Apr/2021:10:48:01 +0800] "GET /xingrg/kc/buy/cgsh_order_operate.html?command=get_materiel&rest_code=00107&code=00101010161&supplier_code=00100041&order_time=2021-04-21 HTTP/1.1" 200 409
116.224.253.72 - - [21/Apr/2021:10:48:02 +0800] "GET /xingrg/all/function/internal_message.html?_=1618973268116&CODE_STATE=getMsg HTTP/1.1" 200 27
114.86.231.92 - - [21/Apr/2021:10:48:02 +0800] "GET /xingrg/all/function/internal_message.html?_=1618973289137&CODE_STATE=getMsg HTTP/1.1" 200 27
180.169.147.146 - - [21/Apr/2021:10:48:07 +0800] "GET /xingrg/kc/buy/cgsh_order_operate.html?command=get_materiel&rest_code=00147&code=00101013179&supplier_code=00100007&order_time=2021-04-21 HTTP/1.1" 200 412
116.230.114.112 - - [21/Apr/2021:10:48:07 +0800] "GET /xingrg/all/function/internal_message.html?_=1618973297525&CODE_STATE=getMsg HTTP/1.1" 200 27
58.40.7.146 - - [21/Apr/2021:10:48:08 +0800] "GET /xingrg/check_reg.html?_=1618973289212 HTTP/1.1" 200 22
58.40.7.146 - - [21/Apr/2021:10:48:08 +0800] "GET /xingrg/all/function/internal_message.html?_=1618973289214&CODE_STATE=getMsg HTTP/1.1" 200 27
114.86.187.76 - - [21/Apr/2021:10:48:11 +0800] "GET /xingrg/all/function/internal_message.html?_=1618973292057&CODE_STATE=getMsg HTTP/1.1" 200 27
180.169.147.146 - - [21/Apr/2021:10:48:12 +0800] "GET /xingrg/all/function/internal_message.html?_=1618973296682&CODE_STATE=getMsg HTTP/1.1" 200 27
180.169.147.146 - - [21/Apr/2021:10:48:14 +0800] "GET /xingrg/all/function/internal_message.html?_=1618973294800&CODE_STATE=getMsg HTTP/1.1" 200 27
61.165.42.208 - - [21/Apr/2021:10:48:15 +0800] "POST /xingrg/kc/buy/cgsh_order_operate.html HTTP/1.1" 200 37
61.165.42.208 - - [21/Apr/2021:10:48:16 +0800] "POST /xingrg/kc/buy/cgsh_order_operate.html HTTP/1.1" 200 2664
180.169.147.146 - - [21/Apr/2021:10:48:17 +0800] "GET /xingrg/all/function/internal_message.html?_=1618973297489&CODE_STATE=getMsg HTTP/1.1" 302 -
180.169.147.146 - - [21/Apr/2021:10:48:17 +0800] "GET /xingrg/kc/buy/cgsh_order_operate.html?command=get_materiel&rest_code=00147&code=00101008541&supplier_code=00100007&order_time=2021-04-21 HTTP/1.1" 200 395
61.165.42.208 - - [21/Apr/2021:10:48:17 +0800] "GET /xingrg/kc/print/load_data.html?order_code=212021042108739&kc_code=cgsh&condition= HTTP/1.1" 200 751
180.169.147.146 - - [21/Apr/2021:10:48:18 +0800] "GET /xingrg/all/function/internal_message.html?_=1618973296181&CODE_STATE=getMsg HTTP/1.1" 200 27
116.238.141.202 - - [21/Apr/2021:10:48:18 +0800] "GET /xingrg/kc/buy/cgsh_order_operate.html?command=get_materiel&rest_code=00102&code=00101009031&supplier_code=00100424&order_time=2021-04-21 HTTP/1.1" 200 408
222.70.217.33 - - [21/Apr/2021:10:48:21 +0800] "GET /xingrg/all/function/internal_message.html?_=1618973301516&CODE_STATE=getMsg HTTP/1.1" 200 27
61.165.42.208 - - [21/Apr/2021:10:48:21 +0800] "GET /xingrg/kc/buy/cgsh_order_add.html HTTP/1.1" 200 62195
61.165.42.208 - - [21/Apr/2021:10:48:21 +0800] "POST /xingrg/kc/buy/cgsh_order_operate.html HTTP/1.1" 200 8245
61.165.42.208 - - [21/Apr/2021:10:48:21 +0800] "GET /xingrg/javascript/easyui/themes/default/validatebox.css HTTP/1.1" 404 1104
120.253.135.82 - - [21/Apr/2021:10:48:22 +0800] "GET /xingrg/all/function/internal_message.html?_=1618973082363&CODE_STATE=getMsg HTTP/1.1" 200 27
117.185.32.26 - - [21/Apr/2021:10:48:22 +0800] "GET /xingrg/all/function/internal_message.html?_=1618973827981&CODE_STATE=getMsg HTTP/1.1" 200 27
116.238.141.202 - - [21/Apr/2021:10:48:23 +0800] "GET /xingrg/all/function/internal_message.html?_=1618973582179&CODE_STATE=getMsg HTTP/1.1" 200 27
180.169.147.146 - - [21/Apr/2021:10:48:24 +0800] "GET /xingrg/all/function/internal_message.html?_=1618973310801&CODE_STATE=getMsg HTTP/1.1" 302 -
116.238.141.202 - - [21/Apr/2021:10:48:27 +0800] "GET /xingrg/kc/buy/cgsh_order_operate.html?command=get_materiel&rest_code=00102&code=00101009011&supplier_code=00100424&order_time=2021-04-21 HTTP/1.1" 200 416
180.169.147.146 - - [21/Apr/2021:10:48:29 +0800] "GET /xingrg/kc/buy/cgsh_order_operate.html?command=get_materiel&rest_code=00147&code=00101008101&supplier_code=00100007&order_time=2021-04-21 HTTP/1.1" 200 412
117.185.32.26 - - [21/Apr/2021:10:48:30 +0800] "GET /xingrg/all/function/internal_message.html?_=1618973310026&CODE_STATE=getMsg HTTP/1.1" 200 27
61.165.42.208 - - [21/Apr/2021:10:48:31 +0800] "GET /xingrg/kc/buy/cgsh_order_operate.html?command=get_materiel&rest_code=00105&code=00101001060&supplier_code=00100442&order_time=2021-04-21 HTTP/1.1" 200 421
58.40.7.146 - - [21/Apr/2021:10:48:33 +0800] "POST /xingrg/services/DataTransmitService HTTP/1.1" 200 524
58.37.228.113 - - [21/Apr/2021:10:48:34 +0800] "GET /xingrg/all/function/internal_message.html?_=1618973315796&CODE_STATE=getMsg HTTP/1.1" 200 27
61.165.42.208 - - [21/Apr/2021:10:48:38 +0800] "GET /xingrg/all/function/internal_message.html?_=1618973320573&CODE_STATE=getMsg HTTP/1.1" 200 27
61.165.42.208 - - [21/Apr/2021:10:48:39 +0800] "GET /xingrg/check_reg.html?_=1618973321143 HTTP/1.1" 200 22
114.88.160.164 - - [21/Apr/2021:10:48:39 +0800] "GET /xingrg/all/function/internal_message.html?_=1618973318445&CODE_STATE=getMsg HTTP/1.1" 200 27
180.162.112.81 - - [21/Apr/2021:10:48:40 +0800] "GET /xingrg/all/function/internal_message.html?_=1618973078685&CODE_STATE=getMsg HTTP/1.1" 200 27
116.238.141.202 - - [21/Apr/2021:10:48:42 +0800] "GET /xingrg/kc/buy/cgsh_order_operate.html?command=get_materiel&rest_code=00102&code=00101009007&supplier_code=00100424&order_time=2021-04-21 HTTP/1.1" 200 408
61.165.42.208 - - [21/Apr/2021:10:48:42 +0800] "GET /xingrg/kc/buy/cgsh_order_operate.html?command=get_materiel&rest_code=00105&code=00101002007&supplier_code=00100442&order_time=2021-04-21 HTTP/1.1" 200 409
180.169.147.146 - - [21/Apr/2021:10:48:44 +0800] "GET /xingrg/all/function/internal_message.html?_=1618973324847&CODE_STATE=getMsg HTTP/1.1" 200 27
180.169.147.146 - - [21/Apr/2021:10:48:47 +0800] "GET /xingrg/kc/buy/cgsh_order_operate.html?command=get_materiel&rest_code=00147&code=00101008305&supplier_code=00100007&order_time=2021-04-21 HTTP/1.1" 200 412
116.224.253.72 - - [21/Apr/2021:10:48:48 +0800] "GET /xingrg/check_reg.html?_=1618973329769 HTTP/1.1" 200 22
116.224.253.72 - - [21/Apr/2021:10:48:48 +0800] "GET /xingrg/all/function/internal_message.html?_=1618973329773&CODE_STATE=getMsg HTTP/1.1" 200 27
116.230.114.112 - - [21/Apr/2021:10:48:49 +0800] "GET /xingrg/all/function/internal_message.html?_=1618973338856&CODE_STATE=getMsg HTTP/1.1" 302 -
124.77.71.179 - - [21/Apr/2021:10:48:50 +0800] "GET /xingrg/kc/buy/cgsh_order_operate.html?command=get_materiel&rest_code=00107&code=00101018019&supplier_code=00100041&order_time=2021-04-21 HTTP/1.1" 200 421
116.238.141.202 - - [21/Apr/2021:10:48:51 +0800] "GET /xingrg/kc/buy/cgsh_order_operate.html?command=get_materiel&rest_code=00102&code=00101009062&supplier_code=00100424&order_time=2021-04-21 HTTP/1.1" 200 412
58.221.95.50 - - [21/Apr/2021:10:48:52 +0800] "GET /xingrg/all/function/internal_message.html?_=1618973333145&CODE_STATE=getMsg HTTP/1.1" 200 27
61.165.42.208 - - [21/Apr/2021:10:48:57 +0800] "POST /xingrg/kc/buy/cgsh_order_operate.html HTTP/1.1" 200 37
114.83.220.63 - - [21/Apr/2021:10:48:57 +0800] "GET /xingrg/all/function/internal_message.html?_=1618973337878&CODE_STATE=getMsg HTTP/1.1" 200 27
61.165.42.208 - - [21/Apr/2021:10:48:58 +0800] "POST /xingrg/kc/buy/cgsh_order_operate.html HTTP/1.1" 200 3255
61.165.42.208 - - [21/Apr/2021:10:48:59 +0800] "GET /xingrg/kc/print/load_data.html?order_code=212021042108740&kc_code=cgsh&condition= HTTP/1.1" 200 902
180.169.147.146 - - [21/Apr/2021:10:49:01 +0800] "GET /xingrg/kc/buy/cgsh_order_operate.html?command=get_materiel&rest_code=00147&code=00101008297&supplier_code=00100007&order_time=2021-04-21 HTTP/1.1" 200 412
124.77.71.179 - - [21/Apr/2021:10:49:01 +0800] "GET /xingrg/all/function/internal_message.html?_=1618973338026&CODE_STATE=getMsg HTTP/1.1" 200 27
124.77.71.179 - - [21/Apr/2021:10:49:02 +0800] "GET /xingrg/kc/buy/cgsh_order_operate.html?command=get_materiel&rest_code=00107&code=00101001010&supplier_code=00100041&order_time=2021-04-21 HTTP/1.1" 200 409
116.224.253.72 - - [21/Apr/2021:10:49:02 +0800] "GET /xingrg/all/function/internal_message.html?_=1618973328130&CODE_STATE=getMsg HTTP/1.1" 200 27
61.165.42.208 - - [21/Apr/2021:10:49:02 +0800] "GET /xingrg/kc/buy/cgsh_order_add.html HTTP/1.1" 200 62195
114.86.231.92 - - [21/Apr/2021:10:49:02 +0800] "GET /xingrg/all/function/internal_message.html?_=1618973349142&CODE_STATE=getMsg HTTP/1.1" 200 27
180.169.147.146 - - [21/Apr/2021:10:49:02 +0800] "POST /xingrg/kc/buy/cgsh_order_operate.html HTTP/1.1" 200 2065
61.165.42.208 - - [21/Apr/2021:10:49:02 +0800] "POST /xingrg/kc/buy/cgsh_order_operate.html HTTP/1.1" 200 8245
61.165.42.208 - - [21/Apr/2021:10:49:02 +0800] "GET /xingrg/javascript/easyui/themes/default/validatebox.css HTTP/1.1" 404 1104
116.230.114.112 - - [21/Apr/2021:10:49:07 +0800] "GET /xingrg/all/function/internal_message.html?_=1618973357538&CODE_STATE=getMsg HTTP/1.1" 200 27
58.40.7.146 - - [21/Apr/2021:10:49:08 +0800] "GET /xingrg/all/function/internal_message.html?_=1618973349213&CODE_STATE=getMsg HTTP/1.1" 200 27
180.169.147.146 - - [21/Apr/2021:10:49:09 +0800] "GET /xingrg/kc/buy/cgsh_order_operate.html?command=get_materiel&rest_code=00147&code=00101008182&supplier_code=00100007&order_time=2021-04-21 HTTP/1.1" 200 432
114.86.187.76 - - [21/Apr/2021:10:49:09 +0800] "GET /xingrg/check_reg.html?_=1618973349858 HTTP/1.1" 200 22
180.169.147.146 - - [21/Apr/2021:10:49:10 +0800] "GET /favicon.ico HTTP/1.1" 404 -
114.86.187.76 - - [21/Apr/2021:10:49:11 +0800] "GET /xingrg/all/function/internal_message.html?_=1618973352071&CODE_STATE=getMsg HTTP/1.1" 200 27
180.169.147.146 - - [21/Apr/2021:10:49:12 +0800] "GET /xingrg/check_reg.html?_=1618973356683 HTTP/1.1" 200 22
180.169.147.146 - - [21/Apr/2021:10:49:12 +0800] "GET /xingrg/all/function/internal_message.html?_=1618973356687&CODE_STATE=getMsg HTTP/1.1" 200 27
180.169.147.146 - - [21/Apr/2021:10:49:14 +0800] "GET /xingrg/all/function/internal_message.html?_=1618973354791&CODE_STATE=getMsg HTTP/1.1" 200 27
180.169.147.146 - - [21/Apr/2021:10:49:14 +0800] "GET /xingrg/check_reg.html?_=1618973354792 HTTP/1.1" 200 22
180.169.147.146 - - [21/Apr/2021:10:49:17 +0800] "GET /xingrg/all/function/internal_message.html?_=1618973357489&CODE_STATE=getMsg HTTP/1.1" 302 -
180.169.147.146 - - [21/Apr/2021:10:49:17 +0800] "GET /xingrg/check_reg.html?_=1618973357494 HTTP/1.1" 302 -
117.131.5.26 - - [21/Apr/2021:10:49:17 +0800] "POST /xingrg/services/DataTransmitService HTTP/1.1" 200 524
61.165.42.208 - - [21/Apr/2021:10:49:17 +0800] "GET /xingrg/kc/buy/cgsh_order_operate.html?command=get_materiel&rest_code=00105&code=00101001040&supplier_code=00100319&order_time=2021-04-21 HTTP/1.1" 200 415
180.169.147.146 - - [21/Apr/2021:10:49:17 +0800] "GET /xingrg/kc/buy/cgsh_order_operate.html?command=get_materiel&rest_code=00147&code=00101008062&supplier_code=00100007&order_time=2021-04-21 HTTP/1.1" 200 408
180.169.147.146 - - [21/Apr/2021:10:49:18 +0800] "GET /xingrg/all/function/internal_message.html?_=1618973356182&CODE_STATE=getMsg HTTP/1.1" 200 27
222.70.217.33 - - [21/Apr/2021:10:49:21 +0800] "GET /xingrg/all/function/internal_message.html?_=1618973361519&CODE_STATE=getMsg HTTP/1.1" 200 27
120.253.135.82 - - [21/Apr/2021:10:49:22 +0800] "GET /xingrg/all/function/internal_message.html?_=1618973142394&CODE_STATE=getMsg HTTP/1.1" 200 27
117.185.32.26 - - [21/Apr/2021:10:49:22 +0800] "GET /xingrg/all/function/internal_message.html?_=1618973887991&CODE_STATE=getMsg HTTP/1.1" 200 27
116.238.141.202 - - [21/Apr/2021:10:49:23 +0800] "GET /xingrg/all/function/internal_message.html?_=1618973642352&CODE_STATE=getMsg HTTP/1.1" 200 27
180.169.147.146 - - [21/Apr/2021:10:49:24 +0800] "GET /xingrg/all/function/internal_message.html?_=1618973370801&CODE_STATE=getMsg HTTP/1.1" 302 -
116.238.141.202 - - [21/Apr/2021:10:49:29 +0800] "GET /xingrg/kc/buy/cgsh_order_operate.html?command=get_materiel&rest_code=00102&code=00101009013&supplier_code=00100424&order_time=2021-04-21 HTTP/1.1" 200 421
180.169.147.146 - - [21/Apr/2021:10:49:29 +0800] "GET /xingrg/kc/buy/cgsh_order_operate.html?command=get_materiel&rest_code=00147&code=00101008290&supplier_code=00100007&order_time=2021-04-21 HTTP/1.1" 200 416
117.185.32.26 - - [21/Apr/2021:10:49:30 +0800] "GET /xingrg/all/function/internal_message.html?_=1618973369996&CODE_STATE=getMsg HTTP/1.1" 200 27
124.77.71.179 - - [21/Apr/2021:10:49:34 +0800] "POST /xingrg/kc/buy/cgsh_order_operate.html HTTP/1.1" 200 37
58.37.228.113 - - [21/Apr/2021:10:49:34 +0800] "GET /xingrg/all/function/internal_message.html?_=1618973375794&CODE_STATE=getMsg HTTP/1.1" 200 27
124.77.71.179 - - [21/Apr/2021:10:49:36 +0800] "POST /xingrg/kc/buy/cgsh_order_operate.html HTTP/1.1" 200 3842
124.77.71.179 - - [21/Apr/2021:10:49:37 +0800] "GET /xingrg/kc/print/load_data.html?order_code=212021042108741&kc_code=cgsh&condition= HTTP/1.1" 200 1132
61.165.42.208 - - [21/Apr/2021:10:49:38 +0800] "GET /xingrg/all/function/internal_message.html?_=1618973380543&CODE_STATE=getMsg HTTP/1.1" 200 27
180.169.147.146 - - [21/Apr/2021:10:49:38 +0800] "GET /xingrg/kc/buy/cgsh_order_operate.html?command=get_materiel&rest_code=00147&code=00101008223&supplier_code=00100007&order_time=2021-04-21 HTTP/1.1" 200 412
114.88.160.164 - - [21/Apr/2021:10:49:39 +0800] "GET /xingrg/all/function/internal_message.html?_=1618973378458&CODE_STATE=getMsg HTTP/1.1" 200 27
180.162.112.81 - - [21/Apr/2021:10:49:40 +0800] "GET /xingrg/all/function/internal_message.html?_=1618973138685&CODE_STATE=getMsg HTTP/1.1" 200 27
124.77.71.179 - - [21/Apr/2021:10:49:41 +0800] "GET /xingrg/kc/buy/cgsh_order_add.html HTTP/1.1" 200 62236
124.77.71.179 - - [21/Apr/2021:10:49:42 +0800] "GET /xingrg/javascript/easyui/themes/default/validatebox.css HTTP/1.1" 404 1104
124.77.71.179 - - [21/Apr/2021:10:49:42 +0800] "POST /xingrg/kc/buy/cgsh_order_operate.html HTTP/1.1" 200 8245
124.77.71.179 - - [21/Apr/2021:10:49:43 +0800] "GET /xingrg/javascript/easyui/themes/default/tree.css HTTP/1.1" 404 1090
124.77.71.179 - - [21/Apr/2021:10:49:43 +0800] "POST /xingrg/all/common/load_tree.html?tree=supplier_tree_json&isDelete=1 HTTP/1.1" 200 54827
180.169.147.146 - - [21/Apr/2021:10:49:44 +0800] "GET /xingrg/all/function/internal_message.html?_=1618973384853&CODE_STATE=getMsg HTTP/1.1" 200 27
116.238.141.202 - - [21/Apr/2021:10:49:45 +0800] "GET /xingrg/kc/buy/cgsh_order_operate.html?command=get_materiel&rest_code=00102&code=00101009107&supplier_code=00100424&order_time=2021-04-21 HTTP/1.1" 200 415
61.165.42.208 - - [21/Apr/2021:10:49:47 +0800] "GET /xingrg/kc/buy/cgsh_order_operate.html?command=get_materiel&rest_code=00105&code=00101001140&supplier_code=00100319&order_time=2021-04-21 HTTP/1.1" 200 415
116.224.253.72 - - [21/Apr/2021:10:49:48 +0800] "GET /xingrg/all/function/internal_message.html?_=1618973389785&CODE_STATE=getMsg HTTP/1.1" 200 27
180.169.147.146 - - [21/Apr/2021:10:49:48 +0800] "GET /xingrg/kc/buy/cgsh_order_operate.html?command=get_materiel&rest_code=00147&code=00101009087&supplier_code=00100007&order_time=2021-04-21 HTTP/1.1" 200 395
116.230.114.112 - - [21/Apr/2021:10:49:49 +0800] "GET /xingrg/all/function/internal_message.html?_=1618973398868&CODE_STATE=getMsg HTTP/1.1" 302 -
58.221.95.50 - - [21/Apr/2021:10:49:52 +0800] "GET /xingrg/all/function/internal_message.html?_=1618973393149&CODE_STATE=getMsg HTTP/1.1" 200 27
180.169.147.146 - - [21/Apr/2021:10:49:56 +0800] "POST /xingrg/kc/buy/cgsh_order_operate.html HTTP/1.1" 200 2065
114.83.220.63 - - [21/Apr/2021:10:49:57 +0800] "GET /xingrg/all/function/internal_message.html?_=1618973397869&CODE_STATE=getMsg HTTP/1.1" 200 27
61.165.42.208 - - [21/Apr/2021:10:49:57 +0800] "GET /xingrg/kc/buy/cgsh_order_operate.html?command=get_materiel&rest_code=00105&code=00101001169&supplier_code=00100319&order_time=2021-04-21 HTTP/1.1" 200 415
116.238.141.202 - - [21/Apr/2021:10:49:58 +0800] "GET /xingrg/kc/buy/cgsh_order_operate.html?command=get_materiel&rest_code=00102&code=00101009112&supplier_code=00100424&order_time=2021-04-21 HTTP/1.1" 200 411
124.77.71.179 - - [21/Apr/2021:10:49:59 +0800] "GET /xingrg/kc/buy/cgsh_order_operate.html?command=get_materiel&rest_code=00107&code=00101002007&supplier_code=00100199&order_time=2021-04-21 HTTP/1.1" 200 409
116.230.114.112 - - [21/Apr/2021:10:50:01 +0800] "GET /xingrg/kc/buy/cgsh_order_add.html HTTP/1.1" 200 62154
124.77.71.179 - - [21/Apr/2021:10:50:01 +0800] "GET /xingrg/check_reg.html?_=1618973398057 HTTP/1.1" 200 22
124.77.71.179 - - [21/Apr/2021:10:50:01 +0800] "GET /xingrg/all/function/internal_message.html?_=1618973398102&CODE_STATE=getMsg HTTP/1.1" 200 27
116.230.114.112 - - [21/Apr/2021:10:50:02 +0800] "POST /xingrg/kc/buy/cgsh_order_operate.html HTTP/1.1" 200 8245
116.230.114.112 - - [21/Apr/2021:10:50:02 +0800] "GET /xingrg/javascript/easyui/themes/default/validatebox.css HTTP/1.1" 404 1104
116.224.253.72 - - [21/Apr/2021:10:50:02 +0800] "GET /xingrg/all/function/internal_message.html?_=1618973388152&CODE_STATE=getMsg HTTP/1.1" 200 27
114.86.231.92 - - [21/Apr/2021:10:50:02 +0800] "GET /xingrg/all/function/internal_message.html?_=1618973409145&CODE_STATE=getMsg HTTP/1.1" 200 27
116.230.114.112 - - [21/Apr/2021:10:50:07 +0800] "GET /xingrg/all/function/internal_message.html?_=1618973417552&CODE_STATE=getMsg HTTP/1.1" 200 27
58.40.7.146 - - [21/Apr/2021:10:50:08 +0800] "GET /xingrg/all/function/internal_message.html?_=1618973409213&CODE_STATE=getMsg HTTP/1.1" 200 27
61.165.42.208 - - [21/Apr/2021:10:50:09 +0800] "GET /xingrg/kc/buy/cgsh_order_operate.html?command=get_materiel&rest_code=00105&code=00101001044&supplier_code=00100319&order_time=2021-04-21 HTTP/1.1" 200 411
180.169.147.146 - - [21/Apr/2021:10:50:09 +0800] "GET /xingrg/kc/buy/cgsh_order_operate.html?command=get_materiel&rest_code=00147&code=00101008350&supplier_code=00100007&order_time=2021-04-21 HTTP/1.1" 200 408
116.238.141.202 - - [21/Apr/2021:10:50:10 +0800] "POST /xingrg/kc/buy/cgsh_order_operate.html HTTP/1.1" 200 75
114.86.187.76 - - [21/Apr/2021:10:50:11 +0800] "GET /xingrg/all/function/internal_message.html?_=1618973412084&CODE_STATE=getMsg HTTP/1.1" 200 27
180.169.147.146 - - [21/Apr/2021:10:50:12 +0800] "GET /xingrg/all/function/internal_message.html?_=1618973416674&CODE_STATE=getMsg HTTP/1.1" 200 27
120.253.135.82 - - [21/Apr/2021:10:50:12 +0800] "GET /xingrg/check_reg.html?_=1618973192546 HTTP/1.1" 200 22
180.169.147.146 - - [21/Apr/2021:10:50:14 +0800] "GET /xingrg/all/function/internal_message.html?_=1618973414805&CODE_STATE=getMsg HTTP/1.1" 200 27
180.169.147.146 - - [21/Apr/2021:10:50:17 +0800] "GET /xingrg/all/function/internal_message.html?_=1618973417480&CODE_STATE=getMsg HTTP/1.1" 302 -
124.77.71.179 - - [21/Apr/2021:10:50:17 +0800] "GET /xingrg/kc/buy/cgsh_order_operate.html?command=get_materiel&rest_code=00107&code=00101002006&supplier_code=00100199&order_time=2021-04-21 HTTP/1.1" 200 434
180.169.147.146 - - [21/Apr/2021:10:50:18 +0800] "GET /xingrg/all/function/internal_message.html?_=1618973416157&CODE_STATE=getMsg HTTP/1.1" 200 27
61.165.42.208 - - [21/Apr/2021:10:50:20 +0800] "POST /xingrg/kc/buy/cgsh_order_operate.html HTTP/1.1" 200 37
222.70.217.33 - - [21/Apr/2021:10:50:21 +0800] "GET /xingrg/all/function/internal_message.html?_=1618973421522&CODE_STATE=getMsg HTTP/1.1" 200 27
61.165.42.208 - - [21/Apr/2021:10:50:21 +0800] "POST /xingrg/kc/buy/cgsh_order_operate.html HTTP/1.1" 200 4447
180.169.147.146 - - [21/Apr/2021:10:50:22 +0800] "GET /xingrg/kc/buy/cgsh_order_operate.html?command=get_materiel&rest_code=00147&code=00101009011&supplier_code=00100007&order_time=2021-04-21 HTTP/1.1" 200 416
120.253.135.82 - - [21/Apr/2021:10:50:22 +0800] "GET /xingrg/all/function/internal_message.html?_=1618973202406&CODE_STATE=getMsg HTTP/1.1" 200 27
117.185.32.26 - - [21/Apr/2021:10:50:22 +0800] "GET /xingrg/check_reg.html?_=1618973947993 HTTP/1.1" 200 22
117.185.32.26 - - [21/Apr/2021:10:50:22 +0800] "GET /xingrg/all/function/internal_message.html?_=1618973947994&CODE_STATE=getMsg HTTP/1.1" 200 27
61.165.42.208 - - [21/Apr/2021:10:50:22 +0800] "GET /xingrg/kc/print/load_data.html?order_code=212021042108743&kc_code=cgsh&condition= HTTP/1.1" 200 1357
180.169.147.146 - - [21/Apr/2021:10:50:24 +0800] "GET /xingrg/all/function/internal_message.html?_=1618973430861&CODE_STATE=getMsg HTTP/1.1" 302 -
116.238.141.202 - - [21/Apr/2021:10:50:24 +0800] "GET /xingrg/all/function/internal_message.html?_=1618973704015&CODE_STATE=getMsg HTTP/1.1" 200 27
124.77.71.179 - - [21/Apr/2021:10:50:26 +0800] "POST /xingrg/kc/buy/cgsh_order_operate.html HTTP/1.1" 200 37
116.238.141.202 - - [21/Apr/2021:10:50:26 +0800] "POST /xingrg/kc/buy/cgsh_order_operate.html HTTP/1.1" 200 88
61.165.42.208 - - [21/Apr/2021:10:50:26 +0800] "GET /xingrg/kc/buy/cgsh_order_add.html HTTP/1.1" 200 62195
61.165.42.208 - - [21/Apr/2021:10:50:26 +0800] "POST /xingrg/kc/buy/cgsh_order_operate.html HTTP/1.1" 200 8245
61.165.42.208 - - [21/Apr/2021:10:50:27 +0800] "GET /xingrg/javascript/easyui/themes/default/validatebox.css HTTP/1.1" 404 1104
124.77.71.179 - - [21/Apr/2021:10:50:27 +0800] "POST /xingrg/kc/buy/cgsh_order_operate.html HTTP/1.1" 200 3252
116.230.114.112 - - [21/Apr/2021:10:50:28 +0800] "GET /xingrg/kc/buy/cgsh_order_operate.html?command=get_materiel&rest_code=00146&code=00101009062&supplier_code=00100023&order_time=2021-04-21 HTTP/1.1" 200 414
124.77.71.179 - - [21/Apr/2021:10:50:28 +0800] "GET /xingrg/kc/print/load_data.html?order_code=212021042108744&kc_code=cgsh&condition= HTTP/1.1" 200 901
180.169.147.146 - - [21/Apr/2021:10:50:30 +0800] "GET /xingrg/kc/buy/cgsh_order_operate.html?command=get_materiel&rest_code=00147&code=00101009015&supplier_code=00100007&order_time=2021-04-21 HTTP/1.1" 200 416
117.185.32.26 - - [21/Apr/2021:10:50:30 +0800] "GET /xingrg/all/function/internal_message.html?_=1618973429966&CODE_STATE=getMsg HTTP/1.1" 200 27
58.37.228.113 - - [21/Apr/2021:10:50:34 +0800] "GET /xingrg/all/function/internal_message.html?_=1618973435797&CODE_STATE=getMsg HTTP/1.1" 200 27
180.169.147.146 - - [21/Apr/2021:10:50:34 +0800] "GET /xingrg/check_reg.html?_=1618973432591 HTTP/1.1" 200 22
116.238.141.202 - - [21/Apr/2021:10:50:35 +0800] "POST /xingrg/kc/buy/cgsh_order_operate.html HTTP/1.1" 200 37
61.165.42.208 - - [21/Apr/2021:10:50:37 +0800] "GET /xingrg/kc/buy/cgsh_order_operate.html?command=get_materiel&rest_code=00105&code=00101008328&supplier_code=00100338&order_time=2021-04-21 HTTP/1.1" 200 410
61.165.42.208 - - [21/Apr/2021:10:50:38 +0800] "GET /xingrg/all/function/internal_message.html?_=1618973440524&CODE_STATE=getMsg HTTP/1.1" 200 27
180.162.112.81 - - [21/Apr/2021:10:50:40 +0800] "GET /xingrg/all/function/internal_message.html?_=1618973198686&CODE_STATE=getMsg HTTP/1.1" 200 27
180.162.112.81 - - [21/Apr/2021:10:50:40 +0800] "GET /xingrg/check_reg.html?_=1618973198704 HTTP/1.1" 200 22
114.88.160.164 - - [21/Apr/2021:10:50:40 +0800] "GET /xingrg/all/function/internal_message.html?_=1618973438785&CODE_STATE=getMsg HTTP/1.1" 200 27
180.169.147.146 - - [21/Apr/2021:10:50:41 +0800] "GET /xingrg/kc/buy/cgsh_order_operate.html?command=get_materiel&rest_code=00147&code=00101008558&supplier_code=00100007&order_time=2021-04-21 HTTP/1.1" 200 395
180.169.147.146 - - [21/Apr/2021:10:50:44 +0800] "GET /xingrg/all/function/internal_message.html?_=1618973444853&CODE_STATE=getMsg HTTP/1.1" 200 27
180.169.147.146 - - [21/Apr/2021:10:50:44 +0800] "GET /xingrg/check_reg.html?_=1618973444858 HTTP/1.1" 200 22
58.37.228.113 - - [21/Apr/2021:10:50:48 +0800] "POST /xingrg/kc/buy/cgsh_order_operate.html HTTP/1.1" 200 37
116.230.114.112 - - [21/Apr/2021:10:50:48 +0800] "GET /xingrg/kc/buy/cgsh_order_operate.html?command=get_materiel&rest_code=00146&code=00101009010&supplier_code=00100023&order_time=2021-04-21 HTTP/1.1" 200 414
116.224.253.72 - - [21/Apr/2021:10:50:48 +0800] "GET /xingrg/all/function/internal_message.html?_=1618973449785&CODE_STATE=getMsg HTTP/1.1" 200 27
116.230.114.112 - - [21/Apr/2021:10:50:49 +0800] "GET /xingrg/all/function/internal_message.html?_=1618973458883&CODE_STATE=getMsg HTTP/1.1" 302 -
61.165.42.208 - - [21/Apr/2021:10:50:50 +0800] "POST /xingrg/kc/buy/cgsh_order_operate.html HTTP/1.1" 200 37
61.165.42.208 - - [21/Apr/2021:10:50:52 +0800] "POST /xingrg/kc/buy/cgsh_order_operate.html HTTP/1.1" 200 2655
58.221.95.50 - - [21/Apr/2021:10:50:52 +0800] "GET /xingrg/all/function/internal_message.html?_=1618973453158&CODE_STATE=getMsg HTTP/1.1" 200 27
58.37.228.113 - - [21/Apr/2021:10:50:52 +0800] "POST /xingrg/kc/buy/cgsh_order_operate.html HTTP/1.1" 200 12
61.165.42.208 - - [21/Apr/2021:10:50:52 +0800] "GET /xingrg/kc/print/load_data.html?order_code=212021042108747&kc_code=cgsh&condition= HTTP/1.1" 200 672
58.37.228.113 - - [21/Apr/2021:10:50:53 +0800] "GET /xingrg/kc/buy/cgsh_order_info.html?code=212021042108706 HTTP/1.1" 200 57056
58.37.228.113 - - [21/Apr/2021:10:50:53 +0800] "GET /xingrg/javascript/easyui/themes/default/validatebox.css HTTP/1.1" 404 1104
58.37.228.113 - - [21/Apr/2021:10:50:54 +0800] "POST /xingrg/kc/buy/cgsh_order_operate.html HTTP/1.1" 200 30136
58.37.228.113 - - [21/Apr/2021:10:50:55 +0800] "GET /xingrg/kc/print/load_config.html?kc_code=cgsh HTTP/1.1" 200 1845
58.37.228.113 - - [21/Apr/2021:10:50:55 +0800] "GET /xingrg/kc/print/load_data.html?order_code=212021042108706&kc_code=cgsh&condition= HTTP/1.1" 200 11894
180.169.147.146 - - [21/Apr/2021:10:50:56 +0800] "POST /xingrg/kc/buy/cgsh_order_operate.html HTTP/1.1" 200 2065
114.83.220.63 - - [21/Apr/2021:10:50:57 +0800] "GET /xingrg/all/function/internal_message.html?_=1618973457851&CODE_STATE=getMsg HTTP/1.1" 200 27
114.83.220.63 - - [21/Apr/2021:10:50:58 +0800] "GET /xingrg/check_reg.html?_=1618973459371 HTTP/1.1" 200 22
124.77.71.179 - - [21/Apr/2021:10:51:01 +0800] "GET /xingrg/all/function/internal_message.html?_=1618973458078&CODE_STATE=getMsg HTTP/1.1" 200 27
116.224.253.72 - - [21/Apr/2021:10:51:02 +0800] "GET /xingrg/all/function/internal_message.html?_=1618973448157&CODE_STATE=getMsg HTTP/1.1" 200 27
58.37.228.113 - - [21/Apr/2021:10:51:02 +0800] "GET /xingrg/kc/buy/cgsh_order_add.html HTTP/1.1" 200 62154
114.86.231.92 - - [21/Apr/2021:10:51:02 +0800] "GET /xingrg/all/function/internal_message.html?_=1618973469148&CODE_STATE=getMsg HTTP/1.1" 200 27
58.37.228.113 - - [21/Apr/2021:10:51:02 +0800] "POST /xingrg/kc/buy/cgsh_order_operate.html HTTP/1.1" 200 8245
58.37.228.113 - - [21/Apr/2021:10:51:02 +0800] "GET /xingrg/all/common/auto_word.html?type=employee&rest_code=00141 HTTP/1.1" 200 201
58.37.228.113 - - [21/Apr/2021:10:51:02 +0800] "GET /xingrg/all/common/auto_word.html?type=employee&rest_code=00141 HTTP/1.1" 200 201
58.37.228.113 - - [21/Apr/2021:10:51:02 +0800] "GET /xingrg/javascript/easyui/themes/default/validatebox.css HTTP/1.1" 404 1104
180.169.147.146 - - [21/Apr/2021:10:51:03 +0800] "GET /xingrg/kc/buy/cgsh_order_operate.html?command=get_materiel&rest_code=00147&code=00101015038&supplier_code=00100007&order_time=2021-04-21 HTTP/1.1" 200 419
61.165.42.208 - - [21/Apr/2021:10:51:03 +0800] "GET /xingrg/kc/buy/cgsh_order_add.html HTTP/1.1" 200 62195
61.165.42.208 - - [21/Apr/2021:10:51:03 +0800] "POST /xingrg/kc/buy/cgsh_order_operate.html HTTP/1.1" 200 8245
61.165.42.208 - - [21/Apr/2021:10:51:03 +0800] "GET /xingrg/javascript/easyui/themes/default/validatebox.css HTTP/1.1" 404 1104
58.37.228.113 - - [21/Apr/2021:10:51:05 +0800] "GET /xingrg/javascript/jquery_tools/images/prev.gif HTTP/1.1" 404 1086
58.37.228.113 - - [21/Apr/2021:10:51:05 +0800] "GET /xingrg/javascript/jquery_tools/images/next.gif HTTP/1.1" 404 1086
116.230.114.112 - - [21/Apr/2021:10:51:06 +0800] "GET /xingrg/kc/buy/cgsh_order_operate.html?command=get_materiel&rest_code=00146&code=00101009118&supplier_code=00100023&order_time=2021-04-21 HTTP/1.1" 200 392
116.230.114.112 - - [21/Apr/2021:10:51:07 +0800] "GET /xingrg/all/function/internal_message.html?_=1618973477565&CODE_STATE=getMsg HTTP/1.1" 200 27
58.40.7.146 - - [21/Apr/2021:10:51:08 +0800] "GET /xingrg/all/function/internal_message.html?_=1618973469211&CODE_STATE=getMsg HTTP/1.1" 200 27
117.185.32.26 - - [21/Apr/2021:10:51:11 +0800] "GET /xingrg/kc/buy/cgsh_order_add.html HTTP/1.1" 200 62148
58.37.228.113 - - [21/Apr/2021:10:51:11 +0800] "GET /xingrg/kc/buy/cgsh_order_operate.html?command=get_materiel&rest_code=00141&code=00101007038&supplier_code=00100004&order_time=2021-04-21 HTTP/1.1" 200 421
117.185.32.26 - - [21/Apr/2021:10:51:11 +0800] "POST /xingrg/kc/buy/cgsh_order_operate.html HTTP/1.1" 200 8245
117.185.32.26 - - [21/Apr/2021:10:51:11 +0800] "GET /xingrg/javascript/easyui/themes/default/validatebox.css HTTP/1.1" 404 1104
114.86.187.76 - - [21/Apr/2021:10:51:11 +0800] "GET /xingrg/all/function/internal_message.html?_=1618973472098&CODE_STATE=getMsg HTTP/1.1" 200 27
180.169.147.146 - - [21/Apr/2021:10:51:12 +0800] "GET /xingrg/all/function/internal_message.html?_=1618973476682&CODE_STATE=getMsg HTTP/1.1" 200 27
117.185.32.26 - - [21/Apr/2021:10:51:13 +0800] "GET /xingrg/javascript/easyui/themes/default/tree.css HTTP/1.1" 404 1090
117.185.32.26 - - [21/Apr/2021:10:51:13 +0800] "POST /xingrg/all/common/load_tree.html?tree=supplier_tree_json&isDelete=1 HTTP/1.1" 200 54827
61.165.42.208 - - [21/Apr/2021:10:51:14 +0800] "GET /xingrg/kc/buy/cgsh_order_operate.html?command=get_materiel&rest_code=00105&code=00101005037&supplier_code=00100334&order_time=2021-04-21 HTTP/1.1" 200 409
180.169.147.146 - - [21/Apr/2021:10:51:14 +0800] "GET /xingrg/all/function/internal_message.html?_=1618973474804&CODE_STATE=getMsg HTTP/1.1" 200 27
180.169.147.146 - - [21/Apr/2021:10:51:14 +0800] "GET /xingrg/kc/buy/cgsh_order_operate.html?command=get_materiel&rest_code=00147&code=00101008509&supplier_code=00100007&order_time=2021-04-21 HTTP/1.1" 200 396
117.185.32.26 - - [21/Apr/2021:10:51:16 +0800] "GET /xingrg/check_reg.html?_=1618974001448 HTTP/1.1" 200 22
180.169.147.146 - - [21/Apr/2021:10:51:17 +0800] "GET /xingrg/all/function/internal_message.html?_=1618973477481&CODE_STATE=getMsg HTTP/1.1" 302 -
180.169.147.146 - - [21/Apr/2021:10:51:18 +0800] "GET /xingrg/all/function/internal_message.html?_=1618973476130&CODE_STATE=getMsg HTTP/1.1" 200 27
222.70.217.33 - - [21/Apr/2021:10:51:21 +0800] "GET /xingrg/all/function/internal_message.html?_=1618973481524&CODE_STATE=getMsg HTTP/1.1" 200 27
180.169.147.146 - - [21/Apr/2021:10:51:21 +0800] "GET /xingrg/kc/buy/cgsh_order_operate.html?command=get_materiel&rest_code=00147&code=00101019066&supplier_code=00100007&order_time=2021-04-21 HTTP/1.1" 200 441
120.253.135.82 - - [21/Apr/2021:10:51:22 +0800] "GET /xingrg/all/function/internal_message.html?_=1618973262419&CODE_STATE=getMsg HTTP/1.1" 200 27
117.185.32.26 - - [21/Apr/2021:10:51:22 +0800] "GET /xingrg/all/function/internal_message.html?_=1618974008032&CODE_STATE=getMsg HTTP/1.1" 200 27
58.37.228.113 - - [21/Apr/2021:10:51:24 +0800] "GET /xingrg/kc/buy/cgsh_order_operate.html?command=get_materiel&rest_code=00141&code=00101007049&supplier_code=00100004&order_time=2021-04-21 HTTP/1.1" 200 409
117.185.32.26 - - [21/Apr/2021:10:51:24 +0800] "GET /xingrg/check_reg.html?_=1618973483624 HTTP/1.1" 200 22
180.169.147.146 - - [21/Apr/2021:10:51:24 +0800] "GET /xingrg/check_reg.html?_=1618973490830 HTTP/1.1" 302 -
180.169.147.146 - - [21/Apr/2021:10:51:24 +0800] "GET /xingrg/all/function/internal_message.html?_=1618973490832&CODE_STATE=getMsg HTTP/1.1" 302 -
61.165.42.208 - - [21/Apr/2021:10:51:24 +0800] "GET /xingrg/kc/buy/cgsh_order_operate.html?command=get_materiel&rest_code=00105&code=00101010161&supplier_code=00100334&order_time=2021-04-21 HTTP/1.1" 200 409
180.169.147.146 - - [21/Apr/2021:10:51:29 +0800] "GET /xingrg/kc/buy/cgsh_order_operate.html?command=get_materiel&rest_code=00147&code=00101015046&supplier_code=00100007&order_time=2021-04-21 HTTP/1.1" 200 413
117.185.32.26 - - [21/Apr/2021:10:51:30 +0800] "GET /xingrg/all/function/internal_message.html?_=1618973489940&CODE_STATE=getMsg HTTP/1.1" 200 27
58.37.228.113 - - [21/Apr/2021:10:51:32 +0800] "GET /xingrg/kc/buy/cgsh_order_operate.html?command=get_materiel&rest_code=00141&code=00101007071&supplier_code=00100004&order_time=2021-04-21 HTTP/1.1" 200 417
58.37.228.113 - - [21/Apr/2021:10:51:34 +0800] "GET /xingrg/check_reg.html?_=1618973495801 HTTP/1.1" 200 22
58.37.228.113 - - [21/Apr/2021:10:51:34 +0800] "GET /xingrg/all/function/internal_message.html?_=1618973495800&CODE_STATE=getMsg HTTP/1.1" 200 27
61.165.42.208 - - [21/Apr/2021:10:51:38 +0800] "GET /xingrg/all/function/internal_message.html?_=1618973500504&CODE_STATE=getMsg HTTP/1.1" 200 27
180.169.147.146 - - [21/Apr/2021:10:51:39 +0800] "GET /xingrg/kc/buy/cgsh_order_operate.html?command=get_materiel&rest_code=00147&code=00101008261&supplier_code=00100007&order_time=2021-04-21 HTTP/1.1" 200 408
180.162.112.81 - - [21/Apr/2021:10:51:40 +0800] "GET /xingrg/all/function/internal_message.html?_=1618973258685&CODE_STATE=getMsg HTTP/1.1" 200 27
114.88.160.164 - - [21/Apr/2021:10:51:40 +0800] "GET /xingrg/all/function/internal_message.html?_=1618973498798&CODE_STATE=getMsg HTTP/1.1" 200 27
180.169.147.146 - - [21/Apr/2021:10:51:40 +0800] "POST /xingrg/load_menu.html HTTP/1.1" 200 10483
117.185.32.26 - - [21/Apr/2021:10:51:41 +0800] "GET /xingrg/kc/buy/cgsh_order_operate.html?command=get_materiel&rest_code=00106&code=00102002167&supplier_code=00100347&order_time=2021-04-21 HTTP/1.1" 200 409
