114.86.187.76 - - [21/Apr/2021:09:16:07 +0800] "GET /xingrg/all/function/internal_message.html?_=1618967767953&CODE_STATE=getMsg HTTP/1.1" 200 27
117.185.32.26 - - [21/Apr/2021:09:16:07 +0800] "POST /xingrg/kc/buy/cgsh_order_operate.html HTTP/1.1" 200 8313
120.204.17.68 - - [21/Apr/2021:09:16:08 +0800] "GET /xingrg/all/function/internal_message.html?_=1618967703349&CODE_STATE=count HTTP/1.1" 302 -
101.93.222.235 - - [21/Apr/2021:09:16:08 +0800] "POST /xingrg/services/DataTransmitService HTTP/1.1" 200 412
117.185.32.26 - - [21/Apr/2021:09:16:10 +0800] "GET /xingrg/all/function/internal_message.html?_=1618967769975&CODE_STATE=getMsg HTTP/1.1" 200 27
117.185.32.26 - - [21/Apr/2021:09:16:12 +0800] "POST /xingrg/kc/buy/cgsh_list_operate.html HTTP/1.1" 200 5886
120.204.17.70 - - [21/Apr/2021:09:16:12 +0800] "GET /xingrg/check_reg.html?_=1618967709828 HTTP/1.1" 302 -
114.88.160.164 - - [21/Apr/2021:09:16:12 +0800] "GET /xingrg/kc/buy/cgsh_order_operate.html?command=get_materiel&rest_code=00111&code=00101008349&supplier_code=00100005&order_time=2021-04-21 HTTP/1.1" 200 412
120.204.17.73 - - [21/Apr/2021:09:16:13 +0800] "GET /xingrg/all/function/internal_message.html?_=1618967705393&CODE_STATE=getMsg HTTP/1.1" 302 -
120.204.17.68 - - [21/Apr/2021:09:16:13 +0800] "GET /xingrg/login.html HTTP/1.1" 200 7641
120.204.17.70 - - [21/Apr/2021:09:16:14 +0800] "GET /xingrg/login.html HTTP/1.1" 200 7641
117.185.32.26 - - [21/Apr/2021:09:16:15 +0800] "GET /xingrg/check_reg.html?_=1618968301358 HTTP/1.1" 200 22
116.230.114.112 - - [21/Apr/2021:09:16:18 +0800] "GET /xingrg/kc/buy/cgsh_order_operate.html?command=get_materiel&rest_code=00146&code=00101008356&supplier_code=00100005&order_time=2021-04-21 HTTP/1.1" 200 408
120.204.17.73 - - [21/Apr/2021:09:16:19 +0800] "GET /xingrg/login.html HTTP/1.1" 200 7641
180.169.147.146 - - [21/Apr/2021:09:16:19 +0800] "GET /xingrg/all/function/internal_message.html?_=1618967780356&CODE_STATE=getMsg HTTP/1.1" 200 27
114.86.187.76 - - [21/Apr/2021:09:16:20 +0800] "GET /xingrg/kc/buy/cgsh_order_operate.html?command=get_materiel&rest_code=00148&code=00101007076&supplier_code=00100004&order_time=2021-04-21 HTTP/1.1" 200 408
222.70.217.33 - - [21/Apr/2021:09:16:21 +0800] "GET /xingrg/all/function/internal_message.html?_=1618967779675&CODE_STATE=getMsg HTTP/1.1" 200 27
117.185.32.26 - - [21/Apr/2021:09:16:22 +0800] "GET /xingrg/all/function/internal_message.html?_=1618968307525&CODE_STATE=getMsg HTTP/1.1" 200 27
180.169.147.146 - - [21/Apr/2021:09:16:24 +0800] "GET /xingrg/check_reg.html?_=1618967790668 HTTP/1.1" 302 -
180.169.147.146 - - [21/Apr/2021:09:16:24 +0800] "GET /xingrg/all/function/internal_message.html?_=1618967790669&CODE_STATE=getMsg HTTP/1.1" 302 -
116.230.114.112 - - [21/Apr/2021:09:16:26 +0800] "GET /xingrg/kc/buy/cgsh_order_operate.html?command=get_materiel&rest_code=00146&code=00101008212&supplier_code=00100005&order_time=2021-04-21 HTTP/1.1" 200 412
116.224.253.72 - - [21/Apr/2021:09:16:27 +0800] "GET /xingrg/all/function/internal_message.html?_=1618967773278&CODE_STATE=getMsg HTTP/1.1" 200 27
114.88.160.164 - - [21/Apr/2021:09:16:28 +0800] "GET /xingrg/kc/buy/cgsh_order_operate.html?command=get_materiel&rest_code=00111&code=00101008354&supplier_code=00100005&order_time=2021-04-21 HTTP/1.1" 200 412
114.88.160.164 - - [21/Apr/2021:09:16:33 +0800] "GET /xingrg/all/function/internal_message.html?_=1618967792031&CODE_STATE=getMsg HTTP/1.1" 200 27
117.185.32.26 - - [21/Apr/2021:09:16:34 +0800] "POST /xingrg/kc/buy/cgsh_list_operate.html HTTP/1.1" 200 5855
117.185.32.26 - - [21/Apr/2021:09:16:35 +0800] "POST /xingrg/kc/buy/cgsh_list_operate.html HTTP/1.1" 200 271
116.230.114.112 - - [21/Apr/2021:09:16:35 +0800] "GET /xingrg/kc/buy/cgsh_order_operate.html?command=get_materiel&rest_code=00146&code=00101008196&supplier_code=00100005&order_time=2021-04-21 HTTP/1.1" 200 416
180.169.147.146 - - [21/Apr/2021:09:16:36 +0800] "GET /xingrg/all/function/internal_message.html?_=1618967800954&CODE_STATE=getMsg HTTP/1.1" 302 -
117.185.32.26 - - [21/Apr/2021:09:16:37 +0800] "POST /xingrg/kc/buy/cgsh_list_operate.html HTTP/1.1" 200 271
116.230.114.112 - - [21/Apr/2021:09:16:38 +0800] "POST /xingrg/kc/buy/cgsh_order_operate.html HTTP/1.1" 200 2065
61.165.42.208 - - [21/Apr/2021:09:16:39 +0800] "GET /xingrg/all/function/internal_message.html?_=1618967801180&CODE_STATE=getMsg HTTP/1.1" 200 27
116.224.253.72 - - [21/Apr/2021:09:16:40 +0800] "GET /xingrg/all/function/internal_message.html?_=1618967801756&CODE_STATE=getMsg HTTP/1.1" 200 27
117.185.32.26 - - [21/Apr/2021:09:16:40 +0800] "POST /xingrg/kc/buy/cgsh_list_operate.html HTTP/1.1" 200 415
114.88.160.164 - - [21/Apr/2021:09:16:45 +0800] "GET /xingrg/kc/buy/cgsh_order_operate.html?command=get_materiel&rest_code=00111&code=00101019254&supplier_code=00100005&order_time=2021-04-21 HTTP/1.1" 200 447
116.230.114.112 - - [21/Apr/2021:09:16:45 +0800] "GET /xingrg/kc/buy/cgsh_order_operate.html?command=get_materiel&rest_code=00146&code=00101008357&supplier_code=00100005&order_time=2021-04-21 HTTP/1.1" 200 408
114.86.187.76 - - [21/Apr/2021:09:16:46 +0800] "GET /xingrg/kc/buy/cgsh_order_operate.html?command=get_materiel&rest_code=00148&code=00101007081&supplier_code=00100004&order_time=2021-04-21 HTTP/1.1" 200 413
117.185.32.26 - - [21/Apr/2021:09:16:48 +0800] "GET /xingrg/login.html HTTP/1.1" 200 7641
116.230.114.112 - - [21/Apr/2021:09:16:48 +0800] "GET /xingrg/all/function/internal_message.html?_=1618967817603&CODE_STATE=getMsg HTTP/1.1" 302 -
117.185.32.26 - - [21/Apr/2021:09:16:49 +0800] "GET /favicon.ico HTTP/1.1" 404 -
114.88.160.164 - - [21/Apr/2021:09:16:51 +0800] "POST /xingrg/all/common/load_select.html HTTP/1.1" 200 25
114.88.160.164 - - [21/Apr/2021:09:16:54 +0800] "GET /xingrg/kc/buy/cgsh_order_operate.html?command=get_materiel_price&rest_code=00111&code=00101019254&unit_code=00100040&supplier_code=00100005&order_time=2021-04-21 HTTP/1.1" 200 27
116.230.114.112 - - [21/Apr/2021:09:16:55 +0800] "GET /xingrg/kc/buy/cgsh_order_operate.html?command=get_materiel&rest_code=00146&code=00101008036&supplier_code=00100005&order_time=2021-04-21 HTTP/1.1" 200 408
117.185.32.26 - - [21/Apr/2021:09:16:55 +0800] "GET /xingrg/login.html HTTP/1.1" 200 7641
114.86.187.76 - - [21/Apr/2021:09:16:56 +0800] "GET /xingrg/kc/buy/cgsh_order_operate.html?command=get_materiel&rest_code=00148&code=00101007050&supplier_code=00100004&order_time=2021-04-21 HTTP/1.1" 200 409
117.185.32.26 - - [21/Apr/2021:09:16:56 +0800] "GET /favicon.ico HTTP/1.1" 404 -
116.238.141.202 - - [21/Apr/2021:09:16:56 +0800] "GET /xingrg/check_reg.html?_=1618968095750 HTTP/1.1" 200 22
114.83.220.63 - - [21/Apr/2021:09:16:58 +0800] "GET /xingrg/all/function/internal_message.html?_=1618967819042&CODE_STATE=getMsg HTTP/1.1" 200 27
116.238.141.202 - - [21/Apr/2021:09:16:59 +0800] "GET /xingrg/all/function/internal_message.html?_=1618968098740&CODE_STATE=getMsg HTTP/1.1" 200 27
124.77.71.179 - - [21/Apr/2021:09:17:01 +0800] "GET /xingrg/all/function/internal_message.html?_=1618967817721&CODE_STATE=getMsg HTTP/1.1" 200 27
116.230.114.112 - - [21/Apr/2021:09:17:01 +0800] "GET /xingrg/check_reg.html?_=1618967831732 HTTP/1.1" 200 22
116.230.114.112 - - [21/Apr/2021:09:17:01 +0800] "GET /xingrg/all/function/internal_message.html?_=1618967831795&CODE_STATE=getMsg HTTP/1.1" 200 27
114.86.231.92 - - [21/Apr/2021:09:17:02 +0800] "GET /xingrg/all/function/internal_message.html?_=1618967828896&CODE_STATE=getMsg HTTP/1.1" 200 27
114.86.231.92 - - [21/Apr/2021:09:17:02 +0800] "GET /xingrg/check_reg.html?_=1618967828899 HTTP/1.1" 200 22
116.230.114.112 - - [21/Apr/2021:09:17:03 +0800] "GET /xingrg/kc/buy/cgsh_order_operate.html?command=get_materiel&rest_code=00146&code=00101008006&supplier_code=00100005&order_time=2021-04-21 HTTP/1.1" 200 416
114.86.187.76 - - [21/Apr/2021:09:17:04 +0800] "GET /xingrg/javascript/easyui/themes/default/images/button_plain_hover.png HTTP/1.1" 304 -
114.86.187.76 - - [21/Apr/2021:09:17:04 +0800] "GET /xingrg/javascript/easyui/themes/default/images/button_plain_hover.png HTTP/1.1" 304 -
114.86.187.76 - - [21/Apr/2021:09:17:04 +0800] "GET /xingrg/javascript/easyui/themes/default/images/button_plain_hover.png HTTP/1.1" 304 -
114.86.187.76 - - [21/Apr/2021:09:17:04 +0800] "GET /xingrg/javascript/easyui/themes/default/images/button_plain_hover.png HTTP/1.1" 304 -
114.86.187.76 - - [21/Apr/2021:09:17:04 +0800] "GET /xingrg/javascript/easyui/themes/default/images/button_plain_hover.png HTTP/1.1" 304 -
114.86.187.76 - - [21/Apr/2021:09:17:06 +0800] "POST /xingrg/kc/buy/cgsh_order_operate.html HTTP/1.1" 200 37
114.86.187.76 - - [21/Apr/2021:09:17:07 +0800] "POST /xingrg/kc/buy/cgsh_order_operate.html HTTP/1.1" 200 3844
114.86.187.76 - - [21/Apr/2021:09:17:07 +0800] "GET /xingrg/all/function/internal_message.html?_=1618967827980&CODE_STATE=getMsg HTTP/1.1" 200 27
114.86.187.76 - - [21/Apr/2021:09:17:10 +0800] "GET /xingrg/javascript/easyui/themes/default/images/button_plain_hover.png HTTP/1.1" 304 -
114.86.187.76 - - [21/Apr/2021:09:17:10 +0800] "GET /xingrg/javascript/easyui/themes/default/images/button_plain_hover.png HTTP/1.1" 304 -
114.86.187.76 - - [21/Apr/2021:09:17:10 +0800] "GET /xingrg/javascript/easyui/themes/default/images/button_plain_hover.png HTTP/1.1" 304 -
183.192.164.214 - - [21/Apr/2021:09:17:11 +0800] "GET /xingrg/all/function/internal_message.html?_=1618967765380&CODE_STATE=getMsg HTTP/1.1" 302 -
114.86.187.76 - - [21/Apr/2021:09:17:11 +0800] "GET /xingrg/css/base.css HTTP/1.1" 304 -
114.86.187.76 - - [21/Apr/2021:09:17:11 +0800] "GET /xingrg/css/site.css HTTP/1.1" 304 -
114.86.187.76 - - [21/Apr/2021:09:17:11 +0800] "GET /xingrg/javascript/easyui/themes/default/easyui.css HTTP/1.1" 304 -
114.86.187.76 - - [21/Apr/2021:09:17:11 +0800] "GET /xingrg/javascript/jquery_tools/datebox.css HTTP/1.1" 304 -
114.86.187.76 - - [21/Apr/2021:09:17:11 +0800] "GET /xingrg/javascript/easyui/themes/icon.css HTTP/1.1" 304 -
114.86.187.76 - - [21/Apr/2021:09:17:11 +0800] "GET /xingrg/javascript/auto/jquery.autocomplete.css HTTP/1.1" 304 -
114.86.187.76 - - [21/Apr/2021:09:17:11 +0800] "GET /xingrg/javascript/jquery_tools/table.css HTTP/1.1" 304 -
114.86.187.76 - - [21/Apr/2021:09:17:11 +0800] "GET /xingrg/javascript/jquery_tools/fix.css HTTP/1.1" 304 -
114.86.187.76 - - [21/Apr/2021:09:17:11 +0800] "GET /xingrg/kc/buy/cgsh_order_add.html HTTP/1.1" 200 62148
114.86.187.76 - - [21/Apr/2021:09:17:11 +0800] "GET /xingrg/javascript/auto/jquery.autocomplete.js HTTP/1.1" 304 -
114.86.187.76 - - [21/Apr/2021:09:17:11 +0800] "GET /xingrg/javascript/jquery_tools/jquery.tools.min.js HTTP/1.1" 304 -
114.86.187.76 - - [21/Apr/2021:09:17:11 +0800] "GET /xingrg/javascript/jquery_tools/jquery.tools.table.js HTTP/1.1" 304 -
114.86.187.76 - - [21/Apr/2021:09:17:11 +0800] "GET /xingrg/javascript/jquery_tools/jquery.tools.extend.js HTTP/1.1" 304 -
114.86.187.76 - - [21/Apr/2021:09:17:11 +0800] "GET /xingrg/javascript/jquery_tools/order_manager.js HTTP/1.1" 304 -
114.86.187.76 - - [21/Apr/2021:09:17:11 +0800] "GET /xingrg/javascript/easyui/easyloader.js HTTP/1.1" 304 -
114.86.187.76 - - [21/Apr/2021:09:17:11 +0800] "GET /xingrg/javascript/jquery.utils.js HTTP/1.1" 304 -
114.86.187.76 - - [21/Apr/2021:09:17:11 +0800] "GET /xingrg/javascript/jquery_tools/jquery.tools.hotkey.js HTTP/1.1" 304 -
114.86.187.76 - - [21/Apr/2021:09:17:11 +0800] "GET /xingrg/javascript/pic_change.js HTTP/1.1" 304 -
114.86.187.76 - - [21/Apr/2021:09:17:11 +0800] "GET /xingrg/javascript/jquery.cookie.js HTTP/1.1" 304 -
114.86.187.76 - - [21/Apr/2021:09:17:11 +0800] "GET /xingrg/javascript/convert.js HTTP/1.1" 304 -
114.86.187.76 - - [21/Apr/2021:09:17:11 +0800] "GET /xingrg/javascript/json2.js HTTP/1.1" 304 -
114.86.187.76 - - [21/Apr/2021:09:17:11 +0800] "GET /xingrg/javascript/print/LodopFuncs.js HTTP/1.1" 304 -
114.86.187.76 - - [21/Apr/2021:09:17:11 +0800] "GET /xingrg/javascript/print/kc_print.js HTTP/1.1" 304 -
114.86.187.76 - - [21/Apr/2021:09:17:11 +0800] "GET /xingrg/words/20210420115334_words.js HTTP/1.1" 304 -
114.86.187.76 - - [21/Apr/2021:09:17:11 +0800] "GET /xingrg/javascript/easyui/themes/icons/copy_new.png HTTP/1.1" 304 -
114.86.187.76 - - [21/Apr/2021:09:17:11 +0800] "GET /xingrg/javascript/easyui/themes/icons/template_new.png HTTP/1.1" 304 -
114.86.187.76 - - [21/Apr/2021:09:17:11 +0800] "GET /xingrg/javascript/easyui/themes/icons/ok.png HTTP/1.1" 304 -
114.86.187.76 - - [21/Apr/2021:09:17:11 +0800] "GET /xingrg/javascript/easyui/themes/icons/print.png HTTP/1.1" 304 -
114.86.187.76 - - [21/Apr/2021:09:17:11 +0800] "GET /xingrg/javascript/easyui/themes/default/images/menu_downarrow.png HTTP/1.1" 304 -
114.86.187.76 - - [21/Apr/2021:09:17:11 +0800] "GET /xingrg/javascript/easyui/themes/icons/cancel.png HTTP/1.1" 304 -
114.86.187.76 - - [21/Apr/2021:09:17:11 +0800] "GET /xingrg/javascript/easyui/plugins/jquery.parser.js HTTP/1.1" 304 -
114.86.187.76 - - [21/Apr/2021:09:17:11 +0800] "POST /xingrg/kc/buy/cgsh_order_operate.html HTTP/1.1" 200 8245
114.86.187.76 - - [21/Apr/2021:09:17:11 +0800] "GET /xingrg/javascript/easyui/themes/default/images/button_plain_hover.png HTTP/1.1" 304 -
114.86.187.76 - - [21/Apr/2021:09:17:11 +0800] "GET /xingrg/all/common/auto_word.html?type=employee&rest_code=00148 HTTP/1.1" 200 197
114.86.187.76 - - [21/Apr/2021:09:17:11 +0800] "GET /xingrg/all/common/auto_word.html?type=employee&rest_code=00148 HTTP/1.1" 200 197
114.86.187.76 - - [21/Apr/2021:09:17:11 +0800] "GET /xingrg/javascript/easyui/themes/default/images/button_plain_hover.png HTTP/1.1" 304 -
114.86.187.76 - - [21/Apr/2021:09:17:11 +0800] "GET /xingrg/javascript/easyui/themes/default/validatebox.css HTTP/1.1" 404 1104
114.86.187.76 - - [21/Apr/2021:09:17:11 +0800] "GET /xingrg/javascript/easyui/plugins/jquery.validatebox.js HTTP/1.1" 304 -
114.86.187.76 - - [21/Apr/2021:09:17:11 +0800] "GET /xingrg/javascript/easyui/plugins/jquery.numberbox.js HTTP/1.1" 304 -
116.230.114.112 - - [21/Apr/2021:09:17:12 +0800] "GET /xingrg/kc/buy/cgsh_order_operate.html?command=get_materiel&rest_code=00146&code=00101008131&supplier_code=00100005&order_time=2021-04-21 HTTP/1.1" 200 408
114.86.187.76 - - [21/Apr/2021:09:17:13 +0800] "GET /xingrg/javascript/pic_change.js HTTP/1.1" 304 -
114.86.187.76 - - [21/Apr/2021:09:17:13 +0800] "GET /xingrg/javascript/jquery_tools/jquery.tools.min.js HTTP/1.1" 304 -
114.86.187.76 - - [21/Apr/2021:09:17:13 +0800] "GET /xingrg/javascript/jquery_tools/jquery.tools.extend.js HTTP/1.1" 304 -
114.86.187.76 - - [21/Apr/2021:09:17:13 +0800] "GET /xingrg/javascript/jquery_tools/jquery.tools.hotkey.js HTTP/1.1" 304 -
114.86.187.76 - - [21/Apr/2021:09:17:13 +0800] "GET /xingrg/javascript/jquery_tools/jquery.tools.table.js HTTP/1.1" 304 -
114.86.187.76 - - [21/Apr/2021:09:17:13 +0800] "GET /xingrg/javascript/auto/jquery.autocomplete.js HTTP/1.1" 304 -
114.86.187.76 - - [21/Apr/2021:09:17:13 +0800] "GET /xingrg/javascript/easyui/easyloader.js HTTP/1.1" 304 -
114.86.187.76 - - [21/Apr/2021:09:17:13 +0800] "GET /xingrg/javascript/jquery.utils.js HTTP/1.1" 304 -
114.86.187.76 - - [21/Apr/2021:09:17:13 +0800] "GET /xingrg/javascript/jquery_tools/order_manager.js HTTP/1.1" 304 -
114.86.187.76 - - [21/Apr/2021:09:17:13 +0800] "GET /xingrg/javascript/json2.js HTTP/1.1" 304 -
114.86.187.76 - - [21/Apr/2021:09:17:13 +0800] "GET /xingrg/javascript/jquery.cookie.js HTTP/1.1" 304 -
114.86.187.76 - - [21/Apr/2021:09:17:13 +0800] "GET /xingrg/javascript/print/kc_print.js HTTP/1.1" 304 -
114.86.187.76 - - [21/Apr/2021:09:17:13 +0800] "GET /xingrg/javascript/easyui/plugins/jquery.parser.js HTTP/1.1" 304 -
114.86.187.76 - - [21/Apr/2021:09:17:13 +0800] "GET /xingrg/javascript/print/LodopFuncs.js HTTP/1.1" 304 -
114.86.187.76 - - [21/Apr/2021:09:17:13 +0800] "GET /xingrg/words/20210420115334_words.js HTTP/1.1" 304 -
114.86.187.76 - - [21/Apr/2021:09:17:13 +0800] "GET /xingrg/javascript/easyui/plugins/jquery.validatebox.js HTTP/1.1" 304 -
114.86.187.76 - - [21/Apr/2021:09:17:13 +0800] "GET /xingrg/javascript/easyui/plugins/jquery.numberbox.js HTTP/1.1" 304 -
114.86.187.76 - - [21/Apr/2021:09:17:13 +0800] "GET /xingrg/javascript/convert.js HTTP/1.1" 304 -
183.192.164.214 - - [21/Apr/2021:09:17:15 +0800] "GET /xingrg/login.html HTTP/1.1" 200 7641
114.88.160.164 - - [21/Apr/2021:09:17:17 +0800] "POST /xingrg/kc/buy/cgsh_order_operate.html HTTP/1.1" 200 2065
180.169.147.146 - - [21/Apr/2021:09:17:19 +0800] "GET /xingrg/all/function/internal_message.html?_=1618967840357&CODE_STATE=getMsg HTTP/1.1" 200 27
222.70.217.33 - - [21/Apr/2021:09:17:21 +0800] "GET /xingrg/check_reg.html?_=1618967839674 HTTP/1.1" 200 22
222.70.217.33 - - [21/Apr/2021:09:17:21 +0800] "GET /xingrg/all/function/internal_message.html?_=1618967839679&CODE_STATE=getMsg HTTP/1.1" 200 27
114.86.187.76 - - [21/Apr/2021:09:17:21 +0800] "GET /xingrg/kc/buy/cgsh_order_operate.html?command=get_materiel&rest_code=00148&code=00101006174&supplier_code=00100010&order_time=2021-04-21 HTTP/1.1" 200 414
114.86.187.76 - - [21/Apr/2021:09:17:21 +0800] "GET /xingrg/javascript/easyui/themes/default/images/button_plain_hover.png HTTP/1.1" 304 -
117.185.32.26 - - [21/Apr/2021:09:17:22 +0800] "GET /xingrg/all/function/internal_message.html?_=1618968367526&CODE_STATE=getMsg HTTP/1.1" 200 27
180.169.147.146 - - [21/Apr/2021:09:17:24 +0800] "GET /xingrg/all/function/internal_message.html?_=1618967850666&CODE_STATE=getMsg HTTP/1.1" 302 -
116.224.253.72 - - [21/Apr/2021:09:17:27 +0800] "GET /xingrg/all/function/internal_message.html?_=1618967833291&CODE_STATE=getMsg HTTP/1.1" 200 27
116.230.114.112 - - [21/Apr/2021:09:17:29 +0800] "GET /xingrg/kc/buy/cgsh_order_operate.html?command=get_materiel&rest_code=00146&code=00101008296&supplier_code=00100005&order_time=2021-04-21 HTTP/1.1" 200 416
116.230.114.112 - - [21/Apr/2021:09:17:32 +0800] "POST /xingrg/kc/buy/cgsh_order_operate.html HTTP/1.1" 200 2065
114.88.160.164 - - [21/Apr/2021:09:17:33 +0800] "GET /xingrg/check_reg.html?_=1618967851857 HTTP/1.1" 200 22
114.88.160.164 - - [21/Apr/2021:09:17:33 +0800] "GET /xingrg/all/function/internal_message.html?_=1618967852046&CODE_STATE=getMsg HTTP/1.1" 200 27
114.86.187.76 - - [21/Apr/2021:09:17:35 +0800] "GET /xingrg/kc/buy/cgsh_order_operate.html?command=get_materiel&rest_code=00148&code=00101006111&supplier_code=00100010&order_time=2021-04-21 HTTP/1.1" 200 409
114.86.187.76 - - [21/Apr/2021:09:17:35 +0800] "GET /xingrg/javascript/easyui/themes/default/images/button_plain_hover.png HTTP/1.1" 304 -
180.169.147.146 - - [21/Apr/2021:09:17:36 +0800] "GET /xingrg/all/function/internal_message.html?_=1618967860954&CODE_STATE=getMsg HTTP/1.1" 302 -
116.230.114.112 - - [21/Apr/2021:09:17:38 +0800] "GET /xingrg/kc/buy/cgsh_order_operate.html?command=get_materiel&rest_code=00146&code=00101008098&supplier_code=00100005&order_time=2021-04-21 HTTP/1.1" 200 412
61.165.42.208 - - [21/Apr/2021:09:17:39 +0800] "GET /xingrg/all/function/internal_message.html?_=1618967861181&CODE_STATE=getMsg HTTP/1.1" 200 27
116.224.253.72 - - [21/Apr/2021:09:17:40 +0800] "GET /xingrg/check_reg.html?_=1618967861667 HTTP/1.1" 200 22
116.224.253.72 - - [21/Apr/2021:09:17:40 +0800] "GET /xingrg/all/function/internal_message.html?_=1618967861755&CODE_STATE=getMsg HTTP/1.1" 200 27
116.230.114.112 - - [21/Apr/2021:09:17:47 +0800] "GET /xingrg/check_reg.html?_=1618967876619 HTTP/1.1" 302 -
116.230.114.112 - - [21/Apr/2021:09:17:48 +0800] "GET /xingrg/kc/buy/cgsh_order_operate.html?command=get_materiel&rest_code=00146&code=00101008353&supplier_code=00100005&order_time=2021-04-21 HTTP/1.1" 200 408
116.230.114.112 - - [21/Apr/2021:09:17:48 +0800] "GET /xingrg/all/function/internal_message.html?_=1618967877617&CODE_STATE=getMsg HTTP/1.1" 302 -
114.86.187.76 - - [21/Apr/2021:09:17:51 +0800] "GET /xingrg/kc/buy/cgsh_order_operate.html?command=get_materiel&rest_code=00148&code=00101006055&supplier_code=00100010&order_time=2021-04-21 HTTP/1.1" 200 409
114.86.187.76 - - [21/Apr/2021:09:17:51 +0800] "GET /xingrg/javascript/easyui/themes/default/images/button_plain_hover.png HTTP/1.1" 304 -
117.185.32.26 - - [21/Apr/2021:09:17:57 +0800] "POST /xingrg/login.do HTTP/1.1" 302 -
117.185.32.26 - - [21/Apr/2021:09:17:57 +0800] "GET /xingrg/index.html?sysBaseUrl=http%3A%2F%2F180.169.147.146%3A18081%2Fxingrg%2F&costTime=48×tamp=1618967877884 HTTP/1.1" 200 17503
116.230.114.112 - - [21/Apr/2021:09:17:58 +0800] "GET /xingrg/kc/buy/cgsh_order_operate.html?command=get_materiel&rest_code=00146&code=00101008213&supplier_code=00100005&order_time=2021-04-21 HTTP/1.1" 200 412
117.185.32.26 - - [21/Apr/2021:09:17:58 +0800] "POST /xingrg/all/common/load_tree.html?tree=area_rest_tree_json&manage=1 HTTP/1.1" 200 3216
117.185.32.26 - - [21/Apr/2021:09:17:58 +0800] "GET /xingrg/all/function/internal_message.html?_=1618967877552&CODE_STATE=count HTTP/1.1" 200 11
117.185.32.26 - - [21/Apr/2021:09:17:58 +0800] "GET /xingrg/check_reg.html?_=1618967877554 HTTP/1.1" 200 22
117.185.32.26 - - [21/Apr/2021:09:17:58 +0800] "GET /xingrg/javascript/jquery_easy_ui/themes/default/images/panel_tool_collapse.gif HTTP/1.1" 200 246
117.185.32.26 - - [21/Apr/2021:09:17:58 +0800] "GET /favicon.ico HTTP/1.1" 404 -
114.83.220.63 - - [21/Apr/2021:09:17:58 +0800] "GET /xingrg/all/function/internal_message.html?_=1618967879046&CODE_STATE=getMsg HTTP/1.1" 200 27
117.185.32.26 - - [21/Apr/2021:09:17:59 +0800] "POST /xingrg/load_menu.html HTTP/1.1" 200 11564
116.238.141.202 - - [21/Apr/2021:09:17:59 +0800] "GET /xingrg/all/function/internal_message.html?_=1618968158764&CODE_STATE=getMsg HTTP/1.1" 200 27
124.77.71.179 - - [21/Apr/2021:09:18:01 +0800] "GET /xingrg/all/function/internal_message.html?_=1618967877721&CODE_STATE=getMsg HTTP/1.1" 200 27
116.230.114.112 - - [21/Apr/2021:09:18:01 +0800] "GET /xingrg/all/function/internal_message.html?_=1618967891809&CODE_STATE=getMsg HTTP/1.1" 200 27
117.185.32.26 - - [21/Apr/2021:09:18:01 +0800] "GET /xingrg/kc/report/report_main.html HTTP/1.1" 200 9370
114.86.187.76 - - [21/Apr/2021:09:18:02 +0800] "GET /xingrg/kc/buy/cgsh_order_operate.html?command=get_materiel&rest_code=00148&code=00101006065&supplier_code=00100010&order_time=2021-04-21 HTTP/1.1" 200 409
114.86.187.76 - - [21/Apr/2021:09:18:02 +0800] "GET /xingrg/javascript/easyui/themes/default/images/button_plain_hover.png HTTP/1.1" 304 -
114.86.231.92 - - [21/Apr/2021:09:18:02 +0800] "GET /xingrg/all/function/internal_message.html?_=1618967888899&CODE_STATE=getMsg HTTP/1.1" 200 27
117.185.32.26 - - [21/Apr/2021:09:18:03 +0800] "GET /xingrg/all/report/report_query.html?fileName=kc/buy/wlcg_cate_hz.xml HTTP/1.1" 200 53941
117.185.32.26 - - [21/Apr/2021:09:18:03 +0800] "GET /xingrg/dwr/interface/AjaxReportQueryService.js HTTP/1.1" 200 13203
117.185.32.26 - - [21/Apr/2021:09:18:03 +0800] "GET /xingrg/dwr/engine.js HTTP/1.1" 200 43631
117.185.32.26 - - [21/Apr/2021:09:18:04 +0800] "POST /xingrg/dwr/call/plaincall/AjaxReportQueryService.getFixDate.dwr HTTP/1.1" 200 111
117.185.32.26 - - [21/Apr/2021:09:18:04 +0800] "POST /xingrg/all/common/load_tree.html?tree=supplier_tree_json&manage=1 HTTP/1.1" 200 55684
117.185.32.26 - - [21/Apr/2021:09:18:05 +0800] "POST /xingrg/all/common/load_tree.html?tree=materiel_sort_tree_json HTTP/1.1" 200 8666
117.185.32.26 - - [21/Apr/2021:09:18:05 +0800] "POST /xingrg/all/common/load_tree.html?tree=base_tree_json HTTP/1.1" 200 1308
114.86.187.76 - - [21/Apr/2021:09:18:07 +0800] "GET /xingrg/all/function/internal_message.html?_=1618967887996&CODE_STATE=getMsg HTTP/1.1" 200 27
116.230.114.112 - - [21/Apr/2021:09:18:07 +0800] "GET /xingrg/kc/buy/cgsh_order_operate.html?command=get_materiel&rest_code=00146&code=00101016122&supplier_code=00100005&order_time=2021-04-21 HTTP/1.1" 200 395
114.86.187.76 - - [21/Apr/2021:09:18:08 +0800] "GET /xingrg/kc/buy/cgsh_order_operate.html?command=get_materiel&rest_code=00148&code=00101006113&supplier_code=00100010&order_time=2021-04-21 HTTP/1.1" 200 413
114.86.187.76 - - [21/Apr/2021:09:18:08 +0800] "GET /xingrg/javascript/easyui/themes/default/images/button_plain_hover.png HTTP/1.1" 304 -
117.185.32.26 - - [21/Apr/2021:09:18:11 +0800] "GET /xingrg/kc/report/report_main.html HTTP/1.1" 200 9370
117.185.32.26 - - [21/Apr/2021:09:18:14 +0800] "GET /xingrg/all/report/report_query.html?fileName=kc/buy/wlcg_price_by_month.xml HTTP/1.1" 200 52239
117.185.32.26 - - [21/Apr/2021:09:18:14 +0800] "GET /xingrg/dwr/interface/AjaxReportQueryService.js HTTP/1.1" 200 13203
117.185.32.26 - - [21/Apr/2021:09:18:14 +0800] "GET /xingrg/dwr/engine.js HTTP/1.1" 200 43631
117.185.32.26 - - [21/Apr/2021:09:18:14 +0800] "POST /xingrg/dwr/call/plaincall/AjaxReportQueryService.getFixDate.dwr HTTP/1.1" 200 111
117.185.32.26 - - [21/Apr/2021:09:18:14 +0800] "POST /xingrg/all/common/load_tree.html?tree=materiel_sort_tree_json HTTP/1.1" 200 8666
114.86.187.76 - - [21/Apr/2021:09:18:15 +0800] "GET /xingrg/javascript/easyui/themes/default/images/button_plain_hover.png HTTP/1.1" 304 -
117.185.32.26 - - [21/Apr/2021:09:18:15 +0800] "POST /xingrg/all/common/load_tree.html?tree=supplier_tree_json&manage=1 HTTP/1.1" 200 55684
114.86.187.76 - - [21/Apr/2021:09:18:15 +0800] "GET /xingrg/javascript/easyui/themes/default/images/button_plain_hover.png HTTP/1.1" 304 -
114.86.187.76 - - [21/Apr/2021:09:18:15 +0800] "GET /xingrg/javascript/easyui/themes/default/images/button_plain_hover.png HTTP/1.1" 304 -
114.86.187.76 - - [21/Apr/2021:09:18:15 +0800] "GET /xingrg/javascript/easyui/themes/default/images/button_plain_hover.png HTTP/1.1" 304 -
114.86.187.76 - - [21/Apr/2021:09:18:15 +0800] "GET /xingrg/javascript/easyui/themes/default/images/button_plain_hover.png HTTP/1.1" 304 -
114.86.187.76 - - [21/Apr/2021:09:18:15 +0800] "GET /xingrg/javascript/easyui/themes/default/images/button_plain_hover.png HTTP/1.1" 304 -
114.86.187.76 - - [21/Apr/2021:09:18:15 +0800] "GET /xingrg/javascript/easyui/themes/default/images/button_plain_hover.png HTTP/1.1" 304 -
116.230.117.165 - - [21/Apr/2021:09:18:17 +0800] "POST /xingrg/services/DataTransmitService HTTP/1.1" 200 524
116.230.117.165 - - [21/Apr/2021:09:18:17 +0800] "POST /xingrg/services/DataTransmitService HTTP/1.1" 200 2171
114.86.187.76 - - [21/Apr/2021:09:18:17 +0800] "POST /xingrg/kc/buy/cgsh_order_operate.html HTTP/1.1" 200 37
116.230.117.165 - - [21/Apr/2021:09:18:18 +0800] "POST /xingrg/services/DataTransmitService HTTP/1.1" 200 156999
114.86.187.76 - - [21/Apr/2021:09:18:18 +0800] "POST /xingrg/kc/buy/cgsh_order_operate.html HTTP/1.1" 200 5018
116.230.114.112 - - [21/Apr/2021:09:18:19 +0800] "GET /xingrg/kc/buy/cgsh_order_operate.html?command=get_materiel&rest_code=00146&code=00101008305&supplier_code=00100005&order_time=2021-04-21 HTTP/1.1" 200 412
114.86.187.76 - - [21/Apr/2021:09:18:19 +0800] "GET /xingrg/javascript/easyui/themes/default/images/button_plain_hover.png HTTP/1.1" 304 -
114.86.187.76 - - [21/Apr/2021:09:18:19 +0800] "GET /xingrg/javascript/easyui/themes/default/images/button_plain_hover.png HTTP/1.1" 304 -
114.86.187.76 - - [21/Apr/2021:09:18:19 +0800] "GET /xingrg/css/base.css HTTP/1.1" 304 -
114.86.187.76 - - [21/Apr/2021:09:18:19 +0800] "GET /xingrg/css/site.css HTTP/1.1" 304 -
114.86.187.76 - - [21/Apr/2021:09:18:19 +0800] "GET /xingrg/javascript/easyui/themes/icon.css HTTP/1.1" 304 -
114.86.187.76 - - [21/Apr/2021:09:18:19 +0800] "GET /xingrg/javascript/jquery_tools/datebox.css HTTP/1.1" 304 -
114.86.187.76 - - [21/Apr/2021:09:18:19 +0800] "GET /xingrg/javascript/easyui/themes/default/easyui.css HTTP/1.1" 304 -
114.86.187.76 - - [21/Apr/2021:09:18:19 +0800] "GET /xingrg/javascript/auto/jquery.autocomplete.css HTTP/1.1" 304 -
114.86.187.76 - - [21/Apr/2021:09:18:19 +0800] "GET /xingrg/javascript/jquery_tools/table.css HTTP/1.1" 304 -
114.86.187.76 - - [21/Apr/2021:09:18:19 +0800] "GET /xingrg/javascript/jquery_tools/fix.css HTTP/1.1" 304 -
114.86.187.76 - - [21/Apr/2021:09:18:19 +0800] "GET /xingrg/kc/buy/cgsh_order_add.html HTTP/1.1" 200 62148
114.86.187.76 - - [21/Apr/2021:09:18:19 +0800] "GET /xingrg/javascript/pic_change.js HTTP/1.1" 304 -
114.86.187.76 - - [21/Apr/2021:09:18:19 +0800] "GET /xingrg/javascript/jquery_tools/jquery.tools.min.js HTTP/1.1" 304 -
114.86.187.76 - - [21/Apr/2021:09:18:19 +0800] "GET /xingrg/javascript/jquery_tools/jquery.tools.extend.js HTTP/1.1" 304 -
114.86.187.76 - - [21/Apr/2021:09:18:19 +0800] "GET /xingrg/javascript/jquery_tools/jquery.tools.hotkey.js HTTP/1.1" 304 -
114.86.187.76 - - [21/Apr/2021:09:18:19 +0800] "GET /xingrg/javascript/auto/jquery.autocomplete.js HTTP/1.1" 304 -
114.86.187.76 - - [21/Apr/2021:09:18:19 +0800] "GET /xingrg/javascript/jquery.utils.js HTTP/1.1" 304 -
114.86.187.76 - - [21/Apr/2021:09:18:19 +0800] "GET /xingrg/javascript/jquery_tools/jquery.tools.table.js HTTP/1.1" 304 -
114.86.187.76 - - [21/Apr/2021:09:18:19 +0800] "GET /xingrg/javascript/easyui/easyloader.js HTTP/1.1" 304 -
114.86.187.76 - - [21/Apr/2021:09:18:19 +0800] "GET /xingrg/javascript/jquery_tools/order_manager.js HTTP/1.1" 304 -
114.86.187.76 - - [21/Apr/2021:09:18:19 +0800] "GET /xingrg/javascript/convert.js HTTP/1.1" 304 -
114.86.187.76 - - [21/Apr/2021:09:18:19 +0800] "GET /xingrg/javascript/json2.js HTTP/1.1" 304 -
114.86.187.76 - - [21/Apr/2021:09:18:19 +0800] "GET /xingrg/javascript/jquery.cookie.js HTTP/1.1" 304 -
114.86.187.76 - - [21/Apr/2021:09:18:19 +0800] "GET /xingrg/javascript/print/kc_print.js HTTP/1.1" 304 -
114.86.187.76 - - [21/Apr/2021:09:18:19 +0800] "GET /xingrg/javascript/print/LodopFuncs.js HTTP/1.1" 304 -
114.86.187.76 - - [21/Apr/2021:09:18:19 +0800] "GET /xingrg/words/20210420115334_words.js HTTP/1.1" 304 -
114.86.187.76 - - [21/Apr/2021:09:18:19 +0800] "GET /xingrg/javascript/easyui/themes/icons/copy_new.png HTTP/1.1" 304 -
114.86.187.76 - - [21/Apr/2021:09:18:19 +0800] "GET /xingrg/javascript/easyui/themes/icons/template_new.png HTTP/1.1" 304 -
114.86.187.76 - - [21/Apr/2021:09:18:19 +0800] "GET /xingrg/javascript/easyui/themes/icons/ok.png HTTP/1.1" 304 -
114.86.187.76 - - [21/Apr/2021:09:18:19 +0800] "GET /xingrg/javascript/easyui/themes/icons/print.png HTTP/1.1" 304 -
114.86.187.76 - - [21/Apr/2021:09:18:19 +0800] "GET /xingrg/javascript/easyui/themes/default/images/menu_downarrow.png HTTP/1.1" 304 -
114.86.187.76 - - [21/Apr/2021:09:18:19 +0800] "GET /xingrg/javascript/easyui/themes/icons/cancel.png HTTP/1.1" 304 -
114.86.187.76 - - [21/Apr/2021:09:18:19 +0800] "GET /xingrg/javascript/easyui/plugins/jquery.parser.js HTTP/1.1" 304 -
114.86.187.76 - - [21/Apr/2021:09:18:19 +0800] "POST /xingrg/kc/buy/cgsh_order_operate.html HTTP/1.1" 200 8245
114.86.187.76 - - [21/Apr/2021:09:18:19 +0800] "GET /xingrg/javascript/easyui/themes/default/images/button_plain_hover.png HTTP/1.1" 304 -
180.169.147.146 - - [21/Apr/2021:09:18:19 +0800] "GET /xingrg/check_reg.html?_=1618967900402 HTTP/1.1" 200 22
180.169.147.146 - - [21/Apr/2021:09:18:19 +0800] "GET /xingrg/all/function/internal_message.html?_=1618967900404&CODE_STATE=getMsg HTTP/1.1" 200 27
114.86.187.76 - - [21/Apr/2021:09:18:19 +0800] "GET /xingrg/all/common/auto_word.html?type=employee&rest_code=00148 HTTP/1.1" 200 197
114.86.187.76 - - [21/Apr/2021:09:18:19 +0800] "GET /xingrg/all/common/auto_word.html?type=employee&rest_code=00148 HTTP/1.1" 200 197
114.86.187.76 - - [21/Apr/2021:09:18:20 +0800] "GET /xingrg/javascript/easyui/themes/default/images/button_plain_hover.png HTTP/1.1" 304 -
114.86.187.76 - - [21/Apr/2021:09:18:20 +0800] "GET /xingrg/javascript/easyui/themes/default/validatebox.css HTTP/1.1" 404 1104
114.86.187.76 - - [21/Apr/2021:09:18:20 +0800] "GET /xingrg/javascript/easyui/plugins/jquery.validatebox.js HTTP/1.1" 304 -
114.86.187.76 - - [21/Apr/2021:09:18:20 +0800] "GET /xingrg/javascript/easyui/plugins/jquery.numberbox.js HTTP/1.1" 304 -
222.70.217.33 - - [21/Apr/2021:09:18:21 +0800] "GET /xingrg/all/function/internal_message.html?_=1618967899675&CODE_STATE=getMsg HTTP/1.1" 200 27
117.185.32.26 - - [21/Apr/2021:09:18:21 +0800] "POST /xingrg/dwr/call/plaincall/AjaxReportQueryService.refreshCache.dwr HTTP/1.1" 200 78
117.185.32.26 - - [21/Apr/2021:09:18:22 +0800] "GET /xingrg/all/function/internal_message.html?_=1618968427531&CODE_STATE=getMsg HTTP/1.1" 200 27
114.88.160.164 - - [21/Apr/2021:09:18:22 +0800] "GET /xingrg/kc/buy/cgsh_order_operate.html?command=get_materiel&rest_code=00111&code=00101008296&supplier_code=00100005&order_time=2021-04-21 HTTP/1.1" 200 416
114.86.187.76 - - [21/Apr/2021:09:18:22 +0800] "GET /xingrg/javascript/pic_change.js HTTP/1.1" 304 -
114.86.187.76 - - [21/Apr/2021:09:18:22 +0800] "GET /xingrg/javascript/jquery_tools/jquery.tools.min.js HTTP/1.1" 304 -
114.86.187.76 - - [21/Apr/2021:09:18:22 +0800] "GET /xingrg/javascript/jquery_tools/jquery.tools.extend.js HTTP/1.1" 304 -
114.86.187.76 - - [21/Apr/2021:09:18:22 +0800] "GET /xingrg/javascript/jquery_tools/jquery.tools.hotkey.js HTTP/1.1" 304 -
114.86.187.76 - - [21/Apr/2021:09:18:22 +0800] "GET /xingrg/javascript/jquery_tools/jquery.tools.table.js HTTP/1.1" 304 -
114.86.187.76 - - [21/Apr/2021:09:18:22 +0800] "GET /xingrg/javascript/auto/jquery.autocomplete.js HTTP/1.1" 304 -
114.86.187.76 - - [21/Apr/2021:09:18:22 +0800] "GET /xingrg/javascript/jquery.utils.js HTTP/1.1" 304 -
114.86.187.76 - - [21/Apr/2021:09:18:22 +0800] "GET /xingrg/javascript/easyui/easyloader.js HTTP/1.1" 304 -
114.86.187.76 - - [21/Apr/2021:09:18:22 +0800] "GET /xingrg/javascript/jquery_tools/order_manager.js HTTP/1.1" 304 -
114.86.187.76 - - [21/Apr/2021:09:18:22 +0800] "GET /xingrg/javascript/json2.js HTTP/1.1" 304 -
114.86.187.76 - - [21/Apr/2021:09:18:22 +0800] "GET /xingrg/javascript/jquery.cookie.js HTTP/1.1" 304 -
114.86.187.76 - - [21/Apr/2021:09:18:22 +0800] "GET /xingrg/javascript/print/LodopFuncs.js HTTP/1.1" 304 -
114.86.187.76 - - [21/Apr/2021:09:18:22 +0800] "GET /xingrg/javascript/print/kc_print.js HTTP/1.1" 304 -
114.86.187.76 - - [21/Apr/2021:09:18:22 +0800] "GET /xingrg/javascript/easyui/plugins/jquery.parser.js HTTP/1.1" 304 -
114.86.187.76 - - [21/Apr/2021:09:18:22 +0800] "GET /xingrg/javascript/easyui/plugins/jquery.validatebox.js HTTP/1.1" 304 -
114.86.187.76 - - [21/Apr/2021:09:18:22 +0800] "GET /xingrg/javascript/easyui/plugins/jquery.numberbox.js HTTP/1.1" 304 -
114.86.187.76 - - [21/Apr/2021:09:18:22 +0800] "GET /xingrg/words/20210420115334_words.js HTTP/1.1" 304 -
114.86.187.76 - - [21/Apr/2021:09:18:22 +0800] "GET /xingrg/javascript/convert.js HTTP/1.1" 304 -
117.185.32.26 - - [21/Apr/2021:09:18:23 +0800] "POST /xingrg/all/report/load_report_page.html HTTP/1.1" 200 89
180.169.147.146 - - [21/Apr/2021:09:18:24 +0800] "GET /xingrg/all/function/internal_message.html?_=1618967910668&CODE_STATE=getMsg HTTP/1.1" 302 -
116.224.253.72 - - [21/Apr/2021:09:18:27 +0800] "GET /xingrg/all/function/internal_message.html?_=1618967893313&CODE_STATE=getMsg HTTP/1.1" 200 27
114.88.160.164 - - [21/Apr/2021:09:18:31 +0800] "GET /xingrg/kc/buy/cgsh_order_operate.html?command=get_materiel&rest_code=00111&code=00101008213&supplier_code=00100005&order_time=2021-04-21 HTTP/1.1" 200 412
114.88.160.164 - - [21/Apr/2021:09:18:33 +0800] "GET /xingrg/all/function/internal_message.html?_=1618967912060&CODE_STATE=getMsg HTTP/1.1" 200 27
180.169.147.146 - - [21/Apr/2021:09:18:36 +0800] "GET /xingrg/all/function/internal_message.html?_=1618967920957&CODE_STATE=getMsg HTTP/1.1" 302 -
61.165.42.208 - - [21/Apr/2021:09:18:39 +0800] "GET /xingrg/all/function/internal_message.html?_=1618967921172&CODE_STATE=getMsg HTTP/1.1" 200 27
61.165.42.208 - - [21/Apr/2021:09:18:39 +0800] "GET /xingrg/check_reg.html?_=1618967921175 HTTP/1.1" 200 22
116.230.114.112 - - [21/Apr/2021:09:18:40 +0800] "POST /xingrg/kc/buy/cgsh_order_operate.html HTTP/1.1" 200 2065
114.86.187.76 - - [21/Apr/2021:09:18:40 +0800] "GET /xingrg/kc/buy/cgsh_order_operate.html?command=get_materiel&rest_code=00148&code=00101016053&supplier_code=00100036&order_time=2021-04-21 HTTP/1.1" 200 408
114.86.187.76 - - [21/Apr/2021:09:18:40 +0800] "GET /xingrg/javascript/easyui/themes/default/images/button_plain_hover.png HTTP/1.1" 304 -
116.224.253.72 - - [21/Apr/2021:09:18:40 +0800] "GET /xingrg/all/function/internal_message.html?_=1618967921734&CODE_STATE=getMsg HTTP/1.1" 200 27
117.185.32.26 - - [21/Apr/2021:09:18:42 +0800] "POST /xingrg/dwr/call/plaincall/AjaxReportQueryService.refreshCache.dwr HTTP/1.1" 200 78
117.185.32.26 - - [21/Apr/2021:09:18:43 +0800] "POST /xingrg/all/report/load_report_page.html HTTP/1.1" 200 89
116.230.114.112 - - [21/Apr/2021:09:18:47 +0800] "GET /xingrg/kc/buy/cgsh_order_operate.html?command=get_materiel&rest_code=00146&code=00101008285&supplier_code=00100005&order_time=2021-04-21 HTTP/1.1" 200 413
114.86.187.76 - - [21/Apr/2021:09:18:48 +0800] "GET /xingrg/kc/buy/cgsh_order_operate.html?command=get_materiel&rest_code=00148&code=00101016105&supplier_code=00100036&order_time=2021-04-21 HTTP/1.1" 200 409
114.86.187.76 - - [21/Apr/2021:09:18:48 +0800] "GET /xingrg/javascript/easyui/themes/default/images/button_plain_hover.png HTTP/1.1" 304 -
116.230.114.112 - - [21/Apr/2021:09:18:48 +0800] "GET /xingrg/all/function/internal_message.html?_=1618967937634&CODE_STATE=getMsg HTTP/1.1" 302 -
114.86.187.76 - - [21/Apr/2021:09:18:52 +0800] "GET /xingrg/javascript/easyui/themes/default/images/button_plain_hover.png HTTP/1.1" 304 -
114.86.187.76 - - [21/Apr/2021:09:18:52 +0800] "GET /xingrg/javascript/easyui/themes/default/images/button_plain_hover.png HTTP/1.1" 304 -
114.86.187.76 - - [21/Apr/2021:09:18:52 +0800] "GET /xingrg/javascript/easyui/themes/default/images/button_plain_hover.png HTTP/1.1" 304 -
114.86.187.76 - - [21/Apr/2021:09:18:52 +0800] "GET /xingrg/javascript/easyui/themes/default/images/button_plain_hover.png HTTP/1.1" 304 -
114.86.187.76 - - [21/Apr/2021:09:18:52 +0800] "GET /xingrg/javascript/easyui/themes/default/images/button_plain_hover.png HTTP/1.1" 304 -
114.86.187.76 - - [21/Apr/2021:09:18:52 +0800] "GET /xingrg/javascript/easyui/themes/default/images/button_plain_hover.png HTTP/1.1" 304 -
114.86.187.76 - - [21/Apr/2021:09:18:52 +0800] "GET /xingrg/javascript/easyui/themes/default/images/button_plain_hover.png HTTP/1.1" 304 -
114.86.187.76 - - [21/Apr/2021:09:18:52 +0800] "GET /xingrg/javascript/easyui/themes/default/images/button_plain_hover.png HTTP/1.1" 304 -
114.86.187.76 - - [21/Apr/2021:09:18:52 +0800] "GET /xingrg/javascript/easyui/themes/default/images/button_plain_hover.png HTTP/1.1" 304 -
117.185.32.26 - - [21/Apr/2021:09:18:52 +0800] "POST /xingrg/all/user/operate.html HTTP/1.1" 200 36
114.86.187.76 - - [21/Apr/2021:09:18:52 +0800] "GET /xingrg/javascript/easyui/themes/default/images/button_plain_hover.png HTTP/1.1" 304 -
114.86.187.76 - - [21/Apr/2021:09:18:52 +0800] "GET /xingrg/javascript/easyui/themes/default/images/button_plain_hover.png HTTP/1.1" 304 -
114.86.187.76 - - [21/Apr/2021:09:18:52 +0800] "GET /xingrg/javascript/easyui/themes/default/images/button_plain_hover.png HTTP/1.1" 304 -
117.185.32.26 - - [21/Apr/2021:09:18:53 +0800] "GET /xingrg/javascript/jquery_easy_ui/themes/default/easyui.css HTTP/1.1" 304 -
117.185.32.26 - - [21/Apr/2021:09:18:53 +0800] "GET /xingrg/javascript/jquery_easy_ui/themes/icon.css HTTP/1.1" 304 -
117.185.32.26 - - [21/Apr/2021:09:18:53 +0800] "GET /xingrg/css/form.css HTTP/1.1" 304 -
117.185.32.26 - - [21/Apr/2021:09:18:53 +0800] "GET /xingrg/javascript/jquery-1.4.2.min.js HTTP/1.1" 304 -
117.185.32.26 - - [21/Apr/2021:09:18:53 +0800] "GET /xingrg/javascript/jquery_easy_ui/jquery.easyui.min.js HTTP/1.1" 304 -
117.185.32.26 - - [21/Apr/2021:09:18:53 +0800] "GET /xingrg/javascript/jquery_easy_ui/easyui-lang-zh_CN.js HTTP/1.1" 304 -
117.185.32.26 - - [21/Apr/2021:09:18:53 +0800] "GET /xingrg/javascript/jquery.form.js HTTP/1.1" 304 -
117.185.32.26 - - [21/Apr/2021:09:18:53 +0800] "GET /xingrg/javascript/jquery.utils.js HTTP/1.1" 304 -
117.185.32.26 - - [21/Apr/2021:09:18:53 +0800] "GET /xingrg/javascript/jquery.timers.js HTTP/1.1" 304 -
117.185.32.26 - - [21/Apr/2021:09:18:53 +0800] "GET /xingrg/index.html?sysBaseUrl=http%3A%2F%2F180.169.147.146%3A18081%2Fxingrg%2F&costTime=48×tamp=1618967877884 HTTP/1.1" 200 17509
117.185.32.26 - - [21/Apr/2021:09:18:53 +0800] "GET /xingrg/images/blue/jxLogo.png HTTP/1.1" 304 -
117.185.32.26 - - [21/Apr/2021:09:18:53 +0800] "GET /xingrg/images/blue/navBackgound.jpg HTTP/1.1" 304 -
117.185.32.26 - - [21/Apr/2021:09:18:53 +0800] "GET /xingrg/javascript/jquery_easy_ui/themes/icons/settle_new.png HTTP/1.1" 304 -
117.185.32.26 - - [21/Apr/2021:09:18:53 +0800] "POST /xingrg/all/common/load_tree.html?tree=area_rest_tree_json&manage=1 HTTP/1.1" 200 3216
117.185.32.26 - - [21/Apr/2021:09:18:53 +0800] "GET /xingrg/all/function/internal_message.html?_=1618967932690&CODE_STATE=count HTTP/1.1" 200 11
117.185.32.26 - - [21/Apr/2021:09:18:53 +0800] "GET /xingrg/javascript/jquery_easy_ui/themes/default/images/tabs_rightarrow.png HTTP/1.1" 304 -
117.185.32.26 - - [21/Apr/2021:09:18:53 +0800] "GET /xingrg/check_reg.html?_=1618967932691 HTTP/1.1" 200 22
117.185.32.26 - - [21/Apr/2021:09:18:53 +0800] "GET /xingrg/images/blue/pingpu.png HTTP/1.1" 304 -
117.185.32.26 - - [21/Apr/2021:09:18:53 +0800] "GET /xingrg/javascript/jquery_easy_ui/themes/default/images/panel_tool_collapse.gif HTTP/1.1" 200 246
117.185.32.26 - - [21/Apr/2021:09:18:53 +0800] "GET /xingrg/javascript/jquery_easy_ui/themes/default/images/panel_tool_expand.gif HTTP/1.1" 304 -
117.185.32.26 - - [21/Apr/2021:09:18:53 +0800] "GET /xingrg/javascript/jquery_easy_ui/themes/default/images/tabs_leftarrow.png HTTP/1.1" 304 -
117.185.32.26 - - [21/Apr/2021:09:18:53 +0800] "POST /xingrg/load_menu.html HTTP/1.1" 200 9959
117.185.32.26 - - [21/Apr/2021:09:18:53 +0800] "GET /xingrg/javascript/jquery_easy_ui/themes/default/images/tree_arrows.gif HTTP/1.1" 304 -
117.185.32.26 - - [21/Apr/2021:09:18:53 +0800] "GET /xingrg/javascript/jquery_easy_ui/themes/default/images/tree_file.gif HTTP/1.1" 304 -
117.185.32.26 - - [21/Apr/2021:09:18:53 +0800] "GET /xingrg/javascript/jquery_easy_ui/themes/icons/systemset_new.png HTTP/1.1" 304 -
117.185.32.26 - - [21/Apr/2021:09:18:53 +0800] "GET /xingrg/javascript/jquery_easy_ui/themes/icons/setting_new.png HTTP/1.1" 304 -
117.185.32.26 - - [21/Apr/2021:09:18:53 +0800] "GET /xingrg/javascript/jquery_easy_ui/themes/icons/forms_new.png HTTP/1.1" 304 -
117.185.32.26 - - [21/Apr/2021:09:18:53 +0800] "GET /xingrg/javascript/jquery_easy_ui/themes/icons/checkout_new.png HTTP/1.1" 304 -
117.185.32.26 - - [21/Apr/2021:09:18:53 +0800] "GET /xingrg/javascript/jquery_easy_ui/themes/icons/storage_new.png HTTP/1.1" 304 -
117.185.32.26 - - [21/Apr/2021:09:18:53 +0800] "GET /xingrg/javascript/jquery_easy_ui/themes/default/images/tree_folder.gif HTTP/1.1" 304 -
117.185.32.26 - - [21/Apr/2021:09:18:53 +0800] "GET /xingrg/javascript/jquery_easy_ui/themes/icons/search_new.png HTTP/1.1" 304 -
117.185.32.26 - - [21/Apr/2021:09:18:53 +0800] "GET /xingrg/javascript/jquery_easy_ui/themes/default/images/tree_folder_open.gif HTTP/1.1" 304 -
117.185.32.26 - - [21/Apr/2021:09:18:58 +0800] "GET /xingrg/kc/report/report_main.html HTTP/1.1" 200 7345
114.83.220.63 - - [21/Apr/2021:09:18:58 +0800] "GET /xingrg/all/function/internal_message.html?_=1618967939048&CODE_STATE=getMsg HTTP/1.1" 200 27
116.238.141.202 - - [21/Apr/2021:09:18:59 +0800] "GET /xingrg/all/function/internal_message.html?_=1618968218770&CODE_STATE=getMsg HTTP/1.1" 200 27
116.230.117.165 - - [21/Apr/2021:09:19:00 +0800] "POST /xingrg/services/DataTransmitService HTTP/1.1" 200 524
117.185.32.26 - - [21/Apr/2021:09:19:00 +0800] "GET /xingrg/dwr/interface/AjaxReportQueryService.js HTTP/1.1" 200 13203
117.185.32.26 - - [21/Apr/2021:09:19:00 +0800] "GET /xingrg/all/report/report_query.html?fileName=kc/buy/wlcg_cate_hz.xml HTTP/1.1" 200 53941
114.86.187.76 - - [21/Apr/2021:09:19:00 +0800] "POST /xingrg/kc/buy/cgsh_order_operate.html HTTP/1.1" 200 37
114.86.231.92 - - [21/Apr/2021:09:19:00 +0800] "POST /xingrg/kc/buy/cgsh_order_operate.html HTTP/1.1" 200 223
116.230.117.165 - - [21/Apr/2021:09:19:00 +0800] "POST /xingrg/services/DataTransmitService HTTP/1.1" 200 2171
117.185.32.26 - - [21/Apr/2021:09:19:00 +0800] "GET /xingrg/dwr/engine.js HTTP/1.1" 200 43631
116.224.253.72 - - [21/Apr/2021:09:19:00 +0800] "POST /xingrg/all/user/operate.html HTTP/1.1" 200 36
117.185.32.26 - - [21/Apr/2021:09:19:00 +0800] "POST /xingrg/dwr/call/plaincall/AjaxReportQueryService.getFixDate.dwr HTTP/1.1" 200 111
117.185.32.26 - - [21/Apr/2021:09:19:01 +0800] "POST /xingrg/all/common/load_tree.html?tree=supplier_tree_json&manage=1 HTTP/1.1" 200 55684
124.77.71.179 - - [21/Apr/2021:09:19:01 +0800] "GET /xingrg/all/function/internal_message.html?_=1618967937731&CODE_STATE=getMsg HTTP/1.1" 200 27
116.224.253.72 - - [21/Apr/2021:09:19:01 +0800] "GET /xingrg/index.html?sysBaseUrl=http%3A%2F%2F180.169.147.146%3A18081%2Fxingrg%2F&costTime=40×tamp=1618965705048 HTTP/1.1" 200 17179
116.224.253.72 - - [21/Apr/2021:09:19:01 +0800] "GET /xingrg/javascript/jquery_easy_ui/themes/default/easyui.css HTTP/1.1" 304 -
116.224.253.72 - - [21/Apr/2021:09:19:01 +0800] "GET /xingrg/javascript/jquery_easy_ui/themes/icon.css HTTP/1.1" 304 -
116.224.253.72 - - [21/Apr/2021:09:19:01 +0800] "GET /xingrg/css/form.css HTTP/1.1" 304 -
116.224.253.72 - - [21/Apr/2021:09:19:01 +0800] "GET /xingrg/javascript/jquery-1.4.2.min.js HTTP/1.1" 304 -
116.224.253.72 - - [21/Apr/2021:09:19:01 +0800] "GET /xingrg/javascript/jquery_easy_ui/jquery.easyui.min.js HTTP/1.1" 304 -
116.224.253.72 - - [21/Apr/2021:09:19:01 +0800] "GET /xingrg/javascript/jquery_easy_ui/easyui-lang-zh_CN.js HTTP/1.1" 304 -
116.224.253.72 - - [21/Apr/2021:09:19:01 +0800] "GET /xingrg/javascript/jquery.form.js HTTP/1.1" 304 -
116.224.253.72 - - [21/Apr/2021:09:19:01 +0800] "GET /xingrg/javascript/jquery.utils.js HTTP/1.1" 304 -
116.224.253.72 - - [21/Apr/2021:09:19:01 +0800] "GET /xingrg/javascript/jquery.timers.js HTTP/1.1" 304 -
116.224.253.72 - - [21/Apr/2021:09:19:01 +0800] "GET /xingrg/images/blue/jxLogo.png HTTP/1.1" 304 -
116.224.253.72 - - [21/Apr/2021:09:19:01 +0800] "GET /xingrg/javascript/jquery_easy_ui/themes/icons/settle_new.png HTTP/1.1" 304 -
116.224.253.72 - - [21/Apr/2021:09:19:01 +0800] "GET /xingrg/images/blue/navBackgound.jpg HTTP/1.1" 304 -
116.224.253.72 - - [21/Apr/2021:09:19:01 +0800] "POST /xingrg/all/common/load_tree.html?tree=area_rest_tree_json&manage=1 HTTP/1.1" 200 476
116.224.253.72 - - [21/Apr/2021:09:19:01 +0800] "GET /xingrg/all/function/internal_message.html?_=1618967942640&CODE_STATE=count HTTP/1.1" 200 11
116.224.253.72 - - [21/Apr/2021:09:19:01 +0800] "GET /xingrg/check_reg.html?_=1618967942641 HTTP/1.1" 200 22
116.224.253.72 - - [21/Apr/2021:09:19:01 +0800] "GET /xingrg/javascript/jquery_easy_ui/themes/default/images/panel_tool_collapse.gif HTTP/1.1" 304 -
116.224.253.72 - - [21/Apr/2021:09:19:01 +0800] "GET /xingrg/images/blue/pingpu.png HTTP/1.1" 304 -
116.224.253.72 - - [21/Apr/2021:09:19:01 +0800] "GET /xingrg/javascript/jquery_easy_ui/themes/default/images/tabs_leftarrow.png HTTP/1.1" 304 -
116.224.253.72 - - [21/Apr/2021:09:19:01 +0800] "GET /xingrg/javascript/jquery_easy_ui/themes/default/images/tabs_rightarrow.png HTTP/1.1" 304 -
116.224.253.72 - - [21/Apr/2021:09:19:01 +0800] "POST /xingrg/load_menu.html HTTP/1.1" 200 5138
116.230.114.112 - - [21/Apr/2021:09:19:01 +0800] "GET /xingrg/all/function/internal_message.html?_=1618967951822&CODE_STATE=getMsg HTTP/1.1" 200 27
114.88.160.164 - - [21/Apr/2021:09:19:02 +0800] "GET /xingrg/kc/buy/cgsh_order_operate.html?command=get_materiel&rest_code=00111&code=00101008306&supplier_code=00100005&order_time=2021-04-21 HTTP/1.1" 200 412
114.86.187.76 - - [21/Apr/2021:09:19:02 +0800] "POST /xingrg/kc/buy/cgsh_order_operate.html HTTP/1.1" 200 3238
117.185.32.26 - - [21/Apr/2021:09:19:02 +0800] "POST /xingrg/all/common/load_tree.html?tree=materiel_sort_tree_json HTTP/1.1" 200 8666
117.185.32.26 - - [21/Apr/2021:09:19:02 +0800] "POST /xingrg/all/common/load_tree.html?tree=base_tree_json HTTP/1.1" 200 3663
116.230.117.165 - - [21/Apr/2021:09:19:02 +0800] "POST /xingrg/services/DataTransmitService HTTP/1.1" 200 524
114.86.231.92 - - [21/Apr/2021:09:19:02 +0800] "GET /xingrg/all/function/internal_message.html?_=1618967949160&CODE_STATE=getMsg HTTP/1.1" 200 27
114.86.187.76 - - [21/Apr/2021:09:19:03 +0800] "GET /xingrg/javascript/easyui/themes/default/images/button_plain_hover.png HTTP/1.1" 304 -
114.86.187.76 - - [21/Apr/2021:09:19:03 +0800] "GET /xingrg/javascript/easyui/themes/default/images/button_plain_hover.png HTTP/1.1" 304 -
116.230.117.165 - - [21/Apr/2021:09:19:03 +0800] "POST /xingrg/services/DataTransmitService HTTP/1.1" 200 2171
114.86.187.76 - - [21/Apr/2021:09:19:03 +0800] "GET /xingrg/javascript/easyui/themes/default/images/button_plain_hover.png HTTP/1.1" 304 -
116.224.253.72 - - [21/Apr/2021:09:19:03 +0800] "GET /xingrg/kc/base/wldb_order_list.html HTTP/1.1" 200 19389
116.224.253.72 - - [21/Apr/2021:09:19:03 +0800] "POST /xingrg/kc/base/wldb_list_operate.html HTTP/1.1" 200 928
114.88.160.164 - - [21/Apr/2021:09:19:04 +0800] "POST /xingrg/kc/buy/cgsh_order_operate.html HTTP/1.1" 200 2065
116.224.253.72 - - [21/Apr/2021:09:19:04 +0800] "GET /xingrg/kc/base/wldb_order_add.html HTTP/1.1" 200 30552
114.86.187.76 - - [21/Apr/2021:09:19:04 +0800] "GET /xingrg/css/site.css HTTP/1.1" 304 -
114.86.187.76 - - [21/Apr/2021:09:19:04 +0800] "GET /xingrg/css/base.css HTTP/1.1" 304 -
114.86.187.76 - - [21/Apr/2021:09:19:04 +0800] "GET /xingrg/javascript/easyui/themes/default/easyui.css HTTP/1.1" 304 -
114.86.187.76 - - [21/Apr/2021:09:19:04 +0800] "GET /xingrg/javascript/jquery_tools/datebox.css HTTP/1.1" 304 -
114.86.187.76 - - [21/Apr/2021:09:19:04 +0800] "GET /xingrg/javascript/auto/jquery.autocomplete.css HTTP/1.1" 304 -
114.86.187.76 - - [21/Apr/2021:09:19:04 +0800] "GET /xingrg/javascript/easyui/themes/icon.css HTTP/1.1" 304 -
114.86.187.76 - - [21/Apr/2021:09:19:04 +0800] "GET /xingrg/javascript/jquery_tools/fix.css HTTP/1.1" 304 -
114.86.187.76 - - [21/Apr/2021:09:19:04 +0800] "GET /xingrg/kc/buy/cgsh_order_list.html HTTP/1.1" 200 46416
114.86.187.76 - - [21/Apr/2021:09:19:04 +0800] "GET /xingrg/javascript/jquery_tools/jquery.tools.table.js HTTP/1.1" 304 -
