58.37.228.113 - - [21/Apr/2021:10:54:38 +0800] "GET /xingrg/all/common/auto_word.html?type=employee&rest_code=00141 HTTP/1.1" 200 201
58.37.228.113 - - [21/Apr/2021:10:54:38 +0800] "GET /xingrg/javascript/easyui/themes/default/validatebox.css HTTP/1.1" 404 1104
58.37.228.113 - - [21/Apr/2021:10:54:38 +0800] "GET /xingrg/all/common/auto_word.html?type=employee&rest_code=00141 HTTP/1.1" 200 201
180.162.112.81 - - [21/Apr/2021:10:54:40 +0800] "GET /xingrg/all/function/internal_message.html?_=1618973438686&CODE_STATE=getMsg HTTP/1.1" 200 27
114.88.160.164 - - [21/Apr/2021:10:54:40 +0800] "GET /xingrg/all/function/internal_message.html?_=1618973678839&CODE_STATE=getMsg HTTP/1.1" 200 27
61.165.42.208 - - [21/Apr/2021:10:54:43 +0800] "GET /xingrg/kc/buy/cgsh_order_operate.html?command=get_materiel&rest_code=00105&code=00101006047&supplier_code=00100323&order_time=2021-04-21 HTTP/1.1" 200 413
180.169.147.146 - - [21/Apr/2021:10:54:44 +0800] "GET /xingrg/all/function/internal_message.html?_=1618973684842&CODE_STATE=getMsg HTTP/1.1" 200 27
117.185.32.26 - - [21/Apr/2021:10:54:44 +0800] "GET /xingrg/kc/buy/cgsh_order_operate.html?command=get_materiel&rest_code=00106&code=00101015054&supplier_code=00100347&order_time=2021-04-21 HTTP/1.1" 200 404
58.37.228.113 - - [21/Apr/2021:10:54:46 +0800] "GET /xingrg/kc/buy/cgsh_order_operate.html?command=get_materiel&rest_code=00141&code=00101006111&supplier_code=00100012&order_time=2021-04-21 HTTP/1.1" 200 409
116.224.253.72 - - [21/Apr/2021:10:54:48 +0800] "GET /xingrg/all/function/internal_message.html?_=1618973689794&CODE_STATE=getMsg HTTP/1.1" 200 27
116.230.114.112 - - [21/Apr/2021:10:54:50 +0800] "GET /xingrg/all/function/internal_message.html?_=1618973698936&CODE_STATE=getMsg HTTP/1.1" 302 -
58.221.95.50 - - [21/Apr/2021:10:54:52 +0800] "GET /xingrg/all/function/internal_message.html?_=1618973693156&CODE_STATE=getMsg HTTP/1.1" 200 27
58.37.228.113 - - [21/Apr/2021:10:54:54 +0800] "GET /xingrg/kc/buy/cgsh_order_operate.html?command=get_materiel&rest_code=00141&code=00101006144&supplier_code=00100012&order_time=2021-04-21 HTTP/1.1" 200 409
116.238.141.202 - - [21/Apr/2021:10:54:56 +0800] "GET /xingrg/kc/base/wldb_order_list.html HTTP/1.1" 200 19383
116.238.141.202 - - [21/Apr/2021:10:54:57 +0800] "GET /xingrg/javascript/easyui/themes/icons/check_new.png HTTP/1.1" 200 3224
116.238.141.202 - - [21/Apr/2021:10:54:57 +0800] "GET /xingrg/javascript/easyui/themes/icons/field_new.png HTTP/1.1" 200 1097
116.238.141.202 - - [21/Apr/2021:10:54:57 +0800] "GET /xingrg/javascript/easyui/themes/icons/import_new.png HTTP/1.1" 200 1247
114.83.220.63 - - [21/Apr/2021:10:54:57 +0800] "GET /xingrg/all/function/internal_message.html?_=1618973697762&CODE_STATE=getMsg HTTP/1.1" 200 27
116.238.141.202 - - [21/Apr/2021:10:54:57 +0800] "POST /xingrg/kc/base/wldb_list_operate.html HTTP/1.1" 200 928
61.165.42.208 - - [21/Apr/2021:10:54:57 +0800] "POST /xingrg/kc/buy/cgsh_order_operate.html HTTP/1.1" 200 37
116.230.114.112 - - [21/Apr/2021:10:54:57 +0800] "GET /xingrg/kc/buy/cgsh_order_operate.html?command=get_materiel&rest_code=00146&code=00101012051&supplier_code=00100033&order_time=2021-04-21 HTTP/1.1" 200 408
116.238.141.202 - - [21/Apr/2021:10:54:58 +0800] "GET /xingrg/kc/base/wldb_order_add.html HTTP/1.1" 200 30542
61.165.42.208 - - [21/Apr/2021:10:54:59 +0800] "POST /xingrg/kc/buy/cgsh_order_operate.html HTTP/1.1" 200 5659
117.185.32.26 - - [21/Apr/2021:10:54:59 +0800] "GET /xingrg/kc/buy/cgsh_order_operate.html?command=get_materiel&rest_code=00106&code=00101005022&supplier_code=00100347&order_time=2021-04-21 HTTP/1.1" 200 417
61.165.42.208 - - [21/Apr/2021:10:55:00 +0800] "GET /xingrg/kc/print/load_data.html?order_code=212021042108755&kc_code=cgsh&condition= HTTP/1.1" 200 1834
116.238.141.202 - - [21/Apr/2021:10:55:00 +0800] "POST /xingrg/kc/base/wldb_order_operate.html HTTP/1.1" 200 6806
124.77.71.179 - - [21/Apr/2021:10:55:01 +0800] "GET /xingrg/check_reg.html?_=1618973698053 HTTP/1.1" 200 22
124.77.71.179 - - [21/Apr/2021:10:55:01 +0800] "GET /xingrg/all/function/internal_message.html?_=1618973698051&CODE_STATE=getMsg HTTP/1.1" 200 27
116.224.253.72 - - [21/Apr/2021:10:55:02 +0800] "GET /xingrg/all/function/internal_message.html?_=1618973688220&CODE_STATE=getMsg HTTP/1.1" 200 27
58.37.228.113 - - [21/Apr/2021:10:55:02 +0800] "GET /xingrg/kc/buy/cgsh_order_operate.html?command=get_materiel&rest_code=00141&code=00101006055&supplier_code=00100012&order_time=2021-04-21 HTTP/1.1" 200 409
114.86.231.92 - - [21/Apr/2021:10:55:02 +0800] "GET /xingrg/all/function/internal_message.html?_=1618973709155&CODE_STATE=getMsg HTTP/1.1" 200 27
180.169.147.146 - - [21/Apr/2021:10:55:02 +0800] "GET /xingrg/all/function/internal_message.html?_=1618973702659&CODE_STATE=getMsg HTTP/1.1" 200 27
116.238.141.202 - - [21/Apr/2021:10:55:03 +0800] "POST /xingrg/all/common/load_combo.html?type=base HTTP/1.1" 200 3060
116.238.141.202 - - [21/Apr/2021:10:55:04 +0800] "GET /xingrg/javascript/easyui/themes/default/validatebox.css HTTP/1.1" 404 1104
116.238.141.202 - - [21/Apr/2021:10:55:04 +0800] "GET /xingrg/all/function/internal_message.html?_=1618973983815&CODE_STATE=getMsg HTTP/1.1" 200 27
61.165.42.208 - - [21/Apr/2021:10:55:06 +0800] "GET /xingrg/kc/buy/cgsh_order_add.html HTTP/1.1" 200 62195
61.165.42.208 - - [21/Apr/2021:10:55:06 +0800] "POST /xingrg/kc/buy/cgsh_order_operate.html HTTP/1.1" 200 8245
61.165.42.208 - - [21/Apr/2021:10:55:06 +0800] "GET /xingrg/javascript/easyui/themes/default/validatebox.css HTTP/1.1" 404 1104
116.230.114.112 - - [21/Apr/2021:10:55:07 +0800] "GET /xingrg/all/function/internal_message.html?_=1618973717619&CODE_STATE=getMsg HTTP/1.1" 200 27
116.238.141.202 - - [21/Apr/2021:10:55:08 +0800] "POST /xingrg/all/common/load_combo.html?type=base HTTP/1.1" 200 3060
58.40.7.146 - - [21/Apr/2021:10:55:08 +0800] "GET /xingrg/all/function/internal_message.html?_=1618973709205&CODE_STATE=getMsg HTTP/1.1" 200 27
114.86.187.76 - - [21/Apr/2021:10:55:11 +0800] "GET /xingrg/all/function/internal_message.html?_=1618973712293&CODE_STATE=getMsg HTTP/1.1" 200 27
180.169.147.146 - - [21/Apr/2021:10:55:12 +0800] "GET /xingrg/all/function/internal_message.html?_=1618973716698&CODE_STATE=getMsg HTTP/1.1" 200 27
120.253.135.82 - - [21/Apr/2021:10:55:12 +0800] "GET /xingrg/check_reg.html?_=1618973492556 HTTP/1.1" 200 22
116.230.114.112 - - [21/Apr/2021:10:55:13 +0800] "GET /xingrg/kc/buy/cgsh_order_operate.html?command=get_materiel&rest_code=00146&code=00101012025&supplier_code=00100033&order_time=2021-04-21 HTTP/1.1" 200 412
180.169.147.146 - - [21/Apr/2021:10:55:14 +0800] "GET /xingrg/all/function/internal_message.html?_=1618973714828&CODE_STATE=getMsg HTTP/1.1" 200 27
58.37.228.113 - - [21/Apr/2021:10:55:14 +0800] "GET /xingrg/kc/buy/cgsh_order_operate.html?command=get_materiel&rest_code=00141&code=00101006055&supplier_code=00100012&order_time=2021-04-21 HTTP/1.1" 200 409
180.169.147.146 - - [21/Apr/2021:10:55:17 +0800] "GET /xingrg/all/function/internal_message.html?_=1618973717512&CODE_STATE=getMsg HTTP/1.1" 302 -
180.169.147.146 - - [21/Apr/2021:10:55:18 +0800] "GET /xingrg/all/function/internal_message.html?_=1618973716058&CODE_STATE=getMsg HTTP/1.1" 200 27
116.238.141.202 - - [21/Apr/2021:10:55:19 +0800] "GET /xingrg/kc/base/wldb_order_operate.html?command=get_materiel&rest_code=00102&base_code=0010477&code=00102002439 HTTP/1.1" 200 458
222.70.217.33 - - [21/Apr/2021:10:55:21 +0800] "GET /xingrg/all/function/internal_message.html?_=1618973721520&CODE_STATE=getMsg HTTP/1.1" 200 27
120.253.135.82 - - [21/Apr/2021:10:55:22 +0800] "GET /xingrg/all/function/internal_message.html?_=1618973502505&CODE_STATE=getMsg HTTP/1.1" 200 27
117.185.32.26 - - [21/Apr/2021:10:55:22 +0800] "GET /xingrg/all/function/internal_message.html?_=1618974247994&CODE_STATE=getMsg HTTP/1.1" 200 27
117.185.32.26 - - [21/Apr/2021:10:55:22 +0800] "GET /xingrg/check_reg.html?_=1618974247997 HTTP/1.1" 200 22
117.185.32.26 - - [21/Apr/2021:10:55:23 +0800] "POST /xingrg/kc/buy/cgsh_order_operate.html HTTP/1.1" 200 37
180.169.147.146 - - [21/Apr/2021:10:55:24 +0800] "GET /xingrg/all/function/internal_message.html?_=1618973730820&CODE_STATE=getMsg HTTP/1.1" 302 -
117.185.32.26 - - [21/Apr/2021:10:55:26 +0800] "POST /xingrg/kc/buy/cgsh_order_operate.html HTTP/1.1" 200 12
116.238.141.202 - - [21/Apr/2021:10:55:28 +0800] "GET /xingrg/kc/base/wldb_order_operate.html?command=get_materiel&rest_code=00102&base_code=0010477&code=00102002685 HTTP/1.1" 200 442
61.165.42.208 - - [21/Apr/2021:10:55:30 +0800] "GET /xingrg/kc/buy/cgsh_order_operate.html?command=get_materiel&rest_code=00105&code=00101006249&supplier_code=00100443&order_time=2021-04-21 HTTP/1.1" 200 405
117.185.32.26 - - [21/Apr/2021:10:55:30 +0800] "GET /xingrg/all/function/internal_message.html?_=1618973729840&CODE_STATE=getMsg HTTP/1.1" 200 27
116.238.141.202 - - [21/Apr/2021:10:55:30 +0800] "POST /xingrg/all/common/load_select.html HTTP/1.1" 200 25
117.185.32.26 - - [21/Apr/2021:10:55:32 +0800] "GET /xingrg/kc/buy/cgsh_order_info.html?code=212021042108756 HTTP/1.1" 200 57042
117.185.32.26 - - [21/Apr/2021:10:55:32 +0800] "GET /xingrg/words/20210420115334_words.js HTTP/1.1" 304 -
117.185.32.26 - - [21/Apr/2021:10:55:32 +0800] "GET /xingrg/javascript/easyui/themes/default/validatebox.css HTTP/1.1" 404 1104
116.238.141.202 - - [21/Apr/2021:10:55:33 +0800] "GET /xingrg/kc/base/wldb_order_operate.html?command=get_materiel_price&rest_code=00102&base_code=0010477&code=00102002685&unit_code=00100347 HTTP/1.1" 200 35
117.185.32.26 - - [21/Apr/2021:10:55:33 +0800] "POST /xingrg/kc/buy/cgsh_order_operate.html HTTP/1.1" 200 2989
61.165.42.208 - - [21/Apr/2021:10:55:34 +0800] "GET /xingrg/system/info/materiel_import.html?isSelect=1&singleSelect=false HTTP/1.1" 200 5600
61.165.42.208 - - [21/Apr/2021:10:55:34 +0800] "POST /xingrg/all/common/load_tree.html?tree=materiel_sort_tree_json HTTP/1.1" 200 8666
61.165.42.208 - - [21/Apr/2021:10:55:34 +0800] "GET /favicon.ico HTTP/1.1" 404 -
58.37.228.113 - - [21/Apr/2021:10:55:34 +0800] "GET /xingrg/all/function/internal_message.html?_=1618973735810&CODE_STATE=getMsg HTTP/1.1" 200 27
180.169.147.146 - - [21/Apr/2021:10:55:34 +0800] "GET /xingrg/check_reg.html?_=1618973732534 HTTP/1.1" 200 22
114.86.187.76 - - [21/Apr/2021:10:55:36 +0800] "GET /xingrg/kc/buy/cgsh_order_operate.html?command=get_materiel&rest_code=00148&code=00101020225&supplier_code=00100347&order_time=2021-04-21 HTTP/1.1" 200 403
114.86.187.76 - - [21/Apr/2021:10:55:36 +0800] "GET /xingrg/javascript/easyui/themes/default/images/button_plain_hover.png HTTP/1.1" 304 -
61.165.42.208 - - [21/Apr/2021:10:55:39 +0800] "GET /xingrg/all/function/internal_message.html?_=1618973741074&CODE_STATE=getMsg HTTP/1.1" 200 27
180.162.112.81 - - [21/Apr/2021:10:55:40 +0800] "GET /xingrg/all/function/internal_message.html?_=1618973498685&CODE_STATE=getMsg HTTP/1.1" 200 27
180.162.112.81 - - [21/Apr/2021:10:55:40 +0800] "GET /xingrg/check_reg.html?_=1618973498688 HTTP/1.1" 200 22
114.88.160.164 - - [21/Apr/2021:10:55:40 +0800] "GET /xingrg/all/function/internal_message.html?_=1618973739172&CODE_STATE=getMsg HTTP/1.1" 200 27
117.185.32.26 - - [21/Apr/2021:10:55:40 +0800] "GET /xingrg/kc/print/load_data.html?order_code=212021042108756&kc_code=cgsh&condition= HTTP/1.1" 200 1604
58.37.228.113 - - [21/Apr/2021:10:55:43 +0800] "GET /xingrg/kc/buy/cgsh_order_operate.html?command=get_materiel&rest_code=00141&code=00101006129&supplier_code=00100012&order_time=2021-04-21 HTTP/1.1" 200 431
116.238.141.202 - - [21/Apr/2021:10:55:44 +0800] "GET /xingrg/kc/base/wldb_order_operate.html?command=get_materiel&rest_code=00102&base_code=0010477&code=00102002441 HTTP/1.1" 200 448
180.169.147.146 - - [21/Apr/2021:10:55:44 +0800] "GET /xingrg/all/function/internal_message.html?_=1618973744858&CODE_STATE=getMsg HTTP/1.1" 200 27
180.169.147.146 - - [21/Apr/2021:10:55:44 +0800] "GET /xingrg/check_reg.html?_=1618973744864 HTTP/1.1" 200 22
116.224.253.72 - - [21/Apr/2021:10:55:48 +0800] "GET /xingrg/all/function/internal_message.html?_=1618973749794&CODE_STATE=getMsg HTTP/1.1" 200 27
116.230.114.112 - - [21/Apr/2021:10:55:50 +0800] "GET /xingrg/all/function/internal_message.html?_=1618973758951&CODE_STATE=getMsg HTTP/1.1" 302 -
58.221.95.50 - - [21/Apr/2021:10:55:52 +0800] "GET /xingrg/all/function/internal_message.html?_=1618973753183&CODE_STATE=getMsg HTTP/1.1" 200 27
116.238.141.202 - - [21/Apr/2021:10:55:56 +0800] "POST /xingrg/kc/base/wldb_order_operate.html HTTP/1.1" 200 37
114.83.220.63 - - [21/Apr/2021:10:55:57 +0800] "GET /xingrg/all/function/internal_message.html?_=1618973757733&CODE_STATE=getMsg HTTP/1.1" 200 27
58.37.228.113 - - [21/Apr/2021:10:55:57 +0800] "POST /xingrg/kc/buy/cgsh_order_operate.html HTTP/1.1" 200 37
114.83.220.63 - - [21/Apr/2021:10:55:58 +0800] "GET /xingrg/check_reg.html?_=1618973759384 HTTP/1.1" 200 22
116.238.141.202 - - [21/Apr/2021:10:55:59 +0800] "POST /xingrg/kc/base/wldb_order_operate.html HTTP/1.1" 200 12
116.238.141.202 - - [21/Apr/2021:10:55:59 +0800] "POST /xingrg/kc/base/wldb_order_operate.html HTTP/1.1" 200 3194
116.238.141.202 - - [21/Apr/2021:10:55:59 +0800] "GET /xingrg/kc/base/wldb_order_info.html?code=422021042102144 HTTP/1.1" 200 26415
124.77.71.179 - - [21/Apr/2021:10:56:01 +0800] "GET /xingrg/all/function/internal_message.html?_=1618973758048&CODE_STATE=getMsg HTTP/1.1" 200 27
58.37.228.113 - - [21/Apr/2021:10:56:02 +0800] "POST /xingrg/kc/buy/cgsh_order_operate.html HTTP/1.1" 200 12
116.224.253.72 - - [21/Apr/2021:10:56:02 +0800] "GET /xingrg/all/function/internal_message.html?_=1618973748226&CODE_STATE=getMsg HTTP/1.1" 200 27
114.86.231.92 - - [21/Apr/2021:10:56:02 +0800] "GET /xingrg/all/function/internal_message.html?_=1618973769161&CODE_STATE=getMsg HTTP/1.1" 200 27
180.169.147.146 - - [21/Apr/2021:10:56:02 +0800] "GET /xingrg/all/function/internal_message.html?_=1618973762662&CODE_STATE=getMsg HTTP/1.1" 200 27
61.165.42.208 - - [21/Apr/2021:10:56:04 +0800] "POST /xingrg/kc/buy/cgsh_order_operate.html HTTP/1.1" 200 37
58.37.228.113 - - [21/Apr/2021:10:56:04 +0800] "GET /xingrg/kc/buy/cgsh_order_info.html?code=212021042108757 HTTP/1.1" 200 57056
58.37.228.113 - - [21/Apr/2021:10:56:04 +0800] "GET /xingrg/javascript/easyui/themes/default/validatebox.css HTTP/1.1" 404 1104
116.238.141.202 - - [21/Apr/2021:10:56:05 +0800] "POST /xingrg/kc/base/wldb_order_operate.html HTTP/1.1" 200 1465
58.37.228.113 - - [21/Apr/2021:10:56:05 +0800] "POST /xingrg/kc/buy/cgsh_order_operate.html HTTP/1.1" 200 2397
61.165.42.208 - - [21/Apr/2021:10:56:05 +0800] "POST /xingrg/kc/buy/cgsh_order_operate.html HTTP/1.1" 200 2665
61.165.42.208 - - [21/Apr/2021:10:56:06 +0800] "GET /xingrg/kc/print/load_data.html?order_code=212021042108758&kc_code=cgsh&condition= HTTP/1.1" 200 678
116.230.114.112 - - [21/Apr/2021:10:56:07 +0800] "GET /xingrg/all/function/internal_message.html?_=1618973777632&CODE_STATE=getMsg HTTP/1.1" 200 27
58.37.228.113 - - [21/Apr/2021:10:56:07 +0800] "GET /xingrg/kc/print/load_config.html?kc_code=cgsh HTTP/1.1" 200 1845
58.37.228.113 - - [21/Apr/2021:10:56:07 +0800] "GET /xingrg/kc/print/load_data.html?order_code=212021042108757&kc_code=cgsh&condition= HTTP/1.1" 200 1498
116.238.141.202 - - [21/Apr/2021:10:56:08 +0800] "GET /xingrg/javascript/easyui/themes/default/validatebox.css HTTP/1.1" 404 1104
116.238.141.202 - - [21/Apr/2021:10:56:08 +0800] "GET /xingrg/all/function/internal_message.html?_=1618974047621&CODE_STATE=getMsg HTTP/1.1" 200 27
58.40.7.146 - - [21/Apr/2021:10:56:08 +0800] "GET /xingrg/all/function/internal_message.html?_=1618973769192&CODE_STATE=getMsg HTTP/1.1" 200 27
61.165.42.208 - - [21/Apr/2021:10:56:09 +0800] "GET /xingrg/kc/buy/cgsh_order_add.html HTTP/1.1" 200 62195
61.165.42.208 - - [21/Apr/2021:10:56:10 +0800] "POST /xingrg/kc/buy/cgsh_order_operate.html HTTP/1.1" 200 8245
61.165.42.208 - - [21/Apr/2021:10:56:10 +0800] "GET /xingrg/javascript/easyui/themes/default/validatebox.css HTTP/1.1" 404 1104
114.86.187.76 - - [21/Apr/2021:10:56:11 +0800] "GET /xingrg/all/function/internal_message.html?_=1618973772307&CODE_STATE=getMsg HTTP/1.1" 200 27
180.169.147.146 - - [21/Apr/2021:10:56:12 +0800] "GET /xingrg/all/function/internal_message.html?_=1618973776700&CODE_STATE=getMsg HTTP/1.1" 200 27
180.169.147.146 - - [21/Apr/2021:10:56:14 +0800] "GET /xingrg/all/function/internal_message.html?_=1618973774834&CODE_STATE=getMsg HTTP/1.1" 200 27
117.185.32.26 - - [21/Apr/2021:10:56:16 +0800] "GET /xingrg/check_reg.html?_=1618974301472 HTTP/1.1" 200 22
58.37.228.113 - - [21/Apr/2021:10:56:16 +0800] "GET /xingrg/kc/buy/cgsh_order_add.html HTTP/1.1" 200 62154
58.37.228.113 - - [21/Apr/2021:10:56:17 +0800] "POST /xingrg/kc/buy/cgsh_order_operate.html HTTP/1.1" 200 8245
58.37.228.113 - - [21/Apr/2021:10:56:17 +0800] "GET /xingrg/all/common/auto_word.html?type=employee&rest_code=00141 HTTP/1.1" 200 201
58.37.228.113 - - [21/Apr/2021:10:56:17 +0800] "GET /xingrg/all/common/auto_word.html?type=employee&rest_code=00141 HTTP/1.1" 200 201
58.37.228.113 - - [21/Apr/2021:10:56:17 +0800] "GET /xingrg/javascript/easyui/themes/default/validatebox.css HTTP/1.1" 404 1104
180.169.147.146 - - [21/Apr/2021:10:56:17 +0800] "GET /xingrg/all/function/internal_message.html?_=1618973777504&CODE_STATE=getMsg HTTP/1.1" 302 -
180.169.147.146 - - [21/Apr/2021:10:56:18 +0800] "GET /xingrg/all/function/internal_message.html?_=1618973776037&CODE_STATE=getMsg HTTP/1.1" 200 27
61.165.42.208 - - [21/Apr/2021:10:56:20 +0800] "GET /xingrg/kc/buy/cgsh_order_operate.html?command=get_materiel&rest_code=00105&code=00101001045&supplier_code=00100439&order_time=2021-04-21 HTTP/1.1" 200 422
222.70.217.33 - - [21/Apr/2021:10:56:21 +0800] "GET /xingrg/all/function/internal_message.html?_=1618973781524&CODE_STATE=getMsg HTTP/1.1" 200 27
116.230.114.112 - - [21/Apr/2021:10:56:21 +0800] "GET /xingrg/kc/buy/cgsh_order_operate.html?command=get_materiel&rest_code=00146&code=00101016080&supplier_code=00100033&order_time=2021-04-21 HTTP/1.1" 200 408
120.253.135.82 - - [21/Apr/2021:10:56:22 +0800] "GET /xingrg/all/function/internal_message.html?_=1618973562518&CODE_STATE=getMsg HTTP/1.1" 200 27
117.185.32.26 - - [21/Apr/2021:10:56:22 +0800] "GET /xingrg/all/function/internal_message.html?_=1618974308021&CODE_STATE=getMsg HTTP/1.1" 200 27
117.185.32.26 - - [21/Apr/2021:10:56:24 +0800] "GET /xingrg/check_reg.html?_=1618973783617 HTTP/1.1" 200 22
180.169.147.146 - - [21/Apr/2021:10:56:24 +0800] "GET /xingrg/check_reg.html?_=1618973790822 HTTP/1.1" 302 -
180.169.147.146 - - [21/Apr/2021:10:56:24 +0800] "GET /xingrg/all/function/internal_message.html?_=1618973790820&CODE_STATE=getMsg HTTP/1.1" 302 -
117.185.32.26 - - [21/Apr/2021:10:56:30 +0800] "GET /xingrg/all/function/internal_message.html?_=1618973789819&CODE_STATE=getMsg HTTP/1.1" 200 27
61.165.42.208 - - [21/Apr/2021:10:56:32 +0800] "POST /xingrg/kc/buy/cgsh_order_operate.html HTTP/1.1" 200 37
58.37.228.113 - - [21/Apr/2021:10:56:34 +0800] "GET /xingrg/check_reg.html?_=1618973795816 HTTP/1.1" 200 22
58.37.228.113 - - [21/Apr/2021:10:56:34 +0800] "GET /xingrg/all/function/internal_message.html?_=1618973795814&CODE_STATE=getMsg HTTP/1.1" 200 27
61.165.42.208 - - [21/Apr/2021:10:56:37 +0800] "POST /xingrg/kc/buy/cgsh_order_operate.html HTTP/1.1" 200 2670
61.165.42.208 - - [21/Apr/2021:10:56:38 +0800] "GET /xingrg/all/function/internal_message.html?_=1618973800375&CODE_STATE=getMsg HTTP/1.1" 200 27
61.165.42.208 - - [21/Apr/2021:10:56:39 +0800] "GET /xingrg/kc/print/load_data.html?order_code=212021042108759&kc_code=cgsh&condition= HTTP/1.1" 200 687
180.162.112.81 - - [21/Apr/2021:10:56:40 +0800] "GET /xingrg/all/function/internal_message.html?_=1618973558687&CODE_STATE=getMsg HTTP/1.1" 200 27
114.88.160.164 - - [21/Apr/2021:10:56:40 +0800] "GET /xingrg/all/function/internal_message.html?_=1618973799179&CODE_STATE=getMsg HTTP/1.1" 200 27
180.169.147.146 - - [21/Apr/2021:10:56:44 +0800] "GET /xingrg/all/function/internal_message.html?_=1618973804846&CODE_STATE=getMsg HTTP/1.1" 200 27
116.224.253.72 - - [21/Apr/2021:10:56:48 +0800] "GET /xingrg/all/function/internal_message.html?_=1618973809829&CODE_STATE=getMsg HTTP/1.1" 200 27
58.221.95.50 - - [21/Apr/2021:10:56:49 +0800] "GET /xingrg/kc/buy/cgsh_order_operate.html?command=get_materiel&rest_code=00152&code=00102009478&supplier_code=00100151&order_time=2021-04-16 HTTP/1.1" 200 412
116.230.114.112 - - [21/Apr/2021:10:56:50 +0800] "GET /xingrg/all/function/internal_message.html?_=1618973818962&CODE_STATE=getMsg HTTP/1.1" 302 -
58.221.95.50 - - [21/Apr/2021:10:56:52 +0800] "GET /xingrg/all/function/internal_message.html?_=1618973813172&CODE_STATE=getMsg HTTP/1.1" 200 27
114.83.220.63 - - [21/Apr/2021:10:56:57 +0800] "GET /xingrg/all/function/internal_message.html?_=1618973817712&CODE_STATE=getMsg HTTP/1.1" 200 27
116.238.141.202 - - [21/Apr/2021:10:57:00 +0800] "GET /xingrg/check_reg.html?_=1618974099323 HTTP/1.1" 200 22
114.86.187.76 - - [21/Apr/2021:10:57:01 +0800] "GET /xingrg/kc/buy/cgsh_order_operate.html?command=get_materiel&rest_code=00148&code=00101003004&supplier_code=00100347&order_time=2021-04-21 HTTP/1.1" 200 420
124.77.71.179 - - [21/Apr/2021:10:57:01 +0800] "GET /xingrg/all/function/internal_message.html?_=1618973818051&CODE_STATE=getMsg HTTP/1.1" 200 27
114.86.187.76 - - [21/Apr/2021:10:57:01 +0800] "GET /xingrg/javascript/easyui/themes/default/images/button_plain_hover.png HTTP/1.1" 304 -
116.224.253.72 - - [21/Apr/2021:10:57:01 +0800] "GET /xingrg/check_reg.html?_=1618973807178 HTTP/1.1" 200 22
116.224.253.72 - - [21/Apr/2021:10:57:02 +0800] "GET /xingrg/all/function/internal_message.html?_=1618973808238&CODE_STATE=getMsg HTTP/1.1" 200 27
114.86.231.92 - - [21/Apr/2021:10:57:02 +0800] "GET /xingrg/all/function/internal_message.html?_=1618973829164&CODE_STATE=getMsg HTTP/1.1" 200 27
114.86.231.92 - - [21/Apr/2021:10:57:02 +0800] "GET /xingrg/check_reg.html?_=1618973829166 HTTP/1.1" 200 22
180.169.147.146 - - [21/Apr/2021:10:57:02 +0800] "GET /xingrg/check_reg.html?_=1618973822668 HTTP/1.1" 200 22
180.169.147.146 - - [21/Apr/2021:10:57:02 +0800] "GET /xingrg/all/function/internal_message.html?_=1618973822669&CODE_STATE=getMsg HTTP/1.1" 200 27
117.185.32.26 - - [21/Apr/2021:10:57:03 +0800] "GET /xingrg/kc/buy/cgsh_order_add.html HTTP/1.1" 200 62148
117.185.32.26 - - [21/Apr/2021:10:57:03 +0800] "POST /xingrg/kc/buy/cgsh_order_operate.html HTTP/1.1" 200 8245
117.185.32.26 - - [21/Apr/2021:10:57:03 +0800] "GET /xingrg/javascript/easyui/themes/default/validatebox.css HTTP/1.1" 404 1104
116.230.114.112 - - [21/Apr/2021:10:57:04 +0800] "GET /xingrg/check_reg.html?_=1618973834776 HTTP/1.1" 200 22
117.185.32.26 - - [21/Apr/2021:10:57:07 +0800] "GET /xingrg/javascript/easyui/themes/default/tree.css HTTP/1.1" 404 1090
117.185.32.26 - - [21/Apr/2021:10:57:07 +0800] "POST /xingrg/all/common/load_tree.html?tree=supplier_tree_json&isDelete=1 HTTP/1.1" 200 54827
116.230.114.112 - - [21/Apr/2021:10:57:07 +0800] "GET /xingrg/all/function/internal_message.html?_=1618973837646&CODE_STATE=getMsg HTTP/1.1" 200 27
116.238.141.202 - - [21/Apr/2021:10:57:08 +0800] "GET /xingrg/all/function/internal_message.html?_=1618974107621&CODE_STATE=getMsg HTTP/1.1" 200 27
58.40.7.146 - - [21/Apr/2021:10:57:08 +0800] "GET /xingrg/all/function/internal_message.html?_=1618973829196&CODE_STATE=getMsg HTTP/1.1" 200 27
124.77.71.179 - - [21/Apr/2021:10:57:11 +0800] "GET /xingrg/kc/buy/cgsh_order_add.html HTTP/1.1" 200 62236
114.86.187.76 - - [21/Apr/2021:10:57:11 +0800] "GET /xingrg/all/function/internal_message.html?_=1618973832410&CODE_STATE=getMsg HTTP/1.1" 200 27
180.169.147.146 - - [21/Apr/2021:10:57:12 +0800] "GET /xingrg/all/function/internal_message.html?_=1618973836687&CODE_STATE=getMsg HTTP/1.1" 200 27
124.77.71.179 - - [21/Apr/2021:10:57:12 +0800] "GET /xingrg/javascript/easyui/themes/default/validatebox.css HTTP/1.1" 404 1104
124.77.71.179 - - [21/Apr/2021:10:57:12 +0800] "POST /xingrg/kc/buy/cgsh_order_operate.html HTTP/1.1" 200 8245
180.169.147.146 - - [21/Apr/2021:10:57:14 +0800] "GET /xingrg/all/function/internal_message.html?_=1618973834832&CODE_STATE=getMsg HTTP/1.1" 200 27
114.86.187.76 - - [21/Apr/2021:10:57:15 +0800] "GET /xingrg/kc/buy/cgsh_order_operate.html?command=get_materiel&rest_code=00148&code=00101010039&supplier_code=00100347&order_time=2021-04-21 HTTP/1.1" 200 413
114.86.187.76 - - [21/Apr/2021:10:57:15 +0800] "GET /xingrg/javascript/easyui/themes/default/images/button_plain_hover.png HTTP/1.1" 304 -
117.131.5.26 - - [21/Apr/2021:10:57:16 +0800] "POST /xingrg/services/DataTransmitService HTTP/1.1" 200 524
117.131.5.26 - - [21/Apr/2021:10:57:16 +0800] "POST /xingrg/services/DataTransmitService HTTP/1.1" 200 2231
180.169.147.146 - - [21/Apr/2021:10:57:17 +0800] "GET /xingrg/all/function/internal_message.html?_=1618973837506&CODE_STATE=getMsg HTTP/1.1" 302 -
180.169.147.146 - - [21/Apr/2021:10:57:18 +0800] "GET /xingrg/all/function/internal_message.html?_=1618973836008&CODE_STATE=getMsg HTTP/1.1" 200 27
222.70.217.33 - - [21/Apr/2021:10:57:21 +0800] "GET /xingrg/all/function/internal_message.html?_=1618973841527&CODE_STATE=getMsg HTTP/1.1" 200 27
222.70.217.33 - - [21/Apr/2021:10:57:21 +0800] "GET /xingrg/check_reg.html?_=1618973841528 HTTP/1.1" 200 22
116.230.114.112 - - [21/Apr/2021:10:57:22 +0800] "GET /xingrg/kc/buy/cgsh_order_operate.html?command=get_materiel&rest_code=00146&code=00101012002&supplier_code=00100033&order_time=2021-04-21 HTTP/1.1" 200 419
120.253.135.82 - - [21/Apr/2021:10:57:22 +0800] "GET /xingrg/all/function/internal_message.html?_=1618973622545&CODE_STATE=getMsg HTTP/1.1" 200 27
117.185.32.26 - - [21/Apr/2021:10:57:22 +0800] "GET /xingrg/all/function/internal_message.html?_=1618974368028&CODE_STATE=getMsg HTTP/1.1" 200 27
124.77.71.179 - - [21/Apr/2021:10:57:23 +0800] "GET /xingrg/javascript/easyui/themes/default/tree.css HTTP/1.1" 404 1090
124.77.71.179 - - [21/Apr/2021:10:57:24 +0800] "POST /xingrg/all/common/load_tree.html?tree=supplier_tree_json&isDelete=1 HTTP/1.1" 200 54827
180.169.147.146 - - [21/Apr/2021:10:57:24 +0800] "GET /xingrg/all/function/internal_message.html?_=1618973850822&CODE_STATE=getMsg HTTP/1.1" 302 -
114.86.187.76 - - [21/Apr/2021:10:57:26 +0800] "GET /xingrg/kc/buy/cgsh_order_operate.html?command=get_materiel&rest_code=00148&code=00101001008&supplier_code=00100347&order_time=2021-04-21 HTTP/1.1" 200 415
114.86.187.76 - - [21/Apr/2021:10:57:26 +0800] "GET /xingrg/javascript/easyui/themes/default/images/button_plain_hover.png HTTP/1.1" 304 -
58.37.228.113 - - [21/Apr/2021:10:57:30 +0800] "GET /xingrg/kc/buy/cgsh_order_operate.html?command=get_materiel&rest_code=00141&code=00101015043&supplier_code=00100055&order_time=2021-04-21 HTTP/1.1" 200 413
117.185.32.26 - - [21/Apr/2021:10:57:30 +0800] "GET /xingrg/all/function/internal_message.html?_=1618973849793&CODE_STATE=getMsg HTTP/1.1" 200 27
58.37.228.113 - - [21/Apr/2021:10:57:34 +0800] "GET /xingrg/all/function/internal_message.html?_=1618973855866&CODE_STATE=getMsg HTTP/1.1" 200 27
61.165.42.208 - - [21/Apr/2021:10:57:38 +0800] "GET /xingrg/all/function/internal_message.html?_=1618973860356&CODE_STATE=getMsg HTTP/1.1" 200 27
114.88.160.164 - - [21/Apr/2021:10:57:38 +0800] "GET /xingrg/check_reg.html?_=1618973857226 HTTP/1.1" 200 22
114.86.187.76 - - [21/Apr/2021:10:57:39 +0800] "GET /xingrg/kc/buy/cgsh_order_operate.html?command=get_materiel&rest_code=00148&code=00101010039&supplier_code=00100347&order_time=2021-04-21 HTTP/1.1" 200 413
114.86.187.76 - - [21/Apr/2021:10:57:39 +0800] "GET /xingrg/javascript/easyui/themes/default/images/button_plain_hover.png HTTP/1.1" 304 -
180.162.112.81 - - [21/Apr/2021:10:57:40 +0800] "GET /xingrg/all/function/internal_message.html?_=1618973618689&CODE_STATE=getMsg HTTP/1.1" 200 27
114.88.160.164 - - [21/Apr/2021:10:57:40 +0800] "GET /xingrg/all/function/internal_message.html?_=1618973859191&CODE_STATE=getMsg HTTP/1.1" 200 27
180.169.147.146 - - [21/Apr/2021:10:57:44 +0800] "GET /xingrg/all/function/internal_message.html?_=1618973864856&CODE_STATE=getMsg HTTP/1.1" 200 27
116.230.114.112 - - [21/Apr/2021:10:57:47 +0800] "GET /xingrg/check_reg.html?_=1618973876729 HTTP/1.1" 302 -
116.224.253.72 - - [21/Apr/2021:10:57:48 +0800] "GET /xingrg/all/function/internal_message.html?_=1618973869828&CODE_STATE=getMsg HTTP/1.1" 200 27
116.230.114.112 - - [21/Apr/2021:10:57:50 +0800] "GET /xingrg/all/function/internal_message.html?_=1618973878976&CODE_STATE=getMsg HTTP/1.1" 302 -
58.37.228.113 - - [21/Apr/2021:10:57:51 +0800] "POST /xingrg/kc/buy/cgsh_order_operate.html HTTP/1.1" 200 37
58.221.95.50 - - [21/Apr/2021:10:57:52 +0800] "GET /xingrg/all/function/internal_message.html?_=1618973873182&CODE_STATE=getMsg HTTP/1.1" 200 27
58.221.95.50 - - [21/Apr/2021:10:57:52 +0800] "GET /xingrg/check_reg.html?_=1618973873185 HTTP/1.1" 200 22
124.77.71.179 - - [21/Apr/2021:10:57:52 +0800] "GET /xingrg/kc/buy/cgsh_order_operate.html?command=get_materiel&rest_code=00107&code=00101012045&supplier_code=00100326&order_time=2021-04-21 HTTP/1.1" 200 409
58.37.228.113 - - [21/Apr/2021:10:57:55 +0800] "POST /xingrg/kc/buy/cgsh_order_operate.html HTTP/1.1" 200 12
58.37.228.113 - - [21/Apr/2021:10:57:56 +0800] "GET /xingrg/kc/buy/cgsh_order_info.html?code=212021042108760 HTTP/1.1" 200 57056
58.37.228.113 - - [21/Apr/2021:10:57:56 +0800] "GET /xingrg/javascript/easyui/themes/default/validatebox.css HTTP/1.1" 404 1104
114.83.220.63 - - [21/Apr/2021:10:57:57 +0800] "GET /xingrg/all/function/internal_message.html?_=1618973877697&CODE_STATE=getMsg HTTP/1.1" 200 27
117.185.32.26 - - [21/Apr/2021:10:57:57 +0800] "GET /xingrg/kc/buy/cgsh_order_operate.html?command=get_materiel&rest_code=00106&code=00101018011&supplier_code=00100330&order_time=2021-04-21 HTTP/1.1" 200 413
58.37.228.113 - - [21/Apr/2021:10:57:57 +0800] "POST /xingrg/kc/buy/cgsh_order_operate.html HTTP/1.1" 200 607
58.37.228.113 - - [21/Apr/2021:10:57:58 +0800] "GET /xingrg/kc/print/load_config.html?kc_code=cgsh HTTP/1.1" 200 1845
58.37.228.113 - - [21/Apr/2021:10:57:58 +0800] "GET /xingrg/kc/print/load_data.html?order_code=212021042108760&kc_code=cgsh&condition= HTTP/1.1" 200 751
180.169.147.146 - - [21/Apr/2021:10:58:00 +0800] "POST /xingrg/all/user/operate.html HTTP/1.1" 302 -
124.77.71.179 - - [21/Apr/2021:10:58:01 +0800] "GET /xingrg/all/function/internal_message.html?_=1618973878065&CODE_STATE=getMsg HTTP/1.1" 200 27
116.224.253.72 - - [21/Apr/2021:10:58:02 +0800] "GET /xingrg/all/function/internal_message.html?_=1618973868252&CODE_STATE=getMsg HTTP/1.1" 200 27
114.86.231.92 - - [21/Apr/2021:10:58:02 +0800] "GET /xingrg/all/function/internal_message.html?_=1618973889164&CODE_STATE=getMsg HTTP/1.1" 200 27
124.77.71.179 - - [21/Apr/2021:10:58:02 +0800] "POST /xingrg/kc/buy/cgsh_order_operate.html HTTP/1.1" 200 37
114.86.187.76 - - [21/Apr/2021:10:58:02 +0800] "GET /xingrg/kc/buy/cgsh_order_operate.html?command=get_materiel&rest_code=00148&code=00101004038&supplier_code=00100347&order_time=2021-04-21 HTTP/1.1" 200 430
114.86.187.76 - - [21/Apr/2021:10:58:02 +0800] "GET /xingrg/javascript/easyui/themes/default/images/button_plain_hover.png HTTP/1.1" 304 -
180.169.147.146 - - [21/Apr/2021:10:58:02 +0800] "GET /xingrg/all/function/internal_message.html?_=1618973882660&CODE_STATE=getMsg HTTP/1.1" 200 27
180.169.147.146 - - [21/Apr/2021:10:58:04 +0800] "POST /xingrg/all/user/operate.html HTTP/1.1" 302 -
124.77.71.179 - - [21/Apr/2021:10:58:04 +0800] "POST /xingrg/kc/buy/cgsh_order_operate.html HTTP/1.1" 200 2654
124.77.71.179 - - [21/Apr/2021:10:58:06 +0800] "GET /xingrg/kc/print/load_data.html?order_code=212021042108761&kc_code=cgsh&condition= HTTP/1.1" 200 673
116.230.114.112 - - [21/Apr/2021:10:58:07 +0800] "GET /xingrg/all/function/internal_message.html?_=1618973897660&CODE_STATE=getMsg HTTP/1.1" 200 27
116.238.141.202 - - [21/Apr/2021:10:58:08 +0800] "GET /xingrg/all/function/internal_message.html?_=1618974167634&CODE_STATE=getMsg HTTP/1.1" 200 27
58.40.7.146 - - [21/Apr/2021:10:58:08 +0800] "GET /xingrg/all/function/internal_message.html?_=1618973889198&CODE_STATE=getMsg HTTP/1.1" 200 27
58.40.7.146 - - [21/Apr/2021:10:58:08 +0800] "GET /xingrg/check_reg.html?_=1618973889200 HTTP/1.1" 200 22
114.86.187.76 - - [21/Apr/2021:10:58:10 +0800] "GET /xingrg/kc/buy/cgsh_order_operate.html?command=get_materiel&rest_code=00148&code=00101005022&supplier_code=00100347&order_time=2021-04-21 HTTP/1.1" 200 417
114.86.187.76 - - [21/Apr/2021:10:58:10 +0800] "GET /xingrg/javascript/easyui/themes/default/images/button_plain_hover.png HTTP/1.1" 304 -
124.77.71.179 - - [21/Apr/2021:10:58:10 +0800] "GET /xingrg/kc/buy/cgsh_order_add.html HTTP/1.1" 200 62236
124.77.71.179 - - [21/Apr/2021:10:58:11 +0800] "GET /xingrg/javascript/easyui/themes/default/validatebox.css HTTP/1.1" 404 1104
124.77.71.179 - - [21/Apr/2021:10:58:11 +0800] "POST /xingrg/kc/buy/cgsh_order_operate.html HTTP/1.1" 200 8245
116.230.114.112 - - [21/Apr/2021:10:58:11 +0800] "GET /xingrg/kc/buy/cgsh_order_operate.html?command=get_materiel&rest_code=00146&code=00101012044&supplier_code=00100033&order_time=2021-04-21 HTTP/1.1" 200 409
114.86.187.76 - - [21/Apr/2021:10:58:11 +0800] "GET /xingrg/all/function/internal_message.html?_=1618973892461&CODE_STATE=getMsg HTTP/1.1" 200 27
180.169.147.146 - - [21/Apr/2021:10:58:12 +0800] "GET /xingrg/all/function/internal_message.html?_=1618973896689&CODE_STATE=getMsg HTTP/1.1" 200 27
124.77.71.179 - - [21/Apr/2021:10:58:12 +0800] "GET /xingrg/javascript/easyui/themes/default/tree.css HTTP/1.1" 404 1090
124.77.71.179 - - [21/Apr/2021:10:58:12 +0800] "POST /xingrg/all/common/load_tree.html?tree=supplier_tree_json&isDelete=1 HTTP/1.1" 200 54827
180.169.147.146 - - [21/Apr/2021:10:58:14 +0800] "GET /xingrg/all/function/internal_message.html?_=1618973894843&CODE_STATE=getMsg HTTP/1.1" 200 27
180.169.147.146 - - [21/Apr/2021:10:58:17 +0800] "GET /favicon.ico HTTP/1.1" 404 -
180.169.147.146 - - [21/Apr/2021:10:58:17 +0800] "GET /xingrg/all/function/internal_message.html?_=1618973897509&CODE_STATE=getMsg HTTP/1.1" 302 -
180.169.147.146 - - [21/Apr/2021:10:58:18 +0800] "GET /xingrg/all/function/internal_message.html?_=1618973895983&CODE_STATE=getMsg HTTP/1.1" 200 27
222.70.217.33 - - [21/Apr/2021:10:58:21 +0800] "GET /xingrg/all/function/internal_message.html?_=1618973901514&CODE_STATE=getMsg HTTP/1.1" 200 27
120.253.135.82 - - [21/Apr/2021:10:58:22 +0800] "GET /xingrg/all/function/internal_message.html?_=1618973682560&CODE_STATE=getMsg HTTP/1.1" 200 27
117.185.32.26 - - [21/Apr/2021:10:58:22 +0800] "GET /xingrg/all/function/internal_message.html?_=1618974428036&CODE_STATE=getMsg HTTP/1.1" 200 27
180.169.147.146 - - [21/Apr/2021:10:58:24 +0800] "GET /xingrg/all/function/internal_message.html?_=1618973910822&CODE_STATE=getMsg HTTP/1.1" 302 -
114.86.187.76 - - [21/Apr/2021:10:58:24 +0800] "GET /xingrg/kc/buy/cgsh_order_operate.html?command=get_materiel&rest_code=00148&code=00101002013&supplier_code=00100347&order_time=2021-04-21 HTTP/1.1" 200 414
114.86.187.76 - - [21/Apr/2021:10:58:24 +0800] "GET /xingrg/javascript/easyui/themes/default/images/button_plain_hover.png HTTP/1.1" 304 -
117.185.32.26 - - [21/Apr/2021:10:58:30 +0800] "GET /xingrg/all/function/internal_message.html?_=1618973909772&CODE_STATE=getMsg HTTP/1.1" 200 27
58.37.228.113 - - [21/Apr/2021:10:58:34 +0800] "GET /xingrg/all/function/internal_message.html?_=1618973915823&CODE_STATE=getMsg HTTP/1.1" 200 27
61.165.42.208 - - [21/Apr/2021:10:58:38 +0800] "GET /xingrg/all/function/internal_message.html?_=1618973920335&CODE_STATE=getMsg HTTP/1.1" 200 27
61.165.42.208 - - [21/Apr/2021:10:58:39 +0800] "GET /xingrg/check_reg.html?_=1618973921100 HTTP/1.1" 200 22
180.162.112.81 - - [21/Apr/2021:10:58:40 +0800] "GET /xingrg/all/function/internal_message.html?_=1618973678689&CODE_STATE=getMsg HTTP/1.1" 200 27
114.88.160.164 - - [21/Apr/2021:10:58:40 +0800] "GET /xingrg/all/function/internal_message.html?_=1618973919204&CODE_STATE=getMsg HTTP/1.1" 200 27
114.83.220.63 - - [21/Apr/2021:10:58:42 +0800] "GET /xingrg/kc/mdqp/pssh_order_list.html?isBack=1 HTTP/1.1" 200 18015
124.77.71.179 - - [21/Apr/2021:10:58:43 +0800] "GET /xingrg/kc/buy/cgsh_order_operate.html?command=get_materiel&rest_code=00107&code=00101001051&supplier_code=00100090&order_time=2021-04-21 HTTP/1.1" 200 422
114.83.220.63 - - [21/Apr/2021:10:58:43 +0800] "POST /xingrg/kc/mdqp/pssh_list_operate.html HTTP/1.1" 200 5466
180.169.147.146 - - [21/Apr/2021:10:58:44 +0800] "GET /xingrg/all/function/internal_message.html?_=1618973924852&CODE_STATE=getMsg HTTP/1.1" 200 27
117.185.32.26 - - [21/Apr/2021:10:58:45 +0800] "GET /xingrg/kc/buy/cgsh_order_operate.html?command=get_materiel&rest_code=00106&code=00101018004&supplier_code=00100330&order_time=2021-04-21 HTTP/1.1" 200 409
114.83.220.63 - - [21/Apr/2021:10:58:47 +0800] "POST /xingrg/kc/mdqp/pssh_list_operate.html HTTP/1.1" 200 1583
116.230.114.112 - - [21/Apr/2021:10:58:47 +0800] "GET /xingrg/kc/buy/cgsh_order_operate.html?command=get_materiel&rest_code=00146&code=00101016025&supplier_code=00100033&order_time=2021-04-21 HTTP/1.1" 200 408
116.224.253.72 - - [21/Apr/2021:10:58:48 +0800] "GET /xingrg/check_reg.html?_=1618973929835 HTTP/1.1" 200 22
116.224.253.72 - - [21/Apr/2021:10:58:48 +0800] "GET /xingrg/all/function/internal_message.html?_=1618973929838&CODE_STATE=getMsg HTTP/1.1" 200 27
116.230.114.112 - - [21/Apr/2021:10:58:50 +0800] "GET /xingrg/all/function/internal_message.html?_=1618973938993&CODE_STATE=getMsg HTTP/1.1" 302 -
58.221.95.50 - - [21/Apr/2021:10:58:52 +0800] "GET /xingrg/all/function/internal_message.html?_=1618973933185&CODE_STATE=getMsg HTTP/1.1" 200 27
114.83.220.63 - - [21/Apr/2021:10:58:57 +0800] "GET /xingrg/all/function/internal_message.html?_=1618973937681&CODE_STATE=getMsg HTTP/1.1" 200 27
116.230.114.112 - - [21/Apr/2021:10:58:58 +0800] "GET /xingrg/kc/buy/cgsh_order_operate.html?command=get_materiel&rest_code=00146&code=00101012033&supplier_code=00100033&order_time=2021-04-21 HTTP/1.1" 200 426
124.77.71.179 - - [21/Apr/2021:10:59:01 +0800] "GET /xingrg/all/function/internal_message.html?_=1618973938067&CODE_STATE=getMsg HTTP/1.1" 200 27
114.86.187.76 - - [21/Apr/2021:10:59:01 +0800] "GET /xingrg/javascript/easyui/themes/default/images/button_plain_hover.png HTTP/1.1" 304 -
114.86.187.76 - - [21/Apr/2021:10:59:01 +0800] "GET /xingrg/javascript/easyui/themes/default/images/button_plain_hover.png HTTP/1.1" 304 -
114.86.187.76 - - [21/Apr/2021:10:59:01 +0800] "GET /xingrg/javascript/easyui/themes/default/images/button_plain_hover.png HTTP/1.1" 304 -
114.86.187.76 - - [21/Apr/2021:10:59:01 +0800] "GET /xingrg/javascript/easyui/themes/default/images/button_plain_hover.png HTTP/1.1" 304 -
114.86.187.76 - - [21/Apr/2021:10:59:01 +0800] "GET /xingrg/javascript/easyui/themes/default/images/button_plain_hover.png HTTP/1.1" 304 -
114.86.187.76 - - [21/Apr/2021:10:59:01 +0800] "GET /xingrg/javascript/easyui/themes/default/images/button_plain_hover.png HTTP/1.1" 304 -
114.86.187.76 - - [21/Apr/2021:10:59:01 +0800] "GET /xingrg/javascript/easyui/themes/default/images/button_plain_hover.png HTTP/1.1" 304 -
114.86.187.76 - - [21/Apr/2021:10:59:01 +0800] "GET /xingrg/javascript/easyui/themes/default/images/button_plain_hover.png HTTP/1.1" 304 -
116.224.253.72 - - [21/Apr/2021:10:59:02 +0800] "GET /xingrg/all/function/internal_message.html?_=1618973928267&CODE_STATE=getMsg HTTP/1.1" 200 27
114.86.231.92 - - [21/Apr/2021:10:59:02 +0800] "GET /xingrg/all/function/internal_message.html?_=1618973949166&CODE_STATE=getMsg HTTP/1.1" 200 27
180.169.147.146 - - [21/Apr/2021:10:59:02 +0800] "GET /xingrg/all/function/internal_message.html?_=1618973942667&CODE_STATE=getMsg HTTP/1.1" 200 27
58.37.228.113 - - [21/Apr/2021:10:59:04 +0800] "GET /xingrg/kc/buy/cgsh_order_add.html HTTP/1.1" 200 62154
58.37.228.113 - - [21/Apr/2021:10:59:04 +0800] "POST /xingrg/kc/buy/cgsh_order_operate.html HTTP/1.1" 200 8245
58.37.228.113 - - [21/Apr/2021:10:59:04 +0800] "GET /xingrg/all/common/auto_word.html?type=employee&rest_code=00141 HTTP/1.1" 200 201
58.37.228.113 - - [21/Apr/2021:10:59:04 +0800] "GET /xingrg/javascript/easyui/themes/default/validatebox.css HTTP/1.1" 404 1104
58.37.228.113 - - [21/Apr/2021:10:59:04 +0800] "GET /xingrg/all/common/auto_word.html?type=employee&rest_code=00141 HTTP/1.1" 200 201
114.86.187.76 - - [21/Apr/2021:10:59:05 +0800] "GET /xingrg/javascript/easyui/themes/default/images/button_plain_hover.png HTTP/1.1" 304 -
114.86.187.76 - - [21/Apr/2021:10:59:05 +0800] "GET /xingrg/javascript/easyui/themes/default/images/button_plain_hover.png HTTP/1.1" 304 -
116.230.114.112 - - [21/Apr/2021:10:59:07 +0800] "GET /xingrg/all/function/internal_message.html?_=1618973957674&CODE_STATE=getMsg HTTP/1.1" 200 27
58.40.7.146 - - [21/Apr/2021:10:59:08 +0800] "GET /xingrg/all/function/internal_message.html?_=1618973949213&CODE_STATE=getMsg HTTP/1.1" 200 27
114.86.187.76 - - [21/Apr/2021:10:59:09 +0800] "POST /xingrg/kc/buy/cgsh_order_operate.html HTTP/1.1" 200 37
116.238.141.202 - - [21/Apr/2021:10:59:09 +0800] "GET /xingrg/all/function/internal_message.html?_=1618974228640&CODE_STATE=getMsg HTTP/1.1" 200 27
180.169.147.146 - - [21/Apr/2021:10:59:12 +0800] "GET /xingrg/all/function/internal_message.html?_=1618973956689&CODE_STATE=getMsg HTTP/1.1" 200 27
180.169.147.146 - - [21/Apr/2021:10:59:12 +0800] "GET /xingrg/check_reg.html?_=1618973956694 HTTP/1.1" 200 22
180.169.147.146 - - [21/Apr/2021:10:59:14 +0800] "GET /xingrg/all/function/internal_message.html?_=1618973954849&CODE_STATE=getMsg HTTP/1.1" 200 27
180.169.147.146 - - [21/Apr/2021:10:59:14 +0800] "GET /xingrg/check_reg.html?_=1618973954850 HTTP/1.1" 200 22
180.169.147.146 - - [21/Apr/2021:10:59:17 +0800] "GET /xingrg/check_reg.html?_=1618973957512 HTTP/1.1" 302 -
180.169.147.146 - - [21/Apr/2021:10:59:17 +0800] "GET /xingrg/all/function/internal_message.html?_=1618973957510&CODE_STATE=getMsg HTTP/1.1" 302 -
180.169.147.146 - - [21/Apr/2021:10:59:18 +0800] "GET /xingrg/all/function/internal_message.html?_=1618973955984&CODE_STATE=getMsg HTTP/1.1" 200 27
222.70.217.33 - - [21/Apr/2021:10:59:21 +0800] "GET /xingrg/all/function/internal_message.html?_=1618973961518&CODE_STATE=getMsg HTTP/1.1" 200 27
116.230.114.112 - - [21/Apr/2021:10:59:21 +0800] "GET /xingrg/kc/buy/cgsh_order_operate.html?command=get_materiel&rest_code=00146&code=00101012026&supplier_code=00100033&order_time=2021-04-21 HTTP/1.1" 200 408
124.77.71.179 - - [21/Apr/2021:10:59:21 +0800] "GET /xingrg/kc/buy/cgsh_order_operate.html?command=get_materiel&rest_code=00107&code=00101001140&supplier_code=00100090&order_time=2021-04-21 HTTP/1.1" 200 413
117.185.32.26 - - [21/Apr/2021:10:59:22 +0800] "GET /xingrg/all/function/internal_message.html?_=1618974488028&CODE_STATE=getMsg HTTP/1.1" 200 27
120.253.135.82 - - [21/Apr/2021:10:59:22 +0800] "GET /xingrg/all/function/internal_message.html?_=1618973742592&CODE_STATE=getMsg HTTP/1.1" 200 27
114.88.160.164 - - [21/Apr/2021:10:59:23 +0800] "GET /xingrg/kc/mdqp/qp_main.html HTTP/1.1" 200 10633
114.88.160.164 - - [21/Apr/2021:10:59:23 +0800] "GET /xingrg/images/blue/button/cgxqd.gif HTTP/1.1" 304 -
114.88.160.164 - - [21/Apr/2021:10:59:23 +0800] "GET /xingrg/images/blue/button/qqpsd.gif HTTP/1.1" 304 -
114.88.160.164 - - [21/Apr/2021:10:59:23 +0800] "GET /xingrg/images/blue/button/pszx.gif HTTP/1.1" 304 -
114.88.160.164 - - [21/Apr/2021:10:59:23 +0800] "GET /xingrg/images/blue/button/psshd.gif HTTP/1.1" 304 -
114.88.160.164 - - [21/Apr/2021:10:59:23 +0800] "GET /xingrg/javascript/jquery_ui/themes/humanity/images/ui-bg_inset-soft_100_f4f0ec_1x100.png HTTP/1.1" 304 -
114.88.160.164 - - [21/Apr/2021:10:59:23 +0800] "GET /xingrg/images/blue/pic_form2.gif HTTP/1.1" 304 -
114.88.160.164 - - [21/Apr/2021:10:59:23 +0800] "GET /xingrg/images/blue/bg_dotted.jpg HTTP/1.1" 304 -
114.88.160.164 - - [21/Apr/2021:10:59:23 +0800] "GET /xingrg/images/blue/button/right_ah.jpg HTTP/1.1" 304 -
114.88.160.164 - - [21/Apr/2021:10:59:23 +0800] "GET /xingrg/images/blue/button/down_ah.jpg HTTP/1.1" 304 -
114.88.160.164 - - [21/Apr/2021:10:59:23 +0800] "GET /xingrg/javascript/jquery_ui/themes/humanity/images/ui-iconsnew.jpg HTTP/1.1" 304 -
114.88.160.164 - - [21/Apr/2021:10:59:23 +0800] "GET /xingrg/javascript/jquery_ui/themes/humanity/images/ui-icons_ffffff_256x240.png HTTP/1.1" 304 -
114.88.160.164 - - [21/Apr/2021:10:59:23 +0800] "GET /xingrg/javascript/jquery_ui/themes/humanity/images/ui-icons_c47a23_256x240.png HTTP/1.1" 304 -
114.88.160.164 - - [21/Apr/2021:10:59:23 +0800] "GET /xingrg/javascript/jquery_ui/themes/humanity/images/ui-bg_glass_70_ede4d4_1x400.png HTTP/1.1" 304 -
180.169.147.146 - - [21/Apr/2021:10:59:24 +0800] "GET /xingrg/all/function/internal_message.html?_=1618973970822&CODE_STATE=getMsg HTTP/1.1" 302 -
114.88.160.164 - - [21/Apr/2021:10:59:24 +0800] "GET /xingrg/images/yd/bt.gif HTTP/1.1" 404 1040
114.88.160.164 - - [21/Apr/2021:10:59:26 +0800] "GET /xingrg/kc/mdqp/pssh_order_list.html HTTP/1.1" 200 17971
114.88.160.164 - - [21/Apr/2021:10:59:27 +0800] "GET /xingrg/javascript/easyui/themes/icons/field_new.png HTTP/1.1" 304 -
114.88.160.164 - - [21/Apr/2021:10:59:27 +0800] "POST /xingrg/kc/mdqp/pssh_list_operate.html HTTP/1.1" 200 5213
114.88.160.164 - - [21/Apr/2021:10:59:29 +0800] "POST /xingrg/kc/mdqp/pssh_list_operate.html HTTP/1.1" 200 801
117.185.32.26 - - [21/Apr/2021:10:59:30 +0800] "GET /xingrg/all/function/internal_message.html?_=1618973969747&CODE_STATE=getMsg HTTP/1.1" 200 27
114.88.160.164 - - [21/Apr/2021:10:59:31 +0800] "POST /xingrg/kc/mdqp/pssh_list_operate.html HTTP/1.1" 200 256
114.88.160.164 - - [21/Apr/2021:10:59:32 +0800] "POST /xingrg/kc/mdqp/pssh_list_operate.html HTTP/1.1" 200 385
124.77.71.179 - - [21/Apr/2021:10:59:34 +0800] "GET /xingrg/kc/buy/cgsh_order_operate.html?command=get_materiel&rest_code=00107&code=00101001180&supplier_code=00100090&order_time=2021-04-21 HTTP/1.1" 200 419
114.88.160.164 - - [21/Apr/2021:10:59:34 +0800] "GET /xingrg/kc/mdqp/pssh_order_info.html?code=312021041900538 HTTP/1.1" 200 17244
114.88.160.164 - - [21/Apr/2021:10:59:34 +0800] "GET /xingrg/javascript/jquery_tools/jquery-1.4.2.min.js HTTP/1.1" 404 1094
114.88.160.164 - - [21/Apr/2021:10:59:34 +0800] "GET /xingrg/javascript/easyui/themes/icons/back_new.png HTTP/1.1" 304 -
58.37.228.113 - - [21/Apr/2021:10:59:34 +0800] "GET /xingrg/all/function/internal_message.html?_=1618973975821&CODE_STATE=getMsg HTTP/1.1" 200 27
114.88.160.164 - - [21/Apr/2021:10:59:34 +0800] "GET /xingrg/all/common/auto_word.html?type=base&rest_code=00111&rest_code=00111 HTTP/1.1" 200 1753
114.88.160.164 - - [21/Apr/2021:10:59:34 +0800] "GET /xingrg/javascript/easyui/themes/default/validatebox.css HTTP/1.1" 404 1104
114.86.187.76 - - [21/Apr/2021:10:59:34 +0800] "POST /xingrg/kc/buy/cgsh_order_operate.html HTTP/1.1" 200 6846
114.88.160.164 - - [21/Apr/2021:10:59:35 +0800] "POST /xingrg/kc/mdqp/pssh_order_operate.html HTTP/1.1" 200 1100
61.165.42.208 - - [21/Apr/2021:10:59:38 +0800] "GET /xingrg/all/function/internal_message.html?_=1618973980307&CODE_STATE=getMsg HTTP/1.1" 200 27
180.162.112.81 - - [21/Apr/2021:10:59:40 +0800] "GET /xingrg/all/function/internal_message.html?_=1618973738690&CODE_STATE=getMsg HTTP/1.1" 200 27
114.88.160.164 - - [21/Apr/2021:10:59:40 +0800] "GET /xingrg/all/function/internal_message.html?_=1618973979218&CODE_STATE=getMsg HTTP/1.1" 200 27
180.169.147.146 - - [21/Apr/2021:10:59:44 +0800] "GET /xingrg/all/function/internal_message.html?_=1618973984847&CODE_STATE=getMsg HTTP/1.1" 200 27
124.77.71.179 - - [21/Apr/2021:10:59:44 +0800] "POST /xingrg/kc/buy/cgsh_order_operate.html HTTP/1.1" 200 37
116.230.114.112 - - [21/Apr/2021:10:59:46 +0800] "GET /xingrg/kc/buy/cgsh_order_operate.html?command=get_materiel&rest_code=00146&code=00101016105&supplier_code=00100033&order_time=2021-04-21 HTTP/1.1" 200 409
124.77.71.179 - - [21/Apr/2021:10:59:46 +0800] "POST /xingrg/kc/buy/cgsh_order_operate.html HTTP/1.1" 200 3869
116.224.253.72 - - [21/Apr/2021:10:59:48 +0800] "GET /xingrg/all/function/internal_message.html?_=1618973989840&CODE_STATE=getMsg HTTP/1.1" 200 27
124.77.71.179 - - [21/Apr/2021:10:59:48 +0800] "GET /xingrg/kc/print/load_data.html?order_code=212021042108763&kc_code=cgsh&condition= HTTP/1.1" 200 1217
58.37.228.113 - - [21/Apr/2021:10:59:49 +0800] "GET /xingrg/kc/buy/cgsh_order_operate.html?command=get_materiel&rest_code=00141&code=00101002013&supplier_code=00100347&order_time=2021-04-21 HTTP/1.1" 200 414
116.230.114.112 - - [21/Apr/2021:10:59:50 +0800] "GET /xingrg/all/function/internal_message.html?_=1618973999004&CODE_STATE=getMsg HTTP/1.1" 302 -
58.221.95.50 - - [21/Apr/2021:10:59:52 +0800] "GET /xingrg/all/function/internal_message.html?_=1618973993184&CODE_STATE=getMsg HTTP/1.1" 200 27
124.77.71.179 - - [21/Apr/2021:10:59:54 +0800] "GET /xingrg/kc/buy/cgsh_order_add.html HTTP/1.1" 200 62236
124.77.71.179 - - [21/Apr/2021:10:59:55 +0800] "GET /xingrg/javascript/easyui/themes/default/validatebox.css HTTP/1.1" 404 1104
124.77.71.179 - - [21/Apr/2021:10:59:55 +0800] "POST /xingrg/kc/buy/cgsh_order_operate.html HTTP/1.1" 200 8245
124.77.71.179 - - [21/Apr/2021:10:59:56 +0800] "GET /xingrg/javascript/easyui/themes/default/tree.css HTTP/1.1" 404 1090
124.77.71.179 - - [21/Apr/2021:10:59:56 +0800] "POST /xingrg/all/common/load_tree.html?tree=supplier_tree_json&isDelete=1 HTTP/1.1" 200 54827
114.83.220.63 - - [21/Apr/2021:10:59:57 +0800] "GET /xingrg/all/function/internal_message.html?_=1618973997663&CODE_STATE=getMsg HTTP/1.1" 200 27
124.77.71.179 - - [21/Apr/2021:11:00:01 +0800] "GET /xingrg/check_reg.html?_=1618973998068 HTTP/1.1" 200 22
124.77.71.179 - - [21/Apr/2021:11:00:01 +0800] "GET /xingrg/all/function/internal_message.html?_=1618973998104&CODE_STATE=getMsg HTTP/1.1" 200 27
116.224.253.72 - - [21/Apr/2021:11:00:02 +0800] "GET /xingrg/all/function/internal_message.html?_=1618973988289&CODE_STATE=getMsg HTTP/1.1" 200 27
114.86.231.92 - - [21/Apr/2021:11:00:02 +0800] "GET /xingrg/all/function/internal_message.html?_=1618974009172&CODE_STATE=getMsg HTTP/1.1" 200 27
