116.224.253.72 - - [21/Apr/2021:09:09:27 +0800] "POST /xingrg/kc/buy/cgsh_order_operate.html HTTP/1.1" 200 37
114.86.187.76 - - [21/Apr/2021:09:09:28 +0800] "GET /xingrg/kc/buy/cgsh_order_operate.html?command=get_materiel&rest_code=00148&code=00101008256&supplier_code=00100007&order_time=2021-04-21 HTTP/1.1" 200 412
114.86.231.92 - - [21/Apr/2021:09:09:28 +0800] "GET /xingrg/kc/buy/cgsh_order_operate.html?command=get_materiel&rest_code=00109&code=00101008351&supplier_code=00100005&order_time=2021-04-21 HTTP/1.1" 200 408
116.224.253.72 - - [21/Apr/2021:09:09:30 +0800] "POST /xingrg/kc/buy/cgsh_order_operate.html HTTP/1.1" 200 12
116.224.253.72 - - [21/Apr/2021:09:09:31 +0800] "GET /xingrg/kc/buy/cgsh_order_info.html?code=212021042108652 HTTP/1.1" 200 56972
116.224.253.72 - - [21/Apr/2021:09:09:32 +0800] "GET /xingrg/javascript/easyui/themes/default/validatebox.css HTTP/1.1" 404 1104
116.224.253.72 - - [21/Apr/2021:09:09:32 +0800] "POST /xingrg/kc/buy/cgsh_order_operate.html HTTP/1.1" 200 1195
120.204.17.70 - - [21/Apr/2021:09:09:32 +0800] "GET /xingrg/kc/mdqp/qqps_order_info.html?code=302021042000388 HTTP/1.1" 302 -
114.88.160.164 - - [21/Apr/2021:09:09:33 +0800] "GET /xingrg/all/function/internal_message.html?_=1618967371911&CODE_STATE=getMsg HTTP/1.1" 200 27
116.224.253.72 - - [21/Apr/2021:09:09:34 +0800] "GET /xingrg/kc/print/load_data.html?order_code=212021042108652&kc_code=cgsh&condition= HTTP/1.1" 200 918
114.86.231.92 - - [21/Apr/2021:09:09:34 +0800] "GET /xingrg/kc/buy/cgsh_order_operate.html?command=get_materiel&rest_code=00109&code=00101008110&supplier_code=00100005&order_time=2021-04-21 HTTP/1.1" 200 408
120.204.17.70 - - [21/Apr/2021:09:09:35 +0800] "GET /xingrg/login.html HTTP/1.1" 200 7641
114.83.220.63 - - [21/Apr/2021:09:09:36 +0800] "GET /xingrg/kc/buy/cgsh_order_operate.html?command=get_materiel&rest_code=00149&code=00101001047&supplier_code=00100312&order_time=2021-04-20 HTTP/1.1" 200 421
180.169.147.146 - - [21/Apr/2021:09:09:36 +0800] "GET /xingrg/all/function/internal_message.html?_=1618967380942&CODE_STATE=getMsg HTTP/1.1" 200 27
114.86.187.76 - - [21/Apr/2021:09:09:37 +0800] "GET /xingrg/kc/buy/cgsh_order_operate.html?command=get_materiel&rest_code=00148&code=00101008038&supplier_code=00100007&order_time=2021-04-21 HTTP/1.1" 200 412
114.83.220.63 - - [21/Apr/2021:09:09:37 +0800] "GET /xingrg/all/function/internal_message.html?_=1618967378229&CODE_STATE=getMsg HTTP/1.1" 200 27
116.224.253.72 - - [21/Apr/2021:09:09:38 +0800] "GET /xingrg/all/function/internal_message.html?_=1618967379697&CODE_STATE=getMsg HTTP/1.1" 200 27
61.165.42.208 - - [21/Apr/2021:09:09:39 +0800] "GET /xingrg/all/function/internal_message.html?_=1618967381181&CODE_STATE=getMsg HTTP/1.1" 200 27
124.77.71.179 - - [21/Apr/2021:09:09:40 +0800] "GET /xingrg/kc/buy/cgsh_order_add.html HTTP/1.1" 200 62236
114.86.231.92 - - [21/Apr/2021:09:09:40 +0800] "GET /xingrg/kc/buy/cgsh_order_operate.html?command=get_materiel&rest_code=00109&code=00101008163&supplier_code=00100005&order_time=2021-04-21 HTTP/1.1" 200 409
124.77.71.179 - - [21/Apr/2021:09:09:41 +0800] "POST /xingrg/kc/buy/cgsh_order_operate.html HTTP/1.1" 200 8245
124.77.71.179 - - [21/Apr/2021:09:09:41 +0800] "GET /xingrg/javascript/easyui/themes/default/validatebox.css HTTP/1.1" 404 1104
116.224.253.72 - - [21/Apr/2021:09:09:41 +0800] "GET /xingrg/kc/buy/cgsh_order_add.html HTTP/1.1" 200 62072
114.86.187.76 - - [21/Apr/2021:09:09:42 +0800] "GET /xingrg/kc/buy/cgsh_order_operate.html?command=get_materiel&rest_code=00148&code=00101008144&supplier_code=00100007&order_time=2021-04-21 HTTP/1.1" 200 412
116.224.253.72 - - [21/Apr/2021:09:09:42 +0800] "POST /xingrg/kc/buy/cgsh_order_operate.html HTTP/1.1" 200 8245
116.224.253.72 - - [21/Apr/2021:09:09:42 +0800] "GET /xingrg/javascript/easyui/themes/default/validatebox.css HTTP/1.1" 404 1104
124.77.71.179 - - [21/Apr/2021:09:09:42 +0800] "GET /xingrg/javascript/easyui/themes/default/tree.css HTTP/1.1" 404 1090
124.77.71.179 - - [21/Apr/2021:09:09:43 +0800] "POST /xingrg/all/common/load_tree.html?tree=supplier_tree_json&isDelete=1 HTTP/1.1" 200 54827
114.83.220.63 - - [21/Apr/2021:09:09:44 +0800] "POST /xingrg/kc/buy/cgsh_order_operate.html HTTP/1.1" 200 37
114.86.231.92 - - [21/Apr/2021:09:09:45 +0800] "GET /xingrg/kc/buy/cgsh_order_operate.html?command=get_materiel&rest_code=00109&code=00101008155&supplier_code=00100005&order_time=2021-04-21 HTTP/1.1" 200 408
114.86.187.76 - - [21/Apr/2021:09:09:47 +0800] "GET /xingrg/kc/buy/cgsh_order_operate.html?command=get_materiel&rest_code=00148&code=00101008353&supplier_code=00100007&order_time=2021-04-21 HTTP/1.1" 200 408
114.83.220.63 - - [21/Apr/2021:09:09:48 +0800] "POST /xingrg/kc/buy/cgsh_order_operate.html HTTP/1.1" 200 12
116.230.114.112 - - [21/Apr/2021:09:09:48 +0800] "GET /xingrg/all/function/internal_message.html?_=1618967397508&CODE_STATE=getMsg HTTP/1.1" 200 27
114.83.220.63 - - [21/Apr/2021:09:09:51 +0800] "GET /xingrg/kc/buy/cgsh_order_info.html?code=212021042108653 HTTP/1.1" 200 57107
114.83.220.63 - - [21/Apr/2021:09:09:51 +0800] "GET /xingrg/javascript/easyui/themes/default/validatebox.css HTTP/1.1" 404 1104
114.83.220.63 - - [21/Apr/2021:09:09:52 +0800] "POST /xingrg/kc/buy/cgsh_order_operate.html HTTP/1.1" 200 619
114.86.187.76 - - [21/Apr/2021:09:09:52 +0800] "GET /xingrg/kc/buy/cgsh_order_operate.html?command=get_materiel&rest_code=00148&code=00101008101&supplier_code=00100007&order_time=2021-04-21 HTTP/1.1" 200 412
114.83.220.63 - - [21/Apr/2021:09:09:53 +0800] "GET /xingrg/kc/print/load_data.html?order_code=212021042108653&kc_code=cgsh&condition= HTTP/1.1" 200 726
116.224.253.72 - - [21/Apr/2021:09:09:56 +0800] "GET /xingrg/kc/buy/cgsh_order_operate.html?command=get_materiel&rest_code=00150&code=00102014087&supplier_code=00100450&order_time=2021-04-21 HTTP/1.1" 200 403
116.238.141.202 - - [21/Apr/2021:09:09:59 +0800] "GET /xingrg/all/function/internal_message.html?_=1618967678607&CODE_STATE=getMsg HTTP/1.1" 200 27
114.83.220.63 - - [21/Apr/2021:09:09:59 +0800] "GET /xingrg/kc/buy/cgsh_order_add.html HTTP/1.1" 200 62201
114.83.220.63 - - [21/Apr/2021:09:09:59 +0800] "POST /xingrg/kc/buy/cgsh_order_operate.html HTTP/1.1" 200 8245
114.83.220.63 - - [21/Apr/2021:09:09:59 +0800] "GET /xingrg/javascript/easyui/themes/default/validatebox.css HTTP/1.1" 404 1104
114.86.231.92 - - [21/Apr/2021:09:10:01 +0800] "GET /xingrg/kc/buy/cgsh_order_operate.html?command=get_materiel&rest_code=00109&code=00101008144&supplier_code=00100005&order_time=2021-04-21 HTTP/1.1" 200 412
124.77.71.179 - - [21/Apr/2021:09:10:01 +0800] "GET /xingrg/check_reg.html?_=1618967397715 HTTP/1.1" 200 22
124.77.71.179 - - [21/Apr/2021:09:10:01 +0800] "GET /xingrg/all/function/internal_message.html?_=1618967397750&CODE_STATE=getMsg HTTP/1.1" 200 27
114.86.187.76 - - [21/Apr/2021:09:10:02 +0800] "GET /xingrg/kc/buy/cgsh_order_operate.html?command=get_materiel&rest_code=00148&code=00101008358&supplier_code=00100007&order_time=2021-04-21 HTTP/1.1" 200 412
114.86.231.92 - - [21/Apr/2021:09:10:02 +0800] "GET /xingrg/all/function/internal_message.html?_=1618967408878&CODE_STATE=getMsg HTTP/1.1" 200 27
114.86.231.92 - - [21/Apr/2021:09:10:05 +0800] "GET /xingrg/kc/buy/cgsh_order_operate.html?command=get_materiel&rest_code=00109&code=00101015056&supplier_code=00100005&order_time=2021-04-21 HTTP/1.1" 200 412
116.224.253.72 - - [21/Apr/2021:09:10:06 +0800] "GET /xingrg/kc/buy/cgsh_order_operate.html?command=get_materiel&rest_code=00150&code=00102014088&supplier_code=00100450&order_time=2021-04-21 HTTP/1.1" 200 412
117.185.32.26 - - [21/Apr/2021:09:10:06 +0800] "GET /xingrg/all/function/internal_message.html?_=1618967405378&CODE_STATE=getMsg HTTP/1.1" 200 27
114.86.187.76 - - [21/Apr/2021:09:10:07 +0800] "GET /xingrg/all/function/internal_message.html?_=1618967407872&CODE_STATE=getMsg HTTP/1.1" 200 27
124.77.71.179 - - [21/Apr/2021:09:10:08 +0800] "GET /xingrg/kc/buy/cgsh_order_operate.html?command=get_materiel&rest_code=00107&code=00101012025&supplier_code=00100033&order_time=2021-04-21 HTTP/1.1" 200 412
114.86.231.92 - - [21/Apr/2021:09:10:09 +0800] "GET /xingrg/kc/buy/cgsh_order_operate.html?command=get_materiel&rest_code=00109&code=00101008264&supplier_code=00100005&order_time=2021-04-21 HTTP/1.1" 200 412
114.83.220.63 - - [21/Apr/2021:09:10:09 +0800] "GET /xingrg/kc/buy/cgsh_order_operate.html?command=get_materiel&rest_code=00149&code=00101007032&supplier_code=00100328&order_time=2021-04-20 HTTP/1.1" 200 413
120.204.17.72 - - [21/Apr/2021:09:10:09 +0800] "GET /xingrg/check_reg.html?_=1618967345380 HTTP/1.1" 302 -
114.86.187.76 - - [21/Apr/2021:09:10:11 +0800] "GET /xingrg/kc/buy/cgsh_order_operate.html?command=get_materiel&rest_code=00148&code=00101008205&supplier_code=00100007&order_time=2021-04-21 HTTP/1.1" 200 412
116.224.253.72 - - [21/Apr/2021:09:10:12 +0800] "GET /xingrg/kc/buy/cgsh_order_operate.html?command=get_materiel&rest_code=00150&code=00101008509&supplier_code=00100450&order_time=2021-04-21 HTTP/1.1" 200 396
120.204.17.72 - - [21/Apr/2021:09:10:14 +0800] "GET /xingrg/login.html HTTP/1.1" 200 7641
114.86.231.92 - - [21/Apr/2021:09:10:15 +0800] "GET /xingrg/kc/buy/cgsh_order_operate.html?command=get_materiel&rest_code=00109&code=00101008137&supplier_code=00100005&order_time=2021-04-21 HTTP/1.1" 200 408
114.83.220.63 - - [21/Apr/2021:09:10:20 +0800] "POST /xingrg/kc/buy/cgsh_order_operate.html HTTP/1.1" 200 37
114.86.187.76 - - [21/Apr/2021:09:10:20 +0800] "GET /xingrg/kc/buy/cgsh_order_operate.html?command=get_materiel&rest_code=00148&code=00101008136&supplier_code=00100007&order_time=2021-04-21 HTTP/1.1" 200 412
116.224.253.72 - - [21/Apr/2021:09:10:20 +0800] "GET /xingrg/kc/buy/cgsh_order_operate.html?command=get_materiel&rest_code=00150&code=00101015046&supplier_code=00100450&order_time=2021-04-21 HTTP/1.1" 200 413
222.70.217.33 - - [21/Apr/2021:09:10:20 +0800] "GET /xingrg/all/function/internal_message.html?_=1618967419670&CODE_STATE=getMsg HTTP/1.1" 200 27
114.86.231.92 - - [21/Apr/2021:09:10:21 +0800] "GET /xingrg/kc/buy/cgsh_order_operate.html?command=get_materiel&rest_code=00109&code=00101008360&supplier_code=00100005&order_time=2021-04-21 HTTP/1.1" 200 413
117.185.32.26 - - [21/Apr/2021:09:10:22 +0800] "GET /xingrg/check_reg.html?_=1618967947507 HTTP/1.1" 200 22
117.185.32.26 - - [21/Apr/2021:09:10:22 +0800] "GET /xingrg/all/function/internal_message.html?_=1618967947508&CODE_STATE=getMsg HTTP/1.1" 200 27
124.77.71.179 - - [21/Apr/2021:09:10:22 +0800] "GET /xingrg/kc/buy/cgsh_order_operate.html?command=get_materiel&rest_code=00107&code=00101016081&supplier_code=00100033&order_time=2021-04-21 HTTP/1.1" 200 447
114.83.220.63 - - [21/Apr/2021:09:10:23 +0800] "POST /xingrg/kc/buy/cgsh_order_operate.html HTTP/1.1" 200 12
114.83.220.63 - - [21/Apr/2021:09:10:24 +0800] "GET /xingrg/kc/buy/cgsh_order_info.html?code=212021042108654 HTTP/1.1" 200 57107
180.169.147.146 - - [21/Apr/2021:09:10:24 +0800] "GET /xingrg/all/function/internal_message.html?_=1618967430649&CODE_STATE=getMsg HTTP/1.1" 302 -
114.83.220.63 - - [21/Apr/2021:09:10:24 +0800] "GET /xingrg/javascript/easyui/themes/default/validatebox.css HTTP/1.1" 404 1104
114.83.220.63 - - [21/Apr/2021:09:10:25 +0800] "POST /xingrg/kc/buy/cgsh_order_operate.html HTTP/1.1" 200 607
116.224.253.72 - - [21/Apr/2021:09:10:26 +0800] "POST /xingrg/kc/buy/cgsh_order_operate.html HTTP/1.1" 200 37
114.83.220.63 - - [21/Apr/2021:09:10:26 +0800] "GET /xingrg/kc/print/load_data.html?order_code=212021042108654&kc_code=cgsh&condition= HTTP/1.1" 200 708
116.224.253.72 - - [21/Apr/2021:09:10:27 +0800] "GET /xingrg/check_reg.html?_=1618967413123 HTTP/1.1" 200 22
116.224.253.72 - - [21/Apr/2021:09:10:27 +0800] "GET /xingrg/all/function/internal_message.html?_=1618967413180&CODE_STATE=getMsg HTTP/1.1" 200 27
114.88.160.164 - - [21/Apr/2021:09:10:28 +0800] "GET /xingrg/kc/buy/cgsh_order_operate.html?command=get_materiel&rest_code=00111&code=00101008270&supplier_code=00100005&order_time=2021-04-21 HTTP/1.1" 200 412
116.224.253.72 - - [21/Apr/2021:09:10:30 +0800] "POST /xingrg/kc/buy/cgsh_order_operate.html HTTP/1.1" 200 12
116.224.253.72 - - [21/Apr/2021:09:10:30 +0800] "GET /xingrg/kc/buy/cgsh_order_info.html?code=212021042108655 HTTP/1.1" 200 56986
116.224.253.72 - - [21/Apr/2021:09:10:31 +0800] "GET /xingrg/javascript/easyui/themes/default/validatebox.css HTTP/1.1" 404 1104
116.224.253.72 - - [21/Apr/2021:09:10:31 +0800] "POST /xingrg/kc/buy/cgsh_order_operate.html HTTP/1.1" 200 2394
116.224.253.72 - - [21/Apr/2021:09:10:32 +0800] "GET /xingrg/kc/print/load_data.html?order_code=212021042108655&kc_code=cgsh&condition= HTTP/1.1" 200 1412
114.88.160.164 - - [21/Apr/2021:09:10:33 +0800] "GET /xingrg/all/function/internal_message.html?_=1618967431918&CODE_STATE=getMsg HTTP/1.1" 200 27
114.83.220.63 - - [21/Apr/2021:09:10:34 +0800] "GET /xingrg/kc/buy/cgsh_order_add.html HTTP/1.1" 200 62201
114.83.220.63 - - [21/Apr/2021:09:10:34 +0800] "POST /xingrg/kc/buy/cgsh_order_operate.html HTTP/1.1" 200 8245
114.83.220.63 - - [21/Apr/2021:09:10:34 +0800] "GET /xingrg/javascript/easyui/themes/default/validatebox.css HTTP/1.1" 404 1104
114.86.187.76 - - [21/Apr/2021:09:10:36 +0800] "GET /xingrg/kc/buy/cgsh_order_operate.html?command=get_materiel&rest_code=00148&code=00101008286&supplier_code=00100007&order_time=2021-04-21 HTTP/1.1" 200 408
180.169.147.146 - - [21/Apr/2021:09:10:36 +0800] "GET /xingrg/check_reg.html?_=1618967440950 HTTP/1.1" 200 22
180.169.147.146 - - [21/Apr/2021:09:10:36 +0800] "GET /xingrg/all/function/internal_message.html?_=1618967440948&CODE_STATE=getMsg HTTP/1.1" 200 27
116.224.253.72 - - [21/Apr/2021:09:10:36 +0800] "GET /xingrg/kc/buy/cgsh_order_add.html HTTP/1.1" 200 62072
116.224.253.72 - - [21/Apr/2021:09:10:37 +0800] "POST /xingrg/kc/buy/cgsh_order_operate.html HTTP/1.1" 200 8245
116.224.253.72 - - [21/Apr/2021:09:10:37 +0800] "GET /xingrg/javascript/easyui/themes/default/validatebox.css HTTP/1.1" 404 1104
114.88.160.164 - - [21/Apr/2021:09:10:37 +0800] "GET /xingrg/kc/buy/cgsh_order_operate.html?command=get_materiel&rest_code=00111&code=00101008080&supplier_code=00100005&order_time=2021-04-21 HTTP/1.1" 200 416
124.77.71.179 - - [21/Apr/2021:09:10:37 +0800] "GET /xingrg/kc/buy/cgsh_order_operate.html?command=get_materiel&rest_code=00107&code=00101010248&supplier_code=00100033&order_time=2021-04-21 HTTP/1.1" 200 430
114.83.220.63 - - [21/Apr/2021:09:10:37 +0800] "GET /xingrg/all/function/internal_message.html?_=1618967438231&CODE_STATE=getMsg HTTP/1.1" 200 27
116.224.253.72 - - [21/Apr/2021:09:10:38 +0800] "GET /xingrg/all/function/internal_message.html?_=1618967439675&CODE_STATE=getMsg HTTP/1.1" 200 27
61.165.42.208 - - [21/Apr/2021:09:10:39 +0800] "GET /xingrg/all/function/internal_message.html?_=1618967441185&CODE_STATE=getMsg HTTP/1.1" 200 27
114.86.231.92 - - [21/Apr/2021:09:10:43 +0800] "GET /xingrg/kc/buy/cgsh_order_operate.html?command=get_materiel&rest_code=00109&code=00101008069&supplier_code=00100005&order_time=2021-04-21 HTTP/1.1" 200 412
114.83.220.63 - - [21/Apr/2021:09:10:45 +0800] "GET /xingrg/kc/buy/cgsh_order_operate.html?command=get_materiel&rest_code=00149&code=00101001045&supplier_code=00100439&order_time=2021-04-20 HTTP/1.1" 200 423
114.86.231.92 - - [21/Apr/2021:09:10:45 +0800] "POST /xingrg/kc/buy/cgsh_order_operate.html HTTP/1.1" 200 2065
124.77.71.179 - - [21/Apr/2021:09:10:48 +0800] "GET /xingrg/kc/buy/cgsh_order_operate.html?command=get_materiel&rest_code=00107&code=00101012029&supplier_code=00100033&order_time=2021-04-21 HTTP/1.1" 200 412
116.230.114.112 - - [21/Apr/2021:09:10:48 +0800] "GET /xingrg/all/function/internal_message.html?_=1618967457525&CODE_STATE=getMsg HTTP/1.1" 200 27
114.88.160.164 - - [21/Apr/2021:09:10:49 +0800] "GET /xingrg/kc/buy/cgsh_order_operate.html?command=get_materiel&rest_code=00111&code=00101008185&supplier_code=00100005&order_time=2021-04-21 HTTP/1.1" 200 408
114.86.231.92 - - [21/Apr/2021:09:10:51 +0800] "GET /xingrg/kc/buy/cgsh_order_operate.html?command=get_materiel&rest_code=00109&code=00101008286&supplier_code=00100005&order_time=2021-04-21 HTTP/1.1" 200 408
114.86.187.76 - - [21/Apr/2021:09:10:53 +0800] "GET /xingrg/kc/buy/cgsh_order_operate.html?command=get_materiel&rest_code=00148&code=00101008131&supplier_code=00100007&order_time=2021-04-21 HTTP/1.1" 200 408
114.83.220.63 - - [21/Apr/2021:09:10:58 +0800] "POST /xingrg/kc/buy/cgsh_order_operate.html HTTP/1.1" 200 37
114.86.231.92 - - [21/Apr/2021:09:10:58 +0800] "GET /xingrg/kc/buy/cgsh_order_operate.html?command=get_materiel&rest_code=00109&code=00101008352&supplier_code=00100005&order_time=2021-04-21 HTTP/1.1" 200 412
116.238.141.202 - - [21/Apr/2021:09:10:59 +0800] "GET /xingrg/all/function/internal_message.html?_=1618967738616&CODE_STATE=getMsg HTTP/1.1" 200 27
114.86.187.76 - - [21/Apr/2021:09:10:59 +0800] "GET /xingrg/kc/buy/cgsh_order_operate.html?command=get_materiel&rest_code=00148&code=00101008353&supplier_code=00100007&order_time=2021-04-21 HTTP/1.1" 200 408
114.88.160.164 - - [21/Apr/2021:09:11:00 +0800] "GET /xingrg/kc/buy/cgsh_order_operate.html?command=get_materiel&rest_code=00111&code=00101008110&supplier_code=00100005&order_time=2021-04-21 HTTP/1.1" 200 408
114.83.220.63 - - [21/Apr/2021:09:11:00 +0800] "POST /xingrg/kc/buy/cgsh_order_operate.html HTTP/1.1" 200 12
124.77.71.179 - - [21/Apr/2021:09:11:01 +0800] "GET /xingrg/all/function/internal_message.html?_=1618967457730&CODE_STATE=getMsg HTTP/1.1" 200 27
114.83.220.63 - - [21/Apr/2021:09:11:01 +0800] "GET /xingrg/kc/buy/cgsh_order_info.html?code=212021042108656 HTTP/1.1" 200 57107
114.83.220.63 - - [21/Apr/2021:09:11:01 +0800] "GET /xingrg/javascript/easyui/themes/default/validatebox.css HTTP/1.1" 404 1104
114.83.220.63 - - [21/Apr/2021:09:11:02 +0800] "POST /xingrg/kc/buy/cgsh_order_operate.html HTTP/1.1" 200 620
114.86.231.92 - - [21/Apr/2021:09:11:02 +0800] "GET /xingrg/all/function/internal_message.html?_=1618967468878&CODE_STATE=getMsg HTTP/1.1" 200 27
114.83.220.63 - - [21/Apr/2021:09:11:03 +0800] "GET /xingrg/kc/print/load_data.html?order_code=212021042108656&kc_code=cgsh&condition= HTTP/1.1" 200 728
114.86.231.92 - - [21/Apr/2021:09:11:04 +0800] "GET /xingrg/kc/buy/cgsh_order_operate.html?command=get_materiel&rest_code=00109&code=00101008353&supplier_code=00100005&order_time=2021-04-21 HTTP/1.1" 200 408
114.86.187.76 - - [21/Apr/2021:09:11:04 +0800] "GET /xingrg/kc/buy/cgsh_order_operate.html?command=get_materiel&rest_code=00148&code=00101008185&supplier_code=00100007&order_time=2021-04-21 HTTP/1.1" 200 408
117.185.32.26 - - [21/Apr/2021:09:11:06 +0800] "GET /xingrg/all/function/internal_message.html?_=1618967465379&CODE_STATE=getMsg HTTP/1.1" 200 27
124.77.71.179 - - [21/Apr/2021:09:11:06 +0800] "GET /xingrg/kc/buy/cgsh_order_operate.html?command=get_materiel&rest_code=00107&code=00101010136&supplier_code=00100033&order_time=2021-04-21 HTTP/1.1" 200 408
114.86.187.76 - - [21/Apr/2021:09:11:07 +0800] "GET /xingrg/all/function/internal_message.html?_=1618967467884&CODE_STATE=getMsg HTTP/1.1" 200 27
114.88.160.164 - - [21/Apr/2021:09:11:07 +0800] "GET /xingrg/kc/buy/cgsh_order_operate.html?command=get_materiel&rest_code=00111&code=00101008096&supplier_code=00100005&order_time=2021-04-21 HTTP/1.1" 200 412
114.83.220.63 - - [21/Apr/2021:09:11:07 +0800] "GET /xingrg/kc/buy/cgsh_order_add.html HTTP/1.1" 200 62201
114.83.220.63 - - [21/Apr/2021:09:11:08 +0800] "POST /xingrg/kc/buy/cgsh_order_operate.html HTTP/1.1" 200 8245
114.83.220.63 - - [21/Apr/2021:09:11:08 +0800] "GET /xingrg/javascript/easyui/themes/default/validatebox.css HTTP/1.1" 404 1104
114.86.231.92 - - [21/Apr/2021:09:11:11 +0800] "GET /xingrg/kc/buy/cgsh_order_operate.html?command=get_materiel&rest_code=00109&code=00101008312&supplier_code=00100005&order_time=2021-04-21 HTTP/1.1" 200 412
114.86.187.76 - - [21/Apr/2021:09:11:11 +0800] "GET /xingrg/kc/buy/cgsh_order_operate.html?command=get_materiel&rest_code=00148&code=00101008291&supplier_code=00100007&order_time=2021-04-21 HTTP/1.1" 200 408
124.77.71.179 - - [21/Apr/2021:09:11:13 +0800] "POST /xingrg/kc/buy/cgsh_order_operate.html HTTP/1.1" 200 37
124.77.71.179 - - [21/Apr/2021:09:11:14 +0800] "POST /xingrg/kc/buy/cgsh_order_operate.html HTTP/1.1" 200 5065
117.185.32.26 - - [21/Apr/2021:09:11:15 +0800] "GET /xingrg/check_reg.html?_=1618968001380 HTTP/1.1" 200 22
124.77.71.179 - - [21/Apr/2021:09:11:16 +0800] "GET /xingrg/kc/print/load_data.html?order_code=212021042108657&kc_code=cgsh&condition= HTTP/1.1" 200 1642
114.86.231.92 - - [21/Apr/2021:09:11:17 +0800] "GET /xingrg/kc/buy/cgsh_order_operate.html?command=get_materiel&rest_code=00109&code=00101008095&supplier_code=00100005&order_time=2021-04-21 HTTP/1.1" 200 412
114.86.231.92 - - [21/Apr/2021:09:11:19 +0800] "POST /xingrg/kc/buy/cgsh_order_operate.html HTTP/1.1" 200 2065
114.86.187.76 - - [21/Apr/2021:09:11:19 +0800] "GET /xingrg/kc/buy/cgsh_order_operate.html?command=get_materiel&rest_code=00148&code=00101008100&supplier_code=00100007&order_time=2021-04-21 HTTP/1.1" 200 408
222.70.217.33 - - [21/Apr/2021:09:11:21 +0800] "GET /xingrg/all/function/internal_message.html?_=1618967479672&CODE_STATE=getMsg HTTP/1.1" 200 27
114.83.220.63 - - [21/Apr/2021:09:11:21 +0800] "GET /xingrg/kc/buy/cgsh_order_operate.html?command=get_materiel&rest_code=00149&code=00101007144&supplier_code=00100322&order_time=2021-04-20 HTTP/1.1" 200 428
124.77.71.179 - - [21/Apr/2021:09:11:21 +0800] "GET /xingrg/kc/buy/cgsh_order_add.html HTTP/1.1" 200 62236
117.185.32.26 - - [21/Apr/2021:09:11:22 +0800] "GET /xingrg/all/function/internal_message.html?_=1618968007507&CODE_STATE=getMsg HTTP/1.1" 200 27
124.77.71.179 - - [21/Apr/2021:09:11:22 +0800] "GET /xingrg/javascript/easyui/themes/default/validatebox.css HTTP/1.1" 404 1104
124.77.71.179 - - [21/Apr/2021:09:11:22 +0800] "POST /xingrg/kc/buy/cgsh_order_operate.html HTTP/1.1" 200 8245
124.77.71.179 - - [21/Apr/2021:09:11:23 +0800] "GET /xingrg/javascript/easyui/themes/default/tree.css HTTP/1.1" 404 1090
124.77.71.179 - - [21/Apr/2021:09:11:23 +0800] "POST /xingrg/all/common/load_tree.html?tree=supplier_tree_json&isDelete=1 HTTP/1.1" 200 54827
114.86.231.92 - - [21/Apr/2021:09:11:23 +0800] "GET /xingrg/kc/buy/cgsh_order_operate.html?command=get_materiel&rest_code=00109&code=00101008196&supplier_code=00100005&order_time=2021-04-21 HTTP/1.1" 200 416
116.224.253.72 - - [21/Apr/2021:09:11:23 +0800] "GET /xingrg/kc/buy/cgsh_order_operate.html?command=get_materiel&rest_code=00150&code=00101029021&supplier_code=00100017&order_time=2021-04-21 HTTP/1.1" 200 467
180.169.147.146 - - [21/Apr/2021:09:11:24 +0800] "GET /xingrg/check_reg.html?_=1618967490639 HTTP/1.1" 302 -
180.169.147.146 - - [21/Apr/2021:09:11:24 +0800] "GET /xingrg/all/function/internal_message.html?_=1618967490643&CODE_STATE=getMsg HTTP/1.1" 302 -
116.224.253.72 - - [21/Apr/2021:09:11:27 +0800] "GET /xingrg/all/function/internal_message.html?_=1618967473195&CODE_STATE=getMsg HTTP/1.1" 200 27
114.83.220.63 - - [21/Apr/2021:09:11:28 +0800] "POST /xingrg/kc/buy/cgsh_order_operate.html HTTP/1.1" 200 37
114.86.231.92 - - [21/Apr/2021:09:11:29 +0800] "GET /xingrg/kc/buy/cgsh_order_operate.html?command=get_materiel&rest_code=00109&code=00101008197&supplier_code=00100005&order_time=2021-04-21 HTTP/1.1" 200 417
114.88.160.164 - - [21/Apr/2021:09:11:30 +0800] "GET /xingrg/kc/buy/cgsh_order_operate.html?command=get_materiel&rest_code=00111&code=00101008355&supplier_code=00100005&order_time=2021-04-21 HTTP/1.1" 200 408
114.83.220.63 - - [21/Apr/2021:09:11:31 +0800] "POST /xingrg/kc/buy/cgsh_order_operate.html HTTP/1.1" 200 12
114.83.220.63 - - [21/Apr/2021:09:11:32 +0800] "GET /xingrg/kc/buy/cgsh_order_info.html?code=212021042108658 HTTP/1.1" 200 57097
114.83.220.63 - - [21/Apr/2021:09:11:32 +0800] "GET /xingrg/javascript/easyui/themes/default/validatebox.css HTTP/1.1" 404 1104
114.83.220.63 - - [21/Apr/2021:09:11:32 +0800] "POST /xingrg/kc/buy/cgsh_order_operate.html HTTP/1.1" 200 629
114.88.160.164 - - [21/Apr/2021:09:11:33 +0800] "GET /xingrg/all/function/internal_message.html?_=1618967491976&CODE_STATE=getMsg HTTP/1.1" 200 27
114.83.220.63 - - [21/Apr/2021:09:11:34 +0800] "GET /xingrg/kc/print/load_data.html?order_code=212021042108658&kc_code=cgsh&condition= HTTP/1.1" 200 720
180.169.147.146 - - [21/Apr/2021:09:11:36 +0800] "GET /xingrg/all/function/internal_message.html?_=1618967500948&CODE_STATE=getMsg HTTP/1.1" 200 27
116.224.253.72 - - [21/Apr/2021:09:11:37 +0800] "GET /xingrg/kc/buy/cgsh_order_operate.html?command=get_materiel&rest_code=00150&code=00101029025&supplier_code=00100017&order_time=2021-04-21 HTTP/1.1" 200 442
114.88.160.164 - - [21/Apr/2021:09:11:37 +0800] "GET /xingrg/kc/buy/cgsh_order_operate.html?command=get_materiel&rest_code=00111&code=00101008144&supplier_code=00100005&order_time=2021-04-21 HTTP/1.1" 200 412
114.83.220.63 - - [21/Apr/2021:09:11:37 +0800] "GET /xingrg/check_reg.html?_=1618967498235 HTTP/1.1" 200 22
114.83.220.63 - - [21/Apr/2021:09:11:37 +0800] "GET /xingrg/all/function/internal_message.html?_=1618967498238&CODE_STATE=getMsg HTTP/1.1" 200 27
114.83.220.63 - - [21/Apr/2021:09:11:38 +0800] "GET /xingrg/kc/buy/cgsh_order_add.html HTTP/1.1" 200 62201
116.224.253.72 - - [21/Apr/2021:09:11:38 +0800] "GET /xingrg/all/function/internal_message.html?_=1618967499659&CODE_STATE=getMsg HTTP/1.1" 200 27
114.86.187.76 - - [21/Apr/2021:09:11:38 +0800] "GET /xingrg/kc/buy/cgsh_order_operate.html?command=get_materiel&rest_code=00148&code=00101008356&supplier_code=00100007&order_time=2021-04-21 HTTP/1.1" 200 408
114.83.220.63 - - [21/Apr/2021:09:11:38 +0800] "POST /xingrg/kc/buy/cgsh_order_operate.html HTTP/1.1" 200 8245
114.83.220.63 - - [21/Apr/2021:09:11:38 +0800] "GET /xingrg/javascript/easyui/themes/default/validatebox.css HTTP/1.1" 404 1104
61.165.42.208 - - [21/Apr/2021:09:11:39 +0800] "GET /xingrg/all/function/internal_message.html?_=1618967501175&CODE_STATE=getMsg HTTP/1.1" 200 27
114.88.160.164 - - [21/Apr/2021:09:11:43 +0800] "GET /xingrg/kc/buy/cgsh_order_operate.html?command=get_materiel&rest_code=00111&code=00101008264&supplier_code=00100005&order_time=2021-04-21 HTTP/1.1" 200 412
124.77.71.179 - - [21/Apr/2021:09:11:44 +0800] "GET /xingrg/kc/buy/cgsh_order_operate.html?command=get_materiel&rest_code=00107&code=00101011005&supplier_code=00100049&order_time=2021-04-21 HTTP/1.1" 200 408
114.86.187.76 - - [21/Apr/2021:09:11:47 +0800] "GET /xingrg/kc/buy/cgsh_order_operate.html?command=get_materiel&rest_code=00148&code=00101008069&supplier_code=00100007&order_time=2021-04-21 HTTP/1.1" 200 412
114.83.220.63 - - [21/Apr/2021:09:11:48 +0800] "GET /xingrg/kc/buy/cgsh_order_operate.html?command=get_materiel&rest_code=00149&code=00101010269&supplier_code=00100323&order_time=2021-04-20 HTTP/1.1" 200 409
116.230.114.112 - - [21/Apr/2021:09:11:48 +0800] "GET /xingrg/all/function/internal_message.html?_=1618967517536&CODE_STATE=getMsg HTTP/1.1" 200 27
116.224.253.72 - - [21/Apr/2021:09:11:50 +0800] "GET /xingrg/kc/buy/cgsh_order_operate.html?command=get_materiel&rest_code=00150&code=00101027016&supplier_code=00100017&order_time=2021-04-21 HTTP/1.1" 200 445
114.86.187.76 - - [21/Apr/2021:09:11:52 +0800] "GET /xingrg/kc/buy/cgsh_order_operate.html?command=get_materiel&rest_code=00148&code=00101008131&supplier_code=00100007&order_time=2021-04-21 HTTP/1.1" 200 408
124.77.71.179 - - [21/Apr/2021:09:11:56 +0800] "POST /xingrg/kc/buy/cgsh_order_operate.html HTTP/1.1" 200 37
116.238.141.202 - - [21/Apr/2021:09:11:56 +0800] "GET /xingrg/check_reg.html?_=1618967795740 HTTP/1.1" 200 22
124.77.71.179 - - [21/Apr/2021:09:11:57 +0800] "POST /xingrg/kc/buy/cgsh_order_operate.html HTTP/1.1" 200 2660
114.86.187.76 - - [21/Apr/2021:09:11:57 +0800] "GET /xingrg/kc/buy/cgsh_order_operate.html?command=get_materiel&rest_code=00148&code=00102001067&supplier_code=00100007&order_time=2021-04-21 HTTP/1.1" 200 412
114.83.220.63 - - [21/Apr/2021:09:11:58 +0800] "GET /xingrg/kc/buy/cgsh_order_operate.html?command=get_materiel&rest_code=00149&code=00101010315&supplier_code=00100323&order_time=2021-04-20 HTTP/1.1" 200 420
116.230.114.112 - - [21/Apr/2021:09:11:58 +0800] "GET /xingrg/kc/buy/cgsh_order_list.html HTTP/1.1" 302 -
116.230.114.112 - - [21/Apr/2021:09:11:58 +0800] "GET /xingrg/login.html HTTP/1.1" 200 7641
116.230.114.112 - - [21/Apr/2021:09:11:58 +0800] "GET /xingrg/login.html HTTP/1.1" 200 7641
124.77.71.179 - - [21/Apr/2021:09:11:59 +0800] "GET /xingrg/kc/print/load_data.html?order_code=212021042108659&kc_code=cgsh&condition= HTTP/1.1" 200 720
116.238.141.202 - - [21/Apr/2021:09:11:59 +0800] "GET /xingrg/all/function/internal_message.html?_=1618967798636&CODE_STATE=getMsg HTTP/1.1" 200 27
116.230.114.112 - - [21/Apr/2021:09:11:59 +0800] "GET /favicon.ico HTTP/1.1" 404 -
114.88.160.164 - - [21/Apr/2021:09:12:00 +0800] "GET /xingrg/kc/buy/cgsh_order_operate.html?command=get_materiel&rest_code=00111&code=00101008038&supplier_code=00100005&order_time=2021-04-21 HTTP/1.1" 200 412
114.86.231.92 - - [21/Apr/2021:09:12:00 +0800] "GET /xingrg/kc/buy/cgsh_order_operate.html?command=get_materiel&rest_code=00109&code=00101008080&supplier_code=00100005&order_time=2021-04-21 HTTP/1.1" 200 416
124.77.71.179 - - [21/Apr/2021:09:12:01 +0800] "GET /xingrg/all/function/internal_message.html?_=1618967517763&CODE_STATE=getMsg HTTP/1.1" 200 27
116.230.114.112 - - [21/Apr/2021:09:12:01 +0800] "POST /xingrg/login.do HTTP/1.1" 302 -
116.230.114.112 - - [21/Apr/2021:09:12:01 +0800] "GET /xingrg/index.html?sysBaseUrl=http%3A%2F%2F180.169.147.146%3A18081%2Fxingrg%2F&costTime=39×tamp=1618967521446 HTTP/1.1" 200 17179
116.230.114.112 - - [21/Apr/2021:09:12:01 +0800] "GET /xingrg/css/form.css HTTP/1.1" 304 -
116.230.114.112 - - [21/Apr/2021:09:12:01 +0800] "GET /xingrg/javascript/jquery.form.js HTTP/1.1" 304 -
116.230.114.112 - - [21/Apr/2021:09:12:01 +0800] "GET /xingrg/javascript/jquery.timers.js HTTP/1.1" 304 -
116.230.114.112 - - [21/Apr/2021:09:12:01 +0800] "GET /favicon.ico HTTP/1.1" 404 -
116.230.114.112 - - [21/Apr/2021:09:12:01 +0800] "POST /xingrg/all/common/load_tree.html?tree=area_rest_tree_json&manage=1 HTTP/1.1" 200 479
116.230.114.112 - - [21/Apr/2021:09:12:01 +0800] "GET /xingrg/all/function/internal_message.html?_=1618967531730&CODE_STATE=count HTTP/1.1" 200 11
116.230.114.112 - - [21/Apr/2021:09:12:01 +0800] "GET /xingrg/check_reg.html?_=1618967531730 HTTP/1.1" 200 22
116.230.114.112 - - [21/Apr/2021:09:12:01 +0800] "POST /xingrg/load_menu.html HTTP/1.1" 200 5138
116.224.253.72 - - [21/Apr/2021:09:12:02 +0800] "GET /xingrg/kc/buy/cgsh_order_operate.html?command=get_materiel&rest_code=00150&code=00101028012&supplier_code=00100017&order_time=2021-04-21 HTTP/1.1" 200 456
114.86.231.92 - - [21/Apr/2021:09:12:02 +0800] "GET /xingrg/all/function/internal_message.html?_=1618967528881&CODE_STATE=getMsg HTTP/1.1" 200 27
114.86.231.92 - - [21/Apr/2021:09:12:02 +0800] "GET /xingrg/check_reg.html?_=1618967528882 HTTP/1.1" 200 22
114.86.187.76 - - [21/Apr/2021:09:12:04 +0800] "GET /xingrg/kc/buy/cgsh_order_operate.html?command=get_materiel&rest_code=00148&code=00101008105&supplier_code=00100007&order_time=2021-04-21 HTTP/1.1" 200 412
116.230.114.112 - - [21/Apr/2021:09:12:05 +0800] "GET /xingrg/css/base.css HTTP/1.1" 304 -
116.230.114.112 - - [21/Apr/2021:09:12:05 +0800] "GET /xingrg/css/site.css HTTP/1.1" 304 -
116.230.114.112 - - [21/Apr/2021:09:12:05 +0800] "GET /xingrg/javascript/jquery_tools/datebox.css HTTP/1.1" 304 -
116.230.114.112 - - [21/Apr/2021:09:12:05 +0800] "GET /xingrg/javascript/jquery_tools/jquery.tools.hotkey.js HTTP/1.1" 304 -
116.230.114.112 - - [21/Apr/2021:09:12:05 +0800] "GET /xingrg/javascript/jquery.cookie.js HTTP/1.1" 304 -
116.230.114.112 - - [21/Apr/2021:09:12:05 +0800] "GET /xingrg/javascript/jquery_tools/jquery.tools.table.js HTTP/1.1" 304 -
116.230.114.112 - - [21/Apr/2021:09:12:05 +0800] "GET /xingrg/javascript/easyui/themes/default/easyui.css HTTP/1.1" 304 -
116.230.114.112 - - [21/Apr/2021:09:12:05 +0800] "GET /xingrg/javascript/jquery_tools/table.css HTTP/1.1" 304 -
116.230.114.112 - - [21/Apr/2021:09:12:05 +0800] "GET /xingrg/javascript/jquery_tools/fix.css HTTP/1.1" 304 -
116.230.114.112 - - [21/Apr/2021:09:12:05 +0800] "GET /xingrg/javascript/jquery_tools/jquery.tools.min.js HTTP/1.1" 304 -
116.230.114.112 - - [21/Apr/2021:09:12:05 +0800] "GET /xingrg/javascript/easyui/themes/icon.css HTTP/1.1" 304 -
116.230.114.112 - - [21/Apr/2021:09:12:05 +0800] "GET /xingrg/javascript/jquery_tools/jquery.tools.extend.js HTTP/1.1" 304 -
116.230.114.112 - - [21/Apr/2021:09:12:05 +0800] "GET /xingrg/javascript/easyui/easyloader.js HTTP/1.1" 304 -
116.230.114.112 - - [21/Apr/2021:09:12:05 +0800] "GET /xingrg/javascript/jquery_tools/list_manager.js HTTP/1.1" 304 -
116.230.114.112 - - [21/Apr/2021:09:12:05 +0800] "GET /xingrg/kc/buy/cgsh_order_list.html HTTP/1.1" 200 46416
116.230.114.112 - - [21/Apr/2021:09:12:05 +0800] "GET /xingrg/javascript/easyui/plugins/jquery.parser.js HTTP/1.1" 304 -
116.230.114.112 - - [21/Apr/2021:09:12:06 +0800] "POST /xingrg/kc/buy/cgsh_list_operate.html HTTP/1.1" 200 876
117.185.32.26 - - [21/Apr/2021:09:12:06 +0800] "GET /xingrg/all/function/internal_message.html?_=1618967525379&CODE_STATE=getMsg HTTP/1.1" 200 27
114.86.231.92 - - [21/Apr/2021:09:12:06 +0800] "GET /xingrg/kc/buy/cgsh_order_operate.html?command=get_materiel&rest_code=00109&code=00101008290&supplier_code=00100005&order_time=2021-04-21 HTTP/1.1" 200 416
116.230.114.112 - - [21/Apr/2021:09:12:07 +0800] "GET /xingrg/javascript/jquery_tools/order_manager.js HTTP/1.1" 304 -
116.230.114.112 - - [21/Apr/2021:09:12:07 +0800] "GET /xingrg/javascript/json2.js HTTP/1.1" 304 -
116.230.114.112 - - [21/Apr/2021:09:12:07 +0800] "GET /xingrg/javascript/convert.js HTTP/1.1" 304 -
116.230.114.112 - - [21/Apr/2021:09:12:07 +0800] "GET /xingrg/kc/buy/cgsh_order_add.html HTTP/1.1" 200 62154
116.230.114.112 - - [21/Apr/2021:09:12:07 +0800] "POST /xingrg/kc/buy/cgsh_order_operate.html HTTP/1.1" 200 8245
114.86.187.76 - - [21/Apr/2021:09:12:07 +0800] "GET /xingrg/all/function/internal_message.html?_=1618967527899&CODE_STATE=getMsg HTTP/1.1" 200 27
116.230.114.112 - - [21/Apr/2021:09:12:07 +0800] "GET /xingrg/javascript/easyui/themes/default/validatebox.css HTTP/1.1" 404 1104
116.230.114.112 - - [21/Apr/2021:09:12:07 +0800] "GET /xingrg/javascript/easyui/plugins/jquery.validatebox.js HTTP/1.1" 304 -
116.230.114.112 - - [21/Apr/2021:09:12:07 +0800] "GET /xingrg/javascript/easyui/plugins/jquery.numberbox.js HTTP/1.1" 304 -
116.230.114.112 - - [21/Apr/2021:09:12:09 +0800] "GET /xingrg/javascript/auto/indicator.gif HTTP/1.1" 404 1066
120.204.17.68 - - [21/Apr/2021:09:12:09 +0800] "GET /xingrg/all/function/internal_message.html?_=1618967465379&CODE_STATE=getMsg HTTP/1.1" 302 -
114.88.160.164 - - [21/Apr/2021:09:12:09 +0800] "GET /xingrg/kc/buy/cgsh_order_operate.html?command=get_materiel&rest_code=00111&code=00101008067&supplier_code=00100005&order_time=2021-04-21 HTTP/1.1" 200 416
120.204.17.68 - - [21/Apr/2021:09:12:10 +0800] "GET /xingrg/login.html HTTP/1.1" 200 7641
114.86.187.76 - - [21/Apr/2021:09:12:10 +0800] "GET /xingrg/kc/buy/cgsh_order_operate.html?command=get_materiel&rest_code=00148&code=00101008119&supplier_code=00100007&order_time=2021-04-21 HTTP/1.1" 200 412
116.230.114.112 - - [21/Apr/2021:09:12:11 +0800] "GET /xingrg/javascript/jquery_tools/images/prev.gif HTTP/1.1" 404 1086
116.230.114.112 - - [21/Apr/2021:09:12:11 +0800] "GET /xingrg/javascript/jquery_tools/images/next.gif HTTP/1.1" 404 1086
114.86.231.92 - - [21/Apr/2021:09:12:13 +0800] "GET /xingrg/kc/buy/cgsh_order_operate.html?command=get_materiel&rest_code=00109&code=00101008032&supplier_code=00100005&order_time=2021-04-21 HTTP/1.1" 200 408
114.86.231.92 - - [21/Apr/2021:09:12:15 +0800] "POST /xingrg/kc/buy/cgsh_order_operate.html HTTP/1.1" 200 2065
114.83.220.63 - - [21/Apr/2021:09:12:16 +0800] "GET /xingrg/kc/buy/cgsh_order_operate.html?command=get_materiel&rest_code=00149&code=00101007105&supplier_code=00100323&order_time=2021-04-20 HTTP/1.1" 200 412
114.88.160.164 - - [21/Apr/2021:09:12:18 +0800] "GET /xingrg/kc/buy/cgsh_order_operate.html?command=get_materiel&rest_code=00111&code=00101008137&supplier_code=00100005&order_time=2021-04-21 HTTP/1.1" 200 408
116.230.114.112 - - [21/Apr/2021:09:12:19 +0800] "GET /xingrg/kc/buy/cgsh_order_operate.html?command=get_materiel&rest_code=00146&code=00101008176&supplier_code=00100005&order_time=2021-04-21 HTTP/1.1" 200 413
114.86.231.92 - - [21/Apr/2021:09:12:20 +0800] "GET /xingrg/kc/buy/cgsh_order_operate.html?command=get_materiel&rest_code=00109&code=00101008161&supplier_code=00100005&order_time=2021-04-21 HTTP/1.1" 200 409
222.70.217.33 - - [21/Apr/2021:09:12:21 +0800] "GET /xingrg/check_reg.html?_=1618967539675 HTTP/1.1" 200 22
222.70.217.33 - - [21/Apr/2021:09:12:21 +0800] "GET /xingrg/all/function/internal_message.html?_=1618967539676&CODE_STATE=getMsg HTTP/1.1" 200 27
117.185.32.26 - - [21/Apr/2021:09:12:22 +0800] "GET /xingrg/all/function/internal_message.html?_=1618968067506&CODE_STATE=getMsg HTTP/1.1" 200 27
116.224.253.72 - - [21/Apr/2021:09:12:24 +0800] "POST /xingrg/kc/buy/cgsh_order_operate.html HTTP/1.1" 200 37
180.169.147.146 - - [21/Apr/2021:09:12:24 +0800] "GET /xingrg/all/function/internal_message.html?_=1618967550642&CODE_STATE=getMsg HTTP/1.1" 302 -
114.86.187.76 - - [21/Apr/2021:09:12:24 +0800] "GET /xingrg/kc/buy/cgsh_order_operate.html?command=get_materiel&rest_code=00148&code=00101008236&supplier_code=00100007&order_time=2021-04-21 HTTP/1.1" 200 416
114.83.220.63 - - [21/Apr/2021:09:12:25 +0800] "GET /xingrg/kc/buy/cgsh_order_operate.html?command=get_materiel&rest_code=00149&code=00101004069&supplier_code=00100323&order_time=2021-04-20 HTTP/1.1" 200 418
114.88.160.164 - - [21/Apr/2021:09:12:25 +0800] "GET /xingrg/kc/buy/cgsh_order_operate.html?command=get_materiel&rest_code=00111&code=00101008362&supplier_code=00100005&order_time=2021-04-21 HTTP/1.1" 200 408
114.86.187.76 - - [21/Apr/2021:09:12:26 +0800] "POST /xingrg/kc/buy/cgsh_order_operate.html HTTP/1.1" 200 2065
116.224.253.72 - - [21/Apr/2021:09:12:27 +0800] "POST /xingrg/kc/buy/cgsh_order_operate.html HTTP/1.1" 200 12
116.224.253.72 - - [21/Apr/2021:09:12:27 +0800] "GET /xingrg/all/function/internal_message.html?_=1618967533223&CODE_STATE=getMsg HTTP/1.1" 200 27
116.224.253.72 - - [21/Apr/2021:09:12:27 +0800] "GET /xingrg/kc/buy/cgsh_order_info.html?code=212021042108660 HTTP/1.1" 200 56972
116.224.253.72 - - [21/Apr/2021:09:12:28 +0800] "GET /xingrg/javascript/easyui/themes/default/validatebox.css HTTP/1.1" 404 1104
114.86.231.92 - - [21/Apr/2021:09:12:28 +0800] "GET /xingrg/kc/buy/cgsh_order_operate.html?command=get_materiel&rest_code=00109&code=00101008103&supplier_code=00100005&order_time=2021-04-21 HTTP/1.1" 200 417
116.224.253.72 - - [21/Apr/2021:09:12:28 +0800] "POST /xingrg/kc/buy/cgsh_order_operate.html HTTP/1.1" 200 2522
116.224.253.72 - - [21/Apr/2021:09:12:29 +0800] "GET /xingrg/kc/print/load_data.html?order_code=212021042108660&kc_code=cgsh&condition= HTTP/1.1" 200 1588
116.230.114.112 - - [21/Apr/2021:09:12:32 +0800] "GET /xingrg/kc/buy/cgsh_order_operate.html?command=get_materiel&rest_code=00146&code=00101008248&supplier_code=00100005&order_time=2021-04-21 HTTP/1.1" 200 412
114.88.160.164 - - [21/Apr/2021:09:12:33 +0800] "GET /xingrg/check_reg.html?_=1618967551856 HTTP/1.1" 200 22
114.88.160.164 - - [21/Apr/2021:09:12:33 +0800] "GET /xingrg/all/function/internal_message.html?_=1618967551977&CODE_STATE=getMsg HTTP/1.1" 200 27
114.86.187.76 - - [21/Apr/2021:09:12:33 +0800] "GET /xingrg/kc/buy/cgsh_order_operate.html?command=get_materiel&rest_code=00148&code=00101009004&supplier_code=00100007&order_time=2021-04-21 HTTP/1.1" 200 409
114.88.160.164 - - [21/Apr/2021:09:12:33 +0800] "GET /xingrg/kc/buy/cgsh_order_operate.html?command=get_materiel&rest_code=00111&code=00101008360&supplier_code=00100005&order_time=2021-04-21 HTTP/1.1" 200 412
114.83.220.63 - - [21/Apr/2021:09:12:35 +0800] "POST /xingrg/kc/buy/cgsh_order_operate.html HTTP/1.1" 200 37
180.169.147.146 - - [21/Apr/2021:09:12:36 +0800] "GET /xingrg/all/function/internal_message.html?_=1618967560948&CODE_STATE=getMsg HTTP/1.1" 200 27
116.224.253.72 - - [21/Apr/2021:09:12:38 +0800] "GET /xingrg/all/function/internal_message.html?_=1618967559656&CODE_STATE=getMsg HTTP/1.1" 200 27
116.224.253.72 - - [21/Apr/2021:09:12:38 +0800] "GET /xingrg/check_reg.html?_=1618967559740 HTTP/1.1" 200 22
61.165.42.208 - - [21/Apr/2021:09:12:39 +0800] "GET /xingrg/all/function/internal_message.html?_=1618967561183&CODE_STATE=getMsg HTTP/1.1" 200 27
116.224.253.72 - - [21/Apr/2021:09:12:40 +0800] "POST /xingrg/all/user/operate.html HTTP/1.1" 200 36
116.224.253.72 - - [21/Apr/2021:09:12:40 +0800] "GET /xingrg/index.html?sysBaseUrl=http%3A%2F%2F180.169.147.146%3A18081%2Fxingrg%2F&costTime=40×tamp=1618965705048 HTTP/1.1" 200 17177
116.224.253.72 - - [21/Apr/2021:09:12:40 +0800] "GET /xingrg/javascript/jquery_easy_ui/themes/default/easyui.css HTTP/1.1" 304 -
116.224.253.72 - - [21/Apr/2021:09:12:40 +0800] "GET /xingrg/javascript/jquery_easy_ui/themes/icon.css HTTP/1.1" 304 -
116.224.253.72 - - [21/Apr/2021:09:12:40 +0800] "GET /xingrg/css/form.css HTTP/1.1" 304 -
116.224.253.72 - - [21/Apr/2021:09:12:40 +0800] "GET /xingrg/javascript/jquery-1.4.2.min.js HTTP/1.1" 304 -
116.224.253.72 - - [21/Apr/2021:09:12:40 +0800] "GET /xingrg/javascript/jquery_easy_ui/jquery.easyui.min.js HTTP/1.1" 304 -
116.224.253.72 - - [21/Apr/2021:09:12:40 +0800] "GET /xingrg/javascript/jquery_easy_ui/easyui-lang-zh_CN.js HTTP/1.1" 304 -
116.224.253.72 - - [21/Apr/2021:09:12:40 +0800] "GET /xingrg/javascript/jquery.form.js HTTP/1.1" 304 -
116.224.253.72 - - [21/Apr/2021:09:12:40 +0800] "GET /xingrg/javascript/jquery.utils.js HTTP/1.1" 304 -
116.224.253.72 - - [21/Apr/2021:09:12:40 +0800] "GET /xingrg/javascript/jquery.timers.js HTTP/1.1" 304 -
116.224.253.72 - - [21/Apr/2021:09:12:40 +0800] "GET /xingrg/images/blue/jxLogo.png HTTP/1.1" 304 -
116.224.253.72 - - [21/Apr/2021:09:12:40 +0800] "GET /xingrg/javascript/jquery_easy_ui/themes/icons/settle_new.png HTTP/1.1" 304 -
116.224.253.72 - - [21/Apr/2021:09:12:40 +0800] "GET /xingrg/images/blue/navBackgound.jpg HTTP/1.1" 304 -
116.224.253.72 - - [21/Apr/2021:09:12:40 +0800] "POST /xingrg/all/common/load_tree.html?tree=area_rest_tree_json&manage=1 HTTP/1.1" 200 476
116.224.253.72 - - [21/Apr/2021:09:12:40 +0800] "GET /xingrg/all/function/internal_message.html?_=1618967561635&CODE_STATE=count HTTP/1.1" 200 11
116.224.253.72 - - [21/Apr/2021:09:12:40 +0800] "GET /xingrg/check_reg.html?_=1618967561637 HTTP/1.1" 200 22
114.88.160.164 - - [21/Apr/2021:09:12:40 +0800] "GET /xingrg/kc/buy/cgsh_order_operate.html?command=get_materiel&rest_code=00111&code=00101008196&supplier_code=00100005&order_time=2021-04-21 HTTP/1.1" 200 418
116.224.253.72 - - [21/Apr/2021:09:12:40 +0800] "GET /xingrg/javascript/jquery_easy_ui/themes/default/images/tabs_rightarrow.png HTTP/1.1" 304 -
116.224.253.72 - - [21/Apr/2021:09:12:40 +0800] "GET /xingrg/images/blue/pingpu.png HTTP/1.1" 304 -
116.224.253.72 - - [21/Apr/2021:09:12:40 +0800] "GET /xingrg/javascript/jquery_easy_ui/themes/default/images/tabs_leftarrow.png HTTP/1.1" 304 -
116.224.253.72 - - [21/Apr/2021:09:12:40 +0800] "GET /xingrg/javascript/jquery_easy_ui/themes/default/images/panel_tool_collapse.gif HTTP/1.1" 304 -
116.224.253.72 - - [21/Apr/2021:09:12:40 +0800] "POST /xingrg/load_menu.html HTTP/1.1" 200 5138
116.230.114.112 - - [21/Apr/2021:09:12:41 +0800] "GET /xingrg/kc/buy/cgsh_order_operate.html?command=get_materiel&rest_code=00146&code=00101008210&supplier_code=00100005&order_time=2021-04-21 HTTP/1.1" 200 408
114.83.220.63 - - [21/Apr/2021:09:12:41 +0800] "POST /xingrg/kc/buy/cgsh_order_operate.html HTTP/1.1" 200 12
116.224.253.72 - - [21/Apr/2021:09:12:42 +0800] "GET /xingrg/kc/buy/cgsh_order_list.html HTTP/1.1" 200 46414
114.83.220.63 - - [21/Apr/2021:09:12:42 +0800] "GET /xingrg/kc/buy/cgsh_order_info.html?code=212021042108661 HTTP/1.1" 200 57106
114.83.220.63 - - [21/Apr/2021:09:12:43 +0800] "GET /xingrg/javascript/easyui/themes/default/validatebox.css HTTP/1.1" 404 1104
114.83.220.63 - - [21/Apr/2021:09:12:43 +0800] "POST /xingrg/kc/buy/cgsh_order_operate.html HTTP/1.1" 200 2385
116.224.253.72 - - [21/Apr/2021:09:12:43 +0800] "POST /xingrg/kc/buy/cgsh_list_operate.html HTTP/1.1" 200 1706
116.224.253.72 - - [21/Apr/2021:09:12:44 +0800] "GET /xingrg/kc/buy/cgsh_order_add.html HTTP/1.1" 200 61790
116.224.253.72 - - [21/Apr/2021:09:12:45 +0800] "GET /xingrg/javascript/easyui/themes/default/validatebox.css HTTP/1.1" 404 1104
116.224.253.72 - - [21/Apr/2021:09:12:45 +0800] "POST /xingrg/kc/buy/cgsh_order_operate.html HTTP/1.1" 200 8245
114.83.220.63 - - [21/Apr/2021:09:12:46 +0800] "GET /xingrg/kc/print/load_data.html?order_code=212021042108661&kc_code=cgsh&condition= HTTP/1.1" 200 1396
114.86.231.92 - - [21/Apr/2021:09:12:46 +0800] "GET /xingrg/kc/buy/cgsh_order_operate.html?command=get_materiel&rest_code=00109&code=00101008225&supplier_code=00100005&order_time=2021-04-21 HTTP/1.1" 200 416
114.88.160.164 - - [21/Apr/2021:09:12:47 +0800] "POST /xingrg/kc/buy/cgsh_order_operate.html HTTP/1.1" 200 2065
114.86.187.76 - - [21/Apr/2021:09:12:47 +0800] "GET /xingrg/kc/buy/cgsh_order_operate.html?command=get_materiel&rest_code=00148&code=00101009007&supplier_code=00100007&order_time=2021-04-21 HTTP/1.1" 200 408
116.230.114.112 - - [21/Apr/2021:09:12:47 +0800] "GET /xingrg/check_reg.html?_=1618967576619 HTTP/1.1" 302 -
116.230.114.112 - - [21/Apr/2021:09:12:48 +0800] "GET /xingrg/all/function/internal_message.html?_=1618967577550&CODE_STATE=getMsg HTTP/1.1" 302 -
114.83.220.63 - - [21/Apr/2021:09:12:50 +0800] "GET /xingrg/kc/buy/cgsh_order_add.html HTTP/1.1" 200 62201
114.83.220.63 - - [21/Apr/2021:09:12:50 +0800] "POST /xingrg/kc/buy/cgsh_order_operate.html HTTP/1.1" 200 8245
114.83.220.63 - - [21/Apr/2021:09:12:50 +0800] "GET /xingrg/javascript/easyui/themes/default/validatebox.css HTTP/1.1" 404 1104
116.230.114.112 - - [21/Apr/2021:09:12:52 +0800] "GET /xingrg/kc/buy/cgsh_order_operate.html?command=get_materiel&rest_code=00146&code=00101008350&supplier_code=00100005&order_time=2021-04-21 HTTP/1.1" 200 408
114.88.160.164 - - [21/Apr/2021:09:12:54 +0800] "GET /xingrg/kc/buy/cgsh_order_operate.html?command=get_materiel&rest_code=00111&code=00101008357&supplier_code=00100005&order_time=2021-04-21 HTTP/1.1" 200 408
114.86.231.92 - - [21/Apr/2021:09:12:59 +0800] "GET /xingrg/kc/buy/cgsh_order_operate.html?command=get_materiel&rest_code=00109&code=00101008125&supplier_code=00100005&order_time=2021-04-21 HTTP/1.1" 200 413
116.238.141.202 - - [21/Apr/2021:09:13:00 +0800] "GET /xingrg/all/function/internal_message.html?_=1618967858643&CODE_STATE=getMsg HTTP/1.1" 200 27
114.86.187.76 - - [21/Apr/2021:09:13:01 +0800] "GET /xingrg/kc/buy/cgsh_order_operate.html?command=get_materiel&rest_code=00148&code=00101009062&supplier_code=00100007&order_time=2021-04-21 HTTP/1.1" 200 412
124.77.71.179 - - [21/Apr/2021:09:13:01 +0800] "GET /xingrg/all/function/internal_message.html?_=1618967577740&CODE_STATE=getMsg HTTP/1.1" 200 27
116.230.114.112 - - [21/Apr/2021:09:13:01 +0800] "GET /xingrg/all/function/internal_message.html?_=1618967591741&CODE_STATE=getMsg HTTP/1.1" 200 27
114.88.160.164 - - [21/Apr/2021:09:13:01 +0800] "GET /xingrg/kc/buy/cgsh_order_operate.html?command=get_materiel&rest_code=00111&code=00101008069&supplier_code=00100005&order_time=2021-04-21 HTTP/1.1" 200 412
114.86.231.92 - - [21/Apr/2021:09:13:02 +0800] "GET /xingrg/all/function/internal_message.html?_=1618967588882&CODE_STATE=getMsg HTTP/1.1" 200 27
116.230.114.112 - - [21/Apr/2021:09:13:06 +0800] "GET /xingrg/kc/buy/cgsh_order_operate.html?command=get_materiel&rest_code=00146&code=00101008351&supplier_code=00100005&order_time=2021-04-21 HTTP/1.1" 200 408
117.185.32.26 - - [21/Apr/2021:09:13:06 +0800] "GET /xingrg/all/function/internal_message.html?_=1618967585380&CODE_STATE=getMsg HTTP/1.1" 200 27
114.86.187.76 - - [21/Apr/2021:09:13:07 +0800] "GET /xingrg/all/function/internal_message.html?_=1618967587913&CODE_STATE=getMsg HTTP/1.1" 200 27
114.86.231.92 - - [21/Apr/2021:09:13:07 +0800] "GET /xingrg/kc/buy/cgsh_order_operate.html?command=get_materiel&rest_code=00109&code=00101008361&supplier_code=00100005&order_time=2021-04-21 HTTP/1.1" 200 408
114.86.231.92 - - [21/Apr/2021:09:13:09 +0800] "POST /xingrg/kc/buy/cgsh_order_operate.html HTTP/1.1" 200 2065
114.83.220.63 - - [21/Apr/2021:09:13:12 +0800] "GET /xingrg/kc/buy/cgsh_order_operate.html?command=get_materiel&rest_code=00149&code=00101001135&supplier_code=00100313&order_time=2021-04-21 HTTP/1.1" 200 413
114.86.187.76 - - [21/Apr/2021:09:13:13 +0800] "GET /xingrg/kc/buy/cgsh_order_operate.html?command=get_materiel&rest_code=00148&code=00101008036&supplier_code=00100007&order_time=2021-04-21 HTTP/1.1" 200 408
116.224.253.72 - - [21/Apr/2021:09:13:13 +0800] "GET /xingrg/javascript/auto/indicator.gif HTTP/1.1" 404 1066
114.86.231.92 - - [21/Apr/2021:09:13:14 +0800] "GET /xingrg/kc/buy/cgsh_order_operate.html?command=get_materiel&rest_code=00109&code=00101008286&supplier_code=00100005&order_time=2021-04-21 HTTP/1.1" 200 408
120.204.17.68 - - [21/Apr/2021:09:13:14 +0800] "GET /xingrg/all/function/internal_message.html?_=1618967525379&CODE_STATE=getMsg HTTP/1.1" 302 -
116.230.114.112 - - [21/Apr/2021:09:13:14 +0800] "GET /xingrg/kc/buy/cgsh_order_operate.html?command=get_materiel&rest_code=00146&code=00101008087&supplier_code=00100005&order_time=2021-04-21 HTTP/1.1" 200 412
114.86.187.76 - - [21/Apr/2021:09:13:14 +0800] "POST /xingrg/kc/buy/cgsh_order_operate.html HTTP/1.1" 200 2065
180.169.147.146 - - [21/Apr/2021:09:13:17 +0800] "GET /xingrg/login.html HTTP/1.1" 200 7641
180.169.147.146 - - [21/Apr/2021:09:13:17 +0800] "GET /favicon.ico HTTP/1.1" 404 -
180.169.147.146 - - [21/Apr/2021:09:13:19 +0800] "POST /xingrg/login.do HTTP/1.1" 302 -
