180.169.147.146 - - [19/Apr/2021:09:33:01 +0800] "POST /xingrg/dwr/call/plaincall/AjaxCheckService.setItemNumber.dwr HTTP/1.1" 200 78
116.230.114.112 - - [19/Apr/2021:09:33:01 +0800] "GET /xingrg/all/function/internal_message.html?_=1618795982888&CODE_STATE=getMsg HTTP/1.1" 200 27
180.169.147.146 - - [19/Apr/2021:09:33:02 +0800] "POST /xingrg/dwr/call/plaincall/AjaxCheckService.setItemNumber.dwr HTTP/1.1" 200 78
116.224.253.72 - - [19/Apr/2021:09:33:03 +0800] "GET /xingrg/all/function/internal_message.html?_=1618795969905&CODE_STATE=getMsg HTTP/1.1" 200 27
117.185.32.26 - - [19/Apr/2021:09:33:03 +0800] "GET /xingrg/kc/base/check_order_info.html?code=452021041800245 HTTP/1.1" 200 26446
116.235.95.160 - - [19/Apr/2021:09:33:03 +0800] "POST /xingrg/dwr/call/plaincall/AjaxCheckService.setItemNumber.dwr HTTP/1.1" 200 77
117.185.32.26 - - [19/Apr/2021:09:33:03 +0800] "GET /xingrg/dwr/interface/AjaxComOrderService.js HTTP/1.1" 200 18264
117.185.32.26 - - [19/Apr/2021:09:33:03 +0800] "GET /xingrg/dwr/interface/AjaxCheckService.js HTTP/1.1" 200 14003
180.169.147.146 - - [19/Apr/2021:09:33:04 +0800] "POST /xingrg/dwr/call/plaincall/AjaxCheckService.setItemNumber.dwr HTTP/1.1" 200 78
117.185.32.26 - - [19/Apr/2021:09:33:04 +0800] "GET /xingrg/dwr/engine.js HTTP/1.1" 200 43631
116.233.76.198 - - [19/Apr/2021:09:33:04 +0800] "GET /xingrg/kc/buy/cgsh_order_operate.html?command=get_materiel&rest_code=00109&code=00101008236&supplier_code=00100005&order_time=2021-04-19 HTTP/1.1" 200 416
117.185.32.26 - - [19/Apr/2021:09:33:05 +0800] "POST /xingrg/dwr/call/plaincall/AjaxCheckService.loadOrderItems.dwr HTTP/1.1" 200 188940
180.169.147.146 - - [19/Apr/2021:09:33:05 +0800] "POST /xingrg/dwr/call/plaincall/AjaxCheckService.setItemNumber.dwr HTTP/1.1" 200 78
116.230.114.112 - - [19/Apr/2021:09:33:06 +0800] "GET /xingrg/kc/buy/cgsh_order_operate.html?command=get_materiel&rest_code=00146&code=00101013165&supplier_code=00100005&order_time=2021-04-19 HTTP/1.1" 200 409
180.169.147.146 - - [19/Apr/2021:09:33:07 +0800] "POST /xingrg/dwr/call/plaincall/AjaxCheckService.setItemNumber.dwr HTTP/1.1" 200 78
180.169.147.146 - - [19/Apr/2021:09:33:10 +0800] "POST /xingrg/dwr/call/plaincall/AjaxCheckService.setItemNumber.dwr HTTP/1.1" 200 78
117.131.5.26 - - [19/Apr/2021:09:33:11 +0800] "POST /xingrg/dwr/call/plaincall/AjaxCheckService.setItemNumber.dwr HTTP/1.1" 200 77
61.165.42.208 - - [19/Apr/2021:09:33:11 +0800] "GET /xingrg/check_reg.html?_=1618795992268 HTTP/1.1" 200 22
61.165.42.208 - - [19/Apr/2021:09:33:12 +0800] "GET /xingrg/all/function/internal_message.html?_=1618795993422&CODE_STATE=getMsg HTTP/1.1" 200 27
117.131.5.26 - - [19/Apr/2021:09:33:13 +0800] "POST /xingrg/dwr/call/plaincall/AjaxCheckService.setItemNumber.dwr HTTP/1.1" 200 77
116.235.95.160 - - [19/Apr/2021:09:33:13 +0800] "POST /xingrg/dwr/call/plaincall/AjaxCheckService.setItemNumber.dwr HTTP/1.1" 200 77
117.131.5.26 - - [19/Apr/2021:09:33:14 +0800] "POST /xingrg/dwr/call/plaincall/AjaxCheckService.setItemNumber.dwr HTTP/1.1" 200 77
61.165.42.208 - - [19/Apr/2021:09:33:15 +0800] "GET /xingrg/all/function/internal_message.html?_=1618795979510&CODE_STATE=getMsg HTTP/1.1" 200 27
117.131.5.26 - - [19/Apr/2021:09:33:15 +0800] "POST /xingrg/dwr/call/plaincall/AjaxCheckService.setItemNumber.dwr HTTP/1.1" 200 77
116.230.114.112 - - [19/Apr/2021:09:33:15 +0800] "GET /xingrg/kc/buy/cgsh_order_operate.html?command=get_materiel&rest_code=00146&code=00101008095&supplier_code=00100005&order_time=2021-04-19 HTTP/1.1" 200 412
117.131.5.26 - - [19/Apr/2021:09:33:15 +0800] "POST /xingrg/dwr/call/plaincall/AjaxCheckService.setItemNumber.dwr HTTP/1.1" 200 77
116.235.95.160 - - [19/Apr/2021:09:33:16 +0800] "POST /xingrg/dwr/call/plaincall/AjaxCheckService.setItemNumber.dwr HTTP/1.1" 200 77
222.69.129.75 - - [19/Apr/2021:09:33:17 +0800] "GET /xingrg/all/function/internal_message.html?_=1618795996734&CODE_STATE=getMsg HTTP/1.1" 200 27
116.230.114.112 - - [19/Apr/2021:09:33:17 +0800] "POST /xingrg/kc/buy/cgsh_order_operate.html HTTP/1.1" 200 2065
116.235.95.160 - - [19/Apr/2021:09:33:19 +0800] "POST /xingrg/dwr/call/plaincall/AjaxCheckService.setItemNumber.dwr HTTP/1.1" 200 77
58.37.228.113 - - [19/Apr/2021:09:33:20 +0800] "GET /xingrg/check_reg.html?_=1618796001542 HTTP/1.1" 200 22
101.85.94.178 - - [19/Apr/2021:09:33:20 +0800] "GET /xingrg/all/function/internal_message.html?_=1618795536339&CODE_STATE=getMsg HTTP/1.1" 200 27
117.131.5.26 - - [19/Apr/2021:09:33:21 +0800] "POST /xingrg/dwr/call/plaincall/AjaxCheckService.setItemNumber.dwr HTTP/1.1" 200 77
116.235.95.160 - - [19/Apr/2021:09:33:21 +0800] "POST /xingrg/dwr/call/plaincall/AjaxCheckService.setItemNumber.dwr HTTP/1.1" 200 77
116.233.76.198 - - [19/Apr/2021:09:33:21 +0800] "GET /xingrg/kc/buy/cgsh_order_operate.html?command=get_materiel&rest_code=00109&code=00101008168&supplier_code=00100005&order_time=2021-04-19 HTTP/1.1" 200 413
117.131.5.26 - - [19/Apr/2021:09:33:21 +0800] "POST /xingrg/dwr/call/plaincall/AjaxCheckService.setItemNumber.dwr HTTP/1.1" 200 77
117.131.5.26 - - [19/Apr/2021:09:33:22 +0800] "POST /xingrg/dwr/call/plaincall/AjaxCheckService.setItemNumber.dwr HTTP/1.1" 200 77
116.235.95.160 - - [19/Apr/2021:09:33:22 +0800] "POST /xingrg/dwr/call/plaincall/AjaxCheckService.setItemNumber.dwr HTTP/1.1" 200 77
114.88.160.164 - - [19/Apr/2021:09:33:23 +0800] "POST /xingrg/dwr/call/plaincall/AjaxCheckService.setItemNumber.dwr HTTP/1.1" 200 76
117.131.5.26 - - [19/Apr/2021:09:33:23 +0800] "POST /xingrg/dwr/call/plaincall/AjaxCheckService.setItemNumber.dwr HTTP/1.1" 200 77
180.169.147.146 - - [19/Apr/2021:09:33:23 +0800] "GET /xingrg/all/function/internal_message.html?_=1618796005870&CODE_STATE=getMsg HTTP/1.1" 200 27
114.88.160.164 - - [19/Apr/2021:09:33:25 +0800] "POST /xingrg/dwr/call/plaincall/AjaxCheckService.setItemNumber.dwr HTTP/1.1" 200 76
114.88.160.164 - - [19/Apr/2021:09:33:26 +0800] "POST /xingrg/dwr/call/plaincall/AjaxCheckService.setItemNumber.dwr HTTP/1.1" 200 76
116.233.76.198 - - [19/Apr/2021:09:33:27 +0800] "GET /xingrg/kc/buy/cgsh_order_operate.html?command=get_materiel&rest_code=00109&code=00101008361&supplier_code=00100005&order_time=2021-04-19 HTTP/1.1" 200 408
114.88.160.164 - - [19/Apr/2021:09:33:27 +0800] "POST /xingrg/dwr/call/plaincall/AjaxCheckService.setItemNumber.dwr HTTP/1.1" 200 76
120.253.135.82 - - [19/Apr/2021:09:33:27 +0800] "GET /xingrg/check_reg.html?_=1618795786195 HTTP/1.1" 200 22
120.253.135.82 - - [19/Apr/2021:09:33:28 +0800] "GET /xingrg/all/function/internal_message.html?_=1618795786543&CODE_STATE=getMsg HTTP/1.1" 200 27
114.88.160.164 - - [19/Apr/2021:09:33:29 +0800] "POST /xingrg/dwr/call/plaincall/AjaxCheckService.setItemNumber.dwr HTTP/1.1" 200 76
222.70.217.33 - - [19/Apr/2021:09:33:29 +0800] "GET /xingrg/all/function/internal_message.html?_=1618796009407&CODE_STATE=getMsg HTTP/1.1" 200 27
114.88.160.164 - - [19/Apr/2021:09:33:30 +0800] "POST /xingrg/dwr/call/plaincall/AjaxCheckService.setItemNumber.dwr HTTP/1.1" 200 76
114.88.160.164 - - [19/Apr/2021:09:33:32 +0800] "POST /xingrg/dwr/call/plaincall/AjaxCheckService.setItemNumber.dwr HTTP/1.1" 200 76
116.230.114.112 - - [19/Apr/2021:09:33:32 +0800] "GET /xingrg/kc/buy/cgsh_order_operate.html?command=get_materiel&rest_code=00146&code=00101020152&supplier_code=00100005&order_time=2021-04-19 HTTP/1.1" 200 416
114.88.160.164 - - [19/Apr/2021:09:33:33 +0800] "POST /xingrg/dwr/call/plaincall/AjaxCheckService.setItemNumber.dwr HTTP/1.1" 200 76
116.233.76.198 - - [19/Apr/2021:09:33:34 +0800] "GET /xingrg/kc/buy/cgsh_order_operate.html?command=get_materiel&rest_code=00109&code=00101008032&supplier_code=00100005&order_time=2021-04-19 HTTP/1.1" 200 408
114.88.160.164 - - [19/Apr/2021:09:33:34 +0800] "POST /xingrg/dwr/call/plaincall/AjaxCheckService.setItemNumber.dwr HTTP/1.1" 200 77
124.77.71.179 - - [19/Apr/2021:09:33:35 +0800] "GET /xingrg/all/function/internal_message.html?_=1618796013516&CODE_STATE=getMsg HTTP/1.1" 200 27
117.131.5.26 - - [19/Apr/2021:09:33:35 +0800] "POST /xingrg/dwr/call/plaincall/AjaxCheckService.setItemNumber.dwr HTTP/1.1" 200 77
114.88.160.164 - - [19/Apr/2021:09:33:35 +0800] "POST /xingrg/dwr/call/plaincall/AjaxCheckService.setItemNumber.dwr HTTP/1.1" 200 77
117.131.5.26 - - [19/Apr/2021:09:33:36 +0800] "POST /xingrg/dwr/call/plaincall/AjaxCheckService.setItemNumber.dwr HTTP/1.1" 200 77
116.235.95.160 - - [19/Apr/2021:09:33:38 +0800] "POST /xingrg/dwr/call/plaincall/AjaxCheckService.setItemNumber.dwr HTTP/1.1" 200 77
116.235.95.160 - - [19/Apr/2021:09:33:39 +0800] "POST /xingrg/dwr/call/plaincall/AjaxCheckService.setItemNumber.dwr HTTP/1.1" 200 77
114.88.160.164 - - [19/Apr/2021:09:33:40 +0800] "GET /xingrg/check_reg.html?_=1618796019168 HTTP/1.1" 200 22
58.37.228.113 - - [19/Apr/2021:09:33:40 +0800] "POST /xingrg/dwr/call/plaincall/AjaxCheckService.setItemNumber.dwr HTTP/1.1" 200 77
58.37.228.113 - - [19/Apr/2021:09:33:41 +0800] "POST /xingrg/dwr/call/plaincall/AjaxCheckService.setItemNumber.dwr HTTP/1.1" 200 77
114.88.160.164 - - [19/Apr/2021:09:33:41 +0800] "POST /xingrg/dwr/call/plaincall/AjaxCheckService.setItemNumber.dwr HTTP/1.1" 200 77
114.88.160.164 - - [19/Apr/2021:09:33:42 +0800] "GET /xingrg/all/function/internal_message.html?_=1618796021718&CODE_STATE=getMsg HTTP/1.1" 200 27
58.37.228.113 - - [19/Apr/2021:09:33:42 +0800] "POST /xingrg/dwr/call/plaincall/AjaxCheckService.setItemNumber.dwr HTTP/1.1" 200 77
58.37.228.113 - - [19/Apr/2021:09:33:43 +0800] "POST /xingrg/dwr/call/plaincall/AjaxCheckService.setItemNumber.dwr HTTP/1.1" 200 77
114.88.160.164 - - [19/Apr/2021:09:33:44 +0800] "POST /xingrg/dwr/call/plaincall/AjaxCheckService.setItemNumber.dwr HTTP/1.1" 200 77
117.131.5.26 - - [19/Apr/2021:09:33:44 +0800] "GET /xingrg/all/function/internal_message.html?_=1618796427368&CODE_STATE=getMsg HTTP/1.1" 200 27
58.37.228.113 - - [19/Apr/2021:09:33:44 +0800] "POST /xingrg/dwr/call/plaincall/AjaxCheckService.setItemNumber.dwr HTTP/1.1" 200 77
116.230.114.112 - - [19/Apr/2021:09:33:45 +0800] "GET /xingrg/kc/buy/cgsh_order_operate.html?command=get_materiel&rest_code=00146&code=00101008168&supplier_code=00100005&order_time=2021-04-19 HTTP/1.1" 200 413
58.37.228.113 - - [19/Apr/2021:09:33:45 +0800] "POST /xingrg/dwr/call/plaincall/AjaxCheckService.setItemNumber.dwr HTTP/1.1" 200 77
114.88.160.164 - - [19/Apr/2021:09:33:46 +0800] "POST /xingrg/dwr/call/plaincall/AjaxCheckService.setItemNumber.dwr HTTP/1.1" 200 77
58.37.228.113 - - [19/Apr/2021:09:33:46 +0800] "POST /xingrg/dwr/call/plaincall/AjaxCheckService.setItemNumber.dwr HTTP/1.1" 200 77
58.37.228.113 - - [19/Apr/2021:09:33:47 +0800] "POST /xingrg/dwr/call/plaincall/AjaxCheckService.setItemNumber.dwr HTTP/1.1" 200 77
114.88.160.164 - - [19/Apr/2021:09:33:47 +0800] "POST /xingrg/dwr/call/plaincall/AjaxCheckService.setItemNumber.dwr HTTP/1.1" 200 77
58.37.228.113 - - [19/Apr/2021:09:33:48 +0800] "POST /xingrg/dwr/call/plaincall/AjaxCheckService.setItemNumber.dwr HTTP/1.1" 200 77
117.185.32.26 - - [19/Apr/2021:09:33:48 +0800] "POST /xingrg/dwr/call/plaincall/AjaxCheckService.setItemNumber.dwr HTTP/1.1" 200 76
114.88.160.164 - - [19/Apr/2021:09:33:48 +0800] "POST /xingrg/dwr/call/plaincall/AjaxCheckService.setItemNumber.dwr HTTP/1.1" 200 77
117.185.32.26 - - [19/Apr/2021:09:33:49 +0800] "POST /xingrg/dwr/call/plaincall/AjaxCheckService.setItemNumber.dwr HTTP/1.1" 200 76
58.37.228.113 - - [19/Apr/2021:09:33:49 +0800] "POST /xingrg/dwr/call/plaincall/AjaxCheckService.setItemNumber.dwr HTTP/1.1" 200 77
116.235.95.160 - - [19/Apr/2021:09:33:49 +0800] "POST /xingrg/dwr/call/plaincall/AjaxCheckService.setItemNumber.dwr HTTP/1.1" 200 77
117.131.5.26 - - [19/Apr/2021:09:33:49 +0800] "POST /xingrg/dwr/call/plaincall/AjaxCheckService.setItemNumber.dwr HTTP/1.1" 200 77
117.185.32.26 - - [19/Apr/2021:09:33:49 +0800] "POST /xingrg/dwr/call/plaincall/AjaxCheckService.setItemNumber.dwr HTTP/1.1" 200 76
58.37.228.113 - - [19/Apr/2021:09:33:49 +0800] "POST /xingrg/dwr/call/plaincall/AjaxCheckService.setItemNumber.dwr HTTP/1.1" 200 77
116.224.253.72 - - [19/Apr/2021:09:33:50 +0800] "GET /xingrg/all/function/internal_message.html?_=1618796030328&CODE_STATE=getMsg HTTP/1.1" 200 27
116.224.253.72 - - [19/Apr/2021:09:33:50 +0800] "GET /xingrg/check_reg.html?_=1618796030766 HTTP/1.1" 200 22
114.88.160.164 - - [19/Apr/2021:09:33:50 +0800] "GET /xingrg/all/function/internal_message.html?_=1618796004910&CODE_STATE=getMsg HTTP/1.1" 302 -
114.88.160.164 - - [19/Apr/2021:09:33:50 +0800] "POST /xingrg/dwr/call/plaincall/AjaxCheckService.setItemNumber.dwr HTTP/1.1" 200 77
117.185.32.26 - - [19/Apr/2021:09:33:50 +0800] "POST /xingrg/dwr/call/plaincall/AjaxCheckService.setItemNumber.dwr HTTP/1.1" 200 76
58.37.228.113 - - [19/Apr/2021:09:33:51 +0800] "POST /xingrg/dwr/call/plaincall/AjaxCheckService.setItemNumber.dwr HTTP/1.1" 200 77
117.185.32.26 - - [19/Apr/2021:09:33:51 +0800] "POST /xingrg/dwr/call/plaincall/AjaxCheckService.setItemNumber.dwr HTTP/1.1" 200 76
180.169.147.146 - - [19/Apr/2021:09:33:51 +0800] "GET /xingrg/all/function/internal_message.html?_=1618796031118&CODE_STATE=getMsg HTTP/1.1" 200 27
58.37.228.113 - - [19/Apr/2021:09:33:52 +0800] "POST /xingrg/dwr/call/plaincall/AjaxCheckService.setItemNumber.dwr HTTP/1.1" 200 77
117.131.5.26 - - [19/Apr/2021:09:33:52 +0800] "POST /xingrg/dwr/call/plaincall/AjaxCheckService.setItemNumber.dwr HTTP/1.1" 200 77
117.185.32.26 - - [19/Apr/2021:09:33:52 +0800] "POST /xingrg/dwr/call/plaincall/AjaxCheckService.setItemNumber.dwr HTTP/1.1" 200 76
114.88.160.164 - - [19/Apr/2021:09:33:52 +0800] "POST /xingrg/dwr/call/plaincall/AjaxCheckService.setItemNumber.dwr HTTP/1.1" 200 77
58.37.228.113 - - [19/Apr/2021:09:33:52 +0800] "POST /xingrg/dwr/call/plaincall/AjaxCheckService.setItemNumber.dwr HTTP/1.1" 200 77
124.77.71.179 - - [19/Apr/2021:09:33:53 +0800] "GET /xingrg/check_reg.html?_=1618796033370 HTTP/1.1" 302 -
124.77.71.179 - - [19/Apr/2021:09:33:53 +0800] "GET /xingrg/all/function/internal_message.html?_=1618796033370&CODE_STATE=getMsg HTTP/1.1" 302 -
58.37.228.113 - - [19/Apr/2021:09:33:53 +0800] "POST /xingrg/dwr/call/plaincall/AjaxCheckService.setItemNumber.dwr HTTP/1.1" 200 77
180.169.147.146 - - [19/Apr/2021:09:33:53 +0800] "GET /xingrg/check_reg.html?_=1618796035182 HTTP/1.1" 200 22
180.169.147.146 - - [19/Apr/2021:09:33:53 +0800] "GET /xingrg/all/function/internal_message.html?_=1618796035186&CODE_STATE=getMsg HTTP/1.1" 200 27
114.88.160.164 - - [19/Apr/2021:09:33:53 +0800] "POST /xingrg/dwr/call/plaincall/AjaxCheckService.setItemNumber.dwr HTTP/1.1" 200 77
58.37.228.113 - - [19/Apr/2021:09:33:54 +0800] "POST /xingrg/dwr/call/plaincall/AjaxCheckService.setItemNumber.dwr HTTP/1.1" 200 77
58.37.228.113 - - [19/Apr/2021:09:33:56 +0800] "POST /xingrg/dwr/call/plaincall/AjaxCheckService.setItemNumber.dwr HTTP/1.1" 200 77
116.233.76.198 - - [19/Apr/2021:09:33:56 +0800] "POST /xingrg/kc/buy/cgsh_order_operate.html HTTP/1.1" 200 2065
116.235.95.160 - - [19/Apr/2021:09:33:56 +0800] "POST /xingrg/dwr/call/plaincall/AjaxCheckService.setItemNumber.dwr HTTP/1.1" 200 77
117.185.32.26 - - [19/Apr/2021:09:33:57 +0800] "POST /xingrg/dwr/call/plaincall/AjaxCheckService.setItemNumber.dwr HTTP/1.1" 200 76
58.37.228.113 - - [19/Apr/2021:09:33:57 +0800] "POST /xingrg/dwr/call/plaincall/AjaxCheckService.setItemNumber.dwr HTTP/1.1" 200 77
58.37.228.113 - - [19/Apr/2021:09:33:58 +0800] "POST /xingrg/dwr/call/plaincall/AjaxCheckService.setItemNumber.dwr HTTP/1.1" 200 77
117.131.5.26 - - [19/Apr/2021:09:33:58 +0800] "POST /xingrg/dwr/call/plaincall/AjaxCheckService.setItemNumber.dwr HTTP/1.1" 200 77
58.37.228.113 - - [19/Apr/2021:09:33:58 +0800] "GET /xingrg/all/function/internal_message.html?_=1618796018688&CODE_STATE=getMsg HTTP/1.1" 200 27
117.185.32.26 - - [19/Apr/2021:09:33:58 +0800] "POST /xingrg/dwr/call/plaincall/AjaxCheckService.setItemNumber.dwr HTTP/1.1" 200 76
117.131.5.26 - - [19/Apr/2021:09:33:58 +0800] "POST /xingrg/dwr/call/plaincall/AjaxCheckService.setItemNumber.dwr HTTP/1.1" 200 77
58.37.228.113 - - [19/Apr/2021:09:33:59 +0800] "POST /xingrg/dwr/call/plaincall/AjaxCheckService.setItemNumber.dwr HTTP/1.1" 200 77
58.37.228.113 - - [19/Apr/2021:09:33:59 +0800] "GET /xingrg/all/function/internal_message.html?_=1618796040254&CODE_STATE=getMsg HTTP/1.1" 200 27
117.131.5.26 - - [19/Apr/2021:09:33:59 +0800] "POST /xingrg/dwr/call/plaincall/AjaxCheckService.setItemNumber.dwr HTTP/1.1" 200 77
58.37.228.113 - - [19/Apr/2021:09:33:59 +0800] "POST /xingrg/dwr/call/plaincall/AjaxCheckService.setItemNumber.dwr HTTP/1.1" 200 77
116.235.95.160 - - [19/Apr/2021:09:34:00 +0800] "POST /xingrg/dwr/call/plaincall/AjaxCheckService.setItemNumber.dwr HTTP/1.1" 200 77
116.233.76.198 - - [19/Apr/2021:09:34:00 +0800] "GET /xingrg/all/function/internal_message.html?_=1618796041769&CODE_STATE=getMsg HTTP/1.1" 200 27
116.233.76.198 - - [19/Apr/2021:09:34:00 +0800] "GET /xingrg/check_reg.html?_=1618796041771 HTTP/1.1" 200 22
116.235.95.160 - - [19/Apr/2021:09:34:00 +0800] "POST /xingrg/dwr/call/plaincall/AjaxCheckService.setItemNumber.dwr HTTP/1.1" 200 77
117.131.5.26 - - [19/Apr/2021:09:34:00 +0800] "POST /xingrg/dwr/call/plaincall/AjaxCheckService.setItemNumber.dwr HTTP/1.1" 200 77
116.233.76.198 - - [19/Apr/2021:09:34:00 +0800] "GET /xingrg/kc/buy/cgsh_order_operate.html?command=get_materiel&rest_code=00109&code=00101008290&supplier_code=00100005&order_time=2021-04-19 HTTP/1.1" 200 416
58.37.228.113 - - [19/Apr/2021:09:34:00 +0800] "POST /xingrg/dwr/call/plaincall/AjaxCheckService.setItemNumber.dwr HTTP/1.1" 200 77
116.230.114.112 - - [19/Apr/2021:09:34:01 +0800] "GET /xingrg/all/function/internal_message.html?_=1618796042900&CODE_STATE=getMsg HTTP/1.1" 200 27
58.37.228.113 - - [19/Apr/2021:09:34:01 +0800] "POST /xingrg/dwr/call/plaincall/AjaxCheckService.setItemNumber.dwr HTTP/1.1" 200 77
117.185.32.26 - - [19/Apr/2021:09:34:01 +0800] "POST /xingrg/dwr/call/plaincall/AjaxCheckService.setItemNumber.dwr HTTP/1.1" 200 76
116.235.95.160 - - [19/Apr/2021:09:34:01 +0800] "POST /xingrg/dwr/call/plaincall/AjaxCheckService.setItemNumber.dwr HTTP/1.1" 200 77
58.37.228.113 - - [19/Apr/2021:09:34:02 +0800] "POST /xingrg/dwr/call/plaincall/AjaxCheckService.setItemNumber.dwr HTTP/1.1" 200 77
114.88.160.164 - - [19/Apr/2021:09:34:02 +0800] "POST /xingrg/dwr/call/plaincall/AjaxCheckService.setItemNumber.dwr HTTP/1.1" 200 77
117.185.32.26 - - [19/Apr/2021:09:34:02 +0800] "POST /xingrg/dwr/call/plaincall/AjaxCheckService.setItemNumber.dwr HTTP/1.1" 200 77
58.37.228.113 - - [19/Apr/2021:09:34:02 +0800] "POST /xingrg/dwr/call/plaincall/AjaxCheckService.setItemNumber.dwr HTTP/1.1" 200 77
116.224.253.72 - - [19/Apr/2021:09:34:03 +0800] "GET /xingrg/all/function/internal_message.html?_=1618796029905&CODE_STATE=getMsg HTTP/1.1" 200 27
117.185.32.26 - - [19/Apr/2021:09:34:03 +0800] "POST /xingrg/dwr/call/plaincall/AjaxCheckService.setItemNumber.dwr HTTP/1.1" 200 77
58.37.228.113 - - [19/Apr/2021:09:34:03 +0800] "POST /xingrg/dwr/call/plaincall/AjaxCheckService.setItemNumber.dwr HTTP/1.1" 200 77
117.131.5.26 - - [19/Apr/2021:09:34:03 +0800] "POST /xingrg/dwr/call/plaincall/AjaxCheckService.setItemNumber.dwr HTTP/1.1" 200 77
117.185.32.26 - - [19/Apr/2021:09:34:04 +0800] "POST /xingrg/dwr/call/plaincall/AjaxCheckService.setItemNumber.dwr HTTP/1.1" 200 77
114.88.160.164 - - [19/Apr/2021:09:34:04 +0800] "POST /xingrg/dwr/call/plaincall/AjaxCheckService.setItemNumber.dwr HTTP/1.1" 200 77
114.88.160.164 - - [19/Apr/2021:09:34:05 +0800] "POST /xingrg/dwr/call/plaincall/AjaxCheckService.setItemNumber.dwr HTTP/1.1" 200 77
117.131.5.26 - - [19/Apr/2021:09:34:06 +0800] "POST /xingrg/dwr/call/plaincall/AjaxCheckService.setItemNumber.dwr HTTP/1.1" 200 77
114.88.160.164 - - [19/Apr/2021:09:34:07 +0800] "POST /xingrg/dwr/call/plaincall/AjaxCheckService.setItemNumber.dwr HTTP/1.1" 200 77
58.37.228.113 - - [19/Apr/2021:09:34:07 +0800] "POST /xingrg/dwr/call/plaincall/AjaxCheckService.setItemNumber.dwr HTTP/1.1" 200 77
116.235.95.160 - - [19/Apr/2021:09:34:07 +0800] "POST /xingrg/dwr/call/plaincall/AjaxCheckService.setItemNumber.dwr HTTP/1.1" 200 77
117.131.5.26 - - [19/Apr/2021:09:34:08 +0800] "POST /xingrg/dwr/call/plaincall/AjaxCheckService.setItemNumber.dwr HTTP/1.1" 200 77
117.131.5.26 - - [19/Apr/2021:09:34:08 +0800] "POST /xingrg/dwr/call/plaincall/AjaxCheckService.setItemNumber.dwr HTTP/1.1" 200 77
116.233.76.198 - - [19/Apr/2021:09:34:08 +0800] "GET /xingrg/kc/buy/cgsh_order_operate.html?command=get_materiel&rest_code=00109&code=00101015046&supplier_code=00100005&order_time=2021-04-19 HTTP/1.1" 200 412
116.230.114.112 - - [19/Apr/2021:09:34:08 +0800] "GET /xingrg/kc/buy/cgsh_order_operate.html?command=get_materiel&rest_code=00146&code=00101008323&supplier_code=00100005&order_time=2021-04-19 HTTP/1.1" 200 408
114.88.160.164 - - [19/Apr/2021:09:34:09 +0800] "POST /xingrg/dwr/call/plaincall/AjaxCheckService.setItemNumber.dwr HTTP/1.1" 200 77
117.131.5.26 - - [19/Apr/2021:09:34:09 +0800] "POST /xingrg/dwr/call/plaincall/AjaxCheckService.setItemNumber.dwr HTTP/1.1" 200 77
117.185.32.26 - - [19/Apr/2021:09:34:09 +0800] "POST /xingrg/dwr/call/plaincall/AjaxCheckService.setItemNumber.dwr HTTP/1.1" 200 77
116.235.95.160 - - [19/Apr/2021:09:34:12 +0800] "POST /xingrg/dwr/call/plaincall/AjaxCheckService.setItemNumber.dwr HTTP/1.1" 200 77
61.165.42.208 - - [19/Apr/2021:09:34:12 +0800] "GET /xingrg/all/function/internal_message.html?_=1618796053391&CODE_STATE=getMsg HTTP/1.1" 200 27
117.185.32.26 - - [19/Apr/2021:09:34:12 +0800] "POST /xingrg/dwr/call/plaincall/AjaxCheckService.setItemNumber.dwr HTTP/1.1" 200 77
114.88.160.164 - - [19/Apr/2021:09:34:13 +0800] "POST /xingrg/dwr/call/plaincall/AjaxCheckService.setItemNumber.dwr HTTP/1.1" 200 77
116.233.76.198 - - [19/Apr/2021:09:34:14 +0800] "GET /xingrg/kc/buy/cgsh_order_operate.html?command=get_materiel&rest_code=00109&code=00101015044&supplier_code=00100005&order_time=2021-04-19 HTTP/1.1" 200 408
61.165.42.208 - - [19/Apr/2021:09:34:15 +0800] "GET /xingrg/check_reg.html?_=1618796039509 HTTP/1.1" 200 22
61.165.42.208 - - [19/Apr/2021:09:34:15 +0800] "GET /xingrg/all/function/internal_message.html?_=1618796039513&CODE_STATE=getMsg HTTP/1.1" 200 27
114.88.160.164 - - [19/Apr/2021:09:34:15 +0800] "POST /xingrg/dwr/call/plaincall/AjaxCheckService.setItemNumber.dwr HTTP/1.1" 200 77
114.88.160.164 - - [19/Apr/2021:09:34:16 +0800] "POST /xingrg/dwr/call/plaincall/AjaxCheckService.setItemNumber.dwr HTTP/1.1" 200 77
222.69.129.75 - - [19/Apr/2021:09:34:17 +0800] "GET /xingrg/all/function/internal_message.html?_=1618796056704&CODE_STATE=getMsg HTTP/1.1" 200 27
114.88.160.164 - - [19/Apr/2021:09:34:17 +0800] "POST /xingrg/dwr/call/plaincall/AjaxCheckService.setItemNumber.dwr HTTP/1.1" 200 77
117.185.32.26 - - [19/Apr/2021:09:34:18 +0800] "POST /xingrg/dwr/call/plaincall/AjaxCheckService.setItemNumber.dwr HTTP/1.1" 200 77
116.235.95.160 - - [19/Apr/2021:09:34:18 +0800] "POST /xingrg/dwr/call/plaincall/AjaxCheckService.setItemNumber.dwr HTTP/1.1" 200 77
114.88.160.164 - - [19/Apr/2021:09:34:19 +0800] "POST /xingrg/dwr/call/plaincall/AjaxCheckService.setItemNumber.dwr HTTP/1.1" 200 77
117.185.32.26 - - [19/Apr/2021:09:34:19 +0800] "POST /xingrg/dwr/call/plaincall/AjaxCheckService.setItemNumber.dwr HTTP/1.1" 200 77
114.88.160.164 - - [19/Apr/2021:09:34:20 +0800] "POST /xingrg/dwr/call/plaincall/AjaxCheckService.setItemNumber.dwr HTTP/1.1" 200 77
117.185.32.26 - - [19/Apr/2021:09:34:20 +0800] "POST /xingrg/dwr/call/plaincall/AjaxCheckService.setItemNumber.dwr HTTP/1.1" 200 77
117.131.5.26 - - [19/Apr/2021:09:34:20 +0800] "POST /xingrg/dwr/call/plaincall/AjaxCheckService.setItemNumber.dwr HTTP/1.1" 200 77
101.85.94.178 - - [19/Apr/2021:09:34:20 +0800] "GET /xingrg/all/function/internal_message.html?_=1618795596354&CODE_STATE=getMsg HTTP/1.1" 200 27
116.230.114.112 - - [19/Apr/2021:09:34:21 +0800] "GET /xingrg/kc/buy/cgsh_order_operate.html?command=get_materiel&rest_code=00146&code=00101008498&supplier_code=00100005&order_time=2021-04-19 HTTP/1.1" 200 410
116.235.95.160 - - [19/Apr/2021:09:34:21 +0800] "POST /xingrg/dwr/call/plaincall/AjaxCheckService.setItemNumber.dwr HTTP/1.1" 200 77
117.185.32.26 - - [19/Apr/2021:09:34:21 +0800] "POST /xingrg/dwr/call/plaincall/AjaxCheckService.setItemNumber.dwr HTTP/1.1" 200 77
117.131.5.26 - - [19/Apr/2021:09:34:21 +0800] "POST /xingrg/dwr/call/plaincall/AjaxCheckService.setItemNumber.dwr HTTP/1.1" 200 77
117.131.5.26 - - [19/Apr/2021:09:34:21 +0800] "POST /xingrg/dwr/call/plaincall/AjaxCheckService.setItemNumber.dwr HTTP/1.1" 200 77
116.235.95.160 - - [19/Apr/2021:09:34:22 +0800] "POST /xingrg/dwr/call/plaincall/AjaxCheckService.setItemNumber.dwr HTTP/1.1" 200 77
114.88.160.164 - - [19/Apr/2021:09:34:22 +0800] "POST /xingrg/dwr/call/plaincall/AjaxCheckService.setItemNumber.dwr HTTP/1.1" 200 77
117.131.5.26 - - [19/Apr/2021:09:34:22 +0800] "POST /xingrg/dwr/call/plaincall/AjaxCheckService.setItemNumber.dwr HTTP/1.1" 200 77
114.88.160.164 - - [19/Apr/2021:09:34:23 +0800] "POST /xingrg/dwr/call/plaincall/AjaxCheckService.setItemNumber.dwr HTTP/1.1" 200 77
180.169.147.146 - - [19/Apr/2021:09:34:23 +0800] "GET /xingrg/all/function/internal_message.html?_=1618796065870&CODE_STATE=getMsg HTTP/1.1" 200 27
117.131.5.26 - - [19/Apr/2021:09:34:23 +0800] "POST /xingrg/dwr/call/plaincall/AjaxCheckService.setItemNumber.dwr HTTP/1.1" 200 77
116.233.76.198 - - [19/Apr/2021:09:34:24 +0800] "GET /xingrg/kc/buy/cgsh_order_operate.html?command=get_materiel&rest_code=00109&code=00101008356&supplier_code=00100005&order_time=2021-04-19 HTTP/1.1" 200 408
116.230.114.112 - - [19/Apr/2021:09:34:24 +0800] "POST /xingrg/kc/buy/cgsh_order_operate.html HTTP/1.1" 200 2065
117.131.5.26 - - [19/Apr/2021:09:34:25 +0800] "POST /xingrg/dwr/call/plaincall/AjaxCheckService.setItemNumber.dwr HTTP/1.1" 200 77
114.88.160.164 - - [19/Apr/2021:09:34:25 +0800] "POST /xingrg/dwr/call/plaincall/AjaxCheckService.setItemNumber.dwr HTTP/1.1" 200 77
114.88.160.164 - - [19/Apr/2021:09:34:27 +0800] "POST /xingrg/dwr/call/plaincall/AjaxCheckService.setItemNumber.dwr HTTP/1.1" 200 77
116.235.95.160 - - [19/Apr/2021:09:34:27 +0800] "POST /xingrg/dwr/call/plaincall/AjaxCheckService.setItemNumber.dwr HTTP/1.1" 200 77
124.77.71.179 - - [19/Apr/2021:09:34:27 +0800] "POST /xingrg/kc/buy/cgsh_order_operate.html HTTP/1.1" 200 37
120.253.135.82 - - [19/Apr/2021:09:34:28 +0800] "GET /xingrg/all/function/internal_message.html?_=1618795846556&CODE_STATE=getMsg HTTP/1.1" 200 27
114.88.160.164 - - [19/Apr/2021:09:34:28 +0800] "POST /xingrg/dwr/call/plaincall/AjaxCheckService.setItemNumber.dwr HTTP/1.1" 200 77
116.235.95.160 - - [19/Apr/2021:09:34:29 +0800] "POST /xingrg/dwr/call/plaincall/AjaxCheckService.setItemNumber.dwr HTTP/1.1" 200 77
222.70.217.33 - - [19/Apr/2021:09:34:29 +0800] "GET /xingrg/all/function/internal_message.html?_=1618796069381&CODE_STATE=getMsg HTTP/1.1" 200 27
114.88.160.164 - - [19/Apr/2021:09:34:29 +0800] "POST /xingrg/dwr/call/plaincall/AjaxCheckService.setItemNumber.dwr HTTP/1.1" 200 77
58.37.228.113 - - [19/Apr/2021:09:34:30 +0800] "POST /xingrg/dwr/call/plaincall/AjaxCheckService.setItemNumber.dwr HTTP/1.1" 200 77
114.88.160.164 - - [19/Apr/2021:09:34:31 +0800] "POST /xingrg/dwr/call/plaincall/AjaxCheckService.setItemNumber.dwr HTTP/1.1" 200 77
117.131.5.26 - - [19/Apr/2021:09:34:31 +0800] "POST /xingrg/dwr/call/plaincall/AjaxCheckService.setItemNumber.dwr HTTP/1.1" 200 77
116.230.114.112 - - [19/Apr/2021:09:34:31 +0800] "GET /xingrg/kc/buy/cgsh_order_operate.html?command=get_materiel&rest_code=00146&code=00101008230&supplier_code=00100005&order_time=2021-04-19 HTTP/1.1" 200 408
124.77.71.179 - - [19/Apr/2021:09:34:32 +0800] "POST /xingrg/kc/buy/cgsh_order_operate.html HTTP/1.1" 200 41695
114.88.160.164 - - [19/Apr/2021:09:34:32 +0800] "POST /xingrg/dwr/call/plaincall/AjaxCheckService.setItemNumber.dwr HTTP/1.1" 200 77
116.235.95.160 - - [19/Apr/2021:09:34:33 +0800] "POST /xingrg/dwr/call/plaincall/AjaxCheckService.setItemNumber.dwr HTTP/1.1" 200 77
124.77.71.179 - - [19/Apr/2021:09:34:34 +0800] "GET /xingrg/check_reg.html?_=1618796072734 HTTP/1.1" 200 22
124.77.71.179 - - [19/Apr/2021:09:34:35 +0800] "GET /xingrg/all/function/internal_message.html?_=1618796073503&CODE_STATE=getMsg HTTP/1.1" 200 27
117.185.32.26 - - [19/Apr/2021:09:34:35 +0800] "POST /xingrg/dwr/call/plaincall/AjaxCheckService.setItemNumber.dwr HTTP/1.1" 200 77
114.88.160.164 - - [19/Apr/2021:09:34:35 +0800] "POST /xingrg/dwr/call/plaincall/AjaxCheckService.setItemNumber.dwr HTTP/1.1" 200 77
117.185.32.26 - - [19/Apr/2021:09:34:36 +0800] "POST /xingrg/dwr/call/plaincall/AjaxCheckService.setItemNumber.dwr HTTP/1.1" 200 77
114.88.160.164 - - [19/Apr/2021:09:34:36 +0800] "POST /xingrg/dwr/call/plaincall/AjaxCheckService.setItemNumber.dwr HTTP/1.1" 200 77
117.185.32.26 - - [19/Apr/2021:09:34:38 +0800] "POST /xingrg/dwr/call/plaincall/AjaxCheckService.setItemNumber.dwr HTTP/1.1" 200 77
124.77.71.179 - - [19/Apr/2021:09:34:38 +0800] "GET /xingrg/kc/print/load_config.html?kc_code=cgsh HTTP/1.1" 200 1845
124.77.71.179 - - [19/Apr/2021:09:34:38 +0800] "GET /xingrg/kc/print/load_data.html?order_code=212021041907820&kc_code=cgsh&condition= HTTP/1.1" 200 15431
58.37.228.113 - - [19/Apr/2021:09:34:38 +0800] "POST /xingrg/dwr/call/plaincall/AjaxCheckService.setItemNumber.dwr HTTP/1.1" 200 77
117.131.5.26 - - [19/Apr/2021:09:34:40 +0800] "POST /xingrg/dwr/call/plaincall/AjaxCheckService.setItemNumber.dwr HTTP/1.1" 200 77
117.185.32.26 - - [19/Apr/2021:09:34:40 +0800] "POST /xingrg/dwr/call/plaincall/AjaxCheckService.setItemNumber.dwr HTTP/1.1" 200 77
117.131.5.26 - - [19/Apr/2021:09:34:40 +0800] "POST /xingrg/dwr/call/plaincall/AjaxCheckService.setItemNumber.dwr HTTP/1.1" 200 77
116.230.114.112 - - [19/Apr/2021:09:34:41 +0800] "GET /xingrg/kc/buy/cgsh_order_operate.html?command=get_materiel&rest_code=00146&code=00101008221&supplier_code=00100005&order_time=2021-04-19 HTTP/1.1" 200 412
117.185.32.26 - - [19/Apr/2021:09:34:41 +0800] "POST /xingrg/dwr/call/plaincall/AjaxCheckService.setItemNumber.dwr HTTP/1.1" 200 77
116.233.76.198 - - [19/Apr/2021:09:34:41 +0800] "GET /xingrg/kc/buy/cgsh_order_operate.html?command=get_materiel&rest_code=00109&code=00101008137&supplier_code=00100005&order_time=2021-04-19 HTTP/1.1" 200 408
116.235.95.160 - - [19/Apr/2021:09:34:42 +0800] "POST /xingrg/dwr/call/plaincall/AjaxCheckService.setItemNumber.dwr HTTP/1.1" 200 77
117.185.32.26 - - [19/Apr/2021:09:34:42 +0800] "POST /xingrg/dwr/call/plaincall/AjaxCheckService.setItemNumber.dwr HTTP/1.1" 200 77
114.88.160.164 - - [19/Apr/2021:09:34:42 +0800] "GET /xingrg/all/function/internal_message.html?_=1618796081731&CODE_STATE=getMsg HTTP/1.1" 200 27
116.233.76.198 - - [19/Apr/2021:09:34:43 +0800] "POST /xingrg/kc/buy/cgsh_order_operate.html HTTP/1.1" 200 2065
117.131.5.26 - - [19/Apr/2021:09:34:44 +0800] "GET /xingrg/all/function/internal_message.html?_=1618796487376&CODE_STATE=getMsg HTTP/1.1" 200 27
117.185.32.26 - - [19/Apr/2021:09:34:45 +0800] "POST /xingrg/dwr/call/plaincall/AjaxCheckService.setItemNumber.dwr HTTP/1.1" 200 77
116.233.76.198 - - [19/Apr/2021:09:34:47 +0800] "GET /xingrg/kc/buy/cgsh_order_operate.html?command=get_materiel&rest_code=00109&code=00101008362&supplier_code=00100005&order_time=2021-04-19 HTTP/1.1" 200 408
117.185.32.26 - - [19/Apr/2021:09:34:47 +0800] "POST /xingrg/dwr/call/plaincall/AjaxCheckService.setItemNumber.dwr HTTP/1.1" 200 77
58.37.228.113 - - [19/Apr/2021:09:34:48 +0800] "POST /xingrg/dwr/call/plaincall/AjaxCheckService.setItemNumber.dwr HTTP/1.1" 200 77
114.88.160.164 - - [19/Apr/2021:09:34:48 +0800] "POST /xingrg/dwr/call/plaincall/AjaxCheckService.setItemNumber.dwr HTTP/1.1" 200 77
117.185.32.26 - - [19/Apr/2021:09:34:48 +0800] "POST /xingrg/dwr/call/plaincall/AjaxCheckService.setItemNumber.dwr HTTP/1.1" 200 77
117.131.5.26 - - [19/Apr/2021:09:34:48 +0800] "POST /xingrg/dwr/call/plaincall/AjaxCheckService.setItemNumber.dwr HTTP/1.1" 200 77
117.131.5.26 - - [19/Apr/2021:09:34:49 +0800] "POST /xingrg/dwr/call/plaincall/AjaxCheckService.setItemNumber.dwr HTTP/1.1" 200 78
117.185.32.26 - - [19/Apr/2021:09:34:49 +0800] "POST /xingrg/dwr/call/plaincall/AjaxCheckService.setItemNumber.dwr HTTP/1.1" 200 77
58.37.228.113 - - [19/Apr/2021:09:34:49 +0800] "POST /xingrg/dwr/call/plaincall/AjaxCheckService.setItemNumber.dwr HTTP/1.1" 200 77
116.224.253.72 - - [19/Apr/2021:09:34:50 +0800] "GET /xingrg/all/function/internal_message.html?_=1618796090305&CODE_STATE=getMsg HTTP/1.1" 200 27
58.37.228.113 - - [19/Apr/2021:09:34:50 +0800] "POST /xingrg/dwr/call/plaincall/AjaxCheckService.setItemNumber.dwr HTTP/1.1" 200 77
114.88.160.164 - - [19/Apr/2021:09:34:50 +0800] "GET /xingrg/all/function/internal_message.html?_=1618796064925&CODE_STATE=getMsg HTTP/1.1" 302 -
58.37.228.113 - - [19/Apr/2021:09:34:50 +0800] "POST /xingrg/dwr/call/plaincall/AjaxCheckService.setItemNumber.dwr HTTP/1.1" 200 77
117.185.32.26 - - [19/Apr/2021:09:34:50 +0800] "POST /xingrg/dwr/call/plaincall/AjaxCheckService.setItemNumber.dwr HTTP/1.1" 200 77
117.185.32.26 - - [19/Apr/2021:09:34:51 +0800] "POST /xingrg/dwr/call/plaincall/AjaxCheckService.setItemNumber.dwr HTTP/1.1" 200 77
114.88.160.164 - - [19/Apr/2021:09:34:51 +0800] "POST /xingrg/dwr/call/plaincall/AjaxCheckService.setItemNumber.dwr HTTP/1.1" 200 77
58.37.228.113 - - [19/Apr/2021:09:34:51 +0800] "POST /xingrg/dwr/call/plaincall/AjaxCheckService.setItemNumber.dwr HTTP/1.1" 200 77
180.169.147.146 - - [19/Apr/2021:09:34:51 +0800] "GET /xingrg/all/function/internal_message.html?_=1618796091083&CODE_STATE=getMsg HTTP/1.1" 200 27
58.37.228.113 - - [19/Apr/2021:09:34:52 +0800] "POST /xingrg/dwr/call/plaincall/AjaxCheckService.setItemNumber.dwr HTTP/1.1" 200 77
117.185.32.26 - - [19/Apr/2021:09:34:53 +0800] "POST /xingrg/dwr/call/plaincall/AjaxCheckService.setItemNumber.dwr HTTP/1.1" 200 77
124.77.71.179 - - [19/Apr/2021:09:34:53 +0800] "GET /xingrg/all/function/internal_message.html?_=1618796093371&CODE_STATE=getMsg HTTP/1.1" 302 -
58.37.228.113 - - [19/Apr/2021:09:34:53 +0800] "POST /xingrg/dwr/call/plaincall/AjaxCheckService.setItemNumber.dwr HTTP/1.1" 200 77
180.169.147.146 - - [19/Apr/2021:09:34:53 +0800] "GET /xingrg/all/function/internal_message.html?_=1618796095174&CODE_STATE=getMsg HTTP/1.1" 200 27
58.37.228.113 - - [19/Apr/2021:09:34:54 +0800] "POST /xingrg/dwr/call/plaincall/AjaxCheckService.setItemNumber.dwr HTTP/1.1" 200 77
116.233.76.198 - - [19/Apr/2021:09:34:54 +0800] "GET /xingrg/kc/buy/cgsh_order_operate.html?command=get_materiel&rest_code=00109&code=00101015040&supplier_code=00100005&order_time=2021-04-19 HTTP/1.1" 200 408
58.37.228.113 - - [19/Apr/2021:09:34:54 +0800] "POST /xingrg/dwr/call/plaincall/AjaxCheckService.setItemNumber.dwr HTTP/1.1" 200 77
117.185.32.26 - - [19/Apr/2021:09:34:54 +0800] "POST /xingrg/dwr/call/plaincall/AjaxCheckService.setItemNumber.dwr HTTP/1.1" 200 77
58.37.228.113 - - [19/Apr/2021:09:34:54 +0800] "POST /xingrg/dwr/call/plaincall/AjaxCheckService.setItemNumber.dwr HTTP/1.1" 200 77
116.230.114.112 - - [19/Apr/2021:09:34:55 +0800] "GET /xingrg/kc/buy/cgsh_order_operate.html?command=get_materiel&rest_code=00146&code=00101008072&supplier_code=00100005&order_time=2021-04-19 HTTP/1.1" 200 408
58.37.228.113 - - [19/Apr/2021:09:34:55 +0800] "POST /xingrg/dwr/call/plaincall/AjaxCheckService.setItemNumber.dwr HTTP/1.1" 200 77
117.185.32.26 - - [19/Apr/2021:09:34:56 +0800] "POST /xingrg/dwr/call/plaincall/AjaxCheckService.setItemNumber.dwr HTTP/1.1" 200 77
58.37.228.113 - - [19/Apr/2021:09:34:57 +0800] "POST /xingrg/dwr/call/plaincall/AjaxCheckService.setItemNumber.dwr HTTP/1.1" 200 77
58.37.228.113 - - [19/Apr/2021:09:34:58 +0800] "POST /xingrg/dwr/call/plaincall/AjaxCheckService.setItemNumber.dwr HTTP/1.1" 200 77
58.37.228.113 - - [19/Apr/2021:09:34:58 +0800] "GET /xingrg/all/function/internal_message.html?_=1618796078670&CODE_STATE=getMsg HTTP/1.1" 200 27
58.37.228.113 - - [19/Apr/2021:09:34:59 +0800] "GET /xingrg/all/function/internal_message.html?_=1618796100233&CODE_STATE=getMsg HTTP/1.1" 200 27
117.185.32.26 - - [19/Apr/2021:09:34:59 +0800] "POST /xingrg/dwr/call/plaincall/AjaxCheckService.setItemNumber.dwr HTTP/1.1" 200 77
117.185.32.26 - - [19/Apr/2021:09:34:59 +0800] "POST /xingrg/dwr/call/plaincall/AjaxCheckService.setItemNumber.dwr HTTP/1.1" 200 77
117.185.32.26 - - [19/Apr/2021:09:35:00 +0800] "POST /xingrg/dwr/call/plaincall/AjaxCheckService.setItemNumber.dwr HTTP/1.1" 200 77
116.233.76.198 - - [19/Apr/2021:09:35:00 +0800] "GET /xingrg/all/function/internal_message.html?_=1618796101773&CODE_STATE=getMsg HTTP/1.1" 200 27
116.233.76.198 - - [19/Apr/2021:09:35:00 +0800] "GET /xingrg/kc/buy/cgsh_order_operate.html?command=get_materiel&rest_code=00109&code=00101015012&supplier_code=00100005&order_time=2021-04-19 HTTP/1.1" 200 412
58.37.228.113 - - [19/Apr/2021:09:35:00 +0800] "POST /xingrg/dwr/call/plaincall/AjaxCheckService.setItemNumber.dwr HTTP/1.1" 200 77
117.185.32.26 - - [19/Apr/2021:09:35:01 +0800] "POST /xingrg/dwr/call/plaincall/AjaxCheckService.setItemNumber.dwr HTTP/1.1" 200 77
222.70.217.33 - - [19/Apr/2021:09:35:01 +0800] "GET /xingrg/check_reg.html?_=1618796101012 HTTP/1.1" 200 22
58.37.228.113 - - [19/Apr/2021:09:35:01 +0800] "POST /xingrg/dwr/call/plaincall/AjaxCheckService.setItemNumber.dwr HTTP/1.1" 200 77
116.230.114.112 - - [19/Apr/2021:09:35:01 +0800] "GET /xingrg/all/function/internal_message.html?_=1618796103003&CODE_STATE=getMsg HTTP/1.1" 200 27
58.37.228.113 - - [19/Apr/2021:09:35:02 +0800] "POST /xingrg/dwr/call/plaincall/AjaxCheckService.setItemNumber.dwr HTTP/1.1" 200 77
116.224.253.72 - - [19/Apr/2021:09:35:02 +0800] "GET /xingrg/check_reg.html?_=1618796089482 HTTP/1.1" 200 22
124.77.71.179 - - [19/Apr/2021:09:35:02 +0800] "GET /xingrg/kc/buy/cgsh_order_add.html HTTP/1.1" 200 62236
58.37.228.113 - - [19/Apr/2021:09:35:02 +0800] "POST /xingrg/dwr/call/plaincall/AjaxCheckService.setItemNumber.dwr HTTP/1.1" 200 77
116.224.253.72 - - [19/Apr/2021:09:35:03 +0800] "GET /xingrg/all/function/internal_message.html?_=1618796089918&CODE_STATE=getMsg HTTP/1.1" 200 27
116.235.95.160 - - [19/Apr/2021:09:35:03 +0800] "POST /xingrg/dwr/call/plaincall/AjaxCheckService.setItemNumber.dwr HTTP/1.1" 200 78
124.77.71.179 - - [19/Apr/2021:09:35:03 +0800] "POST /xingrg/kc/buy/cgsh_order_operate.html HTTP/1.1" 200 8245
124.77.71.179 - - [19/Apr/2021:09:35:04 +0800] "GET /xingrg/javascript/easyui/themes/default/validatebox.css HTTP/1.1" 404 1104
116.235.95.160 - - [19/Apr/2021:09:35:04 +0800] "POST /xingrg/dwr/call/plaincall/AjaxCheckService.setItemNumber.dwr HTTP/1.1" 200 78
61.165.42.208 - - [19/Apr/2021:09:35:04 +0800] "POST /xingrg/kc/buy/cgsh_order_operate.html HTTP/1.1" 200 37
58.37.228.113 - - [19/Apr/2021:09:35:05 +0800] "POST /xingrg/dwr/call/plaincall/AjaxCheckService.setItemNumber.dwr HTTP/1.1" 200 77
61.165.42.208 - - [19/Apr/2021:09:35:06 +0800] "POST /xingrg/kc/buy/cgsh_order_operate.html HTTP/1.1" 200 10385
117.131.5.26 - - [19/Apr/2021:09:35:06 +0800] "POST /xingrg/dwr/call/plaincall/AjaxCheckService.setItemNumber.dwr HTTP/1.1" 200 78
116.230.114.112 - - [19/Apr/2021:09:35:06 +0800] "GET /xingrg/kc/buy/cgsh_order_operate.html?command=get_materiel&rest_code=00146&code=00101008499&supplier_code=00100005&order_time=2021-04-19 HTTP/1.1" 200 403
116.235.95.160 - - [19/Apr/2021:09:35:06 +0800] "POST /xingrg/dwr/call/plaincall/AjaxCheckService.setItemNumber.dwr HTTP/1.1" 200 78
116.233.76.198 - - [19/Apr/2021:09:35:06 +0800] "GET /xingrg/kc/buy/cgsh_order_operate.html?command=get_materiel&rest_code=00109&code=00101008323&supplier_code=00100005&order_time=2021-04-19 HTTP/1.1" 200 408
124.77.71.179 - - [19/Apr/2021:09:35:06 +0800] "GET /xingrg/javascript/easyui/themes/default/tree.css HTTP/1.1" 404 1090
58.37.228.113 - - [19/Apr/2021:09:35:06 +0800] "POST /xingrg/dwr/call/plaincall/AjaxCheckService.setItemNumber.dwr HTTP/1.1" 200 77
124.77.71.179 - - [19/Apr/2021:09:35:06 +0800] "POST /xingrg/all/common/load_tree.html?tree=supplier_tree_json&isDelete=1 HTTP/1.1" 200 54827
117.131.5.26 - - [19/Apr/2021:09:35:07 +0800] "POST /xingrg/dwr/call/plaincall/AjaxCheckService.setItemNumber.dwr HTTP/1.1" 200 78
58.37.228.113 - - [19/Apr/2021:09:35:07 +0800] "POST /xingrg/dwr/call/plaincall/AjaxCheckService.setItemNumber.dwr HTTP/1.1" 200 77
58.37.228.113 - - [19/Apr/2021:09:35:08 +0800] "POST /xingrg/dwr/call/plaincall/AjaxCheckService.setItemNumber.dwr HTTP/1.1" 200 77
117.185.32.26 - - [19/Apr/2021:09:35:08 +0800] "POST /xingrg/dwr/call/plaincall/AjaxCheckService.setItemNumber.dwr HTTP/1.1" 200 77
117.131.5.26 - - [19/Apr/2021:09:35:08 +0800] "POST /xingrg/dwr/call/plaincall/AjaxCheckService.setItemNumber.dwr HTTP/1.1" 200 78
58.37.228.113 - - [19/Apr/2021:09:35:09 +0800] "POST /xingrg/dwr/call/plaincall/AjaxCheckService.setItemNumber.dwr HTTP/1.1" 200 77
116.235.95.160 - - [19/Apr/2021:09:35:10 +0800] "POST /xingrg/dwr/call/plaincall/AjaxCheckService.setItemNumber.dwr HTTP/1.1" 200 78
117.185.32.26 - - [19/Apr/2021:09:35:10 +0800] "POST /xingrg/dwr/call/plaincall/AjaxCheckService.setItemNumber.dwr HTTP/1.1" 200 77
117.131.5.26 - - [19/Apr/2021:09:35:10 +0800] "POST /xingrg/dwr/call/plaincall/AjaxCheckService.setItemNumber.dwr HTTP/1.1" 200 78
117.131.5.26 - - [19/Apr/2021:09:35:10 +0800] "POST /xingrg/dwr/call/plaincall/AjaxCheckService.setItemNumber.dwr HTTP/1.1" 200 78
58.37.228.113 - - [19/Apr/2021:09:35:12 +0800] "POST /xingrg/dwr/call/plaincall/AjaxCheckService.setItemNumber.dwr HTTP/1.1" 200 77
58.37.228.113 - - [19/Apr/2021:09:35:12 +0800] "POST /xingrg/dwr/call/plaincall/AjaxCheckService.setItemNumber.dwr HTTP/1.1" 200 77
61.165.42.208 - - [19/Apr/2021:09:35:12 +0800] "GET /xingrg/all/function/internal_message.html?_=1618796113429&CODE_STATE=getMsg HTTP/1.1" 200 27
117.131.5.26 - - [19/Apr/2021:09:35:12 +0800] "POST /xingrg/dwr/call/plaincall/AjaxCheckService.setItemNumber.dwr HTTP/1.1" 200 78
58.37.228.113 - - [19/Apr/2021:09:35:13 +0800] "POST /xingrg/dwr/call/plaincall/AjaxCheckService.setItemNumber.dwr HTTP/1.1" 200 77
116.235.95.160 - - [19/Apr/2021:09:35:13 +0800] "POST /xingrg/dwr/call/plaincall/AjaxCheckService.setItemNumber.dwr HTTP/1.1" 200 78
116.235.95.160 - - [19/Apr/2021:09:35:13 +0800] "POST /xingrg/dwr/call/plaincall/AjaxCheckService.setItemNumber.dwr HTTP/1.1" 200 78
58.37.228.113 - - [19/Apr/2021:09:35:13 +0800] "POST /xingrg/dwr/call/plaincall/AjaxCheckService.setItemNumber.dwr HTTP/1.1" 200 77
58.37.228.113 - - [19/Apr/2021:09:35:14 +0800] "POST /xingrg/dwr/call/plaincall/AjaxCheckService.setItemNumber.dwr HTTP/1.1" 200 77
117.185.32.26 - - [19/Apr/2021:09:35:14 +0800] "POST /xingrg/dwr/call/plaincall/AjaxCheckService.setItemNumber.dwr HTTP/1.1" 200 77
117.131.5.26 - - [19/Apr/2021:09:35:14 +0800] "POST /xingrg/dwr/call/plaincall/AjaxCheckService.setItemNumber.dwr HTTP/1.1" 200 78
116.235.95.160 - - [19/Apr/2021:09:35:15 +0800] "POST /xingrg/dwr/call/plaincall/AjaxCheckService.setItemNumber.dwr HTTP/1.1" 200 78
58.37.228.113 - - [19/Apr/2021:09:35:15 +0800] "POST /xingrg/dwr/call/plaincall/AjaxCheckService.setItemNumber.dwr HTTP/1.1" 200 77
61.165.42.208 - - [19/Apr/2021:09:35:15 +0800] "GET /xingrg/all/function/internal_message.html?_=1618796099512&CODE_STATE=getMsg HTTP/1.1" 200 27
58.37.228.113 - - [19/Apr/2021:09:35:15 +0800] "POST /xingrg/dwr/call/plaincall/AjaxCheckService.setItemNumber.dwr HTTP/1.1" 200 77
117.185.32.26 - - [19/Apr/2021:09:35:16 +0800] "POST /xingrg/dwr/call/plaincall/AjaxCheckService.setItemNumber.dwr HTTP/1.1" 200 77
117.131.5.26 - - [19/Apr/2021:09:35:16 +0800] "POST /xingrg/dwr/call/plaincall/AjaxCheckService.setItemNumber.dwr HTTP/1.1" 200 78
58.37.228.113 - - [19/Apr/2021:09:35:16 +0800] "POST /xingrg/dwr/call/plaincall/AjaxCheckService.setItemNumber.dwr HTTP/1.1" 200 77
116.230.114.112 - - [19/Apr/2021:09:35:17 +0800] "GET /xingrg/kc/buy/cgsh_order_operate.html?command=get_materiel&rest_code=00146&code=00101008509&supplier_code=00100005&order_time=2021-04-19 HTTP/1.1" 200 395
222.69.129.75 - - [19/Apr/2021:09:35:17 +0800] "GET /xingrg/all/function/internal_message.html?_=1618796116676&CODE_STATE=getMsg HTTP/1.1" 200 27
58.37.228.113 - - [19/Apr/2021:09:35:17 +0800] "POST /xingrg/dwr/call/plaincall/AjaxCheckService.setItemNumber.dwr HTTP/1.1" 200 77
117.131.5.26 - - [19/Apr/2021:09:35:17 +0800] "POST /xingrg/dwr/call/plaincall/AjaxCheckService.setItemNumber.dwr HTTP/1.1" 200 78
180.169.147.146 - - [19/Apr/2021:09:35:17 +0800] "GET /xingrg/check_reg.html?_=1618796117573 HTTP/1.1" 200 22
116.235.95.160 - - [19/Apr/2021:09:35:17 +0800] "POST /xingrg/dwr/call/plaincall/AjaxCheckService.setItemNumber.dwr HTTP/1.1" 200 78
58.37.228.113 - - [19/Apr/2021:09:35:18 +0800] "POST /xingrg/dwr/call/plaincall/AjaxCheckService.setItemNumber.dwr HTTP/1.1" 200 78
58.37.228.113 - - [19/Apr/2021:09:35:18 +0800] "POST /xingrg/dwr/call/plaincall/AjaxCheckService.setItemNumber.dwr HTTP/1.1" 200 78
117.185.32.26 - - [19/Apr/2021:09:35:18 +0800] "POST /xingrg/dwr/call/plaincall/AjaxCheckService.setItemNumber.dwr HTTP/1.1" 200 77
58.37.228.113 - - [19/Apr/2021:09:35:19 +0800] "POST /xingrg/dwr/call/plaincall/AjaxCheckService.setItemNumber.dwr HTTP/1.1" 200 78
117.131.5.26 - - [19/Apr/2021:09:35:19 +0800] "POST /xingrg/dwr/call/plaincall/AjaxCheckService.setItemNumber.dwr HTTP/1.1" 200 78
116.230.114.112 - - [19/Apr/2021:09:35:19 +0800] "POST /xingrg/kc/buy/cgsh_order_operate.html HTTP/1.1" 200 2065
117.185.32.26 - - [19/Apr/2021:09:35:19 +0800] "POST /xingrg/dwr/call/plaincall/AjaxCheckService.setItemNumber.dwr HTTP/1.1" 200 77
117.185.32.26 - - [19/Apr/2021:09:35:20 +0800] "POST /xingrg/dwr/call/plaincall/AjaxCheckService.setItemNumber.dwr HTTP/1.1" 200 77
116.233.76.198 - - [19/Apr/2021:09:35:20 +0800] "POST /xingrg/kc/buy/cgsh_order_operate.html HTTP/1.1" 200 37
117.131.5.26 - - [19/Apr/2021:09:35:20 +0800] "POST /xingrg/dwr/call/plaincall/AjaxCheckService.setItemNumber.dwr HTTP/1.1" 200 78
114.88.160.164 - - [19/Apr/2021:09:35:20 +0800] "POST /xingrg/dwr/call/plaincall/AjaxCheckService.setItemNumber.dwr HTTP/1.1" 200 77
117.185.32.26 - - [19/Apr/2021:09:35:20 +0800] "POST /xingrg/dwr/call/plaincall/AjaxCheckService.setItemNumber.dwr HTTP/1.1" 200 77
101.85.94.178 - - [19/Apr/2021:09:35:20 +0800] "GET /xingrg/all/function/internal_message.html?_=1618795656354&CODE_STATE=getMsg HTTP/1.1" 200 27
101.85.94.178 - - [19/Apr/2021:09:35:20 +0800] "GET /xingrg/check_reg.html?_=1618795656352 HTTP/1.1" 200 22
117.185.32.26 - - [19/Apr/2021:09:35:21 +0800] "POST /xingrg/dwr/call/plaincall/AjaxCheckService.setItemNumber.dwr HTTP/1.1" 200 77
116.233.76.198 - - [19/Apr/2021:09:35:21 +0800] "POST /xingrg/kc/buy/cgsh_order_operate.html HTTP/1.1" 200 39283
117.131.5.26 - - [19/Apr/2021:09:35:21 +0800] "POST /xingrg/dwr/call/plaincall/AjaxCheckService.setItemNumber.dwr HTTP/1.1" 200 78
116.235.95.160 - - [19/Apr/2021:09:35:22 +0800] "POST /xingrg/dwr/call/plaincall/AjaxCheckService.setItemNumber.dwr HTTP/1.1" 200 78
114.88.160.164 - - [19/Apr/2021:09:35:22 +0800] "POST /xingrg/dwr/call/plaincall/AjaxCheckService.setItemNumber.dwr HTTP/1.1" 200 77
58.37.228.113 - - [19/Apr/2021:09:35:22 +0800] "POST /xingrg/dwr/call/plaincall/AjaxCheckService.setItemNumber.dwr HTTP/1.1" 200 78
58.37.228.113 - - [19/Apr/2021:09:35:23 +0800] "GET /xingrg/check_reg.html?_=1618796103494 HTTP/1.1" 200 22
180.169.147.146 - - [19/Apr/2021:09:35:23 +0800] "GET /xingrg/all/function/internal_message.html?_=1618796125874&CODE_STATE=getMsg HTTP/1.1" 200 27
117.185.32.26 - - [19/Apr/2021:09:35:23 +0800] "POST /xingrg/dwr/call/plaincall/AjaxCheckService.setItemNumber.dwr HTTP/1.1" 200 77
116.235.95.160 - - [19/Apr/2021:09:35:24 +0800] "POST /xingrg/dwr/call/plaincall/AjaxCheckService.setItemNumber.dwr HTTP/1.1" 200 78
116.230.114.112 - - [19/Apr/2021:09:35:24 +0800] "GET /xingrg/kc/buy/cgsh_order_operate.html?command=get_materiel&rest_code=00146&code=00101008123&supplier_code=00100005&order_time=2021-04-19 HTTP/1.1" 200 412
117.131.5.26 - - [19/Apr/2021:09:35:24 +0800] "POST /xingrg/dwr/call/plaincall/AjaxCheckService.setItemNumber.dwr HTTP/1.1" 200 78
117.185.32.26 - - [19/Apr/2021:09:35:24 +0800] "POST /xingrg/dwr/call/plaincall/AjaxCheckService.setItemNumber.dwr HTTP/1.1" 200 77
116.235.95.160 - - [19/Apr/2021:09:35:24 +0800] "POST /xingrg/dwr/call/plaincall/AjaxCheckService.setItemNumber.dwr HTTP/1.1" 200 78
117.185.32.26 - - [19/Apr/2021:09:35:25 +0800] "POST /xingrg/dwr/call/plaincall/AjaxCheckService.setItemNumber.dwr HTTP/1.1" 200 77
114.88.160.164 - - [19/Apr/2021:09:35:25 +0800] "POST /xingrg/dwr/call/plaincall/AjaxCheckService.setItemNumber.dwr HTTP/1.1" 200 77
117.131.5.26 - - [19/Apr/2021:09:35:26 +0800] "POST /xingrg/dwr/call/plaincall/AjaxCheckService.setItemNumber.dwr HTTP/1.1" 200 78
117.185.32.26 - - [19/Apr/2021:09:35:26 +0800] "POST /xingrg/dwr/call/plaincall/AjaxCheckService.setItemNumber.dwr HTTP/1.1" 200 77
114.88.160.164 - - [19/Apr/2021:09:35:27 +0800] "POST /xingrg/dwr/call/plaincall/AjaxCheckService.setItemNumber.dwr HTTP/1.1" 200 77
117.131.5.26 - - [19/Apr/2021:09:35:27 +0800] "POST /xingrg/dwr/call/plaincall/AjaxCheckService.setItemNumber.dwr HTTP/1.1" 200 78
124.77.71.179 - - [19/Apr/2021:09:35:27 +0800] "GET /xingrg/kc/buy/cgsh_order_operate.html?command=get_materiel&rest_code=00107&code=00101006113&supplier_code=00100010&order_time=2021-04-19 HTTP/1.1" 200 413
116.235.95.160 - - [19/Apr/2021:09:35:27 +0800] "POST /xingrg/dwr/call/plaincall/AjaxCheckService.setItemNumber.dwr HTTP/1.1" 200 78
120.253.135.82 - - [19/Apr/2021:09:35:28 +0800] "GET /xingrg/all/function/internal_message.html?_=1618795906570&CODE_STATE=getMsg HTTP/1.1" 200 27
114.88.160.164 - - [19/Apr/2021:09:35:28 +0800] "POST /xingrg/dwr/call/plaincall/AjaxCheckService.setItemNumber.dwr HTTP/1.1" 200 77
117.131.5.26 - - [19/Apr/2021:09:35:28 +0800] "POST /xingrg/dwr/call/plaincall/AjaxCheckService.setItemNumber.dwr HTTP/1.1" 200 78
117.185.32.26 - - [19/Apr/2021:09:35:29 +0800] "POST /xingrg/dwr/call/plaincall/AjaxCheckService.setItemNumber.dwr HTTP/1.1" 200 77
