222.70.217.33 - - [18/Apr/2021:10:05:10 +0800] "GET /xingrg/all/function/internal_message.html?_=1618711507718&CODE_STATE=getMsg HTTP/1.1" 200 27
101.85.94.178 - - [18/Apr/2021:10:05:16 +0800] "GET /xingrg/kc/buy/cgsh_order_operate.html?command=get_materiel&rest_code=00142&code=00101008366&supplier_code=00100161&order_time=2021-04-18 HTTP/1.1" 200 408
114.88.167.174 - - [18/Apr/2021:10:05:17 +0800] "GET /xingrg/check_reg.html?_=1618711514222 HTTP/1.1" 200 22
116.224.253.72 - - [18/Apr/2021:10:05:17 +0800] "GET /xingrg/all/function/internal_message.html?_=1618711502651&CODE_STATE=getMsg HTTP/1.1" 200 27
180.162.112.81 - - [18/Apr/2021:10:05:20 +0800] "GET /xingrg/kc/buy/cgsh_order_operate.html?command=get_materiel&rest_code=00143&code=00102002455&supplier_code=00100207&order_time=2021-04-18 HTTP/1.1" 200 439
114.86.231.72 - - [18/Apr/2021:10:05:22 +0800] "POST /xingrg/kc/buy/cgsh_order_operate.html HTTP/1.1" 200 37
116.238.141.202 - - [18/Apr/2021:10:05:24 +0800] "GET /xingrg/kc/buy/cgsh_order_info.html?code=212021041807362 HTTP/1.1" 200 56997
180.162.112.81 - - [18/Apr/2021:10:05:24 +0800] "GET /xingrg/all/function/internal_message.html?_=1618711283679&CODE_STATE=getMsg HTTP/1.1" 200 27
116.238.141.202 - - [18/Apr/2021:10:05:25 +0800] "GET /xingrg/all/function/internal_message.html?_=1618711800656&CODE_STATE=getMsg HTTP/1.1" 200 27
116.238.141.202 - - [18/Apr/2021:10:05:25 +0800] "GET /xingrg/check_reg.html?_=1618711800657 HTTP/1.1" 200 22
116.238.141.202 - - [18/Apr/2021:10:05:25 +0800] "GET /xingrg/javascript/easyui/themes/default/validatebox.css HTTP/1.1" 404 1104
116.238.141.202 - - [18/Apr/2021:10:05:25 +0800] "POST /xingrg/kc/buy/cgsh_order_operate.html HTTP/1.1" 200 5338
58.37.228.113 - - [18/Apr/2021:10:05:26 +0800] "GET /xingrg/all/function/internal_message.html?_=1618711524673&CODE_STATE=getMsg HTTP/1.1" 200 27
114.86.231.72 - - [18/Apr/2021:10:05:27 +0800] "POST /xingrg/kc/buy/cgsh_order_operate.html HTTP/1.1" 200 4419
101.85.94.178 - - [18/Apr/2021:10:05:27 +0800] "GET /xingrg/kc/buy/cgsh_order_operate.html?command=get_materiel&rest_code=00142&code=00101008350&supplier_code=00100161&order_time=2021-04-18 HTTP/1.1" 200 408
58.37.228.113 - - [18/Apr/2021:10:05:31 +0800] "GET /xingrg/check_reg.html?_=1618711507768 HTTP/1.1" 200 22
58.37.228.113 - - [18/Apr/2021:10:05:31 +0800] "GET /xingrg/all/function/internal_message.html?_=1618711507769&CODE_STATE=getMsg HTTP/1.1" 200 27
222.69.131.239 - - [18/Apr/2021:10:05:31 +0800] "GET /xingrg/all/function/internal_message.html?_=1618711528505&CODE_STATE=getMsg HTTP/1.1" 200 27
114.88.167.174 - - [18/Apr/2021:10:05:32 +0800] "GET /xingrg/all/function/internal_message.html?_=1618711529891&CODE_STATE=getMsg HTTP/1.1" 200 27
114.86.231.72 - - [18/Apr/2021:10:05:32 +0800] "GET /xingrg/kc/print/load_config.html?kc_code=cgsh HTTP/1.1" 200 1845
114.86.231.72 - - [18/Apr/2021:10:05:32 +0800] "GET /xingrg/kc/print/load_data.html?order_code=212021041807366&kc_code=cgsh&condition= HTTP/1.1" 200 1351
180.169.147.146 - - [18/Apr/2021:10:05:33 +0800] "GET /xingrg/all/function/internal_message.html?_=1618711524619&CODE_STATE=getMsg HTTP/1.1" 200 27
101.85.94.178 - - [18/Apr/2021:10:05:33 +0800] "POST /xingrg/kc/buy/cgsh_order_operate.html HTTP/1.1" 200 2065
116.224.253.72 - - [18/Apr/2021:10:05:35 +0800] "GET /xingrg/all/function/internal_message.html?_=1618711532747&CODE_STATE=getMsg HTTP/1.1" 200 27
124.77.71.179 - - [18/Apr/2021:10:05:37 +0800] "GET /xingrg/all/function/internal_message.html?_=1618711534640&CODE_STATE=getMsg HTTP/1.1" 200 27
117.185.32.26 - - [18/Apr/2021:10:05:38 +0800] "GET /xingrg/all/function/internal_message.html?_=1618711531983&CODE_STATE=getMsg HTTP/1.1" 200 27
101.85.94.178 - - [18/Apr/2021:10:05:38 +0800] "GET /xingrg/all/function/internal_message.html?_=1618711073788&CODE_STATE=getMsg HTTP/1.1" 200 27
183.192.164.97 - - [18/Apr/2021:10:05:39 +0800] "GET /xingrg/all/function/internal_message.html?_=1618711472013&CODE_STATE=getMsg HTTP/1.1" 302 -
101.85.94.178 - - [18/Apr/2021:10:05:39 +0800] "GET /xingrg/kc/buy/cgsh_order_operate.html?command=get_materiel&rest_code=00142&code=00101008357&supplier_code=00100161&order_time=2021-04-18 HTTP/1.1" 200 408
183.192.164.97 - - [18/Apr/2021:10:05:40 +0800] "GET /xingrg/login.html HTTP/1.1" 200 7641
180.162.112.81 - - [18/Apr/2021:10:05:44 +0800] "GET /xingrg/kc/buy/cgsh_order_operate.html?command=get_materiel&rest_code=00143&code=00102002422&supplier_code=00100207&order_time=2021-04-18 HTTP/1.1" 200 439
116.230.114.112 - - [18/Apr/2021:10:05:44 +0800] "GET /xingrg/all/function/internal_message.html?_=1618711543233&CODE_STATE=getMsg HTTP/1.1" 302 -
114.86.231.72 - - [18/Apr/2021:10:05:48 +0800] "GET /xingrg/kc/buy/cgsh_order_add.html HTTP/1.1" 200 62189
114.86.231.72 - - [18/Apr/2021:10:05:48 +0800] "GET /xingrg/words/20210418091631_words.js HTTP/1.1" 304 -
114.86.231.72 - - [18/Apr/2021:10:05:48 +0800] "POST /xingrg/kc/buy/cgsh_order_operate.html HTTP/1.1" 200 8245
114.86.231.72 - - [18/Apr/2021:10:05:48 +0800] "GET /xingrg/all/common/auto_word.html?type=employee&rest_code=00109 HTTP/1.1" 200 205
114.86.231.72 - - [18/Apr/2021:10:05:48 +0800] "GET /xingrg/all/common/auto_word.html?type=employee&rest_code=00109 HTTP/1.1" 200 205
114.86.231.72 - - [18/Apr/2021:10:05:48 +0800] "GET /xingrg/javascript/easyui/themes/default/validatebox.css HTTP/1.1" 404 1104
101.85.94.178 - - [18/Apr/2021:10:05:53 +0800] "GET /xingrg/kc/buy/cgsh_order_operate.html?command=get_materiel&rest_code=00142&code=00101008312&supplier_code=00100161&order_time=2021-04-18 HTTP/1.1" 200 412
116.238.141.202 - - [18/Apr/2021:10:05:53 +0800] "GET /xingrg/kc/print/load_data.html?order_code=212021041807362&kc_code=cgsh&condition= HTTP/1.1" 200 2466
116.230.114.112 - - [18/Apr/2021:10:05:54 +0800] "GET /xingrg/all/function/internal_message.html?_=1618711553514&CODE_STATE=getMsg HTTP/1.1" 200 27
180.169.147.146 - - [18/Apr/2021:10:05:55 +0800] "GET /xingrg/all/function/internal_message.html?_=1618711400623&CODE_STATE=getMsg HTTP/1.1" 200 27
180.162.112.81 - - [18/Apr/2021:10:06:00 +0800] "POST /xingrg/kc/buy/cgsh_order_operate.html HTTP/1.1" 200 37
61.165.42.208 - - [18/Apr/2021:10:06:01 +0800] "GET /xingrg/all/function/internal_message.html?_=1618711559321&CODE_STATE=getMsg HTTP/1.1" 200 27
116.238.141.202 - - [18/Apr/2021:10:06:02 +0800] "GET /xingrg/javascript/jquery_easy_ui/themes/default/images/tabs_active.png HTTP/1.1" 304 -
101.85.94.178 - - [18/Apr/2021:10:06:02 +0800] "GET /xingrg/kc/buy/cgsh_order_operate.html?command=get_materiel&rest_code=00142&code=00101008264&supplier_code=00100161&order_time=2021-04-18 HTTP/1.1" 200 412
180.162.112.81 - - [18/Apr/2021:10:06:03 +0800] "POST /xingrg/kc/buy/cgsh_order_operate.html HTTP/1.1" 200 12
114.88.167.174 - - [18/Apr/2021:10:06:03 +0800] "GET /xingrg/all/function/internal_message.html?_=1618711564275&CODE_STATE=getMsg HTTP/1.1" 200 27
180.162.112.81 - - [18/Apr/2021:10:06:04 +0800] "GET /xingrg/kc/buy/cgsh_order_info.html?code=212021041807367 HTTP/1.1" 200 56131
180.162.112.81 - - [18/Apr/2021:10:06:04 +0800] "GET /xingrg/javascript/easyui/themes/default/validatebox.css HTTP/1.1" 404 1104
114.86.187.76 - - [18/Apr/2021:10:06:04 +0800] "GET /xingrg/all/function/internal_message.html?_=1618711562334&CODE_STATE=getMsg HTTP/1.1" 200 27
180.162.112.81 - - [18/Apr/2021:10:06:05 +0800] "POST /xingrg/kc/buy/cgsh_order_operate.html HTTP/1.1" 200 2413
114.86.231.72 - - [18/Apr/2021:10:06:07 +0800] "GET /xingrg/all/function/internal_message.html?_=1618711564738&CODE_STATE=getMsg HTTP/1.1" 200 27
180.162.112.81 - - [18/Apr/2021:10:06:09 +0800] "GET /xingrg/kc/print/load_config.html?kc_code=cgsh HTTP/1.1" 200 1845
180.162.112.81 - - [18/Apr/2021:10:06:09 +0800] "GET /xingrg/kc/print/load_data.html?order_code=212021041807367&kc_code=cgsh&condition= HTTP/1.1" 200 1410
222.70.217.33 - - [18/Apr/2021:10:06:10 +0800] "GET /xingrg/all/function/internal_message.html?_=1618711567690&CODE_STATE=getMsg HTTP/1.1" 200 27
101.85.94.178 - - [18/Apr/2021:10:06:15 +0800] "GET /xingrg/kc/buy/cgsh_order_operate.html?command=get_materiel&rest_code=00142&code=00101008072&supplier_code=00100161&order_time=2021-04-18 HTTP/1.1" 200 408
116.224.253.72 - - [18/Apr/2021:10:06:17 +0800] "GET /xingrg/all/function/internal_message.html?_=1618711562690&CODE_STATE=getMsg HTTP/1.1" 200 27
180.162.112.81 - - [18/Apr/2021:10:06:24 +0800] "GET /xingrg/all/function/internal_message.html?_=1618711343696&CODE_STATE=getMsg HTTP/1.1" 200 27
116.238.141.202 - - [18/Apr/2021:10:06:25 +0800] "GET /xingrg/all/function/internal_message.html?_=1618711860662&CODE_STATE=getMsg HTTP/1.1" 200 27
58.37.228.113 - - [18/Apr/2021:10:06:26 +0800] "GET /xingrg/all/function/internal_message.html?_=1618711584674&CODE_STATE=getMsg HTTP/1.1" 200 27
101.85.94.178 - - [18/Apr/2021:10:06:27 +0800] "GET /xingrg/kc/buy/cgsh_order_operate.html?command=get_materiel&rest_code=00142&code=00101016057&supplier_code=00100161&order_time=2021-04-18 HTTP/1.1" 200 408
116.230.114.112 - - [18/Apr/2021:10:06:28 +0800] "GET /xingrg/check_reg.html?_=1618711587387 HTTP/1.1" 302 -
101.85.94.178 - - [18/Apr/2021:10:06:30 +0800] "POST /xingrg/kc/buy/cgsh_order_operate.html HTTP/1.1" 200 2065
58.37.228.113 - - [18/Apr/2021:10:06:31 +0800] "GET /xingrg/all/function/internal_message.html?_=1618711567769&CODE_STATE=getMsg HTTP/1.1" 200 27
222.69.131.239 - - [18/Apr/2021:10:06:31 +0800] "GET /xingrg/all/function/internal_message.html?_=1618711588511&CODE_STATE=getMsg HTTP/1.1" 200 27
114.88.167.174 - - [18/Apr/2021:10:06:32 +0800] "GET /xingrg/all/function/internal_message.html?_=1618711589906&CODE_STATE=getMsg HTTP/1.1" 200 27
180.169.147.146 - - [18/Apr/2021:10:06:33 +0800] "GET /xingrg/all/function/internal_message.html?_=1618711584590&CODE_STATE=getMsg HTTP/1.1" 200 27
116.224.253.72 - - [18/Apr/2021:10:06:35 +0800] "GET /xingrg/all/function/internal_message.html?_=1618711592766&CODE_STATE=getMsg HTTP/1.1" 200 27
101.85.94.178 - - [18/Apr/2021:10:06:35 +0800] "GET /xingrg/kc/buy/cgsh_order_operate.html?command=get_materiel&rest_code=00142&code=00101008169&supplier_code=00100161&order_time=2021-04-18 HTTP/1.1" 200 412
124.77.71.179 - - [18/Apr/2021:10:06:37 +0800] "GET /xingrg/all/function/internal_message.html?_=1618711594638&CODE_STATE=getMsg HTTP/1.1" 200 27
117.185.32.26 - - [18/Apr/2021:10:06:38 +0800] "GET /xingrg/all/function/internal_message.html?_=1618711591956&CODE_STATE=getMsg HTTP/1.1" 200 27
101.85.94.178 - - [18/Apr/2021:10:06:38 +0800] "GET /xingrg/all/function/internal_message.html?_=1618711133735&CODE_STATE=getMsg HTTP/1.1" 200 27
101.85.94.178 - - [18/Apr/2021:10:06:44 +0800] "GET /xingrg/kc/buy/cgsh_order_operate.html?command=get_materiel&rest_code=00142&code=00101008137&supplier_code=00100161&order_time=2021-04-18 HTTP/1.1" 200 408
116.230.114.112 - - [18/Apr/2021:10:06:44 +0800] "GET /xingrg/all/function/internal_message.html?_=1618711603236&CODE_STATE=getMsg HTTP/1.1" 302 -
116.230.114.112 - - [18/Apr/2021:10:06:55 +0800] "GET /xingrg/all/function/internal_message.html?_=1618711613955&CODE_STATE=getMsg HTTP/1.1" 200 27
180.169.147.146 - - [18/Apr/2021:10:06:55 +0800] "GET /xingrg/check_reg.html?_=1618711460640 HTTP/1.1" 200 22
180.169.147.146 - - [18/Apr/2021:10:06:55 +0800] "GET /xingrg/all/function/internal_message.html?_=1618711460645&CODE_STATE=getMsg HTTP/1.1" 200 27
101.85.94.178 - - [18/Apr/2021:10:06:58 +0800] "GET /xingrg/kc/buy/cgsh_order_operate.html?command=get_materiel&rest_code=00142&code=00101008298&supplier_code=00100161&order_time=2021-04-18 HTTP/1.1" 200 412
116.224.253.72 - - [18/Apr/2021:10:07:01 +0800] "GET /xingrg/check_reg.html?_=1618711606338 HTTP/1.1" 200 22
61.165.42.208 - - [18/Apr/2021:10:07:01 +0800] "GET /xingrg/all/function/internal_message.html?_=1618711619305&CODE_STATE=getMsg HTTP/1.1" 200 27
114.88.167.174 - - [18/Apr/2021:10:07:03 +0800] "GET /xingrg/all/function/internal_message.html?_=1618711624258&CODE_STATE=getMsg HTTP/1.1" 200 27
114.86.187.76 - - [18/Apr/2021:10:07:05 +0800] "GET /xingrg/all/function/internal_message.html?_=1618711622593&CODE_STATE=getMsg HTTP/1.1" 200 27
114.86.231.72 - - [18/Apr/2021:10:07:07 +0800] "GET /xingrg/all/function/internal_message.html?_=1618711624741&CODE_STATE=getMsg HTTP/1.1" 200 27
101.85.94.178 - - [18/Apr/2021:10:07:09 +0800] "GET /xingrg/kc/buy/cgsh_order_operate.html?command=get_materiel&rest_code=00142&code=00101008354&supplier_code=00100161&order_time=2021-04-18 HTTP/1.1" 200 412
222.70.217.33 - - [18/Apr/2021:10:07:10 +0800] "GET /xingrg/all/function/internal_message.html?_=1618711627676&CODE_STATE=getMsg HTTP/1.1" 200 27
116.224.253.72 - - [18/Apr/2021:10:07:17 +0800] "GET /xingrg/all/function/internal_message.html?_=1618711622693&CODE_STATE=getMsg HTTP/1.1" 200 27
101.85.94.178 - - [18/Apr/2021:10:07:19 +0800] "GET /xingrg/kc/buy/cgsh_order_operate.html?command=get_materiel&rest_code=00142&code=00101008205&supplier_code=00100161&order_time=2021-04-18 HTTP/1.1" 200 412
180.162.112.81 - - [18/Apr/2021:10:07:24 +0800] "GET /xingrg/all/function/internal_message.html?_=1618711403694&CODE_STATE=getMsg HTTP/1.1" 200 27
101.85.94.178 - - [18/Apr/2021:10:07:25 +0800] "POST /xingrg/kc/buy/cgsh_order_operate.html HTTP/1.1" 200 2065
116.238.141.202 - - [18/Apr/2021:10:07:25 +0800] "GET /xingrg/all/function/internal_message.html?_=1618711920888&CODE_STATE=getMsg HTTP/1.1" 200 27
58.37.228.113 - - [18/Apr/2021:10:07:26 +0800] "GET /xingrg/all/function/internal_message.html?_=1618711644833&CODE_STATE=getMsg HTTP/1.1" 200 27
58.37.228.113 - - [18/Apr/2021:10:07:31 +0800] "GET /xingrg/all/function/internal_message.html?_=1618711627777&CODE_STATE=getMsg HTTP/1.1" 200 27
222.69.131.239 - - [18/Apr/2021:10:07:31 +0800] "GET /xingrg/all/function/internal_message.html?_=1618711648513&CODE_STATE=getMsg HTTP/1.1" 200 27
101.85.94.178 - - [18/Apr/2021:10:07:31 +0800] "GET /xingrg/kc/buy/cgsh_order_operate.html?command=get_materiel&rest_code=00142&code=00101008352&supplier_code=00100161&order_time=2021-04-18 HTTP/1.1" 200 412
114.88.167.174 - - [18/Apr/2021:10:07:32 +0800] "GET /xingrg/all/function/internal_message.html?_=1618711650081&CODE_STATE=getMsg HTTP/1.1" 200 27
180.169.147.146 - - [18/Apr/2021:10:07:33 +0800] "GET /xingrg/all/function/internal_message.html?_=1618711644600&CODE_STATE=getMsg HTTP/1.1" 200 27
116.224.253.72 - - [18/Apr/2021:10:07:35 +0800] "GET /xingrg/all/function/internal_message.html?_=1618711652767&CODE_STATE=getMsg HTTP/1.1" 200 27
124.77.71.179 - - [18/Apr/2021:10:07:37 +0800] "GET /xingrg/all/function/internal_message.html?_=1618711654638&CODE_STATE=getMsg HTTP/1.1" 200 27
124.77.71.179 - - [18/Apr/2021:10:07:37 +0800] "GET /xingrg/check_reg.html?_=1618711654640 HTTP/1.1" 200 22
117.185.32.26 - - [18/Apr/2021:10:07:38 +0800] "GET /xingrg/all/function/internal_message.html?_=1618711651929&CODE_STATE=getMsg HTTP/1.1" 200 27
101.85.94.178 - - [18/Apr/2021:10:07:38 +0800] "GET /xingrg/all/function/internal_message.html?_=1618711193766&CODE_STATE=getMsg HTTP/1.1" 200 27
101.85.94.178 - - [18/Apr/2021:10:07:42 +0800] "GET /xingrg/kc/buy/cgsh_order_operate.html?command=get_materiel&rest_code=00142&code=00101008459&supplier_code=00100161&order_time=2021-04-18 HTTP/1.1" 200 395
116.230.114.112 - - [18/Apr/2021:10:07:44 +0800] "GET /xingrg/all/function/internal_message.html?_=1618711663259&CODE_STATE=getMsg HTTP/1.1" 302 -
116.230.114.112 - - [18/Apr/2021:10:07:45 +0800] "GET /xingrg/check_reg.html?_=1618711664233 HTTP/1.1" 200 22
114.86.231.72 - - [18/Apr/2021:10:07:51 +0800] "GET /xingrg/kc/buy/cgsh_order_operate.html?command=get_materiel&rest_code=00109&code=00101011004&supplier_code=00100046&order_time=2021-04-18 HTTP/1.1" 200 412
101.85.94.178 - - [18/Apr/2021:10:07:53 +0800] "GET /xingrg/kc/buy/cgsh_order_operate.html?command=get_materiel&rest_code=00142&code=00101012065&supplier_code=00100161&order_time=2021-04-18 HTTP/1.1" 200 418
116.230.114.112 - - [18/Apr/2021:10:07:55 +0800] "GET /xingrg/all/function/internal_message.html?_=1618711673963&CODE_STATE=getMsg HTTP/1.1" 200 27
180.169.147.146 - - [18/Apr/2021:10:07:56 +0800] "GET /xingrg/all/function/internal_message.html?_=1618711520648&CODE_STATE=getMsg HTTP/1.1" 200 27
101.85.94.178 - - [18/Apr/2021:10:08:00 +0800] "GET /xingrg/kc/buy/cgsh_order_operate.html?command=get_materiel&rest_code=00142&code=00101012024&supplier_code=00100161&order_time=2021-04-18 HTTP/1.1" 200 408
61.165.42.208 - - [18/Apr/2021:10:08:01 +0800] "GET /xingrg/all/function/internal_message.html?_=1618711679304&CODE_STATE=getMsg HTTP/1.1" 200 27
114.88.167.174 - - [18/Apr/2021:10:08:03 +0800] "GET /xingrg/all/function/internal_message.html?_=1618711684243&CODE_STATE=getMsg HTTP/1.1" 200 27
101.85.94.178 - - [18/Apr/2021:10:08:04 +0800] "GET /xingrg/javascript/jquery_easy_ui/themes/default/images/tabs_active.png HTTP/1.1" 200 2894
114.86.187.76 - - [18/Apr/2021:10:08:05 +0800] "GET /xingrg/all/function/internal_message.html?_=1618711682596&CODE_STATE=getMsg HTTP/1.1" 200 27
114.86.231.72 - - [18/Apr/2021:10:08:07 +0800] "GET /xingrg/all/function/internal_message.html?_=1618711684738&CODE_STATE=getMsg HTTP/1.1" 200 27
114.86.231.72 - - [18/Apr/2021:10:08:07 +0800] "GET /xingrg/check_reg.html?_=1618711684739 HTTP/1.1" 200 22
101.85.94.178 - - [18/Apr/2021:10:08:09 +0800] "POST /xingrg/kc/buy/cgsh_order_operate.html HTTP/1.1" 200 37
222.70.217.33 - - [18/Apr/2021:10:08:09 +0800] "GET /xingrg/check_reg.html?_=1618711687162 HTTP/1.1" 200 22
222.70.217.33 - - [18/Apr/2021:10:08:10 +0800] "GET /xingrg/all/function/internal_message.html?_=1618711687652&CODE_STATE=getMsg HTTP/1.1" 200 27
101.85.94.178 - - [18/Apr/2021:10:08:10 +0800] "POST /xingrg/kc/buy/cgsh_order_operate.html HTTP/1.1" 200 21508
101.85.94.178 - - [18/Apr/2021:10:08:14 +0800] "POST /xingrg/kc/buy/cgsh_order_operate.html HTTP/1.1" 200 37
101.85.94.178 - - [18/Apr/2021:10:08:15 +0800] "POST /xingrg/kc/buy/cgsh_order_operate.html HTTP/1.1" 200 21508
116.224.253.72 - - [18/Apr/2021:10:08:17 +0800] "GET /xingrg/all/function/internal_message.html?_=1618711682707&CODE_STATE=getMsg HTTP/1.1" 200 27
101.85.94.178 - - [18/Apr/2021:10:08:19 +0800] "POST /xingrg/kc/buy/cgsh_order_operate.html HTTP/1.1" 200 37
101.85.94.178 - - [18/Apr/2021:10:08:20 +0800] "POST /xingrg/kc/buy/cgsh_order_operate.html HTTP/1.1" 200 21508
101.85.94.178 - - [18/Apr/2021:10:08:23 +0800] "POST /xingrg/kc/buy/cgsh_order_operate.html HTTP/1.1" 200 37
180.162.112.81 - - [18/Apr/2021:10:08:24 +0800] "GET /xingrg/check_reg.html?_=1618711463694 HTTP/1.1" 200 22
180.162.112.81 - - [18/Apr/2021:10:08:24 +0800] "GET /xingrg/all/function/internal_message.html?_=1618711463697&CODE_STATE=getMsg HTTP/1.1" 200 27
101.85.94.178 - - [18/Apr/2021:10:08:25 +0800] "POST /xingrg/kc/buy/cgsh_order_operate.html HTTP/1.1" 200 21508
116.238.141.202 - - [18/Apr/2021:10:08:25 +0800] "GET /xingrg/all/function/internal_message.html?_=1618711980889&CODE_STATE=getMsg HTTP/1.1" 200 27
58.37.228.113 - - [18/Apr/2021:10:08:26 +0800] "GET /xingrg/all/function/internal_message.html?_=1618711704835&CODE_STATE=getMsg HTTP/1.1" 200 27
114.86.231.72 - - [18/Apr/2021:10:08:27 +0800] "GET /xingrg/kc/buy/cgsh_order_operate.html?command=get_materiel&rest_code=00109&code=00101020215&supplier_code=00100046&order_time=2021-04-18 HTTP/1.1" 200 391
101.85.94.178 - - [18/Apr/2021:10:08:29 +0800] "POST /xingrg/kc/buy/cgsh_list_operate.html HTTP/1.1" 200 2059
101.85.94.178 - - [18/Apr/2021:10:08:31 +0800] "POST /xingrg/kc/buy/cgsh_list_operate.html HTTP/1.1" 200 2059
58.37.228.113 - - [18/Apr/2021:10:08:31 +0800] "GET /xingrg/all/function/internal_message.html?_=1618711687777&CODE_STATE=getMsg HTTP/1.1" 200 27
222.69.131.239 - - [18/Apr/2021:10:08:31 +0800] "GET /xingrg/all/function/internal_message.html?_=1618711708511&CODE_STATE=getMsg HTTP/1.1" 200 27
222.69.131.239 - - [18/Apr/2021:10:08:31 +0800] "GET /xingrg/check_reg.html?_=1618711708512 HTTP/1.1" 200 22
114.88.167.174 - - [18/Apr/2021:10:08:32 +0800] "GET /xingrg/all/function/internal_message.html?_=1618711710091&CODE_STATE=getMsg HTTP/1.1" 200 27
180.169.147.146 - - [18/Apr/2021:10:08:33 +0800] "GET /xingrg/all/function/internal_message.html?_=1618711704581&CODE_STATE=getMsg HTTP/1.1" 200 27
101.85.94.178 - - [18/Apr/2021:10:08:33 +0800] "POST /xingrg/kc/buy/cgsh_list_operate.html HTTP/1.1" 200 2059
101.85.94.178 - - [18/Apr/2021:10:08:34 +0800] "POST /xingrg/kc/buy/cgsh_list_operate.html HTTP/1.1" 200 204
101.85.94.178 - - [18/Apr/2021:10:08:34 +0800] "GET /xingrg/kc/buy/cgsh_order_info.html?code=212021041707278 HTTP/1.1" 200 61273
116.224.253.72 - - [18/Apr/2021:10:08:35 +0800] "GET /xingrg/all/function/internal_message.html?_=1618711712768&CODE_STATE=getMsg HTTP/1.1" 200 27
101.85.94.178 - - [18/Apr/2021:10:08:35 +0800] "GET /xingrg/javascript/easyui/themes/default/validatebox.css HTTP/1.1" 404 1104
101.85.94.178 - - [18/Apr/2021:10:08:35 +0800] "POST /xingrg/kc/buy/cgsh_order_operate.html HTTP/1.1" 200 2662
124.77.71.179 - - [18/Apr/2021:10:08:37 +0800] "GET /xingrg/all/function/internal_message.html?_=1618711714639&CODE_STATE=getMsg HTTP/1.1" 200 27
117.185.32.26 - - [18/Apr/2021:10:08:38 +0800] "GET /xingrg/all/function/internal_message.html?_=1618711711899&CODE_STATE=getMsg HTTP/1.1" 200 27
101.85.94.178 - - [18/Apr/2021:10:08:38 +0800] "GET /xingrg/all/function/internal_message.html?_=1618711253753&CODE_STATE=getMsg HTTP/1.1" 200 27
114.86.231.72 - - [18/Apr/2021:10:08:41 +0800] "GET /xingrg/kc/buy/cgsh_order_operate.html?command=get_materiel&rest_code=00109&code=00101004049&supplier_code=00100046&order_time=2021-04-18 HTTP/1.1" 200 413
114.88.167.174 - - [18/Apr/2021:10:08:42 +0800] "GET /xingrg/check_reg.html?_=1618711723002 HTTP/1.1" 200 22
116.230.114.112 - - [18/Apr/2021:10:08:44 +0800] "GET /xingrg/all/function/internal_message.html?_=1618711723264&CODE_STATE=getMsg HTTP/1.1" 302 -
116.230.114.112 - - [18/Apr/2021:10:08:55 +0800] "GET /xingrg/all/function/internal_message.html?_=1618711733976&CODE_STATE=getMsg HTTP/1.1" 200 27
180.169.147.146 - - [18/Apr/2021:10:08:56 +0800] "GET /xingrg/all/function/internal_message.html?_=1618711580651&CODE_STATE=getMsg HTTP/1.1" 200 27
101.85.94.178 - - [18/Apr/2021:10:09:01 +0800] "POST /xingrg/kc/buy/cgsh_order_operate.html HTTP/1.1" 200 37
61.165.42.208 - - [18/Apr/2021:10:09:01 +0800] "GET /xingrg/all/function/internal_message.html?_=1618711739303&CODE_STATE=getMsg HTTP/1.1" 200 27
114.88.167.174 - - [18/Apr/2021:10:09:03 +0800] "GET /xingrg/all/function/internal_message.html?_=1618711744219&CODE_STATE=getMsg HTTP/1.1" 200 27
101.85.94.178 - - [18/Apr/2021:10:09:03 +0800] "POST /xingrg/kc/buy/cgsh_order_operate.html HTTP/1.1" 200 12
101.85.94.178 - - [18/Apr/2021:10:09:04 +0800] "GET /xingrg/kc/buy/cgsh_order_info.html?code=212021041707278 HTTP/1.1" 200 56169
114.86.187.76 - - [18/Apr/2021:10:09:04 +0800] "GET /xingrg/check_reg.html?_=1618711741844 HTTP/1.1" 200 22
101.85.94.178 - - [18/Apr/2021:10:09:04 +0800] "GET /xingrg/javascript/easyui/themes/default/validatebox.css HTTP/1.1" 404 1104
114.86.187.76 - - [18/Apr/2021:10:09:05 +0800] "GET /xingrg/all/function/internal_message.html?_=1618711742610&CODE_STATE=getMsg HTTP/1.1" 200 27
101.85.94.178 - - [18/Apr/2021:10:09:05 +0800] "POST /xingrg/kc/buy/cgsh_order_operate.html HTTP/1.1" 200 612
101.85.94.178 - - [18/Apr/2021:10:09:06 +0800] "GET /xingrg/kc/print/load_config.html?kc_code=cgsh HTTP/1.1" 200 1845
101.85.94.178 - - [18/Apr/2021:10:09:06 +0800] "GET /xingrg/kc/print/load_data.html?order_code=212021041707278&kc_code=cgsh&condition= HTTP/1.1" 200 713
114.86.231.72 - - [18/Apr/2021:10:09:07 +0800] "GET /xingrg/all/function/internal_message.html?_=1618711744729&CODE_STATE=getMsg HTTP/1.1" 200 27
222.70.217.33 - - [18/Apr/2021:10:09:10 +0800] "GET /xingrg/all/function/internal_message.html?_=1618711747626&CODE_STATE=getMsg HTTP/1.1" 200 27
101.85.94.178 - - [18/Apr/2021:10:09:14 +0800] "POST /xingrg/kc/buy/cgsh_list_operate.html HTTP/1.1" 200 1690
114.86.187.76 - - [18/Apr/2021:10:09:14 +0800] "GET /xingrg/javascript/easyui/themes/default/images/button_plain_hover.png HTTP/1.1" 304 -
116.224.253.72 - - [18/Apr/2021:10:09:17 +0800] "GET /xingrg/all/function/internal_message.html?_=1618711742747&CODE_STATE=getMsg HTTP/1.1" 200 27
116.238.141.202 - - [18/Apr/2021:10:09:26 +0800] "GET /xingrg/all/function/internal_message.html?_=1618712041114&CODE_STATE=getMsg HTTP/1.1" 200 27
58.37.228.113 - - [18/Apr/2021:10:09:26 +0800] "GET /xingrg/all/function/internal_message.html?_=1618711764837&CODE_STATE=getMsg HTTP/1.1" 200 27
58.37.228.113 - - [18/Apr/2021:10:09:26 +0800] "GET /xingrg/check_reg.html?_=1618711764839 HTTP/1.1" 200 22
180.169.147.146 - - [18/Apr/2021:10:09:27 +0800] "GET /xingrg/check_reg.html?_=1618711759517 HTTP/1.1" 200 22
58.37.228.113 - - [18/Apr/2021:10:09:31 +0800] "GET /xingrg/all/function/internal_message.html?_=1618711747783&CODE_STATE=getMsg HTTP/1.1" 200 27
222.69.131.239 - - [18/Apr/2021:10:09:31 +0800] "GET /xingrg/all/function/internal_message.html?_=1618711768519&CODE_STATE=getMsg HTTP/1.1" 200 27
114.86.231.72 - - [18/Apr/2021:10:09:32 +0800] "GET /xingrg/kc/buy/cgsh_order_operate.html?command=get_materiel&rest_code=00109&code=00101011001&supplier_code=00100046&order_time=2021-04-18 HTTP/1.1" 200 423
180.169.147.146 - - [18/Apr/2021:10:09:33 +0800] "GET /xingrg/all/function/internal_message.html?_=1618711764554&CODE_STATE=getMsg HTTP/1.1" 200 27
114.88.167.174 - - [18/Apr/2021:10:09:33 +0800] "GET /xingrg/all/function/internal_message.html?_=1618711770261&CODE_STATE=getMsg HTTP/1.1" 200 27
116.224.253.72 - - [18/Apr/2021:10:09:35 +0800] "GET /xingrg/all/function/internal_message.html?_=1618711772786&CODE_STATE=getMsg HTTP/1.1" 200 27
116.224.253.72 - - [18/Apr/2021:10:09:35 +0800] "GET /xingrg/check_reg.html?_=1618711772789 HTTP/1.1" 200 22
124.77.71.179 - - [18/Apr/2021:10:09:37 +0800] "GET /xingrg/all/function/internal_message.html?_=1618711774650&CODE_STATE=getMsg HTTP/1.1" 200 27
117.185.32.26 - - [18/Apr/2021:10:09:38 +0800] "GET /xingrg/all/function/internal_message.html?_=1618711771868&CODE_STATE=getMsg HTTP/1.1" 200 27
101.85.94.178 - - [18/Apr/2021:10:09:38 +0800] "GET /xingrg/check_reg.html?_=1618711313804 HTTP/1.1" 200 22
101.85.94.178 - - [18/Apr/2021:10:09:38 +0800] "GET /xingrg/all/function/internal_message.html?_=1618711313803&CODE_STATE=getMsg HTTP/1.1" 200 27
117.185.32.26 - - [18/Apr/2021:10:09:40 +0800] "GET /xingrg/check_reg.html?_=1618711774477 HTTP/1.1" 200 22
116.230.114.112 - - [18/Apr/2021:10:09:44 +0800] "GET /xingrg/all/function/internal_message.html?_=1618711783287&CODE_STATE=getMsg HTTP/1.1" 302 -
222.70.217.33 - - [18/Apr/2021:10:09:47 +0800] "GET /xingrg/login.html HTTP/1.1" 200 7641
222.70.217.33 - - [18/Apr/2021:10:09:47 +0800] "GET /favicon.ico HTTP/1.1" 404 -
222.70.217.33 - - [18/Apr/2021:10:09:47 +0800] "GET /favicon.ico HTTP/1.1" 404 -
116.230.114.112 - - [18/Apr/2021:10:09:55 +0800] "GET /xingrg/all/function/internal_message.html?_=1618711794446&CODE_STATE=getMsg HTTP/1.1" 200 27
180.169.147.146 - - [18/Apr/2021:10:09:56 +0800] "GET /xingrg/all/function/internal_message.html?_=1618711640650&CODE_STATE=getMsg HTTP/1.1" 200 27
222.70.217.33 - - [18/Apr/2021:10:10:01 +0800] "POST /xingrg/login.do HTTP/1.1" 302 -
222.70.217.33 - - [18/Apr/2021:10:10:01 +0800] "GET /xingrg/index.html?sysBaseUrl=http%3A%2F%2F180.169.147.146%3A18081%2Fxingrg%2F&costTime=40×tamp=1618711801559 HTTP/1.1" 200 17179
222.70.217.33 - - [18/Apr/2021:10:10:01 +0800] "GET /favicon.ico HTTP/1.1" 404 -
222.70.217.33 - - [18/Apr/2021:10:10:01 +0800] "POST /xingrg/all/common/load_tree.html?tree=area_rest_tree_json&manage=1 HTTP/1.1" 200 351
222.70.217.33 - - [18/Apr/2021:10:10:01 +0800] "GET /xingrg/all/function/internal_message.html?_=1618711799180&CODE_STATE=count HTTP/1.1" 200 11
222.70.217.33 - - [18/Apr/2021:10:10:01 +0800] "GET /xingrg/check_reg.html?_=1618711799181 HTTP/1.1" 200 22
61.165.42.208 - - [18/Apr/2021:10:10:01 +0800] "GET /xingrg/all/function/internal_message.html?_=1618711799303&CODE_STATE=getMsg HTTP/1.1" 200 27
222.70.217.33 - - [18/Apr/2021:10:10:01 +0800] "POST /xingrg/load_menu.html HTTP/1.1" 200 5138
61.165.42.208 - - [18/Apr/2021:10:10:01 +0800] "GET /xingrg/check_reg.html?_=1618711799305 HTTP/1.1" 200 22
114.88.167.174 - - [18/Apr/2021:10:10:03 +0800] "GET /xingrg/all/function/internal_message.html?_=1618711804202&CODE_STATE=getMsg HTTP/1.1" 200 27
114.86.187.76 - - [18/Apr/2021:10:10:05 +0800] "GET /xingrg/all/function/internal_message.html?_=1618711802623&CODE_STATE=getMsg HTTP/1.1" 200 27
114.86.231.72 - - [18/Apr/2021:10:10:07 +0800] "GET /xingrg/all/function/internal_message.html?_=1618711804740&CODE_STATE=getMsg HTTP/1.1" 200 27
222.70.217.33 - - [18/Apr/2021:10:10:07 +0800] "GET /xingrg/kc/buy/cgsh_order_list.html HTTP/1.1" 200 46416
222.70.217.33 - - [18/Apr/2021:10:10:12 +0800] "POST /xingrg/kc/buy/cgsh_list_operate.html HTTP/1.1" 200 2772
114.86.231.72 - - [18/Apr/2021:10:10:15 +0800] "POST /xingrg/kc/buy/cgsh_order_operate.html HTTP/1.1" 200 37
114.86.231.72 - - [18/Apr/2021:10:10:16 +0800] "POST /xingrg/kc/buy/cgsh_order_operate.html HTTP/1.1" 200 2666
114.88.167.174 - - [18/Apr/2021:10:10:17 +0800] "GET /xingrg/check_reg.html?_=1618711814220 HTTP/1.1" 200 22
116.224.253.72 - - [18/Apr/2021:10:10:17 +0800] "GET /xingrg/all/function/internal_message.html?_=1618711802765&CODE_STATE=getMsg HTTP/1.1" 200 27
114.86.231.72 - - [18/Apr/2021:10:10:17 +0800] "GET /xingrg/kc/print/load_config.html?kc_code=cgsh HTTP/1.1" 200 1845
114.86.231.72 - - [18/Apr/2021:10:10:18 +0800] "GET /xingrg/kc/print/load_data.html?order_code=212021041807369&kc_code=cgsh&condition= HTTP/1.1" 200 680
222.70.217.33 - - [18/Apr/2021:10:10:18 +0800] "GET /xingrg/javascript/jquery_tools/images/prev.gif HTTP/1.1" 404 1086
222.70.217.33 - - [18/Apr/2021:10:10:18 +0800] "GET /xingrg/javascript/jquery_tools/images/next.gif HTTP/1.1" 404 1086
116.238.141.202 - - [18/Apr/2021:10:10:25 +0800] "GET /xingrg/check_reg.html?_=1618712100662 HTTP/1.1" 200 22
58.37.228.113 - - [18/Apr/2021:10:10:26 +0800] "GET /xingrg/all/function/internal_message.html?_=1618711824839&CODE_STATE=getMsg HTTP/1.1" 200 27
116.238.141.202 - - [18/Apr/2021:10:10:26 +0800] "GET /xingrg/all/function/internal_message.html?_=1618712101355&CODE_STATE=getMsg HTTP/1.1" 200 27
58.37.228.113 - - [18/Apr/2021:10:10:31 +0800] "GET /xingrg/check_reg.html?_=1618711807770 HTTP/1.1" 200 22
58.37.228.113 - - [18/Apr/2021:10:10:31 +0800] "GET /xingrg/all/function/internal_message.html?_=1618711807771&CODE_STATE=getMsg HTTP/1.1" 200 27
222.69.131.239 - - [18/Apr/2021:10:10:31 +0800] "GET /xingrg/all/function/internal_message.html?_=1618711828520&CODE_STATE=getMsg HTTP/1.1" 200 27
180.169.147.146 - - [18/Apr/2021:10:10:33 +0800] "GET /xingrg/all/function/internal_message.html?_=1618711824532&CODE_STATE=getMsg HTTP/1.1" 200 27
114.88.167.174 - - [18/Apr/2021:10:10:33 +0800] "GET /xingrg/all/function/internal_message.html?_=1618711830272&CODE_STATE=getMsg HTTP/1.1" 200 27
114.86.231.72 - - [18/Apr/2021:10:10:33 +0800] "GET /xingrg/kc/buy/cgsh_order_add.html HTTP/1.1" 200 62189
114.86.231.72 - - [18/Apr/2021:10:10:33 +0800] "POST /xingrg/kc/buy/cgsh_order_operate.html HTTP/1.1" 200 8245
114.86.231.72 - - [18/Apr/2021:10:10:33 +0800] "GET /xingrg/all/common/auto_word.html?type=employee&rest_code=00109 HTTP/1.1" 200 205
114.86.231.72 - - [18/Apr/2021:10:10:33 +0800] "GET /xingrg/all/common/auto_word.html?type=employee&rest_code=00109 HTTP/1.1" 200 205
114.86.231.72 - - [18/Apr/2021:10:10:33 +0800] "GET /xingrg/javascript/easyui/themes/default/validatebox.css HTTP/1.1" 404 1104
116.224.253.72 - - [18/Apr/2021:10:10:35 +0800] "GET /xingrg/all/function/internal_message.html?_=1618711832796&CODE_STATE=getMsg HTTP/1.1" 200 27
124.77.71.179 - - [18/Apr/2021:10:10:37 +0800] "GET /xingrg/all/function/internal_message.html?_=1618711834651&CODE_STATE=getMsg HTTP/1.1" 200 27
117.185.32.26 - - [18/Apr/2021:10:10:38 +0800] "GET /xingrg/all/function/internal_message.html?_=1618711831841&CODE_STATE=getMsg HTTP/1.1" 200 27
101.85.94.178 - - [18/Apr/2021:10:10:38 +0800] "GET /xingrg/all/function/internal_message.html?_=1618711373762&CODE_STATE=getMsg HTTP/1.1" 200 27
183.192.164.214 - - [18/Apr/2021:10:10:39 +0800] "GET /xingrg/check_reg.html?_=1618711774477 HTTP/1.1" 302 -
114.86.187.76 - - [18/Apr/2021:10:10:41 +0800] "GET /xingrg/javascript/easyui/themes/default/images/button_plain_hover.png HTTP/1.1" 304 -
183.192.164.214 - - [18/Apr/2021:10:10:42 +0800] "GET /xingrg/login.html HTTP/1.1" 200 7641
116.230.114.112 - - [18/Apr/2021:10:10:44 +0800] "GET /xingrg/all/function/internal_message.html?_=1618711843291&CODE_STATE=getMsg HTTP/1.1" 302 -
114.86.231.72 - - [18/Apr/2021:10:10:50 +0800] "GET /xingrg/kc/buy/cgsh_order_operate.html?command=get_materiel&rest_code=00109&code=00101031006&supplier_code=00100240&order_time=2021-04-18 HTTP/1.1" 200 417
116.230.114.112 - - [18/Apr/2021:10:10:55 +0800] "GET /xingrg/all/function/internal_message.html?_=1618711854456&CODE_STATE=getMsg HTTP/1.1" 200 27
180.169.147.146 - - [18/Apr/2021:10:10:56 +0800] "GET /xingrg/all/function/internal_message.html?_=1618711700650&CODE_STATE=getMsg HTTP/1.1" 200 27
222.70.217.33 - - [18/Apr/2021:10:11:01 +0800] "GET /xingrg/all/function/internal_message.html?_=1618711859185&CODE_STATE=getMsg HTTP/1.1" 200 27
61.165.42.208 - - [18/Apr/2021:10:11:01 +0800] "GET /xingrg/all/function/internal_message.html?_=1618711859310&CODE_STATE=getMsg HTTP/1.1" 200 27
114.88.167.174 - - [18/Apr/2021:10:11:03 +0800] "GET /xingrg/all/function/internal_message.html?_=1618711864185&CODE_STATE=getMsg HTTP/1.1" 200 27
114.86.187.76 - - [18/Apr/2021:10:11:05 +0800] "GET /xingrg/all/function/internal_message.html?_=1618711863101&CODE_STATE=getMsg HTTP/1.1" 200 27
114.86.231.72 - - [18/Apr/2021:10:11:07 +0800] "GET /xingrg/all/function/internal_message.html?_=1618711864739&CODE_STATE=getMsg HTTP/1.1" 200 27
114.86.231.72 - - [18/Apr/2021:10:11:15 +0800] "POST /xingrg/kc/buy/cgsh_order_operate.html HTTP/1.1" 200 37
114.86.231.72 - - [18/Apr/2021:10:11:16 +0800] "POST /xingrg/kc/buy/cgsh_order_operate.html HTTP/1.1" 200 2660
116.224.253.72 - - [18/Apr/2021:10:11:17 +0800] "GET /xingrg/all/function/internal_message.html?_=1618711862803&CODE_STATE=getMsg HTTP/1.1" 200 27
114.86.231.72 - - [18/Apr/2021:10:11:18 +0800] "GET /xingrg/kc/print/load_config.html?kc_code=cgsh HTTP/1.1" 200 1845
114.86.231.72 - - [18/Apr/2021:10:11:18 +0800] "GET /xingrg/kc/print/load_data.html?order_code=212021041807370&kc_code=cgsh&condition= HTTP/1.1" 200 647
114.86.231.72 - - [18/Apr/2021:10:11:25 +0800] "GET /xingrg/kc/buy/cgsh_order_add.html HTTP/1.1" 200 62189
114.86.231.72 - - [18/Apr/2021:10:11:25 +0800] "GET /xingrg/words/20210418091631_words.js HTTP/1.1" 304 -
114.86.231.72 - - [18/Apr/2021:10:11:25 +0800] "POST /xingrg/kc/buy/cgsh_order_operate.html HTTP/1.1" 200 8245
114.86.231.72 - - [18/Apr/2021:10:11:25 +0800] "GET /xingrg/all/common/auto_word.html?type=employee&rest_code=00109 HTTP/1.1" 200 205
114.86.231.72 - - [18/Apr/2021:10:11:25 +0800] "GET /xingrg/javascript/easyui/themes/default/validatebox.css HTTP/1.1" 404 1104
114.86.231.72 - - [18/Apr/2021:10:11:25 +0800] "GET /xingrg/all/common/auto_word.html?type=employee&rest_code=00109 HTTP/1.1" 200 205
58.37.228.113 - - [18/Apr/2021:10:11:26 +0800] "GET /xingrg/all/function/internal_message.html?_=1618711884842&CODE_STATE=getMsg HTTP/1.1" 200 27
116.238.141.202 - - [18/Apr/2021:10:11:26 +0800] "GET /xingrg/all/function/internal_message.html?_=1618712161365&CODE_STATE=getMsg HTTP/1.1" 200 27
116.230.114.112 - - [18/Apr/2021:10:11:28 +0800] "GET /xingrg/check_reg.html?_=1618711887402 HTTP/1.1" 302 -
58.37.228.113 - - [18/Apr/2021:10:11:31 +0800] "GET /xingrg/all/function/internal_message.html?_=1618711867804&CODE_STATE=getMsg HTTP/1.1" 200 27
222.69.131.239 - - [18/Apr/2021:10:11:31 +0800] "GET /xingrg/all/function/internal_message.html?_=1618711888535&CODE_STATE=getMsg HTTP/1.1" 200 27
180.169.147.146 - - [18/Apr/2021:10:11:32 +0800] "GET /xingrg/all/function/internal_message.html?_=1618711884500&CODE_STATE=getMsg HTTP/1.1" 200 27
114.88.167.174 - - [18/Apr/2021:10:11:33 +0800] "GET /xingrg/all/function/internal_message.html?_=1618711890286&CODE_STATE=getMsg HTTP/1.1" 200 27
116.224.253.72 - - [18/Apr/2021:10:11:35 +0800] "GET /xingrg/all/function/internal_message.html?_=1618711892796&CODE_STATE=getMsg HTTP/1.1" 200 27
61.129.6.203 - - [18/Apr/2021:10:11:35 +0800] "GET /xingrg/all/function/internal_message.html?_=1618711807771&CODE_STATE=getMsg HTTP/1.1" 302 -
124.77.71.179 - - [18/Apr/2021:10:11:37 +0800] "GET /xingrg/all/function/internal_message.html?_=1618711894650&CODE_STATE=getMsg HTTP/1.1" 200 27
117.185.32.26 - - [18/Apr/2021:10:11:38 +0800] "GET /xingrg/all/function/internal_message.html?_=1618711891815&CODE_STATE=getMsg HTTP/1.1" 200 27
61.129.6.203 - - [18/Apr/2021:10:11:38 +0800] "GET /xingrg/login.html HTTP/1.1" 200 7641
101.85.94.178 - - [18/Apr/2021:10:11:38 +0800] "GET /xingrg/all/function/internal_message.html?_=1618711433758&CODE_STATE=getMsg HTTP/1.1" 200 27
116.230.114.112 - - [18/Apr/2021:10:11:44 +0800] "GET /xingrg/all/function/internal_message.html?_=1618711903313&CODE_STATE=getMsg HTTP/1.1" 302 -
116.230.114.112 - - [18/Apr/2021:10:11:55 +0800] "GET /xingrg/all/function/internal_message.html?_=1618711914856&CODE_STATE=getMsg HTTP/1.1" 200 27
180.169.147.146 - - [18/Apr/2021:10:11:56 +0800] "GET /xingrg/check_reg.html?_=1618711760677 HTTP/1.1" 200 22
180.169.147.146 - - [18/Apr/2021:10:11:56 +0800] "GET /xingrg/all/function/internal_message.html?_=1618711760681&CODE_STATE=getMsg HTTP/1.1" 200 27
114.86.231.72 - - [18/Apr/2021:10:11:59 +0800] "GET /xingrg/kc/buy/cgsh_order_operate.html?command=get_materiel&rest_code=00109&code=00101010136&supplier_code=00100035&order_time=2021-04-18 HTTP/1.1" 200 409
116.224.253.72 - - [18/Apr/2021:10:12:01 +0800] "GET /xingrg/check_reg.html?_=1618711906334 HTTP/1.1" 200 22
222.70.217.33 - - [18/Apr/2021:10:12:01 +0800] "GET /xingrg/all/function/internal_message.html?_=1618711919190&CODE_STATE=getMsg HTTP/1.1" 200 27
61.165.42.208 - - [18/Apr/2021:10:12:01 +0800] "GET /xingrg/all/function/internal_message.html?_=1618711919311&CODE_STATE=getMsg HTTP/1.1" 200 27
114.88.167.174 - - [18/Apr/2021:10:12:03 +0800] "GET /xingrg/all/function/internal_message.html?_=1618711924170&CODE_STATE=getMsg HTTP/1.1" 200 27
114.86.187.76 - - [18/Apr/2021:10:12:05 +0800] "GET /xingrg/all/function/internal_message.html?_=1618711923117&CODE_STATE=getMsg HTTP/1.1" 200 27
114.86.231.72 - - [18/Apr/2021:10:12:07 +0800] "GET /xingrg/all/function/internal_message.html?_=1618711924748&CODE_STATE=getMsg HTTP/1.1" 200 27
114.86.231.72 - - [18/Apr/2021:10:12:13 +0800] "GET /xingrg/kc/buy/cgsh_order_operate.html?command=get_materiel&rest_code=00109&code=00101016025&supplier_code=00100035&order_time=2021-04-18 HTTP/1.1" 200 408
116.224.253.72 - - [18/Apr/2021:10:12:17 +0800] "GET /xingrg/all/function/internal_message.html?_=1618711922808&CODE_STATE=getMsg HTTP/1.1" 200 27
58.37.228.113 - - [18/Apr/2021:10:12:26 +0800] "GET /xingrg/all/function/internal_message.html?_=1618711944839&CODE_STATE=getMsg HTTP/1.1" 200 27
116.238.141.202 - - [18/Apr/2021:10:12:26 +0800] "GET /xingrg/all/function/internal_message.html?_=1618712221394&CODE_STATE=getMsg HTTP/1.1" 200 27
114.86.231.72 - - [18/Apr/2021:10:12:28 +0800] "GET /xingrg/kc/buy/cgsh_order_operate.html?command=get_materiel&rest_code=00109&code=00101012059&supplier_code=00100035&order_time=2021-04-18 HTTP/1.1" 200 412
61.151.178.236 - - [18/Apr/2021:10:12:30 +0800] "GET /xingrg/all/function/internal_message.html?_=1618711867804&CODE_STATE=getMsg HTTP/1.1" 302 -
61.151.178.236 - - [18/Apr/2021:10:12:30 +0800] "GET /xingrg/login.html HTTP/1.1" 200 7641
58.37.228.113 - - [18/Apr/2021:10:12:31 +0800] "GET /xingrg/all/function/internal_message.html?_=1618711927811&CODE_STATE=getMsg HTTP/1.1" 200 27
222.69.131.239 - - [18/Apr/2021:10:12:31 +0800] "GET /xingrg/all/function/internal_message.html?_=1618711948523&CODE_STATE=getMsg HTTP/1.1" 200 27
180.169.147.146 - - [18/Apr/2021:10:12:32 +0800] "GET /xingrg/all/function/internal_message.html?_=1618711944479&CODE_STATE=getMsg HTTP/1.1" 200 27
114.88.167.174 - - [18/Apr/2021:10:12:33 +0800] "GET /xingrg/all/function/internal_message.html?_=1618711950456&CODE_STATE=getMsg HTTP/1.1" 200 27
116.224.253.72 - - [18/Apr/2021:10:12:35 +0800] "GET /xingrg/all/function/internal_message.html?_=1618711952796&CODE_STATE=getMsg HTTP/1.1" 200 27
124.77.71.179 - - [18/Apr/2021:10:12:37 +0800] "GET /xingrg/all/function/internal_message.html?_=1618711954649&CODE_STATE=getMsg HTTP/1.1" 200 27
124.77.71.179 - - [18/Apr/2021:10:12:37 +0800] "GET /xingrg/check_reg.html?_=1618711954651 HTTP/1.1" 200 22
120.204.17.72 - - [18/Apr/2021:10:12:37 +0800] "GET /xingrg/all/function/internal_message.html?_=1618711891815&CODE_STATE=getMsg HTTP/1.1" 302 -
117.185.32.26 - - [18/Apr/2021:10:12:38 +0800] "GET /xingrg/all/function/internal_message.html?_=1618711951789&CODE_STATE=getMsg HTTP/1.1" 200 27
101.85.94.178 - - [18/Apr/2021:10:12:38 +0800] "GET /xingrg/all/function/internal_message.html?_=1618711493756&CODE_STATE=getMsg HTTP/1.1" 200 27
120.204.17.72 - - [18/Apr/2021:10:12:39 +0800] "GET /xingrg/login.html HTTP/1.1" 200 7641
114.86.231.72 - - [18/Apr/2021:10:12:40 +0800] "GET /xingrg/kc/buy/cgsh_order_operate.html?command=get_materiel&rest_code=00109&code=00101016010&supplier_code=00100035&order_time=2021-04-18 HTTP/1.1" 200 408
116.230.114.112 - - [18/Apr/2021:10:12:44 +0800] "GET /xingrg/all/function/internal_message.html?_=1618711963318&CODE_STATE=getMsg HTTP/1.1" 302 -
116.230.114.112 - - [18/Apr/2021:10:12:45 +0800] "GET /xingrg/check_reg.html?_=1618711964238 HTTP/1.1" 200 22
116.230.114.112 - - [18/Apr/2021:10:12:55 +0800] "GET /xingrg/all/function/internal_message.html?_=1618711974858&CODE_STATE=getMsg HTTP/1.1" 200 27
180.169.147.146 - - [18/Apr/2021:10:12:56 +0800] "GET /xingrg/all/function/internal_message.html?_=1618711820664&CODE_STATE=getMsg HTTP/1.1" 200 27
114.86.231.72 - - [18/Apr/2021:10:12:58 +0800] "POST /xingrg/kc/buy/cgsh_order_operate.html HTTP/1.1" 200 37
222.70.217.33 - - [18/Apr/2021:10:13:01 +0800] "GET /xingrg/all/function/internal_message.html?_=1618711979194&CODE_STATE=getMsg HTTP/1.1" 200 27
61.165.42.208 - - [18/Apr/2021:10:13:01 +0800] "GET /xingrg/all/function/internal_message.html?_=1618711979311&CODE_STATE=getMsg HTTP/1.1" 200 27
114.88.167.174 - - [18/Apr/2021:10:13:03 +0800] "GET /xingrg/all/function/internal_message.html?_=1618711984155&CODE_STATE=getMsg HTTP/1.1" 200 27
114.86.231.72 - - [18/Apr/2021:10:13:04 +0800] "POST /xingrg/kc/buy/cgsh_order_operate.html HTTP/1.1" 200 4426
114.86.187.76 - - [18/Apr/2021:10:13:06 +0800] "GET /xingrg/all/function/internal_message.html?_=1618711983374&CODE_STATE=getMsg HTTP/1.1" 200 27
114.86.231.72 - - [18/Apr/2021:10:13:07 +0800] "GET /xingrg/all/function/internal_message.html?_=1618711984744&CODE_STATE=getMsg HTTP/1.1" 200 27
114.86.231.72 - - [18/Apr/2021:10:13:07 +0800] "GET /xingrg/check_reg.html?_=1618711984745 HTTP/1.1" 200 22
116.224.253.72 - - [18/Apr/2021:10:13:17 +0800] "GET /xingrg/all/function/internal_message.html?_=1618711982821&CODE_STATE=getMsg HTTP/1.1" 200 27
114.86.231.72 - - [18/Apr/2021:10:13:19 +0800] "GET /xingrg/kc/print/load_config.html?kc_code=cgsh HTTP/1.1" 200 1845
114.86.231.72 - - [18/Apr/2021:10:13:20 +0800] "GET /xingrg/kc/print/load_data.html?order_code=212021041807371&kc_code=cgsh&condition= HTTP/1.1" 200 1351
114.86.231.72 - - [18/Apr/2021:10:13:26 +0800] "POST /xingrg/kc/buy/cgsh_order_operate.html HTTP/1.1" 200 37
58.37.228.113 - - [18/Apr/2021:10:13:26 +0800] "GET /xingrg/all/function/internal_message.html?_=1618712004841&CODE_STATE=getMsg HTTP/1.1" 200 27
116.238.141.202 - - [18/Apr/2021:10:13:26 +0800] "GET /xingrg/all/function/internal_message.html?_=1618712281597&CODE_STATE=getMsg HTTP/1.1" 200 27
114.86.231.72 - - [18/Apr/2021:10:13:29 +0800] "POST /xingrg/kc/buy/cgsh_order_operate.html HTTP/1.1" 200 4426
114.86.231.72 - - [18/Apr/2021:10:13:30 +0800] "GET /xingrg/kc/buy/cgsh_order_add.html HTTP/1.1" 200 62189
114.86.231.72 - - [18/Apr/2021:10:13:30 +0800] "POST /xingrg/kc/buy/cgsh_order_operate.html HTTP/1.1" 200 8245
114.86.231.72 - - [18/Apr/2021:10:13:30 +0800] "GET /xingrg/all/common/auto_word.html?type=employee&rest_code=00109 HTTP/1.1" 200 205
114.86.231.72 - - [18/Apr/2021:10:13:30 +0800] "GET /xingrg/all/common/auto_word.html?type=employee&rest_code=00109 HTTP/1.1" 200 205
114.86.231.72 - - [18/Apr/2021:10:13:30 +0800] "GET /xingrg/javascript/easyui/themes/default/validatebox.css HTTP/1.1" 404 1104
58.37.228.113 - - [18/Apr/2021:10:13:31 +0800] "GET /xingrg/all/function/internal_message.html?_=1618711987800&CODE_STATE=getMsg HTTP/1.1" 200 27
222.69.131.239 - - [18/Apr/2021:10:13:31 +0800] "GET /xingrg/all/function/internal_message.html?_=1618712008522&CODE_STATE=getMsg HTTP/1.1" 200 27
222.69.131.239 - - [18/Apr/2021:10:13:31 +0800] "GET /xingrg/check_reg.html?_=1618712008526 HTTP/1.1" 200 22
180.169.147.146 - - [18/Apr/2021:10:13:32 +0800] "GET /xingrg/all/function/internal_message.html?_=1618712004479&CODE_STATE=getMsg HTTP/1.1" 200 27
114.88.167.174 - - [18/Apr/2021:10:13:33 +0800] "GET /xingrg/all/function/internal_message.html?_=1618712010469&CODE_STATE=getMsg HTTP/1.1" 200 27
116.224.253.72 - - [18/Apr/2021:10:13:35 +0800] "GET /xingrg/all/function/internal_message.html?_=1618712012815&CODE_STATE=getMsg HTTP/1.1" 200 27
124.77.71.179 - - [18/Apr/2021:10:13:37 +0800] "GET /xingrg/all/function/internal_message.html?_=1618712014664&CODE_STATE=getMsg HTTP/1.1" 200 27
183.192.164.97 - - [18/Apr/2021:10:13:37 +0800] "GET /xingrg/all/function/internal_message.html?_=1618711951789&CODE_STATE=getMsg HTTP/1.1" 302 -
117.185.32.26 - - [18/Apr/2021:10:13:37 +0800] "GET /xingrg/all/function/internal_message.html?_=1618712011758&CODE_STATE=getMsg HTTP/1.1" 200 27
101.85.94.178 - - [18/Apr/2021:10:13:38 +0800] "GET /xingrg/all/function/internal_message.html?_=1618711553754&CODE_STATE=getMsg HTTP/1.1" 200 27
183.192.164.97 - - [18/Apr/2021:10:13:38 +0800] "GET /xingrg/login.html HTTP/1.1" 200 7641
114.88.167.174 - - [18/Apr/2021:10:13:42 +0800] "GET /xingrg/check_reg.html?_=1618712023000 HTTP/1.1" 200 22
116.230.114.112 - - [18/Apr/2021:10:13:44 +0800] "GET /xingrg/all/function/internal_message.html?_=1618712023342&CODE_STATE=getMsg HTTP/1.1" 302 -
116.230.114.112 - - [18/Apr/2021:10:13:55 +0800] "GET /xingrg/all/function/internal_message.html?_=1618712034872&CODE_STATE=getMsg HTTP/1.1" 200 27
180.169.147.146 - - [18/Apr/2021:10:13:56 +0800] "GET /xingrg/all/function/internal_message.html?_=1618711880678&CODE_STATE=getMsg HTTP/1.1" 200 27
222.70.217.33 - - [18/Apr/2021:10:14:01 +0800] "GET /xingrg/all/function/internal_message.html?_=1618712039187&CODE_STATE=getMsg HTTP/1.1" 200 27
61.165.42.208 - - [18/Apr/2021:10:14:01 +0800] "GET /xingrg/all/function/internal_message.html?_=1618712039310&CODE_STATE=getMsg HTTP/1.1" 200 27
114.88.167.174 - - [18/Apr/2021:10:14:03 +0800] "GET /xingrg/all/function/internal_message.html?_=1618712044126&CODE_STATE=getMsg HTTP/1.1" 200 27
114.86.187.76 - - [18/Apr/2021:10:14:04 +0800] "GET /xingrg/check_reg.html?_=1618712041887 HTTP/1.1" 200 22
114.86.187.76 - - [18/Apr/2021:10:14:06 +0800] "GET /xingrg/all/function/internal_message.html?_=1618712043619&CODE_STATE=getMsg HTTP/1.1" 200 27
114.86.231.72 - - [18/Apr/2021:10:14:07 +0800] "GET /xingrg/all/function/internal_message.html?_=1618712044758&CODE_STATE=getMsg HTTP/1.1" 200 27
116.224.253.72 - - [18/Apr/2021:10:14:08 +0800] "GET /xingrg/kc/buy/cgsh_order_list.html HTTP/1.1" 200 46416
116.224.253.72 - - [18/Apr/2021:10:14:09 +0800] "POST /xingrg/kc/buy/cgsh_list_operate.html HTTP/1.1" 200 876
116.224.253.72 - - [18/Apr/2021:10:14:16 +0800] "POST /xingrg/all/user/operate.html HTTP/1.1" 200 36
116.224.253.72 - - [18/Apr/2021:10:14:17 +0800] "GET /xingrg/index.html?sysBaseUrl=http%3A%2F%2F180.169.147.146%3A18081%2Fxingrg%2F&costTime=105×tamp=1618705394488 HTTP/1.1" 200 17177
116.224.253.72 - - [18/Apr/2021:10:14:17 +0800] "GET /xingrg/javascript/jquery_easy_ui/themes/default/easyui.css HTTP/1.1" 304 -
116.224.253.72 - - [18/Apr/2021:10:14:17 +0800] "GET /xingrg/javascript/jquery_easy_ui/themes/icon.css HTTP/1.1" 304 -
116.224.253.72 - - [18/Apr/2021:10:14:17 +0800] "GET /xingrg/css/form.css HTTP/1.1" 304 -
116.224.253.72 - - [18/Apr/2021:10:14:17 +0800] "GET /xingrg/javascript/jquery-1.4.2.min.js HTTP/1.1" 304 -
116.224.253.72 - - [18/Apr/2021:10:14:17 +0800] "GET /xingrg/javascript/jquery_easy_ui/jquery.easyui.min.js HTTP/1.1" 304 -
116.224.253.72 - - [18/Apr/2021:10:14:17 +0800] "GET /xingrg/javascript/jquery_easy_ui/easyui-lang-zh_CN.js HTTP/1.1" 304 -
116.224.253.72 - - [18/Apr/2021:10:14:17 +0800] "GET /xingrg/javascript/jquery.form.js HTTP/1.1" 304 -
116.224.253.72 - - [18/Apr/2021:10:14:17 +0800] "GET /xingrg/javascript/jquery.utils.js HTTP/1.1" 304 -
116.224.253.72 - - [18/Apr/2021:10:14:17 +0800] "GET /xingrg/javascript/jquery.timers.js HTTP/1.1" 304 -
116.224.253.72 - - [18/Apr/2021:10:14:17 +0800] "GET /xingrg/images/blue/jxLogo.png HTTP/1.1" 304 -
116.224.253.72 - - [18/Apr/2021:10:14:17 +0800] "GET /xingrg/images/blue/navBackgound.jpg HTTP/1.1" 304 -
116.224.253.72 - - [18/Apr/2021:10:14:17 +0800] "GET /xingrg/javascript/jquery_easy_ui/themes/icons/settle_new.png HTTP/1.1" 304 -
116.224.253.72 - - [18/Apr/2021:10:14:17 +0800] "POST /xingrg/all/common/load_tree.html?tree=area_rest_tree_json&manage=1 HTTP/1.1" 200 476
116.224.253.72 - - [18/Apr/2021:10:14:17 +0800] "GET /xingrg/all/function/internal_message.html?_=1618712055137&CODE_STATE=count HTTP/1.1" 200 11
116.224.253.72 - - [18/Apr/2021:10:14:17 +0800] "GET /xingrg/check_reg.html?_=1618712055138 HTTP/1.1" 200 22
116.224.253.72 - - [18/Apr/2021:10:14:17 +0800] "GET /xingrg/javascript/jquery_easy_ui/themes/default/images/tabs_rightarrow.png HTTP/1.1" 304 -
116.224.253.72 - - [18/Apr/2021:10:14:17 +0800] "GET /xingrg/images/blue/pingpu.png HTTP/1.1" 304 -
