58.37.228.113 - - [18/Apr/2021:10:47:26 +0800] "GET /xingrg/all/function/internal_message.html?_=1618714044741&CODE_STATE=getMsg HTTP/1.1" 200 27
116.238.141.202 - - [18/Apr/2021:10:47:28 +0800] "GET /xingrg/all/function/internal_message.html?_=1618714323418&CODE_STATE=getMsg HTTP/1.1" 200 27
58.37.228.113 - - [18/Apr/2021:10:47:28 +0800] "GET /xingrg/kc/buy/cgsh_order_operate.html?command=get_materiel&rest_code=00141&code=00101008372&supplier_code=00100007&order_time=2021-04-18 HTTP/1.1" 200 408
58.37.228.113 - - [18/Apr/2021:10:47:31 +0800] "GET /xingrg/all/function/internal_message.html?_=1618714027855&CODE_STATE=getMsg HTTP/1.1" 200 27
222.69.131.239 - - [18/Apr/2021:10:47:32 +0800] "GET /xingrg/all/function/internal_message.html?_=1618714048906&CODE_STATE=getMsg HTTP/1.1" 200 27
180.169.147.146 - - [18/Apr/2021:10:47:32 +0800] "GET /xingrg/all/function/internal_message.html?_=1618714044007&CODE_STATE=getMsg HTTP/1.1" 200 27
61.165.42.208 - - [18/Apr/2021:10:47:34 +0800] "GET /xingrg/kc/buy/cgsh_order_operate.html?command=get_materiel&rest_code=00105&code=00101004061&supplier_code=00100312&order_time=2021-04-18 HTTP/1.1" 200 409
114.88.167.174 - - [18/Apr/2021:10:47:35 +0800] "GET /xingrg/all/function/internal_message.html?_=1618714052242&CODE_STATE=getMsg HTTP/1.1" 200 27
180.97.118.221 - - [18/Apr/2021:10:47:35 +0800] "GET /xingrg/kc/buy/cgsh_order_operate.html?command=get_materiel&rest_code=00141&code=00101008108&supplier_code=00100007&order_time=2021-04-18 HTTP/1.1" 302 -
180.97.118.221 - - [18/Apr/2021:10:47:36 +0800] "GET /xingrg/login.html HTTP/1.1" 200 7641
124.77.71.179 - - [18/Apr/2021:10:47:37 +0800] "GET /xingrg/check_reg.html?_=1618714054777 HTTP/1.1" 200 22
117.185.32.26 - - [18/Apr/2021:10:47:37 +0800] "GET /xingrg/all/function/internal_message.html?_=1618714050980&CODE_STATE=getMsg HTTP/1.1" 200 27
58.37.228.113 - - [18/Apr/2021:10:47:37 +0800] "GET /xingrg/kc/buy/cgsh_order_operate.html?command=get_materiel&rest_code=00141&code=00101008032&supplier_code=00100007&order_time=2021-04-18 HTTP/1.1" 200 408
222.70.217.33 - - [18/Apr/2021:10:47:37 +0800] "GET /xingrg/kc/buy/cgsh_order_operate.html?command=get_materiel&rest_code=00155&code=00101004038&supplier_code=00100347&order_time=2021-04-18 HTTP/1.1" 200 429
101.85.94.178 - - [18/Apr/2021:10:47:38 +0800] "GET /xingrg/all/function/internal_message.html?_=1618713593820&CODE_STATE=getMsg HTTP/1.1" 200 27
124.77.71.179 - - [18/Apr/2021:10:47:39 +0800] "GET /xingrg/all/function/internal_message.html?_=1618714057103&CODE_STATE=getMsg HTTP/1.1" 200 27
114.88.167.174 - - [18/Apr/2021:10:47:39 +0800] "GET /xingrg/kc/buy/cgsh_order_operate.html?command=get_materiel&rest_code=00111&code=00101008131&supplier_code=00100005&order_time=2021-04-18 HTTP/1.1" 200 408
116.230.114.112 - - [18/Apr/2021:10:47:45 +0800] "GET /xingrg/all/function/internal_message.html?_=1618714063802&CODE_STATE=getMsg HTTP/1.1" 302 -
116.230.114.112 - - [18/Apr/2021:10:47:45 +0800] "GET /xingrg/check_reg.html?_=1618714064652 HTTP/1.1" 200 22
222.70.217.33 - - [18/Apr/2021:10:47:46 +0800] "POST /xingrg/kc/buy/cgsh_order_operate.html HTTP/1.1" 200 37
222.70.217.33 - - [18/Apr/2021:10:47:47 +0800] "POST /xingrg/kc/buy/cgsh_order_operate.html HTTP/1.1" 200 5032
58.37.228.113 - - [18/Apr/2021:10:47:47 +0800] "GET /xingrg/kc/buy/cgsh_order_operate.html?command=get_materiel&rest_code=00141&code=00101008323&supplier_code=00100007&order_time=2021-04-18 HTTP/1.1" 200 408
222.70.217.33 - - [18/Apr/2021:10:47:48 +0800] "GET /xingrg/kc/print/load_data.html?order_code=212021041807414&kc_code=cgsh&condition= HTTP/1.1" 200 1583
114.88.167.174 - - [18/Apr/2021:10:47:50 +0800] "GET /xingrg/kc/buy/cgsh_order_operate.html?command=get_materiel&rest_code=00111&code=00101008318&supplier_code=00100005&order_time=2021-04-18 HTTP/1.1" 200 408
61.165.42.208 - - [18/Apr/2021:10:47:50 +0800] "GET /xingrg/kc/buy/cgsh_order_operate.html?command=get_materiel&rest_code=00105&code=00101004079&supplier_code=00100312&order_time=2021-04-18 HTTP/1.1" 200 399
116.230.114.112 - - [18/Apr/2021:10:47:53 +0800] "GET /xingrg/kc/buy/cgsh_order_operate.html?command=get_materiel&rest_code=00146&code=00101009016&supplier_code=00100023&order_time=2021-04-18 HTTP/1.1" 200 412
58.37.228.113 - - [18/Apr/2021:10:47:55 +0800] "GET /xingrg/kc/buy/cgsh_order_operate.html?command=get_materiel&rest_code=00141&code=00101008350&supplier_code=00100007&order_time=2021-04-18 HTTP/1.1" 200 408
180.169.147.146 - - [18/Apr/2021:10:47:56 +0800] "GET /xingrg/all/function/internal_message.html?_=1618713920860&CODE_STATE=getMsg HTTP/1.1" 200 27
117.185.32.26 - - [18/Apr/2021:10:47:56 +0800] "GET /xingrg/all/function/internal_message.html?_=1618714594725&CODE_STATE=getMsg HTTP/1.1" 200 27
61.165.42.208 - - [18/Apr/2021:10:47:59 +0800] "GET /xingrg/kc/buy/cgsh_order_operate.html?command=get_materiel&rest_code=00105&code=00101004050&supplier_code=00100312&order_time=2021-04-18 HTTP/1.1" 200 409
114.88.167.174 - - [18/Apr/2021:10:47:59 +0800] "GET /xingrg/kc/buy/cgsh_order_operate.html?command=get_materiel&rest_code=00111&code=00101008352&supplier_code=00100005&order_time=2021-04-18 HTTP/1.1" 200 412
116.230.114.112 - - [18/Apr/2021:10:48:01 +0800] "GET /xingrg/all/function/internal_message.html?_=1618714080653&CODE_STATE=getMsg HTTP/1.1" 200 27
61.165.42.208 - - [18/Apr/2021:10:48:01 +0800] "GET /xingrg/all/function/internal_message.html?_=1618714079154&CODE_STATE=getMsg HTTP/1.1" 200 27
58.37.228.113 - - [18/Apr/2021:10:48:01 +0800] "GET /xingrg/kc/buy/cgsh_order_operate.html?command=get_materiel&rest_code=00141&code=00101008110&supplier_code=00100007&order_time=2021-04-18 HTTP/1.1" 200 408
222.70.217.33 - - [18/Apr/2021:10:48:01 +0800] "GET /xingrg/all/function/internal_message.html?_=1618714079181&CODE_STATE=getMsg HTTP/1.1" 200 27
114.88.167.174 - - [18/Apr/2021:10:48:03 +0800] "GET /xingrg/all/function/internal_message.html?_=1618714083534&CODE_STATE=getMsg HTTP/1.1" 200 27
58.37.228.113 - - [18/Apr/2021:10:48:03 +0800] "POST /xingrg/kc/buy/cgsh_order_operate.html HTTP/1.1" 200 2065
124.77.71.179 - - [18/Apr/2021:10:48:07 +0800] "POST /xingrg/kc/buy/cgsh_order_operate.html HTTP/1.1" 200 37
114.86.187.76 - - [18/Apr/2021:10:48:08 +0800] "GET /xingrg/all/function/internal_message.html?_=1618714085557&CODE_STATE=getMsg HTTP/1.1" 200 27
58.37.228.113 - - [18/Apr/2021:10:48:08 +0800] "GET /xingrg/kc/buy/cgsh_order_operate.html?command=get_materiel&rest_code=00141&code=00101008095&supplier_code=00100007&order_time=2021-04-18 HTTP/1.1" 200 412
124.77.71.179 - - [18/Apr/2021:10:48:09 +0800] "POST /xingrg/kc/buy/cgsh_order_operate.html HTTP/1.1" 200 2656
124.77.71.179 - - [18/Apr/2021:10:48:10 +0800] "GET /xingrg/kc/print/load_config.html?kc_code=cgsh HTTP/1.1" 200 1845
124.77.71.179 - - [18/Apr/2021:10:48:10 +0800] "GET /xingrg/kc/print/load_data.html?order_code=212021041807415&kc_code=cgsh&condition= HTTP/1.1" 200 672
58.37.228.113 - - [18/Apr/2021:10:48:13 +0800] "GET /xingrg/kc/buy/cgsh_order_operate.html?command=get_materiel&rest_code=00141&code=00101008356&supplier_code=00100007&order_time=2021-04-18 HTTP/1.1" 200 408
114.88.167.174 - - [18/Apr/2021:10:48:14 +0800] "GET /xingrg/kc/buy/cgsh_order_operate.html?command=get_materiel&rest_code=00111&code=00101008098&supplier_code=00100005&order_time=2021-04-18 HTTP/1.1" 200 412
116.224.253.72 - - [18/Apr/2021:10:48:18 +0800] "GET /xingrg/all/function/internal_message.html?_=1618714083516&CODE_STATE=getMsg HTTP/1.1" 200 27
58.37.228.113 - - [18/Apr/2021:10:48:18 +0800] "GET /xingrg/kc/buy/cgsh_order_operate.html?command=get_materiel&rest_code=00141&code=00101008223&supplier_code=00100007&order_time=2021-04-18 HTTP/1.1" 200 412
61.165.42.208 - - [18/Apr/2021:10:48:18 +0800] "GET /xingrg/kc/buy/cgsh_order_operate.html?command=get_materiel&rest_code=00105&code=00101004030&supplier_code=00100312&order_time=2021-04-18 HTTP/1.1" 200 408
116.224.253.72 - - [18/Apr/2021:10:48:19 +0800] "GET /xingrg/all/function/internal_message.html?_=1618714096773&CODE_STATE=getMsg HTTP/1.1" 200 27
114.88.167.174 - - [18/Apr/2021:10:48:20 +0800] "POST /xingrg/kc/buy/cgsh_order_operate.html HTTP/1.1" 200 2065
58.37.228.113 - - [18/Apr/2021:10:48:24 +0800] "GET /xingrg/kc/buy/cgsh_order_operate.html?command=get_materiel&rest_code=00141&code=00101008286&supplier_code=00100007&order_time=2021-04-18 HTTP/1.1" 200 408
58.37.228.113 - - [18/Apr/2021:10:48:26 +0800] "GET /xingrg/all/function/internal_message.html?_=1618714104801&CODE_STATE=getMsg HTTP/1.1" 200 27
114.88.167.174 - - [18/Apr/2021:10:48:26 +0800] "GET /xingrg/kc/buy/cgsh_order_operate.html?command=get_materiel&rest_code=00111&code=00101008271&supplier_code=00100005&order_time=2021-04-18 HTTP/1.1" 200 410
61.165.42.208 - - [18/Apr/2021:10:48:28 +0800] "GET /xingrg/kc/buy/cgsh_order_operate.html?command=get_materiel&rest_code=00105&code=00101004013&supplier_code=00100312&order_time=2021-04-18 HTTP/1.1" 200 415
58.37.228.113 - - [18/Apr/2021:10:48:30 +0800] "GET /xingrg/kc/buy/cgsh_order_operate.html?command=get_materiel&rest_code=00141&code=00101008353&supplier_code=00100007&order_time=2021-04-18 HTTP/1.1" 200 408
58.37.228.113 - - [18/Apr/2021:10:48:31 +0800] "GET /xingrg/all/function/internal_message.html?_=1618714087855&CODE_STATE=getMsg HTTP/1.1" 200 27
222.69.131.239 - - [18/Apr/2021:10:48:31 +0800] "GET /xingrg/check_reg.html?_=1618714108672 HTTP/1.1" 200 22
58.37.228.113 - - [18/Apr/2021:10:48:32 +0800] "POST /xingrg/kc/buy/cgsh_order_operate.html HTTP/1.1" 200 2065
222.69.131.239 - - [18/Apr/2021:10:48:32 +0800] "GET /xingrg/all/function/internal_message.html?_=1618714108879&CODE_STATE=getMsg HTTP/1.1" 200 27
180.169.147.146 - - [18/Apr/2021:10:48:32 +0800] "GET /xingrg/all/function/internal_message.html?_=1618714103984&CODE_STATE=getMsg HTTP/1.1" 200 27
114.88.167.174 - - [18/Apr/2021:10:48:35 +0800] "GET /xingrg/all/function/internal_message.html?_=1618714112262&CODE_STATE=getMsg HTTP/1.1" 200 27
58.40.7.146 - - [18/Apr/2021:10:48:35 +0800] "POST /xingrg/services/DataTransmitService HTTP/1.1" 200 524
61.165.42.208 - - [18/Apr/2021:10:48:35 +0800] "GET /xingrg/kc/buy/cgsh_order_operate.html?command=get_materiel&rest_code=00105&code=00101004020&supplier_code=00100312&order_time=2021-04-18 HTTP/1.1" 200 409
58.37.228.113 - - [18/Apr/2021:10:48:36 +0800] "GET /xingrg/kc/buy/cgsh_order_operate.html?command=get_materiel&rest_code=00141&code=00101008236&supplier_code=00100007&order_time=2021-04-18 HTTP/1.1" 200 416
117.185.32.26 - - [18/Apr/2021:10:48:37 +0800] "GET /xingrg/all/function/internal_message.html?_=1618714110962&CODE_STATE=getMsg HTTP/1.1" 200 27
124.77.71.179 - - [18/Apr/2021:10:48:37 +0800] "GET /xingrg/kc/buy/cgsh_order_add.html HTTP/1.1" 200 62236
124.77.71.179 - - [18/Apr/2021:10:48:37 +0800] "GET /xingrg/words/20210418091631_words.js HTTP/1.1" 304 -
124.77.71.179 - - [18/Apr/2021:10:48:38 +0800] "GET /xingrg/javascript/easyui/themes/default/validatebox.css HTTP/1.1" 404 1104
124.77.71.179 - - [18/Apr/2021:10:48:38 +0800] "POST /xingrg/kc/buy/cgsh_order_operate.html HTTP/1.1" 200 8245
101.85.94.178 - - [18/Apr/2021:10:48:38 +0800] "GET /xingrg/all/function/internal_message.html?_=1618713653805&CODE_STATE=getMsg HTTP/1.1" 200 27
124.77.71.179 - - [18/Apr/2021:10:48:39 +0800] "GET /xingrg/all/function/internal_message.html?_=1618714117092&CODE_STATE=getMsg HTTP/1.1" 200 27
114.88.167.174 - - [18/Apr/2021:10:48:42 +0800] "GET /xingrg/check_reg.html?_=1618714123019 HTTP/1.1" 200 22
116.230.114.112 - - [18/Apr/2021:10:48:43 +0800] "GET /xingrg/kc/buy/cgsh_order_operate.html?command=get_materiel&rest_code=00146&code=00101009057&supplier_code=00100023&order_time=2021-04-18 HTTP/1.1" 200 408
58.37.228.113 - - [18/Apr/2021:10:48:43 +0800] "GET /xingrg/kc/buy/cgsh_order_operate.html?command=get_materiel&rest_code=00141&code=00101008114&supplier_code=00100007&order_time=2021-04-18 HTTP/1.1" 200 412
116.230.114.112 - - [18/Apr/2021:10:48:45 +0800] "GET /xingrg/all/function/internal_message.html?_=1618714123807&CODE_STATE=getMsg HTTP/1.1" 302 -
101.91.62.89 - - [18/Apr/2021:10:48:45 +0800] "GET /xingrg/kc/buy/cgsh_order_operate.html?command=get_materiel&rest_code=00141&code=00101008323&supplier_code=00100007&order_time=2021-04-18 HTTP/1.1" 302 -
101.91.62.89 - - [18/Apr/2021:10:48:46 +0800] "GET /xingrg/login.html HTTP/1.1" 200 7641
114.88.167.174 - - [18/Apr/2021:10:48:48 +0800] "GET /xingrg/kc/buy/cgsh_order_operate.html?command=get_materiel&rest_code=00111&code=00101008101&supplier_code=00100005&order_time=2021-04-18 HTTP/1.1" 200 412
58.37.228.113 - - [18/Apr/2021:10:48:49 +0800] "GET /xingrg/kc/buy/cgsh_order_operate.html?command=get_materiel&rest_code=00141&code=00101015066&supplier_code=00100007&order_time=2021-04-18 HTTP/1.1" 200 413
124.77.71.179 - - [18/Apr/2021:10:48:52 +0800] "GET /xingrg/javascript/easyui/themes/default/tree.css HTTP/1.1" 404 1090
124.77.71.179 - - [18/Apr/2021:10:48:52 +0800] "POST /xingrg/all/common/load_tree.html?tree=supplier_tree_json&isDelete=1 HTTP/1.1" 200 54827
58.37.228.113 - - [18/Apr/2021:10:48:54 +0800] "GET /xingrg/kc/buy/cgsh_order_operate.html?command=get_materiel&rest_code=00141&code=00101009016&supplier_code=00100007&order_time=2021-04-18 HTTP/1.1" 200 412
180.169.147.146 - - [18/Apr/2021:10:48:56 +0800] "GET /xingrg/all/function/internal_message.html?_=1618713980863&CODE_STATE=getMsg HTTP/1.1" 200 27
61.165.42.208 - - [18/Apr/2021:10:48:56 +0800] "GET /xingrg/kc/buy/cgsh_order_operate.html?command=get_materiel&rest_code=00105&code=00101001096&supplier_code=00100312&order_time=2021-04-18 HTTP/1.1" 200 413
117.185.32.26 - - [18/Apr/2021:10:48:56 +0800] "GET /xingrg/all/function/internal_message.html?_=1618714654715&CODE_STATE=getMsg HTTP/1.1" 200 27
58.37.228.113 - - [18/Apr/2021:10:49:00 +0800] "GET /xingrg/kc/buy/cgsh_order_operate.html?command=get_materiel&rest_code=00141&code=00101009013&supplier_code=00100007&order_time=2021-04-18 HTTP/1.1" 200 422
114.88.167.174 - - [18/Apr/2021:10:49:01 +0800] "GET /xingrg/kc/buy/cgsh_order_operate.html?command=get_materiel&rest_code=00111&code=00101008233&supplier_code=00100005&order_time=2021-04-18 HTTP/1.1" 200 408
116.230.114.112 - - [18/Apr/2021:10:49:01 +0800] "GET /xingrg/all/function/internal_message.html?_=1618714140666&CODE_STATE=getMsg HTTP/1.1" 200 27
61.165.42.208 - - [18/Apr/2021:10:49:01 +0800] "GET /xingrg/all/function/internal_message.html?_=1618714139131&CODE_STATE=getMsg HTTP/1.1" 200 27
222.70.217.33 - - [18/Apr/2021:10:49:01 +0800] "GET /xingrg/all/function/internal_message.html?_=1618714139165&CODE_STATE=getMsg HTTP/1.1" 200 27
114.88.167.174 - - [18/Apr/2021:10:49:03 +0800] "GET /xingrg/all/function/internal_message.html?_=1618714143503&CODE_STATE=getMsg HTTP/1.1" 200 27
58.37.228.113 - - [18/Apr/2021:10:49:03 +0800] "POST /xingrg/kc/buy/cgsh_order_operate.html HTTP/1.1" 200 2065
114.86.187.76 - - [18/Apr/2021:10:49:05 +0800] "GET /xingrg/check_reg.html?_=1618714142847 HTTP/1.1" 200 22
61.151.178.166 - - [18/Apr/2021:10:49:06 +0800] "GET /xingrg/kc/buy/cgsh_order_operate.html?command=get_materiel&rest_code=00141&code=00101008095&supplier_code=00100007&order_time=2021-04-18 HTTP/1.1" 302 -
61.151.178.166 - - [18/Apr/2021:10:49:07 +0800] "GET /xingrg/login.html HTTP/1.1" 200 7641
58.37.228.113 - - [18/Apr/2021:10:49:07 +0800] "GET /xingrg/kc/buy/cgsh_order_operate.html?command=get_materiel&rest_code=00141&code=00101015044&supplier_code=00100007&order_time=2021-04-18 HTTP/1.1" 200 409
114.86.187.76 - - [18/Apr/2021:10:49:08 +0800] "GET /xingrg/all/function/internal_message.html?_=1618714145570&CODE_STATE=getMsg HTTP/1.1" 200 27
61.165.42.208 - - [18/Apr/2021:10:49:10 +0800] "GET /xingrg/kc/buy/cgsh_order_operate.html?command=get_materiel&rest_code=00105&code=00101001033&supplier_code=00100312&order_time=2021-04-18 HTTP/1.1" 200 419
58.37.228.113 - - [18/Apr/2021:10:49:12 +0800] "GET /xingrg/kc/buy/cgsh_order_operate.html?command=get_materiel&rest_code=00141&code=00101009056&supplier_code=00100007&order_time=2021-04-18 HTTP/1.1" 200 413
116.224.253.72 - - [18/Apr/2021:10:49:18 +0800] "GET /xingrg/all/function/internal_message.html?_=1618714143557&CODE_STATE=getMsg HTTP/1.1" 200 27
116.224.253.72 - - [18/Apr/2021:10:49:19 +0800] "GET /xingrg/all/function/internal_message.html?_=1618714156768&CODE_STATE=getMsg HTTP/1.1" 200 27
58.37.228.113 - - [18/Apr/2021:10:49:20 +0800] "GET /xingrg/kc/buy/cgsh_order_operate.html?command=get_materiel&rest_code=00141&code=00101029016&supplier_code=00100007&order_time=2021-04-18 HTTP/1.1" 200 454
61.165.42.208 - - [18/Apr/2021:10:49:23 +0800] "GET /xingrg/kc/buy/cgsh_order_operate.html?command=get_materiel&rest_code=00105&code=00101005017&supplier_code=00100312&order_time=2021-04-18 HTTP/1.1" 200 409
124.77.71.179 - - [18/Apr/2021:10:49:26 +0800] "GET /xingrg/kc/buy/cgsh_order_operate.html?command=get_materiel&rest_code=00107&code=00101005037&supplier_code=00100041&order_time=2021-04-18 HTTP/1.1" 200 409
58.37.228.113 - - [18/Apr/2021:10:49:26 +0800] "GET /xingrg/all/function/internal_message.html?_=1618714164744&CODE_STATE=getMsg HTTP/1.1" 200 27
58.37.228.113 - - [18/Apr/2021:10:49:26 +0800] "GET /xingrg/check_reg.html?_=1618714164746 HTTP/1.1" 200 22
180.169.147.146 - - [18/Apr/2021:10:49:28 +0800] "GET /xingrg/check_reg.html?_=1618714159710 HTTP/1.1" 200 22
58.37.228.113 - - [18/Apr/2021:10:49:29 +0800] "GET /xingrg/kc/buy/cgsh_order_operate.html?command=get_materiel&rest_code=00141&code=00101019283&supplier_code=00100007&order_time=2021-04-18 HTTP/1.1" 200 449
58.37.228.113 - - [18/Apr/2021:10:49:31 +0800] "GET /xingrg/all/function/internal_message.html?_=1618714147859&CODE_STATE=getMsg HTTP/1.1" 200 27
222.69.131.239 - - [18/Apr/2021:10:49:32 +0800] "GET /xingrg/all/function/internal_message.html?_=1618714168851&CODE_STATE=getMsg HTTP/1.1" 200 27
180.169.147.146 - - [18/Apr/2021:10:49:32 +0800] "GET /xingrg/all/function/internal_message.html?_=1618714163964&CODE_STATE=getMsg HTTP/1.1" 200 27
101.89.29.92 - - [18/Apr/2021:10:49:32 +0800] "GET /xingrg/all/function/internal_message.html?_=1618714087855&CODE_STATE=getMsg HTTP/1.1" 302 -
116.230.114.112 - - [18/Apr/2021:10:49:33 +0800] "POST /xingrg/kc/buy/cgsh_order_operate.html HTTP/1.1" 200 37
101.89.29.92 - - [18/Apr/2021:10:49:33 +0800] "GET /xingrg/login.html HTTP/1.1" 200 7641
114.88.167.174 - - [18/Apr/2021:10:49:35 +0800] "GET /xingrg/all/function/internal_message.html?_=1618714172301&CODE_STATE=getMsg HTTP/1.1" 200 27
116.230.114.112 - - [18/Apr/2021:10:49:36 +0800] "POST /xingrg/kc/buy/cgsh_order_operate.html HTTP/1.1" 200 6198
117.185.32.26 - - [18/Apr/2021:10:49:37 +0800] "GET /xingrg/all/function/internal_message.html?_=1618714170942&CODE_STATE=getMsg HTTP/1.1" 200 27
114.88.167.174 - - [18/Apr/2021:10:49:37 +0800] "GET /xingrg/kc/buy/cgsh_order_operate.html?command=get_materiel&rest_code=00111&code=00101008242&supplier_code=00100005&order_time=2021-04-18 HTTP/1.1" 200 408
101.85.94.178 - - [18/Apr/2021:10:49:38 +0800] "GET /xingrg/all/function/internal_message.html?_=1618713713832&CODE_STATE=getMsg HTTP/1.1" 200 27
101.85.94.178 - - [18/Apr/2021:10:49:38 +0800] "GET /xingrg/check_reg.html?_=1618713713834 HTTP/1.1" 200 22
124.77.71.179 - - [18/Apr/2021:10:49:39 +0800] "GET /xingrg/all/function/internal_message.html?_=1618714177065&CODE_STATE=getMsg HTTP/1.1" 200 27
116.230.114.112 - - [18/Apr/2021:10:49:39 +0800] "GET /xingrg/kc/print/load_data.html?order_code=212021041807416&kc_code=cgsh&condition= HTTP/1.1" 200 2027
117.185.32.26 - - [18/Apr/2021:10:49:40 +0800] "GET /xingrg/check_reg.html?_=1618714174530 HTTP/1.1" 200 22
120.253.135.82 - - [18/Apr/2021:10:49:43 +0800] "POST /xingrg/kc/pszx/mdps_order_operate.html HTTP/1.1" 200 37
114.88.167.174 - - [18/Apr/2021:10:49:43 +0800] "POST /xingrg/kc/buy/cgsh_order_operate.html HTTP/1.1" 200 2065
58.37.228.113 - - [18/Apr/2021:10:49:44 +0800] "GET /xingrg/kc/buy/cgsh_order_operate.html?command=get_materiel&rest_code=00141&code=00101008277&supplier_code=00100007&order_time=2021-04-18 HTTP/1.1" 200 412
120.253.135.82 - - [18/Apr/2021:10:49:44 +0800] "POST /xingrg/kc/pszx/mdps_order_operate.html HTTP/1.1" 200 12
116.230.114.112 - - [18/Apr/2021:10:49:45 +0800] "GET /xingrg/all/function/internal_message.html?_=1618714183831&CODE_STATE=getMsg HTTP/1.1" 302 -
120.253.135.82 - - [18/Apr/2021:10:49:45 +0800] "GET /xingrg/kc/pszx/mdps_order_info.html?code=312021041800521 HTTP/1.1" 200 19591
120.253.135.82 - - [18/Apr/2021:10:49:46 +0800] "POST /xingrg/kc/pszx/mdps_order_operate.html HTTP/1.1" 200 509
120.253.135.82 - - [18/Apr/2021:10:49:46 +0800] "GET /xingrg/javascript/easyui/themes/default/validatebox.css HTTP/1.1" 404 1104
58.37.228.113 - - [18/Apr/2021:10:49:46 +0800] "POST /xingrg/kc/buy/cgsh_order_operate.html HTTP/1.1" 200 2065
120.253.135.82 - - [18/Apr/2021:10:49:48 +0800] "POST /xingrg/kc/pszx/mdps_list_operate.html HTTP/1.1" 200 2060
114.88.167.174 - - [18/Apr/2021:10:49:50 +0800] "GET /xingrg/kc/buy/cgsh_order_operate.html?command=get_materiel&rest_code=00111&code=00101008089&supplier_code=00100005&order_time=2021-04-18 HTTP/1.1" 200 408
61.165.42.208 - - [18/Apr/2021:10:49:52 +0800] "POST /xingrg/kc/buy/cgsh_order_operate.html HTTP/1.1" 200 37
58.37.228.113 - - [18/Apr/2021:10:49:53 +0800] "GET /xingrg/kc/buy/cgsh_order_operate.html?command=get_materiel&rest_code=00141&code=00101008286&supplier_code=00100007&order_time=2021-04-18 HTTP/1.1" 200 408
180.169.147.146 - - [18/Apr/2021:10:49:56 +0800] "GET /xingrg/all/function/internal_message.html?_=1618714040857&CODE_STATE=getMsg HTTP/1.1" 200 27
117.185.32.26 - - [18/Apr/2021:10:49:56 +0800] "GET /xingrg/check_reg.html?_=1618714714559 HTTP/1.1" 200 22
117.185.32.26 - - [18/Apr/2021:10:49:56 +0800] "GET /xingrg/all/function/internal_message.html?_=1618714714719&CODE_STATE=getMsg HTTP/1.1" 200 27
114.88.167.174 - - [18/Apr/2021:10:49:58 +0800] "GET /xingrg/kc/buy/cgsh_order_operate.html?command=get_materiel&rest_code=00111&code=00101008027&supplier_code=00100005&order_time=2021-04-18 HTTP/1.1" 200 409
61.165.42.208 - - [18/Apr/2021:10:49:58 +0800] "POST /xingrg/kc/buy/cgsh_order_operate.html HTTP/1.1" 200 8000
61.165.42.208 - - [18/Apr/2021:10:49:59 +0800] "GET /xingrg/kc/print/load_data.html?order_code=212021041807417&kc_code=cgsh&condition= HTTP/1.1" 200 2717
58.37.228.113 - - [18/Apr/2021:10:50:00 +0800] "GET /xingrg/kc/buy/cgsh_order_operate.html?command=get_materiel&rest_code=00141&code=00101008036&supplier_code=00100007&order_time=2021-04-18 HTTP/1.1" 200 408
61.165.42.208 - - [18/Apr/2021:10:50:01 +0800] "GET /xingrg/all/function/internal_message.html?_=1618714199113&CODE_STATE=getMsg HTTP/1.1" 200 27
222.70.217.33 - - [18/Apr/2021:10:50:01 +0800] "GET /xingrg/all/function/internal_message.html?_=1618714199139&CODE_STATE=getMsg HTTP/1.1" 200 27
222.70.217.33 - - [18/Apr/2021:10:50:01 +0800] "GET /xingrg/check_reg.html?_=1618714199197 HTTP/1.1" 200 22
61.165.42.208 - - [18/Apr/2021:10:50:02 +0800] "GET /xingrg/check_reg.html?_=1618714199376 HTTP/1.1" 200 22
116.230.114.112 - - [18/Apr/2021:10:50:02 +0800] "GET /xingrg/all/function/internal_message.html?_=1618714201011&CODE_STATE=getMsg HTTP/1.1" 200 27
114.88.167.174 - - [18/Apr/2021:10:50:03 +0800] "GET /xingrg/all/function/internal_message.html?_=1618714203487&CODE_STATE=getMsg HTTP/1.1" 200 27
58.37.228.113 - - [18/Apr/2021:10:50:07 +0800] "GET /xingrg/kc/buy/cgsh_order_operate.html?command=get_materiel&rest_code=00141&code=00101008350&supplier_code=00100007&order_time=2021-04-18 HTTP/1.1" 200 408
61.165.42.208 - - [18/Apr/2021:10:50:07 +0800] "GET /xingrg/kc/buy/cgsh_order_add.html HTTP/1.1" 200 62195
61.165.42.208 - - [18/Apr/2021:10:50:07 +0800] "GET /xingrg/javascript/easyui/themes/default/validatebox.css HTTP/1.1" 404 1104
61.165.42.208 - - [18/Apr/2021:10:50:07 +0800] "POST /xingrg/kc/buy/cgsh_order_operate.html HTTP/1.1" 200 8245
114.86.187.76 - - [18/Apr/2021:10:50:08 +0800] "GET /xingrg/all/function/internal_message.html?_=1618714205585&CODE_STATE=getMsg HTTP/1.1" 200 27
124.77.71.179 - - [18/Apr/2021:10:50:13 +0800] "GET /xingrg/kc/buy/cgsh_order_operate.html?command=get_materiel&rest_code=00107&code=00101010161&supplier_code=00100041&order_time=2021-04-18 HTTP/1.1" 200 409
58.37.228.113 - - [18/Apr/2021:10:50:17 +0800] "GET /xingrg/kc/buy/cgsh_order_operate.html?command=get_materiel&rest_code=00141&code=00101008356&supplier_code=00100007&order_time=2021-04-18 HTTP/1.1" 200 408
114.88.167.174 - - [18/Apr/2021:10:50:17 +0800] "GET /xingrg/check_reg.html?_=1618714214750 HTTP/1.1" 200 22
116.224.253.72 - - [18/Apr/2021:10:50:18 +0800] "GET /xingrg/all/function/internal_message.html?_=1618714203574&CODE_STATE=getMsg HTTP/1.1" 200 27
116.224.253.72 - - [18/Apr/2021:10:50:19 +0800] "GET /xingrg/all/function/internal_message.html?_=1618714216809&CODE_STATE=getMsg HTTP/1.1" 200 27
61.165.42.208 - - [18/Apr/2021:10:50:19 +0800] "GET /xingrg/kc/buy/cgsh_order_operate.html?command=get_materiel&rest_code=00105&code=00101006001&supplier_code=00100404&order_time=2021-04-18 HTTP/1.1" 200 428
61.129.6.225 - - [18/Apr/2021:10:50:20 +0800] "GET /xingrg/kc/buy/cgsh_order_operate.html?command=get_materiel&rest_code=00141&code=00101029016&supplier_code=00100007&order_time=2021-04-18 HTTP/1.1" 302 -
61.129.6.225 - - [18/Apr/2021:10:50:21 +0800] "GET /xingrg/login.html HTTP/1.1" 200 7641
116.230.114.112 - - [18/Apr/2021:10:50:24 +0800] "GET /xingrg/kc/buy/cgsh_order_add.html HTTP/1.1" 200 62154
58.37.228.113 - - [18/Apr/2021:10:50:24 +0800] "GET /xingrg/kc/buy/cgsh_order_operate.html?command=get_materiel&rest_code=00141&code=00101008351&supplier_code=00100007&order_time=2021-04-18 HTTP/1.1" 200 408
116.230.114.112 - - [18/Apr/2021:10:50:25 +0800] "POST /xingrg/kc/buy/cgsh_order_operate.html HTTP/1.1" 200 8245
116.230.114.112 - - [18/Apr/2021:10:50:25 +0800] "GET /xingrg/javascript/easyui/themes/default/validatebox.css HTTP/1.1" 404 1104
58.37.228.113 - - [18/Apr/2021:10:50:26 +0800] "GET /xingrg/all/function/internal_message.html?_=1618714224742&CODE_STATE=getMsg HTTP/1.1" 200 27
120.253.135.82 - - [18/Apr/2021:10:50:26 +0800] "GET /xingrg/kc/report/report_main.html HTTP/1.1" 200 9370
58.37.228.113 - - [18/Apr/2021:10:50:27 +0800] "POST /xingrg/kc/buy/cgsh_order_operate.html HTTP/1.1" 200 2065
120.253.135.82 - - [18/Apr/2021:10:50:27 +0800] "GET /xingrg/kc/base/kc_stocks.html HTTP/1.1" 200 16380
120.253.135.82 - - [18/Apr/2021:10:50:27 +0800] "GET /xingrg/javascript/easyui/themes/default/tree.css HTTP/1.1" 404 1090
120.253.135.82 - - [18/Apr/2021:10:50:27 +0800] "POST /xingrg/all/common/load_tree.html?tree=materiel_sort_tree_json HTTP/1.1" 200 8666
61.151.207.205 - - [18/Apr/2021:10:50:27 +0800] "GET /xingrg/kc/buy/cgsh_order_operate.html?command=get_materiel&rest_code=00141&code=00101019283&supplier_code=00100007&order_time=2021-04-18 HTTP/1.1" 302 -
61.151.207.205 - - [18/Apr/2021:10:50:28 +0800] "GET /xingrg/login.html HTTP/1.1" 200 7641
120.253.135.82 - - [18/Apr/2021:10:50:29 +0800] "POST /xingrg/all/common/load_combo.html?type=base HTTP/1.1" 200 1075
58.37.228.113 - - [18/Apr/2021:10:50:31 +0800] "GET /xingrg/check_reg.html?_=1618714207847 HTTP/1.1" 200 22
58.37.228.113 - - [18/Apr/2021:10:50:31 +0800] "GET /xingrg/all/function/internal_message.html?_=1618714207848&CODE_STATE=getMsg HTTP/1.1" 200 27
58.37.228.113 - - [18/Apr/2021:10:50:31 +0800] "GET /xingrg/kc/buy/cgsh_order_operate.html?command=get_materiel&rest_code=00141&code=00101008003&supplier_code=00100007&order_time=2021-04-18 HTTP/1.1" 200 408
114.88.167.174 - - [18/Apr/2021:10:50:31 +0800] "GET /xingrg/kc/buy/cgsh_order_operate.html?command=get_materiel&rest_code=00111&code=00101008296&supplier_code=00100005&order_time=2021-04-18 HTTP/1.1" 200 416
222.69.131.239 - - [18/Apr/2021:10:50:32 +0800] "GET /xingrg/all/function/internal_message.html?_=1618714228836&CODE_STATE=getMsg HTTP/1.1" 200 27
180.169.147.146 - - [18/Apr/2021:10:50:32 +0800] "GET /xingrg/all/function/internal_message.html?_=1618714223962&CODE_STATE=getMsg HTTP/1.1" 200 27
114.88.167.174 - - [18/Apr/2021:10:50:35 +0800] "GET /xingrg/all/function/internal_message.html?_=1618714232312&CODE_STATE=getMsg HTTP/1.1" 200 27
61.165.42.208 - - [18/Apr/2021:10:50:35 +0800] "POST /xingrg/kc/buy/cgsh_order_operate.html HTTP/1.1" 200 37
116.230.114.112 - - [18/Apr/2021:10:50:36 +0800] "GET /xingrg/kc/buy/cgsh_order_operate.html?command=get_materiel&rest_code=00146&code=00101001111&supplier_code=00100041&order_time=2021-04-18 HTTP/1.1" 200 409
114.88.167.174 - - [18/Apr/2021:10:50:36 +0800] "POST /xingrg/kc/buy/cgsh_order_operate.html HTTP/1.1" 200 2065
61.165.42.208 - - [18/Apr/2021:10:50:37 +0800] "POST /xingrg/kc/buy/cgsh_order_operate.html HTTP/1.1" 200 2674
117.185.32.26 - - [18/Apr/2021:10:50:37 +0800] "GET /xingrg/all/function/internal_message.html?_=1618714230916&CODE_STATE=getMsg HTTP/1.1" 200 27
61.165.42.208 - - [18/Apr/2021:10:50:37 +0800] "GET /xingrg/kc/print/load_data.html?order_code=212021041807418&kc_code=cgsh&condition= HTTP/1.1" 200 703
101.85.94.178 - - [18/Apr/2021:10:50:38 +0800] "GET /xingrg/all/function/internal_message.html?_=1618713773832&CODE_STATE=getMsg HTTP/1.1" 200 27
58.37.228.113 - - [18/Apr/2021:10:50:39 +0800] "GET /xingrg/kc/buy/cgsh_order_operate.html?command=get_materiel&rest_code=00141&code=00101008331&supplier_code=00100007&order_time=2021-04-18 HTTP/1.1" 200 416
124.77.71.179 - - [18/Apr/2021:10:50:39 +0800] "GET /xingrg/all/function/internal_message.html?_=1618714237045&CODE_STATE=getMsg HTTP/1.1" 200 27
120.204.17.68 - - [18/Apr/2021:10:50:40 +0800] "GET /xingrg/check_reg.html?_=1618714174530 HTTP/1.1" 302 -
101.89.239.232 - - [18/Apr/2021:10:50:41 +0800] "GET /xingrg/all/function/internal_message.html?_=1618714147859&CODE_STATE=getMsg HTTP/1.1" 302 -
120.204.17.68 - - [18/Apr/2021:10:50:41 +0800] "GET /xingrg/login.html HTTP/1.1" 200 7641
101.89.239.232 - - [18/Apr/2021:10:50:42 +0800] "GET /xingrg/login.html HTTP/1.1" 200 7641
116.230.114.112 - - [18/Apr/2021:10:50:45 +0800] "GET /xingrg/all/function/internal_message.html?_=1618714243834&CODE_STATE=getMsg HTTP/1.1" 302 -
58.37.228.113 - - [18/Apr/2021:10:50:47 +0800] "GET /xingrg/kc/buy/cgsh_order_operate.html?command=get_materiel&rest_code=00141&code=00101008072&supplier_code=00100007&order_time=2021-04-18 HTTP/1.1" 200 408
61.165.42.208 - - [18/Apr/2021:10:50:48 +0800] "GET /xingrg/kc/buy/cgsh_order_add.html HTTP/1.1" 200 62195
61.165.42.208 - - [18/Apr/2021:10:50:48 +0800] "POST /xingrg/kc/buy/cgsh_order_operate.html HTTP/1.1" 200 8245
61.165.42.208 - - [18/Apr/2021:10:50:48 +0800] "GET /xingrg/javascript/easyui/themes/default/validatebox.css HTTP/1.1" 404 1104
58.37.228.113 - - [18/Apr/2021:10:50:53 +0800] "GET /xingrg/kc/buy/cgsh_order_operate.html?command=get_materiel&rest_code=00141&code=00101008320&supplier_code=00100007&order_time=2021-04-18 HTTP/1.1" 200 412
180.169.147.146 - - [18/Apr/2021:10:50:56 +0800] "GET /xingrg/all/function/internal_message.html?_=1618714100860&CODE_STATE=getMsg HTTP/1.1" 200 27
117.185.32.26 - - [18/Apr/2021:10:50:56 +0800] "GET /xingrg/all/function/internal_message.html?_=1618714774704&CODE_STATE=getMsg HTTP/1.1" 200 27
61.165.42.208 - - [18/Apr/2021:10:50:59 +0800] "GET /xingrg/kc/buy/cgsh_order_operate.html?command=get_materiel&rest_code=00105&code=00101008061&supplier_code=00100339&order_time=2021-04-18 HTTP/1.1" 200 423
58.37.228.113 - - [18/Apr/2021:10:50:59 +0800] "GET /xingrg/kc/buy/cgsh_order_operate.html?command=get_materiel&rest_code=00141&code=00101008261&supplier_code=00100007&order_time=2021-04-18 HTTP/1.1" 200 408
61.165.42.208 - - [18/Apr/2021:10:51:01 +0800] "GET /xingrg/all/function/internal_message.html?_=1618714259095&CODE_STATE=getMsg HTTP/1.1" 200 27
58.37.228.113 - - [18/Apr/2021:10:51:01 +0800] "POST /xingrg/kc/buy/cgsh_order_operate.html HTTP/1.1" 200 2065
222.70.217.33 - - [18/Apr/2021:10:51:01 +0800] "GET /xingrg/all/function/internal_message.html?_=1618714259119&CODE_STATE=getMsg HTTP/1.1" 200 27
116.230.114.112 - - [18/Apr/2021:10:51:02 +0800] "GET /xingrg/all/function/internal_message.html?_=1618714261021&CODE_STATE=getMsg HTTP/1.1" 200 27
114.88.167.174 - - [18/Apr/2021:10:51:03 +0800] "GET /xingrg/all/function/internal_message.html?_=1618714263472&CODE_STATE=getMsg HTTP/1.1" 200 27
61.165.42.208 - - [18/Apr/2021:10:51:06 +0800] "POST /xingrg/kc/buy/cgsh_order_operate.html HTTP/1.1" 200 37
114.86.187.76 - - [18/Apr/2021:10:51:08 +0800] "GET /xingrg/all/function/internal_message.html?_=1618714265598&CODE_STATE=getMsg HTTP/1.1" 200 27
61.165.42.208 - - [18/Apr/2021:10:51:13 +0800] "POST /xingrg/kc/buy/cgsh_order_operate.html HTTP/1.1" 200 2666
120.253.135.82 - - [18/Apr/2021:10:51:14 +0800] "POST /xingrg/kc/base/stock_operate.html HTTP/1.1" 200 1474
61.165.42.208 - - [18/Apr/2021:10:51:14 +0800] "GET /xingrg/kc/print/load_data.html?order_code=212021041807419&kc_code=cgsh&condition= HTTP/1.1" 200 676
61.165.42.208 - - [18/Apr/2021:10:51:18 +0800] "GET /xingrg/kc/buy/cgsh_order_add.html HTTP/1.1" 200 62195
116.224.253.72 - - [18/Apr/2021:10:51:18 +0800] "GET /xingrg/all/function/internal_message.html?_=1618714263611&CODE_STATE=getMsg HTTP/1.1" 200 27
61.165.42.208 - - [18/Apr/2021:10:51:18 +0800] "GET /xingrg/javascript/easyui/themes/default/validatebox.css HTTP/1.1" 404 1104
61.165.42.208 - - [18/Apr/2021:10:51:18 +0800] "POST /xingrg/kc/buy/cgsh_order_operate.html HTTP/1.1" 200 8245
116.224.253.72 - - [18/Apr/2021:10:51:19 +0800] "GET /xingrg/check_reg.html?_=1618714276792 HTTP/1.1" 200 22
116.224.253.72 - - [18/Apr/2021:10:51:19 +0800] "GET /xingrg/all/function/internal_message.html?_=1618714276814&CODE_STATE=getMsg HTTP/1.1" 200 27
58.37.228.113 - - [18/Apr/2021:10:51:26 +0800] "GET /xingrg/all/function/internal_message.html?_=1618714284744&CODE_STATE=getMsg HTTP/1.1" 200 27
124.77.71.179 - - [18/Apr/2021:10:51:27 +0800] "POST /xingrg/kc/buy/cgsh_order_operate.html HTTP/1.1" 200 75
114.88.167.174 - - [18/Apr/2021:10:51:27 +0800] "GET /xingrg/kc/buy/cgsh_order_operate.html?command=get_materiel&rest_code=00111&code=00101008353&supplier_code=00100005&order_time=2021-04-18 HTTP/1.1" 200 408
116.230.114.112 - - [18/Apr/2021:10:51:28 +0800] "GET /xingrg/check_reg.html?_=1618714287446 HTTP/1.1" 302 -
61.165.42.208 - - [18/Apr/2021:10:51:29 +0800] "GET /xingrg/kc/buy/cgsh_order_operate.html?command=get_materiel&rest_code=00105&code=00101002035&supplier_code=00100088&order_time=2021-04-18 HTTP/1.1" 200 416
101.227.139.161 - - [18/Apr/2021:10:51:29 +0800] "GET /xingrg/all/function/internal_message.html?_=1618714224742&CODE_STATE=getMsg HTTP/1.1" 302 -
101.227.139.161 - - [18/Apr/2021:10:51:31 +0800] "GET /xingrg/login.html HTTP/1.1" 200 7641
58.37.228.113 - - [18/Apr/2021:10:51:31 +0800] "GET /xingrg/all/function/internal_message.html?_=1618714267855&CODE_STATE=getMsg HTTP/1.1" 200 27
222.69.131.239 - - [18/Apr/2021:10:51:32 +0800] "GET /xingrg/all/function/internal_message.html?_=1618714288808&CODE_STATE=getMsg HTTP/1.1" 200 27
180.169.147.146 - - [18/Apr/2021:10:51:32 +0800] "GET /xingrg/all/function/internal_message.html?_=1618714283932&CODE_STATE=getMsg HTTP/1.1" 200 27
114.88.167.174 - - [18/Apr/2021:10:51:35 +0800] "GET /xingrg/all/function/internal_message.html?_=1618714292404&CODE_STATE=getMsg HTTP/1.1" 200 27
114.88.167.174 - - [18/Apr/2021:10:51:36 +0800] "GET /xingrg/kc/buy/cgsh_order_operate.html?command=get_materiel&rest_code=00111&code=00101008213&supplier_code=00100005&order_time=2021-04-18 HTTP/1.1" 200 412
117.185.32.26 - - [18/Apr/2021:10:51:37 +0800] "GET /xingrg/all/function/internal_message.html?_=1618714290897&CODE_STATE=getMsg HTTP/1.1" 200 27
101.85.94.178 - - [18/Apr/2021:10:51:38 +0800] "GET /xingrg/all/function/internal_message.html?_=1618713833830&CODE_STATE=getMsg HTTP/1.1" 200 27
124.77.71.179 - - [18/Apr/2021:10:51:39 +0800] "GET /xingrg/all/function/internal_message.html?_=1618714297021&CODE_STATE=getMsg HTTP/1.1" 200 27
61.129.6.203 - - [18/Apr/2021:10:51:41 +0800] "GET /xingrg/kc/buy/cgsh_order_operate.html?command=get_materiel&rest_code=00141&code=00101008331&supplier_code=00100007&order_time=2021-04-18 HTTP/1.1" 302 -
61.129.6.203 - - [18/Apr/2021:10:51:42 +0800] "GET /xingrg/login.html HTTP/1.1" 200 7641
124.77.71.179 - - [18/Apr/2021:10:51:44 +0800] "POST /xingrg/kc/buy/cgsh_order_operate.html HTTP/1.1" 200 37
116.230.114.112 - - [18/Apr/2021:10:51:45 +0800] "GET /xingrg/all/function/internal_message.html?_=1618714303856&CODE_STATE=getMsg HTTP/1.1" 302 -
61.165.42.208 - - [18/Apr/2021:10:51:45 +0800] "GET /xingrg/kc/buy/cgsh_order_operate.html?command=get_materiel&rest_code=00105&code=00101003041&supplier_code=00100088&order_time=2021-04-18 HTTP/1.1" 200 414
124.77.71.179 - - [18/Apr/2021:10:51:46 +0800] "POST /xingrg/kc/buy/cgsh_order_operate.html HTTP/1.1" 200 3241
124.77.71.179 - - [18/Apr/2021:10:51:47 +0800] "GET /xingrg/kc/print/load_data.html?order_code=212021041807421&kc_code=cgsh&condition= HTTP/1.1" 200 901
114.88.167.174 - - [18/Apr/2021:10:51:54 +0800] "GET /xingrg/kc/buy/cgsh_order_operate.html?command=get_materiel&rest_code=00111&code=00101013032&supplier_code=00100005&order_time=2021-04-18 HTTP/1.1" 200 430
180.169.147.146 - - [18/Apr/2021:10:51:56 +0800] "GET /xingrg/all/function/internal_message.html?_=1618714160890&CODE_STATE=getMsg HTTP/1.1" 200 27
180.169.147.146 - - [18/Apr/2021:10:51:56 +0800] "GET /xingrg/check_reg.html?_=1618714160896 HTTP/1.1" 200 22
117.185.32.26 - - [18/Apr/2021:10:51:56 +0800] "GET /xingrg/all/function/internal_message.html?_=1618714834693&CODE_STATE=getMsg HTTP/1.1" 200 27
61.165.42.208 - - [18/Apr/2021:10:51:57 +0800] "POST /xingrg/kc/buy/cgsh_order_operate.html HTTP/1.1" 200 37
124.77.71.179 - - [18/Apr/2021:10:51:57 +0800] "GET /xingrg/kc/buy/cgsh_order_add.html HTTP/1.1" 200 62236
61.165.42.208 - - [18/Apr/2021:10:51:58 +0800] "POST /xingrg/kc/buy/cgsh_order_operate.html HTTP/1.1" 200 3263
124.77.71.179 - - [18/Apr/2021:10:51:58 +0800] "GET /xingrg/javascript/easyui/themes/default/validatebox.css HTTP/1.1" 404 1104
124.77.71.179 - - [18/Apr/2021:10:51:58 +0800] "POST /xingrg/kc/buy/cgsh_order_operate.html HTTP/1.1" 200 8245
61.165.42.208 - - [18/Apr/2021:10:51:59 +0800] "GET /xingrg/kc/print/load_data.html?order_code=212021041807422&kc_code=cgsh&condition= HTTP/1.1" 200 982
116.224.253.72 - - [18/Apr/2021:10:52:01 +0800] "GET /xingrg/check_reg.html?_=1618714306383 HTTP/1.1" 200 22
61.165.42.208 - - [18/Apr/2021:10:52:01 +0800] "GET /xingrg/all/function/internal_message.html?_=1618714319065&CODE_STATE=getMsg HTTP/1.1" 200 27
222.70.217.33 - - [18/Apr/2021:10:52:01 +0800] "GET /xingrg/all/function/internal_message.html?_=1618714319105&CODE_STATE=getMsg HTTP/1.1" 200 27
116.230.114.112 - - [18/Apr/2021:10:52:02 +0800] "GET /xingrg/all/function/internal_message.html?_=1618714321036&CODE_STATE=getMsg HTTP/1.1" 200 27
120.253.135.82 - - [18/Apr/2021:10:52:02 +0800] "GET /xingrg/check_reg.html?_=1618714098523 HTTP/1.1" 200 22
61.165.42.208 - - [18/Apr/2021:10:52:02 +0800] "GET /xingrg/kc/buy/cgsh_order_add.html HTTP/1.1" 200 62195
114.88.167.174 - - [18/Apr/2021:10:52:03 +0800] "GET /xingrg/all/function/internal_message.html?_=1618714323457&CODE_STATE=getMsg HTTP/1.1" 200 27
61.165.42.208 - - [18/Apr/2021:10:52:03 +0800] "POST /xingrg/kc/buy/cgsh_order_operate.html HTTP/1.1" 200 8245
61.165.42.208 - - [18/Apr/2021:10:52:03 +0800] "GET /xingrg/javascript/easyui/themes/default/validatebox.css HTTP/1.1" 404 1104
116.238.141.202 - - [18/Apr/2021:10:52:04 +0800] "POST /xingrg/kc/buy/cgsh_list_operate.html HTTP/1.1" 200 876
114.86.187.76 - - [18/Apr/2021:10:52:08 +0800] "GET /xingrg/all/function/internal_message.html?_=1618714325839&CODE_STATE=getMsg HTTP/1.1" 200 27
116.238.141.202 - - [18/Apr/2021:10:52:08 +0800] "GET /xingrg/kc/base/wldb_order_list.html HTTP/1.1" 200 19383
116.238.141.202 - - [18/Apr/2021:10:52:08 +0800] "GET /xingrg/javascript/easyui/themes/icons/check_new.png HTTP/1.1" 200 3224
116.238.141.202 - - [18/Apr/2021:10:52:08 +0800] "GET /xingrg/javascript/easyui/themes/icons/field_new.png HTTP/1.1" 200 1097
116.238.141.202 - - [18/Apr/2021:10:52:08 +0800] "GET /xingrg/javascript/easyui/themes/icons/import_new.png HTTP/1.1" 200 1247
116.238.141.202 - - [18/Apr/2021:10:52:09 +0800] "POST /xingrg/kc/base/wldb_list_operate.html HTTP/1.1" 200 928
116.238.141.202 - - [18/Apr/2021:10:52:09 +0800] "GET /xingrg/kc/base/wldb_order_add.html HTTP/1.1" 200 30542
116.230.114.112 - - [18/Apr/2021:10:52:09 +0800] "GET /xingrg/kc/buy/cgsh_order_operate.html?command=get_materiel&rest_code=00146&code=00101010161&supplier_code=00100041&order_time=2021-04-18 HTTP/1.1" 200 409
116.238.141.202 - - [18/Apr/2021:10:52:10 +0800] "POST /xingrg/kc/base/wldb_order_operate.html HTTP/1.1" 200 6806
116.238.141.202 - - [18/Apr/2021:10:52:10 +0800] "GET /xingrg/all/common/auto_word.html?type=base&rest_code=00102 HTTP/1.1" 200 1711
116.238.141.202 - - [18/Apr/2021:10:52:10 +0800] "GET /xingrg/all/common/auto_word.html?type=base&rest_code=00102 HTTP/1.1" 200 1711
116.238.141.202 - - [18/Apr/2021:10:52:10 +0800] "GET /xingrg/javascript/easyui/themes/default/validatebox.css HTTP/1.1" 404 1104
116.238.141.202 - - [18/Apr/2021:10:52:11 +0800] "POST /xingrg/all/common/load_combo.html?type=base HTTP/1.1" 200 3060
61.165.42.208 - - [18/Apr/2021:10:52:13 +0800] "GET /xingrg/kc/buy/cgsh_order_operate.html?command=get_materiel&rest_code=00105&code=00101004011&supplier_code=00100086&order_time=2021-04-18 HTTP/1.1" 200 433
116.224.253.72 - - [18/Apr/2021:10:52:18 +0800] "GET /xingrg/all/function/internal_message.html?_=1618714323616&CODE_STATE=getMsg HTTP/1.1" 200 27
116.224.253.72 - - [18/Apr/2021:10:52:19 +0800] "GET /xingrg/all/function/internal_message.html?_=1618714336798&CODE_STATE=getMsg HTTP/1.1" 200 27
61.165.42.208 - - [18/Apr/2021:10:52:19 +0800] "POST /xingrg/kc/buy/cgsh_order_operate.html HTTP/1.1" 200 37
116.238.141.202 - - [18/Apr/2021:10:52:21 +0800] "POST /xingrg/all/common/load_combo.html?type=base HTTP/1.1" 200 3060
58.37.228.113 - - [18/Apr/2021:10:52:21 +0800] "POST /xingrg/kc/buy/cgsh_order_operate.html HTTP/1.1" 200 37
61.165.42.208 - - [18/Apr/2021:10:52:21 +0800] "POST /xingrg/kc/buy/cgsh_order_operate.html HTTP/1.1" 200 2658
114.88.167.174 - - [18/Apr/2021:10:52:22 +0800] "GET /xingrg/kc/buy/cgsh_order_operate.html?command=get_materiel&rest_code=00111&code=00101008001&supplier_code=00100005&order_time=2021-04-18 HTTP/1.1" 200 432
61.165.42.208 - - [18/Apr/2021:10:52:24 +0800] "GET /xingrg/kc/print/load_data.html?order_code=212021041807423&kc_code=cgsh&condition= HTTP/1.1" 200 734
58.37.228.113 - - [18/Apr/2021:10:52:24 +0800] "POST /xingrg/kc/buy/cgsh_order_operate.html HTTP/1.1" 200 12
58.37.228.113 - - [18/Apr/2021:10:52:25 +0800] "GET /xingrg/kc/buy/cgsh_order_info.html?code=212021041807365 HTTP/1.1" 200 57056
58.37.228.113 - - [18/Apr/2021:10:52:25 +0800] "GET /xingrg/words/20210418091631_words.js HTTP/1.1" 304 -
58.37.228.113 - - [18/Apr/2021:10:52:25 +0800] "GET /xingrg/javascript/easyui/themes/default/validatebox.css HTTP/1.1" 404 1104
116.230.114.112 - - [18/Apr/2021:10:52:25 +0800] "GET /xingrg/kc/buy/cgsh_order_operate.html?command=get_materiel&rest_code=00146&code=00101018019&supplier_code=00100041&order_time=2021-04-18 HTTP/1.1" 200 421
58.37.228.113 - - [18/Apr/2021:10:52:26 +0800] "GET /xingrg/all/function/internal_message.html?_=1618714344745&CODE_STATE=getMsg HTTP/1.1" 200 27
58.37.228.113 - - [18/Apr/2021:10:52:26 +0800] "POST /xingrg/kc/buy/cgsh_order_operate.html HTTP/1.1" 200 47311
114.88.167.174 - - [18/Apr/2021:10:52:26 +0800] "POST /xingrg/kc/buy/cgsh_order_operate.html HTTP/1.1" 200 2065
58.37.228.113 - - [18/Apr/2021:10:52:27 +0800] "GET /xingrg/kc/print/load_config.html?kc_code=cgsh HTTP/1.1" 200 1845
58.37.228.113 - - [18/Apr/2021:10:52:27 +0800] "GET /xingrg/kc/print/load_data.html?order_code=212021041807365&kc_code=cgsh&condition= HTTP/1.1" 200 18385
58.37.228.113 - - [18/Apr/2021:10:52:31 +0800] "GET /xingrg/all/function/internal_message.html?_=1618714327863&CODE_STATE=getMsg HTTP/1.1" 200 27
117.185.32.26 - - [18/Apr/2021:10:52:31 +0800] "GET /xingrg/kc/buy/cgsh_order_add.html HTTP/1.1" 200 62154
222.69.131.239 - - [18/Apr/2021:10:52:32 +0800] "GET /xingrg/all/function/internal_message.html?_=1618714348796&CODE_STATE=getMsg HTTP/1.1" 200 27
117.185.32.26 - - [18/Apr/2021:10:52:32 +0800] "GET /xingrg/javascript/easyui/themes/default/validatebox.css HTTP/1.1" 404 1104
117.185.32.26 - - [18/Apr/2021:10:52:32 +0800] "POST /xingrg/kc/buy/cgsh_order_operate.html HTTP/1.1" 200 8245
180.169.147.146 - - [18/Apr/2021:10:52:32 +0800] "GET /xingrg/all/function/internal_message.html?_=1618714343907&CODE_STATE=getMsg HTTP/1.1" 200 27
61.165.42.208 - - [18/Apr/2021:10:52:32 +0800] "GET /xingrg/kc/buy/cgsh_order_add.html HTTP/1.1" 200 62195
61.165.42.208 - - [18/Apr/2021:10:52:32 +0800] "GET /xingrg/javascript/easyui/themes/default/validatebox.css HTTP/1.1" 404 1104
61.165.42.208 - - [18/Apr/2021:10:52:32 +0800] "POST /xingrg/kc/buy/cgsh_order_operate.html HTTP/1.1" 200 8245
117.185.32.26 - - [18/Apr/2021:10:52:33 +0800] "GET /xingrg/javascript/easyui/themes/default/tree.css HTTP/1.1" 404 1090
117.185.32.26 - - [18/Apr/2021:10:52:33 +0800] "POST /xingrg/all/common/load_tree.html?tree=supplier_tree_json&isDelete=1 HTTP/1.1" 200 54827
116.238.141.202 - - [18/Apr/2021:10:52:35 +0800] "GET /xingrg/kc/base/wldb_order_operate.html?command=get_materiel&rest_code=00102&base_code=0010477&code=00102002500 HTTP/1.1" 200 452
114.88.167.174 - - [18/Apr/2021:10:52:35 +0800] "GET /xingrg/all/function/internal_message.html?_=1618714352537&CODE_STATE=getMsg HTTP/1.1" 200 27
114.88.167.174 - - [18/Apr/2021:10:52:36 +0800] "GET /xingrg/kc/buy/cgsh_order_operate.html?command=get_materiel&rest_code=00111&code=00101008274&supplier_code=00100005&order_time=2021-04-18 HTTP/1.1" 200 412
58.37.228.113 - - [18/Apr/2021:10:52:37 +0800] "GET /xingrg/kc/buy/cgsh_order_add.html HTTP/1.1" 200 62154
117.185.32.26 - - [18/Apr/2021:10:52:37 +0800] "GET /xingrg/all/function/internal_message.html?_=1618714350896&CODE_STATE=getMsg HTTP/1.1" 200 27
124.77.71.179 - - [18/Apr/2021:10:52:37 +0800] "GET /xingrg/check_reg.html?_=1618714354801 HTTP/1.1" 200 22
58.37.228.113 - - [18/Apr/2021:10:52:37 +0800] "GET /xingrg/javascript/easyui/themes/default/validatebox.css HTTP/1.1" 404 1104
58.37.228.113 - - [18/Apr/2021:10:52:37 +0800] "GET /xingrg/all/common/auto_word.html?type=employee&rest_code=00141 HTTP/1.1" 200 201
58.37.228.113 - - [18/Apr/2021:10:52:37 +0800] "POST /xingrg/kc/buy/cgsh_order_operate.html HTTP/1.1" 200 8245
58.37.228.113 - - [18/Apr/2021:10:52:37 +0800] "GET /xingrg/all/common/auto_word.html?type=employee&rest_code=00141 HTTP/1.1" 200 201
124.77.71.179 - - [18/Apr/2021:10:52:38 +0800] "GET /xingrg/javascript/easyui/themes/default/tree.css HTTP/1.1" 404 1090
124.77.71.179 - - [18/Apr/2021:10:52:38 +0800] "POST /xingrg/all/common/load_tree.html?tree=supplier_tree_json&isDelete=1 HTTP/1.1" 200 54827
101.85.94.178 - - [18/Apr/2021:10:52:38 +0800] "GET /xingrg/all/function/internal_message.html?_=1618713893845&CODE_STATE=getMsg HTTP/1.1" 200 27
58.37.228.113 - - [18/Apr/2021:10:52:40 +0800] "GET /xingrg/javascript/jquery_tools/images/prev.gif HTTP/1.1" 404 1086
58.37.228.113 - - [18/Apr/2021:10:52:40 +0800] "GET /xingrg/javascript/jquery_tools/images/next.gif HTTP/1.1" 404 1086
124.77.71.179 - - [18/Apr/2021:10:52:41 +0800] "GET /xingrg/all/function/internal_message.html?_=1618714359149&CODE_STATE=getMsg HTTP/1.1" 200 27
116.230.114.112 - - [18/Apr/2021:10:52:45 +0800] "GET /xingrg/all/function/internal_message.html?_=1618714363861&CODE_STATE=getMsg HTTP/1.1" 302 -
58.37.228.113 - - [18/Apr/2021:10:52:45 +0800] "GET /xingrg/kc/buy/cgsh_order_operate.html?command=get_materiel&rest_code=00141&code=00101009050&supplier_code=00100022&order_time=2021-04-18 HTTP/1.1" 200 408
116.230.114.112 - - [18/Apr/2021:10:52:45 +0800] "GET /xingrg/check_reg.html?_=1618714364652 HTTP/1.1" 200 22
116.238.141.202 - - [18/Apr/2021:10:52:48 +0800] "GET /xingrg/kc/base/wldb_order_operate.html?command=get_materiel&rest_code=00102&base_code=0010477&code=00102002562 HTTP/1.1" 200 445
114.88.167.174 - - [18/Apr/2021:10:52:49 +0800] "GET /xingrg/kc/buy/cgsh_order_operate.html?command=get_materiel&rest_code=00111&code=00101008092&supplier_code=00100005&order_time=2021-04-18 HTTP/1.1" 200 412
61.165.42.208 - - [18/Apr/2021:10:52:51 +0800] "GET /xingrg/kc/buy/cgsh_order_operate.html?command=get_materiel&rest_code=00105&code=00101004065&supplier_code=00100086&order_time=2021-04-18 HTTP/1.1" 200 433
116.230.114.112 - - [18/Apr/2021:10:52:53 +0800] "GET /xingrg/kc/buy/cgsh_order_operate.html?command=get_materiel&rest_code=00146&code=00101001032&supplier_code=00100041&order_time=2021-04-18 HTTP/1.1" 200 413
180.169.147.146 - - [18/Apr/2021:10:52:56 +0800] "GET /xingrg/all/function/internal_message.html?_=1618714220881&CODE_STATE=getMsg HTTP/1.1" 200 27
117.185.32.26 - - [18/Apr/2021:10:52:56 +0800] "GET /xingrg/all/function/internal_message.html?_=1618714894663&CODE_STATE=getMsg HTTP/1.1" 200 27
58.37.228.113 - - [18/Apr/2021:10:52:56 +0800] "GET /xingrg/kc/buy/cgsh_order_operate.html?command=get_materiel&rest_code=00141&code=00101009016&supplier_code=00100022&order_time=2021-04-18 HTTP/1.1" 200 414
116.238.141.202 - - [18/Apr/2021:10:52:59 +0800] "GET /xingrg/kc/base/wldb_order_operate.html?command=get_materiel&rest_code=00102&base_code=0010477&code=00102002851 HTTP/1.1" 200 433
114.88.167.174 - - [18/Apr/2021:10:53:01 +0800] "GET /xingrg/kc/buy/cgsh_order_operate.html?command=get_materiel&rest_code=00111&code=00101008323&supplier_code=00100005&order_time=2021-04-18 HTTP/1.1" 200 408
61.165.42.208 - - [18/Apr/2021:10:53:01 +0800] "GET /xingrg/all/function/internal_message.html?_=1618714379036&CODE_STATE=getMsg HTTP/1.1" 200 27
222.70.217.33 - - [18/Apr/2021:10:53:01 +0800] "GET /xingrg/all/function/internal_message.html?_=1618714379088&CODE_STATE=getMsg HTTP/1.1" 200 27
116.230.114.112 - - [18/Apr/2021:10:53:02 +0800] "GET /xingrg/all/function/internal_message.html?_=1618714381049&CODE_STATE=getMsg HTTP/1.1" 200 27
