114.88.167.174 - - [18/Apr/2021:10:53:03 +0800] "GET /xingrg/all/function/internal_message.html?_=1618714383440&CODE_STATE=getMsg HTTP/1.1" 200 27
61.165.42.208 - - [18/Apr/2021:10:53:03 +0800] "GET /xingrg/kc/buy/cgsh_order_operate.html?command=get_materiel&rest_code=00105&code=00101014101&supplier_code=00100086&order_time=2021-04-18 HTTP/1.1" 200 404
58.37.228.113 - - [18/Apr/2021:10:53:05 +0800] "GET /xingrg/kc/buy/cgsh_order_operate.html?command=get_materiel&rest_code=00141&code=00101009011&supplier_code=00100022&order_time=2021-04-18 HTTP/1.1" 200 416
114.86.187.76 - - [18/Apr/2021:10:53:08 +0800] "GET /xingrg/all/function/internal_message.html?_=1618714385844&CODE_STATE=getMsg HTTP/1.1" 200 27
58.37.228.113 - - [18/Apr/2021:10:53:12 +0800] "GET /xingrg/kc/buy/cgsh_order_operate.html?command=get_materiel&rest_code=00141&code=00101009113&supplier_code=00100022&order_time=2021-04-18 HTTP/1.1" 200 398
116.224.253.72 - - [18/Apr/2021:10:53:18 +0800] "GET /xingrg/all/function/internal_message.html?_=1618714383631&CODE_STATE=getMsg HTTP/1.1" 200 27
116.224.253.72 - - [18/Apr/2021:10:53:19 +0800] "GET /xingrg/all/function/internal_message.html?_=1618714396800&CODE_STATE=getMsg HTTP/1.1" 200 27
61.165.42.208 - - [18/Apr/2021:10:53:19 +0800] "POST /xingrg/kc/buy/cgsh_order_operate.html HTTP/1.1" 200 37
61.165.42.208 - - [18/Apr/2021:10:53:21 +0800] "POST /xingrg/kc/buy/cgsh_order_operate.html HTTP/1.1" 200 3853
61.165.42.208 - - [18/Apr/2021:10:53:22 +0800] "GET /xingrg/kc/print/load_data.html?order_code=212021041807424&kc_code=cgsh&condition= HTTP/1.1" 200 1195
58.37.228.113 - - [18/Apr/2021:10:53:22 +0800] "GET /xingrg/kc/buy/cgsh_order_operate.html?command=get_materiel&rest_code=00141&code=00101009010&supplier_code=00100022&order_time=2021-04-18 HTTP/1.1" 200 412
61.165.42.208 - - [18/Apr/2021:10:53:25 +0800] "GET /xingrg/kc/buy/cgsh_order_add.html HTTP/1.1" 200 62195
58.37.228.113 - - [18/Apr/2021:10:53:26 +0800] "GET /xingrg/all/function/internal_message.html?_=1618714404747&CODE_STATE=getMsg HTTP/1.1" 200 27
61.165.42.208 - - [18/Apr/2021:10:53:26 +0800] "GET /xingrg/javascript/easyui/themes/default/validatebox.css HTTP/1.1" 404 1104
61.165.42.208 - - [18/Apr/2021:10:53:26 +0800] "POST /xingrg/kc/buy/cgsh_order_operate.html HTTP/1.1" 200 8245
116.230.114.112 - - [18/Apr/2021:10:53:27 +0800] "GET /xingrg/kc/buy/cgsh_order_operate.html?command=get_materiel&rest_code=00146&code=00101005037&supplier_code=00100041&order_time=2021-04-18 HTTP/1.1" 200 409
114.88.167.174 - - [18/Apr/2021:10:53:30 +0800] "GET /xingrg/kc/buy/cgsh_order_operate.html?command=get_materiel&rest_code=00111&code=00101008350&supplier_code=00100005&order_time=2021-04-18 HTTP/1.1" 200 408
58.37.228.113 - - [18/Apr/2021:10:53:31 +0800] "GET /xingrg/all/function/internal_message.html?_=1618714387874&CODE_STATE=getMsg HTTP/1.1" 200 27
222.69.131.239 - - [18/Apr/2021:10:53:31 +0800] "GET /xingrg/check_reg.html?_=1618714408689 HTTP/1.1" 200 22
222.69.131.239 - - [18/Apr/2021:10:53:31 +0800] "GET /xingrg/all/function/internal_message.html?_=1618714408771&CODE_STATE=getMsg HTTP/1.1" 200 27
180.169.147.146 - - [18/Apr/2021:10:53:32 +0800] "GET /xingrg/all/function/internal_message.html?_=1618714403877&CODE_STATE=getMsg HTTP/1.1" 200 27
58.37.228.113 - - [18/Apr/2021:10:53:33 +0800] "POST /xingrg/kc/buy/cgsh_order_operate.html HTTP/1.1" 200 37
116.238.141.202 - - [18/Apr/2021:10:53:34 +0800] "GET /xingrg/kc/base/wldb_order_operate.html?command=get_materiel&rest_code=00102&base_code=0010477&code=00102002118 HTTP/1.1" 200 452
114.88.167.174 - - [18/Apr/2021:10:53:35 +0800] "GET /xingrg/all/function/internal_message.html?_=1618714412541&CODE_STATE=getMsg HTTP/1.1" 200 27
61.165.42.208 - - [18/Apr/2021:10:53:35 +0800] "GET /xingrg/kc/buy/cgsh_order_operate.html?command=get_materiel&rest_code=00105&code=00101002006&supplier_code=00100091&order_time=2021-04-18 HTTP/1.1" 200 414
61.129.6.225 - - [18/Apr/2021:10:53:35 +0800] "GET /xingrg/all/function/internal_message.html?_=1618714327863&CODE_STATE=getMsg HTTP/1.1" 302 -
58.37.228.113 - - [18/Apr/2021:10:53:36 +0800] "POST /xingrg/kc/buy/cgsh_order_operate.html HTTP/1.1" 200 12
117.185.32.26 - - [18/Apr/2021:10:53:37 +0800] "GET /xingrg/all/function/internal_message.html?_=1618714410878&CODE_STATE=getMsg HTTP/1.1" 200 27
58.37.228.113 - - [18/Apr/2021:10:53:38 +0800] "GET /xingrg/kc/buy/cgsh_order_info.html?code=212021041807425 HTTP/1.1" 200 57054
58.37.228.113 - - [18/Apr/2021:10:53:38 +0800] "GET /xingrg/javascript/easyui/themes/default/validatebox.css HTTP/1.1" 404 1104
114.88.167.174 - - [18/Apr/2021:10:53:38 +0800] "POST /xingrg/kc/buy/cgsh_order_operate.html HTTP/1.1" 200 2065
58.37.228.113 - - [18/Apr/2021:10:53:38 +0800] "POST /xingrg/kc/buy/cgsh_order_operate.html HTTP/1.1" 200 2968
101.85.94.178 - - [18/Apr/2021:10:53:38 +0800] "GET /xingrg/all/function/internal_message.html?_=1618713953831&CODE_STATE=getMsg HTTP/1.1" 200 27
61.129.6.225 - - [18/Apr/2021:10:53:39 +0800] "GET /xingrg/login.html HTTP/1.1" 200 7641
58.37.228.113 - - [18/Apr/2021:10:53:39 +0800] "GET /xingrg/kc/print/load_config.html?kc_code=cgsh HTTP/1.1" 200 1845
58.37.228.113 - - [18/Apr/2021:10:53:39 +0800] "GET /xingrg/kc/print/load_data.html?order_code=212021041807425&kc_code=cgsh&condition= HTTP/1.1" 200 1639
124.77.71.179 - - [18/Apr/2021:10:53:41 +0800] "GET /xingrg/all/function/internal_message.html?_=1618714419124&CODE_STATE=getMsg HTTP/1.1" 200 27
114.88.167.174 - - [18/Apr/2021:10:53:42 +0800] "GET /xingrg/check_reg.html?_=1618714423019 HTTP/1.1" 200 22
114.88.167.174 - - [18/Apr/2021:10:53:43 +0800] "GET /xingrg/kc/buy/cgsh_order_operate.html?command=get_materiel&rest_code=00111&code=00101008010&supplier_code=00100005&order_time=2021-04-18 HTTP/1.1" 200 412
116.238.141.202 - - [18/Apr/2021:10:53:44 +0800] "GET /xingrg/kc/base/wldb_order_operate.html?command=get_materiel&rest_code=00102&base_code=0010477&code=00102002204 HTTP/1.1" 200 434
116.230.114.112 - - [18/Apr/2021:10:53:45 +0800] "GET /xingrg/all/function/internal_message.html?_=1618714423885&CODE_STATE=getMsg HTTP/1.1" 302 -
61.165.42.208 - - [18/Apr/2021:10:53:46 +0800] "GET /xingrg/kc/buy/cgsh_order_operate.html?command=get_materiel&rest_code=00105&code=00101002034&supplier_code=00100091&order_time=2021-04-18 HTTP/1.1" 200 409
116.230.114.112 - - [18/Apr/2021:10:53:50 +0800] "GET /xingrg/kc/buy/cgsh_order_operate.html?command=get_materiel&rest_code=00146&code=00101005036&supplier_code=00100041&order_time=2021-04-18 HTTP/1.1" 200 409
116.238.141.202 - - [18/Apr/2021:10:53:52 +0800] "POST /xingrg/kc/base/wldb_order_operate.html HTTP/1.1" 200 37
114.88.167.174 - - [18/Apr/2021:10:53:53 +0800] "GET /xingrg/kc/buy/cgsh_order_operate.html?command=get_materiel&rest_code=00111&code=00101008165&supplier_code=00100005&order_time=2021-04-18 HTTP/1.1" 200 416
116.238.141.202 - - [18/Apr/2021:10:53:53 +0800] "POST /xingrg/kc/base/wldb_order_operate.html HTTP/1.1" 200 12
116.238.141.202 - - [18/Apr/2021:10:53:54 +0800] "POST /xingrg/kc/base/wldb_order_operate.html HTTP/1.1" 200 2697
116.238.141.202 - - [18/Apr/2021:10:53:54 +0800] "GET /xingrg/kc/base/wldb_order_info.html?code=422021041801826 HTTP/1.1" 200 26418
116.238.141.202 - - [18/Apr/2021:10:53:56 +0800] "POST /xingrg/kc/base/wldb_order_operate.html HTTP/1.1" 200 978
116.238.141.202 - - [18/Apr/2021:10:53:56 +0800] "GET /xingrg/javascript/easyui/themes/default/validatebox.css HTTP/1.1" 404 1104
180.169.147.146 - - [18/Apr/2021:10:53:56 +0800] "GET /xingrg/all/function/internal_message.html?_=1618714280884&CODE_STATE=getMsg HTTP/1.1" 200 27
117.185.32.26 - - [18/Apr/2021:10:53:56 +0800] "GET /xingrg/all/function/internal_message.html?_=1618714954654&CODE_STATE=getMsg HTTP/1.1" 200 27
116.238.141.202 - - [18/Apr/2021:10:53:57 +0800] "GET /xingrg/kc/base/wldb_order_add.html HTTP/1.1" 200 30542
116.238.141.202 - - [18/Apr/2021:10:53:59 +0800] "POST /xingrg/kc/base/wldb_order_operate.html HTTP/1.1" 200 6806
116.238.141.202 - - [18/Apr/2021:10:53:59 +0800] "GET /xingrg/javascript/easyui/themes/default/validatebox.css HTTP/1.1" 404 1104
61.165.42.208 - - [18/Apr/2021:10:54:01 +0800] "GET /xingrg/all/function/internal_message.html?_=1618714439011&CODE_STATE=getMsg HTTP/1.1" 200 27
222.70.217.33 - - [18/Apr/2021:10:54:01 +0800] "GET /xingrg/all/function/internal_message.html?_=1618714439075&CODE_STATE=getMsg HTTP/1.1" 200 27
116.230.114.112 - - [18/Apr/2021:10:54:02 +0800] "GET /xingrg/all/function/internal_message.html?_=1618714441062&CODE_STATE=getMsg HTTP/1.1" 200 27
114.88.167.174 - - [18/Apr/2021:10:54:03 +0800] "GET /xingrg/all/function/internal_message.html?_=1618714443424&CODE_STATE=getMsg HTTP/1.1" 200 27
114.88.167.174 - - [18/Apr/2021:10:54:03 +0800] "GET /xingrg/kc/buy/cgsh_order_operate.html?command=get_materiel&rest_code=00111&code=00101008168&supplier_code=00100005&order_time=2021-04-18 HTTP/1.1" 200 413
116.238.141.202 - - [18/Apr/2021:10:54:03 +0800] "POST /xingrg/all/common/load_combo.html?type=base HTTP/1.1" 200 3060
61.165.42.208 - - [18/Apr/2021:10:54:04 +0800] "GET /xingrg/kc/buy/cgsh_order_operate.html?command=get_materiel&rest_code=00105&code=00101003062&supplier_code=00100091&order_time=2021-04-18 HTTP/1.1" 200 401
116.230.114.112 - - [18/Apr/2021:10:54:04 +0800] "GET /xingrg/kc/buy/cgsh_order_operate.html?command=get_materiel&rest_code=00146&code=00101006067&supplier_code=00100041&order_time=2021-04-18 HTTP/1.1" 200 409
114.86.187.76 - - [18/Apr/2021:10:54:05 +0800] "GET /xingrg/check_reg.html?_=1618714443077 HTTP/1.1" 200 22
116.238.141.202 - - [18/Apr/2021:10:54:07 +0800] "POST /xingrg/all/common/load_combo.html?type=base HTTP/1.1" 200 3060
114.86.187.76 - - [18/Apr/2021:10:54:08 +0800] "GET /xingrg/all/function/internal_message.html?_=1618714445857&CODE_STATE=getMsg HTTP/1.1" 200 27
114.88.167.174 - - [18/Apr/2021:10:54:13 +0800] "GET /xingrg/kc/buy/cgsh_order_operate.html?command=get_materiel&rest_code=00111&code=00101008356&supplier_code=00100005&order_time=2021-04-18 HTTP/1.1" 200 408
116.238.141.202 - - [18/Apr/2021:10:54:13 +0800] "GET /xingrg/kc/base/wldb_order_operate.html?command=get_materiel&rest_code=00102&base_code=0010476&code=00101019185 HTTP/1.1" 200 455
124.77.71.179 - - [18/Apr/2021:10:54:14 +0800] "GET /xingrg/kc/buy/cgsh_order_operate.html?command=get_materiel&rest_code=00107&code=00101008323&supplier_code=00100006&order_time=2021-04-18 HTTP/1.1" 200 408
61.165.42.208 - - [18/Apr/2021:10:54:16 +0800] "POST /xingrg/kc/buy/cgsh_order_operate.html HTTP/1.1" 200 37
116.238.141.202 - - [18/Apr/2021:10:54:17 +0800] "GET /xingrg/kc/base/wldb_order_operate.html?command=get_materiel&rest_code=00102&base_code=0010476&code=00101016076 HTTP/1.1" 200 477
61.165.42.208 - - [18/Apr/2021:10:54:17 +0800] "POST /xingrg/kc/buy/cgsh_order_operate.html HTTP/1.1" 200 3849
116.224.253.72 - - [18/Apr/2021:10:54:18 +0800] "GET /xingrg/all/function/internal_message.html?_=1618714443669&CODE_STATE=getMsg HTTP/1.1" 200 27
61.165.42.208 - - [18/Apr/2021:10:54:18 +0800] "GET /xingrg/kc/print/load_data.html?order_code=212021041807426&kc_code=cgsh&condition= HTTP/1.1" 200 1192
116.224.253.72 - - [18/Apr/2021:10:54:19 +0800] "GET /xingrg/all/function/internal_message.html?_=1618714456813&CODE_STATE=getMsg HTTP/1.1" 200 27
116.230.114.112 - - [18/Apr/2021:10:54:19 +0800] "GET /xingrg/kc/buy/cgsh_order_operate.html?command=get_materiel&rest_code=00146&code=00101003025&supplier_code=00100041&order_time=2021-04-18 HTTP/1.1" 200 409
114.88.167.174 - - [18/Apr/2021:10:54:20 +0800] "GET /xingrg/kc/buy/cgsh_order_operate.html?command=get_materiel&rest_code=00111&code=00101008223&supplier_code=00100005&order_time=2021-04-18 HTTP/1.1" 200 412
61.165.42.208 - - [18/Apr/2021:10:54:22 +0800] "GET /xingrg/kc/buy/cgsh_order_add.html HTTP/1.1" 200 62195
61.165.42.208 - - [18/Apr/2021:10:54:22 +0800] "POST /xingrg/kc/buy/cgsh_order_operate.html HTTP/1.1" 200 8245
61.165.42.208 - - [18/Apr/2021:10:54:22 +0800] "GET /xingrg/javascript/easyui/themes/default/validatebox.css HTTP/1.1" 404 1104
116.238.141.202 - - [18/Apr/2021:10:54:22 +0800] "POST /xingrg/kc/base/wldb_order_operate.html HTTP/1.1" 200 37
114.88.167.174 - - [18/Apr/2021:10:54:22 +0800] "POST /xingrg/kc/buy/cgsh_order_operate.html HTTP/1.1" 200 2065
116.238.141.202 - - [18/Apr/2021:10:54:25 +0800] "POST /xingrg/kc/base/wldb_order_operate.html HTTP/1.1" 200 12
58.37.228.113 - - [18/Apr/2021:10:54:26 +0800] "GET /xingrg/check_reg.html?_=1618714464750 HTTP/1.1" 200 22
58.37.228.113 - - [18/Apr/2021:10:54:26 +0800] "GET /xingrg/all/function/internal_message.html?_=1618714464749&CODE_STATE=getMsg HTTP/1.1" 200 27
116.238.141.202 - - [18/Apr/2021:10:54:26 +0800] "POST /xingrg/kc/base/wldb_order_operate.html HTTP/1.1" 200 2723
116.238.141.202 - - [18/Apr/2021:10:54:27 +0800] "GET /xingrg/kc/base/wldb_order_info.html?code=422021041801827 HTTP/1.1" 200 26419
116.238.141.202 - - [18/Apr/2021:10:54:28 +0800] "POST /xingrg/kc/base/wldb_order_operate.html HTTP/1.1" 200 1006
180.169.147.146 - - [18/Apr/2021:10:54:28 +0800] "GET /xingrg/check_reg.html?_=1618714459727 HTTP/1.1" 200 22
116.238.141.202 - - [18/Apr/2021:10:54:28 +0800] "GET /xingrg/javascript/easyui/themes/default/validatebox.css HTTP/1.1" 404 1104
116.238.141.202 - - [18/Apr/2021:10:54:30 +0800] "GET /xingrg/kc/base/wldb_order_add.html HTTP/1.1" 200 30542
116.238.141.202 - - [18/Apr/2021:10:54:31 +0800] "POST /xingrg/kc/base/wldb_order_operate.html HTTP/1.1" 200 6806
58.37.228.113 - - [18/Apr/2021:10:54:31 +0800] "GET /xingrg/all/function/internal_message.html?_=1618714447875&CODE_STATE=getMsg HTTP/1.1" 200 27
116.238.141.202 - - [18/Apr/2021:10:54:31 +0800] "GET /xingrg/javascript/easyui/themes/default/validatebox.css HTTP/1.1" 404 1104
222.69.131.239 - - [18/Apr/2021:10:54:31 +0800] "GET /xingrg/all/function/internal_message.html?_=1618714468755&CODE_STATE=getMsg HTTP/1.1" 200 27
116.238.141.202 - - [18/Apr/2021:10:54:32 +0800] "POST /xingrg/all/common/load_combo.html?type=base HTTP/1.1" 200 3060
180.169.147.146 - - [18/Apr/2021:10:54:32 +0800] "GET /xingrg/all/function/internal_message.html?_=1618714463858&CODE_STATE=getMsg HTTP/1.1" 200 27
116.238.141.202 - - [18/Apr/2021:10:54:34 +0800] "POST /xingrg/all/common/load_combo.html?type=base HTTP/1.1" 200 3060
114.88.167.174 - - [18/Apr/2021:10:54:35 +0800] "GET /xingrg/all/function/internal_message.html?_=1618714472555&CODE_STATE=getMsg HTTP/1.1" 200 27
61.165.42.208 - - [18/Apr/2021:10:54:35 +0800] "GET /xingrg/kc/buy/cgsh_order_operate.html?command=get_materiel&rest_code=00105&code=00101019547&supplier_code=00100338&order_time=2021-04-18 HTTP/1.1" 200 439
124.77.71.179 - - [18/Apr/2021:10:54:36 +0800] "GET /xingrg/kc/buy/cgsh_order_operate.html?command=get_materiel&rest_code=00107&code=00101008091&supplier_code=00100006&order_time=2021-04-18 HTTP/1.1" 200 412
116.230.114.112 - - [18/Apr/2021:10:54:36 +0800] "GET /xingrg/kc/buy/cgsh_order_operate.html?command=get_materiel&rest_code=00146&code=00101001075&supplier_code=00100041&order_time=2021-04-18 HTTP/1.1" 200 409
117.185.32.26 - - [18/Apr/2021:10:54:37 +0800] "GET /xingrg/all/function/internal_message.html?_=1618714470847&CODE_STATE=getMsg HTTP/1.1" 200 27
101.85.94.178 - - [18/Apr/2021:10:54:38 +0800] "GET /xingrg/all/function/internal_message.html?_=1618714013830&CODE_STATE=getMsg HTTP/1.1" 200 27
101.85.94.178 - - [18/Apr/2021:10:54:38 +0800] "GET /xingrg/check_reg.html?_=1618714013831 HTTP/1.1" 200 22
117.185.32.26 - - [18/Apr/2021:10:54:40 +0800] "GET /xingrg/check_reg.html?_=1618714474553 HTTP/1.1" 200 22
124.77.71.179 - - [18/Apr/2021:10:54:41 +0800] "GET /xingrg/all/function/internal_message.html?_=1618714479115&CODE_STATE=getMsg HTTP/1.1" 200 27
116.238.141.202 - - [18/Apr/2021:10:54:42 +0800] "GET /xingrg/kc/base/wldb_order_operate.html?command=get_materiel&rest_code=00102&base_code=0010476&code=00101019026 HTTP/1.1" 200 467
116.230.114.112 - - [18/Apr/2021:10:54:45 +0800] "GET /xingrg/all/function/internal_message.html?_=1618714483888&CODE_STATE=getMsg HTTP/1.1" 302 -
101.89.19.197 - - [18/Apr/2021:10:54:47 +0800] "GET /xingrg/kc/print/load_data.html?order_code=212021041807425&kc_code=cgsh&condition= HTTP/1.1" 302 -
101.89.19.197 - - [18/Apr/2021:10:54:48 +0800] "GET /xingrg/login.html HTTP/1.1" 200 7641
116.238.141.202 - - [18/Apr/2021:10:54:48 +0800] "GET /xingrg/kc/base/wldb_order_operate.html?command=get_materiel&rest_code=00102&base_code=0010476&code=00101027001 HTTP/1.1" 200 471
114.88.167.174 - - [18/Apr/2021:10:54:52 +0800] "GET /xingrg/kc/buy/cgsh_order_operate.html?command=get_materiel&rest_code=00111&code=00101008114&supplier_code=00100005&order_time=2021-04-18 HTTP/1.1" 200 412
116.238.141.202 - - [18/Apr/2021:10:54:54 +0800] "GET /xingrg/kc/base/wldb_order_operate.html?command=get_materiel&rest_code=00102&base_code=0010476&code=00101019184 HTTP/1.1" 200 442
124.77.71.179 - - [18/Apr/2021:10:54:55 +0800] "GET /xingrg/kc/buy/cgsh_order_operate.html?command=get_materiel&rest_code=00107&code=00101008349&supplier_code=00100006&order_time=2021-04-18 HTTP/1.1" 200 412
180.169.147.146 - - [18/Apr/2021:10:54:56 +0800] "GET /xingrg/all/function/internal_message.html?_=1618714340886&CODE_STATE=getMsg HTTP/1.1" 200 27
117.185.32.26 - - [18/Apr/2021:10:54:56 +0800] "GET /xingrg/check_reg.html?_=1618715014552 HTTP/1.1" 200 22
117.185.32.26 - - [18/Apr/2021:10:54:56 +0800] "GET /xingrg/all/function/internal_message.html?_=1618715014645&CODE_STATE=getMsg HTTP/1.1" 200 27
61.165.42.208 - - [18/Apr/2021:10:54:57 +0800] "GET /xingrg/kc/buy/cgsh_order_operate.html?command=get_materiel&rest_code=00105&code=00101012049&supplier_code=00100338&order_time=2021-04-18 HTTP/1.1" 200 430
61.165.42.208 - - [18/Apr/2021:10:54:57 +0800] "POST /xingrg/all/common/load_select.html HTTP/1.1" 200 25
116.238.141.202 - - [18/Apr/2021:10:54:59 +0800] "GET /xingrg/kc/base/wldb_order_operate.html?command=get_materiel&rest_code=00102&base_code=0010476&code=00101019315 HTTP/1.1" 200 461
61.165.42.208 - - [18/Apr/2021:10:55:01 +0800] "GET /xingrg/kc/buy/cgsh_order_operate.html?command=get_materiel_price&rest_code=00105&code=00101012049&unit_code=00100086&supplier_code=00100338&order_time=2021-04-18 HTTP/1.1" 200 29
61.165.42.208 - - [18/Apr/2021:10:55:01 +0800] "GET /xingrg/all/function/internal_message.html?_=1618714498989&CODE_STATE=getMsg HTTP/1.1" 200 27
222.70.217.33 - - [18/Apr/2021:10:55:01 +0800] "GET /xingrg/all/function/internal_message.html?_=1618714499048&CODE_STATE=getMsg HTTP/1.1" 200 27
61.165.42.208 - - [18/Apr/2021:10:55:01 +0800] "GET /xingrg/check_reg.html?_=1618714499361 HTTP/1.1" 200 22
222.70.217.33 - - [18/Apr/2021:10:55:01 +0800] "GET /xingrg/check_reg.html?_=1618714499191 HTTP/1.1" 200 22
116.230.114.112 - - [18/Apr/2021:10:55:02 +0800] "GET /xingrg/all/function/internal_message.html?_=1618714501130&CODE_STATE=getMsg HTTP/1.1" 200 27
114.88.167.174 - - [18/Apr/2021:10:55:02 +0800] "GET /xingrg/kc/buy/cgsh_order_operate.html?command=get_materiel&rest_code=00111&code=00101008095&supplier_code=00100005&order_time=2021-04-18 HTTP/1.1" 200 412
114.88.167.174 - - [18/Apr/2021:10:55:03 +0800] "GET /xingrg/all/function/internal_message.html?_=1618714503409&CODE_STATE=getMsg HTTP/1.1" 200 27
116.238.141.202 - - [18/Apr/2021:10:55:04 +0800] "GET /xingrg/kc/base/wldb_order_operate.html?command=get_materiel&rest_code=00102&base_code=0010476&code=00101019439 HTTP/1.1" 200 455
114.86.187.76 - - [18/Apr/2021:10:55:08 +0800] "GET /xingrg/all/function/internal_message.html?_=1618714505870&CODE_STATE=getMsg HTTP/1.1" 200 27
61.165.42.208 - - [18/Apr/2021:10:55:09 +0800] "POST /xingrg/kc/buy/cgsh_order_operate.html HTTP/1.1" 200 37
116.238.141.202 - - [18/Apr/2021:10:55:10 +0800] "GET /xingrg/kc/base/wldb_order_operate.html?command=get_materiel&rest_code=00102&base_code=0010476&code=00101019134 HTTP/1.1" 200 466
61.165.42.208 - - [18/Apr/2021:10:55:11 +0800] "POST /xingrg/kc/buy/cgsh_order_operate.html HTTP/1.1" 200 3285
61.165.42.208 - - [18/Apr/2021:10:55:12 +0800] "GET /xingrg/kc/print/load_data.html?order_code=212021041807427&kc_code=cgsh&condition= HTTP/1.1" 200 937
116.238.141.202 - - [18/Apr/2021:10:55:14 +0800] "GET /xingrg/kc/base/wldb_order_operate.html?command=get_materiel&rest_code=00102&base_code=0010476&code=00101019063 HTTP/1.1" 200 447
61.165.42.208 - - [18/Apr/2021:10:55:15 +0800] "GET /xingrg/kc/buy/cgsh_order_add.html HTTP/1.1" 200 62195
61.165.42.208 - - [18/Apr/2021:10:55:16 +0800] "POST /xingrg/kc/buy/cgsh_order_operate.html HTTP/1.1" 200 8245
61.165.42.208 - - [18/Apr/2021:10:55:16 +0800] "GET /xingrg/javascript/easyui/themes/default/validatebox.css HTTP/1.1" 404 1104
114.88.167.174 - - [18/Apr/2021:10:55:17 +0800] "GET /xingrg/check_reg.html?_=1618714514752 HTTP/1.1" 200 22
116.224.253.72 - - [18/Apr/2021:10:55:18 +0800] "GET /xingrg/all/function/internal_message.html?_=1618714503674&CODE_STATE=getMsg HTTP/1.1" 200 27
116.224.253.72 - - [18/Apr/2021:10:55:19 +0800] "GET /xingrg/all/function/internal_message.html?_=1618714516798&CODE_STATE=getMsg HTTP/1.1" 200 27
116.238.141.202 - - [18/Apr/2021:10:55:19 +0800] "GET /xingrg/kc/base/wldb_order_operate.html?command=get_materiel&rest_code=00102&base_code=0010476&code=00101019400 HTTP/1.1" 200 450
124.77.71.179 - - [18/Apr/2021:10:55:20 +0800] "GET /xingrg/kc/buy/cgsh_order_operate.html?command=get_materiel&rest_code=00107&code=00101008312&supplier_code=00100006&order_time=2021-04-18 HTTP/1.1" 200 412
116.230.114.112 - - [18/Apr/2021:10:55:23 +0800] "POST /xingrg/kc/buy/cgsh_order_operate.html HTTP/1.1" 200 37
116.238.141.202 - - [18/Apr/2021:10:55:24 +0800] "GET /xingrg/kc/base/wldb_order_operate.html?command=get_materiel&rest_code=00102&base_code=0010476&code=00101019195 HTTP/1.1" 200 460
61.165.42.208 - - [18/Apr/2021:10:55:25 +0800] "GET /xingrg/kc/buy/cgsh_order_operate.html?command=get_materiel&rest_code=00105&code=00101008185&supplier_code=00100093&order_time=2021-04-18 HTTP/1.1" 200 408
116.230.114.112 - - [18/Apr/2021:10:55:26 +0800] "POST /xingrg/kc/buy/cgsh_order_operate.html HTTP/1.1" 200 8589
58.37.228.113 - - [18/Apr/2021:10:55:26 +0800] "GET /xingrg/all/function/internal_message.html?_=1618714524749&CODE_STATE=getMsg HTTP/1.1" 200 27
61.151.178.166 - - [18/Apr/2021:10:55:27 +0800] "GET /xingrg/check_reg.html?_=1618714464750 HTTP/1.1" 302 -
116.230.114.112 - - [18/Apr/2021:10:55:28 +0800] "GET /xingrg/kc/print/load_data.html?order_code=212021041807428&kc_code=cgsh&condition= HTTP/1.1" 200 2939
61.151.178.166 - - [18/Apr/2021:10:55:29 +0800] "GET /xingrg/login.html HTTP/1.1" 200 7641
58.37.228.113 - - [18/Apr/2021:10:55:31 +0800] "GET /xingrg/check_reg.html?_=1618714507879 HTTP/1.1" 200 22
58.37.228.113 - - [18/Apr/2021:10:55:31 +0800] "GET /xingrg/all/function/internal_message.html?_=1618714507880&CODE_STATE=getMsg HTTP/1.1" 200 27
222.69.131.239 - - [18/Apr/2021:10:55:31 +0800] "GET /xingrg/all/function/internal_message.html?_=1618714528726&CODE_STATE=getMsg HTTP/1.1" 200 27
180.169.147.146 - - [18/Apr/2021:10:55:32 +0800] "GET /xingrg/all/function/internal_message.html?_=1618714523830&CODE_STATE=getMsg HTTP/1.1" 200 27
114.88.167.174 - - [18/Apr/2021:10:55:35 +0800] "GET /xingrg/all/function/internal_message.html?_=1618714532567&CODE_STATE=getMsg HTTP/1.1" 200 27
183.192.164.97 - - [18/Apr/2021:10:55:36 +0800] "GET /xingrg/all/function/internal_message.html?_=1618714470847&CODE_STATE=getMsg HTTP/1.1" 302 -
61.165.42.208 - - [18/Apr/2021:10:55:36 +0800] "GET /xingrg/kc/buy/cgsh_order_operate.html?command=get_materiel&rest_code=00105&code=00101003025&supplier_code=00100093&order_time=2021-04-18 HTTP/1.1" 200 409
117.185.32.26 - - [18/Apr/2021:10:55:37 +0800] "GET /xingrg/all/function/internal_message.html?_=1618714530829&CODE_STATE=getMsg HTTP/1.1" 200 27
183.192.164.97 - - [18/Apr/2021:10:55:37 +0800] "GET /xingrg/login.html HTTP/1.1" 200 7641
114.88.167.174 - - [18/Apr/2021:10:55:37 +0800] "POST /xingrg/kc/buy/cgsh_order_operate.html HTTP/1.1" 200 2065
101.85.94.178 - - [18/Apr/2021:10:55:38 +0800] "GET /xingrg/all/function/internal_message.html?_=1618714073834&CODE_STATE=getMsg HTTP/1.1" 200 27
116.238.141.202 - - [18/Apr/2021:10:55:40 +0800] "GET /xingrg/kc/base/wldb_order_operate.html?command=get_materiel&rest_code=00102&base_code=0010476&code=00101019071 HTTP/1.1" 200 455
124.77.71.179 - - [18/Apr/2021:10:55:41 +0800] "GET /xingrg/all/function/internal_message.html?_=1618714539096&CODE_STATE=getMsg HTTP/1.1" 200 27
116.238.141.202 - - [18/Apr/2021:10:55:44 +0800] "GET /xingrg/kc/base/wldb_order_operate.html?command=get_materiel&rest_code=00102&base_code=0010476&code=00101016019 HTTP/1.1" 200 451
116.230.114.112 - - [18/Apr/2021:10:55:45 +0800] "GET /xingrg/all/function/internal_message.html?_=1618714543912&CODE_STATE=getMsg HTTP/1.1" 302 -
61.165.42.208 - - [18/Apr/2021:10:55:46 +0800] "POST /xingrg/kc/buy/cgsh_order_operate.html HTTP/1.1" 200 37
116.238.141.202 - - [18/Apr/2021:10:55:52 +0800] "GET /xingrg/kc/base/wldb_order_operate.html?command=get_materiel&rest_code=00102&base_code=0010476&code=00101019438 HTTP/1.1" 200 447
61.165.42.208 - - [18/Apr/2021:10:55:53 +0800] "POST /xingrg/kc/buy/cgsh_order_operate.html HTTP/1.1" 200 2653
116.230.114.112 - - [18/Apr/2021:10:55:53 +0800] "GET /xingrg/kc/buy/cgsh_order_add.html HTTP/1.1" 200 62154
61.165.42.208 - - [18/Apr/2021:10:55:54 +0800] "GET /xingrg/kc/print/load_data.html?order_code=212021041807429&kc_code=cgsh&condition= HTTP/1.1" 200 713
116.230.114.112 - - [18/Apr/2021:10:55:55 +0800] "POST /xingrg/kc/buy/cgsh_order_operate.html HTTP/1.1" 200 8245
116.230.114.112 - - [18/Apr/2021:10:55:55 +0800] "GET /xingrg/javascript/easyui/themes/default/validatebox.css HTTP/1.1" 404 1104
180.169.147.146 - - [18/Apr/2021:10:55:56 +0800] "GET /xingrg/all/function/internal_message.html?_=1618714400889&CODE_STATE=getMsg HTTP/1.1" 200 27
117.185.32.26 - - [18/Apr/2021:10:55:56 +0800] "GET /xingrg/all/function/internal_message.html?_=1618715074653&CODE_STATE=getMsg HTTP/1.1" 200 27
116.238.141.202 - - [18/Apr/2021:10:55:57 +0800] "GET /xingrg/kc/base/wldb_order_operate.html?command=get_materiel&rest_code=00102&base_code=0010476&code=00101019130 HTTP/1.1" 200 471
61.165.42.208 - - [18/Apr/2021:10:55:57 +0800] "GET /xingrg/kc/buy/cgsh_order_add.html HTTP/1.1" 200 62195
61.165.42.208 - - [18/Apr/2021:10:55:57 +0800] "POST /xingrg/kc/buy/cgsh_order_operate.html HTTP/1.1" 200 8245
61.165.42.208 - - [18/Apr/2021:10:55:57 +0800] "GET /xingrg/javascript/easyui/themes/default/validatebox.css HTTP/1.1" 404 1104
61.165.42.208 - - [18/Apr/2021:10:56:01 +0800] "GET /xingrg/all/function/internal_message.html?_=1618714558975&CODE_STATE=getMsg HTTP/1.1" 200 27
222.70.217.33 - - [18/Apr/2021:10:56:01 +0800] "GET /xingrg/all/function/internal_message.html?_=1618714559023&CODE_STATE=getMsg HTTP/1.1" 200 27
116.230.114.112 - - [18/Apr/2021:10:56:02 +0800] "GET /xingrg/all/function/internal_message.html?_=1618714561136&CODE_STATE=getMsg HTTP/1.1" 200 27
114.88.167.174 - - [18/Apr/2021:10:56:02 +0800] "GET /xingrg/all/function/internal_message.html?_=1618714563393&CODE_STATE=getMsg HTTP/1.1" 200 27
116.238.141.202 - - [18/Apr/2021:10:56:08 +0800] "GET /xingrg/kc/base/wldb_order_operate.html?command=get_materiel&rest_code=00102&base_code=0010476&code=00101013225 HTTP/1.1" 200 448
114.86.187.76 - - [18/Apr/2021:10:56:08 +0800] "GET /xingrg/all/function/internal_message.html?_=1618714565885&CODE_STATE=getMsg HTTP/1.1" 200 27
116.230.114.112 - - [18/Apr/2021:10:56:12 +0800] "GET /xingrg/kc/buy/cgsh_order_operate.html?command=get_materiel&rest_code=00146&code=00101002005&supplier_code=00100199&order_time=2021-04-18 HTTP/1.1" 200 413
116.224.253.72 - - [18/Apr/2021:10:56:18 +0800] "GET /xingrg/all/function/internal_message.html?_=1618714563712&CODE_STATE=getMsg HTTP/1.1" 200 27
116.224.253.72 - - [18/Apr/2021:10:56:19 +0800] "GET /xingrg/all/function/internal_message.html?_=1618714576827&CODE_STATE=getMsg HTTP/1.1" 200 27
116.224.253.72 - - [18/Apr/2021:10:56:19 +0800] "GET /xingrg/check_reg.html?_=1618714576828 HTTP/1.1" 200 22
116.238.141.202 - - [18/Apr/2021:10:56:25 +0800] "POST /xingrg/kc/base/wldb_order_operate.html HTTP/1.1" 200 37
58.37.228.113 - - [18/Apr/2021:10:56:26 +0800] "GET /xingrg/all/function/internal_message.html?_=1618714584750&CODE_STATE=getMsg HTTP/1.1" 200 27
116.238.141.202 - - [18/Apr/2021:10:56:28 +0800] "POST /xingrg/kc/base/wldb_order_operate.html HTTP/1.1" 200 12
116.238.141.202 - - [18/Apr/2021:10:56:28 +0800] "POST /xingrg/kc/base/wldb_order_operate.html HTTP/1.1" 200 8733
116.230.114.112 - - [18/Apr/2021:10:56:28 +0800] "GET /xingrg/check_reg.html?_=1618714587446 HTTP/1.1" 302 -
116.238.141.202 - - [18/Apr/2021:10:56:29 +0800] "GET /xingrg/kc/base/wldb_order_info.html?code=422021041801828 HTTP/1.1" 200 26419
116.238.141.202 - - [18/Apr/2021:10:56:30 +0800] "POST /xingrg/kc/base/wldb_order_operate.html HTTP/1.1" 200 6862
116.238.141.202 - - [18/Apr/2021:10:56:30 +0800] "GET /xingrg/javascript/easyui/themes/default/validatebox.css HTTP/1.1" 404 1104
58.37.228.113 - - [18/Apr/2021:10:56:31 +0800] "GET /xingrg/all/function/internal_message.html?_=1618714567883&CODE_STATE=getMsg HTTP/1.1" 200 27
222.69.131.239 - - [18/Apr/2021:10:56:31 +0800] "GET /xingrg/all/function/internal_message.html?_=1618714588709&CODE_STATE=getMsg HTTP/1.1" 200 27
180.169.147.146 - - [18/Apr/2021:10:56:32 +0800] "GET /xingrg/all/function/internal_message.html?_=1618714583839&CODE_STATE=getMsg HTTP/1.1" 200 27
116.238.141.202 - - [18/Apr/2021:10:56:32 +0800] "GET /xingrg/kc/base/wldb_order_add.html HTTP/1.1" 200 30542
117.185.32.26 - - [18/Apr/2021:10:56:33 +0800] "GET /xingrg/kc/buy/cgsh_order_operate.html?command=get_materiel&rest_code=00106&code=00101008091&supplier_code=00100007&order_time=2021-04-18 HTTP/1.1" 200 412
114.86.187.76 - - [18/Apr/2021:10:56:34 +0800] "GET /xingrg/javascript/easyui/themes/default/images/button_plain_hover.png HTTP/1.1" 304 -
116.238.141.202 - - [18/Apr/2021:10:56:34 +0800] "POST /xingrg/kc/base/wldb_order_operate.html HTTP/1.1" 200 6806
116.238.141.202 - - [18/Apr/2021:10:56:35 +0800] "GET /xingrg/javascript/easyui/themes/default/validatebox.css HTTP/1.1" 404 1104
116.238.141.202 - - [18/Apr/2021:10:56:35 +0800] "POST /xingrg/all/common/load_combo.html?type=base HTTP/1.1" 200 3060
114.88.167.174 - - [18/Apr/2021:10:56:35 +0800] "GET /xingrg/all/function/internal_message.html?_=1618714592582&CODE_STATE=getMsg HTTP/1.1" 200 27
116.230.114.112 - - [18/Apr/2021:10:56:35 +0800] "GET /xingrg/kc/buy/cgsh_order_operate.html?command=get_materiel&rest_code=00146&code=00101001069&supplier_code=00100199&order_time=2021-04-18 HTTP/1.1" 200 411
117.185.32.26 - - [18/Apr/2021:10:56:37 +0800] "GET /xingrg/all/function/internal_message.html?_=1618714590811&CODE_STATE=getMsg HTTP/1.1" 200 27
116.238.141.202 - - [18/Apr/2021:10:56:37 +0800] "POST /xingrg/all/common/load_combo.html?type=base HTTP/1.1" 200 3060
101.85.94.178 - - [18/Apr/2021:10:56:38 +0800] "GET /xingrg/all/function/internal_message.html?_=1618714133835&CODE_STATE=getMsg HTTP/1.1" 200 27
124.77.71.179 - - [18/Apr/2021:10:56:39 +0800] "GET /xingrg/kc/buy/cgsh_order_operate.html?command=get_materiel&rest_code=00107&code=00101008085&supplier_code=00100006&order_time=2021-04-18 HTTP/1.1" 200 412
180.162.112.81 - - [18/Apr/2021:10:56:40 +0800] "GET /xingrg HTTP/1.1" 302 -
124.77.71.179 - - [18/Apr/2021:10:56:41 +0800] "GET /xingrg/all/function/internal_message.html?_=1618714599072&CODE_STATE=getMsg HTTP/1.1" 200 27
180.162.112.81 - - [18/Apr/2021:10:56:41 +0800] "GET /xingrg/index.html HTTP/1.1" 302 -
180.162.112.81 - - [18/Apr/2021:10:56:41 +0800] "GET /favicon.ico HTTP/1.1" 404 -
180.162.112.81 - - [18/Apr/2021:10:56:41 +0800] "GET /xingrg/login.html HTTP/1.1" 200 7641
180.162.112.81 - - [18/Apr/2021:10:56:42 +0800] "GET /favicon.ico HTTP/1.1" 404 -
116.238.141.202 - - [18/Apr/2021:10:56:42 +0800] "GET /xingrg/kc/base/wldb_order_operate.html?command=get_materiel&rest_code=00102&base_code=0010476&code=00101019358 HTTP/1.1" 200 460
116.230.114.112 - - [18/Apr/2021:10:56:45 +0800] "GET /xingrg/all/function/internal_message.html?_=1618714603916&CODE_STATE=getMsg HTTP/1.1" 302 -
116.238.141.202 - - [18/Apr/2021:10:56:48 +0800] "GET /xingrg/check_reg.html?_=1618714883432 HTTP/1.1" 200 22
116.238.141.202 - - [18/Apr/2021:10:56:48 +0800] "GET /xingrg/kc/base/wldb_order_operate.html?command=get_materiel&rest_code=00102&base_code=0010476&code=00101019079 HTTP/1.1" 200 465
61.165.42.208 - - [18/Apr/2021:10:56:49 +0800] "GET /xingrg/kc/buy/cgsh_order_operate.html?command=get_materiel&rest_code=00105&code=00101020012&supplier_code=00100337&order_time=2021-04-18 HTTP/1.1" 200 412
116.230.114.112 - - [18/Apr/2021:10:56:53 +0800] "GET /xingrg/kc/buy/cgsh_order_operate.html?command=get_materiel&rest_code=00146&code=00101004038&supplier_code=00100199&order_time=2021-04-18 HTTP/1.1" 200 429
116.238.141.202 - - [18/Apr/2021:10:56:54 +0800] "GET /xingrg/kc/base/wldb_order_operate.html?command=get_materiel&rest_code=00102&base_code=0010476&code=00101019306 HTTP/1.1" 200 464
180.162.112.81 - - [18/Apr/2021:10:56:55 +0800] "POST /xingrg/login.do HTTP/1.1" 302 -
180.162.112.81 - - [18/Apr/2021:10:56:55 +0800] "GET /xingrg/index.html?sysBaseUrl=http%3A%2F%2F180.169.147.146%3A18081%2Fxingrg%2F&costTime=39×tamp=1618714615263 HTTP/1.1" 200 17179
180.162.112.81 - - [18/Apr/2021:10:56:55 +0800] "GET /favicon.ico HTTP/1.1" 404 -
180.162.112.81 - - [18/Apr/2021:10:56:55 +0800] "POST /xingrg/all/common/load_tree.html?tree=area_rest_tree_json&manage=1 HTTP/1.1" 200 351
180.162.112.81 - - [18/Apr/2021:10:56:55 +0800] "GET /xingrg/all/function/internal_message.html?_=1618714374412&CODE_STATE=count HTTP/1.1" 200 11
180.162.112.81 - - [18/Apr/2021:10:56:55 +0800] "GET /xingrg/check_reg.html?_=1618714374413 HTTP/1.1" 200 22
180.162.112.81 - - [18/Apr/2021:10:56:55 +0800] "POST /xingrg/load_menu.html HTTP/1.1" 200 5138
180.169.147.146 - - [18/Apr/2021:10:56:56 +0800] "GET /xingrg/check_reg.html?_=1618714460925 HTTP/1.1" 200 22
180.169.147.146 - - [18/Apr/2021:10:56:56 +0800] "GET /xingrg/all/function/internal_message.html?_=1618714460920&CODE_STATE=getMsg HTTP/1.1" 200 27
117.185.32.26 - - [18/Apr/2021:10:56:56 +0800] "GET /xingrg/all/function/internal_message.html?_=1618715134642&CODE_STATE=getMsg HTTP/1.1" 200 27
116.224.253.72 - - [18/Apr/2021:10:57:01 +0800] "GET /xingrg/check_reg.html?_=1618714606388 HTTP/1.1" 200 22
61.165.42.208 - - [18/Apr/2021:10:57:01 +0800] "GET /xingrg/all/function/internal_message.html?_=1618714618950&CODE_STATE=getMsg HTTP/1.1" 200 27
222.70.217.33 - - [18/Apr/2021:10:57:01 +0800] "GET /xingrg/all/function/internal_message.html?_=1618714618997&CODE_STATE=getMsg HTTP/1.1" 200 27
180.162.112.81 - - [18/Apr/2021:10:57:02 +0800] "GET /xingrg/kc/buy/buy_main.html HTTP/1.1" 200 12412
180.162.112.81 - - [18/Apr/2021:10:57:02 +0800] "GET /xingrg/css/new_ie.css HTTP/1.1" 404 1036
116.230.114.112 - - [18/Apr/2021:10:57:02 +0800] "GET /xingrg/all/function/internal_message.html?_=1618714621150&CODE_STATE=getMsg HTTP/1.1" 200 27
120.253.135.82 - - [18/Apr/2021:10:57:02 +0800] "GET /xingrg/check_reg.html?_=1618714398531 HTTP/1.1" 200 22
180.162.112.81 - - [18/Apr/2021:10:57:02 +0800] "GET /xingrg/images/yd/bt.gif HTTP/1.1" 404 1040
116.238.141.202 - - [18/Apr/2021:10:57:02 +0800] "GET /xingrg/kc/base/wldb_order_operate.html?command=get_materiel&rest_code=00102&base_code=0010476&code=00101019222 HTTP/1.1" 200 453
114.88.167.174 - - [18/Apr/2021:10:57:02 +0800] "GET /xingrg/all/function/internal_message.html?_=1618714623378&CODE_STATE=getMsg HTTP/1.1" 200 27
124.77.71.179 - - [18/Apr/2021:10:57:03 +0800] "GET /xingrg/kc/buy/cgsh_order_operate.html?command=get_materiel&rest_code=00107&code=00101008298&supplier_code=00100006&order_time=2021-04-18 HTTP/1.1" 200 413
180.162.112.81 - - [18/Apr/2021:10:57:03 +0800] "GET /xingrg/kc/buy/cgsh_order_list.html HTTP/1.1" 200 46416
180.162.112.81 - - [18/Apr/2021:10:57:04 +0800] "POST /xingrg/kc/buy/cgsh_list_operate.html HTTP/1.1" 200 876
180.162.112.81 - - [18/Apr/2021:10:57:06 +0800] "GET /xingrg/kc/buy/cgsh_order_add.html HTTP/1.1" 200 61228
180.162.112.81 - - [18/Apr/2021:10:57:06 +0800] "GET /xingrg/words/20210418091631_words.js HTTP/1.1" 304 -
180.162.112.81 - - [18/Apr/2021:10:57:06 +0800] "POST /xingrg/kc/buy/cgsh_order_operate.html HTTP/1.1" 200 8245
180.162.112.81 - - [18/Apr/2021:10:57:06 +0800] "GET /xingrg/all/common/auto_word.html?type=employee&rest_code=00143 HTTP/1.1" 200 55
180.162.112.81 - - [18/Apr/2021:10:57:06 +0800] "GET /xingrg/all/common/auto_word.html?type=employee&rest_code=00143 HTTP/1.1" 200 55
180.162.112.81 - - [18/Apr/2021:10:57:06 +0800] "GET /xingrg/javascript/easyui/themes/default/validatebox.css HTTP/1.1" 404 1104
116.238.141.202 - - [18/Apr/2021:10:57:07 +0800] "GET /xingrg/kc/base/wldb_order_operate.html?command=get_materiel&rest_code=00102&base_code=0010476&code=00101016001 HTTP/1.1" 200 457
180.162.112.81 - - [18/Apr/2021:10:57:08 +0800] "GET /xingrg/javascript/easyui/themes/default/tree.css HTTP/1.1" 404 1090
180.162.112.81 - - [18/Apr/2021:10:57:08 +0800] "POST /xingrg/all/common/load_tree.html?tree=supplier_tree_json&isDelete=1 HTTP/1.1" 200 54827
114.86.187.76 - - [18/Apr/2021:10:57:08 +0800] "GET /xingrg/all/function/internal_message.html?_=1618714625899&CODE_STATE=getMsg HTTP/1.1" 200 27
116.230.114.112 - - [18/Apr/2021:10:57:08 +0800] "POST /xingrg/kc/buy/cgsh_order_operate.html HTTP/1.1" 200 37
117.185.32.26 - - [18/Apr/2021:10:57:09 +0800] "GET /xingrg/kc/buy/cgsh_order_operate.html?command=get_materiel&rest_code=00106&code=00101008234&supplier_code=00100007&order_time=2021-04-18 HTTP/1.1" 200 408
116.230.114.112 - - [18/Apr/2021:10:57:10 +0800] "POST /xingrg/kc/buy/cgsh_order_operate.html HTTP/1.1" 200 3845
116.230.114.112 - - [18/Apr/2021:10:57:12 +0800] "GET /xingrg/kc/print/load_data.html?order_code=212021041807430&kc_code=cgsh&condition= HTTP/1.1" 200 1128
116.238.141.202 - - [18/Apr/2021:10:57:16 +0800] "POST /xingrg/kc/base/wldb_order_operate.html HTTP/1.1" 200 37
117.185.32.26 - - [18/Apr/2021:10:57:17 +0800] "GET /xingrg/kc/buy/cgsh_order_operate.html?command=get_materiel&rest_code=00106&code=00101008155&supplier_code=00100007&order_time=2021-04-18 HTTP/1.1" 200 408
116.238.141.202 - - [18/Apr/2021:10:57:18 +0800] "POST /xingrg/kc/base/wldb_order_operate.html HTTP/1.1" 200 12
116.238.141.202 - - [18/Apr/2021:10:57:18 +0800] "POST /xingrg/kc/base/wldb_order_operate.html HTTP/1.1" 200 4686
116.224.253.72 - - [18/Apr/2021:10:57:18 +0800] "GET /xingrg/all/function/internal_message.html?_=1618714623716&CODE_STATE=getMsg HTTP/1.1" 200 27
116.224.253.72 - - [18/Apr/2021:10:57:19 +0800] "GET /xingrg/all/function/internal_message.html?_=1618714636829&CODE_STATE=getMsg HTTP/1.1" 200 27
116.238.141.202 - - [18/Apr/2021:10:57:19 +0800] "GET /xingrg/kc/base/wldb_order_info.html?code=422021041801829 HTTP/1.1" 200 26419
116.238.141.202 - - [18/Apr/2021:10:57:20 +0800] "POST /xingrg/kc/base/wldb_order_operate.html HTTP/1.1" 200 2924
116.238.141.202 - - [18/Apr/2021:10:57:21 +0800] "GET /xingrg/javascript/easyui/themes/default/validatebox.css HTTP/1.1" 404 1104
116.238.141.202 - - [18/Apr/2021:10:57:25 +0800] "GET /xingrg/kc/buy/cgsh_order_list.html HTTP/1.1" 200 46410
116.238.141.202 - - [18/Apr/2021:10:57:25 +0800] "GET /xingrg/javascript/easyui/themes/icons/check_new.png HTTP/1.1" 200 3224
116.238.141.202 - - [18/Apr/2021:10:57:25 +0800] "GET /xingrg/javascript/easyui/themes/icons/field_new.png HTTP/1.1" 200 1097
116.238.141.202 - - [18/Apr/2021:10:57:25 +0800] "GET /xingrg/javascript/easyui/themes/icons/import_new.png HTTP/1.1" 200 1247
58.37.228.113 - - [18/Apr/2021:10:57:26 +0800] "GET /xingrg/all/function/internal_message.html?_=1618714644751&CODE_STATE=getMsg HTTP/1.1" 200 27
116.238.141.202 - - [18/Apr/2021:10:57:26 +0800] "POST /xingrg/kc/buy/cgsh_list_operate.html HTTP/1.1" 200 876
117.185.32.26 - - [18/Apr/2021:10:57:26 +0800] "GET /xingrg/kc/buy/cgsh_order_operate.html?command=get_materiel&rest_code=00106&code=00101008354&supplier_code=00100007&order_time=2021-04-18 HTTP/1.1" 200 412
116.238.141.202 - - [18/Apr/2021:10:57:26 +0800] "GET /xingrg/kc/buy/cgsh_order_add.html HTTP/1.1" 200 62107
116.238.141.202 - - [18/Apr/2021:10:57:27 +0800] "POST /xingrg/kc/buy/cgsh_order_operate.html HTTP/1.1" 200 8245
116.238.141.202 - - [18/Apr/2021:10:57:27 +0800] "GET /xingrg/javascript/easyui/themes/default/validatebox.css HTTP/1.1" 404 1104
116.230.114.112 - - [18/Apr/2021:10:57:28 +0800] "GET /xingrg/kc/buy/cgsh_order_add.html HTTP/1.1" 200 62154
116.230.114.112 - - [18/Apr/2021:10:57:29 +0800] "POST /xingrg/kc/buy/cgsh_order_operate.html HTTP/1.1" 200 8245
116.230.114.112 - - [18/Apr/2021:10:57:29 +0800] "GET /xingrg/javascript/easyui/themes/default/validatebox.css HTTP/1.1" 404 1104
61.165.42.208 - - [18/Apr/2021:10:57:31 +0800] "GET /xingrg/kc/buy/cgsh_order_operate.html?command=get_materiel&rest_code=00105&code=00101019215&supplier_code=00100337&order_time=2021-04-18 HTTP/1.1" 200 449
58.37.228.113 - - [18/Apr/2021:10:57:31 +0800] "GET /xingrg/all/function/internal_message.html?_=1618714627867&CODE_STATE=getMsg HTTP/1.1" 200 27
114.86.187.76 - - [18/Apr/2021:10:57:31 +0800] "GET /xingrg/javascript/jquery_easy_ui/themes/default/images/tabs_active.png HTTP/1.1" 304 -
222.69.131.239 - - [18/Apr/2021:10:57:31 +0800] "GET /xingrg/all/function/internal_message.html?_=1618714648695&CODE_STATE=getMsg HTTP/1.1" 200 27
180.169.147.146 - - [18/Apr/2021:10:57:32 +0800] "GET /xingrg/all/function/internal_message.html?_=1618714643816&CODE_STATE=getMsg HTTP/1.1" 200 27
114.86.187.76 - - [18/Apr/2021:10:57:32 +0800] "GET /xingrg/css/site.css HTTP/1.1" 304 -
114.86.187.76 - - [18/Apr/2021:10:57:32 +0800] "GET /xingrg/javascript/jquery_tools/datebox.css HTTP/1.1" 304 -
114.86.187.76 - - [18/Apr/2021:10:57:32 +0800] "GET /xingrg/javascript/easyui/themes/default/easyui.css HTTP/1.1" 304 -
114.86.187.76 - - [18/Apr/2021:10:57:32 +0800] "GET /xingrg/javascript/easyui/themes/icon.css HTTP/1.1" 304 -
114.86.187.76 - - [18/Apr/2021:10:57:32 +0800] "GET /xingrg/javascript/auto/jquery.autocomplete.css HTTP/1.1" 304 -
114.86.187.76 - - [18/Apr/2021:10:57:32 +0800] "GET /xingrg/kc/buy/cgsh_order_list.html HTTP/1.1" 200 46416
114.86.187.76 - - [18/Apr/2021:10:57:32 +0800] "GET /xingrg/css/base.css HTTP/1.1" 304 -
114.86.187.76 - - [18/Apr/2021:10:57:32 +0800] "GET /xingrg/javascript/jquery_tools/jquery.tools.extend.js HTTP/1.1" 304 -
114.86.187.76 - - [18/Apr/2021:10:57:32 +0800] "GET /xingrg/javascript/jquery_tools/jquery.tools.hotkey.js HTTP/1.1" 304 -
114.86.187.76 - - [18/Apr/2021:10:57:32 +0800] "GET /xingrg/javascript/jquery_tools/jquery.tools.table.js HTTP/1.1" 304 -
114.86.187.76 - - [18/Apr/2021:10:57:32 +0800] "GET /xingrg/javascript/easyui/easyloader.js HTTP/1.1" 304 -
114.86.187.76 - - [18/Apr/2021:10:57:32 +0800] "GET /xingrg/javascript/jquery_tools/list_manager.js HTTP/1.1" 304 -
114.86.187.76 - - [18/Apr/2021:10:57:32 +0800] "GET /xingrg/javascript/auto/jquery.autocomplete.js HTTP/1.1" 304 -
114.86.187.76 - - [18/Apr/2021:10:57:32 +0800] "GET /xingrg/javascript/jquery_tools/fix.css HTTP/1.1" 304 -
114.86.187.76 - - [18/Apr/2021:10:57:32 +0800] "GET /xingrg/javascript/jquery_tools/table.css HTTP/1.1" 304 -
114.86.187.76 - - [18/Apr/2021:10:57:32 +0800] "GET /xingrg/javascript/jquery_tools/jquery.tools.min.js HTTP/1.1" 304 -
114.86.187.76 - - [18/Apr/2021:10:57:32 +0800] "GET /xingrg/javascript/jquery.utils.js HTTP/1.1" 304 -
114.86.187.76 - - [18/Apr/2021:10:57:32 +0800] "GET /xingrg/javascript/jquery.cookie.js HTTP/1.1" 304 -
114.86.187.76 - - [18/Apr/2021:10:57:32 +0800] "GET /xingrg/javascript/print/LodopFuncs.js HTTP/1.1" 304 -
114.86.187.76 - - [18/Apr/2021:10:57:32 +0800] "GET /xingrg/javascript/easyui/plugins/jquery.parser.js HTTP/1.1" 304 -
180.162.112.81 - - [18/Apr/2021:10:57:33 +0800] "GET /xingrg/javascript/auto/indicator.gif HTTP/1.1" 404 1066
114.86.187.76 - - [18/Apr/2021:10:57:34 +0800] "POST /xingrg/kc/buy/cgsh_list_operate.html HTTP/1.1" 200 2740
114.88.167.174 - - [18/Apr/2021:10:57:35 +0800] "GET /xingrg/all/function/internal_message.html?_=1618714652595&CODE_STATE=getMsg HTTP/1.1" 200 27
117.185.32.26 - - [18/Apr/2021:10:57:37 +0800] "GET /xingrg/all/function/internal_message.html?_=1618714650770&CODE_STATE=getMsg HTTP/1.1" 200 27
124.77.71.179 - - [18/Apr/2021:10:57:37 +0800] "GET /xingrg/check_reg.html?_=1618714654810 HTTP/1.1" 200 22
101.85.94.178 - - [18/Apr/2021:10:57:38 +0800] "GET /xingrg/all/function/internal_message.html?_=1618714193836&CODE_STATE=getMsg HTTP/1.1" 200 27
180.162.112.81 - - [18/Apr/2021:10:57:41 +0800] "GET /xingrg/kc/buy/cgsh_order_operate.html?command=get_materiel&rest_code=00143&code=00101010161&supplier_code=00100258&order_time=2021-04-18 HTTP/1.1" 200 410
124.77.71.179 - - [18/Apr/2021:10:57:41 +0800] "GET /xingrg/all/function/internal_message.html?_=1618714659237&CODE_STATE=getMsg HTTP/1.1" 200 27
116.230.114.112 - - [18/Apr/2021:10:57:42 +0800] "GET /xingrg/kc/buy/cgsh_order_operate.html?command=get_materiel&rest_code=00146&code=00101006055&supplier_code=00100012&order_time=2021-04-18 HTTP/1.1" 200 409
61.165.42.208 - - [18/Apr/2021:10:57:44 +0800] "POST /xingrg/kc/buy/cgsh_order_operate.html HTTP/1.1" 200 37
117.185.32.26 - - [18/Apr/2021:10:57:44 +0800] "GET /xingrg/kc/buy/cgsh_order_operate.html?command=get_materiel&rest_code=00106&code=00101008110&supplier_code=00100007&order_time=2021-04-18 HTTP/1.1" 200 408
116.230.114.112 - - [18/Apr/2021:10:57:45 +0800] "GET /xingrg/all/function/internal_message.html?_=1618714663938&CODE_STATE=getMsg HTTP/1.1" 302 -
116.230.114.112 - - [18/Apr/2021:10:57:45 +0800] "GET /xingrg/check_reg.html?_=1618714664658 HTTP/1.1" 200 22
61.165.42.208 - - [18/Apr/2021:10:57:45 +0800] "POST /xingrg/kc/buy/cgsh_order_operate.html HTTP/1.1" 200 3260
61.165.42.208 - - [18/Apr/2021:10:57:47 +0800] "GET /xingrg/kc/print/load_data.html?order_code=212021041807431&kc_code=cgsh&condition= HTTP/1.1" 200 908
61.165.42.208 - - [18/Apr/2021:10:57:50 +0800] "GET /xingrg/kc/buy/cgsh_order_add.html HTTP/1.1" 200 62195
61.165.42.208 - - [18/Apr/2021:10:57:51 +0800] "GET /xingrg/javascript/easyui/themes/default/validatebox.css HTTP/1.1" 404 1104
61.165.42.208 - - [18/Apr/2021:10:57:51 +0800] "POST /xingrg/kc/buy/cgsh_order_operate.html HTTP/1.1" 200 8245
180.162.112.81 - - [18/Apr/2021:10:57:55 +0800] "GET /xingrg/all/function/internal_message.html?_=1618714434421&CODE_STATE=getMsg HTTP/1.1" 200 27
180.169.147.146 - - [18/Apr/2021:10:57:56 +0800] "GET /xingrg/all/function/internal_message.html?_=1618714520909&CODE_STATE=getMsg HTTP/1.1" 200 27
117.185.32.26 - - [18/Apr/2021:10:57:56 +0800] "GET /xingrg/all/function/internal_message.html?_=1618715194635&CODE_STATE=getMsg HTTP/1.1" 200 27
116.230.114.112 - - [18/Apr/2021:10:57:57 +0800] "GET /xingrg/kc/buy/cgsh_order_operate.html?command=get_materiel&rest_code=00146&code=00101006065&supplier_code=00100012&order_time=2021-04-18 HTTP/1.1" 200 409
61.165.42.208 - - [18/Apr/2021:10:58:01 +0800] "GET /xingrg/all/function/internal_message.html?_=1618714678941&CODE_STATE=getMsg HTTP/1.1" 200 27
116.238.141.202 - - [18/Apr/2021:10:58:01 +0800] "GET /xingrg/javascript/jquery_tools/images/prev.gif HTTP/1.1" 404 1086
116.238.141.202 - - [18/Apr/2021:10:58:01 +0800] "GET /xingrg/javascript/jquery_tools/images/next.gif HTTP/1.1" 404 1086
222.70.217.33 - - [18/Apr/2021:10:58:01 +0800] "GET /xingrg/all/function/internal_message.html?_=1618714678969&CODE_STATE=getMsg HTTP/1.1" 200 27
61.165.42.208 - - [18/Apr/2021:10:58:01 +0800] "GET /xingrg/kc/buy/cgsh_order_operate.html?command=get_materiel&rest_code=00105&code=00101010355&supplier_code=00100329&order_time=2021-04-18 HTTP/1.1" 200 426
117.185.32.26 - - [18/Apr/2021:10:58:01 +0800] "GET /xingrg/kc/buy/cgsh_order_operate.html?command=get_materiel&rest_code=00106&code=00101008096&supplier_code=00100007&order_time=2021-04-18 HTTP/1.1" 200 412
116.230.114.112 - - [18/Apr/2021:10:58:02 +0800] "GET /xingrg/all/function/internal_message.html?_=1618714681163&CODE_STATE=getMsg HTTP/1.1" 200 27
114.88.167.174 - - [18/Apr/2021:10:58:02 +0800] "GET /xingrg/all/function/internal_message.html?_=1618714683361&CODE_STATE=getMsg HTTP/1.1" 200 27
114.88.167.174 - - [18/Apr/2021:10:58:03 +0800] "POST /xingrg/kc/buy/cgsh_order_operate.html HTTP/1.1" 200 37
116.238.141.202 - - [18/Apr/2021:10:58:04 +0800] "GET /xingrg/javascript/easyui/themes/default/tree.css HTTP/1.1" 404 1090
116.238.141.202 - - [18/Apr/2021:10:58:04 +0800] "POST /xingrg/all/common/load_tree.html?tree=supplier_tree_json&isDelete=1 HTTP/1.1" 200 54827
114.88.167.174 - - [18/Apr/2021:10:58:05 +0800] "POST /xingrg/kc/buy/cgsh_order_operate.html HTTP/1.1" 200 37527
114.86.187.76 - - [18/Apr/2021:10:58:08 +0800] "GET /xingrg/all/function/internal_message.html?_=1618714686132&CODE_STATE=getMsg HTTP/1.1" 200 27
180.162.112.81 - - [18/Apr/2021:10:58:09 +0800] "GET /xingrg/kc/buy/cgsh_order_operate.html?command=get_materiel&rest_code=00143&code=00101001053&supplier_code=00100258&order_time=2021-04-18 HTTP/1.1" 200 411
183.192.164.97 - - [18/Apr/2021:10:58:09 +0800] "GET /xingrg/kc/buy/cgsh_order_operate.html?command=get_materiel&rest_code=00106&code=00101008234&supplier_code=00100007&order_time=2021-04-18 HTTP/1.1" 302 -
183.192.164.97 - - [18/Apr/2021:10:58:12 +0800] "GET /xingrg/login.html HTTP/1.1" 200 7641
116.230.114.112 - - [18/Apr/2021:10:58:12 +0800] "GET /xingrg/kc/buy/cgsh_order_operate.html?command=get_materiel&rest_code=00146&code=00101006250&supplier_code=00100012&order_time=2021-04-18 HTTP/1.1" 200 399
61.165.42.208 - - [18/Apr/2021:10:58:15 +0800] "POST /xingrg/kc/buy/cgsh_order_operate.html HTTP/1.1" 200 37
183.192.164.71 - - [18/Apr/2021:10:58:17 +0800] "GET /xingrg/kc/buy/cgsh_order_operate.html?command=get_materiel&rest_code=00106&code=00101008155&supplier_code=00100007&order_time=2021-04-18 HTTP/1.1" 302 -
183.192.164.71 - - [18/Apr/2021:10:58:17 +0800] "GET /xingrg/login.html HTTP/1.1" 200 7641
