116.224.253.72 - - [18/Apr/2021:09:33:56 +0800] "GET /xingrg/javascript/auto/indicator.gif HTTP/1.1" 404 1066
222.70.217.33 - - [18/Apr/2021:09:33:57 +0800] "GET /xingrg/kc/buy/cgsh_order_operate.html?command=get_materiel&rest_code=00155&code=00101008033&supplier_code=00100005&order_time=2021-04-18 HTTP/1.1" 200 408
114.88.167.174 - - [18/Apr/2021:09:33:57 +0800] "GET /xingrg/kc/buy/cgsh_order_operate.html?command=get_materiel&rest_code=00111&code=00101002027&supplier_code=00100199&order_time=2021-04-18 HTTP/1.1" 200 413
114.86.187.76 - - [18/Apr/2021:09:33:59 +0800] "GET /xingrg/login.html HTTP/1.1" 200 7641
114.86.187.76 - - [18/Apr/2021:09:33:59 +0800] "GET /xingrg/images/blue/jxLogo.png HTTP/1.1" 304 -
114.86.187.76 - - [18/Apr/2021:09:33:59 +0800] "GET /xingrg/images/blue/login_bg.png HTTP/1.1" 304 -
114.86.187.76 - - [18/Apr/2021:09:33:59 +0800] "GET /xingrg/images/blue/hj.png HTTP/1.1" 304 -
114.86.187.76 - - [18/Apr/2021:09:33:59 +0800] "GET /xingrg/images/blue/srbg.png HTTP/1.1" 304 -
114.86.187.76 - - [18/Apr/2021:09:33:59 +0800] "GET /favicon.ico HTTP/1.1" 404 -
61.165.42.208 - - [18/Apr/2021:09:34:01 +0800] "GET /xingrg/all/function/internal_message.html?_=1618709639274&CODE_STATE=getMsg HTTP/1.1" 200 27
116.224.253.72 - - [18/Apr/2021:09:34:02 +0800] "GET /xingrg/kc/buy/cgsh_order_operate.html?command=get_materiel&rest_code=00151&code=00101011005&supplier_code=00100047&order_time=2021-04-18 HTTP/1.1" 200 428
114.86.187.76 - - [18/Apr/2021:09:34:02 +0800] "POST /xingrg/login.do HTTP/1.1" 302 -
114.86.187.76 - - [18/Apr/2021:09:34:03 +0800] "GET /xingrg/index.html?sysBaseUrl=http%3A%2F%2F180.169.147.146%3A18081%2Fxingrg%2F&costTime=48×tamp=1618709642999 HTTP/1.1" 200 17179
114.86.187.76 - - [18/Apr/2021:09:34:03 +0800] "GET /xingrg/javascript/jquery_easy_ui/themes/default/easyui.css HTTP/1.1" 304 -
114.86.187.76 - - [18/Apr/2021:09:34:03 +0800] "GET /xingrg/javascript/jquery_easy_ui/themes/icon.css HTTP/1.1" 304 -
114.86.187.76 - - [18/Apr/2021:09:34:03 +0800] "GET /xingrg/javascript/jquery-1.4.2.min.js HTTP/1.1" 304 -
114.86.187.76 - - [18/Apr/2021:09:34:03 +0800] "GET /xingrg/css/form.css HTTP/1.1" 304 -
114.86.187.76 - - [18/Apr/2021:09:34:03 +0800] "GET /xingrg/javascript/jquery_easy_ui/jquery.easyui.min.js HTTP/1.1" 304 -
114.86.187.76 - - [18/Apr/2021:09:34:03 +0800] "GET /xingrg/javascript/jquery.form.js HTTP/1.1" 304 -
114.86.187.76 - - [18/Apr/2021:09:34:03 +0800] "GET /xingrg/javascript/jquery_easy_ui/easyui-lang-zh_CN.js HTTP/1.1" 304 -
114.86.187.76 - - [18/Apr/2021:09:34:03 +0800] "GET /xingrg/javascript/jquery.utils.js HTTP/1.1" 304 -
114.86.187.76 - - [18/Apr/2021:09:34:03 +0800] "GET /xingrg/javascript/jquery.timers.js HTTP/1.1" 304 -
114.86.187.76 - - [18/Apr/2021:09:34:03 +0800] "GET /favicon.ico HTTP/1.1" 404 -
114.86.187.76 - - [18/Apr/2021:09:34:03 +0800] "GET /xingrg/images/blue/jxLogo.png HTTP/1.1" 304 -
114.86.187.76 - - [18/Apr/2021:09:34:03 +0800] "GET /xingrg/images/blue/navBackgound.jpg HTTP/1.1" 304 -
114.86.187.76 - - [18/Apr/2021:09:34:03 +0800] "GET /xingrg/javascript/jquery_easy_ui/themes/icons/settle_new.png HTTP/1.1" 304 -
114.86.187.76 - - [18/Apr/2021:09:34:03 +0800] "GET /xingrg/images/blue/pingpu.png HTTP/1.1" 304 -
114.86.187.76 - - [18/Apr/2021:09:34:03 +0800] "POST /xingrg/all/common/load_tree.html?tree=area_rest_tree_json&manage=1 HTTP/1.1" 200 351
114.86.187.76 - - [18/Apr/2021:09:34:03 +0800] "GET /xingrg/javascript/jquery_easy_ui/themes/default/images/tabs_leftarrow.png HTTP/1.1" 304 -
114.86.187.76 - - [18/Apr/2021:09:34:03 +0800] "GET /xingrg/javascript/jquery_easy_ui/themes/default/images/tabs_rightarrow.png HTTP/1.1" 304 -
114.86.187.76 - - [18/Apr/2021:09:34:03 +0800] "GET /xingrg/javascript/jquery_easy_ui/themes/default/images/panel_tool_collapse.gif HTTP/1.1" 304 -
222.69.131.239 - - [18/Apr/2021:09:34:03 +0800] "GET /xingrg/kc/buy/cgsh_order_add.html HTTP/1.1" 200 62201
114.86.187.76 - - [18/Apr/2021:09:34:03 +0800] "GET /xingrg/check_reg.html?_=1618709641026 HTTP/1.1" 200 22
114.86.187.76 - - [18/Apr/2021:09:34:03 +0800] "GET /xingrg/all/function/internal_message.html?_=1618709641024&CODE_STATE=count HTTP/1.1" 200 11
114.86.187.76 - - [18/Apr/2021:09:34:03 +0800] "POST /xingrg/load_menu.html HTTP/1.1" 200 5138
222.69.131.239 - - [18/Apr/2021:09:34:03 +0800] "POST /xingrg/kc/buy/cgsh_order_operate.html HTTP/1.1" 200 8245
222.69.131.239 - - [18/Apr/2021:09:34:03 +0800] "GET /xingrg/javascript/easyui/themes/default/validatebox.css HTTP/1.1" 404 1104
114.86.187.76 - - [18/Apr/2021:09:34:03 +0800] "GET /xingrg/javascript/jquery_easy_ui/themes/default/images/tree_arrows.gif HTTP/1.1" 304 -
114.86.187.76 - - [18/Apr/2021:09:34:03 +0800] "GET /xingrg/javascript/jquery_easy_ui/themes/default/images/tree_folder_open.gif HTTP/1.1" 304 -
114.86.187.76 - - [18/Apr/2021:09:34:03 +0800] "GET /xingrg/javascript/jquery_easy_ui/themes/icons/search_new.png HTTP/1.1" 304 -
114.86.187.76 - - [18/Apr/2021:09:34:04 +0800] "GET /xingrg/javascript/jquery_easy_ui/themes/default/images/tree_folder.gif HTTP/1.1" 304 -
114.86.187.76 - - [18/Apr/2021:09:34:04 +0800] "GET /xingrg/javascript/jquery_easy_ui/themes/icons/storage_new.png HTTP/1.1" 304 -
114.86.187.76 - - [18/Apr/2021:09:34:04 +0800] "GET /xingrg/javascript/jquery_easy_ui/themes/icons/forms_new.png HTTP/1.1" 304 -
114.86.187.76 - - [18/Apr/2021:09:34:04 +0800] "GET /xingrg/javascript/jquery_easy_ui/themes/default/images/tree_file.gif HTTP/1.1" 304 -
114.88.167.174 - - [18/Apr/2021:09:34:04 +0800] "GET /xingrg/all/function/internal_message.html?_=1618709644820&CODE_STATE=getMsg HTTP/1.1" 200 27
114.86.187.76 - - [18/Apr/2021:09:34:05 +0800] "GET /xingrg/javascript/jquery_easy_ui/themes/default/images/tabs_close.gif HTTP/1.1" 304 -
114.86.187.76 - - [18/Apr/2021:09:34:05 +0800] "GET /xingrg/kc/buy/cgsh_order_list.html HTTP/1.1" 200 46416
114.86.187.76 - - [18/Apr/2021:09:34:05 +0800] "GET /xingrg/css/base.css HTTP/1.1" 304 -
114.86.187.76 - - [18/Apr/2021:09:34:05 +0800] "GET /xingrg/css/site.css HTTP/1.1" 304 -
114.86.187.76 - - [18/Apr/2021:09:34:05 +0800] "GET /xingrg/javascript/jquery_tools/datebox.css HTTP/1.1" 304 -
114.86.187.76 - - [18/Apr/2021:09:34:05 +0800] "GET /xingrg/javascript/auto/jquery.autocomplete.css HTTP/1.1" 304 -
114.86.187.76 - - [18/Apr/2021:09:34:05 +0800] "GET /xingrg/javascript/easyui/themes/icon.css HTTP/1.1" 304 -
114.86.187.76 - - [18/Apr/2021:09:34:05 +0800] "GET /xingrg/javascript/easyui/themes/default/easyui.css HTTP/1.1" 304 -
114.86.187.76 - - [18/Apr/2021:09:34:05 +0800] "GET /xingrg/javascript/jquery_tools/table.css HTTP/1.1" 304 -
114.86.187.76 - - [18/Apr/2021:09:34:05 +0800] "GET /xingrg/javascript/jquery_tools/jquery.tools.extend.js HTTP/1.1" 304 -
114.86.187.76 - - [18/Apr/2021:09:34:05 +0800] "GET /xingrg/javascript/jquery_tools/fix.css HTTP/1.1" 304 -
114.86.187.76 - - [18/Apr/2021:09:34:05 +0800] "GET /xingrg/javascript/jquery_tools/list_manager.js HTTP/1.1" 304 -
114.86.187.76 - - [18/Apr/2021:09:34:05 +0800] "GET /xingrg/javascript/jquery_tools/jquery.tools.table.js HTTP/1.1" 304 -
114.86.187.76 - - [18/Apr/2021:09:34:05 +0800] "GET /xingrg/javascript/jquery_tools/jquery.tools.min.js HTTP/1.1" 304 -
114.86.187.76 - - [18/Apr/2021:09:34:05 +0800] "GET /xingrg/javascript/auto/jquery.autocomplete.js HTTP/1.1" 304 -
114.86.187.76 - - [18/Apr/2021:09:34:05 +0800] "GET /xingrg/javascript/jquery_tools/jquery.tools.hotkey.js HTTP/1.1" 304 -
114.86.187.76 - - [18/Apr/2021:09:34:05 +0800] "GET /xingrg/javascript/jquery.utils.js HTTP/1.1" 304 -
114.86.187.76 - - [18/Apr/2021:09:34:05 +0800] "GET /xingrg/javascript/easyui/easyloader.js HTTP/1.1" 304 -
114.86.187.76 - - [18/Apr/2021:09:34:05 +0800] "GET /xingrg/javascript/jquery.cookie.js HTTP/1.1" 304 -
114.86.187.76 - - [18/Apr/2021:09:34:05 +0800] "GET /xingrg/javascript/print/LodopFuncs.js HTTP/1.1" 304 -
114.86.187.76 - - [18/Apr/2021:09:34:06 +0800] "GET /xingrg/javascript/easyui/themes/icons/edit_add_new.png HTTP/1.1" 304 -
114.86.187.76 - - [18/Apr/2021:09:34:06 +0800] "GET /xingrg/javascript/easyui/themes/icons/field_new.png HTTP/1.1" 304 -
114.86.187.76 - - [18/Apr/2021:09:34:06 +0800] "GET /xingrg/javascript/easyui/themes/icons/check_new.png HTTP/1.1" 304 -
114.86.187.76 - - [18/Apr/2021:09:34:06 +0800] "GET /xingrg/javascript/easyui/themes/icons/cance_new.png HTTP/1.1" 304 -
114.86.187.76 - - [18/Apr/2021:09:34:06 +0800] "GET /xingrg/javascript/easyui/themes/icons/import_new.png HTTP/1.1" 304 -
114.86.187.76 - - [18/Apr/2021:09:34:06 +0800] "GET /xingrg/javascript/easyui/plugins/jquery.parser.js HTTP/1.1" 304 -
114.86.187.76 - - [18/Apr/2021:09:34:06 +0800] "GET /xingrg/images/control/ajaxLoader.gif HTTP/1.1" 304 -
114.86.187.76 - - [18/Apr/2021:09:34:06 +0800] "GET /xingrg/javascript/jquery_easy_ui/themes/icons/area.png HTTP/1.1" 304 -
114.86.187.76 - - [18/Apr/2021:09:34:06 +0800] "GET /xingrg/javascript/jquery_easy_ui/themes/icons/rest.png HTTP/1.1" 304 -
114.86.231.72 - - [18/Apr/2021:09:34:07 +0800] "GET /xingrg/all/function/internal_message.html?_=1618709644645&CODE_STATE=getMsg HTTP/1.1" 200 27
114.86.187.76 - - [18/Apr/2021:09:34:07 +0800] "POST /xingrg/kc/buy/cgsh_list_operate.html HTTP/1.1" 200 876
114.88.167.174 - - [18/Apr/2021:09:34:07 +0800] "GET /xingrg/kc/buy/cgsh_order_operate.html?command=get_materiel&rest_code=00111&code=00101002007&supplier_code=00100199&order_time=2021-04-18 HTTP/1.1" 200 409
114.86.187.76 - - [18/Apr/2021:09:34:09 +0800] "GET /xingrg/javascript/easyui/themes/default/images/button_plain_hover.png HTTP/1.1" 304 -
114.86.187.76 - - [18/Apr/2021:09:34:09 +0800] "GET /xingrg/javascript/easyui/themes/default/images/button_plain_hover.png HTTP/1.1" 304 -
114.86.187.76 - - [18/Apr/2021:09:34:09 +0800] "GET /xingrg/javascript/easyui/themes/default/images/button_plain_hover.png HTTP/1.1" 304 -
114.86.187.76 - - [18/Apr/2021:09:34:09 +0800] "GET /xingrg/javascript/easyui/themes/default/images/button_plain_hover.png HTTP/1.1" 304 -
114.86.187.76 - - [18/Apr/2021:09:34:09 +0800] "GET /xingrg/javascript/easyui/themes/default/images/button_plain_hover.png HTTP/1.1" 304 -
114.86.187.76 - - [18/Apr/2021:09:34:09 +0800] "GET /xingrg/javascript/easyui/themes/default/images/button_plain_hover.png HTTP/1.1" 304 -
222.70.217.33 - - [18/Apr/2021:09:34:09 +0800] "GET /xingrg/all/function/internal_message.html?_=1618709647229&CODE_STATE=getMsg HTTP/1.1" 200 27
116.238.141.202 - - [18/Apr/2021:09:34:10 +0800] "GET /xingrg/kc/buy/cgsh_order_operate.html?command=get_materiel&rest_code=00102&code=00101012030&supplier_code=00100096&order_time=2021-04-18 HTTP/1.1" 200 416
114.86.187.76 - - [18/Apr/2021:09:34:10 +0800] "GET /xingrg/css/base.css HTTP/1.1" 304 -
114.86.187.76 - - [18/Apr/2021:09:34:10 +0800] "GET /xingrg/css/site.css HTTP/1.1" 304 -
114.86.187.76 - - [18/Apr/2021:09:34:10 +0800] "GET /xingrg/javascript/jquery_tools/datebox.css HTTP/1.1" 304 -
114.86.187.76 - - [18/Apr/2021:09:34:10 +0800] "GET /xingrg/javascript/easyui/themes/default/easyui.css HTTP/1.1" 304 -
114.86.187.76 - - [18/Apr/2021:09:34:10 +0800] "GET /xingrg/javascript/easyui/themes/icon.css HTTP/1.1" 304 -
114.86.187.76 - - [18/Apr/2021:09:34:10 +0800] "GET /xingrg/javascript/auto/jquery.autocomplete.css HTTP/1.1" 304 -
114.86.187.76 - - [18/Apr/2021:09:34:10 +0800] "GET /xingrg/javascript/jquery_tools/table.css HTTP/1.1" 304 -
114.86.187.76 - - [18/Apr/2021:09:34:10 +0800] "GET /xingrg/javascript/jquery_tools/fix.css HTTP/1.1" 304 -
114.86.187.76 - - [18/Apr/2021:09:34:10 +0800] "GET /xingrg/javascript/pic_change.js HTTP/1.1" 304 -
114.86.187.76 - - [18/Apr/2021:09:34:10 +0800] "GET /xingrg/javascript/auto/jquery.autocomplete.js HTTP/1.1" 304 -
114.86.187.76 - - [18/Apr/2021:09:34:10 +0800] "GET /xingrg/javascript/jquery_tools/jquery.tools.min.js HTTP/1.1" 304 -
114.86.187.76 - - [18/Apr/2021:09:34:10 +0800] "GET /xingrg/javascript/jquery_tools/jquery.tools.extend.js HTTP/1.1" 304 -
114.86.187.76 - - [18/Apr/2021:09:34:10 +0800] "GET /xingrg/javascript/jquery_tools/jquery.tools.hotkey.js HTTP/1.1" 304 -
114.86.187.76 - - [18/Apr/2021:09:34:10 +0800] "GET /xingrg/kc/buy/cgsh_order_add.html HTTP/1.1" 200 62148
114.86.187.76 - - [18/Apr/2021:09:34:10 +0800] "GET /xingrg/javascript/easyui/easyloader.js HTTP/1.1" 304 -
114.86.187.76 - - [18/Apr/2021:09:34:10 +0800] "GET /xingrg/javascript/jquery.utils.js HTTP/1.1" 304 -
114.86.187.76 - - [18/Apr/2021:09:34:10 +0800] "GET /xingrg/javascript/jquery_tools/jquery.tools.table.js HTTP/1.1" 304 -
114.86.187.76 - - [18/Apr/2021:09:34:10 +0800] "GET /xingrg/javascript/convert.js HTTP/1.1" 304 -
114.86.187.76 - - [18/Apr/2021:09:34:10 +0800] "GET /xingrg/javascript/json2.js HTTP/1.1" 304 -
114.86.187.76 - - [18/Apr/2021:09:34:10 +0800] "GET /xingrg/javascript/print/LodopFuncs.js HTTP/1.1" 304 -
114.86.187.76 - - [18/Apr/2021:09:34:10 +0800] "GET /xingrg/javascript/jquery.cookie.js HTTP/1.1" 304 -
114.86.187.76 - - [18/Apr/2021:09:34:10 +0800] "GET /xingrg/javascript/print/kc_print.js HTTP/1.1" 304 -
114.86.187.76 - - [18/Apr/2021:09:34:10 +0800] "GET /xingrg/javascript/jquery_tools/order_manager.js HTTP/1.1" 304 -
114.86.187.76 - - [18/Apr/2021:09:34:10 +0800] "GET /xingrg/words/20210418091631_words.js HTTP/1.1" 200 806180
114.86.187.76 - - [18/Apr/2021:09:34:10 +0800] "GET /xingrg/javascript/easyui/themes/icons/copy_new.png HTTP/1.1" 304 -
114.86.187.76 - - [18/Apr/2021:09:34:10 +0800] "GET /xingrg/javascript/easyui/themes/icons/template_new.png HTTP/1.1" 304 -
114.86.187.76 - - [18/Apr/2021:09:34:10 +0800] "GET /xingrg/javascript/easyui/themes/icons/ok.png HTTP/1.1" 304 -
114.86.187.76 - - [18/Apr/2021:09:34:10 +0800] "GET /xingrg/javascript/easyui/themes/icons/print.png HTTP/1.1" 304 -
114.86.187.76 - - [18/Apr/2021:09:34:10 +0800] "GET /xingrg/javascript/easyui/themes/default/images/menu_downarrow.png HTTP/1.1" 304 -
114.86.187.76 - - [18/Apr/2021:09:34:10 +0800] "GET /xingrg/javascript/easyui/themes/icons/cancel.png HTTP/1.1" 304 -
114.86.187.76 - - [18/Apr/2021:09:34:10 +0800] "GET /xingrg/javascript/easyui/themes/default/images/button_plain_hover.png HTTP/1.1" 304 -
114.86.187.76 - - [18/Apr/2021:09:34:11 +0800] "GET /xingrg/javascript/easyui/plugins/jquery.parser.js HTTP/1.1" 304 -
114.86.187.76 - - [18/Apr/2021:09:34:11 +0800] "POST /xingrg/kc/buy/cgsh_order_operate.html HTTP/1.1" 200 8245
114.86.187.76 - - [18/Apr/2021:09:34:11 +0800] "GET /xingrg/javascript/easyui/themes/icons/edit_remove.png HTTP/1.1" 304 -
114.86.187.76 - - [18/Apr/2021:09:34:11 +0800] "GET /xingrg/javascript/easyui/themes/default/images/button_plain_hover.png HTTP/1.1" 304 -
114.86.187.76 - - [18/Apr/2021:09:34:11 +0800] "GET /xingrg/all/common/auto_word.html?type=employee&rest_code=00148 HTTP/1.1" 200 197
114.86.187.76 - - [18/Apr/2021:09:34:11 +0800] "GET /xingrg/all/common/auto_word.html?type=employee&rest_code=00148 HTTP/1.1" 200 197
114.86.187.76 - - [18/Apr/2021:09:34:11 +0800] "GET /xingrg/javascript/easyui/themes/default/images/button_plain_hover.png HTTP/1.1" 304 -
114.86.187.76 - - [18/Apr/2021:09:34:11 +0800] "GET /xingrg/javascript/easyui/themes/default/validatebox.css HTTP/1.1" 404 1104
114.86.187.76 - - [18/Apr/2021:09:34:11 +0800] "GET /xingrg/javascript/easyui/plugins/jquery.validatebox.js HTTP/1.1" 304 -
114.86.187.76 - - [18/Apr/2021:09:34:11 +0800] "GET /xingrg/javascript/easyui/plugins/jquery.numberbox.js HTTP/1.1" 304 -
116.230.114.112 - - [18/Apr/2021:09:34:12 +0800] "POST /xingrg/kc/buy/cgsh_order_operate.html HTTP/1.1" 200 37
114.86.187.76 - - [18/Apr/2021:09:34:13 +0800] "GET /xingrg/javascript/auto/indicator.gif HTTP/1.1" 404 1066
116.224.253.72 - - [18/Apr/2021:09:34:13 +0800] "GET /xingrg/kc/buy/cgsh_order_operate.html?command=get_materiel&rest_code=00151&code=00101011001&supplier_code=00100047&order_time=2021-04-18 HTTP/1.1" 200 423
116.230.114.112 - - [18/Apr/2021:09:34:14 +0800] "POST /xingrg/kc/buy/cgsh_order_operate.html HTTP/1.1" 200 7369
114.86.187.76 - - [18/Apr/2021:09:34:14 +0800] "GET /xingrg/javascript/jquery_tools/images/prev.gif HTTP/1.1" 404 1086
114.86.187.76 - - [18/Apr/2021:09:34:14 +0800] "GET /xingrg/javascript/jquery_tools/images/next.gif HTTP/1.1" 404 1086
114.86.187.76 - - [18/Apr/2021:09:34:14 +0800] "GET /xingrg/javascript/pic_change.js HTTP/1.1" 304 -
114.86.187.76 - - [18/Apr/2021:09:34:14 +0800] "GET /xingrg/javascript/jquery_tools/jquery.tools.extend.js HTTP/1.1" 304 -
114.86.187.76 - - [18/Apr/2021:09:34:14 +0800] "GET /xingrg/javascript/jquery_tools/jquery.tools.min.js HTTP/1.1" 304 -
114.86.187.76 - - [18/Apr/2021:09:34:14 +0800] "GET /xingrg/javascript/jquery_tools/jquery.tools.table.js HTTP/1.1" 304 -
114.86.187.76 - - [18/Apr/2021:09:34:14 +0800] "GET /xingrg/javascript/jquery_tools/jquery.tools.hotkey.js HTTP/1.1" 304 -
114.86.187.76 - - [18/Apr/2021:09:34:14 +0800] "GET /xingrg/javascript/json2.js HTTP/1.1" 304 -
114.86.187.76 - - [18/Apr/2021:09:34:14 +0800] "GET /xingrg/javascript/convert.js HTTP/1.1" 304 -
114.86.187.76 - - [18/Apr/2021:09:34:14 +0800] "GET /xingrg/javascript/jquery_tools/order_manager.js HTTP/1.1" 304 -
114.86.187.76 - - [18/Apr/2021:09:34:14 +0800] "GET /xingrg/javascript/jquery.utils.js HTTP/1.1" 304 -
114.86.187.76 - - [18/Apr/2021:09:34:14 +0800] "GET /xingrg/javascript/easyui/easyloader.js HTTP/1.1" 304 -
114.86.187.76 - - [18/Apr/2021:09:34:14 +0800] "GET /xingrg/javascript/jquery.cookie.js HTTP/1.1" 304 -
114.86.187.76 - - [18/Apr/2021:09:34:14 +0800] "GET /xingrg/javascript/print/kc_print.js HTTP/1.1" 304 -
114.86.187.76 - - [18/Apr/2021:09:34:14 +0800] "GET /xingrg/javascript/print/LodopFuncs.js HTTP/1.1" 304 -
114.86.187.76 - - [18/Apr/2021:09:34:14 +0800] "GET /xingrg/javascript/auto/jquery.autocomplete.js HTTP/1.1" 304 -
114.86.187.76 - - [18/Apr/2021:09:34:14 +0800] "GET /xingrg/javascript/easyui/plugins/jquery.numberbox.js HTTP/1.1" 304 -
114.86.187.76 - - [18/Apr/2021:09:34:14 +0800] "GET /xingrg/javascript/easyui/plugins/jquery.validatebox.js HTTP/1.1" 304 -
114.86.187.76 - - [18/Apr/2021:09:34:14 +0800] "GET /xingrg/words/20210418091631_words.js HTTP/1.1" 304 -
114.86.187.76 - - [18/Apr/2021:09:34:14 +0800] "GET /xingrg/javascript/easyui/plugins/jquery.parser.js HTTP/1.1" 304 -
116.224.253.72 - - [18/Apr/2021:09:34:16 +0800] "GET /xingrg/all/function/internal_message.html?_=1618709642051&CODE_STATE=getMsg HTTP/1.1" 200 27
114.88.167.174 - - [18/Apr/2021:09:34:17 +0800] "GET /xingrg/all/function/internal_message.html?_=1618709654355&CODE_STATE=getMsg HTTP/1.1" 200 27
114.88.167.174 - - [18/Apr/2021:09:34:17 +0800] "POST /xingrg/kc/buy/cgsh_order_operate.html HTTP/1.1" 200 37
116.230.114.112 - - [18/Apr/2021:09:34:17 +0800] "GET /xingrg/kc/print/load_data.html?order_code=212021041807338&kc_code=cgsh&condition= HTTP/1.1" 200 2498
58.37.228.113 - - [18/Apr/2021:09:34:19 +0800] "GET /xingrg/javascript/auto/indicator.gif HTTP/1.1" 404 1066
114.88.167.174 - - [18/Apr/2021:09:34:19 +0800] "POST /xingrg/kc/buy/cgsh_order_operate.html HTTP/1.1" 200 3251
58.37.228.113 - - [18/Apr/2021:09:34:20 +0800] "GET /xingrg/kc/buy/cgsh_order_operate.html?command=get_materiel&rest_code=00141&code=00101001075&supplier_code=00100040&order_time=2021-04-18 HTTP/1.1" 200 409
116.224.253.72 - - [18/Apr/2021:09:34:20 +0800] "GET /xingrg/kc/buy/cgsh_order_operate.html?command=get_materiel&rest_code=00151&code=00101011010&supplier_code=00100047&order_time=2021-04-18 HTTP/1.1" 200 418
116.238.141.202 - - [18/Apr/2021:09:34:20 +0800] "GET /xingrg/kc/buy/cgsh_order_operate.html?command=get_materiel&rest_code=00102&code=00101016038&supplier_code=00100096&order_time=2021-04-18 HTTP/1.1" 200 408
222.70.217.33 - - [18/Apr/2021:09:34:21 +0800] "GET /xingrg/kc/buy/cgsh_order_operate.html?command=get_materiel&rest_code=00155&code=00101008015&supplier_code=00100005&order_time=2021-04-18 HTTP/1.1" 200 414
114.88.167.174 - - [18/Apr/2021:09:34:21 +0800] "GET /xingrg/kc/print/load_data.html?order_code=212021041807339&kc_code=cgsh&condition= HTTP/1.1" 200 891
180.169.147.146 - - [18/Apr/2021:09:34:21 +0800] "GET /xingrg/check_reg.html?_=1618709658854 HTTP/1.1" 200 22
180.169.147.146 - - [18/Apr/2021:09:34:21 +0800] "GET /xingrg/all/function/internal_message.html?_=1618709658857&CODE_STATE=getMsg HTTP/1.1" 200 27
114.88.167.174 - - [18/Apr/2021:09:34:22 +0800] "GET /xingrg/javascript/jquery_easy_ui/themes/default/images/tabs_active.png HTTP/1.1" 304 -
114.86.187.76 - - [18/Apr/2021:09:34:23 +0800] "GET /xingrg/kc/buy/cgsh_order_operate.html?command=get_materiel&rest_code=00148&code=00101006062&supplier_code=00100010&order_time=2021-04-18 HTTP/1.1" 200 409
114.86.187.76 - - [18/Apr/2021:09:34:24 +0800] "GET /xingrg/javascript/easyui/themes/default/images/button_plain_hover.png HTTP/1.1" 304 -
114.83.217.136 - - [18/Apr/2021:09:34:24 +0800] "GET /favicon.ico HTTP/1.1" 404 -
58.37.228.113 - - [18/Apr/2021:09:34:26 +0800] "GET /xingrg/all/function/internal_message.html?_=1618709664626&CODE_STATE=getMsg HTTP/1.1" 200 27
58.37.228.113 - - [18/Apr/2021:09:34:26 +0800] "GET /xingrg/check_reg.html?_=1618709664628 HTTP/1.1" 200 22
116.224.253.72 - - [18/Apr/2021:09:34:26 +0800] "POST /xingrg/kc/buy/cgsh_order_operate.html HTTP/1.1" 200 37
116.224.253.72 - - [18/Apr/2021:09:34:29 +0800] "POST /xingrg/kc/buy/cgsh_order_operate.html HTTP/1.1" 200 12
58.37.228.113 - - [18/Apr/2021:09:34:29 +0800] "GET /xingrg/kc/buy/cgsh_order_operate.html?command=get_materiel&rest_code=00141&code=00101001010&supplier_code=00100040&order_time=2021-04-18 HTTP/1.1" 200 409
120.253.135.82 - - [18/Apr/2021:09:34:30 +0800] "GET /xingrg/all/function/internal_message.html?_=1618709446201&CODE_STATE=getMsg HTTP/1.1" 200 27
116.224.253.72 - - [18/Apr/2021:09:34:30 +0800] "GET /xingrg/kc/buy/cgsh_order_info.html?code=212021041807340 HTTP/1.1" 200 56692
116.224.253.72 - - [18/Apr/2021:09:34:30 +0800] "GET /xingrg/words/20210418091631_words.js HTTP/1.1" 304 -
116.224.253.72 - - [18/Apr/2021:09:34:30 +0800] "GET /xingrg/javascript/easyui/themes/default/validatebox.css HTTP/1.1" 404 1104
116.224.253.72 - - [18/Apr/2021:09:34:31 +0800] "POST /xingrg/kc/buy/cgsh_order_operate.html HTTP/1.1" 200 1828
58.37.228.113 - - [18/Apr/2021:09:34:31 +0800] "GET /xingrg/all/function/internal_message.html?_=1618709647716&CODE_STATE=getMsg HTTP/1.1" 200 27
222.69.131.239 - - [18/Apr/2021:09:34:31 +0800] "GET /xingrg/kc/buy/cgsh_order_operate.html?command=get_materiel&rest_code=00149&code=00101006057&supplier_code=00100012&order_time=2021-04-18 HTTP/1.1" 200 413
222.69.131.239 - - [18/Apr/2021:09:34:31 +0800] "GET /xingrg/all/function/internal_message.html?_=1618709668464&CODE_STATE=getMsg HTTP/1.1" 200 27
116.224.253.72 - - [18/Apr/2021:09:34:32 +0800] "GET /xingrg/kc/print/load_data.html?order_code=212021041807340&kc_code=cgsh&condition= HTTP/1.1" 200 1244
114.88.167.174 - - [18/Apr/2021:09:34:33 +0800] "GET /xingrg/kc/buy/cgsh_order_add.html HTTP/1.1" 200 62148
114.88.167.174 - - [18/Apr/2021:09:34:34 +0800] "POST /xingrg/kc/buy/cgsh_order_operate.html HTTP/1.1" 200 8245
114.88.167.174 - - [18/Apr/2021:09:34:34 +0800] "GET /xingrg/javascript/easyui/themes/default/validatebox.css HTTP/1.1" 404 1104
180.169.147.146 - - [18/Apr/2021:09:34:35 +0800] "POST /xingrg/dwr/call/plaincall/AjaxReportQueryService.queryInitializeString.dwr HTTP/1.1" 200 113
180.169.147.146 - - [18/Apr/2021:09:34:36 +0800] "POST /xingrg/dwr/call/plaincall/AjaxReportQueryService.refreshCache.dwr HTTP/1.1" 200 78
180.169.147.146 - - [18/Apr/2021:09:34:36 +0800] "POST /xingrg/all/report/load_report_page.html HTTP/1.1" 200 23313
180.169.147.146 - - [18/Apr/2021:09:34:36 +0800] "GET /xingrg/servlets/image?cache=0.3642792674666163&image=px HTTP/1.1" 200 807
116.238.141.202 - - [18/Apr/2021:09:34:36 +0800] "GET /xingrg/kc/buy/cgsh_order_operate.html?command=get_materiel&rest_code=00102&code=00101006129&supplier_code=00100096&order_time=2021-04-18 HTTP/1.1" 200 433
124.77.71.179 - - [18/Apr/2021:09:34:37 +0800] "GET /xingrg/all/function/internal_message.html?_=1618709674525&CODE_STATE=getMsg HTTP/1.1" 200 27
117.185.32.26 - - [18/Apr/2021:09:34:37 +0800] "GET /xingrg/all/function/internal_message.html?_=1618709671230&CODE_STATE=getMsg HTTP/1.1" 200 27
114.86.187.76 - - [18/Apr/2021:09:34:37 +0800] "GET /xingrg/kc/buy/cgsh_order_operate.html?command=get_materiel&rest_code=00148&code=00101006088&supplier_code=00100010&order_time=2021-04-18 HTTP/1.1" 200 409
116.224.253.72 - - [18/Apr/2021:09:34:37 +0800] "GET /xingrg/kc/buy/cgsh_order_add.html HTTP/1.1" 200 61790
114.86.187.76 - - [18/Apr/2021:09:34:37 +0800] "GET /xingrg/javascript/easyui/themes/default/images/button_plain_hover.png HTTP/1.1" 304 -
116.224.253.72 - - [18/Apr/2021:09:34:37 +0800] "POST /xingrg/kc/buy/cgsh_order_operate.html HTTP/1.1" 200 8245
116.224.253.72 - - [18/Apr/2021:09:34:37 +0800] "GET /xingrg/javascript/easyui/themes/default/validatebox.css HTTP/1.1" 404 1104
58.37.228.113 - - [18/Apr/2021:09:34:39 +0800] "GET /xingrg/kc/buy/cgsh_order_operate.html?command=get_materiel&rest_code=00141&code=00101005037&supplier_code=00100040&order_time=2021-04-18 HTTP/1.1" 200 409
222.69.131.239 - - [18/Apr/2021:09:34:39 +0800] "GET /xingrg/kc/buy/cgsh_order_operate.html?command=get_materiel&rest_code=00149&code=00101006109&supplier_code=00100012&order_time=2021-04-18 HTTP/1.1" 200 409
117.185.32.26 - - [18/Apr/2021:09:34:40 +0800] "GET /xingrg/check_reg.html?_=1618709674425 HTTP/1.1" 200 22
116.238.141.202 - - [18/Apr/2021:09:34:41 +0800] "GET /xingrg/all/function/internal_message.html?_=1618709956510&CODE_STATE=getMsg HTTP/1.1" 200 27
116.230.114.112 - - [18/Apr/2021:09:34:44 +0800] "GET /xingrg/all/function/internal_message.html?_=1618709682802&CODE_STATE=getMsg HTTP/1.1" 302 -
114.86.231.72 - - [18/Apr/2021:09:34:44 +0800] "GET /xingrg/kc/buy/cgsh_order_operate.html?command=get_materiel&rest_code=00109&code=00101008362&supplier_code=00100005&order_time=2021-04-18 HTTP/1.1" 200 408
116.230.114.112 - - [18/Apr/2021:09:34:49 +0800] "GET /xingrg/all/function/internal_message.html?_=1618709688158&CODE_STATE=getMsg HTTP/1.1" 200 27
222.69.131.239 - - [18/Apr/2021:09:34:49 +0800] "GET /xingrg/kc/buy/cgsh_order_operate.html?command=get_materiel&rest_code=00149&code=00101006179&supplier_code=00100012&order_time=2021-04-18 HTTP/1.1" 200 419
116.224.253.72 - - [18/Apr/2021:09:34:51 +0800] "GET /xingrg/all/function/internal_message.html?_=1618709689469&CODE_STATE=getMsg HTTP/1.1" 200 27
114.86.231.72 - - [18/Apr/2021:09:34:52 +0800] "GET /xingrg/kc/buy/cgsh_order_operate.html?command=get_materiel&rest_code=00109&code=00101008230&supplier_code=00100005&order_time=2021-04-18 HTTP/1.1" 200 408
114.86.187.76 - - [18/Apr/2021:09:34:54 +0800] "GET /xingrg/kc/buy/cgsh_order_operate.html?command=get_materiel&rest_code=00148&code=00101006194&supplier_code=00100010&order_time=2021-04-18 HTTP/1.1" 200 413
116.238.141.202 - - [18/Apr/2021:09:34:54 +0800] "GET /xingrg/kc/buy/cgsh_order_operate.html?command=get_materiel&rest_code=00102&code=00101016104&supplier_code=00100096&order_time=2021-04-18 HTTP/1.1" 200 411
114.86.187.76 - - [18/Apr/2021:09:34:55 +0800] "GET /xingrg/javascript/easyui/themes/default/images/button_plain_hover.png HTTP/1.1" 304 -
58.37.228.113 - - [18/Apr/2021:09:34:55 +0800] "GET /xingrg/kc/buy/cgsh_order_operate.html?command=get_materiel&rest_code=00141&code=00101005036&supplier_code=00100040&order_time=2021-04-18 HTTP/1.1" 200 409
61.165.42.208 - - [18/Apr/2021:09:35:01 +0800] "GET /xingrg/check_reg.html?_=1618709699275 HTTP/1.1" 200 22
61.165.42.208 - - [18/Apr/2021:09:35:01 +0800] "GET /xingrg/all/function/internal_message.html?_=1618709699278&CODE_STATE=getMsg HTTP/1.1" 200 27
222.69.131.239 - - [18/Apr/2021:09:35:02 +0800] "GET /xingrg/kc/buy/cgsh_order_operate.html?command=get_materiel&rest_code=00149&code=00101006108&supplier_code=00100012&order_time=2021-04-18 HTTP/1.1" 200 421
114.86.231.72 - - [18/Apr/2021:09:35:02 +0800] "GET /xingrg/kc/buy/cgsh_order_operate.html?command=get_materiel&rest_code=00109&code=00101008069&supplier_code=00100005&order_time=2021-04-18 HTTP/1.1" 200 412
114.86.187.76 - - [18/Apr/2021:09:35:03 +0800] "GET /xingrg/all/function/internal_message.html?_=1618709701039&CODE_STATE=getMsg HTTP/1.1" 200 27
114.88.167.174 - - [18/Apr/2021:09:35:04 +0800] "GET /xingrg/all/function/internal_message.html?_=1618709704804&CODE_STATE=getMsg HTTP/1.1" 200 27
58.37.228.113 - - [18/Apr/2021:09:35:05 +0800] "POST /xingrg/kc/buy/cgsh_order_operate.html HTTP/1.1" 200 37
222.70.217.33 - - [18/Apr/2021:09:35:07 +0800] "GET /xingrg/kc/buy/cgsh_order_operate.html?command=get_materiel&rest_code=00155&code=00101008028&supplier_code=00100005&order_time=2021-04-18 HTTP/1.1" 200 431
114.86.231.72 - - [18/Apr/2021:09:35:07 +0800] "GET /xingrg/all/function/internal_message.html?_=1618709704648&CODE_STATE=getMsg HTTP/1.1" 200 27
222.69.131.239 - - [18/Apr/2021:09:35:07 +0800] "POST /xingrg/services/DataTransmitService HTTP/1.1" 200 501
114.86.187.76 - - [18/Apr/2021:09:35:07 +0800] "GET /xingrg/kc/buy/cgsh_order_operate.html?command=get_materiel&rest_code=00148&code=00101006065&supplier_code=00100010&order_time=2021-04-18 HTTP/1.1" 200 409
114.86.187.76 - - [18/Apr/2021:09:35:08 +0800] "GET /xingrg/javascript/easyui/themes/default/images/button_plain_hover.png HTTP/1.1" 304 -
222.69.131.239 - - [18/Apr/2021:09:35:09 +0800] "POST /xingrg/services/DataTransmitService HTTP/1.1" 200 501
58.37.228.113 - - [18/Apr/2021:09:35:09 +0800] "POST /xingrg/kc/buy/cgsh_order_operate.html HTTP/1.1" 200 12
222.70.217.33 - - [18/Apr/2021:09:35:09 +0800] "GET /xingrg/all/function/internal_message.html?_=1618709707217&CODE_STATE=getMsg HTTP/1.1" 200 27
58.37.228.113 - - [18/Apr/2021:09:35:10 +0800] "GET /xingrg/kc/buy/cgsh_order_info.html?code=212021041807341 HTTP/1.1" 200 57056
58.37.228.113 - - [18/Apr/2021:09:35:10 +0800] "GET /xingrg/words/20210418091631_words.js HTTP/1.1" 304 -
58.37.228.113 - - [18/Apr/2021:09:35:10 +0800] "GET /xingrg/javascript/easyui/themes/default/validatebox.css HTTP/1.1" 404 1104
58.37.228.113 - - [18/Apr/2021:09:35:11 +0800] "POST /xingrg/kc/buy/cgsh_order_operate.html HTTP/1.1" 200 2366
116.238.141.202 - - [18/Apr/2021:09:35:11 +0800] "GET /xingrg/kc/buy/cgsh_order_operate.html?command=get_materiel&rest_code=00102&code=00101006112&supplier_code=00100096&order_time=2021-04-18 HTTP/1.1" 200 411
58.37.228.113 - - [18/Apr/2021:09:35:12 +0800] "GET /xingrg/kc/print/load_config.html?kc_code=cgsh HTTP/1.1" 200 1845
58.37.228.113 - - [18/Apr/2021:09:35:12 +0800] "GET /xingrg/kc/print/load_data.html?order_code=212021041807341&kc_code=cgsh&condition= HTTP/1.1" 200 1440
114.86.231.72 - - [18/Apr/2021:09:35:14 +0800] "GET /xingrg/kc/buy/cgsh_order_operate.html?command=get_materiel&rest_code=00109&code=00101008286&supplier_code=00100005&order_time=2021-04-18 HTTP/1.1" 200 408
116.224.253.72 - - [18/Apr/2021:09:35:16 +0800] "GET /xingrg/all/function/internal_message.html?_=1618709702057&CODE_STATE=getMsg HTTP/1.1" 200 27
114.88.167.174 - - [18/Apr/2021:09:35:16 +0800] "GET /xingrg/check_reg.html?_=1618709714181 HTTP/1.1" 200 22
114.88.167.174 - - [18/Apr/2021:09:35:17 +0800] "GET /xingrg/all/function/internal_message.html?_=1618709714369&CODE_STATE=getMsg HTTP/1.1" 200 27
58.37.228.113 - - [18/Apr/2021:09:35:17 +0800] "GET /xingrg/kc/buy/cgsh_order_add.html HTTP/1.1" 200 62154
58.37.228.113 - - [18/Apr/2021:09:35:17 +0800] "POST /xingrg/kc/buy/cgsh_order_operate.html HTTP/1.1" 200 8245
58.37.228.113 - - [18/Apr/2021:09:35:17 +0800] "GET /xingrg/all/common/auto_word.html?type=employee&rest_code=00141 HTTP/1.1" 200 201
58.37.228.113 - - [18/Apr/2021:09:35:17 +0800] "GET /xingrg/all/common/auto_word.html?type=employee&rest_code=00141 HTTP/1.1" 200 201
58.37.228.113 - - [18/Apr/2021:09:35:17 +0800] "GET /xingrg/javascript/easyui/themes/default/validatebox.css HTTP/1.1" 404 1104
222.69.131.239 - - [18/Apr/2021:09:35:20 +0800] "POST /xingrg/kc/buy/cgsh_order_operate.html HTTP/1.1" 200 37
180.169.147.146 - - [18/Apr/2021:09:35:21 +0800] "GET /xingrg/all/function/internal_message.html?_=1618709718856&CODE_STATE=getMsg HTTP/1.1" 200 27
114.86.231.72 - - [18/Apr/2021:09:35:22 +0800] "GET /xingrg/kc/buy/cgsh_order_operate.html?command=get_materiel&rest_code=00109&code=00101008036&supplier_code=00100005&order_time=2021-04-18 HTTP/1.1" 200 408
61.165.42.208 - - [18/Apr/2021:09:35:22 +0800] "GET /xingrg/kc/buy/cgsh_order_list.html HTTP/1.1" 200 46410
114.86.187.76 - - [18/Apr/2021:09:35:22 +0800] "GET /xingrg/kc/buy/cgsh_order_operate.html?command=get_materiel&rest_code=00148&code=00101006109&supplier_code=00100010&order_time=2021-04-18 HTTP/1.1" 200 409
114.86.187.76 - - [18/Apr/2021:09:35:23 +0800] "GET /xingrg/javascript/easyui/themes/default/images/button_plain_hover.png HTTP/1.1" 304 -
222.69.131.239 - - [18/Apr/2021:09:35:23 +0800] "POST /xingrg/kc/buy/cgsh_order_operate.html HTTP/1.1" 200 12
58.37.228.113 - - [18/Apr/2021:09:35:23 +0800] "GET /xingrg/kc/buy/cgsh_order_operate.html?command=get_materiel&rest_code=00141&code=00101012019&supplier_code=00100036&order_time=2021-04-18 HTTP/1.1" 200 412
116.238.141.202 - - [18/Apr/2021:09:35:23 +0800] "GET /xingrg/kc/buy/cgsh_order_operate.html?command=get_materiel&rest_code=00102&code=00101001060&supplier_code=00100096&order_time=2021-04-18 HTTP/1.1" 200 421
222.69.131.239 - - [18/Apr/2021:09:35:24 +0800] "GET /xingrg/kc/buy/cgsh_order_info.html?code=212021041807342 HTTP/1.1" 200 57103
61.165.42.208 - - [18/Apr/2021:09:35:24 +0800] "POST /xingrg/kc/buy/cgsh_list_operate.html HTTP/1.1" 200 2409
222.69.131.239 - - [18/Apr/2021:09:35:25 +0800] "GET /xingrg/javascript/easyui/themes/default/validatebox.css HTTP/1.1" 404 1104
222.69.131.239 - - [18/Apr/2021:09:35:25 +0800] "POST /xingrg/kc/buy/cgsh_order_operate.html HTTP/1.1" 200 2403
58.37.228.113 - - [18/Apr/2021:09:35:26 +0800] "GET /xingrg/all/function/internal_message.html?_=1618709724628&CODE_STATE=getMsg HTTP/1.1" 200 27
114.86.231.72 - - [18/Apr/2021:09:35:26 +0800] "POST /xingrg/kc/buy/cgsh_order_operate.html HTTP/1.1" 200 2065
222.69.131.239 - - [18/Apr/2021:09:35:27 +0800] "GET /xingrg/kc/print/load_data.html?order_code=212021041807342&kc_code=cgsh&condition= HTTP/1.1" 200 1497
61.165.42.208 - - [18/Apr/2021:09:35:28 +0800] "POST /xingrg/kc/buy/cgsh_list_operate.html HTTP/1.1" 200 579
61.165.42.208 - - [18/Apr/2021:09:35:29 +0800] "GET /xingrg/kc/buy/cgsh_order_info.html?code=212021041807328 HTTP/1.1" 200 62198
61.165.42.208 - - [18/Apr/2021:09:35:29 +0800] "GET /xingrg/words/20210418091631_words.js HTTP/1.1" 200 806180
61.165.42.208 - - [18/Apr/2021:09:35:29 +0800] "GET /xingrg/javascript/easyui/themes/default/validatebox.css HTTP/1.1" 404 1104
120.253.135.82 - - [18/Apr/2021:09:35:30 +0800] "GET /xingrg/all/function/internal_message.html?_=1618709506213&CODE_STATE=getMsg HTTP/1.1" 200 27
61.165.42.208 - - [18/Apr/2021:09:35:30 +0800] "POST /xingrg/kc/buy/cgsh_order_operate.html HTTP/1.1" 200 55305
58.37.228.113 - - [18/Apr/2021:09:35:31 +0800] "GET /xingrg/all/function/internal_message.html?_=1618709707715&CODE_STATE=getMsg HTTP/1.1" 200 27
58.37.228.113 - - [18/Apr/2021:09:35:31 +0800] "GET /xingrg/check_reg.html?_=1618709707717 HTTP/1.1" 200 22
222.69.131.239 - - [18/Apr/2021:09:35:31 +0800] "GET /xingrg/kc/buy/cgsh_order_add.html HTTP/1.1" 200 62201
222.69.131.239 - - [18/Apr/2021:09:35:31 +0800] "POST /xingrg/kc/buy/cgsh_order_operate.html HTTP/1.1" 200 8245
222.69.131.239 - - [18/Apr/2021:09:35:31 +0800] "GET /xingrg/all/function/internal_message.html?_=1618709728550&CODE_STATE=getMsg HTTP/1.1" 200 27
114.86.187.76 - - [18/Apr/2021:09:35:31 +0800] "GET /xingrg/kc/buy/cgsh_order_operate.html?command=get_materiel&rest_code=00148&code=00101006144&supplier_code=00100010&order_time=2021-04-18 HTTP/1.1" 200 409
222.69.131.239 - - [18/Apr/2021:09:35:31 +0800] "GET /xingrg/javascript/easyui/themes/default/validatebox.css HTTP/1.1" 404 1104
114.86.187.76 - - [18/Apr/2021:09:35:31 +0800] "GET /xingrg/javascript/easyui/themes/default/images/button_plain_hover.png HTTP/1.1" 304 -
114.86.231.72 - - [18/Apr/2021:09:35:32 +0800] "GET /xingrg/kc/buy/cgsh_order_operate.html?command=get_materiel&rest_code=00109&code=00101008131&supplier_code=00100005&order_time=2021-04-18 HTTP/1.1" 200 408
58.37.228.113 - - [18/Apr/2021:09:35:32 +0800] "GET /xingrg/kc/buy/cgsh_order_operate.html?command=get_materiel&rest_code=00141&code=00101016025&supplier_code=00100036&order_time=2021-04-18 HTTP/1.1" 200 408
116.238.141.202 - - [18/Apr/2021:09:35:32 +0800] "GET /xingrg/kc/buy/cgsh_order_operate.html?command=get_materiel&rest_code=00102&code=00101007076&supplier_code=00100096&order_time=2021-04-18 HTTP/1.1" 200 410
61.129.7.236 - - [18/Apr/2021:09:35:33 +0800] "GET /xingrg/all/function/internal_message.html?_=1618709647716&CODE_STATE=getMsg HTTP/1.1" 302 -
61.129.7.236 - - [18/Apr/2021:09:35:34 +0800] "GET /xingrg/login.html HTTP/1.1" 200 7641
222.69.131.239 - - [18/Apr/2021:09:35:34 +0800] "POST /xingrg/services/DataTransmitService HTTP/1.1" 200 501
114.86.187.76 - - [18/Apr/2021:09:35:36 +0800] "GET /xingrg/javascript/easyui/themes/default/images/button_plain_hover.png HTTP/1.1" 304 -
114.86.187.76 - - [18/Apr/2021:09:35:36 +0800] "GET /xingrg/javascript/easyui/themes/default/images/button_plain_hover.png HTTP/1.1" 304 -
124.77.71.179 - - [18/Apr/2021:09:35:37 +0800] "GET /xingrg/all/function/internal_message.html?_=1618709734525&CODE_STATE=getMsg HTTP/1.1" 200 27
117.185.32.26 - - [18/Apr/2021:09:35:37 +0800] "GET /xingrg/all/function/internal_message.html?_=1618709731209&CODE_STATE=getMsg HTTP/1.1" 200 27
222.70.217.33 - - [18/Apr/2021:09:35:39 +0800] "GET /xingrg/kc/buy/cgsh_order_operate.html?command=get_materiel&rest_code=00155&code=00101008208&supplier_code=00100005&order_time=2021-04-18 HTTP/1.1" 200 409
116.238.141.202 - - [18/Apr/2021:09:35:41 +0800] "GET /xingrg/all/function/internal_message.html?_=1618710016523&CODE_STATE=getMsg HTTP/1.1" 200 27
114.86.231.72 - - [18/Apr/2021:09:35:42 +0800] "GET /xingrg/kc/buy/cgsh_order_operate.html?command=get_materiel&rest_code=00109&code=00101008318&supplier_code=00100005&order_time=2021-04-18 HTTP/1.1" 200 408
116.230.114.112 - - [18/Apr/2021:09:35:44 +0800] "GET /xingrg/all/function/internal_message.html?_=1618709742824&CODE_STATE=getMsg HTTP/1.1" 302 -
58.37.228.113 - - [18/Apr/2021:09:35:45 +0800] "GET /xingrg/kc/buy/cgsh_order_operate.html?command=get_materiel&rest_code=00141&code=00101012010&supplier_code=00100036&order_time=2021-04-18 HTTP/1.1" 200 409
116.230.114.112 - - [18/Apr/2021:09:35:49 +0800] "GET /xingrg/all/function/internal_message.html?_=1618709748163&CODE_STATE=getMsg HTTP/1.1" 200 27
116.224.253.72 - - [18/Apr/2021:09:35:51 +0800] "GET /xingrg/all/function/internal_message.html?_=1618709749474&CODE_STATE=getMsg HTTP/1.1" 200 27
58.37.228.113 - - [18/Apr/2021:09:35:53 +0800] "GET /xingrg/kc/buy/cgsh_order_operate.html?command=get_materiel&rest_code=00141&code=00101012051&supplier_code=00100036&order_time=2021-04-18 HTTP/1.1" 200 408
116.238.141.202 - - [18/Apr/2021:09:35:53 +0800] "GET /xingrg/kc/buy/cgsh_order_operate.html?command=get_materiel&rest_code=00102&code=00101007059&supplier_code=00100096&order_time=2021-04-18 HTTP/1.1" 200 409
222.69.131.239 - - [18/Apr/2021:09:35:55 +0800] "GET /xingrg/kc/buy/cgsh_order_operate.html?command=get_materiel&rest_code=00149&code=00101012029&supplier_code=00100036&order_time=2021-04-18 HTTP/1.1" 200 412
58.37.228.113 - - [18/Apr/2021:09:36:00 +0800] "GET /xingrg/kc/buy/cgsh_order_operate.html?command=get_materiel&rest_code=00141&code=00101016053&supplier_code=00100036&order_time=2021-04-18 HTTP/1.1" 200 408
114.86.231.72 - - [18/Apr/2021:09:36:00 +0800] "GET /xingrg/kc/buy/cgsh_order_operate.html?command=get_materiel&rest_code=00109&code=00101008352&supplier_code=00100005&order_time=2021-04-18 HTTP/1.1" 200 412
114.86.187.76 - - [18/Apr/2021:09:36:01 +0800] "GET /xingrg/kc/buy/cgsh_order_operate.html?command=get_materiel&rest_code=00148&code=00101006130&supplier_code=00100010&order_time=2021-04-18 HTTP/1.1" 200 427
61.165.42.208 - - [18/Apr/2021:09:36:01 +0800] "GET /xingrg/all/function/internal_message.html?_=1618709759280&CODE_STATE=getMsg HTTP/1.1" 200 27
114.86.187.76 - - [18/Apr/2021:09:36:03 +0800] "GET /xingrg/all/function/internal_message.html?_=1618709761054&CODE_STATE=getMsg HTTP/1.1" 200 27
114.88.167.174 - - [18/Apr/2021:09:36:04 +0800] "GET /xingrg/all/function/internal_message.html?_=1618709764799&CODE_STATE=getMsg HTTP/1.1" 200 27
222.69.131.239 - - [18/Apr/2021:09:36:06 +0800] "GET /xingrg/kc/buy/cgsh_order_operate.html?command=get_materiel&rest_code=00149&code=00101012025&supplier_code=00100036&order_time=2021-04-18 HTTP/1.1" 200 412
114.86.231.72 - - [18/Apr/2021:09:36:07 +0800] "GET /xingrg/all/function/internal_message.html?_=1618709764651&CODE_STATE=getMsg HTTP/1.1" 200 27
114.86.187.76 - - [18/Apr/2021:09:36:07 +0800] "POST /xingrg/services/DataTransmitService HTTP/1.1" 200 524
222.69.131.239 - - [18/Apr/2021:09:36:07 +0800] "POST /xingrg/services/DataTransmitService HTTP/1.1" 200 501
114.86.231.72 - - [18/Apr/2021:09:36:08 +0800] "GET /xingrg/kc/buy/cgsh_order_operate.html?command=get_materiel&rest_code=00109&code=00101008005&supplier_code=00100005&order_time=2021-04-18 HTTP/1.1" 200 412
222.70.217.33 - - [18/Apr/2021:09:36:09 +0800] "GET /xingrg/all/function/internal_message.html?_=1618709767223&CODE_STATE=getMsg HTTP/1.1" 200 27
58.37.228.113 - - [18/Apr/2021:09:36:11 +0800] "GET /xingrg/kc/buy/cgsh_order_operate.html?command=get_materiel&rest_code=00141&code=00101011003&supplier_code=00100036&order_time=2021-04-18 HTTP/1.1" 200 413
222.69.131.239 - - [18/Apr/2021:09:36:12 +0800] "POST /xingrg/services/DataTransmitService HTTP/1.1" 200 501
114.86.187.76 - - [18/Apr/2021:09:36:13 +0800] "POST /xingrg/services/DataTransmitService HTTP/1.1" 200 501
222.69.131.239 - - [18/Apr/2021:09:36:13 +0800] "POST /xingrg/services/DataTransmitService HTTP/1.1" 200 501
222.70.217.33 - - [18/Apr/2021:09:36:13 +0800] "GET /xingrg/kc/buy/cgsh_order_operate.html?command=get_materiel&rest_code=00155&code=00101008560&supplier_code=00100005&order_time=2021-04-18 HTTP/1.1" 200 398
114.86.187.76 - - [18/Apr/2021:09:36:14 +0800] "POST /xingrg/services/DataTransmitService HTTP/1.1" 200 524
222.69.131.239 - - [18/Apr/2021:09:36:14 +0800] "GET /xingrg/kc/buy/cgsh_order_operate.html?command=get_materiel&rest_code=00149&code=00101010348&supplier_code=00100036&order_time=2021-04-18 HTTP/1.1" 200 417
114.86.231.72 - - [18/Apr/2021:09:36:14 +0800] "GET /xingrg/kc/buy/cgsh_order_operate.html?command=get_materiel&rest_code=00109&code=00101008353&supplier_code=00100005&order_time=2021-04-18 HTTP/1.1" 200 408
114.86.187.76 - - [18/Apr/2021:09:36:15 +0800] "GET /xingrg/kc/buy/cgsh_order_operate.html?command=get_materiel&rest_code=00148&code=00101006133&supplier_code=00100010&order_time=2021-04-18 HTTP/1.1" 200 413
114.86.231.72 - - [18/Apr/2021:09:36:16 +0800] "POST /xingrg/kc/buy/cgsh_order_operate.html HTTP/1.1" 200 2065
116.224.253.72 - - [18/Apr/2021:09:36:16 +0800] "GET /xingrg/all/function/internal_message.html?_=1618709762094&CODE_STATE=getMsg HTTP/1.1" 200 27
114.88.167.174 - - [18/Apr/2021:09:36:17 +0800] "GET /xingrg/all/function/internal_message.html?_=1618709774382&CODE_STATE=getMsg HTTP/1.1" 200 27
58.37.228.113 - - [18/Apr/2021:09:36:18 +0800] "GET /xingrg/kc/buy/cgsh_order_operate.html?command=get_materiel&rest_code=00141&code=00101012019&supplier_code=00100036&order_time=2021-04-18 HTTP/1.1" 200 412
180.169.147.146 - - [18/Apr/2021:09:36:21 +0800] "GET /xingrg/all/function/internal_message.html?_=1618709778866&CODE_STATE=getMsg HTTP/1.1" 200 27
114.86.187.76 - - [18/Apr/2021:09:36:21 +0800] "GET /xingrg/javascript/easyui/themes/default/images/button_plain_hover.png HTTP/1.1" 304 -
114.86.187.76 - - [18/Apr/2021:09:36:22 +0800] "GET /xingrg/javascript/easyui/themes/default/images/button_plain_hover.png HTTP/1.1" 304 -
114.88.167.174 - - [18/Apr/2021:09:36:23 +0800] "GET /xingrg/kc/buy/cgsh_order_operate.html?command=get_materiel&rest_code=00111&code=00101007061&supplier_code=00100004&order_time=2021-04-18 HTTP/1.1" 200 411
222.69.131.239 - - [18/Apr/2021:09:36:23 +0800] "GET /xingrg/kc/buy/cgsh_order_operate.html?command=get_materiel&rest_code=00149&code=00101016030&supplier_code=00100036&order_time=2021-04-18 HTTP/1.1" 200 412
114.86.187.76 - - [18/Apr/2021:09:36:25 +0800] "POST /xingrg/kc/buy/cgsh_order_operate.html HTTP/1.1" 200 37
61.151.179.84 - - [18/Apr/2021:09:36:26 +0800] "GET /xingrg/all/function/internal_message.html?_=1618709724628&CODE_STATE=getMsg HTTP/1.1" 302 -
58.37.228.113 - - [18/Apr/2021:09:36:26 +0800] "GET /xingrg/all/function/internal_message.html?_=1618709784630&CODE_STATE=getMsg HTTP/1.1" 200 27
114.86.187.76 - - [18/Apr/2021:09:36:27 +0800] "POST /xingrg/kc/buy/cgsh_order_operate.html HTTP/1.1" 200 6806
222.69.131.239 - - [18/Apr/2021:09:36:27 +0800] "POST /xingrg/services/DataTransmitService HTTP/1.1" 200 501
61.151.179.84 - - [18/Apr/2021:09:36:27 +0800] "GET /xingrg/login.html HTTP/1.1" 200 7641
114.86.187.76 - - [18/Apr/2021:09:36:27 +0800] "POST /xingrg/services/DataTransmitService HTTP/1.1" 200 501
116.230.114.112 - - [18/Apr/2021:09:36:28 +0800] "GET /xingrg/check_reg.html?_=1618709787342 HTTP/1.1" 302 -
222.69.131.239 - - [18/Apr/2021:09:36:28 +0800] "POST /xingrg/services/DataTransmitService HTTP/1.1" 200 501
114.86.187.76 - - [18/Apr/2021:09:36:28 +0800] "POST /xingrg/services/DataTransmitService HTTP/1.1" 200 501
116.238.141.202 - - [18/Apr/2021:09:36:29 +0800] "POST /xingrg/kc/buy/cgsh_order_operate.html HTTP/1.1" 200 37
222.69.131.239 - - [18/Apr/2021:09:36:29 +0800] "POST /xingrg/services/DataTransmitService HTTP/1.1" 200 501
120.253.135.82 - - [18/Apr/2021:09:36:30 +0800] "GET /xingrg/all/function/internal_message.html?_=1618709566233&CODE_STATE=getMsg HTTP/1.1" 200 27
58.37.228.113 - - [18/Apr/2021:09:36:30 +0800] "GET /xingrg/kc/buy/cgsh_order_operate.html?command=get_materiel&rest_code=00141&code=00101020078&supplier_code=00100036&order_time=2021-04-18 HTTP/1.1" 200 431
58.37.228.113 - - [18/Apr/2021:09:36:31 +0800] "GET /xingrg/all/function/internal_message.html?_=1618709767715&CODE_STATE=getMsg HTTP/1.1" 200 27
222.69.131.239 - - [18/Apr/2021:09:36:31 +0800] "GET /xingrg/all/function/internal_message.html?_=1618709788527&CODE_STATE=getMsg HTTP/1.1" 200 27
114.86.187.76 - - [18/Apr/2021:09:36:32 +0800] "POST /xingrg/services/DataTransmitService HTTP/1.1" 200 501
116.238.141.202 - - [18/Apr/2021:09:36:32 +0800] "POST /xingrg/kc/buy/cgsh_order_operate.html HTTP/1.1" 200 12
116.238.141.202 - - [18/Apr/2021:09:36:33 +0800] "GET /xingrg/kc/buy/cgsh_order_info.html?code=212021041807344 HTTP/1.1" 200 56997
116.238.141.202 - - [18/Apr/2021:09:36:33 +0800] "GET /xingrg/javascript/jquery_easy_ui/themes/icons/area.png HTTP/1.1" 304 -
116.238.141.202 - - [18/Apr/2021:09:36:33 +0800] "GET /xingrg/javascript/jquery_easy_ui/themes/icons/rest.png HTTP/1.1" 304 -
116.238.141.202 - - [18/Apr/2021:09:36:34 +0800] "GET /xingrg/javascript/easyui/themes/default/validatebox.css HTTP/1.1" 404 1104
116.238.141.202 - - [18/Apr/2021:09:36:34 +0800] "POST /xingrg/kc/buy/cgsh_order_operate.html HTTP/1.1" 200 6547
222.69.131.239 - - [18/Apr/2021:09:36:35 +0800] "GET /xingrg/kc/buy/cgsh_order_operate.html?command=get_materiel&rest_code=00149&code=00101012026&supplier_code=00100036&order_time=2021-04-18 HTTP/1.1" 200 408
116.238.141.202 - - [18/Apr/2021:09:36:36 +0800] "GET /xingrg/kc/print/load_config.html?kc_code=cgsh HTTP/1.1" 200 1845
116.238.141.202 - - [18/Apr/2021:09:36:36 +0800] "GET /xingrg/kc/print/load_data.html?order_code=212021041807344&kc_code=cgsh&condition= HTTP/1.1" 200 2936
58.37.228.113 - - [18/Apr/2021:09:36:36 +0800] "GET /xingrg/kc/buy/cgsh_order_operate.html?command=get_materiel&rest_code=00141&code=00101011005&supplier_code=00100036&order_time=2021-04-18 HTTP/1.1" 200 428
124.77.71.179 - - [18/Apr/2021:09:36:37 +0800] "GET /xingrg/all/function/internal_message.html?_=1618709794541&CODE_STATE=getMsg HTTP/1.1" 200 27
117.185.32.26 - - [18/Apr/2021:09:36:37 +0800] "GET /xingrg/all/function/internal_message.html?_=1618709791183&CODE_STATE=getMsg HTTP/1.1" 200 27
222.69.131.239 - - [18/Apr/2021:09:36:38 +0800] "POST /xingrg/services/DataTransmitService HTTP/1.1" 200 412
114.88.167.174 - - [18/Apr/2021:09:36:38 +0800] "GET /xingrg/kc/buy/cgsh_order_operate.html?command=get_materiel&rest_code=00111&code=00101007081&supplier_code=00100004&order_time=2021-04-18 HTTP/1.1" 200 413
222.70.217.33 - - [18/Apr/2021:09:36:39 +0800] "GET /xingrg/kc/buy/cgsh_order_operate.html?command=get_materiel&rest_code=00155&code=00101008290&supplier_code=00100005&order_time=2021-04-18 HTTP/1.1" 200 416
114.86.187.76 - - [18/Apr/2021:09:36:39 +0800] "POST /xingrg/services/DataTransmitService HTTP/1.1" 200 501
114.86.187.76 - - [18/Apr/2021:09:36:40 +0800] "POST /xingrg/services/DataTransmitService HTTP/1.1" 200 501
114.86.187.76 - - [18/Apr/2021:09:36:40 +0800] "POST /xingrg/services/DataTransmitService HTTP/1.1" 200 501
114.86.187.76 - - [18/Apr/2021:09:36:40 +0800] "POST /xingrg/services/DataTransmitService HTTP/1.1" 200 501
114.86.187.76 - - [18/Apr/2021:09:36:41 +0800] "POST /xingrg/services/DataTransmitService HTTP/1.1" 200 501
114.86.187.76 - - [18/Apr/2021:09:36:41 +0800] "POST /xingrg/services/DataTransmitService HTTP/1.1" 200 501
116.238.141.202 - - [18/Apr/2021:09:36:41 +0800] "GET /xingrg/check_reg.html?_=1618710076444 HTTP/1.1" 200 22
116.238.141.202 - - [18/Apr/2021:09:36:41 +0800] "GET /xingrg/all/function/internal_message.html?_=1618710076537&CODE_STATE=getMsg HTTP/1.1" 200 27
116.230.114.112 - - [18/Apr/2021:09:36:44 +0800] "GET /xingrg/all/function/internal_message.html?_=1618709802829&CODE_STATE=getMsg HTTP/1.1" 302 -
222.70.217.33 - - [18/Apr/2021:09:36:45 +0800] "GET /xingrg/kc/buy/cgsh_order_operate.html?command=get_materiel&rest_code=00155&code=00101008144&supplier_code=00100005&order_time=2021-04-18 HTTP/1.1" 200 412
114.86.187.76 - - [18/Apr/2021:09:36:48 +0800] "POST /xingrg/services/DataTransmitService HTTP/1.1" 200 412
