116.224.253.72 - - [18/Apr/2021:10:23:17 +0800] "GET /xingrg/kc/buy/cgsh_order_info.html?code=212021041807357 HTTP/1.1" 200 56692
116.224.253.72 - - [18/Apr/2021:10:23:17 +0800] "GET /xingrg/words/20210418091631_words.js HTTP/1.1" 304 -
116.224.253.72 - - [18/Apr/2021:10:23:18 +0800] "GET /xingrg/javascript/easyui/themes/default/validatebox.css HTTP/1.1" 404 1104
116.224.253.72 - - [18/Apr/2021:10:23:18 +0800] "POST /xingrg/kc/buy/cgsh_order_operate.html HTTP/1.1" 200 25749
116.224.253.72 - - [18/Apr/2021:10:23:20 +0800] "GET /xingrg/kc/print/load_data.html?order_code=212021041807357&kc_code=cgsh&condition= HTTP/1.1" 200 10448
58.37.228.113 - - [18/Apr/2021:10:23:26 +0800] "GET /xingrg/all/function/internal_message.html?_=1618712604857&CODE_STATE=getMsg HTTP/1.1" 200 27
116.238.141.202 - - [18/Apr/2021:10:23:27 +0800] "GET /xingrg/all/function/internal_message.html?_=1618712882218&CODE_STATE=getMsg HTTP/1.1" 200 27
58.37.228.113 - - [18/Apr/2021:10:23:31 +0800] "GET /xingrg/all/function/internal_message.html?_=1618712587796&CODE_STATE=getMsg HTTP/1.1" 200 27
222.69.131.239 - - [18/Apr/2021:10:23:31 +0800] "GET /xingrg/check_reg.html?_=1618712608579 HTTP/1.1" 200 22
222.69.131.239 - - [18/Apr/2021:10:23:31 +0800] "GET /xingrg/all/function/internal_message.html?_=1618712608580&CODE_STATE=getMsg HTTP/1.1" 200 27
180.169.147.146 - - [18/Apr/2021:10:23:32 +0800] "GET /xingrg/all/function/internal_message.html?_=1618712604493&CODE_STATE=getMsg HTTP/1.1" 200 27
114.88.167.174 - - [18/Apr/2021:10:23:34 +0800] "GET /xingrg/all/function/internal_message.html?_=1618712611243&CODE_STATE=getMsg HTTP/1.1" 200 27
124.77.71.179 - - [18/Apr/2021:10:23:37 +0800] "GET /xingrg/all/function/internal_message.html?_=1618712614698&CODE_STATE=getMsg HTTP/1.1" 200 27
117.185.32.26 - - [18/Apr/2021:10:23:37 +0800] "GET /xingrg/all/function/internal_message.html?_=1618712611509&CODE_STATE=getMsg HTTP/1.1" 200 27
101.85.94.178 - - [18/Apr/2021:10:23:38 +0800] "GET /xingrg/all/function/internal_message.html?_=1618712153785&CODE_STATE=getMsg HTTP/1.1" 200 27
114.88.167.174 - - [18/Apr/2021:10:23:42 +0800] "GET /xingrg/check_reg.html?_=1618712623000 HTTP/1.1" 200 22
116.230.114.112 - - [18/Apr/2021:10:23:44 +0800] "GET /xingrg/all/function/internal_message.html?_=1618712623478&CODE_STATE=getMsg HTTP/1.1" 302 -
180.169.147.146 - - [18/Apr/2021:10:23:56 +0800] "GET /xingrg/all/function/internal_message.html?_=1618712480721&CODE_STATE=getMsg HTTP/1.1" 200 27
116.230.114.112 - - [18/Apr/2021:10:23:57 +0800] "GET /xingrg/all/function/internal_message.html?_=1618712636770&CODE_STATE=getMsg HTTP/1.1" 200 27
117.131.5.26 - - [18/Apr/2021:10:24:00 +0800] "POST /xingrg/services/DataTransmitService HTTP/1.1" 200 524
61.165.42.208 - - [18/Apr/2021:10:24:01 +0800] "GET /xingrg/all/function/internal_message.html?_=1618712639303&CODE_STATE=getMsg HTTP/1.1" 200 27
222.70.217.33 - - [18/Apr/2021:10:24:01 +0800] "GET /xingrg/all/function/internal_message.html?_=1618712639192&CODE_STATE=getMsg HTTP/1.1" 200 27
114.88.167.174 - - [18/Apr/2021:10:24:03 +0800] "GET /xingrg/all/function/internal_message.html?_=1618712643953&CODE_STATE=getMsg HTTP/1.1" 200 27
114.86.187.76 - - [18/Apr/2021:10:24:04 +0800] "GET /xingrg/check_reg.html?_=1618712642109 HTTP/1.1" 200 22
114.86.187.76 - - [18/Apr/2021:10:24:06 +0800] "GET /xingrg/all/function/internal_message.html?_=1618712643983&CODE_STATE=getMsg HTTP/1.1" 200 27
117.131.5.26 - - [18/Apr/2021:10:24:06 +0800] "POST /xingrg/services/DataTransmitService HTTP/1.1" 200 501
117.131.5.26 - - [18/Apr/2021:10:24:06 +0800] "POST /xingrg/services/DataTransmitService HTTP/1.1" 200 501
114.86.231.72 - - [18/Apr/2021:10:24:07 +0800] "GET /xingrg/all/function/internal_message.html?_=1618712644776&CODE_STATE=getMsg HTTP/1.1" 200 27
117.185.32.26 - - [18/Apr/2021:10:24:08 +0800] "GET /xingrg/kc/buy/cgsh_order_add.html HTTP/1.1" 200 62154
117.131.5.26 - - [18/Apr/2021:10:24:08 +0800] "POST /xingrg/services/DataTransmitService HTTP/1.1" 200 501
117.185.32.26 - - [18/Apr/2021:10:24:08 +0800] "POST /xingrg/kc/buy/cgsh_order_operate.html HTTP/1.1" 200 8245
117.185.32.26 - - [18/Apr/2021:10:24:08 +0800] "GET /xingrg/javascript/easyui/themes/default/validatebox.css HTTP/1.1" 404 1104
117.131.5.26 - - [18/Apr/2021:10:24:09 +0800] "POST /xingrg/services/DataTransmitService HTTP/1.1" 200 501
117.131.5.26 - - [18/Apr/2021:10:24:10 +0800] "POST /xingrg/services/DataTransmitService HTTP/1.1" 200 501
117.131.5.26 - - [18/Apr/2021:10:24:10 +0800] "POST /xingrg/services/DataTransmitService HTTP/1.1" 200 501
117.131.5.26 - - [18/Apr/2021:10:24:10 +0800] "POST /xingrg/services/DataTransmitService HTTP/1.1" 200 501
117.131.5.26 - - [18/Apr/2021:10:24:10 +0800] "POST /xingrg/services/DataTransmitService HTTP/1.1" 200 501
117.131.5.26 - - [18/Apr/2021:10:24:10 +0800] "POST /xingrg/services/DataTransmitService HTTP/1.1" 200 501
117.185.32.26 - - [18/Apr/2021:10:24:11 +0800] "GET /xingrg/javascript/easyui/themes/default/tree.css HTTP/1.1" 404 1090
117.185.32.26 - - [18/Apr/2021:10:24:12 +0800] "POST /xingrg/all/common/load_tree.html?tree=supplier_tree_json&isDelete=1 HTTP/1.1" 200 54827
117.131.5.26 - - [18/Apr/2021:10:24:13 +0800] "POST /xingrg/services/DataTransmitService HTTP/1.1" 200 412
116.224.253.72 - - [18/Apr/2021:10:24:17 +0800] "GET /xingrg/all/function/internal_message.html?_=1618712655122&CODE_STATE=getMsg HTTP/1.1" 200 27
116.224.253.72 - - [18/Apr/2021:10:24:17 +0800] "GET /xingrg/check_reg.html?_=1618712655184 HTTP/1.1" 200 22
116.224.253.72 - - [18/Apr/2021:10:24:17 +0800] "GET /xingrg/all/function/internal_message.html?_=1618712643059&CODE_STATE=getMsg HTTP/1.1" 200 27
58.37.228.113 - - [18/Apr/2021:10:24:26 +0800] "GET /xingrg/all/function/internal_message.html?_=1618712664858&CODE_STATE=getMsg HTTP/1.1" 200 27
58.37.228.113 - - [18/Apr/2021:10:24:26 +0800] "GET /xingrg/check_reg.html?_=1618712664861 HTTP/1.1" 200 22
116.238.141.202 - - [18/Apr/2021:10:24:27 +0800] "GET /xingrg/all/function/internal_message.html?_=1618712942240&CODE_STATE=getMsg HTTP/1.1" 200 27
117.185.32.26 - - [18/Apr/2021:10:24:27 +0800] "GET /xingrg/kc/buy/cgsh_order_operate.html?command=get_materiel&rest_code=00106&code=00101009050&supplier_code=00100022&order_time=2021-04-18 HTTP/1.1" 200 408
180.169.147.146 - - [18/Apr/2021:10:24:28 +0800] "GET /xingrg/check_reg.html?_=1618712659731 HTTP/1.1" 200 22
58.37.228.113 - - [18/Apr/2021:10:24:31 +0800] "GET /xingrg/all/function/internal_message.html?_=1618712647804&CODE_STATE=getMsg HTTP/1.1" 200 27
222.69.131.239 - - [18/Apr/2021:10:24:31 +0800] "GET /xingrg/all/function/internal_message.html?_=1618712668571&CODE_STATE=getMsg HTTP/1.1" 200 27
61.129.6.251 - - [18/Apr/2021:10:24:32 +0800] "GET /xingrg/all/function/internal_message.html?_=1618712587796&CODE_STATE=getMsg HTTP/1.1" 302 -
61.129.6.251 - - [18/Apr/2021:10:24:32 +0800] "GET /xingrg/login.html HTTP/1.1" 200 7641
180.169.147.146 - - [18/Apr/2021:10:24:32 +0800] "GET /xingrg/all/function/internal_message.html?_=1618712664475&CODE_STATE=getMsg HTTP/1.1" 200 27
114.88.167.174 - - [18/Apr/2021:10:24:34 +0800] "GET /xingrg/all/function/internal_message.html?_=1618712671395&CODE_STATE=getMsg HTTP/1.1" 200 27
117.185.32.26 - - [18/Apr/2021:10:24:36 +0800] "GET /xingrg/kc/buy/cgsh_order_operate.html?command=get_materiel&rest_code=00106&code=00101009057&supplier_code=00100022&order_time=2021-04-18 HTTP/1.1" 200 410
124.77.71.179 - - [18/Apr/2021:10:24:37 +0800] "GET /xingrg/all/function/internal_message.html?_=1618712674701&CODE_STATE=getMsg HTTP/1.1" 200 27
117.185.32.26 - - [18/Apr/2021:10:24:37 +0800] "GET /xingrg/all/function/internal_message.html?_=1618712671501&CODE_STATE=getMsg HTTP/1.1" 200 27
101.85.94.178 - - [18/Apr/2021:10:24:38 +0800] "GET /xingrg/all/function/internal_message.html?_=1618712213784&CODE_STATE=getMsg HTTP/1.1" 200 27
101.85.94.178 - - [18/Apr/2021:10:24:38 +0800] "GET /xingrg/check_reg.html?_=1618712213783 HTTP/1.1" 200 22
117.185.32.26 - - [18/Apr/2021:10:24:40 +0800] "GET /xingrg/check_reg.html?_=1618712674559 HTTP/1.1" 200 22
116.230.114.112 - - [18/Apr/2021:10:24:44 +0800] "GET /xingrg/all/function/internal_message.html?_=1618712683481&CODE_STATE=getMsg HTTP/1.1" 302 -
117.185.32.26 - - [18/Apr/2021:10:24:46 +0800] "GET /xingrg/kc/buy/cgsh_order_operate.html?command=get_materiel&rest_code=00106&code=00101009063&supplier_code=00100022&order_time=2021-04-18 HTTP/1.1" 200 410
117.185.32.26 - - [18/Apr/2021:10:24:48 +0800] "GET /xingrg/login.html HTTP/1.1" 200 7641
117.185.32.26 - - [18/Apr/2021:10:24:52 +0800] "GET /favicon.ico HTTP/1.1" 404 -
117.185.32.26 - - [18/Apr/2021:10:24:54 +0800] "POST /xingrg/login.do HTTP/1.1" 302 -
117.185.32.26 - - [18/Apr/2021:10:24:54 +0800] "GET /xingrg/index.html?sysBaseUrl=http%3A%2F%2F180.169.147.146%3A18081%2Fxingrg%2F&costTime=39×tamp=1618712694149 HTTP/1.1" 200 17173
117.185.32.26 - - [18/Apr/2021:10:24:55 +0800] "GET /favicon.ico HTTP/1.1" 404 -
117.185.32.26 - - [18/Apr/2021:10:24:56 +0800] "POST /xingrg/all/common/load_tree.html?tree=area_rest_tree_json&manage=1 HTTP/1.1" 200 342
180.169.147.146 - - [18/Apr/2021:10:24:56 +0800] "GET /xingrg/all/function/internal_message.html?_=1618712540720&CODE_STATE=getMsg HTTP/1.1" 200 27
117.185.32.26 - - [18/Apr/2021:10:24:56 +0800] "GET /xingrg/all/function/internal_message.html?_=1618713214426&CODE_STATE=count HTTP/1.1" 200 11
117.185.32.26 - - [18/Apr/2021:10:24:56 +0800] "GET /xingrg/check_reg.html?_=1618713214427 HTTP/1.1" 200 22
117.185.32.26 - - [18/Apr/2021:10:24:56 +0800] "POST /xingrg/load_menu.html HTTP/1.1" 200 5138
116.230.114.112 - - [18/Apr/2021:10:24:58 +0800] "GET /xingrg/all/function/internal_message.html?_=1618712697295&CODE_STATE=getMsg HTTP/1.1" 200 27
222.70.217.33 - - [18/Apr/2021:10:25:01 +0800] "GET /xingrg/all/function/internal_message.html?_=1618712699180&CODE_STATE=getMsg HTTP/1.1" 200 27
222.70.217.33 - - [18/Apr/2021:10:25:01 +0800] "GET /xingrg/check_reg.html?_=1618712699183 HTTP/1.1" 200 22
61.165.42.208 - - [18/Apr/2021:10:25:01 +0800] "GET /xingrg/all/function/internal_message.html?_=1618712699302&CODE_STATE=getMsg HTTP/1.1" 200 27
61.165.42.208 - - [18/Apr/2021:10:25:01 +0800] "GET /xingrg/check_reg.html?_=1618712699305 HTTP/1.1" 200 22
117.185.32.26 - - [18/Apr/2021:10:25:02 +0800] "POST /xingrg/kc/buy/cgsh_order_operate.html HTTP/1.1" 200 37
114.88.167.174 - - [18/Apr/2021:10:25:03 +0800] "GET /xingrg/all/function/internal_message.html?_=1618712703936&CODE_STATE=getMsg HTTP/1.1" 200 27
117.185.32.26 - - [18/Apr/2021:10:25:03 +0800] "GET /xingrg/kc/buy/buy_main.html HTTP/1.1" 200 12412
117.185.32.26 - - [18/Apr/2021:10:25:04 +0800] "GET /xingrg/css/new_ie.css HTTP/1.1" 404 1036
117.185.32.26 - - [18/Apr/2021:10:25:04 +0800] "POST /xingrg/kc/buy/cgsh_order_operate.html HTTP/1.1" 200 12
117.185.32.26 - - [18/Apr/2021:10:25:05 +0800] "GET /xingrg/images/yd/bt.gif HTTP/1.1" 404 1040
117.185.32.26 - - [18/Apr/2021:10:25:05 +0800] "GET /xingrg/kc/buy/cgsh_order_list.html HTTP/1.1" 200 46410
114.86.187.76 - - [18/Apr/2021:10:25:06 +0800] "GET /xingrg/all/function/internal_message.html?_=1618712703996&CODE_STATE=getMsg HTTP/1.1" 200 27
117.185.32.26 - - [18/Apr/2021:10:25:07 +0800] "GET /xingrg/kc/buy/cgsh_order_info.html?code=212021041807374 HTTP/1.1" 200 57056
114.86.231.72 - - [18/Apr/2021:10:25:07 +0800] "GET /xingrg/all/function/internal_message.html?_=1618712704788&CODE_STATE=getMsg HTTP/1.1" 200 27
117.185.32.26 - - [18/Apr/2021:10:25:07 +0800] "GET /xingrg/javascript/easyui/themes/default/validatebox.css HTTP/1.1" 404 1104
117.185.32.26 - - [18/Apr/2021:10:25:07 +0800] "POST /xingrg/kc/buy/cgsh_order_operate.html HTTP/1.1" 200 1780
117.185.32.26 - - [18/Apr/2021:10:25:08 +0800] "POST /xingrg/kc/buy/cgsh_list_operate.html HTTP/1.1" 200 2037
117.185.32.26 - - [18/Apr/2021:10:25:09 +0800] "GET /xingrg/kc/print/load_data.html?order_code=212021041807374&kc_code=cgsh&condition= HTTP/1.1" 200 1181
117.185.32.26 - - [18/Apr/2021:10:25:13 +0800] "GET /xingrg/kc/buy/cgsh_order_add.html HTTP/1.1" 200 62148
117.185.32.26 - - [18/Apr/2021:10:25:13 +0800] "GET /xingrg/words/20210418091631_words.js HTTP/1.1" 200 806180
117.185.32.26 - - [18/Apr/2021:10:25:14 +0800] "POST /xingrg/kc/buy/cgsh_order_operate.html HTTP/1.1" 200 8245
117.185.32.26 - - [18/Apr/2021:10:25:15 +0800] "GET /xingrg/javascript/easyui/themes/default/validatebox.css HTTP/1.1" 404 1104
117.185.32.26 - - [18/Apr/2021:10:25:15 +0800] "GET /xingrg/all/common/auto_word.html?type=employee&rest_code=00106 HTTP/1.1" 200 205
117.185.32.26 - - [18/Apr/2021:10:25:15 +0800] "GET /xingrg/all/common/auto_word.html?type=employee&rest_code=00106 HTTP/1.1" 200 205
117.185.32.26 - - [18/Apr/2021:10:25:15 +0800] "GET /xingrg/kc/print/load_data.html?order_code=212021041807374&kc_code=cgsh HTTP/1.1" 200 1181
114.88.167.174 - - [18/Apr/2021:10:25:17 +0800] "GET /xingrg/check_reg.html?_=1618712714237 HTTP/1.1" 200 22
117.185.32.26 - - [18/Apr/2021:10:25:17 +0800] "GET /xingrg/javascript/easyui/themes/default/tree.css HTTP/1.1" 404 1090
117.185.32.26 - - [18/Apr/2021:10:25:17 +0800] "POST /xingrg/all/common/load_tree.html?tree=supplier_tree_json&isDelete=1 HTTP/1.1" 200 54827
116.224.253.72 - - [18/Apr/2021:10:25:17 +0800] "GET /xingrg/all/function/internal_message.html?_=1618712715102&CODE_STATE=getMsg HTTP/1.1" 200 27
116.224.253.72 - - [18/Apr/2021:10:25:17 +0800] "GET /xingrg/all/function/internal_message.html?_=1618712703062&CODE_STATE=getMsg HTTP/1.1" 200 27
117.185.32.26 - - [18/Apr/2021:10:25:23 +0800] "GET /xingrg/javascript/jquery_tools/images/prev.gif HTTP/1.1" 404 1086
117.185.32.26 - - [18/Apr/2021:10:25:23 +0800] "GET /xingrg/javascript/jquery_tools/images/next.gif HTTP/1.1" 404 1086
58.37.228.113 - - [18/Apr/2021:10:25:26 +0800] "GET /xingrg/all/function/internal_message.html?_=1618712724859&CODE_STATE=getMsg HTTP/1.1" 200 27
116.238.141.202 - - [18/Apr/2021:10:25:26 +0800] "GET /xingrg/check_reg.html?_=1618713001811 HTTP/1.1" 200 22
116.238.141.202 - - [18/Apr/2021:10:25:27 +0800] "GET /xingrg/all/function/internal_message.html?_=1618713002243&CODE_STATE=getMsg HTTP/1.1" 200 27
58.37.228.113 - - [18/Apr/2021:10:25:31 +0800] "GET /xingrg/check_reg.html?_=1618712707838 HTTP/1.1" 200 22
58.37.228.113 - - [18/Apr/2021:10:25:31 +0800] "GET /xingrg/all/function/internal_message.html?_=1618712707839&CODE_STATE=getMsg HTTP/1.1" 200 27
222.69.131.239 - - [18/Apr/2021:10:25:31 +0800] "GET /xingrg/all/function/internal_message.html?_=1618712728590&CODE_STATE=getMsg HTTP/1.1" 200 27
180.169.147.146 - - [18/Apr/2021:10:25:32 +0800] "GET /xingrg/all/function/internal_message.html?_=1618712724444&CODE_STATE=getMsg HTTP/1.1" 200 27
114.88.167.174 - - [18/Apr/2021:10:25:34 +0800] "GET /xingrg/all/function/internal_message.html?_=1618712731395&CODE_STATE=getMsg HTTP/1.1" 200 27
124.77.71.179 - - [18/Apr/2021:10:25:37 +0800] "GET /xingrg/all/function/internal_message.html?_=1618712734704&CODE_STATE=getMsg HTTP/1.1" 200 27
117.185.32.26 - - [18/Apr/2021:10:25:37 +0800] "GET /xingrg/all/function/internal_message.html?_=1618712731480&CODE_STATE=getMsg HTTP/1.1" 200 27
101.85.94.178 - - [18/Apr/2021:10:25:38 +0800] "GET /xingrg/all/function/internal_message.html?_=1618712273782&CODE_STATE=getMsg HTTP/1.1" 200 27
117.185.32.26 - - [18/Apr/2021:10:25:40 +0800] "GET /xingrg/javascript/auto/indicator.gif HTTP/1.1" 404 1066
120.204.17.72 - - [18/Apr/2021:10:25:40 +0800] "GET /xingrg/check_reg.html?_=1618712674559 HTTP/1.1" 302 -
120.204.17.72 - - [18/Apr/2021:10:25:41 +0800] "GET /xingrg/login.html HTTP/1.1" 200 7641
116.230.114.112 - - [18/Apr/2021:10:25:44 +0800] "GET /xingrg/all/function/internal_message.html?_=1618712743506&CODE_STATE=getMsg HTTP/1.1" 302 -
180.169.147.146 - - [18/Apr/2021:10:25:56 +0800] "GET /xingrg/all/function/internal_message.html?_=1618712600723&CODE_STATE=getMsg HTTP/1.1" 200 27
117.185.32.26 - - [18/Apr/2021:10:25:56 +0800] "GET /xingrg/all/function/internal_message.html?_=1618713274433&CODE_STATE=getMsg HTTP/1.1" 200 27
116.230.114.112 - - [18/Apr/2021:10:25:58 +0800] "GET /xingrg/all/function/internal_message.html?_=1618712757297&CODE_STATE=getMsg HTTP/1.1" 200 27
222.70.217.33 - - [18/Apr/2021:10:26:01 +0800] "GET /xingrg/all/function/internal_message.html?_=1618712759186&CODE_STATE=getMsg HTTP/1.1" 200 27
61.165.42.208 - - [18/Apr/2021:10:26:01 +0800] "GET /xingrg/all/function/internal_message.html?_=1618712759340&CODE_STATE=getMsg HTTP/1.1" 200 27
114.86.231.72 - - [18/Apr/2021:10:26:03 +0800] "POST /xingrg/kc/buy/cgsh_list_operate.html HTTP/1.1" 200 4143
114.88.167.174 - - [18/Apr/2021:10:26:03 +0800] "GET /xingrg/all/function/internal_message.html?_=1618712763921&CODE_STATE=getMsg HTTP/1.1" 200 27
120.204.17.73 - - [18/Apr/2021:10:26:04 +0800] "GET /xingrg/kc/buy/cgsh_order_info.html?code=212021041807374 HTTP/1.1" 302 -
120.204.17.73 - - [18/Apr/2021:10:26:05 +0800] "GET /xingrg/login.html HTTP/1.1" 200 7641
114.86.231.72 - - [18/Apr/2021:10:26:06 +0800] "POST /xingrg/kc/buy/cgsh_list_operate.html HTTP/1.1" 200 577
114.86.187.76 - - [18/Apr/2021:10:26:06 +0800] "GET /xingrg/all/function/internal_message.html?_=1618712764010&CODE_STATE=getMsg HTTP/1.1" 200 27
114.86.231.72 - - [18/Apr/2021:10:26:07 +0800] "GET /xingrg/all/function/internal_message.html?_=1618712764837&CODE_STATE=getMsg HTTP/1.1" 200 27
114.86.231.72 - - [18/Apr/2021:10:26:07 +0800] "GET /xingrg/kc/buy/cgsh_order_info.html?code=212021041807373 HTTP/1.1" 200 62196
114.86.231.72 - - [18/Apr/2021:10:26:07 +0800] "GET /xingrg/words/20210418091631_words.js HTTP/1.1" 304 -
114.86.231.72 - - [18/Apr/2021:10:26:07 +0800] "GET /xingrg/all/common/auto_word.html?type=employee&rest_code=00109 HTTP/1.1" 200 205
114.86.231.72 - - [18/Apr/2021:10:26:07 +0800] "GET /xingrg/javascript/easyui/themes/default/validatebox.css HTTP/1.1" 404 1104
114.86.231.72 - - [18/Apr/2021:10:26:07 +0800] "GET /xingrg/all/common/auto_word.html?type=employee&rest_code=00109 HTTP/1.1" 200 205
114.86.231.72 - - [18/Apr/2021:10:26:07 +0800] "POST /xingrg/kc/buy/cgsh_order_operate.html HTTP/1.1" 200 6796
117.185.32.26 - - [18/Apr/2021:10:26:09 +0800] "GET /xingrg/kc/buy/cgsh_order_operate.html?command=get_materiel&rest_code=00106&code=00101001140&supplier_code=00100090&order_time=2021-04-18 HTTP/1.1" 200 429
114.86.231.72 - - [18/Apr/2021:10:26:17 +0800] "GET /xingrg/kc/buy/cgsh_order_operate.html?command=get_materiel&rest_code=00109&code=00101009063&supplier_code=00100022&order_time=2021-04-18 HTTP/1.1" 200 410
116.224.253.72 - - [18/Apr/2021:10:26:17 +0800] "GET /xingrg/all/function/internal_message.html?_=1618712775086&CODE_STATE=getMsg HTTP/1.1" 200 27
116.224.253.72 - - [18/Apr/2021:10:26:17 +0800] "GET /xingrg/all/function/internal_message.html?_=1618712763101&CODE_STATE=getMsg HTTP/1.1" 200 27
58.37.228.113 - - [18/Apr/2021:10:26:26 +0800] "GET /xingrg/all/function/internal_message.html?_=1618712784861&CODE_STATE=getMsg HTTP/1.1" 200 27
116.238.141.202 - - [18/Apr/2021:10:26:27 +0800] "GET /xingrg/all/function/internal_message.html?_=1618713062264&CODE_STATE=getMsg HTTP/1.1" 200 27
116.230.114.112 - - [18/Apr/2021:10:26:28 +0800] "GET /xingrg/check_reg.html?_=1618712787413 HTTP/1.1" 302 -
114.86.231.72 - - [18/Apr/2021:10:26:28 +0800] "POST /xingrg/kc/buy/cgsh_order_operate.html HTTP/1.1" 200 12
58.37.228.113 - - [18/Apr/2021:10:26:31 +0800] "GET /xingrg/all/function/internal_message.html?_=1618712767823&CODE_STATE=getMsg HTTP/1.1" 200 27
222.69.131.239 - - [18/Apr/2021:10:26:31 +0800] "GET /xingrg/all/function/internal_message.html?_=1618712788587&CODE_STATE=getMsg HTTP/1.1" 200 27
114.86.231.72 - - [18/Apr/2021:10:26:31 +0800] "POST /xingrg/kc/buy/cgsh_list_operate.html HTTP/1.1" 200 3793
180.169.147.146 - - [18/Apr/2021:10:26:32 +0800] "GET /xingrg/all/function/internal_message.html?_=1618712784438&CODE_STATE=getMsg HTTP/1.1" 200 27
114.88.167.174 - - [18/Apr/2021:10:26:34 +0800] "GET /xingrg/all/function/internal_message.html?_=1618712791410&CODE_STATE=getMsg HTTP/1.1" 200 27
124.77.71.179 - - [18/Apr/2021:10:26:37 +0800] "GET /xingrg/all/function/internal_message.html?_=1618712794751&CODE_STATE=getMsg HTTP/1.1" 200 27
117.185.32.26 - - [18/Apr/2021:10:26:37 +0800] "GET /xingrg/all/function/internal_message.html?_=1618712791456&CODE_STATE=getMsg HTTP/1.1" 200 27
101.85.94.178 - - [18/Apr/2021:10:26:38 +0800] "GET /xingrg/all/function/internal_message.html?_=1618712333781&CODE_STATE=getMsg HTTP/1.1" 200 27
117.185.32.26 - - [18/Apr/2021:10:26:40 +0800] "GET /xingrg/kc/buy/cgsh_order_operate.html?command=get_materiel&rest_code=00106&code=00101001044&supplier_code=00100090&order_time=2021-04-18 HTTP/1.1" 200 427
114.86.231.72 - - [18/Apr/2021:10:26:42 +0800] "POST /xingrg/kc/buy/cgsh_list_operate.html HTTP/1.1" 200 3793
117.185.32.26 - - [18/Apr/2021:10:26:43 +0800] "GET /xingrg/kc/report/report_main.html HTTP/1.1" 200 7345
116.230.114.112 - - [18/Apr/2021:10:26:44 +0800] "GET /xingrg/all/function/internal_message.html?_=1618712803508&CODE_STATE=getMsg HTTP/1.1" 302 -
117.185.32.26 - - [18/Apr/2021:10:26:47 +0800] "GET /xingrg/dwr/interface/AjaxReportQueryService.js HTTP/1.1" 200 13203
117.185.32.26 - - [18/Apr/2021:10:26:47 +0800] "GET /xingrg/dwr/util.js HTTP/1.1" 304 -
117.185.32.26 - - [18/Apr/2021:10:26:47 +0800] "GET /xingrg/all/report/report_query.html?fileName=kc/buy/gys_amount.xml&rh=99999 HTTP/1.1" 200 52006
117.185.32.26 - - [18/Apr/2021:10:26:47 +0800] "GET /xingrg/dwr/engine.js HTTP/1.1" 200 43631
117.185.32.26 - - [18/Apr/2021:10:26:47 +0800] "POST /xingrg/dwr/call/plaincall/AjaxReportQueryService.getFixDate.dwr HTTP/1.1" 200 111
117.185.32.26 - - [18/Apr/2021:10:26:47 +0800] "POST /xingrg/all/common/load_tree.html?tree=supplier_tree_json&manage=1 HTTP/1.1" 200 55684
117.185.32.26 - - [18/Apr/2021:10:26:47 +0800] "POST /xingrg/all/common/load_tree.html?tree=materiel_sort_tree_json HTTP/1.1" 200 8666
114.86.231.72 - - [18/Apr/2021:10:26:48 +0800] "POST /xingrg/kc/buy/cgsh_list_operate.html HTTP/1.1" 200 3793
117.185.32.26 - - [18/Apr/2021:10:26:49 +0800] "POST /xingrg/dwr/call/plaincall/AjaxReportQueryService.getInitString.dwr HTTP/1.1" 200 975
117.185.32.26 - - [18/Apr/2021:10:26:49 +0800] "GET /xingrg/javascript/multi_select/dropdown.gif HTTP/1.1" 200 61
114.86.231.72 - - [18/Apr/2021:10:26:49 +0800] "GET /xingrg/kc/buy/cgsh_order_add.html HTTP/1.1" 200 62189
114.86.231.72 - - [18/Apr/2021:10:26:49 +0800] "POST /xingrg/kc/buy/cgsh_order_operate.html HTTP/1.1" 200 8245
114.86.231.72 - - [18/Apr/2021:10:26:49 +0800] "GET /xingrg/all/common/auto_word.html?type=employee&rest_code=00109 HTTP/1.1" 200 205
114.86.231.72 - - [18/Apr/2021:10:26:49 +0800] "GET /xingrg/javascript/easyui/themes/default/validatebox.css HTTP/1.1" 404 1104
114.86.231.72 - - [18/Apr/2021:10:26:49 +0800] "GET /xingrg/all/common/auto_word.html?type=employee&rest_code=00109 HTTP/1.1" 200 205
222.70.217.33 - - [18/Apr/2021:10:26:50 +0800] "GET /favicon.ico HTTP/1.1" 404 -
117.185.32.26 - - [18/Apr/2021:10:26:50 +0800] "POST /xingrg/dwr/call/plaincall/AjaxReportQueryService.getFixDate.dwr HTTP/1.1" 200 111
180.169.147.146 - - [18/Apr/2021:10:26:56 +0800] "GET /xingrg/all/function/internal_message.html?_=1618712660752&CODE_STATE=getMsg HTTP/1.1" 200 27
180.169.147.146 - - [18/Apr/2021:10:26:56 +0800] "GET /xingrg/check_reg.html?_=1618712660756 HTTP/1.1" 200 22
117.185.32.26 - - [18/Apr/2021:10:26:56 +0800] "GET /xingrg/all/function/internal_message.html?_=1618713334434&CODE_STATE=getMsg HTTP/1.1" 200 27
117.185.32.26 - - [18/Apr/2021:10:26:56 +0800] "POST /xingrg/dwr/call/plaincall/AjaxReportQueryService.refreshCache.dwr HTTP/1.1" 200 78
117.185.32.26 - - [18/Apr/2021:10:26:58 +0800] "POST /xingrg/all/report/load_report_page.html HTTP/1.1" 200 8924
117.185.32.26 - - [18/Apr/2021:10:26:58 +0800] "GET /xingrg/servlets/image?cache=0.5382979600883395&image=px HTTP/1.1" 200 807
116.230.114.112 - - [18/Apr/2021:10:26:58 +0800] "GET /xingrg/all/function/internal_message.html?_=1618712817788&CODE_STATE=getMsg HTTP/1.1" 200 27
116.224.253.72 - - [18/Apr/2021:10:27:01 +0800] "GET /xingrg/check_reg.html?_=1618712806355 HTTP/1.1" 200 22
222.70.217.33 - - [18/Apr/2021:10:27:01 +0800] "GET /xingrg/all/function/internal_message.html?_=1618712819190&CODE_STATE=getMsg HTTP/1.1" 200 27
61.165.42.208 - - [18/Apr/2021:10:27:01 +0800] "GET /xingrg/all/function/internal_message.html?_=1618712819338&CODE_STATE=getMsg HTTP/1.1" 200 27
114.88.167.174 - - [18/Apr/2021:10:27:03 +0800] "GET /xingrg/all/function/internal_message.html?_=1618712823904&CODE_STATE=getMsg HTTP/1.1" 200 27
114.86.187.76 - - [18/Apr/2021:10:27:06 +0800] "GET /xingrg/all/function/internal_message.html?_=1618712824268&CODE_STATE=getMsg HTTP/1.1" 200 27
114.86.231.72 - - [18/Apr/2021:10:27:07 +0800] "GET /xingrg/all/function/internal_message.html?_=1618712824798&CODE_STATE=getMsg HTTP/1.1" 200 27
116.224.253.72 - - [18/Apr/2021:10:27:17 +0800] "GET /xingrg/all/function/internal_message.html?_=1618712835058&CODE_STATE=getMsg HTTP/1.1" 200 27
114.86.231.72 - - [18/Apr/2021:10:27:17 +0800] "GET /xingrg/kc/buy/cgsh_order_operate.html?command=get_materiel&rest_code=00109&code=00101009050&supplier_code=00100022&order_time=2021-04-18 HTTP/1.1" 200 409
116.224.253.72 - - [18/Apr/2021:10:27:17 +0800] "GET /xingrg/all/function/internal_message.html?_=1618712823107&CODE_STATE=getMsg HTTP/1.1" 200 27
120.253.135.82 - - [18/Apr/2021:10:27:22 +0800] "POST /xingrg/kc/pszx/mdps_list_operate.html HTTP/1.1" 200 547
120.253.135.82 - - [18/Apr/2021:10:27:23 +0800] "GET /xingrg/kc/pszx/mdps_order_info.html?code=312021041500392 HTTP/1.1" 200 23931
120.253.135.82 - - [18/Apr/2021:10:27:23 +0800] "POST /xingrg/kc/pszx/mdps_order_operate.html HTTP/1.1" 200 4321
120.253.135.82 - - [18/Apr/2021:10:27:23 +0800] "GET /xingrg/javascript/easyui/themes/default/validatebox.css HTTP/1.1" 404 1104
58.37.228.113 - - [18/Apr/2021:10:27:26 +0800] "GET /xingrg/all/function/internal_message.html?_=1618712844863&CODE_STATE=getMsg HTTP/1.1" 200 27
116.238.141.202 - - [18/Apr/2021:10:27:27 +0800] "GET /xingrg/all/function/internal_message.html?_=1618713122298&CODE_STATE=getMsg HTTP/1.1" 200 27
120.253.135.82 - - [18/Apr/2021:10:27:30 +0800] "POST /xingrg/kc/pszx/mdps_order_operate.html HTTP/1.1" 200 37
58.37.228.113 - - [18/Apr/2021:10:27:31 +0800] "GET /xingrg/all/function/internal_message.html?_=1618712827824&CODE_STATE=getMsg HTTP/1.1" 200 27
222.69.131.239 - - [18/Apr/2021:10:27:31 +0800] "GET /xingrg/all/function/internal_message.html?_=1618712848587&CODE_STATE=getMsg HTTP/1.1" 200 27
180.169.147.146 - - [18/Apr/2021:10:27:32 +0800] "GET /xingrg/all/function/internal_message.html?_=1618712844417&CODE_STATE=getMsg HTTP/1.1" 200 27
114.88.167.174 - - [18/Apr/2021:10:27:34 +0800] "GET /xingrg/all/function/internal_message.html?_=1618712851578&CODE_STATE=getMsg HTTP/1.1" 200 27
120.253.135.82 - - [18/Apr/2021:10:27:35 +0800] "POST /xingrg/kc/pszx/mdps_order_operate.html HTTP/1.1" 200 12
114.86.231.72 - - [18/Apr/2021:10:27:35 +0800] "GET /xingrg/kc/buy/cgsh_order_operate.html?command=get_materiel&rest_code=00109&code=00101009013&supplier_code=00100022&order_time=2021-04-18 HTTP/1.1" 200 420
124.77.71.179 - - [18/Apr/2021:10:27:37 +0800] "GET /xingrg/all/function/internal_message.html?_=1618712854704&CODE_STATE=getMsg HTTP/1.1" 200 27
124.77.71.179 - - [18/Apr/2021:10:27:37 +0800] "GET /xingrg/check_reg.html?_=1618712854706 HTTP/1.1" 200 22
117.185.32.26 - - [18/Apr/2021:10:27:37 +0800] "GET /xingrg/all/function/internal_message.html?_=1618712851437&CODE_STATE=getMsg HTTP/1.1" 200 27
116.224.253.72 - - [18/Apr/2021:10:27:38 +0800] "POST /xingrg/all/user/operate.html HTTP/1.1" 200 36
116.224.253.72 - - [18/Apr/2021:10:27:38 +0800] "GET /xingrg/index.html?sysBaseUrl=http%3A%2F%2F180.169.147.146%3A18081%2Fxingrg%2F&costTime=105×tamp=1618705394488 HTTP/1.1" 200 17179
116.224.253.72 - - [18/Apr/2021:10:27:38 +0800] "GET /xingrg/javascript/jquery_easy_ui/themes/default/easyui.css HTTP/1.1" 304 -
116.224.253.72 - - [18/Apr/2021:10:27:38 +0800] "GET /xingrg/javascript/jquery_easy_ui/themes/icon.css HTTP/1.1" 304 -
116.224.253.72 - - [18/Apr/2021:10:27:38 +0800] "GET /xingrg/css/form.css HTTP/1.1" 304 -
116.224.253.72 - - [18/Apr/2021:10:27:38 +0800] "GET /xingrg/javascript/jquery-1.4.2.min.js HTTP/1.1" 304 -
116.224.253.72 - - [18/Apr/2021:10:27:38 +0800] "GET /xingrg/javascript/jquery_easy_ui/jquery.easyui.min.js HTTP/1.1" 304 -
116.224.253.72 - - [18/Apr/2021:10:27:38 +0800] "GET /xingrg/javascript/jquery_easy_ui/easyui-lang-zh_CN.js HTTP/1.1" 304 -
116.224.253.72 - - [18/Apr/2021:10:27:38 +0800] "GET /xingrg/javascript/jquery.form.js HTTP/1.1" 304 -
116.224.253.72 - - [18/Apr/2021:10:27:38 +0800] "GET /xingrg/javascript/jquery.utils.js HTTP/1.1" 304 -
116.224.253.72 - - [18/Apr/2021:10:27:38 +0800] "GET /xingrg/javascript/jquery.timers.js HTTP/1.1" 304 -
116.224.253.72 - - [18/Apr/2021:10:27:38 +0800] "GET /xingrg/images/blue/jxLogo.png HTTP/1.1" 304 -
116.224.253.72 - - [18/Apr/2021:10:27:38 +0800] "GET /xingrg/javascript/jquery_easy_ui/themes/icons/settle_new.png HTTP/1.1" 304 -
116.224.253.72 - - [18/Apr/2021:10:27:38 +0800] "GET /xingrg/images/blue/navBackgound.jpg HTTP/1.1" 304 -
116.224.253.72 - - [18/Apr/2021:10:27:38 +0800] "POST /xingrg/all/common/load_tree.html?tree=area_rest_tree_json&manage=1 HTTP/1.1" 200 476
116.224.253.72 - - [18/Apr/2021:10:27:38 +0800] "GET /xingrg/all/function/internal_message.html?_=1618712856391&CODE_STATE=count HTTP/1.1" 200 11
116.224.253.72 - - [18/Apr/2021:10:27:38 +0800] "GET /xingrg/check_reg.html?_=1618712856392 HTTP/1.1" 200 22
116.224.253.72 - - [18/Apr/2021:10:27:38 +0800] "GET /xingrg/images/blue/pingpu.png HTTP/1.1" 304 -
116.224.253.72 - - [18/Apr/2021:10:27:38 +0800] "GET /xingrg/javascript/jquery_easy_ui/themes/default/images/tabs_leftarrow.png HTTP/1.1" 304 -
116.224.253.72 - - [18/Apr/2021:10:27:38 +0800] "GET /xingrg/javascript/jquery_easy_ui/themes/default/images/panel_tool_collapse.gif HTTP/1.1" 304 -
116.224.253.72 - - [18/Apr/2021:10:27:38 +0800] "GET /xingrg/javascript/jquery_easy_ui/themes/default/images/tabs_rightarrow.png HTTP/1.1" 304 -
101.85.94.178 - - [18/Apr/2021:10:27:38 +0800] "GET /xingrg/all/function/internal_message.html?_=1618712393782&CODE_STATE=getMsg HTTP/1.1" 200 27
116.224.253.72 - - [18/Apr/2021:10:27:38 +0800] "POST /xingrg/load_menu.html HTTP/1.1" 200 5138
116.224.253.72 - - [18/Apr/2021:10:27:40 +0800] "GET /xingrg/kc/buy/cgsh_order_list.html HTTP/1.1" 200 46416
116.224.253.72 - - [18/Apr/2021:10:27:41 +0800] "POST /xingrg/kc/buy/cgsh_list_operate.html HTTP/1.1" 200 876
116.224.253.72 - - [18/Apr/2021:10:27:42 +0800] "GET /xingrg/kc/buy/cgsh_order_add.html HTTP/1.1" 200 62072
116.224.253.72 - - [18/Apr/2021:10:27:42 +0800] "GET /xingrg/javascript/easyui/themes/default/validatebox.css HTTP/1.1" 404 1104
116.224.253.72 - - [18/Apr/2021:10:27:42 +0800] "POST /xingrg/kc/buy/cgsh_order_operate.html HTTP/1.1" 200 8245
116.224.253.72 - - [18/Apr/2021:10:27:43 +0800] "GET /xingrg/javascript/auto/indicator.gif HTTP/1.1" 404 1066
116.230.114.112 - - [18/Apr/2021:10:27:44 +0800] "GET /xingrg/all/function/internal_message.html?_=1618712863532&CODE_STATE=getMsg HTTP/1.1" 302 -
116.230.114.112 - - [18/Apr/2021:10:27:45 +0800] "GET /xingrg/check_reg.html?_=1618712864255 HTTP/1.1" 200 22
120.253.135.82 - - [18/Apr/2021:10:27:47 +0800] "GET /xingrg/kc/pszx/mdps_order_info.html?code=312021041500392 HTTP/1.1" 200 19591
120.253.135.82 - - [18/Apr/2021:10:27:47 +0800] "POST /xingrg/kc/pszx/mdps_order_operate.html HTTP/1.1" 200 2527
120.253.135.82 - - [18/Apr/2021:10:27:47 +0800] "GET /xingrg/javascript/easyui/themes/default/validatebox.css HTTP/1.1" 404 1104
114.86.231.72 - - [18/Apr/2021:10:27:49 +0800] "GET /xingrg/kc/buy/cgsh_order_operate.html?command=get_materiel&rest_code=00109&code=00101009010&supplier_code=00100022&order_time=2021-04-18 HTTP/1.1" 200 412
117.185.32.26 - - [18/Apr/2021:10:27:52 +0800] "POST /xingrg/kc/buy/cgsh_order_operate.html HTTP/1.1" 200 37
116.224.253.72 - - [18/Apr/2021:10:27:54 +0800] "GET /xingrg/kc/buy/cgsh_order_operate.html?command=get_materiel&rest_code=00150&code=00101029002&supplier_code=00100017&order_time=2021-04-18 HTTP/1.1" 200 470
180.169.147.146 - - [18/Apr/2021:10:27:56 +0800] "GET /xingrg/all/function/internal_message.html?_=1618712720755&CODE_STATE=getMsg HTTP/1.1" 200 27
120.253.135.82 - - [18/Apr/2021:10:27:56 +0800] "POST /xingrg/kc/pszx/mdps_list_operate.html HTTP/1.1" 200 868
117.185.32.26 - - [18/Apr/2021:10:27:56 +0800] "GET /xingrg/all/function/internal_message.html?_=1618713394450&CODE_STATE=getMsg HTTP/1.1" 200 27
117.185.32.26 - - [18/Apr/2021:10:27:57 +0800] "POST /xingrg/kc/buy/cgsh_order_operate.html HTTP/1.1" 200 12
120.253.135.82 - - [18/Apr/2021:10:27:58 +0800] "GET /xingrg/kc/pszx/mdqp_order_list.html?state=10 HTTP/1.1" 200 10171
120.253.135.82 - - [18/Apr/2021:10:27:58 +0800] "GET /xingrg/css/blue.css HTTP/1.1" 304 -
120.253.135.82 - - [18/Apr/2021:10:27:58 +0800] "GET /xingrg/dwr/util.js HTTP/1.1" 304 -
120.253.135.82 - - [18/Apr/2021:10:27:58 +0800] "GET /xingrg/javascript/Calendar.js HTTP/1.1" 304 -
120.253.135.82 - - [18/Apr/2021:10:27:58 +0800] "GET /xingrg/dwr/interface/AjaxReportQueryService.js HTTP/1.1" 200 13203
120.253.135.82 - - [18/Apr/2021:10:27:58 +0800] "GET /xingrg/dwr/engine.js HTTP/1.1" 200 43631
120.253.135.82 - - [18/Apr/2021:10:27:58 +0800] "GET /xingrg/dwr/interface/AjaxQqpsService.js HTTP/1.1" 200 16326
120.253.135.82 - - [18/Apr/2021:10:27:58 +0800] "GET /xingrg/javascript/jquery_easy_ui/themes/icons/check_new.png HTTP/1.1" 304 -
120.253.135.82 - - [18/Apr/2021:10:27:58 +0800] "GET /xingrg/javascript/jquery_easy_ui/themes/icons/uncheck_new.png HTTP/1.1" 304 -
120.253.135.82 - - [18/Apr/2021:10:27:58 +0800] "GET /xingrg/javascript/jquery_easy_ui/themes/icons/back_new.png HTTP/1.1" 304 -
116.230.114.112 - - [18/Apr/2021:10:27:58 +0800] "GET /xingrg/all/function/internal_message.html?_=1618712877791&CODE_STATE=getMsg HTTP/1.1" 200 27
114.86.231.72 - - [18/Apr/2021:10:27:59 +0800] "GET /xingrg/kc/buy/cgsh_order_operate.html?command=get_materiel&rest_code=00109&code=00101009062&supplier_code=00100022&order_time=2021-04-18 HTTP/1.1" 200 412
61.165.42.208 - - [18/Apr/2021:10:28:01 +0800] "GET /xingrg/all/function/internal_message.html?_=1618712879330&CODE_STATE=getMsg HTTP/1.1" 200 27
222.70.217.33 - - [18/Apr/2021:10:28:01 +0800] "GET /xingrg/all/function/internal_message.html?_=1618712879193&CODE_STATE=getMsg HTTP/1.1" 200 27
114.88.167.174 - - [18/Apr/2021:10:28:03 +0800] "GET /xingrg/all/function/internal_message.html?_=1618712883888&CODE_STATE=getMsg HTTP/1.1" 200 27
117.185.32.26 - - [18/Apr/2021:10:28:03 +0800] "GET /xingrg/kc/buy/cgsh_order_info.html?code=212021041807375 HTTP/1.1" 200 57054
117.185.32.26 - - [18/Apr/2021:10:28:03 +0800] "GET /xingrg/javascript/easyui/themes/default/validatebox.css HTTP/1.1" 404 1104
117.185.32.26 - - [18/Apr/2021:10:28:04 +0800] "POST /xingrg/kc/buy/cgsh_order_operate.html HTTP/1.1" 200 1206
116.224.253.72 - - [18/Apr/2021:10:28:04 +0800] "GET /xingrg/kc/buy/cgsh_order_operate.html?command=get_materiel&rest_code=00150&code=00101029022&supplier_code=00100017&order_time=2021-04-18 HTTP/1.1" 200 472
117.185.32.26 - - [18/Apr/2021:10:28:06 +0800] "GET /xingrg/kc/print/load_config.html?kc_code=cgsh HTTP/1.1" 200 1845
114.86.187.76 - - [18/Apr/2021:10:28:06 +0800] "GET /xingrg/all/function/internal_message.html?_=1618712884272&CODE_STATE=getMsg HTTP/1.1" 200 27
117.185.32.26 - - [18/Apr/2021:10:28:07 +0800] "GET /xingrg/kc/print/load_data.html?order_code=212021041807375&kc_code=cgsh&condition= HTTP/1.1" 200 1003
114.86.231.72 - - [18/Apr/2021:10:28:07 +0800] "GET /xingrg/all/function/internal_message.html?_=1618712884789&CODE_STATE=getMsg HTTP/1.1" 200 27
114.86.231.72 - - [18/Apr/2021:10:28:07 +0800] "GET /xingrg/check_reg.html?_=1618712884789 HTTP/1.1" 200 22
114.86.231.72 - - [18/Apr/2021:10:28:09 +0800] "GET /xingrg/kc/buy/cgsh_order_operate.html?command=get_materiel&rest_code=00109&code=00101009039&supplier_code=00100022&order_time=2021-04-18 HTTP/1.1" 200 408
116.224.253.72 - - [18/Apr/2021:10:28:13 +0800] "POST /xingrg/kc/buy/cgsh_order_operate.html HTTP/1.1" 200 37
116.224.253.72 - - [18/Apr/2021:10:28:17 +0800] "GET /xingrg/all/function/internal_message.html?_=1618712883120&CODE_STATE=getMsg HTTP/1.1" 200 27
116.224.253.72 - - [18/Apr/2021:10:28:18 +0800] "POST /xingrg/kc/buy/cgsh_order_operate.html HTTP/1.1" 200 12
116.224.253.72 - - [18/Apr/2021:10:28:19 +0800] "GET /xingrg/kc/buy/cgsh_order_info.html?code=212021041807376 HTTP/1.1" 200 56972
116.224.253.72 - - [18/Apr/2021:10:28:20 +0800] "GET /xingrg/javascript/easyui/themes/default/validatebox.css HTTP/1.1" 404 1104
116.224.253.72 - - [18/Apr/2021:10:28:21 +0800] "POST /xingrg/kc/buy/cgsh_order_operate.html HTTP/1.1" 200 1265
116.224.253.72 - - [18/Apr/2021:10:28:22 +0800] "GET /xingrg/kc/print/load_data.html?order_code=212021041807376&kc_code=cgsh&condition= HTTP/1.1" 200 1053
58.37.228.113 - - [18/Apr/2021:10:28:26 +0800] "GET /xingrg/all/function/internal_message.html?_=1618712904866&CODE_STATE=getMsg HTTP/1.1" 200 27
116.238.141.202 - - [18/Apr/2021:10:28:27 +0800] "GET /xingrg/all/function/internal_message.html?_=1618713182530&CODE_STATE=getMsg HTTP/1.1" 200 27
116.224.253.72 - - [18/Apr/2021:10:28:28 +0800] "GET /favicon.ico HTTP/1.1" 404 -
58.37.228.113 - - [18/Apr/2021:10:28:31 +0800] "GET /xingrg/all/function/internal_message.html?_=1618712887832&CODE_STATE=getMsg HTTP/1.1" 200 27
222.69.131.239 - - [18/Apr/2021:10:28:31 +0800] "GET /xingrg/all/function/internal_message.html?_=1618712908596&CODE_STATE=getMsg HTTP/1.1" 200 27
222.69.131.239 - - [18/Apr/2021:10:28:31 +0800] "GET /xingrg/check_reg.html?_=1618712908598 HTTP/1.1" 200 22
101.91.62.89 - - [18/Apr/2021:10:28:32 +0800] "GET /xingrg/all/function/internal_message.html?_=1618712827824&CODE_STATE=getMsg HTTP/1.1" 302 -
180.169.147.146 - - [18/Apr/2021:10:28:32 +0800] "GET /xingrg/all/function/internal_message.html?_=1618712904392&CODE_STATE=getMsg HTTP/1.1" 200 27
101.91.62.89 - - [18/Apr/2021:10:28:33 +0800] "GET /xingrg/login.html HTTP/1.1" 200 7641
114.88.167.174 - - [18/Apr/2021:10:28:34 +0800] "GET /xingrg/all/function/internal_message.html?_=1618712911592&CODE_STATE=getMsg HTTP/1.1" 200 27
120.253.135.82 - - [18/Apr/2021:10:28:35 +0800] "GET /xingrg/javascript/jquery_easy_ui/themes/default/images/tabs_active.png HTTP/1.1" 304 -
61.165.42.208 - - [18/Apr/2021:10:28:37 +0800] "GET /xingrg/kc/buy/cgsh_order_add.html HTTP/1.1" 200 62195
124.77.71.179 - - [18/Apr/2021:10:28:37 +0800] "GET /xingrg/all/function/internal_message.html?_=1618712914706&CODE_STATE=getMsg HTTP/1.1" 200 27
61.165.42.208 - - [18/Apr/2021:10:28:37 +0800] "POST /xingrg/kc/buy/cgsh_order_operate.html HTTP/1.1" 200 8245
61.165.42.208 - - [18/Apr/2021:10:28:37 +0800] "GET /xingrg/javascript/easyui/themes/default/validatebox.css HTTP/1.1" 404 1104
117.185.32.26 - - [18/Apr/2021:10:28:37 +0800] "GET /xingrg/all/function/internal_message.html?_=1618712911399&CODE_STATE=getMsg HTTP/1.1" 200 27
117.185.32.26 - - [18/Apr/2021:10:28:38 +0800] "GET /xingrg/kc/buy/cgsh_order_add.html HTTP/1.1" 200 62148
117.185.32.26 - - [18/Apr/2021:10:28:38 +0800] "POST /xingrg/kc/buy/cgsh_order_operate.html HTTP/1.1" 200 8245
117.185.32.26 - - [18/Apr/2021:10:28:38 +0800] "GET /xingrg/javascript/easyui/themes/default/validatebox.css HTTP/1.1" 404 1104
116.224.253.72 - - [18/Apr/2021:10:28:38 +0800] "GET /xingrg/all/function/internal_message.html?_=1618712916408&CODE_STATE=getMsg HTTP/1.1" 200 27
101.85.94.178 - - [18/Apr/2021:10:28:38 +0800] "GET /xingrg/all/function/internal_message.html?_=1618712453782&CODE_STATE=getMsg HTTP/1.1" 200 27
117.185.32.26 - - [18/Apr/2021:10:28:40 +0800] "GET /xingrg/javascript/easyui/themes/default/tree.css HTTP/1.1" 404 1090
117.185.32.26 - - [18/Apr/2021:10:28:40 +0800] "POST /xingrg/all/common/load_tree.html?tree=supplier_tree_json&isDelete=1 HTTP/1.1" 200 54827
114.88.167.174 - - [18/Apr/2021:10:28:42 +0800] "GET /xingrg/check_reg.html?_=1618712922999 HTTP/1.1" 200 22
120.253.135.82 - - [18/Apr/2021:10:28:44 +0800] "GET /xingrg/kc/pszx/mdps_order_list.html?orderType=0 HTTP/1.1" 200 21197
116.230.114.112 - - [18/Apr/2021:10:28:44 +0800] "GET /xingrg/all/function/internal_message.html?_=1618712923535&CODE_STATE=getMsg HTTP/1.1" 302 -
120.253.135.82 - - [18/Apr/2021:10:28:45 +0800] "POST /xingrg/kc/pszx/mdps_list_operate.html HTTP/1.1" 200 5483
120.253.135.82 - - [18/Apr/2021:10:28:53 +0800] "POST /xingrg/kc/pszx/mdps_list_operate.html HTTP/1.1" 200 868
180.169.147.146 - - [18/Apr/2021:10:28:56 +0800] "GET /xingrg/all/function/internal_message.html?_=1618712780758&CODE_STATE=getMsg HTTP/1.1" 200 27
117.185.32.26 - - [18/Apr/2021:10:28:56 +0800] "GET /xingrg/all/function/internal_message.html?_=1618713454456&CODE_STATE=getMsg HTTP/1.1" 200 27
120.253.135.82 - - [18/Apr/2021:10:28:58 +0800] "POST /xingrg/kc/pszx/mdps_list_operate.html HTTP/1.1" 200 2107
116.230.114.112 - - [18/Apr/2021:10:28:58 +0800] "GET /xingrg/all/function/internal_message.html?_=1618712937805&CODE_STATE=getMsg HTTP/1.1" 200 27
120.253.135.82 - - [18/Apr/2021:10:28:59 +0800] "POST /xingrg/kc/pszx/mdps_list_operate.html HTTP/1.1" 200 205
222.70.217.33 - - [18/Apr/2021:10:29:01 +0800] "GET /xingrg/all/function/internal_message.html?_=1618712939184&CODE_STATE=getMsg HTTP/1.1" 200 27
120.253.135.82 - - [18/Apr/2021:10:29:01 +0800] "POST /xingrg/kc/pszx/mdps_list_operate.html HTTP/1.1" 200 547
61.165.42.208 - - [18/Apr/2021:10:29:01 +0800] "GET /xingrg/all/function/internal_message.html?_=1618712939339&CODE_STATE=getMsg HTTP/1.1" 200 27
114.86.231.72 - - [18/Apr/2021:10:29:02 +0800] "GET /xingrg/kc/buy/cgsh_order_operate.html?command=get_materiel&rest_code=00109&code=00101009063&supplier_code=00100022&order_time=2021-04-18 HTTP/1.1" 200 410
114.88.167.174 - - [18/Apr/2021:10:29:03 +0800] "GET /xingrg/all/function/internal_message.html?_=1618712943858&CODE_STATE=getMsg HTTP/1.1" 200 27
120.253.135.82 - - [18/Apr/2021:10:29:04 +0800] "GET /xingrg/kc/pszx/mdps_order_info.html?code=312021041500392 HTTP/1.1" 200 19591
120.253.135.82 - - [18/Apr/2021:10:29:04 +0800] "GET /xingrg/javascript/easyui/themes/default/validatebox.css HTTP/1.1" 404 1104
120.253.135.82 - - [18/Apr/2021:10:29:04 +0800] "POST /xingrg/kc/pszx/mdps_order_operate.html HTTP/1.1" 200 2527
114.86.187.76 - - [18/Apr/2021:10:29:04 +0800] "GET /xingrg/check_reg.html?_=1618712942334 HTTP/1.1" 200 22
114.86.187.76 - - [18/Apr/2021:10:29:06 +0800] "GET /xingrg/all/function/internal_message.html?_=1618712944285&CODE_STATE=getMsg HTTP/1.1" 200 27
114.86.231.72 - - [18/Apr/2021:10:29:07 +0800] "GET /xingrg/all/function/internal_message.html?_=1618712944782&CODE_STATE=getMsg HTTP/1.1" 200 27
120.253.135.82 - - [18/Apr/2021:10:29:11 +0800] "POST /xingrg/kc/pszx/mdps_order_operate.html HTTP/1.1" 200 22
120.253.135.82 - - [18/Apr/2021:10:29:12 +0800] "GET /xingrg/kc/pszx/mdps_order_info.html?code=312021041500392 HTTP/1.1" 200 23931
120.253.135.82 - - [18/Apr/2021:10:29:13 +0800] "GET /xingrg/javascript/easyui/themes/default/validatebox.css HTTP/1.1" 404 1104
120.253.135.82 - - [18/Apr/2021:10:29:13 +0800] "POST /xingrg/kc/pszx/mdps_order_operate.html HTTP/1.1" 200 4321
117.185.32.26 - - [18/Apr/2021:10:29:15 +0800] "GET /xingrg/kc/buy/cgsh_order_operate.html?command=get_materiel&rest_code=00106&code=00101003040&supplier_code=00100093&order_time=2021-04-18 HTTP/1.1" 200 414
116.224.253.72 - - [18/Apr/2021:10:29:17 +0800] "GET /xingrg/all/function/internal_message.html?_=1618712943156&CODE_STATE=getMsg HTTP/1.1" 200 27
114.86.231.72 - - [18/Apr/2021:10:29:18 +0800] "GET /xingrg/kc/buy/cgsh_order_operate.html?command=get_materiel&rest_code=00109&code=00101008418&supplier_code=00100022&order_time=2021-04-18 HTTP/1.1" 200 398
58.37.228.113 - - [18/Apr/2021:10:29:26 +0800] "GET /xingrg/check_reg.html?_=1618712964868 HTTP/1.1" 200 22
58.37.228.113 - - [18/Apr/2021:10:29:26 +0800] "GET /xingrg/all/function/internal_message.html?_=1618712964865&CODE_STATE=getMsg HTTP/1.1" 200 27
116.238.141.202 - - [18/Apr/2021:10:29:27 +0800] "GET /xingrg/all/function/internal_message.html?_=1618713242531&CODE_STATE=getMsg HTTP/1.1" 200 27
180.169.147.146 - - [18/Apr/2021:10:29:28 +0800] "GET /xingrg/check_reg.html?_=1618712959738 HTTP/1.1" 200 22
114.86.231.72 - - [18/Apr/2021:10:29:31 +0800] "GET /xingrg/kc/buy/cgsh_order_operate.html?command=get_materiel&rest_code=00109&code=00101009062&supplier_code=00100022&order_time=2021-04-18 HTTP/1.1" 200 412
58.37.228.113 - - [18/Apr/2021:10:29:31 +0800] "GET /xingrg/all/function/internal_message.html?_=1618712947819&CODE_STATE=getMsg HTTP/1.1" 200 27
222.69.131.239 - - [18/Apr/2021:10:29:31 +0800] "GET /xingrg/all/function/internal_message.html?_=1618712968597&CODE_STATE=getMsg HTTP/1.1" 200 27
180.169.147.146 - - [18/Apr/2021:10:29:32 +0800] "GET /xingrg/all/function/internal_message.html?_=1618712964367&CODE_STATE=getMsg HTTP/1.1" 200 27
114.88.167.174 - - [18/Apr/2021:10:29:34 +0800] "GET /xingrg/all/function/internal_message.html?_=1618712971762&CODE_STATE=getMsg HTTP/1.1" 200 27
117.185.32.26 - - [18/Apr/2021:10:29:35 +0800] "GET /xingrg/all/report/report_query.html?isQuery=1&fileName=kc/buy/wlcg_cate_hz.xml&queryString=(CONVERT(char(10)%252Ca.order_time%252C%2520120)%253E%253D'2021-03-01')%2520and%2520(CONVERT(char(10)%252Ca.order_time%252C%2520120)%253C%253D'2021-03-31')%2520and%2520(a.supplier_code%2520in%2520('00100007'))%2520and%2520(a.supplier_code%253D'00100007')&queryText=%25E3%2580%2590%25E9%2587%2587%25E8%25B4%25AD%25E6%2597%25A5%25E6%259C%259F%253A2021-03-01%2520%25E8%2587%25B3%25202021-03-31%25E3%2580%2591%2520%25E5%25B9%25B6%25E4%25B8%2594%2520%2520%25E3%2580%2590%25E4%25BE%259B%25E5%25BA%2594%25E5%2595%2586%2520%253D%2520%25E8%2594%25AC%25E8%258F%259C%25EF%25BC%2588%25E6%25AD%25A6%25E9%2587%2591%25E7%25BA%25A2%25EF%25BC%2589%25E3%2580%2591%2520%25E5%25B9%25B6%25E4%25B8%2594%2520%25E3%2580%2590%25E4%25BE%259B%25E5%25BA%2594%25E5%2595%2586%253D%25E8%2594%25AC%25E8%258F%259C%25EF%25BC%2588%25E6%25AD%25A6%25E9%2587%2591%25E7%25BA%25A2%25EF%25BC%2589%25E3%2580%2591 HTTP/1.1" 200 54465
117.185.32.26 - - [18/Apr/2021:10:29:35 +0800] "GET /xingrg/dwr/interface/AjaxReportQueryService.js HTTP/1.1" 200 13203
117.185.32.26 - - [18/Apr/2021:10:29:35 +0800] "GET /xingrg/dwr/engine.js HTTP/1.1" 200 43631
124.77.71.179 - - [18/Apr/2021:10:29:37 +0800] "GET /xingrg/all/function/internal_message.html?_=1618712974715&CODE_STATE=getMsg HTTP/1.1" 200 27
120.204.17.73 - - [18/Apr/2021:10:29:37 +0800] "GET /xingrg/all/function/internal_message.html?_=1618712911399&CODE_STATE=getMsg HTTP/1.1" 302 -
117.185.32.26 - - [18/Apr/2021:10:29:37 +0800] "POST /xingrg/all/report/load_report_page.html HTTP/1.1" 200 8718
117.185.32.26 - - [18/Apr/2021:10:29:37 +0800] "GET /xingrg/servlets/image?cache=0.7845354591453307&image=px HTTP/1.1" 200 807
116.224.253.72 - - [18/Apr/2021:10:29:38 +0800] "GET /xingrg/all/function/internal_message.html?_=1618712976405&CODE_STATE=getMsg HTTP/1.1" 200 27
101.85.94.178 - - [18/Apr/2021:10:29:38 +0800] "GET /xingrg/check_reg.html?_=1618712513785 HTTP/1.1" 200 22
101.85.94.178 - - [18/Apr/2021:10:29:38 +0800] "GET /xingrg/all/function/internal_message.html?_=1618712513782&CODE_STATE=getMsg HTTP/1.1" 200 27
117.185.32.26 - - [18/Apr/2021:10:29:39 +0800] "POST /xingrg/kc/buy/cgsh_order_operate.html HTTP/1.1" 200 37
120.204.17.73 - - [18/Apr/2021:10:29:39 +0800] "GET /xingrg/login.html HTTP/1.1" 200 7641
117.185.32.26 - - [18/Apr/2021:10:29:40 +0800] "GET /xingrg/check_reg.html?_=1618712974538 HTTP/1.1" 200 22
117.185.32.26 - - [18/Apr/2021:10:29:42 +0800] "GET /xingrg/all/function/internal_message.html?_=1618712971402&CODE_STATE=getMsg HTTP/1.1" 200 27
117.185.32.26 - - [18/Apr/2021:10:29:42 +0800] "POST /xingrg/kc/buy/cgsh_order_operate.html HTTP/1.1" 200 12
117.185.32.26 - - [18/Apr/2021:10:29:43 +0800] "POST /xingrg/all/report/load_report_page.html HTTP/1.1" 200 106923
117.185.32.26 - - [18/Apr/2021:10:29:43 +0800] "GET /xingrg/servlets/image?cache=0.15110254139821988&image=px HTTP/1.1" 200 807
117.185.32.26 - - [18/Apr/2021:10:29:43 +0800] "GET /xingrg/kc/buy/cgsh_order_info.html?code=212021041807377 HTTP/1.1" 200 57052
117.185.32.26 - - [18/Apr/2021:10:29:43 +0800] "GET /xingrg/javascript/easyui/themes/default/validatebox.css HTTP/1.1" 404 1104
117.185.32.26 - - [18/Apr/2021:10:29:44 +0800] "POST /xingrg/kc/buy/cgsh_order_operate.html HTTP/1.1" 200 613
116.230.114.112 - - [18/Apr/2021:10:29:44 +0800] "GET /xingrg/all/function/internal_message.html?_=1618712983559&CODE_STATE=getMsg HTTP/1.1" 302 -
117.185.32.26 - - [18/Apr/2021:10:29:46 +0800] "GET /xingrg/kc/print/load_data.html?order_code=212021041807377&kc_code=cgsh&condition= HTTP/1.1" 200 759
117.185.32.26 - - [18/Apr/2021:10:29:49 +0800] "POST /xingrg/all/report/report_print.html HTTP/1.1" 200 42548
117.185.32.26 - - [18/Apr/2021:10:29:56 +0800] "GET /xingrg/kc/buy/cgsh_order_add.html HTTP/1.1" 200 62148
180.169.147.146 - - [18/Apr/2021:10:29:56 +0800] "GET /xingrg/all/function/internal_message.html?_=1618712840745&CODE_STATE=getMsg HTTP/1.1" 200 27
117.185.32.26 - - [18/Apr/2021:10:29:56 +0800] "POST /xingrg/kc/buy/cgsh_order_operate.html HTTP/1.1" 200 8245
117.185.32.26 - - [18/Apr/2021:10:29:56 +0800] "GET /xingrg/javascript/easyui/themes/default/validatebox.css HTTP/1.1" 404 1104
117.185.32.26 - - [18/Apr/2021:10:29:56 +0800] "GET /xingrg/check_reg.html?_=1618713514494 HTTP/1.1" 200 22
117.185.32.26 - - [18/Apr/2021:10:29:56 +0800] "GET /xingrg/all/function/internal_message.html?_=1618713514506&CODE_STATE=getMsg HTTP/1.1" 200 27
117.185.32.26 - - [18/Apr/2021:10:29:58 +0800] "GET /xingrg/javascript/easyui/themes/default/tree.css HTTP/1.1" 404 1090
116.230.114.112 - - [18/Apr/2021:10:29:59 +0800] "GET /xingrg/all/function/internal_message.html?_=1618712998259&CODE_STATE=getMsg HTTP/1.1" 200 27
117.185.32.26 - - [18/Apr/2021:10:29:59 +0800] "POST /xingrg/all/common/load_tree.html?tree=supplier_tree_json&isDelete=1 HTTP/1.1" 200 54827
