116.224.253.72 - - [18/Apr/2021:09:29:31 +0800] "GET /xingrg/all/function/internal_message.html?_=1618709368720&CODE_STATE=getMsg HTTP/1.1" 200 27
58.37.228.113 - - [18/Apr/2021:09:29:31 +0800] "GET /xingrg/all/function/internal_message.html?_=1618709347728&CODE_STATE=getMsg HTTP/1.1" 200 27
222.69.131.239 - - [18/Apr/2021:09:29:31 +0800] "GET /xingrg/all/function/internal_message.html?_=1618709368583&CODE_STATE=getMsg HTTP/1.1" 200 27
222.69.131.239 - - [18/Apr/2021:09:29:35 +0800] "GET /xingrg/kc/buy/cgsh_order_operate.html?command=get_materiel&rest_code=00149&code=00101004011&supplier_code=00100083&order_time=2021-04-18 HTTP/1.1" 200 433
116.224.253.72 - - [18/Apr/2021:09:29:35 +0800] "GET /xingrg/kc/buy/cgsh_order_operate.html?command=get_materiel&rest_code=00150&code=00101008114&supplier_code=00100007&order_time=2021-04-18 HTTP/1.1" 200 412
114.86.231.72 - - [18/Apr/2021:09:29:36 +0800] "GET /xingrg/kc/buy/cgsh_order_operate.html?command=get_materiel&rest_code=00109&code=00101008197&supplier_code=00100005&order_time=2021-04-18 HTTP/1.1" 200 417
124.77.71.179 - - [18/Apr/2021:09:29:37 +0800] "GET /xingrg/all/function/internal_message.html?_=1618709374499&CODE_STATE=getMsg HTTP/1.1" 200 27
117.185.32.26 - - [18/Apr/2021:09:29:37 +0800] "GET /xingrg/all/function/internal_message.html?_=1618709371364&CODE_STATE=getMsg HTTP/1.1" 200 27
117.185.32.26 - - [18/Apr/2021:09:29:40 +0800] "GET /xingrg/check_reg.html?_=1618709374421 HTTP/1.1" 200 22
116.230.114.112 - - [18/Apr/2021:09:29:44 +0800] "GET /xingrg/all/function/internal_message.html?_=1618709382743&CODE_STATE=getMsg HTTP/1.1" 302 -
116.224.253.72 - - [18/Apr/2021:09:29:45 +0800] "POST /xingrg/kc/buy/cgsh_order_operate.html HTTP/1.1" 200 37
116.230.114.112 - - [18/Apr/2021:09:29:46 +0800] "GET /xingrg/kc/buy/cgsh_order_operate.html?command=get_materiel&rest_code=00146&code=00101015107&supplier_code=00100005&order_time=2021-04-18 HTTP/1.1" 200 398
222.69.131.239 - - [18/Apr/2021:09:29:46 +0800] "GET /xingrg/kc/buy/cgsh_order_operate.html?command=get_materiel&rest_code=00149&code=00101004067&supplier_code=00100083&order_time=2021-04-18 HTTP/1.1" 200 435
116.224.253.72 - - [18/Apr/2021:09:29:46 +0800] "POST /xingrg/kc/buy/cgsh_order_operate.html HTTP/1.1" 200 36403
116.230.114.112 - - [18/Apr/2021:09:29:48 +0800] "GET /xingrg/all/function/internal_message.html?_=1618709387768&CODE_STATE=getMsg HTTP/1.1" 200 27
116.230.114.112 - - [18/Apr/2021:09:29:57 +0800] "GET /xingrg/kc/buy/cgsh_order_operate.html?command=get_materiel&rest_code=00146&code=00101015017&supplier_code=00100005&order_time=2021-04-18 HTTP/1.1" 200 412
114.86.231.72 - - [18/Apr/2021:09:29:57 +0800] "GET /xingrg/kc/buy/cgsh_order_operate.html?command=get_materiel&rest_code=00109&code=00101015040&supplier_code=00100005&order_time=2021-04-18 HTTP/1.1" 200 408
61.165.42.208 - - [18/Apr/2021:09:30:01 +0800] "GET /xingrg/check_reg.html?_=1618709399246 HTTP/1.1" 200 22
61.165.42.208 - - [18/Apr/2021:09:30:01 +0800] "GET /xingrg/all/function/internal_message.html?_=1618709399249&CODE_STATE=getMsg HTTP/1.1" 200 27
222.69.131.239 - - [18/Apr/2021:09:30:04 +0800] "GET /xingrg/kc/buy/cgsh_order_operate.html?command=get_materiel&rest_code=00149&code=00101004048&supplier_code=00100083&order_time=2021-04-18 HTTP/1.1" 200 417
114.88.167.174 - - [18/Apr/2021:09:30:04 +0800] "GET /xingrg/all/function/internal_message.html?_=1618709404881&CODE_STATE=getMsg HTTP/1.1" 200 27
116.230.114.112 - - [18/Apr/2021:09:30:05 +0800] "GET /xingrg/kc/buy/cgsh_order_operate.html?command=get_materiel&rest_code=00146&code=00101008092&supplier_code=00100005&order_time=2021-04-18 HTTP/1.1" 200 412
114.86.231.72 - - [18/Apr/2021:09:30:07 +0800] "GET /xingrg/all/function/internal_message.html?_=1618709404632&CODE_STATE=getMsg HTTP/1.1" 200 27
114.86.231.72 - - [18/Apr/2021:09:30:09 +0800] "GET /xingrg/kc/buy/cgsh_order_operate.html?command=get_materiel&rest_code=00109&code=00101008208&supplier_code=00100005&order_time=2021-04-18 HTTP/1.1" 200 409
222.70.217.33 - - [18/Apr/2021:09:30:09 +0800] "GET /xingrg/all/function/internal_message.html?_=1618709407215&CODE_STATE=getMsg HTTP/1.1" 200 27
116.230.114.112 - - [18/Apr/2021:09:30:10 +0800] "POST /xingrg/kc/buy/cgsh_order_operate.html HTTP/1.1" 200 2065
114.86.231.72 - - [18/Apr/2021:09:30:11 +0800] "POST /xingrg/kc/buy/cgsh_order_operate.html HTTP/1.1" 200 2065
120.253.135.82 - - [18/Apr/2021:09:30:12 +0800] "GET /xingrg/javascript/jquery_easy_ui/themes/icons/area.png HTTP/1.1" 304 -
120.253.135.82 - - [18/Apr/2021:09:30:12 +0800] "GET /xingrg/javascript/jquery_easy_ui/themes/icons/manage.png HTTP/1.1" 304 -
116.224.253.72 - - [18/Apr/2021:09:30:16 +0800] "GET /xingrg/all/function/internal_message.html?_=1618709401956&CODE_STATE=getMsg HTTP/1.1" 200 27
114.88.167.174 - - [18/Apr/2021:09:30:16 +0800] "GET /xingrg/check_reg.html?_=1618709414176 HTTP/1.1" 200 22
114.88.167.174 - - [18/Apr/2021:09:30:17 +0800] "GET /xingrg/all/function/internal_message.html?_=1618709414300&CODE_STATE=getMsg HTTP/1.1" 200 27
222.69.131.239 - - [18/Apr/2021:09:30:17 +0800] "GET /xingrg/kc/buy/cgsh_order_operate.html?command=get_materiel&rest_code=00149&code=00101004013&supplier_code=00100083&order_time=2021-04-18 HTTP/1.1" 200 415
120.253.135.82 - - [18/Apr/2021:09:30:20 +0800] "POST /xingrg/kc/pszx/mdps_list_operate.html HTTP/1.1" 200 1692
120.253.135.82 - - [18/Apr/2021:09:30:21 +0800] "POST /xingrg/kc/pszx/mdps_list_operate.html HTTP/1.1" 200 547
180.169.147.146 - - [18/Apr/2021:09:30:21 +0800] "GET /xingrg/all/function/internal_message.html?_=1618709418861&CODE_STATE=getMsg HTTP/1.1" 200 27
120.253.135.82 - - [18/Apr/2021:09:30:22 +0800] "GET /xingrg/kc/pszx/mdps_order_info.html?code=312021041500392 HTTP/1.1" 200 23931
120.253.135.82 - - [18/Apr/2021:09:30:22 +0800] "GET /xingrg/words/20210418091631_words.js HTTP/1.1" 200 806180
120.253.135.82 - - [18/Apr/2021:09:30:23 +0800] "GET /xingrg/javascript/easyui/themes/default/validatebox.css HTTP/1.1" 404 1104
120.253.135.82 - - [18/Apr/2021:09:30:23 +0800] "POST /xingrg/kc/pszx/mdps_order_operate.html HTTP/1.1" 200 4321
120.253.135.82 - - [18/Apr/2021:09:30:24 +0800] "GET /xingrg/kc/print/load_data.html?order_code=312021041500392&kc_code=mdps&condition= HTTP/1.1" 200 1675
114.88.167.174 - - [18/Apr/2021:09:30:24 +0800] "GET /xingrg/kc/buy/cgsh_order_operate.html?command=get_materiel&rest_code=00111&code=00101008257&supplier_code=00100037&order_time=2021-04-18 HTTP/1.1" 200 416
61.151.178.177 - - [18/Apr/2021:09:30:25 +0800] "GET /xingrg/check_reg.html?_=1618709364776 HTTP/1.1" 302 -
58.37.228.113 - - [18/Apr/2021:09:30:26 +0800] "GET /xingrg/all/function/internal_message.html?_=1618709424777&CODE_STATE=getMsg HTTP/1.1" 200 27
180.97.118.219 - - [18/Apr/2021:09:30:26 +0800] "GET /xingrg/all/function/internal_message.html?_=1618709364775&CODE_STATE=getMsg HTTP/1.1" 302 -
114.86.231.72 - - [18/Apr/2021:09:30:27 +0800] "GET /xingrg/kc/buy/cgsh_order_operate.html?command=get_materiel&rest_code=00109&code=00101008026&supplier_code=00100005&order_time=2021-04-18 HTTP/1.1" 200 409
61.151.178.177 - - [18/Apr/2021:09:30:27 +0800] "GET /xingrg/login.html HTTP/1.1" 200 7641
180.97.118.219 - - [18/Apr/2021:09:30:29 +0800] "GET /xingrg/login.html HTTP/1.1" 200 7641
120.253.135.82 - - [18/Apr/2021:09:30:30 +0800] "POST /xingrg/kc/pszx/mdps_list_operate.html HTTP/1.1" 200 1692
120.253.135.82 - - [18/Apr/2021:09:30:30 +0800] "GET /xingrg/all/function/internal_message.html?_=1618709206130&CODE_STATE=getMsg HTTP/1.1" 200 27
116.224.253.72 - - [18/Apr/2021:09:30:30 +0800] "GET /xingrg/all/function/internal_message.html?_=1618709428699&CODE_STATE=getMsg HTTP/1.1" 200 27
58.37.228.113 - - [18/Apr/2021:09:30:31 +0800] "GET /xingrg/all/function/internal_message.html?_=1618709407721&CODE_STATE=getMsg HTTP/1.1" 200 27
58.37.228.113 - - [18/Apr/2021:09:30:31 +0800] "GET /xingrg/check_reg.html?_=1618709407720 HTTP/1.1" 200 22
222.69.131.239 - - [18/Apr/2021:09:30:31 +0800] "GET /xingrg/all/function/internal_message.html?_=1618709428555&CODE_STATE=getMsg HTTP/1.1" 200 27
222.69.131.239 - - [18/Apr/2021:09:30:32 +0800] "GET /xingrg/kc/buy/cgsh_order_operate.html?command=get_materiel&rest_code=00149&code=00101004027&supplier_code=00100083&order_time=2021-04-18 HTTP/1.1" 200 409
124.77.71.179 - - [18/Apr/2021:09:30:37 +0800] "GET /xingrg/all/function/internal_message.html?_=1618709434528&CODE_STATE=getMsg HTTP/1.1" 200 27
117.185.32.26 - - [18/Apr/2021:09:30:37 +0800] "GET /xingrg/all/function/internal_message.html?_=1618709431340&CODE_STATE=getMsg HTTP/1.1" 200 27
114.88.167.174 - - [18/Apr/2021:09:30:39 +0800] "GET /xingrg/kc/buy/cgsh_order_operate.html?command=get_materiel&rest_code=00111&code=00101012051&supplier_code=00100037&order_time=2021-04-18 HTTP/1.1" 200 408
120.204.17.68 - - [18/Apr/2021:09:30:40 +0800] "GET /xingrg/check_reg.html?_=1618709374421 HTTP/1.1" 302 -
120.204.17.68 - - [18/Apr/2021:09:30:43 +0800] "GET /xingrg/login.html HTTP/1.1" 200 7641
116.230.114.112 - - [18/Apr/2021:09:30:44 +0800] "GET /xingrg/all/function/internal_message.html?_=1618709442747&CODE_STATE=getMsg HTTP/1.1" 302 -
222.69.131.239 - - [18/Apr/2021:09:30:44 +0800] "GET /xingrg/kc/buy/cgsh_order_operate.html?command=get_materiel&rest_code=00149&code=00101004090&supplier_code=00100083&order_time=2021-04-18 HTTP/1.1" 200 391
116.230.114.112 - - [18/Apr/2021:09:30:48 +0800] "GET /xingrg/all/function/internal_message.html?_=1618709447783&CODE_STATE=getMsg HTTP/1.1" 200 27
222.69.131.239 - - [18/Apr/2021:09:30:57 +0800] "GET /xingrg/kc/buy/cgsh_order_operate.html?command=get_materiel&rest_code=00149&code=00101004057&supplier_code=00100083&order_time=2021-04-18 HTTP/1.1" 200 409
61.165.42.208 - - [18/Apr/2021:09:31:01 +0800] "GET /xingrg/all/function/internal_message.html?_=1618709459248&CODE_STATE=getMsg HTTP/1.1" 200 27
116.230.114.112 - - [18/Apr/2021:09:31:02 +0800] "POST /xingrg/kc/buy/cgsh_order_operate.html HTTP/1.1" 200 37
114.86.231.72 - - [18/Apr/2021:09:31:02 +0800] "GET /xingrg/kc/buy/cgsh_order_operate.html?command=get_materiel&rest_code=00109&code=00101008355&supplier_code=00100005&order_time=2021-04-18 HTTP/1.1" 200 23
114.88.167.174 - - [18/Apr/2021:09:31:04 +0800] "GET /xingrg/all/function/internal_message.html?_=1618709464867&CODE_STATE=getMsg HTTP/1.1" 200 27
116.230.114.112 - - [18/Apr/2021:09:31:05 +0800] "POST /xingrg/kc/buy/cgsh_order_operate.html HTTP/1.1" 200 53518
114.86.231.72 - - [18/Apr/2021:09:31:07 +0800] "GET /xingrg/all/function/internal_message.html?_=1618709464639&CODE_STATE=getMsg HTTP/1.1" 200 27
114.86.231.72 - - [18/Apr/2021:09:31:08 +0800] "GET /xingrg/system/info/materiel_import.html?isSelect=1&singleSelect=false HTTP/1.1" 200 5600
114.86.231.72 - - [18/Apr/2021:09:31:08 +0800] "POST /xingrg/all/common/load_tree.html?tree=materiel_sort_tree_json HTTP/1.1" 200 8666
222.69.131.239 - - [18/Apr/2021:09:31:08 +0800] "POST /xingrg/kc/buy/cgsh_order_operate.html HTTP/1.1" 200 37
222.70.217.33 - - [18/Apr/2021:09:31:09 +0800] "GET /xingrg/all/function/internal_message.html?_=1618709467218&CODE_STATE=getMsg HTTP/1.1" 200 27
116.230.114.112 - - [18/Apr/2021:09:31:11 +0800] "GET /xingrg/kc/print/load_config.html?kc_code=cgsh HTTP/1.1" 200 1845
116.230.114.112 - - [18/Apr/2021:09:31:12 +0800] "GET /xingrg/kc/print/load_data.html?order_code=212021041807332&kc_code=cgsh&condition= HTTP/1.1" 200 19932
222.69.131.239 - - [18/Apr/2021:09:31:14 +0800] "POST /xingrg/kc/buy/cgsh_order_operate.html HTTP/1.1" 200 12
222.69.131.239 - - [18/Apr/2021:09:31:15 +0800] "GET /xingrg/kc/buy/cgsh_order_info.html?code=212021041807334 HTTP/1.1" 200 57101
222.69.131.239 - - [18/Apr/2021:09:31:15 +0800] "GET /xingrg/words/20210418091631_words.js HTTP/1.1" 304 -
222.69.131.239 - - [18/Apr/2021:09:31:16 +0800] "GET /xingrg/javascript/easyui/themes/default/validatebox.css HTTP/1.1" 404 1104
222.69.131.239 - - [18/Apr/2021:09:31:16 +0800] "POST /xingrg/kc/buy/cgsh_order_operate.html HTTP/1.1" 200 4773
114.86.231.72 - - [18/Apr/2021:09:31:16 +0800] "GET /xingrg/kc/buy/cgsh_order_operate.html?command=get_materiel&rest_code=00109&code=00101008355&supplier_code=00100005&order_time=2021-04-18 HTTP/1.1" 200 408
116.224.253.72 - - [18/Apr/2021:09:31:16 +0800] "GET /xingrg/all/function/internal_message.html?_=1618709461993&CODE_STATE=getMsg HTTP/1.1" 200 27
114.88.167.174 - - [18/Apr/2021:09:31:17 +0800] "GET /xingrg/all/function/internal_message.html?_=1618709474314&CODE_STATE=getMsg HTTP/1.1" 200 27
116.224.253.72 - - [18/Apr/2021:09:31:20 +0800] "GET /xingrg/kc/buy/cgsh_order_operate.html?command=get_materiel&rest_code=00150&code=00101008110&supplier_code=00100007&order_time=2021-04-18 HTTP/1.1" 200 408
180.169.147.146 - - [18/Apr/2021:09:31:21 +0800] "GET /xingrg/all/function/internal_message.html?_=1618709478849&CODE_STATE=getMsg HTTP/1.1" 200 27
222.69.131.239 - - [18/Apr/2021:09:31:22 +0800] "GET /xingrg/kc/print/load_data.html?order_code=212021041807334&kc_code=cgsh&condition= HTTP/1.1" 200 2317
58.37.228.113 - - [18/Apr/2021:09:31:26 +0800] "GET /xingrg/all/function/internal_message.html?_=1618709484777&CODE_STATE=getMsg HTTP/1.1" 200 27
114.86.231.72 - - [18/Apr/2021:09:31:26 +0800] "GET /xingrg/kc/buy/cgsh_order_operate.html?command=get_materiel&rest_code=00109&code=00101008144&supplier_code=00100005&order_time=2021-04-18 HTTP/1.1" 200 412
116.230.114.112 - - [18/Apr/2021:09:31:28 +0800] "GET /xingrg/kc/buy/cgsh_order_add.html HTTP/1.1" 200 62154
116.230.114.112 - - [18/Apr/2021:09:31:28 +0800] "GET /xingrg/check_reg.html?_=1618709487341 HTTP/1.1" 302 -
116.230.114.112 - - [18/Apr/2021:09:31:29 +0800] "GET /xingrg/words/20210418091631_words.js HTTP/1.1" 200 806180
116.230.114.112 - - [18/Apr/2021:09:31:30 +0800] "POST /xingrg/kc/buy/cgsh_order_operate.html HTTP/1.1" 200 8245
116.230.114.112 - - [18/Apr/2021:09:31:30 +0800] "GET /xingrg/javascript/easyui/themes/default/validatebox.css HTTP/1.1" 404 1104
120.253.135.82 - - [18/Apr/2021:09:31:30 +0800] "GET /xingrg/all/function/internal_message.html?_=1618709266167&CODE_STATE=getMsg HTTP/1.1" 200 27
116.224.253.72 - - [18/Apr/2021:09:31:31 +0800] "GET /xingrg/all/function/internal_message.html?_=1618709488864&CODE_STATE=getMsg HTTP/1.1" 200 27
58.37.228.113 - - [18/Apr/2021:09:31:31 +0800] "GET /xingrg/all/function/internal_message.html?_=1618709467720&CODE_STATE=getMsg HTTP/1.1" 200 27
222.69.131.239 - - [18/Apr/2021:09:31:31 +0800] "GET /xingrg/all/function/internal_message.html?_=1618709488531&CODE_STATE=getMsg HTTP/1.1" 200 27
222.69.131.239 - - [18/Apr/2021:09:31:33 +0800] "GET /xingrg/kc/buy/cgsh_order_add.html HTTP/1.1" 200 62201
222.69.131.239 - - [18/Apr/2021:09:31:33 +0800] "POST /xingrg/kc/buy/cgsh_order_operate.html HTTP/1.1" 200 8245
222.69.131.239 - - [18/Apr/2021:09:31:33 +0800] "GET /xingrg/javascript/easyui/themes/default/validatebox.css HTTP/1.1" 404 1104
116.224.253.72 - - [18/Apr/2021:09:31:35 +0800] "GET /xingrg/kc/buy/cgsh_order_operate.html?command=get_materiel&rest_code=00150&code=00101015053&supplier_code=00100007&order_time=2021-04-18 HTTP/1.1" 200 413
114.86.231.72 - - [18/Apr/2021:09:31:35 +0800] "GET /xingrg/kc/buy/cgsh_order_operate.html?command=get_materiel&rest_code=00109&code=00101008264&supplier_code=00100005&order_time=2021-04-18 HTTP/1.1" 200 412
116.238.141.202 - - [18/Apr/2021:09:31:35 +0800] "GET /xingrg/login.html HTTP/1.1" 200 7641
116.238.141.202 - - [18/Apr/2021:09:31:35 +0800] "GET /xingrg/images/blue/login_bg.png HTTP/1.1" 304 -
116.238.141.202 - - [18/Apr/2021:09:31:35 +0800] "GET /xingrg/images/blue/jxLogo.png HTTP/1.1" 304 -
116.238.141.202 - - [18/Apr/2021:09:31:35 +0800] "GET /xingrg/images/blue/hj.png HTTP/1.1" 304 -
116.238.141.202 - - [18/Apr/2021:09:31:35 +0800] "GET /xingrg/images/blue/srbg.png HTTP/1.1" 304 -
116.238.141.202 - - [18/Apr/2021:09:31:36 +0800] "GET /favicon.ico HTTP/1.1" 404 -
120.204.17.68 - - [18/Apr/2021:09:31:36 +0800] "GET /xingrg/all/function/internal_message.html?_=1618709431340&CODE_STATE=getMsg HTTP/1.1" 302 -
124.77.71.179 - - [18/Apr/2021:09:31:37 +0800] "GET /xingrg/all/function/internal_message.html?_=1618709494527&CODE_STATE=getMsg HTTP/1.1" 200 27
117.185.32.26 - - [18/Apr/2021:09:31:37 +0800] "GET /xingrg/all/function/internal_message.html?_=1618709491312&CODE_STATE=getMsg HTTP/1.1" 200 27
120.204.17.68 - - [18/Apr/2021:09:31:37 +0800] "GET /xingrg/login.html HTTP/1.1" 200 7641
116.238.141.202 - - [18/Apr/2021:09:31:40 +0800] "POST /xingrg/login.do HTTP/1.1" 302 -
116.238.141.202 - - [18/Apr/2021:09:31:40 +0800] "GET /xingrg/javascript/jquery_easy_ui/themes/default/easyui.css HTTP/1.1" 304 -
116.238.141.202 - - [18/Apr/2021:09:31:40 +0800] "GET /xingrg/javascript/jquery_easy_ui/themes/icon.css HTTP/1.1" 304 -
116.238.141.202 - - [18/Apr/2021:09:31:40 +0800] "GET /xingrg/javascript/jquery.utils.js HTTP/1.1" 304 -
116.238.141.202 - - [18/Apr/2021:09:31:40 +0800] "GET /xingrg/css/form.css HTTP/1.1" 304 -
116.238.141.202 - - [18/Apr/2021:09:31:40 +0800] "GET /xingrg/javascript/jquery.timers.js HTTP/1.1" 304 -
116.238.141.202 - - [18/Apr/2021:09:31:40 +0800] "GET /xingrg/index.html?sysBaseUrl=http%3A%2F%2F180.169.147.146%3A18081%2Fxingrg%2F&costTime=163×tamp=1618709500839 HTTP/1.1" 200 17173
116.238.141.202 - - [18/Apr/2021:09:31:40 +0800] "GET /xingrg/javascript/jquery.form.js HTTP/1.1" 304 -
116.238.141.202 - - [18/Apr/2021:09:31:40 +0800] "GET /xingrg/javascript/jquery_easy_ui/jquery.easyui.min.js HTTP/1.1" 304 -
116.238.141.202 - - [18/Apr/2021:09:31:40 +0800] "GET /xingrg/javascript/jquery_easy_ui/easyui-lang-zh_CN.js HTTP/1.1" 304 -
116.238.141.202 - - [18/Apr/2021:09:31:40 +0800] "GET /xingrg/javascript/jquery-1.4.2.min.js HTTP/1.1" 304 -
116.238.141.202 - - [18/Apr/2021:09:31:41 +0800] "GET /xingrg/images/blue/navBackgound.jpg HTTP/1.1" 304 -
116.238.141.202 - - [18/Apr/2021:09:31:41 +0800] "GET /xingrg/javascript/jquery_easy_ui/themes/icons/settle_new.png HTTP/1.1" 304 -
116.238.141.202 - - [18/Apr/2021:09:31:41 +0800] "POST /xingrg/all/common/load_tree.html?tree=area_rest_tree_json&manage=1 HTTP/1.1" 200 342
116.238.141.202 - - [18/Apr/2021:09:31:41 +0800] "GET /xingrg/images/blue/pingpu.png HTTP/1.1" 304 -
116.238.141.202 - - [18/Apr/2021:09:31:41 +0800] "GET /xingrg/javascript/jquery_easy_ui/themes/default/images/tabs_leftarrow.png HTTP/1.1" 304 -
116.238.141.202 - - [18/Apr/2021:09:31:41 +0800] "GET /xingrg/javascript/jquery_easy_ui/themes/default/images/tabs_rightarrow.png HTTP/1.1" 304 -
116.238.141.202 - - [18/Apr/2021:09:31:41 +0800] "GET /xingrg/javascript/jquery_easy_ui/themes/default/images/panel_tool_collapse.gif HTTP/1.1" 304 -
116.238.141.202 - - [18/Apr/2021:09:31:41 +0800] "GET /xingrg/all/function/internal_message.html?_=1618709776441&CODE_STATE=count HTTP/1.1" 200 11
116.238.141.202 - - [18/Apr/2021:09:31:41 +0800] "GET /xingrg/check_reg.html?_=1618709776442 HTTP/1.1" 200 22
116.238.141.202 - - [18/Apr/2021:09:31:41 +0800] "GET /xingrg/javascript/jquery_easy_ui/themes/default/images/tree_arrows.gif HTTP/1.1" 304 -
116.238.141.202 - - [18/Apr/2021:09:31:41 +0800] "POST /xingrg/load_menu.html HTTP/1.1" 200 5138
116.238.141.202 - - [18/Apr/2021:09:31:41 +0800] "GET /favicon.ico HTTP/1.1" 404 -
116.238.141.202 - - [18/Apr/2021:09:31:42 +0800] "GET /xingrg/javascript/jquery_easy_ui/themes/default/images/tree_folder_open.gif HTTP/1.1" 304 -
116.238.141.202 - - [18/Apr/2021:09:31:42 +0800] "GET /xingrg/javascript/jquery_easy_ui/themes/icons/search_new.png HTTP/1.1" 304 -
116.238.141.202 - - [18/Apr/2021:09:31:42 +0800] "GET /xingrg/javascript/jquery_easy_ui/themes/default/images/tree_folder.gif HTTP/1.1" 304 -
116.238.141.202 - - [18/Apr/2021:09:31:42 +0800] "GET /xingrg/javascript/jquery_easy_ui/themes/icons/storage_new.png HTTP/1.1" 304 -
116.238.141.202 - - [18/Apr/2021:09:31:42 +0800] "GET /xingrg/javascript/jquery_easy_ui/themes/icons/forms_new.png HTTP/1.1" 304 -
116.238.141.202 - - [18/Apr/2021:09:31:42 +0800] "GET /xingrg/javascript/jquery_easy_ui/themes/default/images/tree_file.gif HTTP/1.1" 304 -
116.224.253.72 - - [18/Apr/2021:09:31:42 +0800] "GET /xingrg/kc/buy/cgsh_order_operate.html?command=get_materiel&rest_code=00150&code=00101008090&supplier_code=00100007&order_time=2021-04-18 HTTP/1.1" 200 409
116.230.114.112 - - [18/Apr/2021:09:31:44 +0800] "GET /xingrg/all/function/internal_message.html?_=1618709502769&CODE_STATE=getMsg HTTP/1.1" 302 -
116.238.141.202 - - [18/Apr/2021:09:31:44 +0800] "GET /xingrg/javascript/jquery_easy_ui/themes/default/images/tabs_close.gif HTTP/1.1" 304 -
116.238.141.202 - - [18/Apr/2021:09:31:44 +0800] "GET /xingrg/css/base.css HTTP/1.1" 304 -
116.238.141.202 - - [18/Apr/2021:09:31:44 +0800] "GET /xingrg/css/site.css HTTP/1.1" 304 -
116.238.141.202 - - [18/Apr/2021:09:31:44 +0800] "GET /xingrg/javascript/easyui/themes/icon.css HTTP/1.1" 304 -
116.238.141.202 - - [18/Apr/2021:09:31:44 +0800] "GET /xingrg/javascript/jquery_tools/datebox.css HTTP/1.1" 304 -
116.238.141.202 - - [18/Apr/2021:09:31:44 +0800] "GET /xingrg/javascript/auto/jquery.autocomplete.css HTTP/1.1" 304 -
116.238.141.202 - - [18/Apr/2021:09:31:44 +0800] "GET /xingrg/javascript/easyui/themes/default/easyui.css HTTP/1.1" 304 -
116.238.141.202 - - [18/Apr/2021:09:31:44 +0800] "GET /xingrg/javascript/jquery_tools/fix.css HTTP/1.1" 304 -
116.238.141.202 - - [18/Apr/2021:09:31:44 +0800] "GET /xingrg/javascript/jquery_tools/jquery.tools.extend.js HTTP/1.1" 304 -
116.238.141.202 - - [18/Apr/2021:09:31:44 +0800] "GET /xingrg/javascript/jquery_tools/jquery.tools.hotkey.js HTTP/1.1" 304 -
116.238.141.202 - - [18/Apr/2021:09:31:44 +0800] "GET /xingrg/javascript/jquery_tools/jquery.tools.table.js HTTP/1.1" 304 -
116.238.141.202 - - [18/Apr/2021:09:31:44 +0800] "GET /xingrg/kc/buy/cgsh_order_list.html HTTP/1.1" 200 46410
116.238.141.202 - - [18/Apr/2021:09:31:44 +0800] "GET /xingrg/javascript/jquery_tools/list_manager.js HTTP/1.1" 304 -
116.238.141.202 - - [18/Apr/2021:09:31:44 +0800] "GET /xingrg/javascript/auto/jquery.autocomplete.js HTTP/1.1" 304 -
116.238.141.202 - - [18/Apr/2021:09:31:44 +0800] "GET /xingrg/javascript/easyui/easyloader.js HTTP/1.1" 304 -
116.238.141.202 - - [18/Apr/2021:09:31:44 +0800] "GET /xingrg/javascript/jquery_tools/jquery.tools.min.js HTTP/1.1" 304 -
116.238.141.202 - - [18/Apr/2021:09:31:44 +0800] "GET /xingrg/javascript/jquery_tools/table.css HTTP/1.1" 304 -
116.238.141.202 - - [18/Apr/2021:09:31:44 +0800] "GET /xingrg/javascript/jquery.cookie.js HTTP/1.1" 304 -
116.238.141.202 - - [18/Apr/2021:09:31:44 +0800] "GET /xingrg/javascript/print/LodopFuncs.js HTTP/1.1" 304 -
116.230.114.112 - - [18/Apr/2021:09:31:44 +0800] "GET /xingrg/kc/buy/cgsh_order_operate.html?command=get_materiel&rest_code=00146&code=00101012025&supplier_code=00100033&order_time=2021-04-18 HTTP/1.1" 200 412
116.238.141.202 - - [18/Apr/2021:09:31:45 +0800] "GET /xingrg/javascript/easyui/themes/icons/edit_add_new.png HTTP/1.1" 304 -
116.238.141.202 - - [18/Apr/2021:09:31:45 +0800] "GET /xingrg/javascript/easyui/themes/icons/cance_new.png HTTP/1.1" 304 -
116.238.141.202 - - [18/Apr/2021:09:31:45 +0800] "GET /xingrg/javascript/easyui/themes/icons/check_new.png HTTP/1.1" 200 3224
116.238.141.202 - - [18/Apr/2021:09:31:45 +0800] "GET /xingrg/javascript/easyui/themes/icons/field_new.png HTTP/1.1" 200 1097
116.238.141.202 - - [18/Apr/2021:09:31:45 +0800] "GET /xingrg/javascript/easyui/themes/icons/import_new.png HTTP/1.1" 200 1247
116.238.141.202 - - [18/Apr/2021:09:31:45 +0800] "GET /xingrg/javascript/easyui/plugins/jquery.parser.js HTTP/1.1" 304 -
116.238.141.202 - - [18/Apr/2021:09:31:45 +0800] "GET /xingrg/images/control/ajaxLoader.gif HTTP/1.1" 304 -
116.238.141.202 - - [18/Apr/2021:09:31:45 +0800] "POST /xingrg/kc/buy/cgsh_list_operate.html HTTP/1.1" 200 876
114.86.231.72 - - [18/Apr/2021:09:31:46 +0800] "GET /xingrg/kc/buy/cgsh_order_operate.html?command=get_materiel&rest_code=00109&code=00101015060&supplier_code=00100005&order_time=2021-04-18 HTTP/1.1" 200 412
116.238.141.202 - - [18/Apr/2021:09:31:48 +0800] "GET /xingrg/javascript/easyui/themes/default/images/button_plain_hover.png HTTP/1.1" 304 -
116.224.253.72 - - [18/Apr/2021:09:31:48 +0800] "GET /xingrg/kc/buy/cgsh_order_operate.html?command=get_materiel&rest_code=00150&code=00101008283&supplier_code=00100007&order_time=2021-04-18 HTTP/1.1" 200 408
116.230.114.112 - - [18/Apr/2021:09:31:48 +0800] "GET /xingrg/all/function/internal_message.html?_=1618709507795&CODE_STATE=getMsg HTTP/1.1" 200 27
116.238.141.202 - - [18/Apr/2021:09:31:49 +0800] "GET /xingrg/javascript/jquery_tools/order_manager.js HTTP/1.1" 304 -
116.238.141.202 - - [18/Apr/2021:09:31:49 +0800] "GET /xingrg/javascript/pic_change.js HTTP/1.1" 304 -
116.238.141.202 - - [18/Apr/2021:09:31:49 +0800] "GET /xingrg/javascript/json2.js HTTP/1.1" 304 -
116.238.141.202 - - [18/Apr/2021:09:31:49 +0800] "GET /xingrg/javascript/convert.js HTTP/1.1" 304 -
116.238.141.202 - - [18/Apr/2021:09:31:49 +0800] "GET /xingrg/javascript/print/kc_print.js HTTP/1.1" 304 -
116.238.141.202 - - [18/Apr/2021:09:31:49 +0800] "GET /xingrg/kc/buy/cgsh_order_add.html HTTP/1.1" 200 62107
116.238.141.202 - - [18/Apr/2021:09:31:49 +0800] "GET /xingrg/words/20210418091631_words.js HTTP/1.1" 200 806180
116.238.141.202 - - [18/Apr/2021:09:31:49 +0800] "GET /xingrg/javascript/easyui/themes/icons/copy_new.png HTTP/1.1" 304 -
116.238.141.202 - - [18/Apr/2021:09:31:49 +0800] "GET /xingrg/javascript/easyui/themes/icons/template_new.png HTTP/1.1" 304 -
116.238.141.202 - - [18/Apr/2021:09:31:49 +0800] "GET /xingrg/javascript/easyui/themes/icons/ok.png HTTP/1.1" 304 -
116.238.141.202 - - [18/Apr/2021:09:31:49 +0800] "GET /xingrg/javascript/easyui/themes/default/images/menu_downarrow.png HTTP/1.1" 304 -
116.238.141.202 - - [18/Apr/2021:09:31:49 +0800] "GET /xingrg/javascript/easyui/themes/icons/print.png HTTP/1.1" 304 -
116.238.141.202 - - [18/Apr/2021:09:31:49 +0800] "GET /xingrg/javascript/easyui/themes/icons/cancel.png HTTP/1.1" 304 -
116.238.141.202 - - [18/Apr/2021:09:31:51 +0800] "GET /xingrg/all/common/auto_word.html?type=employee&rest_code=00102 HTTP/1.1" 200 189
116.238.141.202 - - [18/Apr/2021:09:31:51 +0800] "GET /xingrg/all/common/auto_word.html?type=employee&rest_code=00102 HTTP/1.1" 200 189
116.238.141.202 - - [18/Apr/2021:09:31:51 +0800] "POST /xingrg/kc/buy/cgsh_order_operate.html HTTP/1.1" 200 8245
116.238.141.202 - - [18/Apr/2021:09:31:51 +0800] "GET /xingrg/javascript/easyui/themes/icons/edit_remove.png HTTP/1.1" 304 -
116.238.141.202 - - [18/Apr/2021:09:31:51 +0800] "GET /xingrg/javascript/easyui/themes/default/validatebox.css HTTP/1.1" 404 1104
116.238.141.202 - - [18/Apr/2021:09:31:51 +0800] "GET /xingrg/javascript/easyui/plugins/jquery.validatebox.js HTTP/1.1" 304 -
116.238.141.202 - - [18/Apr/2021:09:31:51 +0800] "GET /xingrg/javascript/easyui/plugins/jquery.numberbox.js HTTP/1.1" 304 -
116.238.141.202 - - [18/Apr/2021:09:31:52 +0800] "GET /xingrg/javascript/auto/indicator.gif HTTP/1.1" 404 1066
222.69.131.239 - - [18/Apr/2021:09:31:59 +0800] "GET /xingrg/kc/buy/cgsh_order_operate.html?command=get_materiel&rest_code=00149&code=00101002027&supplier_code=00100039&order_time=2021-04-18 HTTP/1.1" 200 413
116.230.114.112 - - [18/Apr/2021:09:32:00 +0800] "GET /xingrg/kc/buy/cgsh_order_operate.html?command=get_materiel&rest_code=00146&code=00101012051&supplier_code=00100033&order_time=2021-04-18 HTTP/1.1" 200 408
116.224.253.72 - - [18/Apr/2021:09:32:00 +0800] "GET /xingrg/check_reg.html?_=1618709506296 HTTP/1.1" 200 22
61.165.42.208 - - [18/Apr/2021:09:32:01 +0800] "GET /xingrg/all/function/internal_message.html?_=1618709519250&CODE_STATE=getMsg HTTP/1.1" 200 27
114.88.167.174 - - [18/Apr/2021:09:32:04 +0800] "GET /xingrg/all/function/internal_message.html?_=1618709524850&CODE_STATE=getMsg HTTP/1.1" 200 27
116.224.253.72 - - [18/Apr/2021:09:32:05 +0800] "POST /xingrg/kc/buy/cgsh_order_operate.html HTTP/1.1" 200 37
114.86.231.72 - - [18/Apr/2021:09:32:07 +0800] "GET /xingrg/all/function/internal_message.html?_=1618709524634&CODE_STATE=getMsg HTTP/1.1" 200 27
114.88.167.174 - - [18/Apr/2021:09:32:08 +0800] "POST /xingrg/kc/buy/cgsh_order_operate.html HTTP/1.1" 200 37
116.224.253.72 - - [18/Apr/2021:09:32:08 +0800] "POST /xingrg/kc/buy/cgsh_order_operate.html HTTP/1.1" 200 39349
116.230.114.112 - - [18/Apr/2021:09:32:09 +0800] "GET /xingrg/kc/buy/cgsh_order_operate.html?command=get_materiel&rest_code=00146&code=00101016080&supplier_code=00100033&order_time=2021-04-18 HTTP/1.1" 200 408
116.238.141.202 - - [18/Apr/2021:09:32:09 +0800] "GET /xingrg/kc/buy/cgsh_order_operate.html?command=get_materiel&rest_code=00102&code=00101006039&supplier_code=00100096&order_time=2021-04-18 HTTP/1.1" 200 437
114.88.167.174 - - [18/Apr/2021:09:32:09 +0800] "POST /xingrg/kc/buy/cgsh_order_operate.html HTTP/1.1" 200 15687
222.70.217.33 - - [18/Apr/2021:09:32:09 +0800] "GET /xingrg/all/function/internal_message.html?_=1618709527223&CODE_STATE=getMsg HTTP/1.1" 200 27
116.224.253.72 - - [18/Apr/2021:09:32:16 +0800] "GET /xingrg/all/function/internal_message.html?_=1618709521999&CODE_STATE=getMsg HTTP/1.1" 200 27
114.88.167.174 - - [18/Apr/2021:09:32:17 +0800] "GET /xingrg/all/function/internal_message.html?_=1618709534327&CODE_STATE=getMsg HTTP/1.1" 200 27
116.224.253.72 - - [18/Apr/2021:09:32:19 +0800] "POST /xingrg/kc/buy/cgsh_list_operate.html HTTP/1.1" 200 2053
116.224.253.72 - - [18/Apr/2021:09:32:21 +0800] "POST /xingrg/kc/buy/cgsh_list_operate.html HTTP/1.1" 200 576
180.169.147.146 - - [18/Apr/2021:09:32:21 +0800] "GET /xingrg/all/function/internal_message.html?_=1618709538856&CODE_STATE=getMsg HTTP/1.1" 200 27
116.224.253.72 - - [18/Apr/2021:09:32:22 +0800] "GET /xingrg/kc/buy/cgsh_order_info.html?code=212021041807318 HTTP/1.1" 200 62081
116.224.253.72 - - [18/Apr/2021:09:32:22 +0800] "GET /xingrg/words/20210418091631_words.js HTTP/1.1" 304 -
116.224.253.72 - - [18/Apr/2021:09:32:22 +0800] "GET /xingrg/javascript/easyui/themes/default/validatebox.css HTTP/1.1" 404 1104
116.224.253.72 - - [18/Apr/2021:09:32:23 +0800] "POST /xingrg/kc/buy/cgsh_order_operate.html HTTP/1.1" 200 8607
116.230.114.112 - - [18/Apr/2021:09:32:24 +0800] "GET /xingrg/kc/buy/cgsh_order_operate.html?command=get_materiel&rest_code=00146&code=00101012010&supplier_code=00100033&order_time=2021-04-18 HTTP/1.1" 200 409
116.238.141.202 - - [18/Apr/2021:09:32:24 +0800] "GET /xingrg/kc/buy/cgsh_order_operate.html?command=get_materiel&rest_code=00102&code=00101016105&supplier_code=00100096&order_time=2021-04-18 HTTP/1.1" 200 411
114.88.167.174 - - [18/Apr/2021:09:32:25 +0800] "GET /xingrg/kc/print/load_config.html?kc_code=cgsh HTTP/1.1" 200 1845
114.88.167.174 - - [18/Apr/2021:09:32:25 +0800] "GET /xingrg/kc/print/load_data.html?order_code=212021041807335&kc_code=cgsh&condition= HTTP/1.1" 200 5651
58.37.228.113 - - [18/Apr/2021:09:32:26 +0800] "GET /xingrg/all/function/internal_message.html?_=1618709544779&CODE_STATE=getMsg HTTP/1.1" 200 27
120.253.135.82 - - [18/Apr/2021:09:32:30 +0800] "GET /xingrg/all/function/internal_message.html?_=1618709326173&CODE_STATE=getMsg HTTP/1.1" 200 27
58.37.228.113 - - [18/Apr/2021:09:32:30 +0800] "GET /xingrg/kc/buy/buy_main.html HTTP/1.1" 200 12412
58.37.228.113 - - [18/Apr/2021:09:32:30 +0800] "GET /xingrg/javascript/ToolTips.js HTTP/1.1" 200 5615
58.37.228.113 - - [18/Apr/2021:09:32:30 +0800] "GET /xingrg/css/new_ie.css HTTP/1.1" 404 1036
58.37.228.113 - - [18/Apr/2021:09:32:30 +0800] "GET /xingrg/javascript/jquery_ui/jquery-ui.min.js HTTP/1.1" 200 186181
58.37.228.113 - - [18/Apr/2021:09:32:30 +0800] "GET /xingrg/images/blue/button/cgxqd.gif HTTP/1.1" 200 2619
58.37.228.113 - - [18/Apr/2021:09:32:30 +0800] "GET /xingrg/images/blue/button/cgydd.gif HTTP/1.1" 200 2712
58.37.228.113 - - [18/Apr/2021:09:32:30 +0800] "GET /xingrg/images/blue/button/cgfkd.gif HTTP/1.1" 200 2075
58.37.228.113 - - [18/Apr/2021:09:32:30 +0800] "GET /xingrg/images/blue/button/cgshd.gif HTTP/1.1" 200 2618
58.37.228.113 - - [18/Apr/2021:09:32:30 +0800] "GET /xingrg/images/blue/button/ckthd.gif HTTP/1.1" 200 2045
58.37.228.113 - - [18/Apr/2021:09:32:30 +0800] "GET /xingrg/images/blue/button/down_ah.jpg HTTP/1.1" 200 1732
58.37.228.113 - - [18/Apr/2021:09:32:30 +0800] "GET /xingrg/javascript/jquery_ui/themes/humanity/images/ui-bg_inset-soft_100_f4f0ec_1x100.png HTTP/1.1" 200 141
58.37.228.113 - - [18/Apr/2021:09:32:30 +0800] "GET /xingrg/javascript/jquery_ui/themes/humanity/images/ui-icons_c47a23_256x240.png HTTP/1.1" 200 5355
116.224.253.72 - - [18/Apr/2021:09:32:31 +0800] "GET /xingrg/all/function/internal_message.html?_=1618709548872&CODE_STATE=getMsg HTTP/1.1" 200 27
58.37.228.113 - - [18/Apr/2021:09:32:31 +0800] "GET /xingrg/all/function/internal_message.html?_=1618709527724&CODE_STATE=getMsg HTTP/1.1" 200 27
58.37.228.113 - - [18/Apr/2021:09:32:31 +0800] "GET /xingrg/kc/buy/cgsh_order_list.html HTTP/1.1" 200 46416
222.69.131.239 - - [18/Apr/2021:09:32:31 +0800] "GET /xingrg/all/function/internal_message.html?_=1618709548508&CODE_STATE=getMsg HTTP/1.1" 200 27
58.37.228.113 - - [18/Apr/2021:09:32:33 +0800] "POST /xingrg/kc/buy/cgsh_list_operate.html HTTP/1.1" 200 1673
58.37.228.113 - - [18/Apr/2021:09:32:34 +0800] "GET /xingrg/kc/buy/cgsh_order_add.html HTTP/1.1" 200 62154
58.37.228.113 - - [18/Apr/2021:09:32:34 +0800] "GET /xingrg/words/20210418091631_words.js HTTP/1.1" 200 806180
58.37.228.113 - - [18/Apr/2021:09:32:34 +0800] "GET /xingrg/javascript/easyui/themes/icons/template_new.png HTTP/1.1" 200 3956
58.37.228.113 - - [18/Apr/2021:09:32:34 +0800] "GET /xingrg/javascript/easyui/themes/icons/ok.png HTTP/1.1" 200 883
58.37.228.113 - - [18/Apr/2021:09:32:35 +0800] "POST /xingrg/kc/buy/cgsh_order_operate.html HTTP/1.1" 200 8245
58.37.228.113 - - [18/Apr/2021:09:32:35 +0800] "GET /xingrg/all/common/auto_word.html?type=employee&rest_code=00141 HTTP/1.1" 200 201
58.37.228.113 - - [18/Apr/2021:09:32:35 +0800] "GET /xingrg/javascript/easyui/themes/default/validatebox.css HTTP/1.1" 404 1104
58.37.228.113 - - [18/Apr/2021:09:32:35 +0800] "GET /xingrg/all/common/auto_word.html?type=employee&rest_code=00141 HTTP/1.1" 200 201
180.169.147.146 - - [18/Apr/2021:09:32:35 +0800] "POST /xingrg/dwr/call/plaincall/AjaxReportQueryService.queryInitializeString.dwr HTTP/1.1" 200 76
222.69.131.239 - - [18/Apr/2021:09:32:35 +0800] "GET /xingrg/kc/buy/cgsh_order_operate.html?command=get_materiel&rest_code=00149&code=00101010161&supplier_code=00100039&order_time=2021-04-18 HTTP/1.1" 200 409
180.169.147.146 - - [18/Apr/2021:09:32:36 +0800] "POST /xingrg/dwr/call/plaincall/AjaxReportQueryService.refreshCache.dwr HTTP/1.1" 200 78
124.77.71.179 - - [18/Apr/2021:09:32:37 +0800] "GET /xingrg/all/function/internal_message.html?_=1618709554527&CODE_STATE=getMsg HTTP/1.1" 200 27
124.77.71.179 - - [18/Apr/2021:09:32:37 +0800] "GET /xingrg/check_reg.html?_=1618709554528 HTTP/1.1" 200 22
180.169.147.146 - - [18/Apr/2021:09:32:37 +0800] "POST /xingrg/all/report/load_report_page.html HTTP/1.1" 200 89
117.185.32.26 - - [18/Apr/2021:09:32:37 +0800] "GET /xingrg/all/function/internal_message.html?_=1618709551289&CODE_STATE=getMsg HTTP/1.1" 200 27
58.37.228.113 - - [18/Apr/2021:09:32:38 +0800] "GET /xingrg/javascript/jquery_tools/images/prev.gif HTTP/1.1" 404 1086
58.37.228.113 - - [18/Apr/2021:09:32:38 +0800] "GET /xingrg/javascript/jquery_tools/images/next.gif HTTP/1.1" 404 1086
116.238.141.202 - - [18/Apr/2021:09:32:39 +0800] "GET /xingrg/kc/buy/cgsh_order_operate.html?command=get_materiel&rest_code=00102&code=00101006019&supplier_code=00100096&order_time=2021-04-18 HTTP/1.1" 200 417
116.238.141.202 - - [18/Apr/2021:09:32:41 +0800] "GET /xingrg/all/function/internal_message.html?_=1618709836451&CODE_STATE=getMsg HTTP/1.1" 200 27
116.230.114.112 - - [18/Apr/2021:09:32:43 +0800] "GET /xingrg/kc/buy/cgsh_order_operate.html?command=get_materiel&rest_code=00146&code=00101011001&supplier_code=00100033&order_time=2021-04-18 HTTP/1.1" 200 423
116.230.114.112 - - [18/Apr/2021:09:32:44 +0800] "GET /xingrg/all/function/internal_message.html?_=1618709562775&CODE_STATE=getMsg HTTP/1.1" 302 -
222.69.131.239 - - [18/Apr/2021:09:32:44 +0800] "POST /xingrg/services/DataTransmitService HTTP/1.1" 200 524
58.37.228.113 - - [18/Apr/2021:09:32:45 +0800] "GET /xingrg/kc/buy/cgsh_order_operate.html?command=get_materiel&rest_code=00141&code=00101007076&supplier_code=00100004&order_time=2021-04-18 HTTP/1.1" 200 408
116.230.114.112 - - [18/Apr/2021:09:32:45 +0800] "GET /xingrg/check_reg.html?_=1618709564196 HTTP/1.1" 200 22
222.70.217.33 - - [18/Apr/2021:09:32:47 +0800] "GET /xingrg/kc/buy/cgsh_order_add.html HTTP/1.1" 200 62116
222.70.217.33 - - [18/Apr/2021:09:32:47 +0800] "GET /xingrg/words/20210418091631_words.js HTTP/1.1" 200 806180
222.70.217.33 - - [18/Apr/2021:09:32:47 +0800] "POST /xingrg/kc/buy/cgsh_order_operate.html HTTP/1.1" 200 8245
222.70.217.33 - - [18/Apr/2021:09:32:47 +0800] "GET /xingrg/javascript/easyui/themes/default/validatebox.css HTTP/1.1" 404 1104
222.69.131.239 - - [18/Apr/2021:09:32:47 +0800] "GET /xingrg/kc/buy/cgsh_order_operate.html?command=get_materiel&rest_code=00149&code=00101001010&supplier_code=00100039&order_time=2021-04-18 HTTP/1.1" 200 409
116.230.114.112 - - [18/Apr/2021:09:32:49 +0800] "GET /xingrg/all/function/internal_message.html?_=1618709567810&CODE_STATE=getMsg HTTP/1.1" 200 27
222.69.131.239 - - [18/Apr/2021:09:32:51 +0800] "POST /xingrg/services/DataTransmitService HTTP/1.1" 200 501
58.37.228.113 - - [18/Apr/2021:09:32:56 +0800] "GET /xingrg/kc/buy/cgsh_order_operate.html?command=get_materiel&rest_code=00141&code=00101007071&supplier_code=00100004&order_time=2021-04-18 HTTP/1.1" 200 417
116.230.114.112 - - [18/Apr/2021:09:32:57 +0800] "GET /xingrg/kc/buy/cgsh_order_operate.html?command=get_materiel&rest_code=00146&code=00101016057&supplier_code=00100033&order_time=2021-04-18 HTTP/1.1" 200 408
222.69.131.239 - - [18/Apr/2021:09:32:57 +0800] "POST /xingrg/services/DataTransmitService HTTP/1.1" 200 524
114.88.167.174 - - [18/Apr/2021:09:32:59 +0800] "GET /xingrg/kc/buy/cgsh_order_add.html HTTP/1.1" 200 62148
222.70.217.33 - - [18/Apr/2021:09:32:59 +0800] "GET /xingrg/kc/buy/cgsh_order_operate.html?command=get_materiel&rest_code=00155&code=00101008149&supplier_code=00100005&order_time=2021-04-18 HTTP/1.1" 200 408
114.88.167.174 - - [18/Apr/2021:09:33:00 +0800] "GET /xingrg/javascript/easyui/themes/default/validatebox.css HTTP/1.1" 404 1104
114.88.167.174 - - [18/Apr/2021:09:33:00 +0800] "POST /xingrg/kc/buy/cgsh_order_operate.html HTTP/1.1" 200 8245
222.69.131.239 - - [18/Apr/2021:09:33:01 +0800] "GET /xingrg/kc/buy/cgsh_order_operate.html?command=get_materiel&rest_code=00149&code=00101001060&supplier_code=00100039&order_time=2021-04-18 HTTP/1.1" 200 421
61.165.42.208 - - [18/Apr/2021:09:33:01 +0800] "GET /xingrg/all/function/internal_message.html?_=1618709579274&CODE_STATE=getMsg HTTP/1.1" 200 27
114.88.167.174 - - [18/Apr/2021:09:33:04 +0800] "GET /xingrg/all/function/internal_message.html?_=1618709584836&CODE_STATE=getMsg HTTP/1.1" 200 27
116.230.114.112 - - [18/Apr/2021:09:33:06 +0800] "GET /xingrg/kc/buy/cgsh_order_operate.html?command=get_materiel&rest_code=00146&code=00101012026&supplier_code=00100033&order_time=2021-04-18 HTTP/1.1" 200 408
114.86.231.72 - - [18/Apr/2021:09:33:07 +0800] "GET /xingrg/all/function/internal_message.html?_=1618709584645&CODE_STATE=getMsg HTTP/1.1" 200 27
114.86.231.72 - - [18/Apr/2021:09:33:07 +0800] "GET /xingrg/check_reg.html?_=1618709584646 HTTP/1.1" 200 22
222.70.217.33 - - [18/Apr/2021:09:33:07 +0800] "GET /xingrg/kc/buy/cgsh_order_operate.html?command=get_materiel&rest_code=00155&code=00101008361&supplier_code=00100005&order_time=2021-04-18 HTTP/1.1" 200 408
222.70.217.33 - - [18/Apr/2021:09:33:09 +0800] "GET /xingrg/check_reg.html?_=1618709587218 HTTP/1.1" 200 22
222.70.217.33 - - [18/Apr/2021:09:33:09 +0800] "GET /xingrg/all/function/internal_message.html?_=1618709587223&CODE_STATE=getMsg HTTP/1.1" 200 27
58.37.228.113 - - [18/Apr/2021:09:33:15 +0800] "POST /xingrg/kc/buy/cgsh_order_operate.html HTTP/1.1" 200 37
116.224.253.72 - - [18/Apr/2021:09:33:16 +0800] "GET /xingrg/all/function/internal_message.html?_=1618709582014&CODE_STATE=getMsg HTTP/1.1" 200 27
116.224.253.72 - - [18/Apr/2021:09:33:16 +0800] "GET /xingrg/kc/buy/cgsh_order_operate.html?command=get_materiel&rest_code=00150&code=00101009059&supplier_code=00100424&order_time=2021-04-18 HTTP/1.1" 200 409
222.70.217.33 - - [18/Apr/2021:09:33:16 +0800] "GET /xingrg/kc/buy/cgsh_order_operate.html?command=get_materiel&rest_code=00155&code=00101008355&supplier_code=00100005&order_time=2021-04-18 HTTP/1.1" 200 410
114.88.167.174 - - [18/Apr/2021:09:33:17 +0800] "GET /xingrg/all/function/internal_message.html?_=1618709594342&CODE_STATE=getMsg HTTP/1.1" 200 27
58.37.228.113 - - [18/Apr/2021:09:33:18 +0800] "POST /xingrg/kc/buy/cgsh_order_operate.html HTTP/1.1" 200 12
58.37.228.113 - - [18/Apr/2021:09:33:19 +0800] "GET /xingrg/kc/buy/cgsh_order_info.html?code=212021041807336 HTTP/1.1" 200 57056
58.37.228.113 - - [18/Apr/2021:09:33:19 +0800] "GET /xingrg/javascript/easyui/themes/default/validatebox.css HTTP/1.1" 404 1104
58.37.228.113 - - [18/Apr/2021:09:33:19 +0800] "POST /xingrg/kc/buy/cgsh_order_operate.html HTTP/1.1" 200 1202
58.37.228.113 - - [18/Apr/2021:09:33:20 +0800] "GET /xingrg/kc/print/load_config.html?kc_code=cgsh HTTP/1.1" 200 1845
58.37.228.113 - - [18/Apr/2021:09:33:20 +0800] "GET /xingrg/kc/print/load_data.html?order_code=212021041807336&kc_code=cgsh&condition= HTTP/1.1" 200 993
116.230.114.112 - - [18/Apr/2021:09:33:20 +0800] "GET /xingrg/kc/buy/cgsh_order_operate.html?command=get_materiel&rest_code=00146&code=00101016025&supplier_code=00100033&order_time=2021-04-18 HTTP/1.1" 200 408
114.86.231.72 - - [18/Apr/2021:09:33:21 +0800] "POST /xingrg/kc/buy/cgsh_order_operate.html HTTP/1.1" 200 2065
180.169.147.146 - - [18/Apr/2021:09:33:21 +0800] "GET /xingrg/all/function/internal_message.html?_=1618709598863&CODE_STATE=getMsg HTTP/1.1" 200 27
222.69.131.239 - - [18/Apr/2021:09:33:23 +0800] "GET /xingrg/kc/buy/cgsh_order_operate.html?command=get_materiel&rest_code=00149&code=00101003025&supplier_code=00100039&order_time=2021-04-18 HTTP/1.1" 200 411
222.70.217.33 - - [18/Apr/2021:09:33:24 +0800] "GET /xingrg/kc/buy/cgsh_order_operate.html?command=get_materiel&rest_code=00155&code=00101008270&supplier_code=00100005&order_time=2021-04-18 HTTP/1.1" 200 412
58.37.228.113 - - [18/Apr/2021:09:33:26 +0800] "GET /xingrg/all/function/internal_message.html?_=1618709604624&CODE_STATE=getMsg HTTP/1.1" 200 27
116.224.253.72 - - [18/Apr/2021:09:33:26 +0800] "POST /xingrg/kc/buy/cgsh_order_operate.html HTTP/1.1" 200 37
116.224.253.72 - - [18/Apr/2021:09:33:28 +0800] "POST /xingrg/kc/buy/cgsh_order_operate.html HTTP/1.1" 200 9198
120.253.135.82 - - [18/Apr/2021:09:33:30 +0800] "GET /xingrg/check_reg.html?_=1618709385879 HTTP/1.1" 200 22
120.253.135.82 - - [18/Apr/2021:09:33:30 +0800] "GET /xingrg/all/function/internal_message.html?_=1618709386187&CODE_STATE=getMsg HTTP/1.1" 200 27
116.224.253.72 - - [18/Apr/2021:09:33:30 +0800] "GET /xingrg/check_reg.html?_=1618709608668 HTTP/1.1" 200 22
116.224.253.72 - - [18/Apr/2021:09:33:31 +0800] "GET /xingrg/all/function/internal_message.html?_=1618709608844&CODE_STATE=getMsg HTTP/1.1" 200 27
58.37.228.113 - - [18/Apr/2021:09:33:31 +0800] "GET /xingrg/all/function/internal_message.html?_=1618709587732&CODE_STATE=getMsg HTTP/1.1" 200 27
222.69.131.239 - - [18/Apr/2021:09:33:31 +0800] "GET /xingrg/check_reg.html?_=1618709608395 HTTP/1.1" 200 22
222.70.217.33 - - [18/Apr/2021:09:33:31 +0800] "GET /xingrg/kc/buy/cgsh_order_operate.html?command=get_materiel&rest_code=00155&code=00101008357&supplier_code=00100005&order_time=2021-04-18 HTTP/1.1" 200 408
222.69.131.239 - - [18/Apr/2021:09:33:31 +0800] "GET /xingrg/all/function/internal_message.html?_=1618709608485&CODE_STATE=getMsg HTTP/1.1" 200 27
124.77.71.179 - - [18/Apr/2021:09:33:37 +0800] "GET /xingrg/all/function/internal_message.html?_=1618709614527&CODE_STATE=getMsg HTTP/1.1" 200 27
222.69.131.239 - - [18/Apr/2021:09:33:37 +0800] "POST /xingrg/kc/buy/cgsh_order_operate.html HTTP/1.1" 200 37
117.185.32.26 - - [18/Apr/2021:09:33:37 +0800] "GET /xingrg/all/function/internal_message.html?_=1618709611259&CODE_STATE=getMsg HTTP/1.1" 200 27
222.70.217.33 - - [18/Apr/2021:09:33:38 +0800] "GET /xingrg/kc/buy/cgsh_order_operate.html?command=get_materiel&rest_code=00155&code=00101008349&supplier_code=00100005&order_time=2021-04-18 HTTP/1.1" 200 412
116.238.141.202 - - [18/Apr/2021:09:33:41 +0800] "GET /xingrg/all/function/internal_message.html?_=1618709896503&CODE_STATE=getMsg HTTP/1.1" 200 27
114.88.167.174 - - [18/Apr/2021:09:33:42 +0800] "GET /xingrg/check_reg.html?_=1618709622979 HTTP/1.1" 200 22
116.230.114.112 - - [18/Apr/2021:09:33:44 +0800] "GET /xingrg/all/function/internal_message.html?_=1618709622798&CODE_STATE=getMsg HTTP/1.1" 302 -
116.224.253.72 - - [18/Apr/2021:09:33:46 +0800] "POST /xingrg/kc/buy/cgsh_order_operate.html HTTP/1.1" 200 37
222.69.131.239 - - [18/Apr/2021:09:33:46 +0800] "POST /xingrg/kc/buy/cgsh_order_operate.html HTTP/1.1" 200 12
116.224.253.72 - - [18/Apr/2021:09:33:47 +0800] "POST /xingrg/kc/buy/cgsh_order_operate.html HTTP/1.1" 200 9198
222.70.217.33 - - [18/Apr/2021:09:33:48 +0800] "GET /xingrg/kc/buy/cgsh_order_operate.html?command=get_materiel&rest_code=00155&code=00101008185&supplier_code=00100005&order_time=2021-04-18 HTTP/1.1" 200 408
116.230.114.112 - - [18/Apr/2021:09:33:49 +0800] "GET /xingrg/all/function/internal_message.html?_=1618709627822&CODE_STATE=getMsg HTTP/1.1" 200 27
222.69.131.239 - - [18/Apr/2021:09:33:49 +0800] "GET /xingrg/kc/buy/cgsh_order_info.html?code=212021041807337 HTTP/1.1" 200 57103
222.69.131.239 - - [18/Apr/2021:09:33:49 +0800] "GET /xingrg/words/20210418091631_words.js HTTP/1.1" 304 -
222.69.131.239 - - [18/Apr/2021:09:33:49 +0800] "GET /xingrg/javascript/easyui/themes/default/validatebox.css HTTP/1.1" 404 1104
222.69.131.239 - - [18/Apr/2021:09:33:50 +0800] "POST /xingrg/kc/buy/cgsh_order_operate.html HTTP/1.1" 200 2982
116.224.253.72 - - [18/Apr/2021:09:33:51 +0800] "POST /xingrg/all/user/operate.html HTTP/1.1" 200 36
116.224.253.72 - - [18/Apr/2021:09:33:51 +0800] "GET /xingrg/javascript/jquery_easy_ui/themes/default/easyui.css HTTP/1.1" 304 -
116.224.253.72 - - [18/Apr/2021:09:33:51 +0800] "GET /xingrg/javascript/jquery_easy_ui/themes/icon.css HTTP/1.1" 304 -
116.224.253.72 - - [18/Apr/2021:09:33:51 +0800] "GET /xingrg/css/form.css HTTP/1.1" 304 -
116.224.253.72 - - [18/Apr/2021:09:33:51 +0800] "GET /xingrg/index.html?sysBaseUrl=http%3A%2F%2F180.169.147.146%3A18081%2Fxingrg%2F&costTime=105×tamp=1618705394488 HTTP/1.1" 200 17177
116.224.253.72 - - [18/Apr/2021:09:33:51 +0800] "GET /xingrg/javascript/jquery-1.4.2.min.js HTTP/1.1" 304 -
116.224.253.72 - - [18/Apr/2021:09:33:51 +0800] "GET /xingrg/javascript/jquery_easy_ui/jquery.easyui.min.js HTTP/1.1" 304 -
116.224.253.72 - - [18/Apr/2021:09:33:51 +0800] "GET /xingrg/javascript/jquery_easy_ui/easyui-lang-zh_CN.js HTTP/1.1" 304 -
116.224.253.72 - - [18/Apr/2021:09:33:51 +0800] "GET /xingrg/javascript/jquery.form.js HTTP/1.1" 304 -
116.224.253.72 - - [18/Apr/2021:09:33:51 +0800] "GET /xingrg/javascript/jquery.utils.js HTTP/1.1" 304 -
116.224.253.72 - - [18/Apr/2021:09:33:51 +0800] "GET /xingrg/javascript/jquery.timers.js HTTP/1.1" 304 -
116.224.253.72 - - [18/Apr/2021:09:33:51 +0800] "GET /xingrg/images/blue/jxLogo.png HTTP/1.1" 304 -
116.224.253.72 - - [18/Apr/2021:09:33:51 +0800] "GET /xingrg/images/blue/navBackgound.jpg HTTP/1.1" 304 -
116.224.253.72 - - [18/Apr/2021:09:33:51 +0800] "GET /xingrg/javascript/jquery_easy_ui/themes/icons/settle_new.png HTTP/1.1" 304 -
116.224.253.72 - - [18/Apr/2021:09:33:51 +0800] "POST /xingrg/all/common/load_tree.html?tree=area_rest_tree_json&manage=1 HTTP/1.1" 200 476
116.224.253.72 - - [18/Apr/2021:09:33:51 +0800] "GET /xingrg/all/function/internal_message.html?_=1618709629463&CODE_STATE=count HTTP/1.1" 200 11
116.224.253.72 - - [18/Apr/2021:09:33:51 +0800] "GET /xingrg/check_reg.html?_=1618709629464 HTTP/1.1" 200 22
116.224.253.72 - - [18/Apr/2021:09:33:51 +0800] "GET /xingrg/javascript/jquery_easy_ui/themes/default/images/panel_tool_collapse.gif HTTP/1.1" 304 -
116.224.253.72 - - [18/Apr/2021:09:33:51 +0800] "GET /xingrg/javascript/jquery_easy_ui/themes/default/images/tabs_leftarrow.png HTTP/1.1" 304 -
116.224.253.72 - - [18/Apr/2021:09:33:51 +0800] "GET /xingrg/images/blue/pingpu.png HTTP/1.1" 304 -
116.224.253.72 - - [18/Apr/2021:09:33:51 +0800] "GET /xingrg/javascript/jquery_easy_ui/themes/default/images/tabs_rightarrow.png HTTP/1.1" 304 -
116.224.253.72 - - [18/Apr/2021:09:33:51 +0800] "POST /xingrg/load_menu.html HTTP/1.1" 200 5138
116.224.253.72 - - [18/Apr/2021:09:33:53 +0800] "GET /xingrg/kc/buy/cgsh_order_list.html HTTP/1.1" 200 46414
222.69.131.239 - - [18/Apr/2021:09:33:54 +0800] "GET /xingrg/kc/print/load_data.html?order_code=212021041807337&kc_code=cgsh&condition= HTTP/1.1" 200 1635
116.224.253.72 - - [18/Apr/2021:09:33:54 +0800] "POST /xingrg/kc/buy/cgsh_list_operate.html HTTP/1.1" 200 876
58.37.228.113 - - [18/Apr/2021:09:33:54 +0800] "GET /xingrg/kc/buy/cgsh_order_add.html HTTP/1.1" 200 62154
58.37.228.113 - - [18/Apr/2021:09:33:54 +0800] "POST /xingrg/kc/buy/cgsh_order_operate.html HTTP/1.1" 200 8245
58.37.228.113 - - [18/Apr/2021:09:33:54 +0800] "GET /xingrg/all/common/auto_word.html?type=employee&rest_code=00141 HTTP/1.1" 200 201
58.37.228.113 - - [18/Apr/2021:09:33:54 +0800] "GET /xingrg/all/common/auto_word.html?type=employee&rest_code=00141 HTTP/1.1" 200 201
58.37.228.113 - - [18/Apr/2021:09:33:54 +0800] "GET /xingrg/javascript/easyui/themes/default/validatebox.css HTTP/1.1" 404 1104
116.224.253.72 - - [18/Apr/2021:09:33:55 +0800] "GET /xingrg/kc/buy/cgsh_order_add.html HTTP/1.1" 200 61790
116.224.253.72 - - [18/Apr/2021:09:33:55 +0800] "POST /xingrg/kc/buy/cgsh_order_operate.html HTTP/1.1" 200 8245
116.224.253.72 - - [18/Apr/2021:09:33:55 +0800] "GET /xingrg/javascript/easyui/themes/default/validatebox.css HTTP/1.1" 404 1104
