120.253.135.82 - - [16/Apr/2021:10:15:03 +0800] "GET /xingrg/all/function/internal_message.html?_=1618539421376&CODE_STATE=getMsg HTTP/1.1" 200 27
101.85.94.178 - - [16/Apr/2021:10:15:03 +0800] "GET /xingrg/all/function/internal_message.html?_=1618538841479&CODE_STATE=getMsg HTTP/1.1" 200 27
124.77.71.179 - - [16/Apr/2021:10:15:03 +0800] "GET /favicon.ico HTTP/1.1" 404 -
124.77.71.179 - - [16/Apr/2021:10:15:05 +0800] "POST /xingrg/login.do HTTP/1.1" 302 -
124.77.71.179 - - [16/Apr/2021:10:15:05 +0800] "GET /xingrg/index.html?sysBaseUrl=http%3A%2F%2F180.169.147.146%3A18081%2Fxingrg%2F&costTime=39×tamp=1618539305100 HTTP/1.1" 200 17179
117.185.32.26 - - [16/Apr/2021:10:15:05 +0800] "GET /xingrg/kc/print/load_data.html?order_code=212021041606405&kc_code=cgsh HTTP/1.1" 200 1007
61.165.42.208 - - [16/Apr/2021:10:15:05 +0800] "POST /xingrg/kc/buy/cgsh_order_operate.html HTTP/1.1" 200 4429
124.77.71.179 - - [16/Apr/2021:10:15:05 +0800] "GET /favicon.ico HTTP/1.1" 404 -
124.77.71.179 - - [16/Apr/2021:10:15:05 +0800] "POST /xingrg/all/common/load_tree.html?tree=area_rest_tree_json&manage=1 HTTP/1.1" 200 476
124.77.71.179 - - [16/Apr/2021:10:15:06 +0800] "GET /xingrg/all/function/internal_message.html?_=1618539297634&CODE_STATE=count HTTP/1.1" 200 11
124.77.71.179 - - [16/Apr/2021:10:15:06 +0800] "GET /xingrg/check_reg.html?_=1618539297644 HTTP/1.1" 200 22
124.77.71.179 - - [16/Apr/2021:10:15:06 +0800] "POST /xingrg/load_menu.html HTTP/1.1" 200 5138
116.238.141.202 - - [16/Apr/2021:10:15:06 +0800] "GET /xingrg/all/function/internal_message.html?_=1618539582154&CODE_STATE=getMsg HTTP/1.1" 200 27
116.224.253.72 - - [16/Apr/2021:10:15:06 +0800] "GET /xingrg/check_reg.html?_=1618539295027 HTTP/1.1" 200 22
61.165.42.208 - - [16/Apr/2021:10:15:06 +0800] "GET /xingrg/kc/print/load_data.html?order_code=212021041606407&kc_code=cgsh&condition= HTTP/1.1" 200 1351
124.77.71.179 - - [16/Apr/2021:10:15:07 +0800] "GET /xingrg/kc/buy/buy_main.html HTTP/1.1" 200 12412
124.77.71.179 - - [16/Apr/2021:10:15:07 +0800] "GET /xingrg/css/new_ie.css HTTP/1.1" 404 1036
117.185.32.26 - - [16/Apr/2021:10:15:07 +0800] "GET /xingrg/all/function/internal_message.html?_=1618539304143&CODE_STATE=getMsg HTTP/1.1" 200 27
116.224.253.72 - - [16/Apr/2021:10:15:07 +0800] "GET /xingrg/all/function/internal_message.html?_=1618539296339&CODE_STATE=getMsg HTTP/1.1" 200 27
124.77.71.179 - - [16/Apr/2021:10:15:08 +0800] "GET /xingrg/images/yd/bt.gif HTTP/1.1" 404 1040
124.77.71.179 - - [16/Apr/2021:10:15:08 +0800] "GET /xingrg/kc/buy/cgsh_order_list.html HTTP/1.1" 200 46416
124.77.71.179 - - [16/Apr/2021:10:15:11 +0800] "POST /xingrg/kc/buy/cgsh_list_operate.html HTTP/1.1" 200 4514
124.77.71.179 - - [16/Apr/2021:10:15:12 +0800] "GET /xingrg/kc/buy/cgsh_order_add.html HTTP/1.1" 200 62236
124.77.71.179 - - [16/Apr/2021:10:15:12 +0800] "GET /xingrg/all/common/auto_word.html?type=employee&rest_code=00107 HTTP/1.1" 200 151
124.77.71.179 - - [16/Apr/2021:10:15:12 +0800] "GET /xingrg/all/common/auto_word.html?type=employee&rest_code=00107 HTTP/1.1" 200 151
124.77.71.179 - - [16/Apr/2021:10:15:12 +0800] "GET /xingrg/javascript/easyui/themes/default/validatebox.css HTTP/1.1" 404 1104
124.77.71.179 - - [16/Apr/2021:10:15:12 +0800] "POST /xingrg/kc/buy/cgsh_order_operate.html HTTP/1.1" 200 8245
116.230.114.112 - - [16/Apr/2021:10:15:12 +0800] "GET /xingrg/check_reg.html?_=1618539335880 HTTP/1.1" 302 -
124.77.71.179 - - [16/Apr/2021:10:15:13 +0800] "GET /xingrg/javascript/easyui/themes/default/tree.css HTTP/1.1" 404 1090
124.77.71.179 - - [16/Apr/2021:10:15:13 +0800] "POST /xingrg/all/common/load_tree.html?tree=supplier_tree_json&isDelete=1 HTTP/1.1" 200 54827
61.165.42.208 - - [16/Apr/2021:10:15:14 +0800] "GET /xingrg/all/function/internal_message.html?_=1618539315975&CODE_STATE=getMsg HTTP/1.1" 200 27
116.230.114.112 - - [16/Apr/2021:10:15:14 +0800] "GET /xingrg/all/function/internal_message.html?_=1618539337857&CODE_STATE=getMsg HTTP/1.1" 302 -
222.69.129.85 - - [16/Apr/2021:10:15:26 +0800] "GET /xingrg/all/function/internal_message.html?_=1618539324607&CODE_STATE=getMsg HTTP/1.1" 200 27
124.77.71.179 - - [16/Apr/2021:10:15:26 +0800] "GET /xingrg/javascript/auto/indicator.gif HTTP/1.1" 404 1066
116.224.253.72 - - [16/Apr/2021:10:15:26 +0800] "GET /xingrg/all/function/internal_message.html?_=1618539325359&CODE_STATE=getMsg HTTP/1.1" 200 27
124.77.71.179 - - [16/Apr/2021:10:15:32 +0800] "GET /xingrg/kc/buy/cgsh_order_operate.html?command=get_materiel&rest_code=00107&code=00101002006&supplier_code=00100091&order_time=2021-04-16 HTTP/1.1" 200 414
222.70.217.33 - - [16/Apr/2021:10:15:39 +0800] "GET /xingrg/all/function/internal_message.html?_=1618539337937&CODE_STATE=getMsg HTTP/1.1" 200 27
180.169.147.146 - - [16/Apr/2021:10:15:40 +0800] "GET /xingrg/all/function/internal_message.html?_=1618539335349&CODE_STATE=getMsg HTTP/1.1" 200 27
180.169.147.146 - - [16/Apr/2021:10:15:45 +0800] "GET /xingrg/all/function/internal_message.html?_=1618539350694&CODE_STATE=getMsg HTTP/1.1" 200 27
180.169.147.146 - - [16/Apr/2021:10:15:45 +0800] "GET /xingrg/check_reg.html?_=1618539350699 HTTP/1.1" 200 22
116.233.76.177 - - [16/Apr/2021:10:15:48 +0800] "GET /xingrg/all/function/internal_message.html?_=1618539352323&CODE_STATE=getMsg HTTP/1.1" 200 27
124.77.71.179 - - [16/Apr/2021:10:15:49 +0800] "GET /xingrg/kc/buy/cgsh_order_operate.html?command=get_materiel&rest_code=00107&code=00101002034&supplier_code=00100091&order_time=2021-04-16 HTTP/1.1" 200 409
117.185.32.26 - - [16/Apr/2021:10:15:51 +0800] "POST /xingrg/services/DataTransmitService HTTP/1.1" 200 524
180.169.147.146 - - [16/Apr/2021:10:15:52 +0800] "GET /xingrg/all/function/internal_message.html?_=1618539352632&CODE_STATE=getMsg HTTP/1.1" 200 27
114.88.156.246 - - [16/Apr/2021:10:15:55 +0800] "GET /xingrg/all/function/internal_message.html?_=1618539383265&CODE_STATE=getMsg HTTP/1.1" 200 27
124.77.71.179 - - [16/Apr/2021:10:15:57 +0800] "POST /xingrg/kc/buy/cgsh_order_operate.html HTTP/1.1" 200 37
120.253.135.82 - - [16/Apr/2021:10:15:58 +0800] "GET /xingrg/all/function/internal_message.html?_=1618539135113&CODE_STATE=getMsg HTTP/1.1" 200 27
124.77.71.179 - - [16/Apr/2021:10:15:58 +0800] "POST /xingrg/kc/buy/cgsh_order_operate.html HTTP/1.1" 200 3252
172.20.0.100 - - [16/Apr/2021:10:15:59 +0800] "GET /xingrg/login.html HTTP/1.1" 200 7636
172.20.0.100 - - [16/Apr/2021:10:15:59 +0800] "GET /xingrg/images/blue/jxLogo.png HTTP/1.1" 200 6156
172.20.0.100 - - [16/Apr/2021:10:15:59 +0800] "GET /xingrg/images/blue/login_bg.png HTTP/1.1" 200 22101
172.20.0.100 - - [16/Apr/2021:10:15:59 +0800] "GET /xingrg/images/blue/hj.png HTTP/1.1" 200 1014
172.20.0.100 - - [16/Apr/2021:10:15:59 +0800] "GET /xingrg/images/blue/srbg.png HTTP/1.1" 200 138
172.20.0.100 - - [16/Apr/2021:10:15:59 +0800] "GET /favicon.ico HTTP/1.1" 404 -
172.20.0.100 - - [16/Apr/2021:10:16:00 +0800] "GET /favicon.ico HTTP/1.1" 404 -
180.169.147.146 - - [16/Apr/2021:10:16:00 +0800] "GET /favicon.ico HTTP/1.1" 404 -
120.253.135.82 - - [16/Apr/2021:10:16:00 +0800] "GET /xingrg/all/function/internal_message.html?_=1618539389296&CODE_STATE=getMsg HTTP/1.1" 200 27
116.230.114.112 - - [16/Apr/2021:10:16:00 +0800] "GET /xingrg/check_reg.html?_=1618539359413 HTTP/1.1" 200 22
172.20.0.100 - - [16/Apr/2021:10:16:01 +0800] "POST /xingrg/login.do HTTP/1.1" 302 -
172.20.0.100 - - [16/Apr/2021:10:16:01 +0800] "GET /xingrg/index.html?sysBaseUrl=http%3A%2F%2F172.20.0.8%3A18081%2Fxingrg%2F&costTime=46×tamp=1618539361041 HTTP/1.1" 200 17448
172.20.0.100 - - [16/Apr/2021:10:16:01 +0800] "GET /xingrg/javascript/jquery_easy_ui/themes/default/easyui.css HTTP/1.1" 200 26500
172.20.0.100 - - [16/Apr/2021:10:16:01 +0800] "GET /xingrg/javascript/jquery_easy_ui/themes/icon.css HTTP/1.1" 200 3949
172.20.0.100 - - [16/Apr/2021:10:16:01 +0800] "GET /xingrg/css/form.css HTTP/1.1" 200 893
172.20.0.100 - - [16/Apr/2021:10:16:01 +0800] "GET /xingrg/javascript/jquery-1.4.2.min.js HTTP/1.1" 200 72205
172.20.0.100 - - [16/Apr/2021:10:16:01 +0800] "GET /xingrg/javascript/jquery_easy_ui/jquery.easyui.min.js HTTP/1.1" 200 213662
172.20.0.100 - - [16/Apr/2021:10:16:01 +0800] "GET /xingrg/javascript/jquery_easy_ui/easyui-lang-zh_CN.js HTTP/1.1" 200 1900
172.20.0.100 - - [16/Apr/2021:10:16:01 +0800] "GET /xingrg/javascript/jquery.utils.js HTTP/1.1" 200 11805
172.20.0.100 - - [16/Apr/2021:10:16:01 +0800] "GET /xingrg/javascript/jquery.timers.js HTTP/1.1" 200 3532
172.20.0.100 - - [16/Apr/2021:10:16:01 +0800] "GET /xingrg/javascript/jquery.form.js HTTP/1.1" 200 23110
117.185.32.26 - - [16/Apr/2021:10:16:01 +0800] "POST /xingrg/services/DataTransmitService HTTP/1.1" 200 501
172.20.0.100 - - [16/Apr/2021:10:16:01 +0800] "GET /favicon.ico HTTP/1.1" 404 -
172.20.0.100 - - [16/Apr/2021:10:16:01 +0800] "GET /xingrg/javascript/jquery_easy_ui/themes/icons/settle_new.png HTTP/1.1" 200 826
172.20.0.100 - - [16/Apr/2021:10:16:01 +0800] "GET /xingrg/images/blue/navBackgound.jpg HTTP/1.1" 200 12378
172.20.0.100 - - [16/Apr/2021:10:16:01 +0800] "POST /xingrg/all/common/load_tree.html?tree=area_rest_tree_json&manage=1 HTTP/1.1" 200 3344
117.185.32.26 - - [16/Apr/2021:10:16:01 +0800] "POST /xingrg/services/DataTransmitService HTTP/1.1" 200 501
124.77.71.179 - - [16/Apr/2021:10:16:01 +0800] "GET /xingrg/kc/print/load_config.html?kc_code=cgsh HTTP/1.1" 200 1845
172.20.0.100 - - [16/Apr/2021:10:16:01 +0800] "GET /xingrg/all/function/internal_message.html?_=1618539361043&CODE_STATE=count HTTP/1.1" 200 11
172.20.0.100 - - [16/Apr/2021:10:16:01 +0800] "GET /xingrg/check_reg.html?_=1618539361045 HTTP/1.1" 200 22
172.20.0.100 - - [16/Apr/2021:10:16:01 +0800] "GET /xingrg/images/blue/pingpu.png HTTP/1.1" 200 231
172.20.0.100 - - [16/Apr/2021:10:16:01 +0800] "GET /xingrg/javascript/jquery_easy_ui/themes/default/images/tabs_leftarrow.png HTTP/1.1" 200 389
172.20.0.100 - - [16/Apr/2021:10:16:01 +0800] "GET /xingrg/javascript/jquery_easy_ui/themes/default/images/tabs_rightarrow.png HTTP/1.1" 200 395
172.20.0.100 - - [16/Apr/2021:10:16:01 +0800] "GET /xingrg/javascript/jquery_easy_ui/themes/default/images/panel_tool_expand.gif HTTP/1.1" 200 247
172.20.0.100 - - [16/Apr/2021:10:16:01 +0800] "GET /xingrg/javascript/jquery_easy_ui/themes/default/images/panel_tool_collapse.gif HTTP/1.1" 200 246
116.230.114.112 - - [16/Apr/2021:10:16:01 +0800] "GET /xingrg/all/function/internal_message.html?_=1618539359970&CODE_STATE=getMsg HTTP/1.1" 200 27
172.20.0.100 - - [16/Apr/2021:10:16:01 +0800] "POST /xingrg/load_menu.html HTTP/1.1" 200 11529
124.77.71.179 - - [16/Apr/2021:10:16:01 +0800] "GET /xingrg/kc/print/load_data.html?order_code=212021041606408&kc_code=cgsh&condition= HTTP/1.1" 200 967
172.20.0.100 - - [16/Apr/2021:10:16:01 +0800] "GET /xingrg/javascript/jquery_easy_ui/themes/default/images/tree_arrows.gif HTTP/1.1" 200 1043
172.20.0.100 - - [16/Apr/2021:10:16:01 +0800] "GET /xingrg/javascript/jquery_easy_ui/themes/default/images/tree_folder_open.gif HTTP/1.1" 200 956
172.20.0.100 - - [16/Apr/2021:10:16:01 +0800] "GET /xingrg/javascript/jquery_easy_ui/themes/icons/search_new.png HTTP/1.1" 200 586
172.20.0.100 - - [16/Apr/2021:10:16:01 +0800] "GET /xingrg/javascript/jquery_easy_ui/themes/icons/delivery_new.png HTTP/1.1" 200 700
172.20.0.100 - - [16/Apr/2021:10:16:01 +0800] "GET /xingrg/javascript/jquery_easy_ui/themes/icons/storage_new.png HTTP/1.1" 200 853
172.20.0.100 - - [16/Apr/2021:10:16:01 +0800] "GET /xingrg/javascript/jquery_easy_ui/themes/icons/checkout_new.png HTTP/1.1" 200 744
172.20.0.100 - - [16/Apr/2021:10:16:01 +0800] "GET /xingrg/javascript/jquery_easy_ui/themes/icons/forms_new.png HTTP/1.1" 200 350
172.20.0.100 - - [16/Apr/2021:10:16:01 +0800] "GET /xingrg/javascript/jquery_easy_ui/themes/icons/setting_new.png HTTP/1.1" 200 450
172.20.0.100 - - [16/Apr/2021:10:16:01 +0800] "GET /xingrg/javascript/jquery_easy_ui/themes/icons/systemset_new.png HTTP/1.1" 200 606
172.20.0.100 - - [16/Apr/2021:10:16:01 +0800] "GET /xingrg/javascript/jquery_easy_ui/themes/default/images/tree_file.gif HTTP/1.1" 200 118
172.20.0.100 - - [16/Apr/2021:10:16:01 +0800] "GET /xingrg/javascript/jquery_easy_ui/themes/default/images/tree_folder.gif HTTP/1.1" 200 952
117.185.32.26 - - [16/Apr/2021:10:16:02 +0800] "POST /xingrg/services/DataTransmitService HTTP/1.1" 200 501
120.253.135.82 - - [16/Apr/2021:10:16:03 +0800] "GET /xingrg/all/function/internal_message.html?_=1618539481381&CODE_STATE=getMsg HTTP/1.1" 200 27
101.85.94.178 - - [16/Apr/2021:10:16:03 +0800] "GET /xingrg/all/function/internal_message.html?_=1618538901478&CODE_STATE=getMsg HTTP/1.1" 200 27
117.185.32.26 - - [16/Apr/2021:10:16:04 +0800] "POST /xingrg/services/DataTransmitService HTTP/1.1" 200 501
117.185.32.26 - - [16/Apr/2021:10:16:04 +0800] "POST /xingrg/services/DataTransmitService HTTP/1.1" 200 501
117.185.32.26 - - [16/Apr/2021:10:16:04 +0800] "POST /xingrg/services/DataTransmitService HTTP/1.1" 200 501
117.185.32.26 - - [16/Apr/2021:10:16:05 +0800] "POST /xingrg/services/DataTransmitService HTTP/1.1" 200 501
124.77.71.179 - - [16/Apr/2021:10:16:06 +0800] "GET /xingrg/all/function/internal_message.html?_=1618539357693&CODE_STATE=getMsg HTTP/1.1" 200 27
116.238.141.202 - - [16/Apr/2021:10:16:06 +0800] "GET /xingrg/all/function/internal_message.html?_=1618539642170&CODE_STATE=getMsg HTTP/1.1" 200 27
117.185.32.26 - - [16/Apr/2021:10:16:06 +0800] "POST /xingrg/services/DataTransmitService HTTP/1.1" 200 501
124.77.71.179 - - [16/Apr/2021:10:16:07 +0800] "GET /xingrg/kc/buy/cgsh_order_add.html HTTP/1.1" 200 62236
117.185.32.26 - - [16/Apr/2021:10:16:07 +0800] "GET /xingrg/all/function/internal_message.html?_=1618539364111&CODE_STATE=getMsg HTTP/1.1" 200 27
116.224.253.72 - - [16/Apr/2021:10:16:07 +0800] "GET /xingrg/all/function/internal_message.html?_=1618539356342&CODE_STATE=getMsg HTTP/1.1" 200 27
117.185.32.26 - - [16/Apr/2021:10:16:08 +0800] "POST /xingrg/services/DataTransmitService HTTP/1.1" 200 501
172.20.0.100 - - [16/Apr/2021:10:16:08 +0800] "GET /xingrg/javascript/jquery_easy_ui/themes/icons/area.png HTTP/1.1" 200 262
172.20.0.100 - - [16/Apr/2021:10:16:08 +0800] "GET /xingrg/javascript/jquery_easy_ui/themes/icons/manage.png HTTP/1.1" 200 696
172.20.0.100 - - [16/Apr/2021:10:16:08 +0800] "GET /xingrg/javascript/jquery_easy_ui/themes/icons/rest.png HTTP/1.1" 200 695
172.20.0.100 - - [16/Apr/2021:10:16:08 +0800] "GET /xingrg/javascript/jquery_easy_ui/themes/default/images/button_a_bg.gif HTTP/1.1" 200 1194
172.20.0.100 - - [16/Apr/2021:10:16:08 +0800] "GET /xingrg/javascript/jquery_easy_ui/themes/default/images/button_span_bg.gif HTTP/1.1" 200 2061
172.20.0.100 - - [16/Apr/2021:10:16:08 +0800] "GET /xingrg/javascript/jquery_easy_ui/themes/icons/ok.png HTTP/1.1" 200 883
172.20.0.100 - - [16/Apr/2021:10:16:08 +0800] "GET /xingrg/javascript/jquery_easy_ui/themes/default/images/panel_title.png HTTP/1.1" 200 266
172.20.0.100 - - [16/Apr/2021:10:16:08 +0800] "GET /xingrg/javascript/jquery_easy_ui/themes/default/images/panel_tools.gif HTTP/1.1" 200 737
124.77.71.179 - - [16/Apr/2021:10:16:08 +0800] "GET /xingrg/javascript/easyui/themes/default/validatebox.css HTTP/1.1" 404 1104
124.77.71.179 - - [16/Apr/2021:10:16:08 +0800] "POST /xingrg/kc/buy/cgsh_order_operate.html HTTP/1.1" 200 8245
124.77.71.179 - - [16/Apr/2021:10:16:09 +0800] "GET /xingrg/javascript/easyui/themes/default/tree.css HTTP/1.1" 404 1090
124.77.71.179 - - [16/Apr/2021:10:16:10 +0800] "POST /xingrg/all/common/load_tree.html?tree=supplier_tree_json&isDelete=1 HTTP/1.1" 200 54827
117.185.32.26 - - [16/Apr/2021:10:16:10 +0800] "POST /xingrg/services/DataTransmitService HTTP/1.1" 200 412
172.20.0.100 - - [16/Apr/2021:10:16:10 +0800] "GET /xingrg/images/control/ajaxLoader.gif HTTP/1.1" 200 4659
172.20.0.100 - - [16/Apr/2021:10:16:10 +0800] "POST /xingrg/all/user/operate.html HTTP/1.1" 200 36
172.20.0.100 - - [16/Apr/2021:10:16:10 +0800] "GET /xingrg/index.html?sysBaseUrl=http%3A%2F%2F172.20.0.8%3A18081%2Fxingrg%2F&costTime=46×tamp=1618539361041 HTTP/1.1" 200 17454
172.20.0.100 - - [16/Apr/2021:10:16:10 +0800] "GET /xingrg/javascript/jquery_easy_ui/themes/default/easyui.css HTTP/1.1" 304 -
172.20.0.100 - - [16/Apr/2021:10:16:10 +0800] "GET /xingrg/javascript/jquery_easy_ui/themes/icon.css HTTP/1.1" 304 -
172.20.0.100 - - [16/Apr/2021:10:16:10 +0800] "GET /xingrg/css/form.css HTTP/1.1" 304 -
172.20.0.100 - - [16/Apr/2021:10:16:10 +0800] "GET /xingrg/javascript/jquery-1.4.2.min.js HTTP/1.1" 304 -
172.20.0.100 - - [16/Apr/2021:10:16:10 +0800] "GET /xingrg/javascript/jquery_easy_ui/jquery.easyui.min.js HTTP/1.1" 304 -
172.20.0.100 - - [16/Apr/2021:10:16:10 +0800] "GET /xingrg/javascript/jquery_easy_ui/easyui-lang-zh_CN.js HTTP/1.1" 304 -
172.20.0.100 - - [16/Apr/2021:10:16:10 +0800] "GET /xingrg/javascript/jquery.form.js HTTP/1.1" 304 -
172.20.0.100 - - [16/Apr/2021:10:16:10 +0800] "GET /xingrg/javascript/jquery.utils.js HTTP/1.1" 304 -
172.20.0.100 - - [16/Apr/2021:10:16:10 +0800] "GET /xingrg/javascript/jquery.timers.js HTTP/1.1" 304 -
172.20.0.100 - - [16/Apr/2021:10:16:10 +0800] "GET /xingrg/images/blue/jxLogo.png HTTP/1.1" 304 -
172.20.0.100 - - [16/Apr/2021:10:16:10 +0800] "GET /xingrg/images/blue/navBackgound.jpg HTTP/1.1" 304 -
172.20.0.100 - - [16/Apr/2021:10:16:11 +0800] "GET /xingrg/javascript/jquery_easy_ui/themes/icons/settle_new.png HTTP/1.1" 304 -
172.20.0.100 - - [16/Apr/2021:10:16:11 +0800] "POST /xingrg/all/common/load_tree.html?tree=area_rest_tree_json&manage=1 HTTP/1.1" 200 3344
172.20.0.100 - - [16/Apr/2021:10:16:11 +0800] "GET /xingrg/all/function/internal_message.html?_=1618539370796&CODE_STATE=count HTTP/1.1" 200 11
172.20.0.100 - - [16/Apr/2021:10:16:11 +0800] "GET /xingrg/check_reg.html?_=1618539370797 HTTP/1.1" 200 22
172.20.0.100 - - [16/Apr/2021:10:16:11 +0800] "GET /xingrg/javascript/jquery_easy_ui/themes/default/images/tabs_leftarrow.png HTTP/1.1" 304 -
172.20.0.100 - - [16/Apr/2021:10:16:11 +0800] "GET /xingrg/javascript/jquery_easy_ui/themes/default/images/panel_tool_expand.gif HTTP/1.1" 304 -
172.20.0.100 - - [16/Apr/2021:10:16:11 +0800] "GET /xingrg/javascript/jquery_easy_ui/themes/default/images/panel_tool_collapse.gif HTTP/1.1" 304 -
172.20.0.100 - - [16/Apr/2021:10:16:11 +0800] "GET /xingrg/javascript/jquery_easy_ui/themes/default/images/tabs_rightarrow.png HTTP/1.1" 304 -
172.20.0.100 - - [16/Apr/2021:10:16:11 +0800] "GET /xingrg/images/blue/pingpu.png HTTP/1.1" 304 -
172.20.0.100 - - [16/Apr/2021:10:16:11 +0800] "POST /xingrg/load_menu.html HTTP/1.1" 200 9924
172.20.0.100 - - [16/Apr/2021:10:16:12 +0800] "GET /xingrg/kc/report/report_main.html HTTP/1.1" 200 7325
172.20.0.100 - - [16/Apr/2021:10:16:12 +0800] "GET /xingrg/javascript/jquery_easy_ui/themes/default/images/tabs_close.gif HTTP/1.1" 200 829
172.20.0.100 - - [16/Apr/2021:10:16:12 +0800] "GET /xingrg/css/blue.css HTTP/1.1" 200 15949
172.20.0.100 - - [16/Apr/2021:10:16:12 +0800] "GET /xingrg/javascript/pic_change.js HTTP/1.1" 200 4739
172.20.0.100 - - [16/Apr/2021:10:16:12 +0800] "GET /xingrg/javascript/jquery_ui/themes/humanity/humanity.css HTTP/1.1" 200 27801
172.20.0.100 - - [16/Apr/2021:10:16:12 +0800] "GET /xingrg/javascript/myfunction.js HTTP/1.1" 200 24559
172.20.0.100 - - [16/Apr/2021:10:16:12 +0800] "GET /xingrg/javascript/json2.js HTTP/1.1" 200 11259
172.20.0.100 - - [16/Apr/2021:10:16:12 +0800] "GET /xingrg/javascript/jquery_easy_ui/themes/icons/back_new.png HTTP/1.1" 200 3414
61.165.42.208 - - [16/Apr/2021:10:16:14 +0800] "GET /xingrg/all/function/internal_message.html?_=1618539375962&CODE_STATE=getMsg HTTP/1.1" 200 27
116.230.114.112 - - [16/Apr/2021:10:16:14 +0800] "GET /xingrg/all/function/internal_message.html?_=1618539397876&CODE_STATE=getMsg HTTP/1.1" 302 -
58.221.95.50 - - [16/Apr/2021:10:16:22 +0800] "GET /xingrg/check_reg.html?_=1618539381348 HTTP/1.1" 302 -
117.184.7.30 - - [16/Apr/2021:10:16:24 +0800] "GET /favicon.ico HTTP/1.1" 404 -
222.69.129.85 - - [16/Apr/2021:10:16:26 +0800] "GET /xingrg/all/function/internal_message.html?_=1618539384608&CODE_STATE=getMsg HTTP/1.1" 200 27
116.224.253.72 - - [16/Apr/2021:10:16:26 +0800] "GET /xingrg/all/function/internal_message.html?_=1618539385350&CODE_STATE=getMsg HTTP/1.1" 200 27
114.88.167.174 - - [16/Apr/2021:10:16:30 +0800] "GET /xingrg/check_reg.html?_=1618539386157 HTTP/1.1" 200 22
124.77.71.179 - - [16/Apr/2021:10:16:31 +0800] "GET /xingrg/kc/buy/cgsh_order_operate.html?command=get_materiel&rest_code=00107&code=00101004065&supplier_code=00100088&order_time=2021-04-16 HTTP/1.1" 200 433
124.77.71.179 - - [16/Apr/2021:10:16:39 +0800] "POST /xingrg/kc/buy/cgsh_order_operate.html HTTP/1.1" 200 37
222.70.217.33 - - [16/Apr/2021:10:16:39 +0800] "GET /xingrg/all/function/internal_message.html?_=1618539397943&CODE_STATE=getMsg HTTP/1.1" 200 27
180.169.147.146 - - [16/Apr/2021:10:16:40 +0800] "GET /xingrg/all/function/internal_message.html?_=1618539395348&CODE_STATE=getMsg HTTP/1.1" 200 27
124.77.71.179 - - [16/Apr/2021:10:16:40 +0800] "POST /xingrg/kc/buy/cgsh_order_operate.html HTTP/1.1" 200 2661
124.77.71.179 - - [16/Apr/2021:10:16:41 +0800] "GET /xingrg/kc/print/load_data.html?order_code=212021041606409&kc_code=cgsh&condition= HTTP/1.1" 200 742
180.169.147.146 - - [16/Apr/2021:10:16:45 +0800] "GET /xingrg/all/function/internal_message.html?_=1618539410686&CODE_STATE=getMsg HTTP/1.1" 200 27
124.77.71.179 - - [16/Apr/2021:10:16:46 +0800] "GET /xingrg/kc/buy/cgsh_order_add.html HTTP/1.1" 200 62236
124.77.71.179 - - [16/Apr/2021:10:16:47 +0800] "POST /xingrg/kc/buy/cgsh_order_operate.html HTTP/1.1" 200 8245
124.77.71.179 - - [16/Apr/2021:10:16:47 +0800] "GET /xingrg/javascript/easyui/themes/default/validatebox.css HTTP/1.1" 404 1104
124.77.71.179 - - [16/Apr/2021:10:16:48 +0800] "GET /xingrg/javascript/easyui/themes/default/tree.css HTTP/1.1" 404 1090
124.77.71.179 - - [16/Apr/2021:10:16:48 +0800] "POST /xingrg/all/common/load_tree.html?tree=supplier_tree_json&isDelete=1 HTTP/1.1" 200 54827
116.233.76.177 - - [16/Apr/2021:10:16:48 +0800] "GET /xingrg/all/function/internal_message.html?_=1618539412325&CODE_STATE=getMsg HTTP/1.1" 200 27
180.169.147.146 - - [16/Apr/2021:10:16:52 +0800] "GET /xingrg/all/function/internal_message.html?_=1618539412623&CODE_STATE=getMsg HTTP/1.1" 200 27
114.88.156.246 - - [16/Apr/2021:10:16:54 +0800] "POST /xingrg/services/DataTransmitService HTTP/1.1" 200 524
114.88.156.246 - - [16/Apr/2021:10:16:55 +0800] "GET /xingrg/all/function/internal_message.html?_=1618539443243&CODE_STATE=getMsg HTTP/1.1" 200 27
120.253.135.82 - - [16/Apr/2021:10:16:58 +0800] "GET /xingrg/all/function/internal_message.html?_=1618539195136&CODE_STATE=getMsg HTTP/1.1" 200 27
114.88.156.246 - - [16/Apr/2021:10:16:59 +0800] "POST /xingrg/services/DataTransmitService HTTP/1.1" 200 501
120.253.135.82 - - [16/Apr/2021:10:17:00 +0800] "GET /xingrg/all/function/internal_message.html?_=1618539449310&CODE_STATE=getMsg HTTP/1.1" 200 27
116.230.114.112 - - [16/Apr/2021:10:17:01 +0800] "GET /xingrg/all/function/internal_message.html?_=1618539419985&CODE_STATE=getMsg HTTP/1.1" 200 27
120.253.135.82 - - [16/Apr/2021:10:17:03 +0800] "GET /xingrg/all/function/internal_message.html?_=1618539541394&CODE_STATE=getMsg HTTP/1.1" 200 27
101.85.94.178 - - [16/Apr/2021:10:17:03 +0800] "GET /xingrg/all/function/internal_message.html?_=1618538961476&CODE_STATE=getMsg HTTP/1.1" 200 27
124.77.71.179 - - [16/Apr/2021:10:17:06 +0800] "GET /xingrg/all/function/internal_message.html?_=1618539417669&CODE_STATE=getMsg HTTP/1.1" 200 27
117.185.32.26 - - [16/Apr/2021:10:17:06 +0800] "GET /xingrg/check_reg.html?_=1618539422500 HTTP/1.1" 200 22
116.238.141.202 - - [16/Apr/2021:10:17:07 +0800] "GET /xingrg/all/function/internal_message.html?_=1618539702985&CODE_STATE=getMsg HTTP/1.1" 200 27
117.185.32.26 - - [16/Apr/2021:10:17:07 +0800] "GET /xingrg/all/function/internal_message.html?_=1618539424085&CODE_STATE=getMsg HTTP/1.1" 200 27
116.224.253.72 - - [16/Apr/2021:10:17:07 +0800] "GET /xingrg/all/function/internal_message.html?_=1618539416356&CODE_STATE=getMsg HTTP/1.1" 200 27
172.20.0.100 - - [16/Apr/2021:10:17:11 +0800] "GET /xingrg/all/function/internal_message.html?_=1618539430806&CODE_STATE=getMsg HTTP/1.1" 200 27
124.77.71.179 - - [16/Apr/2021:10:17:12 +0800] "GET /xingrg/kc/buy/cgsh_order_operate.html?command=get_materiel&rest_code=00107&code=00101008061&supplier_code=00100339&order_time=2021-04-16 HTTP/1.1" 200 423
61.165.42.208 - - [16/Apr/2021:10:17:14 +0800] "GET /xingrg/all/function/internal_message.html?_=1618539435976&CODE_STATE=getMsg HTTP/1.1" 200 27
172.20.0.100 - - [16/Apr/2021:10:17:14 +0800] "GET /xingrg/kc/base/crk_hz.html HTTP/1.1" 200 11227
172.20.0.100 - - [16/Apr/2021:10:17:14 +0800] "GET /xingrg/javascript/step/step.css HTTP/1.1" 200 999
172.20.0.100 - - [16/Apr/2021:10:17:14 +0800] "GET /xingrg/css/table.css HTTP/1.1" 200 3684
116.230.114.112 - - [16/Apr/2021:10:17:14 +0800] "GET /xingrg/all/function/internal_message.html?_=1618539457884&CODE_STATE=getMsg HTTP/1.1" 302 -
172.20.0.100 - - [16/Apr/2021:10:17:15 +0800] "POST /xingrg/kc/cost/cost_operate.html?command=get_base_tree HTTP/1.1" 200 2450
172.20.0.100 - - [16/Apr/2021:10:17:15 +0800] "POST /xingrg/all/common/load_tree.html?tree=materiel_sort_tree_json HTTP/1.1" 200 8666
172.20.0.100 - - [16/Apr/2021:10:17:15 +0800] "GET /xingrg/javascript/jquery_easy_ui/themes/default/images/combo_arrow_dot.gif HTTP/1.1" 200 79
172.20.0.100 - - [16/Apr/2021:10:17:15 +0800] "GET /xingrg/javascript/jquery_easy_ui/themes/icons/search.png HTTP/1.1" 200 813
172.20.0.100 - - [16/Apr/2021:10:17:15 +0800] "GET /xingrg/javascript/jquery_easy_ui/themes/default/images/menu_downarrow.png HTTP/1.1" 200 173
172.20.0.100 - - [16/Apr/2021:10:17:15 +0800] "GET /xingrg/javascript/jquery_easy_ui/themes/icons/print.png HTTP/1.1" 200 1057
172.20.0.100 - - [16/Apr/2021:10:17:15 +0800] "GET /xingrg/javascript/jquery_easy_ui/themes/default/images/menu.gif HTTP/1.1" 200 834
172.20.0.100 - - [16/Apr/2021:10:17:15 +0800] "GET /xingrg/javascript/jquery_easy_ui/themes/default/images/calendar_prevmonth.gif HTTP/1.1" 200 66
172.20.0.100 - - [16/Apr/2021:10:17:15 +0800] "GET /xingrg/javascript/jquery_easy_ui/themes/default/images/calendar_nextmonth.gif HTTP/1.1" 200 64
172.20.0.100 - - [16/Apr/2021:10:17:15 +0800] "GET /xingrg/javascript/jquery_easy_ui/themes/default/images/calendar_prevyear.gif HTTP/1.1" 200 76
172.20.0.100 - - [16/Apr/2021:10:17:15 +0800] "GET /xingrg/javascript/jquery_easy_ui/themes/default/images/calendar_nextyear.gif HTTP/1.1" 200 75
172.20.0.100 - - [16/Apr/2021:10:17:15 +0800] "GET /xingrg/javascript/jquery_easy_ui/themes/default/images/tree_checkbox_0.gif HTTP/1.1" 200 168
117.185.32.26 - - [16/Apr/2021:10:17:21 +0800] "POST /xingrg/services/DataTransmitService HTTP/1.1" 200 524
117.185.32.26 - - [16/Apr/2021:10:17:21 +0800] "POST /xingrg/services/DataTransmitService HTTP/1.1" 200 2511
124.77.71.179 - - [16/Apr/2021:10:17:21 +0800] "POST /xingrg/kc/buy/cgsh_order_operate.html HTTP/1.1" 200 37
117.185.32.26 - - [16/Apr/2021:10:17:22 +0800] "POST /xingrg/services/DataTransmitService HTTP/1.1" 200 149043
124.77.71.179 - - [16/Apr/2021:10:17:25 +0800] "POST /xingrg/kc/buy/cgsh_order_operate.html HTTP/1.1" 200 2666
222.69.129.85 - - [16/Apr/2021:10:17:26 +0800] "GET /xingrg/all/function/internal_message.html?_=1618539444609&CODE_STATE=getMsg HTTP/1.1" 200 27
116.224.253.72 - - [16/Apr/2021:10:17:26 +0800] "GET /xingrg/all/function/internal_message.html?_=1618539445372&CODE_STATE=getMsg HTTP/1.1" 200 27
124.77.71.179 - - [16/Apr/2021:10:17:26 +0800] "GET /xingrg/kc/print/load_data.html?order_code=212021041606410&kc_code=cgsh&condition= HTTP/1.1" 200 676
172.20.0.100 - - [16/Apr/2021:10:17:30 +0800] "GET /xingrg/javascript/jquery_easy_ui/themes/default/images/tree_checkbox_1.gif HTTP/1.1" 200 174
172.20.0.100 - - [16/Apr/2021:10:17:30 +0800] "GET /xingrg/javascript/jquery_easy_ui/themes/default/images/tree_checkbox_2.gif HTTP/1.1" 200 181
124.77.71.179 - - [16/Apr/2021:10:17:30 +0800] "GET /xingrg/kc/buy/cgsh_order_add.html HTTP/1.1" 200 62236
124.77.71.179 - - [16/Apr/2021:10:17:31 +0800] "GET /xingrg/javascript/easyui/themes/default/validatebox.css HTTP/1.1" 404 1104
124.77.71.179 - - [16/Apr/2021:10:17:31 +0800] "POST /xingrg/kc/buy/cgsh_order_operate.html HTTP/1.1" 200 8245
124.77.71.179 - - [16/Apr/2021:10:17:33 +0800] "GET /xingrg/javascript/easyui/themes/default/tree.css HTTP/1.1" 404 1090
124.77.71.179 - - [16/Apr/2021:10:17:33 +0800] "POST /xingrg/all/common/load_tree.html?tree=supplier_tree_json&isDelete=1 HTTP/1.1" 200 54827
172.20.0.100 - - [16/Apr/2021:10:17:37 +0800] "GET /xingrg/kc/base/crk_hz.html?_=1618539457123&command=get_cost_id&end_date=2021-04-30&start_date=2020-11-01 HTTP/1.1" 200 51
172.20.0.100 - - [16/Apr/2021:10:17:37 +0800] "GET /xingrg/all/report/report_query.html?isQuery=1&onlyBody=1&rh=99999&rw=1800&varString=start:20201101,cost_id:2895,mid:20201101&fileName=kc/base/crk_hz_type_by_base.xml&queryString=%20a.base_code%20in%20('0010385')%20%20and%20m.sort_code%20in%20('00101034')%20&queryText=ÈÕÆÚ£º2020-11-01ÖÁ2021-04-30%20²Ö¿â£ºÔÁ²Ë&tableQueryString=materiel_table$sp1$$sp$before_table$sp1$$sp$crk_table$sp1$order_day%20between%2020201101%20and%2020210430 HTTP/1.1" 200 49357
172.20.0.100 - - [16/Apr/2021:10:17:37 +0800] "GET /xingrg/javascript/multi_select/jqueryMultiSelect.css HTTP/1.1" 200 951
172.20.0.100 - - [16/Apr/2021:10:17:37 +0800] "GET /xingrg/javascript/calendar/timePicker.css HTTP/1.1" 200 523
172.20.0.100 - - [16/Apr/2021:10:17:37 +0800] "GET /xingrg/javascript/bigrid/fix.css HTTP/1.1" 200 1702
172.20.0.100 - - [16/Apr/2021:10:17:37 +0800] "GET /xingrg/dwr/interface/AjaxReportQueryService.js HTTP/1.1" 200 13203
172.20.0.100 - - [16/Apr/2021:10:17:37 +0800] "GET /xingrg/dwr/engine.js HTTP/1.1" 200 43631
172.20.0.100 - - [16/Apr/2021:10:17:37 +0800] "GET /xingrg/dwr/util.js HTTP/1.1" 200 35990
172.20.0.100 - - [16/Apr/2021:10:17:37 +0800] "GET /xingrg/javascript/jqueryMultiSelect.js HTTP/1.1" 200 11866
172.20.0.100 - - [16/Apr/2021:10:17:37 +0800] "GET /xingrg/javascript/calendar/jquery.timePicker.min.js HTTP/1.1" 200 2997
172.20.0.100 - - [16/Apr/2021:10:17:37 +0800] "GET /xingrg/javascript/Calendar.js HTTP/1.1" 200 31561
172.20.0.100 - - [16/Apr/2021:10:17:37 +0800] "GET /xingrg/javascript/bigrid/fix.js HTTP/1.1" 200 6439
172.20.0.100 - - [16/Apr/2021:10:17:37 +0800] "GET /xingrg/images/control/loading.gif HTTP/1.1" 200 13463
172.20.0.100 - - [16/Apr/2021:10:17:37 +0800] "GET /xingrg/images/blue/button/advanceover.gif HTTP/1.1" 200 1347
172.20.0.100 - - [16/Apr/2021:10:17:37 +0800] "GET /xingrg/images/blue/button/advance2over.gif HTTP/1.1" 200 1336
172.20.0.100 - - [16/Apr/2021:10:17:37 +0800] "GET /xingrg/images/blue/button/back2over.gif HTTP/1.1" 200 1335
172.20.0.100 - - [16/Apr/2021:10:17:37 +0800] "GET /xingrg/images/blue/button/backover.gif HTTP/1.1" 200 1348
172.20.0.100 - - [16/Apr/2021:10:17:37 +0800] "GET /xingrg/javascript/jquery_easy_ui/themes/icons/help.png HTTP/1.1" 200 1187
172.20.0.100 - - [16/Apr/2021:10:17:38 +0800] "POST /xingrg/all/report/load_report_page.html HTTP/1.1" 200 94742
172.20.0.100 - - [16/Apr/2021:10:17:38 +0800] "GET /xingrg/servlets/image?cache=0.5682715106827227&image=px HTTP/1.1" 200 807
222.70.217.33 - - [16/Apr/2021:10:17:39 +0800] "GET /xingrg/all/function/internal_message.html?_=1618539457946&CODE_STATE=getMsg HTTP/1.1" 200 27
180.169.147.146 - - [16/Apr/2021:10:17:40 +0800] "GET /xingrg/all/function/internal_message.html?_=1618539455378&CODE_STATE=getMsg HTTP/1.1" 200 27
172.20.0.100 - - [16/Apr/2021:10:17:41 +0800] "GET /xingrg/all/report/report_query.html?isQuery=1&fileName=kc/base/crk_detail_by_small.xml&rh=99999&queryString=&queryText=%25E3%2580%2590%25E4%25BB%2593%25E5%25BA%2593%25E5%2590%258D%25E7%25A7%25B0%253A%25E7%25B2%25A4%25E8%258F%259C%25E3%2580%2591%25E3%2580%2590%25E4%25B8%259A%25E5%258A%25A1%25E7%25B1%25BB%25E5%259E%258B%25EF%25BC%259A%25E9%2587%2587%25E8%25B4%25AD%25E5%2585%25A5%25E5%25BA%2593%25E3%2580%2591%2520%253F%253F%253F%253F%253F2020-11-01%253F%253F2021-04-30%2520%253F%253F%253F%253F%253F%253F%253F&tableQueryString=crk_table%2524sp1%2524order_day%2520between%252020201101%2520and%252020210430%2520and%2520(base_code%253D'0010385')%2520and%2520(src_order_type%2520in%2520(21))%2520and%2520(is_rk%2520in%2520(1)) HTTP/1.1" 200 53703
172.20.0.100 - - [16/Apr/2021:10:17:41 +0800] "GET /xingrg/dwr/interface/AjaxReportQueryService.js HTTP/1.1" 200 13203
172.20.0.100 - - [16/Apr/2021:10:17:41 +0800] "GET /xingrg/dwr/engine.js HTTP/1.1" 200 43631
172.20.0.100 - - [16/Apr/2021:10:17:41 +0800] "GET /xingrg/javascript/jquery_easy_ui/themes/icons/pencil.png HTTP/1.1" 200 713
172.20.0.100 - - [16/Apr/2021:10:17:41 +0800] "GET /xingrg/javascript/jquery_easy_ui/themes/default/images/menu_rightarrow.png HTTP/1.1" 200 3617
172.20.0.100 - - [16/Apr/2021:10:17:42 +0800] "POST /xingrg/all/report/load_report_page.html HTTP/1.1" 200 76247
172.20.0.100 - - [16/Apr/2021:10:17:42 +0800] "GET /xingrg/servlets/image?cache=0.19512002004969287&image=px HTTP/1.1" 200 807
172.20.0.100 - - [16/Apr/2021:10:17:45 +0800] "GET /xingrg/all/report/report_query.html?isQuery=1&fileName=kc/base/crk_detail_by_materiel.xml&queryString=&queryText=%25E3%2580%2590%25E4%25BB%2593%25E5%25BA%2593%25E5%2590%258D%25E7%25A7%25B0%253A%25E7%25B2%25A4%25E8%258F%259C%25E3%2580%2591%25E3%2580%2590%25E4%25B8%259A%25E5%258A%25A1%25E7%25B1%25BB%25E5%259E%258B%25EF%25BC%259A%25E9%2587%2587%25E8%25B4%25AD%25E5%2585%25A5%25E5%25BA%2593%25E3%2580%2591%2520%253F%253F%253F%253F%253F2020-11-01%253F%253F2021-04-30%2520%253F%253F%253F%253F%253F%253F%253F&tableQueryString=crk_table%2524sp1%2524order_day%2520between%252020201101%2520and%252020210430%2520and%2520(base_code%253D'0010385')%2520and%2520(src_order_type%2520in%2520(21))%2520and%2520(is_rk%2520in%2520(1))%2520and%2520(m.sort_code%253D'00101034') HTTP/1.1" 200 53730
172.20.0.100 - - [16/Apr/2021:10:17:45 +0800] "GET /xingrg/dwr/interface/AjaxReportQueryService.js HTTP/1.1" 200 13203
172.20.0.100 - - [16/Apr/2021:10:17:45 +0800] "GET /xingrg/dwr/engine.js HTTP/1.1" 200 43631
180.169.147.146 - - [16/Apr/2021:10:17:45 +0800] "GET /xingrg/all/function/internal_message.html?_=1618539470688&CODE_STATE=getMsg HTTP/1.1" 200 27
172.20.0.100 - - [16/Apr/2021:10:17:46 +0800] "POST /xingrg/all/report/load_report_page.html HTTP/1.1" 200 25240
172.20.0.100 - - [16/Apr/2021:10:17:46 +0800] "GET /xingrg/servlets/image?cache=0.6815305166699793&image=px HTTP/1.1" 200 807
222.69.129.85 - - [16/Apr/2021:10:17:47 +0800] "GET /xingrg/kc/buy/cgsh_order_operate.html?command=get_materiel&rest_code=00149&code=00101009049&supplier_code=00100201&order_time=2021-04-16 HTTP/1.1" 200 416
124.77.71.179 - - [16/Apr/2021:10:17:48 +0800] "GET /xingrg/kc/buy/cgsh_order_operate.html?command=get_materiel&rest_code=00107&code=00101001115&supplier_code=00100089&order_time=2021-04-16 HTTP/1.1" 200 434
116.233.76.177 - - [16/Apr/2021:10:17:48 +0800] "GET /xingrg/all/function/internal_message.html?_=1618539472327&CODE_STATE=getMsg HTTP/1.1" 200 27
180.169.147.146 - - [16/Apr/2021:10:17:52 +0800] "GET /xingrg/check_reg.html?_=1618539472625 HTTP/1.1" 200 22
180.169.147.146 - - [16/Apr/2021:10:17:52 +0800] "GET /xingrg/all/function/internal_message.html?_=1618539472629&CODE_STATE=getMsg HTTP/1.1" 200 27
114.88.156.246 - - [16/Apr/2021:10:17:55 +0800] "GET /xingrg/all/function/internal_message.html?_=1618539503218&CODE_STATE=getMsg HTTP/1.1" 200 27
222.69.129.85 - - [16/Apr/2021:10:17:58 +0800] "GET /xingrg/kc/buy/cgsh_order_operate.html?command=get_materiel&rest_code=00149&code=00101009062&supplier_code=00100201&order_time=2021-04-16 HTTP/1.1" 200 412
120.253.135.82 - - [16/Apr/2021:10:17:58 +0800] "GET /xingrg/check_reg.html?_=1618539255082 HTTP/1.1" 200 22
120.253.135.82 - - [16/Apr/2021:10:17:58 +0800] "GET /xingrg/all/function/internal_message.html?_=1618539255164&CODE_STATE=getMsg HTTP/1.1" 200 27
124.77.71.179 - - [16/Apr/2021:10:17:59 +0800] "POST /xingrg/kc/buy/cgsh_order_operate.html HTTP/1.1" 200 37
120.253.135.82 - - [16/Apr/2021:10:18:00 +0800] "GET /xingrg/all/function/internal_message.html?_=1618539509342&CODE_STATE=getMsg HTTP/1.1" 200 27
124.77.71.179 - - [16/Apr/2021:10:18:02 +0800] "POST /xingrg/kc/buy/cgsh_order_operate.html HTTP/1.1" 200 2659
120.253.135.82 - - [16/Apr/2021:10:18:03 +0800] "GET /xingrg/all/function/internal_message.html?_=1618539601408&CODE_STATE=getMsg HTTP/1.1" 200 27
101.85.94.178 - - [16/Apr/2021:10:18:03 +0800] "GET /xingrg/all/function/internal_message.html?_=1618539021478&CODE_STATE=getMsg HTTP/1.1" 200 27
101.85.94.178 - - [16/Apr/2021:10:18:03 +0800] "GET /xingrg/check_reg.html?_=1618539021475 HTTP/1.1" 200 22
116.230.114.112 - - [16/Apr/2021:10:18:03 +0800] "GET /xingrg/all/function/internal_message.html?_=1618539479999&CODE_STATE=getMsg HTTP/1.1" 200 27
116.233.76.177 - - [16/Apr/2021:10:18:03 +0800] "GET /xingrg/kc/buy/cgsh_order_add.html HTTP/1.1" 200 62189
116.233.76.177 - - [16/Apr/2021:10:18:03 +0800] "POST /xingrg/kc/buy/cgsh_order_operate.html HTTP/1.1" 200 8245
116.233.76.177 - - [16/Apr/2021:10:18:03 +0800] "GET /xingrg/all/common/auto_word.html?type=employee&rest_code=00109 HTTP/1.1" 200 205
116.233.76.177 - - [16/Apr/2021:10:18:03 +0800] "GET /xingrg/all/common/auto_word.html?type=employee&rest_code=00109 HTTP/1.1" 200 205
116.233.76.177 - - [16/Apr/2021:10:18:03 +0800] "GET /xingrg/javascript/easyui/themes/default/validatebox.css HTTP/1.1" 404 1104
124.77.71.179 - - [16/Apr/2021:10:18:04 +0800] "GET /xingrg/kc/print/load_data.html?order_code=212021041606411&kc_code=cgsh&condition= HTTP/1.1" 200 736
124.77.71.179 - - [16/Apr/2021:10:18:06 +0800] "GET /xingrg/all/function/internal_message.html?_=1618539477695&CODE_STATE=getMsg HTTP/1.1" 200 27
116.238.141.202 - - [16/Apr/2021:10:18:07 +0800] "GET /xingrg/all/function/internal_message.html?_=1618539763017&CODE_STATE=getMsg HTTP/1.1" 200 27
116.233.76.177 - - [16/Apr/2021:10:18:07 +0800] "GET /xingrg/javascript/jquery_tools/images/next.gif HTTP/1.1" 404 1086
116.233.76.177 - - [16/Apr/2021:10:18:07 +0800] "GET /xingrg/javascript/jquery_tools/images/prev.gif HTTP/1.1" 404 1086
117.185.32.26 - - [16/Apr/2021:10:18:07 +0800] "GET /xingrg/all/function/internal_message.html?_=1618539484057&CODE_STATE=getMsg HTTP/1.1" 200 27
116.224.253.72 - - [16/Apr/2021:10:18:08 +0800] "GET /xingrg/all/function/internal_message.html?_=1618539476474&CODE_STATE=getMsg HTTP/1.1" 200 27
124.77.71.179 - - [16/Apr/2021:10:18:08 +0800] "GET /xingrg/kc/buy/cgsh_order_add.html HTTP/1.1" 200 62236
124.77.71.179 - - [16/Apr/2021:10:18:10 +0800] "GET /xingrg/javascript/easyui/themes/default/validatebox.css HTTP/1.1" 404 1104
124.77.71.179 - - [16/Apr/2021:10:18:10 +0800] "POST /xingrg/kc/buy/cgsh_order_operate.html HTTP/1.1" 200 8245
124.77.71.179 - - [16/Apr/2021:10:18:10 +0800] "GET /xingrg/javascript/easyui/themes/default/tree.css HTTP/1.1" 404 1090
124.77.71.179 - - [16/Apr/2021:10:18:10 +0800] "POST /xingrg/all/common/load_tree.html?tree=supplier_tree_json&isDelete=1 HTTP/1.1" 200 54827
172.20.0.100 - - [16/Apr/2021:10:18:11 +0800] "GET /xingrg/all/function/internal_message.html?_=1618539490808&CODE_STATE=getMsg HTTP/1.1" 200 27
116.233.76.177 - - [16/Apr/2021:10:18:13 +0800] "GET /xingrg/kc/buy/cgsh_order_operate.html?command=get_materiel&rest_code=00109&code=00101008323&supplier_code=00100005&order_time=2021-04-16 HTTP/1.1" 200 408
61.165.42.208 - - [16/Apr/2021:10:18:14 +0800] "GET /xingrg/all/function/internal_message.html?_=1618539495962&CODE_STATE=getMsg HTTP/1.1" 200 27
222.69.129.85 - - [16/Apr/2021:10:18:14 +0800] "GET /xingrg/kc/buy/cgsh_order_operate.html?command=get_materiel&rest_code=00149&code=00101009011&supplier_code=00100201&order_time=2021-04-16 HTTP/1.1" 200 416
116.230.114.112 - - [16/Apr/2021:10:18:14 +0800] "GET /xingrg/all/function/internal_message.html?_=1618539517903&CODE_STATE=getMsg HTTP/1.1" 302 -
61.165.42.208 - - [16/Apr/2021:10:18:15 +0800] "GET /xingrg/kc/buy/cgsh_order_add.html HTTP/1.1" 200 62195
61.165.42.208 - - [16/Apr/2021:10:18:15 +0800] "GET /xingrg/javascript/easyui/themes/default/validatebox.css HTTP/1.1" 404 1104
61.165.42.208 - - [16/Apr/2021:10:18:15 +0800] "POST /xingrg/kc/buy/cgsh_order_operate.html HTTP/1.1" 200 8245
114.88.156.246 - - [16/Apr/2021:10:18:16 +0800] "GET /xingrg/check_reg.html?_=1618539524513 HTTP/1.1" 200 22
222.70.217.33 - - [16/Apr/2021:10:18:18 +0800] "GET /favicon.ico HTTP/1.1" 404 -
116.233.76.177 - - [16/Apr/2021:10:18:19 +0800] "GET /xingrg/kc/buy/cgsh_order_operate.html?command=get_materiel&rest_code=00109&code=00101008261&supplier_code=00100005&order_time=2021-04-16 HTTP/1.1" 200 408
222.69.129.85 - - [16/Apr/2021:10:18:25 +0800] "GET /xingrg/kc/buy/cgsh_order_operate.html?command=get_materiel&rest_code=00149&code=00101009010&supplier_code=00100201&order_time=2021-04-16 HTTP/1.1" 200 412
222.69.129.85 - - [16/Apr/2021:10:18:26 +0800] "GET /xingrg/all/function/internal_message.html?_=1618539504625&CODE_STATE=getMsg HTTP/1.1" 200 27
116.224.253.72 - - [16/Apr/2021:10:18:26 +0800] "GET /xingrg/all/function/internal_message.html?_=1618539505372&CODE_STATE=getMsg HTTP/1.1" 200 27
124.77.71.179 - - [16/Apr/2021:10:18:29 +0800] "GET /xingrg/kc/buy/cgsh_order_operate.html?command=get_materiel&rest_code=00107&code=00101010082&supplier_code=00100323&order_time=2021-04-16 HTTP/1.1" 200 425
222.69.129.85 - - [16/Apr/2021:10:18:32 +0800] "GET /xingrg/kc/buy/cgsh_order_operate.html?command=get_materiel&rest_code=00149&code=00101009013&supplier_code=00100201&order_time=2021-04-16 HTTP/1.1" 200 420
114.88.167.174 - - [16/Apr/2021:10:18:34 +0800] "GET /xingrg/kc/print/load_data.html?order_code=212021041606396&kc_code=cgsh&condition= HTTP/1.1" 200 11815
222.70.217.33 - - [16/Apr/2021:10:18:39 +0800] "GET /xingrg/check_reg.html?_=1618539517950 HTTP/1.1" 200 22
222.70.217.33 - - [16/Apr/2021:10:18:39 +0800] "GET /xingrg/all/function/internal_message.html?_=1618539517957&CODE_STATE=getMsg HTTP/1.1" 200 27
180.169.147.146 - - [16/Apr/2021:10:18:40 +0800] "GET /xingrg/all/function/internal_message.html?_=1618539515376&CODE_STATE=getMsg HTTP/1.1" 200 27
116.233.76.177 - - [16/Apr/2021:10:18:43 +0800] "GET /xingrg/kc/buy/cgsh_order_operate.html?command=get_materiel&rest_code=00109&code=00101008358&supplier_code=00100005&order_time=2021-04-16 HTTP/1.1" 200 412
180.169.147.146 - - [16/Apr/2021:10:18:45 +0800] "GET /xingrg/all/function/internal_message.html?_=1618539530700&CODE_STATE=getMsg HTTP/1.1" 200 27
116.233.76.177 - - [16/Apr/2021:10:18:48 +0800] "GET /xingrg/all/function/internal_message.html?_=1618539532328&CODE_STATE=getMsg HTTP/1.1" 200 27
124.77.71.179 - - [16/Apr/2021:10:18:50 +0800] "GET /xingrg/kc/buy/cgsh_order_operate.html?command=get_materiel&rest_code=00107&code=00101010414&supplier_code=00100323&order_time=2021-04-16 HTTP/1.1" 200 416
180.169.147.146 - - [16/Apr/2021:10:18:52 +0800] "GET /xingrg/all/function/internal_message.html?_=1618539532614&CODE_STATE=getMsg HTTP/1.1" 200 27
116.233.76.177 - - [16/Apr/2021:10:18:53 +0800] "GET /xingrg/kc/buy/cgsh_order_operate.html?command=get_materiel&rest_code=00109&code=00101008141&supplier_code=00100005&order_time=2021-04-16 HTTP/1.1" 200 412
114.88.156.246 - - [16/Apr/2021:10:18:55 +0800] "GET /xingrg/all/function/internal_message.html?_=1618539563185&CODE_STATE=getMsg HTTP/1.1" 200 27
120.253.135.82 - - [16/Apr/2021:10:18:58 +0800] "GET /xingrg/all/function/internal_message.html?_=1618539315170&CODE_STATE=getMsg HTTP/1.1" 200 27
114.88.167.174 - - [16/Apr/2021:10:18:58 +0800] "GET /xingrg/kc/buy/cgsh_order_add.html HTTP/1.1" 200 62148
114.88.167.174 - - [16/Apr/2021:10:18:59 +0800] "POST /xingrg/kc/buy/cgsh_order_operate.html HTTP/1.1" 200 8245
114.88.167.174 - - [16/Apr/2021:10:18:59 +0800] "GET /xingrg/javascript/easyui/themes/default/validatebox.css HTTP/1.1" 404 1104
120.253.135.82 - - [16/Apr/2021:10:19:00 +0800] "GET /xingrg/all/function/internal_message.html?_=1618539569353&CODE_STATE=getMsg HTTP/1.1" 200 27
116.230.114.112 - - [16/Apr/2021:10:19:01 +0800] "GET /xingrg/all/function/internal_message.html?_=1618539540076&CODE_STATE=getMsg HTTP/1.1" 200 27
120.253.135.82 - - [16/Apr/2021:10:19:03 +0800] "GET /xingrg/all/function/internal_message.html?_=1618539661421&CODE_STATE=getMsg HTTP/1.1" 200 27
101.85.94.178 - - [16/Apr/2021:10:19:03 +0800] "GET /xingrg/all/function/internal_message.html?_=1618539081477&CODE_STATE=getMsg HTTP/1.1" 200 27
116.233.76.177 - - [16/Apr/2021:10:19:04 +0800] "GET /xingrg/javascript/auto/indicator.gif HTTP/1.1" 404 1066
116.233.76.177 - - [16/Apr/2021:10:19:04 +0800] "GET /xingrg/kc/buy/cgsh_order_operate.html?command=get_materiel&rest_code=00109&code=00101008361&supplier_code=00100005&order_time=2021-04-16 HTTP/1.1" 200 408
124.77.71.179 - - [16/Apr/2021:10:19:06 +0800] "GET /xingrg/all/function/internal_message.html?_=1618539537776&CODE_STATE=getMsg HTTP/1.1" 200 27
117.185.32.26 - - [16/Apr/2021:10:19:07 +0800] "GET /xingrg/all/function/internal_message.html?_=1618539544027&CODE_STATE=getMsg HTTP/1.1" 200 27
116.224.253.72 - - [16/Apr/2021:10:19:08 +0800] "GET /xingrg/all/function/internal_message.html?_=1618539536477&CODE_STATE=getMsg HTTP/1.1" 200 27
116.238.141.202 - - [16/Apr/2021:10:19:08 +0800] "GET /xingrg/all/function/internal_message.html?_=1618539823918&CODE_STATE=getMsg HTTP/1.1" 200 27
124.77.71.179 - - [16/Apr/2021:10:19:08 +0800] "GET /xingrg/kc/buy/cgsh_order_operate.html?command=get_materiel&rest_code=00107&code=00101007044&supplier_code=00100323&order_time=2021-04-16 HTTP/1.1" 200 422
116.233.76.177 - - [16/Apr/2021:10:19:10 +0800] "GET /xingrg/kc/buy/cgsh_order_operate.html?command=get_materiel&rest_code=00109&code=00101008270&supplier_code=00100005&order_time=2021-04-16 HTTP/1.1" 200 412
172.20.0.100 - - [16/Apr/2021:10:19:11 +0800] "GET /xingrg/all/function/internal_message.html?_=1618539550802&CODE_STATE=getMsg HTTP/1.1" 200 27
61.151.178.166 - - [16/Apr/2021:10:19:13 +0800] "GET /xingrg/all/function/internal_message.html?_=1618539503218&CODE_STATE=getMsg HTTP/1.1" 302 -
61.165.42.208 - - [16/Apr/2021:10:19:14 +0800] "GET /xingrg/all/function/internal_message.html?_=1618539555976&CODE_STATE=getMsg HTTP/1.1" 200 27
61.165.42.208 - - [16/Apr/2021:10:19:14 +0800] "GET /xingrg/check_reg.html?_=1618539555983 HTTP/1.1" 200 22
116.230.114.112 - - [16/Apr/2021:10:19:14 +0800] "GET /xingrg/all/function/internal_message.html?_=1618539577911&CODE_STATE=getMsg HTTP/1.1" 302 -
61.151.178.166 - - [16/Apr/2021:10:19:15 +0800] "GET /xingrg/login.html HTTP/1.1" 200 7641
116.232.49.227 - - [16/Apr/2021:10:19:19 +0800] "GET /favicon.ico HTTP/1.1" 404 -
61.165.42.208 - - [16/Apr/2021:10:19:21 +0800] "GET /xingrg/kc/buy/cgsh_order_list.html HTTP/1.1" 200 46410
61.165.42.208 - - [16/Apr/2021:10:19:23 +0800] "POST /xingrg/kc/buy/cgsh_list_operate.html HTTP/1.1" 200 2771
222.69.129.85 - - [16/Apr/2021:10:19:26 +0800] "GET /xingrg/all/function/internal_message.html?_=1618539564620&CODE_STATE=getMsg HTTP/1.1" 200 27
222.69.129.85 - - [16/Apr/2021:10:19:26 +0800] "GET /xingrg/check_reg.html?_=1618539564623 HTTP/1.1" 200 22
116.224.253.72 - - [16/Apr/2021:10:19:26 +0800] "GET /xingrg/check_reg.html?_=1618539565372 HTTP/1.1" 200 22
116.224.253.72 - - [16/Apr/2021:10:19:26 +0800] "GET /xingrg/all/function/internal_message.html?_=1618539565377&CODE_STATE=getMsg HTTP/1.1" 200 27
116.233.76.177 - - [16/Apr/2021:10:19:27 +0800] "GET /xingrg/kc/buy/cgsh_order_operate.html?command=get_materiel&rest_code=00109&code=00101008166&supplier_code=00100005&order_time=2021-04-16 HTTP/1.1" 200 412
61.165.42.208 - - [16/Apr/2021:10:19:28 +0800] "POST /xingrg/kc/buy/cgsh_list_operate.html HTTP/1.1" 200 572
61.165.42.208 - - [16/Apr/2021:10:19:29 +0800] "GET /xingrg/kc/buy/cgsh_order_info.html?code=212021041606365 HTTP/1.1" 200 62198
61.165.42.208 - - [16/Apr/2021:10:19:29 +0800] "GET /xingrg/javascript/easyui/themes/default/validatebox.css HTTP/1.1" 404 1104
61.165.42.208 - - [16/Apr/2021:10:19:30 +0800] "POST /xingrg/kc/buy/cgsh_order_operate.html HTTP/1.1" 200 59468
124.77.71.179 - - [16/Apr/2021:10:19:36 +0800] "GET /xingrg/kc/buy/cgsh_order_operate.html?command=get_materiel&rest_code=00107&code=00101006003&supplier_code=00100323&order_time=2021-04-16 HTTP/1.1" 200 429
116.233.76.177 - - [16/Apr/2021:10:19:36 +0800] "GET /xingrg/kc/buy/cgsh_order_operate.html?command=get_materiel&rest_code=00109&code=00101008256&supplier_code=00100005&order_time=2021-04-16 HTTP/1.1" 200 412
222.70.217.33 - - [16/Apr/2021:10:19:39 +0800] "GET /xingrg/all/function/internal_message.html?_=1618539577943&CODE_STATE=getMsg HTTP/1.1" 200 27
180.169.147.146 - - [16/Apr/2021:10:19:40 +0800] "GET /xingrg/all/function/internal_message.html?_=1618539575375&CODE_STATE=getMsg HTTP/1.1" 200 27
180.169.147.146 - - [16/Apr/2021:10:19:40 +0800] "GET /xingrg/check_reg.html?_=1618539575376 HTTP/1.1" 200 22
116.238.141.202 - - [16/Apr/2021:10:19:41 +0800] "GET /xingrg/check_reg.html?_=1618539857651 HTTP/1.1" 200 22
180.169.147.146 - - [16/Apr/2021:10:19:45 +0800] "GET /xingrg/all/function/internal_message.html?_=1618539590704&CODE_STATE=getMsg HTTP/1.1" 200 27
116.233.76.177 - - [16/Apr/2021:10:19:46 +0800] "GET /xingrg/kc/buy/cgsh_order_operate.html?command=get_materiel&rest_code=00109&code=00101008155&supplier_code=00100005&order_time=2021-04-16 HTTP/1.1" 200 408
116.233.76.177 - - [16/Apr/2021:10:19:48 +0800] "GET /xingrg/all/function/internal_message.html?_=1618539592336&CODE_STATE=getMsg HTTP/1.1" 200 27
116.233.76.177 - - [16/Apr/2021:10:19:48 +0800] "GET /xingrg/check_reg.html?_=1618539592337 HTTP/1.1" 200 22
180.169.147.146 - - [16/Apr/2021:10:19:52 +0800] "GET /xingrg/all/function/internal_message.html?_=1618539592623&CODE_STATE=getMsg HTTP/1.1" 200 27
116.233.76.177 - - [16/Apr/2021:10:19:53 +0800] "GET /xingrg/kc/buy/cgsh_order_operate.html?command=get_materiel&rest_code=00109&code=00101008185&supplier_code=00100005&order_time=2021-04-16 HTTP/1.1" 200 408
114.88.156.246 - - [16/Apr/2021:10:19:55 +0800] "GET /xingrg/all/function/internal_message.html?_=1618539623160&CODE_STATE=getMsg HTTP/1.1" 200 27
