222.70.217.33 - - [16/Apr/2021:08:34:25 +0800] "GET /xingrg/kc/buy/cgsh_order_operate.html?command=get_materiel&rest_code=00155&code=00101002041&supplier_code=00100199&order_time=2021-04-16 HTTP/1.1" 200 409
222.69.129.85 - - [16/Apr/2021:08:34:25 +0800] "GET /xingrg/check_reg.html?_=1618533264249 HTTP/1.1" 200 22
222.69.129.85 - - [16/Apr/2021:08:34:25 +0800] "GET /xingrg/all/function/internal_message.html?_=1618533264256&CODE_STATE=getMsg HTTP/1.1" 200 27
116.224.253.72 - - [16/Apr/2021:08:34:26 +0800] "GET /xingrg/javascript/auto/indicator.gif HTTP/1.1" 404 1066
120.253.135.82 - - [16/Apr/2021:08:34:28 +0800] "GET /xingrg/all/function/internal_message.html?_=1618533297052&CODE_STATE=getMsg HTTP/1.1" 200 27
222.69.129.85 - - [16/Apr/2021:08:34:30 +0800] "GET /xingrg/kc/buy/cgsh_order_operate.html?command=get_materiel&rest_code=00149&code=00101008338&supplier_code=00100005&order_time=2021-04-16 HTTP/1.1" 200 408
116.238.141.202 - - [16/Apr/2021:08:34:37 +0800] "GET /xingrg/check_reg.html?_=1618533552716 HTTP/1.1" 200 22
116.238.141.202 - - [16/Apr/2021:08:34:37 +0800] "GET /xingrg/all/function/internal_message.html?_=1618533552764&CODE_STATE=getMsg HTTP/1.1" 200 27
222.70.217.33 - - [16/Apr/2021:08:34:37 +0800] "POST /xingrg/kc/buy/cgsh_order_operate.html HTTP/1.1" 200 37
222.70.217.33 - - [16/Apr/2021:08:34:39 +0800] "POST /xingrg/kc/buy/cgsh_order_operate.html HTTP/1.1" 200 3833
222.70.217.33 - - [16/Apr/2021:08:34:39 +0800] "GET /xingrg/all/function/internal_message.html?_=1618533275808&CODE_STATE=getMsg HTTP/1.1" 200 27
180.169.147.146 - - [16/Apr/2021:08:34:39 +0800] "GET /xingrg/check_reg.html?_=1618533274852 HTTP/1.1" 200 22
180.169.147.146 - - [16/Apr/2021:08:34:39 +0800] "GET /xingrg/all/function/internal_message.html?_=1618533274851&CODE_STATE=getMsg HTTP/1.1" 200 27
222.70.217.33 - - [16/Apr/2021:08:34:40 +0800] "GET /xingrg/kc/print/load_config.html?kc_code=cgsh HTTP/1.1" 200 1845
222.70.217.33 - - [16/Apr/2021:08:34:40 +0800] "GET /xingrg/kc/print/load_data.html?order_code=212021041606349&kc_code=cgsh&condition= HTTP/1.1" 200 1118
222.70.217.33 - - [16/Apr/2021:08:34:46 +0800] "GET /xingrg/kc/buy/cgsh_order_add.html HTTP/1.1" 200 62116
222.70.217.33 - - [16/Apr/2021:08:34:46 +0800] "POST /xingrg/kc/buy/cgsh_order_operate.html HTTP/1.1" 200 8245
222.70.217.33 - - [16/Apr/2021:08:34:46 +0800] "GET /xingrg/javascript/easyui/themes/default/validatebox.css HTTP/1.1" 404 1104
222.69.129.85 - - [16/Apr/2021:08:34:48 +0800] "GET /xingrg/kc/buy/cgsh_order_operate.html?command=get_materiel&rest_code=00149&code=00101008211&supplier_code=00100005&order_time=2021-04-16 HTTP/1.1" 200 412
116.224.253.72 - - [16/Apr/2021:08:34:50 +0800] "GET /xingrg/kc/buy/cgsh_order_operate.html?command=get_materiel&rest_code=00151&code=00101012060&supplier_code=00100007&order_time=2021-04-16 HTTP/1.1" 200 408
222.70.217.33 - - [16/Apr/2021:08:34:56 +0800] "GET /xingrg/kc/buy/cgsh_order_operate.html?command=get_materiel&rest_code=00155&code=00101007061&supplier_code=00100002&order_time=2021-04-16 HTTP/1.1" 200 409
114.88.156.246 - - [16/Apr/2021:08:34:57 +0800] "GET /xingrg/all/function/internal_message.html?_=1618533325681&CODE_STATE=getMsg HTTP/1.1" 200 27
116.224.253.72 - - [16/Apr/2021:08:34:59 +0800] "GET /xingrg/kc/buy/cgsh_order_operate.html?command=get_materiel&rest_code=00151&code=00101016038&supplier_code=00100007&order_time=2021-04-16 HTTP/1.1" 200 408
222.70.217.33 - - [16/Apr/2021:08:35:04 +0800] "GET /xingrg/kc/buy/cgsh_order_operate.html?command=get_materiel&rest_code=00155&code=00101007125&supplier_code=00100002&order_time=2021-04-16 HTTP/1.1" 200 406
222.69.129.85 - - [16/Apr/2021:08:35:05 +0800] "GET /xingrg/kc/buy/cgsh_order_operate.html?command=get_materiel&rest_code=00149&code=00101008370&supplier_code=00100005&order_time=2021-04-16 HTTP/1.1" 200 412
116.224.253.72 - - [16/Apr/2021:08:35:07 +0800] "GET /xingrg/kc/buy/cgsh_order_operate.html?command=get_materiel&rest_code=00151&code=00101008323&supplier_code=00100007&order_time=2021-04-16 HTTP/1.1" 200 408
117.184.7.26 - - [16/Apr/2021:08:35:08 +0800] "GET /xingrg/all/function/internal_message.html?_=1618533290420&CODE_STATE=getMsg HTTP/1.1" 200 27
117.184.7.26 - - [16/Apr/2021:08:35:08 +0800] "GET /xingrg/check_reg.html?_=1618533290396 HTTP/1.1" 200 22
222.70.217.33 - - [16/Apr/2021:08:35:10 +0800] "GET /xingrg/kc/buy/cgsh_order_operate.html?command=get_materiel&rest_code=00155&code=00101007072&supplier_code=00100002&order_time=2021-04-16 HTTP/1.1" 200 413
116.230.114.112 - - [16/Apr/2021:08:35:13 +0800] "GET /xingrg/check_reg.html?_=1618533335759 HTTP/1.1" 200 22
116.230.114.112 - - [16/Apr/2021:08:35:13 +0800] "GET /xingrg/all/function/internal_message.html?_=1618533336499&CODE_STATE=getMsg HTTP/1.1" 200 27
61.165.42.208 - - [16/Apr/2021:08:35:14 +0800] "GET /xingrg/all/function/internal_message.html?_=1618533315783&CODE_STATE=getMsg HTTP/1.1" 200 27
222.69.129.85 - - [16/Apr/2021:08:35:14 +0800] "POST /xingrg/kc/buy/cgsh_order_operate.html HTTP/1.1" 200 2065
116.224.253.72 - - [16/Apr/2021:08:35:15 +0800] "GET /xingrg/kc/buy/cgsh_order_operate.html?command=get_materiel&rest_code=00151&code=00101008067&supplier_code=00100007&order_time=2021-04-16 HTTP/1.1" 200 416
116.224.253.72 - - [16/Apr/2021:08:35:16 +0800] "GET /xingrg/all/function/internal_message.html?_=1618533315098&CODE_STATE=getMsg HTTP/1.1" 200 27
222.70.217.33 - - [16/Apr/2021:08:35:17 +0800] "GET /xingrg/kc/buy/cgsh_order_operate.html?command=get_materiel&rest_code=00155&code=00101007077&supplier_code=00100002&order_time=2021-04-16 HTTP/1.1" 200 415
120.253.135.82 - - [16/Apr/2021:08:35:20 +0800] "GET /xingrg/check_reg.html?_=1618533349253 HTTP/1.1" 200 22
222.69.129.85 - - [16/Apr/2021:08:35:21 +0800] "GET /xingrg/kc/buy/cgsh_order_operate.html?command=get_materiel&rest_code=00149&code=00101008355&supplier_code=00100005&order_time=2021-04-16 HTTP/1.1" 200 408
222.70.217.33 - - [16/Apr/2021:08:35:24 +0800] "GET /xingrg/kc/buy/cgsh_order_operate.html?command=get_materiel&rest_code=00155&code=00101007022&supplier_code=00100002&order_time=2021-04-16 HTTP/1.1" 200 413
116.230.114.112 - - [16/Apr/2021:08:35:25 +0800] "GET /xingrg/all/function/internal_message.html?_=1618533323480&CODE_STATE=getMsg HTTP/1.1" 302 -
222.69.129.85 - - [16/Apr/2021:08:35:26 +0800] "GET /xingrg/all/function/internal_message.html?_=1618533324290&CODE_STATE=getMsg HTTP/1.1" 200 27
116.224.253.72 - - [16/Apr/2021:08:35:27 +0800] "GET /xingrg/kc/buy/cgsh_order_operate.html?command=get_materiel&rest_code=00151&code=00101008083&supplier_code=00100007&order_time=2021-04-16 HTTP/1.1" 200 427
120.253.135.82 - - [16/Apr/2021:08:35:28 +0800] "GET /xingrg/all/function/internal_message.html?_=1618533357066&CODE_STATE=getMsg HTTP/1.1" 200 27
116.224.253.72 - - [16/Apr/2021:08:35:29 +0800] "POST /xingrg/all/common/load_select.html HTTP/1.1" 200 25
116.224.253.72 - - [16/Apr/2021:08:35:31 +0800] "GET /xingrg/kc/buy/cgsh_order_operate.html?command=get_materiel_price&rest_code=00151&code=00101008083&unit_code=00100026&supplier_code=00100007&order_time=2021-04-16 HTTP/1.1" 200 27
222.70.217.33 - - [16/Apr/2021:08:35:36 +0800] "POST /xingrg/kc/buy/cgsh_order_operate.html HTTP/1.1" 200 37
222.69.129.85 - - [16/Apr/2021:08:35:37 +0800] "GET /xingrg/kc/buy/cgsh_order_operate.html?command=get_materiel&rest_code=00149&code=00101008144&supplier_code=00100005&order_time=2021-04-16 HTTP/1.1" 200 412
222.70.217.33 - - [16/Apr/2021:08:35:37 +0800] "POST /xingrg/kc/buy/cgsh_order_operate.html HTTP/1.1" 200 5609
116.238.141.202 - - [16/Apr/2021:08:35:37 +0800] "GET /xingrg/all/function/internal_message.html?_=1618533612776&CODE_STATE=getMsg HTTP/1.1" 200 27
222.70.217.33 - - [16/Apr/2021:08:35:38 +0800] "GET /xingrg/kc/print/load_data.html?order_code=212021041606350&kc_code=cgsh&condition= HTTP/1.1" 200 1862
222.70.217.33 - - [16/Apr/2021:08:35:39 +0800] "GET /xingrg/all/function/internal_message.html?_=1618533335836&CODE_STATE=getMsg HTTP/1.1" 200 27
180.169.147.146 - - [16/Apr/2021:08:35:39 +0800] "GET /xingrg/all/function/internal_message.html?_=1618533334880&CODE_STATE=getMsg HTTP/1.1" 200 27
116.224.253.72 - - [16/Apr/2021:08:35:40 +0800] "GET /xingrg/kc/buy/cgsh_order_operate.html?command=get_materiel&rest_code=00151&code=00101008318&supplier_code=00100007&order_time=2021-04-16 HTTP/1.1" 200 408
116.224.253.72 - - [16/Apr/2021:08:35:47 +0800] "GET /xingrg/kc/buy/cgsh_order_operate.html?command=get_materiel&rest_code=00151&code=00101016080&supplier_code=00100007&order_time=2021-04-16 HTTP/1.1" 200 408
222.69.129.85 - - [16/Apr/2021:08:35:49 +0800] "GET /xingrg/kc/buy/cgsh_order_operate.html?command=get_materiel&rest_code=00149&code=00101008372&supplier_code=00100005&order_time=2021-04-16 HTTP/1.1" 200 408
116.224.253.72 - - [16/Apr/2021:08:35:52 +0800] "GET /xingrg/kc/buy/cgsh_order_operate.html?command=get_materiel&rest_code=00151&code=00101016051&supplier_code=00100007&order_time=2021-04-16 HTTP/1.1" 200 408
114.88.156.246 - - [16/Apr/2021:08:35:57 +0800] "GET /xingrg/all/function/internal_message.html?_=1618533385650&CODE_STATE=getMsg HTTP/1.1" 200 27
116.224.253.72 - - [16/Apr/2021:08:35:58 +0800] "GET /xingrg/kc/buy/cgsh_order_operate.html?command=get_materiel&rest_code=00151&code=00101008349&supplier_code=00100007&order_time=2021-04-16 HTTP/1.1" 200 412
116.224.253.72 - - [16/Apr/2021:08:36:06 +0800] "GET /xingrg/kc/buy/cgsh_order_operate.html?command=get_materiel&rest_code=00151&code=00101008355&supplier_code=00100007&order_time=2021-04-16 HTTP/1.1" 200 408
117.184.7.26 - - [16/Apr/2021:08:36:08 +0800] "GET /xingrg/all/function/internal_message.html?_=1618533350410&CODE_STATE=getMsg HTTP/1.1" 200 27
116.224.253.72 - - [16/Apr/2021:08:36:12 +0800] "GET /xingrg/kc/buy/cgsh_order_operate.html?command=get_materiel&rest_code=00151&code=00101008095&supplier_code=00100007&order_time=2021-04-16 HTTP/1.1" 200 412
116.230.114.112 - - [16/Apr/2021:08:36:13 +0800] "GET /xingrg/all/function/internal_message.html?_=1618533396512&CODE_STATE=getMsg HTTP/1.1" 200 27
61.165.42.208 - - [16/Apr/2021:08:36:14 +0800] "GET /xingrg/all/function/internal_message.html?_=1618533375783&CODE_STATE=getMsg HTTP/1.1" 200 27
116.224.253.72 - - [16/Apr/2021:08:36:16 +0800] "GET /xingrg/all/function/internal_message.html?_=1618533375097&CODE_STATE=getMsg HTTP/1.1" 200 27
222.69.129.85 - - [16/Apr/2021:08:36:16 +0800] "GET /xingrg/kc/buy/cgsh_order_operate.html?command=get_materiel&rest_code=00149&code=00101008264&supplier_code=00100005&order_time=2021-04-16 HTTP/1.1" 200 412
116.224.253.72 - - [16/Apr/2021:08:36:18 +0800] "GET /xingrg/kc/buy/cgsh_order_operate.html?command=get_materiel&rest_code=00151&code=00101008221&supplier_code=00100007&order_time=2021-04-16 HTTP/1.1" 200 412
116.224.253.72 - - [16/Apr/2021:08:36:25 +0800] "GET /xingrg/kc/buy/cgsh_order_operate.html?command=get_materiel&rest_code=00151&code=00101008343&supplier_code=00100007&order_time=2021-04-16 HTTP/1.1" 200 412
116.230.114.112 - - [16/Apr/2021:08:36:25 +0800] "GET /xingrg/all/function/internal_message.html?_=1618533383563&CODE_STATE=getMsg HTTP/1.1" 302 -
222.69.129.85 - - [16/Apr/2021:08:36:26 +0800] "GET /xingrg/all/function/internal_message.html?_=1618533384319&CODE_STATE=getMsg HTTP/1.1" 200 27
120.253.135.82 - - [16/Apr/2021:08:36:28 +0800] "GET /xingrg/all/function/internal_message.html?_=1618533417080&CODE_STATE=getMsg HTTP/1.1" 200 27
222.69.129.85 - - [16/Apr/2021:08:36:30 +0800] "GET /xingrg/kc/buy/cgsh_order_operate.html?command=get_materiel&rest_code=00149&code=00101008321&supplier_code=00100005&order_time=2021-04-16 HTTP/1.1" 200 412
116.224.253.72 - - [16/Apr/2021:08:36:34 +0800] "GET /xingrg/kc/buy/cgsh_order_operate.html?command=get_materiel&rest_code=00151&code=00101008150&supplier_code=00100007&order_time=2021-04-16 HTTP/1.1" 200 409
116.238.141.202 - - [16/Apr/2021:08:36:37 +0800] "GET /xingrg/all/function/internal_message.html?_=1618533672800&CODE_STATE=getMsg HTTP/1.1" 200 27
222.70.217.33 - - [16/Apr/2021:08:36:39 +0800] "GET /xingrg/all/function/internal_message.html?_=1618533395807&CODE_STATE=getMsg HTTP/1.1" 200 27
222.69.129.85 - - [16/Apr/2021:08:36:39 +0800] "POST /xingrg/kc/buy/cgsh_order_operate.html HTTP/1.1" 200 2065
180.169.147.146 - - [16/Apr/2021:08:36:39 +0800] "GET /xingrg/all/function/internal_message.html?_=1618533394878&CODE_STATE=getMsg HTTP/1.1" 200 27
222.69.129.85 - - [16/Apr/2021:08:36:46 +0800] "GET /xingrg/kc/buy/cgsh_order_operate.html?command=get_materiel&rest_code=00149&code=00101008356&supplier_code=00100005&order_time=2021-04-16 HTTP/1.1" 200 408
116.224.253.72 - - [16/Apr/2021:08:36:48 +0800] "GET /xingrg/kc/buy/cgsh_order_operate.html?command=get_materiel&rest_code=00151&code=00101008165&supplier_code=00100007&order_time=2021-04-16 HTTP/1.1" 200 416
222.69.129.85 - - [16/Apr/2021:08:36:55 +0800] "GET /xingrg/kc/buy/cgsh_order_operate.html?command=get_materiel&rest_code=00149&code=00101008300&supplier_code=00100005&order_time=2021-04-16 HTTP/1.1" 200 412
116.224.253.72 - - [16/Apr/2021:08:36:56 +0800] "GET /xingrg/kc/buy/cgsh_order_operate.html?command=get_materiel&rest_code=00151&code=00101008223&supplier_code=00100007&order_time=2021-04-16 HTTP/1.1" 200 412
114.88.156.246 - - [16/Apr/2021:08:36:57 +0800] "GET /xingrg/all/function/internal_message.html?_=1618533445624&CODE_STATE=getMsg HTTP/1.1" 200 27
116.230.114.112 - - [16/Apr/2021:08:36:58 +0800] "GET /xingrg/check_reg.html?_=1618533416473 HTTP/1.1" 302 -
116.224.253.72 - - [16/Apr/2021:08:37:04 +0800] "GET /xingrg/kc/buy/cgsh_order_operate.html?command=get_materiel&rest_code=00151&code=00101008351&supplier_code=00100007&order_time=2021-04-16 HTTP/1.1" 200 408
222.69.129.85 - - [16/Apr/2021:08:37:07 +0800] "GET /xingrg/kc/buy/cgsh_order_operate.html?command=get_materiel&rest_code=00149&code=00101008439&supplier_code=00100005&order_time=2021-04-16 HTTP/1.1" 200 399
117.184.7.26 - - [16/Apr/2021:08:37:08 +0800] "GET /xingrg/all/function/internal_message.html?_=1618533410396&CODE_STATE=getMsg HTTP/1.1" 200 27
116.224.253.72 - - [16/Apr/2021:08:37:12 +0800] "GET /xingrg/kc/buy/cgsh_order_operate.html?command=get_materiel&rest_code=00151&code=00101008264&supplier_code=00100007&order_time=2021-04-16 HTTP/1.1" 200 412
116.230.114.112 - - [16/Apr/2021:08:37:13 +0800] "GET /xingrg/all/function/internal_message.html?_=1618533456526&CODE_STATE=getMsg HTTP/1.1" 200 27
61.165.42.208 - - [16/Apr/2021:08:37:14 +0800] "GET /xingrg/all/function/internal_message.html?_=1618533435784&CODE_STATE=getMsg HTTP/1.1" 200 27
116.224.253.72 - - [16/Apr/2021:08:37:16 +0800] "GET /xingrg/all/function/internal_message.html?_=1618533435146&CODE_STATE=getMsg HTTP/1.1" 200 27
116.224.253.72 - - [16/Apr/2021:08:37:19 +0800] "GET /xingrg/kc/buy/cgsh_order_operate.html?command=get_materiel&rest_code=00151&code=00101008302&supplier_code=00100007&order_time=2021-04-16 HTTP/1.1" 200 412
222.69.129.85 - - [16/Apr/2021:08:37:20 +0800] "GET /xingrg/kc/buy/cgsh_order_operate.html?command=get_materiel&rest_code=00149&code=00101008137&supplier_code=00100005&order_time=2021-04-16 HTTP/1.1" 200 408
116.230.114.112 - - [16/Apr/2021:08:37:25 +0800] "GET /xingrg/all/function/internal_message.html?_=1618533443570&CODE_STATE=getMsg HTTP/1.1" 302 -
222.69.129.85 - - [16/Apr/2021:08:37:26 +0800] "GET /xingrg/all/function/internal_message.html?_=1618533444293&CODE_STATE=getMsg HTTP/1.1" 200 27
116.224.253.72 - - [16/Apr/2021:08:37:26 +0800] "GET /xingrg/kc/buy/cgsh_order_operate.html?command=get_materiel&rest_code=00151&code=00101008118&supplier_code=00100007&order_time=2021-04-16 HTTP/1.1" 200 418
120.253.135.82 - - [16/Apr/2021:08:37:28 +0800] "GET /xingrg/all/function/internal_message.html?_=1618533477153&CODE_STATE=getMsg HTTP/1.1" 200 27
114.88.156.246 - - [16/Apr/2021:08:37:29 +0800] "POST /xingrg/services/DataTransmitService HTTP/1.1" 200 524
116.224.253.72 - - [16/Apr/2021:08:37:29 +0800] "POST /xingrg/kc/buy/cgsh_order_operate.html HTTP/1.1" 200 2065
116.224.253.72 - - [16/Apr/2021:08:37:35 +0800] "GET /xingrg/kc/buy/cgsh_order_operate.html?command=get_materiel&rest_code=00151&code=00101008098&supplier_code=00100007&order_time=2021-04-16 HTTP/1.1" 200 412
116.238.141.202 - - [16/Apr/2021:08:37:37 +0800] "GET /xingrg/all/function/internal_message.html?_=1618533733292&CODE_STATE=getMsg HTTP/1.1" 200 27
222.69.129.85 - - [16/Apr/2021:08:37:38 +0800] "POST /xingrg/kc/buy/cgsh_order_operate.html HTTP/1.1" 200 2065
222.70.217.33 - - [16/Apr/2021:08:37:39 +0800] "GET /xingrg/all/function/internal_message.html?_=1618533455811&CODE_STATE=getMsg HTTP/1.1" 200 27
180.169.147.146 - - [16/Apr/2021:08:37:39 +0800] "GET /xingrg/all/function/internal_message.html?_=1618533454893&CODE_STATE=getMsg HTTP/1.1" 200 27
116.224.253.72 - - [16/Apr/2021:08:37:41 +0800] "GET /xingrg/kc/buy/cgsh_order_operate.html?command=get_materiel&rest_code=00151&code=00101008357&supplier_code=00100007&order_time=2021-04-16 HTTP/1.1" 200 408
222.69.129.85 - - [16/Apr/2021:08:37:44 +0800] "GET /xingrg/kc/buy/cgsh_order_operate.html?command=get_materiel&rest_code=00149&code=00101008223&supplier_code=00100005&order_time=2021-04-16 HTTP/1.1" 200 412
116.224.253.72 - - [16/Apr/2021:08:37:47 +0800] "GET /xingrg/kc/buy/cgsh_order_operate.html?command=get_materiel&rest_code=00151&code=00101008261&supplier_code=00100007&order_time=2021-04-16 HTTP/1.1" 200 408
116.224.253.72 - - [16/Apr/2021:08:37:54 +0800] "GET /xingrg/kc/buy/cgsh_order_operate.html?command=get_materiel&rest_code=00151&code=00101008300&supplier_code=00100007&order_time=2021-04-16 HTTP/1.1" 200 412
114.88.156.246 - - [16/Apr/2021:08:37:57 +0800] "GET /xingrg/all/function/internal_message.html?_=1618533505631&CODE_STATE=getMsg HTTP/1.1" 200 27
116.224.253.72 - - [16/Apr/2021:08:38:02 +0800] "GET /xingrg/kc/buy/cgsh_order_operate.html?command=get_materiel&rest_code=00151&code=00101008356&supplier_code=00100007&order_time=2021-04-16 HTTP/1.1" 200 408
116.224.253.72 - - [16/Apr/2021:08:38:04 +0800] "POST /xingrg/kc/buy/cgsh_order_operate.html HTTP/1.1" 200 2065
117.184.7.26 - - [16/Apr/2021:08:38:08 +0800] "GET /xingrg/all/function/internal_message.html?_=1618533470400&CODE_STATE=getMsg HTTP/1.1" 200 27
116.224.253.72 - - [16/Apr/2021:08:38:09 +0800] "GET /xingrg/kc/buy/cgsh_order_operate.html?command=get_materiel&rest_code=00151&code=00101008286&supplier_code=00100007&order_time=2021-04-16 HTTP/1.1" 200 408
116.230.114.112 - - [16/Apr/2021:08:38:13 +0800] "GET /xingrg/all/function/internal_message.html?_=1618533516544&CODE_STATE=getMsg HTTP/1.1" 200 27
61.165.42.208 - - [16/Apr/2021:08:38:14 +0800] "GET /xingrg/all/function/internal_message.html?_=1618533495779&CODE_STATE=getMsg HTTP/1.1" 200 27
116.224.253.72 - - [16/Apr/2021:08:38:16 +0800] "GET /xingrg/all/function/internal_message.html?_=1618533495119&CODE_STATE=getMsg HTTP/1.1" 200 27
114.88.156.246 - - [16/Apr/2021:08:38:16 +0800] "GET /xingrg/check_reg.html?_=1618533524368 HTTP/1.1" 200 22
116.224.253.72 - - [16/Apr/2021:08:38:17 +0800] "GET /xingrg/kc/buy/cgsh_order_operate.html?command=get_materiel&rest_code=00151&code=00101008088&supplier_code=00100007&order_time=2021-04-16 HTTP/1.1" 200 408
116.230.114.112 - - [16/Apr/2021:08:38:25 +0800] "GET /xingrg/all/function/internal_message.html?_=1618533503650&CODE_STATE=getMsg HTTP/1.1" 302 -
116.224.253.72 - - [16/Apr/2021:08:38:25 +0800] "GET /xingrg/kc/buy/cgsh_order_operate.html?command=get_materiel&rest_code=00151&code=00101016025&supplier_code=00100007&order_time=2021-04-16 HTTP/1.1" 200 408
222.69.129.85 - - [16/Apr/2021:08:38:25 +0800] "GET /xingrg/all/function/internal_message.html?_=1618533504267&CODE_STATE=getMsg HTTP/1.1" 200 27
222.69.129.85 - - [16/Apr/2021:08:38:28 +0800] "GET /xingrg/kc/buy/cgsh_order_operate.html?command=get_materiel&rest_code=00149&code=00101008242&supplier_code=00100005&order_time=2021-04-16 HTTP/1.1" 200 408
120.253.135.82 - - [16/Apr/2021:08:38:28 +0800] "GET /xingrg/all/function/internal_message.html?_=1618533537168&CODE_STATE=getMsg HTTP/1.1" 200 27
116.224.253.72 - - [16/Apr/2021:08:38:31 +0800] "GET /xingrg/kc/buy/cgsh_order_operate.html?command=get_materiel&rest_code=00151&code=00101008017&supplier_code=00100007&order_time=2021-04-16 HTTP/1.1" 200 416
116.238.141.202 - - [16/Apr/2021:08:38:37 +0800] "GET /xingrg/all/function/internal_message.html?_=1618533793299&CODE_STATE=getMsg HTTP/1.1" 200 27
222.70.217.33 - - [16/Apr/2021:08:38:39 +0800] "GET /xingrg/check_reg.html?_=1618533515801 HTTP/1.1" 200 22
222.70.217.33 - - [16/Apr/2021:08:38:39 +0800] "GET /xingrg/all/function/internal_message.html?_=1618533515804&CODE_STATE=getMsg HTTP/1.1" 200 27
180.169.147.146 - - [16/Apr/2021:08:38:39 +0800] "GET /xingrg/all/function/internal_message.html?_=1618533514879&CODE_STATE=getMsg HTTP/1.1" 200 27
222.69.129.85 - - [16/Apr/2021:08:38:39 +0800] "GET /xingrg/kc/buy/cgsh_order_operate.html?command=get_materiel&rest_code=00149&code=00101008357&supplier_code=00100005&order_time=2021-04-16 HTTP/1.1" 200 408
116.224.253.72 - - [16/Apr/2021:08:38:40 +0800] "GET /xingrg/kc/buy/cgsh_order_operate.html?command=get_materiel&rest_code=00151&code=00101008137&supplier_code=00100007&order_time=2021-04-16 HTTP/1.1" 200 408
116.224.253.72 - - [16/Apr/2021:08:38:43 +0800] "POST /xingrg/kc/buy/cgsh_order_operate.html HTTP/1.1" 200 2065
116.224.253.72 - - [16/Apr/2021:08:38:48 +0800] "GET /xingrg/kc/buy/cgsh_order_operate.html?command=get_materiel&rest_code=00151&code=00101008096&supplier_code=00100007&order_time=2021-04-16 HTTP/1.1" 200 412
116.224.253.72 - - [16/Apr/2021:08:38:56 +0800] "GET /xingrg/kc/buy/cgsh_order_operate.html?command=get_materiel&rest_code=00151&code=00101008372&supplier_code=00100007&order_time=2021-04-16 HTTP/1.1" 200 408
114.88.156.246 - - [16/Apr/2021:08:38:57 +0800] "GET /xingrg/all/function/internal_message.html?_=1618533565607&CODE_STATE=getMsg HTTP/1.1" 200 27
222.69.129.85 - - [16/Apr/2021:08:38:58 +0800] "GET /xingrg/kc/buy/cgsh_order_operate.html?command=get_materiel&rest_code=00149&code=00101008069&supplier_code=00100005&order_time=2021-04-16 HTTP/1.1" 200 412
222.69.129.85 - - [16/Apr/2021:08:39:04 +0800] "POST /xingrg/kc/buy/cgsh_order_operate.html HTTP/1.1" 200 2065
117.184.7.26 - - [16/Apr/2021:08:39:08 +0800] "GET /xingrg/all/function/internal_message.html?_=1618533530393&CODE_STATE=getMsg HTTP/1.1" 200 27
222.69.129.85 - - [16/Apr/2021:08:39:08 +0800] "GET /xingrg/kc/buy/cgsh_order_operate.html?command=get_materiel&rest_code=00149&code=00101008286&supplier_code=00100005&order_time=2021-04-16 HTTP/1.1" 200 408
116.224.253.72 - - [16/Apr/2021:08:39:11 +0800] "POST /xingrg/kc/buy/cgsh_order_operate.html HTTP/1.1" 200 2065
116.230.114.112 - - [16/Apr/2021:08:39:13 +0800] "GET /xingrg/all/function/internal_message.html?_=1618533576553&CODE_STATE=getMsg HTTP/1.1" 200 27
61.165.42.208 - - [16/Apr/2021:08:39:14 +0800] "GET /xingrg/all/function/internal_message.html?_=1618533555780&CODE_STATE=getMsg HTTP/1.1" 200 27
61.165.42.208 - - [16/Apr/2021:08:39:14 +0800] "GET /xingrg/check_reg.html?_=1618533555784 HTTP/1.1" 200 22
116.224.253.72 - - [16/Apr/2021:08:39:16 +0800] "GET /xingrg/check_reg.html?_=1618533555103 HTTP/1.1" 200 22
116.224.253.72 - - [16/Apr/2021:08:39:16 +0800] "GET /xingrg/all/function/internal_message.html?_=1618533555106&CODE_STATE=getMsg HTTP/1.1" 200 27
116.224.253.72 - - [16/Apr/2021:08:39:17 +0800] "GET /xingrg/kc/buy/cgsh_order_operate.html?command=get_materiel&rest_code=00151&code=00101008370&supplier_code=00100007&order_time=2021-04-16 HTTP/1.1" 200 412
222.69.129.85 - - [16/Apr/2021:08:39:17 +0800] "GET /xingrg/kc/buy/cgsh_order_operate.html?command=get_materiel&rest_code=00149&code=00101008036&supplier_code=00100005&order_time=2021-04-16 HTTP/1.1" 200 408
116.224.253.72 - - [16/Apr/2021:08:39:24 +0800] "GET /xingrg/kc/buy/cgsh_order_operate.html?command=get_materiel&rest_code=00151&code=00101008072&supplier_code=00100007&order_time=2021-04-16 HTTP/1.1" 200 408
116.230.114.112 - - [16/Apr/2021:08:39:25 +0800] "GET /xingrg/all/function/internal_message.html?_=1618533563660&CODE_STATE=getMsg HTTP/1.1" 302 -
222.69.129.85 - - [16/Apr/2021:08:39:26 +0800] "GET /xingrg/check_reg.html?_=1618533564288 HTTP/1.1" 200 22
222.69.129.85 - - [16/Apr/2021:08:39:26 +0800] "GET /xingrg/all/function/internal_message.html?_=1618533564292&CODE_STATE=getMsg HTTP/1.1" 200 27
120.253.135.82 - - [16/Apr/2021:08:39:28 +0800] "GET /xingrg/all/function/internal_message.html?_=1618533597240&CODE_STATE=getMsg HTTP/1.1" 200 27
116.224.253.72 - - [16/Apr/2021:08:39:30 +0800] "GET /xingrg/kc/buy/cgsh_order_operate.html?command=get_materiel&rest_code=00151&code=00101008131&supplier_code=00100007&order_time=2021-04-16 HTTP/1.1" 200 408
116.224.253.72 - - [16/Apr/2021:08:39:35 +0800] "GET /xingrg/kc/buy/cgsh_order_operate.html?command=get_materiel&rest_code=00151&code=00101008125&supplier_code=00100007&order_time=2021-04-16 HTTP/1.1" 200 413
116.238.141.202 - - [16/Apr/2021:08:39:38 +0800] "GET /xingrg/all/function/internal_message.html?_=1618533854090&CODE_STATE=getMsg HTTP/1.1" 200 27
116.238.141.202 - - [16/Apr/2021:08:39:38 +0800] "GET /xingrg/check_reg.html?_=1618533854088 HTTP/1.1" 200 22
222.70.217.33 - - [16/Apr/2021:08:39:39 +0800] "GET /xingrg/all/function/internal_message.html?_=1618533575807&CODE_STATE=getMsg HTTP/1.1" 200 27
180.169.147.146 - - [16/Apr/2021:08:39:39 +0800] "GET /xingrg/all/function/internal_message.html?_=1618533574877&CODE_STATE=getMsg HTTP/1.1" 200 27
180.169.147.146 - - [16/Apr/2021:08:39:39 +0800] "GET /xingrg/check_reg.html?_=1618533574879 HTTP/1.1" 200 22
116.224.253.72 - - [16/Apr/2021:08:39:41 +0800] "GET /xingrg/kc/buy/cgsh_order_operate.html?command=get_materiel&rest_code=00151&code=00101008033&supplier_code=00100007&order_time=2021-04-16 HTTP/1.1" 200 408
114.88.156.246 - - [16/Apr/2021:08:39:57 +0800] "GET /xingrg/all/function/internal_message.html?_=1618533625584&CODE_STATE=getMsg HTTP/1.1" 200 27
180.97.118.219 - - [16/Apr/2021:08:39:57 +0800] "GET /xingrg/all/function/internal_message.html?_=1618533565607&CODE_STATE=getMsg HTTP/1.1" 302 -
180.97.118.219 - - [16/Apr/2021:08:39:58 +0800] "GET /xingrg/login.html HTTP/1.1" 200 7641
116.224.253.72 - - [16/Apr/2021:08:40:02 +0800] "GET /xingrg/login.html HTTP/1.1" 200 7641
116.224.253.72 - - [16/Apr/2021:08:40:02 +0800] "GET /favicon.ico HTTP/1.1" 404 -
116.224.253.72 - - [16/Apr/2021:08:40:03 +0800] "POST /xingrg/kc/buy/cgsh_order_operate.html HTTP/1.1" 200 37
116.224.253.72 - - [16/Apr/2021:08:40:05 +0800] "POST /xingrg/kc/buy/cgsh_order_operate.html HTTP/1.1" 200 26035
116.224.253.72 - - [16/Apr/2021:08:40:05 +0800] "POST /xingrg/login.do HTTP/1.1" 302 -
116.224.253.72 - - [16/Apr/2021:08:40:05 +0800] "GET /xingrg/index.html?sysBaseUrl=http%3A%2F%2F180.169.147.146%3A18081%2Fxingrg%2F&costTime=77×tamp=1618533605248 HTTP/1.1" 200 17179
116.224.253.72 - - [16/Apr/2021:08:40:05 +0800] "GET /xingrg/javascript/jquery_easy_ui/themes/icon.css HTTP/1.1" 304 -
116.224.253.72 - - [16/Apr/2021:08:40:05 +0800] "GET /xingrg/javascript/jquery_easy_ui/themes/default/easyui.css HTTP/1.1" 304 -
116.224.253.72 - - [16/Apr/2021:08:40:05 +0800] "GET /xingrg/css/form.css HTTP/1.1" 304 -
116.224.253.72 - - [16/Apr/2021:08:40:05 +0800] "GET /xingrg/javascript/jquery-1.4.2.min.js HTTP/1.1" 304 -
116.224.253.72 - - [16/Apr/2021:08:40:05 +0800] "GET /xingrg/javascript/jquery_easy_ui/jquery.easyui.min.js HTTP/1.1" 304 -
116.224.253.72 - - [16/Apr/2021:08:40:05 +0800] "GET /xingrg/javascript/jquery_easy_ui/easyui-lang-zh_CN.js HTTP/1.1" 304 -
116.224.253.72 - - [16/Apr/2021:08:40:05 +0800] "GET /xingrg/javascript/jquery.timers.js HTTP/1.1" 304 -
116.224.253.72 - - [16/Apr/2021:08:40:05 +0800] "GET /xingrg/javascript/jquery.utils.js HTTP/1.1" 304 -
116.224.253.72 - - [16/Apr/2021:08:40:05 +0800] "GET /xingrg/javascript/jquery.form.js HTTP/1.1" 304 -
116.224.253.72 - - [16/Apr/2021:08:40:05 +0800] "POST /xingrg/all/common/load_tree.html?tree=area_rest_tree_json&manage=1 HTTP/1.1" 200 476
116.224.253.72 - - [16/Apr/2021:08:40:05 +0800] "GET /favicon.ico HTTP/1.1" 404 -
116.224.253.72 - - [16/Apr/2021:08:40:05 +0800] "GET /xingrg/check_reg.html?_=1618533594046 HTTP/1.1" 200 22
116.224.253.72 - - [16/Apr/2021:08:40:05 +0800] "GET /xingrg/all/function/internal_message.html?_=1618533594045&CODE_STATE=count HTTP/1.1" 200 11
116.224.253.72 - - [16/Apr/2021:08:40:05 +0800] "POST /xingrg/load_menu.html HTTP/1.1" 200 5138
222.69.129.85 - - [16/Apr/2021:08:40:06 +0800] "GET /xingrg/kc/buy/cgsh_order_operate.html?command=get_materiel&rest_code=00149&code=00101008131&supplier_code=00100005&order_time=2021-04-16 HTTP/1.1" 200 408
117.184.7.26 - - [16/Apr/2021:08:40:08 +0800] "GET /xingrg/all/function/internal_message.html?_=1618533590400&CODE_STATE=getMsg HTTP/1.1" 200 27
117.184.7.26 - - [16/Apr/2021:08:40:08 +0800] "GET /xingrg/check_reg.html?_=1618533590417 HTTP/1.1" 200 22
116.224.253.72 - - [16/Apr/2021:08:40:12 +0800] "GET /xingrg/kc/buy/cgsh_order_list.html HTTP/1.1" 200 46416
116.224.253.72 - - [16/Apr/2021:08:40:12 +0800] "GET /xingrg/css/base.css HTTP/1.1" 304 -
116.224.253.72 - - [16/Apr/2021:08:40:12 +0800] "GET /xingrg/css/site.css HTTP/1.1" 304 -
116.224.253.72 - - [16/Apr/2021:08:40:12 +0800] "GET /xingrg/javascript/jquery_tools/datebox.css HTTP/1.1" 304 -
116.224.253.72 - - [16/Apr/2021:08:40:12 +0800] "GET /xingrg/javascript/auto/jquery.autocomplete.css HTTP/1.1" 304 -
116.224.253.72 - - [16/Apr/2021:08:40:12 +0800] "GET /xingrg/javascript/jquery_tools/jquery.tools.min.js HTTP/1.1" 304 -
116.224.253.72 - - [16/Apr/2021:08:40:12 +0800] "GET /xingrg/javascript/easyui/themes/default/easyui.css HTTP/1.1" 304 -
116.224.253.72 - - [16/Apr/2021:08:40:12 +0800] "GET /xingrg/javascript/jquery_tools/fix.css HTTP/1.1" 304 -
116.224.253.72 - - [16/Apr/2021:08:40:12 +0800] "GET /xingrg/javascript/easyui/themes/icon.css HTTP/1.1" 304 -
116.224.253.72 - - [16/Apr/2021:08:40:12 +0800] "GET /xingrg/javascript/jquery_tools/table.css HTTP/1.1" 304 -
116.224.253.72 - - [16/Apr/2021:08:40:12 +0800] "GET /xingrg/javascript/jquery_tools/jquery.tools.extend.js HTTP/1.1" 304 -
116.224.253.72 - - [16/Apr/2021:08:40:12 +0800] "GET /xingrg/javascript/jquery_tools/jquery.tools.hotkey.js HTTP/1.1" 304 -
116.224.253.72 - - [16/Apr/2021:08:40:12 +0800] "GET /xingrg/javascript/jquery.cookie.js HTTP/1.1" 304 -
116.224.253.72 - - [16/Apr/2021:08:40:12 +0800] "GET /xingrg/javascript/auto/jquery.autocomplete.js HTTP/1.1" 304 -
116.224.253.72 - - [16/Apr/2021:08:40:12 +0800] "GET /xingrg/javascript/jquery_tools/jquery.tools.table.js HTTP/1.1" 304 -
116.224.253.72 - - [16/Apr/2021:08:40:12 +0800] "GET /xingrg/javascript/print/LodopFuncs.js HTTP/1.1" 304 -
116.224.253.72 - - [16/Apr/2021:08:40:12 +0800] "GET /xingrg/javascript/easyui/easyloader.js HTTP/1.1" 304 -
116.224.253.72 - - [16/Apr/2021:08:40:12 +0800] "GET /xingrg/javascript/jquery_tools/list_manager.js HTTP/1.1" 304 -
116.230.114.112 - - [16/Apr/2021:08:40:13 +0800] "GET /xingrg/check_reg.html?_=1618533635760 HTTP/1.1" 200 22
116.224.253.72 - - [16/Apr/2021:08:40:13 +0800] "GET /xingrg/javascript/easyui/plugins/jquery.parser.js HTTP/1.1" 304 -
116.230.114.112 - - [16/Apr/2021:08:40:13 +0800] "GET /xingrg/all/function/internal_message.html?_=1618533636566&CODE_STATE=getMsg HTTP/1.1" 200 27
61.165.42.208 - - [16/Apr/2021:08:40:14 +0800] "GET /xingrg/all/function/internal_message.html?_=1618533615783&CODE_STATE=getMsg HTTP/1.1" 200 27
116.224.253.72 - - [16/Apr/2021:08:40:14 +0800] "POST /xingrg/kc/buy/cgsh_list_operate.html HTTP/1.1" 200 876
222.69.129.85 - - [16/Apr/2021:08:40:16 +0800] "GET /xingrg/kc/buy/cgsh_order_operate.html?command=get_materiel&rest_code=00149&code=00101008296&supplier_code=00100005&order_time=2021-04-16 HTTP/1.1" 200 416
116.224.253.72 - - [16/Apr/2021:08:40:16 +0800] "GET /xingrg/all/function/internal_message.html?_=1618533615112&CODE_STATE=getMsg HTTP/1.1" 200 27
116.224.253.72 - - [16/Apr/2021:08:40:16 +0800] "GET /xingrg/kc/buy/cgsh_order_add.html HTTP/1.1" 200 61790
116.224.253.72 - - [16/Apr/2021:08:40:17 +0800] "POST /xingrg/kc/buy/cgsh_order_operate.html HTTP/1.1" 200 8245
116.224.253.72 - - [16/Apr/2021:08:40:17 +0800] "GET /xingrg/javascript/easyui/themes/default/validatebox.css HTTP/1.1" 404 1104
116.224.253.72 - - [16/Apr/2021:08:40:19 +0800] "GET /xingrg/javascript/pic_change.js HTTP/1.1" 304 -
116.224.253.72 - - [16/Apr/2021:08:40:19 +0800] "GET /xingrg/javascript/jquery_tools/order_manager.js HTTP/1.1" 304 -
116.224.253.72 - - [16/Apr/2021:08:40:19 +0800] "GET /xingrg/javascript/convert.js HTTP/1.1" 304 -
116.224.253.72 - - [16/Apr/2021:08:40:19 +0800] "GET /xingrg/javascript/print/kc_print.js HTTP/1.1" 304 -
116.224.253.72 - - [16/Apr/2021:08:40:19 +0800] "GET /xingrg/javascript/json2.js HTTP/1.1" 304 -
116.224.253.72 - - [16/Apr/2021:08:40:19 +0800] "GET /xingrg/kc/buy/cgsh_order_add.html HTTP/1.1" 200 62084
116.224.253.72 - - [16/Apr/2021:08:40:19 +0800] "GET /xingrg/words/20210415145715_words.js HTTP/1.1" 200 805430
116.224.253.72 - - [16/Apr/2021:08:40:20 +0800] "POST /xingrg/kc/buy/cgsh_order_operate.html HTTP/1.1" 200 8245
116.224.253.72 - - [16/Apr/2021:08:40:20 +0800] "GET /xingrg/all/common/auto_word.html?type=employee&rest_code=00150 HTTP/1.1" 200 205
116.224.253.72 - - [16/Apr/2021:08:40:20 +0800] "GET /xingrg/all/common/auto_word.html?type=employee&rest_code=00150 HTTP/1.1" 200 205
116.224.253.72 - - [16/Apr/2021:08:40:20 +0800] "GET /xingrg/javascript/easyui/themes/default/validatebox.css HTTP/1.1" 404 1104
116.224.253.72 - - [16/Apr/2021:08:40:20 +0800] "GET /xingrg/javascript/easyui/plugins/jquery.validatebox.js HTTP/1.1" 304 -
116.224.253.72 - - [16/Apr/2021:08:40:20 +0800] "GET /xingrg/javascript/easyui/plugins/jquery.numberbox.js HTTP/1.1" 304 -
120.253.135.82 - - [16/Apr/2021:08:40:20 +0800] "GET /xingrg/check_reg.html?_=1618533649258 HTTP/1.1" 200 22
222.69.129.85 - - [16/Apr/2021:08:40:22 +0800] "POST /xingrg/kc/buy/cgsh_order_operate.html HTTP/1.1" 200 2065
116.230.114.112 - - [16/Apr/2021:08:40:25 +0800] "GET /xingrg/all/function/internal_message.html?_=1618533623749&CODE_STATE=getMsg HTTP/1.1" 302 -
222.69.129.85 - - [16/Apr/2021:08:40:25 +0800] "GET /xingrg/all/function/internal_message.html?_=1618533624268&CODE_STATE=getMsg HTTP/1.1" 200 27
116.224.253.72 - - [16/Apr/2021:08:40:26 +0800] "GET /xingrg/kc/buy/cgsh_order_operate.html?command=get_materiel&rest_code=00151&code=00101011005&supplier_code=00100047&order_time=2021-04-16 HTTP/1.1" 200 428
120.253.135.82 - - [16/Apr/2021:08:40:28 +0800] "GET /xingrg/all/function/internal_message.html?_=1618533657242&CODE_STATE=getMsg HTTP/1.1" 200 27
222.69.129.85 - - [16/Apr/2021:08:40:29 +0800] "GET /xingrg/kc/buy/cgsh_order_operate.html?command=get_materiel&rest_code=00149&code=00101008005&supplier_code=00100005&order_time=2021-04-16 HTTP/1.1" 200 412
116.224.253.72 - - [16/Apr/2021:08:40:32 +0800] "GET /xingrg/javascript/auto/indicator.gif HTTP/1.1" 404 1066
116.224.253.72 - - [16/Apr/2021:08:40:34 +0800] "GET /xingrg/kc/buy/cgsh_order_operate.html?command=get_materiel&rest_code=00151&code=00101011001&supplier_code=00100047&order_time=2021-04-16 HTTP/1.1" 200 423
222.70.217.33 - - [16/Apr/2021:08:40:38 +0800] "GET /xingrg/kc/buy/cgsh_order_add.html HTTP/1.1" 200 62116
222.70.217.33 - - [16/Apr/2021:08:40:38 +0800] "POST /xingrg/kc/buy/cgsh_order_operate.html HTTP/1.1" 200 8245
222.70.217.33 - - [16/Apr/2021:08:40:38 +0800] "GET /xingrg/javascript/easyui/themes/default/validatebox.css HTTP/1.1" 404 1104
116.238.141.202 - - [16/Apr/2021:08:40:38 +0800] "GET /xingrg/all/function/internal_message.html?_=1618533914091&CODE_STATE=getMsg HTTP/1.1" 200 27
222.70.217.33 - - [16/Apr/2021:08:40:39 +0800] "GET /xingrg/all/function/internal_message.html?_=1618533635803&CODE_STATE=getMsg HTTP/1.1" 200 27
180.169.147.146 - - [16/Apr/2021:08:40:39 +0800] "GET /xingrg/all/function/internal_message.html?_=1618533634892&CODE_STATE=getMsg HTTP/1.1" 200 27
222.69.129.85 - - [16/Apr/2021:08:40:39 +0800] "GET /xingrg/kc/buy/cgsh_order_operate.html?command=get_materiel&rest_code=00149&code=00101008307&supplier_code=00100005&order_time=2021-04-16 HTTP/1.1" 200 420
116.224.253.72 - - [16/Apr/2021:08:40:40 +0800] "GET /xingrg/kc/buy/cgsh_order_operate.html?command=get_materiel&rest_code=00151&code=00101011010&supplier_code=00100047&order_time=2021-04-16 HTTP/1.1" 200 418
116.224.253.72 - - [16/Apr/2021:08:40:45 +0800] "POST /xingrg/kc/buy/cgsh_order_operate.html HTTP/1.1" 200 37
222.70.217.33 - - [16/Apr/2021:08:40:46 +0800] "GET /xingrg/kc/buy/cgsh_order_operate.html?command=get_materiel&rest_code=00155&code=00101009113&supplier_code=00100037&order_time=2021-04-16 HTTP/1.1" 200 398
116.224.253.72 - - [16/Apr/2021:08:40:47 +0800] "POST /xingrg/kc/buy/cgsh_order_operate.html HTTP/1.1" 200 3878
116.224.253.72 - - [16/Apr/2021:08:40:53 +0800] "GET /xingrg/kc/buy/cgsh_order_operate.html?command=get_materiel&rest_code=00150&code=00101012039&supplier_code=00100096&order_time=2021-04-16 HTTP/1.1" 200 408
222.69.129.85 - - [16/Apr/2021:08:40:56 +0800] "GET /xingrg/kc/buy/cgsh_order_operate.html?command=get_materiel&rest_code=00149&code=00101008353&supplier_code=00100005&order_time=2021-04-16 HTTP/1.1" 200 408
61.129.6.203 - - [16/Apr/2021:08:40:57 +0800] "GET /xingrg/all/function/internal_message.html?_=1618533625584&CODE_STATE=getMsg HTTP/1.1" 302 -
114.88.156.246 - - [16/Apr/2021:08:40:57 +0800] "GET /xingrg/all/function/internal_message.html?_=1618533685559&CODE_STATE=getMsg HTTP/1.1" 200 27
61.129.6.203 - - [16/Apr/2021:08:40:57 +0800] "GET /xingrg/login.html HTTP/1.1" 200 7641
116.224.253.72 - - [16/Apr/2021:08:41:02 +0800] "POST /xingrg/all/user/operate.html HTTP/1.1" 200 36
116.224.253.72 - - [16/Apr/2021:08:41:02 +0800] "GET /xingrg/index.html?sysBaseUrl=http%3A%2F%2F180.169.147.146%3A18081%2Fxingrg%2F&costTime=92×tamp=1618533255537 HTTP/1.1" 200 17179
116.224.253.72 - - [16/Apr/2021:08:41:02 +0800] "GET /xingrg/javascript/jquery_easy_ui/themes/default/easyui.css HTTP/1.1" 304 -
116.224.253.72 - - [16/Apr/2021:08:41:02 +0800] "GET /xingrg/javascript/jquery_easy_ui/themes/icon.css HTTP/1.1" 304 -
116.224.253.72 - - [16/Apr/2021:08:41:02 +0800] "GET /xingrg/css/form.css HTTP/1.1" 304 -
116.224.253.72 - - [16/Apr/2021:08:41:02 +0800] "GET /xingrg/javascript/jquery-1.4.2.min.js HTTP/1.1" 304 -
116.224.253.72 - - [16/Apr/2021:08:41:02 +0800] "GET /xingrg/javascript/jquery_easy_ui/jquery.easyui.min.js HTTP/1.1" 304 -
116.224.253.72 - - [16/Apr/2021:08:41:03 +0800] "GET /xingrg/javascript/jquery_easy_ui/easyui-lang-zh_CN.js HTTP/1.1" 304 -
116.224.253.72 - - [16/Apr/2021:08:41:03 +0800] "GET /xingrg/javascript/jquery.form.js HTTP/1.1" 304 -
116.224.253.72 - - [16/Apr/2021:08:41:03 +0800] "GET /xingrg/javascript/jquery.utils.js HTTP/1.1" 304 -
116.224.253.72 - - [16/Apr/2021:08:41:03 +0800] "GET /xingrg/javascript/jquery.timers.js HTTP/1.1" 304 -
116.224.253.72 - - [16/Apr/2021:08:41:03 +0800] "GET /xingrg/images/blue/jxLogo.png HTTP/1.1" 304 -
116.224.253.72 - - [16/Apr/2021:08:41:03 +0800] "GET /xingrg/javascript/jquery_easy_ui/themes/icons/settle_new.png HTTP/1.1" 304 -
116.224.253.72 - - [16/Apr/2021:08:41:03 +0800] "GET /xingrg/images/blue/navBackgound.jpg HTTP/1.1" 304 -
116.224.253.72 - - [16/Apr/2021:08:41:03 +0800] "POST /xingrg/all/common/load_tree.html?tree=area_rest_tree_json&manage=1 HTTP/1.1" 200 476
116.224.253.72 - - [16/Apr/2021:08:41:03 +0800] "GET /xingrg/check_reg.html?_=1618533662107 HTTP/1.1" 200 22
116.224.253.72 - - [16/Apr/2021:08:41:03 +0800] "GET /xingrg/all/function/internal_message.html?_=1618533662105&CODE_STATE=count HTTP/1.1" 200 11
116.224.253.72 - - [16/Apr/2021:08:41:03 +0800] "GET /xingrg/javascript/jquery_easy_ui/themes/default/images/tabs_rightarrow.png HTTP/1.1" 304 -
116.224.253.72 - - [16/Apr/2021:08:41:03 +0800] "GET /xingrg/javascript/jquery_easy_ui/themes/default/images/tabs_leftarrow.png HTTP/1.1" 304 -
116.224.253.72 - - [16/Apr/2021:08:41:03 +0800] "GET /xingrg/images/blue/pingpu.png HTTP/1.1" 304 -
116.224.253.72 - - [16/Apr/2021:08:41:03 +0800] "GET /xingrg/javascript/jquery_easy_ui/themes/default/images/panel_tool_collapse.gif HTTP/1.1" 304 -
116.224.253.72 - - [16/Apr/2021:08:41:03 +0800] "POST /xingrg/load_menu.html HTTP/1.1" 200 5138
116.224.253.72 - - [16/Apr/2021:08:41:05 +0800] "GET /xingrg/all/function/internal_message.html?_=1618533654054&CODE_STATE=getMsg HTTP/1.1" 200 27
116.224.253.72 - - [16/Apr/2021:08:41:07 +0800] "GET /xingrg/kc/buy/cgsh_order_list.html HTTP/1.1" 200 46416
116.224.253.72 - - [16/Apr/2021:08:41:08 +0800] "POST /xingrg/kc/buy/cgsh_list_operate.html HTTP/1.1" 200 876
117.184.7.26 - - [16/Apr/2021:08:41:08 +0800] "GET /xingrg/all/function/internal_message.html?_=1618533650401&CODE_STATE=getMsg HTTP/1.1" 200 27
116.224.253.72 - - [16/Apr/2021:08:41:08 +0800] "GET /xingrg/kc/buy/cgsh_order_operate.html?command=get_materiel&rest_code=00150&code=00101012025&supplier_code=00100096&order_time=2021-04-16 HTTP/1.1" 200 412
116.224.253.72 - - [16/Apr/2021:08:41:09 +0800] "GET /xingrg/kc/buy/cgsh_order_add.html HTTP/1.1" 200 62072
116.224.253.72 - - [16/Apr/2021:08:41:10 +0800] "POST /xingrg/kc/buy/cgsh_order_operate.html HTTP/1.1" 200 8245
116.224.253.72 - - [16/Apr/2021:08:41:10 +0800] "GET /xingrg/all/common/auto_word.html?type=employee&rest_code=00150 HTTP/1.1" 200 205
116.224.253.72 - - [16/Apr/2021:08:41:10 +0800] "GET /xingrg/all/common/auto_word.html?type=employee&rest_code=00150 HTTP/1.1" 200 205
116.224.253.72 - - [16/Apr/2021:08:41:10 +0800] "GET /xingrg/javascript/easyui/themes/default/validatebox.css HTTP/1.1" 404 1104
222.69.129.85 - - [16/Apr/2021:08:41:10 +0800] "GET /xingrg/kc/buy/cgsh_order_operate.html?command=get_materiel&rest_code=00149&code=00101008213&supplier_code=00100005&order_time=2021-04-16 HTTP/1.1" 200 412
116.224.253.72 - - [16/Apr/2021:08:41:12 +0800] "GET /xingrg/javascript/auto/indicator.gif HTTP/1.1" 404 1066
116.230.114.112 - - [16/Apr/2021:08:41:13 +0800] "GET /xingrg/all/function/internal_message.html?_=1618533696580&CODE_STATE=getMsg HTTP/1.1" 200 27
61.165.42.208 - - [16/Apr/2021:08:41:14 +0800] "GET /xingrg/all/function/internal_message.html?_=1618533675784&CODE_STATE=getMsg HTTP/1.1" 200 27
116.224.253.72 - - [16/Apr/2021:08:41:19 +0800] "GET /xingrg/kc/buy/cgsh_order_operate.html?command=get_materiel&rest_code=00150&code=00101008042&supplier_code=00100007&order_time=2021-04-16 HTTP/1.1" 200 416
116.224.253.72 - - [16/Apr/2021:08:41:21 +0800] "GET /xingrg/kc/buy/cgsh_order_operate.html?command=get_materiel&rest_code=00150&code=00101001084&supplier_code=00100096&order_time=2021-04-16 HTTP/1.1" 200 413
116.230.114.112 - - [16/Apr/2021:08:41:25 +0800] "GET /xingrg/all/function/internal_message.html?_=1618533683750&CODE_STATE=getMsg HTTP/1.1" 302 -
222.69.129.85 - - [16/Apr/2021:08:41:26 +0800] "GET /xingrg/all/function/internal_message.html?_=1618533684281&CODE_STATE=getMsg HTTP/1.1" 200 27
120.253.135.82 - - [16/Apr/2021:08:41:28 +0800] "GET /xingrg/all/function/internal_message.html?_=1618533717257&CODE_STATE=getMsg HTTP/1.1" 200 27
116.224.253.72 - - [16/Apr/2021:08:41:29 +0800] "GET /xingrg/kc/buy/cgsh_order_operate.html?command=get_materiel&rest_code=00150&code=00101001010&supplier_code=00100096&order_time=2021-04-16 HTTP/1.1" 200 410
116.224.253.72 - - [16/Apr/2021:08:41:32 +0800] "GET /xingrg/kc/buy/cgsh_order_operate.html?command=get_materiel&rest_code=00150&code=00101008224&supplier_code=00100007&order_time=2021-04-16 HTTP/1.1" 200 416
116.238.141.202 - - [16/Apr/2021:08:41:38 +0800] "GET /xingrg/all/function/internal_message.html?_=1618533974107&CODE_STATE=getMsg HTTP/1.1" 200 27
116.224.253.72 - - [16/Apr/2021:08:41:38 +0800] "GET /xingrg/kc/buy/cgsh_order_operate.html?command=get_materiel&rest_code=00150&code=00101008010&supplier_code=00100007&order_time=2021-04-16 HTTP/1.1" 200 412
222.70.217.33 - - [16/Apr/2021:08:41:39 +0800] "GET /xingrg/all/function/internal_message.html?_=1618533695798&CODE_STATE=getMsg HTTP/1.1" 200 27
180.169.147.146 - - [16/Apr/2021:08:41:39 +0800] "GET /xingrg/all/function/internal_message.html?_=1618533694921&CODE_STATE=getMsg HTTP/1.1" 200 27
116.224.253.72 - - [16/Apr/2021:08:41:47 +0800] "GET /xingrg/kc/buy/cgsh_order_operate.html?command=get_materiel&rest_code=00150&code=00101008199&supplier_code=00100007&order_time=2021-04-16 HTTP/1.1" 200 408
222.69.129.85 - - [16/Apr/2021:08:41:53 +0800] "POST /xingrg/kc/buy/cgsh_order_operate.html HTTP/1.1" 200 2065
116.224.253.72 - - [16/Apr/2021:08:41:56 +0800] "GET /xingrg/kc/buy/cgsh_order_operate.html?command=get_materiel&rest_code=00150&code=00101006130&supplier_code=00100096&order_time=2021-04-16 HTTP/1.1" 200 427
116.224.253.72 - - [16/Apr/2021:08:41:56 +0800] "GET /xingrg/kc/buy/cgsh_order_operate.html?command=get_materiel&rest_code=00150&code=00101008208&supplier_code=00100007&order_time=2021-04-16 HTTP/1.1" 200 408
114.88.156.246 - - [16/Apr/2021:08:41:57 +0800] "GET /xingrg/all/function/internal_message.html?_=1618533745531&CODE_STATE=getMsg HTTP/1.1" 200 27
116.230.114.112 - - [16/Apr/2021:08:41:58 +0800] "GET /xingrg/check_reg.html?_=1618533716543 HTTP/1.1" 302 -
222.69.129.85 - - [16/Apr/2021:08:42:00 +0800] "GET /xingrg/kc/buy/cgsh_order_operate.html?command=get_materiel&rest_code=00149&code=00101008304&supplier_code=00100005&order_time=2021-04-16 HTTP/1.1" 200 412
116.224.253.72 - - [16/Apr/2021:08:42:03 +0800] "GET /xingrg/all/function/internal_message.html?_=1618533722115&CODE_STATE=getMsg HTTP/1.1" 200 27
116.224.253.72 - - [16/Apr/2021:08:42:03 +0800] "GET /xingrg/kc/buy/cgsh_order_operate.html?command=get_materiel&rest_code=00150&code=00101008126&supplier_code=00100007&order_time=2021-04-16 HTTP/1.1" 200 412
116.224.253.72 - - [16/Apr/2021:08:42:05 +0800] "GET /xingrg/all/function/internal_message.html?_=1618533714069&CODE_STATE=getMsg HTTP/1.1" 200 27
117.184.7.26 - - [16/Apr/2021:08:42:08 +0800] "GET /xingrg/all/function/internal_message.html?_=1618533710406&CODE_STATE=getMsg HTTP/1.1" 200 27
116.224.253.72 - - [16/Apr/2021:08:42:10 +0800] "GET /xingrg/kc/buy/cgsh_order_operate.html?command=get_materiel&rest_code=00150&code=00101008087&supplier_code=00100007&order_time=2021-04-16 HTTP/1.1" 200 412
116.230.114.112 - - [16/Apr/2021:08:42:13 +0800] "GET /xingrg/all/function/internal_message.html?_=1618533756594&CODE_STATE=getMsg HTTP/1.1" 200 27
61.165.42.208 - - [16/Apr/2021:08:42:14 +0800] "GET /xingrg/all/function/internal_message.html?_=1618533735785&CODE_STATE=getMsg HTTP/1.1" 200 27
116.224.253.72 - - [16/Apr/2021:08:42:15 +0800] "GET /xingrg/kc/buy/cgsh_order_operate.html?command=get_materiel&rest_code=00150&code=00101006065&supplier_code=00100096&order_time=2021-04-16 HTTP/1.1" 200 411
116.224.253.72 - - [16/Apr/2021:08:42:18 +0800] "GET /xingrg/kc/buy/cgsh_order_operate.html?command=get_materiel&rest_code=00150&code=00101008144&supplier_code=00100007&order_time=2021-04-16 HTTP/1.1" 200 412
222.69.129.85 - - [16/Apr/2021:08:42:19 +0800] "GET /xingrg/kc/buy/cgsh_order_operate.html?command=get_materiel&rest_code=00149&code=00101008095&supplier_code=00100005&order_time=2021-04-16 HTTP/1.1" 200 412
116.224.253.72 - - [16/Apr/2021:08:42:25 +0800] "GET /xingrg/kc/buy/cgsh_order_operate.html?command=get_materiel&rest_code=00150&code=00101008024&supplier_code=00100007&order_time=2021-04-16 HTTP/1.1" 200 408
116.230.114.112 - - [16/Apr/2021:08:42:25 +0800] "GET /xingrg/all/function/internal_message.html?_=1618533743815&CODE_STATE=getMsg HTTP/1.1" 302 -
222.69.129.85 - - [16/Apr/2021:08:42:26 +0800] "GET /xingrg/all/function/internal_message.html?_=1618533744287&CODE_STATE=getMsg HTTP/1.1" 200 27
222.69.129.85 - - [16/Apr/2021:08:42:28 +0800] "GET /xingrg/kc/buy/cgsh_order_operate.html?command=get_materiel&rest_code=00149&code=00101008041&supplier_code=00100005&order_time=2021-04-16 HTTP/1.1" 200 408
120.253.135.82 - - [16/Apr/2021:08:42:28 +0800] "GET /xingrg/all/function/internal_message.html?_=1618533777336&CODE_STATE=getMsg HTTP/1.1" 200 27
116.224.253.72 - - [16/Apr/2021:08:42:31 +0800] "GET /xingrg/kc/buy/cgsh_order_operate.html?command=get_materiel&rest_code=00150&code=00101008300&supplier_code=00100007&order_time=2021-04-16 HTTP/1.1" 200 412
116.238.141.202 - - [16/Apr/2021:08:42:38 +0800] "GET /xingrg/all/function/internal_message.html?_=1618534034594&CODE_STATE=getMsg HTTP/1.1" 200 27
222.70.217.33 - - [16/Apr/2021:08:42:39 +0800] "GET /xingrg/all/function/internal_message.html?_=1618533755803&CODE_STATE=getMsg HTTP/1.1" 200 27
180.169.147.146 - - [16/Apr/2021:08:42:39 +0800] "GET /xingrg/all/function/internal_message.html?_=1618533754919&CODE_STATE=getMsg HTTP/1.1" 200 27
116.224.253.72 - - [16/Apr/2021:08:42:45 +0800] "GET /xingrg/kc/buy/cgsh_order_operate.html?command=get_materiel&rest_code=00150&code=00101006055&supplier_code=00100096&order_time=2021-04-16 HTTP/1.1" 200 411
116.224.253.72 - - [16/Apr/2021:08:42:45 +0800] "GET /xingrg/kc/buy/cgsh_order_operate.html?command=get_materiel&rest_code=00150&code=00101008137&supplier_code=00100007&order_time=2021-04-16 HTTP/1.1" 200 408
222.69.129.85 - - [16/Apr/2021:08:42:46 +0800] "GET /xingrg/kc/buy/cgsh_order_operate.html?command=get_materiel&rest_code=00149&code=00101008365&supplier_code=00100005&order_time=2021-04-16 HTTP/1.1" 200 413
116.224.253.72 - - [16/Apr/2021:08:42:52 +0800] "GET /xingrg/kc/buy/cgsh_order_operate.html?command=get_materiel&rest_code=00150&code=00101008362&supplier_code=00100007&order_time=2021-04-16 HTTP/1.1" 200 408
116.224.253.72 - - [16/Apr/2021:08:42:54 +0800] "GET /xingrg/kc/buy/cgsh_order_operate.html?command=get_materiel&rest_code=00150&code=00101006109&supplier_code=00100096&order_time=2021-04-16 HTTP/1.1" 200 409
114.88.156.246 - - [16/Apr/2021:08:42:57 +0800] "GET /xingrg/all/function/internal_message.html?_=1618533805506&CODE_STATE=getMsg HTTP/1.1" 200 27
116.224.253.72 - - [16/Apr/2021:08:42:57 +0800] "GET /xingrg/kc/buy/cgsh_order_operate.html?command=get_materiel&rest_code=00150&code=00101008357&supplier_code=00100007&order_time=2021-04-16 HTTP/1.1" 200 408
