114.88.156.246 - - [16/Apr/2021:10:44:54 +0800] "GET /xingrg/all/function/internal_message.html?_=1618541122572&CODE_STATE=getMsg HTTP/1.1" 200 27
61.165.42.208 - - [16/Apr/2021:10:44:55 +0800] "POST /xingrg/kc/buy/cgsh_order_operate.html HTTP/1.1" 200 5627
116.238.141.202 - - [16/Apr/2021:10:44:55 +0800] "GET /xingrg/kc/base/wldb_order_operate.html?command=get_materiel&rest_code=00102&base_code=0010476&code=00101019015 HTTP/1.1" 200 437
61.165.42.208 - - [16/Apr/2021:10:44:56 +0800] "GET /xingrg/index.html?sysBaseUrl=http%3A%2F%2F180.169.147.146%3A18081%2Fxingrg%2F&costTime=36×tamp=1585222720700 HTTP/1.1" 200 17173
61.165.42.208 - - [16/Apr/2021:10:44:57 +0800] "POST /xingrg/all/common/load_tree.html?tree=area_rest_tree_json&manage=1 HTTP/1.1" 200 3344
61.165.42.208 - - [16/Apr/2021:10:44:57 +0800] "GET /favicon.ico HTTP/1.1" 404 -
61.165.42.208 - - [16/Apr/2021:10:44:57 +0800] "GET /xingrg/all/function/internal_message.html?_=1618541098652&CODE_STATE=count HTTP/1.1" 200 11
61.165.42.208 - - [16/Apr/2021:10:44:57 +0800] "GET /xingrg/check_reg.html?_=1618541098653 HTTP/1.1" 200 22
61.165.42.208 - - [16/Apr/2021:10:44:57 +0800] "POST /xingrg/load_menu.html HTTP/1.1" 200 5138
114.86.187.76 - - [16/Apr/2021:10:44:58 +0800] "GET /xingrg/javascript/easyui/themes/default/images/button_plain_hover.png HTTP/1.1" 304 -
114.86.187.76 - - [16/Apr/2021:10:44:58 +0800] "GET /xingrg/javascript/easyui/themes/default/images/button_plain_hover.png HTTP/1.1" 304 -
114.86.187.76 - - [16/Apr/2021:10:44:58 +0800] "GET /xingrg/javascript/easyui/themes/default/images/button_plain_hover.png HTTP/1.1" 304 -
114.86.187.76 - - [16/Apr/2021:10:44:58 +0800] "GET /xingrg/javascript/easyui/themes/default/images/button_plain_hover.png HTTP/1.1" 304 -
114.86.187.76 - - [16/Apr/2021:10:44:58 +0800] "GET /xingrg/javascript/easyui/themes/default/images/button_plain_hover.png HTTP/1.1" 304 -
114.86.187.76 - - [16/Apr/2021:10:44:58 +0800] "GET /xingrg/javascript/easyui/themes/default/images/button_plain_hover.png HTTP/1.1" 304 -
114.86.187.76 - - [16/Apr/2021:10:44:58 +0800] "GET /xingrg/javascript/easyui/themes/default/images/button_plain_hover.png HTTP/1.1" 304 -
114.86.187.76 - - [16/Apr/2021:10:44:58 +0800] "GET /xingrg/javascript/easyui/themes/default/images/button_plain_hover.png HTTP/1.1" 304 -
114.86.187.76 - - [16/Apr/2021:10:44:58 +0800] "GET /xingrg/javascript/easyui/themes/default/images/button_plain_hover.png HTTP/1.1" 304 -
114.86.187.76 - - [16/Apr/2021:10:44:59 +0800] "GET /xingrg/css/base.css HTTP/1.1" 304 -
114.86.187.76 - - [16/Apr/2021:10:44:59 +0800] "GET /xingrg/css/site.css HTTP/1.1" 304 -
114.86.187.76 - - [16/Apr/2021:10:44:59 +0800] "GET /xingrg/javascript/jquery_tools/datebox.css HTTP/1.1" 304 -
114.86.187.76 - - [16/Apr/2021:10:44:59 +0800] "GET /xingrg/javascript/easyui/themes/icon.css HTTP/1.1" 304 -
114.86.187.76 - - [16/Apr/2021:10:44:59 +0800] "GET /xingrg/javascript/easyui/themes/default/easyui.css HTTP/1.1" 304 -
114.86.187.76 - - [16/Apr/2021:10:44:59 +0800] "GET /xingrg/javascript/auto/jquery.autocomplete.css HTTP/1.1" 304 -
114.86.187.76 - - [16/Apr/2021:10:44:59 +0800] "GET /xingrg/javascript/jquery_tools/jquery.tools.min.js HTTP/1.1" 304 -
114.86.187.76 - - [16/Apr/2021:10:44:59 +0800] "GET /xingrg/javascript/jquery_tools/jquery.tools.extend.js HTTP/1.1" 304 -
114.86.187.76 - - [16/Apr/2021:10:44:59 +0800] "GET /xingrg/javascript/auto/jquery.autocomplete.js HTTP/1.1" 304 -
114.86.187.76 - - [16/Apr/2021:10:44:59 +0800] "GET /xingrg/javascript/jquery_tools/jquery.tools.table.js HTTP/1.1" 304 -
114.86.187.76 - - [16/Apr/2021:10:44:59 +0800] "GET /xingrg/javascript/jquery.utils.js HTTP/1.1" 304 -
114.86.187.76 - - [16/Apr/2021:10:44:59 +0800] "GET /xingrg/javascript/easyui/easyloader.js HTTP/1.1" 304 -
114.86.187.76 - - [16/Apr/2021:10:44:59 +0800] "GET /xingrg/javascript/jquery_tools/table.css HTTP/1.1" 304 -
114.86.187.76 - - [16/Apr/2021:10:44:59 +0800] "GET /xingrg/javascript/jquery_tools/fix.css HTTP/1.1" 304 -
114.86.187.76 - - [16/Apr/2021:10:44:59 +0800] "GET /xingrg/javascript/jquery_tools/order_manager.js HTTP/1.1" 304 -
114.86.187.76 - - [16/Apr/2021:10:44:59 +0800] "GET /xingrg/kc/buy/cgsh_order_add.html HTTP/1.1" 200 62148
114.86.187.76 - - [16/Apr/2021:10:44:59 +0800] "GET /xingrg/javascript/convert.js HTTP/1.1" 304 -
114.86.187.76 - - [16/Apr/2021:10:44:59 +0800] "GET /xingrg/javascript/jquery.cookie.js HTTP/1.1" 304 -
114.86.187.76 - - [16/Apr/2021:10:44:59 +0800] "GET /xingrg/javascript/json2.js HTTP/1.1" 304 -
114.86.187.76 - - [16/Apr/2021:10:44:59 +0800] "GET /xingrg/javascript/print/kc_print.js HTTP/1.1" 304 -
114.86.187.76 - - [16/Apr/2021:10:44:59 +0800] "GET /xingrg/javascript/pic_change.js HTTP/1.1" 304 -
114.86.187.76 - - [16/Apr/2021:10:44:59 +0800] "GET /xingrg/javascript/print/LodopFuncs.js HTTP/1.1" 304 -
114.86.187.76 - - [16/Apr/2021:10:44:59 +0800] "GET /xingrg/javascript/jquery_tools/jquery.tools.hotkey.js HTTP/1.1" 304 -
124.77.71.179 - - [16/Apr/2021:10:44:59 +0800] "GET /xingrg/kc/buy/cgsh_order_add.html HTTP/1.1" 200 62236
114.86.187.76 - - [16/Apr/2021:10:44:59 +0800] "GET /xingrg/words/20210415145715_words.js HTTP/1.1" 304 -
114.86.187.76 - - [16/Apr/2021:10:44:59 +0800] "GET /xingrg/javascript/easyui/themes/icons/copy_new.png HTTP/1.1" 304 -
114.86.187.76 - - [16/Apr/2021:10:44:59 +0800] "GET /xingrg/javascript/easyui/themes/icons/template_new.png HTTP/1.1" 304 -
114.86.187.76 - - [16/Apr/2021:10:44:59 +0800] "GET /xingrg/javascript/easyui/themes/icons/ok.png HTTP/1.1" 304 -
114.86.187.76 - - [16/Apr/2021:10:44:59 +0800] "GET /xingrg/javascript/easyui/themes/icons/print.png HTTP/1.1" 304 -
114.86.187.76 - - [16/Apr/2021:10:44:59 +0800] "GET /xingrg/javascript/easyui/themes/default/images/menu_downarrow.png HTTP/1.1" 304 -
114.86.187.76 - - [16/Apr/2021:10:44:59 +0800] "GET /xingrg/javascript/easyui/themes/icons/cancel.png HTTP/1.1" 304 -
114.86.187.76 - - [16/Apr/2021:10:44:59 +0800] "GET /xingrg/javascript/easyui/plugins/jquery.parser.js HTTP/1.1" 304 -
114.86.187.76 - - [16/Apr/2021:10:44:59 +0800] "POST /xingrg/kc/buy/cgsh_order_operate.html HTTP/1.1" 200 8245
114.86.187.76 - - [16/Apr/2021:10:44:59 +0800] "GET /xingrg/javascript/easyui/themes/default/images/button_plain_hover.png HTTP/1.1" 304 -
114.86.187.76 - - [16/Apr/2021:10:44:59 +0800] "GET /xingrg/all/common/auto_word.html?type=employee&rest_code=00148 HTTP/1.1" 200 197
114.86.187.76 - - [16/Apr/2021:10:44:59 +0800] "GET /xingrg/all/common/auto_word.html?type=employee&rest_code=00148 HTTP/1.1" 200 197
114.86.187.76 - - [16/Apr/2021:10:44:59 +0800] "GET /xingrg/javascript/easyui/themes/default/images/button_plain_hover.png HTTP/1.1" 304 -
114.86.187.76 - - [16/Apr/2021:10:44:59 +0800] "GET /xingrg/javascript/easyui/themes/default/validatebox.css HTTP/1.1" 404 1104
114.86.187.76 - - [16/Apr/2021:10:44:59 +0800] "GET /xingrg/javascript/easyui/plugins/jquery.validatebox.js HTTP/1.1" 304 -
114.86.187.76 - - [16/Apr/2021:10:44:59 +0800] "GET /xingrg/javascript/easyui/plugins/jquery.numberbox.js HTTP/1.1" 304 -
124.77.71.179 - - [16/Apr/2021:10:45:00 +0800] "GET /xingrg/javascript/easyui/themes/default/validatebox.css HTTP/1.1" 404 1104
124.77.71.179 - - [16/Apr/2021:10:45:00 +0800] "POST /xingrg/kc/buy/cgsh_order_operate.html HTTP/1.1" 200 8245
222.70.217.33 - - [16/Apr/2021:10:45:00 +0800] "GET /xingrg/kc/buy/cgsh_order_operate.html?command=get_materiel&rest_code=00155&code=00101006026&supplier_code=00100266&order_time=2021-04-16 HTTP/1.1" 200 409
120.253.135.82 - - [16/Apr/2021:10:45:00 +0800] "GET /xingrg/check_reg.html?_=1618541218751 HTTP/1.1" 200 22
120.253.135.82 - - [16/Apr/2021:10:45:00 +0800] "GET /xingrg/check_reg.html?_=1618541129172 HTTP/1.1" 200 22
61.165.42.208 - - [16/Apr/2021:10:45:01 +0800] "GET /xingrg/kc/buy/cgsh_order_list.html HTTP/1.1" 200 46410
120.253.135.82 - - [16/Apr/2021:10:45:01 +0800] "GET /xingrg/all/function/internal_message.html?_=1618541129753&CODE_STATE=getMsg HTTP/1.1" 200 27
124.77.71.179 - - [16/Apr/2021:10:45:01 +0800] "GET /xingrg/javascript/easyui/themes/default/tree.css HTTP/1.1" 404 1090
124.77.71.179 - - [16/Apr/2021:10:45:01 +0800] "POST /xingrg/all/common/load_tree.html?tree=supplier_tree_json&isDelete=1 HTTP/1.1" 200 54827
116.230.114.112 - - [16/Apr/2021:10:45:02 +0800] "GET /xingrg/all/function/internal_message.html?_=1618541100801&CODE_STATE=getMsg HTTP/1.1" 200 27
61.165.42.208 - - [16/Apr/2021:10:45:02 +0800] "POST /xingrg/kc/buy/cgsh_list_operate.html HTTP/1.1" 200 3133
114.86.187.76 - - [16/Apr/2021:10:45:03 +0800] "GET /xingrg/javascript/pic_change.js HTTP/1.1" 304 -
114.86.187.76 - - [16/Apr/2021:10:45:03 +0800] "GET /xingrg/javascript/jquery_tools/jquery.tools.extend.js HTTP/1.1" 304 -
114.86.187.76 - - [16/Apr/2021:10:45:03 +0800] "GET /xingrg/javascript/jquery_tools/jquery.tools.hotkey.js HTTP/1.1" 304 -
114.86.187.76 - - [16/Apr/2021:10:45:03 +0800] "GET /xingrg/javascript/jquery_tools/jquery.tools.min.js HTTP/1.1" 304 -
114.86.187.76 - - [16/Apr/2021:10:45:03 +0800] "GET /xingrg/javascript/jquery_tools/jquery.tools.table.js HTTP/1.1" 304 -
114.86.187.76 - - [16/Apr/2021:10:45:03 +0800] "GET /xingrg/javascript/auto/jquery.autocomplete.js HTTP/1.1" 304 -
114.86.187.76 - - [16/Apr/2021:10:45:03 +0800] "GET /xingrg/javascript/easyui/easyloader.js HTTP/1.1" 304 -
114.86.187.76 - - [16/Apr/2021:10:45:03 +0800] "GET /xingrg/javascript/jquery.utils.js HTTP/1.1" 304 -
114.86.187.76 - - [16/Apr/2021:10:45:03 +0800] "GET /xingrg/javascript/jquery_tools/order_manager.js HTTP/1.1" 304 -
114.86.187.76 - - [16/Apr/2021:10:45:03 +0800] "GET /xingrg/javascript/json2.js HTTP/1.1" 304 -
114.86.187.76 - - [16/Apr/2021:10:45:03 +0800] "GET /xingrg/javascript/print/kc_print.js HTTP/1.1" 304 -
114.86.187.76 - - [16/Apr/2021:10:45:03 +0800] "GET /xingrg/javascript/print/LodopFuncs.js HTTP/1.1" 304 -
114.86.187.76 - - [16/Apr/2021:10:45:03 +0800] "GET /xingrg/javascript/easyui/plugins/jquery.parser.js HTTP/1.1" 304 -
114.86.187.76 - - [16/Apr/2021:10:45:03 +0800] "GET /xingrg/javascript/jquery.cookie.js HTTP/1.1" 304 -
114.86.187.76 - - [16/Apr/2021:10:45:03 +0800] "GET /xingrg/javascript/easyui/plugins/jquery.validatebox.js HTTP/1.1" 304 -
114.86.187.76 - - [16/Apr/2021:10:45:03 +0800] "GET /xingrg/javascript/easyui/plugins/jquery.numberbox.js HTTP/1.1" 304 -
114.86.187.76 - - [16/Apr/2021:10:45:03 +0800] "GET /xingrg/words/20210415145715_words.js HTTP/1.1" 304 -
114.86.187.76 - - [16/Apr/2021:10:45:03 +0800] "GET /xingrg/javascript/convert.js HTTP/1.1" 304 -
120.253.135.82 - - [16/Apr/2021:10:45:03 +0800] "GET /xingrg/all/function/internal_message.html?_=1618541221883&CODE_STATE=getMsg HTTP/1.1" 200 27
116.238.141.202 - - [16/Apr/2021:10:45:03 +0800] "GET /xingrg/kc/base/wldb_order_operate.html?command=get_materiel&rest_code=00102&base_code=0010476&code=00101019306 HTTP/1.1" 200 464
61.165.42.208 - - [16/Apr/2021:10:45:05 +0800] "POST /xingrg/kc/buy/cgsh_list_operate.html HTTP/1.1" 200 579
124.77.71.179 - - [16/Apr/2021:10:45:06 +0800] "GET /xingrg/all/function/internal_message.html?_=1618541097754&CODE_STATE=getMsg HTTP/1.1" 200 27
124.77.71.179 - - [16/Apr/2021:10:45:06 +0800] "GET /xingrg/check_reg.html?_=1618541097757 HTTP/1.1" 200 22
61.165.42.208 - - [16/Apr/2021:10:45:06 +0800] "GET /xingrg/kc/buy/cgsh_order_info.html?code=212021041606440 HTTP/1.1" 200 62204
61.165.42.208 - - [16/Apr/2021:10:45:06 +0800] "GET /xingrg/words/20210415145715_words.js HTTP/1.1" 304 -
61.165.42.208 - - [16/Apr/2021:10:45:06 +0800] "GET /xingrg/javascript/easyui/themes/default/validatebox.css HTTP/1.1" 404 1104
61.165.42.208 - - [16/Apr/2021:10:45:06 +0800] "GET /xingrg/all/common/auto_word.html?type=employee&rest_code=00105 HTTP/1.1" 200 193
61.165.42.208 - - [16/Apr/2021:10:45:06 +0800] "GET /xingrg/all/common/auto_word.html?type=employee&rest_code=00105 HTTP/1.1" 200 193
116.224.253.72 - - [16/Apr/2021:10:45:06 +0800] "GET /xingrg/check_reg.html?_=1618541095329 HTTP/1.1" 200 22
114.86.187.76 - - [16/Apr/2021:10:45:07 +0800] "GET /xingrg/kc/buy/cgsh_order_operate.html?command=get_materiel&rest_code=00148&code=00101020113&supplier_code=00100323&order_time=2021-04-16 HTTP/1.1" 200 409
114.86.187.76 - - [16/Apr/2021:10:45:07 +0800] "GET /xingrg/javascript/easyui/themes/default/images/button_plain_hover.png HTTP/1.1" 304 -
117.185.32.26 - - [16/Apr/2021:10:45:07 +0800] "GET /xingrg/all/function/internal_message.html?_=1618541103388&CODE_STATE=getMsg HTTP/1.1" 200 27
61.165.42.208 - - [16/Apr/2021:10:45:07 +0800] "POST /xingrg/kc/buy/cgsh_order_operate.html HTTP/1.1" 200 5627
116.224.253.72 - - [16/Apr/2021:10:45:08 +0800] "GET /xingrg/all/function/internal_message.html?_=1618541097127&CODE_STATE=getMsg HTTP/1.1" 200 27
61.165.42.208 - - [16/Apr/2021:10:45:09 +0800] "GET /xingrg/javascript/auto/indicator.gif HTTP/1.1" 404 1066
116.238.141.202 - - [16/Apr/2021:10:45:09 +0800] "GET /xingrg/kc/base/wldb_order_operate.html?command=get_materiel&rest_code=00102&base_code=0010476&code=00101019461 HTTP/1.1" 200 476
183.192.164.71 - - [16/Apr/2021:10:45:10 +0800] "GET /xingrg/all/function/internal_message.html?_=1618541043431&CODE_STATE=getMsg HTTP/1.1" 302 -
116.230.114.112 - - [16/Apr/2021:10:45:12 +0800] "GET /xingrg/check_reg.html?_=1618541135913 HTTP/1.1" 302 -
116.230.114.112 - - [16/Apr/2021:10:45:15 +0800] "GET /xingrg/all/function/internal_message.html?_=1618541138265&CODE_STATE=getMsg HTTP/1.1" 302 -
116.238.141.202 - - [16/Apr/2021:10:45:16 +0800] "GET /xingrg/all/function/internal_message.html?_=1618541391820&CODE_STATE=getMsg HTTP/1.1" 200 27
114.88.167.174 - - [16/Apr/2021:10:45:16 +0800] "GET /xingrg/kc/buy/cgsh_order_operate.html?command=get_materiel&rest_code=00111&code=00101004067&supplier_code=00100312&order_time=2021-04-16 HTTP/1.1" 200 435
183.192.164.71 - - [16/Apr/2021:10:45:17 +0800] "GET /xingrg/login.html HTTP/1.1" 200 7641
114.88.156.246 - - [16/Apr/2021:10:45:19 +0800] "GET /xingrg/kc/buy/cgsh_order_operate.html?command=get_materiel&rest_code=00141&code=00101012019&supplier_code=00100036&order_time=2021-04-16 HTTP/1.1" 200 412
117.185.32.26 - - [16/Apr/2021:10:45:19 +0800] "GET /xingrg/javascript/easyui/themes/default/tree.css HTTP/1.1" 404 1090
117.185.32.26 - - [16/Apr/2021:10:45:19 +0800] "POST /xingrg/all/common/load_tree.html?tree=supplier_tree_json&isDelete=1 HTTP/1.1" 200 54827
114.86.187.76 - - [16/Apr/2021:10:45:20 +0800] "GET /xingrg/all/function/internal_message.html?_=1618541128224&CODE_STATE=getMsg HTTP/1.1" 200 27
61.165.42.208 - - [16/Apr/2021:10:45:20 +0800] "GET /xingrg/kc/buy/cgsh_order_operate.html?command=get_materiel&rest_code=00105&code=00101009016&supplier_code=00100024&order_time=2021-04-16 HTTP/1.1" 200 412
114.86.187.76 - - [16/Apr/2021:10:45:20 +0800] "GET /xingrg/kc/buy/cgsh_order_operate.html?command=get_materiel&rest_code=00148&code=00101007039&supplier_code=00100323&order_time=2021-04-16 HTTP/1.1" 200 413
114.86.187.76 - - [16/Apr/2021:10:45:20 +0800] "GET /xingrg/javascript/easyui/themes/default/images/button_plain_hover.png HTTP/1.1" 304 -
222.70.217.33 - - [16/Apr/2021:10:45:23 +0800] "GET /xingrg/kc/buy/cgsh_order_operate.html?command=get_materiel&rest_code=00155&code=00101007044&supplier_code=00100266&order_time=2021-04-16 HTTP/1.1" 200 422
222.69.129.85 - - [16/Apr/2021:10:45:26 +0800] "GET /xingrg/all/function/internal_message.html?_=1618541124710&CODE_STATE=getMsg HTTP/1.1" 200 27
114.88.156.246 - - [16/Apr/2021:10:45:26 +0800] "GET /xingrg/kc/buy/cgsh_order_operate.html?command=get_materiel&rest_code=00141&code=00101016010&supplier_code=00100036&order_time=2021-04-16 HTTP/1.1" 200 408
116.224.253.72 - - [16/Apr/2021:10:45:26 +0800] "GET /xingrg/all/function/internal_message.html?_=1618541125561&CODE_STATE=getMsg HTTP/1.1" 200 27
116.238.141.202 - - [16/Apr/2021:10:45:27 +0800] "POST /xingrg/kc/base/wldb_order_operate.html HTTP/1.1" 200 37
61.165.42.208 - - [16/Apr/2021:10:45:30 +0800] "GET /xingrg/kc/buy/cgsh_order_operate.html?command=get_materiel&rest_code=00105&code=00101009013&supplier_code=00100024&order_time=2021-04-16 HTTP/1.1" 200 420
116.238.141.202 - - [16/Apr/2021:10:45:31 +0800] "POST /xingrg/kc/base/wldb_order_operate.html HTTP/1.1" 200 12
116.238.141.202 - - [16/Apr/2021:10:45:31 +0800] "POST /xingrg/kc/base/wldb_order_operate.html HTTP/1.1" 200 5213
116.238.141.202 - - [16/Apr/2021:10:45:32 +0800] "GET /xingrg/kc/base/wldb_order_info.html?code=422021041601569 HTTP/1.1" 200 26419
114.88.156.246 - - [16/Apr/2021:10:45:34 +0800] "GET /xingrg/kc/buy/cgsh_order_operate.html?command=get_materiel&rest_code=00141&code=00101011005&supplier_code=00100036&order_time=2021-04-16 HTTP/1.1" 200 428
116.238.141.202 - - [16/Apr/2021:10:45:34 +0800] "POST /xingrg/kc/base/wldb_order_operate.html HTTP/1.1" 200 3440
116.238.141.202 - - [16/Apr/2021:10:45:36 +0800] "GET /xingrg/javascript/easyui/themes/default/validatebox.css HTTP/1.1" 404 1104
222.70.217.33 - - [16/Apr/2021:10:45:36 +0800] "POST /xingrg/kc/buy/cgsh_order_operate.html HTTP/1.1" 200 37
114.86.187.76 - - [16/Apr/2021:10:45:36 +0800] "GET /xingrg/kc/buy/cgsh_order_operate.html?command=get_materiel&rest_code=00148&code=00101010616&supplier_code=00100323&order_time=2021-04-16 HTTP/1.1" 200 395
114.86.187.76 - - [16/Apr/2021:10:45:36 +0800] "GET /xingrg/javascript/easyui/themes/default/images/button_plain_hover.png HTTP/1.1" 304 -
114.88.156.246 - - [16/Apr/2021:10:45:37 +0800] "GET /xingrg/all/function/internal_message.html?_=1618541151853&CODE_STATE=getMsg HTTP/1.1" 200 27
61.165.42.208 - - [16/Apr/2021:10:45:37 +0800] "GET /xingrg/kc/buy/cgsh_order_operate.html?command=get_materiel&rest_code=00105&code=00101009007&supplier_code=00100024&order_time=2021-04-16 HTTP/1.1" 200 408
222.70.217.33 - - [16/Apr/2021:10:45:38 +0800] "POST /xingrg/kc/buy/cgsh_order_operate.html HTTP/1.1" 200 6821
222.70.217.33 - - [16/Apr/2021:10:45:39 +0800] "GET /xingrg/all/function/internal_message.html?_=1618541137949&CODE_STATE=getMsg HTTP/1.1" 200 27
222.70.217.33 - - [16/Apr/2021:10:45:40 +0800] "GET /xingrg/kc/print/load_data.html?order_code=212021041606441&kc_code=cgsh&condition= HTTP/1.1" 200 2279
180.169.147.146 - - [16/Apr/2021:10:45:40 +0800] "GET /xingrg/all/function/internal_message.html?_=1618541135494&CODE_STATE=getMsg HTTP/1.1" 200 27
116.238.141.202 - - [16/Apr/2021:10:45:40 +0800] "GET /xingrg/kc/base/wldb_order_add.html HTTP/1.1" 200 30542
114.88.156.246 - - [16/Apr/2021:10:45:41 +0800] "GET /xingrg/kc/buy/cgsh_order_operate.html?command=get_materiel&rest_code=00141&code=00101016025&supplier_code=00100036&order_time=2021-04-16 HTTP/1.1" 200 408
116.238.141.202 - - [16/Apr/2021:10:45:42 +0800] "POST /xingrg/kc/base/wldb_order_operate.html HTTP/1.1" 200 6806
116.238.141.202 - - [16/Apr/2021:10:45:43 +0800] "GET /xingrg/javascript/easyui/themes/default/validatebox.css HTTP/1.1" 404 1104
222.70.217.33 - - [16/Apr/2021:10:45:44 +0800] "GET /xingrg/kc/buy/cgsh_order_add.html HTTP/1.1" 200 62116
114.86.187.76 - - [16/Apr/2021:10:45:44 +0800] "GET /xingrg/javascript/easyui/themes/default/images/button_plain_hover.png HTTP/1.1" 304 -
222.70.217.33 - - [16/Apr/2021:10:45:44 +0800] "POST /xingrg/kc/buy/cgsh_order_operate.html HTTP/1.1" 200 8245
222.70.217.33 - - [16/Apr/2021:10:45:44 +0800] "GET /xingrg/javascript/easyui/themes/default/validatebox.css HTTP/1.1" 404 1104
114.86.187.76 - - [16/Apr/2021:10:45:44 +0800] "GET /xingrg/javascript/easyui/themes/default/images/button_plain_hover.png HTTP/1.1" 304 -
114.86.187.76 - - [16/Apr/2021:10:45:44 +0800] "GET /xingrg/javascript/easyui/themes/default/images/button_plain_hover.png HTTP/1.1" 304 -
114.86.187.76 - - [16/Apr/2021:10:45:44 +0800] "GET /xingrg/javascript/easyui/themes/default/images/button_plain_hover.png HTTP/1.1" 304 -
114.86.187.76 - - [16/Apr/2021:10:45:44 +0800] "GET /xingrg/javascript/easyui/themes/default/images/button_plain_hover.png HTTP/1.1" 304 -
114.86.187.76 - - [16/Apr/2021:10:45:44 +0800] "GET /xingrg/javascript/easyui/themes/default/images/button_plain_hover.png HTTP/1.1" 304 -
114.86.187.76 - - [16/Apr/2021:10:45:44 +0800] "GET /xingrg/javascript/easyui/themes/default/images/button_plain_hover.png HTTP/1.1" 304 -
114.86.187.76 - - [16/Apr/2021:10:45:44 +0800] "GET /xingrg/javascript/easyui/themes/default/images/button_plain_hover.png HTTP/1.1" 304 -
114.86.187.76 - - [16/Apr/2021:10:45:45 +0800] "GET /xingrg/javascript/easyui/themes/default/images/button_plain_hover.png HTTP/1.1" 304 -
114.86.187.76 - - [16/Apr/2021:10:45:45 +0800] "GET /xingrg/javascript/easyui/themes/default/images/button_plain_hover.png HTTP/1.1" 304 -
114.86.187.76 - - [16/Apr/2021:10:45:45 +0800] "GET /xingrg/javascript/easyui/themes/default/images/button_plain_hover.png HTTP/1.1" 304 -
180.169.147.146 - - [16/Apr/2021:10:45:45 +0800] "GET /xingrg/check_reg.html?_=1618541150782 HTTP/1.1" 200 22
180.169.147.146 - - [16/Apr/2021:10:45:45 +0800] "GET /xingrg/all/function/internal_message.html?_=1618541150786&CODE_STATE=getMsg HTTP/1.1" 200 27
114.86.187.76 - - [16/Apr/2021:10:45:48 +0800] "POST /xingrg/kc/buy/cgsh_order_operate.html HTTP/1.1" 200 37
116.233.76.177 - - [16/Apr/2021:10:45:48 +0800] "GET /xingrg/all/function/internal_message.html?_=1618541152385&CODE_STATE=getMsg HTTP/1.1" 200 27
114.86.187.76 - - [16/Apr/2021:10:45:49 +0800] "POST /xingrg/kc/buy/cgsh_order_operate.html HTTP/1.1" 200 3839
114.88.156.246 - - [16/Apr/2021:10:45:50 +0800] "GET /xingrg/kc/buy/cgsh_order_operate.html?command=get_materiel&rest_code=00141&code=00101012051&supplier_code=00100036&order_time=2021-04-16 HTTP/1.1" 200 408
117.185.32.26 - - [16/Apr/2021:10:45:51 +0800] "GET /xingrg/kc/buy/cgsh_order_operate.html?command=get_materiel&rest_code=00106&code=00101007090&supplier_code=00100002&order_time=2021-04-16 HTTP/1.1" 200 414
180.169.147.146 - - [16/Apr/2021:10:45:52 +0800] "GET /xingrg/all/function/internal_message.html?_=1618541152655&CODE_STATE=getMsg HTTP/1.1" 200 27
114.88.156.246 - - [16/Apr/2021:10:45:54 +0800] "GET /xingrg/all/function/internal_message.html?_=1618541182541&CODE_STATE=getMsg HTTP/1.1" 200 27
114.86.187.76 - - [16/Apr/2021:10:45:55 +0800] "GET /xingrg/javascript/easyui/themes/default/images/button_plain_hover.png HTTP/1.1" 304 -
114.86.187.76 - - [16/Apr/2021:10:45:55 +0800] "GET /xingrg/javascript/easyui/themes/default/images/button_plain_hover.png HTTP/1.1" 304 -
114.86.187.76 - - [16/Apr/2021:10:45:55 +0800] "GET /xingrg/javascript/easyui/themes/default/images/button_plain_hover.png HTTP/1.1" 304 -
114.86.187.76 - - [16/Apr/2021:10:45:55 +0800] "GET /xingrg/kc/buy/cgsh_order_add.html HTTP/1.1" 200 62148
114.86.187.76 - - [16/Apr/2021:10:45:55 +0800] "GET /xingrg/css/base.css HTTP/1.1" 304 -
114.86.187.76 - - [16/Apr/2021:10:45:55 +0800] "GET /xingrg/css/site.css HTTP/1.1" 304 -
114.86.187.76 - - [16/Apr/2021:10:45:55 +0800] "GET /xingrg/javascript/jquery_tools/datebox.css HTTP/1.1" 304 -
114.86.187.76 - - [16/Apr/2021:10:45:55 +0800] "GET /xingrg/javascript/jquery_tools/fix.css HTTP/1.1" 304 -
114.86.187.76 - - [16/Apr/2021:10:45:55 +0800] "GET /xingrg/javascript/jquery_tools/table.css HTTP/1.1" 304 -
114.86.187.76 - - [16/Apr/2021:10:45:55 +0800] "GET /xingrg/javascript/easyui/themes/default/easyui.css HTTP/1.1" 304 -
114.86.187.76 - - [16/Apr/2021:10:45:55 +0800] "GET /xingrg/javascript/auto/jquery.autocomplete.css HTTP/1.1" 304 -
114.86.187.76 - - [16/Apr/2021:10:45:55 +0800] "GET /xingrg/javascript/pic_change.js HTTP/1.1" 304 -
114.86.187.76 - - [16/Apr/2021:10:45:55 +0800] "GET /xingrg/javascript/jquery_tools/jquery.tools.extend.js HTTP/1.1" 304 -
114.86.187.76 - - [16/Apr/2021:10:45:55 +0800] "GET /xingrg/javascript/jquery_tools/jquery.tools.hotkey.js HTTP/1.1" 304 -
114.86.187.76 - - [16/Apr/2021:10:45:55 +0800] "GET /xingrg/javascript/jquery_tools/jquery.tools.table.js HTTP/1.1" 304 -
114.86.187.76 - - [16/Apr/2021:10:45:55 +0800] "GET /xingrg/javascript/auto/jquery.autocomplete.js HTTP/1.1" 304 -
114.86.187.76 - - [16/Apr/2021:10:45:55 +0800] "GET /xingrg/javascript/easyui/easyloader.js HTTP/1.1" 304 -
114.86.187.76 - - [16/Apr/2021:10:45:55 +0800] "GET /xingrg/javascript/convert.js HTTP/1.1" 304 -
114.86.187.76 - - [16/Apr/2021:10:45:55 +0800] "GET /xingrg/javascript/jquery_tools/order_manager.js HTTP/1.1" 304 -
114.86.187.76 - - [16/Apr/2021:10:45:55 +0800] "GET /xingrg/javascript/jquery.cookie.js HTTP/1.1" 304 -
114.86.187.76 - - [16/Apr/2021:10:45:55 +0800] "GET /xingrg/javascript/jquery_tools/jquery.tools.min.js HTTP/1.1" 304 -
114.86.187.76 - - [16/Apr/2021:10:45:55 +0800] "GET /xingrg/javascript/print/kc_print.js HTTP/1.1" 304 -
114.86.187.76 - - [16/Apr/2021:10:45:55 +0800] "GET /xingrg/javascript/json2.js HTTP/1.1" 304 -
114.86.187.76 - - [16/Apr/2021:10:45:55 +0800] "GET /xingrg/javascript/jquery.utils.js HTTP/1.1" 304 -
114.86.187.76 - - [16/Apr/2021:10:45:55 +0800] "GET /xingrg/javascript/print/LodopFuncs.js HTTP/1.1" 304 -
114.86.187.76 - - [16/Apr/2021:10:45:55 +0800] "GET /xingrg/javascript/easyui/themes/icon.css HTTP/1.1" 304 -
114.86.187.76 - - [16/Apr/2021:10:45:56 +0800] "GET /xingrg/words/20210415145715_words.js HTTP/1.1" 304 -
114.86.187.76 - - [16/Apr/2021:10:45:56 +0800] "GET /xingrg/javascript/easyui/themes/icons/copy_new.png HTTP/1.1" 304 -
114.86.187.76 - - [16/Apr/2021:10:45:56 +0800] "GET /xingrg/javascript/easyui/themes/icons/template_new.png HTTP/1.1" 304 -
114.86.187.76 - - [16/Apr/2021:10:45:56 +0800] "GET /xingrg/javascript/easyui/themes/icons/print.png HTTP/1.1" 304 -
114.86.187.76 - - [16/Apr/2021:10:45:56 +0800] "GET /xingrg/javascript/easyui/themes/icons/ok.png HTTP/1.1" 304 -
114.86.187.76 - - [16/Apr/2021:10:45:56 +0800] "GET /xingrg/javascript/easyui/themes/icons/cancel.png HTTP/1.1" 304 -
114.86.187.76 - - [16/Apr/2021:10:45:56 +0800] "GET /xingrg/javascript/easyui/themes/default/images/menu_downarrow.png HTTP/1.1" 304 -
114.86.187.76 - - [16/Apr/2021:10:45:56 +0800] "GET /xingrg/javascript/easyui/plugins/jquery.parser.js HTTP/1.1" 304 -
114.86.187.76 - - [16/Apr/2021:10:45:56 +0800] "POST /xingrg/kc/buy/cgsh_order_operate.html HTTP/1.1" 200 8245
114.86.187.76 - - [16/Apr/2021:10:45:56 +0800] "GET /xingrg/all/common/auto_word.html?type=employee&rest_code=00148 HTTP/1.1" 200 197
114.86.187.76 - - [16/Apr/2021:10:45:56 +0800] "GET /xingrg/all/common/auto_word.html?type=employee&rest_code=00148 HTTP/1.1" 200 197
114.86.187.76 - - [16/Apr/2021:10:45:56 +0800] "GET /xingrg/javascript/easyui/themes/default/validatebox.css HTTP/1.1" 404 1104
114.86.187.76 - - [16/Apr/2021:10:45:56 +0800] "GET /xingrg/javascript/easyui/plugins/jquery.validatebox.js HTTP/1.1" 304 -
114.86.187.76 - - [16/Apr/2021:10:45:56 +0800] "GET /xingrg/javascript/easyui/plugins/jquery.numberbox.js HTTP/1.1" 304 -
61.165.42.208 - - [16/Apr/2021:10:45:57 +0800] "GET /xingrg/all/function/internal_message.html?_=1618541158662&CODE_STATE=getMsg HTTP/1.1" 200 27
222.70.217.33 - - [16/Apr/2021:10:45:57 +0800] "GET /xingrg/kc/buy/cgsh_order_operate.html?command=get_materiel&rest_code=00155&code=00101008328&supplier_code=00100338&order_time=2021-04-16 HTTP/1.1" 200 408
116.238.141.202 - - [16/Apr/2021:10:45:59 +0800] "POST /xingrg/all/common/load_combo.html?type=base HTTP/1.1" 200 3060
114.88.156.246 - - [16/Apr/2021:10:46:00 +0800] "GET /xingrg/kc/buy/cgsh_order_operate.html?command=get_materiel&rest_code=00141&code=00101011005&supplier_code=00100036&order_time=2021-04-16 HTTP/1.1" 200 428
114.86.187.76 - - [16/Apr/2021:10:46:00 +0800] "GET /xingrg/javascript/pic_change.js HTTP/1.1" 304 -
114.86.187.76 - - [16/Apr/2021:10:46:00 +0800] "GET /xingrg/javascript/jquery_tools/jquery.tools.extend.js HTTP/1.1" 304 -
114.86.187.76 - - [16/Apr/2021:10:46:00 +0800] "GET /xingrg/javascript/jquery_tools/jquery.tools.min.js HTTP/1.1" 304 -
114.86.187.76 - - [16/Apr/2021:10:46:00 +0800] "GET /xingrg/javascript/jquery_tools/jquery.tools.hotkey.js HTTP/1.1" 304 -
114.86.187.76 - - [16/Apr/2021:10:46:00 +0800] "GET /xingrg/javascript/jquery_tools/jquery.tools.table.js HTTP/1.1" 304 -
114.86.187.76 - - [16/Apr/2021:10:46:00 +0800] "GET /xingrg/javascript/auto/jquery.autocomplete.js HTTP/1.1" 304 -
114.86.187.76 - - [16/Apr/2021:10:46:00 +0800] "GET /xingrg/javascript/easyui/easyloader.js HTTP/1.1" 304 -
114.86.187.76 - - [16/Apr/2021:10:46:00 +0800] "GET /xingrg/javascript/jquery_tools/order_manager.js HTTP/1.1" 304 -
114.86.187.76 - - [16/Apr/2021:10:46:00 +0800] "GET /xingrg/javascript/jquery.utils.js HTTP/1.1" 304 -
114.86.187.76 - - [16/Apr/2021:10:46:00 +0800] "GET /xingrg/javascript/easyui/plugins/jquery.numberbox.js HTTP/1.1" 304 -
114.86.187.76 - - [16/Apr/2021:10:46:00 +0800] "GET /xingrg/words/20210415145715_words.js HTTP/1.1" 304 -
114.86.187.76 - - [16/Apr/2021:10:46:00 +0800] "GET /xingrg/javascript/json2.js HTTP/1.1" 304 -
114.86.187.76 - - [16/Apr/2021:10:46:00 +0800] "GET /xingrg/javascript/print/kc_print.js HTTP/1.1" 304 -
114.86.187.76 - - [16/Apr/2021:10:46:00 +0800] "GET /xingrg/javascript/easyui/plugins/jquery.parser.js HTTP/1.1" 304 -
114.86.187.76 - - [16/Apr/2021:10:46:00 +0800] "GET /xingrg/javascript/easyui/plugins/jquery.validatebox.js HTTP/1.1" 304 -
114.86.187.76 - - [16/Apr/2021:10:46:00 +0800] "GET /xingrg/javascript/jquery.cookie.js HTTP/1.1" 304 -
114.86.187.76 - - [16/Apr/2021:10:46:00 +0800] "GET /xingrg/javascript/print/LodopFuncs.js HTTP/1.1" 304 -
114.86.187.76 - - [16/Apr/2021:10:46:00 +0800] "GET /xingrg/javascript/convert.js HTTP/1.1" 304 -
116.230.114.112 - - [16/Apr/2021:10:46:01 +0800] "GET /xingrg/check_reg.html?_=1618541159819 HTTP/1.1" 200 22
120.253.135.82 - - [16/Apr/2021:10:46:01 +0800] "GET /xingrg/all/function/internal_message.html?_=1618541189767&CODE_STATE=getMsg HTTP/1.1" 200 27
116.230.114.112 - - [16/Apr/2021:10:46:01 +0800] "GET /xingrg/kc/buy/cgsh_order_add.html HTTP/1.1" 200 62154
116.230.114.112 - - [16/Apr/2021:10:46:02 +0800] "POST /xingrg/kc/buy/cgsh_order_operate.html HTTP/1.1" 200 8245
116.230.114.112 - - [16/Apr/2021:10:46:02 +0800] "GET /xingrg/javascript/easyui/themes/default/validatebox.css HTTP/1.1" 404 1104
116.230.114.112 - - [16/Apr/2021:10:46:02 +0800] "GET /xingrg/all/function/internal_message.html?_=1618541160875&CODE_STATE=getMsg HTTP/1.1" 200 27
116.238.141.202 - - [16/Apr/2021:10:46:03 +0800] "POST /xingrg/all/common/load_combo.html?type=base HTTP/1.1" 200 3060
120.253.135.82 - - [16/Apr/2021:10:46:03 +0800] "GET /xingrg/all/function/internal_message.html?_=1618541281897&CODE_STATE=getMsg HTTP/1.1" 200 27
114.86.187.76 - - [16/Apr/2021:10:46:04 +0800] "GET /xingrg/kc/buy/cgsh_order_operate.html?command=get_materiel&rest_code=00148&code=00102009797&supplier_code=00100094&order_time=2021-04-16 HTTP/1.1" 200 412
124.77.71.179 - - [16/Apr/2021:10:46:06 +0800] "GET /xingrg/all/function/internal_message.html?_=1618541157765&CODE_STATE=getMsg HTTP/1.1" 200 27
222.70.217.33 - - [16/Apr/2021:10:46:06 +0800] "POST /xingrg/kc/buy/cgsh_order_operate.html HTTP/1.1" 200 37
117.185.32.26 - - [16/Apr/2021:10:46:07 +0800] "GET /xingrg/all/function/internal_message.html?_=1618541163365&CODE_STATE=getMsg HTTP/1.1" 200 27
222.70.217.33 - - [16/Apr/2021:10:46:07 +0800] "POST /xingrg/kc/buy/cgsh_order_operate.html HTTP/1.1" 200 2653
116.224.253.72 - - [16/Apr/2021:10:46:08 +0800] "GET /xingrg/all/function/internal_message.html?_=1618541157141&CODE_STATE=getMsg HTTP/1.1" 200 27
114.86.187.76 - - [16/Apr/2021:10:46:10 +0800] "GET /xingrg/kc/buy/cgsh_order_operate.html?command=get_materiel&rest_code=00148&code=00101001037&supplier_code=00100094&order_time=2021-04-16 HTTP/1.1" 200 416
222.70.217.33 - - [16/Apr/2021:10:46:10 +0800] "GET /xingrg/kc/print/load_data.html?order_code=212021041606443&kc_code=cgsh&condition= HTTP/1.1" 200 675
114.88.156.246 - - [16/Apr/2021:10:46:12 +0800] "GET /xingrg/kc/buy/cgsh_order_operate.html?command=get_materiel&rest_code=00141&code=00101016053&supplier_code=00100036&order_time=2021-04-16 HTTP/1.1" 200 408
117.185.32.26 - - [16/Apr/2021:10:46:15 +0800] "GET /xingrg/kc/buy/cgsh_order_operate.html?command=get_materiel&rest_code=00106&code=00101007081&supplier_code=00100002&order_time=2021-04-16 HTTP/1.1" 200 415
116.230.114.112 - - [16/Apr/2021:10:46:15 +0800] "GET /xingrg/all/function/internal_message.html?_=1618541198282&CODE_STATE=getMsg HTTP/1.1" 302 -
116.238.141.202 - - [16/Apr/2021:10:46:16 +0800] "GET /xingrg/all/function/internal_message.html?_=1618541451825&CODE_STATE=getMsg HTTP/1.1" 200 27
222.70.217.33 - - [16/Apr/2021:10:46:17 +0800] "GET /xingrg/kc/buy/cgsh_order_add.html HTTP/1.1" 200 62116
222.70.217.33 - - [16/Apr/2021:10:46:17 +0800] "POST /xingrg/kc/buy/cgsh_order_operate.html HTTP/1.1" 200 8245
222.70.217.33 - - [16/Apr/2021:10:46:17 +0800] "GET /xingrg/javascript/easyui/themes/default/validatebox.css HTTP/1.1" 404 1104
116.230.114.112 - - [16/Apr/2021:10:46:18 +0800] "GET /xingrg/kc/buy/cgsh_order_operate.html?command=get_materiel&rest_code=00146&code=00101009010&supplier_code=00100023&order_time=2021-04-16 HTTP/1.1" 200 412
114.86.187.76 - - [16/Apr/2021:10:46:20 +0800] "GET /xingrg/all/function/internal_message.html?_=1618541188236&CODE_STATE=getMsg HTTP/1.1" 200 27
114.88.156.246 - - [16/Apr/2021:10:46:20 +0800] "GET /xingrg/kc/buy/cgsh_order_operate.html?command=get_materiel&rest_code=00141&code=00101016105&supplier_code=00100036&order_time=2021-04-16 HTTP/1.1" 200 409
58.221.95.50 - - [16/Apr/2021:10:46:22 +0800] "GET /xingrg/check_reg.html?_=1618541181365 HTTP/1.1" 302 -
101.227.139.161 - - [16/Apr/2021:10:46:23 +0800] "GET /xingrg/kc/buy/cgsh_order_operate.html?command=get_materiel&rest_code=00141&code=00101012019&supplier_code=00100036&order_time=2021-04-16 HTTP/1.1" 302 -
101.227.139.161 - - [16/Apr/2021:10:46:25 +0800] "GET /xingrg/login.html HTTP/1.1" 200 7641
116.238.141.202 - - [16/Apr/2021:10:46:26 +0800] "GET /xingrg/kc/base/wldb_order_operate.html?command=get_materiel&rest_code=00102&base_code=0010476&code=00101019079 HTTP/1.1" 200 465
222.69.129.85 - - [16/Apr/2021:10:46:26 +0800] "GET /xingrg/all/function/internal_message.html?_=1618541184718&CODE_STATE=getMsg HTTP/1.1" 200 27
116.224.253.72 - - [16/Apr/2021:10:46:26 +0800] "GET /xingrg/all/function/internal_message.html?_=1618541185533&CODE_STATE=getMsg HTTP/1.1" 200 27
117.185.32.26 - - [16/Apr/2021:10:46:29 +0800] "GET /xingrg/kc/buy/cgsh_order_operate.html?command=get_materiel&rest_code=00106&code=00101007063&supplier_code=00100002&order_time=2021-04-16 HTTP/1.1" 200 411
114.88.167.174 - - [16/Apr/2021:10:46:30 +0800] "GET /xingrg/check_reg.html?_=1618541186188 HTTP/1.1" 200 22
114.88.156.246 - - [16/Apr/2021:10:46:31 +0800] "POST /xingrg/kc/buy/cgsh_order_operate.html HTTP/1.1" 200 37
116.238.141.202 - - [16/Apr/2021:10:46:33 +0800] "GET /xingrg/kc/base/wldb_order_operate.html?command=get_materiel&rest_code=00102&base_code=0010476&code=00101019258 HTTP/1.1" 200 469
114.88.156.246 - - [16/Apr/2021:10:46:33 +0800] "POST /xingrg/kc/buy/cgsh_order_operate.html HTTP/1.1" 200 12
114.88.156.246 - - [16/Apr/2021:10:46:34 +0800] "GET /xingrg/kc/buy/cgsh_order_info.html?code=212021041606444 HTTP/1.1" 200 57058
114.88.156.246 - - [16/Apr/2021:10:46:35 +0800] "GET /xingrg/javascript/easyui/themes/default/validatebox.css HTTP/1.1" 404 1104
114.88.156.246 - - [16/Apr/2021:10:46:35 +0800] "POST /xingrg/kc/buy/cgsh_order_operate.html HTTP/1.1" 200 5310
114.88.156.246 - - [16/Apr/2021:10:46:36 +0800] "GET /xingrg/kc/print/load_config.html?kc_code=cgsh HTTP/1.1" 200 1845
114.88.156.246 - - [16/Apr/2021:10:46:36 +0800] "GET /xingrg/kc/print/load_data.html?order_code=212021041606444&kc_code=cgsh&condition= HTTP/1.1" 200 2558
222.70.217.33 - - [16/Apr/2021:10:46:36 +0800] "GET /xingrg/kc/buy/cgsh_order_operate.html?command=get_materiel&rest_code=00155&code=00101019816&supplier_code=00100337&order_time=2021-04-16 HTTP/1.1" 200 435
116.230.114.112 - - [16/Apr/2021:10:46:36 +0800] "GET /xingrg/kc/buy/cgsh_order_operate.html?command=get_materiel&rest_code=00146&code=00101009016&supplier_code=00100023&order_time=2021-04-16 HTTP/1.1" 200 412
114.88.156.246 - - [16/Apr/2021:10:46:39 +0800] "GET /xingrg/all/function/internal_message.html?_=1618541213645&CODE_STATE=getMsg HTTP/1.1" 200 27
222.70.217.33 - - [16/Apr/2021:10:46:39 +0800] "GET /xingrg/all/function/internal_message.html?_=1618541197950&CODE_STATE=getMsg HTTP/1.1" 200 27
114.88.156.246 - - [16/Apr/2021:10:46:40 +0800] "GET /xingrg/kc/buy/cgsh_order_add.html HTTP/1.1" 200 62154
114.88.156.246 - - [16/Apr/2021:10:46:40 +0800] "POST /xingrg/kc/buy/cgsh_order_operate.html HTTP/1.1" 200 8245
114.88.156.246 - - [16/Apr/2021:10:46:40 +0800] "GET /xingrg/all/common/auto_word.html?type=employee&rest_code=00141 HTTP/1.1" 200 201
114.88.156.246 - - [16/Apr/2021:10:46:40 +0800] "GET /xingrg/all/common/auto_word.html?type=employee&rest_code=00141 HTTP/1.1" 200 201
114.88.156.246 - - [16/Apr/2021:10:46:40 +0800] "GET /xingrg/javascript/easyui/themes/default/validatebox.css HTTP/1.1" 404 1104
61.151.178.197 - - [16/Apr/2021:10:46:40 +0800] "GET /xingrg/all/function/internal_message.html?_=1618541151853&CODE_STATE=getMsg HTTP/1.1" 302 -
180.169.147.146 - - [16/Apr/2021:10:46:40 +0800] "GET /xingrg/all/function/internal_message.html?_=1618541195492&CODE_STATE=getMsg HTTP/1.1" 200 27
116.238.141.202 - - [16/Apr/2021:10:46:41 +0800] "GET /xingrg/kc/base/wldb_order_operate.html?command=get_materiel&rest_code=00102&base_code=0010476&code=00101019134 HTTP/1.1" 200 466
61.151.178.197 - - [16/Apr/2021:10:46:43 +0800] "GET /xingrg/login.html HTTP/1.1" 200 7641
180.169.147.146 - - [16/Apr/2021:10:46:45 +0800] "GET /xingrg/all/function/internal_message.html?_=1618541210786&CODE_STATE=getMsg HTTP/1.1" 200 27
116.238.141.202 - - [16/Apr/2021:10:46:46 +0800] "GET /xingrg/kc/base/wldb_order_operate.html?command=get_materiel&rest_code=00102&base_code=0010476&code=00101019438 HTTP/1.1" 200 447
114.88.156.246 - - [16/Apr/2021:10:46:48 +0800] "GET /xingrg/javascript/jquery_tools/images/prev.gif HTTP/1.1" 404 1086
114.88.156.246 - - [16/Apr/2021:10:46:48 +0800] "GET /xingrg/javascript/jquery_tools/images/next.gif HTTP/1.1" 404 1086
116.233.76.177 - - [16/Apr/2021:10:46:48 +0800] "GET /xingrg/all/function/internal_message.html?_=1618541212389&CODE_STATE=getMsg HTTP/1.1" 200 27
222.70.217.33 - - [16/Apr/2021:10:46:50 +0800] "GET /xingrg/kc/buy/cgsh_order_operate.html?command=get_materiel&rest_code=00155&code=00101008483&supplier_code=00100337&order_time=2021-04-16 HTTP/1.1" 200 404
180.169.147.146 - - [16/Apr/2021:10:46:52 +0800] "GET /xingrg/all/function/internal_message.html?_=1618541212657&CODE_STATE=getMsg HTTP/1.1" 200 27
114.88.156.246 - - [16/Apr/2021:10:46:53 +0800] "GET /xingrg/kc/buy/cgsh_order_operate.html?command=get_materiel&rest_code=00141&code=00101006111&supplier_code=00100012&order_time=2021-04-16 HTTP/1.1" 200 409
114.86.187.76 - - [16/Apr/2021:10:46:53 +0800] "GET /xingrg/javascript/easyui/themes/default/images/button_plain_hover.png HTTP/1.1" 304 -
114.86.187.76 - - [16/Apr/2021:10:46:53 +0800] "GET /xingrg/javascript/easyui/themes/default/images/button_plain_hover.png HTTP/1.1" 304 -
114.86.187.76 - - [16/Apr/2021:10:46:53 +0800] "GET /xingrg/javascript/easyui/themes/default/images/button_plain_hover.png HTTP/1.1" 304 -
114.86.187.76 - - [16/Apr/2021:10:46:54 +0800] "GET /xingrg/javascript/easyui/themes/default/images/button_plain_hover.png HTTP/1.1" 304 -
114.88.156.246 - - [16/Apr/2021:10:46:54 +0800] "GET /xingrg/all/function/internal_message.html?_=1618541242509&CODE_STATE=getMsg HTTP/1.1" 200 27
114.86.187.76 - - [16/Apr/2021:10:46:56 +0800] "POST /xingrg/kc/buy/cgsh_order_operate.html HTTP/1.1" 200 37
117.185.32.26 - - [16/Apr/2021:10:46:56 +0800] "GET /xingrg/kc/buy/cgsh_order_operate.html?command=get_materiel&rest_code=00106&code=00101007059&supplier_code=00100002&order_time=2021-04-16 HTTP/1.1" 200 409
61.165.42.208 - - [16/Apr/2021:10:46:57 +0800] "GET /xingrg/all/function/internal_message.html?_=1618541218662&CODE_STATE=getMsg HTTP/1.1" 200 27
114.86.187.76 - - [16/Apr/2021:10:46:59 +0800] "POST /xingrg/kc/buy/cgsh_order_operate.html HTTP/1.1" 200 2663
114.86.187.76 - - [16/Apr/2021:10:46:59 +0800] "GET /xingrg/javascript/easyui/themes/default/images/button_plain_hover.png HTTP/1.1" 304 -
114.86.187.76 - - [16/Apr/2021:10:46:59 +0800] "GET /xingrg/javascript/easyui/themes/default/images/button_plain_hover.png HTTP/1.1" 304 -
114.86.187.76 - - [16/Apr/2021:10:46:59 +0800] "GET /xingrg/javascript/easyui/themes/default/images/button_plain_hover.png HTTP/1.1" 304 -
114.86.187.76 - - [16/Apr/2021:10:47:01 +0800] "GET /xingrg/css/base.css HTTP/1.1" 304 -
114.86.187.76 - - [16/Apr/2021:10:47:01 +0800] "GET /xingrg/css/site.css HTTP/1.1" 304 -
114.86.187.76 - - [16/Apr/2021:10:47:01 +0800] "GET /xingrg/javascript/jquery_tools/datebox.css HTTP/1.1" 304 -
114.86.187.76 - - [16/Apr/2021:10:47:01 +0800] "GET /xingrg/javascript/easyui/themes/default/easyui.css HTTP/1.1" 304 -
114.86.187.76 - - [16/Apr/2021:10:47:01 +0800] "GET /xingrg/javascript/jquery_tools/table.css HTTP/1.1" 304 -
114.86.187.76 - - [16/Apr/2021:10:47:01 +0800] "GET /xingrg/kc/buy/cgsh_order_add.html HTTP/1.1" 200 62148
114.86.187.76 - - [16/Apr/2021:10:47:01 +0800] "GET /xingrg/javascript/pic_change.js HTTP/1.1" 304 -
114.86.187.76 - - [16/Apr/2021:10:47:01 +0800] "GET /xingrg/javascript/easyui/themes/icon.css HTTP/1.1" 304 -
114.86.187.76 - - [16/Apr/2021:10:47:01 +0800] "GET /xingrg/javascript/auto/jquery.autocomplete.css HTTP/1.1" 304 -
114.86.187.76 - - [16/Apr/2021:10:47:01 +0800] "GET /xingrg/javascript/jquery_tools/jquery.tools.min.js HTTP/1.1" 304 -
114.86.187.76 - - [16/Apr/2021:10:47:01 +0800] "GET /xingrg/javascript/jquery_tools/jquery.tools.extend.js HTTP/1.1" 304 -
114.86.187.76 - - [16/Apr/2021:10:47:01 +0800] "GET /xingrg/javascript/auto/jquery.autocomplete.js HTTP/1.1" 304 -
114.86.187.76 - - [16/Apr/2021:10:47:01 +0800] "GET /xingrg/javascript/jquery_tools/jquery.tools.hotkey.js HTTP/1.1" 304 -
114.86.187.76 - - [16/Apr/2021:10:47:01 +0800] "GET /xingrg/javascript/easyui/easyloader.js HTTP/1.1" 304 -
114.86.187.76 - - [16/Apr/2021:10:47:01 +0800] "GET /xingrg/javascript/json2.js HTTP/1.1" 304 -
114.86.187.76 - - [16/Apr/2021:10:47:01 +0800] "GET /xingrg/javascript/jquery.utils.js HTTP/1.1" 304 -
114.86.187.76 - - [16/Apr/2021:10:47:01 +0800] "GET /xingrg/javascript/jquery_tools/fix.css HTTP/1.1" 304 -
114.86.187.76 - - [16/Apr/2021:10:47:01 +0800] "GET /xingrg/javascript/jquery_tools/order_manager.js HTTP/1.1" 304 -
120.253.135.82 - - [16/Apr/2021:10:47:01 +0800] "GET /xingrg/all/function/internal_message.html?_=1618541249780&CODE_STATE=getMsg HTTP/1.1" 200 27
114.86.187.76 - - [16/Apr/2021:10:47:01 +0800] "GET /xingrg/javascript/print/kc_print.js HTTP/1.1" 304 -
114.86.187.76 - - [16/Apr/2021:10:47:01 +0800] "GET /xingrg/javascript/jquery_tools/jquery.tools.table.js HTTP/1.1" 304 -
114.86.187.76 - - [16/Apr/2021:10:47:01 +0800] "GET /xingrg/javascript/print/LodopFuncs.js HTTP/1.1" 304 -
114.86.187.76 - - [16/Apr/2021:10:47:01 +0800] "GET /xingrg/javascript/convert.js HTTP/1.1" 304 -
114.86.187.76 - - [16/Apr/2021:10:47:01 +0800] "GET /xingrg/javascript/jquery.cookie.js HTTP/1.1" 304 -
114.86.187.76 - - [16/Apr/2021:10:47:01 +0800] "GET /xingrg/words/20210415145715_words.js HTTP/1.1" 304 -
114.86.187.76 - - [16/Apr/2021:10:47:01 +0800] "GET /xingrg/javascript/easyui/themes/icons/copy_new.png HTTP/1.1" 304 -
114.86.187.76 - - [16/Apr/2021:10:47:01 +0800] "GET /xingrg/javascript/easyui/themes/icons/template_new.png HTTP/1.1" 304 -
114.86.187.76 - - [16/Apr/2021:10:47:01 +0800] "GET /xingrg/javascript/easyui/themes/icons/ok.png HTTP/1.1" 304 -
114.86.187.76 - - [16/Apr/2021:10:47:01 +0800] "GET /xingrg/javascript/easyui/themes/default/images/menu_downarrow.png HTTP/1.1" 304 -
114.86.187.76 - - [16/Apr/2021:10:47:01 +0800] "GET /xingrg/javascript/easyui/themes/icons/print.png HTTP/1.1" 304 -
114.86.187.76 - - [16/Apr/2021:10:47:01 +0800] "GET /xingrg/javascript/easyui/themes/icons/cancel.png HTTP/1.1" 304 -
114.86.187.76 - - [16/Apr/2021:10:47:01 +0800] "GET /xingrg/javascript/easyui/plugins/jquery.parser.js HTTP/1.1" 304 -
114.86.187.76 - - [16/Apr/2021:10:47:01 +0800] "POST /xingrg/kc/buy/cgsh_order_operate.html HTTP/1.1" 200 8245
114.86.187.76 - - [16/Apr/2021:10:47:01 +0800] "GET /xingrg/all/common/auto_word.html?type=employee&rest_code=00148 HTTP/1.1" 200 197
114.86.187.76 - - [16/Apr/2021:10:47:01 +0800] "GET /xingrg/all/common/auto_word.html?type=employee&rest_code=00148 HTTP/1.1" 200 197
114.86.187.76 - - [16/Apr/2021:10:47:01 +0800] "GET /xingrg/javascript/easyui/themes/default/validatebox.css HTTP/1.1" 404 1104
114.86.187.76 - - [16/Apr/2021:10:47:01 +0800] "GET /xingrg/javascript/easyui/plugins/jquery.validatebox.js HTTP/1.1" 304 -
114.86.187.76 - - [16/Apr/2021:10:47:01 +0800] "GET /xingrg/javascript/easyui/plugins/jquery.numberbox.js HTTP/1.1" 304 -
222.70.217.33 - - [16/Apr/2021:10:47:02 +0800] "GET /xingrg/kc/buy/cgsh_order_operate.html?command=get_materiel&rest_code=00155&code=00101013206&supplier_code=00100337&order_time=2021-04-16 HTTP/1.1" 200 413
116.230.114.112 - - [16/Apr/2021:10:47:02 +0800] "GET /xingrg/all/function/internal_message.html?_=1618541220875&CODE_STATE=getMsg HTTP/1.1" 200 27
120.253.135.82 - - [16/Apr/2021:10:47:03 +0800] "GET /xingrg/all/function/internal_message.html?_=1618541341929&CODE_STATE=getMsg HTTP/1.1" 200 27
116.238.141.202 - - [16/Apr/2021:10:47:04 +0800] "GET /xingrg/kc/base/wldb_order_operate.html?command=get_materiel&rest_code=00102&base_code=0010476&code=00101019529 HTTP/1.1" 200 475
114.86.187.76 - - [16/Apr/2021:10:47:05 +0800] "GET /xingrg/javascript/pic_change.js HTTP/1.1" 304 -
114.86.187.76 - - [16/Apr/2021:10:47:05 +0800] "GET /xingrg/javascript/jquery_tools/jquery.tools.min.js HTTP/1.1" 304 -
114.86.187.76 - - [16/Apr/2021:10:47:05 +0800] "GET /xingrg/javascript/jquery_tools/jquery.tools.extend.js HTTP/1.1" 304 -
114.86.187.76 - - [16/Apr/2021:10:47:05 +0800] "GET /xingrg/javascript/jquery_tools/jquery.tools.hotkey.js HTTP/1.1" 304 -
114.86.187.76 - - [16/Apr/2021:10:47:05 +0800] "GET /xingrg/javascript/jquery_tools/jquery.tools.table.js HTTP/1.1" 304 -
114.86.187.76 - - [16/Apr/2021:10:47:05 +0800] "GET /xingrg/javascript/auto/jquery.autocomplete.js HTTP/1.1" 304 -
114.86.187.76 - - [16/Apr/2021:10:47:05 +0800] "GET /xingrg/javascript/easyui/easyloader.js HTTP/1.1" 304 -
114.86.187.76 - - [16/Apr/2021:10:47:05 +0800] "GET /xingrg/javascript/jquery.utils.js HTTP/1.1" 304 -
114.86.187.76 - - [16/Apr/2021:10:47:05 +0800] "GET /xingrg/javascript/print/LodopFuncs.js HTTP/1.1" 304 -
114.86.187.76 - - [16/Apr/2021:10:47:05 +0800] "GET /xingrg/javascript/jquery_tools/order_manager.js HTTP/1.1" 304 -
114.86.187.76 - - [16/Apr/2021:10:47:05 +0800] "GET /xingrg/javascript/jquery.cookie.js HTTP/1.1" 304 -
114.86.187.76 - - [16/Apr/2021:10:47:05 +0800] "GET /xingrg/javascript/convert.js HTTP/1.1" 304 -
114.86.187.76 - - [16/Apr/2021:10:47:05 +0800] "GET /xingrg/javascript/print/kc_print.js HTTP/1.1" 304 -
114.86.187.76 - - [16/Apr/2021:10:47:05 +0800] "GET /xingrg/javascript/json2.js HTTP/1.1" 304 -
114.86.187.76 - - [16/Apr/2021:10:47:05 +0800] "GET /xingrg/javascript/easyui/plugins/jquery.validatebox.js HTTP/1.1" 304 -
114.86.187.76 - - [16/Apr/2021:10:47:05 +0800] "GET /xingrg/words/20210415145715_words.js HTTP/1.1" 304 -
114.86.187.76 - - [16/Apr/2021:10:47:05 +0800] "GET /xingrg/javascript/easyui/plugins/jquery.parser.js HTTP/1.1" 304 -
114.86.187.76 - - [16/Apr/2021:10:47:05 +0800] "GET /xingrg/javascript/easyui/plugins/jquery.numberbox.js HTTP/1.1" 304 -
124.77.71.179 - - [16/Apr/2021:10:47:06 +0800] "GET /xingrg/all/function/internal_message.html?_=1618541217763&CODE_STATE=getMsg HTTP/1.1" 200 27
117.185.32.26 - - [16/Apr/2021:10:47:06 +0800] "GET /xingrg/check_reg.html?_=1618541222628 HTTP/1.1" 200 22
117.185.32.26 - - [16/Apr/2021:10:47:07 +0800] "GET /xingrg/all/function/internal_message.html?_=1618541223345&CODE_STATE=getMsg HTTP/1.1" 200 27
117.185.32.26 - - [16/Apr/2021:10:47:08 +0800] "GET /xingrg/kc/buy/cgsh_order_operate.html?command=get_materiel&rest_code=00106&code=00101007077&supplier_code=00100002&order_time=2021-04-16 HTTP/1.1" 200 415
116.224.253.72 - - [16/Apr/2021:10:47:08 +0800] "GET /xingrg/all/function/internal_message.html?_=1618541217153&CODE_STATE=getMsg HTTP/1.1" 200 27
114.88.156.246 - - [16/Apr/2021:10:47:09 +0800] "GET /xingrg/kc/buy/cgsh_order_operate.html?command=get_materiel&rest_code=00141&code=00101006109&supplier_code=00100012&order_time=2021-04-16 HTTP/1.1" 200 409
222.70.217.33 - - [16/Apr/2021:10:47:11 +0800] "GET /xingrg/kc/buy/cgsh_order_operate.html?command=get_materiel&rest_code=00155&code=00101010021&supplier_code=00100337&order_time=2021-04-16 HTTP/1.1" 200 413
116.238.141.202 - - [16/Apr/2021:10:47:12 +0800] "GET /xingrg/kc/base/wldb_order_operate.html?command=get_materiel&rest_code=00102&base_code=0010476&code=00101013117 HTTP/1.1" 200 431
180.169.147.146 - - [16/Apr/2021:10:47:12 +0800] "POST /xingrg/login.do HTTP/1.1" 302 -
180.169.147.146 - - [16/Apr/2021:10:47:12 +0800] "GET /xingrg/index.html?sysBaseUrl=http%3A%2F%2F180.169.147.146%3A18081%2Fxingrg%2F&costTime=39×tamp=1618541232749 HTTP/1.1" 200 17503
180.169.147.146 - - [16/Apr/2021:10:47:13 +0800] "POST /xingrg/all/common/load_tree.html?tree=area_rest_tree_json&manage=1 HTTP/1.1" 200 3344
180.169.147.146 - - [16/Apr/2021:10:47:13 +0800] "GET /xingrg/check_reg.html?_=1618541245111 HTTP/1.1" 200 22
180.169.147.146 - - [16/Apr/2021:10:47:13 +0800] "GET /xingrg/all/function/internal_message.html?_=1618541245109&CODE_STATE=count HTTP/1.1" 200 11
180.169.147.146 - - [16/Apr/2021:10:47:13 +0800] "GET /favicon.ico HTTP/1.1" 404 -
180.169.147.146 - - [16/Apr/2021:10:47:13 +0800] "POST /xingrg/load_menu.html HTTP/1.1" 200 11443
116.230.114.112 - - [16/Apr/2021:10:47:15 +0800] "GET /xingrg/all/function/internal_message.html?_=1618541258292&CODE_STATE=getMsg HTTP/1.1" 302 -
116.238.141.202 - - [16/Apr/2021:10:47:16 +0800] "GET /xingrg/all/function/internal_message.html?_=1618541511840&CODE_STATE=getMsg HTTP/1.1" 200 27
