222.70.217.33 - - [16/Apr/2021:09:43:39 +0800] "GET /xingrg/all/function/internal_message.html?_=1618537417951&CODE_STATE=getMsg HTTP/1.1" 200 27
222.70.217.33 - - [16/Apr/2021:09:43:39 +0800] "GET /xingrg/check_reg.html?_=1618537417953 HTTP/1.1" 200 22
180.169.147.146 - - [16/Apr/2021:09:43:40 +0800] "GET /xingrg/all/function/internal_message.html?_=1618537415203&CODE_STATE=getMsg HTTP/1.1" 200 27
180.169.147.146 - - [16/Apr/2021:09:43:45 +0800] "GET /xingrg/all/function/internal_message.html?_=1618537430581&CODE_STATE=getMsg HTTP/1.1" 200 27
116.233.76.177 - - [16/Apr/2021:09:43:48 +0800] "GET /xingrg/all/function/internal_message.html?_=1618537432256&CODE_STATE=getMsg HTTP/1.1" 200 27
116.238.141.202 - - [16/Apr/2021:09:43:49 +0800] "GET /xingrg/all/function/internal_message.html?_=1618537704893&CODE_STATE=getMsg HTTP/1.1" 200 27
116.224.253.72 - - [16/Apr/2021:09:43:51 +0800] "GET /xingrg/all/function/internal_message.html?_=1618537430405&CODE_STATE=getMsg HTTP/1.1" 200 27
114.88.156.246 - - [16/Apr/2021:09:43:55 +0800] "GET /xingrg/all/function/internal_message.html?_=1618537464036&CODE_STATE=getMsg HTTP/1.1" 200 27
101.85.94.178 - - [16/Apr/2021:09:44:03 +0800] "GET /xingrg/all/function/internal_message.html?_=1618536981456&CODE_STATE=getMsg HTTP/1.1" 200 27
114.88.167.174 - - [16/Apr/2021:09:44:03 +0800] "GET /xingrg/all/function/internal_message.html?_=1618537438944&CODE_STATE=getMsg HTTP/1.1" 200 27
116.224.253.72 - - [16/Apr/2021:09:44:07 +0800] "GET /xingrg/all/function/internal_message.html?_=1618537435487&CODE_STATE=getMsg HTTP/1.1" 200 27
116.230.114.112 - - [16/Apr/2021:09:44:11 +0800] "GET /xingrg/all/function/internal_message.html?_=1618537449880&CODE_STATE=getMsg HTTP/1.1" 200 27
61.165.42.208 - - [16/Apr/2021:09:44:14 +0800] "GET /xingrg/all/function/internal_message.html?_=1618537455916&CODE_STATE=getMsg HTTP/1.1" 200 27
61.165.42.208 - - [16/Apr/2021:09:44:14 +0800] "GET /xingrg/check_reg.html?_=1618537456009 HTTP/1.1" 200 22
116.230.114.112 - - [16/Apr/2021:09:44:14 +0800] "GET /xingrg/all/function/internal_message.html?_=1618537477436&CODE_STATE=getMsg HTTP/1.1" 302 -
222.69.129.85 - - [16/Apr/2021:09:44:26 +0800] "GET /xingrg/all/function/internal_message.html?_=1618537464512&CODE_STATE=getMsg HTTP/1.1" 200 27
222.69.129.85 - - [16/Apr/2021:09:44:26 +0800] "GET /xingrg/check_reg.html?_=1618537464509 HTTP/1.1" 200 22
120.253.135.82 - - [16/Apr/2021:09:44:31 +0800] "GET /xingrg/all/function/internal_message.html?_=1618537499715&CODE_STATE=getMsg HTTP/1.1" 200 27
124.77.71.179 - - [16/Apr/2021:09:44:33 +0800] "GET /xingrg/all/function/internal_message.html?_=1618537465071&CODE_STATE=getMsg HTTP/1.1" 200 27
180.169.147.146 - - [16/Apr/2021:09:44:34 +0800] "GET /favicon.ico HTTP/1.1" 404 -
222.70.217.33 - - [16/Apr/2021:09:44:39 +0800] "GET /xingrg/all/function/internal_message.html?_=1618537477945&CODE_STATE=getMsg HTTP/1.1" 200 27
180.169.147.146 - - [16/Apr/2021:09:44:40 +0800] "GET /xingrg/all/function/internal_message.html?_=1618537475202&CODE_STATE=getMsg HTTP/1.1" 200 27
180.169.147.146 - - [16/Apr/2021:09:44:40 +0800] "GET /xingrg/check_reg.html?_=1618537475204 HTTP/1.1" 200 22
116.238.141.202 - - [16/Apr/2021:09:44:41 +0800] "GET /xingrg/check_reg.html?_=1618537757599 HTTP/1.1" 200 22
180.169.147.146 - - [16/Apr/2021:09:44:45 +0800] "GET /xingrg/all/function/internal_message.html?_=1618537490568&CODE_STATE=getMsg HTTP/1.1" 200 27
116.233.76.177 - - [16/Apr/2021:09:44:48 +0800] "GET /xingrg/all/function/internal_message.html?_=1618537492259&CODE_STATE=getMsg HTTP/1.1" 200 27
116.233.76.177 - - [16/Apr/2021:09:44:48 +0800] "GET /xingrg/check_reg.html?_=1618537492262 HTTP/1.1" 200 22
116.238.141.202 - - [16/Apr/2021:09:44:49 +0800] "GET /xingrg/all/function/internal_message.html?_=1618537764897&CODE_STATE=getMsg HTTP/1.1" 200 27
116.224.253.72 - - [16/Apr/2021:09:44:51 +0800] "GET /xingrg/all/function/internal_message.html?_=1618537490413&CODE_STATE=getMsg HTTP/1.1" 200 27
114.88.156.246 - - [16/Apr/2021:09:44:55 +0800] "GET /xingrg/all/function/internal_message.html?_=1618537524008&CODE_STATE=getMsg HTTP/1.1" 200 27
114.88.167.174 - - [16/Apr/2021:09:45:02 +0800] "GET /xingrg/check_reg.html?_=1618537498263 HTTP/1.1" 200 22
101.85.94.178 - - [16/Apr/2021:09:45:03 +0800] "GET /xingrg/all/function/internal_message.html?_=1618537041455&CODE_STATE=getMsg HTTP/1.1" 200 27
114.88.167.174 - - [16/Apr/2021:09:45:03 +0800] "GET /xingrg/all/function/internal_message.html?_=1618537498958&CODE_STATE=getMsg HTTP/1.1" 200 27
116.224.253.72 - - [16/Apr/2021:09:45:06 +0800] "GET /xingrg/check_reg.html?_=1618537494719 HTTP/1.1" 200 22
116.224.253.72 - - [16/Apr/2021:09:45:07 +0800] "GET /xingrg/all/function/internal_message.html?_=1618537495501&CODE_STATE=getMsg HTTP/1.1" 200 27
116.230.114.112 - - [16/Apr/2021:09:45:11 +0800] "GET /xingrg/all/function/internal_message.html?_=1618537509892&CODE_STATE=getMsg HTTP/1.1" 200 27
116.230.114.112 - - [16/Apr/2021:09:45:12 +0800] "GET /xingrg/check_reg.html?_=1618537535831 HTTP/1.1" 302 -
61.165.42.208 - - [16/Apr/2021:09:45:14 +0800] "GET /xingrg/all/function/internal_message.html?_=1618537515915&CODE_STATE=getMsg HTTP/1.1" 200 27
116.230.114.112 - - [16/Apr/2021:09:45:14 +0800] "GET /xingrg/all/function/internal_message.html?_=1618537537449&CODE_STATE=getMsg HTTP/1.1" 302 -
120.253.135.82 - - [16/Apr/2021:09:45:20 +0800] "GET /xingrg/check_reg.html?_=1618537549328 HTTP/1.1" 200 22
222.69.129.85 - - [16/Apr/2021:09:45:26 +0800] "GET /xingrg/all/function/internal_message.html?_=1618537524500&CODE_STATE=getMsg HTTP/1.1" 200 27
120.253.135.82 - - [16/Apr/2021:09:45:31 +0800] "GET /xingrg/all/function/internal_message.html?_=1618537559718&CODE_STATE=getMsg HTTP/1.1" 200 27
124.77.71.179 - - [16/Apr/2021:09:45:33 +0800] "GET /xingrg/all/function/internal_message.html?_=1618537525058&CODE_STATE=getMsg HTTP/1.1" 200 27
222.70.217.33 - - [16/Apr/2021:09:45:39 +0800] "GET /xingrg/all/function/internal_message.html?_=1618537537939&CODE_STATE=getMsg HTTP/1.1" 200 27
180.169.147.146 - - [16/Apr/2021:09:45:40 +0800] "GET /xingrg/all/function/internal_message.html?_=1618537535202&CODE_STATE=getMsg HTTP/1.1" 200 27
180.169.147.146 - - [16/Apr/2021:09:45:45 +0800] "GET /xingrg/check_reg.html?_=1618537550572 HTTP/1.1" 200 22
180.169.147.146 - - [16/Apr/2021:09:45:45 +0800] "GET /xingrg/all/function/internal_message.html?_=1618537550576&CODE_STATE=getMsg HTTP/1.1" 200 27
116.233.76.177 - - [16/Apr/2021:09:45:48 +0800] "GET /xingrg/all/function/internal_message.html?_=1618537552260&CODE_STATE=getMsg HTTP/1.1" 200 27
116.238.141.202 - - [16/Apr/2021:09:45:49 +0800] "GET /xingrg/all/function/internal_message.html?_=1618537824920&CODE_STATE=getMsg HTTP/1.1" 200 27
116.224.253.72 - - [16/Apr/2021:09:45:51 +0800] "GET /xingrg/all/function/internal_message.html?_=1618537550426&CODE_STATE=getMsg HTTP/1.1" 200 27
116.224.253.72 - - [16/Apr/2021:09:45:55 +0800] "GET /xingrg/kc/buy/cgsh_order_list.html HTTP/1.1" 200 46416
114.88.156.246 - - [16/Apr/2021:09:45:55 +0800] "GET /xingrg/all/function/internal_message.html?_=1618537583985&CODE_STATE=getMsg HTTP/1.1" 200 27
116.224.253.72 - - [16/Apr/2021:09:45:56 +0800] "POST /xingrg/kc/buy/cgsh_list_operate.html HTTP/1.1" 200 2052
116.230.114.112 - - [16/Apr/2021:09:46:00 +0800] "POST /xingrg/all/common/load_tree.html?tree=area_rest_tree_json&manage=1 HTTP/1.1" 200 479
116.230.114.112 - - [16/Apr/2021:09:46:00 +0800] "GET /xingrg/all/function/internal_message.html?_=1618537559098&CODE_STATE=count HTTP/1.1" 200 11
116.230.114.112 - - [16/Apr/2021:09:46:00 +0800] "GET /xingrg/check_reg.html?_=1618537559099 HTTP/1.1" 200 22
116.230.114.112 - - [16/Apr/2021:09:46:00 +0800] "GET /favicon.ico HTTP/1.1" 404 -
116.230.114.112 - - [16/Apr/2021:09:46:00 +0800] "POST /xingrg/load_menu.html HTTP/1.1" 200 5138
116.224.253.72 - - [16/Apr/2021:09:46:01 +0800] "POST /xingrg/kc/buy/cgsh_list_operate.html HTTP/1.1" 200 579
101.85.94.178 - - [16/Apr/2021:09:46:03 +0800] "GET /xingrg/all/function/internal_message.html?_=1618537101453&CODE_STATE=getMsg HTTP/1.1" 200 27
114.88.167.174 - - [16/Apr/2021:09:46:03 +0800] "GET /xingrg/all/function/internal_message.html?_=1618537558972&CODE_STATE=getMsg HTTP/1.1" 200 27
116.224.253.72 - - [16/Apr/2021:09:46:03 +0800] "GET /xingrg/kc/buy/cgsh_order_info.html?code=212021041606378 HTTP/1.1" 200 62081
116.224.253.72 - - [16/Apr/2021:09:46:03 +0800] "GET /xingrg/javascript/easyui/themes/default/validatebox.css HTTP/1.1" 404 1104
116.224.253.72 - - [16/Apr/2021:09:46:04 +0800] "POST /xingrg/kc/buy/cgsh_order_operate.html HTTP/1.1" 200 6216
116.224.253.72 - - [16/Apr/2021:09:46:07 +0800] "GET /xingrg/all/function/internal_message.html?_=1618537555514&CODE_STATE=getMsg HTTP/1.1" 200 27
61.165.42.208 - - [16/Apr/2021:09:46:14 +0800] "GET /xingrg/all/function/internal_message.html?_=1618537575916&CODE_STATE=getMsg HTTP/1.1" 200 27
116.230.114.112 - - [16/Apr/2021:09:46:14 +0800] "GET /xingrg/all/function/internal_message.html?_=1618537597467&CODE_STATE=getMsg HTTP/1.1" 302 -
116.230.114.112 - - [16/Apr/2021:09:46:15 +0800] "GET /xingrg/kc/buy/cgsh_order_list.html HTTP/1.1" 200 46416
116.230.114.112 - - [16/Apr/2021:09:46:16 +0800] "POST /xingrg/kc/buy/cgsh_list_operate.html HTTP/1.1" 200 2054
58.221.95.50 - - [16/Apr/2021:09:46:22 +0800] "GET /xingrg/check_reg.html?_=1618537581309 HTTP/1.1" 302 -
222.69.129.85 - - [16/Apr/2021:09:46:26 +0800] "GET /xingrg/all/function/internal_message.html?_=1618537584500&CODE_STATE=getMsg HTTP/1.1" 200 27
120.253.135.82 - - [16/Apr/2021:09:46:31 +0800] "GET /xingrg/all/function/internal_message.html?_=1618537619730&CODE_STATE=getMsg HTTP/1.1" 200 27
124.77.71.179 - - [16/Apr/2021:09:46:33 +0800] "GET /xingrg/all/function/internal_message.html?_=1618537585035&CODE_STATE=getMsg HTTP/1.1" 200 27
114.88.167.174 - - [16/Apr/2021:09:46:34 +0800] "GET /xingrg/kc/buy/cgsh_order_operate.html?command=get_materiel&rest_code=00111&code=00101008357&supplier_code=00100005&order_time=2021-04-16 HTTP/1.1" 200 408
116.230.114.112 - - [16/Apr/2021:09:46:37 +0800] "GET /xingrg/kc/buy/cgsh_order_add.html HTTP/1.1" 200 62154
116.230.114.112 - - [16/Apr/2021:09:46:37 +0800] "POST /xingrg/kc/buy/cgsh_order_operate.html HTTP/1.1" 200 8245
116.230.114.112 - - [16/Apr/2021:09:46:37 +0800] "GET /xingrg/javascript/easyui/themes/default/validatebox.css HTTP/1.1" 404 1104
222.70.217.33 - - [16/Apr/2021:09:46:39 +0800] "GET /xingrg/all/function/internal_message.html?_=1618537597947&CODE_STATE=getMsg HTTP/1.1" 200 27
116.230.114.112 - - [16/Apr/2021:09:46:39 +0800] "GET /xingrg/javascript/auto/indicator.gif HTTP/1.1" 404 1066
180.169.147.146 - - [16/Apr/2021:09:46:40 +0800] "GET /xingrg/all/function/internal_message.html?_=1618537595200&CODE_STATE=getMsg HTTP/1.1" 200 27
116.230.114.112 - - [16/Apr/2021:09:46:41 +0800] "GET /xingrg/javascript/jquery_tools/images/prev.gif HTTP/1.1" 404 1086
116.230.114.112 - - [16/Apr/2021:09:46:41 +0800] "GET /xingrg/javascript/jquery_tools/images/next.gif HTTP/1.1" 404 1086
180.169.147.146 - - [16/Apr/2021:09:46:45 +0800] "GET /xingrg/all/function/internal_message.html?_=1618537610579&CODE_STATE=getMsg HTTP/1.1" 200 27
116.233.76.177 - - [16/Apr/2021:09:46:48 +0800] "GET /xingrg/all/function/internal_message.html?_=1618537612263&CODE_STATE=getMsg HTTP/1.1" 200 27
116.238.141.202 - - [16/Apr/2021:09:46:49 +0800] "GET /xingrg/all/function/internal_message.html?_=1618537885501&CODE_STATE=getMsg HTTP/1.1" 200 27
116.230.114.112 - - [16/Apr/2021:09:46:51 +0800] "GET /xingrg/kc/buy/cgsh_order_operate.html?command=get_materiel&rest_code=00146&code=00101010161&supplier_code=00100041&order_time=2021-04-16 HTTP/1.1" 200 409
116.224.253.72 - - [16/Apr/2021:09:46:51 +0800] "GET /xingrg/all/function/internal_message.html?_=1618537610434&CODE_STATE=getMsg HTTP/1.1" 200 27
114.88.156.246 - - [16/Apr/2021:09:46:55 +0800] "GET /xingrg/all/function/internal_message.html?_=1618537643953&CODE_STATE=getMsg HTTP/1.1" 200 27
116.230.114.112 - - [16/Apr/2021:09:47:00 +0800] "GET /xingrg/all/function/internal_message.html?_=1618537619109&CODE_STATE=getMsg HTTP/1.1" 200 27
114.88.167.174 - - [16/Apr/2021:09:47:01 +0800] "GET /xingrg/kc/buy/cgsh_order_operate.html?command=get_materiel&rest_code=00111&code=00101008230&supplier_code=00100005&order_time=2021-04-16 HTTP/1.1" 200 408
101.85.94.178 - - [16/Apr/2021:09:47:03 +0800] "GET /xingrg/all/function/internal_message.html?_=1618537161453&CODE_STATE=getMsg HTTP/1.1" 200 27
114.88.167.174 - - [16/Apr/2021:09:47:03 +0800] "GET /xingrg/all/function/internal_message.html?_=1618537618985&CODE_STATE=getMsg HTTP/1.1" 200 27
114.88.167.174 - - [16/Apr/2021:09:47:06 +0800] "POST /xingrg/kc/buy/cgsh_order_operate.html HTTP/1.1" 200 2065
116.224.253.72 - - [16/Apr/2021:09:47:07 +0800] "GET /xingrg/all/function/internal_message.html?_=1618537615527&CODE_STATE=getMsg HTTP/1.1" 200 27
116.230.114.112 - - [16/Apr/2021:09:47:08 +0800] "GET /xingrg/kc/buy/cgsh_order_operate.html?command=get_materiel&rest_code=00146&code=00101001111&supplier_code=00100041&order_time=2021-04-16 HTTP/1.1" 200 409
116.231.63.23 - - [16/Apr/2021:09:47:13 +0800] "GET /favicon.ico HTTP/1.1" 404 -
61.165.42.208 - - [16/Apr/2021:09:47:14 +0800] "GET /xingrg/all/function/internal_message.html?_=1618537635917&CODE_STATE=getMsg HTTP/1.1" 200 27
116.230.114.112 - - [16/Apr/2021:09:47:14 +0800] "GET /xingrg/all/function/internal_message.html?_=1618537657477&CODE_STATE=getMsg HTTP/1.1" 302 -
124.77.71.179 - - [16/Apr/2021:09:47:19 +0800] "GET /xingrg/check_reg.html?_=1618537631089 HTTP/1.1" 200 22
222.69.129.85 - - [16/Apr/2021:09:47:26 +0800] "GET /xingrg/all/function/internal_message.html?_=1618537644500&CODE_STATE=getMsg HTTP/1.1" 200 27
116.224.253.72 - - [16/Apr/2021:09:47:27 +0800] "POST /xingrg/kc/buy/cgsh_order_operate.html HTTP/1.1" 200 37
116.224.253.72 - - [16/Apr/2021:09:47:29 +0800] "POST /xingrg/kc/buy/cgsh_order_operate.html HTTP/1.1" 200 12
116.224.253.72 - - [16/Apr/2021:09:47:30 +0800] "GET /xingrg/kc/buy/cgsh_order_info.html?code=212021041606378 HTTP/1.1" 200 56974
116.224.253.72 - - [16/Apr/2021:09:47:31 +0800] "GET /xingrg/javascript/easyui/themes/default/validatebox.css HTTP/1.1" 404 1104
116.230.114.112 - - [16/Apr/2021:09:47:31 +0800] "GET /xingrg/kc/buy/cgsh_order_operate.html?command=get_materiel&rest_code=00146&code=00101001032&supplier_code=00100041&order_time=2021-04-16 HTTP/1.1" 200 413
120.253.135.82 - - [16/Apr/2021:09:47:31 +0800] "GET /xingrg/all/function/internal_message.html?_=1618537679810&CODE_STATE=getMsg HTTP/1.1" 200 27
116.224.253.72 - - [16/Apr/2021:09:47:31 +0800] "POST /xingrg/kc/buy/cgsh_order_operate.html HTTP/1.1" 200 4164
116.224.253.72 - - [16/Apr/2021:09:47:32 +0800] "GET /xingrg/kc/print/load_data.html?order_code=212021041606378&kc_code=cgsh&condition= HTTP/1.1" 200 2072
124.77.71.179 - - [16/Apr/2021:09:47:33 +0800] "GET /xingrg/all/function/internal_message.html?_=1618537645006&CODE_STATE=getMsg HTTP/1.1" 200 27
222.70.217.33 - - [16/Apr/2021:09:47:39 +0800] "GET /xingrg/all/function/internal_message.html?_=1618537657952&CODE_STATE=getMsg HTTP/1.1" 200 27
180.169.147.146 - - [16/Apr/2021:09:47:40 +0800] "GET /xingrg/all/function/internal_message.html?_=1618537655229&CODE_STATE=getMsg HTTP/1.1" 200 27
124.77.71.179 - - [16/Apr/2021:09:47:43 +0800] "GET /xingrg/images/yd/bt.gif HTTP/1.1" 404 1040
124.77.71.179 - - [16/Apr/2021:09:47:43 +0800] "GET /xingrg/kc/buy/cgsh_order_list.html HTTP/1.1" 200 46416
180.169.147.146 - - [16/Apr/2021:09:47:45 +0800] "GET /xingrg/all/function/internal_message.html?_=1618537670598&CODE_STATE=getMsg HTTP/1.1" 200 27
124.77.71.179 - - [16/Apr/2021:09:47:46 +0800] "POST /xingrg/kc/buy/cgsh_list_operate.html HTTP/1.1" 200 3451
61.165.42.208 - - [16/Apr/2021:09:47:47 +0800] "POST /xingrg/services/DataTransmitService HTTP/1.1" 200 524
61.165.42.208 - - [16/Apr/2021:09:47:47 +0800] "POST /xingrg/services/DataTransmitService HTTP/1.1" 200 497
124.77.71.179 - - [16/Apr/2021:09:47:48 +0800] "POST /xingrg/kc/buy/cgsh_list_operate.html HTTP/1.1" 200 424
116.233.76.177 - - [16/Apr/2021:09:47:48 +0800] "GET /xingrg/all/function/internal_message.html?_=1618537672265&CODE_STATE=getMsg HTTP/1.1" 200 27
124.77.71.179 - - [16/Apr/2021:09:47:49 +0800] "GET /xingrg/kc/buy/cgsh_order_info.html?code=212021041305092 HTTP/1.1" 200 62249
124.77.71.179 - - [16/Apr/2021:09:47:49 +0800] "GET /xingrg/javascript/easyui/themes/default/validatebox.css HTTP/1.1" 404 1104
116.238.141.202 - - [16/Apr/2021:09:47:49 +0800] "GET /xingrg/all/function/internal_message.html?_=1618537945516&CODE_STATE=getMsg HTTP/1.1" 200 27
124.77.71.179 - - [16/Apr/2021:09:47:50 +0800] "POST /xingrg/kc/buy/cgsh_order_operate.html HTTP/1.1" 200 4436
116.224.253.72 - - [16/Apr/2021:09:47:51 +0800] "GET /xingrg/check_reg.html?_=1618537670441 HTTP/1.1" 200 22
116.224.253.72 - - [16/Apr/2021:09:47:51 +0800] "GET /xingrg/all/function/internal_message.html?_=1618537670445&CODE_STATE=getMsg HTTP/1.1" 200 27
114.88.167.174 - - [16/Apr/2021:09:47:52 +0800] "GET /xingrg/kc/buy/cgsh_order_operate.html?command=get_materiel&rest_code=00111&code=00101008069&supplier_code=00100005&order_time=2021-04-16 HTTP/1.1" 200 412
116.224.253.72 - - [16/Apr/2021:09:47:54 +0800] "POST /xingrg/all/user/operate.html HTTP/1.1" 200 36
116.224.253.72 - - [16/Apr/2021:09:47:54 +0800] "GET /xingrg/javascript/jquery_easy_ui/themes/default/easyui.css HTTP/1.1" 304 -
116.224.253.72 - - [16/Apr/2021:09:47:54 +0800] "GET /xingrg/index.html?sysBaseUrl=http%3A%2F%2F180.169.147.146%3A18081%2Fxingrg%2F&costTime=92×tamp=1618533255537 HTTP/1.1" 200 17177
116.224.253.72 - - [16/Apr/2021:09:47:54 +0800] "GET /xingrg/javascript/jquery_easy_ui/themes/icon.css HTTP/1.1" 304 -
116.224.253.72 - - [16/Apr/2021:09:47:54 +0800] "GET /xingrg/css/form.css HTTP/1.1" 304 -
116.224.253.72 - - [16/Apr/2021:09:47:54 +0800] "GET /xingrg/javascript/jquery-1.4.2.min.js HTTP/1.1" 304 -
116.224.253.72 - - [16/Apr/2021:09:47:54 +0800] "GET /xingrg/javascript/jquery_easy_ui/jquery.easyui.min.js HTTP/1.1" 304 -
116.224.253.72 - - [16/Apr/2021:09:47:54 +0800] "GET /xingrg/javascript/jquery_easy_ui/easyui-lang-zh_CN.js HTTP/1.1" 304 -
116.224.253.72 - - [16/Apr/2021:09:47:54 +0800] "GET /xingrg/javascript/jquery.form.js HTTP/1.1" 304 -
116.224.253.72 - - [16/Apr/2021:09:47:54 +0800] "GET /xingrg/javascript/jquery.utils.js HTTP/1.1" 304 -
116.224.253.72 - - [16/Apr/2021:09:47:54 +0800] "GET /xingrg/javascript/jquery.timers.js HTTP/1.1" 304 -
116.224.253.72 - - [16/Apr/2021:09:47:54 +0800] "GET /xingrg/images/blue/jxLogo.png HTTP/1.1" 304 -
116.224.253.72 - - [16/Apr/2021:09:47:54 +0800] "GET /xingrg/images/blue/navBackgound.jpg HTTP/1.1" 304 -
116.224.253.72 - - [16/Apr/2021:09:47:54 +0800] "GET /xingrg/javascript/jquery_easy_ui/themes/icons/settle_new.png HTTP/1.1" 304 -
116.224.253.72 - - [16/Apr/2021:09:47:54 +0800] "POST /xingrg/all/common/load_tree.html?tree=area_rest_tree_json&manage=1 HTTP/1.1" 200 476
116.224.253.72 - - [16/Apr/2021:09:47:54 +0800] "GET /xingrg/all/function/internal_message.html?_=1618537673873&CODE_STATE=count HTTP/1.1" 200 11
116.224.253.72 - - [16/Apr/2021:09:47:54 +0800] "GET /xingrg/check_reg.html?_=1618537673874 HTTP/1.1" 200 22
116.224.253.72 - - [16/Apr/2021:09:47:54 +0800] "GET /xingrg/javascript/jquery_easy_ui/themes/default/images/tabs_rightarrow.png HTTP/1.1" 304 -
116.224.253.72 - - [16/Apr/2021:09:47:55 +0800] "GET /xingrg/javascript/jquery_easy_ui/themes/default/images/panel_tool_collapse.gif HTTP/1.1" 304 -
116.224.253.72 - - [16/Apr/2021:09:47:55 +0800] "GET /xingrg/javascript/jquery_easy_ui/themes/default/images/tabs_leftarrow.png HTTP/1.1" 304 -
116.224.253.72 - - [16/Apr/2021:09:47:55 +0800] "GET /xingrg/images/blue/pingpu.png HTTP/1.1" 304 -
116.224.253.72 - - [16/Apr/2021:09:47:55 +0800] "POST /xingrg/load_menu.html HTTP/1.1" 200 5138
124.77.71.179 - - [16/Apr/2021:09:47:55 +0800] "GET /xingrg/javascript/auto/indicator.gif HTTP/1.1" 404 1066
114.88.156.246 - - [16/Apr/2021:09:47:55 +0800] "GET /xingrg/all/function/internal_message.html?_=1618537703927&CODE_STATE=getMsg HTTP/1.1" 200 27
116.224.253.72 - - [16/Apr/2021:09:47:56 +0800] "GET /xingrg/kc/buy/cgsh_order_list.html HTTP/1.1" 200 46414
116.224.253.72 - - [16/Apr/2021:09:47:58 +0800] "POST /xingrg/kc/buy/cgsh_list_operate.html HTTP/1.1" 200 2051
116.224.253.72 - - [16/Apr/2021:09:48:00 +0800] "POST /xingrg/kc/buy/cgsh_list_operate.html HTTP/1.1" 200 277
116.230.114.112 - - [16/Apr/2021:09:48:00 +0800] "GET /xingrg/all/function/internal_message.html?_=1618537679123&CODE_STATE=getMsg HTTP/1.1" 200 27
116.230.114.112 - - [16/Apr/2021:09:48:01 +0800] "GET /xingrg/kc/buy/cgsh_order_operate.html?command=get_materiel&rest_code=00146&code=00101005037&supplier_code=00100041&order_time=2021-04-16 HTTP/1.1" 200 409
116.224.253.72 - - [16/Apr/2021:09:48:01 +0800] "GET /xingrg/kc/buy/cgsh_order_info.html?code=212021041606372 HTTP/1.1" 200 61799
116.224.253.72 - - [16/Apr/2021:09:48:01 +0800] "GET /xingrg/javascript/easyui/themes/default/validatebox.css HTTP/1.1" 404 1104
116.224.253.72 - - [16/Apr/2021:09:48:01 +0800] "POST /xingrg/kc/buy/cgsh_order_operate.html HTTP/1.1" 200 3264
124.77.71.179 - - [16/Apr/2021:09:48:02 +0800] "GET /xingrg/kc/buy/cgsh_order_operate.html?command=get_materiel&rest_code=00107&code=00101001029&supplier_code=00100312&order_time=2021-04-13 HTTP/1.1" 200 415
101.85.94.178 - - [16/Apr/2021:09:48:03 +0800] "GET /xingrg/all/function/internal_message.html?_=1618537221452&CODE_STATE=getMsg HTTP/1.1" 200 27
101.85.94.178 - - [16/Apr/2021:09:48:03 +0800] "GET /xingrg/check_reg.html?_=1618537221499 HTTP/1.1" 200 22
114.88.167.174 - - [16/Apr/2021:09:48:03 +0800] "GET /xingrg/kc/buy/cgsh_order_operate.html?command=get_materiel&rest_code=00111&code=00101008286&supplier_code=00100005&order_time=2021-04-16 HTTP/1.1" 200 408
114.88.167.174 - - [16/Apr/2021:09:48:03 +0800] "GET /xingrg/all/function/internal_message.html?_=1618537678999&CODE_STATE=getMsg HTTP/1.1" 200 27
116.224.253.72 - - [16/Apr/2021:09:48:07 +0800] "GET /xingrg/all/function/internal_message.html?_=1618537675593&CODE_STATE=getMsg HTTP/1.1" 200 27
114.88.167.174 - - [16/Apr/2021:09:48:12 +0800] "GET /xingrg/kc/buy/cgsh_order_operate.html?command=get_materiel&rest_code=00111&code=00101008131&supplier_code=00100005&order_time=2021-04-16 HTTP/1.1" 200 408
116.230.114.112 - - [16/Apr/2021:09:48:12 +0800] "GET /xingrg/kc/buy/cgsh_order_operate.html?command=get_materiel&rest_code=00146&code=00101001075&supplier_code=00100041&order_time=2021-04-16 HTTP/1.1" 200 409
61.165.42.208 - - [16/Apr/2021:09:48:14 +0800] "GET /xingrg/all/function/internal_message.html?_=1618537695916&CODE_STATE=getMsg HTTP/1.1" 200 27
116.230.114.112 - - [16/Apr/2021:09:48:14 +0800] "GET /xingrg/all/function/internal_message.html?_=1618537717495&CODE_STATE=getMsg HTTP/1.1" 302 -
114.88.156.246 - - [16/Apr/2021:09:48:16 +0800] "GET /xingrg/check_reg.html?_=1618537724458 HTTP/1.1" 200 22
222.69.129.85 - - [16/Apr/2021:09:48:26 +0800] "GET /xingrg/all/function/internal_message.html?_=1618537704500&CODE_STATE=getMsg HTTP/1.1" 200 27
114.88.167.174 - - [16/Apr/2021:09:48:26 +0800] "GET /xingrg/kc/buy/cgsh_order_operate.html?command=get_materiel&rest_code=00111&code=00101008371&supplier_code=00100005&order_time=2021-04-16 HTTP/1.1" 200 412
124.77.71.179 - - [16/Apr/2021:09:48:29 +0800] "POST /xingrg/kc/buy/cgsh_order_operate.html HTTP/1.1" 200 37
116.230.114.112 - - [16/Apr/2021:09:48:29 +0800] "GET /xingrg/kc/buy/cgsh_order_operate.html?command=get_materiel&rest_code=00146&code=00101002022&supplier_code=00100041&order_time=2021-04-16 HTTP/1.1" 200 409
120.253.135.82 - - [16/Apr/2021:09:48:31 +0800] "GET /xingrg/all/function/internal_message.html?_=1618537739822&CODE_STATE=getMsg HTTP/1.1" 200 27
124.77.71.179 - - [16/Apr/2021:09:48:31 +0800] "POST /xingrg/kc/buy/cgsh_order_operate.html HTTP/1.1" 200 12
222.70.217.33 - - [16/Apr/2021:09:48:34 +0800] "GET /xingrg/kc/buy/cgsh_order_add.html HTTP/1.1" 200 62116
222.70.217.33 - - [16/Apr/2021:09:48:35 +0800] "POST /xingrg/kc/buy/cgsh_order_operate.html HTTP/1.1" 200 8245
222.70.217.33 - - [16/Apr/2021:09:48:35 +0800] "GET /xingrg/javascript/easyui/themes/default/validatebox.css HTTP/1.1" 404 1104
116.224.253.72 - - [16/Apr/2021:09:48:37 +0800] "POST /xingrg/kc/buy/cgsh_order_operate.html HTTP/1.1" 200 37
222.70.217.33 - - [16/Apr/2021:09:48:37 +0800] "GET /xingrg/javascript/auto/indicator.gif HTTP/1.1" 404 1066
114.88.167.174 - - [16/Apr/2021:09:48:38 +0800] "GET /xingrg/kc/buy/cgsh_order_operate.html?command=get_materiel&rest_code=00111&code=00101008271&supplier_code=00100005&order_time=2021-04-16 HTTP/1.1" 200 408
222.70.217.33 - - [16/Apr/2021:09:48:39 +0800] "GET /xingrg/all/function/internal_message.html?_=1618537717946&CODE_STATE=getMsg HTTP/1.1" 200 27
222.70.217.33 - - [16/Apr/2021:09:48:39 +0800] "GET /xingrg/check_reg.html?_=1618537717952 HTTP/1.1" 200 22
116.224.253.72 - - [16/Apr/2021:09:48:39 +0800] "POST /xingrg/kc/buy/cgsh_order_operate.html HTTP/1.1" 200 12
222.70.217.33 - - [16/Apr/2021:09:48:40 +0800] "GET /xingrg/javascript/jquery_tools/images/next.gif HTTP/1.1" 404 1086
222.70.217.33 - - [16/Apr/2021:09:48:40 +0800] "GET /xingrg/javascript/jquery_tools/images/prev.gif HTTP/1.1" 404 1086
180.169.147.146 - - [16/Apr/2021:09:48:40 +0800] "GET /xingrg/all/function/internal_message.html?_=1618537715243&CODE_STATE=getMsg HTTP/1.1" 200 27
116.224.253.72 - - [16/Apr/2021:09:48:40 +0800] "GET /xingrg/kc/buy/cgsh_order_info.html?code=212021041606372 HTTP/1.1" 200 56692
116.224.253.72 - - [16/Apr/2021:09:48:40 +0800] "GET /xingrg/javascript/easyui/themes/default/validatebox.css HTTP/1.1" 404 1104
116.230.114.112 - - [16/Apr/2021:09:48:42 +0800] "POST /xingrg/kc/buy/cgsh_order_operate.html HTTP/1.1" 200 37
116.224.253.72 - - [16/Apr/2021:09:48:42 +0800] "POST /xingrg/kc/buy/cgsh_order_operate.html HTTP/1.1" 200 1214
116.224.253.72 - - [16/Apr/2021:09:48:43 +0800] "GET /xingrg/kc/print/load_data.html?order_code=212021041606372&kc_code=cgsh&condition= HTTP/1.1" 200 942
116.230.114.112 - - [16/Apr/2021:09:48:43 +0800] "POST /xingrg/kc/buy/cgsh_order_operate.html HTTP/1.1" 200 5600
222.70.217.33 - - [16/Apr/2021:09:48:45 +0800] "GET /xingrg/kc/buy/cgsh_order_operate.html?command=get_materiel&rest_code=00155&code=00101008155&supplier_code=00100005&order_time=2021-04-16 HTTP/1.1" 200 408
180.169.147.146 - - [16/Apr/2021:09:48:45 +0800] "GET /xingrg/all/function/internal_message.html?_=1618537730599&CODE_STATE=getMsg HTTP/1.1" 200 27
116.230.114.112 - - [16/Apr/2021:09:48:46 +0800] "GET /xingrg/kc/print/load_data.html?order_code=212021041606392&kc_code=cgsh&condition= HTTP/1.1" 200 1803
116.233.76.177 - - [16/Apr/2021:09:48:48 +0800] "GET /xingrg/all/function/internal_message.html?_=1618537732269&CODE_STATE=getMsg HTTP/1.1" 200 27
116.238.141.202 - - [16/Apr/2021:09:48:50 +0800] "GET /xingrg/all/function/internal_message.html?_=1618538006182&CODE_STATE=getMsg HTTP/1.1" 200 27
222.70.217.33 - - [16/Apr/2021:09:48:53 +0800] "GET /xingrg/kc/buy/cgsh_order_operate.html?command=get_materiel&rest_code=00155&code=00101008354&supplier_code=00100005&order_time=2021-04-16 HTTP/1.1" 200 412
116.224.253.72 - - [16/Apr/2021:09:48:55 +0800] "GET /xingrg/all/function/internal_message.html?_=1618537733887&CODE_STATE=getMsg HTTP/1.1" 200 27
114.88.156.246 - - [16/Apr/2021:09:48:55 +0800] "GET /xingrg/all/function/internal_message.html?_=1618537763901&CODE_STATE=getMsg HTTP/1.1" 200 27
116.230.114.112 - - [16/Apr/2021:09:49:00 +0800] "GET /xingrg/all/function/internal_message.html?_=1618537739164&CODE_STATE=getMsg HTTP/1.1" 200 27
222.70.217.33 - - [16/Apr/2021:09:49:01 +0800] "GET /xingrg/kc/buy/cgsh_order_operate.html?command=get_materiel&rest_code=00155&code=00101008358&supplier_code=00100005&order_time=2021-04-16 HTTP/1.1" 200 412
101.85.94.178 - - [16/Apr/2021:09:49:03 +0800] "GET /xingrg/all/function/internal_message.html?_=1618537281451&CODE_STATE=getMsg HTTP/1.1" 200 27
114.88.167.174 - - [16/Apr/2021:09:49:03 +0800] "GET /xingrg/all/function/internal_message.html?_=1618537739013&CODE_STATE=getMsg HTTP/1.1" 200 27
116.230.114.112 - - [16/Apr/2021:09:49:04 +0800] "GET /xingrg/kc/buy/cgsh_order_add.html HTTP/1.1" 200 62154
116.230.114.112 - - [16/Apr/2021:09:49:04 +0800] "POST /xingrg/kc/buy/cgsh_order_operate.html HTTP/1.1" 200 8245
116.230.114.112 - - [16/Apr/2021:09:49:04 +0800] "GET /xingrg/javascript/easyui/themes/default/validatebox.css HTTP/1.1" 404 1104
116.224.253.72 - - [16/Apr/2021:09:49:07 +0800] "GET /xingrg/all/function/internal_message.html?_=1618537735602&CODE_STATE=getMsg HTTP/1.1" 200 27
222.70.217.33 - - [16/Apr/2021:09:49:07 +0800] "GET /xingrg/kc/buy/cgsh_order_operate.html?command=get_materiel&rest_code=00155&code=00101008290&supplier_code=00100005&order_time=2021-04-16 HTTP/1.1" 200 416
61.165.42.208 - - [16/Apr/2021:09:49:14 +0800] "GET /xingrg/all/function/internal_message.html?_=1618537755917&CODE_STATE=getMsg HTTP/1.1" 200 27
61.165.42.208 - - [16/Apr/2021:09:49:14 +0800] "GET /xingrg/check_reg.html?_=1618537755980 HTTP/1.1" 200 22
116.230.114.112 - - [16/Apr/2021:09:49:14 +0800] "GET /xingrg/all/function/internal_message.html?_=1618537777504&CODE_STATE=getMsg HTTP/1.1" 302 -
222.70.217.33 - - [16/Apr/2021:09:49:15 +0800] "GET /xingrg/kc/buy/cgsh_order_operate.html?command=get_materiel&rest_code=00155&code=00101008477&supplier_code=00100005&order_time=2021-04-16 HTTP/1.1" 200 408
116.224.253.72 - - [16/Apr/2021:09:49:19 +0800] "GET /xingrg/kc/mdqp/qqps_order_list.html HTTP/1.1" 200 9222
116.224.253.72 - - [16/Apr/2021:09:49:19 +0800] "GET /xingrg/css/blue.css HTTP/1.1" 304 -
116.224.253.72 - - [16/Apr/2021:09:49:19 +0800] "GET /xingrg/dwr/util.js HTTP/1.1" 304 -
116.224.253.72 - - [16/Apr/2021:09:49:19 +0800] "GET /xingrg/javascript/Calendar.js HTTP/1.1" 304 -
116.224.253.72 - - [16/Apr/2021:09:49:19 +0800] "GET /xingrg/javascript/myfunction.js HTTP/1.1" 304 -
116.224.253.72 - - [16/Apr/2021:09:49:19 +0800] "GET /xingrg/javascript/ToolTips.js HTTP/1.1" 304 -
116.224.253.72 - - [16/Apr/2021:09:49:19 +0800] "GET /xingrg/dwr/interface/AjaxReportQueryService.js HTTP/1.1" 200 13203
116.224.253.72 - - [16/Apr/2021:09:49:19 +0800] "GET /xingrg/dwr/interface/AjaxQqpsService.js HTTP/1.1" 200 16326
116.224.253.72 - - [16/Apr/2021:09:49:19 +0800] "GET /xingrg/dwr/engine.js HTTP/1.1" 200 43631
222.70.217.33 - - [16/Apr/2021:09:49:22 +0800] "GET /xingrg/kc/buy/cgsh_order_operate.html?command=get_materiel&rest_code=00155&code=00101008355&supplier_code=00100005&order_time=2021-04-16 HTTP/1.1" 200 408
116.224.253.72 - - [16/Apr/2021:09:49:23 +0800] "GET /xingrg/kc/mdqp/qqps_order_list.html?isQuery=1&timeSelect=1&orderTime=day&startTime=2021-04-14&endTime=2021-04-16&state=all&query=%C8%B7++%B6%A8 HTTP/1.1" 200 10186
116.224.253.72 - - [16/Apr/2021:09:49:23 +0800] "GET /xingrg/dwr/interface/AjaxReportQueryService.js HTTP/1.1" 200 13203
116.224.253.72 - - [16/Apr/2021:09:49:23 +0800] "GET /xingrg/dwr/interface/AjaxQqpsService.js HTTP/1.1" 200 16326
116.224.253.72 - - [16/Apr/2021:09:49:23 +0800] "GET /xingrg/dwr/engine.js HTTP/1.1" 200 43631
116.230.114.112 - - [16/Apr/2021:09:49:25 +0800] "GET /xingrg/kc/buy/cgsh_order_operate.html?command=get_materiel&rest_code=00146&code=00101010078&supplier_code=00100199&order_time=2021-04-16 HTTP/1.1" 200 415
222.69.129.85 - - [16/Apr/2021:09:49:26 +0800] "GET /xingrg/all/function/internal_message.html?_=1618537764514&CODE_STATE=getMsg HTTP/1.1" 200 27
222.69.129.85 - - [16/Apr/2021:09:49:26 +0800] "GET /xingrg/check_reg.html?_=1618537764519 HTTP/1.1" 200 22
116.224.253.72 - - [16/Apr/2021:09:49:26 +0800] "GET /xingrg/javascript/tools/jquery.qtip-1.0.0-rc3.min.js HTTP/1.1" 304 -
116.224.253.72 - - [16/Apr/2021:09:49:26 +0800] "GET /xingrg/javascript/Grid.js HTTP/1.1" 304 -
116.224.253.72 - - [16/Apr/2021:09:49:26 +0800] "GET /xingrg/javascript/AjaxInfoList.js HTTP/1.1" 304 -
116.224.253.72 - - [16/Apr/2021:09:49:26 +0800] "GET /xingrg/kc/mdqp/qqps_order_info.html?code=302021041400242 HTTP/1.1" 200 26409
116.224.253.72 - - [16/Apr/2021:09:49:26 +0800] "GET /xingrg/dwr/interface/AjaxComOrderService.js HTTP/1.1" 200 18264
116.224.253.72 - - [16/Apr/2021:09:49:26 +0800] "GET /xingrg/dwr/interface/AjaxQqpsService.js HTTP/1.1" 200 16326
116.224.253.72 - - [16/Apr/2021:09:49:26 +0800] "GET /xingrg/dwr/engine.js HTTP/1.1" 200 43631
116.224.253.72 - - [16/Apr/2021:09:49:27 +0800] "POST /xingrg/dwr/call/plaincall/AjaxQqpsService.loadMaterielItems.dwr HTTP/1.1" 200 10964
61.129.7.235 - - [16/Apr/2021:09:49:29 +0800] "GET /xingrg/check_reg.html?_=1618537724458 HTTP/1.1" 302 -
120.253.135.82 - - [16/Apr/2021:09:49:31 +0800] "GET /xingrg/all/function/internal_message.html?_=1618537799894&CODE_STATE=getMsg HTTP/1.1" 200 27
61.129.7.235 - - [16/Apr/2021:09:49:31 +0800] "GET /xingrg/login.html HTTP/1.1" 200 7641
222.70.217.33 - - [16/Apr/2021:09:49:35 +0800] "GET /xingrg/kc/buy/cgsh_order_operate.html?command=get_materiel&rest_code=00155&code=00101008108&supplier_code=00100005&order_time=2021-04-16 HTTP/1.1" 200 412
222.70.217.33 - - [16/Apr/2021:09:49:39 +0800] "GET /xingrg/all/function/internal_message.html?_=1618537777942&CODE_STATE=getMsg HTTP/1.1" 200 27
180.169.147.146 - - [16/Apr/2021:09:49:40 +0800] "GET /xingrg/check_reg.html?_=1618537775242 HTTP/1.1" 200 22
180.169.147.146 - - [16/Apr/2021:09:49:40 +0800] "GET /xingrg/all/function/internal_message.html?_=1618537775243&CODE_STATE=getMsg HTTP/1.1" 200 27
222.70.217.33 - - [16/Apr/2021:09:49:42 +0800] "GET /xingrg/kc/buy/cgsh_order_operate.html?command=get_materiel&rest_code=00155&code=00101008298&supplier_code=00100005&order_time=2021-04-16 HTTP/1.1" 200 413
116.238.141.202 - - [16/Apr/2021:09:49:42 +0800] "GET /xingrg/check_reg.html?_=1618538057609 HTTP/1.1" 200 22
116.230.114.112 - - [16/Apr/2021:09:49:42 +0800] "GET /xingrg/kc/buy/cgsh_order_operate.html?command=get_materiel&rest_code=00146&code=00101001099&supplier_code=00100199&order_time=2021-04-16 HTTP/1.1" 200 409
180.169.147.146 - - [16/Apr/2021:09:49:45 +0800] "GET /xingrg/all/function/internal_message.html?_=1618537790585&CODE_STATE=getMsg HTTP/1.1" 200 27
114.88.167.174 - - [16/Apr/2021:09:49:48 +0800] "POST /xingrg/kc/buy/cgsh_order_operate.html HTTP/1.1" 200 2065
116.233.76.177 - - [16/Apr/2021:09:49:48 +0800] "GET /xingrg/all/function/internal_message.html?_=1618537792269&CODE_STATE=getMsg HTTP/1.1" 200 27
116.233.76.177 - - [16/Apr/2021:09:49:48 +0800] "GET /xingrg/check_reg.html?_=1618537792272 HTTP/1.1" 200 22
222.70.217.33 - - [16/Apr/2021:09:49:49 +0800] "GET /xingrg/kc/buy/cgsh_order_operate.html?command=get_materiel&rest_code=00155&code=00101008091&supplier_code=00100005&order_time=2021-04-16 HTTP/1.1" 200 412
116.238.141.202 - - [16/Apr/2021:09:49:50 +0800] "GET /xingrg/all/function/internal_message.html?_=1618538066201&CODE_STATE=getMsg HTTP/1.1" 200 27
116.230.114.112 - - [16/Apr/2021:09:49:54 +0800] "GET /xingrg/kc/buy/cgsh_order_operate.html?command=get_materiel&rest_code=00146&code=00101001069&supplier_code=00100199&order_time=2021-04-16 HTTP/1.1" 200 409
116.224.253.72 - - [16/Apr/2021:09:49:55 +0800] "GET /xingrg/all/function/internal_message.html?_=1618537793893&CODE_STATE=getMsg HTTP/1.1" 200 27
114.88.156.246 - - [16/Apr/2021:09:49:55 +0800] "GET /xingrg/all/function/internal_message.html?_=1618537823872&CODE_STATE=getMsg HTTP/1.1" 200 27
61.151.207.205 - - [16/Apr/2021:09:49:57 +0800] "GET /xingrg/all/function/internal_message.html?_=1618537763901&CODE_STATE=getMsg HTTP/1.1" 302 -
61.151.207.205 - - [16/Apr/2021:09:49:59 +0800] "GET /xingrg/login.html HTTP/1.1" 200 7641
222.70.217.33 - - [16/Apr/2021:09:49:59 +0800] "GET /xingrg/kc/buy/cgsh_order_operate.html?command=get_materiel&rest_code=00155&code=00101008561&supplier_code=00100005&order_time=2021-04-16 HTTP/1.1" 200 398
116.230.114.112 - - [16/Apr/2021:09:50:00 +0800] "GET /xingrg/all/function/internal_message.html?_=1618537799165&CODE_STATE=getMsg HTTP/1.1" 200 27
114.88.167.174 - - [16/Apr/2021:09:50:02 +0800] "GET /xingrg/check_reg.html?_=1618537798261 HTTP/1.1" 200 22
101.85.94.178 - - [16/Apr/2021:09:50:03 +0800] "GET /xingrg/all/function/internal_message.html?_=1618537341450&CODE_STATE=getMsg HTTP/1.1" 200 27
114.88.167.174 - - [16/Apr/2021:09:50:03 +0800] "GET /xingrg/all/function/internal_message.html?_=1618537799026&CODE_STATE=getMsg HTTP/1.1" 200 27
116.224.253.72 - - [16/Apr/2021:09:50:06 +0800] "GET /xingrg/check_reg.html?_=1618537794787 HTTP/1.1" 200 22
116.224.253.72 - - [16/Apr/2021:09:50:07 +0800] "GET /xingrg/all/function/internal_message.html?_=1618537795616&CODE_STATE=getMsg HTTP/1.1" 200 27
116.230.114.112 - - [16/Apr/2021:09:50:09 +0800] "GET /xingrg/kc/buy/cgsh_order_operate.html?command=get_materiel&rest_code=00146&code=00101004030&supplier_code=00100199&order_time=2021-04-16 HTTP/1.1" 200 408
222.70.217.33 - - [16/Apr/2021:09:50:10 +0800] "GET /xingrg/kc/buy/cgsh_order_operate.html?command=get_materiel&rest_code=00155&code=00101008027&supplier_code=00100005&order_time=2021-04-16 HTTP/1.1" 200 409
116.230.114.112 - - [16/Apr/2021:09:50:12 +0800] "GET /xingrg/check_reg.html?_=1618537835832 HTTP/1.1" 302 -
61.165.42.208 - - [16/Apr/2021:09:50:14 +0800] "GET /xingrg/all/function/internal_message.html?_=1618537815917&CODE_STATE=getMsg HTTP/1.1" 200 27
116.230.114.112 - - [16/Apr/2021:09:50:14 +0800] "GET /xingrg/all/function/internal_message.html?_=1618537837517&CODE_STATE=getMsg HTTP/1.1" 302 -
222.70.217.33 - - [16/Apr/2021:09:50:16 +0800] "GET /xingrg/kc/buy/cgsh_order_operate.html?command=get_materiel&rest_code=00155&code=00101008331&supplier_code=00100005&order_time=2021-04-16 HTTP/1.1" 200 416
116.230.114.112 - - [16/Apr/2021:09:50:19 +0800] "POST /xingrg/kc/buy/cgsh_order_operate.html HTTP/1.1" 200 37
120.253.135.82 - - [16/Apr/2021:09:50:20 +0800] "GET /xingrg/check_reg.html?_=1618537849335 HTTP/1.1" 200 22
116.230.114.112 - - [16/Apr/2021:09:50:21 +0800] "POST /xingrg/kc/buy/cgsh_order_operate.html HTTP/1.1" 200 4431
222.70.217.33 - - [16/Apr/2021:09:50:22 +0800] "GET /xingrg/kc/buy/cgsh_order_operate.html?command=get_materiel&rest_code=00155&code=00101008349&supplier_code=00100005&order_time=2021-04-16 HTTP/1.1" 200 412
116.230.114.112 - - [16/Apr/2021:09:50:23 +0800] "GET /xingrg/kc/print/load_data.html?order_code=212021041606393&kc_code=cgsh&condition= HTTP/1.1" 200 1338
222.69.129.85 - - [16/Apr/2021:09:50:26 +0800] "GET /xingrg/all/function/internal_message.html?_=1618537824517&CODE_STATE=getMsg HTTP/1.1" 200 27
120.253.135.82 - - [16/Apr/2021:09:50:31 +0800] "GET /xingrg/all/function/internal_message.html?_=1618537859910&CODE_STATE=getMsg HTTP/1.1" 200 27
222.70.217.33 - - [16/Apr/2021:09:50:32 +0800] "GET /xingrg/kc/buy/cgsh_order_operate.html?command=get_materiel&rest_code=00155&code=00101008185&supplier_code=00100005&order_time=2021-04-16 HTTP/1.1" 200 408
222.70.217.33 - - [16/Apr/2021:09:50:39 +0800] "GET /xingrg/all/function/internal_message.html?_=1618537837950&CODE_STATE=getMsg HTTP/1.1" 200 27
180.169.147.146 - - [16/Apr/2021:09:50:40 +0800] "GET /xingrg/all/function/internal_message.html?_=1618537835241&CODE_STATE=getMsg HTTP/1.1" 200 27
222.70.217.33 - - [16/Apr/2021:09:50:42 +0800] "GET /xingrg/kc/buy/cgsh_order_operate.html?command=get_materiel&rest_code=00155&code=00101008010&supplier_code=00100005&order_time=2021-04-16 HTTP/1.1" 200 412
116.230.114.112 - - [16/Apr/2021:09:50:43 +0800] "GET /xingrg/kc/buy/cgsh_order_add.html HTTP/1.1" 200 62154
116.230.114.112 - - [16/Apr/2021:09:50:43 +0800] "POST /xingrg/kc/buy/cgsh_order_operate.html HTTP/1.1" 200 8245
116.230.114.112 - - [16/Apr/2021:09:50:43 +0800] "GET /xingrg/javascript/easyui/themes/default/validatebox.css HTTP/1.1" 404 1104
180.169.147.146 - - [16/Apr/2021:09:50:45 +0800] "GET /xingrg/all/function/internal_message.html?_=1618537850587&CODE_STATE=getMsg HTTP/1.1" 200 27
180.169.147.146 - - [16/Apr/2021:09:50:45 +0800] "GET /xingrg/check_reg.html?_=1618537850590 HTTP/1.1" 200 22
222.70.217.33 - - [16/Apr/2021:09:50:47 +0800] "GET /xingrg/kc/buy/cgsh_order_operate.html?command=get_materiel&rest_code=00155&code=00101008028&supplier_code=00100005&order_time=2021-04-16 HTTP/1.1" 200 412
116.233.76.177 - - [16/Apr/2021:09:50:48 +0800] "GET /xingrg/all/function/internal_message.html?_=1618537852271&CODE_STATE=getMsg HTTP/1.1" 200 27
116.238.141.202 - - [16/Apr/2021:09:50:50 +0800] "GET /xingrg/all/function/internal_message.html?_=1618538126215&CODE_STATE=getMsg HTTP/1.1" 200 27
222.70.217.33 - - [16/Apr/2021:09:50:53 +0800] "GET /xingrg/kc/buy/cgsh_order_operate.html?command=get_materiel&rest_code=00155&code=00101008559&supplier_code=00100005&order_time=2021-04-16 HTTP/1.1" 200 399
116.224.253.72 - - [16/Apr/2021:09:50:55 +0800] "GET /xingrg/all/function/internal_message.html?_=1618537853893&CODE_STATE=getMsg HTTP/1.1" 200 27
114.88.156.246 - - [16/Apr/2021:09:50:55 +0800] "GET /xingrg/all/function/internal_message.html?_=1618537883841&CODE_STATE=getMsg HTTP/1.1" 200 27
114.88.167.174 - - [16/Apr/2021:09:50:56 +0800] "GET /xingrg/kc/buy/cgsh_order_operate.html?command=get_materiel&rest_code=00111&code=00101008079&supplier_code=00100005&order_time=2021-04-16 HTTP/1.1" 200 416
222.70.217.33 - - [16/Apr/2021:09:51:00 +0800] "GET /xingrg/kc/buy/cgsh_order_operate.html?command=get_materiel&rest_code=00155&code=00101008096&supplier_code=00100005&order_time=2021-04-16 HTTP/1.1" 200 412
116.230.114.112 - - [16/Apr/2021:09:51:00 +0800] "GET /xingrg/check_reg.html?_=1618537859105 HTTP/1.1" 200 22
116.230.114.112 - - [16/Apr/2021:09:51:00 +0800] "GET /xingrg/all/function/internal_message.html?_=1618537859178&CODE_STATE=getMsg HTTP/1.1" 200 27
101.85.94.178 - - [16/Apr/2021:09:51:03 +0800] "GET /xingrg/all/function/internal_message.html?_=1618537401447&CODE_STATE=getMsg HTTP/1.1" 200 27
114.88.167.174 - - [16/Apr/2021:09:51:03 +0800] "GET /xingrg/all/function/internal_message.html?_=1618537859040&CODE_STATE=getMsg HTTP/1.1" 200 27
116.224.253.72 - - [16/Apr/2021:09:51:07 +0800] "GET /xingrg/all/function/internal_message.html?_=1618537855629&CODE_STATE=getMsg HTTP/1.1" 200 27
222.70.217.33 - - [16/Apr/2021:09:51:08 +0800] "GET /xingrg/kc/buy/cgsh_order_operate.html?command=get_materiel&rest_code=00155&code=00101008163&supplier_code=00100005&order_time=2021-04-16 HTTP/1.1" 200 409
222.70.217.33 - - [16/Apr/2021:09:51:09 +0800] "POST /xingrg/kc/buy/cgsh_order_operate.html HTTP/1.1" 200 2065
61.165.42.208 - - [16/Apr/2021:09:51:14 +0800] "GET /xingrg/all/function/internal_message.html?_=1618537875916&CODE_STATE=getMsg HTTP/1.1" 200 27
116.230.114.112 - - [16/Apr/2021:09:51:14 +0800] "GET /xingrg/all/function/internal_message.html?_=1618537897535&CODE_STATE=getMsg HTTP/1.1" 302 -
222.70.217.33 - - [16/Apr/2021:09:51:15 +0800] "GET /xingrg/kc/buy/cgsh_order_operate.html?command=get_materiel&rest_code=00155&code=00101008361&supplier_code=00100005&order_time=2021-04-16 HTTP/1.1" 200 408
222.70.217.33 - - [16/Apr/2021:09:51:19 +0800] "GET /xingrg/kc/buy/cgsh_order_operate.html?command=get_materiel&rest_code=00155&code=00101008144&supplier_code=00100005&order_time=2021-04-16 HTTP/1.1" 200 412
116.230.114.112 - - [16/Apr/2021:09:51:20 +0800] "GET /xingrg/kc/buy/cgsh_order_operate.html?command=get_materiel&rest_code=00146&code=00101006006&supplier_code=00100012&order_time=2021-04-16 HTTP/1.1" 200 409
58.221.95.50 - - [16/Apr/2021:09:51:22 +0800] "GET /xingrg/check_reg.html?_=1618537881294 HTTP/1.1" 302 -
222.69.129.85 - - [16/Apr/2021:09:51:26 +0800] "GET /xingrg/all/function/internal_message.html?_=1618537884534&CODE_STATE=getMsg HTTP/1.1" 200 27
222.70.217.33 - - [16/Apr/2021:09:51:26 +0800] "GET /xingrg/kc/buy/cgsh_order_operate.html?command=get_materiel&rest_code=00155&code=00101008264&supplier_code=00100005&order_time=2021-04-16 HTTP/1.1" 200 412
120.253.135.82 - - [16/Apr/2021:09:51:31 +0800] "GET /xingrg/all/function/internal_message.html?_=1618537919923&CODE_STATE=getMsg HTTP/1.1" 200 27
222.70.217.33 - - [16/Apr/2021:09:51:31 +0800] "GET /xingrg/kc/buy/cgsh_order_operate.html?command=get_materiel&rest_code=00155&code=00101008356&supplier_code=00100005&order_time=2021-04-16 HTTP/1.1" 200 408
222.70.217.33 - - [16/Apr/2021:09:51:38 +0800] "GET /xingrg/kc/buy/cgsh_order_operate.html?command=get_materiel&rest_code=00155&code=00101008300&supplier_code=00100005&order_time=2021-04-16 HTTP/1.1" 200 412
222.70.217.33 - - [16/Apr/2021:09:51:39 +0800] "GET /xingrg/all/function/internal_message.html?_=1618537897937&CODE_STATE=getMsg HTTP/1.1" 200 27
180.169.147.146 - - [16/Apr/2021:09:51:40 +0800] "GET /xingrg/all/function/internal_message.html?_=1618537895240&CODE_STATE=getMsg HTTP/1.1" 200 27
222.70.217.33 - - [16/Apr/2021:09:51:41 +0800] "POST /xingrg/kc/buy/cgsh_order_operate.html HTTP/1.1" 200 2065
116.230.114.112 - - [16/Apr/2021:09:51:42 +0800] "GET /xingrg/kc/buy/cgsh_order_operate.html?command=get_materiel&rest_code=00146&code=00101006129&supplier_code=00100012&order_time=2021-04-16 HTTP/1.1" 200 431
180.169.147.146 - - [16/Apr/2021:09:51:45 +0800] "GET /xingrg/all/function/internal_message.html?_=1618537910590&CODE_STATE=getMsg HTTP/1.1" 200 27
222.70.217.33 - - [16/Apr/2021:09:51:46 +0800] "GET /xingrg/kc/buy/cgsh_order_operate.html?command=get_materiel&rest_code=00155&code=00101008439&supplier_code=00100005&order_time=2021-04-16 HTTP/1.1" 200 399
116.233.76.177 - - [16/Apr/2021:09:51:48 +0800] "GET /xingrg/all/function/internal_message.html?_=1618537912272&CODE_STATE=getMsg HTTP/1.1" 200 27
116.238.141.202 - - [16/Apr/2021:09:51:51 +0800] "GET /xingrg/all/function/internal_message.html?_=1618538186991&CODE_STATE=getMsg HTTP/1.1" 200 27
222.70.217.33 - - [16/Apr/2021:09:51:53 +0800] "GET /xingrg/kc/buy/cgsh_order_operate.html?command=get_materiel&rest_code=00155&code=00101008137&supplier_code=00100005&order_time=2021-04-16 HTTP/1.1" 200 408
116.224.253.72 - - [16/Apr/2021:09:51:55 +0800] "GET /xingrg/all/function/internal_message.html?_=1618537913904&CODE_STATE=getMsg HTTP/1.1" 200 27
114.88.156.246 - - [16/Apr/2021:09:51:55 +0800] "GET /xingrg/all/function/internal_message.html?_=1618537943815&CODE_STATE=getMsg HTTP/1.1" 200 27
61.129.6.227 - - [16/Apr/2021:09:51:58 +0800] "GET /xingrg/all/function/internal_message.html?_=1618537883841&CODE_STATE=getMsg HTTP/1.1" 302 -
222.70.217.33 - - [16/Apr/2021:09:51:59 +0800] "GET /xingrg/kc/buy/cgsh_order_operate.html?command=get_materiel&rest_code=00155&code=00101008362&supplier_code=00100005&order_time=2021-04-16 HTTP/1.1" 200 408
114.88.167.174 - - [16/Apr/2021:09:52:00 +0800] "GET /xingrg/kc/buy/cgsh_order_operate.html?command=get_materiel&rest_code=00111&code=00101008353&supplier_code=00100005&order_time=2021-04-16 HTTP/1.1" 200 408
61.129.6.227 - - [16/Apr/2021:09:52:00 +0800] "GET /xingrg/login.html HTTP/1.1" 200 7641
116.230.114.112 - - [16/Apr/2021:09:52:00 +0800] "GET /xingrg/all/function/internal_message.html?_=1618537919193&CODE_STATE=getMsg HTTP/1.1" 200 27
101.85.94.178 - - [16/Apr/2021:09:52:03 +0800] "GET /xingrg/all/function/internal_message.html?_=1618537461447&CODE_STATE=getMsg HTTP/1.1" 200 27
114.88.167.174 - - [16/Apr/2021:09:52:03 +0800] "GET /xingrg/all/function/internal_message.html?_=1618537919053&CODE_STATE=getMsg HTTP/1.1" 200 27
222.70.217.33 - - [16/Apr/2021:09:52:04 +0800] "GET /xingrg/kc/buy/cgsh_order_operate.html?command=get_materiel&rest_code=00155&code=00101008360&supplier_code=00100005&order_time=2021-04-16 HTTP/1.1" 200 413
116.224.253.72 - - [16/Apr/2021:09:52:07 +0800] "GET /xingrg/all/function/internal_message.html?_=1618537915643&CODE_STATE=getMsg HTTP/1.1" 200 27
116.230.114.112 - - [16/Apr/2021:09:52:11 +0800] "GET /xingrg/kc/buy/cgsh_order_operate.html?command=get_materiel&rest_code=00146&code=00101006130&supplier_code=00100012&order_time=2021-04-16 HTTP/1.1" 200 427
222.70.217.33 - - [16/Apr/2021:09:52:11 +0800] "GET /xingrg/kc/buy/cgsh_order_operate.html?command=get_materiel&rest_code=00155&code=00101008196&supplier_code=00100005&order_time=2021-04-16 HTTP/1.1" 200 416
61.165.42.208 - - [16/Apr/2021:09:52:14 +0800] "GET /xingrg/all/function/internal_message.html?_=1618537935917&CODE_STATE=getMsg HTTP/1.1" 200 27
116.230.114.112 - - [16/Apr/2021:09:52:14 +0800] "GET /xingrg/all/function/internal_message.html?_=1618537957545&CODE_STATE=getMsg HTTP/1.1" 302 -
222.70.217.33 - - [16/Apr/2021:09:52:14 +0800] "POST /xingrg/kc/buy/cgsh_order_operate.html HTTP/1.1" 200 2065
222.70.217.33 - - [16/Apr/2021:09:52:18 +0800] "GET /xingrg/kc/buy/cgsh_order_operate.html?command=get_materiel&rest_code=00155&code=00101008223&supplier_code=00100005&order_time=2021-04-16 HTTP/1.1" 200 412
222.69.129.85 - - [16/Apr/2021:09:52:26 +0800] "GET /xingrg/all/function/internal_message.html?_=1618537944537&CODE_STATE=getMsg HTTP/1.1" 200 27
222.70.217.33 - - [16/Apr/2021:09:52:29 +0800] "GET /xingrg/kc/buy/cgsh_order_operate.html?command=get_materiel&rest_code=00155&code=00101008197&supplier_code=00100005&order_time=2021-04-16 HTTP/1.1" 200 416
116.230.114.112 - - [16/Apr/2021:09:52:31 +0800] "GET /xingrg/kc/buy/cgsh_order_operate.html?command=get_materiel&rest_code=00146&code=00101006177&supplier_code=00100012&order_time=2021-04-16 HTTP/1.1" 200 409
120.253.135.82 - - [16/Apr/2021:09:52:31 +0800] "GET /xingrg/all/function/internal_message.html?_=1618537980004&CODE_STATE=getMsg HTTP/1.1" 200 27
114.88.167.174 - - [16/Apr/2021:09:52:35 +0800] "GET /xingrg/kc/buy/cgsh_order_operate.html?command=get_materiel&rest_code=00111&code=00101008291&supplier_code=00100005&order_time=2021-04-16 HTTP/1.1" 200 408
222.70.217.33 - - [16/Apr/2021:09:52:39 +0800] "GET /xingrg/all/function/internal_message.html?_=1618537957956&CODE_STATE=getMsg HTTP/1.1" 200 27
180.169.147.146 - - [16/Apr/2021:09:52:40 +0800] "GET /xingrg/all/function/internal_message.html?_=1618537955239&CODE_STATE=getMsg HTTP/1.1" 200 27
222.70.217.33 - - [16/Apr/2021:09:52:42 +0800] "GET /xingrg/kc/buy/cgsh_order_operate.html?command=get_materiel&rest_code=00155&code=00101008478&supplier_code=00100005&order_time=2021-04-16 HTTP/1.1" 200 399
