116.238.141.202 - - [15/Apr/2021:10:38:26 +0800] "GET /xingrg/javascript/easyui/themes/icon.css HTTP/1.1" 304 -
116.238.141.202 - - [15/Apr/2021:10:38:26 +0800] "GET /xingrg/javascript/auto/jquery.autocomplete.css HTTP/1.1" 304 -
116.238.141.202 - - [15/Apr/2021:10:38:26 +0800] "GET /xingrg/javascript/jquery_tools/fix.css HTTP/1.1" 304 -
116.238.141.202 - - [15/Apr/2021:10:38:26 +0800] "GET /xingrg/javascript/jquery_tools/table.css HTTP/1.1" 304 -
116.238.141.202 - - [15/Apr/2021:10:38:26 +0800] "GET /xingrg/javascript/jquery_tools/jquery.tools.min.js HTTP/1.1" 304 -
116.238.141.202 - - [15/Apr/2021:10:38:26 +0800] "GET /xingrg/javascript/jquery_tools/jquery.tools.extend.js HTTP/1.1" 304 -
116.238.141.202 - - [15/Apr/2021:10:38:26 +0800] "GET /xingrg/javascript/jquery_tools/jquery.tools.hotkey.js HTTP/1.1" 304 -
116.238.141.202 - - [15/Apr/2021:10:38:26 +0800] "GET /xingrg/javascript/jquery_tools/jquery.tools.table.js HTTP/1.1" 304 -
116.238.141.202 - - [15/Apr/2021:10:38:26 +0800] "GET /xingrg/javascript/jquery_tools/list_manager.js HTTP/1.1" 304 -
116.238.141.202 - - [15/Apr/2021:10:38:26 +0800] "GET /xingrg/javascript/auto/jquery.autocomplete.js HTTP/1.1" 304 -
116.238.141.202 - - [15/Apr/2021:10:38:26 +0800] "GET /xingrg/javascript/easyui/easyloader.js HTTP/1.1" 304 -
116.238.141.202 - - [15/Apr/2021:10:38:26 +0800] "GET /xingrg/javascript/jquery.cookie.js HTTP/1.1" 304 -
116.238.141.202 - - [15/Apr/2021:10:38:26 +0800] "GET /xingrg/javascript/print/LodopFuncs.js HTTP/1.1" 304 -
116.238.141.202 - - [15/Apr/2021:10:38:26 +0800] "GET /xingrg/javascript/easyui/plugins/jquery.parser.js HTTP/1.1" 304 -
101.85.94.178 - - [15/Apr/2021:10:38:27 +0800] "GET /xingrg/all/function/internal_message.html?_=1618453847989&CODE_STATE=getMsg HTTP/1.1" 200 27
116.238.141.202 - - [15/Apr/2021:10:38:27 +0800] "POST /xingrg/kc/buy/cgsh_list_operate.html HTTP/1.1" 200 876
172.20.0.100 - - [15/Apr/2021:10:38:30 +0800] "GET /xingrg/all/function/internal_message.html?_=1618454309160&CODE_STATE=getMsg HTTP/1.1" 200 27
222.70.217.33 - - [15/Apr/2021:10:38:35 +0800] "GET /xingrg/all/function/internal_message.html?_=1618454314538&CODE_STATE=getMsg HTTP/1.1" 200 27
114.88.167.174 - - [15/Apr/2021:10:38:35 +0800] "GET /xingrg/all/function/internal_message.html?_=1618454311925&CODE_STATE=getMsg HTTP/1.1" 200 27
116.238.141.202 - - [15/Apr/2021:10:38:37 +0800] "GET /xingrg/all/function/internal_message.html?_=1618454593621&CODE_STATE=getMsg HTTP/1.1" 200 27
124.77.71.179 - - [15/Apr/2021:10:38:40 +0800] "GET /xingrg/all/function/internal_message.html?_=1618454313633&CODE_STATE=getMsg HTTP/1.1" 200 27
120.253.135.82 - - [15/Apr/2021:10:38:40 +0800] "GET /xingrg/all/function/internal_message.html?_=1618454350952&CODE_STATE=getMsg HTTP/1.1" 200 27
58.221.95.50 - - [15/Apr/2021:10:38:42 +0800] "GET /xingrg/check_reg.html?_=1618454321375 HTTP/1.1" 302 -
114.88.156.246 - - [15/Apr/2021:10:38:42 +0800] "GET /xingrg/all/function/internal_message.html?_=1618454350059&CODE_STATE=getMsg HTTP/1.1" 200 27
117.184.7.26 - - [15/Apr/2021:10:38:44 +0800] "GET /xingrg/check_reg.html?_=1618454308252 HTTP/1.1" 200 22
117.184.7.26 - - [15/Apr/2021:10:38:44 +0800] "GET /xingrg/all/function/internal_message.html?_=1618454308254&CODE_STATE=getMsg HTTP/1.1" 200 27
114.88.156.246 - - [15/Apr/2021:10:38:44 +0800] "GET /xingrg/kc/buy/cgsh_order_operate.html?command=get_materiel&rest_code=00141&code=00101006062&supplier_code=00100012&order_time=2021-04-15 HTTP/1.1" 200 409
180.169.147.146 - - [15/Apr/2021:10:38:51 +0800] "GET /xingrg/all/function/internal_message.html?_=1618454339816&CODE_STATE=getMsg HTTP/1.1" 200 27
180.162.112.81 - - [15/Apr/2021:10:38:55 +0800] "GET /xingrg/all/function/internal_message.html?_=1618454099435&CODE_STATE=getMsg HTTP/1.1" 200 27
116.235.95.160 - - [15/Apr/2021:10:38:57 +0800] "GET /xingrg/all/function/internal_message.html?_=1618454415840&CODE_STATE=getMsg HTTP/1.1" 200 27
114.88.156.246 - - [15/Apr/2021:10:38:59 +0800] "GET /xingrg/check_reg.html?_=1618454366290 HTTP/1.1" 200 22
180.169.147.146 - - [15/Apr/2021:10:39:00 +0800] "GET /xingrg/all/function/internal_message.html?_=1618454337121&CODE_STATE=getMsg HTTP/1.1" 200 27
116.238.141.202 - - [15/Apr/2021:10:39:01 +0800] "GET /xingrg/kc/buy/cgsh_order_list.html HTTP/1.1" 200 46410
116.238.141.202 - - [15/Apr/2021:10:39:02 +0800] "POST /xingrg/kc/buy/cgsh_list_operate.html HTTP/1.1" 200 876
116.238.141.202 - - [15/Apr/2021:10:39:03 +0800] "GET /xingrg/kc/buy/cgsh_order_add.html HTTP/1.1" 200 62113
116.238.141.202 - - [15/Apr/2021:10:39:03 +0800] "GET /xingrg/javascript/pic_change.js HTTP/1.1" 304 -
116.238.141.202 - - [15/Apr/2021:10:39:03 +0800] "GET /xingrg/javascript/jquery_tools/order_manager.js HTTP/1.1" 304 -
116.238.141.202 - - [15/Apr/2021:10:39:03 +0800] "GET /xingrg/javascript/convert.js HTTP/1.1" 304 -
116.238.141.202 - - [15/Apr/2021:10:39:03 +0800] "GET /xingrg/javascript/json2.js HTTP/1.1" 304 -
116.238.141.202 - - [15/Apr/2021:10:39:03 +0800] "GET /xingrg/javascript/print/kc_print.js HTTP/1.1" 304 -
116.238.141.202 - - [15/Apr/2021:10:39:03 +0800] "GET /xingrg/words/20210414175800_words.js HTTP/1.1" 304 -
116.238.141.202 - - [15/Apr/2021:10:39:03 +0800] "POST /xingrg/kc/buy/cgsh_order_operate.html HTTP/1.1" 200 8245
116.238.141.202 - - [15/Apr/2021:10:39:04 +0800] "GET /xingrg/all/common/auto_word.html?type=employee&rest_code=00102 HTTP/1.1" 200 189
116.238.141.202 - - [15/Apr/2021:10:39:04 +0800] "GET /xingrg/all/common/auto_word.html?type=employee&rest_code=00102 HTTP/1.1" 200 189
116.238.141.202 - - [15/Apr/2021:10:39:04 +0800] "GET /xingrg/javascript/easyui/themes/default/validatebox.css HTTP/1.1" 404 1104
116.238.141.202 - - [15/Apr/2021:10:39:04 +0800] "GET /xingrg/javascript/easyui/plugins/jquery.validatebox.js HTTP/1.1" 304 -
116.238.141.202 - - [15/Apr/2021:10:39:04 +0800] "GET /xingrg/javascript/easyui/plugins/jquery.numberbox.js HTTP/1.1" 304 -
116.238.141.202 - - [15/Apr/2021:10:39:04 +0800] "GET /xingrg/javascript/auto/indicator.gif HTTP/1.1" 404 1066
61.165.42.208 - - [15/Apr/2021:10:39:10 +0800] "GET /xingrg/all/function/internal_message.html?_=1618454352288&CODE_STATE=getMsg HTTP/1.1" 200 27
180.169.147.146 - - [15/Apr/2021:10:39:10 +0800] "GET /xingrg/all/function/internal_message.html?_=1618454349475&CODE_STATE=getMsg HTTP/1.1" 200 27
61.165.42.208 - - [15/Apr/2021:10:39:11 +0800] "GET /xingrg/check_reg.html?_=1618454354027 HTTP/1.1" 200 22
116.224.253.72 - - [15/Apr/2021:10:39:13 +0800] "GET /xingrg/all/function/internal_message.html?_=1618454353349&CODE_STATE=getMsg HTTP/1.1" 200 27
116.233.73.19 - - [15/Apr/2021:10:39:15 +0800] "GET /xingrg/all/function/internal_message.html?_=1618454357175&CODE_STATE=getMsg HTTP/1.1" 200 27
114.88.156.246 - - [15/Apr/2021:10:39:15 +0800] "GET /xingrg/all/function/internal_message.html?_=1618454367150&CODE_STATE=getMsg HTTP/1.1" 200 27
116.230.114.112 - - [15/Apr/2021:10:39:15 +0800] "GET /xingrg/all/function/internal_message.html?_=1618454351126&CODE_STATE=getMsg HTTP/1.1" 200 27
180.169.147.146 - - [15/Apr/2021:10:39:16 +0800] "GET /xingrg/check_reg.html?_=1618454370191 HTTP/1.1" 200 22
180.169.147.146 - - [15/Apr/2021:10:39:16 +0800] "GET /xingrg/all/function/internal_message.html?_=1618454370193&CODE_STATE=getMsg HTTP/1.1" 200 27
116.238.141.202 - - [15/Apr/2021:10:39:16 +0800] "GET /xingrg/javascript/jquery_tools/images/prev.gif HTTP/1.1" 404 1086
116.238.141.202 - - [15/Apr/2021:10:39:16 +0800] "GET /xingrg/javascript/jquery_tools/images/next.gif HTTP/1.1" 404 1086
116.224.253.72 - - [15/Apr/2021:10:39:19 +0800] "GET /xingrg/all/function/internal_message.html?_=1618454349526&CODE_STATE=getMsg HTTP/1.1" 200 27
114.88.156.246 - - [15/Apr/2021:10:39:20 +0800] "POST /xingrg/kc/buy/cgsh_order_operate.html HTTP/1.1" 200 37
116.238.141.202 - - [15/Apr/2021:10:39:21 +0800] "GET /xingrg/all/function/internal_message.html?_=1618454363144&CODE_STATE=getMsg HTTP/1.1" 200 27
114.86.187.76 - - [15/Apr/2021:10:39:22 +0800] "GET /favicon.ico HTTP/1.1" 404 -
116.238.141.202 - - [15/Apr/2021:10:39:22 +0800] "GET /xingrg/kc/buy/cgsh_order_operate.html?command=get_materiel&rest_code=00102&code=00101008323&supplier_code=00100008&order_time=2021-04-15 HTTP/1.1" 200 408
117.185.32.26 - - [15/Apr/2021:10:39:24 +0800] "GET /xingrg/all/function/internal_message.html?_=1618454361493&CODE_STATE=getMsg HTTP/1.1" 200 27
222.69.129.122 - - [15/Apr/2021:10:39:25 +0800] "GET /xingrg/all/function/internal_message.html?_=1618454364434&CODE_STATE=getMsg HTTP/1.1" 200 27
101.85.94.178 - - [15/Apr/2021:10:39:27 +0800] "GET /xingrg/all/function/internal_message.html?_=1618453907970&CODE_STATE=getMsg HTTP/1.1" 200 27
116.238.141.202 - - [15/Apr/2021:10:39:29 +0800] "GET /xingrg/check_reg.html?_=1618454646051 HTTP/1.1" 200 22
172.20.0.100 - - [15/Apr/2021:10:39:30 +0800] "GET /xingrg/all/function/internal_message.html?_=1618454369148&CODE_STATE=getMsg HTTP/1.1" 200 27
116.238.141.202 - - [15/Apr/2021:10:39:33 +0800] "GET /xingrg/kc/buy/cgsh_order_operate.html?command=get_materiel&rest_code=00102&code=00101008091&supplier_code=00100008&order_time=2021-04-15 HTTP/1.1" 200 412
222.70.217.33 - - [15/Apr/2021:10:39:35 +0800] "GET /xingrg/all/function/internal_message.html?_=1618454374541&CODE_STATE=getMsg HTTP/1.1" 200 27
117.184.7.26 - - [15/Apr/2021:10:39:35 +0800] "GET /xingrg/kc/buy/cgsh_order_operate.html?command=get_materiel&rest_code=00108&code=00101008264&supplier_code=00100008&order_time=2021-04-15 HTTP/1.1" 200 412
114.88.167.174 - - [15/Apr/2021:10:39:35 +0800] "GET /xingrg/all/function/internal_message.html?_=1618454371932&CODE_STATE=getMsg HTTP/1.1" 200 27
116.238.141.202 - - [15/Apr/2021:10:39:37 +0800] "GET /xingrg/all/function/internal_message.html?_=1618454654298&CODE_STATE=getMsg HTTP/1.1" 200 27
124.77.71.179 - - [15/Apr/2021:10:39:40 +0800] "GET /xingrg/all/function/internal_message.html?_=1618454373609&CODE_STATE=getMsg HTTP/1.1" 200 27
120.253.135.82 - - [15/Apr/2021:10:39:40 +0800] "GET /xingrg/all/function/internal_message.html?_=1618454411019&CODE_STATE=getMsg HTTP/1.1" 200 27
116.238.141.202 - - [15/Apr/2021:10:39:41 +0800] "GET /xingrg/kc/buy/cgsh_order_operate.html?command=get_materiel&rest_code=00102&code=00101008256&supplier_code=00100008&order_time=2021-04-15 HTTP/1.1" 200 412
114.88.156.246 - - [15/Apr/2021:10:39:42 +0800] "GET /xingrg/all/function/internal_message.html?_=1618454410053&CODE_STATE=getMsg HTTP/1.1" 200 27
117.184.7.26 - - [15/Apr/2021:10:39:43 +0800] "GET /xingrg/kc/buy/cgsh_order_operate.html?command=get_materiel&rest_code=00108&code=00101008137&supplier_code=00100008&order_time=2021-04-15 HTTP/1.1" 200 408
117.184.7.26 - - [15/Apr/2021:10:39:44 +0800] "GET /xingrg/all/function/internal_message.html?_=1618454368309&CODE_STATE=getMsg HTTP/1.1" 200 27
116.238.141.202 - - [15/Apr/2021:10:39:50 +0800] "GET /xingrg/kc/buy/cgsh_order_operate.html?command=get_materiel&rest_code=00102&code=00101008350&supplier_code=00100008&order_time=2021-04-15 HTTP/1.1" 200 408
117.184.7.26 - - [15/Apr/2021:10:39:50 +0800] "GET /xingrg/kc/buy/cgsh_order_operate.html?command=get_materiel&rest_code=00108&code=00101008077&supplier_code=00100008&order_time=2021-04-15 HTTP/1.1" 200 416
180.169.147.146 - - [15/Apr/2021:10:39:51 +0800] "GET /xingrg/all/function/internal_message.html?_=1618454399820&CODE_STATE=getMsg HTTP/1.1" 200 27
180.169.147.146 - - [15/Apr/2021:10:39:51 +0800] "GET /xingrg/check_reg.html?_=1618454399818 HTTP/1.1" 200 22
180.162.112.81 - - [15/Apr/2021:10:39:55 +0800] "GET /xingrg/all/function/internal_message.html?_=1618454159436&CODE_STATE=getMsg HTTP/1.1" 200 27
117.184.7.26 - - [15/Apr/2021:10:39:57 +0800] "GET /xingrg/kc/buy/cgsh_order_operate.html?command=get_materiel&rest_code=00108&code=00101008069&supplier_code=00100008&order_time=2021-04-15 HTTP/1.1" 200 412
116.235.95.160 - - [15/Apr/2021:10:39:57 +0800] "GET /xingrg/check_reg.html?_=1618454475839 HTTP/1.1" 200 22
116.235.95.160 - - [15/Apr/2021:10:39:57 +0800] "GET /xingrg/all/function/internal_message.html?_=1618454475840&CODE_STATE=getMsg HTTP/1.1" 200 27
116.238.141.202 - - [15/Apr/2021:10:39:57 +0800] "GET /xingrg/kc/buy/cgsh_order_operate.html?command=get_materiel&rest_code=00102&code=00101008354&supplier_code=00100008&order_time=2021-04-15 HTTP/1.1" 200 412
114.88.167.174 - - [15/Apr/2021:10:39:59 +0800] "GET /favicon.ico HTTP/1.1" 404 -
180.169.147.146 - - [15/Apr/2021:10:40:00 +0800] "GET /xingrg/all/function/internal_message.html?_=1618454397126&CODE_STATE=getMsg HTTP/1.1" 200 27
114.88.167.174 - - [15/Apr/2021:10:40:02 +0800] "GET /xingrg/login.html HTTP/1.1" 200 7641
114.88.167.174 - - [15/Apr/2021:10:40:02 +0800] "GET /xingrg/images/blue/jxLogo.png HTTP/1.1" 304 -
114.88.167.174 - - [15/Apr/2021:10:40:02 +0800] "GET /xingrg/images/blue/hj.png HTTP/1.1" 304 -
114.88.167.174 - - [15/Apr/2021:10:40:02 +0800] "GET /xingrg/images/blue/login_bg.png HTTP/1.1" 304 -
114.88.167.174 - - [15/Apr/2021:10:40:02 +0800] "GET /xingrg/images/blue/srbg.png HTTP/1.1" 304 -
114.88.167.174 - - [15/Apr/2021:10:40:02 +0800] "GET /favicon.ico HTTP/1.1" 404 -
117.184.7.26 - - [15/Apr/2021:10:40:04 +0800] "GET /xingrg/kc/buy/cgsh_order_operate.html?command=get_materiel&rest_code=00108&code=00101008286&supplier_code=00100008&order_time=2021-04-15 HTTP/1.1" 200 408
114.88.156.246 - - [15/Apr/2021:10:40:05 +0800] "POST /xingrg/kc/buy/cgsh_order_operate.html HTTP/1.1" 200 12
116.238.141.202 - - [15/Apr/2021:10:40:06 +0800] "GET /xingrg/kc/buy/cgsh_order_operate.html?command=get_materiel&rest_code=00102&code=00101008185&supplier_code=00100008&order_time=2021-04-15 HTTP/1.1" 200 408
114.88.156.246 - - [15/Apr/2021:10:40:07 +0800] "GET /xingrg/kc/buy/cgsh_order_info.html?code=212021041505957 HTTP/1.1" 200 57056
114.88.156.246 - - [15/Apr/2021:10:40:07 +0800] "GET /xingrg/javascript/easyui/themes/default/validatebox.css HTTP/1.1" 404 1104
114.88.156.246 - - [15/Apr/2021:10:40:08 +0800] "POST /xingrg/kc/buy/cgsh_order_operate.html HTTP/1.1" 200 6534
114.88.167.174 - - [15/Apr/2021:10:40:08 +0800] "POST /xingrg/login.do HTTP/1.1" 302 -
114.88.167.174 - - [15/Apr/2021:10:40:08 +0800] "GET /xingrg/index.html?sysBaseUrl=http%3A%2F%2F180.169.147.146%3A18081%2Fxingrg%2F&costTime=70×tamp=1618454408740 HTTP/1.1" 200 17173
114.88.167.174 - - [15/Apr/2021:10:40:08 +0800] "GET /xingrg/javascript/jquery_easy_ui/themes/default/easyui.css HTTP/1.1" 304 -
114.88.167.174 - - [15/Apr/2021:10:40:08 +0800] "GET /xingrg/javascript/jquery_easy_ui/themes/icon.css HTTP/1.1" 304 -
114.88.167.174 - - [15/Apr/2021:10:40:08 +0800] "GET /xingrg/css/form.css HTTP/1.1" 304 -
114.88.167.174 - - [15/Apr/2021:10:40:08 +0800] "GET /xingrg/javascript/jquery_easy_ui/easyui-lang-zh_CN.js HTTP/1.1" 304 -
114.88.167.174 - - [15/Apr/2021:10:40:08 +0800] "GET /xingrg/javascript/jquery.form.js HTTP/1.1" 304 -
114.88.167.174 - - [15/Apr/2021:10:40:08 +0800] "GET /xingrg/javascript/jquery.utils.js HTTP/1.1" 304 -
114.88.167.174 - - [15/Apr/2021:10:40:08 +0800] "GET /xingrg/javascript/jquery-1.4.2.min.js HTTP/1.1" 304 -
114.88.167.174 - - [15/Apr/2021:10:40:08 +0800] "GET /xingrg/javascript/jquery_easy_ui/jquery.easyui.min.js HTTP/1.1" 304 -
114.88.167.174 - - [15/Apr/2021:10:40:08 +0800] "GET /xingrg/javascript/jquery.timers.js HTTP/1.1" 304 -
114.88.156.246 - - [15/Apr/2021:10:40:08 +0800] "GET /xingrg/kc/print/load_config.html?kc_code=cgsh HTTP/1.1" 200 1845
114.88.167.174 - - [15/Apr/2021:10:40:08 +0800] "GET /xingrg/images/blue/navBackgound.jpg HTTP/1.1" 304 -
114.88.167.174 - - [15/Apr/2021:10:40:08 +0800] "GET /xingrg/javascript/jquery_easy_ui/themes/icons/settle_new.png HTTP/1.1" 304 -
114.88.167.174 - - [15/Apr/2021:10:40:08 +0800] "GET /favicon.ico HTTP/1.1" 404 -
114.88.167.174 - - [15/Apr/2021:10:40:08 +0800] "GET /xingrg/images/blue/pingpu.png HTTP/1.1" 304 -
114.88.167.174 - - [15/Apr/2021:10:40:09 +0800] "GET /xingrg/javascript/jquery_easy_ui/themes/default/images/tabs_leftarrow.png HTTP/1.1" 304 -
114.88.167.174 - - [15/Apr/2021:10:40:09 +0800] "GET /xingrg/javascript/jquery_easy_ui/themes/default/images/tabs_rightarrow.png HTTP/1.1" 304 -
114.88.167.174 - - [15/Apr/2021:10:40:09 +0800] "GET /xingrg/javascript/jquery_easy_ui/themes/default/images/panel_tool_collapse.gif HTTP/1.1" 304 -
114.88.167.174 - - [15/Apr/2021:10:40:09 +0800] "POST /xingrg/all/common/load_tree.html?tree=area_rest_tree_json&manage=1 HTTP/1.1" 200 342
114.88.167.174 - - [15/Apr/2021:10:40:09 +0800] "GET /xingrg/check_reg.html?_=1618454405269 HTTP/1.1" 200 22
114.88.167.174 - - [15/Apr/2021:10:40:09 +0800] "GET /xingrg/all/function/internal_message.html?_=1618454405268&CODE_STATE=count HTTP/1.1" 200 11
114.88.167.174 - - [15/Apr/2021:10:40:09 +0800] "GET /xingrg/javascript/jquery_easy_ui/themes/default/images/tree_arrows.gif HTTP/1.1" 304 -
114.88.156.246 - - [15/Apr/2021:10:40:09 +0800] "GET /xingrg/kc/print/load_data.html?order_code=212021041505957&kc_code=cgsh&condition= HTTP/1.1" 200 3065
114.88.167.174 - - [15/Apr/2021:10:40:09 +0800] "POST /xingrg/load_menu.html HTTP/1.1" 200 5138
114.88.167.174 - - [15/Apr/2021:10:40:09 +0800] "GET /xingrg/javascript/jquery_easy_ui/themes/default/images/tree_folder_open.gif HTTP/1.1" 304 -
114.88.167.174 - - [15/Apr/2021:10:40:09 +0800] "GET /xingrg/javascript/jquery_easy_ui/themes/icons/search_new.png HTTP/1.1" 304 -
114.88.167.174 - - [15/Apr/2021:10:40:09 +0800] "GET /xingrg/javascript/jquery_easy_ui/themes/default/images/tree_folder.gif HTTP/1.1" 304 -
114.88.167.174 - - [15/Apr/2021:10:40:09 +0800] "GET /xingrg/javascript/jquery_easy_ui/themes/icons/storage_new.png HTTP/1.1" 304 -
114.88.167.174 - - [15/Apr/2021:10:40:09 +0800] "GET /xingrg/javascript/jquery_easy_ui/themes/icons/forms_new.png HTTP/1.1" 304 -
114.88.167.174 - - [15/Apr/2021:10:40:09 +0800] "GET /xingrg/javascript/jquery_easy_ui/themes/default/images/tree_file.gif HTTP/1.1" 304 -
61.165.42.208 - - [15/Apr/2021:10:40:10 +0800] "GET /xingrg/all/function/internal_message.html?_=1618454412265&CODE_STATE=getMsg HTTP/1.1" 200 27
180.169.147.146 - - [15/Apr/2021:10:40:10 +0800] "GET /xingrg/all/function/internal_message.html?_=1618454409474&CODE_STATE=getMsg HTTP/1.1" 200 27
180.169.147.146 - - [15/Apr/2021:10:40:10 +0800] "GET /xingrg/check_reg.html?_=1618454409475 HTTP/1.1" 200 22
114.88.167.174 - - [15/Apr/2021:10:40:12 +0800] "GET /xingrg/javascript/jquery_easy_ui/themes/default/images/tabs_close.gif HTTP/1.1" 304 -
114.88.167.174 - - [15/Apr/2021:10:40:12 +0800] "GET /xingrg/kc/buy/buy_main.html HTTP/1.1" 200 12412
114.88.167.174 - - [15/Apr/2021:10:40:12 +0800] "GET /xingrg/javascript/jquery_ui/themes/humanity/humanity.css HTTP/1.1" 304 -
114.88.167.174 - - [15/Apr/2021:10:40:12 +0800] "GET /xingrg/css/new_ie.css HTTP/1.1" 404 1036
114.88.167.174 - - [15/Apr/2021:10:40:12 +0800] "GET /xingrg/css/blue.css HTTP/1.1" 304 -
114.88.167.174 - - [15/Apr/2021:10:40:12 +0800] "GET /xingrg/javascript/myfunction.js HTTP/1.1" 304 -
114.88.167.174 - - [15/Apr/2021:10:40:12 +0800] "GET /xingrg/javascript/pic_change.js HTTP/1.1" 304 -
114.88.167.174 - - [15/Apr/2021:10:40:12 +0800] "GET /xingrg/javascript/ToolTips.js HTTP/1.1" 304 -
114.88.167.174 - - [15/Apr/2021:10:40:12 +0800] "GET /xingrg/javascript/jquery_ui/jquery-ui.min.js HTTP/1.1" 304 -
114.88.167.174 - - [15/Apr/2021:10:40:12 +0800] "GET /xingrg/images/blue/button/cgydd.gif HTTP/1.1" 304 -
114.88.167.174 - - [15/Apr/2021:10:40:12 +0800] "GET /xingrg/images/blue/button/cgfkd.gif HTTP/1.1" 304 -
114.88.167.174 - - [15/Apr/2021:10:40:12 +0800] "GET /xingrg/images/blue/button/cgshd.gif HTTP/1.1" 304 -
114.88.167.174 - - [15/Apr/2021:10:40:12 +0800] "GET /xingrg/images/blue/button/cgxqd.gif HTTP/1.1" 304 -
114.88.167.174 - - [15/Apr/2021:10:40:12 +0800] "GET /xingrg/images/blue/button/ckthd.gif HTTP/1.1" 304 -
114.88.167.174 - - [15/Apr/2021:10:40:12 +0800] "GET /xingrg/images/blue/button/kc.gif HTTP/1.1" 304 -
114.88.167.174 - - [15/Apr/2021:10:40:12 +0800] "GET /xingrg/images/blue/pic_form2.gif HTTP/1.1" 304 -
114.88.167.174 - - [15/Apr/2021:10:40:12 +0800] "GET /xingrg/javascript/jquery_ui/themes/humanity/images/ui-bg_inset-soft_100_f4f0ec_1x100.png HTTP/1.1" 304 -
114.88.167.174 - - [15/Apr/2021:10:40:12 +0800] "GET /xingrg/images/blue/bg_dotted.jpg HTTP/1.1" 304 -
114.88.167.174 - - [15/Apr/2021:10:40:12 +0800] "GET /xingrg/images/blue/button/right_ah.jpg HTTP/1.1" 304 -
114.88.167.174 - - [15/Apr/2021:10:40:12 +0800] "GET /xingrg/images/blue/button/down_ah.jpg HTTP/1.1" 304 -
116.238.141.202 - - [15/Apr/2021:10:40:12 +0800] "GET /xingrg/kc/buy/cgsh_order_operate.html?command=get_materiel&rest_code=00102&code=00101008028&supplier_code=00100008&order_time=2021-04-15 HTTP/1.1" 200 412
114.88.167.174 - - [15/Apr/2021:10:40:12 +0800] "GET /xingrg/javascript/jquery_ui/themes/humanity/images/ui-iconsnew.jpg HTTP/1.1" 304 -
114.88.167.174 - - [15/Apr/2021:10:40:12 +0800] "GET /xingrg/javascript/jquery_ui/themes/humanity/images/ui-icons_ffffff_256x240.png HTTP/1.1" 304 -
114.88.167.174 - - [15/Apr/2021:10:40:12 +0800] "GET /xingrg/javascript/jquery_ui/themes/humanity/images/ui-icons_c47a23_256x240.png HTTP/1.1" 304 -
114.88.167.174 - - [15/Apr/2021:10:40:12 +0800] "GET /xingrg/javascript/jquery_ui/themes/humanity/images/ui-bg_glass_70_ede4d4_1x400.png HTTP/1.1" 304 -
114.88.167.174 - - [15/Apr/2021:10:40:12 +0800] "GET /xingrg/images/yd/bt.gif HTTP/1.1" 404 1040
114.88.167.174 - - [15/Apr/2021:10:40:13 +0800] "GET /xingrg/css/base.css HTTP/1.1" 304 -
114.88.167.174 - - [15/Apr/2021:10:40:13 +0800] "GET /xingrg/css/site.css HTTP/1.1" 304 -
114.88.167.174 - - [15/Apr/2021:10:40:13 +0800] "GET /xingrg/javascript/jquery_tools/datebox.css HTTP/1.1" 304 -
114.88.167.174 - - [15/Apr/2021:10:40:13 +0800] "GET /xingrg/javascript/easyui/themes/icon.css HTTP/1.1" 304 -
114.88.167.174 - - [15/Apr/2021:10:40:13 +0800] "GET /xingrg/javascript/easyui/themes/default/easyui.css HTTP/1.1" 304 -
114.88.167.174 - - [15/Apr/2021:10:40:13 +0800] "GET /xingrg/javascript/auto/jquery.autocomplete.css HTTP/1.1" 304 -
114.88.167.174 - - [15/Apr/2021:10:40:13 +0800] "GET /xingrg/javascript/jquery_tools/jquery.tools.hotkey.js HTTP/1.1" 304 -
114.88.167.174 - - [15/Apr/2021:10:40:13 +0800] "GET /xingrg/javascript/jquery_tools/jquery.tools.table.js HTTP/1.1" 304 -
114.88.167.174 - - [15/Apr/2021:10:40:13 +0800] "GET /xingrg/javascript/jquery_tools/jquery.tools.extend.js HTTP/1.1" 304 -
114.88.167.174 - - [15/Apr/2021:10:40:13 +0800] "GET /xingrg/javascript/jquery_tools/fix.css HTTP/1.1" 304 -
114.88.167.174 - - [15/Apr/2021:10:40:13 +0800] "GET /xingrg/javascript/jquery_tools/list_manager.js HTTP/1.1" 304 -
114.88.167.174 - - [15/Apr/2021:10:40:13 +0800] "GET /xingrg/javascript/auto/jquery.autocomplete.js HTTP/1.1" 304 -
114.88.167.174 - - [15/Apr/2021:10:40:13 +0800] "GET /xingrg/javascript/easyui/easyloader.js HTTP/1.1" 304 -
114.88.167.174 - - [15/Apr/2021:10:40:13 +0800] "GET /xingrg/javascript/jquery_tools/table.css HTTP/1.1" 304 -
114.88.167.174 - - [15/Apr/2021:10:40:13 +0800] "GET /xingrg/javascript/jquery_tools/jquery.tools.min.js HTTP/1.1" 304 -
114.88.167.174 - - [15/Apr/2021:10:40:13 +0800] "GET /xingrg/javascript/jquery.cookie.js HTTP/1.1" 304 -
114.88.167.174 - - [15/Apr/2021:10:40:13 +0800] "GET /xingrg/kc/buy/cgsh_order_list.html HTTP/1.1" 200 46410
114.88.167.174 - - [15/Apr/2021:10:40:13 +0800] "GET /xingrg/javascript/print/LodopFuncs.js HTTP/1.1" 304 -
114.88.167.174 - - [15/Apr/2021:10:40:13 +0800] "GET /xingrg/javascript/easyui/themes/icons/edit_add_new.png HTTP/1.1" 304 -
114.88.167.174 - - [15/Apr/2021:10:40:13 +0800] "GET /xingrg/javascript/easyui/themes/icons/cance_new.png HTTP/1.1" 304 -
114.88.167.174 - - [15/Apr/2021:10:40:13 +0800] "GET /xingrg/javascript/easyui/themes/icons/check_new.png HTTP/1.1" 304 -
114.88.167.174 - - [15/Apr/2021:10:40:13 +0800] "GET /xingrg/javascript/easyui/themes/icons/import_new.png HTTP/1.1" 304 -
114.88.167.174 - - [15/Apr/2021:10:40:13 +0800] "GET /xingrg/javascript/easyui/themes/icons/field_new.png HTTP/1.1" 304 -
114.88.167.174 - - [15/Apr/2021:10:40:13 +0800] "GET /xingrg/javascript/jquery_easy_ui/themes/icons/area.png HTTP/1.1" 304 -
114.88.167.174 - - [15/Apr/2021:10:40:13 +0800] "GET /xingrg/javascript/jquery_easy_ui/themes/icons/rest.png HTTP/1.1" 304 -
114.88.167.174 - - [15/Apr/2021:10:40:13 +0800] "GET /xingrg/javascript/easyui/plugins/jquery.parser.js HTTP/1.1" 304 -
114.88.167.174 - - [15/Apr/2021:10:40:13 +0800] "GET /xingrg/images/control/ajaxLoader.gif HTTP/1.1" 304 -
116.224.253.72 - - [15/Apr/2021:10:40:13 +0800] "GET /xingrg/all/function/internal_message.html?_=1618454413359&CODE_STATE=getMsg HTTP/1.1" 200 27
120.253.135.82 - - [15/Apr/2021:10:40:14 +0800] "GET /xingrg/check_reg.html?_=1618454444711 HTTP/1.1" 200 22
117.184.7.26 - - [15/Apr/2021:10:40:14 +0800] "GET /xingrg/kc/buy/cgsh_order_operate.html?command=get_materiel&rest_code=00108&code=00101008352&supplier_code=00100008&order_time=2021-04-15 HTTP/1.1" 200 412
116.233.73.19 - - [15/Apr/2021:10:40:15 +0800] "GET /xingrg/all/function/internal_message.html?_=1618454417174&CODE_STATE=getMsg HTTP/1.1" 200 27
116.233.73.19 - - [15/Apr/2021:10:40:15 +0800] "GET /xingrg/check_reg.html?_=1618454417178 HTTP/1.1" 200 22
114.88.156.246 - - [15/Apr/2021:10:40:15 +0800] "GET /xingrg/all/function/internal_message.html?_=1618454427152&CODE_STATE=getMsg HTTP/1.1" 200 27
114.88.167.174 - - [15/Apr/2021:10:40:15 +0800] "POST /xingrg/kc/buy/cgsh_list_operate.html HTTP/1.1" 200 3138
116.230.114.112 - - [15/Apr/2021:10:40:15 +0800] "GET /xingrg/all/function/internal_message.html?_=1618454411157&CODE_STATE=getMsg HTTP/1.1" 200 27
180.169.147.146 - - [15/Apr/2021:10:40:16 +0800] "GET /xingrg/all/function/internal_message.html?_=1618454430180&CODE_STATE=getMsg HTTP/1.1" 200 27
114.88.167.174 - - [15/Apr/2021:10:40:17 +0800] "GET /xingrg/javascript/easyui/themes/default/images/button_plain_hover.png HTTP/1.1" 304 -
114.88.167.174 - - [15/Apr/2021:10:40:18 +0800] "GET /xingrg/javascript/jquery_tools/order_manager.js HTTP/1.1" 304 -
114.88.167.174 - - [15/Apr/2021:10:40:18 +0800] "GET /xingrg/javascript/convert.js HTTP/1.1" 304 -
114.88.167.174 - - [15/Apr/2021:10:40:18 +0800] "GET /xingrg/javascript/print/kc_print.js HTTP/1.1" 304 -
114.88.167.174 - - [15/Apr/2021:10:40:18 +0800] "GET /xingrg/javascript/json2.js HTTP/1.1" 304 -
114.88.167.174 - - [15/Apr/2021:10:40:18 +0800] "GET /xingrg/words/20210414175800_words.js HTTP/1.1" 304 -
114.88.167.174 - - [15/Apr/2021:10:40:18 +0800] "GET /xingrg/kc/buy/cgsh_order_add.html HTTP/1.1" 200 62148
114.88.167.174 - - [15/Apr/2021:10:40:18 +0800] "GET /xingrg/javascript/easyui/themes/icons/copy_new.png HTTP/1.1" 304 -
114.88.167.174 - - [15/Apr/2021:10:40:18 +0800] "GET /xingrg/javascript/easyui/themes/icons/template_new.png HTTP/1.1" 304 -
114.88.167.174 - - [15/Apr/2021:10:40:18 +0800] "GET /xingrg/javascript/easyui/themes/icons/ok.png HTTP/1.1" 304 -
114.88.167.174 - - [15/Apr/2021:10:40:18 +0800] "GET /xingrg/javascript/easyui/themes/icons/print.png HTTP/1.1" 304 -
114.88.167.174 - - [15/Apr/2021:10:40:18 +0800] "GET /xingrg/javascript/easyui/themes/default/images/menu_downarrow.png HTTP/1.1" 304 -
114.88.167.174 - - [15/Apr/2021:10:40:18 +0800] "GET /xingrg/javascript/easyui/themes/icons/cancel.png HTTP/1.1" 304 -
114.88.167.174 - - [15/Apr/2021:10:40:18 +0800] "POST /xingrg/kc/buy/cgsh_order_operate.html HTTP/1.1" 200 8245
114.88.167.174 - - [15/Apr/2021:10:40:18 +0800] "GET /xingrg/javascript/easyui/themes/icons/edit_remove.png HTTP/1.1" 304 -
114.88.167.174 - - [15/Apr/2021:10:40:18 +0800] "GET /xingrg/all/common/auto_word.html?type=employee&rest_code=00111 HTTP/1.1" 200 205
114.88.167.174 - - [15/Apr/2021:10:40:18 +0800] "GET /xingrg/all/common/auto_word.html?type=employee&rest_code=00111 HTTP/1.1" 200 205
116.238.141.202 - - [15/Apr/2021:10:40:18 +0800] "GET /xingrg/kc/buy/cgsh_order_operate.html?command=get_materiel&rest_code=00102&code=00101008283&supplier_code=00100008&order_time=2021-04-15 HTTP/1.1" 200 408
114.88.167.174 - - [15/Apr/2021:10:40:18 +0800] "GET /xingrg/javascript/easyui/themes/default/validatebox.css HTTP/1.1" 404 1104
114.88.167.174 - - [15/Apr/2021:10:40:18 +0800] "GET /xingrg/javascript/easyui/plugins/jquery.validatebox.js HTTP/1.1" 304 -
114.88.167.174 - - [15/Apr/2021:10:40:18 +0800] "GET /xingrg/javascript/easyui/plugins/jquery.numberbox.js HTTP/1.1" 304 -
116.224.253.72 - - [15/Apr/2021:10:40:19 +0800] "GET /xingrg/all/function/internal_message.html?_=1618454409542&CODE_STATE=getMsg HTTP/1.1" 200 27
114.88.167.174 - - [15/Apr/2021:10:40:19 +0800] "GET /xingrg/javascript/auto/indicator.gif HTTP/1.1" 404 1066
114.88.167.174 - - [15/Apr/2021:10:40:20 +0800] "GET /xingrg/javascript/jquery_tools/images/prev.gif HTTP/1.1" 404 1086
114.88.167.174 - - [15/Apr/2021:10:40:20 +0800] "GET /xingrg/javascript/jquery_tools/images/next.gif HTTP/1.1" 404 1086
117.184.7.26 - - [15/Apr/2021:10:40:21 +0800] "GET /xingrg/kc/buy/cgsh_order_operate.html?command=get_materiel&rest_code=00108&code=00101008005&supplier_code=00100008&order_time=2021-04-15 HTTP/1.1" 200 412
116.238.141.202 - - [15/Apr/2021:10:40:21 +0800] "GET /xingrg/all/function/internal_message.html?_=1618454423428&CODE_STATE=getMsg HTTP/1.1" 200 27
117.185.32.26 - - [15/Apr/2021:10:40:24 +0800] "GET /xingrg/all/function/internal_message.html?_=1618454421462&CODE_STATE=getMsg HTTP/1.1" 200 27
222.69.129.122 - - [15/Apr/2021:10:40:25 +0800] "GET /xingrg/all/function/internal_message.html?_=1618454424441&CODE_STATE=getMsg HTTP/1.1" 200 27
116.238.141.202 - - [15/Apr/2021:10:40:25 +0800] "GET /xingrg/kc/buy/cgsh_order_operate.html?command=get_materiel&rest_code=00102&code=00101008351&supplier_code=00100008&order_time=2021-04-15 HTTP/1.1" 200 408
116.238.141.202 - - [15/Apr/2021:10:40:26 +0800] "GET /xingrg/kc/base/wldb_order_list.html HTTP/1.1" 200 19383
101.85.94.178 - - [15/Apr/2021:10:40:27 +0800] "GET /xingrg/all/function/internal_message.html?_=1618453967938&CODE_STATE=getMsg HTTP/1.1" 200 27
116.238.141.202 - - [15/Apr/2021:10:40:27 +0800] "POST /xingrg/kc/base/wldb_list_operate.html HTTP/1.1" 200 928
117.184.7.26 - - [15/Apr/2021:10:40:28 +0800] "GET /xingrg/kc/buy/cgsh_order_operate.html?command=get_materiel&rest_code=00108&code=00101008271&supplier_code=00100008&order_time=2021-04-15 HTTP/1.1" 200 408
116.238.141.202 - - [15/Apr/2021:10:40:28 +0800] "GET /xingrg/kc/base/wldb_order_add.html HTTP/1.1" 200 30542
180.162.112.81 - - [15/Apr/2021:10:40:29 +0800] "GET /xingrg/javascript/auto/indicator.gif HTTP/1.1" 404 1066
116.238.141.202 - - [15/Apr/2021:10:40:29 +0800] "POST /xingrg/kc/base/wldb_order_operate.html HTTP/1.1" 200 6806
116.238.141.202 - - [15/Apr/2021:10:40:29 +0800] "GET /xingrg/all/common/auto_word.html?type=base&rest_code=00102 HTTP/1.1" 200 1711
116.238.141.202 - - [15/Apr/2021:10:40:29 +0800] "GET /xingrg/all/common/auto_word.html?type=base&rest_code=00102 HTTP/1.1" 200 1711
172.20.0.100 - - [15/Apr/2021:10:40:30 +0800] "GET /xingrg/all/function/internal_message.html?_=1618454429152&CODE_STATE=getMsg HTTP/1.1" 200 27
172.20.0.100 - - [15/Apr/2021:10:40:30 +0800] "GET /xingrg/check_reg.html?_=1618454429154 HTTP/1.1" 200 22
116.238.141.202 - - [15/Apr/2021:10:40:30 +0800] "GET /xingrg/javascript/easyui/themes/default/validatebox.css HTTP/1.1" 404 1104
114.88.167.174 - - [15/Apr/2021:10:40:30 +0800] "GET /xingrg/kc/buy/cgsh_order_operate.html?command=get_materiel&rest_code=00111&code=00101005054&supplier_code=00100347&order_time=2021-04-15 HTTP/1.1" 200 412
116.238.141.202 - - [15/Apr/2021:10:40:31 +0800] "GET /xingrg/kc/buy/cgsh_order_operate.html?command=get_materiel&rest_code=00102&code=00101008026&supplier_code=00100008&order_time=2021-04-15 HTTP/1.1" 200 409
117.184.7.26 - - [15/Apr/2021:10:40:34 +0800] "GET /xingrg/kc/buy/cgsh_order_operate.html?command=get_materiel&rest_code=00108&code=00101008213&supplier_code=00100008&order_time=2021-04-15 HTTP/1.1" 200 412
222.70.217.33 - - [15/Apr/2021:10:40:35 +0800] "GET /xingrg/all/function/internal_message.html?_=1618454434528&CODE_STATE=getMsg HTTP/1.1" 200 27
58.40.7.146 - - [15/Apr/2021:10:40:37 +0800] "GET /xingrg/check_reg.html?_=1618454436503 HTTP/1.1" 200 22
116.238.141.202 - - [15/Apr/2021:10:40:37 +0800] "GET /xingrg/all/function/internal_message.html?_=1618454714317&CODE_STATE=getMsg HTTP/1.1" 200 27
116.238.141.202 - - [15/Apr/2021:10:40:37 +0800] "GET /xingrg/kc/buy/cgsh_order_operate.html?command=get_materiel&rest_code=00102&code=00101008096&supplier_code=00100008&order_time=2021-04-15 HTTP/1.1" 200 412
116.238.141.202 - - [15/Apr/2021:10:40:38 +0800] "POST /xingrg/all/common/load_combo.html?type=base HTTP/1.1" 200 3060
180.162.112.81 - - [15/Apr/2021:10:40:38 +0800] "GET /xingrg/kc/buy/cgsh_order_operate.html?command=get_materiel&rest_code=00143&code=00101009010&supplier_code=00100207&order_time=2021-04-14 HTTP/1.1" 200 412
124.77.71.179 - - [15/Apr/2021:10:40:39 +0800] "GET /xingrg/check_reg.html?_=1618454433365 HTTP/1.1" 200 22
124.77.71.179 - - [15/Apr/2021:10:40:40 +0800] "GET /xingrg/all/function/internal_message.html?_=1618454433591&CODE_STATE=getMsg HTTP/1.1" 200 27
114.83.217.136 - - [15/Apr/2021:10:40:40 +0800] "GET /favicon.ico HTTP/1.1" 404 -
120.253.135.82 - - [15/Apr/2021:10:40:40 +0800] "GET /xingrg/all/function/internal_message.html?_=1618454471042&CODE_STATE=getMsg HTTP/1.1" 200 27
114.88.156.246 - - [15/Apr/2021:10:40:41 +0800] "GET /xingrg/kc/buy/cgsh_order_add.html HTTP/1.1" 200 62154
114.88.156.246 - - [15/Apr/2021:10:40:41 +0800] "GET /xingrg/all/common/auto_word.html?type=employee&rest_code=00141 HTTP/1.1" 200 201
114.88.156.246 - - [15/Apr/2021:10:40:41 +0800] "POST /xingrg/kc/buy/cgsh_order_operate.html HTTP/1.1" 200 8245
114.88.156.246 - - [15/Apr/2021:10:40:41 +0800] "GET /xingrg/javascript/easyui/themes/default/validatebox.css HTTP/1.1" 404 1104
114.88.156.246 - - [15/Apr/2021:10:40:41 +0800] "GET /xingrg/all/common/auto_word.html?type=employee&rest_code=00141 HTTP/1.1" 200 201
116.238.141.202 - - [15/Apr/2021:10:40:42 +0800] "POST /xingrg/all/common/load_combo.html?type=base HTTP/1.1" 200 3060
117.184.7.26 - - [15/Apr/2021:10:40:42 +0800] "POST /xingrg/kc/buy/cgsh_order_operate.html HTTP/1.1" 200 37
114.88.156.246 - - [15/Apr/2021:10:40:42 +0800] "GET /xingrg/all/function/internal_message.html?_=1618454470053&CODE_STATE=getMsg HTTP/1.1" 200 27
117.184.7.26 - - [15/Apr/2021:10:40:43 +0800] "POST /xingrg/kc/buy/cgsh_order_operate.html HTTP/1.1" 200 8563
114.88.167.174 - - [15/Apr/2021:10:40:43 +0800] "GET /xingrg/kc/buy/cgsh_order_operate.html?command=get_materiel&rest_code=00111&code=00101020225&supplier_code=00100347&order_time=2021-04-15 HTTP/1.1" 200 403
117.184.7.26 - - [15/Apr/2021:10:40:44 +0800] "GET /xingrg/all/function/internal_message.html?_=1618454428292&CODE_STATE=getMsg HTTP/1.1" 200 27
116.238.141.202 - - [15/Apr/2021:10:40:44 +0800] "GET /xingrg/kc/buy/cgsh_order_operate.html?command=get_materiel&rest_code=00102&code=00101008038&supplier_code=00100008&order_time=2021-04-15 HTTP/1.1" 200 412
180.169.147.146 - - [15/Apr/2021:10:40:45 +0800] "GET /favicon.ico HTTP/1.1" 404 -
116.238.141.202 - - [15/Apr/2021:10:40:48 +0800] "GET /xingrg/kc/base/wldb_order_operate.html?command=get_materiel&rest_code=00102&base_code=0010476&code=00101020144 HTTP/1.1" 200 447
116.238.141.202 - - [15/Apr/2021:10:40:50 +0800] "GET /xingrg/kc/buy/cgsh_order_operate.html?command=get_materiel&rest_code=00102&code=00101008358&supplier_code=00100008&order_time=2021-04-15 HTTP/1.1" 200 412
114.88.156.246 - - [15/Apr/2021:10:40:51 +0800] "GET /xingrg/kc/buy/cgsh_order_operate.html?command=get_materiel&rest_code=00141&code=00101001010&supplier_code=00100040&order_time=2021-04-15 HTTP/1.1" 200 409
180.169.147.146 - - [15/Apr/2021:10:40:51 +0800] "GET /xingrg/all/function/internal_message.html?_=1618454459822&CODE_STATE=getMsg HTTP/1.1" 200 27
114.88.167.174 - - [15/Apr/2021:10:40:54 +0800] "GET /xingrg/kc/buy/cgsh_order_operate.html?command=get_materiel&rest_code=00111&code=00102002167&supplier_code=00100347&order_time=2021-04-15 HTTP/1.1" 200 409
116.238.141.202 - - [15/Apr/2021:10:40:54 +0800] "GET /xingrg/kc/base/wldb_order_operate.html?command=get_materiel&rest_code=00102&base_code=0010476&code=00101019015 HTTP/1.1" 200 437
180.162.112.81 - - [15/Apr/2021:10:40:55 +0800] "GET /xingrg/all/function/internal_message.html?_=1618454219425&CODE_STATE=getMsg HTTP/1.1" 200 27
116.238.141.202 - - [15/Apr/2021:10:40:56 +0800] "GET /xingrg/kc/buy/cgsh_order_operate.html?command=get_materiel&rest_code=00102&code=00101008355&supplier_code=00100008&order_time=2021-04-15 HTTP/1.1" 200 408
116.235.95.160 - - [15/Apr/2021:10:40:57 +0800] "GET /xingrg/all/function/internal_message.html?_=1618454535838&CODE_STATE=getMsg HTTP/1.1" 200 27
117.184.7.26 - - [15/Apr/2021:10:40:57 +0800] "GET /xingrg/kc/buy/cgsh_order_operate.html?command=get_materiel&rest_code=00108&code=00101008132&supplier_code=00100008&order_time=2021-04-15 HTTP/1.1" 200 408
116.238.141.202 - - [15/Apr/2021:10:40:59 +0800] "GET /xingrg/kc/base/wldb_order_operate.html?command=get_materiel&rest_code=00102&base_code=0010476&code=00101013011 HTTP/1.1" 200 450
180.169.147.146 - - [15/Apr/2021:10:41:00 +0800] "GET /xingrg/all/function/internal_message.html?_=1618454457095&CODE_STATE=getMsg HTTP/1.1" 200 27
116.238.141.202 - - [15/Apr/2021:10:41:02 +0800] "GET /xingrg/kc/buy/cgsh_order_operate.html?command=get_materiel&rest_code=00102&code=00101008264&supplier_code=00100008&order_time=2021-04-15 HTTP/1.1" 200 412
114.88.156.246 - - [15/Apr/2021:10:41:03 +0800] "GET /xingrg/kc/buy/cgsh_order_operate.html?command=get_materiel&rest_code=00141&code=00101001075&supplier_code=00100040&order_time=2021-04-15 HTTP/1.1" 200 409
116.238.141.202 - - [15/Apr/2021:10:41:06 +0800] "GET /xingrg/kc/base/wldb_order_operate.html?command=get_materiel&rest_code=00102&base_code=0010476&code=00101019130 HTTP/1.1" 200 471
114.88.167.174 - - [15/Apr/2021:10:41:07 +0800] "GET /xingrg/kc/buy/cgsh_order_operate.html?command=get_materiel&rest_code=00111&code=00101002013&supplier_code=00100347&order_time=2021-04-15 HTTP/1.1" 200 414
116.238.141.202 - - [15/Apr/2021:10:41:08 +0800] "GET /xingrg/kc/buy/cgsh_order_operate.html?command=get_materiel&rest_code=00102&code=00101008300&supplier_code=00100008&order_time=2021-04-15 HTTP/1.1" 200 412
114.88.167.174 - - [15/Apr/2021:10:41:09 +0800] "GET /xingrg/all/function/internal_message.html?_=1618454465285&CODE_STATE=getMsg HTTP/1.1" 200 27
117.184.7.26 - - [15/Apr/2021:10:41:09 +0800] "GET /xingrg/kc/buy/cgsh_order_operate.html?command=get_materiel&rest_code=00108&code=00101008155&supplier_code=00100008&order_time=2021-04-15 HTTP/1.1" 200 408
61.165.42.208 - - [15/Apr/2021:10:41:10 +0800] "GET /xingrg/all/function/internal_message.html?_=1618454472240&CODE_STATE=getMsg HTTP/1.1" 200 27
180.169.147.146 - - [15/Apr/2021:10:41:10 +0800] "GET /xingrg/all/function/internal_message.html?_=1618454469476&CODE_STATE=getMsg HTTP/1.1" 200 27
114.88.156.246 - - [15/Apr/2021:10:41:13 +0800] "GET /xingrg/kc/buy/cgsh_order_operate.html?command=get_materiel&rest_code=00141&code=00101005037&supplier_code=00100040&order_time=2021-04-15 HTTP/1.1" 200 409
116.238.141.202 - - [15/Apr/2021:10:41:13 +0800] "GET /xingrg/kc/base/wldb_order_operate.html?command=get_materiel&rest_code=00102&base_code=0010476&code=00101019249 HTTP/1.1" 200 470
116.224.253.72 - - [15/Apr/2021:10:41:13 +0800] "GET /xingrg/all/function/internal_message.html?_=1618454473350&CODE_STATE=getMsg HTTP/1.1" 200 27
116.238.141.202 - - [15/Apr/2021:10:41:14 +0800] "GET /xingrg/kc/buy/cgsh_order_operate.html?command=get_materiel&rest_code=00102&code=00101008069&supplier_code=00100008&order_time=2021-04-15 HTTP/1.1" 200 412
116.233.73.19 - - [15/Apr/2021:10:41:15 +0800] "GET /xingrg/all/function/internal_message.html?_=1618454477177&CODE_STATE=getMsg HTTP/1.1" 200 27
114.88.156.246 - - [15/Apr/2021:10:41:15 +0800] "GET /xingrg/all/function/internal_message.html?_=1618454487156&CODE_STATE=getMsg HTTP/1.1" 200 27
116.230.114.112 - - [15/Apr/2021:10:41:15 +0800] "GET /xingrg/all/function/internal_message.html?_=1618454471168&CODE_STATE=getMsg HTTP/1.1" 200 27
180.169.147.146 - - [15/Apr/2021:10:41:16 +0800] "GET /xingrg/all/function/internal_message.html?_=1618454490186&CODE_STATE=getMsg HTTP/1.1" 200 27
117.184.7.26 - - [15/Apr/2021:10:41:17 +0800] "GET /xingrg/kc/buy/cgsh_order_operate.html?command=get_materiel&rest_code=00108&code=00101008350&supplier_code=00100008&order_time=2021-04-15 HTTP/1.1" 200 408
116.224.253.72 - - [15/Apr/2021:10:41:19 +0800] "GET /xingrg/all/function/internal_message.html?_=1618454469553&CODE_STATE=getMsg HTTP/1.1" 200 27
116.238.141.202 - - [15/Apr/2021:10:41:20 +0800] "GET /xingrg/kc/buy/cgsh_order_operate.html?command=get_materiel&rest_code=00102&code=00101008286&supplier_code=00100008&order_time=2021-04-15 HTTP/1.1" 200 408
116.224.253.72 - - [15/Apr/2021:10:41:20 +0800] "GET /favicon.ico HTTP/1.1" 404 -
114.88.167.174 - - [15/Apr/2021:10:41:21 +0800] "GET /xingrg/kc/buy/cgsh_order_operate.html?command=get_materiel&rest_code=00111&code=00101004038&supplier_code=00100347&order_time=2021-04-15 HTTP/1.1" 200 429
116.238.141.202 - - [15/Apr/2021:10:41:22 +0800] "GET /xingrg/all/function/internal_message.html?_=1618454483513&CODE_STATE=getMsg HTTP/1.1" 200 27
117.185.32.26 - - [15/Apr/2021:10:41:24 +0800] "GET /xingrg/all/function/internal_message.html?_=1618454481437&CODE_STATE=getMsg HTTP/1.1" 200 27
222.69.129.122 - - [15/Apr/2021:10:41:25 +0800] "GET /xingrg/all/function/internal_message.html?_=1618454484447&CODE_STATE=getMsg HTTP/1.1" 200 27
117.184.7.26 - - [15/Apr/2021:10:41:25 +0800] "GET /xingrg/kc/buy/cgsh_order_operate.html?command=get_materiel&rest_code=00108&code=00101008358&supplier_code=00100008&order_time=2021-04-15 HTTP/1.1" 200 412
116.238.141.202 - - [15/Apr/2021:10:41:26 +0800] "GET /xingrg/kc/buy/cgsh_order_operate.html?command=get_materiel&rest_code=00102&code=00101008036&supplier_code=00100008&order_time=2021-04-15 HTTP/1.1" 200 408
101.85.94.178 - - [15/Apr/2021:10:41:27 +0800] "GET /xingrg/all/function/internal_message.html?_=1618454027910&CODE_STATE=getMsg HTTP/1.1" 200 27
101.85.94.178 - - [15/Apr/2021:10:41:27 +0800] "GET /xingrg/check_reg.html?_=1618454028661 HTTP/1.1" 200 22
117.184.7.26 - - [15/Apr/2021:10:41:28 +0800] "POST /xingrg/kc/buy/cgsh_order_operate.html HTTP/1.1" 200 2065
172.20.0.100 - - [15/Apr/2021:10:41:30 +0800] "GET /xingrg/all/function/internal_message.html?_=1618454489155&CODE_STATE=getMsg HTTP/1.1" 200 27
114.88.167.174 - - [15/Apr/2021:10:41:30 +0800] "GET /xingrg/kc/buy/cgsh_order_operate.html?command=get_materiel&rest_code=00111&code=00101012046&supplier_code=00100347&order_time=2021-04-15 HTTP/1.1" 200 417
180.162.112.81 - - [15/Apr/2021:10:41:30 +0800] "GET /xingrg/kc/buy/cgsh_order_operate.html?command=get_materiel&rest_code=00143&code=00101010161&supplier_code=00100207&order_time=2021-04-14 HTTP/1.1" 200 409
116.238.141.202 - - [15/Apr/2021:10:41:30 +0800] "GET /xingrg/kc/base/wldb_order_operate.html?command=get_materiel&rest_code=00102&base_code=0010476&code=00101019131 HTTP/1.1" 200 453
114.88.156.246 - - [15/Apr/2021:10:41:30 +0800] "GET /xingrg/kc/buy/cgsh_order_operate.html?command=get_materiel&rest_code=00141&code=00101005036&supplier_code=00100040&order_time=2021-04-15 HTTP/1.1" 200 409
116.238.141.202 - - [15/Apr/2021:10:41:32 +0800] "POST /xingrg/kc/buy/cgsh_order_operate.html HTTP/1.1" 200 2065
116.238.141.202 - - [15/Apr/2021:10:41:35 +0800] "GET /xingrg/check_reg.html?_=1618454771792 HTTP/1.1" 200 22
117.184.7.26 - - [15/Apr/2021:10:41:35 +0800] "GET /xingrg/kc/buy/cgsh_order_operate.html?command=get_materiel&rest_code=00108&code=00101008088&supplier_code=00100008&order_time=2021-04-15 HTTP/1.1" 200 408
222.70.217.33 - - [15/Apr/2021:10:41:35 +0800] "GET /xingrg/all/function/internal_message.html?_=1618454494530&CODE_STATE=getMsg HTTP/1.1" 200 27
116.238.141.202 - - [15/Apr/2021:10:41:37 +0800] "GET /xingrg/kc/base/wldb_order_operate.html?command=get_materiel&rest_code=00102&base_code=0010476&code=00101013123 HTTP/1.1" 200 434
116.238.141.202 - - [15/Apr/2021:10:41:37 +0800] "GET /xingrg/kc/buy/cgsh_order_operate.html?command=get_materiel&rest_code=00102&code=00101008131&supplier_code=00100008&order_time=2021-04-15 HTTP/1.1" 200 408
116.238.141.202 - - [15/Apr/2021:10:41:38 +0800] "GET /xingrg/all/function/internal_message.html?_=1618454774769&CODE_STATE=getMsg HTTP/1.1" 200 27
124.77.71.179 - - [15/Apr/2021:10:41:40 +0800] "GET /xingrg/all/function/internal_message.html?_=1618454493567&CODE_STATE=getMsg HTTP/1.1" 200 27
120.253.135.82 - - [15/Apr/2021:10:41:40 +0800] "GET /xingrg/all/function/internal_message.html?_=1618454531056&CODE_STATE=getMsg HTTP/1.1" 200 27
114.88.156.246 - - [15/Apr/2021:10:41:42 +0800] "GET /xingrg/kc/buy/cgsh_order_operate.html?command=get_materiel&rest_code=00141&code=00101001010&supplier_code=00100040&order_time=2021-04-15 HTTP/1.1" 200 409
114.88.167.174 - - [15/Apr/2021:10:41:42 +0800] "GET /xingrg/kc/buy/cgsh_order_operate.html?command=get_materiel&rest_code=00111&code=00101007031&supplier_code=00100347&order_time=2021-04-15 HTTP/1.1" 200 413
114.88.156.246 - - [15/Apr/2021:10:41:42 +0800] "GET /xingrg/all/function/internal_message.html?_=1618454530050&CODE_STATE=getMsg HTTP/1.1" 200 27
116.238.141.202 - - [15/Apr/2021:10:41:43 +0800] "GET /xingrg/kc/base/wldb_order_operate.html?command=get_materiel&rest_code=00102&base_code=0010476&code=00101013225 HTTP/1.1" 200 448
117.184.7.26 - - [15/Apr/2021:10:41:44 +0800] "GET /xingrg/all/function/internal_message.html?_=1618454488270&CODE_STATE=getMsg HTTP/1.1" 200 27
180.169.147.146 - - [15/Apr/2021:10:41:51 +0800] "GET /xingrg/all/function/internal_message.html?_=1618454519810&CODE_STATE=getMsg HTTP/1.1" 200 27
114.88.156.246 - - [15/Apr/2021:10:41:51 +0800] "GET /xingrg/kc/buy/cgsh_order_operate.html?command=get_materiel&rest_code=00141&code=00101013172&supplier_code=00100040&order_time=2021-04-15 HTTP/1.1" 200 428
180.162.112.81 - - [15/Apr/2021:10:41:55 +0800] "GET /xingrg/check_reg.html?_=1618454279433 HTTP/1.1" 200 22
180.162.112.81 - - [15/Apr/2021:10:41:55 +0800] "GET /xingrg/all/function/internal_message.html?_=1618454279437&CODE_STATE=getMsg HTTP/1.1" 200 27
117.184.7.26 - - [15/Apr/2021:10:41:56 +0800] "GET /xingrg/kc/buy/cgsh_order_operate.html?command=get_materiel&rest_code=00108&code=00101008084&supplier_code=00100008&order_time=2021-04-15 HTTP/1.1" 200 412
116.235.95.160 - - [15/Apr/2021:10:41:57 +0800] "GET /xingrg/all/function/internal_message.html?_=1618454595837&CODE_STATE=getMsg HTTP/1.1" 200 27
114.88.167.174 - - [15/Apr/2021:10:41:59 +0800] "GET /xingrg/kc/buy/cgsh_order_operate.html?command=get_materiel&rest_code=00111&code=00102026001&supplier_code=00100347&order_time=2021-04-15 HTTP/1.1" 200 409
180.169.147.146 - - [15/Apr/2021:10:42:00 +0800] "GET /xingrg/all/function/internal_message.html?_=1618454517070&CODE_STATE=getMsg HTTP/1.1" 200 27
180.169.147.146 - - [15/Apr/2021:10:42:01 +0800] "GET /xingrg/check_reg.html?_=1618454517914 HTTP/1.1" 200 22
114.88.156.246 - - [15/Apr/2021:10:42:05 +0800] "POST /xingrg/kc/buy/cgsh_order_operate.html HTTP/1.1" 200 37
117.184.7.26 - - [15/Apr/2021:10:42:06 +0800] "GET /xingrg/kc/buy/cgsh_order_operate.html?command=get_materiel&rest_code=00108&code=00101008003&supplier_code=00100008&order_time=2021-04-15 HTTP/1.1" 200 408
180.162.112.81 - - [15/Apr/2021:10:42:06 +0800] "GET /xingrg/kc/buy/cgsh_order_operate.html?command=get_materiel&rest_code=00143&code=00101001053&supplier_code=00100207&order_time=2021-04-14 HTTP/1.1" 200 409
114.88.156.246 - - [15/Apr/2021:10:42:08 +0800] "POST /xingrg/kc/buy/cgsh_order_operate.html HTTP/1.1" 200 12
114.88.167.174 - - [15/Apr/2021:10:42:09 +0800] "GET /xingrg/all/function/internal_message.html?_=1618454525298&CODE_STATE=getMsg HTTP/1.1" 200 27
61.165.42.208 - - [15/Apr/2021:10:42:10 +0800] "GET /xingrg/all/function/internal_message.html?_=1618454532220&CODE_STATE=getMsg HTTP/1.1" 200 27
180.169.147.146 - - [15/Apr/2021:10:42:10 +0800] "GET /xingrg/all/function/internal_message.html?_=1618454529475&CODE_STATE=getMsg HTTP/1.1" 200 27
114.88.156.246 - - [15/Apr/2021:10:42:10 +0800] "GET /xingrg/kc/buy/cgsh_order_info.html?code=212021041505959 HTTP/1.1" 200 57056
114.88.156.246 - - [15/Apr/2021:10:42:10 +0800] "GET /xingrg/javascript/easyui/themes/default/validatebox.css HTTP/1.1" 404 1104
114.88.156.246 - - [15/Apr/2021:10:42:11 +0800] "POST /xingrg/kc/buy/cgsh_order_operate.html HTTP/1.1" 200 3549
114.88.156.246 - - [15/Apr/2021:10:42:11 +0800] "GET /xingrg/kc/print/load_config.html?kc_code=cgsh HTTP/1.1" 200 1845
114.88.156.246 - - [15/Apr/2021:10:42:12 +0800] "GET /xingrg/kc/print/load_data.html?order_code=212021041505959&kc_code=cgsh&condition= HTTP/1.1" 200 1896
116.224.253.72 - - [15/Apr/2021:10:42:13 +0800] "GET /xingrg/all/function/internal_message.html?_=1618454533371&CODE_STATE=getMsg HTTP/1.1" 200 27
117.184.7.26 - - [15/Apr/2021:10:42:14 +0800] "GET /xingrg/kc/buy/cgsh_order_operate.html?command=get_materiel&rest_code=00108&code=00101008087&supplier_code=00100008&order_time=2021-04-15 HTTP/1.1" 200 412
116.233.73.19 - - [15/Apr/2021:10:42:15 +0800] "GET /xingrg/all/function/internal_message.html?_=1618454537180&CODE_STATE=getMsg HTTP/1.1" 200 27
116.230.114.112 - - [15/Apr/2021:10:42:15 +0800] "GET /xingrg/check_reg.html?_=1618454530250 HTTP/1.1" 200 22
114.88.156.246 - - [15/Apr/2021:10:42:15 +0800] "GET /xingrg/check_reg.html?_=1618454547160 HTTP/1.1" 200 22
114.88.156.246 - - [15/Apr/2021:10:42:15 +0800] "GET /xingrg/all/function/internal_message.html?_=1618454547158&CODE_STATE=getMsg HTTP/1.1" 200 27
116.230.114.112 - - [15/Apr/2021:10:42:15 +0800] "GET /xingrg/all/function/internal_message.html?_=1618454531182&CODE_STATE=getMsg HTTP/1.1" 200 27
180.169.147.146 - - [15/Apr/2021:10:42:16 +0800] "GET /xingrg/all/function/internal_message.html?_=1618454550176&CODE_STATE=getMsg HTTP/1.1" 200 27
116.224.253.72 - - [15/Apr/2021:10:42:19 +0800] "GET /xingrg/check_reg.html?_=1618454529321 HTTP/1.1" 200 22
