222.69.129.122 - - [15/Apr/2021:08:40:24 +0800] "GET /xingrg/all/function/internal_message.html?_=1618447223988&CODE_STATE=getMsg HTTP/1.1" 200 27
116.224.253.72 - - [15/Apr/2021:08:40:25 +0800] "POST /xingrg/all/common/load_select.html HTTP/1.1" 200 25
116.224.253.72 - - [15/Apr/2021:08:40:27 +0800] "GET /xingrg/all/function/internal_message.html?_=1618447227055&CODE_STATE=getMsg HTTP/1.1" 200 27
116.224.253.72 - - [15/Apr/2021:08:40:30 +0800] "GET /xingrg/kc/buy/cgsh_order_operate.html?command=get_materiel_price&rest_code=00151&code=00101008083&unit_code=00100026&supplier_code=00100007&order_time=2021-04-15 HTTP/1.1" 200 27
120.253.135.82 - - [15/Apr/2021:08:40:36 +0800] "GET /xingrg/all/function/internal_message.html?_=1618447267009&CODE_STATE=getMsg HTTP/1.1" 200 27
116.224.253.72 - - [15/Apr/2021:08:40:39 +0800] "GET /xingrg/kc/buy/cgsh_order_operate.html?command=get_materiel&rest_code=00151&code=00101008318&supplier_code=00100007&order_time=2021-04-15 HTTP/1.1" 200 408
222.69.129.122 - - [15/Apr/2021:08:40:41 +0800] "GET /xingrg/kc/buy/cgsh_order_add.html HTTP/1.1" 200 62201
222.69.129.122 - - [15/Apr/2021:08:40:41 +0800] "GET /xingrg/javascript/easyui/themes/default/validatebox.css HTTP/1.1" 404 1104
222.69.129.122 - - [15/Apr/2021:08:40:41 +0800] "POST /xingrg/kc/buy/cgsh_order_operate.html HTTP/1.1" 200 8245
114.88.156.246 - - [15/Apr/2021:08:40:44 +0800] "GET /xingrg/all/function/internal_message.html?_=1618447271418&CODE_STATE=getMsg HTTP/1.1" 200 27
116.224.253.72 - - [15/Apr/2021:08:40:49 +0800] "GET /xingrg/kc/buy/cgsh_order_operate.html?command=get_materiel&rest_code=00151&code=00101016080&supplier_code=00100007&order_time=2021-04-15 HTTP/1.1" 200 408
116.224.253.72 - - [15/Apr/2021:08:40:50 +0800] "GET /xingrg/css/base.css HTTP/1.1" 304 -
116.224.253.72 - - [15/Apr/2021:08:40:50 +0800] "GET /xingrg/css/site.css HTTP/1.1" 304 -
116.224.253.72 - - [15/Apr/2021:08:40:50 +0800] "GET /xingrg/javascript/jquery_tools/datebox.css HTTP/1.1" 304 -
116.224.253.72 - - [15/Apr/2021:08:40:50 +0800] "GET /xingrg/kc/buy/cgsh_order_list.html HTTP/1.1" 200 46416
116.224.253.72 - - [15/Apr/2021:08:40:50 +0800] "GET /xingrg/javascript/easyui/themes/icon.css HTTP/1.1" 304 -
116.224.253.72 - - [15/Apr/2021:08:40:50 +0800] "GET /xingrg/javascript/jquery_tools/fix.css HTTP/1.1" 304 -
116.224.253.72 - - [15/Apr/2021:08:40:50 +0800] "GET /xingrg/javascript/auto/jquery.autocomplete.css HTTP/1.1" 304 -
116.224.253.72 - - [15/Apr/2021:08:40:50 +0800] "GET /xingrg/javascript/jquery_tools/jquery.tools.extend.js HTTP/1.1" 304 -
116.224.253.72 - - [15/Apr/2021:08:40:50 +0800] "GET /xingrg/javascript/jquery_tools/jquery.tools.hotkey.js HTTP/1.1" 304 -
116.224.253.72 - - [15/Apr/2021:08:40:50 +0800] "GET /xingrg/javascript/jquery_tools/jquery.tools.min.js HTTP/1.1" 304 -
116.224.253.72 - - [15/Apr/2021:08:40:50 +0800] "GET /xingrg/javascript/easyui/themes/default/easyui.css HTTP/1.1" 304 -
116.224.253.72 - - [15/Apr/2021:08:40:50 +0800] "GET /xingrg/javascript/jquery_tools/jquery.tools.table.js HTTP/1.1" 304 -
116.224.253.72 - - [15/Apr/2021:08:40:50 +0800] "GET /xingrg/javascript/jquery_tools/table.css HTTP/1.1" 304 -
116.224.253.72 - - [15/Apr/2021:08:40:50 +0800] "GET /xingrg/javascript/jquery_tools/list_manager.js HTTP/1.1" 304 -
116.224.253.72 - - [15/Apr/2021:08:40:50 +0800] "GET /xingrg/javascript/easyui/easyloader.js HTTP/1.1" 304 -
116.224.253.72 - - [15/Apr/2021:08:40:50 +0800] "GET /xingrg/javascript/print/LodopFuncs.js HTTP/1.1" 304 -
116.224.253.72 - - [15/Apr/2021:08:40:50 +0800] "GET /xingrg/javascript/jquery.cookie.js HTTP/1.1" 304 -
116.224.253.72 - - [15/Apr/2021:08:40:50 +0800] "GET /xingrg/javascript/auto/jquery.autocomplete.js HTTP/1.1" 304 -
116.224.253.72 - - [15/Apr/2021:08:40:50 +0800] "GET /xingrg/javascript/easyui/plugins/jquery.parser.js HTTP/1.1" 304 -
116.224.253.72 - - [15/Apr/2021:08:40:52 +0800] "POST /xingrg/kc/buy/cgsh_list_operate.html HTTP/1.1" 200 1691
116.224.253.72 - - [15/Apr/2021:08:40:56 +0800] "GET /xingrg/javascript/convert.js HTTP/1.1" 304 -
116.224.253.72 - - [15/Apr/2021:08:40:56 +0800] "GET /xingrg/javascript/jquery_tools/order_manager.js HTTP/1.1" 304 -
116.224.253.72 - - [15/Apr/2021:08:40:56 +0800] "GET /xingrg/javascript/pic_change.js HTTP/1.1" 304 -
116.224.253.72 - - [15/Apr/2021:08:40:56 +0800] "GET /xingrg/javascript/print/kc_print.js HTTP/1.1" 304 -
116.224.253.72 - - [15/Apr/2021:08:40:56 +0800] "GET /xingrg/javascript/json2.js HTTP/1.1" 304 -
116.224.253.72 - - [15/Apr/2021:08:40:56 +0800] "GET /xingrg/words/20210414175800_words.js HTTP/1.1" 200 805130
116.224.253.72 - - [15/Apr/2021:08:40:56 +0800] "GET /xingrg/kc/buy/cgsh_order_add.html HTTP/1.1" 200 62084
116.224.253.72 - - [15/Apr/2021:08:40:57 +0800] "POST /xingrg/kc/buy/cgsh_order_operate.html HTTP/1.1" 200 8245
116.224.253.72 - - [15/Apr/2021:08:40:57 +0800] "GET /xingrg/all/common/auto_word.html?type=employee&rest_code=00150 HTTP/1.1" 200 205
116.224.253.72 - - [15/Apr/2021:08:40:57 +0800] "GET /xingrg/all/common/auto_word.html?type=employee&rest_code=00150 HTTP/1.1" 200 205
116.224.253.72 - - [15/Apr/2021:08:40:57 +0800] "GET /xingrg/javascript/easyui/themes/default/validatebox.css HTTP/1.1" 404 1104
116.224.253.72 - - [15/Apr/2021:08:40:57 +0800] "GET /xingrg/javascript/easyui/plugins/jquery.validatebox.js HTTP/1.1" 304 -
117.131.5.26 - - [15/Apr/2021:08:40:57 +0800] "GET /xingrg/all/function/internal_message.html?_=1618447335644&CODE_STATE=getMsg HTTP/1.1" 200 27
116.224.253.72 - - [15/Apr/2021:08:40:57 +0800] "GET /xingrg/javascript/easyui/plugins/jquery.numberbox.js HTTP/1.1" 304 -
116.224.253.72 - - [15/Apr/2021:08:40:58 +0800] "GET /xingrg/kc/buy/cgsh_order_operate.html?command=get_materiel&rest_code=00151&code=00101016051&supplier_code=00100007&order_time=2021-04-15 HTTP/1.1" 200 408
116.224.253.72 - - [15/Apr/2021:08:40:59 +0800] "GET /xingrg/all/function/internal_message.html?_=1618447249827&CODE_STATE=getMsg HTTP/1.1" 200 27
116.224.253.72 - - [15/Apr/2021:08:41:00 +0800] "GET /xingrg/javascript/auto/indicator.gif HTTP/1.1" 404 1066
116.224.253.72 - - [15/Apr/2021:08:41:07 +0800] "GET /xingrg/kc/buy/cgsh_order_operate.html?command=get_materiel&rest_code=00150&code=00101012039&supplier_code=00100096&order_time=2021-04-15 HTTP/1.1" 200 408
61.165.42.208 - - [15/Apr/2021:08:41:11 +0800] "GET /xingrg/all/function/internal_message.html?_=1618447273921&CODE_STATE=getMsg HTTP/1.1" 200 27
116.224.253.72 - - [15/Apr/2021:08:41:12 +0800] "GET /xingrg/kc/buy/cgsh_order_operate.html?command=get_materiel&rest_code=00151&code=00101008355&supplier_code=00100007&order_time=2021-04-15 HTTP/1.1" 200 408
124.77.71.179 - - [15/Apr/2021:08:41:12 +0800] "GET /xingrg/all/function/internal_message.html?_=1618447265646&CODE_STATE=getMsg HTTP/1.1" 200 27
222.69.129.122 - - [15/Apr/2021:08:41:13 +0800] "GET /xingrg/kc/buy/cgsh_order_operate.html?command=get_materiel&rest_code=00149&code=00102003583&supplier_code=00100151&order_time=2021-04-15 HTTP/1.1" 200 405
116.224.253.72 - - [15/Apr/2021:08:41:21 +0800] "GET /xingrg/kc/buy/cgsh_order_operate.html?command=get_materiel&rest_code=00150&code=00101012069&supplier_code=00100096&order_time=2021-04-15 HTTP/1.1" 200 412
116.224.253.72 - - [15/Apr/2021:08:41:21 +0800] "GET /xingrg/kc/buy/cgsh_order_operate.html?command=get_materiel&rest_code=00151&code=00101008095&supplier_code=00100007&order_time=2021-04-15 HTTP/1.1" 200 412
222.69.129.122 - - [15/Apr/2021:08:41:24 +0800] "GET /xingrg/all/function/internal_message.html?_=1618447283997&CODE_STATE=getMsg HTTP/1.1" 200 27
116.224.253.72 - - [15/Apr/2021:08:41:27 +0800] "GET /xingrg/kc/buy/cgsh_order_operate.html?command=get_materiel&rest_code=00151&code=00101008221&supplier_code=00100007&order_time=2021-04-15 HTTP/1.1" 200 412
116.224.253.72 - - [15/Apr/2021:08:41:27 +0800] "GET /xingrg/all/function/internal_message.html?_=1618447287065&CODE_STATE=getMsg HTTP/1.1" 200 27
116.224.253.72 - - [15/Apr/2021:08:41:34 +0800] "GET /xingrg/kc/buy/cgsh_order_operate.html?command=get_materiel&rest_code=00151&code=00101008350&supplier_code=00100007&order_time=2021-04-15 HTTP/1.1" 200 408
116.224.253.72 - - [15/Apr/2021:08:41:34 +0800] "GET /xingrg/kc/buy/cgsh_order_operate.html?command=get_materiel&rest_code=00150&code=00101001010&supplier_code=00100096&order_time=2021-04-15 HTTP/1.1" 200 409
120.253.135.82 - - [15/Apr/2021:08:41:36 +0800] "GET /xingrg/all/function/internal_message.html?_=1618447327023&CODE_STATE=getMsg HTTP/1.1" 200 27
116.224.253.72 - - [15/Apr/2021:08:41:41 +0800] "GET /xingrg/kc/buy/cgsh_order_operate.html?command=get_materiel&rest_code=00151&code=00101008351&supplier_code=00100007&order_time=2021-04-15 HTTP/1.1" 200 408
114.88.156.246 - - [15/Apr/2021:08:41:44 +0800] "GET /xingrg/all/function/internal_message.html?_=1618447331387&CODE_STATE=getMsg HTTP/1.1" 200 27
116.224.253.72 - - [15/Apr/2021:08:41:50 +0800] "GET /xingrg/kc/buy/cgsh_order_operate.html?command=get_materiel&rest_code=00151&code=00101008264&supplier_code=00100007&order_time=2021-04-15 HTTP/1.1" 200 412
117.131.5.26 - - [15/Apr/2021:08:41:57 +0800] "GET /xingrg/all/function/internal_message.html?_=1618447395641&CODE_STATE=getMsg HTTP/1.1" 200 27
116.224.253.72 - - [15/Apr/2021:08:41:59 +0800] "GET /xingrg/all/function/internal_message.html?_=1618447309870&CODE_STATE=getMsg HTTP/1.1" 200 27
116.224.253.72 - - [15/Apr/2021:08:42:01 +0800] "GET /xingrg/kc/buy/cgsh_order_operate.html?command=get_materiel&rest_code=00151&code=00101008302&supplier_code=00100007&order_time=2021-04-15 HTTP/1.1" 200 412
116.224.253.72 - - [15/Apr/2021:08:42:03 +0800] "GET /xingrg/kc/buy/cgsh_order_operate.html?command=get_materiel&rest_code=00150&code=00101006168&supplier_code=00100096&order_time=2021-04-15 HTTP/1.1" 200 421
222.69.129.122 - - [15/Apr/2021:08:42:04 +0800] "GET /xingrg/kc/buy/cgsh_order_operate.html?command=get_materiel&rest_code=00149&code=00102011165&supplier_code=00100151&order_time=2021-04-15 HTTP/1.1" 200 403
116.224.253.72 - - [15/Apr/2021:08:42:06 +0800] "GET /xingrg/kc/buy/cgsh_order_operate.html?command=get_materiel&rest_code=00151&code=00101008098&supplier_code=00100007&order_time=2021-04-15 HTTP/1.1" 200 412
61.165.42.208 - - [15/Apr/2021:08:42:11 +0800] "GET /xingrg/all/function/internal_message.html?_=1618447333922&CODE_STATE=getMsg HTTP/1.1" 200 27
124.77.71.179 - - [15/Apr/2021:08:42:12 +0800] "GET /xingrg/all/function/internal_message.html?_=1618447325647&CODE_STATE=getMsg HTTP/1.1" 200 27
124.77.71.179 - - [15/Apr/2021:08:42:12 +0800] "GET /xingrg/check_reg.html?_=1618447325650 HTTP/1.1" 200 22
116.224.253.72 - - [15/Apr/2021:08:42:16 +0800] "GET /xingrg/kc/buy/cgsh_order_operate.html?command=get_materiel&rest_code=00150&code=00101006124&supplier_code=00100096&order_time=2021-04-15 HTTP/1.1" 200 411
116.224.253.72 - - [15/Apr/2021:08:42:16 +0800] "GET /xingrg/kc/buy/cgsh_order_operate.html?command=get_materiel&rest_code=00151&code=00101008357&supplier_code=00100007&order_time=2021-04-15 HTTP/1.1" 200 408
116.224.253.72 - - [15/Apr/2021:08:42:24 +0800] "GET /xingrg/kc/buy/cgsh_order_operate.html?command=get_materiel&rest_code=00151&code=00101008300&supplier_code=00100007&order_time=2021-04-15 HTTP/1.1" 200 412
222.69.129.122 - - [15/Apr/2021:08:42:24 +0800] "GET /xingrg/all/function/internal_message.html?_=1618447344007&CODE_STATE=getMsg HTTP/1.1" 200 27
222.69.129.122 - - [15/Apr/2021:08:42:24 +0800] "GET /xingrg/check_reg.html?_=1618447344015 HTTP/1.1" 200 22
116.224.253.72 - - [15/Apr/2021:08:42:27 +0800] "GET /xingrg/all/function/internal_message.html?_=1618447347107&CODE_STATE=getMsg HTTP/1.1" 200 27
222.69.129.122 - - [15/Apr/2021:08:42:32 +0800] "POST /xingrg/kc/buy/cgsh_order_operate.html HTTP/1.1" 200 37
116.224.253.72 - - [15/Apr/2021:08:42:32 +0800] "GET /xingrg/kc/buy/cgsh_order_operate.html?command=get_materiel&rest_code=00151&code=00101008356&supplier_code=00100007&order_time=2021-04-15 HTTP/1.1" 200 408
116.224.253.72 - - [15/Apr/2021:08:42:32 +0800] "GET /xingrg/kc/buy/cgsh_order_operate.html?command=get_materiel&rest_code=00150&code=00101006065&supplier_code=00100096&order_time=2021-04-15 HTTP/1.1" 200 409
222.69.129.122 - - [15/Apr/2021:08:42:35 +0800] "POST /xingrg/kc/buy/cgsh_order_operate.html HTTP/1.1" 200 12
120.253.135.82 - - [15/Apr/2021:08:42:36 +0800] "GET /xingrg/all/function/internal_message.html?_=1618447387063&CODE_STATE=getMsg HTTP/1.1" 200 27
222.69.129.122 - - [15/Apr/2021:08:42:36 +0800] "GET /xingrg/kc/buy/cgsh_order_info.html?code=212021041505882 HTTP/1.1" 200 57093
222.69.129.122 - - [15/Apr/2021:08:42:37 +0800] "GET /xingrg/javascript/easyui/themes/default/validatebox.css HTTP/1.1" 404 1104
222.69.129.122 - - [15/Apr/2021:08:42:37 +0800] "POST /xingrg/kc/buy/cgsh_order_operate.html HTTP/1.1" 200 1210
116.224.253.72 - - [15/Apr/2021:08:42:38 +0800] "GET /xingrg/kc/buy/cgsh_order_operate.html?command=get_materiel&rest_code=00151&code=00101008286&supplier_code=00100007&order_time=2021-04-15 HTTP/1.1" 200 408
222.69.129.122 - - [15/Apr/2021:08:42:39 +0800] "GET /xingrg/kc/print/load_data.html?order_code=212021041505882&kc_code=cgsh&condition= HTTP/1.1" 200 921
116.224.253.72 - - [15/Apr/2021:08:42:40 +0800] "POST /xingrg/kc/buy/cgsh_order_operate.html HTTP/1.1" 200 2065
114.88.156.246 - - [15/Apr/2021:08:42:44 +0800] "GET /xingrg/all/function/internal_message.html?_=1618447391365&CODE_STATE=getMsg HTTP/1.1" 200 27
116.224.253.72 - - [15/Apr/2021:08:42:45 +0800] "GET /xingrg/kc/buy/cgsh_order_operate.html?command=get_materiel&rest_code=00151&code=00101016025&supplier_code=00100007&order_time=2021-04-15 HTTP/1.1" 200 408
116.224.253.72 - - [15/Apr/2021:08:42:48 +0800] "GET /xingrg/kc/buy/cgsh_order_operate.html?command=get_materiel&rest_code=00150&code=00101006184&supplier_code=00100096&order_time=2021-04-15 HTTP/1.1" 200 408
116.224.253.72 - - [15/Apr/2021:08:42:52 +0800] "GET /xingrg/kc/buy/cgsh_order_operate.html?command=get_materiel&rest_code=00151&code=00101008362&supplier_code=00100007&order_time=2021-04-15 HTTP/1.1" 200 408
116.224.253.72 - - [15/Apr/2021:08:42:55 +0800] "GET /xingrg/kc/buy/cgsh_order_operate.html?command=get_materiel&rest_code=00150&code=00101006055&supplier_code=00100096&order_time=2021-04-15 HTTP/1.1" 200 411
117.131.5.26 - - [15/Apr/2021:08:42:57 +0800] "GET /xingrg/all/function/internal_message.html?_=1618447455655&CODE_STATE=getMsg HTTP/1.1" 200 27
116.224.253.72 - - [15/Apr/2021:08:42:59 +0800] "GET /xingrg/kc/buy/cgsh_order_operate.html?command=get_materiel&rest_code=00151&code=00101008137&supplier_code=00100007&order_time=2021-04-15 HTTP/1.1" 200 408
116.224.253.72 - - [15/Apr/2021:08:42:59 +0800] "GET /xingrg/all/function/internal_message.html?_=1618447369934&CODE_STATE=getMsg HTTP/1.1" 200 27
116.224.253.72 - - [15/Apr/2021:08:43:07 +0800] "GET /xingrg/kc/buy/cgsh_order_operate.html?command=get_materiel&rest_code=00151&code=00101008096&supplier_code=00100007&order_time=2021-04-15 HTTP/1.1" 200 412
116.224.253.72 - - [15/Apr/2021:08:43:09 +0800] "GET /xingrg/kc/buy/cgsh_order_operate.html?command=get_materiel&rest_code=00150&code=00101006006&supplier_code=00100096&order_time=2021-04-15 HTTP/1.1" 200 409
61.165.42.208 - - [15/Apr/2021:08:43:11 +0800] "GET /xingrg/all/function/internal_message.html?_=1618447393923&CODE_STATE=getMsg HTTP/1.1" 200 27
116.230.114.112 - - [15/Apr/2021:08:43:12 +0800] "GET /xingrg/check_reg.html?_=1618447412139 HTTP/1.1" 200 22
124.77.71.179 - - [15/Apr/2021:08:43:12 +0800] "GET /xingrg/all/function/internal_message.html?_=1618447385652&CODE_STATE=getMsg HTTP/1.1" 200 27
116.224.253.72 - - [15/Apr/2021:08:43:14 +0800] "GET /xingrg/kc/buy/cgsh_order_operate.html?command=get_materiel&rest_code=00151&code=00101008288&supplier_code=00100007&order_time=2021-04-15 HTTP/1.1" 200 408
116.224.253.72 - - [15/Apr/2021:08:43:18 +0800] "POST /xingrg/kc/buy/cgsh_order_operate.html HTTP/1.1" 200 2065
116.224.253.72 - - [15/Apr/2021:08:43:22 +0800] "GET /xingrg/kc/buy/cgsh_order_operate.html?command=get_materiel&rest_code=00151&code=00101008072&supplier_code=00100007&order_time=2021-04-15 HTTP/1.1" 200 408
222.69.129.122 - - [15/Apr/2021:08:43:24 +0800] "GET /xingrg/all/function/internal_message.html?_=1618447404011&CODE_STATE=getMsg HTTP/1.1" 200 27
116.224.253.72 - - [15/Apr/2021:08:43:26 +0800] "GET /xingrg/kc/buy/cgsh_order_operate.html?command=get_materiel&rest_code=00150&code=00101006109&supplier_code=00100096&order_time=2021-04-15 HTTP/1.1" 200 409
116.224.253.72 - - [15/Apr/2021:08:43:27 +0800] "GET /xingrg/check_reg.html?_=1618447407075 HTTP/1.1" 200 22
116.224.253.72 - - [15/Apr/2021:08:43:27 +0800] "GET /xingrg/all/function/internal_message.html?_=1618447407077&CODE_STATE=getMsg HTTP/1.1" 200 27
116.224.253.72 - - [15/Apr/2021:08:43:28 +0800] "GET /xingrg/kc/buy/cgsh_order_operate.html?command=get_materiel&rest_code=00151&code=00101015046&supplier_code=00100007&order_time=2021-04-15 HTTP/1.1" 200 413
116.224.253.72 - - [15/Apr/2021:08:43:33 +0800] "GET /xingrg/kc/buy/cgsh_order_operate.html?command=get_materiel&rest_code=00151&code=00101008069&supplier_code=00100007&order_time=2021-04-15 HTTP/1.1" 200 412
120.253.135.82 - - [15/Apr/2021:08:43:36 +0800] "GET /xingrg/all/function/internal_message.html?_=1618447447065&CODE_STATE=getMsg HTTP/1.1" 200 27
116.224.253.72 - - [15/Apr/2021:08:43:40 +0800] "GET /xingrg/kc/buy/cgsh_order_operate.html?command=get_materiel&rest_code=00151&code=00101008036&supplier_code=00100007&order_time=2021-04-15 HTTP/1.1" 200 408
116.224.253.72 - - [15/Apr/2021:08:43:42 +0800] "POST /xingrg/kc/buy/cgsh_order_operate.html HTTP/1.1" 200 2065
116.224.253.72 - - [15/Apr/2021:08:43:43 +0800] "GET /xingrg/kc/buy/cgsh_order_operate.html?command=get_materiel&rest_code=00150&code=00101006112&supplier_code=00100096&order_time=2021-04-15 HTTP/1.1" 200 409
114.88.156.246 - - [15/Apr/2021:08:43:44 +0800] "GET /xingrg/all/function/internal_message.html?_=1618447451363&CODE_STATE=getMsg HTTP/1.1" 200 27
116.224.253.72 - - [15/Apr/2021:08:43:47 +0800] "GET /xingrg/kc/buy/cgsh_order_operate.html?command=get_materiel&rest_code=00151&code=00101008033&supplier_code=00100007&order_time=2021-04-15 HTTP/1.1" 200 408
116.224.253.72 - - [15/Apr/2021:08:43:54 +0800] "GET /xingrg/kc/buy/cgsh_order_operate.html?command=get_materiel&rest_code=00151&code=00101008144&supplier_code=00100007&order_time=2021-04-15 HTTP/1.1" 200 412
117.131.5.26 - - [15/Apr/2021:08:43:57 +0800] "GET /xingrg/all/function/internal_message.html?_=1618447515654&CODE_STATE=getMsg HTTP/1.1" 200 27
114.88.156.246 - - [15/Apr/2021:08:43:59 +0800] "GET /xingrg/check_reg.html?_=1618447466695 HTTP/1.1" 200 22
116.224.253.72 - - [15/Apr/2021:08:43:59 +0800] "GET /xingrg/all/function/internal_message.html?_=1618447429945&CODE_STATE=getMsg HTTP/1.1" 200 27
116.224.253.72 - - [15/Apr/2021:08:44:01 +0800] "GET /xingrg/kc/buy/cgsh_order_operate.html?command=get_materiel&rest_code=00150&code=00101007061&supplier_code=00100096&order_time=2021-04-15 HTTP/1.1" 200 409
116.224.253.72 - - [15/Apr/2021:08:44:03 +0800] "GET /xingrg/kc/buy/cgsh_order_operate.html?command=get_materiel&rest_code=00151&code=00101015006&supplier_code=00100007&order_time=2021-04-15 HTTP/1.1" 200 413
61.165.42.208 - - [15/Apr/2021:08:44:11 +0800] "GET /xingrg/check_reg.html?_=1618447453909 HTTP/1.1" 200 22
61.165.42.208 - - [15/Apr/2021:08:44:11 +0800] "GET /xingrg/all/function/internal_message.html?_=1618447453913&CODE_STATE=getMsg HTTP/1.1" 200 27
124.77.71.179 - - [15/Apr/2021:08:44:12 +0800] "GET /xingrg/all/function/internal_message.html?_=1618447445650&CODE_STATE=getMsg HTTP/1.1" 200 27
116.224.253.72 - - [15/Apr/2021:08:44:14 +0800] "GET /xingrg/kc/buy/cgsh_order_operate.html?command=get_materiel&rest_code=00150&code=00101007125&supplier_code=00100096&order_time=2021-04-15 HTTP/1.1" 200 408
116.224.253.72 - - [15/Apr/2021:08:44:21 +0800] "POST /xingrg/kc/buy/cgsh_order_operate.html HTTP/1.1" 200 37
116.224.253.72 - - [15/Apr/2021:08:44:23 +0800] "POST /xingrg/kc/buy/cgsh_order_operate.html HTTP/1.1" 200 22390
222.69.129.122 - - [15/Apr/2021:08:44:24 +0800] "GET /xingrg/all/function/internal_message.html?_=1618447464004&CODE_STATE=getMsg HTTP/1.1" 200 27
222.69.129.122 - - [15/Apr/2021:08:44:27 +0800] "GET /xingrg/kc/buy/cgsh_order_add.html HTTP/1.1" 200 62201
116.224.253.72 - - [15/Apr/2021:08:44:27 +0800] "GET /xingrg/all/function/internal_message.html?_=1618447467078&CODE_STATE=getMsg HTTP/1.1" 200 27
222.69.129.122 - - [15/Apr/2021:08:44:27 +0800] "POST /xingrg/kc/buy/cgsh_order_operate.html HTTP/1.1" 200 8245
222.69.129.122 - - [15/Apr/2021:08:44:27 +0800] "GET /xingrg/javascript/easyui/themes/default/validatebox.css HTTP/1.1" 404 1104
116.238.141.202 - - [15/Apr/2021:08:44:27 +0800] "GET /xingrg/check_reg.html?_=1618447744151 HTTP/1.1" 200 22
116.224.253.72 - - [15/Apr/2021:08:44:28 +0800] "GET /xingrg/kc/buy/cgsh_order_operate.html?command=get_materiel&rest_code=00150&code=00101007049&supplier_code=00100096&order_time=2021-04-15 HTTP/1.1" 200 411
116.224.253.72 - - [15/Apr/2021:08:44:29 +0800] "GET /xingrg/kc/buy/cgsh_order_add.html HTTP/1.1" 200 61790
116.224.253.72 - - [15/Apr/2021:08:44:30 +0800] "POST /xingrg/kc/buy/cgsh_order_operate.html HTTP/1.1" 200 8245
116.224.253.72 - - [15/Apr/2021:08:44:30 +0800] "GET /xingrg/javascript/easyui/themes/default/validatebox.css HTTP/1.1" 404 1104
116.230.114.112 - - [15/Apr/2021:08:44:33 +0800] "GET /xingrg/check_reg.html?_=1618447486655 HTTP/1.1" 302 -
120.253.135.82 - - [15/Apr/2021:08:44:36 +0800] "GET /xingrg/all/function/internal_message.html?_=1618447507102&CODE_STATE=getMsg HTTP/1.1" 200 27
116.224.253.72 - - [15/Apr/2021:08:44:39 +0800] "GET /xingrg/kc/buy/cgsh_order_operate.html?command=get_materiel&rest_code=00151&code=00101011005&supplier_code=00100047&order_time=2021-04-15 HTTP/1.1" 200 428
116.224.253.72 - - [15/Apr/2021:08:44:40 +0800] "GET /xingrg/kc/buy/cgsh_order_operate.html?command=get_materiel&rest_code=00150&code=00101007081&supplier_code=00100096&order_time=2021-04-15 HTTP/1.1" 200 415
114.88.156.246 - - [15/Apr/2021:08:44:44 +0800] "GET /xingrg/all/function/internal_message.html?_=1618447511342&CODE_STATE=getMsg HTTP/1.1" 200 27
116.224.253.72 - - [15/Apr/2021:08:44:47 +0800] "GET /xingrg/kc/buy/cgsh_order_operate.html?command=get_materiel&rest_code=00151&code=00101011001&supplier_code=00100047&order_time=2021-04-15 HTTP/1.1" 200 423
116.224.253.72 - - [15/Apr/2021:08:44:53 +0800] "GET /xingrg/kc/buy/cgsh_order_operate.html?command=get_materiel&rest_code=00151&code=00101011010&supplier_code=00100047&order_time=2021-04-15 HTTP/1.1" 200 418
116.224.253.72 - - [15/Apr/2021:08:44:54 +0800] "GET /xingrg/kc/buy/cgsh_order_operate.html?command=get_materiel&rest_code=00150&code=00101007071&supplier_code=00100096&order_time=2021-04-15 HTTP/1.1" 200 417
117.131.5.26 - - [15/Apr/2021:08:44:57 +0800] "GET /xingrg/check_reg.html?_=1618447575653 HTTP/1.1" 200 22
117.131.5.26 - - [15/Apr/2021:08:44:57 +0800] "GET /xingrg/all/function/internal_message.html?_=1618447575654&CODE_STATE=getMsg HTTP/1.1" 200 27
116.224.253.72 - - [15/Apr/2021:08:44:59 +0800] "GET /xingrg/check_reg.html?_=1618447489818 HTTP/1.1" 200 22
116.224.253.72 - - [15/Apr/2021:08:44:59 +0800] "GET /xingrg/all/function/internal_message.html?_=1618447490006&CODE_STATE=getMsg HTTP/1.1" 200 27
116.224.253.72 - - [15/Apr/2021:08:45:06 +0800] "POST /xingrg/kc/buy/cgsh_order_operate.html HTTP/1.1" 200 37
222.69.129.122 - - [15/Apr/2021:08:45:07 +0800] "GET /xingrg/kc/buy/cgsh_order_operate.html?command=get_materiel&rest_code=00149&code=00101023022&supplier_code=00100151&order_time=2021-04-15 HTTP/1.1" 200 394
116.224.253.72 - - [15/Apr/2021:08:45:07 +0800] "GET /xingrg/kc/buy/cgsh_order_operate.html?command=get_materiel&rest_code=00150&code=00101007077&supplier_code=00100096&order_time=2021-04-15 HTTP/1.1" 200 415
116.224.253.72 - - [15/Apr/2021:08:45:08 +0800] "POST /xingrg/kc/buy/cgsh_order_operate.html HTTP/1.1" 200 3878
61.165.42.208 - - [15/Apr/2021:08:45:11 +0800] "GET /xingrg/all/function/internal_message.html?_=1618447513912&CODE_STATE=getMsg HTTP/1.1" 200 27
124.77.71.179 - - [15/Apr/2021:08:45:12 +0800] "GET /xingrg/all/function/internal_message.html?_=1618447505649&CODE_STATE=getMsg HTTP/1.1" 200 27
120.253.135.82 - - [15/Apr/2021:08:45:14 +0800] "GET /xingrg/check_reg.html?_=1618447544425 HTTP/1.1" 200 22
116.224.253.72 - - [15/Apr/2021:08:45:20 +0800] "GET /xingrg/kc/buy/cgsh_order_add.html HTTP/1.1" 200 61790
116.224.253.72 - - [15/Apr/2021:08:45:21 +0800] "POST /xingrg/kc/buy/cgsh_order_operate.html HTTP/1.1" 200 8245
116.224.253.72 - - [15/Apr/2021:08:45:21 +0800] "GET /xingrg/javascript/easyui/themes/default/validatebox.css HTTP/1.1" 404 1104
114.88.167.174 - - [15/Apr/2021:08:45:21 +0800] "GET /xingrg/login.html HTTP/1.1" 200 7641
114.88.167.174 - - [15/Apr/2021:08:45:21 +0800] "GET /xingrg/images/blue/jxLogo.png HTTP/1.1" 304 -
114.88.167.174 - - [15/Apr/2021:08:45:21 +0800] "GET /xingrg/images/blue/login_bg.png HTTP/1.1" 304 -
114.88.167.174 - - [15/Apr/2021:08:45:21 +0800] "GET /xingrg/images/blue/hj.png HTTP/1.1" 304 -
114.88.167.174 - - [15/Apr/2021:08:45:21 +0800] "GET /xingrg/images/blue/srbg.png HTTP/1.1" 304 -
114.88.167.174 - - [15/Apr/2021:08:45:21 +0800] "GET /favicon.ico HTTP/1.1" 404 -
222.69.129.122 - - [15/Apr/2021:08:45:24 +0800] "GET /xingrg/all/function/internal_message.html?_=1618447524015&CODE_STATE=getMsg HTTP/1.1" 200 27
114.88.167.174 - - [15/Apr/2021:08:45:27 +0800] "POST /xingrg/login.do HTTP/1.1" 302 -
114.88.167.174 - - [15/Apr/2021:08:45:27 +0800] "GET /xingrg/index.html?sysBaseUrl=http%3A%2F%2F180.169.147.146%3A18081%2Fxingrg%2F&costTime=42×tamp=1618447527260 HTTP/1.1" 200 17173
114.88.167.174 - - [15/Apr/2021:08:45:27 +0800] "GET /xingrg/javascript/jquery_easy_ui/themes/default/easyui.css HTTP/1.1" 304 -
114.88.167.174 - - [15/Apr/2021:08:45:27 +0800] "GET /xingrg/javascript/jquery_easy_ui/themes/icon.css HTTP/1.1" 304 -
114.88.167.174 - - [15/Apr/2021:08:45:27 +0800] "GET /xingrg/css/form.css HTTP/1.1" 304 -
114.88.167.174 - - [15/Apr/2021:08:45:27 +0800] "GET /xingrg/javascript/jquery-1.4.2.min.js HTTP/1.1" 304 -
114.88.167.174 - - [15/Apr/2021:08:45:27 +0800] "GET /xingrg/javascript/jquery_easy_ui/easyui-lang-zh_CN.js HTTP/1.1" 304 -
114.88.167.174 - - [15/Apr/2021:08:45:27 +0800] "GET /xingrg/javascript/jquery.timers.js HTTP/1.1" 304 -
114.88.167.174 - - [15/Apr/2021:08:45:27 +0800] "GET /xingrg/javascript/jquery.utils.js HTTP/1.1" 304 -
114.88.167.174 - - [15/Apr/2021:08:45:27 +0800] "GET /xingrg/javascript/jquery_easy_ui/jquery.easyui.min.js HTTP/1.1" 304 -
114.88.167.174 - - [15/Apr/2021:08:45:27 +0800] "GET /xingrg/javascript/jquery.form.js HTTP/1.1" 304 -
114.88.167.174 - - [15/Apr/2021:08:45:27 +0800] "GET /favicon.ico HTTP/1.1" 404 -
114.88.167.174 - - [15/Apr/2021:08:45:27 +0800] "GET /xingrg/images/blue/navBackgound.jpg HTTP/1.1" 304 -
114.88.167.174 - - [15/Apr/2021:08:45:27 +0800] "GET /xingrg/javascript/jquery_easy_ui/themes/icons/settle_new.png HTTP/1.1" 304 -
114.88.167.174 - - [15/Apr/2021:08:45:27 +0800] "POST /xingrg/all/common/load_tree.html?tree=area_rest_tree_json&manage=1 HTTP/1.1" 200 342
114.88.167.174 - - [15/Apr/2021:08:45:27 +0800] "GET /xingrg/images/blue/pingpu.png HTTP/1.1" 304 -
114.88.167.174 - - [15/Apr/2021:08:45:27 +0800] "GET /xingrg/javascript/jquery_easy_ui/themes/default/images/tabs_leftarrow.png HTTP/1.1" 304 -
114.88.167.174 - - [15/Apr/2021:08:45:27 +0800] "GET /xingrg/javascript/jquery_easy_ui/themes/default/images/tabs_rightarrow.png HTTP/1.1" 304 -
114.88.167.174 - - [15/Apr/2021:08:45:27 +0800] "GET /xingrg/javascript/jquery_easy_ui/themes/default/images/panel_tool_collapse.gif HTTP/1.1" 304 -
114.88.167.174 - - [15/Apr/2021:08:45:27 +0800] "GET /xingrg/check_reg.html?_=1618447523915 HTTP/1.1" 200 22
114.88.167.174 - - [15/Apr/2021:08:45:27 +0800] "GET /xingrg/all/function/internal_message.html?_=1618447523914&CODE_STATE=count HTTP/1.1" 200 11
116.224.253.72 - - [15/Apr/2021:08:45:27 +0800] "GET /xingrg/all/function/internal_message.html?_=1618447527089&CODE_STATE=getMsg HTTP/1.1" 200 27
114.88.167.174 - - [15/Apr/2021:08:45:27 +0800] "GET /xingrg/javascript/jquery_easy_ui/themes/default/images/tree_arrows.gif HTTP/1.1" 304 -
114.88.167.174 - - [15/Apr/2021:08:45:27 +0800] "POST /xingrg/load_menu.html HTTP/1.1" 200 5138
114.88.167.174 - - [15/Apr/2021:08:45:27 +0800] "GET /xingrg/javascript/jquery_easy_ui/themes/icons/search_new.png HTTP/1.1" 304 -
114.88.167.174 - - [15/Apr/2021:08:45:27 +0800] "GET /xingrg/javascript/jquery_easy_ui/themes/default/images/tree_folder.gif HTTP/1.1" 304 -
114.88.167.174 - - [15/Apr/2021:08:45:27 +0800] "GET /xingrg/javascript/jquery_easy_ui/themes/default/images/tree_folder_open.gif HTTP/1.1" 304 -
114.88.167.174 - - [15/Apr/2021:08:45:27 +0800] "GET /xingrg/javascript/jquery_easy_ui/themes/icons/forms_new.png HTTP/1.1" 304 -
114.88.167.174 - - [15/Apr/2021:08:45:27 +0800] "GET /xingrg/javascript/jquery_easy_ui/themes/icons/storage_new.png HTTP/1.1" 304 -
114.88.167.174 - - [15/Apr/2021:08:45:27 +0800] "GET /xingrg/javascript/jquery_easy_ui/themes/default/images/tree_file.gif HTTP/1.1" 304 -
114.88.167.174 - - [15/Apr/2021:08:45:28 +0800] "GET /xingrg/javascript/jquery_easy_ui/themes/default/images/tabs_active.png HTTP/1.1" 304 -
114.88.167.174 - - [15/Apr/2021:08:45:29 +0800] "GET /xingrg/kc/buy/buy_main.html HTTP/1.1" 200 12412
114.88.167.174 - - [15/Apr/2021:08:45:29 +0800] "GET /xingrg/javascript/jquery_easy_ui/themes/default/images/tabs_close.gif HTTP/1.1" 304 -
114.88.167.174 - - [15/Apr/2021:08:45:29 +0800] "GET /xingrg/css/new_ie.css HTTP/1.1" 404 1036
114.88.167.174 - - [15/Apr/2021:08:45:29 +0800] "GET /xingrg/css/blue.css HTTP/1.1" 304 -
114.88.167.174 - - [15/Apr/2021:08:45:29 +0800] "GET /xingrg/javascript/jquery_ui/themes/humanity/humanity.css HTTP/1.1" 304 -
114.88.167.174 - - [15/Apr/2021:08:45:29 +0800] "GET /xingrg/javascript/pic_change.js HTTP/1.1" 304 -
114.88.167.174 - - [15/Apr/2021:08:45:29 +0800] "GET /xingrg/javascript/myfunction.js HTTP/1.1" 304 -
114.88.167.174 - - [15/Apr/2021:08:45:29 +0800] "GET /xingrg/javascript/ToolTips.js HTTP/1.1" 304 -
114.88.167.174 - - [15/Apr/2021:08:45:29 +0800] "GET /xingrg/javascript/jquery_ui/jquery-ui.min.js HTTP/1.1" 304 -
114.88.167.174 - - [15/Apr/2021:08:45:29 +0800] "GET /xingrg/images/blue/button/cgxqd.gif HTTP/1.1" 304 -
114.88.167.174 - - [15/Apr/2021:08:45:29 +0800] "GET /xingrg/images/blue/button/ckthd.gif HTTP/1.1" 304 -
114.88.167.174 - - [15/Apr/2021:08:45:29 +0800] "GET /xingrg/images/blue/button/cgfkd.gif HTTP/1.1" 304 -
114.88.167.174 - - [15/Apr/2021:08:45:29 +0800] "GET /xingrg/images/blue/button/cgydd.gif HTTP/1.1" 304 -
114.88.167.174 - - [15/Apr/2021:08:45:29 +0800] "GET /xingrg/images/blue/button/kc.gif HTTP/1.1" 304 -
114.88.167.174 - - [15/Apr/2021:08:45:29 +0800] "GET /xingrg/images/blue/button/cgshd.gif HTTP/1.1" 304 -
114.88.167.174 - - [15/Apr/2021:08:45:29 +0800] "GET /xingrg/images/blue/pic_form2.gif HTTP/1.1" 304 -
114.88.167.174 - - [15/Apr/2021:08:45:29 +0800] "GET /xingrg/javascript/jquery_ui/themes/humanity/images/ui-bg_inset-soft_100_f4f0ec_1x100.png HTTP/1.1" 304 -
114.88.167.174 - - [15/Apr/2021:08:45:29 +0800] "GET /xingrg/images/blue/bg_dotted.jpg HTTP/1.1" 304 -
114.88.167.174 - - [15/Apr/2021:08:45:29 +0800] "GET /xingrg/images/blue/button/right_ah.jpg HTTP/1.1" 304 -
114.88.167.174 - - [15/Apr/2021:08:45:29 +0800] "GET /xingrg/images/blue/button/down_ah.jpg HTTP/1.1" 304 -
114.88.167.174 - - [15/Apr/2021:08:45:29 +0800] "GET /xingrg/javascript/jquery_ui/themes/humanity/images/ui-iconsnew.jpg HTTP/1.1" 304 -
114.88.167.174 - - [15/Apr/2021:08:45:29 +0800] "GET /xingrg/javascript/jquery_ui/themes/humanity/images/ui-icons_ffffff_256x240.png HTTP/1.1" 304 -
114.88.167.174 - - [15/Apr/2021:08:45:29 +0800] "GET /xingrg/javascript/jquery_ui/themes/humanity/images/ui-icons_c47a23_256x240.png HTTP/1.1" 304 -
114.88.167.174 - - [15/Apr/2021:08:45:29 +0800] "GET /xingrg/javascript/jquery_ui/themes/humanity/images/ui-bg_glass_70_ede4d4_1x400.png HTTP/1.1" 304 -
114.88.167.174 - - [15/Apr/2021:08:45:29 +0800] "GET /xingrg/images/yd/bt.gif HTTP/1.1" 404 1040
116.224.253.72 - - [15/Apr/2021:08:45:29 +0800] "GET /xingrg/kc/buy/cgsh_order_operate.html?command=get_materiel&rest_code=00151&code=00101009001&supplier_code=00100424&order_time=2021-04-15 HTTP/1.1" 200 416
114.88.167.174 - - [15/Apr/2021:08:45:30 +0800] "GET /xingrg/css/site.css HTTP/1.1" 304 -
114.88.167.174 - - [15/Apr/2021:08:45:30 +0800] "GET /xingrg/css/base.css HTTP/1.1" 304 -
114.88.167.174 - - [15/Apr/2021:08:45:30 +0800] "GET /xingrg/javascript/jquery_tools/datebox.css HTTP/1.1" 304 -
114.88.167.174 - - [15/Apr/2021:08:45:30 +0800] "GET /xingrg/javascript/easyui/themes/default/easyui.css HTTP/1.1" 304 -
114.88.167.174 - - [15/Apr/2021:08:45:30 +0800] "GET /xingrg/javascript/easyui/themes/icon.css HTTP/1.1" 304 -
114.88.167.174 - - [15/Apr/2021:08:45:30 +0800] "GET /xingrg/javascript/jquery_tools/fix.css HTTP/1.1" 304 -
114.88.167.174 - - [15/Apr/2021:08:45:30 +0800] "GET /xingrg/javascript/auto/jquery.autocomplete.css HTTP/1.1" 304 -
114.88.167.174 - - [15/Apr/2021:08:45:30 +0800] "GET /xingrg/javascript/jquery_tools/table.css HTTP/1.1" 304 -
114.88.167.174 - - [15/Apr/2021:08:45:30 +0800] "GET /xingrg/javascript/jquery_tools/list_manager.js HTTP/1.1" 304 -
114.88.167.174 - - [15/Apr/2021:08:45:30 +0800] "GET /xingrg/javascript/jquery_tools/jquery.tools.extend.js HTTP/1.1" 304 -
114.88.167.174 - - [15/Apr/2021:08:45:30 +0800] "GET /xingrg/javascript/jquery_tools/jquery.tools.hotkey.js HTTP/1.1" 304 -
114.88.167.174 - - [15/Apr/2021:08:45:30 +0800] "GET /xingrg/javascript/auto/jquery.autocomplete.js HTTP/1.1" 304 -
114.88.167.174 - - [15/Apr/2021:08:45:30 +0800] "GET /xingrg/javascript/jquery.cookie.js HTTP/1.1" 304 -
114.88.167.174 - - [15/Apr/2021:08:45:30 +0800] "GET /xingrg/javascript/jquery_tools/jquery.tools.table.js HTTP/1.1" 304 -
114.88.167.174 - - [15/Apr/2021:08:45:30 +0800] "GET /xingrg/javascript/print/LodopFuncs.js HTTP/1.1" 304 -
114.88.167.174 - - [15/Apr/2021:08:45:30 +0800] "GET /xingrg/javascript/easyui/easyloader.js HTTP/1.1" 304 -
114.88.167.174 - - [15/Apr/2021:08:45:30 +0800] "GET /xingrg/javascript/jquery_tools/jquery.tools.min.js HTTP/1.1" 304 -
114.88.167.174 - - [15/Apr/2021:08:45:30 +0800] "GET /xingrg/kc/buy/cgsh_order_list.html HTTP/1.1" 200 46410
114.88.167.174 - - [15/Apr/2021:08:45:31 +0800] "GET /xingrg/javascript/easyui/themes/icons/edit_add_new.png HTTP/1.1" 304 -
114.88.167.174 - - [15/Apr/2021:08:45:31 +0800] "GET /xingrg/javascript/easyui/themes/icons/cance_new.png HTTP/1.1" 304 -
114.88.167.174 - - [15/Apr/2021:08:45:31 +0800] "GET /xingrg/javascript/easyui/themes/icons/check_new.png HTTP/1.1" 304 -
114.88.167.174 - - [15/Apr/2021:08:45:31 +0800] "GET /xingrg/javascript/easyui/themes/icons/field_new.png HTTP/1.1" 304 -
114.88.167.174 - - [15/Apr/2021:08:45:31 +0800] "GET /xingrg/javascript/easyui/themes/icons/import_new.png HTTP/1.1" 304 -
114.88.167.174 - - [15/Apr/2021:08:45:31 +0800] "GET /xingrg/javascript/jquery_easy_ui/themes/icons/area.png HTTP/1.1" 304 -
114.88.167.174 - - [15/Apr/2021:08:45:31 +0800] "GET /xingrg/javascript/jquery_easy_ui/themes/icons/rest.png HTTP/1.1" 304 -
114.88.167.174 - - [15/Apr/2021:08:45:31 +0800] "GET /xingrg/javascript/easyui/plugins/jquery.parser.js HTTP/1.1" 304 -
114.88.167.174 - - [15/Apr/2021:08:45:31 +0800] "GET /xingrg/images/control/ajaxLoader.gif HTTP/1.1" 304 -
222.69.129.122 - - [15/Apr/2021:08:45:31 +0800] "GET /xingrg/kc/buy/cgsh_order_operate.html?command=get_materiel&rest_code=00149&code=00101031006&supplier_code=00100151&order_time=2021-04-15 HTTP/1.1" 200 417
114.88.167.174 - - [15/Apr/2021:08:45:32 +0800] "POST /xingrg/kc/buy/cgsh_list_operate.html HTTP/1.1" 200 876
61.165.42.208 - - [15/Apr/2021:08:45:32 +0800] "GET /xingrg/kc/buy/cgsh_order_add.html HTTP/1.1" 200 62195
61.165.42.208 - - [15/Apr/2021:08:45:33 +0800] "GET /xingrg/javascript/easyui/themes/default/validatebox.css HTTP/1.1" 404 1104
61.165.42.208 - - [15/Apr/2021:08:45:33 +0800] "POST /xingrg/kc/buy/cgsh_order_operate.html HTTP/1.1" 200 8245
114.88.167.174 - - [15/Apr/2021:08:45:34 +0800] "GET /xingrg/javascript/easyui/themes/default/images/button_plain_hover.png HTTP/1.1" 304 -
114.88.167.174 - - [15/Apr/2021:08:45:35 +0800] "GET /xingrg/kc/buy/cgsh_order_add.html HTTP/1.1" 200 62148
114.88.167.174 - - [15/Apr/2021:08:45:35 +0800] "GET /xingrg/javascript/json2.js HTTP/1.1" 304 -
114.88.167.174 - - [15/Apr/2021:08:45:35 +0800] "GET /xingrg/javascript/jquery_tools/order_manager.js HTTP/1.1" 304 -
114.88.167.174 - - [15/Apr/2021:08:45:35 +0800] "GET /xingrg/javascript/convert.js HTTP/1.1" 304 -
114.88.167.174 - - [15/Apr/2021:08:45:35 +0800] "GET /xingrg/javascript/print/kc_print.js HTTP/1.1" 304 -
114.88.167.174 - - [15/Apr/2021:08:45:35 +0800] "GET /xingrg/words/20210414175800_words.js HTTP/1.1" 304 -
114.88.167.174 - - [15/Apr/2021:08:45:35 +0800] "GET /xingrg/javascript/easyui/themes/icons/copy_new.png HTTP/1.1" 304 -
114.88.167.174 - - [15/Apr/2021:08:45:35 +0800] "GET /xingrg/javascript/easyui/themes/icons/template_new.png HTTP/1.1" 304 -
114.88.167.174 - - [15/Apr/2021:08:45:35 +0800] "GET /xingrg/javascript/easyui/themes/icons/ok.png HTTP/1.1" 304 -
114.88.167.174 - - [15/Apr/2021:08:45:35 +0800] "GET /xingrg/javascript/easyui/themes/icons/print.png HTTP/1.1" 304 -
114.88.167.174 - - [15/Apr/2021:08:45:35 +0800] "GET /xingrg/javascript/easyui/themes/default/images/menu_downarrow.png HTTP/1.1" 304 -
114.88.167.174 - - [15/Apr/2021:08:45:35 +0800] "GET /xingrg/javascript/easyui/themes/icons/cancel.png HTTP/1.1" 304 -
114.88.167.174 - - [15/Apr/2021:08:45:35 +0800] "POST /xingrg/kc/buy/cgsh_order_operate.html HTTP/1.1" 200 8245
114.88.167.174 - - [15/Apr/2021:08:45:35 +0800] "GET /xingrg/javascript/easyui/themes/icons/edit_remove.png HTTP/1.1" 304 -
114.88.167.174 - - [15/Apr/2021:08:45:36 +0800] "GET /xingrg/all/common/auto_word.html?type=employee&rest_code=00111 HTTP/1.1" 200 205
114.88.167.174 - - [15/Apr/2021:08:45:36 +0800] "GET /xingrg/all/common/auto_word.html?type=employee&rest_code=00111 HTTP/1.1" 200 205
114.88.167.174 - - [15/Apr/2021:08:45:36 +0800] "GET /xingrg/javascript/easyui/themes/default/validatebox.css HTTP/1.1" 404 1104
114.88.167.174 - - [15/Apr/2021:08:45:36 +0800] "GET /xingrg/javascript/easyui/plugins/jquery.validatebox.js HTTP/1.1" 304 -
114.88.167.174 - - [15/Apr/2021:08:45:36 +0800] "GET /xingrg/javascript/easyui/plugins/jquery.numberbox.js HTTP/1.1" 304 -
120.253.135.82 - - [15/Apr/2021:08:45:36 +0800] "GET /xingrg/all/function/internal_message.html?_=1618447567108&CODE_STATE=getMsg HTTP/1.1" 200 27
114.88.167.174 - - [15/Apr/2021:08:45:37 +0800] "GET /xingrg/javascript/auto/indicator.gif HTTP/1.1" 404 1066
124.77.71.179 - - [15/Apr/2021:08:45:39 +0800] "POST /xingrg/all/user/operate.html HTTP/1.1" 200 36
114.88.167.174 - - [15/Apr/2021:08:45:39 +0800] "GET /xingrg/javascript/jquery_tools/images/prev.gif HTTP/1.1" 404 1086
114.88.167.174 - - [15/Apr/2021:08:45:39 +0800] "GET /xingrg/javascript/jquery_tools/images/next.gif HTTP/1.1" 404 1086
124.77.71.179 - - [15/Apr/2021:08:45:39 +0800] "GET /xingrg/index.html?sysBaseUrl=http%3A%2F%2F180.169.147.146%3A18081%2Fxingrg%2F&costTime=40×tamp=1618446414303 HTTP/1.1" 200 17179
124.77.71.179 - - [15/Apr/2021:08:45:39 +0800] "GET /xingrg/javascript/jquery_easy_ui/themes/default/easyui.css HTTP/1.1" 304 -
124.77.71.179 - - [15/Apr/2021:08:45:39 +0800] "GET /xingrg/javascript/jquery_easy_ui/themes/icon.css HTTP/1.1" 304 -
124.77.71.179 - - [15/Apr/2021:08:45:39 +0800] "GET /xingrg/css/form.css HTTP/1.1" 304 -
124.77.71.179 - - [15/Apr/2021:08:45:39 +0800] "GET /xingrg/javascript/jquery-1.4.2.min.js HTTP/1.1" 304 -
124.77.71.179 - - [15/Apr/2021:08:45:39 +0800] "GET /xingrg/javascript/jquery_easy_ui/jquery.easyui.min.js HTTP/1.1" 304 -
124.77.71.179 - - [15/Apr/2021:08:45:39 +0800] "GET /xingrg/javascript/jquery_easy_ui/easyui-lang-zh_CN.js HTTP/1.1" 304 -
124.77.71.179 - - [15/Apr/2021:08:45:39 +0800] "GET /xingrg/javascript/jquery.form.js HTTP/1.1" 304 -
124.77.71.179 - - [15/Apr/2021:08:45:39 +0800] "GET /xingrg/javascript/jquery.utils.js HTTP/1.1" 304 -
124.77.71.179 - - [15/Apr/2021:08:45:39 +0800] "GET /xingrg/javascript/jquery.timers.js HTTP/1.1" 304 -
124.77.71.179 - - [15/Apr/2021:08:45:39 +0800] "GET /xingrg/images/blue/jxLogo.png HTTP/1.1" 304 -
124.77.71.179 - - [15/Apr/2021:08:45:39 +0800] "GET /xingrg/images/blue/navBackgound.jpg HTTP/1.1" 304 -
124.77.71.179 - - [15/Apr/2021:08:45:39 +0800] "GET /xingrg/javascript/jquery_easy_ui/themes/icons/settle_new.png HTTP/1.1" 304 -
124.77.71.179 - - [15/Apr/2021:08:45:39 +0800] "POST /xingrg/all/common/load_tree.html?tree=area_rest_tree_json&manage=1 HTTP/1.1" 200 476
124.77.71.179 - - [15/Apr/2021:08:45:39 +0800] "GET /xingrg/all/function/internal_message.html?_=1618447533202&CODE_STATE=count HTTP/1.1" 200 11
124.77.71.179 - - [15/Apr/2021:08:45:39 +0800] "GET /xingrg/check_reg.html?_=1618447533214 HTTP/1.1" 200 22
222.69.129.122 - - [15/Apr/2021:08:45:39 +0800] "GET /xingrg/kc/buy/cgsh_order_operate.html?command=get_materiel&rest_code=00149&code=00101021011&supplier_code=00100151&order_time=2021-04-15 HTTP/1.1" 200 399
124.77.71.179 - - [15/Apr/2021:08:45:39 +0800] "GET /xingrg/javascript/jquery_easy_ui/themes/default/images/tabs_leftarrow.png HTTP/1.1" 304 -
124.77.71.179 - - [15/Apr/2021:08:45:39 +0800] "GET /xingrg/javascript/jquery_easy_ui/themes/default/images/tabs_rightarrow.png HTTP/1.1" 304 -
124.77.71.179 - - [15/Apr/2021:08:45:40 +0800] "GET /xingrg/javascript/jquery_easy_ui/themes/default/images/panel_tool_collapse.gif HTTP/1.1" 304 -
124.77.71.179 - - [15/Apr/2021:08:45:40 +0800] "POST /xingrg/load_menu.html HTTP/1.1" 200 5138
124.77.71.179 - - [15/Apr/2021:08:45:40 +0800] "GET /xingrg/images/blue/pingpu.png HTTP/1.1" 304 -
124.77.71.179 - - [15/Apr/2021:08:45:40 +0800] "GET /xingrg/javascript/jquery_easy_ui/themes/default/images/tree_file.gif HTTP/1.1" 304 -
124.77.71.179 - - [15/Apr/2021:08:45:40 +0800] "GET /xingrg/javascript/jquery_easy_ui/themes/icons/storage_new.png HTTP/1.1" 304 -
124.77.71.179 - - [15/Apr/2021:08:45:40 +0800] "GET /xingrg/javascript/jquery_easy_ui/themes/icons/forms_new.png HTTP/1.1" 304 -
124.77.71.179 - - [15/Apr/2021:08:45:40 +0800] "GET /xingrg/javascript/jquery_easy_ui/themes/default/images/tree_folder.gif HTTP/1.1" 304 -
124.77.71.179 - - [15/Apr/2021:08:45:40 +0800] "GET /xingrg/javascript/jquery_easy_ui/themes/default/images/tree_arrows.gif HTTP/1.1" 304 -
124.77.71.179 - - [15/Apr/2021:08:45:40 +0800] "GET /xingrg/javascript/jquery_easy_ui/themes/default/images/tree_folder_open.gif HTTP/1.1" 304 -
124.77.71.179 - - [15/Apr/2021:08:45:40 +0800] "GET /xingrg/javascript/jquery_easy_ui/themes/icons/search_new.png HTTP/1.1" 304 -
116.224.253.72 - - [15/Apr/2021:08:45:44 +0800] "GET /xingrg/kc/buy/cgsh_order_operate.html?command=get_materiel&rest_code=00151&code=00101009016&supplier_code=00100424&order_time=2021-04-15 HTTP/1.1" 200 412
114.88.156.246 - - [15/Apr/2021:08:45:44 +0800] "GET /xingrg/all/function/internal_message.html?_=1618447571315&CODE_STATE=getMsg HTTP/1.1" 200 27
124.77.71.179 - - [15/Apr/2021:08:45:44 +0800] "GET /xingrg/kc/buy/buy_main.html HTTP/1.1" 200 12412
124.77.71.179 - - [15/Apr/2021:08:45:45 +0800] "GET /xingrg/css/new_ie.css HTTP/1.1" 404 1036
124.77.71.179 - - [15/Apr/2021:08:45:46 +0800] "GET /xingrg/images/yd/bt.gif HTTP/1.1" 404 1040
61.165.42.208 - - [15/Apr/2021:08:45:46 +0800] "GET /xingrg/kc/buy/cgsh_order_operate.html?command=get_materiel&rest_code=00105&code=00101016122&supplier_code=00100203&order_time=2021-04-15 HTTP/1.1" 200 395
114.88.167.174 - - [15/Apr/2021:08:45:46 +0800] "GET /xingrg/kc/buy/cgsh_order_operate.html?command=get_materiel&rest_code=00111&code=00101008049&supplier_code=00100005&order_time=2021-04-15 HTTP/1.1" 200 408
124.77.71.179 - - [15/Apr/2021:08:45:46 +0800] "GET /xingrg/kc/buy/cgsh_order_list.html HTTP/1.1" 200 46416
124.77.71.179 - - [15/Apr/2021:08:45:48 +0800] "POST /xingrg/kc/buy/cgsh_list_operate.html HTTP/1.1" 200 876
124.77.71.179 - - [15/Apr/2021:08:45:50 +0800] "GET /xingrg/kc/buy/cgsh_order_add.html HTTP/1.1" 200 62236
124.77.71.179 - - [15/Apr/2021:08:45:50 +0800] "GET /xingrg/all/common/auto_word.html?type=employee&rest_code=00107 HTTP/1.1" 200 151
124.77.71.179 - - [15/Apr/2021:08:45:50 +0800] "GET /xingrg/all/common/auto_word.html?type=employee&rest_code=00107 HTTP/1.1" 200 151
124.77.71.179 - - [15/Apr/2021:08:45:51 +0800] "GET /xingrg/javascript/easyui/themes/default/validatebox.css HTTP/1.1" 404 1104
124.77.71.179 - - [15/Apr/2021:08:45:51 +0800] "POST /xingrg/kc/buy/cgsh_order_operate.html HTTP/1.1" 200 8245
116.224.253.72 - - [15/Apr/2021:08:45:52 +0800] "POST /xingrg/kc/buy/cgsh_order_operate.html HTTP/1.1" 200 37
116.224.253.72 - - [15/Apr/2021:08:45:52 +0800] "GET /xingrg/kc/buy/cgsh_order_operate.html?command=get_materiel&rest_code=00151&code=00101009062&supplier_code=00100424&order_time=2021-04-15 HTTP/1.1" 200 412
124.77.71.179 - - [15/Apr/2021:08:45:52 +0800] "GET /xingrg/javascript/easyui/themes/default/tree.css HTTP/1.1" 404 1090
124.77.71.179 - - [15/Apr/2021:08:45:52 +0800] "POST /xingrg/all/common/load_tree.html?tree=supplier_tree_json&isDelete=1 HTTP/1.1" 200 54827
116.224.253.72 - - [15/Apr/2021:08:45:54 +0800] "POST /xingrg/kc/buy/cgsh_order_operate.html HTTP/1.1" 200 12
116.224.253.72 - - [15/Apr/2021:08:45:56 +0800] "GET /xingrg/kc/buy/cgsh_order_info.html?code=212021041505885 HTTP/1.1" 200 56980
117.131.5.26 - - [15/Apr/2021:08:45:57 +0800] "GET /xingrg/all/function/internal_message.html?_=1618447635652&CODE_STATE=getMsg HTTP/1.1" 200 27
116.224.253.72 - - [15/Apr/2021:08:45:57 +0800] "GET /xingrg/javascript/easyui/themes/default/validatebox.css HTTP/1.1" 404 1104
116.224.253.72 - - [15/Apr/2021:08:45:57 +0800] "POST /xingrg/kc/buy/cgsh_order_operate.html HTTP/1.1" 200 10104
114.88.167.174 - - [15/Apr/2021:08:45:59 +0800] "GET /xingrg/kc/buy/cgsh_order_operate.html?command=get_materiel&rest_code=00111&code=00101008087&supplier_code=00100005&order_time=2021-04-15 HTTP/1.1" 200 412
116.224.253.72 - - [15/Apr/2021:08:45:59 +0800] "GET /xingrg/kc/print/load_config.html?kc_code=cgsh HTTP/1.1" 200 1845
116.224.253.72 - - [15/Apr/2021:08:46:00 +0800] "GET /xingrg/all/function/internal_message.html?_=1618447550060&CODE_STATE=getMsg HTTP/1.1" 200 27
116.224.253.72 - - [15/Apr/2021:08:46:00 +0800] "GET /xingrg/kc/print/load_data.html?order_code=212021041505885&kc_code=cgsh&condition= HTTP/1.1" 200 4297
116.224.253.72 - - [15/Apr/2021:08:46:00 +0800] "GET /xingrg/kc/buy/cgsh_order_operate.html?command=get_materiel&rest_code=00151&code=00101009039&supplier_code=00100424&order_time=2021-04-15 HTTP/1.1" 200 408
61.165.42.208 - - [15/Apr/2021:08:46:00 +0800] "GET /xingrg/kc/buy/cgsh_order_operate.html?command=get_materiel&rest_code=00105&code=00101008229&supplier_code=00100203&order_time=2021-04-15 HTTP/1.1" 200 420
222.69.129.122 - - [15/Apr/2021:08:46:05 +0800] "POST /xingrg/kc/buy/cgsh_order_operate.html HTTP/1.1" 200 37
114.88.167.174 - - [15/Apr/2021:08:46:06 +0800] "GET /xingrg/kc/buy/cgsh_order_operate.html?command=get_materiel&rest_code=00111&code=00101008361&supplier_code=00100005&order_time=2021-04-15 HTTP/1.1" 200 408
116.224.253.72 - - [15/Apr/2021:08:46:07 +0800] "GET /xingrg/kc/buy/cgsh_order_operate.html?command=get_materiel&rest_code=00151&code=00101009006&supplier_code=00100424&order_time=2021-04-15 HTTP/1.1" 200 408
222.69.129.122 - - [15/Apr/2021:08:46:07 +0800] "POST /xingrg/kc/buy/cgsh_order_operate.html HTTP/1.1" 200 12
124.77.71.179 - - [15/Apr/2021:08:46:07 +0800] "GET /xingrg/javascript/auto/indicator.gif HTTP/1.1" 404 1066
222.69.129.122 - - [15/Apr/2021:08:46:08 +0800] "GET /xingrg/kc/buy/cgsh_order_info.html?code=212021041505886 HTTP/1.1" 200 57093
222.69.129.122 - - [15/Apr/2021:08:46:09 +0800] "GET /xingrg/javascript/easyui/themes/default/validatebox.css HTTP/1.1" 404 1104
222.69.129.122 - - [15/Apr/2021:08:46:09 +0800] "POST /xingrg/kc/buy/cgsh_order_operate.html HTTP/1.1" 200 1794
61.165.42.208 - - [15/Apr/2021:08:46:09 +0800] "GET /xingrg/kc/buy/cgsh_order_operate.html?command=get_materiel&rest_code=00105&code=00101008256&supplier_code=00100203&order_time=2021-04-15 HTTP/1.1" 200 412
116.224.253.72 - - [15/Apr/2021:08:46:10 +0800] "POST /xingrg/all/user/operate.html HTTP/1.1" 200 36
124.77.71.179 - - [15/Apr/2021:08:46:10 +0800] "GET /xingrg/kc/buy/cgsh_order_operate.html?command=get_materiel&rest_code=00107&code=00101008155&supplier_code=00100006&order_time=2021-04-15 HTTP/1.1" 200 408
116.224.253.72 - - [15/Apr/2021:08:46:10 +0800] "GET /xingrg/javascript/jquery_easy_ui/themes/default/easyui.css HTTP/1.1" 304 -
116.224.253.72 - - [15/Apr/2021:08:46:10 +0800] "GET /xingrg/index.html?sysBaseUrl=http%3A%2F%2F180.169.147.146%3A18081%2Fxingrg%2F&costTime=153×tamp=1618447199461 HTTP/1.1" 200 17177
116.224.253.72 - - [15/Apr/2021:08:46:10 +0800] "GET /xingrg/javascript/jquery_easy_ui/themes/icon.css HTTP/1.1" 304 -
116.224.253.72 - - [15/Apr/2021:08:46:10 +0800] "GET /xingrg/css/form.css HTTP/1.1" 304 -
116.224.253.72 - - [15/Apr/2021:08:46:10 +0800] "GET /xingrg/javascript/jquery-1.4.2.min.js HTTP/1.1" 304 -
116.224.253.72 - - [15/Apr/2021:08:46:10 +0800] "GET /xingrg/javascript/jquery_easy_ui/jquery.easyui.min.js HTTP/1.1" 304 -
116.224.253.72 - - [15/Apr/2021:08:46:10 +0800] "GET /xingrg/javascript/jquery_easy_ui/easyui-lang-zh_CN.js HTTP/1.1" 304 -
222.69.129.122 - - [15/Apr/2021:08:46:10 +0800] "GET /xingrg/kc/print/load_data.html?order_code=212021041505886&kc_code=cgsh&condition= HTTP/1.1" 200 1144
116.224.253.72 - - [15/Apr/2021:08:46:10 +0800] "GET /xingrg/javascript/jquery.form.js HTTP/1.1" 304 -
116.224.253.72 - - [15/Apr/2021:08:46:10 +0800] "GET /xingrg/javascript/jquery.utils.js HTTP/1.1" 304 -
116.224.253.72 - - [15/Apr/2021:08:46:10 +0800] "GET /xingrg/javascript/jquery.timers.js HTTP/1.1" 304 -
116.224.253.72 - - [15/Apr/2021:08:46:10 +0800] "GET /xingrg/images/blue/jxLogo.png HTTP/1.1" 304 -
